116.192.124.172 - - [30/Jan/2023:10:56:38 +0800] "GET /xingrg/javascript/bigrid/fix.js HTTP/1.1" 200 6439
116.192.124.172 - - [30/Jan/2023:10:56:38 +0800] "GET /xingrg/javascript/Calendar.js HTTP/1.1" 200 31561
116.192.124.172 - - [30/Jan/2023:10:56:38 +0800] "GET /xingrg/dwr/interface/AjaxReportQueryService.js HTTP/1.1" 200 13203
116.192.124.172 - - [30/Jan/2023:10:56:38 +0800] "GET /xingrg/javascript/calendar/timePicker.css HTTP/1.1" 200 523
116.192.124.172 - - [30/Jan/2023:10:56:38 +0800] "GET /xingrg/dwr/engine.js HTTP/1.1" 200 43631
116.192.124.172 - - [30/Jan/2023:10:56:38 +0800] "GET /xingrg/images/blue/button/advanceover.gif HTTP/1.1" 200 1347
116.192.124.172 - - [30/Jan/2023:10:56:38 +0800] "GET /xingrg/images/blue/button/advance2over.gif HTTP/1.1" 200 1336
116.192.124.172 - - [30/Jan/2023:10:56:38 +0800] "GET /xingrg/images/blue/button/back2over.gif HTTP/1.1" 200 1335
116.192.124.172 - - [30/Jan/2023:10:56:38 +0800] "GET /xingrg/images/blue/button/backover.gif HTTP/1.1" 200 1348
116.192.124.172 - - [30/Jan/2023:10:56:38 +0800] "GET /xingrg/images/control/loading.gif HTTP/1.1" 200 13463
116.192.124.172 - - [30/Jan/2023:10:56:38 +0800] "GET /xingrg/javascript/jquery_easy_ui/themes/icons/help.png HTTP/1.1" 200 1187
116.192.124.172 - - [30/Jan/2023:10:56:38 +0800] "GET /xingrg/javascript/jquery_easy_ui/themes/default/images/menu_downarrow.png HTTP/1.1" 200 173
116.192.124.172 - - [30/Jan/2023:10:56:38 +0800] "GET /xingrg/javascript/jquery_easy_ui/themes/default/images/button_a_bg.gif HTTP/1.1" 200 1194
116.192.124.172 - - [30/Jan/2023:10:56:38 +0800] "GET /xingrg/javascript/jquery_easy_ui/themes/icons/print.png HTTP/1.1" 200 1057
116.192.124.172 - - [30/Jan/2023:10:56:38 +0800] "GET /xingrg/javascript/jquery_easy_ui/themes/default/images/menu.gif HTTP/1.1" 200 834
116.192.124.172 - - [30/Jan/2023:10:56:38 +0800] "GET /xingrg/javascript/jquery_easy_ui/themes/icons/pencil.png HTTP/1.1" 200 713
116.192.124.172 - - [30/Jan/2023:10:56:38 +0800] "POST /xingrg/dwr/call/plaincall/AjaxReportQueryService.getFixDate.dwr HTTP/1.1" 200 111
116.192.124.172 - - [30/Jan/2023:10:56:38 +0800] "GET /xingrg/javascript/jquery_easy_ui/themes/default/images/menu_rightarrow.png HTTP/1.1" 200 3617
116.192.124.172 - - [30/Jan/2023:10:56:39 +0800] "POST /xingrg/dwr/call/plaincall/AjaxReportQueryService.getInitString.dwr HTTP/1.1" 200 33051
116.192.124.172 - - [30/Jan/2023:10:56:39 +0800] "GET /xingrg/javascript/multi_select/dropdown.gif HTTP/1.1" 200 61
116.192.124.172 - - [30/Jan/2023:10:56:39 +0800] "POST /xingrg/dwr/call/plaincall/AjaxReportQueryService.getInitString.dwr HTTP/1.1" 200 1035
116.192.124.172 - - [30/Jan/2023:10:56:39 +0800] "POST /xingrg/dwr/call/plaincall/AjaxReportQueryService.getInitString.dwr HTTP/1.1" 200 125
116.192.124.172 - - [30/Jan/2023:10:56:40 +0800] "GET /xingrg/javascript/multi_select/dropdown_hover.gif HTTP/1.1" 200 61
116.192.124.172 - - [30/Jan/2023:10:56:43 +0800] "GET /xingrg/javascript/multi_select/dropdown_active.gif HTTP/1.1" 200 61
101.83.145.75 - - [30/Jan/2023:10:56:48 +0800] "GET /xingrg/all/function/internal_message.html?_=1675047415593&CODE_STATE=getMsg HTTP/1.1" 200 27
112.51.222.203 - - [30/Jan/2023:10:56:53 +0800] "GET /xingrg/all/function/internal_message.html?_=1675047419869&CODE_STATE=getMsg HTTP/1.1" 200 27
116.192.124.172 - - [30/Jan/2023:10:56:55 +0800] "POST /xingrg/dwr/call/plaincall/AjaxReportQueryService.refreshCache.dwr HTTP/1.1" 200 78
116.192.124.172 - - [30/Jan/2023:10:56:59 +0800] "POST /xingrg/all/report/load_report_page.html HTTP/1.1" 200 123224
116.192.124.172 - - [30/Jan/2023:10:56:59 +0800] "GET /xingrg/images/blue/button/back2.gif HTTP/1.1" 200 1339
116.192.124.172 - - [30/Jan/2023:10:56:59 +0800] "GET /xingrg/images/blue/button/back.gif HTTP/1.1" 200 1352
116.192.124.172 - - [30/Jan/2023:10:56:59 +0800] "GET /xingrg/servlets/image?cache=0.9775176948702735&image=px HTTP/1.1" 200 807
116.192.124.172 - - [30/Jan/2023:10:57:01 +0800] "POST /xingrg/all/report/load_report_page.html HTTP/1.1" 200 33810
116.192.124.172 - - [30/Jan/2023:10:57:01 +0800] "GET /xingrg/images/blue/button/advance.gif HTTP/1.1" 200 1354
116.192.124.172 - - [30/Jan/2023:10:57:01 +0800] "GET /xingrg/images/blue/button/advance2.gif HTTP/1.1" 200 1338
116.192.124.172 - - [30/Jan/2023:10:57:01 +0800] "GET /xingrg/servlets/image?cache=0.18660289012428377&image=px HTTP/1.1" 200 807
180.162.115.82 - - [30/Jan/2023:10:57:01 +0800] "GET /xingrg/all/function/internal_message.html?_=1675046387470&CODE_STATE=getMsg HTTP/1.1" 200 27
116.192.124.172 - - [30/Jan/2023:10:57:06 +0800] "GET /xingrg/all/report/report_query.html?fileName=kc/buy/gys_amount_base.xml&rh=99999 HTTP/1.1" 200 51871
116.192.124.172 - - [30/Jan/2023:10:57:06 +0800] "GET /xingrg/dwr/interface/AjaxReportQueryService.js HTTP/1.1" 200 13203
116.192.124.172 - - [30/Jan/2023:10:57:06 +0800] "GET /xingrg/dwr/engine.js HTTP/1.1" 200 43631
116.192.124.172 - - [30/Jan/2023:10:57:06 +0800] "POST /xingrg/dwr/call/plaincall/AjaxReportQueryService.getFixDate.dwr HTTP/1.1" 200 111
116.192.124.172 - - [30/Jan/2023:10:57:06 +0800] "POST /xingrg/dwr/call/plaincall/AjaxReportQueryService.getInitString.dwr HTTP/1.1" 200 1035
116.192.124.172 - - [30/Jan/2023:10:57:06 +0800] "GET /xingrg/javascript/jquery_easy_ui/themes/default/images/combo_arrow_dot.gif HTTP/1.1" 200 79
116.192.124.172 - - [30/Jan/2023:10:57:07 +0800] "POST /xingrg/all/common/load_tree.html?tree=supplier_tree_json&manage=1 HTTP/1.1" 200 72413
116.192.124.172 - - [30/Jan/2023:10:57:07 +0800] "POST /xingrg/all/common/load_tree.html?tree=materiel_sort_tree_json HTTP/1.1" 200 9500
116.192.124.172 - - [30/Jan/2023:10:57:08 +0800] "GET /xingrg/javascript/jquery_easy_ui/themes/default/images/tree_checkbox_0.gif HTTP/1.1" 200 168
114.83.222.182 - - [30/Jan/2023:10:57:08 +0800] "GET /xingrg/all/function/internal_message.html?_=1675047532870&CODE_STATE=getMsg HTTP/1.1" 200 27
101.83.145.75 - - [30/Jan/2023:10:57:08 +0800] "GET /xingrg/check_reg.html?_=1675047436300 HTTP/1.1" 200 22
101.83.241.7 - - [30/Jan/2023:10:57:09 +0800] "GET /xingrg/all/function/internal_message.html?_=1675047435632&CODE_STATE=getMsg HTTP/1.1" 200 27
101.229.22.234 - - [30/Jan/2023:10:57:11 +0800] "GET /xingrg/all/function/internal_message.html?_=1675047435615&CODE_STATE=getMsg HTTP/1.1" 200 27
124.79.72.155 - - [30/Jan/2023:10:57:12 +0800] "GET /xingrg/all/function/internal_message.html?_=1675047438857&CODE_STATE=getMsg HTTP/1.1" 200 27
124.79.72.155 - - [30/Jan/2023:10:57:12 +0800] "GET /xingrg/check_reg.html?_=1675047438866 HTTP/1.1" 200 22
180.162.115.82 - - [30/Jan/2023:10:57:13 +0800] "GET /xingrg/kc/base/wldb_order_operate.html?command=get_materiel&rest_code=00143&base_code=0010222&code=00102002204 HTTP/1.1" 200 447
116.192.124.172 - - [30/Jan/2023:10:57:15 +0800] "GET /xingrg/all/function/internal_message.html?_=1675047442412&CODE_STATE=getMsg HTTP/1.1" 200 27
180.157.253.110 - - [30/Jan/2023:10:57:15 +0800] "GET /xingrg/all/function/internal_message.html?_=1675047448709&CODE_STATE=getMsg HTTP/1.1" 200 27
116.192.124.172 - - [30/Jan/2023:10:57:17 +0800] "GET /xingrg/all/report/report_query.html?fileName=kc/buy/wlcg_mx.xml HTTP/1.1" 200 51648
116.192.124.172 - - [30/Jan/2023:10:57:17 +0800] "GET /xingrg/dwr/interface/AjaxReportQueryService.js HTTP/1.1" 200 13203
116.192.124.172 - - [30/Jan/2023:10:57:17 +0800] "GET /xingrg/dwr/engine.js HTTP/1.1" 200 43631
116.192.124.172 - - [30/Jan/2023:10:57:17 +0800] "POST /xingrg/dwr/call/plaincall/AjaxReportQueryService.getFixDate.dwr HTTP/1.1" 200 111
116.192.124.172 - - [30/Jan/2023:10:57:17 +0800] "POST /xingrg/dwr/call/plaincall/AjaxReportQueryService.getInitString.dwr HTTP/1.1" 200 33051
116.192.124.172 - - [30/Jan/2023:10:57:18 +0800] "POST /xingrg/dwr/call/plaincall/AjaxReportQueryService.getInitString.dwr HTTP/1.1" 200 1035
116.192.124.172 - - [30/Jan/2023:10:57:18 +0800] "POST /xingrg/dwr/call/plaincall/AjaxReportQueryService.getInitString.dwr HTTP/1.1" 200 125
180.169.147.146 - - [30/Jan/2023:10:57:20 +0800] "GET /xingrg/all/function/internal_message.html?_=1675047448467&CODE_STATE=getMsg HTTP/1.1" 200 27
124.78.154.177 - - [30/Jan/2023:10:57:25 +0800] "GET /xingrg/all/function/internal_message.html?_=1675047450728&CODE_STATE=getMsg HTTP/1.1" 200 27
116.230.105.139 - - [30/Jan/2023:10:57:26 +0800] "GET /xingrg/all/function/internal_message.html?_=1675047453111&CODE_STATE=getMsg HTTP/1.1" 200 27
114.88.159.190 - - [30/Jan/2023:10:57:28 +0800] "GET /xingrg/all/function/internal_message.html?_=1675047027765&CODE_STATE=getMsg HTTP/1.1" 200 27
222.70.181.49 - - [30/Jan/2023:10:57:29 +0800] "GET /xingrg/all/function/internal_message.html?_=1675047455432&CODE_STATE=getMsg HTTP/1.1" 200 27
116.235.244.242 - - [30/Jan/2023:10:57:29 +0800] "GET /xingrg/check_reg.html?_=1675047457719 HTTP/1.1" 200 22
116.235.244.242 - - [30/Jan/2023:10:57:30 +0800] "GET /xingrg/all/function/internal_message.html?_=1675047458760&CODE_STATE=getMsg HTTP/1.1" 200 27
116.192.124.172 - - [30/Jan/2023:10:57:34 +0800] "POST /xingrg/dwr/call/plaincall/AjaxReportQueryService.refreshCache.dwr HTTP/1.1" 200 78
116.192.124.172 - - [30/Jan/2023:10:57:35 +0800] "POST /xingrg/all/report/load_report_page.html HTTP/1.1" 200 123244
116.192.124.172 - - [30/Jan/2023:10:57:35 +0800] "GET /xingrg/servlets/image?cache=0.16715978337856496&image=px HTTP/1.1" 200 807
116.192.124.172 - - [30/Jan/2023:10:57:38 +0800] "POST /xingrg/all/report/load_report_page.html HTTP/1.1" 200 43810
116.192.124.172 - - [30/Jan/2023:10:57:38 +0800] "GET /xingrg/servlets/image?cache=0.05785579165682264&image=px HTTP/1.1" 200 807
101.83.241.7 - - [30/Jan/2023:10:57:43 +0800] "POST /xingrg/services/DataTransmitService HTTP/1.1" 200 524
101.83.241.7 - - [30/Jan/2023:10:57:44 +0800] "POST /xingrg/services/DataTransmitService HTTP/1.1" 200 412
124.78.154.177 - - [30/Jan/2023:10:57:46 +0800] "GET /xingrg/kc/base/base_main.html HTTP/1.1" 200 12142
124.78.154.177 - - [30/Jan/2023:10:57:47 +0800] "POST /xingrg/kc/buy/cgsh_list_operate.html HTTP/1.1" 200 986
124.78.154.177 - - [30/Jan/2023:10:57:47 +0800] "GET /xingrg/kc/base/wldb_order_list.html HTTP/1.1" 200 19139
116.192.124.172 - - [30/Jan/2023:10:57:47 +0800] "POST /xingrg/dwr/call/plaincall/AjaxReportQueryService.refreshCache.dwr HTTP/1.1" 200 78
124.78.154.177 - - [30/Jan/2023:10:57:48 +0800] "POST /xingrg/kc/base/wldb_list_operate.html HTTP/1.1" 200 928
101.83.145.75 - - [30/Jan/2023:10:57:48 +0800] "GET /xingrg/all/function/internal_message.html?_=1675047475573&CODE_STATE=getMsg HTTP/1.1" 200 27
116.192.124.172 - - [30/Jan/2023:10:57:50 +0800] "POST /xingrg/all/report/load_report_page.html HTTP/1.1" 200 123224
116.192.124.172 - - [30/Jan/2023:10:57:50 +0800] "GET /xingrg/servlets/image?cache=0.5125024495536528&image=px HTTP/1.1" 200 807
124.78.154.177 - - [30/Jan/2023:10:57:50 +0800] "GET /xingrg/kc/base/wldb_order_add.html HTTP/1.1" 200 30426
124.78.154.177 - - [30/Jan/2023:10:57:51 +0800] "POST /xingrg/kc/base/wldb_order_operate.html HTTP/1.1" 200 6806
124.78.154.177 - - [30/Jan/2023:10:57:51 +0800] "GET /xingrg/javascript/easyui/themes/default/validatebox.css HTTP/1.1" 404 1104
124.78.154.177 - - [30/Jan/2023:10:57:52 +0800] "POST /xingrg/all/common/load_combo.html?type=base HTTP/1.1" 200 3227
112.51.222.203 - - [30/Jan/2023:10:57:53 +0800] "GET /xingrg/all/function/internal_message.html?_=1675047479884&CODE_STATE=getMsg HTTP/1.1" 200 27
124.78.154.177 - - [30/Jan/2023:10:57:54 +0800] "POST /xingrg/all/common/load_combo.html?type=base HTTP/1.1" 200 3227
180.162.115.82 - - [30/Jan/2023:10:58:01 +0800] "GET /xingrg/all/function/internal_message.html?_=1675046447456&CODE_STATE=getMsg HTTP/1.1" 200 27
124.78.154.177 - - [30/Jan/2023:10:58:02 +0800] "GET /xingrg/kc/base/wldb_order_operate.html?command=get_materiel&rest_code=00106&base_code=0010397&code=00102001031 HTTP/1.1" 200 440
114.83.222.182 - - [30/Jan/2023:10:58:08 +0800] "GET /xingrg/all/function/internal_message.html?_=1675047592879&CODE_STATE=getMsg HTTP/1.1" 200 27
101.83.241.7 - - [30/Jan/2023:10:58:09 +0800] "GET /xingrg/all/function/internal_message.html?_=1675047495632&CODE_STATE=getMsg HTTP/1.1" 200 27
124.78.154.177 - - [30/Jan/2023:10:58:10 +0800] "GET /xingrg/kc/base/wldb_order_operate.html?command=get_materiel&rest_code=00106&base_code=0010397&code=00102002204 HTTP/1.1" 200 448
101.229.22.234 - - [30/Jan/2023:10:58:11 +0800] "GET /xingrg/all/function/internal_message.html?_=1675047495616&CODE_STATE=getMsg HTTP/1.1" 200 27
101.229.22.234 - - [30/Jan/2023:10:58:11 +0800] "GET /xingrg/check_reg.html?_=1675047495618 HTTP/1.1" 200 22
124.79.72.155 - - [30/Jan/2023:10:58:12 +0800] "GET /xingrg/all/function/internal_message.html?_=1675047498851&CODE_STATE=getMsg HTTP/1.1" 200 27
116.192.124.172 - - [30/Jan/2023:10:58:15 +0800] "GET /xingrg/all/function/internal_message.html?_=1675047502387&CODE_STATE=getMsg HTTP/1.1" 200 27
180.157.253.110 - - [30/Jan/2023:10:58:15 +0800] "GET /xingrg/all/function/internal_message.html?_=1675047508709&CODE_STATE=getMsg HTTP/1.1" 200 27
116.192.124.172 - - [30/Jan/2023:10:58:16 +0800] "GET /xingrg/check_reg.html?_=1675047503201 HTTP/1.1" 200 22
180.169.147.146 - - [30/Jan/2023:10:58:20 +0800] "GET /xingrg/all/function/internal_message.html?_=1675047508451&CODE_STATE=getMsg HTTP/1.1" 200 27
180.162.115.82 - - [30/Jan/2023:10:58:22 +0800] "GET /xingrg/kc/base/wldb_order_operate.html?command=get_materiel&rest_code=00143&base_code=0010222&code=00102002238 HTTP/1.1" 200 434
124.78.154.177 - - [30/Jan/2023:10:58:25 +0800] "GET /xingrg/all/function/internal_message.html?_=1675047510713&CODE_STATE=getMsg HTTP/1.1" 200 27
116.230.105.139 - - [30/Jan/2023:10:58:26 +0800] "GET /xingrg/all/function/internal_message.html?_=1675047513098&CODE_STATE=getMsg HTTP/1.1" 200 27
114.88.159.190 - - [30/Jan/2023:10:58:28 +0800] "GET /xingrg/all/function/internal_message.html?_=1675047087764&CODE_STATE=getMsg HTTP/1.1" 200 27
222.70.181.49 - - [30/Jan/2023:10:58:29 +0800] "GET /xingrg/all/function/internal_message.html?_=1675047515432&CODE_STATE=getMsg HTTP/1.1" 200 27
116.235.244.242 - - [30/Jan/2023:10:58:30 +0800] "GET /xingrg/all/function/internal_message.html?_=1675047518774&CODE_STATE=getMsg HTTP/1.1" 200 27
124.78.154.177 - - [30/Jan/2023:10:58:35 +0800] "GET /xingrg/kc/base/wldb_order_operate.html?command=get_materiel&rest_code=00106&base_code=0010397&code=00102002448 HTTP/1.1" 200 440
101.83.145.75 - - [30/Jan/2023:10:58:48 +0800] "GET /xingrg/all/function/internal_message.html?_=1675047535552&CODE_STATE=getMsg HTTP/1.1" 200 27
116.192.124.172 - - [30/Jan/2023:10:58:51 +0800] "GET /xingrg/javascript/jquery_easy_ui/themes/default/images/button_plain_hover.png HTTP/1.1" 200 252
124.78.154.177 - - [30/Jan/2023:10:58:52 +0800] "GET /xingrg/kc/base/wldb_order_operate.html?command=get_materiel&rest_code=00106&base_code=0010397&code=00102002557 HTTP/1.1" 200 443
112.51.222.203 - - [30/Jan/2023:10:58:53 +0800] "GET /xingrg/all/function/internal_message.html?_=1675047539895&CODE_STATE=getMsg HTTP/1.1" 200 27
116.192.124.172 - - [30/Jan/2023:10:58:54 +0800] "POST /xingrg/all/report/load_report_page.html HTTP/1.1" 200 33810
116.192.124.172 - - [30/Jan/2023:10:58:54 +0800] "GET /xingrg/servlets/image?cache=0.45545564485280055&image=px HTTP/1.1" 200 807
124.78.154.177 - - [30/Jan/2023:10:58:58 +0800] "POST /xingrg/kc/base/wldb_order_operate.html HTTP/1.1" 200 37
124.78.154.177 - - [30/Jan/2023:10:58:58 +0800] "POST /xingrg/kc/base/wldb_order_operate.html HTTP/1.1" 200 3637
124.78.154.177 - - [30/Jan/2023:10:58:59 +0800] "GET /xingrg/kc/base/wldb_order_info.html?code=422023013001817 HTTP/1.1" 200 30440
124.78.154.177 - - [30/Jan/2023:10:58:59 +0800] "GET /xingrg/javascript/easyui/themes/default/validatebox.css HTTP/1.1" 404 1104
124.78.154.177 - - [30/Jan/2023:10:58:59 +0800] "POST /xingrg/kc/base/wldb_order_operate.html HTTP/1.1" 200 3637
180.162.115.82 - - [30/Jan/2023:10:59:01 +0800] "GET /xingrg/all/function/internal_message.html?_=1675046507467&CODE_STATE=getMsg HTTP/1.1" 200 27
114.83.222.182 - - [30/Jan/2023:10:59:08 +0800] "GET /xingrg/all/function/internal_message.html?_=1675047652879&CODE_STATE=getMsg HTTP/1.1" 200 27
114.83.222.182 - - [30/Jan/2023:10:59:08 +0800] "GET /xingrg/check_reg.html?_=1675047652880 HTTP/1.1" 200 22
101.83.241.7 - - [30/Jan/2023:10:59:09 +0800] "GET /xingrg/all/function/internal_message.html?_=1675047555627&CODE_STATE=getMsg HTTP/1.1" 200 27
116.238.139.35 - - [30/Jan/2023:10:59:09 +0800] "POST /xingrg/services/DataTransmitService HTTP/1.1" 200 524
101.229.22.234 - - [30/Jan/2023:10:59:11 +0800] "GET /xingrg/all/function/internal_message.html?_=1675047555616&CODE_STATE=getMsg HTTP/1.1" 200 27
124.79.72.155 - - [30/Jan/2023:10:59:12 +0800] "GET /xingrg/all/function/internal_message.html?_=1675047558851&CODE_STATE=getMsg HTTP/1.1" 200 27
116.192.124.172 - - [30/Jan/2023:10:59:15 +0800] "GET /xingrg/all/function/internal_message.html?_=1675047562375&CODE_STATE=getMsg HTTP/1.1" 200 27
180.157.253.110 - - [30/Jan/2023:10:59:15 +0800] "GET /xingrg/all/function/internal_message.html?_=1675047568709&CODE_STATE=getMsg HTTP/1.1" 200 27
180.169.147.146 - - [30/Jan/2023:10:59:20 +0800] "GET /xingrg/all/function/internal_message.html?_=1675047568436&CODE_STATE=getMsg HTTP/1.1" 200 27
124.78.154.177 - - [30/Jan/2023:10:59:25 +0800] "GET /xingrg/all/function/internal_message.html?_=1675047570716&CODE_STATE=getMsg HTTP/1.1" 200 27
116.230.105.139 - - [30/Jan/2023:10:59:26 +0800] "GET /xingrg/all/function/internal_message.html?_=1675047573092&CODE_STATE=getMsg HTTP/1.1" 200 27
180.162.115.82 - - [30/Jan/2023:10:59:29 +0800] "GET /xingrg/kc/base/wldb_order_operate.html?command=get_materiel&rest_code=00143&base_code=0010222&code=00102002188 HTTP/1.1" 200 429
222.70.181.49 - - [30/Jan/2023:10:59:29 +0800] "GET /xingrg/all/function/internal_message.html?_=1675047575433&CODE_STATE=getMsg HTTP/1.1" 200 27
116.192.124.172 - - [30/Jan/2023:10:59:29 +0800] "POST /xingrg/dwr/call/plaincall/AjaxReportQueryService.refreshCache.dwr HTTP/1.1" 200 78
116.235.244.242 - - [30/Jan/2023:10:59:30 +0800] "GET /xingrg/all/function/internal_message.html?_=1675047578788&CODE_STATE=getMsg HTTP/1.1" 200 27
116.192.124.172 - - [30/Jan/2023:10:59:32 +0800] "POST /xingrg/all/report/load_report_page.html HTTP/1.1" 200 93739
116.192.124.172 - - [30/Jan/2023:10:59:32 +0800] "GET /xingrg/servlets/image?cache=0.07032354417780406&image=px HTTP/1.1" 200 807
180.169.147.146 - - [30/Jan/2023:10:59:38 +0800] "GET /xingrg/check_reg.html?_=1675047586111 HTTP/1.1" 200 22
101.83.145.75 - - [30/Jan/2023:10:59:48 +0800] "GET /xingrg/all/function/internal_message.html?_=1675047595534&CODE_STATE=getMsg HTTP/1.1" 200 27
124.78.154.177 - - [30/Jan/2023:10:59:52 +0800] "POST /xingrg/kc/base/wldb_order_operate.html HTTP/1.1" 200 37
124.78.154.177 - - [30/Jan/2023:10:59:53 +0800] "POST /xingrg/kc/base/wldb_order_operate.html HTTP/1.1" 200 3637
112.51.222.203 - - [30/Jan/2023:10:59:53 +0800] "GET /xingrg/all/function/internal_message.html?_=1675047599900&CODE_STATE=getMsg HTTP/1.1" 200 27
124.78.154.177 - - [30/Jan/2023:10:59:54 +0800] "GET /xingrg/kc/base/wldb_order_info.html?code=422023013001817 HTTP/1.1" 200 30440
124.78.154.177 - - [30/Jan/2023:10:59:54 +0800] "GET /xingrg/javascript/easyui/themes/default/validatebox.css HTTP/1.1" 404 1104
124.78.154.177 - - [30/Jan/2023:10:59:55 +0800] "POST /xingrg/kc/base/wldb_order_operate.html HTTP/1.1" 200 3637
124.78.154.177 - - [30/Jan/2023:10:59:57 +0800] "GET /xingrg/kc/base/wldb_order_add.html HTTP/1.1" 200 30426
124.78.154.177 - - [30/Jan/2023:10:59:57 +0800] "POST /xingrg/kc/base/wldb_order_operate.html HTTP/1.1" 200 6806
124.78.154.177 - - [30/Jan/2023:10:59:57 +0800] "GET /xingrg/javascript/easyui/themes/default/validatebox.css HTTP/1.1" 404 1104
124.78.154.177 - - [30/Jan/2023:10:59:59 +0800] "POST /xingrg/all/common/load_combo.html?type=base HTTP/1.1" 200 3227
180.162.115.82 - - [30/Jan/2023:11:00:01 +0800] "GET /xingrg/all/function/internal_message.html?_=1675046567467&CODE_STATE=getMsg HTTP/1.1" 200 27
124.78.154.177 - - [30/Jan/2023:11:00:02 +0800] "POST /xingrg/all/common/load_combo.html?type=base HTTP/1.1" 200 3227
116.192.124.172 - - [30/Jan/2023:11:00:02 +0800] "POST /xingrg/dwr/call/plaincall/AjaxReportQueryService.refreshCache.dwr HTTP/1.1" 200 78
116.192.124.172 - - [30/Jan/2023:11:00:05 +0800] "POST /xingrg/all/report/load_report_page.html HTTP/1.1" 200 98607
116.192.124.172 - - [30/Jan/2023:11:00:05 +0800] "GET /xingrg/servlets/image?cache=0.47410157870039893&image=px HTTP/1.1" 200 807
120.253.135.82 - - [30/Jan/2023:11:00:07 +0800] "GET /xingrg/login.html HTTP/1.1" 200 7641
120.253.135.82 - - [30/Jan/2023:11:00:07 +0800] "GET /favicon.ico HTTP/1.1" 404 -
124.78.154.177 - - [30/Jan/2023:11:00:07 +0800] "GET /xingrg/kc/base/wldb_order_operate.html?command=get_materiel&rest_code=00106&base_code=0010396&code=00101016094 HTTP/1.1" 200 470
114.83.222.182 - - [30/Jan/2023:11:00:08 +0800] "GET /xingrg/all/function/internal_message.html?_=1675047712874&CODE_STATE=getMsg HTTP/1.1" 200 27
101.83.241.7 - - [30/Jan/2023:11:00:09 +0800] "GET /xingrg/all/function/internal_message.html?_=1675047615632&CODE_STATE=getMsg HTTP/1.1" 200 27
101.83.241.7 - - [30/Jan/2023:11:00:09 +0800] "GET /xingrg/check_reg.html?_=1675047615639 HTTP/1.1" 200 22
120.253.135.82 - - [30/Jan/2023:11:00:09 +0800] "POST /xingrg/login.do HTTP/1.1" 302 -
120.253.135.82 - - [30/Jan/2023:11:00:10 +0800] "GET /xingrg/index.html?sysBaseUrl=http%3A%2F%2F180.169.147.146%3A18081%2Fxingrg%2F&costTime=40×tamp=1675047609941 HTTP/1.1" 200 17173
120.253.135.82 - - [30/Jan/2023:11:00:10 +0800] "GET /xingrg/javascript/jquery-1.4.2.min.js HTTP/1.1" 304 -
120.253.135.82 - - [30/Jan/2023:11:00:10 +0800] "GET /xingrg/css/form.css HTTP/1.1" 304 -
120.253.135.82 - - [30/Jan/2023:11:00:10 +0800] "GET /xingrg/javascript/jquery_easy_ui/themes/icon.css HTTP/1.1" 304 -
120.253.135.82 - - [30/Jan/2023:11:00:10 +0800] "GET /favicon.ico HTTP/1.1" 404 -
120.253.135.82 - - [30/Jan/2023:11:00:10 +0800] "GET /xingrg/javascript/jquery_easy_ui/themes/default/easyui.css HTTP/1.1" 304 -
120.253.135.82 - - [30/Jan/2023:11:00:10 +0800] "GET /xingrg/javascript/jquery_easy_ui/jquery.easyui.min.js HTTP/1.1" 304 -
120.253.135.82 - - [30/Jan/2023:11:00:10 +0800] "GET /xingrg/javascript/jquery_easy_ui/easyui-lang-zh_CN.js HTTP/1.1" 304 -
120.253.135.82 - - [30/Jan/2023:11:00:10 +0800] "GET /xingrg/javascript/jquery.utils.js HTTP/1.1" 304 -
120.253.135.82 - - [30/Jan/2023:11:00:10 +0800] "GET /xingrg/javascript/jquery.form.js HTTP/1.1" 304 -
120.253.135.82 - - [30/Jan/2023:11:00:10 +0800] "GET /xingrg/javascript/jquery.timers.js HTTP/1.1" 304 -
120.253.135.82 - - [30/Jan/2023:11:00:10 +0800] "POST /xingrg/all/common/load_tree.html?tree=area_rest_tree_json&manage=1 HTTP/1.1" 200 344
120.253.135.82 - - [30/Jan/2023:11:00:10 +0800] "GET /xingrg/all/function/internal_message.html?_=1675047434748&CODE_STATE=count HTTP/1.1" 200 11
120.253.135.82 - - [30/Jan/2023:11:00:10 +0800] "GET /xingrg/check_reg.html?_=1675047434749 HTTP/1.1" 200 22
120.253.135.82 - - [30/Jan/2023:11:00:10 +0800] "POST /xingrg/load_menu.html HTTP/1.1" 200 6743
101.229.22.234 - - [30/Jan/2023:11:00:11 +0800] "GET /xingrg/all/function/internal_message.html?_=1675047615614&CODE_STATE=getMsg HTTP/1.1" 200 27
124.79.72.155 - - [30/Jan/2023:11:00:12 +0800] "GET /xingrg/all/function/internal_message.html?_=1675047618876&CODE_STATE=getMsg HTTP/1.1" 200 27
124.78.154.177 - - [30/Jan/2023:11:00:13 +0800] "POST /xingrg/kc/base/wldb_order_operate.html HTTP/1.1" 200 37
120.253.135.82 - - [30/Jan/2023:11:00:13 +0800] "GET /xingrg/kc/pszx/mdqp_order_list.html?state=10 HTTP/1.1" 200 10275
120.253.135.82 - - [30/Jan/2023:11:00:13 +0800] "GET /xingrg/dwr/util.js HTTP/1.1" 304 -
120.253.135.82 - - [30/Jan/2023:11:00:13 +0800] "GET /xingrg/css/blue.css HTTP/1.1" 304 -
120.253.135.82 - - [30/Jan/2023:11:00:13 +0800] "GET /xingrg/javascript/pic_change.js HTTP/1.1" 304 -
120.253.135.82 - - [30/Jan/2023:11:00:13 +0800] "GET /xingrg/javascript/Calendar.js HTTP/1.1" 304 -
120.253.135.82 - - [30/Jan/2023:11:00:13 +0800] "GET /xingrg/javascript/myfunction.js HTTP/1.1" 304 -
120.253.135.82 - - [30/Jan/2023:11:00:13 +0800] "GET /xingrg/dwr/interface/AjaxQqpsService.js HTTP/1.1" 200 16326
120.253.135.82 - - [30/Jan/2023:11:00:13 +0800] "GET /xingrg/dwr/interface/AjaxReportQueryService.js HTTP/1.1" 200 13203
124.78.154.177 - - [30/Jan/2023:11:00:13 +0800] "POST /xingrg/kc/base/wldb_order_operate.html HTTP/1.1" 200 2215
120.253.135.82 - - [30/Jan/2023:11:00:14 +0800] "GET /xingrg/dwr/engine.js HTTP/1.1" 200 43631
124.78.154.177 - - [30/Jan/2023:11:00:14 +0800] "GET /xingrg/kc/base/wldb_order_info.html?code=422023013001818 HTTP/1.1" 200 30441
124.78.154.177 - - [30/Jan/2023:11:00:14 +0800] "GET /xingrg/javascript/easyui/themes/default/validatebox.css HTTP/1.1" 404 1104
124.78.154.177 - - [30/Jan/2023:11:00:15 +0800] "POST /xingrg/kc/base/wldb_order_operate.html HTTP/1.1" 200 2215
116.192.124.172 - - [30/Jan/2023:11:00:15 +0800] "GET /xingrg/all/function/internal_message.html?_=1675047622366&CODE_STATE=getMsg HTTP/1.1" 200 27
180.157.253.110 - - [30/Jan/2023:11:00:15 +0800] "GET /xingrg/check_reg.html?_=1675047628734 HTTP/1.1" 200 22
180.157.253.110 - - [30/Jan/2023:11:00:15 +0800] "GET /xingrg/all/function/internal_message.html?_=1675047628737&CODE_STATE=getMsg HTTP/1.1" 200 27
120.253.135.82 - - [30/Jan/2023:11:00:15 +0800] "GET /xingrg/kc/pszx/mdps_order_list.html?orderType=0 HTTP/1.1" 200 21073
120.253.135.82 - - [30/Jan/2023:11:00:15 +0800] "GET /xingrg/css/site.css HTTP/1.1" 304 -
120.253.135.82 - - [30/Jan/2023:11:00:15 +0800] "GET /xingrg/javascript/easyui/themes/icon.css HTTP/1.1" 304 -
120.253.135.82 - - [30/Jan/2023:11:00:15 +0800] "GET /xingrg/javascript/easyui/themes/default/easyui.css HTTP/1.1" 304 -
120.253.135.82 - - [30/Jan/2023:11:00:15 +0800] "GET /xingrg/javascript/jquery_tools/datebox.css HTTP/1.1" 304 -
120.253.135.82 - - [30/Jan/2023:11:00:15 +0800] "GET /xingrg/javascript/jquery_tools/fix.css HTTP/1.1" 304 -
120.253.135.82 - - [30/Jan/2023:11:00:15 +0800] "GET /xingrg/css/base.css HTTP/1.1" 304 -
120.253.135.82 - - [30/Jan/2023:11:00:15 +0800] "GET /xingrg/javascript/auto/jquery.autocomplete.css HTTP/1.1" 304 -
120.253.135.82 - - [30/Jan/2023:11:00:15 +0800] "GET /xingrg/javascript/jquery_tools/table.css HTTP/1.1" 304 -
120.253.135.82 - - [30/Jan/2023:11:00:15 +0800] "GET /xingrg/javascript/jquery_tools/jquery.tools.min.js HTTP/1.1" 304 -
120.253.135.82 - - [30/Jan/2023:11:00:15 +0800] "GET /xingrg/javascript/jquery_tools/jquery.tools.extend.js HTTP/1.1" 304 -
120.253.135.82 - - [30/Jan/2023:11:00:15 +0800] "GET /xingrg/javascript/jquery_tools/jquery.tools.hotkey.js HTTP/1.1" 304 -
120.253.135.82 - - [30/Jan/2023:11:00:15 +0800] "GET /xingrg/javascript/jquery_tools/jquery.tools.table.js HTTP/1.1" 304 -
120.253.135.82 - - [30/Jan/2023:11:00:15 +0800] "GET /xingrg/javascript/auto/jquery.autocomplete.js HTTP/1.1" 304 -
120.253.135.82 - - [30/Jan/2023:11:00:15 +0800] "GET /xingrg/javascript/jquery.cookie.js HTTP/1.1" 304 -
120.253.135.82 - - [30/Jan/2023:11:00:15 +0800] "GET /xingrg/javascript/easyui/easyloader.js HTTP/1.1" 304 -
120.253.135.82 - - [30/Jan/2023:11:00:15 +0800] "GET /xingrg/javascript/jquery_tools/list_manager.js HTTP/1.1" 304 -
120.253.135.82 - - [30/Jan/2023:11:00:15 +0800] "GET /xingrg/javascript/print/LodopFuncs.js HTTP/1.1" 304 -
120.253.135.82 - - [30/Jan/2023:11:00:16 +0800] "GET /xingrg/javascript/easyui/plugins/jquery.parser.js HTTP/1.1" 304 -
120.253.135.82 - - [30/Jan/2023:11:00:16 +0800] "POST /xingrg/kc/pszx/mdps_list_operate.html HTTP/1.1" 200 5260
120.253.135.82 - - [30/Jan/2023:11:00:18 +0800] "GET /xingrg/javascript/auto/indicator.gif HTTP/1.1" 404 1066
101.83.145.75 - - [30/Jan/2023:11:00:18 +0800] "GET /xingrg/check_reg.html?_=1675047464411 HTTP/1.1" 302 -
180.169.147.146 - - [30/Jan/2023:11:00:20 +0800] "GET /xingrg/all/function/internal_message.html?_=1675047628419&CODE_STATE=getMsg HTTP/1.1" 200 27
124.78.154.177 - - [30/Jan/2023:11:00:23 +0800] "GET /xingrg/check_reg.html?_=1675047628862 HTTP/1.1" 200 22
180.162.115.82 - - [30/Jan/2023:11:00:23 +0800] "GET /xingrg/kc/base/wldb_order_operate.html?command=get_materiel&rest_code=00143&base_code=0010222&code=00102002423 HTTP/1.1" 200 443
124.78.154.177 - - [30/Jan/2023:11:00:24 +0800] "GET /xingrg/all/function/internal_message.html?_=1675047630655&CODE_STATE=getMsg HTTP/1.1" 200 27
120.253.135.82 - - [30/Jan/2023:11:00:25 +0800] "POST /xingrg/kc/pszx/mdps_list_operate.html HTTP/1.1" 200 2443
116.230.105.139 - - [30/Jan/2023:11:00:26 +0800] "GET /xingrg/all/function/internal_message.html?_=1675047633079&CODE_STATE=getMsg HTTP/1.1" 200 27
120.253.135.82 - - [30/Jan/2023:11:00:27 +0800] "POST /xingrg/kc/pszx/mdps_list_operate.html HTTP/1.1" 200 616
124.78.154.177 - - [30/Jan/2023:11:00:28 +0800] "GET /xingrg/kc/base/wldb_order_add.html HTTP/1.1" 200 30426
124.78.154.177 - - [30/Jan/2023:11:00:28 +0800] "GET /xingrg/javascript/easyui/themes/default/validatebox.css HTTP/1.1" 404 1104
124.78.154.177 - - [30/Jan/2023:11:00:28 +0800] "POST /xingrg/kc/base/wldb_order_operate.html HTTP/1.1" 200 6806
120.253.135.82 - - [30/Jan/2023:11:00:29 +0800] "GET /xingrg/kc/pszx/mdps_order_info.html?code=312023013000451 HTTP/1.1" 200 23978
120.253.135.82 - - [30/Jan/2023:11:00:29 +0800] "GET /xingrg/javascript/jquery_tools/order_manager.js HTTP/1.1" 304 -
120.253.135.82 - - [30/Jan/2023:11:00:29 +0800] "GET /xingrg/javascript/print/kc_print.js HTTP/1.1" 304 -
120.253.135.82 - - [30/Jan/2023:11:00:29 +0800] "GET /xingrg/javascript/convert.js HTTP/1.1" 304 -
120.253.135.82 - - [30/Jan/2023:11:00:29 +0800] "GET /xingrg/javascript/json2.js HTTP/1.1" 304 -
120.253.135.82 - - [30/Jan/2023:11:00:29 +0800] "GET /xingrg/words/20230127094515_words.js HTTP/1.1" 304 -
222.70.181.49 - - [30/Jan/2023:11:00:29 +0800] "GET /xingrg/all/function/internal_message.html?_=1675047635432&CODE_STATE=getMsg HTTP/1.1" 200 27
222.70.181.49 - - [30/Jan/2023:11:00:29 +0800] "GET /xingrg/check_reg.html?_=1675047635434 HTTP/1.1" 200 22
120.253.135.82 - - [30/Jan/2023:11:00:29 +0800] "GET /xingrg/all/common/auto_word.html?type=base&rest_code=00101 HTTP/1.1" 200 671
124.78.154.177 - - [30/Jan/2023:11:00:29 +0800] "POST /xingrg/all/common/load_combo.html?type=base HTTP/1.1" 200 3227
120.253.135.82 - - [30/Jan/2023:11:00:29 +0800] "GET /xingrg/javascript/easyui/themes/default/validatebox.css HTTP/1.1" 404 1104
120.253.135.82 - - [30/Jan/2023:11:00:29 +0800] "GET /xingrg/javascript/easyui/plugins/jquery.validatebox.js HTTP/1.1" 304 -
120.253.135.82 - - [30/Jan/2023:11:00:29 +0800] "GET /xingrg/javascript/easyui/plugins/jquery.numberbox.js HTTP/1.1" 304 -
120.253.135.82 - - [30/Jan/2023:11:00:29 +0800] "POST /xingrg/kc/pszx/mdps_order_operate.html HTTP/1.1" 200 9959
116.235.244.242 - - [30/Jan/2023:11:00:30 +0800] "GET /xingrg/all/function/internal_message.html?_=1675047638918&CODE_STATE=getMsg HTTP/1.1" 200 27
116.192.124.172 - - [30/Jan/2023:11:00:31 +0800] "POST /xingrg/dwr/call/plaincall/AjaxReportQueryService.refreshCache.dwr HTTP/1.1" 200 78
124.78.154.177 - - [30/Jan/2023:11:00:33 +0800] "POST /xingrg/all/common/load_combo.html?type=base HTTP/1.1" 200 3227
116.192.124.172 - - [30/Jan/2023:11:00:34 +0800] "POST /xingrg/all/report/load_report_page.html HTTP/1.1" 200 53808
116.192.124.172 - - [30/Jan/2023:11:00:34 +0800] "GET /xingrg/servlets/image?cache=0.2799968065017485&image=px HTTP/1.1" 200 807
120.253.135.82 - - [30/Jan/2023:11:00:35 +0800] "POST /xingrg/kc/pszx/mdps_order_operate.html HTTP/1.1" 200 37
120.253.135.82 - - [30/Jan/2023:11:00:37 +0800] "POST /xingrg/kc/pszx/mdps_order_operate.html HTTP/1.1" 200 12
124.78.154.177 - - [30/Jan/2023:11:00:42 +0800] "GET /xingrg/kc/base/wldb_order_operate.html?command=get_materiel&rest_code=00106&base_code=0010396&code=00101019258 HTTP/1.1" 200 483
116.230.105.139 - - [30/Jan/2023:11:00:42 +0800] "GET /xingrg/check_reg.html?_=1675047648733 HTTP/1.1" 200 22
120.253.135.82 - - [30/Jan/2023:11:00:45 +0800] "GET /xingrg/kc/pszx/mdps_order_info.html?code=312023013000451 HTTP/1.1" 200 19638
120.253.135.82 - - [30/Jan/2023:11:00:46 +0800] "POST /xingrg/kc/pszx/mdps_order_operate.html HTTP/1.1" 200 8089
120.253.135.82 - - [30/Jan/2023:11:00:46 +0800] "GET /xingrg/javascript/easyui/themes/default/validatebox.css HTTP/1.1" 404 1104
124.78.154.177 - - [30/Jan/2023:11:00:46 +0800] "GET /xingrg/kc/base/wldb_order_operate.html?command=get_materiel&rest_code=00106&base_code=0010396&code=00101019133 HTTP/1.1" 200 480
101.83.145.75 - - [30/Jan/2023:11:00:48 +0800] "GET /xingrg/all/function/internal_message.html?_=1675047655511&CODE_STATE=getMsg HTTP/1.1" 200 27
112.51.222.203 - - [30/Jan/2023:11:00:53 +0800] "GET /xingrg/all/function/internal_message.html?_=1675047659899&CODE_STATE=getMsg HTTP/1.1" 200 27
112.51.222.203 - - [30/Jan/2023:11:00:53 +0800] "GET /xingrg/check_reg.html?_=1675047659901 HTTP/1.1" 200 22
124.78.154.177 - - [30/Jan/2023:11:00:53 +0800] "GET /xingrg/kc/base/wldb_order_operate.html?command=get_materiel&rest_code=00106&base_code=0010396&code=00101019306 HTTP/1.1" 200 479
124.78.154.177 - - [30/Jan/2023:11:00:59 +0800] "GET /xingrg/kc/base/wldb_order_operate.html?command=get_materiel&rest_code=00106&base_code=0010396&code=00101019430 HTTP/1.1" 200 478
180.162.115.82 - - [30/Jan/2023:11:01:01 +0800] "GET /xingrg/all/function/internal_message.html?_=1675046627458&CODE_STATE=getMsg HTTP/1.1" 200 27
180.162.115.82 - - [30/Jan/2023:11:01:01 +0800] "GET /xingrg/check_reg.html?_=1675046627455 HTTP/1.1" 200 22
112.51.222.203 - - [30/Jan/2023:11:01:06 +0800] "GET /xingrg/index.html?sysBaseUrl=http%3A%2F%2F180.169.147.146%3A18081%2Fxingrg%2F&costTime=42×tamp=1674964603491 HTTP/1.1" 200 17509
112.51.222.203 - - [30/Jan/2023:11:01:06 +0800] "POST /xingrg/all/common/load_tree.html?tree=area_rest_tree_json&manage=1 HTTP/1.1" 200 3499
112.51.222.203 - - [30/Jan/2023:11:01:06 +0800] "GET /xingrg/all/function/internal_message.html?_=1675047672924&CODE_STATE=count HTTP/1.1" 200 11
112.51.222.203 - - [30/Jan/2023:11:01:06 +0800] "GET /xingrg/check_reg.html?_=1675047672924 HTTP/1.1" 200 22
112.51.222.203 - - [30/Jan/2023:11:01:06 +0800] "POST /xingrg/load_menu.html HTTP/1.1" 200 9959
114.83.222.182 - - [30/Jan/2023:11:01:08 +0800] "GET /xingrg/all/function/internal_message.html?_=1675047772879&CODE_STATE=getMsg HTTP/1.1" 200 27
101.83.241.7 - - [30/Jan/2023:11:01:09 +0800] "GET /xingrg/all/function/internal_message.html?_=1675047675639&CODE_STATE=getMsg HTTP/1.1" 200 27
120.253.135.82 - - [30/Jan/2023:11:01:10 +0800] "GET /xingrg/all/function/internal_message.html?_=1675047494756&CODE_STATE=getMsg HTTP/1.1" 200 27
112.51.222.203 - - [30/Jan/2023:11:01:10 +0800] "GET /xingrg/kc/buy/cgsh_order_list.html HTTP/1.1" 200 54237
101.229.22.234 - - [30/Jan/2023:11:01:11 +0800] "GET /xingrg/all/function/internal_message.html?_=1675047675613&CODE_STATE=getMsg HTTP/1.1" 200 27
112.51.222.203 - - [30/Jan/2023:11:01:11 +0800] "POST /xingrg/kc/buy/cgsh_list_operate.html HTTP/1.1" 200 986
124.79.72.155 - - [30/Jan/2023:11:01:12 +0800] "GET /xingrg/all/function/internal_message.html?_=1675047678875&CODE_STATE=getMsg HTTP/1.1" 200 27
116.192.124.172 - - [30/Jan/2023:11:01:15 +0800] "GET /xingrg/all/function/internal_message.html?_=1675047682364&CODE_STATE=getMsg HTTP/1.1" 200 27
180.157.253.110 - - [30/Jan/2023:11:01:15 +0800] "GET /xingrg/all/function/internal_message.html?_=1675047688722&CODE_STATE=getMsg HTTP/1.1" 200 27
120.253.135.82 - - [30/Jan/2023:11:01:15 +0800] "POST /xingrg/kc/pszx/mdps_list_operate.html HTTP/1.1" 200 297
124.78.154.177 - - [30/Jan/2023:11:01:16 +0800] "GET /xingrg/kc/base/wldb_order_operate.html?command=get_materiel&rest_code=00106&base_code=0010396&code=00101019187 HTTP/1.1" 200 479
120.253.135.82 - - [30/Jan/2023:11:01:17 +0800] "GET /xingrg/kc/pszx/mdps_order_info.html?code=312023013000453 HTTP/1.1" 200 23978
120.253.135.82 - - [30/Jan/2023:11:01:18 +0800] "POST /xingrg/kc/pszx/mdps_order_operate.html HTTP/1.1" 200 2801
120.253.135.82 - - [30/Jan/2023:11:01:18 +0800] "GET /xingrg/javascript/easyui/themes/default/validatebox.css HTTP/1.1" 404 1104
180.169.147.146 - - [30/Jan/2023:11:01:20 +0800] "GET /xingrg/all/function/internal_message.html?_=1675047688403&CODE_STATE=getMsg HTTP/1.1" 200 27
120.253.135.82 - - [30/Jan/2023:11:01:21 +0800] "POST /xingrg/kc/pszx/mdps_order_operate.html HTTP/1.1" 200 37
120.253.135.82 - - [30/Jan/2023:11:01:23 +0800] "POST /xingrg/kc/pszx/mdps_order_operate.html HTTP/1.1" 200 12
120.253.135.82 - - [30/Jan/2023:11:01:24 +0800] "GET /xingrg/kc/pszx/mdps_order_info.html?code=312023013000453 HTTP/1.1" 200 19638
120.253.135.82 - - [30/Jan/2023:11:01:24 +0800] "POST /xingrg/kc/pszx/mdps_order_operate.html HTTP/1.1" 200 1018
120.253.135.82 - - [30/Jan/2023:11:01:24 +0800] "GET /xingrg/javascript/easyui/themes/default/validatebox.css HTTP/1.1" 404 1104
124.78.154.177 - - [30/Jan/2023:11:01:24 +0800] "GET /xingrg/all/function/internal_message.html?_=1675047690632&CODE_STATE=getMsg HTTP/1.1" 200 27
120.253.135.82 - - [30/Jan/2023:11:01:25 +0800] "POST /xingrg/kc/pszx/mdps_list_operate.html HTTP/1.1" 200 1699
120.253.135.82 - - [30/Jan/2023:11:01:26 +0800] "POST /xingrg/kc/pszx/mdps_list_operate.html HTTP/1.1" 200 214
116.230.105.139 - - [30/Jan/2023:11:01:26 +0800] "GET /xingrg/all/function/internal_message.html?_=1675047693064&CODE_STATE=getMsg HTTP/1.1" 200 27
120.253.135.82 - - [30/Jan/2023:11:01:27 +0800] "GET /xingrg/kc/pszx/mdps_order_info.html?code=312023013000454 HTTP/1.1" 200 23984
120.253.135.82 - - [30/Jan/2023:11:01:27 +0800] "GET /xingrg/javascript/easyui/themes/default/validatebox.css HTTP/1.1" 404 1104
120.253.135.82 - - [30/Jan/2023:11:01:27 +0800] "POST /xingrg/kc/pszx/mdps_order_operate.html HTTP/1.1" 200 2292
180.162.115.82 - - [30/Jan/2023:11:01:28 +0800] "GET /xingrg/kc/base/wldb_order_operate.html?command=get_materiel&rest_code=00143&base_code=0010222&code=00102002118 HTTP/1.1" 200 465
222.70.181.49 - - [30/Jan/2023:11:01:29 +0800] "GET /xingrg/all/function/internal_message.html?_=1675047695434&CODE_STATE=getMsg HTTP/1.1" 200 27
116.235.244.242 - - [30/Jan/2023:11:01:30 +0800] "GET /xingrg/all/function/internal_message.html?_=1675047698924&CODE_STATE=getMsg HTTP/1.1" 200 27
180.162.115.82 - - [30/Jan/2023:11:01:31 +0800] "POST /xingrg/all/common/load_select.html HTTP/1.1" 200 38
120.253.135.82 - - [30/Jan/2023:11:01:31 +0800] "POST /xingrg/kc/pszx/mdps_order_operate.html HTTP/1.1" 200 37
180.162.115.82 - - [30/Jan/2023:11:01:33 +0800] "GET /xingrg/kc/base/wldb_order_operate.html?command=get_materiel_price&rest_code=00143&base_code=0010222&code=00102002118&unit_code=00100339 HTTP/1.1" 200 34
120.253.135.82 - - [30/Jan/2023:11:01:33 +0800] "POST /xingrg/kc/pszx/mdps_order_operate.html HTTP/1.1" 200 12
124.78.154.177 - - [30/Jan/2023:11:01:37 +0800] "GET /xingrg/kc/base/wldb_order_operate.html?command=get_materiel&rest_code=00106&base_code=0010396&code=00101019536 HTTP/1.1" 200 471
101.83.145.75 - - [30/Jan/2023:11:01:48 +0800] "GET /xingrg/all/function/internal_message.html?_=1675047715481&CODE_STATE=getMsg HTTP/1.1" 200 27
124.78.154.177 - - [30/Jan/2023:11:01:50 +0800] "GET /xingrg/kc/base/wldb_order_operate.html?command=get_materiel&rest_code=00106&base_code=0010396&code=00101019448 HTTP/1.1" 200 484
120.253.135.82 - - [30/Jan/2023:11:01:51 +0800] "GET /xingrg/kc/pszx/mdps_order_info.html?code=312023013000454 HTTP/1.1" 200 19644
120.253.135.82 - - [30/Jan/2023:11:01:51 +0800] "POST /xingrg/kc/pszx/mdps_order_operate.html HTTP/1.1" 200 512
120.253.135.82 - - [30/Jan/2023:11:01:51 +0800] "GET /xingrg/javascript/easyui/themes/default/validatebox.css HTTP/1.1" 404 1104
120.253.135.82 - - [30/Jan/2023:11:01:53 +0800] "POST /xingrg/kc/pszx/mdps_list_operate.html HTTP/1.1" 200 868
180.162.115.82 - - [30/Jan/2023:11:02:01 +0800] "GET /xingrg/all/function/internal_message.html?_=1675046687453&CODE_STATE=getMsg HTTP/1.1" 200 27
124.78.154.177 - - [30/Jan/2023:11:02:03 +0800] "GET /xingrg/kc/base/wldb_order_operate.html?command=get_materiel&rest_code=00106&base_code=0010396&code=00101019295 HTTP/1.1" 200 477
112.51.222.203 - - [30/Jan/2023:11:02:06 +0800] "GET /xingrg/all/function/internal_message.html?_=1675047732945&CODE_STATE=getMsg HTTP/1.1" 200 27
120.253.135.82 - - [30/Jan/2023:11:02:06 +0800] "POST /xingrg/kc/pszx/mdps_list_operate.html HTTP/1.1" 200 1692
114.83.222.182 - - [30/Jan/2023:11:02:08 +0800] "GET /xingrg/all/function/internal_message.html?_=1675047832877&CODE_STATE=getMsg HTTP/1.1" 200 27
120.253.135.82 - - [30/Jan/2023:11:02:08 +0800] "POST /xingrg/kc/pszx/mdps_list_operate.html HTTP/1.1" 200 521
101.83.145.75 - - [30/Jan/2023:11:02:08 +0800] "GET /xingrg/check_reg.html?_=1675047736282 HTTP/1.1" 200 22
120.253.135.82 - - [30/Jan/2023:11:02:09 +0800] "GET /xingrg/kc/pszx/mdps_order_info.html?code=312023012900446 HTTP/1.1" 200 23978
101.83.241.7 - - [30/Jan/2023:11:02:09 +0800] "GET /xingrg/all/function/internal_message.html?_=1675047735643&CODE_STATE=getMsg HTTP/1.1" 200 27
120.253.135.82 - - [30/Jan/2023:11:02:09 +0800] "GET /xingrg/javascript/easyui/themes/default/validatebox.css HTTP/1.1" 404 1104
120.253.135.82 - - [30/Jan/2023:11:02:09 +0800] "POST /xingrg/kc/pszx/mdps_order_operate.html HTTP/1.1" 200 4276
120.253.135.82 - - [30/Jan/2023:11:02:10 +0800] "GET /xingrg/all/function/internal_message.html?_=1675047554769&CODE_STATE=getMsg HTTP/1.1" 200 27
101.229.22.234 - - [30/Jan/2023:11:02:11 +0800] "GET /xingrg/all/function/internal_message.html?_=1675047735612&CODE_STATE=getMsg HTTP/1.1" 200 27
124.78.154.177 - - [30/Jan/2023:11:02:11 +0800] "GET /xingrg/kc/base/wldb_order_operate.html?command=get_materiel&rest_code=00106&base_code=0010396&code=00101019358 HTTP/1.1" 200 460
124.79.72.155 - - [30/Jan/2023:11:02:12 +0800] "GET /xingrg/all/function/internal_message.html?_=1675047738875&CODE_STATE=getMsg HTTP/1.1" 200 27
124.79.72.155 - - [30/Jan/2023:11:02:12 +0800] "GET /xingrg/check_reg.html?_=1675047738878 HTTP/1.1" 200 22
116.192.124.172 - - [30/Jan/2023:11:02:15 +0800] "GET /xingrg/all/function/internal_message.html?_=1675047742346&CODE_STATE=getMsg HTTP/1.1" 200 27
180.157.253.110 - - [30/Jan/2023:11:02:15 +0800] "GET /xingrg/all/function/internal_message.html?_=1675047748722&CODE_STATE=getMsg HTTP/1.1" 200 27
124.78.154.177 - - [30/Jan/2023:11:02:20 +0800] "GET /xingrg/kc/base/wldb_order_operate.html?command=get_materiel&rest_code=00106&base_code=0010396&code=00101019529 HTTP/1.1" 200 476
180.169.147.146 - - [30/Jan/2023:11:02:20 +0800] "GET /xingrg/all/function/internal_message.html?_=1675047748387&CODE_STATE=getMsg HTTP/1.1" 200 27
124.78.154.177 - - [30/Jan/2023:11:02:24 +0800] "GET /xingrg/all/function/internal_message.html?_=1675047750657&CODE_STATE=getMsg HTTP/1.1" 200 27
120.253.135.82 - - [30/Jan/2023:11:02:25 +0800] "POST /xingrg/kc/pszx/mdps_order_operate.html HTTP/1.1" 200 37
116.230.105.139 - - [30/Jan/2023:11:02:26 +0800] "GET /xingrg/all/function/internal_message.html?_=1675047753040&CODE_STATE=getMsg HTTP/1.1" 200 27
120.253.135.82 - - [30/Jan/2023:11:02:26 +0800] "POST /xingrg/kc/pszx/mdps_order_operate.html HTTP/1.1" 200 12
124.78.154.177 - - [30/Jan/2023:11:02:27 +0800] "GET /xingrg/kc/base/wldb_order_operate.html?command=get_materiel&rest_code=00106&base_code=0010396&code=00101013052 HTTP/1.1" 200 441
222.70.181.49 - - [30/Jan/2023:11:02:29 +0800] "GET /xingrg/all/function/internal_message.html?_=1675047755435&CODE_STATE=getMsg HTTP/1.1" 200 27
116.235.244.242 - - [30/Jan/2023:11:02:29 +0800] "GET /xingrg/check_reg.html?_=1675047757836 HTTP/1.1" 200 22
116.235.244.242 - - [30/Jan/2023:11:02:30 +0800] "GET /xingrg/all/function/internal_message.html?_=1675047758938&CODE_STATE=getMsg HTTP/1.1" 200 27
124.78.154.177 - - [30/Jan/2023:11:02:34 +0800] "GET /xingrg/kc/base/wldb_order_operate.html?command=get_materiel&rest_code=00106&base_code=0010396&code=00101019079 HTTP/1.1" 200 479
120.253.135.82 - - [30/Jan/2023:11:02:37 +0800] "GET /xingrg/kc/pszx/mdps_order_info.html?code=312023012900446 HTTP/1.1" 200 19638
120.253.135.82 - - [30/Jan/2023:11:02:37 +0800] "POST /xingrg/kc/pszx/mdps_order_operate.html HTTP/1.1" 200 2477
120.253.135.82 - - [30/Jan/2023:11:02:37 +0800] "GET /xingrg/javascript/easyui/themes/default/validatebox.css HTTP/1.1" 404 1104
124.78.154.177 - - [30/Jan/2023:11:02:41 +0800] "POST /xingrg/kc/base/wldb_order_operate.html HTTP/1.1" 200 37
124.78.154.177 - - [30/Jan/2023:11:02:41 +0800] "POST /xingrg/kc/base/wldb_order_operate.html HTTP/1.1" 200 7799
124.78.154.177 - - [30/Jan/2023:11:02:42 +0800] "GET /xingrg/kc/base/wldb_order_info.html?code=422023013001819 HTTP/1.1" 200 30441
124.78.154.177 - - [30/Jan/2023:11:02:43 +0800] "GET /xingrg/javascript/easyui/themes/default/validatebox.css HTTP/1.1" 404 1104
124.78.154.177 - - [30/Jan/2023:11:02:43 +0800] "POST /xingrg/kc/base/wldb_order_operate.html HTTP/1.1" 200 7799
101.83.145.75 - - [30/Jan/2023:11:02:48 +0800] "GET /xingrg/all/function/internal_message.html?_=1675047775458&CODE_STATE=getMsg HTTP/1.1" 200 27
180.162.115.82 - - [30/Jan/2023:11:02:48 +0800] "GET /xingrg/kc/base/wldb_order_operate.html?command=get_materiel&rest_code=00143&base_code=0010222&code=00102002455 HTTP/1.1" 200 441
120.253.135.82 - - [30/Jan/2023:11:03:01 +0800] "POST /xingrg/kc/pszx/mdps_list_operate.html HTTP/1.1" 200 868
180.162.115.82 - - [30/Jan/2023:11:03:01 +0800] "GET /xingrg/all/function/internal_message.html?_=1675046747453&CODE_STATE=getMsg HTTP/1.1" 200 27
116.192.124.172 - - [30/Jan/2023:11:03:02 +0800] "POST /xingrg/dwr/call/plaincall/AjaxReportQueryService.refreshCache.dwr HTTP/1.1" 200 78
116.192.124.172 - - [30/Jan/2023:11:03:05 +0800] "POST /xingrg/all/report/load_report_page.html HTTP/1.1" 200 123136
116.192.124.172 - - [30/Jan/2023:11:03:05 +0800] "GET /xingrg/servlets/image?cache=0.18594267759649907&image=px HTTP/1.1" 200 807
112.51.222.203 - - [30/Jan/2023:11:03:06 +0800] "GET /xingrg/all/function/internal_message.html?_=1675047792949&CODE_STATE=getMsg HTTP/1.1" 200 27
114.83.222.182 - - [30/Jan/2023:11:03:08 +0800] "GET /xingrg/all/function/internal_message.html?_=1675047892880&CODE_STATE=getMsg HTTP/1.1" 200 27
101.83.241.7 - - [30/Jan/2023:11:03:09 +0800] "GET /xingrg/all/function/internal_message.html?_=1675047795644&CODE_STATE=getMsg HTTP/1.1" 200 27
120.253.135.82 - - [30/Jan/2023:11:03:10 +0800] "GET /xingrg/all/function/internal_message.html?_=1675047614783&CODE_STATE=getMsg HTTP/1.1" 200 27
101.229.22.234 - - [30/Jan/2023:11:03:11 +0800] "GET /xingrg/all/function/internal_message.html?_=1675047795613&CODE_STATE=getMsg HTTP/1.1" 200 27
101.229.22.234 - - [30/Jan/2023:11:03:11 +0800] "GET /xingrg/check_reg.html?_=1675047795617 HTTP/1.1" 200 22
124.79.72.155 - - [30/Jan/2023:11:03:12 +0800] "GET /xingrg/all/function/internal_message.html?_=1675047798875&CODE_STATE=getMsg HTTP/1.1" 200 27
120.253.135.82 - - [30/Jan/2023:11:03:13 +0800] "POST /xingrg/kc/pszx/mdps_list_operate.html HTTP/1.1" 200 1692
116.192.124.172 - - [30/Jan/2023:11:03:15 +0800] "GET /xingrg/all/function/internal_message.html?_=1675047802326&CODE_STATE=getMsg HTTP/1.1" 200 27
180.157.253.110 - - [30/Jan/2023:11:03:15 +0800] "GET /xingrg/all/function/internal_message.html?_=1675047808723&CODE_STATE=getMsg HTTP/1.1" 200 27
116.192.124.172 - - [30/Jan/2023:11:03:16 +0800] "GET /xingrg/check_reg.html?_=1675047803198 HTTP/1.1" 200 22
180.169.147.146 - - [30/Jan/2023:11:03:20 +0800] "GET /xingrg/all/function/internal_message.html?_=1675047808371&CODE_STATE=getMsg HTTP/1.1" 200 27
120.253.135.82 - - [30/Jan/2023:11:03:23 +0800] "POST /xingrg/kc/pszx/mdps_list_operate.html HTTP/1.1" 200 621
120.253.135.82 - - [30/Jan/2023:11:03:24 +0800] "GET /xingrg/kc/pszx/mdps_order_info.html?code=312023012900448 HTTP/1.1" 200 23978
120.253.135.82 - - [30/Jan/2023:11:03:24 +0800] "GET /xingrg/javascript/easyui/themes/default/validatebox.css HTTP/1.1" 404 1104
120.253.135.82 - - [30/Jan/2023:11:03:24 +0800] "POST /xingrg/kc/pszx/mdps_order_operate.html HTTP/1.1" 200 6371
124.78.154.177 - - [30/Jan/2023:11:03:24 +0800] "GET /xingrg/all/function/internal_message.html?_=1675047810582&CODE_STATE=getMsg HTTP/1.1" 200 27
116.230.105.139 - - [30/Jan/2023:11:03:26 +0800] "GET /xingrg/all/function/internal_message.html?_=1675047813016&CODE_STATE=getMsg HTTP/1.1" 200 27
222.70.181.49 - - [30/Jan/2023:11:03:29 +0800] "GET /xingrg/all/function/internal_message.html?_=1675047815435&CODE_STATE=getMsg HTTP/1.1" 200 27
116.235.244.242 - - [30/Jan/2023:11:03:30 +0800] "GET /xingrg/all/function/internal_message.html?_=1675047818950&CODE_STATE=getMsg HTTP/1.1" 200 27
120.253.135.82 - - [30/Jan/2023:11:03:40 +0800] "POST /xingrg/kc/pszx/mdps_order_operate.html HTTP/1.1" 200 37
120.253.135.82 - - [30/Jan/2023:11:03:42 +0800] "POST /xingrg/kc/pszx/mdps_order_operate.html HTTP/1.1" 200 12
101.83.145.75 - - [30/Jan/2023:11:03:48 +0800] "GET /xingrg/all/function/internal_message.html?_=1675047835434&CODE_STATE=getMsg HTTP/1.1" 200 27
180.162.115.82 - - [30/Jan/2023:11:04:01 +0800] "GET /xingrg/all/function/internal_message.html?_=1675046807454&CODE_STATE=getMsg HTTP/1.1" 200 27
180.162.115.82 - - [30/Jan/2023:11:04:04 +0800] "POST /xingrg/kc/base/wldb_order_operate.html HTTP/1.1" 200 37
180.162.115.82 - - [30/Jan/2023:11:04:05 +0800] "POST /xingrg/kc/base/wldb_order_operate.html HTTP/1.1" 200 6011
180.162.115.82 - - [30/Jan/2023:11:04:05 +0800] "GET /xingrg/kc/base/wldb_order_info.html?code=422023013001820 HTTP/1.1" 200 30445
180.162.115.82 - - [30/Jan/2023:11:04:06 +0800] "GET /xingrg/javascript/easyui/themes/default/validatebox.css HTTP/1.1" 404 1104
112.51.222.203 - - [30/Jan/2023:11:04:06 +0800] "GET /xingrg/all/function/internal_message.html?_=1675047852936&CODE_STATE=getMsg HTTP/1.1" 200 27
180.162.115.82 - - [30/Jan/2023:11:04:06 +0800] "POST /xingrg/kc/base/wldb_order_operate.html HTTP/1.1" 200 6011
114.83.222.182 - - [30/Jan/2023:11:04:08 +0800] "GET /xingrg/all/function/internal_message.html?_=1675047952869&CODE_STATE=getMsg HTTP/1.1" 200 27
