101.83.145.75 - - [30/Jan/2023:11:16:45 +0800] "GET /xingrg/kc/buy/cgsh_order_operate.html?command=get_materiel&rest_code=00105&code=00101002006&supplier_code=00100091&order_time=2023-01-30 HTTP/1.1" 200 414
101.83.145.75 - - [30/Jan/2023:11:16:47 +0800] "GET /xingrg/all/function/internal_message.html?_=1675048615130&CODE_STATE=getMsg HTTP/1.1" 200 27
180.162.115.82 - - [30/Jan/2023:11:17:01 +0800] "GET /xingrg/all/function/internal_message.html?_=1675047587480&CODE_STATE=getMsg HTTP/1.1" 200 27
101.83.145.75 - - [30/Jan/2023:11:17:06 +0800] "GET /xingrg/kc/buy/cgsh_order_operate.html?command=get_materiel&rest_code=00105&code=00101002034&supplier_code=00100091&order_time=2023-01-30 HTTP/1.1" 200 409
112.51.222.203 - - [30/Jan/2023:11:17:06 +0800] "GET /xingrg/all/function/internal_message.html?_=1675048632947&CODE_STATE=getMsg HTTP/1.1" 200 27
114.83.222.182 - - [30/Jan/2023:11:17:08 +0800] "GET /xingrg/all/function/internal_message.html?_=1675048732873&CODE_STATE=getMsg HTTP/1.1" 200 27
101.83.145.75 - - [30/Jan/2023:11:17:08 +0800] "GET /xingrg/check_reg.html?_=1675048636237 HTTP/1.1" 200 22
101.229.22.234 - - [30/Jan/2023:11:17:11 +0800] "GET /xingrg/all/function/internal_message.html?_=1675048635614&CODE_STATE=getMsg HTTP/1.1" 200 27
124.79.72.155 - - [30/Jan/2023:11:17:12 +0800] "GET /xingrg/all/function/internal_message.html?_=1675048638896&CODE_STATE=getMsg HTTP/1.1" 200 27
124.79.72.155 - - [30/Jan/2023:11:17:12 +0800] "GET /xingrg/check_reg.html?_=1675048638898 HTTP/1.1" 200 22
116.192.124.172 - - [30/Jan/2023:11:17:15 +0800] "GET /xingrg/all/function/internal_message.html?_=1675048642164&CODE_STATE=getMsg HTTP/1.1" 200 27
180.157.253.110 - - [30/Jan/2023:11:17:15 +0800] "GET /xingrg/all/function/internal_message.html?_=1675048648730&CODE_STATE=getMsg HTTP/1.1" 200 27
180.169.147.146 - - [30/Jan/2023:11:17:20 +0800] "GET /xingrg/all/function/internal_message.html?_=1675048648130&CODE_STATE=getMsg HTTP/1.1" 200 27
124.78.154.177 - - [30/Jan/2023:11:17:24 +0800] "GET /xingrg/all/function/internal_message.html?_=1675048650224&CODE_STATE=getMsg HTTP/1.1" 200 27
116.230.105.139 - - [30/Jan/2023:11:17:26 +0800] "GET /xingrg/all/function/internal_message.html?_=1675048652795&CODE_STATE=getMsg HTTP/1.1" 200 27
116.232.35.51 - - [30/Jan/2023:11:17:27 +0800] "POST /xingrg/services/DataTransmitService HTTP/1.1" 200 524
116.232.35.51 - - [30/Jan/2023:11:17:28 +0800] "POST /xingrg/services/DataTransmitService HTTP/1.1" 200 412
222.70.181.49 - - [30/Jan/2023:11:17:29 +0800] "GET /xingrg/all/function/internal_message.html?_=1675048655462&CODE_STATE=getMsg HTTP/1.1" 200 27
101.83.145.75 - - [30/Jan/2023:11:17:29 +0800] "GET /xingrg/kc/buy/cgsh_order_operate.html?command=get_materiel&rest_code=00105&code=00101003037&supplier_code=00100091&order_time=2023-01-30 HTTP/1.1" 200 416
116.235.244.242 - - [30/Jan/2023:11:17:30 +0800] "GET /xingrg/check_reg.html?_=1675048658202 HTTP/1.1" 200 22
116.235.244.242 - - [30/Jan/2023:11:17:31 +0800] "GET /xingrg/all/function/internal_message.html?_=1675048659453&CODE_STATE=getMsg HTTP/1.1" 200 27
101.83.145.75 - - [30/Jan/2023:11:17:38 +0800] "POST /xingrg/kc/buy/cgsh_order_operate.html HTTP/1.1" 200 37
120.253.135.82 - - [30/Jan/2023:11:17:38 +0800] "GET /xingrg/all/function/internal_message.html?_=1675048483262&CODE_STATE=getMsg HTTP/1.1" 200 27
114.88.159.190 - - [30/Jan/2023:11:17:39 +0800] "GET /xingrg/kc/buy/cgsh_order_add.html HTTP/1.1" 200 69758
101.83.145.75 - - [30/Jan/2023:11:17:40 +0800] "POST /xingrg/kc/buy/cgsh_order_operate.html HTTP/1.1" 200 3854
114.88.159.190 - - [30/Jan/2023:11:17:40 +0800] "POST /xingrg/kc/buy/cgsh_order_operate.html HTTP/1.1" 200 8245
114.88.159.190 - - [30/Jan/2023:11:17:40 +0800] "GET /xingrg/javascript/easyui/themes/default/validatebox.css HTTP/1.1" 404 1104
101.83.145.75 - - [30/Jan/2023:11:17:41 +0800] "GET /xingrg/kc/print/load_data.html?order_code=212023013007589&kc_code=cgsh&condition= HTTP/1.1" 200 1202
101.83.145.75 - - [30/Jan/2023:11:17:44 +0800] "GET /xingrg/kc/buy/cgsh_order_add.html HTTP/1.1" 200 69840
101.83.145.75 - - [30/Jan/2023:11:17:44 +0800] "POST /xingrg/kc/buy/cgsh_order_operate.html HTTP/1.1" 200 8245
101.83.145.75 - - [30/Jan/2023:11:17:44 +0800] "GET /xingrg/javascript/easyui/themes/default/validatebox.css HTTP/1.1" 404 1104
101.83.145.75 - - [30/Jan/2023:11:17:47 +0800] "GET /xingrg/all/function/internal_message.html?_=1675048675114&CODE_STATE=getMsg HTTP/1.1" 200 27
101.83.145.75 - - [30/Jan/2023:11:17:54 +0800] "GET /xingrg/kc/buy/cgsh_order_operate.html?command=get_materiel&rest_code=00105&code=00101002038&supplier_code=00100087&order_time=2023-01-30 HTTP/1.1" 200 436
114.88.159.190 - - [30/Jan/2023:11:18:00 +0800] "GET /xingrg/kc/buy/cgsh_order_operate.html?command=get_materiel&rest_code=00141&code=00101014138&supplier_code=00100327&order_time=2023-01-30 HTTP/1.1" 200 410
180.162.115.82 - - [30/Jan/2023:11:18:01 +0800] "GET /xingrg/all/function/internal_message.html?_=1675047647469&CODE_STATE=getMsg HTTP/1.1" 200 27
112.51.222.203 - - [30/Jan/2023:11:18:06 +0800] "GET /xingrg/all/function/internal_message.html?_=1675048692947&CODE_STATE=getMsg HTTP/1.1" 200 27
101.83.145.75 - - [30/Jan/2023:11:18:06 +0800] "POST /xingrg/kc/buy/cgsh_order_operate.html HTTP/1.1" 200 37
114.83.222.182 - - [30/Jan/2023:11:18:08 +0800] "GET /xingrg/all/function/internal_message.html?_=1675048792875&CODE_STATE=getMsg HTTP/1.1" 200 27
114.88.159.190 - - [30/Jan/2023:11:18:09 +0800] "POST /xingrg/kc/buy/cgsh_order_operate.html HTTP/1.1" 200 37
101.229.22.234 - - [30/Jan/2023:11:18:11 +0800] "GET /xingrg/all/function/internal_message.html?_=1675048695619&CODE_STATE=getMsg HTTP/1.1" 200 27
101.229.22.234 - - [30/Jan/2023:11:18:11 +0800] "GET /xingrg/check_reg.html?_=1675048695647 HTTP/1.1" 200 22
124.79.72.155 - - [30/Jan/2023:11:18:12 +0800] "GET /xingrg/all/function/internal_message.html?_=1675048698898&CODE_STATE=getMsg HTTP/1.1" 200 27
114.88.159.190 - - [30/Jan/2023:11:18:14 +0800] "POST /xingrg/kc/buy/cgsh_order_operate.html HTTP/1.1" 200 12
116.192.124.172 - - [30/Jan/2023:11:18:15 +0800] "GET /xingrg/all/function/internal_message.html?_=1675048702147&CODE_STATE=getMsg HTTP/1.1" 200 27
101.83.145.75 - - [30/Jan/2023:11:18:15 +0800] "POST /xingrg/kc/buy/cgsh_order_operate.html HTTP/1.1" 200 2665
180.157.253.110 - - [30/Jan/2023:11:18:15 +0800] "GET /xingrg/all/function/internal_message.html?_=1675048708730&CODE_STATE=getMsg HTTP/1.1" 200 27
114.88.159.190 - - [30/Jan/2023:11:18:15 +0800] "GET /xingrg/kc/buy/cgsh_order_info.html?code=212023013007591 HTTP/1.1" 200 64660
116.192.124.172 - - [30/Jan/2023:11:18:16 +0800] "GET /xingrg/check_reg.html?_=1675048703143 HTTP/1.1" 200 22
114.88.159.190 - - [30/Jan/2023:11:18:16 +0800] "GET /xingrg/javascript/easyui/themes/default/validatebox.css HTTP/1.1" 404 1104
101.83.145.75 - - [30/Jan/2023:11:18:16 +0800] "GET /xingrg/kc/print/load_data.html?order_code=212023013007590&kc_code=cgsh&condition= HTTP/1.1" 200 721
114.88.159.190 - - [30/Jan/2023:11:18:17 +0800] "POST /xingrg/kc/buy/cgsh_order_operate.html HTTP/1.1" 200 618
114.88.159.190 - - [30/Jan/2023:11:18:20 +0800] "GET /xingrg/kc/print/load_data.html?order_code=212023013007591&kc_code=cgsh&condition= HTTP/1.1" 200 716
101.83.145.75 - - [30/Jan/2023:11:18:20 +0800] "GET /xingrg/kc/buy/cgsh_order_add.html HTTP/1.1" 200 69840
101.83.145.75 - - [30/Jan/2023:11:18:20 +0800] "POST /xingrg/kc/buy/cgsh_order_operate.html HTTP/1.1" 200 8245
180.169.147.146 - - [30/Jan/2023:11:18:20 +0800] "GET /xingrg/all/function/internal_message.html?_=1675048708101&CODE_STATE=getMsg HTTP/1.1" 200 27
101.83.145.75 - - [30/Jan/2023:11:18:20 +0800] "GET /xingrg/javascript/easyui/themes/default/validatebox.css HTTP/1.1" 404 1104
114.88.159.190 - - [30/Jan/2023:11:18:24 +0800] "GET /xingrg/kc/buy/cgsh_order_add.html HTTP/1.1" 200 69758
124.78.154.177 - - [30/Jan/2023:11:18:24 +0800] "GET /xingrg/all/function/internal_message.html?_=1675048710197&CODE_STATE=getMsg HTTP/1.1" 200 27
114.88.159.190 - - [30/Jan/2023:11:18:24 +0800] "GET /xingrg/javascript/easyui/themes/default/validatebox.css HTTP/1.1" 404 1104
114.88.159.190 - - [30/Jan/2023:11:18:24 +0800] "POST /xingrg/kc/buy/cgsh_order_operate.html HTTP/1.1" 200 8245
116.230.105.139 - - [30/Jan/2023:11:18:26 +0800] "GET /xingrg/all/function/internal_message.html?_=1675048712777&CODE_STATE=getMsg HTTP/1.1" 200 27
222.70.181.49 - - [30/Jan/2023:11:18:29 +0800] "GET /xingrg/all/function/internal_message.html?_=1675048715461&CODE_STATE=getMsg HTTP/1.1" 200 27
116.235.244.242 - - [30/Jan/2023:11:18:31 +0800] "GET /xingrg/all/function/internal_message.html?_=1675048719468&CODE_STATE=getMsg HTTP/1.1" 200 27
114.88.159.190 - - [30/Jan/2023:11:18:33 +0800] "GET /xingrg/kc/buy/cgsh_order_operate.html?command=get_materiel&rest_code=00141&code=00101001037&supplier_code=00100090&order_time=2023-01-30 HTTP/1.1" 200 416
101.83.145.75 - - [30/Jan/2023:11:18:36 +0800] "GET /xingrg/kc/buy/cgsh_order_operate.html?command=get_materiel&rest_code=00105&code=00101010678&supplier_code=00100564&order_time=2023-01-30 HTTP/1.1" 200 427
120.253.135.82 - - [30/Jan/2023:11:18:38 +0800] "GET /xingrg/all/function/internal_message.html?_=1675048543271&CODE_STATE=getMsg HTTP/1.1" 200 27
114.88.159.190 - - [30/Jan/2023:11:18:41 +0800] "GET /xingrg/kc/buy/cgsh_order_operate.html?command=get_materiel&rest_code=00141&code=00101001140&supplier_code=00100090&order_time=2023-01-30 HTTP/1.1" 200 417
101.83.145.75 - - [30/Jan/2023:11:18:45 +0800] "POST /xingrg/kc/buy/cgsh_order_operate.html HTTP/1.1" 200 37
114.88.159.190 - - [30/Jan/2023:11:18:48 +0800] "GET /xingrg/check_reg.html?_=1675048307704 HTTP/1.1" 200 22
101.83.145.75 - - [30/Jan/2023:11:18:51 +0800] "POST /xingrg/kc/buy/cgsh_order_operate.html HTTP/1.1" 200 2664
101.83.145.75 - - [30/Jan/2023:11:18:52 +0800] "GET /xingrg/kc/print/load_data.html?order_code=212023013007592&kc_code=cgsh&condition= HTTP/1.1" 200 655
101.83.145.75 - - [30/Jan/2023:11:18:55 +0800] "GET /xingrg/kc/buy/cgsh_order_add.html HTTP/1.1" 200 69840
101.83.145.75 - - [30/Jan/2023:11:18:55 +0800] "POST /xingrg/kc/buy/cgsh_order_operate.html HTTP/1.1" 200 8245
101.83.145.75 - - [30/Jan/2023:11:18:55 +0800] "GET /xingrg/javascript/easyui/themes/default/validatebox.css HTTP/1.1" 404 1104
180.162.115.82 - - [30/Jan/2023:11:19:01 +0800] "GET /xingrg/all/function/internal_message.html?_=1675047707471&CODE_STATE=getMsg HTTP/1.1" 200 27
112.51.222.203 - - [30/Jan/2023:11:19:06 +0800] "GET /xingrg/all/function/internal_message.html?_=1675048752944&CODE_STATE=getMsg HTTP/1.1" 200 27
101.83.145.75 - - [30/Jan/2023:11:19:07 +0800] "GET /xingrg/kc/buy/cgsh_order_operate.html?command=get_materiel&rest_code=00105&code=00101010785&supplier_code=00100323&order_time=2023-01-30 HTTP/1.1" 200 461
114.83.222.182 - - [30/Jan/2023:11:19:08 +0800] "GET /xingrg/check_reg.html?_=1675048852882 HTTP/1.1" 200 22
114.83.222.182 - - [30/Jan/2023:11:19:08 +0800] "GET /xingrg/all/function/internal_message.html?_=1675048852883&CODE_STATE=getMsg HTTP/1.1" 200 27
101.229.22.234 - - [30/Jan/2023:11:19:11 +0800] "GET /xingrg/all/function/internal_message.html?_=1675048755645&CODE_STATE=getMsg HTTP/1.1" 200 27
114.88.159.190 - - [30/Jan/2023:11:19:12 +0800] "GET /xingrg/kc/buy/cgsh_order_operate.html?command=get_materiel&rest_code=00141&code=00101001125&supplier_code=00100090&order_time=2023-01-30 HTTP/1.1" 200 417
124.79.72.155 - - [30/Jan/2023:11:19:12 +0800] "GET /xingrg/all/function/internal_message.html?_=1675048758896&CODE_STATE=getMsg HTTP/1.1" 200 27
116.192.124.172 - - [30/Jan/2023:11:19:15 +0800] "GET /xingrg/all/function/internal_message.html?_=1675048762131&CODE_STATE=getMsg HTTP/1.1" 200 27
180.157.253.110 - - [30/Jan/2023:11:19:15 +0800] "GET /xingrg/all/function/internal_message.html?_=1675048768731&CODE_STATE=getMsg HTTP/1.1" 200 27
180.169.147.146 - - [30/Jan/2023:11:19:20 +0800] "GET /xingrg/all/function/internal_message.html?_=1675048768085&CODE_STATE=getMsg HTTP/1.1" 200 27
124.78.154.177 - - [30/Jan/2023:11:19:24 +0800] "GET /xingrg/all/function/internal_message.html?_=1675048770175&CODE_STATE=getMsg HTTP/1.1" 200 27
116.230.105.139 - - [30/Jan/2023:11:19:26 +0800] "GET /xingrg/all/function/internal_message.html?_=1675048772762&CODE_STATE=getMsg HTTP/1.1" 200 27
101.83.145.75 - - [30/Jan/2023:11:19:28 +0800] "GET /xingrg/kc/buy/cgsh_order_operate.html?command=get_materiel&rest_code=00105&code=00101012010&supplier_code=00100323&order_time=2023-01-30 HTTP/1.1" 200 409
222.70.181.49 - - [30/Jan/2023:11:19:29 +0800] "GET /xingrg/all/function/internal_message.html?_=1675048775461&CODE_STATE=getMsg HTTP/1.1" 200 27
116.235.244.242 - - [30/Jan/2023:11:19:31 +0800] "GET /xingrg/all/function/internal_message.html?_=1675048779480&CODE_STATE=getMsg HTTP/1.1" 200 27
180.169.147.146 - - [30/Jan/2023:11:19:38 +0800] "GET /xingrg/check_reg.html?_=1675048786027 HTTP/1.1" 200 22
120.253.135.82 - - [30/Jan/2023:11:19:39 +0800] "GET /xingrg/all/function/internal_message.html?_=1675048603305&CODE_STATE=getMsg HTTP/1.1" 200 27
101.83.145.75 - - [30/Jan/2023:11:19:41 +0800] "GET /xingrg/kc/buy/cgsh_order_operate.html?command=get_materiel&rest_code=00105&code=00101010063&supplier_code=00100323&order_time=2023-01-30 HTTP/1.1" 200 409
101.83.145.75 - - [30/Jan/2023:11:19:47 +0800] "GET /xingrg/all/function/internal_message.html?_=1675048795122&CODE_STATE=getMsg HTTP/1.1" 200 27
114.88.159.190 - - [30/Jan/2023:11:19:52 +0800] "POST /xingrg/kc/buy/cgsh_order_operate.html HTTP/1.1" 200 37
101.83.145.75 - - [30/Jan/2023:11:19:55 +0800] "GET /xingrg/kc/buy/cgsh_order_operate.html?command=get_materiel&rest_code=00105&code=00101007039&supplier_code=00100323&order_time=2023-01-30 HTTP/1.1" 200 413
114.88.159.190 - - [30/Jan/2023:11:19:57 +0800] "POST /xingrg/kc/buy/cgsh_order_operate.html HTTP/1.1" 200 12
114.88.159.190 - - [30/Jan/2023:11:19:59 +0800] "GET /xingrg/kc/buy/cgsh_order_info.html?code=212023013007593 HTTP/1.1" 200 64664
114.88.159.190 - - [30/Jan/2023:11:20:00 +0800] "GET /xingrg/javascript/easyui/themes/default/validatebox.css HTTP/1.1" 404 1104
114.88.159.190 - - [30/Jan/2023:11:20:00 +0800] "POST /xingrg/kc/buy/cgsh_order_operate.html HTTP/1.1" 200 1808
180.162.115.82 - - [30/Jan/2023:11:20:01 +0800] "GET /xingrg/all/function/internal_message.html?_=1675047767469&CODE_STATE=getMsg HTTP/1.1" 200 27
101.83.145.75 - - [30/Jan/2023:11:20:03 +0800] "POST /xingrg/kc/buy/cgsh_order_operate.html HTTP/1.1" 200 37
101.83.145.75 - - [30/Jan/2023:11:20:05 +0800] "POST /xingrg/kc/buy/cgsh_order_operate.html HTTP/1.1" 200 4471
112.51.222.203 - - [30/Jan/2023:11:20:06 +0800] "GET /xingrg/all/function/internal_message.html?_=1675048812954&CODE_STATE=getMsg HTTP/1.1" 200 27
101.83.145.75 - - [30/Jan/2023:11:20:06 +0800] "GET /xingrg/kc/print/load_data.html?order_code=212023013007594&kc_code=cgsh&condition= HTTP/1.1" 200 1389
114.83.222.182 - - [30/Jan/2023:11:20:08 +0800] "GET /xingrg/all/function/internal_message.html?_=1675048912881&CODE_STATE=getMsg HTTP/1.1" 200 27
101.83.145.75 - - [30/Jan/2023:11:20:10 +0800] "GET /xingrg/kc/buy/cgsh_order_add.html HTTP/1.1" 200 69840
120.253.135.82 - - [30/Jan/2023:11:20:10 +0800] "GET /xingrg/check_reg.html?_=1675048634795 HTTP/1.1" 200 22
101.83.145.75 - - [30/Jan/2023:11:20:10 +0800] "POST /xingrg/kc/buy/cgsh_order_operate.html HTTP/1.1" 200 8245
101.83.145.75 - - [30/Jan/2023:11:20:10 +0800] "GET /xingrg/javascript/easyui/themes/default/validatebox.css HTTP/1.1" 404 1104
101.229.22.234 - - [30/Jan/2023:11:20:11 +0800] "GET /xingrg/all/function/internal_message.html?_=1675048815645&CODE_STATE=getMsg HTTP/1.1" 200 27
124.79.72.155 - - [30/Jan/2023:11:20:12 +0800] "GET /xingrg/all/function/internal_message.html?_=1675048818910&CODE_STATE=getMsg HTTP/1.1" 200 27
116.192.124.172 - - [30/Jan/2023:11:20:15 +0800] "GET /xingrg/all/function/internal_message.html?_=1675048822114&CODE_STATE=getMsg HTTP/1.1" 200 27
180.157.253.110 - - [30/Jan/2023:11:20:15 +0800] "GET /xingrg/check_reg.html?_=1675048828732 HTTP/1.1" 200 22
180.157.253.110 - - [30/Jan/2023:11:20:15 +0800] "GET /xingrg/all/function/internal_message.html?_=1675048828736&CODE_STATE=getMsg HTTP/1.1" 200 27
101.83.145.75 - - [30/Jan/2023:11:20:18 +0800] "GET /xingrg/check_reg.html?_=1675048664367 HTTP/1.1" 302 -
180.169.147.146 - - [30/Jan/2023:11:20:20 +0800] "GET /xingrg/all/function/internal_message.html?_=1675048828055&CODE_STATE=getMsg HTTP/1.1" 200 27
101.83.145.75 - - [30/Jan/2023:11:20:21 +0800] "GET /xingrg/kc/buy/cgsh_order_operate.html?command=get_materiel&rest_code=00105&code=00101001140&supplier_code=00100319&order_time=2023-01-30 HTTP/1.1" 200 417
124.78.154.177 - - [30/Jan/2023:11:20:23 +0800] "GET /xingrg/check_reg.html?_=1675048828782 HTTP/1.1" 200 22
124.78.154.177 - - [30/Jan/2023:11:20:24 +0800] "GET /xingrg/all/function/internal_message.html?_=1675048830143&CODE_STATE=getMsg HTTP/1.1" 200 27
116.230.105.139 - - [30/Jan/2023:11:20:26 +0800] "GET /xingrg/all/function/internal_message.html?_=1675048832744&CODE_STATE=getMsg HTTP/1.1" 200 27
222.70.181.49 - - [30/Jan/2023:11:20:29 +0800] "GET /xingrg/check_reg.html?_=1675048835461 HTTP/1.1" 200 22
222.70.181.49 - - [30/Jan/2023:11:20:29 +0800] "GET /xingrg/all/function/internal_message.html?_=1675048835463&CODE_STATE=getMsg HTTP/1.1" 200 27
116.235.244.242 - - [30/Jan/2023:11:20:31 +0800] "GET /xingrg/all/function/internal_message.html?_=1675048839616&CODE_STATE=getMsg HTTP/1.1" 200 27
101.83.145.75 - - [30/Jan/2023:11:20:36 +0800] "GET /xingrg/kc/buy/cgsh_order_operate.html?command=get_materiel&rest_code=00105&code=00101001125&supplier_code=00100319&order_time=2023-01-30 HTTP/1.1" 200 417
120.253.135.82 - - [30/Jan/2023:11:20:38 +0800] "GET /xingrg/all/function/internal_message.html?_=1675048663314&CODE_STATE=getMsg HTTP/1.1" 200 27
116.230.105.139 - - [30/Jan/2023:11:20:42 +0800] "GET /xingrg/check_reg.html?_=1675048848669 HTTP/1.1" 200 22
101.83.145.75 - - [30/Jan/2023:11:20:45 +0800] "POST /xingrg/kc/buy/cgsh_order_operate.html HTTP/1.1" 200 37
114.88.159.190 - - [30/Jan/2023:11:20:50 +0800] "GET /xingrg/kc/print/load_data.html?order_code=212023013007593&kc_code=cgsh&condition= HTTP/1.1" 200 1250
101.83.145.75 - - [30/Jan/2023:11:20:51 +0800] "POST /xingrg/kc/buy/cgsh_order_operate.html HTTP/1.1" 200 3261
112.51.222.203 - - [30/Jan/2023:11:20:52 +0800] "POST /xingrg/kc/buy/cgsh_list_operate.html HTTP/1.1" 200 6652
101.83.145.75 - - [30/Jan/2023:11:20:53 +0800] "GET /xingrg/kc/print/load_data.html?order_code=212023013007595&kc_code=cgsh&condition= HTTP/1.1" 200 911
114.88.159.190 - - [30/Jan/2023:11:20:55 +0800] "GET /xingrg/kc/buy/cgsh_order_add.html HTTP/1.1" 200 69758
114.88.159.190 - - [30/Jan/2023:11:20:55 +0800] "POST /xingrg/kc/buy/cgsh_order_operate.html HTTP/1.1" 200 8245
114.88.159.190 - - [30/Jan/2023:11:20:55 +0800] "GET /xingrg/javascript/easyui/themes/default/validatebox.css HTTP/1.1" 404 1104
101.83.145.75 - - [30/Jan/2023:11:20:58 +0800] "GET /xingrg/kc/buy/cgsh_order_add.html HTTP/1.1" 200 69840
101.83.145.75 - - [30/Jan/2023:11:20:58 +0800] "POST /xingrg/kc/buy/cgsh_order_operate.html HTTP/1.1" 200 8245
101.83.145.75 - - [30/Jan/2023:11:20:58 +0800] "GET /xingrg/javascript/easyui/themes/default/validatebox.css HTTP/1.1" 404 1104
180.162.115.82 - - [30/Jan/2023:11:21:01 +0800] "GET /xingrg/check_reg.html?_=1675047827496 HTTP/1.1" 200 22
180.162.115.82 - - [30/Jan/2023:11:21:01 +0800] "GET /xingrg/all/function/internal_message.html?_=1675047827498&CODE_STATE=getMsg HTTP/1.1" 200 27
112.51.222.203 - - [30/Jan/2023:11:21:06 +0800] "GET /xingrg/all/function/internal_message.html?_=1675048872957&CODE_STATE=getMsg HTTP/1.1" 200 27
112.51.222.203 - - [30/Jan/2023:11:21:06 +0800] "GET /xingrg/check_reg.html?_=1675048872959 HTTP/1.1" 200 22
114.83.222.182 - - [30/Jan/2023:11:21:08 +0800] "GET /xingrg/all/function/internal_message.html?_=1675048972877&CODE_STATE=getMsg HTTP/1.1" 200 27
114.88.159.190 - - [30/Jan/2023:11:21:09 +0800] "GET /xingrg/kc/buy/cgsh_order_operate.html?command=get_materiel&rest_code=00141&code=00101001008&supplier_code=00100482&order_time=2023-01-30 HTTP/1.1" 200 415
101.229.22.234 - - [30/Jan/2023:11:21:11 +0800] "GET /xingrg/all/function/internal_message.html?_=1675048875646&CODE_STATE=getMsg HTTP/1.1" 200 27
101.83.145.75 - - [30/Jan/2023:11:21:11 +0800] "GET /xingrg/kc/buy/cgsh_order_operate.html?command=get_materiel&rest_code=00105&code=00101001174&supplier_code=00100314&order_time=2023-01-30 HTTP/1.1" 200 414
124.79.72.155 - - [30/Jan/2023:11:21:12 +0800] "GET /xingrg/all/function/internal_message.html?_=1675048878909&CODE_STATE=getMsg HTTP/1.1" 200 27
116.192.124.172 - - [30/Jan/2023:11:21:15 +0800] "GET /xingrg/all/function/internal_message.html?_=1675048882107&CODE_STATE=getMsg HTTP/1.1" 200 27
180.157.253.110 - - [30/Jan/2023:11:21:15 +0800] "GET /xingrg/all/function/internal_message.html?_=1675048888721&CODE_STATE=getMsg HTTP/1.1" 200 27
180.169.147.146 - - [30/Jan/2023:11:21:20 +0800] "GET /xingrg/all/function/internal_message.html?_=1675048888028&CODE_STATE=getMsg HTTP/1.1" 200 27
114.88.159.190 - - [30/Jan/2023:11:21:23 +0800] "POST /xingrg/kc/buy/cgsh_order_operate.html HTTP/1.1" 200 37
124.78.154.177 - - [30/Jan/2023:11:21:24 +0800] "GET /xingrg/all/function/internal_message.html?_=1675048890123&CODE_STATE=getMsg HTTP/1.1" 200 27
116.230.105.139 - - [30/Jan/2023:11:21:26 +0800] "GET /xingrg/all/function/internal_message.html?_=1675048892730&CODE_STATE=getMsg HTTP/1.1" 200 27
114.88.159.190 - - [30/Jan/2023:11:21:27 +0800] "POST /xingrg/kc/buy/cgsh_order_operate.html HTTP/1.1" 200 12
114.88.159.190 - - [30/Jan/2023:11:21:28 +0800] "GET /xingrg/kc/buy/cgsh_order_info.html?code=212023013007596 HTTP/1.1" 200 64668
222.70.181.49 - - [30/Jan/2023:11:21:29 +0800] "GET /xingrg/all/function/internal_message.html?_=1675048895463&CODE_STATE=getMsg HTTP/1.1" 200 27
114.88.159.190 - - [30/Jan/2023:11:21:29 +0800] "GET /xingrg/javascript/easyui/themes/default/validatebox.css HTTP/1.1" 404 1104
114.88.159.190 - - [30/Jan/2023:11:21:29 +0800] "POST /xingrg/kc/buy/cgsh_order_operate.html HTTP/1.1" 200 612
116.235.244.242 - - [30/Jan/2023:11:21:31 +0800] "GET /xingrg/all/function/internal_message.html?_=1675048899618&CODE_STATE=getMsg HTTP/1.1" 200 27
114.88.159.190 - - [30/Jan/2023:11:21:31 +0800] "GET /xingrg/kc/print/load_data.html?order_code=212023013007596&kc_code=cgsh&condition= HTTP/1.1" 200 717
114.88.159.190 - - [30/Jan/2023:11:21:35 +0800] "GET /xingrg/kc/buy/cgsh_order_add.html HTTP/1.1" 200 69758
114.88.159.190 - - [30/Jan/2023:11:21:36 +0800] "POST /xingrg/kc/buy/cgsh_order_operate.html HTTP/1.1" 200 8245
114.88.159.190 - - [30/Jan/2023:11:21:36 +0800] "GET /xingrg/javascript/easyui/themes/default/validatebox.css HTTP/1.1" 404 1104
120.253.135.82 - - [30/Jan/2023:11:21:39 +0800] "GET /xingrg/all/function/internal_message.html?_=1675048723327&CODE_STATE=getMsg HTTP/1.1" 200 27
101.83.145.75 - - [30/Jan/2023:11:21:47 +0800] "GET /xingrg/all/function/internal_message.html?_=1675048915132&CODE_STATE=getMsg HTTP/1.1" 200 27
114.88.159.190 - - [30/Jan/2023:11:21:48 +0800] "GET /xingrg/kc/buy/cgsh_order_operate.html?command=get_materiel&rest_code=00141&code=00101004051&supplier_code=00100312&order_time=2023-01-30 HTTP/1.1" 200 408
101.83.145.75 - - [30/Jan/2023:11:21:53 +0800] "POST /xingrg/kc/buy/cgsh_order_operate.html HTTP/1.1" 200 37
101.83.145.75 - - [30/Jan/2023:11:21:54 +0800] "POST /xingrg/kc/buy/cgsh_order_operate.html HTTP/1.1" 200 2664
101.83.145.75 - - [30/Jan/2023:11:21:55 +0800] "GET /xingrg/kc/print/load_data.html?order_code=212023013007597&kc_code=cgsh&condition= HTTP/1.1" 200 674
114.88.159.190 - - [30/Jan/2023:11:21:56 +0800] "GET /xingrg/kc/buy/cgsh_order_operate.html?command=get_materiel&rest_code=00141&code=00101004046&supplier_code=00100312&order_time=2023-01-30 HTTP/1.1" 200 417
180.162.115.82 - - [30/Jan/2023:11:22:01 +0800] "GET /xingrg/all/function/internal_message.html?_=1675047887493&CODE_STATE=getMsg HTTP/1.1" 200 27
114.88.159.190 - - [30/Jan/2023:11:22:03 +0800] "GET /xingrg/kc/buy/cgsh_order_operate.html?command=get_materiel&rest_code=00141&code=00101004067&supplier_code=00100312&order_time=2023-01-30 HTTP/1.1" 200 413
112.51.222.203 - - [30/Jan/2023:11:22:06 +0800] "GET /xingrg/all/function/internal_message.html?_=1675048932953&CODE_STATE=getMsg HTTP/1.1" 200 27
114.83.222.182 - - [30/Jan/2023:11:22:08 +0800] "GET /xingrg/all/function/internal_message.html?_=1675049032886&CODE_STATE=getMsg HTTP/1.1" 200 27
101.83.145.75 - - [30/Jan/2023:11:22:08 +0800] "GET /xingrg/check_reg.html?_=1675048936223 HTTP/1.1" 200 22
101.229.22.234 - - [30/Jan/2023:11:22:11 +0800] "GET /xingrg/all/function/internal_message.html?_=1675048935645&CODE_STATE=getMsg HTTP/1.1" 200 27
124.79.72.155 - - [30/Jan/2023:11:22:12 +0800] "GET /xingrg/check_reg.html?_=1675048938910 HTTP/1.1" 200 22
124.79.72.155 - - [30/Jan/2023:11:22:12 +0800] "GET /xingrg/all/function/internal_message.html?_=1675048938912&CODE_STATE=getMsg HTTP/1.1" 200 27
116.192.124.172 - - [30/Jan/2023:11:22:15 +0800] "GET /xingrg/all/function/internal_message.html?_=1675048942089&CODE_STATE=getMsg HTTP/1.1" 200 27
180.157.253.110 - - [30/Jan/2023:11:22:15 +0800] "GET /xingrg/all/function/internal_message.html?_=1675048948722&CODE_STATE=getMsg HTTP/1.1" 200 27
114.88.159.190 - - [30/Jan/2023:11:22:17 +0800] "GET /xingrg/kc/buy/cgsh_order_operate.html?command=get_materiel&rest_code=00141&code=00101004071&supplier_code=00100312&order_time=2023-01-30 HTTP/1.1" 200 409
101.83.145.75 - - [30/Jan/2023:11:22:20 +0800] "GET /xingrg/kc/buy/cgsh_order_add.html HTTP/1.1" 200 69840
180.169.147.146 - - [30/Jan/2023:11:22:20 +0800] "GET /xingrg/all/function/internal_message.html?_=1675048948011&CODE_STATE=getMsg HTTP/1.1" 200 27
101.83.145.75 - - [30/Jan/2023:11:22:20 +0800] "POST /xingrg/kc/buy/cgsh_order_operate.html HTTP/1.1" 200 8245
101.83.145.75 - - [30/Jan/2023:11:22:20 +0800] "GET /xingrg/javascript/easyui/themes/default/validatebox.css HTTP/1.1" 404 1104
124.78.154.177 - - [30/Jan/2023:11:22:24 +0800] "GET /xingrg/all/function/internal_message.html?_=1675048950102&CODE_STATE=getMsg HTTP/1.1" 200 27
114.88.159.190 - - [30/Jan/2023:11:22:25 +0800] "GET /xingrg/kc/buy/cgsh_order_operate.html?command=get_materiel&rest_code=00141&code=00101005017&supplier_code=00100312&order_time=2023-01-30 HTTP/1.1" 200 409
116.230.105.139 - - [30/Jan/2023:11:22:26 +0800] "GET /xingrg/all/function/internal_message.html?_=1675048952712&CODE_STATE=getMsg HTTP/1.1" 200 27
222.70.181.49 - - [30/Jan/2023:11:22:29 +0800] "GET /xingrg/all/function/internal_message.html?_=1675048955462&CODE_STATE=getMsg HTTP/1.1" 200 27
116.235.244.242 - - [30/Jan/2023:11:22:30 +0800] "GET /xingrg/check_reg.html?_=1675048958306 HTTP/1.1" 200 22
116.235.244.242 - - [30/Jan/2023:11:22:31 +0800] "GET /xingrg/all/function/internal_message.html?_=1675048959629&CODE_STATE=getMsg HTTP/1.1" 200 27
114.88.159.190 - - [30/Jan/2023:11:22:33 +0800] "GET /xingrg/kc/buy/cgsh_order_operate.html?command=get_materiel&rest_code=00141&code=00101004050&supplier_code=00100312&order_time=2023-01-30 HTTP/1.1" 200 411
120.253.135.82 - - [30/Jan/2023:11:22:39 +0800] "GET /xingrg/all/function/internal_message.html?_=1675048783361&CODE_STATE=getMsg HTTP/1.1" 200 27
101.83.145.75 - - [30/Jan/2023:11:22:44 +0800] "GET /xingrg/kc/buy/cgsh_order_operate.html?command=get_materiel&rest_code=00105&code=00101010737&supplier_code=00100575&order_time=2023-01-30 HTTP/1.1" 200 433
114.88.159.190 - - [30/Jan/2023:11:22:47 +0800] "GET /xingrg/kc/buy/cgsh_order_operate.html?command=get_materiel&rest_code=00141&code=00101005015&supplier_code=00100312&order_time=2023-01-30 HTTP/1.1" 200 409
101.83.145.75 - - [30/Jan/2023:11:22:47 +0800] "GET /xingrg/all/function/internal_message.html?_=1675048975104&CODE_STATE=getMsg HTTP/1.1" 200 27
101.83.145.75 - - [30/Jan/2023:11:22:52 +0800] "POST /xingrg/kc/buy/cgsh_order_operate.html HTTP/1.1" 200 37
101.83.145.75 - - [30/Jan/2023:11:22:54 +0800] "POST /xingrg/kc/buy/cgsh_order_operate.html HTTP/1.1" 200 2678
101.83.145.75 - - [30/Jan/2023:11:22:55 +0800] "GET /xingrg/kc/print/load_data.html?order_code=212023013007598&kc_code=cgsh&condition= HTTP/1.1" 200 694
101.83.145.75 - - [30/Jan/2023:11:22:59 +0800] "GET /xingrg/kc/buy/cgsh_order_add.html HTTP/1.1" 200 69840
101.83.145.75 - - [30/Jan/2023:11:22:59 +0800] "POST /xingrg/kc/buy/cgsh_order_operate.html HTTP/1.1" 200 8245
101.83.145.75 - - [30/Jan/2023:11:22:59 +0800] "GET /xingrg/javascript/easyui/themes/default/validatebox.css HTTP/1.1" 404 1104
180.162.115.82 - - [30/Jan/2023:11:23:01 +0800] "GET /xingrg/all/function/internal_message.html?_=1675047947506&CODE_STATE=getMsg HTTP/1.1" 200 27
112.51.222.203 - - [30/Jan/2023:11:23:06 +0800] "GET /xingrg/all/function/internal_message.html?_=1675048992943&CODE_STATE=getMsg HTTP/1.1" 200 27
180.169.147.146 - - [30/Jan/2023:11:23:06 +0800] "GET /xingrg/kc/buy/cgsh_order_add.html HTTP/1.1" 200 69761
180.169.147.146 - - [30/Jan/2023:11:23:06 +0800] "GET /xingrg/words/20230127094515_words.js HTTP/1.1" 304 -
180.169.147.146 - - [30/Jan/2023:11:23:07 +0800] "POST /xingrg/kc/buy/cgsh_order_operate.html HTTP/1.1" 200 8245
180.169.147.146 - - [30/Jan/2023:11:23:07 +0800] "GET /xingrg/all/common/auto_word.html?type=employee&rest_code=00147 HTTP/1.1" 200 101
180.169.147.146 - - [30/Jan/2023:11:23:07 +0800] "GET /xingrg/javascript/easyui/themes/default/validatebox.css HTTP/1.1" 404 1104
180.169.147.146 - - [30/Jan/2023:11:23:07 +0800] "GET /xingrg/all/common/auto_word.html?type=employee&rest_code=00147 HTTP/1.1" 200 101
114.83.222.182 - - [30/Jan/2023:11:23:08 +0800] "GET /xingrg/all/function/internal_message.html?_=1675049092880&CODE_STATE=getMsg HTTP/1.1" 200 27
101.83.145.75 - - [30/Jan/2023:11:23:10 +0800] "GET /xingrg/kc/buy/cgsh_order_operate.html?command=get_materiel&rest_code=00105&code=00101010161&supplier_code=00100334&order_time=2023-01-30 HTTP/1.1" 200 409
101.229.22.234 - - [30/Jan/2023:11:23:11 +0800] "GET /xingrg/all/function/internal_message.html?_=1675048995645&CODE_STATE=getMsg HTTP/1.1" 200 27
101.229.22.234 - - [30/Jan/2023:11:23:11 +0800] "GET /xingrg/check_reg.html?_=1675048995646 HTTP/1.1" 200 22
124.79.72.155 - - [30/Jan/2023:11:23:12 +0800] "GET /xingrg/all/function/internal_message.html?_=1675048998910&CODE_STATE=getMsg HTTP/1.1" 200 27
116.192.124.172 - - [30/Jan/2023:11:23:15 +0800] "GET /xingrg/all/function/internal_message.html?_=1675049002083&CODE_STATE=getMsg HTTP/1.1" 200 27
180.157.253.110 - - [30/Jan/2023:11:23:15 +0800] "GET /xingrg/all/function/internal_message.html?_=1675049008721&CODE_STATE=getMsg HTTP/1.1" 200 27
116.192.124.172 - - [30/Jan/2023:11:23:16 +0800] "GET /xingrg/check_reg.html?_=1675049003127 HTTP/1.1" 200 22
180.169.147.146 - - [30/Jan/2023:11:23:20 +0800] "GET /xingrg/all/function/internal_message.html?_=1675049007996&CODE_STATE=getMsg HTTP/1.1" 200 27
124.78.154.177 - - [30/Jan/2023:11:23:24 +0800] "GET /xingrg/all/function/internal_message.html?_=1675049010077&CODE_STATE=getMsg HTTP/1.1" 200 27
116.230.105.139 - - [30/Jan/2023:11:23:26 +0800] "GET /xingrg/all/function/internal_message.html?_=1675049012687&CODE_STATE=getMsg HTTP/1.1" 200 27
222.70.181.49 - - [30/Jan/2023:11:23:29 +0800] "GET /xingrg/all/function/internal_message.html?_=1675049015461&CODE_STATE=getMsg HTTP/1.1" 200 27
101.83.145.75 - - [30/Jan/2023:11:23:29 +0800] "POST /xingrg/kc/buy/cgsh_order_operate.html HTTP/1.1" 200 37
116.235.244.242 - - [30/Jan/2023:11:23:31 +0800] "GET /xingrg/all/function/internal_message.html?_=1675049019643&CODE_STATE=getMsg HTTP/1.1" 200 27
180.169.147.146 - - [30/Jan/2023:11:23:32 +0800] "GET /xingrg/kc/buy/cgsh_order_operate.html?command=get_materiel&rest_code=00147&code=00101006129&supplier_code=00100015&order_time=2023-01-30 HTTP/1.1" 200 431
101.83.145.75 - - [30/Jan/2023:11:23:34 +0800] "POST /xingrg/kc/buy/cgsh_order_operate.html HTTP/1.1" 200 3243
101.83.145.75 - - [30/Jan/2023:11:23:35 +0800] "GET /xingrg/kc/print/load_data.html?order_code=212023013007599&kc_code=cgsh&condition= HTTP/1.1" 200 889
120.253.135.82 - - [30/Jan/2023:11:23:39 +0800] "GET /xingrg/all/function/internal_message.html?_=1675048843369&CODE_STATE=getMsg HTTP/1.1" 200 27
180.169.147.146 - - [30/Jan/2023:11:23:44 +0800] "GET /xingrg/kc/buy/cgsh_order_operate.html?command=get_materiel&rest_code=00147&code=00101006055&supplier_code=00100015&order_time=2023-01-30 HTTP/1.1" 200 409
101.83.145.75 - - [30/Jan/2023:11:23:47 +0800] "GET /xingrg/kc/buy/cgsh_order_add.html HTTP/1.1" 200 69840
101.83.145.75 - - [30/Jan/2023:11:23:47 +0800] "GET /xingrg/javascript/easyui/themes/default/validatebox.css HTTP/1.1" 404 1104
101.83.145.75 - - [30/Jan/2023:11:23:47 +0800] "POST /xingrg/kc/buy/cgsh_order_operate.html HTTP/1.1" 200 8245
101.83.145.75 - - [30/Jan/2023:11:23:47 +0800] "GET /xingrg/all/function/internal_message.html?_=1675049035081&CODE_STATE=getMsg HTTP/1.1" 200 27
114.88.159.190 - - [30/Jan/2023:11:23:48 +0800] "GET /xingrg/check_reg.html?_=1675048607686 HTTP/1.1" 200 22
180.169.147.146 - - [30/Jan/2023:11:23:54 +0800] "GET /xingrg/kc/buy/cgsh_order_operate.html?command=get_materiel&rest_code=00147&code=00101006068&supplier_code=00100015&order_time=2023-01-30 HTTP/1.1" 200 409
114.88.159.190 - - [30/Jan/2023:11:23:56 +0800] "GET /xingrg/kc/buy/cgsh_order_operate.html?command=get_materiel&rest_code=00141&code=00101004057&supplier_code=00100312&order_time=2023-01-30 HTTP/1.1" 200 409
101.83.145.75 - - [30/Jan/2023:11:23:58 +0800] "GET /xingrg/kc/buy/cgsh_order_operate.html?command=get_materiel&rest_code=00105&code=00101010079&supplier_code=00100336&order_time=2023-01-30 HTTP/1.1" 200 413
180.162.115.82 - - [30/Jan/2023:11:24:01 +0800] "GET /xingrg/all/function/internal_message.html?_=1675048007506&CODE_STATE=getMsg HTTP/1.1" 200 27
101.83.145.75 - - [30/Jan/2023:11:24:06 +0800] "POST /xingrg/kc/buy/cgsh_order_operate.html HTTP/1.1" 200 37
112.51.222.203 - - [30/Jan/2023:11:24:06 +0800] "GET /xingrg/all/function/internal_message.html?_=1675049052953&CODE_STATE=getMsg HTTP/1.1" 200 27
114.88.159.190 - - [30/Jan/2023:11:24:06 +0800] "GET /xingrg/kc/buy/cgsh_order_operate.html?command=get_materiel&rest_code=00141&code=00101004041&supplier_code=00100312&order_time=2023-01-30 HTTP/1.1" 200 413
114.83.222.182 - - [30/Jan/2023:11:24:08 +0800] "GET /xingrg/all/function/internal_message.html?_=1675049152874&CODE_STATE=getMsg HTTP/1.1" 200 27
114.83.222.182 - - [30/Jan/2023:11:24:08 +0800] "GET /xingrg/check_reg.html?_=1675049152875 HTTP/1.1" 200 22
101.83.145.75 - - [30/Jan/2023:11:24:11 +0800] "POST /xingrg/kc/buy/cgsh_order_operate.html HTTP/1.1" 200 2657
101.229.22.234 - - [30/Jan/2023:11:24:11 +0800] "GET /xingrg/all/function/internal_message.html?_=1675049055644&CODE_STATE=getMsg HTTP/1.1" 200 27
124.79.72.155 - - [30/Jan/2023:11:24:12 +0800] "GET /xingrg/all/function/internal_message.html?_=1675049058909&CODE_STATE=getMsg HTTP/1.1" 200 27
101.83.145.75 - - [30/Jan/2023:11:24:12 +0800] "GET /xingrg/kc/print/load_data.html?order_code=212023013007600&kc_code=cgsh&condition= HTTP/1.1" 200 670
116.192.124.172 - - [30/Jan/2023:11:24:15 +0800] "GET /xingrg/all/function/internal_message.html?_=1675049062072&CODE_STATE=getMsg HTTP/1.1" 200 27
101.83.145.75 - - [30/Jan/2023:11:24:15 +0800] "GET /xingrg/kc/buy/cgsh_order_add.html HTTP/1.1" 200 69840
180.157.253.110 - - [30/Jan/2023:11:24:15 +0800] "GET /xingrg/all/function/internal_message.html?_=1675049068721&CODE_STATE=getMsg HTTP/1.1" 200 27
101.83.145.75 - - [30/Jan/2023:11:24:15 +0800] "POST /xingrg/kc/buy/cgsh_order_operate.html HTTP/1.1" 200 8245
101.83.145.75 - - [30/Jan/2023:11:24:15 +0800] "GET /xingrg/javascript/easyui/themes/default/validatebox.css HTTP/1.1" 404 1104
114.88.159.190 - - [30/Jan/2023:11:24:17 +0800] "GET /xingrg/kc/buy/cgsh_order_operate.html?command=get_materiel&rest_code=00141&code=00101005022&supplier_code=00100312&order_time=2023-01-30 HTTP/1.1" 200 417
180.169.147.146 - - [30/Jan/2023:11:24:20 +0800] "GET /xingrg/all/function/internal_message.html?_=1675049067973&CODE_STATE=getMsg HTTP/1.1" 200 27
124.78.154.177 - - [30/Jan/2023:11:24:24 +0800] "GET /xingrg/all/function/internal_message.html?_=1675049070053&CODE_STATE=getMsg HTTP/1.1" 200 27
116.230.105.139 - - [30/Jan/2023:11:24:26 +0800] "GET /xingrg/all/function/internal_message.html?_=1675049072671&CODE_STATE=getMsg HTTP/1.1" 200 27
101.83.145.75 - - [30/Jan/2023:11:24:26 +0800] "GET /xingrg/kc/buy/cgsh_order_operate.html?command=get_materiel&rest_code=00105&code=00101007032&supplier_code=00100328&order_time=2023-01-30 HTTP/1.1" 200 413
114.88.159.190 - - [30/Jan/2023:11:24:29 +0800] "GET /xingrg/kc/buy/cgsh_order_operate.html?command=get_materiel&rest_code=00141&code=00101001029&supplier_code=00100312&order_time=2023-01-30 HTTP/1.1" 200 417
222.70.181.49 - - [30/Jan/2023:11:24:29 +0800] "GET /xingrg/all/function/internal_message.html?_=1675049075461&CODE_STATE=getMsg HTTP/1.1" 200 27
116.235.244.242 - - [30/Jan/2023:11:24:31 +0800] "GET /xingrg/all/function/internal_message.html?_=1675049079657&CODE_STATE=getMsg HTTP/1.1" 200 27
101.83.145.75 - - [30/Jan/2023:11:24:35 +0800] "POST /xingrg/kc/buy/cgsh_order_operate.html HTTP/1.1" 200 37
114.88.159.190 - - [30/Jan/2023:11:24:38 +0800] "GET /xingrg/kc/buy/cgsh_order_operate.html?command=get_materiel&rest_code=00141&code=00101001170&supplier_code=00100312&order_time=2023-01-30 HTTP/1.1" 200 434
180.169.147.146 - - [30/Jan/2023:11:24:38 +0800] "GET /xingrg/check_reg.html?_=1675049086018 HTTP/1.1" 200 22
120.253.135.82 - - [30/Jan/2023:11:24:39 +0800] "GET /xingrg/all/function/internal_message.html?_=1675048903404&CODE_STATE=getMsg HTTP/1.1" 200 27
101.83.145.75 - - [30/Jan/2023:11:24:41 +0800] "POST /xingrg/kc/buy/cgsh_order_operate.html HTTP/1.1" 200 2658
101.83.145.75 - - [30/Jan/2023:11:24:42 +0800] "GET /xingrg/kc/print/load_data.html?order_code=212023013007601&kc_code=cgsh&condition= HTTP/1.1" 200 671
101.83.145.75 - - [30/Jan/2023:11:24:45 +0800] "GET /xingrg/kc/buy/cgsh_order_add.html HTTP/1.1" 200 69840
101.83.145.75 - - [30/Jan/2023:11:24:45 +0800] "POST /xingrg/kc/buy/cgsh_order_operate.html HTTP/1.1" 200 8245
101.83.145.75 - - [30/Jan/2023:11:24:45 +0800] "GET /xingrg/javascript/easyui/themes/default/validatebox.css HTTP/1.1" 404 1104
101.83.145.75 - - [30/Jan/2023:11:24:47 +0800] "GET /xingrg/all/function/internal_message.html?_=1675049095060&CODE_STATE=getMsg HTTP/1.1" 200 27
114.88.159.190 - - [30/Jan/2023:11:24:58 +0800] "POST /xingrg/kc/buy/cgsh_order_operate.html HTTP/1.1" 200 37
101.83.145.75 - - [30/Jan/2023:11:24:59 +0800] "GET /xingrg/kc/buy/cgsh_order_operate.html?command=get_materiel&rest_code=00105&code=00101001045&supplier_code=00100439&order_time=2023-01-30 HTTP/1.1" 200 443
180.162.115.82 - - [30/Jan/2023:11:25:01 +0800] "GET /xingrg/all/function/internal_message.html?_=1675048067493&CODE_STATE=getMsg HTTP/1.1" 200 27
114.88.159.190 - - [30/Jan/2023:11:25:02 +0800] "POST /xingrg/kc/buy/cgsh_order_operate.html HTTP/1.1" 200 12
112.51.222.203 - - [30/Jan/2023:11:25:06 +0800] "GET /xingrg/all/function/internal_message.html?_=1675049112952&CODE_STATE=getMsg HTTP/1.1" 200 27
114.83.222.182 - - [30/Jan/2023:11:25:08 +0800] "GET /xingrg/all/function/internal_message.html?_=1675049212880&CODE_STATE=getMsg HTTP/1.1" 200 27
120.253.135.82 - - [30/Jan/2023:11:25:10 +0800] "GET /xingrg/check_reg.html?_=1675048934802 HTTP/1.1" 200 22
101.229.22.234 - - [30/Jan/2023:11:25:11 +0800] "GET /xingrg/all/function/internal_message.html?_=1675049115636&CODE_STATE=getMsg HTTP/1.1" 200 27
101.83.145.75 - - [30/Jan/2023:11:25:12 +0800] "POST /xingrg/kc/buy/cgsh_order_operate.html HTTP/1.1" 200 64
124.79.72.155 - - [30/Jan/2023:11:25:12 +0800] "GET /xingrg/all/function/internal_message.html?_=1675049118908&CODE_STATE=getMsg HTTP/1.1" 200 27
180.169.147.146 - - [30/Jan/2023:11:25:13 +0800] "POST /xingrg/kc/buy/cgsh_order_operate.html HTTP/1.1" 200 37
116.192.124.172 - - [30/Jan/2023:11:25:15 +0800] "GET /xingrg/all/function/internal_message.html?_=1675049122061&CODE_STATE=getMsg HTTP/1.1" 200 27
180.157.253.110 - - [30/Jan/2023:11:25:15 +0800] "GET /xingrg/all/function/internal_message.html?_=1675049128721&CODE_STATE=getMsg HTTP/1.1" 200 27
180.157.253.110 - - [30/Jan/2023:11:25:15 +0800] "GET /xingrg/check_reg.html?_=1675049128724 HTTP/1.1" 200 22
114.88.159.190 - - [30/Jan/2023:11:25:17 +0800] "GET /xingrg/kc/buy/cgsh_order_info.html?code=212023013007602 HTTP/1.1" 200 64664
114.88.159.190 - - [30/Jan/2023:11:25:18 +0800] "GET /xingrg/javascript/easyui/themes/default/validatebox.css HTTP/1.1" 404 1104
101.83.145.75 - - [30/Jan/2023:11:25:18 +0800] "GET /xingrg/check_reg.html?_=1675048964380 HTTP/1.1" 302 -
114.88.159.190 - - [30/Jan/2023:11:25:19 +0800] "POST /xingrg/kc/buy/cgsh_order_operate.html HTTP/1.1" 200 7146
101.83.145.75 - - [30/Jan/2023:11:25:22 +0800] "POST /xingrg/kc/buy/cgsh_order_operate.html HTTP/1.1" 200 37
124.78.154.177 - - [30/Jan/2023:11:25:23 +0800] "GET /xingrg/check_reg.html?_=1675049128753 HTTP/1.1" 200 22
180.169.147.146 - - [30/Jan/2023:11:25:23 +0800] "POST /xingrg/kc/buy/cgsh_order_operate.html HTTP/1.1" 200 3857
101.83.145.75 - - [30/Jan/2023:11:25:23 +0800] "POST /xingrg/kc/buy/cgsh_order_operate.html HTTP/1.1" 200 2670
180.169.147.146 - - [30/Jan/2023:11:25:23 +0800] "GET /xingrg/kc/print/load_config.html?kc_code=cgsh HTTP/1.1" 200 1943
180.169.147.146 - - [30/Jan/2023:11:25:24 +0800] "GET /xingrg/kc/print/load_data.html?order_code=212023013007603&kc_code=cgsh&condition= HTTP/1.1" 200 1239
101.83.145.75 - - [30/Jan/2023:11:25:24 +0800] "GET /xingrg/kc/print/load_data.html?order_code=212023013007605&kc_code=cgsh&condition= HTTP/1.1" 200 687
124.78.154.177 - - [30/Jan/2023:11:25:24 +0800] "GET /xingrg/all/function/internal_message.html?_=1675049130027&CODE_STATE=getMsg HTTP/1.1" 200 27
180.162.115.82 - - [30/Jan/2023:11:25:25 +0800] "GET /xingrg/javascript/jquery_tools/images/prev.gif HTTP/1.1" 404 1086
180.162.115.82 - - [30/Jan/2023:11:25:25 +0800] "GET /xingrg/javascript/jquery_tools/images/next.gif HTTP/1.1" 404 1086
116.230.105.139 - - [30/Jan/2023:11:25:26 +0800] "GET /xingrg/all/function/internal_message.html?_=1675049132652&CODE_STATE=getMsg HTTP/1.1" 200 27
101.83.145.75 - - [30/Jan/2023:11:25:27 +0800] "GET /xingrg/kc/buy/cgsh_order_add.html HTTP/1.1" 200 69840
101.83.145.75 - - [30/Jan/2023:11:25:27 +0800] "POST /xingrg/kc/buy/cgsh_order_operate.html HTTP/1.1" 200 8245
101.83.145.75 - - [30/Jan/2023:11:25:27 +0800] "GET /xingrg/javascript/easyui/themes/default/validatebox.css HTTP/1.1" 404 1104
180.169.147.146 - - [30/Jan/2023:11:25:27 +0800] "GET /xingrg/kc/buy/cgsh_order_add.html HTTP/1.1" 200 69761
180.169.147.146 - - [30/Jan/2023:11:25:28 +0800] "POST /xingrg/kc/buy/cgsh_order_operate.html HTTP/1.1" 200 8245
180.169.147.146 - - [30/Jan/2023:11:25:28 +0800] "GET /xingrg/javascript/easyui/themes/default/validatebox.css HTTP/1.1" 404 1104
222.70.181.49 - - [30/Jan/2023:11:25:29 +0800] "GET /xingrg/check_reg.html?_=1675049135461 HTTP/1.1" 200 22
222.70.181.49 - - [30/Jan/2023:11:25:29 +0800] "GET /xingrg/all/function/internal_message.html?_=1675049135464&CODE_STATE=getMsg HTTP/1.1" 200 27
116.235.244.242 - - [30/Jan/2023:11:25:31 +0800] "GET /xingrg/all/function/internal_message.html?_=1675049139783&CODE_STATE=getMsg HTTP/1.1" 200 27
180.162.115.82 - - [30/Jan/2023:11:25:32 +0800] "POST /xingrg/kc/base/wldb_order_operate.html HTTP/1.1" 200 37
180.162.115.82 - - [30/Jan/2023:11:25:33 +0800] "POST /xingrg/kc/base/wldb_order_operate.html HTTP/1.1" 200 6967
180.162.115.82 - - [30/Jan/2023:11:25:33 +0800] "GET /xingrg/kc/base/wldb_order_info.html?code=422023013001820 HTTP/1.1" 200 30445
180.162.115.82 - - [30/Jan/2023:11:25:34 +0800] "GET /xingrg/javascript/easyui/themes/default/validatebox.css HTTP/1.1" 404 1104
180.162.115.82 - - [30/Jan/2023:11:25:34 +0800] "POST /xingrg/kc/base/wldb_order_operate.html HTTP/1.1" 200 6967
101.83.145.75 - - [30/Jan/2023:11:25:37 +0800] "GET /xingrg/kc/buy/cgsh_order_operate.html?command=get_materiel&rest_code=00105&code=00101009034&supplier_code=00100335&order_time=2023-01-30 HTTP/1.1" 200 428
101.83.145.75 - - [30/Jan/2023:11:25:37 +0800] "POST /xingrg/all/common/load_select.html HTTP/1.1" 200 25
120.253.135.82 - - [30/Jan/2023:11:25:39 +0800] "GET /xingrg/all/function/internal_message.html?_=1675048963413&CODE_STATE=getMsg HTTP/1.1" 200 27
101.83.145.75 - - [30/Jan/2023:11:25:41 +0800] "GET /xingrg/kc/buy/cgsh_order_operate.html?command=get_materiel_price&rest_code=00105&code=00101009034&unit_code=00100047&supplier_code=00100335&order_time=2023-01-30 HTTP/1.1" 200 28
180.162.115.82 - - [30/Jan/2023:11:25:41 +0800] "GET /xingrg/kc/base/base_main.html HTTP/1.1" 200 12142
116.230.105.139 - - [30/Jan/2023:11:25:42 +0800] "GET /xingrg/check_reg.html?_=1675049148643 HTTP/1.1" 200 22
180.162.115.82 - - [30/Jan/2023:11:25:42 +0800] "GET /xingrg/kc/mdqp/qp_main.html HTTP/1.1" 200 10633
180.162.115.82 - - [30/Jan/2023:11:25:43 +0800] "GET /xingrg/images/yd/bt.gif HTTP/1.1" 404 1040
180.162.115.82 - - [30/Jan/2023:11:25:43 +0800] "GET /xingrg/kc/mdqp/pssh_order_list.html HTTP/1.1" 200 16977
180.162.115.82 - - [30/Jan/2023:11:25:44 +0800] "POST /xingrg/kc/mdqp/pssh_list_operate.html HTTP/1.1" 200 5467
180.169.147.146 - - [30/Jan/2023:11:25:45 +0800] "GET /xingrg/kc/buy/cgsh_order_operate.html?command=get_materiel&rest_code=00147&code=00102002603&supplier_code=00100242&order_time=2023-01-30 HTTP/1.1" 200 431
180.162.115.82 - - [30/Jan/2023:11:25:47 +0800] "POST /xingrg/kc/mdqp/pssh_list_operate.html HTTP/1.1" 200 790
180.162.115.82 - - [30/Jan/2023:11:25:47 +0800] "GET /xingrg/kc/mdqp/pssh_order_info.html?code=312023012900447 HTTP/1.1" 200 17272
180.162.115.82 - - [30/Jan/2023:11:25:47 +0800] "GET /xingrg/javascript/jquery_tools/jquery-1.4.2.min.js HTTP/1.1" 404 1094
180.162.115.82 - - [30/Jan/2023:11:25:47 +0800] "POST /xingrg/kc/mdqp/pssh_order_operate.html HTTP/1.1" 200 5281
180.162.115.82 - - [30/Jan/2023:11:25:47 +0800] "GET /xingrg/javascript/easyui/themes/default/validatebox.css HTTP/1.1" 404 1104
101.83.145.75 - - [30/Jan/2023:11:25:47 +0800] "GET /xingrg/all/function/internal_message.html?_=1675049155037&CODE_STATE=getMsg HTTP/1.1" 200 27
101.83.145.75 - - [30/Jan/2023:11:25:52 +0800] "POST /xingrg/kc/buy/cgsh_order_operate.html HTTP/1.1" 200 37
101.83.145.75 - - [30/Jan/2023:11:25:58 +0800] "POST /xingrg/kc/buy/cgsh_order_operate.html HTTP/1.1" 200 2665
101.83.145.75 - - [30/Jan/2023:11:25:59 +0800] "GET /xingrg/kc/print/load_data.html?order_code=212023013007606&kc_code=cgsh&condition= HTTP/1.1" 200 671
180.169.147.146 - - [30/Jan/2023:11:26:01 +0800] "GET /xingrg/kc/buy/cgsh_order_operate.html?command=get_materiel&rest_code=00147&code=00101007109&supplier_code=00100242&order_time=2023-01-30 HTTP/1.1" 200 408
180.162.115.82 - - [30/Jan/2023:11:26:01 +0800] "GET /xingrg/all/function/internal_message.html?_=1675048127493&CODE_STATE=getMsg HTTP/1.1" 200 27
180.162.115.82 - - [30/Jan/2023:11:26:01 +0800] "GET /xingrg/check_reg.html?_=1675048127496 HTTP/1.1" 200 22
101.83.145.75 - - [30/Jan/2023:11:26:02 +0800] "GET /xingrg/kc/buy/cgsh_order_add.html HTTP/1.1" 200 69840
101.83.145.75 - - [30/Jan/2023:11:26:02 +0800] "GET /xingrg/javascript/easyui/themes/default/validatebox.css HTTP/1.1" 404 1104
101.83.145.75 - - [30/Jan/2023:11:26:02 +0800] "POST /xingrg/kc/buy/cgsh_order_operate.html HTTP/1.1" 200 8245
112.51.222.203 - - [30/Jan/2023:11:26:06 +0800] "GET /xingrg/all/function/internal_message.html?_=1675049172944&CODE_STATE=getMsg HTTP/1.1" 200 27
112.51.222.203 - - [30/Jan/2023:11:26:06 +0800] "GET /xingrg/check_reg.html?_=1675049172945 HTTP/1.1" 200 22
114.83.222.182 - - [30/Jan/2023:11:26:08 +0800] "GET /xingrg/all/function/internal_message.html?_=1675049272871&CODE_STATE=getMsg HTTP/1.1" 200 27
114.88.159.190 - - [30/Jan/2023:11:26:10 +0800] "GET /xingrg/kc/print/load_data.html?order_code=212023013007602&kc_code=cgsh&condition= HTTP/1.1" 200 3217
101.229.22.234 - - [30/Jan/2023:11:26:11 +0800] "GET /xingrg/all/function/internal_message.html?_=1675049175636&CODE_STATE=getMsg HTTP/1.1" 200 27
124.79.72.155 - - [30/Jan/2023:11:26:12 +0800] "GET /xingrg/all/function/internal_message.html?_=1675049178935&CODE_STATE=getMsg HTTP/1.1" 200 27
101.83.145.75 - - [30/Jan/2023:11:26:12 +0800] "GET /xingrg/kc/buy/cgsh_order_operate.html?command=get_materiel&rest_code=00105&code=00101004051&supplier_code=00100312&order_time=2023-01-30 HTTP/1.1" 200 408
116.192.124.172 - - [30/Jan/2023:11:26:15 +0800] "GET /xingrg/all/function/internal_message.html?_=1675049182059&CODE_STATE=getMsg HTTP/1.1" 200 27
114.88.159.190 - - [30/Jan/2023:11:26:15 +0800] "GET /xingrg/kc/buy/cgsh_order_add.html HTTP/1.1" 200 69758
180.157.253.110 - - [30/Jan/2023:11:26:15 +0800] "GET /xingrg/all/function/internal_message.html?_=1675049188750&CODE_STATE=getMsg HTTP/1.1" 200 27
114.88.159.190 - - [30/Jan/2023:11:26:16 +0800] "POST /xingrg/kc/buy/cgsh_order_operate.html HTTP/1.1" 200 8245
114.88.159.190 - - [30/Jan/2023:11:26:16 +0800] "GET /xingrg/javascript/easyui/themes/default/validatebox.css HTTP/1.1" 404 1104
180.169.147.146 - - [30/Jan/2023:11:26:20 +0800] "GET /xingrg/all/function/internal_message.html?_=1675049187976&CODE_STATE=getMsg HTTP/1.1" 200 27
101.83.145.75 - - [30/Jan/2023:11:26:23 +0800] "GET /xingrg/kc/buy/cgsh_order_operate.html?command=get_materiel&rest_code=00105&code=00101004067&supplier_code=00100312&order_time=2023-01-30 HTTP/1.1" 200 413
124.78.154.177 - - [30/Jan/2023:11:26:24 +0800] "GET /xingrg/all/function/internal_message.html?_=1675049190000&CODE_STATE=getMsg HTTP/1.1" 200 27
116.230.105.139 - - [30/Jan/2023:11:26:26 +0800] "GET /xingrg/all/function/internal_message.html?_=1675049192637&CODE_STATE=getMsg HTTP/1.1" 200 27
222.70.181.49 - - [30/Jan/2023:11:26:29 +0800] "GET /xingrg/all/function/internal_message.html?_=1675049195463&CODE_STATE=getMsg HTTP/1.1" 200 27
