120.253.135.82 - - [30/Jan/2023:11:36:39 +0800] "GET /xingrg/all/function/internal_message.html?_=1675049623732&CODE_STATE=getMsg HTTP/1.1" 200 27
120.253.135.82 - - [30/Jan/2023:11:36:40 +0800] "GET /xingrg/kc/buy/cgsh_order_operate.html?command=get_materiel_price&rest_code=00101&code=00101019129&unit_code=00100201&supplier_code=00100100&order_time=2023-01-30 HTTP/1.1" 200 29
101.83.145.75 - - [30/Jan/2023:11:36:41 +0800] "GET /xingrg/kc/base/wldb_order_list.html HTTP/1.1" 200 19139
114.88.159.190 - - [30/Jan/2023:11:36:42 +0800] "GET /xingrg/kc/buy/cgsh_order_operate.html?command=get_materiel&rest_code=00141&code=00101002007&supplier_code=00100442&order_time=2023-01-30 HTTP/1.1" 200 409
101.83.145.75 - - [30/Jan/2023:11:36:42 +0800] "POST /xingrg/kc/base/wldb_list_operate.html HTTP/1.1" 200 928
101.83.145.75 - - [30/Jan/2023:11:36:43 +0800] "GET /xingrg/kc/base/wldb_order_add.html HTTP/1.1" 200 30422
101.83.145.75 - - [30/Jan/2023:11:36:43 +0800] "POST /xingrg/kc/base/wldb_order_operate.html HTTP/1.1" 200 6806
101.83.145.75 - - [30/Jan/2023:11:36:43 +0800] "GET /xingrg/all/common/auto_word.html?type=base&rest_code=00105 HTTP/1.1" 200 1907
101.83.145.75 - - [30/Jan/2023:11:36:43 +0800] "GET /xingrg/all/common/auto_word.html?type=base&rest_code=00105 HTTP/1.1" 200 1907
101.83.145.75 - - [30/Jan/2023:11:36:43 +0800] "GET /xingrg/javascript/easyui/themes/default/validatebox.css HTTP/1.1" 404 1104
101.83.145.75 - - [30/Jan/2023:11:36:44 +0800] "POST /xingrg/kc/buy/cgsh_list_operate.html HTTP/1.1" 200 5942
101.83.145.75 - - [30/Jan/2023:11:36:47 +0800] "GET /xingrg/all/function/internal_message.html?_=1675049814786&CODE_STATE=getMsg HTTP/1.1" 200 27
114.88.159.190 - - [30/Jan/2023:11:36:50 +0800] "POST /xingrg/kc/buy/cgsh_order_operate.html HTTP/1.1" 200 37
101.83.145.75 - - [30/Jan/2023:11:36:53 +0800] "GET /xingrg/kc/base/wldb_order_operate.html?command=get_materiel&rest_code=00105&base_code=0010513&code=00101029017 HTTP/1.1" 200 467
114.88.159.190 - - [30/Jan/2023:11:36:53 +0800] "POST /xingrg/kc/buy/cgsh_order_operate.html HTTP/1.1" 200 12
114.88.159.190 - - [30/Jan/2023:11:36:54 +0800] "GET /xingrg/kc/buy/cgsh_order_info.html?code=212023013007621 HTTP/1.1" 200 64662
114.88.159.190 - - [30/Jan/2023:11:36:55 +0800] "GET /xingrg/javascript/easyui/themes/default/validatebox.css HTTP/1.1" 404 1104
114.88.159.190 - - [30/Jan/2023:11:36:55 +0800] "POST /xingrg/kc/buy/cgsh_order_operate.html HTTP/1.1" 200 606
114.88.159.190 - - [30/Jan/2023:11:36:56 +0800] "GET /xingrg/kc/print/load_data.html?order_code=212023013007621&kc_code=cgsh&condition= HTTP/1.1" 200 710
120.253.135.82 - - [30/Jan/2023:11:36:57 +0800] "GET /xingrg/kc/buy/cgsh_order_operate.html?command=get_materiel&rest_code=00101&code=00101019135&supplier_code=00100100&order_time=2023-01-30 HTTP/1.1" 200 454
114.88.159.190 - - [30/Jan/2023:11:37:00 +0800] "GET /xingrg/kc/buy/cgsh_order_add.html HTTP/1.1" 200 69758
114.88.159.190 - - [30/Jan/2023:11:37:01 +0800] "POST /xingrg/kc/buy/cgsh_order_operate.html HTTP/1.1" 200 8245
114.88.159.190 - - [30/Jan/2023:11:37:01 +0800] "GET /xingrg/javascript/easyui/themes/default/validatebox.css HTTP/1.1" 404 1104
180.162.115.82 - - [30/Jan/2023:11:37:01 +0800] "GET /xingrg/all/function/internal_message.html?_=1675048787495&CODE_STATE=getMsg HTTP/1.1" 200 27
120.253.135.82 - - [30/Jan/2023:11:37:06 +0800] "POST /xingrg/kc/buy/cgsh_order_operate.html HTTP/1.1" 200 37
112.51.222.203 - - [30/Jan/2023:11:37:06 +0800] "GET /xingrg/all/function/internal_message.html?_=1675049832959&CODE_STATE=getMsg HTTP/1.1" 200 27
114.83.222.182 - - [30/Jan/2023:11:37:08 +0800] "GET /xingrg/all/function/internal_message.html?_=1675049932868&CODE_STATE=getMsg HTTP/1.1" 200 27
101.83.145.75 - - [30/Jan/2023:11:37:08 +0800] "GET /xingrg/check_reg.html?_=1675049836173 HTTP/1.1" 200 22
114.88.159.190 - - [30/Jan/2023:11:37:10 +0800] "GET /xingrg/kc/buy/cgsh_order_operate.html?command=get_materiel&rest_code=00141&code=00101001115&supplier_code=00100089&order_time=2023-01-30 HTTP/1.1" 200 414
101.229.22.234 - - [30/Jan/2023:11:37:11 +0800] "GET /xingrg/all/function/internal_message.html?_=1675049835644&CODE_STATE=getMsg HTTP/1.1" 200 27
120.253.135.82 - - [30/Jan/2023:11:37:11 +0800] "POST /xingrg/kc/buy/cgsh_order_operate.html HTTP/1.1" 200 3324
124.79.72.155 - - [30/Jan/2023:11:37:12 +0800] "GET /xingrg/all/function/internal_message.html?_=1675049838930&CODE_STATE=getMsg HTTP/1.1" 200 27
124.79.72.155 - - [30/Jan/2023:11:37:12 +0800] "GET /xingrg/check_reg.html?_=1675049838931 HTTP/1.1" 200 22
101.83.145.75 - - [30/Jan/2023:11:37:13 +0800] "GET /xingrg/kc/base/wldb_order_operate.html?command=get_materiel&rest_code=00105&base_code=0010507&code=00101029017 HTTP/1.1" 200 468
116.192.124.172 - - [30/Jan/2023:11:37:15 +0800] "GET /xingrg/all/function/internal_message.html?_=1675049841867&CODE_STATE=getMsg HTTP/1.1" 200 27
180.157.253.110 - - [30/Jan/2023:11:37:15 +0800] "GET /xingrg/all/function/internal_message.html?_=1675049848754&CODE_STATE=getMsg HTTP/1.1" 200 27
180.169.147.146 - - [30/Jan/2023:11:37:20 +0800] "GET /xingrg/all/function/internal_message.html?_=1675049847747&CODE_STATE=getMsg HTTP/1.1" 200 27
114.88.159.190 - - [30/Jan/2023:11:37:20 +0800] "POST /xingrg/kc/buy/cgsh_order_operate.html HTTP/1.1" 200 37
120.253.135.82 - - [30/Jan/2023:11:37:22 +0800] "GET /xingrg/kc/buy/cgsh_order_operate.html?command=get_materiel&rest_code=00101&code=00101019131&supplier_code=00100100&order_time=2023-01-30 HTTP/1.1" 200 467
120.253.135.82 - - [30/Jan/2023:11:37:23 +0800] "POST /xingrg/all/common/load_select.html HTTP/1.1" 200 25
124.78.154.177 - - [30/Jan/2023:11:37:24 +0800] "GET /xingrg/all/function/internal_message.html?_=1675049849753&CODE_STATE=getMsg HTTP/1.1" 200 27
116.230.105.139 - - [30/Jan/2023:11:37:26 +0800] "GET /xingrg/all/function/internal_message.html?_=1675049852457&CODE_STATE=getMsg HTTP/1.1" 200 27
120.253.135.82 - - [30/Jan/2023:11:37:27 +0800] "GET /xingrg/kc/buy/cgsh_order_operate.html?command=get_materiel_price&rest_code=00101&code=00101019131&unit_code=00100161&supplier_code=00100100&order_time=2023-01-30 HTTP/1.1" 200 28
222.70.181.49 - - [30/Jan/2023:11:37:29 +0800] "GET /xingrg/all/function/internal_message.html?_=1675049855491&CODE_STATE=getMsg HTTP/1.1" 200 27
116.235.244.242 - - [30/Jan/2023:11:37:30 +0800] "GET /xingrg/check_reg.html?_=1675049858651 HTTP/1.1" 200 22
116.235.244.242 - - [30/Jan/2023:11:37:31 +0800] "GET /xingrg/all/function/internal_message.html?_=1675049860162&CODE_STATE=getMsg HTTP/1.1" 200 27
120.253.135.82 - - [30/Jan/2023:11:37:39 +0800] "GET /xingrg/all/function/internal_message.html?_=1675049683746&CODE_STATE=getMsg HTTP/1.1" 200 27
114.88.159.190 - - [30/Jan/2023:11:37:43 +0800] "POST /xingrg/kc/buy/cgsh_order_operate.html HTTP/1.1" 200 12
120.253.135.82 - - [30/Jan/2023:11:37:44 +0800] "GET /xingrg/kc/buy/cgsh_order_operate.html?command=get_materiel&rest_code=00101&code=00101019270&supplier_code=00100100&order_time=2023-01-30 HTTP/1.1" 200 459
114.88.159.190 - - [30/Jan/2023:11:37:45 +0800] "GET /xingrg/kc/buy/cgsh_order_info.html?code=212023013007623 HTTP/1.1" 200 64662
114.88.159.190 - - [30/Jan/2023:11:37:45 +0800] "GET /xingrg/javascript/easyui/themes/default/validatebox.css HTTP/1.1" 404 1104
114.88.159.190 - - [30/Jan/2023:11:37:46 +0800] "POST /xingrg/kc/buy/cgsh_order_operate.html HTTP/1.1" 200 610
101.83.145.75 - - [30/Jan/2023:11:37:47 +0800] "GET /xingrg/all/function/internal_message.html?_=1675049874770&CODE_STATE=getMsg HTTP/1.1" 200 27
114.88.159.190 - - [30/Jan/2023:11:37:48 +0800] "GET /xingrg/kc/print/load_data.html?order_code=212023013007623&kc_code=cgsh&condition= HTTP/1.1" 200 790
114.88.159.190 - - [30/Jan/2023:11:37:55 +0800] "GET /xingrg/kc/buy/cgsh_order_add.html HTTP/1.1" 200 69758
114.88.159.190 - - [30/Jan/2023:11:37:55 +0800] "POST /xingrg/kc/buy/cgsh_order_operate.html HTTP/1.1" 200 8245
114.88.159.190 - - [30/Jan/2023:11:37:55 +0800] "GET /xingrg/javascript/easyui/themes/default/validatebox.css HTTP/1.1" 404 1104
180.162.115.82 - - [30/Jan/2023:11:38:01 +0800] "GET /xingrg/all/function/internal_message.html?_=1675048847503&CODE_STATE=getMsg HTTP/1.1" 200 27
120.253.135.82 - - [30/Jan/2023:11:38:02 +0800] "GET /xingrg/kc/buy/cgsh_order_operate.html?command=get_materiel&rest_code=00101&code=00101019259&supplier_code=00100100&order_time=2023-01-30 HTTP/1.1" 200 459
112.51.222.203 - - [30/Jan/2023:11:38:06 +0800] "GET /xingrg/all/function/internal_message.html?_=1675049892952&CODE_STATE=getMsg HTTP/1.1" 200 27
114.83.222.182 - - [30/Jan/2023:11:38:08 +0800] "GET /xingrg/all/function/internal_message.html?_=1675049992874&CODE_STATE=getMsg HTTP/1.1" 200 27
114.88.159.190 - - [30/Jan/2023:11:38:09 +0800] "GET /xingrg/kc/buy/cgsh_order_operate.html?command=get_materiel&rest_code=00141&code=00101005009&supplier_code=00100316&order_time=2023-01-30 HTTP/1.1" 200 437
101.229.22.234 - - [30/Jan/2023:11:38:11 +0800] "GET /xingrg/all/function/internal_message.html?_=1675049895650&CODE_STATE=getMsg HTTP/1.1" 200 27
101.229.22.234 - - [30/Jan/2023:11:38:11 +0800] "GET /xingrg/check_reg.html?_=1675049895651 HTTP/1.1" 200 22
124.79.72.155 - - [30/Jan/2023:11:38:12 +0800] "GET /xingrg/all/function/internal_message.html?_=1675049898928&CODE_STATE=getMsg HTTP/1.1" 200 27
116.192.124.172 - - [30/Jan/2023:11:38:15 +0800] "GET /xingrg/all/function/internal_message.html?_=1675049901848&CODE_STATE=getMsg HTTP/1.1" 200 27
180.157.253.110 - - [30/Jan/2023:11:38:15 +0800] "GET /xingrg/all/function/internal_message.html?_=1675049908777&CODE_STATE=getMsg HTTP/1.1" 200 27
116.192.124.172 - - [30/Jan/2023:11:38:16 +0800] "GET /xingrg/check_reg.html?_=1675049903081 HTTP/1.1" 200 22
180.169.147.146 - - [30/Jan/2023:11:38:20 +0800] "GET /xingrg/all/function/internal_message.html?_=1675049907731&CODE_STATE=getMsg HTTP/1.1" 200 27
114.88.159.190 - - [30/Jan/2023:11:38:21 +0800] "POST /xingrg/kc/buy/cgsh_order_operate.html HTTP/1.1" 200 37
124.78.154.177 - - [30/Jan/2023:11:38:24 +0800] "GET /xingrg/all/function/internal_message.html?_=1675049909736&CODE_STATE=getMsg HTTP/1.1" 200 27
180.169.147.146 - - [30/Jan/2023:11:38:24 +0800] "GET /xingrg/kc/buy/cgsh_order_add.html HTTP/1.1" 200 69761
114.88.159.190 - - [30/Jan/2023:11:38:24 +0800] "POST /xingrg/kc/buy/cgsh_order_operate.html HTTP/1.1" 200 12
180.169.147.146 - - [30/Jan/2023:11:38:24 +0800] "POST /xingrg/kc/buy/cgsh_order_operate.html HTTP/1.1" 200 8245
180.169.147.146 - - [30/Jan/2023:11:38:24 +0800] "GET /xingrg/javascript/easyui/themes/default/validatebox.css HTTP/1.1" 404 1104
116.230.105.139 - - [30/Jan/2023:11:38:26 +0800] "GET /xingrg/all/function/internal_message.html?_=1675049912430&CODE_STATE=getMsg HTTP/1.1" 200 27
114.88.159.190 - - [30/Jan/2023:11:38:26 +0800] "GET /xingrg/kc/buy/cgsh_order_info.html?code=212023013007624 HTTP/1.1" 200 64664
114.88.159.190 - - [30/Jan/2023:11:38:27 +0800] "GET /xingrg/javascript/easyui/themes/default/validatebox.css HTTP/1.1" 404 1104
114.88.159.190 - - [30/Jan/2023:11:38:27 +0800] "POST /xingrg/kc/buy/cgsh_order_operate.html HTTP/1.1" 200 615
114.88.159.190 - - [30/Jan/2023:11:38:28 +0800] "GET /xingrg/kc/print/load_data.html?order_code=212023013007624&kc_code=cgsh&condition= HTTP/1.1" 200 720
222.70.181.49 - - [30/Jan/2023:11:38:29 +0800] "GET /xingrg/all/function/internal_message.html?_=1675049915491&CODE_STATE=getMsg HTTP/1.1" 200 27
116.235.244.242 - - [30/Jan/2023:11:38:31 +0800] "GET /xingrg/all/function/internal_message.html?_=1675049920176&CODE_STATE=getMsg HTTP/1.1" 200 27
114.88.159.190 - - [30/Jan/2023:11:38:32 +0800] "GET /xingrg/kc/buy/cgsh_order_add.html HTTP/1.1" 200 69758
114.88.159.190 - - [30/Jan/2023:11:38:33 +0800] "POST /xingrg/kc/buy/cgsh_order_operate.html HTTP/1.1" 200 8245
114.88.159.190 - - [30/Jan/2023:11:38:33 +0800] "GET /xingrg/javascript/easyui/themes/default/validatebox.css HTTP/1.1" 404 1104
120.253.135.82 - - [30/Jan/2023:11:38:35 +0800] "GET /xingrg/kc/buy/cgsh_order_operate.html?command=get_materiel&rest_code=00101&code=00101019272&supplier_code=00100100&order_time=2023-01-30 HTTP/1.1" 200 465
180.169.147.146 - - [30/Jan/2023:11:38:36 +0800] "GET /xingrg/kc/buy/cgsh_order_operate.html?command=get_materiel&rest_code=00147&code=00101009045&supplier_code=00100022&order_time=2023-01-30 HTTP/1.1" 200 412
120.253.135.82 - - [30/Jan/2023:11:38:38 +0800] "POST /xingrg/kc/buy/cgsh_order_operate.html HTTP/1.1" 200 2065
120.253.135.82 - - [30/Jan/2023:11:38:39 +0800] "GET /xingrg/all/function/internal_message.html?_=1675049743759&CODE_STATE=getMsg HTTP/1.1" 200 27
101.83.145.75 - - [30/Jan/2023:11:38:39 +0800] "GET /xingrg/kc/base/wldb_order_operate.html?command=get_materiel&rest_code=00105&base_code=0010507&code=00101013154 HTTP/1.1" 200 458
101.83.145.75 - - [30/Jan/2023:11:38:47 +0800] "GET /xingrg/all/function/internal_message.html?_=1675049934724&CODE_STATE=getMsg HTTP/1.1" 200 27
180.169.147.146 - - [30/Jan/2023:11:38:48 +0800] "POST /xingrg/kc/buy/cgsh_order_operate.html HTTP/1.1" 200 37
114.88.159.190 - - [30/Jan/2023:11:38:49 +0800] "GET /xingrg/check_reg.html?_=1675049508487 HTTP/1.1" 200 22
120.253.135.82 - - [30/Jan/2023:11:38:50 +0800] "GET /xingrg/kc/buy/cgsh_order_operate.html?command=get_materiel&rest_code=00101&code=00101019262&supplier_code=00100100&order_time=2023-01-30 HTTP/1.1" 200 458
114.88.159.190 - - [30/Jan/2023:11:38:54 +0800] "GET /xingrg/kc/buy/cgsh_order_operate.html?command=get_materiel&rest_code=00141&code=00101003003&supplier_code=00100094&order_time=2023-01-30 HTTP/1.1" 200 416
180.162.115.82 - - [30/Jan/2023:11:39:01 +0800] "GET /xingrg/all/function/internal_message.html?_=1675048907494&CODE_STATE=getMsg HTTP/1.1" 200 27
101.83.145.75 - - [30/Jan/2023:11:39:05 +0800] "GET /xingrg/kc/base/wldb_order_operate.html?command=get_materiel&rest_code=00105&base_code=0010507&code=00101016019 HTTP/1.1" 200 451
112.51.222.203 - - [30/Jan/2023:11:39:06 +0800] "GET /xingrg/all/function/internal_message.html?_=1675049952954&CODE_STATE=getMsg HTTP/1.1" 200 27
114.83.222.182 - - [30/Jan/2023:11:39:08 +0800] "GET /xingrg/all/function/internal_message.html?_=1675050052886&CODE_STATE=getMsg HTTP/1.1" 200 27
114.83.222.182 - - [30/Jan/2023:11:39:08 +0800] "GET /xingrg/check_reg.html?_=1675050052887 HTTP/1.1" 200 22
114.88.159.190 - - [30/Jan/2023:11:39:08 +0800] "POST /xingrg/kc/buy/cgsh_order_operate.html HTTP/1.1" 200 37
101.229.22.234 - - [30/Jan/2023:11:39:11 +0800] "GET /xingrg/all/function/internal_message.html?_=1675049955651&CODE_STATE=getMsg HTTP/1.1" 200 27
124.79.72.155 - - [30/Jan/2023:11:39:12 +0800] "GET /xingrg/all/function/internal_message.html?_=1675049958952&CODE_STATE=getMsg HTTP/1.1" 200 27
114.88.159.190 - - [30/Jan/2023:11:39:12 +0800] "POST /xingrg/kc/buy/cgsh_order_operate.html HTTP/1.1" 200 12
116.192.124.172 - - [30/Jan/2023:11:39:15 +0800] "GET /xingrg/all/function/internal_message.html?_=1675049961845&CODE_STATE=getMsg HTTP/1.1" 200 27
101.83.145.75 - - [30/Jan/2023:11:39:15 +0800] "GET /xingrg/kc/base/wldb_order_operate.html?command=get_materiel&rest_code=00105&base_code=0010507&code=00101013076 HTTP/1.1" 200 442
180.157.253.110 - - [30/Jan/2023:11:39:15 +0800] "GET /xingrg/all/function/internal_message.html?_=1675049968761&CODE_STATE=getMsg HTTP/1.1" 200 27
114.88.159.190 - - [30/Jan/2023:11:39:16 +0800] "GET /xingrg/kc/buy/cgsh_order_info.html?code=212023013007626 HTTP/1.1" 200 64660
114.88.159.190 - - [30/Jan/2023:11:39:17 +0800] "GET /xingrg/javascript/easyui/themes/default/validatebox.css HTTP/1.1" 404 1104
114.88.159.190 - - [30/Jan/2023:11:39:17 +0800] "POST /xingrg/kc/buy/cgsh_order_operate.html HTTP/1.1" 200 615
114.88.159.190 - - [30/Jan/2023:11:39:19 +0800] "GET /xingrg/kc/print/load_data.html?order_code=212023013007626&kc_code=cgsh&condition= HTTP/1.1" 200 794
101.83.145.75 - - [30/Jan/2023:11:39:22 +0800] "GET /xingrg/kc/base/wldb_order_operate.html?command=get_materiel&rest_code=00105&base_code=0010507&code=00101013193 HTTP/1.1" 200 444
124.78.154.177 - - [30/Jan/2023:11:39:24 +0800] "GET /xingrg/all/function/internal_message.html?_=1675049969714&CODE_STATE=getMsg HTTP/1.1" 200 27
180.169.147.146 - - [30/Jan/2023:11:39:26 +0800] "POST /xingrg/kc/buy/cgsh_order_operate.html HTTP/1.1" 200 2657
116.230.105.139 - - [30/Jan/2023:11:39:26 +0800] "GET /xingrg/all/function/internal_message.html?_=1675049972406&CODE_STATE=getMsg HTTP/1.1" 200 27
222.70.181.49 - - [30/Jan/2023:11:39:29 +0800] "GET /xingrg/all/function/internal_message.html?_=1675049975491&CODE_STATE=getMsg HTTP/1.1" 200 27
180.169.147.146 - - [30/Jan/2023:11:39:30 +0800] "GET /xingrg/kc/print/load_data.html?order_code=212023013007625&kc_code=cgsh&condition= HTTP/1.1" 200 708
116.235.244.242 - - [30/Jan/2023:11:39:31 +0800] "GET /xingrg/all/function/internal_message.html?_=1675049980190&CODE_STATE=getMsg HTTP/1.1" 200 27
101.83.145.75 - - [30/Jan/2023:11:39:32 +0800] "GET /xingrg/kc/base/wldb_order_operate.html?command=get_materiel&rest_code=00105&base_code=0010507&code=00101013203 HTTP/1.1" 200 430
180.169.147.146 - - [30/Jan/2023:11:39:33 +0800] "GET /xingrg/kc/buy/cgsh_order_add.html HTTP/1.1" 200 69761
180.169.147.146 - - [30/Jan/2023:11:39:34 +0800] "POST /xingrg/kc/buy/cgsh_order_operate.html HTTP/1.1" 200 8245
180.169.147.146 - - [30/Jan/2023:11:39:34 +0800] "GET /xingrg/javascript/easyui/themes/default/validatebox.css HTTP/1.1" 404 1104
180.169.147.146 - - [30/Jan/2023:11:39:38 +0800] "GET /xingrg/check_reg.html?_=1675049985972 HTTP/1.1" 200 22
120.253.135.82 - - [30/Jan/2023:11:39:39 +0800] "GET /xingrg/all/function/internal_message.html?_=1675049803774&CODE_STATE=getMsg HTTP/1.1" 200 27
101.83.145.75 - - [30/Jan/2023:11:39:40 +0800] "GET /xingrg/kc/base/wldb_order_operate.html?command=get_materiel&rest_code=00105&base_code=0010507&code=00101019222 HTTP/1.1" 200 454
101.83.145.75 - - [30/Jan/2023:11:39:47 +0800] "GET /xingrg/all/function/internal_message.html?_=1675049994692&CODE_STATE=getMsg HTTP/1.1" 200 27
120.253.135.82 - - [30/Jan/2023:11:39:48 +0800] "GET /xingrg/kc/buy/cgsh_order_operate.html?command=get_materiel&rest_code=00101&code=00101020397&supplier_code=00100100&order_time=2023-01-30 HTTP/1.1" 200 399
101.83.145.75 - - [30/Jan/2023:11:39:51 +0800] "GET /xingrg/kc/base/wldb_order_operate.html?command=get_materiel&rest_code=00105&base_code=0010507&code=00101016001 HTTP/1.1" 200 458
180.162.115.82 - - [30/Jan/2023:11:40:01 +0800] "GET /xingrg/all/function/internal_message.html?_=1675048967494&CODE_STATE=getMsg HTTP/1.1" 200 27
101.83.145.75 - - [30/Jan/2023:11:40:01 +0800] "GET /xingrg/kc/base/wldb_order_operate.html?command=get_materiel&rest_code=00105&base_code=0010507&code=00101013003 HTTP/1.1" 200 429
180.169.147.146 - - [30/Jan/2023:11:40:06 +0800] "GET /xingrg/kc/buy/cgsh_order_operate.html?command=get_materiel&rest_code=00147&code=00101029025&supplier_code=00100017&order_time=2023-01-30 HTTP/1.1" 200 442
112.51.222.203 - - [30/Jan/2023:11:40:06 +0800] "GET /xingrg/all/function/internal_message.html?_=1675050012952&CODE_STATE=getMsg HTTP/1.1" 200 27
114.83.222.182 - - [30/Jan/2023:11:40:08 +0800] "GET /xingrg/all/function/internal_message.html?_=1675050112885&CODE_STATE=getMsg HTTP/1.1" 200 27
101.83.145.75 - - [30/Jan/2023:11:40:10 +0800] "GET /xingrg/kc/base/wldb_order_operate.html?command=get_materiel&rest_code=00105&base_code=0010507&code=00101019133 HTTP/1.1" 200 479
120.253.135.82 - - [30/Jan/2023:11:40:10 +0800] "GET /xingrg/check_reg.html?_=1675049834869 HTTP/1.1" 200 22
101.229.22.234 - - [30/Jan/2023:11:40:11 +0800] "GET /xingrg/all/function/internal_message.html?_=1675050015652&CODE_STATE=getMsg HTTP/1.1" 200 27
124.79.72.155 - - [30/Jan/2023:11:40:12 +0800] "GET /xingrg/all/function/internal_message.html?_=1675050018950&CODE_STATE=getMsg HTTP/1.1" 200 27
116.192.124.172 - - [30/Jan/2023:11:40:15 +0800] "GET /xingrg/all/function/internal_message.html?_=1675050021835&CODE_STATE=getMsg HTTP/1.1" 200 27
180.157.253.110 - - [30/Jan/2023:11:40:15 +0800] "GET /xingrg/check_reg.html?_=1675050028747 HTTP/1.1" 200 22
180.157.253.110 - - [30/Jan/2023:11:40:15 +0800] "GET /xingrg/all/function/internal_message.html?_=1675050028749&CODE_STATE=getMsg HTTP/1.1" 200 27
101.83.145.75 - - [30/Jan/2023:11:40:17 +0800] "GET /xingrg/kc/base/wldb_order_operate.html?command=get_materiel&rest_code=00105&base_code=0010507&code=00101019358 HTTP/1.1" 200 460
101.83.145.75 - - [30/Jan/2023:11:40:18 +0800] "GET /xingrg/check_reg.html?_=1675049864304 HTTP/1.1" 302 -
180.169.147.146 - - [30/Jan/2023:11:40:20 +0800] "GET /xingrg/all/function/internal_message.html?_=1675050027758&CODE_STATE=getMsg HTTP/1.1" 200 27
180.169.147.146 - - [30/Jan/2023:11:40:21 +0800] "GET /xingrg/kc/buy/cgsh_order_operate.html?command=get_materiel&rest_code=00147&code=00101029002&supplier_code=00100017&order_time=2023-01-30 HTTP/1.1" 200 472
180.169.147.146 - - [30/Jan/2023:11:40:22 +0800] "POST /xingrg/all/common/load_select.html HTTP/1.1" 200 25
124.78.154.177 - - [30/Jan/2023:11:40:23 +0800] "GET /xingrg/check_reg.html?_=1675050028701 HTTP/1.1" 200 22
124.78.154.177 - - [30/Jan/2023:11:40:24 +0800] "GET /xingrg/all/function/internal_message.html?_=1675050029691&CODE_STATE=getMsg HTTP/1.1" 200 27
116.230.105.139 - - [30/Jan/2023:11:40:26 +0800] "GET /xingrg/all/function/internal_message.html?_=1675050032391&CODE_STATE=getMsg HTTP/1.1" 200 27
180.169.147.146 - - [30/Jan/2023:11:40:26 +0800] "GET /xingrg/kc/buy/cgsh_order_operate.html?command=get_materiel_price&rest_code=00147&code=00101029002&unit_code=00100157&supplier_code=00100017&order_time=2023-01-30 HTTP/1.1" 200 29
222.70.181.49 - - [30/Jan/2023:11:40:29 +0800] "GET /xingrg/check_reg.html?_=1675050035492 HTTP/1.1" 200 22
222.70.181.49 - - [30/Jan/2023:11:40:29 +0800] "GET /xingrg/all/function/internal_message.html?_=1675050035496&CODE_STATE=getMsg HTTP/1.1" 200 27
116.235.244.242 - - [30/Jan/2023:11:40:32 +0800] "GET /xingrg/all/function/internal_message.html?_=1675050040316&CODE_STATE=getMsg HTTP/1.1" 200 27
180.169.147.146 - - [30/Jan/2023:11:40:37 +0800] "GET /xingrg/kc/buy/cgsh_order_operate.html?command=get_materiel&rest_code=00147&code=00101028011&supplier_code=00100017&order_time=2023-01-30 HTTP/1.1" 200 477
120.253.135.82 - - [30/Jan/2023:11:40:39 +0800] "GET /xingrg/all/function/internal_message.html?_=1675049863787&CODE_STATE=getMsg HTTP/1.1" 200 27
180.169.147.146 - - [30/Jan/2023:11:40:41 +0800] "POST /xingrg/all/common/load_select.html HTTP/1.1" 200 25
116.230.105.139 - - [30/Jan/2023:11:40:42 +0800] "GET /xingrg/check_reg.html?_=1675050048590 HTTP/1.1" 200 22
180.169.147.146 - - [30/Jan/2023:11:40:44 +0800] "GET /xingrg/kc/buy/cgsh_order_operate.html?command=get_materiel_price&rest_code=00147&code=00101028011&unit_code=00100157&supplier_code=00100017&order_time=2023-01-30 HTTP/1.1" 200 29
101.83.145.75 - - [30/Jan/2023:11:40:47 +0800] "GET /xingrg/all/function/internal_message.html?_=1675050054711&CODE_STATE=getMsg HTTP/1.1" 200 27
180.169.147.146 - - [30/Jan/2023:11:41:01 +0800] "GET /xingrg/kc/buy/cgsh_order_operate.html?command=get_materiel&rest_code=00147&code=00101029022&supplier_code=00100017&order_time=2023-01-30 HTTP/1.1" 200 474
180.162.115.82 - - [30/Jan/2023:11:41:01 +0800] "GET /xingrg/all/function/internal_message.html?_=1675049027494&CODE_STATE=getMsg HTTP/1.1" 200 27
180.162.115.82 - - [30/Jan/2023:11:41:01 +0800] "GET /xingrg/check_reg.html?_=1675049027495 HTTP/1.1" 200 22
101.83.145.75 - - [30/Jan/2023:11:41:03 +0800] "POST /xingrg/kc/base/wldb_order_operate.html HTTP/1.1" 200 37
101.83.145.75 - - [30/Jan/2023:11:41:03 +0800] "POST /xingrg/kc/base/wldb_order_operate.html HTTP/1.1" 200 6548
120.253.135.82 - - [30/Jan/2023:11:41:04 +0800] "GET /xingrg/kc/buy/cgsh_order_operate.html?command=get_materiel&rest_code=00101&code=00101010522&supplier_code=00100100&order_time=2023-01-30 HTTP/1.1" 200 424
101.83.145.75 - - [30/Jan/2023:11:41:05 +0800] "GET /xingrg/kc/base/wldb_order_info.html?code=422023013001821 HTTP/1.1" 200 30436
180.169.147.146 - - [30/Jan/2023:11:41:05 +0800] "POST /xingrg/all/common/load_select.html HTTP/1.1" 200 25
101.83.145.75 - - [30/Jan/2023:11:41:05 +0800] "GET /xingrg/javascript/easyui/themes/default/validatebox.css HTTP/1.1" 404 1104
101.83.145.75 - - [30/Jan/2023:11:41:06 +0800] "POST /xingrg/kc/base/wldb_order_operate.html HTTP/1.1" 200 6548
112.51.222.203 - - [30/Jan/2023:11:41:06 +0800] "GET /xingrg/all/function/internal_message.html?_=1675050072951&CODE_STATE=getMsg HTTP/1.1" 200 27
112.51.222.203 - - [30/Jan/2023:11:41:06 +0800] "GET /xingrg/check_reg.html?_=1675050072958 HTTP/1.1" 200 22
114.83.222.182 - - [30/Jan/2023:11:41:08 +0800] "GET /xingrg/all/function/internal_message.html?_=1675050172881&CODE_STATE=getMsg HTTP/1.1" 200 27
180.169.147.146 - - [30/Jan/2023:11:41:08 +0800] "GET /xingrg/kc/buy/cgsh_order_operate.html?command=get_materiel_price&rest_code=00147&code=00101029022&unit_code=00100157&supplier_code=00100017&order_time=2023-01-30 HTTP/1.1" 200 29
101.229.22.234 - - [30/Jan/2023:11:41:11 +0800] "GET /xingrg/all/function/internal_message.html?_=1675050075650&CODE_STATE=getMsg HTTP/1.1" 200 27
124.79.72.155 - - [30/Jan/2023:11:41:12 +0800] "GET /xingrg/all/function/internal_message.html?_=1675050078964&CODE_STATE=getMsg HTTP/1.1" 200 27
116.192.124.172 - - [30/Jan/2023:11:41:15 +0800] "GET /xingrg/all/function/internal_message.html?_=1675050081821&CODE_STATE=getMsg HTTP/1.1" 200 27
180.157.253.110 - - [30/Jan/2023:11:41:15 +0800] "GET /xingrg/all/function/internal_message.html?_=1675050088748&CODE_STATE=getMsg HTTP/1.1" 200 27
180.169.147.146 - - [30/Jan/2023:11:41:22 +0800] "POST /xingrg/kc/buy/cgsh_order_operate.html HTTP/1.1" 200 37
124.78.154.177 - - [30/Jan/2023:11:41:24 +0800] "GET /xingrg/all/function/internal_message.html?_=1675050089669&CODE_STATE=getMsg HTTP/1.1" 200 27
180.169.147.146 - - [30/Jan/2023:11:41:24 +0800] "POST /xingrg/kc/buy/cgsh_order_operate.html HTTP/1.1" 200 4553
180.169.147.146 - - [30/Jan/2023:11:41:25 +0800] "GET /xingrg/kc/print/load_data.html?order_code=212023013007627&kc_code=cgsh&condition= HTTP/1.1" 200 1546
116.230.105.139 - - [30/Jan/2023:11:41:26 +0800] "GET /xingrg/all/function/internal_message.html?_=1675050092385&CODE_STATE=getMsg HTTP/1.1" 200 27
222.70.181.49 - - [30/Jan/2023:11:41:29 +0800] "GET /xingrg/all/function/internal_message.html?_=1675050095495&CODE_STATE=getMsg HTTP/1.1" 200 27
116.235.244.242 - - [30/Jan/2023:11:41:32 +0800] "GET /xingrg/all/function/internal_message.html?_=1675050100326&CODE_STATE=getMsg HTTP/1.1" 200 27
120.253.135.82 - - [30/Jan/2023:11:41:39 +0800] "GET /xingrg/all/function/internal_message.html?_=1675049923801&CODE_STATE=getMsg HTTP/1.1" 200 27
120.253.135.82 - - [30/Jan/2023:11:41:44 +0800] "GET /xingrg/kc/buy/cgsh_order_operate.html?command=get_materiel&rest_code=00101&code=00101020042&supplier_code=00100100&order_time=2023-01-30 HTTP/1.1" 200 416
101.83.145.75 - - [30/Jan/2023:11:41:48 +0800] "GET /xingrg/kc/base/wldb_order_add.html HTTP/1.1" 200 30422
101.83.145.75 - - [30/Jan/2023:11:41:48 +0800] "POST /xingrg/kc/base/wldb_order_operate.html HTTP/1.1" 200 6806
101.83.145.75 - - [30/Jan/2023:11:41:48 +0800] "GET /xingrg/javascript/easyui/themes/default/validatebox.css HTTP/1.1" 404 1104
101.83.145.75 - - [30/Jan/2023:11:41:49 +0800] "POST /xingrg/all/common/load_combo.html?type=base HTTP/1.1" 200 3409
180.162.115.82 - - [30/Jan/2023:11:42:01 +0800] "GET /xingrg/all/function/internal_message.html?_=1675049087495&CODE_STATE=getMsg HTTP/1.1" 200 27
120.253.135.82 - - [30/Jan/2023:11:42:06 +0800] "GET /xingrg/kc/buy/cgsh_order_operate.html?command=get_materiel&rest_code=00101&code=00101037054&supplier_code=00100100&order_time=2023-01-30 HTTP/1.1" 200 444
112.51.222.203 - - [30/Jan/2023:11:42:06 +0800] "GET /xingrg/all/function/internal_message.html?_=1675050132961&CODE_STATE=getMsg HTTP/1.1" 200 27
101.83.145.75 - - [30/Jan/2023:11:42:07 +0800] "GET /xingrg/kc/base/wldb_order_operate.html?command=get_materiel&rest_code=00105&base_code=0010507&code=00101019015 HTTP/1.1" 200 451
114.83.222.182 - - [30/Jan/2023:11:42:08 +0800] "GET /xingrg/all/function/internal_message.html?_=1675050232874&CODE_STATE=getMsg HTTP/1.1" 200 27
101.83.145.75 - - [30/Jan/2023:11:42:08 +0800] "GET /xingrg/check_reg.html?_=1675050136157 HTTP/1.1" 200 22
120.253.135.82 - - [30/Jan/2023:11:42:09 +0800] "POST /xingrg/kc/buy/cgsh_order_operate.html HTTP/1.1" 200 2065
101.229.22.234 - - [30/Jan/2023:11:42:11 +0800] "GET /xingrg/all/function/internal_message.html?_=1675050135651&CODE_STATE=getMsg HTTP/1.1" 200 27
124.79.72.155 - - [30/Jan/2023:11:42:12 +0800] "GET /xingrg/check_reg.html?_=1675050138962 HTTP/1.1" 200 22
124.79.72.155 - - [30/Jan/2023:11:42:12 +0800] "GET /xingrg/all/function/internal_message.html?_=1675050138963&CODE_STATE=getMsg HTTP/1.1" 200 27
101.83.145.75 - - [30/Jan/2023:11:42:13 +0800] "GET /xingrg/kc/base/wldb_order_operate.html?command=get_materiel&rest_code=00105&base_code=0010507&code=00101019542 HTTP/1.1" 200 448
116.192.124.172 - - [30/Jan/2023:11:42:14 +0800] "GET /xingrg/all/function/internal_message.html?_=1675050141803&CODE_STATE=getMsg HTTP/1.1" 200 27
180.157.253.110 - - [30/Jan/2023:11:42:15 +0800] "GET /xingrg/all/function/internal_message.html?_=1675050148748&CODE_STATE=getMsg HTTP/1.1" 200 27
180.169.147.146 - - [30/Jan/2023:11:42:20 +0800] "GET /xingrg/all/function/internal_message.html?_=1675050147762&CODE_STATE=getMsg HTTP/1.1" 200 27
124.78.154.177 - - [30/Jan/2023:11:42:24 +0800] "GET /xingrg/all/function/internal_message.html?_=1675050149641&CODE_STATE=getMsg HTTP/1.1" 200 27
116.230.105.139 - - [30/Jan/2023:11:42:26 +0800] "GET /xingrg/all/function/internal_message.html?_=1675050152360&CODE_STATE=getMsg HTTP/1.1" 200 27
222.70.181.49 - - [30/Jan/2023:11:42:29 +0800] "GET /xingrg/all/function/internal_message.html?_=1675050155494&CODE_STATE=getMsg HTTP/1.1" 200 27
116.235.244.242 - - [30/Jan/2023:11:42:30 +0800] "GET /xingrg/check_reg.html?_=1675050158773 HTTP/1.1" 200 22
116.235.244.242 - - [30/Jan/2023:11:42:32 +0800] "GET /xingrg/all/function/internal_message.html?_=1675050160339&CODE_STATE=getMsg HTTP/1.1" 200 27
120.253.135.82 - - [30/Jan/2023:11:42:33 +0800] "GET /xingrg/kc/buy/cgsh_order_operate.html?command=get_materiel&rest_code=00101&code=00101019366&supplier_code=00100100&order_time=2023-01-30 HTTP/1.1" 200 450
120.253.135.82 - - [30/Jan/2023:11:42:39 +0800] "GET /xingrg/all/function/internal_message.html?_=1675049983814&CODE_STATE=getMsg HTTP/1.1" 200 27
101.83.241.7 - - [30/Jan/2023:11:42:45 +0800] "GET /xingrg/login.html?sysBaseUrl=http%3A%2F%2F180.169.147.146%3A18081%2Fxingrg%2F&costTime=31×tamp=1615347190560 HTTP/1.1" 200 7641
101.83.241.7 - - [30/Jan/2023:11:42:45 +0800] "GET /favicon.ico HTTP/1.1" 404 -
101.83.145.75 - - [30/Jan/2023:11:42:47 +0800] "GET /xingrg/all/function/internal_message.html?_=1675050174686&CODE_STATE=getMsg HTTP/1.1" 200 27
120.253.135.82 - - [30/Jan/2023:11:42:52 +0800] "GET /xingrg/kc/buy/cgsh_order_operate.html?command=get_materiel&rest_code=00101&code=00101019348&supplier_code=00100100&order_time=2023-01-30 HTTP/1.1" 200 420
101.83.241.7 - - [30/Jan/2023:11:42:55 +0800] "POST /xingrg/login.do HTTP/1.1" 302 -
101.83.241.7 - - [30/Jan/2023:11:42:55 +0800] "GET /xingrg/index.html?sysBaseUrl=http%3A%2F%2F180.169.147.146%3A18081%2Fxingrg%2F&costTime=54×tamp=1675050175914 HTTP/1.1" 200 17179
101.83.241.7 - - [30/Jan/2023:11:42:56 +0800] "GET /favicon.ico HTTP/1.1" 404 -
101.83.241.7 - - [30/Jan/2023:11:42:56 +0800] "POST /xingrg/all/common/load_tree.html?tree=area_rest_tree_json&manage=1 HTTP/1.1" 200 351
101.83.241.7 - - [30/Jan/2023:11:42:56 +0800] "GET /xingrg/all/function/internal_message.html?_=1675050181898&CODE_STATE=count HTTP/1.1" 200 11
101.83.241.7 - - [30/Jan/2023:11:42:56 +0800] "POST /xingrg/load_menu.html HTTP/1.1" 200 5138
101.83.241.7 - - [30/Jan/2023:11:42:56 +0800] "GET /xingrg/check_reg.html?_=1675050181898 HTTP/1.1" 200 22
180.162.115.82 - - [30/Jan/2023:11:43:01 +0800] "GET /xingrg/all/function/internal_message.html?_=1675049147499&CODE_STATE=getMsg HTTP/1.1" 200 27
101.83.145.75 - - [30/Jan/2023:11:43:04 +0800] "GET /xingrg/kc/base/wldb_order_operate.html?command=get_materiel&rest_code=00105&base_code=0010507&code=00101019391 HTTP/1.1" 200 483
112.51.222.203 - - [30/Jan/2023:11:43:06 +0800] "GET /xingrg/all/function/internal_message.html?_=1675050192967&CODE_STATE=getMsg HTTP/1.1" 200 27
114.83.222.182 - - [30/Jan/2023:11:43:08 +0800] "GET /xingrg/all/function/internal_message.html?_=1675050292888&CODE_STATE=getMsg HTTP/1.1" 200 27
101.83.145.75 - - [30/Jan/2023:11:43:08 +0800] "POST /xingrg/kc/base/wldb_order_operate.html HTTP/1.1" 200 37
101.83.145.75 - - [30/Jan/2023:11:43:08 +0800] "POST /xingrg/kc/base/wldb_order_operate.html HTTP/1.1" 200 4181
101.229.22.234 - - [30/Jan/2023:11:43:11 +0800] "GET /xingrg/check_reg.html?_=1675050195651 HTTP/1.1" 200 22
101.229.22.234 - - [30/Jan/2023:11:43:11 +0800] "GET /xingrg/all/function/internal_message.html?_=1675050195653&CODE_STATE=getMsg HTTP/1.1" 200 27
124.79.72.155 - - [30/Jan/2023:11:43:12 +0800] "GET /xingrg/all/function/internal_message.html?_=1675050198961&CODE_STATE=getMsg HTTP/1.1" 200 27
101.83.145.75 - - [30/Jan/2023:11:43:14 +0800] "GET /xingrg/kc/base/wldb_order_info.html?code=422023013001822 HTTP/1.1" 200 30437
101.83.145.75 - - [30/Jan/2023:11:43:14 +0800] "GET /xingrg/javascript/easyui/themes/default/validatebox.css HTTP/1.1" 404 1104
116.192.124.172 - - [30/Jan/2023:11:43:14 +0800] "GET /xingrg/all/function/internal_message.html?_=1675050201774&CODE_STATE=getMsg HTTP/1.1" 200 27
101.83.145.75 - - [30/Jan/2023:11:43:15 +0800] "POST /xingrg/kc/base/wldb_order_operate.html HTTP/1.1" 200 4181
180.157.253.110 - - [30/Jan/2023:11:43:15 +0800] "GET /xingrg/all/function/internal_message.html?_=1675050208749&CODE_STATE=getMsg HTTP/1.1" 200 27
116.192.124.172 - - [30/Jan/2023:11:43:16 +0800] "GET /xingrg/check_reg.html?_=1675050203066 HTTP/1.1" 200 22
180.169.147.146 - - [30/Jan/2023:11:43:20 +0800] "GET /xingrg/all/function/internal_message.html?_=1675050207735&CODE_STATE=getMsg HTTP/1.1" 200 27
101.83.145.75 - - [30/Jan/2023:11:43:21 +0800] "GET /xingrg/kc/base/wldb_order_add.html HTTP/1.1" 200 30422
101.83.145.75 - - [30/Jan/2023:11:43:21 +0800] "POST /xingrg/kc/base/wldb_order_operate.html HTTP/1.1" 200 6806
101.83.145.75 - - [30/Jan/2023:11:43:21 +0800] "GET /xingrg/javascript/easyui/themes/default/validatebox.css HTTP/1.1" 404 1104
101.83.145.75 - - [30/Jan/2023:11:43:23 +0800] "POST /xingrg/all/common/load_combo.html?type=base HTTP/1.1" 200 3409
120.253.135.82 - - [30/Jan/2023:11:43:23 +0800] "GET /xingrg/kc/buy/cgsh_order_operate.html?command=get_materiel&rest_code=00101&code=00101019450&supplier_code=00100100&order_time=2023-01-30 HTTP/1.1" 200 480
124.78.154.177 - - [30/Jan/2023:11:43:23 +0800] "GET /xingrg/all/function/internal_message.html?_=1675050209612&CODE_STATE=getMsg HTTP/1.1" 200 27
116.230.105.139 - - [30/Jan/2023:11:43:26 +0800] "GET /xingrg/all/function/internal_message.html?_=1675050212350&CODE_STATE=getMsg HTTP/1.1" 200 27
120.253.135.82 - - [30/Jan/2023:11:43:27 +0800] "POST /xingrg/all/common/load_select.html HTTP/1.1" 200 25
222.70.181.49 - - [30/Jan/2023:11:43:29 +0800] "GET /xingrg/all/function/internal_message.html?_=1675050215493&CODE_STATE=getMsg HTTP/1.1" 200 27
120.253.135.82 - - [30/Jan/2023:11:43:31 +0800] "GET /xingrg/kc/buy/cgsh_order_operate.html?command=get_materiel_price&rest_code=00101&code=00101019450&unit_code=00100157&supplier_code=00100100&order_time=2023-01-30 HTTP/1.1" 200 31
116.235.244.242 - - [30/Jan/2023:11:43:32 +0800] "GET /xingrg/all/function/internal_message.html?_=1675050220354&CODE_STATE=getMsg HTTP/1.1" 200 27
120.253.135.82 - - [30/Jan/2023:11:43:39 +0800] "GET /xingrg/all/function/internal_message.html?_=1675050043827&CODE_STATE=getMsg HTTP/1.1" 200 27
101.83.145.75 - - [30/Jan/2023:11:43:47 +0800] "GET /xingrg/all/function/internal_message.html?_=1675050234673&CODE_STATE=getMsg HTTP/1.1" 200 27
101.83.241.7 - - [30/Jan/2023:11:43:48 +0800] "GET /xingrg/kc/base/wldb_order_list.html HTTP/1.1" 200 19145
101.83.241.7 - - [30/Jan/2023:11:43:49 +0800] "POST /xingrg/kc/base/wldb_list_operate.html HTTP/1.1" 200 928
114.88.159.190 - - [30/Jan/2023:11:43:49 +0800] "GET /xingrg/check_reg.html?_=1675049808459 HTTP/1.1" 200 22
101.83.241.7 - - [30/Jan/2023:11:43:50 +0800] "GET /xingrg/kc/base/wldb_order_add.html HTTP/1.1" 200 30428
101.83.241.7 - - [30/Jan/2023:11:43:50 +0800] "POST /xingrg/kc/base/wldb_order_operate.html HTTP/1.1" 200 6806
101.83.241.7 - - [30/Jan/2023:11:43:50 +0800] "GET /xingrg/all/common/auto_word.html?type=base&rest_code=00149 HTTP/1.1" 200 1907
101.83.241.7 - - [30/Jan/2023:11:43:50 +0800] "GET /xingrg/all/common/auto_word.html?type=base&rest_code=00149 HTTP/1.1" 200 1907
101.83.241.7 - - [30/Jan/2023:11:43:50 +0800] "GET /xingrg/javascript/easyui/themes/default/validatebox.css HTTP/1.1" 404 1104
120.253.135.82 - - [30/Jan/2023:11:43:51 +0800] "GET /xingrg/kc/buy/cgsh_order_operate.html?command=get_materiel&rest_code=00101&code=00101019243&supplier_code=00100100&order_time=2023-01-30 HTTP/1.1" 200 465
101.83.241.7 - - [30/Jan/2023:11:43:52 +0800] "GET /xingrg/javascript/auto/indicator.gif HTTP/1.1" 404 1066
101.83.145.75 - - [30/Jan/2023:11:43:52 +0800] "GET /xingrg/kc/base/wldb_order_operate.html?command=get_materiel&rest_code=00105&base_code=0010507&code=00101019079 HTTP/1.1" 200 478
120.253.135.82 - - [30/Jan/2023:11:43:53 +0800] "POST /xingrg/all/common/load_select.html HTTP/1.1" 200 25
101.83.241.7 - - [30/Jan/2023:11:43:54 +0800] "GET /xingrg/javascript/jquery_tools/images/prev.gif HTTP/1.1" 404 1086
101.83.241.7 - - [30/Jan/2023:11:43:54 +0800] "GET /xingrg/javascript/jquery_tools/images/next.gif HTTP/1.1" 404 1086
101.83.241.7 - - [30/Jan/2023:11:43:56 +0800] "GET /xingrg/all/function/internal_message.html?_=1675050242301&CODE_STATE=getMsg HTTP/1.1" 200 27
101.83.145.75 - - [30/Jan/2023:11:43:57 +0800] "POST /xingrg/kc/base/wldb_order_operate.html HTTP/1.1" 200 37
120.253.135.82 - - [30/Jan/2023:11:43:57 +0800] "GET /xingrg/kc/buy/cgsh_order_operate.html?command=get_materiel_price&rest_code=00101&code=00101019243&unit_code=00100157&supplier_code=00100100&order_time=2023-01-30 HTTP/1.1" 200 30
101.83.145.75 - - [30/Jan/2023:11:43:58 +0800] "POST /xingrg/kc/base/wldb_order_operate.html HTTP/1.1" 200 2704
180.162.115.82 - - [30/Jan/2023:11:44:01 +0800] "GET /xingrg/all/function/internal_message.html?_=1675049207525&CODE_STATE=getMsg HTTP/1.1" 200 27
101.83.241.7 - - [30/Jan/2023:11:44:03 +0800] "GET /xingrg/kc/base/wldb_order_operate.html?command=get_materiel&rest_code=00149&base_code=0010395&code=00102028010 HTTP/1.1" 200 498
101.83.241.7 - - [30/Jan/2023:11:44:06 +0800] "POST /xingrg/all/common/load_select.html HTTP/1.1" 200 25
112.51.222.203 - - [30/Jan/2023:11:44:06 +0800] "GET /xingrg/all/function/internal_message.html?_=1675050252962&CODE_STATE=getMsg HTTP/1.1" 200 27
114.83.222.182 - - [30/Jan/2023:11:44:08 +0800] "GET /xingrg/check_reg.html?_=1675050352886 HTTP/1.1" 200 22
114.83.222.182 - - [30/Jan/2023:11:44:08 +0800] "GET /xingrg/all/function/internal_message.html?_=1675050352888&CODE_STATE=getMsg HTTP/1.1" 200 27
101.83.241.7 - - [30/Jan/2023:11:44:08 +0800] "GET /xingrg/kc/base/wldb_order_operate.html?command=get_materiel_price&rest_code=00149&base_code=0010395&code=00102028010&unit_code=00100193 HTTP/1.1" 200 35
101.83.145.75 - - [30/Jan/2023:11:44:09 +0800] "GET /xingrg/kc/base/wldb_order_info.html?code=422023013001823 HTTP/1.1" 200 30436
101.83.145.75 - - [30/Jan/2023:11:44:09 +0800] "GET /xingrg/javascript/easyui/themes/default/validatebox.css HTTP/1.1" 404 1104
101.83.145.75 - - [30/Jan/2023:11:44:10 +0800] "POST /xingrg/kc/base/wldb_order_operate.html HTTP/1.1" 200 2704
101.229.22.234 - - [30/Jan/2023:11:44:11 +0800] "GET /xingrg/all/function/internal_message.html?_=1675050255655&CODE_STATE=getMsg HTTP/1.1" 200 27
124.79.72.155 - - [30/Jan/2023:11:44:12 +0800] "GET /xingrg/all/function/internal_message.html?_=1675050258959&CODE_STATE=getMsg HTTP/1.1" 200 27
116.192.124.172 - - [30/Jan/2023:11:44:14 +0800] "GET /xingrg/all/function/internal_message.html?_=1675050261758&CODE_STATE=getMsg HTTP/1.1" 200 27
180.157.253.110 - - [30/Jan/2023:11:44:15 +0800] "GET /xingrg/all/function/internal_message.html?_=1675050268749&CODE_STATE=getMsg HTTP/1.1" 200 27
120.253.135.82 - - [30/Jan/2023:11:44:18 +0800] "GET /xingrg/kc/buy/cgsh_order_operate.html?command=get_materiel&rest_code=00101&code=00101019074&supplier_code=00100100&order_time=2023-01-30 HTTP/1.1" 200 470
180.169.147.146 - - [30/Jan/2023:11:44:20 +0800] "GET /xingrg/all/function/internal_message.html?_=1675050267719&CODE_STATE=getMsg HTTP/1.1" 200 27
120.253.135.82 - - [30/Jan/2023:11:44:21 +0800] "POST /xingrg/all/common/load_select.html HTTP/1.1" 200 25
116.230.105.139 - - [30/Jan/2023:11:44:22 +0800] "POST /xingrg/services/DataTransmitService HTTP/1.1" 200 524
116.230.105.139 - - [30/Jan/2023:11:44:23 +0800] "POST /xingrg/services/DataTransmitService HTTP/1.1" 200 412
124.78.154.177 - - [30/Jan/2023:11:44:23 +0800] "GET /xingrg/all/function/internal_message.html?_=1675050269593&CODE_STATE=getMsg HTTP/1.1" 200 27
116.230.105.139 - - [30/Jan/2023:11:44:26 +0800] "GET /xingrg/all/function/internal_message.html?_=1675050272326&CODE_STATE=getMsg HTTP/1.1" 200 27
120.253.135.82 - - [30/Jan/2023:11:44:26 +0800] "GET /xingrg/kc/buy/cgsh_order_operate.html?command=get_materiel_price&rest_code=00101&code=00101019074&unit_code=00100157&supplier_code=00100100&order_time=2023-01-30 HTTP/1.1" 200 29
222.70.181.49 - - [30/Jan/2023:11:44:29 +0800] "GET /xingrg/all/function/internal_message.html?_=1675050275518&CODE_STATE=getMsg HTTP/1.1" 200 27
120.253.135.82 - - [30/Jan/2023:11:44:30 +0800] "POST /xingrg/kc/buy/cgsh_order_operate.html HTTP/1.1" 200 2065
116.235.244.242 - - [30/Jan/2023:11:44:32 +0800] "GET /xingrg/all/function/internal_message.html?_=1675050280365&CODE_STATE=getMsg HTTP/1.1" 200 27
180.169.147.146 - - [30/Jan/2023:11:44:38 +0800] "GET /xingrg/check_reg.html?_=1675050285957 HTTP/1.1" 200 22
120.253.135.82 - - [30/Jan/2023:11:44:39 +0800] "GET /xingrg/all/function/internal_message.html?_=1675050103891&CODE_STATE=getMsg HTTP/1.1" 200 27
120.253.135.82 - - [30/Jan/2023:11:44:42 +0800] "GET /xingrg/kc/buy/cgsh_order_operate.html?command=get_materiel&rest_code=00101&code=00101019058&supplier_code=00100100&order_time=2023-01-30 HTTP/1.1" 200 435
101.83.145.75 - - [30/Jan/2023:11:44:47 +0800] "GET /xingrg/all/function/internal_message.html?_=1675050294667&CODE_STATE=getMsg HTTP/1.1" 200 27
101.83.241.7 - - [30/Jan/2023:11:44:56 +0800] "GET /xingrg/all/function/internal_message.html?_=1675050302277&CODE_STATE=getMsg HTTP/1.1" 200 27
180.162.115.82 - - [30/Jan/2023:11:45:01 +0800] "GET /xingrg/all/function/internal_message.html?_=1675049267536&CODE_STATE=getMsg HTTP/1.1" 200 27
112.51.222.203 - - [30/Jan/2023:11:45:06 +0800] "GET /xingrg/all/function/internal_message.html?_=1675050312950&CODE_STATE=getMsg HTTP/1.1" 200 27
114.83.222.182 - - [30/Jan/2023:11:45:08 +0800] "GET /xingrg/all/function/internal_message.html?_=1675050412883&CODE_STATE=getMsg HTTP/1.1" 200 27
120.253.135.82 - - [30/Jan/2023:11:45:10 +0800] "GET /xingrg/check_reg.html?_=1675050134870 HTTP/1.1" 200 22
101.229.22.234 - - [30/Jan/2023:11:45:11 +0800] "GET /xingrg/all/function/internal_message.html?_=1675050315654&CODE_STATE=getMsg HTTP/1.1" 200 27
124.79.72.155 - - [30/Jan/2023:11:45:12 +0800] "GET /xingrg/all/function/internal_message.html?_=1675050318958&CODE_STATE=getMsg HTTP/1.1" 200 27
101.83.145.75 - - [30/Jan/2023:11:45:14 +0800] "GET /xingrg/kc/base/wldb_order_add.html HTTP/1.1" 200 30422
116.192.124.172 - - [30/Jan/2023:11:45:14 +0800] "GET /xingrg/all/function/internal_message.html?_=1675050321744&CODE_STATE=getMsg HTTP/1.1" 200 27
101.83.145.75 - - [30/Jan/2023:11:45:14 +0800] "POST /xingrg/kc/base/wldb_order_operate.html HTTP/1.1" 200 6806
101.83.145.75 - - [30/Jan/2023:11:45:15 +0800] "GET /xingrg/javascript/easyui/themes/default/validatebox.css HTTP/1.1" 404 1104
180.157.253.110 - - [30/Jan/2023:11:45:15 +0800] "GET /xingrg/check_reg.html?_=1675050328749 HTTP/1.1" 200 22
180.157.253.110 - - [30/Jan/2023:11:45:15 +0800] "GET /xingrg/all/function/internal_message.html?_=1675050328751&CODE_STATE=getMsg HTTP/1.1" 200 27
101.83.145.75 - - [30/Jan/2023:11:45:15 +0800] "POST /xingrg/all/common/load_combo.html?type=base HTTP/1.1" 200 3409
101.83.145.75 - - [30/Jan/2023:11:45:18 +0800] "GET /xingrg/check_reg.html?_=1675050164315 HTTP/1.1" 302 -
180.169.147.146 - - [30/Jan/2023:11:45:19 +0800] "GET /xingrg/all/function/internal_message.html?_=1675050327703&CODE_STATE=getMsg HTTP/1.1" 200 27
124.78.154.177 - - [30/Jan/2023:11:45:23 +0800] "GET /xingrg/check_reg.html?_=1675050328702 HTTP/1.1" 200 22
124.78.154.177 - - [30/Jan/2023:11:45:23 +0800] "GET /xingrg/all/function/internal_message.html?_=1675050329600&CODE_STATE=getMsg HTTP/1.1" 200 27
116.230.105.139 - - [30/Jan/2023:11:45:26 +0800] "GET /xingrg/all/function/internal_message.html?_=1675050332311&CODE_STATE=getMsg HTTP/1.1" 200 27
120.253.135.82 - - [30/Jan/2023:11:45:29 +0800] "POST /xingrg/kc/buy/cgsh_order_operate.html HTTP/1.1" 200 37
222.70.181.49 - - [30/Jan/2023:11:45:29 +0800] "GET /xingrg/check_reg.html?_=1675050335517 HTTP/1.1" 200 22
222.70.181.49 - - [30/Jan/2023:11:45:29 +0800] "GET /xingrg/all/function/internal_message.html?_=1675050335520&CODE_STATE=getMsg HTTP/1.1" 200 27
116.235.244.242 - - [30/Jan/2023:11:45:32 +0800] "GET /xingrg/all/function/internal_message.html?_=1675050340492&CODE_STATE=getMsg HTTP/1.1" 200 27
101.83.145.75 - - [30/Jan/2023:11:45:34 +0800] "GET /xingrg/kc/base/wldb_order_operate.html?command=get_materiel&rest_code=00105&base_code=0010507&code=00101019066 HTTP/1.1" 200 455
101.83.145.75 - - [30/Jan/2023:11:45:41 +0800] "GET /xingrg/kc/base/wldb_order_operate.html?command=get_materiel&rest_code=00105&base_code=0010507&code=00101016028 HTTP/1.1" 200 433
116.230.105.139 - - [30/Jan/2023:11:45:42 +0800] "GET /xingrg/check_reg.html?_=1675050348581 HTTP/1.1" 200 22
101.83.145.75 - - [30/Jan/2023:11:45:47 +0800] "GET /xingrg/all/function/internal_message.html?_=1675050354611&CODE_STATE=getMsg HTTP/1.1" 200 27
120.253.135.82 - - [30/Jan/2023:11:45:49 +0800] "POST /xingrg/kc/buy/cgsh_order_operate.html HTTP/1.1" 200 12711
101.83.145.75 - - [30/Jan/2023:11:45:50 +0800] "GET /xingrg/kc/base/wldb_order_operate.html?command=get_materiel&rest_code=00105&base_code=0010507&code=00101019258 HTTP/1.1" 200 483
120.253.135.82 - - [30/Jan/2023:11:45:53 +0800] "GET /xingrg/all/function/internal_message.html?_=1675050177692&CODE_STATE=getMsg HTTP/1.1" 200 27
120.253.135.82 - - [30/Jan/2023:11:45:53 +0800] "GET /xingrg/kc/print/load_data.html?order_code=212023013007622&kc_code=cgsh&condition= HTTP/1.1" 200 4844
101.83.241.7 - - [30/Jan/2023:11:45:56 +0800] "GET /xingrg/all/function/internal_message.html?_=1675050362252&CODE_STATE=getMsg HTTP/1.1" 200 27
180.162.115.82 - - [30/Jan/2023:11:46:01 +0800] "GET /xingrg/check_reg.html?_=1675049327521 HTTP/1.1" 200 22
180.162.115.82 - - [30/Jan/2023:11:46:02 +0800] "GET /xingrg/all/function/internal_message.html?_=1675049327523&CODE_STATE=getMsg HTTP/1.1" 200 27
112.51.222.203 - - [30/Jan/2023:11:46:06 +0800] "GET /xingrg/all/function/internal_message.html?_=1675050372958&CODE_STATE=getMsg HTTP/1.1" 200 27
112.51.222.203 - - [30/Jan/2023:11:46:06 +0800] "GET /xingrg/check_reg.html?_=1675050372959 HTTP/1.1" 200 22
114.83.222.182 - - [30/Jan/2023:11:46:08 +0800] "GET /xingrg/all/function/internal_message.html?_=1675050472871&CODE_STATE=getMsg HTTP/1.1" 200 27
101.83.145.75 - - [30/Jan/2023:11:46:08 +0800] "GET /xingrg/kc/base/wldb_order_operate.html?command=get_materiel&rest_code=00105&base_code=0010507&code=00101019110 HTTP/1.1" 200 475
101.229.22.234 - - [30/Jan/2023:11:46:11 +0800] "GET /xingrg/all/function/internal_message.html?_=1675050375654&CODE_STATE=getMsg HTTP/1.1" 200 27
124.79.72.155 - - [30/Jan/2023:11:46:12 +0800] "GET /xingrg/all/function/internal_message.html?_=1675050378957&CODE_STATE=getMsg HTTP/1.1" 200 27
116.192.124.172 - - [30/Jan/2023:11:46:14 +0800] "GET /xingrg/all/function/internal_message.html?_=1675050381723&CODE_STATE=getMsg HTTP/1.1" 200 27
180.157.253.110 - - [30/Jan/2023:11:46:15 +0800] "GET /xingrg/all/function/internal_message.html?_=1675050388756&CODE_STATE=getMsg HTTP/1.1" 200 27
101.83.145.75 - - [30/Jan/2023:11:46:16 +0800] "GET /xingrg/kc/base/wldb_order_operate.html?command=get_materiel&rest_code=00105&base_code=0010507&code=00101013012 HTTP/1.1" 200 430
180.169.147.146 - - [30/Jan/2023:11:46:19 +0800] "GET /xingrg/all/function/internal_message.html?_=1675050387688&CODE_STATE=getMsg HTTP/1.1" 200 27
124.78.154.177 - - [30/Jan/2023:11:46:23 +0800] "GET /xingrg/all/function/internal_message.html?_=1675050389568&CODE_STATE=getMsg HTTP/1.1" 200 27
116.230.105.139 - - [30/Jan/2023:11:46:26 +0800] "GET /xingrg/all/function/internal_message.html?_=1675050392293&CODE_STATE=getMsg HTTP/1.1" 200 27
120.253.135.82 - - [30/Jan/2023:11:46:26 +0800] "POST /xingrg/kc/buy/cgsh_order_operate.html HTTP/1.1" 200 37
222.70.181.49 - - [30/Jan/2023:11:46:29 +0800] "GET /xingrg/all/function/internal_message.html?_=1675050395519&CODE_STATE=getMsg HTTP/1.1" 200 27
116.235.244.242 - - [30/Jan/2023:11:46:32 +0800] "GET /xingrg/all/function/internal_message.html?_=1675050400502&CODE_STATE=getMsg HTTP/1.1" 200 27
101.83.145.75 - - [30/Jan/2023:11:46:35 +0800] "GET /xingrg/kc/base/wldb_order_operate.html?command=get_materiel&rest_code=00105&base_code=0010507&code=00101013027 HTTP/1.1" 200 430
101.83.145.75 - - [30/Jan/2023:11:46:44 +0800] "GET /xingrg/kc/base/wldb_order_operate.html?command=get_materiel&rest_code=00105&base_code=0010507&code=00101013188 HTTP/1.1" 200 433
101.83.145.75 - - [30/Jan/2023:11:46:47 +0800] "GET /xingrg/all/function/internal_message.html?_=1675050414589&CODE_STATE=getMsg HTTP/1.1" 200 27
101.83.145.75 - - [30/Jan/2023:11:46:50 +0800] "POST /xingrg/kc/base/wldb_order_operate.html HTTP/1.1" 200 37
