222.70.181.49 - - [30/Jan/2023:10:00:29 +0800] "GET /xingrg/check_reg.html?_=1675044035350 HTTP/1.1" 200 22
222.70.181.49 - - [30/Jan/2023:10:00:29 +0800] "GET /xingrg/all/function/internal_message.html?_=1675044035353&CODE_STATE=getMsg HTTP/1.1" 200 27
114.83.222.182 - - [30/Jan/2023:10:00:32 +0800] "GET /xingrg/all/function/internal_message.html?_=1675044137037&CODE_STATE=getMsg HTTP/1.1" 200 27
114.83.222.182 - - [30/Jan/2023:10:00:39 +0800] "GET /xingrg/kc/buy/cgsh_order_operate.html?command=get_materiel&rest_code=00154&code=00101006193&supplier_code=00100419&order_time=2023-01-30 HTTP/1.1" 200 411
112.51.222.203 - - [30/Jan/2023:10:00:39 +0800] "GET /xingrg/all/function/internal_message.html?_=1675044046196&CODE_STATE=getMsg HTTP/1.1" 302 -
116.230.105.139 - - [30/Jan/2023:10:00:42 +0800] "GET /xingrg/check_reg.html?_=1675044048899 HTTP/1.1" 200 22
101.83.145.75 - - [30/Jan/2023:10:00:49 +0800] "GET /xingrg/all/function/internal_message.html?_=1675044056843&CODE_STATE=getMsg HTTP/1.1" 200 27
114.83.222.182 - - [30/Jan/2023:10:00:53 +0800] "GET /xingrg/kc/buy/cgsh_order_operate.html?command=get_materiel&rest_code=00154&code=00101006177&supplier_code=00100419&order_time=2023-01-30 HTTP/1.1" 200 409
114.83.222.182 - - [30/Jan/2023:10:01:07 +0800] "POST /xingrg/kc/buy/cgsh_order_operate.html HTTP/1.1" 200 37
101.83.241.7 - - [30/Jan/2023:10:01:09 +0800] "GET /xingrg/all/function/internal_message.html?_=1675044075415&CODE_STATE=getMsg HTTP/1.1" 200 27
114.83.222.182 - - [30/Jan/2023:10:01:10 +0800] "POST /xingrg/kc/buy/cgsh_order_operate.html HTTP/1.1" 200 12
101.229.22.234 - - [30/Jan/2023:10:01:11 +0800] "GET /xingrg/all/function/internal_message.html?_=1675044075564&CODE_STATE=getMsg HTTP/1.1" 200 27
114.83.222.182 - - [30/Jan/2023:10:01:11 +0800] "GET /xingrg/kc/buy/cgsh_order_info.html?code=212023013007563 HTTP/1.1" 200 63866
114.83.222.182 - - [30/Jan/2023:10:01:12 +0800] "GET /xingrg/javascript/easyui/themes/default/validatebox.css HTTP/1.1" 404 1104
116.238.139.35 - - [30/Jan/2023:10:01:12 +0800] "GET /xingrg/all/function/internal_message.html?_=1675044006548&CODE_STATE=getMsg HTTP/1.1" 200 27
114.83.222.182 - - [30/Jan/2023:10:01:12 +0800] "POST /xingrg/kc/buy/cgsh_order_operate.html HTTP/1.1" 200 2368
114.83.222.182 - - [30/Jan/2023:10:01:14 +0800] "GET /xingrg/kc/print/load_data.html?order_code=212023013007563&kc_code=cgsh&condition= HTTP/1.1" 200 1363
180.157.253.110 - - [30/Jan/2023:10:01:15 +0800] "GET /xingrg/all/function/internal_message.html?_=1675044088672&CODE_STATE=getMsg HTTP/1.1" 200 27
116.192.124.172 - - [30/Jan/2023:10:01:16 +0800] "GET /xingrg/all/function/internal_message.html?_=1675044083286&CODE_STATE=getMsg HTTP/1.1" 200 27
180.169.147.146 - - [30/Jan/2023:10:01:21 +0800] "GET /xingrg/all/function/internal_message.html?_=1675044089372&CODE_STATE=getMsg HTTP/1.1" 200 27
180.163.28.114 - - [30/Jan/2023:10:01:22 +0800] "GET /xingrg/check_reg.html?_=1675044028954 HTTP/1.1" 302 -
180.163.28.114 - - [30/Jan/2023:10:01:22 +0800] "GET /xingrg/login.html HTTP/1.1" 200 7641
124.78.154.177 - - [30/Jan/2023:10:01:23 +0800] "GET /xingrg/all/function/internal_message.html?_=1675044088953&CODE_STATE=getMsg HTTP/1.1" 200 27
112.51.222.203 - - [30/Jan/2023:10:01:25 +0800] "GET /xingrg/all/function/internal_message.html?_=1675044092146&CODE_STATE=getMsg HTTP/1.1" 200 27
116.230.105.139 - - [30/Jan/2023:10:01:27 +0800] "GET /xingrg/all/function/internal_message.html?_=1675044094201&CODE_STATE=getMsg HTTP/1.1" 200 27
114.88.159.190 - - [30/Jan/2023:10:01:28 +0800] "GET /xingrg/all/function/internal_message.html?_=1675043667585&CODE_STATE=getMsg HTTP/1.1" 200 27
116.235.244.242 - - [30/Jan/2023:10:01:28 +0800] "GET /xingrg/all/function/internal_message.html?_=1675044096814&CODE_STATE=getMsg HTTP/1.1" 200 27
222.70.181.49 - - [30/Jan/2023:10:01:29 +0800] "GET /xingrg/all/function/internal_message.html?_=1675044095352&CODE_STATE=getMsg HTTP/1.1" 200 27
114.83.222.182 - - [30/Jan/2023:10:01:32 +0800] "GET /xingrg/all/function/internal_message.html?_=1675044197030&CODE_STATE=getMsg HTTP/1.1" 200 27
112.51.222.203 - - [30/Jan/2023:10:01:39 +0800] "GET /xingrg/all/function/internal_message.html?_=1675044106185&CODE_STATE=getMsg HTTP/1.1" 302 -
101.83.145.75 - - [30/Jan/2023:10:01:49 +0800] "GET /xingrg/all/function/internal_message.html?_=1675044116815&CODE_STATE=getMsg HTTP/1.1" 200 27
101.83.145.75 - - [30/Jan/2023:10:02:09 +0800] "GET /xingrg/check_reg.html?_=1675044136500 HTTP/1.1" 200 22
101.83.241.7 - - [30/Jan/2023:10:02:09 +0800] "GET /xingrg/all/function/internal_message.html?_=1675044135414&CODE_STATE=getMsg HTTP/1.1" 200 27
101.229.22.234 - - [30/Jan/2023:10:02:11 +0800] "GET /xingrg/all/function/internal_message.html?_=1675044135565&CODE_STATE=getMsg HTTP/1.1" 200 27
114.83.222.182 - - [30/Jan/2023:10:02:11 +0800] "GET /xingrg/kc/buy/cgsh_order_add.html HTTP/1.1" 200 68961
114.83.222.182 - - [30/Jan/2023:10:02:11 +0800] "POST /xingrg/kc/buy/cgsh_order_operate.html HTTP/1.1" 200 8245
114.83.222.182 - - [30/Jan/2023:10:02:11 +0800] "GET /xingrg/javascript/easyui/themes/default/validatebox.css HTTP/1.1" 404 1104
116.238.139.35 - - [30/Jan/2023:10:02:12 +0800] "GET /xingrg/all/function/internal_message.html?_=1675044066562&CODE_STATE=getMsg HTTP/1.1" 200 27
114.83.222.182 - - [30/Jan/2023:10:02:13 +0800] "GET /xingrg/javascript/auto/indicator.gif HTTP/1.1" 404 1066
180.157.253.110 - - [30/Jan/2023:10:02:15 +0800] "GET /xingrg/all/function/internal_message.html?_=1675044148673&CODE_STATE=getMsg HTTP/1.1" 200 27
116.192.124.172 - - [30/Jan/2023:10:02:16 +0800] "GET /xingrg/all/function/internal_message.html?_=1675044143273&CODE_STATE=getMsg HTTP/1.1" 200 27
101.83.145.75 - - [30/Jan/2023:10:02:21 +0800] "POST /xingrg/services/DataTransmitService HTTP/1.1" 200 524
180.169.147.146 - - [30/Jan/2023:10:02:21 +0800] "GET /xingrg/all/function/internal_message.html?_=1675044149356&CODE_STATE=getMsg HTTP/1.1" 200 27
124.78.154.177 - - [30/Jan/2023:10:02:23 +0800] "GET /xingrg/all/function/internal_message.html?_=1675044148948&CODE_STATE=getMsg HTTP/1.1" 200 27
112.51.222.203 - - [30/Jan/2023:10:02:25 +0800] "GET /xingrg/all/function/internal_message.html?_=1675044152151&CODE_STATE=getMsg HTTP/1.1" 200 27
112.51.222.203 - - [30/Jan/2023:10:02:25 +0800] "GET /xingrg/check_reg.html?_=1675044152156 HTTP/1.1" 200 22
116.230.105.139 - - [30/Jan/2023:10:02:27 +0800] "GET /xingrg/all/function/internal_message.html?_=1675044154184&CODE_STATE=getMsg HTTP/1.1" 200 27
114.88.159.190 - - [30/Jan/2023:10:02:28 +0800] "GET /xingrg/all/function/internal_message.html?_=1675043727583&CODE_STATE=getMsg HTTP/1.1" 200 27
116.235.244.242 - - [30/Jan/2023:10:02:28 +0800] "GET /xingrg/check_reg.html?_=1675044156412 HTTP/1.1" 200 22
116.235.244.242 - - [30/Jan/2023:10:02:28 +0800] "GET /xingrg/all/function/internal_message.html?_=1675044156827&CODE_STATE=getMsg HTTP/1.1" 200 27
222.70.181.49 - - [30/Jan/2023:10:02:29 +0800] "GET /xingrg/all/function/internal_message.html?_=1675044155352&CODE_STATE=getMsg HTTP/1.1" 200 27
116.238.139.35 - - [30/Jan/2023:10:02:32 +0800] "POST /xingrg/all/user/operate.html HTTP/1.1" 200 36
114.83.222.182 - - [30/Jan/2023:10:02:32 +0800] "GET /xingrg/all/function/internal_message.html?_=1675044257023&CODE_STATE=getMsg HTTP/1.1" 200 27
116.238.139.35 - - [30/Jan/2023:10:02:33 +0800] "GET /xingrg/index.html?sysBaseUrl=http%3A%2F%2F180.169.147.146%3A18081%2Fxingrg%2F&costTime=42×tamp=1675041927281 HTTP/1.1" 200 17179
116.238.139.35 - - [30/Jan/2023:10:02:33 +0800] "GET /xingrg/javascript/jquery_easy_ui/themes/default/easyui.css HTTP/1.1" 304 -
116.238.139.35 - - [30/Jan/2023:10:02:33 +0800] "GET /xingrg/javascript/jquery_easy_ui/themes/icon.css HTTP/1.1" 304 -
116.238.139.35 - - [30/Jan/2023:10:02:33 +0800] "GET /xingrg/css/form.css HTTP/1.1" 304 -
116.238.139.35 - - [30/Jan/2023:10:02:33 +0800] "GET /xingrg/javascript/jquery-1.4.2.min.js HTTP/1.1" 304 -
116.238.139.35 - - [30/Jan/2023:10:02:33 +0800] "GET /xingrg/javascript/jquery_easy_ui/jquery.easyui.min.js HTTP/1.1" 304 -
116.238.139.35 - - [30/Jan/2023:10:02:33 +0800] "GET /xingrg/javascript/jquery_easy_ui/easyui-lang-zh_CN.js HTTP/1.1" 304 -
116.238.139.35 - - [30/Jan/2023:10:02:33 +0800] "GET /xingrg/javascript/jquery.form.js HTTP/1.1" 304 -
116.238.139.35 - - [30/Jan/2023:10:02:33 +0800] "GET /xingrg/javascript/jquery.utils.js HTTP/1.1" 304 -
116.238.139.35 - - [30/Jan/2023:10:02:33 +0800] "GET /xingrg/javascript/jquery.timers.js HTTP/1.1" 304 -
116.238.139.35 - - [30/Jan/2023:10:02:33 +0800] "GET /xingrg/images/blue/jxLogo.png HTTP/1.1" 304 -
116.238.139.35 - - [30/Jan/2023:10:02:33 +0800] "GET /xingrg/images/blue/navBackgound.jpg HTTP/1.1" 304 -
116.238.139.35 - - [30/Jan/2023:10:02:33 +0800] "GET /xingrg/javascript/jquery_easy_ui/themes/icons/settle_new.png HTTP/1.1" 304 -
116.238.139.35 - - [30/Jan/2023:10:02:33 +0800] "GET /xingrg/images/blue/pingpu.png HTTP/1.1" 304 -
116.238.139.35 - - [30/Jan/2023:10:02:33 +0800] "POST /xingrg/all/common/load_tree.html?tree=area_rest_tree_json&manage=1 HTTP/1.1" 200 476
116.238.139.35 - - [30/Jan/2023:10:02:33 +0800] "GET /xingrg/javascript/jquery_easy_ui/themes/default/images/tabs_leftarrow.png HTTP/1.1" 304 -
116.238.139.35 - - [30/Jan/2023:10:02:33 +0800] "GET /xingrg/javascript/jquery_easy_ui/themes/default/images/panel_tool_collapse.gif HTTP/1.1" 304 -
116.238.139.35 - - [30/Jan/2023:10:02:33 +0800] "GET /xingrg/check_reg.html?_=1675044087934 HTTP/1.1" 200 22
116.238.139.35 - - [30/Jan/2023:10:02:33 +0800] "GET /xingrg/all/function/internal_message.html?_=1675044087933&CODE_STATE=count HTTP/1.1" 200 11
116.238.139.35 - - [30/Jan/2023:10:02:33 +0800] "GET /xingrg/javascript/jquery_easy_ui/themes/default/images/tabs_rightarrow.png HTTP/1.1" 304 -
116.238.139.35 - - [30/Jan/2023:10:02:33 +0800] "GET /xingrg/javascript/jquery_easy_ui/themes/default/images/tree_arrows.gif HTTP/1.1" 304 -
116.238.139.35 - - [30/Jan/2023:10:02:33 +0800] "POST /xingrg/load_menu.html HTTP/1.1" 200 5138
112.51.222.203 - - [30/Jan/2023:10:02:39 +0800] "GET /xingrg/all/function/internal_message.html?_=1675044166182&CODE_STATE=getMsg HTTP/1.1" 302 -
124.78.154.177 - - [30/Jan/2023:10:02:48 +0800] "GET /xingrg/javascript/easyui/themes/default/tree.css HTTP/1.1" 404 1090
124.78.154.177 - - [30/Jan/2023:10:02:48 +0800] "POST /xingrg/all/common/load_tree.html?tree=supplier_tree_json&isDelete=1 HTTP/1.1" 200 70604
101.83.145.75 - - [30/Jan/2023:10:02:49 +0800] "GET /xingrg/all/function/internal_message.html?_=1675044176793&CODE_STATE=getMsg HTTP/1.1" 200 27
116.238.139.35 - - [30/Jan/2023:10:02:53 +0800] "GET /xingrg/kc/base/wldb_order_list.html HTTP/1.1" 200 19145
116.238.139.35 - - [30/Jan/2023:10:02:54 +0800] "POST /xingrg/kc/base/wldb_list_operate.html HTTP/1.1" 200 928
116.238.139.35 - - [30/Jan/2023:10:02:58 +0800] "GET /xingrg/kc/base/wldb_order_add.html HTTP/1.1" 200 30436
116.238.139.35 - - [30/Jan/2023:10:02:59 +0800] "POST /xingrg/kc/base/wldb_order_operate.html HTTP/1.1" 200 6806
116.238.139.35 - - [30/Jan/2023:10:02:59 +0800] "GET /xingrg/all/common/auto_word.html?type=base&rest_code=00150 HTTP/1.1" 200 1799
116.238.139.35 - - [30/Jan/2023:10:02:59 +0800] "GET /xingrg/all/common/auto_word.html?type=base&rest_code=00150 HTTP/1.1" 200 1799
116.238.139.35 - - [30/Jan/2023:10:02:59 +0800] "GET /xingrg/javascript/easyui/themes/default/validatebox.css HTTP/1.1" 404 1104
116.192.124.172 - - [30/Jan/2023:10:03:00 +0800] "POST /xingrg/kc/buy/cgsh_order_operate.html HTTP/1.1" 200 37
116.238.139.35 - - [30/Jan/2023:10:03:00 +0800] "POST /xingrg/all/common/load_combo.html?type=base HTTP/1.1" 200 3227
116.192.124.172 - - [30/Jan/2023:10:03:01 +0800] "POST /xingrg/kc/buy/cgsh_order_operate.html HTTP/1.1" 200 19259
116.238.139.35 - - [30/Jan/2023:10:03:04 +0800] "GET /xingrg/javascript/auto/indicator.gif HTTP/1.1" 404 1066
101.83.241.7 - - [30/Jan/2023:10:03:09 +0800] "GET /xingrg/all/function/internal_message.html?_=1675044195414&CODE_STATE=getMsg HTTP/1.1" 200 27
124.78.154.177 - - [30/Jan/2023:10:03:10 +0800] "GET /xingrg/kc/buy/cgsh_order_operate.html?command=get_materiel&rest_code=00106&code=00101008148&supplier_code=00100007&order_time=2023-01-30 HTTP/1.1" 200 416
116.238.139.35 - - [30/Jan/2023:10:03:10 +0800] "GET /xingrg/kc/base/wldb_order_operate.html?command=get_materiel&rest_code=00150&base_code=0010450&code=00101004094 HTTP/1.1" 200 432
101.229.22.234 - - [30/Jan/2023:10:03:11 +0800] "GET /xingrg/check_reg.html?_=1675044195565 HTTP/1.1" 200 22
101.229.22.234 - - [30/Jan/2023:10:03:11 +0800] "GET /xingrg/all/function/internal_message.html?_=1675044195567&CODE_STATE=getMsg HTTP/1.1" 200 27
180.157.253.110 - - [30/Jan/2023:10:03:15 +0800] "GET /xingrg/all/function/internal_message.html?_=1675044208673&CODE_STATE=getMsg HTTP/1.1" 200 27
116.238.139.35 - - [30/Jan/2023:10:03:17 +0800] "GET /xingrg/kc/base/wldb_order_operate.html?command=get_materiel&rest_code=00150&base_code=0010450&code=00101004104 HTTP/1.1" 200 430
124.78.154.177 - - [30/Jan/2023:10:03:19 +0800] "GET /xingrg/kc/buy/cgsh_order_operate.html?command=get_materiel&rest_code=00106&code=00101008264&supplier_code=00100007&order_time=2023-01-30 HTTP/1.1" 200 412
180.169.147.146 - - [30/Jan/2023:10:03:21 +0800] "GET /xingrg/all/function/internal_message.html?_=1675044209338&CODE_STATE=getMsg HTTP/1.1" 200 27
124.78.154.177 - - [30/Jan/2023:10:03:23 +0800] "GET /xingrg/all/function/internal_message.html?_=1675044208960&CODE_STATE=getMsg HTTP/1.1" 200 27
116.192.124.172 - - [30/Jan/2023:10:03:24 +0800] "POST /xingrg/kc/buy/cgsh_order_operate.html HTTP/1.1" 200 37
116.238.139.35 - - [30/Jan/2023:10:03:24 +0800] "GET /xingrg/kc/base/wldb_order_operate.html?command=get_materiel&rest_code=00150&base_code=0010450&code=00101004079 HTTP/1.1" 200 432
112.51.222.203 - - [30/Jan/2023:10:03:25 +0800] "GET /xingrg/all/function/internal_message.html?_=1675044212142&CODE_STATE=getMsg HTTP/1.1" 200 27
116.230.105.139 - - [30/Jan/2023:10:03:27 +0800] "GET /xingrg/all/function/internal_message.html?_=1675044214160&CODE_STATE=getMsg HTTP/1.1" 200 27
114.88.159.190 - - [30/Jan/2023:10:03:28 +0800] "GET /xingrg/all/function/internal_message.html?_=1675043787609&CODE_STATE=getMsg HTTP/1.1" 200 27
116.235.244.242 - - [30/Jan/2023:10:03:28 +0800] "GET /xingrg/all/function/internal_message.html?_=1675044216842&CODE_STATE=getMsg HTTP/1.1" 200 27
124.78.154.177 - - [30/Jan/2023:10:03:28 +0800] "GET /xingrg/kc/buy/cgsh_order_operate.html?command=get_materiel&rest_code=00106&code=00101008562&supplier_code=00100007&order_time=2023-01-30 HTTP/1.1" 200 409
116.192.124.172 - - [30/Jan/2023:10:03:29 +0800] "POST /xingrg/kc/buy/cgsh_order_operate.html HTTP/1.1" 200 12
222.70.181.49 - - [30/Jan/2023:10:03:29 +0800] "GET /xingrg/all/function/internal_message.html?_=1675044215352&CODE_STATE=getMsg HTTP/1.1" 200 27
116.192.124.172 - - [30/Jan/2023:10:03:30 +0800] "GET /xingrg/kc/buy/cgsh_order_info.html?code=212023013007553 HTTP/1.1" 200 64693
116.192.124.172 - - [30/Jan/2023:10:03:31 +0800] "GET /xingrg/javascript/easyui/themes/default/validatebox.css HTTP/1.1" 404 1104
116.192.124.172 - - [30/Jan/2023:10:03:31 +0800] "POST /xingrg/kc/buy/cgsh_order_operate.html HTTP/1.1" 200 17204
114.83.222.182 - - [30/Jan/2023:10:03:32 +0800] "GET /xingrg/all/function/internal_message.html?_=1675044317007&CODE_STATE=getMsg HTTP/1.1" 200 27
116.238.139.35 - - [30/Jan/2023:10:03:33 +0800] "POST /xingrg/kc/base/wldb_order_operate.html HTTP/1.1" 200 37
116.238.139.35 - - [30/Jan/2023:10:03:33 +0800] "GET /xingrg/all/function/internal_message.html?_=1675044147957&CODE_STATE=getMsg HTTP/1.1" 200 27
116.238.139.35 - - [30/Jan/2023:10:03:36 +0800] "POST /xingrg/kc/base/wldb_order_operate.html HTTP/1.1" 200 12
116.238.139.35 - - [30/Jan/2023:10:03:36 +0800] "POST /xingrg/kc/base/wldb_order_operate.html HTTP/1.1" 200 2649
124.78.154.177 - - [30/Jan/2023:10:03:36 +0800] "GET /xingrg/kc/buy/cgsh_order_operate.html?command=get_materiel&rest_code=00106&code=00101008439&supplier_code=00100007&order_time=2023-01-30 HTTP/1.1" 200 412
112.51.222.203 - - [30/Jan/2023:10:03:39 +0800] "GET /xingrg/all/function/internal_message.html?_=1675044226188&CODE_STATE=getMsg HTTP/1.1" 302 -
112.51.222.203 - - [30/Jan/2023:10:03:39 +0800] "GET /xingrg/check_reg.html?_=1675044226194 HTTP/1.1" 302 -
116.238.139.35 - - [30/Jan/2023:10:03:42 +0800] "GET /xingrg/kc/base/wldb_order_info.html?code=422023013001809 HTTP/1.1" 200 26317
116.238.139.35 - - [30/Jan/2023:10:03:43 +0800] "GET /xingrg/javascript/easyui/themes/default/validatebox.css HTTP/1.1" 404 1104
116.238.139.35 - - [30/Jan/2023:10:03:43 +0800] "POST /xingrg/kc/base/wldb_order_operate.html HTTP/1.1" 200 933
124.78.154.177 - - [30/Jan/2023:10:03:45 +0800] "GET /xingrg/kc/buy/cgsh_order_operate.html?command=get_materiel&rest_code=00106&code=00101008286&supplier_code=00100007&order_time=2023-01-30 HTTP/1.1" 200 408
114.83.222.182 - - [30/Jan/2023:10:03:49 +0800] "GET /xingrg/kc/buy/cgsh_order_operate.html?command=get_materiel&rest_code=00154&code=00101006188&supplier_code=00100419&order_time=2023-01-30 HTTP/1.1" 200 409
101.83.145.75 - - [30/Jan/2023:10:03:49 +0800] "GET /xingrg/all/function/internal_message.html?_=1675044236769&CODE_STATE=getMsg HTTP/1.1" 200 27
116.238.139.35 - - [30/Jan/2023:10:03:49 +0800] "GET /xingrg/kc/base/wldb_order_add.html HTTP/1.1" 200 30436
116.238.139.35 - - [30/Jan/2023:10:03:50 +0800] "POST /xingrg/kc/base/wldb_order_operate.html HTTP/1.1" 200 6806
116.238.139.35 - - [30/Jan/2023:10:03:50 +0800] "GET /xingrg/javascript/easyui/themes/default/validatebox.css HTTP/1.1" 404 1104
116.238.139.35 - - [30/Jan/2023:10:03:51 +0800] "POST /xingrg/all/common/load_combo.html?type=base HTTP/1.1" 200 3227
124.78.154.177 - - [30/Jan/2023:10:03:54 +0800] "GET /xingrg/kc/buy/cgsh_order_operate.html?command=get_materiel&rest_code=00106&code=00101008131&supplier_code=00100007&order_time=2023-01-30 HTTP/1.1" 200 408
124.78.154.177 - - [30/Jan/2023:10:04:02 +0800] "GET /xingrg/kc/buy/cgsh_order_operate.html?command=get_materiel&rest_code=00106&code=00101008352&supplier_code=00100007&order_time=2023-01-30 HTTP/1.1" 200 412
116.238.139.35 - - [30/Jan/2023:10:04:03 +0800] "GET /xingrg/kc/base/wldb_order_operate.html?command=get_materiel&rest_code=00150&base_code=0010450&code=00101010039 HTTP/1.1" 200 433
180.163.29.217 - - [30/Jan/2023:10:04:07 +0800] "GET /xingrg/kc/buy/cgsh_order_operate.html?command=get_materiel&rest_code=00106&code=00101008148&supplier_code=00100007&order_time=2023-01-30 HTTP/1.1" 302 -
180.163.29.217 - - [30/Jan/2023:10:04:07 +0800] "GET /xingrg/login.html HTTP/1.1" 200 7641
114.83.222.182 - - [30/Jan/2023:10:04:07 +0800] "POST /xingrg/kc/buy/cgsh_order_operate.html HTTP/1.1" 200 37
101.83.241.7 - - [30/Jan/2023:10:04:09 +0800] "GET /xingrg/all/function/internal_message.html?_=1675044255415&CODE_STATE=getMsg HTTP/1.1" 200 27
114.83.222.182 - - [30/Jan/2023:10:04:10 +0800] "POST /xingrg/kc/buy/cgsh_order_operate.html HTTP/1.1" 200 12
101.229.22.234 - - [30/Jan/2023:10:04:11 +0800] "GET /xingrg/all/function/internal_message.html?_=1675044255567&CODE_STATE=getMsg HTTP/1.1" 200 27
114.83.222.182 - - [30/Jan/2023:10:04:11 +0800] "GET /xingrg/kc/buy/cgsh_order_info.html?code=212023013007564 HTTP/1.1" 200 63866
114.83.222.182 - - [30/Jan/2023:10:04:12 +0800] "GET /xingrg/javascript/easyui/themes/default/validatebox.css HTTP/1.1" 404 1104
114.83.222.182 - - [30/Jan/2023:10:04:12 +0800] "POST /xingrg/kc/buy/cgsh_order_operate.html HTTP/1.1" 200 1782
124.78.154.177 - - [30/Jan/2023:10:04:13 +0800] "GET /xingrg/kc/buy/cgsh_order_operate.html?command=get_materiel&rest_code=00106&code=00101008213&supplier_code=00100007&order_time=2023-01-30 HTTP/1.1" 200 412
114.83.222.182 - - [30/Jan/2023:10:04:14 +0800] "GET /xingrg/kc/print/load_data.html?order_code=212023013007564&kc_code=cgsh&condition= HTTP/1.1" 200 1142
116.238.139.35 - - [30/Jan/2023:10:04:15 +0800] "GET /xingrg/kc/base/wldb_order_operate.html?command=get_materiel&rest_code=00150&base_code=0010450&code=00101001135 HTTP/1.1" 200 435
180.157.253.110 - - [30/Jan/2023:10:04:15 +0800] "GET /xingrg/all/function/internal_message.html?_=1675044268672&CODE_STATE=getMsg HTTP/1.1" 200 27
116.192.124.172 - - [30/Jan/2023:10:04:16 +0800] "GET /xingrg/all/function/internal_message.html?_=1675044263291&CODE_STATE=getMsg HTTP/1.1" 200 27
180.169.147.146 - - [30/Jan/2023:10:04:21 +0800] "GET /xingrg/all/function/internal_message.html?_=1675044269321&CODE_STATE=getMsg HTTP/1.1" 200 27
124.78.154.177 - - [30/Jan/2023:10:04:23 +0800] "GET /xingrg/all/function/internal_message.html?_=1675044268970&CODE_STATE=getMsg HTTP/1.1" 200 27
124.78.154.177 - - [30/Jan/2023:10:04:23 +0800] "GET /xingrg/kc/buy/cgsh_order_operate.html?command=get_materiel&rest_code=00106&code=00101008312&supplier_code=00100007&order_time=2023-01-30 HTTP/1.1" 200 412
112.51.222.203 - - [30/Jan/2023:10:04:25 +0800] "GET /xingrg/all/function/internal_message.html?_=1675044272143&CODE_STATE=getMsg HTTP/1.1" 200 27
116.230.105.139 - - [30/Jan/2023:10:04:27 +0800] "GET /xingrg/all/function/internal_message.html?_=1675044274138&CODE_STATE=getMsg HTTP/1.1" 200 27
114.88.159.190 - - [30/Jan/2023:10:04:28 +0800] "GET /xingrg/all/function/internal_message.html?_=1675043847607&CODE_STATE=getMsg HTTP/1.1" 200 27
114.88.159.190 - - [30/Jan/2023:10:04:28 +0800] "GET /xingrg/check_reg.html?_=1675043847609 HTTP/1.1" 200 22
116.235.244.242 - - [30/Jan/2023:10:04:28 +0800] "GET /xingrg/all/function/internal_message.html?_=1675044276856&CODE_STATE=getMsg HTTP/1.1" 200 27
222.70.181.49 - - [30/Jan/2023:10:04:29 +0800] "GET /xingrg/all/function/internal_message.html?_=1675044275353&CODE_STATE=getMsg HTTP/1.1" 200 27
116.238.139.35 - - [30/Jan/2023:10:04:29 +0800] "GET /xingrg/kc/base/wldb_order_operate.html?command=get_materiel&rest_code=00150&base_code=0010450&code=00101010616 HTTP/1.1" 200 431
114.83.222.182 - - [30/Jan/2023:10:04:32 +0800] "GET /xingrg/all/function/internal_message.html?_=1675044377008&CODE_STATE=getMsg HTTP/1.1" 200 27
116.238.139.35 - - [30/Jan/2023:10:04:33 +0800] "GET /xingrg/all/function/internal_message.html?_=1675044207961&CODE_STATE=getMsg HTTP/1.1" 200 27
180.169.147.146 - - [30/Jan/2023:10:04:38 +0800] "GET /xingrg/check_reg.html?_=1675044286295 HTTP/1.1" 200 22
112.51.222.203 - - [30/Jan/2023:10:04:39 +0800] "GET /xingrg/all/function/internal_message.html?_=1675044286197&CODE_STATE=getMsg HTTP/1.1" 302 -
124.78.154.177 - - [30/Jan/2023:10:04:41 +0800] "GET /xingrg/kc/buy/cgsh_order_operate.html?command=get_materiel&rest_code=00106&code=00101008370&supplier_code=00100007&order_time=2023-01-30 HTTP/1.1" 200 412
116.238.139.35 - - [30/Jan/2023:10:04:42 +0800] "GET /xingrg/kc/base/wldb_order_operate.html?command=get_materiel&rest_code=00150&base_code=0010450&code=00101003006 HTTP/1.1" 200 434
180.163.30.100 - - [30/Jan/2023:10:04:42 +0800] "GET /xingrg/kc/buy/cgsh_order_operate.html?command=get_materiel&rest_code=00106&code=00101008286&supplier_code=00100007&order_time=2023-01-30 HTTP/1.1" 302 -
180.163.30.100 - - [30/Jan/2023:10:04:42 +0800] "GET /xingrg/login.html HTTP/1.1" 200 7641
101.83.145.75 - - [30/Jan/2023:10:04:49 +0800] "GET /xingrg/all/function/internal_message.html?_=1675044296737&CODE_STATE=getMsg HTTP/1.1" 200 27
116.238.139.35 - - [30/Jan/2023:10:04:51 +0800] "GET /xingrg/kc/base/wldb_order_operate.html?command=get_materiel&rest_code=00150&base_code=0010450&code=00101002038 HTTP/1.1" 200 438
180.157.253.110 - - [30/Jan/2023:10:05:05 +0800] "POST /xingrg/services/DataTransmitService HTTP/1.1" 200 524
124.78.154.177 - - [30/Jan/2023:10:05:08 +0800] "GET /xingrg/kc/buy/cgsh_order_operate.html?command=get_materiel&rest_code=00106&code=00101008323&supplier_code=00100007&order_time=2023-01-30 HTTP/1.1" 200 408
101.83.241.7 - - [30/Jan/2023:10:05:09 +0800] "GET /xingrg/all/function/internal_message.html?_=1675044315415&CODE_STATE=getMsg HTTP/1.1" 200 27
101.83.241.7 - - [30/Jan/2023:10:05:09 +0800] "GET /xingrg/check_reg.html?_=1675044315438 HTTP/1.1" 200 22
101.229.22.234 - - [30/Jan/2023:10:05:11 +0800] "GET /xingrg/all/function/internal_message.html?_=1675044315567&CODE_STATE=getMsg HTTP/1.1" 200 27
116.238.139.35 - - [30/Jan/2023:10:05:12 +0800] "POST /xingrg/kc/base/wldb_order_operate.html HTTP/1.1" 200 37
116.238.139.35 - - [30/Jan/2023:10:05:14 +0800] "POST /xingrg/kc/base/wldb_order_operate.html HTTP/1.1" 200 12
116.238.139.35 - - [30/Jan/2023:10:05:14 +0800] "POST /xingrg/kc/base/wldb_order_operate.html HTTP/1.1" 200 4076
180.157.253.110 - - [30/Jan/2023:10:05:15 +0800] "GET /xingrg/check_reg.html?_=1675044328673 HTTP/1.1" 200 22
180.157.253.110 - - [30/Jan/2023:10:05:15 +0800] "GET /xingrg/all/function/internal_message.html?_=1675044328677&CODE_STATE=getMsg HTTP/1.1" 200 27
116.192.124.172 - - [30/Jan/2023:10:05:16 +0800] "GET /xingrg/all/function/internal_message.html?_=1675044323272&CODE_STATE=getMsg HTTP/1.1" 200 27
116.238.139.35 - - [30/Jan/2023:10:05:17 +0800] "GET /xingrg/kc/base/wldb_order_info.html?code=422023013001810 HTTP/1.1" 200 26319
116.238.139.35 - - [30/Jan/2023:10:05:18 +0800] "GET /xingrg/javascript/easyui/themes/default/validatebox.css HTTP/1.1" 404 1104
116.238.139.35 - - [30/Jan/2023:10:05:18 +0800] "POST /xingrg/kc/base/wldb_order_operate.html HTTP/1.1" 200 2325
101.83.145.75 - - [30/Jan/2023:10:05:18 +0800] "GET /xingrg/check_reg.html?_=1675044164598 HTTP/1.1" 302 -
124.78.154.177 - - [30/Jan/2023:10:05:19 +0800] "GET /xingrg/kc/buy/cgsh_order_operate.html?command=get_materiel&rest_code=00106&code=00101008248&supplier_code=00100007&order_time=2023-01-30 HTTP/1.1" 200 412
180.169.147.146 - - [30/Jan/2023:10:05:21 +0800] "GET /xingrg/all/function/internal_message.html?_=1675044329332&CODE_STATE=getMsg HTTP/1.1" 200 27
114.83.222.182 - - [30/Jan/2023:10:05:21 +0800] "GET /xingrg/kc/buy/cgsh_order_add.html HTTP/1.1" 200 68961
114.83.222.182 - - [30/Jan/2023:10:05:22 +0800] "POST /xingrg/kc/buy/cgsh_order_operate.html HTTP/1.1" 200 8245
114.83.222.182 - - [30/Jan/2023:10:05:22 +0800] "GET /xingrg/javascript/easyui/themes/default/validatebox.css HTTP/1.1" 404 1104
124.78.154.177 - - [30/Jan/2023:10:05:23 +0800] "GET /xingrg/all/function/internal_message.html?_=1675044328947&CODE_STATE=getMsg HTTP/1.1" 200 27
124.78.154.177 - - [30/Jan/2023:10:05:23 +0800] "GET /xingrg/check_reg.html?_=1675044328948 HTTP/1.1" 200 22
116.238.139.35 - - [30/Jan/2023:10:05:24 +0800] "GET /xingrg/kc/base/wldb_order_add.html HTTP/1.1" 200 30436
116.238.139.35 - - [30/Jan/2023:10:05:24 +0800] "POST /xingrg/kc/base/wldb_order_operate.html HTTP/1.1" 200 6806
116.238.139.35 - - [30/Jan/2023:10:05:24 +0800] "GET /xingrg/javascript/easyui/themes/default/validatebox.css HTTP/1.1" 404 1104
114.83.222.182 - - [30/Jan/2023:10:05:25 +0800] "GET /xingrg/javascript/auto/indicator.gif HTTP/1.1" 404 1066
116.238.139.35 - - [30/Jan/2023:10:05:25 +0800] "POST /xingrg/all/common/load_combo.html?type=base HTTP/1.1" 200 3227
112.51.222.203 - - [30/Jan/2023:10:05:25 +0800] "GET /xingrg/all/function/internal_message.html?_=1675044332156&CODE_STATE=getMsg HTTP/1.1" 200 27
116.230.105.139 - - [30/Jan/2023:10:05:27 +0800] "GET /xingrg/all/function/internal_message.html?_=1675044334112&CODE_STATE=getMsg HTTP/1.1" 200 27
114.88.159.190 - - [30/Jan/2023:10:05:28 +0800] "GET /xingrg/all/function/internal_message.html?_=1675043907609&CODE_STATE=getMsg HTTP/1.1" 200 27
116.235.244.242 - - [30/Jan/2023:10:05:29 +0800] "GET /xingrg/all/function/internal_message.html?_=1675044336972&CODE_STATE=getMsg HTTP/1.1" 200 27
222.70.181.49 - - [30/Jan/2023:10:05:29 +0800] "GET /xingrg/check_reg.html?_=1675044335352 HTTP/1.1" 200 22
222.70.181.49 - - [30/Jan/2023:10:05:29 +0800] "GET /xingrg/all/function/internal_message.html?_=1675044335355&CODE_STATE=getMsg HTTP/1.1" 200 27
114.83.222.182 - - [30/Jan/2023:10:05:32 +0800] "GET /xingrg/all/function/internal_message.html?_=1675044436994&CODE_STATE=getMsg HTTP/1.1" 200 27
124.78.154.177 - - [30/Jan/2023:10:05:32 +0800] "GET /xingrg/kc/buy/cgsh_order_operate.html?command=get_materiel&rest_code=00106&code=00101008141&supplier_code=00100007&order_time=2023-01-30 HTTP/1.1" 200 412
116.238.139.35 - - [30/Jan/2023:10:05:33 +0800] "GET /xingrg/all/function/internal_message.html?_=1675044267974&CODE_STATE=getMsg HTTP/1.1" 200 27
114.83.222.182 - - [30/Jan/2023:10:05:34 +0800] "GET /xingrg/kc/buy/cgsh_order_operate.html?command=get_materiel&rest_code=00154&code=00101006184&supplier_code=00100419&order_time=2023-01-30 HTTP/1.1" 200 410
116.238.139.35 - - [30/Jan/2023:10:05:35 +0800] "GET /xingrg/kc/base/wldb_order_operate.html?command=get_materiel&rest_code=00150&base_code=0010445&code=00101019527 HTTP/1.1" 200 474
124.78.154.177 - - [30/Jan/2023:10:05:41 +0800] "GET /xingrg/kc/buy/cgsh_order_operate.html?command=get_materiel&rest_code=00106&code=00101008067&supplier_code=00100007&order_time=2023-01-30 HTTP/1.1" 200 416
116.238.139.35 - - [30/Jan/2023:10:05:42 +0800] "GET /xingrg/kc/base/wldb_order_operate.html?command=get_materiel&rest_code=00150&base_code=0010445&code=00101019536 HTTP/1.1" 200 471
116.230.105.139 - - [30/Jan/2023:10:05:42 +0800] "GET /xingrg/check_reg.html?_=1675044348886 HTTP/1.1" 200 22
101.83.145.75 - - [30/Jan/2023:10:05:49 +0800] "GET /xingrg/all/function/internal_message.html?_=1675044356712&CODE_STATE=getMsg HTTP/1.1" 200 27
116.238.139.35 - - [30/Jan/2023:10:05:49 +0800] "POST /xingrg/kc/base/wldb_order_operate.html HTTP/1.1" 200 37
124.78.154.177 - - [30/Jan/2023:10:05:50 +0800] "GET /xingrg/kc/buy/cgsh_order_operate.html?command=get_materiel&rest_code=00106&code=00101008239&supplier_code=00100007&order_time=2023-01-30 HTTP/1.1" 200 416
116.238.139.35 - - [30/Jan/2023:10:05:52 +0800] "POST /xingrg/kc/base/wldb_order_operate.html HTTP/1.1" 200 12
116.238.139.35 - - [30/Jan/2023:10:05:52 +0800] "POST /xingrg/kc/base/wldb_order_operate.html HTTP/1.1" 200 2719
116.238.139.35 - - [30/Jan/2023:10:05:53 +0800] "GET /xingrg/kc/base/wldb_order_info.html?code=422023013001811 HTTP/1.1" 200 26320
116.238.139.35 - - [30/Jan/2023:10:05:53 +0800] "GET /xingrg/javascript/easyui/themes/default/validatebox.css HTTP/1.1" 404 1104
116.238.139.35 - - [30/Jan/2023:10:05:53 +0800] "POST /xingrg/kc/base/wldb_order_operate.html HTTP/1.1" 200 1002
124.78.154.177 - - [30/Jan/2023:10:05:58 +0800] "GET /xingrg/kc/buy/cgsh_order_operate.html?command=get_materiel&rest_code=00106&code=00101008224&supplier_code=00100007&order_time=2023-01-30 HTTP/1.1" 200 416
114.83.222.182 - - [30/Jan/2023:10:06:01 +0800] "POST /xingrg/kc/buy/cgsh_order_operate.html HTTP/1.1" 200 37
114.83.222.182 - - [30/Jan/2023:10:06:04 +0800] "POST /xingrg/kc/buy/cgsh_order_operate.html HTTP/1.1" 200 12
114.83.222.182 - - [30/Jan/2023:10:06:05 +0800] "GET /xingrg/kc/buy/cgsh_order_info.html?code=212023013007565 HTTP/1.1" 200 63866
114.83.222.182 - - [30/Jan/2023:10:06:05 +0800] "GET /xingrg/javascript/easyui/themes/default/validatebox.css HTTP/1.1" 404 1104
124.78.154.177 - - [30/Jan/2023:10:06:06 +0800] "GET /xingrg/kc/buy/cgsh_order_operate.html?command=get_materiel&rest_code=00106&code=00101008116&supplier_code=00100007&order_time=2023-01-30 HTTP/1.1" 200 412
114.83.222.182 - - [30/Jan/2023:10:06:06 +0800] "POST /xingrg/kc/buy/cgsh_order_operate.html HTTP/1.1" 200 1189
116.238.139.35 - - [30/Jan/2023:10:06:07 +0800] "GET /xingrg/kc/base/wldb_order_add.html HTTP/1.1" 200 30436
114.83.222.182 - - [30/Jan/2023:10:06:07 +0800] "GET /xingrg/check_reg.html?_=1675044471956 HTTP/1.1" 200 22
116.238.139.35 - - [30/Jan/2023:10:06:07 +0800] "POST /xingrg/kc/base/wldb_order_operate.html HTTP/1.1" 200 6806
114.83.222.182 - - [30/Jan/2023:10:06:07 +0800] "GET /xingrg/kc/print/load_data.html?order_code=212023013007565&kc_code=cgsh&condition= HTTP/1.1" 200 908
116.238.139.35 - - [30/Jan/2023:10:06:07 +0800] "GET /xingrg/javascript/easyui/themes/default/validatebox.css HTTP/1.1" 404 1104
101.83.241.7 - - [30/Jan/2023:10:06:09 +0800] "GET /xingrg/all/function/internal_message.html?_=1675044375436&CODE_STATE=getMsg HTTP/1.1" 200 27
116.238.139.35 - - [30/Jan/2023:10:06:10 +0800] "GET /xingrg/javascript/jquery_easy_ui/themes/default/images/tabs_active.png HTTP/1.1" 304 -
116.238.139.35 - - [30/Jan/2023:10:06:10 +0800] "GET /xingrg/javascript/jquery_easy_ui/themes/default/images/tabs_active.png HTTP/1.1" 304 -
116.238.139.35 - - [30/Jan/2023:10:06:10 +0800] "GET /xingrg/javascript/jquery_easy_ui/themes/default/images/tabs_active.png HTTP/1.1" 304 -
101.229.22.234 - - [30/Jan/2023:10:06:11 +0800] "GET /xingrg/all/function/internal_message.html?_=1675044375566&CODE_STATE=getMsg HTTP/1.1" 200 27
116.238.139.35 - - [30/Jan/2023:10:06:11 +0800] "POST /xingrg/all/common/load_combo.html?type=base HTTP/1.1" 200 3227
180.157.253.110 - - [30/Jan/2023:10:06:15 +0800] "GET /xingrg/all/function/internal_message.html?_=1675044388663&CODE_STATE=getMsg HTTP/1.1" 200 27
116.192.124.172 - - [30/Jan/2023:10:06:16 +0800] "GET /xingrg/all/function/internal_message.html?_=1675044383261&CODE_STATE=getMsg HTTP/1.1" 200 27
124.78.154.177 - - [30/Jan/2023:10:06:18 +0800] "POST /xingrg/kc/buy/cgsh_order_operate.html HTTP/1.1" 200 37
116.238.139.35 - - [30/Jan/2023:10:06:18 +0800] "GET /xingrg/kc/base/wldb_order_operate.html?command=get_materiel&rest_code=00150&base_code=0010445&code=00101016028 HTTP/1.1" 200 434
180.169.147.146 - - [30/Jan/2023:10:06:21 +0800] "GET /xingrg/all/function/internal_message.html?_=1675044389315&CODE_STATE=getMsg HTTP/1.1" 200 27
124.78.154.177 - - [30/Jan/2023:10:06:23 +0800] "GET /xingrg/all/function/internal_message.html?_=1675044388943&CODE_STATE=getMsg HTTP/1.1" 200 27
124.78.154.177 - - [30/Jan/2023:10:06:23 +0800] "POST /xingrg/kc/buy/cgsh_order_operate.html HTTP/1.1" 200 12162
112.51.222.203 - - [30/Jan/2023:10:06:25 +0800] "GET /xingrg/all/function/internal_message.html?_=1675044392153&CODE_STATE=getMsg HTTP/1.1" 200 27
116.238.139.35 - - [30/Jan/2023:10:06:26 +0800] "GET /xingrg/kc/base/wldb_order_operate.html?command=get_materiel&rest_code=00150&base_code=0010445&code=00101016094 HTTP/1.1" 200 470
116.230.105.139 - - [30/Jan/2023:10:06:27 +0800] "GET /xingrg/all/function/internal_message.html?_=1675044394104&CODE_STATE=getMsg HTTP/1.1" 200 27
114.88.159.190 - - [30/Jan/2023:10:06:28 +0800] "GET /xingrg/all/function/internal_message.html?_=1675043967607&CODE_STATE=getMsg HTTP/1.1" 200 27
116.235.244.242 - - [30/Jan/2023:10:06:28 +0800] "GET /xingrg/all/function/internal_message.html?_=1675044396976&CODE_STATE=getMsg HTTP/1.1" 200 27
222.70.181.49 - - [30/Jan/2023:10:06:29 +0800] "GET /xingrg/all/function/internal_message.html?_=1675044395354&CODE_STATE=getMsg HTTP/1.1" 200 27
114.83.222.182 - - [30/Jan/2023:10:06:32 +0800] "GET /xingrg/all/function/internal_message.html?_=1675044496978&CODE_STATE=getMsg HTTP/1.1" 200 27
116.238.139.35 - - [30/Jan/2023:10:06:33 +0800] "GET /xingrg/all/function/internal_message.html?_=1675044327988&CODE_STATE=getMsg HTTP/1.1" 200 27
116.238.139.35 - - [30/Jan/2023:10:06:40 +0800] "GET /xingrg/kc/base/wldb_order_operate.html?command=get_materiel&rest_code=00150&base_code=0010445&code=00101019071 HTTP/1.1" 200 471
116.238.139.35 - - [30/Jan/2023:10:06:46 +0800] "GET /xingrg/kc/base/wldb_order_operate.html?command=get_materiel&rest_code=00150&base_code=0010445&code=00101019438 HTTP/1.1" 200 462
101.83.145.75 - - [30/Jan/2023:10:06:49 +0800] "GET /xingrg/all/function/internal_message.html?_=1675044416690&CODE_STATE=getMsg HTTP/1.1" 200 27
124.78.154.177 - - [30/Jan/2023:10:06:57 +0800] "GET /xingrg/kc/buy/cgsh_order_operate.html?command=get_materiel&rest_code=00106&code=00101013137&supplier_code=00100007&order_time=2023-01-30 HTTP/1.1" 200 412
116.238.139.35 - - [30/Jan/2023:10:07:03 +0800] "POST /xingrg/kc/base/wldb_order_operate.html HTTP/1.1" 200 37
116.238.139.35 - - [30/Jan/2023:10:07:06 +0800] "POST /xingrg/kc/base/wldb_order_operate.html HTTP/1.1" 200 12
116.238.139.35 - - [30/Jan/2023:10:07:06 +0800] "POST /xingrg/kc/base/wldb_order_operate.html HTTP/1.1" 200 3680
116.238.139.35 - - [30/Jan/2023:10:07:07 +0800] "GET /xingrg/kc/base/wldb_order_info.html?code=422023013001812 HTTP/1.1" 200 26319
116.238.139.35 - - [30/Jan/2023:10:07:07 +0800] "GET /xingrg/javascript/easyui/themes/default/validatebox.css HTTP/1.1" 404 1104
116.238.139.35 - - [30/Jan/2023:10:07:07 +0800] "POST /xingrg/kc/base/wldb_order_operate.html HTTP/1.1" 200 1942
124.78.154.177 - - [30/Jan/2023:10:07:08 +0800] "GET /xingrg/kc/buy/cgsh_order_operate.html?command=get_materiel&rest_code=00106&code=00101008283&supplier_code=00100007&order_time=2023-01-30 HTTP/1.1" 200 408
101.83.145.75 - - [30/Jan/2023:10:07:09 +0800] "GET /xingrg/check_reg.html?_=1675044436474 HTTP/1.1" 200 22
101.83.241.7 - - [30/Jan/2023:10:07:09 +0800] "GET /xingrg/all/function/internal_message.html?_=1675044435444&CODE_STATE=getMsg HTTP/1.1" 200 27
124.78.154.177 - - [30/Jan/2023:10:07:10 +0800] "POST /xingrg/kc/buy/cgsh_order_operate.html HTTP/1.1" 200 2065
101.229.22.234 - - [30/Jan/2023:10:07:11 +0800] "GET /xingrg/all/function/internal_message.html?_=1675044435568&CODE_STATE=getMsg HTTP/1.1" 200 27
116.238.139.35 - - [30/Jan/2023:10:07:12 +0800] "GET /xingrg/kc/base/wldb_order_add.html HTTP/1.1" 200 30436
116.238.139.35 - - [30/Jan/2023:10:07:12 +0800] "POST /xingrg/kc/base/wldb_order_operate.html HTTP/1.1" 200 6806
116.238.139.35 - - [30/Jan/2023:10:07:12 +0800] "GET /xingrg/javascript/easyui/themes/default/validatebox.css HTTP/1.1" 404 1104
180.157.253.110 - - [30/Jan/2023:10:07:15 +0800] "GET /xingrg/all/function/internal_message.html?_=1675044448664&CODE_STATE=getMsg HTTP/1.1" 200 27
124.78.154.177 - - [30/Jan/2023:10:07:15 +0800] "GET /xingrg/kc/buy/cgsh_order_operate.html?command=get_materiel&rest_code=00106&code=00101008350&supplier_code=00100007&order_time=2023-01-30 HTTP/1.1" 200 408
116.192.124.172 - - [30/Jan/2023:10:07:16 +0800] "GET /xingrg/all/function/internal_message.html?_=1675044443255&CODE_STATE=getMsg HTTP/1.1" 200 27
116.238.139.35 - - [30/Jan/2023:10:07:18 +0800] "POST /xingrg/all/common/load_combo.html?type=base HTTP/1.1" 200 3227
180.169.147.146 - - [30/Jan/2023:10:07:21 +0800] "GET /xingrg/all/function/internal_message.html?_=1675044449299&CODE_STATE=getMsg HTTP/1.1" 200 27
180.163.29.212 - - [30/Jan/2023:10:07:22 +0800] "GET /xingrg/all/function/internal_message.html?_=1675044388943&CODE_STATE=getMsg HTTP/1.1" 302 -
180.163.29.212 - - [30/Jan/2023:10:07:22 +0800] "GET /xingrg/login.html HTTP/1.1" 200 7641
124.78.154.177 - - [30/Jan/2023:10:07:23 +0800] "GET /xingrg/all/function/internal_message.html?_=1675044448985&CODE_STATE=getMsg HTTP/1.1" 200 27
112.51.222.203 - - [30/Jan/2023:10:07:25 +0800] "GET /xingrg/all/function/internal_message.html?_=1675044452159&CODE_STATE=getMsg HTTP/1.1" 200 27
112.51.222.203 - - [30/Jan/2023:10:07:25 +0800] "GET /xingrg/check_reg.html?_=1675044452160 HTTP/1.1" 200 22
116.230.105.139 - - [30/Jan/2023:10:07:27 +0800] "GET /xingrg/all/function/internal_message.html?_=1675044454076&CODE_STATE=getMsg HTTP/1.1" 200 27
114.88.159.190 - - [30/Jan/2023:10:07:28 +0800] "GET /xingrg/all/function/internal_message.html?_=1675044027607&CODE_STATE=getMsg HTTP/1.1" 200 27
116.235.244.242 - - [30/Jan/2023:10:07:28 +0800] "GET /xingrg/check_reg.html?_=1675044456539 HTTP/1.1" 200 22
116.238.139.35 - - [30/Jan/2023:10:07:28 +0800] "GET /xingrg/kc/base/wldb_order_operate.html?command=get_materiel&rest_code=00150&base_code=0010445&code=00101016120 HTTP/1.1" 200 455
116.235.244.242 - - [30/Jan/2023:10:07:28 +0800] "GET /xingrg/all/function/internal_message.html?_=1675044456988&CODE_STATE=getMsg HTTP/1.1" 200 27
222.70.181.49 - - [30/Jan/2023:10:07:29 +0800] "GET /xingrg/all/function/internal_message.html?_=1675044455354&CODE_STATE=getMsg HTTP/1.1" 200 27
114.83.222.182 - - [30/Jan/2023:10:07:32 +0800] "GET /xingrg/all/function/internal_message.html?_=1675044556968&CODE_STATE=getMsg HTTP/1.1" 200 27
116.238.139.35 - - [30/Jan/2023:10:07:33 +0800] "GET /xingrg/check_reg.html?_=1675044387948 HTTP/1.1" 200 22
116.238.139.35 - - [30/Jan/2023:10:07:33 +0800] "GET /xingrg/all/function/internal_message.html?_=1675044388002&CODE_STATE=getMsg HTTP/1.1" 200 27
124.78.154.177 - - [30/Jan/2023:10:07:35 +0800] "POST /xingrg/kc/buy/cgsh_order_operate.html HTTP/1.1" 200 37
116.238.139.35 - - [30/Jan/2023:10:07:41 +0800] "GET /xingrg/kc/base/wldb_order_operate.html?command=get_materiel&rest_code=00150&base_code=0010445&code=00101019062 HTTP/1.1" 200 465
101.83.145.75 - - [30/Jan/2023:10:07:49 +0800] "GET /xingrg/all/function/internal_message.html?_=1675044476668&CODE_STATE=getMsg HTTP/1.1" 200 27
116.238.139.35 - - [30/Jan/2023:10:07:56 +0800] "GET /xingrg/kc/base/wldb_order_operate.html?command=get_materiel&rest_code=00150&base_code=0010445&code=00101019127 HTTP/1.1" 200 480
101.80.229.13 - - [30/Jan/2023:10:08:05 +0800] "GET /favicon.ico HTTP/1.1" 404 -
116.238.139.35 - - [30/Jan/2023:10:08:05 +0800] "GET /xingrg/kc/base/wldb_order_operate.html?command=get_materiel&rest_code=00150&base_code=0010445&code=00101019185 HTTP/1.1" 200 469
101.83.241.7 - - [30/Jan/2023:10:08:09 +0800] "GET /xingrg/all/function/internal_message.html?_=1675044495444&CODE_STATE=getMsg HTTP/1.1" 200 27
101.229.22.234 - - [30/Jan/2023:10:08:11 +0800] "GET /xingrg/check_reg.html?_=1675044495564 HTTP/1.1" 200 22
101.229.22.234 - - [30/Jan/2023:10:08:11 +0800] "GET /xingrg/all/function/internal_message.html?_=1675044495567&CODE_STATE=getMsg HTTP/1.1" 200 27
180.163.30.76 - - [30/Jan/2023:10:08:12 +0800] "GET /xingrg/kc/buy/cgsh_order_operate.html?command=get_materiel&rest_code=00106&code=00101008350&supplier_code=00100007&order_time=2023-01-30 HTTP/1.1" 302 -
180.163.30.76 - - [30/Jan/2023:10:08:12 +0800] "GET /xingrg/login.html HTTP/1.1" 200 7641
180.157.253.110 - - [30/Jan/2023:10:08:15 +0800] "GET /xingrg/all/function/internal_message.html?_=1675044508663&CODE_STATE=getMsg HTTP/1.1" 200 27
116.192.124.172 - - [30/Jan/2023:10:08:16 +0800] "GET /xingrg/all/function/internal_message.html?_=1675044503243&CODE_STATE=getMsg HTTP/1.1" 200 27
116.192.124.172 - - [30/Jan/2023:10:08:16 +0800] "GET /xingrg/check_reg.html?_=1675044503307 HTTP/1.1" 200 22
116.238.139.35 - - [30/Jan/2023:10:08:17 +0800] "GET /xingrg/kc/base/wldb_order_operate.html?command=get_materiel&rest_code=00150&base_code=0010445&code=00101019222 HTTP/1.1" 200 454
180.169.147.146 - - [30/Jan/2023:10:08:21 +0800] "GET /xingrg/all/function/internal_message.html?_=1675044509282&CODE_STATE=getMsg HTTP/1.1" 200 27
112.51.222.203 - - [30/Jan/2023:10:08:25 +0800] "GET /xingrg/all/function/internal_message.html?_=1675044512157&CODE_STATE=getMsg HTTP/1.1" 200 27
116.238.139.35 - - [30/Jan/2023:10:08:26 +0800] "GET /xingrg/kc/base/wldb_order_operate.html?command=get_materiel&rest_code=00150&base_code=0010445&code=00101019529 HTTP/1.1" 200 476
116.230.105.139 - - [30/Jan/2023:10:08:27 +0800] "GET /xingrg/all/function/internal_message.html?_=1675044514053&CODE_STATE=getMsg HTTP/1.1" 200 27
114.88.159.190 - - [30/Jan/2023:10:08:28 +0800] "GET /xingrg/all/function/internal_message.html?_=1675044087606&CODE_STATE=getMsg HTTP/1.1" 200 27
116.235.244.242 - - [30/Jan/2023:10:08:29 +0800] "GET /xingrg/all/function/internal_message.html?_=1675044517003&CODE_STATE=getMsg HTTP/1.1" 200 27
222.70.181.49 - - [30/Jan/2023:10:08:29 +0800] "GET /xingrg/all/function/internal_message.html?_=1675044515354&CODE_STATE=getMsg HTTP/1.1" 200 27
114.83.222.182 - - [30/Jan/2023:10:08:32 +0800] "GET /xingrg/all/function/internal_message.html?_=1675044616964&CODE_STATE=getMsg HTTP/1.1" 200 27
116.238.139.35 - - [30/Jan/2023:10:08:35 +0800] "POST /xingrg/kc/base/wldb_order_operate.html HTTP/1.1" 200 37
116.238.139.35 - - [30/Jan/2023:10:08:37 +0800] "POST /xingrg/kc/base/wldb_order_operate.html HTTP/1.1" 200 12
116.238.139.35 - - [30/Jan/2023:10:08:37 +0800] "POST /xingrg/kc/base/wldb_order_operate.html HTTP/1.1" 200 4718
116.238.139.35 - - [30/Jan/2023:10:08:40 +0800] "GET /xingrg/kc/base/wldb_order_info.html?code=422023013001813 HTTP/1.1" 200 26319
116.238.139.35 - - [30/Jan/2023:10:08:40 +0800] "GET /xingrg/javascript/easyui/themes/default/validatebox.css HTTP/1.1" 404 1104
116.238.139.35 - - [30/Jan/2023:10:08:40 +0800] "POST /xingrg/kc/base/wldb_order_operate.html HTTP/1.1" 200 2956
116.238.139.35 - - [30/Jan/2023:10:08:41 +0800] "GET /xingrg/all/function/internal_message.html?_=1675044455534&CODE_STATE=getMsg HTTP/1.1" 200 27
101.83.145.75 - - [30/Jan/2023:10:08:49 +0800] "GET /xingrg/all/function/internal_message.html?_=1675044536643&CODE_STATE=getMsg HTTP/1.1" 200 27
101.83.241.7 - - [30/Jan/2023:10:09:09 +0800] "GET /xingrg/all/function/internal_message.html?_=1675044555451&CODE_STATE=getMsg HTTP/1.1" 200 27
101.229.22.234 - - [30/Jan/2023:10:09:11 +0800] "GET /xingrg/all/function/internal_message.html?_=1675044555567&CODE_STATE=getMsg HTTP/1.1" 200 27
180.157.253.110 - - [30/Jan/2023:10:09:15 +0800] "GET /xingrg/all/function/internal_message.html?_=1675044568665&CODE_STATE=getMsg HTTP/1.1" 200 27
116.192.124.172 - - [30/Jan/2023:10:09:16 +0800] "GET /xingrg/all/function/internal_message.html?_=1675044563230&CODE_STATE=getMsg HTTP/1.1" 200 27
180.169.147.146 - - [30/Jan/2023:10:09:21 +0800] "GET /xingrg/all/function/internal_message.html?_=1675044569265&CODE_STATE=getMsg HTTP/1.1" 200 27
112.51.222.203 - - [30/Jan/2023:10:09:25 +0800] "GET /xingrg/all/function/internal_message.html?_=1675044572155&CODE_STATE=getMsg HTTP/1.1" 200 27
116.230.105.139 - - [30/Jan/2023:10:09:27 +0800] "GET /xingrg/all/function/internal_message.html?_=1675044574027&CODE_STATE=getMsg HTTP/1.1" 200 27
114.88.159.190 - - [30/Jan/2023:10:09:28 +0800] "GET /xingrg/all/function/internal_message.html?_=1675044147604&CODE_STATE=getMsg HTTP/1.1" 200 27
114.88.159.190 - - [30/Jan/2023:10:09:28 +0800] "GET /xingrg/check_reg.html?_=1675044147606 HTTP/1.1" 200 22
116.235.244.242 - - [30/Jan/2023:10:09:29 +0800] "GET /xingrg/all/function/internal_message.html?_=1675044577017&CODE_STATE=getMsg HTTP/1.1" 200 27
222.70.181.49 - - [30/Jan/2023:10:09:29 +0800] "GET /xingrg/all/function/internal_message.html?_=1675044575354&CODE_STATE=getMsg HTTP/1.1" 200 27
114.83.222.182 - - [30/Jan/2023:10:09:32 +0800] "GET /xingrg/all/function/internal_message.html?_=1675044676954&CODE_STATE=getMsg HTTP/1.1" 200 27
180.169.147.146 - - [30/Jan/2023:10:09:38 +0800] "GET /xingrg/check_reg.html?_=1675044586302 HTTP/1.1" 200 22
116.238.139.35 - - [30/Jan/2023:10:09:41 +0800] "GET /xingrg/all/function/internal_message.html?_=1675044515548&CODE_STATE=getMsg HTTP/1.1" 200 27
101.83.145.75 - - [30/Jan/2023:10:09:49 +0800] "GET /xingrg/all/function/internal_message.html?_=1675044596617&CODE_STATE=getMsg HTTP/1.1" 200 27
101.229.22.234 - - [30/Jan/2023:10:09:54 +0800] "GET /xingrg/javascript/easyui/themes/default/images/button_plain_hover.png HTTP/1.1" 304 -
101.229.22.234 - - [30/Jan/2023:10:09:56 +0800] "POST /xingrg/kc/mdqp/pssh_list_operate.html HTTP/1.1" 200 1903
101.229.22.234 - - [30/Jan/2023:10:09:58 +0800] "GET /xingrg/kc/buy/cgsh_order_list.html HTTP/1.1" 200 53982
101.229.22.234 - - [30/Jan/2023:10:09:58 +0800] "GET /xingrg/javascript/easyui/themes/icons/edit_add_new.png HTTP/1.1" 304 -
101.229.22.234 - - [30/Jan/2023:10:09:58 +0800] "GET /xingrg/javascript/easyui/themes/icons/import_new.png HTTP/1.1" 304 -
101.229.22.234 - - [30/Jan/2023:10:10:01 +0800] "POST /xingrg/kc/buy/cgsh_list_operate.html HTTP/1.1" 200 1869
101.229.22.234 - - [30/Jan/2023:10:10:03 +0800] "GET /xingrg/kc/buy/cgsh_order_add.html HTTP/1.1" 200 68876
101.229.22.234 - - [30/Jan/2023:10:10:03 +0800] "GET /xingrg/javascript/easyui/themes/icons/template_new.png HTTP/1.1" 304 -
101.229.22.234 - - [30/Jan/2023:10:10:03 +0800] "GET /xingrg/javascript/easyui/themes/icons/copy_new.png HTTP/1.1" 304 -
101.229.22.234 - - [30/Jan/2023:10:10:03 +0800] "GET /xingrg/javascript/easyui/themes/icons/cancel.png HTTP/1.1" 304 -
101.229.22.234 - - [30/Jan/2023:10:10:04 +0800] "POST /xingrg/kc/buy/cgsh_order_operate.html HTTP/1.1" 200 8245
101.229.22.234 - - [30/Jan/2023:10:10:04 +0800] "GET /xingrg/javascript/easyui/themes/default/validatebox.css HTTP/1.1" 404 1104
101.229.22.234 - - [30/Jan/2023:10:10:04 +0800] "GET /xingrg/javascript/easyui/themes/icons/edit_remove.png HTTP/1.1" 304 -
101.83.145.75 - - [30/Jan/2023:10:10:04 +0800] "GET /xingrg/kc/buy/cgsh_order_list.html HTTP/1.1" 200 53976
101.229.22.234 - - [30/Jan/2023:10:10:05 +0800] "GET /xingrg/javascript/auto/indicator.gif HTTP/1.1" 404 1066
101.83.145.75 - - [30/Jan/2023:10:10:07 +0800] "POST /xingrg/kc/buy/cgsh_list_operate.html HTTP/1.1" 200 2275
101.83.241.7 - - [30/Jan/2023:10:10:09 +0800] "GET /xingrg/check_reg.html?_=1675044615457 HTTP/1.1" 200 22
101.83.241.7 - - [30/Jan/2023:10:10:09 +0800] "GET /xingrg/all/function/internal_message.html?_=1675044615466&CODE_STATE=getMsg HTTP/1.1" 200 27
101.83.145.75 - - [30/Jan/2023:10:10:10 +0800] "GET /xingrg/kc/buy/cgsh_order_add.html HTTP/1.1" 200 69840
101.229.22.234 - - [30/Jan/2023:10:10:11 +0800] "GET /xingrg/all/function/internal_message.html?_=1675044615580&CODE_STATE=getMsg HTTP/1.1" 200 27
101.83.145.75 - - [30/Jan/2023:10:10:11 +0800] "POST /xingrg/kc/buy/cgsh_order_operate.html HTTP/1.1" 200 8245
101.83.145.75 - - [30/Jan/2023:10:10:11 +0800] "GET /xingrg/javascript/easyui/themes/default/validatebox.css HTTP/1.1" 404 1104
180.157.253.110 - - [30/Jan/2023:10:10:15 +0800] "GET /xingrg/all/function/internal_message.html?_=1675044628664&CODE_STATE=getMsg HTTP/1.1" 200 27
180.157.253.110 - - [30/Jan/2023:10:10:15 +0800] "GET /xingrg/check_reg.html?_=1675044628668 HTTP/1.1" 200 22
116.192.124.172 - - [30/Jan/2023:10:10:16 +0800] "GET /xingrg/all/function/internal_message.html?_=1675044623213&CODE_STATE=getMsg HTTP/1.1" 200 27
101.83.145.75 - - [30/Jan/2023:10:10:18 +0800] "GET /xingrg/kc/buy/cgsh_order_operate.html?command=get_materiel&rest_code=00105&code=00101008103&supplier_code=&order_time=2023-01-30 HTTP/1.1" 200 417
101.83.145.75 - - [30/Jan/2023:10:10:18 +0800] "GET /xingrg/check_reg.html?_=1675044464576 HTTP/1.1" 302 -
