116.192.124.172 - - [30/Jan/2023:10:22:06 +0800] "POST /xingrg/kc/base/wldb_order_operate.html HTTP/1.1" 200 6806
116.192.124.172 - - [30/Jan/2023:10:22:06 +0800] "GET /xingrg/javascript/easyui/themes/default/validatebox.css HTTP/1.1" 404 1104
116.192.124.172 - - [30/Jan/2023:10:22:07 +0800] "POST /xingrg/all/common/load_combo.html?type=base HTTP/1.1" 200 3321
101.83.145.75 - - [30/Jan/2023:10:22:09 +0800] "GET /xingrg/check_reg.html?_=1675045336400 HTTP/1.1" 200 22
101.83.241.7 - - [30/Jan/2023:10:22:09 +0800] "GET /xingrg/all/function/internal_message.html?_=1675045335496&CODE_STATE=getMsg HTTP/1.1" 200 27
116.192.124.172 - - [30/Jan/2023:10:22:09 +0800] "POST /xingrg/all/common/load_combo.html?type=base HTTP/1.1" 200 3321
101.229.22.234 - - [30/Jan/2023:10:22:11 +0800] "GET /xingrg/all/function/internal_message.html?_=1675045335580&CODE_STATE=getMsg HTTP/1.1" 200 27
101.229.22.234 - - [30/Jan/2023:10:22:11 +0800] "GET /xingrg/kc/buy/cgsh_order_operate.html?command=get_materiel&rest_code=00142&code=00101008351&supplier_code=00100161&order_time=2023-01-30 HTTP/1.1" 200 408
116.192.124.172 - - [30/Jan/2023:10:22:14 +0800] "GET /xingrg/kc/base/wldb_order_operate.html?command=get_materiel&rest_code=00102&base_code=0010476&code=00101019401 HTTP/1.1" 200 474
180.157.253.110 - - [30/Jan/2023:10:22:15 +0800] "GET /xingrg/all/function/internal_message.html?_=1675045348660&CODE_STATE=getMsg HTTP/1.1" 200 27
116.192.124.172 - - [30/Jan/2023:10:22:16 +0800] "GET /xingrg/all/function/internal_message.html?_=1675045343069&CODE_STATE=getMsg HTTP/1.1" 200 27
116.192.124.172 - - [30/Jan/2023:10:22:20 +0800] "POST /xingrg/kc/base/wldb_order_operate.html HTTP/1.1" 200 37
101.229.22.234 - - [30/Jan/2023:10:22:20 +0800] "GET /xingrg/kc/buy/cgsh_order_operate.html?command=get_materiel&rest_code=00142&code=00101008350&supplier_code=00100161&order_time=2023-01-30 HTTP/1.1" 200 408
180.169.147.146 - - [30/Jan/2023:10:22:21 +0800] "GET /xingrg/all/function/internal_message.html?_=1675045349030&CODE_STATE=getMsg HTTP/1.1" 200 27
116.192.124.172 - - [30/Jan/2023:10:22:22 +0800] "POST /xingrg/kc/base/wldb_order_operate.html HTTP/1.1" 200 12
116.192.124.172 - - [30/Jan/2023:10:22:22 +0800] "POST /xingrg/kc/base/wldb_order_operate.html HTTP/1.1" 200 2217
116.192.124.172 - - [30/Jan/2023:10:22:23 +0800] "GET /xingrg/kc/base/wldb_order_info.html?code=422023013001815 HTTP/1.1" 200 26291
116.192.124.172 - - [30/Jan/2023:10:22:23 +0800] "GET /xingrg/javascript/easyui/themes/default/validatebox.css HTTP/1.1" 404 1104
116.192.124.172 - - [30/Jan/2023:10:22:23 +0800] "POST /xingrg/kc/base/wldb_order_operate.html HTTP/1.1" 200 512
124.78.154.177 - - [30/Jan/2023:10:22:25 +0800] "GET /xingrg/all/function/internal_message.html?_=1675045351425&CODE_STATE=getMsg HTTP/1.1" 200 27
116.230.105.139 - - [30/Jan/2023:10:22:27 +0800] "GET /xingrg/all/function/internal_message.html?_=1675045353768&CODE_STATE=getMsg HTTP/1.1" 200 27
114.88.159.190 - - [30/Jan/2023:10:22:28 +0800] "GET /xingrg/all/function/internal_message.html?_=1675044927703&CODE_STATE=getMsg HTTP/1.1" 200 27
116.235.244.242 - - [30/Jan/2023:10:22:28 +0800] "GET /xingrg/check_reg.html?_=1675045356884 HTTP/1.1" 200 22
222.70.181.49 - - [30/Jan/2023:10:22:29 +0800] "GET /xingrg/all/function/internal_message.html?_=1675045355371&CODE_STATE=getMsg HTTP/1.1" 200 27
116.235.244.242 - - [30/Jan/2023:10:22:29 +0800] "GET /xingrg/all/function/internal_message.html?_=1675045357535&CODE_STATE=getMsg HTTP/1.1" 200 27
101.229.22.234 - - [30/Jan/2023:10:22:29 +0800] "GET /xingrg/kc/buy/cgsh_order_operate.html?command=get_materiel&rest_code=00142&code=00101008312&supplier_code=00100161&order_time=2023-01-30 HTTP/1.1" 200 412
116.192.124.172 - - [30/Jan/2023:10:22:30 +0800] "GET /xingrg/kc/base/wldb_order_add.html HTTP/1.1" 200 30418
116.192.124.172 - - [30/Jan/2023:10:22:30 +0800] "POST /xingrg/kc/base/wldb_order_operate.html HTTP/1.1" 200 6806
116.192.124.172 - - [30/Jan/2023:10:22:30 +0800] "GET /xingrg/javascript/easyui/themes/default/validatebox.css HTTP/1.1" 404 1104
116.192.124.172 - - [30/Jan/2023:10:22:31 +0800] "POST /xingrg/all/common/load_combo.html?type=base HTTP/1.1" 200 3321
114.83.222.182 - - [30/Jan/2023:10:22:32 +0800] "GET /xingrg/all/function/internal_message.html?_=1675045456724&CODE_STATE=getMsg HTTP/1.1" 200 27
116.192.124.172 - - [30/Jan/2023:10:22:33 +0800] "POST /xingrg/all/common/load_combo.html?type=base HTTP/1.1" 200 3321
101.229.22.234 - - [30/Jan/2023:10:22:37 +0800] "GET /xingrg/kc/buy/cgsh_order_operate.html?command=get_materiel&rest_code=00142&code=00101008264&supplier_code=00100161&order_time=2023-01-30 HTTP/1.1" 200 412
116.192.124.172 - - [30/Jan/2023:10:22:40 +0800] "GET /xingrg/kc/base/wldb_order_operate.html?command=get_materiel&rest_code=00102&base_code=0010476&code=00101016029 HTTP/1.1" 200 462
101.229.22.234 - - [30/Jan/2023:10:22:48 +0800] "GET /xingrg/kc/buy/cgsh_order_operate.html?command=get_materiel&rest_code=00142&code=00101008283&supplier_code=00100161&order_time=2023-01-30 HTTP/1.1" 200 408
101.83.145.75 - - [30/Jan/2023:10:22:48 +0800] "GET /xingrg/all/function/internal_message.html?_=1675045376316&CODE_STATE=getMsg HTTP/1.1" 200 27
116.192.124.172 - - [30/Jan/2023:10:22:49 +0800] "GET /xingrg/kc/base/wldb_order_operate.html?command=get_materiel&rest_code=00102&base_code=0010476&code=00101016044 HTTP/1.1" 200 466
114.88.159.190 - - [30/Jan/2023:10:22:49 +0800] "GET /xingrg/kc/buy/cgsh_order_operate.html?command=get_materiel&rest_code=00141&code=00101008356&supplier_code=00100007&order_time=2023-01-30 HTTP/1.1" 200 408
101.229.22.234 - - [30/Jan/2023:10:22:50 +0800] "POST /xingrg/kc/buy/cgsh_order_operate.html HTTP/1.1" 200 2065
101.229.22.234 - - [30/Jan/2023:10:22:55 +0800] "GET /xingrg/kc/buy/cgsh_order_operate.html?command=get_materiel&rest_code=00142&code=00101008298&supplier_code=00100161&order_time=2023-01-30 HTTP/1.1" 200 412
114.88.159.190 - - [30/Jan/2023:10:22:59 +0800] "GET /xingrg/kc/buy/cgsh_order_operate.html?command=get_materiel&rest_code=00141&code=00101008300&supplier_code=00100007&order_time=2023-01-30 HTTP/1.1" 200 412
116.192.124.172 - - [30/Jan/2023:10:23:03 +0800] "POST /xingrg/kc/base/wldb_order_operate.html HTTP/1.1" 200 37
101.229.22.234 - - [30/Jan/2023:10:23:03 +0800] "GET /xingrg/kc/buy/cgsh_order_operate.html?command=get_materiel&rest_code=00142&code=00101008354&supplier_code=00100161&order_time=2023-01-30 HTTP/1.1" 200 412
116.192.124.172 - - [30/Jan/2023:10:23:06 +0800] "POST /xingrg/kc/base/wldb_order_operate.html HTTP/1.1" 200 12
116.192.124.172 - - [30/Jan/2023:10:23:06 +0800] "POST /xingrg/kc/base/wldb_order_operate.html HTTP/1.1" 200 3218
116.192.124.172 - - [30/Jan/2023:10:23:07 +0800] "GET /xingrg/kc/base/wldb_order_info.html?code=422023013001816 HTTP/1.1" 200 26294
116.192.124.172 - - [30/Jan/2023:10:23:07 +0800] "GET /xingrg/javascript/easyui/themes/default/validatebox.css HTTP/1.1" 404 1104
116.192.124.172 - - [30/Jan/2023:10:23:08 +0800] "POST /xingrg/kc/base/wldb_order_operate.html HTTP/1.1" 200 1491
114.88.159.190 - - [30/Jan/2023:10:23:08 +0800] "GET /xingrg/kc/buy/cgsh_order_operate.html?command=get_materiel&rest_code=00141&code=00101008251&supplier_code=00100007&order_time=2023-01-30 HTTP/1.1" 200 408
101.83.241.7 - - [30/Jan/2023:10:23:09 +0800] "GET /xingrg/all/function/internal_message.html?_=1675045395497&CODE_STATE=getMsg HTTP/1.1" 200 27
101.229.22.234 - - [30/Jan/2023:10:23:11 +0800] "GET /xingrg/all/function/internal_message.html?_=1675045395582&CODE_STATE=getMsg HTTP/1.1" 200 27
101.229.22.234 - - [30/Jan/2023:10:23:11 +0800] "GET /xingrg/check_reg.html?_=1675045395584 HTTP/1.1" 200 22
101.229.22.234 - - [30/Jan/2023:10:23:11 +0800] "GET /xingrg/kc/buy/cgsh_order_operate.html?command=get_materiel&rest_code=00142&code=00101008352&supplier_code=00100161&order_time=2023-01-30 HTTP/1.1" 200 412
180.157.253.110 - - [30/Jan/2023:10:23:15 +0800] "GET /xingrg/all/function/internal_message.html?_=1675045408687&CODE_STATE=getMsg HTTP/1.1" 200 27
116.192.124.172 - - [30/Jan/2023:10:23:16 +0800] "GET /xingrg/all/function/internal_message.html?_=1675045403049&CODE_STATE=getMsg HTTP/1.1" 200 27
116.192.124.172 - - [30/Jan/2023:10:23:16 +0800] "GET /xingrg/check_reg.html?_=1675045403268 HTTP/1.1" 200 22
114.88.159.190 - - [30/Jan/2023:10:23:16 +0800] "GET /xingrg/kc/buy/cgsh_order_operate.html?command=get_materiel&rest_code=00141&code=00101008295&supplier_code=00100007&order_time=2023-01-30 HTTP/1.1" 200 412
101.229.22.234 - - [30/Jan/2023:10:23:20 +0800] "POST /xingrg/kc/buy/cgsh_order_operate.html HTTP/1.1" 200 37
180.169.147.146 - - [30/Jan/2023:10:23:21 +0800] "GET /xingrg/all/function/internal_message.html?_=1675045409011&CODE_STATE=getMsg HTTP/1.1" 200 27
101.229.22.234 - - [30/Jan/2023:10:23:21 +0800] "POST /xingrg/kc/buy/cgsh_order_operate.html HTTP/1.1" 200 15025
114.88.159.190 - - [30/Jan/2023:10:23:25 +0800] "GET /xingrg/kc/buy/cgsh_order_operate.html?command=get_materiel&rest_code=00141&code=00101008098&supplier_code=00100007&order_time=2023-01-30 HTTP/1.1" 200 412
101.229.22.234 - - [30/Jan/2023:10:23:25 +0800] "POST /xingrg/kc/buy/cgsh_order_operate.html HTTP/1.1" 200 37
124.78.154.177 - - [30/Jan/2023:10:23:25 +0800] "GET /xingrg/all/function/internal_message.html?_=1675045411401&CODE_STATE=getMsg HTTP/1.1" 200 27
101.229.22.234 - - [30/Jan/2023:10:23:27 +0800] "POST /xingrg/kc/buy/cgsh_order_operate.html HTTP/1.1" 200 15025
116.230.105.139 - - [30/Jan/2023:10:23:27 +0800] "GET /xingrg/all/function/internal_message.html?_=1675045413741&CODE_STATE=getMsg HTTP/1.1" 200 27
114.88.159.190 - - [30/Jan/2023:10:23:28 +0800] "GET /xingrg/all/function/internal_message.html?_=1675044987746&CODE_STATE=getMsg HTTP/1.1" 200 27
222.70.181.49 - - [30/Jan/2023:10:23:29 +0800] "GET /xingrg/all/function/internal_message.html?_=1675045415370&CODE_STATE=getMsg HTTP/1.1" 200 27
116.235.244.242 - - [30/Jan/2023:10:23:29 +0800] "GET /xingrg/all/function/internal_message.html?_=1675045417549&CODE_STATE=getMsg HTTP/1.1" 200 27
114.83.222.182 - - [30/Jan/2023:10:23:32 +0800] "GET /xingrg/all/function/internal_message.html?_=1675045516719&CODE_STATE=getMsg HTTP/1.1" 200 27
101.229.22.234 - - [30/Jan/2023:10:23:32 +0800] "POST /xingrg/kc/buy/cgsh_list_operate.html HTTP/1.1" 200 2301
114.88.159.190 - - [30/Jan/2023:10:23:35 +0800] "GET /xingrg/kc/buy/cgsh_order_operate.html?command=get_materiel&rest_code=00141&code=00101008150&supplier_code=00100007&order_time=2023-01-30 HTTP/1.1" 200 409
114.88.159.190 - - [30/Jan/2023:10:23:43 +0800] "GET /xingrg/kc/buy/cgsh_order_operate.html?command=get_materiel&rest_code=00141&code=00101008165&supplier_code=00100007&order_time=2023-01-30 HTTP/1.1" 200 416
101.83.145.75 - - [30/Jan/2023:10:23:48 +0800] "GET /xingrg/all/function/internal_message.html?_=1675045436294&CODE_STATE=getMsg HTTP/1.1" 200 27
124.78.154.177 - - [30/Jan/2023:10:23:52 +0800] "GET /xingrg/kc/buy/cgsh_order_add.html HTTP/1.1" 200 69758
124.78.154.177 - - [30/Jan/2023:10:23:53 +0800] "GET /xingrg/javascript/easyui/themes/default/validatebox.css HTTP/1.1" 404 1104
124.78.154.177 - - [30/Jan/2023:10:23:53 +0800] "POST /xingrg/kc/buy/cgsh_order_operate.html HTTP/1.1" 200 8245
124.78.154.177 - - [30/Jan/2023:10:24:00 +0800] "GET /xingrg/javascript/easyui/themes/default/tree.css HTTP/1.1" 404 1090
124.78.154.177 - - [30/Jan/2023:10:24:00 +0800] "POST /xingrg/all/common/load_tree.html?tree=supplier_tree_json&isDelete=1 HTTP/1.1" 200 70604
101.83.241.7 - - [30/Jan/2023:10:24:09 +0800] "GET /xingrg/all/function/internal_message.html?_=1675045455498&CODE_STATE=getMsg HTTP/1.1" 200 27
101.229.22.234 - - [30/Jan/2023:10:24:11 +0800] "GET /xingrg/all/function/internal_message.html?_=1675045455588&CODE_STATE=getMsg HTTP/1.1" 200 27
180.157.253.110 - - [30/Jan/2023:10:24:11 +0800] "POST /xingrg/services/DataTransmitService HTTP/1.1" 200 524
124.78.154.177 - - [30/Jan/2023:10:24:12 +0800] "GET /xingrg/kc/buy/cgsh_order_operate.html?command=get_materiel&rest_code=00106&code=00101007090&supplier_code=00100002&order_time=2023-01-30 HTTP/1.1" 200 414
180.157.253.110 - - [30/Jan/2023:10:24:15 +0800] "GET /xingrg/all/function/internal_message.html?_=1675045468687&CODE_STATE=getMsg HTTP/1.1" 200 27
116.192.124.172 - - [30/Jan/2023:10:24:16 +0800] "GET /xingrg/all/function/internal_message.html?_=1675045463034&CODE_STATE=getMsg HTTP/1.1" 200 27
180.169.147.146 - - [30/Jan/2023:10:24:21 +0800] "GET /xingrg/all/function/internal_message.html?_=1675045468995&CODE_STATE=getMsg HTTP/1.1" 200 27
124.78.154.177 - - [30/Jan/2023:10:24:25 +0800] "GET /xingrg/all/function/internal_message.html?_=1675045471486&CODE_STATE=getMsg HTTP/1.1" 200 27
116.230.105.139 - - [30/Jan/2023:10:24:27 +0800] "GET /xingrg/all/function/internal_message.html?_=1675045473717&CODE_STATE=getMsg HTTP/1.1" 200 27
114.88.159.190 - - [30/Jan/2023:10:24:28 +0800] "GET /xingrg/check_reg.html?_=1675045047715 HTTP/1.1" 200 22
114.88.159.190 - - [30/Jan/2023:10:24:28 +0800] "GET /xingrg/all/function/internal_message.html?_=1675045047716&CODE_STATE=getMsg HTTP/1.1" 200 27
222.70.181.49 - - [30/Jan/2023:10:24:29 +0800] "GET /xingrg/all/function/internal_message.html?_=1675045475370&CODE_STATE=getMsg HTTP/1.1" 200 27
116.235.244.242 - - [30/Jan/2023:10:24:29 +0800] "GET /xingrg/all/function/internal_message.html?_=1675045477563&CODE_STATE=getMsg HTTP/1.1" 200 27
124.78.154.177 - - [30/Jan/2023:10:24:30 +0800] "GET /xingrg/kc/buy/cgsh_order_operate.html?command=get_materiel&rest_code=00106&code=00101007081&supplier_code=00100002&order_time=2023-01-30 HTTP/1.1" 200 415
114.83.222.182 - - [30/Jan/2023:10:24:32 +0800] "GET /xingrg/all/function/internal_message.html?_=1675045576689&CODE_STATE=getMsg HTTP/1.1" 200 27
180.169.147.146 - - [30/Jan/2023:10:24:38 +0800] "GET /xingrg/check_reg.html?_=1675045486235 HTTP/1.1" 200 22
124.78.154.177 - - [30/Jan/2023:10:24:45 +0800] "POST /xingrg/kc/buy/cgsh_order_operate.html HTTP/1.1" 200 37
124.78.154.177 - - [30/Jan/2023:10:24:48 +0800] "POST /xingrg/kc/buy/cgsh_order_operate.html HTTP/1.1" 200 12
101.83.145.75 - - [30/Jan/2023:10:24:48 +0800] "GET /xingrg/all/function/internal_message.html?_=1675045496275&CODE_STATE=getMsg HTTP/1.1" 200 27
124.78.154.177 - - [30/Jan/2023:10:24:49 +0800] "GET /xingrg/kc/buy/cgsh_order_info.html?code=212023013007570 HTTP/1.1" 200 64662
124.78.154.177 - - [30/Jan/2023:10:24:49 +0800] "GET /xingrg/javascript/easyui/themes/default/validatebox.css HTTP/1.1" 404 1104
124.78.154.177 - - [30/Jan/2023:10:24:50 +0800] "POST /xingrg/kc/buy/cgsh_order_operate.html HTTP/1.1" 200 1205
124.78.154.177 - - [30/Jan/2023:10:24:52 +0800] "GET /xingrg/kc/print/load_data.html?order_code=212023013007570&kc_code=cgsh&condition= HTTP/1.1" 200 1007
124.78.154.177 - - [30/Jan/2023:10:24:57 +0800] "GET /xingrg/kc/print/load_data.html?order_code=212023013007570&kc_code=cgsh HTTP/1.1" 200 1007
101.83.241.7 - - [30/Jan/2023:10:25:09 +0800] "GET /xingrg/check_reg.html?_=1675045515498 HTTP/1.1" 200 22
101.83.241.7 - - [30/Jan/2023:10:25:09 +0800] "GET /xingrg/all/function/internal_message.html?_=1675045515503&CODE_STATE=getMsg HTTP/1.1" 200 27
101.229.22.234 - - [30/Jan/2023:10:25:11 +0800] "GET /xingrg/all/function/internal_message.html?_=1675045515587&CODE_STATE=getMsg HTTP/1.1" 200 27
180.157.253.110 - - [30/Jan/2023:10:25:15 +0800] "GET /xingrg/all/function/internal_message.html?_=1675045528686&CODE_STATE=getMsg HTTP/1.1" 200 27
180.157.253.110 - - [30/Jan/2023:10:25:15 +0800] "GET /xingrg/check_reg.html?_=1675045528689 HTTP/1.1" 200 22
116.192.124.172 - - [30/Jan/2023:10:25:16 +0800] "GET /xingrg/all/function/internal_message.html?_=1675045523024&CODE_STATE=getMsg HTTP/1.1" 200 27
101.83.145.75 - - [30/Jan/2023:10:25:18 +0800] "GET /xingrg/check_reg.html?_=1675045364544 HTTP/1.1" 302 -
180.169.147.146 - - [30/Jan/2023:10:25:21 +0800] "GET /xingrg/all/function/internal_message.html?_=1675045528980&CODE_STATE=getMsg HTTP/1.1" 200 27
124.78.154.177 - - [30/Jan/2023:10:25:23 +0800] "GET /xingrg/check_reg.html?_=1675045528952 HTTP/1.1" 200 22
124.78.154.177 - - [30/Jan/2023:10:25:25 +0800] "GET /xingrg/all/function/internal_message.html?_=1675045531378&CODE_STATE=getMsg HTTP/1.1" 200 27
116.230.105.139 - - [30/Jan/2023:10:25:27 +0800] "GET /xingrg/all/function/internal_message.html?_=1675045533689&CODE_STATE=getMsg HTTP/1.1" 200 27
180.163.29.234 - - [30/Jan/2023:10:25:27 +0800] "GET /xingrg/kc/buy/cgsh_order_operate.html?command=get_materiel&rest_code=00106&code=00101007081&supplier_code=00100002&order_time=2023-01-30 HTTP/1.1" 302 -
180.163.29.234 - - [30/Jan/2023:10:25:27 +0800] "GET /xingrg/login.html HTTP/1.1" 200 7641
114.88.159.190 - - [30/Jan/2023:10:25:28 +0800] "GET /xingrg/all/function/internal_message.html?_=1675045107698&CODE_STATE=getMsg HTTP/1.1" 200 27
222.70.181.49 - - [30/Jan/2023:10:25:29 +0800] "GET /xingrg/check_reg.html?_=1675045535370 HTTP/1.1" 200 22
222.70.181.49 - - [30/Jan/2023:10:25:29 +0800] "GET /xingrg/all/function/internal_message.html?_=1675045535373&CODE_STATE=getMsg HTTP/1.1" 200 27
116.235.244.242 - - [30/Jan/2023:10:25:29 +0800] "GET /xingrg/all/function/internal_message.html?_=1675045537698&CODE_STATE=getMsg HTTP/1.1" 200 27
114.83.222.182 - - [30/Jan/2023:10:25:32 +0800] "GET /xingrg/all/function/internal_message.html?_=1675045636675&CODE_STATE=getMsg HTTP/1.1" 200 27
116.230.105.139 - - [30/Jan/2023:10:25:42 +0800] "GET /xingrg/check_reg.html?_=1675045548821 HTTP/1.1" 200 22
124.78.154.177 - - [30/Jan/2023:10:25:43 +0800] "GET /xingrg/kc/buy/cgsh_order_add.html HTTP/1.1" 200 69758
124.78.154.177 - - [30/Jan/2023:10:25:43 +0800] "POST /xingrg/kc/buy/cgsh_order_operate.html HTTP/1.1" 200 8245
124.78.154.177 - - [30/Jan/2023:10:25:43 +0800] "GET /xingrg/javascript/easyui/themes/default/validatebox.css HTTP/1.1" 404 1104
124.78.154.177 - - [30/Jan/2023:10:25:44 +0800] "GET /xingrg/javascript/easyui/themes/default/tree.css HTTP/1.1" 404 1090
124.78.154.177 - - [30/Jan/2023:10:25:44 +0800] "POST /xingrg/all/common/load_tree.html?tree=supplier_tree_json&isDelete=1 HTTP/1.1" 200 70604
180.163.30.76 - - [30/Jan/2023:10:25:48 +0800] "GET /xingrg/kc/buy/cgsh_order_info.html?code=212023013007570 HTTP/1.1" 302 -
101.83.145.75 - - [30/Jan/2023:10:25:48 +0800] "GET /xingrg/all/function/internal_message.html?_=1675045556257&CODE_STATE=getMsg HTTP/1.1" 200 27
180.163.30.76 - - [30/Jan/2023:10:25:48 +0800] "GET /xingrg/login.html HTTP/1.1" 200 7641
124.78.154.177 - - [30/Jan/2023:10:25:55 +0800] "GET /xingrg/kc/buy/cgsh_order_operate.html?command=get_materiel&rest_code=00106&code=00101016017&supplier_code=00100032&order_time=2023-01-30 HTTP/1.1" 200 408
124.78.154.177 - - [30/Jan/2023:10:26:04 +0800] "GET /xingrg/kc/buy/cgsh_order_operate.html?command=get_materiel&rest_code=00106&code=00101020082&supplier_code=00100032&order_time=2023-01-30 HTTP/1.1" 200 408
114.83.222.182 - - [30/Jan/2023:10:26:07 +0800] "GET /xingrg/check_reg.html?_=1675045671902 HTTP/1.1" 200 22
101.83.241.7 - - [30/Jan/2023:10:26:09 +0800] "GET /xingrg/all/function/internal_message.html?_=1675045575505&CODE_STATE=getMsg HTTP/1.1" 200 27
101.229.22.234 - - [30/Jan/2023:10:26:11 +0800] "GET /xingrg/all/function/internal_message.html?_=1675045575588&CODE_STATE=getMsg HTTP/1.1" 200 27
180.157.253.110 - - [30/Jan/2023:10:26:15 +0800] "GET /xingrg/all/function/internal_message.html?_=1675045588690&CODE_STATE=getMsg HTTP/1.1" 200 27
116.192.124.172 - - [30/Jan/2023:10:26:16 +0800] "GET /xingrg/all/function/internal_message.html?_=1675045583011&CODE_STATE=getMsg HTTP/1.1" 200 27
124.78.154.177 - - [30/Jan/2023:10:26:20 +0800] "POST /xingrg/kc/buy/cgsh_order_operate.html HTTP/1.1" 200 37
180.169.147.146 - - [30/Jan/2023:10:26:21 +0800] "GET /xingrg/all/function/internal_message.html?_=1675045588963&CODE_STATE=getMsg HTTP/1.1" 200 27
180.163.29.206 - - [30/Jan/2023:10:26:22 +0800] "GET /xingrg/check_reg.html?_=1675045528952 HTTP/1.1" 302 -
180.163.29.206 - - [30/Jan/2023:10:26:22 +0800] "GET /xingrg/login.html HTTP/1.1" 200 7641
124.78.154.177 - - [30/Jan/2023:10:26:24 +0800] "POST /xingrg/kc/buy/cgsh_order_operate.html HTTP/1.1" 200 12
124.78.154.177 - - [30/Jan/2023:10:26:26 +0800] "GET /xingrg/kc/buy/cgsh_order_info.html?code=212023013007571 HTTP/1.1" 200 64664
124.78.154.177 - - [30/Jan/2023:10:26:27 +0800] "GET /xingrg/javascript/easyui/themes/default/validatebox.css HTTP/1.1" 404 1104
116.230.105.139 - - [30/Jan/2023:10:26:27 +0800] "GET /xingrg/all/function/internal_message.html?_=1675045593674&CODE_STATE=getMsg HTTP/1.1" 200 27
124.78.154.177 - - [30/Jan/2023:10:26:27 +0800] "POST /xingrg/kc/buy/cgsh_order_operate.html HTTP/1.1" 200 1190
114.88.159.190 - - [30/Jan/2023:10:26:28 +0800] "GET /xingrg/all/function/internal_message.html?_=1675045167676&CODE_STATE=getMsg HTTP/1.1" 200 27
222.70.181.49 - - [30/Jan/2023:10:26:29 +0800] "GET /xingrg/all/function/internal_message.html?_=1675045595372&CODE_STATE=getMsg HTTP/1.1" 200 27
116.235.244.242 - - [30/Jan/2023:10:26:29 +0800] "GET /xingrg/all/function/internal_message.html?_=1675045597700&CODE_STATE=getMsg HTTP/1.1" 200 27
124.78.154.177 - - [30/Jan/2023:10:26:31 +0800] "GET /xingrg/kc/print/load_data.html?order_code=212023013007571&kc_code=cgsh&condition= HTTP/1.1" 200 944
114.83.222.182 - - [30/Jan/2023:10:26:32 +0800] "GET /xingrg/all/function/internal_message.html?_=1675045696668&CODE_STATE=getMsg HTTP/1.1" 200 27
114.88.159.190 - - [30/Jan/2023:10:26:35 +0800] "GET /xingrg/kc/buy/cgsh_order_operate.html?command=get_materiel&rest_code=00141&code=00101009004&supplier_code=00100007&order_time=2023-01-30 HTTP/1.1" 200 409
124.78.154.177 - - [30/Jan/2023:10:26:36 +0800] "GET /xingrg/kc/print/load_data.html?order_code=212023013007571&kc_code=cgsh HTTP/1.1" 200 944
114.88.159.190 - - [30/Jan/2023:10:26:43 +0800] "GET /xingrg/kc/buy/cgsh_order_operate.html?command=get_materiel&rest_code=00141&code=00101009016&supplier_code=00100007&order_time=2023-01-30 HTTP/1.1" 200 414
114.83.222.182 - - [30/Jan/2023:10:26:43 +0800] "GET /xingrg/kc/buy/cgsh_order_add.html HTTP/1.1" 200 68961
114.83.222.182 - - [30/Jan/2023:10:26:43 +0800] "POST /xingrg/kc/buy/cgsh_order_operate.html HTTP/1.1" 200 8245
124.78.154.177 - - [30/Jan/2023:10:26:43 +0800] "GET /xingrg/kc/buy/cgsh_order_add.html HTTP/1.1" 200 69758
114.83.222.182 - - [30/Jan/2023:10:26:44 +0800] "GET /xingrg/javascript/easyui/themes/default/validatebox.css HTTP/1.1" 404 1104
124.78.154.177 - - [30/Jan/2023:10:26:44 +0800] "GET /xingrg/javascript/easyui/themes/default/validatebox.css HTTP/1.1" 404 1104
124.78.154.177 - - [30/Jan/2023:10:26:44 +0800] "POST /xingrg/kc/buy/cgsh_order_operate.html HTTP/1.1" 200 8245
124.78.154.177 - - [30/Jan/2023:10:26:46 +0800] "GET /xingrg/javascript/easyui/themes/default/tree.css HTTP/1.1" 404 1090
124.78.154.177 - - [30/Jan/2023:10:26:46 +0800] "POST /xingrg/all/common/load_tree.html?tree=supplier_tree_json&isDelete=1 HTTP/1.1" 200 70604
101.83.145.75 - - [30/Jan/2023:10:26:48 +0800] "GET /xingrg/all/function/internal_message.html?_=1675045616234&CODE_STATE=getMsg HTTP/1.1" 200 27
114.88.159.190 - - [30/Jan/2023:10:26:50 +0800] "POST /xingrg/kc/buy/cgsh_order_operate.html HTTP/1.1" 200 2065
114.83.222.182 - - [30/Jan/2023:10:26:51 +0800] "GET /xingrg/javascript/auto/indicator.gif HTTP/1.1" 404 1066
114.88.159.190 - - [30/Jan/2023:10:26:55 +0800] "GET /xingrg/kc/buy/cgsh_order_operate.html?command=get_materiel&rest_code=00141&code=00101009031&supplier_code=00100007&order_time=2023-01-30 HTTP/1.1" 200 409
101.80.229.13 - - [30/Jan/2023:10:27:04 +0800] "POST /xingrg/services/DataTransmitService HTTP/1.1" 200 524
114.83.222.182 - - [30/Jan/2023:10:27:04 +0800] "GET /xingrg/kc/buy/cgsh_order_operate.html?command=get_materiel&rest_code=00154&code=00101006198&supplier_code=00100501&order_time=2023-01-30 HTTP/1.1" 200 412
101.80.229.13 - - [30/Jan/2023:10:27:04 +0800] "POST /xingrg/services/DataTransmitService HTTP/1.1" 200 2147
114.88.159.190 - - [30/Jan/2023:10:27:04 +0800] "GET /xingrg/kc/buy/cgsh_order_operate.html?command=get_materiel&rest_code=00141&code=00101008261&supplier_code=00100007&order_time=2023-01-30 HTTP/1.1" 200 408
101.80.229.13 - - [30/Jan/2023:10:27:05 +0800] "POST /xingrg/services/DataTransmitService HTTP/1.1" 200 101307
124.78.154.177 - - [30/Jan/2023:10:27:05 +0800] "GET /xingrg/kc/buy/cgsh_order_operate.html?command=get_materiel&rest_code=00106&code=00101006113&supplier_code=00100015&order_time=2023-01-30 HTTP/1.1" 200 415
101.83.145.75 - - [30/Jan/2023:10:27:09 +0800] "GET /xingrg/check_reg.html?_=1675045636382 HTTP/1.1" 200 22
101.83.241.7 - - [30/Jan/2023:10:27:09 +0800] "GET /xingrg/all/function/internal_message.html?_=1675045635505&CODE_STATE=getMsg HTTP/1.1" 200 27
101.229.22.234 - - [30/Jan/2023:10:27:11 +0800] "GET /xingrg/all/function/internal_message.html?_=1675045635587&CODE_STATE=getMsg HTTP/1.1" 200 27
180.157.253.110 - - [30/Jan/2023:10:27:15 +0800] "GET /xingrg/all/function/internal_message.html?_=1675045648689&CODE_STATE=getMsg HTTP/1.1" 200 27
116.192.124.172 - - [30/Jan/2023:10:27:16 +0800] "GET /xingrg/all/function/internal_message.html?_=1675045642989&CODE_STATE=getMsg HTTP/1.1" 200 27
114.88.159.190 - - [30/Jan/2023:10:27:18 +0800] "GET /xingrg/kc/buy/cgsh_order_operate.html?command=get_materiel&rest_code=00141&code=00101008210&supplier_code=00100007&order_time=2023-01-30 HTTP/1.1" 200 408
124.78.154.177 - - [30/Jan/2023:10:27:20 +0800] "GET /xingrg/kc/buy/cgsh_order_operate.html?command=get_materiel&rest_code=00106&code=00101006194&supplier_code=00100015&order_time=2023-01-30 HTTP/1.1" 200 415
180.169.147.146 - - [30/Jan/2023:10:27:21 +0800] "GET /xingrg/all/function/internal_message.html?_=1675045648947&CODE_STATE=getMsg HTTP/1.1" 200 27
124.78.154.177 - - [30/Jan/2023:10:27:25 +0800] "GET /xingrg/all/function/internal_message.html?_=1675045651384&CODE_STATE=getMsg HTTP/1.1" 200 27
180.163.30.100 - - [30/Jan/2023:10:27:25 +0800] "GET /xingrg/kc/buy/cgsh_order_info.html?code=212023013007571 HTTP/1.1" 302 -
114.88.159.190 - - [30/Jan/2023:10:27:26 +0800] "GET /xingrg/kc/buy/cgsh_order_operate.html?command=get_materiel&rest_code=00141&code=00101008155&supplier_code=00100007&order_time=2023-01-30 HTTP/1.1" 200 408
116.230.105.139 - - [30/Jan/2023:10:27:27 +0800] "GET /xingrg/all/function/internal_message.html?_=1675045653648&CODE_STATE=getMsg HTTP/1.1" 200 27
114.88.159.190 - - [30/Jan/2023:10:27:28 +0800] "GET /xingrg/all/function/internal_message.html?_=1675045227735&CODE_STATE=getMsg HTTP/1.1" 200 27
180.163.30.100 - - [30/Jan/2023:10:27:28 +0800] "GET /xingrg/login.html HTTP/1.1" 200 7641
116.235.244.242 - - [30/Jan/2023:10:27:28 +0800] "GET /xingrg/check_reg.html?_=1675045657012 HTTP/1.1" 200 22
222.70.181.49 - - [30/Jan/2023:10:27:29 +0800] "GET /xingrg/all/function/internal_message.html?_=1675045655372&CODE_STATE=getMsg HTTP/1.1" 200 27
116.235.244.242 - - [30/Jan/2023:10:27:29 +0800] "GET /xingrg/all/function/internal_message.html?_=1675045657712&CODE_STATE=getMsg HTTP/1.1" 200 27
101.80.229.13 - - [30/Jan/2023:10:27:31 +0800] "POST /xingrg/services/DataTransmitService HTTP/1.1" 200 524
114.83.222.182 - - [30/Jan/2023:10:27:32 +0800] "GET /xingrg/all/function/internal_message.html?_=1675045756640&CODE_STATE=getMsg HTTP/1.1" 200 27
101.80.229.13 - - [30/Jan/2023:10:27:32 +0800] "POST /xingrg/services/DataTransmitService HTTP/1.1" 200 2147
101.80.229.13 - - [30/Jan/2023:10:27:33 +0800] "POST /xingrg/services/DataTransmitService HTTP/1.1" 200 524
101.80.229.13 - - [30/Jan/2023:10:27:33 +0800] "POST /xingrg/services/DataTransmitService HTTP/1.1" 200 2147
114.83.222.182 - - [30/Jan/2023:10:27:33 +0800] "POST /xingrg/kc/buy/cgsh_order_operate.html HTTP/1.1" 200 37
101.80.229.13 - - [30/Jan/2023:10:27:34 +0800] "POST /xingrg/services/DataTransmitService HTTP/1.1" 200 524
101.80.229.13 - - [30/Jan/2023:10:27:34 +0800] "POST /xingrg/services/DataTransmitService HTTP/1.1" 200 2147
124.78.154.177 - - [30/Jan/2023:10:27:35 +0800] "GET /xingrg/kc/buy/cgsh_order_operate.html?command=get_materiel&rest_code=00106&code=00101006065&supplier_code=00100015&order_time=2023-01-30 HTTP/1.1" 200 409
180.163.30.100 - - [30/Jan/2023:10:27:35 +0800] "GET /xingrg/kc/print/load_data.html?order_code=212023013007571&kc_code=cgsh HTTP/1.1" 302 -
180.163.30.100 - - [30/Jan/2023:10:27:35 +0800] "GET /xingrg/login.html HTTP/1.1" 200 7641
114.88.159.190 - - [30/Jan/2023:10:27:36 +0800] "GET /xingrg/kc/buy/cgsh_order_operate.html?command=get_materiel&rest_code=00141&code=00101008331&supplier_code=00100007&order_time=2023-01-30 HTTP/1.1" 200 416
114.88.159.190 - - [30/Jan/2023:10:27:39 +0800] "POST /xingrg/kc/buy/cgsh_order_operate.html HTTP/1.1" 200 2065
124.78.154.177 - - [30/Jan/2023:10:27:46 +0800] "GET /xingrg/kc/buy/cgsh_order_operate.html?command=get_materiel&rest_code=00106&code=00101006130&supplier_code=00100015&order_time=2023-01-30 HTTP/1.1" 200 429
101.83.145.75 - - [30/Jan/2023:10:27:48 +0800] "GET /xingrg/all/function/internal_message.html?_=1675045676209&CODE_STATE=getMsg HTTP/1.1" 200 27
114.88.159.190 - - [30/Jan/2023:10:27:50 +0800] "GET /xingrg/kc/buy/cgsh_order_operate.html?command=get_materiel&rest_code=00141&code=00101008126&supplier_code=00100007&order_time=2023-01-30 HTTP/1.1" 200 412
114.83.222.182 - - [30/Jan/2023:10:27:53 +0800] "POST /xingrg/kc/buy/cgsh_order_operate.html HTTP/1.1" 200 12
114.83.222.182 - - [30/Jan/2023:10:27:59 +0800] "GET /xingrg/kc/buy/cgsh_order_info.html?code=212023013007572 HTTP/1.1" 200 63868
114.83.222.182 - - [30/Jan/2023:10:27:59 +0800] "GET /xingrg/javascript/easyui/themes/default/validatebox.css HTTP/1.1" 404 1104
114.83.222.182 - - [30/Jan/2023:10:28:00 +0800] "POST /xingrg/kc/buy/cgsh_order_operate.html HTTP/1.1" 200 1192
114.83.222.182 - - [30/Jan/2023:10:28:01 +0800] "GET /xingrg/kc/print/load_data.html?order_code=212023013007572&kc_code=cgsh&condition= HTTP/1.1" 200 926
180.163.28.68 - - [30/Jan/2023:10:28:02 +0800] "GET /xingrg/kc/buy/cgsh_order_operate.html?command=get_materiel&rest_code=00106&code=00101006113&supplier_code=00100015&order_time=2023-01-30 HTTP/1.1" 302 -
180.163.28.68 - - [30/Jan/2023:10:28:02 +0800] "GET /xingrg/login.html HTTP/1.1" 200 7641
124.78.154.177 - - [30/Jan/2023:10:28:04 +0800] "GET /xingrg/kc/buy/cgsh_order_operate.html?command=get_materiel&rest_code=00106&code=00101006109&supplier_code=00100015&order_time=2023-01-30 HTTP/1.1" 200 411
101.83.241.7 - - [30/Jan/2023:10:28:09 +0800] "GET /xingrg/all/function/internal_message.html?_=1675045695508&CODE_STATE=getMsg HTTP/1.1" 200 27
101.229.22.234 - - [30/Jan/2023:10:28:11 +0800] "GET /xingrg/check_reg.html?_=1675045695587 HTTP/1.1" 200 22
101.229.22.234 - - [30/Jan/2023:10:28:11 +0800] "GET /xingrg/all/function/internal_message.html?_=1675045695589&CODE_STATE=getMsg HTTP/1.1" 200 27
180.157.253.110 - - [30/Jan/2023:10:28:15 +0800] "GET /xingrg/all/function/internal_message.html?_=1675045708689&CODE_STATE=getMsg HTTP/1.1" 200 27
116.192.124.172 - - [30/Jan/2023:10:28:16 +0800] "GET /xingrg/all/function/internal_message.html?_=1675045702966&CODE_STATE=getMsg HTTP/1.1" 200 27
116.192.124.172 - - [30/Jan/2023:10:28:16 +0800] "GET /xingrg/check_reg.html?_=1675045703263 HTTP/1.1" 200 22
124.78.154.177 - - [30/Jan/2023:10:28:17 +0800] "GET /xingrg/kc/buy/cgsh_order_operate.html?command=get_materiel&rest_code=00106&code=00101006112&supplier_code=00100015&order_time=2023-01-30 HTTP/1.1" 200 409
114.88.159.190 - - [30/Jan/2023:10:28:18 +0800] "GET /xingrg/kc/buy/cgsh_order_operate.html?command=get_materiel&rest_code=00141&code=00101008087&supplier_code=00100007&order_time=2023-01-30 HTTP/1.1" 200 412
180.169.147.146 - - [30/Jan/2023:10:28:21 +0800] "GET /xingrg/all/function/internal_message.html?_=1675045708930&CODE_STATE=getMsg HTTP/1.1" 200 27
124.78.154.177 - - [30/Jan/2023:10:28:24 +0800] "GET /xingrg/kc/buy/cgsh_order_operate.html?command=get_materiel&rest_code=00106&code=00101006221&supplier_code=00100015&order_time=2023-01-30 HTTP/1.1" 200 417
124.78.154.177 - - [30/Jan/2023:10:28:25 +0800] "GET /xingrg/all/function/internal_message.html?_=1675045711357&CODE_STATE=getMsg HTTP/1.1" 200 27
180.163.28.55 - - [30/Jan/2023:10:28:25 +0800] "GET /xingrg/all/function/internal_message.html?_=1675045651384&CODE_STATE=getMsg HTTP/1.1" 302 -
180.163.28.55 - - [30/Jan/2023:10:28:25 +0800] "GET /xingrg/login.html HTTP/1.1" 200 7641
114.88.159.190 - - [30/Jan/2023:10:28:26 +0800] "GET /xingrg/kc/buy/cgsh_order_operate.html?command=get_materiel&rest_code=00141&code=00101008059&supplier_code=00100007&order_time=2023-01-30 HTTP/1.1" 200 408
116.230.105.139 - - [30/Jan/2023:10:28:27 +0800] "GET /xingrg/all/function/internal_message.html?_=1675045713623&CODE_STATE=getMsg HTTP/1.1" 200 27
114.88.159.190 - - [30/Jan/2023:10:28:28 +0800] "GET /xingrg/all/function/internal_message.html?_=1675045287781&CODE_STATE=getMsg HTTP/1.1" 200 27
222.70.181.49 - - [30/Jan/2023:10:28:29 +0800] "GET /xingrg/all/function/internal_message.html?_=1675045715372&CODE_STATE=getMsg HTTP/1.1" 200 27
116.235.244.242 - - [30/Jan/2023:10:28:29 +0800] "GET /xingrg/all/function/internal_message.html?_=1675045717728&CODE_STATE=getMsg HTTP/1.1" 200 27
180.163.30.27 - - [30/Jan/2023:10:28:30 +0800] "GET /xingrg/kc/buy/cgsh_order_operate.html?command=get_materiel&rest_code=00106&code=00101006065&supplier_code=00100015&order_time=2023-01-30 HTTP/1.1" 302 -
180.163.30.27 - - [30/Jan/2023:10:28:31 +0800] "GET /xingrg/login.html HTTP/1.1" 200 7641
114.83.222.182 - - [30/Jan/2023:10:28:31 +0800] "GET /xingrg/all/function/internal_message.html?_=1675045816616&CODE_STATE=getMsg HTTP/1.1" 200 27
124.78.154.177 - - [30/Jan/2023:10:28:34 +0800] "GET /xingrg/kc/buy/cgsh_order_operate.html?command=get_materiel&rest_code=00106&code=00101006111&supplier_code=00100015&order_time=2023-01-30 HTTP/1.1" 200 409
114.88.159.190 - - [30/Jan/2023:10:28:39 +0800] "POST /xingrg/kc/buy/cgsh_order_operate.html HTTP/1.1" 200 37
101.83.145.75 - - [30/Jan/2023:10:28:48 +0800] "GET /xingrg/all/function/internal_message.html?_=1675045736214&CODE_STATE=getMsg HTTP/1.1" 200 27
124.78.154.177 - - [30/Jan/2023:10:28:50 +0800] "POST /xingrg/kc/buy/cgsh_order_operate.html HTTP/1.1" 200 37
114.88.159.190 - - [30/Jan/2023:10:28:53 +0800] "POST /xingrg/kc/buy/cgsh_order_operate.html HTTP/1.1" 200 12
124.78.154.177 - - [30/Jan/2023:10:28:55 +0800] "POST /xingrg/kc/buy/cgsh_order_operate.html HTTP/1.1" 200 12
114.88.159.190 - - [30/Jan/2023:10:28:55 +0800] "GET /xingrg/kc/buy/cgsh_order_info.html?code=212023013007573 HTTP/1.1" 200 64660
114.88.159.190 - - [30/Jan/2023:10:28:56 +0800] "GET /xingrg/javascript/easyui/themes/default/validatebox.css HTTP/1.1" 404 1104
124.78.154.177 - - [30/Jan/2023:10:28:56 +0800] "GET /xingrg/kc/buy/cgsh_order_info.html?code=212023013007574 HTTP/1.1" 200 64662
124.78.154.177 - - [30/Jan/2023:10:28:56 +0800] "GET /xingrg/javascript/easyui/themes/default/validatebox.css HTTP/1.1" 404 1104
114.88.159.190 - - [30/Jan/2023:10:28:56 +0800] "POST /xingrg/kc/buy/cgsh_order_operate.html HTTP/1.1" 200 15956
124.78.154.177 - - [30/Jan/2023:10:28:57 +0800] "POST /xingrg/kc/buy/cgsh_order_operate.html HTTP/1.1" 200 4763
114.88.159.190 - - [30/Jan/2023:10:28:58 +0800] "GET /xingrg/kc/print/load_data.html?order_code=212023013007573&kc_code=cgsh&condition= HTTP/1.1" 200 6546
124.78.154.177 - - [30/Jan/2023:10:28:58 +0800] "GET /xingrg/kc/print/load_data.html?order_code=212023013007574&kc_code=cgsh&condition= HTTP/1.1" 200 2381
124.78.154.177 - - [30/Jan/2023:10:29:02 +0800] "GET /xingrg/kc/print/load_data.html?order_code=212023013007574&kc_code=cgsh HTTP/1.1" 200 2381
101.83.241.7 - - [30/Jan/2023:10:29:09 +0800] "GET /xingrg/all/function/internal_message.html?_=1675045755519&CODE_STATE=getMsg HTTP/1.1" 200 27
101.229.22.234 - - [30/Jan/2023:10:29:11 +0800] "GET /xingrg/all/function/internal_message.html?_=1675045755592&CODE_STATE=getMsg HTTP/1.1" 200 27
180.157.253.110 - - [30/Jan/2023:10:29:15 +0800] "GET /xingrg/all/function/internal_message.html?_=1675045768688&CODE_STATE=getMsg HTTP/1.1" 200 27
116.192.124.172 - - [30/Jan/2023:10:29:16 +0800] "GET /xingrg/all/function/internal_message.html?_=1675045762943&CODE_STATE=getMsg HTTP/1.1" 200 27
180.169.147.146 - - [30/Jan/2023:10:29:21 +0800] "GET /xingrg/all/function/internal_message.html?_=1675045768914&CODE_STATE=getMsg HTTP/1.1" 200 27
124.78.154.177 - - [30/Jan/2023:10:29:25 +0800] "GET /xingrg/all/function/internal_message.html?_=1675045771339&CODE_STATE=getMsg HTTP/1.1" 200 27
116.230.105.139 - - [30/Jan/2023:10:29:27 +0800] "GET /xingrg/all/function/internal_message.html?_=1675045773605&CODE_STATE=getMsg HTTP/1.1" 200 27
114.88.159.190 - - [30/Jan/2023:10:29:28 +0800] "GET /xingrg/check_reg.html?_=1675045347680 HTTP/1.1" 200 22
114.88.159.190 - - [30/Jan/2023:10:29:28 +0800] "GET /xingrg/all/function/internal_message.html?_=1675045347712&CODE_STATE=getMsg HTTP/1.1" 200 27
222.70.181.49 - - [30/Jan/2023:10:29:29 +0800] "GET /xingrg/all/function/internal_message.html?_=1675045775398&CODE_STATE=getMsg HTTP/1.1" 200 27
116.235.244.242 - - [30/Jan/2023:10:29:29 +0800] "GET /xingrg/all/function/internal_message.html?_=1675045777740&CODE_STATE=getMsg HTTP/1.1" 200 27
114.83.222.182 - - [30/Jan/2023:10:29:31 +0800] "GET /xingrg/all/function/internal_message.html?_=1675045876611&CODE_STATE=getMsg HTTP/1.1" 200 27
124.78.154.177 - - [30/Jan/2023:10:29:37 +0800] "GET /xingrg/kc/buy/cgsh_order_add.html HTTP/1.1" 200 69758
124.78.154.177 - - [30/Jan/2023:10:29:38 +0800] "GET /xingrg/javascript/easyui/themes/default/validatebox.css HTTP/1.1" 404 1104
124.78.154.177 - - [30/Jan/2023:10:29:38 +0800] "POST /xingrg/kc/buy/cgsh_order_operate.html HTTP/1.1" 200 8245
180.169.147.146 - - [30/Jan/2023:10:29:38 +0800] "GET /xingrg/check_reg.html?_=1675045786216 HTTP/1.1" 200 22
124.78.154.177 - - [30/Jan/2023:10:29:40 +0800] "GET /xingrg/javascript/easyui/themes/default/tree.css HTTP/1.1" 404 1090
124.78.154.177 - - [30/Jan/2023:10:29:40 +0800] "POST /xingrg/all/common/load_tree.html?tree=supplier_tree_json&isDelete=1 HTTP/1.1" 200 70604
101.83.145.75 - - [30/Jan/2023:10:29:48 +0800] "GET /xingrg/all/function/internal_message.html?_=1675045796191&CODE_STATE=getMsg HTTP/1.1" 200 27
124.78.154.177 - - [30/Jan/2023:10:29:54 +0800] "GET /xingrg/kc/buy/cgsh_order_operate.html?command=get_materiel&rest_code=00106&code=00101008147&supplier_code=00100009&order_time=2023-01-30 HTTP/1.1" 200 416
124.78.154.177 - - [30/Jan/2023:10:30:07 +0800] "GET /xingrg/kc/buy/cgsh_order_operate.html?command=get_materiel&rest_code=00106&code=00101008037&supplier_code=00100009&order_time=2023-01-30 HTTP/1.1" 200 413
101.83.241.7 - - [30/Jan/2023:10:30:09 +0800] "GET /xingrg/all/function/internal_message.html?_=1675045815525&CODE_STATE=getMsg HTTP/1.1" 200 27
101.83.241.7 - - [30/Jan/2023:10:30:09 +0800] "GET /xingrg/check_reg.html?_=1675045815530 HTTP/1.1" 200 22
101.229.22.234 - - [30/Jan/2023:10:30:11 +0800] "GET /xingrg/all/function/internal_message.html?_=1675045815594&CODE_STATE=getMsg HTTP/1.1" 200 27
180.157.253.110 - - [30/Jan/2023:10:30:15 +0800] "GET /xingrg/all/function/internal_message.html?_=1675045828688&CODE_STATE=getMsg HTTP/1.1" 200 27
180.157.253.110 - - [30/Jan/2023:10:30:15 +0800] "GET /xingrg/check_reg.html?_=1675045828690 HTTP/1.1" 200 22
116.192.124.172 - - [30/Jan/2023:10:30:16 +0800] "GET /xingrg/all/function/internal_message.html?_=1675045822919&CODE_STATE=getMsg HTTP/1.1" 200 27
101.83.145.75 - - [30/Jan/2023:10:30:18 +0800] "GET /xingrg/check_reg.html?_=1675045664520 HTTP/1.1" 302 -
112.51.222.203 - - [30/Jan/2023:10:30:20 +0800] "GET /xingrg/all/function/internal_message.html?_=1675045826549&CODE_STATE=getMsg HTTP/1.1" 200 27
112.51.222.203 - - [30/Jan/2023:10:30:20 +0800] "GET /xingrg/check_reg.html?_=1675045826551 HTTP/1.1" 200 22
112.51.222.203 - - [30/Jan/2023:10:30:20 +0800] "GET /xingrg/kc/buy/cgsh_order_info.html?code=212023013007568 HTTP/1.1" 200 63945
112.51.222.203 - - [30/Jan/2023:10:30:20 +0800] "GET /xingrg/javascript/easyui/themes/default/validatebox.css HTTP/1.1" 404 1104
180.169.147.146 - - [30/Jan/2023:10:30:21 +0800] "GET /xingrg/all/function/internal_message.html?_=1675045828898&CODE_STATE=getMsg HTTP/1.1" 200 27
112.51.222.203 - - [30/Jan/2023:10:30:21 +0800] "POST /xingrg/kc/buy/cgsh_order_operate.html HTTP/1.1" 200 597
124.78.154.177 - - [30/Jan/2023:10:30:23 +0800] "GET /xingrg/check_reg.html?_=1675045828936 HTTP/1.1" 200 22
124.78.154.177 - - [30/Jan/2023:10:30:25 +0800] "GET /xingrg/all/function/internal_message.html?_=1675045831319&CODE_STATE=getMsg HTTP/1.1" 200 27
116.230.105.139 - - [30/Jan/2023:10:30:27 +0800] "GET /xingrg/all/function/internal_message.html?_=1675045833591&CODE_STATE=getMsg HTTP/1.1" 200 27
114.88.159.190 - - [30/Jan/2023:10:30:28 +0800] "GET /xingrg/all/function/internal_message.html?_=1675045407680&CODE_STATE=getMsg HTTP/1.1" 200 27
222.70.181.49 - - [30/Jan/2023:10:30:29 +0800] "GET /xingrg/check_reg.html?_=1675045835397 HTTP/1.1" 200 22
222.70.181.49 - - [30/Jan/2023:10:30:29 +0800] "GET /xingrg/all/function/internal_message.html?_=1675045835401&CODE_STATE=getMsg HTTP/1.1" 200 27
116.235.244.242 - - [30/Jan/2023:10:30:29 +0800] "GET /xingrg/all/function/internal_message.html?_=1675045837868&CODE_STATE=getMsg HTTP/1.1" 200 27
114.83.222.182 - - [30/Jan/2023:10:30:31 +0800] "GET /xingrg/all/function/internal_message.html?_=1675045936598&CODE_STATE=getMsg HTTP/1.1" 200 27
116.230.105.139 - - [30/Jan/2023:10:30:42 +0800] "GET /xingrg/check_reg.html?_=1675045848809 HTTP/1.1" 200 22
101.83.145.75 - - [30/Jan/2023:10:30:48 +0800] "GET /xingrg/all/function/internal_message.html?_=1675045856166&CODE_STATE=getMsg HTTP/1.1" 200 27
180.163.29.103 - - [30/Jan/2023:10:30:51 +0800] "GET /xingrg/kc/buy/cgsh_order_operate.html?command=get_materiel&rest_code=00106&code=00101008147&supplier_code=00100009&order_time=2023-01-30 HTTP/1.1" 302 -
180.163.29.103 - - [30/Jan/2023:10:30:51 +0800] "GET /xingrg/login.html HTTP/1.1" 200 7641
112.51.222.203 - - [30/Jan/2023:10:30:53 +0800] "GET /xingrg/all/function/internal_message.html?_=1675045859865&CODE_STATE=getMsg HTTP/1.1" 200 27
112.51.222.203 - - [30/Jan/2023:10:30:53 +0800] "GET /xingrg/check_reg.html?_=1675045859866 HTTP/1.1" 200 22
180.163.28.55 - - [30/Jan/2023:10:31:04 +0800] "GET /xingrg/kc/buy/cgsh_order_operate.html?command=get_materiel&rest_code=00106&code=00101008037&supplier_code=00100009&order_time=2023-01-30 HTTP/1.1" 302 -
180.163.28.55 - - [30/Jan/2023:10:31:04 +0800] "GET /xingrg/login.html HTTP/1.1" 200 7641
114.83.222.182 - - [30/Jan/2023:10:31:07 +0800] "GET /xingrg/check_reg.html?_=1675045971897 HTTP/1.1" 200 22
101.83.241.7 - - [30/Jan/2023:10:31:09 +0800] "GET /xingrg/all/function/internal_message.html?_=1675045875536&CODE_STATE=getMsg HTTP/1.1" 200 27
101.229.22.234 - - [30/Jan/2023:10:31:11 +0800] "GET /xingrg/all/function/internal_message.html?_=1675045875593&CODE_STATE=getMsg HTTP/1.1" 200 27
180.157.253.110 - - [30/Jan/2023:10:31:15 +0800] "GET /xingrg/all/function/internal_message.html?_=1675045888689&CODE_STATE=getMsg HTTP/1.1" 200 27
116.192.124.172 - - [30/Jan/2023:10:31:16 +0800] "GET /xingrg/all/function/internal_message.html?_=1675045882894&CODE_STATE=getMsg HTTP/1.1" 200 27
180.169.147.146 - - [30/Jan/2023:10:31:21 +0800] "GET /xingrg/all/function/internal_message.html?_=1675045888881&CODE_STATE=getMsg HTTP/1.1" 200 27
124.78.154.177 - - [30/Jan/2023:10:31:25 +0800] "GET /xingrg/all/function/internal_message.html?_=1675045891295&CODE_STATE=getMsg HTTP/1.1" 200 27
116.230.105.139 - - [30/Jan/2023:10:31:27 +0800] "GET /xingrg/all/function/internal_message.html?_=1675045893575&CODE_STATE=getMsg HTTP/1.1" 200 27
114.88.159.190 - - [30/Jan/2023:10:31:28 +0800] "GET /xingrg/all/function/internal_message.html?_=1675045467682&CODE_STATE=getMsg HTTP/1.1" 200 27
222.70.181.49 - - [30/Jan/2023:10:31:29 +0800] "GET /xingrg/all/function/internal_message.html?_=1675045895401&CODE_STATE=getMsg HTTP/1.1" 200 27
116.235.244.242 - - [30/Jan/2023:10:31:29 +0800] "GET /xingrg/all/function/internal_message.html?_=1675045897877&CODE_STATE=getMsg HTTP/1.1" 200 27
114.83.222.182 - - [30/Jan/2023:10:31:31 +0800] "GET /xingrg/all/function/internal_message.html?_=1675045996575&CODE_STATE=getMsg HTTP/1.1" 200 27
101.83.145.75 - - [30/Jan/2023:10:31:48 +0800] "GET /xingrg/all/function/internal_message.html?_=1675045916142&CODE_STATE=getMsg HTTP/1.1" 200 27
112.51.222.203 - - [30/Jan/2023:10:31:53 +0800] "GET /xingrg/all/function/internal_message.html?_=1675045919885&CODE_STATE=getMsg HTTP/1.1" 200 27
101.83.145.75 - - [30/Jan/2023:10:32:09 +0800] "GET /xingrg/check_reg.html?_=1675045936388 HTTP/1.1" 200 22
101.83.241.7 - - [30/Jan/2023:10:32:09 +0800] "GET /xingrg/all/function/internal_message.html?_=1675045935539&CODE_STATE=getMsg HTTP/1.1" 200 27
101.229.22.234 - - [30/Jan/2023:10:32:11 +0800] "GET /xingrg/all/function/internal_message.html?_=1675045935601&CODE_STATE=getMsg HTTP/1.1" 200 27
180.157.253.110 - - [30/Jan/2023:10:32:15 +0800] "GET /xingrg/kc/report/report_main.html HTTP/1.1" 200 7340
180.157.253.110 - - [30/Jan/2023:10:32:15 +0800] "GET /xingrg/all/function/internal_message.html?_=1675045948703&CODE_STATE=getMsg HTTP/1.1" 200 27
116.192.124.172 - - [30/Jan/2023:10:32:16 +0800] "GET /xingrg/all/function/internal_message.html?_=1675045942887&CODE_STATE=getMsg HTTP/1.1" 200 27
180.157.253.110 - - [30/Jan/2023:10:32:16 +0800] "GET /xingrg/all/report/report_query.html?fileName=kc/buy/wlcg_mx.xml HTTP/1.1" 200 51648
180.157.253.110 - - [30/Jan/2023:10:32:16 +0800] "GET /xingrg/dwr/interface/AjaxReportQueryService.js HTTP/1.1" 200 13203
180.157.253.110 - - [30/Jan/2023:10:32:16 +0800] "GET /xingrg/dwr/util.js HTTP/1.1" 304 -
180.157.253.110 - - [30/Jan/2023:10:32:16 +0800] "GET /xingrg/dwr/engine.js HTTP/1.1" 200 43631
180.157.253.110 - - [30/Jan/2023:10:32:17 +0800] "POST /xingrg/dwr/call/plaincall/AjaxReportQueryService.getFixDate.dwr HTTP/1.1" 200 111
180.157.253.110 - - [30/Jan/2023:10:32:17 +0800] "POST /xingrg/dwr/call/plaincall/AjaxReportQueryService.getInitString.dwr HTTP/1.1" 200 33051
180.157.253.110 - - [30/Jan/2023:10:32:17 +0800] "POST /xingrg/kc/buy/cgsh_list_operate.html HTTP/1.1" 200 5881
180.157.253.110 - - [30/Jan/2023:10:32:18 +0800] "POST /xingrg/dwr/call/plaincall/AjaxReportQueryService.getInitString.dwr HTTP/1.1" 200 1023
180.157.253.110 - - [30/Jan/2023:10:32:19 +0800] "POST /xingrg/dwr/call/plaincall/AjaxReportQueryService.getInitString.dwr HTTP/1.1" 200 125
180.169.147.146 - - [30/Jan/2023:10:32:21 +0800] "GET /xingrg/all/function/internal_message.html?_=1675045948864&CODE_STATE=getMsg HTTP/1.1" 200 27
124.78.154.177 - - [30/Jan/2023:10:32:25 +0800] "GET /xingrg/all/function/internal_message.html?_=1675045951270&CODE_STATE=getMsg HTTP/1.1" 200 27
180.163.28.143 - - [30/Jan/2023:10:32:25 +0800] "GET /xingrg/all/function/internal_message.html?_=1675045891295&CODE_STATE=getMsg HTTP/1.1" 302 -
180.163.28.143 - - [30/Jan/2023:10:32:25 +0800] "GET /xingrg/login.html HTTP/1.1" 200 7641
116.230.105.139 - - [30/Jan/2023:10:32:27 +0800] "GET /xingrg/all/function/internal_message.html?_=1675045953558&CODE_STATE=getMsg HTTP/1.1" 200 27
180.157.253.110 - - [30/Jan/2023:10:32:27 +0800] "POST /xingrg/dwr/call/plaincall/AjaxReportQueryService.refreshCache.dwr HTTP/1.1" 200 78
114.88.159.190 - - [30/Jan/2023:10:32:28 +0800] "GET /xingrg/all/function/internal_message.html?_=1675045527681&CODE_STATE=getMsg HTTP/1.1" 200 27
116.235.244.242 - - [30/Jan/2023:10:32:29 +0800] "GET /xingrg/check_reg.html?_=1675045957130 HTTP/1.1" 200 22
222.70.181.49 - - [30/Jan/2023:10:32:29 +0800] "GET /xingrg/all/function/internal_message.html?_=1675045955400&CODE_STATE=getMsg HTTP/1.1" 200 27
116.235.244.242 - - [30/Jan/2023:10:32:29 +0800] "GET /xingrg/all/function/internal_message.html?_=1675045957891&CODE_STATE=getMsg HTTP/1.1" 200 27
180.157.253.110 - - [30/Jan/2023:10:32:30 +0800] "POST /xingrg/all/report/load_report_page.html HTTP/1.1" 200 53781
180.157.253.110 - - [30/Jan/2023:10:32:30 +0800] "GET /xingrg/servlets/image?cache=0.3851987080778033&image=px HTTP/1.1" 200 807
114.83.222.182 - - [30/Jan/2023:10:32:31 +0800] "GET /xingrg/all/function/internal_message.html?_=1675046056562&CODE_STATE=getMsg HTTP/1.1" 200 27
101.83.145.75 - - [30/Jan/2023:10:32:48 +0800] "GET /xingrg/all/function/internal_message.html?_=1675045976114&CODE_STATE=getMsg HTTP/1.1" 200 27
180.157.253.110 - - [30/Jan/2023:10:32:51 +0800] "POST /xingrg/kc/buy/cgsh_list_operate.html HTTP/1.1" 200 5881
112.51.222.203 - - [30/Jan/2023:10:32:53 +0800] "GET /xingrg/all/function/internal_message.html?_=1675045979881&CODE_STATE=getMsg HTTP/1.1" 200 27
180.157.253.110 - - [30/Jan/2023:10:32:54 +0800] "POST /xingrg/kc/buy/cgsh_list_operate.html HTTP/1.1" 200 360
180.157.253.110 - - [30/Jan/2023:10:32:58 +0800] "GET /xingrg/kc/buy/cgsh_order_info.html?code=212023012907533 HTTP/1.1" 200 69763
180.157.253.110 - - [30/Jan/2023:10:32:59 +0800] "GET /xingrg/words/20230127094515_words.js HTTP/1.1" 304 -
180.157.253.110 - - [30/Jan/2023:10:32:59 +0800] "GET /xingrg/all/common/auto_word.html?type=employee&rest_code=00148 HTTP/1.1" 200 243
180.157.253.110 - - [30/Jan/2023:10:32:59 +0800] "GET /xingrg/all/common/auto_word.html?type=employee&rest_code=00148 HTTP/1.1" 200 243
180.157.253.110 - - [30/Jan/2023:10:32:59 +0800] "GET /xingrg/javascript/easyui/themes/default/validatebox.css HTTP/1.1" 404 1104
180.157.253.110 - - [30/Jan/2023:10:33:00 +0800] "POST /xingrg/kc/buy/cgsh_order_operate.html HTTP/1.1" 200 3861
101.83.241.7 - - [30/Jan/2023:10:33:09 +0800] "GET /xingrg/all/function/internal_message.html?_=1675045995540&CODE_STATE=getMsg HTTP/1.1" 200 27
101.229.22.234 - - [30/Jan/2023:10:33:11 +0800] "GET /xingrg/check_reg.html?_=1675045995584 HTTP/1.1" 200 22
101.229.22.234 - - [30/Jan/2023:10:33:11 +0800] "GET /xingrg/all/function/internal_message.html?_=1675045995587&CODE_STATE=getMsg HTTP/1.1" 200 27
180.157.253.110 - - [30/Jan/2023:10:33:15 +0800] "GET /xingrg/all/function/internal_message.html?_=1675046008707&CODE_STATE=getMsg HTTP/1.1" 200 27
