124.79.72.155 - - [29/Jan/2023:11:25:03 +0800] "GET /xingrg/all/function/internal_message.html?_=1674962712546&CODE_STATE=getMsg HTTP/1.1" 200 27
124.79.72.155 - - [29/Jan/2023:11:25:03 +0800] "GET /xingrg/check_reg.html?_=1674962712547 HTTP/1.1" 200 22
101.83.240.224 - - [29/Jan/2023:11:25:04 +0800] "GET /xingrg/kc/base/wldb_order_operate.html?command=get_materiel&rest_code=00149&base_code=0010413&code=00101029022 HTTP/1.1" 200 474
101.83.240.224 - - [29/Jan/2023:11:25:12 +0800] "GET /xingrg/all/function/internal_message.html?_=1674962719328&CODE_STATE=getMsg HTTP/1.1" 200 27
180.157.253.110 - - [29/Jan/2023:11:25:13 +0800] "GET /xingrg/check_reg.html?_=1674962727337 HTTP/1.1" 200 22
180.157.253.110 - - [29/Jan/2023:11:25:13 +0800] "GET /xingrg/all/function/internal_message.html?_=1674962727339&CODE_STATE=getMsg HTTP/1.1" 200 27
116.230.105.139 - - [29/Jan/2023:11:25:14 +0800] "GET /xingrg/all/function/internal_message.html?_=1674962721727&CODE_STATE=getMsg HTTP/1.1" 200 27
222.70.181.49 - - [29/Jan/2023:11:25:20 +0800] "GET /xingrg/all/function/internal_message.html?_=1674962725114&CODE_STATE=getMsg HTTP/1.1" 200 27
101.83.240.224 - - [29/Jan/2023:11:25:21 +0800] "GET /xingrg/kc/base/wldb_order_operate.html?command=get_materiel&rest_code=00149&base_code=0010413&code=00101029002 HTTP/1.1" 200 472
124.79.72.155 - - [29/Jan/2023:11:25:23 +0800] "GET /xingrg/javascript/jquery_tools/images/prev.gif HTTP/1.1" 404 1086
124.79.72.155 - - [29/Jan/2023:11:25:23 +0800] "GET /xingrg/javascript/jquery_tools/images/next.gif HTTP/1.1" 404 1086
116.192.124.172 - - [29/Jan/2023:11:25:24 +0800] "GET /xingrg/all/function/internal_message.html?_=1674962732202&CODE_STATE=getMsg HTTP/1.1" 200 27
116.192.124.172 - - [29/Jan/2023:11:25:25 +0800] "GET /xingrg/check_reg.html?_=1674962732545 HTTP/1.1" 200 22
101.83.240.224 - - [29/Jan/2023:11:25:29 +0800] "GET /xingrg/kc/base/wldb_order_operate.html?command=get_materiel&rest_code=00149&base_code=0010413&code=00101029003 HTTP/1.1" 200 476
101.229.22.234 - - [29/Jan/2023:11:25:34 +0800] "GET /xingrg/all/function/internal_message.html?_=1674962740241&CODE_STATE=getMsg HTTP/1.1" 200 27
101.83.240.224 - - [29/Jan/2023:11:25:35 +0800] "GET /xingrg/kc/base/wldb_order_operate.html?command=get_materiel&rest_code=00149&base_code=0010413&code=00101029023 HTTP/1.1" 200 478
114.88.159.190 - - [29/Jan/2023:11:25:36 +0800] "GET /xingrg/all/function/internal_message.html?_=1674962316540&CODE_STATE=getMsg HTTP/1.1" 200 27
114.88.159.190 - - [29/Jan/2023:11:25:36 +0800] "GET /xingrg/check_reg.html?_=1674962316644 HTTP/1.1" 200 22
114.88.159.190 - - [29/Jan/2023:11:25:38 +0800] "GET /xingrg/kc/buy/cgsh_order_add.html HTTP/1.1" 200 69758
114.88.159.190 - - [29/Jan/2023:11:25:39 +0800] "POST /xingrg/kc/buy/cgsh_order_operate.html HTTP/1.1" 200 8245
114.88.159.190 - - [29/Jan/2023:11:25:39 +0800] "GET /xingrg/javascript/easyui/themes/default/validatebox.css HTTP/1.1" 404 1104
116.235.244.242 - - [29/Jan/2023:11:25:40 +0800] "GET /xingrg/check_reg.html?_=1674962749361 HTTP/1.1" 302 -
116.235.244.242 - - [29/Jan/2023:11:25:42 +0800] "GET /xingrg/all/function/internal_message.html?_=1674962750920&CODE_STATE=getMsg HTTP/1.1" 302 -
180.169.147.146 - - [29/Jan/2023:11:25:43 +0800] "GET /xingrg/all/function/internal_message.html?_=1674962750541&CODE_STATE=getMsg HTTP/1.1" 200 27
124.79.72.155 - - [29/Jan/2023:11:25:49 +0800] "GET /xingrg/kc/buy/cgsh_order_operate.html?command=get_materiel&rest_code=00156&code=00101001052&supplier_code=00100090&order_time=2023-01-27 HTTP/1.1" 200 411
114.88.159.190 - - [29/Jan/2023:11:25:49 +0800] "GET /xingrg/kc/buy/cgsh_order_operate.html?command=get_materiel&rest_code=00141&code=00102009797&supplier_code=00100090&order_time=2023-01-29 HTTP/1.1" 200 412
114.83.222.182 - - [29/Jan/2023:11:25:51 +0800] "GET /xingrg/all/function/internal_message.html?_=1674962856140&CODE_STATE=getMsg HTTP/1.1" 200 27
101.83.145.75 - - [29/Jan/2023:11:25:53 +0800] "GET /xingrg/all/function/internal_message.html?_=1674962760528&CODE_STATE=getMsg HTTP/1.1" 200 27
114.88.159.190 - - [29/Jan/2023:11:25:56 +0800] "GET /xingrg/kc/buy/cgsh_order_operate.html?command=get_materiel&rest_code=00141&code=00101001037&supplier_code=00100090&order_time=2023-01-29 HTTP/1.1" 200 416
124.79.72.155 - - [29/Jan/2023:11:26:03 +0800] "GET /xingrg/all/function/internal_message.html?_=1674962772526&CODE_STATE=getMsg HTTP/1.1" 200 27
124.79.72.155 - - [29/Jan/2023:11:26:08 +0800] "POST /xingrg/kc/buy/cgsh_order_operate.html HTTP/1.1" 200 37
124.79.72.155 - - [29/Jan/2023:11:26:09 +0800] "POST /xingrg/kc/buy/cgsh_order_operate.html HTTP/1.1" 200 2653
101.83.240.224 - - [29/Jan/2023:11:26:09 +0800] "POST /xingrg/kc/base/wldb_order_operate.html HTTP/1.1" 200 37
101.83.240.224 - - [29/Jan/2023:11:26:10 +0800] "POST /xingrg/kc/base/wldb_order_operate.html HTTP/1.1" 200 4763
101.83.240.224 - - [29/Jan/2023:11:26:10 +0800] "GET /xingrg/kc/base/wldb_order_info.html?code=422023012901755 HTTP/1.1" 200 30439
101.83.240.224 - - [29/Jan/2023:11:26:11 +0800] "GET /xingrg/javascript/easyui/themes/default/validatebox.css HTTP/1.1" 404 1104
101.83.240.224 - - [29/Jan/2023:11:26:11 +0800] "POST /xingrg/kc/base/wldb_order_operate.html HTTP/1.1" 200 4763
124.79.72.155 - - [29/Jan/2023:11:26:11 +0800] "GET /xingrg/kc/print/load_config.html?kc_code=cgsh HTTP/1.1" 200 1943
124.79.72.155 - - [29/Jan/2023:11:26:11 +0800] "GET /xingrg/kc/print/load_data.html?order_code=212023012907379&kc_code=cgsh&condition= HTTP/1.1" 200 735
101.83.240.224 - - [29/Jan/2023:11:26:12 +0800] "GET /xingrg/check_reg.html?_=1674962779331 HTTP/1.1" 200 22
101.83.240.224 - - [29/Jan/2023:11:26:12 +0800] "GET /xingrg/all/function/internal_message.html?_=1674962779338&CODE_STATE=getMsg HTTP/1.1" 200 27
180.157.253.110 - - [29/Jan/2023:11:26:13 +0800] "GET /xingrg/all/function/internal_message.html?_=1674962787338&CODE_STATE=getMsg HTTP/1.1" 200 27
116.230.105.139 - - [29/Jan/2023:11:26:14 +0800] "GET /xingrg/all/function/internal_message.html?_=1674962781717&CODE_STATE=getMsg HTTP/1.1" 200 27
114.88.159.190 - - [29/Jan/2023:11:26:17 +0800] "POST /xingrg/kc/buy/cgsh_order_operate.html HTTP/1.1" 200 37
124.79.72.155 - - [29/Jan/2023:11:26:17 +0800] "GET /xingrg/kc/buy/cgsh_order_add.html HTTP/1.1" 200 69837
124.79.72.155 - - [29/Jan/2023:11:26:18 +0800] "POST /xingrg/kc/buy/cgsh_order_operate.html HTTP/1.1" 200 8245
124.79.72.155 - - [29/Jan/2023:11:26:18 +0800] "GET /xingrg/all/common/auto_word.html?type=employee&rest_code=00156 HTTP/1.1" 200 97
124.79.72.155 - - [29/Jan/2023:11:26:18 +0800] "GET /xingrg/all/common/auto_word.html?type=employee&rest_code=00156 HTTP/1.1" 200 97
124.79.72.155 - - [29/Jan/2023:11:26:18 +0800] "GET /xingrg/javascript/easyui/themes/default/validatebox.css HTTP/1.1" 404 1104
114.88.159.190 - - [29/Jan/2023:11:26:19 +0800] "POST /xingrg/kc/buy/cgsh_order_operate.html HTTP/1.1" 200 2663
114.88.159.190 - - [29/Jan/2023:11:26:20 +0800] "GET /xingrg/kc/print/load_data.html?order_code=212023012907380&kc_code=cgsh&condition= HTTP/1.1" 200 754
222.70.181.49 - - [29/Jan/2023:11:26:20 +0800] "GET /xingrg/all/function/internal_message.html?_=1674962785114&CODE_STATE=getMsg HTTP/1.1" 200 27
116.192.124.172 - - [29/Jan/2023:11:26:24 +0800] "GET /xingrg/all/function/internal_message.html?_=1674962792192&CODE_STATE=getMsg HTTP/1.1" 200 27
114.88.159.190 - - [29/Jan/2023:11:26:25 +0800] "GET /xingrg/kc/buy/cgsh_order_add.html HTTP/1.1" 200 69758
114.88.159.190 - - [29/Jan/2023:11:26:26 +0800] "POST /xingrg/kc/buy/cgsh_order_operate.html HTTP/1.1" 200 8245
114.88.159.190 - - [29/Jan/2023:11:26:26 +0800] "GET /xingrg/javascript/easyui/themes/default/validatebox.css HTTP/1.1" 404 1104
124.79.72.155 - - [29/Jan/2023:11:26:27 +0800] "GET /xingrg/javascript/jquery_tools/images/prev.gif HTTP/1.1" 404 1086
124.79.72.155 - - [29/Jan/2023:11:26:27 +0800] "GET /xingrg/javascript/jquery_tools/images/next.gif HTTP/1.1" 404 1086
101.83.240.224 - - [29/Jan/2023:11:26:30 +0800] "GET /xingrg/kc/base/wldb_order_add.html HTTP/1.1" 200 30428
101.83.240.224 - - [29/Jan/2023:11:26:30 +0800] "GET /xingrg/javascript/easyui/themes/default/validatebox.css HTTP/1.1" 404 1104
101.83.240.224 - - [29/Jan/2023:11:26:30 +0800] "POST /xingrg/kc/base/wldb_order_operate.html HTTP/1.1" 200 6806
101.229.22.234 - - [29/Jan/2023:11:26:34 +0800] "GET /xingrg/all/function/internal_message.html?_=1674962800238&CODE_STATE=getMsg HTTP/1.1" 200 27
114.88.159.190 - - [29/Jan/2023:11:26:36 +0800] "GET /xingrg/all/function/internal_message.html?_=1674962376539&CODE_STATE=getMsg HTTP/1.1" 200 27
124.79.72.155 - - [29/Jan/2023:11:26:37 +0800] "GET /xingrg/kc/buy/cgsh_order_operate.html?command=get_materiel&rest_code=00156&code=00101012119&supplier_code=00100587&order_time=2023-01-28 HTTP/1.1" 200 402
114.88.159.190 - - [29/Jan/2023:11:26:40 +0800] "GET /xingrg/kc/buy/cgsh_order_operate.html?command=get_materiel&rest_code=00141&code=00101002006&supplier_code=00100091&order_time=2023-01-29 HTTP/1.1" 200 414
116.235.244.242 - - [29/Jan/2023:11:26:42 +0800] "GET /xingrg/all/function/internal_message.html?_=1674962810938&CODE_STATE=getMsg HTTP/1.1" 302 -
180.169.147.146 - - [29/Jan/2023:11:26:43 +0800] "GET /xingrg/all/function/internal_message.html?_=1674962810530&CODE_STATE=getMsg HTTP/1.1" 200 27
114.83.222.182 - - [29/Jan/2023:11:26:51 +0800] "GET /xingrg/all/function/internal_message.html?_=1674962916128&CODE_STATE=getMsg HTTP/1.1" 200 27
124.79.72.155 - - [29/Jan/2023:11:26:51 +0800] "POST /xingrg/kc/buy/cgsh_order_operate.html HTTP/1.1" 200 37
114.88.159.190 - - [29/Jan/2023:11:26:51 +0800] "POST /xingrg/kc/buy/cgsh_order_operate.html HTTP/1.1" 200 88
124.79.72.155 - - [29/Jan/2023:11:26:53 +0800] "POST /xingrg/kc/buy/cgsh_order_operate.html HTTP/1.1" 200 2659
101.83.145.75 - - [29/Jan/2023:11:26:53 +0800] "GET /xingrg/all/function/internal_message.html?_=1674962820528&CODE_STATE=getMsg HTTP/1.1" 200 27
124.79.72.155 - - [29/Jan/2023:11:26:54 +0800] "GET /xingrg/kc/print/load_config.html?kc_code=cgsh HTTP/1.1" 200 1943
124.79.72.155 - - [29/Jan/2023:11:26:54 +0800] "GET /xingrg/kc/print/load_data.html?order_code=212023012907381&kc_code=cgsh&condition= HTTP/1.1" 200 659
114.88.159.190 - - [29/Jan/2023:11:26:57 +0800] "POST /xingrg/kc/buy/cgsh_order_operate.html HTTP/1.1" 200 37
114.88.159.190 - - [29/Jan/2023:11:26:59 +0800] "POST /xingrg/kc/buy/cgsh_order_operate.html HTTP/1.1" 200 2661
114.88.159.190 - - [29/Jan/2023:11:27:00 +0800] "GET /xingrg/kc/print/load_data.html?order_code=212023012907383&kc_code=cgsh&condition= HTTP/1.1" 200 749
124.79.72.155 - - [29/Jan/2023:11:27:03 +0800] "GET /xingrg/all/function/internal_message.html?_=1674962832536&CODE_STATE=getMsg HTTP/1.1" 200 27
101.83.240.224 - - [29/Jan/2023:11:27:04 +0800] "POST /xingrg/kc/base/wldb_order_operate.html HTTP/1.1" 200 37
101.83.240.224 - - [29/Jan/2023:11:27:05 +0800] "POST /xingrg/kc/base/wldb_order_operate.html HTTP/1.1" 200 2218
124.79.72.155 - - [29/Jan/2023:11:27:06 +0800] "GET /xingrg/kc/buy/cgsh_order_add.html HTTP/1.1" 200 69837
124.79.72.155 - - [29/Jan/2023:11:27:06 +0800] "POST /xingrg/kc/buy/cgsh_order_operate.html HTTP/1.1" 200 8245
124.79.72.155 - - [29/Jan/2023:11:27:06 +0800] "GET /xingrg/all/common/auto_word.html?type=employee&rest_code=00156 HTTP/1.1" 200 97
124.79.72.155 - - [29/Jan/2023:11:27:06 +0800] "GET /xingrg/all/common/auto_word.html?type=employee&rest_code=00156 HTTP/1.1" 200 97
124.79.72.155 - - [29/Jan/2023:11:27:06 +0800] "GET /xingrg/javascript/easyui/themes/default/validatebox.css HTTP/1.1" 404 1104
114.88.159.190 - - [29/Jan/2023:11:27:08 +0800] "GET /xingrg/kc/buy/cgsh_order_add.html HTTP/1.1" 200 69758
101.83.240.224 - - [29/Jan/2023:11:27:08 +0800] "GET /xingrg/kc/base/wldb_order_info.html?code=422023012901756 HTTP/1.1" 200 30438
101.83.240.224 - - [29/Jan/2023:11:27:08 +0800] "GET /xingrg/javascript/easyui/themes/default/validatebox.css HTTP/1.1" 404 1104
114.88.159.190 - - [29/Jan/2023:11:27:08 +0800] "POST /xingrg/kc/buy/cgsh_order_operate.html HTTP/1.1" 200 8245
101.83.240.224 - - [29/Jan/2023:11:27:08 +0800] "POST /xingrg/kc/base/wldb_order_operate.html HTTP/1.1" 200 2218
114.88.159.190 - - [29/Jan/2023:11:27:08 +0800] "GET /xingrg/javascript/easyui/themes/default/validatebox.css HTTP/1.1" 404 1104
180.157.253.110 - - [29/Jan/2023:11:27:13 +0800] "GET /xingrg/all/function/internal_message.html?_=1674962847339&CODE_STATE=getMsg HTTP/1.1" 200 27
101.83.240.224 - - [29/Jan/2023:11:27:14 +0800] "GET /xingrg/kc/base/wldb_order_add.html HTTP/1.1" 200 30428
101.83.240.224 - - [29/Jan/2023:11:27:14 +0800] "POST /xingrg/kc/base/wldb_order_operate.html HTTP/1.1" 200 6806
101.83.240.224 - - [29/Jan/2023:11:27:14 +0800] "GET /xingrg/javascript/easyui/themes/default/validatebox.css HTTP/1.1" 404 1104
116.230.105.139 - - [29/Jan/2023:11:27:14 +0800] "GET /xingrg/all/function/internal_message.html?_=1674962841716&CODE_STATE=getMsg HTTP/1.1" 200 27
116.230.105.139 - - [29/Jan/2023:11:27:14 +0800] "GET /xingrg/check_reg.html?_=1674962841720 HTTP/1.1" 200 22
124.79.72.155 - - [29/Jan/2023:11:27:17 +0800] "GET /xingrg/javascript/jquery_tools/images/prev.gif HTTP/1.1" 404 1086
124.79.72.155 - - [29/Jan/2023:11:27:17 +0800] "GET /xingrg/javascript/jquery_tools/images/next.gif HTTP/1.1" 404 1086
222.70.181.49 - - [29/Jan/2023:11:27:20 +0800] "GET /xingrg/all/function/internal_message.html?_=1674962845114&CODE_STATE=getMsg HTTP/1.1" 200 27
114.88.159.190 - - [29/Jan/2023:11:27:21 +0800] "GET /xingrg/kc/buy/cgsh_order_operate.html?command=get_materiel&rest_code=00141&code=00101004046&supplier_code=00100312&order_time=2023-01-29 HTTP/1.1" 200 417
101.83.240.224 - - [29/Jan/2023:11:27:24 +0800] "GET /xingrg/kc/base/wldb_order_operate.html?command=get_materiel&rest_code=00149&base_code=0010394&code=00101016094 HTTP/1.1" 200 470
116.192.124.172 - - [29/Jan/2023:11:27:24 +0800] "GET /xingrg/all/function/internal_message.html?_=1674962852178&CODE_STATE=getMsg HTTP/1.1" 200 27
124.79.72.155 - - [29/Jan/2023:11:27:27 +0800] "GET /xingrg/kc/buy/cgsh_order_operate.html?command=get_materiel&rest_code=00156&code=00101002058&supplier_code=00100313&order_time=2023-01-28 HTTP/1.1" 200 410
114.88.159.190 - - [29/Jan/2023:11:27:33 +0800] "GET /xingrg/kc/buy/cgsh_order_operate.html?command=get_materiel&rest_code=00141&code=00101004103&supplier_code=00100312&order_time=2023-01-29 HTTP/1.1" 200 413
101.229.22.234 - - [29/Jan/2023:11:27:34 +0800] "GET /xingrg/all/function/internal_message.html?_=1674962860254&CODE_STATE=getMsg HTTP/1.1" 200 27
101.229.22.234 - - [29/Jan/2023:11:27:34 +0800] "GET /xingrg/check_reg.html?_=1674962860257 HTTP/1.1" 200 22
114.88.159.190 - - [29/Jan/2023:11:27:36 +0800] "GET /xingrg/all/function/internal_message.html?_=1674962436506&CODE_STATE=getMsg HTTP/1.1" 200 27
124.79.72.155 - - [29/Jan/2023:11:27:40 +0800] "POST /xingrg/kc/buy/cgsh_order_operate.html HTTP/1.1" 200 37
116.235.244.242 - - [29/Jan/2023:11:27:42 +0800] "GET /xingrg/all/function/internal_message.html?_=1674962870949&CODE_STATE=getMsg HTTP/1.1" 302 -
180.169.147.146 - - [29/Jan/2023:11:27:43 +0800] "GET /xingrg/all/function/internal_message.html?_=1674962870529&CODE_STATE=getMsg HTTP/1.1" 200 27
124.79.72.155 - - [29/Jan/2023:11:27:43 +0800] "POST /xingrg/kc/buy/cgsh_order_operate.html HTTP/1.1" 200 2656
124.79.72.155 - - [29/Jan/2023:11:27:44 +0800] "GET /xingrg/kc/print/load_config.html?kc_code=cgsh HTTP/1.1" 200 1943
124.79.72.155 - - [29/Jan/2023:11:27:44 +0800] "GET /xingrg/kc/print/load_data.html?order_code=212023012907384&kc_code=cgsh&condition= HTTP/1.1" 200 673
114.88.159.190 - - [29/Jan/2023:11:27:47 +0800] "GET /xingrg/kc/buy/cgsh_order_operate.html?command=get_materiel&rest_code=00141&code=00101005017&supplier_code=00100312&order_time=2023-01-29 HTTP/1.1" 200 409
114.83.222.182 - - [29/Jan/2023:11:27:51 +0800] "GET /xingrg/all/function/internal_message.html?_=1674962976136&CODE_STATE=getMsg HTTP/1.1" 200 27
101.83.145.75 - - [29/Jan/2023:11:27:53 +0800] "GET /xingrg/all/function/internal_message.html?_=1674962880528&CODE_STATE=getMsg HTTP/1.1" 200 27
114.88.159.190 - - [29/Jan/2023:11:27:58 +0800] "GET /xingrg/kc/buy/cgsh_order_operate.html?command=get_materiel&rest_code=00141&code=00101004030&supplier_code=00100312&order_time=2023-01-29 HTTP/1.1" 200 409
101.83.240.224 - - [29/Jan/2023:11:28:02 +0800] "POST /xingrg/kc/base/wldb_order_operate.html HTTP/1.1" 200 37
101.83.240.224 - - [29/Jan/2023:11:28:03 +0800] "POST /xingrg/kc/base/wldb_order_operate.html HTTP/1.1" 200 2215
124.79.72.155 - - [29/Jan/2023:11:28:03 +0800] "GET /xingrg/all/function/internal_message.html?_=1674962892542&CODE_STATE=getMsg HTTP/1.1" 200 27
101.83.240.224 - - [29/Jan/2023:11:28:04 +0800] "GET /xingrg/kc/base/wldb_order_info.html?code=422023012901757 HTTP/1.1" 200 30443
101.83.240.224 - - [29/Jan/2023:11:28:05 +0800] "GET /xingrg/javascript/easyui/themes/default/validatebox.css HTTP/1.1" 404 1104
101.83.240.224 - - [29/Jan/2023:11:28:05 +0800] "POST /xingrg/kc/base/wldb_order_operate.html HTTP/1.1" 200 2215
101.83.240.224 - - [29/Jan/2023:11:28:12 +0800] "GET /xingrg/all/function/internal_message.html?_=1674962899347&CODE_STATE=getMsg HTTP/1.1" 200 27
180.157.253.110 - - [29/Jan/2023:11:28:13 +0800] "GET /xingrg/all/function/internal_message.html?_=1674962907364&CODE_STATE=getMsg HTTP/1.1" 200 27
116.230.105.139 - - [29/Jan/2023:11:28:14 +0800] "GET /xingrg/all/function/internal_message.html?_=1674962901707&CODE_STATE=getMsg HTTP/1.1" 200 27
114.88.159.190 - - [29/Jan/2023:11:28:16 +0800] "GET /xingrg/kc/buy/cgsh_order_operate.html?command=get_materiel&rest_code=00141&code=00101005015&supplier_code=00100312&order_time=2023-01-29 HTTP/1.1" 200 409
222.70.181.49 - - [29/Jan/2023:11:28:20 +0800] "GET /xingrg/all/function/internal_message.html?_=1674962905114&CODE_STATE=getMsg HTTP/1.1" 200 27
116.192.124.172 - - [29/Jan/2023:11:28:24 +0800] "GET /xingrg/all/function/internal_message.html?_=1674962912161&CODE_STATE=getMsg HTTP/1.1" 200 27
114.88.159.190 - - [29/Jan/2023:11:28:30 +0800] "GET /xingrg/kc/buy/cgsh_order_operate.html?command=get_materiel&rest_code=00141&code=00101004020&supplier_code=00100312&order_time=2023-01-29 HTTP/1.1" 200 409
101.83.240.224 - - [29/Jan/2023:11:28:31 +0800] "GET /xingrg/kc/base/wldb_order_add.html HTTP/1.1" 200 30428
101.83.240.224 - - [29/Jan/2023:11:28:31 +0800] "POST /xingrg/kc/base/wldb_order_operate.html HTTP/1.1" 200 6806
101.83.240.224 - - [29/Jan/2023:11:28:31 +0800] "GET /xingrg/javascript/easyui/themes/default/validatebox.css HTTP/1.1" 404 1104
101.229.22.234 - - [29/Jan/2023:11:28:34 +0800] "GET /xingrg/all/function/internal_message.html?_=1674962920242&CODE_STATE=getMsg HTTP/1.1" 200 27
114.88.159.190 - - [29/Jan/2023:11:28:36 +0800] "GET /xingrg/all/function/internal_message.html?_=1674962496500&CODE_STATE=getMsg HTTP/1.1" 200 27
101.83.145.75 - - [29/Jan/2023:11:28:39 +0800] "GET /xingrg/kc/buy/cgsh_order_add.html HTTP/1.1" 200 69840
101.83.145.75 - - [29/Jan/2023:11:28:39 +0800] "GET /xingrg/javascript/easyui/themes/default/validatebox.css HTTP/1.1" 404 1104
101.83.145.75 - - [29/Jan/2023:11:28:39 +0800] "POST /xingrg/kc/buy/cgsh_order_operate.html HTTP/1.1" 200 8245
114.88.159.190 - - [29/Jan/2023:11:28:41 +0800] "GET /xingrg/kc/buy/cgsh_order_operate.html?command=get_materiel&rest_code=00141&code=00101005022&supplier_code=00100312&order_time=2023-01-29 HTTP/1.1" 200 417
116.235.244.242 - - [29/Jan/2023:11:28:42 +0800] "GET /xingrg/all/function/internal_message.html?_=1674962930965&CODE_STATE=getMsg HTTP/1.1" 302 -
180.169.147.146 - - [29/Jan/2023:11:28:43 +0800] "GET /xingrg/all/function/internal_message.html?_=1674962930528&CODE_STATE=getMsg HTTP/1.1" 200 27
101.83.145.75 - - [29/Jan/2023:11:28:50 +0800] "GET /xingrg/kc/buy/cgsh_order_operate.html?command=get_materiel&rest_code=00105&code=00101006334&supplier_code=00100558&order_time=2023-01-29 HTTP/1.1" 200 400
114.88.159.190 - - [29/Jan/2023:11:28:50 +0800] "GET /xingrg/kc/buy/cgsh_order_operate.html?command=get_materiel&rest_code=00141&code=00101001029&supplier_code=00100312&order_time=2023-01-29 HTTP/1.1" 200 417
114.83.222.182 - - [29/Jan/2023:11:28:51 +0800] "GET /xingrg/all/function/internal_message.html?_=1674963036147&CODE_STATE=getMsg HTTP/1.1" 200 27
114.83.222.182 - - [29/Jan/2023:11:28:51 +0800] "GET /xingrg/check_reg.html?_=1674963036275 HTTP/1.1" 200 22
101.83.145.75 - - [29/Jan/2023:11:28:53 +0800] "GET /xingrg/check_reg.html?_=1674962940558 HTTP/1.1" 200 22
101.83.145.75 - - [29/Jan/2023:11:28:53 +0800] "GET /xingrg/all/function/internal_message.html?_=1674962940561&CODE_STATE=getMsg HTTP/1.1" 200 27
124.79.72.155 - - [29/Jan/2023:11:29:03 +0800] "GET /xingrg/all/function/internal_message.html?_=1674962952556&CODE_STATE=getMsg HTTP/1.1" 200 27
101.83.145.75 - - [29/Jan/2023:11:29:05 +0800] "GET /xingrg/kc/buy/cgsh_order_operate.html?command=get_materiel&rest_code=00105&code=00101006335&supplier_code=00100558&order_time=2023-01-29 HTTP/1.1" 200 400
101.83.240.224 - - [29/Jan/2023:11:29:12 +0800] "GET /xingrg/all/function/internal_message.html?_=1674962959336&CODE_STATE=getMsg HTTP/1.1" 200 27
180.157.253.110 - - [29/Jan/2023:11:29:13 +0800] "GET /xingrg/all/function/internal_message.html?_=1674962967365&CODE_STATE=getMsg HTTP/1.1" 200 27
101.83.145.75 - - [29/Jan/2023:11:29:13 +0800] "GET /xingrg/kc/buy/cgsh_order_operate.html?command=get_materiel&rest_code=00105&code=00101006284&supplier_code=00100558&order_time=2023-01-29 HTTP/1.1" 200 418
116.230.105.139 - - [29/Jan/2023:11:29:14 +0800] "GET /xingrg/all/function/internal_message.html?_=1674962961722&CODE_STATE=getMsg HTTP/1.1" 200 27
222.70.181.49 - - [29/Jan/2023:11:29:20 +0800] "GET /xingrg/all/function/internal_message.html?_=1674962965139&CODE_STATE=getMsg HTTP/1.1" 200 27
222.70.181.49 - - [29/Jan/2023:11:29:21 +0800] "GET /xingrg/check_reg.html?_=1674962965141 HTTP/1.1" 200 22
101.83.240.224 - - [29/Jan/2023:11:29:23 +0800] "GET /xingrg/kc/base/wldb_order_operate.html?command=get_materiel&rest_code=00149&base_code=0010394&code=00101019405 HTTP/1.1" 200 482
101.83.145.75 - - [29/Jan/2023:11:29:23 +0800] "GET /xingrg/kc/buy/cgsh_order_operate.html?command=get_materiel&rest_code=00105&code=00101006282&supplier_code=00100558&order_time=2023-01-29 HTTP/1.1" 200 418
114.88.159.190 - - [29/Jan/2023:11:29:24 +0800] "GET /xingrg/kc/buy/cgsh_order_operate.html?command=get_materiel&rest_code=00141&code=00101001170&supplier_code=00100312&order_time=2023-01-29 HTTP/1.1" 200 413
116.192.124.172 - - [29/Jan/2023:11:29:24 +0800] "GET /xingrg/all/function/internal_message.html?_=1674962972147&CODE_STATE=getMsg HTTP/1.1" 200 27
101.83.145.75 - - [29/Jan/2023:11:29:30 +0800] "GET /xingrg/kc/buy/cgsh_order_operate.html?command=get_materiel&rest_code=00105&code=00102026001&supplier_code=00100558&order_time=2023-01-29 HTTP/1.1" 200 409
101.83.240.224 - - [29/Jan/2023:11:29:33 +0800] "GET /xingrg/kc/base/wldb_order_operate.html?command=get_materiel&rest_code=00149&base_code=0010394&code=00101019376 HTTP/1.1" 200 477
101.229.22.234 - - [29/Jan/2023:11:29:34 +0800] "GET /xingrg/all/function/internal_message.html?_=1674962980243&CODE_STATE=getMsg HTTP/1.1" 200 27
114.88.159.190 - - [29/Jan/2023:11:29:35 +0800] "GET /xingrg/all/function/internal_message.html?_=1674962556481&CODE_STATE=getMsg HTTP/1.1" 200 27
101.83.240.224 - - [29/Jan/2023:11:29:37 +0800] "GET /xingrg/kc/base/wldb_order_operate.html?command=get_materiel&rest_code=00149&base_code=0010394&code=00101019400 HTTP/1.1" 200 463
101.83.145.75 - - [29/Jan/2023:11:29:39 +0800] "POST /xingrg/kc/buy/cgsh_order_operate.html HTTP/1.1" 200 37
101.83.145.75 - - [29/Jan/2023:11:29:42 +0800] "POST /xingrg/kc/buy/cgsh_order_operate.html HTTP/1.1" 200 5041
116.235.244.242 - - [29/Jan/2023:11:29:42 +0800] "GET /xingrg/all/function/internal_message.html?_=1674962990974&CODE_STATE=getMsg HTTP/1.1" 302 -
101.83.240.224 - - [29/Jan/2023:11:29:43 +0800] "GET /xingrg/kc/base/wldb_order_operate.html?command=get_materiel&rest_code=00149&base_code=0010394&code=00101019222 HTTP/1.1" 200 454
180.169.147.146 - - [29/Jan/2023:11:29:43 +0800] "GET /xingrg/check_reg.html?_=1674962990538 HTTP/1.1" 200 22
101.83.145.75 - - [29/Jan/2023:11:29:43 +0800] "GET /xingrg/kc/print/load_data.html?order_code=212023012907385&kc_code=cgsh&condition= HTTP/1.1" 200 1577
180.169.147.146 - - [29/Jan/2023:11:29:43 +0800] "GET /xingrg/all/function/internal_message.html?_=1674962990539&CODE_STATE=getMsg HTTP/1.1" 200 27
114.88.159.190 - - [29/Jan/2023:11:29:44 +0800] "GET /xingrg/kc/buy/cgsh_order_operate.html?command=get_materiel&rest_code=00141&code=00101005072&supplier_code=00100312&order_time=2023-01-29 HTTP/1.1" 200 419
101.83.145.75 - - [29/Jan/2023:11:29:46 +0800] "GET /xingrg/kc/buy/cgsh_order_add.html HTTP/1.1" 200 69840
101.83.145.75 - - [29/Jan/2023:11:29:46 +0800] "GET /xingrg/javascript/easyui/themes/default/validatebox.css HTTP/1.1" 404 1104
101.83.145.75 - - [29/Jan/2023:11:29:46 +0800] "POST /xingrg/kc/buy/cgsh_order_operate.html HTTP/1.1" 200 8245
101.83.240.224 - - [29/Jan/2023:11:29:47 +0800] "GET /xingrg/kc/base/wldb_order_operate.html?command=get_materiel&rest_code=00149&base_code=0010394&code=00101019133 HTTP/1.1" 200 480
114.83.222.182 - - [29/Jan/2023:11:29:51 +0800] "GET /xingrg/all/function/internal_message.html?_=1674963096136&CODE_STATE=getMsg HTTP/1.1" 200 27
101.83.145.75 - - [29/Jan/2023:11:29:53 +0800] "GET /xingrg/all/function/internal_message.html?_=1674963000571&CODE_STATE=getMsg HTTP/1.1" 200 27
101.83.145.75 - - [29/Jan/2023:11:29:56 +0800] "GET /xingrg/kc/buy/cgsh_order_operate.html?command=get_materiel&rest_code=00105&code=00101001141&supplier_code=00100327&order_time=2023-01-29 HTTP/1.1" 200 413
114.88.159.190 - - [29/Jan/2023:11:30:03 +0800] "POST /xingrg/kc/buy/cgsh_order_operate.html HTTP/1.1" 200 37
124.79.72.155 - - [29/Jan/2023:11:30:03 +0800] "GET /xingrg/all/function/internal_message.html?_=1674963012544&CODE_STATE=getMsg HTTP/1.1" 200 27
124.79.72.155 - - [29/Jan/2023:11:30:03 +0800] "GET /xingrg/check_reg.html?_=1674963012545 HTTP/1.1" 200 22
114.88.159.190 - - [29/Jan/2023:11:30:04 +0800] "POST /xingrg/kc/buy/cgsh_order_operate.html HTTP/1.1" 200 8023
101.83.145.75 - - [29/Jan/2023:11:30:07 +0800] "POST /xingrg/kc/buy/cgsh_order_operate.html HTTP/1.1" 200 37
114.88.159.190 - - [29/Jan/2023:11:30:07 +0800] "GET /xingrg/kc/print/load_data.html?order_code=212023012907386&kc_code=cgsh&condition= HTTP/1.1" 200 2744
101.83.145.75 - - [29/Jan/2023:11:30:08 +0800] "POST /xingrg/kc/buy/cgsh_order_operate.html HTTP/1.1" 200 2658
101.83.145.75 - - [29/Jan/2023:11:30:09 +0800] "GET /xingrg/kc/print/load_data.html?order_code=212023012907387&kc_code=cgsh&condition= HTTP/1.1" 200 668
101.83.240.224 - - [29/Jan/2023:11:30:12 +0800] "GET /xingrg/all/function/internal_message.html?_=1674963019315&CODE_STATE=getMsg HTTP/1.1" 200 27
114.88.159.190 - - [29/Jan/2023:11:30:13 +0800] "GET /xingrg/kc/buy/cgsh_order_add.html HTTP/1.1" 200 69758
180.157.253.110 - - [29/Jan/2023:11:30:13 +0800] "GET /xingrg/check_reg.html?_=1674963027365 HTTP/1.1" 200 22
180.157.253.110 - - [29/Jan/2023:11:30:13 +0800] "GET /xingrg/all/function/internal_message.html?_=1674963027369&CODE_STATE=getMsg HTTP/1.1" 200 27
114.88.159.190 - - [29/Jan/2023:11:30:14 +0800] "POST /xingrg/kc/buy/cgsh_order_operate.html HTTP/1.1" 200 8245
114.88.159.190 - - [29/Jan/2023:11:30:14 +0800] "GET /xingrg/javascript/easyui/themes/default/validatebox.css HTTP/1.1" 404 1104
101.83.240.224 - - [29/Jan/2023:11:30:14 +0800] "POST /xingrg/kc/base/wldb_order_operate.html HTTP/1.1" 200 37
116.230.105.139 - - [29/Jan/2023:11:30:14 +0800] "GET /xingrg/all/function/internal_message.html?_=1674963021716&CODE_STATE=getMsg HTTP/1.1" 200 27
101.83.240.224 - - [29/Jan/2023:11:30:15 +0800] "POST /xingrg/kc/base/wldb_order_operate.html HTTP/1.1" 200 4732
101.83.240.224 - - [29/Jan/2023:11:30:17 +0800] "GET /xingrg/kc/base/wldb_order_info.html?code=422023012901758 HTTP/1.1" 200 30443
101.83.240.224 - - [29/Jan/2023:11:30:18 +0800] "GET /xingrg/javascript/easyui/themes/default/validatebox.css HTTP/1.1" 404 1104
101.83.240.224 - - [29/Jan/2023:11:30:18 +0800] "POST /xingrg/kc/base/wldb_order_operate.html HTTP/1.1" 200 4732
101.83.145.75 - - [29/Jan/2023:11:30:20 +0800] "GET /xingrg/kc/buy/cgsh_order_add.html HTTP/1.1" 200 69840
222.70.181.49 - - [29/Jan/2023:11:30:21 +0800] "GET /xingrg/all/function/internal_message.html?_=1674963025140&CODE_STATE=getMsg HTTP/1.1" 200 27
101.83.145.75 - - [29/Jan/2023:11:30:21 +0800] "POST /xingrg/kc/buy/cgsh_order_operate.html HTTP/1.1" 200 8245
101.83.145.75 - - [29/Jan/2023:11:30:21 +0800] "GET /xingrg/javascript/easyui/themes/default/validatebox.css HTTP/1.1" 404 1104
116.192.124.172 - - [29/Jan/2023:11:30:24 +0800] "GET /xingrg/all/function/internal_message.html?_=1674963032133&CODE_STATE=getMsg HTTP/1.1" 200 27
116.192.124.172 - - [29/Jan/2023:11:30:25 +0800] "GET /xingrg/check_reg.html?_=1674963032554 HTTP/1.1" 200 22
114.88.159.190 - - [29/Jan/2023:11:30:28 +0800] "GET /xingrg/kc/buy/cgsh_order_operate.html?command=get_materiel&rest_code=00141&code=00101002007&supplier_code=00100442&order_time=2023-01-29 HTTP/1.1" 200 409
101.83.145.75 - - [29/Jan/2023:11:30:31 +0800] "GET /xingrg/kc/buy/cgsh_order_operate.html?command=get_materiel&rest_code=00105&code=00101010567&supplier_code=00100326&order_time=2023-01-29 HTTP/1.1" 200 413
101.229.22.234 - - [29/Jan/2023:11:30:34 +0800] "GET /xingrg/all/function/internal_message.html?_=1674963040241&CODE_STATE=getMsg HTTP/1.1" 200 27
114.88.159.190 - - [29/Jan/2023:11:30:35 +0800] "GET /xingrg/all/function/internal_message.html?_=1674962616432&CODE_STATE=getMsg HTTP/1.1" 200 27
114.88.159.190 - - [29/Jan/2023:11:30:36 +0800] "GET /xingrg/check_reg.html?_=1674962616642 HTTP/1.1" 200 22
101.83.145.75 - - [29/Jan/2023:11:30:40 +0800] "POST /xingrg/kc/buy/cgsh_order_operate.html HTTP/1.1" 200 37
116.235.244.242 - - [29/Jan/2023:11:30:40 +0800] "GET /xingrg/check_reg.html?_=1674963049369 HTTP/1.1" 302 -
116.235.244.242 - - [29/Jan/2023:11:30:42 +0800] "GET /xingrg/all/function/internal_message.html?_=1674963050990&CODE_STATE=getMsg HTTP/1.1" 302 -
180.169.147.146 - - [29/Jan/2023:11:30:43 +0800] "GET /xingrg/all/function/internal_message.html?_=1674963050537&CODE_STATE=getMsg HTTP/1.1" 200 27
114.88.159.190 - - [29/Jan/2023:11:30:43 +0800] "POST /xingrg/kc/buy/cgsh_order_operate.html HTTP/1.1" 200 37
101.83.145.75 - - [29/Jan/2023:11:30:45 +0800] "POST /xingrg/kc/buy/cgsh_order_operate.html HTTP/1.1" 200 2658
114.88.159.190 - - [29/Jan/2023:11:30:45 +0800] "POST /xingrg/kc/buy/cgsh_order_operate.html HTTP/1.1" 200 2656
101.83.145.75 - - [29/Jan/2023:11:30:46 +0800] "GET /xingrg/kc/print/load_data.html?order_code=212023012907388&kc_code=cgsh&condition= HTTP/1.1" 200 677
114.88.159.190 - - [29/Jan/2023:11:30:47 +0800] "GET /xingrg/kc/print/load_data.html?order_code=212023012907389&kc_code=cgsh&condition= HTTP/1.1" 200 681
114.83.222.182 - - [29/Jan/2023:11:30:51 +0800] "GET /xingrg/all/function/internal_message.html?_=1674963156146&CODE_STATE=getMsg HTTP/1.1" 200 27
101.83.145.75 - - [29/Jan/2023:11:30:53 +0800] "GET /xingrg/all/function/internal_message.html?_=1674963060550&CODE_STATE=getMsg HTTP/1.1" 200 27
101.83.145.75 - - [29/Jan/2023:11:30:55 +0800] "POST /xingrg/kc/buy/cgsh_list_operate.html HTTP/1.1" 200 4793
114.88.159.190 - - [29/Jan/2023:11:30:58 +0800] "GET /xingrg/kc/buy/cgsh_order_add.html HTTP/1.1" 200 69758
114.88.159.190 - - [29/Jan/2023:11:30:59 +0800] "POST /xingrg/kc/buy/cgsh_order_operate.html HTTP/1.1" 200 8245
114.88.159.190 - - [29/Jan/2023:11:30:59 +0800] "GET /xingrg/javascript/easyui/themes/default/validatebox.css HTTP/1.1" 404 1104
124.79.72.155 - - [29/Jan/2023:11:31:03 +0800] "GET /xingrg/all/function/internal_message.html?_=1674963072544&CODE_STATE=getMsg HTTP/1.1" 200 27
101.83.240.224 - - [29/Jan/2023:11:31:12 +0800] "GET /xingrg/all/function/internal_message.html?_=1674963079297&CODE_STATE=getMsg HTTP/1.1" 200 27
101.83.240.224 - - [29/Jan/2023:11:31:12 +0800] "GET /xingrg/check_reg.html?_=1674963079443 HTTP/1.1" 200 22
180.157.253.110 - - [29/Jan/2023:11:31:13 +0800] "GET /xingrg/all/function/internal_message.html?_=1674963087370&CODE_STATE=getMsg HTTP/1.1" 200 27
116.230.105.139 - - [29/Jan/2023:11:31:14 +0800] "GET /xingrg/all/function/internal_message.html?_=1674963081713&CODE_STATE=getMsg HTTP/1.1" 200 27
222.70.181.49 - - [29/Jan/2023:11:31:21 +0800] "GET /xingrg/all/function/internal_message.html?_=1674963085140&CODE_STATE=getMsg HTTP/1.1" 200 27
114.88.159.190 - - [29/Jan/2023:11:31:23 +0800] "GET /xingrg/kc/buy/cgsh_order_operate.html?command=get_materiel&rest_code=00141&code=00101008509&supplier_code=00100450&order_time=2023-01-29 HTTP/1.1" 200 410
116.192.124.172 - - [29/Jan/2023:11:31:24 +0800] "GET /xingrg/all/function/internal_message.html?_=1674963092120&CODE_STATE=getMsg HTTP/1.1" 200 27
101.229.22.234 - - [29/Jan/2023:11:31:34 +0800] "GET /xingrg/all/function/internal_message.html?_=1674963100249&CODE_STATE=getMsg HTTP/1.1" 200 27
180.157.253.110 - - [29/Jan/2023:11:31:34 +0800] "GET /xingrg/javascript/jquery_easy_ui/themes/icons/area.png HTTP/1.1" 304 -
180.157.253.110 - - [29/Jan/2023:11:31:34 +0800] "GET /xingrg/javascript/jquery_easy_ui/themes/icons/rest.png HTTP/1.1" 304 -
114.88.159.190 - - [29/Jan/2023:11:31:35 +0800] "GET /xingrg/all/function/internal_message.html?_=1674962676411&CODE_STATE=getMsg HTTP/1.1" 200 27
114.88.159.190 - - [29/Jan/2023:11:31:37 +0800] "GET /xingrg/kc/buy/cgsh_order_operate.html?command=get_materiel&rest_code=00141&code=00101008568&supplier_code=00100450&order_time=2023-01-29 HTTP/1.1" 200 413
116.235.244.242 - - [29/Jan/2023:11:31:42 +0800] "GET /xingrg/all/function/internal_message.html?_=1674963111006&CODE_STATE=getMsg HTTP/1.1" 302 -
180.169.147.146 - - [29/Jan/2023:11:31:43 +0800] "GET /xingrg/all/function/internal_message.html?_=1674963110536&CODE_STATE=getMsg HTTP/1.1" 200 27
101.83.145.75 - - [29/Jan/2023:11:31:48 +0800] "POST /xingrg/services/DataTransmitService HTTP/1.1" 200 524
101.83.145.75 - - [29/Jan/2023:11:31:49 +0800] "POST /xingrg/services/DataTransmitService HTTP/1.1" 200 412
114.83.222.182 - - [29/Jan/2023:11:31:51 +0800] "GET /xingrg/all/function/internal_message.html?_=1674963216140&CODE_STATE=getMsg HTTP/1.1" 200 27
114.88.159.190 - - [29/Jan/2023:11:31:51 +0800] "GET /xingrg/kc/buy/cgsh_order_operate.html?command=get_materiel&rest_code=00141&code=00101015038&supplier_code=00100450&order_time=2023-01-29 HTTP/1.1" 200 419
101.83.145.75 - - [29/Jan/2023:11:31:53 +0800] "GET /xingrg/all/function/internal_message.html?_=1674963120654&CODE_STATE=getMsg HTTP/1.1" 200 27
180.162.115.82 - - [29/Jan/2023:11:32:03 +0800] "GET /xingrg HTTP/1.1" 302 -
180.162.115.82 - - [29/Jan/2023:11:32:03 +0800] "GET /xingrg/ HTTP/1.1" 304 -
114.88.159.190 - - [29/Jan/2023:11:32:03 +0800] "GET /xingrg/kc/buy/cgsh_order_operate.html?command=get_materiel&rest_code=00141&code=00101008571&supplier_code=00100450&order_time=2023-01-29 HTTP/1.1" 200 412
124.79.72.155 - - [29/Jan/2023:11:32:03 +0800] "GET /xingrg/all/function/internal_message.html?_=1674963132564&CODE_STATE=getMsg HTTP/1.1" 200 27
180.162.115.82 - - [29/Jan/2023:11:32:04 +0800] "GET /xingrg/index.html HTTP/1.1" 302 -
180.162.115.82 - - [29/Jan/2023:11:32:04 +0800] "GET /xingrg/login.html HTTP/1.1" 200 7641
180.162.115.82 - - [29/Jan/2023:11:32:04 +0800] "GET /xingrg/images/blue/jxLogo.png HTTP/1.1" 304 -
180.162.115.82 - - [29/Jan/2023:11:32:04 +0800] "GET /xingrg/images/blue/login_bg.png HTTP/1.1" 304 -
180.162.115.82 - - [29/Jan/2023:11:32:04 +0800] "GET /xingrg/images/blue/srbg.png HTTP/1.1" 304 -
180.162.115.82 - - [29/Jan/2023:11:32:04 +0800] "GET /xingrg/images/blue/hj.png HTTP/1.1" 304 -
180.162.115.82 - - [29/Jan/2023:11:32:05 +0800] "GET /favicon.ico HTTP/1.1" 404 -
101.83.240.224 - - [29/Jan/2023:11:32:12 +0800] "GET /xingrg/all/function/internal_message.html?_=1674963139275&CODE_STATE=getMsg HTTP/1.1" 200 27
180.157.253.110 - - [29/Jan/2023:11:32:13 +0800] "GET /xingrg/all/function/internal_message.html?_=1674963147381&CODE_STATE=getMsg HTTP/1.1" 200 27
114.88.159.190 - - [29/Jan/2023:11:32:14 +0800] "GET /xingrg/kc/buy/cgsh_order_operate.html?command=get_materiel&rest_code=00141&code=00101009079&supplier_code=00100450&order_time=2023-01-29 HTTP/1.1" 200 409
116.230.105.139 - - [29/Jan/2023:11:32:14 +0800] "GET /xingrg/all/function/internal_message.html?_=1674963141724&CODE_STATE=getMsg HTTP/1.1" 200 27
116.230.105.139 - - [29/Jan/2023:11:32:14 +0800] "GET /xingrg/check_reg.html?_=1674963141727 HTTP/1.1" 200 22
222.70.181.49 - - [29/Jan/2023:11:32:21 +0800] "GET /xingrg/all/function/internal_message.html?_=1674963145140&CODE_STATE=getMsg HTTP/1.1" 200 27
180.162.115.82 - - [29/Jan/2023:11:32:22 +0800] "POST /xingrg/login.do HTTP/1.1" 302 -
180.162.115.82 - - [29/Jan/2023:11:32:22 +0800] "GET /xingrg/javascript/jquery_easy_ui/themes/default/easyui.css HTTP/1.1" 304 -
180.162.115.82 - - [29/Jan/2023:11:32:22 +0800] "GET /xingrg/javascript/jquery_easy_ui/themes/icon.css HTTP/1.1" 304 -
180.162.115.82 - - [29/Jan/2023:11:32:22 +0800] "GET /xingrg/index.html?sysBaseUrl=http%3A%2F%2F180.169.147.146%3A18081%2Fxingrg%2F&costTime=40×tamp=1674963142788 HTTP/1.1" 200 17179
180.162.115.82 - - [29/Jan/2023:11:32:22 +0800] "GET /xingrg/javascript/jquery.timers.js HTTP/1.1" 304 -
180.162.115.82 - - [29/Jan/2023:11:32:22 +0800] "GET /xingrg/css/form.css HTTP/1.1" 304 -
180.162.115.82 - - [29/Jan/2023:11:32:22 +0800] "GET /xingrg/javascript/jquery_easy_ui/easyui-lang-zh_CN.js HTTP/1.1" 304 -
180.162.115.82 - - [29/Jan/2023:11:32:22 +0800] "GET /xingrg/javascript/jquery_easy_ui/jquery.easyui.min.js HTTP/1.1" 304 -
180.162.115.82 - - [29/Jan/2023:11:32:22 +0800] "GET /favicon.ico HTTP/1.1" 404 -
180.162.115.82 - - [29/Jan/2023:11:32:22 +0800] "GET /xingrg/javascript/jquery-1.4.2.min.js HTTP/1.1" 304 -
180.162.115.82 - - [29/Jan/2023:11:32:22 +0800] "GET /xingrg/javascript/jquery.form.js HTTP/1.1" 304 -
180.162.115.82 - - [29/Jan/2023:11:32:22 +0800] "GET /xingrg/javascript/jquery.utils.js HTTP/1.1" 304 -
180.162.115.82 - - [29/Jan/2023:11:32:23 +0800] "GET /xingrg/javascript/jquery_easy_ui/themes/icons/settle_new.png HTTP/1.1" 304 -
180.162.115.82 - - [29/Jan/2023:11:32:23 +0800] "GET /xingrg/images/blue/navBackgound.jpg HTTP/1.1" 304 -
180.162.115.82 - - [29/Jan/2023:11:32:23 +0800] "POST /xingrg/all/common/load_tree.html?tree=area_rest_tree_json&manage=1 HTTP/1.1" 200 351
180.162.115.82 - - [29/Jan/2023:11:32:23 +0800] "GET /xingrg/check_reg.html?_=1674962110506 HTTP/1.1" 200 22
180.162.115.82 - - [29/Jan/2023:11:32:23 +0800] "GET /xingrg/all/function/internal_message.html?_=1674962110505&CODE_STATE=count HTTP/1.1" 200 11
180.162.115.82 - - [29/Jan/2023:11:32:23 +0800] "GET /xingrg/images/blue/pingpu.png HTTP/1.1" 304 -
180.162.115.82 - - [29/Jan/2023:11:32:23 +0800] "GET /xingrg/javascript/jquery_easy_ui/themes/default/images/tabs_leftarrow.png HTTP/1.1" 304 -
180.162.115.82 - - [29/Jan/2023:11:32:23 +0800] "GET /xingrg/javascript/jquery_easy_ui/themes/default/images/panel_tool_collapse.gif HTTP/1.1" 304 -
180.162.115.82 - - [29/Jan/2023:11:32:23 +0800] "GET /xingrg/javascript/jquery_easy_ui/themes/default/images/tabs_rightarrow.png HTTP/1.1" 304 -
180.162.115.82 - - [29/Jan/2023:11:32:23 +0800] "POST /xingrg/load_menu.html HTTP/1.1" 200 5138
180.162.115.82 - - [29/Jan/2023:11:32:23 +0800] "GET /xingrg/javascript/jquery_easy_ui/themes/default/images/tree_arrows.gif HTTP/1.1" 304 -
180.162.115.82 - - [29/Jan/2023:11:32:23 +0800] "GET /xingrg/javascript/jquery_easy_ui/themes/default/images/tree_folder_open.gif HTTP/1.1" 304 -
180.162.115.82 - - [29/Jan/2023:11:32:23 +0800] "GET /xingrg/javascript/jquery_easy_ui/themes/icons/search_new.png HTTP/1.1" 304 -
180.162.115.82 - - [29/Jan/2023:11:32:23 +0800] "GET /xingrg/javascript/jquery_easy_ui/themes/default/images/tree_folder.gif HTTP/1.1" 304 -
180.162.115.82 - - [29/Jan/2023:11:32:23 +0800] "GET /xingrg/javascript/jquery_easy_ui/themes/icons/storage_new.png HTTP/1.1" 304 -
180.162.115.82 - - [29/Jan/2023:11:32:23 +0800] "GET /xingrg/javascript/jquery_easy_ui/themes/icons/forms_new.png HTTP/1.1" 304 -
180.162.115.82 - - [29/Jan/2023:11:32:23 +0800] "GET /xingrg/javascript/jquery_easy_ui/themes/default/images/tree_file.gif HTTP/1.1" 304 -
116.192.124.172 - - [29/Jan/2023:11:32:24 +0800] "GET /xingrg/all/function/internal_message.html?_=1674963152115&CODE_STATE=getMsg HTTP/1.1" 200 27
180.162.115.82 - - [29/Jan/2023:11:32:25 +0800] "GET /xingrg/javascript/jquery_easy_ui/themes/default/images/tabs_close.gif HTTP/1.1" 304 -
180.162.115.82 - - [29/Jan/2023:11:32:25 +0800] "GET /xingrg/css/blue.css HTTP/1.1" 304 -
180.162.115.82 - - [29/Jan/2023:11:32:25 +0800] "GET /xingrg/css/new_ie.css HTTP/1.1" 404 1036
180.162.115.82 - - [29/Jan/2023:11:32:25 +0800] "GET /xingrg/kc/buy/buy_main.html HTTP/1.1" 200 12412
180.162.115.82 - - [29/Jan/2023:11:32:25 +0800] "GET /xingrg/javascript/jquery_ui/themes/humanity/humanity.css HTTP/1.1" 304 -
180.162.115.82 - - [29/Jan/2023:11:32:25 +0800] "GET /xingrg/javascript/pic_change.js HTTP/1.1" 304 -
180.162.115.82 - - [29/Jan/2023:11:32:25 +0800] "GET /xingrg/javascript/myfunction.js HTTP/1.1" 304 -
180.162.115.82 - - [29/Jan/2023:11:32:25 +0800] "GET /xingrg/javascript/ToolTips.js HTTP/1.1" 304 -
180.162.115.82 - - [29/Jan/2023:11:32:25 +0800] "GET /xingrg/javascript/jquery_ui/jquery-ui.min.js HTTP/1.1" 304 -
180.162.115.82 - - [29/Jan/2023:11:32:25 +0800] "GET /xingrg/images/blue/button/cgxqd.gif HTTP/1.1" 304 -
180.162.115.82 - - [29/Jan/2023:11:32:25 +0800] "GET /xingrg/images/blue/button/cgydd.gif HTTP/1.1" 304 -
180.162.115.82 - - [29/Jan/2023:11:32:25 +0800] "GET /xingrg/images/blue/button/cgshd.gif HTTP/1.1" 304 -
180.162.115.82 - - [29/Jan/2023:11:32:25 +0800] "GET /xingrg/images/blue/button/cgfkd.gif HTTP/1.1" 304 -
180.162.115.82 - - [29/Jan/2023:11:32:25 +0800] "GET /xingrg/images/blue/button/kc.gif HTTP/1.1" 304 -
180.162.115.82 - - [29/Jan/2023:11:32:25 +0800] "GET /xingrg/images/blue/button/ckthd.gif HTTP/1.1" 304 -
180.162.115.82 - - [29/Jan/2023:11:32:25 +0800] "GET /xingrg/images/blue/pic_form2.gif HTTP/1.1" 304 -
180.162.115.82 - - [29/Jan/2023:11:32:25 +0800] "GET /xingrg/javascript/jquery_ui/themes/humanity/images/ui-bg_inset-soft_100_f4f0ec_1x100.png HTTP/1.1" 304 -
180.162.115.82 - - [29/Jan/2023:11:32:25 +0800] "GET /xingrg/images/blue/bg_dotted.jpg HTTP/1.1" 304 -
180.162.115.82 - - [29/Jan/2023:11:32:25 +0800] "GET /xingrg/images/blue/button/right_ah.jpg HTTP/1.1" 304 -
180.162.115.82 - - [29/Jan/2023:11:32:25 +0800] "GET /xingrg/images/blue/button/down_ah.jpg HTTP/1.1" 304 -
180.162.115.82 - - [29/Jan/2023:11:32:25 +0800] "GET /xingrg/javascript/jquery_ui/themes/humanity/images/ui-iconsnew.jpg HTTP/1.1" 304 -
180.162.115.82 - - [29/Jan/2023:11:32:25 +0800] "GET /xingrg/javascript/jquery_ui/themes/humanity/images/ui-icons_ffffff_256x240.png HTTP/1.1" 304 -
180.162.115.82 - - [29/Jan/2023:11:32:25 +0800] "GET /xingrg/javascript/jquery_ui/themes/humanity/images/ui-icons_c47a23_256x240.png HTTP/1.1" 304 -
180.162.115.82 - - [29/Jan/2023:11:32:25 +0800] "GET /xingrg/javascript/jquery_ui/themes/humanity/images/ui-bg_glass_70_ede4d4_1x400.png HTTP/1.1" 304 -
180.162.115.82 - - [29/Jan/2023:11:32:25 +0800] "GET /xingrg/images/yd/bt.gif HTTP/1.1" 404 1040
180.162.115.82 - - [29/Jan/2023:11:32:26 +0800] "GET /xingrg/kc/buy/cgsh_order_list.html HTTP/1.1" 200 53982
180.162.115.82 - - [29/Jan/2023:11:32:26 +0800] "GET /xingrg/css/base.css HTTP/1.1" 304 -
180.162.115.82 - - [29/Jan/2023:11:32:26 +0800] "GET /xingrg/css/site.css HTTP/1.1" 304 -
180.162.115.82 - - [29/Jan/2023:11:32:26 +0800] "GET /xingrg/javascript/jquery_tools/datebox.css HTTP/1.1" 304 -
180.162.115.82 - - [29/Jan/2023:11:32:26 +0800] "GET /xingrg/javascript/easyui/themes/default/easyui.css HTTP/1.1" 304 -
180.162.115.82 - - [29/Jan/2023:11:32:26 +0800] "GET /xingrg/javascript/easyui/themes/icon.css HTTP/1.1" 304 -
180.162.115.82 - - [29/Jan/2023:11:32:26 +0800] "GET /xingrg/javascript/auto/jquery.autocomplete.css HTTP/1.1" 304 -
180.162.115.82 - - [29/Jan/2023:11:32:26 +0800] "GET /xingrg/javascript/jquery_tools/fix.css HTTP/1.1" 304 -
180.162.115.82 - - [29/Jan/2023:11:32:26 +0800] "GET /xingrg/javascript/jquery_tools/table.css HTTP/1.1" 304 -
180.162.115.82 - - [29/Jan/2023:11:32:26 +0800] "GET /xingrg/javascript/jquery_tools/jquery.tools.min.js HTTP/1.1" 304 -
180.162.115.82 - - [29/Jan/2023:11:32:26 +0800] "GET /xingrg/javascript/jquery_tools/jquery.tools.hotkey.js HTTP/1.1" 304 -
180.162.115.82 - - [29/Jan/2023:11:32:26 +0800] "GET /xingrg/javascript/jquery_tools/jquery.tools.extend.js HTTP/1.1" 304 -
180.162.115.82 - - [29/Jan/2023:11:32:26 +0800] "GET /xingrg/javascript/jquery_tools/jquery.tools.table.js HTTP/1.1" 304 -
180.162.115.82 - - [29/Jan/2023:11:32:26 +0800] "GET /xingrg/javascript/jquery_tools/list_manager.js HTTP/1.1" 304 -
180.162.115.82 - - [29/Jan/2023:11:32:26 +0800] "GET /xingrg/javascript/auto/jquery.autocomplete.js HTTP/1.1" 304 -
180.162.115.82 - - [29/Jan/2023:11:32:26 +0800] "GET /xingrg/javascript/easyui/easyloader.js HTTP/1.1" 304 -
180.162.115.82 - - [29/Jan/2023:11:32:26 +0800] "GET /xingrg/javascript/jquery.cookie.js HTTP/1.1" 304 -
180.162.115.82 - - [29/Jan/2023:11:32:26 +0800] "GET /xingrg/javascript/print/LodopFuncs.js HTTP/1.1" 304 -
180.162.115.82 - - [29/Jan/2023:11:32:26 +0800] "GET /xingrg/javascript/easyui/plugins/jquery.parser.js HTTP/1.1" 304 -
180.162.115.82 - - [29/Jan/2023:11:32:26 +0800] "GET /xingrg/images/control/ajaxLoader.gif HTTP/1.1" 304 -
180.162.115.82 - - [29/Jan/2023:11:32:26 +0800] "GET /xingrg/javascript/easyui/themes/icons/field_new.png HTTP/1.1" 304 -
180.162.115.82 - - [29/Jan/2023:11:32:26 +0800] "GET /xingrg/javascript/easyui/themes/icons/check_new.png HTTP/1.1" 304 -
180.162.115.82 - - [29/Jan/2023:11:32:26 +0800] "GET /xingrg/javascript/easyui/themes/icons/cance_new.png HTTP/1.1" 304 -
180.162.115.82 - - [29/Jan/2023:11:32:26 +0800] "GET /xingrg/javascript/easyui/themes/icons/edit_add_new.png HTTP/1.1" 304 -
180.162.115.82 - - [29/Jan/2023:11:32:26 +0800] "GET /xingrg/javascript/easyui/themes/icons/import_new.png HTTP/1.1" 304 -
180.162.115.82 - - [29/Jan/2023:11:32:29 +0800] "POST /xingrg/kc/buy/cgsh_list_operate.html HTTP/1.1" 200 1875
114.88.159.190 - - [29/Jan/2023:11:32:31 +0800] "GET /xingrg/kc/buy/cgsh_order_operate.html?command=get_materiel&rest_code=00141&code=00101009160&supplier_code=00100450&order_time=2023-01-29 HTTP/1.1" 200 401
180.162.115.82 - - [29/Jan/2023:11:32:31 +0800] "POST /xingrg/kc/buy/cgsh_list_operate.html HTTP/1.1" 200 425
180.162.115.82 - - [29/Jan/2023:11:32:32 +0800] "GET /xingrg/javascript/jquery_tools/order_manager.js HTTP/1.1" 304 -
180.162.115.82 - - [29/Jan/2023:11:32:32 +0800] "GET /xingrg/javascript/convert.js HTTP/1.1" 304 -
180.162.115.82 - - [29/Jan/2023:11:32:32 +0800] "GET /xingrg/javascript/print/kc_print.js HTTP/1.1" 304 -
180.162.115.82 - - [29/Jan/2023:11:32:32 +0800] "GET /xingrg/javascript/json2.js HTTP/1.1" 304 -
180.162.115.82 - - [29/Jan/2023:11:32:32 +0800] "GET /xingrg/kc/buy/cgsh_order_info.html?code=212023012606986 HTTP/1.1" 200 68845
180.162.115.82 - - [29/Jan/2023:11:32:32 +0800] "GET /xingrg/words/20230127094515_words.js HTTP/1.1" 200 944508
180.162.115.82 - - [29/Jan/2023:11:32:32 +0800] "GET /xingrg/javascript/easyui/themes/icons/print.png HTTP/1.1" 304 -
180.162.115.82 - - [29/Jan/2023:11:32:32 +0800] "GET /xingrg/javascript/easyui/themes/icons/template_new.png HTTP/1.1" 304 -
180.162.115.82 - - [29/Jan/2023:11:32:32 +0800] "GET /xingrg/javascript/easyui/themes/icons/ok.png HTTP/1.1" 304 -
180.162.115.82 - - [29/Jan/2023:11:32:32 +0800] "GET /xingrg/javascript/easyui/themes/icons/copy_new.png HTTP/1.1" 304 -
180.162.115.82 - - [29/Jan/2023:11:32:32 +0800] "GET /xingrg/javascript/easyui/themes/default/images/menu_downarrow.png HTTP/1.1" 304 -
180.162.115.82 - - [29/Jan/2023:11:32:32 +0800] "GET /xingrg/javascript/easyui/themes/icons/cancel.png HTTP/1.1" 304 -
180.162.115.82 - - [29/Jan/2023:11:32:32 +0800] "GET /xingrg/all/common/auto_word.html?type=employee&rest_code=00143 HTTP/1.1" 200 55
180.162.115.82 - - [29/Jan/2023:11:32:32 +0800] "GET /xingrg/javascript/easyui/themes/default/validatebox.css HTTP/1.1" 404 1104
180.162.115.82 - - [29/Jan/2023:11:32:32 +0800] "GET /xingrg/all/common/auto_word.html?type=employee&rest_code=00143 HTTP/1.1" 200 55
180.162.115.82 - - [29/Jan/2023:11:32:32 +0800] "GET /xingrg/javascript/easyui/plugins/jquery.validatebox.js HTTP/1.1" 304 -
180.162.115.82 - - [29/Jan/2023:11:32:32 +0800] "GET /xingrg/javascript/easyui/plugins/jquery.numberbox.js HTTP/1.1" 304 -
180.162.115.82 - - [29/Jan/2023:11:32:33 +0800] "POST /xingrg/kc/buy/cgsh_order_operate.html HTTP/1.1" 200 4426
180.162.115.82 - - [29/Jan/2023:11:32:33 +0800] "GET /xingrg/javascript/easyui/themes/icons/edit_remove.png HTTP/1.1" 304 -
101.229.22.234 - - [29/Jan/2023:11:32:34 +0800] "GET /xingrg/all/function/internal_message.html?_=1674963160246&CODE_STATE=getMsg HTTP/1.1" 200 27
101.229.22.234 - - [29/Jan/2023:11:32:34 +0800] "GET /xingrg/check_reg.html?_=1674963160247 HTTP/1.1" 200 22
114.88.159.190 - - [29/Jan/2023:11:32:35 +0800] "GET /xingrg/all/function/internal_message.html?_=1674962736451&CODE_STATE=getMsg HTTP/1.1" 200 27
116.235.244.242 - - [29/Jan/2023:11:32:42 +0800] "GET /xingrg/all/function/internal_message.html?_=1674963171016&CODE_STATE=getMsg HTTP/1.1" 302 -
180.169.147.146 - - [29/Jan/2023:11:32:43 +0800] "GET /xingrg/all/function/internal_message.html?_=1674963170535&CODE_STATE=getMsg HTTP/1.1" 200 27
180.162.115.82 - - [29/Jan/2023:11:32:44 +0800] "GET /xingrg/javascript/auto/indicator.gif HTTP/1.1" 404 1066
114.88.159.190 - - [29/Jan/2023:11:32:45 +0800] "GET /xingrg/kc/buy/cgsh_order_operate.html?command=get_materiel&rest_code=00141&code=00101015046&supplier_code=00100450&order_time=2023-01-29 HTTP/1.1" 200 413
114.83.222.182 - - [29/Jan/2023:11:32:51 +0800] "GET /xingrg/all/function/internal_message.html?_=1674963276145&CODE_STATE=getMsg HTTP/1.1" 200 27
