101.83.240.224 - - [29/Jan/2023:09:29:11 +0800] "GET /xingrg/all/function/internal_message.html?_=1674955758900&CODE_STATE=getMsg HTTP/1.1" 200 27
116.230.105.139 - - [29/Jan/2023:09:29:14 +0800] "GET /xingrg/all/function/internal_message.html?_=1674955759848&CODE_STATE=getMsg HTTP/1.1" 200 27
101.229.22.234 - - [29/Jan/2023:09:29:14 +0800] "POST /xingrg/kc/buy/cgsh_list_operate.html HTTP/1.1" 200 2739
116.192.124.172 - - [29/Jan/2023:09:29:19 +0800] "GET /xingrg/kc/buy/cgsh_order_operate.html?command=get_materiel&rest_code=00102&code=00101009039&supplier_code=00100022&order_time=2023-01-29 HTTP/1.1" 200 409
116.192.124.172 - - [29/Jan/2023:09:29:25 +0800] "GET /xingrg/all/function/internal_message.html?_=1674955772543&CODE_STATE=getMsg HTTP/1.1" 200 27
116.192.124.172 - - [29/Jan/2023:09:29:27 +0800] "GET /xingrg/kc/buy/cgsh_order_operate.html?command=get_materiel&rest_code=00102&code=00101009049&supplier_code=00100022&order_time=2023-01-29 HTTP/1.1" 200 416
101.229.22.234 - - [29/Jan/2023:09:29:34 +0800] "GET /xingrg/all/function/internal_message.html?_=1674955780050&CODE_STATE=getMsg HTTP/1.1" 200 27
116.192.124.172 - - [29/Jan/2023:09:29:35 +0800] "POST /xingrg/kc/buy/cgsh_order_operate.html HTTP/1.1" 200 37
116.192.124.172 - - [29/Jan/2023:09:29:39 +0800] "POST /xingrg/kc/buy/cgsh_order_operate.html HTTP/1.1" 200 12
116.192.124.172 - - [29/Jan/2023:09:29:40 +0800] "GET /xingrg/kc/buy/cgsh_order_info.html?code=212023012907334 HTTP/1.1" 200 64691
116.235.244.242 - - [29/Jan/2023:09:29:40 +0800] "GET /xingrg/all/function/internal_message.html?_=1674955789345&CODE_STATE=getMsg HTTP/1.1" 200 27
116.192.124.172 - - [29/Jan/2023:09:29:40 +0800] "GET /xingrg/javascript/easyui/themes/default/validatebox.css HTTP/1.1" 404 1104
116.192.124.172 - - [29/Jan/2023:09:29:41 +0800] "POST /xingrg/kc/buy/cgsh_order_operate.html HTTP/1.1" 200 4158
116.192.124.172 - - [29/Jan/2023:09:29:43 +0800] "GET /xingrg/kc/print/load_data.html?order_code=212023012907334&kc_code=cgsh&condition= HTTP/1.1" 200 2060
116.192.124.172 - - [29/Jan/2023:09:29:47 +0800] "GET /xingrg/kc/buy/cgsh_order_add.html HTTP/1.1" 200 69793
116.192.124.172 - - [29/Jan/2023:09:29:48 +0800] "POST /xingrg/kc/buy/cgsh_order_operate.html HTTP/1.1" 200 8245
116.192.124.172 - - [29/Jan/2023:09:29:48 +0800] "GET /xingrg/javascript/easyui/themes/default/validatebox.css HTTP/1.1" 404 1104
116.192.124.172 - - [29/Jan/2023:09:29:49 +0800] "GET /xingrg/javascript/easyui/themes/default/tree.css HTTP/1.1" 404 1090
116.192.124.172 - - [29/Jan/2023:09:29:49 +0800] "POST /xingrg/all/common/load_tree.html?tree=supplier_tree_json&isDelete=1 HTTP/1.1" 200 70604
114.83.222.182 - - [29/Jan/2023:09:29:51 +0800] "GET /xingrg/all/function/internal_message.html?_=1674955896141&CODE_STATE=getMsg HTTP/1.1" 200 27
101.83.145.75 - - [29/Jan/2023:09:29:53 +0800] "GET /xingrg/all/function/internal_message.html?_=1674955800365&CODE_STATE=getMsg HTTP/1.1" 200 27
101.83.240.224 - - [29/Jan/2023:09:30:11 +0800] "GET /xingrg/all/function/internal_message.html?_=1674955818916&CODE_STATE=getMsg HTTP/1.1" 200 27
116.230.105.139 - - [29/Jan/2023:09:30:14 +0800] "GET /xingrg/all/function/internal_message.html?_=1674955819866&CODE_STATE=getMsg HTTP/1.1" 200 27
116.192.124.172 - - [29/Jan/2023:09:30:25 +0800] "GET /xingrg/check_reg.html?_=1674955832555 HTTP/1.1" 200 22
116.192.124.172 - - [29/Jan/2023:09:30:25 +0800] "GET /xingrg/all/function/internal_message.html?_=1674955832558&CODE_STATE=getMsg HTTP/1.1" 200 27
101.229.22.234 - - [29/Jan/2023:09:30:34 +0800] "GET /xingrg/all/function/internal_message.html?_=1674955840051&CODE_STATE=getMsg HTTP/1.1" 200 27
116.235.244.242 - - [29/Jan/2023:09:30:40 +0800] "GET /xingrg/check_reg.html?_=1674955849235 HTTP/1.1" 200 22
116.235.244.242 - - [29/Jan/2023:09:30:40 +0800] "GET /xingrg/all/function/internal_message.html?_=1674955849357&CODE_STATE=getMsg HTTP/1.1" 200 27
114.83.222.182 - - [29/Jan/2023:09:30:51 +0800] "GET /xingrg/all/function/internal_message.html?_=1674955956133&CODE_STATE=getMsg HTTP/1.1" 200 27
120.253.135.82 - - [29/Jan/2023:09:30:51 +0800] "GET /xingrg/all/function/internal_message.html?_=1674955676518&CODE_STATE=getMsg HTTP/1.1" 200 27
120.253.135.82 - - [29/Jan/2023:09:30:51 +0800] "GET /xingrg/check_reg.html?_=1674955665679 HTTP/1.1" 200 22
101.83.145.75 - - [29/Jan/2023:09:30:53 +0800] "GET /xingrg/all/function/internal_message.html?_=1674955860377&CODE_STATE=getMsg HTTP/1.1" 200 27
120.253.135.82 - - [29/Jan/2023:09:30:53 +0800] "GET /xingrg/kc/pszx/mdqp_order_list.html?state=10 HTTP/1.1" 200 10275
120.253.135.82 - - [29/Jan/2023:09:30:54 +0800] "GET /xingrg/dwr/interface/AjaxQqpsService.js HTTP/1.1" 200 16326
120.253.135.82 - - [29/Jan/2023:09:30:54 +0800] "GET /xingrg/dwr/engine.js HTTP/1.1" 200 43631
120.253.135.82 - - [29/Jan/2023:09:30:54 +0800] "GET /xingrg/kc/pszx/mdqp_order_list.html?state=10 HTTP/1.1" 200 10275
120.253.135.82 - - [29/Jan/2023:09:30:54 +0800] "GET /xingrg/dwr/interface/AjaxReportQueryService.js HTTP/1.1" 200 13203
120.253.135.82 - - [29/Jan/2023:09:30:55 +0800] "GET /xingrg/kc/pszx/mdqp_order_list.html?state=10 HTTP/1.1" 200 10275
120.253.135.82 - - [29/Jan/2023:09:30:55 +0800] "GET /xingrg/dwr/interface/AjaxReportQueryService.js HTTP/1.1" 200 13203
120.253.135.82 - - [29/Jan/2023:09:30:55 +0800] "GET /xingrg/dwr/interface/AjaxQqpsService.js HTTP/1.1" 200 16326
120.253.135.82 - - [29/Jan/2023:09:30:55 +0800] "GET /xingrg/dwr/engine.js HTTP/1.1" 200 43631
120.253.135.82 - - [29/Jan/2023:09:30:56 +0800] "GET /xingrg/kc/pszx/mdqp_order_list.html?state=10 HTTP/1.1" 200 10275
120.253.135.82 - - [29/Jan/2023:09:30:56 +0800] "GET /xingrg/dwr/interface/AjaxQqpsService.js HTTP/1.1" 200 16326
120.253.135.82 - - [29/Jan/2023:09:30:56 +0800] "GET /xingrg/dwr/interface/AjaxReportQueryService.js HTTP/1.1" 200 13203
120.253.135.82 - - [29/Jan/2023:09:30:56 +0800] "GET /xingrg/dwr/engine.js HTTP/1.1" 200 43631
120.253.135.82 - - [29/Jan/2023:09:30:58 +0800] "GET /xingrg/kc/pszx/mdqp_order_list.html?state=10 HTTP/1.1" 200 10275
120.253.135.82 - - [29/Jan/2023:09:30:58 +0800] "GET /xingrg/dwr/interface/AjaxQqpsService.js HTTP/1.1" 200 16326
120.253.135.82 - - [29/Jan/2023:09:30:58 +0800] "GET /xingrg/dwr/interface/AjaxReportQueryService.js HTTP/1.1" 200 13203
120.253.135.82 - - [29/Jan/2023:09:30:58 +0800] "GET /xingrg/dwr/engine.js HTTP/1.1" 200 43631
120.253.135.82 - - [29/Jan/2023:09:31:02 +0800] "GET /xingrg/kc/pszx/mdqp_order_list.html?state=10 HTTP/1.1" 200 10275
120.253.135.82 - - [29/Jan/2023:09:31:02 +0800] "GET /xingrg/dwr/interface/AjaxReportQueryService.js HTTP/1.1" 200 13203
120.253.135.82 - - [29/Jan/2023:09:31:02 +0800] "GET /xingrg/dwr/interface/AjaxQqpsService.js HTTP/1.1" 200 16326
120.253.135.82 - - [29/Jan/2023:09:31:03 +0800] "GET /xingrg/dwr/engine.js HTTP/1.1" 200 43631
120.253.135.82 - - [29/Jan/2023:09:31:06 +0800] "GET /xingrg/kc/pszx/mdth_order_list.html HTTP/1.1" 200 18497
120.253.135.82 - - [29/Jan/2023:09:31:06 +0800] "POST /xingrg/kc/pszx/mdth_order_new_list.html HTTP/1.1" 200 4711
120.253.135.82 - - [29/Jan/2023:09:31:09 +0800] "GET /xingrg/kc/pszx/mdqp_order_list.html?state=10 HTTP/1.1" 200 10275
120.253.135.82 - - [29/Jan/2023:09:31:09 +0800] "GET /xingrg/dwr/interface/AjaxReportQueryService.js HTTP/1.1" 200 13203
120.253.135.82 - - [29/Jan/2023:09:31:09 +0800] "GET /xingrg/dwr/interface/AjaxQqpsService.js HTTP/1.1" 200 16326
120.253.135.82 - - [29/Jan/2023:09:31:09 +0800] "GET /xingrg/dwr/engine.js HTTP/1.1" 200 43631
101.83.240.224 - - [29/Jan/2023:09:31:11 +0800] "GET /xingrg/all/function/internal_message.html?_=1674955878921&CODE_STATE=getMsg HTTP/1.1" 200 27
101.83.240.224 - - [29/Jan/2023:09:31:11 +0800] "GET /xingrg/check_reg.html?_=1674955878926 HTTP/1.1" 200 22
120.253.135.82 - - [29/Jan/2023:09:31:14 +0800] "GET /xingrg/kc/pszx/mdqp_order_list.html?state=10 HTTP/1.1" 200 10275
120.253.135.82 - - [29/Jan/2023:09:31:14 +0800] "GET /xingrg/dwr/interface/AjaxReportQueryService.js HTTP/1.1" 200 13203
120.253.135.82 - - [29/Jan/2023:09:31:14 +0800] "GET /xingrg/dwr/interface/AjaxQqpsService.js HTTP/1.1" 200 16326
120.253.135.82 - - [29/Jan/2023:09:31:14 +0800] "GET /xingrg/dwr/engine.js HTTP/1.1" 200 43631
116.230.105.139 - - [29/Jan/2023:09:31:14 +0800] "GET /xingrg/all/function/internal_message.html?_=1674955879865&CODE_STATE=getMsg HTTP/1.1" 200 27
116.192.124.172 - - [29/Jan/2023:09:31:25 +0800] "GET /xingrg/all/function/internal_message.html?_=1674955892557&CODE_STATE=getMsg HTTP/1.1" 200 27
101.229.22.234 - - [29/Jan/2023:09:31:34 +0800] "GET /xingrg/all/function/internal_message.html?_=1674955900051&CODE_STATE=getMsg HTTP/1.1" 200 27
116.235.244.242 - - [29/Jan/2023:09:31:40 +0800] "GET /xingrg/all/function/internal_message.html?_=1674955909371&CODE_STATE=getMsg HTTP/1.1" 200 27
114.83.222.182 - - [29/Jan/2023:09:31:51 +0800] "GET /xingrg/all/function/internal_message.html?_=1674956016148&CODE_STATE=getMsg HTTP/1.1" 200 27
120.253.135.82 - - [29/Jan/2023:09:31:51 +0800] "GET /xingrg/all/function/internal_message.html?_=1674955736528&CODE_STATE=getMsg HTTP/1.1" 200 27
101.83.145.75 - - [29/Jan/2023:09:31:53 +0800] "GET /xingrg/all/function/internal_message.html?_=1674955920368&CODE_STATE=getMsg HTTP/1.1" 200 27
116.192.124.172 - - [29/Jan/2023:09:32:03 +0800] "GET /xingrg/kc/buy/cgsh_order_operate.html?command=get_materiel&rest_code=00102&code=00101008261&supplier_code=00100008&order_time=2023-01-29 HTTP/1.1" 200 408
101.83.240.224 - - [29/Jan/2023:09:32:11 +0800] "GET /xingrg/all/function/internal_message.html?_=1674955938927&CODE_STATE=getMsg HTTP/1.1" 200 27
116.230.105.139 - - [29/Jan/2023:09:32:14 +0800] "GET /xingrg/check_reg.html?_=1674955939860 HTTP/1.1" 200 22
116.230.105.139 - - [29/Jan/2023:09:32:14 +0800] "GET /xingrg/all/function/internal_message.html?_=1674955939864&CODE_STATE=getMsg HTTP/1.1" 200 27
116.192.124.172 - - [29/Jan/2023:09:32:15 +0800] "GET /xingrg/kc/buy/cgsh_order_operate.html?command=get_materiel&rest_code=00102&code=00101008355&supplier_code=00100008&order_time=2023-01-29 HTTP/1.1" 200 408
116.192.124.172 - - [29/Jan/2023:09:32:25 +0800] "GET /xingrg/all/function/internal_message.html?_=1674955952553&CODE_STATE=getMsg HTTP/1.1" 200 27
101.229.22.234 - - [29/Jan/2023:09:32:34 +0800] "GET /xingrg/check_reg.html?_=1674955960052 HTTP/1.1" 200 22
101.229.22.234 - - [29/Jan/2023:09:32:34 +0800] "GET /xingrg/all/function/internal_message.html?_=1674955960055&CODE_STATE=getMsg HTTP/1.1" 200 27
116.192.124.172 - - [29/Jan/2023:09:32:36 +0800] "GET /xingrg/kc/buy/cgsh_order_operate.html?command=get_materiel&rest_code=00102&code=00101008213&supplier_code=00100008&order_time=2023-01-29 HTTP/1.1" 200 412
116.235.244.242 - - [29/Jan/2023:09:32:40 +0800] "GET /xingrg/all/function/internal_message.html?_=1674955969385&CODE_STATE=getMsg HTTP/1.1" 200 27
114.88.159.190 - - [29/Jan/2023:09:32:43 +0800] "GET /xingrg/check_reg.html?_=1674955540050 HTTP/1.1" 302 -
114.88.159.190 - - [29/Jan/2023:09:32:44 +0800] "GET /xingrg/all/function/internal_message.html?_=1674955536009&CODE_STATE=getMsg HTTP/1.1" 302 -
116.192.124.172 - - [29/Jan/2023:09:32:51 +0800] "GET /xingrg/kc/buy/cgsh_order_operate.html?command=get_materiel&rest_code=00102&code=00101020126&supplier_code=00100008&order_time=2023-01-29 HTTP/1.1" 200 412
114.83.222.182 - - [29/Jan/2023:09:32:51 +0800] "GET /xingrg/all/function/internal_message.html?_=1674956076136&CODE_STATE=getMsg HTTP/1.1" 200 27
120.253.135.82 - - [29/Jan/2023:09:32:51 +0800] "GET /xingrg/all/function/internal_message.html?_=1674955796542&CODE_STATE=getMsg HTTP/1.1" 200 27
101.83.145.75 - - [29/Jan/2023:09:32:53 +0800] "GET /xingrg/all/function/internal_message.html?_=1674955980378&CODE_STATE=getMsg HTTP/1.1" 200 27
114.88.159.190 - - [29/Jan/2023:09:32:53 +0800] "GET /xingrg/login.html HTTP/1.1" 200 7641
114.88.159.190 - - [29/Jan/2023:09:32:55 +0800] "GET /xingrg/login.html HTTP/1.1" 200 7641
101.83.240.224 - - [29/Jan/2023:09:33:11 +0800] "GET /xingrg/all/function/internal_message.html?_=1674955998915&CODE_STATE=getMsg HTTP/1.1" 200 27
116.230.105.139 - - [29/Jan/2023:09:33:14 +0800] "GET /xingrg/all/function/internal_message.html?_=1674955999853&CODE_STATE=getMsg HTTP/1.1" 200 27
116.192.124.172 - - [29/Jan/2023:09:33:15 +0800] "GET /xingrg/kc/buy/cgsh_order_operate.html?command=get_materiel&rest_code=00102&code=00101008027&supplier_code=00100008&order_time=2023-01-29 HTTP/1.1" 200 409
116.192.124.172 - - [29/Jan/2023:09:33:25 +0800] "GET /xingrg/all/function/internal_message.html?_=1674956012540&CODE_STATE=getMsg HTTP/1.1" 200 27
116.192.124.172 - - [29/Jan/2023:09:33:26 +0800] "GET /xingrg/kc/buy/cgsh_order_operate.html?command=get_materiel&rest_code=00102&code=00101008186&supplier_code=00100008&order_time=2023-01-29 HTTP/1.1" 200 408
101.229.22.234 - - [29/Jan/2023:09:33:34 +0800] "GET /xingrg/all/function/internal_message.html?_=1674956020040&CODE_STATE=getMsg HTTP/1.1" 200 27
116.192.124.172 - - [29/Jan/2023:09:33:35 +0800] "GET /xingrg/kc/buy/cgsh_order_operate.html?command=get_materiel&rest_code=00102&code=00101008110&supplier_code=00100008&order_time=2023-01-29 HTTP/1.1" 200 409
116.235.244.242 - - [29/Jan/2023:09:33:40 +0800] "GET /xingrg/all/function/internal_message.html?_=1674956029400&CODE_STATE=getMsg HTTP/1.1" 200 27
116.192.124.172 - - [29/Jan/2023:09:33:44 +0800] "GET /xingrg/kc/buy/cgsh_order_operate.html?command=get_materiel&rest_code=00102&code=00101008038&supplier_code=00100008&order_time=2023-01-29 HTTP/1.1" 200 412
114.83.222.182 - - [29/Jan/2023:09:33:51 +0800] "GET /xingrg/all/function/internal_message.html?_=1674956136147&CODE_STATE=getMsg HTTP/1.1" 200 27
114.83.222.182 - - [29/Jan/2023:09:33:51 +0800] "GET /xingrg/check_reg.html?_=1674956136148 HTTP/1.1" 200 22
120.253.135.82 - - [29/Jan/2023:09:33:51 +0800] "GET /xingrg/all/function/internal_message.html?_=1674955856707&CODE_STATE=getMsg HTTP/1.1" 200 27
101.83.145.75 - - [29/Jan/2023:09:33:53 +0800] "GET /xingrg/check_reg.html?_=1674956040370 HTTP/1.1" 200 22
101.83.145.75 - - [29/Jan/2023:09:33:53 +0800] "GET /xingrg/all/function/internal_message.html?_=1674956040374&CODE_STATE=getMsg HTTP/1.1" 200 27
116.192.124.172 - - [29/Jan/2023:09:33:55 +0800] "GET /xingrg/kc/buy/cgsh_order_operate.html?command=get_materiel&rest_code=00102&code=00101008251&supplier_code=00100008&order_time=2023-01-29 HTTP/1.1" 200 408
116.192.124.172 - - [29/Jan/2023:09:34:03 +0800] "GET /xingrg/kc/buy/cgsh_order_operate.html?command=get_materiel&rest_code=00102&code=00101008077&supplier_code=00100008&order_time=2023-01-29 HTTP/1.1" 200 416
101.83.240.224 - - [29/Jan/2023:09:34:11 +0800] "GET /xingrg/all/function/internal_message.html?_=1674956058924&CODE_STATE=getMsg HTTP/1.1" 200 27
116.192.124.172 - - [29/Jan/2023:09:34:13 +0800] "GET /xingrg/kc/buy/cgsh_order_operate.html?command=get_materiel&rest_code=00102&code=00101008357&supplier_code=00100008&order_time=2023-01-29 HTTP/1.1" 200 410
116.230.105.139 - - [29/Jan/2023:09:34:14 +0800] "GET /xingrg/all/function/internal_message.html?_=1674956059865&CODE_STATE=getMsg HTTP/1.1" 200 27
114.83.222.182 - - [29/Jan/2023:09:34:21 +0800] "GET /xingrg/kc/mdqp/qqps_order_list.html?isBack=1 HTTP/1.1" 200 9651
114.83.222.182 - - [29/Jan/2023:09:34:21 +0800] "GET /xingrg/dwr/interface/AjaxQqpsService.js HTTP/1.1" 200 16326
114.83.222.182 - - [29/Jan/2023:09:34:21 +0800] "GET /xingrg/dwr/interface/AjaxReportQueryService.js HTTP/1.1" 200 13203
114.83.222.182 - - [29/Jan/2023:09:34:21 +0800] "GET /xingrg/dwr/engine.js HTTP/1.1" 200 43631
116.192.124.172 - - [29/Jan/2023:09:34:23 +0800] "GET /xingrg/kc/buy/cgsh_order_operate.html?command=get_materiel&rest_code=00102&code=00101008291&supplier_code=00100008&order_time=2023-01-29 HTTP/1.1" 200 408
116.192.124.172 - - [29/Jan/2023:09:34:25 +0800] "GET /xingrg/all/function/internal_message.html?_=1674956072553&CODE_STATE=getMsg HTTP/1.1" 200 27
101.83.240.224 - - [29/Jan/2023:09:34:29 +0800] "GET /xingrg/kc/buy/cgsh_order_operate.html?command=get_materiel&rest_code=00149&code=00101016030&supplier_code=00100008&order_time=2023-01-29 HTTP/1.1" 200 412
116.192.124.172 - - [29/Jan/2023:09:34:33 +0800] "GET /xingrg/kc/buy/cgsh_order_operate.html?command=get_materiel&rest_code=00102&code=00101008042&supplier_code=00100008&order_time=2023-01-29 HTTP/1.1" 200 416
101.229.22.234 - - [29/Jan/2023:09:34:34 +0800] "GET /xingrg/all/function/internal_message.html?_=1674956080041&CODE_STATE=getMsg HTTP/1.1" 200 27
116.235.244.242 - - [29/Jan/2023:09:34:40 +0800] "GET /xingrg/all/function/internal_message.html?_=1674956089412&CODE_STATE=getMsg HTTP/1.1" 200 27
101.83.240.224 - - [29/Jan/2023:09:34:43 +0800] "POST /xingrg/kc/buy/cgsh_order_operate.html HTTP/1.1" 200 37
101.83.240.224 - - [29/Jan/2023:09:34:47 +0800] "POST /xingrg/kc/buy/cgsh_order_operate.html HTTP/1.1" 200 12
116.192.124.172 - - [29/Jan/2023:09:34:49 +0800] "GET /xingrg/kc/buy/cgsh_order_operate.html?command=get_materiel&rest_code=00102&code=00101008242&supplier_code=00100008&order_time=2023-01-29 HTTP/1.1" 200 409
114.83.222.182 - - [29/Jan/2023:09:34:51 +0800] "GET /xingrg/all/function/internal_message.html?_=1674956196137&CODE_STATE=getMsg HTTP/1.1" 200 27
120.253.135.82 - - [29/Jan/2023:09:34:51 +0800] "GET /xingrg/all/function/internal_message.html?_=1674955916708&CODE_STATE=getMsg HTTP/1.1" 200 27
101.83.240.224 - - [29/Jan/2023:09:34:52 +0800] "GET /xingrg/kc/buy/cgsh_order_info.html?code=212023012907331 HTTP/1.1" 200 64748
101.83.240.224 - - [29/Jan/2023:09:34:53 +0800] "GET /xingrg/javascript/easyui/themes/default/validatebox.css HTTP/1.1" 404 1104
101.83.145.75 - - [29/Jan/2023:09:34:53 +0800] "GET /xingrg/all/function/internal_message.html?_=1674956100369&CODE_STATE=getMsg HTTP/1.1" 200 27
101.83.240.224 - - [29/Jan/2023:09:34:53 +0800] "POST /xingrg/kc/buy/cgsh_order_operate.html HTTP/1.1" 200 11821
101.83.240.224 - - [29/Jan/2023:09:34:57 +0800] "GET /xingrg/kc/print/load_config.html?kc_code=cgsh HTTP/1.1" 200 1943
101.83.240.224 - - [29/Jan/2023:09:34:57 +0800] "GET /xingrg/kc/print/load_data.html?order_code=212023012907331&kc_code=cgsh&condition= HTTP/1.1" 200 4940
116.192.124.172 - - [29/Jan/2023:09:34:57 +0800] "GET /xingrg/kc/buy/cgsh_order_operate.html?command=get_materiel&rest_code=00102&code=00101008114&supplier_code=00100008&order_time=2023-01-29 HTTP/1.1" 200 413
116.192.124.172 - - [29/Jan/2023:09:35:07 +0800] "GET /xingrg/kc/buy/cgsh_order_operate.html?command=get_materiel&rest_code=00102&code=00101008168&supplier_code=00100008&order_time=2023-01-29 HTTP/1.1" 200 413
101.83.240.224 - - [29/Jan/2023:09:35:11 +0800] "GET /xingrg/all/function/internal_message.html?_=1674956118936&CODE_STATE=getMsg HTTP/1.1" 200 27
116.230.105.139 - - [29/Jan/2023:09:35:14 +0800] "GET /xingrg/all/function/internal_message.html?_=1674956119853&CODE_STATE=getMsg HTTP/1.1" 200 27
116.192.124.172 - - [29/Jan/2023:09:35:14 +0800] "GET /xingrg/kc/buy/cgsh_order_operate.html?command=get_materiel&rest_code=00102&code=00101022052&supplier_code=00100008&order_time=2023-01-29 HTTP/1.1" 200 412
101.83.240.224 - - [29/Jan/2023:09:35:19 +0800] "GET /xingrg/kc/buy/cgsh_order_add.html HTTP/1.1" 200 69846
101.83.240.224 - - [29/Jan/2023:09:35:19 +0800] "POST /xingrg/kc/buy/cgsh_order_operate.html HTTP/1.1" 200 8245
101.83.240.224 - - [29/Jan/2023:09:35:19 +0800] "GET /xingrg/javascript/easyui/themes/default/validatebox.css HTTP/1.1" 404 1104
116.192.124.172 - - [29/Jan/2023:09:35:25 +0800] "GET /xingrg/all/function/internal_message.html?_=1674956132538&CODE_STATE=getMsg HTTP/1.1" 200 27
116.192.124.172 - - [29/Jan/2023:09:35:25 +0800] "GET /xingrg/check_reg.html?_=1674956132543 HTTP/1.1" 200 22
116.192.124.172 - - [29/Jan/2023:09:35:25 +0800] "GET /xingrg/kc/buy/cgsh_order_operate.html?command=get_materiel&rest_code=00102&code=00101013179&supplier_code=00100008&order_time=2023-01-29 HTTP/1.1" 200 412
101.229.22.234 - - [29/Jan/2023:09:35:34 +0800] "GET /xingrg/all/function/internal_message.html?_=1674956140040&CODE_STATE=getMsg HTTP/1.1" 200 27
116.192.124.172 - - [29/Jan/2023:09:35:37 +0800] "GET /xingrg/kc/buy/cgsh_order_operate.html?command=get_materiel&rest_code=00102&code=00101008277&supplier_code=00100008&order_time=2023-01-29 HTTP/1.1" 200 412
116.235.244.242 - - [29/Jan/2023:09:35:40 +0800] "GET /xingrg/check_reg.html?_=1674956149247 HTTP/1.1" 200 22
116.235.244.242 - - [29/Jan/2023:09:35:40 +0800] "GET /xingrg/all/function/internal_message.html?_=1674956149426&CODE_STATE=getMsg HTTP/1.1" 200 27
116.192.124.172 - - [29/Jan/2023:09:35:43 +0800] "POST /xingrg/kc/buy/cgsh_order_operate.html HTTP/1.1" 200 2065
114.83.222.182 - - [29/Jan/2023:09:35:51 +0800] "GET /xingrg/all/function/internal_message.html?_=1674956256138&CODE_STATE=getMsg HTTP/1.1" 200 27
120.253.135.82 - - [29/Jan/2023:09:35:51 +0800] "GET /xingrg/check_reg.html?_=1674955976576 HTTP/1.1" 200 22
120.253.135.82 - - [29/Jan/2023:09:35:51 +0800] "GET /xingrg/all/function/internal_message.html?_=1674955976722&CODE_STATE=getMsg HTTP/1.1" 200 27
116.192.124.172 - - [29/Jan/2023:09:35:52 +0800] "GET /xingrg/kc/buy/cgsh_order_operate.html?command=get_materiel&rest_code=00102&code=00101008140&supplier_code=00100008&order_time=2023-01-29 HTTP/1.1" 200 417
101.83.145.75 - - [29/Jan/2023:09:35:53 +0800] "GET /xingrg/all/function/internal_message.html?_=1674956160366&CODE_STATE=getMsg HTTP/1.1" 200 27
116.192.124.172 - - [29/Jan/2023:09:36:07 +0800] "GET /xingrg/kc/buy/cgsh_order_operate.html?command=get_materiel&rest_code=00102&code=00101008223&supplier_code=00100008&order_time=2023-01-29 HTTP/1.1" 200 412
101.83.240.224 - - [29/Jan/2023:09:36:11 +0800] "GET /xingrg/all/function/internal_message.html?_=1674956178939&CODE_STATE=getMsg HTTP/1.1" 200 27
101.83.240.224 - - [29/Jan/2023:09:36:11 +0800] "GET /xingrg/check_reg.html?_=1674956178948 HTTP/1.1" 200 22
116.230.105.139 - - [29/Jan/2023:09:36:14 +0800] "GET /xingrg/all/function/internal_message.html?_=1674956181724&CODE_STATE=getMsg HTTP/1.1" 200 27
116.192.124.172 - - [29/Jan/2023:09:36:18 +0800] "GET /xingrg/kc/buy/cgsh_order_operate.html?command=get_materiel&rest_code=00102&code=00101008350&supplier_code=00100008&order_time=2023-01-29 HTTP/1.1" 200 408
116.192.124.172 - - [29/Jan/2023:09:36:25 +0800] "GET /xingrg/all/function/internal_message.html?_=1674956192537&CODE_STATE=getMsg HTTP/1.1" 200 27
101.229.22.234 - - [29/Jan/2023:09:36:34 +0800] "GET /xingrg/all/function/internal_message.html?_=1674956200054&CODE_STATE=getMsg HTTP/1.1" 200 27
116.235.244.242 - - [29/Jan/2023:09:36:40 +0800] "GET /xingrg/all/function/internal_message.html?_=1674956209439&CODE_STATE=getMsg HTTP/1.1" 200 27
114.83.222.182 - - [29/Jan/2023:09:36:51 +0800] "GET /xingrg/all/function/internal_message.html?_=1674956316142&CODE_STATE=getMsg HTTP/1.1" 200 27
120.253.135.82 - - [29/Jan/2023:09:36:51 +0800] "GET /xingrg/all/function/internal_message.html?_=1674956036740&CODE_STATE=getMsg HTTP/1.1" 200 27
101.83.145.75 - - [29/Jan/2023:09:36:53 +0800] "GET /xingrg/all/function/internal_message.html?_=1674956220367&CODE_STATE=getMsg HTTP/1.1" 200 27
101.83.240.224 - - [29/Jan/2023:09:37:11 +0800] "GET /xingrg/all/function/internal_message.html?_=1674956238948&CODE_STATE=getMsg HTTP/1.1" 200 27
116.230.105.139 - - [29/Jan/2023:09:37:14 +0800] "GET /xingrg/check_reg.html?_=1674956241722 HTTP/1.1" 200 22
116.230.105.139 - - [29/Jan/2023:09:37:14 +0800] "GET /xingrg/all/function/internal_message.html?_=1674956241726&CODE_STATE=getMsg HTTP/1.1" 200 27
116.192.124.172 - - [29/Jan/2023:09:37:25 +0800] "GET /xingrg/all/function/internal_message.html?_=1674956252553&CODE_STATE=getMsg HTTP/1.1" 200 27
101.229.22.234 - - [29/Jan/2023:09:37:34 +0800] "GET /xingrg/check_reg.html?_=1674956260079 HTTP/1.1" 200 22
101.229.22.234 - - [29/Jan/2023:09:37:34 +0800] "GET /xingrg/all/function/internal_message.html?_=1674956260080&CODE_STATE=getMsg HTTP/1.1" 200 27
116.235.244.242 - - [29/Jan/2023:09:37:40 +0800] "GET /xingrg/all/function/internal_message.html?_=1674956269453&CODE_STATE=getMsg HTTP/1.1" 200 27
101.83.240.224 - - [29/Jan/2023:09:37:49 +0800] "GET /xingrg/kc/buy/cgsh_order_operate.html?command=get_materiel&rest_code=00149&code=00101028005&supplier_code=00100019&order_time=2023-01-29 HTTP/1.1" 200 435
114.83.222.182 - - [29/Jan/2023:09:37:51 +0800] "GET /xingrg/all/function/internal_message.html?_=1674956376134&CODE_STATE=getMsg HTTP/1.1" 200 27
120.253.135.82 - - [29/Jan/2023:09:37:51 +0800] "GET /xingrg/all/function/internal_message.html?_=1674956096753&CODE_STATE=getMsg HTTP/1.1" 200 27
101.83.145.75 - - [29/Jan/2023:09:37:53 +0800] "GET /xingrg/all/function/internal_message.html?_=1674956280376&CODE_STATE=getMsg HTTP/1.1" 200 27
101.83.240.224 - - [29/Jan/2023:09:38:11 +0800] "GET /xingrg/all/function/internal_message.html?_=1674956298972&CODE_STATE=getMsg HTTP/1.1" 200 27
116.230.105.139 - - [29/Jan/2023:09:38:14 +0800] "GET /xingrg/all/function/internal_message.html?_=1674956301722&CODE_STATE=getMsg HTTP/1.1" 200 27
116.192.124.172 - - [29/Jan/2023:09:38:25 +0800] "GET /xingrg/all/function/internal_message.html?_=1674956312551&CODE_STATE=getMsg HTTP/1.1" 200 27
101.229.22.234 - - [29/Jan/2023:09:38:34 +0800] "GET /xingrg/all/function/internal_message.html?_=1674956320079&CODE_STATE=getMsg HTTP/1.1" 200 27
116.235.244.242 - - [29/Jan/2023:09:38:40 +0800] "GET /xingrg/all/function/internal_message.html?_=1674956329469&CODE_STATE=getMsg HTTP/1.1" 200 27
114.83.222.182 - - [29/Jan/2023:09:38:51 +0800] "GET /xingrg/all/function/internal_message.html?_=1674956436149&CODE_STATE=getMsg HTTP/1.1" 200 27
114.83.222.182 - - [29/Jan/2023:09:38:51 +0800] "GET /xingrg/check_reg.html?_=1674956436151 HTTP/1.1" 200 22
120.253.135.82 - - [29/Jan/2023:09:38:52 +0800] "GET /xingrg/all/function/internal_message.html?_=1674956156765&CODE_STATE=getMsg HTTP/1.1" 200 27
101.83.145.75 - - [29/Jan/2023:09:38:53 +0800] "GET /xingrg/check_reg.html?_=1674956340367 HTTP/1.1" 200 22
101.83.145.75 - - [29/Jan/2023:09:38:53 +0800] "GET /xingrg/all/function/internal_message.html?_=1674956340395&CODE_STATE=getMsg HTTP/1.1" 200 27
101.83.240.224 - - [29/Jan/2023:09:39:00 +0800] "GET /xingrg/kc/buy/cgsh_order_operate.html?command=get_materiel&rest_code=00149&code=00101027035&supplier_code=00100019&order_time=2023-01-29 HTTP/1.1" 200 454
101.83.240.224 - - [29/Jan/2023:09:39:11 +0800] "GET /xingrg/all/function/internal_message.html?_=1674956358942&CODE_STATE=getMsg HTTP/1.1" 200 27
101.83.240.224 - - [29/Jan/2023:09:39:14 +0800] "GET /xingrg/kc/buy/cgsh_order_operate.html?command=get_materiel&rest_code=00149&code=00101027058&supplier_code=00100019&order_time=2023-01-29 HTTP/1.1" 200 493
116.230.105.139 - - [29/Jan/2023:09:39:14 +0800] "GET /xingrg/all/function/internal_message.html?_=1674956361709&CODE_STATE=getMsg HTTP/1.1" 200 27
101.83.240.224 - - [29/Jan/2023:09:39:25 +0800] "GET /xingrg/kc/buy/cgsh_order_operate.html?command=get_materiel&rest_code=00149&code=00101028011&supplier_code=00100019&order_time=2023-01-29 HTTP/1.1" 200 454
116.192.124.172 - - [29/Jan/2023:09:39:25 +0800] "GET /xingrg/all/function/internal_message.html?_=1674956372551&CODE_STATE=getMsg HTTP/1.1" 200 27
101.229.22.234 - - [29/Jan/2023:09:39:34 +0800] "GET /xingrg/all/function/internal_message.html?_=1674956380080&CODE_STATE=getMsg HTTP/1.1" 200 27
116.235.244.242 - - [29/Jan/2023:09:39:40 +0800] "GET /xingrg/all/function/internal_message.html?_=1674956389480&CODE_STATE=getMsg HTTP/1.1" 200 27
101.83.240.224 - - [29/Jan/2023:09:39:40 +0800] "GET /xingrg/kc/buy/cgsh_order_operate.html?command=get_materiel&rest_code=00149&code=00101028044&supplier_code=00100019&order_time=2023-01-29 HTTP/1.1" 200 440
116.192.124.172 - - [29/Jan/2023:09:39:41 +0800] "GET /xingrg/kc/buy/cgsh_order_operate.html?command=get_materiel&rest_code=00102&code=00101010522&supplier_code=00100008&order_time=2023-01-29 HTTP/1.1" 200 422
114.83.222.182 - - [29/Jan/2023:09:39:51 +0800] "GET /xingrg/all/function/internal_message.html?_=1674956496138&CODE_STATE=getMsg HTTP/1.1" 200 27
120.253.135.82 - - [29/Jan/2023:09:39:51 +0800] "GET /xingrg/all/function/internal_message.html?_=1674956216779&CODE_STATE=getMsg HTTP/1.1" 200 27
101.83.145.75 - - [29/Jan/2023:09:39:53 +0800] "GET /xingrg/all/function/internal_message.html?_=1674956400389&CODE_STATE=getMsg HTTP/1.1" 200 27
101.83.240.224 - - [29/Jan/2023:09:40:04 +0800] "GET /xingrg/kc/buy/cgsh_order_operate.html?command=get_materiel&rest_code=00149&code=00101029017&supplier_code=00100019&order_time=2023-01-29 HTTP/1.1" 200 446
116.192.124.172 - - [29/Jan/2023:09:40:07 +0800] "POST /xingrg/kc/buy/cgsh_order_operate.html HTTP/1.1" 200 37
116.192.124.172 - - [29/Jan/2023:09:40:10 +0800] "POST /xingrg/kc/buy/cgsh_order_operate.html HTTP/1.1" 200 12
101.83.240.224 - - [29/Jan/2023:09:40:11 +0800] "GET /xingrg/all/function/internal_message.html?_=1674956418962&CODE_STATE=getMsg HTTP/1.1" 200 27
116.192.124.172 - - [29/Jan/2023:09:40:12 +0800] "GET /xingrg/kc/buy/cgsh_order_info.html?code=212023012907335 HTTP/1.1" 200 64693
116.192.124.172 - - [29/Jan/2023:09:40:12 +0800] "GET /xingrg/javascript/easyui/themes/default/validatebox.css HTTP/1.1" 404 1104
116.192.124.172 - - [29/Jan/2023:09:40:13 +0800] "POST /xingrg/kc/buy/cgsh_order_operate.html HTTP/1.1" 200 12452
116.230.105.139 - - [29/Jan/2023:09:40:14 +0800] "GET /xingrg/all/function/internal_message.html?_=1674956421727&CODE_STATE=getMsg HTTP/1.1" 200 27
116.192.124.172 - - [29/Jan/2023:09:40:25 +0800] "GET /xingrg/check_reg.html?_=1674956432554 HTTP/1.1" 200 22
116.192.124.172 - - [29/Jan/2023:09:40:25 +0800] "GET /xingrg/all/function/internal_message.html?_=1674956432555&CODE_STATE=getMsg HTTP/1.1" 200 27
101.229.22.234 - - [29/Jan/2023:09:40:34 +0800] "GET /xingrg/all/function/internal_message.html?_=1674956440067&CODE_STATE=getMsg HTTP/1.1" 200 27
101.83.240.224 - - [29/Jan/2023:09:40:35 +0800] "GET /xingrg/kc/buy/cgsh_order_operate.html?command=get_materiel&rest_code=00149&code=00101027013&supplier_code=00100019&order_time=2023-01-29 HTTP/1.1" 200 432
116.235.244.242 - - [29/Jan/2023:09:40:40 +0800] "GET /xingrg/check_reg.html?_=1674956449245 HTTP/1.1" 200 22
116.235.244.242 - - [29/Jan/2023:09:40:40 +0800] "GET /xingrg/all/function/internal_message.html?_=1674956449493&CODE_STATE=getMsg HTTP/1.1" 200 27
114.83.222.182 - - [29/Jan/2023:09:40:51 +0800] "GET /xingrg/all/function/internal_message.html?_=1674956556156&CODE_STATE=getMsg HTTP/1.1" 200 27
120.253.135.82 - - [29/Jan/2023:09:40:51 +0800] "GET /xingrg/check_reg.html?_=1674956276574 HTTP/1.1" 200 22
120.253.135.82 - - [29/Jan/2023:09:40:51 +0800] "GET /xingrg/all/function/internal_message.html?_=1674956276790&CODE_STATE=getMsg HTTP/1.1" 200 27
101.83.145.75 - - [29/Jan/2023:09:40:53 +0800] "GET /xingrg/all/function/internal_message.html?_=1674956460402&CODE_STATE=getMsg HTTP/1.1" 200 27
101.83.240.224 - - [29/Jan/2023:09:40:56 +0800] "GET /xingrg/kc/buy/cgsh_order_operate.html?command=get_materiel&rest_code=00149&code=00101027056&supplier_code=00100019&order_time=2023-01-29 HTTP/1.1" 200 458
101.83.240.224 - - [29/Jan/2023:09:41:11 +0800] "GET /xingrg/all/function/internal_message.html?_=1674956478959&CODE_STATE=getMsg HTTP/1.1" 200 27
101.83.240.224 - - [29/Jan/2023:09:41:11 +0800] "GET /xingrg/check_reg.html?_=1674956478964 HTTP/1.1" 200 22
116.230.105.139 - - [29/Jan/2023:09:41:14 +0800] "GET /xingrg/all/function/internal_message.html?_=1674956481721&CODE_STATE=getMsg HTTP/1.1" 200 27
101.83.240.224 - - [29/Jan/2023:09:41:15 +0800] "GET /xingrg/kc/buy/cgsh_order_operate.html?command=get_materiel&rest_code=00149&code=00101024088&supplier_code=00100019&order_time=2023-01-29 HTTP/1.1" 200 445
116.192.124.172 - - [29/Jan/2023:09:41:25 +0800] "GET /xingrg/all/function/internal_message.html?_=1674956492562&CODE_STATE=getMsg HTTP/1.1" 200 27
101.229.22.234 - - [29/Jan/2023:09:41:34 +0800] "GET /xingrg/all/function/internal_message.html?_=1674956500068&CODE_STATE=getMsg HTTP/1.1" 200 27
116.192.124.172 - - [29/Jan/2023:09:41:40 +0800] "POST /xingrg/services/DataTransmitService HTTP/1.1" 200 524
116.235.244.242 - - [29/Jan/2023:09:41:40 +0800] "GET /xingrg/all/function/internal_message.html?_=1674956509508&CODE_STATE=getMsg HTTP/1.1" 200 27
101.83.240.224 - - [29/Jan/2023:09:41:43 +0800] "GET /xingrg/kc/buy/cgsh_order_operate.html?command=get_materiel&rest_code=00149&code=00101029025&supplier_code=00100019&order_time=2023-01-29 HTTP/1.1" 200 442
114.83.222.182 - - [29/Jan/2023:09:41:51 +0800] "GET /xingrg/all/function/internal_message.html?_=1674956616128&CODE_STATE=getMsg HTTP/1.1" 200 27
120.253.135.82 - - [29/Jan/2023:09:41:51 +0800] "GET /xingrg/all/function/internal_message.html?_=1674956336805&CODE_STATE=getMsg HTTP/1.1" 200 27
101.83.145.75 - - [29/Jan/2023:09:41:53 +0800] "GET /xingrg/all/function/internal_message.html?_=1674956520395&CODE_STATE=getMsg HTTP/1.1" 200 27
124.78.154.177 - - [29/Jan/2023:09:42:04 +0800] "GET /xingrg/login.html HTTP/1.1" 200 7641
124.78.154.177 - - [29/Jan/2023:09:42:06 +0800] "GET /favicon.ico HTTP/1.1" 404 -
101.83.240.224 - - [29/Jan/2023:09:42:06 +0800] "POST /xingrg/kc/buy/cgsh_order_operate.html HTTP/1.1" 200 37
124.78.154.177 - - [29/Jan/2023:09:42:07 +0800] "POST /xingrg/login.do HTTP/1.1" 302 -
124.78.154.177 - - [29/Jan/2023:09:42:07 +0800] "GET /xingrg/index.html?sysBaseUrl=http%3A%2F%2F180.169.147.146%3A18081%2Fxingrg%2F&costTime=43×tamp=1674956527928 HTTP/1.1" 200 17173
124.78.154.177 - - [29/Jan/2023:09:42:08 +0800] "GET /favicon.ico HTTP/1.1" 404 -
124.78.154.177 - - [29/Jan/2023:09:42:08 +0800] "POST /xingrg/all/common/load_tree.html?tree=area_rest_tree_json&manage=1 HTTP/1.1" 200 342
124.78.154.177 - - [29/Jan/2023:09:42:08 +0800] "GET /xingrg/all/function/internal_message.html?_=1674956535627&CODE_STATE=count HTTP/1.1" 200 11
124.78.154.177 - - [29/Jan/2023:09:42:08 +0800] "GET /xingrg/check_reg.html?_=1674956535628 HTTP/1.1" 200 22
124.78.154.177 - - [29/Jan/2023:09:42:08 +0800] "POST /xingrg/load_menu.html HTTP/1.1" 200 5138
124.78.154.177 - - [29/Jan/2023:09:42:10 +0800] "GET /xingrg/kc/buy/buy_main.html HTTP/1.1" 200 12412
124.78.154.177 - - [29/Jan/2023:09:42:10 +0800] "GET /xingrg/css/new_ie.css HTTP/1.1" 404 1036
101.83.240.224 - - [29/Jan/2023:09:42:11 +0800] "GET /xingrg/all/function/internal_message.html?_=1674956538964&CODE_STATE=getMsg HTTP/1.1" 200 27
124.78.154.177 - - [29/Jan/2023:09:42:11 +0800] "GET /xingrg/images/yd/bt.gif HTTP/1.1" 404 1040
124.78.154.177 - - [29/Jan/2023:09:42:12 +0800] "GET /xingrg/kc/buy/cgsh_order_list.html HTTP/1.1" 200 53976
101.83.240.224 - - [29/Jan/2023:09:42:13 +0800] "POST /xingrg/kc/buy/cgsh_order_operate.html HTTP/1.1" 200 12
116.230.105.139 - - [29/Jan/2023:09:42:14 +0800] "GET /xingrg/check_reg.html?_=1674956541721 HTTP/1.1" 200 22
116.230.105.139 - - [29/Jan/2023:09:42:14 +0800] "GET /xingrg/all/function/internal_message.html?_=1674956541722&CODE_STATE=getMsg HTTP/1.1" 200 27
124.78.154.177 - - [29/Jan/2023:09:42:15 +0800] "POST /xingrg/kc/buy/cgsh_list_operate.html HTTP/1.1" 200 986
101.83.240.224 - - [29/Jan/2023:09:42:16 +0800] "GET /xingrg/kc/buy/cgsh_order_info.html?code=212023012907336 HTTP/1.1" 200 64746
101.83.240.224 - - [29/Jan/2023:09:42:16 +0800] "GET /xingrg/javascript/easyui/themes/default/validatebox.css HTTP/1.1" 404 1104
124.78.154.177 - - [29/Jan/2023:09:42:16 +0800] "GET /xingrg/kc/buy/cgsh_order_add.html HTTP/1.1" 200 69758
124.78.154.177 - - [29/Jan/2023:09:42:16 +0800] "GET /xingrg/words/20230127094515_words.js HTTP/1.1" 304 -
124.78.154.177 - - [29/Jan/2023:09:42:17 +0800] "GET /xingrg/all/common/auto_word.html?type=employee&rest_code=00106 HTTP/1.1" 200 205
124.78.154.177 - - [29/Jan/2023:09:42:17 +0800] "POST /xingrg/kc/buy/cgsh_order_operate.html HTTP/1.1" 200 8245
101.83.240.224 - - [29/Jan/2023:09:42:17 +0800] "POST /xingrg/kc/buy/cgsh_order_operate.html HTTP/1.1" 200 5660
124.78.154.177 - - [29/Jan/2023:09:42:17 +0800] "GET /xingrg/all/common/auto_word.html?type=employee&rest_code=00106 HTTP/1.1" 200 205
124.78.154.177 - - [29/Jan/2023:09:42:17 +0800] "GET /xingrg/javascript/easyui/themes/default/validatebox.css HTTP/1.1" 404 1104
124.78.154.177 - - [29/Jan/2023:09:42:18 +0800] "GET /xingrg/kc/mdqp/qp_main.html HTTP/1.1" 200 10633
124.78.154.177 - - [29/Jan/2023:09:42:18 +0800] "GET /xingrg/images/yd/bt.gif HTTP/1.1" 404 1040
124.78.154.177 - - [29/Jan/2023:09:42:19 +0800] "GET /xingrg/kc/mdqp/pssh_order_list.html HTTP/1.1" 200 17885
124.78.154.177 - - [29/Jan/2023:09:42:19 +0800] "POST /xingrg/kc/mdqp/pssh_list_operate.html HTTP/1.1" 200 5408
124.78.154.177 - - [29/Jan/2023:09:42:23 +0800] "POST /xingrg/kc/mdqp/pssh_list_operate.html HTTP/1.1" 200 748
101.83.240.224 - - [29/Jan/2023:09:42:24 +0800] "GET /xingrg/kc/print/load_data.html?order_code=212023012907336&kc_code=cgsh&condition= HTTP/1.1" 200 2886
116.192.124.172 - - [29/Jan/2023:09:42:25 +0800] "GET /xingrg/all/function/internal_message.html?_=1674956552557&CODE_STATE=getMsg HTTP/1.1" 200 27
124.78.154.177 - - [29/Jan/2023:09:42:29 +0800] "POST /xingrg/kc/mdqp/pssh_list_operate.html HTTP/1.1" 200 375
101.229.22.234 - - [29/Jan/2023:09:42:34 +0800] "GET /xingrg/all/function/internal_message.html?_=1674956560067&CODE_STATE=getMsg HTTP/1.1" 200 27
101.229.22.234 - - [29/Jan/2023:09:42:34 +0800] "GET /xingrg/check_reg.html?_=1674956560071 HTTP/1.1" 200 22
124.78.154.177 - - [29/Jan/2023:09:42:40 +0800] "GET /xingrg/kc/mdqp/pssh_order_info.html?code=312023011600342 HTTP/1.1" 200 17244
124.78.154.177 - - [29/Jan/2023:09:42:40 +0800] "GET /xingrg/javascript/jquery_tools/jquery-1.4.2.min.js HTTP/1.1" 404 1094
116.235.244.242 - - [29/Jan/2023:09:42:40 +0800] "GET /xingrg/all/function/internal_message.html?_=1674956569520&CODE_STATE=getMsg HTTP/1.1" 200 27
124.78.154.177 - - [29/Jan/2023:09:42:41 +0800] "GET /xingrg/all/common/auto_word.html?type=base&rest_code=00106&rest_code=00106 HTTP/1.1" 200 1799
124.78.154.177 - - [29/Jan/2023:09:42:41 +0800] "POST /xingrg/kc/mdqp/pssh_order_operate.html HTTP/1.1" 200 3612
124.78.154.177 - - [29/Jan/2023:09:42:41 +0800] "GET /xingrg/javascript/easyui/themes/default/validatebox.css HTTP/1.1" 404 1104
114.83.222.182 - - [29/Jan/2023:09:42:51 +0800] "GET /xingrg/all/function/internal_message.html?_=1674956676139&CODE_STATE=getMsg HTTP/1.1" 200 27
120.253.135.82 - - [29/Jan/2023:09:42:52 +0800] "GET /xingrg/all/function/internal_message.html?_=1674956396817&CODE_STATE=getMsg HTTP/1.1" 200 27
101.83.145.75 - - [29/Jan/2023:09:42:53 +0800] "GET /xingrg/all/function/internal_message.html?_=1674956580389&CODE_STATE=getMsg HTTP/1.1" 200 27
124.78.154.177 - - [29/Jan/2023:09:42:54 +0800] "POST /xingrg/kc/mdqp/pssh_list_operate.html HTTP/1.1" 200 1576
124.78.154.177 - - [29/Jan/2023:09:42:54 +0800] "POST /xingrg/kc/mdqp/pssh_list_operate.html HTTP/1.1" 200 1576
124.78.154.177 - - [29/Jan/2023:09:42:57 +0800] "POST /xingrg/kc/mdqp/pssh_list_operate.html HTTP/1.1" 200 748
124.78.154.177 - - [29/Jan/2023:09:42:59 +0800] "GET /xingrg/kc/buy/buy_main.html HTTP/1.1" 200 12412
124.78.154.177 - - [29/Jan/2023:09:42:59 +0800] "GET /xingrg/css/new_ie.css HTTP/1.1" 404 1036
101.83.240.224 - - [29/Jan/2023:09:42:59 +0800] "GET /xingrg/kc/buy/cgsh_order_add.html HTTP/1.1" 200 69846
101.83.240.224 - - [29/Jan/2023:09:42:59 +0800] "POST /xingrg/kc/buy/cgsh_order_operate.html HTTP/1.1" 200 8245
101.83.240.224 - - [29/Jan/2023:09:42:59 +0800] "GET /xingrg/javascript/easyui/themes/default/validatebox.css HTTP/1.1" 404 1104
124.78.154.177 - - [29/Jan/2023:09:42:59 +0800] "GET /xingrg/images/yd/bt.gif HTTP/1.1" 404 1040
124.78.154.177 - - [29/Jan/2023:09:43:00 +0800] "GET /xingrg/kc/buy/cgsh_order_list.html HTTP/1.1" 200 53976
124.78.154.177 - - [29/Jan/2023:09:43:01 +0800] "POST /xingrg/kc/buy/cgsh_list_operate.html HTTP/1.1" 200 986
116.192.124.172 - - [29/Jan/2023:09:43:01 +0800] "GET /xingrg/kc/buy/cgsh_order_add.html HTTP/1.1" 200 69793
116.192.124.172 - - [29/Jan/2023:09:43:02 +0800] "POST /xingrg/kc/buy/cgsh_order_operate.html HTTP/1.1" 200 8245
116.192.124.172 - - [29/Jan/2023:09:43:02 +0800] "GET /xingrg/javascript/easyui/themes/default/validatebox.css HTTP/1.1" 404 1104
124.78.154.177 - - [29/Jan/2023:09:43:04 +0800] "GET /xingrg/kc/buy/cgsh_order_add.html HTTP/1.1" 200 69758
124.78.154.177 - - [29/Jan/2023:09:43:04 +0800] "GET /xingrg/javascript/easyui/themes/default/validatebox.css HTTP/1.1" 404 1104
124.78.154.177 - - [29/Jan/2023:09:43:04 +0800] "POST /xingrg/kc/buy/cgsh_order_operate.html HTTP/1.1" 200 8245
124.78.154.177 - - [29/Jan/2023:09:43:06 +0800] "GET /xingrg/javascript/easyui/themes/default/tree.css HTTP/1.1" 404 1090
124.78.154.177 - - [29/Jan/2023:09:43:06 +0800] "POST /xingrg/all/common/load_tree.html?tree=supplier_tree_json&isDelete=1 HTTP/1.1" 200 70604
124.78.154.177 - - [29/Jan/2023:09:43:08 +0800] "GET /xingrg/all/function/internal_message.html?_=1674956595643&CODE_STATE=getMsg HTTP/1.1" 200 27
180.163.28.68 - - [29/Jan/2023:09:43:08 +0800] "GET /xingrg/check_reg.html?_=1674956535628 HTTP/1.1" 302 -
180.163.29.217 - - [29/Jan/2023:09:43:09 +0800] "GET /xingrg/all/function/internal_message.html?_=1674956535627&CODE_STATE=count HTTP/1.1" 302 -
180.163.28.68 - - [29/Jan/2023:09:43:09 +0800] "GET /xingrg/login.html HTTP/1.1" 200 7641
180.163.29.217 - - [29/Jan/2023:09:43:09 +0800] "GET /xingrg/login.html HTTP/1.1" 200 7641
101.83.240.224 - - [29/Jan/2023:09:43:09 +0800] "GET /xingrg/kc/buy/cgsh_order_operate.html?command=get_materiel&rest_code=00149&code=00101009045&supplier_code=00100201&order_time=2023-01-29 HTTP/1.1" 200 412
180.163.28.109 - - [29/Jan/2023:09:43:10 +0800] "GET /xingrg/kc/buy/buy_main.html HTTP/1.1" 302 -
101.83.240.224 - - [29/Jan/2023:09:43:11 +0800] "GET /xingrg/all/function/internal_message.html?_=1674956598970&CODE_STATE=getMsg HTTP/1.1" 200 27
180.163.28.114 - - [29/Jan/2023:09:43:12 +0800] "GET /xingrg/index.html?sysBaseUrl=http://180.169.147.146:18081/xingrg/&costTime=43×tamp=1674956527928 HTTP/1.1" 302 -
180.163.28.114 - - [29/Jan/2023:09:43:12 +0800] "GET /xingrg/login.html HTTP/1.1" 200 7641
180.163.28.109 - - [29/Jan/2023:09:43:13 +0800] "GET /xingrg/login.html HTTP/1.1" 200 7641
116.230.105.139 - - [29/Jan/2023:09:43:14 +0800] "GET /xingrg/all/function/internal_message.html?_=1674956601721&CODE_STATE=getMsg HTTP/1.1" 200 27
180.163.29.212 - - [29/Jan/2023:09:43:16 +0800] "GET /xingrg/kc/buy/cgsh_order_add.html HTTP/1.1" 302 -
180.163.29.212 - - [29/Jan/2023:09:43:16 +0800] "GET /xingrg/login.html HTTP/1.1" 200 7641
180.163.30.27 - - [29/Jan/2023:09:43:18 +0800] "GET /xingrg/kc/mdqp/qp_main.html HTTP/1.1" 302 -
180.163.30.27 - - [29/Jan/2023:09:43:18 +0800] "GET /xingrg/login.html HTTP/1.1" 200 7641
180.163.30.100 - - [29/Jan/2023:09:43:22 +0800] "GET /xingrg/kc/mdqp/pssh_order_list.html HTTP/1.1" 302 -
180.163.30.100 - - [29/Jan/2023:09:43:22 +0800] "GET /xingrg/login.html HTTP/1.1" 200 7641
101.83.240.224 - - [29/Jan/2023:09:43:23 +0800] "GET /xingrg/kc/buy/cgsh_order_operate.html?command=get_materiel&rest_code=00149&code=00101009122&supplier_code=00100201&order_time=2023-01-29 HTTP/1.1" 200 405
124.78.154.177 - - [29/Jan/2023:09:43:23 +0800] "GET /xingrg/javascript/auto/indicator.gif HTTP/1.1" 404 1066
116.192.124.172 - - [29/Jan/2023:09:43:25 +0800] "GET /xingrg/all/function/internal_message.html?_=1674956612560&CODE_STATE=getMsg HTTP/1.1" 200 27
124.78.154.177 - - [29/Jan/2023:09:43:28 +0800] "GET /xingrg/kc/buy/cgsh_order_operate.html?command=get_materiel&rest_code=00106&code=00101008234&supplier_code=00100007&order_time=2023-01-29 HTTP/1.1" 200 408
101.229.22.234 - - [29/Jan/2023:09:43:34 +0800] "GET /xingrg/all/function/internal_message.html?_=1674956620072&CODE_STATE=getMsg HTTP/1.1" 200 27
124.78.154.177 - - [29/Jan/2023:09:43:37 +0800] "GET /xingrg/kc/buy/cgsh_order_operate.html?command=get_materiel&rest_code=00106&code=00101008148&supplier_code=00100007&order_time=2023-01-29 HTTP/1.1" 200 416
180.163.29.79 - - [29/Jan/2023:09:43:40 +0800] "GET /xingrg/kc/mdqp/pssh_order_info.html?code=312023011600342 HTTP/1.1" 302 -
180.163.29.79 - - [29/Jan/2023:09:43:40 +0800] "GET /xingrg/login.html HTTP/1.1" 200 7641
116.235.244.242 - - [29/Jan/2023:09:43:40 +0800] "GET /xingrg/all/function/internal_message.html?_=1674956629539&CODE_STATE=getMsg HTTP/1.1" 200 27
180.163.30.27 - - [29/Jan/2023:09:43:41 +0800] "GET /xingrg/all/common/auto_word.html?type=base&rest_code=00106&rest_code=00106 HTTP/1.1" 302 -
180.163.30.27 - - [29/Jan/2023:09:43:41 +0800] "GET /xingrg/login.html HTTP/1.1" 200 7641
101.83.240.224 - - [29/Jan/2023:09:43:42 +0800] "POST /xingrg/kc/buy/cgsh_order_operate.html HTTP/1.1" 200 37
124.78.154.177 - - [29/Jan/2023:09:43:45 +0800] "GET /xingrg/kc/buy/cgsh_order_operate.html?command=get_materiel&rest_code=00106&code=00101008264&supplier_code=00100007&order_time=2023-01-29 HTTP/1.1" 200 412
116.238.139.35 - - [29/Jan/2023:09:43:47 +0800] "GET /xingrg/login.html HTTP/1.1" 200 7641
101.83.240.224 - - [29/Jan/2023:09:43:47 +0800] "POST /xingrg/kc/buy/cgsh_order_operate.html HTTP/1.1" 200 12
116.238.139.35 - - [29/Jan/2023:09:43:48 +0800] "GET /xingrg/images/blue/jxLogo.png HTTP/1.1" 304 -
116.238.139.35 - - [29/Jan/2023:09:43:48 +0800] "GET /xingrg/images/blue/srbg.png HTTP/1.1" 304 -
116.238.139.35 - - [29/Jan/2023:09:43:48 +0800] "GET /favicon.ico HTTP/1.1" 404 -
116.238.139.35 - - [29/Jan/2023:09:43:51 +0800] "GET /xingrg/images/blue/login_bg.png HTTP/1.1" 304 -
116.238.139.35 - - [29/Jan/2023:09:43:51 +0800] "GET /xingrg/images/blue/hj.png HTTP/1.1" 304 -
101.83.240.224 - - [29/Jan/2023:09:43:51 +0800] "GET /xingrg/kc/buy/cgsh_order_info.html?code=212023012907337 HTTP/1.1" 200 64748
116.238.139.35 - - [29/Jan/2023:09:43:51 +0800] "POST /xingrg/login.do HTTP/1.1" 302 -
116.238.139.35 - - [29/Jan/2023:09:43:51 +0800] "GET /xingrg/javascript/jquery_easy_ui/themes/default/easyui.css HTTP/1.1" 304 -
116.238.139.35 - - [29/Jan/2023:09:43:51 +0800] "GET /xingrg/css/form.css HTTP/1.1" 304 -
114.83.222.182 - - [29/Jan/2023:09:43:51 +0800] "GET /xingrg/all/function/internal_message.html?_=1674956736143&CODE_STATE=getMsg HTTP/1.1" 200 27
116.238.139.35 - - [29/Jan/2023:09:43:51 +0800] "GET /xingrg/index.html?sysBaseUrl=http%3A%2F%2F180.169.147.146%3A18081%2Fxingrg%2F&costTime=43×tamp=1674956631455 HTTP/1.1" 200 17179
114.83.222.182 - - [29/Jan/2023:09:43:51 +0800] "GET /xingrg/check_reg.html?_=1674956736144 HTTP/1.1" 200 22
116.238.139.35 - - [29/Jan/2023:09:43:51 +0800] "GET /xingrg/javascript/jquery-1.4.2.min.js HTTP/1.1" 304 -
116.238.139.35 - - [29/Jan/2023:09:43:51 +0800] "GET /favicon.ico HTTP/1.1" 404 -
116.238.139.35 - - [29/Jan/2023:09:43:51 +0800] "GET /xingrg/javascript/jquery_easy_ui/jquery.easyui.min.js HTTP/1.1" 304 -
101.83.240.224 - - [29/Jan/2023:09:43:51 +0800] "GET /xingrg/javascript/easyui/themes/default/validatebox.css HTTP/1.1" 404 1104
116.238.139.35 - - [29/Jan/2023:09:43:51 +0800] "GET /xingrg/javascript/jquery.form.js HTTP/1.1" 304 -
116.238.139.35 - - [29/Jan/2023:09:43:51 +0800] "GET /xingrg/javascript/jquery_easy_ui/themes/icon.css HTTP/1.1" 304 -
120.253.135.82 - - [29/Jan/2023:09:43:52 +0800] "GET /xingrg/all/function/internal_message.html?_=1674956456911&CODE_STATE=getMsg HTTP/1.1" 200 27
101.83.240.224 - - [29/Jan/2023:09:43:52 +0800] "POST /xingrg/kc/buy/cgsh_order_operate.html HTTP/1.1" 200 1191
101.83.145.75 - - [29/Jan/2023:09:43:53 +0800] "GET /xingrg/all/function/internal_message.html?_=1674956640400&CODE_STATE=getMsg HTTP/1.1" 200 27
101.83.145.75 - - [29/Jan/2023:09:43:53 +0800] "GET /xingrg/check_reg.html?_=1674956640403 HTTP/1.1" 200 22
124.78.154.177 - - [29/Jan/2023:09:43:53 +0800] "GET /xingrg/kc/buy/cgsh_order_operate.html?command=get_materiel&rest_code=00106&code=00101008356&supplier_code=00100007&order_time=2023-01-29 HTTP/1.1" 200 408
116.238.139.35 - - [29/Jan/2023:09:43:54 +0800] "GET /xingrg/javascript/jquery.utils.js HTTP/1.1" 304 -
116.238.139.35 - - [29/Jan/2023:09:43:54 +0800] "GET /xingrg/javascript/jquery_easy_ui/easyui-lang-zh_CN.js HTTP/1.1" 304 -
101.83.240.224 - - [29/Jan/2023:09:43:54 +0800] "GET /xingrg/kc/print/load_data.html?order_code=212023012907337&kc_code=cgsh&condition= HTTP/1.1" 200 936
116.238.139.35 - - [29/Jan/2023:09:43:57 +0800] "GET /xingrg/javascript/jquery.timers.js HTTP/1.1" 304 -
116.238.139.35 - - [29/Jan/2023:09:43:57 +0800] "GET /xingrg/images/blue/navBackgound.jpg HTTP/1.1" 304 -
116.238.139.35 - - [29/Jan/2023:09:43:57 +0800] "GET /xingrg/javascript/jquery_easy_ui/themes/icons/settle_new.png HTTP/1.1" 304 -
116.238.139.35 - - [29/Jan/2023:09:43:57 +0800] "GET /xingrg/images/blue/pingpu.png HTTP/1.1" 304 -
116.238.139.35 - - [29/Jan/2023:09:43:57 +0800] "POST /xingrg/all/common/load_tree.html?tree=area_rest_tree_json&manage=1 HTTP/1.1" 200 476
116.238.139.35 - - [29/Jan/2023:09:43:57 +0800] "GET /xingrg/javascript/jquery_easy_ui/themes/default/images/tabs_leftarrow.png HTTP/1.1" 304 -
116.238.139.35 - - [29/Jan/2023:09:43:57 +0800] "GET /xingrg/javascript/jquery_easy_ui/themes/default/images/tabs_rightarrow.png HTTP/1.1" 304 -
116.238.139.35 - - [29/Jan/2023:09:43:57 +0800] "GET /xingrg/javascript/jquery_easy_ui/themes/default/images/panel_tool_collapse.gif HTTP/1.1" 304 -
116.238.139.35 - - [29/Jan/2023:09:43:57 +0800] "GET /xingrg/check_reg.html?_=1674956572655 HTTP/1.1" 200 22
116.238.139.35 - - [29/Jan/2023:09:43:57 +0800] "GET /xingrg/all/function/internal_message.html?_=1674956572654&CODE_STATE=count HTTP/1.1" 200 11
116.238.139.35 - - [29/Jan/2023:09:43:57 +0800] "GET /xingrg/javascript/jquery_easy_ui/themes/default/images/tree_arrows.gif HTTP/1.1" 304 -
116.238.139.35 - - [29/Jan/2023:09:43:57 +0800] "POST /xingrg/load_menu.html HTTP/1.1" 200 5138
116.238.139.35 - - [29/Jan/2023:09:43:57 +0800] "GET /xingrg/javascript/jquery_easy_ui/themes/default/images/tree_folder_open.gif HTTP/1.1" 304 -
116.238.139.35 - - [29/Jan/2023:09:43:57 +0800] "GET /xingrg/javascript/jquery_easy_ui/themes/icons/search_new.png HTTP/1.1" 304 -
116.238.139.35 - - [29/Jan/2023:09:43:57 +0800] "GET /xingrg/javascript/jquery_easy_ui/themes/default/images/tree_file.gif HTTP/1.1" 304 -
