101.83.145.75 - - [29/Jan/2023:07:31:52 +0800] "GET /xingrg/all/function/internal_message.html?_=1674948720213&CODE_STATE=getMsg HTTP/1.1" 200 27
116.230.105.139 - - [29/Jan/2023:07:32:14 +0800] "GET /xingrg/check_reg.html?_=1674948739855 HTTP/1.1" 200 22
116.230.105.139 - - [29/Jan/2023:07:32:14 +0800] "GET /xingrg/all/function/internal_message.html?_=1674948739860&CODE_STATE=getMsg HTTP/1.1" 200 27
101.83.145.75 - - [29/Jan/2023:07:32:52 +0800] "GET /xingrg/all/function/internal_message.html?_=1674948780210&CODE_STATE=getMsg HTTP/1.1" 200 27
116.230.105.139 - - [29/Jan/2023:07:33:14 +0800] "GET /xingrg/all/function/internal_message.html?_=1674948799847&CODE_STATE=getMsg HTTP/1.1" 200 27
101.80.229.13 - - [29/Jan/2023:07:33:19 +0800] "POST /xingrg/services/DataTransmitService HTTP/1.1" 200 524
101.80.229.13 - - [29/Jan/2023:07:33:20 +0800] "POST /xingrg/services/DataTransmitService HTTP/1.1" 200 412
101.83.145.75 - - [29/Jan/2023:07:33:52 +0800] "GET /xingrg/all/function/internal_message.html?_=1674948840211&CODE_STATE=getMsg HTTP/1.1" 200 27
101.83.145.75 - - [29/Jan/2023:07:33:52 +0800] "GET /xingrg/check_reg.html?_=1674948840213 HTTP/1.1" 200 22
116.230.105.139 - - [29/Jan/2023:07:34:14 +0800] "GET /xingrg/all/function/internal_message.html?_=1674948859860&CODE_STATE=getMsg HTTP/1.1" 200 27
101.83.145.75 - - [29/Jan/2023:07:34:52 +0800] "GET /xingrg/all/function/internal_message.html?_=1674948900207&CODE_STATE=getMsg HTTP/1.1" 200 27
116.230.105.139 - - [29/Jan/2023:07:35:14 +0800] "GET /xingrg/all/function/internal_message.html?_=1674948919853&CODE_STATE=getMsg HTTP/1.1" 200 27
101.83.145.75 - - [29/Jan/2023:07:35:52 +0800] "GET /xingrg/all/function/internal_message.html?_=1674948960200&CODE_STATE=getMsg HTTP/1.1" 200 27
116.230.105.139 - - [29/Jan/2023:07:36:14 +0800] "GET /xingrg/all/function/internal_message.html?_=1674948979872&CODE_STATE=getMsg HTTP/1.1" 200 27
101.83.145.75 - - [29/Jan/2023:07:36:52 +0800] "GET /xingrg/all/function/internal_message.html?_=1674949020210&CODE_STATE=getMsg HTTP/1.1" 200 27
116.230.105.139 - - [29/Jan/2023:07:37:14 +0800] "GET /xingrg/check_reg.html?_=1674949039864 HTTP/1.1" 200 22
116.230.105.139 - - [29/Jan/2023:07:37:14 +0800] "GET /xingrg/all/function/internal_message.html?_=1674949039865&CODE_STATE=getMsg HTTP/1.1" 200 27
101.83.145.75 - - [29/Jan/2023:07:37:52 +0800] "GET /xingrg/all/function/internal_message.html?_=1674949080230&CODE_STATE=getMsg HTTP/1.1" 200 27
116.230.105.139 - - [29/Jan/2023:07:38:14 +0800] "GET /xingrg/all/function/internal_message.html?_=1674949099865&CODE_STATE=getMsg HTTP/1.1" 200 27
101.83.145.75 - - [29/Jan/2023:07:38:52 +0800] "GET /xingrg/all/function/internal_message.html?_=1674949140226&CODE_STATE=getMsg HTTP/1.1" 200 27
101.83.145.75 - - [29/Jan/2023:07:38:52 +0800] "GET /xingrg/check_reg.html?_=1674949140228 HTTP/1.1" 200 22
116.230.105.139 - - [29/Jan/2023:07:39:14 +0800] "GET /xingrg/all/function/internal_message.html?_=1674949159868&CODE_STATE=getMsg HTTP/1.1" 200 27
101.83.145.75 - - [29/Jan/2023:07:39:52 +0800] "GET /xingrg/all/function/internal_message.html?_=1674949200238&CODE_STATE=getMsg HTTP/1.1" 200 27
116.230.105.139 - - [29/Jan/2023:07:40:14 +0800] "GET /xingrg/all/function/internal_message.html?_=1674949219860&CODE_STATE=getMsg HTTP/1.1" 200 27
101.83.145.75 - - [29/Jan/2023:07:40:52 +0800] "GET /xingrg/all/function/internal_message.html?_=1674949260234&CODE_STATE=getMsg HTTP/1.1" 200 27
116.230.105.139 - - [29/Jan/2023:07:41:14 +0800] "GET /xingrg/all/function/internal_message.html?_=1674949279859&CODE_STATE=getMsg HTTP/1.1" 200 27
101.83.145.75 - - [29/Jan/2023:07:41:52 +0800] "GET /xingrg/all/function/internal_message.html?_=1674949320228&CODE_STATE=getMsg HTTP/1.1" 200 27
116.230.105.139 - - [29/Jan/2023:07:42:14 +0800] "GET /xingrg/all/function/internal_message.html?_=1674949339864&CODE_STATE=getMsg HTTP/1.1" 200 27
116.230.105.139 - - [29/Jan/2023:07:42:14 +0800] "GET /xingrg/check_reg.html?_=1674949339865 HTTP/1.1" 200 22
101.83.145.75 - - [29/Jan/2023:07:42:52 +0800] "GET /xingrg/all/function/internal_message.html?_=1674949380236&CODE_STATE=getMsg HTTP/1.1" 200 27
116.230.105.139 - - [29/Jan/2023:07:43:14 +0800] "GET /xingrg/all/function/internal_message.html?_=1674949399853&CODE_STATE=getMsg HTTP/1.1" 200 27
101.83.145.75 - - [29/Jan/2023:07:43:52 +0800] "GET /xingrg/check_reg.html?_=1674949440232 HTTP/1.1" 200 22
101.83.145.75 - - [29/Jan/2023:07:43:52 +0800] "GET /xingrg/all/function/internal_message.html?_=1674949440234&CODE_STATE=getMsg HTTP/1.1" 200 27
116.230.105.139 - - [29/Jan/2023:07:44:14 +0800] "GET /xingrg/all/function/internal_message.html?_=1674949459866&CODE_STATE=getMsg HTTP/1.1" 200 27
101.83.145.75 - - [29/Jan/2023:07:44:52 +0800] "GET /xingrg/all/function/internal_message.html?_=1674949500227&CODE_STATE=getMsg HTTP/1.1" 200 27
116.230.105.139 - - [29/Jan/2023:07:45:14 +0800] "GET /xingrg/all/function/internal_message.html?_=1674949519863&CODE_STATE=getMsg HTTP/1.1" 200 27
101.83.145.75 - - [29/Jan/2023:07:45:52 +0800] "GET /xingrg/all/function/internal_message.html?_=1674949560238&CODE_STATE=getMsg HTTP/1.1" 200 27
116.230.105.139 - - [29/Jan/2023:07:46:14 +0800] "GET /xingrg/all/function/internal_message.html?_=1674949579857&CODE_STATE=getMsg HTTP/1.1" 200 27
114.88.159.190 - - [29/Jan/2023:07:46:34 +0800] "POST /xingrg/services/DataTransmitService HTTP/1.1" 200 524
222.70.181.49 - - [29/Jan/2023:07:46:37 +0800] "POST /xingrg/services/DataTransmitService HTTP/1.1" 200 524
101.83.145.75 - - [29/Jan/2023:07:46:52 +0800] "GET /xingrg/all/function/internal_message.html?_=1674949620235&CODE_STATE=getMsg HTTP/1.1" 200 27
116.230.105.139 - - [29/Jan/2023:07:47:14 +0800] "GET /xingrg/all/function/internal_message.html?_=1674949639849&CODE_STATE=getMsg HTTP/1.1" 200 27
116.230.105.139 - - [29/Jan/2023:07:47:14 +0800] "GET /xingrg/check_reg.html?_=1674949639852 HTTP/1.1" 200 22
101.83.145.75 - - [29/Jan/2023:07:47:52 +0800] "GET /xingrg/all/function/internal_message.html?_=1674949680234&CODE_STATE=getMsg HTTP/1.1" 200 27
116.230.105.139 - - [29/Jan/2023:07:48:14 +0800] "GET /xingrg/all/function/internal_message.html?_=1674949699858&CODE_STATE=getMsg HTTP/1.1" 200 27
101.83.145.75 - - [29/Jan/2023:07:48:42 +0800] "GET /xingrg/kc/buy/cgsh_order_list.html HTTP/1.1" 200 53976
101.83.145.75 - - [29/Jan/2023:07:48:43 +0800] "POST /xingrg/kc/buy/cgsh_list_operate.html HTTP/1.1" 200 986
101.83.145.75 - - [29/Jan/2023:07:48:44 +0800] "GET /xingrg/kc/buy/cgsh_order_add.html HTTP/1.1" 200 69840
101.83.145.75 - - [29/Jan/2023:07:48:44 +0800] "GET /xingrg/words/20230127094515_words.js HTTP/1.1" 304 -
101.83.145.75 - - [29/Jan/2023:07:48:44 +0800] "GET /xingrg/javascript/easyui/themes/default/validatebox.css HTTP/1.1" 404 1104
101.83.145.75 - - [29/Jan/2023:07:48:44 +0800] "GET /xingrg/all/common/auto_word.html?type=employee&rest_code=00105 HTTP/1.1" 200 193
101.83.145.75 - - [29/Jan/2023:07:48:44 +0800] "GET /xingrg/all/common/auto_word.html?type=employee&rest_code=00105 HTTP/1.1" 200 193
101.83.145.75 - - [29/Jan/2023:07:48:44 +0800] "POST /xingrg/kc/buy/cgsh_order_operate.html HTTP/1.1" 200 8245
101.83.145.75 - - [29/Jan/2023:07:48:45 +0800] "GET /xingrg/javascript/easyui/plugins/jquery.draggable.js HTTP/1.1" 200 6121
101.83.145.75 - - [29/Jan/2023:07:48:45 +0800] "GET /xingrg/javascript/easyui/plugins/jquery.droppable.js HTTP/1.1" 200 1167
101.83.145.75 - - [29/Jan/2023:07:48:45 +0800] "GET /xingrg/javascript/easyui/themes/default/tree.css HTTP/1.1" 404 1090
101.83.145.75 - - [29/Jan/2023:07:48:45 +0800] "GET /xingrg/javascript/easyui/plugins/jquery.tree.js HTTP/1.1" 200 20874
101.83.145.75 - - [29/Jan/2023:07:48:45 +0800] "POST /xingrg/all/common/load_tree.html?tree=supplier_tree_json&isDelete=1 HTTP/1.1" 200 70604
101.83.145.75 - - [29/Jan/2023:07:48:46 +0800] "GET /xingrg/javascript/easyui/themes/default/images/tree_file.gif HTTP/1.1" 200 118
101.83.145.75 - - [29/Jan/2023:07:48:46 +0800] "GET /xingrg/javascript/easyui/themes/default/images/tree_folder.gif HTTP/1.1" 200 952
101.83.145.75 - - [29/Jan/2023:07:48:46 +0800] "GET /xingrg/javascript/easyui/themes/default/images/tree_folder_open.gif HTTP/1.1" 200 956
101.83.145.75 - - [29/Jan/2023:07:48:46 +0800] "GET /xingrg/javascript/easyui/themes/default/images/tree_arrows.gif HTTP/1.1" 200 617
101.83.145.75 - - [29/Jan/2023:07:48:49 +0800] "GET /xingrg/javascript/auto/indicator.gif HTTP/1.1" 404 1066
101.83.145.75 - - [29/Jan/2023:07:48:52 +0800] "GET /xingrg/check_reg.html?_=1674949740265 HTTP/1.1" 200 22
101.83.145.75 - - [29/Jan/2023:07:48:52 +0800] "GET /xingrg/all/function/internal_message.html?_=1674949740267&CODE_STATE=getMsg HTTP/1.1" 200 27
101.83.145.75 - - [29/Jan/2023:07:48:54 +0800] "GET /xingrg/kc/buy/cgsh_order_operate.html?command=get_materiel&rest_code=00105&code=00101008277&supplier_code=&order_time=2023-01-29 HTTP/1.1" 200 412
124.78.154.177 - - [29/Jan/2023:07:48:58 +0800] "POST /xingrg/services/DataTransmitService HTTP/1.1" 200 524
101.83.145.75 - - [29/Jan/2023:07:49:09 +0800] "GET /xingrg/kc/buy/cgsh_order_operate.html?command=get_materiel&rest_code=00105&code=00101002027&supplier_code=&order_time=2023-01-29 HTTP/1.1" 200 413
116.230.105.139 - - [29/Jan/2023:07:49:14 +0800] "GET /xingrg/all/function/internal_message.html?_=1674949759853&CODE_STATE=getMsg HTTP/1.1" 200 27
101.83.145.75 - - [29/Jan/2023:07:49:20 +0800] "GET /xingrg/kc/buy/cgsh_order_operate.html?command=get_materiel&rest_code=00105&code=00101008080&supplier_code=&order_time=2023-01-29 HTTP/1.1" 200 417
101.83.145.75 - - [29/Jan/2023:07:49:28 +0800] "GET /xingrg/kc/buy/cgsh_order_operate.html?command=get_materiel&rest_code=00105&code=00101008003&supplier_code=&order_time=2023-01-29 HTTP/1.1" 200 408
101.83.145.75 - - [29/Jan/2023:07:49:50 +0800] "GET /xingrg/kc/buy/cgsh_order_operate.html?command=get_materiel&rest_code=00105&code=00101008067&supplier_code=&order_time=2023-01-29 HTTP/1.1" 200 416
101.83.145.75 - - [29/Jan/2023:07:49:52 +0800] "GET /xingrg/all/function/internal_message.html?_=1674949800244&CODE_STATE=getMsg HTTP/1.1" 200 27
101.83.145.75 - - [29/Jan/2023:07:50:02 +0800] "GET /xingrg/kc/buy/cgsh_order_operate.html?command=get_materiel&rest_code=00105&code=00101008230&supplier_code=&order_time=2023-01-29 HTTP/1.1" 200 408
116.230.105.139 - - [29/Jan/2023:07:50:14 +0800] "GET /xingrg/all/function/internal_message.html?_=1674949819864&CODE_STATE=getMsg HTTP/1.1" 200 27
101.83.145.75 - - [29/Jan/2023:07:50:15 +0800] "GET /xingrg/kc/buy/cgsh_order_operate.html?command=get_materiel&rest_code=00105&code=00101008005&supplier_code=&order_time=2023-01-29 HTTP/1.1" 200 412
101.83.145.75 - - [29/Jan/2023:07:50:52 +0800] "GET /xingrg/all/function/internal_message.html?_=1674949860240&CODE_STATE=getMsg HTTP/1.1" 200 27
101.83.145.75 - - [29/Jan/2023:07:51:09 +0800] "GET /xingrg/kc/buy/cgsh_order_operate.html?command=get_materiel&rest_code=00105&code=00101008291&supplier_code=&order_time=2023-01-29 HTTP/1.1" 200 408
116.230.105.139 - - [29/Jan/2023:07:51:14 +0800] "GET /xingrg/all/function/internal_message.html?_=1674949879862&CODE_STATE=getMsg HTTP/1.1" 200 27
101.83.145.75 - - [29/Jan/2023:07:51:52 +0800] "GET /xingrg/all/function/internal_message.html?_=1674949920300&CODE_STATE=getMsg HTTP/1.1" 200 27
116.230.105.139 - - [29/Jan/2023:07:52:14 +0800] "GET /xingrg/check_reg.html?_=1674949939856 HTTP/1.1" 200 22
116.230.105.139 - - [29/Jan/2023:07:52:14 +0800] "GET /xingrg/all/function/internal_message.html?_=1674949939860&CODE_STATE=getMsg HTTP/1.1" 200 27
101.83.145.75 - - [29/Jan/2023:07:52:32 +0800] "GET /xingrg/kc/buy/cgsh_order_operate.html?command=get_materiel&rest_code=00105&code=00101008230&supplier_code=00100203&order_time=2023-01-29 HTTP/1.1" 200 408
101.83.145.75 - - [29/Jan/2023:07:52:44 +0800] "GET /xingrg/kc/buy/cgsh_order_operate.html?command=get_materiel&rest_code=00105&code=00101008286&supplier_code=00100203&order_time=2023-01-29 HTTP/1.1" 200 408
101.83.145.75 - - [29/Jan/2023:07:52:53 +0800] "GET /xingrg/all/function/internal_message.html?_=1674949980281&CODE_STATE=getMsg HTTP/1.1" 200 27
101.83.145.75 - - [29/Jan/2023:07:52:53 +0800] "GET /xingrg/kc/buy/cgsh_order_operate.html?command=get_materiel&rest_code=00105&code=00101008275&supplier_code=00100203&order_time=2023-01-29 HTTP/1.1" 200 416
101.83.145.75 - - [29/Jan/2023:07:53:03 +0800] "GET /xingrg/kc/buy/cgsh_order_operate.html?command=get_materiel&rest_code=00105&code=00101008361&supplier_code=00100203&order_time=2023-01-29 HTTP/1.1" 200 408
116.230.105.139 - - [29/Jan/2023:07:53:14 +0800] "GET /xingrg/all/function/internal_message.html?_=1674949999863&CODE_STATE=getMsg HTTP/1.1" 200 27
101.83.145.75 - - [29/Jan/2023:07:53:19 +0800] "GET /xingrg/kc/buy/cgsh_order_operate.html?command=get_materiel&rest_code=00105&code=00101008610&supplier_code=00100203&order_time=2023-01-29 HTTP/1.1" 200 413
101.83.145.75 - - [29/Jan/2023:07:53:26 +0800] "GET /xingrg/kc/buy/cgsh_order_operate.html?command=get_materiel&rest_code=00105&code=00101008148&supplier_code=00100203&order_time=2023-01-29 HTTP/1.1" 200 416
116.235.93.82 - - [29/Jan/2023:07:53:29 +0800] "POST /xingrg/services/DataTransmitService HTTP/1.1" 200 524
116.235.93.82 - - [29/Jan/2023:07:53:29 +0800] "POST /xingrg/services/DataTransmitService HTTP/1.1" 200 412
101.83.145.75 - - [29/Jan/2023:07:53:43 +0800] "GET /xingrg/kc/buy/cgsh_order_operate.html?command=get_materiel&rest_code=00105&code=00101008024&supplier_code=00100203&order_time=2023-01-29 HTTP/1.1" 200 408
101.83.145.75 - - [29/Jan/2023:07:53:52 +0800] "GET /xingrg/check_reg.html?_=1674950040298 HTTP/1.1" 200 22
101.83.145.75 - - [29/Jan/2023:07:53:53 +0800] "GET /xingrg/all/function/internal_message.html?_=1674950040299&CODE_STATE=getMsg HTTP/1.1" 200 27
101.83.145.75 - - [29/Jan/2023:07:53:54 +0800] "GET /xingrg/kc/buy/cgsh_order_operate.html?command=get_materiel&rest_code=00105&code=00101008131&supplier_code=00100203&order_time=2023-01-29 HTTP/1.1" 200 408
101.83.145.75 - - [29/Jan/2023:07:54:01 +0800] "GET /xingrg/kc/buy/cgsh_order_operate.html?command=get_materiel&rest_code=00105&code=00101008318&supplier_code=00100203&order_time=2023-01-29 HTTP/1.1" 200 408
101.83.145.75 - - [29/Jan/2023:07:54:08 +0800] "GET /xingrg/kc/buy/cgsh_order_operate.html?command=get_materiel&rest_code=00105&code=00101008005&supplier_code=00100203&order_time=2023-01-29 HTTP/1.1" 200 412
116.230.105.139 - - [29/Jan/2023:07:54:14 +0800] "GET /xingrg/all/function/internal_message.html?_=1674950059853&CODE_STATE=getMsg HTTP/1.1" 200 27
101.83.145.75 - - [29/Jan/2023:07:54:16 +0800] "GET /xingrg/kc/buy/cgsh_order_operate.html?command=get_materiel&rest_code=00105&code=00101008353&supplier_code=00100203&order_time=2023-01-29 HTTP/1.1" 200 408
101.83.145.75 - - [29/Jan/2023:07:54:24 +0800] "GET /xingrg/kc/buy/cgsh_order_operate.html?command=get_materiel&rest_code=00105&code=00101010528&supplier_code=00100203&order_time=2023-01-29 HTTP/1.1" 200 410
101.83.145.75 - - [29/Jan/2023:07:54:32 +0800] "GET /xingrg/kc/buy/cgsh_order_operate.html?command=get_materiel&rest_code=00105&code=00101008027&supplier_code=00100203&order_time=2023-01-29 HTTP/1.1" 200 408
101.83.145.75 - - [29/Jan/2023:07:54:44 +0800] "GET /xingrg/kc/buy/cgsh_order_operate.html?command=get_materiel&rest_code=00105&code=00101008080&supplier_code=00100203&order_time=2023-01-29 HTTP/1.1" 200 417
101.83.145.75 - - [29/Jan/2023:07:54:53 +0800] "GET /xingrg/all/function/internal_message.html?_=1674950100364&CODE_STATE=getMsg HTTP/1.1" 200 27
101.83.145.75 - - [29/Jan/2023:07:54:53 +0800] "GET /xingrg/kc/buy/cgsh_order_operate.html?command=get_materiel&rest_code=00105&code=00101008244&supplier_code=00100203&order_time=2023-01-29 HTTP/1.1" 200 408
101.83.145.75 - - [29/Jan/2023:07:55:00 +0800] "GET /xingrg/kc/buy/cgsh_order_operate.html?command=get_materiel&rest_code=00105&code=00101008003&supplier_code=00100203&order_time=2023-01-29 HTTP/1.1" 200 408
101.83.145.75 - - [29/Jan/2023:07:55:13 +0800] "GET /xingrg/kc/buy/cgsh_order_operate.html?command=get_materiel&rest_code=00105&code=00101008209&supplier_code=00100203&order_time=2023-01-29 HTTP/1.1" 200 408
116.230.105.139 - - [29/Jan/2023:07:55:14 +0800] "GET /xingrg/all/function/internal_message.html?_=1674950119859&CODE_STATE=getMsg HTTP/1.1" 200 27
101.83.145.75 - - [29/Jan/2023:07:55:52 +0800] "GET /xingrg/all/function/internal_message.html?_=1674950160249&CODE_STATE=getMsg HTTP/1.1" 200 27
101.83.145.75 - - [29/Jan/2023:07:55:53 +0800] "GET /xingrg/kc/buy/cgsh_order_operate.html?command=get_materiel&rest_code=00105&code=00101008251&supplier_code=00100203&order_time=2023-01-29 HTTP/1.1" 200 408
101.83.145.75 - - [29/Jan/2023:07:56:13 +0800] "GET /xingrg/kc/buy/cgsh_order_operate.html?command=get_materiel&rest_code=00105&code=00101008357&supplier_code=00100203&order_time=2023-01-29 HTTP/1.1" 200 408
116.230.105.139 - - [29/Jan/2023:07:56:14 +0800] "GET /xingrg/all/function/internal_message.html?_=1674950179849&CODE_STATE=getMsg HTTP/1.1" 200 27
101.83.145.75 - - [29/Jan/2023:07:56:21 +0800] "POST /xingrg/kc/buy/cgsh_order_operate.html HTTP/1.1" 200 2065
101.83.145.75 - - [29/Jan/2023:07:56:23 +0800] "POST /xingrg/kc/buy/cgsh_order_operate.html HTTP/1.1" 200 2065
101.83.145.75 - - [29/Jan/2023:07:56:24 +0800] "POST /xingrg/kc/buy/cgsh_order_operate.html HTTP/1.1" 200 2065
101.83.145.75 - - [29/Jan/2023:07:56:49 +0800] "GET /xingrg/kc/buy/cgsh_order_operate.html?command=get_materiel&rest_code=00105&code=00101008108&supplier_code=00100203&order_time=2023-01-29 HTTP/1.1" 200 412
101.83.145.75 - - [29/Jan/2023:07:56:53 +0800] "GET /xingrg/all/function/internal_message.html?_=1674950220338&CODE_STATE=getMsg HTTP/1.1" 200 27
101.83.240.224 - - [29/Jan/2023:07:57:10 +0800] "POST /xingrg/services/DataTransmitService HTTP/1.1" 200 524
116.230.105.139 - - [29/Jan/2023:07:57:14 +0800] "GET /xingrg/all/function/internal_message.html?_=1674950239864&CODE_STATE=getMsg HTTP/1.1" 200 27
116.230.105.139 - - [29/Jan/2023:07:57:14 +0800] "GET /xingrg/check_reg.html?_=1674950239867 HTTP/1.1" 200 22
101.83.145.75 - - [29/Jan/2023:07:57:19 +0800] "GET /xingrg/kc/buy/cgsh_order_operate.html?command=get_materiel&rest_code=00105&code=00101008213&supplier_code=00100203&order_time=2023-01-29 HTTP/1.1" 200 412
101.83.145.75 - - [29/Jan/2023:07:57:34 +0800] "GET /xingrg/kc/buy/cgsh_order_operate.html?command=get_materiel&rest_code=00105&code=00101008291&supplier_code=00100203&order_time=2023-01-29 HTTP/1.1" 200 408
101.83.145.75 - - [29/Jan/2023:07:57:49 +0800] "GET /xingrg/kc/buy/cgsh_order_operate.html?command=get_materiel&rest_code=00105&code=00101008114&supplier_code=00100203&order_time=2023-01-29 HTTP/1.1" 200 413
101.83.145.75 - - [29/Jan/2023:07:57:52 +0800] "GET /xingrg/all/function/internal_message.html?_=1674950280246&CODE_STATE=getMsg HTTP/1.1" 200 27
101.83.145.75 - - [29/Jan/2023:07:58:02 +0800] "GET /xingrg/kc/buy/cgsh_order_operate.html?command=get_materiel&rest_code=00105&code=00101008405&supplier_code=00100203&order_time=2023-01-29 HTTP/1.1" 200 413
101.83.145.75 - - [29/Jan/2023:07:58:10 +0800] "GET /xingrg/kc/buy/cgsh_order_operate.html?command=get_materiel&rest_code=00105&code=00101008568&supplier_code=00100203&order_time=2023-01-29 HTTP/1.1" 200 412
116.230.105.139 - - [29/Jan/2023:07:58:14 +0800] "GET /xingrg/all/function/internal_message.html?_=1674950299868&CODE_STATE=getMsg HTTP/1.1" 200 27
101.83.145.75 - - [29/Jan/2023:07:58:17 +0800] "GET /xingrg/kc/buy/cgsh_order_operate.html?command=get_materiel&rest_code=00105&code=00101008509&supplier_code=00100203&order_time=2023-01-29 HTTP/1.1" 200 409
101.83.145.75 - - [29/Jan/2023:07:58:27 +0800] "GET /xingrg/kc/buy/cgsh_order_operate.html?command=get_materiel&rest_code=00105&code=00101008277&supplier_code=00100203&order_time=2023-01-29 HTTP/1.1" 200 412
101.83.145.75 - - [29/Jan/2023:07:58:37 +0800] "GET /xingrg/kc/buy/cgsh_order_operate.html?command=get_materiel&rest_code=00105&code=00101008261&supplier_code=00100203&order_time=2023-01-29 HTTP/1.1" 200 408
101.83.145.75 - - [29/Jan/2023:07:58:49 +0800] "GET /xingrg/kc/buy/cgsh_order_operate.html?command=get_materiel&rest_code=00105&code=00101008072&supplier_code=00100203&order_time=2023-01-29 HTTP/1.1" 200 408
101.83.145.75 - - [29/Jan/2023:07:58:53 +0800] "GET /xingrg/check_reg.html?_=1674950340340 HTTP/1.1" 200 22
101.83.145.75 - - [29/Jan/2023:07:58:53 +0800] "GET /xingrg/all/function/internal_message.html?_=1674950340339&CODE_STATE=getMsg HTTP/1.1" 200 27
101.83.145.75 - - [29/Jan/2023:07:58:58 +0800] "GET /xingrg/kc/buy/cgsh_order_operate.html?command=get_materiel&rest_code=00105&code=00101008087&supplier_code=00100203&order_time=2023-01-29 HTTP/1.1" 200 412
116.238.139.35 - - [29/Jan/2023:07:59:02 +0800] "POST /xingrg/services/DataTransmitService HTTP/1.1" 200 524
101.83.145.75 - - [29/Jan/2023:07:59:11 +0800] "GET /xingrg/kc/buy/cgsh_order_operate.html?command=get_materiel&rest_code=00105&code=00101008067&supplier_code=00100203&order_time=2023-01-29 HTTP/1.1" 200 416
116.230.105.139 - - [29/Jan/2023:07:59:14 +0800] "GET /xingrg/all/function/internal_message.html?_=1674950359871&CODE_STATE=getMsg HTTP/1.1" 200 27
101.83.145.75 - - [29/Jan/2023:07:59:18 +0800] "GET /xingrg/kc/buy/cgsh_order_operate.html?command=get_materiel&rest_code=00105&code=00101008321&supplier_code=00100203&order_time=2023-01-29 HTTP/1.1" 200 412
101.83.145.75 - - [29/Jan/2023:07:59:32 +0800] "GET /xingrg/kc/buy/cgsh_order_operate.html?command=get_materiel&rest_code=00105&code=00101019525&supplier_code=00100203&order_time=2023-01-29 HTTP/1.1" 200 421
101.83.145.75 - - [29/Jan/2023:07:59:53 +0800] "GET /xingrg/all/function/internal_message.html?_=1674950400343&CODE_STATE=getMsg HTTP/1.1" 200 27
101.83.145.75 - - [29/Jan/2023:07:59:57 +0800] "POST /xingrg/kc/buy/cgsh_order_operate.html HTTP/1.1" 200 37
101.83.145.75 - - [29/Jan/2023:08:00:01 +0800] "POST /xingrg/kc/buy/cgsh_order_operate.html HTTP/1.1" 200 22748
116.230.105.139 - - [29/Jan/2023:08:00:14 +0800] "GET /xingrg/all/function/internal_message.html?_=1674950419871&CODE_STATE=getMsg HTTP/1.1" 200 27
101.83.145.75 - - [29/Jan/2023:08:00:28 +0800] "POST /xingrg/kc/buy/cgsh_order_operate.html HTTP/1.1" 200 37
101.83.145.75 - - [29/Jan/2023:08:00:30 +0800] "POST /xingrg/kc/buy/cgsh_order_operate.html HTTP/1.1" 200 22748
101.83.145.75 - - [29/Jan/2023:08:00:31 +0800] "GET /xingrg/kc/buy/cgsh_order_add.html HTTP/1.1" 200 69840
101.83.145.75 - - [29/Jan/2023:08:00:32 +0800] "GET /xingrg/javascript/easyui/themes/default/validatebox.css HTTP/1.1" 404 1104
101.83.145.75 - - [29/Jan/2023:08:00:32 +0800] "POST /xingrg/kc/buy/cgsh_order_operate.html HTTP/1.1" 200 8245
101.83.145.75 - - [29/Jan/2023:08:00:43 +0800] "GET /xingrg/kc/buy/cgsh_order_operate.html?command=get_materiel&rest_code=00105&code=00101007061&supplier_code=00100002&order_time=2023-01-29 HTTP/1.1" 200 409
101.83.145.75 - - [29/Jan/2023:08:00:53 +0800] "GET /xingrg/all/function/internal_message.html?_=1674950460339&CODE_STATE=getMsg HTTP/1.1" 200 27
101.83.145.75 - - [29/Jan/2023:08:00:55 +0800] "POST /xingrg/kc/buy/cgsh_order_operate.html HTTP/1.1" 200 37
101.83.145.75 - - [29/Jan/2023:08:00:57 +0800] "POST /xingrg/kc/buy/cgsh_order_operate.html HTTP/1.1" 200 2653
101.83.145.75 - - [29/Jan/2023:08:00:58 +0800] "GET /xingrg/kc/print/load_config.html?kc_code=cgsh HTTP/1.1" 200 1943
101.83.145.75 - - [29/Jan/2023:08:00:58 +0800] "GET /xingrg/kc/print/load_data.html?order_code=212023012907329&kc_code=cgsh&condition= HTTP/1.1" 200 742
116.230.105.139 - - [29/Jan/2023:08:01:14 +0800] "GET /xingrg/all/function/internal_message.html?_=1674950479867&CODE_STATE=getMsg HTTP/1.1" 200 27
101.83.145.75 - - [29/Jan/2023:08:01:53 +0800] "GET /xingrg/all/function/internal_message.html?_=1674950520390&CODE_STATE=getMsg HTTP/1.1" 200 27
116.230.105.139 - - [29/Jan/2023:08:02:14 +0800] "GET /xingrg/all/function/internal_message.html?_=1674950539860&CODE_STATE=getMsg HTTP/1.1" 200 27
116.230.105.139 - - [29/Jan/2023:08:02:14 +0800] "GET /xingrg/check_reg.html?_=1674950539863 HTTP/1.1" 200 22
101.83.145.75 - - [29/Jan/2023:08:02:52 +0800] "GET /xingrg/all/function/internal_message.html?_=1674950580300&CODE_STATE=getMsg HTTP/1.1" 200 27
116.230.105.139 - - [29/Jan/2023:08:03:14 +0800] "GET /xingrg/all/function/internal_message.html?_=1674950599854&CODE_STATE=getMsg HTTP/1.1" 200 27
101.83.145.75 - - [29/Jan/2023:08:03:52 +0800] "GET /xingrg/all/function/internal_message.html?_=1674950640268&CODE_STATE=getMsg HTTP/1.1" 200 27
101.83.145.75 - - [29/Jan/2023:08:03:53 +0800] "GET /xingrg/check_reg.html?_=1674950640331 HTTP/1.1" 200 22
116.230.105.139 - - [29/Jan/2023:08:04:14 +0800] "GET /xingrg/all/function/internal_message.html?_=1674950659867&CODE_STATE=getMsg HTTP/1.1" 200 27
101.83.145.75 - - [29/Jan/2023:08:04:52 +0800] "GET /xingrg/all/function/internal_message.html?_=1674950700268&CODE_STATE=getMsg HTTP/1.1" 200 27
116.230.105.139 - - [29/Jan/2023:08:05:14 +0800] "GET /xingrg/all/function/internal_message.html?_=1674950719868&CODE_STATE=getMsg HTTP/1.1" 200 27
101.83.145.75 - - [29/Jan/2023:08:05:52 +0800] "GET /xingrg/all/function/internal_message.html?_=1674950760267&CODE_STATE=getMsg HTTP/1.1" 200 27
116.230.105.139 - - [29/Jan/2023:08:06:14 +0800] "GET /xingrg/all/function/internal_message.html?_=1674950779860&CODE_STATE=getMsg HTTP/1.1" 200 27
101.83.145.75 - - [29/Jan/2023:08:06:52 +0800] "GET /xingrg/all/function/internal_message.html?_=1674950820266&CODE_STATE=getMsg HTTP/1.1" 200 27
116.230.105.139 - - [29/Jan/2023:08:07:14 +0800] "GET /xingrg/all/function/internal_message.html?_=1674950839858&CODE_STATE=getMsg HTTP/1.1" 200 27
116.230.105.139 - - [29/Jan/2023:08:07:14 +0800] "GET /xingrg/check_reg.html?_=1674950839859 HTTP/1.1" 200 22
101.83.145.75 - - [29/Jan/2023:08:07:52 +0800] "GET /xingrg/all/function/internal_message.html?_=1674950880265&CODE_STATE=getMsg HTTP/1.1" 200 27
116.230.105.139 - - [29/Jan/2023:08:08:14 +0800] "GET /xingrg/all/function/internal_message.html?_=1674950899860&CODE_STATE=getMsg HTTP/1.1" 200 27
101.83.145.75 - - [29/Jan/2023:08:08:52 +0800] "GET /xingrg/all/function/internal_message.html?_=1674950940265&CODE_STATE=getMsg HTTP/1.1" 200 27
101.83.145.75 - - [29/Jan/2023:08:08:52 +0800] "GET /xingrg/check_reg.html?_=1674950940299 HTTP/1.1" 200 22
116.230.105.139 - - [29/Jan/2023:08:09:14 +0800] "GET /xingrg/all/function/internal_message.html?_=1674950959853&CODE_STATE=getMsg HTTP/1.1" 200 27
101.83.145.75 - - [29/Jan/2023:08:09:52 +0800] "GET /xingrg/all/function/internal_message.html?_=1674951000267&CODE_STATE=getMsg HTTP/1.1" 200 27
116.230.105.139 - - [29/Jan/2023:08:10:14 +0800] "GET /xingrg/all/function/internal_message.html?_=1674951019866&CODE_STATE=getMsg HTTP/1.1" 200 27
101.83.145.75 - - [29/Jan/2023:08:10:52 +0800] "GET /xingrg/all/function/internal_message.html?_=1674951060267&CODE_STATE=getMsg HTTP/1.1" 200 27
116.230.105.139 - - [29/Jan/2023:08:11:14 +0800] "GET /xingrg/all/function/internal_message.html?_=1674951079857&CODE_STATE=getMsg HTTP/1.1" 200 27
116.192.124.172 - - [29/Jan/2023:08:11:40 +0800] "POST /xingrg/services/DataTransmitService HTTP/1.1" 200 524
101.83.145.75 - - [29/Jan/2023:08:11:52 +0800] "GET /xingrg/all/function/internal_message.html?_=1674951120267&CODE_STATE=getMsg HTTP/1.1" 200 27
116.230.105.139 - - [29/Jan/2023:08:12:14 +0800] "GET /xingrg/all/function/internal_message.html?_=1674951139859&CODE_STATE=getMsg HTTP/1.1" 200 27
116.230.105.139 - - [29/Jan/2023:08:12:14 +0800] "GET /xingrg/check_reg.html?_=1674951139862 HTTP/1.1" 200 22
101.83.145.75 - - [29/Jan/2023:08:12:52 +0800] "GET /xingrg/all/function/internal_message.html?_=1674951180267&CODE_STATE=getMsg HTTP/1.1" 200 27
116.230.105.139 - - [29/Jan/2023:08:13:14 +0800] "GET /xingrg/all/function/internal_message.html?_=1674951199851&CODE_STATE=getMsg HTTP/1.1" 200 27
101.83.145.75 - - [29/Jan/2023:08:13:52 +0800] "GET /xingrg/all/function/internal_message.html?_=1674951240267&CODE_STATE=getMsg HTTP/1.1" 200 27
101.83.145.75 - - [29/Jan/2023:08:13:53 +0800] "GET /xingrg/check_reg.html?_=1674951240270 HTTP/1.1" 200 22
116.230.105.139 - - [29/Jan/2023:08:14:14 +0800] "GET /xingrg/all/function/internal_message.html?_=1674951259873&CODE_STATE=getMsg HTTP/1.1" 200 27
101.83.145.75 - - [29/Jan/2023:08:14:52 +0800] "GET /xingrg/all/function/internal_message.html?_=1674951300256&CODE_STATE=getMsg HTTP/1.1" 200 27
116.230.105.139 - - [29/Jan/2023:08:15:14 +0800] "GET /xingrg/all/function/internal_message.html?_=1674951319854&CODE_STATE=getMsg HTTP/1.1" 200 27
101.83.145.75 - - [29/Jan/2023:08:15:52 +0800] "GET /xingrg/all/function/internal_message.html?_=1674951360257&CODE_STATE=getMsg HTTP/1.1" 200 27
116.230.105.139 - - [29/Jan/2023:08:16:14 +0800] "GET /xingrg/all/function/internal_message.html?_=1674951379872&CODE_STATE=getMsg HTTP/1.1" 200 27
116.232.32.172 - - [29/Jan/2023:08:16:48 +0800] "POST /xingrg/services/DataTransmitService HTTP/1.1" 200 524
101.83.145.75 - - [29/Jan/2023:08:16:52 +0800] "GET /xingrg/all/function/internal_message.html?_=1674951420267&CODE_STATE=getMsg HTTP/1.1" 200 27
116.230.105.139 - - [29/Jan/2023:08:17:14 +0800] "GET /xingrg/check_reg.html?_=1674951439861 HTTP/1.1" 200 22
116.230.105.139 - - [29/Jan/2023:08:17:14 +0800] "GET /xingrg/all/function/internal_message.html?_=1674951439865&CODE_STATE=getMsg HTTP/1.1" 200 27
101.83.145.75 - - [29/Jan/2023:08:17:52 +0800] "GET /xingrg/all/function/internal_message.html?_=1674951480257&CODE_STATE=getMsg HTTP/1.1" 200 27
116.230.105.139 - - [29/Jan/2023:08:18:14 +0800] "GET /xingrg/all/function/internal_message.html?_=1674951499855&CODE_STATE=getMsg HTTP/1.1" 200 27
101.83.145.75 - - [29/Jan/2023:08:18:52 +0800] "GET /xingrg/all/function/internal_message.html?_=1674951540257&CODE_STATE=getMsg HTTP/1.1" 200 27
101.83.145.75 - - [29/Jan/2023:08:18:53 +0800] "GET /xingrg/check_reg.html?_=1674951540260 HTTP/1.1" 200 22
116.230.105.139 - - [29/Jan/2023:08:19:14 +0800] "GET /xingrg/all/function/internal_message.html?_=1674951559872&CODE_STATE=getMsg HTTP/1.1" 200 27
101.83.145.75 - - [29/Jan/2023:08:19:52 +0800] "GET /xingrg/all/function/internal_message.html?_=1674951600285&CODE_STATE=getMsg HTTP/1.1" 200 27
116.230.105.139 - - [29/Jan/2023:08:20:14 +0800] "GET /xingrg/all/function/internal_message.html?_=1674951619850&CODE_STATE=getMsg HTTP/1.1" 200 27
101.83.145.75 - - [29/Jan/2023:08:20:52 +0800] "GET /xingrg/all/function/internal_message.html?_=1674951660285&CODE_STATE=getMsg HTTP/1.1" 200 27
116.230.105.139 - - [29/Jan/2023:08:21:14 +0800] "GET /xingrg/all/function/internal_message.html?_=1674951679862&CODE_STATE=getMsg HTTP/1.1" 200 27
101.83.145.75 - - [29/Jan/2023:08:21:52 +0800] "GET /xingrg/all/function/internal_message.html?_=1674951720285&CODE_STATE=getMsg HTTP/1.1" 200 27
116.230.105.139 - - [29/Jan/2023:08:22:14 +0800] "GET /xingrg/check_reg.html?_=1674951739856 HTTP/1.1" 200 22
116.230.105.139 - - [29/Jan/2023:08:22:14 +0800] "GET /xingrg/all/function/internal_message.html?_=1674951739860&CODE_STATE=getMsg HTTP/1.1" 200 27
101.83.145.75 - - [29/Jan/2023:08:22:52 +0800] "GET /xingrg/all/function/internal_message.html?_=1674951780285&CODE_STATE=getMsg HTTP/1.1" 200 27
116.230.105.139 - - [29/Jan/2023:08:23:14 +0800] "GET /xingrg/all/function/internal_message.html?_=1674951799859&CODE_STATE=getMsg HTTP/1.1" 200 27
101.83.145.75 - - [29/Jan/2023:08:23:52 +0800] "GET /xingrg/all/function/internal_message.html?_=1674951840286&CODE_STATE=getMsg HTTP/1.1" 200 27
101.83.145.75 - - [29/Jan/2023:08:23:53 +0800] "GET /xingrg/check_reg.html?_=1674951840289 HTTP/1.1" 200 22
116.230.105.139 - - [29/Jan/2023:08:24:14 +0800] "GET /xingrg/all/function/internal_message.html?_=1674951859861&CODE_STATE=getMsg HTTP/1.1" 200 27
101.83.145.75 - - [29/Jan/2023:08:24:52 +0800] "GET /xingrg/all/function/internal_message.html?_=1674951900289&CODE_STATE=getMsg HTTP/1.1" 200 27
116.230.105.139 - - [29/Jan/2023:08:25:14 +0800] "GET /xingrg/all/function/internal_message.html?_=1674951919859&CODE_STATE=getMsg HTTP/1.1" 200 27
101.83.145.75 - - [29/Jan/2023:08:25:52 +0800] "GET /xingrg/all/function/internal_message.html?_=1674951960290&CODE_STATE=getMsg HTTP/1.1" 200 27
116.230.105.139 - - [29/Jan/2023:08:26:14 +0800] "GET /xingrg/all/function/internal_message.html?_=1674951979861&CODE_STATE=getMsg HTTP/1.1" 200 27
101.83.145.75 - - [29/Jan/2023:08:26:52 +0800] "GET /xingrg/all/function/internal_message.html?_=1674952020291&CODE_STATE=getMsg HTTP/1.1" 200 27
116.230.105.139 - - [29/Jan/2023:08:27:14 +0800] "GET /xingrg/check_reg.html?_=1674952039850 HTTP/1.1" 200 22
116.230.105.139 - - [29/Jan/2023:08:27:14 +0800] "GET /xingrg/all/function/internal_message.html?_=1674952039854&CODE_STATE=getMsg HTTP/1.1" 200 27
116.230.105.139 - - [29/Jan/2023:08:27:35 +0800] "POST /xingrg/services/DataTransmitService HTTP/1.1" 200 524
101.83.145.75 - - [29/Jan/2023:08:27:52 +0800] "GET /xingrg/all/function/internal_message.html?_=1674952080293&CODE_STATE=getMsg HTTP/1.1" 200 27
116.230.105.139 - - [29/Jan/2023:08:28:14 +0800] "GET /xingrg/all/function/internal_message.html?_=1674952099858&CODE_STATE=getMsg HTTP/1.1" 200 27
101.83.145.75 - - [29/Jan/2023:08:28:53 +0800] "GET /xingrg/check_reg.html?_=1674952140294 HTTP/1.1" 200 22
101.83.145.75 - - [29/Jan/2023:08:28:53 +0800] "GET /xingrg/all/function/internal_message.html?_=1674952140297&CODE_STATE=getMsg HTTP/1.1" 200 27
116.230.105.139 - - [29/Jan/2023:08:29:14 +0800] "GET /xingrg/all/function/internal_message.html?_=1674952159866&CODE_STATE=getMsg HTTP/1.1" 200 27
101.83.145.75 - - [29/Jan/2023:08:29:52 +0800] "GET /xingrg/all/function/internal_message.html?_=1674952200282&CODE_STATE=getMsg HTTP/1.1" 200 27
116.230.105.139 - - [29/Jan/2023:08:30:14 +0800] "GET /xingrg/all/function/internal_message.html?_=1674952219862&CODE_STATE=getMsg HTTP/1.1" 200 27
101.83.145.75 - - [29/Jan/2023:08:30:52 +0800] "GET /xingrg/all/function/internal_message.html?_=1674952260281&CODE_STATE=getMsg HTTP/1.1" 200 27
116.192.124.172 - - [29/Jan/2023:08:31:01 +0800] "GET /xingrg/check_reg.html?_=1674952268445 HTTP/1.1" 302 -
116.192.124.172 - - [29/Jan/2023:08:31:01 +0800] "GET /xingrg/login.html HTTP/1.1" 200 7641
116.192.124.172 - - [29/Jan/2023:08:31:03 +0800] "GET /xingrg/kc/base/wldb_order_list.html HTTP/1.1" 302 -
116.192.124.172 - - [29/Jan/2023:08:31:03 +0800] "GET /xingrg/login.html HTTP/1.1" 200 7641
116.192.124.172 - - [29/Jan/2023:08:31:03 +0800] "GET /xingrg/login.html HTTP/1.1" 200 7641
116.192.124.172 - - [29/Jan/2023:08:31:03 +0800] "GET /xingrg/images/blue/jxLogo.png HTTP/1.1" 200 6156
116.192.124.172 - - [29/Jan/2023:08:31:03 +0800] "GET /xingrg/images/blue/hj.png HTTP/1.1" 200 1014
116.192.124.172 - - [29/Jan/2023:08:31:03 +0800] "GET /xingrg/images/blue/srbg.png HTTP/1.1" 200 138
116.192.124.172 - - [29/Jan/2023:08:31:03 +0800] "GET /xingrg/images/blue/login_bg.png HTTP/1.1" 200 22101
116.192.124.172 - - [29/Jan/2023:08:31:03 +0800] "GET /favicon.ico HTTP/1.1" 404 -
116.192.124.172 - - [29/Jan/2023:08:31:04 +0800] "POST /xingrg/login.do HTTP/1.1" 302 -
116.192.124.172 - - [29/Jan/2023:08:31:04 +0800] "GET /xingrg/javascript/jquery_easy_ui/themes/icon.css HTTP/1.1" 200 3949
116.192.124.172 - - [29/Jan/2023:08:31:04 +0800] "GET /xingrg/javascript/jquery_easy_ui/easyui-lang-zh_CN.js HTTP/1.1" 200 1900
116.192.124.172 - - [29/Jan/2023:08:31:04 +0800] "GET /xingrg/index.html?sysBaseUrl=http%3A%2F%2F180.169.147.146%3A18081%2Fxingrg%2F&costTime=43×tamp=1674952264532 HTTP/1.1" 200 17173
116.192.124.172 - - [29/Jan/2023:08:31:04 +0800] "GET /xingrg/javascript/jquery.form.js HTTP/1.1" 200 23110
116.192.124.172 - - [29/Jan/2023:08:31:04 +0800] "GET /xingrg/javascript/jquery_easy_ui/jquery.easyui.min.js HTTP/1.1" 200 213662
116.192.124.172 - - [29/Jan/2023:08:31:04 +0800] "GET /xingrg/javascript/jquery.utils.js HTTP/1.1" 200 11805
116.192.124.172 - - [29/Jan/2023:08:31:04 +0800] "GET /xingrg/javascript/jquery.timers.js HTTP/1.1" 200 3532
116.192.124.172 - - [29/Jan/2023:08:31:04 +0800] "GET /xingrg/javascript/jquery_easy_ui/themes/default/easyui.css HTTP/1.1" 200 26500
116.192.124.172 - - [29/Jan/2023:08:31:04 +0800] "GET /favicon.ico HTTP/1.1" 404 -
116.192.124.172 - - [29/Jan/2023:08:31:04 +0800] "GET /xingrg/css/form.css HTTP/1.1" 200 893
116.192.124.172 - - [29/Jan/2023:08:31:04 +0800] "GET /xingrg/javascript/jquery-1.4.2.min.js HTTP/1.1" 200 72205
116.192.124.172 - - [29/Jan/2023:08:31:04 +0800] "GET /xingrg/javascript/jquery_easy_ui/themes/icons/settle_new.png HTTP/1.1" 200 826
116.192.124.172 - - [29/Jan/2023:08:31:04 +0800] "GET /xingrg/images/blue/navBackgound.jpg HTTP/1.1" 200 12378
116.192.124.172 - - [29/Jan/2023:08:31:04 +0800] "POST /xingrg/all/common/load_tree.html?tree=area_rest_tree_json&manage=1 HTTP/1.1" 200 342
116.192.124.172 - - [29/Jan/2023:08:31:04 +0800] "GET /xingrg/images/blue/pingpu.png HTTP/1.1" 200 231
116.192.124.172 - - [29/Jan/2023:08:31:04 +0800] "GET /xingrg/check_reg.html?_=1674952272229 HTTP/1.1" 200 22
116.192.124.172 - - [29/Jan/2023:08:31:04 +0800] "GET /xingrg/javascript/jquery_easy_ui/themes/default/images/tabs_rightarrow.png HTTP/1.1" 200 395
116.192.124.172 - - [29/Jan/2023:08:31:04 +0800] "GET /xingrg/javascript/jquery_easy_ui/themes/default/images/tabs_leftarrow.png HTTP/1.1" 200 389
116.192.124.172 - - [29/Jan/2023:08:31:04 +0800] "GET /xingrg/all/function/internal_message.html?_=1674952272227&CODE_STATE=count HTTP/1.1" 200 11
116.192.124.172 - - [29/Jan/2023:08:31:04 +0800] "GET /xingrg/javascript/jquery_easy_ui/themes/default/images/panel_tool_collapse.gif HTTP/1.1" 200 246
116.192.124.172 - - [29/Jan/2023:08:31:04 +0800] "POST /xingrg/load_menu.html HTTP/1.1" 200 5138
116.192.124.172 - - [29/Jan/2023:08:31:04 +0800] "GET /xingrg/javascript/jquery_easy_ui/themes/icons/storage_new.png HTTP/1.1" 200 853
116.192.124.172 - - [29/Jan/2023:08:31:04 +0800] "GET /xingrg/javascript/jquery_easy_ui/themes/default/images/tree_arrows.gif HTTP/1.1" 200 1043
116.192.124.172 - - [29/Jan/2023:08:31:04 +0800] "GET /xingrg/javascript/jquery_easy_ui/themes/icons/search_new.png HTTP/1.1" 200 586
116.192.124.172 - - [29/Jan/2023:08:31:04 +0800] "GET /xingrg/javascript/jquery_easy_ui/themes/default/images/tree_folder_open.gif HTTP/1.1" 200 956
116.192.124.172 - - [29/Jan/2023:08:31:04 +0800] "GET /xingrg/javascript/jquery_easy_ui/themes/default/images/tree_folder.gif HTTP/1.1" 200 952
116.192.124.172 - - [29/Jan/2023:08:31:04 +0800] "GET /xingrg/javascript/jquery_easy_ui/themes/icons/forms_new.png HTTP/1.1" 200 350
116.192.124.172 - - [29/Jan/2023:08:31:04 +0800] "GET /xingrg/javascript/jquery_easy_ui/themes/default/images/tree_file.gif HTTP/1.1" 200 118
116.192.124.172 - - [29/Jan/2023:08:31:07 +0800] "GET /xingrg/javascript/jquery_easy_ui/themes/default/images/tabs_close.gif HTTP/1.1" 200 829
116.192.124.172 - - [29/Jan/2023:08:31:07 +0800] "GET /xingrg/kc/base/wldb_order_list.html HTTP/1.1" 200 19139
116.192.124.172 - - [29/Jan/2023:08:31:07 +0800] "GET /xingrg/css/base.css HTTP/1.1" 200 2811
116.192.124.172 - - [29/Jan/2023:08:31:07 +0800] "GET /xingrg/css/site.css HTTP/1.1" 200 7541
116.192.124.172 - - [29/Jan/2023:08:31:07 +0800] "GET /xingrg/javascript/jquery_tools/datebox.css HTTP/1.1" 200 2597
116.192.124.172 - - [29/Jan/2023:08:31:07 +0800] "GET /xingrg/javascript/easyui/themes/icon.css HTTP/1.1" 200 4483
116.192.124.172 - - [29/Jan/2023:08:31:07 +0800] "GET /xingrg/javascript/jquery_tools/fix.css HTTP/1.1" 200 1702
116.192.124.172 - - [29/Jan/2023:08:31:07 +0800] "GET /xingrg/javascript/auto/jquery.autocomplete.css HTTP/1.1" 200 587
116.192.124.172 - - [29/Jan/2023:08:31:07 +0800] "GET /xingrg/javascript/jquery_tools/jquery.tools.min.js HTTP/1.1" 200 138801
116.192.124.172 - - [29/Jan/2023:08:31:07 +0800] "GET /xingrg/javascript/jquery_tools/table.css HTTP/1.1" 200 1032
116.192.124.172 - - [29/Jan/2023:08:31:07 +0800] "GET /xingrg/javascript/easyui/themes/default/easyui.css HTTP/1.1" 200 30432
116.192.124.172 - - [29/Jan/2023:08:31:07 +0800] "GET /xingrg/javascript/jquery_tools/jquery.tools.hotkey.js HTTP/1.1" 200 3242
116.192.124.172 - - [29/Jan/2023:08:31:07 +0800] "GET /xingrg/javascript/jquery_tools/jquery.tools.table.js HTTP/1.1" 200 6994
116.192.124.172 - - [29/Jan/2023:08:31:07 +0800] "GET /xingrg/javascript/jquery_tools/list_manager.js HTTP/1.1" 200 3652
116.192.124.172 - - [29/Jan/2023:08:31:07 +0800] "GET /xingrg/javascript/jquery_tools/jquery.tools.extend.js HTTP/1.1" 200 15385
116.192.124.172 - - [29/Jan/2023:08:31:07 +0800] "GET /xingrg/javascript/easyui/easyloader.js HTTP/1.1" 200 5975
116.192.124.172 - - [29/Jan/2023:08:31:07 +0800] "GET /xingrg/javascript/jquery.cookie.js HTTP/1.1" 200 5513
116.192.124.172 - - [29/Jan/2023:08:31:07 +0800] "GET /xingrg/javascript/print/LodopFuncs.js HTTP/1.1" 200 5121
116.192.124.172 - - [29/Jan/2023:08:31:07 +0800] "GET /xingrg/javascript/auto/jquery.autocomplete.js HTTP/1.1" 200 21624
116.192.124.172 - - [29/Jan/2023:08:31:07 +0800] "GET /xingrg/javascript/easyui/themes/icons/import_new.png HTTP/1.1" 200 1247
116.192.124.172 - - [29/Jan/2023:08:31:07 +0800] "GET /xingrg/javascript/easyui/themes/icons/field_new.png HTTP/1.1" 200 1097
116.192.124.172 - - [29/Jan/2023:08:31:07 +0800] "GET /xingrg/javascript/easyui/themes/icons/edit_add_new.png HTTP/1.1" 200 2997
116.192.124.172 - - [29/Jan/2023:08:31:07 +0800] "GET /xingrg/javascript/easyui/themes/icons/check_new.png HTTP/1.1" 200 3224
116.192.124.172 - - [29/Jan/2023:08:31:07 +0800] "GET /xingrg/javascript/easyui/themes/icons/cance_new.png HTTP/1.1" 200 3986
116.192.124.172 - - [29/Jan/2023:08:31:07 +0800] "GET /xingrg/javascript/easyui/plugins/jquery.parser.js HTTP/1.1" 200 1142
116.192.124.172 - - [29/Jan/2023:08:31:07 +0800] "GET /xingrg/images/control/ajaxLoader.gif HTTP/1.1" 200 4659
116.192.124.172 - - [29/Jan/2023:08:31:08 +0800] "POST /xingrg/kc/base/wldb_list_operate.html HTTP/1.1" 200 928
116.192.124.172 - - [29/Jan/2023:08:31:08 +0800] "GET /xingrg/javascript/easyui/themes/default/images/button_plain_hover.png HTTP/1.1" 200 144
116.192.124.172 - - [29/Jan/2023:08:31:09 +0800] "GET /xingrg/javascript/pic_change.js HTTP/1.1" 200 4739
116.192.124.172 - - [29/Jan/2023:08:31:09 +0800] "GET /xingrg/kc/base/wldb_order_add.html HTTP/1.1" 200 30418
116.192.124.172 - - [29/Jan/2023:08:31:09 +0800] "GET /xingrg/javascript/convert.js HTTP/1.1" 200 1239
116.192.124.172 - - [29/Jan/2023:08:31:09 +0800] "GET /xingrg/javascript/json2.js HTTP/1.1" 200 11259
116.192.124.172 - - [29/Jan/2023:08:31:09 +0800] "GET /xingrg/javascript/jquery_tools/order_manager.js HTTP/1.1" 200 11183
116.192.124.172 - - [29/Jan/2023:08:31:09 +0800] "GET /xingrg/javascript/print/kc_print.js HTTP/1.1" 200 11415
116.192.124.172 - - [29/Jan/2023:08:31:09 +0800] "GET /xingrg/words/20230127094515_words.js HTTP/1.1" 200 944508
116.192.124.172 - - [29/Jan/2023:08:31:09 +0800] "GET /xingrg/javascript/easyui/themes/icons/template_new.png HTTP/1.1" 200 3956
116.192.124.172 - - [29/Jan/2023:08:31:09 +0800] "GET /xingrg/javascript/easyui/themes/icons/ok.png HTTP/1.1" 200 883
116.192.124.172 - - [29/Jan/2023:08:31:09 +0800] "GET /xingrg/javascript/easyui/themes/icons/print.png HTTP/1.1" 200 1057
116.192.124.172 - - [29/Jan/2023:08:31:09 +0800] "GET /xingrg/javascript/easyui/themes/icons/cancel.png HTTP/1.1" 200 1133
116.192.124.172 - - [29/Jan/2023:08:31:09 +0800] "GET /xingrg/javascript/easyui/themes/default/images/menu_downarrow.png HTTP/1.1" 200 173
116.192.124.172 - - [29/Jan/2023:08:31:09 +0800] "POST /xingrg/kc/base/wldb_order_operate.html HTTP/1.1" 200 6806
116.192.124.172 - - [29/Jan/2023:08:31:09 +0800] "GET /xingrg/all/common/auto_word.html?type=base&rest_code=00102 HTTP/1.1" 200 1857
116.192.124.172 - - [29/Jan/2023:08:31:09 +0800] "GET /xingrg/all/common/auto_word.html?type=base&rest_code=00102 HTTP/1.1" 200 1857
116.192.124.172 - - [29/Jan/2023:08:31:09 +0800] "GET /xingrg/javascript/easyui/themes/default/validatebox.css HTTP/1.1" 404 1104
116.192.124.172 - - [29/Jan/2023:08:31:09 +0800] "GET /xingrg/javascript/easyui/plugins/jquery.validatebox.js HTTP/1.1" 200 6103
116.192.124.172 - - [29/Jan/2023:08:31:09 +0800] "GET /xingrg/javascript/easyui/plugins/jquery.numberbox.js HTTP/1.1" 200 5213
116.192.124.172 - - [29/Jan/2023:08:31:09 +0800] "GET /xingrg/javascript/easyui/themes/icons/edit_remove.png HTTP/1.1" 200 625
116.192.124.172 - - [29/Jan/2023:08:31:10 +0800] "GET /xingrg/css/images/panel_loading.gif HTTP/1.1" 200 1737
116.192.124.172 - - [29/Jan/2023:08:31:10 +0800] "POST /xingrg/all/common/load_combo.html?type=base HTTP/1.1" 200 3321
116.192.124.172 - - [29/Jan/2023:08:31:13 +0800] "GET /xingrg/javascript/auto/indicator.gif HTTP/1.1" 404 1066
116.230.105.139 - - [29/Jan/2023:08:31:14 +0800] "GET /xingrg/all/function/internal_message.html?_=1674952279857&CODE_STATE=getMsg HTTP/1.1" 200 27
116.192.124.172 - - [29/Jan/2023:08:31:16 +0800] "GET /xingrg/kc/base/wldb_order_operate.html?command=get_materiel&rest_code=00102&base_code=0010477&code=00102002117 HTTP/1.1" 200 431
116.192.124.172 - - [29/Jan/2023:08:31:23 +0800] "GET /xingrg/kc/base/wldb_order_operate.html?command=get_materiel&rest_code=00102&base_code=0010477&code=00102002198 HTTP/1.1" 200 451
116.192.124.172 - - [29/Jan/2023:08:31:41 +0800] "GET /xingrg/kc/base/wldb_order_operate.html?command=get_materiel&rest_code=00102&base_code=0010477&code=00102002550 HTTP/1.1" 200 439
101.83.145.75 - - [29/Jan/2023:08:31:47 +0800] "POST /xingrg/services/DataTransmitService HTTP/1.1" 200 524
101.83.145.75 - - [29/Jan/2023:08:31:52 +0800] "GET /xingrg/all/function/internal_message.html?_=1674952320282&CODE_STATE=getMsg HTTP/1.1" 200 27
116.192.124.172 - - [29/Jan/2023:08:31:54 +0800] "GET /xingrg/kc/base/wldb_order_operate.html?command=get_materiel&rest_code=00102&base_code=0010477&code=00102002572 HTTP/1.1" 200 437
116.192.124.172 - - [29/Jan/2023:08:32:02 +0800] "GET /xingrg/kc/base/wldb_order_operate.html?command=get_materiel&rest_code=00102&base_code=0010477&code=00102002992 HTTP/1.1" 200 437
116.192.124.172 - - [29/Jan/2023:08:32:04 +0800] "GET /xingrg/all/function/internal_message.html?_=1674952332254&CODE_STATE=getMsg HTTP/1.1" 200 27
116.230.105.139 - - [29/Jan/2023:08:32:14 +0800] "GET /xingrg/check_reg.html?_=1674952339872 HTTP/1.1" 200 22
116.230.105.139 - - [29/Jan/2023:08:32:14 +0800] "GET /xingrg/all/function/internal_message.html?_=1674952339875&CODE_STATE=getMsg HTTP/1.1" 200 27
116.192.124.172 - - [29/Jan/2023:08:32:19 +0800] "GET /xingrg/kc/base/wldb_order_operate.html?command=get_materiel&rest_code=00102&base_code=0010477&code=00102002270 HTTP/1.1" 200 431
116.192.124.172 - - [29/Jan/2023:08:32:26 +0800] "GET /xingrg/kc/base/wldb_order_operate.html?command=get_materiel&rest_code=00102&base_code=0010477&code=00102002269 HTTP/1.1" 200 434
101.83.145.75 - - [29/Jan/2023:08:32:52 +0800] "GET /xingrg/all/function/internal_message.html?_=1674952380282&CODE_STATE=getMsg HTTP/1.1" 200 27
116.192.124.172 - - [29/Jan/2023:08:33:04 +0800] "GET /xingrg/all/function/internal_message.html?_=1674952392242&CODE_STATE=getMsg HTTP/1.1" 200 27
116.230.105.139 - - [29/Jan/2023:08:33:14 +0800] "GET /xingrg/all/function/internal_message.html?_=1674952399853&CODE_STATE=getMsg HTTP/1.1" 200 27
101.83.145.75 - - [29/Jan/2023:08:33:44 +0800] "GET /xingrg/kc/buy/cgsh_order_list.html HTTP/1.1" 200 53976
101.83.145.75 - - [29/Jan/2023:08:33:46 +0800] "POST /xingrg/kc/buy/cgsh_list_operate.html HTTP/1.1" 200 2272
101.83.145.75 - - [29/Jan/2023:08:33:50 +0800] "POST /xingrg/kc/buy/cgsh_list_operate.html HTTP/1.1" 200 564
101.83.145.75 - - [29/Jan/2023:08:33:50 +0800] "GET /xingrg/kc/buy/cgsh_order_info.html?code=212023012907328 HTTP/1.1" 200 69843
101.83.145.75 - - [29/Jan/2023:08:33:50 +0800] "GET /xingrg/javascript/easyui/themes/default/validatebox.css HTTP/1.1" 404 1104
101.83.145.75 - - [29/Jan/2023:08:33:51 +0800] "POST /xingrg/kc/buy/cgsh_order_operate.html HTTP/1.1" 200 22748
101.83.145.75 - - [29/Jan/2023:08:33:53 +0800] "GET /xingrg/check_reg.html?_=1674952440365 HTTP/1.1" 200 22
101.83.145.75 - - [29/Jan/2023:08:33:53 +0800] "GET /xingrg/all/function/internal_message.html?_=1674952440365&CODE_STATE=getMsg HTTP/1.1" 200 27
101.83.145.75 - - [29/Jan/2023:08:33:53 +0800] "GET /xingrg/kc/print/load_data.html?order_code=212023012907328&kc_code=cgsh&condition= HTTP/1.1" 200 8241
116.192.124.172 - - [29/Jan/2023:08:33:56 +0800] "GET /xingrg/kc/base/wldb_order_operate.html?command=get_materiel&rest_code=00102&base_code=0010477&code=00102002197 HTTP/1.1" 200 459
101.83.145.75 - - [29/Jan/2023:08:33:56 +0800] "GET /xingrg/kc/buy/cgsh_order_add.html HTTP/1.1" 200 69840
101.83.145.75 - - [29/Jan/2023:08:33:57 +0800] "POST /xingrg/kc/buy/cgsh_order_operate.html HTTP/1.1" 200 8245
101.83.145.75 - - [29/Jan/2023:08:33:57 +0800] "GET /xingrg/javascript/easyui/themes/default/validatebox.css HTTP/1.1" 404 1104
116.192.124.172 - - [29/Jan/2023:08:34:03 +0800] "POST /xingrg/all/common/load_combo.html?type=base HTTP/1.1" 200 3321
116.192.124.172 - - [29/Jan/2023:08:34:04 +0800] "GET /xingrg/all/function/internal_message.html?_=1674952452233&CODE_STATE=getMsg HTTP/1.1" 200 27
101.83.145.75 - - [29/Jan/2023:08:34:07 +0800] "GET /xingrg/kc/buy/cgsh_order_operate.html?command=get_materiel&rest_code=00105&code=00101002027&supplier_code=00100397&order_time=2023-01-29 HTTP/1.1" 200 413
116.230.105.139 - - [29/Jan/2023:08:34:14 +0800] "GET /xingrg/all/function/internal_message.html?_=1674952459863&CODE_STATE=getMsg HTTP/1.1" 200 27
101.83.145.75 - - [29/Jan/2023:08:34:32 +0800] "GET /xingrg/kc/buy/cgsh_order_operate.html?command=get_materiel&rest_code=00105&code=00101021027&supplier_code=00100397&order_time=2023-01-29 HTTP/1.1" 200 414
116.192.124.172 - - [29/Jan/2023:08:34:42 +0800] "GET /xingrg/kc/base/wldb_order_operate.html?command=get_materiel&rest_code=00102&base_code=0010477&code=00102002685 HTTP/1.1" 200 458
116.192.124.172 - - [29/Jan/2023:08:34:44 +0800] "POST /xingrg/all/common/load_select.html HTTP/1.1" 200 25
