101.229.22.234 - - [23/Jan/2023:18:30:24 +0800] "GET /xingrg/all/function/internal_message.html?_=1674469834860&CODE_STATE=getMsg HTTP/1.1" 200 27
180.157.253.110 - - [23/Jan/2023:18:30:26 +0800] "GET /xingrg/all/function/internal_message.html?_=1674469838444&CODE_STATE=getMsg HTTP/1.1" 200 27
116.235.244.242 - - [23/Jan/2023:18:30:32 +0800] "GET /xingrg/all/function/internal_message.html?_=1674469848554&CODE_STATE=getMsg HTTP/1.1" 200 27
116.238.139.35 - - [23/Jan/2023:18:30:38 +0800] "GET /xingrg/all/function/internal_message.html?_=1674469850397&CODE_STATE=getMsg HTTP/1.1" 200 27
101.229.22.234 - - [23/Jan/2023:18:30:43 +0800] "POST /xingrg/dwr/call/plaincall/AjaxYddbService.saveMaterielItem.dwr HTTP/1.1" 200 78
101.83.145.75 - - [23/Jan/2023:18:30:56 +0800] "GET /xingrg/all/function/internal_message.html?_=1674469867268&CODE_STATE=getMsg HTTP/1.1" 200 27
101.229.22.234 - - [23/Jan/2023:18:31:01 +0800] "POST /xingrg/dwr/call/plaincall/AjaxComOrderService.getMaterielSearchList.dwr HTTP/1.1" 200 35341
101.229.22.234 - - [23/Jan/2023:18:31:03 +0800] "POST /xingrg/dwr/call/plaincall/AjaxComOrderService.getMaterielSearchList.dwr HTTP/1.1" 200 2609
180.162.115.82 - - [23/Jan/2023:18:31:05 +0800] "GET /xingrg/check_reg.html?_=1674468842969 HTTP/1.1" 200 22
180.162.115.82 - - [23/Jan/2023:18:31:05 +0800] "GET /xingrg/all/function/internal_message.html?_=1674468842972&CODE_STATE=getMsg HTTP/1.1" 200 27
101.229.22.234 - - [23/Jan/2023:18:31:06 +0800] "POST /xingrg/dwr/call/plaincall/AjaxYddbService.getMaterielByMap.dwr HTTP/1.1" 200 1560
101.229.22.234 - - [23/Jan/2023:18:31:11 +0800] "POST /xingrg/dwr/call/plaincall/AjaxYddbService.saveMaterielItem.dwr HTTP/1.1" 200 79
101.229.22.234 - - [23/Jan/2023:18:31:24 +0800] "GET /xingrg/check_reg.html?_=1674469894867 HTTP/1.1" 200 22
101.229.22.234 - - [23/Jan/2023:18:31:24 +0800] "GET /xingrg/all/function/internal_message.html?_=1674469894869&CODE_STATE=getMsg HTTP/1.1" 200 27
180.157.253.110 - - [23/Jan/2023:18:31:26 +0800] "GET /xingrg/all/function/internal_message.html?_=1674469898416&CODE_STATE=getMsg HTTP/1.1" 200 27
101.229.22.234 - - [23/Jan/2023:18:31:31 +0800] "POST /xingrg/dwr/call/plaincall/AjaxComOrderService.getMaterielSearchList.dwr HTTP/1.1" 200 29442
116.235.244.242 - - [23/Jan/2023:18:31:32 +0800] "GET /xingrg/all/function/internal_message.html?_=1674469908556&CODE_STATE=getMsg HTTP/1.1" 200 27
101.229.22.234 - - [23/Jan/2023:18:31:38 +0800] "POST /xingrg/dwr/call/plaincall/AjaxComOrderService.getMaterielSearchList.dwr HTTP/1.1" 200 77
116.238.139.35 - - [23/Jan/2023:18:31:38 +0800] "GET /xingrg/check_reg.html?_=1674469910405 HTTP/1.1" 200 22
116.238.139.35 - - [23/Jan/2023:18:31:38 +0800] "GET /xingrg/all/function/internal_message.html?_=1674469910404&CODE_STATE=getMsg HTTP/1.1" 200 27
101.229.22.234 - - [23/Jan/2023:18:31:39 +0800] "POST /xingrg/dwr/call/plaincall/AjaxComOrderService.getMaterielSearchList.dwr HTTP/1.1" 200 29442
101.229.22.234 - - [23/Jan/2023:18:31:49 +0800] "POST /xingrg/dwr/call/plaincall/AjaxYddbService.getMaterielByMap.dwr HTTP/1.1" 200 1559
101.83.145.75 - - [23/Jan/2023:18:31:56 +0800] "GET /xingrg/all/function/internal_message.html?_=1674469927246&CODE_STATE=getMsg HTTP/1.1" 200 27
180.162.115.82 - - [23/Jan/2023:18:32:05 +0800] "GET /xingrg/all/function/internal_message.html?_=1674468902962&CODE_STATE=getMsg HTTP/1.1" 200 27
101.83.145.75 - - [23/Jan/2023:18:32:05 +0800] "GET /xingrg/check_reg.html?_=1674469936726 HTTP/1.1" 200 22
101.229.22.234 - - [23/Jan/2023:18:32:24 +0800] "GET /xingrg/all/function/internal_message.html?_=1674469954867&CODE_STATE=getMsg HTTP/1.1" 200 27
180.157.253.110 - - [23/Jan/2023:18:32:26 +0800] "GET /xingrg/all/function/internal_message.html?_=1674469958388&CODE_STATE=getMsg HTTP/1.1" 200 27
116.235.244.242 - - [23/Jan/2023:18:32:32 +0800] "GET /xingrg/all/function/internal_message.html?_=1674469968672&CODE_STATE=getMsg HTTP/1.1" 200 27
116.238.139.35 - - [23/Jan/2023:18:32:38 +0800] "GET /xingrg/all/function/internal_message.html?_=1674469970403&CODE_STATE=getMsg HTTP/1.1" 200 27
116.235.244.242 - - [23/Jan/2023:18:32:54 +0800] "GET /xingrg/check_reg.html?_=1674469990847 HTTP/1.1" 200 22
101.229.22.234 - - [23/Jan/2023:18:32:55 +0800] "POST /xingrg/dwr/call/plaincall/AjaxYddbService.saveMaterielItem.dwr HTTP/1.1" 200 79
101.83.145.75 - - [23/Jan/2023:18:32:56 +0800] "GET /xingrg/all/function/internal_message.html?_=1674469987221&CODE_STATE=getMsg HTTP/1.1" 200 27
101.229.22.234 - - [23/Jan/2023:18:33:03 +0800] "POST /xingrg/dwr/call/plaincall/AjaxComOrderService.getMaterielSearchList.dwr HTTP/1.1" 200 31708
180.162.115.82 - - [23/Jan/2023:18:33:05 +0800] "GET /xingrg/all/function/internal_message.html?_=1674468962998&CODE_STATE=getMsg HTTP/1.1" 200 27
101.229.22.234 - - [23/Jan/2023:18:33:12 +0800] "POST /xingrg/dwr/call/plaincall/AjaxYddbService.getMaterielByMap.dwr HTTP/1.1" 200 1559
116.235.244.242 - - [23/Jan/2023:18:33:14 +0800] "POST /xingrg/services/DataTransmitService HTTP/1.1" 200 524
116.235.244.242 - - [23/Jan/2023:18:33:23 +0800] "POST /xingrg/services/DataTransmitService HTTP/1.1" 200 501
116.235.244.242 - - [23/Jan/2023:18:33:23 +0800] "POST /xingrg/services/DataTransmitService HTTP/1.1" 200 501
116.235.244.242 - - [23/Jan/2023:18:33:23 +0800] "POST /xingrg/services/DataTransmitService HTTP/1.1" 200 501
116.235.244.242 - - [23/Jan/2023:18:33:24 +0800] "POST /xingrg/services/DataTransmitService HTTP/1.1" 200 501
116.235.244.242 - - [23/Jan/2023:18:33:24 +0800] "POST /xingrg/services/DataTransmitService HTTP/1.1" 200 501
101.229.22.234 - - [23/Jan/2023:18:33:24 +0800] "GET /xingrg/all/function/internal_message.html?_=1674470014865&CODE_STATE=getMsg HTTP/1.1" 200 27
116.235.244.242 - - [23/Jan/2023:18:33:25 +0800] "POST /xingrg/services/DataTransmitService HTTP/1.1" 200 501
116.235.244.242 - - [23/Jan/2023:18:33:25 +0800] "POST /xingrg/services/DataTransmitService HTTP/1.1" 200 501
116.235.244.242 - - [23/Jan/2023:18:33:25 +0800] "POST /xingrg/services/DataTransmitService HTTP/1.1" 200 501
116.235.244.242 - - [23/Jan/2023:18:33:25 +0800] "POST /xingrg/services/DataTransmitService HTTP/1.1" 200 412
180.157.253.110 - - [23/Jan/2023:18:33:26 +0800] "GET /xingrg/all/function/internal_message.html?_=1674470018358&CODE_STATE=getMsg HTTP/1.1" 200 27
101.229.22.234 - - [23/Jan/2023:18:33:28 +0800] "POST /xingrg/dwr/call/plaincall/AjaxYddbService.saveMaterielItem.dwr HTTP/1.1" 200 79
116.235.244.242 - - [23/Jan/2023:18:33:32 +0800] "GET /xingrg/all/function/internal_message.html?_=1674470028676&CODE_STATE=getMsg HTTP/1.1" 200 27
180.157.253.110 - - [23/Jan/2023:18:33:33 +0800] "GET /xingrg/check_reg.html?_=1674470025414 HTTP/1.1" 200 22
116.238.139.35 - - [23/Jan/2023:18:33:38 +0800] "GET /xingrg/all/function/internal_message.html?_=1674470030418&CODE_STATE=getMsg HTTP/1.1" 200 27
101.229.22.234 - - [23/Jan/2023:18:33:48 +0800] "POST /xingrg/dwr/call/plaincall/AjaxComOrderService.getMaterielSearchList.dwr HTTP/1.1" 200 8752
101.229.22.234 - - [23/Jan/2023:18:33:53 +0800] "POST /xingrg/dwr/call/plaincall/AjaxComOrderService.getMaterielSearchList.dwr HTTP/1.1" 200 410
101.83.145.75 - - [23/Jan/2023:18:33:56 +0800] "GET /xingrg/all/function/internal_message.html?_=1674470047198&CODE_STATE=getMsg HTTP/1.1" 200 27
101.229.22.234 - - [23/Jan/2023:18:33:56 +0800] "POST /xingrg/dwr/call/plaincall/AjaxYddbService.getMaterielByMap.dwr HTTP/1.1" 200 1563
180.162.115.82 - - [23/Jan/2023:18:34:05 +0800] "GET /xingrg/all/function/internal_message.html?_=1674469022980&CODE_STATE=getMsg HTTP/1.1" 200 27
101.229.22.234 - - [23/Jan/2023:18:34:24 +0800] "GET /xingrg/all/function/internal_message.html?_=1674470074857&CODE_STATE=getMsg HTTP/1.1" 200 27
101.229.22.234 - - [23/Jan/2023:18:34:26 +0800] "POST /xingrg/dwr/call/plaincall/AjaxYddbService.saveMaterielItem.dwr HTTP/1.1" 200 79
180.157.253.110 - - [23/Jan/2023:18:34:26 +0800] "GET /xingrg/all/function/internal_message.html?_=1674470078336&CODE_STATE=getMsg HTTP/1.1" 200 27
116.235.244.242 - - [23/Jan/2023:18:34:32 +0800] "GET /xingrg/all/function/internal_message.html?_=1674470088690&CODE_STATE=getMsg HTTP/1.1" 200 27
180.169.147.146 - - [23/Jan/2023:18:34:36 +0800] "GET /xingrg/check_reg.html?_=1674470088866 HTTP/1.1" 200 22
116.238.139.35 - - [23/Jan/2023:18:34:38 +0800] "GET /xingrg/all/function/internal_message.html?_=1674470090404&CODE_STATE=getMsg HTTP/1.1" 200 27
116.192.124.172 - - [23/Jan/2023:18:34:46 +0800] "POST /xingrg/services/DataTransmitService HTTP/1.1" 200 524
116.192.124.172 - - [23/Jan/2023:18:34:47 +0800] "POST /xingrg/services/DataTransmitService HTTP/1.1" 200 501
116.192.124.172 - - [23/Jan/2023:18:34:47 +0800] "POST /xingrg/services/DataTransmitService HTTP/1.1" 200 501
116.192.124.172 - - [23/Jan/2023:18:34:48 +0800] "POST /xingrg/services/DataTransmitService HTTP/1.1" 200 501
101.229.22.234 - - [23/Jan/2023:18:34:48 +0800] "POST /xingrg/dwr/call/plaincall/AjaxYddbService.removeMaterielItem.dwr HTTP/1.1" 200 79
116.192.124.172 - - [23/Jan/2023:18:34:48 +0800] "POST /xingrg/services/DataTransmitService HTTP/1.1" 200 501
116.192.124.172 - - [23/Jan/2023:18:34:48 +0800] "POST /xingrg/services/DataTransmitService HTTP/1.1" 200 501
116.192.124.172 - - [23/Jan/2023:18:34:49 +0800] "POST /xingrg/services/DataTransmitService HTTP/1.1" 200 501
116.192.124.172 - - [23/Jan/2023:18:34:49 +0800] "POST /xingrg/services/DataTransmitService HTTP/1.1" 200 501
116.192.124.172 - - [23/Jan/2023:18:34:50 +0800] "POST /xingrg/services/DataTransmitService HTTP/1.1" 200 501
116.192.124.172 - - [23/Jan/2023:18:34:50 +0800] "POST /xingrg/services/DataTransmitService HTTP/1.1" 200 412
101.229.22.234 - - [23/Jan/2023:18:34:53 +0800] "POST /xingrg/dwr/call/plaincall/AjaxComOrderService.getMaterielSearchList.dwr HTTP/1.1" 200 17348
101.83.145.75 - - [23/Jan/2023:18:34:56 +0800] "GET /xingrg/all/function/internal_message.html?_=1674470107199&CODE_STATE=getMsg HTTP/1.1" 200 27
180.162.115.82 - - [23/Jan/2023:18:35:05 +0800] "GET /xingrg/all/function/internal_message.html?_=1674469082987&CODE_STATE=getMsg HTTP/1.1" 200 27
101.229.22.234 - - [23/Jan/2023:18:35:19 +0800] "POST /xingrg/dwr/call/plaincall/AjaxComOrderService.getMaterielSearchList.dwr HTTP/1.1" 200 77
101.229.22.234 - - [23/Jan/2023:18:35:24 +0800] "GET /xingrg/all/function/internal_message.html?_=1674470134867&CODE_STATE=getMsg HTTP/1.1" 200 27
101.229.22.234 - - [23/Jan/2023:18:35:24 +0800] "POST /xingrg/dwr/call/plaincall/AjaxComOrderService.getMaterielSearchList.dwr HTTP/1.1" 200 57671
101.229.22.234 - - [23/Jan/2023:18:35:25 +0800] "POST /xingrg/dwr/call/plaincall/AjaxComOrderService.getMaterielSearchList.dwr HTTP/1.1" 200 204
180.157.253.110 - - [23/Jan/2023:18:35:26 +0800] "GET /xingrg/all/function/internal_message.html?_=1674470138308&CODE_STATE=getMsg HTTP/1.1" 200 27
101.229.22.234 - - [23/Jan/2023:18:35:28 +0800] "POST /xingrg/dwr/call/plaincall/AjaxComOrderService.getMaterielSearchList.dwr HTTP/1.1" 200 204
116.235.244.242 - - [23/Jan/2023:18:35:32 +0800] "GET /xingrg/all/function/internal_message.html?_=1674470148801&CODE_STATE=getMsg HTTP/1.1" 200 27
101.229.22.234 - - [23/Jan/2023:18:35:33 +0800] "POST /xingrg/dwr/call/plaincall/AjaxComOrderService.getMaterielSearchList.dwr HTTP/1.1" 200 77
101.229.22.234 - - [23/Jan/2023:18:35:34 +0800] "POST /xingrg/dwr/call/plaincall/AjaxComOrderService.getMaterielSearchList.dwr HTTP/1.1" 200 17348
116.238.139.35 - - [23/Jan/2023:18:35:38 +0800] "GET /xingrg/all/function/internal_message.html?_=1674470150409&CODE_STATE=getMsg HTTP/1.1" 200 27
101.229.22.234 - - [23/Jan/2023:18:35:45 +0800] "POST /xingrg/dwr/call/plaincall/AjaxYddbService.getMaterielByMap.dwr HTTP/1.1" 200 1554
101.83.145.75 - - [23/Jan/2023:18:35:56 +0800] "GET /xingrg/all/function/internal_message.html?_=1674470167179&CODE_STATE=getMsg HTTP/1.1" 200 27
180.162.115.82 - - [23/Jan/2023:18:36:05 +0800] "GET /xingrg/check_reg.html?_=1674469143000 HTTP/1.1" 200 22
180.162.115.82 - - [23/Jan/2023:18:36:05 +0800] "GET /xingrg/all/function/internal_message.html?_=1674469142997&CODE_STATE=getMsg HTTP/1.1" 200 27
101.229.22.234 - - [23/Jan/2023:18:36:21 +0800] "POST /xingrg/dwr/call/plaincall/AjaxYddbService.saveMaterielItem.dwr HTTP/1.1" 200 79
101.229.22.234 - - [23/Jan/2023:18:36:24 +0800] "GET /xingrg/check_reg.html?_=1674470194866 HTTP/1.1" 200 22
101.229.22.234 - - [23/Jan/2023:18:36:24 +0800] "GET /xingrg/all/function/internal_message.html?_=1674470194868&CODE_STATE=getMsg HTTP/1.1" 200 27
180.157.253.110 - - [23/Jan/2023:18:36:26 +0800] "GET /xingrg/all/function/internal_message.html?_=1674470198282&CODE_STATE=getMsg HTTP/1.1" 200 27
116.235.244.242 - - [23/Jan/2023:18:36:32 +0800] "GET /xingrg/all/function/internal_message.html?_=1674470208811&CODE_STATE=getMsg HTTP/1.1" 200 27
116.238.139.35 - - [23/Jan/2023:18:36:38 +0800] "GET /xingrg/all/function/internal_message.html?_=1674470210426&CODE_STATE=getMsg HTTP/1.1" 200 27
116.238.139.35 - - [23/Jan/2023:18:36:38 +0800] "GET /xingrg/check_reg.html?_=1674470210428 HTTP/1.1" 200 22
101.83.145.75 - - [23/Jan/2023:18:36:56 +0800] "GET /xingrg/all/function/internal_message.html?_=1674470227154&CODE_STATE=getMsg HTTP/1.1" 200 27
180.162.115.82 - - [23/Jan/2023:18:37:05 +0800] "GET /xingrg/all/function/internal_message.html?_=1674469202997&CODE_STATE=getMsg HTTP/1.1" 200 27
101.83.145.75 - - [23/Jan/2023:18:37:05 +0800] "GET /xingrg/check_reg.html?_=1674470236748 HTTP/1.1" 200 22
101.229.22.234 - - [23/Jan/2023:18:37:24 +0800] "GET /xingrg/all/function/internal_message.html?_=1674470254867&CODE_STATE=getMsg HTTP/1.1" 200 27
180.157.253.110 - - [23/Jan/2023:18:37:26 +0800] "GET /xingrg/all/function/internal_message.html?_=1674470258253&CODE_STATE=getMsg HTTP/1.1" 200 27
101.229.22.234 - - [23/Jan/2023:18:37:29 +0800] "POST /xingrg/kc/base/yddb_list_operate.html HTTP/1.1" 200 4375
116.235.244.242 - - [23/Jan/2023:18:37:32 +0800] "GET /xingrg/all/function/internal_message.html?_=1674470268923&CODE_STATE=getMsg HTTP/1.1" 200 27
101.229.22.234 - - [23/Jan/2023:18:37:34 +0800] "POST /xingrg/kc/base/yddb_list_operate.html HTTP/1.1" 200 495
101.229.22.234 - - [23/Jan/2023:18:37:35 +0800] "GET /xingrg/kc/base/yddb_order_info.html?code=482023012300114 HTTP/1.1" 200 30655
101.229.22.234 - - [23/Jan/2023:18:37:35 +0800] "GET /xingrg/dwr/interface/AjaxComOrderService.js HTTP/1.1" 200 18264
101.229.22.234 - - [23/Jan/2023:18:37:35 +0800] "GET /xingrg/dwr/interface/AjaxYddbService.js HTTP/1.1" 200 13201
101.229.22.234 - - [23/Jan/2023:18:37:35 +0800] "GET /xingrg/dwr/engine.js HTTP/1.1" 200 43631
101.229.22.234 - - [23/Jan/2023:18:37:35 +0800] "POST /xingrg/dwr/call/plaincall/AjaxYddbService.loadMaterielItems.dwr HTTP/1.1" 200 1631
116.238.139.35 - - [23/Jan/2023:18:37:38 +0800] "GET /xingrg/all/function/internal_message.html?_=1674470270410&CODE_STATE=getMsg HTTP/1.1" 200 27
116.235.244.242 - - [23/Jan/2023:18:37:54 +0800] "GET /xingrg/check_reg.html?_=1674470290852 HTTP/1.1" 200 22
101.83.145.75 - - [23/Jan/2023:18:37:56 +0800] "GET /xingrg/all/function/internal_message.html?_=1674470287122&CODE_STATE=getMsg HTTP/1.1" 200 27
116.192.124.172 - - [23/Jan/2023:18:38:03 +0800] "GET /xingrg/all/function/internal_message.html?_=1674470292296&CODE_STATE=getMsg HTTP/1.1" 200 27
116.192.124.172 - - [23/Jan/2023:18:38:03 +0800] "GET /xingrg/check_reg.html?_=1674470292302 HTTP/1.1" 200 22
180.162.115.82 - - [23/Jan/2023:18:38:05 +0800] "GET /xingrg/all/function/internal_message.html?_=1674469262987&CODE_STATE=getMsg HTTP/1.1" 200 27
116.192.124.172 - - [23/Jan/2023:18:38:05 +0800] "GET /xingrg/kc/base/wldb_order_list.html HTTP/1.1" 200 19139
116.192.124.172 - - [23/Jan/2023:18:38:05 +0800] "POST /xingrg/kc/base/wldb_list_operate.html HTTP/1.1" 200 928
116.192.124.172 - - [23/Jan/2023:18:38:12 +0800] "POST /xingrg/kc/base/wldb_list_operate.html HTTP/1.1" 200 6081
116.192.124.172 - - [23/Jan/2023:18:38:14 +0800] "POST /xingrg/kc/base/wldb_list_operate.html HTTP/1.1" 200 635
116.192.124.172 - - [23/Jan/2023:18:38:19 +0800] "GET /xingrg/kc/base/wldb_order_info.html?code=422023012301484 HTTP/1.1" 200 26295
116.192.124.172 - - [23/Jan/2023:18:38:19 +0800] "GET /xingrg/javascript/easyui/themes/default/validatebox.css HTTP/1.1" 404 1104
116.192.124.172 - - [23/Jan/2023:18:38:19 +0800] "POST /xingrg/kc/base/wldb_order_operate.html HTTP/1.1" 200 4913
101.229.22.234 - - [23/Jan/2023:18:38:24 +0800] "GET /xingrg/all/function/internal_message.html?_=1674470314860&CODE_STATE=getMsg HTTP/1.1" 200 27
180.157.253.110 - - [23/Jan/2023:18:38:26 +0800] "GET /xingrg/all/function/internal_message.html?_=1674470318251&CODE_STATE=getMsg HTTP/1.1" 200 27
116.235.244.242 - - [23/Jan/2023:18:38:32 +0800] "GET /xingrg/all/function/internal_message.html?_=1674470328933&CODE_STATE=getMsg HTTP/1.1" 200 27
180.157.253.110 - - [23/Jan/2023:18:38:33 +0800] "GET /xingrg/check_reg.html?_=1674470325418 HTTP/1.1" 200 22
116.238.139.35 - - [23/Jan/2023:18:38:38 +0800] "GET /xingrg/all/function/internal_message.html?_=1674470330429&CODE_STATE=getMsg HTTP/1.1" 200 27
101.83.145.75 - - [23/Jan/2023:18:38:56 +0800] "GET /xingrg/all/function/internal_message.html?_=1674470347103&CODE_STATE=getMsg HTTP/1.1" 200 27
116.192.124.172 - - [23/Jan/2023:18:39:03 +0800] "GET /xingrg/all/function/internal_message.html?_=1674470352273&CODE_STATE=getMsg HTTP/1.1" 200 27
180.162.115.82 - - [23/Jan/2023:18:39:05 +0800] "GET /xingrg/all/function/internal_message.html?_=1674469322998&CODE_STATE=getMsg HTTP/1.1" 200 27
101.229.22.234 - - [23/Jan/2023:18:39:24 +0800] "GET /xingrg/all/function/internal_message.html?_=1674470374861&CODE_STATE=getMsg HTTP/1.1" 200 27
180.157.253.110 - - [23/Jan/2023:18:39:26 +0800] "GET /xingrg/all/function/internal_message.html?_=1674470378229&CODE_STATE=getMsg HTTP/1.1" 200 27
116.235.244.242 - - [23/Jan/2023:18:39:32 +0800] "GET /xingrg/all/function/internal_message.html?_=1674470388946&CODE_STATE=getMsg HTTP/1.1" 200 27
180.169.147.146 - - [23/Jan/2023:18:39:36 +0800] "GET /xingrg/check_reg.html?_=1674470388840 HTTP/1.1" 200 22
116.238.139.35 - - [23/Jan/2023:18:39:38 +0800] "GET /xingrg/all/function/internal_message.html?_=1674470390430&CODE_STATE=getMsg HTTP/1.1" 200 27
220.249.128.139 - - [23/Jan/2023:18:39:53 +0800] "GET /favicon.ico HTTP/1.1" 404 -
101.83.145.75 - - [23/Jan/2023:18:39:56 +0800] "GET /xingrg/all/function/internal_message.html?_=1674470407080&CODE_STATE=getMsg HTTP/1.1" 200 27
116.192.124.172 - - [23/Jan/2023:18:40:03 +0800] "GET /xingrg/all/function/internal_message.html?_=1674470412255&CODE_STATE=getMsg HTTP/1.1" 200 27
180.162.115.82 - - [23/Jan/2023:18:40:05 +0800] "GET /xingrg/all/function/internal_message.html?_=1674469382996&CODE_STATE=getMsg HTTP/1.1" 200 27
101.229.22.234 - - [23/Jan/2023:18:40:24 +0800] "GET /xingrg/all/function/internal_message.html?_=1674470434861&CODE_STATE=getMsg HTTP/1.1" 200 27
180.157.253.110 - - [23/Jan/2023:18:40:26 +0800] "GET /xingrg/all/function/internal_message.html?_=1674470438203&CODE_STATE=getMsg HTTP/1.1" 200 27
116.235.244.242 - - [23/Jan/2023:18:40:33 +0800] "GET /xingrg/all/function/internal_message.html?_=1674470449061&CODE_STATE=getMsg HTTP/1.1" 200 27
116.238.139.35 - - [23/Jan/2023:18:40:38 +0800] "GET /xingrg/all/function/internal_message.html?_=1674470450428&CODE_STATE=getMsg HTTP/1.1" 200 27
101.83.145.75 - - [23/Jan/2023:18:40:56 +0800] "GET /xingrg/all/function/internal_message.html?_=1674470467051&CODE_STATE=getMsg HTTP/1.1" 200 27
116.192.124.172 - - [23/Jan/2023:18:41:03 +0800] "GET /xingrg/all/function/internal_message.html?_=1674470472231&CODE_STATE=getMsg HTTP/1.1" 200 27
180.162.115.82 - - [23/Jan/2023:18:41:05 +0800] "GET /xingrg/all/function/internal_message.html?_=1674469442987&CODE_STATE=getMsg HTTP/1.1" 200 27
180.162.115.82 - - [23/Jan/2023:18:41:05 +0800] "GET /xingrg/check_reg.html?_=1674469442990 HTTP/1.1" 200 22
101.229.22.234 - - [23/Jan/2023:18:41:24 +0800] "GET /xingrg/all/function/internal_message.html?_=1674470494861&CODE_STATE=getMsg HTTP/1.1" 200 27
101.229.22.234 - - [23/Jan/2023:18:41:24 +0800] "GET /xingrg/check_reg.html?_=1674470494863 HTTP/1.1" 200 22
180.157.253.110 - - [23/Jan/2023:18:41:26 +0800] "GET /xingrg/all/function/internal_message.html?_=1674470498173&CODE_STATE=getMsg HTTP/1.1" 200 27
116.235.244.242 - - [23/Jan/2023:18:41:32 +0800] "GET /xingrg/all/function/internal_message.html?_=1674470509066&CODE_STATE=getMsg HTTP/1.1" 200 27
116.238.139.35 - - [23/Jan/2023:18:41:38 +0800] "GET /xingrg/all/function/internal_message.html?_=1674470510431&CODE_STATE=getMsg HTTP/1.1" 200 27
116.238.139.35 - - [23/Jan/2023:18:41:38 +0800] "GET /xingrg/check_reg.html?_=1674470510433 HTTP/1.1" 200 22
101.83.145.75 - - [23/Jan/2023:18:41:56 +0800] "GET /xingrg/all/function/internal_message.html?_=1674470527025&CODE_STATE=getMsg HTTP/1.1" 200 27
222.64.59.33 - - [23/Jan/2023:18:41:56 +0800] "POST /xingrg/services/DataTransmitService HTTP/1.1" 200 524
222.64.59.33 - - [23/Jan/2023:18:41:57 +0800] "POST /xingrg/services/DataTransmitService HTTP/1.1" 200 501
222.64.59.33 - - [23/Jan/2023:18:41:57 +0800] "POST /xingrg/services/DataTransmitService HTTP/1.1" 200 501
222.64.59.33 - - [23/Jan/2023:18:41:57 +0800] "POST /xingrg/services/DataTransmitService HTTP/1.1" 200 501
222.64.59.33 - - [23/Jan/2023:18:41:57 +0800] "POST /xingrg/services/DataTransmitService HTTP/1.1" 200 501
222.64.59.33 - - [23/Jan/2023:18:41:58 +0800] "POST /xingrg/services/DataTransmitService HTTP/1.1" 200 501
222.64.59.33 - - [23/Jan/2023:18:41:58 +0800] "POST /xingrg/services/DataTransmitService HTTP/1.1" 200 501
222.64.59.33 - - [23/Jan/2023:18:41:58 +0800] "POST /xingrg/services/DataTransmitService HTTP/1.1" 200 412
116.192.124.172 - - [23/Jan/2023:18:42:02 +0800] "GET /xingrg/all/function/internal_message.html?_=1674470532209&CODE_STATE=getMsg HTTP/1.1" 200 27
180.162.115.82 - - [23/Jan/2023:18:42:05 +0800] "GET /xingrg/all/function/internal_message.html?_=1674469503004&CODE_STATE=getMsg HTTP/1.1" 200 27
101.83.145.75 - - [23/Jan/2023:18:42:05 +0800] "GET /xingrg/check_reg.html?_=1674470536748 HTTP/1.1" 200 22
101.229.22.234 - - [23/Jan/2023:18:42:24 +0800] "GET /xingrg/all/function/internal_message.html?_=1674470554862&CODE_STATE=getMsg HTTP/1.1" 200 27
180.157.253.110 - - [23/Jan/2023:18:42:26 +0800] "GET /xingrg/all/function/internal_message.html?_=1674470558144&CODE_STATE=getMsg HTTP/1.1" 200 27
116.235.244.242 - - [23/Jan/2023:18:42:33 +0800] "GET /xingrg/all/function/internal_message.html?_=1674470569179&CODE_STATE=getMsg HTTP/1.1" 200 27
116.238.139.35 - - [23/Jan/2023:18:42:38 +0800] "GET /xingrg/all/function/internal_message.html?_=1674470570433&CODE_STATE=getMsg HTTP/1.1" 200 27
222.70.181.49 - - [23/Jan/2023:18:42:54 +0800] "GET /xingrg/login.html HTTP/1.1" 200 7641
116.235.244.242 - - [23/Jan/2023:18:42:54 +0800] "GET /xingrg/check_reg.html?_=1674470590861 HTTP/1.1" 200 22
222.70.181.49 - - [23/Jan/2023:18:42:55 +0800] "GET /favicon.ico HTTP/1.1" 404 -
101.83.145.75 - - [23/Jan/2023:18:42:56 +0800] "GET /xingrg/all/function/internal_message.html?_=1674470587003&CODE_STATE=getMsg HTTP/1.1" 200 27
222.70.181.49 - - [23/Jan/2023:18:42:57 +0800] "POST /xingrg/login.do HTTP/1.1" 302 -
222.70.181.49 - - [23/Jan/2023:18:42:58 +0800] "GET /xingrg/index.html?sysBaseUrl=http%3A%2F%2F180.169.147.146%3A18081%2Fxingrg%2F&costTime=38×tamp=1674470577980 HTTP/1.1" 200 17173
222.70.181.49 - - [23/Jan/2023:18:42:58 +0800] "GET /favicon.ico HTTP/1.1" 404 -
222.70.181.49 - - [23/Jan/2023:18:42:58 +0800] "POST /xingrg/all/common/load_tree.html?tree=area_rest_tree_json&manage=1 HTTP/1.1" 200 342
222.70.181.49 - - [23/Jan/2023:18:42:58 +0800] "GET /xingrg/all/function/internal_message.html?_=1674470588665&CODE_STATE=count HTTP/1.1" 200 11
222.70.181.49 - - [23/Jan/2023:18:42:58 +0800] "POST /xingrg/load_menu.html HTTP/1.1" 200 5138
222.70.181.49 - - [23/Jan/2023:18:42:58 +0800] "GET /xingrg/check_reg.html?_=1674470588666 HTTP/1.1" 200 22
222.70.181.49 - - [23/Jan/2023:18:43:02 +0800] "GET /xingrg/kc/buy/cgsh_order_list.html HTTP/1.1" 200 53920
116.192.124.172 - - [23/Jan/2023:18:43:02 +0800] "GET /xingrg/all/function/internal_message.html?_=1674470592193&CODE_STATE=getMsg HTTP/1.1" 200 27
116.192.124.172 - - [23/Jan/2023:18:43:03 +0800] "GET /xingrg/check_reg.html?_=1674470592285 HTTP/1.1" 200 22
222.70.181.49 - - [23/Jan/2023:18:43:04 +0800] "POST /xingrg/kc/buy/cgsh_list_operate.html HTTP/1.1" 200 4416
180.162.115.82 - - [23/Jan/2023:18:43:05 +0800] "GET /xingrg/all/function/internal_message.html?_=1674469562996&CODE_STATE=getMsg HTTP/1.1" 200 27
101.229.22.234 - - [23/Jan/2023:18:43:24 +0800] "GET /xingrg/all/function/internal_message.html?_=1674470614872&CODE_STATE=getMsg HTTP/1.1" 200 27
180.157.253.110 - - [23/Jan/2023:18:43:26 +0800] "GET /xingrg/all/function/internal_message.html?_=1674470618117&CODE_STATE=getMsg HTTP/1.1" 200 27
222.70.181.49 - - [23/Jan/2023:18:43:29 +0800] "POST /xingrg/kc/buy/cgsh_list_operate.html HTTP/1.1" 200 4
222.70.181.49 - - [23/Jan/2023:18:43:32 +0800] "POST /xingrg/kc/buy/cgsh_list_operate.html HTTP/1.1" 200 986
116.235.244.242 - - [23/Jan/2023:18:43:33 +0800] "GET /xingrg/all/function/internal_message.html?_=1674470629187&CODE_STATE=getMsg HTTP/1.1" 200 27
180.157.253.110 - - [23/Jan/2023:18:43:33 +0800] "GET /xingrg/check_reg.html?_=1674470625391 HTTP/1.1" 200 22
101.229.22.234 - - [23/Jan/2023:18:43:35 +0800] "POST /xingrg/kc/base/yddb_list_operate.html HTTP/1.1" 200 609
101.229.22.234 - - [23/Jan/2023:18:43:35 +0800] "GET /xingrg/kc/base/yddb_order_info.html?code=482023012300113 HTTP/1.1" 200 28836
101.229.22.234 - - [23/Jan/2023:18:43:35 +0800] "GET /xingrg/dwr/interface/AjaxComOrderService.js HTTP/1.1" 200 18264
101.229.22.234 - - [23/Jan/2023:18:43:35 +0800] "GET /xingrg/dwr/interface/AjaxYddbService.js HTTP/1.1" 200 13201
101.229.22.234 - - [23/Jan/2023:18:43:36 +0800] "GET /xingrg/dwr/engine.js HTTP/1.1" 200 43631
101.229.22.234 - - [23/Jan/2023:18:43:36 +0800] "POST /xingrg/dwr/call/plaincall/AjaxYddbService.loadMaterielItems.dwr HTTP/1.1" 200 5465
116.238.139.35 - - [23/Jan/2023:18:43:38 +0800] "GET /xingrg/all/function/internal_message.html?_=1674470630432&CODE_STATE=getMsg HTTP/1.1" 200 27
101.229.22.234 - - [23/Jan/2023:18:43:41 +0800] "GET /xingrg/dwr/interface/AjaxYddbService.js HTTP/1.1" 200 13201
101.229.22.234 - - [23/Jan/2023:18:43:41 +0800] "GET /xingrg/kc/base/yddb_order_info.html?code=482023012300114 HTTP/1.1" 200 30655
101.229.22.234 - - [23/Jan/2023:18:43:41 +0800] "GET /xingrg/dwr/interface/AjaxComOrderService.js HTTP/1.1" 200 18264
101.229.22.234 - - [23/Jan/2023:18:43:41 +0800] "GET /xingrg/dwr/engine.js HTTP/1.1" 200 43631
101.229.22.234 - - [23/Jan/2023:18:43:41 +0800] "POST /xingrg/dwr/call/plaincall/AjaxYddbService.loadMaterielItems.dwr HTTP/1.1" 200 1631
101.229.22.234 - - [23/Jan/2023:18:43:46 +0800] "GET /xingrg/kc/base/yddb_order_info.html?code=482023012300113 HTTP/1.1" 200 28836
101.229.22.234 - - [23/Jan/2023:18:43:46 +0800] "GET /xingrg/dwr/interface/AjaxComOrderService.js HTTP/1.1" 200 18264
101.229.22.234 - - [23/Jan/2023:18:43:46 +0800] "GET /xingrg/dwr/interface/AjaxYddbService.js HTTP/1.1" 200 13201
101.229.22.234 - - [23/Jan/2023:18:43:46 +0800] "GET /xingrg/dwr/engine.js HTTP/1.1" 200 43631
101.229.22.234 - - [23/Jan/2023:18:43:47 +0800] "POST /xingrg/dwr/call/plaincall/AjaxYddbService.loadMaterielItems.dwr HTTP/1.1" 200 5465
101.83.145.75 - - [23/Jan/2023:18:43:56 +0800] "GET /xingrg/all/function/internal_message.html?_=1674470646980&CODE_STATE=getMsg HTTP/1.1" 200 27
116.192.124.172 - - [23/Jan/2023:18:44:02 +0800] "GET /xingrg/all/function/internal_message.html?_=1674470652175&CODE_STATE=getMsg HTTP/1.1" 200 27
180.162.115.82 - - [23/Jan/2023:18:44:05 +0800] "GET /xingrg/all/function/internal_message.html?_=1674469622988&CODE_STATE=getMsg HTTP/1.1" 200 27
101.229.22.234 - - [23/Jan/2023:18:44:24 +0800] "GET /xingrg/all/function/internal_message.html?_=1674470674861&CODE_STATE=getMsg HTTP/1.1" 200 27
180.157.253.110 - - [23/Jan/2023:18:44:26 +0800] "GET /xingrg/all/function/internal_message.html?_=1674470678092&CODE_STATE=getMsg HTTP/1.1" 200 27
116.235.244.242 - - [23/Jan/2023:18:44:33 +0800] "GET /xingrg/all/function/internal_message.html?_=1674470689201&CODE_STATE=getMsg HTTP/1.1" 200 27
180.169.147.146 - - [23/Jan/2023:18:44:36 +0800] "GET /xingrg/check_reg.html?_=1674470688842 HTTP/1.1" 200 22
116.238.139.35 - - [23/Jan/2023:18:44:38 +0800] "GET /xingrg/all/function/internal_message.html?_=1674470690436&CODE_STATE=getMsg HTTP/1.1" 200 27
101.83.145.75 - - [23/Jan/2023:18:44:56 +0800] "GET /xingrg/all/function/internal_message.html?_=1674470706956&CODE_STATE=getMsg HTTP/1.1" 200 27
116.192.124.172 - - [23/Jan/2023:18:45:02 +0800] "GET /xingrg/all/function/internal_message.html?_=1674470712161&CODE_STATE=getMsg HTTP/1.1" 200 27
180.162.115.82 - - [23/Jan/2023:18:45:05 +0800] "GET /xingrg/all/function/internal_message.html?_=1674469682998&CODE_STATE=getMsg HTTP/1.1" 200 27
101.229.22.234 - - [23/Jan/2023:18:45:24 +0800] "GET /xingrg/all/function/internal_message.html?_=1674470734862&CODE_STATE=getMsg HTTP/1.1" 200 27
180.157.253.110 - - [23/Jan/2023:18:45:26 +0800] "GET /xingrg/all/function/internal_message.html?_=1674470738064&CODE_STATE=getMsg HTTP/1.1" 200 27
116.235.244.242 - - [23/Jan/2023:18:45:33 +0800] "GET /xingrg/all/function/internal_message.html?_=1674470749315&CODE_STATE=getMsg HTTP/1.1" 200 27
116.238.139.35 - - [23/Jan/2023:18:45:38 +0800] "GET /xingrg/all/function/internal_message.html?_=1674470750436&CODE_STATE=getMsg HTTP/1.1" 200 27
101.83.145.75 - - [23/Jan/2023:18:45:56 +0800] "GET /xingrg/all/function/internal_message.html?_=1674470766937&CODE_STATE=getMsg HTTP/1.1" 200 27
116.192.124.172 - - [23/Jan/2023:18:46:02 +0800] "GET /xingrg/all/function/internal_message.html?_=1674470772139&CODE_STATE=getMsg HTTP/1.1" 200 27
180.162.115.82 - - [23/Jan/2023:18:46:05 +0800] "GET /xingrg/check_reg.html?_=1674469742997 HTTP/1.1" 200 22
180.162.115.82 - - [23/Jan/2023:18:46:05 +0800] "GET /xingrg/all/function/internal_message.html?_=1674469743000&CODE_STATE=getMsg HTTP/1.1" 200 27
101.229.22.234 - - [23/Jan/2023:18:46:24 +0800] "GET /xingrg/all/function/internal_message.html?_=1674470794862&CODE_STATE=getMsg HTTP/1.1" 200 27
101.229.22.234 - - [23/Jan/2023:18:46:24 +0800] "GET /xingrg/check_reg.html?_=1674470794865 HTTP/1.1" 200 22
180.157.253.110 - - [23/Jan/2023:18:46:26 +0800] "GET /xingrg/all/function/internal_message.html?_=1674470798037&CODE_STATE=getMsg HTTP/1.1" 200 27
116.235.244.242 - - [23/Jan/2023:18:46:33 +0800] "GET /xingrg/all/function/internal_message.html?_=1674470809322&CODE_STATE=getMsg HTTP/1.1" 200 27
116.238.139.35 - - [23/Jan/2023:18:46:38 +0800] "GET /xingrg/all/function/internal_message.html?_=1674470810434&CODE_STATE=getMsg HTTP/1.1" 200 27
116.238.139.35 - - [23/Jan/2023:18:46:38 +0800] "GET /xingrg/check_reg.html?_=1674470810436 HTTP/1.1" 200 22
101.83.145.75 - - [23/Jan/2023:18:46:56 +0800] "GET /xingrg/all/function/internal_message.html?_=1674470826914&CODE_STATE=getMsg HTTP/1.1" 200 27
116.192.124.172 - - [23/Jan/2023:18:47:02 +0800] "GET /xingrg/all/function/internal_message.html?_=1674470832118&CODE_STATE=getMsg HTTP/1.1" 200 27
180.162.115.82 - - [23/Jan/2023:18:47:05 +0800] "GET /xingrg/all/function/internal_message.html?_=1674469802987&CODE_STATE=getMsg HTTP/1.1" 200 27
101.83.145.75 - - [23/Jan/2023:18:47:05 +0800] "GET /xingrg/check_reg.html?_=1674470836736 HTTP/1.1" 200 22
101.229.22.234 - - [23/Jan/2023:18:47:24 +0800] "GET /xingrg/all/function/internal_message.html?_=1674470854864&CODE_STATE=getMsg HTTP/1.1" 200 27
180.157.253.110 - - [23/Jan/2023:18:47:26 +0800] "GET /xingrg/all/function/internal_message.html?_=1674470858009&CODE_STATE=getMsg HTTP/1.1" 200 27
116.235.244.242 - - [23/Jan/2023:18:47:33 +0800] "GET /xingrg/all/function/internal_message.html?_=1674470869437&CODE_STATE=getMsg HTTP/1.1" 200 27
116.238.139.35 - - [23/Jan/2023:18:47:38 +0800] "GET /xingrg/all/function/internal_message.html?_=1674470870435&CODE_STATE=getMsg HTTP/1.1" 200 27
116.235.244.242 - - [23/Jan/2023:18:47:54 +0800] "GET /xingrg/check_reg.html?_=1674470890865 HTTP/1.1" 200 22
101.83.145.75 - - [23/Jan/2023:18:47:56 +0800] "GET /xingrg/all/function/internal_message.html?_=1674470886888&CODE_STATE=getMsg HTTP/1.1" 200 27
116.192.124.172 - - [23/Jan/2023:18:48:02 +0800] "GET /xingrg/all/function/internal_message.html?_=1674470892090&CODE_STATE=getMsg HTTP/1.1" 200 27
116.192.124.172 - - [23/Jan/2023:18:48:03 +0800] "GET /xingrg/check_reg.html?_=1674470892277 HTTP/1.1" 200 22
180.162.115.82 - - [23/Jan/2023:18:48:05 +0800] "GET /xingrg/all/function/internal_message.html?_=1674469863003&CODE_STATE=getMsg HTTP/1.1" 200 27
101.229.22.234 - - [23/Jan/2023:18:48:24 +0800] "GET /xingrg/all/function/internal_message.html?_=1674470914864&CODE_STATE=getMsg HTTP/1.1" 200 27
180.157.253.110 - - [23/Jan/2023:18:48:26 +0800] "GET /xingrg/all/function/internal_message.html?_=1674470917979&CODE_STATE=getMsg HTTP/1.1" 200 27
116.235.244.242 - - [23/Jan/2023:18:48:33 +0800] "GET /xingrg/all/function/internal_message.html?_=1674470929443&CODE_STATE=getMsg HTTP/1.1" 200 27
180.157.253.110 - - [23/Jan/2023:18:48:33 +0800] "GET /xingrg/check_reg.html?_=1674470925363 HTTP/1.1" 200 22
116.238.139.35 - - [23/Jan/2023:18:48:38 +0800] "GET /xingrg/all/function/internal_message.html?_=1674470930436&CODE_STATE=getMsg HTTP/1.1" 200 27
101.83.145.75 - - [23/Jan/2023:18:48:55 +0800] "GET /xingrg/all/function/internal_message.html?_=1674470946863&CODE_STATE=getMsg HTTP/1.1" 200 27
116.192.124.172 - - [23/Jan/2023:18:49:02 +0800] "GET /xingrg/all/function/internal_message.html?_=1674470952068&CODE_STATE=getMsg HTTP/1.1" 200 27
180.162.115.82 - - [23/Jan/2023:18:49:05 +0800] "GET /xingrg/all/function/internal_message.html?_=1674469922996&CODE_STATE=getMsg HTTP/1.1" 200 27
101.229.22.234 - - [23/Jan/2023:18:49:24 +0800] "GET /xingrg/all/function/internal_message.html?_=1674470974870&CODE_STATE=getMsg HTTP/1.1" 200 27
180.157.253.110 - - [23/Jan/2023:18:49:26 +0800] "GET /xingrg/all/function/internal_message.html?_=1674470977956&CODE_STATE=getMsg HTTP/1.1" 200 27
116.235.244.242 - - [23/Jan/2023:18:49:33 +0800] "GET /xingrg/all/function/internal_message.html?_=1674470989455&CODE_STATE=getMsg HTTP/1.1" 200 27
180.169.147.146 - - [23/Jan/2023:18:49:36 +0800] "GET /xingrg/check_reg.html?_=1674470988815 HTTP/1.1" 200 22
116.238.139.35 - - [23/Jan/2023:18:49:38 +0800] "GET /xingrg/all/function/internal_message.html?_=1674470990441&CODE_STATE=getMsg HTTP/1.1" 200 27
101.83.145.75 - - [23/Jan/2023:18:49:55 +0800] "GET /xingrg/all/function/internal_message.html?_=1674471006845&CODE_STATE=getMsg HTTP/1.1" 200 27
116.192.124.172 - - [23/Jan/2023:18:50:02 +0800] "GET /xingrg/all/function/internal_message.html?_=1674471012049&CODE_STATE=getMsg HTTP/1.1" 200 27
180.162.115.82 - - [23/Jan/2023:18:50:05 +0800] "GET /xingrg/all/function/internal_message.html?_=1674469982987&CODE_STATE=getMsg HTTP/1.1" 200 27
101.229.22.234 - - [23/Jan/2023:18:50:24 +0800] "GET /xingrg/all/function/internal_message.html?_=1674471034869&CODE_STATE=getMsg HTTP/1.1" 200 27
180.157.253.110 - - [23/Jan/2023:18:50:26 +0800] "GET /xingrg/all/function/internal_message.html?_=1674471037926&CODE_STATE=getMsg HTTP/1.1" 200 27
116.235.244.242 - - [23/Jan/2023:18:50:33 +0800] "GET /xingrg/all/function/internal_message.html?_=1674471049576&CODE_STATE=getMsg HTTP/1.1" 200 27
116.238.139.35 - - [23/Jan/2023:18:50:38 +0800] "GET /xingrg/all/function/internal_message.html?_=1674471050443&CODE_STATE=getMsg HTTP/1.1" 200 27
101.83.145.75 - - [23/Jan/2023:18:50:55 +0800] "GET /xingrg/all/function/internal_message.html?_=1674471066819&CODE_STATE=getMsg HTTP/1.1" 200 27
116.192.124.172 - - [23/Jan/2023:18:51:02 +0800] "GET /xingrg/all/function/internal_message.html?_=1674471072025&CODE_STATE=getMsg HTTP/1.1" 200 27
180.162.115.82 - - [23/Jan/2023:18:51:05 +0800] "GET /xingrg/all/function/internal_message.html?_=1674470042987&CODE_STATE=getMsg HTTP/1.1" 200 27
180.162.115.82 - - [23/Jan/2023:18:51:05 +0800] "GET /xingrg/check_reg.html?_=1674470042990 HTTP/1.1" 200 22
101.229.22.234 - - [23/Jan/2023:18:51:24 +0800] "GET /xingrg/check_reg.html?_=1674471094869 HTTP/1.1" 200 22
101.229.22.234 - - [23/Jan/2023:18:51:24 +0800] "GET /xingrg/all/function/internal_message.html?_=1674471094872&CODE_STATE=getMsg HTTP/1.1" 200 27
180.157.253.110 - - [23/Jan/2023:18:51:26 +0800] "GET /xingrg/all/function/internal_message.html?_=1674471097898&CODE_STATE=getMsg HTTP/1.1" 200 27
116.235.244.242 - - [23/Jan/2023:18:51:33 +0800] "GET /xingrg/all/function/internal_message.html?_=1674471109578&CODE_STATE=getMsg HTTP/1.1" 200 27
116.238.139.35 - - [23/Jan/2023:18:51:38 +0800] "GET /xingrg/all/function/internal_message.html?_=1674471110445&CODE_STATE=getMsg HTTP/1.1" 200 27
116.238.139.35 - - [23/Jan/2023:18:51:38 +0800] "GET /xingrg/check_reg.html?_=1674471110448 HTTP/1.1" 200 22
101.83.145.75 - - [23/Jan/2023:18:51:55 +0800] "GET /xingrg/all/function/internal_message.html?_=1674471126817&CODE_STATE=getMsg HTTP/1.1" 200 27
116.192.124.172 - - [23/Jan/2023:18:52:02 +0800] "GET /xingrg/all/function/internal_message.html?_=1674471132012&CODE_STATE=getMsg HTTP/1.1" 200 27
180.162.115.82 - - [23/Jan/2023:18:52:05 +0800] "GET /xingrg/all/function/internal_message.html?_=1674470102996&CODE_STATE=getMsg HTTP/1.1" 200 27
101.83.145.75 - - [23/Jan/2023:18:52:05 +0800] "GET /xingrg/check_reg.html?_=1674471136769 HTTP/1.1" 200 22
101.229.22.234 - - [23/Jan/2023:18:52:24 +0800] "GET /xingrg/all/function/internal_message.html?_=1674471154872&CODE_STATE=getMsg HTTP/1.1" 200 27
180.157.253.110 - - [23/Jan/2023:18:52:26 +0800] "GET /xingrg/all/function/internal_message.html?_=1674471157869&CODE_STATE=getMsg HTTP/1.1" 200 27
116.235.244.242 - - [23/Jan/2023:18:52:33 +0800] "GET /xingrg/all/function/internal_message.html?_=1674471169700&CODE_STATE=getMsg HTTP/1.1" 200 27
116.238.139.35 - - [23/Jan/2023:18:52:38 +0800] "GET /xingrg/all/function/internal_message.html?_=1674471170450&CODE_STATE=getMsg HTTP/1.1" 200 27
116.235.244.242 - - [23/Jan/2023:18:52:54 +0800] "GET /xingrg/check_reg.html?_=1674471190868 HTTP/1.1" 200 22
101.83.145.75 - - [23/Jan/2023:18:52:55 +0800] "GET /xingrg/all/function/internal_message.html?_=1674471186796&CODE_STATE=getMsg HTTP/1.1" 200 27
116.192.124.172 - - [23/Jan/2023:18:53:02 +0800] "GET /xingrg/all/function/internal_message.html?_=1674471191999&CODE_STATE=getMsg HTTP/1.1" 200 27
116.192.124.172 - - [23/Jan/2023:18:53:03 +0800] "GET /xingrg/check_reg.html?_=1674471192264 HTTP/1.1" 200 22
180.162.115.82 - - [23/Jan/2023:18:53:05 +0800] "GET /xingrg/all/function/internal_message.html?_=1674470162987&CODE_STATE=getMsg HTTP/1.1" 200 27
101.229.22.234 - - [23/Jan/2023:18:53:24 +0800] "GET /xingrg/all/function/internal_message.html?_=1674471214872&CODE_STATE=getMsg HTTP/1.1" 200 27
180.157.253.110 - - [23/Jan/2023:18:53:26 +0800] "GET /xingrg/all/function/internal_message.html?_=1674471217841&CODE_STATE=getMsg HTTP/1.1" 200 27
116.235.244.242 - - [23/Jan/2023:18:53:33 +0800] "GET /xingrg/all/function/internal_message.html?_=1674471229714&CODE_STATE=getMsg HTTP/1.1" 200 27
180.157.253.110 - - [23/Jan/2023:18:53:33 +0800] "GET /xingrg/check_reg.html?_=1674471225336 HTTP/1.1" 200 22
116.238.139.35 - - [23/Jan/2023:18:53:38 +0800] "GET /xingrg/all/function/internal_message.html?_=1674471230450&CODE_STATE=getMsg HTTP/1.1" 200 27
101.83.145.75 - - [23/Jan/2023:18:53:55 +0800] "GET /xingrg/all/function/internal_message.html?_=1674471246766&CODE_STATE=getMsg HTTP/1.1" 200 27
116.192.124.172 - - [23/Jan/2023:18:54:02 +0800] "GET /xingrg/all/function/internal_message.html?_=1674471251986&CODE_STATE=getMsg HTTP/1.1" 200 27
180.162.115.82 - - [23/Jan/2023:18:54:05 +0800] "GET /xingrg/all/function/internal_message.html?_=1674470222997&CODE_STATE=getMsg HTTP/1.1" 200 27
101.229.22.234 - - [23/Jan/2023:18:54:24 +0800] "GET /xingrg/all/function/internal_message.html?_=1674471274871&CODE_STATE=getMsg HTTP/1.1" 200 27
180.157.253.110 - - [23/Jan/2023:18:54:26 +0800] "GET /xingrg/all/function/internal_message.html?_=1674471277818&CODE_STATE=getMsg HTTP/1.1" 200 27
116.235.244.242 - - [23/Jan/2023:18:54:33 +0800] "GET /xingrg/all/function/internal_message.html?_=1674471289727&CODE_STATE=getMsg HTTP/1.1" 200 27
180.169.147.146 - - [23/Jan/2023:18:54:36 +0800] "GET /xingrg/check_reg.html?_=1674471288790 HTTP/1.1" 200 22
116.238.139.35 - - [23/Jan/2023:18:54:38 +0800] "GET /xingrg/all/function/internal_message.html?_=1674471290448&CODE_STATE=getMsg HTTP/1.1" 200 27
101.83.145.75 - - [23/Jan/2023:18:54:55 +0800] "GET /xingrg/all/function/internal_message.html?_=1674471306741&CODE_STATE=getMsg HTTP/1.1" 200 27
116.192.124.172 - - [23/Jan/2023:18:55:02 +0800] "GET /xingrg/all/function/internal_message.html?_=1674471311969&CODE_STATE=getMsg HTTP/1.1" 200 27
180.162.115.82 - - [23/Jan/2023:18:55:05 +0800] "GET /xingrg/all/function/internal_message.html?_=1674470282996&CODE_STATE=getMsg HTTP/1.1" 200 27
101.229.22.234 - - [23/Jan/2023:18:55:24 +0800] "GET /xingrg/all/function/internal_message.html?_=1674471334870&CODE_STATE=getMsg HTTP/1.1" 200 27
180.157.253.110 - - [23/Jan/2023:18:55:26 +0800] "GET /xingrg/all/function/internal_message.html?_=1674471337797&CODE_STATE=getMsg HTTP/1.1" 200 27
116.235.244.242 - - [23/Jan/2023:18:55:33 +0800] "GET /xingrg/all/function/internal_message.html?_=1674471349856&CODE_STATE=getMsg HTTP/1.1" 200 27
116.238.139.35 - - [23/Jan/2023:18:55:38 +0800] "GET /xingrg/all/function/internal_message.html?_=1674471350448&CODE_STATE=getMsg HTTP/1.1" 200 27
101.83.145.75 - - [23/Jan/2023:18:55:55 +0800] "GET /xingrg/all/function/internal_message.html?_=1674471366718&CODE_STATE=getMsg HTTP/1.1" 200 27
116.192.124.172 - - [23/Jan/2023:18:56:02 +0800] "GET /xingrg/all/function/internal_message.html?_=1674471371956&CODE_STATE=getMsg HTTP/1.1" 200 27
180.162.115.82 - - [23/Jan/2023:18:56:05 +0800] "GET /xingrg/check_reg.html?_=1674470342987 HTTP/1.1" 200 22
180.162.115.82 - - [23/Jan/2023:18:56:05 +0800] "GET /xingrg/all/function/internal_message.html?_=1674470342990&CODE_STATE=getMsg HTTP/1.1" 200 27
101.229.22.234 - - [23/Jan/2023:18:56:24 +0800] "GET /xingrg/all/function/internal_message.html?_=1674471394870&CODE_STATE=getMsg HTTP/1.1" 200 27
101.229.22.234 - - [23/Jan/2023:18:56:24 +0800] "GET /xingrg/check_reg.html?_=1674471394869 HTTP/1.1" 200 22
180.157.253.110 - - [23/Jan/2023:18:56:26 +0800] "GET /xingrg/all/function/internal_message.html?_=1674471397779&CODE_STATE=getMsg HTTP/1.1" 200 27
116.235.244.242 - - [23/Jan/2023:18:56:33 +0800] "GET /xingrg/all/function/internal_message.html?_=1674471409863&CODE_STATE=getMsg HTTP/1.1" 200 27
116.238.139.35 - - [23/Jan/2023:18:56:38 +0800] "GET /xingrg/all/function/internal_message.html?_=1674471410447&CODE_STATE=getMsg HTTP/1.1" 200 27
116.238.139.35 - - [23/Jan/2023:18:56:38 +0800] "GET /xingrg/check_reg.html?_=1674471410451 HTTP/1.1" 200 22
101.83.145.75 - - [23/Jan/2023:18:56:55 +0800] "GET /xingrg/all/function/internal_message.html?_=1674471426689&CODE_STATE=getMsg HTTP/1.1" 200 27
116.192.124.172 - - [23/Jan/2023:18:57:02 +0800] "GET /xingrg/all/function/internal_message.html?_=1674471431940&CODE_STATE=getMsg HTTP/1.1" 200 27
180.162.115.82 - - [23/Jan/2023:18:57:05 +0800] "GET /xingrg/all/function/internal_message.html?_=1674470402998&CODE_STATE=getMsg HTTP/1.1" 200 27
101.83.145.75 - - [23/Jan/2023:18:57:05 +0800] "GET /xingrg/check_reg.html?_=1674471436762 HTTP/1.1" 200 22
101.229.22.234 - - [23/Jan/2023:18:57:24 +0800] "GET /xingrg/all/function/internal_message.html?_=1674471454871&CODE_STATE=getMsg HTTP/1.1" 200 27
180.157.253.110 - - [23/Jan/2023:18:57:26 +0800] "GET /xingrg/all/function/internal_message.html?_=1674471457753&CODE_STATE=getMsg HTTP/1.1" 200 27
116.235.244.242 - - [23/Jan/2023:18:57:33 +0800] "GET /xingrg/all/function/internal_message.html?_=1674471469975&CODE_STATE=getMsg HTTP/1.1" 200 27
116.238.139.35 - - [23/Jan/2023:18:57:38 +0800] "GET /xingrg/all/function/internal_message.html?_=1674471470455&CODE_STATE=getMsg HTTP/1.1" 200 27
116.235.244.242 - - [23/Jan/2023:18:57:54 +0800] "GET /xingrg/check_reg.html?_=1674471490880 HTTP/1.1" 200 22
101.83.145.75 - - [23/Jan/2023:18:57:55 +0800] "GET /xingrg/all/function/internal_message.html?_=1674471486664&CODE_STATE=getMsg HTTP/1.1" 200 27
116.192.124.172 - - [23/Jan/2023:18:58:02 +0800] "GET /xingrg/all/function/internal_message.html?_=1674471491921&CODE_STATE=getMsg HTTP/1.1" 200 27
116.192.124.172 - - [23/Jan/2023:18:58:03 +0800] "GET /xingrg/check_reg.html?_=1674471492242 HTTP/1.1" 200 22
180.162.115.82 - - [23/Jan/2023:18:58:05 +0800] "GET /xingrg/all/function/internal_message.html?_=1674470462988&CODE_STATE=getMsg HTTP/1.1" 200 27
101.229.22.234 - - [23/Jan/2023:18:58:24 +0800] "GET /xingrg/all/function/internal_message.html?_=1674471514870&CODE_STATE=getMsg HTTP/1.1" 200 27
180.157.253.110 - - [23/Jan/2023:18:58:26 +0800] "GET /xingrg/all/function/internal_message.html?_=1674471517725&CODE_STATE=getMsg HTTP/1.1" 200 27
180.157.253.110 - - [23/Jan/2023:18:58:33 +0800] "GET /xingrg/check_reg.html?_=1674471525313 HTTP/1.1" 200 22
116.235.244.242 - - [23/Jan/2023:18:58:33 +0800] "GET /xingrg/all/function/internal_message.html?_=1674471529983&CODE_STATE=getMsg HTTP/1.1" 200 27
116.238.139.35 - - [23/Jan/2023:18:58:38 +0800] "GET /xingrg/all/function/internal_message.html?_=1674471530454&CODE_STATE=getMsg HTTP/1.1" 200 27
101.83.145.75 - - [23/Jan/2023:18:58:55 +0800] "GET /xingrg/all/function/internal_message.html?_=1674471546640&CODE_STATE=getMsg HTTP/1.1" 200 27
116.192.124.172 - - [23/Jan/2023:18:59:02 +0800] "GET /xingrg/all/function/internal_message.html?_=1674471551901&CODE_STATE=getMsg HTTP/1.1" 200 27
180.162.115.82 - - [23/Jan/2023:18:59:05 +0800] "GET /xingrg/all/function/internal_message.html?_=1674470522997&CODE_STATE=getMsg HTTP/1.1" 200 27
101.229.22.234 - - [23/Jan/2023:18:59:24 +0800] "GET /xingrg/all/function/internal_message.html?_=1674471574868&CODE_STATE=getMsg HTTP/1.1" 200 27
180.157.253.110 - - [23/Jan/2023:18:59:26 +0800] "GET /xingrg/all/function/internal_message.html?_=1674471577702&CODE_STATE=getMsg HTTP/1.1" 200 27
116.235.244.242 - - [23/Jan/2023:18:59:33 +0800] "GET /xingrg/all/function/internal_message.html?_=1674471589998&CODE_STATE=getMsg HTTP/1.1" 200 27
180.169.147.146 - - [23/Jan/2023:18:59:36 +0800] "GET /xingrg/check_reg.html?_=1674471588765 HTTP/1.1" 200 22
116.238.139.35 - - [23/Jan/2023:18:59:38 +0800] "GET /xingrg/all/function/internal_message.html?_=1674471590455&CODE_STATE=getMsg HTTP/1.1" 200 27
101.83.145.75 - - [23/Jan/2023:18:59:55 +0800] "GET /xingrg/all/function/internal_message.html?_=1674471606608&CODE_STATE=getMsg HTTP/1.1" 200 27
116.192.124.172 - - [23/Jan/2023:19:00:02 +0800] "GET /xingrg/all/function/internal_message.html?_=1674471611886&CODE_STATE=getMsg HTTP/1.1" 200 27
180.162.115.82 - - [23/Jan/2023:19:00:05 +0800] "GET /xingrg/all/function/internal_message.html?_=1674470582988&CODE_STATE=getMsg HTTP/1.1" 200 27
101.229.22.234 - - [23/Jan/2023:19:00:24 +0800] "GET /xingrg/all/function/internal_message.html?_=1674471634863&CODE_STATE=getMsg HTTP/1.1" 200 27
180.157.253.110 - - [23/Jan/2023:19:00:25 +0800] "GET /xingrg/all/function/internal_message.html?_=1674471637675&CODE_STATE=getMsg HTTP/1.1" 200 27
116.235.244.242 - - [23/Jan/2023:19:00:34 +0800] "GET /xingrg/all/function/internal_message.html?_=1674471650116&CODE_STATE=getMsg HTTP/1.1" 200 27
116.238.139.35 - - [23/Jan/2023:19:00:38 +0800] "GET /xingrg/all/function/internal_message.html?_=1674471650459&CODE_STATE=getMsg HTTP/1.1" 200 27
101.83.145.75 - - [23/Jan/2023:19:00:55 +0800] "GET /xingrg/all/function/internal_message.html?_=1674471666589&CODE_STATE=getMsg HTTP/1.1" 200 27
116.192.124.172 - - [23/Jan/2023:19:01:02 +0800] "GET /xingrg/all/function/internal_message.html?_=1674471671868&CODE_STATE=getMsg HTTP/1.1" 200 27
180.162.115.82 - - [23/Jan/2023:19:01:05 +0800] "GET /xingrg/check_reg.html?_=1674470642995 HTTP/1.1" 200 22
180.162.115.82 - - [23/Jan/2023:19:01:05 +0800] "GET /xingrg/all/function/internal_message.html?_=1674470642998&CODE_STATE=getMsg HTTP/1.1" 200 27
101.229.22.234 - - [23/Jan/2023:19:01:24 +0800] "GET /xingrg/all/function/internal_message.html?_=1674471694869&CODE_STATE=getMsg HTTP/1.1" 200 27
101.229.22.234 - - [23/Jan/2023:19:01:24 +0800] "GET /xingrg/check_reg.html?_=1674471694872 HTTP/1.1" 200 22
180.157.253.110 - - [23/Jan/2023:19:01:25 +0800] "GET /xingrg/all/function/internal_message.html?_=1674471697646&CODE_STATE=getMsg HTTP/1.1" 200 27
116.235.244.242 - - [23/Jan/2023:19:01:33 +0800] "GET /xingrg/all/function/internal_message.html?_=1674471710119&CODE_STATE=getMsg HTTP/1.1" 200 27
116.238.139.35 - - [23/Jan/2023:19:01:38 +0800] "GET /xingrg/all/function/internal_message.html?_=1674471710462&CODE_STATE=getMsg HTTP/1.1" 200 27
116.238.139.35 - - [23/Jan/2023:19:01:38 +0800] "GET /xingrg/check_reg.html?_=1674471710465 HTTP/1.1" 200 22
101.83.145.75 - - [23/Jan/2023:19:01:55 +0800] "GET /xingrg/all/function/internal_message.html?_=1674471726565&CODE_STATE=getMsg HTTP/1.1" 200 27
116.192.124.172 - - [23/Jan/2023:19:02:02 +0800] "GET /xingrg/all/function/internal_message.html?_=1674471731846&CODE_STATE=getMsg HTTP/1.1" 200 27
180.162.115.82 - - [23/Jan/2023:19:02:05 +0800] "GET /xingrg/all/function/internal_message.html?_=1674470702985&CODE_STATE=getMsg HTTP/1.1" 200 27
101.83.145.75 - - [23/Jan/2023:19:02:05 +0800] "GET /xingrg/check_reg.html?_=1674471736765 HTTP/1.1" 200 22
101.229.22.234 - - [23/Jan/2023:19:02:24 +0800] "GET /xingrg/all/function/internal_message.html?_=1674471754871&CODE_STATE=getMsg HTTP/1.1" 200 27
180.157.253.110 - - [23/Jan/2023:19:02:25 +0800] "GET /xingrg/all/function/internal_message.html?_=1674471757620&CODE_STATE=getMsg HTTP/1.1" 200 27
116.235.244.242 - - [23/Jan/2023:19:02:34 +0800] "GET /xingrg/all/function/internal_message.html?_=1674471770243&CODE_STATE=getMsg HTTP/1.1" 200 27
