101.229.22.234 - - [23/Jan/2023:15:03:24 +0800] "GET /xingrg/all/function/internal_message.html?_=1674457414766&CODE_STATE=getMsg HTTP/1.1" 200 27
116.235.93.82 - - [23/Jan/2023:15:03:30 +0800] "GET /xingrg/kc/base/wldb_order_operate.html?command=get_materiel&rest_code=00104&base_code=0010033&code=00102002457 HTTP/1.1" 200 452
180.157.253.110 - - [23/Jan/2023:15:03:31 +0800] "GET /xingrg/all/function/internal_message.html?_=1674457423566&CODE_STATE=getMsg HTTP/1.1" 200 27
180.157.253.110 - - [23/Jan/2023:15:03:34 +0800] "GET /xingrg/check_reg.html?_=1674457426181 HTTP/1.1" 200 22
116.235.93.82 - - [23/Jan/2023:15:03:36 +0800] "GET /xingrg/kc/base/wldb_order_operate.html?command=get_materiel&rest_code=00104&base_code=0010033&code=00102002272 HTTP/1.1" 200 444
116.238.139.35 - - [23/Jan/2023:15:03:38 +0800] "GET /xingrg/all/function/internal_message.html?_=1674457430061&CODE_STATE=getMsg HTTP/1.1" 200 27
116.235.93.82 - - [23/Jan/2023:15:03:44 +0800] "GET /xingrg/kc/base/wldb_order_operate.html?command=get_materiel&rest_code=00104&base_code=0010033&code=00102001125 HTTP/1.1" 200 447
116.235.93.82 - - [23/Jan/2023:15:03:49 +0800] "GET /xingrg/kc/base/wldb_order_operate.html?command=get_materiel&rest_code=00104&base_code=0010033&code=00102030030 HTTP/1.1" 200 449
116.235.93.82 - - [23/Jan/2023:15:03:55 +0800] "GET /xingrg/kc/base/wldb_order_operate.html?command=get_materiel&rest_code=00104&base_code=0010033&code=00102030009 HTTP/1.1" 200 467
101.229.22.234 - - [23/Jan/2023:15:03:56 +0800] "POST /xingrg/kc/buy/cgsh_list_operate.html HTTP/1.1" 200 618
101.229.22.234 - - [23/Jan/2023:15:03:57 +0800] "GET /xingrg/kc/buy/cgsh_order_info.html?code=212023012306751 HTTP/1.1" 200 68823
101.229.22.234 - - [23/Jan/2023:15:03:57 +0800] "GET /xingrg/javascript/easyui/themes/default/validatebox.css HTTP/1.1" 404 1104
101.229.22.234 - - [23/Jan/2023:15:03:58 +0800] "POST /xingrg/kc/buy/cgsh_order_operate.html HTTP/1.1" 200 9933
101.83.145.75 - - [23/Jan/2023:15:04:01 +0800] "GET /xingrg/all/function/internal_message.html?_=1674457452265&CODE_STATE=getMsg HTTP/1.1" 200 27
116.235.93.82 - - [23/Jan/2023:15:04:04 +0800] "GET /xingrg/all/function/internal_message.html?_=1674457695247&CODE_STATE=getMsg HTTP/1.1" 200 27
116.235.93.82 - - [23/Jan/2023:15:04:04 +0800] "GET /xingrg/check_reg.html?_=1674457695248 HTTP/1.1" 200 22
116.235.93.82 - - [23/Jan/2023:15:04:04 +0800] "GET /xingrg/kc/base/wldb_order_operate.html?command=get_materiel&rest_code=00104&base_code=0010033&code=00102002616 HTTP/1.1" 200 453
180.162.115.82 - - [23/Jan/2023:15:04:05 +0800] "GET /xingrg/all/function/internal_message.html?_=1674456422851&CODE_STATE=getMsg HTTP/1.1" 200 27
101.229.22.234 - - [23/Jan/2023:15:04:12 +0800] "POST /xingrg/kc/buy/cgsh_order_operate.html HTTP/1.1" 200 37
116.235.93.82 - - [23/Jan/2023:15:04:13 +0800] "POST /xingrg/kc/base/wldb_order_operate.html HTTP/1.1" 200 37
116.235.93.82 - - [23/Jan/2023:15:04:13 +0800] "POST /xingrg/kc/base/wldb_order_operate.html HTTP/1.1" 200 2201
116.235.93.82 - - [23/Jan/2023:15:04:14 +0800] "GET /xingrg/kc/base/wldb_order_info.html?code=422023012301504 HTTP/1.1" 200 30439
116.235.93.82 - - [23/Jan/2023:15:04:14 +0800] "GET /xingrg/javascript/easyui/themes/default/validatebox.css HTTP/1.1" 404 1104
116.235.93.82 - - [23/Jan/2023:15:04:15 +0800] "POST /xingrg/kc/base/wldb_order_operate.html HTTP/1.1" 200 2201
116.235.93.82 - - [23/Jan/2023:15:04:16 +0800] "GET /xingrg/kc/base/wldb_order_add.html HTTP/1.1" 200 30428
101.229.22.234 - - [23/Jan/2023:15:04:16 +0800] "POST /xingrg/kc/buy/cgsh_order_operate.html HTTP/1.1" 200 12
116.235.93.82 - - [23/Jan/2023:15:04:17 +0800] "POST /xingrg/kc/base/wldb_order_operate.html HTTP/1.1" 200 6806
116.235.93.82 - - [23/Jan/2023:15:04:17 +0800] "GET /xingrg/javascript/easyui/themes/default/validatebox.css HTTP/1.1" 404 1104
101.229.22.234 - - [23/Jan/2023:15:04:21 +0800] "GET /xingrg/kc/buy/cgsh_order_info.html?code=212023012306751 HTTP/1.1" 200 63719
101.229.22.234 - - [23/Jan/2023:15:04:21 +0800] "GET /xingrg/javascript/easyui/themes/default/validatebox.css HTTP/1.1" 404 1104
116.235.244.242 - - [23/Jan/2023:15:04:21 +0800] "GET /xingrg/all/function/internal_message.html?_=1674457477430&CODE_STATE=getMsg HTTP/1.1" 200 27
101.229.22.234 - - [23/Jan/2023:15:04:22 +0800] "POST /xingrg/kc/buy/cgsh_order_operate.html HTTP/1.1" 200 7858
101.229.22.234 - - [23/Jan/2023:15:04:24 +0800] "GET /xingrg/kc/print/load_data.html?order_code=212023012306751&kc_code=cgsh&condition= HTTP/1.1" 200 3556
101.229.22.234 - - [23/Jan/2023:15:04:24 +0800] "GET /xingrg/all/function/internal_message.html?_=1674457475491&CODE_STATE=getMsg HTTP/1.1" 200 27
180.157.253.110 - - [23/Jan/2023:15:04:31 +0800] "GET /xingrg/all/function/internal_message.html?_=1674457483549&CODE_STATE=getMsg HTTP/1.1" 200 27
180.169.147.146 - - [23/Jan/2023:15:04:37 +0800] "GET /xingrg/check_reg.html?_=1674457489819 HTTP/1.1" 200 22
116.238.139.35 - - [23/Jan/2023:15:04:38 +0800] "GET /xingrg/all/function/internal_message.html?_=1674457490075&CODE_STATE=getMsg HTTP/1.1" 200 27
116.235.93.82 - - [23/Jan/2023:15:04:48 +0800] "GET /xingrg/kc/base/wldb_order_operate.html?command=get_materiel&rest_code=00104&base_code=0010033&code=00102002315 HTTP/1.1" 200 461
116.235.93.82 - - [23/Jan/2023:15:04:57 +0800] "GET /xingrg/kc/base/wldb_order_operate.html?command=get_materiel&rest_code=00104&base_code=0010033&code=00102002204 HTTP/1.1" 200 447
101.83.145.75 - - [23/Jan/2023:15:05:01 +0800] "GET /xingrg/all/function/internal_message.html?_=1674457512237&CODE_STATE=getMsg HTTP/1.1" 200 27
116.235.93.82 - - [23/Jan/2023:15:05:04 +0800] "GET /xingrg/all/function/internal_message.html?_=1674457755233&CODE_STATE=getMsg HTTP/1.1" 200 27
180.162.115.82 - - [23/Jan/2023:15:05:05 +0800] "GET /xingrg/all/function/internal_message.html?_=1674456482860&CODE_STATE=getMsg HTTP/1.1" 200 27
116.235.93.82 - - [23/Jan/2023:15:05:13 +0800] "GET /xingrg/kc/base/wldb_order_operate.html?command=get_materiel&rest_code=00104&base_code=0010033&code=00102002304 HTTP/1.1" 200 464
116.235.244.242 - - [23/Jan/2023:15:05:22 +0800] "GET /xingrg/all/function/internal_message.html?_=1674457537544&CODE_STATE=getMsg HTTP/1.1" 200 27
101.229.22.234 - - [23/Jan/2023:15:05:24 +0800] "GET /xingrg/all/function/internal_message.html?_=1674457535474&CODE_STATE=getMsg HTTP/1.1" 200 27
116.235.93.82 - - [23/Jan/2023:15:05:25 +0800] "GET /xingrg/kc/base/wldb_order_operate.html?command=get_materiel&rest_code=00104&base_code=0010033&code=00102002025 HTTP/1.1" 200 453
180.157.253.110 - - [23/Jan/2023:15:05:31 +0800] "GET /xingrg/all/function/internal_message.html?_=1674457543522&CODE_STATE=getMsg HTTP/1.1" 200 27
116.235.93.82 - - [23/Jan/2023:15:05:34 +0800] "GET /xingrg/kc/base/wldb_order_operate.html?command=get_materiel&rest_code=00104&base_code=0010033&code=00102001084 HTTP/1.1" 200 431
116.238.139.35 - - [23/Jan/2023:15:05:38 +0800] "GET /xingrg/all/function/internal_message.html?_=1674457550075&CODE_STATE=getMsg HTTP/1.1" 200 27
116.235.93.82 - - [23/Jan/2023:15:05:45 +0800] "POST /xingrg/kc/base/wldb_order_operate.html HTTP/1.1" 200 37
116.235.93.82 - - [23/Jan/2023:15:05:46 +0800] "POST /xingrg/kc/base/wldb_order_operate.html HTTP/1.1" 200 3656
116.235.93.82 - - [23/Jan/2023:15:05:46 +0800] "GET /xingrg/kc/base/wldb_order_info.html?code=422023012301505 HTTP/1.1" 200 30442
116.235.93.82 - - [23/Jan/2023:15:05:47 +0800] "GET /xingrg/javascript/easyui/themes/default/validatebox.css HTTP/1.1" 404 1104
116.235.93.82 - - [23/Jan/2023:15:05:47 +0800] "POST /xingrg/kc/base/wldb_order_operate.html HTTP/1.1" 200 3656
116.235.93.82 - - [23/Jan/2023:15:05:48 +0800] "GET /xingrg/kc/base/wldb_order_add.html HTTP/1.1" 200 30428
116.235.93.82 - - [23/Jan/2023:15:05:49 +0800] "POST /xingrg/kc/base/wldb_order_operate.html HTTP/1.1" 200 6806
116.235.93.82 - - [23/Jan/2023:15:05:49 +0800] "GET /xingrg/javascript/easyui/themes/default/validatebox.css HTTP/1.1" 404 1104
101.83.145.75 - - [23/Jan/2023:15:06:01 +0800] "GET /xingrg/all/function/internal_message.html?_=1674457572204&CODE_STATE=getMsg HTTP/1.1" 200 27
116.235.93.82 - - [23/Jan/2023:15:06:04 +0800] "GET /xingrg/all/function/internal_message.html?_=1674457815194&CODE_STATE=getMsg HTTP/1.1" 200 27
180.162.115.82 - - [23/Jan/2023:15:06:05 +0800] "GET /xingrg/check_reg.html?_=1674456542866 HTTP/1.1" 200 22
180.162.115.82 - - [23/Jan/2023:15:06:05 +0800] "GET /xingrg/all/function/internal_message.html?_=1674456542868&CODE_STATE=getMsg HTTP/1.1" 200 27
116.235.93.82 - - [23/Jan/2023:15:06:11 +0800] "GET /xingrg/kc/base/wldb_order_operate.html?command=get_materiel&rest_code=00104&base_code=0010033&code=00102002022 HTTP/1.1" 200 473
116.235.244.242 - - [23/Jan/2023:15:06:21 +0800] "GET /xingrg/all/function/internal_message.html?_=1674457597551&CODE_STATE=getMsg HTTP/1.1" 200 27
116.235.93.82 - - [23/Jan/2023:15:06:22 +0800] "POST /xingrg/kc/base/wldb_order_operate.html HTTP/1.1" 200 37
116.235.93.82 - - [23/Jan/2023:15:06:23 +0800] "POST /xingrg/kc/base/wldb_order_operate.html HTTP/1.1" 200 2714
101.229.22.234 - - [23/Jan/2023:15:06:24 +0800] "GET /xingrg/check_reg.html?_=1674457594788 HTTP/1.1" 200 22
101.229.22.234 - - [23/Jan/2023:15:06:24 +0800] "GET /xingrg/all/function/internal_message.html?_=1674457595447&CODE_STATE=getMsg HTTP/1.1" 200 27
116.235.93.82 - - [23/Jan/2023:15:06:27 +0800] "GET /xingrg/kc/base/wldb_order_info.html?code=422023012301506 HTTP/1.1" 200 30442
116.235.93.82 - - [23/Jan/2023:15:06:27 +0800] "GET /xingrg/javascript/easyui/themes/default/validatebox.css HTTP/1.1" 404 1104
116.235.93.82 - - [23/Jan/2023:15:06:28 +0800] "POST /xingrg/kc/base/wldb_order_operate.html HTTP/1.1" 200 2714
116.235.93.82 - - [23/Jan/2023:15:06:30 +0800] "GET /xingrg/kc/base/wldb_order_add.html HTTP/1.1" 200 30428
116.235.93.82 - - [23/Jan/2023:15:06:30 +0800] "POST /xingrg/kc/base/wldb_order_operate.html HTTP/1.1" 200 6806
116.235.93.82 - - [23/Jan/2023:15:06:30 +0800] "GET /xingrg/javascript/easyui/themes/default/validatebox.css HTTP/1.1" 404 1104
180.157.253.110 - - [23/Jan/2023:15:06:31 +0800] "GET /xingrg/all/function/internal_message.html?_=1674457603495&CODE_STATE=getMsg HTTP/1.1" 200 27
116.238.139.35 - - [23/Jan/2023:15:06:38 +0800] "GET /xingrg/check_reg.html?_=1674457610081 HTTP/1.1" 200 22
116.238.139.35 - - [23/Jan/2023:15:06:38 +0800] "GET /xingrg/all/function/internal_message.html?_=1674457610083&CODE_STATE=getMsg HTTP/1.1" 200 27
116.235.93.82 - - [23/Jan/2023:15:06:54 +0800] "GET /xingrg/kc/base/wldb_order_operate.html?command=get_materiel&rest_code=00104&base_code=0010033&code=00102002117 HTTP/1.1" 200 431
101.83.145.75 - - [23/Jan/2023:15:07:01 +0800] "GET /xingrg/all/function/internal_message.html?_=1674457632186&CODE_STATE=getMsg HTTP/1.1" 200 27
116.235.93.82 - - [23/Jan/2023:15:07:04 +0800] "GET /xingrg/all/function/internal_message.html?_=1674457875168&CODE_STATE=getMsg HTTP/1.1" 200 27
180.162.115.82 - - [23/Jan/2023:15:07:05 +0800] "GET /xingrg/all/function/internal_message.html?_=1674456602867&CODE_STATE=getMsg HTTP/1.1" 200 27
101.83.145.75 - - [23/Jan/2023:15:07:05 +0800] "GET /xingrg/check_reg.html?_=1674457636416 HTTP/1.1" 200 22
116.235.93.82 - - [23/Jan/2023:15:07:08 +0800] "GET /xingrg/kc/base/wldb_order_operate.html?command=get_materiel&rest_code=00104&base_code=0010033&code=00102002576 HTTP/1.1" 200 457
116.235.93.82 - - [23/Jan/2023:15:07:16 +0800] "GET /xingrg/kc/base/wldb_order_operate.html?command=get_materiel&rest_code=00104&base_code=0010033&code=00102002341 HTTP/1.1" 200 439
116.235.244.242 - - [23/Jan/2023:15:07:22 +0800] "GET /xingrg/all/function/internal_message.html?_=1674457657663&CODE_STATE=getMsg HTTP/1.1" 200 27
101.229.22.234 - - [23/Jan/2023:15:07:24 +0800] "GET /xingrg/all/function/internal_message.html?_=1674457655432&CODE_STATE=getMsg HTTP/1.1" 200 27
116.235.93.82 - - [23/Jan/2023:15:07:25 +0800] "GET /xingrg/kc/base/wldb_order_operate.html?command=get_materiel&rest_code=00104&base_code=0010033&code=00102002536 HTTP/1.1" 200 439
116.235.93.82 - - [23/Jan/2023:15:07:31 +0800] "GET /xingrg/kc/base/wldb_order_operate.html?command=get_materiel&rest_code=00104&base_code=0010033&code=00102002198 HTTP/1.1" 200 450
180.157.253.110 - - [23/Jan/2023:15:07:31 +0800] "GET /xingrg/all/function/internal_message.html?_=1674457663493&CODE_STATE=getMsg HTTP/1.1" 200 27
116.238.139.35 - - [23/Jan/2023:15:07:38 +0800] "GET /xingrg/all/function/internal_message.html?_=1674457670080&CODE_STATE=getMsg HTTP/1.1" 200 27
116.235.244.242 - - [23/Jan/2023:15:07:55 +0800] "GET /xingrg/check_reg.html?_=1674457690622 HTTP/1.1" 200 22
101.83.145.75 - - [23/Jan/2023:15:08:01 +0800] "GET /xingrg/all/function/internal_message.html?_=1674457692161&CODE_STATE=getMsg HTTP/1.1" 200 27
116.235.93.82 - - [23/Jan/2023:15:08:04 +0800] "GET /xingrg/all/function/internal_message.html?_=1674457935160&CODE_STATE=getMsg HTTP/1.1" 200 27
180.162.115.82 - - [23/Jan/2023:15:08:05 +0800] "GET /xingrg/all/function/internal_message.html?_=1674456662859&CODE_STATE=getMsg HTTP/1.1" 200 27
116.235.244.242 - - [23/Jan/2023:15:08:22 +0800] "GET /xingrg/all/function/internal_message.html?_=1674457717671&CODE_STATE=getMsg HTTP/1.1" 200 27
101.229.22.234 - - [23/Jan/2023:15:08:24 +0800] "GET /xingrg/all/function/internal_message.html?_=1674457715417&CODE_STATE=getMsg HTTP/1.1" 200 27
180.157.253.110 - - [23/Jan/2023:15:08:31 +0800] "GET /xingrg/all/function/internal_message.html?_=1674457723465&CODE_STATE=getMsg HTTP/1.1" 200 27
180.157.253.110 - - [23/Jan/2023:15:08:34 +0800] "GET /xingrg/check_reg.html?_=1674457726184 HTTP/1.1" 200 22
116.238.139.35 - - [23/Jan/2023:15:08:38 +0800] "GET /xingrg/all/function/internal_message.html?_=1674457730080&CODE_STATE=getMsg HTTP/1.1" 200 27
101.83.145.75 - - [23/Jan/2023:15:09:01 +0800] "GET /xingrg/all/function/internal_message.html?_=1674457752131&CODE_STATE=getMsg HTTP/1.1" 200 27
116.235.93.82 - - [23/Jan/2023:15:09:04 +0800] "GET /xingrg/all/function/internal_message.html?_=1674457995124&CODE_STATE=getMsg HTTP/1.1" 200 27
116.235.93.82 - - [23/Jan/2023:15:09:04 +0800] "GET /xingrg/check_reg.html?_=1674457995266 HTTP/1.1" 200 22
180.162.115.82 - - [23/Jan/2023:15:09:05 +0800] "GET /xingrg/all/function/internal_message.html?_=1674456722850&CODE_STATE=getMsg HTTP/1.1" 200 27
116.235.93.82 - - [23/Jan/2023:15:09:07 +0800] "GET /xingrg/kc/base/wldb_order_operate.html?command=get_materiel&rest_code=00104&base_code=0010033&code=00102002311 HTTP/1.1" 200 431
116.235.244.242 - - [23/Jan/2023:15:09:22 +0800] "GET /xingrg/all/function/internal_message.html?_=1674457777684&CODE_STATE=getMsg HTTP/1.1" 200 27
101.229.22.234 - - [23/Jan/2023:15:09:24 +0800] "GET /xingrg/all/function/internal_message.html?_=1674457775403&CODE_STATE=getMsg HTTP/1.1" 200 27
116.235.93.82 - - [23/Jan/2023:15:09:27 +0800] "GET /xingrg/kc/base/wldb_order_operate.html?command=get_materiel&rest_code=00104&base_code=0010033&code=00102005373 HTTP/1.1" 200 429
180.157.253.110 - - [23/Jan/2023:15:09:31 +0800] "GET /xingrg/all/function/internal_message.html?_=1674457783442&CODE_STATE=getMsg HTTP/1.1" 200 27
180.169.147.146 - - [23/Jan/2023:15:09:37 +0800] "GET /xingrg/check_reg.html?_=1674457789795 HTTP/1.1" 200 22
116.238.139.35 - - [23/Jan/2023:15:09:38 +0800] "GET /xingrg/all/function/internal_message.html?_=1674457790085&CODE_STATE=getMsg HTTP/1.1" 200 27
116.235.93.82 - - [23/Jan/2023:15:09:51 +0800] "GET /xingrg/kc/base/wldb_order_operate.html?command=get_materiel&rest_code=00104&base_code=0010033&code=00102002549 HTTP/1.1" 200 446
101.83.145.75 - - [23/Jan/2023:15:10:01 +0800] "GET /xingrg/all/function/internal_message.html?_=1674457812099&CODE_STATE=getMsg HTTP/1.1" 200 27
116.235.93.82 - - [23/Jan/2023:15:10:04 +0800] "GET /xingrg/all/function/internal_message.html?_=1674458055100&CODE_STATE=getMsg HTTP/1.1" 200 27
180.162.115.82 - - [23/Jan/2023:15:10:05 +0800] "GET /xingrg/all/function/internal_message.html?_=1674456782852&CODE_STATE=getMsg HTTP/1.1" 200 27
116.235.244.242 - - [23/Jan/2023:15:10:22 +0800] "GET /xingrg/all/function/internal_message.html?_=1674457837800&CODE_STATE=getMsg HTTP/1.1" 200 27
101.229.22.234 - - [23/Jan/2023:15:10:24 +0800] "GET /xingrg/all/function/internal_message.html?_=1674457835381&CODE_STATE=getMsg HTTP/1.1" 200 27
180.157.253.110 - - [23/Jan/2023:15:10:31 +0800] "GET /xingrg/all/function/internal_message.html?_=1674457843412&CODE_STATE=getMsg HTTP/1.1" 200 27
116.238.139.35 - - [23/Jan/2023:15:10:38 +0800] "GET /xingrg/all/function/internal_message.html?_=1674457850086&CODE_STATE=getMsg HTTP/1.1" 200 27
116.235.93.82 - - [23/Jan/2023:15:10:49 +0800] "POST /xingrg/kc/base/wldb_order_operate.html HTTP/1.1" 200 37
116.235.93.82 - - [23/Jan/2023:15:10:49 +0800] "POST /xingrg/kc/base/wldb_order_operate.html HTTP/1.1" 200 2198
116.235.93.82 - - [23/Jan/2023:15:10:54 +0800] "GET /xingrg/kc/base/wldb_order_info.html?code=422023012301507 HTTP/1.1" 200 30444
116.235.93.82 - - [23/Jan/2023:15:10:55 +0800] "GET /xingrg/javascript/easyui/themes/default/validatebox.css HTTP/1.1" 404 1104
116.235.93.82 - - [23/Jan/2023:15:10:55 +0800] "POST /xingrg/kc/base/wldb_order_operate.html HTTP/1.1" 200 2198
116.235.93.82 - - [23/Jan/2023:15:10:56 +0800] "GET /xingrg/kc/base/wldb_order_add.html HTTP/1.1" 200 30428
116.235.93.82 - - [23/Jan/2023:15:10:57 +0800] "POST /xingrg/kc/base/wldb_order_operate.html HTTP/1.1" 200 6806
116.235.93.82 - - [23/Jan/2023:15:10:57 +0800] "GET /xingrg/javascript/easyui/themes/default/validatebox.css HTTP/1.1" 404 1104
101.83.145.75 - - [23/Jan/2023:15:11:01 +0800] "GET /xingrg/all/function/internal_message.html?_=1674457872068&CODE_STATE=getMsg HTTP/1.1" 200 27
116.235.93.82 - - [23/Jan/2023:15:11:04 +0800] "GET /xingrg/all/function/internal_message.html?_=1674458115082&CODE_STATE=getMsg HTTP/1.1" 200 27
180.162.115.82 - - [23/Jan/2023:15:11:05 +0800] "GET /xingrg/all/function/internal_message.html?_=1674456842859&CODE_STATE=getMsg HTTP/1.1" 200 27
180.162.115.82 - - [23/Jan/2023:15:11:05 +0800] "GET /xingrg/check_reg.html?_=1674456842862 HTTP/1.1" 200 22
114.88.159.190 - - [23/Jan/2023:15:11:15 +0800] "POST /xingrg/services/DataTransmitService HTTP/1.1" 200 524
114.88.159.190 - - [23/Jan/2023:15:11:16 +0800] "POST /xingrg/services/DataTransmitService HTTP/1.1" 200 501
114.88.159.190 - - [23/Jan/2023:15:11:17 +0800] "POST /xingrg/services/DataTransmitService HTTP/1.1" 200 501
114.88.159.190 - - [23/Jan/2023:15:11:17 +0800] "POST /xingrg/services/DataTransmitService HTTP/1.1" 200 501
114.88.159.190 - - [23/Jan/2023:15:11:17 +0800] "POST /xingrg/services/DataTransmitService HTTP/1.1" 200 501
114.88.159.190 - - [23/Jan/2023:15:11:17 +0800] "POST /xingrg/services/DataTransmitService HTTP/1.1" 200 501
114.88.159.190 - - [23/Jan/2023:15:11:18 +0800] "POST /xingrg/services/DataTransmitService HTTP/1.1" 200 501
114.88.159.190 - - [23/Jan/2023:15:11:18 +0800] "POST /xingrg/services/DataTransmitService HTTP/1.1" 200 501
114.88.159.190 - - [23/Jan/2023:15:11:18 +0800] "POST /xingrg/services/DataTransmitService HTTP/1.1" 200 501
114.88.159.190 - - [23/Jan/2023:15:11:19 +0800] "POST /xingrg/services/DataTransmitService HTTP/1.1" 200 412
116.235.244.242 - - [23/Jan/2023:15:11:22 +0800] "GET /xingrg/all/function/internal_message.html?_=1674457897805&CODE_STATE=getMsg HTTP/1.1" 200 27
101.229.22.234 - - [23/Jan/2023:15:11:24 +0800] "GET /xingrg/check_reg.html?_=1674457894778 HTTP/1.1" 200 22
101.229.22.234 - - [23/Jan/2023:15:11:24 +0800] "GET /xingrg/all/function/internal_message.html?_=1674457895359&CODE_STATE=getMsg HTTP/1.1" 200 27
180.157.253.110 - - [23/Jan/2023:15:11:31 +0800] "GET /xingrg/all/function/internal_message.html?_=1674457903383&CODE_STATE=getMsg HTTP/1.1" 200 27
116.238.139.35 - - [23/Jan/2023:15:11:38 +0800] "GET /xingrg/all/function/internal_message.html?_=1674457910085&CODE_STATE=getMsg HTTP/1.1" 200 27
116.238.139.35 - - [23/Jan/2023:15:11:38 +0800] "GET /xingrg/check_reg.html?_=1674457910086 HTTP/1.1" 200 22
58.40.7.146 - - [23/Jan/2023:15:11:41 +0800] "POST /xingrg/services/DataTransmitService HTTP/1.1" 200 524
101.83.145.75 - - [23/Jan/2023:15:12:01 +0800] "GET /xingrg/all/function/internal_message.html?_=1674457932039&CODE_STATE=getMsg HTTP/1.1" 200 27
116.235.93.82 - - [23/Jan/2023:15:12:04 +0800] "GET /xingrg/all/function/internal_message.html?_=1674458175044&CODE_STATE=getMsg HTTP/1.1" 200 27
116.235.93.82 - - [23/Jan/2023:15:12:04 +0800] "GET /xingrg/kc/base/wldb_order_operate.html?command=get_materiel&rest_code=00104&base_code=0010033&code=00102021001 HTTP/1.1" 200 441
180.162.115.82 - - [23/Jan/2023:15:12:05 +0800] "GET /xingrg/all/function/internal_message.html?_=1674456902848&CODE_STATE=getMsg HTTP/1.1" 200 27
101.83.145.75 - - [23/Jan/2023:15:12:05 +0800] "GET /xingrg/check_reg.html?_=1674457936411 HTTP/1.1" 200 22
116.235.93.82 - - [23/Jan/2023:15:12:11 +0800] "GET /xingrg/kc/base/wldb_order_operate.html?command=get_materiel&rest_code=00104&base_code=0010033&code=00102002118 HTTP/1.1" 200 467
116.235.93.82 - - [23/Jan/2023:15:12:21 +0800] "GET /xingrg/kc/base/wldb_order_operate.html?command=get_materiel&rest_code=00104&base_code=0010033&code=00102002258 HTTP/1.1" 200 448
116.235.244.242 - - [23/Jan/2023:15:12:22 +0800] "GET /xingrg/all/function/internal_message.html?_=1674457957934&CODE_STATE=getMsg HTTP/1.1" 200 27
101.229.22.234 - - [23/Jan/2023:15:12:24 +0800] "GET /xingrg/all/function/internal_message.html?_=1674457955343&CODE_STATE=getMsg HTTP/1.1" 200 27
180.157.253.110 - - [23/Jan/2023:15:12:31 +0800] "GET /xingrg/all/function/internal_message.html?_=1674457963354&CODE_STATE=getMsg HTTP/1.1" 200 27
124.78.154.177 - - [23/Jan/2023:15:12:37 +0800] "POST /xingrg/services/DataTransmitService HTTP/1.1" 200 524
124.78.154.177 - - [23/Jan/2023:15:12:37 +0800] "POST /xingrg/services/DataTransmitService HTTP/1.1" 200 501
116.238.139.35 - - [23/Jan/2023:15:12:38 +0800] "GET /xingrg/all/function/internal_message.html?_=1674457970085&CODE_STATE=getMsg HTTP/1.1" 200 27
116.235.93.82 - - [23/Jan/2023:15:12:46 +0800] "GET /xingrg/kc/base/wldb_order_operate.html?command=get_materiel&rest_code=00104&base_code=0010033&code=00102010221 HTTP/1.1" 200 433
116.235.244.242 - - [23/Jan/2023:15:12:55 +0800] "GET /xingrg/check_reg.html?_=1674457990629 HTTP/1.1" 200 22
101.83.145.75 - - [23/Jan/2023:15:13:01 +0800] "GET /xingrg/all/function/internal_message.html?_=1674457992014&CODE_STATE=getMsg HTTP/1.1" 200 27
116.235.93.82 - - [23/Jan/2023:15:13:04 +0800] "GET /xingrg/all/function/internal_message.html?_=1674458235018&CODE_STATE=getMsg HTTP/1.1" 200 27
180.162.115.82 - - [23/Jan/2023:15:13:05 +0800] "GET /xingrg/all/function/internal_message.html?_=1674456962852&CODE_STATE=getMsg HTTP/1.1" 200 27
116.235.93.82 - - [23/Jan/2023:15:13:10 +0800] "GET /xingrg/kc/base/wldb_order_operate.html?command=get_materiel&rest_code=00104&base_code=0010033&code=00102002098 HTTP/1.1" 200 437
116.235.244.242 - - [23/Jan/2023:15:13:22 +0800] "GET /xingrg/all/function/internal_message.html?_=1674458017942&CODE_STATE=getMsg HTTP/1.1" 200 27
101.229.22.234 - - [23/Jan/2023:15:13:24 +0800] "GET /xingrg/all/function/internal_message.html?_=1674458015326&CODE_STATE=getMsg HTTP/1.1" 200 27
116.235.93.82 - - [23/Jan/2023:15:13:30 +0800] "POST /xingrg/kc/base/wldb_order_operate.html HTTP/1.1" 200 37
116.235.93.82 - - [23/Jan/2023:15:13:31 +0800] "POST /xingrg/kc/base/wldb_order_operate.html HTTP/1.1" 200 4633
180.157.253.110 - - [23/Jan/2023:15:13:31 +0800] "GET /xingrg/all/function/internal_message.html?_=1674458023327&CODE_STATE=getMsg HTTP/1.1" 200 27
180.157.253.110 - - [23/Jan/2023:15:13:34 +0800] "GET /xingrg/check_reg.html?_=1674458026156 HTTP/1.1" 200 22
116.235.93.82 - - [23/Jan/2023:15:13:38 +0800] "GET /xingrg/kc/base/wldb_order_info.html?code=422023012301508 HTTP/1.1" 200 30443
116.238.139.35 - - [23/Jan/2023:15:13:38 +0800] "GET /xingrg/all/function/internal_message.html?_=1674458030084&CODE_STATE=getMsg HTTP/1.1" 200 27
116.235.93.82 - - [23/Jan/2023:15:13:38 +0800] "GET /xingrg/javascript/easyui/themes/default/validatebox.css HTTP/1.1" 404 1104
116.235.93.82 - - [23/Jan/2023:15:13:38 +0800] "POST /xingrg/kc/base/wldb_order_operate.html HTTP/1.1" 200 4633
116.235.93.82 - - [23/Jan/2023:15:13:41 +0800] "GET /xingrg/kc/base/wldb_order_add.html HTTP/1.1" 200 30428
116.235.93.82 - - [23/Jan/2023:15:13:42 +0800] "POST /xingrg/kc/base/wldb_order_operate.html HTTP/1.1" 200 6806
116.235.93.82 - - [23/Jan/2023:15:13:42 +0800] "GET /xingrg/javascript/easyui/themes/default/validatebox.css HTTP/1.1" 404 1104
101.83.145.75 - - [23/Jan/2023:15:14:01 +0800] "GET /xingrg/all/function/internal_message.html?_=1674458051996&CODE_STATE=getMsg HTTP/1.1" 200 27
116.235.93.82 - - [23/Jan/2023:15:14:04 +0800] "GET /xingrg/all/function/internal_message.html?_=1674458294996&CODE_STATE=getMsg HTTP/1.1" 200 27
116.235.93.82 - - [23/Jan/2023:15:14:04 +0800] "GET /xingrg/check_reg.html?_=1674458295261 HTTP/1.1" 200 22
180.162.115.82 - - [23/Jan/2023:15:14:05 +0800] "GET /xingrg/all/function/internal_message.html?_=1674457022857&CODE_STATE=getMsg HTTP/1.1" 200 27
116.235.244.242 - - [23/Jan/2023:15:14:22 +0800] "GET /xingrg/all/function/internal_message.html?_=1674458077955&CODE_STATE=getMsg HTTP/1.1" 200 27
101.229.22.234 - - [23/Jan/2023:15:14:24 +0800] "GET /xingrg/all/function/internal_message.html?_=1674458075309&CODE_STATE=getMsg HTTP/1.1" 200 27
180.157.253.110 - - [23/Jan/2023:15:14:31 +0800] "GET /xingrg/all/function/internal_message.html?_=1674458083303&CODE_STATE=getMsg HTTP/1.1" 200 27
180.169.147.146 - - [23/Jan/2023:15:14:37 +0800] "GET /xingrg/check_reg.html?_=1674458089769 HTTP/1.1" 200 22
116.238.139.35 - - [23/Jan/2023:15:14:38 +0800] "GET /xingrg/all/function/internal_message.html?_=1674458090090&CODE_STATE=getMsg HTTP/1.1" 200 27
116.235.93.82 - - [23/Jan/2023:15:14:43 +0800] "POST /xingrg/kc/base/wldb_order_operate.html HTTP/1.1" 200 37
116.235.93.82 - - [23/Jan/2023:15:14:44 +0800] "POST /xingrg/kc/base/wldb_order_operate.html HTTP/1.1" 200 2687
116.235.93.82 - - [23/Jan/2023:15:14:45 +0800] "GET /xingrg/kc/base/wldb_order_info.html?code=422023012301509 HTTP/1.1" 200 30444
116.235.93.82 - - [23/Jan/2023:15:14:45 +0800] "GET /xingrg/javascript/easyui/themes/default/validatebox.css HTTP/1.1" 404 1104
116.235.93.82 - - [23/Jan/2023:15:14:46 +0800] "POST /xingrg/kc/base/wldb_order_operate.html HTTP/1.1" 200 2687
116.235.93.82 - - [23/Jan/2023:15:14:48 +0800] "GET /xingrg/kc/base/wldb_order_add.html HTTP/1.1" 200 30428
116.235.93.82 - - [23/Jan/2023:15:14:48 +0800] "POST /xingrg/kc/base/wldb_order_operate.html HTTP/1.1" 200 6806
116.235.93.82 - - [23/Jan/2023:15:14:48 +0800] "GET /xingrg/javascript/easyui/themes/default/validatebox.css HTTP/1.1" 404 1104
101.83.145.75 - - [23/Jan/2023:15:15:01 +0800] "GET /xingrg/all/function/internal_message.html?_=1674458111977&CODE_STATE=getMsg HTTP/1.1" 200 27
116.235.93.82 - - [23/Jan/2023:15:15:04 +0800] "GET /xingrg/all/function/internal_message.html?_=1674458354975&CODE_STATE=getMsg HTTP/1.1" 200 27
180.162.115.82 - - [23/Jan/2023:15:15:05 +0800] "GET /xingrg/all/function/internal_message.html?_=1674457082843&CODE_STATE=getMsg HTTP/1.1" 200 27
116.235.244.242 - - [23/Jan/2023:15:15:22 +0800] "GET /xingrg/all/function/internal_message.html?_=1674458138063&CODE_STATE=getMsg HTTP/1.1" 200 27
101.229.22.234 - - [23/Jan/2023:15:15:24 +0800] "GET /xingrg/all/function/internal_message.html?_=1674458135294&CODE_STATE=getMsg HTTP/1.1" 200 27
116.235.93.82 - - [23/Jan/2023:15:15:25 +0800] "GET /xingrg/kc/base/wldb_order_operate.html?command=get_materiel&rest_code=00104&base_code=0010033&code=00102001118 HTTP/1.1" 200 432
180.157.253.110 - - [23/Jan/2023:15:15:31 +0800] "GET /xingrg/all/function/internal_message.html?_=1674458143289&CODE_STATE=getMsg HTTP/1.1" 200 27
116.235.93.82 - - [23/Jan/2023:15:15:34 +0800] "GET /xingrg/kc/base/wldb_order_operate.html?command=get_materiel&rest_code=00104&base_code=0010033&code=00102012040 HTTP/1.1" 200 451
116.238.139.35 - - [23/Jan/2023:15:15:38 +0800] "GET /xingrg/all/function/internal_message.html?_=1674458150088&CODE_STATE=getMsg HTTP/1.1" 200 27
116.235.93.82 - - [23/Jan/2023:15:15:44 +0800] "GET /xingrg/kc/base/wldb_order_operate.html?command=get_materiel&rest_code=00104&base_code=0010033&code=00102012048 HTTP/1.1" 200 445
101.80.229.13 - - [23/Jan/2023:15:15:46 +0800] "POST /xingrg/services/DataTransmitService HTTP/1.1" 200 524
101.80.229.13 - - [23/Jan/2023:15:15:47 +0800] "POST /xingrg/services/DataTransmitService HTTP/1.1" 200 501
116.235.93.82 - - [23/Jan/2023:15:15:57 +0800] "GET /xingrg/kc/base/wldb_order_operate.html?command=get_materiel&rest_code=00104&base_code=0010033&code=00102001151 HTTP/1.1" 200 434
101.83.145.75 - - [23/Jan/2023:15:16:01 +0800] "GET /xingrg/all/function/internal_message.html?_=1674458171957&CODE_STATE=getMsg HTTP/1.1" 200 27
116.235.93.82 - - [23/Jan/2023:15:16:04 +0800] "GET /xingrg/all/function/internal_message.html?_=1674458414977&CODE_STATE=getMsg HTTP/1.1" 200 27
180.162.115.82 - - [23/Jan/2023:15:16:05 +0800] "GET /xingrg/all/function/internal_message.html?_=1674457142852&CODE_STATE=getMsg HTTP/1.1" 200 27
180.162.115.82 - - [23/Jan/2023:15:16:05 +0800] "GET /xingrg/check_reg.html?_=1674457142855 HTTP/1.1" 200 22
116.235.93.82 - - [23/Jan/2023:15:16:06 +0800] "GET /xingrg/kc/base/wldb_order_operate.html?command=get_materiel&rest_code=00104&base_code=0010033&code=00102001074 HTTP/1.1" 200 433
116.235.244.242 - - [23/Jan/2023:15:16:22 +0800] "GET /xingrg/all/function/internal_message.html?_=1674458198075&CODE_STATE=getMsg HTTP/1.1" 200 27
116.235.93.82 - - [23/Jan/2023:15:16:23 +0800] "GET /xingrg/kc/base/wldb_order_operate.html?command=get_materiel&rest_code=00104&base_code=0010033&code=00102012013 HTTP/1.1" 200 431
101.229.22.234 - - [23/Jan/2023:15:16:24 +0800] "GET /xingrg/check_reg.html?_=1674458194777 HTTP/1.1" 200 22
101.229.22.234 - - [23/Jan/2023:15:16:24 +0800] "GET /xingrg/all/function/internal_message.html?_=1674458195279&CODE_STATE=getMsg HTTP/1.1" 200 27
180.157.253.110 - - [23/Jan/2023:15:16:31 +0800] "GET /xingrg/all/function/internal_message.html?_=1674458203276&CODE_STATE=getMsg HTTP/1.1" 200 27
116.238.139.35 - - [23/Jan/2023:15:16:38 +0800] "GET /xingrg/all/function/internal_message.html?_=1674458210089&CODE_STATE=getMsg HTTP/1.1" 200 27
116.238.139.35 - - [23/Jan/2023:15:16:38 +0800] "GET /xingrg/check_reg.html?_=1674458210091 HTTP/1.1" 200 22
116.235.93.82 - - [23/Jan/2023:15:16:41 +0800] "POST /xingrg/kc/base/wldb_order_operate.html HTTP/1.1" 200 37
116.235.93.82 - - [23/Jan/2023:15:16:42 +0800] "POST /xingrg/kc/base/wldb_order_operate.html HTTP/1.1" 200 6001
116.235.93.82 - - [23/Jan/2023:15:16:43 +0800] "GET /xingrg/kc/base/wldb_order_info.html?code=422023012301510 HTTP/1.1" 200 30443
116.235.93.82 - - [23/Jan/2023:15:16:43 +0800] "GET /xingrg/javascript/easyui/themes/default/validatebox.css HTTP/1.1" 404 1104
116.235.93.82 - - [23/Jan/2023:15:16:44 +0800] "POST /xingrg/kc/base/wldb_order_operate.html HTTP/1.1" 200 6001
116.235.93.82 - - [23/Jan/2023:15:16:47 +0800] "GET /xingrg/kc/base/wldb_order_add.html HTTP/1.1" 200 30428
116.235.93.82 - - [23/Jan/2023:15:16:47 +0800] "POST /xingrg/kc/base/wldb_order_operate.html HTTP/1.1" 200 6806
116.235.93.82 - - [23/Jan/2023:15:16:47 +0800] "GET /xingrg/javascript/easyui/themes/default/validatebox.css HTTP/1.1" 404 1104
101.83.145.75 - - [23/Jan/2023:15:17:01 +0800] "GET /xingrg/all/function/internal_message.html?_=1674458231959&CODE_STATE=getMsg HTTP/1.1" 200 27
116.235.93.82 - - [23/Jan/2023:15:17:03 +0800] "GET /xingrg/all/function/internal_message.html?_=1674458474936&CODE_STATE=getMsg HTTP/1.1" 200 27
116.235.93.82 - - [23/Jan/2023:15:17:04 +0800] "GET /xingrg/kc/base/wldb_order_operate.html?command=get_materiel&rest_code=00104&base_code=0010032&code=00101019461 HTTP/1.1" 200 473
180.162.115.82 - - [23/Jan/2023:15:17:05 +0800] "GET /xingrg/all/function/internal_message.html?_=1674457202856&CODE_STATE=getMsg HTTP/1.1" 200 27
101.83.145.75 - - [23/Jan/2023:15:17:05 +0800] "GET /xingrg/check_reg.html?_=1674458236439 HTTP/1.1" 200 22
116.235.93.82 - - [23/Jan/2023:15:17:10 +0800] "GET /xingrg/kc/base/wldb_order_operate.html?command=get_materiel&rest_code=00104&base_code=0010032&code=00101019017 HTTP/1.1" 200 443
116.235.93.82 - - [23/Jan/2023:15:17:16 +0800] "GET /xingrg/kc/base/wldb_order_operate.html?command=get_materiel&rest_code=00104&base_code=0010032&code=00101019019 HTTP/1.1" 200 476
116.235.244.242 - - [23/Jan/2023:15:17:22 +0800] "GET /xingrg/all/function/internal_message.html?_=1674458258197&CODE_STATE=getMsg HTTP/1.1" 200 27
101.229.22.234 - - [23/Jan/2023:15:17:24 +0800] "GET /xingrg/all/function/internal_message.html?_=1674458255265&CODE_STATE=getMsg HTTP/1.1" 200 27
180.157.253.110 - - [23/Jan/2023:15:17:31 +0800] "GET /xingrg/all/function/internal_message.html?_=1674458263257&CODE_STATE=getMsg HTTP/1.1" 200 27
116.235.93.82 - - [23/Jan/2023:15:17:34 +0800] "GET /xingrg/kc/base/wldb_order_operate.html?command=get_materiel&rest_code=00104&base_code=0010032&code=00101019496 HTTP/1.1" 200 471
116.238.139.35 - - [23/Jan/2023:15:17:38 +0800] "GET /xingrg/all/function/internal_message.html?_=1674458270091&CODE_STATE=getMsg HTTP/1.1" 200 27
116.235.93.82 - - [23/Jan/2023:15:17:52 +0800] "POST /xingrg/kc/base/wldb_order_operate.html HTTP/1.1" 200 37
116.235.93.82 - - [23/Jan/2023:15:17:52 +0800] "POST /xingrg/kc/base/wldb_order_operate.html HTTP/1.1" 200 2717
116.235.244.242 - - [23/Jan/2023:15:17:55 +0800] "GET /xingrg/check_reg.html?_=1674458290632 HTTP/1.1" 200 22
101.83.145.75 - - [23/Jan/2023:15:18:01 +0800] "GET /xingrg/all/function/internal_message.html?_=1674458291927&CODE_STATE=getMsg HTTP/1.1" 200 27
180.162.115.82 - - [23/Jan/2023:15:18:05 +0800] "GET /xingrg/all/function/internal_message.html?_=1674457262862&CODE_STATE=getMsg HTTP/1.1" 200 27
116.235.93.82 - - [23/Jan/2023:15:18:09 +0800] "GET /xingrg/kc/base/wldb_order_info.html?code=422023012301511 HTTP/1.1" 200 30442
116.235.93.82 - - [23/Jan/2023:15:18:09 +0800] "GET /xingrg/javascript/easyui/themes/default/validatebox.css HTTP/1.1" 404 1104
116.235.93.82 - - [23/Jan/2023:15:18:10 +0800] "POST /xingrg/kc/base/wldb_order_operate.html HTTP/1.1" 200 2717
116.235.93.82 - - [23/Jan/2023:15:18:21 +0800] "POST /xingrg/kc/base/wldb_list_operate.html HTTP/1.1" 200 5590
116.235.244.242 - - [23/Jan/2023:15:18:22 +0800] "GET /xingrg/all/function/internal_message.html?_=1674458318213&CODE_STATE=getMsg HTTP/1.1" 200 27
101.229.22.234 - - [23/Jan/2023:15:18:24 +0800] "GET /xingrg/all/function/internal_message.html?_=1674458315250&CODE_STATE=getMsg HTTP/1.1" 200 27
180.157.253.110 - - [23/Jan/2023:15:18:31 +0800] "GET /xingrg/all/function/internal_message.html?_=1674458323241&CODE_STATE=getMsg HTTP/1.1" 200 27
180.157.253.110 - - [23/Jan/2023:15:18:34 +0800] "GET /xingrg/check_reg.html?_=1674458326137 HTTP/1.1" 200 22
116.238.139.35 - - [23/Jan/2023:15:18:38 +0800] "GET /xingrg/all/function/internal_message.html?_=1674458330091&CODE_STATE=getMsg HTTP/1.1" 200 27
116.235.93.82 - - [23/Jan/2023:15:19:00 +0800] "POST /xingrg/kc/base/wldb_list_operate.html HTTP/1.1" 200 4
101.83.145.75 - - [23/Jan/2023:15:19:01 +0800] "GET /xingrg/all/function/internal_message.html?_=1674458351898&CODE_STATE=getMsg HTTP/1.1" 200 27
180.162.115.82 - - [23/Jan/2023:15:19:05 +0800] "GET /xingrg/all/function/internal_message.html?_=1674457322850&CODE_STATE=getMsg HTTP/1.1" 200 27
116.235.93.82 - - [23/Jan/2023:15:19:14 +0800] "POST /xingrg/kc/base/wldb_list_operate.html HTTP/1.1" 200 3795
116.235.244.242 - - [23/Jan/2023:15:19:22 +0800] "GET /xingrg/all/function/internal_message.html?_=1674458378226&CODE_STATE=getMsg HTTP/1.1" 200 27
101.229.22.234 - - [23/Jan/2023:15:19:24 +0800] "GET /xingrg/all/function/internal_message.html?_=1674458375222&CODE_STATE=getMsg HTTP/1.1" 200 27
180.157.253.110 - - [23/Jan/2023:15:19:31 +0800] "GET /xingrg/all/function/internal_message.html?_=1674458383220&CODE_STATE=getMsg HTTP/1.1" 200 27
180.169.147.146 - - [23/Jan/2023:15:19:37 +0800] "GET /xingrg/check_reg.html?_=1674458389743 HTTP/1.1" 200 22
116.238.139.35 - - [23/Jan/2023:15:19:38 +0800] "GET /xingrg/all/function/internal_message.html?_=1674458390089&CODE_STATE=getMsg HTTP/1.1" 200 27
101.83.145.75 - - [23/Jan/2023:15:20:00 +0800] "GET /xingrg/all/function/internal_message.html?_=1674458411875&CODE_STATE=getMsg HTTP/1.1" 200 27
116.235.93.82 - - [23/Jan/2023:15:20:03 +0800] "GET /xingrg/all/function/internal_message.html?_=1674458654950&CODE_STATE=getMsg HTTP/1.1" 200 27
180.162.115.82 - - [23/Jan/2023:15:20:05 +0800] "GET /xingrg/all/function/internal_message.html?_=1674457382857&CODE_STATE=getMsg HTTP/1.1" 200 27
116.235.244.242 - - [23/Jan/2023:15:20:22 +0800] "GET /xingrg/all/function/internal_message.html?_=1674458438339&CODE_STATE=getMsg HTTP/1.1" 200 27
101.229.22.234 - - [23/Jan/2023:15:20:24 +0800] "GET /xingrg/all/function/internal_message.html?_=1674458435205&CODE_STATE=getMsg HTTP/1.1" 200 27
180.157.253.110 - - [23/Jan/2023:15:20:31 +0800] "GET /xingrg/all/function/internal_message.html?_=1674458443200&CODE_STATE=getMsg HTTP/1.1" 200 27
116.238.139.35 - - [23/Jan/2023:15:20:38 +0800] "GET /xingrg/all/function/internal_message.html?_=1674458450090&CODE_STATE=getMsg HTTP/1.1" 200 27
101.83.145.75 - - [23/Jan/2023:15:21:00 +0800] "GET /xingrg/all/function/internal_message.html?_=1674458471847&CODE_STATE=getMsg HTTP/1.1" 200 27
116.235.93.82 - - [23/Jan/2023:15:21:03 +0800] "GET /xingrg/all/function/internal_message.html?_=1674458714918&CODE_STATE=getMsg HTTP/1.1" 200 27
180.162.115.82 - - [23/Jan/2023:15:21:05 +0800] "GET /xingrg/check_reg.html?_=1674457442847 HTTP/1.1" 200 22
180.162.115.82 - - [23/Jan/2023:15:21:05 +0800] "GET /xingrg/all/function/internal_message.html?_=1674457442850&CODE_STATE=getMsg HTTP/1.1" 200 27
116.235.244.242 - - [23/Jan/2023:15:21:22 +0800] "GET /xingrg/all/function/internal_message.html?_=1674458498347&CODE_STATE=getMsg HTTP/1.1" 200 27
101.229.22.234 - - [23/Jan/2023:15:21:24 +0800] "GET /xingrg/check_reg.html?_=1674458494785 HTTP/1.1" 200 22
101.229.22.234 - - [23/Jan/2023:15:21:24 +0800] "GET /xingrg/all/function/internal_message.html?_=1674458495179&CODE_STATE=getMsg HTTP/1.1" 200 27
222.70.181.49 - - [23/Jan/2023:15:21:26 +0800] "POST /xingrg/services/DataTransmitService HTTP/1.1" 200 524
180.157.253.110 - - [23/Jan/2023:15:21:31 +0800] "GET /xingrg/all/function/internal_message.html?_=1674458503175&CODE_STATE=getMsg HTTP/1.1" 200 27
222.70.181.49 - - [23/Jan/2023:15:21:32 +0800] "POST /xingrg/services/DataTransmitService HTTP/1.1" 200 501
116.238.139.35 - - [23/Jan/2023:15:21:38 +0800] "GET /xingrg/all/function/internal_message.html?_=1674458510089&CODE_STATE=getMsg HTTP/1.1" 200 27
116.238.139.35 - - [23/Jan/2023:15:21:38 +0800] "GET /xingrg/check_reg.html?_=1674458510095 HTTP/1.1" 200 22
101.83.145.75 - - [23/Jan/2023:15:22:00 +0800] "GET /xingrg/all/function/internal_message.html?_=1674458531829&CODE_STATE=getMsg HTTP/1.1" 200 27
116.235.93.82 - - [23/Jan/2023:15:22:03 +0800] "GET /xingrg/all/function/internal_message.html?_=1674458774891&CODE_STATE=getMsg HTTP/1.1" 200 27
180.162.115.82 - - [23/Jan/2023:15:22:05 +0800] "GET /xingrg/all/function/internal_message.html?_=1674457502857&CODE_STATE=getMsg HTTP/1.1" 200 27
101.83.145.75 - - [23/Jan/2023:15:22:05 +0800] "GET /xingrg/check_reg.html?_=1674458536435 HTTP/1.1" 200 22
116.235.244.242 - - [23/Jan/2023:15:22:22 +0800] "GET /xingrg/all/function/internal_message.html?_=1674458558475&CODE_STATE=getMsg HTTP/1.1" 200 27
101.229.22.234 - - [23/Jan/2023:15:22:24 +0800] "GET /xingrg/all/function/internal_message.html?_=1674458555164&CODE_STATE=getMsg HTTP/1.1" 200 27
180.157.253.110 - - [23/Jan/2023:15:22:31 +0800] "GET /xingrg/all/function/internal_message.html?_=1674458563156&CODE_STATE=getMsg HTTP/1.1" 200 27
116.238.139.35 - - [23/Jan/2023:15:22:38 +0800] "GET /xingrg/all/function/internal_message.html?_=1674458570094&CODE_STATE=getMsg HTTP/1.1" 200 27
116.235.244.242 - - [23/Jan/2023:15:22:55 +0800] "GET /xingrg/check_reg.html?_=1674458590644 HTTP/1.1" 200 22
101.83.145.75 - - [23/Jan/2023:15:23:00 +0800] "GET /xingrg/all/function/internal_message.html?_=1674458591809&CODE_STATE=getMsg HTTP/1.1" 200 27
116.235.93.82 - - [23/Jan/2023:15:23:03 +0800] "GET /xingrg/all/function/internal_message.html?_=1674458834863&CODE_STATE=getMsg HTTP/1.1" 200 27
180.162.115.82 - - [23/Jan/2023:15:23:05 +0800] "GET /xingrg/all/function/internal_message.html?_=1674457562847&CODE_STATE=getMsg HTTP/1.1" 200 27
116.235.244.242 - - [23/Jan/2023:15:23:22 +0800] "GET /xingrg/all/function/internal_message.html?_=1674458618484&CODE_STATE=getMsg HTTP/1.1" 200 27
101.229.22.234 - - [23/Jan/2023:15:23:24 +0800] "GET /xingrg/all/function/internal_message.html?_=1674458615149&CODE_STATE=getMsg HTTP/1.1" 200 27
180.157.253.110 - - [23/Jan/2023:15:23:31 +0800] "GET /xingrg/all/function/internal_message.html?_=1674458623132&CODE_STATE=getMsg HTTP/1.1" 200 27
180.157.253.110 - - [23/Jan/2023:15:23:34 +0800] "GET /xingrg/check_reg.html?_=1674458626117 HTTP/1.1" 200 22
116.238.139.35 - - [23/Jan/2023:15:23:38 +0800] "GET /xingrg/all/function/internal_message.html?_=1674458630110&CODE_STATE=getMsg HTTP/1.1" 200 27
101.83.145.75 - - [23/Jan/2023:15:24:00 +0800] "GET /xingrg/all/function/internal_message.html?_=1674458651778&CODE_STATE=getMsg HTTP/1.1" 200 27
116.235.93.82 - - [23/Jan/2023:15:24:03 +0800] "GET /xingrg/all/function/internal_message.html?_=1674458894840&CODE_STATE=getMsg HTTP/1.1" 200 27
116.235.93.82 - - [23/Jan/2023:15:24:04 +0800] "GET /xingrg/check_reg.html?_=1674458895265 HTTP/1.1" 200 22
180.162.115.82 - - [23/Jan/2023:15:24:05 +0800] "GET /xingrg/all/function/internal_message.html?_=1674457622857&CODE_STATE=getMsg HTTP/1.1" 200 27
116.235.244.242 - - [23/Jan/2023:15:24:22 +0800] "GET /xingrg/all/function/internal_message.html?_=1674458678496&CODE_STATE=getMsg HTTP/1.1" 200 27
101.229.22.234 - - [23/Jan/2023:15:24:24 +0800] "GET /xingrg/all/function/internal_message.html?_=1674458675119&CODE_STATE=getMsg HTTP/1.1" 200 27
180.157.253.110 - - [23/Jan/2023:15:24:31 +0800] "GET /xingrg/all/function/internal_message.html?_=1674458683111&CODE_STATE=getMsg HTTP/1.1" 200 27
180.169.147.146 - - [23/Jan/2023:15:24:37 +0800] "GET /xingrg/check_reg.html?_=1674458689716 HTTP/1.1" 200 22
116.238.139.35 - - [23/Jan/2023:15:24:38 +0800] "GET /xingrg/all/function/internal_message.html?_=1674458690111&CODE_STATE=getMsg HTTP/1.1" 200 27
101.83.145.75 - - [23/Jan/2023:15:25:00 +0800] "GET /xingrg/all/function/internal_message.html?_=1674458711748&CODE_STATE=getMsg HTTP/1.1" 200 27
116.235.93.82 - - [23/Jan/2023:15:25:03 +0800] "GET /xingrg/all/function/internal_message.html?_=1674458954821&CODE_STATE=getMsg HTTP/1.1" 200 27
180.162.115.82 - - [23/Jan/2023:15:25:05 +0800] "GET /xingrg/all/function/internal_message.html?_=1674457682852&CODE_STATE=getMsg HTTP/1.1" 200 27
116.235.244.242 - - [23/Jan/2023:15:25:23 +0800] "GET /xingrg/all/function/internal_message.html?_=1674458738623&CODE_STATE=getMsg HTTP/1.1" 200 27
101.229.22.234 - - [23/Jan/2023:15:25:24 +0800] "GET /xingrg/all/function/internal_message.html?_=1674458735104&CODE_STATE=getMsg HTTP/1.1" 200 27
180.157.253.110 - - [23/Jan/2023:15:25:31 +0800] "GET /xingrg/all/function/internal_message.html?_=1674458743083&CODE_STATE=getMsg HTTP/1.1" 200 27
116.238.139.35 - - [23/Jan/2023:15:25:38 +0800] "GET /xingrg/all/function/internal_message.html?_=1674458750111&CODE_STATE=getMsg HTTP/1.1" 200 27
101.83.145.75 - - [23/Jan/2023:15:26:00 +0800] "GET /xingrg/all/function/internal_message.html?_=1674458771717&CODE_STATE=getMsg HTTP/1.1" 200 27
116.235.93.82 - - [23/Jan/2023:15:26:03 +0800] "GET /xingrg/all/function/internal_message.html?_=1674459014791&CODE_STATE=getMsg HTTP/1.1" 200 27
180.162.115.82 - - [23/Jan/2023:15:26:05 +0800] "GET /xingrg/check_reg.html?_=1674457742862 HTTP/1.1" 200 22
180.162.115.82 - - [23/Jan/2023:15:26:05 +0800] "GET /xingrg/all/function/internal_message.html?_=1674457742864&CODE_STATE=getMsg HTTP/1.1" 200 27
116.235.244.242 - - [23/Jan/2023:15:26:23 +0800] "GET /xingrg/all/function/internal_message.html?_=1674458798633&CODE_STATE=getMsg HTTP/1.1" 200 27
101.229.22.234 - - [23/Jan/2023:15:26:24 +0800] "GET /xingrg/check_reg.html?_=1674458794778 HTTP/1.1" 200 22
101.229.22.234 - - [23/Jan/2023:15:26:24 +0800] "GET /xingrg/all/function/internal_message.html?_=1674458795078&CODE_STATE=getMsg HTTP/1.1" 200 27
180.157.253.110 - - [23/Jan/2023:15:26:31 +0800] "GET /xingrg/all/function/internal_message.html?_=1674458803055&CODE_STATE=getMsg HTTP/1.1" 200 27
116.238.139.35 - - [23/Jan/2023:15:26:38 +0800] "GET /xingrg/all/function/internal_message.html?_=1674458810114&CODE_STATE=getMsg HTTP/1.1" 200 27
116.238.139.35 - - [23/Jan/2023:15:26:38 +0800] "GET /xingrg/check_reg.html?_=1674458810112 HTTP/1.1" 200 22
116.238.139.35 - - [23/Jan/2023:15:26:43 +0800] "POST /xingrg/services/DataTransmitService HTTP/1.1" 200 524
116.238.139.35 - - [23/Jan/2023:15:26:45 +0800] "POST /xingrg/services/DataTransmitService HTTP/1.1" 200 501
116.238.139.35 - - [23/Jan/2023:15:26:45 +0800] "POST /xingrg/services/DataTransmitService HTTP/1.1" 200 501
116.238.139.35 - - [23/Jan/2023:15:26:45 +0800] "POST /xingrg/services/DataTransmitService HTTP/1.1" 200 501
116.238.139.35 - - [23/Jan/2023:15:26:45 +0800] "POST /xingrg/services/DataTransmitService HTTP/1.1" 200 501
116.238.139.35 - - [23/Jan/2023:15:26:46 +0800] "POST /xingrg/services/DataTransmitService HTTP/1.1" 200 501
116.238.139.35 - - [23/Jan/2023:15:26:46 +0800] "POST /xingrg/services/DataTransmitService HTTP/1.1" 200 501
116.238.139.35 - - [23/Jan/2023:15:26:46 +0800] "POST /xingrg/services/DataTransmitService HTTP/1.1" 200 501
116.238.139.35 - - [23/Jan/2023:15:26:46 +0800] "POST /xingrg/services/DataTransmitService HTTP/1.1" 200 501
116.238.139.35 - - [23/Jan/2023:15:26:47 +0800] "POST /xingrg/services/DataTransmitService HTTP/1.1" 200 412
101.83.145.75 - - [23/Jan/2023:15:27:00 +0800] "GET /xingrg/all/function/internal_message.html?_=1674458831687&CODE_STATE=getMsg HTTP/1.1" 200 27
116.235.93.82 - - [23/Jan/2023:15:27:03 +0800] "GET /xingrg/all/function/internal_message.html?_=1674459074759&CODE_STATE=getMsg HTTP/1.1" 200 27
180.162.115.82 - - [23/Jan/2023:15:27:05 +0800] "GET /xingrg/all/function/internal_message.html?_=1674457802856&CODE_STATE=getMsg HTTP/1.1" 200 27
101.83.145.75 - - [23/Jan/2023:15:27:05 +0800] "GET /xingrg/check_reg.html?_=1674458836432 HTTP/1.1" 200 22
116.235.244.242 - - [23/Jan/2023:15:27:23 +0800] "GET /xingrg/all/function/internal_message.html?_=1674458858748&CODE_STATE=getMsg HTTP/1.1" 200 27
101.229.22.234 - - [23/Jan/2023:15:27:24 +0800] "GET /xingrg/all/function/internal_message.html?_=1674458855053&CODE_STATE=getMsg HTTP/1.1" 200 27
180.157.253.110 - - [23/Jan/2023:15:27:31 +0800] "GET /xingrg/all/function/internal_message.html?_=1674458863037&CODE_STATE=getMsg HTTP/1.1" 200 27
116.238.139.35 - - [23/Jan/2023:15:27:38 +0800] "GET /xingrg/all/function/internal_message.html?_=1674458870112&CODE_STATE=getMsg HTTP/1.1" 200 27
116.235.244.242 - - [23/Jan/2023:15:27:55 +0800] "GET /xingrg/check_reg.html?_=1674458890644 HTTP/1.1" 200 22
101.83.145.75 - - [23/Jan/2023:15:28:00 +0800] "GET /xingrg/all/function/internal_message.html?_=1674458891658&CODE_STATE=getMsg HTTP/1.1" 200 27
116.235.93.82 - - [23/Jan/2023:15:28:03 +0800] "GET /xingrg/all/function/internal_message.html?_=1674459134739&CODE_STATE=getMsg HTTP/1.1" 200 27
180.162.115.82 - - [23/Jan/2023:15:28:05 +0800] "GET /xingrg/all/function/internal_message.html?_=1674457862866&CODE_STATE=getMsg HTTP/1.1" 200 27
114.83.217.77 - - [23/Jan/2023:15:28:20 +0800] "POST /xingrg/services/DataTransmitService HTTP/1.1" 200 524
114.83.217.77 - - [23/Jan/2023:15:28:21 +0800] "POST /xingrg/services/DataTransmitService HTTP/1.1" 200 501
114.83.217.77 - - [23/Jan/2023:15:28:21 +0800] "POST /xingrg/services/DataTransmitService HTTP/1.1" 200 501
114.83.217.77 - - [23/Jan/2023:15:28:21 +0800] "POST /xingrg/services/DataTransmitService HTTP/1.1" 200 501
114.83.217.77 - - [23/Jan/2023:15:28:22 +0800] "POST /xingrg/services/DataTransmitService HTTP/1.1" 200 501
114.83.217.77 - - [23/Jan/2023:15:28:22 +0800] "POST /xingrg/services/DataTransmitService HTTP/1.1" 200 501
114.83.217.77 - - [23/Jan/2023:15:28:22 +0800] "POST /xingrg/services/DataTransmitService HTTP/1.1" 200 412
116.235.244.242 - - [23/Jan/2023:15:28:23 +0800] "GET /xingrg/all/function/internal_message.html?_=1674458918754&CODE_STATE=getMsg HTTP/1.1" 200 27
101.229.22.234 - - [23/Jan/2023:15:28:24 +0800] "GET /xingrg/all/function/internal_message.html?_=1674458915037&CODE_STATE=getMsg HTTP/1.1" 200 27
180.157.253.110 - - [23/Jan/2023:15:28:31 +0800] "GET /xingrg/all/function/internal_message.html?_=1674458923018&CODE_STATE=getMsg HTTP/1.1" 200 27
180.157.253.110 - - [23/Jan/2023:15:28:34 +0800] "GET /xingrg/check_reg.html?_=1674458926112 HTTP/1.1" 200 22
116.238.139.35 - - [23/Jan/2023:15:28:38 +0800] "GET /xingrg/all/function/internal_message.html?_=1674458930112&CODE_STATE=getMsg HTTP/1.1" 200 27
101.83.145.75 - - [23/Jan/2023:15:29:00 +0800] "GET /xingrg/all/function/internal_message.html?_=1674458951630&CODE_STATE=getMsg HTTP/1.1" 200 27
116.235.93.82 - - [23/Jan/2023:15:29:03 +0800] "GET /xingrg/all/function/internal_message.html?_=1674459194710&CODE_STATE=getMsg HTTP/1.1" 200 27
116.235.93.82 - - [23/Jan/2023:15:29:04 +0800] "GET /xingrg/check_reg.html?_=1674459195234 HTTP/1.1" 200 22
180.162.115.82 - - [23/Jan/2023:15:29:05 +0800] "GET /xingrg/all/function/internal_message.html?_=1674457922860&CODE_STATE=getMsg HTTP/1.1" 200 27
116.235.244.242 - - [23/Jan/2023:15:29:23 +0800] "GET /xingrg/all/function/internal_message.html?_=1674458978767&CODE_STATE=getMsg HTTP/1.1" 200 27
101.229.22.234 - - [23/Jan/2023:15:29:24 +0800] "GET /xingrg/all/function/internal_message.html?_=1674458975021&CODE_STATE=getMsg HTTP/1.1" 200 27
