116.235.244.242 - - [23/Jan/2023:13:52:17 +0800] "GET /xingrg/all/function/internal_message.html?_=1674453153164&CODE_STATE=getMsg HTTP/1.1" 200 27
116.238.139.35 - - [23/Jan/2023:13:52:19 +0800] "GET /xingrg/all/function/internal_message.html?_=1674453073412&CODE_STATE=getMsg HTTP/1.1" 200 27
101.229.22.234 - - [23/Jan/2023:13:52:24 +0800] "GET /xingrg/all/function/internal_message.html?_=1674453154753&CODE_STATE=getMsg HTTP/1.1" 200 27
180.157.253.110 - - [23/Jan/2023:13:52:33 +0800] "GET /xingrg/all/function/internal_message.html?_=1674453165404&CODE_STATE=getMsg HTTP/1.1" 200 27
116.238.139.35 - - [23/Jan/2023:13:52:38 +0800] "GET /xingrg/all/function/internal_message.html?_=1674453169953&CODE_STATE=getMsg HTTP/1.1" 200 27
116.235.244.242 - - [23/Jan/2023:13:52:55 +0800] "GET /xingrg/check_reg.html?_=1674453190478 HTTP/1.1" 200 22
101.83.145.75 - - [23/Jan/2023:13:53:03 +0800] "GET /xingrg/all/function/internal_message.html?_=1674453193933&CODE_STATE=getMsg HTTP/1.1" 200 27
180.162.115.82 - - [23/Jan/2023:13:53:05 +0800] "GET /xingrg/all/function/internal_message.html?_=1674452162802&CODE_STATE=getMsg HTTP/1.1" 200 27
116.238.139.35 - - [23/Jan/2023:13:53:11 +0800] "GET /xingrg/check_reg.html?_=1674453125723 HTTP/1.1" 200 22
222.70.181.49 - - [23/Jan/2023:13:53:11 +0800] "GET /xingrg/all/function/internal_message.html?_=1674453202225&CODE_STATE=getMsg HTTP/1.1" 200 27
116.235.244.242 - - [23/Jan/2023:13:53:17 +0800] "GET /xingrg/all/function/internal_message.html?_=1674453213173&CODE_STATE=getMsg HTTP/1.1" 200 27
116.238.139.35 - - [23/Jan/2023:13:53:19 +0800] "GET /xingrg/all/function/internal_message.html?_=1674453133426&CODE_STATE=getMsg HTTP/1.1" 200 27
101.229.22.234 - - [23/Jan/2023:13:53:24 +0800] "GET /xingrg/all/function/internal_message.html?_=1674453214751&CODE_STATE=getMsg HTTP/1.1" 200 27
180.157.253.110 - - [23/Jan/2023:13:53:33 +0800] "GET /xingrg/all/function/internal_message.html?_=1674453225375&CODE_STATE=getMsg HTTP/1.1" 200 27
180.157.253.110 - - [23/Jan/2023:13:53:34 +0800] "GET /xingrg/check_reg.html?_=1674453226432 HTTP/1.1" 200 22
116.238.139.35 - - [23/Jan/2023:13:53:38 +0800] "GET /xingrg/all/function/internal_message.html?_=1674453229953&CODE_STATE=getMsg HTTP/1.1" 200 27
101.83.145.75 - - [23/Jan/2023:13:54:03 +0800] "GET /xingrg/all/function/internal_message.html?_=1674453253905&CODE_STATE=getMsg HTTP/1.1" 200 27
180.162.115.82 - - [23/Jan/2023:13:54:05 +0800] "GET /xingrg/all/function/internal_message.html?_=1674452222812&CODE_STATE=getMsg HTTP/1.1" 200 27
222.70.181.49 - - [23/Jan/2023:13:54:11 +0800] "GET /xingrg/all/function/internal_message.html?_=1674453262239&CODE_STATE=getMsg HTTP/1.1" 200 27
116.235.244.242 - - [23/Jan/2023:13:54:17 +0800] "GET /xingrg/all/function/internal_message.html?_=1674453273187&CODE_STATE=getMsg HTTP/1.1" 200 27
116.238.139.35 - - [23/Jan/2023:13:54:19 +0800] "GET /xingrg/all/function/internal_message.html?_=1674453193439&CODE_STATE=getMsg HTTP/1.1" 200 27
101.229.22.234 - - [23/Jan/2023:13:54:24 +0800] "GET /xingrg/all/function/internal_message.html?_=1674453274758&CODE_STATE=getMsg HTTP/1.1" 200 27
180.157.253.110 - - [23/Jan/2023:13:54:33 +0800] "GET /xingrg/all/function/internal_message.html?_=1674453285357&CODE_STATE=getMsg HTTP/1.1" 200 27
180.169.147.146 - - [23/Jan/2023:13:54:38 +0800] "GET /xingrg/check_reg.html?_=1674453290121 HTTP/1.1" 200 22
116.238.139.35 - - [23/Jan/2023:13:54:38 +0800] "GET /xingrg/all/function/internal_message.html?_=1674453289959&CODE_STATE=getMsg HTTP/1.1" 200 27
101.83.145.75 - - [23/Jan/2023:13:55:03 +0800] "GET /xingrg/all/function/internal_message.html?_=1674453313902&CODE_STATE=getMsg HTTP/1.1" 200 27
180.162.115.82 - - [23/Jan/2023:13:55:05 +0800] "GET /xingrg/all/function/internal_message.html?_=1674452282811&CODE_STATE=getMsg HTTP/1.1" 200 27
222.70.181.49 - - [23/Jan/2023:13:55:11 +0800] "GET /xingrg/check_reg.html?_=1674453322224 HTTP/1.1" 200 22
222.70.181.49 - - [23/Jan/2023:13:55:11 +0800] "GET /xingrg/all/function/internal_message.html?_=1674453322226&CODE_STATE=getMsg HTTP/1.1" 200 27
116.235.244.242 - - [23/Jan/2023:13:55:17 +0800] "GET /xingrg/all/function/internal_message.html?_=1674453333247&CODE_STATE=getMsg HTTP/1.1" 200 27
116.238.139.35 - - [23/Jan/2023:13:55:19 +0800] "GET /xingrg/all/function/internal_message.html?_=1674453253487&CODE_STATE=getMsg HTTP/1.1" 200 27
101.229.22.234 - - [23/Jan/2023:13:55:24 +0800] "GET /xingrg/all/function/internal_message.html?_=1674453334758&CODE_STATE=getMsg HTTP/1.1" 200 27
180.157.253.110 - - [23/Jan/2023:13:55:33 +0800] "GET /xingrg/all/function/internal_message.html?_=1674453345331&CODE_STATE=getMsg HTTP/1.1" 200 27
116.238.139.35 - - [23/Jan/2023:13:55:38 +0800] "GET /xingrg/all/function/internal_message.html?_=1674453349964&CODE_STATE=getMsg HTTP/1.1" 200 27
101.83.145.75 - - [23/Jan/2023:13:56:02 +0800] "GET /xingrg/all/function/internal_message.html?_=1674453373871&CODE_STATE=getMsg HTTP/1.1" 200 27
180.162.115.82 - - [23/Jan/2023:13:56:05 +0800] "GET /xingrg/all/function/internal_message.html?_=1674452342801&CODE_STATE=getMsg HTTP/1.1" 200 27
180.162.115.82 - - [23/Jan/2023:13:56:05 +0800] "GET /xingrg/check_reg.html?_=1674452342804 HTTP/1.1" 200 22
222.70.181.49 - - [23/Jan/2023:13:56:11 +0800] "GET /xingrg/all/function/internal_message.html?_=1674453382230&CODE_STATE=getMsg HTTP/1.1" 200 27
116.235.244.242 - - [23/Jan/2023:13:56:17 +0800] "GET /xingrg/all/function/internal_message.html?_=1674453393260&CODE_STATE=getMsg HTTP/1.1" 200 27
116.238.139.35 - - [23/Jan/2023:13:56:19 +0800] "GET /xingrg/all/function/internal_message.html?_=1674453313497&CODE_STATE=getMsg HTTP/1.1" 200 27
101.229.22.234 - - [23/Jan/2023:13:56:24 +0800] "GET /xingrg/check_reg.html?_=1674453394758 HTTP/1.1" 200 22
101.229.22.234 - - [23/Jan/2023:13:56:24 +0800] "GET /xingrg/all/function/internal_message.html?_=1674453394762&CODE_STATE=getMsg HTTP/1.1" 200 27
180.157.253.110 - - [23/Jan/2023:13:56:33 +0800] "GET /xingrg/all/function/internal_message.html?_=1674453405301&CODE_STATE=getMsg HTTP/1.1" 200 27
116.238.139.35 - - [23/Jan/2023:13:56:38 +0800] "GET /xingrg/all/function/internal_message.html?_=1674453409969&CODE_STATE=getMsg HTTP/1.1" 200 27
116.238.139.35 - - [23/Jan/2023:13:56:38 +0800] "GET /xingrg/check_reg.html?_=1674453409972 HTTP/1.1" 200 22
116.238.139.35 - - [23/Jan/2023:13:56:40 +0800] "POST /xingrg/services/DataTransmitService HTTP/1.1" 200 524
116.238.139.35 - - [23/Jan/2023:13:56:41 +0800] "POST /xingrg/services/DataTransmitService HTTP/1.1" 200 501
116.238.139.35 - - [23/Jan/2023:13:56:41 +0800] "POST /xingrg/services/DataTransmitService HTTP/1.1" 200 501
116.238.139.35 - - [23/Jan/2023:13:56:42 +0800] "POST /xingrg/services/DataTransmitService HTTP/1.1" 200 501
116.238.139.35 - - [23/Jan/2023:13:56:42 +0800] "POST /xingrg/services/DataTransmitService HTTP/1.1" 200 501
116.238.139.35 - - [23/Jan/2023:13:56:42 +0800] "POST /xingrg/services/DataTransmitService HTTP/1.1" 200 501
116.238.139.35 - - [23/Jan/2023:13:56:43 +0800] "POST /xingrg/services/DataTransmitService HTTP/1.1" 200 501
116.238.139.35 - - [23/Jan/2023:13:56:43 +0800] "POST /xingrg/services/DataTransmitService HTTP/1.1" 200 501
116.238.139.35 - - [23/Jan/2023:13:56:43 +0800] "POST /xingrg/services/DataTransmitService HTTP/1.1" 200 501
116.238.139.35 - - [23/Jan/2023:13:56:43 +0800] "POST /xingrg/services/DataTransmitService HTTP/1.1" 200 412
101.83.145.75 - - [23/Jan/2023:13:57:02 +0800] "GET /xingrg/all/function/internal_message.html?_=1674453433847&CODE_STATE=getMsg HTTP/1.1" 200 27
180.162.115.82 - - [23/Jan/2023:13:57:05 +0800] "GET /xingrg/all/function/internal_message.html?_=1674452402818&CODE_STATE=getMsg HTTP/1.1" 200 27
101.83.145.75 - - [23/Jan/2023:13:57:05 +0800] "GET /xingrg/check_reg.html?_=1674453436301 HTTP/1.1" 200 22
222.70.181.49 - - [23/Jan/2023:13:57:11 +0800] "GET /xingrg/all/function/internal_message.html?_=1674453442277&CODE_STATE=getMsg HTTP/1.1" 200 27
116.235.244.242 - - [23/Jan/2023:13:57:17 +0800] "GET /xingrg/all/function/internal_message.html?_=1674453453275&CODE_STATE=getMsg HTTP/1.1" 200 27
116.238.139.35 - - [23/Jan/2023:13:57:19 +0800] "GET /xingrg/all/function/internal_message.html?_=1674453373547&CODE_STATE=getMsg HTTP/1.1" 200 27
116.235.244.242 - - [23/Jan/2023:13:57:19 +0800] "GET /xingrg/kc/buy/cgsh_order_add.html HTTP/1.1" 200 69701
116.235.244.242 - - [23/Jan/2023:13:57:19 +0800] "POST /xingrg/kc/buy/cgsh_order_operate.html HTTP/1.1" 200 8245
116.235.244.242 - - [23/Jan/2023:13:57:19 +0800] "GET /xingrg/javascript/easyui/themes/default/validatebox.css HTTP/1.1" 404 1104
101.229.22.234 - - [23/Jan/2023:13:57:24 +0800] "GET /xingrg/all/function/internal_message.html?_=1674453454746&CODE_STATE=getMsg HTTP/1.1" 200 27
180.157.253.110 - - [23/Jan/2023:13:57:33 +0800] "GET /xingrg/all/function/internal_message.html?_=1674453465285&CODE_STATE=getMsg HTTP/1.1" 200 27
116.235.244.242 - - [23/Jan/2023:13:57:34 +0800] "GET /xingrg/kc/buy/cgsh_order_operate.html?command=get_materiel&rest_code=00146&code=00101001140&supplier_code=00100090&order_time=2023-01-23 HTTP/1.1" 200 433
116.238.139.35 - - [23/Jan/2023:13:57:38 +0800] "GET /xingrg/all/function/internal_message.html?_=1674453469956&CODE_STATE=getMsg HTTP/1.1" 200 27
116.235.244.242 - - [23/Jan/2023:13:57:55 +0800] "GET /xingrg/check_reg.html?_=1674453490480 HTTP/1.1" 200 22
101.83.145.75 - - [23/Jan/2023:13:58:02 +0800] "GET /xingrg/all/function/internal_message.html?_=1674453493818&CODE_STATE=getMsg HTTP/1.1" 200 27
180.162.115.82 - - [23/Jan/2023:13:58:05 +0800] "GET /xingrg/all/function/internal_message.html?_=1674452462809&CODE_STATE=getMsg HTTP/1.1" 200 27
116.235.244.242 - - [23/Jan/2023:13:58:07 +0800] "POST /xingrg/kc/buy/cgsh_order_operate.html HTTP/1.1" 200 37
116.235.244.242 - - [23/Jan/2023:13:58:11 +0800] "POST /xingrg/kc/buy/cgsh_order_operate.html HTTP/1.1" 200 2664
116.238.139.35 - - [23/Jan/2023:13:58:11 +0800] "GET /xingrg/check_reg.html?_=1674453425725 HTTP/1.1" 200 22
222.70.181.49 - - [23/Jan/2023:13:58:11 +0800] "GET /xingrg/all/function/internal_message.html?_=1674453502297&CODE_STATE=getMsg HTTP/1.1" 200 27
116.235.244.242 - - [23/Jan/2023:13:58:15 +0800] "GET /xingrg/kc/print/load_data.html?order_code=212023012306745&kc_code=cgsh&condition= HTTP/1.1" 200 750
114.83.217.77 - - [23/Jan/2023:13:58:15 +0800] "POST /xingrg/services/DataTransmitService HTTP/1.1" 200 524
116.235.244.242 - - [23/Jan/2023:13:58:17 +0800] "GET /xingrg/all/function/internal_message.html?_=1674453513288&CODE_STATE=getMsg HTTP/1.1" 200 27
114.83.217.77 - - [23/Jan/2023:13:58:18 +0800] "POST /xingrg/services/DataTransmitService HTTP/1.1" 200 501
114.83.217.77 - - [23/Jan/2023:13:58:18 +0800] "POST /xingrg/services/DataTransmitService HTTP/1.1" 200 501
114.83.217.77 - - [23/Jan/2023:13:58:18 +0800] "POST /xingrg/services/DataTransmitService HTTP/1.1" 200 501
114.83.217.77 - - [23/Jan/2023:13:58:19 +0800] "POST /xingrg/services/DataTransmitService HTTP/1.1" 200 501
116.238.139.35 - - [23/Jan/2023:13:58:19 +0800] "GET /xingrg/all/function/internal_message.html?_=1674453433557&CODE_STATE=getMsg HTTP/1.1" 200 27
114.83.217.77 - - [23/Jan/2023:13:58:19 +0800] "POST /xingrg/services/DataTransmitService HTTP/1.1" 200 501
114.83.217.77 - - [23/Jan/2023:13:58:19 +0800] "POST /xingrg/services/DataTransmitService HTTP/1.1" 200 501
114.83.217.77 - - [23/Jan/2023:13:58:19 +0800] "POST /xingrg/services/DataTransmitService HTTP/1.1" 200 501
114.83.217.77 - - [23/Jan/2023:13:58:20 +0800] "POST /xingrg/services/DataTransmitService HTTP/1.1" 200 501
114.83.217.77 - - [23/Jan/2023:13:58:20 +0800] "POST /xingrg/services/DataTransmitService HTTP/1.1" 200 412
101.229.22.234 - - [23/Jan/2023:13:58:24 +0800] "GET /xingrg/all/function/internal_message.html?_=1674453514747&CODE_STATE=getMsg HTTP/1.1" 200 27
180.157.253.110 - - [23/Jan/2023:13:58:33 +0800] "GET /xingrg/all/function/internal_message.html?_=1674453525262&CODE_STATE=getMsg HTTP/1.1" 200 27
116.235.244.242 - - [23/Jan/2023:13:58:33 +0800] "GET /xingrg/kc/buy/cgsh_order_add.html HTTP/1.1" 200 69701
116.235.244.242 - - [23/Jan/2023:13:58:34 +0800] "POST /xingrg/kc/buy/cgsh_order_operate.html HTTP/1.1" 200 8245
116.235.244.242 - - [23/Jan/2023:13:58:34 +0800] "GET /xingrg/javascript/easyui/themes/default/validatebox.css HTTP/1.1" 404 1104
180.157.253.110 - - [23/Jan/2023:13:58:34 +0800] "GET /xingrg/check_reg.html?_=1674453526405 HTTP/1.1" 200 22
116.238.139.35 - - [23/Jan/2023:13:58:38 +0800] "GET /xingrg/all/function/internal_message.html?_=1674453529963&CODE_STATE=getMsg HTTP/1.1" 200 27
116.235.244.242 - - [23/Jan/2023:13:58:51 +0800] "GET /xingrg/kc/buy/cgsh_order_operate.html?command=get_materiel&rest_code=00146&code=00101003003&supplier_code=00100093&order_time=2023-01-23 HTTP/1.1" 200 437
101.83.145.75 - - [23/Jan/2023:13:59:02 +0800] "GET /xingrg/all/function/internal_message.html?_=1674453553796&CODE_STATE=getMsg HTTP/1.1" 200 27
180.162.115.82 - - [23/Jan/2023:13:59:05 +0800] "GET /xingrg/all/function/internal_message.html?_=1674452522801&CODE_STATE=getMsg HTTP/1.1" 200 27
222.70.181.49 - - [23/Jan/2023:13:59:11 +0800] "GET /xingrg/all/function/internal_message.html?_=1674453562279&CODE_STATE=getMsg HTTP/1.1" 200 27
116.235.244.242 - - [23/Jan/2023:13:59:17 +0800] "GET /xingrg/all/function/internal_message.html?_=1674453573301&CODE_STATE=getMsg HTTP/1.1" 200 27
116.238.139.35 - - [23/Jan/2023:13:59:19 +0800] "GET /xingrg/all/function/internal_message.html?_=1674453493569&CODE_STATE=getMsg HTTP/1.1" 200 27
101.229.22.234 - - [23/Jan/2023:13:59:24 +0800] "GET /xingrg/all/function/internal_message.html?_=1674453574755&CODE_STATE=getMsg HTTP/1.1" 200 27
180.157.253.110 - - [23/Jan/2023:13:59:33 +0800] "GET /xingrg/all/function/internal_message.html?_=1674453585242&CODE_STATE=getMsg HTTP/1.1" 200 27
180.169.147.146 - - [23/Jan/2023:13:59:38 +0800] "GET /xingrg/check_reg.html?_=1674453590094 HTTP/1.1" 200 22
116.238.139.35 - - [23/Jan/2023:13:59:38 +0800] "GET /xingrg/all/function/internal_message.html?_=1674453589966&CODE_STATE=getMsg HTTP/1.1" 200 27
116.235.244.242 - - [23/Jan/2023:13:59:43 +0800] "POST /xingrg/kc/buy/cgsh_order_operate.html HTTP/1.1" 200 37
116.235.244.242 - - [23/Jan/2023:13:59:45 +0800] "POST /xingrg/kc/buy/cgsh_order_operate.html HTTP/1.1" 200 2666
116.235.244.242 - - [23/Jan/2023:13:59:51 +0800] "GET /xingrg/kc/print/load_data.html?order_code=212023012306746&kc_code=cgsh&condition= HTTP/1.1" 200 749
101.83.145.75 - - [23/Jan/2023:14:00:02 +0800] "GET /xingrg/all/function/internal_message.html?_=1674453613773&CODE_STATE=getMsg HTTP/1.1" 200 27
116.235.244.242 - - [23/Jan/2023:14:00:04 +0800] "GET /xingrg/kc/buy/cgsh_order_add.html HTTP/1.1" 200 69701
180.162.115.82 - - [23/Jan/2023:14:00:05 +0800] "GET /xingrg/all/function/internal_message.html?_=1674452582812&CODE_STATE=getMsg HTTP/1.1" 200 27
116.235.244.242 - - [23/Jan/2023:14:00:05 +0800] "POST /xingrg/kc/buy/cgsh_order_operate.html HTTP/1.1" 200 8245
116.235.244.242 - - [23/Jan/2023:14:00:05 +0800] "GET /xingrg/javascript/easyui/themes/default/validatebox.css HTTP/1.1" 404 1104
222.70.181.49 - - [23/Jan/2023:14:00:11 +0800] "GET /xingrg/check_reg.html?_=1674453622233 HTTP/1.1" 200 22
222.70.181.49 - - [23/Jan/2023:14:00:11 +0800] "GET /xingrg/all/function/internal_message.html?_=1674453622264&CODE_STATE=getMsg HTTP/1.1" 200 27
116.235.244.242 - - [23/Jan/2023:14:00:17 +0800] "GET /xingrg/all/function/internal_message.html?_=1674453633315&CODE_STATE=getMsg HTTP/1.1" 200 27
116.235.244.242 - - [23/Jan/2023:14:00:18 +0800] "GET /xingrg/kc/buy/cgsh_order_operate.html?command=get_materiel&rest_code=00146&code=00101004046&supplier_code=00100312&order_time=2023-01-23 HTTP/1.1" 200 417
101.229.22.234 - - [23/Jan/2023:14:00:24 +0800] "GET /xingrg/all/function/internal_message.html?_=1674453634755&CODE_STATE=getMsg HTTP/1.1" 200 27
180.157.253.110 - - [23/Jan/2023:14:00:33 +0800] "GET /xingrg/all/function/internal_message.html?_=1674453645224&CODE_STATE=getMsg HTTP/1.1" 200 27
116.235.244.242 - - [23/Jan/2023:14:00:36 +0800] "GET /xingrg/kc/buy/cgsh_order_operate.html?command=get_materiel&rest_code=00146&code=00101004027&supplier_code=00100312&order_time=2023-01-23 HTTP/1.1" 200 409
116.238.139.35 - - [23/Jan/2023:14:00:38 +0800] "GET /xingrg/all/function/internal_message.html?_=1674453649971&CODE_STATE=getMsg HTTP/1.1" 200 27
116.235.244.242 - - [23/Jan/2023:14:00:47 +0800] "GET /xingrg/kc/buy/cgsh_order_operate.html?command=get_materiel&rest_code=00146&code=00101004071&supplier_code=00100312&order_time=2023-01-23 HTTP/1.1" 200 409
101.83.145.75 - - [23/Jan/2023:14:01:02 +0800] "GET /xingrg/all/function/internal_message.html?_=1674453673748&CODE_STATE=getMsg HTTP/1.1" 200 27
116.235.244.242 - - [23/Jan/2023:14:01:03 +0800] "GET /xingrg/kc/buy/cgsh_order_operate.html?command=get_materiel&rest_code=00146&code=00101004030&supplier_code=00100312&order_time=2023-01-23 HTTP/1.1" 200 423
180.162.115.82 - - [23/Jan/2023:14:01:05 +0800] "GET /xingrg/check_reg.html?_=1674452642809 HTTP/1.1" 200 22
180.162.115.82 - - [23/Jan/2023:14:01:05 +0800] "GET /xingrg/all/function/internal_message.html?_=1674452642813&CODE_STATE=getMsg HTTP/1.1" 200 27
222.70.181.49 - - [23/Jan/2023:14:01:11 +0800] "GET /xingrg/all/function/internal_message.html?_=1674453682255&CODE_STATE=getMsg HTTP/1.1" 200 27
116.235.244.242 - - [23/Jan/2023:14:01:17 +0800] "GET /xingrg/kc/buy/cgsh_order_operate.html?command=get_materiel&rest_code=00146&code=00101001029&supplier_code=00100312&order_time=2023-01-23 HTTP/1.1" 200 432
116.235.244.242 - - [23/Jan/2023:14:01:17 +0800] "GET /xingrg/all/function/internal_message.html?_=1674453693329&CODE_STATE=getMsg HTTP/1.1" 200 27
101.229.22.234 - - [23/Jan/2023:14:01:24 +0800] "GET /xingrg/all/function/internal_message.html?_=1674453694755&CODE_STATE=getMsg HTTP/1.1" 200 27
101.229.22.234 - - [23/Jan/2023:14:01:24 +0800] "GET /xingrg/check_reg.html?_=1674453694758 HTTP/1.1" 200 22
180.157.253.110 - - [23/Jan/2023:14:01:33 +0800] "GET /xingrg/all/function/internal_message.html?_=1674453705196&CODE_STATE=getMsg HTTP/1.1" 200 27
116.238.139.35 - - [23/Jan/2023:14:01:38 +0800] "GET /xingrg/all/function/internal_message.html?_=1674453709971&CODE_STATE=getMsg HTTP/1.1" 200 27
116.238.139.35 - - [23/Jan/2023:14:01:38 +0800] "GET /xingrg/check_reg.html?_=1674453709974 HTTP/1.1" 200 22
116.235.244.242 - - [23/Jan/2023:14:01:48 +0800] "POST /xingrg/kc/buy/cgsh_order_operate.html HTTP/1.1" 200 37
116.235.244.242 - - [23/Jan/2023:14:01:51 +0800] "POST /xingrg/kc/buy/cgsh_order_operate.html HTTP/1.1" 200 5035
116.235.244.242 - - [23/Jan/2023:14:01:54 +0800] "GET /xingrg/kc/print/load_data.html?order_code=212023012306747&kc_code=cgsh&condition= HTTP/1.1" 200 1596
101.83.145.75 - - [23/Jan/2023:14:02:02 +0800] "GET /xingrg/all/function/internal_message.html?_=1674453733721&CODE_STATE=getMsg HTTP/1.1" 200 27
116.235.244.242 - - [23/Jan/2023:14:02:04 +0800] "GET /xingrg/kc/buy/cgsh_order_add.html HTTP/1.1" 200 69701
180.162.115.82 - - [23/Jan/2023:14:02:05 +0800] "GET /xingrg/all/function/internal_message.html?_=1674452702802&CODE_STATE=getMsg HTTP/1.1" 200 27
116.235.244.242 - - [23/Jan/2023:14:02:05 +0800] "POST /xingrg/kc/buy/cgsh_order_operate.html HTTP/1.1" 200 8245
116.235.244.242 - - [23/Jan/2023:14:02:05 +0800] "GET /xingrg/javascript/easyui/themes/default/validatebox.css HTTP/1.1" 404 1104
101.83.145.75 - - [23/Jan/2023:14:02:05 +0800] "GET /xingrg/check_reg.html?_=1674453736313 HTTP/1.1" 200 22
222.70.181.49 - - [23/Jan/2023:14:02:11 +0800] "GET /xingrg/all/function/internal_message.html?_=1674453742243&CODE_STATE=getMsg HTTP/1.1" 200 27
116.235.244.242 - - [23/Jan/2023:14:02:17 +0800] "GET /xingrg/kc/buy/cgsh_order_operate.html?command=get_materiel&rest_code=00146&code=00101003037&supplier_code=00100091&order_time=2023-01-23 HTTP/1.1" 200 433
116.235.244.242 - - [23/Jan/2023:14:02:17 +0800] "GET /xingrg/all/function/internal_message.html?_=1674453753342&CODE_STATE=getMsg HTTP/1.1" 200 27
101.229.22.234 - - [23/Jan/2023:14:02:24 +0800] "GET /xingrg/all/function/internal_message.html?_=1674453754759&CODE_STATE=getMsg HTTP/1.1" 200 27
180.157.253.110 - - [23/Jan/2023:14:02:33 +0800] "GET /xingrg/all/function/internal_message.html?_=1674453765166&CODE_STATE=getMsg HTTP/1.1" 200 27
116.235.244.242 - - [23/Jan/2023:14:02:37 +0800] "POST /xingrg/kc/buy/cgsh_order_operate.html HTTP/1.1" 200 37
116.238.139.35 - - [23/Jan/2023:14:02:38 +0800] "GET /xingrg/all/function/internal_message.html?_=1674453769976&CODE_STATE=getMsg HTTP/1.1" 200 27
116.235.244.242 - - [23/Jan/2023:14:02:39 +0800] "POST /xingrg/kc/buy/cgsh_order_operate.html HTTP/1.1" 200 2665
116.235.244.242 - - [23/Jan/2023:14:02:41 +0800] "GET /xingrg/kc/print/load_data.html?order_code=212023012306748&kc_code=cgsh&condition= HTTP/1.1" 200 751
116.235.244.242 - - [23/Jan/2023:14:02:55 +0800] "GET /xingrg/check_reg.html?_=1674453790562 HTTP/1.1" 200 22
116.235.244.242 - - [23/Jan/2023:14:02:56 +0800] "GET /xingrg/kc/buy/cgsh_order_add.html HTTP/1.1" 200 69701
116.235.244.242 - - [23/Jan/2023:14:02:56 +0800] "POST /xingrg/kc/buy/cgsh_order_operate.html HTTP/1.1" 200 8245
116.235.244.242 - - [23/Jan/2023:14:02:57 +0800] "GET /xingrg/javascript/easyui/themes/default/validatebox.css HTTP/1.1" 404 1104
101.83.145.75 - - [23/Jan/2023:14:03:02 +0800] "GET /xingrg/all/function/internal_message.html?_=1674453793722&CODE_STATE=getMsg HTTP/1.1" 200 27
180.162.115.82 - - [23/Jan/2023:14:03:05 +0800] "GET /xingrg/all/function/internal_message.html?_=1674452762813&CODE_STATE=getMsg HTTP/1.1" 200 27
222.70.181.49 - - [23/Jan/2023:14:03:11 +0800] "GET /xingrg/all/function/internal_message.html?_=1674453802230&CODE_STATE=getMsg HTTP/1.1" 200 27
116.235.244.242 - - [23/Jan/2023:14:03:13 +0800] "POST /xingrg/services/DataTransmitService HTTP/1.1" 200 524
116.235.244.242 - - [23/Jan/2023:14:03:13 +0800] "POST /xingrg/services/DataTransmitService HTTP/1.1" 200 501
116.235.244.242 - - [23/Jan/2023:14:03:14 +0800] "GET /xingrg/kc/buy/cgsh_order_operate.html?command=get_materiel&rest_code=00146&code=00101003006&supplier_code=00100092&order_time=2023-01-23 HTTP/1.1" 200 428
116.235.244.242 - - [23/Jan/2023:14:03:17 +0800] "GET /xingrg/all/function/internal_message.html?_=1674453813356&CODE_STATE=getMsg HTTP/1.1" 200 27
101.229.22.234 - - [23/Jan/2023:14:03:24 +0800] "GET /xingrg/all/function/internal_message.html?_=1674453814744&CODE_STATE=getMsg HTTP/1.1" 200 27
180.157.253.110 - - [23/Jan/2023:14:03:33 +0800] "GET /xingrg/all/function/internal_message.html?_=1674453825138&CODE_STATE=getMsg HTTP/1.1" 200 27
180.157.253.110 - - [23/Jan/2023:14:03:34 +0800] "GET /xingrg/check_reg.html?_=1674453826391 HTTP/1.1" 200 22
116.235.244.242 - - [23/Jan/2023:14:03:36 +0800] "POST /xingrg/kc/buy/cgsh_order_operate.html HTTP/1.1" 200 37
116.238.139.35 - - [23/Jan/2023:14:03:38 +0800] "GET /xingrg/all/function/internal_message.html?_=1674453829961&CODE_STATE=getMsg HTTP/1.1" 200 27
116.235.244.242 - - [23/Jan/2023:14:03:39 +0800] "POST /xingrg/kc/buy/cgsh_order_operate.html HTTP/1.1" 200 2662
116.235.244.242 - - [23/Jan/2023:14:03:43 +0800] "GET /xingrg/kc/print/load_data.html?order_code=212023012306749&kc_code=cgsh&condition= HTTP/1.1" 200 742
116.235.244.242 - - [23/Jan/2023:14:03:51 +0800] "GET /xingrg/kc/buy/cgsh_order_add.html HTTP/1.1" 200 69701
116.235.244.242 - - [23/Jan/2023:14:03:52 +0800] "POST /xingrg/kc/buy/cgsh_order_operate.html HTTP/1.1" 200 8245
116.235.244.242 - - [23/Jan/2023:14:03:52 +0800] "GET /xingrg/javascript/easyui/themes/default/validatebox.css HTTP/1.1" 404 1104
101.83.145.75 - - [23/Jan/2023:14:04:02 +0800] "GET /xingrg/all/function/internal_message.html?_=1674453853680&CODE_STATE=getMsg HTTP/1.1" 200 27
180.162.115.82 - - [23/Jan/2023:14:04:05 +0800] "GET /xingrg/all/function/internal_message.html?_=1674452822811&CODE_STATE=getMsg HTTP/1.1" 200 27
116.235.244.242 - - [23/Jan/2023:14:04:09 +0800] "GET /xingrg/kc/buy/cgsh_order_operate.html?command=get_materiel&rest_code=00146&code=00101004104&supplier_code=00100086&order_time=2023-01-23 HTTP/1.1" 200 428
222.70.181.49 - - [23/Jan/2023:14:04:11 +0800] "GET /xingrg/all/function/internal_message.html?_=1674453862229&CODE_STATE=getMsg HTTP/1.1" 200 27
116.235.244.242 - - [23/Jan/2023:14:04:19 +0800] "GET /xingrg/all/function/internal_message.html?_=1674453874400&CODE_STATE=getMsg HTTP/1.1" 200 27
116.235.244.242 - - [23/Jan/2023:14:04:20 +0800] "POST /xingrg/kc/buy/cgsh_order_operate.html HTTP/1.1" 200 37
116.235.244.242 - - [23/Jan/2023:14:04:22 +0800] "POST /xingrg/kc/buy/cgsh_order_operate.html HTTP/1.1" 200 2655
101.229.22.234 - - [23/Jan/2023:14:04:24 +0800] "GET /xingrg/all/function/internal_message.html?_=1674453874744&CODE_STATE=getMsg HTTP/1.1" 200 27
116.235.244.242 - - [23/Jan/2023:14:04:24 +0800] "GET /xingrg/kc/print/load_data.html?order_code=212023012306750&kc_code=cgsh&condition= HTTP/1.1" 200 740
116.192.124.172 - - [23/Jan/2023:14:04:31 +0800] "POST /xingrg/services/DataTransmitService HTTP/1.1" 200 524
180.157.253.110 - - [23/Jan/2023:14:04:33 +0800] "GET /xingrg/all/function/internal_message.html?_=1674453885111&CODE_STATE=getMsg HTTP/1.1" 200 27
116.192.124.172 - - [23/Jan/2023:14:04:36 +0800] "POST /xingrg/services/DataTransmitService HTTP/1.1" 200 501
116.192.124.172 - - [23/Jan/2023:14:04:36 +0800] "POST /xingrg/services/DataTransmitService HTTP/1.1" 200 501
116.192.124.172 - - [23/Jan/2023:14:04:37 +0800] "POST /xingrg/services/DataTransmitService HTTP/1.1" 200 501
180.169.147.146 - - [23/Jan/2023:14:04:38 +0800] "GET /xingrg/check_reg.html?_=1674453890069 HTTP/1.1" 200 22
116.238.139.35 - - [23/Jan/2023:14:04:38 +0800] "GET /xingrg/all/function/internal_message.html?_=1674453889965&CODE_STATE=getMsg HTTP/1.1" 200 27
116.192.124.172 - - [23/Jan/2023:14:04:38 +0800] "POST /xingrg/services/DataTransmitService HTTP/1.1" 200 501
116.192.124.172 - - [23/Jan/2023:14:04:38 +0800] "POST /xingrg/services/DataTransmitService HTTP/1.1" 200 501
116.192.124.172 - - [23/Jan/2023:14:04:39 +0800] "POST /xingrg/services/DataTransmitService HTTP/1.1" 200 501
116.192.124.172 - - [23/Jan/2023:14:04:39 +0800] "POST /xingrg/services/DataTransmitService HTTP/1.1" 200 501
116.192.124.172 - - [23/Jan/2023:14:04:39 +0800] "POST /xingrg/services/DataTransmitService HTTP/1.1" 200 501
116.192.124.172 - - [23/Jan/2023:14:04:40 +0800] "POST /xingrg/services/DataTransmitService HTTP/1.1" 200 412
101.83.145.75 - - [23/Jan/2023:14:05:02 +0800] "GET /xingrg/all/function/internal_message.html?_=1674453913660&CODE_STATE=getMsg HTTP/1.1" 200 27
180.162.115.82 - - [23/Jan/2023:14:05:05 +0800] "GET /xingrg/all/function/internal_message.html?_=1674452882803&CODE_STATE=getMsg HTTP/1.1" 200 27
222.70.181.49 - - [23/Jan/2023:14:05:11 +0800] "GET /xingrg/all/function/internal_message.html?_=1674453922243&CODE_STATE=getMsg HTTP/1.1" 200 27
222.70.181.49 - - [23/Jan/2023:14:05:11 +0800] "GET /xingrg/check_reg.html?_=1674453922272 HTTP/1.1" 200 22
116.235.244.242 - - [23/Jan/2023:14:05:19 +0800] "GET /xingrg/all/function/internal_message.html?_=1674453934520&CODE_STATE=getMsg HTTP/1.1" 200 27
101.229.22.234 - - [23/Jan/2023:14:05:24 +0800] "GET /xingrg/all/function/internal_message.html?_=1674453934763&CODE_STATE=getMsg HTTP/1.1" 200 27
180.157.253.110 - - [23/Jan/2023:14:05:33 +0800] "GET /xingrg/all/function/internal_message.html?_=1674453945083&CODE_STATE=getMsg HTTP/1.1" 200 27
116.238.139.35 - - [23/Jan/2023:14:05:38 +0800] "GET /xingrg/all/function/internal_message.html?_=1674453949978&CODE_STATE=getMsg HTTP/1.1" 200 27
101.83.145.75 - - [23/Jan/2023:14:06:02 +0800] "GET /xingrg/all/function/internal_message.html?_=1674453973637&CODE_STATE=getMsg HTTP/1.1" 200 27
180.162.115.82 - - [23/Jan/2023:14:06:05 +0800] "GET /xingrg/all/function/internal_message.html?_=1674452942813&CODE_STATE=getMsg HTTP/1.1" 200 27
180.162.115.82 - - [23/Jan/2023:14:06:05 +0800] "GET /xingrg/check_reg.html?_=1674452942815 HTTP/1.1" 200 22
116.235.244.242 - - [23/Jan/2023:14:06:19 +0800] "GET /xingrg/all/function/internal_message.html?_=1674453994536&CODE_STATE=getMsg HTTP/1.1" 200 27
101.229.22.234 - - [23/Jan/2023:14:06:24 +0800] "GET /xingrg/check_reg.html?_=1674453994747 HTTP/1.1" 200 22
101.229.22.234 - - [23/Jan/2023:14:06:24 +0800] "GET /xingrg/all/function/internal_message.html?_=1674453994750&CODE_STATE=getMsg HTTP/1.1" 200 27
180.157.253.110 - - [23/Jan/2023:14:06:33 +0800] "GET /xingrg/all/function/internal_message.html?_=1674454005054&CODE_STATE=getMsg HTTP/1.1" 200 27
116.238.139.35 - - [23/Jan/2023:14:06:38 +0800] "GET /xingrg/all/function/internal_message.html?_=1674454009981&CODE_STATE=getMsg HTTP/1.1" 200 27
116.238.139.35 - - [23/Jan/2023:14:06:38 +0800] "GET /xingrg/check_reg.html?_=1674454009988 HTTP/1.1" 200 22
101.83.145.75 - - [23/Jan/2023:14:07:02 +0800] "GET /xingrg/all/function/internal_message.html?_=1674454033612&CODE_STATE=getMsg HTTP/1.1" 200 27
180.162.115.82 - - [23/Jan/2023:14:07:05 +0800] "GET /xingrg/all/function/internal_message.html?_=1674453002811&CODE_STATE=getMsg HTTP/1.1" 200 27
101.83.145.75 - - [23/Jan/2023:14:07:05 +0800] "GET /xingrg/check_reg.html?_=1674454036313 HTTP/1.1" 200 22
116.235.244.242 - - [23/Jan/2023:14:07:19 +0800] "GET /xingrg/all/function/internal_message.html?_=1674454054647&CODE_STATE=getMsg HTTP/1.1" 200 27
101.229.22.234 - - [23/Jan/2023:14:07:24 +0800] "GET /xingrg/all/function/internal_message.html?_=1674454054750&CODE_STATE=getMsg HTTP/1.1" 200 27
180.157.253.110 - - [23/Jan/2023:14:07:33 +0800] "GET /xingrg/all/function/internal_message.html?_=1674454065025&CODE_STATE=getMsg HTTP/1.1" 200 27
116.238.139.35 - - [23/Jan/2023:14:07:38 +0800] "GET /xingrg/all/function/internal_message.html?_=1674454069973&CODE_STATE=getMsg HTTP/1.1" 200 27
116.235.244.242 - - [23/Jan/2023:14:07:55 +0800] "GET /xingrg/check_reg.html?_=1674454090556 HTTP/1.1" 200 22
101.83.145.75 - - [23/Jan/2023:14:08:02 +0800] "GET /xingrg/all/function/internal_message.html?_=1674454093584&CODE_STATE=getMsg HTTP/1.1" 200 27
180.162.115.82 - - [23/Jan/2023:14:08:05 +0800] "GET /xingrg/all/function/internal_message.html?_=1674453062804&CODE_STATE=getMsg HTTP/1.1" 200 27
116.235.244.242 - - [23/Jan/2023:14:08:19 +0800] "GET /xingrg/all/function/internal_message.html?_=1674454114657&CODE_STATE=getMsg HTTP/1.1" 200 27
101.229.22.234 - - [23/Jan/2023:14:08:24 +0800] "GET /xingrg/all/function/internal_message.html?_=1674454114750&CODE_STATE=getMsg HTTP/1.1" 200 27
180.157.253.110 - - [23/Jan/2023:14:08:33 +0800] "GET /xingrg/all/function/internal_message.html?_=1674454124997&CODE_STATE=getMsg HTTP/1.1" 200 27
180.157.253.110 - - [23/Jan/2023:14:08:34 +0800] "GET /xingrg/check_reg.html?_=1674454126376 HTTP/1.1" 200 22
116.238.139.35 - - [23/Jan/2023:14:08:38 +0800] "GET /xingrg/all/function/internal_message.html?_=1674454129976&CODE_STATE=getMsg HTTP/1.1" 200 27
101.83.145.75 - - [23/Jan/2023:14:09:02 +0800] "GET /xingrg/all/function/internal_message.html?_=1674454153564&CODE_STATE=getMsg HTTP/1.1" 200 27
180.162.115.82 - - [23/Jan/2023:14:09:05 +0800] "GET /xingrg/all/function/internal_message.html?_=1674453122813&CODE_STATE=getMsg HTTP/1.1" 200 27
116.235.244.242 - - [23/Jan/2023:14:09:19 +0800] "GET /xingrg/all/function/internal_message.html?_=1674454174669&CODE_STATE=getMsg HTTP/1.1" 200 27
101.229.22.234 - - [23/Jan/2023:14:09:24 +0800] "GET /xingrg/all/function/internal_message.html?_=1674454174751&CODE_STATE=getMsg HTTP/1.1" 200 27
180.157.253.110 - - [23/Jan/2023:14:09:33 +0800] "GET /xingrg/all/function/internal_message.html?_=1674454184970&CODE_STATE=getMsg HTTP/1.1" 200 27
180.169.147.146 - - [23/Jan/2023:14:09:38 +0800] "GET /xingrg/check_reg.html?_=1674454190044 HTTP/1.1" 200 22
116.238.139.35 - - [23/Jan/2023:14:09:38 +0800] "GET /xingrg/all/function/internal_message.html?_=1674454189986&CODE_STATE=getMsg HTTP/1.1" 200 27
101.83.145.75 - - [23/Jan/2023:14:10:02 +0800] "GET /xingrg/all/function/internal_message.html?_=1674454213545&CODE_STATE=getMsg HTTP/1.1" 200 27
180.162.115.82 - - [23/Jan/2023:14:10:05 +0800] "GET /xingrg/all/function/internal_message.html?_=1674453182812&CODE_STATE=getMsg HTTP/1.1" 200 27
101.229.22.234 - - [23/Jan/2023:14:10:12 +0800] "POST /xingrg/kc/buy/cgsh_list_operate.html HTTP/1.1" 200 986
101.229.22.234 - - [23/Jan/2023:14:10:13 +0800] "GET /xingrg/kc/base/yddb_order_list.html HTTP/1.1" 200 16751
101.229.22.234 - - [23/Jan/2023:14:10:13 +0800] "POST /xingrg/kc/base/yddb_list_operate.html HTTP/1.1" 200 636
101.229.22.234 - - [23/Jan/2023:14:10:15 +0800] "GET /xingrg/kc/base/yddb_order_add.html HTTP/1.1" 200 29955
101.229.22.234 - - [23/Jan/2023:14:10:15 +0800] "GET /xingrg/javascript/Calendar.js HTTP/1.1" 200 31561
101.229.22.234 - - [23/Jan/2023:14:10:15 +0800] "GET /xingrg/dwr/interface/AjaxComOrderService.js HTTP/1.1" 200 18264
101.229.22.234 - - [23/Jan/2023:14:10:15 +0800] "GET /xingrg/css/blue.css HTTP/1.1" 200 15949
101.229.22.234 - - [23/Jan/2023:14:10:15 +0800] "GET /xingrg/javascript/myfunction.js HTTP/1.1" 200 24559
101.229.22.234 - - [23/Jan/2023:14:10:15 +0800] "GET /xingrg/javascript/checkform.js HTTP/1.1" 200 18351
101.229.22.234 - - [23/Jan/2023:14:10:15 +0800] "GET /xingrg/javascript/AjaxInfoList.js HTTP/1.1" 200 3774
101.229.22.234 - - [23/Jan/2023:14:10:15 +0800] "GET /xingrg/javascript/Grid.js HTTP/1.1" 200 58908
101.229.22.234 - - [23/Jan/2023:14:10:15 +0800] "GET /xingrg/javascript/ToolTips.js HTTP/1.1" 200 5615
101.229.22.234 - - [23/Jan/2023:14:10:15 +0800] "GET /xingrg/dwr/interface/AjaxYddbService.js HTTP/1.1" 200 13201
101.229.22.234 - - [23/Jan/2023:14:10:15 +0800] "GET /xingrg/dwr/util.js HTTP/1.1" 200 35990
101.229.22.234 - - [23/Jan/2023:14:10:15 +0800] "GET /xingrg/dwr/engine.js HTTP/1.1" 200 43631
101.229.22.234 - - [23/Jan/2023:14:10:15 +0800] "GET /xingrg/javascript/jquery_easy_ui/themes/icons/print.png HTTP/1.1" 200 1057
101.229.22.234 - - [23/Jan/2023:14:10:15 +0800] "GET /xingrg/javascript/jquery_easy_ui/themes/icons/check_new.png HTTP/1.1" 200 3224
101.229.22.234 - - [23/Jan/2023:14:10:15 +0800] "GET /xingrg/javascript/jquery_easy_ui/themes/icons/edit_add_new.png HTTP/1.1" 200 2997
101.229.22.234 - - [23/Jan/2023:14:10:15 +0800] "GET /xingrg/javascript/jquery_easy_ui/themes/default/images/menu_downarrow.png HTTP/1.1" 200 173
101.229.22.234 - - [23/Jan/2023:14:10:15 +0800] "GET /xingrg/javascript/jquery_easy_ui/themes/icons/back_new.png HTTP/1.1" 200 3414
101.229.22.234 - - [23/Jan/2023:14:10:15 +0800] "GET /xingrg/javascript/jquery_easy_ui/themes/icons/cance_new.png HTTP/1.1" 200 3986
101.229.22.234 - - [23/Jan/2023:14:10:15 +0800] "GET /xingrg/images/blue/button/kc_tab_save.gif HTTP/1.1" 200 777
101.229.22.234 - - [23/Jan/2023:14:10:15 +0800] "GET /xingrg/images/blue/button/kc_tab_add.gif HTTP/1.1" 200 375
101.229.22.234 - - [23/Jan/2023:14:10:15 +0800] "GET /xingrg/images/blue/button/kc_tab_edit.gif HTTP/1.1" 200 551
101.229.22.234 - - [23/Jan/2023:14:10:15 +0800] "GET /xingrg/images/blue/button/kc_tab_del.gif HTTP/1.1" 200 383
101.229.22.234 - - [23/Jan/2023:14:10:15 +0800] "GET /xingrg/images/blue/kc_tab2_left.gif HTTP/1.1" 200 625
101.229.22.234 - - [23/Jan/2023:14:10:15 +0800] "GET /xingrg/images/blue/kc_tab_right.gif HTTP/1.1" 200 643
101.229.22.234 - - [23/Jan/2023:14:10:15 +0800] "GET /xingrg/images/blue/kc_tab_left.gif HTTP/1.1" 200 188
101.229.22.234 - - [23/Jan/2023:14:10:15 +0800] "GET /xingrg/images/blue/kc_tab_mid.gif HTTP/1.1" 200 44
101.229.22.234 - - [23/Jan/2023:14:10:15 +0800] "GET /xingrg/images/blue/kc_tab2_right.gif HTTP/1.1" 200 192
116.235.244.242 - - [23/Jan/2023:14:10:19 +0800] "GET /xingrg/all/function/internal_message.html?_=1674454234683&CODE_STATE=getMsg HTTP/1.1" 200 27
101.229.22.234 - - [23/Jan/2023:14:10:23 +0800] "GET /xingrg/images/blue/wait.gif HTTP/1.1" 200 1100
101.229.22.234 - - [23/Jan/2023:14:10:23 +0800] "POST /xingrg/dwr/call/plaincall/AjaxYddbService.getRestBases.dwr HTTP/1.1" 200 464
101.229.22.234 - - [23/Jan/2023:14:10:24 +0800] "GET /xingrg/all/function/internal_message.html?_=1674454234757&CODE_STATE=getMsg HTTP/1.1" 200 27
180.157.253.110 - - [23/Jan/2023:14:10:33 +0800] "GET /xingrg/all/function/internal_message.html?_=1674454244942&CODE_STATE=getMsg HTTP/1.1" 200 27
116.238.139.35 - - [23/Jan/2023:14:10:38 +0800] "GET /xingrg/all/function/internal_message.html?_=1674454249988&CODE_STATE=getMsg HTTP/1.1" 200 27
101.229.22.234 - - [23/Jan/2023:14:10:43 +0800] "POST /xingrg/dwr/call/plaincall/AjaxYddbService.saveOrder.dwr HTTP/1.1" 200 78
101.229.22.234 - - [23/Jan/2023:14:10:44 +0800] "GET /xingrg/images/yd/bt.gif HTTP/1.1" 404 1040
101.83.145.75 - - [23/Jan/2023:14:11:02 +0800] "GET /xingrg/all/function/internal_message.html?_=1674454273551&CODE_STATE=getMsg HTTP/1.1" 200 27
180.162.115.82 - - [23/Jan/2023:14:11:05 +0800] "GET /xingrg/all/function/internal_message.html?_=1674453242829&CODE_STATE=getMsg HTTP/1.1" 200 27
180.162.115.82 - - [23/Jan/2023:14:11:05 +0800] "GET /xingrg/check_reg.html?_=1674453242832 HTTP/1.1" 200 22
101.229.22.234 - - [23/Jan/2023:14:11:08 +0800] "POST /xingrg/dwr/call/plaincall/AjaxComOrderService.getMaterielSearchList.dwr HTTP/1.1" 200 22418
101.229.22.234 - - [23/Jan/2023:14:11:09 +0800] "POST /xingrg/dwr/call/plaincall/AjaxComOrderService.getMaterielSearchList.dwr HTTP/1.1" 200 292
101.229.22.234 - - [23/Jan/2023:14:11:09 +0800] "POST /xingrg/dwr/call/plaincall/AjaxComOrderService.getMaterielSearchList.dwr HTTP/1.1" 200 292
101.229.22.234 - - [23/Jan/2023:14:11:10 +0800] "POST /xingrg/dwr/call/plaincall/AjaxYddbService.getMaterielByMap.dwr HTTP/1.1" 200 1613
101.229.22.234 - - [23/Jan/2023:14:11:16 +0800] "POST /xingrg/dwr/call/plaincall/AjaxYddbService.saveMaterielItem.dwr HTTP/1.1" 200 78
116.235.244.242 - - [23/Jan/2023:14:11:19 +0800] "GET /xingrg/all/function/internal_message.html?_=1674454294698&CODE_STATE=getMsg HTTP/1.1" 200 27
101.229.22.234 - - [23/Jan/2023:14:11:20 +0800] "POST /xingrg/dwr/call/plaincall/AjaxComOrderService.getMaterielSearchList.dwr HTTP/1.1" 200 3662
101.229.22.234 - - [23/Jan/2023:14:11:20 +0800] "POST /xingrg/dwr/call/plaincall/AjaxComOrderService.getMaterielSearchList.dwr HTTP/1.1" 200 3662
101.229.22.234 - - [23/Jan/2023:14:11:21 +0800] "POST /xingrg/dwr/call/plaincall/AjaxComOrderService.getMaterielSearchList.dwr HTTP/1.1" 200 414
101.229.22.234 - - [23/Jan/2023:14:11:22 +0800] "POST /xingrg/dwr/call/plaincall/AjaxYddbService.getMaterielByMap.dwr HTTP/1.1" 200 1581
101.229.22.234 - - [23/Jan/2023:14:11:24 +0800] "GET /xingrg/check_reg.html?_=1674454294783 HTTP/1.1" 200 22
101.229.22.234 - - [23/Jan/2023:14:11:24 +0800] "GET /xingrg/all/function/internal_message.html?_=1674454294784&CODE_STATE=getMsg HTTP/1.1" 200 27
101.229.22.234 - - [23/Jan/2023:14:11:26 +0800] "POST /xingrg/dwr/call/plaincall/AjaxYddbService.saveMaterielItem.dwr HTTP/1.1" 200 79
101.229.22.234 - - [23/Jan/2023:14:11:30 +0800] "POST /xingrg/dwr/call/plaincall/AjaxComOrderService.getMaterielSearchList.dwr HTTP/1.1" 200 679
101.229.22.234 - - [23/Jan/2023:14:11:32 +0800] "POST /xingrg/dwr/call/plaincall/AjaxYddbService.getMaterielByMap.dwr HTTP/1.1" 200 1577
180.157.253.110 - - [23/Jan/2023:14:11:33 +0800] "GET /xingrg/all/function/internal_message.html?_=1674454304914&CODE_STATE=getMsg HTTP/1.1" 200 27
101.229.22.234 - - [23/Jan/2023:14:11:36 +0800] "POST /xingrg/dwr/call/plaincall/AjaxYddbService.saveMaterielItem.dwr HTTP/1.1" 200 79
116.238.139.35 - - [23/Jan/2023:14:11:38 +0800] "GET /xingrg/all/function/internal_message.html?_=1674454309988&CODE_STATE=getMsg HTTP/1.1" 200 27
116.238.139.35 - - [23/Jan/2023:14:11:38 +0800] "GET /xingrg/check_reg.html?_=1674454309992 HTTP/1.1" 200 22
101.229.22.234 - - [23/Jan/2023:14:11:39 +0800] "POST /xingrg/dwr/call/plaincall/AjaxComOrderService.getMaterielSearchList.dwr HTTP/1.1" 200 6607
101.229.22.234 - - [23/Jan/2023:14:11:40 +0800] "POST /xingrg/dwr/call/plaincall/AjaxComOrderService.getMaterielSearchList.dwr HTTP/1.1" 200 841
101.229.22.234 - - [23/Jan/2023:14:11:42 +0800] "POST /xingrg/dwr/call/plaincall/AjaxYddbService.getMaterielByMap.dwr HTTP/1.1" 200 1581
101.229.22.234 - - [23/Jan/2023:14:11:46 +0800] "POST /xingrg/dwr/call/plaincall/AjaxYddbService.saveMaterielItem.dwr HTTP/1.1" 200 79
222.64.59.33 - - [23/Jan/2023:14:11:50 +0800] "POST /xingrg/services/DataTransmitService HTTP/1.1" 200 524
101.229.22.234 - - [23/Jan/2023:14:11:50 +0800] "POST /xingrg/dwr/call/plaincall/AjaxComOrderService.getMaterielSearchList.dwr HTTP/1.1" 200 22682
222.64.59.33 - - [23/Jan/2023:14:11:50 +0800] "POST /xingrg/services/DataTransmitService HTTP/1.1" 200 501
101.229.22.234 - - [23/Jan/2023:14:11:51 +0800] "POST /xingrg/dwr/call/plaincall/AjaxComOrderService.getMaterielSearchList.dwr HTTP/1.1" 200 557
101.229.22.234 - - [23/Jan/2023:14:11:51 +0800] "POST /xingrg/dwr/call/plaincall/AjaxYddbService.getMaterielByMap.dwr HTTP/1.1" 200 1569
101.229.22.234 - - [23/Jan/2023:14:11:58 +0800] "POST /xingrg/dwr/call/plaincall/AjaxYddbService.saveMaterielItem.dwr HTTP/1.1" 200 79
101.83.145.75 - - [23/Jan/2023:14:12:02 +0800] "GET /xingrg/all/function/internal_message.html?_=1674454333524&CODE_STATE=getMsg HTTP/1.1" 200 27
180.162.115.82 - - [23/Jan/2023:14:12:05 +0800] "GET /xingrg/all/function/internal_message.html?_=1674453302823&CODE_STATE=getMsg HTTP/1.1" 200 27
101.83.145.75 - - [23/Jan/2023:14:12:05 +0800] "GET /xingrg/check_reg.html?_=1674454336334 HTTP/1.1" 200 22
101.229.22.234 - - [23/Jan/2023:14:12:10 +0800] "POST /xingrg/dwr/call/plaincall/AjaxComOrderService.getMaterielSearchList.dwr HTTP/1.1" 200 17504
101.229.22.234 - - [23/Jan/2023:14:12:11 +0800] "POST /xingrg/dwr/call/plaincall/AjaxComOrderService.getMaterielSearchList.dwr HTTP/1.1" 200 278
101.229.22.234 - - [23/Jan/2023:14:12:11 +0800] "POST /xingrg/dwr/call/plaincall/AjaxYddbService.getMaterielByMap.dwr HTTP/1.1" 200 1606
101.229.22.234 - - [23/Jan/2023:14:12:15 +0800] "POST /xingrg/dwr/call/plaincall/AjaxYddbService.getUnitPrice.dwr HTTP/1.1" 200 86
116.235.244.242 - - [23/Jan/2023:14:12:19 +0800] "GET /xingrg/all/function/internal_message.html?_=1674454354804&CODE_STATE=getMsg HTTP/1.1" 200 27
101.229.22.234 - - [23/Jan/2023:14:12:24 +0800] "GET /xingrg/all/function/internal_message.html?_=1674454354765&CODE_STATE=getMsg HTTP/1.1" 200 27
180.157.253.110 - - [23/Jan/2023:14:12:33 +0800] "GET /xingrg/all/function/internal_message.html?_=1674454364886&CODE_STATE=getMsg HTTP/1.1" 200 27
116.238.139.35 - - [23/Jan/2023:14:12:38 +0800] "GET /xingrg/all/function/internal_message.html?_=1674454369982&CODE_STATE=getMsg HTTP/1.1" 200 27
101.229.22.234 - - [23/Jan/2023:14:12:40 +0800] "POST /xingrg/dwr/call/plaincall/AjaxYddbService.saveMaterielItem.dwr HTTP/1.1" 200 79
116.235.244.242 - - [23/Jan/2023:14:12:55 +0800] "GET /xingrg/check_reg.html?_=1674454390559 HTTP/1.1" 200 22
101.83.145.75 - - [23/Jan/2023:14:13:02 +0800] "GET /xingrg/all/function/internal_message.html?_=1674454393495&CODE_STATE=getMsg HTTP/1.1" 200 27
180.162.115.82 - - [23/Jan/2023:14:13:05 +0800] "GET /xingrg/all/function/internal_message.html?_=1674453362837&CODE_STATE=getMsg HTTP/1.1" 200 27
116.235.244.242 - - [23/Jan/2023:14:13:19 +0800] "GET /xingrg/all/function/internal_message.html?_=1674454414818&CODE_STATE=getMsg HTTP/1.1" 200 27
101.229.22.234 - - [23/Jan/2023:14:13:24 +0800] "GET /xingrg/all/function/internal_message.html?_=1674454414762&CODE_STATE=getMsg HTTP/1.1" 200 27
101.229.22.234 - - [23/Jan/2023:14:13:25 +0800] "POST /xingrg/dwr/call/plaincall/AjaxComOrderService.getMaterielSearchList.dwr HTTP/1.1" 200 3330
101.229.22.234 - - [23/Jan/2023:14:13:26 +0800] "POST /xingrg/dwr/call/plaincall/AjaxComOrderService.getMaterielSearchList.dwr HTTP/1.1" 200 557
101.229.22.234 - - [23/Jan/2023:14:13:26 +0800] "POST /xingrg/dwr/call/plaincall/AjaxComOrderService.getMaterielSearchList.dwr HTTP/1.1" 200 557
101.229.22.234 - - [23/Jan/2023:14:13:27 +0800] "POST /xingrg/dwr/call/plaincall/AjaxYddbService.getMaterielByMap.dwr HTTP/1.1" 200 1564
180.157.253.110 - - [23/Jan/2023:14:13:33 +0800] "GET /xingrg/all/function/internal_message.html?_=1674454424857&CODE_STATE=getMsg HTTP/1.1" 200 27
180.157.253.110 - - [23/Jan/2023:14:13:34 +0800] "GET /xingrg/check_reg.html?_=1674454426359 HTTP/1.1" 200 22
101.229.22.234 - - [23/Jan/2023:14:13:35 +0800] "POST /xingrg/dwr/call/plaincall/AjaxYddbService.saveMaterielItem.dwr HTTP/1.1" 200 79
116.238.139.35 - - [23/Jan/2023:14:13:38 +0800] "GET /xingrg/all/function/internal_message.html?_=1674454429984&CODE_STATE=getMsg HTTP/1.1" 200 27
101.229.22.234 - - [23/Jan/2023:14:13:40 +0800] "POST /xingrg/dwr/call/plaincall/AjaxComOrderService.getMaterielSearchList.dwr HTTP/1.1" 200 831
101.229.22.234 - - [23/Jan/2023:14:13:40 +0800] "POST /xingrg/dwr/call/plaincall/AjaxComOrderService.getMaterielSearchList.dwr HTTP/1.1" 200 831
101.229.22.234 - - [23/Jan/2023:14:13:43 +0800] "POST /xingrg/dwr/call/plaincall/AjaxYddbService.getMaterielByMap.dwr HTTP/1.1" 200 1568
101.229.22.234 - - [23/Jan/2023:14:13:51 +0800] "POST /xingrg/dwr/call/plaincall/AjaxYddbService.saveMaterielItem.dwr HTTP/1.1" 200 79
101.229.22.234 - - [23/Jan/2023:14:13:55 +0800] "POST /xingrg/dwr/call/plaincall/AjaxComOrderService.getMaterielSearchList.dwr HTTP/1.1" 200 27951
101.229.22.234 - - [23/Jan/2023:14:13:55 +0800] "POST /xingrg/dwr/call/plaincall/AjaxComOrderService.getMaterielSearchList.dwr HTTP/1.1" 200 27951
101.83.145.75 - - [23/Jan/2023:14:14:02 +0800] "GET /xingrg/all/function/internal_message.html?_=1674454453475&CODE_STATE=getMsg HTTP/1.1" 200 27
180.162.115.82 - - [23/Jan/2023:14:14:05 +0800] "GET /xingrg/all/function/internal_message.html?_=1674453422828&CODE_STATE=getMsg HTTP/1.1" 200 27
101.229.22.234 - - [23/Jan/2023:14:14:05 +0800] "POST /xingrg/dwr/call/plaincall/AjaxYddbService.getMaterielByMap.dwr HTTP/1.1" 200 1603
101.229.22.234 - - [23/Jan/2023:14:14:09 +0800] "POST /xingrg/dwr/call/plaincall/AjaxYddbService.getUnitPrice.dwr HTTP/1.1" 200 87
101.229.22.234 - - [23/Jan/2023:14:14:14 +0800] "POST /xingrg/dwr/call/plaincall/AjaxYddbService.saveMaterielItem.dwr HTTP/1.1" 200 79
116.235.244.242 - - [23/Jan/2023:14:14:19 +0800] "GET /xingrg/all/function/internal_message.html?_=1674454474832&CODE_STATE=getMsg HTTP/1.1" 200 27
101.229.22.234 - - [23/Jan/2023:14:14:20 +0800] "POST /xingrg/dwr/call/plaincall/AjaxComOrderService.getMaterielSearchList.dwr HTTP/1.1" 200 1962
101.229.22.234 - - [23/Jan/2023:14:14:21 +0800] "POST /xingrg/dwr/call/plaincall/AjaxComOrderService.getMaterielSearchList.dwr HTTP/1.1" 200 288
101.229.22.234 - - [23/Jan/2023:14:14:21 +0800] "POST /xingrg/dwr/call/plaincall/AjaxYddbService.getMaterielByMap.dwr HTTP/1.1" 200 1613
101.229.22.234 - - [23/Jan/2023:14:14:24 +0800] "GET /xingrg/all/function/internal_message.html?_=1674454474767&CODE_STATE=getMsg HTTP/1.1" 200 27
101.229.22.234 - - [23/Jan/2023:14:14:25 +0800] "POST /xingrg/dwr/call/plaincall/AjaxYddbService.getUnitPrice.dwr HTTP/1.1" 200 86
101.229.22.234 - - [23/Jan/2023:14:14:29 +0800] "POST /xingrg/dwr/call/plaincall/AjaxYddbService.saveMaterielItem.dwr HTTP/1.1" 200 79
180.157.253.110 - - [23/Jan/2023:14:14:33 +0800] "GET /xingrg/all/function/internal_message.html?_=1674454484831&CODE_STATE=getMsg HTTP/1.1" 200 27
101.229.22.234 - - [23/Jan/2023:14:14:35 +0800] "POST /xingrg/dwr/call/plaincall/AjaxComOrderService.getMaterielSearchList.dwr HTTP/1.1" 200 39236
101.229.22.234 - - [23/Jan/2023:14:14:35 +0800] "POST /xingrg/dwr/call/plaincall/AjaxComOrderService.getMaterielSearchList.dwr HTTP/1.1" 200 288
101.229.22.234 - - [23/Jan/2023:14:14:36 +0800] "POST /xingrg/dwr/call/plaincall/AjaxComOrderService.getMaterielSearchList.dwr HTTP/1.1" 200 288
101.229.22.234 - - [23/Jan/2023:14:14:37 +0800] "POST /xingrg/dwr/call/plaincall/AjaxYddbService.getMaterielByMap.dwr HTTP/1.1" 200 1617
180.169.147.146 - - [23/Jan/2023:14:14:38 +0800] "GET /xingrg/check_reg.html?_=1674454490019 HTTP/1.1" 200 22
116.238.139.35 - - [23/Jan/2023:14:14:38 +0800] "GET /xingrg/all/function/internal_message.html?_=1674454489984&CODE_STATE=getMsg HTTP/1.1" 200 27
101.229.22.234 - - [23/Jan/2023:14:14:42 +0800] "POST /xingrg/dwr/call/plaincall/AjaxYddbService.saveMaterielItem.dwr HTTP/1.1" 200 79
101.229.22.234 - - [23/Jan/2023:14:14:49 +0800] "POST /xingrg/dwr/call/plaincall/AjaxComOrderService.getMaterielSearchList.dwr HTTP/1.1" 200 26757
101.229.22.234 - - [23/Jan/2023:14:14:50 +0800] "POST /xingrg/dwr/call/plaincall/AjaxComOrderService.getMaterielSearchList.dwr HTTP/1.1" 200 796
101.229.22.234 - - [23/Jan/2023:14:14:53 +0800] "POST /xingrg/dwr/call/plaincall/AjaxYddbService.getMaterielByMap.dwr HTTP/1.1" 200 1553
101.229.22.234 - - [23/Jan/2023:14:14:57 +0800] "POST /xingrg/dwr/call/plaincall/AjaxYddbService.saveMaterielItem.dwr HTTP/1.1" 200 79
101.83.145.75 - - [23/Jan/2023:14:15:02 +0800] "GET /xingrg/all/function/internal_message.html?_=1674454513457&CODE_STATE=getMsg HTTP/1.1" 200 27
101.229.22.234 - - [23/Jan/2023:14:15:03 +0800] "POST /xingrg/dwr/call/plaincall/AjaxComOrderService.getMaterielSearchList.dwr HTTP/1.1" 200 16577
101.229.22.234 - - [23/Jan/2023:14:15:04 +0800] "POST /xingrg/dwr/call/plaincall/AjaxComOrderService.getMaterielSearchList.dwr HTTP/1.1" 200 1170
180.162.115.82 - - [23/Jan/2023:14:15:05 +0800] "GET /xingrg/all/function/internal_message.html?_=1674453482844&CODE_STATE=getMsg HTTP/1.1" 200 27
101.229.22.234 - - [23/Jan/2023:14:15:05 +0800] "POST /xingrg/dwr/call/plaincall/AjaxYddbService.getMaterielByMap.dwr HTTP/1.1" 200 1607
101.229.22.234 - - [23/Jan/2023:14:15:13 +0800] "POST /xingrg/dwr/call/plaincall/AjaxYddbService.saveMaterielItem.dwr HTTP/1.1" 200 79
116.235.244.242 - - [23/Jan/2023:14:15:19 +0800] "GET /xingrg/all/function/internal_message.html?_=1674454534943&CODE_STATE=getMsg HTTP/1.1" 200 27
101.229.22.234 - - [23/Jan/2023:14:15:23 +0800] "POST /xingrg/dwr/call/plaincall/AjaxComOrderService.getMaterielSearchList.dwr HTTP/1.1" 200 517968
101.229.22.234 - - [23/Jan/2023:14:15:23 +0800] "POST /xingrg/dwr/call/plaincall/AjaxComOrderService.getMaterielSearchList.dwr HTTP/1.1" 200 729
