222.70.183.204 - - [23/Jan/2023:10:09:49 +0800] "POST /xingrg/kc/buy/cgsh_list_operate.html HTTP/1.1" 200 986
222.70.183.204 - - [23/Jan/2023:10:09:52 +0800] "GET /xingrg/kc/buy/cgsh_order_add.html HTTP/1.1" 200 69657
222.70.183.204 - - [23/Jan/2023:10:09:52 +0800] "GET /xingrg/words/20230117140735_words.js HTTP/1.1" 304 -
222.70.183.204 - - [23/Jan/2023:10:09:53 +0800] "POST /xingrg/kc/buy/cgsh_order_operate.html HTTP/1.1" 200 8245
222.70.183.204 - - [23/Jan/2023:10:09:53 +0800] "GET /xingrg/all/common/auto_word.html?type=employee&rest_code=00111 HTTP/1.1" 200 155
222.70.183.204 - - [23/Jan/2023:10:09:53 +0800] "GET /xingrg/all/common/auto_word.html?type=employee&rest_code=00111 HTTP/1.1" 200 155
222.70.183.204 - - [23/Jan/2023:10:09:53 +0800] "GET /xingrg/javascript/easyui/themes/default/validatebox.css HTTP/1.1" 404 1104
222.70.183.204 - - [23/Jan/2023:10:09:54 +0800] "GET /xingrg/javascript/auto/indicator.gif HTTP/1.1" 404 1066
222.70.183.204 - - [23/Jan/2023:10:09:58 +0800] "GET /xingrg/javascript/jquery_tools/images/prev.gif HTTP/1.1" 404 1086
222.70.183.204 - - [23/Jan/2023:10:09:58 +0800] "GET /xingrg/javascript/jquery_tools/images/next.gif HTTP/1.1" 404 1086
101.83.145.75 - - [23/Jan/2023:10:10:08 +0800] "GET /xingrg/all/function/internal_message.html?_=1674439818972&CODE_STATE=getMsg HTTP/1.1" 200 27
101.83.145.75 - - [23/Jan/2023:10:10:09 +0800] "POST /xingrg/kc/buy/cgsh_order_operate.html HTTP/1.1" 200 37
101.83.145.75 - - [23/Jan/2023:10:10:10 +0800] "POST /xingrg/kc/buy/cgsh_order_operate.html HTTP/1.1" 200 2662
116.235.244.242 - - [23/Jan/2023:10:10:12 +0800] "GET /xingrg/all/function/internal_message.html?_=1674439827788&CODE_STATE=getMsg HTTP/1.1" 200 27
101.83.145.75 - - [23/Jan/2023:10:10:16 +0800] "GET /xingrg/kc/buy/cgsh_order_operate.html?command=get_materiel&rest_code=00105&code=00101004101&supplier_code=00100086&order_time=2023-01-23 HTTP/1.1" 200 433
222.70.183.204 - - [23/Jan/2023:10:10:19 +0800] "GET /xingrg/kc/buy/cgsh_order_operate.html?command=get_materiel&rest_code=00111&code=00101004046&supplier_code=00100312&order_time=2023-01-23 HTTP/1.1" 200 417
101.83.145.75 - - [23/Jan/2023:10:10:28 +0800] "POST /xingrg/kc/buy/cgsh_order_operate.html HTTP/1.1" 200 37
101.83.145.75 - - [23/Jan/2023:10:10:30 +0800] "POST /xingrg/kc/buy/cgsh_order_operate.html HTTP/1.1" 200 2661
101.83.145.75 - - [23/Jan/2023:10:10:31 +0800] "GET /xingrg/kc/print/load_data.html?order_code=212023012306704&kc_code=cgsh&condition= HTTP/1.1" 200 731
180.157.253.110 - - [23/Jan/2023:10:10:34 +0800] "GET /xingrg/all/function/internal_message.html?_=1674439846388&CODE_STATE=getMsg HTTP/1.1" 200 27
101.83.145.75 - - [23/Jan/2023:10:10:35 +0800] "GET /xingrg/kc/buy/cgsh_order_add.html HTTP/1.1" 200 69784
101.83.145.75 - - [23/Jan/2023:10:10:35 +0800] "POST /xingrg/kc/buy/cgsh_order_operate.html HTTP/1.1" 200 8245
101.83.145.75 - - [23/Jan/2023:10:10:35 +0800] "GET /xingrg/javascript/easyui/themes/default/validatebox.css HTTP/1.1" 404 1104
116.238.139.35 - - [23/Jan/2023:10:10:37 +0800] "GET /xingrg/all/function/internal_message.html?_=1674439849590&CODE_STATE=getMsg HTTP/1.1" 200 27
116.230.105.139 - - [23/Jan/2023:10:10:39 +0800] "POST /xingrg/services/DataTransmitService HTTP/1.1" 200 524
222.70.183.204 - - [23/Jan/2023:10:10:44 +0800] "GET /xingrg/all/function/internal_message.html?_=1674439855074&CODE_STATE=getMsg HTTP/1.1" 200 27
101.83.145.75 - - [23/Jan/2023:10:10:46 +0800] "GET /xingrg/kc/buy/cgsh_order_operate.html?command=get_materiel&rest_code=00105&code=00101004034&supplier_code=00100085&order_time=2023-01-23 HTTP/1.1" 200 434
222.70.183.204 - - [23/Jan/2023:10:10:52 +0800] "GET /xingrg/kc/buy/cgsh_order_operate.html?command=get_materiel&rest_code=00111&code=00101004067&supplier_code=00100312&order_time=2023-01-23 HTTP/1.1" 200 433
101.83.145.75 - - [23/Jan/2023:10:10:59 +0800] "POST /xingrg/kc/buy/cgsh_order_operate.html HTTP/1.1" 200 37
222.70.183.204 - - [23/Jan/2023:10:11:03 +0800] "GET /xingrg/kc/buy/cgsh_order_operate.html?command=get_materiel&rest_code=00111&code=00101004027&supplier_code=00100312&order_time=2023-01-23 HTTP/1.1" 200 411
101.83.145.75 - - [23/Jan/2023:10:11:09 +0800] "POST /xingrg/kc/buy/cgsh_order_operate.html HTTP/1.1" 200 2664
101.83.145.75 - - [23/Jan/2023:10:11:11 +0800] "GET /xingrg/kc/print/load_data.html?order_code=212023012306705&kc_code=cgsh&condition= HTTP/1.1" 200 734
116.235.244.242 - - [23/Jan/2023:10:11:12 +0800] "GET /xingrg/all/function/internal_message.html?_=1674439887802&CODE_STATE=getMsg HTTP/1.1" 200 27
222.70.183.204 - - [23/Jan/2023:10:11:18 +0800] "GET /xingrg/kc/buy/cgsh_order_operate.html?command=get_materiel&rest_code=00111&code=00101001096&supplier_code=00100312&order_time=2023-01-23 HTTP/1.1" 200 429
101.83.145.75 - - [23/Jan/2023:10:11:18 +0800] "GET /xingrg/kc/buy/cgsh_order_add.html HTTP/1.1" 200 69784
101.83.145.75 - - [23/Jan/2023:10:11:19 +0800] "POST /xingrg/kc/buy/cgsh_order_operate.html HTTP/1.1" 200 8245
101.83.145.75 - - [23/Jan/2023:10:11:19 +0800] "GET /xingrg/javascript/easyui/themes/default/validatebox.css HTTP/1.1" 404 1104
101.83.145.75 - - [23/Jan/2023:10:11:32 +0800] "GET /xingrg/kc/buy/cgsh_order_operate.html?command=get_materiel&rest_code=00105&code=00101002027&supplier_code=00100442&order_time=2023-01-23 HTTP/1.1" 200 429
222.70.183.204 - - [23/Jan/2023:10:11:33 +0800] "GET /xingrg/kc/buy/cgsh_order_operate.html?command=get_materiel&rest_code=00111&code=00101001031&supplier_code=00100312&order_time=2023-01-23 HTTP/1.1" 200 413
180.157.253.110 - - [23/Jan/2023:10:11:34 +0800] "GET /xingrg/all/function/internal_message.html?_=1674439906393&CODE_STATE=getMsg HTTP/1.1" 200 27
116.238.139.35 - - [23/Jan/2023:10:11:37 +0800] "GET /xingrg/check_reg.html?_=1674439909596 HTTP/1.1" 200 22
116.238.139.35 - - [23/Jan/2023:10:11:37 +0800] "GET /xingrg/all/function/internal_message.html?_=1674439909599&CODE_STATE=getMsg HTTP/1.1" 200 27
222.70.183.204 - - [23/Jan/2023:10:11:44 +0800] "GET /xingrg/all/function/internal_message.html?_=1674439915069&CODE_STATE=getMsg HTTP/1.1" 200 27
101.83.145.75 - - [23/Jan/2023:10:11:48 +0800] "POST /xingrg/kc/buy/cgsh_order_operate.html HTTP/1.1" 200 37
222.70.183.204 - - [23/Jan/2023:10:11:53 +0800] "POST /xingrg/kc/buy/cgsh_order_operate.html HTTP/1.1" 200 37
101.83.145.75 - - [23/Jan/2023:10:11:54 +0800] "POST /xingrg/kc/buy/cgsh_order_operate.html HTTP/1.1" 200 2660
101.83.145.75 - - [23/Jan/2023:10:11:56 +0800] "GET /xingrg/kc/print/load_data.html?order_code=212023012306706&kc_code=cgsh&condition= HTTP/1.1" 200 676
101.83.145.75 - - [23/Jan/2023:10:12:00 +0800] "GET /xingrg/kc/buy/cgsh_order_add.html HTTP/1.1" 200 69784
101.83.145.75 - - [23/Jan/2023:10:12:00 +0800] "POST /xingrg/kc/buy/cgsh_order_operate.html HTTP/1.1" 200 8245
101.83.145.75 - - [23/Jan/2023:10:12:00 +0800] "GET /xingrg/javascript/easyui/themes/default/validatebox.css HTTP/1.1" 404 1104
222.70.183.204 - - [23/Jan/2023:10:12:02 +0800] "POST /xingrg/kc/buy/cgsh_order_operate.html HTTP/1.1" 200 5044
101.83.145.75 - - [23/Jan/2023:10:12:05 +0800] "GET /xingrg/check_reg.html?_=1674439936031 HTTP/1.1" 200 22
101.83.145.75 - - [23/Jan/2023:10:12:08 +0800] "GET /xingrg/all/function/internal_message.html?_=1674439939014&CODE_STATE=getMsg HTTP/1.1" 200 27
222.70.183.204 - - [23/Jan/2023:10:12:08 +0800] "GET /xingrg/kc/print/load_config.html?kc_code=cgsh HTTP/1.1" 200 1943
222.70.183.204 - - [23/Jan/2023:10:12:08 +0800] "GET /xingrg/kc/print/load_data.html?order_code=212023012306707&kc_code=cgsh&condition= HTTP/1.1" 200 1599
101.83.145.75 - - [23/Jan/2023:10:12:12 +0800] "GET /xingrg/kc/buy/cgsh_order_operate.html?command=get_materiel&rest_code=00105&code=00101002009&supplier_code=00100088&order_time=2023-01-23 HTTP/1.1" 200 432
116.235.244.242 - - [23/Jan/2023:10:12:12 +0800] "GET /xingrg/all/function/internal_message.html?_=1674439947826&CODE_STATE=getMsg HTTP/1.1" 200 27
222.70.183.204 - - [23/Jan/2023:10:12:16 +0800] "GET /xingrg/kc/buy/cgsh_order_add.html HTTP/1.1" 200 69657
222.70.183.204 - - [23/Jan/2023:10:12:16 +0800] "POST /xingrg/kc/buy/cgsh_order_operate.html HTTP/1.1" 200 8245
222.70.183.204 - - [23/Jan/2023:10:12:16 +0800] "GET /xingrg/javascript/easyui/themes/default/validatebox.css HTTP/1.1" 404 1104
180.157.253.110 - - [23/Jan/2023:10:12:34 +0800] "GET /xingrg/all/function/internal_message.html?_=1674439966422&CODE_STATE=getMsg HTTP/1.1" 200 27
116.238.139.35 - - [23/Jan/2023:10:12:37 +0800] "GET /xingrg/all/function/internal_message.html?_=1674439969583&CODE_STATE=getMsg HTTP/1.1" 200 27
101.83.145.75 - - [23/Jan/2023:10:12:37 +0800] "POST /xingrg/kc/buy/cgsh_order_operate.html HTTP/1.1" 200 37
101.83.145.75 - - [23/Jan/2023:10:12:38 +0800] "POST /xingrg/kc/buy/cgsh_order_operate.html HTTP/1.1" 200 2667
101.83.145.75 - - [23/Jan/2023:10:12:39 +0800] "GET /xingrg/kc/print/load_data.html?order_code=212023012306708&kc_code=cgsh&condition= HTTP/1.1" 200 753
222.70.183.204 - - [23/Jan/2023:10:12:44 +0800] "GET /xingrg/all/function/internal_message.html?_=1674439975073&CODE_STATE=getMsg HTTP/1.1" 200 27
116.235.244.242 - - [23/Jan/2023:10:12:55 +0800] "GET /xingrg/check_reg.html?_=1674439990053 HTTP/1.1" 200 22
222.70.183.204 - - [23/Jan/2023:10:12:58 +0800] "GET /xingrg/kc/buy/cgsh_order_operate.html?command=get_materiel&rest_code=00111&code=00101001140&supplier_code=00100319&order_time=2023-01-23 HTTP/1.1" 200 431
101.83.145.75 - - [23/Jan/2023:10:13:08 +0800] "GET /xingrg/all/function/internal_message.html?_=1674439998968&CODE_STATE=getMsg HTTP/1.1" 200 27
116.235.244.242 - - [23/Jan/2023:10:13:12 +0800] "GET /xingrg/all/function/internal_message.html?_=1674440007830&CODE_STATE=getMsg HTTP/1.1" 200 27
180.157.253.110 - - [23/Jan/2023:10:13:34 +0800] "GET /xingrg/all/function/internal_message.html?_=1674440026425&CODE_STATE=getMsg HTTP/1.1" 200 27
180.157.253.110 - - [23/Jan/2023:10:13:34 +0800] "GET /xingrg/check_reg.html?_=1674440026431 HTTP/1.1" 200 22
116.238.139.35 - - [23/Jan/2023:10:13:37 +0800] "GET /xingrg/all/function/internal_message.html?_=1674440029585&CODE_STATE=getMsg HTTP/1.1" 200 27
222.70.183.204 - - [23/Jan/2023:10:13:39 +0800] "GET /xingrg/kc/buy/cgsh_order_operate.html?command=get_materiel&rest_code=00111&code=00101001093&supplier_code=00100319&order_time=2023-01-23 HTTP/1.1" 200 413
222.70.183.204 - - [23/Jan/2023:10:13:44 +0800] "GET /xingrg/all/function/internal_message.html?_=1674440035073&CODE_STATE=getMsg HTTP/1.1" 200 27
101.83.145.75 - - [23/Jan/2023:10:14:03 +0800] "GET /xingrg/kc/base/wldb_order_list.html HTTP/1.1" 200 19139
101.83.145.75 - - [23/Jan/2023:10:14:04 +0800] "POST /xingrg/kc/base/wldb_list_operate.html HTTP/1.1" 200 5299
101.83.145.75 - - [23/Jan/2023:10:14:05 +0800] "GET /xingrg/kc/base/wldb_order_add.html HTTP/1.1" 200 30422
101.83.145.75 - - [23/Jan/2023:10:14:06 +0800] "POST /xingrg/kc/base/wldb_order_operate.html HTTP/1.1" 200 6806
101.83.145.75 - - [23/Jan/2023:10:14:06 +0800] "GET /xingrg/javascript/easyui/themes/default/validatebox.css HTTP/1.1" 404 1104
101.83.145.75 - - [23/Jan/2023:10:14:06 +0800] "POST /xingrg/all/common/load_combo.html?type=base HTTP/1.1" 200 3409
101.83.145.75 - - [23/Jan/2023:10:14:08 +0800] "GET /xingrg/all/function/internal_message.html?_=1674440058950&CODE_STATE=getMsg HTTP/1.1" 200 27
222.70.183.204 - - [23/Jan/2023:10:14:11 +0800] "POST /xingrg/kc/buy/cgsh_order_operate.html HTTP/1.1" 200 37
116.235.244.242 - - [23/Jan/2023:10:14:12 +0800] "GET /xingrg/all/function/internal_message.html?_=1674440067842&CODE_STATE=getMsg HTTP/1.1" 200 27
222.70.183.204 - - [23/Jan/2023:10:14:13 +0800] "POST /xingrg/kc/buy/cgsh_order_operate.html HTTP/1.1" 200 3258
101.83.145.75 - - [23/Jan/2023:10:14:14 +0800] "GET /xingrg/kc/base/wldb_order_operate.html?command=get_materiel&rest_code=00105&base_code=0010507&code=00101019187 HTTP/1.1" 200 479
222.70.183.204 - - [23/Jan/2023:10:14:15 +0800] "GET /xingrg/kc/print/load_data.html?order_code=212023012306709&kc_code=cgsh&condition= HTTP/1.1" 200 911
222.70.183.204 - - [23/Jan/2023:10:14:23 +0800] "GET /xingrg/kc/buy/cgsh_order_add.html HTTP/1.1" 200 69657
222.70.183.204 - - [23/Jan/2023:10:14:23 +0800] "POST /xingrg/kc/buy/cgsh_order_operate.html HTTP/1.1" 200 8245
222.70.183.204 - - [23/Jan/2023:10:14:23 +0800] "GET /xingrg/javascript/easyui/themes/default/validatebox.css HTTP/1.1" 404 1104
101.83.145.75 - - [23/Jan/2023:10:14:32 +0800] "GET /xingrg/kc/base/wldb_order_operate.html?command=get_materiel&rest_code=00105&base_code=0010507&code=00101019258 HTTP/1.1" 200 483
180.157.253.110 - - [23/Jan/2023:10:14:34 +0800] "GET /xingrg/all/function/internal_message.html?_=1674440086415&CODE_STATE=getMsg HTTP/1.1" 200 27
116.238.139.35 - - [23/Jan/2023:10:14:37 +0800] "GET /xingrg/all/function/internal_message.html?_=1674440089593&CODE_STATE=getMsg HTTP/1.1" 200 27
101.83.145.75 - - [23/Jan/2023:10:14:38 +0800] "GET /xingrg/kc/base/wldb_order_operate.html?command=get_materiel&rest_code=00105&base_code=0010507&code=00101019469 HTTP/1.1" 200 455
180.169.147.146 - - [23/Jan/2023:10:14:39 +0800] "GET /xingrg/check_reg.html?_=1674440091105 HTTP/1.1" 200 22
101.83.145.75 - - [23/Jan/2023:10:14:42 +0800] "POST /xingrg/kc/base/wldb_order_operate.html HTTP/1.1" 200 37
101.83.145.75 - - [23/Jan/2023:10:14:42 +0800] "POST /xingrg/kc/base/wldb_order_operate.html HTTP/1.1" 200 3735
222.70.183.204 - - [23/Jan/2023:10:14:44 +0800] "GET /xingrg/check_reg.html?_=1674440095088 HTTP/1.1" 200 22
222.70.183.204 - - [23/Jan/2023:10:14:44 +0800] "GET /xingrg/all/function/internal_message.html?_=1674440095090&CODE_STATE=getMsg HTTP/1.1" 200 27
101.83.145.75 - - [23/Jan/2023:10:14:44 +0800] "GET /xingrg/kc/base/wldb_order_info.html?code=422023012301473 HTTP/1.1" 200 30436
222.70.183.204 - - [23/Jan/2023:10:14:44 +0800] "GET /xingrg/kc/buy/cgsh_order_operate.html?command=get_materiel&rest_code=00111&code=00101003003&supplier_code=00100094&order_time=2023-01-23 HTTP/1.1" 200 437
101.83.145.75 - - [23/Jan/2023:10:14:45 +0800] "GET /xingrg/javascript/easyui/themes/default/validatebox.css HTTP/1.1" 404 1104
101.83.145.75 - - [23/Jan/2023:10:14:45 +0800] "POST /xingrg/kc/base/wldb_order_operate.html HTTP/1.1" 200 3735
101.83.145.75 - - [23/Jan/2023:10:15:08 +0800] "GET /xingrg/all/function/internal_message.html?_=1674440118951&CODE_STATE=getMsg HTTP/1.1" 200 27
116.235.244.242 - - [23/Jan/2023:10:15:12 +0800] "GET /xingrg/all/function/internal_message.html?_=1674440127869&CODE_STATE=getMsg HTTP/1.1" 200 27
222.70.183.204 - - [23/Jan/2023:10:15:28 +0800] "POST /xingrg/kc/buy/cgsh_order_operate.html HTTP/1.1" 200 37
222.70.183.204 - - [23/Jan/2023:10:15:30 +0800] "POST /xingrg/kc/buy/cgsh_order_operate.html HTTP/1.1" 200 2666
222.70.183.204 - - [23/Jan/2023:10:15:31 +0800] "GET /xingrg/kc/print/load_data.html?order_code=212023012306710&kc_code=cgsh&condition= HTTP/1.1" 200 764
180.157.253.110 - - [23/Jan/2023:10:15:34 +0800] "GET /xingrg/all/function/internal_message.html?_=1674440146418&CODE_STATE=getMsg HTTP/1.1" 200 27
116.238.139.35 - - [23/Jan/2023:10:15:37 +0800] "GET /xingrg/all/function/internal_message.html?_=1674440149595&CODE_STATE=getMsg HTTP/1.1" 200 27
222.70.183.204 - - [23/Jan/2023:10:15:39 +0800] "GET /xingrg/kc/buy/cgsh_order_add.html HTTP/1.1" 200 69657
222.70.183.204 - - [23/Jan/2023:10:15:40 +0800] "POST /xingrg/kc/buy/cgsh_order_operate.html HTTP/1.1" 200 8245
222.70.183.204 - - [23/Jan/2023:10:15:40 +0800] "GET /xingrg/javascript/easyui/themes/default/validatebox.css HTTP/1.1" 404 1104
222.70.183.204 - - [23/Jan/2023:10:15:44 +0800] "GET /xingrg/all/function/internal_message.html?_=1674440155078&CODE_STATE=getMsg HTTP/1.1" 200 27
116.192.124.172 - - [23/Jan/2023:10:15:59 +0800] "GET /xingrg/check_reg.html?_=1674440169755 HTTP/1.1" 302 -
116.192.124.172 - - [23/Jan/2023:10:15:59 +0800] "GET /xingrg/all/function/internal_message.html?_=1674440169749&CODE_STATE=getMsg HTTP/1.1" 302 -
116.192.124.172 - - [23/Jan/2023:10:15:59 +0800] "GET /xingrg/login.html HTTP/1.1" 200 7641
116.192.124.172 - - [23/Jan/2023:10:15:59 +0800] "GET /xingrg/login.html HTTP/1.1" 200 7641
116.192.124.172 - - [23/Jan/2023:10:16:02 +0800] "GET /xingrg/kc/mdqp/qqps_order_list.html HTTP/1.1" 302 -
116.192.124.172 - - [23/Jan/2023:10:16:02 +0800] "GET /xingrg/login.html HTTP/1.1" 200 7641
116.192.124.172 - - [23/Jan/2023:10:16:02 +0800] "GET /xingrg/login.html HTTP/1.1" 200 7641
116.192.124.172 - - [23/Jan/2023:10:16:02 +0800] "GET /xingrg/images/blue/jxLogo.png HTTP/1.1" 200 6156
116.192.124.172 - - [23/Jan/2023:10:16:02 +0800] "GET /xingrg/images/blue/hj.png HTTP/1.1" 200 1014
116.192.124.172 - - [23/Jan/2023:10:16:02 +0800] "GET /xingrg/images/blue/srbg.png HTTP/1.1" 200 138
116.192.124.172 - - [23/Jan/2023:10:16:02 +0800] "GET /xingrg/images/blue/login_bg.png HTTP/1.1" 200 22101
116.192.124.172 - - [23/Jan/2023:10:16:03 +0800] "GET /favicon.ico HTTP/1.1" 404 -
116.192.124.172 - - [23/Jan/2023:10:16:04 +0800] "POST /xingrg/login.do HTTP/1.1" 302 -
116.192.124.172 - - [23/Jan/2023:10:16:04 +0800] "GET /xingrg/javascript/jquery_easy_ui/themes/icon.css HTTP/1.1" 200 3949
116.192.124.172 - - [23/Jan/2023:10:16:04 +0800] "GET /xingrg/index.html?sysBaseUrl=http%3A%2F%2F180.169.147.146%3A18081%2Fxingrg%2F&costTime=40×tamp=1674440164128 HTTP/1.1" 200 17173
116.192.124.172 - - [23/Jan/2023:10:16:04 +0800] "GET /xingrg/javascript/jquery_easy_ui/easyui-lang-zh_CN.js HTTP/1.1" 200 1900
116.192.124.172 - - [23/Jan/2023:10:16:04 +0800] "GET /xingrg/javascript/jquery.form.js HTTP/1.1" 200 23110
116.192.124.172 - - [23/Jan/2023:10:16:04 +0800] "GET /xingrg/css/form.css HTTP/1.1" 200 893
116.192.124.172 - - [23/Jan/2023:10:16:04 +0800] "GET /xingrg/javascript/jquery.utils.js HTTP/1.1" 200 11805
116.192.124.172 - - [23/Jan/2023:10:16:04 +0800] "GET /xingrg/javascript/jquery.timers.js HTTP/1.1" 200 3532
116.192.124.172 - - [23/Jan/2023:10:16:04 +0800] "GET /favicon.ico HTTP/1.1" 404 -
116.192.124.172 - - [23/Jan/2023:10:16:04 +0800] "GET /xingrg/javascript/jquery-1.4.2.min.js HTTP/1.1" 200 72205
116.192.124.172 - - [23/Jan/2023:10:16:04 +0800] "GET /xingrg/javascript/jquery_easy_ui/themes/default/easyui.css HTTP/1.1" 200 26500
116.192.124.172 - - [23/Jan/2023:10:16:04 +0800] "GET /xingrg/javascript/jquery_easy_ui/jquery.easyui.min.js HTTP/1.1" 200 213662
116.192.124.172 - - [23/Jan/2023:10:16:04 +0800] "GET /xingrg/javascript/jquery_easy_ui/themes/icons/settle_new.png HTTP/1.1" 200 826
116.192.124.172 - - [23/Jan/2023:10:16:04 +0800] "GET /xingrg/images/blue/navBackgound.jpg HTTP/1.1" 200 12378
116.192.124.172 - - [23/Jan/2023:10:16:04 +0800] "POST /xingrg/all/common/load_tree.html?tree=area_rest_tree_json&manage=1 HTTP/1.1" 200 342
116.192.124.172 - - [23/Jan/2023:10:16:04 +0800] "GET /xingrg/check_reg.html?_=1674440174373 HTTP/1.1" 200 22
116.192.124.172 - - [23/Jan/2023:10:16:04 +0800] "GET /xingrg/all/function/internal_message.html?_=1674440174372&CODE_STATE=count HTTP/1.1" 200 11
116.192.124.172 - - [23/Jan/2023:10:16:04 +0800] "GET /xingrg/images/blue/pingpu.png HTTP/1.1" 200 231
116.192.124.172 - - [23/Jan/2023:10:16:04 +0800] "GET /xingrg/javascript/jquery_easy_ui/themes/default/images/panel_tool_collapse.gif HTTP/1.1" 200 246
116.192.124.172 - - [23/Jan/2023:10:16:04 +0800] "GET /xingrg/javascript/jquery_easy_ui/themes/default/images/tabs_leftarrow.png HTTP/1.1" 200 389
116.192.124.172 - - [23/Jan/2023:10:16:04 +0800] "GET /xingrg/javascript/jquery_easy_ui/themes/default/images/tabs_rightarrow.png HTTP/1.1" 200 395
116.192.124.172 - - [23/Jan/2023:10:16:04 +0800] "POST /xingrg/load_menu.html HTTP/1.1" 200 5138
116.192.124.172 - - [23/Jan/2023:10:16:04 +0800] "GET /xingrg/javascript/jquery_easy_ui/themes/icons/forms_new.png HTTP/1.1" 200 350
116.192.124.172 - - [23/Jan/2023:10:16:04 +0800] "GET /xingrg/javascript/jquery_easy_ui/themes/default/images/tree_file.gif HTTP/1.1" 200 118
116.192.124.172 - - [23/Jan/2023:10:16:04 +0800] "GET /xingrg/javascript/jquery_easy_ui/themes/default/images/tree_folder.gif HTTP/1.1" 200 952
116.192.124.172 - - [23/Jan/2023:10:16:04 +0800] "GET /xingrg/javascript/jquery_easy_ui/themes/icons/search_new.png HTTP/1.1" 200 586
116.192.124.172 - - [23/Jan/2023:10:16:04 +0800] "GET /xingrg/javascript/jquery_easy_ui/themes/default/images/tree_folder_open.gif HTTP/1.1" 200 956
116.192.124.172 - - [23/Jan/2023:10:16:04 +0800] "GET /xingrg/javascript/jquery_easy_ui/themes/default/images/tree_arrows.gif HTTP/1.1" 200 1043
116.192.124.172 - - [23/Jan/2023:10:16:04 +0800] "GET /xingrg/javascript/jquery_easy_ui/themes/icons/storage_new.png HTTP/1.1" 200 853
116.192.124.172 - - [23/Jan/2023:10:16:06 +0800] "GET /xingrg/javascript/jquery_easy_ui/themes/default/images/tabs_close.gif HTTP/1.1" 200 829
116.192.124.172 - - [23/Jan/2023:10:16:06 +0800] "GET /xingrg/kc/mdqp/qqps_order_list.html HTTP/1.1" 200 9222
116.192.124.172 - - [23/Jan/2023:10:16:06 +0800] "GET /xingrg/javascript/pic_change.js HTTP/1.1" 200 4739
116.192.124.172 - - [23/Jan/2023:10:16:06 +0800] "GET /xingrg/css/blue.css HTTP/1.1" 200 15949
116.192.124.172 - - [23/Jan/2023:10:16:06 +0800] "GET /xingrg/dwr/interface/AjaxReportQueryService.js HTTP/1.1" 200 13203
116.192.124.172 - - [23/Jan/2023:10:16:06 +0800] "GET /xingrg/dwr/interface/AjaxQqpsService.js HTTP/1.1" 200 16326
116.192.124.172 - - [23/Jan/2023:10:16:06 +0800] "GET /xingrg/javascript/ToolTips.js HTTP/1.1" 200 5615
116.192.124.172 - - [23/Jan/2023:10:16:06 +0800] "GET /xingrg/dwr/util.js HTTP/1.1" 200 35990
116.192.124.172 - - [23/Jan/2023:10:16:06 +0800] "GET /xingrg/javascript/Calendar.js HTTP/1.1" 200 31561
116.192.124.172 - - [23/Jan/2023:10:16:06 +0800] "GET /xingrg/javascript/myfunction.js HTTP/1.1" 200 24559
116.192.124.172 - - [23/Jan/2023:10:16:06 +0800] "GET /xingrg/dwr/engine.js HTTP/1.1" 200 43631
116.192.124.172 - - [23/Jan/2023:10:16:07 +0800] "GET /xingrg/javascript/jquery_easy_ui/themes/icons/uncheck_new.png HTTP/1.1" 200 3197
116.192.124.172 - - [23/Jan/2023:10:16:07 +0800] "GET /xingrg/javascript/jquery_easy_ui/themes/icons/cance_new.png HTTP/1.1" 200 3986
116.192.124.172 - - [23/Jan/2023:10:16:07 +0800] "GET /xingrg/javascript/jquery_easy_ui/themes/icons/check_new.png HTTP/1.1" 200 3224
116.192.124.172 - - [23/Jan/2023:10:16:07 +0800] "GET /xingrg/javascript/jquery_easy_ui/themes/icons/edit_add_new.png HTTP/1.1" 200 2997
101.83.145.75 - - [23/Jan/2023:10:16:08 +0800] "GET /xingrg/all/function/internal_message.html?_=1674440178908&CODE_STATE=getMsg HTTP/1.1" 200 27
116.235.244.242 - - [23/Jan/2023:10:16:13 +0800] "GET /xingrg/all/function/internal_message.html?_=1674440187887&CODE_STATE=getMsg HTTP/1.1" 200 27
222.70.183.204 - - [23/Jan/2023:10:16:13 +0800] "GET /xingrg/kc/buy/cgsh_order_operate.html?command=get_materiel&rest_code=00111&code=00101004094&supplier_code=00100086&order_time=2023-01-23 HTTP/1.1" 200 411
116.192.124.172 - - [23/Jan/2023:10:16:14 +0800] "GET /xingrg/kc/mdqp/qqps_order_list.html?isQuery=1&timeSelect=1&orderTime=day&startTime=2023-01-20&endTime=2023-01-20&state=all&query=%C8%B7++%B6%A8 HTTP/1.1" 200 9767
116.192.124.172 - - [23/Jan/2023:10:16:14 +0800] "GET /xingrg/dwr/interface/AjaxQqpsService.js HTTP/1.1" 200 16326
116.192.124.172 - - [23/Jan/2023:10:16:14 +0800] "GET /xingrg/dwr/interface/AjaxReportQueryService.js HTTP/1.1" 200 13203
116.192.124.172 - - [23/Jan/2023:10:16:14 +0800] "GET /xingrg/dwr/engine.js HTTP/1.1" 200 43631
116.192.124.172 - - [23/Jan/2023:10:16:15 +0800] "GET /xingrg/javascript/auto/jquery.autocomplete.css HTTP/1.1" 200 587
116.192.124.172 - - [23/Jan/2023:10:16:15 +0800] "GET /xingrg/kc/mdqp/qqps_order_info.html?code=302023012000313 HTTP/1.1" 200 26710
116.192.124.172 - - [23/Jan/2023:10:16:15 +0800] "GET /xingrg/javascript/auto/jquery.autocomplete.js HTTP/1.1" 200 21624
116.192.124.172 - - [23/Jan/2023:10:16:15 +0800] "GET /xingrg/dwr/interface/AjaxQqpsService.js HTTP/1.1" 200 16326
116.192.124.172 - - [23/Jan/2023:10:16:15 +0800] "GET /xingrg/javascript/AjaxInfoList.js HTTP/1.1" 200 3774
116.192.124.172 - - [23/Jan/2023:10:16:15 +0800] "GET /xingrg/javascript/tools/jquery.qtip-1.0.0-rc3.min.js HTTP/1.1" 200 38404
116.192.124.172 - - [23/Jan/2023:10:16:15 +0800] "GET /xingrg/dwr/interface/AjaxComOrderService.js HTTP/1.1" 200 18264
116.192.124.172 - - [23/Jan/2023:10:16:15 +0800] "GET /xingrg/javascript/Grid.js HTTP/1.1" 200 58908
116.192.124.172 - - [23/Jan/2023:10:16:15 +0800] "GET /xingrg/javascript/print/LodopFuncs.js HTTP/1.1" 200 5121
116.192.124.172 - - [23/Jan/2023:10:16:15 +0800] "GET /xingrg/javascript/print/kc_print.js HTTP/1.1" 200 11415
116.192.124.172 - - [23/Jan/2023:10:16:15 +0800] "GET /xingrg/dwr/engine.js HTTP/1.1" 200 43631
116.192.124.172 - - [23/Jan/2023:10:16:15 +0800] "GET /xingrg/words/20230117140735_words.js HTTP/1.1" 200 944454
116.192.124.172 - - [23/Jan/2023:10:16:15 +0800] "GET /xingrg/javascript/jquery_easy_ui/themes/icons/copy_new.png HTTP/1.1" 200 815
116.192.124.172 - - [23/Jan/2023:10:16:15 +0800] "GET /xingrg/javascript/jquery_easy_ui/themes/default/images/menu_downarrow.png HTTP/1.1" 200 173
116.192.124.172 - - [23/Jan/2023:10:16:15 +0800] "GET /xingrg/javascript/jquery_easy_ui/themes/icons/back_new.png HTTP/1.1" 200 3414
116.192.124.172 - - [23/Jan/2023:10:16:15 +0800] "GET /xingrg/javascript/jquery_easy_ui/themes/icons/print.png HTTP/1.1" 200 1057
116.192.124.172 - - [23/Jan/2023:10:16:15 +0800] "GET /xingrg/javascript/jquery_easy_ui/themes/icons/template_new.png HTTP/1.1" 200 3956
116.192.124.172 - - [23/Jan/2023:10:16:16 +0800] "GET /xingrg/images/blue/wait.gif HTTP/1.1" 200 1100
116.192.124.172 - - [23/Jan/2023:10:16:16 +0800] "GET /xingrg/images/blue/kc_tab_left.gif HTTP/1.1" 200 188
116.192.124.172 - - [23/Jan/2023:10:16:16 +0800] "GET /xingrg/javascript/jquery_easy_ui/themes/default/images/combo_arrow_dot.gif HTTP/1.1" 200 79
116.192.124.172 - - [23/Jan/2023:10:16:16 +0800] "GET /xingrg/images/blue/kc_tab_mid.gif HTTP/1.1" 200 44
116.192.124.172 - - [23/Jan/2023:10:16:16 +0800] "GET /xingrg/images/blue/kc_tab_right.gif HTTP/1.1" 200 643
116.192.124.172 - - [23/Jan/2023:10:16:16 +0800] "POST /xingrg/dwr/call/plaincall/AjaxQqpsService.loadMaterielItems.dwr HTTP/1.1" 200 4036
222.70.183.204 - - [23/Jan/2023:10:16:32 +0800] "GET /xingrg/kc/buy/cgsh_order_operate.html?command=get_materiel&rest_code=00111&code=00101004104&supplier_code=00100086&order_time=2023-01-23 HTTP/1.1" 200 428
180.157.253.110 - - [23/Jan/2023:10:16:34 +0800] "GET /xingrg/all/function/internal_message.html?_=1674440206420&CODE_STATE=getMsg HTTP/1.1" 200 27
116.238.139.35 - - [23/Jan/2023:10:16:37 +0800] "GET /xingrg/all/function/internal_message.html?_=1674440209596&CODE_STATE=getMsg HTTP/1.1" 200 27
116.238.139.35 - - [23/Jan/2023:10:16:37 +0800] "GET /xingrg/check_reg.html?_=1674440209601 HTTP/1.1" 200 22
222.70.183.204 - - [23/Jan/2023:10:16:44 +0800] "GET /xingrg/all/function/internal_message.html?_=1674440215082&CODE_STATE=getMsg HTTP/1.1" 200 27
116.192.124.172 - - [23/Jan/2023:10:17:04 +0800] "GET /xingrg/all/function/internal_message.html?_=1674440234382&CODE_STATE=getMsg HTTP/1.1" 200 27
101.83.145.75 - - [23/Jan/2023:10:17:05 +0800] "GET /xingrg/check_reg.html?_=1674440236015 HTTP/1.1" 200 22
222.70.183.204 - - [23/Jan/2023:10:17:05 +0800] "GET /xingrg/kc/buy/cgsh_order_operate.html?command=get_materiel&rest_code=00111&code=00101004101&supplier_code=00100086&order_time=2023-01-23 HTTP/1.1" 200 433
101.83.145.75 - - [23/Jan/2023:10:17:08 +0800] "GET /xingrg/all/function/internal_message.html?_=1674440238880&CODE_STATE=getMsg HTTP/1.1" 200 27
116.235.244.242 - - [23/Jan/2023:10:17:13 +0800] "GET /xingrg/all/function/internal_message.html?_=1674440247907&CODE_STATE=getMsg HTTP/1.1" 200 27
222.70.183.204 - - [23/Jan/2023:10:17:28 +0800] "POST /xingrg/services/DataTransmitService HTTP/1.1" 200 524
222.70.183.204 - - [23/Jan/2023:10:17:30 +0800] "POST /xingrg/kc/buy/cgsh_order_operate.html HTTP/1.1" 200 37
222.70.183.204 - - [23/Jan/2023:10:17:33 +0800] "POST /xingrg/kc/buy/cgsh_order_operate.html HTTP/1.1" 200 3843
180.157.253.110 - - [23/Jan/2023:10:17:34 +0800] "GET /xingrg/all/function/internal_message.html?_=1674440266422&CODE_STATE=getMsg HTTP/1.1" 200 27
222.70.183.204 - - [23/Jan/2023:10:17:36 +0800] "GET /xingrg/kc/print/load_data.html?order_code=212023012306711&kc_code=cgsh&condition= HTTP/1.1" 200 1192
116.238.139.35 - - [23/Jan/2023:10:17:37 +0800] "GET /xingrg/all/function/internal_message.html?_=1674440269603&CODE_STATE=getMsg HTTP/1.1" 200 27
222.70.183.204 - - [23/Jan/2023:10:17:44 +0800] "GET /xingrg/all/function/internal_message.html?_=1674440275077&CODE_STATE=getMsg HTTP/1.1" 200 27
222.70.183.204 - - [23/Jan/2023:10:17:44 +0800] "GET /xingrg/kc/buy/cgsh_order_add.html HTTP/1.1" 200 69657
222.70.183.204 - - [23/Jan/2023:10:17:45 +0800] "POST /xingrg/kc/buy/cgsh_order_operate.html HTTP/1.1" 200 8245
222.70.183.204 - - [23/Jan/2023:10:17:45 +0800] "GET /xingrg/javascript/easyui/themes/default/validatebox.css HTTP/1.1" 404 1104
116.235.244.242 - - [23/Jan/2023:10:17:55 +0800] "GET /xingrg/check_reg.html?_=1674440290050 HTTP/1.1" 200 22
116.192.124.172 - - [23/Jan/2023:10:18:04 +0800] "GET /xingrg/all/function/internal_message.html?_=1674440294395&CODE_STATE=getMsg HTTP/1.1" 200 27
101.83.145.75 - - [23/Jan/2023:10:18:07 +0800] "GET /xingrg/all/function/internal_message.html?_=1674440298855&CODE_STATE=getMsg HTTP/1.1" 200 27
116.192.124.172 - - [23/Jan/2023:10:18:09 +0800] "GET /xingrg/javascript/jquery_easy_ui/themes/default/images/button_plain_hover.png HTTP/1.1" 200 252
116.192.124.172 - - [23/Jan/2023:10:18:10 +0800] "GET /xingrg/javascript/jquery_easy_ui/themes/default/images/tabs_active.png HTTP/1.1" 200 2894
116.235.244.242 - - [23/Jan/2023:10:18:13 +0800] "GET /xingrg/all/function/internal_message.html?_=1674440307914&CODE_STATE=getMsg HTTP/1.1" 200 27
116.192.124.172 - - [23/Jan/2023:10:18:15 +0800] "GET /xingrg/kc/base/wldb_order_list.html HTTP/1.1" 200 19139
116.192.124.172 - - [23/Jan/2023:10:18:15 +0800] "GET /xingrg/javascript/jquery_tools/fix.css HTTP/1.1" 200 1702
116.192.124.172 - - [23/Jan/2023:10:18:15 +0800] "GET /xingrg/javascript/jquery_tools/table.css HTTP/1.1" 200 1032
116.192.124.172 - - [23/Jan/2023:10:18:15 +0800] "GET /xingrg/javascript/jquery_tools/jquery.tools.min.js HTTP/1.1" 200 138801
116.192.124.172 - - [23/Jan/2023:10:18:15 +0800] "GET /xingrg/javascript/jquery_tools/datebox.css HTTP/1.1" 200 2597
116.192.124.172 - - [23/Jan/2023:10:18:15 +0800] "GET /xingrg/css/site.css HTTP/1.1" 200 7541
116.192.124.172 - - [23/Jan/2023:10:18:15 +0800] "GET /xingrg/javascript/jquery_tools/jquery.tools.extend.js HTTP/1.1" 200 15385
116.192.124.172 - - [23/Jan/2023:10:18:15 +0800] "GET /xingrg/javascript/jquery_tools/jquery.tools.hotkey.js HTTP/1.1" 200 3242
116.192.124.172 - - [23/Jan/2023:10:18:15 +0800] "GET /xingrg/javascript/jquery_tools/jquery.tools.table.js HTTP/1.1" 200 6994
116.192.124.172 - - [23/Jan/2023:10:18:15 +0800] "GET /xingrg/javascript/jquery_tools/list_manager.js HTTP/1.1" 200 3652
116.192.124.172 - - [23/Jan/2023:10:18:15 +0800] "GET /xingrg/javascript/easyui/themes/icon.css HTTP/1.1" 200 4483
116.192.124.172 - - [23/Jan/2023:10:18:15 +0800] "GET /xingrg/javascript/easyui/easyloader.js HTTP/1.1" 200 5975
116.192.124.172 - - [23/Jan/2023:10:18:15 +0800] "GET /xingrg/javascript/jquery.cookie.js HTTP/1.1" 200 5513
116.192.124.172 - - [23/Jan/2023:10:18:15 +0800] "GET /xingrg/css/base.css HTTP/1.1" 200 2811
116.192.124.172 - - [23/Jan/2023:10:18:15 +0800] "GET /xingrg/javascript/easyui/themes/default/easyui.css HTTP/1.1" 200 30432
116.192.124.172 - - [23/Jan/2023:10:18:15 +0800] "GET /xingrg/javascript/easyui/themes/icons/edit_add_new.png HTTP/1.1" 200 2997
116.192.124.172 - - [23/Jan/2023:10:18:15 +0800] "GET /xingrg/javascript/easyui/themes/icons/field_new.png HTTP/1.1" 200 1097
116.192.124.172 - - [23/Jan/2023:10:18:15 +0800] "GET /xingrg/javascript/easyui/themes/icons/cance_new.png HTTP/1.1" 200 3986
116.192.124.172 - - [23/Jan/2023:10:18:15 +0800] "GET /xingrg/javascript/easyui/themes/icons/check_new.png HTTP/1.1" 200 3224
116.192.124.172 - - [23/Jan/2023:10:18:15 +0800] "GET /xingrg/javascript/easyui/themes/icons/import_new.png HTTP/1.1" 200 1247
116.192.124.172 - - [23/Jan/2023:10:18:15 +0800] "GET /xingrg/javascript/easyui/plugins/jquery.parser.js HTTP/1.1" 200 1142
116.192.124.172 - - [23/Jan/2023:10:18:15 +0800] "GET /xingrg/images/control/ajaxLoader.gif HTTP/1.1" 200 4659
116.192.124.172 - - [23/Jan/2023:10:18:16 +0800] "POST /xingrg/kc/base/wldb_list_operate.html HTTP/1.1" 200 928
116.192.124.172 - - [23/Jan/2023:10:18:16 +0800] "GET /xingrg/javascript/easyui/themes/default/images/button_plain_hover.png HTTP/1.1" 200 144
116.192.124.172 - - [23/Jan/2023:10:18:16 +0800] "GET /xingrg/kc/base/wldb_order_add.html HTTP/1.1" 200 30418
116.192.124.172 - - [23/Jan/2023:10:18:16 +0800] "GET /xingrg/javascript/convert.js HTTP/1.1" 200 1239
116.192.124.172 - - [23/Jan/2023:10:18:17 +0800] "GET /xingrg/javascript/json2.js HTTP/1.1" 200 11259
116.192.124.172 - - [23/Jan/2023:10:18:17 +0800] "GET /xingrg/javascript/jquery_tools/order_manager.js HTTP/1.1" 200 11183
116.192.124.172 - - [23/Jan/2023:10:18:17 +0800] "GET /xingrg/javascript/easyui/themes/icons/template_new.png HTTP/1.1" 200 3956
116.192.124.172 - - [23/Jan/2023:10:18:17 +0800] "GET /xingrg/javascript/easyui/themes/icons/print.png HTTP/1.1" 200 1057
116.192.124.172 - - [23/Jan/2023:10:18:17 +0800] "GET /xingrg/javascript/easyui/themes/icons/ok.png HTTP/1.1" 200 883
116.192.124.172 - - [23/Jan/2023:10:18:17 +0800] "GET /xingrg/javascript/easyui/themes/icons/cancel.png HTTP/1.1" 200 1133
116.192.124.172 - - [23/Jan/2023:10:18:17 +0800] "GET /xingrg/javascript/easyui/themes/default/images/menu_downarrow.png HTTP/1.1" 200 173
116.192.124.172 - - [23/Jan/2023:10:18:17 +0800] "POST /xingrg/kc/base/wldb_order_operate.html HTTP/1.1" 200 6806
116.192.124.172 - - [23/Jan/2023:10:18:17 +0800] "GET /xingrg/all/common/auto_word.html?type=base&rest_code=00102 HTTP/1.1" 200 1857
116.192.124.172 - - [23/Jan/2023:10:18:17 +0800] "GET /xingrg/all/common/auto_word.html?type=base&rest_code=00102 HTTP/1.1" 200 1857
116.192.124.172 - - [23/Jan/2023:10:18:17 +0800] "GET /xingrg/javascript/easyui/themes/default/validatebox.css HTTP/1.1" 404 1104
116.192.124.172 - - [23/Jan/2023:10:18:17 +0800] "GET /xingrg/javascript/easyui/plugins/jquery.validatebox.js HTTP/1.1" 200 6103
116.192.124.172 - - [23/Jan/2023:10:18:17 +0800] "GET /xingrg/javascript/easyui/plugins/jquery.numberbox.js HTTP/1.1" 200 5213
116.192.124.172 - - [23/Jan/2023:10:18:17 +0800] "GET /xingrg/javascript/easyui/themes/icons/edit_remove.png HTTP/1.1" 200 625
116.192.124.172 - - [23/Jan/2023:10:18:18 +0800] "GET /xingrg/css/images/panel_loading.gif HTTP/1.1" 200 1737
116.192.124.172 - - [23/Jan/2023:10:18:18 +0800] "POST /xingrg/all/common/load_combo.html?type=base HTTP/1.1" 200 3321
116.192.124.172 - - [23/Jan/2023:10:18:20 +0800] "POST /xingrg/all/common/load_combo.html?type=base HTTP/1.1" 200 3321
180.157.253.110 - - [23/Jan/2023:10:18:34 +0800] "GET /xingrg/check_reg.html?_=1674440326429 HTTP/1.1" 200 22
180.157.253.110 - - [23/Jan/2023:10:18:34 +0800] "GET /xingrg/all/function/internal_message.html?_=1674440326424&CODE_STATE=getMsg HTTP/1.1" 200 27
116.238.139.35 - - [23/Jan/2023:10:18:37 +0800] "GET /xingrg/all/function/internal_message.html?_=1674440329603&CODE_STATE=getMsg HTTP/1.1" 200 27
116.192.124.172 - - [23/Jan/2023:10:18:39 +0800] "GET /xingrg/javascript/auto/indicator.gif HTTP/1.1" 404 1066
116.192.124.172 - - [23/Jan/2023:10:18:41 +0800] "GET /xingrg/kc/base/wldb_order_operate.html?command=get_materiel&rest_code=00102&base_code=0010476&code=00101019358 HTTP/1.1" 200 460
222.70.183.204 - - [23/Jan/2023:10:18:44 +0800] "GET /xingrg/all/function/internal_message.html?_=1674440335089&CODE_STATE=getMsg HTTP/1.1" 200 27
180.157.253.110 - - [23/Jan/2023:10:18:46 +0800] "POST /xingrg/services/DataTransmitService HTTP/1.1" 200 524
116.192.124.172 - - [23/Jan/2023:10:18:55 +0800] "POST /xingrg/kc/base/wldb_order_operate.html HTTP/1.1" 200 37
116.192.124.172 - - [23/Jan/2023:10:18:57 +0800] "POST /xingrg/kc/base/wldb_order_operate.html HTTP/1.1" 200 12
116.192.124.172 - - [23/Jan/2023:10:18:57 +0800] "POST /xingrg/kc/base/wldb_order_operate.html HTTP/1.1" 200 2202
116.192.124.172 - - [23/Jan/2023:10:18:58 +0800] "GET /xingrg/kc/base/wldb_order_info.html?code=422023012301474 HTTP/1.1" 200 26294
116.192.124.172 - - [23/Jan/2023:10:18:59 +0800] "GET /xingrg/javascript/easyui/themes/default/validatebox.css HTTP/1.1" 404 1104
116.192.124.172 - - [23/Jan/2023:10:18:59 +0800] "POST /xingrg/kc/base/wldb_order_operate.html HTTP/1.1" 200 496
116.192.124.172 - - [23/Jan/2023:10:19:03 +0800] "GET /xingrg/kc/base/wldb_order_add.html HTTP/1.1" 200 30418
116.192.124.172 - - [23/Jan/2023:10:19:03 +0800] "POST /xingrg/kc/base/wldb_order_operate.html HTTP/1.1" 200 6806
116.192.124.172 - - [23/Jan/2023:10:19:03 +0800] "GET /xingrg/javascript/easyui/themes/default/validatebox.css HTTP/1.1" 404 1104
116.192.124.172 - - [23/Jan/2023:10:19:04 +0800] "POST /xingrg/all/common/load_combo.html?type=base HTTP/1.1" 200 3321
116.192.124.172 - - [23/Jan/2023:10:19:04 +0800] "GET /xingrg/all/function/internal_message.html?_=1674440354497&CODE_STATE=getMsg HTTP/1.1" 200 27
101.83.145.75 - - [23/Jan/2023:10:19:07 +0800] "GET /xingrg/all/function/internal_message.html?_=1674440358831&CODE_STATE=getMsg HTTP/1.1" 200 27
116.235.244.242 - - [23/Jan/2023:10:19:13 +0800] "GET /xingrg/all/function/internal_message.html?_=1674440367926&CODE_STATE=getMsg HTTP/1.1" 200 27
116.192.124.172 - - [23/Jan/2023:10:19:17 +0800] "POST /xingrg/all/common/load_combo.html?type=base HTTP/1.1" 200 3321
222.70.183.204 - - [23/Jan/2023:10:19:21 +0800] "GET /xingrg/kc/buy/cgsh_order_operate.html?command=get_materiel&rest_code=00111&code=00101003033&supplier_code=00100092&order_time=2023-01-23 HTTP/1.1" 200 441
116.192.124.172 - - [23/Jan/2023:10:19:24 +0800] "GET /xingrg/kc/base/wldb_order_operate.html?command=get_materiel&rest_code=00102&base_code=0010476&code=00101019079 HTTP/1.1" 200 479
101.83.145.75 - - [23/Jan/2023:10:19:28 +0800] "GET /xingrg/kc/buy/cgsh_order_list.html HTTP/1.1" 200 53920
116.192.124.172 - - [23/Jan/2023:10:19:30 +0800] "GET /xingrg/kc/base/wldb_order_operate.html?command=get_materiel&rest_code=00102&base_code=0010476&code=00101019195 HTTP/1.1" 200 472
101.83.145.75 - - [23/Jan/2023:10:19:31 +0800] "POST /xingrg/kc/buy/cgsh_list_operate.html HTTP/1.1" 200 5698
116.192.124.172 - - [23/Jan/2023:10:19:33 +0800] "GET /xingrg/kc/base/wldb_order_operate.html?command=get_materiel&rest_code=00102&base_code=0010476&code=00101019315 HTTP/1.1" 200 475
222.70.183.204 - - [23/Jan/2023:10:19:34 +0800] "GET /xingrg/kc/buy/cgsh_order_operate.html?command=get_materiel&rest_code=00111&code=00101003079&supplier_code=00100092&order_time=2023-01-23 HTTP/1.1" 200 421
180.157.253.110 - - [23/Jan/2023:10:19:34 +0800] "GET /xingrg/all/function/internal_message.html?_=1674440386414&CODE_STATE=getMsg HTTP/1.1" 200 27
116.192.124.172 - - [23/Jan/2023:10:19:36 +0800] "GET /xingrg/kc/base/wldb_order_operate.html?command=get_materiel&rest_code=00102&base_code=0010476&code=00101019391 HTTP/1.1" 200 485
116.238.139.35 - - [23/Jan/2023:10:19:37 +0800] "GET /xingrg/all/function/internal_message.html?_=1674440389604&CODE_STATE=getMsg HTTP/1.1" 200 27
180.169.147.146 - - [23/Jan/2023:10:19:39 +0800] "GET /xingrg/check_reg.html?_=1674440391079 HTTP/1.1" 200 22
116.192.124.172 - - [23/Jan/2023:10:19:42 +0800] "POST /xingrg/kc/base/wldb_order_operate.html HTTP/1.1" 200 37
116.192.124.172 - - [23/Jan/2023:10:19:42 +0800] "POST /xingrg/kc/base/wldb_order_operate.html HTTP/1.1" 200 3749
222.70.183.204 - - [23/Jan/2023:10:19:44 +0800] "GET /xingrg/kc/buy/cgsh_order_operate.html?command=get_materiel&rest_code=00111&code=00101003006&supplier_code=00100092&order_time=2023-01-23 HTTP/1.1" 200 430
222.70.183.204 - - [23/Jan/2023:10:19:44 +0800] "GET /xingrg/all/function/internal_message.html?_=1674440395076&CODE_STATE=getMsg HTTP/1.1" 200 27
222.70.183.204 - - [23/Jan/2023:10:19:44 +0800] "GET /xingrg/check_reg.html?_=1674440395077 HTTP/1.1" 200 22
116.192.124.172 - - [23/Jan/2023:10:19:45 +0800] "GET /xingrg/kc/base/wldb_order_info.html?code=422023012301475 HTTP/1.1" 200 30432
116.192.124.172 - - [23/Jan/2023:10:19:45 +0800] "GET /xingrg/javascript/easyui/themes/default/validatebox.css HTTP/1.1" 404 1104
116.192.124.172 - - [23/Jan/2023:10:19:45 +0800] "POST /xingrg/kc/base/wldb_order_operate.html HTTP/1.1" 200 3749
116.192.124.172 - - [23/Jan/2023:10:19:47 +0800] "GET /xingrg/kc/base/wldb_order_add.html HTTP/1.1" 200 30418
116.192.124.172 - - [23/Jan/2023:10:19:47 +0800] "POST /xingrg/kc/base/wldb_order_operate.html HTTP/1.1" 200 6806
116.192.124.172 - - [23/Jan/2023:10:19:48 +0800] "GET /xingrg/javascript/easyui/themes/default/validatebox.css HTTP/1.1" 404 1104
116.192.124.172 - - [23/Jan/2023:10:19:49 +0800] "POST /xingrg/all/common/load_combo.html?type=base HTTP/1.1" 200 3321
116.192.124.172 - - [23/Jan/2023:10:19:51 +0800] "POST /xingrg/all/common/load_combo.html?type=base HTTP/1.1" 200 3321
116.192.124.172 - - [23/Jan/2023:10:19:59 +0800] "GET /xingrg/kc/base/wldb_order_operate.html?command=get_materiel&rest_code=00102&base_code=0010476&code=00101019405 HTTP/1.1" 200 482
101.83.145.75 - - [23/Jan/2023:10:20:04 +0800] "POST /xingrg/kc/buy/cgsh_list_operate.html HTTP/1.1" 200 4
116.192.124.172 - - [23/Jan/2023:10:20:04 +0800] "GET /xingrg/all/function/internal_message.html?_=1674440414475&CODE_STATE=getMsg HTTP/1.1" 200 27
116.192.124.172 - - [23/Jan/2023:10:20:08 +0800] "GET /xingrg/kc/base/wldb_order_operate.html?command=get_materiel&rest_code=00102&base_code=0010476&code=00101013011 HTTP/1.1" 200 452
101.83.145.75 - - [23/Jan/2023:10:20:11 +0800] "POST /xingrg/kc/buy/cgsh_list_operate.html HTTP/1.1" 200 986
101.83.145.75 - - [23/Jan/2023:10:20:12 +0800] "GET /xingrg/kc/base/wldb_order_list.html HTTP/1.1" 200 19139
101.83.145.75 - - [23/Jan/2023:10:20:12 +0800] "POST /xingrg/kc/base/wldb_list_operate.html HTTP/1.1" 200 5486
116.235.244.242 - - [23/Jan/2023:10:20:13 +0800] "GET /xingrg/all/function/internal_message.html?_=1674440427952&CODE_STATE=getMsg HTTP/1.1" 200 27
116.192.124.172 - - [23/Jan/2023:10:20:13 +0800] "GET /xingrg/kc/base/wldb_order_operate.html?command=get_materiel&rest_code=00102&base_code=0010476&code=00101019438 HTTP/1.1" 200 462
116.192.124.172 - - [23/Jan/2023:10:20:20 +0800] "GET /xingrg/kc/base/wldb_order_operate.html?command=get_materiel&rest_code=00102&base_code=0010476&code=00101019063 HTTP/1.1" 200 462
116.192.124.172 - - [23/Jan/2023:10:20:31 +0800] "GET /xingrg/kc/base/wldb_order_operate.html?command=get_materiel&rest_code=00102&base_code=0010476&code=00101019469 HTTP/1.1" 200 457
222.70.183.204 - - [23/Jan/2023:10:20:34 +0800] "POST /xingrg/kc/buy/cgsh_order_operate.html HTTP/1.1" 200 37
180.157.253.110 - - [23/Jan/2023:10:20:34 +0800] "GET /xingrg/all/function/internal_message.html?_=1674440446416&CODE_STATE=getMsg HTTP/1.1" 200 27
222.70.183.204 - - [23/Jan/2023:10:20:36 +0800] "POST /xingrg/kc/buy/cgsh_order_operate.html HTTP/1.1" 200 2674
116.192.124.172 - - [23/Jan/2023:10:20:36 +0800] "GET /xingrg/kc/base/wldb_order_operate.html?command=get_materiel&rest_code=00102&base_code=0010476&code=00101019433 HTTP/1.1" 200 471
222.70.183.204 - - [23/Jan/2023:10:20:37 +0800] "GET /xingrg/kc/print/load_data.html?order_code=212023012306712&kc_code=cgsh&condition= HTTP/1.1" 200 742
116.238.139.35 - - [23/Jan/2023:10:20:37 +0800] "GET /xingrg/all/function/internal_message.html?_=1674440449606&CODE_STATE=getMsg HTTP/1.1" 200 27
101.83.145.75 - - [23/Jan/2023:10:20:41 +0800] "POST /xingrg/kc/base/wldb_list_operate.html HTTP/1.1" 200 4
222.70.183.204 - - [23/Jan/2023:10:20:44 +0800] "GET /xingrg/all/function/internal_message.html?_=1674440455093&CODE_STATE=getMsg HTTP/1.1" 200 27
222.70.183.204 - - [23/Jan/2023:10:20:45 +0800] "GET /xingrg/kc/buy/cgsh_order_add.html HTTP/1.1" 200 69657
222.70.183.204 - - [23/Jan/2023:10:20:45 +0800] "POST /xingrg/kc/buy/cgsh_order_operate.html HTTP/1.1" 200 8245
222.70.183.204 - - [23/Jan/2023:10:20:45 +0800] "GET /xingrg/javascript/easyui/themes/default/validatebox.css HTTP/1.1" 404 1104
101.83.145.75 - - [23/Jan/2023:10:20:50 +0800] "POST /xingrg/kc/base/wldb_list_operate.html HTTP/1.1" 200 1771
116.192.124.172 - - [23/Jan/2023:10:20:53 +0800] "POST /xingrg/kc/base/wldb_order_operate.html HTTP/1.1" 200 37
116.192.124.172 - - [23/Jan/2023:10:20:54 +0800] "POST /xingrg/kc/base/wldb_order_operate.html HTTP/1.1" 200 5698
116.192.124.172 - - [23/Jan/2023:10:20:55 +0800] "GET /xingrg/kc/base/wldb_order_info.html?code=422023012301476 HTTP/1.1" 200 30432
116.192.124.172 - - [23/Jan/2023:10:20:55 +0800] "GET /xingrg/javascript/easyui/themes/default/validatebox.css HTTP/1.1" 404 1104
101.83.145.75 - - [23/Jan/2023:10:20:56 +0800] "POST /xingrg/kc/base/wldb_list_operate.html HTTP/1.1" 200 4
116.192.124.172 - - [23/Jan/2023:10:20:56 +0800] "POST /xingrg/kc/base/wldb_order_operate.html HTTP/1.1" 200 5698
222.70.183.204 - - [23/Jan/2023:10:20:58 +0800] "GET /xingrg/kc/buy/cgsh_order_operate.html?command=get_materiel&rest_code=00111&code=00101001037&supplier_code=00100090&order_time=2023-01-23 HTTP/1.1" 200 433
116.192.124.172 - - [23/Jan/2023:10:20:59 +0800] "GET /xingrg/kc/base/wldb_order_add.html HTTP/1.1" 200 30418
116.192.124.172 - - [23/Jan/2023:10:20:59 +0800] "POST /xingrg/kc/base/wldb_order_operate.html HTTP/1.1" 200 6806
116.192.124.172 - - [23/Jan/2023:10:20:59 +0800] "GET /xingrg/javascript/easyui/themes/default/validatebox.css HTTP/1.1" 404 1104
116.192.124.172 - - [23/Jan/2023:10:21:01 +0800] "POST /xingrg/all/common/load_combo.html?type=base HTTP/1.1" 200 3321
116.192.124.172 - - [23/Jan/2023:10:21:03 +0800] "POST /xingrg/all/common/load_combo.html?type=base HTTP/1.1" 200 3321
116.192.124.172 - - [23/Jan/2023:10:21:04 +0800] "GET /xingrg/check_reg.html?_=1674440474382 HTTP/1.1" 200 22
116.192.124.172 - - [23/Jan/2023:10:21:04 +0800] "GET /xingrg/all/function/internal_message.html?_=1674440474449&CODE_STATE=getMsg HTTP/1.1" 200 27
101.83.145.75 - - [23/Jan/2023:10:21:05 +0800] "POST /xingrg/kc/base/wldb_list_operate.html HTTP/1.1" 200 928
101.83.145.75 - - [23/Jan/2023:10:21:07 +0800] "GET /xingrg/all/function/internal_message.html?_=1674440478852&CODE_STATE=getMsg HTTP/1.1" 200 27
116.235.244.242 - - [23/Jan/2023:10:21:13 +0800] "GET /xingrg/all/function/internal_message.html?_=1674440487969&CODE_STATE=getMsg HTTP/1.1" 200 27
116.192.124.172 - - [23/Jan/2023:10:21:19 +0800] "GET /xingrg/system/info/materiel_import.html?isSelect=1&singleSelect=false HTTP/1.1" 200 5600
116.192.124.172 - - [23/Jan/2023:10:21:19 +0800] "GET /xingrg/css/xtree.css HTTP/1.1" 200 880
116.192.124.172 - - [23/Jan/2023:10:21:19 +0800] "GET /xingrg/javascript/jquery_ui/themes/base/base.css HTTP/1.1" 200 28568
116.192.124.172 - - [23/Jan/2023:10:21:19 +0800] "GET /xingrg/javascript/jquery_easy_ui/themes/default/images/button_a_bg.gif HTTP/1.1" 200 1194
116.192.124.172 - - [23/Jan/2023:10:21:19 +0800] "GET /xingrg/javascript/jquery_easy_ui/themes/default/images/pagination_first.gif HTTP/1.1" 200 925
116.192.124.172 - - [23/Jan/2023:10:21:19 +0800] "POST /xingrg/all/common/load_tree.html?tree=materiel_sort_tree_json HTTP/1.1" 200 9500
116.192.124.172 - - [23/Jan/2023:10:21:19 +0800] "GET /xingrg/javascript/jquery_easy_ui/themes/default/images/pagination_prev.gif HTTP/1.1" 200 879
116.192.124.172 - - [23/Jan/2023:10:21:19 +0800] "GET /xingrg/javascript/jquery_easy_ui/themes/default/images/pagination_next.gif HTTP/1.1" 200 875
116.192.124.172 - - [23/Jan/2023:10:21:19 +0800] "GET /xingrg/javascript/jquery_easy_ui/themes/default/images/datagrid_header_bg.gif HTTP/1.1" 200 97
116.192.124.172 - - [23/Jan/2023:10:21:19 +0800] "GET /xingrg/javascript/jquery_easy_ui/themes/default/images/pagination_last.gif HTTP/1.1" 200 923
116.192.124.172 - - [23/Jan/2023:10:21:19 +0800] "GET /xingrg/javascript/jquery_easy_ui/themes/default/images/pagination_load.png HTTP/1.1" 200 827
116.192.124.172 - - [23/Jan/2023:10:21:19 +0800] "GET /favicon.ico HTTP/1.1" 404 -
116.192.124.172 - - [23/Jan/2023:10:21:19 +0800] "GET /xingrg/javascript/jquery_easy_ui/themes/default/images/button_span_bg.gif HTTP/1.1" 200 2061
116.192.124.172 - - [23/Jan/2023:10:21:19 +0800] "GET /xingrg/javascript/jquery_easy_ui/themes/icons/search.png HTTP/1.1" 200 813
116.192.124.172 - - [23/Jan/2023:10:21:19 +0800] "GET /xingrg/javascript/jquery_easy_ui/themes/icons/edit_add.png HTTP/1.1" 200 1088
116.192.124.172 - - [23/Jan/2023:10:21:20 +0800] "GET /xingrg/javascript/jquery_easy_ui/themes/icons/rest.png HTTP/1.1" 200 695
116.192.124.172 - - [23/Jan/2023:10:21:20 +0800] "GET /xingrg/javascript/jquery_easy_ui/themes/icons/area.png HTTP/1.1" 200 262
222.70.183.204 - - [23/Jan/2023:10:21:22 +0800] "POST /xingrg/kc/buy/cgsh_order_operate.html HTTP/1.1" 200 37
116.192.124.172 - - [23/Jan/2023:10:21:22 +0800] "GET /xingrg/system/info/materiel_import.html?isSelect=1&singleSelect=false HTTP/1.1" 200 5600
116.192.124.172 - - [23/Jan/2023:10:21:22 +0800] "POST /xingrg/all/common/load_tree.html?tree=materiel_sort_tree_json HTTP/1.1" 200 9500
116.192.124.172 - - [23/Jan/2023:10:21:22 +0800] "GET /favicon.ico HTTP/1.1" 404 -
222.70.183.204 - - [23/Jan/2023:10:21:23 +0800] "POST /xingrg/kc/buy/cgsh_order_operate.html HTTP/1.1" 200 2665
116.192.124.172 - - [23/Jan/2023:10:21:26 +0800] "GET /xingrg/kc/base/wldb_order_operate.html?command=get_materiel&rest_code=00102&base_code=0010477&code=00102002314 HTTP/1.1" 200 461
222.70.183.204 - - [23/Jan/2023:10:21:27 +0800] "GET /xingrg/kc/print/load_data.html?order_code=212023012306713&kc_code=cgsh&condition= HTTP/1.1" 200 745
116.192.124.172 - - [23/Jan/2023:10:21:34 +0800] "GET /xingrg/kc/base/wldb_order_operate.html?command=get_materiel&rest_code=00102&base_code=0010477&code=00102002497 HTTP/1.1" 200 442
180.157.253.110 - - [23/Jan/2023:10:21:34 +0800] "GET /xingrg/all/function/internal_message.html?_=1674440506419&CODE_STATE=getMsg HTTP/1.1" 200 27
