101.83.145.75 - - [23/Jan/2023:17:52:05 +0800] "GET /xingrg/check_reg.html?_=1674467536667 HTTP/1.1" 200 22
101.229.22.234 - - [23/Jan/2023:17:52:24 +0800] "GET /xingrg/all/function/internal_message.html?_=1674467554841&CODE_STATE=getMsg HTTP/1.1" 200 27
180.157.253.110 - - [23/Jan/2023:17:52:27 +0800] "GET /xingrg/all/function/internal_message.html?_=1674467559443&CODE_STATE=getMsg HTTP/1.1" 200 27
116.235.244.242 - - [23/Jan/2023:17:52:30 +0800] "GET /xingrg/all/function/internal_message.html?_=1674467566547&CODE_STATE=getMsg HTTP/1.1" 200 27
116.238.139.35 - - [23/Jan/2023:17:52:38 +0800] "GET /xingrg/all/function/internal_message.html?_=1674467570349&CODE_STATE=getMsg HTTP/1.1" 200 27
116.235.244.242 - - [23/Jan/2023:17:52:54 +0800] "GET /xingrg/check_reg.html?_=1674467590806 HTTP/1.1" 200 22
101.83.145.75 - - [23/Jan/2023:17:52:57 +0800] "GET /xingrg/all/function/internal_message.html?_=1674467588183&CODE_STATE=getMsg HTTP/1.1" 200 27
180.162.115.82 - - [23/Jan/2023:17:53:05 +0800] "GET /xingrg/all/function/internal_message.html?_=1674466562969&CODE_STATE=getMsg HTTP/1.1" 200 27
101.229.22.234 - - [23/Jan/2023:17:53:24 +0800] "GET /xingrg/all/function/internal_message.html?_=1674467614839&CODE_STATE=getMsg HTTP/1.1" 200 27
180.157.253.110 - - [23/Jan/2023:17:53:27 +0800] "GET /xingrg/all/function/internal_message.html?_=1674467619415&CODE_STATE=getMsg HTTP/1.1" 200 27
116.235.244.242 - - [23/Jan/2023:17:53:30 +0800] "GET /xingrg/all/function/internal_message.html?_=1674467626558&CODE_STATE=getMsg HTTP/1.1" 200 27
180.157.253.110 - - [23/Jan/2023:17:53:33 +0800] "GET /xingrg/check_reg.html?_=1674467625583 HTTP/1.1" 200 22
116.238.139.35 - - [23/Jan/2023:17:53:38 +0800] "GET /xingrg/all/function/internal_message.html?_=1674467630350&CODE_STATE=getMsg HTTP/1.1" 200 27
101.83.145.75 - - [23/Jan/2023:17:53:57 +0800] "GET /xingrg/all/function/internal_message.html?_=1674467648160&CODE_STATE=getMsg HTTP/1.1" 200 27
180.162.115.82 - - [23/Jan/2023:17:54:05 +0800] "GET /xingrg/all/function/internal_message.html?_=1674466622960&CODE_STATE=getMsg HTTP/1.1" 200 27
101.229.22.234 - - [23/Jan/2023:17:54:24 +0800] "GET /xingrg/all/function/internal_message.html?_=1674467674839&CODE_STATE=getMsg HTTP/1.1" 200 27
180.157.253.110 - - [23/Jan/2023:17:54:27 +0800] "GET /xingrg/all/function/internal_message.html?_=1674467679394&CODE_STATE=getMsg HTTP/1.1" 200 27
116.235.244.242 - - [23/Jan/2023:17:54:30 +0800] "GET /xingrg/all/function/internal_message.html?_=1674467686571&CODE_STATE=getMsg HTTP/1.1" 200 27
180.169.147.146 - - [23/Jan/2023:17:54:36 +0800] "GET /xingrg/check_reg.html?_=1674467689035 HTTP/1.1" 200 22
116.238.139.35 - - [23/Jan/2023:17:54:38 +0800] "GET /xingrg/all/function/internal_message.html?_=1674467690351&CODE_STATE=getMsg HTTP/1.1" 200 27
101.83.145.75 - - [23/Jan/2023:17:54:57 +0800] "GET /xingrg/all/function/internal_message.html?_=1674467708139&CODE_STATE=getMsg HTTP/1.1" 200 27
116.235.93.82 - - [23/Jan/2023:17:55:05 +0800] "POST /xingrg/services/DataTransmitService HTTP/1.1" 200 524
180.162.115.82 - - [23/Jan/2023:17:55:05 +0800] "GET /xingrg/all/function/internal_message.html?_=1674466682967&CODE_STATE=getMsg HTTP/1.1" 200 27
116.235.93.82 - - [23/Jan/2023:17:55:06 +0800] "POST /xingrg/services/DataTransmitService HTTP/1.1" 200 412
101.229.22.234 - - [23/Jan/2023:17:55:24 +0800] "GET /xingrg/all/function/internal_message.html?_=1674467734839&CODE_STATE=getMsg HTTP/1.1" 200 27
180.157.253.110 - - [23/Jan/2023:17:55:27 +0800] "GET /xingrg/all/function/internal_message.html?_=1674467739366&CODE_STATE=getMsg HTTP/1.1" 200 27
116.235.244.242 - - [23/Jan/2023:17:55:30 +0800] "GET /xingrg/all/function/internal_message.html?_=1674467746703&CODE_STATE=getMsg HTTP/1.1" 200 27
116.238.139.35 - - [23/Jan/2023:17:55:38 +0800] "GET /xingrg/all/function/internal_message.html?_=1674467750352&CODE_STATE=getMsg HTTP/1.1" 200 27
101.83.145.75 - - [23/Jan/2023:17:55:57 +0800] "GET /xingrg/all/function/internal_message.html?_=1674467768109&CODE_STATE=getMsg HTTP/1.1" 200 27
180.162.115.82 - - [23/Jan/2023:17:56:05 +0800] "GET /xingrg/all/function/internal_message.html?_=1674466742959&CODE_STATE=getMsg HTTP/1.1" 200 27
180.162.115.82 - - [23/Jan/2023:17:56:05 +0800] "GET /xingrg/check_reg.html?_=1674466742962 HTTP/1.1" 200 22
101.229.22.234 - - [23/Jan/2023:17:56:24 +0800] "GET /xingrg/all/function/internal_message.html?_=1674467794853&CODE_STATE=getMsg HTTP/1.1" 200 27
101.229.22.234 - - [23/Jan/2023:17:56:24 +0800] "GET /xingrg/check_reg.html?_=1674467794855 HTTP/1.1" 200 22
180.157.253.110 - - [23/Jan/2023:17:56:27 +0800] "GET /xingrg/all/function/internal_message.html?_=1674467799336&CODE_STATE=getMsg HTTP/1.1" 200 27
116.235.244.242 - - [23/Jan/2023:17:56:30 +0800] "GET /xingrg/all/function/internal_message.html?_=1674467806709&CODE_STATE=getMsg HTTP/1.1" 200 27
116.238.139.35 - - [23/Jan/2023:17:56:38 +0800] "GET /xingrg/all/function/internal_message.html?_=1674467810351&CODE_STATE=getMsg HTTP/1.1" 200 27
116.238.139.35 - - [23/Jan/2023:17:56:38 +0800] "GET /xingrg/check_reg.html?_=1674467810355 HTTP/1.1" 200 22
101.83.145.75 - - [23/Jan/2023:17:56:57 +0800] "GET /xingrg/all/function/internal_message.html?_=1674467828089&CODE_STATE=getMsg HTTP/1.1" 200 27
180.162.115.82 - - [23/Jan/2023:17:57:05 +0800] "GET /xingrg/all/function/internal_message.html?_=1674466802969&CODE_STATE=getMsg HTTP/1.1" 200 27
101.83.145.75 - - [23/Jan/2023:17:57:05 +0800] "GET /xingrg/check_reg.html?_=1674467836665 HTTP/1.1" 200 22
101.229.22.234 - - [23/Jan/2023:17:57:24 +0800] "GET /xingrg/all/function/internal_message.html?_=1674467854838&CODE_STATE=getMsg HTTP/1.1" 200 27
180.157.253.110 - - [23/Jan/2023:17:57:27 +0800] "GET /xingrg/all/function/internal_message.html?_=1674467859309&CODE_STATE=getMsg HTTP/1.1" 200 27
116.235.244.242 - - [23/Jan/2023:17:57:30 +0800] "GET /xingrg/all/function/internal_message.html?_=1674467866826&CODE_STATE=getMsg HTTP/1.1" 200 27
116.238.139.35 - - [23/Jan/2023:17:57:38 +0800] "GET /xingrg/all/function/internal_message.html?_=1674467870354&CODE_STATE=getMsg HTTP/1.1" 200 27
116.235.244.242 - - [23/Jan/2023:17:57:54 +0800] "GET /xingrg/check_reg.html?_=1674467890816 HTTP/1.1" 200 22
101.83.145.75 - - [23/Jan/2023:17:57:57 +0800] "GET /xingrg/all/function/internal_message.html?_=1674467888058&CODE_STATE=getMsg HTTP/1.1" 200 27
180.162.115.82 - - [23/Jan/2023:17:58:05 +0800] "GET /xingrg/all/function/internal_message.html?_=1674466862961&CODE_STATE=getMsg HTTP/1.1" 200 27
101.229.22.234 - - [23/Jan/2023:17:58:24 +0800] "GET /xingrg/all/function/internal_message.html?_=1674467914852&CODE_STATE=getMsg HTTP/1.1" 200 27
180.157.253.110 - - [23/Jan/2023:17:58:27 +0800] "GET /xingrg/all/function/internal_message.html?_=1674467919282&CODE_STATE=getMsg HTTP/1.1" 200 27
116.235.244.242 - - [23/Jan/2023:17:58:30 +0800] "GET /xingrg/all/function/internal_message.html?_=1674467926830&CODE_STATE=getMsg HTTP/1.1" 200 27
180.157.253.110 - - [23/Jan/2023:17:58:33 +0800] "GET /xingrg/check_reg.html?_=1674467925558 HTTP/1.1" 200 22
116.238.139.35 - - [23/Jan/2023:17:58:38 +0800] "GET /xingrg/all/function/internal_message.html?_=1674467930353&CODE_STATE=getMsg HTTP/1.1" 200 27
101.83.145.75 - - [23/Jan/2023:17:58:57 +0800] "GET /xingrg/all/function/internal_message.html?_=1674467948032&CODE_STATE=getMsg HTTP/1.1" 200 27
180.162.115.82 - - [23/Jan/2023:17:59:05 +0800] "GET /xingrg/all/function/internal_message.html?_=1674466922969&CODE_STATE=getMsg HTTP/1.1" 200 27
101.229.22.234 - - [23/Jan/2023:17:59:24 +0800] "GET /xingrg/all/function/internal_message.html?_=1674467974850&CODE_STATE=getMsg HTTP/1.1" 200 27
180.157.253.110 - - [23/Jan/2023:17:59:27 +0800] "GET /xingrg/all/function/internal_message.html?_=1674467979258&CODE_STATE=getMsg HTTP/1.1" 200 27
116.235.244.242 - - [23/Jan/2023:17:59:30 +0800] "GET /xingrg/all/function/internal_message.html?_=1674467986844&CODE_STATE=getMsg HTTP/1.1" 200 27
180.169.147.146 - - [23/Jan/2023:17:59:36 +0800] "GET /xingrg/check_reg.html?_=1674467989040 HTTP/1.1" 200 22
116.238.139.35 - - [23/Jan/2023:17:59:38 +0800] "GET /xingrg/all/function/internal_message.html?_=1674467990353&CODE_STATE=getMsg HTTP/1.1" 200 27
101.83.145.75 - - [23/Jan/2023:17:59:57 +0800] "GET /xingrg/all/function/internal_message.html?_=1674468008006&CODE_STATE=getMsg HTTP/1.1" 200 27
180.162.115.82 - - [23/Jan/2023:18:00:05 +0800] "GET /xingrg/all/function/internal_message.html?_=1674466982958&CODE_STATE=getMsg HTTP/1.1" 200 27
101.229.22.234 - - [23/Jan/2023:18:00:24 +0800] "GET /xingrg/all/function/internal_message.html?_=1674468034850&CODE_STATE=getMsg HTTP/1.1" 200 27
180.157.253.110 - - [23/Jan/2023:18:00:27 +0800] "GET /xingrg/all/function/internal_message.html?_=1674468039230&CODE_STATE=getMsg HTTP/1.1" 200 27
116.235.244.242 - - [23/Jan/2023:18:00:31 +0800] "GET /xingrg/all/function/internal_message.html?_=1674468046978&CODE_STATE=getMsg HTTP/1.1" 200 27
116.238.139.35 - - [23/Jan/2023:18:00:38 +0800] "GET /xingrg/all/function/internal_message.html?_=1674468050352&CODE_STATE=getMsg HTTP/1.1" 200 27
101.83.145.75 - - [23/Jan/2023:18:00:57 +0800] "GET /xingrg/all/function/internal_message.html?_=1674468067984&CODE_STATE=getMsg HTTP/1.1" 200 27
180.162.115.82 - - [23/Jan/2023:18:01:05 +0800] "GET /xingrg/all/function/internal_message.html?_=1674467042966&CODE_STATE=getMsg HTTP/1.1" 200 27
180.162.115.82 - - [23/Jan/2023:18:01:05 +0800] "GET /xingrg/check_reg.html?_=1674467042969 HTTP/1.1" 200 22
101.229.22.234 - - [23/Jan/2023:18:01:24 +0800] "GET /xingrg/check_reg.html?_=1674468094853 HTTP/1.1" 200 22
101.229.22.234 - - [23/Jan/2023:18:01:24 +0800] "GET /xingrg/all/function/internal_message.html?_=1674468094850&CODE_STATE=getMsg HTTP/1.1" 200 27
180.157.253.110 - - [23/Jan/2023:18:01:27 +0800] "GET /xingrg/all/function/internal_message.html?_=1674468099203&CODE_STATE=getMsg HTTP/1.1" 200 27
116.235.244.242 - - [23/Jan/2023:18:01:30 +0800] "GET /xingrg/all/function/internal_message.html?_=1674468106979&CODE_STATE=getMsg HTTP/1.1" 200 27
116.238.139.35 - - [23/Jan/2023:18:01:38 +0800] "GET /xingrg/all/function/internal_message.html?_=1674468110350&CODE_STATE=getMsg HTTP/1.1" 200 27
116.238.139.35 - - [23/Jan/2023:18:01:38 +0800] "GET /xingrg/check_reg.html?_=1674468110361 HTTP/1.1" 200 22
58.22.0.232 - - [23/Jan/2023:18:01:44 +0800] "GET /favicon.ico HTTP/1.1" 404 -
101.83.145.75 - - [23/Jan/2023:18:01:57 +0800] "GET /xingrg/all/function/internal_message.html?_=1674468127966&CODE_STATE=getMsg HTTP/1.1" 200 27
180.162.115.82 - - [23/Jan/2023:18:02:05 +0800] "GET /xingrg/all/function/internal_message.html?_=1674467102958&CODE_STATE=getMsg HTTP/1.1" 200 27
101.83.145.75 - - [23/Jan/2023:18:02:05 +0800] "GET /xingrg/check_reg.html?_=1674468136671 HTTP/1.1" 200 22
101.229.22.234 - - [23/Jan/2023:18:02:24 +0800] "GET /xingrg/all/function/internal_message.html?_=1674468154852&CODE_STATE=getMsg HTTP/1.1" 200 27
180.157.253.110 - - [23/Jan/2023:18:02:27 +0800] "GET /xingrg/all/function/internal_message.html?_=1674468159176&CODE_STATE=getMsg HTTP/1.1" 200 27
116.235.244.242 - - [23/Jan/2023:18:02:31 +0800] "GET /xingrg/all/function/internal_message.html?_=1674468167097&CODE_STATE=getMsg HTTP/1.1" 200 27
116.238.139.35 - - [23/Jan/2023:18:02:38 +0800] "GET /xingrg/all/function/internal_message.html?_=1674468170360&CODE_STATE=getMsg HTTP/1.1" 200 27
116.235.244.242 - - [23/Jan/2023:18:02:54 +0800] "GET /xingrg/check_reg.html?_=1674468190813 HTTP/1.1" 200 22
101.83.145.75 - - [23/Jan/2023:18:02:57 +0800] "GET /xingrg/all/function/internal_message.html?_=1674468187995&CODE_STATE=getMsg HTTP/1.1" 200 27
180.162.115.82 - - [23/Jan/2023:18:03:05 +0800] "GET /xingrg/all/function/internal_message.html?_=1674467162968&CODE_STATE=getMsg HTTP/1.1" 200 27
101.229.22.234 - - [23/Jan/2023:18:03:24 +0800] "GET /xingrg/all/function/internal_message.html?_=1674468214839&CODE_STATE=getMsg HTTP/1.1" 200 27
180.157.253.110 - - [23/Jan/2023:18:03:27 +0800] "GET /xingrg/all/function/internal_message.html?_=1674468219149&CODE_STATE=getMsg HTTP/1.1" 200 27
116.235.244.242 - - [23/Jan/2023:18:03:31 +0800] "GET /xingrg/all/function/internal_message.html?_=1674468227101&CODE_STATE=getMsg HTTP/1.1" 200 27
180.157.253.110 - - [23/Jan/2023:18:03:33 +0800] "GET /xingrg/check_reg.html?_=1674468225537 HTTP/1.1" 200 22
116.238.139.35 - - [23/Jan/2023:18:03:38 +0800] "GET /xingrg/all/function/internal_message.html?_=1674468230357&CODE_STATE=getMsg HTTP/1.1" 200 27
101.83.145.75 - - [23/Jan/2023:18:03:57 +0800] "GET /xingrg/all/function/internal_message.html?_=1674468247960&CODE_STATE=getMsg HTTP/1.1" 200 27
180.162.115.82 - - [23/Jan/2023:18:04:05 +0800] "GET /xingrg/all/function/internal_message.html?_=1674467222967&CODE_STATE=getMsg HTTP/1.1" 200 27
101.229.22.234 - - [23/Jan/2023:18:04:24 +0800] "GET /xingrg/all/function/internal_message.html?_=1674468274840&CODE_STATE=getMsg HTTP/1.1" 200 27
180.157.253.110 - - [23/Jan/2023:18:04:27 +0800] "GET /xingrg/all/function/internal_message.html?_=1674468279128&CODE_STATE=getMsg HTTP/1.1" 200 27
116.235.244.242 - - [23/Jan/2023:18:04:31 +0800] "GET /xingrg/all/function/internal_message.html?_=1674468287113&CODE_STATE=getMsg HTTP/1.1" 200 27
180.169.147.146 - - [23/Jan/2023:18:04:36 +0800] "GET /xingrg/check_reg.html?_=1674468289016 HTTP/1.1" 200 22
116.238.139.35 - - [23/Jan/2023:18:04:38 +0800] "GET /xingrg/all/function/internal_message.html?_=1674468290359&CODE_STATE=getMsg HTTP/1.1" 200 27
101.83.145.75 - - [23/Jan/2023:18:04:57 +0800] "GET /xingrg/all/function/internal_message.html?_=1674468307904&CODE_STATE=getMsg HTTP/1.1" 200 27
180.162.115.82 - - [23/Jan/2023:18:05:05 +0800] "GET /xingrg/all/function/internal_message.html?_=1674467282958&CODE_STATE=getMsg HTTP/1.1" 200 27
101.229.22.234 - - [23/Jan/2023:18:05:24 +0800] "GET /xingrg/all/function/internal_message.html?_=1674468334843&CODE_STATE=getMsg HTTP/1.1" 200 27
180.157.253.110 - - [23/Jan/2023:18:05:27 +0800] "GET /xingrg/all/function/internal_message.html?_=1674468339101&CODE_STATE=getMsg HTTP/1.1" 200 27
116.235.244.242 - - [23/Jan/2023:18:05:31 +0800] "GET /xingrg/all/function/internal_message.html?_=1674468347242&CODE_STATE=getMsg HTTP/1.1" 200 27
116.238.139.35 - - [23/Jan/2023:18:05:38 +0800] "GET /xingrg/all/function/internal_message.html?_=1674468350362&CODE_STATE=getMsg HTTP/1.1" 200 27
101.83.145.75 - - [23/Jan/2023:18:05:56 +0800] "GET /xingrg/all/function/internal_message.html?_=1674468367881&CODE_STATE=getMsg HTTP/1.1" 200 27
180.162.115.82 - - [23/Jan/2023:18:06:05 +0800] "GET /xingrg/all/function/internal_message.html?_=1674467342959&CODE_STATE=getMsg HTTP/1.1" 200 27
180.162.115.82 - - [23/Jan/2023:18:06:05 +0800] "GET /xingrg/check_reg.html?_=1674467342961 HTTP/1.1" 200 22
101.229.22.234 - - [23/Jan/2023:18:06:24 +0800] "GET /xingrg/all/function/internal_message.html?_=1674468394849&CODE_STATE=getMsg HTTP/1.1" 200 27
101.229.22.234 - - [23/Jan/2023:18:06:24 +0800] "GET /xingrg/check_reg.html?_=1674468394850 HTTP/1.1" 200 22
180.157.253.110 - - [23/Jan/2023:18:06:27 +0800] "GET /xingrg/all/function/internal_message.html?_=1674468399073&CODE_STATE=getMsg HTTP/1.1" 200 27
116.235.244.242 - - [23/Jan/2023:18:06:31 +0800] "GET /xingrg/all/function/internal_message.html?_=1674468407249&CODE_STATE=getMsg HTTP/1.1" 200 27
116.238.139.35 - - [23/Jan/2023:18:06:38 +0800] "GET /xingrg/all/function/internal_message.html?_=1674468410361&CODE_STATE=getMsg HTTP/1.1" 200 27
116.238.139.35 - - [23/Jan/2023:18:06:38 +0800] "GET /xingrg/check_reg.html?_=1674468410363 HTTP/1.1" 200 22
101.83.145.75 - - [23/Jan/2023:18:06:56 +0800] "GET /xingrg/all/function/internal_message.html?_=1674468427860&CODE_STATE=getMsg HTTP/1.1" 200 27
180.162.115.82 - - [23/Jan/2023:18:07:05 +0800] "GET /xingrg/all/function/internal_message.html?_=1674467402968&CODE_STATE=getMsg HTTP/1.1" 200 27
101.83.145.75 - - [23/Jan/2023:18:07:05 +0800] "GET /xingrg/check_reg.html?_=1674468436686 HTTP/1.1" 200 22
101.229.22.234 - - [23/Jan/2023:18:07:24 +0800] "GET /xingrg/all/function/internal_message.html?_=1674468454849&CODE_STATE=getMsg HTTP/1.1" 200 27
180.157.253.110 - - [23/Jan/2023:18:07:27 +0800] "GET /xingrg/all/function/internal_message.html?_=1674468459044&CODE_STATE=getMsg HTTP/1.1" 200 27
116.235.244.242 - - [23/Jan/2023:18:07:31 +0800] "GET /xingrg/all/function/internal_message.html?_=1674468467371&CODE_STATE=getMsg HTTP/1.1" 200 27
116.238.139.35 - - [23/Jan/2023:18:07:38 +0800] "GET /xingrg/all/function/internal_message.html?_=1674468470361&CODE_STATE=getMsg HTTP/1.1" 200 27
116.235.244.242 - - [23/Jan/2023:18:07:54 +0800] "GET /xingrg/check_reg.html?_=1674468490823 HTTP/1.1" 200 22
101.83.145.75 - - [23/Jan/2023:18:07:56 +0800] "GET /xingrg/all/function/internal_message.html?_=1674468487835&CODE_STATE=getMsg HTTP/1.1" 200 27
180.162.115.82 - - [23/Jan/2023:18:08:05 +0800] "GET /xingrg/all/function/internal_message.html?_=1674467462961&CODE_STATE=getMsg HTTP/1.1" 200 27
116.228.172.94 - - [23/Jan/2023:18:08:23 +0800] "GET /xingrg/login.html HTTP/1.1" 200 7641
101.229.22.234 - - [23/Jan/2023:18:08:24 +0800] "GET /xingrg/all/function/internal_message.html?_=1674468514850&CODE_STATE=getMsg HTTP/1.1" 200 27
116.228.172.94 - - [23/Jan/2023:18:08:25 +0800] "GET /favicon.ico HTTP/1.1" 404 -
116.228.172.94 - - [23/Jan/2023:18:08:26 +0800] "POST /xingrg/login.do HTTP/1.1" 302 -
116.228.172.94 - - [23/Jan/2023:18:08:26 +0800] "GET /xingrg/index.html?sysBaseUrl=http%3A%2F%2F180.169.147.146%3A18081%2Fxingrg%2F&costTime=44×tamp=1674468506619 HTTP/1.1" 200 17417
116.228.172.94 - - [23/Jan/2023:18:08:26 +0800] "GET /favicon.ico HTTP/1.1" 404 -
116.228.172.94 - - [23/Jan/2023:18:08:27 +0800] "POST /xingrg/all/common/load_tree.html?tree=area_rest_tree_json&manage=1 HTTP/1.1" 200 348
116.228.172.94 - - [23/Jan/2023:18:08:27 +0800] "GET /xingrg/all/function/internal_message.html?_=1674468259588&CODE_STATE=count HTTP/1.1" 200 11
180.157.253.110 - - [23/Jan/2023:18:08:27 +0800] "GET /xingrg/all/function/internal_message.html?_=1674468519016&CODE_STATE=getMsg HTTP/1.1" 200 27
116.228.172.94 - - [23/Jan/2023:18:08:27 +0800] "GET /xingrg/check_reg.html?_=1674468259589 HTTP/1.1" 200 22
116.228.172.94 - - [23/Jan/2023:18:08:27 +0800] "POST /xingrg/load_menu.html HTTP/1.1" 200 9959
116.228.172.94 - - [23/Jan/2023:18:08:29 +0800] "GET /xingrg/kc/buy/buy_main.html HTTP/1.1" 200 12412
116.228.172.94 - - [23/Jan/2023:18:08:29 +0800] "GET /xingrg/css/new_ie.css HTTP/1.1" 404 1036
116.228.172.94 - - [23/Jan/2023:18:08:29 +0800] "GET /xingrg/images/yd/bt.gif HTTP/1.1" 404 1040
116.228.172.94 - - [23/Jan/2023:18:08:31 +0800] "GET /xingrg/kc/buy/cgsh_order_list.html HTTP/1.1" 200 53924
116.235.244.242 - - [23/Jan/2023:18:08:31 +0800] "GET /xingrg/all/function/internal_message.html?_=1674468527385&CODE_STATE=getMsg HTTP/1.1" 200 27
116.228.172.94 - - [23/Jan/2023:18:08:32 +0800] "POST /xingrg/kc/buy/cgsh_list_operate.html HTTP/1.1" 200 986
180.157.253.110 - - [23/Jan/2023:18:08:33 +0800] "GET /xingrg/check_reg.html?_=1674468525519 HTTP/1.1" 200 22
116.228.172.94 - - [23/Jan/2023:18:08:33 +0800] "GET /xingrg/kc/buy/cgsh_order_add.html HTTP/1.1" 200 68748
116.228.172.94 - - [23/Jan/2023:18:08:34 +0800] "GET /xingrg/words/20230117140735_words.js HTTP/1.1" 304 -
116.228.172.94 - - [23/Jan/2023:18:08:34 +0800] "POST /xingrg/kc/buy/cgsh_order_operate.html HTTP/1.1" 200 8245
116.228.172.94 - - [23/Jan/2023:18:08:34 +0800] "GET /xingrg/all/common/auto_word.html?type=employee&rest_code=00153 HTTP/1.1" 200 47
116.228.172.94 - - [23/Jan/2023:18:08:34 +0800] "GET /xingrg/all/common/auto_word.html?type=employee&rest_code=00153 HTTP/1.1" 200 47
116.228.172.94 - - [23/Jan/2023:18:08:34 +0800] "GET /xingrg/javascript/easyui/themes/default/validatebox.css HTTP/1.1" 404 1104
116.228.172.94 - - [23/Jan/2023:18:08:35 +0800] "GET /xingrg/javascript/auto/indicator.gif HTTP/1.1" 404 1066
116.228.172.94 - - [23/Jan/2023:18:08:38 +0800] "GET /xingrg/javascript/jquery_tools/images/prev.gif HTTP/1.1" 404 1086
116.228.172.94 - - [23/Jan/2023:18:08:38 +0800] "GET /xingrg/javascript/jquery_tools/images/next.gif HTTP/1.1" 404 1086
116.238.139.35 - - [23/Jan/2023:18:08:38 +0800] "GET /xingrg/all/function/internal_message.html?_=1674468530360&CODE_STATE=getMsg HTTP/1.1" 200 27
101.83.145.75 - - [23/Jan/2023:18:08:56 +0800] "GET /xingrg/all/function/internal_message.html?_=1674468547817&CODE_STATE=getMsg HTTP/1.1" 200 27
180.162.115.82 - - [23/Jan/2023:18:09:05 +0800] "GET /xingrg/all/function/internal_message.html?_=1674467522969&CODE_STATE=getMsg HTTP/1.1" 200 27
116.228.172.94 - - [23/Jan/2023:18:09:08 +0800] "GET /xingrg/kc/buy/cgsh_order_operate.html?command=get_materiel&rest_code=00153&code=00101009053&supplier_code=00100476&order_time=2023-01-21 HTTP/1.1" 200 410
101.229.22.234 - - [23/Jan/2023:18:09:24 +0800] "GET /xingrg/all/function/internal_message.html?_=1674468574857&CODE_STATE=getMsg HTTP/1.1" 200 27
180.157.253.110 - - [23/Jan/2023:18:09:27 +0800] "GET /xingrg/all/function/internal_message.html?_=1674468578989&CODE_STATE=getMsg HTTP/1.1" 200 27
116.228.172.94 - - [23/Jan/2023:18:09:27 +0800] "GET /xingrg/all/function/internal_message.html?_=1674468319612&CODE_STATE=getMsg HTTP/1.1" 200 27
116.235.244.242 - - [23/Jan/2023:18:09:31 +0800] "GET /xingrg/all/function/internal_message.html?_=1674468587400&CODE_STATE=getMsg HTTP/1.1" 200 27
116.228.172.94 - - [23/Jan/2023:18:09:33 +0800] "GET /xingrg/kc/buy/cgsh_order_operate.html?command=get_materiel&rest_code=00153&code=00101009045&supplier_code=00100476&order_time=2023-01-21 HTTP/1.1" 200 413
180.169.147.146 - - [23/Jan/2023:18:09:36 +0800] "GET /xingrg/check_reg.html?_=1674468588997 HTTP/1.1" 200 22
116.238.139.35 - - [23/Jan/2023:18:09:38 +0800] "GET /xingrg/all/function/internal_message.html?_=1674468590383&CODE_STATE=getMsg HTTP/1.1" 200 27
116.228.172.94 - - [23/Jan/2023:18:09:46 +0800] "POST /xingrg/kc/buy/cgsh_order_operate.html HTTP/1.1" 200 37
116.228.172.94 - - [23/Jan/2023:18:09:51 +0800] "POST /xingrg/kc/buy/cgsh_order_operate.html HTTP/1.1" 200 12
116.228.172.94 - - [23/Jan/2023:18:09:54 +0800] "GET /xingrg/kc/buy/cgsh_order_info.html?code=212023012306756 HTTP/1.1" 200 63649
116.228.172.94 - - [23/Jan/2023:18:09:54 +0800] "GET /xingrg/javascript/easyui/themes/default/validatebox.css HTTP/1.1" 404 1104
116.228.172.94 - - [23/Jan/2023:18:09:55 +0800] "POST /xingrg/kc/buy/cgsh_order_operate.html HTTP/1.1" 200 1199
101.83.145.75 - - [23/Jan/2023:18:09:56 +0800] "GET /xingrg/all/function/internal_message.html?_=1674468607789&CODE_STATE=getMsg HTTP/1.1" 200 27
116.228.172.94 - - [23/Jan/2023:18:09:57 +0800] "GET /xingrg/kc/print/load_config.html?kc_code=cgsh HTTP/1.1" 200 1943
116.228.172.94 - - [23/Jan/2023:18:09:57 +0800] "GET /xingrg/kc/print/load_data.html?order_code=212023012306756&kc_code=cgsh&condition= HTTP/1.1" 200 912
180.162.115.82 - - [23/Jan/2023:18:10:05 +0800] "GET /xingrg/all/function/internal_message.html?_=1674467582967&CODE_STATE=getMsg HTTP/1.1" 200 27
101.229.22.234 - - [23/Jan/2023:18:10:24 +0800] "GET /xingrg/all/function/internal_message.html?_=1674468634845&CODE_STATE=getMsg HTTP/1.1" 200 27
180.157.253.110 - - [23/Jan/2023:18:10:27 +0800] "GET /xingrg/all/function/internal_message.html?_=1674468638961&CODE_STATE=getMsg HTTP/1.1" 200 27
116.228.172.94 - - [23/Jan/2023:18:10:27 +0800] "GET /xingrg/all/function/internal_message.html?_=1674468379601&CODE_STATE=getMsg HTTP/1.1" 200 27
116.235.244.242 - - [23/Jan/2023:18:10:31 +0800] "GET /xingrg/all/function/internal_message.html?_=1674468647523&CODE_STATE=getMsg HTTP/1.1" 200 27
116.238.139.35 - - [23/Jan/2023:18:10:38 +0800] "GET /xingrg/all/function/internal_message.html?_=1674468650382&CODE_STATE=getMsg HTTP/1.1" 200 27
101.83.145.75 - - [23/Jan/2023:18:10:56 +0800] "GET /xingrg/all/function/internal_message.html?_=1674468667757&CODE_STATE=getMsg HTTP/1.1" 200 27
180.162.115.82 - - [23/Jan/2023:18:11:05 +0800] "GET /xingrg/check_reg.html?_=1674467642959 HTTP/1.1" 200 22
180.162.115.82 - - [23/Jan/2023:18:11:05 +0800] "GET /xingrg/all/function/internal_message.html?_=1674467642962&CODE_STATE=getMsg HTTP/1.1" 200 27
114.88.159.190 - - [23/Jan/2023:18:11:22 +0800] "POST /xingrg/services/DataTransmitService HTTP/1.1" 200 524
114.88.159.190 - - [23/Jan/2023:18:11:22 +0800] "POST /xingrg/services/DataTransmitService HTTP/1.1" 200 501
114.88.159.190 - - [23/Jan/2023:18:11:22 +0800] "POST /xingrg/services/DataTransmitService HTTP/1.1" 200 501
114.88.159.190 - - [23/Jan/2023:18:11:23 +0800] "POST /xingrg/services/DataTransmitService HTTP/1.1" 200 501
114.88.159.190 - - [23/Jan/2023:18:11:23 +0800] "POST /xingrg/services/DataTransmitService HTTP/1.1" 200 501
114.88.159.190 - - [23/Jan/2023:18:11:23 +0800] "POST /xingrg/services/DataTransmitService HTTP/1.1" 200 501
114.88.159.190 - - [23/Jan/2023:18:11:24 +0800] "POST /xingrg/services/DataTransmitService HTTP/1.1" 200 501
114.88.159.190 - - [23/Jan/2023:18:11:24 +0800] "POST /xingrg/services/DataTransmitService HTTP/1.1" 200 412
101.229.22.234 - - [23/Jan/2023:18:11:24 +0800] "GET /xingrg/check_reg.html?_=1674468694897 HTTP/1.1" 200 22
101.229.22.234 - - [23/Jan/2023:18:11:24 +0800] "GET /xingrg/all/function/internal_message.html?_=1674468694845&CODE_STATE=getMsg HTTP/1.1" 200 27
180.157.253.110 - - [23/Jan/2023:18:11:27 +0800] "GET /xingrg/all/function/internal_message.html?_=1674468698932&CODE_STATE=getMsg HTTP/1.1" 200 27
116.235.244.242 - - [23/Jan/2023:18:11:31 +0800] "GET /xingrg/all/function/internal_message.html?_=1674468707536&CODE_STATE=getMsg HTTP/1.1" 200 27
116.238.139.35 - - [23/Jan/2023:18:11:38 +0800] "GET /xingrg/check_reg.html?_=1674468710384 HTTP/1.1" 200 22
116.238.139.35 - - [23/Jan/2023:18:11:38 +0800] "GET /xingrg/all/function/internal_message.html?_=1674468710385&CODE_STATE=getMsg HTTP/1.1" 200 27
116.235.93.82 - - [23/Jan/2023:18:11:44 +0800] "POST /xingrg/services/DataTransmitService HTTP/1.1" 200 524
101.83.145.75 - - [23/Jan/2023:18:11:56 +0800] "GET /xingrg/all/function/internal_message.html?_=1674468727735&CODE_STATE=getMsg HTTP/1.1" 200 27
180.162.115.82 - - [23/Jan/2023:18:12:05 +0800] "GET /xingrg/all/function/internal_message.html?_=1674467702976&CODE_STATE=getMsg HTTP/1.1" 200 27
101.83.145.75 - - [23/Jan/2023:18:12:05 +0800] "GET /xingrg/check_reg.html?_=1674468736701 HTTP/1.1" 200 22
101.229.22.234 - - [23/Jan/2023:18:12:24 +0800] "GET /xingrg/all/function/internal_message.html?_=1674468754849&CODE_STATE=getMsg HTTP/1.1" 200 27
180.157.253.110 - - [23/Jan/2023:18:12:27 +0800] "GET /xingrg/all/function/internal_message.html?_=1674468758904&CODE_STATE=getMsg HTTP/1.1" 200 27
116.235.244.242 - - [23/Jan/2023:18:12:31 +0800] "GET /xingrg/all/function/internal_message.html?_=1674468767655&CODE_STATE=getMsg HTTP/1.1" 200 27
116.238.139.35 - - [23/Jan/2023:18:12:38 +0800] "GET /xingrg/all/function/internal_message.html?_=1674468770387&CODE_STATE=getMsg HTTP/1.1" 200 27
124.78.154.177 - - [23/Jan/2023:18:12:47 +0800] "POST /xingrg/services/DataTransmitService HTTP/1.1" 200 524
124.78.154.177 - - [23/Jan/2023:18:12:47 +0800] "POST /xingrg/services/DataTransmitService HTTP/1.1" 200 412
116.235.244.242 - - [23/Jan/2023:18:12:54 +0800] "GET /xingrg/check_reg.html?_=1674468790825 HTTP/1.1" 200 22
101.83.145.75 - - [23/Jan/2023:18:12:56 +0800] "GET /xingrg/all/function/internal_message.html?_=1674468787707&CODE_STATE=getMsg HTTP/1.1" 200 27
180.162.115.82 - - [23/Jan/2023:18:13:05 +0800] "GET /xingrg/all/function/internal_message.html?_=1674467762967&CODE_STATE=getMsg HTTP/1.1" 200 27
101.229.22.234 - - [23/Jan/2023:18:13:24 +0800] "GET /xingrg/all/function/internal_message.html?_=1674468814850&CODE_STATE=getMsg HTTP/1.1" 200 27
180.157.253.110 - - [23/Jan/2023:18:13:27 +0800] "GET /xingrg/all/function/internal_message.html?_=1674468818901&CODE_STATE=getMsg HTTP/1.1" 200 27
116.235.244.242 - - [23/Jan/2023:18:13:31 +0800] "GET /xingrg/all/function/internal_message.html?_=1674468827656&CODE_STATE=getMsg HTTP/1.1" 200 27
180.157.253.110 - - [23/Jan/2023:18:13:33 +0800] "GET /xingrg/check_reg.html?_=1674468825520 HTTP/1.1" 200 22
116.238.139.35 - - [23/Jan/2023:18:13:38 +0800] "GET /xingrg/all/function/internal_message.html?_=1674468830387&CODE_STATE=getMsg HTTP/1.1" 200 27
101.83.145.75 - - [23/Jan/2023:18:13:56 +0800] "GET /xingrg/all/function/internal_message.html?_=1674468847685&CODE_STATE=getMsg HTTP/1.1" 200 27
180.162.115.82 - - [23/Jan/2023:18:14:05 +0800] "GET /xingrg/all/function/internal_message.html?_=1674467822959&CODE_STATE=getMsg HTTP/1.1" 200 27
101.229.22.234 - - [23/Jan/2023:18:14:24 +0800] "GET /xingrg/all/function/internal_message.html?_=1674468874850&CODE_STATE=getMsg HTTP/1.1" 200 27
180.157.253.110 - - [23/Jan/2023:18:14:27 +0800] "GET /xingrg/all/function/internal_message.html?_=1674468878878&CODE_STATE=getMsg HTTP/1.1" 200 27
116.235.244.242 - - [23/Jan/2023:18:14:31 +0800] "GET /xingrg/all/function/internal_message.html?_=1674468887671&CODE_STATE=getMsg HTTP/1.1" 200 27
180.169.147.146 - - [23/Jan/2023:18:14:36 +0800] "GET /xingrg/check_reg.html?_=1674468888970 HTTP/1.1" 200 22
116.238.139.35 - - [23/Jan/2023:18:14:38 +0800] "GET /xingrg/all/function/internal_message.html?_=1674468890389&CODE_STATE=getMsg HTTP/1.1" 200 27
101.83.145.75 - - [23/Jan/2023:18:14:56 +0800] "GET /xingrg/all/function/internal_message.html?_=1674468907665&CODE_STATE=getMsg HTTP/1.1" 200 27
101.229.22.234 - - [23/Jan/2023:18:15:02 +0800] "POST /xingrg/kc/base/yddb_list_operate.html HTTP/1.1" 200 4381
180.162.115.82 - - [23/Jan/2023:18:15:05 +0800] "GET /xingrg/all/function/internal_message.html?_=1674467882970&CODE_STATE=getMsg HTTP/1.1" 200 27
101.229.22.234 - - [23/Jan/2023:18:15:24 +0800] "GET /xingrg/all/function/internal_message.html?_=1674468934852&CODE_STATE=getMsg HTTP/1.1" 200 27
180.157.253.110 - - [23/Jan/2023:18:15:27 +0800] "GET /xingrg/all/function/internal_message.html?_=1674468938849&CODE_STATE=getMsg HTTP/1.1" 200 27
116.235.244.242 - - [23/Jan/2023:18:15:31 +0800] "GET /xingrg/all/function/internal_message.html?_=1674468947789&CODE_STATE=getMsg HTTP/1.1" 200 27
116.238.139.35 - - [23/Jan/2023:18:15:38 +0800] "GET /xingrg/all/function/internal_message.html?_=1674468950389&CODE_STATE=getMsg HTTP/1.1" 200 27
101.80.229.13 - - [23/Jan/2023:18:15:47 +0800] "POST /xingrg/services/DataTransmitService HTTP/1.1" 200 524
101.80.229.13 - - [23/Jan/2023:18:15:48 +0800] "POST /xingrg/services/DataTransmitService HTTP/1.1" 200 501
101.80.229.13 - - [23/Jan/2023:18:15:48 +0800] "POST /xingrg/services/DataTransmitService HTTP/1.1" 200 501
101.80.229.13 - - [23/Jan/2023:18:15:48 +0800] "POST /xingrg/services/DataTransmitService HTTP/1.1" 200 501
101.80.229.13 - - [23/Jan/2023:18:15:48 +0800] "POST /xingrg/services/DataTransmitService HTTP/1.1" 200 501
101.80.229.13 - - [23/Jan/2023:18:15:48 +0800] "POST /xingrg/services/DataTransmitService HTTP/1.1" 200 501
101.80.229.13 - - [23/Jan/2023:18:15:49 +0800] "POST /xingrg/services/DataTransmitService HTTP/1.1" 200 501
101.80.229.13 - - [23/Jan/2023:18:15:49 +0800] "POST /xingrg/services/DataTransmitService HTTP/1.1" 200 501
101.80.229.13 - - [23/Jan/2023:18:15:49 +0800] "POST /xingrg/services/DataTransmitService HTTP/1.1" 200 501
101.80.229.13 - - [23/Jan/2023:18:15:49 +0800] "POST /xingrg/services/DataTransmitService HTTP/1.1" 200 501
101.80.229.13 - - [23/Jan/2023:18:15:49 +0800] "POST /xingrg/services/DataTransmitService HTTP/1.1" 200 412
101.83.145.75 - - [23/Jan/2023:18:15:56 +0800] "GET /xingrg/all/function/internal_message.html?_=1674468967640&CODE_STATE=getMsg HTTP/1.1" 200 27
180.162.115.82 - - [23/Jan/2023:18:16:05 +0800] "GET /xingrg/check_reg.html?_=1674467942968 HTTP/1.1" 200 22
180.162.115.82 - - [23/Jan/2023:18:16:05 +0800] "GET /xingrg/all/function/internal_message.html?_=1674467942972&CODE_STATE=getMsg HTTP/1.1" 200 27
101.229.22.234 - - [23/Jan/2023:18:16:24 +0800] "GET /xingrg/all/function/internal_message.html?_=1674468994852&CODE_STATE=getMsg HTTP/1.1" 200 27
101.229.22.234 - - [23/Jan/2023:18:16:24 +0800] "GET /xingrg/check_reg.html?_=1674468994870 HTTP/1.1" 200 22
180.157.253.110 - - [23/Jan/2023:18:16:27 +0800] "GET /xingrg/all/function/internal_message.html?_=1674468998821&CODE_STATE=getMsg HTTP/1.1" 200 27
116.235.244.242 - - [23/Jan/2023:18:16:31 +0800] "GET /xingrg/all/function/internal_message.html?_=1674469007791&CODE_STATE=getMsg HTTP/1.1" 200 27
116.238.139.35 - - [23/Jan/2023:18:16:38 +0800] "GET /xingrg/all/function/internal_message.html?_=1674469010389&CODE_STATE=getMsg HTTP/1.1" 200 27
116.238.139.35 - - [23/Jan/2023:18:16:38 +0800] "GET /xingrg/check_reg.html?_=1674469010391 HTTP/1.1" 200 22
101.83.145.75 - - [23/Jan/2023:18:16:56 +0800] "GET /xingrg/all/function/internal_message.html?_=1674469027608&CODE_STATE=getMsg HTTP/1.1" 200 27
180.162.115.82 - - [23/Jan/2023:18:17:05 +0800] "GET /xingrg/all/function/internal_message.html?_=1674468002960&CODE_STATE=getMsg HTTP/1.1" 200 27
101.83.145.75 - - [23/Jan/2023:18:17:05 +0800] "GET /xingrg/check_reg.html?_=1674469036692 HTTP/1.1" 200 22
101.229.22.234 - - [23/Jan/2023:18:17:24 +0800] "GET /xingrg/all/function/internal_message.html?_=1674469054838&CODE_STATE=getMsg HTTP/1.1" 200 27
180.157.253.110 - - [23/Jan/2023:18:17:27 +0800] "GET /xingrg/all/function/internal_message.html?_=1674469058792&CODE_STATE=getMsg HTTP/1.1" 200 27
116.235.244.242 - - [23/Jan/2023:18:17:31 +0800] "GET /xingrg/all/function/internal_message.html?_=1674469067899&CODE_STATE=getMsg HTTP/1.1" 200 27
116.238.139.35 - - [23/Jan/2023:18:17:38 +0800] "GET /xingrg/all/function/internal_message.html?_=1674469070391&CODE_STATE=getMsg HTTP/1.1" 200 27
116.235.244.242 - - [23/Jan/2023:18:17:54 +0800] "GET /xingrg/check_reg.html?_=1674469090835 HTTP/1.1" 200 22
101.83.145.75 - - [23/Jan/2023:18:17:56 +0800] "GET /xingrg/all/function/internal_message.html?_=1674469087579&CODE_STATE=getMsg HTTP/1.1" 200 27
180.162.115.82 - - [23/Jan/2023:18:18:05 +0800] "GET /xingrg/all/function/internal_message.html?_=1674468062970&CODE_STATE=getMsg HTTP/1.1" 200 27
101.229.22.234 - - [23/Jan/2023:18:18:24 +0800] "GET /xingrg/all/function/internal_message.html?_=1674469114853&CODE_STATE=getMsg HTTP/1.1" 200 27
180.157.253.110 - - [23/Jan/2023:18:18:27 +0800] "GET /xingrg/all/function/internal_message.html?_=1674469118763&CODE_STATE=getMsg HTTP/1.1" 200 27
116.235.244.242 - - [23/Jan/2023:18:18:31 +0800] "GET /xingrg/all/function/internal_message.html?_=1674469127912&CODE_STATE=getMsg HTTP/1.1" 200 27
180.157.253.110 - - [23/Jan/2023:18:18:33 +0800] "GET /xingrg/check_reg.html?_=1674469125491 HTTP/1.1" 200 22
116.238.139.35 - - [23/Jan/2023:18:18:38 +0800] "GET /xingrg/all/function/internal_message.html?_=1674469130392&CODE_STATE=getMsg HTTP/1.1" 200 27
101.83.145.75 - - [23/Jan/2023:18:18:56 +0800] "GET /xingrg/all/function/internal_message.html?_=1674469147574&CODE_STATE=getMsg HTTP/1.1" 200 27
180.162.115.82 - - [23/Jan/2023:18:19:05 +0800] "GET /xingrg/all/function/internal_message.html?_=1674468122969&CODE_STATE=getMsg HTTP/1.1" 200 27
101.229.22.234 - - [23/Jan/2023:18:19:24 +0800] "GET /xingrg/all/function/internal_message.html?_=1674469174838&CODE_STATE=getMsg HTTP/1.1" 200 27
180.157.253.110 - - [23/Jan/2023:18:19:27 +0800] "GET /xingrg/all/function/internal_message.html?_=1674469178739&CODE_STATE=getMsg HTTP/1.1" 200 27
116.235.244.242 - - [23/Jan/2023:18:19:31 +0800] "GET /xingrg/all/function/internal_message.html?_=1674469187925&CODE_STATE=getMsg HTTP/1.1" 200 27
180.169.147.146 - - [23/Jan/2023:18:19:36 +0800] "GET /xingrg/check_reg.html?_=1674469188945 HTTP/1.1" 200 22
116.238.139.35 - - [23/Jan/2023:18:19:38 +0800] "GET /xingrg/all/function/internal_message.html?_=1674469190391&CODE_STATE=getMsg HTTP/1.1" 200 27
101.83.145.75 - - [23/Jan/2023:18:19:56 +0800] "GET /xingrg/all/function/internal_message.html?_=1674469207546&CODE_STATE=getMsg HTTP/1.1" 200 27
180.162.115.82 - - [23/Jan/2023:18:20:05 +0800] "GET /xingrg/all/function/internal_message.html?_=1674468182961&CODE_STATE=getMsg HTTP/1.1" 200 27
101.229.22.234 - - [23/Jan/2023:18:20:24 +0800] "GET /xingrg/all/function/internal_message.html?_=1674469234847&CODE_STATE=getMsg HTTP/1.1" 200 27
180.157.253.110 - - [23/Jan/2023:18:20:27 +0800] "GET /xingrg/all/function/internal_message.html?_=1674469238710&CODE_STATE=getMsg HTTP/1.1" 200 27
116.235.244.242 - - [23/Jan/2023:18:20:32 +0800] "GET /xingrg/all/function/internal_message.html?_=1674469248042&CODE_STATE=getMsg HTTP/1.1" 200 27
116.238.139.35 - - [23/Jan/2023:18:20:38 +0800] "GET /xingrg/all/function/internal_message.html?_=1674469250392&CODE_STATE=getMsg HTTP/1.1" 200 27
101.83.145.75 - - [23/Jan/2023:18:20:56 +0800] "GET /xingrg/all/function/internal_message.html?_=1674469267528&CODE_STATE=getMsg HTTP/1.1" 200 27
180.162.115.82 - - [23/Jan/2023:18:21:05 +0800] "GET /xingrg/all/function/internal_message.html?_=1674468242976&CODE_STATE=getMsg HTTP/1.1" 200 27
180.162.115.82 - - [23/Jan/2023:18:21:05 +0800] "GET /xingrg/check_reg.html?_=1674468242980 HTTP/1.1" 200 22
101.229.22.234 - - [23/Jan/2023:18:21:24 +0800] "GET /xingrg/all/function/internal_message.html?_=1674469294846&CODE_STATE=getMsg HTTP/1.1" 200 27
101.229.22.234 - - [23/Jan/2023:18:21:24 +0800] "GET /xingrg/check_reg.html?_=1674469294849 HTTP/1.1" 200 22
180.157.253.110 - - [23/Jan/2023:18:21:26 +0800] "GET /xingrg/all/function/internal_message.html?_=1674469298682&CODE_STATE=getMsg HTTP/1.1" 200 27
116.235.244.242 - - [23/Jan/2023:18:21:32 +0800] "GET /xingrg/all/function/internal_message.html?_=1674469308046&CODE_STATE=getMsg HTTP/1.1" 200 27
222.70.181.49 - - [23/Jan/2023:18:21:33 +0800] "POST /xingrg/services/DataTransmitService HTTP/1.1" 200 524
222.70.181.49 - - [23/Jan/2023:18:21:35 +0800] "POST /xingrg/services/DataTransmitService HTTP/1.1" 200 501
222.70.181.49 - - [23/Jan/2023:18:21:35 +0800] "POST /xingrg/services/DataTransmitService HTTP/1.1" 200 501
222.70.181.49 - - [23/Jan/2023:18:21:36 +0800] "POST /xingrg/services/DataTransmitService HTTP/1.1" 200 501
222.70.181.49 - - [23/Jan/2023:18:21:36 +0800] "POST /xingrg/services/DataTransmitService HTTP/1.1" 200 501
222.70.181.49 - - [23/Jan/2023:18:21:37 +0800] "POST /xingrg/services/DataTransmitService HTTP/1.1" 200 501
222.70.181.49 - - [23/Jan/2023:18:21:37 +0800] "POST /xingrg/services/DataTransmitService HTTP/1.1" 200 501
222.70.181.49 - - [23/Jan/2023:18:21:37 +0800] "POST /xingrg/services/DataTransmitService HTTP/1.1" 200 501
222.70.181.49 - - [23/Jan/2023:18:21:38 +0800] "POST /xingrg/services/DataTransmitService HTTP/1.1" 200 501
222.70.181.49 - - [23/Jan/2023:18:21:38 +0800] "POST /xingrg/services/DataTransmitService HTTP/1.1" 200 412
116.238.139.35 - - [23/Jan/2023:18:21:38 +0800] "GET /xingrg/check_reg.html?_=1674469310394 HTTP/1.1" 200 22
116.238.139.35 - - [23/Jan/2023:18:21:38 +0800] "GET /xingrg/all/function/internal_message.html?_=1674469310393&CODE_STATE=getMsg HTTP/1.1" 200 27
101.83.145.75 - - [23/Jan/2023:18:21:56 +0800] "GET /xingrg/all/function/internal_message.html?_=1674469327503&CODE_STATE=getMsg HTTP/1.1" 200 27
180.162.115.82 - - [23/Jan/2023:18:22:05 +0800] "GET /xingrg/all/function/internal_message.html?_=1674468302969&CODE_STATE=getMsg HTTP/1.1" 200 27
101.83.145.75 - - [23/Jan/2023:18:22:05 +0800] "GET /xingrg/check_reg.html?_=1674469336718 HTTP/1.1" 200 22
101.229.22.234 - - [23/Jan/2023:18:22:24 +0800] "GET /xingrg/all/function/internal_message.html?_=1674469354848&CODE_STATE=getMsg HTTP/1.1" 200 27
180.157.253.110 - - [23/Jan/2023:18:22:26 +0800] "GET /xingrg/all/function/internal_message.html?_=1674469358652&CODE_STATE=getMsg HTTP/1.1" 200 27
116.235.244.242 - - [23/Jan/2023:18:22:32 +0800] "GET /xingrg/all/function/internal_message.html?_=1674469368163&CODE_STATE=getMsg HTTP/1.1" 200 27
116.238.139.35 - - [23/Jan/2023:18:22:38 +0800] "GET /xingrg/all/function/internal_message.html?_=1674469370392&CODE_STATE=getMsg HTTP/1.1" 200 27
116.235.244.242 - - [23/Jan/2023:18:22:54 +0800] "GET /xingrg/check_reg.html?_=1674469390835 HTTP/1.1" 200 22
101.83.145.75 - - [23/Jan/2023:18:22:56 +0800] "GET /xingrg/all/function/internal_message.html?_=1674469387481&CODE_STATE=getMsg HTTP/1.1" 200 27
180.162.115.82 - - [23/Jan/2023:18:23:05 +0800] "GET /xingrg/all/function/internal_message.html?_=1674468362960&CODE_STATE=getMsg HTTP/1.1" 200 27
101.229.22.234 - - [23/Jan/2023:18:23:24 +0800] "GET /xingrg/all/function/internal_message.html?_=1674469414849&CODE_STATE=getMsg HTTP/1.1" 200 27
180.157.253.110 - - [23/Jan/2023:18:23:26 +0800] "GET /xingrg/all/function/internal_message.html?_=1674469418628&CODE_STATE=getMsg HTTP/1.1" 200 27
116.235.244.242 - - [23/Jan/2023:18:23:32 +0800] "GET /xingrg/all/function/internal_message.html?_=1674469428167&CODE_STATE=getMsg HTTP/1.1" 200 27
180.157.253.110 - - [23/Jan/2023:18:23:33 +0800] "GET /xingrg/check_reg.html?_=1674469425466 HTTP/1.1" 200 22
116.238.139.35 - - [23/Jan/2023:18:23:38 +0800] "GET /xingrg/all/function/internal_message.html?_=1674469430392&CODE_STATE=getMsg HTTP/1.1" 200 27
101.83.145.75 - - [23/Jan/2023:18:23:56 +0800] "GET /xingrg/all/function/internal_message.html?_=1674469447462&CODE_STATE=getMsg HTTP/1.1" 200 27
180.162.115.82 - - [23/Jan/2023:18:24:05 +0800] "GET /xingrg/all/function/internal_message.html?_=1674468422971&CODE_STATE=getMsg HTTP/1.1" 200 27
101.229.22.234 - - [23/Jan/2023:18:24:24 +0800] "GET /xingrg/all/function/internal_message.html?_=1674469474856&CODE_STATE=getMsg HTTP/1.1" 200 27
180.157.253.110 - - [23/Jan/2023:18:24:26 +0800] "GET /xingrg/all/function/internal_message.html?_=1674469478604&CODE_STATE=getMsg HTTP/1.1" 200 27
116.235.244.242 - - [23/Jan/2023:18:24:32 +0800] "GET /xingrg/all/function/internal_message.html?_=1674469488181&CODE_STATE=getMsg HTTP/1.1" 200 27
180.169.147.146 - - [23/Jan/2023:18:24:36 +0800] "GET /xingrg/check_reg.html?_=1674469488918 HTTP/1.1" 200 22
116.238.139.35 - - [23/Jan/2023:18:24:38 +0800] "GET /xingrg/all/function/internal_message.html?_=1674469490392&CODE_STATE=getMsg HTTP/1.1" 200 27
101.83.145.75 - - [23/Jan/2023:18:24:56 +0800] "GET /xingrg/all/function/internal_message.html?_=1674469507437&CODE_STATE=getMsg HTTP/1.1" 200 27
180.162.115.82 - - [23/Jan/2023:18:25:05 +0800] "GET /xingrg/all/function/internal_message.html?_=1674468482970&CODE_STATE=getMsg HTTP/1.1" 200 27
101.229.22.234 - - [23/Jan/2023:18:25:24 +0800] "GET /xingrg/all/function/internal_message.html?_=1674469534840&CODE_STATE=getMsg HTTP/1.1" 200 27
180.157.253.110 - - [23/Jan/2023:18:25:26 +0800] "GET /xingrg/all/function/internal_message.html?_=1674469538576&CODE_STATE=getMsg HTTP/1.1" 200 27
116.235.244.242 - - [23/Jan/2023:18:25:32 +0800] "GET /xingrg/all/function/internal_message.html?_=1674469548293&CODE_STATE=getMsg HTTP/1.1" 200 27
116.238.139.35 - - [23/Jan/2023:18:25:38 +0800] "GET /xingrg/all/function/internal_message.html?_=1674469550399&CODE_STATE=getMsg HTTP/1.1" 200 27
114.83.217.77 - - [23/Jan/2023:18:25:43 +0800] "POST /xingrg/services/DataTransmitService HTTP/1.1" 200 524
101.83.145.75 - - [23/Jan/2023:18:25:56 +0800] "GET /xingrg/all/function/internal_message.html?_=1674469567408&CODE_STATE=getMsg HTTP/1.1" 200 27
180.162.115.82 - - [23/Jan/2023:18:26:05 +0800] "GET /xingrg/all/function/internal_message.html?_=1674468542961&CODE_STATE=getMsg HTTP/1.1" 200 27
180.162.115.82 - - [23/Jan/2023:18:26:05 +0800] "GET /xingrg/check_reg.html?_=1674468542963 HTTP/1.1" 200 22
101.229.22.234 - - [23/Jan/2023:18:26:24 +0800] "GET /xingrg/all/function/internal_message.html?_=1674469594838&CODE_STATE=getMsg HTTP/1.1" 200 27
101.229.22.234 - - [23/Jan/2023:18:26:24 +0800] "GET /xingrg/check_reg.html?_=1674469594841 HTTP/1.1" 200 22
180.157.253.110 - - [23/Jan/2023:18:26:26 +0800] "GET /xingrg/all/function/internal_message.html?_=1674469598547&CODE_STATE=getMsg HTTP/1.1" 200 27
116.235.244.242 - - [23/Jan/2023:18:26:32 +0800] "GET /xingrg/all/function/internal_message.html?_=1674469608301&CODE_STATE=getMsg HTTP/1.1" 200 27
116.238.139.35 - - [23/Jan/2023:18:26:38 +0800] "GET /xingrg/all/function/internal_message.html?_=1674469610399&CODE_STATE=getMsg HTTP/1.1" 200 27
116.238.139.35 - - [23/Jan/2023:18:26:38 +0800] "GET /xingrg/check_reg.html?_=1674469610401 HTTP/1.1" 200 22
116.238.139.35 - - [23/Jan/2023:18:26:48 +0800] "POST /xingrg/services/DataTransmitService HTTP/1.1" 200 524
116.238.139.35 - - [23/Jan/2023:18:26:48 +0800] "POST /xingrg/services/DataTransmitService HTTP/1.1" 200 501
101.83.145.75 - - [23/Jan/2023:18:26:56 +0800] "GET /xingrg/all/function/internal_message.html?_=1674469627377&CODE_STATE=getMsg HTTP/1.1" 200 27
180.162.115.82 - - [23/Jan/2023:18:27:05 +0800] "GET /xingrg/all/function/internal_message.html?_=1674468602971&CODE_STATE=getMsg HTTP/1.1" 200 27
101.83.145.75 - - [23/Jan/2023:18:27:05 +0800] "GET /xingrg/check_reg.html?_=1674469636724 HTTP/1.1" 200 22
101.229.22.234 - - [23/Jan/2023:18:27:24 +0800] "GET /xingrg/all/function/internal_message.html?_=1674469654839&CODE_STATE=getMsg HTTP/1.1" 200 27
180.157.253.110 - - [23/Jan/2023:18:27:26 +0800] "GET /xingrg/all/function/internal_message.html?_=1674469658520&CODE_STATE=getMsg HTTP/1.1" 200 27
116.235.244.242 - - [23/Jan/2023:18:27:32 +0800] "GET /xingrg/all/function/internal_message.html?_=1674469668420&CODE_STATE=getMsg HTTP/1.1" 200 27
116.238.139.35 - - [23/Jan/2023:18:27:38 +0800] "GET /xingrg/all/function/internal_message.html?_=1674469670399&CODE_STATE=getMsg HTTP/1.1" 200 27
116.235.244.242 - - [23/Jan/2023:18:27:54 +0800] "GET /xingrg/check_reg.html?_=1674469690845 HTTP/1.1" 200 22
101.83.145.75 - - [23/Jan/2023:18:27:56 +0800] "GET /xingrg/all/function/internal_message.html?_=1674469687357&CODE_STATE=getMsg HTTP/1.1" 200 27
180.162.115.82 - - [23/Jan/2023:18:28:05 +0800] "GET /xingrg/all/function/internal_message.html?_=1674468662969&CODE_STATE=getMsg HTTP/1.1" 200 27
101.229.22.234 - - [23/Jan/2023:18:28:24 +0800] "GET /xingrg/all/function/internal_message.html?_=1674469714840&CODE_STATE=getMsg HTTP/1.1" 200 27
114.83.217.77 - - [23/Jan/2023:18:28:24 +0800] "POST /xingrg/services/DataTransmitService HTTP/1.1" 200 524
114.83.217.77 - - [23/Jan/2023:18:28:25 +0800] "POST /xingrg/services/DataTransmitService HTTP/1.1" 200 501
114.83.217.77 - - [23/Jan/2023:18:28:25 +0800] "POST /xingrg/services/DataTransmitService HTTP/1.1" 200 501
114.83.217.77 - - [23/Jan/2023:18:28:25 +0800] "POST /xingrg/services/DataTransmitService HTTP/1.1" 200 501
114.83.217.77 - - [23/Jan/2023:18:28:26 +0800] "POST /xingrg/services/DataTransmitService HTTP/1.1" 200 501
114.83.217.77 - - [23/Jan/2023:18:28:26 +0800] "POST /xingrg/services/DataTransmitService HTTP/1.1" 200 501
180.157.253.110 - - [23/Jan/2023:18:28:26 +0800] "GET /xingrg/all/function/internal_message.html?_=1674469718492&CODE_STATE=getMsg HTTP/1.1" 200 27
114.83.217.77 - - [23/Jan/2023:18:28:26 +0800] "POST /xingrg/services/DataTransmitService HTTP/1.1" 200 412
116.235.244.242 - - [23/Jan/2023:18:28:32 +0800] "GET /xingrg/all/function/internal_message.html?_=1674469728421&CODE_STATE=getMsg HTTP/1.1" 200 27
180.157.253.110 - - [23/Jan/2023:18:28:33 +0800] "GET /xingrg/check_reg.html?_=1674469725440 HTTP/1.1" 200 22
116.238.139.35 - - [23/Jan/2023:18:28:38 +0800] "GET /xingrg/all/function/internal_message.html?_=1674469730400&CODE_STATE=getMsg HTTP/1.1" 200 27
101.83.145.75 - - [23/Jan/2023:18:28:56 +0800] "GET /xingrg/all/function/internal_message.html?_=1674469747326&CODE_STATE=getMsg HTTP/1.1" 200 27
180.162.115.82 - - [23/Jan/2023:18:29:05 +0800] "GET /xingrg/all/function/internal_message.html?_=1674468722961&CODE_STATE=getMsg HTTP/1.1" 200 27
101.229.22.234 - - [23/Jan/2023:18:29:21 +0800] "POST /xingrg/kc/base/yddb_list_operate.html HTTP/1.1" 200 4381
101.229.22.234 - - [23/Jan/2023:18:29:22 +0800] "GET /xingrg/kc/base/yddb_order_add.html HTTP/1.1" 200 29955
101.229.22.234 - - [23/Jan/2023:18:29:22 +0800] "GET /xingrg/dwr/interface/AjaxYddbService.js HTTP/1.1" 200 13201
101.229.22.234 - - [23/Jan/2023:18:29:22 +0800] "GET /xingrg/dwr/engine.js HTTP/1.1" 200 43631
101.229.22.234 - - [23/Jan/2023:18:29:23 +0800] "GET /xingrg/dwr/interface/AjaxComOrderService.js HTTP/1.1" 200 18264
101.229.22.234 - - [23/Jan/2023:18:29:24 +0800] "GET /xingrg/all/function/internal_message.html?_=1674469774860&CODE_STATE=getMsg HTTP/1.1" 200 27
101.229.22.234 - - [23/Jan/2023:18:29:26 +0800] "POST /xingrg/dwr/call/plaincall/AjaxYddbService.getRestBases.dwr HTTP/1.1" 200 464
180.157.253.110 - - [23/Jan/2023:18:29:26 +0800] "GET /xingrg/all/function/internal_message.html?_=1674469778469&CODE_STATE=getMsg HTTP/1.1" 200 27
116.235.244.242 - - [23/Jan/2023:18:29:32 +0800] "GET /xingrg/all/function/internal_message.html?_=1674469788436&CODE_STATE=getMsg HTTP/1.1" 200 27
180.169.147.146 - - [23/Jan/2023:18:29:36 +0800] "GET /xingrg/check_reg.html?_=1674469788892 HTTP/1.1" 200 22
116.238.139.35 - - [23/Jan/2023:18:29:38 +0800] "GET /xingrg/all/function/internal_message.html?_=1674469790399&CODE_STATE=getMsg HTTP/1.1" 200 27
101.229.22.234 - - [23/Jan/2023:18:29:41 +0800] "POST /xingrg/dwr/call/plaincall/AjaxYddbService.saveOrder.dwr HTTP/1.1" 200 78
101.83.145.75 - - [23/Jan/2023:18:29:56 +0800] "GET /xingrg/all/function/internal_message.html?_=1674469807296&CODE_STATE=getMsg HTTP/1.1" 200 27
101.229.22.234 - - [23/Jan/2023:18:29:58 +0800] "POST /xingrg/dwr/call/plaincall/AjaxComOrderService.getMaterielSearchList.dwr HTTP/1.1" 200 17347
180.162.115.82 - - [23/Jan/2023:18:30:05 +0800] "GET /xingrg/all/function/internal_message.html?_=1674468782971&CODE_STATE=getMsg HTTP/1.1" 200 27
101.229.22.234 - - [23/Jan/2023:18:30:06 +0800] "POST /xingrg/dwr/call/plaincall/AjaxComOrderService.getMaterielSearchList.dwr HTTP/1.1" 200 76
101.229.22.234 - - [23/Jan/2023:18:30:07 +0800] "POST /xingrg/dwr/call/plaincall/AjaxComOrderService.getMaterielSearchList.dwr HTTP/1.1" 200 17347
101.229.22.234 - - [23/Jan/2023:18:30:11 +0800] "POST /xingrg/dwr/call/plaincall/AjaxYddbService.getMaterielByMap.dwr HTTP/1.1" 200 1553
