222.70.181.49 - - [23/Jan/2023:11:15:15 +0800] "GET /xingrg/kc/buy/cgsh_order_list.html HTTP/1.1" 200 53920
116.192.124.172 - - [23/Jan/2023:11:15:16 +0800] "GET /xingrg/javascript/easyui/themes/default/tree.css HTTP/1.1" 404 1090
116.192.124.172 - - [23/Jan/2023:11:15:16 +0800] "POST /xingrg/all/common/load_tree.html?tree=supplier_tree_json&isDelete=1 HTTP/1.1" 200 70488
222.70.181.49 - - [23/Jan/2023:11:15:18 +0800] "POST /xingrg/kc/buy/cgsh_list_operate.html HTTP/1.1" 200 3997
222.70.181.49 - - [23/Jan/2023:11:15:20 +0800] "GET /xingrg/kc/buy/cgsh_order_add.html HTTP/1.1" 200 69657
222.70.181.49 - - [23/Jan/2023:11:15:20 +0800] "POST /xingrg/kc/buy/cgsh_order_operate.html HTTP/1.1" 200 8245
222.70.181.49 - - [23/Jan/2023:11:15:20 +0800] "GET /xingrg/javascript/easyui/themes/default/validatebox.css HTTP/1.1" 404 1104
222.70.181.49 - - [23/Jan/2023:11:15:20 +0800] "GET /xingrg/all/common/auto_word.html?type=employee&rest_code=00111 HTTP/1.1" 200 155
222.70.181.49 - - [23/Jan/2023:11:15:20 +0800] "GET /xingrg/all/common/auto_word.html?type=employee&rest_code=00111 HTTP/1.1" 200 155
222.70.181.49 - - [23/Jan/2023:11:15:21 +0800] "GET /xingrg/javascript/auto/indicator.gif HTTP/1.1" 404 1066
124.78.154.177 - - [23/Jan/2023:11:15:23 +0800] "GET /xingrg/all/function/internal_message.html?_=1674443736390&CODE_STATE=getMsg HTTP/1.1" 200 27
222.70.181.49 - - [23/Jan/2023:11:15:29 +0800] "GET /xingrg/javascript/jquery_tools/images/next.gif HTTP/1.1" 404 1086
222.70.181.49 - - [23/Jan/2023:11:15:29 +0800] "GET /xingrg/javascript/jquery_tools/images/prev.gif HTTP/1.1" 404 1086
116.192.124.172 - - [23/Jan/2023:11:15:31 +0800] "GET /xingrg/kc/buy/cgsh_order_operate.html?command=get_materiel&rest_code=00102&code=00101004067&supplier_code=00100312&order_time=2023-01-23 HTTP/1.1" 200 433
180.157.253.110 - - [23/Jan/2023:11:15:34 +0800] "GET /xingrg/all/function/internal_message.html?_=1674443746476&CODE_STATE=getMsg HTTP/1.1" 200 27
116.238.139.35 - - [23/Jan/2023:11:15:37 +0800] "GET /xingrg/all/function/internal_message.html?_=1674443749695&CODE_STATE=getMsg HTTP/1.1" 200 27
222.70.181.49 - - [23/Jan/2023:11:15:38 +0800] "GET /xingrg/kc/buy/cgsh_order_operate.html?command=get_materiel&rest_code=00111&code=00101002006&supplier_code=00100199&order_time=2023-01-23 HTTP/1.1" 200 432
116.192.124.172 - - [23/Jan/2023:11:15:45 +0800] "GET /xingrg/kc/buy/cgsh_order_operate.html?command=get_materiel&rest_code=00102&code=00101004027&supplier_code=00100312&order_time=2023-01-23 HTTP/1.1" 200 409
124.78.154.177 - - [23/Jan/2023:11:15:49 +0800] "GET /xingrg/kc/base/wldb_order_operate.html?command=get_materiel&rest_code=00106&base_code=0010396&code=00101019450 HTTP/1.1" 200 482
114.88.159.190 - - [23/Jan/2023:11:15:55 +0800] "GET /xingrg/all/function/internal_message.html?_=1674443343573&CODE_STATE=getMsg HTTP/1.1" 200 27
116.192.124.172 - - [23/Jan/2023:11:15:58 +0800] "GET /xingrg/kc/buy/cgsh_order_operate.html?command=get_materiel&rest_code=00102&code=00101004061&supplier_code=00100312&order_time=2023-01-23 HTTP/1.1" 200 424
124.78.154.177 - - [23/Jan/2023:11:16:00 +0800] "POST /xingrg/kc/base/wldb_order_operate.html HTTP/1.1" 200 37
124.78.154.177 - - [23/Jan/2023:11:16:00 +0800] "POST /xingrg/kc/base/wldb_order_operate.html HTTP/1.1" 200 2734
124.78.154.177 - - [23/Jan/2023:11:16:01 +0800] "GET /xingrg/kc/base/wldb_order_info.html?code=422023012301491 HTTP/1.1" 200 30437
124.78.154.177 - - [23/Jan/2023:11:16:01 +0800] "GET /xingrg/javascript/easyui/themes/default/validatebox.css HTTP/1.1" 404 1104
124.78.154.177 - - [23/Jan/2023:11:16:01 +0800] "POST /xingrg/kc/base/wldb_order_operate.html HTTP/1.1" 200 2734
222.70.181.49 - - [23/Jan/2023:11:16:02 +0800] "GET /xingrg/kc/buy/cgsh_order_operate.html?command=get_materiel&rest_code=00111&code=00101002027&supplier_code=00100199&order_time=2023-01-23 HTTP/1.1" 200 429
116.192.124.172 - - [23/Jan/2023:11:16:04 +0800] "GET /xingrg/check_reg.html?_=1674443774384 HTTP/1.1" 200 22
116.192.124.172 - - [23/Jan/2023:11:16:04 +0800] "GET /xingrg/all/function/internal_message.html?_=1674443774401&CODE_STATE=getMsg HTTP/1.1" 200 27
101.83.145.75 - - [23/Jan/2023:11:16:06 +0800] "GET /xingrg/all/function/internal_message.html?_=1674443777564&CODE_STATE=getMsg HTTP/1.1" 200 27
124.78.154.177 - - [23/Jan/2023:11:16:08 +0800] "GET /xingrg/kc/base/wldb_order_add.html HTTP/1.1" 200 30422
124.78.154.177 - - [23/Jan/2023:11:16:08 +0800] "POST /xingrg/kc/base/wldb_order_operate.html HTTP/1.1" 200 6806
124.78.154.177 - - [23/Jan/2023:11:16:09 +0800] "GET /xingrg/javascript/easyui/themes/default/validatebox.css HTTP/1.1" 404 1104
124.78.154.177 - - [23/Jan/2023:11:16:10 +0800] "POST /xingrg/all/common/load_combo.html?type=base HTTP/1.1" 200 3227
222.70.181.49 - - [23/Jan/2023:11:16:11 +0800] "GET /xingrg/all/function/internal_message.html?_=1674443781996&CODE_STATE=getMsg HTTP/1.1" 200 27
116.192.124.172 - - [23/Jan/2023:11:16:12 +0800] "GET /xingrg/kc/buy/cgsh_order_operate.html?command=get_materiel&rest_code=00102&code=00101004050&supplier_code=00100312&order_time=2023-01-23 HTTP/1.1" 200 409
116.235.244.242 - - [23/Jan/2023:11:16:13 +0800] "GET /xingrg/all/function/internal_message.html?_=1674443788951&CODE_STATE=getMsg HTTP/1.1" 200 27
116.238.139.35 - - [23/Jan/2023:11:16:14 +0800] "GET /xingrg/all/function/internal_message.html?_=1674443709328&CODE_STATE=getMsg HTTP/1.1" 200 27
124.78.154.177 - - [23/Jan/2023:11:16:16 +0800] "POST /xingrg/all/common/load_combo.html?type=base HTTP/1.1" 200 3227
222.70.181.49 - - [23/Jan/2023:11:16:18 +0800] "POST /xingrg/kc/buy/cgsh_order_operate.html HTTP/1.1" 200 37
222.70.181.49 - - [23/Jan/2023:11:16:20 +0800] "POST /xingrg/kc/buy/cgsh_order_operate.html HTTP/1.1" 200 3258
222.70.181.49 - - [23/Jan/2023:11:16:22 +0800] "GET /xingrg/kc/print/load_config.html?kc_code=cgsh HTTP/1.1" 200 1943
222.70.181.49 - - [23/Jan/2023:11:16:22 +0800] "GET /xingrg/kc/print/load_data.html?order_code=212023012306737&kc_code=cgsh&condition= HTTP/1.1" 200 903
124.78.154.177 - - [23/Jan/2023:11:16:23 +0800] "GET /xingrg/all/function/internal_message.html?_=1674443796388&CODE_STATE=getMsg HTTP/1.1" 200 27
124.78.154.177 - - [23/Jan/2023:11:16:23 +0800] "GET /xingrg/check_reg.html?_=1674443796392 HTTP/1.1" 200 22
116.192.124.172 - - [23/Jan/2023:11:16:25 +0800] "GET /xingrg/kc/buy/cgsh_order_operate.html?command=get_materiel&rest_code=00102&code=00101004030&supplier_code=00100312&order_time=2023-01-23 HTTP/1.1" 200 423
116.192.124.172 - - [23/Jan/2023:11:16:34 +0800] "GET /xingrg/kc/buy/cgsh_order_operate.html?command=get_materiel&rest_code=00102&code=00101001096&supplier_code=00100312&order_time=2023-01-23 HTTP/1.1" 200 429
180.157.253.110 - - [23/Jan/2023:11:16:34 +0800] "GET /xingrg/all/function/internal_message.html?_=1674443806464&CODE_STATE=getMsg HTTP/1.1" 200 27
116.238.139.35 - - [23/Jan/2023:11:16:37 +0800] "GET /xingrg/check_reg.html?_=1674443809698 HTTP/1.1" 200 22
116.238.139.35 - - [23/Jan/2023:11:16:37 +0800] "GET /xingrg/all/function/internal_message.html?_=1674443809701&CODE_STATE=getMsg HTTP/1.1" 200 27
116.192.124.172 - - [23/Jan/2023:11:16:44 +0800] "GET /xingrg/kc/buy/cgsh_order_operate.html?command=get_materiel&rest_code=00102&code=00101001170&supplier_code=00100312&order_time=2023-01-23 HTTP/1.1" 200 434
124.78.154.177 - - [23/Jan/2023:11:16:53 +0800] "GET /xingrg/kc/base/wldb_order_operate.html?command=get_materiel&rest_code=00106&base_code=0010397&code=00102002189 HTTP/1.1" 200 433
114.88.159.190 - - [23/Jan/2023:11:16:55 +0800] "GET /xingrg/all/function/internal_message.html?_=1674443403572&CODE_STATE=getMsg HTTP/1.1" 200 27
116.192.124.172 - - [23/Jan/2023:11:16:57 +0800] "POST /xingrg/kc/buy/cgsh_order_operate.html HTTP/1.1" 200 37
116.192.124.172 - - [23/Jan/2023:11:17:02 +0800] "POST /xingrg/kc/buy/cgsh_order_operate.html HTTP/1.1" 200 12
124.78.154.177 - - [23/Jan/2023:11:17:03 +0800] "GET /xingrg/kc/base/wldb_order_operate.html?command=get_materiel&rest_code=00106&base_code=0010397&code=00102002448 HTTP/1.1" 200 440
116.192.124.172 - - [23/Jan/2023:11:17:03 +0800] "GET /xingrg/kc/buy/cgsh_order_info.html?code=212023012306738 HTTP/1.1" 200 64641
116.192.124.172 - - [23/Jan/2023:11:17:03 +0800] "GET /xingrg/javascript/easyui/themes/default/validatebox.css HTTP/1.1" 404 1104
116.192.124.172 - - [23/Jan/2023:11:17:04 +0800] "GET /xingrg/all/function/internal_message.html?_=1674443834386&CODE_STATE=getMsg HTTP/1.1" 200 27
116.192.124.172 - - [23/Jan/2023:11:17:04 +0800] "POST /xingrg/kc/buy/cgsh_order_operate.html HTTP/1.1" 200 4163
101.83.145.75 - - [23/Jan/2023:11:17:05 +0800] "GET /xingrg/check_reg.html?_=1674443836068 HTTP/1.1" 200 22
116.192.124.172 - - [23/Jan/2023:11:17:05 +0800] "GET /xingrg/kc/print/load_config.html?kc_code=cgsh HTTP/1.1" 200 1943
116.192.124.172 - - [23/Jan/2023:11:17:06 +0800] "GET /xingrg/kc/print/load_data.html?order_code=212023012306738&kc_code=cgsh&condition= HTTP/1.1" 200 2054
101.83.145.75 - - [23/Jan/2023:11:17:06 +0800] "GET /xingrg/all/function/internal_message.html?_=1674443837537&CODE_STATE=getMsg HTTP/1.1" 200 27
222.70.181.49 - - [23/Jan/2023:11:17:11 +0800] "GET /xingrg/all/function/internal_message.html?_=1674443841987&CODE_STATE=getMsg HTTP/1.1" 200 27
116.235.244.242 - - [23/Jan/2023:11:17:13 +0800] "GET /xingrg/all/function/internal_message.html?_=1674443848974&CODE_STATE=getMsg HTTP/1.1" 200 27
116.238.139.35 - - [23/Jan/2023:11:17:14 +0800] "GET /xingrg/all/function/internal_message.html?_=1674443769375&CODE_STATE=getMsg HTTP/1.1" 200 27
124.78.154.177 - - [23/Jan/2023:11:17:18 +0800] "GET /xingrg/kc/base/wldb_order_operate.html?command=get_materiel&rest_code=00106&base_code=0010397&code=00102002610 HTTP/1.1" 200 444
124.78.154.177 - - [23/Jan/2023:11:17:23 +0800] "GET /xingrg/all/function/internal_message.html?_=1674443856389&CODE_STATE=getMsg HTTP/1.1" 200 27
116.192.124.172 - - [23/Jan/2023:11:17:24 +0800] "POST /xingrg/kc/buy/cgsh_list_operate.html HTTP/1.1" 200 6495
124.78.154.177 - - [23/Jan/2023:11:17:33 +0800] "POST /xingrg/kc/base/wldb_order_operate.html HTTP/1.1" 200 37
124.78.154.177 - - [23/Jan/2023:11:17:34 +0800] "POST /xingrg/kc/base/wldb_order_operate.html HTTP/1.1" 200 3140
180.157.253.110 - - [23/Jan/2023:11:17:34 +0800] "GET /xingrg/all/function/internal_message.html?_=1674443866465&CODE_STATE=getMsg HTTP/1.1" 200 27
124.78.154.177 - - [23/Jan/2023:11:17:34 +0800] "GET /xingrg/kc/base/wldb_order_info.html?code=422023012301492 HTTP/1.1" 200 30436
124.78.154.177 - - [23/Jan/2023:11:17:35 +0800] "GET /xingrg/javascript/easyui/themes/default/validatebox.css HTTP/1.1" 404 1104
124.78.154.177 - - [23/Jan/2023:11:17:35 +0800] "POST /xingrg/kc/base/wldb_order_operate.html HTTP/1.1" 200 3140
116.192.124.172 - - [23/Jan/2023:11:17:35 +0800] "POST /xingrg/kc/buy/cgsh_list_operate.html HTTP/1.1" 200 352
116.238.139.35 - - [23/Jan/2023:11:17:37 +0800] "GET /xingrg/all/function/internal_message.html?_=1674443869703&CODE_STATE=getMsg HTTP/1.1" 200 27
124.78.154.177 - - [23/Jan/2023:11:17:38 +0800] "GET /xingrg/kc/base/wldb_order_add.html HTTP/1.1" 200 30422
124.78.154.177 - - [23/Jan/2023:11:17:39 +0800] "POST /xingrg/kc/base/wldb_order_operate.html HTTP/1.1" 200 6806
124.78.154.177 - - [23/Jan/2023:11:17:39 +0800] "GET /xingrg/javascript/easyui/themes/default/validatebox.css HTTP/1.1" 404 1104
124.78.154.177 - - [23/Jan/2023:11:17:40 +0800] "POST /xingrg/all/common/load_combo.html?type=base HTTP/1.1" 200 3227
116.192.124.172 - - [23/Jan/2023:11:17:41 +0800] "GET /xingrg/kc/buy/cgsh_order_info.html?code=212023012306736 HTTP/1.1" 200 64641
116.192.124.172 - - [23/Jan/2023:11:17:41 +0800] "GET /xingrg/javascript/easyui/themes/default/validatebox.css HTTP/1.1" 404 1104
116.192.124.172 - - [23/Jan/2023:11:17:41 +0800] "POST /xingrg/kc/buy/cgsh_order_operate.html HTTP/1.1" 200 1807
222.70.181.49 - - [23/Jan/2023:11:17:42 +0800] "GET /xingrg/kc/buy/cgsh_order_list.html HTTP/1.1" 200 53920
116.192.124.172 - - [23/Jan/2023:11:17:43 +0800] "GET /xingrg/kc/print/load_data.html?order_code=212023012306736&kc_code=cgsh&condition= HTTP/1.1" 200 1219
124.78.154.177 - - [23/Jan/2023:11:17:44 +0800] "POST /xingrg/all/common/load_combo.html?type=base HTTP/1.1" 200 3227
222.70.181.49 - - [23/Jan/2023:11:17:45 +0800] "POST /xingrg/kc/buy/cgsh_list_operate.html HTTP/1.1" 200 4416
116.192.124.172 - - [23/Jan/2023:11:17:47 +0800] "GET /xingrg/kc/buy/cgsh_order_add.html HTTP/1.1" 200 69737
116.192.124.172 - - [23/Jan/2023:11:17:47 +0800] "POST /xingrg/kc/buy/cgsh_order_operate.html HTTP/1.1" 200 8245
116.192.124.172 - - [23/Jan/2023:11:17:48 +0800] "GET /xingrg/javascript/easyui/themes/default/validatebox.css HTTP/1.1" 404 1104
116.192.124.172 - - [23/Jan/2023:11:17:49 +0800] "GET /xingrg/javascript/easyui/themes/default/tree.css HTTP/1.1" 404 1090
116.192.124.172 - - [23/Jan/2023:11:17:49 +0800] "POST /xingrg/all/common/load_tree.html?tree=supplier_tree_json&isDelete=1 HTTP/1.1" 200 70488
116.235.244.242 - - [23/Jan/2023:11:17:55 +0800] "GET /xingrg/check_reg.html?_=1674443890123 HTTP/1.1" 200 22
114.88.159.190 - - [23/Jan/2023:11:17:55 +0800] "GET /xingrg/all/function/internal_message.html?_=1674443463570&CODE_STATE=getMsg HTTP/1.1" 200 27
124.78.154.177 - - [23/Jan/2023:11:18:01 +0800] "GET /xingrg/kc/base/wldb_order_operate.html?command=get_materiel&rest_code=00106&base_code=0010397&code=00102004030 HTTP/1.1" 200 442
116.192.124.172 - - [23/Jan/2023:11:18:04 +0800] "GET /xingrg/all/function/internal_message.html?_=1674443894366&CODE_STATE=getMsg HTTP/1.1" 200 27
101.83.145.75 - - [23/Jan/2023:11:18:06 +0800] "GET /xingrg/all/function/internal_message.html?_=1674443897515&CODE_STATE=getMsg HTTP/1.1" 200 27
116.192.124.172 - - [23/Jan/2023:11:18:09 +0800] "GET /xingrg/kc/buy/cgsh_order_operate.html?command=get_materiel&rest_code=00102&code=00101002034&supplier_code=00100091&order_time=2023-01-23 HTTP/1.1" 200 424
116.238.139.35 - - [23/Jan/2023:11:18:11 +0800] "GET /xingrg/check_reg.html?_=1674443825551 HTTP/1.1" 200 22
222.70.181.49 - - [23/Jan/2023:11:18:11 +0800] "GET /xingrg/all/function/internal_message.html?_=1674443902002&CODE_STATE=getMsg HTTP/1.1" 200 27
124.78.154.177 - - [23/Jan/2023:11:18:11 +0800] "GET /xingrg/kc/base/wldb_order_operate.html?command=get_materiel&rest_code=00106&base_code=0010397&code=00102002163 HTTP/1.1" 200 436
116.235.244.242 - - [23/Jan/2023:11:18:13 +0800] "GET /xingrg/all/function/internal_message.html?_=1674443908977&CODE_STATE=getMsg HTTP/1.1" 200 27
116.238.139.35 - - [23/Jan/2023:11:18:14 +0800] "GET /xingrg/all/function/internal_message.html?_=1674443829385&CODE_STATE=getMsg HTTP/1.1" 200 27
124.78.154.177 - - [23/Jan/2023:11:18:20 +0800] "POST /xingrg/kc/base/wldb_order_operate.html HTTP/1.1" 200 37
124.78.154.177 - - [23/Jan/2023:11:18:21 +0800] "POST /xingrg/kc/base/wldb_order_operate.html HTTP/1.1" 200 2663
124.78.154.177 - - [23/Jan/2023:11:18:21 +0800] "GET /xingrg/kc/base/wldb_order_info.html?code=422023012301493 HTTP/1.1" 200 30435
124.78.154.177 - - [23/Jan/2023:11:18:21 +0800] "GET /xingrg/javascript/easyui/themes/default/validatebox.css HTTP/1.1" 404 1104
124.78.154.177 - - [23/Jan/2023:11:18:22 +0800] "POST /xingrg/kc/base/wldb_order_operate.html HTTP/1.1" 200 2663
124.78.154.177 - - [23/Jan/2023:11:18:23 +0800] "GET /xingrg/all/function/internal_message.html?_=1674443916393&CODE_STATE=getMsg HTTP/1.1" 200 27
124.78.154.177 - - [23/Jan/2023:11:18:25 +0800] "GET /xingrg/kc/base/base_main.html HTTP/1.1" 200 12142
124.78.154.177 - - [23/Jan/2023:11:18:27 +0800] "GET /xingrg/kc/base/wldb_order_list.html HTTP/1.1" 200 19139
124.78.154.177 - - [23/Jan/2023:11:18:27 +0800] "POST /xingrg/kc/base/wldb_list_operate.html HTTP/1.1" 200 3344
116.192.124.172 - - [23/Jan/2023:11:18:30 +0800] "POST /xingrg/kc/buy/cgsh_order_operate.html HTTP/1.1" 200 37
116.192.124.172 - - [23/Jan/2023:11:18:33 +0800] "POST /xingrg/kc/buy/cgsh_order_operate.html HTTP/1.1" 200 12
116.192.124.172 - - [23/Jan/2023:11:18:34 +0800] "GET /xingrg/kc/buy/cgsh_order_info.html?code=212023012306739 HTTP/1.1" 200 64641
180.157.253.110 - - [23/Jan/2023:11:18:34 +0800] "GET /xingrg/check_reg.html?_=1674443926472 HTTP/1.1" 200 22
180.157.253.110 - - [23/Jan/2023:11:18:34 +0800] "GET /xingrg/all/function/internal_message.html?_=1674443926467&CODE_STATE=getMsg HTTP/1.1" 200 27
116.192.124.172 - - [23/Jan/2023:11:18:34 +0800] "GET /xingrg/javascript/easyui/themes/default/validatebox.css HTTP/1.1" 404 1104
116.192.124.172 - - [23/Jan/2023:11:18:35 +0800] "POST /xingrg/kc/buy/cgsh_order_operate.html HTTP/1.1" 200 608
116.238.139.35 - - [23/Jan/2023:11:18:37 +0800] "GET /xingrg/all/function/internal_message.html?_=1674443929704&CODE_STATE=getMsg HTTP/1.1" 200 27
116.192.124.172 - - [23/Jan/2023:11:18:40 +0800] "GET /xingrg/kc/print/load_data.html?order_code=212023012306739&kc_code=cgsh&condition= HTTP/1.1" 200 752
114.88.159.190 - - [23/Jan/2023:11:18:55 +0800] "GET /xingrg/all/function/internal_message.html?_=1674443523611&CODE_STATE=getMsg HTTP/1.1" 200 27
116.192.124.172 - - [23/Jan/2023:11:19:04 +0800] "GET /xingrg/all/function/internal_message.html?_=1674443954360&CODE_STATE=getMsg HTTP/1.1" 200 27
101.83.145.75 - - [23/Jan/2023:11:19:06 +0800] "GET /xingrg/all/function/internal_message.html?_=1674443957493&CODE_STATE=getMsg HTTP/1.1" 200 27
222.70.181.49 - - [23/Jan/2023:11:19:11 +0800] "GET /xingrg/all/function/internal_message.html?_=1674443962003&CODE_STATE=getMsg HTTP/1.1" 200 27
116.235.244.242 - - [23/Jan/2023:11:19:13 +0800] "GET /xingrg/all/function/internal_message.html?_=1674443968991&CODE_STATE=getMsg HTTP/1.1" 200 27
116.238.139.35 - - [23/Jan/2023:11:19:14 +0800] "GET /xingrg/all/function/internal_message.html?_=1674443889399&CODE_STATE=getMsg HTTP/1.1" 200 27
124.78.154.177 - - [23/Jan/2023:11:19:23 +0800] "GET /xingrg/all/function/internal_message.html?_=1674443976396&CODE_STATE=getMsg HTTP/1.1" 200 27
180.157.253.110 - - [23/Jan/2023:11:19:34 +0800] "GET /xingrg/all/function/internal_message.html?_=1674443986472&CODE_STATE=getMsg HTTP/1.1" 200 27
116.238.139.35 - - [23/Jan/2023:11:19:37 +0800] "GET /xingrg/all/function/internal_message.html?_=1674443989704&CODE_STATE=getMsg HTTP/1.1" 200 27
180.169.147.146 - - [23/Jan/2023:11:19:38 +0800] "GET /xingrg/check_reg.html?_=1674443990795 HTTP/1.1" 200 22
114.88.159.190 - - [23/Jan/2023:11:19:55 +0800] "GET /xingrg/check_reg.html?_=1674443583609 HTTP/1.1" 200 22
114.88.159.190 - - [23/Jan/2023:11:19:55 +0800] "GET /xingrg/all/function/internal_message.html?_=1674443583610&CODE_STATE=getMsg HTTP/1.1" 200 27
124.78.154.177 - - [23/Jan/2023:11:19:58 +0800] "GET /xingrg/kc/buy/buy_main.html HTTP/1.1" 200 12412
124.78.154.177 - - [23/Jan/2023:11:19:58 +0800] "GET /xingrg/css/new_ie.css HTTP/1.1" 404 1036
124.78.154.177 - - [23/Jan/2023:11:19:59 +0800] "GET /xingrg/images/yd/bt.gif HTTP/1.1" 404 1040
124.78.154.177 - - [23/Jan/2023:11:20:00 +0800] "GET /xingrg/kc/buy/cgsh_order_list.html HTTP/1.1" 200 53920
124.78.154.177 - - [23/Jan/2023:11:20:01 +0800] "POST /xingrg/kc/buy/cgsh_list_operate.html HTTP/1.1" 200 986
116.192.124.172 - - [23/Jan/2023:11:20:04 +0800] "GET /xingrg/all/function/internal_message.html?_=1674444014341&CODE_STATE=getMsg HTTP/1.1" 200 27
101.83.145.75 - - [23/Jan/2023:11:20:06 +0800] "GET /xingrg/all/function/internal_message.html?_=1674444017463&CODE_STATE=getMsg HTTP/1.1" 200 27
222.70.181.49 - - [23/Jan/2023:11:20:11 +0800] "GET /xingrg/check_reg.html?_=1674444022002 HTTP/1.1" 200 22
222.70.181.49 - - [23/Jan/2023:11:20:11 +0800] "GET /xingrg/all/function/internal_message.html?_=1674444022005&CODE_STATE=getMsg HTTP/1.1" 200 27
222.70.181.49 - - [23/Jan/2023:11:20:13 +0800] "GET /xingrg/kc/buy/cgsh_order_add.html HTTP/1.1" 200 69657
222.70.181.49 - - [23/Jan/2023:11:20:13 +0800] "POST /xingrg/kc/buy/cgsh_order_operate.html HTTP/1.1" 200 8245
222.70.181.49 - - [23/Jan/2023:11:20:13 +0800] "GET /xingrg/javascript/easyui/themes/default/validatebox.css HTTP/1.1" 404 1104
116.235.244.242 - - [23/Jan/2023:11:20:13 +0800] "GET /xingrg/all/function/internal_message.html?_=1674444029015&CODE_STATE=getMsg HTTP/1.1" 200 27
116.238.139.35 - - [23/Jan/2023:11:20:14 +0800] "GET /xingrg/all/function/internal_message.html?_=1674443949445&CODE_STATE=getMsg HTTP/1.1" 200 27
124.78.154.177 - - [23/Jan/2023:11:20:19 +0800] "GET /xingrg/kc/base/yddb_order_list.html HTTP/1.1" 200 16745
124.78.154.177 - - [23/Jan/2023:11:20:19 +0800] "POST /xingrg/kc/base/yddb_list_operate.html HTTP/1.1" 200 636
222.70.181.49 - - [23/Jan/2023:11:20:22 +0800] "GET /xingrg/kc/buy/cgsh_order_operate.html?command=get_materiel&rest_code=00111&code=00101034021&supplier_code=&order_time=2023-01-23 HTTP/1.1" 200 418
124.78.154.177 - - [23/Jan/2023:11:20:22 +0800] "GET /xingrg/kc/base/yddb_order_add.html HTTP/1.1" 200 29953
124.78.154.177 - - [23/Jan/2023:11:20:22 +0800] "GET /xingrg/dwr/interface/AjaxComOrderService.js HTTP/1.1" 200 18264
124.78.154.177 - - [23/Jan/2023:11:20:22 +0800] "GET /xingrg/dwr/interface/AjaxYddbService.js HTTP/1.1" 200 13201
124.78.154.177 - - [23/Jan/2023:11:20:22 +0800] "GET /xingrg/javascript/Calendar.js HTTP/1.1" 200 31561
124.78.154.177 - - [23/Jan/2023:11:20:22 +0800] "GET /xingrg/dwr/engine.js HTTP/1.1" 200 43631
124.78.154.177 - - [23/Jan/2023:11:20:22 +0800] "GET /xingrg/javascript/Grid.js HTTP/1.1" 200 58908
124.78.154.177 - - [23/Jan/2023:11:20:22 +0800] "GET /xingrg/dwr/util.js HTTP/1.1" 200 35990
124.78.154.177 - - [23/Jan/2023:11:20:22 +0800] "GET /xingrg/javascript/AjaxInfoList.js HTTP/1.1" 200 3774
124.78.154.177 - - [23/Jan/2023:11:20:22 +0800] "GET /xingrg/javascript/checkform.js HTTP/1.1" 200 18351
124.78.154.177 - - [23/Jan/2023:11:20:22 +0800] "GET /xingrg/javascript/jquery_easy_ui/themes/icons/edit_add_new.png HTTP/1.1" 200 2997
124.78.154.177 - - [23/Jan/2023:11:20:22 +0800] "GET /xingrg/javascript/jquery_easy_ui/themes/icons/check_new.png HTTP/1.1" 200 3224
124.78.154.177 - - [23/Jan/2023:11:20:22 +0800] "GET /xingrg/javascript/jquery_easy_ui/themes/icons/print.png HTTP/1.1" 200 1057
124.78.154.177 - - [23/Jan/2023:11:20:22 +0800] "GET /xingrg/javascript/jquery_easy_ui/themes/default/images/menu_downarrow.png HTTP/1.1" 200 173
124.78.154.177 - - [23/Jan/2023:11:20:22 +0800] "GET /xingrg/javascript/jquery_easy_ui/themes/icons/cance_new.png HTTP/1.1" 200 3986
124.78.154.177 - - [23/Jan/2023:11:20:22 +0800] "GET /xingrg/javascript/jquery_easy_ui/themes/icons/back_new.png HTTP/1.1" 200 3414
124.78.154.177 - - [23/Jan/2023:11:20:22 +0800] "GET /xingrg/images/blue/button/kc_tab_add.gif HTTP/1.1" 200 375
124.78.154.177 - - [23/Jan/2023:11:20:22 +0800] "GET /xingrg/images/blue/button/kc_tab_edit.gif HTTP/1.1" 200 551
124.78.154.177 - - [23/Jan/2023:11:20:22 +0800] "GET /xingrg/images/blue/button/kc_tab_del.gif HTTP/1.1" 200 383
124.78.154.177 - - [23/Jan/2023:11:20:22 +0800] "GET /xingrg/images/blue/button/kc_tab_save.gif HTTP/1.1" 200 777
124.78.154.177 - - [23/Jan/2023:11:20:23 +0800] "GET /xingrg/images/blue/kc_tab_mid.gif HTTP/1.1" 200 44
124.78.154.177 - - [23/Jan/2023:11:20:23 +0800] "GET /xingrg/images/blue/kc_tab_left.gif HTTP/1.1" 200 188
124.78.154.177 - - [23/Jan/2023:11:20:23 +0800] "GET /xingrg/images/blue/kc_tab2_right.gif HTTP/1.1" 200 192
124.78.154.177 - - [23/Jan/2023:11:20:23 +0800] "GET /xingrg/images/blue/kc_tab2_left.gif HTTP/1.1" 200 625
124.78.154.177 - - [23/Jan/2023:11:20:23 +0800] "GET /xingrg/images/blue/kc_tab_right.gif HTTP/1.1" 200 643
124.78.154.177 - - [23/Jan/2023:11:20:23 +0800] "GET /xingrg/javascript/jquery_easy_ui/themes/default/images/button_plain_hover.png HTTP/1.1" 200 252
124.78.154.177 - - [23/Jan/2023:11:20:23 +0800] "GET /xingrg/all/function/internal_message.html?_=1674444036400&CODE_STATE=getMsg HTTP/1.1" 200 27
124.78.154.177 - - [23/Jan/2023:11:20:27 +0800] "GET /xingrg/images/blue/wait.gif HTTP/1.1" 200 1100
124.78.154.177 - - [23/Jan/2023:11:20:27 +0800] "POST /xingrg/dwr/call/plaincall/AjaxYddbService.getRestBases.dwr HTTP/1.1" 200 1055
180.157.253.110 - - [23/Jan/2023:11:20:34 +0800] "GET /xingrg/all/function/internal_message.html?_=1674444046475&CODE_STATE=getMsg HTTP/1.1" 200 27
116.238.139.35 - - [23/Jan/2023:11:20:37 +0800] "GET /xingrg/all/function/internal_message.html?_=1674444049711&CODE_STATE=getMsg HTTP/1.1" 200 27
124.78.154.177 - - [23/Jan/2023:11:20:38 +0800] "POST /xingrg/dwr/call/plaincall/AjaxYddbService.saveOrder.dwr HTTP/1.1" 200 78
114.88.159.190 - - [23/Jan/2023:11:20:55 +0800] "GET /xingrg/all/function/internal_message.html?_=1674443643609&CODE_STATE=getMsg HTTP/1.1" 200 27
116.192.124.172 - - [23/Jan/2023:11:21:04 +0800] "GET /xingrg/all/function/internal_message.html?_=1674444074322&CODE_STATE=getMsg HTTP/1.1" 200 27
116.192.124.172 - - [23/Jan/2023:11:21:04 +0800] "GET /xingrg/check_reg.html?_=1674444074386 HTTP/1.1" 200 22
124.78.154.177 - - [23/Jan/2023:11:21:05 +0800] "POST /xingrg/dwr/call/plaincall/AjaxComOrderService.getMaterielSearchList.dwr HTTP/1.1" 200 34160
101.83.145.75 - - [23/Jan/2023:11:21:06 +0800] "GET /xingrg/all/function/internal_message.html?_=1674444077431&CODE_STATE=getMsg HTTP/1.1" 200 27
124.78.154.177 - - [23/Jan/2023:11:21:10 +0800] "POST /xingrg/dwr/call/plaincall/AjaxComOrderService.getMaterielSearchList.dwr HTTP/1.1" 200 6183
222.70.181.49 - - [23/Jan/2023:11:21:11 +0800] "GET /xingrg/all/function/internal_message.html?_=1674444081992&CODE_STATE=getMsg HTTP/1.1" 200 27
116.235.244.242 - - [23/Jan/2023:11:21:13 +0800] "GET /xingrg/all/function/internal_message.html?_=1674444089018&CODE_STATE=getMsg HTTP/1.1" 200 27
116.238.139.35 - - [23/Jan/2023:11:21:14 +0800] "GET /xingrg/all/function/internal_message.html?_=1674444009457&CODE_STATE=getMsg HTTP/1.1" 200 27
124.78.154.177 - - [23/Jan/2023:11:21:20 +0800] "POST /xingrg/dwr/call/plaincall/AjaxComOrderService.getMaterielSearchList.dwr HTTP/1.1" 200 203
124.78.154.177 - - [23/Jan/2023:11:21:23 +0800] "GET /xingrg/check_reg.html?_=1674444096391 HTTP/1.1" 200 22
124.78.154.177 - - [23/Jan/2023:11:21:23 +0800] "GET /xingrg/all/function/internal_message.html?_=1674444096397&CODE_STATE=getMsg HTTP/1.1" 200 27
124.78.154.177 - - [23/Jan/2023:11:21:24 +0800] "POST /xingrg/dwr/call/plaincall/AjaxComOrderService.getMaterielSearchList.dwr HTTP/1.1" 200 1393
124.78.154.177 - - [23/Jan/2023:11:21:30 +0800] "POST /xingrg/dwr/call/plaincall/AjaxYddbService.getMaterielByMap.dwr HTTP/1.1" 200 2746
124.78.154.177 - - [23/Jan/2023:11:21:34 +0800] "POST /xingrg/dwr/call/plaincall/AjaxYddbService.saveMaterielItem.dwr HTTP/1.1" 200 78
180.157.253.110 - - [23/Jan/2023:11:21:34 +0800] "GET /xingrg/all/function/internal_message.html?_=1674444106478&CODE_STATE=getMsg HTTP/1.1" 200 27
124.78.154.177 - - [23/Jan/2023:11:21:35 +0800] "GET /xingrg/images/yd/bt.gif HTTP/1.1" 404 1040
116.238.139.35 - - [23/Jan/2023:11:21:37 +0800] "GET /xingrg/check_reg.html?_=1674444109700 HTTP/1.1" 200 22
116.238.139.35 - - [23/Jan/2023:11:21:37 +0800] "GET /xingrg/all/function/internal_message.html?_=1674444109704&CODE_STATE=getMsg HTTP/1.1" 200 27
124.78.154.177 - - [23/Jan/2023:11:21:38 +0800] "GET /xingrg/kc/base/yddb_order_list.html HTTP/1.1" 200 16745
124.78.154.177 - - [23/Jan/2023:11:21:38 +0800] "POST /xingrg/kc/base/yddb_list_operate.html HTTP/1.1" 200 1337
124.78.154.177 - - [23/Jan/2023:11:21:45 +0800] "POST /xingrg/kc/base/yddb_list_operate.html HTTP/1.1" 200 4309
124.78.154.177 - - [23/Jan/2023:11:21:55 +0800] "GET /xingrg/kc/base/yddb_order_list.html HTTP/1.1" 200 16745
114.88.159.190 - - [23/Jan/2023:11:21:55 +0800] "GET /xingrg/all/function/internal_message.html?_=1674443703607&CODE_STATE=getMsg HTTP/1.1" 200 27
124.78.154.177 - - [23/Jan/2023:11:21:55 +0800] "POST /xingrg/kc/base/yddb_list_operate.html HTTP/1.1" 200 1337
116.192.124.172 - - [23/Jan/2023:11:22:04 +0800] "GET /xingrg/all/function/internal_message.html?_=1674444134301&CODE_STATE=getMsg HTTP/1.1" 200 27
101.83.145.75 - - [23/Jan/2023:11:22:05 +0800] "GET /xingrg/check_reg.html?_=1674444136065 HTTP/1.1" 200 22
101.83.145.75 - - [23/Jan/2023:11:22:06 +0800] "GET /xingrg/all/function/internal_message.html?_=1674444137399&CODE_STATE=getMsg HTTP/1.1" 200 27
222.70.181.49 - - [23/Jan/2023:11:22:11 +0800] "GET /xingrg/all/function/internal_message.html?_=1674444141997&CODE_STATE=getMsg HTTP/1.1" 200 27
116.235.244.242 - - [23/Jan/2023:11:22:14 +0800] "GET /xingrg/all/function/internal_message.html?_=1674444149048&CODE_STATE=getMsg HTTP/1.1" 200 27
116.238.139.35 - - [23/Jan/2023:11:22:15 +0800] "GET /xingrg/all/function/internal_message.html?_=1674444069504&CODE_STATE=getMsg HTTP/1.1" 200 27
124.78.154.177 - - [23/Jan/2023:11:22:23 +0800] "GET /xingrg/all/function/internal_message.html?_=1674444156399&CODE_STATE=getMsg HTTP/1.1" 200 27
180.157.253.110 - - [23/Jan/2023:11:22:34 +0800] "GET /xingrg/all/function/internal_message.html?_=1674444166466&CODE_STATE=getMsg HTTP/1.1" 200 27
116.238.139.35 - - [23/Jan/2023:11:22:37 +0800] "GET /xingrg/all/function/internal_message.html?_=1674444169704&CODE_STATE=getMsg HTTP/1.1" 200 27
116.235.244.242 - - [23/Jan/2023:11:22:55 +0800] "GET /xingrg/check_reg.html?_=1674444190127 HTTP/1.1" 200 22
114.88.159.190 - - [23/Jan/2023:11:22:55 +0800] "GET /xingrg/all/function/internal_message.html?_=1674443763606&CODE_STATE=getMsg HTTP/1.1" 200 27
116.192.124.172 - - [23/Jan/2023:11:23:04 +0800] "GET /xingrg/all/function/internal_message.html?_=1674444194273&CODE_STATE=getMsg HTTP/1.1" 200 27
101.83.145.75 - - [23/Jan/2023:11:23:06 +0800] "GET /xingrg/all/function/internal_message.html?_=1674444197378&CODE_STATE=getMsg HTTP/1.1" 200 27
116.238.139.35 - - [23/Jan/2023:11:23:11 +0800] "GET /xingrg/check_reg.html?_=1674444125553 HTTP/1.1" 200 22
222.70.181.49 - - [23/Jan/2023:11:23:11 +0800] "GET /xingrg/all/function/internal_message.html?_=1674444201994&CODE_STATE=getMsg HTTP/1.1" 200 27
116.235.244.242 - - [23/Jan/2023:11:23:14 +0800] "GET /xingrg/all/function/internal_message.html?_=1674444209061&CODE_STATE=getMsg HTTP/1.1" 200 27
116.238.139.35 - - [23/Jan/2023:11:23:15 +0800] "GET /xingrg/all/function/internal_message.html?_=1674444129517&CODE_STATE=getMsg HTTP/1.1" 200 27
124.78.154.177 - - [23/Jan/2023:11:23:23 +0800] "GET /xingrg/all/function/internal_message.html?_=1674444216396&CODE_STATE=getMsg HTTP/1.1" 200 27
180.157.253.110 - - [23/Jan/2023:11:23:34 +0800] "GET /xingrg/all/function/internal_message.html?_=1674444226468&CODE_STATE=getMsg HTTP/1.1" 200 27
180.157.253.110 - - [23/Jan/2023:11:23:34 +0800] "GET /xingrg/check_reg.html?_=1674444226472 HTTP/1.1" 200 22
116.238.139.35 - - [23/Jan/2023:11:23:37 +0800] "GET /xingrg/all/function/internal_message.html?_=1674444229705&CODE_STATE=getMsg HTTP/1.1" 200 27
114.88.159.190 - - [23/Jan/2023:11:23:55 +0800] "GET /xingrg/all/function/internal_message.html?_=1674443823600&CODE_STATE=getMsg HTTP/1.1" 200 27
116.192.124.172 - - [23/Jan/2023:11:24:04 +0800] "GET /xingrg/all/function/internal_message.html?_=1674444254270&CODE_STATE=getMsg HTTP/1.1" 200 27
101.83.145.75 - - [23/Jan/2023:11:24:06 +0800] "GET /xingrg/all/function/internal_message.html?_=1674444257346&CODE_STATE=getMsg HTTP/1.1" 200 27
222.70.181.49 - - [23/Jan/2023:11:24:11 +0800] "GET /xingrg/all/function/internal_message.html?_=1674444261996&CODE_STATE=getMsg HTTP/1.1" 200 27
116.235.244.242 - - [23/Jan/2023:11:24:14 +0800] "GET /xingrg/all/function/internal_message.html?_=1674444269074&CODE_STATE=getMsg HTTP/1.1" 200 27
116.238.139.35 - - [23/Jan/2023:11:24:15 +0800] "GET /xingrg/all/function/internal_message.html?_=1674444189529&CODE_STATE=getMsg HTTP/1.1" 200 27
124.78.154.177 - - [23/Jan/2023:11:24:23 +0800] "GET /xingrg/all/function/internal_message.html?_=1674444276403&CODE_STATE=getMsg HTTP/1.1" 200 27
180.157.253.110 - - [23/Jan/2023:11:24:34 +0800] "GET /xingrg/all/function/internal_message.html?_=1674444286473&CODE_STATE=getMsg HTTP/1.1" 200 27
116.238.139.35 - - [23/Jan/2023:11:24:37 +0800] "GET /xingrg/all/function/internal_message.html?_=1674444289705&CODE_STATE=getMsg HTTP/1.1" 200 27
180.169.147.146 - - [23/Jan/2023:11:24:38 +0800] "GET /xingrg/check_reg.html?_=1674444290796 HTTP/1.1" 200 22
114.88.159.190 - - [23/Jan/2023:11:24:55 +0800] "GET /xingrg/all/function/internal_message.html?_=1674443883599&CODE_STATE=getMsg HTTP/1.1" 200 27
114.88.159.190 - - [23/Jan/2023:11:24:55 +0800] "GET /xingrg/check_reg.html?_=1674443883600 HTTP/1.1" 200 22
116.192.124.172 - - [23/Jan/2023:11:25:04 +0800] "GET /xingrg/all/function/internal_message.html?_=1674444314263&CODE_STATE=getMsg HTTP/1.1" 200 27
101.83.145.75 - - [23/Jan/2023:11:25:06 +0800] "GET /xingrg/all/function/internal_message.html?_=1674444317323&CODE_STATE=getMsg HTTP/1.1" 200 27
222.70.181.49 - - [23/Jan/2023:11:25:11 +0800] "GET /xingrg/all/function/internal_message.html?_=1674444322002&CODE_STATE=getMsg HTTP/1.1" 200 27
222.70.181.49 - - [23/Jan/2023:11:25:11 +0800] "GET /xingrg/check_reg.html?_=1674444322004 HTTP/1.1" 200 22
116.235.244.242 - - [23/Jan/2023:11:25:14 +0800] "GET /xingrg/all/function/internal_message.html?_=1674444329101&CODE_STATE=getMsg HTTP/1.1" 200 27
116.238.139.35 - - [23/Jan/2023:11:25:15 +0800] "GET /xingrg/all/function/internal_message.html?_=1674444249578&CODE_STATE=getMsg HTTP/1.1" 200 27
124.78.154.177 - - [23/Jan/2023:11:25:23 +0800] "GET /xingrg/all/function/internal_message.html?_=1674444336400&CODE_STATE=getMsg HTTP/1.1" 200 27
180.157.253.110 - - [23/Jan/2023:11:25:34 +0800] "GET /xingrg/all/function/internal_message.html?_=1674444346478&CODE_STATE=getMsg HTTP/1.1" 200 27
116.238.139.35 - - [23/Jan/2023:11:25:37 +0800] "GET /xingrg/all/function/internal_message.html?_=1674444349712&CODE_STATE=getMsg HTTP/1.1" 200 27
114.88.159.190 - - [23/Jan/2023:11:25:55 +0800] "GET /xingrg/all/function/internal_message.html?_=1674443943597&CODE_STATE=getMsg HTTP/1.1" 200 27
116.192.124.172 - - [23/Jan/2023:11:26:04 +0800] "GET /xingrg/all/function/internal_message.html?_=1674444374243&CODE_STATE=getMsg HTTP/1.1" 200 27
116.192.124.172 - - [23/Jan/2023:11:26:04 +0800] "GET /xingrg/check_reg.html?_=1674444374399 HTTP/1.1" 200 22
101.83.145.75 - - [23/Jan/2023:11:26:06 +0800] "GET /xingrg/all/function/internal_message.html?_=1674444377318&CODE_STATE=getMsg HTTP/1.1" 200 27
222.70.181.49 - - [23/Jan/2023:11:26:11 +0800] "GET /xingrg/all/function/internal_message.html?_=1674444382000&CODE_STATE=getMsg HTTP/1.1" 200 27
116.235.244.242 - - [23/Jan/2023:11:26:14 +0800] "GET /xingrg/all/function/internal_message.html?_=1674444389118&CODE_STATE=getMsg HTTP/1.1" 200 27
116.238.139.35 - - [23/Jan/2023:11:26:15 +0800] "GET /xingrg/all/function/internal_message.html?_=1674444309588&CODE_STATE=getMsg HTTP/1.1" 200 27
124.78.154.177 - - [23/Jan/2023:11:26:23 +0800] "GET /xingrg/check_reg.html?_=1674444396406 HTTP/1.1" 200 22
124.78.154.177 - - [23/Jan/2023:11:26:23 +0800] "GET /xingrg/all/function/internal_message.html?_=1674444396409&CODE_STATE=getMsg HTTP/1.1" 200 27
180.157.253.110 - - [23/Jan/2023:11:26:34 +0800] "GET /xingrg/all/function/internal_message.html?_=1674444406468&CODE_STATE=getMsg HTTP/1.1" 200 27
116.238.139.35 - - [23/Jan/2023:11:26:37 +0800] "GET /xingrg/check_reg.html?_=1674444409716 HTTP/1.1" 200 22
116.238.139.35 - - [23/Jan/2023:11:26:37 +0800] "GET /xingrg/all/function/internal_message.html?_=1674444409719&CODE_STATE=getMsg HTTP/1.1" 200 27
114.88.159.190 - - [23/Jan/2023:11:26:55 +0800] "GET /xingrg/all/function/internal_message.html?_=1674444003611&CODE_STATE=getMsg HTTP/1.1" 200 27
116.192.124.172 - - [23/Jan/2023:11:27:04 +0800] "GET /xingrg/all/function/internal_message.html?_=1674444434238&CODE_STATE=getMsg HTTP/1.1" 200 27
101.83.145.75 - - [23/Jan/2023:11:27:05 +0800] "GET /xingrg/check_reg.html?_=1674444436098 HTTP/1.1" 200 22
101.83.145.75 - - [23/Jan/2023:11:27:06 +0800] "GET /xingrg/all/function/internal_message.html?_=1674444437295&CODE_STATE=getMsg HTTP/1.1" 200 27
222.70.181.49 - - [23/Jan/2023:11:27:11 +0800] "GET /xingrg/all/function/internal_message.html?_=1674444442005&CODE_STATE=getMsg HTTP/1.1" 200 27
116.235.244.242 - - [23/Jan/2023:11:27:14 +0800] "GET /xingrg/all/function/internal_message.html?_=1674444449144&CODE_STATE=getMsg HTTP/1.1" 200 27
116.238.139.35 - - [23/Jan/2023:11:27:15 +0800] "GET /xingrg/all/function/internal_message.html?_=1674444369632&CODE_STATE=getMsg HTTP/1.1" 200 27
124.78.154.177 - - [23/Jan/2023:11:27:23 +0800] "GET /xingrg/all/function/internal_message.html?_=1674444456409&CODE_STATE=getMsg HTTP/1.1" 200 27
180.157.253.110 - - [23/Jan/2023:11:27:34 +0800] "GET /xingrg/all/function/internal_message.html?_=1674444466474&CODE_STATE=getMsg HTTP/1.1" 200 27
116.238.139.35 - - [23/Jan/2023:11:27:37 +0800] "GET /xingrg/all/function/internal_message.html?_=1674444469719&CODE_STATE=getMsg HTTP/1.1" 200 27
222.64.59.33 - - [23/Jan/2023:11:27:42 +0800] "POST /xingrg/services/DataTransmitService HTTP/1.1" 200 524
116.235.244.242 - - [23/Jan/2023:11:27:55 +0800] "GET /xingrg/check_reg.html?_=1674444490127 HTTP/1.1" 200 22
114.88.159.190 - - [23/Jan/2023:11:27:55 +0800] "GET /xingrg/all/function/internal_message.html?_=1674444063636&CODE_STATE=getMsg HTTP/1.1" 200 27
116.192.124.172 - - [23/Jan/2023:11:28:04 +0800] "GET /xingrg/all/function/internal_message.html?_=1674444494215&CODE_STATE=getMsg HTTP/1.1" 200 27
101.83.145.75 - - [23/Jan/2023:11:28:06 +0800] "GET /xingrg/all/function/internal_message.html?_=1674444497276&CODE_STATE=getMsg HTTP/1.1" 200 27
116.238.139.35 - - [23/Jan/2023:11:28:11 +0800] "GET /xingrg/check_reg.html?_=1674444425559 HTTP/1.1" 200 22
222.70.181.49 - - [23/Jan/2023:11:28:11 +0800] "GET /xingrg/all/function/internal_message.html?_=1674444501999&CODE_STATE=getMsg HTTP/1.1" 200 27
116.235.244.242 - - [23/Jan/2023:11:28:14 +0800] "GET /xingrg/all/function/internal_message.html?_=1674444509159&CODE_STATE=getMsg HTTP/1.1" 200 27
116.238.139.35 - - [23/Jan/2023:11:28:15 +0800] "GET /xingrg/all/function/internal_message.html?_=1674444429647&CODE_STATE=getMsg HTTP/1.1" 200 27
124.78.154.177 - - [23/Jan/2023:11:28:23 +0800] "GET /xingrg/all/function/internal_message.html?_=1674444516404&CODE_STATE=getMsg HTTP/1.1" 200 27
180.157.253.110 - - [23/Jan/2023:11:28:34 +0800] "GET /xingrg/check_reg.html?_=1674444526474 HTTP/1.1" 200 22
180.157.253.110 - - [23/Jan/2023:11:28:34 +0800] "GET /xingrg/all/function/internal_message.html?_=1674444526480&CODE_STATE=getMsg HTTP/1.1" 200 27
116.238.139.35 - - [23/Jan/2023:11:28:37 +0800] "GET /xingrg/all/function/internal_message.html?_=1674444529719&CODE_STATE=getMsg HTTP/1.1" 200 27
114.88.159.190 - - [23/Jan/2023:11:28:55 +0800] "GET /xingrg/all/function/internal_message.html?_=1674444123634&CODE_STATE=getMsg HTTP/1.1" 200 27
116.192.124.172 - - [23/Jan/2023:11:29:04 +0800] "GET /xingrg/all/function/internal_message.html?_=1674444554211&CODE_STATE=getMsg HTTP/1.1" 200 27
101.83.145.75 - - [23/Jan/2023:11:29:06 +0800] "GET /xingrg/all/function/internal_message.html?_=1674444557244&CODE_STATE=getMsg HTTP/1.1" 200 27
222.70.181.49 - - [23/Jan/2023:11:29:11 +0800] "GET /xingrg/all/function/internal_message.html?_=1674444562006&CODE_STATE=getMsg HTTP/1.1" 200 27
116.235.244.242 - - [23/Jan/2023:11:29:14 +0800] "GET /xingrg/all/function/internal_message.html?_=1674444569174&CODE_STATE=getMsg HTTP/1.1" 200 27
116.238.139.35 - - [23/Jan/2023:11:29:15 +0800] "GET /xingrg/all/function/internal_message.html?_=1674444489661&CODE_STATE=getMsg HTTP/1.1" 200 27
124.78.154.177 - - [23/Jan/2023:11:29:23 +0800] "GET /xingrg/all/function/internal_message.html?_=1674444576404&CODE_STATE=getMsg HTTP/1.1" 200 27
180.157.253.110 - - [23/Jan/2023:11:29:34 +0800] "GET /xingrg/all/function/internal_message.html?_=1674444586464&CODE_STATE=getMsg HTTP/1.1" 200 27
116.238.139.35 - - [23/Jan/2023:11:29:37 +0800] "GET /xingrg/all/function/internal_message.html?_=1674444589720&CODE_STATE=getMsg HTTP/1.1" 200 27
180.169.147.146 - - [23/Jan/2023:11:29:38 +0800] "GET /xingrg/check_reg.html?_=1674444590771 HTTP/1.1" 200 22
114.88.159.190 - - [23/Jan/2023:11:29:55 +0800] "GET /xingrg/check_reg.html?_=1674444183632 HTTP/1.1" 200 22
114.88.159.190 - - [23/Jan/2023:11:29:55 +0800] "GET /xingrg/all/function/internal_message.html?_=1674444183633&CODE_STATE=getMsg HTTP/1.1" 200 27
116.192.124.172 - - [23/Jan/2023:11:30:04 +0800] "GET /xingrg/all/function/internal_message.html?_=1674444614204&CODE_STATE=getMsg HTTP/1.1" 200 27
101.83.145.75 - - [23/Jan/2023:11:30:06 +0800] "GET /xingrg/all/function/internal_message.html?_=1674444617226&CODE_STATE=getMsg HTTP/1.1" 200 27
222.70.181.49 - - [23/Jan/2023:11:30:11 +0800] "GET /xingrg/check_reg.html?_=1674444621996 HTTP/1.1" 200 22
222.70.181.49 - - [23/Jan/2023:11:30:11 +0800] "GET /xingrg/all/function/internal_message.html?_=1674444622001&CODE_STATE=getMsg HTTP/1.1" 200 27
116.235.244.242 - - [23/Jan/2023:11:30:14 +0800] "GET /xingrg/all/function/internal_message.html?_=1674444629198&CODE_STATE=getMsg HTTP/1.1" 200 27
116.238.139.35 - - [23/Jan/2023:11:30:15 +0800] "GET /xingrg/all/function/internal_message.html?_=1674444549707&CODE_STATE=getMsg HTTP/1.1" 200 27
124.78.154.177 - - [23/Jan/2023:11:30:23 +0800] "GET /xingrg/all/function/internal_message.html?_=1674444636404&CODE_STATE=getMsg HTTP/1.1" 200 27
180.157.253.110 - - [23/Jan/2023:11:30:34 +0800] "GET /xingrg/all/function/internal_message.html?_=1674444646465&CODE_STATE=getMsg HTTP/1.1" 200 27
116.238.139.35 - - [23/Jan/2023:11:30:37 +0800] "GET /xingrg/all/function/internal_message.html?_=1674444649727&CODE_STATE=getMsg HTTP/1.1" 200 27
114.88.159.190 - - [23/Jan/2023:11:30:55 +0800] "GET /xingrg/all/function/internal_message.html?_=1674444243632&CODE_STATE=getMsg HTTP/1.1" 200 27
116.192.124.172 - - [23/Jan/2023:11:31:04 +0800] "GET /xingrg/all/function/internal_message.html?_=1674444674199&CODE_STATE=getMsg HTTP/1.1" 200 27
116.192.124.172 - - [23/Jan/2023:11:31:04 +0800] "GET /xingrg/check_reg.html?_=1674444674401 HTTP/1.1" 200 22
101.83.145.75 - - [23/Jan/2023:11:31:06 +0800] "GET /xingrg/all/function/internal_message.html?_=1674444677200&CODE_STATE=getMsg HTTP/1.1" 200 27
222.70.181.49 - - [23/Jan/2023:11:31:11 +0800] "GET /xingrg/all/function/internal_message.html?_=1674444682005&CODE_STATE=getMsg HTTP/1.1" 200 27
116.235.244.242 - - [23/Jan/2023:11:31:14 +0800] "GET /xingrg/all/function/internal_message.html?_=1674444689201&CODE_STATE=getMsg HTTP/1.1" 200 27
116.238.139.35 - - [23/Jan/2023:11:31:15 +0800] "GET /xingrg/all/function/internal_message.html?_=1674444609718&CODE_STATE=getMsg HTTP/1.1" 200 27
124.78.154.177 - - [23/Jan/2023:11:31:23 +0800] "GET /xingrg/check_reg.html?_=1674444696404 HTTP/1.1" 200 22
124.78.154.177 - - [23/Jan/2023:11:31:23 +0800] "GET /xingrg/all/function/internal_message.html?_=1674444696402&CODE_STATE=getMsg HTTP/1.1" 200 27
180.157.253.110 - - [23/Jan/2023:11:31:34 +0800] "GET /xingrg/all/function/internal_message.html?_=1674444706494&CODE_STATE=getMsg HTTP/1.1" 200 27
116.238.139.35 - - [23/Jan/2023:11:31:37 +0800] "GET /xingrg/check_reg.html?_=1674444709730 HTTP/1.1" 200 22
116.238.139.35 - - [23/Jan/2023:11:31:37 +0800] "GET /xingrg/all/function/internal_message.html?_=1674444709733&CODE_STATE=getMsg HTTP/1.1" 200 27
114.88.159.190 - - [23/Jan/2023:11:31:55 +0800] "GET /xingrg/all/function/internal_message.html?_=1674444303631&CODE_STATE=getMsg HTTP/1.1" 200 27
116.192.124.172 - - [23/Jan/2023:11:32:04 +0800] "GET /xingrg/all/function/internal_message.html?_=1674444734194&CODE_STATE=getMsg HTTP/1.1" 200 27
101.83.145.75 - - [23/Jan/2023:11:32:05 +0800] "GET /xingrg/check_reg.html?_=1674444736097 HTTP/1.1" 200 22
101.83.145.75 - - [23/Jan/2023:11:32:06 +0800] "GET /xingrg/all/function/internal_message.html?_=1674444737177&CODE_STATE=getMsg HTTP/1.1" 200 27
222.70.181.49 - - [23/Jan/2023:11:32:11 +0800] "GET /xingrg/all/function/internal_message.html?_=1674444741996&CODE_STATE=getMsg HTTP/1.1" 200 27
116.235.244.242 - - [23/Jan/2023:11:32:14 +0800] "GET /xingrg/all/function/internal_message.html?_=1674444749227&CODE_STATE=getMsg HTTP/1.1" 200 27
116.238.139.35 - - [23/Jan/2023:11:32:15 +0800] "GET /xingrg/all/function/internal_message.html?_=1674444669765&CODE_STATE=getMsg HTTP/1.1" 200 27
124.78.154.177 - - [23/Jan/2023:11:32:23 +0800] "GET /xingrg/all/function/internal_message.html?_=1674444756402&CODE_STATE=getMsg HTTP/1.1" 200 27
180.157.253.110 - - [23/Jan/2023:11:32:34 +0800] "GET /xingrg/all/function/internal_message.html?_=1674444766495&CODE_STATE=getMsg HTTP/1.1" 200 27
116.238.139.35 - - [23/Jan/2023:11:32:37 +0800] "GET /xingrg/all/function/internal_message.html?_=1674444769720&CODE_STATE=getMsg HTTP/1.1" 200 27
116.235.244.242 - - [23/Jan/2023:11:32:55 +0800] "GET /xingrg/check_reg.html?_=1674444790133 HTTP/1.1" 200 22
114.88.159.190 - - [23/Jan/2023:11:32:55 +0800] "GET /xingrg/all/function/internal_message.html?_=1674444363629&CODE_STATE=getMsg HTTP/1.1" 200 27
116.192.124.172 - - [23/Jan/2023:11:33:04 +0800] "GET /xingrg/all/function/internal_message.html?_=1674444794167&CODE_STATE=getMsg HTTP/1.1" 200 27
101.83.145.75 - - [23/Jan/2023:11:33:06 +0800] "GET /xingrg/all/function/internal_message.html?_=1674444797149&CODE_STATE=getMsg HTTP/1.1" 200 27
116.238.139.35 - - [23/Jan/2023:11:33:11 +0800] "GET /xingrg/check_reg.html?_=1674444725564 HTTP/1.1" 200 22
222.70.181.49 - - [23/Jan/2023:11:33:11 +0800] "GET /xingrg/all/function/internal_message.html?_=1674444801992&CODE_STATE=getMsg HTTP/1.1" 200 27
116.235.244.242 - - [23/Jan/2023:11:33:14 +0800] "GET /xingrg/all/function/internal_message.html?_=1674444809243&CODE_STATE=getMsg HTTP/1.1" 200 27
116.238.139.35 - - [23/Jan/2023:11:33:15 +0800] "GET /xingrg/all/function/internal_message.html?_=1674444729776&CODE_STATE=getMsg HTTP/1.1" 200 27
124.78.154.177 - - [23/Jan/2023:11:33:23 +0800] "GET /xingrg/all/function/internal_message.html?_=1674444816403&CODE_STATE=getMsg HTTP/1.1" 200 27
180.157.253.110 - - [23/Jan/2023:11:33:34 +0800] "GET /xingrg/check_reg.html?_=1674444826504 HTTP/1.1" 200 22
180.157.253.110 - - [23/Jan/2023:11:33:34 +0800] "GET /xingrg/all/function/internal_message.html?_=1674444826498&CODE_STATE=getMsg HTTP/1.1" 200 27
116.238.139.35 - - [23/Jan/2023:11:33:37 +0800] "GET /xingrg/all/function/internal_message.html?_=1674444829721&CODE_STATE=getMsg HTTP/1.1" 200 27
114.88.159.190 - - [23/Jan/2023:11:33:55 +0800] "GET /xingrg/all/function/internal_message.html?_=1674444423628&CODE_STATE=getMsg HTTP/1.1" 200 27
116.192.124.172 - - [23/Jan/2023:11:34:04 +0800] "GET /xingrg/all/function/internal_message.html?_=1674444854158&CODE_STATE=getMsg HTTP/1.1" 200 27
101.83.145.75 - - [23/Jan/2023:11:34:06 +0800] "GET /xingrg/all/function/internal_message.html?_=1674444857127&CODE_STATE=getMsg HTTP/1.1" 200 27
222.70.181.49 - - [23/Jan/2023:11:34:11 +0800] "GET /xingrg/all/function/internal_message.html?_=1674444862006&CODE_STATE=getMsg HTTP/1.1" 200 27
116.235.244.242 - - [23/Jan/2023:11:34:14 +0800] "GET /xingrg/all/function/internal_message.html?_=1674444869257&CODE_STATE=getMsg HTTP/1.1" 200 27
116.238.139.35 - - [23/Jan/2023:11:34:15 +0800] "GET /xingrg/all/function/internal_message.html?_=1674444789790&CODE_STATE=getMsg HTTP/1.1" 200 27
124.78.154.177 - - [23/Jan/2023:11:34:23 +0800] "GET /xingrg/all/function/internal_message.html?_=1674444876427&CODE_STATE=getMsg HTTP/1.1" 200 27
180.157.253.110 - - [23/Jan/2023:11:34:34 +0800] "GET /xingrg/all/function/internal_message.html?_=1674444886515&CODE_STATE=getMsg HTTP/1.1" 200 27
116.238.139.35 - - [23/Jan/2023:11:34:37 +0800] "GET /xingrg/all/function/internal_message.html?_=1674444889723&CODE_STATE=getMsg HTTP/1.1" 200 27
180.169.147.146 - - [23/Jan/2023:11:34:38 +0800] "GET /xingrg/check_reg.html?_=1674444890744 HTTP/1.1" 200 22
114.88.159.190 - - [23/Jan/2023:11:34:55 +0800] "GET /xingrg/all/function/internal_message.html?_=1674444483627&CODE_STATE=getMsg HTTP/1.1" 200 27
114.88.159.190 - - [23/Jan/2023:11:34:55 +0800] "GET /xingrg/check_reg.html?_=1674444483628 HTTP/1.1" 200 22
116.192.124.172 - - [23/Jan/2023:11:35:04 +0800] "GET /xingrg/all/function/internal_message.html?_=1674444914129&CODE_STATE=getMsg HTTP/1.1" 200 27
101.83.145.75 - - [23/Jan/2023:11:35:06 +0800] "GET /xingrg/all/function/internal_message.html?_=1674444917106&CODE_STATE=getMsg HTTP/1.1" 200 27
222.70.181.49 - - [23/Jan/2023:11:35:11 +0800] "GET /xingrg/check_reg.html?_=1674444922001 HTTP/1.1" 200 22
222.70.181.49 - - [23/Jan/2023:11:35:11 +0800] "GET /xingrg/all/function/internal_message.html?_=1674444922004&CODE_STATE=getMsg HTTP/1.1" 200 27
116.235.244.242 - - [23/Jan/2023:11:35:14 +0800] "GET /xingrg/all/function/internal_message.html?_=1674444929282&CODE_STATE=getMsg HTTP/1.1" 200 27
116.238.139.35 - - [23/Jan/2023:11:35:15 +0800] "GET /xingrg/all/function/internal_message.html?_=1674444849839&CODE_STATE=getMsg HTTP/1.1" 200 27
124.78.154.177 - - [23/Jan/2023:11:35:23 +0800] "GET /xingrg/all/function/internal_message.html?_=1674444936427&CODE_STATE=getMsg HTTP/1.1" 200 27
180.157.253.110 - - [23/Jan/2023:11:35:34 +0800] "GET /xingrg/all/function/internal_message.html?_=1674444946505&CODE_STATE=getMsg HTTP/1.1" 200 27
116.238.139.35 - - [23/Jan/2023:11:35:37 +0800] "GET /xingrg/all/function/internal_message.html?_=1674444949724&CODE_STATE=getMsg HTTP/1.1" 200 27
114.88.159.190 - - [23/Jan/2023:11:35:55 +0800] "GET /xingrg/all/function/internal_message.html?_=1674444543627&CODE_STATE=getMsg HTTP/1.1" 200 27
116.192.124.172 - - [23/Jan/2023:11:36:04 +0800] "GET /xingrg/all/function/internal_message.html?_=1674444974118&CODE_STATE=getMsg HTTP/1.1" 200 27
116.192.124.172 - - [23/Jan/2023:11:36:04 +0800] "GET /xingrg/check_reg.html?_=1674444974399 HTTP/1.1" 200 22
101.83.145.75 - - [23/Jan/2023:11:36:06 +0800] "GET /xingrg/all/function/internal_message.html?_=1674444977074&CODE_STATE=getMsg HTTP/1.1" 200 27
222.70.181.49 - - [23/Jan/2023:11:36:11 +0800] "GET /xingrg/all/function/internal_message.html?_=1674444982024&CODE_STATE=getMsg HTTP/1.1" 200 27
116.235.244.242 - - [23/Jan/2023:11:36:14 +0800] "GET /xingrg/all/function/internal_message.html?_=1674444989300&CODE_STATE=getMsg HTTP/1.1" 200 27
