222.70.183.204 - - [21/Jan/2023:14:27:38 +0800] "GET /xingrg/all/function/internal_message.html?_=1674282472481&CODE_STATE=getMsg HTTP/1.1" 200 27
116.235.93.82 - - [21/Jan/2023:14:27:49 +0800] "GET /xingrg/kc/buy/cgsh_order_operate.html?command=get_materiel&rest_code=00104&code=00101001136&supplier_code=00100312&order_time=2023-01-21 HTTP/1.1" 200 413
116.230.105.139 - - [21/Jan/2023:14:27:52 +0800] "GET /xingrg/all/function/internal_message.html?_=1674282411540&CODE_STATE=getMsg HTTP/1.1" 200 27
101.83.145.75 - - [21/Jan/2023:14:27:58 +0800] "GET /xingrg/check_reg.html?_=1674282491495 HTTP/1.1" 200 22
101.83.145.75 - - [21/Jan/2023:14:27:58 +0800] "GET /xingrg/all/function/internal_message.html?_=1674282491499&CODE_STATE=getMsg HTTP/1.1" 200 27
180.169.147.146 - - [21/Jan/2023:14:28:03 +0800] "GET /xingrg/all/function/internal_message.html?_=1674282501536&CODE_STATE=getMsg HTTP/1.1" 200 27
58.221.95.50 - - [21/Jan/2023:14:28:07 +0800] "GET /xingrg/all/function/internal_message.html?_=1674282499627&CODE_STATE=getMsg HTTP/1.1" 200 27
116.235.93.82 - - [21/Jan/2023:14:28:08 +0800] "GET /xingrg/kc/buy/cgsh_order_operate.html?command=get_materiel&rest_code=00104&code=00101001029&supplier_code=00100312&order_time=2023-01-21 HTTP/1.1" 200 432
116.235.244.242 - - [21/Jan/2023:14:28:11 +0800] "GET /xingrg/all/function/internal_message.html?_=1674282526001&CODE_STATE=getMsg HTTP/1.1" 200 27
116.230.105.139 - - [21/Jan/2023:14:28:12 +0800] "GET /xingrg/check_reg.html?_=1674282432164 HTTP/1.1" 200 22
116.235.93.82 - - [21/Jan/2023:14:28:13 +0800] "GET /xingrg/all/function/internal_message.html?_=1674282745689&CODE_STATE=getMsg HTTP/1.1" 200 27
180.162.115.82 - - [21/Jan/2023:14:28:17 +0800] "GET /xingrg/all/function/internal_message.html?_=1674281478703&CODE_STATE=getMsg HTTP/1.1" 200 27
116.238.139.35 - - [21/Jan/2023:14:28:22 +0800] "GET /xingrg/all/function/internal_message.html?_=1674282439549&CODE_STATE=getMsg HTTP/1.1" 200 27
124.78.154.177 - - [21/Jan/2023:14:28:23 +0800] "GET /xingrg/check_reg.html?_=1674282516422 HTTP/1.1" 200 22
124.78.154.177 - - [21/Jan/2023:14:28:23 +0800] "GET /xingrg/all/function/internal_message.html?_=1674282516423&CODE_STATE=getMsg HTTP/1.1" 200 27
180.157.253.110 - - [21/Jan/2023:14:28:31 +0800] "GET /xingrg/check_reg.html?_=1674282523888 HTTP/1.1" 200 22
180.157.253.110 - - [21/Jan/2023:14:28:31 +0800] "GET /xingrg/all/function/internal_message.html?_=1674282523882&CODE_STATE=getMsg HTTP/1.1" 200 27
222.70.183.204 - - [21/Jan/2023:14:28:31 +0800] "GET /xingrg/all/function/internal_message.html?_=1674282520756&CODE_STATE=getMsg HTTP/1.1" 200 27
116.238.139.35 - - [21/Jan/2023:14:28:32 +0800] "GET /xingrg/all/function/internal_message.html?_=1674282525290&CODE_STATE=getMsg HTTP/1.1" 200 27
124.79.72.155 - - [21/Jan/2023:14:28:33 +0800] "GET /xingrg/all/function/internal_message.html?_=1674282526530&CODE_STATE=getMsg HTTP/1.1" 200 27
58.221.95.50 - - [21/Jan/2023:14:28:37 +0800] "GET /xingrg/check_reg.html?_=1674282530154 HTTP/1.1" 200 22
222.70.183.204 - - [21/Jan/2023:14:28:38 +0800] "GET /xingrg/all/function/internal_message.html?_=1674282532483&CODE_STATE=getMsg HTTP/1.1" 200 27
116.235.93.82 - - [21/Jan/2023:14:28:50 +0800] "POST /xingrg/kc/buy/cgsh_order_operate.html HTTP/1.1" 200 37
116.235.93.82 - - [21/Jan/2023:14:28:51 +0800] "POST /xingrg/kc/buy/cgsh_order_operate.html HTTP/1.1" 200 9232
116.230.105.139 - - [21/Jan/2023:14:28:52 +0800] "GET /xingrg/all/function/internal_message.html?_=1674282471518&CODE_STATE=getMsg HTTP/1.1" 200 27
116.235.93.82 - - [21/Jan/2023:14:28:53 +0800] "GET /xingrg/kc/print/load_data.html?order_code=212023012106670&kc_code=cgsh&condition= HTTP/1.1" 200 3200
116.235.93.82 - - [21/Jan/2023:14:28:56 +0800] "GET /xingrg/kc/buy/cgsh_order_add.html HTTP/1.1" 200 69743
116.235.93.82 - - [21/Jan/2023:14:28:57 +0800] "GET /xingrg/javascript/easyui/themes/default/validatebox.css HTTP/1.1" 404 1104
116.235.93.82 - - [21/Jan/2023:14:28:57 +0800] "POST /xingrg/kc/buy/cgsh_order_operate.html HTTP/1.1" 200 8245
101.83.145.75 - - [21/Jan/2023:14:28:58 +0800] "GET /xingrg/all/function/internal_message.html?_=1674282551498&CODE_STATE=getMsg HTTP/1.1" 200 27
180.169.147.146 - - [21/Jan/2023:14:29:03 +0800] "GET /xingrg/all/function/internal_message.html?_=1674282561518&CODE_STATE=getMsg HTTP/1.1" 200 27
58.221.95.50 - - [21/Jan/2023:14:29:07 +0800] "GET /xingrg/all/function/internal_message.html?_=1674282559620&CODE_STATE=getMsg HTTP/1.1" 200 27
116.235.244.242 - - [21/Jan/2023:14:29:11 +0800] "GET /xingrg/all/function/internal_message.html?_=1674282586009&CODE_STATE=getMsg HTTP/1.1" 200 27
116.235.93.82 - - [21/Jan/2023:14:29:13 +0800] "GET /xingrg/kc/buy/cgsh_order_operate.html?command=get_materiel&rest_code=00104&code=00101002006&supplier_code=00100091&order_time=2023-01-21 HTTP/1.1" 200 430
116.235.93.82 - - [21/Jan/2023:14:29:13 +0800] "GET /xingrg/all/function/internal_message.html?_=1674282805663&CODE_STATE=getMsg HTTP/1.1" 200 27
180.162.115.82 - - [21/Jan/2023:14:29:17 +0800] "GET /xingrg/all/function/internal_message.html?_=1674281538703&CODE_STATE=getMsg HTTP/1.1" 200 27
116.238.139.35 - - [21/Jan/2023:14:29:19 +0800] "GET /xingrg/check_reg.html?_=1674282496710 HTTP/1.1" 200 22
116.238.139.35 - - [21/Jan/2023:14:29:22 +0800] "GET /xingrg/all/function/internal_message.html?_=1674282499563&CODE_STATE=getMsg HTTP/1.1" 200 27
124.78.154.177 - - [21/Jan/2023:14:29:23 +0800] "GET /xingrg/all/function/internal_message.html?_=1674282576421&CODE_STATE=getMsg HTTP/1.1" 200 27
180.157.253.110 - - [21/Jan/2023:14:29:31 +0800] "GET /xingrg/all/function/internal_message.html?_=1674282583888&CODE_STATE=getMsg HTTP/1.1" 200 27
222.70.183.204 - - [21/Jan/2023:14:29:31 +0800] "GET /xingrg/all/function/internal_message.html?_=1674282580756&CODE_STATE=getMsg HTTP/1.1" 200 27
116.238.139.35 - - [21/Jan/2023:14:29:32 +0800] "GET /xingrg/all/function/internal_message.html?_=1674282585291&CODE_STATE=getMsg HTTP/1.1" 200 27
124.79.72.155 - - [21/Jan/2023:14:29:33 +0800] "GET /xingrg/all/function/internal_message.html?_=1674282586538&CODE_STATE=getMsg HTTP/1.1" 200 27
124.79.72.155 - - [21/Jan/2023:14:29:33 +0800] "GET /xingrg/check_reg.html?_=1674282586540 HTTP/1.1" 200 22
222.70.183.204 - - [21/Jan/2023:14:29:38 +0800] "GET /xingrg/check_reg.html?_=1674282592486 HTTP/1.1" 200 22
222.70.183.204 - - [21/Jan/2023:14:29:38 +0800] "GET /xingrg/all/function/internal_message.html?_=1674282592482&CODE_STATE=getMsg HTTP/1.1" 200 27
116.235.93.82 - - [21/Jan/2023:14:29:49 +0800] "GET /xingrg/kc/buy/cgsh_order_operate.html?command=get_materiel&rest_code=00104&code=00101002034&supplier_code=00100091&order_time=2023-01-21 HTTP/1.1" 200 424
116.230.105.139 - - [21/Jan/2023:14:29:51 +0800] "GET /xingrg/all/function/internal_message.html?_=1674282531492&CODE_STATE=getMsg HTTP/1.1" 200 27
101.83.145.75 - - [21/Jan/2023:14:29:58 +0800] "GET /xingrg/all/function/internal_message.html?_=1674282611498&CODE_STATE=getMsg HTTP/1.1" 200 27
116.235.93.82 - - [21/Jan/2023:14:29:58 +0800] "POST /xingrg/kc/buy/cgsh_order_operate.html HTTP/1.1" 200 37
116.235.93.82 - - [21/Jan/2023:14:29:59 +0800] "POST /xingrg/kc/buy/cgsh_order_operate.html HTTP/1.1" 200 3252
116.235.93.82 - - [21/Jan/2023:14:30:00 +0800] "GET /xingrg/kc/print/load_data.html?order_code=212023012106671&kc_code=cgsh&condition= HTTP/1.1" 200 977
180.169.147.146 - - [21/Jan/2023:14:30:03 +0800] "GET /xingrg/all/function/internal_message.html?_=1674282621501&CODE_STATE=getMsg HTTP/1.1" 200 27
180.169.147.146 - - [21/Jan/2023:14:30:05 +0800] "GET /xingrg/check_reg.html?_=1674282622656 HTTP/1.1" 200 22
58.221.95.50 - - [21/Jan/2023:14:30:07 +0800] "GET /xingrg/all/function/internal_message.html?_=1674282619618&CODE_STATE=getMsg HTTP/1.1" 200 27
116.235.244.242 - - [21/Jan/2023:14:30:09 +0800] "GET /xingrg/check_reg.html?_=1674282644210 HTTP/1.1" 200 22
116.235.244.242 - - [21/Jan/2023:14:30:11 +0800] "GET /xingrg/all/function/internal_message.html?_=1674282646021&CODE_STATE=getMsg HTTP/1.1" 200 27
116.235.93.82 - - [21/Jan/2023:14:30:13 +0800] "GET /xingrg/all/function/internal_message.html?_=1674282865636&CODE_STATE=getMsg HTTP/1.1" 200 27
180.162.115.82 - - [21/Jan/2023:14:30:17 +0800] "GET /xingrg/all/function/internal_message.html?_=1674281598719&CODE_STATE=getMsg HTTP/1.1" 200 27
116.238.139.35 - - [21/Jan/2023:14:30:22 +0800] "GET /xingrg/all/function/internal_message.html?_=1674282559577&CODE_STATE=getMsg HTTP/1.1" 200 27
124.78.154.177 - - [21/Jan/2023:14:30:23 +0800] "GET /xingrg/all/function/internal_message.html?_=1674282636421&CODE_STATE=getMsg HTTP/1.1" 200 27
180.157.253.110 - - [21/Jan/2023:14:30:31 +0800] "GET /xingrg/all/function/internal_message.html?_=1674282643890&CODE_STATE=getMsg HTTP/1.1" 200 27
222.70.183.204 - - [21/Jan/2023:14:30:31 +0800] "GET /xingrg/check_reg.html?_=1674282640754 HTTP/1.1" 200 22
222.70.183.204 - - [21/Jan/2023:14:30:31 +0800] "GET /xingrg/all/function/internal_message.html?_=1674282640757&CODE_STATE=getMsg HTTP/1.1" 200 27
116.238.139.35 - - [21/Jan/2023:14:30:32 +0800] "GET /xingrg/all/function/internal_message.html?_=1674282645292&CODE_STATE=getMsg HTTP/1.1" 200 27
124.79.72.155 - - [21/Jan/2023:14:30:33 +0800] "GET /xingrg/all/function/internal_message.html?_=1674282646094&CODE_STATE=getMsg HTTP/1.1" 200 27
124.79.72.155 - - [21/Jan/2023:14:30:36 +0800] "POST /xingrg/kc/buy/cgsh_list_operate.html HTTP/1.1" 200 5462
222.70.183.204 - - [21/Jan/2023:14:30:38 +0800] "GET /xingrg/all/function/internal_message.html?_=1674282652486&CODE_STATE=getMsg HTTP/1.1" 200 27
124.79.72.155 - - [21/Jan/2023:14:30:40 +0800] "POST /xingrg/kc/buy/cgsh_list_operate.html HTTP/1.1" 200 578
124.79.72.155 - - [21/Jan/2023:14:30:40 +0800] "GET /xingrg/kc/buy/cgsh_order_info.html?code=212023012006468 HTTP/1.1" 200 64681
124.79.72.155 - - [21/Jan/2023:14:30:41 +0800] "GET /xingrg/javascript/easyui/themes/default/validatebox.css HTTP/1.1" 404 1104
124.79.72.155 - - [21/Jan/2023:14:30:41 +0800] "POST /xingrg/kc/buy/cgsh_order_operate.html HTTP/1.1" 200 19016
124.79.72.155 - - [21/Jan/2023:14:30:44 +0800] "GET /xingrg/kc/print/load_config.html?kc_code=cgsh HTTP/1.1" 200 1943
124.79.72.155 - - [21/Jan/2023:14:30:44 +0800] "GET /xingrg/kc/print/load_data.html?order_code=212023012006468&kc_code=cgsh HTTP/1.1" 200 7752
116.235.93.82 - - [21/Jan/2023:14:30:46 +0800] "GET /xingrg/check_reg.html?_=1674282898651 HTTP/1.1" 200 22
116.230.105.139 - - [21/Jan/2023:14:30:51 +0800] "GET /xingrg/all/function/internal_message.html?_=1674282591466&CODE_STATE=getMsg HTTP/1.1" 200 27
124.79.72.155 - - [21/Jan/2023:14:30:53 +0800] "POST /xingrg/kc/buy/cgsh_list_operate.html HTTP/1.1" 200 5462
101.83.145.75 - - [21/Jan/2023:14:30:58 +0800] "GET /xingrg/all/function/internal_message.html?_=1674282671498&CODE_STATE=getMsg HTTP/1.1" 200 27
180.169.147.146 - - [21/Jan/2023:14:31:03 +0800] "GET /xingrg/all/function/internal_message.html?_=1674282681485&CODE_STATE=getMsg HTTP/1.1" 200 27
58.221.95.50 - - [21/Jan/2023:14:31:07 +0800] "GET /xingrg/all/function/internal_message.html?_=1674282679601&CODE_STATE=getMsg HTTP/1.1" 200 27
116.235.244.242 - - [21/Jan/2023:14:31:11 +0800] "GET /xingrg/all/function/internal_message.html?_=1674282706035&CODE_STATE=getMsg HTTP/1.1" 200 27
116.235.93.82 - - [21/Jan/2023:14:31:13 +0800] "GET /xingrg/all/function/internal_message.html?_=1674282925607&CODE_STATE=getMsg HTTP/1.1" 200 27
180.162.115.82 - - [21/Jan/2023:14:31:17 +0800] "GET /xingrg/all/function/internal_message.html?_=1674281658704&CODE_STATE=getMsg HTTP/1.1" 200 27
116.238.139.35 - - [21/Jan/2023:14:31:22 +0800] "GET /xingrg/all/function/internal_message.html?_=1674282619590&CODE_STATE=getMsg HTTP/1.1" 200 27
124.78.154.177 - - [21/Jan/2023:14:31:23 +0800] "GET /xingrg/all/function/internal_message.html?_=1674282696421&CODE_STATE=getMsg HTTP/1.1" 200 27
180.157.253.110 - - [21/Jan/2023:14:31:31 +0800] "GET /xingrg/all/function/internal_message.html?_=1674282703893&CODE_STATE=getMsg HTTP/1.1" 200 27
222.70.183.204 - - [21/Jan/2023:14:31:31 +0800] "GET /xingrg/all/function/internal_message.html?_=1674282700758&CODE_STATE=getMsg HTTP/1.1" 200 27
116.238.139.35 - - [21/Jan/2023:14:31:32 +0800] "GET /xingrg/check_reg.html?_=1674282705294 HTTP/1.1" 200 22
116.238.139.35 - - [21/Jan/2023:14:31:32 +0800] "GET /xingrg/all/function/internal_message.html?_=1674282705298&CODE_STATE=getMsg HTTP/1.1" 200 27
124.79.72.155 - - [21/Jan/2023:14:31:33 +0800] "GET /xingrg/all/function/internal_message.html?_=1674282706528&CODE_STATE=getMsg HTTP/1.1" 200 27
222.70.183.204 - - [21/Jan/2023:14:31:38 +0800] "GET /xingrg/all/function/internal_message.html?_=1674282712484&CODE_STATE=getMsg HTTP/1.1" 200 27
116.230.105.139 - - [21/Jan/2023:14:31:51 +0800] "GET /xingrg/all/function/internal_message.html?_=1674282651438&CODE_STATE=getMsg HTTP/1.1" 200 27
101.83.145.75 - - [21/Jan/2023:14:31:58 +0800] "GET /xingrg/all/function/internal_message.html?_=1674282731523&CODE_STATE=getMsg HTTP/1.1" 200 27
180.169.147.146 - - [21/Jan/2023:14:32:03 +0800] "GET /xingrg/all/function/internal_message.html?_=1674282741469&CODE_STATE=getMsg HTTP/1.1" 200 27
58.221.95.50 - - [21/Jan/2023:14:32:07 +0800] "GET /xingrg/all/function/internal_message.html?_=1674282739590&CODE_STATE=getMsg HTTP/1.1" 200 27
116.235.244.242 - - [21/Jan/2023:14:32:11 +0800] "GET /xingrg/all/function/internal_message.html?_=1674282766049&CODE_STATE=getMsg HTTP/1.1" 200 27
124.79.72.155 - - [21/Jan/2023:14:32:13 +0800] "POST /xingrg/kc/buy/cgsh_list_operate.html HTTP/1.1" 200 276
116.235.93.82 - - [21/Jan/2023:14:32:13 +0800] "GET /xingrg/all/function/internal_message.html?_=1674282985580&CODE_STATE=getMsg HTTP/1.1" 200 27
124.79.72.155 - - [21/Jan/2023:14:32:14 +0800] "GET /xingrg/kc/buy/cgsh_order_info.html?code=212023012006473 HTTP/1.1" 200 64685
124.79.72.155 - - [21/Jan/2023:14:32:14 +0800] "GET /xingrg/javascript/easyui/themes/default/validatebox.css HTTP/1.1" 404 1104
124.79.72.155 - - [21/Jan/2023:14:32:15 +0800] "POST /xingrg/kc/buy/cgsh_order_operate.html HTTP/1.1" 200 1209
124.79.72.155 - - [21/Jan/2023:14:32:16 +0800] "GET /xingrg/kc/print/load_config.html?kc_code=cgsh HTTP/1.1" 200 1943
124.79.72.155 - - [21/Jan/2023:14:32:16 +0800] "GET /xingrg/kc/print/load_data.html?order_code=212023012006473&kc_code=cgsh HTTP/1.1" 200 993
180.162.115.82 - - [21/Jan/2023:14:32:17 +0800] "GET /xingrg/all/function/internal_message.html?_=1674281718718&CODE_STATE=getMsg HTTP/1.1" 200 27
180.162.115.82 - - [21/Jan/2023:14:32:17 +0800] "GET /xingrg/check_reg.html?_=1674281718721 HTTP/1.1" 200 22
116.238.139.35 - - [21/Jan/2023:14:32:22 +0800] "GET /xingrg/all/function/internal_message.html?_=1674282679692&CODE_STATE=getMsg HTTP/1.1" 200 27
124.78.154.177 - - [21/Jan/2023:14:32:23 +0800] "GET /xingrg/all/function/internal_message.html?_=1674282756421&CODE_STATE=getMsg HTTP/1.1" 200 27
124.79.72.155 - - [21/Jan/2023:14:32:24 +0800] "POST /xingrg/kc/buy/cgsh_list_operate.html HTTP/1.1" 200 5462
116.235.93.82 - - [21/Jan/2023:14:32:29 +0800] "GET /xingrg/kc/buy/cgsh_order_add.html HTTP/1.1" 200 69743
116.235.93.82 - - [21/Jan/2023:14:32:30 +0800] "POST /xingrg/kc/buy/cgsh_order_operate.html HTTP/1.1" 200 8245
116.235.93.82 - - [21/Jan/2023:14:32:30 +0800] "GET /xingrg/javascript/easyui/themes/default/validatebox.css HTTP/1.1" 404 1104
180.157.253.110 - - [21/Jan/2023:14:32:31 +0800] "GET /xingrg/all/function/internal_message.html?_=1674282763881&CODE_STATE=getMsg HTTP/1.1" 200 27
222.70.183.204 - - [21/Jan/2023:14:32:31 +0800] "GET /xingrg/all/function/internal_message.html?_=1674282760756&CODE_STATE=getMsg HTTP/1.1" 200 27
116.238.139.35 - - [21/Jan/2023:14:32:32 +0800] "GET /xingrg/all/function/internal_message.html?_=1674282765285&CODE_STATE=getMsg HTTP/1.1" 200 27
124.79.72.155 - - [21/Jan/2023:14:32:33 +0800] "GET /xingrg/all/function/internal_message.html?_=1674282766531&CODE_STATE=getMsg HTTP/1.1" 200 27
222.70.183.204 - - [21/Jan/2023:14:32:38 +0800] "GET /xingrg/all/function/internal_message.html?_=1674282772482&CODE_STATE=getMsg HTTP/1.1" 200 27
116.230.105.139 - - [21/Jan/2023:14:32:51 +0800] "GET /xingrg/all/function/internal_message.html?_=1674282711412&CODE_STATE=getMsg HTTP/1.1" 200 27
116.235.93.82 - - [21/Jan/2023:14:32:52 +0800] "GET /xingrg/kc/buy/cgsh_order_operate.html?command=get_materiel&rest_code=00104&code=00101008418&supplier_code=00100007&order_time=2023-01-12 HTTP/1.1" 200 412
101.83.145.75 - - [21/Jan/2023:14:32:58 +0800] "GET /xingrg/check_reg.html?_=1674282791523 HTTP/1.1" 200 22
101.83.145.75 - - [21/Jan/2023:14:32:58 +0800] "GET /xingrg/all/function/internal_message.html?_=1674282791526&CODE_STATE=getMsg HTTP/1.1" 200 27
180.169.147.146 - - [21/Jan/2023:14:33:03 +0800] "GET /xingrg/all/function/internal_message.html?_=1674282801453&CODE_STATE=getMsg HTTP/1.1" 200 27
58.221.95.50 - - [21/Jan/2023:14:33:07 +0800] "GET /xingrg/all/function/internal_message.html?_=1674282799576&CODE_STATE=getMsg HTTP/1.1" 200 27
116.235.244.242 - - [21/Jan/2023:14:33:11 +0800] "GET /xingrg/all/function/internal_message.html?_=1674282826110&CODE_STATE=getMsg HTTP/1.1" 200 27
116.230.105.139 - - [21/Jan/2023:14:33:12 +0800] "GET /xingrg/check_reg.html?_=1674282732164 HTTP/1.1" 200 22
116.235.93.82 - - [21/Jan/2023:14:33:13 +0800] "GET /xingrg/all/function/internal_message.html?_=1674283045572&CODE_STATE=getMsg HTTP/1.1" 200 27
124.79.72.155 - - [21/Jan/2023:14:33:14 +0800] "POST /xingrg/kc/buy/cgsh_list_operate.html HTTP/1.1" 200 201
124.79.72.155 - - [21/Jan/2023:14:33:15 +0800] "GET /xingrg/kc/buy/cgsh_order_info.html?code=212023012006474 HTTP/1.1" 200 64683
124.79.72.155 - - [21/Jan/2023:14:33:15 +0800] "GET /xingrg/javascript/easyui/themes/default/validatebox.css HTTP/1.1" 404 1104
124.79.72.155 - - [21/Jan/2023:14:33:15 +0800] "POST /xingrg/kc/buy/cgsh_order_operate.html HTTP/1.1" 200 613
180.162.115.82 - - [21/Jan/2023:14:33:17 +0800] "GET /xingrg/all/function/internal_message.html?_=1674281778719&CODE_STATE=getMsg HTTP/1.1" 200 27
124.79.72.155 - - [21/Jan/2023:14:33:17 +0800] "GET /xingrg/kc/print/load_config.html?kc_code=cgsh HTTP/1.1" 200 1943
124.79.72.155 - - [21/Jan/2023:14:33:17 +0800] "GET /xingrg/kc/print/load_data.html?order_code=212023012006474&kc_code=cgsh HTTP/1.1" 200 757
116.238.139.35 - - [21/Jan/2023:14:33:22 +0800] "GET /xingrg/all/function/internal_message.html?_=1674282739695&CODE_STATE=getMsg HTTP/1.1" 200 27
124.78.154.177 - - [21/Jan/2023:14:33:23 +0800] "GET /xingrg/all/function/internal_message.html?_=1674282816448&CODE_STATE=getMsg HTTP/1.1" 200 27
124.78.154.177 - - [21/Jan/2023:14:33:23 +0800] "GET /xingrg/check_reg.html?_=1674282816449 HTTP/1.1" 200 22
124.79.72.155 - - [21/Jan/2023:14:33:24 +0800] "POST /xingrg/kc/buy/cgsh_list_operate.html HTTP/1.1" 200 5462
180.157.253.110 - - [21/Jan/2023:14:33:31 +0800] "GET /xingrg/all/function/internal_message.html?_=1674282823883&CODE_STATE=getMsg HTTP/1.1" 200 27
180.157.253.110 - - [21/Jan/2023:14:33:31 +0800] "GET /xingrg/check_reg.html?_=1674282823888 HTTP/1.1" 200 22
222.70.183.204 - - [21/Jan/2023:14:33:31 +0800] "GET /xingrg/all/function/internal_message.html?_=1674282820754&CODE_STATE=getMsg HTTP/1.1" 200 27
116.238.139.35 - - [21/Jan/2023:14:33:32 +0800] "GET /xingrg/all/function/internal_message.html?_=1674282825287&CODE_STATE=getMsg HTTP/1.1" 200 27
124.79.72.155 - - [21/Jan/2023:14:33:33 +0800] "GET /xingrg/all/function/internal_message.html?_=1674282826535&CODE_STATE=getMsg HTTP/1.1" 200 27
58.221.95.50 - - [21/Jan/2023:14:33:37 +0800] "GET /xingrg/check_reg.html?_=1674282830147 HTTP/1.1" 200 22
222.70.183.204 - - [21/Jan/2023:14:33:38 +0800] "GET /xingrg/all/function/internal_message.html?_=1674282832480&CODE_STATE=getMsg HTTP/1.1" 200 27
116.230.105.139 - - [21/Jan/2023:14:33:51 +0800] "GET /xingrg/all/function/internal_message.html?_=1674282771391&CODE_STATE=getMsg HTTP/1.1" 200 27
101.83.145.75 - - [21/Jan/2023:14:33:58 +0800] "GET /xingrg/all/function/internal_message.html?_=1674282851526&CODE_STATE=getMsg HTTP/1.1" 200 27
180.169.147.146 - - [21/Jan/2023:14:34:03 +0800] "GET /xingrg/all/function/internal_message.html?_=1674282861436&CODE_STATE=getMsg HTTP/1.1" 200 27
58.221.95.50 - - [21/Jan/2023:14:34:07 +0800] "GET /xingrg/all/function/internal_message.html?_=1674282859567&CODE_STATE=getMsg HTTP/1.1" 200 27
116.235.244.242 - - [21/Jan/2023:14:34:11 +0800] "GET /xingrg/all/function/internal_message.html?_=1674282886122&CODE_STATE=getMsg HTTP/1.1" 200 27
116.235.93.82 - - [21/Jan/2023:14:34:13 +0800] "GET /xingrg/all/function/internal_message.html?_=1674283105537&CODE_STATE=getMsg HTTP/1.1" 200 27
180.162.115.82 - - [21/Jan/2023:14:34:17 +0800] "GET /xingrg/all/function/internal_message.html?_=1674281838718&CODE_STATE=getMsg HTTP/1.1" 200 27
124.79.72.155 - - [21/Jan/2023:14:34:18 +0800] "POST /xingrg/kc/buy/cgsh_list_operate.html HTTP/1.1" 200 204
116.238.139.35 - - [21/Jan/2023:14:34:19 +0800] "GET /xingrg/check_reg.html?_=1674282796805 HTTP/1.1" 200 22
124.79.72.155 - - [21/Jan/2023:14:34:20 +0800] "GET /xingrg/kc/buy/cgsh_order_info.html?code=212023012006475 HTTP/1.1" 200 64683
124.79.72.155 - - [21/Jan/2023:14:34:20 +0800] "GET /xingrg/javascript/easyui/themes/default/validatebox.css HTTP/1.1" 404 1104
116.235.244.242 - - [21/Jan/2023:14:34:20 +0800] "POST /xingrg/services/DataTransmitService HTTP/1.1" 200 524
116.235.244.242 - - [21/Jan/2023:14:34:21 +0800] "POST /xingrg/services/DataTransmitService HTTP/1.1" 200 501
124.79.72.155 - - [21/Jan/2023:14:34:21 +0800] "POST /xingrg/kc/buy/cgsh_order_operate.html HTTP/1.1" 200 616
116.238.139.35 - - [21/Jan/2023:14:34:22 +0800] "GET /xingrg/all/function/internal_message.html?_=1674282799709&CODE_STATE=getMsg HTTP/1.1" 200 27
124.78.154.177 - - [21/Jan/2023:14:34:23 +0800] "GET /xingrg/all/function/internal_message.html?_=1674282876447&CODE_STATE=getMsg HTTP/1.1" 200 27
124.79.72.155 - - [21/Jan/2023:14:34:27 +0800] "GET /xingrg/kc/print/load_config.html?kc_code=cgsh HTTP/1.1" 200 1943
124.79.72.155 - - [21/Jan/2023:14:34:27 +0800] "GET /xingrg/kc/print/load_data.html?order_code=212023012006475&kc_code=cgsh HTTP/1.1" 200 779
180.157.253.110 - - [21/Jan/2023:14:34:31 +0800] "GET /xingrg/all/function/internal_message.html?_=1674282883888&CODE_STATE=getMsg HTTP/1.1" 200 27
222.70.183.204 - - [21/Jan/2023:14:34:31 +0800] "GET /xingrg/all/function/internal_message.html?_=1674282880755&CODE_STATE=getMsg HTTP/1.1" 200 27
116.238.139.35 - - [21/Jan/2023:14:34:32 +0800] "GET /xingrg/all/function/internal_message.html?_=1674282885289&CODE_STATE=getMsg HTTP/1.1" 200 27
124.79.72.155 - - [21/Jan/2023:14:34:33 +0800] "GET /xingrg/check_reg.html?_=1674282886105 HTTP/1.1" 200 22
124.79.72.155 - - [21/Jan/2023:14:34:33 +0800] "GET /xingrg/all/function/internal_message.html?_=1674282886104&CODE_STATE=getMsg HTTP/1.1" 200 27
124.79.72.155 - - [21/Jan/2023:14:34:35 +0800] "POST /xingrg/kc/buy/cgsh_list_operate.html HTTP/1.1" 200 5462
222.70.183.204 - - [21/Jan/2023:14:34:38 +0800] "GET /xingrg/all/function/internal_message.html?_=1674282892481&CODE_STATE=getMsg HTTP/1.1" 200 27
222.70.183.204 - - [21/Jan/2023:14:34:38 +0800] "GET /xingrg/check_reg.html?_=1674282892483 HTTP/1.1" 200 22
120.253.135.82 - - [21/Jan/2023:14:34:46 +0800] "GET /xingrg/login.html HTTP/1.1" 200 7641
120.253.135.82 - - [21/Jan/2023:14:34:46 +0800] "GET /favicon.ico HTTP/1.1" 404 -
120.253.135.82 - - [21/Jan/2023:14:34:48 +0800] "POST /xingrg/login.do HTTP/1.1" 302 -
120.253.135.82 - - [21/Jan/2023:14:34:48 +0800] "GET /xingrg/index.html?sysBaseUrl=http%3A%2F%2F180.169.147.146%3A18081%2Fxingrg%2F&costTime=39×tamp=1674282888230 HTTP/1.1" 200 17173
120.253.135.82 - - [21/Jan/2023:14:34:48 +0800] "GET /xingrg/javascript/jquery_easy_ui/themes/default/easyui.css HTTP/1.1" 304 -
120.253.135.82 - - [21/Jan/2023:14:34:48 +0800] "GET /xingrg/javascript/jquery_easy_ui/themes/icon.css HTTP/1.1" 304 -
120.253.135.82 - - [21/Jan/2023:14:34:48 +0800] "GET /xingrg/css/form.css HTTP/1.1" 304 -
120.253.135.82 - - [21/Jan/2023:14:34:48 +0800] "GET /favicon.ico HTTP/1.1" 404 -
120.253.135.82 - - [21/Jan/2023:14:34:48 +0800] "GET /xingrg/javascript/jquery-1.4.2.min.js HTTP/1.1" 304 -
120.253.135.82 - - [21/Jan/2023:14:34:48 +0800] "GET /xingrg/javascript/jquery.utils.js HTTP/1.1" 304 -
120.253.135.82 - - [21/Jan/2023:14:34:48 +0800] "GET /xingrg/javascript/jquery_easy_ui/easyui-lang-zh_CN.js HTTP/1.1" 304 -
120.253.135.82 - - [21/Jan/2023:14:34:48 +0800] "GET /xingrg/javascript/jquery_easy_ui/jquery.easyui.min.js HTTP/1.1" 304 -
120.253.135.82 - - [21/Jan/2023:14:34:49 +0800] "GET /xingrg/javascript/jquery.form.js HTTP/1.1" 304 -
120.253.135.82 - - [21/Jan/2023:14:34:49 +0800] "GET /xingrg/javascript/jquery.timers.js HTTP/1.1" 304 -
120.253.135.82 - - [21/Jan/2023:14:34:49 +0800] "POST /xingrg/all/common/load_tree.html?tree=area_rest_tree_json&manage=1 HTTP/1.1" 200 344
120.253.135.82 - - [21/Jan/2023:14:34:49 +0800] "GET /xingrg/all/function/internal_message.html?_=1674282716132&CODE_STATE=count HTTP/1.1" 200 11
120.253.135.82 - - [21/Jan/2023:14:34:49 +0800] "GET /xingrg/check_reg.html?_=1674282716133 HTTP/1.1" 200 22
120.253.135.82 - - [21/Jan/2023:14:34:49 +0800] "POST /xingrg/load_menu.html HTTP/1.1" 200 6743
116.230.105.139 - - [21/Jan/2023:14:34:51 +0800] "GET /xingrg/all/function/internal_message.html?_=1674282831373&CODE_STATE=getMsg HTTP/1.1" 200 27
120.253.135.82 - - [21/Jan/2023:14:34:52 +0800] "GET /xingrg/kc/pszx/mdqp_order_list.html?state=10 HTTP/1.1" 200 10275
120.253.135.82 - - [21/Jan/2023:14:34:52 +0800] "GET /xingrg/css/blue.css HTTP/1.1" 304 -
120.253.135.82 - - [21/Jan/2023:14:34:52 +0800] "GET /xingrg/javascript/pic_change.js HTTP/1.1" 304 -
120.253.135.82 - - [21/Jan/2023:14:34:52 +0800] "GET /xingrg/dwr/util.js HTTP/1.1" 304 -
120.253.135.82 - - [21/Jan/2023:14:34:52 +0800] "GET /xingrg/javascript/Calendar.js HTTP/1.1" 304 -
120.253.135.82 - - [21/Jan/2023:14:34:52 +0800] "GET /xingrg/javascript/myfunction.js HTTP/1.1" 304 -
120.253.135.82 - - [21/Jan/2023:14:34:52 +0800] "GET /xingrg/dwr/interface/AjaxReportQueryService.js HTTP/1.1" 200 13203
120.253.135.82 - - [21/Jan/2023:14:34:52 +0800] "GET /xingrg/dwr/interface/AjaxQqpsService.js HTTP/1.1" 200 16326
120.253.135.82 - - [21/Jan/2023:14:34:52 +0800] "GET /xingrg/dwr/engine.js HTTP/1.1" 200 43631
120.253.135.82 - - [21/Jan/2023:14:34:54 +0800] "GET /xingrg/css/site.css HTTP/1.1" 304 -
120.253.135.82 - - [21/Jan/2023:14:34:54 +0800] "GET /xingrg/css/base.css HTTP/1.1" 304 -
120.253.135.82 - - [21/Jan/2023:14:34:54 +0800] "GET /xingrg/javascript/easyui/themes/default/easyui.css HTTP/1.1" 304 -
120.253.135.82 - - [21/Jan/2023:14:34:54 +0800] "GET /xingrg/javascript/jquery_tools/datebox.css HTTP/1.1" 304 -
120.253.135.82 - - [21/Jan/2023:14:34:54 +0800] "GET /xingrg/javascript/jquery_tools/table.css HTTP/1.1" 304 -
120.253.135.82 - - [21/Jan/2023:14:34:54 +0800] "GET /xingrg/javascript/jquery_tools/fix.css HTTP/1.1" 304 -
120.253.135.82 - - [21/Jan/2023:14:34:54 +0800] "GET /xingrg/javascript/auto/jquery.autocomplete.css HTTP/1.1" 304 -
120.253.135.82 - - [21/Jan/2023:14:34:54 +0800] "GET /xingrg/javascript/jquery_tools/jquery.tools.min.js HTTP/1.1" 304 -
120.253.135.82 - - [21/Jan/2023:14:34:54 +0800] "GET /xingrg/javascript/easyui/themes/icon.css HTTP/1.1" 304 -
120.253.135.82 - - [21/Jan/2023:14:34:54 +0800] "GET /xingrg/kc/pszx/mdps_order_list.html?orderType=0 HTTP/1.1" 200 21073
120.253.135.82 - - [21/Jan/2023:14:34:54 +0800] "GET /xingrg/javascript/jquery_tools/list_manager.js HTTP/1.1" 304 -
120.253.135.82 - - [21/Jan/2023:14:34:54 +0800] "GET /xingrg/javascript/jquery.cookie.js HTTP/1.1" 304 -
120.253.135.82 - - [21/Jan/2023:14:34:54 +0800] "GET /xingrg/javascript/auto/jquery.autocomplete.js HTTP/1.1" 304 -
120.253.135.82 - - [21/Jan/2023:14:34:54 +0800] "GET /xingrg/javascript/jquery_tools/jquery.tools.extend.js HTTP/1.1" 304 -
120.253.135.82 - - [21/Jan/2023:14:34:54 +0800] "GET /xingrg/javascript/easyui/easyloader.js HTTP/1.1" 304 -
120.253.135.82 - - [21/Jan/2023:14:34:54 +0800] "GET /xingrg/javascript/jquery_tools/jquery.tools.table.js HTTP/1.1" 304 -
120.253.135.82 - - [21/Jan/2023:14:34:54 +0800] "GET /xingrg/javascript/jquery_tools/jquery.tools.hotkey.js HTTP/1.1" 304 -
120.253.135.82 - - [21/Jan/2023:14:34:54 +0800] "GET /xingrg/javascript/print/LodopFuncs.js HTTP/1.1" 304 -
120.253.135.82 - - [21/Jan/2023:14:34:54 +0800] "GET /xingrg/javascript/easyui/plugins/jquery.parser.js HTTP/1.1" 304 -
120.253.135.82 - - [21/Jan/2023:14:34:54 +0800] "POST /xingrg/kc/pszx/mdps_list_operate.html HTTP/1.1" 200 4644
120.253.135.82 - - [21/Jan/2023:14:34:56 +0800] "GET /xingrg/javascript/easyui/plugins/jquery.draggable.js HTTP/1.1" 304 -
120.253.135.82 - - [21/Jan/2023:14:34:56 +0800] "GET /xingrg/javascript/easyui/plugins/jquery.droppable.js HTTP/1.1" 304 -
120.253.135.82 - - [21/Jan/2023:14:34:56 +0800] "GET /xingrg/javascript/easyui/themes/default/tree.css HTTP/1.1" 404 1090
120.253.135.82 - - [21/Jan/2023:14:34:56 +0800] "GET /xingrg/javascript/easyui/plugins/jquery.tree.js HTTP/1.1" 304 -
120.253.135.82 - - [21/Jan/2023:14:34:56 +0800] "POST /xingrg/all/common/load_tree.html?tree=area_rest_tree_json HTTP/1.1" 200 3499
120.253.135.82 - - [21/Jan/2023:14:34:56 +0800] "GET /xingrg/javascript/easyui/themes/default/images/tree_arrows.gif HTTP/1.1" 304 -
120.253.135.82 - - [21/Jan/2023:14:34:56 +0800] "GET /xingrg/javascript/easyui/themes/default/images/tree_checkbox_0.gif HTTP/1.1" 304 -
120.253.135.82 - - [21/Jan/2023:14:34:56 +0800] "GET /xingrg/javascript/easyui/themes/default/images/tree_folder_open.gif HTTP/1.1" 304 -
120.253.135.82 - - [21/Jan/2023:14:34:56 +0800] "GET /xingrg/javascript/easyui/themes/icons/manage.png HTTP/1.1" 304 -
120.253.135.82 - - [21/Jan/2023:14:34:56 +0800] "GET /xingrg/javascript/easyui/themes/icons/area.png HTTP/1.1" 304 -
120.253.135.82 - - [21/Jan/2023:14:34:56 +0800] "GET /xingrg/javascript/easyui/themes/icons/rest.png HTTP/1.1" 304 -
101.83.145.75 - - [21/Jan/2023:14:34:58 +0800] "GET /xingrg/all/function/internal_message.html?_=1674282911527&CODE_STATE=getMsg HTTP/1.1" 200 27
120.253.135.82 - - [21/Jan/2023:14:34:59 +0800] "GET /xingrg/javascript/auto/indicator.gif HTTP/1.1" 404 1066
120.253.135.82 - - [21/Jan/2023:14:35:01 +0800] "POST /xingrg/kc/pszx/mdps_list_operate.html HTTP/1.1" 200 1682
101.83.145.75 - - [21/Jan/2023:14:35:02 +0800] "POST /xingrg/services/DataTransmitService HTTP/1.1" 200 524
101.83.145.75 - - [21/Jan/2023:14:35:02 +0800] "POST /xingrg/services/DataTransmitService HTTP/1.1" 200 501
120.253.135.82 - - [21/Jan/2023:14:35:03 +0800] "POST /xingrg/kc/pszx/mdps_list_operate.html HTTP/1.1" 200 205
180.169.147.146 - - [21/Jan/2023:14:35:03 +0800] "GET /xingrg/all/function/internal_message.html?_=1674282921418&CODE_STATE=getMsg HTTP/1.1" 200 27
180.169.147.146 - - [21/Jan/2023:14:35:04 +0800] "GET /xingrg/check_reg.html?_=1674282922636 HTTP/1.1" 200 22
58.221.95.50 - - [21/Jan/2023:14:35:07 +0800] "GET /xingrg/all/function/internal_message.html?_=1674282919553&CODE_STATE=getMsg HTTP/1.1" 200 27
116.235.244.242 - - [21/Jan/2023:14:35:09 +0800] "GET /xingrg/check_reg.html?_=1674282944251 HTTP/1.1" 200 22
116.235.244.242 - - [21/Jan/2023:14:35:11 +0800] "GET /xingrg/all/function/internal_message.html?_=1674282946137&CODE_STATE=getMsg HTTP/1.1" 200 27
116.235.93.82 - - [21/Jan/2023:14:35:13 +0800] "GET /xingrg/all/function/internal_message.html?_=1674283165515&CODE_STATE=getMsg HTTP/1.1" 200 27
180.162.115.82 - - [21/Jan/2023:14:35:17 +0800] "GET /xingrg/all/function/internal_message.html?_=1674281898719&CODE_STATE=getMsg HTTP/1.1" 200 27
116.238.139.35 - - [21/Jan/2023:14:35:22 +0800] "GET /xingrg/all/function/internal_message.html?_=1674282859722&CODE_STATE=getMsg HTTP/1.1" 200 27
124.78.154.177 - - [21/Jan/2023:14:35:23 +0800] "GET /xingrg/all/function/internal_message.html?_=1674282936448&CODE_STATE=getMsg HTTP/1.1" 200 27
180.157.253.110 - - [21/Jan/2023:14:35:31 +0800] "GET /xingrg/all/function/internal_message.html?_=1674282943891&CODE_STATE=getMsg HTTP/1.1" 200 27
222.70.183.204 - - [21/Jan/2023:14:35:31 +0800] "GET /xingrg/check_reg.html?_=1674282940755 HTTP/1.1" 200 22
222.70.183.204 - - [21/Jan/2023:14:35:31 +0800] "GET /xingrg/all/function/internal_message.html?_=1674282940759&CODE_STATE=getMsg HTTP/1.1" 200 27
116.238.139.35 - - [21/Jan/2023:14:35:32 +0800] "GET /xingrg/all/function/internal_message.html?_=1674282945289&CODE_STATE=getMsg HTTP/1.1" 200 27
124.79.72.155 - - [21/Jan/2023:14:35:33 +0800] "GET /xingrg/all/function/internal_message.html?_=1674282946537&CODE_STATE=getMsg HTTP/1.1" 200 27
222.70.183.204 - - [21/Jan/2023:14:35:38 +0800] "GET /xingrg/all/function/internal_message.html?_=1674282952485&CODE_STATE=getMsg HTTP/1.1" 200 27
116.235.93.82 - - [21/Jan/2023:14:35:46 +0800] "GET /xingrg/check_reg.html?_=1674283198658 HTTP/1.1" 200 22
120.253.135.82 - - [21/Jan/2023:14:35:49 +0800] "GET /xingrg/all/function/internal_message.html?_=1674282776137&CODE_STATE=getMsg HTTP/1.1" 200 27
116.230.105.139 - - [21/Jan/2023:14:35:51 +0800] "GET /xingrg/all/function/internal_message.html?_=1674282891360&CODE_STATE=getMsg HTTP/1.1" 200 27
101.83.145.75 - - [21/Jan/2023:14:35:58 +0800] "GET /xingrg/all/function/internal_message.html?_=1674282971527&CODE_STATE=getMsg HTTP/1.1" 200 27
180.169.147.146 - - [21/Jan/2023:14:36:03 +0800] "GET /xingrg/all/function/internal_message.html?_=1674282981403&CODE_STATE=getMsg HTTP/1.1" 200 27
58.221.95.50 - - [21/Jan/2023:14:36:07 +0800] "GET /xingrg/all/function/internal_message.html?_=1674282979531&CODE_STATE=getMsg HTTP/1.1" 200 27
116.235.244.242 - - [21/Jan/2023:14:36:11 +0800] "GET /xingrg/all/function/internal_message.html?_=1674283006149&CODE_STATE=getMsg HTTP/1.1" 200 27
116.235.93.82 - - [21/Jan/2023:14:36:13 +0800] "GET /xingrg/all/function/internal_message.html?_=1674283225495&CODE_STATE=getMsg HTTP/1.1" 200 27
180.162.115.82 - - [21/Jan/2023:14:36:17 +0800] "GET /xingrg/all/function/internal_message.html?_=1674281958718&CODE_STATE=getMsg HTTP/1.1" 200 27
116.238.139.35 - - [21/Jan/2023:14:36:22 +0800] "GET /xingrg/all/function/internal_message.html?_=1674282919736&CODE_STATE=getMsg HTTP/1.1" 200 27
124.78.154.177 - - [21/Jan/2023:14:36:23 +0800] "GET /xingrg/all/function/internal_message.html?_=1674282996449&CODE_STATE=getMsg HTTP/1.1" 200 27
180.157.253.110 - - [21/Jan/2023:14:36:31 +0800] "GET /xingrg/all/function/internal_message.html?_=1674283003895&CODE_STATE=getMsg HTTP/1.1" 200 27
222.70.183.204 - - [21/Jan/2023:14:36:31 +0800] "GET /xingrg/all/function/internal_message.html?_=1674283000759&CODE_STATE=getMsg HTTP/1.1" 200 27
116.238.139.35 - - [21/Jan/2023:14:36:32 +0800] "GET /xingrg/all/function/internal_message.html?_=1674283005291&CODE_STATE=getMsg HTTP/1.1" 200 27
116.238.139.35 - - [21/Jan/2023:14:36:32 +0800] "GET /xingrg/check_reg.html?_=1674283005311 HTTP/1.1" 200 22
124.79.72.155 - - [21/Jan/2023:14:36:33 +0800] "GET /xingrg/all/function/internal_message.html?_=1674283006540&CODE_STATE=getMsg HTTP/1.1" 200 27
222.70.183.204 - - [21/Jan/2023:14:36:38 +0800] "GET /xingrg/all/function/internal_message.html?_=1674283012483&CODE_STATE=getMsg HTTP/1.1" 200 27
120.253.135.82 - - [21/Jan/2023:14:36:49 +0800] "GET /xingrg/all/function/internal_message.html?_=1674282836152&CODE_STATE=getMsg HTTP/1.1" 200 27
116.230.105.139 - - [21/Jan/2023:14:36:51 +0800] "GET /xingrg/all/function/internal_message.html?_=1674282951354&CODE_STATE=getMsg HTTP/1.1" 200 27
124.79.72.155 - - [21/Jan/2023:14:36:52 +0800] "POST /xingrg/kc/buy/cgsh_list_operate.html HTTP/1.1" 200 204
124.79.72.155 - - [21/Jan/2023:14:36:53 +0800] "GET /xingrg/kc/buy/cgsh_order_info.html?code=212023012006477 HTTP/1.1" 200 64685
124.79.72.155 - - [21/Jan/2023:14:36:53 +0800] "GET /xingrg/javascript/easyui/themes/default/validatebox.css HTTP/1.1" 404 1104
124.79.72.155 - - [21/Jan/2023:14:36:54 +0800] "POST /xingrg/kc/buy/cgsh_order_operate.html HTTP/1.1" 200 614
124.79.72.155 - - [21/Jan/2023:14:36:56 +0800] "GET /xingrg/kc/print/load_config.html?kc_code=cgsh HTTP/1.1" 200 1943
124.79.72.155 - - [21/Jan/2023:14:36:57 +0800] "GET /xingrg/kc/print/load_data.html?order_code=212023012006477&kc_code=cgsh HTTP/1.1" 200 709
116.235.93.82 - - [21/Jan/2023:14:36:58 +0800] "POST /xingrg/services/DataTransmitService HTTP/1.1" 200 524
101.83.145.75 - - [21/Jan/2023:14:36:58 +0800] "GET /xingrg/all/function/internal_message.html?_=1674283031527&CODE_STATE=getMsg HTTP/1.1" 200 27
116.235.93.82 - - [21/Jan/2023:14:36:59 +0800] "POST /xingrg/services/DataTransmitService HTTP/1.1" 200 501
116.235.93.82 - - [21/Jan/2023:14:36:59 +0800] "POST /xingrg/services/DataTransmitService HTTP/1.1" 200 501
116.235.93.82 - - [21/Jan/2023:14:36:59 +0800] "POST /xingrg/services/DataTransmitService HTTP/1.1" 200 501
116.235.93.82 - - [21/Jan/2023:14:37:00 +0800] "POST /xingrg/services/DataTransmitService HTTP/1.1" 200 501
116.235.93.82 - - [21/Jan/2023:14:37:00 +0800] "POST /xingrg/services/DataTransmitService HTTP/1.1" 200 501
116.235.93.82 - - [21/Jan/2023:14:37:01 +0800] "POST /xingrg/services/DataTransmitService HTTP/1.1" 200 501
116.235.93.82 - - [21/Jan/2023:14:37:01 +0800] "POST /xingrg/services/DataTransmitService HTTP/1.1" 200 412
180.169.147.146 - - [21/Jan/2023:14:37:03 +0800] "GET /xingrg/all/function/internal_message.html?_=1674283041387&CODE_STATE=getMsg HTTP/1.1" 200 27
124.79.72.155 - - [21/Jan/2023:14:37:06 +0800] "POST /xingrg/kc/buy/cgsh_list_operate.html HTTP/1.1" 200 5462
58.221.95.50 - - [21/Jan/2023:14:37:07 +0800] "GET /xingrg/all/function/internal_message.html?_=1674283039515&CODE_STATE=getMsg HTTP/1.1" 200 27
116.235.244.242 - - [21/Jan/2023:14:37:11 +0800] "GET /xingrg/all/function/internal_message.html?_=1674283066164&CODE_STATE=getMsg HTTP/1.1" 200 27
116.235.93.82 - - [21/Jan/2023:14:37:13 +0800] "GET /xingrg/all/function/internal_message.html?_=1674283285465&CODE_STATE=getMsg HTTP/1.1" 200 27
180.162.115.82 - - [21/Jan/2023:14:37:17 +0800] "GET /xingrg/all/function/internal_message.html?_=1674282018704&CODE_STATE=getMsg HTTP/1.1" 200 27
180.162.115.82 - - [21/Jan/2023:14:37:17 +0800] "GET /xingrg/check_reg.html?_=1674282018706 HTTP/1.1" 200 22
116.238.139.35 - - [21/Jan/2023:14:37:22 +0800] "GET /xingrg/all/function/internal_message.html?_=1674282979829&CODE_STATE=getMsg HTTP/1.1" 200 27
124.78.154.177 - - [21/Jan/2023:14:37:23 +0800] "GET /xingrg/all/function/internal_message.html?_=1674283056449&CODE_STATE=getMsg HTTP/1.1" 200 27
180.157.253.110 - - [21/Jan/2023:14:37:31 +0800] "GET /xingrg/all/function/internal_message.html?_=1674283063883&CODE_STATE=getMsg HTTP/1.1" 200 27
222.70.183.204 - - [21/Jan/2023:14:37:31 +0800] "GET /xingrg/all/function/internal_message.html?_=1674283060758&CODE_STATE=getMsg HTTP/1.1" 200 27
116.238.139.35 - - [21/Jan/2023:14:37:32 +0800] "GET /xingrg/all/function/internal_message.html?_=1674283065311&CODE_STATE=getMsg HTTP/1.1" 200 27
124.79.72.155 - - [21/Jan/2023:14:37:33 +0800] "GET /xingrg/all/function/internal_message.html?_=1674283066109&CODE_STATE=getMsg HTTP/1.1" 200 27
222.70.183.204 - - [21/Jan/2023:14:37:38 +0800] "GET /xingrg/all/function/internal_message.html?_=1674283072483&CODE_STATE=getMsg HTTP/1.1" 200 27
120.253.135.82 - - [21/Jan/2023:14:37:49 +0800] "GET /xingrg/all/function/internal_message.html?_=1674282896169&CODE_STATE=getMsg HTTP/1.1" 200 27
116.230.105.139 - - [21/Jan/2023:14:37:51 +0800] "GET /xingrg/all/function/internal_message.html?_=1674283011339&CODE_STATE=getMsg HTTP/1.1" 200 27
101.83.145.75 - - [21/Jan/2023:14:37:58 +0800] "GET /xingrg/check_reg.html?_=1674283091526 HTTP/1.1" 200 22
101.83.145.75 - - [21/Jan/2023:14:37:58 +0800] "GET /xingrg/all/function/internal_message.html?_=1674283091529&CODE_STATE=getMsg HTTP/1.1" 200 27
180.169.147.146 - - [21/Jan/2023:14:38:03 +0800] "GET /xingrg/all/function/internal_message.html?_=1674283101370&CODE_STATE=getMsg HTTP/1.1" 200 27
58.221.95.50 - - [21/Jan/2023:14:38:07 +0800] "GET /xingrg/all/function/internal_message.html?_=1674283099491&CODE_STATE=getMsg HTTP/1.1" 200 27
116.235.244.242 - - [21/Jan/2023:14:38:11 +0800] "GET /xingrg/all/function/internal_message.html?_=1674283126242&CODE_STATE=getMsg HTTP/1.1" 200 27
116.230.105.139 - - [21/Jan/2023:14:38:12 +0800] "GET /xingrg/check_reg.html?_=1674283032148 HTTP/1.1" 200 22
116.235.93.82 - - [21/Jan/2023:14:38:13 +0800] "GET /xingrg/all/function/internal_message.html?_=1674283345439&CODE_STATE=getMsg HTTP/1.1" 200 27
180.162.115.82 - - [21/Jan/2023:14:38:17 +0800] "GET /xingrg/all/function/internal_message.html?_=1674282078720&CODE_STATE=getMsg HTTP/1.1" 200 27
124.79.72.155 - - [21/Jan/2023:14:38:22 +0800] "POST /xingrg/kc/buy/cgsh_list_operate.html HTTP/1.1" 200 202
116.238.139.35 - - [21/Jan/2023:14:38:22 +0800] "GET /xingrg/all/function/internal_message.html?_=1674283039841&CODE_STATE=getMsg HTTP/1.1" 200 27
124.79.72.155 - - [21/Jan/2023:14:38:23 +0800] "GET /xingrg/kc/buy/cgsh_order_info.html?code=212023012006478 HTTP/1.1" 200 64685
124.79.72.155 - - [21/Jan/2023:14:38:23 +0800] "GET /xingrg/javascript/easyui/themes/default/validatebox.css HTTP/1.1" 404 1104
124.78.154.177 - - [21/Jan/2023:14:38:23 +0800] "GET /xingrg/check_reg.html?_=1674283116449 HTTP/1.1" 200 22
124.78.154.177 - - [21/Jan/2023:14:38:23 +0800] "GET /xingrg/all/function/internal_message.html?_=1674283116450&CODE_STATE=getMsg HTTP/1.1" 200 27
124.79.72.155 - - [21/Jan/2023:14:38:24 +0800] "POST /xingrg/kc/buy/cgsh_order_operate.html HTTP/1.1" 200 611
124.79.72.155 - - [21/Jan/2023:14:38:24 +0800] "GET /xingrg/kc/print/load_config.html?kc_code=cgsh HTTP/1.1" 200 1943
124.79.72.155 - - [21/Jan/2023:14:38:25 +0800] "GET /xingrg/kc/print/load_data.html?order_code=212023012006478&kc_code=cgsh HTTP/1.1" 200 766
180.157.253.110 - - [21/Jan/2023:14:38:31 +0800] "GET /xingrg/all/function/internal_message.html?_=1674283123887&CODE_STATE=getMsg HTTP/1.1" 200 27
180.157.253.110 - - [21/Jan/2023:14:38:31 +0800] "GET /xingrg/check_reg.html?_=1674283123892 HTTP/1.1" 200 22
222.70.183.204 - - [21/Jan/2023:14:38:31 +0800] "GET /xingrg/all/function/internal_message.html?_=1674283120784&CODE_STATE=getMsg HTTP/1.1" 200 27
124.79.72.155 - - [21/Jan/2023:14:38:31 +0800] "POST /xingrg/kc/buy/cgsh_list_operate.html HTTP/1.1" 200 5462
116.238.139.35 - - [21/Jan/2023:14:38:32 +0800] "GET /xingrg/all/function/internal_message.html?_=1674283125313&CODE_STATE=getMsg HTTP/1.1" 200 27
124.79.72.155 - - [21/Jan/2023:14:38:33 +0800] "GET /xingrg/all/function/internal_message.html?_=1674283126543&CODE_STATE=getMsg HTTP/1.1" 200 27
58.221.95.50 - - [21/Jan/2023:14:38:37 +0800] "GET /xingrg/check_reg.html?_=1674283130158 HTTP/1.1" 200 22
222.70.183.204 - - [21/Jan/2023:14:38:38 +0800] "GET /xingrg/all/function/internal_message.html?_=1674283132482&CODE_STATE=getMsg HTTP/1.1" 200 27
120.253.135.82 - - [21/Jan/2023:14:38:49 +0800] "GET /xingrg/all/function/internal_message.html?_=1674282956179&CODE_STATE=getMsg HTTP/1.1" 200 27
116.230.105.139 - - [21/Jan/2023:14:38:51 +0800] "GET /xingrg/all/function/internal_message.html?_=1674283071335&CODE_STATE=getMsg HTTP/1.1" 200 27
101.83.145.75 - - [21/Jan/2023:14:38:58 +0800] "GET /xingrg/all/function/internal_message.html?_=1674283151514&CODE_STATE=getMsg HTTP/1.1" 200 27
180.169.147.146 - - [21/Jan/2023:14:39:03 +0800] "GET /xingrg/all/function/internal_message.html?_=1674283161353&CODE_STATE=getMsg HTTP/1.1" 200 27
58.221.95.50 - - [21/Jan/2023:14:39:07 +0800] "GET /xingrg/all/function/internal_message.html?_=1674283159486&CODE_STATE=getMsg HTTP/1.1" 200 27
116.235.244.242 - - [21/Jan/2023:14:39:11 +0800] "GET /xingrg/all/function/internal_message.html?_=1674283186254&CODE_STATE=getMsg HTTP/1.1" 200 27
116.235.93.82 - - [21/Jan/2023:14:39:13 +0800] "GET /xingrg/all/function/internal_message.html?_=1674283405407&CODE_STATE=getMsg HTTP/1.1" 200 27
116.230.105.139 - - [21/Jan/2023:14:39:17 +0800] "POST /xingrg/services/DataTransmitService HTTP/1.1" 200 524
180.162.115.82 - - [21/Jan/2023:14:39:17 +0800] "GET /xingrg/all/function/internal_message.html?_=1674282138719&CODE_STATE=getMsg HTTP/1.1" 200 27
116.230.105.139 - - [21/Jan/2023:14:39:18 +0800] "POST /xingrg/services/DataTransmitService HTTP/1.1" 200 501
116.230.105.139 - - [21/Jan/2023:14:39:18 +0800] "POST /xingrg/services/DataTransmitService HTTP/1.1" 200 501
116.230.105.139 - - [21/Jan/2023:14:39:18 +0800] "POST /xingrg/services/DataTransmitService HTTP/1.1" 200 501
116.230.105.139 - - [21/Jan/2023:14:39:18 +0800] "POST /xingrg/services/DataTransmitService HTTP/1.1" 200 501
116.230.105.139 - - [21/Jan/2023:14:39:19 +0800] "POST /xingrg/services/DataTransmitService HTTP/1.1" 200 501
116.230.105.139 - - [21/Jan/2023:14:39:19 +0800] "POST /xingrg/services/DataTransmitService HTTP/1.1" 200 501
116.238.139.35 - - [21/Jan/2023:14:39:19 +0800] "GET /xingrg/check_reg.html?_=1674283096873 HTTP/1.1" 200 22
116.230.105.139 - - [21/Jan/2023:14:39:19 +0800] "POST /xingrg/services/DataTransmitService HTTP/1.1" 200 501
116.230.105.139 - - [21/Jan/2023:14:39:20 +0800] "POST /xingrg/services/DataTransmitService HTTP/1.1" 200 412
116.238.139.35 - - [21/Jan/2023:14:39:22 +0800] "GET /xingrg/all/function/internal_message.html?_=1674283099855&CODE_STATE=getMsg HTTP/1.1" 200 27
124.78.154.177 - - [21/Jan/2023:14:39:23 +0800] "GET /xingrg/all/function/internal_message.html?_=1674283176448&CODE_STATE=getMsg HTTP/1.1" 200 27
180.157.253.110 - - [21/Jan/2023:14:39:31 +0800] "GET /xingrg/all/function/internal_message.html?_=1674283183893&CODE_STATE=getMsg HTTP/1.1" 200 27
222.70.183.204 - - [21/Jan/2023:14:39:31 +0800] "GET /xingrg/all/function/internal_message.html?_=1674283180783&CODE_STATE=getMsg HTTP/1.1" 200 27
116.238.139.35 - - [21/Jan/2023:14:39:32 +0800] "GET /xingrg/all/function/internal_message.html?_=1674283185317&CODE_STATE=getMsg HTTP/1.1" 200 27
124.79.72.155 - - [21/Jan/2023:14:39:33 +0800] "GET /xingrg/check_reg.html?_=1674283186532 HTTP/1.1" 200 22
124.79.72.155 - - [21/Jan/2023:14:39:33 +0800] "GET /xingrg/all/function/internal_message.html?_=1674283186531&CODE_STATE=getMsg HTTP/1.1" 200 27
222.70.183.204 - - [21/Jan/2023:14:39:38 +0800] "GET /xingrg/all/function/internal_message.html?_=1674283192481&CODE_STATE=getMsg HTTP/1.1" 200 27
222.70.183.204 - - [21/Jan/2023:14:39:38 +0800] "GET /xingrg/check_reg.html?_=1674283192483 HTTP/1.1" 200 22
120.253.135.82 - - [21/Jan/2023:14:39:49 +0800] "GET /xingrg/check_reg.html?_=1674283016135 HTTP/1.1" 200 22
120.253.135.82 - - [21/Jan/2023:14:39:49 +0800] "GET /xingrg/all/function/internal_message.html?_=1674283016192&CODE_STATE=getMsg HTTP/1.1" 200 27
116.230.105.139 - - [21/Jan/2023:14:39:51 +0800] "GET /xingrg/all/function/internal_message.html?_=1674283131310&CODE_STATE=getMsg HTTP/1.1" 200 27
120.253.135.82 - - [21/Jan/2023:14:39:53 +0800] "GET /xingrg/kc/pszx/mdqp_order_list.html?state=10 HTTP/1.1" 200 10275
120.253.135.82 - - [21/Jan/2023:14:39:53 +0800] "GET /xingrg/dwr/interface/AjaxQqpsService.js HTTP/1.1" 200 16326
120.253.135.82 - - [21/Jan/2023:14:39:53 +0800] "GET /xingrg/dwr/interface/AjaxReportQueryService.js HTTP/1.1" 200 13203
120.253.135.82 - - [21/Jan/2023:14:39:54 +0800] "GET /xingrg/dwr/engine.js HTTP/1.1" 200 43631
101.83.145.75 - - [21/Jan/2023:14:39:58 +0800] "GET /xingrg/all/function/internal_message.html?_=1674283211515&CODE_STATE=getMsg HTTP/1.1" 200 27
180.169.147.146 - - [21/Jan/2023:14:40:03 +0800] "GET /xingrg/all/function/internal_message.html?_=1674283221336&CODE_STATE=getMsg HTTP/1.1" 200 27
180.169.147.146 - - [21/Jan/2023:14:40:04 +0800] "GET /xingrg/check_reg.html?_=1674283222615 HTTP/1.1" 200 22
58.221.95.50 - - [21/Jan/2023:14:40:07 +0800] "GET /xingrg/all/function/internal_message.html?_=1674283219461&CODE_STATE=getMsg HTTP/1.1" 200 27
116.235.244.242 - - [21/Jan/2023:14:40:09 +0800] "GET /xingrg/check_reg.html?_=1674283244299 HTTP/1.1" 200 22
116.235.244.242 - - [21/Jan/2023:14:40:11 +0800] "GET /xingrg/all/function/internal_message.html?_=1674283246267&CODE_STATE=getMsg HTTP/1.1" 200 27
116.235.93.82 - - [21/Jan/2023:14:40:13 +0800] "GET /xingrg/all/function/internal_message.html?_=1674283465375&CODE_STATE=getMsg HTTP/1.1" 200 27
180.162.115.82 - - [21/Jan/2023:14:40:17 +0800] "GET /xingrg/all/function/internal_message.html?_=1674282198718&CODE_STATE=getMsg HTTP/1.1" 200 27
116.238.139.35 - - [21/Jan/2023:14:40:22 +0800] "GET /xingrg/all/function/internal_message.html?_=1674283159868&CODE_STATE=getMsg HTTP/1.1" 200 27
124.78.154.177 - - [21/Jan/2023:14:40:23 +0800] "GET /xingrg/all/function/internal_message.html?_=1674283236448&CODE_STATE=getMsg HTTP/1.1" 200 27
180.157.253.110 - - [21/Jan/2023:14:40:31 +0800] "GET /xingrg/all/function/internal_message.html?_=1674283243880&CODE_STATE=getMsg HTTP/1.1" 200 27
222.70.183.204 - - [21/Jan/2023:14:40:31 +0800] "GET /xingrg/check_reg.html?_=1674283240783 HTTP/1.1" 200 22
222.70.183.204 - - [21/Jan/2023:14:40:31 +0800] "GET /xingrg/all/function/internal_message.html?_=1674283240787&CODE_STATE=getMsg HTTP/1.1" 200 27
116.238.139.35 - - [21/Jan/2023:14:40:32 +0800] "GET /xingrg/all/function/internal_message.html?_=1674283245305&CODE_STATE=getMsg HTTP/1.1" 200 27
124.79.72.155 - - [21/Jan/2023:14:40:33 +0800] "GET /xingrg/all/function/internal_message.html?_=1674283246549&CODE_STATE=getMsg HTTP/1.1" 200 27
222.70.183.204 - - [21/Jan/2023:14:40:38 +0800] "GET /xingrg/all/function/internal_message.html?_=1674283252481&CODE_STATE=getMsg HTTP/1.1" 200 27
116.235.93.82 - - [21/Jan/2023:14:40:46 +0800] "GET /xingrg/check_reg.html?_=1674283498669 HTTP/1.1" 200 22
116.230.105.139 - - [21/Jan/2023:14:40:51 +0800] "GET /xingrg/all/function/internal_message.html?_=1674283191312&CODE_STATE=getMsg HTTP/1.1" 200 27
101.83.145.75 - - [21/Jan/2023:14:40:58 +0800] "GET /xingrg/all/function/internal_message.html?_=1674283271515&CODE_STATE=getMsg HTTP/1.1" 200 27
180.169.147.146 - - [21/Jan/2023:14:41:03 +0800] "GET /xingrg/all/function/internal_message.html?_=1674283281318&CODE_STATE=getMsg HTTP/1.1" 200 27
