116.230.105.139 - - [21/Jan/2023:11:40:54 +0800] "GET /xingrg/all/function/internal_message.html?_=1674272394473&CODE_STATE=getMsg HTTP/1.1" 200 27
114.83.219.248 - - [21/Jan/2023:11:40:55 +0800] "GET /xingrg/check_reg.html?_=1674272465123 HTTP/1.1" 200 22
101.83.145.75 - - [21/Jan/2023:11:40:58 +0800] "GET /xingrg/all/function/internal_message.html?_=1674272471395&CODE_STATE=getMsg HTTP/1.1" 200 27
114.88.159.190 - - [21/Jan/2023:11:40:58 +0800] "GET /xingrg/all/function/internal_message.html?_=1674272048307&CODE_STATE=getMsg HTTP/1.1" 200 27
114.88.159.190 - - [21/Jan/2023:11:41:03 +0800] "GET /xingrg/kc/buy/cgsh_order_operate.html?command=get_materiel&rest_code=00141&code=00101001125&supplier_code=00100090&order_time=2023-01-21 HTTP/1.1" 200 433
58.221.95.50 - - [21/Jan/2023:11:41:09 +0800] "GET /xingrg/all/function/internal_message.html?_=1674272482366&CODE_STATE=getMsg HTTP/1.1" 200 27
116.192.124.172 - - [21/Jan/2023:11:41:16 +0800] "GET /xingrg/all/function/internal_message.html?_=1674272489665&CODE_STATE=getMsg HTTP/1.1" 200 27
114.88.159.190 - - [21/Jan/2023:11:41:16 +0800] "POST /xingrg/kc/buy/cgsh_order_operate.html HTTP/1.1" 200 37
180.162.115.82 - - [21/Jan/2023:11:41:17 +0800] "GET /xingrg/all/function/internal_message.html?_=1674271458603&CODE_STATE=getMsg HTTP/1.1" 200 27
116.238.139.35 - - [21/Jan/2023:11:41:17 +0800] "GET /xingrg/all/function/internal_message.html?_=1674272414738&CODE_STATE=getMsg HTTP/1.1" 200 27
114.88.159.190 - - [21/Jan/2023:11:41:18 +0800] "POST /xingrg/kc/buy/cgsh_order_operate.html HTTP/1.1" 200 3860
116.235.244.242 - - [21/Jan/2023:11:41:19 +0800] "GET /xingrg/check_reg.html?_=1674272513923 HTTP/1.1" 200 22
114.88.159.190 - - [21/Jan/2023:11:41:19 +0800] "GET /xingrg/kc/print/load_config.html?kc_code=cgsh HTTP/1.1" 200 1943
114.88.159.190 - - [21/Jan/2023:11:41:20 +0800] "GET /xingrg/kc/print/load_data.html?order_code=212023012106635&kc_code=cgsh&condition= HTTP/1.1" 200 1220
116.235.244.242 - - [21/Jan/2023:11:41:21 +0800] "GET /xingrg/all/function/internal_message.html?_=1674272516253&CODE_STATE=getMsg HTTP/1.1" 200 27
114.88.159.190 - - [21/Jan/2023:11:41:26 +0800] "GET /xingrg/kc/buy/cgsh_order_add.html HTTP/1.1" 200 69701
114.88.159.190 - - [21/Jan/2023:11:41:26 +0800] "POST /xingrg/kc/buy/cgsh_order_operate.html HTTP/1.1" 200 8245
114.88.159.190 - - [21/Jan/2023:11:41:26 +0800] "GET /xingrg/javascript/easyui/themes/default/validatebox.css HTTP/1.1" 404 1104
180.157.253.110 - - [21/Jan/2023:11:41:30 +0800] "GET /xingrg/all/function/internal_message.html?_=1674272503704&CODE_STATE=getMsg HTTP/1.1" 200 27
116.238.139.35 - - [21/Jan/2023:11:41:32 +0800] "GET /xingrg/check_reg.html?_=1674272505019 HTTP/1.1" 200 22
116.238.139.35 - - [21/Jan/2023:11:41:32 +0800] "GET /xingrg/all/function/internal_message.html?_=1674272505023&CODE_STATE=getMsg HTTP/1.1" 200 27
114.88.159.190 - - [21/Jan/2023:11:41:40 +0800] "GET /xingrg/kc/buy/cgsh_order_operate.html?command=get_materiel&rest_code=00141&code=00101002006&supplier_code=00100091&order_time=2023-01-21 HTTP/1.1" 200 430
222.70.183.204 - - [21/Jan/2023:11:41:42 +0800] "GET /xingrg/all/function/internal_message.html?_=1674272512326&CODE_STATE=getMsg HTTP/1.1" 200 27
116.230.105.139 - - [21/Jan/2023:11:41:54 +0800] "GET /xingrg/all/function/internal_message.html?_=1674272454448&CODE_STATE=getMsg HTTP/1.1" 200 27
101.83.145.75 - - [21/Jan/2023:11:41:58 +0800] "GET /xingrg/all/function/internal_message.html?_=1674272531396&CODE_STATE=getMsg HTTP/1.1" 200 27
114.88.159.190 - - [21/Jan/2023:11:41:58 +0800] "GET /xingrg/all/function/internal_message.html?_=1674272108338&CODE_STATE=getMsg HTTP/1.1" 200 27
114.88.159.190 - - [21/Jan/2023:11:42:09 +0800] "GET /xingrg/kc/buy/cgsh_order_operate.html?command=get_materiel&rest_code=00141&code=00101002034&supplier_code=00100091&order_time=2023-01-21 HTTP/1.1" 200 424
58.221.95.50 - - [21/Jan/2023:11:42:09 +0800] "GET /xingrg/all/function/internal_message.html?_=1674272542341&CODE_STATE=getMsg HTTP/1.1" 200 27
116.192.124.172 - - [21/Jan/2023:11:42:16 +0800] "GET /xingrg/all/function/internal_message.html?_=1674272549664&CODE_STATE=getMsg HTTP/1.1" 200 27
180.162.115.82 - - [21/Jan/2023:11:42:17 +0800] "GET /xingrg/all/function/internal_message.html?_=1674271518618&CODE_STATE=getMsg HTTP/1.1" 200 27
180.162.115.82 - - [21/Jan/2023:11:42:17 +0800] "GET /xingrg/check_reg.html?_=1674271518621 HTTP/1.1" 200 22
116.238.139.35 - - [21/Jan/2023:11:42:17 +0800] "GET /xingrg/all/function/internal_message.html?_=1674272474830&CODE_STATE=getMsg HTTP/1.1" 200 27
116.235.244.242 - - [21/Jan/2023:11:42:21 +0800] "GET /xingrg/all/function/internal_message.html?_=1674272576267&CODE_STATE=getMsg HTTP/1.1" 200 27
114.88.159.190 - - [21/Jan/2023:11:42:23 +0800] "GET /xingrg/kc/buy/cgsh_order_operate.html?command=get_materiel&rest_code=00141&code=00101003037&supplier_code=00100091&order_time=2023-01-21 HTTP/1.1" 200 431
180.157.253.110 - - [21/Jan/2023:11:42:30 +0800] "GET /xingrg/all/function/internal_message.html?_=1674272563707&CODE_STATE=getMsg HTTP/1.1" 200 27
116.238.139.35 - - [21/Jan/2023:11:42:32 +0800] "GET /xingrg/all/function/internal_message.html?_=1674272565009&CODE_STATE=getMsg HTTP/1.1" 200 27
114.88.159.190 - - [21/Jan/2023:11:42:35 +0800] "POST /xingrg/kc/buy/cgsh_order_operate.html HTTP/1.1" 200 37
114.88.159.190 - - [21/Jan/2023:11:42:36 +0800] "POST /xingrg/kc/buy/cgsh_order_operate.html HTTP/1.1" 200 3850
114.88.159.190 - - [21/Jan/2023:11:42:38 +0800] "GET /xingrg/kc/print/load_data.html?order_code=212023012106636&kc_code=cgsh&condition= HTTP/1.1" 200 1214
222.70.183.204 - - [21/Jan/2023:11:42:42 +0800] "GET /xingrg/all/function/internal_message.html?_=1674272572326&CODE_STATE=getMsg HTTP/1.1" 200 27
222.70.183.204 - - [21/Jan/2023:11:42:42 +0800] "GET /xingrg/check_reg.html?_=1674272572329 HTTP/1.1" 200 22
114.88.159.190 - - [21/Jan/2023:11:42:46 +0800] "GET /xingrg/kc/buy/cgsh_order_add.html HTTP/1.1" 200 69701
114.88.159.190 - - [21/Jan/2023:11:42:46 +0800] "POST /xingrg/kc/buy/cgsh_order_operate.html HTTP/1.1" 200 8245
114.88.159.190 - - [21/Jan/2023:11:42:47 +0800] "GET /xingrg/javascript/easyui/themes/default/validatebox.css HTTP/1.1" 404 1104
116.230.105.139 - - [21/Jan/2023:11:42:54 +0800] "GET /xingrg/all/function/internal_message.html?_=1674272514422&CODE_STATE=getMsg HTTP/1.1" 200 27
101.83.145.75 - - [21/Jan/2023:11:42:58 +0800] "GET /xingrg/check_reg.html?_=1674272591397 HTTP/1.1" 200 22
101.83.145.75 - - [21/Jan/2023:11:42:58 +0800] "GET /xingrg/all/function/internal_message.html?_=1674272591399&CODE_STATE=getMsg HTTP/1.1" 200 27
114.88.159.190 - - [21/Jan/2023:11:42:58 +0800] "GET /xingrg/kc/buy/cgsh_order_operate.html?command=get_materiel&rest_code=00141&code=00101002007&supplier_code=00100442&order_time=2023-01-21 HTTP/1.1" 200 409
114.88.159.190 - - [21/Jan/2023:11:42:58 +0800] "GET /xingrg/all/function/internal_message.html?_=1674272168330&CODE_STATE=getMsg HTTP/1.1" 200 27
116.235.93.82 - - [21/Jan/2023:11:43:07 +0800] "POST /xingrg/services/DataTransmitService HTTP/1.1" 200 524
58.221.95.50 - - [21/Jan/2023:11:43:09 +0800] "GET /xingrg/all/function/internal_message.html?_=1674272602315&CODE_STATE=getMsg HTTP/1.1" 200 27
114.88.159.190 - - [21/Jan/2023:11:43:12 +0800] "POST /xingrg/kc/buy/cgsh_order_operate.html HTTP/1.1" 200 37
116.230.105.139 - - [21/Jan/2023:11:43:12 +0800] "GET /xingrg/check_reg.html?_=1674272532660 HTTP/1.1" 200 22
114.88.159.190 - - [21/Jan/2023:11:43:13 +0800] "POST /xingrg/kc/buy/cgsh_order_operate.html HTTP/1.1" 200 2656
114.88.159.190 - - [21/Jan/2023:11:43:14 +0800] "GET /xingrg/kc/print/load_data.html?order_code=212023012106637&kc_code=cgsh&condition= HTTP/1.1" 200 681
116.192.124.172 - - [21/Jan/2023:11:43:16 +0800] "GET /xingrg/all/function/internal_message.html?_=1674272609664&CODE_STATE=getMsg HTTP/1.1" 200 27
180.162.115.82 - - [21/Jan/2023:11:43:17 +0800] "GET /xingrg/all/function/internal_message.html?_=1674271578618&CODE_STATE=getMsg HTTP/1.1" 200 27
116.238.139.35 - - [21/Jan/2023:11:43:17 +0800] "GET /xingrg/all/function/internal_message.html?_=1674272534843&CODE_STATE=getMsg HTTP/1.1" 200 27
114.88.159.190 - - [21/Jan/2023:11:43:21 +0800] "GET /xingrg/kc/buy/cgsh_order_add.html HTTP/1.1" 200 69701
116.235.244.242 - - [21/Jan/2023:11:43:21 +0800] "GET /xingrg/all/function/internal_message.html?_=1674272636280&CODE_STATE=getMsg HTTP/1.1" 200 27
114.88.159.190 - - [21/Jan/2023:11:43:22 +0800] "POST /xingrg/kc/buy/cgsh_order_operate.html HTTP/1.1" 200 8245
114.88.159.190 - - [21/Jan/2023:11:43:22 +0800] "GET /xingrg/javascript/easyui/themes/default/validatebox.css HTTP/1.1" 404 1104
180.157.253.110 - - [21/Jan/2023:11:43:30 +0800] "GET /xingrg/all/function/internal_message.html?_=1674272623709&CODE_STATE=getMsg HTTP/1.1" 200 27
180.157.253.110 - - [21/Jan/2023:11:43:30 +0800] "GET /xingrg/check_reg.html?_=1674272623715 HTTP/1.1" 200 22
116.238.139.35 - - [21/Jan/2023:11:43:32 +0800] "GET /xingrg/all/function/internal_message.html?_=1674272625009&CODE_STATE=getMsg HTTP/1.1" 200 27
58.221.95.50 - - [21/Jan/2023:11:43:37 +0800] "GET /xingrg/check_reg.html?_=1674272630148 HTTP/1.1" 200 22
114.88.159.190 - - [21/Jan/2023:11:43:39 +0800] "GET /xingrg/kc/buy/cgsh_order_operate.html?command=get_materiel&rest_code=00141&code=00101004034&supplier_code=00100085&order_time=2023-01-21 HTTP/1.1" 200 434
222.70.183.204 - - [21/Jan/2023:11:43:42 +0800] "GET /xingrg/all/function/internal_message.html?_=1674272632339&CODE_STATE=getMsg HTTP/1.1" 200 27
114.88.159.190 - - [21/Jan/2023:11:43:51 +0800] "POST /xingrg/kc/buy/cgsh_order_operate.html HTTP/1.1" 200 37
116.230.105.139 - - [21/Jan/2023:11:43:54 +0800] "GET /xingrg/all/function/internal_message.html?_=1674272574413&CODE_STATE=getMsg HTTP/1.1" 200 27
114.88.159.190 - - [21/Jan/2023:11:43:56 +0800] "POST /xingrg/kc/buy/cgsh_order_operate.html HTTP/1.1" 200 2666
101.83.145.75 - - [21/Jan/2023:11:43:58 +0800] "GET /xingrg/all/function/internal_message.html?_=1674272651399&CODE_STATE=getMsg HTTP/1.1" 200 27
114.88.159.190 - - [21/Jan/2023:11:43:58 +0800] "GET /xingrg/kc/print/load_data.html?order_code=212023012106638&kc_code=cgsh&condition= HTTP/1.1" 200 746
114.88.159.190 - - [21/Jan/2023:11:43:59 +0800] "GET /xingrg/all/function/internal_message.html?_=1674272228728&CODE_STATE=getMsg HTTP/1.1" 200 27
58.221.95.50 - - [21/Jan/2023:11:44:09 +0800] "GET /xingrg/all/function/internal_message.html?_=1674272662296&CODE_STATE=getMsg HTTP/1.1" 200 27
116.238.139.35 - - [21/Jan/2023:11:44:16 +0800] "GET /xingrg/check_reg.html?_=1674272593995 HTTP/1.1" 200 22
116.192.124.172 - - [21/Jan/2023:11:44:16 +0800] "GET /xingrg/all/function/internal_message.html?_=1674272669667&CODE_STATE=getMsg HTTP/1.1" 200 27
180.162.115.82 - - [21/Jan/2023:11:44:17 +0800] "GET /xingrg/all/function/internal_message.html?_=1674271638618&CODE_STATE=getMsg HTTP/1.1" 200 27
116.238.139.35 - - [21/Jan/2023:11:44:17 +0800] "GET /xingrg/all/function/internal_message.html?_=1674272594857&CODE_STATE=getMsg HTTP/1.1" 200 27
116.235.244.242 - - [21/Jan/2023:11:44:21 +0800] "GET /xingrg/all/function/internal_message.html?_=1674272696378&CODE_STATE=getMsg HTTP/1.1" 200 27
222.70.183.204 - - [21/Jan/2023:11:44:30 +0800] "GET /xingrg/login.html HTTP/1.1" 200 7641
222.70.183.204 - - [21/Jan/2023:11:44:30 +0800] "GET /xingrg/images/blue/jxLogo.png HTTP/1.1" 200 6156
222.70.183.204 - - [21/Jan/2023:11:44:30 +0800] "GET /xingrg/images/blue/login_bg.png HTTP/1.1" 200 22101
222.70.183.204 - - [21/Jan/2023:11:44:30 +0800] "GET /xingrg/images/blue/hj.png HTTP/1.1" 200 1014
222.70.183.204 - - [21/Jan/2023:11:44:30 +0800] "GET /xingrg/images/blue/srbg.png HTTP/1.1" 200 138
222.70.183.204 - - [21/Jan/2023:11:44:30 +0800] "GET /favicon.ico HTTP/1.1" 404 -
180.157.253.110 - - [21/Jan/2023:11:44:30 +0800] "GET /xingrg/all/function/internal_message.html?_=1674272683716&CODE_STATE=getMsg HTTP/1.1" 200 27
116.238.139.35 - - [21/Jan/2023:11:44:32 +0800] "GET /xingrg/all/function/internal_message.html?_=1674272685017&CODE_STATE=getMsg HTTP/1.1" 200 27
222.70.183.204 - - [21/Jan/2023:11:44:35 +0800] "POST /xingrg/login.do HTTP/1.1" 302 -
222.70.183.204 - - [21/Jan/2023:11:44:35 +0800] "GET /xingrg/javascript/jquery-1.4.2.min.js HTTP/1.1" 200 72205
222.70.183.204 - - [21/Jan/2023:11:44:35 +0800] "GET /xingrg/index.html?sysBaseUrl=http%3A%2F%2F180.169.147.146%3A18081%2Fxingrg%2F&costTime=46×tamp=1674272675126 HTTP/1.1" 200 17419
222.70.183.204 - - [21/Jan/2023:11:44:35 +0800] "GET /xingrg/javascript/jquery_easy_ui/themes/default/easyui.css HTTP/1.1" 200 26500
222.70.183.204 - - [21/Jan/2023:11:44:35 +0800] "GET /xingrg/javascript/jquery.utils.js HTTP/1.1" 200 11805
222.70.183.204 - - [21/Jan/2023:11:44:35 +0800] "GET /xingrg/javascript/jquery_easy_ui/jquery.easyui.min.js HTTP/1.1" 200 213662
222.70.183.204 - - [21/Jan/2023:11:44:35 +0800] "GET /favicon.ico HTTP/1.1" 404 -
222.70.183.204 - - [21/Jan/2023:11:44:35 +0800] "GET /xingrg/javascript/jquery_easy_ui/easyui-lang-zh_CN.js HTTP/1.1" 200 1900
222.70.183.204 - - [21/Jan/2023:11:44:35 +0800] "GET /xingrg/javascript/jquery.form.js HTTP/1.1" 200 23110
222.70.183.204 - - [21/Jan/2023:11:44:35 +0800] "GET /xingrg/css/form.css HTTP/1.1" 200 893
222.70.183.204 - - [21/Jan/2023:11:44:35 +0800] "GET /xingrg/javascript/jquery.timers.js HTTP/1.1" 200 3532
222.70.183.204 - - [21/Jan/2023:11:44:35 +0800] "GET /xingrg/javascript/jquery_easy_ui/themes/icon.css HTTP/1.1" 200 3949
222.70.183.204 - - [21/Jan/2023:11:44:35 +0800] "GET /xingrg/javascript/jquery_easy_ui/themes/icons/settle_new.png HTTP/1.1" 200 826
222.70.183.204 - - [21/Jan/2023:11:44:35 +0800] "GET /xingrg/images/blue/navBackgound.jpg HTTP/1.1" 200 12378
222.70.183.204 - - [21/Jan/2023:11:44:35 +0800] "POST /xingrg/all/common/load_tree.html?tree=area_rest_tree_json&manage=1 HTTP/1.1" 200 470
222.70.183.204 - - [21/Jan/2023:11:44:35 +0800] "GET /xingrg/images/blue/pingpu.png HTTP/1.1" 200 231
222.70.183.204 - - [21/Jan/2023:11:44:35 +0800] "GET /xingrg/all/function/internal_message.html?_=1674272689456&CODE_STATE=count HTTP/1.1" 200 11
222.70.183.204 - - [21/Jan/2023:11:44:35 +0800] "GET /xingrg/check_reg.html?_=1674272689457 HTTP/1.1" 200 22
222.70.183.204 - - [21/Jan/2023:11:44:35 +0800] "GET /xingrg/javascript/jquery_easy_ui/themes/default/images/tabs_leftarrow.png HTTP/1.1" 200 389
222.70.183.204 - - [21/Jan/2023:11:44:35 +0800] "GET /xingrg/javascript/jquery_easy_ui/themes/default/images/panel_tool_collapse.gif HTTP/1.1" 200 246
222.70.183.204 - - [21/Jan/2023:11:44:35 +0800] "GET /xingrg/javascript/jquery_easy_ui/themes/default/images/tabs_rightarrow.png HTTP/1.1" 200 395
222.70.183.204 - - [21/Jan/2023:11:44:35 +0800] "GET /xingrg/javascript/jquery_easy_ui/themes/default/images/panel_tool_expand.gif HTTP/1.1" 200 247
222.70.183.204 - - [21/Jan/2023:11:44:35 +0800] "POST /xingrg/load_menu.html HTTP/1.1" 200 9959
222.70.183.204 - - [21/Jan/2023:11:44:35 +0800] "GET /xingrg/javascript/jquery_easy_ui/themes/default/images/tree_arrows.gif HTTP/1.1" 200 1043
222.70.183.204 - - [21/Jan/2023:11:44:35 +0800] "GET /xingrg/javascript/jquery_easy_ui/themes/default/images/tree_folder_open.gif HTTP/1.1" 200 956
222.70.183.204 - - [21/Jan/2023:11:44:35 +0800] "GET /xingrg/javascript/jquery_easy_ui/themes/icons/search_new.png HTTP/1.1" 200 586
222.70.183.204 - - [21/Jan/2023:11:44:35 +0800] "GET /xingrg/javascript/jquery_easy_ui/themes/default/images/tree_folder.gif HTTP/1.1" 200 952
222.70.183.204 - - [21/Jan/2023:11:44:35 +0800] "GET /xingrg/javascript/jquery_easy_ui/themes/icons/storage_new.png HTTP/1.1" 200 853
222.70.183.204 - - [21/Jan/2023:11:44:35 +0800] "GET /xingrg/javascript/jquery_easy_ui/themes/icons/checkout_new.png HTTP/1.1" 200 744
222.70.183.204 - - [21/Jan/2023:11:44:35 +0800] "GET /xingrg/javascript/jquery_easy_ui/themes/icons/forms_new.png HTTP/1.1" 200 350
222.70.183.204 - - [21/Jan/2023:11:44:35 +0800] "GET /xingrg/javascript/jquery_easy_ui/themes/icons/setting_new.png HTTP/1.1" 200 450
222.70.183.204 - - [21/Jan/2023:11:44:35 +0800] "GET /xingrg/javascript/jquery_easy_ui/themes/icons/systemset_new.png HTTP/1.1" 200 606
222.70.183.204 - - [21/Jan/2023:11:44:35 +0800] "GET /xingrg/javascript/jquery_easy_ui/themes/default/images/tree_file.gif HTTP/1.1" 200 118
222.70.183.204 - - [21/Jan/2023:11:44:36 +0800] "GET /xingrg/javascript/jquery_easy_ui/themes/icons/area.png HTTP/1.1" 200 262
222.70.183.204 - - [21/Jan/2023:11:44:36 +0800] "GET /xingrg/javascript/jquery_easy_ui/themes/icons/rest.png HTTP/1.1" 200 695
222.70.183.204 - - [21/Jan/2023:11:44:36 +0800] "GET /xingrg/javascript/jquery_easy_ui/themes/default/images/button_span_bg.gif HTTP/1.1" 200 2061
222.70.183.204 - - [21/Jan/2023:11:44:36 +0800] "GET /xingrg/javascript/jquery_easy_ui/themes/default/images/button_a_bg.gif HTTP/1.1" 200 1194
222.70.183.204 - - [21/Jan/2023:11:44:36 +0800] "GET /xingrg/javascript/jquery_easy_ui/themes/default/images/panel_title.png HTTP/1.1" 200 266
222.70.183.204 - - [21/Jan/2023:11:44:36 +0800] "GET /xingrg/javascript/jquery_easy_ui/themes/icons/ok.png HTTP/1.1" 200 883
222.70.183.204 - - [21/Jan/2023:11:44:36 +0800] "GET /xingrg/javascript/jquery_easy_ui/themes/default/images/panel_tools.gif HTTP/1.1" 200 737
222.70.183.204 - - [21/Jan/2023:11:44:38 +0800] "GET /xingrg/images/control/ajaxLoader.gif HTTP/1.1" 200 4659
222.70.183.204 - - [21/Jan/2023:11:44:38 +0800] "POST /xingrg/all/user/operate.html HTTP/1.1" 200 36
222.70.183.204 - - [21/Jan/2023:11:44:38 +0800] "GET /xingrg/javascript/jquery_easy_ui/themes/default/easyui.css HTTP/1.1" 304 -
222.70.183.204 - - [21/Jan/2023:11:44:38 +0800] "GET /xingrg/javascript/jquery_easy_ui/jquery.easyui.min.js HTTP/1.1" 304 -
222.70.183.204 - - [21/Jan/2023:11:44:38 +0800] "GET /xingrg/css/form.css HTTP/1.1" 304 -
222.70.183.204 - - [21/Jan/2023:11:44:38 +0800] "GET /xingrg/javascript/jquery_easy_ui/themes/icon.css HTTP/1.1" 304 -
222.70.183.204 - - [21/Jan/2023:11:44:38 +0800] "GET /xingrg/javascript/jquery_easy_ui/easyui-lang-zh_CN.js HTTP/1.1" 304 -
222.70.183.204 - - [21/Jan/2023:11:44:38 +0800] "GET /xingrg/javascript/jquery-1.4.2.min.js HTTP/1.1" 304 -
222.70.183.204 - - [21/Jan/2023:11:44:38 +0800] "GET /xingrg/javascript/jquery.timers.js HTTP/1.1" 304 -
222.70.183.204 - - [21/Jan/2023:11:44:38 +0800] "GET /xingrg/index.html?sysBaseUrl=http%3A%2F%2F180.169.147.146%3A18081%2Fxingrg%2F&costTime=46×tamp=1674272675126 HTTP/1.1" 200 17413
222.70.183.204 - - [21/Jan/2023:11:44:38 +0800] "GET /xingrg/javascript/jquery.form.js HTTP/1.1" 304 -
222.70.183.204 - - [21/Jan/2023:11:44:38 +0800] "GET /xingrg/javascript/jquery.utils.js HTTP/1.1" 304 -
222.70.183.204 - - [21/Jan/2023:11:44:38 +0800] "GET /xingrg/images/blue/jxLogo.png HTTP/1.1" 304 -
222.70.183.204 - - [21/Jan/2023:11:44:38 +0800] "GET /xingrg/javascript/jquery_easy_ui/themes/icons/settle_new.png HTTP/1.1" 304 -
222.70.183.204 - - [21/Jan/2023:11:44:38 +0800] "GET /xingrg/images/blue/navBackgound.jpg HTTP/1.1" 304 -
222.70.183.204 - - [21/Jan/2023:11:44:38 +0800] "POST /xingrg/all/common/load_tree.html?tree=area_rest_tree_json&manage=1 HTTP/1.1" 200 470
222.70.183.204 - - [21/Jan/2023:11:44:38 +0800] "GET /xingrg/check_reg.html?_=1674272692260 HTTP/1.1" 200 22
222.70.183.204 - - [21/Jan/2023:11:44:38 +0800] "GET /xingrg/all/function/internal_message.html?_=1674272692259&CODE_STATE=count HTTP/1.1" 200 11
222.70.183.204 - - [21/Jan/2023:11:44:38 +0800] "GET /xingrg/javascript/jquery_easy_ui/themes/default/images/panel_tool_collapse.gif HTTP/1.1" 304 -
222.70.183.204 - - [21/Jan/2023:11:44:38 +0800] "GET /xingrg/javascript/jquery_easy_ui/themes/default/images/tabs_rightarrow.png HTTP/1.1" 304 -
222.70.183.204 - - [21/Jan/2023:11:44:38 +0800] "GET /xingrg/javascript/jquery_easy_ui/themes/default/images/panel_tool_expand.gif HTTP/1.1" 304 -
222.70.183.204 - - [21/Jan/2023:11:44:38 +0800] "GET /xingrg/images/blue/pingpu.png HTTP/1.1" 304 -
222.70.183.204 - - [21/Jan/2023:11:44:38 +0800] "GET /xingrg/javascript/jquery_easy_ui/themes/default/images/tabs_leftarrow.png HTTP/1.1" 304 -
222.70.183.204 - - [21/Jan/2023:11:44:38 +0800] "POST /xingrg/load_menu.html HTTP/1.1" 200 9959
222.70.183.204 - - [21/Jan/2023:11:44:39 +0800] "GET /xingrg/kc/report/report_main.html HTTP/1.1" 200 7340
222.70.183.204 - - [21/Jan/2023:11:44:39 +0800] "GET /xingrg/javascript/jquery_easy_ui/themes/default/images/tabs_close.gif HTTP/1.1" 200 829
222.70.183.204 - - [21/Jan/2023:11:44:39 +0800] "GET /xingrg/javascript/pic_change.js HTTP/1.1" 200 4739
222.70.183.204 - - [21/Jan/2023:11:44:39 +0800] "GET /xingrg/css/blue.css HTTP/1.1" 200 15949
222.70.183.204 - - [21/Jan/2023:11:44:39 +0800] "GET /xingrg/javascript/json2.js HTTP/1.1" 200 11259
222.70.183.204 - - [21/Jan/2023:11:44:39 +0800] "GET /xingrg/javascript/jquery_ui/themes/humanity/humanity.css HTTP/1.1" 200 27801
222.70.183.204 - - [21/Jan/2023:11:44:39 +0800] "GET /xingrg/javascript/myfunction.js HTTP/1.1" 200 24559
222.70.183.204 - - [21/Jan/2023:11:44:39 +0800] "GET /xingrg/javascript/jquery_easy_ui/themes/icons/back_new.png HTTP/1.1" 200 3414
222.70.183.204 - - [21/Jan/2023:11:44:40 +0800] "GET /xingrg/all/report/report_query.html?fileName=kc/buy/gys_amount.xml&rh=99999 HTTP/1.1" 200 52006
222.70.183.204 - - [21/Jan/2023:11:44:40 +0800] "GET /xingrg/javascript/multi_select/jqueryMultiSelect.css HTTP/1.1" 200 951
222.70.183.204 - - [21/Jan/2023:11:44:40 +0800] "GET /xingrg/javascript/calendar/timePicker.css HTTP/1.1" 200 523
222.70.183.204 - - [21/Jan/2023:11:44:40 +0800] "GET /xingrg/javascript/bigrid/fix.css HTTP/1.1" 200 1702
222.70.183.204 - - [21/Jan/2023:11:44:40 +0800] "GET /xingrg/javascript/calendar/jquery.timePicker.min.js HTTP/1.1" 200 2997
222.70.183.204 - - [21/Jan/2023:11:44:40 +0800] "GET /xingrg/javascript/bigrid/fix.js HTTP/1.1" 200 6439
222.70.183.204 - - [21/Jan/2023:11:44:40 +0800] "GET /xingrg/dwr/interface/AjaxReportQueryService.js HTTP/1.1" 200 13203
222.70.183.204 - - [21/Jan/2023:11:44:40 +0800] "GET /xingrg/javascript/jqueryMultiSelect.js HTTP/1.1" 200 11866
222.70.183.204 - - [21/Jan/2023:11:44:40 +0800] "GET /xingrg/javascript/Calendar.js HTTP/1.1" 200 31561
222.70.183.204 - - [21/Jan/2023:11:44:40 +0800] "GET /xingrg/dwr/util.js HTTP/1.1" 200 35990
222.70.183.204 - - [21/Jan/2023:11:44:40 +0800] "GET /xingrg/dwr/engine.js HTTP/1.1" 200 43631
222.70.183.204 - - [21/Jan/2023:11:44:40 +0800] "GET /xingrg/images/blue/button/advanceover.gif HTTP/1.1" 200 1347
222.70.183.204 - - [21/Jan/2023:11:44:40 +0800] "GET /xingrg/images/blue/button/advance2over.gif HTTP/1.1" 200 1336
222.70.183.204 - - [21/Jan/2023:11:44:40 +0800] "GET /xingrg/images/blue/button/backover.gif HTTP/1.1" 200 1348
222.70.183.204 - - [21/Jan/2023:11:44:40 +0800] "GET /xingrg/images/blue/button/back2over.gif HTTP/1.1" 200 1335
222.70.183.204 - - [21/Jan/2023:11:44:40 +0800] "GET /xingrg/images/control/loading.gif HTTP/1.1" 200 13463
222.70.183.204 - - [21/Jan/2023:11:44:40 +0800] "GET /xingrg/javascript/jquery_easy_ui/themes/icons/help.png HTTP/1.1" 200 1187
222.70.183.204 - - [21/Jan/2023:11:44:40 +0800] "GET /xingrg/javascript/jquery_easy_ui/themes/default/images/menu.gif HTTP/1.1" 200 834
222.70.183.204 - - [21/Jan/2023:11:44:40 +0800] "GET /xingrg/javascript/jquery_easy_ui/themes/icons/print.png HTTP/1.1" 200 1057
222.70.183.204 - - [21/Jan/2023:11:44:40 +0800] "GET /xingrg/javascript/jquery_easy_ui/themes/default/images/menu_downarrow.png HTTP/1.1" 200 173
222.70.183.204 - - [21/Jan/2023:11:44:40 +0800] "GET /xingrg/javascript/jquery_easy_ui/themes/icons/pencil.png HTTP/1.1" 200 713
222.70.183.204 - - [21/Jan/2023:11:44:40 +0800] "GET /xingrg/javascript/jquery_easy_ui/themes/default/images/menu_rightarrow.png HTTP/1.1" 200 3617
222.70.183.204 - - [21/Jan/2023:11:44:40 +0800] "POST /xingrg/dwr/call/plaincall/AjaxReportQueryService.getFixDate.dwr HTTP/1.1" 200 111
222.70.183.204 - - [21/Jan/2023:11:44:40 +0800] "GET /xingrg/javascript/jquery_easy_ui/themes/default/images/combo_arrow_dot.gif HTTP/1.1" 200 79
222.70.183.204 - - [21/Jan/2023:11:44:40 +0800] "POST /xingrg/all/common/load_tree.html?tree=supplier_tree_json&manage=1 HTTP/1.1" 200 72297
222.70.183.204 - - [21/Jan/2023:11:44:40 +0800] "POST /xingrg/all/common/load_tree.html?tree=materiel_sort_tree_json HTTP/1.1" 200 9500
222.70.183.204 - - [21/Jan/2023:11:44:41 +0800] "GET /xingrg/javascript/jquery_easy_ui/themes/default/images/tree_checkbox_0.gif HTTP/1.1" 200 168
222.70.183.204 - - [21/Jan/2023:11:44:42 +0800] "POST /xingrg/dwr/call/plaincall/AjaxReportQueryService.getInitString.dwr HTTP/1.1" 200 1002
222.70.183.204 - - [21/Jan/2023:11:44:42 +0800] "GET /xingrg/javascript/multi_select/dropdown.gif HTTP/1.1" 200 61
222.70.183.204 - - [21/Jan/2023:11:44:42 +0800] "GET /xingrg/all/function/internal_message.html?_=1674272692338&CODE_STATE=getMsg HTTP/1.1" 200 27
222.70.183.204 - - [21/Jan/2023:11:44:44 +0800] "POST /xingrg/dwr/call/plaincall/AjaxReportQueryService.getFixDate.dwr HTTP/1.1" 200 111
114.88.159.190 - - [21/Jan/2023:11:44:48 +0800] "POST /xingrg/kc/buy/cgsh_order_operate.html HTTP/1.1" 200 37
114.88.159.190 - - [21/Jan/2023:11:44:51 +0800] "POST /xingrg/kc/buy/cgsh_order_operate.html HTTP/1.1" 200 2666
116.230.105.139 - - [21/Jan/2023:11:44:54 +0800] "GET /xingrg/all/function/internal_message.html?_=1674272634387&CODE_STATE=getMsg HTTP/1.1" 200 27
114.88.159.190 - - [21/Jan/2023:11:44:55 +0800] "GET /xingrg/kc/buy/cgsh_order_add.html HTTP/1.1" 200 69701
114.88.159.190 - - [21/Jan/2023:11:44:56 +0800] "POST /xingrg/kc/buy/cgsh_order_operate.html HTTP/1.1" 200 8245
114.88.159.190 - - [21/Jan/2023:11:44:56 +0800] "GET /xingrg/javascript/easyui/themes/default/validatebox.css HTTP/1.1" 404 1104
101.83.145.75 - - [21/Jan/2023:11:44:58 +0800] "GET /xingrg/all/function/internal_message.html?_=1674272711399&CODE_STATE=getMsg HTTP/1.1" 200 27
114.88.159.190 - - [21/Jan/2023:11:44:58 +0800] "GET /xingrg/check_reg.html?_=1674272288340 HTTP/1.1" 200 22
114.88.159.190 - - [21/Jan/2023:11:44:59 +0800] "GET /xingrg/all/function/internal_message.html?_=1674272288726&CODE_STATE=getMsg HTTP/1.1" 200 27
58.221.95.50 - - [21/Jan/2023:11:45:09 +0800] "GET /xingrg/all/function/internal_message.html?_=1674272722291&CODE_STATE=getMsg HTTP/1.1" 200 27
116.192.124.172 - - [21/Jan/2023:11:45:16 +0800] "GET /xingrg/check_reg.html?_=1674272729670 HTTP/1.1" 200 22
116.192.124.172 - - [21/Jan/2023:11:45:16 +0800] "GET /xingrg/all/function/internal_message.html?_=1674272729672&CODE_STATE=getMsg HTTP/1.1" 200 27
180.162.115.82 - - [21/Jan/2023:11:45:17 +0800] "GET /xingrg/all/function/internal_message.html?_=1674271698618&CODE_STATE=getMsg HTTP/1.1" 200 27
116.238.139.35 - - [21/Jan/2023:11:45:17 +0800] "GET /xingrg/all/function/internal_message.html?_=1674272654886&CODE_STATE=getMsg HTTP/1.1" 200 27
116.235.244.242 - - [21/Jan/2023:11:45:21 +0800] "GET /xingrg/all/function/internal_message.html?_=1674272756385&CODE_STATE=getMsg HTTP/1.1" 200 27
114.88.159.190 - - [21/Jan/2023:11:45:28 +0800] "GET /xingrg/kc/buy/cgsh_order_operate.html?command=get_materiel&rest_code=00141&code=00101004051&supplier_code=00100312&order_time=2023-01-21 HTTP/1.1" 200 408
180.157.253.110 - - [21/Jan/2023:11:45:30 +0800] "GET /xingrg/all/function/internal_message.html?_=1674272743703&CODE_STATE=getMsg HTTP/1.1" 200 27
116.238.139.35 - - [21/Jan/2023:11:45:32 +0800] "GET /xingrg/all/function/internal_message.html?_=1674272745018&CODE_STATE=getMsg HTTP/1.1" 200 27
222.70.183.204 - - [21/Jan/2023:11:45:38 +0800] "GET /xingrg/all/function/internal_message.html?_=1674272752306&CODE_STATE=getMsg HTTP/1.1" 200 27
222.70.183.204 - - [21/Jan/2023:11:45:42 +0800] "GET /xingrg/all/function/internal_message.html?_=1674272752339&CODE_STATE=getMsg HTTP/1.1" 200 27
114.88.159.190 - - [21/Jan/2023:11:45:44 +0800] "GET /xingrg/kc/buy/cgsh_order_operate.html?command=get_materiel&rest_code=00141&code=00101004046&supplier_code=00100312&order_time=2023-01-21 HTTP/1.1" 200 417
222.70.183.204 - - [21/Jan/2023:11:45:48 +0800] "POST /xingrg/services/DataTransmitService HTTP/1.1" 200 524
222.70.183.204 - - [21/Jan/2023:11:45:49 +0800] "POST /xingrg/services/DataTransmitService HTTP/1.1" 200 501
222.70.183.204 - - [21/Jan/2023:11:45:49 +0800] "POST /xingrg/services/DataTransmitService HTTP/1.1" 200 501
222.70.183.204 - - [21/Jan/2023:11:45:49 +0800] "POST /xingrg/services/DataTransmitService HTTP/1.1" 200 501
222.70.183.204 - - [21/Jan/2023:11:45:49 +0800] "POST /xingrg/services/DataTransmitService HTTP/1.1" 200 501
222.70.183.204 - - [21/Jan/2023:11:45:49 +0800] "POST /xingrg/services/DataTransmitService HTTP/1.1" 200 501
222.70.183.204 - - [21/Jan/2023:11:45:50 +0800] "POST /xingrg/services/DataTransmitService HTTP/1.1" 200 412
116.230.105.139 - - [21/Jan/2023:11:45:54 +0800] "GET /xingrg/all/function/internal_message.html?_=1674272694361&CODE_STATE=getMsg HTTP/1.1" 200 27
114.83.219.248 - - [21/Jan/2023:11:45:55 +0800] "GET /xingrg/check_reg.html?_=1674272765142 HTTP/1.1" 200 22
222.70.183.204 - - [21/Jan/2023:11:45:56 +0800] "GET /xingrg/javascript/jquery_easy_ui/themes/default/images/tabs_active.png HTTP/1.1" 200 2894
101.83.145.75 - - [21/Jan/2023:11:45:58 +0800] "GET /xingrg/all/function/internal_message.html?_=1674272771425&CODE_STATE=getMsg HTTP/1.1" 200 27
114.88.159.190 - - [21/Jan/2023:11:45:58 +0800] "GET /xingrg/kc/buy/cgsh_order_operate.html?command=get_materiel&rest_code=00141&code=00101004071&supplier_code=00100312&order_time=2023-01-21 HTTP/1.1" 200 409
114.88.159.190 - - [21/Jan/2023:11:45:59 +0800] "GET /xingrg/all/function/internal_message.html?_=1674272348714&CODE_STATE=getMsg HTTP/1.1" 200 27
114.88.159.190 - - [21/Jan/2023:11:46:07 +0800] "GET /xingrg/kc/buy/cgsh_order_operate.html?command=get_materiel&rest_code=00141&code=00101005017&supplier_code=00100312&order_time=2023-01-21 HTTP/1.1" 200 409
222.70.183.204 - - [21/Jan/2023:11:46:09 +0800] "GET /xingrg/javascript/jquery_easy_ui/themes/default/images/tree_checkbox_1.gif HTTP/1.1" 200 174
222.70.183.204 - - [21/Jan/2023:11:46:09 +0800] "GET /xingrg/javascript/jquery_easy_ui/themes/default/images/tree_checkbox_2.gif HTTP/1.1" 200 181
222.70.183.204 - - [21/Jan/2023:11:46:09 +0800] "GET /xingrg/javascript/jquery_easy_ui/themes/default/images/button_plain_hover.png HTTP/1.1" 200 252
58.221.95.50 - - [21/Jan/2023:11:46:09 +0800] "GET /xingrg/all/function/internal_message.html?_=1674272782279&CODE_STATE=getMsg HTTP/1.1" 200 27
222.70.183.204 - - [21/Jan/2023:11:46:10 +0800] "POST /xingrg/dwr/call/plaincall/AjaxReportQueryService.refreshCache.dwr HTTP/1.1" 200 78
222.70.183.204 - - [21/Jan/2023:11:46:11 +0800] "POST /xingrg/all/report/load_report_page.html HTTP/1.1" 200 8908
222.70.183.204 - - [21/Jan/2023:11:46:11 +0800] "GET /xingrg/servlets/image?cache=0.8687617642576871&image=px HTTP/1.1" 200 807
222.70.183.204 - - [21/Jan/2023:11:46:12 +0800] "GET /xingrg/all/report/report_query.html?isQuery=1&fileName=kc/buy/wlcg_cate_hz.xml&queryString=(CONVERT(char(10)%252Ca.order_time%252C%2520120)%253E%253D'2022-12-01')%2520and%2520(CONVERT(char(10)%252Ca.order_time%252C%2520120)%253C%253D'2022-12-31')%2520and%2520(a.supplier_code%2520in%2520('00100017'))%2520and%2520(a.supplier_code%253D'00100017')&queryText=%25E3%2580%2590%25E9%2587%2587%25E8%25B4%25AD%25E6%2597%25A5%25E6%259C%259F%253A2022-12-01%2520%25E8%2587%25B3%25202022-12-31%25E3%2580%2591%2520%25E5%25B9%25B6%25E4%25B8%2594%2520%2520%25E3%2580%2590%25E4%25BE%259B%25E5%25BA%2594%25E5%2595%2586%2520%253D%2520%25E9%2585%2592%25E6%25B0%25B4%25EF%25BC%2588%25E9%25BE%2599%25E5%25B7%259D%25EF%25BC%2589%25E3%2580%2591%2520%25E5%25B9%25B6%25E4%25B8%2594%2520%25E3%2580%2590%25E4%25BE%259B%25E5%25BA%2594%25E5%2595%2586%253D%25E9%2585%2592%25E6%25B0%25B4%25EF%25BC%2588%25E9%25BE%2599%25E5%25B7%259D%25EF%25BC%2589%25E3%2580%2591 HTTP/1.1" 200 54457
222.70.183.204 - - [21/Jan/2023:11:46:12 +0800] "GET /xingrg/dwr/interface/AjaxReportQueryService.js HTTP/1.1" 200 13203
222.70.183.204 - - [21/Jan/2023:11:46:12 +0800] "GET /xingrg/dwr/engine.js HTTP/1.1" 200 43631
222.70.183.204 - - [21/Jan/2023:11:46:15 +0800] "POST /xingrg/all/report/load_report_page.html HTTP/1.1" 200 8722
222.70.183.204 - - [21/Jan/2023:11:46:15 +0800] "GET /xingrg/servlets/image?cache=0.29743006901161195&image=px HTTP/1.1" 200 807
222.70.183.204 - - [21/Jan/2023:11:46:15 +0800] "POST /xingrg/all/report/load_report_page.html HTTP/1.1" 200 50560
222.70.183.204 - - [21/Jan/2023:11:46:15 +0800] "GET /xingrg/servlets/image?cache=0.41229209955296686&image=px HTTP/1.1" 200 807
116.192.124.172 - - [21/Jan/2023:11:46:16 +0800] "GET /xingrg/all/function/internal_message.html?_=1674272789648&CODE_STATE=getMsg HTTP/1.1" 200 27
180.162.115.82 - - [21/Jan/2023:11:46:17 +0800] "GET /xingrg/all/function/internal_message.html?_=1674271758618&CODE_STATE=getMsg HTTP/1.1" 200 27
116.238.139.35 - - [21/Jan/2023:11:46:17 +0800] "GET /xingrg/all/function/internal_message.html?_=1674272714899&CODE_STATE=getMsg HTTP/1.1" 200 27
116.235.244.242 - - [21/Jan/2023:11:46:19 +0800] "GET /xingrg/check_reg.html?_=1674272813988 HTTP/1.1" 200 22
222.70.183.204 - - [21/Jan/2023:11:46:19 +0800] "GET /xingrg/all/report/report_query.html?isQuery=1&fileName=kc/buy/wlcg_cate_hz.xml&queryString=(CONVERT(char(10)%252Ca.order_time%252C%2520120)%253E%253D'2022-12-01')%2520and%2520(CONVERT(char(10)%252Ca.order_time%252C%2520120)%253C%253D'2022-12-31')%2520and%2520(a.supplier_code%2520in%2520('00100017'))%2520and%2520(a.supplier_code%253D'00100017')&queryText=%25E3%2580%2590%25E9%2587%2587%25E8%25B4%25AD%25E6%2597%25A5%25E6%259C%259F%253A2022-12-01%2520%25E8%2587%25B3%25202022-12-31%25E3%2580%2591%2520%25E5%25B9%25B6%25E4%25B8%2594%2520%2520%25E3%2580%2590%25E4%25BE%259B%25E5%25BA%2594%25E5%2595%2586%2520%253D%2520%25E9%2585%2592%25E6%25B0%25B4%25EF%25BC%2588%25E9%25BE%2599%25E5%25B7%259D%25EF%25BC%2589%25E3%2580%2591%2520%25E5%25B9%25B6%25E4%25B8%2594%2520%25E3%2580%2590%25E4%25BE%259B%25E5%25BA%2594%25E5%2595%2586%253D%25E9%2585%2592%25E6%25B0%25B4%25EF%25BC%2588%25E9%25BE%2599%25E5%25B7%259D%25EF%25BC%2589%25E3%2580%2591 HTTP/1.1" 200 54457
222.70.183.204 - - [21/Jan/2023:11:46:19 +0800] "GET /xingrg/dwr/interface/AjaxReportQueryService.js HTTP/1.1" 200 13203
222.70.183.204 - - [21/Jan/2023:11:46:19 +0800] "GET /xingrg/dwr/engine.js HTTP/1.1" 200 43631
222.70.183.204 - - [21/Jan/2023:11:46:20 +0800] "POST /xingrg/all/report/load_report_page.html HTTP/1.1" 200 50545
222.70.183.204 - - [21/Jan/2023:11:46:20 +0800] "POST /xingrg/all/report/load_report_page.html HTTP/1.1" 200 8714
222.70.183.204 - - [21/Jan/2023:11:46:20 +0800] "GET /xingrg/servlets/image?cache=0.9327125591174754&image=px HTTP/1.1" 200 807
222.70.183.204 - - [21/Jan/2023:11:46:20 +0800] "GET /xingrg/servlets/image?cache=0.6728217317719524&image=px HTTP/1.1" 200 807
116.235.244.242 - - [21/Jan/2023:11:46:21 +0800] "GET /xingrg/all/function/internal_message.html?_=1674272816398&CODE_STATE=getMsg HTTP/1.1" 200 27
114.88.159.190 - - [21/Jan/2023:11:46:22 +0800] "GET /xingrg/kc/buy/cgsh_order_operate.html?command=get_materiel&rest_code=00141&code=00101004050&supplier_code=00100312&order_time=2023-01-21 HTTP/1.1" 200 409
222.70.183.204 - - [21/Jan/2023:11:46:24 +0800] "POST /xingrg/dwr/call/plaincall/AjaxReportQueryService.refreshCache.dwr HTTP/1.1" 200 78
222.70.183.204 - - [21/Jan/2023:11:46:25 +0800] "POST /xingrg/all/report/load_report_page.html HTTP/1.1" 200 8916
222.70.183.204 - - [21/Jan/2023:11:46:25 +0800] "GET /xingrg/servlets/image?cache=0.11546993621030244&image=px HTTP/1.1" 200 807
222.70.183.204 - - [21/Jan/2023:11:46:26 +0800] "GET /xingrg/all/report/report_query.html?isQuery=1&fileName=kc/buy/wlcg_cate_hz.xml&queryString=(CONVERT(char(10)%252Ca.order_time%252C%2520120)%253E%253D'2022-12-01')%2520and%2520(CONVERT(char(10)%252Ca.order_time%252C%2520120)%253C%253D'2022-12-31')%2520and%2520(a.supplier_code%2520in%2520('00100017'))%2520and%2520(a.supplier_code%253D'00100017')&queryText=%25E3%2580%2590%25E9%2587%2587%25E8%25B4%25AD%25E6%2597%25A5%25E6%259C%259F%253A2022-12-01%2520%25E8%2587%25B3%25202022-12-31%25E3%2580%2591%2520%25E5%25B9%25B6%25E4%25B8%2594%2520%2520%25E3%2580%2590%25E4%25BE%259B%25E5%25BA%2594%25E5%2595%2586%2520%253D%2520%25E9%2585%2592%25E6%25B0%25B4%25EF%25BC%2588%25E9%25BE%2599%25E5%25B7%259D%25EF%25BC%2589%25E3%2580%2591%2520%25E5%25B9%25B6%25E4%25B8%2594%2520%25E3%2580%2590%25E4%25BE%259B%25E5%25BA%2594%25E5%2595%2586%253D%25E9%2585%2592%25E6%25B0%25B4%25EF%25BC%2588%25E9%25BE%2599%25E5%25B7%259D%25EF%25BC%2589%25E3%2580%2591 HTTP/1.1" 200 54457
222.70.183.204 - - [21/Jan/2023:11:46:26 +0800] "GET /xingrg/dwr/interface/AjaxReportQueryService.js HTTP/1.1" 200 13203
222.70.183.204 - - [21/Jan/2023:11:46:26 +0800] "GET /xingrg/dwr/engine.js HTTP/1.1" 200 43631
222.70.183.204 - - [21/Jan/2023:11:46:26 +0800] "POST /xingrg/all/report/load_report_page.html HTTP/1.1" 200 8722
222.70.183.204 - - [21/Jan/2023:11:46:26 +0800] "GET /xingrg/servlets/image?cache=0.12335681582716052&image=px HTTP/1.1" 200 807
222.70.183.204 - - [21/Jan/2023:11:46:28 +0800] "POST /xingrg/all/report/load_report_page.html HTTP/1.1" 200 50545
222.70.183.204 - - [21/Jan/2023:11:46:28 +0800] "GET /xingrg/servlets/image?cache=0.5151898621563524&image=px HTTP/1.1" 200 807
180.157.253.110 - - [21/Jan/2023:11:46:30 +0800] "GET /xingrg/all/function/internal_message.html?_=1674272803706&CODE_STATE=getMsg HTTP/1.1" 200 27
222.70.183.204 - - [21/Jan/2023:11:46:31 +0800] "POST /xingrg/all/report/report_print.html HTTP/1.1" 302 -
222.70.183.204 - - [21/Jan/2023:11:46:31 +0800] "GET /xingrg/servlets/image?image=px HTTP/1.1" 200 807
222.70.183.204 - - [21/Jan/2023:11:46:31 +0800] "GET /xingrg/servlets/html?sysBaseUrl=http%3A%2F%2F180.169.147.146%3A18081%2Fxingrg%2F&costTime=392×tamp=1674272791698 HTTP/1.1" 200 49438
222.70.183.204 - - [21/Jan/2023:11:46:31 +0800] "GET /favicon.ico HTTP/1.1" 404 -
116.238.139.35 - - [21/Jan/2023:11:46:32 +0800] "GET /xingrg/all/function/internal_message.html?_=1674272805020&CODE_STATE=getMsg HTTP/1.1" 200 27
116.238.139.35 - - [21/Jan/2023:11:46:32 +0800] "GET /xingrg/check_reg.html?_=1674272805024 HTTP/1.1" 200 22
222.70.183.204 - - [21/Jan/2023:11:46:38 +0800] "GET /xingrg/all/function/internal_message.html?_=1674272812289&CODE_STATE=getMsg HTTP/1.1" 200 27
222.70.183.204 - - [21/Jan/2023:11:46:42 +0800] "GET /xingrg/all/function/internal_message.html?_=1674272812364&CODE_STATE=getMsg HTTP/1.1" 200 27
180.157.253.110 - - [21/Jan/2023:11:46:43 +0800] "POST /xingrg/services/DataTransmitService HTTP/1.1" 200 524
180.157.253.110 - - [21/Jan/2023:11:46:44 +0800] "POST /xingrg/services/DataTransmitService HTTP/1.1" 200 501
180.157.253.110 - - [21/Jan/2023:11:46:44 +0800] "POST /xingrg/services/DataTransmitService HTTP/1.1" 200 501
180.157.253.110 - - [21/Jan/2023:11:46:45 +0800] "POST /xingrg/services/DataTransmitService HTTP/1.1" 200 501
180.157.253.110 - - [21/Jan/2023:11:46:45 +0800] "POST /xingrg/services/DataTransmitService HTTP/1.1" 200 501
180.157.253.110 - - [21/Jan/2023:11:46:45 +0800] "POST /xingrg/services/DataTransmitService HTTP/1.1" 200 501
180.157.253.110 - - [21/Jan/2023:11:46:46 +0800] "POST /xingrg/services/DataTransmitService HTTP/1.1" 200 501
114.88.159.190 - - [21/Jan/2023:11:46:46 +0800] "GET /xingrg/kc/buy/cgsh_order_operate.html?command=get_materiel&rest_code=00141&code=00101004030&supplier_code=00100312&order_time=2023-01-21 HTTP/1.1" 200 423
180.157.253.110 - - [21/Jan/2023:11:46:46 +0800] "POST /xingrg/services/DataTransmitService HTTP/1.1" 200 412
116.230.105.139 - - [21/Jan/2023:11:46:54 +0800] "GET /xingrg/all/function/internal_message.html?_=1674272754336&CODE_STATE=getMsg HTTP/1.1" 200 27
114.83.219.248 - - [21/Jan/2023:11:46:55 +0800] "GET /xingrg/kc/base/wldb_order_list.html HTTP/1.1" 200 19145
114.83.219.248 - - [21/Jan/2023:11:46:55 +0800] "POST /xingrg/kc/base/wldb_list_operate.html HTTP/1.1" 200 928
114.83.219.248 - - [21/Jan/2023:11:46:57 +0800] "GET /xingrg/kc/base/wldb_order_add.html HTTP/1.1" 200 30428
114.83.219.248 - - [21/Jan/2023:11:46:57 +0800] "POST /xingrg/kc/base/wldb_order_operate.html HTTP/1.1" 200 6806
114.88.159.190 - - [21/Jan/2023:11:46:57 +0800] "GET /xingrg/kc/buy/cgsh_order_operate.html?command=get_materiel&rest_code=00141&code=00101004057&supplier_code=00100312&order_time=2023-01-21 HTTP/1.1" 200 409
114.83.219.248 - - [21/Jan/2023:11:46:57 +0800] "GET /xingrg/javascript/easyui/themes/default/validatebox.css HTTP/1.1" 404 1104
101.83.145.75 - - [21/Jan/2023:11:46:58 +0800] "GET /xingrg/all/function/internal_message.html?_=1674272831425&CODE_STATE=getMsg HTTP/1.1" 200 27
114.88.159.190 - - [21/Jan/2023:11:46:59 +0800] "GET /xingrg/all/function/internal_message.html?_=1674272408691&CODE_STATE=getMsg HTTP/1.1" 200 27
58.221.95.50 - - [21/Jan/2023:11:47:09 +0800] "GET /xingrg/all/function/internal_message.html?_=1674272842262&CODE_STATE=getMsg HTTP/1.1" 200 27
116.192.124.172 - - [21/Jan/2023:11:47:16 +0800] "GET /xingrg/all/function/internal_message.html?_=1674272849653&CODE_STATE=getMsg HTTP/1.1" 200 27
180.162.115.82 - - [21/Jan/2023:11:47:17 +0800] "GET /xingrg/check_reg.html?_=1674271818621 HTTP/1.1" 200 22
180.162.115.82 - - [21/Jan/2023:11:47:17 +0800] "GET /xingrg/all/function/internal_message.html?_=1674271818618&CODE_STATE=getMsg HTTP/1.1" 200 27
116.238.139.35 - - [21/Jan/2023:11:47:17 +0800] "GET /xingrg/all/function/internal_message.html?_=1674272774988&CODE_STATE=getMsg HTTP/1.1" 200 27
116.235.244.242 - - [21/Jan/2023:11:47:21 +0800] "GET /xingrg/all/function/internal_message.html?_=1674272876413&CODE_STATE=getMsg HTTP/1.1" 200 27
180.157.253.110 - - [21/Jan/2023:11:47:30 +0800] "GET /xingrg/all/function/internal_message.html?_=1674272863734&CODE_STATE=getMsg HTTP/1.1" 200 27
114.88.159.190 - - [21/Jan/2023:11:47:31 +0800] "GET /xingrg/kc/buy/cgsh_order_operate.html?command=get_materiel&rest_code=00141&code=00101004093&supplier_code=00100312&order_time=2023-01-21 HTTP/1.1" 200 413
116.238.139.35 - - [21/Jan/2023:11:47:32 +0800] "GET /xingrg/all/function/internal_message.html?_=1674272865026&CODE_STATE=getMsg HTTP/1.1" 200 27
222.70.183.204 - - [21/Jan/2023:11:47:38 +0800] "GET /xingrg/all/function/internal_message.html?_=1674272872273&CODE_STATE=getMsg HTTP/1.1" 200 27
222.70.183.204 - - [21/Jan/2023:11:47:42 +0800] "GET /xingrg/check_reg.html?_=1674272872364 HTTP/1.1" 200 22
222.70.183.204 - - [21/Jan/2023:11:47:42 +0800] "GET /xingrg/all/function/internal_message.html?_=1674272872366&CODE_STATE=getMsg HTTP/1.1" 200 27
116.230.105.139 - - [21/Jan/2023:11:47:54 +0800] "GET /xingrg/all/function/internal_message.html?_=1674272814310&CODE_STATE=getMsg HTTP/1.1" 200 27
114.88.159.190 - - [21/Jan/2023:11:47:55 +0800] "GET /xingrg/kc/buy/cgsh_order_operate.html?command=get_materiel&rest_code=00141&code=00101005022&supplier_code=00100312&order_time=2023-01-21 HTTP/1.1" 200 417
101.83.145.75 - - [21/Jan/2023:11:47:58 +0800] "GET /xingrg/check_reg.html?_=1674272891426 HTTP/1.1" 200 22
101.83.145.75 - - [21/Jan/2023:11:47:58 +0800] "GET /xingrg/all/function/internal_message.html?_=1674272891429&CODE_STATE=getMsg HTTP/1.1" 200 27
114.88.159.190 - - [21/Jan/2023:11:47:59 +0800] "GET /xingrg/all/function/internal_message.html?_=1674272468691&CODE_STATE=getMsg HTTP/1.1" 200 27
58.221.95.50 - - [21/Jan/2023:11:48:09 +0800] "GET /xingrg/all/function/internal_message.html?_=1674272902247&CODE_STATE=getMsg HTTP/1.1" 200 27
114.88.159.190 - - [21/Jan/2023:11:48:10 +0800] "POST /xingrg/kc/buy/cgsh_order_operate.html HTTP/1.1" 200 37
114.88.159.190 - - [21/Jan/2023:11:48:12 +0800] "POST /xingrg/kc/buy/cgsh_order_operate.html HTTP/1.1" 200 7408
116.230.105.139 - - [21/Jan/2023:11:48:12 +0800] "GET /xingrg/check_reg.html?_=1674272832640 HTTP/1.1" 200 22
114.88.159.190 - - [21/Jan/2023:11:48:14 +0800] "GET /xingrg/kc/print/load_data.html?order_code=212023012106639&kc_code=cgsh&condition= HTTP/1.1" 200 2494
116.192.124.172 - - [21/Jan/2023:11:48:16 +0800] "GET /xingrg/all/function/internal_message.html?_=1674272909660&CODE_STATE=getMsg HTTP/1.1" 200 27
180.162.115.82 - - [21/Jan/2023:11:48:17 +0800] "GET /xingrg/all/function/internal_message.html?_=1674271878618&CODE_STATE=getMsg HTTP/1.1" 200 27
116.238.139.35 - - [21/Jan/2023:11:48:17 +0800] "GET /xingrg/all/function/internal_message.html?_=1674272834989&CODE_STATE=getMsg HTTP/1.1" 200 27
114.83.219.248 - - [21/Jan/2023:11:48:17 +0800] "GET /xingrg/kc/base/wldb_order_operate.html?command=get_materiel&rest_code=00149&base_code=0010395&code=00102002006 HTTP/1.1" 200 468
116.235.244.242 - - [21/Jan/2023:11:48:21 +0800] "GET /xingrg/all/function/internal_message.html?_=1674272936426&CODE_STATE=getMsg HTTP/1.1" 200 27
180.157.253.110 - - [21/Jan/2023:11:48:30 +0800] "GET /xingrg/all/function/internal_message.html?_=1674272923736&CODE_STATE=getMsg HTTP/1.1" 200 27
180.157.253.110 - - [21/Jan/2023:11:48:30 +0800] "GET /xingrg/check_reg.html?_=1674272923742 HTTP/1.1" 200 22
114.83.219.248 - - [21/Jan/2023:11:48:31 +0800] "POST /xingrg/kc/base/wldb_order_operate.html HTTP/1.1" 200 37
114.83.219.248 - - [21/Jan/2023:11:48:31 +0800] "POST /xingrg/kc/base/wldb_order_operate.html HTTP/1.1" 200 2210
116.238.139.35 - - [21/Jan/2023:11:48:32 +0800] "GET /xingrg/all/function/internal_message.html?_=1674272925029&CODE_STATE=getMsg HTTP/1.1" 200 27
114.83.219.248 - - [21/Jan/2023:11:48:32 +0800] "GET /xingrg/kc/base/wldb_order_info.html?code=422023012101409 HTTP/1.1" 200 30442
114.83.219.248 - - [21/Jan/2023:11:48:33 +0800] "GET /xingrg/javascript/easyui/themes/default/validatebox.css HTTP/1.1" 404 1104
114.83.219.248 - - [21/Jan/2023:11:48:33 +0800] "POST /xingrg/kc/base/wldb_order_operate.html HTTP/1.1" 200 2210
114.83.219.248 - - [21/Jan/2023:11:48:35 +0800] "GET /xingrg/kc/base/wldb_order_add.html HTTP/1.1" 200 30428
114.83.219.248 - - [21/Jan/2023:11:48:36 +0800] "POST /xingrg/kc/base/wldb_order_operate.html HTTP/1.1" 200 6806
114.83.219.248 - - [21/Jan/2023:11:48:36 +0800] "GET /xingrg/javascript/easyui/themes/default/validatebox.css HTTP/1.1" 404 1104
58.221.95.50 - - [21/Jan/2023:11:48:37 +0800] "GET /xingrg/check_reg.html?_=1674272930172 HTTP/1.1" 200 22
222.70.183.204 - - [21/Jan/2023:11:48:38 +0800] "GET /xingrg/all/function/internal_message.html?_=1674272932274&CODE_STATE=getMsg HTTP/1.1" 200 27
114.83.219.248 - - [21/Jan/2023:11:48:41 +0800] "GET /xingrg/kc/base/wldb_order_operate.html?command=get_materiel&rest_code=00149&base_code=0010395&code=00102002150 HTTP/1.1" 200 448
180.162.115.82 - - [21/Jan/2023:11:48:41 +0800] "POST /xingrg/kc/buy/cgsh_order_operate.html HTTP/1.1" 200 37
222.70.183.204 - - [21/Jan/2023:11:48:42 +0800] "GET /xingrg/all/function/internal_message.html?_=1674272932365&CODE_STATE=getMsg HTTP/1.1" 200 27
180.162.115.82 - - [21/Jan/2023:11:48:43 +0800] "POST /xingrg/kc/buy/cgsh_order_operate.html HTTP/1.1" 200 9765
114.83.219.248 - - [21/Jan/2023:11:48:52 +0800] "GET /xingrg/kc/base/wldb_order_operate.html?command=get_materiel&rest_code=00149&base_code=0010395&code=00102002106 HTTP/1.1" 200 443
116.230.105.139 - - [21/Jan/2023:11:48:54 +0800] "GET /xingrg/all/function/internal_message.html?_=1674272874291&CODE_STATE=getMsg HTTP/1.1" 200 27
101.83.145.75 - - [21/Jan/2023:11:48:58 +0800] "GET /xingrg/all/function/internal_message.html?_=1674272951413&CODE_STATE=getMsg HTTP/1.1" 200 27
114.88.159.190 - - [21/Jan/2023:11:48:59 +0800] "GET /xingrg/all/function/internal_message.html?_=1674272528651&CODE_STATE=getMsg HTTP/1.1" 200 27
114.83.219.248 - - [21/Jan/2023:11:49:04 +0800] "POST /xingrg/kc/base/wldb_order_operate.html HTTP/1.1" 200 37
114.83.219.248 - - [21/Jan/2023:11:49:05 +0800] "POST /xingrg/kc/base/wldb_order_operate.html HTTP/1.1" 200 2678
114.83.219.248 - - [21/Jan/2023:11:49:06 +0800] "GET /xingrg/kc/base/wldb_order_info.html?code=422023012101410 HTTP/1.1" 200 30443
114.83.219.248 - - [21/Jan/2023:11:49:07 +0800] "GET /xingrg/javascript/easyui/themes/default/validatebox.css HTTP/1.1" 404 1104
114.83.219.248 - - [21/Jan/2023:11:49:07 +0800] "POST /xingrg/kc/base/wldb_order_operate.html HTTP/1.1" 200 2678
58.221.95.50 - - [21/Jan/2023:11:49:09 +0800] "GET /xingrg/all/function/internal_message.html?_=1674272962234&CODE_STATE=getMsg HTTP/1.1" 200 27
114.83.219.248 - - [21/Jan/2023:11:49:10 +0800] "GET /xingrg/kc/base/wldb_order_add.html HTTP/1.1" 200 30428
114.83.219.248 - - [21/Jan/2023:11:49:10 +0800] "POST /xingrg/kc/base/wldb_order_operate.html HTTP/1.1" 200 6806
114.83.219.248 - - [21/Jan/2023:11:49:10 +0800] "GET /xingrg/javascript/easyui/themes/default/validatebox.css HTTP/1.1" 404 1104
116.238.139.35 - - [21/Jan/2023:11:49:16 +0800] "GET /xingrg/check_reg.html?_=1674272894056 HTTP/1.1" 200 22
116.192.124.172 - - [21/Jan/2023:11:49:16 +0800] "GET /xingrg/all/function/internal_message.html?_=1674272969662&CODE_STATE=getMsg HTTP/1.1" 200 27
180.162.115.82 - - [21/Jan/2023:11:49:17 +0800] "GET /xingrg/all/function/internal_message.html?_=1674271938603&CODE_STATE=getMsg HTTP/1.1" 200 27
116.238.139.35 - - [21/Jan/2023:11:49:17 +0800] "GET /xingrg/all/function/internal_message.html?_=1674272895003&CODE_STATE=getMsg HTTP/1.1" 200 27
116.235.244.242 - - [21/Jan/2023:11:49:21 +0800] "GET /xingrg/all/function/internal_message.html?_=1674272996529&CODE_STATE=getMsg HTTP/1.1" 200 27
114.83.219.248 - - [21/Jan/2023:11:49:29 +0800] "GET /xingrg/kc/base/wldb_order_operate.html?command=get_materiel&rest_code=00149&base_code=0010394&code=00101019527 HTTP/1.1" 200 474
180.157.253.110 - - [21/Jan/2023:11:49:30 +0800] "GET /xingrg/all/function/internal_message.html?_=1674272983727&CODE_STATE=getMsg HTTP/1.1" 200 27
116.238.139.35 - - [21/Jan/2023:11:49:32 +0800] "GET /xingrg/all/function/internal_message.html?_=1674272985037&CODE_STATE=getMsg HTTP/1.1" 200 27
114.83.219.248 - - [21/Jan/2023:11:49:38 +0800] "GET /xingrg/kc/base/wldb_order_operate.html?command=get_materiel&rest_code=00149&base_code=0010394&code=00101019391 HTTP/1.1" 200 485
222.70.183.204 - - [21/Jan/2023:11:49:38 +0800] "GET /xingrg/check_reg.html?_=1674272992275 HTTP/1.1" 200 22
