180.162.115.82 - - [21/Jan/2023:12:54:14 +0800] "GET /xingrg/kc/buy/cgsh_order_operate.html?command=get_materiel&rest_code=00143&code=00101008059&supplier_code=00100161&order_time=2023-01-21 HTTP/1.1" 200 408
180.162.115.82 - - [21/Jan/2023:12:54:17 +0800] "GET /xingrg/all/function/internal_message.html?_=1674275838646&CODE_STATE=getMsg HTTP/1.1" 200 27
116.238.139.35 - - [21/Jan/2023:12:54:17 +0800] "GET /xingrg/check_reg.html?_=1674276795135 HTTP/1.1" 200 22
116.238.139.35 - - [21/Jan/2023:12:54:19 +0800] "GET /xingrg/all/function/internal_message.html?_=1674276796853&CODE_STATE=getMsg HTTP/1.1" 200 27
124.79.72.155 - - [21/Jan/2023:12:54:20 +0800] "GET /xingrg/check_reg.html?_=1674276872555 HTTP/1.1" 200 22
124.79.72.155 - - [21/Jan/2023:12:54:20 +0800] "GET /xingrg/all/function/internal_message.html?_=1674276872565&CODE_STATE=getMsg HTTP/1.1" 200 27
180.162.115.82 - - [21/Jan/2023:12:54:26 +0800] "GET /xingrg/kc/buy/cgsh_order_operate.html?command=get_materiel&rest_code=00143&code=00101008361&supplier_code=00100161&order_time=2023-01-21 HTTP/1.1" 200 408
180.157.253.110 - - [21/Jan/2023:12:54:30 +0800] "GET /xingrg/all/function/internal_message.html?_=1674276883777&CODE_STATE=getMsg HTTP/1.1" 200 27
116.238.139.35 - - [21/Jan/2023:12:54:32 +0800] "GET /xingrg/all/function/internal_message.html?_=1674276885137&CODE_STATE=getMsg HTTP/1.1" 200 27
124.79.72.155 - - [21/Jan/2023:12:54:33 +0800] "POST /xingrg/all/common/load_tree.html?tree=area_rest_tree_json&manage=1 HTTP/1.1" 200 351
124.79.72.155 - - [21/Jan/2023:12:54:33 +0800] "GET /xingrg/all/function/internal_message.html?_=1674276885897&CODE_STATE=count HTTP/1.1" 200 11
124.79.72.155 - - [21/Jan/2023:12:54:33 +0800] "GET /xingrg/check_reg.html?_=1674276885898 HTTP/1.1" 200 22
124.79.72.155 - - [21/Jan/2023:12:54:33 +0800] "POST /xingrg/load_menu.html HTTP/1.1" 200 5138
124.79.72.155 - - [21/Jan/2023:12:54:34 +0800] "GET /xingrg/kc/base/base_main.html HTTP/1.1" 200 12142
124.79.72.155 - - [21/Jan/2023:12:54:35 +0800] "GET /xingrg/kc/base/wldb_order_list.html HTTP/1.1" 200 19145
124.79.72.155 - - [21/Jan/2023:12:54:35 +0800] "POST /xingrg/kc/base/wldb_list_operate.html HTTP/1.1" 200 928
180.162.115.82 - - [21/Jan/2023:12:54:36 +0800] "GET /xingrg/kc/buy/cgsh_order_operate.html?command=get_materiel&rest_code=00143&code=00101008355&supplier_code=00100161&order_time=2023-01-21 HTTP/1.1" 200 423
222.70.183.204 - - [21/Jan/2023:12:54:38 +0800] "GET /xingrg/check_reg.html?_=1674276892364 HTTP/1.1" 200 22
222.70.183.204 - - [21/Jan/2023:12:54:38 +0800] "GET /xingrg/all/function/internal_message.html?_=1674276892365&CODE_STATE=getMsg HTTP/1.1" 200 27
124.79.72.155 - - [21/Jan/2023:12:54:40 +0800] "GET /xingrg/kc/base/wldb_order_add.html HTTP/1.1" 200 30424
124.79.72.155 - - [21/Jan/2023:12:54:40 +0800] "POST /xingrg/kc/base/wldb_order_operate.html HTTP/1.1" 200 6806
124.79.72.155 - - [21/Jan/2023:12:54:40 +0800] "GET /xingrg/all/common/auto_word.html?type=base&rest_code=00156 HTTP/1.1" 200 1903
124.79.72.155 - - [21/Jan/2023:12:54:40 +0800] "GET /xingrg/all/common/auto_word.html?type=base&rest_code=00156 HTTP/1.1" 200 1903
124.79.72.155 - - [21/Jan/2023:12:54:40 +0800] "GET /xingrg/javascript/easyui/themes/default/validatebox.css HTTP/1.1" 404 1104
222.70.183.204 - - [21/Jan/2023:12:54:42 +0800] "GET /xingrg/all/function/internal_message.html?_=1674276892457&CODE_STATE=getMsg HTTP/1.1" 200 27
124.79.72.155 - - [21/Jan/2023:12:54:44 +0800] "GET /xingrg/javascript/jquery_tools/images/next.gif HTTP/1.1" 404 1086
124.79.72.155 - - [21/Jan/2023:12:54:44 +0800] "GET /xingrg/javascript/jquery_tools/images/prev.gif HTTP/1.1" 404 1086
124.79.72.155 - - [21/Jan/2023:12:54:45 +0800] "GET /xingrg/javascript/auto/indicator.gif HTTP/1.1" 404 1066
180.162.115.82 - - [21/Jan/2023:12:54:46 +0800] "GET /xingrg/kc/buy/cgsh_order_operate.html?command=get_materiel&rest_code=00143&code=00101008024&supplier_code=00100161&order_time=2023-01-21 HTTP/1.1" 200 408
124.79.72.155 - - [21/Jan/2023:12:54:48 +0800] "GET /xingrg/kc/base/wldb_order_operate.html?command=get_materiel&rest_code=00156&base_code=0010779&code=00101016037 HTTP/1.1" 200 452
116.230.105.139 - - [21/Jan/2023:12:54:53 +0800] "GET /xingrg/all/function/internal_message.html?_=1674276833147&CODE_STATE=getMsg HTTP/1.1" 200 27
101.83.145.75 - - [21/Jan/2023:12:54:58 +0800] "GET /xingrg/all/function/internal_message.html?_=1674276911450&CODE_STATE=getMsg HTTP/1.1" 200 27
180.162.115.82 - - [21/Jan/2023:12:54:58 +0800] "GET /xingrg/kc/buy/cgsh_order_operate.html?command=get_materiel&rest_code=00143&code=00101008356&supplier_code=00100161&order_time=2023-01-21 HTTP/1.1" 200 408
116.235.244.242 - - [21/Jan/2023:12:55:08 +0800] "GET /xingrg/check_reg.html?_=1674276943290 HTTP/1.1" 200 22
58.221.95.50 - - [21/Jan/2023:12:55:08 +0800] "GET /xingrg/all/function/internal_message.html?_=1674276921158&CODE_STATE=getMsg HTTP/1.1" 200 27
116.235.244.242 - - [21/Jan/2023:12:55:09 +0800] "GET /xingrg/all/function/internal_message.html?_=1674276943810&CODE_STATE=getMsg HTTP/1.1" 200 27
180.162.115.82 - - [21/Jan/2023:12:55:09 +0800] "GET /xingrg/kc/buy/cgsh_order_operate.html?command=get_materiel&rest_code=00143&code=00101008286&supplier_code=00100161&order_time=2023-01-21 HTTP/1.1" 200 424
180.162.115.82 - - [21/Jan/2023:12:55:17 +0800] "GET /xingrg/all/function/internal_message.html?_=1674275898652&CODE_STATE=getMsg HTTP/1.1" 200 27
124.79.72.155 - - [21/Jan/2023:12:55:18 +0800] "POST /xingrg/kc/base/wldb_order_operate.html HTTP/1.1" 200 37
124.79.72.155 - - [21/Jan/2023:12:55:18 +0800] "POST /xingrg/kc/base/wldb_order_operate.html HTTP/1.1" 200 2196
116.238.139.35 - - [21/Jan/2023:12:55:19 +0800] "GET /xingrg/all/function/internal_message.html?_=1674276856866&CODE_STATE=getMsg HTTP/1.1" 200 27
124.79.72.155 - - [21/Jan/2023:12:55:19 +0800] "GET /xingrg/kc/base/wldb_order_info.html?code=422023012101413 HTTP/1.1" 200 30439
124.79.72.155 - - [21/Jan/2023:12:55:19 +0800] "GET /xingrg/all/common/auto_word.html?type=base&rest_code=00156 HTTP/1.1" 200 1903
124.79.72.155 - - [21/Jan/2023:12:55:19 +0800] "GET /xingrg/javascript/easyui/themes/default/validatebox.css HTTP/1.1" 404 1104
124.79.72.155 - - [21/Jan/2023:12:55:19 +0800] "GET /xingrg/all/common/auto_word.html?type=base&rest_code=00156 HTTP/1.1" 200 1903
124.79.72.155 - - [21/Jan/2023:12:55:20 +0800] "POST /xingrg/kc/base/wldb_order_operate.html HTTP/1.1" 200 2196
124.79.72.155 - - [21/Jan/2023:12:55:26 +0800] "POST /xingrg/kc/base/wldb_order_operate.html HTTP/1.1" 200 37
124.79.72.155 - - [21/Jan/2023:12:55:27 +0800] "POST /xingrg/kc/base/wldb_order_operate.html HTTP/1.1" 200 2196
124.79.72.155 - - [21/Jan/2023:12:55:27 +0800] "GET /xingrg/kc/base/wldb_order_info.html?code=422023012101413 HTTP/1.1" 200 30439
124.79.72.155 - - [21/Jan/2023:12:55:27 +0800] "GET /xingrg/all/common/auto_word.html?type=base&rest_code=00156 HTTP/1.1" 200 1903
124.79.72.155 - - [21/Jan/2023:12:55:27 +0800] "GET /xingrg/javascript/easyui/themes/default/validatebox.css HTTP/1.1" 404 1104
124.79.72.155 - - [21/Jan/2023:12:55:27 +0800] "GET /xingrg/all/common/auto_word.html?type=base&rest_code=00156 HTTP/1.1" 200 1903
124.79.72.155 - - [21/Jan/2023:12:55:28 +0800] "POST /xingrg/kc/base/wldb_order_operate.html HTTP/1.1" 200 2196
124.79.72.155 - - [21/Jan/2023:12:55:30 +0800] "GET /xingrg/kc/base/wldb_order_add.html HTTP/1.1" 200 30424
124.79.72.155 - - [21/Jan/2023:12:55:30 +0800] "POST /xingrg/kc/base/wldb_order_operate.html HTTP/1.1" 200 6806
124.79.72.155 - - [21/Jan/2023:12:55:30 +0800] "GET /xingrg/all/common/auto_word.html?type=base&rest_code=00156 HTTP/1.1" 200 1903
124.79.72.155 - - [21/Jan/2023:12:55:30 +0800] "GET /xingrg/all/common/auto_word.html?type=base&rest_code=00156 HTTP/1.1" 200 1903
124.79.72.155 - - [21/Jan/2023:12:55:30 +0800] "GET /xingrg/javascript/easyui/themes/default/validatebox.css HTTP/1.1" 404 1104
180.157.253.110 - - [21/Jan/2023:12:55:30 +0800] "GET /xingrg/all/function/internal_message.html?_=1674276943779&CODE_STATE=getMsg HTTP/1.1" 200 27
116.238.139.35 - - [21/Jan/2023:12:55:32 +0800] "GET /xingrg/all/function/internal_message.html?_=1674276945138&CODE_STATE=getMsg HTTP/1.1" 200 27
124.79.72.155 - - [21/Jan/2023:12:55:33 +0800] "GET /xingrg/all/function/internal_message.html?_=1674276945900&CODE_STATE=getMsg HTTP/1.1" 200 27
180.162.115.82 - - [21/Jan/2023:12:55:34 +0800] "GET /xingrg/kc/buy/cgsh_order_operate.html?command=get_materiel&rest_code=00143&code=00101008353&supplier_code=00100161&order_time=2023-01-21 HTTP/1.1" 200 408
124.79.72.155 - - [21/Jan/2023:12:55:35 +0800] "GET /xingrg/kc/base/wldb_order_operate.html?command=get_materiel&rest_code=00156&base_code=0010779&code=00101016097 HTTP/1.1" 200 470
222.70.183.204 - - [21/Jan/2023:12:55:38 +0800] "GET /xingrg/all/function/internal_message.html?_=1674276952364&CODE_STATE=getMsg HTTP/1.1" 200 27
222.70.183.204 - - [21/Jan/2023:12:55:42 +0800] "GET /xingrg/all/function/internal_message.html?_=1674276952457&CODE_STATE=getMsg HTTP/1.1" 200 27
180.162.115.82 - - [21/Jan/2023:12:55:45 +0800] "GET /xingrg/kc/buy/cgsh_order_operate.html?command=get_materiel&rest_code=00143&code=00101008350&supplier_code=00100161&order_time=2023-01-21 HTTP/1.1" 200 429
124.79.72.155 - - [21/Jan/2023:12:55:50 +0800] "POST /xingrg/kc/base/wldb_order_operate.html HTTP/1.1" 200 37
124.79.72.155 - - [21/Jan/2023:12:55:51 +0800] "POST /xingrg/kc/base/wldb_order_operate.html HTTP/1.1" 200 2212
124.79.72.155 - - [21/Jan/2023:12:55:51 +0800] "GET /xingrg/kc/base/wldb_order_info.html?code=422023012101414 HTTP/1.1" 200 30440
124.79.72.155 - - [21/Jan/2023:12:55:51 +0800] "GET /xingrg/all/common/auto_word.html?type=base&rest_code=00156 HTTP/1.1" 200 1903
124.79.72.155 - - [21/Jan/2023:12:55:51 +0800] "GET /xingrg/javascript/easyui/themes/default/validatebox.css HTTP/1.1" 404 1104
124.79.72.155 - - [21/Jan/2023:12:55:51 +0800] "GET /xingrg/all/common/auto_word.html?type=base&rest_code=00156 HTTP/1.1" 200 1903
124.79.72.155 - - [21/Jan/2023:12:55:51 +0800] "POST /xingrg/kc/base/wldb_order_operate.html HTTP/1.1" 200 2212
116.230.105.139 - - [21/Jan/2023:12:55:53 +0800] "GET /xingrg/all/function/internal_message.html?_=1674276893125&CODE_STATE=getMsg HTTP/1.1" 200 27
124.79.72.155 - - [21/Jan/2023:12:55:54 +0800] "GET /xingrg/kc/base/wldb_order_add.html HTTP/1.1" 200 30424
124.79.72.155 - - [21/Jan/2023:12:55:54 +0800] "POST /xingrg/kc/base/wldb_order_operate.html HTTP/1.1" 200 6806
124.79.72.155 - - [21/Jan/2023:12:55:54 +0800] "GET /xingrg/all/common/auto_word.html?type=base&rest_code=00156 HTTP/1.1" 200 1903
124.79.72.155 - - [21/Jan/2023:12:55:54 +0800] "GET /xingrg/all/common/auto_word.html?type=base&rest_code=00156 HTTP/1.1" 200 1903
124.79.72.155 - - [21/Jan/2023:12:55:54 +0800] "GET /xingrg/javascript/easyui/themes/default/validatebox.css HTTP/1.1" 404 1104
180.162.115.82 - - [21/Jan/2023:12:55:55 +0800] "GET /xingrg/kc/buy/cgsh_order_operate.html?command=get_materiel&rest_code=00143&code=00101008234&supplier_code=00100161&order_time=2023-01-21 HTTP/1.1" 200 408
101.83.145.75 - - [21/Jan/2023:12:55:58 +0800] "GET /xingrg/all/function/internal_message.html?_=1674276971452&CODE_STATE=getMsg HTTP/1.1" 200 27
124.79.72.155 - - [21/Jan/2023:12:56:01 +0800] "GET /xingrg/kc/base/wldb_order_operate.html?command=get_materiel&rest_code=00156&base_code=0010779&code=00101016094 HTTP/1.1" 200 469
124.79.72.155 - - [21/Jan/2023:12:56:07 +0800] "GET /xingrg/kc/base/wldb_order_operate.html?command=get_materiel&rest_code=00156&base_code=0010779&code=00101016086 HTTP/1.1" 200 468
58.221.95.50 - - [21/Jan/2023:12:56:08 +0800] "GET /xingrg/all/function/internal_message.html?_=1674276981147&CODE_STATE=getMsg HTTP/1.1" 200 27
116.235.244.242 - - [21/Jan/2023:12:56:09 +0800] "GET /xingrg/all/function/internal_message.html?_=1674277003825&CODE_STATE=getMsg HTTP/1.1" 200 27
180.162.115.82 - - [21/Jan/2023:12:56:09 +0800] "GET /xingrg/kc/buy/cgsh_order_operate.html?command=get_materiel&rest_code=00143&code=00101008312&supplier_code=00100161&order_time=2023-01-21 HTTP/1.1" 200 412
124.79.72.155 - - [21/Jan/2023:12:56:10 +0800] "GET /xingrg/kc/base/wldb_order_operate.html?command=get_materiel&rest_code=00156&base_code=0010779&code=00101019391 HTTP/1.1" 200 485
124.79.72.155 - - [21/Jan/2023:12:56:13 +0800] "GET /xingrg/kc/base/wldb_order_operate.html?command=get_materiel&rest_code=00156&base_code=0010779&code=00101019185 HTTP/1.1" 200 469
180.162.115.82 - - [21/Jan/2023:12:56:17 +0800] "GET /xingrg/all/function/internal_message.html?_=1674275958669&CODE_STATE=getMsg HTTP/1.1" 200 27
124.79.72.155 - - [21/Jan/2023:12:56:18 +0800] "GET /xingrg/kc/base/wldb_order_operate.html?command=get_materiel&rest_code=00156&base_code=0010779&code=00101019175 HTTP/1.1" 200 439
116.238.139.35 - - [21/Jan/2023:12:56:19 +0800] "GET /xingrg/all/function/internal_message.html?_=1674276916880&CODE_STATE=getMsg HTTP/1.1" 200 27
124.79.72.155 - - [21/Jan/2023:12:56:21 +0800] "GET /xingrg/kc/base/wldb_order_operate.html?command=get_materiel&rest_code=00156&base_code=0010779&code=00101016019 HTTP/1.1" 200 451
124.79.72.155 - - [21/Jan/2023:12:56:24 +0800] "GET /xingrg/kc/base/wldb_order_operate.html?command=get_materiel&rest_code=00156&base_code=0010779&code=00101019400 HTTP/1.1" 200 465
180.157.253.110 - - [21/Jan/2023:12:56:30 +0800] "GET /xingrg/all/function/internal_message.html?_=1674277003781&CODE_STATE=getMsg HTTP/1.1" 200 27
180.162.115.82 - - [21/Jan/2023:12:56:32 +0800] "GET /xingrg/kc/buy/cgsh_order_operate.html?command=get_materiel&rest_code=00143&code=00101008264&supplier_code=00100161&order_time=2023-01-21 HTTP/1.1" 200 412
116.238.139.35 - - [21/Jan/2023:12:56:32 +0800] "GET /xingrg/all/function/internal_message.html?_=1674277005138&CODE_STATE=getMsg HTTP/1.1" 200 27
116.238.139.35 - - [21/Jan/2023:12:56:32 +0800] "GET /xingrg/check_reg.html?_=1674277005141 HTTP/1.1" 200 22
124.79.72.155 - - [21/Jan/2023:12:56:33 +0800] "GET /xingrg/all/function/internal_message.html?_=1674277005896&CODE_STATE=getMsg HTTP/1.1" 200 27
124.79.72.155 - - [21/Jan/2023:12:56:33 +0800] "GET /xingrg/kc/base/wldb_order_operate.html?command=get_materiel&rest_code=00156&base_code=0010779&code=00101019222 HTTP/1.1" 200 454
222.70.183.204 - - [21/Jan/2023:12:56:38 +0800] "GET /xingrg/all/function/internal_message.html?_=1674277012365&CODE_STATE=getMsg HTTP/1.1" 200 27
222.70.183.204 - - [21/Jan/2023:12:56:42 +0800] "GET /xingrg/all/function/internal_message.html?_=1674277012468&CODE_STATE=getMsg HTTP/1.1" 200 27
180.162.115.82 - - [21/Jan/2023:12:56:46 +0800] "GET /xingrg/kc/buy/cgsh_order_operate.html?command=get_materiel&rest_code=00143&code=00101008302&supplier_code=00100161&order_time=2023-01-21 HTTP/1.1" 200 412
116.230.105.139 - - [21/Jan/2023:12:56:53 +0800] "GET /xingrg/all/function/internal_message.html?_=1674276953105&CODE_STATE=getMsg HTTP/1.1" 200 27
124.79.72.155 - - [21/Jan/2023:12:56:53 +0800] "GET /xingrg/kc/base/wldb_order_operate.html?command=get_materiel&rest_code=00156&base_code=0010779&code=00101019183 HTTP/1.1" 200 448
124.79.72.155 - - [21/Jan/2023:12:56:58 +0800] "GET /xingrg/kc/base/wldb_order_operate.html?command=get_materiel&rest_code=00156&base_code=0010779&code=00101019142 HTTP/1.1" 200 463
101.83.145.75 - - [21/Jan/2023:12:56:58 +0800] "GET /xingrg/all/function/internal_message.html?_=1674277031438&CODE_STATE=getMsg HTTP/1.1" 200 27
124.79.72.155 - - [21/Jan/2023:12:57:02 +0800] "GET /xingrg/kc/base/wldb_order_operate.html?command=get_materiel&rest_code=00156&base_code=0010779&code=00101019253 HTTP/1.1" 200 482
124.79.72.155 - - [21/Jan/2023:12:57:07 +0800] "GET /xingrg/kc/base/wldb_order_operate.html?command=get_materiel&rest_code=00156&base_code=0010779&code=00101019258 HTTP/1.1" 200 483
58.221.95.50 - - [21/Jan/2023:12:57:08 +0800] "GET /xingrg/all/function/internal_message.html?_=1674277041148&CODE_STATE=getMsg HTTP/1.1" 200 27
116.235.244.242 - - [21/Jan/2023:12:57:09 +0800] "GET /xingrg/all/function/internal_message.html?_=1674277063838&CODE_STATE=getMsg HTTP/1.1" 200 27
180.162.115.82 - - [21/Jan/2023:12:57:17 +0800] "GET /xingrg/kc/buy/cgsh_order_operate.html?command=get_materiel&rest_code=00143&code=00101008300&supplier_code=00100161&order_time=2023-01-21 HTTP/1.1" 200 412
180.162.115.82 - - [21/Jan/2023:12:57:17 +0800] "GET /xingrg/check_reg.html?_=1674276018656 HTTP/1.1" 200 22
180.162.115.82 - - [21/Jan/2023:12:57:17 +0800] "GET /xingrg/all/function/internal_message.html?_=1674276018658&CODE_STATE=getMsg HTTP/1.1" 200 27
124.79.72.155 - - [21/Jan/2023:12:57:19 +0800] "GET /xingrg/kc/base/wldb_order_operate.html?command=get_materiel&rest_code=00156&base_code=0010779&code=00101019258 HTTP/1.1" 200 483
116.238.139.35 - - [21/Jan/2023:12:57:19 +0800] "GET /xingrg/all/function/internal_message.html?_=1674276976988&CODE_STATE=getMsg HTTP/1.1" 200 27
124.78.154.177 - - [21/Jan/2023:12:57:21 +0800] "GET /xingrg/login.html?r=1 HTTP/1.1" 200 7641
124.78.154.177 - - [21/Jan/2023:12:57:22 +0800] "GET /favicon.ico HTTP/1.1" 404 -
124.79.72.155 - - [21/Jan/2023:12:57:22 +0800] "GET /xingrg/kc/base/wldb_order_operate.html?command=get_materiel&rest_code=00156&base_code=0010779&code=00101019133 HTTP/1.1" 200 480
124.78.154.177 - - [21/Jan/2023:12:57:23 +0800] "POST /xingrg/login.do HTTP/1.1" 302 -
124.78.154.177 - - [21/Jan/2023:12:57:23 +0800] "GET /xingrg/index.html?sysBaseUrl=http%3A%2F%2F180.169.147.146%3A18081%2Fxingrg%2F&costTime=39×tamp=1674277043932 HTTP/1.1" 200 17173
124.78.154.177 - - [21/Jan/2023:12:57:24 +0800] "GET /favicon.ico HTTP/1.1" 404 -
124.78.154.177 - - [21/Jan/2023:12:57:24 +0800] "POST /xingrg/all/common/load_tree.html?tree=area_rest_tree_json&manage=1 HTTP/1.1" 200 342
124.78.154.177 - - [21/Jan/2023:12:57:24 +0800] "GET /xingrg/all/function/internal_message.html?_=1674277056834&CODE_STATE=count HTTP/1.1" 200 11
124.78.154.177 - - [21/Jan/2023:12:57:24 +0800] "POST /xingrg/load_menu.html HTTP/1.1" 200 5138
124.78.154.177 - - [21/Jan/2023:12:57:24 +0800] "GET /xingrg/check_reg.html?_=1674277056835 HTTP/1.1" 200 22
124.78.154.177 - - [21/Jan/2023:12:57:27 +0800] "GET /xingrg/kc/base/base_main.html HTTP/1.1" 200 12142
124.78.154.177 - - [21/Jan/2023:12:57:28 +0800] "GET /xingrg/kc/base/wldb_order_list.html HTTP/1.1" 200 19139
124.78.154.177 - - [21/Jan/2023:12:57:29 +0800] "POST /xingrg/kc/base/wldb_list_operate.html HTTP/1.1" 200 2952
180.162.115.82 - - [21/Jan/2023:12:57:30 +0800] "GET /xingrg/kc/buy/cgsh_order_operate.html?command=get_materiel&rest_code=00143&code=00101008354&supplier_code=00100161&order_time=2023-01-21 HTTP/1.1" 200 428
124.79.72.155 - - [21/Jan/2023:12:57:30 +0800] "POST /xingrg/kc/base/wldb_order_operate.html HTTP/1.1" 200 37
180.157.253.110 - - [21/Jan/2023:12:57:30 +0800] "GET /xingrg/all/function/internal_message.html?_=1674277063785&CODE_STATE=getMsg HTTP/1.1" 200 27
124.79.72.155 - - [21/Jan/2023:12:57:31 +0800] "POST /xingrg/kc/base/wldb_order_operate.html HTTP/1.1" 200 8746
124.79.72.155 - - [21/Jan/2023:12:57:31 +0800] "GET /xingrg/kc/base/wldb_order_info.html?code=422023012101415 HTTP/1.1" 200 30438
124.79.72.155 - - [21/Jan/2023:12:57:31 +0800] "GET /xingrg/all/common/auto_word.html?type=base&rest_code=00156 HTTP/1.1" 200 1903
124.79.72.155 - - [21/Jan/2023:12:57:31 +0800] "GET /xingrg/javascript/easyui/themes/default/validatebox.css HTTP/1.1" 404 1104
124.79.72.155 - - [21/Jan/2023:12:57:31 +0800] "GET /xingrg/all/common/auto_word.html?type=base&rest_code=00156 HTTP/1.1" 200 1903
124.78.154.177 - - [21/Jan/2023:12:57:31 +0800] "POST /xingrg/kc/base/wldb_list_operate.html HTTP/1.1" 200 364
124.79.72.155 - - [21/Jan/2023:12:57:31 +0800] "POST /xingrg/kc/base/wldb_order_operate.html HTTP/1.1" 200 8746
116.238.139.35 - - [21/Jan/2023:12:57:32 +0800] "GET /xingrg/all/function/internal_message.html?_=1674277065143&CODE_STATE=getMsg HTTP/1.1" 200 27
124.78.154.177 - - [21/Jan/2023:12:57:32 +0800] "GET /xingrg/kc/base/wldb_order_info.html?code=422023012101402 HTTP/1.1" 200 30437
124.78.154.177 - - [21/Jan/2023:12:57:33 +0800] "GET /xingrg/all/common/auto_word.html?type=base&rest_code=00106 HTTP/1.1" 200 1799
124.78.154.177 - - [21/Jan/2023:12:57:33 +0800] "GET /xingrg/all/common/auto_word.html?type=base&rest_code=00106 HTTP/1.1" 200 1799
124.79.72.155 - - [21/Jan/2023:12:57:33 +0800] "GET /xingrg/kc/base/wldb_order_add.html HTTP/1.1" 200 30424
124.78.154.177 - - [21/Jan/2023:12:57:33 +0800] "GET /xingrg/javascript/easyui/themes/default/validatebox.css HTTP/1.1" 404 1104
124.79.72.155 - - [21/Jan/2023:12:57:33 +0800] "POST /xingrg/kc/base/wldb_order_operate.html HTTP/1.1" 200 6806
124.79.72.155 - - [21/Jan/2023:12:57:33 +0800] "GET /xingrg/all/common/auto_word.html?type=base&rest_code=00156 HTTP/1.1" 200 1903
124.79.72.155 - - [21/Jan/2023:12:57:33 +0800] "GET /xingrg/all/common/auto_word.html?type=base&rest_code=00156 HTTP/1.1" 200 1903
124.79.72.155 - - [21/Jan/2023:12:57:33 +0800] "GET /xingrg/javascript/easyui/themes/default/validatebox.css HTTP/1.1" 404 1104
124.79.72.155 - - [21/Jan/2023:12:57:33 +0800] "GET /xingrg/all/function/internal_message.html?_=1674277065905&CODE_STATE=getMsg HTTP/1.1" 200 27
124.78.154.177 - - [21/Jan/2023:12:57:33 +0800] "POST /xingrg/kc/base/wldb_order_operate.html HTTP/1.1" 200 3169
124.79.72.155 - - [21/Jan/2023:12:57:38 +0800] "GET /xingrg/kc/base/wldb_order_operate.html?command=get_materiel&rest_code=00156&base_code=0010779&code=00101027001 HTTP/1.1" 200 471
222.70.183.204 - - [21/Jan/2023:12:57:38 +0800] "GET /xingrg/all/function/internal_message.html?_=1674277072381&CODE_STATE=getMsg HTTP/1.1" 200 27
180.162.115.82 - - [21/Jan/2023:12:57:40 +0800] "GET /xingrg/kc/buy/cgsh_order_operate.html?command=get_materiel&rest_code=00143&code=00101008205&supplier_code=00100161&order_time=2023-01-21 HTTP/1.1" 200 412
222.70.183.204 - - [21/Jan/2023:12:57:42 +0800] "GET /xingrg/check_reg.html?_=1674277072466 HTTP/1.1" 200 22
222.70.183.204 - - [21/Jan/2023:12:57:42 +0800] "GET /xingrg/all/function/internal_message.html?_=1674277072468&CODE_STATE=getMsg HTTP/1.1" 200 27
124.79.72.155 - - [21/Jan/2023:12:57:43 +0800] "GET /xingrg/kc/base/wldb_order_operate.html?command=get_materiel&rest_code=00156&base_code=0010779&code=00101016029 HTTP/1.1" 200 462
124.79.72.155 - - [21/Jan/2023:12:57:49 +0800] "POST /xingrg/kc/base/wldb_order_operate.html HTTP/1.1" 200 37
124.79.72.155 - - [21/Jan/2023:12:57:50 +0800] "POST /xingrg/kc/base/wldb_order_operate.html HTTP/1.1" 200 2710
124.79.72.155 - - [21/Jan/2023:12:57:50 +0800] "GET /xingrg/kc/base/wldb_order_info.html?code=422023012101416 HTTP/1.1" 200 30438
124.79.72.155 - - [21/Jan/2023:12:57:50 +0800] "GET /xingrg/all/common/auto_word.html?type=base&rest_code=00156 HTTP/1.1" 200 1903
124.79.72.155 - - [21/Jan/2023:12:57:50 +0800] "GET /xingrg/javascript/easyui/themes/default/validatebox.css HTTP/1.1" 404 1104
124.79.72.155 - - [21/Jan/2023:12:57:50 +0800] "GET /xingrg/all/common/auto_word.html?type=base&rest_code=00156 HTTP/1.1" 200 1903
124.79.72.155 - - [21/Jan/2023:12:57:50 +0800] "POST /xingrg/kc/base/wldb_order_operate.html HTTP/1.1" 200 2710
180.162.115.82 - - [21/Jan/2023:12:57:51 +0800] "GET /xingrg/kc/buy/cgsh_order_operate.html?command=get_materiel&rest_code=00143&code=00101008323&supplier_code=00100161&order_time=2023-01-21 HTTP/1.1" 200 408
124.79.72.155 - - [21/Jan/2023:12:57:51 +0800] "GET /xingrg/kc/base/wldb_order_add.html HTTP/1.1" 200 30424
124.79.72.155 - - [21/Jan/2023:12:57:52 +0800] "POST /xingrg/kc/base/wldb_order_operate.html HTTP/1.1" 200 6806
124.79.72.155 - - [21/Jan/2023:12:57:52 +0800] "GET /xingrg/all/common/auto_word.html?type=base&rest_code=00156 HTTP/1.1" 200 1903
124.79.72.155 - - [21/Jan/2023:12:57:52 +0800] "GET /xingrg/all/common/auto_word.html?type=base&rest_code=00156 HTTP/1.1" 200 1903
124.79.72.155 - - [21/Jan/2023:12:57:52 +0800] "GET /xingrg/javascript/easyui/themes/default/validatebox.css HTTP/1.1" 404 1104
116.230.105.139 - - [21/Jan/2023:12:57:53 +0800] "GET /xingrg/all/function/internal_message.html?_=1674277013084&CODE_STATE=getMsg HTTP/1.1" 200 27
180.162.115.82 - - [21/Jan/2023:12:57:56 +0800] "POST /xingrg/kc/buy/cgsh_order_operate.html HTTP/1.1" 200 2065
124.79.72.155 - - [21/Jan/2023:12:57:58 +0800] "GET /xingrg/kc/base/wldb_order_operate.html?command=get_materiel&rest_code=00156&base_code=0010780&code=00102002315 HTTP/1.1" 200 461
101.83.145.75 - - [21/Jan/2023:12:57:58 +0800] "GET /xingrg/all/function/internal_message.html?_=1674277091439&CODE_STATE=getMsg HTTP/1.1" 200 27
101.83.145.75 - - [21/Jan/2023:12:57:58 +0800] "GET /xingrg/check_reg.html?_=1674277091442 HTTP/1.1" 200 22
124.79.72.155 - - [21/Jan/2023:12:58:01 +0800] "GET /xingrg/kc/base/wldb_order_operate.html?command=get_materiel&rest_code=00156&base_code=0010780&code=00102002448 HTTP/1.1" 200 440
124.79.72.155 - - [21/Jan/2023:12:58:04 +0800] "GET /xingrg/kc/base/wldb_order_operate.html?command=get_materiel&rest_code=00156&base_code=0010780&code=00102002321 HTTP/1.1" 200 447
124.78.154.177 - - [21/Jan/2023:12:58:05 +0800] "GET /xingrg/javascript/auto/indicator.gif HTTP/1.1" 404 1066
58.221.95.50 - - [21/Jan/2023:12:58:08 +0800] "GET /xingrg/all/function/internal_message.html?_=1674277101133&CODE_STATE=getMsg HTTP/1.1" 200 27
116.235.244.242 - - [21/Jan/2023:12:58:09 +0800] "GET /xingrg/all/function/internal_message.html?_=1674277123895&CODE_STATE=getMsg HTTP/1.1" 200 27
124.78.154.177 - - [21/Jan/2023:12:58:10 +0800] "GET /xingrg/kc/base/wldb_order_operate.html?command=get_materiel&rest_code=00106&base_code=0010396&code=00101016001 HTTP/1.1" 200 458
124.79.72.155 - - [21/Jan/2023:12:58:11 +0800] "POST /xingrg/kc/base/wldb_order_operate.html HTTP/1.1" 200 37
124.79.72.155 - - [21/Jan/2023:12:58:11 +0800] "POST /xingrg/kc/base/wldb_order_operate.html HTTP/1.1" 200 3175
124.79.72.155 - - [21/Jan/2023:12:58:11 +0800] "GET /xingrg/kc/base/wldb_order_info.html?code=422023012101417 HTTP/1.1" 200 30439
124.79.72.155 - - [21/Jan/2023:12:58:12 +0800] "GET /xingrg/all/common/auto_word.html?type=base&rest_code=00156 HTTP/1.1" 200 1903
124.79.72.155 - - [21/Jan/2023:12:58:12 +0800] "GET /xingrg/javascript/easyui/themes/default/validatebox.css HTTP/1.1" 404 1104
124.79.72.155 - - [21/Jan/2023:12:58:12 +0800] "GET /xingrg/all/common/auto_word.html?type=base&rest_code=00156 HTTP/1.1" 200 1903
124.79.72.155 - - [21/Jan/2023:12:58:12 +0800] "POST /xingrg/kc/base/wldb_order_operate.html HTTP/1.1" 200 3175
116.230.105.139 - - [21/Jan/2023:12:58:12 +0800] "GET /xingrg/check_reg.html?_=1674277032440 HTTP/1.1" 200 22
180.162.115.82 - - [21/Jan/2023:12:58:17 +0800] "GET /xingrg/all/function/internal_message.html?_=1674276078671&CODE_STATE=getMsg HTTP/1.1" 200 27
116.238.139.35 - - [21/Jan/2023:12:58:19 +0800] "GET /xingrg/all/function/internal_message.html?_=1674277037002&CODE_STATE=getMsg HTTP/1.1" 200 27
124.78.154.177 - - [21/Jan/2023:12:58:23 +0800] "POST /xingrg/kc/base/wldb_order_operate.html HTTP/1.1" 200 37
124.78.154.177 - - [21/Jan/2023:12:58:24 +0800] "POST /xingrg/kc/base/wldb_order_operate.html HTTP/1.1" 200 3659
124.78.154.177 - - [21/Jan/2023:12:58:24 +0800] "GET /xingrg/kc/base/wldb_order_info.html?code=422023012101402 HTTP/1.1" 200 30439
124.78.154.177 - - [21/Jan/2023:12:58:24 +0800] "GET /xingrg/all/function/internal_message.html?_=1674277117156&CODE_STATE=getMsg HTTP/1.1" 200 27
124.78.154.177 - - [21/Jan/2023:12:58:24 +0800] "GET /xingrg/javascript/easyui/themes/default/validatebox.css HTTP/1.1" 404 1104
124.78.154.177 - - [21/Jan/2023:12:58:25 +0800] "POST /xingrg/kc/base/wldb_order_operate.html HTTP/1.1" 200 3659
180.157.253.110 - - [21/Jan/2023:12:58:30 +0800] "GET /xingrg/check_reg.html?_=1674277123800 HTTP/1.1" 200 22
180.157.253.110 - - [21/Jan/2023:12:58:30 +0800] "GET /xingrg/all/function/internal_message.html?_=1674277123790&CODE_STATE=getMsg HTTP/1.1" 200 27
116.238.139.35 - - [21/Jan/2023:12:58:32 +0800] "GET /xingrg/all/function/internal_message.html?_=1674277125150&CODE_STATE=getMsg HTTP/1.1" 200 27
124.79.72.155 - - [21/Jan/2023:12:58:33 +0800] "GET /xingrg/all/function/internal_message.html?_=1674277125907&CODE_STATE=getMsg HTTP/1.1" 200 27
58.221.95.50 - - [21/Jan/2023:12:58:37 +0800] "GET /xingrg/check_reg.html?_=1674277130146 HTTP/1.1" 200 22
222.70.183.204 - - [21/Jan/2023:12:58:38 +0800] "GET /xingrg/all/function/internal_message.html?_=1674277132365&CODE_STATE=getMsg HTTP/1.1" 200 27
180.162.115.82 - - [21/Jan/2023:12:58:39 +0800] "GET /xingrg/kc/buy/cgsh_order_operate.html?command=get_materiel&rest_code=00143&code=00101008352&supplier_code=00100161&order_time=2023-01-21 HTTP/1.1" 200 412
222.70.183.204 - - [21/Jan/2023:12:58:42 +0800] "GET /xingrg/all/function/internal_message.html?_=1674277132467&CODE_STATE=getMsg HTTP/1.1" 200 27
124.78.154.177 - - [21/Jan/2023:12:58:48 +0800] "GET /xingrg/kc/base/base_main.html HTTP/1.1" 200 12142
124.78.154.177 - - [21/Jan/2023:12:58:50 +0800] "GET /xingrg/kc/base/wldb_order_list.html HTTP/1.1" 200 19139
124.78.154.177 - - [21/Jan/2023:12:58:50 +0800] "POST /xingrg/kc/base/wldb_list_operate.html HTTP/1.1" 200 2953
116.230.105.139 - - [21/Jan/2023:12:58:53 +0800] "GET /xingrg/all/function/internal_message.html?_=1674277073074&CODE_STATE=getMsg HTTP/1.1" 200 27
180.162.115.82 - - [21/Jan/2023:12:58:57 +0800] "POST /xingrg/kc/buy/cgsh_order_operate.html HTTP/1.1" 200 37
101.83.145.75 - - [21/Jan/2023:12:58:58 +0800] "GET /xingrg/all/function/internal_message.html?_=1674277151441&CODE_STATE=getMsg HTTP/1.1" 200 27
180.162.115.82 - - [21/Jan/2023:12:58:59 +0800] "POST /xingrg/kc/buy/cgsh_order_operate.html HTTP/1.1" 200 14444
58.221.95.50 - - [21/Jan/2023:12:59:08 +0800] "GET /xingrg/all/function/internal_message.html?_=1674277161113&CODE_STATE=getMsg HTTP/1.1" 200 27
116.235.244.242 - - [21/Jan/2023:12:59:09 +0800] "GET /xingrg/all/function/internal_message.html?_=1674277183896&CODE_STATE=getMsg HTTP/1.1" 200 27
180.162.115.82 - - [21/Jan/2023:12:59:17 +0800] "GET /xingrg/all/function/internal_message.html?_=1674276138657&CODE_STATE=getMsg HTTP/1.1" 200 27
116.238.139.35 - - [21/Jan/2023:12:59:17 +0800] "GET /xingrg/check_reg.html?_=1674277095212 HTTP/1.1" 200 22
116.238.139.35 - - [21/Jan/2023:12:59:19 +0800] "GET /xingrg/all/function/internal_message.html?_=1674277097014&CODE_STATE=getMsg HTTP/1.1" 200 27
124.78.154.177 - - [21/Jan/2023:12:59:24 +0800] "GET /xingrg/all/function/internal_message.html?_=1674277177135&CODE_STATE=getMsg HTTP/1.1" 200 27
180.157.253.110 - - [21/Jan/2023:12:59:30 +0800] "GET /xingrg/all/function/internal_message.html?_=1674277183784&CODE_STATE=getMsg HTTP/1.1" 200 27
180.162.115.82 - - [21/Jan/2023:12:59:32 +0800] "POST /xingrg/kc/buy/cgsh_order_operate.html HTTP/1.1" 200 37
116.238.139.35 - - [21/Jan/2023:12:59:32 +0800] "GET /xingrg/all/function/internal_message.html?_=1674277185152&CODE_STATE=getMsg HTTP/1.1" 200 27
124.79.72.155 - - [21/Jan/2023:12:59:33 +0800] "GET /xingrg/all/function/internal_message.html?_=1674277186347&CODE_STATE=getMsg HTTP/1.1" 200 27
124.79.72.155 - - [21/Jan/2023:12:59:33 +0800] "GET /xingrg/check_reg.html?_=1674277186349 HTTP/1.1" 200 22
180.162.115.82 - - [21/Jan/2023:12:59:34 +0800] "POST /xingrg/kc/buy/cgsh_order_operate.html HTTP/1.1" 200 14444
222.70.183.204 - - [21/Jan/2023:12:59:38 +0800] "GET /xingrg/check_reg.html?_=1674277192368 HTTP/1.1" 200 22
222.70.183.204 - - [21/Jan/2023:12:59:38 +0800] "GET /xingrg/all/function/internal_message.html?_=1674277192370&CODE_STATE=getMsg HTTP/1.1" 200 27
180.162.115.82 - - [21/Jan/2023:12:59:40 +0800] "POST /xingrg/kc/buy/cgsh_list_operate.html HTTP/1.1" 200 2307
222.70.183.204 - - [21/Jan/2023:12:59:42 +0800] "GET /xingrg/all/function/internal_message.html?_=1674277192466&CODE_STATE=getMsg HTTP/1.1" 200 27
116.230.105.139 - - [21/Jan/2023:12:59:53 +0800] "GET /xingrg/all/function/internal_message.html?_=1674277133050&CODE_STATE=getMsg HTTP/1.1" 200 27
101.83.145.75 - - [21/Jan/2023:12:59:58 +0800] "GET /xingrg/all/function/internal_message.html?_=1674277211441&CODE_STATE=getMsg HTTP/1.1" 200 27
180.169.147.146 - - [21/Jan/2023:13:00:05 +0800] "GET /xingrg/check_reg.html?_=1674277222970 HTTP/1.1" 200 22
180.169.147.146 - - [21/Jan/2023:13:00:05 +0800] "GET /xingrg/all/function/internal_message.html?_=1674277222969&CODE_STATE=getMsg HTTP/1.1" 200 27
180.169.147.146 - - [21/Jan/2023:13:00:07 +0800] "POST /xingrg/kc/buy/cgsh_list_operate.html HTTP/1.1" 200 6015
116.235.244.242 - - [21/Jan/2023:13:00:08 +0800] "GET /xingrg/check_reg.html?_=1674277243321 HTTP/1.1" 200 22
58.221.95.50 - - [21/Jan/2023:13:00:08 +0800] "GET /xingrg/all/function/internal_message.html?_=1674277221094&CODE_STATE=getMsg HTTP/1.1" 200 27
116.235.244.242 - - [21/Jan/2023:13:00:09 +0800] "GET /xingrg/all/function/internal_message.html?_=1674277243910&CODE_STATE=getMsg HTTP/1.1" 200 27
180.162.115.82 - - [21/Jan/2023:13:00:17 +0800] "GET /xingrg/all/function/internal_message.html?_=1674276198652&CODE_STATE=getMsg HTTP/1.1" 200 27
116.238.139.35 - - [21/Jan/2023:13:00:19 +0800] "GET /xingrg/all/function/internal_message.html?_=1674277157028&CODE_STATE=getMsg HTTP/1.1" 200 27
124.78.154.177 - - [21/Jan/2023:13:00:24 +0800] "GET /xingrg/all/function/internal_message.html?_=1674277237121&CODE_STATE=getMsg HTTP/1.1" 200 27
180.157.253.110 - - [21/Jan/2023:13:00:30 +0800] "GET /xingrg/all/function/internal_message.html?_=1674277243777&CODE_STATE=getMsg HTTP/1.1" 200 27
116.238.139.35 - - [21/Jan/2023:13:00:32 +0800] "GET /xingrg/all/function/internal_message.html?_=1674277245141&CODE_STATE=getMsg HTTP/1.1" 200 27
124.79.72.155 - - [21/Jan/2023:13:00:33 +0800] "GET /xingrg/all/function/internal_message.html?_=1674277245909&CODE_STATE=getMsg HTTP/1.1" 200 27
222.70.183.204 - - [21/Jan/2023:13:00:38 +0800] "GET /xingrg/all/function/internal_message.html?_=1674277252353&CODE_STATE=getMsg HTTP/1.1" 200 27
124.79.72.155 - - [21/Jan/2023:13:00:41 +0800] "POST /xingrg/kc/base/wldb_list_operate.html HTTP/1.1" 200 3855
222.70.183.204 - - [21/Jan/2023:13:00:42 +0800] "GET /xingrg/all/function/internal_message.html?_=1674277252467&CODE_STATE=getMsg HTTP/1.1" 200 27
116.230.105.139 - - [21/Jan/2023:13:00:53 +0800] "GET /xingrg/all/function/internal_message.html?_=1674277193032&CODE_STATE=getMsg HTTP/1.1" 200 27
101.83.145.75 - - [21/Jan/2023:13:00:58 +0800] "GET /xingrg/all/function/internal_message.html?_=1674277271441&CODE_STATE=getMsg HTTP/1.1" 200 27
180.169.147.146 - - [21/Jan/2023:13:01:05 +0800] "GET /xingrg/all/function/internal_message.html?_=1674277282950&CODE_STATE=getMsg HTTP/1.1" 200 27
58.221.95.50 - - [21/Jan/2023:13:01:08 +0800] "GET /xingrg/all/function/internal_message.html?_=1674277281065&CODE_STATE=getMsg HTTP/1.1" 200 27
116.235.244.242 - - [21/Jan/2023:13:01:09 +0800] "GET /xingrg/all/function/internal_message.html?_=1674277303923&CODE_STATE=getMsg HTTP/1.1" 200 27
180.162.115.82 - - [21/Jan/2023:13:01:17 +0800] "GET /xingrg/all/function/internal_message.html?_=1674276258668&CODE_STATE=getMsg HTTP/1.1" 200 27
116.238.139.35 - - [21/Jan/2023:13:01:19 +0800] "GET /xingrg/all/function/internal_message.html?_=1674277217042&CODE_STATE=getMsg HTTP/1.1" 200 27
124.78.154.177 - - [21/Jan/2023:13:01:24 +0800] "GET /xingrg/all/function/internal_message.html?_=1674277297102&CODE_STATE=getMsg HTTP/1.1" 200 27
180.157.253.110 - - [21/Jan/2023:13:01:30 +0800] "GET /xingrg/all/function/internal_message.html?_=1674277303779&CODE_STATE=getMsg HTTP/1.1" 200 27
116.238.139.35 - - [21/Jan/2023:13:01:32 +0800] "GET /xingrg/all/function/internal_message.html?_=1674277305146&CODE_STATE=getMsg HTTP/1.1" 200 27
116.238.139.35 - - [21/Jan/2023:13:01:32 +0800] "GET /xingrg/check_reg.html?_=1674277305149 HTTP/1.1" 200 22
124.79.72.155 - - [21/Jan/2023:13:01:33 +0800] "GET /xingrg/all/function/internal_message.html?_=1674277305911&CODE_STATE=getMsg HTTP/1.1" 200 27
222.70.183.204 - - [21/Jan/2023:13:01:38 +0800] "GET /xingrg/all/function/internal_message.html?_=1674277312368&CODE_STATE=getMsg HTTP/1.1" 200 27
222.70.183.204 - - [21/Jan/2023:13:01:42 +0800] "GET /xingrg/all/function/internal_message.html?_=1674277312466&CODE_STATE=getMsg HTTP/1.1" 200 27
116.230.105.139 - - [21/Jan/2023:13:01:53 +0800] "GET /xingrg/all/function/internal_message.html?_=1674277253007&CODE_STATE=getMsg HTTP/1.1" 200 27
101.83.145.75 - - [21/Jan/2023:13:01:58 +0800] "GET /xingrg/all/function/internal_message.html?_=1674277331442&CODE_STATE=getMsg HTTP/1.1" 200 27
180.169.147.146 - - [21/Jan/2023:13:02:05 +0800] "GET /xingrg/all/function/internal_message.html?_=1674277342934&CODE_STATE=getMsg HTTP/1.1" 200 27
58.221.95.50 - - [21/Jan/2023:13:02:08 +0800] "GET /xingrg/all/function/internal_message.html?_=1674277341044&CODE_STATE=getMsg HTTP/1.1" 200 27
116.235.244.242 - - [21/Jan/2023:13:02:09 +0800] "GET /xingrg/all/function/internal_message.html?_=1674277363937&CODE_STATE=getMsg HTTP/1.1" 200 27
180.162.115.82 - - [21/Jan/2023:13:02:17 +0800] "GET /xingrg/check_reg.html?_=1674276318667 HTTP/1.1" 200 22
180.162.115.82 - - [21/Jan/2023:13:02:17 +0800] "GET /xingrg/all/function/internal_message.html?_=1674276318669&CODE_STATE=getMsg HTTP/1.1" 200 27
116.238.139.35 - - [21/Jan/2023:13:02:19 +0800] "GET /xingrg/all/function/internal_message.html?_=1674277277132&CODE_STATE=getMsg HTTP/1.1" 200 27
124.78.154.177 - - [21/Jan/2023:13:02:24 +0800] "GET /xingrg/check_reg.html?_=1674277356853 HTTP/1.1" 200 22
124.78.154.177 - - [21/Jan/2023:13:02:24 +0800] "GET /xingrg/all/function/internal_message.html?_=1674277357075&CODE_STATE=getMsg HTTP/1.1" 200 27
180.157.253.110 - - [21/Jan/2023:13:02:30 +0800] "GET /xingrg/all/function/internal_message.html?_=1674277363781&CODE_STATE=getMsg HTTP/1.1" 200 27
116.238.139.35 - - [21/Jan/2023:13:02:32 +0800] "GET /xingrg/all/function/internal_message.html?_=1674277365152&CODE_STATE=getMsg HTTP/1.1" 200 27
124.79.72.155 - - [21/Jan/2023:13:02:33 +0800] "GET /xingrg/all/function/internal_message.html?_=1674277365923&CODE_STATE=getMsg HTTP/1.1" 200 27
101.83.145.75 - - [21/Jan/2023:13:02:36 +0800] "POST /xingrg/services/DataTransmitService HTTP/1.1" 401 565
101.83.145.75 - - [21/Jan/2023:13:02:36 +0800] "POST /xingrg/services/DataTransmitService HTTP/1.1" 200 478
101.83.145.75 - - [21/Jan/2023:13:02:36 +0800] "POST /xingrg/services/DataTransmitService HTTP/1.1" 200 1319
101.83.145.75 - - [21/Jan/2023:13:02:36 +0800] "POST /xingrg/services/DataTransmitService HTTP/1.1" 200 478
101.83.145.75 - - [21/Jan/2023:13:02:36 +0800] "POST /xingrg/services/DataTransmitService HTTP/1.1" 200 1319
101.83.145.75 - - [21/Jan/2023:13:02:36 +0800] "POST /xingrg/services/DataTransmitService HTTP/1.1" 200 524
101.83.145.75 - - [21/Jan/2023:13:02:37 +0800] "POST /xingrg/services/DataTransmitService HTTP/1.1" 200 2403
101.83.145.75 - - [21/Jan/2023:13:02:37 +0800] "POST /xingrg/services/DataTransmitService HTTP/1.1" 200 186124
222.70.183.204 - - [21/Jan/2023:13:02:38 +0800] "GET /xingrg/all/function/internal_message.html?_=1674277372355&CODE_STATE=getMsg HTTP/1.1" 200 27
222.70.183.204 - - [21/Jan/2023:13:02:42 +0800] "GET /xingrg/check_reg.html?_=1674277372466 HTTP/1.1" 200 22
222.70.183.204 - - [21/Jan/2023:13:02:42 +0800] "GET /xingrg/all/function/internal_message.html?_=1674277372470&CODE_STATE=getMsg HTTP/1.1" 200 27
116.230.105.139 - - [21/Jan/2023:13:02:53 +0800] "GET /xingrg/all/function/internal_message.html?_=1674277312982&CODE_STATE=getMsg HTTP/1.1" 200 27
101.83.145.75 - - [21/Jan/2023:13:02:58 +0800] "GET /xingrg/check_reg.html?_=1674277391443 HTTP/1.1" 200 22
101.83.145.75 - - [21/Jan/2023:13:02:58 +0800] "GET /xingrg/all/function/internal_message.html?_=1674277391446&CODE_STATE=getMsg HTTP/1.1" 200 27
180.169.147.146 - - [21/Jan/2023:13:03:05 +0800] "GET /xingrg/all/function/internal_message.html?_=1674277402917&CODE_STATE=getMsg HTTP/1.1" 200 27
58.221.95.50 - - [21/Jan/2023:13:03:08 +0800] "GET /xingrg/all/function/internal_message.html?_=1674277401017&CODE_STATE=getMsg HTTP/1.1" 200 27
116.235.244.242 - - [21/Jan/2023:13:03:09 +0800] "GET /xingrg/all/function/internal_message.html?_=1674277424004&CODE_STATE=getMsg HTTP/1.1" 200 27
116.230.105.139 - - [21/Jan/2023:13:03:12 +0800] "GET /xingrg/check_reg.html?_=1674277332436 HTTP/1.1" 200 22
180.162.115.82 - - [21/Jan/2023:13:03:17 +0800] "GET /xingrg/all/function/internal_message.html?_=1674276378667&CODE_STATE=getMsg HTTP/1.1" 200 27
116.238.139.35 - - [21/Jan/2023:13:03:19 +0800] "GET /xingrg/all/function/internal_message.html?_=1674277337147&CODE_STATE=getMsg HTTP/1.1" 200 27
124.78.154.177 - - [21/Jan/2023:13:03:24 +0800] "GET /xingrg/all/function/internal_message.html?_=1674277417059&CODE_STATE=getMsg HTTP/1.1" 200 27
180.157.253.110 - - [21/Jan/2023:13:03:30 +0800] "GET /xingrg/all/function/internal_message.html?_=1674277423782&CODE_STATE=getMsg HTTP/1.1" 200 27
180.157.253.110 - - [21/Jan/2023:13:03:31 +0800] "GET /xingrg/check_reg.html?_=1674277423788 HTTP/1.1" 200 22
116.238.139.35 - - [21/Jan/2023:13:03:32 +0800] "GET /xingrg/all/function/internal_message.html?_=1674277425154&CODE_STATE=getMsg HTTP/1.1" 200 27
124.79.72.155 - - [21/Jan/2023:13:03:33 +0800] "GET /xingrg/all/function/internal_message.html?_=1674277425923&CODE_STATE=getMsg HTTP/1.1" 200 27
58.221.95.50 - - [21/Jan/2023:13:03:37 +0800] "GET /xingrg/check_reg.html?_=1674277430160 HTTP/1.1" 200 22
222.70.183.204 - - [21/Jan/2023:13:03:38 +0800] "GET /xingrg/all/function/internal_message.html?_=1674277432354&CODE_STATE=getMsg HTTP/1.1" 200 27
222.70.183.204 - - [21/Jan/2023:13:03:42 +0800] "GET /xingrg/all/function/internal_message.html?_=1674277432456&CODE_STATE=getMsg HTTP/1.1" 200 27
116.230.105.139 - - [21/Jan/2023:13:03:53 +0800] "GET /xingrg/all/function/internal_message.html?_=1674277372953&CODE_STATE=getMsg HTTP/1.1" 200 27
101.83.145.75 - - [21/Jan/2023:13:03:58 +0800] "GET /xingrg/all/function/internal_message.html?_=1674277451445&CODE_STATE=getMsg HTTP/1.1" 200 27
180.169.147.146 - - [21/Jan/2023:13:04:05 +0800] "GET /xingrg/all/function/internal_message.html?_=1674277462900&CODE_STATE=getMsg HTTP/1.1" 200 27
58.221.95.50 - - [21/Jan/2023:13:04:08 +0800] "GET /xingrg/all/function/internal_message.html?_=1674277461002&CODE_STATE=getMsg HTTP/1.1" 200 27
116.235.244.242 - - [21/Jan/2023:13:04:09 +0800] "GET /xingrg/all/function/internal_message.html?_=1674277484010&CODE_STATE=getMsg HTTP/1.1" 200 27
180.162.115.82 - - [21/Jan/2023:13:04:17 +0800] "GET /xingrg/all/function/internal_message.html?_=1674276438667&CODE_STATE=getMsg HTTP/1.1" 200 27
116.238.139.35 - - [21/Jan/2023:13:04:18 +0800] "GET /xingrg/check_reg.html?_=1674277395294 HTTP/1.1" 200 22
116.238.139.35 - - [21/Jan/2023:13:04:19 +0800] "GET /xingrg/all/function/internal_message.html?_=1674277397160&CODE_STATE=getMsg HTTP/1.1" 200 27
101.83.145.75 - - [21/Jan/2023:13:04:20 +0800] "POST /xingrg/services/DataTransmitService HTTP/1.1" 401 565
116.235.244.242 - - [21/Jan/2023:13:04:20 +0800] "POST /xingrg/services/DataTransmitService HTTP/1.1" 200 524
101.83.145.75 - - [21/Jan/2023:13:04:20 +0800] "POST /xingrg/services/DataTransmitService HTTP/1.1" 200 478
101.83.145.75 - - [21/Jan/2023:13:04:20 +0800] "POST /xingrg/services/DataTransmitService HTTP/1.1" 200 1319
101.83.145.75 - - [21/Jan/2023:13:04:20 +0800] "POST /xingrg/services/DataTransmitService HTTP/1.1" 200 478
101.83.145.75 - - [21/Jan/2023:13:04:20 +0800] "POST /xingrg/services/DataTransmitService HTTP/1.1" 200 1319
101.83.145.75 - - [21/Jan/2023:13:04:20 +0800] "POST /xingrg/services/DataTransmitService HTTP/1.1" 200 524
116.235.244.242 - - [21/Jan/2023:13:04:20 +0800] "POST /xingrg/services/DataTransmitService HTTP/1.1" 200 501
101.83.145.75 - - [21/Jan/2023:13:04:20 +0800] "POST /xingrg/services/DataTransmitService HTTP/1.1" 200 2403
101.83.145.75 - - [21/Jan/2023:13:04:21 +0800] "POST /xingrg/services/DataTransmitService HTTP/1.1" 200 186124
124.78.154.177 - - [21/Jan/2023:13:04:24 +0800] "GET /xingrg/all/function/internal_message.html?_=1674277477038&CODE_STATE=getMsg HTTP/1.1" 200 27
180.157.253.110 - - [21/Jan/2023:13:04:30 +0800] "GET /xingrg/all/function/internal_message.html?_=1674277483788&CODE_STATE=getMsg HTTP/1.1" 200 27
116.238.139.35 - - [21/Jan/2023:13:04:32 +0800] "GET /xingrg/all/function/internal_message.html?_=1674277485157&CODE_STATE=getMsg HTTP/1.1" 200 27
124.79.72.155 - - [21/Jan/2023:13:04:33 +0800] "GET /xingrg/all/function/internal_message.html?_=1674277485927&CODE_STATE=getMsg HTTP/1.1" 200 27
124.79.72.155 - - [21/Jan/2023:13:04:33 +0800] "GET /xingrg/check_reg.html?_=1674277485929 HTTP/1.1" 200 22
222.70.183.204 - - [21/Jan/2023:13:04:38 +0800] "GET /xingrg/check_reg.html?_=1674277492360 HTTP/1.1" 200 22
222.70.183.204 - - [21/Jan/2023:13:04:38 +0800] "GET /xingrg/all/function/internal_message.html?_=1674277492356&CODE_STATE=getMsg HTTP/1.1" 200 27
222.70.183.204 - - [21/Jan/2023:13:04:42 +0800] "GET /xingrg/all/function/internal_message.html?_=1674277492456&CODE_STATE=getMsg HTTP/1.1" 200 27
116.230.105.139 - - [21/Jan/2023:13:04:53 +0800] "GET /xingrg/all/function/internal_message.html?_=1674277432940&CODE_STATE=getMsg HTTP/1.1" 200 27
101.83.145.75 - - [21/Jan/2023:13:04:58 +0800] "GET /xingrg/all/function/internal_message.html?_=1674277511445&CODE_STATE=getMsg HTTP/1.1" 200 27
101.83.145.75 - - [21/Jan/2023:13:05:01 +0800] "POST /xingrg/services/DataTransmitService HTTP/1.1" 200 45454
101.83.145.75 - - [21/Jan/2023:13:05:01 +0800] "POST /xingrg/services/DataTransmitService HTTP/1.1" 200 19237
180.169.147.146 - - [21/Jan/2023:13:05:05 +0800] "GET /xingrg/all/function/internal_message.html?_=1674277522883&CODE_STATE=getMsg HTTP/1.1" 200 27
180.169.147.146 - - [21/Jan/2023:13:05:05 +0800] "GET /xingrg/check_reg.html?_=1674277522946 HTTP/1.1" 200 22
58.221.95.50 - - [21/Jan/2023:13:05:08 +0800] "GET /xingrg/all/function/internal_message.html?_=1674277520981&CODE_STATE=getMsg HTTP/1.1" 200 27
116.235.244.242 - - [21/Jan/2023:13:05:08 +0800] "GET /xingrg/check_reg.html?_=1674277543364 HTTP/1.1" 200 22
116.235.244.242 - - [21/Jan/2023:13:05:09 +0800] "GET /xingrg/all/function/internal_message.html?_=1674277544026&CODE_STATE=getMsg HTTP/1.1" 200 27
180.162.115.82 - - [21/Jan/2023:13:05:17 +0800] "GET /xingrg/all/function/internal_message.html?_=1674276498667&CODE_STATE=getMsg HTTP/1.1" 200 27
116.238.139.35 - - [21/Jan/2023:13:05:19 +0800] "GET /xingrg/all/function/internal_message.html?_=1674277457174&CODE_STATE=getMsg HTTP/1.1" 200 27
124.78.154.177 - - [21/Jan/2023:13:05:24 +0800] "GET /xingrg/all/function/internal_message.html?_=1674277537008&CODE_STATE=getMsg HTTP/1.1" 200 27
180.157.253.110 - - [21/Jan/2023:13:05:30 +0800] "GET /xingrg/all/function/internal_message.html?_=1674277543790&CODE_STATE=getMsg HTTP/1.1" 200 27
116.238.139.35 - - [21/Jan/2023:13:05:32 +0800] "GET /xingrg/all/function/internal_message.html?_=1674277545160&CODE_STATE=getMsg HTTP/1.1" 200 27
124.79.72.155 - - [21/Jan/2023:13:05:33 +0800] "GET /xingrg/all/function/internal_message.html?_=1674277545920&CODE_STATE=getMsg HTTP/1.1" 200 27
222.70.183.204 - - [21/Jan/2023:13:05:38 +0800] "GET /xingrg/all/function/internal_message.html?_=1674277552359&CODE_STATE=getMsg HTTP/1.1" 200 27
222.70.183.204 - - [21/Jan/2023:13:05:42 +0800] "GET /xingrg/all/function/internal_message.html?_=1674277552455&CODE_STATE=getMsg HTTP/1.1" 200 27
116.230.105.139 - - [21/Jan/2023:13:05:53 +0800] "GET /xingrg/all/function/internal_message.html?_=1674277492922&CODE_STATE=getMsg HTTP/1.1" 200 27
101.83.145.75 - - [21/Jan/2023:13:05:58 +0800] "GET /xingrg/all/function/internal_message.html?_=1674277571445&CODE_STATE=getMsg HTTP/1.1" 200 27
180.169.147.146 - - [21/Jan/2023:13:06:05 +0800] "GET /xingrg/all/function/internal_message.html?_=1674277582865&CODE_STATE=getMsg HTTP/1.1" 200 27
58.221.95.50 - - [21/Jan/2023:13:06:08 +0800] "GET /xingrg/all/function/internal_message.html?_=1674277580968&CODE_STATE=getMsg HTTP/1.1" 200 27
116.235.244.242 - - [21/Jan/2023:13:06:09 +0800] "GET /xingrg/all/function/internal_message.html?_=1674277604038&CODE_STATE=getMsg HTTP/1.1" 200 27
124.79.72.155 - - [21/Jan/2023:13:06:16 +0800] "GET /xingrg/kc/buy/buy_main.html HTTP/1.1" 200 12412
124.79.72.155 - - [21/Jan/2023:13:06:16 +0800] "GET /xingrg/css/new_ie.css HTTP/1.1" 404 1036
180.162.115.82 - - [21/Jan/2023:13:06:17 +0800] "GET /xingrg/all/function/internal_message.html?_=1674276558652&CODE_STATE=getMsg HTTP/1.1" 200 27
124.79.72.155 - - [21/Jan/2023:13:06:17 +0800] "GET /xingrg/kc/buy/cgsh_order_list.html HTTP/1.1" 200 53926
116.238.139.35 - - [21/Jan/2023:13:06:19 +0800] "GET /xingrg/all/function/internal_message.html?_=1674277517187&CODE_STATE=getMsg HTTP/1.1" 200 27
124.78.154.177 - - [21/Jan/2023:13:06:24 +0800] "GET /xingrg/all/function/internal_message.html?_=1674277596993&CODE_STATE=getMsg HTTP/1.1" 200 27
124.79.72.155 - - [21/Jan/2023:13:06:24 +0800] "POST /xingrg/kc/buy/cgsh_list_operate.html HTTP/1.1" 200 3541
180.157.253.110 - - [21/Jan/2023:13:06:30 +0800] "GET /xingrg/all/function/internal_message.html?_=1674277603808&CODE_STATE=getMsg HTTP/1.1" 200 27
116.238.139.35 - - [21/Jan/2023:13:06:32 +0800] "GET /xingrg/check_reg.html?_=1674277605162 HTTP/1.1" 200 22
116.238.139.35 - - [21/Jan/2023:13:06:32 +0800] "GET /xingrg/all/function/internal_message.html?_=1674277605166&CODE_STATE=getMsg HTTP/1.1" 200 27
124.79.72.155 - - [21/Jan/2023:13:06:33 +0800] "GET /xingrg/all/function/internal_message.html?_=1674277605921&CODE_STATE=getMsg HTTP/1.1" 200 27
124.79.72.155 - - [21/Jan/2023:13:06:34 +0800] "GET /xingrg/javascript/jquery_tools/images/prev.gif HTTP/1.1" 404 1086
124.79.72.155 - - [21/Jan/2023:13:06:34 +0800] "GET /xingrg/javascript/jquery_tools/images/next.gif HTTP/1.1" 404 1086
222.70.183.204 - - [21/Jan/2023:13:06:38 +0800] "GET /xingrg/all/function/internal_message.html?_=1674277612360&CODE_STATE=getMsg HTTP/1.1" 200 27
124.79.72.155 - - [21/Jan/2023:13:06:42 +0800] "POST /xingrg/kc/buy/cgsh_list_operate.html HTTP/1.1" 200 6086
222.70.183.204 - - [21/Jan/2023:13:06:42 +0800] "GET /xingrg/all/function/internal_message.html?_=1674277612455&CODE_STATE=getMsg HTTP/1.1" 200 27
