101.83.145.75 - - [18/Jan/2023:08:48:02 +0800] "GET /xingrg/dwr/interface/AjaxYddbService.js HTTP/1.1" 200 13201
101.83.145.75 - - [18/Jan/2023:08:48:02 +0800] "GET /xingrg/dwr/engine.js HTTP/1.1" 200 43631
116.192.124.172 - - [18/Jan/2023:08:48:05 +0800] "GET /xingrg/all/function/internal_message.html?_=1674002911930&CODE_STATE=getMsg HTTP/1.1" 200 27
116.235.244.242 - - [18/Jan/2023:08:48:09 +0800] "GET /xingrg/all/function/internal_message.html?_=1674002913171&CODE_STATE=getMsg HTTP/1.1" 200 27
101.83.145.75 - - [18/Jan/2023:08:48:10 +0800] "POST /xingrg/dwr/call/plaincall/AjaxYddbService.getRestBases.dwr HTTP/1.1" 200 1094
116.230.105.139 - - [18/Jan/2023:08:48:10 +0800] "POST /xingrg/kc/buy/cgsh_order_operate.html HTTP/1.1" 200 37
116.230.105.139 - - [18/Jan/2023:08:48:12 +0800] "POST /xingrg/kc/buy/cgsh_order_operate.html HTTP/1.1" 200 6830
116.230.105.139 - - [18/Jan/2023:08:48:12 +0800] "GET /xingrg/kc/print/load_config.html?kc_code=cgsh HTTP/1.1" 200 1943
116.230.105.139 - - [18/Jan/2023:08:48:12 +0800] "GET /xingrg/kc/print/load_data.html?order_code=212023011805654&kc_code=cgsh&condition= HTTP/1.1" 200 2277
116.192.124.172 - - [18/Jan/2023:08:48:16 +0800] "GET /xingrg/all/function/internal_message.html?_=1674002911422&CODE_STATE=getMsg HTTP/1.1" 302 -
114.84.81.136 - - [18/Jan/2023:08:48:22 +0800] "GET /xingrg/all/function/internal_message.html?_=1674002916728&CODE_STATE=getMsg HTTP/1.1" 200 27
117.143.45.205 - - [18/Jan/2023:08:48:24 +0800] "GET /xingrg/all/function/internal_message.html?_=1674002913681&CODE_STATE=getMsg HTTP/1.1" 200 27
101.83.145.75 - - [18/Jan/2023:08:48:26 +0800] "POST /xingrg/dwr/call/plaincall/AjaxYddbService.saveOrder.dwr HTTP/1.1" 200 78
101.83.145.75 - - [18/Jan/2023:08:48:31 +0800] "POST /xingrg/dwr/call/plaincall/AjaxComOrderService.getMaterielSearchList.dwr HTTP/1.1" 200 542269
101.83.145.75 - - [18/Jan/2023:08:48:31 +0800] "POST /xingrg/dwr/call/plaincall/AjaxComOrderService.getMaterielSearchList.dwr HTTP/1.1" 200 30810
101.83.145.75 - - [18/Jan/2023:08:48:31 +0800] "GET /xingrg/images/yd/bt.gif HTTP/1.1" 404 1040
116.230.105.139 - - [18/Jan/2023:08:48:36 +0800] "GET /xingrg/kc/buy/cgsh_order_add.html HTTP/1.1" 200 69708
116.230.105.139 - - [18/Jan/2023:08:48:36 +0800] "POST /xingrg/kc/buy/cgsh_order_operate.html HTTP/1.1" 200 8245
116.230.105.139 - - [18/Jan/2023:08:48:36 +0800] "GET /xingrg/javascript/easyui/themes/default/validatebox.css HTTP/1.1" 404 1104
101.83.145.75 - - [18/Jan/2023:08:48:38 +0800] "POST /xingrg/dwr/call/plaincall/AjaxComOrderService.getMaterielSearchList.dwr HTTP/1.1" 200 1184
101.83.145.75 - - [18/Jan/2023:08:48:42 +0800] "POST /xingrg/dwr/call/plaincall/AjaxComOrderService.getMaterielSearchList.dwr HTTP/1.1" 200 30810
116.230.105.139 - - [18/Jan/2023:08:48:44 +0800] "GET /xingrg/kc/buy/cgsh_order_operate.html?command=get_materiel&rest_code=00155&code=00101007061&supplier_code=00100002&order_time=2023-01-18 HTTP/1.1" 200 424
101.83.145.75 - - [18/Jan/2023:08:48:47 +0800] "POST /xingrg/dwr/call/plaincall/AjaxComOrderService.getMaterielSearchList.dwr HTTP/1.1" 200 76
116.230.105.139 - - [18/Jan/2023:08:48:48 +0800] "GET /xingrg/all/function/internal_message.html?_=1674002875757&CODE_STATE=getMsg HTTP/1.1" 200 27
101.83.145.75 - - [18/Jan/2023:08:48:49 +0800] "GET /xingrg/all/function/internal_message.html?_=1674002944685&CODE_STATE=getMsg HTTP/1.1" 200 27
101.83.145.75 - - [18/Jan/2023:08:48:50 +0800] "POST /xingrg/dwr/call/plaincall/AjaxComOrderService.getMaterielSearchList.dwr HTTP/1.1" 200 30810
101.83.145.75 - - [18/Jan/2023:08:48:50 +0800] "POST /xingrg/dwr/call/plaincall/AjaxComOrderService.getMaterielSearchList.dwr HTTP/1.1" 200 30810
116.230.105.139 - - [18/Jan/2023:08:48:51 +0800] "GET /xingrg/kc/buy/cgsh_order_operate.html?command=get_materiel&rest_code=00155&code=00101010287&supplier_code=00100002&order_time=2023-01-18 HTTP/1.1" 200 409
101.83.145.75 - - [18/Jan/2023:08:48:53 +0800] "POST /xingrg/dwr/call/plaincall/AjaxComOrderService.getMaterielSearchList.dwr HTTP/1.1" 200 76
116.238.139.35 - - [18/Jan/2023:08:48:55 +0800] "GET /xingrg/all/function/internal_message.html?_=1674002950003&CODE_STATE=getMsg HTTP/1.1" 200 27
116.230.105.139 - - [18/Jan/2023:08:48:59 +0800] "GET /xingrg/kc/buy/cgsh_order_operate.html?command=get_materiel&rest_code=00155&code=00101007072&supplier_code=00100002&order_time=2023-01-18 HTTP/1.1" 200 413
116.192.124.172 - - [18/Jan/2023:08:49:05 +0800] "GET /xingrg/all/function/internal_message.html?_=1674002971928&CODE_STATE=getMsg HTTP/1.1" 200 27
101.83.145.75 - - [18/Jan/2023:08:49:05 +0800] "POST /xingrg/dwr/call/plaincall/AjaxComOrderService.getMaterielSearchList.dwr HTTP/1.1" 200 20025
116.230.105.139 - - [18/Jan/2023:08:49:05 +0800] "GET /xingrg/kc/buy/cgsh_order_operate.html?command=get_materiel&rest_code=00155&code=00101007077&supplier_code=00100002&order_time=2023-01-18 HTTP/1.1" 200 415
116.235.244.242 - - [18/Jan/2023:08:49:09 +0800] "GET /xingrg/all/function/internal_message.html?_=1674002973332&CODE_STATE=getMsg HTTP/1.1" 200 27
116.230.105.139 - - [18/Jan/2023:08:49:13 +0800] "GET /xingrg/kc/buy/cgsh_order_operate.html?command=get_materiel&rest_code=00155&code=00101007032&supplier_code=00100002&order_time=2023-01-18 HTTP/1.1" 200 413
101.83.145.75 - - [18/Jan/2023:08:49:14 +0800] "POST /xingrg/dwr/call/plaincall/AjaxComOrderService.getMaterielSearchList.dwr HTTP/1.1" 200 1964
116.192.124.172 - - [18/Jan/2023:08:49:16 +0800] "GET /xingrg/all/function/internal_message.html?_=1674002971397&CODE_STATE=getMsg HTTP/1.1" 302 -
116.230.105.139 - - [18/Jan/2023:08:49:20 +0800] "GET /xingrg/kc/buy/cgsh_order_operate.html?command=get_materiel&rest_code=00155&code=00101007022&supplier_code=00100002&order_time=2023-01-18 HTTP/1.1" 200 413
114.84.81.136 - - [18/Jan/2023:08:49:22 +0800] "GET /xingrg/all/function/internal_message.html?_=1674002976707&CODE_STATE=getMsg HTTP/1.1" 200 27
117.143.45.205 - - [18/Jan/2023:08:49:24 +0800] "GET /xingrg/all/function/internal_message.html?_=1674002973666&CODE_STATE=getMsg HTTP/1.1" 200 27
101.83.145.75 - - [18/Jan/2023:08:49:30 +0800] "POST /xingrg/dwr/call/plaincall/AjaxComOrderService.getMaterielSearchList.dwr HTTP/1.1" 200 204
116.230.105.139 - - [18/Jan/2023:08:49:30 +0800] "GET /xingrg/kc/buy/cgsh_order_operate.html?command=get_materiel&rest_code=00155&code=00101007071&supplier_code=00100002&order_time=2023-01-18 HTTP/1.1" 200 419
101.83.145.75 - - [18/Jan/2023:08:49:32 +0800] "POST /xingrg/dwr/call/plaincall/AjaxComOrderService.getMaterielSearchList.dwr HTTP/1.1" 200 77
101.83.145.75 - - [18/Jan/2023:08:49:33 +0800] "POST /xingrg/dwr/call/plaincall/AjaxComOrderService.getMaterielSearchList.dwr HTTP/1.1" 200 30811
101.83.145.75 - - [18/Jan/2023:08:49:40 +0800] "POST /xingrg/dwr/call/plaincall/AjaxComOrderService.getMaterielSearchList.dwr HTTP/1.1" 200 77
116.230.105.139 - - [18/Jan/2023:08:49:42 +0800] "POST /xingrg/kc/buy/cgsh_order_operate.html HTTP/1.1" 200 37
101.83.145.75 - - [18/Jan/2023:08:49:42 +0800] "POST /xingrg/dwr/call/plaincall/AjaxComOrderService.getMaterielSearchList.dwr HTTP/1.1" 200 542270
101.83.145.75 - - [18/Jan/2023:08:49:42 +0800] "POST /xingrg/dwr/call/plaincall/AjaxComOrderService.getMaterielSearchList.dwr HTTP/1.1" 200 30811
116.230.105.139 - - [18/Jan/2023:08:49:43 +0800] "POST /xingrg/kc/buy/cgsh_order_operate.html HTTP/1.1" 200 6219
101.83.145.75 - - [18/Jan/2023:08:49:43 +0800] "POST /xingrg/dwr/call/plaincall/AjaxComOrderService.getMaterielSearchList.dwr HTTP/1.1" 200 1185
116.230.105.139 - - [18/Jan/2023:08:49:43 +0800] "GET /xingrg/kc/print/load_data.html?order_code=212023011805655&kc_code=cgsh&condition= HTTP/1.1" 200 2117
116.230.105.139 - - [18/Jan/2023:08:49:47 +0800] "GET /xingrg/kc/print/load_data.html?order_code=212023011805655&kc_code=cgsh HTTP/1.1" 200 2117
101.83.145.75 - - [18/Jan/2023:08:49:48 +0800] "POST /xingrg/dwr/call/plaincall/AjaxComOrderService.getMaterielSearchList.dwr HTTP/1.1" 200 30811
116.230.105.139 - - [18/Jan/2023:08:49:48 +0800] "GET /xingrg/all/function/internal_message.html?_=1674002936085&CODE_STATE=getMsg HTTP/1.1" 200 27
101.83.145.75 - - [18/Jan/2023:08:49:49 +0800] "GET /xingrg/all/function/internal_message.html?_=1674003004653&CODE_STATE=getMsg HTTP/1.1" 200 27
116.238.139.35 - - [18/Jan/2023:08:49:55 +0800] "GET /xingrg/all/function/internal_message.html?_=1674003009978&CODE_STATE=getMsg HTTP/1.1" 200 27
101.83.145.75 - - [18/Jan/2023:08:50:01 +0800] "POST /xingrg/dwr/call/plaincall/AjaxYddbService.getMaterielByMap.dwr HTTP/1.1" 200 2820
116.230.105.139 - - [18/Jan/2023:08:50:02 +0800] "GET /xingrg/kc/buy/cgsh_order_add.html HTTP/1.1" 200 69708
116.230.105.139 - - [18/Jan/2023:08:50:02 +0800] "POST /xingrg/kc/buy/cgsh_order_operate.html HTTP/1.1" 200 8245
116.230.105.139 - - [18/Jan/2023:08:50:02 +0800] "GET /xingrg/javascript/easyui/themes/default/validatebox.css HTTP/1.1" 404 1104
116.192.124.172 - - [18/Jan/2023:08:50:05 +0800] "GET /xingrg/all/function/internal_message.html?_=1674003031927&CODE_STATE=getMsg HTTP/1.1" 200 27
116.192.124.172 - - [18/Jan/2023:08:50:05 +0800] "GET /xingrg/check_reg.html?_=1674003031931 HTTP/1.1" 200 22
116.235.244.242 - - [18/Jan/2023:08:50:09 +0800] "GET /xingrg/all/function/internal_message.html?_=1674003033341&CODE_STATE=getMsg HTTP/1.1" 200 27
116.230.105.139 - - [18/Jan/2023:08:50:10 +0800] "GET /xingrg/kc/buy/cgsh_order_operate.html?command=get_materiel&rest_code=00155&code=00101008003&supplier_code=00100005&order_time=2023-01-18 HTTP/1.1" 200 408
101.83.145.75 - - [18/Jan/2023:08:50:11 +0800] "POST /xingrg/dwr/call/plaincall/AjaxYddbService.saveMaterielItem.dwr HTTP/1.1" 200 79
101.83.145.75 - - [18/Jan/2023:08:50:15 +0800] "GET /xingrg/kc/buy/cgsh_order_list.html HTTP/1.1" 200 53920
116.192.124.172 - - [18/Jan/2023:08:50:16 +0800] "GET /xingrg/all/function/internal_message.html?_=1674003031380&CODE_STATE=getMsg HTTP/1.1" 302 -
101.83.145.75 - - [18/Jan/2023:08:50:16 +0800] "POST /xingrg/kc/buy/cgsh_list_operate.html HTTP/1.1" 200 986
116.230.105.139 - - [18/Jan/2023:08:50:20 +0800] "GET /xingrg/kc/buy/cgsh_order_operate.html?command=get_materiel&rest_code=00155&code=00101008067&supplier_code=00100005&order_time=2023-01-18 HTTP/1.1" 200 416
114.84.81.136 - - [18/Jan/2023:08:50:22 +0800] "GET /xingrg/all/function/internal_message.html?_=1674003036682&CODE_STATE=getMsg HTTP/1.1" 200 27
117.143.45.205 - - [18/Jan/2023:08:50:24 +0800] "GET /xingrg/all/function/internal_message.html?_=1674003033646&CODE_STATE=getMsg HTTP/1.1" 200 27
116.230.105.139 - - [18/Jan/2023:08:50:27 +0800] "GET /xingrg/kc/buy/cgsh_order_operate.html?command=get_materiel&rest_code=00155&code=00101008126&supplier_code=00100005&order_time=2023-01-18 HTTP/1.1" 200 412
101.83.145.75 - - [18/Jan/2023:08:50:29 +0800] "POST /xingrg/kc/buy/cgsh_list_operate.html HTTP/1.1" 200 6600
116.230.105.139 - - [18/Jan/2023:08:50:36 +0800] "GET /xingrg/kc/buy/cgsh_order_operate.html?command=get_materiel&rest_code=00155&code=00101008270&supplier_code=00100005&order_time=2023-01-18 HTTP/1.1" 200 412
101.83.145.75 - - [18/Jan/2023:08:50:39 +0800] "POST /xingrg/kc/buy/cgsh_list_operate.html HTTP/1.1" 200 4479
114.84.81.136 - - [18/Jan/2023:08:50:40 +0800] "GET /xingrg/check_reg.html?_=1674003055313 HTTP/1.1" 200 22
116.230.105.139 - - [18/Jan/2023:08:50:41 +0800] "GET /xingrg/kc/buy/cgsh_order_operate.html?command=get_materiel&rest_code=00155&code=00101008005&supplier_code=00100005&order_time=2023-01-18 HTTP/1.1" 200 429
101.83.145.75 - - [18/Jan/2023:08:50:42 +0800] "POST /xingrg/kc/buy/cgsh_list_operate.html HTTP/1.1" 200 295
101.83.145.75 - - [18/Jan/2023:08:50:45 +0800] "POST /xingrg/kc/buy/cgsh_list_operate.html HTTP/1.1" 200 282
116.230.105.139 - - [18/Jan/2023:08:50:47 +0800] "GET /xingrg/kc/buy/cgsh_order_operate.html?command=get_materiel&rest_code=00155&code=00101008298&supplier_code=00100005&order_time=2023-01-18 HTTP/1.1" 200 431
116.230.105.139 - - [18/Jan/2023:08:50:48 +0800] "GET /xingrg/all/function/internal_message.html?_=1674002996082&CODE_STATE=getMsg HTTP/1.1" 200 27
101.83.145.75 - - [18/Jan/2023:08:50:49 +0800] "GET /xingrg/all/function/internal_message.html?_=1674003064630&CODE_STATE=getMsg HTTP/1.1" 200 27
101.83.145.75 - - [18/Jan/2023:08:50:51 +0800] "GET /xingrg/kc/base/yddb_order_list.html HTTP/1.1" 200 16745
101.83.145.75 - - [18/Jan/2023:08:50:51 +0800] "POST /xingrg/kc/base/yddb_list_operate.html HTTP/1.1" 200 1327
101.83.145.75 - - [18/Jan/2023:08:50:52 +0800] "POST /xingrg/kc/base/yddb_list_operate.html HTTP/1.1" 200 199
101.83.145.75 - - [18/Jan/2023:08:50:53 +0800] "GET /xingrg/kc/base/yddb_order_info.html?code=482023011800096 HTTP/1.1" 200 31607
101.83.145.75 - - [18/Jan/2023:08:50:53 +0800] "GET /xingrg/dwr/interface/AjaxComOrderService.js HTTP/1.1" 200 18264
101.83.145.75 - - [18/Jan/2023:08:50:53 +0800] "GET /xingrg/dwr/interface/AjaxYddbService.js HTTP/1.1" 200 13201
101.83.145.75 - - [18/Jan/2023:08:50:53 +0800] "GET /xingrg/dwr/engine.js HTTP/1.1" 200 43631
101.83.145.75 - - [18/Jan/2023:08:50:53 +0800] "POST /xingrg/dwr/call/plaincall/AjaxYddbService.loadMaterielItems.dwr HTTP/1.1" 200 387
116.230.105.139 - - [18/Jan/2023:08:50:54 +0800] "GET /xingrg/kc/buy/cgsh_order_operate.html?command=get_materiel&rest_code=00155&code=00101008199&supplier_code=00100005&order_time=2023-01-18 HTTP/1.1" 200 408
116.238.139.35 - - [18/Jan/2023:08:50:55 +0800] "GET /xingrg/all/function/internal_message.html?_=1674003069965&CODE_STATE=getMsg HTTP/1.1" 200 27
101.83.145.75 - - [18/Jan/2023:08:50:59 +0800] "POST /xingrg/dwr/call/plaincall/AjaxYddbService.checkOrder.dwr HTTP/1.1" 200 78
116.230.105.139 - - [18/Jan/2023:08:51:00 +0800] "GET /xingrg/kc/buy/cgsh_order_operate.html?command=get_materiel&rest_code=00155&code=00101008213&supplier_code=00100005&order_time=2023-01-18 HTTP/1.1" 200 412
101.83.145.75 - - [18/Jan/2023:08:51:01 +0800] "GET /xingrg/kc/base/yddb_order_info.html?code=482023011800096 HTTP/1.1" 200 29786
101.83.145.75 - - [18/Jan/2023:08:51:01 +0800] "GET /xingrg/dwr/interface/AjaxYddbService.js HTTP/1.1" 200 13201
101.83.145.75 - - [18/Jan/2023:08:51:01 +0800] "GET /xingrg/dwr/interface/AjaxComOrderService.js HTTP/1.1" 200 18264
101.83.145.75 - - [18/Jan/2023:08:51:01 +0800] "GET /xingrg/dwr/engine.js HTTP/1.1" 200 43631
101.83.145.75 - - [18/Jan/2023:08:51:01 +0800] "POST /xingrg/dwr/call/plaincall/AjaxYddbService.loadMaterielItems.dwr HTTP/1.1" 200 387
101.83.145.75 - - [18/Jan/2023:08:51:03 +0800] "GET /xingrg/kc/base/yddb_order_report.html?fileType=servlets/rtf&code=482023011800096&reportName=ck_order_report&subName=yddb HTTP/1.1" 302 -
101.83.145.75 - - [18/Jan/2023:08:51:03 +0800] "GET /xingrg/servlets/rtf?sysBaseUrl=http%3A%2F%2F180.169.147.146%3A18081%2Fxingrg%2F&costTime=92×tamp=1674003063394 HTTP/1.1" 200 18031
101.83.145.75 - - [18/Jan/2023:08:51:03 +0800] "GET /favicon.ico HTTP/1.1" 404 -
116.192.124.172 - - [18/Jan/2023:08:51:05 +0800] "GET /xingrg/all/function/internal_message.html?_=1674003091925&CODE_STATE=getMsg HTTP/1.1" 200 27
116.230.105.139 - - [18/Jan/2023:08:51:07 +0800] "GET /xingrg/kc/buy/cgsh_order_operate.html?command=get_materiel&rest_code=00155&code=00101008257&supplier_code=00100005&order_time=2023-01-18 HTTP/1.1" 200 416
116.235.244.242 - - [18/Jan/2023:08:51:09 +0800] "GET /xingrg/all/function/internal_message.html?_=1674003093491&CODE_STATE=getMsg HTTP/1.1" 200 27
116.192.124.172 - - [18/Jan/2023:08:51:16 +0800] "GET /xingrg/all/function/internal_message.html?_=1674003091367&CODE_STATE=getMsg HTTP/1.1" 302 -
116.235.244.242 - - [18/Jan/2023:08:51:21 +0800] "GET /xingrg/check_reg.html?_=1674003104912 HTTP/1.1" 200 22
114.84.81.136 - - [18/Jan/2023:08:51:22 +0800] "GET /xingrg/all/function/internal_message.html?_=1674003096660&CODE_STATE=getMsg HTTP/1.1" 200 27
116.238.139.35 - - [18/Jan/2023:08:51:24 +0800] "GET /xingrg/check_reg.html?_=1674003098673 HTTP/1.1" 200 22
117.143.45.205 - - [18/Jan/2023:08:51:24 +0800] "GET /xingrg/all/function/internal_message.html?_=1674003093637&CODE_STATE=getMsg HTTP/1.1" 200 27
116.230.105.139 - - [18/Jan/2023:08:51:48 +0800] "GET /xingrg/all/function/internal_message.html?_=1674003056065&CODE_STATE=getMsg HTTP/1.1" 200 27
101.83.145.75 - - [18/Jan/2023:08:51:49 +0800] "GET /xingrg/all/function/internal_message.html?_=1674003124614&CODE_STATE=getMsg HTTP/1.1" 200 27
101.83.145.75 - - [18/Jan/2023:08:51:50 +0800] "GET /xingrg/check_reg.html?_=1674003125444 HTTP/1.1" 200 22
116.230.105.139 - - [18/Jan/2023:08:51:51 +0800] "GET /xingrg/kc/buy/cgsh_order_operate.html?command=get_materiel&rest_code=00155&code=00101008331&supplier_code=00100005&order_time=2023-01-18 HTTP/1.1" 200 431
116.238.139.35 - - [18/Jan/2023:08:51:55 +0800] "GET /xingrg/all/function/internal_message.html?_=1674003129942&CODE_STATE=getMsg HTTP/1.1" 200 27
116.230.105.139 - - [18/Jan/2023:08:51:56 +0800] "GET /xingrg/kc/buy/cgsh_order_operate.html?command=get_materiel&rest_code=00155&code=00101008125&supplier_code=00100005&order_time=2023-01-18 HTTP/1.1" 200 413
116.230.105.139 - - [18/Jan/2023:08:52:04 +0800] "GET /xingrg/kc/buy/cgsh_order_operate.html?command=get_materiel&rest_code=00155&code=00101008559&supplier_code=00100005&order_time=2023-01-18 HTTP/1.1" 200 432
116.192.124.172 - - [18/Jan/2023:08:52:05 +0800] "GET /xingrg/all/function/internal_message.html?_=1674003151922&CODE_STATE=getMsg HTTP/1.1" 200 27
116.235.244.242 - - [18/Jan/2023:08:52:09 +0800] "GET /xingrg/all/function/internal_message.html?_=1674003153492&CODE_STATE=getMsg HTTP/1.1" 200 27
116.230.105.139 - - [18/Jan/2023:08:52:10 +0800] "GET /xingrg/kc/buy/cgsh_order_operate.html?command=get_materiel&rest_code=00155&code=00101008010&supplier_code=00100005&order_time=2023-01-18 HTTP/1.1" 200 412
116.230.105.139 - - [18/Jan/2023:08:52:16 +0800] "GET /xingrg/kc/buy/cgsh_order_operate.html?command=get_materiel&rest_code=00155&code=00101008096&supplier_code=00100005&order_time=2023-01-18 HTTP/1.1" 200 412
116.230.105.139 - - [18/Jan/2023:08:52:21 +0800] "GET /xingrg/kc/buy/cgsh_order_operate.html?command=get_materiel&rest_code=00155&code=00101008290&supplier_code=00100005&order_time=2023-01-18 HTTP/1.1" 200 416
114.84.81.136 - - [18/Jan/2023:08:52:22 +0800] "GET /xingrg/all/function/internal_message.html?_=1674003156631&CODE_STATE=getMsg HTTP/1.1" 200 27
117.143.45.205 - - [18/Jan/2023:08:52:24 +0800] "GET /xingrg/all/function/internal_message.html?_=1674003153613&CODE_STATE=getMsg HTTP/1.1" 200 27
116.230.105.139 - - [18/Jan/2023:08:52:29 +0800] "GET /xingrg/kc/buy/cgsh_order_operate.html?command=get_materiel&rest_code=00155&code=00101008361&supplier_code=00100005&order_time=2023-01-18 HTTP/1.1" 200 408
116.230.105.139 - - [18/Jan/2023:08:52:34 +0800] "GET /xingrg/kc/buy/cgsh_order_operate.html?command=get_materiel&rest_code=00155&code=00101008264&supplier_code=00100005&order_time=2023-01-18 HTTP/1.1" 200 412
117.143.45.205 - - [18/Jan/2023:08:52:34 +0800] "GET /xingrg/check_reg.html?_=1674003163689 HTTP/1.1" 200 22
116.235.244.242 - - [18/Jan/2023:08:52:34 +0800] "POST /xingrg/services/DataTransmitService HTTP/1.1" 200 524
116.235.244.242 - - [18/Jan/2023:08:52:35 +0800] "POST /xingrg/services/DataTransmitService HTTP/1.1" 200 2339
116.235.244.242 - - [18/Jan/2023:08:52:39 +0800] "POST /xingrg/services/DataTransmitService HTTP/1.1" 200 524
116.230.105.139 - - [18/Jan/2023:08:52:40 +0800] "GET /xingrg/kc/buy/cgsh_order_operate.html?command=get_materiel&rest_code=00155&code=00101008356&supplier_code=00100005&order_time=2023-01-18 HTTP/1.1" 200 408
116.235.244.242 - - [18/Jan/2023:08:52:40 +0800] "POST /xingrg/services/DataTransmitService HTTP/1.1" 200 2339
116.230.105.139 - - [18/Jan/2023:08:52:46 +0800] "GET /xingrg/kc/buy/cgsh_order_operate.html?command=get_materiel&rest_code=00155&code=00101008251&supplier_code=00100005&order_time=2023-01-18 HTTP/1.1" 200 423
116.230.105.139 - - [18/Jan/2023:08:52:47 +0800] "POST /xingrg/kc/buy/cgsh_order_operate.html HTTP/1.1" 200 2065
116.230.105.139 - - [18/Jan/2023:08:52:48 +0800] "GET /xingrg/check_reg.html?_=1674003115788 HTTP/1.1" 200 22
116.230.105.139 - - [18/Jan/2023:08:52:48 +0800] "GET /xingrg/all/function/internal_message.html?_=1674003116048&CODE_STATE=getMsg HTTP/1.1" 200 27
101.83.145.75 - - [18/Jan/2023:08:52:49 +0800] "GET /xingrg/all/function/internal_message.html?_=1674003184593&CODE_STATE=getMsg HTTP/1.1" 200 27
116.230.105.139 - - [18/Jan/2023:08:52:52 +0800] "GET /xingrg/kc/buy/cgsh_order_operate.html?command=get_materiel&rest_code=00155&code=00101008238&supplier_code=00100005&order_time=2023-01-18 HTTP/1.1" 200 416
116.238.139.35 - - [18/Jan/2023:08:52:55 +0800] "GET /xingrg/all/function/internal_message.html?_=1674003189913&CODE_STATE=getMsg HTTP/1.1" 200 27
116.230.105.139 - - [18/Jan/2023:08:52:57 +0800] "GET /xingrg/kc/buy/cgsh_order_operate.html?command=get_materiel&rest_code=00155&code=00101008006&supplier_code=00100005&order_time=2023-01-18 HTTP/1.1" 200 416
116.230.105.139 - - [18/Jan/2023:08:53:03 +0800] "GET /xingrg/kc/buy/cgsh_order_operate.html?command=get_materiel&rest_code=00155&code=00101008131&supplier_code=00100005&order_time=2023-01-18 HTTP/1.1" 200 408
116.192.124.172 - - [18/Jan/2023:08:53:05 +0800] "GET /xingrg/all/function/internal_message.html?_=1674003211937&CODE_STATE=getMsg HTTP/1.1" 200 27
116.235.244.242 - - [18/Jan/2023:08:53:09 +0800] "GET /xingrg/all/function/internal_message.html?_=1674003213505&CODE_STATE=getMsg HTTP/1.1" 200 27
116.230.105.139 - - [18/Jan/2023:08:53:15 +0800] "GET /xingrg/kc/buy/cgsh_order_operate.html?command=get_materiel&rest_code=00155&code=00101008279&supplier_code=00100005&order_time=2023-01-18 HTTP/1.1" 200 412
114.84.81.136 - - [18/Jan/2023:08:53:22 +0800] "GET /xingrg/all/function/internal_message.html?_=1674003216603&CODE_STATE=getMsg HTTP/1.1" 200 27
116.230.105.139 - - [18/Jan/2023:08:53:23 +0800] "GET /xingrg/kc/buy/cgsh_order_operate.html?command=get_materiel&rest_code=00155&code=00101008108&supplier_code=00100005&order_time=2023-01-18 HTTP/1.1" 200 412
117.143.45.205 - - [18/Jan/2023:08:53:24 +0800] "GET /xingrg/all/function/internal_message.html?_=1674003213583&CODE_STATE=getMsg HTTP/1.1" 200 27
116.230.105.139 - - [18/Jan/2023:08:53:25 +0800] "POST /xingrg/kc/buy/cgsh_order_operate.html HTTP/1.1" 200 2065
116.230.105.139 - - [18/Jan/2023:08:53:48 +0800] "GET /xingrg/all/function/internal_message.html?_=1674003176031&CODE_STATE=getMsg HTTP/1.1" 200 27
101.83.145.75 - - [18/Jan/2023:08:53:49 +0800] "GET /xingrg/all/function/internal_message.html?_=1674003244561&CODE_STATE=getMsg HTTP/1.1" 200 27
116.238.139.35 - - [18/Jan/2023:08:53:55 +0800] "GET /xingrg/all/function/internal_message.html?_=1674003249883&CODE_STATE=getMsg HTTP/1.1" 200 27
116.230.105.139 - - [18/Jan/2023:08:54:02 +0800] "GET /xingrg/kc/buy/cgsh_order_operate.html?command=get_materiel&rest_code=00155&code=00101008318&supplier_code=00100005&order_time=2023-01-18 HTTP/1.1" 200 408
116.192.124.172 - - [18/Jan/2023:08:54:05 +0800] "GET /xingrg/all/function/internal_message.html?_=1674003271934&CODE_STATE=getMsg HTTP/1.1" 200 27
116.235.244.242 - - [18/Jan/2023:08:54:05 +0800] "POST /xingrg/services/DataTransmitService HTTP/1.1" 200 524
116.230.105.139 - - [18/Jan/2023:08:54:08 +0800] "GET /xingrg/kc/buy/cgsh_order_operate.html?command=get_materiel&rest_code=00155&code=00101008352&supplier_code=00100005&order_time=2023-01-18 HTTP/1.1" 200 412
116.235.244.242 - - [18/Jan/2023:08:54:10 +0800] "GET /xingrg/all/function/internal_message.html?_=1674003273656&CODE_STATE=getMsg HTTP/1.1" 200 27
116.230.105.139 - - [18/Jan/2023:08:54:15 +0800] "GET /xingrg/kc/buy/cgsh_order_operate.html?command=get_materiel&rest_code=00155&code=00101008353&supplier_code=00100005&order_time=2023-01-18 HTTP/1.1" 200 408
114.84.81.136 - - [18/Jan/2023:08:54:22 +0800] "GET /xingrg/all/function/internal_message.html?_=1674003276575&CODE_STATE=getMsg HTTP/1.1" 200 27
117.143.45.205 - - [18/Jan/2023:08:54:24 +0800] "GET /xingrg/all/function/internal_message.html?_=1674003273565&CODE_STATE=getMsg HTTP/1.1" 200 27
116.230.105.139 - - [18/Jan/2023:08:54:25 +0800] "GET /xingrg/kc/buy/cgsh_order_operate.html?command=get_materiel&rest_code=00155&code=00101008312&supplier_code=00100005&order_time=2023-01-18 HTTP/1.1" 200 412
116.230.105.139 - - [18/Jan/2023:08:54:27 +0800] "POST /xingrg/kc/buy/cgsh_order_operate.html HTTP/1.1" 200 2065
116.230.105.139 - - [18/Jan/2023:08:54:33 +0800] "GET /xingrg/kc/buy/cgsh_order_operate.html?command=get_materiel&rest_code=00155&code=00101008095&supplier_code=00100005&order_time=2023-01-18 HTTP/1.1" 200 412
116.230.105.139 - - [18/Jan/2023:08:54:40 +0800] "GET /xingrg/kc/buy/cgsh_order_operate.html?command=get_materiel&rest_code=00155&code=00101008674&supplier_code=00100005&order_time=2023-01-18 HTTP/1.1" 200 398
116.230.105.139 - - [18/Jan/2023:08:54:48 +0800] "GET /xingrg/all/function/internal_message.html?_=1674003235999&CODE_STATE=getMsg HTTP/1.1" 200 27
101.83.145.75 - - [18/Jan/2023:08:54:49 +0800] "GET /xingrg/all/function/internal_message.html?_=1674003304536&CODE_STATE=getMsg HTTP/1.1" 200 27
116.235.244.242 - - [18/Jan/2023:08:54:51 +0800] "POST /xingrg/services/DataTransmitService HTTP/1.1" 200 501
116.235.244.242 - - [18/Jan/2023:08:54:51 +0800] "POST /xingrg/services/DataTransmitService HTTP/1.1" 200 501
116.235.244.242 - - [18/Jan/2023:08:54:53 +0800] "POST /xingrg/services/DataTransmitService HTTP/1.1" 200 501
116.235.244.242 - - [18/Jan/2023:08:54:54 +0800] "POST /xingrg/services/DataTransmitService HTTP/1.1" 200 501
116.235.244.242 - - [18/Jan/2023:08:54:54 +0800] "POST /xingrg/services/DataTransmitService HTTP/1.1" 200 501
116.238.139.35 - - [18/Jan/2023:08:54:55 +0800] "GET /xingrg/all/function/internal_message.html?_=1674003309873&CODE_STATE=getMsg HTTP/1.1" 200 27
116.230.105.139 - - [18/Jan/2023:08:54:55 +0800] "GET /xingrg/kc/buy/cgsh_order_operate.html?command=get_materiel&rest_code=00155&code=00101008283&supplier_code=00100005&order_time=2023-01-18 HTTP/1.1" 200 408
116.235.244.242 - - [18/Jan/2023:08:54:55 +0800] "POST /xingrg/services/DataTransmitService HTTP/1.1" 200 501
116.235.244.242 - - [18/Jan/2023:08:54:56 +0800] "POST /xingrg/services/DataTransmitService HTTP/1.1" 200 501
116.235.244.242 - - [18/Jan/2023:08:54:56 +0800] "POST /xingrg/services/DataTransmitService HTTP/1.1" 200 501
116.235.244.242 - - [18/Jan/2023:08:54:56 +0800] "POST /xingrg/services/DataTransmitService HTTP/1.1" 200 412
116.192.124.172 - - [18/Jan/2023:08:55:05 +0800] "GET /xingrg/check_reg.html?_=1674003331933 HTTP/1.1" 200 22
116.192.124.172 - - [18/Jan/2023:08:55:05 +0800] "GET /xingrg/all/function/internal_message.html?_=1674003331937&CODE_STATE=getMsg HTTP/1.1" 200 27
116.235.244.242 - - [18/Jan/2023:08:55:10 +0800] "GET /xingrg/all/function/internal_message.html?_=1674003333659&CODE_STATE=getMsg HTTP/1.1" 200 27
116.230.105.139 - - [18/Jan/2023:08:55:10 +0800] "GET /xingrg/kc/buy/cgsh_order_operate.html?command=get_materiel&rest_code=00155&code=00101008148&supplier_code=00100005&order_time=2023-01-18 HTTP/1.1" 200 416
116.230.105.139 - - [18/Jan/2023:08:55:20 +0800] "POST /xingrg/kc/buy/cgsh_order_operate.html HTTP/1.1" 200 2065
114.84.81.136 - - [18/Jan/2023:08:55:22 +0800] "GET /xingrg/all/function/internal_message.html?_=1674003336546&CODE_STATE=getMsg HTTP/1.1" 200 27
117.143.45.205 - - [18/Jan/2023:08:55:24 +0800] "GET /xingrg/all/function/internal_message.html?_=1674003333549&CODE_STATE=getMsg HTTP/1.1" 200 27
116.230.105.139 - - [18/Jan/2023:08:55:24 +0800] "GET /xingrg/kc/buy/cgsh_order_operate.html?command=get_materiel&rest_code=00155&code=00101008196&supplier_code=00100005&order_time=2023-01-18 HTTP/1.1" 200 416
116.230.105.139 - - [18/Jan/2023:08:55:37 +0800] "GET /xingrg/kc/buy/cgsh_order_operate.html?command=get_materiel&rest_code=00155&code=00101008223&supplier_code=00100005&order_time=2023-01-18 HTTP/1.1" 200 412
114.84.81.136 - - [18/Jan/2023:08:55:40 +0800] "GET /xingrg/check_reg.html?_=1674003355286 HTTP/1.1" 200 22
116.230.105.139 - - [18/Jan/2023:08:55:43 +0800] "GET /xingrg/kc/buy/cgsh_order_operate.html?command=get_materiel&rest_code=00155&code=00101008168&supplier_code=00100005&order_time=2023-01-18 HTTP/1.1" 200 412
116.230.105.139 - - [18/Jan/2023:08:55:48 +0800] "GET /xingrg/all/function/internal_message.html?_=1674003296026&CODE_STATE=getMsg HTTP/1.1" 200 27
116.230.105.139 - - [18/Jan/2023:08:55:49 +0800] "GET /xingrg/kc/buy/cgsh_order_operate.html?command=get_materiel&rest_code=00155&code=00101008134&supplier_code=00100005&order_time=2023-01-18 HTTP/1.1" 200 427
101.83.145.75 - - [18/Jan/2023:08:55:49 +0800] "GET /xingrg/all/function/internal_message.html?_=1674003364509&CODE_STATE=getMsg HTTP/1.1" 200 27
116.230.105.139 - - [18/Jan/2023:08:55:51 +0800] "POST /xingrg/kc/buy/cgsh_order_operate.html HTTP/1.1" 200 2065
116.238.139.35 - - [18/Jan/2023:08:55:55 +0800] "GET /xingrg/all/function/internal_message.html?_=1674003369858&CODE_STATE=getMsg HTTP/1.1" 200 27
116.230.105.139 - - [18/Jan/2023:08:55:56 +0800] "GET /xingrg/kc/buy/cgsh_order_operate.html?command=get_materiel&rest_code=00155&code=00101008114&supplier_code=00100005&order_time=2023-01-18 HTTP/1.1" 200 413
116.230.105.139 - - [18/Jan/2023:08:56:02 +0800] "GET /xingrg/kc/buy/cgsh_order_operate.html?command=get_materiel&rest_code=00155&code=00101008350&supplier_code=00100005&order_time=2023-01-18 HTTP/1.1" 200 424
116.192.124.172 - - [18/Jan/2023:08:56:05 +0800] "GET /xingrg/all/function/internal_message.html?_=1674003391930&CODE_STATE=getMsg HTTP/1.1" 200 27
116.235.244.242 - - [18/Jan/2023:08:56:10 +0800] "GET /xingrg/all/function/internal_message.html?_=1674003393807&CODE_STATE=getMsg HTTP/1.1" 200 27
116.235.244.242 - - [18/Jan/2023:08:56:21 +0800] "GET /xingrg/check_reg.html?_=1674003404922 HTTP/1.1" 200 22
114.84.81.136 - - [18/Jan/2023:08:56:22 +0800] "GET /xingrg/all/function/internal_message.html?_=1674003396547&CODE_STATE=getMsg HTTP/1.1" 200 27
116.238.139.35 - - [18/Jan/2023:08:56:24 +0800] "GET /xingrg/check_reg.html?_=1674003398675 HTTP/1.1" 200 22
117.143.45.205 - - [18/Jan/2023:08:56:24 +0800] "GET /xingrg/all/function/internal_message.html?_=1674003393542&CODE_STATE=getMsg HTTP/1.1" 200 27
120.253.135.82 - - [18/Jan/2023:08:56:40 +0800] "GET /xingrg/all/function/internal_message.html?_=1674003225113&CODE_STATE=getMsg HTTP/1.1" 200 27
120.253.135.82 - - [18/Jan/2023:08:56:40 +0800] "GET /xingrg/check_reg.html?_=1674003224798 HTTP/1.1" 200 22
116.230.105.139 - - [18/Jan/2023:08:56:48 +0800] "GET /xingrg/all/function/internal_message.html?_=1674003355991&CODE_STATE=getMsg HTTP/1.1" 200 27
101.83.145.75 - - [18/Jan/2023:08:56:49 +0800] "GET /xingrg/all/function/internal_message.html?_=1674003424491&CODE_STATE=getMsg HTTP/1.1" 200 27
101.83.145.75 - - [18/Jan/2023:08:56:50 +0800] "GET /xingrg/check_reg.html?_=1674003425445 HTTP/1.1" 200 22
120.253.135.82 - - [18/Jan/2023:08:56:52 +0800] "GET /xingrg/kc/pszx/mdqp_order_list.html?state=10 HTTP/1.1" 200 10275
120.253.135.82 - - [18/Jan/2023:08:56:52 +0800] "GET /xingrg/dwr/engine.js HTTP/1.1" 200 43631
120.253.135.82 - - [18/Jan/2023:08:56:52 +0800] "GET /xingrg/dwr/interface/AjaxQqpsService.js HTTP/1.1" 200 16326
120.253.135.82 - - [18/Jan/2023:08:56:52 +0800] "GET /xingrg/dwr/interface/AjaxReportQueryService.js HTTP/1.1" 200 13203
120.253.135.82 - - [18/Jan/2023:08:56:54 +0800] "GET /xingrg/kc/pszx/mdps_order_list.html?orderType=0 HTTP/1.1" 200 21073
120.253.135.82 - - [18/Jan/2023:08:56:54 +0800] "POST /xingrg/kc/pszx/mdps_list_operate.html HTTP/1.1" 200 5465
116.238.139.35 - - [18/Jan/2023:08:56:55 +0800] "GET /xingrg/all/function/internal_message.html?_=1674003429836&CODE_STATE=getMsg HTTP/1.1" 200 27
120.253.135.82 - - [18/Jan/2023:08:56:59 +0800] "POST /xingrg/kc/pszx/mdps_list_operate.html HTTP/1.1" 200 2404
120.253.135.82 - - [18/Jan/2023:08:57:00 +0800] "POST /xingrg/kc/pszx/mdps_list_operate.html HTTP/1.1" 200 215
120.253.135.82 - - [18/Jan/2023:08:57:00 +0800] "GET /xingrg/kc/pszx/mdps_order_info.html?code=312023011700373 HTTP/1.1" 200 23970
120.253.135.82 - - [18/Jan/2023:08:57:01 +0800] "GET /xingrg/javascript/easyui/themes/default/validatebox.css HTTP/1.1" 404 1104
120.253.135.82 - - [18/Jan/2023:08:57:01 +0800] "POST /xingrg/kc/pszx/mdps_order_operate.html HTTP/1.1" 200 2311
116.230.105.139 - - [18/Jan/2023:08:57:02 +0800] "GET /xingrg/kc/buy/cgsh_order_operate.html?command=get_materiel&rest_code=00155&code=00101008041&supplier_code=00100005&order_time=2023-01-18 HTTP/1.1" 200 408
120.253.135.82 - - [18/Jan/2023:08:57:02 +0800] "GET /xingrg/javascript/jquery_tools/images/prev.gif HTTP/1.1" 404 1086
120.253.135.82 - - [18/Jan/2023:08:57:02 +0800] "GET /xingrg/javascript/jquery_tools/images/next.gif HTTP/1.1" 404 1086
116.192.124.172 - - [18/Jan/2023:08:57:05 +0800] "GET /xingrg/all/function/internal_message.html?_=1674003451928&CODE_STATE=getMsg HTTP/1.1" 200 27
120.253.135.82 - - [18/Jan/2023:08:57:06 +0800] "POST /xingrg/kc/pszx/mdps_order_operate.html HTTP/1.1" 200 37
120.253.135.82 - - [18/Jan/2023:08:57:07 +0800] "GET /xingrg/kc/pszx/mdps_order_info.html?code=312023011700373 HTTP/1.1" 200 23970
120.253.135.82 - - [18/Jan/2023:08:57:08 +0800] "GET /xingrg/javascript/easyui/themes/default/validatebox.css HTTP/1.1" 404 1104
120.253.135.82 - - [18/Jan/2023:08:57:08 +0800] "POST /xingrg/kc/pszx/mdps_order_operate.html HTTP/1.1" 200 2311
116.235.244.242 - - [18/Jan/2023:08:57:10 +0800] "GET /xingrg/all/function/internal_message.html?_=1674003453809&CODE_STATE=getMsg HTTP/1.1" 200 27
120.253.135.82 - - [18/Jan/2023:08:57:10 +0800] "POST /xingrg/kc/pszx/mdps_list_operate.html HTTP/1.1" 200 212
120.253.135.82 - - [18/Jan/2023:08:57:11 +0800] "GET /xingrg/kc/pszx/mdps_order_info.html?code=312023011700374 HTTP/1.1" 200 23972
116.230.105.139 - - [18/Jan/2023:08:57:11 +0800] "GET /xingrg/kc/buy/cgsh_order_operate.html?command=get_materiel&rest_code=00155&code=00101008061&supplier_code=00100005&order_time=2023-01-18 HTTP/1.1" 200 422
120.253.135.82 - - [18/Jan/2023:08:57:11 +0800] "GET /xingrg/javascript/easyui/themes/default/validatebox.css HTTP/1.1" 404 1104
120.253.135.82 - - [18/Jan/2023:08:57:12 +0800] "POST /xingrg/kc/pszx/mdps_order_operate.html HTTP/1.1" 200 2305
120.253.135.82 - - [18/Jan/2023:08:57:17 +0800] "POST /xingrg/kc/pszx/mdps_order_operate.html HTTP/1.1" 200 37
120.253.135.82 - - [18/Jan/2023:08:57:18 +0800] "GET /xingrg/kc/pszx/mdps_order_info.html?code=312023011700374 HTTP/1.1" 200 23972
120.253.135.82 - - [18/Jan/2023:08:57:18 +0800] "GET /xingrg/javascript/easyui/themes/default/validatebox.css HTTP/1.1" 404 1104
120.253.135.82 - - [18/Jan/2023:08:57:19 +0800] "POST /xingrg/kc/pszx/mdps_order_operate.html HTTP/1.1" 200 2305
116.230.105.139 - - [18/Jan/2023:08:57:19 +0800] "POST /xingrg/kc/buy/cgsh_order_operate.html HTTP/1.1" 200 2065
120.253.135.82 - - [18/Jan/2023:08:57:20 +0800] "POST /xingrg/kc/pszx/mdps_list_operate.html HTTP/1.1" 200 2404
120.253.135.82 - - [18/Jan/2023:08:57:21 +0800] "POST /xingrg/kc/pszx/mdps_list_operate.html HTTP/1.1" 200 215
114.84.81.136 - - [18/Jan/2023:08:57:22 +0800] "GET /xingrg/all/function/internal_message.html?_=1674003456518&CODE_STATE=getMsg HTTP/1.1" 200 27
116.192.124.172 - - [18/Jan/2023:08:57:22 +0800] "GET /xingrg/all/function/internal_message.html?_=1674003456307&CODE_STATE=getMsg HTTP/1.1" 302 -
116.192.124.172 - - [18/Jan/2023:08:57:22 +0800] "GET /xingrg/check_reg.html?_=1674003456309 HTTP/1.1" 302 -
120.253.135.82 - - [18/Jan/2023:08:57:23 +0800] "POST /xingrg/kc/pszx/mdps_list_operate.html HTTP/1.1" 200 205
117.143.45.205 - - [18/Jan/2023:08:57:24 +0800] "GET /xingrg/all/function/internal_message.html?_=1674003453534&CODE_STATE=getMsg HTTP/1.1" 200 27
120.253.135.82 - - [18/Jan/2023:08:57:24 +0800] "GET /xingrg/kc/pszx/mdps_order_info.html?code=312023011700373 HTTP/1.1" 200 23970
120.253.135.82 - - [18/Jan/2023:08:57:25 +0800] "GET /xingrg/javascript/easyui/themes/default/validatebox.css HTTP/1.1" 404 1104
120.253.135.82 - - [18/Jan/2023:08:57:25 +0800] "POST /xingrg/kc/pszx/mdps_order_operate.html HTTP/1.1" 200 2311
120.253.135.82 - - [18/Jan/2023:08:57:27 +0800] "GET /xingrg/kc/print/load_data.html?order_code=312023011700373&kc_code=mdps&condition= HTTP/1.1" 200 685
116.230.105.139 - - [18/Jan/2023:08:57:27 +0800] "GET /xingrg/kc/buy/cgsh_order_operate.html?command=get_materiel&rest_code=00155&code=00101008277&supplier_code=00100005&order_time=2023-01-18 HTTP/1.1" 200 412
120.253.135.82 - - [18/Jan/2023:08:57:32 +0800] "POST /xingrg/kc/pszx/mdps_list_operate.html HTTP/1.1" 200 2404
120.253.135.82 - - [18/Jan/2023:08:57:33 +0800] "POST /xingrg/kc/pszx/mdps_list_operate.html HTTP/1.1" 200 212
120.253.135.82 - - [18/Jan/2023:08:57:34 +0800] "GET /xingrg/kc/pszx/mdps_order_info.html?code=312023011700374 HTTP/1.1" 200 23972
117.143.45.205 - - [18/Jan/2023:08:57:34 +0800] "GET /xingrg/check_reg.html?_=1674003463684 HTTP/1.1" 200 22
120.253.135.82 - - [18/Jan/2023:08:57:34 +0800] "POST /xingrg/kc/pszx/mdps_order_operate.html HTTP/1.1" 200 2305
120.253.135.82 - - [18/Jan/2023:08:57:34 +0800] "GET /xingrg/javascript/easyui/themes/default/validatebox.css HTTP/1.1" 404 1104
116.230.105.139 - - [18/Jan/2023:08:57:35 +0800] "GET /xingrg/kc/buy/cgsh_order_operate.html?command=get_materiel&rest_code=00155&code=00101008229&supplier_code=00100005&order_time=2023-01-18 HTTP/1.1" 200 420
120.253.135.82 - - [18/Jan/2023:08:57:35 +0800] "GET /xingrg/all/function/internal_message.html?_=1674003285136&CODE_STATE=getMsg HTTP/1.1" 200 27
120.253.135.82 - - [18/Jan/2023:08:57:40 +0800] "GET /xingrg/kc/print/load_data.html?order_code=312023011700374&kc_code=mdps&condition= HTTP/1.1" 200 706
116.230.105.139 - - [18/Jan/2023:08:57:48 +0800] "GET /xingrg/check_reg.html?_=1674003415794 HTTP/1.1" 200 22
116.230.105.139 - - [18/Jan/2023:08:57:48 +0800] "GET /xingrg/all/function/internal_message.html?_=1674003415974&CODE_STATE=getMsg HTTP/1.1" 200 27
101.83.145.75 - - [18/Jan/2023:08:57:49 +0800] "GET /xingrg/all/function/internal_message.html?_=1674003484471&CODE_STATE=getMsg HTTP/1.1" 200 27
116.230.105.139 - - [18/Jan/2023:08:57:54 +0800] "POST /xingrg/kc/buy/cgsh_order_operate.html HTTP/1.1" 200 37
116.238.139.35 - - [18/Jan/2023:08:57:55 +0800] "GET /xingrg/all/function/internal_message.html?_=1674003489807&CODE_STATE=getMsg HTTP/1.1" 200 27
116.230.105.139 - - [18/Jan/2023:08:57:57 +0800] "POST /xingrg/kc/buy/cgsh_order_operate.html HTTP/1.1" 200 29339
116.230.105.139 - - [18/Jan/2023:08:57:58 +0800] "GET /xingrg/kc/print/load_data.html?order_code=212023011805656&kc_code=cgsh&condition= HTTP/1.1" 200 10859
116.230.105.139 - - [18/Jan/2023:08:58:03 +0800] "GET /xingrg/kc/print/load_data.html?order_code=212023011805656&kc_code=cgsh HTTP/1.1" 200 10859
116.192.124.172 - - [18/Jan/2023:08:58:05 +0800] "GET /xingrg/all/function/internal_message.html?_=1674003511927&CODE_STATE=getMsg HTTP/1.1" 200 27
116.235.244.242 - - [18/Jan/2023:08:58:10 +0800] "GET /xingrg/all/function/internal_message.html?_=1674003513824&CODE_STATE=getMsg HTTP/1.1" 200 27
114.84.81.136 - - [18/Jan/2023:08:58:22 +0800] "GET /xingrg/all/function/internal_message.html?_=1674003516488&CODE_STATE=getMsg HTTP/1.1" 200 27
116.192.124.172 - - [18/Jan/2023:08:58:22 +0800] "GET /xingrg/all/function/internal_message.html?_=1674003516284&CODE_STATE=getMsg HTTP/1.1" 302 -
116.230.105.139 - - [18/Jan/2023:08:58:23 +0800] "GET /xingrg/kc/buy/cgsh_order_add.html HTTP/1.1" 200 69708
116.230.105.139 - - [18/Jan/2023:08:58:23 +0800] "POST /xingrg/kc/buy/cgsh_order_operate.html HTTP/1.1" 200 8245
116.230.105.139 - - [18/Jan/2023:08:58:23 +0800] "GET /xingrg/javascript/easyui/themes/default/validatebox.css HTTP/1.1" 404 1104
117.143.45.205 - - [18/Jan/2023:08:58:24 +0800] "GET /xingrg/all/function/internal_message.html?_=1674003513530&CODE_STATE=getMsg HTTP/1.1" 200 27
120.253.135.82 - - [18/Jan/2023:08:58:35 +0800] "GET /xingrg/all/function/internal_message.html?_=1674003345150&CODE_STATE=getMsg HTTP/1.1" 200 27
222.70.177.10 - - [18/Jan/2023:08:58:37 +0800] "POST /xingrg/services/DataTransmitService HTTP/1.1" 200 524
116.230.105.139 - - [18/Jan/2023:08:58:40 +0800] "GET /xingrg/kc/buy/cgsh_order_operate.html?command=get_materiel&rest_code=00155&code=00101003035&supplier_code=00100199&order_time=2023-01-18 HTTP/1.1" 200 432
116.230.105.139 - - [18/Jan/2023:08:58:48 +0800] "GET /xingrg/all/function/internal_message.html?_=1674003475953&CODE_STATE=getMsg HTTP/1.1" 200 27
101.83.145.75 - - [18/Jan/2023:08:58:49 +0800] "GET /xingrg/all/function/internal_message.html?_=1674003544443&CODE_STATE=getMsg HTTP/1.1" 200 27
116.238.139.35 - - [18/Jan/2023:08:58:55 +0800] "GET /xingrg/all/function/internal_message.html?_=1674003549779&CODE_STATE=getMsg HTTP/1.1" 200 27
116.192.124.172 - - [18/Jan/2023:08:59:05 +0800] "GET /xingrg/all/function/internal_message.html?_=1674003571924&CODE_STATE=getMsg HTTP/1.1" 200 27
116.235.244.242 - - [18/Jan/2023:08:59:10 +0800] "GET /xingrg/all/function/internal_message.html?_=1674003573981&CODE_STATE=getMsg HTTP/1.1" 200 27
116.230.105.139 - - [18/Jan/2023:08:59:21 +0800] "POST /xingrg/kc/buy/cgsh_order_operate.html HTTP/1.1" 200 37
114.84.81.136 - - [18/Jan/2023:08:59:22 +0800] "GET /xingrg/all/function/internal_message.html?_=1674003576458&CODE_STATE=getMsg HTTP/1.1" 200 27
116.192.124.172 - - [18/Jan/2023:08:59:22 +0800] "GET /xingrg/all/function/internal_message.html?_=1674003576279&CODE_STATE=getMsg HTTP/1.1" 302 -
116.230.105.139 - - [18/Jan/2023:08:59:22 +0800] "POST /xingrg/kc/buy/cgsh_order_operate.html HTTP/1.1" 200 3862
116.230.105.139 - - [18/Jan/2023:08:59:23 +0800] "GET /xingrg/kc/print/load_data.html?order_code=212023011805657&kc_code=cgsh&condition= HTTP/1.1" 200 1147
117.143.45.205 - - [18/Jan/2023:08:59:24 +0800] "GET /xingrg/all/function/internal_message.html?_=1674003573507&CODE_STATE=getMsg HTTP/1.1" 200 27
120.253.135.82 - - [18/Jan/2023:08:59:35 +0800] "GET /xingrg/all/function/internal_message.html?_=1674003405163&CODE_STATE=getMsg HTTP/1.1" 200 27
116.230.105.139 - - [18/Jan/2023:08:59:48 +0800] "GET /xingrg/all/function/internal_message.html?_=1674003535941&CODE_STATE=getMsg HTTP/1.1" 200 27
101.83.145.75 - - [18/Jan/2023:08:59:49 +0800] "GET /xingrg/all/function/internal_message.html?_=1674003604423&CODE_STATE=getMsg HTTP/1.1" 200 27
116.238.139.35 - - [18/Jan/2023:08:59:55 +0800] "GET /xingrg/all/function/internal_message.html?_=1674003609749&CODE_STATE=getMsg HTTP/1.1" 200 27
116.192.124.172 - - [18/Jan/2023:09:00:05 +0800] "GET /xingrg/all/function/internal_message.html?_=1674003631923&CODE_STATE=getMsg HTTP/1.1" 200 27
116.192.124.172 - - [18/Jan/2023:09:00:05 +0800] "GET /xingrg/check_reg.html?_=1674003631927 HTTP/1.1" 200 22
116.235.244.242 - - [18/Jan/2023:09:00:10 +0800] "GET /xingrg/all/function/internal_message.html?_=1674003633990&CODE_STATE=getMsg HTTP/1.1" 200 27
114.84.81.136 - - [18/Jan/2023:09:00:22 +0800] "GET /xingrg/all/function/internal_message.html?_=1674003636432&CODE_STATE=getMsg HTTP/1.1" 200 27
116.192.124.172 - - [18/Jan/2023:09:00:22 +0800] "GET /xingrg/all/function/internal_message.html?_=1674003636263&CODE_STATE=getMsg HTTP/1.1" 302 -
117.143.45.205 - - [18/Jan/2023:09:00:24 +0800] "GET /xingrg/all/function/internal_message.html?_=1674003633493&CODE_STATE=getMsg HTTP/1.1" 200 27
120.253.135.82 - - [18/Jan/2023:09:00:35 +0800] "GET /xingrg/all/function/internal_message.html?_=1674003465239&CODE_STATE=getMsg HTTP/1.1" 200 27
114.84.81.136 - - [18/Jan/2023:09:00:40 +0800] "GET /xingrg/check_reg.html?_=1674003655283 HTTP/1.1" 200 22
116.230.105.139 - - [18/Jan/2023:09:00:48 +0800] "GET /xingrg/all/function/internal_message.html?_=1674003595920&CODE_STATE=getMsg HTTP/1.1" 200 27
101.83.145.75 - - [18/Jan/2023:09:00:49 +0800] "GET /xingrg/all/function/internal_message.html?_=1674003664402&CODE_STATE=getMsg HTTP/1.1" 200 27
116.238.139.35 - - [18/Jan/2023:09:00:55 +0800] "GET /xingrg/all/function/internal_message.html?_=1674003669720&CODE_STATE=getMsg HTTP/1.1" 200 27
116.192.124.172 - - [18/Jan/2023:09:01:05 +0800] "GET /xingrg/all/function/internal_message.html?_=1674003691922&CODE_STATE=getMsg HTTP/1.1" 200 27
116.235.244.242 - - [18/Jan/2023:09:01:10 +0800] "GET /xingrg/all/function/internal_message.html?_=1674003694141&CODE_STATE=getMsg HTTP/1.1" 200 27
116.235.244.242 - - [18/Jan/2023:09:01:21 +0800] "GET /xingrg/check_reg.html?_=1674003704923 HTTP/1.1" 200 22
114.84.81.136 - - [18/Jan/2023:09:01:22 +0800] "GET /xingrg/all/function/internal_message.html?_=1674003696409&CODE_STATE=getMsg HTTP/1.1" 200 27
116.192.124.172 - - [18/Jan/2023:09:01:22 +0800] "GET /xingrg/all/function/internal_message.html?_=1674003696246&CODE_STATE=getMsg HTTP/1.1" 302 -
116.238.139.35 - - [18/Jan/2023:09:01:24 +0800] "GET /xingrg/check_reg.html?_=1674003698677 HTTP/1.1" 200 22
117.143.45.205 - - [18/Jan/2023:09:01:24 +0800] "GET /xingrg/all/function/internal_message.html?_=1674003693475&CODE_STATE=getMsg HTTP/1.1" 200 27
120.253.135.82 - - [18/Jan/2023:09:01:35 +0800] "GET /xingrg/check_reg.html?_=1674003525133 HTTP/1.1" 200 22
120.253.135.82 - - [18/Jan/2023:09:01:35 +0800] "GET /xingrg/all/function/internal_message.html?_=1674003525253&CODE_STATE=getMsg HTTP/1.1" 200 27
116.230.105.139 - - [18/Jan/2023:09:01:48 +0800] "GET /xingrg/all/function/internal_message.html?_=1674003655899&CODE_STATE=getMsg HTTP/1.1" 200 27
101.83.145.75 - - [18/Jan/2023:09:01:49 +0800] "GET /xingrg/all/function/internal_message.html?_=1674003724374&CODE_STATE=getMsg HTTP/1.1" 200 27
101.83.145.75 - - [18/Jan/2023:09:01:50 +0800] "GET /xingrg/check_reg.html?_=1674003725453 HTTP/1.1" 200 22
116.238.139.35 - - [18/Jan/2023:09:01:55 +0800] "GET /xingrg/all/function/internal_message.html?_=1674003729694&CODE_STATE=getMsg HTTP/1.1" 200 27
114.88.159.190 - - [18/Jan/2023:09:02:03 +0800] "POST /xingrg/services/DataTransmitService HTTP/1.1" 200 524
116.192.124.172 - - [18/Jan/2023:09:02:05 +0800] "GET /xingrg/all/function/internal_message.html?_=1674003751935&CODE_STATE=getMsg HTTP/1.1" 200 27
116.235.244.242 - - [18/Jan/2023:09:02:10 +0800] "GET /xingrg/all/function/internal_message.html?_=1674003754158&CODE_STATE=getMsg HTTP/1.1" 200 27
114.84.81.136 - - [18/Jan/2023:09:02:21 +0800] "GET /xingrg/all/function/internal_message.html?_=1674003756384&CODE_STATE=getMsg HTTP/1.1" 200 27
116.192.124.172 - - [18/Jan/2023:09:02:22 +0800] "GET /xingrg/all/function/internal_message.html?_=1674003756239&CODE_STATE=getMsg HTTP/1.1" 302 -
116.192.124.172 - - [18/Jan/2023:09:02:22 +0800] "GET /xingrg/check_reg.html?_=1674003756291 HTTP/1.1" 302 -
117.143.45.205 - - [18/Jan/2023:09:02:24 +0800] "GET /xingrg/all/function/internal_message.html?_=1674003753452&CODE_STATE=getMsg HTTP/1.1" 200 27
117.143.45.205 - - [18/Jan/2023:09:02:34 +0800] "GET /xingrg/check_reg.html?_=1674003763663 HTTP/1.1" 200 22
120.253.135.82 - - [18/Jan/2023:09:02:35 +0800] "GET /xingrg/all/function/internal_message.html?_=1674003585266&CODE_STATE=getMsg HTTP/1.1" 200 27
116.230.105.139 - - [18/Jan/2023:09:02:48 +0800] "GET /xingrg/check_reg.html?_=1674003715757 HTTP/1.1" 200 22
116.230.105.139 - - [18/Jan/2023:09:02:48 +0800] "GET /xingrg/all/function/internal_message.html?_=1674003715880&CODE_STATE=getMsg HTTP/1.1" 200 27
101.83.145.75 - - [18/Jan/2023:09:02:49 +0800] "GET /xingrg/all/function/internal_message.html?_=1674003784353&CODE_STATE=getMsg HTTP/1.1" 200 27
116.238.139.35 - - [18/Jan/2023:09:02:55 +0800] "GET /xingrg/all/function/internal_message.html?_=1674003789664&CODE_STATE=getMsg HTTP/1.1" 200 27
120.253.135.82 - - [18/Jan/2023:09:03:03 +0800] "POST /xingrg/kc/pszx/mdps_order_operate.html HTTP/1.1" 200 37
116.192.124.172 - - [18/Jan/2023:09:03:05 +0800] "GET /xingrg/all/function/internal_message.html?_=1674003811934&CODE_STATE=getMsg HTTP/1.1" 200 27
120.253.135.82 - - [18/Jan/2023:09:03:05 +0800] "POST /xingrg/kc/pszx/mdps_order_operate.html HTTP/1.1" 200 12
120.253.135.82 - - [18/Jan/2023:09:03:07 +0800] "GET /xingrg/kc/pszx/mdps_order_info.html?code=312023011700374 HTTP/1.1" 200 19632
120.253.135.82 - - [18/Jan/2023:09:03:08 +0800] "POST /xingrg/kc/pszx/mdps_order_operate.html HTTP/1.1" 200 527
120.253.135.82 - - [18/Jan/2023:09:03:08 +0800] "GET /xingrg/javascript/easyui/themes/default/validatebox.css HTTP/1.1" 404 1104
120.253.135.82 - - [18/Jan/2023:09:03:09 +0800] "POST /xingrg/kc/pszx/mdps_list_operate.html HTTP/1.1" 200 2042
116.235.244.242 - - [18/Jan/2023:09:03:10 +0800] "GET /xingrg/all/function/internal_message.html?_=1674003814171&CODE_STATE=getMsg HTTP/1.1" 200 27
120.253.135.82 - - [18/Jan/2023:09:03:10 +0800] "POST /xingrg/kc/pszx/mdps_list_operate.html HTTP/1.1" 200 215
120.253.135.82 - - [18/Jan/2023:09:03:11 +0800] "GET /xingrg/kc/pszx/mdps_order_info.html?code=312023011700373 HTTP/1.1" 200 23970
120.253.135.82 - - [18/Jan/2023:09:03:11 +0800] "GET /xingrg/javascript/easyui/themes/default/validatebox.css HTTP/1.1" 404 1104
120.253.135.82 - - [18/Jan/2023:09:03:11 +0800] "POST /xingrg/kc/pszx/mdps_order_operate.html HTTP/1.1" 200 2311
120.253.135.82 - - [18/Jan/2023:09:03:15 +0800] "POST /xingrg/kc/pszx/mdps_order_operate.html HTTP/1.1" 200 37
120.253.135.82 - - [18/Jan/2023:09:03:17 +0800] "POST /xingrg/kc/pszx/mdps_order_operate.html HTTP/1.1" 200 12
120.253.135.82 - - [18/Jan/2023:09:03:20 +0800] "GET /xingrg/kc/pszx/mdps_order_info.html?code=312023011700373 HTTP/1.1" 200 19630
120.253.135.82 - - [18/Jan/2023:09:03:21 +0800] "POST /xingrg/kc/pszx/mdps_order_operate.html HTTP/1.1" 200 532
120.253.135.82 - - [18/Jan/2023:09:03:21 +0800] "GET /xingrg/javascript/easyui/themes/default/validatebox.css HTTP/1.1" 404 1104
114.84.81.136 - - [18/Jan/2023:09:03:21 +0800] "GET /xingrg/all/function/internal_message.html?_=1674003816357&CODE_STATE=getMsg HTTP/1.1" 200 27
116.192.124.172 - - [18/Jan/2023:09:03:22 +0800] "GET /xingrg/all/function/internal_message.html?_=1674003816224&CODE_STATE=getMsg HTTP/1.1" 302 -
120.253.135.82 - - [18/Jan/2023:09:03:22 +0800] "POST /xingrg/kc/pszx/mdps_list_operate.html HTTP/1.1" 200 1682
