116.192.124.172 - - [18/Jan/2023:10:20:51 +0800] "GET /xingrg/all/function/internal_message.html?_=1674008465766&CODE_STATE=getMsg HTTP/1.1" 200 27
222.70.177.10 - - [18/Jan/2023:10:20:53 +0800] "GET /xingrg/all/function/internal_message.html?_=1674008466223&CODE_STATE=getMsg HTTP/1.1" 200 27
116.238.139.35 - - [18/Jan/2023:10:20:53 +0800] "GET /xingrg/all/function/internal_message.html?_=1674008468277&CODE_STATE=getMsg HTTP/1.1" 200 27
124.78.158.225 - - [18/Jan/2023:10:21:03 +0800] "GET /xingrg/check_reg.html?_=1674008480728 HTTP/1.1" 200 22
124.78.158.225 - - [18/Jan/2023:10:21:03 +0800] "GET /xingrg/all/function/internal_message.html?_=1674008480762&CODE_STATE=getMsg HTTP/1.1" 200 27
116.192.124.172 - - [18/Jan/2023:10:21:04 +0800] "GET /xingrg/all/function/internal_message.html?_=1674008491958&CODE_STATE=getMsg HTTP/1.1" 200 27
114.83.217.78 - - [18/Jan/2023:10:21:11 +0800] "GET /xingrg/all/function/internal_message.html?_=1674008484203&CODE_STATE=getMsg HTTP/1.1" 200 27
116.235.244.242 - - [18/Jan/2023:10:21:15 +0800] "GET /xingrg/all/function/internal_message.html?_=1674008499729&CODE_STATE=getMsg HTTP/1.1" 200 27
58.39.104.174 - - [18/Jan/2023:10:21:18 +0800] "GET /xingrg/all/function/internal_message.html?_=1674008493257&CODE_STATE=getMsg HTTP/1.1" 200 27
58.39.104.174 - - [18/Jan/2023:10:21:19 +0800] "POST /xingrg/kc/buy/cgsh_list_operate.html HTTP/1.1" 200 204
114.84.81.136 - - [18/Jan/2023:10:21:20 +0800] "GET /xingrg/all/function/internal_message.html?_=1674008494385&CODE_STATE=getMsg HTTP/1.1" 200 27
116.235.244.242 - - [18/Jan/2023:10:21:21 +0800] "GET /xingrg/check_reg.html?_=1674008505012 HTTP/1.1" 200 22
117.143.45.205 - - [18/Jan/2023:10:21:23 +0800] "GET /xingrg/all/function/internal_message.html?_=1674008491967&CODE_STATE=getMsg HTTP/1.1" 200 27
120.253.135.82 - - [18/Jan/2023:10:21:23 +0800] "GET /xingrg/all/function/internal_message.html?_=1674008313096&CODE_STATE=getMsg HTTP/1.1" 200 27
116.238.139.35 - - [18/Jan/2023:10:21:24 +0800] "GET /xingrg/check_reg.html?_=1674008498891 HTTP/1.1" 200 22
114.83.222.182 - - [18/Jan/2023:10:21:40 +0800] "GET /xingrg/all/function/internal_message.html?_=1674008605599&CODE_STATE=getMsg HTTP/1.1" 200 27
120.253.135.82 - - [18/Jan/2023:10:21:44 +0800] "POST /xingrg/kc/pszx/mdps_order_operate.html HTTP/1.1" 200 37
120.253.135.82 - - [18/Jan/2023:10:21:45 +0800] "GET /xingrg/kc/pszx/mdps_order_info.html?code=312023011800386 HTTP/1.1" 200 23978
120.253.135.82 - - [18/Jan/2023:10:21:45 +0800] "GET /xingrg/javascript/easyui/themes/default/validatebox.css HTTP/1.1" 404 1104
120.253.135.82 - - [18/Jan/2023:10:21:45 +0800] "POST /xingrg/kc/pszx/mdps_order_operate.html HTTP/1.1" 200 14144
101.83.145.75 - - [18/Jan/2023:10:21:46 +0800] "GET /xingrg/all/function/internal_message.html?_=1674008521587&CODE_STATE=getMsg HTTP/1.1" 200 27
116.192.124.172 - - [18/Jan/2023:10:21:51 +0800] "GET /xingrg/all/function/internal_message.html?_=1674008525774&CODE_STATE=getMsg HTTP/1.1" 200 27
222.70.177.10 - - [18/Jan/2023:10:21:53 +0800] "GET /xingrg/all/function/internal_message.html?_=1674008526207&CODE_STATE=getMsg HTTP/1.1" 200 27
116.238.139.35 - - [18/Jan/2023:10:21:53 +0800] "GET /xingrg/all/function/internal_message.html?_=1674008528254&CODE_STATE=getMsg HTTP/1.1" 200 27
124.78.158.225 - - [18/Jan/2023:10:22:03 +0800] "GET /xingrg/all/function/internal_message.html?_=1674008540746&CODE_STATE=getMsg HTTP/1.1" 200 27
116.192.124.172 - - [18/Jan/2023:10:22:04 +0800] "GET /xingrg/all/function/internal_message.html?_=1674008551956&CODE_STATE=getMsg HTTP/1.1" 200 27
114.83.217.78 - - [18/Jan/2023:10:22:11 +0800] "GET /xingrg/check_reg.html?_=1674008544194 HTTP/1.1" 200 22
114.83.217.78 - - [18/Jan/2023:10:22:11 +0800] "GET /xingrg/all/function/internal_message.html?_=1674008544196&CODE_STATE=getMsg HTTP/1.1" 200 27
116.235.244.242 - - [18/Jan/2023:10:22:15 +0800] "GET /xingrg/all/function/internal_message.html?_=1674008559737&CODE_STATE=getMsg HTTP/1.1" 200 27
114.84.81.136 - - [18/Jan/2023:10:22:19 +0800] "GET /xingrg/all/function/internal_message.html?_=1674008554357&CODE_STATE=getMsg HTTP/1.1" 200 27
120.253.135.82 - - [18/Jan/2023:10:22:21 +0800] "GET /xingrg/check_reg.html?_=1674008370911 HTTP/1.1" 200 22
117.143.45.205 - - [18/Jan/2023:10:22:23 +0800] "GET /xingrg/all/function/internal_message.html?_=1674008551948&CODE_STATE=getMsg HTTP/1.1" 200 27
120.253.135.82 - - [18/Jan/2023:10:22:23 +0800] "GET /xingrg/all/function/internal_message.html?_=1674008373109&CODE_STATE=getMsg HTTP/1.1" 200 27
117.143.45.205 - - [18/Jan/2023:10:22:34 +0800] "GET /xingrg/check_reg.html?_=1674008563406 HTTP/1.1" 200 22
114.83.222.182 - - [18/Jan/2023:10:22:40 +0800] "GET /xingrg/check_reg.html?_=1674008665592 HTTP/1.1" 200 22
114.83.222.182 - - [18/Jan/2023:10:22:40 +0800] "GET /xingrg/all/function/internal_message.html?_=1674008665593&CODE_STATE=getMsg HTTP/1.1" 200 27
101.83.145.75 - - [18/Jan/2023:10:22:46 +0800] "GET /xingrg/all/function/internal_message.html?_=1674008581592&CODE_STATE=getMsg HTTP/1.1" 200 27
116.192.124.172 - - [18/Jan/2023:10:22:51 +0800] "GET /xingrg/all/function/internal_message.html?_=1674008585760&CODE_STATE=getMsg HTTP/1.1" 200 27
222.70.177.10 - - [18/Jan/2023:10:22:53 +0800] "GET /xingrg/all/function/internal_message.html?_=1674008586192&CODE_STATE=getMsg HTTP/1.1" 200 27
116.238.139.35 - - [18/Jan/2023:10:22:53 +0800] "GET /xingrg/all/function/internal_message.html?_=1674008588226&CODE_STATE=getMsg HTTP/1.1" 200 27
124.78.158.225 - - [18/Jan/2023:10:23:03 +0800] "GET /xingrg/all/function/internal_message.html?_=1674008600732&CODE_STATE=getMsg HTTP/1.1" 200 27
116.192.124.172 - - [18/Jan/2023:10:23:04 +0800] "GET /xingrg/all/function/internal_message.html?_=1674008611954&CODE_STATE=getMsg HTTP/1.1" 200 27
114.83.217.78 - - [18/Jan/2023:10:23:11 +0800] "GET /xingrg/all/function/internal_message.html?_=1674008604199&CODE_STATE=getMsg HTTP/1.1" 200 27
116.235.244.242 - - [18/Jan/2023:10:23:15 +0800] "GET /xingrg/all/function/internal_message.html?_=1674008619752&CODE_STATE=getMsg HTTP/1.1" 200 27
114.84.81.136 - - [18/Jan/2023:10:23:19 +0800] "GET /xingrg/all/function/internal_message.html?_=1674008614328&CODE_STATE=getMsg HTTP/1.1" 200 27
114.83.217.78 - - [18/Jan/2023:10:23:20 +0800] "GET /xingrg/kc/buy/cgsh_order_operate.html?command=get_materiel&rest_code=00149&code=00101009045&supplier_code=00100201&order_time=2023-01-18 HTTP/1.1" 200 412
117.143.45.205 - - [18/Jan/2023:10:23:23 +0800] "GET /xingrg/all/function/internal_message.html?_=1674008611931&CODE_STATE=getMsg HTTP/1.1" 200 27
120.253.135.82 - - [18/Jan/2023:10:23:23 +0800] "GET /xingrg/all/function/internal_message.html?_=1674008433121&CODE_STATE=getMsg HTTP/1.1" 200 27
114.83.217.78 - - [18/Jan/2023:10:23:40 +0800] "POST /xingrg/kc/buy/cgsh_order_operate.html HTTP/1.1" 200 37
114.83.222.182 - - [18/Jan/2023:10:23:40 +0800] "GET /xingrg/all/function/internal_message.html?_=1674008725610&CODE_STATE=getMsg HTTP/1.1" 200 27
120.253.135.82 - - [18/Jan/2023:10:23:46 +0800] "POST /xingrg/kc/pszx/mdps_order_operate.html HTTP/1.1" 200 37
101.83.145.75 - - [18/Jan/2023:10:23:46 +0800] "GET /xingrg/check_reg.html?_=1674008641583 HTTP/1.1" 200 22
101.83.145.75 - - [18/Jan/2023:10:23:46 +0800] "GET /xingrg/all/function/internal_message.html?_=1674008641586&CODE_STATE=getMsg HTTP/1.1" 200 27
120.253.135.82 - - [18/Jan/2023:10:23:47 +0800] "GET /xingrg/kc/pszx/mdps_order_info.html?code=312023011800386 HTTP/1.1" 200 23978
114.83.217.78 - - [18/Jan/2023:10:23:47 +0800] "POST /xingrg/kc/buy/cgsh_order_operate.html HTTP/1.1" 200 12
120.253.135.82 - - [18/Jan/2023:10:23:47 +0800] "GET /xingrg/javascript/easyui/themes/default/validatebox.css HTTP/1.1" 404 1104
120.253.135.82 - - [18/Jan/2023:10:23:48 +0800] "POST /xingrg/kc/pszx/mdps_order_operate.html HTTP/1.1" 200 14144
114.83.217.78 - - [18/Jan/2023:10:23:48 +0800] "GET /xingrg/kc/buy/cgsh_order_info.html?code=212023011805677 HTTP/1.1" 200 64692
114.83.217.78 - - [18/Jan/2023:10:23:48 +0800] "GET /xingrg/javascript/easyui/themes/default/validatebox.css HTTP/1.1" 404 1104
120.253.135.82 - - [18/Jan/2023:10:23:49 +0800] "POST /xingrg/kc/pszx/mdps_list_operate.html HTTP/1.1" 200 3923
120.253.135.82 - - [18/Jan/2023:10:23:50 +0800] "POST /xingrg/kc/pszx/mdps_list_operate.html HTTP/1.1" 200 384
114.83.217.78 - - [18/Jan/2023:10:23:50 +0800] "POST /xingrg/kc/buy/cgsh_order_operate.html HTTP/1.1" 200 607
116.192.124.172 - - [18/Jan/2023:10:23:51 +0800] "GET /xingrg/check_reg.html?_=1674008645769 HTTP/1.1" 200 22
116.192.124.172 - - [18/Jan/2023:10:23:51 +0800] "GET /xingrg/all/function/internal_message.html?_=1674008645773&CODE_STATE=getMsg HTTP/1.1" 200 27
222.70.177.10 - - [18/Jan/2023:10:23:53 +0800] "GET /xingrg/all/function/internal_message.html?_=1674008646176&CODE_STATE=getMsg HTTP/1.1" 200 27
114.83.217.78 - - [18/Jan/2023:10:23:53 +0800] "GET /xingrg/kc/print/load_data.html?order_code=212023011805677&kc_code=cgsh&condition= HTTP/1.1" 200 717
116.238.139.35 - - [18/Jan/2023:10:23:53 +0800] "GET /xingrg/all/function/internal_message.html?_=1674008648212&CODE_STATE=getMsg HTTP/1.1" 200 27
120.253.135.82 - - [18/Jan/2023:10:23:54 +0800] "GET /xingrg/kc/pszx/mdps_order_add.html HTTP/1.1" 200 29142
222.70.177.10 - - [18/Jan/2023:10:23:54 +0800] "GET /xingrg/check_reg.html?_=1674008647394 HTTP/1.1" 200 22
120.253.135.82 - - [18/Jan/2023:10:23:54 +0800] "POST /xingrg/kc/pszx/mdps_order_operate.html HTTP/1.1" 200 7126
120.253.135.82 - - [18/Jan/2023:10:23:55 +0800] "GET /xingrg/javascript/easyui/themes/default/validatebox.css HTTP/1.1" 404 1104
124.78.158.225 - - [18/Jan/2023:10:24:03 +0800] "GET /xingrg/all/function/internal_message.html?_=1674008660717&CODE_STATE=getMsg HTTP/1.1" 200 27
116.192.124.172 - - [18/Jan/2023:10:24:04 +0800] "GET /xingrg/all/function/internal_message.html?_=1674008671953&CODE_STATE=getMsg HTTP/1.1" 200 27
120.253.135.82 - - [18/Jan/2023:10:24:04 +0800] "POST /xingrg/all/common/load_combo.html?type=base HTTP/1.1" 200 1169
114.83.217.78 - - [18/Jan/2023:10:24:11 +0800] "GET /xingrg/all/function/internal_message.html?_=1674008664212&CODE_STATE=getMsg HTTP/1.1" 200 27
120.253.135.82 - - [18/Jan/2023:10:24:14 +0800] "GET /xingrg/kc/pszx/mdps_order_operate.html?command=get_materiel&pszx_code=00101&rest_code=00147&base_code=0010246&code=00101026177 HTTP/1.1" 200 435
116.235.244.242 - - [18/Jan/2023:10:24:16 +0800] "GET /xingrg/all/function/internal_message.html?_=1674008679954&CODE_STATE=getMsg HTTP/1.1" 200 27
114.84.81.136 - - [18/Jan/2023:10:24:19 +0800] "GET /xingrg/all/function/internal_message.html?_=1674008674301&CODE_STATE=getMsg HTTP/1.1" 200 27
117.143.45.205 - - [18/Jan/2023:10:24:23 +0800] "GET /xingrg/all/function/internal_message.html?_=1674008671916&CODE_STATE=getMsg HTTP/1.1" 200 27
120.253.135.82 - - [18/Jan/2023:10:24:23 +0800] "GET /xingrg/all/function/internal_message.html?_=1674008493136&CODE_STATE=getMsg HTTP/1.1" 200 27
120.253.135.82 - - [18/Jan/2023:10:24:29 +0800] "GET /xingrg/kc/pszx/mdps_order_operate.html?command=get_materiel&pszx_code=00101&rest_code=00147&base_code=0010246&code=00101026094 HTTP/1.1" 200 437
120.253.135.82 - - [18/Jan/2023:10:24:36 +0800] "POST /xingrg/kc/pszx/mdps_order_operate.html HTTP/1.1" 200 37
120.253.135.82 - - [18/Jan/2023:10:24:37 +0800] "GET /xingrg/kc/pszx/mdps_order_info.html?code=312023011800396 HTTP/1.1" 200 23978
120.253.135.82 - - [18/Jan/2023:10:24:38 +0800] "GET /xingrg/javascript/easyui/themes/default/validatebox.css HTTP/1.1" 404 1104
120.253.135.82 - - [18/Jan/2023:10:24:38 +0800] "POST /xingrg/kc/pszx/mdps_order_operate.html HTTP/1.1" 200 2770
114.83.222.182 - - [18/Jan/2023:10:24:40 +0800] "GET /xingrg/all/function/internal_message.html?_=1674008785590&CODE_STATE=getMsg HTTP/1.1" 200 27
114.83.217.78 - - [18/Jan/2023:10:24:46 +0800] "GET /xingrg/kc/buy/cgsh_order_add.html HTTP/1.1" 200 69790
114.83.217.78 - - [18/Jan/2023:10:24:46 +0800] "POST /xingrg/kc/buy/cgsh_order_operate.html HTTP/1.1" 200 8245
114.83.217.78 - - [18/Jan/2023:10:24:46 +0800] "GET /xingrg/javascript/easyui/themes/default/validatebox.css HTTP/1.1" 404 1104
101.83.145.75 - - [18/Jan/2023:10:24:46 +0800] "GET /xingrg/all/function/internal_message.html?_=1674008701579&CODE_STATE=getMsg HTTP/1.1" 200 27
120.253.135.82 - - [18/Jan/2023:10:24:48 +0800] "GET /xingrg/kc/pszx/mdps_order_operate.html?command=get_materiel&pszx_code=00101&rest_code=00147&base_code=0010246&code=00101019368 HTTP/1.1" 200 463
120.253.135.82 - - [18/Jan/2023:10:24:50 +0800] "POST /xingrg/all/common/load_select.html HTTP/1.1" 200 25
116.192.124.172 - - [18/Jan/2023:10:24:51 +0800] "GET /xingrg/all/function/internal_message.html?_=1674008705770&CODE_STATE=getMsg HTTP/1.1" 200 27
120.253.135.82 - - [18/Jan/2023:10:24:52 +0800] "GET /xingrg/kc/pszx/mdps_order_operate.html?command=get_materiel_price&pszx_code=00101&rest_code=00147&base_code=0010246&code=00101019368&unit_code=00100074&order_time=2023-01-18 HTTP/1.1" 200 34
222.70.177.10 - - [18/Jan/2023:10:24:53 +0800] "GET /xingrg/all/function/internal_message.html?_=1674008706161&CODE_STATE=getMsg HTTP/1.1" 200 27
116.238.139.35 - - [18/Jan/2023:10:24:53 +0800] "GET /xingrg/all/function/internal_message.html?_=1674008708198&CODE_STATE=getMsg HTTP/1.1" 200 27
116.235.244.242 - - [18/Jan/2023:10:24:56 +0800] "POST /xingrg/services/DataTransmitService HTTP/1.1" 200 524
116.235.244.242 - - [18/Jan/2023:10:24:57 +0800] "POST /xingrg/services/DataTransmitService HTTP/1.1" 200 501
120.253.135.82 - - [18/Jan/2023:10:25:01 +0800] "POST /xingrg/kc/pszx/mdps_order_operate.html HTTP/1.1" 200 37
120.253.135.82 - - [18/Jan/2023:10:25:01 +0800] "GET /xingrg/kc/pszx/mdps_order_info.html?code=312023011800396 HTTP/1.1" 200 23978
114.83.217.78 - - [18/Jan/2023:10:25:02 +0800] "GET /xingrg/kc/buy/cgsh_order_operate.html?command=get_materiel&rest_code=00149&code=00101004017&supplier_code=00100083&order_time=2023-01-18 HTTP/1.1" 200 413
120.253.135.82 - - [18/Jan/2023:10:25:02 +0800] "GET /xingrg/javascript/easyui/themes/default/validatebox.css HTTP/1.1" 404 1104
120.253.135.82 - - [18/Jan/2023:10:25:02 +0800] "POST /xingrg/kc/pszx/mdps_order_operate.html HTTP/1.1" 200 3279
124.78.158.225 - - [18/Jan/2023:10:25:03 +0800] "GET /xingrg/all/function/internal_message.html?_=1674008720721&CODE_STATE=getMsg HTTP/1.1" 200 27
116.192.124.172 - - [18/Jan/2023:10:25:04 +0800] "GET /xingrg/all/function/internal_message.html?_=1674008731951&CODE_STATE=getMsg HTTP/1.1" 200 27
116.192.124.172 - - [18/Jan/2023:10:25:04 +0800] "GET /xingrg/check_reg.html?_=1674008731955 HTTP/1.1" 200 22
114.83.217.78 - - [18/Jan/2023:10:25:11 +0800] "GET /xingrg/all/function/internal_message.html?_=1674008724218&CODE_STATE=getMsg HTTP/1.1" 200 27
114.83.217.78 - - [18/Jan/2023:10:25:14 +0800] "GET /xingrg/kc/buy/cgsh_order_operate.html?command=get_materiel&rest_code=00149&code=00101004051&supplier_code=00100083&order_time=2023-01-18 HTTP/1.1" 200 409
116.235.244.242 - - [18/Jan/2023:10:25:16 +0800] "GET /xingrg/all/function/internal_message.html?_=1674008739965&CODE_STATE=getMsg HTTP/1.1" 200 27
114.84.81.136 - - [18/Jan/2023:10:25:19 +0800] "GET /xingrg/all/function/internal_message.html?_=1674008734272&CODE_STATE=getMsg HTTP/1.1" 200 27
117.143.45.205 - - [18/Jan/2023:10:25:23 +0800] "GET /xingrg/all/function/internal_message.html?_=1674008731890&CODE_STATE=getMsg HTTP/1.1" 200 27
114.83.217.78 - - [18/Jan/2023:10:25:23 +0800] "GET /xingrg/kc/buy/cgsh_order_operate.html?command=get_materiel&rest_code=00149&code=00101004011&supplier_code=00100083&order_time=2023-01-18 HTTP/1.1" 200 437
120.253.135.82 - - [18/Jan/2023:10:25:23 +0800] "GET /xingrg/all/function/internal_message.html?_=1674008553150&CODE_STATE=getMsg HTTP/1.1" 200 27
120.253.135.82 - - [18/Jan/2023:10:25:31 +0800] "POST /xingrg/kc/pszx/mdps_order_operate.html HTTP/1.1" 200 37
120.253.135.82 - - [18/Jan/2023:10:25:32 +0800] "GET /xingrg/kc/pszx/mdps_order_info.html?code=312023011800396 HTTP/1.1" 200 23978
120.253.135.82 - - [18/Jan/2023:10:25:32 +0800] "GET /xingrg/javascript/easyui/themes/default/validatebox.css HTTP/1.1" 404 1104
120.253.135.82 - - [18/Jan/2023:10:25:32 +0800] "POST /xingrg/kc/pszx/mdps_order_operate.html HTTP/1.1" 200 3279
120.253.135.82 - - [18/Jan/2023:10:25:33 +0800] "POST /xingrg/kc/pszx/mdps_list_operate.html HTTP/1.1" 200 4296
120.253.135.82 - - [18/Jan/2023:10:25:37 +0800] "POST /xingrg/kc/pszx/mdps_list_operate.html HTTP/1.1" 200 661
120.253.135.82 - - [18/Jan/2023:10:25:39 +0800] "GET /xingrg/kc/pszx/mdps_order_info.html?code=312023011800386 HTTP/1.1" 200 23978
120.253.135.82 - - [18/Jan/2023:10:25:39 +0800] "GET /xingrg/javascript/easyui/themes/default/validatebox.css HTTP/1.1" 404 1104
120.253.135.82 - - [18/Jan/2023:10:25:39 +0800] "POST /xingrg/kc/pszx/mdps_order_operate.html HTTP/1.1" 200 14144
114.84.81.136 - - [18/Jan/2023:10:25:40 +0800] "GET /xingrg/check_reg.html?_=1674008754948 HTTP/1.1" 200 22
114.83.222.182 - - [18/Jan/2023:10:25:40 +0800] "GET /xingrg/all/function/internal_message.html?_=1674008845600&CODE_STATE=getMsg HTTP/1.1" 200 27
114.83.217.78 - - [18/Jan/2023:10:25:42 +0800] "GET /xingrg/kc/buy/cgsh_order_operate.html?command=get_materiel&rest_code=00149&code=00101004065&supplier_code=00100083&order_time=2023-01-18 HTTP/1.1" 200 428
120.253.135.82 - - [18/Jan/2023:10:25:43 +0800] "POST /xingrg/kc/pszx/mdps_list_operate.html HTTP/1.1" 200 4296
120.253.135.82 - - [18/Jan/2023:10:25:45 +0800] "POST /xingrg/kc/pszx/mdps_list_operate.html HTTP/1.1" 200 363
120.253.135.82 - - [18/Jan/2023:10:25:45 +0800] "GET /xingrg/kc/pszx/mdps_order_info.html?code=312023011800396 HTTP/1.1" 200 23978
120.253.135.82 - - [18/Jan/2023:10:25:46 +0800] "POST /xingrg/kc/pszx/mdps_order_operate.html HTTP/1.1" 200 3279
120.253.135.82 - - [18/Jan/2023:10:25:46 +0800] "GET /xingrg/javascript/easyui/themes/default/validatebox.css HTTP/1.1" 404 1104
101.83.145.75 - - [18/Jan/2023:10:25:46 +0800] "GET /xingrg/all/function/internal_message.html?_=1674008761580&CODE_STATE=getMsg HTTP/1.1" 200 27
124.78.158.225 - - [18/Jan/2023:10:25:47 +0800] "GET /xingrg/kc/buy/buy_main.html HTTP/1.1" 200 12412
124.78.158.225 - - [18/Jan/2023:10:25:47 +0800] "GET /xingrg/css/new_ie.css HTTP/1.1" 404 1036
124.78.158.225 - - [18/Jan/2023:10:25:48 +0800] "GET /xingrg/images/yd/bt.gif HTTP/1.1" 404 1040
124.78.158.225 - - [18/Jan/2023:10:25:48 +0800] "GET /xingrg/kc/buy/cgsh_order_list.html HTTP/1.1" 200 53920
116.192.124.172 - - [18/Jan/2023:10:25:51 +0800] "GET /xingrg/all/function/internal_message.html?_=1674008765766&CODE_STATE=getMsg HTTP/1.1" 200 27
124.78.158.225 - - [18/Jan/2023:10:25:51 +0800] "POST /xingrg/kc/buy/cgsh_list_operate.html HTTP/1.1" 200 2282
120.253.135.82 - - [18/Jan/2023:10:25:52 +0800] "GET /xingrg/kc/pszx/mdps_order_operate.html?command=get_materiel&pszx_code=00101&rest_code=00147&base_code=0010246&code=00101019530 HTTP/1.1" 200 478
222.70.177.10 - - [18/Jan/2023:10:25:53 +0800] "GET /xingrg/all/function/internal_message.html?_=1674008766147&CODE_STATE=getMsg HTTP/1.1" 200 27
116.238.139.35 - - [18/Jan/2023:10:25:53 +0800] "GET /xingrg/all/function/internal_message.html?_=1674008768175&CODE_STATE=getMsg HTTP/1.1" 200 27
124.78.158.225 - - [18/Jan/2023:10:25:53 +0800] "GET /xingrg/kc/buy/cgsh_order_add.html HTTP/1.1" 200 69695
124.78.158.225 - - [18/Jan/2023:10:25:54 +0800] "POST /xingrg/kc/buy/cgsh_order_operate.html HTTP/1.1" 200 8245
124.78.158.225 - - [18/Jan/2023:10:25:54 +0800] "GET /xingrg/javascript/easyui/themes/default/validatebox.css HTTP/1.1" 404 1104
114.83.217.78 - - [18/Jan/2023:10:25:54 +0800] "GET /xingrg/kc/buy/cgsh_order_operate.html?command=get_materiel&rest_code=00149&code=00101004030&supplier_code=00100083&order_time=2023-01-18 HTTP/1.1" 200 425
124.78.158.225 - - [18/Jan/2023:10:25:55 +0800] "GET /xingrg/javascript/easyui/themes/default/tree.css HTTP/1.1" 404 1090
124.78.158.225 - - [18/Jan/2023:10:25:55 +0800] "POST /xingrg/all/common/load_tree.html?tree=supplier_tree_json&isDelete=1 HTTP/1.1" 200 70488
120.253.135.82 - - [18/Jan/2023:10:26:02 +0800] "GET /xingrg/kc/pszx/mdps_order_operate.html?command=get_materiel&pszx_code=00101&rest_code=00147&base_code=0010246&code=00101020143 HTTP/1.1" 200 450
124.78.158.225 - - [18/Jan/2023:10:26:03 +0800] "GET /xingrg/all/function/internal_message.html?_=1674008780739&CODE_STATE=getMsg HTTP/1.1" 200 27
124.78.158.225 - - [18/Jan/2023:10:26:03 +0800] "GET /xingrg/check_reg.html?_=1674008780742 HTTP/1.1" 200 22
116.192.124.172 - - [18/Jan/2023:10:26:04 +0800] "GET /xingrg/all/function/internal_message.html?_=1674008791949&CODE_STATE=getMsg HTTP/1.1" 200 27
114.83.217.78 - - [18/Jan/2023:10:26:07 +0800] "POST /xingrg/kc/buy/cgsh_order_operate.html HTTP/1.1" 200 37
120.253.135.82 - - [18/Jan/2023:10:26:08 +0800] "POST /xingrg/kc/pszx/mdps_order_operate.html HTTP/1.1" 200 37
120.253.135.82 - - [18/Jan/2023:10:26:08 +0800] "GET /xingrg/kc/pszx/mdps_order_info.html?code=312023011800396 HTTP/1.1" 200 23978
120.253.135.82 - - [18/Jan/2023:10:26:09 +0800] "GET /xingrg/javascript/easyui/themes/default/validatebox.css HTTP/1.1" 404 1104
120.253.135.82 - - [18/Jan/2023:10:26:09 +0800] "POST /xingrg/kc/pszx/mdps_order_operate.html HTTP/1.1" 200 4298
120.253.135.82 - - [18/Jan/2023:10:26:10 +0800] "POST /xingrg/kc/pszx/mdps_list_operate.html HTTP/1.1" 200 4296
114.83.217.78 - - [18/Jan/2023:10:26:11 +0800] "POST /xingrg/kc/buy/cgsh_order_operate.html HTTP/1.1" 200 12
120.253.135.82 - - [18/Jan/2023:10:26:12 +0800] "POST /xingrg/kc/pszx/mdps_list_operate.html HTTP/1.1" 200 661
120.253.135.82 - - [18/Jan/2023:10:26:12 +0800] "GET /xingrg/kc/pszx/mdps_order_info.html?code=312023011800386 HTTP/1.1" 200 23978
120.253.135.82 - - [18/Jan/2023:10:26:13 +0800] "GET /xingrg/javascript/easyui/themes/default/validatebox.css HTTP/1.1" 404 1104
120.253.135.82 - - [18/Jan/2023:10:26:13 +0800] "POST /xingrg/kc/pszx/mdps_order_operate.html HTTP/1.1" 200 14144
114.83.217.78 - - [18/Jan/2023:10:26:15 +0800] "GET /xingrg/kc/buy/cgsh_order_info.html?code=212023011805678 HTTP/1.1" 200 64690
114.83.217.78 - - [18/Jan/2023:10:26:16 +0800] "GET /xingrg/javascript/easyui/themes/default/validatebox.css HTTP/1.1" 404 1104
116.235.244.242 - - [18/Jan/2023:10:26:16 +0800] "GET /xingrg/all/function/internal_message.html?_=1674008800120&CODE_STATE=getMsg HTTP/1.1" 200 27
114.83.217.78 - - [18/Jan/2023:10:26:16 +0800] "POST /xingrg/kc/buy/cgsh_order_operate.html HTTP/1.1" 200 2993
114.84.81.136 - - [18/Jan/2023:10:26:19 +0800] "GET /xingrg/all/function/internal_message.html?_=1674008794252&CODE_STATE=getMsg HTTP/1.1" 200 27
116.235.244.242 - - [18/Jan/2023:10:26:21 +0800] "GET /xingrg/check_reg.html?_=1674008805019 HTTP/1.1" 200 22
114.83.217.78 - - [18/Jan/2023:10:26:21 +0800] "GET /xingrg/kc/print/load_data.html?order_code=212023011805678&kc_code=cgsh&condition= HTTP/1.1" 200 1633
117.143.45.205 - - [18/Jan/2023:10:26:22 +0800] "GET /xingrg/all/function/internal_message.html?_=1674008791863&CODE_STATE=getMsg HTTP/1.1" 200 27
120.253.135.82 - - [18/Jan/2023:10:26:23 +0800] "GET /xingrg/all/function/internal_message.html?_=1674008613378&CODE_STATE=getMsg HTTP/1.1" 200 27
116.238.139.35 - - [18/Jan/2023:10:26:24 +0800] "GET /xingrg/check_reg.html?_=1674008798880 HTTP/1.1" 200 22
124.78.158.225 - - [18/Jan/2023:10:26:29 +0800] "GET /xingrg/javascript/auto/indicator.gif HTTP/1.1" 404 1066
120.253.135.82 - - [18/Jan/2023:10:26:30 +0800] "POST /xingrg/kc/pszx/mdps_order_operate.html HTTP/1.1" 200 37
120.253.135.82 - - [18/Jan/2023:10:26:31 +0800] "GET /xingrg/kc/pszx/mdps_order_info.html?code=312023011800386 HTTP/1.1" 200 23978
114.83.217.78 - - [18/Jan/2023:10:26:31 +0800] "GET /xingrg/kc/buy/cgsh_order_add.html HTTP/1.1" 200 69790
114.83.217.78 - - [18/Jan/2023:10:26:31 +0800] "POST /xingrg/kc/buy/cgsh_order_operate.html HTTP/1.1" 200 8245
114.83.217.78 - - [18/Jan/2023:10:26:31 +0800] "GET /xingrg/javascript/easyui/themes/default/validatebox.css HTTP/1.1" 404 1104
120.253.135.82 - - [18/Jan/2023:10:26:32 +0800] "GET /xingrg/javascript/easyui/themes/default/validatebox.css HTTP/1.1" 404 1104
120.253.135.82 - - [18/Jan/2023:10:26:32 +0800] "POST /xingrg/kc/pszx/mdps_order_operate.html HTTP/1.1" 200 12605
120.253.135.82 - - [18/Jan/2023:10:26:33 +0800] "POST /xingrg/kc/pszx/mdps_list_operate.html HTTP/1.1" 200 4296
124.78.158.225 - - [18/Jan/2023:10:26:37 +0800] "GET /xingrg/kc/buy/cgsh_order_operate.html?command=get_materiel&rest_code=00106&code=00101008037&supplier_code=00100009&order_time=2023-01-18 HTTP/1.1" 200 413
120.253.135.82 - - [18/Jan/2023:10:26:39 +0800] "POST /xingrg/kc/pszx/mdps_list_operate.html HTTP/1.1" 200 283
120.253.135.82 - - [18/Jan/2023:10:26:40 +0800] "GET /xingrg/kc/pszx/mdps_order_info.html?code=312023011800385 HTTP/1.1" 200 23978
114.83.222.182 - - [18/Jan/2023:10:26:40 +0800] "GET /xingrg/all/function/internal_message.html?_=1674008905599&CODE_STATE=getMsg HTTP/1.1" 200 27
120.253.135.82 - - [18/Jan/2023:10:26:41 +0800] "GET /xingrg/javascript/easyui/themes/default/validatebox.css HTTP/1.1" 404 1104
120.253.135.82 - - [18/Jan/2023:10:26:41 +0800] "POST /xingrg/kc/pszx/mdps_order_operate.html HTTP/1.1" 200 2771
120.253.135.82 - - [18/Jan/2023:10:26:46 +0800] "POST /xingrg/kc/pszx/mdps_list_operate.html HTTP/1.1" 200 4296
101.83.145.75 - - [18/Jan/2023:10:26:46 +0800] "GET /xingrg/all/function/internal_message.html?_=1674008821580&CODE_STATE=getMsg HTTP/1.1" 200 27
120.253.135.82 - - [18/Jan/2023:10:26:48 +0800] "POST /xingrg/kc/pszx/mdps_list_operate.html HTTP/1.1" 200 283
120.253.135.82 - - [18/Jan/2023:10:26:50 +0800] "GET /xingrg/kc/pszx/mdps_order_info.html?code=312023011800385 HTTP/1.1" 200 23978
120.253.135.82 - - [18/Jan/2023:10:26:50 +0800] "GET /xingrg/javascript/easyui/themes/default/validatebox.css HTTP/1.1" 404 1104
120.253.135.82 - - [18/Jan/2023:10:26:50 +0800] "POST /xingrg/kc/pszx/mdps_order_operate.html HTTP/1.1" 200 2771
116.192.124.172 - - [18/Jan/2023:10:26:51 +0800] "GET /xingrg/all/function/internal_message.html?_=1674008825760&CODE_STATE=getMsg HTTP/1.1" 200 27
120.253.135.82 - - [18/Jan/2023:10:26:52 +0800] "GET /xingrg/kc/print/load_data.html?order_code=312023011800385&kc_code=mdps&condition= HTTP/1.1" 200 895
222.70.177.10 - - [18/Jan/2023:10:26:53 +0800] "GET /xingrg/all/function/internal_message.html?_=1674008826157&CODE_STATE=getMsg HTTP/1.1" 200 27
124.78.158.225 - - [18/Jan/2023:10:26:53 +0800] "POST /xingrg/kc/buy/cgsh_order_operate.html HTTP/1.1" 200 37
116.238.139.35 - - [18/Jan/2023:10:26:53 +0800] "GET /xingrg/all/function/internal_message.html?_=1674008828148&CODE_STATE=getMsg HTTP/1.1" 200 27
124.78.158.225 - - [18/Jan/2023:10:26:55 +0800] "POST /xingrg/kc/buy/cgsh_order_operate.html HTTP/1.1" 200 2657
114.83.217.78 - - [18/Jan/2023:10:26:57 +0800] "GET /xingrg/kc/buy/cgsh_order_operate.html?command=get_materiel&rest_code=00149&code=00101002027&supplier_code=00100039&order_time=2023-01-18 HTTP/1.1" 200 431
120.253.135.82 - - [18/Jan/2023:10:26:58 +0800] "POST /xingrg/kc/pszx/mdps_list_operate.html HTTP/1.1" 200 4296
124.78.158.225 - - [18/Jan/2023:10:26:59 +0800] "GET /xingrg/kc/buy/cgsh_order_add.html HTTP/1.1" 200 69695
124.78.158.225 - - [18/Jan/2023:10:26:59 +0800] "POST /xingrg/kc/buy/cgsh_order_operate.html HTTP/1.1" 200 8245
124.78.158.225 - - [18/Jan/2023:10:26:59 +0800] "GET /xingrg/javascript/easyui/themes/default/validatebox.css HTTP/1.1" 404 1104
120.253.135.82 - - [18/Jan/2023:10:26:59 +0800] "POST /xingrg/kc/pszx/mdps_list_operate.html HTTP/1.1" 200 654
120.253.135.82 - - [18/Jan/2023:10:27:00 +0800] "GET /xingrg/kc/pszx/mdps_order_info.html?code=312023011800386 HTTP/1.1" 200 23978
120.253.135.82 - - [18/Jan/2023:10:27:00 +0800] "GET /xingrg/javascript/easyui/themes/default/validatebox.css HTTP/1.1" 404 1104
120.253.135.82 - - [18/Jan/2023:10:27:00 +0800] "POST /xingrg/kc/pszx/mdps_order_operate.html HTTP/1.1" 200 12605
124.78.158.225 - - [18/Jan/2023:10:27:01 +0800] "GET /xingrg/javascript/easyui/themes/default/tree.css HTTP/1.1" 404 1090
124.78.158.225 - - [18/Jan/2023:10:27:01 +0800] "POST /xingrg/all/common/load_tree.html?tree=supplier_tree_json&isDelete=1 HTTP/1.1" 200 70488
124.78.158.225 - - [18/Jan/2023:10:27:03 +0800] "GET /xingrg/all/function/internal_message.html?_=1674008840737&CODE_STATE=getMsg HTTP/1.1" 200 27
116.192.124.172 - - [18/Jan/2023:10:27:04 +0800] "GET /xingrg/all/function/internal_message.html?_=1674008851963&CODE_STATE=getMsg HTTP/1.1" 200 27
114.83.217.78 - - [18/Jan/2023:10:27:09 +0800] "GET /xingrg/kc/buy/cgsh_order_operate.html?command=get_materiel&rest_code=00149&code=00101003035&supplier_code=00100039&order_time=2023-01-18 HTTP/1.1" 200 434
114.83.217.78 - - [18/Jan/2023:10:27:11 +0800] "GET /xingrg/check_reg.html?_=1674008844228 HTTP/1.1" 200 22
114.83.217.78 - - [18/Jan/2023:10:27:11 +0800] "GET /xingrg/all/function/internal_message.html?_=1674008844230&CODE_STATE=getMsg HTTP/1.1" 200 27
116.235.244.242 - - [18/Jan/2023:10:27:16 +0800] "GET /xingrg/all/function/internal_message.html?_=1674008860132&CODE_STATE=getMsg HTTP/1.1" 200 27
116.238.139.35 - - [18/Jan/2023:10:27:17 +0800] "POST /xingrg/all/user/operate.html HTTP/1.1" 200 36
116.238.139.35 - - [18/Jan/2023:10:27:18 +0800] "GET /xingrg/index.html?sysBaseUrl=http%3A%2F%2F180.169.147.146%3A18081%2Fxingrg%2F&costTime=44×tamp=1673843222127 HTTP/1.1" 200 17177
116.238.139.35 - - [18/Jan/2023:10:27:18 +0800] "GET /xingrg/javascript/jquery_easy_ui/themes/default/easyui.css HTTP/1.1" 304 -
116.238.139.35 - - [18/Jan/2023:10:27:18 +0800] "GET /xingrg/javascript/jquery_easy_ui/themes/icon.css HTTP/1.1" 304 -
116.238.139.35 - - [18/Jan/2023:10:27:18 +0800] "GET /xingrg/css/form.css HTTP/1.1" 304 -
116.238.139.35 - - [18/Jan/2023:10:27:18 +0800] "GET /xingrg/javascript/jquery-1.4.2.min.js HTTP/1.1" 304 -
116.238.139.35 - - [18/Jan/2023:10:27:18 +0800] "GET /xingrg/javascript/jquery_easy_ui/jquery.easyui.min.js HTTP/1.1" 304 -
116.238.139.35 - - [18/Jan/2023:10:27:18 +0800] "GET /xingrg/javascript/jquery_easy_ui/easyui-lang-zh_CN.js HTTP/1.1" 304 -
116.238.139.35 - - [18/Jan/2023:10:27:18 +0800] "GET /xingrg/javascript/jquery.form.js HTTP/1.1" 304 -
116.238.139.35 - - [18/Jan/2023:10:27:18 +0800] "GET /xingrg/javascript/jquery.utils.js HTTP/1.1" 304 -
116.238.139.35 - - [18/Jan/2023:10:27:18 +0800] "GET /xingrg/javascript/jquery.timers.js HTTP/1.1" 304 -
116.238.139.35 - - [18/Jan/2023:10:27:18 +0800] "GET /xingrg/images/blue/jxLogo.png HTTP/1.1" 304 -
116.238.139.35 - - [18/Jan/2023:10:27:18 +0800] "GET /xingrg/images/blue/navBackgound.jpg HTTP/1.1" 304 -
116.238.139.35 - - [18/Jan/2023:10:27:18 +0800] "POST /xingrg/all/common/load_tree.html?tree=area_rest_tree_json&manage=1 HTTP/1.1" 200 476
116.238.139.35 - - [18/Jan/2023:10:27:18 +0800] "GET /xingrg/javascript/jquery_easy_ui/themes/icons/settle_new.png HTTP/1.1" 304 -
116.238.139.35 - - [18/Jan/2023:10:27:18 +0800] "GET /xingrg/all/function/internal_message.html?_=1674008852719&CODE_STATE=count HTTP/1.1" 200 11
116.238.139.35 - - [18/Jan/2023:10:27:18 +0800] "GET /xingrg/check_reg.html?_=1674008852720 HTTP/1.1" 200 22
116.238.139.35 - - [18/Jan/2023:10:27:18 +0800] "GET /xingrg/javascript/jquery_easy_ui/themes/default/images/tabs_leftarrow.png HTTP/1.1" 304 -
116.238.139.35 - - [18/Jan/2023:10:27:18 +0800] "POST /xingrg/load_menu.html HTTP/1.1" 200 5138
116.238.139.35 - - [18/Jan/2023:10:27:18 +0800] "GET /xingrg/javascript/jquery_easy_ui/themes/default/images/panel_tool_collapse.gif HTTP/1.1" 304 -
116.238.139.35 - - [18/Jan/2023:10:27:18 +0800] "GET /xingrg/images/blue/pingpu.png HTTP/1.1" 304 -
116.238.139.35 - - [18/Jan/2023:10:27:18 +0800] "GET /xingrg/javascript/jquery_easy_ui/themes/default/images/tabs_rightarrow.png HTTP/1.1" 304 -
116.238.139.35 - - [18/Jan/2023:10:27:18 +0800] "GET /xingrg/javascript/jquery_easy_ui/themes/default/images/tree_folder_open.gif HTTP/1.1" 304 -
116.238.139.35 - - [18/Jan/2023:10:27:18 +0800] "GET /xingrg/javascript/jquery_easy_ui/themes/icons/storage_new.png HTTP/1.1" 304 -
116.238.139.35 - - [18/Jan/2023:10:27:18 +0800] "GET /xingrg/javascript/jquery_easy_ui/themes/default/images/tree_arrows.gif HTTP/1.1" 304 -
116.238.139.35 - - [18/Jan/2023:10:27:18 +0800] "GET /xingrg/javascript/jquery_easy_ui/themes/default/images/tree_file.gif HTTP/1.1" 304 -
116.238.139.35 - - [18/Jan/2023:10:27:18 +0800] "GET /xingrg/javascript/jquery_easy_ui/themes/icons/forms_new.png HTTP/1.1" 304 -
116.238.139.35 - - [18/Jan/2023:10:27:18 +0800] "GET /xingrg/javascript/jquery_easy_ui/themes/icons/search_new.png HTTP/1.1" 304 -
116.238.139.35 - - [18/Jan/2023:10:27:18 +0800] "GET /xingrg/javascript/jquery_easy_ui/themes/default/images/tree_folder.gif HTTP/1.1" 304 -
114.83.217.78 - - [18/Jan/2023:10:27:18 +0800] "GET /xingrg/kc/buy/cgsh_order_operate.html?command=get_materiel&rest_code=00149&code=00101001052&supplier_code=00100039&order_time=2023-01-18 HTTP/1.1" 200 411
114.84.81.136 - - [18/Jan/2023:10:27:19 +0800] "GET /xingrg/all/function/internal_message.html?_=1674008854225&CODE_STATE=getMsg HTTP/1.1" 200 27
116.238.139.35 - - [18/Jan/2023:10:27:20 +0800] "GET /xingrg/kc/buy/cgsh_order_list.html HTTP/1.1" 200 53924
120.253.135.82 - - [18/Jan/2023:10:27:21 +0800] "GET /xingrg/check_reg.html?_=1674008671093 HTTP/1.1" 200 22
116.238.139.35 - - [18/Jan/2023:10:27:22 +0800] "POST /xingrg/kc/buy/cgsh_list_operate.html HTTP/1.1" 200 986
117.143.45.205 - - [18/Jan/2023:10:27:22 +0800] "GET /xingrg/all/function/internal_message.html?_=1674008851846&CODE_STATE=getMsg HTTP/1.1" 200 27
120.253.135.82 - - [18/Jan/2023:10:27:23 +0800] "GET /xingrg/all/function/internal_message.html?_=1674008673380&CODE_STATE=getMsg HTTP/1.1" 200 27
116.238.139.35 - - [18/Jan/2023:10:27:23 +0800] "GET /xingrg/kc/buy/cgsh_order_add.html HTTP/1.1" 200 69299
116.238.139.35 - - [18/Jan/2023:10:27:24 +0800] "POST /xingrg/kc/buy/cgsh_order_operate.html HTTP/1.1" 200 8245
116.238.139.35 - - [18/Jan/2023:10:27:24 +0800] "GET /xingrg/all/common/auto_word.html?type=employee&rest_code=00151 HTTP/1.1" 200 293
116.238.139.35 - - [18/Jan/2023:10:27:24 +0800] "GET /xingrg/javascript/easyui/themes/default/validatebox.css HTTP/1.1" 404 1104
116.238.139.35 - - [18/Jan/2023:10:27:24 +0800] "GET /xingrg/all/common/auto_word.html?type=employee&rest_code=00151 HTTP/1.1" 200 293
124.78.158.225 - - [18/Jan/2023:10:27:24 +0800] "GET /xingrg/kc/buy/cgsh_order_operate.html?command=get_materiel&rest_code=00106&code=00101012003&supplier_code=00100032&order_time=2023-01-18 HTTP/1.1" 200 413
116.238.139.35 - - [18/Jan/2023:10:27:30 +0800] "GET /xingrg/javascript/auto/indicator.gif HTTP/1.1" 404 1066
114.83.217.78 - - [18/Jan/2023:10:27:34 +0800] "GET /xingrg/kc/buy/cgsh_order_operate.html?command=get_materiel&rest_code=00149&code=00101005037&supplier_code=00100039&order_time=2023-01-18 HTTP/1.1" 200 428
117.143.45.205 - - [18/Jan/2023:10:27:34 +0800] "GET /xingrg/check_reg.html?_=1674008863392 HTTP/1.1" 200 22
116.238.139.35 - - [18/Jan/2023:10:27:39 +0800] "GET /xingrg/kc/buy/cgsh_order_operate.html?command=get_materiel&rest_code=00151&code=00101008017&supplier_code=00100008&order_time=2023-01-18 HTTP/1.1" 200 416
114.83.222.182 - - [18/Jan/2023:10:27:40 +0800] "GET /xingrg/check_reg.html?_=1674008965586 HTTP/1.1" 200 22
114.83.222.182 - - [18/Jan/2023:10:27:40 +0800] "GET /xingrg/all/function/internal_message.html?_=1674008965587&CODE_STATE=getMsg HTTP/1.1" 200 27
101.83.145.75 - - [18/Jan/2023:10:27:46 +0800] "GET /xingrg/all/function/internal_message.html?_=1674008881583&CODE_STATE=getMsg HTTP/1.1" 200 27
124.78.158.225 - - [18/Jan/2023:10:27:49 +0800] "GET /xingrg/kc/buy/cgsh_order_operate.html?command=get_materiel&rest_code=00106&code=00101010248&supplier_code=00100032&order_time=2023-01-18 HTTP/1.1" 200 430
116.192.124.172 - - [18/Jan/2023:10:27:51 +0800] "GET /xingrg/all/function/internal_message.html?_=1674008885774&CODE_STATE=getMsg HTTP/1.1" 200 27
222.70.177.10 - - [18/Jan/2023:10:27:53 +0800] "GET /xingrg/all/function/internal_message.html?_=1674008886141&CODE_STATE=getMsg HTTP/1.1" 200 27
116.238.139.35 - - [18/Jan/2023:10:27:53 +0800] "GET /xingrg/kc/buy/cgsh_order_operate.html?command=get_materiel&rest_code=00151&code=00101008137&supplier_code=00100008&order_time=2023-01-18 HTTP/1.1" 200 408
120.253.135.82 - - [18/Jan/2023:10:27:55 +0800] "GET /xingrg/kc/print/load_data.html?order_code=312023011800386&kc_code=mdps&condition= HTTP/1.1" 200 5588
116.238.139.35 - - [18/Jan/2023:10:28:00 +0800] "GET /xingrg/kc/buy/cgsh_order_operate.html?command=get_materiel&rest_code=00151&code=00101008362&supplier_code=00100008&order_time=2023-01-18 HTTP/1.1" 200 409
124.78.158.225 - - [18/Jan/2023:10:28:03 +0800] "GET /xingrg/all/function/internal_message.html?_=1674008900740&CODE_STATE=getMsg HTTP/1.1" 200 27
120.253.135.82 - - [18/Jan/2023:10:28:04 +0800] "POST /xingrg/kc/pszx/mdps_list_operate.html HTTP/1.1" 200 4296
116.192.124.172 - - [18/Jan/2023:10:28:04 +0800] "GET /xingrg/all/function/internal_message.html?_=1674008911961&CODE_STATE=getMsg HTTP/1.1" 200 27
120.253.135.82 - - [18/Jan/2023:10:28:06 +0800] "POST /xingrg/kc/pszx/mdps_list_operate.html HTTP/1.1" 200 617
120.253.135.82 - - [18/Jan/2023:10:28:07 +0800] "GET /xingrg/kc/pszx/mdps_order_info.html?code=312023011800387 HTTP/1.1" 200 23978
120.253.135.82 - - [18/Jan/2023:10:28:07 +0800] "GET /xingrg/javascript/easyui/themes/default/validatebox.css HTTP/1.1" 404 1104
120.253.135.82 - - [18/Jan/2023:10:28:07 +0800] "POST /xingrg/kc/pszx/mdps_order_operate.html HTTP/1.1" 200 10386
116.238.139.35 - - [18/Jan/2023:10:28:07 +0800] "GET /xingrg/kc/buy/cgsh_order_operate.html?command=get_materiel&rest_code=00151&code=00101008077&supplier_code=00100008&order_time=2023-01-18 HTTP/1.1" 200 431
114.83.217.78 - - [18/Jan/2023:10:28:11 +0800] "GET /xingrg/all/function/internal_message.html?_=1674008904206&CODE_STATE=getMsg HTTP/1.1" 200 27
116.235.244.242 - - [18/Jan/2023:10:28:16 +0800] "GET /xingrg/all/function/internal_message.html?_=1674008920146&CODE_STATE=getMsg HTTP/1.1" 200 27
116.238.139.35 - - [18/Jan/2023:10:28:16 +0800] "GET /xingrg/kc/buy/cgsh_order_operate.html?command=get_materiel&rest_code=00151&code=00101008286&supplier_code=00100008&order_time=2023-01-18 HTTP/1.1" 200 424
116.238.139.35 - - [18/Jan/2023:10:28:18 +0800] "GET /xingrg/all/function/internal_message.html?_=1674008912734&CODE_STATE=getMsg HTTP/1.1" 200 27
124.78.158.225 - - [18/Jan/2023:10:28:19 +0800] "GET /xingrg/kc/buy/cgsh_order_operate.html?command=get_materiel&rest_code=00106&code=00101016017&supplier_code=00100032&order_time=2023-01-18 HTTP/1.1" 200 408
114.84.81.136 - - [18/Jan/2023:10:28:20 +0800] "GET /xingrg/all/function/internal_message.html?_=1674008914221&CODE_STATE=getMsg HTTP/1.1" 200 27
117.143.45.205 - - [18/Jan/2023:10:28:22 +0800] "GET /xingrg/all/function/internal_message.html?_=1674008911820&CODE_STATE=getMsg HTTP/1.1" 200 27
120.253.135.82 - - [18/Jan/2023:10:28:24 +0800] "GET /xingrg/all/function/internal_message.html?_=1674008733489&CODE_STATE=getMsg HTTP/1.1" 200 27
120.253.135.82 - - [18/Jan/2023:10:28:25 +0800] "GET /xingrg/kc/print/load_data.html?order_code=312023011800387&kc_code=mdps&condition= HTTP/1.1" 200 4436
116.238.139.35 - - [18/Jan/2023:10:28:28 +0800] "GET /xingrg/kc/buy/cgsh_order_operate.html?command=get_materiel&rest_code=00151&code=00101008131&supplier_code=00100008&order_time=2023-01-18 HTTP/1.1" 200 408
124.78.158.225 - - [18/Jan/2023:10:28:31 +0800] "GET /xingrg/kc/buy/cgsh_order_operate.html?command=get_materiel&rest_code=00106&code=00101010161&supplier_code=00100032&order_time=2023-01-18 HTTP/1.1" 200 425
114.83.217.78 - - [18/Jan/2023:10:28:32 +0800] "GET /xingrg/kc/buy/cgsh_order_operate.html?command=get_materiel&rest_code=00149&code=00101001061&supplier_code=00100039&order_time=2023-01-18 HTTP/1.1" 200 417
120.253.135.82 - - [18/Jan/2023:10:28:33 +0800] "POST /xingrg/kc/pszx/mdps_list_operate.html HTTP/1.1" 200 4296
120.253.135.82 - - [18/Jan/2023:10:28:35 +0800] "POST /xingrg/kc/pszx/mdps_list_operate.html HTTP/1.1" 200 617
120.253.135.82 - - [18/Jan/2023:10:28:36 +0800] "GET /xingrg/kc/pszx/mdps_order_info.html?code=312023011800387 HTTP/1.1" 200 23978
120.253.135.82 - - [18/Jan/2023:10:28:37 +0800] "GET /xingrg/javascript/easyui/themes/default/validatebox.css HTTP/1.1" 404 1104
120.253.135.82 - - [18/Jan/2023:10:28:37 +0800] "POST /xingrg/kc/pszx/mdps_order_operate.html HTTP/1.1" 200 10386
222.70.177.10 - - [18/Jan/2023:10:28:37 +0800] "POST /xingrg/services/DataTransmitService HTTP/1.1" 200 524
116.238.139.35 - - [18/Jan/2023:10:28:37 +0800] "GET /xingrg/kc/buy/cgsh_order_operate.html?command=get_materiel&rest_code=00151&code=00101008318&supplier_code=00100008&order_time=2023-01-18 HTTP/1.1" 200 408
114.83.222.182 - - [18/Jan/2023:10:28:40 +0800] "GET /xingrg/all/function/internal_message.html?_=1674009025597&CODE_STATE=getMsg HTTP/1.1" 200 27
124.78.158.225 - - [18/Jan/2023:10:28:43 +0800] "GET /xingrg/kc/buy/cgsh_order_operate.html?command=get_materiel&rest_code=00106&code=00101016105&supplier_code=00100032&order_time=2023-01-18 HTTP/1.1" 200 409
116.238.139.35 - - [18/Jan/2023:10:28:45 +0800] "GET /xingrg/kc/buy/cgsh_order_operate.html?command=get_materiel&rest_code=00151&code=00101008353&supplier_code=00100008&order_time=2023-01-18 HTTP/1.1" 200 408
101.83.145.75 - - [18/Jan/2023:10:28:46 +0800] "GET /xingrg/check_reg.html?_=1674008941578 HTTP/1.1" 200 22
101.83.145.75 - - [18/Jan/2023:10:28:46 +0800] "GET /xingrg/all/function/internal_message.html?_=1674008941606&CODE_STATE=getMsg HTTP/1.1" 200 27
116.192.124.172 - - [18/Jan/2023:10:28:51 +0800] "GET /xingrg/check_reg.html?_=1674008945767 HTTP/1.1" 200 22
116.192.124.172 - - [18/Jan/2023:10:28:51 +0800] "GET /xingrg/all/function/internal_message.html?_=1674008945771&CODE_STATE=getMsg HTTP/1.1" 200 27
222.70.177.10 - - [18/Jan/2023:10:28:53 +0800] "GET /xingrg/all/function/internal_message.html?_=1674008946126&CODE_STATE=getMsg HTTP/1.1" 200 27
222.70.177.10 - - [18/Jan/2023:10:28:54 +0800] "GET /xingrg/check_reg.html?_=1674008947424 HTTP/1.1" 200 22
120.253.135.82 - - [18/Jan/2023:10:28:55 +0800] "POST /xingrg/kc/pszx/mdps_list_operate.html HTTP/1.1" 200 4296
120.253.135.82 - - [18/Jan/2023:10:28:56 +0800] "POST /xingrg/kc/pszx/mdps_list_operate.html HTTP/1.1" 200 390
120.253.135.82 - - [18/Jan/2023:10:28:57 +0800] "GET /xingrg/kc/pszx/mdps_order_info.html?code=312023011800388 HTTP/1.1" 200 23978
120.253.135.82 - - [18/Jan/2023:10:28:58 +0800] "POST /xingrg/kc/pszx/mdps_order_operate.html HTTP/1.1" 200 3326
120.253.135.82 - - [18/Jan/2023:10:28:58 +0800] "GET /xingrg/javascript/easyui/themes/default/validatebox.css HTTP/1.1" 404 1104
120.253.135.82 - - [18/Jan/2023:10:29:01 +0800] "GET /xingrg/kc/print/load_data.html?order_code=312023011800388&kc_code=mdps&condition= HTTP/1.1" 200 1202
124.78.158.225 - - [18/Jan/2023:10:29:03 +0800] "GET /xingrg/all/function/internal_message.html?_=1674008960740&CODE_STATE=getMsg HTTP/1.1" 200 27
124.78.158.225 - - [18/Jan/2023:10:29:04 +0800] "POST /xingrg/kc/buy/cgsh_order_operate.html HTTP/1.1" 200 37
116.192.124.172 - - [18/Jan/2023:10:29:04 +0800] "GET /xingrg/all/function/internal_message.html?_=1674008971960&CODE_STATE=getMsg HTTP/1.1" 200 27
124.78.158.225 - - [18/Jan/2023:10:29:06 +0800] "POST /xingrg/kc/buy/cgsh_order_operate.html HTTP/1.1" 200 5026
120.253.135.82 - - [18/Jan/2023:10:29:06 +0800] "POST /xingrg/kc/pszx/mdps_list_operate.html HTTP/1.1" 200 4296
114.83.217.78 - - [18/Jan/2023:10:29:06 +0800] "GET /xingrg/kc/buy/cgsh_order_operate.html?command=get_materiel&rest_code=00149&code=00101010161&supplier_code=00100039&order_time=2023-01-18 HTTP/1.1" 200 425
120.253.135.82 - - [18/Jan/2023:10:29:07 +0800] "POST /xingrg/kc/pszx/mdps_list_operate.html HTTP/1.1" 200 365
120.253.135.82 - - [18/Jan/2023:10:29:08 +0800] "GET /xingrg/kc/pszx/mdps_order_info.html?code=312023011800390 HTTP/1.1" 200 23978
120.253.135.82 - - [18/Jan/2023:10:29:09 +0800] "POST /xingrg/kc/pszx/mdps_order_operate.html HTTP/1.1" 200 3288
120.253.135.82 - - [18/Jan/2023:10:29:09 +0800] "GET /xingrg/javascript/easyui/themes/default/validatebox.css HTTP/1.1" 404 1104
114.83.217.78 - - [18/Jan/2023:10:29:11 +0800] "GET /xingrg/all/function/internal_message.html?_=1674008964187&CODE_STATE=getMsg HTTP/1.1" 200 27
120.253.135.82 - - [18/Jan/2023:10:29:15 +0800] "GET /xingrg/kc/print/load_data.html?order_code=312023011800390&kc_code=mdps&condition= HTTP/1.1" 200 1182
116.235.244.242 - - [18/Jan/2023:10:29:16 +0800] "GET /xingrg/all/function/internal_message.html?_=1674008980325&CODE_STATE=getMsg HTTP/1.1" 200 27
116.238.139.35 - - [18/Jan/2023:10:29:17 +0800] "POST /xingrg/kc/buy/cgsh_order_operate.html HTTP/1.1" 200 37
114.84.81.136 - - [18/Jan/2023:10:29:19 +0800] "GET /xingrg/all/function/internal_message.html?_=1674008974197&CODE_STATE=getMsg HTTP/1.1" 200 27
114.83.217.78 - - [18/Jan/2023:10:29:22 +0800] "POST /xingrg/kc/buy/cgsh_order_operate.html HTTP/1.1" 200 37
120.253.135.82 - - [18/Jan/2023:10:29:22 +0800] "POST /xingrg/kc/pszx/mdps_list_operate.html HTTP/1.1" 200 4296
117.143.45.205 - - [18/Jan/2023:10:29:22 +0800] "GET /xingrg/all/function/internal_message.html?_=1674008971802&CODE_STATE=getMsg HTTP/1.1" 200 27
120.253.135.82 - - [18/Jan/2023:10:29:24 +0800] "GET /xingrg/all/function/internal_message.html?_=1674008793523&CODE_STATE=getMsg HTTP/1.1" 200 27
116.238.139.35 - - [18/Jan/2023:10:29:25 +0800] "POST /xingrg/kc/buy/cgsh_order_operate.html HTTP/1.1" 200 12
120.253.135.82 - - [18/Jan/2023:10:29:26 +0800] "POST /xingrg/kc/pszx/mdps_list_operate.html HTTP/1.1" 200 202
120.253.135.82 - - [18/Jan/2023:10:29:26 +0800] "GET /xingrg/kc/pszx/mdps_order_info.html?code=312023011800391 HTTP/1.1" 200 23978
120.253.135.82 - - [18/Jan/2023:10:29:27 +0800] "GET /xingrg/javascript/easyui/themes/default/validatebox.css HTTP/1.1" 404 1104
114.83.217.78 - - [18/Jan/2023:10:29:29 +0800] "POST /xingrg/kc/buy/cgsh_order_operate.html HTTP/1.1" 200 12
120.253.135.82 - - [18/Jan/2023:10:29:29 +0800] "POST /xingrg/kc/pszx/mdps_order_operate.html HTTP/1.1" 200 2278
116.238.139.35 - - [18/Jan/2023:10:29:29 +0800] "GET /xingrg/kc/buy/cgsh_order_info.html?code=212023011805681 HTTP/1.1" 200 64202
116.238.139.35 - - [18/Jan/2023:10:29:30 +0800] "POST /xingrg/kc/buy/cgsh_order_operate.html HTTP/1.1" 200 4793
116.238.139.35 - - [18/Jan/2023:10:29:31 +0800] "GET /xingrg/javascript/easyui/themes/default/validatebox.css HTTP/1.1" 404 1104
116.238.139.35 - - [18/Jan/2023:10:29:31 +0800] "GET /xingrg/kc/print/load_data.html?order_code=212023011805681&kc_code=cgsh&condition= HTTP/1.1" 200 2345
120.253.135.82 - - [18/Jan/2023:10:29:31 +0800] "POST /xingrg/all/common/load_combo.html?type=base HTTP/1.1" 200 1169
116.238.139.35 - - [18/Jan/2023:10:29:36 +0800] "GET /xingrg/kc/buy/cgsh_order_add.html HTTP/1.1" 200 69299
116.238.139.35 - - [18/Jan/2023:10:29:36 +0800] "POST /xingrg/kc/buy/cgsh_order_operate.html HTTP/1.1" 200 8245
116.238.139.35 - - [18/Jan/2023:10:29:36 +0800] "GET /xingrg/javascript/easyui/themes/default/validatebox.css HTTP/1.1" 404 1104
114.83.217.78 - - [18/Jan/2023:10:29:37 +0800] "GET /xingrg/kc/buy/cgsh_order_info.html?code=212023011805682 HTTP/1.1" 200 64692
114.83.217.78 - - [18/Jan/2023:10:29:38 +0800] "GET /xingrg/javascript/easyui/themes/default/validatebox.css HTTP/1.1" 404 1104
114.83.217.78 - - [18/Jan/2023:10:29:38 +0800] "POST /xingrg/kc/buy/cgsh_order_operate.html HTTP/1.1" 200 3579
114.83.222.182 - - [18/Jan/2023:10:29:40 +0800] "GET /xingrg/all/function/internal_message.html?_=1674009085597&CODE_STATE=getMsg HTTP/1.1" 200 27
114.83.217.78 - - [18/Jan/2023:10:29:40 +0800] "GET /xingrg/kc/print/load_data.html?order_code=212023011805682&kc_code=cgsh&condition= HTTP/1.1" 200 1861
120.253.135.82 - - [18/Jan/2023:10:29:44 +0800] "POST /xingrg/kc/pszx/mdps_order_operate.html HTTP/1.1" 200 37
120.253.135.82 - - [18/Jan/2023:10:29:44 +0800] "GET /xingrg/kc/pszx/mdps_order_info.html?code=312023011800391 HTTP/1.1" 200 23978
114.83.217.78 - - [18/Jan/2023:10:29:45 +0800] "GET /xingrg/kc/buy/cgsh_order_add.html HTTP/1.1" 200 69790
114.83.217.78 - - [18/Jan/2023:10:29:45 +0800] "POST /xingrg/kc/buy/cgsh_order_operate.html HTTP/1.1" 200 8245
116.238.139.35 - - [18/Jan/2023:10:29:45 +0800] "GET /xingrg/kc/buy/cgsh_order_operate.html?command=get_materiel&rest_code=00151&code=00101008323&supplier_code=00100008&order_time=2023-01-18 HTTP/1.1" 200 408
120.253.135.82 - - [18/Jan/2023:10:29:45 +0800] "POST /xingrg/kc/pszx/mdps_order_operate.html HTTP/1.1" 200 2278
114.83.217.78 - - [18/Jan/2023:10:29:45 +0800] "GET /xingrg/javascript/easyui/themes/default/validatebox.css HTTP/1.1" 404 1104
120.253.135.82 - - [18/Jan/2023:10:29:45 +0800] "GET /xingrg/javascript/easyui/themes/default/validatebox.css HTTP/1.1" 404 1104
101.83.145.75 - - [18/Jan/2023:10:29:46 +0800] "GET /xingrg/all/function/internal_message.html?_=1674009001603&CODE_STATE=getMsg HTTP/1.1" 200 27
120.253.135.82 - - [18/Jan/2023:10:29:47 +0800] "POST /xingrg/kc/pszx/mdps_list_operate.html HTTP/1.1" 200 4296
120.253.135.82 - - [18/Jan/2023:10:29:49 +0800] "POST /xingrg/kc/pszx/mdps_list_operate.html HTTP/1.1" 200 384
120.253.135.82 - - [18/Jan/2023:10:29:50 +0800] "GET /xingrg/kc/pszx/mdps_order_info.html?code=312023011800392 HTTP/1.1" 200 23976
120.253.135.82 - - [18/Jan/2023:10:29:51 +0800] "GET /xingrg/javascript/easyui/themes/default/validatebox.css HTTP/1.1" 404 1104
120.253.135.82 - - [18/Jan/2023:10:29:51 +0800] "POST /xingrg/kc/pszx/mdps_order_operate.html HTTP/1.1" 200 3348
116.192.124.172 - - [18/Jan/2023:10:29:51 +0800] "GET /xingrg/all/function/internal_message.html?_=1674009005764&CODE_STATE=getMsg HTTP/1.1" 200 27
222.70.177.10 - - [18/Jan/2023:10:29:53 +0800] "GET /xingrg/all/function/internal_message.html?_=1674009006098&CODE_STATE=getMsg HTTP/1.1" 200 27
120.253.135.82 - - [18/Jan/2023:10:29:56 +0800] "GET /xingrg/kc/print/load_data.html?order_code=312023011800392&kc_code=mdps&condition= HTTP/1.1" 200 1229
120.253.135.82 - - [18/Jan/2023:10:30:02 +0800] "POST /xingrg/kc/pszx/mdps_list_operate.html HTTP/1.1" 200 4296
