116.192.124.172 - - [18/Jan/2023:11:21:55 +0800] "POST /xingrg/kc/base/wldb_order_operate.html HTTP/1.1" 200 12
116.192.124.172 - - [18/Jan/2023:11:21:55 +0800] "POST /xingrg/kc/base/wldb_order_operate.html HTTP/1.1" 200 5192
116.235.93.82 - - [18/Jan/2023:11:22:00 +0800] "GET /xingrg/all/function/internal_message.html?_=1674012373012&CODE_STATE=getMsg HTTP/1.1" 200 27
124.78.158.225 - - [18/Jan/2023:11:22:03 +0800] "GET /xingrg/all/function/internal_message.html?_=1674012140262&CODE_STATE=getMsg HTTP/1.1" 200 27
116.192.124.172 - - [18/Jan/2023:11:22:04 +0800] "GET /xingrg/all/function/internal_message.html?_=1674012151982&CODE_STATE=getMsg HTTP/1.1" 200 27
124.79.72.155 - - [18/Jan/2023:11:22:05 +0800] "GET /xingrg/all/function/internal_message.html?_=1674012143892&CODE_STATE=getMsg HTTP/1.1" 200 27
114.83.217.78 - - [18/Jan/2023:11:22:10 +0800] "GET /xingrg/all/function/internal_message.html?_=1674012143164&CODE_STATE=getMsg HTTP/1.1" 200 27
116.192.124.172 - - [18/Jan/2023:11:22:11 +0800] "GET /xingrg/kc/base/wldb_order_info.html?code=422023011801163 HTTP/1.1" 200 26295
116.192.124.172 - - [18/Jan/2023:11:22:11 +0800] "GET /xingrg/javascript/easyui/themes/default/validatebox.css HTTP/1.1" 404 1104
114.83.217.78 - - [18/Jan/2023:11:22:11 +0800] "GET /xingrg/check_reg.html?_=1674012144414 HTTP/1.1" 200 22
116.192.124.172 - - [18/Jan/2023:11:22:11 +0800] "POST /xingrg/kc/base/wldb_order_operate.html HTTP/1.1" 200 3418
114.83.222.182 - - [18/Jan/2023:11:22:14 +0800] "GET /xingrg/kc/base/yddb_order_list.html HTTP/1.1" 200 16751
114.83.222.182 - - [18/Jan/2023:11:22:14 +0800] "POST /xingrg/kc/base/yddb_list_operate.html HTTP/1.1" 200 636
114.84.81.136 - - [18/Jan/2023:11:22:18 +0800] "GET /xingrg/all/function/internal_message.html?_=1674012152839&CODE_STATE=getMsg HTTP/1.1" 200 27
116.235.244.242 - - [18/Jan/2023:11:22:19 +0800] "GET /xingrg/all/function/internal_message.html?_=1674012164000&CODE_STATE=getMsg HTTP/1.1" 200 27
114.83.222.182 - - [18/Jan/2023:11:22:20 +0800] "POST /xingrg/kc/base/yddb_list_operate.html HTTP/1.1" 200 1344
116.192.124.172 - - [18/Jan/2023:11:22:20 +0800] "GET /xingrg/kc/base/wldb_order_add.html HTTP/1.1" 200 30418
116.192.124.172 - - [18/Jan/2023:11:22:20 +0800] "POST /xingrg/kc/base/wldb_order_operate.html HTTP/1.1" 200 6806
116.192.124.172 - - [18/Jan/2023:11:22:20 +0800] "GET /xingrg/javascript/easyui/themes/default/validatebox.css HTTP/1.1" 404 1104
114.83.222.182 - - [18/Jan/2023:11:22:21 +0800] "POST /xingrg/kc/base/yddb_list_operate.html HTTP/1.1" 200 220
114.83.222.182 - - [18/Jan/2023:11:22:21 +0800] "GET /xingrg/kc/base/yddb_order_info.html?code=482023011800097 HTTP/1.1" 200 30029
114.83.222.182 - - [18/Jan/2023:11:22:21 +0800] "GET /xingrg/javascript/myfunction.js HTTP/1.1" 200 24559
114.83.222.182 - - [18/Jan/2023:11:22:21 +0800] "GET /xingrg/javascript/ToolTips.js HTTP/1.1" 200 5615
114.83.222.182 - - [18/Jan/2023:11:22:21 +0800] "GET /xingrg/css/blue.css HTTP/1.1" 200 15949
114.83.222.182 - - [18/Jan/2023:11:22:21 +0800] "GET /xingrg/dwr/interface/AjaxComOrderService.js HTTP/1.1" 200 18264
116.192.124.172 - - [18/Jan/2023:11:22:21 +0800] "POST /xingrg/all/common/load_combo.html?type=base HTTP/1.1" 200 3321
114.83.222.182 - - [18/Jan/2023:11:22:21 +0800] "GET /xingrg/dwr/interface/AjaxYddbService.js HTTP/1.1" 200 13201
114.83.222.182 - - [18/Jan/2023:11:22:21 +0800] "GET /xingrg/dwr/util.js HTTP/1.1" 200 35990
114.83.222.182 - - [18/Jan/2023:11:22:21 +0800] "GET /xingrg/dwr/engine.js HTTP/1.1" 200 43631
114.83.222.182 - - [18/Jan/2023:11:22:21 +0800] "GET /xingrg/javascript/Calendar.js HTTP/1.1" 200 31561
114.83.222.182 - - [18/Jan/2023:11:22:21 +0800] "GET /xingrg/javascript/AjaxInfoList.js HTTP/1.1" 200 3774
114.83.222.182 - - [18/Jan/2023:11:22:21 +0800] "GET /xingrg/javascript/checkform.js HTTP/1.1" 200 18351
114.83.222.182 - - [18/Jan/2023:11:22:21 +0800] "GET /xingrg/javascript/Grid.js HTTP/1.1" 200 58908
114.83.222.182 - - [18/Jan/2023:11:22:21 +0800] "GET /xingrg/javascript/jquery_easy_ui/themes/icons/edit_add_new.png HTTP/1.1" 200 2997
114.83.222.182 - - [18/Jan/2023:11:22:21 +0800] "GET /xingrg/javascript/jquery_easy_ui/themes/icons/check_new.png HTTP/1.1" 200 3224
114.83.222.182 - - [18/Jan/2023:11:22:21 +0800] "GET /xingrg/javascript/jquery_easy_ui/themes/icons/print.png HTTP/1.1" 200 1057
114.83.222.182 - - [18/Jan/2023:11:22:21 +0800] "GET /xingrg/javascript/jquery_easy_ui/themes/default/images/menu_downarrow.png HTTP/1.1" 200 173
114.83.222.182 - - [18/Jan/2023:11:22:21 +0800] "GET /xingrg/javascript/jquery_easy_ui/themes/icons/back_new.png HTTP/1.1" 200 3414
114.83.222.182 - - [18/Jan/2023:11:22:22 +0800] "GET /xingrg/images/blue/wait.gif HTTP/1.1" 200 1100
114.83.222.182 - - [18/Jan/2023:11:22:22 +0800] "GET /xingrg/images/blue/kc_tab_left.gif HTTP/1.1" 200 188
114.83.222.182 - - [18/Jan/2023:11:22:22 +0800] "GET /xingrg/images/blue/kc_tab_mid.gif HTTP/1.1" 200 44
114.83.222.182 - - [18/Jan/2023:11:22:22 +0800] "GET /xingrg/images/blue/kc_tab_right.gif HTTP/1.1" 200 643
117.143.45.205 - - [18/Jan/2023:11:22:22 +0800] "GET /xingrg/all/function/internal_message.html?_=1674012150845&CODE_STATE=getMsg HTTP/1.1" 200 27
114.83.222.182 - - [18/Jan/2023:11:22:22 +0800] "POST /xingrg/dwr/call/plaincall/AjaxYddbService.loadMaterielItems.dwr HTTP/1.1" 200 447
116.192.124.172 - - [18/Jan/2023:11:22:23 +0800] "POST /xingrg/all/common/load_combo.html?type=base HTTP/1.1" 200 3321
116.192.124.172 - - [18/Jan/2023:11:22:29 +0800] "GET /xingrg/kc/base/wldb_order_operate.html?command=get_materiel&rest_code=00102&base_code=0010476&code=00101019142 HTTP/1.1" 200 464
114.83.222.182 - - [18/Jan/2023:11:22:31 +0800] "POST /xingrg/dwr/call/plaincall/AjaxYddbService.saveOrder.dwr HTTP/1.1" 200 78
116.192.124.172 - - [18/Jan/2023:11:22:33 +0800] "GET /xingrg/kc/base/wldb_order_operate.html?command=get_materiel&rest_code=00102&base_code=0010476&code=00101019438 HTTP/1.1" 200 462
117.143.45.205 - - [18/Jan/2023:11:22:34 +0800] "GET /xingrg/check_reg.html?_=1674012163263 HTTP/1.1" 200 22
116.238.139.35 - - [18/Jan/2023:11:22:37 +0800] "GET /xingrg/all/function/internal_message.html?_=1674012171714&CODE_STATE=getMsg HTTP/1.1" 200 27
116.238.139.35 - - [18/Jan/2023:11:22:37 +0800] "GET /xingrg/check_reg.html?_=1674012172225 HTTP/1.1" 200 22
116.192.124.172 - - [18/Jan/2023:11:22:39 +0800] "GET /xingrg/kc/base/wldb_order_operate.html?command=get_materiel&rest_code=00102&base_code=0010476&code=00101019306 HTTP/1.1" 200 479
58.39.104.174 - - [18/Jan/2023:11:22:43 +0800] "POST /xingrg/kc/base/yddb_list_operate.html HTTP/1.1" 200 636
58.39.104.174 - - [18/Jan/2023:11:22:46 +0800] "GET /xingrg/all/function/internal_message.html?_=1674012181126&CODE_STATE=getMsg HTTP/1.1" 200 27
58.39.104.174 - - [18/Jan/2023:11:22:46 +0800] "POST /xingrg/kc/base/yddb_list_operate.html HTTP/1.1" 200 1878
58.39.104.174 - - [18/Jan/2023:11:22:46 +0800] "GET /xingrg/check_reg.html?_=1674012181484 HTTP/1.1" 200 22
101.83.145.75 - - [18/Jan/2023:11:22:46 +0800] "GET /xingrg/all/function/internal_message.html?_=1674012181697&CODE_STATE=getMsg HTTP/1.1" 200 27
58.39.104.174 - - [18/Jan/2023:11:22:48 +0800] "POST /xingrg/kc/base/yddb_list_operate.html HTTP/1.1" 200 220
116.192.124.172 - - [18/Jan/2023:11:22:49 +0800] "GET /xingrg/kc/base/wldb_order_operate.html?command=get_materiel&rest_code=00102&base_code=0010476&code=00101019536 HTTP/1.1" 200 471
58.39.104.174 - - [18/Jan/2023:11:22:50 +0800] "POST /xingrg/kc/base/yddb_list_operate.html HTTP/1.1" 200 205
58.39.104.174 - - [18/Jan/2023:11:22:51 +0800] "POST /xingrg/kc/base/yddb_list_operate.html HTTP/1.1" 200 589
222.70.177.10 - - [18/Jan/2023:11:22:52 +0800] "GET /xingrg/all/function/internal_message.html?_=1674012185065&CODE_STATE=getMsg HTTP/1.1" 200 27
116.192.124.172 - - [18/Jan/2023:11:22:53 +0800] "GET /xingrg/all/function/internal_message.html?_=1674012188174&CODE_STATE=getMsg HTTP/1.1" 200 27
116.192.124.172 - - [18/Jan/2023:11:22:54 +0800] "GET /xingrg/kc/base/wldb_order_operate.html?command=get_materiel&rest_code=00102&base_code=0010476&code=00101019258 HTTP/1.1" 200 483
116.235.93.82 - - [18/Jan/2023:11:23:00 +0800] "GET /xingrg/check_reg.html?_=1674012433013 HTTP/1.1" 200 22
116.235.93.82 - - [18/Jan/2023:11:23:00 +0800] "GET /xingrg/all/function/internal_message.html?_=1674012433014&CODE_STATE=getMsg HTTP/1.1" 200 27
114.83.222.182 - - [18/Jan/2023:11:23:01 +0800] "GET /xingrg/javascript/jquery_easy_ui/themes/default/images/button_plain_hover.png HTTP/1.1" 200 252
124.78.158.225 - - [18/Jan/2023:11:23:03 +0800] "GET /xingrg/all/function/internal_message.html?_=1674012200246&CODE_STATE=getMsg HTTP/1.1" 200 27
116.192.124.172 - - [18/Jan/2023:11:23:04 +0800] "GET /xingrg/all/function/internal_message.html?_=1674012211980&CODE_STATE=getMsg HTTP/1.1" 200 27
124.79.72.155 - - [18/Jan/2023:11:23:05 +0800] "GET /xingrg/all/function/internal_message.html?_=1674012203892&CODE_STATE=getMsg HTTP/1.1" 200 27
58.39.104.174 - - [18/Jan/2023:11:23:06 +0800] "POST /xingrg/kc/base/yddb_list_operate.html HTTP/1.1" 200 1878
116.192.124.172 - - [18/Jan/2023:11:23:06 +0800] "GET /xingrg/kc/base/wldb_order_operate.html?command=get_materiel&rest_code=00102&base_code=0010476&code=00101019295 HTTP/1.1" 200 475
58.39.104.174 - - [18/Jan/2023:11:23:07 +0800] "POST /xingrg/kc/base/yddb_list_operate.html HTTP/1.1" 200 220
114.83.222.182 - - [18/Jan/2023:11:23:07 +0800] "POST /xingrg/dwr/call/plaincall/AjaxYddbService.objCheckOrder.dwr HTTP/1.1" 200 78
114.83.222.182 - - [18/Jan/2023:11:23:09 +0800] "GET /xingrg/kc/base/yddb_order_info.html?code=482023011800097 HTTP/1.1" 200 30150
114.83.222.182 - - [18/Jan/2023:11:23:09 +0800] "GET /xingrg/dwr/interface/AjaxComOrderService.js HTTP/1.1" 200 18264
114.83.222.182 - - [18/Jan/2023:11:23:09 +0800] "GET /xingrg/dwr/interface/AjaxYddbService.js HTTP/1.1" 200 13201
114.83.222.182 - - [18/Jan/2023:11:23:09 +0800] "GET /xingrg/dwr/engine.js HTTP/1.1" 200 43631
114.83.222.182 - - [18/Jan/2023:11:23:09 +0800] "POST /xingrg/dwr/call/plaincall/AjaxYddbService.loadMaterielItems.dwr HTTP/1.1" 200 447
114.83.217.78 - - [18/Jan/2023:11:23:10 +0800] "GET /xingrg/all/function/internal_message.html?_=1674012203154&CODE_STATE=getMsg HTTP/1.1" 200 27
58.39.104.174 - - [18/Jan/2023:11:23:10 +0800] "GET /xingrg/kc/base/base_main.html HTTP/1.1" 200 12142
116.192.124.172 - - [18/Jan/2023:11:23:11 +0800] "GET /xingrg/kc/base/wldb_order_operate.html?command=get_materiel&rest_code=00102&base_code=0010476&code=00101019187 HTTP/1.1" 200 479
114.83.222.182 - - [18/Jan/2023:11:23:13 +0800] "GET /xingrg/kc/base/yddb_order_report.html?fileType=servlets/html&code=482023011800097&reportName=ck_order_report&subName=yddb HTTP/1.1" 302 -
114.83.222.182 - - [18/Jan/2023:11:23:13 +0800] "GET /xingrg/servlets/html?sysBaseUrl=http%3A%2F%2F180.169.147.146%3A18081%2Fxingrg%2F&costTime=85×tamp=1674012193792 HTTP/1.1" 200 14783
114.83.222.182 - - [18/Jan/2023:11:23:13 +0800] "GET /xingrg/servlets/image?image=px HTTP/1.1" 200 807
114.83.222.182 - - [18/Jan/2023:11:23:13 +0800] "GET /favicon.ico HTTP/1.1" 404 -
114.84.81.136 - - [18/Jan/2023:11:23:18 +0800] "GET /xingrg/all/function/internal_message.html?_=1674012212811&CODE_STATE=getMsg HTTP/1.1" 200 27
116.235.244.242 - - [18/Jan/2023:11:23:19 +0800] "GET /xingrg/all/function/internal_message.html?_=1674012224014&CODE_STATE=getMsg HTTP/1.1" 200 27
117.143.45.205 - - [18/Jan/2023:11:23:22 +0800] "GET /xingrg/all/function/internal_message.html?_=1674012210834&CODE_STATE=getMsg HTTP/1.1" 200 27
116.238.139.35 - - [18/Jan/2023:11:23:37 +0800] "GET /xingrg/all/function/internal_message.html?_=1674012231700&CODE_STATE=getMsg HTTP/1.1" 200 27
114.83.222.182 - - [18/Jan/2023:11:23:40 +0800] "GET /xingrg/all/function/internal_message.html?_=1674012325594&CODE_STATE=getMsg HTTP/1.1" 200 27
116.192.124.172 - - [18/Jan/2023:11:23:44 +0800] "POST /xingrg/kc/base/wldb_order_operate.html HTTP/1.1" 200 37
58.39.104.174 - - [18/Jan/2023:11:23:46 +0800] "GET /xingrg/all/function/internal_message.html?_=1674012241114&CODE_STATE=getMsg HTTP/1.1" 200 27
116.192.124.172 - - [18/Jan/2023:11:23:46 +0800] "POST /xingrg/kc/base/wldb_order_operate.html HTTP/1.1" 200 12
116.192.124.172 - - [18/Jan/2023:11:23:46 +0800] "POST /xingrg/kc/base/wldb_order_operate.html HTTP/1.1" 200 6777
101.83.145.75 - - [18/Jan/2023:11:23:46 +0800] "GET /xingrg/check_reg.html?_=1674012241691 HTTP/1.1" 200 22
101.83.145.75 - - [18/Jan/2023:11:23:46 +0800] "GET /xingrg/all/function/internal_message.html?_=1674012241694&CODE_STATE=getMsg HTTP/1.1" 200 27
116.192.124.172 - - [18/Jan/2023:11:23:49 +0800] "GET /xingrg/kc/base/wldb_order_info.html?code=422023011801164 HTTP/1.1" 200 26295
116.192.124.172 - - [18/Jan/2023:11:23:50 +0800] "GET /xingrg/javascript/easyui/themes/default/validatebox.css HTTP/1.1" 404 1104
116.192.124.172 - - [18/Jan/2023:11:23:50 +0800] "POST /xingrg/kc/base/wldb_order_operate.html HTTP/1.1" 200 4970
222.70.177.10 - - [18/Jan/2023:11:23:52 +0800] "GET /xingrg/all/function/internal_message.html?_=1674012245043&CODE_STATE=getMsg HTTP/1.1" 200 27
116.192.124.172 - - [18/Jan/2023:11:23:53 +0800] "GET /xingrg/all/function/internal_message.html?_=1674012248153&CODE_STATE=getMsg HTTP/1.1" 200 27
116.192.124.172 - - [18/Jan/2023:11:23:54 +0800] "GET /xingrg/check_reg.html?_=1674012248527 HTTP/1.1" 200 22
222.70.177.10 - - [18/Jan/2023:11:23:54 +0800] "GET /xingrg/check_reg.html?_=1674012247501 HTTP/1.1" 200 22
116.235.93.82 - - [18/Jan/2023:11:24:00 +0800] "GET /xingrg/all/function/internal_message.html?_=1674012493021&CODE_STATE=getMsg HTTP/1.1" 200 27
124.78.158.225 - - [18/Jan/2023:11:24:03 +0800] "GET /xingrg/all/function/internal_message.html?_=1674012260255&CODE_STATE=getMsg HTTP/1.1" 200 27
116.192.124.172 - - [18/Jan/2023:11:24:04 +0800] "GET /xingrg/all/function/internal_message.html?_=1674012271979&CODE_STATE=getMsg HTTP/1.1" 200 27
124.79.72.155 - - [18/Jan/2023:11:24:05 +0800] "GET /xingrg/all/function/internal_message.html?_=1674012263907&CODE_STATE=getMsg HTTP/1.1" 200 27
114.83.217.78 - - [18/Jan/2023:11:24:10 +0800] "GET /xingrg/all/function/internal_message.html?_=1674012263127&CODE_STATE=getMsg HTTP/1.1" 200 27
114.84.81.136 - - [18/Jan/2023:11:24:18 +0800] "GET /xingrg/all/function/internal_message.html?_=1674012272782&CODE_STATE=getMsg HTTP/1.1" 200 27
116.235.244.242 - - [18/Jan/2023:11:24:20 +0800] "GET /xingrg/all/function/internal_message.html?_=1674012284192&CODE_STATE=getMsg HTTP/1.1" 200 27
58.39.104.174 - - [18/Jan/2023:11:24:20 +0800] "GET /xingrg/kc/base/yddb_order_list.html HTTP/1.1" 200 16749
58.39.104.174 - - [18/Jan/2023:11:24:20 +0800] "POST /xingrg/kc/base/yddb_list_operate.html HTTP/1.1" 200 636
117.143.45.205 - - [18/Jan/2023:11:24:22 +0800] "GET /xingrg/all/function/internal_message.html?_=1674012270810&CODE_STATE=getMsg HTTP/1.1" 200 27
58.39.104.174 - - [18/Jan/2023:11:24:22 +0800] "POST /xingrg/kc/base/yddb_list_operate.html HTTP/1.1" 200 1878
116.238.139.35 - - [18/Jan/2023:11:24:37 +0800] "GET /xingrg/all/function/internal_message.html?_=1674012291685&CODE_STATE=getMsg HTTP/1.1" 200 27
114.83.222.182 - - [18/Jan/2023:11:24:40 +0800] "GET /xingrg/all/function/internal_message.html?_=1674012385577&CODE_STATE=getMsg HTTP/1.1" 200 27
114.83.222.182 - - [18/Jan/2023:11:24:46 +0800] "POST /xingrg/kc/base/yddb_list_operate.html HTTP/1.1" 200 636
101.83.145.75 - - [18/Jan/2023:11:24:46 +0800] "GET /xingrg/all/function/internal_message.html?_=1674012301689&CODE_STATE=getMsg HTTP/1.1" 200 27
222.70.177.10 - - [18/Jan/2023:11:24:52 +0800] "GET /xingrg/all/function/internal_message.html?_=1674012305022&CODE_STATE=getMsg HTTP/1.1" 200 27
116.192.124.172 - - [18/Jan/2023:11:24:53 +0800] "GET /xingrg/all/function/internal_message.html?_=1674012308148&CODE_STATE=getMsg HTTP/1.1" 200 27
116.235.93.82 - - [18/Jan/2023:11:25:00 +0800] "GET /xingrg/all/function/internal_message.html?_=1674012553009&CODE_STATE=getMsg HTTP/1.1" 200 27
124.78.158.225 - - [18/Jan/2023:11:25:03 +0800] "GET /xingrg/all/function/internal_message.html?_=1674012320240&CODE_STATE=getMsg HTTP/1.1" 200 27
116.192.124.172 - - [18/Jan/2023:11:25:04 +0800] "GET /xingrg/all/function/internal_message.html?_=1674012331977&CODE_STATE=getMsg HTTP/1.1" 200 27
116.192.124.172 - - [18/Jan/2023:11:25:04 +0800] "GET /xingrg/check_reg.html?_=1674012331980 HTTP/1.1" 200 22
124.79.72.155 - - [18/Jan/2023:11:25:05 +0800] "GET /xingrg/all/function/internal_message.html?_=1674012323905&CODE_STATE=getMsg HTTP/1.1" 200 27
114.83.217.78 - - [18/Jan/2023:11:25:10 +0800] "GET /xingrg/all/function/internal_message.html?_=1674012323097&CODE_STATE=getMsg HTTP/1.1" 200 27
114.84.81.136 - - [18/Jan/2023:11:25:18 +0800] "GET /xingrg/all/function/internal_message.html?_=1674012332753&CODE_STATE=getMsg HTTP/1.1" 200 27
116.235.244.242 - - [18/Jan/2023:11:25:20 +0800] "GET /xingrg/all/function/internal_message.html?_=1674012344196&CODE_STATE=getMsg HTTP/1.1" 200 27
117.143.45.205 - - [18/Jan/2023:11:25:21 +0800] "GET /xingrg/all/function/internal_message.html?_=1674012330789&CODE_STATE=getMsg HTTP/1.1" 200 27
116.235.244.242 - - [18/Jan/2023:11:25:21 +0800] "GET /xingrg/css/site.css HTTP/1.1" 304 -
116.235.244.242 - - [18/Jan/2023:11:25:21 +0800] "GET /xingrg/kc/buy/cgsh_order_add.html HTTP/1.1" 200 69701
116.235.244.242 - - [18/Jan/2023:11:25:21 +0800] "GET /xingrg/javascript/jquery_tools/jquery.tools.min.js HTTP/1.1" 304 -
116.235.244.242 - - [18/Jan/2023:11:25:22 +0800] "GET /xingrg/javascript/jquery_tools/jquery.tools.extend.js HTTP/1.1" 304 -
116.235.244.242 - - [18/Jan/2023:11:25:22 +0800] "GET /xingrg/javascript/jquery_tools/jquery.tools.hotkey.js HTTP/1.1" 304 -
116.235.244.242 - - [18/Jan/2023:11:25:22 +0800] "GET /xingrg/javascript/easyui/easyloader.js HTTP/1.1" 304 -
116.235.244.242 - - [18/Jan/2023:11:25:22 +0800] "GET /xingrg/css/base.css HTTP/1.1" 304 -
116.235.244.242 - - [18/Jan/2023:11:25:22 +0800] "GET /xingrg/javascript/jquery_tools/jquery.tools.table.js HTTP/1.1" 304 -
116.235.244.242 - - [18/Jan/2023:11:25:22 +0800] "GET /xingrg/javascript/auto/jquery.autocomplete.js HTTP/1.1" 304 -
116.235.244.242 - - [18/Jan/2023:11:25:22 +0800] "GET /xingrg/javascript/jquery.utils.js HTTP/1.1" 304 -
116.235.244.242 - - [18/Jan/2023:11:25:22 +0800] "GET /xingrg/javascript/jquery_tools/order_manager.js HTTP/1.1" 304 -
116.235.244.242 - - [18/Jan/2023:11:25:22 +0800] "GET /xingrg/javascript/convert.js HTTP/1.1" 304 -
116.235.244.242 - - [18/Jan/2023:11:25:22 +0800] "GET /xingrg/javascript/json2.js HTTP/1.1" 304 -
116.235.244.242 - - [18/Jan/2023:11:25:22 +0800] "GET /xingrg/javascript/print/kc_print.js HTTP/1.1" 304 -
116.235.244.242 - - [18/Jan/2023:11:25:22 +0800] "GET /xingrg/javascript/jquery.cookie.js HTTP/1.1" 304 -
116.235.244.242 - - [18/Jan/2023:11:25:22 +0800] "GET /xingrg/javascript/jquery_tools/datebox.css HTTP/1.1" 304 -
116.235.244.242 - - [18/Jan/2023:11:25:22 +0800] "GET /xingrg/javascript/print/LodopFuncs.js HTTP/1.1" 304 -
116.235.244.242 - - [18/Jan/2023:11:25:22 +0800] "GET /xingrg/javascript/pic_change.js HTTP/1.1" 304 -
116.235.244.242 - - [18/Jan/2023:11:25:22 +0800] "GET /xingrg/javascript/easyui/themes/icon.css HTTP/1.1" 304 -
116.235.244.242 - - [18/Jan/2023:11:25:22 +0800] "GET /xingrg/javascript/auto/jquery.autocomplete.css HTTP/1.1" 304 -
116.235.244.242 - - [18/Jan/2023:11:25:22 +0800] "GET /xingrg/words/20230117140735_words.js HTTP/1.1" 304 -
116.235.244.242 - - [18/Jan/2023:11:25:22 +0800] "GET /xingrg/javascript/jquery_tools/table.css HTTP/1.1" 304 -
116.235.244.242 - - [18/Jan/2023:11:25:22 +0800] "GET /xingrg/javascript/jquery_tools/fix.css HTTP/1.1" 304 -
116.235.244.242 - - [18/Jan/2023:11:25:22 +0800] "GET /xingrg/javascript/easyui/themes/default/easyui.css HTTP/1.1" 304 -
116.235.244.242 - - [18/Jan/2023:11:25:22 +0800] "GET /xingrg/javascript/easyui/plugins/jquery.parser.js HTTP/1.1" 304 -
116.235.244.242 - - [18/Jan/2023:11:25:22 +0800] "POST /xingrg/kc/buy/cgsh_order_operate.html HTTP/1.1" 200 8245
116.235.244.242 - - [18/Jan/2023:11:25:22 +0800] "GET /xingrg/all/common/auto_word.html?type=employee&rest_code=00146 HTTP/1.1" 200 101
116.235.244.242 - - [18/Jan/2023:11:25:22 +0800] "GET /xingrg/all/common/auto_word.html?type=employee&rest_code=00146 HTTP/1.1" 200 101
116.235.244.242 - - [18/Jan/2023:11:25:22 +0800] "GET /xingrg/javascript/easyui/themes/default/validatebox.css HTTP/1.1" 404 1104
116.235.244.242 - - [18/Jan/2023:11:25:22 +0800] "GET /xingrg/javascript/easyui/plugins/jquery.validatebox.js HTTP/1.1" 304 -
116.235.244.242 - - [18/Jan/2023:11:25:22 +0800] "GET /xingrg/javascript/easyui/plugins/jquery.numberbox.js HTTP/1.1" 304 -
116.238.139.35 - - [18/Jan/2023:11:25:37 +0800] "GET /xingrg/all/function/internal_message.html?_=1674012351656&CODE_STATE=getMsg HTTP/1.1" 200 27
114.84.81.136 - - [18/Jan/2023:11:25:40 +0800] "GET /xingrg/check_reg.html?_=1674012354709 HTTP/1.1" 200 22
114.83.222.182 - - [18/Jan/2023:11:25:40 +0800] "GET /xingrg/all/function/internal_message.html?_=1674012445558&CODE_STATE=getMsg HTTP/1.1" 200 27
101.83.145.75 - - [18/Jan/2023:11:25:46 +0800] "GET /xingrg/all/function/internal_message.html?_=1674012361689&CODE_STATE=getMsg HTTP/1.1" 200 27
222.70.177.10 - - [18/Jan/2023:11:25:52 +0800] "GET /xingrg/all/function/internal_message.html?_=1674012365007&CODE_STATE=getMsg HTTP/1.1" 200 27
116.192.124.172 - - [18/Jan/2023:11:25:53 +0800] "GET /xingrg/all/function/internal_message.html?_=1674012368120&CODE_STATE=getMsg HTTP/1.1" 200 27
58.221.95.50 - - [18/Jan/2023:11:25:59 +0800] "GET /xingrg/check_reg.html?_=1674012373946 HTTP/1.1" 302 -
116.235.93.82 - - [18/Jan/2023:11:26:00 +0800] "GET /xingrg/all/function/internal_message.html?_=1674012613011&CODE_STATE=getMsg HTTP/1.1" 200 27
124.78.158.225 - - [18/Jan/2023:11:26:03 +0800] "GET /xingrg/all/function/internal_message.html?_=1674012380225&CODE_STATE=getMsg HTTP/1.1" 200 27
124.78.158.225 - - [18/Jan/2023:11:26:03 +0800] "GET /xingrg/check_reg.html?_=1674012380758 HTTP/1.1" 200 22
116.192.124.172 - - [18/Jan/2023:11:26:04 +0800] "GET /xingrg/all/function/internal_message.html?_=1674012391975&CODE_STATE=getMsg HTTP/1.1" 200 27
124.79.72.155 - - [18/Jan/2023:11:26:05 +0800] "GET /xingrg/check_reg.html?_=1674012383904 HTTP/1.1" 200 22
124.79.72.155 - - [18/Jan/2023:11:26:05 +0800] "GET /xingrg/all/function/internal_message.html?_=1674012383905&CODE_STATE=getMsg HTTP/1.1" 200 27
114.83.217.78 - - [18/Jan/2023:11:26:10 +0800] "GET /xingrg/all/function/internal_message.html?_=1674012383066&CODE_STATE=getMsg HTTP/1.1" 200 27
114.84.81.136 - - [18/Jan/2023:11:26:18 +0800] "GET /xingrg/all/function/internal_message.html?_=1674012392731&CODE_STATE=getMsg HTTP/1.1" 200 27
116.235.244.242 - - [18/Jan/2023:11:26:20 +0800] "GET /xingrg/all/function/internal_message.html?_=1674012404211&CODE_STATE=getMsg HTTP/1.1" 200 27
116.235.244.242 - - [18/Jan/2023:11:26:21 +0800] "GET /xingrg/check_reg.html?_=1674012405083 HTTP/1.1" 200 22
117.143.45.205 - - [18/Jan/2023:11:26:21 +0800] "GET /xingrg/all/function/internal_message.html?_=1674012390772&CODE_STATE=getMsg HTTP/1.1" 200 27
116.235.244.242 - - [18/Jan/2023:11:26:25 +0800] "GET /xingrg/kc/buy/cgsh_order_operate.html?command=get_materiel&rest_code=00146&code=00101008115&supplier_code=00100005&order_time=2023-01-18 HTTP/1.1" 200 412
222.70.177.10 - - [18/Jan/2023:11:26:35 +0800] "GET /xingrg/kc/buy/cgsh_order_add.html HTTP/1.1" 200 69657
222.70.177.10 - - [18/Jan/2023:11:26:36 +0800] "POST /xingrg/kc/buy/cgsh_order_operate.html HTTP/1.1" 200 8245
222.70.177.10 - - [18/Jan/2023:11:26:36 +0800] "GET /xingrg/javascript/easyui/themes/default/validatebox.css HTTP/1.1" 404 1104
116.238.139.35 - - [18/Jan/2023:11:26:37 +0800] "GET /xingrg/all/function/internal_message.html?_=1674012411645&CODE_STATE=getMsg HTTP/1.1" 200 27
222.70.177.10 - - [18/Jan/2023:11:26:38 +0800] "GET /xingrg/javascript/jquery_tools/images/next.gif HTTP/1.1" 404 1086
222.70.177.10 - - [18/Jan/2023:11:26:38 +0800] "GET /xingrg/javascript/jquery_tools/images/prev.gif HTTP/1.1" 404 1086
114.83.222.182 - - [18/Jan/2023:11:26:40 +0800] "GET /xingrg/all/function/internal_message.html?_=1674012505558&CODE_STATE=getMsg HTTP/1.1" 200 27
222.70.177.10 - - [18/Jan/2023:11:26:45 +0800] "GET /xingrg/kc/buy/cgsh_order_operate.html?command=get_materiel&rest_code=00111&code=00101018019&supplier_code=00100042&order_time=2023-01-18 HTTP/1.1" 200 421
101.83.145.75 - - [18/Jan/2023:11:26:46 +0800] "GET /xingrg/all/function/internal_message.html?_=1674012421693&CODE_STATE=getMsg HTTP/1.1" 200 27
116.235.244.242 - - [18/Jan/2023:11:26:47 +0800] "GET /xingrg/kc/buy/cgsh_order_operate.html?command=get_materiel&rest_code=00146&code=00101016122&supplier_code=00100005&order_time=2023-01-18 HTTP/1.1" 200 409
222.70.177.10 - - [18/Jan/2023:11:26:51 +0800] "GET /xingrg/all/function/internal_message.html?_=1674012424997&CODE_STATE=getMsg HTTP/1.1" 200 27
116.192.124.172 - - [18/Jan/2023:11:26:53 +0800] "GET /xingrg/all/function/internal_message.html?_=1674012428093&CODE_STATE=getMsg HTTP/1.1" 200 27
116.235.244.242 - - [18/Jan/2023:11:27:00 +0800] "GET /xingrg/kc/buy/cgsh_order_operate.html?command=get_materiel&rest_code=00146&code=00101008176&supplier_code=00100005&order_time=2023-01-18 HTTP/1.1" 200 413
116.235.93.82 - - [18/Jan/2023:11:27:00 +0800] "GET /xingrg/all/function/internal_message.html?_=1674012673013&CODE_STATE=getMsg HTTP/1.1" 200 27
124.78.158.225 - - [18/Jan/2023:11:27:03 +0800] "GET /xingrg/all/function/internal_message.html?_=1674012440197&CODE_STATE=getMsg HTTP/1.1" 200 27
222.70.177.10 - - [18/Jan/2023:11:27:04 +0800] "GET /xingrg/kc/buy/cgsh_order_operate.html?command=get_materiel&rest_code=00111&code=00101005037&supplier_code=00100042&order_time=2023-01-18 HTTP/1.1" 200 428
116.192.124.172 - - [18/Jan/2023:11:27:04 +0800] "GET /xingrg/all/function/internal_message.html?_=1674012451989&CODE_STATE=getMsg HTTP/1.1" 200 27
124.79.72.155 - - [18/Jan/2023:11:27:05 +0800] "GET /xingrg/all/function/internal_message.html?_=1674012443902&CODE_STATE=getMsg HTTP/1.1" 200 27
114.83.217.78 - - [18/Jan/2023:11:27:10 +0800] "GET /xingrg/all/function/internal_message.html?_=1674012443064&CODE_STATE=getMsg HTTP/1.1" 200 27
116.235.244.242 - - [18/Jan/2023:11:27:10 +0800] "GET /xingrg/kc/buy/cgsh_order_operate.html?command=get_materiel&rest_code=00146&code=00101008126&supplier_code=00100005&order_time=2023-01-18 HTTP/1.1" 200 412
114.83.217.78 - - [18/Jan/2023:11:27:11 +0800] "GET /xingrg/check_reg.html?_=1674012444441 HTTP/1.1" 200 22
222.70.177.10 - - [18/Jan/2023:11:27:18 +0800] "GET /xingrg/kc/buy/cgsh_order_operate.html?command=get_materiel&rest_code=00111&code=00101005036&supplier_code=00100042&order_time=2023-01-18 HTTP/1.1" 200 409
114.84.81.136 - - [18/Jan/2023:11:27:18 +0800] "GET /xingrg/all/function/internal_message.html?_=1674012452701&CODE_STATE=getMsg HTTP/1.1" 200 27
116.235.244.242 - - [18/Jan/2023:11:27:20 +0800] "GET /xingrg/all/function/internal_message.html?_=1674012464224&CODE_STATE=getMsg HTTP/1.1" 200 27
117.143.45.205 - - [18/Jan/2023:11:27:21 +0800] "GET /xingrg/all/function/internal_message.html?_=1674012450749&CODE_STATE=getMsg HTTP/1.1" 200 27
116.235.244.242 - - [18/Jan/2023:11:27:22 +0800] "GET /xingrg/kc/buy/cgsh_order_operate.html?command=get_materiel&rest_code=00146&code=00101008261&supplier_code=00100005&order_time=2023-01-18 HTTP/1.1" 200 408
116.235.244.242 - - [18/Jan/2023:11:27:33 +0800] "GET /xingrg/kc/buy/cgsh_order_operate.html?command=get_materiel&rest_code=00146&code=00101008321&supplier_code=00100005&order_time=2023-01-18 HTTP/1.1" 200 412
117.143.45.205 - - [18/Jan/2023:11:27:34 +0800] "GET /xingrg/check_reg.html?_=1674012463247 HTTP/1.1" 200 22
116.238.139.35 - - [18/Jan/2023:11:27:37 +0800] "GET /xingrg/all/function/internal_message.html?_=1674012471626&CODE_STATE=getMsg HTTP/1.1" 200 27
116.238.139.35 - - [18/Jan/2023:11:27:37 +0800] "GET /xingrg/check_reg.html?_=1674012472239 HTTP/1.1" 200 22
114.83.222.182 - - [18/Jan/2023:11:27:40 +0800] "GET /xingrg/all/function/internal_message.html?_=1674012565546&CODE_STATE=getMsg HTTP/1.1" 200 27
114.83.222.182 - - [18/Jan/2023:11:27:40 +0800] "GET /xingrg/check_reg.html?_=1674012565624 HTTP/1.1" 200 22
116.235.244.242 - - [18/Jan/2023:11:27:46 +0800] "GET /xingrg/kc/buy/cgsh_order_operate.html?command=get_materiel&rest_code=00146&code=00101008027&supplier_code=00100005&order_time=2023-01-18 HTTP/1.1" 200 408
101.83.145.75 - - [18/Jan/2023:11:27:46 +0800] "GET /xingrg/all/function/internal_message.html?_=1674012481690&CODE_STATE=getMsg HTTP/1.1" 200 27
222.70.177.10 - - [18/Jan/2023:11:27:51 +0800] "GET /xingrg/all/function/internal_message.html?_=1674012484968&CODE_STATE=getMsg HTTP/1.1" 200 27
116.192.124.172 - - [18/Jan/2023:11:27:53 +0800] "GET /xingrg/all/function/internal_message.html?_=1674012488069&CODE_STATE=getMsg HTTP/1.1" 200 27
116.235.244.242 - - [18/Jan/2023:11:28:00 +0800] "GET /xingrg/kc/buy/cgsh_order_operate.html?command=get_materiel&rest_code=00146&code=00101008350&supplier_code=00100005&order_time=2023-01-18 HTTP/1.1" 200 424
116.235.93.82 - - [18/Jan/2023:11:28:00 +0800] "GET /xingrg/all/function/internal_message.html?_=1674012733020&CODE_STATE=getMsg HTTP/1.1" 200 27
116.235.93.82 - - [18/Jan/2023:11:28:00 +0800] "GET /xingrg/check_reg.html?_=1674012733018 HTTP/1.1" 200 22
124.78.158.225 - - [18/Jan/2023:11:28:03 +0800] "GET /xingrg/all/function/internal_message.html?_=1674012500182&CODE_STATE=getMsg HTTP/1.1" 200 27
116.192.124.172 - - [18/Jan/2023:11:28:04 +0800] "GET /xingrg/all/function/internal_message.html?_=1674012511987&CODE_STATE=getMsg HTTP/1.1" 200 27
124.79.72.155 - - [18/Jan/2023:11:28:05 +0800] "GET /xingrg/all/function/internal_message.html?_=1674012503901&CODE_STATE=getMsg HTTP/1.1" 200 27
114.83.217.78 - - [18/Jan/2023:11:28:10 +0800] "GET /xingrg/all/function/internal_message.html?_=1674012503041&CODE_STATE=getMsg HTTP/1.1" 200 27
116.235.244.242 - - [18/Jan/2023:11:28:12 +0800] "GET /xingrg/kc/buy/cgsh_order_operate.html?command=get_materiel&rest_code=00146&code=00101008354&supplier_code=00100005&order_time=2023-01-18 HTTP/1.1" 200 428
114.84.81.136 - - [18/Jan/2023:11:28:18 +0800] "GET /xingrg/all/function/internal_message.html?_=1674012512673&CODE_STATE=getMsg HTTP/1.1" 200 27
116.235.244.242 - - [18/Jan/2023:11:28:20 +0800] "GET /xingrg/all/function/internal_message.html?_=1674012524296&CODE_STATE=getMsg HTTP/1.1" 200 27
117.143.45.205 - - [18/Jan/2023:11:28:21 +0800] "GET /xingrg/all/function/internal_message.html?_=1674012510736&CODE_STATE=getMsg HTTP/1.1" 200 27
116.235.244.242 - - [18/Jan/2023:11:28:24 +0800] "GET /xingrg/kc/buy/cgsh_order_operate.html?command=get_materiel&rest_code=00146&code=00101008290&supplier_code=00100005&order_time=2023-01-18 HTTP/1.1" 200 416
116.235.244.242 - - [18/Jan/2023:11:28:34 +0800] "GET /xingrg/kc/buy/cgsh_order_operate.html?command=get_materiel&rest_code=00146&code=00101008003&supplier_code=00100005&order_time=2023-01-18 HTTP/1.1" 200 408
116.238.139.35 - - [18/Jan/2023:11:28:37 +0800] "GET /xingrg/all/function/internal_message.html?_=1674012531603&CODE_STATE=getMsg HTTP/1.1" 200 27
114.83.222.182 - - [18/Jan/2023:11:28:40 +0800] "GET /xingrg/all/function/internal_message.html?_=1674012625523&CODE_STATE=getMsg HTTP/1.1" 200 27
101.83.145.75 - - [18/Jan/2023:11:28:46 +0800] "GET /xingrg/all/function/internal_message.html?_=1674012541687&CODE_STATE=getMsg HTTP/1.1" 200 27
101.83.145.75 - - [18/Jan/2023:11:28:46 +0800] "GET /xingrg/check_reg.html?_=1674012541690 HTTP/1.1" 200 22
116.235.244.242 - - [18/Jan/2023:11:28:50 +0800] "GET /xingrg/kc/buy/cgsh_order_operate.html?command=get_materiel&rest_code=00146&code=00101008264&supplier_code=00100005&order_time=2023-01-18 HTTP/1.1" 200 412
222.70.177.10 - - [18/Jan/2023:11:28:51 +0800] "GET /xingrg/all/function/internal_message.html?_=1674012544950&CODE_STATE=getMsg HTTP/1.1" 200 27
116.192.124.172 - - [18/Jan/2023:11:28:53 +0800] "GET /xingrg/all/function/internal_message.html?_=1674012548051&CODE_STATE=getMsg HTTP/1.1" 200 27
116.192.124.172 - - [18/Jan/2023:11:28:54 +0800] "GET /xingrg/check_reg.html?_=1674012548519 HTTP/1.1" 200 22
222.70.177.10 - - [18/Jan/2023:11:28:54 +0800] "GET /xingrg/check_reg.html?_=1674012547511 HTTP/1.1" 200 22
116.235.93.82 - - [18/Jan/2023:11:29:00 +0800] "GET /xingrg/all/function/internal_message.html?_=1674012793022&CODE_STATE=getMsg HTTP/1.1" 200 27
124.78.158.225 - - [18/Jan/2023:11:29:03 +0800] "GET /xingrg/all/function/internal_message.html?_=1674012560166&CODE_STATE=getMsg HTTP/1.1" 200 27
116.192.124.172 - - [18/Jan/2023:11:29:04 +0800] "GET /xingrg/all/function/internal_message.html?_=1674012571986&CODE_STATE=getMsg HTTP/1.1" 200 27
116.235.244.242 - - [18/Jan/2023:11:29:04 +0800] "GET /xingrg/kc/buy/cgsh_order_operate.html?command=get_materiel&rest_code=00146&code=00101008356&supplier_code=00100005&order_time=2023-01-18 HTTP/1.1" 200 408
124.79.72.155 - - [18/Jan/2023:11:29:05 +0800] "GET /xingrg/all/function/internal_message.html?_=1674012563899&CODE_STATE=getMsg HTTP/1.1" 200 27
114.83.217.78 - - [18/Jan/2023:11:29:10 +0800] "GET /xingrg/all/function/internal_message.html?_=1674012563016&CODE_STATE=getMsg HTTP/1.1" 200 27
114.84.81.136 - - [18/Jan/2023:11:29:18 +0800] "GET /xingrg/all/function/internal_message.html?_=1674012572644&CODE_STATE=getMsg HTTP/1.1" 200 27
116.235.244.242 - - [18/Jan/2023:11:29:19 +0800] "GET /xingrg/kc/buy/cgsh_order_operate.html?command=get_materiel&rest_code=00146&code=00101008357&supplier_code=00100005&order_time=2023-01-18 HTTP/1.1" 200 408
116.235.244.242 - - [18/Jan/2023:11:29:20 +0800] "GET /xingrg/all/function/internal_message.html?_=1674012584297&CODE_STATE=getMsg HTTP/1.1" 200 27
117.143.45.205 - - [18/Jan/2023:11:29:21 +0800] "GET /xingrg/all/function/internal_message.html?_=1674012570713&CODE_STATE=getMsg HTTP/1.1" 200 27
101.83.145.75 - - [18/Jan/2023:11:29:23 +0800] "GET /xingrg/kc/buy/cgsh_order_list.html HTTP/1.1" 200 53920
101.83.145.75 - - [18/Jan/2023:11:29:25 +0800] "POST /xingrg/kc/buy/cgsh_list_operate.html HTTP/1.1" 200 3121
101.83.145.75 - - [18/Jan/2023:11:29:27 +0800] "POST /xingrg/kc/buy/cgsh_list_operate.html HTTP/1.1" 200 578
101.83.145.75 - - [18/Jan/2023:11:29:28 +0800] "GET /xingrg/kc/buy/cgsh_order_info.html?code=212023011805698 HTTP/1.1" 200 69787
101.83.145.75 - - [18/Jan/2023:11:29:28 +0800] "GET /xingrg/javascript/easyui/themes/default/validatebox.css HTTP/1.1" 404 1104
101.83.145.75 - - [18/Jan/2023:11:29:29 +0800] "POST /xingrg/kc/buy/cgsh_order_operate.html HTTP/1.1" 200 9774
114.88.159.190 - - [18/Jan/2023:11:29:31 +0800] "GET /xingrg/login.html HTTP/1.1" 200 7641
114.88.159.190 - - [18/Jan/2023:11:29:31 +0800] "GET /favicon.ico HTTP/1.1" 404 -
101.83.145.75 - - [18/Jan/2023:11:29:32 +0800] "POST /xingrg/kc/buy/cgsh_order_operate.html HTTP/1.1" 200 2065
101.83.145.75 - - [18/Jan/2023:11:29:35 +0800] "POST /xingrg/kc/buy/cgsh_order_operate.html HTTP/1.1" 200 2065
116.238.139.35 - - [18/Jan/2023:11:29:37 +0800] "GET /xingrg/all/function/internal_message.html?_=1674012591594&CODE_STATE=getMsg HTTP/1.1" 200 27
114.83.222.182 - - [18/Jan/2023:11:29:40 +0800] "GET /xingrg/all/function/internal_message.html?_=1674012685494&CODE_STATE=getMsg HTTP/1.1" 200 27
116.235.244.242 - - [18/Jan/2023:11:29:42 +0800] "GET /xingrg/kc/buy/cgsh_order_operate.html?command=get_materiel&rest_code=00146&code=00101008286&supplier_code=00100005&order_time=2023-01-18 HTTP/1.1" 200 424
101.83.145.75 - - [18/Jan/2023:11:29:46 +0800] "GET /xingrg/kc/buy/cgsh_order_operate.html?command=get_materiel&rest_code=00105&code=00101008131&supplier_code=00100203&order_time=2023-01-18 HTTP/1.1" 200 408
101.83.145.75 - - [18/Jan/2023:11:29:46 +0800] "GET /xingrg/all/function/internal_message.html?_=1674012601706&CODE_STATE=getMsg HTTP/1.1" 200 27
222.70.177.10 - - [18/Jan/2023:11:29:51 +0800] "GET /xingrg/all/function/internal_message.html?_=1674012604928&CODE_STATE=getMsg HTTP/1.1" 200 27
116.192.124.172 - - [18/Jan/2023:11:29:53 +0800] "GET /xingrg/all/function/internal_message.html?_=1674012608050&CODE_STATE=getMsg HTTP/1.1" 200 27
116.235.244.242 - - [18/Jan/2023:11:29:59 +0800] "GET /xingrg/kc/buy/cgsh_order_operate.html?command=get_materiel&rest_code=00146&code=00101008036&supplier_code=00100005&order_time=2023-01-18 HTTP/1.1" 200 423
101.83.145.75 - - [18/Jan/2023:11:29:59 +0800] "GET /xingrg/kc/buy/cgsh_order_operate.html?command=get_materiel&rest_code=00105&code=00101008318&supplier_code=00100203&order_time=2023-01-18 HTTP/1.1" 200 408
116.235.93.82 - - [18/Jan/2023:11:30:00 +0800] "GET /xingrg/all/function/internal_message.html?_=1674012853009&CODE_STATE=getMsg HTTP/1.1" 200 27
124.78.158.225 - - [18/Jan/2023:11:30:03 +0800] "GET /xingrg/all/function/internal_message.html?_=1674012620150&CODE_STATE=getMsg HTTP/1.1" 200 27
116.192.124.172 - - [18/Jan/2023:11:30:04 +0800] "GET /xingrg/check_reg.html?_=1674012631984 HTTP/1.1" 200 22
116.192.124.172 - - [18/Jan/2023:11:30:04 +0800] "GET /xingrg/all/function/internal_message.html?_=1674012631987&CODE_STATE=getMsg HTTP/1.1" 200 27
124.79.72.155 - - [18/Jan/2023:11:30:05 +0800] "GET /xingrg/all/function/internal_message.html?_=1674012623897&CODE_STATE=getMsg HTTP/1.1" 200 27
101.83.145.75 - - [18/Jan/2023:11:30:06 +0800] "GET /xingrg/kc/buy/cgsh_order_operate.html?command=get_materiel&rest_code=00105&code=00101008352&supplier_code=00100203&order_time=2023-01-18 HTTP/1.1" 200 412
114.83.217.78 - - [18/Jan/2023:11:30:10 +0800] "GET /xingrg/all/function/internal_message.html?_=1674012622988&CODE_STATE=getMsg HTTP/1.1" 200 27
116.235.244.242 - - [18/Jan/2023:11:30:10 +0800] "GET /xingrg/kc/buy/cgsh_order_operate.html?command=get_materiel&rest_code=00146&code=00101008131&supplier_code=00100005&order_time=2023-01-18 HTTP/1.1" 200 408
101.83.145.75 - - [18/Jan/2023:11:30:13 +0800] "GET /xingrg/kc/buy/cgsh_order_operate.html?command=get_materiel&rest_code=00105&code=00101008005&supplier_code=00100203&order_time=2023-01-18 HTTP/1.1" 200 429
114.84.81.136 - - [18/Jan/2023:11:30:18 +0800] "GET /xingrg/all/function/internal_message.html?_=1674012632615&CODE_STATE=getMsg HTTP/1.1" 200 27
116.235.244.242 - - [18/Jan/2023:11:30:20 +0800] "GET /xingrg/all/function/internal_message.html?_=1674012644311&CODE_STATE=getMsg HTTP/1.1" 200 27
101.83.145.75 - - [18/Jan/2023:11:30:21 +0800] "GET /xingrg/kc/buy/cgsh_order_operate.html?command=get_materiel&rest_code=00105&code=00101008105&supplier_code=00100203&order_time=2023-01-18 HTTP/1.1" 200 412
116.235.244.242 - - [18/Jan/2023:11:30:21 +0800] "GET /xingrg/kc/buy/cgsh_order_operate.html?command=get_materiel&rest_code=00146&code=00101008296&supplier_code=00100005&order_time=2023-01-18 HTTP/1.1" 200 432
117.143.45.205 - - [18/Jan/2023:11:30:21 +0800] "GET /xingrg/all/function/internal_message.html?_=1674012630697&CODE_STATE=getMsg HTTP/1.1" 200 27
101.83.145.75 - - [18/Jan/2023:11:30:27 +0800] "GET /xingrg/kc/buy/cgsh_order_operate.html?command=get_materiel&rest_code=00105&code=00101008119&supplier_code=00100203&order_time=2023-01-18 HTTP/1.1" 200 412
116.235.244.242 - - [18/Jan/2023:11:30:34 +0800] "GET /xingrg/kc/buy/cgsh_order_operate.html?command=get_materiel&rest_code=00146&code=00101008098&supplier_code=00100005&order_time=2023-01-18 HTTP/1.1" 200 412
101.83.145.75 - - [18/Jan/2023:11:30:34 +0800] "GET /xingrg/kc/buy/cgsh_order_operate.html?command=get_materiel&rest_code=00105&code=00101015074&supplier_code=00100203&order_time=2023-01-18 HTTP/1.1" 200 408
116.238.139.35 - - [18/Jan/2023:11:30:37 +0800] "GET /xingrg/all/function/internal_message.html?_=1674012651563&CODE_STATE=getMsg HTTP/1.1" 200 27
114.84.81.136 - - [18/Jan/2023:11:30:40 +0800] "GET /xingrg/check_reg.html?_=1674012654694 HTTP/1.1" 200 22
114.83.222.182 - - [18/Jan/2023:11:30:40 +0800] "GET /xingrg/all/function/internal_message.html?_=1674012745480&CODE_STATE=getMsg HTTP/1.1" 200 27
101.83.145.75 - - [18/Jan/2023:11:30:43 +0800] "GET /xingrg/kc/buy/cgsh_order_operate.html?command=get_materiel&rest_code=00105&code=00101020147&supplier_code=00100203&order_time=2023-01-18 HTTP/1.1" 200 427
101.83.145.75 - - [18/Jan/2023:11:30:46 +0800] "GET /xingrg/all/function/internal_message.html?_=1674012661748&CODE_STATE=getMsg HTTP/1.1" 200 27
116.235.244.242 - - [18/Jan/2023:11:30:47 +0800] "GET /xingrg/kc/buy/cgsh_order_operate.html?command=get_materiel&rest_code=00146&code=00101008353&supplier_code=00100005&order_time=2023-01-18 HTTP/1.1" 200 408
222.70.177.10 - - [18/Jan/2023:11:30:51 +0800] "GET /xingrg/all/function/internal_message.html?_=1674012664911&CODE_STATE=getMsg HTTP/1.1" 200 27
101.83.145.75 - - [18/Jan/2023:11:30:52 +0800] "GET /xingrg/kc/buy/cgsh_order_operate.html?command=get_materiel&rest_code=00105&code=00101008027&supplier_code=00100203&order_time=2023-01-18 HTTP/1.1" 200 408
116.192.124.172 - - [18/Jan/2023:11:30:53 +0800] "GET /xingrg/all/function/internal_message.html?_=1674012668047&CODE_STATE=getMsg HTTP/1.1" 200 27
116.235.244.242 - - [18/Jan/2023:11:30:55 +0800] "POST /xingrg/kc/buy/cgsh_order_operate.html HTTP/1.1" 200 2065
58.221.95.50 - - [18/Jan/2023:11:30:59 +0800] "GET /xingrg/check_reg.html?_=1674012673921 HTTP/1.1" 302 -
116.235.93.82 - - [18/Jan/2023:11:31:00 +0800] "GET /xingrg/all/function/internal_message.html?_=1674012913037&CODE_STATE=getMsg HTTP/1.1" 200 27
116.235.244.242 - - [18/Jan/2023:11:31:02 +0800] "GET /xingrg/kc/buy/cgsh_order_operate.html?command=get_materiel&rest_code=00146&code=00101008213&supplier_code=00100005&order_time=2023-01-18 HTTP/1.1" 200 412
124.78.158.225 - - [18/Jan/2023:11:31:03 +0800] "GET /xingrg/all/function/internal_message.html?_=1674012680135&CODE_STATE=getMsg HTTP/1.1" 200 27
124.78.158.225 - - [18/Jan/2023:11:31:03 +0800] "GET /xingrg/check_reg.html?_=1674012680729 HTTP/1.1" 200 22
116.192.124.172 - - [18/Jan/2023:11:31:04 +0800] "GET /xingrg/all/function/internal_message.html?_=1674012691982&CODE_STATE=getMsg HTTP/1.1" 200 27
124.79.72.155 - - [18/Jan/2023:11:31:05 +0800] "GET /xingrg/all/function/internal_message.html?_=1674012683923&CODE_STATE=getMsg HTTP/1.1" 200 27
124.79.72.155 - - [18/Jan/2023:11:31:05 +0800] "GET /xingrg/check_reg.html?_=1674012683924 HTTP/1.1" 200 22
114.83.217.78 - - [18/Jan/2023:11:31:10 +0800] "GET /xingrg/all/function/internal_message.html?_=1674012682960&CODE_STATE=getMsg HTTP/1.1" 200 27
116.235.244.242 - - [18/Jan/2023:11:31:14 +0800] "GET /xingrg/kc/buy/cgsh_order_operate.html?command=get_materiel&rest_code=00146&code=00101008225&supplier_code=00100005&order_time=2023-01-18 HTTP/1.1" 200 416
114.84.81.136 - - [18/Jan/2023:11:31:18 +0800] "GET /xingrg/all/function/internal_message.html?_=1674012692591&CODE_STATE=getMsg HTTP/1.1" 200 27
101.83.145.75 - - [18/Jan/2023:11:31:19 +0800] "GET /xingrg/kc/buy/cgsh_order_operate.html?command=get_materiel&rest_code=00105&code=00101008186&supplier_code=00100203&order_time=2023-01-18 HTTP/1.1" 200 410
116.235.244.242 - - [18/Jan/2023:11:31:20 +0800] "GET /xingrg/all/function/internal_message.html?_=1674012704324&CODE_STATE=getMsg HTTP/1.1" 200 27
116.235.244.242 - - [18/Jan/2023:11:31:21 +0800] "GET /xingrg/check_reg.html?_=1674012705091 HTTP/1.1" 200 22
117.143.45.205 - - [18/Jan/2023:11:31:21 +0800] "GET /xingrg/all/function/internal_message.html?_=1674012690674&CODE_STATE=getMsg HTTP/1.1" 200 27
116.235.244.242 - - [18/Jan/2023:11:31:30 +0800] "GET /xingrg/kc/buy/cgsh_order_operate.html?command=get_materiel&rest_code=00146&code=00101008558&supplier_code=00100005&order_time=2023-01-18 HTTP/1.1" 200 409
114.88.159.190 - - [18/Jan/2023:11:31:35 +0800] "POST /xingrg/login.do HTTP/1.1" 302 -
114.88.159.190 - - [18/Jan/2023:11:31:35 +0800] "GET /xingrg/index.html?sysBaseUrl=http%3A%2F%2F180.169.147.146%3A18081%2Fxingrg%2F&costTime=44×tamp=1674012694945 HTTP/1.1" 200 17179
114.88.159.190 - - [18/Jan/2023:11:31:35 +0800] "POST /xingrg/all/common/load_tree.html?tree=area_rest_tree_json&manage=1 HTTP/1.1" 200 351
114.88.159.190 - - [18/Jan/2023:11:31:35 +0800] "GET /favicon.ico HTTP/1.1" 404 -
114.88.159.190 - - [18/Jan/2023:11:31:35 +0800] "POST /xingrg/load_menu.html HTTP/1.1" 200 5138
114.88.159.190 - - [18/Jan/2023:11:31:35 +0800] "GET /xingrg/all/function/internal_message.html?_=1674012288696&CODE_STATE=count HTTP/1.1" 200 11
114.88.159.190 - - [18/Jan/2023:11:31:35 +0800] "GET /xingrg/check_reg.html?_=1674012288696 HTTP/1.1" 200 22
116.238.139.35 - - [18/Jan/2023:11:31:37 +0800] "GET /xingrg/all/function/internal_message.html?_=1674012711551&CODE_STATE=getMsg HTTP/1.1" 200 27
114.83.222.182 - - [18/Jan/2023:11:31:40 +0800] "GET /xingrg/all/function/internal_message.html?_=1674012805455&CODE_STATE=getMsg HTTP/1.1" 200 27
114.88.159.190 - - [18/Jan/2023:11:31:43 +0800] "GET /xingrg/kc/buy/buy_main.html HTTP/1.1" 200 12412
114.88.159.190 - - [18/Jan/2023:11:31:43 +0800] "GET /xingrg/css/new_ie.css HTTP/1.1" 404 1036
114.88.159.190 - - [18/Jan/2023:11:31:43 +0800] "GET /xingrg/images/yd/bt.gif HTTP/1.1" 404 1040
114.88.159.190 - - [18/Jan/2023:11:31:45 +0800] "GET /xingrg/kc/buy/cgsh_order_list.html HTTP/1.1" 200 53926
101.83.145.75 - - [18/Jan/2023:11:31:46 +0800] "GET /xingrg/all/function/internal_message.html?_=1674012721705&CODE_STATE=getMsg HTTP/1.1" 200 27
114.88.159.190 - - [18/Jan/2023:11:31:47 +0800] "POST /xingrg/kc/buy/cgsh_list_operate.html HTTP/1.1" 200 986
116.235.244.242 - - [18/Jan/2023:11:31:47 +0800] "GET /xingrg/kc/buy/cgsh_order_operate.html?command=get_materiel&rest_code=00146&code=00101008055&supplier_code=00100005&order_time=2023-01-18 HTTP/1.1" 200 409
101.83.145.75 - - [18/Jan/2023:11:31:51 +0800] "GET /xingrg/kc/buy/cgsh_order_operate.html?command=get_materiel&rest_code=00105&code=00101008038&supplier_code=00100203&order_time=2023-01-18 HTTP/1.1" 200 412
222.70.177.10 - - [18/Jan/2023:11:31:51 +0800] "GET /xingrg/all/function/internal_message.html?_=1674012724880&CODE_STATE=getMsg HTTP/1.1" 200 27
116.192.124.172 - - [18/Jan/2023:11:31:53 +0800] "GET /xingrg/all/function/internal_message.html?_=1674012728042&CODE_STATE=getMsg HTTP/1.1" 200 27
116.235.93.82 - - [18/Jan/2023:11:32:00 +0800] "GET /xingrg/all/function/internal_message.html?_=1674012973037&CODE_STATE=getMsg HTTP/1.1" 200 27
101.83.145.75 - - [18/Jan/2023:11:32:02 +0800] "GET /xingrg/kc/buy/cgsh_order_operate.html?command=get_materiel&rest_code=00105&code=00101008118&supplier_code=00100203&order_time=2023-01-18 HTTP/1.1" 200 418
124.78.158.225 - - [18/Jan/2023:11:32:03 +0800] "GET /xingrg/all/function/internal_message.html?_=1674012740106&CODE_STATE=getMsg HTTP/1.1" 200 27
116.235.244.242 - - [18/Jan/2023:11:32:03 +0800] "POST /xingrg/kc/buy/cgsh_order_operate.html HTTP/1.1" 200 2065
116.192.124.172 - - [18/Jan/2023:11:32:04 +0800] "GET /xingrg/all/function/internal_message.html?_=1674012751981&CODE_STATE=getMsg HTTP/1.1" 200 27
124.79.72.155 - - [18/Jan/2023:11:32:05 +0800] "GET /xingrg/all/function/internal_message.html?_=1674012743922&CODE_STATE=getMsg HTTP/1.1" 200 27
114.83.217.78 - - [18/Jan/2023:11:32:10 +0800] "GET /xingrg/all/function/internal_message.html?_=1674012742944&CODE_STATE=getMsg HTTP/1.1" 200 27
114.83.217.78 - - [18/Jan/2023:11:32:11 +0800] "GET /xingrg/check_reg.html?_=1674012744445 HTTP/1.1" 200 22
101.83.145.75 - - [18/Jan/2023:11:32:11 +0800] "GET /xingrg/kc/buy/cgsh_order_operate.html?command=get_materiel&rest_code=00105&code=00101008233&supplier_code=00100203&order_time=2023-01-18 HTTP/1.1" 200 408
116.235.244.242 - - [18/Jan/2023:11:32:17 +0800] "GET /xingrg/kc/buy/cgsh_order_operate.html?command=get_materiel&rest_code=00146&code=00101008148&supplier_code=00100005&order_time=2023-01-18 HTTP/1.1" 200 416
114.84.81.136 - - [18/Jan/2023:11:32:18 +0800] "GET /xingrg/all/function/internal_message.html?_=1674012752562&CODE_STATE=getMsg HTTP/1.1" 200 27
101.83.145.75 - - [18/Jan/2023:11:32:19 +0800] "GET /xingrg/kc/buy/cgsh_order_operate.html?command=get_materiel&rest_code=00105&code=00101008323&supplier_code=00100203&order_time=2023-01-18 HTTP/1.1" 200 408
116.235.244.242 - - [18/Jan/2023:11:32:20 +0800] "GET /xingrg/all/function/internal_message.html?_=1674012764338&CODE_STATE=getMsg HTTP/1.1" 200 27
116.238.139.35 - - [18/Jan/2023:11:32:20 +0800] "GET /xingrg/kc/mdqp/qqps_order_list.html HTTP/1.1" 200 9222
116.238.139.35 - - [18/Jan/2023:11:32:20 +0800] "GET /xingrg/dwr/util.js HTTP/1.1" 304 -
116.238.139.35 - - [18/Jan/2023:11:32:20 +0800] "GET /xingrg/dwr/interface/AjaxQqpsService.js HTTP/1.1" 200 16326
116.238.139.35 - - [18/Jan/2023:11:32:20 +0800] "GET /xingrg/dwr/interface/AjaxReportQueryService.js HTTP/1.1" 200 13203
116.238.139.35 - - [18/Jan/2023:11:32:20 +0800] "GET /xingrg/dwr/engine.js HTTP/1.1" 200 43631
116.238.139.35 - - [18/Jan/2023:11:32:21 +0800] "GET /xingrg/kc/mdqp/qqps_order_add.html HTTP/1.1" 200 28160
116.238.139.35 - - [18/Jan/2023:11:32:21 +0800] "GET /xingrg/dwr/interface/AjaxComOrderService.js HTTP/1.1" 200 18264
116.238.139.35 - - [18/Jan/2023:11:32:21 +0800] "GET /xingrg/dwr/interface/AjaxQqpsService.js HTTP/1.1" 200 16326
116.238.139.35 - - [18/Jan/2023:11:32:21 +0800] "GET /xingrg/dwr/engine.js HTTP/1.1" 200 43631
117.143.45.205 - - [18/Jan/2023:11:32:21 +0800] "GET /xingrg/all/function/internal_message.html?_=1674012750658&CODE_STATE=getMsg HTTP/1.1" 200 27
116.238.139.35 - - [18/Jan/2023:11:32:21 +0800] "GET /xingrg/words/20230117140735_words.js HTTP/1.1" 304 -
116.238.139.35 - - [18/Jan/2023:11:32:31 +0800] "POST /xingrg/dwr/call/plaincall/AjaxQqpsService.saveOrder.dwr HTTP/1.1" 200 78
117.143.45.205 - - [18/Jan/2023:11:32:34 +0800] "GET /xingrg/check_reg.html?_=1674012763239 HTTP/1.1" 200 22
114.88.159.190 - - [18/Jan/2023:11:32:35 +0800] "GET /xingrg/all/function/internal_message.html?_=1674012348711&CODE_STATE=getMsg HTTP/1.1" 200 27
101.83.145.75 - - [18/Jan/2023:11:32:36 +0800] "GET /xingrg/kc/buy/cgsh_order_operate.html?command=get_materiel&rest_code=00105&code=00101008223&supplier_code=00100203&order_time=2023-01-18 HTTP/1.1" 200 412
116.238.139.35 - - [18/Jan/2023:11:32:37 +0800] "GET /xingrg/all/function/internal_message.html?_=1674012771527&CODE_STATE=getMsg HTTP/1.1" 200 27
