116.238.139.35 - - [18/Jan/2023:09:38:56 +0800] "POST /xingrg/kc/mdqp/pssh_order_operate.html HTTP/1.1" 200 12
116.238.139.35 - - [18/Jan/2023:09:38:57 +0800] "GET /xingrg/kc/mdqp/pssh_order_info.html?code=312023011700379 HTTP/1.1" 200 14392
116.238.139.35 - - [18/Jan/2023:09:38:57 +0800] "GET /xingrg/javascript/jquery_tools/jquery-1.4.2.min.js HTTP/1.1" 404 1094
116.238.139.35 - - [18/Jan/2023:09:38:58 +0800] "POST /xingrg/kc/mdqp/pssh_order_operate.html HTTP/1.1" 200 15103
116.238.139.35 - - [18/Jan/2023:09:38:58 +0800] "GET /xingrg/javascript/easyui/themes/default/validatebox.css HTTP/1.1" 404 1104
114.83.222.182 - - [18/Jan/2023:09:38:58 +0800] "GET /xingrg/kc/buy/cgsh_order_operate.html?command=get_materiel&rest_code=00154&code=00101007125&supplier_code=00100151&order_time=2023-01-14 HTTP/1.1" 200 406
116.238.139.35 - - [18/Jan/2023:09:38:59 +0800] "GET /xingrg/kc/print/load_data.html?order_code=312023011700379&kc_code=pssh&condition= HTTP/1.1" 200 5871
124.78.158.225 - - [18/Jan/2023:09:39:03 +0800] "GET /xingrg/all/function/internal_message.html?_=1674005960656&CODE_STATE=getMsg HTTP/1.1" 200 27
116.238.139.35 - - [18/Jan/2023:09:39:04 +0800] "GET /xingrg/kc/mdqp/pssh_order_list.html?isBack=1 HTTP/1.1" 200 17885
116.238.139.35 - - [18/Jan/2023:09:39:05 +0800] "POST /xingrg/kc/mdqp/pssh_list_operate.html HTTP/1.1" 200 5377
116.192.124.172 - - [18/Jan/2023:09:39:05 +0800] "GET /xingrg/all/function/internal_message.html?_=1674005971931&CODE_STATE=getMsg HTTP/1.1" 200 27
116.238.139.35 - - [18/Jan/2023:09:39:05 +0800] "POST /xingrg/kc/mdqp/pssh_list_operate.html HTTP/1.1" 200 257
116.238.139.35 - - [18/Jan/2023:09:39:07 +0800] "POST /xingrg/kc/mdqp/pssh_list_operate.html HTTP/1.1" 200 2255
116.238.139.35 - - [18/Jan/2023:09:39:07 +0800] "GET /xingrg/kc/mdqp/pssh_order_info.html?code=312023011800395 HTTP/1.1" 200 17272
116.238.139.35 - - [18/Jan/2023:09:39:07 +0800] "GET /xingrg/javascript/jquery_tools/jquery-1.4.2.min.js HTTP/1.1" 404 1094
116.238.139.35 - - [18/Jan/2023:09:39:07 +0800] "POST /xingrg/kc/mdqp/pssh_order_operate.html HTTP/1.1" 200 532
116.238.139.35 - - [18/Jan/2023:09:39:07 +0800] "GET /xingrg/javascript/easyui/themes/default/validatebox.css HTTP/1.1" 404 1104
116.238.139.35 - - [18/Jan/2023:09:39:11 +0800] "POST /xingrg/all/common/load_combo.html?type=employee HTTP/1.1" 200 280
114.83.217.78 - - [18/Jan/2023:09:39:11 +0800] "GET /xingrg/all/function/internal_message.html?_=1674005964053&CODE_STATE=getMsg HTTP/1.1" 200 27
116.235.244.242 - - [18/Jan/2023:09:39:12 +0800] "GET /xingrg/all/function/internal_message.html?_=1674005976723&CODE_STATE=getMsg HTTP/1.1" 200 27
116.230.105.139 - - [18/Jan/2023:09:39:13 +0800] "POST /xingrg/services/DataTransmitService HTTP/1.1" 200 524
116.238.139.35 - - [18/Jan/2023:09:39:13 +0800] "POST /xingrg/kc/mdqp/pssh_order_operate.html HTTP/1.1" 200 37
116.238.139.35 - - [18/Jan/2023:09:39:14 +0800] "POST /xingrg/kc/mdqp/pssh_order_operate.html HTTP/1.1" 200 12
116.238.139.35 - - [18/Jan/2023:09:39:15 +0800] "GET /xingrg/kc/mdqp/pssh_order_info.html?code=312023011800395 HTTP/1.1" 200 14390
116.238.139.35 - - [18/Jan/2023:09:39:15 +0800] "GET /xingrg/javascript/jquery_tools/jquery-1.4.2.min.js HTTP/1.1" 404 1094
116.238.139.35 - - [18/Jan/2023:09:39:15 +0800] "POST /xingrg/kc/mdqp/pssh_order_operate.html HTTP/1.1" 200 532
116.238.139.35 - - [18/Jan/2023:09:39:15 +0800] "GET /xingrg/javascript/easyui/themes/default/validatebox.css HTTP/1.1" 404 1104
116.238.139.35 - - [18/Jan/2023:09:39:16 +0800] "GET /xingrg/kc/print/load_data.html?order_code=312023011800395&kc_code=pssh&condition= HTTP/1.1" 200 666
114.84.81.136 - - [18/Jan/2023:09:39:21 +0800] "GET /xingrg/all/function/internal_message.html?_=1674005975417&CODE_STATE=getMsg HTTP/1.1" 200 27
116.238.139.35 - - [18/Jan/2023:09:39:21 +0800] "GET /xingrg/kc/mdqp/pssh_order_list.html?isBack=1 HTTP/1.1" 200 17885
116.238.139.35 - - [18/Jan/2023:09:39:21 +0800] "POST /xingrg/kc/mdqp/pssh_list_operate.html HTTP/1.1" 200 5411
114.83.217.78 - - [18/Jan/2023:09:39:23 +0800] "GET /xingrg/kc/buy/cgsh_order_operate.html?command=get_materiel&rest_code=00149&code=00102023014&supplier_code=00100008&order_time=2023-01-18 HTTP/1.1" 200 415
120.253.135.82 - - [18/Jan/2023:09:39:23 +0800] "POST /xingrg/kc/pszx/mdps_order_operate.html HTTP/1.1" 200 37
117.143.45.205 - - [18/Jan/2023:09:39:23 +0800] "GET /xingrg/all/function/internal_message.html?_=1674005972759&CODE_STATE=getMsg HTTP/1.1" 200 27
116.238.139.35 - - [18/Jan/2023:09:39:24 +0800] "POST /xingrg/kc/mdqp/pssh_list_operate.html HTTP/1.1" 200 263
120.253.135.82 - - [18/Jan/2023:09:39:24 +0800] "GET /xingrg/kc/pszx/mdps_order_info.html?code=312023011800394 HTTP/1.1" 200 23978
120.253.135.82 - - [18/Jan/2023:09:39:25 +0800] "GET /xingrg/javascript/easyui/themes/default/validatebox.css HTTP/1.1" 404 1104
120.253.135.82 - - [18/Jan/2023:09:39:25 +0800] "POST /xingrg/kc/pszx/mdps_order_operate.html HTTP/1.1" 200 4756
116.238.139.35 - - [18/Jan/2023:09:39:26 +0800] "POST /xingrg/kc/mdqp/pssh_list_operate.html HTTP/1.1" 200 2255
116.238.139.35 - - [18/Jan/2023:09:39:26 +0800] "GET /xingrg/kc/mdqp/pssh_order_info.html?code=312023011300268 HTTP/1.1" 200 17272
116.238.139.35 - - [18/Jan/2023:09:39:26 +0800] "GET /xingrg/javascript/jquery_tools/jquery-1.4.2.min.js HTTP/1.1" 404 1094
120.253.135.82 - - [18/Jan/2023:09:39:26 +0800] "POST /xingrg/kc/pszx/mdps_list_operate.html HTTP/1.1" 200 2819
116.238.139.35 - - [18/Jan/2023:09:39:26 +0800] "POST /xingrg/kc/mdqp/pssh_order_operate.html HTTP/1.1" 200 533
116.238.139.35 - - [18/Jan/2023:09:39:26 +0800] "GET /xingrg/javascript/easyui/themes/default/validatebox.css HTTP/1.1" 404 1104
120.253.135.82 - - [18/Jan/2023:09:39:28 +0800] "POST /xingrg/kc/pszx/mdps_list_operate.html HTTP/1.1" 200 290
120.253.135.82 - - [18/Jan/2023:09:39:29 +0800] "GET /xingrg/kc/pszx/mdps_order_info.html?code=312023011300263 HTTP/1.1" 200 23978
114.83.222.182 - - [18/Jan/2023:09:39:29 +0800] "GET /xingrg/kc/buy/cgsh_order_operate.html?command=get_materiel&rest_code=00154&code=00101007062&supplier_code=00100151&order_time=2023-01-14 HTTP/1.1" 200 413
116.238.139.35 - - [18/Jan/2023:09:39:29 +0800] "POST /xingrg/all/common/load_combo.html?type=employee HTTP/1.1" 200 280
120.253.135.82 - - [18/Jan/2023:09:39:29 +0800] "GET /xingrg/javascript/easyui/themes/default/validatebox.css HTTP/1.1" 404 1104
120.253.135.82 - - [18/Jan/2023:09:39:30 +0800] "POST /xingrg/kc/pszx/mdps_order_operate.html HTTP/1.1" 200 2789
114.83.217.78 - - [18/Jan/2023:09:39:30 +0800] "GET /xingrg/kc/buy/cgsh_order_operate.html?command=get_materiel&rest_code=00149&code=00101008150&supplier_code=00100008&order_time=2023-01-18 HTTP/1.1" 200 409
120.253.135.82 - - [18/Jan/2023:09:39:31 +0800] "GET /xingrg/kc/print/load_data.html?order_code=312023011300263&kc_code=mdps&condition= HTTP/1.1" 200 933
116.238.139.35 - - [18/Jan/2023:09:39:32 +0800] "POST /xingrg/kc/mdqp/pssh_order_operate.html HTTP/1.1" 200 37
116.238.139.35 - - [18/Jan/2023:09:39:33 +0800] "POST /xingrg/kc/mdqp/pssh_order_operate.html HTTP/1.1" 200 12
120.253.135.82 - - [18/Jan/2023:09:39:33 +0800] "GET /xingrg/all/function/internal_message.html?_=1674005803211&CODE_STATE=getMsg HTTP/1.1" 200 27
116.238.139.35 - - [18/Jan/2023:09:39:33 +0800] "GET /xingrg/kc/mdqp/pssh_order_info.html?code=312023011300268 HTTP/1.1" 200 14388
116.238.139.35 - - [18/Jan/2023:09:39:33 +0800] "GET /xingrg/javascript/jquery_tools/jquery-1.4.2.min.js HTTP/1.1" 404 1094
116.238.139.35 - - [18/Jan/2023:09:39:34 +0800] "POST /xingrg/kc/mdqp/pssh_order_operate.html HTTP/1.1" 200 533
116.238.139.35 - - [18/Jan/2023:09:39:34 +0800] "GET /xingrg/javascript/easyui/themes/default/validatebox.css HTTP/1.1" 404 1104
116.238.139.35 - - [18/Jan/2023:09:39:35 +0800] "GET /xingrg/kc/print/load_data.html?order_code=312023011300268&kc_code=pssh&condition= HTTP/1.1" 200 670
116.238.139.35 - - [18/Jan/2023:09:39:39 +0800] "GET /xingrg/kc/mdqp/pssh_order_list.html?isBack=1 HTTP/1.1" 200 17885
116.238.139.35 - - [18/Jan/2023:09:39:40 +0800] "POST /xingrg/kc/mdqp/pssh_list_operate.html HTTP/1.1" 200 5442
114.83.222.182 - - [18/Jan/2023:09:39:40 +0800] "GET /xingrg/all/function/internal_message.html?_=1674006085599&CODE_STATE=getMsg HTTP/1.1" 200 27
124.78.158.225 - - [18/Jan/2023:09:39:41 +0800] "GET /xingrg/kc/buy/cgsh_order_operate.html?command=get_materiel&rest_code=00106&code=00101008038&supplier_code=00100007&order_time=2023-01-18 HTTP/1.1" 200 412
116.238.139.35 - - [18/Jan/2023:09:39:44 +0800] "POST /xingrg/kc/mdqp/pssh_list_operate.html HTTP/1.1" 200 2255
120.253.135.82 - - [18/Jan/2023:09:39:45 +0800] "POST /xingrg/kc/pszx/mdps_list_operate.html HTTP/1.1" 200 2819
101.83.145.75 - - [18/Jan/2023:09:39:46 +0800] "GET /xingrg/all/function/internal_message.html?_=1674006001525&CODE_STATE=getMsg HTTP/1.1" 200 27
120.253.135.82 - - [18/Jan/2023:09:39:46 +0800] "POST /xingrg/kc/pszx/mdps_list_operate.html HTTP/1.1" 200 445
116.238.139.35 - - [18/Jan/2023:09:39:47 +0800] "GET /xingrg/kc/mdqp/pssh_order_list.html HTTP/1.1" 200 17885
120.253.135.82 - - [18/Jan/2023:09:39:47 +0800] "GET /xingrg/kc/pszx/mdps_order_info.html?code=312023011500308 HTTP/1.1" 200 23984
116.238.139.35 - - [18/Jan/2023:09:39:47 +0800] "POST /xingrg/kc/mdqp/pssh_list_operate.html HTTP/1.1" 200 7543
120.253.135.82 - - [18/Jan/2023:09:39:48 +0800] "POST /xingrg/kc/pszx/mdps_order_operate.html HTTP/1.1" 200 3750
120.253.135.82 - - [18/Jan/2023:09:39:48 +0800] "GET /xingrg/javascript/easyui/themes/default/validatebox.css HTTP/1.1" 404 1104
120.253.135.82 - - [18/Jan/2023:09:39:50 +0800] "GET /xingrg/kc/print/load_data.html?order_code=312023011500308&kc_code=mdps&condition= HTTP/1.1" 200 1393
124.78.158.225 - - [18/Jan/2023:09:39:53 +0800] "GET /xingrg/kc/buy/cgsh_order_operate.html?command=get_materiel&rest_code=00106&code=00101008224&supplier_code=00100007&order_time=2023-01-18 HTTP/1.1" 200 431
116.238.139.35 - - [18/Jan/2023:09:39:53 +0800] "POST /xingrg/kc/mdqp/pssh_list_operate.html HTTP/1.1" 200 260
222.70.177.10 - - [18/Jan/2023:09:39:53 +0800] "GET /xingrg/all/function/internal_message.html?_=1674006006995&CODE_STATE=getMsg HTTP/1.1" 200 27
116.238.139.35 - - [18/Jan/2023:09:39:54 +0800] "GET /xingrg/all/function/internal_message.html?_=1674006008881&CODE_STATE=getMsg HTTP/1.1" 200 27
114.83.222.182 - - [18/Jan/2023:09:39:56 +0800] "GET /xingrg/kc/buy/cgsh_order_operate.html?command=get_materiel&rest_code=00154&code=00101015070&supplier_code=00100151&order_time=2023-01-14 HTTP/1.1" 200 413
120.253.135.82 - - [18/Jan/2023:09:39:56 +0800] "POST /xingrg/kc/pszx/mdps_list_operate.html HTTP/1.1" 200 2819
114.83.217.78 - - [18/Jan/2023:09:39:57 +0800] "GET /xingrg/kc/buy/cgsh_order_operate.html?command=get_materiel&rest_code=00149&code=00101008285&supplier_code=00100008&order_time=2023-01-18 HTTP/1.1" 200 428
120.253.135.82 - - [18/Jan/2023:09:39:58 +0800] "POST /xingrg/kc/pszx/mdps_list_operate.html HTTP/1.1" 200 636
120.253.135.82 - - [18/Jan/2023:09:39:59 +0800] "GET /xingrg/kc/pszx/mdps_order_info.html?code=312023011800393 HTTP/1.1" 200 23978
120.253.135.82 - - [18/Jan/2023:09:39:59 +0800] "POST /xingrg/kc/pszx/mdps_order_operate.html HTTP/1.1" 200 6932
120.253.135.82 - - [18/Jan/2023:09:39:59 +0800] "GET /xingrg/javascript/easyui/themes/default/validatebox.css HTTP/1.1" 404 1104
124.78.158.225 - - [18/Jan/2023:09:40:03 +0800] "GET /xingrg/all/function/internal_message.html?_=1674006020637&CODE_STATE=getMsg HTTP/1.1" 200 27
116.192.124.172 - - [18/Jan/2023:09:40:05 +0800] "GET /xingrg/all/function/internal_message.html?_=1674006031929&CODE_STATE=getMsg HTTP/1.1" 200 27
116.192.124.172 - - [18/Jan/2023:09:40:05 +0800] "GET /xingrg/check_reg.html?_=1674006031933 HTTP/1.1" 200 22
120.253.135.82 - - [18/Jan/2023:09:40:05 +0800] "GET /xingrg/kc/print/load_data.html?order_code=312023011800393&kc_code=mdps&condition= HTTP/1.1" 200 2904
124.78.158.225 - - [18/Jan/2023:09:40:07 +0800] "GET /xingrg/kc/buy/cgsh_order_operate.html?command=get_materiel&rest_code=00106&code=00101008370&supplier_code=00100007&order_time=2023-01-18 HTTP/1.1" 200 412
114.83.217.78 - - [18/Jan/2023:09:40:11 +0800] "GET /xingrg/all/function/internal_message.html?_=1674006024068&CODE_STATE=getMsg HTTP/1.1" 200 27
124.78.158.225 - - [18/Jan/2023:09:40:11 +0800] "POST /xingrg/kc/buy/cgsh_order_operate.html HTTP/1.1" 200 2065
120.253.135.82 - - [18/Jan/2023:09:40:11 +0800] "POST /xingrg/kc/pszx/mdps_list_operate.html HTTP/1.1" 200 2819
116.235.244.242 - - [18/Jan/2023:09:40:12 +0800] "GET /xingrg/all/function/internal_message.html?_=1674006036733&CODE_STATE=getMsg HTTP/1.1" 200 27
120.253.135.82 - - [18/Jan/2023:09:40:13 +0800] "POST /xingrg/kc/pszx/mdps_list_operate.html HTTP/1.1" 200 589
120.253.135.82 - - [18/Jan/2023:09:40:13 +0800] "GET /xingrg/kc/pszx/mdps_order_info.html?code=312023011800394 HTTP/1.1" 200 23978
120.253.135.82 - - [18/Jan/2023:09:40:14 +0800] "POST /xingrg/kc/pszx/mdps_order_operate.html HTTP/1.1" 200 4756
120.253.135.82 - - [18/Jan/2023:09:40:14 +0800] "GET /xingrg/javascript/easyui/themes/default/validatebox.css HTTP/1.1" 404 1104
120.253.135.82 - - [18/Jan/2023:09:40:17 +0800] "GET /xingrg/kc/print/load_data.html?order_code=312023011800394&kc_code=mdps&condition= HTTP/1.1" 200 1802
114.83.217.78 - - [18/Jan/2023:09:40:20 +0800] "GET /xingrg/kc/buy/cgsh_order_operate.html?command=get_materiel&rest_code=00149&code=00101008402&supplier_code=00100008&order_time=2023-01-18 HTTP/1.1" 200 410
114.83.222.182 - - [18/Jan/2023:09:40:20 +0800] "GET /xingrg/kc/buy/cgsh_order_operate.html?command=get_materiel&rest_code=00154&code=00102002035&supplier_code=00100151&order_time=2023-01-14 HTTP/1.1" 200 439
101.83.145.75 - - [18/Jan/2023:09:40:20 +0800] "GET /xingrg/kc/buy/cgsh_order_operate.html?command=get_materiel&rest_code=00105&code=00101007187&supplier_code=00100002&order_time=2023-01-18 HTTP/1.1" 200 412
114.84.81.136 - - [18/Jan/2023:09:40:21 +0800] "GET /xingrg/all/function/internal_message.html?_=1674006035388&CODE_STATE=getMsg HTTP/1.1" 200 27
120.253.135.82 - - [18/Jan/2023:09:40:22 +0800] "POST /xingrg/kc/pszx/mdps_list_operate.html HTTP/1.1" 200 2819
117.143.45.205 - - [18/Jan/2023:09:40:23 +0800] "GET /xingrg/all/function/internal_message.html?_=1674006032746&CODE_STATE=getMsg HTTP/1.1" 200 27
114.83.222.182 - - [18/Jan/2023:09:40:28 +0800] "POST /xingrg/all/common/load_select.html HTTP/1.1" 200 25
114.83.222.182 - - [18/Jan/2023:09:40:32 +0800] "GET /xingrg/kc/buy/cgsh_order_operate.html?command=get_materiel_price&rest_code=00154&code=00102002035&unit_code=00100381&supplier_code=00100151&order_time=2023-01-14 HTTP/1.1" 200 29
120.253.135.82 - - [18/Jan/2023:09:40:33 +0800] "GET /xingrg/all/function/internal_message.html?_=1674005863385&CODE_STATE=getMsg HTTP/1.1" 200 27
124.78.158.225 - - [18/Jan/2023:09:40:38 +0800] "POST /xingrg/kc/buy/cgsh_order_operate.html HTTP/1.1" 200 37
124.78.158.225 - - [18/Jan/2023:09:40:40 +0800] "POST /xingrg/kc/buy/cgsh_order_operate.html HTTP/1.1" 200 22164
114.84.81.136 - - [18/Jan/2023:09:40:40 +0800] "GET /xingrg/check_reg.html?_=1674006055127 HTTP/1.1" 200 22
114.83.222.182 - - [18/Jan/2023:09:40:41 +0800] "GET /xingrg/all/function/internal_message.html?_=1674006145646&CODE_STATE=getMsg HTTP/1.1" 200 27
101.83.145.75 - - [18/Jan/2023:09:40:42 +0800] "GET /xingrg/kc/buy/cgsh_order_operate.html?command=get_materiel&rest_code=00105&code=00101007089&supplier_code=00100002&order_time=2023-01-18 HTTP/1.1" 200 408
116.238.139.35 - - [18/Jan/2023:09:40:42 +0800] "POST /xingrg/kc/mdqp/pssh_list_operate.html HTTP/1.1" 200 260
101.83.145.75 - - [18/Jan/2023:09:40:46 +0800] "GET /xingrg/all/function/internal_message.html?_=1674006061521&CODE_STATE=getMsg HTTP/1.1" 200 27
114.83.222.182 - - [18/Jan/2023:09:40:49 +0800] "POST /xingrg/kc/buy/cgsh_order_operate.html HTTP/1.1" 200 37
222.70.177.10 - - [18/Jan/2023:09:40:51 +0800] "GET /xingrg/kc/buy/cgsh_order_operate.html?command=get_materiel&rest_code=00111&code=00101008027&supplier_code=00100005&order_time=2023-01-18 HTTP/1.1" 200 408
222.70.177.10 - - [18/Jan/2023:09:40:53 +0800] "GET /xingrg/all/function/internal_message.html?_=1674006066978&CODE_STATE=getMsg HTTP/1.1" 200 27
116.238.139.35 - - [18/Jan/2023:09:40:54 +0800] "GET /xingrg/all/function/internal_message.html?_=1674006068852&CODE_STATE=getMsg HTTP/1.1" 200 27
116.238.139.35 - - [18/Jan/2023:09:41:00 +0800] "GET /xingrg/kc/mdqp/pssh_order_info.html?code=312023011700376 HTTP/1.1" 200 17272
116.238.139.35 - - [18/Jan/2023:09:41:00 +0800] "GET /xingrg/javascript/jquery_tools/jquery-1.4.2.min.js HTTP/1.1" 404 1094
222.70.177.10 - - [18/Jan/2023:09:41:00 +0800] "GET /xingrg/kc/buy/cgsh_order_operate.html?command=get_materiel&rest_code=00111&code=00101008354&supplier_code=00100005&order_time=2023-01-18 HTTP/1.1" 200 428
116.238.139.35 - - [18/Jan/2023:09:41:00 +0800] "POST /xingrg/kc/mdqp/pssh_order_operate.html HTTP/1.1" 200 526
116.238.139.35 - - [18/Jan/2023:09:41:01 +0800] "GET /xingrg/javascript/easyui/themes/default/validatebox.css HTTP/1.1" 404 1104
114.83.217.78 - - [18/Jan/2023:09:41:01 +0800] "POST /xingrg/kc/buy/cgsh_order_operate.html HTTP/1.1" 200 2065
114.83.222.182 - - [18/Jan/2023:09:41:02 +0800] "POST /xingrg/kc/buy/cgsh_order_operate.html HTTP/1.1" 200 12785
124.78.158.225 - - [18/Jan/2023:09:41:03 +0800] "GET /xingrg/check_reg.html?_=1674006080630 HTTP/1.1" 200 22
124.78.158.225 - - [18/Jan/2023:09:41:03 +0800] "GET /xingrg/all/function/internal_message.html?_=1674006080633&CODE_STATE=getMsg HTTP/1.1" 200 27
101.83.145.75 - - [18/Jan/2023:09:41:03 +0800] "GET /xingrg/kc/buy/cgsh_order_operate.html?command=get_materiel&rest_code=00105&code=00101007061&supplier_code=00100002&order_time=2023-01-18 HTTP/1.1" 200 424
116.192.124.172 - - [18/Jan/2023:09:41:05 +0800] "GET /xingrg/all/function/internal_message.html?_=1674006091927&CODE_STATE=getMsg HTTP/1.1" 200 27
116.238.139.35 - - [18/Jan/2023:09:41:06 +0800] "POST /xingrg/all/common/load_combo.html?type=employee HTTP/1.1" 200 280
114.83.217.78 - - [18/Jan/2023:09:41:11 +0800] "GET /xingrg/all/function/internal_message.html?_=1674006084057&CODE_STATE=getMsg HTTP/1.1" 200 27
116.235.244.242 - - [18/Jan/2023:09:41:13 +0800] "GET /xingrg/all/function/internal_message.html?_=1674006096883&CODE_STATE=getMsg HTTP/1.1" 200 27
101.83.145.75 - - [18/Jan/2023:09:41:18 +0800] "GET /xingrg/kc/buy/cgsh_order_operate.html?command=get_materiel&rest_code=00105&code=00101007024&supplier_code=00100002&order_time=2023-01-18 HTTP/1.1" 200 415
114.84.81.136 - - [18/Jan/2023:09:41:21 +0800] "GET /xingrg/all/function/internal_message.html?_=1674006095364&CODE_STATE=getMsg HTTP/1.1" 200 27
116.235.244.242 - - [18/Jan/2023:09:41:21 +0800] "GET /xingrg/check_reg.html?_=1674006104968 HTTP/1.1" 200 22
117.143.45.205 - - [18/Jan/2023:09:41:23 +0800] "GET /xingrg/all/function/internal_message.html?_=1674006092729&CODE_STATE=getMsg HTTP/1.1" 200 27
116.238.139.35 - - [18/Jan/2023:09:41:24 +0800] "GET /xingrg/check_reg.html?_=1674006098752 HTTP/1.1" 200 22
101.83.145.75 - - [18/Jan/2023:09:41:28 +0800] "GET /xingrg/kc/buy/cgsh_order_operate.html?command=get_materiel&rest_code=00105&code=00101007049&supplier_code=00100002&order_time=2023-01-18 HTTP/1.1" 200 424
120.253.135.82 - - [18/Jan/2023:09:41:32 +0800] "POST /xingrg/kc/pszx/mdps_list_operate.html HTTP/1.1" 200 589
120.253.135.82 - - [18/Jan/2023:09:41:33 +0800] "GET /xingrg/kc/pszx/mdps_order_info.html?code=312023011800394 HTTP/1.1" 200 23978
120.253.135.82 - - [18/Jan/2023:09:41:33 +0800] "POST /xingrg/kc/pszx/mdps_order_operate.html HTTP/1.1" 200 4756
120.253.135.82 - - [18/Jan/2023:09:41:33 +0800] "GET /xingrg/javascript/easyui/themes/default/validatebox.css HTTP/1.1" 404 1104
120.253.135.82 - - [18/Jan/2023:09:41:33 +0800] "GET /xingrg/all/function/internal_message.html?_=1674005923429&CODE_STATE=getMsg HTTP/1.1" 200 27
114.83.222.182 - - [18/Jan/2023:09:41:41 +0800] "GET /xingrg/all/function/internal_message.html?_=1674006205639&CODE_STATE=getMsg HTTP/1.1" 200 27
120.253.135.82 - - [18/Jan/2023:09:41:42 +0800] "POST /xingrg/kc/pszx/mdps_order_operate.html HTTP/1.1" 200 37
120.253.135.82 - - [18/Jan/2023:09:41:43 +0800] "GET /xingrg/kc/pszx/mdps_order_info.html?code=312023011800394 HTTP/1.1" 200 23978
120.253.135.82 - - [18/Jan/2023:09:41:43 +0800] "POST /xingrg/kc/pszx/mdps_order_operate.html HTTP/1.1" 200 4756
120.253.135.82 - - [18/Jan/2023:09:41:43 +0800] "GET /xingrg/javascript/easyui/themes/default/validatebox.css HTTP/1.1" 404 1104
120.253.135.82 - - [18/Jan/2023:09:41:45 +0800] "POST /xingrg/kc/pszx/mdps_list_operate.html HTTP/1.1" 200 2819
101.83.145.75 - - [18/Jan/2023:09:41:46 +0800] "GET /xingrg/all/function/internal_message.html?_=1674006121516&CODE_STATE=getMsg HTTP/1.1" 200 27
120.253.135.82 - - [18/Jan/2023:09:41:46 +0800] "POST /xingrg/kc/pszx/mdps_list_operate.html HTTP/1.1" 200 589
114.83.222.182 - - [18/Jan/2023:09:41:48 +0800] "GET /xingrg/javascript/jquery_easy_ui/themes/default/images/tabs_active.png HTTP/1.1" 200 2894
120.253.135.82 - - [18/Jan/2023:09:41:48 +0800] "GET /xingrg/kc/pszx/mdps_order_info.html?code=312023011800394 HTTP/1.1" 200 23978
120.253.135.82 - - [18/Jan/2023:09:41:49 +0800] "GET /xingrg/javascript/easyui/themes/default/validatebox.css HTTP/1.1" 404 1104
120.253.135.82 - - [18/Jan/2023:09:41:49 +0800] "POST /xingrg/kc/pszx/mdps_order_operate.html HTTP/1.1" 200 4756
120.253.135.82 - - [18/Jan/2023:09:41:50 +0800] "POST /xingrg/kc/pszx/mdps_list_operate.html HTTP/1.1" 200 2819
114.83.217.78 - - [18/Jan/2023:09:41:51 +0800] "POST /xingrg/kc/buy/cgsh_order_operate.html HTTP/1.1" 200 37
120.253.135.82 - - [18/Jan/2023:09:41:52 +0800] "GET /xingrg/check_reg.html?_=1674005941662 HTTP/1.1" 200 22
120.253.135.82 - - [18/Jan/2023:09:41:52 +0800] "POST /xingrg/kc/pszx/mdps_list_operate.html HTTP/1.1" 200 589
101.83.145.75 - - [18/Jan/2023:09:41:53 +0800] "GET /xingrg/kc/buy/cgsh_order_operate.html?command=get_materiel&rest_code=00105&code=00101007048&supplier_code=00100002&order_time=2023-01-18 HTTP/1.1" 200 408
120.253.135.82 - - [18/Jan/2023:09:41:53 +0800] "GET /xingrg/kc/pszx/mdps_order_info.html?code=312023011800394 HTTP/1.1" 200 23978
222.70.177.10 - - [18/Jan/2023:09:41:53 +0800] "GET /xingrg/all/function/internal_message.html?_=1674006126956&CODE_STATE=getMsg HTTP/1.1" 200 27
120.253.135.82 - - [18/Jan/2023:09:41:54 +0800] "POST /xingrg/kc/pszx/mdps_order_operate.html HTTP/1.1" 200 4756
120.253.135.82 - - [18/Jan/2023:09:41:54 +0800] "GET /xingrg/javascript/easyui/themes/default/validatebox.css HTTP/1.1" 404 1104
116.238.139.35 - - [18/Jan/2023:09:41:54 +0800] "GET /xingrg/all/function/internal_message.html?_=1674006128834&CODE_STATE=getMsg HTTP/1.1" 200 27
116.238.139.35 - - [18/Jan/2023:09:42:03 +0800] "POST /xingrg/kc/mdqp/pssh_order_operate.html HTTP/1.1" 200 37
124.78.158.225 - - [18/Jan/2023:09:42:03 +0800] "GET /xingrg/all/function/internal_message.html?_=1674006140631&CODE_STATE=getMsg HTTP/1.1" 200 27
116.192.124.172 - - [18/Jan/2023:09:42:05 +0800] "GET /xingrg/all/function/internal_message.html?_=1674006151925&CODE_STATE=getMsg HTTP/1.1" 200 27
114.83.217.78 - - [18/Jan/2023:09:42:05 +0800] "POST /xingrg/kc/buy/cgsh_order_operate.html HTTP/1.1" 200 12
116.238.139.35 - - [18/Jan/2023:09:42:05 +0800] "POST /xingrg/kc/mdqp/pssh_order_operate.html HTTP/1.1" 200 12
116.238.139.35 - - [18/Jan/2023:09:42:06 +0800] "GET /xingrg/kc/mdqp/pssh_order_info.html?code=312023011700376 HTTP/1.1" 200 14390
116.238.139.35 - - [18/Jan/2023:09:42:06 +0800] "GET /xingrg/javascript/jquery_tools/jquery-1.4.2.min.js HTTP/1.1" 404 1094
116.238.139.35 - - [18/Jan/2023:09:42:07 +0800] "POST /xingrg/kc/mdqp/pssh_order_operate.html HTTP/1.1" 200 526
116.238.139.35 - - [18/Jan/2023:09:42:07 +0800] "GET /xingrg/javascript/easyui/themes/default/validatebox.css HTTP/1.1" 404 1104
114.83.217.78 - - [18/Jan/2023:09:42:08 +0800] "GET /xingrg/kc/buy/cgsh_order_info.html?code=212023011805667 HTTP/1.1" 200 64692
114.83.217.78 - - [18/Jan/2023:09:42:08 +0800] "GET /xingrg/javascript/easyui/themes/default/validatebox.css HTTP/1.1" 404 1104
116.238.139.35 - - [18/Jan/2023:09:42:08 +0800] "GET /xingrg/kc/print/load_data.html?order_code=312023011700376&kc_code=pssh&condition= HTTP/1.1" 200 652
114.83.217.78 - - [18/Jan/2023:09:42:09 +0800] "POST /xingrg/kc/buy/cgsh_order_operate.html HTTP/1.1" 200 20775
114.83.217.78 - - [18/Jan/2023:09:42:11 +0800] "GET /xingrg/all/function/internal_message.html?_=1674006144127&CODE_STATE=getMsg HTTP/1.1" 200 27
114.83.217.78 - - [18/Jan/2023:09:42:11 +0800] "GET /xingrg/check_reg.html?_=1674006144129 HTTP/1.1" 200 22
114.83.217.78 - - [18/Jan/2023:09:42:11 +0800] "GET /xingrg/kc/print/load_data.html?order_code=212023011805667&kc_code=cgsh&condition= HTTP/1.1" 200 8393
116.238.139.35 - - [18/Jan/2023:09:42:12 +0800] "GET /xingrg/kc/mdqp/pssh_order_list.html?isBack=1 HTTP/1.1" 200 17885
116.235.244.242 - - [18/Jan/2023:09:42:13 +0800] "GET /xingrg/all/function/internal_message.html?_=1674006156885&CODE_STATE=getMsg HTTP/1.1" 200 27
116.238.139.35 - - [18/Jan/2023:09:42:13 +0800] "POST /xingrg/kc/mdqp/pssh_list_operate.html HTTP/1.1" 200 7578
116.238.139.35 - - [18/Jan/2023:09:42:16 +0800] "GET /xingrg/kc/buy/cgsh_order_list.html HTTP/1.1" 200 53926
120.253.135.82 - - [18/Jan/2023:09:42:17 +0800] "GET /xingrg/login.html HTTP/1.1" 200 7641
120.253.135.82 - - [18/Jan/2023:09:42:18 +0800] "GET /favicon.ico HTTP/1.1" 404 -
116.238.139.35 - - [18/Jan/2023:09:42:19 +0800] "POST /xingrg/kc/buy/cgsh_list_operate.html HTTP/1.1" 200 1886
116.238.139.35 - - [18/Jan/2023:09:42:20 +0800] "GET /xingrg/kc/buy/cgsh_order_add.html HTTP/1.1" 200 69701
116.238.139.35 - - [18/Jan/2023:09:42:20 +0800] "POST /xingrg/kc/buy/cgsh_order_operate.html HTTP/1.1" 200 8245
116.238.139.35 - - [18/Jan/2023:09:42:20 +0800] "GET /xingrg/javascript/easyui/themes/default/validatebox.css HTTP/1.1" 404 1104
120.253.135.82 - - [18/Jan/2023:09:42:20 +0800] "POST /xingrg/login.do HTTP/1.1" 302 -
120.253.135.82 - - [18/Jan/2023:09:42:20 +0800] "GET /xingrg/index.html?sysBaseUrl=http%3A%2F%2F180.169.147.146%3A18081%2Fxingrg%2F&costTime=39×tamp=1674006140825 HTTP/1.1" 200 17173
120.253.135.82 - - [18/Jan/2023:09:42:20 +0800] "GET /xingrg/javascript/jquery_easy_ui/themes/default/easyui.css HTTP/1.1" 304 -
120.253.135.82 - - [18/Jan/2023:09:42:20 +0800] "GET /xingrg/javascript/jquery-1.4.2.min.js HTTP/1.1" 304 -
114.84.81.136 - - [18/Jan/2023:09:42:20 +0800] "GET /xingrg/all/function/internal_message.html?_=1674006155335&CODE_STATE=getMsg HTTP/1.1" 200 27
120.253.135.82 - - [18/Jan/2023:09:42:20 +0800] "GET /xingrg/javascript/jquery_easy_ui/jquery.easyui.min.js HTTP/1.1" 304 -
120.253.135.82 - - [18/Jan/2023:09:42:20 +0800] "GET /favicon.ico HTTP/1.1" 404 -
120.253.135.82 - - [18/Jan/2023:09:42:20 +0800] "GET /xingrg/javascript/jquery.form.js HTTP/1.1" 304 -
120.253.135.82 - - [18/Jan/2023:09:42:21 +0800] "GET /xingrg/javascript/jquery.timers.js HTTP/1.1" 304 -
120.253.135.82 - - [18/Jan/2023:09:42:21 +0800] "GET /xingrg/javascript/jquery_easy_ui/themes/icon.css HTTP/1.1" 304 -
120.253.135.82 - - [18/Jan/2023:09:42:21 +0800] "GET /xingrg/javascript/jquery.utils.js HTTP/1.1" 304 -
120.253.135.82 - - [18/Jan/2023:09:42:21 +0800] "GET /xingrg/css/form.css HTTP/1.1" 304 -
120.253.135.82 - - [18/Jan/2023:09:42:21 +0800] "GET /xingrg/javascript/jquery_easy_ui/easyui-lang-zh_CN.js HTTP/1.1" 304 -
120.253.135.82 - - [18/Jan/2023:09:42:21 +0800] "POST /xingrg/all/common/load_tree.html?tree=area_rest_tree_json&manage=1 HTTP/1.1" 200 344
120.253.135.82 - - [18/Jan/2023:09:42:21 +0800] "GET /xingrg/all/function/internal_message.html?_=1674005970691&CODE_STATE=count HTTP/1.1" 200 11
120.253.135.82 - - [18/Jan/2023:09:42:21 +0800] "GET /xingrg/check_reg.html?_=1674005970691 HTTP/1.1" 200 22
120.253.135.82 - - [18/Jan/2023:09:42:21 +0800] "POST /xingrg/load_menu.html HTTP/1.1" 200 6743
117.143.45.205 - - [18/Jan/2023:09:42:23 +0800] "GET /xingrg/all/function/internal_message.html?_=1674006152705&CODE_STATE=getMsg HTTP/1.1" 200 27
120.253.135.82 - - [18/Jan/2023:09:42:27 +0800] "GET /xingrg/css/base.css HTTP/1.1" 304 -
120.253.135.82 - - [18/Jan/2023:09:42:27 +0800] "GET /xingrg/javascript/easyui/themes/icon.css HTTP/1.1" 304 -
120.253.135.82 - - [18/Jan/2023:09:42:27 +0800] "GET /xingrg/javascript/auto/jquery.autocomplete.css HTTP/1.1" 304 -
120.253.135.82 - - [18/Jan/2023:09:42:27 +0800] "GET /xingrg/css/site.css HTTP/1.1" 304 -
120.253.135.82 - - [18/Jan/2023:09:42:27 +0800] "GET /xingrg/javascript/jquery_tools/fix.css HTTP/1.1" 304 -
120.253.135.82 - - [18/Jan/2023:09:42:27 +0800] "GET /xingrg/javascript/jquery_tools/table.css HTTP/1.1" 304 -
120.253.135.82 - - [18/Jan/2023:09:42:27 +0800] "GET /xingrg/javascript/easyui/themes/default/easyui.css HTTP/1.1" 304 -
120.253.135.82 - - [18/Jan/2023:09:42:27 +0800] "GET /xingrg/javascript/jquery_tools/datebox.css HTTP/1.1" 304 -
120.253.135.82 - - [18/Jan/2023:09:42:27 +0800] "GET /xingrg/kc/pszx/mdps_order_list.html?orderType=0 HTTP/1.1" 200 21073
120.253.135.82 - - [18/Jan/2023:09:42:27 +0800] "GET /xingrg/javascript/jquery_tools/jquery.tools.extend.js HTTP/1.1" 304 -
120.253.135.82 - - [18/Jan/2023:09:42:27 +0800] "GET /xingrg/javascript/jquery_tools/jquery.tools.hotkey.js HTTP/1.1" 304 -
120.253.135.82 - - [18/Jan/2023:09:42:27 +0800] "GET /xingrg/javascript/jquery_tools/jquery.tools.table.js HTTP/1.1" 304 -
120.253.135.82 - - [18/Jan/2023:09:42:27 +0800] "GET /xingrg/javascript/jquery_tools/list_manager.js HTTP/1.1" 304 -
120.253.135.82 - - [18/Jan/2023:09:42:27 +0800] "GET /xingrg/javascript/auto/jquery.autocomplete.js HTTP/1.1" 304 -
120.253.135.82 - - [18/Jan/2023:09:42:27 +0800] "GET /xingrg/javascript/easyui/easyloader.js HTTP/1.1" 304 -
120.253.135.82 - - [18/Jan/2023:09:42:27 +0800] "GET /xingrg/javascript/jquery.cookie.js HTTP/1.1" 304 -
120.253.135.82 - - [18/Jan/2023:09:42:27 +0800] "GET /xingrg/javascript/print/LodopFuncs.js HTTP/1.1" 304 -
120.253.135.82 - - [18/Jan/2023:09:42:27 +0800] "GET /xingrg/javascript/jquery_tools/jquery.tools.min.js HTTP/1.1" 304 -
114.83.217.78 - - [18/Jan/2023:09:42:27 +0800] "GET /xingrg/kc/buy/cgsh_order_add.html HTTP/1.1" 200 69790
120.253.135.82 - - [18/Jan/2023:09:42:27 +0800] "GET /xingrg/javascript/easyui/plugins/jquery.parser.js HTTP/1.1" 304 -
114.83.217.78 - - [18/Jan/2023:09:42:28 +0800] "POST /xingrg/kc/buy/cgsh_order_operate.html HTTP/1.1" 200 8245
120.253.135.82 - - [18/Jan/2023:09:42:28 +0800] "POST /xingrg/kc/pszx/mdps_list_operate.html HTTP/1.1" 200 5299
114.83.217.78 - - [18/Jan/2023:09:42:28 +0800] "GET /xingrg/javascript/easyui/themes/default/validatebox.css HTTP/1.1" 404 1104
120.253.135.82 - - [18/Jan/2023:09:42:29 +0800] "GET /xingrg/javascript/auto/indicator.gif HTTP/1.1" 404 1066
116.238.139.35 - - [18/Jan/2023:09:42:32 +0800] "GET /xingrg/kc/buy/cgsh_order_operate.html?command=get_materiel&rest_code=00150&code=00101005037&supplier_code=00100400&order_time=2023-01-18 HTTP/1.1" 200 428
117.143.45.205 - - [18/Jan/2023:09:42:34 +0800] "GET /xingrg/check_reg.html?_=1674006163552 HTTP/1.1" 200 22
120.253.135.82 - - [18/Jan/2023:09:42:37 +0800] "POST /xingrg/kc/pszx/mdps_list_operate.html HTTP/1.1" 200 2819
120.253.135.82 - - [18/Jan/2023:09:42:38 +0800] "POST /xingrg/kc/pszx/mdps_list_operate.html HTTP/1.1" 200 589
120.253.135.82 - - [18/Jan/2023:09:42:39 +0800] "GET /xingrg/kc/pszx/mdps_order_info.html?code=312023011800394 HTTP/1.1" 200 23978
120.253.135.82 - - [18/Jan/2023:09:42:39 +0800] "GET /xingrg/javascript/myfunction.js HTTP/1.1" 304 -
120.253.135.82 - - [18/Jan/2023:09:42:39 +0800] "GET /xingrg/javascript/json2.js HTTP/1.1" 304 -
120.253.135.82 - - [18/Jan/2023:09:42:39 +0800] "GET /xingrg/javascript/print/kc_print.js HTTP/1.1" 304 -
120.253.135.82 - - [18/Jan/2023:09:42:39 +0800] "GET /xingrg/javascript/convert.js HTTP/1.1" 304 -
120.253.135.82 - - [18/Jan/2023:09:42:39 +0800] "GET /xingrg/javascript/pic_change.js HTTP/1.1" 304 -
120.253.135.82 - - [18/Jan/2023:09:42:39 +0800] "GET /xingrg/javascript/jquery_tools/order_manager.js HTTP/1.1" 304 -
120.253.135.82 - - [18/Jan/2023:09:42:39 +0800] "GET /xingrg/words/20230117140735_words.js HTTP/1.1" 304 -
120.253.135.82 - - [18/Jan/2023:09:42:39 +0800] "GET /xingrg/all/common/auto_word.html?type=base&rest_code=00101 HTTP/1.1" 200 671
120.253.135.82 - - [18/Jan/2023:09:42:39 +0800] "GET /xingrg/javascript/easyui/themes/default/validatebox.css HTTP/1.1" 404 1104
120.253.135.82 - - [18/Jan/2023:09:42:39 +0800] "GET /xingrg/javascript/easyui/plugins/jquery.validatebox.js HTTP/1.1" 304 -
120.253.135.82 - - [18/Jan/2023:09:42:39 +0800] "GET /xingrg/javascript/easyui/plugins/jquery.numberbox.js HTTP/1.1" 304 -
120.253.135.82 - - [18/Jan/2023:09:42:40 +0800] "POST /xingrg/kc/pszx/mdps_order_operate.html HTTP/1.1" 200 4756
114.83.222.182 - - [18/Jan/2023:09:42:40 +0800] "GET /xingrg/check_reg.html?_=1674006265598 HTTP/1.1" 200 22
114.83.222.182 - - [18/Jan/2023:09:42:41 +0800] "GET /xingrg/all/function/internal_message.html?_=1674006265628&CODE_STATE=getMsg HTTP/1.1" 200 27
116.238.139.35 - - [18/Jan/2023:09:42:42 +0800] "POST /xingrg/kc/buy/cgsh_order_operate.html HTTP/1.1" 200 37
120.253.135.82 - - [18/Jan/2023:09:42:43 +0800] "GET /xingrg/kc/print/load_config.html?kc_code=mdps HTTP/1.1" 200 2390
120.253.135.82 - - [18/Jan/2023:09:42:43 +0800] "GET /xingrg/kc/print/load_data.html?order_code=312023011800394&kc_code=mdps&condition= HTTP/1.1" 200 1801
116.238.139.35 - - [18/Jan/2023:09:42:45 +0800] "POST /xingrg/kc/buy/cgsh_order_operate.html HTTP/1.1" 200 12
101.83.145.75 - - [18/Jan/2023:09:42:46 +0800] "GET /xingrg/all/function/internal_message.html?_=1674006181531&CODE_STATE=getMsg HTTP/1.1" 200 27
116.238.139.35 - - [18/Jan/2023:09:42:47 +0800] "GET /xingrg/kc/buy/cgsh_order_info.html?code=212023011805668 HTTP/1.1" 200 64602
116.238.139.35 - - [18/Jan/2023:09:42:48 +0800] "GET /xingrg/javascript/easyui/themes/default/validatebox.css HTTP/1.1" 404 1104
116.238.139.35 - - [18/Jan/2023:09:42:48 +0800] "POST /xingrg/kc/buy/cgsh_order_operate.html HTTP/1.1" 200 604
116.238.139.35 - - [18/Jan/2023:09:42:50 +0800] "GET /xingrg/kc/print/load_data.html?order_code=212023011805668&kc_code=cgsh&condition= HTTP/1.1" 200 693
222.70.177.10 - - [18/Jan/2023:09:42:53 +0800] "GET /xingrg/all/function/internal_message.html?_=1674006186927&CODE_STATE=getMsg HTTP/1.1" 200 27
116.238.139.35 - - [18/Jan/2023:09:42:54 +0800] "GET /xingrg/kc/buy/cgsh_order_add.html HTTP/1.1" 200 69701
116.238.139.35 - - [18/Jan/2023:09:42:54 +0800] "POST /xingrg/kc/buy/cgsh_order_operate.html HTTP/1.1" 200 8245
116.238.139.35 - - [18/Jan/2023:09:42:54 +0800] "GET /xingrg/all/function/internal_message.html?_=1674006189023&CODE_STATE=getMsg HTTP/1.1" 200 27
116.238.139.35 - - [18/Jan/2023:09:42:54 +0800] "GET /xingrg/javascript/easyui/themes/default/validatebox.css HTTP/1.1" 404 1104
124.78.158.225 - - [18/Jan/2023:09:43:03 +0800] "GET /xingrg/all/function/internal_message.html?_=1674006200632&CODE_STATE=getMsg HTTP/1.1" 200 27
116.192.124.172 - - [18/Jan/2023:09:43:05 +0800] "GET /xingrg/all/function/internal_message.html?_=1674006211924&CODE_STATE=getMsg HTTP/1.1" 200 27
114.83.217.78 - - [18/Jan/2023:09:43:11 +0800] "GET /xingrg/all/function/internal_message.html?_=1674006204110&CODE_STATE=getMsg HTTP/1.1" 200 27
116.235.244.242 - - [18/Jan/2023:09:43:13 +0800] "GET /xingrg/all/function/internal_message.html?_=1674006216899&CODE_STATE=getMsg HTTP/1.1" 200 27
114.84.81.136 - - [18/Jan/2023:09:43:20 +0800] "GET /xingrg/all/function/internal_message.html?_=1674006215307&CODE_STATE=getMsg HTTP/1.1" 200 27
120.253.135.82 - - [18/Jan/2023:09:43:21 +0800] "GET /xingrg/all/function/internal_message.html?_=1674006030691&CODE_STATE=getMsg HTTP/1.1" 200 27
124.78.158.225 - - [18/Jan/2023:09:43:21 +0800] "POST /xingrg/kc/buy/cgsh_order_operate.html HTTP/1.1" 200 37
124.78.158.225 - - [18/Jan/2023:09:43:23 +0800] "POST /xingrg/kc/buy/cgsh_order_operate.html HTTP/1.1" 200 22164
117.143.45.205 - - [18/Jan/2023:09:43:23 +0800] "GET /xingrg/all/function/internal_message.html?_=1674006212697&CODE_STATE=getMsg HTTP/1.1" 200 27
114.83.222.182 - - [18/Jan/2023:09:43:40 +0800] "GET /xingrg/all/function/internal_message.html?_=1674006325625&CODE_STATE=getMsg HTTP/1.1" 200 27
101.83.145.75 - - [18/Jan/2023:09:43:46 +0800] "GET /xingrg/check_reg.html?_=1674006241529 HTTP/1.1" 200 22
101.83.145.75 - - [18/Jan/2023:09:43:46 +0800] "GET /xingrg/all/function/internal_message.html?_=1674006241531&CODE_STATE=getMsg HTTP/1.1" 200 27
222.70.177.10 - - [18/Jan/2023:09:43:53 +0800] "GET /xingrg/all/function/internal_message.html?_=1674006246911&CODE_STATE=getMsg HTTP/1.1" 200 27
222.70.177.10 - - [18/Jan/2023:09:43:54 +0800] "GET /xingrg/check_reg.html?_=1674006247351 HTTP/1.1" 200 22
116.238.139.35 - - [18/Jan/2023:09:43:54 +0800] "GET /xingrg/all/function/internal_message.html?_=1674006249000&CODE_STATE=getMsg HTTP/1.1" 200 27
124.78.158.225 - - [18/Jan/2023:09:44:03 +0800] "GET /xingrg/all/function/internal_message.html?_=1674006260659&CODE_STATE=getMsg HTTP/1.1" 200 27
116.192.124.172 - - [18/Jan/2023:09:44:05 +0800] "GET /xingrg/all/function/internal_message.html?_=1674006271937&CODE_STATE=getMsg HTTP/1.1" 200 27
114.83.217.78 - - [18/Jan/2023:09:44:11 +0800] "GET /xingrg/all/function/internal_message.html?_=1674006264081&CODE_STATE=getMsg HTTP/1.1" 200 27
116.235.244.242 - - [18/Jan/2023:09:44:13 +0800] "GET /xingrg/all/function/internal_message.html?_=1674006277054&CODE_STATE=getMsg HTTP/1.1" 200 27
114.84.81.136 - - [18/Jan/2023:09:44:20 +0800] "GET /xingrg/all/function/internal_message.html?_=1674006275277&CODE_STATE=getMsg HTTP/1.1" 200 27
120.253.135.82 - - [18/Jan/2023:09:44:21 +0800] "GET /xingrg/all/function/internal_message.html?_=1674006090720&CODE_STATE=getMsg HTTP/1.1" 200 27
117.143.45.205 - - [18/Jan/2023:09:44:23 +0800] "GET /xingrg/all/function/internal_message.html?_=1674006272682&CODE_STATE=getMsg HTTP/1.1" 200 27
116.192.124.172 - - [18/Jan/2023:09:44:39 +0800] "GET /xingrg/check_reg.html?_=1674006293534 HTTP/1.1" 302 -
116.192.124.172 - - [18/Jan/2023:09:44:39 +0800] "GET /xingrg/all/function/internal_message.html?_=1674006293533&CODE_STATE=getMsg HTTP/1.1" 302 -
114.83.222.182 - - [18/Jan/2023:09:44:40 +0800] "GET /xingrg/all/function/internal_message.html?_=1674006385611&CODE_STATE=getMsg HTTP/1.1" 200 27
101.83.145.75 - - [18/Jan/2023:09:44:46 +0800] "GET /xingrg/all/function/internal_message.html?_=1674006301520&CODE_STATE=getMsg HTTP/1.1" 200 27
222.70.177.10 - - [18/Jan/2023:09:44:53 +0800] "GET /xingrg/all/function/internal_message.html?_=1674006306883&CODE_STATE=getMsg HTTP/1.1" 200 27
116.238.139.35 - - [18/Jan/2023:09:44:54 +0800] "GET /xingrg/all/function/internal_message.html?_=1674006308980&CODE_STATE=getMsg HTTP/1.1" 200 27
124.78.158.225 - - [18/Jan/2023:09:45:03 +0800] "GET /xingrg/all/function/internal_message.html?_=1674006320627&CODE_STATE=getMsg HTTP/1.1" 200 27
116.192.124.172 - - [18/Jan/2023:09:45:05 +0800] "GET /xingrg/all/function/internal_message.html?_=1674006331940&CODE_STATE=getMsg HTTP/1.1" 200 27
116.192.124.172 - - [18/Jan/2023:09:45:05 +0800] "GET /xingrg/check_reg.html?_=1674006331936 HTTP/1.1" 200 22
114.83.217.78 - - [18/Jan/2023:09:45:11 +0800] "GET /xingrg/all/function/internal_message.html?_=1674006324064&CODE_STATE=getMsg HTTP/1.1" 200 27
116.235.244.242 - - [18/Jan/2023:09:45:13 +0800] "GET /xingrg/all/function/internal_message.html?_=1674006337066&CODE_STATE=getMsg HTTP/1.1" 200 27
114.84.81.136 - - [18/Jan/2023:09:45:20 +0800] "GET /xingrg/all/function/internal_message.html?_=1674006335249&CODE_STATE=getMsg HTTP/1.1" 200 27
120.253.135.82 - - [18/Jan/2023:09:45:21 +0800] "GET /xingrg/all/function/internal_message.html?_=1674006150734&CODE_STATE=getMsg HTTP/1.1" 200 27
120.253.135.82 - - [18/Jan/2023:09:45:22 +0800] "POST /xingrg/kc/pszx/mdps_list_operate.html HTTP/1.1" 200 4296
117.143.45.205 - - [18/Jan/2023:09:45:23 +0800] "GET /xingrg/all/function/internal_message.html?_=1674006332663&CODE_STATE=getMsg HTTP/1.1" 200 27
120.253.135.82 - - [18/Jan/2023:09:45:24 +0800] "POST /xingrg/kc/pszx/mdps_list_operate.html HTTP/1.1" 200 539
120.253.135.82 - - [18/Jan/2023:09:45:25 +0800] "GET /xingrg/kc/pszx/mdps_order_info.html?code=312023011800392 HTTP/1.1" 200 23978
120.253.135.82 - - [18/Jan/2023:09:45:25 +0800] "POST /xingrg/kc/pszx/mdps_order_operate.html HTTP/1.1" 200 4298
120.253.135.82 - - [18/Jan/2023:09:45:25 +0800] "GET /xingrg/javascript/easyui/themes/default/validatebox.css HTTP/1.1" 404 1104
120.253.135.82 - - [18/Jan/2023:09:45:30 +0800] "POST /xingrg/all/common/load_combo.html?type=base HTTP/1.1" 200 1169
120.253.135.82 - - [18/Jan/2023:09:45:36 +0800] "POST /xingrg/kc/pszx/mdps_order_operate.html HTTP/1.1" 200 37
120.253.135.82 - - [18/Jan/2023:09:45:37 +0800] "GET /xingrg/kc/pszx/mdps_order_info.html?code=312023011800392 HTTP/1.1" 200 23976
120.253.135.82 - - [18/Jan/2023:09:45:38 +0800] "GET /xingrg/javascript/easyui/themes/default/validatebox.css HTTP/1.1" 404 1104
120.253.135.82 - - [18/Jan/2023:09:45:38 +0800] "POST /xingrg/kc/pszx/mdps_order_operate.html HTTP/1.1" 200 4337
116.192.124.172 - - [18/Jan/2023:09:45:39 +0800] "GET /xingrg/all/function/internal_message.html?_=1674006353516&CODE_STATE=getMsg HTTP/1.1" 302 -
114.84.81.136 - - [18/Jan/2023:09:45:40 +0800] "GET /xingrg/check_reg.html?_=1674006355097 HTTP/1.1" 200 22
114.83.222.182 - - [18/Jan/2023:09:45:40 +0800] "GET /xingrg/all/function/internal_message.html?_=1674006445608&CODE_STATE=getMsg HTTP/1.1" 200 27
101.83.145.75 - - [18/Jan/2023:09:45:46 +0800] "GET /xingrg/all/function/internal_message.html?_=1674006361527&CODE_STATE=getMsg HTTP/1.1" 200 27
222.70.177.10 - - [18/Jan/2023:09:45:53 +0800] "GET /xingrg/all/function/internal_message.html?_=1674006366872&CODE_STATE=getMsg HTTP/1.1" 200 27
116.238.139.35 - - [18/Jan/2023:09:45:54 +0800] "GET /xingrg/all/function/internal_message.html?_=1674006368970&CODE_STATE=getMsg HTTP/1.1" 200 27
124.78.158.225 - - [18/Jan/2023:09:45:57 +0800] "POST /xingrg/kc/buy/cgsh_order_operate.html HTTP/1.1" 200 37
124.78.158.225 - - [18/Jan/2023:09:45:59 +0800] "POST /xingrg/kc/buy/cgsh_order_operate.html HTTP/1.1" 200 20984
222.70.177.10 - - [18/Jan/2023:09:46:00 +0800] "POST /xingrg/kc/buy/cgsh_order_operate.html HTTP/1.1" 200 2065
124.78.158.225 - - [18/Jan/2023:09:46:03 +0800] "GET /xingrg/kc/buy/buy_main.html HTTP/1.1" 200 12412
124.78.158.225 - - [18/Jan/2023:09:46:03 +0800] "GET /xingrg/css/new_ie.css HTTP/1.1" 404 1036
124.78.158.225 - - [18/Jan/2023:09:46:03 +0800] "GET /xingrg/all/function/internal_message.html?_=1674006380645&CODE_STATE=getMsg HTTP/1.1" 200 27
124.78.158.225 - - [18/Jan/2023:09:46:03 +0800] "GET /xingrg/check_reg.html?_=1674006380649 HTTP/1.1" 200 22
124.78.158.225 - - [18/Jan/2023:09:46:04 +0800] "GET /xingrg/images/yd/bt.gif HTTP/1.1" 404 1040
124.78.158.225 - - [18/Jan/2023:09:46:04 +0800] "GET /xingrg/kc/buy/cgsh_order_list.html HTTP/1.1" 200 53920
116.192.124.172 - - [18/Jan/2023:09:46:05 +0800] "GET /xingrg/all/function/internal_message.html?_=1674006391935&CODE_STATE=getMsg HTTP/1.1" 200 27
222.70.177.10 - - [18/Jan/2023:09:46:07 +0800] "GET /xingrg/kc/buy/cgsh_order_operate.html?command=get_materiel&rest_code=00111&code=00101008251&supplier_code=00100005&order_time=2023-01-18 HTTP/1.1" 200 423
124.78.158.225 - - [18/Jan/2023:09:46:07 +0800] "POST /xingrg/kc/buy/cgsh_list_operate.html HTTP/1.1" 200 1860
124.78.158.225 - - [18/Jan/2023:09:46:09 +0800] "POST /xingrg/kc/buy/cgsh_list_operate.html HTTP/1.1" 200 566
124.78.158.225 - - [18/Jan/2023:09:46:11 +0800] "GET /xingrg/kc/buy/cgsh_order_info.html?code=212023011805666 HTTP/1.1" 200 69704
124.78.158.225 - - [18/Jan/2023:09:46:11 +0800] "GET /xingrg/javascript/easyui/themes/default/validatebox.css HTTP/1.1" 404 1104
114.83.217.78 - - [18/Jan/2023:09:46:11 +0800] "GET /xingrg/all/function/internal_message.html?_=1674006384073&CODE_STATE=getMsg HTTP/1.1" 200 27
124.78.158.225 - - [18/Jan/2023:09:46:11 +0800] "POST /xingrg/kc/buy/cgsh_order_operate.html HTTP/1.1" 200 20984
116.235.244.242 - - [18/Jan/2023:09:46:13 +0800] "GET /xingrg/all/function/internal_message.html?_=1674006397218&CODE_STATE=getMsg HTTP/1.1" 200 27
114.84.81.136 - - [18/Jan/2023:09:46:20 +0800] "GET /xingrg/all/function/internal_message.html?_=1674006395231&CODE_STATE=getMsg HTTP/1.1" 200 27
116.235.244.242 - - [18/Jan/2023:09:46:21 +0800] "GET /xingrg/check_reg.html?_=1674006404973 HTTP/1.1" 200 22
120.253.135.82 - - [18/Jan/2023:09:46:21 +0800] "GET /xingrg/all/function/internal_message.html?_=1674006210748&CODE_STATE=getMsg HTTP/1.1" 200 27
117.143.45.205 - - [18/Jan/2023:09:46:23 +0800] "GET /xingrg/all/function/internal_message.html?_=1674006392643&CODE_STATE=getMsg HTTP/1.1" 200 27
116.238.139.35 - - [18/Jan/2023:09:46:24 +0800] "GET /xingrg/check_reg.html?_=1674006398765 HTTP/1.1" 200 22
222.70.177.10 - - [18/Jan/2023:09:46:33 +0800] "POST /xingrg/kc/buy/cgsh_order_operate.html HTTP/1.1" 200 2065
116.192.124.172 - - [18/Jan/2023:09:46:39 +0800] "GET /xingrg/all/function/internal_message.html?_=1674006413493&CODE_STATE=getMsg HTTP/1.1" 302 -
222.70.177.10 - - [18/Jan/2023:09:46:39 +0800] "GET /xingrg/kc/buy/cgsh_order_operate.html?command=get_materiel&rest_code=00111&code=00101016081&supplier_code=00100005&order_time=2023-01-18 HTTP/1.1" 200 447
114.83.222.182 - - [18/Jan/2023:09:46:40 +0800] "GET /xingrg/all/function/internal_message.html?_=1674006505594&CODE_STATE=getMsg HTTP/1.1" 200 27
124.78.158.225 - - [18/Jan/2023:09:46:44 +0800] "POST /xingrg/kc/buy/cgsh_order_operate.html HTTP/1.1" 200 37
124.78.158.225 - - [18/Jan/2023:09:46:45 +0800] "POST /xingrg/kc/buy/cgsh_order_operate.html HTTP/1.1" 200 20984
101.83.145.75 - - [18/Jan/2023:09:46:46 +0800] "GET /xingrg/all/function/internal_message.html?_=1674006421531&CODE_STATE=getMsg HTTP/1.1" 200 27
120.253.135.82 - - [18/Jan/2023:09:46:47 +0800] "POST /xingrg/kc/pszx/mdps_order_operate.html HTTP/1.1" 200 37
222.70.177.10 - - [18/Jan/2023:09:46:47 +0800] "GET /xingrg/kc/buy/cgsh_order_operate.html?command=get_materiel&rest_code=00111&code=00101008298&supplier_code=00100005&order_time=2023-01-18 HTTP/1.1" 200 431
120.253.135.82 - - [18/Jan/2023:09:46:48 +0800] "GET /xingrg/kc/pszx/mdps_order_info.html?code=312023011800392 HTTP/1.1" 200 23976
120.253.135.82 - - [18/Jan/2023:09:46:48 +0800] "GET /xingrg/javascript/easyui/themes/default/validatebox.css HTTP/1.1" 404 1104
120.253.135.82 - - [18/Jan/2023:09:46:48 +0800] "POST /xingrg/kc/pszx/mdps_order_operate.html HTTP/1.1" 200 3348
222.70.177.10 - - [18/Jan/2023:09:46:53 +0800] "GET /xingrg/all/function/internal_message.html?_=1674006426844&CODE_STATE=getMsg HTTP/1.1" 200 27
116.238.139.35 - - [18/Jan/2023:09:46:54 +0800] "GET /xingrg/all/function/internal_message.html?_=1674006428932&CODE_STATE=getMsg HTTP/1.1" 200 27
120.253.135.82 - - [18/Jan/2023:09:46:57 +0800] "POST /xingrg/kc/pszx/mdps_order_operate.html HTTP/1.1" 200 37
120.253.135.82 - - [18/Jan/2023:09:46:58 +0800] "GET /xingrg/kc/pszx/mdps_order_info.html?code=312023011800392 HTTP/1.1" 200 23976
120.253.135.82 - - [18/Jan/2023:09:46:58 +0800] "GET /xingrg/javascript/easyui/themes/default/validatebox.css HTTP/1.1" 404 1104
120.253.135.82 - - [18/Jan/2023:09:46:58 +0800] "POST /xingrg/kc/pszx/mdps_order_operate.html HTTP/1.1" 200 3348
120.253.135.82 - - [18/Jan/2023:09:47:00 +0800] "POST /xingrg/kc/pszx/mdps_list_operate.html HTTP/1.1" 200 4293
222.70.177.10 - - [18/Jan/2023:09:47:02 +0800] "GET /xingrg/kc/buy/cgsh_order_operate.html?command=get_materiel&rest_code=00111&code=00101008350&supplier_code=00100005&order_time=2023-01-18 HTTP/1.1" 200 424
120.253.135.82 - - [18/Jan/2023:09:47:03 +0800] "POST /xingrg/kc/pszx/mdps_list_operate.html HTTP/1.1" 200 275
124.78.158.225 - - [18/Jan/2023:09:47:03 +0800] "GET /xingrg/all/function/internal_message.html?_=1674006440651&CODE_STATE=getMsg HTTP/1.1" 200 27
120.253.135.82 - - [18/Jan/2023:09:47:03 +0800] "GET /xingrg/kc/pszx/mdps_order_info.html?code=312023011800391 HTTP/1.1" 200 23978
120.253.135.82 - - [18/Jan/2023:09:47:04 +0800] "POST /xingrg/kc/pszx/mdps_order_operate.html HTTP/1.1" 200 2748
120.253.135.82 - - [18/Jan/2023:09:47:04 +0800] "GET /xingrg/javascript/easyui/themes/default/validatebox.css HTTP/1.1" 404 1104
116.192.124.172 - - [18/Jan/2023:09:47:05 +0800] "GET /xingrg/all/function/internal_message.html?_=1674006451959&CODE_STATE=getMsg HTTP/1.1" 200 27
124.78.158.225 - - [18/Jan/2023:09:47:06 +0800] "GET /xingrg/kc/buy/cgsh_order_operate.html?command=get_materiel&rest_code=00106&code=00101008300&supplier_code=00100007&order_time=2023-01-18 HTTP/1.1" 200 412
114.83.217.78 - - [18/Jan/2023:09:47:11 +0800] "GET /xingrg/all/function/internal_message.html?_=1674006444081&CODE_STATE=getMsg HTTP/1.1" 200 27
114.83.217.78 - - [18/Jan/2023:09:47:11 +0800] "GET /xingrg/check_reg.html?_=1674006444127 HTTP/1.1" 200 22
222.70.177.10 - - [18/Jan/2023:09:47:11 +0800] "GET /xingrg/kc/buy/cgsh_order_operate.html?command=get_materiel&rest_code=00111&code=00101008168&supplier_code=00100005&order_time=2023-01-18 HTTP/1.1" 200 413
116.235.244.242 - - [18/Jan/2023:09:47:13 +0800] "GET /xingrg/all/function/internal_message.html?_=1674006457218&CODE_STATE=getMsg HTTP/1.1" 200 27
120.253.135.82 - - [18/Jan/2023:09:47:13 +0800] "POST /xingrg/kc/pszx/mdps_order_operate.html HTTP/1.1" 200 37
120.253.135.82 - - [18/Jan/2023:09:47:14 +0800] "GET /xingrg/kc/pszx/mdps_order_info.html?code=312023011800391 HTTP/1.1" 200 23978
120.253.135.82 - - [18/Jan/2023:09:47:15 +0800] "POST /xingrg/kc/pszx/mdps_order_operate.html HTTP/1.1" 200 2762
120.253.135.82 - - [18/Jan/2023:09:47:15 +0800] "GET /xingrg/javascript/easyui/themes/default/validatebox.css HTTP/1.1" 404 1104
114.84.81.136 - - [18/Jan/2023:09:47:20 +0800] "GET /xingrg/all/function/internal_message.html?_=1674006455203&CODE_STATE=getMsg HTTP/1.1" 200 27
120.253.135.82 - - [18/Jan/2023:09:47:21 +0800] "GET /xingrg/check_reg.html?_=1674006270683 HTTP/1.1" 200 22
