116.192.124.172 - - [18/Jan/2023:09:15:05 +0800] "GET /xingrg/check_reg.html?_=1674004531932 HTTP/1.1" 200 22
114.83.217.78 - - [18/Jan/2023:09:15:05 +0800] "GET /xingrg/kc/buy/cgsh_order_operate.html?command=get_materiel&rest_code=00149&code=00101008361&supplier_code=00100008&order_time=2023-01-18 HTTP/1.1" 200 408
120.253.135.82 - - [18/Jan/2023:09:15:07 +0800] "POST /xingrg/kc/pszx/mdps_order_operate.html HTTP/1.1" 200 37
120.253.135.82 - - [18/Jan/2023:09:15:09 +0800] "POST /xingrg/kc/pszx/mdps_order_operate.html HTTP/1.1" 200 12
120.253.135.82 - - [18/Jan/2023:09:15:10 +0800] "GET /xingrg/kc/pszx/mdps_order_info.html?code=312023011700379 HTTP/1.1" 200 19638
120.253.135.82 - - [18/Jan/2023:09:15:11 +0800] "POST /xingrg/kc/pszx/mdps_order_operate.html HTTP/1.1" 200 14367
120.253.135.82 - - [18/Jan/2023:09:15:11 +0800] "GET /xingrg/all/function/internal_message.html?_=1674004340523&CODE_STATE=getMsg HTTP/1.1" 200 27
120.253.135.82 - - [18/Jan/2023:09:15:11 +0800] "GET /xingrg/javascript/easyui/themes/default/validatebox.css HTTP/1.1" 404 1104
116.235.244.242 - - [18/Jan/2023:09:15:11 +0800] "GET /xingrg/all/function/internal_message.html?_=1674004535004&CODE_STATE=getMsg HTTP/1.1" 200 27
114.83.217.78 - - [18/Jan/2023:09:15:11 +0800] "GET /xingrg/all/function/internal_message.html?_=1674004524021&CODE_STATE=getMsg HTTP/1.1" 200 27
222.70.177.10 - - [18/Jan/2023:09:15:17 +0800] "GET /xingrg/kc/buy/cgsh_order_add.html HTTP/1.1" 200 69657
222.70.177.10 - - [18/Jan/2023:09:15:17 +0800] "GET /xingrg/words/20230117140735_words.js HTTP/1.1" 304 -
222.70.177.10 - - [18/Jan/2023:09:15:17 +0800] "POST /xingrg/kc/buy/cgsh_order_operate.html HTTP/1.1" 200 8245
222.70.177.10 - - [18/Jan/2023:09:15:17 +0800] "GET /xingrg/all/common/auto_word.html?type=employee&rest_code=00111 HTTP/1.1" 200 155
222.70.177.10 - - [18/Jan/2023:09:15:17 +0800] "GET /xingrg/javascript/easyui/themes/default/validatebox.css HTTP/1.1" 404 1104
222.70.177.10 - - [18/Jan/2023:09:15:17 +0800] "GET /xingrg/all/common/auto_word.html?type=employee&rest_code=00111 HTTP/1.1" 200 155
114.84.81.136 - - [18/Jan/2023:09:15:21 +0800] "GET /xingrg/all/function/internal_message.html?_=1674004536035&CODE_STATE=getMsg HTTP/1.1" 200 27
116.192.124.172 - - [18/Jan/2023:09:15:21 +0800] "GET /xingrg/all/function/internal_message.html?_=1674004535968&CODE_STATE=getMsg HTTP/1.1" 302 -
114.83.217.78 - - [18/Jan/2023:09:15:23 +0800] "GET /xingrg/kc/buy/cgsh_order_operate.html?command=get_materiel&rest_code=00149&code=00101008355&supplier_code=00100008&order_time=2023-01-18 HTTP/1.1" 200 423
222.70.177.10 - - [18/Jan/2023:09:15:23 +0800] "GET /xingrg/javascript/auto/indicator.gif HTTP/1.1" 404 1066
117.143.45.205 - - [18/Jan/2023:09:15:24 +0800] "GET /xingrg/all/function/internal_message.html?_=1674004533208&CODE_STATE=getMsg HTTP/1.1" 200 27
120.253.135.82 - - [18/Jan/2023:09:15:24 +0800] "POST /xingrg/kc/pszx/mdps_list_operate.html HTTP/1.1" 200 2435
222.70.177.10 - - [18/Jan/2023:09:15:25 +0800] "GET /xingrg/javascript/jquery_tools/images/prev.gif HTTP/1.1" 404 1086
222.70.177.10 - - [18/Jan/2023:09:15:25 +0800] "GET /xingrg/javascript/jquery_tools/images/next.gif HTTP/1.1" 404 1086
116.230.105.139 - - [18/Jan/2023:09:15:31 +0800] "GET /xingrg/all/function/internal_message.html?_=1674004479315&CODE_STATE=getMsg HTTP/1.1" 200 27
120.253.135.82 - - [18/Jan/2023:09:15:31 +0800] "POST /xingrg/kc/pszx/mdps_list_operate.html HTTP/1.1" 200 375
120.253.135.82 - - [18/Jan/2023:09:15:32 +0800] "GET /xingrg/kc/pszx/mdps_order_info.html?code=312023011700377 HTTP/1.1" 200 23978
222.70.177.10 - - [18/Jan/2023:09:15:32 +0800] "GET /xingrg/kc/buy/cgsh_order_operate.html?command=get_materiel&rest_code=00111&code=00101002027&supplier_code=00100199&order_time=2023-01-18 HTTP/1.1" 200 431
120.253.135.82 - - [18/Jan/2023:09:15:32 +0800] "GET /xingrg/javascript/easyui/themes/default/validatebox.css HTTP/1.1" 404 1104
120.253.135.82 - - [18/Jan/2023:09:15:32 +0800] "POST /xingrg/kc/pszx/mdps_order_operate.html HTTP/1.1" 200 3312
120.253.135.82 - - [18/Jan/2023:09:15:38 +0800] "POST /xingrg/kc/pszx/mdps_order_operate.html HTTP/1.1" 200 37
120.253.135.82 - - [18/Jan/2023:09:15:40 +0800] "POST /xingrg/kc/pszx/mdps_order_operate.html HTTP/1.1" 200 12
114.84.81.136 - - [18/Jan/2023:09:15:40 +0800] "GET /xingrg/check_reg.html?_=1674004555228 HTTP/1.1" 200 22
114.83.217.78 - - [18/Jan/2023:09:15:46 +0800] "GET /xingrg/kc/buy/cgsh_order_operate.html?command=get_materiel&rest_code=00149&code=00101008372&supplier_code=00100008&order_time=2023-01-18 HTTP/1.1" 200 408
222.70.177.10 - - [18/Jan/2023:09:15:47 +0800] "GET /xingrg/kc/buy/cgsh_order_operate.html?command=get_materiel&rest_code=00111&code=00101002006&supplier_code=00100199&order_time=2023-01-18 HTTP/1.1" 200 432
101.83.145.75 - - [18/Jan/2023:09:15:49 +0800] "GET /xingrg/all/function/internal_message.html?_=1674004564043&CODE_STATE=getMsg HTTP/1.1" 200 27
222.70.177.10 - - [18/Jan/2023:09:15:54 +0800] "GET /xingrg/all/function/internal_message.html?_=1674004567314&CODE_STATE=getMsg HTTP/1.1" 200 27
116.238.139.35 - - [18/Jan/2023:09:15:54 +0800] "GET /xingrg/all/function/internal_message.html?_=1674004569371&CODE_STATE=getMsg HTTP/1.1" 200 27
120.253.135.82 - - [18/Jan/2023:09:15:55 +0800] "GET /xingrg/kc/pszx/mdps_order_info.html?code=312023011700377 HTTP/1.1" 200 19638
120.253.135.82 - - [18/Jan/2023:09:15:55 +0800] "POST /xingrg/kc/pszx/mdps_order_operate.html HTTP/1.1" 200 1523
120.253.135.82 - - [18/Jan/2023:09:15:55 +0800] "GET /xingrg/javascript/easyui/themes/default/validatebox.css HTTP/1.1" 404 1104
120.253.135.82 - - [18/Jan/2023:09:15:57 +0800] "POST /xingrg/kc/pszx/mdps_list_operate.html HTTP/1.1" 200 2063
120.253.135.82 - - [18/Jan/2023:09:15:59 +0800] "POST /xingrg/kc/pszx/mdps_list_operate.html HTTP/1.1" 200 205
222.70.177.10 - - [18/Jan/2023:09:15:59 +0800] "POST /xingrg/kc/buy/cgsh_order_operate.html HTTP/1.1" 200 37
114.83.217.78 - - [18/Jan/2023:09:16:01 +0800] "GET /xingrg/kc/buy/cgsh_order_operate.html?command=get_materiel&rest_code=00149&code=00101008024&supplier_code=00100008&order_time=2023-01-18 HTTP/1.1" 200 408
222.70.177.10 - - [18/Jan/2023:09:16:03 +0800] "POST /xingrg/kc/buy/cgsh_order_operate.html HTTP/1.1" 200 3259
116.192.124.172 - - [18/Jan/2023:09:16:05 +0800] "GET /xingrg/all/function/internal_message.html?_=1674004591925&CODE_STATE=getMsg HTTP/1.1" 200 27
116.230.105.139 - - [18/Jan/2023:09:16:06 +0800] "POST /xingrg/kc/buy/cgsh_list_operate.html HTTP/1.1" 200 3588
222.70.177.10 - - [18/Jan/2023:09:16:07 +0800] "GET /xingrg/kc/print/load_config.html?kc_code=cgsh HTTP/1.1" 200 1943
222.70.177.10 - - [18/Jan/2023:09:16:07 +0800] "GET /xingrg/kc/print/load_data.html?order_code=212023011805660&kc_code=cgsh&condition= HTTP/1.1" 200 907
120.253.135.82 - - [18/Jan/2023:09:16:11 +0800] "GET /xingrg/all/function/internal_message.html?_=1674004400528&CODE_STATE=getMsg HTTP/1.1" 200 27
114.83.217.78 - - [18/Jan/2023:09:16:11 +0800] "GET /xingrg/all/function/internal_message.html?_=1674004583999&CODE_STATE=getMsg HTTP/1.1" 200 27
116.235.244.242 - - [18/Jan/2023:09:16:11 +0800] "GET /xingrg/all/function/internal_message.html?_=1674004595154&CODE_STATE=getMsg HTTP/1.1" 200 27
120.253.135.82 - - [18/Jan/2023:09:16:12 +0800] "POST /xingrg/kc/pszx/mdps_list_operate.html HTTP/1.1" 200 4299
120.253.135.82 - - [18/Jan/2023:09:16:14 +0800] "POST /xingrg/kc/pszx/mdps_list_operate.html HTTP/1.1" 200 212
114.83.217.78 - - [18/Jan/2023:09:16:14 +0800] "GET /xingrg/kc/buy/cgsh_order_operate.html?command=get_materiel&rest_code=00149&code=00101008356&supplier_code=00100008&order_time=2023-01-18 HTTP/1.1" 200 408
222.70.177.10 - - [18/Jan/2023:09:16:14 +0800] "GET /xingrg/kc/buy/cgsh_order_add.html HTTP/1.1" 200 69657
222.70.177.10 - - [18/Jan/2023:09:16:15 +0800] "POST /xingrg/kc/buy/cgsh_order_operate.html HTTP/1.1" 200 8245
222.70.177.10 - - [18/Jan/2023:09:16:15 +0800] "GET /xingrg/javascript/easyui/themes/default/validatebox.css HTTP/1.1" 404 1104
116.235.244.242 - - [18/Jan/2023:09:16:21 +0800] "GET /xingrg/check_reg.html?_=1674004604946 HTTP/1.1" 200 22
114.84.81.136 - - [18/Jan/2023:09:16:21 +0800] "GET /xingrg/all/function/internal_message.html?_=1674004596012&CODE_STATE=getMsg HTTP/1.1" 200 27
116.192.124.172 - - [18/Jan/2023:09:16:21 +0800] "GET /xingrg/all/function/internal_message.html?_=1674004595940&CODE_STATE=getMsg HTTP/1.1" 302 -
117.143.45.205 - - [18/Jan/2023:09:16:24 +0800] "GET /xingrg/all/function/internal_message.html?_=1674004593187&CODE_STATE=getMsg HTTP/1.1" 200 27
116.238.139.35 - - [18/Jan/2023:09:16:24 +0800] "GET /xingrg/check_reg.html?_=1674004598719 HTTP/1.1" 200 22
120.253.135.82 - - [18/Jan/2023:09:16:25 +0800] "GET /xingrg/kc/pszx/mdps_order_info.html?code=312023011500314 HTTP/1.1" 200 23984
120.253.135.82 - - [18/Jan/2023:09:16:26 +0800] "GET /xingrg/javascript/easyui/themes/default/validatebox.css HTTP/1.1" 404 1104
120.253.135.82 - - [18/Jan/2023:09:16:26 +0800] "POST /xingrg/kc/pszx/mdps_order_operate.html HTTP/1.1" 200 2293
222.70.177.10 - - [18/Jan/2023:09:16:27 +0800] "GET /xingrg/kc/buy/cgsh_order_operate.html?command=get_materiel&rest_code=00111&code=00101007072&supplier_code=00100004&order_time=2023-01-18 HTTP/1.1" 200 415
120.253.135.82 - - [18/Jan/2023:09:16:31 +0800] "POST /xingrg/kc/pszx/mdps_order_operate.html HTTP/1.1" 200 37
116.230.105.139 - - [18/Jan/2023:09:16:31 +0800] "GET /xingrg/all/function/internal_message.html?_=1674004539297&CODE_STATE=getMsg HTTP/1.1" 200 27
120.253.135.82 - - [18/Jan/2023:09:16:33 +0800] "POST /xingrg/kc/pszx/mdps_order_operate.html HTTP/1.1" 200 12
114.83.217.78 - - [18/Jan/2023:09:16:33 +0800] "GET /xingrg/kc/buy/cgsh_order_operate.html?command=get_materiel&rest_code=00149&code=00101008205&supplier_code=00100008&order_time=2023-01-18 HTTP/1.1" 200 412
101.83.145.75 - - [18/Jan/2023:09:16:49 +0800] "GET /xingrg/all/function/internal_message.html?_=1674004624025&CODE_STATE=getMsg HTTP/1.1" 200 27
101.83.145.75 - - [18/Jan/2023:09:16:50 +0800] "GET /xingrg/check_reg.html?_=1674004625479 HTTP/1.1" 200 22
120.253.135.82 - - [18/Jan/2023:09:16:51 +0800] "GET /xingrg/kc/pszx/mdps_order_info.html?code=312023011500314 HTTP/1.1" 200 19644
114.83.217.78 - - [18/Jan/2023:09:16:51 +0800] "GET /xingrg/kc/buy/cgsh_order_operate.html?command=get_materiel&rest_code=00149&code=00101008251&supplier_code=00100008&order_time=2023-01-18 HTTP/1.1" 200 423
120.253.135.82 - - [18/Jan/2023:09:16:51 +0800] "POST /xingrg/kc/pszx/mdps_order_operate.html HTTP/1.1" 200 511
120.253.135.82 - - [18/Jan/2023:09:16:51 +0800] "GET /xingrg/javascript/easyui/themes/default/validatebox.css HTTP/1.1" 404 1104
120.253.135.82 - - [18/Jan/2023:09:16:52 +0800] "GET /xingrg/check_reg.html?_=1674004441525 HTTP/1.1" 200 22
120.253.135.82 - - [18/Jan/2023:09:16:53 +0800] "POST /xingrg/kc/pszx/mdps_list_operate.html HTTP/1.1" 200 3918
222.70.177.10 - - [18/Jan/2023:09:16:54 +0800] "GET /xingrg/all/function/internal_message.html?_=1674004627310&CODE_STATE=getMsg HTTP/1.1" 200 27
116.238.139.35 - - [18/Jan/2023:09:16:54 +0800] "GET /xingrg/all/function/internal_message.html?_=1674004629347&CODE_STATE=getMsg HTTP/1.1" 200 27
114.88.159.190 - - [18/Jan/2023:09:16:56 +0800] "POST /xingrg/services/DataTransmitService HTTP/1.1" 200 524
114.83.217.78 - - [18/Jan/2023:09:16:58 +0800] "POST /xingrg/kc/buy/cgsh_order_operate.html HTTP/1.1" 200 2065
116.192.124.172 - - [18/Jan/2023:09:17:05 +0800] "GET /xingrg/all/function/internal_message.html?_=1674004651923&CODE_STATE=getMsg HTTP/1.1" 200 27
114.83.217.78 - - [18/Jan/2023:09:17:10 +0800] "GET /xingrg/kc/buy/cgsh_order_operate.html?command=get_materiel&rest_code=00149&code=00101008439&supplier_code=00100008&order_time=2023-01-18 HTTP/1.1" 200 412
120.253.135.82 - - [18/Jan/2023:09:17:11 +0800] "GET /xingrg/all/function/internal_message.html?_=1674004460634&CODE_STATE=getMsg HTTP/1.1" 200 27
114.83.217.78 - - [18/Jan/2023:09:17:11 +0800] "GET /xingrg/check_reg.html?_=1674004644023 HTTP/1.1" 200 22
114.83.217.78 - - [18/Jan/2023:09:17:11 +0800] "GET /xingrg/all/function/internal_message.html?_=1674004644024&CODE_STATE=getMsg HTTP/1.1" 200 27
116.235.244.242 - - [18/Jan/2023:09:17:11 +0800] "GET /xingrg/all/function/internal_message.html?_=1674004655156&CODE_STATE=getMsg HTTP/1.1" 200 27
114.84.81.136 - - [18/Jan/2023:09:17:21 +0800] "GET /xingrg/all/function/internal_message.html?_=1674004655986&CODE_STATE=getMsg HTTP/1.1" 200 27
116.192.124.172 - - [18/Jan/2023:09:17:21 +0800] "GET /xingrg/all/function/internal_message.html?_=1674004655912&CODE_STATE=getMsg HTTP/1.1" 302 -
116.192.124.172 - - [18/Jan/2023:09:17:22 +0800] "GET /xingrg/check_reg.html?_=1674004656254 HTTP/1.1" 302 -
114.83.217.78 - - [18/Jan/2023:09:17:22 +0800] "GET /xingrg/kc/buy/cgsh_order_operate.html?command=get_materiel&rest_code=00149&code=00101008360&supplier_code=00100008&order_time=2023-01-18 HTTP/1.1" 200 428
117.143.45.205 - - [18/Jan/2023:09:17:24 +0800] "GET /xingrg/all/function/internal_message.html?_=1674004653171&CODE_STATE=getMsg HTTP/1.1" 200 27
120.253.135.82 - - [18/Jan/2023:09:17:25 +0800] "POST /xingrg/kc/pszx/mdps_list_operate.html HTTP/1.1" 200 202
120.253.135.82 - - [18/Jan/2023:09:17:26 +0800] "GET /xingrg/kc/pszx/mdps_order_info.html?code=312023011700348 HTTP/1.1" 200 23978
120.253.135.82 - - [18/Jan/2023:09:17:27 +0800] "POST /xingrg/kc/pszx/mdps_order_operate.html HTTP/1.1" 200 2276
120.253.135.82 - - [18/Jan/2023:09:17:27 +0800] "GET /xingrg/javascript/easyui/themes/default/validatebox.css HTTP/1.1" 404 1104
116.230.105.139 - - [18/Jan/2023:09:17:31 +0800] "GET /xingrg/check_reg.html?_=1674004599308 HTTP/1.1" 200 22
116.230.105.139 - - [18/Jan/2023:09:17:31 +0800] "GET /xingrg/all/function/internal_message.html?_=1674004599314&CODE_STATE=getMsg HTTP/1.1" 200 27
120.253.135.82 - - [18/Jan/2023:09:17:32 +0800] "POST /xingrg/kc/pszx/mdps_order_operate.html HTTP/1.1" 200 37
120.253.135.82 - - [18/Jan/2023:09:17:34 +0800] "POST /xingrg/kc/pszx/mdps_order_operate.html HTTP/1.1" 200 12
117.143.45.205 - - [18/Jan/2023:09:17:34 +0800] "GET /xingrg/check_reg.html?_=1674004663620 HTTP/1.1" 200 22
114.83.217.78 - - [18/Jan/2023:09:17:34 +0800] "GET /xingrg/kc/buy/cgsh_order_operate.html?command=get_materiel&rest_code=00149&code=00101008059&supplier_code=00100008&order_time=2023-01-18 HTTP/1.1" 200 408
120.253.135.82 - - [18/Jan/2023:09:17:35 +0800] "GET /xingrg/kc/pszx/mdps_order_info.html?code=312023011700348 HTTP/1.1" 200 19638
120.253.135.82 - - [18/Jan/2023:09:17:36 +0800] "POST /xingrg/kc/pszx/mdps_order_operate.html HTTP/1.1" 200 497
120.253.135.82 - - [18/Jan/2023:09:17:36 +0800] "GET /xingrg/javascript/easyui/themes/default/validatebox.css HTTP/1.1" 404 1104
114.83.217.78 - - [18/Jan/2023:09:17:46 +0800] "GET /xingrg/kc/buy/cgsh_order_operate.html?command=get_materiel&rest_code=00149&code=00101008077&supplier_code=00100008&order_time=2023-01-18 HTTP/1.1" 200 431
101.83.145.75 - - [18/Jan/2023:09:17:49 +0800] "GET /xingrg/all/function/internal_message.html?_=1674004683994&CODE_STATE=getMsg HTTP/1.1" 200 27
120.253.135.82 - - [18/Jan/2023:09:17:53 +0800] "POST /xingrg/kc/pszx/mdps_list_operate.html HTTP/1.1" 200 3546
222.70.177.10 - - [18/Jan/2023:09:17:54 +0800] "GET /xingrg/all/function/internal_message.html?_=1674004687307&CODE_STATE=getMsg HTTP/1.1" 200 27
116.238.139.35 - - [18/Jan/2023:09:17:54 +0800] "GET /xingrg/all/function/internal_message.html?_=1674004689320&CODE_STATE=getMsg HTTP/1.1" 200 27
114.83.217.78 - - [18/Jan/2023:09:17:57 +0800] "GET /xingrg/kc/buy/cgsh_order_operate.html?command=get_materiel&rest_code=00149&code=00101008357&supplier_code=00100008&order_time=2023-01-18 HTTP/1.1" 200 408
120.253.135.82 - - [18/Jan/2023:09:17:58 +0800] "POST /xingrg/kc/pszx/mdps_list_operate.html HTTP/1.1" 200 202
120.253.135.82 - - [18/Jan/2023:09:17:59 +0800] "GET /xingrg/kc/pszx/mdps_order_info.html?code=312023011700354 HTTP/1.1" 200 23976
120.253.135.82 - - [18/Jan/2023:09:17:59 +0800] "POST /xingrg/kc/pszx/mdps_order_operate.html HTTP/1.1" 200 2295
120.253.135.82 - - [18/Jan/2023:09:17:59 +0800] "GET /xingrg/javascript/easyui/themes/default/validatebox.css HTTP/1.1" 404 1104
114.83.217.78 - - [18/Jan/2023:09:18:03 +0800] "POST /xingrg/kc/buy/cgsh_order_operate.html HTTP/1.1" 200 2065
120.253.135.82 - - [18/Jan/2023:09:18:04 +0800] "POST /xingrg/kc/pszx/mdps_order_operate.html HTTP/1.1" 200 37
116.192.124.172 - - [18/Jan/2023:09:18:05 +0800] "GET /xingrg/all/function/internal_message.html?_=1674004711937&CODE_STATE=getMsg HTTP/1.1" 200 27
120.253.135.82 - - [18/Jan/2023:09:18:06 +0800] "POST /xingrg/kc/pszx/mdps_order_operate.html HTTP/1.1" 200 12
120.253.135.82 - - [18/Jan/2023:09:18:07 +0800] "GET /xingrg/kc/pszx/mdps_order_info.html?code=312023011700354 HTTP/1.1" 200 19636
120.253.135.82 - - [18/Jan/2023:09:18:08 +0800] "POST /xingrg/kc/pszx/mdps_order_operate.html HTTP/1.1" 200 516
120.253.135.82 - - [18/Jan/2023:09:18:08 +0800] "GET /xingrg/javascript/easyui/themes/default/validatebox.css HTTP/1.1" 404 1104
120.253.135.82 - - [18/Jan/2023:09:18:11 +0800] "GET /xingrg/all/function/internal_message.html?_=1674004520663&CODE_STATE=getMsg HTTP/1.1" 200 27
114.83.217.78 - - [18/Jan/2023:09:18:11 +0800] "GET /xingrg/kc/buy/cgsh_order_operate.html?command=get_materiel&rest_code=00149&code=00101008286&supplier_code=00100008&order_time=2023-01-18 HTTP/1.1" 200 424
114.83.217.78 - - [18/Jan/2023:09:18:11 +0800] "GET /xingrg/all/function/internal_message.html?_=1674004704040&CODE_STATE=getMsg HTTP/1.1" 200 27
116.235.244.242 - - [18/Jan/2023:09:18:11 +0800] "GET /xingrg/all/function/internal_message.html?_=1674004715171&CODE_STATE=getMsg HTTP/1.1" 200 27
120.253.135.82 - - [18/Jan/2023:09:18:18 +0800] "POST /xingrg/kc/pszx/mdps_list_operate.html HTTP/1.1" 200 3176
120.253.135.82 - - [18/Jan/2023:09:18:21 +0800] "POST /xingrg/kc/pszx/mdps_list_operate.html HTTP/1.1" 200 202
120.253.135.82 - - [18/Jan/2023:09:18:21 +0800] "GET /xingrg/kc/pszx/mdps_order_info.html?code=312023011700353 HTTP/1.1" 200 23976
114.84.81.136 - - [18/Jan/2023:09:18:21 +0800] "GET /xingrg/all/function/internal_message.html?_=1674004715962&CODE_STATE=getMsg HTTP/1.1" 200 27
116.192.124.172 - - [18/Jan/2023:09:18:21 +0800] "GET /xingrg/all/function/internal_message.html?_=1674004715895&CODE_STATE=getMsg HTTP/1.1" 302 -
120.253.135.82 - - [18/Jan/2023:09:18:22 +0800] "POST /xingrg/kc/pszx/mdps_order_operate.html HTTP/1.1" 200 2282
120.253.135.82 - - [18/Jan/2023:09:18:22 +0800] "GET /xingrg/javascript/easyui/themes/default/validatebox.css HTTP/1.1" 404 1104
114.83.217.78 - - [18/Jan/2023:09:18:23 +0800] "GET /xingrg/kc/buy/cgsh_order_operate.html?command=get_materiel&rest_code=00149&code=00101008036&supplier_code=00100008&order_time=2023-01-18 HTTP/1.1" 200 423
117.143.45.205 - - [18/Jan/2023:09:18:24 +0800] "GET /xingrg/all/function/internal_message.html?_=1674004713159&CODE_STATE=getMsg HTTP/1.1" 200 27
120.253.135.82 - - [18/Jan/2023:09:18:25 +0800] "POST /xingrg/kc/pszx/mdps_order_operate.html HTTP/1.1" 200 37
120.253.135.82 - - [18/Jan/2023:09:18:27 +0800] "POST /xingrg/kc/pszx/mdps_order_operate.html HTTP/1.1" 200 12
116.230.105.139 - - [18/Jan/2023:09:18:31 +0800] "GET /xingrg/all/function/internal_message.html?_=1674004659309&CODE_STATE=getMsg HTTP/1.1" 200 27
120.253.135.82 - - [18/Jan/2023:09:18:34 +0800] "GET /xingrg/kc/pszx/mdps_order_info.html?code=312023011700353 HTTP/1.1" 200 19636
120.253.135.82 - - [18/Jan/2023:09:18:35 +0800] "POST /xingrg/kc/pszx/mdps_order_operate.html HTTP/1.1" 200 503
120.253.135.82 - - [18/Jan/2023:09:18:35 +0800] "GET /xingrg/javascript/easyui/themes/default/validatebox.css HTTP/1.1" 404 1104
120.253.135.82 - - [18/Jan/2023:09:18:36 +0800] "POST /xingrg/kc/pszx/mdps_list_operate.html HTTP/1.1" 200 2807
120.253.135.82 - - [18/Jan/2023:09:18:41 +0800] "POST /xingrg/kc/pszx/mdps_list_operate.html HTTP/1.1" 200 517
120.253.135.82 - - [18/Jan/2023:09:18:42 +0800] "GET /xingrg/kc/pszx/mdps_order_info.html?code=312023011700352 HTTP/1.1" 200 23978
120.253.135.82 - - [18/Jan/2023:09:18:43 +0800] "GET /xingrg/javascript/easyui/themes/default/validatebox.css HTTP/1.1" 404 1104
120.253.135.82 - - [18/Jan/2023:09:18:43 +0800] "POST /xingrg/kc/pszx/mdps_order_operate.html HTTP/1.1" 200 4275
114.83.217.78 - - [18/Jan/2023:09:18:44 +0800] "GET /xingrg/kc/buy/cgsh_order_operate.html?command=get_materiel&rest_code=00149&code=00101008296&supplier_code=00100008&order_time=2023-01-18 HTTP/1.1" 200 432
120.253.135.82 - - [18/Jan/2023:09:18:47 +0800] "POST /xingrg/kc/pszx/mdps_order_operate.html HTTP/1.1" 200 37
101.83.145.75 - - [18/Jan/2023:09:18:49 +0800] "GET /xingrg/all/function/internal_message.html?_=1674004743969&CODE_STATE=getMsg HTTP/1.1" 200 27
120.253.135.82 - - [18/Jan/2023:09:18:49 +0800] "POST /xingrg/kc/pszx/mdps_order_operate.html HTTP/1.1" 200 12
222.70.177.10 - - [18/Jan/2023:09:18:54 +0800] "GET /xingrg/check_reg.html?_=1674004747307 HTTP/1.1" 200 22
222.70.177.10 - - [18/Jan/2023:09:18:54 +0800] "GET /xingrg/all/function/internal_message.html?_=1674004747309&CODE_STATE=getMsg HTTP/1.1" 200 27
116.238.139.35 - - [18/Jan/2023:09:18:54 +0800] "GET /xingrg/all/function/internal_message.html?_=1674004749306&CODE_STATE=getMsg HTTP/1.1" 200 27
120.253.135.82 - - [18/Jan/2023:09:18:55 +0800] "GET /xingrg/kc/pszx/mdps_order_info.html?code=312023011700352 HTTP/1.1" 200 19638
120.253.135.82 - - [18/Jan/2023:09:18:56 +0800] "POST /xingrg/kc/pszx/mdps_order_operate.html HTTP/1.1" 200 2480
120.253.135.82 - - [18/Jan/2023:09:18:56 +0800] "GET /xingrg/javascript/easyui/themes/default/validatebox.css HTTP/1.1" 404 1104
120.253.135.82 - - [18/Jan/2023:09:18:57 +0800] "POST /xingrg/kc/pszx/mdps_list_operate.html HTTP/1.1" 200 2435
120.253.135.82 - - [18/Jan/2023:09:19:00 +0800] "POST /xingrg/kc/pszx/mdps_list_operate.html HTTP/1.1" 200 624
120.253.135.82 - - [18/Jan/2023:09:19:00 +0800] "GET /xingrg/kc/pszx/mdps_order_info.html?code=312023011700349 HTTP/1.1" 200 23978
120.253.135.82 - - [18/Jan/2023:09:19:01 +0800] "GET /xingrg/javascript/easyui/themes/default/validatebox.css HTTP/1.1" 404 1104
120.253.135.82 - - [18/Jan/2023:09:19:01 +0800] "POST /xingrg/kc/pszx/mdps_order_operate.html HTTP/1.1" 200 5889
114.83.217.78 - - [18/Jan/2023:09:19:04 +0800] "GET /xingrg/kc/buy/cgsh_order_operate.html?command=get_materiel&rest_code=00149&code=00101008318&supplier_code=00100008&order_time=2023-01-18 HTTP/1.1" 200 408
120.253.135.82 - - [18/Jan/2023:09:19:04 +0800] "POST /xingrg/kc/pszx/mdps_order_operate.html HTTP/1.1" 200 37
116.192.124.172 - - [18/Jan/2023:09:19:05 +0800] "GET /xingrg/all/function/internal_message.html?_=1674004771935&CODE_STATE=getMsg HTTP/1.1" 200 27
120.253.135.82 - - [18/Jan/2023:09:19:06 +0800] "POST /xingrg/kc/pszx/mdps_order_operate.html HTTP/1.1" 200 12
114.83.217.78 - - [18/Jan/2023:09:19:11 +0800] "GET /xingrg/all/function/internal_message.html?_=1674004764051&CODE_STATE=getMsg HTTP/1.1" 200 27
116.235.244.242 - - [18/Jan/2023:09:19:11 +0800] "GET /xingrg/all/function/internal_message.html?_=1674004775325&CODE_STATE=getMsg HTTP/1.1" 200 27
114.83.217.78 - - [18/Jan/2023:09:19:16 +0800] "GET /xingrg/kc/buy/cgsh_order_operate.html?command=get_materiel&rest_code=00149&code=00101008352&supplier_code=00100008&order_time=2023-01-18 HTTP/1.1" 200 412
114.84.81.136 - - [18/Jan/2023:09:19:21 +0800] "GET /xingrg/all/function/internal_message.html?_=1674004775937&CODE_STATE=getMsg HTTP/1.1" 200 27
116.192.124.172 - - [18/Jan/2023:09:19:21 +0800] "GET /xingrg/all/function/internal_message.html?_=1674004775875&CODE_STATE=getMsg HTTP/1.1" 302 -
114.83.217.78 - - [18/Jan/2023:09:19:23 +0800] "POST /xingrg/kc/buy/cgsh_order_operate.html HTTP/1.1" 200 2065
117.143.45.205 - - [18/Jan/2023:09:19:24 +0800] "GET /xingrg/all/function/internal_message.html?_=1674004773133&CODE_STATE=getMsg HTTP/1.1" 200 27
120.253.135.82 - - [18/Jan/2023:09:19:30 +0800] "GET /xingrg/kc/pszx/mdps_order_info.html?code=312023011700349 HTTP/1.1" 200 19638
120.253.135.82 - - [18/Jan/2023:09:19:30 +0800] "POST /xingrg/kc/pszx/mdps_order_operate.html HTTP/1.1" 200 4076
120.253.135.82 - - [18/Jan/2023:09:19:30 +0800] "GET /xingrg/javascript/easyui/themes/default/validatebox.css HTTP/1.1" 404 1104
120.253.135.82 - - [18/Jan/2023:09:19:31 +0800] "GET /xingrg/all/function/internal_message.html?_=1674004600676&CODE_STATE=getMsg HTTP/1.1" 200 27
116.230.105.139 - - [18/Jan/2023:09:19:31 +0800] "GET /xingrg/all/function/internal_message.html?_=1674004719305&CODE_STATE=getMsg HTTP/1.1" 200 27
120.253.135.82 - - [18/Jan/2023:09:19:31 +0800] "POST /xingrg/kc/pszx/mdps_list_operate.html HTTP/1.1" 200 2061
114.83.217.78 - - [18/Jan/2023:09:19:31 +0800] "GET /xingrg/kc/buy/cgsh_order_operate.html?command=get_materiel&rest_code=00149&code=00101008271&supplier_code=00100008&order_time=2023-01-18 HTTP/1.1" 200 408
120.253.135.82 - - [18/Jan/2023:09:19:33 +0800] "POST /xingrg/kc/pszx/mdps_list_operate.html HTTP/1.1" 200 208
120.253.135.82 - - [18/Jan/2023:09:19:35 +0800] "POST /xingrg/kc/pszx/mdps_list_operate.html HTTP/1.1" 200 458
114.83.217.78 - - [18/Jan/2023:09:19:42 +0800] "GET /xingrg/kc/buy/cgsh_order_operate.html?command=get_materiel&rest_code=00149&code=00101008060&supplier_code=00100008&order_time=2023-01-18 HTTP/1.1" 200 416
101.83.145.75 - - [18/Jan/2023:09:19:49 +0800] "GET /xingrg/all/function/internal_message.html?_=1674004803942&CODE_STATE=getMsg HTTP/1.1" 200 27
114.83.217.78 - - [18/Jan/2023:09:19:51 +0800] "GET /xingrg/kc/buy/cgsh_order_operate.html?command=get_materiel&rest_code=00149&code=00101008114&supplier_code=00100008&order_time=2023-01-18 HTTP/1.1" 200 413
222.70.177.10 - - [18/Jan/2023:09:19:54 +0800] "GET /xingrg/all/function/internal_message.html?_=1674004807340&CODE_STATE=getMsg HTTP/1.1" 200 27
116.238.139.35 - - [18/Jan/2023:09:19:54 +0800] "GET /xingrg/all/function/internal_message.html?_=1674004809275&CODE_STATE=getMsg HTTP/1.1" 200 27
222.70.177.10 - - [18/Jan/2023:09:19:58 +0800] "GET /xingrg/kc/buy/cgsh_order_operate.html?command=get_materiel&rest_code=00111&code=00101022111&supplier_code=00100004&order_time=2023-01-18 HTTP/1.1" 200 398
114.83.217.78 - - [18/Jan/2023:09:19:59 +0800] "GET /xingrg/kc/buy/cgsh_order_operate.html?command=get_materiel&rest_code=00149&code=00101012026&supplier_code=00100008&order_time=2023-01-18 HTTP/1.1" 200 424
116.192.124.172 - - [18/Jan/2023:09:20:05 +0800] "GET /xingrg/check_reg.html?_=1674004831934 HTTP/1.1" 200 22
116.192.124.172 - - [18/Jan/2023:09:20:05 +0800] "GET /xingrg/all/function/internal_message.html?_=1674004831937&CODE_STATE=getMsg HTTP/1.1" 200 27
222.70.177.10 - - [18/Jan/2023:09:20:05 +0800] "GET /xingrg/kc/buy/cgsh_order_operate.html?command=get_materiel&rest_code=00111&code=00101007085&supplier_code=00100004&order_time=2023-01-18 HTTP/1.1" 200 413
114.83.217.78 - - [18/Jan/2023:09:20:11 +0800] "GET /xingrg/all/function/internal_message.html?_=1674004824053&CODE_STATE=getMsg HTTP/1.1" 200 27
116.235.244.242 - - [18/Jan/2023:09:20:11 +0800] "GET /xingrg/all/function/internal_message.html?_=1674004835339&CODE_STATE=getMsg HTTP/1.1" 200 27
114.83.217.78 - - [18/Jan/2023:09:20:13 +0800] "GET /xingrg/kc/buy/cgsh_order_operate.html?command=get_materiel&rest_code=00149&code=00101010237&supplier_code=00100008&order_time=2023-01-18 HTTP/1.1" 200 434
222.70.177.10 - - [18/Jan/2023:09:20:16 +0800] "GET /xingrg/kc/buy/cgsh_order_operate.html?command=get_materiel&rest_code=00111&code=00101007061&supplier_code=00100004&order_time=2023-01-18 HTTP/1.1" 200 424
114.83.217.78 - - [18/Jan/2023:09:20:20 +0800] "POST /xingrg/kc/buy/cgsh_order_operate.html HTTP/1.1" 200 2065
114.84.81.136 - - [18/Jan/2023:09:20:21 +0800] "GET /xingrg/all/function/internal_message.html?_=1674004835911&CODE_STATE=getMsg HTTP/1.1" 200 27
116.192.124.172 - - [18/Jan/2023:09:20:21 +0800] "GET /xingrg/all/function/internal_message.html?_=1674004835858&CODE_STATE=getMsg HTTP/1.1" 302 -
120.253.135.82 - - [18/Jan/2023:09:20:23 +0800] "POST /xingrg/kc/pszx/mdps_list_operate.html HTTP/1.1" 200 4305
117.143.45.205 - - [18/Jan/2023:09:20:24 +0800] "GET /xingrg/all/function/internal_message.html?_=1674004833115&CODE_STATE=getMsg HTTP/1.1" 200 27
114.83.217.78 - - [18/Jan/2023:09:20:25 +0800] "GET /xingrg/kc/buy/cgsh_order_operate.html?command=get_materiel&rest_code=00149&code=00101019224&supplier_code=00100008&order_time=2023-01-18 HTTP/1.1" 200 408
120.253.135.82 - - [18/Jan/2023:09:20:31 +0800] "GET /xingrg/all/function/internal_message.html?_=1674004660690&CODE_STATE=getMsg HTTP/1.1" 200 27
116.230.105.139 - - [18/Jan/2023:09:20:31 +0800] "GET /xingrg/all/function/internal_message.html?_=1674004779298&CODE_STATE=getMsg HTTP/1.1" 200 27
222.70.177.10 - - [18/Jan/2023:09:20:33 +0800] "GET /xingrg/kc/buy/cgsh_order_operate.html?command=get_materiel&rest_code=00111&code=00101007081&supplier_code=00100004&order_time=2023-01-18 HTTP/1.1" 200 413
114.84.81.136 - - [18/Jan/2023:09:20:40 +0800] "GET /xingrg/check_reg.html?_=1674004855214 HTTP/1.1" 200 22
114.83.217.78 - - [18/Jan/2023:09:20:44 +0800] "POST /xingrg/kc/buy/cgsh_order_operate.html HTTP/1.1" 200 37
222.70.177.10 - - [18/Jan/2023:09:20:48 +0800] "POST /xingrg/kc/buy/cgsh_order_operate.html HTTP/1.1" 200 37
114.83.217.78 - - [18/Jan/2023:09:20:48 +0800] "POST /xingrg/kc/buy/cgsh_order_operate.html HTTP/1.1" 200 22777
120.253.135.82 - - [18/Jan/2023:09:20:49 +0800] "POST /xingrg/kc/pszx/mdps_list_operate.html HTTP/1.1" 200 632
101.83.145.75 - - [18/Jan/2023:09:20:49 +0800] "GET /xingrg/all/function/internal_message.html?_=1674004863911&CODE_STATE=getMsg HTTP/1.1" 200 27
120.253.135.82 - - [18/Jan/2023:09:20:50 +0800] "GET /xingrg/kc/pszx/mdps_order_info.html?code=312023011700359 HTTP/1.1" 200 23978
120.253.135.82 - - [18/Jan/2023:09:20:51 +0800] "GET /xingrg/javascript/easyui/themes/default/validatebox.css HTTP/1.1" 404 1104
120.253.135.82 - - [18/Jan/2023:09:20:51 +0800] "POST /xingrg/kc/pszx/mdps_order_operate.html HTTP/1.1" 200 20277
116.238.139.35 - - [18/Jan/2023:09:20:54 +0800] "GET /xingrg/all/function/internal_message.html?_=1674004869260&CODE_STATE=getMsg HTTP/1.1" 200 27
222.70.177.10 - - [18/Jan/2023:09:20:57 +0800] "POST /xingrg/kc/buy/cgsh_order_operate.html HTTP/1.1" 200 4435
120.253.135.82 - - [18/Jan/2023:09:20:58 +0800] "POST /xingrg/kc/pszx/mdps_order_operate.html HTTP/1.1" 200 37
120.253.135.82 - - [18/Jan/2023:09:21:00 +0800] "POST /xingrg/kc/pszx/mdps_order_operate.html HTTP/1.1" 200 12
116.192.124.172 - - [18/Jan/2023:09:21:05 +0800] "GET /xingrg/all/function/internal_message.html?_=1674004891932&CODE_STATE=getMsg HTTP/1.1" 200 27
120.253.135.82 - - [18/Jan/2023:09:21:06 +0800] "GET /xingrg/kc/pszx/mdps_order_info.html?code=312023011700359 HTTP/1.1" 200 19638
120.253.135.82 - - [18/Jan/2023:09:21:07 +0800] "POST /xingrg/kc/pszx/mdps_order_operate.html HTTP/1.1" 200 18353
120.253.135.82 - - [18/Jan/2023:09:21:07 +0800] "GET /xingrg/javascript/easyui/themes/default/validatebox.css HTTP/1.1" 404 1104
120.253.135.82 - - [18/Jan/2023:09:21:09 +0800] "POST /xingrg/kc/pszx/mdps_list_operate.html HTTP/1.1" 200 3931
114.83.217.78 - - [18/Jan/2023:09:21:11 +0800] "GET /xingrg/all/function/internal_message.html?_=1674004884032&CODE_STATE=getMsg HTTP/1.1" 200 27
116.235.244.242 - - [18/Jan/2023:09:21:11 +0800] "GET /xingrg/all/function/internal_message.html?_=1674004895493&CODE_STATE=getMsg HTTP/1.1" 200 27
116.235.244.242 - - [18/Jan/2023:09:21:21 +0800] "GET /xingrg/check_reg.html?_=1674004904945 HTTP/1.1" 200 22
114.84.81.136 - - [18/Jan/2023:09:21:21 +0800] "GET /xingrg/all/function/internal_message.html?_=1674004895888&CODE_STATE=getMsg HTTP/1.1" 200 27
116.192.124.172 - - [18/Jan/2023:09:21:21 +0800] "GET /xingrg/all/function/internal_message.html?_=1674004895839&CODE_STATE=getMsg HTTP/1.1" 302 -
117.143.45.205 - - [18/Jan/2023:09:21:24 +0800] "GET /xingrg/all/function/internal_message.html?_=1674004893088&CODE_STATE=getMsg HTTP/1.1" 200 27
116.238.139.35 - - [18/Jan/2023:09:21:24 +0800] "GET /xingrg/check_reg.html?_=1674004898717 HTTP/1.1" 200 22
120.253.135.82 - - [18/Jan/2023:09:21:30 +0800] "POST /xingrg/kc/pszx/mdps_list_operate.html HTTP/1.1" 200 608
120.253.135.82 - - [18/Jan/2023:09:21:31 +0800] "POST /xingrg/kc/pszx/mdps_list_operate.html HTTP/1.1" 200 215
120.253.135.82 - - [18/Jan/2023:09:21:31 +0800] "GET /xingrg/all/function/internal_message.html?_=1674004720704&CODE_STATE=getMsg HTTP/1.1" 200 27
116.230.105.139 - - [18/Jan/2023:09:21:31 +0800] "GET /xingrg/all/function/internal_message.html?_=1674004839311&CODE_STATE=getMsg HTTP/1.1" 200 27
120.253.135.82 - - [18/Jan/2023:09:21:31 +0800] "GET /xingrg/kc/pszx/mdps_order_info.html?code=312023011500290 HTTP/1.1" 200 23984
120.253.135.82 - - [18/Jan/2023:09:21:32 +0800] "POST /xingrg/kc/pszx/mdps_order_operate.html HTTP/1.1" 200 2308
120.253.135.82 - - [18/Jan/2023:09:21:32 +0800] "GET /xingrg/javascript/easyui/themes/default/validatebox.css HTTP/1.1" 404 1104
120.253.135.82 - - [18/Jan/2023:09:21:36 +0800] "POST /xingrg/kc/pszx/mdps_order_operate.html HTTP/1.1" 200 37
120.253.135.82 - - [18/Jan/2023:09:21:38 +0800] "POST /xingrg/kc/pszx/mdps_order_operate.html HTTP/1.1" 200 12
120.253.135.82 - - [18/Jan/2023:09:21:45 +0800] "GET /xingrg/kc/pszx/mdps_order_info.html?code=312023011500290 HTTP/1.1" 200 19644
120.253.135.82 - - [18/Jan/2023:09:21:46 +0800] "POST /xingrg/kc/pszx/mdps_order_operate.html HTTP/1.1" 200 528
120.253.135.82 - - [18/Jan/2023:09:21:46 +0800] "GET /xingrg/javascript/easyui/themes/default/validatebox.css HTTP/1.1" 404 1104
120.253.135.82 - - [18/Jan/2023:09:21:47 +0800] "POST /xingrg/kc/pszx/mdps_list_operate.html HTTP/1.1" 200 3549
114.83.217.78 - - [18/Jan/2023:09:21:48 +0800] "POST /xingrg/kc/buy/cgsh_order_operate.html HTTP/1.1" 200 37
101.83.145.75 - - [18/Jan/2023:09:21:49 +0800] "GET /xingrg/all/function/internal_message.html?_=1674004923883&CODE_STATE=getMsg HTTP/1.1" 200 27
120.253.135.82 - - [18/Jan/2023:09:21:50 +0800] "POST /xingrg/kc/pszx/mdps_list_operate.html HTTP/1.1" 200 372
101.83.145.75 - - [18/Jan/2023:09:21:50 +0800] "GET /xingrg/check_reg.html?_=1674004925477 HTTP/1.1" 200 22
120.253.135.82 - - [18/Jan/2023:09:21:52 +0800] "GET /xingrg/check_reg.html?_=1674004741530 HTTP/1.1" 200 22
120.253.135.82 - - [18/Jan/2023:09:21:52 +0800] "GET /xingrg/kc/pszx/mdps_order_info.html?code=312023011700363 HTTP/1.1" 200 23978
120.253.135.82 - - [18/Jan/2023:09:21:52 +0800] "POST /xingrg/kc/pszx/mdps_order_operate.html HTTP/1.1" 200 3313
120.253.135.82 - - [18/Jan/2023:09:21:52 +0800] "GET /xingrg/javascript/easyui/themes/default/validatebox.css HTTP/1.1" 404 1104
222.70.177.10 - - [18/Jan/2023:09:21:54 +0800] "GET /xingrg/all/function/internal_message.html?_=1674004927327&CODE_STATE=getMsg HTTP/1.1" 200 27
116.238.139.35 - - [18/Jan/2023:09:21:54 +0800] "GET /xingrg/all/function/internal_message.html?_=1674004929241&CODE_STATE=getMsg HTTP/1.1" 200 27
114.83.217.78 - - [18/Jan/2023:09:21:54 +0800] "POST /xingrg/kc/buy/cgsh_order_operate.html HTTP/1.1" 200 12
120.253.135.82 - - [18/Jan/2023:09:21:56 +0800] "POST /xingrg/kc/pszx/mdps_order_operate.html HTTP/1.1" 200 37
114.83.217.78 - - [18/Jan/2023:09:21:56 +0800] "GET /xingrg/kc/buy/cgsh_order_info.html?code=212023011805661 HTTP/1.1" 200 64692
114.83.217.78 - - [18/Jan/2023:09:21:57 +0800] "GET /xingrg/javascript/easyui/themes/default/validatebox.css HTTP/1.1" 404 1104
114.83.217.78 - - [18/Jan/2023:09:21:58 +0800] "POST /xingrg/kc/buy/cgsh_order_operate.html HTTP/1.1" 200 20722
120.253.135.82 - - [18/Jan/2023:09:21:58 +0800] "POST /xingrg/kc/pszx/mdps_order_operate.html HTTP/1.1" 200 12
114.83.217.78 - - [18/Jan/2023:09:22:02 +0800] "GET /xingrg/kc/print/load_config.html?kc_code=cgsh HTTP/1.1" 200 1943
114.83.217.78 - - [18/Jan/2023:09:22:02 +0800] "GET /xingrg/kc/print/load_data.html?order_code=212023011805661&kc_code=cgsh&condition= HTTP/1.1" 200 8329
116.192.124.172 - - [18/Jan/2023:09:22:05 +0800] "GET /xingrg/all/function/internal_message.html?_=1674004951930&CODE_STATE=getMsg HTTP/1.1" 200 27
120.253.135.82 - - [18/Jan/2023:09:22:06 +0800] "GET /xingrg/kc/pszx/mdps_order_info.html?code=312023011700363 HTTP/1.1" 200 19638
120.253.135.82 - - [18/Jan/2023:09:22:06 +0800] "POST /xingrg/kc/pszx/mdps_order_operate.html HTTP/1.1" 200 1529
120.253.135.82 - - [18/Jan/2023:09:22:06 +0800] "GET /xingrg/javascript/easyui/themes/default/validatebox.css HTTP/1.1" 404 1104
120.253.135.82 - - [18/Jan/2023:09:22:08 +0800] "POST /xingrg/kc/pszx/mdps_list_operate.html HTTP/1.1" 200 3177
114.83.217.78 - - [18/Jan/2023:09:22:11 +0800] "GET /xingrg/all/function/internal_message.html?_=1674004944012&CODE_STATE=getMsg HTTP/1.1" 200 27
114.83.217.78 - - [18/Jan/2023:09:22:11 +0800] "GET /xingrg/check_reg.html?_=1674004944015 HTTP/1.1" 200 22
116.235.244.242 - - [18/Jan/2023:09:22:11 +0800] "GET /xingrg/all/function/internal_message.html?_=1674004955505&CODE_STATE=getMsg HTTP/1.1" 200 27
120.253.135.82 - - [18/Jan/2023:09:22:11 +0800] "POST /xingrg/kc/pszx/mdps_list_operate.html HTTP/1.1" 200 203
120.253.135.82 - - [18/Jan/2023:09:22:12 +0800] "GET /xingrg/kc/pszx/mdps_order_info.html?code=312023011700362 HTTP/1.1" 200 23978
120.253.135.82 - - [18/Jan/2023:09:22:13 +0800] "POST /xingrg/kc/pszx/mdps_order_operate.html HTTP/1.1" 200 2283
120.253.135.82 - - [18/Jan/2023:09:22:13 +0800] "GET /xingrg/javascript/easyui/themes/default/validatebox.css HTTP/1.1" 404 1104
120.253.135.82 - - [18/Jan/2023:09:22:17 +0800] "POST /xingrg/kc/pszx/mdps_order_operate.html HTTP/1.1" 200 37
120.253.135.82 - - [18/Jan/2023:09:22:19 +0800] "POST /xingrg/kc/pszx/mdps_order_operate.html HTTP/1.1" 200 12
114.84.81.136 - - [18/Jan/2023:09:22:21 +0800] "GET /xingrg/all/function/internal_message.html?_=1674004955860&CODE_STATE=getMsg HTTP/1.1" 200 27
116.192.124.172 - - [18/Jan/2023:09:22:21 +0800] "GET /xingrg/all/function/internal_message.html?_=1674004955816&CODE_STATE=getMsg HTTP/1.1" 302 -
116.192.124.172 - - [18/Jan/2023:09:22:22 +0800] "GET /xingrg/check_reg.html?_=1674004956236 HTTP/1.1" 302 -
117.143.45.205 - - [18/Jan/2023:09:22:24 +0800] "GET /xingrg/all/function/internal_message.html?_=1674004953076&CODE_STATE=getMsg HTTP/1.1" 200 27
120.253.135.82 - - [18/Jan/2023:09:22:29 +0800] "GET /xingrg/kc/pszx/mdps_order_info.html?code=312023011700362 HTTP/1.1" 200 19638
120.253.135.82 - - [18/Jan/2023:09:22:29 +0800] "POST /xingrg/kc/pszx/mdps_order_operate.html HTTP/1.1" 200 502
120.253.135.82 - - [18/Jan/2023:09:22:29 +0800] "GET /xingrg/javascript/easyui/themes/default/validatebox.css HTTP/1.1" 404 1104
120.253.135.82 - - [18/Jan/2023:09:22:30 +0800] "POST /xingrg/kc/pszx/mdps_list_operate.html HTTP/1.1" 200 2805
120.253.135.82 - - [18/Jan/2023:09:22:31 +0800] "GET /xingrg/all/function/internal_message.html?_=1674004780719&CODE_STATE=getMsg HTTP/1.1" 200 27
116.230.105.139 - - [18/Jan/2023:09:22:31 +0800] "GET /xingrg/check_reg.html?_=1674004899315 HTTP/1.1" 200 22
116.230.105.139 - - [18/Jan/2023:09:22:31 +0800] "GET /xingrg/all/function/internal_message.html?_=1674004899319&CODE_STATE=getMsg HTTP/1.1" 200 27
120.253.135.82 - - [18/Jan/2023:09:22:33 +0800] "POST /xingrg/kc/pszx/mdps_list_operate.html HTTP/1.1" 200 278
120.253.135.82 - - [18/Jan/2023:09:22:33 +0800] "GET /xingrg/kc/pszx/mdps_order_info.html?code=312023011800382 HTTP/1.1" 200 23976
120.253.135.82 - - [18/Jan/2023:09:22:34 +0800] "POST /xingrg/kc/pszx/mdps_order_operate.html HTTP/1.1" 200 2782
120.253.135.82 - - [18/Jan/2023:09:22:34 +0800] "GET /xingrg/javascript/easyui/themes/default/validatebox.css HTTP/1.1" 404 1104
117.143.45.205 - - [18/Jan/2023:09:22:34 +0800] "GET /xingrg/check_reg.html?_=1674004963599 HTTP/1.1" 200 22
222.70.177.10 - - [18/Jan/2023:09:22:43 +0800] "GET /xingrg/kc/print/load_data.html?order_code=212023011805662&kc_code=cgsh&condition= HTTP/1.1" 200 1408
120.253.135.82 - - [18/Jan/2023:09:22:44 +0800] "POST /xingrg/kc/pszx/mdps_list_operate.html HTTP/1.1" 200 2805
101.83.145.75 - - [18/Jan/2023:09:22:49 +0800] "GET /xingrg/all/function/internal_message.html?_=1674004983859&CODE_STATE=getMsg HTTP/1.1" 200 27
222.70.177.10 - - [18/Jan/2023:09:22:51 +0800] "GET /xingrg/kc/buy/cgsh_order_add.html HTTP/1.1" 200 69657
120.253.135.82 - - [18/Jan/2023:09:22:51 +0800] "POST /xingrg/kc/pszx/mdps_list_operate.html HTTP/1.1" 200 278
222.70.177.10 - - [18/Jan/2023:09:22:52 +0800] "POST /xingrg/kc/buy/cgsh_order_operate.html HTTP/1.1" 200 8245
222.70.177.10 - - [18/Jan/2023:09:22:52 +0800] "GET /xingrg/javascript/easyui/themes/default/validatebox.css HTTP/1.1" 404 1104
120.253.135.82 - - [18/Jan/2023:09:22:52 +0800] "GET /xingrg/kc/pszx/mdps_order_info.html?code=312023011800382 HTTP/1.1" 200 23976
120.253.135.82 - - [18/Jan/2023:09:22:53 +0800] "POST /xingrg/kc/pszx/mdps_order_operate.html HTTP/1.1" 200 2782
120.253.135.82 - - [18/Jan/2023:09:22:53 +0800] "GET /xingrg/javascript/easyui/themes/default/validatebox.css HTTP/1.1" 404 1104
222.70.177.10 - - [18/Jan/2023:09:22:54 +0800] "GET /xingrg/all/function/internal_message.html?_=1674004987321&CODE_STATE=getMsg HTTP/1.1" 200 27
116.238.139.35 - - [18/Jan/2023:09:22:54 +0800] "GET /xingrg/all/function/internal_message.html?_=1674004989211&CODE_STATE=getMsg HTTP/1.1" 200 27
120.253.135.82 - - [18/Jan/2023:09:22:57 +0800] "POST /xingrg/kc/pszx/mdps_order_operate.html HTTP/1.1" 200 37
120.253.135.82 - - [18/Jan/2023:09:22:59 +0800] "POST /xingrg/kc/pszx/mdps_order_operate.html HTTP/1.1" 200 12
120.253.135.82 - - [18/Jan/2023:09:23:00 +0800] "GET /xingrg/kc/pszx/mdps_order_info.html?code=312023011800382 HTTP/1.1" 200 19636
120.253.135.82 - - [18/Jan/2023:09:23:01 +0800] "POST /xingrg/kc/pszx/mdps_order_operate.html HTTP/1.1" 200 999
120.253.135.82 - - [18/Jan/2023:09:23:01 +0800] "GET /xingrg/javascript/easyui/themes/default/validatebox.css HTTP/1.1" 404 1104
120.253.135.82 - - [18/Jan/2023:09:23:02 +0800] "POST /xingrg/kc/pszx/mdps_list_operate.html HTTP/1.1" 200 2435
120.253.135.82 - - [18/Jan/2023:09:23:04 +0800] "POST /xingrg/kc/pszx/mdps_list_operate.html HTTP/1.1" 200 371
116.192.124.172 - - [18/Jan/2023:09:23:05 +0800] "GET /xingrg/all/function/internal_message.html?_=1674005011929&CODE_STATE=getMsg HTTP/1.1" 200 27
120.253.135.82 - - [18/Jan/2023:09:23:07 +0800] "GET /xingrg/kc/pszx/mdps_order_info.html?code=312023011800383 HTTP/1.1" 200 23978
222.70.177.10 - - [18/Jan/2023:09:23:07 +0800] "GET /xingrg/kc/buy/cgsh_order_operate.html?command=get_materiel&rest_code=00111&code=00101008072&supplier_code=00100005&order_time=2023-01-18 HTTP/1.1" 200 408
120.253.135.82 - - [18/Jan/2023:09:23:07 +0800] "POST /xingrg/kc/pszx/mdps_order_operate.html HTTP/1.1" 200 3290
120.253.135.82 - - [18/Jan/2023:09:23:07 +0800] "GET /xingrg/javascript/easyui/themes/default/validatebox.css HTTP/1.1" 404 1104
114.83.217.78 - - [18/Jan/2023:09:23:11 +0800] "GET /xingrg/all/function/internal_message.html?_=1674005003992&CODE_STATE=getMsg HTTP/1.1" 200 27
120.253.135.82 - - [18/Jan/2023:09:23:11 +0800] "POST /xingrg/kc/pszx/mdps_order_operate.html HTTP/1.1" 200 37
116.235.244.242 - - [18/Jan/2023:09:23:11 +0800] "GET /xingrg/all/function/internal_message.html?_=1674005015519&CODE_STATE=getMsg HTTP/1.1" 200 27
120.253.135.82 - - [18/Jan/2023:09:23:13 +0800] "POST /xingrg/kc/pszx/mdps_order_operate.html HTTP/1.1" 200 12
120.253.135.82 - - [18/Jan/2023:09:23:13 +0800] "GET /xingrg/kc/pszx/mdps_order_info.html?code=312023011800383 HTTP/1.1" 200 19638
120.253.135.82 - - [18/Jan/2023:09:23:14 +0800] "POST /xingrg/kc/pszx/mdps_order_operate.html HTTP/1.1" 200 1504
120.253.135.82 - - [18/Jan/2023:09:23:14 +0800] "GET /xingrg/javascript/easyui/themes/default/validatebox.css HTTP/1.1" 404 1104
120.253.135.82 - - [18/Jan/2023:09:23:16 +0800] "POST /xingrg/kc/pszx/mdps_list_operate.html HTTP/1.1" 200 2064
120.253.135.82 - - [18/Jan/2023:09:23:17 +0800] "POST /xingrg/kc/pszx/mdps_list_operate.html HTTP/1.1" 200 608
120.253.135.82 - - [18/Jan/2023:09:23:18 +0800] "GET /xingrg/kc/pszx/mdps_order_info.html?code=312023011700360 HTTP/1.1" 200 23978
120.253.135.82 - - [18/Jan/2023:09:23:18 +0800] "GET /xingrg/javascript/easyui/themes/default/validatebox.css HTTP/1.1" 404 1104
120.253.135.82 - - [18/Jan/2023:09:23:18 +0800] "POST /xingrg/kc/pszx/mdps_order_operate.html HTTP/1.1" 200 8328
222.70.177.10 - - [18/Jan/2023:09:23:19 +0800] "GET /xingrg/kc/buy/cgsh_order_operate.html?command=get_materiel&rest_code=00111&code=00101008331&supplier_code=00100005&order_time=2023-01-18 HTTP/1.1" 200 431
114.84.81.136 - - [18/Jan/2023:09:23:21 +0800] "GET /xingrg/all/function/internal_message.html?_=1674005015856&CODE_STATE=getMsg HTTP/1.1" 200 27
116.192.124.172 - - [18/Jan/2023:09:23:21 +0800] "GET /xingrg/all/function/internal_message.html?_=1674005015817&CODE_STATE=getMsg HTTP/1.1" 302 -
120.253.135.82 - - [18/Jan/2023:09:23:23 +0800] "POST /xingrg/kc/pszx/mdps_order_operate.html HTTP/1.1" 200 37
117.143.45.205 - - [18/Jan/2023:09:23:24 +0800] "GET /xingrg/all/function/internal_message.html?_=1674005013063&CODE_STATE=getMsg HTTP/1.1" 200 27
120.253.135.82 - - [18/Jan/2023:09:23:25 +0800] "POST /xingrg/kc/pszx/mdps_order_operate.html HTTP/1.1" 200 12
120.253.135.82 - - [18/Jan/2023:09:23:26 +0800] "GET /xingrg/kc/pszx/mdps_order_info.html?code=312023011700360 HTTP/1.1" 200 19638
120.253.135.82 - - [18/Jan/2023:09:23:26 +0800] "POST /xingrg/kc/pszx/mdps_order_operate.html HTTP/1.1" 200 6470
120.253.135.82 - - [18/Jan/2023:09:23:26 +0800] "GET /xingrg/javascript/easyui/themes/default/validatebox.css HTTP/1.1" 404 1104
222.70.177.10 - - [18/Jan/2023:09:23:27 +0800] "GET /xingrg/kc/buy/cgsh_order_operate.html?command=get_materiel&rest_code=00111&code=00101008261&supplier_code=00100005&order_time=2023-01-18 HTTP/1.1" 200 408
120.253.135.82 - - [18/Jan/2023:09:23:28 +0800] "POST /xingrg/kc/pszx/mdps_list_operate.html HTTP/1.1" 200 1692
120.253.135.82 - - [18/Jan/2023:09:23:29 +0800] "POST /xingrg/kc/pszx/mdps_list_operate.html HTTP/1.1" 200 290
120.253.135.82 - - [18/Jan/2023:09:23:31 +0800] "GET /xingrg/all/function/internal_message.html?_=1674004840731&CODE_STATE=getMsg HTTP/1.1" 200 27
116.230.105.139 - - [18/Jan/2023:09:23:31 +0800] "GET /xingrg/all/function/internal_message.html?_=1674004959307&CODE_STATE=getMsg HTTP/1.1" 200 27
120.253.135.82 - - [18/Jan/2023:09:23:33 +0800] "GET /xingrg/kc/pszx/mdps_order_list.html?orderType=0 HTTP/1.1" 200 21073
120.253.135.82 - - [18/Jan/2023:09:23:33 +0800] "POST /xingrg/kc/pszx/mdps_list_operate.html HTTP/1.1" 200 5288
120.253.135.82 - - [18/Jan/2023:09:23:35 +0800] "GET /xingrg/kc/report/report_main.html HTTP/1.1" 200 8599
120.253.135.82 - - [18/Jan/2023:09:23:36 +0800] "GET /xingrg/kc/base/kc_stocks.html HTTP/1.1" 200 16506
120.253.135.82 - - [18/Jan/2023:09:23:37 +0800] "GET /xingrg/javascript/easyui/themes/default/tree.css HTTP/1.1" 404 1090
120.253.135.82 - - [18/Jan/2023:09:23:37 +0800] "POST /xingrg/all/common/load_tree.html?tree=materiel_sort_tree_json HTTP/1.1" 200 9500
120.253.135.82 - - [18/Jan/2023:09:23:38 +0800] "POST /xingrg/all/common/load_combo.html?type=base HTTP/1.1" 200 1169
120.253.135.82 - - [18/Jan/2023:09:23:48 +0800] "POST /xingrg/kc/base/stock_operate.html HTTP/1.1" 200 1469
101.83.145.75 - - [18/Jan/2023:09:23:49 +0800] "GET /xingrg/all/function/internal_message.html?_=1674005043863&CODE_STATE=getMsg HTTP/1.1" 200 27
120.253.135.82 - - [18/Jan/2023:09:23:52 +0800] "GET /xingrg/kc/base/stock_detail.html?m=00101036003 HTTP/1.1" 200 6433
120.253.135.82 - - [18/Jan/2023:09:23:53 +0800] "GET /xingrg/kc/base/stock_operate.html?_=1674004863166&command=get_report_file&start_day=20230101 HTTP/1.1" 200 53
120.253.135.82 - - [18/Jan/2023:09:23:53 +0800] "GET /xingrg/all/report/report_query.html?isQuery=1&onlyBody=1&rh=2000&fileName=kc/base/kc_stock_detail_new.xml&queryString=(1=1)&queryText=&tableQueryString=init_table$sp1$$sp$crk_table$sp1$order_day%20between%2020230101%20and%2020230131&varString=start_day:20230101,materiel_code:00101036003,cost_id:4020,end_date:20221031 HTTP/1.1" 200 48701
120.253.135.82 - - [18/Jan/2023:09:23:53 +0800] "GET /xingrg/dwr/engine.js HTTP/1.1" 200 43631
120.253.135.82 - - [18/Jan/2023:09:23:53 +0800] "GET /xingrg/dwr/interface/AjaxReportQueryService.js HTTP/1.1" 200 13203
222.70.177.10 - - [18/Jan/2023:09:23:54 +0800] "GET /xingrg/check_reg.html?_=1674005047312 HTTP/1.1" 200 22
222.70.177.10 - - [18/Jan/2023:09:23:54 +0800] "GET /xingrg/all/function/internal_message.html?_=1674005047313&CODE_STATE=getMsg HTTP/1.1" 200 27
120.253.135.82 - - [18/Jan/2023:09:23:54 +0800] "POST /xingrg/all/report/load_report_page.html HTTP/1.1" 200 78971
120.253.135.82 - - [18/Jan/2023:09:23:54 +0800] "GET /xingrg/servlets/image?cache=0.5763234203318666&image=px HTTP/1.1" 200 807
116.238.139.35 - - [18/Jan/2023:09:23:54 +0800] "GET /xingrg/all/function/internal_message.html?_=1674005049184&CODE_STATE=getMsg HTTP/1.1" 200 27
222.70.177.10 - - [18/Jan/2023:09:23:58 +0800] "GET /xingrg/kc/buy/cgsh_order_operate.html?command=get_materiel&rest_code=00111&code=00101008087&supplier_code=00100005&order_time=2023-01-18 HTTP/1.1" 200 412
124.78.158.225 - - [18/Jan/2023:09:24:00 +0800] "POST /xingrg/services/DataTransmitService HTTP/1.1" 200 524
120.253.135.82 - - [18/Jan/2023:09:24:01 +0800] "GET /xingrg/kc/guide/show_order.html?code=312023011700380&type=31 HTTP/1.1" 302 -
120.253.135.82 - - [18/Jan/2023:09:24:01 +0800] "GET /xingrg/kc/pszx/mdps_order_info.html?code=312023011700380&sysBaseUrl=http%3A%2F%2F180.169.147.146%3A18081%2Fxingrg%2F&costTime=0×tamp=1674005041390 HTTP/1.1" 200 19636
120.253.135.82 - - [18/Jan/2023:09:24:01 +0800] "GET /favicon.ico HTTP/1.1" 404 -
120.253.135.82 - - [18/Jan/2023:09:24:01 +0800] "GET /xingrg/javascript/easyui/themes/default/validatebox.css HTTP/1.1" 404 1104
120.253.135.82 - - [18/Jan/2023:09:24:01 +0800] "POST /xingrg/kc/pszx/mdps_order_operate.html HTTP/1.1" 200 994
120.253.135.82 - - [18/Jan/2023:09:24:02 +0800] "GET /xingrg/kc/guide/show_order.html?code=312023011700380&type=31 HTTP/1.1" 302 -
