116.230.105.139 - - [16/Jan/2023:09:14:22 +0800] "GET /xingrg/all/function/internal_message.html?_=1673831614499&CODE_STATE=getMsg HTTP/1.1" 200 27
116.238.139.35 - - [16/Jan/2023:09:14:25 +0800] "GET /xingrg/kc/buy/cgsh_order_operate.html?command=get_materiel&rest_code=00150&code=00101008131&supplier_code=00100008&order_time=2023-01-16 HTTP/1.1" 200 408
116.235.244.242 - - [16/Jan/2023:09:14:26 +0800] "GET /xingrg/all/function/internal_message.html?_=1673831682728&CODE_STATE=getMsg HTTP/1.1" 200 27
101.83.145.75 - - [16/Jan/2023:09:14:27 +0800] "GET /xingrg/kc/buy/cgsh_order_operate.html?command=get_materiel&rest_code=00105&code=00101008114&supplier_code=00100203&order_time=2023-01-16 HTTP/1.1" 200 412
116.192.124.172 - - [16/Jan/2023:09:14:31 +0800] "GET /xingrg/kc/buy/cgsh_order_operate.html?command=get_materiel&rest_code=00102&code=00101012029&supplier_code=00100096&order_time=2023-01-16 HTTP/1.1" 200 412
116.238.139.35 - - [16/Jan/2023:09:14:32 +0800] "GET /xingrg/kc/buy/cgsh_order_operate.html?command=get_materiel&rest_code=00150&code=00101008279&supplier_code=00100008&order_time=2023-01-16 HTTP/1.1" 200 412
114.83.217.78 - - [16/Jan/2023:09:14:34 +0800] "GET /xingrg/all/function/internal_message.html?_=1673831690171&CODE_STATE=getMsg HTTP/1.1" 200 27
116.238.139.35 - - [16/Jan/2023:09:14:39 +0800] "GET /xingrg/kc/buy/cgsh_order_operate.html?command=get_materiel&rest_code=00150&code=00101008318&supplier_code=00100008&order_time=2023-01-16 HTTP/1.1" 200 408
116.238.139.35 - - [16/Jan/2023:09:14:40 +0800] "GET /xingrg/all/function/internal_message.html?_=1673831696177&CODE_STATE=getMsg HTTP/1.1" 200 27
116.192.124.172 - - [16/Jan/2023:09:14:45 +0800] "GET /xingrg/check_reg.html?_=1673831701311 HTTP/1.1" 200 22
116.192.124.172 - - [16/Jan/2023:09:14:45 +0800] "GET /xingrg/all/function/internal_message.html?_=1673831701312&CODE_STATE=getMsg HTTP/1.1" 200 27
116.238.139.35 - - [16/Jan/2023:09:14:46 +0800] "GET /xingrg/kc/buy/cgsh_order_operate.html?command=get_materiel&rest_code=00150&code=00101008352&supplier_code=00100008&order_time=2023-01-16 HTTP/1.1" 200 412
116.192.124.172 - - [16/Jan/2023:09:14:47 +0800] "GET /xingrg/kc/buy/cgsh_order_operate.html?command=get_materiel&rest_code=00102&code=00101007077&supplier_code=00100096&order_time=2023-01-16 HTTP/1.1" 200 415
101.83.145.75 - - [16/Jan/2023:09:14:47 +0800] "GET /xingrg/all/function/internal_message.html?_=1673831702813&CODE_STATE=getMsg HTTP/1.1" 200 27
221.239.170.112 - - [16/Jan/2023:09:14:52 +0800] "GET /xingrg/all/function/internal_message.html?_=1673831703598&CODE_STATE=getMsg HTTP/1.1" 200 27
116.238.139.35 - - [16/Jan/2023:09:14:56 +0800] "GET /xingrg/kc/buy/cgsh_order_operate.html?command=get_materiel&rest_code=00150&code=00101008371&supplier_code=00100008&order_time=2023-01-16 HTTP/1.1" 200 412
116.192.124.172 - - [16/Jan/2023:09:15:01 +0800] "GET /xingrg/all/function/internal_message.html?_=1673831717747&CODE_STATE=getMsg HTTP/1.1" 200 27
116.238.139.35 - - [16/Jan/2023:09:15:05 +0800] "GET /xingrg/kc/buy/cgsh_order_operate.html?command=get_materiel&rest_code=00150&code=00101008005&supplier_code=00100008&order_time=2023-01-16 HTTP/1.1" 200 429
221.239.170.112 - - [16/Jan/2023:09:15:08 +0800] "GET /xingrg/check_reg.html?_=1673831719485 HTTP/1.1" 200 22
116.192.124.172 - - [16/Jan/2023:09:15:09 +0800] "GET /xingrg/kc/buy/cgsh_order_operate.html?command=get_materiel&rest_code=00102&code=00101007049&supplier_code=00100096&order_time=2023-01-16 HTTP/1.1" 200 424
116.238.139.35 - - [16/Jan/2023:09:15:15 +0800] "GET /xingrg/kc/buy/cgsh_order_operate.html?command=get_materiel&rest_code=00150&code=00101008353&supplier_code=00100008&order_time=2023-01-16 HTTP/1.1" 200 408
116.238.139.35 - - [16/Jan/2023:09:15:20 +0800] "POST /xingrg/kc/buy/cgsh_order_operate.html HTTP/1.1" 200 2065
101.83.145.75 - - [16/Jan/2023:09:15:20 +0800] "POST /xingrg/kc/buy/cgsh_order_operate.html HTTP/1.1" 200 37
116.230.105.139 - - [16/Jan/2023:09:15:21 +0800] "GET /xingrg/all/function/internal_message.html?_=1673831674485&CODE_STATE=getMsg HTTP/1.1" 200 27
101.83.145.75 - - [16/Jan/2023:09:15:23 +0800] "POST /xingrg/kc/buy/cgsh_order_operate.html HTTP/1.1" 200 25143
101.83.145.75 - - [16/Jan/2023:09:15:24 +0800] "GET /xingrg/kc/print/load_config.html?kc_code=cgsh HTTP/1.1" 200 1943
101.83.145.75 - - [16/Jan/2023:09:15:24 +0800] "GET /xingrg/kc/print/load_data.html?order_code=212023011604879&kc_code=cgsh&condition= HTTP/1.1" 200 9153
116.235.244.242 - - [16/Jan/2023:09:15:26 +0800] "GET /xingrg/all/function/internal_message.html?_=1673831742728&CODE_STATE=getMsg HTTP/1.1" 200 27
116.238.139.35 - - [16/Jan/2023:09:15:27 +0800] "GET /xingrg/kc/buy/cgsh_order_operate.html?command=get_materiel&rest_code=00150&code=00101008213&supplier_code=00100008&order_time=2023-01-16 HTTP/1.1" 200 412
180.169.147.146 - - [16/Jan/2023:09:15:32 +0800] "GET /xingrg/check_reg.html?_=1673831749195 HTTP/1.1" 200 22
114.83.217.78 - - [16/Jan/2023:09:15:34 +0800] "GET /xingrg/all/function/internal_message.html?_=1673831750172&CODE_STATE=getMsg HTTP/1.1" 200 27
116.238.139.35 - - [16/Jan/2023:09:15:39 +0800] "GET /xingrg/kc/buy/cgsh_order_operate.html?command=get_materiel&rest_code=00150&code=00101008312&supplier_code=00100008&order_time=2023-01-16 HTTP/1.1" 200 412
116.238.139.35 - - [16/Jan/2023:09:15:40 +0800] "GET /xingrg/all/function/internal_message.html?_=1673831756163&CODE_STATE=getMsg HTTP/1.1" 200 27
116.192.124.172 - - [16/Jan/2023:09:15:45 +0800] "GET /xingrg/all/function/internal_message.html?_=1673831761325&CODE_STATE=getMsg HTTP/1.1" 200 27
101.83.145.75 - - [16/Jan/2023:09:15:47 +0800] "GET /xingrg/all/function/internal_message.html?_=1673831762795&CODE_STATE=getMsg HTTP/1.1" 200 27
221.239.170.112 - - [16/Jan/2023:09:15:52 +0800] "GET /xingrg/all/function/internal_message.html?_=1673831763572&CODE_STATE=getMsg HTTP/1.1" 200 27
116.192.124.172 - - [16/Jan/2023:09:15:52 +0800] "POST /xingrg/kc/buy/cgsh_order_operate.html HTTP/1.1" 200 37
116.192.124.172 - - [16/Jan/2023:09:15:54 +0800] "GET /xingrg/javascript/jquery_easy_ui/themes/default/images/tabs_active.png HTTP/1.1" 200 2894
116.238.139.35 - - [16/Jan/2023:09:15:55 +0800] "GET /xingrg/kc/buy/cgsh_order_operate.html?command=get_materiel&rest_code=00150&code=00101015192&supplier_code=00100008&order_time=2023-01-16 HTTP/1.1" 200 395
116.192.124.172 - - [16/Jan/2023:09:15:59 +0800] "POST /xingrg/kc/buy/cgsh_order_operate.html HTTP/1.1" 200 12
116.192.124.172 - - [16/Jan/2023:09:16:01 +0800] "GET /xingrg/kc/buy/cgsh_order_info.html?code=212023011604886 HTTP/1.1" 200 64627
116.192.124.172 - - [16/Jan/2023:09:16:01 +0800] "GET /xingrg/javascript/easyui/themes/default/validatebox.css HTTP/1.1" 404 1104
116.192.124.172 - - [16/Jan/2023:09:16:01 +0800] "GET /xingrg/all/function/internal_message.html?_=1673831777723&CODE_STATE=getMsg HTTP/1.1" 200 27
116.192.124.172 - - [16/Jan/2023:09:16:02 +0800] "POST /xingrg/kc/buy/cgsh_order_operate.html HTTP/1.1" 200 5337
101.83.145.75 - - [16/Jan/2023:09:16:05 +0800] "GET /xingrg/kc/buy/cgsh_order_add.html HTTP/1.1" 200 69784
116.192.124.172 - - [16/Jan/2023:09:16:05 +0800] "GET /xingrg/kc/print/load_config.html?kc_code=cgsh HTTP/1.1" 200 1943
101.83.145.75 - - [16/Jan/2023:09:16:05 +0800] "GET /xingrg/javascript/easyui/themes/default/validatebox.css HTTP/1.1" 404 1104
116.192.124.172 - - [16/Jan/2023:09:16:05 +0800] "GET /xingrg/kc/print/load_data.html?order_code=212023011604886&kc_code=cgsh&condition= HTTP/1.1" 200 2455
101.83.145.75 - - [16/Jan/2023:09:16:06 +0800] "POST /xingrg/kc/buy/cgsh_order_operate.html HTTP/1.1" 200 8245
116.192.124.172 - - [16/Jan/2023:09:16:12 +0800] "GET /xingrg/kc/buy/cgsh_order_add.html HTTP/1.1" 200 69737
116.192.124.172 - - [16/Jan/2023:09:16:13 +0800] "GET /xingrg/javascript/easyui/themes/default/validatebox.css HTTP/1.1" 404 1104
116.192.124.172 - - [16/Jan/2023:09:16:13 +0800] "POST /xingrg/kc/buy/cgsh_order_operate.html HTTP/1.1" 200 8245
116.192.124.172 - - [16/Jan/2023:09:16:13 +0800] "GET /xingrg/javascript/easyui/plugins/jquery.draggable.js HTTP/1.1" 200 6121
116.192.124.172 - - [16/Jan/2023:09:16:14 +0800] "GET /xingrg/css/images/panel_loading.gif HTTP/1.1" 200 1737
116.192.124.172 - - [16/Jan/2023:09:16:14 +0800] "GET /xingrg/javascript/easyui/plugins/jquery.droppable.js HTTP/1.1" 200 1167
116.192.124.172 - - [16/Jan/2023:09:16:14 +0800] "GET /xingrg/javascript/easyui/themes/default/tree.css HTTP/1.1" 404 1090
116.192.124.172 - - [16/Jan/2023:09:16:14 +0800] "GET /xingrg/javascript/easyui/plugins/jquery.tree.js HTTP/1.1" 200 20874
116.192.124.172 - - [16/Jan/2023:09:16:14 +0800] "POST /xingrg/all/common/load_tree.html?tree=supplier_tree_json&isDelete=1 HTTP/1.1" 200 70488
116.192.124.172 - - [16/Jan/2023:09:16:15 +0800] "GET /xingrg/javascript/easyui/themes/default/images/tree_arrows.gif HTTP/1.1" 200 617
116.192.124.172 - - [16/Jan/2023:09:16:15 +0800] "GET /xingrg/javascript/easyui/themes/default/images/tree_folder_open.gif HTTP/1.1" 200 956
116.192.124.172 - - [16/Jan/2023:09:16:15 +0800] "GET /xingrg/javascript/easyui/themes/default/images/tree_file.gif HTTP/1.1" 200 118
116.192.124.172 - - [16/Jan/2023:09:16:15 +0800] "GET /xingrg/javascript/easyui/themes/default/images/tree_folder.gif HTTP/1.1" 200 952
116.230.105.139 - - [16/Jan/2023:09:16:21 +0800] "GET /xingrg/all/function/internal_message.html?_=1673831734465&CODE_STATE=getMsg HTTP/1.1" 200 27
116.238.139.35 - - [16/Jan/2023:09:16:24 +0800] "GET /xingrg/kc/buy/cgsh_order_operate.html?command=get_materiel&rest_code=00150&code=00101008019&supplier_code=00100008&order_time=2023-01-16 HTTP/1.1" 200 416
116.235.244.242 - - [16/Jan/2023:09:16:26 +0800] "GET /xingrg/all/function/internal_message.html?_=1673831803127&CODE_STATE=getMsg HTTP/1.1" 200 27
116.238.139.35 - - [16/Jan/2023:09:16:26 +0800] "POST /xingrg/kc/buy/cgsh_order_operate.html HTTP/1.1" 200 2065
116.235.244.242 - - [16/Jan/2023:09:16:34 +0800] "GET /xingrg/check_reg.html?_=1673831811108 HTTP/1.1" 200 22
114.83.217.78 - - [16/Jan/2023:09:16:34 +0800] "GET /xingrg/all/function/internal_message.html?_=1673831810173&CODE_STATE=getMsg HTTP/1.1" 200 27
114.83.217.78 - - [16/Jan/2023:09:16:34 +0800] "GET /xingrg/check_reg.html?_=1673831810175 HTTP/1.1" 200 22
116.238.139.35 - - [16/Jan/2023:09:16:35 +0800] "GET /xingrg/kc/buy/cgsh_order_operate.html?command=get_materiel&rest_code=00150&code=00101008168&supplier_code=00100008&order_time=2023-01-16 HTTP/1.1" 200 413
116.238.139.35 - - [16/Jan/2023:09:16:40 +0800] "GET /xingrg/check_reg.html?_=1673831816149 HTTP/1.1" 200 22
116.238.139.35 - - [16/Jan/2023:09:16:40 +0800] "GET /xingrg/all/function/internal_message.html?_=1673831816151&CODE_STATE=getMsg HTTP/1.1" 200 27
116.192.124.172 - - [16/Jan/2023:09:16:45 +0800] "GET /xingrg/all/function/internal_message.html?_=1673831821318&CODE_STATE=getMsg HTTP/1.1" 200 27
116.238.139.35 - - [16/Jan/2023:09:16:46 +0800] "GET /xingrg/kc/buy/cgsh_order_operate.html?command=get_materiel&rest_code=00150&code=00101009015&supplier_code=00100008&order_time=2023-01-16 HTTP/1.1" 200 416
101.83.145.75 - - [16/Jan/2023:09:16:47 +0800] "GET /xingrg/all/function/internal_message.html?_=1673831822777&CODE_STATE=getMsg HTTP/1.1" 200 27
221.239.170.112 - - [16/Jan/2023:09:16:52 +0800] "GET /xingrg/all/function/internal_message.html?_=1673831823559&CODE_STATE=getMsg HTTP/1.1" 200 27
116.238.139.35 - - [16/Jan/2023:09:16:56 +0800] "GET /xingrg/kc/buy/cgsh_order_operate.html?command=get_materiel&rest_code=00150&code=00101008061&supplier_code=00100008&order_time=2023-01-16 HTTP/1.1" 200 422
116.192.124.172 - - [16/Jan/2023:09:16:57 +0800] "GET /xingrg/kc/buy/cgsh_order_operate.html?command=get_materiel&rest_code=00102&code=00101009049&supplier_code=00100022&order_time=2023-01-16 HTTP/1.1" 200 418
116.192.124.172 - - [16/Jan/2023:09:17:01 +0800] "GET /xingrg/check_reg.html?_=1673831837741 HTTP/1.1" 200 22
116.192.124.172 - - [16/Jan/2023:09:17:01 +0800] "GET /xingrg/all/function/internal_message.html?_=1673831837742&CODE_STATE=getMsg HTTP/1.1" 200 27
116.238.139.35 - - [16/Jan/2023:09:17:05 +0800] "GET /xingrg/kc/buy/cgsh_order_operate.html?command=get_materiel&rest_code=00150&code=00101008095&supplier_code=00100008&order_time=2023-01-16 HTTP/1.1" 200 412
116.238.139.35 - - [16/Jan/2023:09:17:12 +0800] "GET /xingrg/kc/buy/cgsh_order_operate.html?command=get_materiel&rest_code=00150&code=00101008110&supplier_code=00100008&order_time=2023-01-16 HTTP/1.1" 200 408
116.238.139.35 - - [16/Jan/2023:09:17:17 +0800] "POST /xingrg/kc/buy/cgsh_order_operate.html HTTP/1.1" 200 2065
116.230.105.139 - - [16/Jan/2023:09:17:21 +0800] "GET /xingrg/all/function/internal_message.html?_=1673831794454&CODE_STATE=getMsg HTTP/1.1" 200 27
116.238.139.35 - - [16/Jan/2023:09:17:22 +0800] "GET /xingrg/kc/buy/cgsh_order_operate.html?command=get_materiel&rest_code=00150&code=00101008041&supplier_code=00100008&order_time=2023-01-16 HTTP/1.1" 200 408
116.235.244.242 - - [16/Jan/2023:09:17:26 +0800] "GET /xingrg/all/function/internal_message.html?_=1673831863130&CODE_STATE=getMsg HTTP/1.1" 200 27
116.238.139.35 - - [16/Jan/2023:09:17:31 +0800] "GET /xingrg/kc/buy/cgsh_order_operate.html?command=get_materiel&rest_code=00150&code=00101008283&supplier_code=00100008&order_time=2023-01-16 HTTP/1.1" 200 408
116.192.124.172 - - [16/Jan/2023:09:17:32 +0800] "GET /xingrg/kc/buy/cgsh_order_operate.html?command=get_materiel&rest_code=00102&code=00101009045&supplier_code=00100022&order_time=2023-01-16 HTTP/1.1" 200 412
114.83.217.78 - - [16/Jan/2023:09:17:34 +0800] "GET /xingrg/all/function/internal_message.html?_=1673831870199&CODE_STATE=getMsg HTTP/1.1" 200 27
116.238.139.35 - - [16/Jan/2023:09:17:40 +0800] "GET /xingrg/kc/buy/cgsh_order_operate.html?command=get_materiel&rest_code=00150&code=00101008298&supplier_code=00100008&order_time=2023-01-16 HTTP/1.1" 200 431
116.238.139.35 - - [16/Jan/2023:09:17:40 +0800] "GET /xingrg/all/function/internal_message.html?_=1673831876149&CODE_STATE=getMsg HTTP/1.1" 200 27
116.192.124.172 - - [16/Jan/2023:09:17:44 +0800] "GET /xingrg/kc/buy/cgsh_order_operate.html?command=get_materiel&rest_code=00102&code=00101009010&supplier_code=00100022&order_time=2023-01-16 HTTP/1.1" 200 412
116.192.124.172 - - [16/Jan/2023:09:17:45 +0800] "GET /xingrg/all/function/internal_message.html?_=1673831881342&CODE_STATE=getMsg HTTP/1.1" 200 27
114.88.159.190 - - [16/Jan/2023:09:17:45 +0800] "GET /xingrg/check_reg.html?_=1673831467343 HTTP/1.1" 200 22
114.83.222.182 - - [16/Jan/2023:09:17:46 +0800] "GET /xingrg/login.html HTTP/1.1" 200 7641
114.83.222.182 - - [16/Jan/2023:09:17:46 +0800] "GET /xingrg/images/blue/jxLogo.png HTTP/1.1" 200 6156
114.83.222.182 - - [16/Jan/2023:09:17:47 +0800] "GET /xingrg/images/blue/login_bg.png HTTP/1.1" 200 22101
114.83.222.182 - - [16/Jan/2023:09:17:47 +0800] "GET /xingrg/images/blue/hj.png HTTP/1.1" 200 1014
114.83.222.182 - - [16/Jan/2023:09:17:47 +0800] "GET /xingrg/images/blue/srbg.png HTTP/1.1" 200 138
101.83.145.75 - - [16/Jan/2023:09:17:47 +0800] "GET /xingrg/all/function/internal_message.html?_=1673831882746&CODE_STATE=getMsg HTTP/1.1" 200 27
114.83.222.182 - - [16/Jan/2023:09:17:47 +0800] "GET /favicon.ico HTTP/1.1" 404 -
114.83.222.182 - - [16/Jan/2023:09:17:49 +0800] "POST /xingrg/login.do HTTP/1.1" 302 -
114.83.222.182 - - [16/Jan/2023:09:17:49 +0800] "GET /xingrg/javascript/jquery_easy_ui/themes/icon.css HTTP/1.1" 200 3949
114.83.222.182 - - [16/Jan/2023:09:17:49 +0800] "GET /xingrg/index.html?sysBaseUrl=http%3A%2F%2F180.169.147.146%3A18081%2Fxingrg%2F&costTime=39×tamp=1673831869095 HTTP/1.1" 200 17179
114.83.222.182 - - [16/Jan/2023:09:17:49 +0800] "GET /xingrg/javascript/jquery.form.js HTTP/1.1" 200 23110
114.83.222.182 - - [16/Jan/2023:09:17:49 +0800] "GET /xingrg/javascript/jquery_easy_ui/themes/default/easyui.css HTTP/1.1" 200 26500
114.83.222.182 - - [16/Jan/2023:09:17:49 +0800] "GET /xingrg/css/form.css HTTP/1.1" 200 893
114.83.222.182 - - [16/Jan/2023:09:17:49 +0800] "GET /xingrg/javascript/jquery-1.4.2.min.js HTTP/1.1" 200 72205
114.83.222.182 - - [16/Jan/2023:09:17:49 +0800] "GET /favicon.ico HTTP/1.1" 404 -
114.83.222.182 - - [16/Jan/2023:09:17:49 +0800] "GET /xingrg/javascript/jquery_easy_ui/jquery.easyui.min.js HTTP/1.1" 200 213662
114.83.222.182 - - [16/Jan/2023:09:17:49 +0800] "GET /xingrg/javascript/jquery_easy_ui/easyui-lang-zh_CN.js HTTP/1.1" 200 1900
114.83.222.182 - - [16/Jan/2023:09:17:49 +0800] "GET /xingrg/javascript/jquery.timers.js HTTP/1.1" 200 3532
114.83.222.182 - - [16/Jan/2023:09:17:49 +0800] "GET /xingrg/javascript/jquery_easy_ui/themes/icons/settle_new.png HTTP/1.1" 200 826
114.83.222.182 - - [16/Jan/2023:09:17:49 +0800] "GET /xingrg/images/blue/navBackgound.jpg HTTP/1.1" 200 12378
114.83.222.182 - - [16/Jan/2023:09:17:49 +0800] "POST /xingrg/all/common/load_tree.html?tree=area_rest_tree_json&manage=1 HTTP/1.1" 200 351
114.83.222.182 - - [16/Jan/2023:09:17:49 +0800] "GET /xingrg/all/function/internal_message.html?_=1673831973901&CODE_STATE=count HTTP/1.1" 200 11
114.83.222.182 - - [16/Jan/2023:09:17:49 +0800] "GET /xingrg/check_reg.html?_=1673831973902 HTTP/1.1" 200 22
114.83.222.182 - - [16/Jan/2023:09:17:49 +0800] "GET /xingrg/images/blue/pingpu.png HTTP/1.1" 200 231
114.83.222.182 - - [16/Jan/2023:09:17:49 +0800] "GET /xingrg/javascript/jquery_easy_ui/themes/default/images/tabs_leftarrow.png HTTP/1.1" 200 389
114.83.222.182 - - [16/Jan/2023:09:17:49 +0800] "GET /xingrg/javascript/jquery_easy_ui/themes/default/images/tabs_rightarrow.png HTTP/1.1" 200 395
114.83.222.182 - - [16/Jan/2023:09:17:49 +0800] "GET /xingrg/javascript/jquery_easy_ui/themes/default/images/panel_tool_collapse.gif HTTP/1.1" 200 246
114.83.222.182 - - [16/Jan/2023:09:17:49 +0800] "POST /xingrg/load_menu.html HTTP/1.1" 200 5138
114.83.222.182 - - [16/Jan/2023:09:17:49 +0800] "GET /xingrg/javascript/jquery_easy_ui/themes/default/images/tree_arrows.gif HTTP/1.1" 200 1043
114.83.222.182 - - [16/Jan/2023:09:17:49 +0800] "GET /xingrg/javascript/jquery_easy_ui/themes/default/images/tree_folder_open.gif HTTP/1.1" 200 956
114.83.222.182 - - [16/Jan/2023:09:17:49 +0800] "GET /xingrg/javascript/jquery_easy_ui/themes/icons/search_new.png HTTP/1.1" 200 586
114.83.222.182 - - [16/Jan/2023:09:17:49 +0800] "GET /xingrg/javascript/jquery_easy_ui/themes/default/images/tree_folder.gif HTTP/1.1" 200 952
114.83.222.182 - - [16/Jan/2023:09:17:49 +0800] "GET /xingrg/javascript/jquery_easy_ui/themes/icons/storage_new.png HTTP/1.1" 200 853
114.83.222.182 - - [16/Jan/2023:09:17:49 +0800] "GET /xingrg/javascript/jquery_easy_ui/themes/icons/forms_new.png HTTP/1.1" 200 350
114.83.222.182 - - [16/Jan/2023:09:17:49 +0800] "GET /xingrg/javascript/jquery_easy_ui/themes/default/images/tree_file.gif HTTP/1.1" 200 118
221.239.170.112 - - [16/Jan/2023:09:17:52 +0800] "GET /xingrg/all/function/internal_message.html?_=1673831883545&CODE_STATE=getMsg HTTP/1.1" 200 27
116.192.124.172 - - [16/Jan/2023:09:17:54 +0800] "POST /xingrg/kc/buy/cgsh_order_operate.html HTTP/1.1" 200 37
116.192.124.172 - - [16/Jan/2023:09:17:57 +0800] "POST /xingrg/kc/buy/cgsh_order_operate.html HTTP/1.1" 200 12
116.192.124.172 - - [16/Jan/2023:09:17:59 +0800] "GET /xingrg/kc/buy/cgsh_order_info.html?code=212023011604887 HTTP/1.1" 200 64635
116.192.124.172 - - [16/Jan/2023:09:17:59 +0800] "GET /xingrg/javascript/easyui/themes/default/validatebox.css HTTP/1.1" 404 1104
114.83.217.78 - - [16/Jan/2023:09:17:59 +0800] "GET /xingrg/kc/buy/cgsh_order_operate.html?command=get_materiel&rest_code=00149&code=00101008356&supplier_code=00100008&order_time=2023-01-16 HTTP/1.1" 200 408
116.192.124.172 - - [16/Jan/2023:09:18:00 +0800] "POST /xingrg/kc/buy/cgsh_order_operate.html HTTP/1.1" 200 1798
116.192.124.172 - - [16/Jan/2023:09:18:01 +0800] "GET /xingrg/all/function/internal_message.html?_=1673831897738&CODE_STATE=getMsg HTTP/1.1" 200 27
116.192.124.172 - - [16/Jan/2023:09:18:08 +0800] "GET /xingrg/kc/print/load_data.html?order_code=212023011604887&kc_code=cgsh&condition= HTTP/1.1" 200 1172
114.83.217.78 - - [16/Jan/2023:09:18:10 +0800] "GET /xingrg/kc/buy/cgsh_order_operate.html?command=get_materiel&rest_code=00149&code=00101008300&supplier_code=00100008&order_time=2023-01-16 HTTP/1.1" 200 412
101.83.145.75 - - [16/Jan/2023:09:18:11 +0800] "GET /xingrg/check_reg.html?_=1673831906798 HTTP/1.1" 200 22
116.230.105.139 - - [16/Jan/2023:09:18:13 +0800] "GET /xingrg/check_reg.html?_=1673831845685 HTTP/1.1" 200 22
116.192.124.172 - - [16/Jan/2023:09:18:15 +0800] "GET /xingrg/kc/buy/cgsh_order_add.html HTTP/1.1" 200 69737
116.192.124.172 - - [16/Jan/2023:09:18:15 +0800] "POST /xingrg/kc/buy/cgsh_order_operate.html HTTP/1.1" 200 8245
116.192.124.172 - - [16/Jan/2023:09:18:15 +0800] "GET /xingrg/javascript/easyui/themes/default/validatebox.css HTTP/1.1" 404 1104
114.83.217.78 - - [16/Jan/2023:09:18:21 +0800] "GET /xingrg/kc/buy/cgsh_order_operate.html?command=get_materiel&rest_code=00149&code=00101008251&supplier_code=00100008&order_time=2023-01-16 HTTP/1.1" 200 423
116.230.105.139 - - [16/Jan/2023:09:18:21 +0800] "GET /xingrg/all/function/internal_message.html?_=1673831854438&CODE_STATE=getMsg HTTP/1.1" 200 27
116.235.244.242 - - [16/Jan/2023:09:18:26 +0800] "GET /xingrg/all/function/internal_message.html?_=1673831923143&CODE_STATE=getMsg HTTP/1.1" 200 27
114.83.217.78 - - [16/Jan/2023:09:18:32 +0800] "GET /xingrg/kc/buy/cgsh_order_operate.html?command=get_materiel&rest_code=00149&code=00101008439&supplier_code=00100008&order_time=2023-01-16 HTTP/1.1" 200 412
114.83.217.78 - - [16/Jan/2023:09:18:34 +0800] "GET /xingrg/all/function/internal_message.html?_=1673831930217&CODE_STATE=getMsg HTTP/1.1" 200 27
114.83.217.78 - - [16/Jan/2023:09:18:35 +0800] "POST /xingrg/kc/buy/cgsh_order_operate.html HTTP/1.1" 200 2065
116.238.139.35 - - [16/Jan/2023:09:18:40 +0800] "GET /xingrg/all/function/internal_message.html?_=1673831936162&CODE_STATE=getMsg HTTP/1.1" 200 27
114.83.217.78 - - [16/Jan/2023:09:18:41 +0800] "GET /xingrg/kc/buy/cgsh_order_operate.html?command=get_materiel&rest_code=00149&code=00101008360&supplier_code=00100008&order_time=2023-01-16 HTTP/1.1" 200 428
116.192.124.172 - - [16/Jan/2023:09:18:45 +0800] "GET /xingrg/all/function/internal_message.html?_=1673831941330&CODE_STATE=getMsg HTTP/1.1" 200 27
101.83.145.75 - - [16/Jan/2023:09:18:47 +0800] "GET /xingrg/all/function/internal_message.html?_=1673831942719&CODE_STATE=getMsg HTTP/1.1" 200 27
114.83.222.182 - - [16/Jan/2023:09:18:49 +0800] "GET /xingrg/all/function/internal_message.html?_=1673832033929&CODE_STATE=getMsg HTTP/1.1" 200 27
221.239.170.112 - - [16/Jan/2023:09:18:52 +0800] "GET /xingrg/all/function/internal_message.html?_=1673831943530&CODE_STATE=getMsg HTTP/1.1" 200 27
101.83.145.75 - - [16/Jan/2023:09:18:55 +0800] "GET /xingrg/kc/buy/cgsh_order_operate.html?command=get_materiel&rest_code=00105&code=00101002027&supplier_code=00100397&order_time=2023-01-16 HTTP/1.1" 200 429
114.83.217.78 - - [16/Jan/2023:09:18:57 +0800] "GET /xingrg/kc/buy/cgsh_order_operate.html?command=get_materiel&rest_code=00149&code=00101008077&supplier_code=00100008&order_time=2023-01-16 HTTP/1.1" 200 431
116.192.124.172 - - [16/Jan/2023:09:19:01 +0800] "GET /xingrg/all/function/internal_message.html?_=1673831957736&CODE_STATE=getMsg HTTP/1.1" 200 27
114.83.217.78 - - [16/Jan/2023:09:19:07 +0800] "GET /xingrg/kc/buy/cgsh_order_operate.html?command=get_materiel&rest_code=00149&code=00101008223&supplier_code=00100008&order_time=2023-01-16 HTTP/1.1" 200 412
116.238.139.35 - - [16/Jan/2023:09:19:11 +0800] "POST /xingrg/kc/buy/cgsh_order_operate.html HTTP/1.1" 200 37
116.238.139.35 - - [16/Jan/2023:09:19:12 +0800] "POST /xingrg/kc/buy/cgsh_order_operate.html HTTP/1.1" 200 21621
101.83.145.75 - - [16/Jan/2023:09:19:13 +0800] "GET /xingrg/kc/buy/cgsh_order_operate.html?command=get_materiel&rest_code=00105&code=00101001023&supplier_code=00100397&order_time=2023-01-16 HTTP/1.1" 200 413
116.230.105.139 - - [16/Jan/2023:09:19:21 +0800] "GET /xingrg/all/function/internal_message.html?_=1673831914419&CODE_STATE=getMsg HTTP/1.1" 200 27
116.235.244.242 - - [16/Jan/2023:09:19:26 +0800] "GET /xingrg/all/function/internal_message.html?_=1673831983377&CODE_STATE=getMsg HTTP/1.1" 200 27
101.83.145.75 - - [16/Jan/2023:09:19:34 +0800] "GET /xingrg/kc/buy/cgsh_order_operate.html?command=get_materiel&rest_code=00105&code=00101001075&supplier_code=00100397&order_time=2023-01-16 HTTP/1.1" 200 409
114.83.217.78 - - [16/Jan/2023:09:19:34 +0800] "GET /xingrg/all/function/internal_message.html?_=1673831990196&CODE_STATE=getMsg HTTP/1.1" 200 27
116.238.139.35 - - [16/Jan/2023:09:19:40 +0800] "GET /xingrg/all/function/internal_message.html?_=1673831996161&CODE_STATE=getMsg HTTP/1.1" 200 27
116.192.124.172 - - [16/Jan/2023:09:19:45 +0800] "GET /xingrg/check_reg.html?_=1673832001330 HTTP/1.1" 200 22
116.192.124.172 - - [16/Jan/2023:09:19:45 +0800] "GET /xingrg/all/function/internal_message.html?_=1673832001332&CODE_STATE=getMsg HTTP/1.1" 200 27
101.83.145.75 - - [16/Jan/2023:09:19:47 +0800] "GET /xingrg/all/function/internal_message.html?_=1673832002715&CODE_STATE=getMsg HTTP/1.1" 200 27
114.83.222.182 - - [16/Jan/2023:09:19:49 +0800] "GET /xingrg/all/function/internal_message.html?_=1673832093923&CODE_STATE=getMsg HTTP/1.1" 200 27
221.239.170.112 - - [16/Jan/2023:09:19:52 +0800] "GET /xingrg/all/function/internal_message.html?_=1673832003517&CODE_STATE=getMsg HTTP/1.1" 200 27
116.192.124.172 - - [16/Jan/2023:09:20:01 +0800] "GET /xingrg/all/function/internal_message.html?_=1673832017720&CODE_STATE=getMsg HTTP/1.1" 200 27
101.83.145.75 - - [16/Jan/2023:09:20:03 +0800] "POST /xingrg/kc/buy/cgsh_order_operate.html HTTP/1.1" 200 37
101.83.145.75 - - [16/Jan/2023:09:20:04 +0800] "POST /xingrg/kc/buy/cgsh_order_operate.html HTTP/1.1" 200 4434
101.83.145.75 - - [16/Jan/2023:09:20:06 +0800] "GET /xingrg/kc/print/load_data.html?order_code=212023011604889&kc_code=cgsh&condition= HTTP/1.1" 200 1349
221.239.170.112 - - [16/Jan/2023:09:20:08 +0800] "GET /xingrg/check_reg.html?_=1673832019463 HTTP/1.1" 200 22
116.230.105.139 - - [16/Jan/2023:09:20:21 +0800] "GET /xingrg/all/function/internal_message.html?_=1673831974447&CODE_STATE=getMsg HTTP/1.1" 200 27
114.83.217.78 - - [16/Jan/2023:09:20:25 +0800] "GET /xingrg/kc/buy/cgsh_order_operate.html?command=get_materiel&rest_code=00149&code=00101008357&supplier_code=00100008&order_time=2023-01-16 HTTP/1.1" 200 408
116.235.244.242 - - [16/Jan/2023:09:20:26 +0800] "GET /xingrg/all/function/internal_message.html?_=1673832043389&CODE_STATE=getMsg HTTP/1.1" 200 27
180.169.147.146 - - [16/Jan/2023:09:20:32 +0800] "GET /xingrg/check_reg.html?_=1673832049179 HTTP/1.1" 200 22
114.83.217.78 - - [16/Jan/2023:09:20:34 +0800] "GET /xingrg/all/function/internal_message.html?_=1673832050188&CODE_STATE=getMsg HTTP/1.1" 200 27
116.238.139.35 - - [16/Jan/2023:09:20:40 +0800] "GET /xingrg/all/function/internal_message.html?_=1673832056168&CODE_STATE=getMsg HTTP/1.1" 200 27
114.83.217.78 - - [16/Jan/2023:09:20:41 +0800] "POST /xingrg/kc/buy/cgsh_order_operate.html HTTP/1.1" 200 2065
116.192.124.172 - - [16/Jan/2023:09:20:45 +0800] "GET /xingrg/all/function/internal_message.html?_=1673832061329&CODE_STATE=getMsg HTTP/1.1" 200 27
101.83.145.75 - - [16/Jan/2023:09:20:47 +0800] "GET /xingrg/all/function/internal_message.html?_=1673832062699&CODE_STATE=getMsg HTTP/1.1" 200 27
114.83.222.182 - - [16/Jan/2023:09:20:49 +0800] "GET /xingrg/all/function/internal_message.html?_=1673832153915&CODE_STATE=getMsg HTTP/1.1" 200 27
114.83.217.78 - - [16/Jan/2023:09:20:52 +0800] "GET /xingrg/kc/buy/cgsh_order_operate.html?command=get_materiel&rest_code=00149&code=00101008069&supplier_code=00100008&order_time=2023-01-16 HTTP/1.1" 200 412
221.239.170.112 - - [16/Jan/2023:09:20:52 +0800] "GET /xingrg/all/function/internal_message.html?_=1673832063490&CODE_STATE=getMsg HTTP/1.1" 200 27
116.192.124.172 - - [16/Jan/2023:09:21:02 +0800] "GET /xingrg/all/function/internal_message.html?_=1673832077741&CODE_STATE=getMsg HTTP/1.1" 200 27
116.238.139.35 - - [16/Jan/2023:09:21:10 +0800] "POST /xingrg/kc/buy/cgsh_order_operate.html HTTP/1.1" 200 37
116.238.139.35 - - [16/Jan/2023:09:21:14 +0800] "POST /xingrg/kc/buy/cgsh_order_operate.html HTTP/1.1" 200 12
116.238.139.35 - - [16/Jan/2023:09:21:15 +0800] "GET /xingrg/kc/buy/cgsh_order_info.html?code=212023011604888 HTTP/1.1" 200 64604
116.238.139.35 - - [16/Jan/2023:09:21:16 +0800] "GET /xingrg/javascript/easyui/themes/default/validatebox.css HTTP/1.1" 404 1104
116.238.139.35 - - [16/Jan/2023:09:21:16 +0800] "POST /xingrg/kc/buy/cgsh_order_operate.html HTTP/1.1" 200 19565
116.237.79.77 - - [16/Jan/2023:09:21:17 +0800] "GET /favicon.ico HTTP/1.1" 404 -
116.230.105.139 - - [16/Jan/2023:09:21:22 +0800] "GET /xingrg/all/function/internal_message.html?_=1673832034432&CODE_STATE=getMsg HTTP/1.1" 200 27
116.238.139.35 - - [16/Jan/2023:09:21:26 +0800] "GET /xingrg/kc/print/load_config.html?kc_code=cgsh HTTP/1.1" 200 1943
116.238.139.35 - - [16/Jan/2023:09:21:26 +0800] "GET /xingrg/kc/print/load_data.html?order_code=212023011604888&kc_code=cgsh&condition= HTTP/1.1" 200 7901
116.235.244.242 - - [16/Jan/2023:09:21:26 +0800] "GET /xingrg/all/function/internal_message.html?_=1673832103663&CODE_STATE=getMsg HTTP/1.1" 200 27
114.83.217.78 - - [16/Jan/2023:09:21:27 +0800] "GET /xingrg/kc/buy/cgsh_order_operate.html?command=get_materiel&rest_code=00149&code=00101008286&supplier_code=00100008&order_time=2023-01-16 HTTP/1.1" 200 424
116.237.79.77 - - [16/Jan/2023:09:21:30 +0800] "GET /xingrg/login.html?r=1 HTTP/1.1" 200 7641
116.237.79.77 - - [16/Jan/2023:09:21:30 +0800] "GET /xingrg/images/blue/jxLogo.png HTTP/1.1" 304 -
116.237.79.77 - - [16/Jan/2023:09:21:31 +0800] "GET /xingrg/images/blue/login_bg.png HTTP/1.1" 304 -
116.237.79.77 - - [16/Jan/2023:09:21:31 +0800] "GET /xingrg/images/blue/srbg.png HTTP/1.1" 304 -
116.237.79.77 - - [16/Jan/2023:09:21:31 +0800] "GET /xingrg/images/blue/hj.png HTTP/1.1" 304 -
116.237.79.77 - - [16/Jan/2023:09:21:31 +0800] "GET /favicon.ico HTTP/1.1" 404 -
116.235.244.242 - - [16/Jan/2023:09:21:34 +0800] "GET /xingrg/check_reg.html?_=1673832111109 HTTP/1.1" 200 22
116.237.79.77 - - [16/Jan/2023:09:21:34 +0800] "POST /xingrg/login.do HTTP/1.1" 302 -
116.237.79.77 - - [16/Jan/2023:09:21:34 +0800] "GET /xingrg/javascript/jquery_easy_ui/themes/default/easyui.css HTTP/1.1" 304 -
116.237.79.77 - - [16/Jan/2023:09:21:34 +0800] "GET /xingrg/javascript/jquery_easy_ui/themes/icon.css HTTP/1.1" 304 -
116.237.79.77 - - [16/Jan/2023:09:21:34 +0800] "GET /xingrg/index.html?sysBaseUrl=http%3A%2F%2F180.169.147.146%3A18081%2Fxingrg%2F&costTime=41×tamp=1673832094756 HTTP/1.1" 200 17173
116.237.79.77 - - [16/Jan/2023:09:21:34 +0800] "GET /xingrg/javascript/jquery_easy_ui/jquery.easyui.min.js HTTP/1.1" 304 -
116.237.79.77 - - [16/Jan/2023:09:21:34 +0800] "GET /xingrg/javascript/jquery_easy_ui/easyui-lang-zh_CN.js HTTP/1.1" 304 -
116.237.79.77 - - [16/Jan/2023:09:21:34 +0800] "GET /xingrg/css/form.css HTTP/1.1" 304 -
116.237.79.77 - - [16/Jan/2023:09:21:34 +0800] "GET /xingrg/javascript/jquery-1.4.2.min.js HTTP/1.1" 304 -
116.237.79.77 - - [16/Jan/2023:09:21:34 +0800] "GET /favicon.ico HTTP/1.1" 404 -
116.237.79.77 - - [16/Jan/2023:09:21:34 +0800] "GET /xingrg/javascript/jquery.timers.js HTTP/1.1" 304 -
116.237.79.77 - - [16/Jan/2023:09:21:34 +0800] "GET /xingrg/javascript/jquery.utils.js HTTP/1.1" 304 -
116.237.79.77 - - [16/Jan/2023:09:21:34 +0800] "GET /xingrg/javascript/jquery.form.js HTTP/1.1" 304 -
114.83.217.78 - - [16/Jan/2023:09:21:34 +0800] "GET /xingrg/all/function/internal_message.html?_=1673832110221&CODE_STATE=getMsg HTTP/1.1" 200 27
114.83.217.78 - - [16/Jan/2023:09:21:34 +0800] "GET /xingrg/check_reg.html?_=1673832110248 HTTP/1.1" 200 22
116.237.79.77 - - [16/Jan/2023:09:21:35 +0800] "GET /xingrg/javascript/jquery_easy_ui/themes/icons/settle_new.png HTTP/1.1" 304 -
116.237.79.77 - - [16/Jan/2023:09:21:35 +0800] "GET /xingrg/images/blue/navBackgound.jpg HTTP/1.1" 304 -
116.237.79.77 - - [16/Jan/2023:09:21:35 +0800] "POST /xingrg/all/common/load_tree.html?tree=area_rest_tree_json&manage=1 HTTP/1.1" 200 342
116.237.79.77 - - [16/Jan/2023:09:21:35 +0800] "GET /xingrg/all/function/internal_message.html?_=1673832112292&CODE_STATE=count HTTP/1.1" 200 11
116.237.79.77 - - [16/Jan/2023:09:21:35 +0800] "GET /xingrg/check_reg.html?_=1673832112293 HTTP/1.1" 200 22
116.237.79.77 - - [16/Jan/2023:09:21:35 +0800] "GET /xingrg/images/blue/pingpu.png HTTP/1.1" 304 -
116.237.79.77 - - [16/Jan/2023:09:21:35 +0800] "GET /xingrg/javascript/jquery_easy_ui/themes/default/images/tabs_leftarrow.png HTTP/1.1" 304 -
116.237.79.77 - - [16/Jan/2023:09:21:35 +0800] "GET /xingrg/javascript/jquery_easy_ui/themes/default/images/tabs_rightarrow.png HTTP/1.1" 304 -
116.237.79.77 - - [16/Jan/2023:09:21:35 +0800] "GET /xingrg/javascript/jquery_easy_ui/themes/default/images/panel_tool_collapse.gif HTTP/1.1" 304 -
116.237.79.77 - - [16/Jan/2023:09:21:35 +0800] "POST /xingrg/load_menu.html HTTP/1.1" 200 5138
116.237.79.77 - - [16/Jan/2023:09:21:36 +0800] "GET /xingrg/javascript/jquery_easy_ui/themes/default/images/tree_arrows.gif HTTP/1.1" 304 -
116.237.79.77 - - [16/Jan/2023:09:21:36 +0800] "GET /xingrg/javascript/jquery_easy_ui/themes/default/images/tree_folder_open.gif HTTP/1.1" 304 -
116.237.79.77 - - [16/Jan/2023:09:21:36 +0800] "GET /xingrg/javascript/jquery_easy_ui/themes/icons/search_new.png HTTP/1.1" 304 -
116.237.79.77 - - [16/Jan/2023:09:21:36 +0800] "GET /xingrg/javascript/jquery_easy_ui/themes/default/images/tree_folder.gif HTTP/1.1" 304 -
116.237.79.77 - - [16/Jan/2023:09:21:36 +0800] "GET /xingrg/javascript/jquery_easy_ui/themes/icons/storage_new.png HTTP/1.1" 304 -
116.237.79.77 - - [16/Jan/2023:09:21:36 +0800] "GET /xingrg/javascript/jquery_easy_ui/themes/icons/forms_new.png HTTP/1.1" 304 -
116.237.79.77 - - [16/Jan/2023:09:21:36 +0800] "GET /xingrg/javascript/jquery_easy_ui/themes/default/images/tree_file.gif HTTP/1.1" 304 -
114.83.217.78 - - [16/Jan/2023:09:21:36 +0800] "GET /xingrg/kc/buy/cgsh_order_operate.html?command=get_materiel&rest_code=00149&code=00101008036&supplier_code=00100008&order_time=2023-01-16 HTTP/1.1" 200 423
116.237.79.77 - - [16/Jan/2023:09:21:37 +0800] "GET /xingrg/kc/buy/buy_main.html HTTP/1.1" 200 12412
116.237.79.77 - - [16/Jan/2023:09:21:37 +0800] "GET /xingrg/javascript/jquery_easy_ui/themes/default/images/tabs_close.gif HTTP/1.1" 304 -
116.237.79.77 - - [16/Jan/2023:09:21:37 +0800] "GET /xingrg/css/blue.css HTTP/1.1" 304 -
116.237.79.77 - - [16/Jan/2023:09:21:37 +0800] "GET /xingrg/css/new_ie.css HTTP/1.1" 404 1036
116.237.79.77 - - [16/Jan/2023:09:21:37 +0800] "GET /xingrg/javascript/jquery_ui/themes/humanity/humanity.css HTTP/1.1" 304 -
116.237.79.77 - - [16/Jan/2023:09:21:37 +0800] "GET /xingrg/javascript/pic_change.js HTTP/1.1" 304 -
116.237.79.77 - - [16/Jan/2023:09:21:37 +0800] "GET /xingrg/javascript/ToolTips.js HTTP/1.1" 304 -
116.237.79.77 - - [16/Jan/2023:09:21:37 +0800] "GET /xingrg/javascript/myfunction.js HTTP/1.1" 304 -
116.237.79.77 - - [16/Jan/2023:09:21:37 +0800] "GET /xingrg/javascript/jquery_ui/jquery-ui.min.js HTTP/1.1" 304 -
116.237.79.77 - - [16/Jan/2023:09:21:37 +0800] "GET /xingrg/images/blue/button/cgxqd.gif HTTP/1.1" 304 -
116.237.79.77 - - [16/Jan/2023:09:21:37 +0800] "GET /xingrg/images/blue/button/cgydd.gif HTTP/1.1" 304 -
116.237.79.77 - - [16/Jan/2023:09:21:37 +0800] "GET /xingrg/images/blue/button/cgshd.gif HTTP/1.1" 304 -
116.237.79.77 - - [16/Jan/2023:09:21:37 +0800] "GET /xingrg/images/blue/button/kc.gif HTTP/1.1" 304 -
116.237.79.77 - - [16/Jan/2023:09:21:37 +0800] "GET /xingrg/images/blue/button/cgfkd.gif HTTP/1.1" 304 -
116.237.79.77 - - [16/Jan/2023:09:21:37 +0800] "GET /xingrg/images/blue/button/ckthd.gif HTTP/1.1" 304 -
116.237.79.77 - - [16/Jan/2023:09:21:37 +0800] "GET /xingrg/images/blue/pic_form2.gif HTTP/1.1" 304 -
116.237.79.77 - - [16/Jan/2023:09:21:37 +0800] "GET /xingrg/javascript/jquery_ui/themes/humanity/images/ui-bg_inset-soft_100_f4f0ec_1x100.png HTTP/1.1" 304 -
116.237.79.77 - - [16/Jan/2023:09:21:37 +0800] "GET /xingrg/images/blue/bg_dotted.jpg HTTP/1.1" 304 -
116.237.79.77 - - [16/Jan/2023:09:21:37 +0800] "GET /xingrg/images/blue/button/right_ah.jpg HTTP/1.1" 304 -
116.237.79.77 - - [16/Jan/2023:09:21:37 +0800] "GET /xingrg/images/blue/button/down_ah.jpg HTTP/1.1" 304 -
116.237.79.77 - - [16/Jan/2023:09:21:37 +0800] "GET /xingrg/javascript/jquery_ui/themes/humanity/images/ui-iconsnew.jpg HTTP/1.1" 304 -
116.237.79.77 - - [16/Jan/2023:09:21:37 +0800] "GET /xingrg/javascript/jquery_ui/themes/humanity/images/ui-icons_ffffff_256x240.png HTTP/1.1" 304 -
116.237.79.77 - - [16/Jan/2023:09:21:37 +0800] "GET /xingrg/javascript/jquery_ui/themes/humanity/images/ui-icons_c47a23_256x240.png HTTP/1.1" 304 -
116.237.79.77 - - [16/Jan/2023:09:21:37 +0800] "GET /xingrg/javascript/jquery_ui/themes/humanity/images/ui-bg_glass_70_ede4d4_1x400.png HTTP/1.1" 304 -
116.237.79.77 - - [16/Jan/2023:09:21:38 +0800] "GET /xingrg/images/yd/bt.gif HTTP/1.1" 404 1040
116.237.79.77 - - [16/Jan/2023:09:21:38 +0800] "GET /xingrg/css/base.css HTTP/1.1" 304 -
116.237.79.77 - - [16/Jan/2023:09:21:38 +0800] "GET /xingrg/css/site.css HTTP/1.1" 304 -
116.237.79.77 - - [16/Jan/2023:09:21:38 +0800] "GET /xingrg/javascript/jquery_tools/datebox.css HTTP/1.1" 304 -
116.237.79.77 - - [16/Jan/2023:09:21:38 +0800] "GET /xingrg/javascript/easyui/themes/icon.css HTTP/1.1" 304 -
116.237.79.77 - - [16/Jan/2023:09:21:38 +0800] "GET /xingrg/javascript/easyui/themes/default/easyui.css HTTP/1.1" 304 -
116.237.79.77 - - [16/Jan/2023:09:21:38 +0800] "GET /xingrg/javascript/auto/jquery.autocomplete.css HTTP/1.1" 304 -
116.237.79.77 - - [16/Jan/2023:09:21:38 +0800] "GET /xingrg/javascript/jquery_tools/fix.css HTTP/1.1" 304 -
116.237.79.77 - - [16/Jan/2023:09:21:38 +0800] "GET /xingrg/javascript/jquery_tools/table.css HTTP/1.1" 304 -
116.237.79.77 - - [16/Jan/2023:09:21:38 +0800] "GET /xingrg/javascript/jquery_tools/jquery.tools.min.js HTTP/1.1" 304 -
116.237.79.77 - - [16/Jan/2023:09:21:38 +0800] "GET /xingrg/javascript/jquery_tools/jquery.tools.extend.js HTTP/1.1" 304 -
116.237.79.77 - - [16/Jan/2023:09:21:38 +0800] "GET /xingrg/javascript/jquery_tools/jquery.tools.hotkey.js HTTP/1.1" 304 -
116.237.79.77 - - [16/Jan/2023:09:21:38 +0800] "GET /xingrg/javascript/jquery_tools/list_manager.js HTTP/1.1" 304 -
116.237.79.77 - - [16/Jan/2023:09:21:38 +0800] "GET /xingrg/javascript/jquery_tools/jquery.tools.table.js HTTP/1.1" 304 -
116.237.79.77 - - [16/Jan/2023:09:21:38 +0800] "GET /xingrg/kc/buy/cgsh_order_list.html HTTP/1.1" 200 53920
116.237.79.77 - - [16/Jan/2023:09:21:38 +0800] "GET /xingrg/javascript/auto/jquery.autocomplete.js HTTP/1.1" 304 -
116.237.79.77 - - [16/Jan/2023:09:21:38 +0800] "GET /xingrg/javascript/easyui/easyloader.js HTTP/1.1" 304 -
116.237.79.77 - - [16/Jan/2023:09:21:38 +0800] "GET /xingrg/javascript/jquery.cookie.js HTTP/1.1" 304 -
116.237.79.77 - - [16/Jan/2023:09:21:38 +0800] "GET /xingrg/javascript/print/LodopFuncs.js HTTP/1.1" 304 -
116.237.79.77 - - [16/Jan/2023:09:21:39 +0800] "GET /xingrg/javascript/easyui/themes/icons/import_new.png HTTP/1.1" 304 -
116.237.79.77 - - [16/Jan/2023:09:21:39 +0800] "GET /xingrg/javascript/easyui/themes/icons/check_new.png HTTP/1.1" 304 -
116.237.79.77 - - [16/Jan/2023:09:21:39 +0800] "GET /xingrg/javascript/easyui/themes/icons/field_new.png HTTP/1.1" 304 -
116.237.79.77 - - [16/Jan/2023:09:21:39 +0800] "GET /xingrg/javascript/easyui/themes/icons/cance_new.png HTTP/1.1" 304 -
116.237.79.77 - - [16/Jan/2023:09:21:39 +0800] "GET /xingrg/javascript/easyui/themes/icons/edit_add_new.png HTTP/1.1" 304 -
116.237.79.77 - - [16/Jan/2023:09:21:39 +0800] "GET /xingrg/javascript/easyui/plugins/jquery.parser.js HTTP/1.1" 304 -
116.237.79.77 - - [16/Jan/2023:09:21:39 +0800] "GET /xingrg/images/control/ajaxLoader.gif HTTP/1.1" 304 -
116.237.79.77 - - [16/Jan/2023:09:21:40 +0800] "POST /xingrg/kc/buy/cgsh_list_operate.html HTTP/1.1" 200 986
116.237.79.77 - - [16/Jan/2023:09:21:40 +0800] "POST /xingrg/services/DataTransmitService HTTP/1.1" 200 524
116.238.139.35 - - [16/Jan/2023:09:21:40 +0800] "GET /xingrg/check_reg.html?_=1673832116157 HTTP/1.1" 200 22
116.238.139.35 - - [16/Jan/2023:09:21:40 +0800] "GET /xingrg/all/function/internal_message.html?_=1673832116161&CODE_STATE=getMsg HTTP/1.1" 200 27
116.237.79.77 - - [16/Jan/2023:09:21:42 +0800] "GET /xingrg/javascript/easyui/themes/default/images/button_plain_hover.png HTTP/1.1" 304 -
116.237.79.77 - - [16/Jan/2023:09:21:42 +0800] "GET /xingrg/javascript/jquery_tools/order_manager.js HTTP/1.1" 304 -
116.237.79.77 - - [16/Jan/2023:09:21:42 +0800] "GET /xingrg/javascript/convert.js HTTP/1.1" 304 -
116.237.79.77 - - [16/Jan/2023:09:21:42 +0800] "GET /xingrg/javascript/json2.js HTTP/1.1" 304 -
116.237.79.77 - - [16/Jan/2023:09:21:42 +0800] "GET /xingrg/javascript/print/kc_print.js HTTP/1.1" 304 -
116.237.79.77 - - [16/Jan/2023:09:21:42 +0800] "GET /xingrg/kc/buy/cgsh_order_add.html HTTP/1.1" 200 69695
116.237.79.77 - - [16/Jan/2023:09:21:43 +0800] "GET /xingrg/words/20230115141207_words.js HTTP/1.1" 200 944275
116.237.79.77 - - [16/Jan/2023:09:21:43 +0800] "GET /xingrg/javascript/easyui/themes/icons/template_new.png HTTP/1.1" 200 3956
116.237.79.77 - - [16/Jan/2023:09:21:43 +0800] "GET /xingrg/javascript/easyui/themes/icons/ok.png HTTP/1.1" 200 883
116.237.79.77 - - [16/Jan/2023:09:21:43 +0800] "GET /xingrg/javascript/easyui/themes/icons/copy_new.png HTTP/1.1" 304 -
116.237.79.77 - - [16/Jan/2023:09:21:43 +0800] "GET /xingrg/javascript/easyui/themes/icons/print.png HTTP/1.1" 304 -
116.237.79.77 - - [16/Jan/2023:09:21:43 +0800] "GET /xingrg/javascript/easyui/themes/default/images/menu_downarrow.png HTTP/1.1" 304 -
116.237.79.77 - - [16/Jan/2023:09:21:43 +0800] "GET /xingrg/javascript/easyui/themes/icons/cancel.png HTTP/1.1" 304 -
116.237.79.77 - - [16/Jan/2023:09:21:43 +0800] "POST /xingrg/kc/buy/cgsh_order_operate.html HTTP/1.1" 200 8245
116.237.79.77 - - [16/Jan/2023:09:21:43 +0800] "GET /xingrg/javascript/easyui/themes/default/validatebox.css HTTP/1.1" 404 1104
116.237.79.77 - - [16/Jan/2023:09:21:43 +0800] "GET /xingrg/javascript/easyui/plugins/jquery.validatebox.js HTTP/1.1" 304 -
116.237.79.77 - - [16/Jan/2023:09:21:43 +0800] "GET /xingrg/all/common/auto_word.html?type=employee&rest_code=00106 HTTP/1.1" 200 205
116.237.79.77 - - [16/Jan/2023:09:21:43 +0800] "GET /xingrg/all/common/auto_word.html?type=employee&rest_code=00106 HTTP/1.1" 200 205
116.237.79.77 - - [16/Jan/2023:09:21:43 +0800] "GET /xingrg/javascript/easyui/plugins/jquery.numberbox.js HTTP/1.1" 304 -
116.238.139.35 - - [16/Jan/2023:09:21:43 +0800] "GET /xingrg/kc/buy/cgsh_order_add.html HTTP/1.1" 200 69701
116.237.79.77 - - [16/Jan/2023:09:21:43 +0800] "GET /xingrg/javascript/easyui/themes/icons/edit_remove.png HTTP/1.1" 304 -
116.238.139.35 - - [16/Jan/2023:09:21:44 +0800] "POST /xingrg/kc/buy/cgsh_order_operate.html HTTP/1.1" 200 8245
116.238.139.35 - - [16/Jan/2023:09:21:44 +0800] "GET /xingrg/javascript/easyui/themes/default/validatebox.css HTTP/1.1" 404 1104
116.237.79.77 - - [16/Jan/2023:09:21:45 +0800] "GET /xingrg/javascript/easyui/plugins/jquery.draggable.js HTTP/1.1" 200 6121
116.237.79.77 - - [16/Jan/2023:09:21:45 +0800] "GET /xingrg/css/images/panel_loading.gif HTTP/1.1" 200 1737
116.237.79.77 - - [16/Jan/2023:09:21:45 +0800] "GET /xingrg/javascript/easyui/plugins/jquery.droppable.js HTTP/1.1" 200 1167
116.192.124.172 - - [16/Jan/2023:09:21:45 +0800] "GET /xingrg/all/function/internal_message.html?_=1673832121331&CODE_STATE=getMsg HTTP/1.1" 200 27
116.237.79.77 - - [16/Jan/2023:09:21:45 +0800] "GET /xingrg/javascript/easyui/themes/default/tree.css HTTP/1.1" 404 1090
116.237.79.77 - - [16/Jan/2023:09:21:45 +0800] "GET /xingrg/javascript/easyui/plugins/jquery.tree.js HTTP/1.1" 200 20874
116.237.79.77 - - [16/Jan/2023:09:21:45 +0800] "POST /xingrg/all/common/load_tree.html?tree=supplier_tree_json&isDelete=1 HTTP/1.1" 200 70488
116.237.79.77 - - [16/Jan/2023:09:21:46 +0800] "GET /xingrg/javascript/easyui/themes/default/images/tree_arrows.gif HTTP/1.1" 200 617
116.237.79.77 - - [16/Jan/2023:09:21:46 +0800] "GET /xingrg/javascript/easyui/themes/default/images/tree_folder_open.gif HTTP/1.1" 200 956
116.237.79.77 - - [16/Jan/2023:09:21:46 +0800] "GET /xingrg/javascript/easyui/themes/default/images/tree_folder.gif HTTP/1.1" 200 952
116.237.79.77 - - [16/Jan/2023:09:21:46 +0800] "GET /xingrg/javascript/easyui/themes/default/images/tree_file.gif HTTP/1.1" 200 118
101.83.145.75 - - [16/Jan/2023:09:21:47 +0800] "GET /xingrg/all/function/internal_message.html?_=1673832122677&CODE_STATE=getMsg HTTP/1.1" 200 27
114.83.222.182 - - [16/Jan/2023:09:21:49 +0800] "GET /xingrg/all/function/internal_message.html?_=1673832213919&CODE_STATE=getMsg HTTP/1.1" 200 27
114.83.217.78 - - [16/Jan/2023:09:21:51 +0800] "POST /xingrg/kc/buy/cgsh_order_operate.html HTTP/1.1" 200 37
221.239.170.112 - - [16/Jan/2023:09:21:52 +0800] "GET /xingrg/all/function/internal_message.html?_=1673832123459&CODE_STATE=getMsg HTTP/1.1" 200 27
116.238.139.35 - - [16/Jan/2023:09:21:53 +0800] "GET /xingrg/kc/buy/cgsh_order_operate.html?command=get_materiel&rest_code=00150&code=00101009045&supplier_code=00100022&order_time=2023-01-16 HTTP/1.1" 200 412
101.83.145.75 - - [16/Jan/2023:09:22:01 +0800] "GET /xingrg/kc/buy/cgsh_order_add.html HTTP/1.1" 200 69784
101.83.145.75 - - [16/Jan/2023:09:22:01 +0800] "POST /xingrg/kc/buy/cgsh_order_operate.html HTTP/1.1" 200 8245
101.83.145.75 - - [16/Jan/2023:09:22:01 +0800] "GET /xingrg/javascript/easyui/themes/default/validatebox.css HTTP/1.1" 404 1104
116.192.124.172 - - [16/Jan/2023:09:22:01 +0800] "GET /xingrg/check_reg.html?_=1673832137742 HTTP/1.1" 200 22
116.192.124.172 - - [16/Jan/2023:09:22:02 +0800] "GET /xingrg/all/function/internal_message.html?_=1673832137743&CODE_STATE=getMsg HTTP/1.1" 200 27
116.238.139.35 - - [16/Jan/2023:09:22:03 +0800] "GET /xingrg/kc/buy/cgsh_order_operate.html?command=get_materiel&rest_code=00150&code=00101009004&supplier_code=00100022&order_time=2023-01-16 HTTP/1.1" 200 409
116.237.79.77 - - [16/Jan/2023:09:22:04 +0800] "GET /xingrg/javascript/auto/indicator.gif HTTP/1.1" 404 1066
101.83.145.75 - - [16/Jan/2023:09:22:11 +0800] "GET /xingrg/kc/buy/cgsh_order_operate.html?command=get_materiel&rest_code=00105&code=00101016100&supplier_code=00100034&order_time=2023-01-16 HTTP/1.1" 200 412
116.237.79.77 - - [16/Jan/2023:09:22:15 +0800] "GET /xingrg/kc/buy/cgsh_order_operate.html?command=get_materiel&rest_code=00106&code=00101008354&supplier_code=00100007&order_time=2023-01-16 HTTP/1.1" 200 428
116.230.105.139 - - [16/Jan/2023:09:22:22 +0800] "GET /xingrg/all/function/internal_message.html?_=1673832094429&CODE_STATE=getMsg HTTP/1.1" 200 27
101.83.145.75 - - [16/Jan/2023:09:22:22 +0800] "GET /xingrg/kc/buy/cgsh_order_operate.html?command=get_materiel&rest_code=00105&code=00101016057&supplier_code=00100034&order_time=2023-01-16 HTTP/1.1" 200 408
116.235.244.242 - - [16/Jan/2023:09:22:26 +0800] "GET /xingrg/all/function/internal_message.html?_=1673832163666&CODE_STATE=getMsg HTTP/1.1" 200 27
101.83.145.75 - - [16/Jan/2023:09:22:34 +0800] "POST /xingrg/kc/buy/cgsh_order_operate.html HTTP/1.1" 200 37
116.237.79.77 - - [16/Jan/2023:09:22:35 +0800] "GET /xingrg/all/function/internal_message.html?_=1673832172300&CODE_STATE=getMsg HTTP/1.1" 200 27
101.83.145.75 - - [16/Jan/2023:09:22:36 +0800] "POST /xingrg/kc/buy/cgsh_order_operate.html HTTP/1.1" 200 3242
101.83.145.75 - - [16/Jan/2023:09:22:37 +0800] "GET /xingrg/kc/print/load_data.html?order_code=212023011604890&kc_code=cgsh&condition= HTTP/1.1" 200 924
116.238.139.35 - - [16/Jan/2023:09:22:40 +0800] "GET /xingrg/all/function/internal_message.html?_=1673832176159&CODE_STATE=getMsg HTTP/1.1" 200 27
116.192.124.172 - - [16/Jan/2023:09:22:45 +0800] "GET /xingrg/all/function/internal_message.html?_=1673832181329&CODE_STATE=getMsg HTTP/1.1" 200 27
114.88.159.190 - - [16/Jan/2023:09:22:45 +0800] "GET /xingrg/check_reg.html?_=1673831767355 HTTP/1.1" 200 22
116.238.139.35 - - [16/Jan/2023:09:22:46 +0800] "POST /xingrg/kc/buy/cgsh_order_operate.html HTTP/1.1" 200 37
101.83.145.75 - - [16/Jan/2023:09:22:47 +0800] "GET /xingrg/all/function/internal_message.html?_=1673832182664&CODE_STATE=getMsg HTTP/1.1" 200 27
116.237.79.77 - - [16/Jan/2023:09:22:49 +0800] "GET /xingrg/kc/buy/cgsh_order_operate.html?command=get_materiel&rest_code=00106&code=00101008351&supplier_code=00100007&order_time=2023-01-16 HTTP/1.1" 200 408
114.83.222.182 - - [16/Jan/2023:09:22:49 +0800] "GET /xingrg/check_reg.html?_=1673832273906 HTTP/1.1" 200 22
114.83.222.182 - - [16/Jan/2023:09:22:49 +0800] "GET /xingrg/all/function/internal_message.html?_=1673832273908&CODE_STATE=getMsg HTTP/1.1" 200 27
221.239.170.112 - - [16/Jan/2023:09:22:52 +0800] "GET /xingrg/all/function/internal_message.html?_=1673832183445&CODE_STATE=getMsg HTTP/1.1" 200 27
116.238.139.35 - - [16/Jan/2023:09:22:56 +0800] "POST /xingrg/kc/buy/cgsh_order_operate.html HTTP/1.1" 200 12
116.238.139.35 - - [16/Jan/2023:09:22:57 +0800] "GET /xingrg/kc/buy/cgsh_order_info.html?code=212023011604891 HTTP/1.1" 200 64602
116.238.139.35 - - [16/Jan/2023:09:22:58 +0800] "GET /xingrg/javascript/easyui/themes/default/validatebox.css HTTP/1.1" 404 1104
116.238.139.35 - - [16/Jan/2023:09:22:58 +0800] "POST /xingrg/kc/buy/cgsh_order_operate.html HTTP/1.1" 200 1194
116.238.139.35 - - [16/Jan/2023:09:22:59 +0800] "POST /xingrg/services/DataTransmitService HTTP/1.1" 200 524
116.192.124.172 - - [16/Jan/2023:09:23:01 +0800] "GET /xingrg/all/function/internal_message.html?_=1673832197744&CODE_STATE=getMsg HTTP/1.1" 200 27
101.83.145.75 - - [16/Jan/2023:09:23:11 +0800] "GET /xingrg/check_reg.html?_=1673832206800 HTTP/1.1" 200 22
116.230.105.139 - - [16/Jan/2023:09:23:13 +0800] "GET /xingrg/check_reg.html?_=1673832145669 HTTP/1.1" 200 22
116.230.105.139 - - [16/Jan/2023:09:23:21 +0800] "GET /xingrg/all/function/internal_message.html?_=1673832154416&CODE_STATE=getMsg HTTP/1.1" 200 27
