116.192.124.172 - - [16/Jan/2023:11:07:31 +0800] "GET /xingrg/kc/base/wldb_order_add.html HTTP/1.1" 200 30418
116.192.124.172 - - [16/Jan/2023:11:07:31 +0800] "POST /xingrg/kc/base/wldb_order_operate.html HTTP/1.1" 200 6806
116.192.124.172 - - [16/Jan/2023:11:07:31 +0800] "GET /xingrg/javascript/easyui/themes/default/validatebox.css HTTP/1.1" 404 1104
116.192.124.172 - - [16/Jan/2023:11:07:32 +0800] "POST /xingrg/all/common/load_combo.html?type=base HTTP/1.1" 200 3321
114.83.217.78 - - [16/Jan/2023:11:07:34 +0800] "POST /xingrg/dwr/call/plaincall/AjaxQqpsService.getMaterielByCode.dwr HTTP/1.1" 200 2771
116.192.124.172 - - [16/Jan/2023:11:07:34 +0800] "POST /xingrg/all/common/load_combo.html?type=base HTTP/1.1" 200 3321
116.235.244.242 - - [16/Jan/2023:11:07:37 +0800] "GET /xingrg/all/function/internal_message.html?_=1673838474593&CODE_STATE=getMsg HTTP/1.1" 200 27
114.83.217.78 - - [16/Jan/2023:11:07:39 +0800] "POST /xingrg/dwr/call/plaincall/AjaxQqpsService.getMaterielByCode.dwr HTTP/1.1" 200 2836
114.83.217.78 - - [16/Jan/2023:11:07:40 +0800] "POST /xingrg/dwr/call/plaincall/AjaxQqpsService.saveMaterielItem.dwr HTTP/1.1" 200 79
116.237.79.77 - - [16/Jan/2023:11:07:43 +0800] "GET /xingrg/all/function/internal_message.html?_=1673838480324&CODE_STATE=getMsg HTTP/1.1" 200 27
116.237.79.77 - - [16/Jan/2023:11:07:43 +0800] "GET /xingrg/check_reg.html?_=1673838480640 HTTP/1.1" 200 22
114.83.217.78 - - [16/Jan/2023:11:07:44 +0800] "POST /xingrg/dwr/call/plaincall/AjaxQqpsService.getMaterielByCode.dwr HTTP/1.1" 200 2848
116.192.124.172 - - [16/Jan/2023:11:07:45 +0800] "POST /xingrg/kc/base/wldb_order_operate.html HTTP/1.1" 200 37
114.88.159.190 - - [16/Jan/2023:11:07:45 +0800] "GET /xingrg/check_reg.html?_=1673838067348 HTTP/1.1" 200 22
116.192.124.172 - - [16/Jan/2023:11:07:47 +0800] "POST /xingrg/kc/base/wldb_order_operate.html HTTP/1.1" 200 12
116.192.124.172 - - [16/Jan/2023:11:07:47 +0800] "POST /xingrg/kc/base/wldb_order_operate.html HTTP/1.1" 200 2191
116.192.124.172 - - [16/Jan/2023:11:07:48 +0800] "GET /xingrg/kc/base/wldb_order_info.html?code=422023011600936 HTTP/1.1" 200 26294
116.192.124.172 - - [16/Jan/2023:11:07:48 +0800] "GET /xingrg/javascript/easyui/themes/default/validatebox.css HTTP/1.1" 404 1104
116.192.124.172 - - [16/Jan/2023:11:07:48 +0800] "POST /xingrg/kc/base/wldb_order_operate.html HTTP/1.1" 200 486
221.239.170.112 - - [16/Jan/2023:11:07:50 +0800] "GET /xingrg/all/function/internal_message.html?_=1673838481503&CODE_STATE=getMsg HTTP/1.1" 200 27
114.83.217.78 - - [16/Jan/2023:11:07:54 +0800] "POST /xingrg/dwr/call/plaincall/AjaxQqpsService.saveMaterielItem.dwr HTTP/1.1" 200 79
101.83.145.75 - - [16/Jan/2023:11:07:55 +0800] "GET /xingrg/all/function/internal_message.html?_=1673838490981&CODE_STATE=getMsg HTTP/1.1" 200 27
114.83.222.182 - - [16/Jan/2023:11:07:58 +0800] "GET /xingrg/all/function/internal_message.html?_=1673838583069&CODE_STATE=getMsg HTTP/1.1" 200 27
114.83.217.78 - - [16/Jan/2023:11:08:00 +0800] "POST /xingrg/dwr/call/plaincall/AjaxQqpsService.getMaterielByCode.dwr HTTP/1.1" 200 2838
180.162.115.82 - - [16/Jan/2023:11:08:01 +0800] "GET /xingrg/all/function/internal_message.html?_=1673837472293&CODE_STATE=getMsg HTTP/1.1" 200 27
116.192.124.172 - - [16/Jan/2023:11:08:02 +0800] "GET /xingrg/all/function/internal_message.html?_=1673838497739&CODE_STATE=getMsg HTTP/1.1" 200 27
114.83.217.78 - - [16/Jan/2023:11:08:03 +0800] "POST /xingrg/dwr/call/plaincall/AjaxQqpsService.saveMaterielItem.dwr HTTP/1.1" 200 79
114.83.217.78 - - [16/Jan/2023:11:08:10 +0800] "POST /xingrg/dwr/call/plaincall/AjaxQqpsService.getMaterielByCode.dwr HTTP/1.1" 200 2838
222.70.177.10 - - [16/Jan/2023:11:08:11 +0800] "GET /xingrg/all/function/internal_message.html?_=1673838506291&CODE_STATE=getMsg HTTP/1.1" 200 27
114.83.217.78 - - [16/Jan/2023:11:08:13 +0800] "GET /xingrg/all/function/internal_message.html?_=1673838508995&CODE_STATE=getMsg HTTP/1.1" 200 27
114.83.217.78 - - [16/Jan/2023:11:08:17 +0800] "POST /xingrg/dwr/call/plaincall/AjaxQqpsService.saveMaterielItem.dwr HTTP/1.1" 200 79
116.238.139.35 - - [16/Jan/2023:11:08:20 +0800] "GET /xingrg/all/function/internal_message.html?_=1673838515535&CODE_STATE=getMsg HTTP/1.1" 200 27
114.83.217.78 - - [16/Jan/2023:11:08:21 +0800] "POST /xingrg/dwr/call/plaincall/AjaxQqpsService.getMaterielByCode.dwr HTTP/1.1" 200 2847
116.230.105.139 - - [16/Jan/2023:11:08:22 +0800] "GET /xingrg/all/function/internal_message.html?_=1673838454702&CODE_STATE=getMsg HTTP/1.1" 200 27
114.83.217.78 - - [16/Jan/2023:11:08:22 +0800] "POST /xingrg/dwr/call/plaincall/AjaxQqpsService.saveMaterielItem.dwr HTTP/1.1" 200 79
114.83.217.78 - - [16/Jan/2023:11:08:35 +0800] "POST /xingrg/dwr/call/plaincall/AjaxQqpsService.getMaterielByCode.dwr HTTP/1.1" 200 2828
114.83.217.78 - - [16/Jan/2023:11:08:36 +0800] "POST /xingrg/dwr/call/plaincall/AjaxQqpsService.saveMaterielItem.dwr HTTP/1.1" 200 79
116.235.244.242 - - [16/Jan/2023:11:08:37 +0800] "GET /xingrg/all/function/internal_message.html?_=1673838534606&CODE_STATE=getMsg HTTP/1.1" 200 27
114.83.217.78 - - [16/Jan/2023:11:08:39 +0800] "POST /xingrg/dwr/call/plaincall/AjaxQqpsService.getMaterielByCode.dwr HTTP/1.1" 200 2792
114.83.217.78 - - [16/Jan/2023:11:08:40 +0800] "POST /xingrg/dwr/call/plaincall/AjaxQqpsService.saveMaterielItem.dwr HTTP/1.1" 200 79
114.83.217.78 - - [16/Jan/2023:11:08:42 +0800] "POST /xingrg/dwr/call/plaincall/AjaxQqpsService.getMaterielByCode.dwr HTTP/1.1" 200 2803
116.237.79.77 - - [16/Jan/2023:11:08:43 +0800] "GET /xingrg/all/function/internal_message.html?_=1673838540321&CODE_STATE=getMsg HTTP/1.1" 200 27
114.83.217.78 - - [16/Jan/2023:11:08:45 +0800] "POST /xingrg/dwr/call/plaincall/AjaxQqpsService.saveMaterielItem.dwr HTTP/1.1" 200 79
114.83.217.78 - - [16/Jan/2023:11:08:48 +0800] "POST /xingrg/dwr/call/plaincall/AjaxQqpsService.getMaterielByCode.dwr HTTP/1.1" 200 2814
116.238.139.35 - - [16/Jan/2023:11:08:49 +0800] "GET /xingrg/kc/base/wldb_order_add.html HTTP/1.1" 200 30428
116.238.139.35 - - [16/Jan/2023:11:08:49 +0800] "GET /xingrg/words/20230115141207_words.js HTTP/1.1" 304 -
116.238.139.35 - - [16/Jan/2023:11:08:49 +0800] "POST /xingrg/kc/base/wldb_order_operate.html HTTP/1.1" 200 6806
116.238.139.35 - - [16/Jan/2023:11:08:49 +0800] "GET /xingrg/javascript/easyui/themes/default/validatebox.css HTTP/1.1" 404 1104
221.239.170.112 - - [16/Jan/2023:11:08:50 +0800] "GET /xingrg/all/function/internal_message.html?_=1673838541490&CODE_STATE=getMsg HTTP/1.1" 200 27
114.83.217.78 - - [16/Jan/2023:11:08:53 +0800] "POST /xingrg/dwr/call/plaincall/AjaxQqpsService.saveMaterielItem.dwr HTTP/1.1" 200 79
101.83.145.75 - - [16/Jan/2023:11:08:55 +0800] "GET /xingrg/all/function/internal_message.html?_=1673838550981&CODE_STATE=getMsg HTTP/1.1" 200 27
116.238.139.35 - - [16/Jan/2023:11:08:55 +0800] "GET /xingrg/kc/base/wldb_order_operate.html?command=get_materiel&rest_code=00150&base_code=0010445&code=00101010059 HTTP/1.1" 200 435
114.83.222.182 - - [16/Jan/2023:11:08:58 +0800] "GET /xingrg/all/function/internal_message.html?_=1673838643064&CODE_STATE=getMsg HTTP/1.1" 200 27
114.83.222.182 - - [16/Jan/2023:11:08:58 +0800] "GET /xingrg/check_reg.html?_=1673838643065 HTTP/1.1" 200 22
116.238.139.35 - - [16/Jan/2023:11:08:59 +0800] "GET /xingrg/kc/base/wldb_order_operate.html?command=get_materiel&rest_code=00150&base_code=0010445&code=00101014040 HTTP/1.1" 200 435
114.83.217.78 - - [16/Jan/2023:11:08:59 +0800] "POST /xingrg/dwr/call/plaincall/AjaxQqpsService.getMaterielByCode.dwr HTTP/1.1" 200 2813
114.83.217.78 - - [16/Jan/2023:11:09:00 +0800] "POST /xingrg/dwr/call/plaincall/AjaxQqpsService.saveMaterielItem.dwr HTTP/1.1" 200 79
180.162.115.82 - - [16/Jan/2023:11:09:01 +0800] "GET /xingrg/all/function/internal_message.html?_=1673837532286&CODE_STATE=getMsg HTTP/1.1" 200 27
116.192.124.172 - - [16/Jan/2023:11:09:02 +0800] "GET /xingrg/all/function/internal_message.html?_=1673838557730&CODE_STATE=getMsg HTTP/1.1" 200 27
101.83.145.75 - - [16/Jan/2023:11:09:05 +0800] "GET /xingrg/kc/buy/cgsh_order_list.html HTTP/1.1" 200 53920
114.83.217.78 - - [16/Jan/2023:11:09:06 +0800] "POST /xingrg/dwr/call/plaincall/AjaxQqpsService.getMaterielByCode.dwr HTTP/1.1" 200 2796
114.83.217.78 - - [16/Jan/2023:11:09:07 +0800] "POST /xingrg/dwr/call/plaincall/AjaxQqpsService.saveMaterielItem.dwr HTTP/1.1" 200 79
101.83.145.75 - - [16/Jan/2023:11:09:08 +0800] "POST /xingrg/kc/buy/cgsh_list_operate.html HTTP/1.1" 200 3120
101.83.145.75 - - [16/Jan/2023:11:09:09 +0800] "GET /xingrg/kc/buy/cgsh_order_add.html HTTP/1.1" 200 69784
101.83.145.75 - - [16/Jan/2023:11:09:09 +0800] "POST /xingrg/kc/buy/cgsh_order_operate.html HTTP/1.1" 200 8245
101.83.145.75 - - [16/Jan/2023:11:09:09 +0800] "GET /xingrg/javascript/easyui/themes/default/validatebox.css HTTP/1.1" 404 1104
222.70.177.10 - - [16/Jan/2023:11:09:11 +0800] "GET /xingrg/all/function/internal_message.html?_=1673838566304&CODE_STATE=getMsg HTTP/1.1" 200 27
114.83.217.78 - - [16/Jan/2023:11:09:13 +0800] "GET /xingrg/all/function/internal_message.html?_=1673838568981&CODE_STATE=getMsg HTTP/1.1" 200 27
116.238.139.35 - - [16/Jan/2023:11:09:20 +0800] "GET /xingrg/all/function/internal_message.html?_=1673838575521&CODE_STATE=getMsg HTTP/1.1" 200 27
116.230.105.139 - - [16/Jan/2023:11:09:22 +0800] "GET /xingrg/all/function/internal_message.html?_=1673838514690&CODE_STATE=getMsg HTTP/1.1" 200 27
116.230.105.139 - - [16/Jan/2023:11:09:22 +0800] "GET /xingrg/check_reg.html?_=1673838514693 HTTP/1.1" 200 22
101.83.145.75 - - [16/Jan/2023:11:09:22 +0800] "GET /xingrg/javascript/auto/indicator.gif HTTP/1.1" 404 1066
114.83.217.78 - - [16/Jan/2023:11:09:23 +0800] "POST /xingrg/dwr/call/plaincall/AjaxQqpsService.getMaterielByCode.dwr HTTP/1.1" 200 2833
114.83.217.78 - - [16/Jan/2023:11:09:25 +0800] "POST /xingrg/dwr/call/plaincall/AjaxQqpsService.saveMaterielItem.dwr HTTP/1.1" 200 79
114.83.217.78 - - [16/Jan/2023:11:09:32 +0800] "POST /xingrg/dwr/call/plaincall/AjaxQqpsService.getMaterielByCode.dwr HTTP/1.1" 200 2815
114.83.217.78 - - [16/Jan/2023:11:09:34 +0800] "POST /xingrg/dwr/call/plaincall/AjaxQqpsService.saveMaterielItem.dwr HTTP/1.1" 200 79
116.235.244.242 - - [16/Jan/2023:11:09:38 +0800] "GET /xingrg/all/function/internal_message.html?_=1673838595090&CODE_STATE=getMsg HTTP/1.1" 200 27
116.237.79.77 - - [16/Jan/2023:11:09:43 +0800] "GET /xingrg/all/function/internal_message.html?_=1673838600325&CODE_STATE=getMsg HTTP/1.1" 200 27
114.83.217.78 - - [16/Jan/2023:11:09:43 +0800] "POST /xingrg/dwr/call/plaincall/AjaxQqpsService.getMaterielByCode.dwr HTTP/1.1" 200 2845
114.83.217.78 - - [16/Jan/2023:11:09:46 +0800] "POST /xingrg/dwr/call/plaincall/AjaxQqpsService.saveMaterielItem.dwr HTTP/1.1" 200 79
180.169.147.146 - - [16/Jan/2023:11:09:47 +0800] "GET /xingrg/login.html HTTP/1.1" 200 7641
180.169.147.146 - - [16/Jan/2023:11:09:47 +0800] "GET /favicon.ico HTTP/1.1" 404 -
180.169.147.146 - - [16/Jan/2023:11:09:50 +0800] "POST /xingrg/login.do HTTP/1.1" 200 2421
180.169.147.146 - - [16/Jan/2023:11:09:50 +0800] "GET /xingrg/images/blue/pic_top.gif HTTP/1.1" 304 -
180.169.147.146 - - [16/Jan/2023:11:09:50 +0800] "GET /xingrg/images/blue/error_mid.gif HTTP/1.1" 304 -
180.169.147.146 - - [16/Jan/2023:11:09:50 +0800] "GET /xingrg/images/blue/pic_notice.jpg HTTP/1.1" 304 -
180.169.147.146 - - [16/Jan/2023:11:09:50 +0800] "GET /xingrg/images/blue/error_buttom.gif HTTP/1.1" 304 -
180.169.147.146 - - [16/Jan/2023:11:09:50 +0800] "GET /xingrg/images/blue/error_top.gif HTTP/1.1" 304 -
180.169.147.146 - - [16/Jan/2023:11:09:50 +0800] "GET /favicon.ico HTTP/1.1" 404 -
221.239.170.112 - - [16/Jan/2023:11:09:50 +0800] "GET /xingrg/all/function/internal_message.html?_=1673838601475&CODE_STATE=getMsg HTTP/1.1" 200 27
180.169.147.146 - - [16/Jan/2023:11:09:51 +0800] "GET /xingrg/login.html HTTP/1.1" 200 7641
180.169.147.146 - - [16/Jan/2023:11:09:51 +0800] "GET /favicon.ico HTTP/1.1" 404 -
180.169.147.146 - - [16/Jan/2023:11:09:53 +0800] "POST /xingrg/login.do HTTP/1.1" 302 -
180.169.147.146 - - [16/Jan/2023:11:09:53 +0800] "GET /xingrg/index.html?sysBaseUrl=http%3A%2F%2F180.169.147.146%3A18081%2Fxingrg%2F&costTime=45×tamp=1673838593103 HTTP/1.1" 200 17179
180.169.147.146 - - [16/Jan/2023:11:09:53 +0800] "GET /favicon.ico HTTP/1.1" 404 -
180.169.147.146 - - [16/Jan/2023:11:09:53 +0800] "POST /xingrg/all/common/load_tree.html?tree=area_rest_tree_json&manage=1 HTTP/1.1" 200 351
180.169.147.146 - - [16/Jan/2023:11:09:53 +0800] "GET /xingrg/all/function/internal_message.html?_=1673838609648&CODE_STATE=count HTTP/1.1" 200 11
180.169.147.146 - - [16/Jan/2023:11:09:53 +0800] "GET /xingrg/check_reg.html?_=1673838609648 HTTP/1.1" 200 22
180.169.147.146 - - [16/Jan/2023:11:09:53 +0800] "POST /xingrg/load_menu.html HTTP/1.1" 200 5138
101.83.145.75 - - [16/Jan/2023:11:09:55 +0800] "GET /xingrg/all/function/internal_message.html?_=1673838610999&CODE_STATE=getMsg HTTP/1.1" 200 27
180.169.147.146 - - [16/Jan/2023:11:09:56 +0800] "GET /xingrg/kc/buy/buy_main.html HTTP/1.1" 200 12412
180.169.147.146 - - [16/Jan/2023:11:09:56 +0800] "GET /xingrg/css/new_ie.css HTTP/1.1" 404 1036
180.169.147.146 - - [16/Jan/2023:11:09:56 +0800] "GET /xingrg/images/yd/bt.gif HTTP/1.1" 404 1040
180.169.147.146 - - [16/Jan/2023:11:09:57 +0800] "GET /xingrg/kc/buy/cgsh_order_list.html HTTP/1.1" 200 53926
101.83.145.75 - - [16/Jan/2023:11:09:57 +0800] "GET /xingrg/kc/buy/cgsh_order_operate.html?command=get_materiel&rest_code=00105&code=00101009109&supplier_code=00100024&order_time=2023-01-16 HTTP/1.1" 200 413
114.83.222.182 - - [16/Jan/2023:11:09:58 +0800] "GET /xingrg/all/function/internal_message.html?_=1673838703070&CODE_STATE=getMsg HTTP/1.1" 200 27
180.169.147.146 - - [16/Jan/2023:11:09:59 +0800] "POST /xingrg/kc/buy/cgsh_list_operate.html HTTP/1.1" 200 4871
180.162.115.82 - - [16/Jan/2023:11:10:01 +0800] "GET /xingrg/all/function/internal_message.html?_=1673837592302&CODE_STATE=getMsg HTTP/1.1" 200 27
116.192.124.172 - - [16/Jan/2023:11:10:02 +0800] "GET /xingrg/all/function/internal_message.html?_=1673838617737&CODE_STATE=getMsg HTTP/1.1" 200 27
180.169.147.146 - - [16/Jan/2023:11:10:07 +0800] "GET /xingrg/kc/buy/cgsh_order_add.html HTTP/1.1" 200 69704
180.169.147.146 - - [16/Jan/2023:11:10:07 +0800] "GET /xingrg/words/20230115141207_words.js HTTP/1.1" 200 944275
180.169.147.146 - - [16/Jan/2023:11:10:07 +0800] "POST /xingrg/kc/buy/cgsh_order_operate.html HTTP/1.1" 200 8245
180.169.147.146 - - [16/Jan/2023:11:10:07 +0800] "GET /xingrg/all/common/auto_word.html?type=employee&rest_code=00147 HTTP/1.1" 200 101
180.169.147.146 - - [16/Jan/2023:11:10:07 +0800] "GET /xingrg/all/common/auto_word.html?type=employee&rest_code=00147 HTTP/1.1" 200 101
180.169.147.146 - - [16/Jan/2023:11:10:07 +0800] "GET /xingrg/javascript/easyui/themes/default/validatebox.css HTTP/1.1" 404 1104
221.239.170.112 - - [16/Jan/2023:11:10:08 +0800] "GET /xingrg/check_reg.html?_=1673838618981 HTTP/1.1" 200 22
180.169.147.146 - - [16/Jan/2023:11:10:09 +0800] "GET /xingrg/javascript/jquery_tools/images/prev.gif HTTP/1.1" 404 1086
180.169.147.146 - - [16/Jan/2023:11:10:09 +0800] "GET /xingrg/javascript/jquery_tools/images/next.gif HTTP/1.1" 404 1086
114.83.217.78 - - [16/Jan/2023:11:10:09 +0800] "POST /xingrg/dwr/call/plaincall/AjaxQqpsService.getMaterielByCode.dwr HTTP/1.1" 200 2758
222.70.177.10 - - [16/Jan/2023:11:10:11 +0800] "GET /xingrg/all/function/internal_message.html?_=1673838626293&CODE_STATE=getMsg HTTP/1.1" 200 27
114.83.217.78 - - [16/Jan/2023:11:10:12 +0800] "POST /xingrg/dwr/call/plaincall/AjaxQqpsService.saveMaterielItem.dwr HTTP/1.1" 200 79
114.83.217.78 - - [16/Jan/2023:11:10:13 +0800] "GET /xingrg/all/function/internal_message.html?_=1673838628945&CODE_STATE=getMsg HTTP/1.1" 200 27
180.169.147.146 - - [16/Jan/2023:11:10:15 +0800] "GET /xingrg/javascript/auto/indicator.gif HTTP/1.1" 404 1066
116.237.79.77 - - [16/Jan/2023:11:10:19 +0800] "GET /xingrg/login.html?r=1 HTTP/1.1" 200 7641
116.237.79.77 - - [16/Jan/2023:11:10:19 +0800] "GET /favicon.ico HTTP/1.1" 404 -
116.238.139.35 - - [16/Jan/2023:11:10:20 +0800] "GET /xingrg/all/function/internal_message.html?_=1673838635505&CODE_STATE=getMsg HTTP/1.1" 200 27
116.238.139.35 - - [16/Jan/2023:11:10:21 +0800] "GET /xingrg/check_reg.html?_=1673838636325 HTTP/1.1" 200 22
114.83.217.78 - - [16/Jan/2023:11:10:21 +0800] "POST /xingrg/dwr/call/plaincall/AjaxQqpsService.getMaterielByCode.dwr HTTP/1.1" 200 2832
114.83.217.78 - - [16/Jan/2023:11:10:22 +0800] "POST /xingrg/dwr/call/plaincall/AjaxQqpsService.saveMaterielItem.dwr HTTP/1.1" 200 79
116.230.105.139 - - [16/Jan/2023:11:10:22 +0800] "GET /xingrg/all/function/internal_message.html?_=1673838574704&CODE_STATE=getMsg HTTP/1.1" 200 27
180.169.147.146 - - [16/Jan/2023:11:10:25 +0800] "GET /xingrg/kc/buy/cgsh_order_operate.html?command=get_materiel&rest_code=00147&code=00101013319&supplier_code=00100327&order_time=2023-01-14 HTTP/1.1" 200 399
116.237.79.77 - - [16/Jan/2023:11:10:29 +0800] "GET /xingrg/login.html?r=1 HTTP/1.1" 200 7641
116.237.79.77 - - [16/Jan/2023:11:10:29 +0800] "GET /favicon.ico HTTP/1.1" 404 -
116.237.79.77 - - [16/Jan/2023:11:10:30 +0800] "POST /xingrg/login.do HTTP/1.1" 302 -
116.237.79.77 - - [16/Jan/2023:11:10:30 +0800] "GET /xingrg/index.html?sysBaseUrl=http%3A%2F%2F180.169.147.146%3A18081%2Fxingrg%2F&costTime=41×tamp=1673838630908 HTTP/1.1" 200 17173
116.237.79.77 - - [16/Jan/2023:11:10:31 +0800] "GET /favicon.ico HTTP/1.1" 404 -
101.83.145.75 - - [16/Jan/2023:11:10:31 +0800] "GET /xingrg/kc/buy/cgsh_order_operate.html?command=get_materiel&rest_code=00105&code=00101009016&supplier_code=00100024&order_time=2023-01-16 HTTP/1.1" 200 412
116.237.79.77 - - [16/Jan/2023:11:10:31 +0800] "POST /xingrg/all/common/load_tree.html?tree=area_rest_tree_json&manage=1 HTTP/1.1" 200 342
116.237.79.77 - - [16/Jan/2023:11:10:31 +0800] "POST /xingrg/load_menu.html HTTP/1.1" 200 5138
116.237.79.77 - - [16/Jan/2023:11:10:32 +0800] "GET /xingrg/kc/base/base_main.html HTTP/1.1" 200 12142
116.237.79.77 - - [16/Jan/2023:11:10:33 +0800] "GET /xingrg/all/function/internal_message.html?_=1673838647875&CODE_STATE=count HTTP/1.1" 200 11
116.237.79.77 - - [16/Jan/2023:11:10:33 +0800] "GET /xingrg/check_reg.html?_=1673838647875 HTTP/1.1" 200 22
116.237.79.77 - - [16/Jan/2023:11:10:34 +0800] "GET /xingrg/kc/base/wldb_order_list.html HTTP/1.1" 200 19139
116.237.79.77 - - [16/Jan/2023:11:10:34 +0800] "POST /xingrg/kc/base/wldb_list_operate.html HTTP/1.1" 200 2953
116.237.79.77 - - [16/Jan/2023:11:10:37 +0800] "GET /xingrg/kc/base/wldb_order_add.html HTTP/1.1" 200 30422
116.237.79.77 - - [16/Jan/2023:11:10:37 +0800] "POST /xingrg/kc/base/wldb_order_operate.html HTTP/1.1" 200 6806
116.237.79.77 - - [16/Jan/2023:11:10:37 +0800] "GET /xingrg/all/common/auto_word.html?type=base&rest_code=00106 HTTP/1.1" 200 1799
116.237.79.77 - - [16/Jan/2023:11:10:37 +0800] "GET /xingrg/all/common/auto_word.html?type=base&rest_code=00106 HTTP/1.1" 200 1799
116.237.79.77 - - [16/Jan/2023:11:10:37 +0800] "GET /xingrg/javascript/easyui/themes/default/validatebox.css HTTP/1.1" 404 1104
116.235.244.242 - - [16/Jan/2023:11:10:38 +0800] "GET /xingrg/all/function/internal_message.html?_=1673838655101&CODE_STATE=getMsg HTTP/1.1" 200 27
114.88.159.190 - - [16/Jan/2023:11:10:38 +0800] "GET /xingrg/kc/buy/cgsh_order_operate.html?command=get_materiel&rest_code=00141&code=00101007081&supplier_code=00100004&order_time=2023-01-16 HTTP/1.1" 200 413
116.237.79.77 - - [16/Jan/2023:11:10:39 +0800] "POST /xingrg/all/common/load_combo.html?type=base HTTP/1.1" 200 3227
116.237.79.77 - - [16/Jan/2023:11:10:42 +0800] "POST /xingrg/all/common/load_combo.html?type=base HTTP/1.1" 200 3227
180.169.147.146 - - [16/Jan/2023:11:10:46 +0800] "GET /xingrg/kc/buy/cgsh_order_operate.html?command=get_materiel&rest_code=00147&code=00101010569&supplier_code=00100327&order_time=2023-01-14 HTTP/1.1" 200 411
116.237.79.77 - - [16/Jan/2023:11:10:50 +0800] "GET /xingrg/javascript/auto/indicator.gif HTTP/1.1" 404 1066
221.239.170.112 - - [16/Jan/2023:11:10:50 +0800] "GET /xingrg/all/function/internal_message.html?_=1673838661446&CODE_STATE=getMsg HTTP/1.1" 200 27
180.169.147.146 - - [16/Jan/2023:11:10:53 +0800] "GET /xingrg/all/function/internal_message.html?_=1673838669663&CODE_STATE=getMsg HTTP/1.1" 200 27
114.88.159.190 - - [16/Jan/2023:11:10:54 +0800] "GET /xingrg/kc/buy/cgsh_order_operate.html?command=get_materiel&rest_code=00141&code=00101007038&supplier_code=00100004&order_time=2023-01-16 HTTP/1.1" 200 420
101.83.145.75 - - [16/Jan/2023:11:10:55 +0800] "GET /xingrg/all/function/internal_message.html?_=1673838670989&CODE_STATE=getMsg HTTP/1.1" 200 27
116.237.79.77 - - [16/Jan/2023:11:10:55 +0800] "GET /xingrg/kc/base/wldb_order_operate.html?command=get_materiel&rest_code=00106&base_code=0010397&code=00102002198 HTTP/1.1" 200 451
114.83.222.182 - - [16/Jan/2023:11:10:58 +0800] "GET /xingrg/all/function/internal_message.html?_=1673838763062&CODE_STATE=getMsg HTTP/1.1" 200 27
114.83.217.78 - - [16/Jan/2023:11:10:58 +0800] "POST /xingrg/dwr/call/plaincall/AjaxQqpsService.getMaterielByCode.dwr HTTP/1.1" 200 2793
114.83.217.78 - - [16/Jan/2023:11:10:59 +0800] "POST /xingrg/dwr/call/plaincall/AjaxQqpsService.saveMaterielItem.dwr HTTP/1.1" 200 79
101.83.145.75 - - [16/Jan/2023:11:11:00 +0800] "POST /xingrg/kc/buy/cgsh_order_operate.html HTTP/1.1" 200 37
180.169.147.146 - - [16/Jan/2023:11:11:00 +0800] "GET /xingrg/kc/buy/cgsh_order_operate.html?command=get_materiel&rest_code=00147&code=00101008559&supplier_code=00100327&order_time=2023-01-14 HTTP/1.1" 200 432
180.162.115.82 - - [16/Jan/2023:11:11:01 +0800] "GET /xingrg/all/function/internal_message.html?_=1673837652287&CODE_STATE=getMsg HTTP/1.1" 200 27
180.162.115.82 - - [16/Jan/2023:11:11:01 +0800] "GET /xingrg/check_reg.html?_=1673837652290 HTTP/1.1" 200 22
116.192.124.172 - - [16/Jan/2023:11:11:02 +0800] "GET /xingrg/all/function/internal_message.html?_=1673838677732&CODE_STATE=getMsg HTTP/1.1" 200 27
101.83.145.75 - - [16/Jan/2023:11:11:02 +0800] "POST /xingrg/kc/buy/cgsh_order_operate.html HTTP/1.1" 200 3248
114.83.217.78 - - [16/Jan/2023:11:11:02 +0800] "POST /xingrg/dwr/call/plaincall/AjaxQqpsService.getMaterielByCode.dwr HTTP/1.1" 200 2790
101.83.145.75 - - [16/Jan/2023:11:11:03 +0800] "GET /xingrg/kc/print/load_data.html?order_code=212023011604931&kc_code=cgsh&condition= HTTP/1.1" 200 917
114.88.159.190 - - [16/Jan/2023:11:11:05 +0800] "GET /xingrg/kc/buy/cgsh_order_operate.html?command=get_materiel&rest_code=00141&code=00101007032&supplier_code=00100004&order_time=2023-01-16 HTTP/1.1" 200 413
114.83.217.78 - - [16/Jan/2023:11:11:06 +0800] "POST /xingrg/dwr/call/plaincall/AjaxQqpsService.saveMaterielItem.dwr HTTP/1.1" 200 79
180.169.147.146 - - [16/Jan/2023:11:11:06 +0800] "GET /xingrg/kc/buy/cgsh_order_operate.html?command=get_materiel&rest_code=00147&code=00101013317&supplier_code=00100327&order_time=2023-01-14 HTTP/1.1" 200 399
114.83.217.78 - - [16/Jan/2023:11:11:10 +0800] "POST /xingrg/dwr/call/plaincall/AjaxQqpsService.getMaterielByCode.dwr HTTP/1.1" 200 2790
222.70.177.10 - - [16/Jan/2023:11:11:11 +0800] "GET /xingrg/all/function/internal_message.html?_=1673838686293&CODE_STATE=getMsg HTTP/1.1" 200 27
222.70.177.10 - - [16/Jan/2023:11:11:11 +0800] "GET /xingrg/check_reg.html?_=1673838686296 HTTP/1.1" 200 22
114.83.217.78 - - [16/Jan/2023:11:11:11 +0800] "POST /xingrg/dwr/call/plaincall/AjaxQqpsService.saveMaterielItem.dwr HTTP/1.1" 200 79
116.237.79.77 - - [16/Jan/2023:11:11:12 +0800] "GET /xingrg/kc/base/wldb_order_operate.html?command=get_materiel&rest_code=00106&base_code=0010397&code=00102002685 HTTP/1.1" 200 458
114.83.217.78 - - [16/Jan/2023:11:11:13 +0800] "GET /xingrg/all/function/internal_message.html?_=1673838688921&CODE_STATE=getMsg HTTP/1.1" 200 27
114.88.159.190 - - [16/Jan/2023:11:11:14 +0800] "POST /xingrg/kc/buy/cgsh_order_operate.html HTTP/1.1" 200 37
58.40.7.146 - - [16/Jan/2023:11:11:16 +0800] "POST /xingrg/services/DataTransmitService HTTP/1.1" 200 524
180.169.147.146 - - [16/Jan/2023:11:11:19 +0800] "GET /xingrg/kc/buy/cgsh_order_operate.html?command=get_materiel&rest_code=00147&code=00101020295&supplier_code=00100327&order_time=2023-01-14 HTTP/1.1" 200 417
114.88.159.190 - - [16/Jan/2023:11:11:19 +0800] "POST /xingrg/kc/buy/cgsh_order_operate.html HTTP/1.1" 200 12
114.88.159.190 - - [16/Jan/2023:11:11:20 +0800] "GET /xingrg/kc/buy/cgsh_order_info.html?code=212023011604932 HTTP/1.1" 200 64604
116.238.139.35 - - [16/Jan/2023:11:11:20 +0800] "GET /xingrg/all/function/internal_message.html?_=1673838695489&CODE_STATE=getMsg HTTP/1.1" 200 27
116.237.79.77 - - [16/Jan/2023:11:11:20 +0800] "POST /xingrg/all/common/load_select.html HTTP/1.1" 200 25
114.88.159.190 - - [16/Jan/2023:11:11:20 +0800] "GET /xingrg/javascript/easyui/themes/default/validatebox.css HTTP/1.1" 404 1104
114.88.159.190 - - [16/Jan/2023:11:11:21 +0800] "POST /xingrg/kc/buy/cgsh_order_operate.html HTTP/1.1" 200 3587
116.230.105.139 - - [16/Jan/2023:11:11:22 +0800] "GET /xingrg/all/function/internal_message.html?_=1673838634701&CODE_STATE=getMsg HTTP/1.1" 200 27
114.88.159.190 - - [16/Jan/2023:11:11:22 +0800] "GET /xingrg/kc/print/load_data.html?order_code=212023011604932&kc_code=cgsh&condition= HTTP/1.1" 200 1917
116.237.79.77 - - [16/Jan/2023:11:11:25 +0800] "GET /xingrg/kc/base/wldb_order_operate.html?command=get_materiel_price&rest_code=00106&base_code=0010397&code=00102002685&unit_code=00100347 HTTP/1.1" 200 36
114.83.217.78 - - [16/Jan/2023:11:11:29 +0800] "POST /xingrg/dwr/call/plaincall/AjaxQqpsService.getMaterielByCode.dwr HTTP/1.1" 200 2788
114.83.217.78 - - [16/Jan/2023:11:11:31 +0800] "POST /xingrg/dwr/call/plaincall/AjaxQqpsService.saveMaterielItem.dwr HTTP/1.1" 200 79
116.237.79.77 - - [16/Jan/2023:11:11:31 +0800] "GET /xingrg/all/function/internal_message.html?_=1673838707881&CODE_STATE=getMsg HTTP/1.1" 200 27
180.169.147.146 - - [16/Jan/2023:11:11:31 +0800] "GET /xingrg/kc/buy/cgsh_order_operate.html?command=get_materiel&rest_code=00147&code=00101013320&supplier_code=00100327&order_time=2023-01-14 HTTP/1.1" 200 406
114.83.217.78 - - [16/Jan/2023:11:11:35 +0800] "GET /xingrg/check_reg.html?_=1673838710613 HTTP/1.1" 200 22
116.235.244.242 - - [16/Jan/2023:11:11:35 +0800] "GET /xingrg/check_reg.html?_=1673838712832 HTTP/1.1" 200 22
116.235.244.242 - - [16/Jan/2023:11:11:38 +0800] "GET /xingrg/all/function/internal_message.html?_=1673838715114&CODE_STATE=getMsg HTTP/1.1" 200 27
114.83.217.78 - - [16/Jan/2023:11:11:39 +0800] "POST /xingrg/dwr/call/plaincall/AjaxQqpsService.getMaterielByCode.dwr HTTP/1.1" 200 2817
180.169.147.146 - - [16/Jan/2023:11:11:40 +0800] "POST /xingrg/kc/buy/cgsh_order_operate.html HTTP/1.1" 200 37
180.169.147.146 - - [16/Jan/2023:11:11:41 +0800] "POST /xingrg/kc/buy/cgsh_order_operate.html HTTP/1.1" 200 5043
180.169.147.146 - - [16/Jan/2023:11:11:42 +0800] "GET /xingrg/kc/print/load_config.html?kc_code=cgsh HTTP/1.1" 200 1943
180.169.147.146 - - [16/Jan/2023:11:11:42 +0800] "GET /xingrg/kc/print/load_data.html?order_code=212023011604933&kc_code=cgsh&condition= HTTP/1.1" 200 1600
114.83.217.78 - - [16/Jan/2023:11:11:43 +0800] "POST /xingrg/dwr/call/plaincall/AjaxQqpsService.saveMaterielItem.dwr HTTP/1.1" 200 79
116.237.79.77 - - [16/Jan/2023:11:11:47 +0800] "GET /xingrg/kc/base/wldb_order_operate.html?command=get_materiel&rest_code=00106&base_code=0010397&code=00102002197 HTTP/1.1" 200 459
180.169.147.146 - - [16/Jan/2023:11:11:47 +0800] "GET /xingrg/kc/buy/cgsh_order_add.html HTTP/1.1" 200 69704
180.169.147.146 - - [16/Jan/2023:11:11:48 +0800] "POST /xingrg/kc/buy/cgsh_order_operate.html HTTP/1.1" 200 8245
180.169.147.146 - - [16/Jan/2023:11:11:48 +0800] "GET /xingrg/javascript/easyui/themes/default/validatebox.css HTTP/1.1" 404 1104
114.83.217.78 - - [16/Jan/2023:11:11:48 +0800] "POST /xingrg/dwr/call/plaincall/AjaxQqpsService.removeMaterielItem.dwr HTTP/1.1" 200 79
221.239.170.112 - - [16/Jan/2023:11:11:50 +0800] "GET /xingrg/all/function/internal_message.html?_=1673838721430&CODE_STATE=getMsg HTTP/1.1" 200 27
180.169.147.146 - - [16/Jan/2023:11:11:53 +0800] "GET /xingrg/all/function/internal_message.html?_=1673838729665&CODE_STATE=getMsg HTTP/1.1" 200 27
114.83.217.78 - - [16/Jan/2023:11:11:53 +0800] "POST /xingrg/dwr/call/plaincall/AjaxQqpsService.saveMaterielItem.dwr HTTP/1.1" 200 79
101.83.145.75 - - [16/Jan/2023:11:11:55 +0800] "GET /xingrg/check_reg.html?_=1673838730984 HTTP/1.1" 200 22
101.83.145.75 - - [16/Jan/2023:11:11:55 +0800] "GET /xingrg/all/function/internal_message.html?_=1673838730987&CODE_STATE=getMsg HTTP/1.1" 200 27
114.83.217.78 - - [16/Jan/2023:11:11:55 +0800] "POST /xingrg/dwr/call/plaincall/AjaxQqpsService.getMaterielByCode.dwr HTTP/1.1" 200 2744
114.83.217.78 - - [16/Jan/2023:11:11:57 +0800] "POST /xingrg/dwr/call/plaincall/AjaxQqpsService.saveMaterielItem.dwr HTTP/1.1" 200 79
114.83.222.182 - - [16/Jan/2023:11:11:58 +0800] "GET /xingrg/all/function/internal_message.html?_=1673838823081&CODE_STATE=getMsg HTTP/1.1" 200 27
180.162.115.82 - - [16/Jan/2023:11:12:01 +0800] "GET /xingrg/all/function/internal_message.html?_=1673837712285&CODE_STATE=getMsg HTTP/1.1" 200 27
116.192.124.172 - - [16/Jan/2023:11:12:02 +0800] "GET /xingrg/all/function/internal_message.html?_=1673838737740&CODE_STATE=getMsg HTTP/1.1" 200 27
116.192.124.172 - - [16/Jan/2023:11:12:02 +0800] "GET /xingrg/check_reg.html?_=1673838737742 HTTP/1.1" 200 22
116.237.79.77 - - [16/Jan/2023:11:12:08 +0800] "GET /xingrg/kc/base/wldb_order_operate.html?command=get_materiel&rest_code=00106&base_code=0010397&code=00102002256 HTTP/1.1" 200 439
222.70.177.10 - - [16/Jan/2023:11:12:11 +0800] "GET /xingrg/all/function/internal_message.html?_=1673838746303&CODE_STATE=getMsg HTTP/1.1" 200 27
114.83.217.78 - - [16/Jan/2023:11:12:13 +0800] "GET /xingrg/all/function/internal_message.html?_=1673838748914&CODE_STATE=getMsg HTTP/1.1" 200 27
116.238.139.35 - - [16/Jan/2023:11:12:20 +0800] "GET /xingrg/all/function/internal_message.html?_=1673838755465&CODE_STATE=getMsg HTTP/1.1" 200 27
114.83.217.78 - - [16/Jan/2023:11:12:22 +0800] "POST /xingrg/dwr/call/plaincall/AjaxQqpsService.getMaterielByCode.dwr HTTP/1.1" 200 2807
116.230.105.139 - - [16/Jan/2023:11:12:22 +0800] "GET /xingrg/all/function/internal_message.html?_=1673838694690&CODE_STATE=getMsg HTTP/1.1" 200 27
116.237.79.77 - - [16/Jan/2023:11:12:23 +0800] "GET /xingrg/kc/base/wldb_order_operate.html?command=get_materiel&rest_code=00106&base_code=0010397&code=00102002257 HTTP/1.1" 200 451
116.237.79.77 - - [16/Jan/2023:11:12:31 +0800] "GET /xingrg/all/function/internal_message.html?_=1673838767890&CODE_STATE=getMsg HTTP/1.1" 200 27
114.83.217.78 - - [16/Jan/2023:11:12:36 +0800] "POST /xingrg/dwr/call/plaincall/AjaxQqpsService.saveMaterielItem.dwr HTTP/1.1" 200 79
116.235.244.242 - - [16/Jan/2023:11:12:38 +0800] "GET /xingrg/all/function/internal_message.html?_=1673838775129&CODE_STATE=getMsg HTTP/1.1" 200 27
116.237.79.77 - - [16/Jan/2023:11:12:39 +0800] "GET /xingrg/kc/base/wldb_order_operate.html?command=get_materiel&rest_code=00106&base_code=0010397&code=00102021018 HTTP/1.1" 200 443
114.83.217.78 - - [16/Jan/2023:11:12:40 +0800] "POST /xingrg/dwr/call/plaincall/AjaxQqpsService.getMaterielByCode.dwr HTTP/1.1" 200 2817
114.83.217.78 - - [16/Jan/2023:11:12:42 +0800] "POST /xingrg/dwr/call/plaincall/AjaxQqpsService.saveMaterielItem.dwr HTTP/1.1" 200 79
114.88.159.190 - - [16/Jan/2023:11:12:45 +0800] "GET /xingrg/check_reg.html?_=1673838367342 HTTP/1.1" 200 22
221.239.170.112 - - [16/Jan/2023:11:12:50 +0800] "GET /xingrg/all/function/internal_message.html?_=1673838781417&CODE_STATE=getMsg HTTP/1.1" 200 27
180.169.147.146 - - [16/Jan/2023:11:12:53 +0800] "GET /xingrg/all/function/internal_message.html?_=1673838789654&CODE_STATE=getMsg HTTP/1.1" 200 27
116.237.79.77 - - [16/Jan/2023:11:12:54 +0800] "GET /xingrg/kc/base/wldb_order_operate.html?command=get_materiel&rest_code=00106&base_code=0010397&code=00102002547 HTTP/1.1" 200 451
101.83.145.75 - - [16/Jan/2023:11:12:55 +0800] "GET /xingrg/all/function/internal_message.html?_=1673838790990&CODE_STATE=getMsg HTTP/1.1" 200 27
114.83.222.182 - - [16/Jan/2023:11:12:58 +0800] "GET /xingrg/all/function/internal_message.html?_=1673838883082&CODE_STATE=getMsg HTTP/1.1" 200 27
180.162.115.82 - - [16/Jan/2023:11:13:01 +0800] "GET /xingrg/all/function/internal_message.html?_=1673837772286&CODE_STATE=getMsg HTTP/1.1" 200 27
116.192.124.172 - - [16/Jan/2023:11:13:02 +0800] "GET /xingrg/all/function/internal_message.html?_=1673838797737&CODE_STATE=getMsg HTTP/1.1" 200 27
116.237.79.77 - - [16/Jan/2023:11:13:09 +0800] "GET /xingrg/kc/base/wldb_order_operate.html?command=get_materiel&rest_code=00106&base_code=0010397&code=00102002457 HTTP/1.1" 200 454
222.70.177.10 - - [16/Jan/2023:11:13:11 +0800] "GET /xingrg/all/function/internal_message.html?_=1673838806290&CODE_STATE=getMsg HTTP/1.1" 200 27
114.83.217.78 - - [16/Jan/2023:11:13:13 +0800] "GET /xingrg/all/function/internal_message.html?_=1673838808909&CODE_STATE=getMsg HTTP/1.1" 200 27
222.70.177.10 - - [16/Jan/2023:11:13:18 +0800] "POST /xingrg/services/DataTransmitService HTTP/1.1" 200 524
222.70.177.10 - - [16/Jan/2023:11:13:19 +0800] "POST /xingrg/services/DataTransmitService HTTP/1.1" 200 412
114.83.217.78 - - [16/Jan/2023:11:13:20 +0800] "POST /xingrg/dwr/call/plaincall/AjaxQqpsService.getMaterielByCode.dwr HTTP/1.1" 200 2793
116.238.139.35 - - [16/Jan/2023:11:13:20 +0800] "GET /xingrg/all/function/internal_message.html?_=1673838815441&CODE_STATE=getMsg HTTP/1.1" 200 27
116.237.79.77 - - [16/Jan/2023:11:13:20 +0800] "GET /xingrg/kc/base/wldb_order_operate.html?command=get_materiel&rest_code=00106&base_code=0010397&code=00102002523 HTTP/1.1" 200 442
114.83.217.78 - - [16/Jan/2023:11:13:21 +0800] "POST /xingrg/dwr/call/plaincall/AjaxQqpsService.saveMaterielItem.dwr HTTP/1.1" 200 79
116.230.105.139 - - [16/Jan/2023:11:13:22 +0800] "GET /xingrg/all/function/internal_message.html?_=1673838754696&CODE_STATE=getMsg HTTP/1.1" 200 27
116.237.79.77 - - [16/Jan/2023:11:13:31 +0800] "GET /xingrg/all/function/internal_message.html?_=1673838827886&CODE_STATE=getMsg HTTP/1.1" 200 27
114.83.217.78 - - [16/Jan/2023:11:13:31 +0800] "POST /xingrg/dwr/call/plaincall/AjaxQqpsService.getMaterielByCode.dwr HTTP/1.1" 200 2823
114.83.217.78 - - [16/Jan/2023:11:13:33 +0800] "POST /xingrg/dwr/call/plaincall/AjaxQqpsService.saveMaterielItem.dwr HTTP/1.1" 200 79
114.83.217.78 - - [16/Jan/2023:11:13:37 +0800] "POST /xingrg/dwr/call/plaincall/AjaxQqpsService.getMaterielByCode.dwr HTTP/1.1" 200 2801
116.235.244.242 - - [16/Jan/2023:11:13:38 +0800] "GET /xingrg/all/function/internal_message.html?_=1673838835141&CODE_STATE=getMsg HTTP/1.1" 200 27
114.83.217.78 - - [16/Jan/2023:11:13:38 +0800] "POST /xingrg/dwr/call/plaincall/AjaxQqpsService.saveMaterielItem.dwr HTTP/1.1" 200 79
221.239.170.112 - - [16/Jan/2023:11:13:50 +0800] "GET /xingrg/all/function/internal_message.html?_=1673838841403&CODE_STATE=getMsg HTTP/1.1" 200 27
180.169.147.146 - - [16/Jan/2023:11:13:53 +0800] "GET /xingrg/all/function/internal_message.html?_=1673838849683&CODE_STATE=getMsg HTTP/1.1" 200 27
101.83.145.75 - - [16/Jan/2023:11:13:55 +0800] "GET /xingrg/all/function/internal_message.html?_=1673838850990&CODE_STATE=getMsg HTTP/1.1" 200 27
114.83.222.182 - - [16/Jan/2023:11:13:58 +0800] "GET /xingrg/check_reg.html?_=1673838943062 HTTP/1.1" 200 22
114.83.222.182 - - [16/Jan/2023:11:13:58 +0800] "GET /xingrg/all/function/internal_message.html?_=1673838943064&CODE_STATE=getMsg HTTP/1.1" 200 27
180.162.115.82 - - [16/Jan/2023:11:14:01 +0800] "GET /xingrg/all/function/internal_message.html?_=1673837832295&CODE_STATE=getMsg HTTP/1.1" 200 27
116.192.124.172 - - [16/Jan/2023:11:14:02 +0800] "GET /xingrg/all/function/internal_message.html?_=1673838857729&CODE_STATE=getMsg HTTP/1.1" 200 27
222.70.177.10 - - [16/Jan/2023:11:14:11 +0800] "GET /xingrg/all/function/internal_message.html?_=1673838866298&CODE_STATE=getMsg HTTP/1.1" 200 27
114.83.217.78 - - [16/Jan/2023:11:14:13 +0800] "GET /xingrg/all/function/internal_message.html?_=1673838868884&CODE_STATE=getMsg HTTP/1.1" 200 27
116.238.139.35 - - [16/Jan/2023:11:14:20 +0800] "GET /xingrg/all/function/internal_message.html?_=1673838875417&CODE_STATE=getMsg HTTP/1.1" 200 27
116.230.105.139 - - [16/Jan/2023:11:14:22 +0800] "GET /xingrg/check_reg.html?_=1673838814697 HTTP/1.1" 200 22
116.230.105.139 - - [16/Jan/2023:11:14:22 +0800] "GET /xingrg/all/function/internal_message.html?_=1673838814700&CODE_STATE=getMsg HTTP/1.1" 200 27
116.237.79.77 - - [16/Jan/2023:11:14:25 +0800] "GET /xingrg/kc/base/wldb_order_operate.html?command=get_materiel&rest_code=00106&base_code=0010397&code=00102002339 HTTP/1.1" 200 464
114.83.217.78 - - [16/Jan/2023:11:14:29 +0800] "POST /xingrg/dwr/call/plaincall/AjaxQqpsService.checkOrder.dwr HTTP/1.1" 200 79
114.83.217.78 - - [16/Jan/2023:11:14:30 +0800] "GET /xingrg/kc/mdqp/qqps_order_info.html?code=302023011600258 HTTP/1.1" 200 26801
114.83.217.78 - - [16/Jan/2023:11:14:30 +0800] "GET /xingrg/dwr/interface/AjaxComOrderService.js HTTP/1.1" 200 18264
114.83.217.78 - - [16/Jan/2023:11:14:30 +0800] "GET /xingrg/dwr/interface/AjaxQqpsService.js HTTP/1.1" 200 16326
114.83.217.78 - - [16/Jan/2023:11:14:30 +0800] "GET /xingrg/dwr/engine.js HTTP/1.1" 200 43631
114.83.217.78 - - [16/Jan/2023:11:14:30 +0800] "POST /xingrg/dwr/call/plaincall/AjaxQqpsService.loadMaterielItems.dwr HTTP/1.1" 200 11209
116.237.79.77 - - [16/Jan/2023:11:14:31 +0800] "GET /xingrg/all/function/internal_message.html?_=1673838887890&CODE_STATE=getMsg HTTP/1.1" 200 27
116.235.244.242 - - [16/Jan/2023:11:14:38 +0800] "GET /xingrg/all/function/internal_message.html?_=1673838895550&CODE_STATE=getMsg HTTP/1.1" 200 27
221.239.170.112 - - [16/Jan/2023:11:14:50 +0800] "GET /xingrg/all/function/internal_message.html?_=1673838901388&CODE_STATE=getMsg HTTP/1.1" 200 27
180.169.147.146 - - [16/Jan/2023:11:14:53 +0800] "GET /xingrg/check_reg.html?_=1673838909656 HTTP/1.1" 200 22
180.169.147.146 - - [16/Jan/2023:11:14:53 +0800] "GET /xingrg/all/function/internal_message.html?_=1673838909657&CODE_STATE=getMsg HTTP/1.1" 200 27
101.83.145.75 - - [16/Jan/2023:11:14:55 +0800] "GET /xingrg/all/function/internal_message.html?_=1673838910992&CODE_STATE=getMsg HTTP/1.1" 200 27
114.83.222.182 - - [16/Jan/2023:11:14:58 +0800] "GET /xingrg/all/function/internal_message.html?_=1673839003077&CODE_STATE=getMsg HTTP/1.1" 200 27
180.162.115.82 - - [16/Jan/2023:11:15:01 +0800] "GET /xingrg/all/function/internal_message.html?_=1673837892285&CODE_STATE=getMsg HTTP/1.1" 200 27
116.192.124.172 - - [16/Jan/2023:11:15:02 +0800] "GET /xingrg/all/function/internal_message.html?_=1673838917733&CODE_STATE=getMsg HTTP/1.1" 200 27
221.239.170.112 - - [16/Jan/2023:11:15:08 +0800] "GET /xingrg/check_reg.html?_=1673838918957 HTTP/1.1" 200 22
222.70.177.10 - - [16/Jan/2023:11:15:11 +0800] "GET /xingrg/all/function/internal_message.html?_=1673838926291&CODE_STATE=getMsg HTTP/1.1" 200 27
114.83.217.78 - - [16/Jan/2023:11:15:13 +0800] "GET /xingrg/all/function/internal_message.html?_=1673838928860&CODE_STATE=getMsg HTTP/1.1" 200 27
116.238.139.35 - - [16/Jan/2023:11:15:20 +0800] "GET /xingrg/all/function/internal_message.html?_=1673838935401&CODE_STATE=getMsg HTTP/1.1" 200 27
116.238.139.35 - - [16/Jan/2023:11:15:21 +0800] "GET /xingrg/check_reg.html?_=1673838936310 HTTP/1.1" 200 22
116.230.105.139 - - [16/Jan/2023:11:15:22 +0800] "GET /xingrg/all/function/internal_message.html?_=1673838874690&CODE_STATE=getMsg HTTP/1.1" 200 27
116.237.79.77 - - [16/Jan/2023:11:15:31 +0800] "GET /xingrg/check_reg.html?_=1673838947883 HTTP/1.1" 200 22
116.237.79.77 - - [16/Jan/2023:11:15:31 +0800] "GET /xingrg/all/function/internal_message.html?_=1673838947886&CODE_STATE=getMsg HTTP/1.1" 200 27
116.235.244.242 - - [16/Jan/2023:11:15:38 +0800] "GET /xingrg/all/function/internal_message.html?_=1673838955562&CODE_STATE=getMsg HTTP/1.1" 200 27
180.169.147.146 - - [16/Jan/2023:11:15:39 +0800] "GET /xingrg/kc/buy/cgsh_order_operate.html?command=get_materiel&rest_code=00147&code=00101001302&supplier_code=00100430&order_time=2023-01-14 HTTP/1.1" 200 401
114.83.217.78 - - [16/Jan/2023:11:15:40 +0800] "GET /xingrg/kc/mdqp/qqps_order_list.html?isBack=1 HTTP/1.1" 200 9677
114.83.217.78 - - [16/Jan/2023:11:15:40 +0800] "GET /xingrg/dwr/interface/AjaxQqpsService.js HTTP/1.1" 200 16326
114.83.217.78 - - [16/Jan/2023:11:15:40 +0800] "GET /xingrg/dwr/interface/AjaxReportQueryService.js HTTP/1.1" 200 13203
114.83.217.78 - - [16/Jan/2023:11:15:40 +0800] "GET /xingrg/dwr/engine.js HTTP/1.1" 200 43631
221.239.170.112 - - [16/Jan/2023:11:15:50 +0800] "GET /xingrg/all/function/internal_message.html?_=1673838961359&CODE_STATE=getMsg HTTP/1.1" 200 27
180.169.147.146 - - [16/Jan/2023:11:15:51 +0800] "GET /xingrg/kc/buy/cgsh_order_operate.html?command=get_materiel&rest_code=00147&code=00101001301&supplier_code=00100430&order_time=2023-01-14 HTTP/1.1" 200 406
180.169.147.146 - - [16/Jan/2023:11:15:53 +0800] "GET /xingrg/all/function/internal_message.html?_=1673838969675&CODE_STATE=getMsg HTTP/1.1" 200 27
101.83.145.75 - - [16/Jan/2023:11:15:55 +0800] "GET /xingrg/all/function/internal_message.html?_=1673838970992&CODE_STATE=getMsg HTTP/1.1" 200 27
180.169.147.146 - - [16/Jan/2023:11:15:57 +0800] "POST /xingrg/kc/buy/cgsh_order_operate.html HTTP/1.1" 200 37
114.83.222.182 - - [16/Jan/2023:11:15:58 +0800] "GET /xingrg/all/function/internal_message.html?_=1673839063074&CODE_STATE=getMsg HTTP/1.1" 200 27
116.235.93.82 - - [16/Jan/2023:11:15:58 +0800] "POST /xingrg/services/DataTransmitService HTTP/1.1" 200 524
180.169.147.146 - - [16/Jan/2023:11:15:59 +0800] "POST /xingrg/kc/buy/cgsh_order_operate.html HTTP/1.1" 200 3265
180.169.147.146 - - [16/Jan/2023:11:15:59 +0800] "GET /xingrg/kc/print/load_data.html?order_code=212023011604934&kc_code=cgsh&condition= HTTP/1.1" 200 909
180.162.115.82 - - [16/Jan/2023:11:16:01 +0800] "GET /xingrg/check_reg.html?_=1673837952288 HTTP/1.1" 200 22
180.162.115.82 - - [16/Jan/2023:11:16:01 +0800] "GET /xingrg/all/function/internal_message.html?_=1673837952286&CODE_STATE=getMsg HTTP/1.1" 200 27
116.192.124.172 - - [16/Jan/2023:11:16:02 +0800] "GET /xingrg/all/function/internal_message.html?_=1673838977732&CODE_STATE=getMsg HTTP/1.1" 200 27
180.169.147.146 - - [16/Jan/2023:11:16:02 +0800] "GET /xingrg/kc/buy/cgsh_order_add.html HTTP/1.1" 200 69704
180.169.147.146 - - [16/Jan/2023:11:16:02 +0800] "POST /xingrg/kc/buy/cgsh_order_operate.html HTTP/1.1" 200 8245
180.169.147.146 - - [16/Jan/2023:11:16:02 +0800] "GET /xingrg/javascript/easyui/themes/default/validatebox.css HTTP/1.1" 404 1104
222.70.177.10 - - [16/Jan/2023:11:16:11 +0800] "GET /xingrg/all/function/internal_message.html?_=1673838986294&CODE_STATE=getMsg HTTP/1.1" 200 27
222.70.177.10 - - [16/Jan/2023:11:16:11 +0800] "GET /xingrg/check_reg.html?_=1673838986296 HTTP/1.1" 200 22
114.83.217.78 - - [16/Jan/2023:11:16:13 +0800] "GET /xingrg/all/function/internal_message.html?_=1673838988852&CODE_STATE=getMsg HTTP/1.1" 200 27
116.238.139.35 - - [16/Jan/2023:11:16:20 +0800] "GET /xingrg/all/function/internal_message.html?_=1673838995381&CODE_STATE=getMsg HTTP/1.1" 200 27
116.230.105.139 - - [16/Jan/2023:11:16:22 +0800] "GET /xingrg/all/function/internal_message.html?_=1673838934704&CODE_STATE=getMsg HTTP/1.1" 200 27
180.169.147.146 - - [16/Jan/2023:11:16:22 +0800] "GET /xingrg/kc/buy/cgsh_order_operate.html?command=get_materiel&rest_code=00147&code=00101004090&supplier_code=00100312&order_time=2023-01-14 HTTP/1.1" 200 421
101.83.145.75 - - [16/Jan/2023:11:16:30 +0800] "POST /xingrg/services/DataTransmitService HTTP/1.1" 200 524
180.169.147.146 - - [16/Jan/2023:11:16:30 +0800] "POST /xingrg/kc/buy/cgsh_order_operate.html HTTP/1.1" 200 37
116.237.79.77 - - [16/Jan/2023:11:16:31 +0800] "GET /xingrg/all/function/internal_message.html?_=1673839007885&CODE_STATE=getMsg HTTP/1.1" 200 27
180.169.147.146 - - [16/Jan/2023:11:16:34 +0800] "POST /xingrg/kc/buy/cgsh_order_operate.html HTTP/1.1" 200 2654
114.83.217.78 - - [16/Jan/2023:11:16:35 +0800] "GET /xingrg/check_reg.html?_=1673839010633 HTTP/1.1" 200 22
180.169.147.146 - - [16/Jan/2023:11:16:35 +0800] "GET /xingrg/kc/print/load_data.html?order_code=212023011604935&kc_code=cgsh&condition= HTTP/1.1" 200 682
101.83.145.75 - - [16/Jan/2023:11:16:36 +0800] "POST /xingrg/services/DataTransmitService HTTP/1.1" 200 501
116.235.244.242 - - [16/Jan/2023:11:16:36 +0800] "GET /xingrg/check_reg.html?_=1673839013327 HTTP/1.1" 200 22
116.235.244.242 - - [16/Jan/2023:11:16:38 +0800] "GET /xingrg/all/function/internal_message.html?_=1673839015573&CODE_STATE=getMsg HTTP/1.1" 200 27
180.169.147.146 - - [16/Jan/2023:11:16:38 +0800] "GET /xingrg/kc/buy/cgsh_order_add.html HTTP/1.1" 200 69704
180.169.147.146 - - [16/Jan/2023:11:16:38 +0800] "POST /xingrg/kc/buy/cgsh_order_operate.html HTTP/1.1" 200 8245
180.169.147.146 - - [16/Jan/2023:11:16:38 +0800] "GET /xingrg/javascript/easyui/themes/default/validatebox.css HTTP/1.1" 404 1104
114.83.217.78 - - [16/Jan/2023:11:16:46 +0800] "GET /xingrg/kc/mdqp/qqps_order_info.html?code=302023011600258 HTTP/1.1" 200 26801
114.83.217.78 - - [16/Jan/2023:11:16:46 +0800] "GET /xingrg/dwr/interface/AjaxComOrderService.js HTTP/1.1" 200 18264
114.83.217.78 - - [16/Jan/2023:11:16:46 +0800] "GET /xingrg/dwr/interface/AjaxQqpsService.js HTTP/1.1" 200 16326
114.83.217.78 - - [16/Jan/2023:11:16:46 +0800] "GET /xingrg/dwr/engine.js HTTP/1.1" 200 43631
114.83.217.78 - - [16/Jan/2023:11:16:46 +0800] "POST /xingrg/dwr/call/plaincall/AjaxQqpsService.loadMaterielItems.dwr HTTP/1.1" 200 11209
221.239.170.112 - - [16/Jan/2023:11:16:50 +0800] "GET /xingrg/all/function/internal_message.html?_=1673839021345&CODE_STATE=getMsg HTTP/1.1" 200 27
180.169.147.146 - - [16/Jan/2023:11:16:53 +0800] "GET /xingrg/all/function/internal_message.html?_=1673839029656&CODE_STATE=getMsg HTTP/1.1" 200 27
114.83.217.78 - - [16/Jan/2023:11:16:53 +0800] "GET /xingrg/images/yd/bt.gif HTTP/1.1" 404 1040
101.83.145.75 - - [16/Jan/2023:11:16:55 +0800] "GET /xingrg/check_reg.html?_=1673839030992 HTTP/1.1" 200 22
101.83.145.75 - - [16/Jan/2023:11:16:55 +0800] "GET /xingrg/all/function/internal_message.html?_=1673839030995&CODE_STATE=getMsg HTTP/1.1" 200 27
114.83.217.78 - - [16/Jan/2023:11:16:55 +0800] "POST /xingrg/dwr/call/plaincall/AjaxQqpsService.uncheckOrder.dwr HTTP/1.1" 200 78
114.83.222.182 - - [16/Jan/2023:11:16:58 +0800] "GET /xingrg/all/function/internal_message.html?_=1673839123074&CODE_STATE=getMsg HTTP/1.1" 200 27
116.192.124.172 - - [16/Jan/2023:11:17:02 +0800] "GET /xingrg/all/function/internal_message.html?_=1673839037729&CODE_STATE=getMsg HTTP/1.1" 200 27
116.192.124.172 - - [16/Jan/2023:11:17:02 +0800] "GET /xingrg/check_reg.html?_=1673839037731 HTTP/1.1" 200 22
114.83.217.78 - - [16/Jan/2023:11:17:02 +0800] "GET /xingrg/css/blue.css HTTP/1.1" 304 -
114.83.217.78 - - [16/Jan/2023:11:17:02 +0800] "GET /xingrg/kc/mdqp/qqps_order_info.html?code=302023011600258 HTTP/1.1" 200 28560
114.83.217.78 - - [16/Jan/2023:11:17:02 +0800] "GET /xingrg/javascript/auto/jquery.autocomplete.js HTTP/1.1" 304 -
114.83.217.78 - - [16/Jan/2023:11:17:02 +0800] "GET /xingrg/javascript/jquery.utils.js HTTP/1.1" 304 -
114.83.217.78 - - [16/Jan/2023:11:17:02 +0800] "GET /xingrg/dwr/interface/AjaxQqpsService.js HTTP/1.1" 200 16326
114.83.217.78 - - [16/Jan/2023:11:17:02 +0800] "GET /xingrg/javascript/auto/jquery.autocomplete.css HTTP/1.1" 304 -
114.83.217.78 - - [16/Jan/2023:11:17:02 +0800] "GET /xingrg/dwr/util.js HTTP/1.1" 304 -
114.83.217.78 - - [16/Jan/2023:11:17:02 +0800] "GET /xingrg/javascript/jquery_easy_ui/themes/default/easyui.css HTTP/1.1" 304 -
114.83.217.78 - - [16/Jan/2023:11:17:02 +0800] "GET /xingrg/dwr/engine.js HTTP/1.1" 200 43631
114.83.217.78 - - [16/Jan/2023:11:17:02 +0800] "GET /xingrg/javascript/Calendar.js HTTP/1.1" 304 -
114.83.217.78 - - [16/Jan/2023:11:17:02 +0800] "GET /xingrg/javascript/myfunction.js HTTP/1.1" 304 -
114.83.217.78 - - [16/Jan/2023:11:17:02 +0800] "GET /xingrg/javascript/AjaxInfoList.js HTTP/1.1" 304 -
114.83.217.78 - - [16/Jan/2023:11:17:02 +0800] "GET /xingrg/javascript/ToolTips.js HTTP/1.1" 304 -
114.83.217.78 - - [16/Jan/2023:11:17:02 +0800] "GET /xingrg/javascript/Grid.js HTTP/1.1" 304 -
114.83.217.78 - - [16/Jan/2023:11:17:02 +0800] "GET /xingrg/javascript/print/kc_print.js HTTP/1.1" 304 -
114.83.217.78 - - [16/Jan/2023:11:17:02 +0800] "GET /xingrg/javascript/jquery_easy_ui/themes/icon.css HTTP/1.1" 304 -
114.83.217.78 - - [16/Jan/2023:11:17:02 +0800] "GET /xingrg/javascript/print/LodopFuncs.js HTTP/1.1" 304 -
114.83.217.78 - - [16/Jan/2023:11:17:02 +0800] "GET /xingrg/javascript/jquery-1.4.2.min.js HTTP/1.1" 304 -
114.83.217.78 - - [16/Jan/2023:11:17:02 +0800] "GET /xingrg/javascript/jquery_easy_ui/jquery.easyui.min.js HTTP/1.1" 304 -
114.83.217.78 - - [16/Jan/2023:11:17:02 +0800] "GET /xingrg/javascript/jquery_easy_ui/easyui-lang-zh_CN.js HTTP/1.1" 304 -
114.83.217.78 - - [16/Jan/2023:11:17:02 +0800] "GET /xingrg/javascript/tools/jquery.qtip-1.0.0-rc3.min.js HTTP/1.1" 304 -
114.83.217.78 - - [16/Jan/2023:11:17:02 +0800] "GET /xingrg/javascript/pic_change.js HTTP/1.1" 304 -
114.83.217.78 - - [16/Jan/2023:11:17:02 +0800] "GET /xingrg/dwr/interface/AjaxComOrderService.js HTTP/1.1" 200 18264
114.83.217.78 - - [16/Jan/2023:11:17:02 +0800] "GET /xingrg/words/20230115141207_words.js HTTP/1.1" 304 -
114.83.217.78 - - [16/Jan/2023:11:17:03 +0800] "GET /xingrg/images/blue/button/kc_tab_add.gif HTTP/1.1" 304 -
114.83.217.78 - - [16/Jan/2023:11:17:03 +0800] "GET /xingrg/images/blue/button/kc_tab_edit.gif HTTP/1.1" 304 -
114.83.217.78 - - [16/Jan/2023:11:17:03 +0800] "GET /xingrg/images/blue/button/kc_tab_save.gif HTTP/1.1" 304 -
114.83.217.78 - - [16/Jan/2023:11:17:03 +0800] "GET /xingrg/images/blue/button/kc_tab_del.gif HTTP/1.1" 304 -
114.83.217.78 - - [16/Jan/2023:11:17:03 +0800] "GET /xingrg/images/blue/wait.gif HTTP/1.1" 304 -
114.83.217.78 - - [16/Jan/2023:11:17:03 +0800] "POST /xingrg/dwr/call/plaincall/AjaxQqpsService.loadMaterielItems.dwr HTTP/1.1" 200 11209
