116.192.124.172 - - [16/Jan/2023:10:01:24 +0800] "POST /xingrg/kc/buy/cgsh_order_operate.html HTTP/1.1" 200 2379
120.253.135.82 - - [16/Jan/2023:10:01:25 +0800] "GET /xingrg/kc/pszx/mdps_order_info.html?code=312023011500300 HTTP/1.1" 200 19632
120.253.135.82 - - [16/Jan/2023:10:01:25 +0800] "GET /xingrg/javascript/easyui/themes/default/validatebox.css HTTP/1.1" 404 1104
120.253.135.82 - - [16/Jan/2023:10:01:25 +0800] "POST /xingrg/kc/pszx/mdps_order_operate.html HTTP/1.1" 200 10014
116.192.124.172 - - [16/Jan/2023:10:01:26 +0800] "GET /xingrg/kc/print/load_data.html?order_code=212023011604896&kc_code=cgsh&condition= HTTP/1.1" 200 1353
120.253.135.82 - - [16/Jan/2023:10:01:31 +0800] "POST /xingrg/kc/pszx/mdps_list_operate.html HTTP/1.1" 200 624
116.235.244.242 - - [16/Jan/2023:10:01:31 +0800] "GET /xingrg/all/function/internal_message.html?_=1673834508177&CODE_STATE=getMsg HTTP/1.1" 200 27
120.253.135.82 - - [16/Jan/2023:10:01:31 +0800] "GET /xingrg/kc/pszx/mdps_order_info.html?code=312023011500301 HTTP/1.1" 200 23972
120.253.135.82 - - [16/Jan/2023:10:01:32 +0800] "GET /xingrg/javascript/easyui/themes/default/validatebox.css HTTP/1.1" 404 1104
120.253.135.82 - - [16/Jan/2023:10:01:32 +0800] "POST /xingrg/kc/pszx/mdps_order_operate.html HTTP/1.1" 200 17079
116.235.244.242 - - [16/Jan/2023:10:01:34 +0800] "GET /xingrg/check_reg.html?_=1673834511153 HTTP/1.1" 200 22
114.83.217.78 - - [16/Jan/2023:10:01:35 +0800] "GET /xingrg/check_reg.html?_=1673834510354 HTTP/1.1" 200 22
116.238.139.35 - - [16/Jan/2023:10:01:35 +0800] "GET /xingrg/kc/buy/cgsh_order_list.html HTTP/1.1" 200 53926
120.253.135.82 - - [16/Jan/2023:10:01:37 +0800] "POST /xingrg/kc/pszx/mdps_order_operate.html HTTP/1.1" 200 37
116.238.139.35 - - [16/Jan/2023:10:01:38 +0800] "POST /xingrg/kc/buy/cgsh_list_operate.html HTTP/1.1" 200 1886
120.253.135.82 - - [16/Jan/2023:10:01:39 +0800] "POST /xingrg/kc/pszx/mdps_order_operate.html HTTP/1.1" 200 12
116.238.139.35 - - [16/Jan/2023:10:01:39 +0800] "GET /xingrg/kc/buy/cgsh_order_add.html HTTP/1.1" 200 69701
116.238.139.35 - - [16/Jan/2023:10:01:39 +0800] "POST /xingrg/kc/buy/cgsh_order_operate.html HTTP/1.1" 200 8245
116.238.139.35 - - [16/Jan/2023:10:01:40 +0800] "GET /xingrg/javascript/easyui/themes/default/validatebox.css HTTP/1.1" 404 1104
116.238.139.35 - - [16/Jan/2023:10:01:40 +0800] "GET /xingrg/check_reg.html?_=1673834516234 HTTP/1.1" 200 22
116.238.139.35 - - [16/Jan/2023:10:01:40 +0800] "GET /xingrg/all/function/internal_message.html?_=1673834516228&CODE_STATE=getMsg HTTP/1.1" 200 27
120.253.135.82 - - [16/Jan/2023:10:01:40 +0800] "GET /xingrg/kc/pszx/mdps_order_info.html?code=312023011500301 HTTP/1.1" 200 19632
120.253.135.82 - - [16/Jan/2023:10:01:41 +0800] "POST /xingrg/kc/pszx/mdps_order_operate.html HTTP/1.1" 200 15169
120.253.135.82 - - [16/Jan/2023:10:01:41 +0800] "GET /xingrg/javascript/easyui/themes/default/validatebox.css HTTP/1.1" 404 1104
120.253.135.82 - - [16/Jan/2023:10:01:44 +0800] "POST /xingrg/kc/pszx/mdps_list_operate.html HTTP/1.1" 200 3504
116.192.124.172 - - [16/Jan/2023:10:01:45 +0800] "GET /xingrg/all/function/internal_message.html?_=1673834521327&CODE_STATE=getMsg HTTP/1.1" 200 27
101.83.145.75 - - [16/Jan/2023:10:01:46 +0800] "GET /xingrg/all/function/internal_message.html?_=1673834521729&CODE_STATE=getMsg HTTP/1.1" 200 27
114.83.222.182 - - [16/Jan/2023:10:01:49 +0800] "GET /xingrg/all/function/internal_message.html?_=1673834613922&CODE_STATE=getMsg HTTP/1.1" 200 27
116.238.139.35 - - [16/Jan/2023:10:01:50 +0800] "GET /xingrg/kc/buy/cgsh_order_operate.html?command=get_materiel&rest_code=00150&code=00101023017&supplier_code=00100508&order_time=2023-01-16 HTTP/1.1" 200 431
120.253.135.82 - - [16/Jan/2023:10:01:51 +0800] "GET /xingrg/all/function/internal_message.html?_=1673834341076&CODE_STATE=getMsg HTTP/1.1" 200 27
221.239.170.112 - - [16/Jan/2023:10:01:51 +0800] "GET /xingrg/all/function/internal_message.html?_=1673834522694&CODE_STATE=getMsg HTTP/1.1" 200 27
120.253.135.82 - - [16/Jan/2023:10:01:57 +0800] "POST /xingrg/kc/pszx/mdps_list_operate.html HTTP/1.1" 200 538
120.253.135.82 - - [16/Jan/2023:10:01:58 +0800] "GET /xingrg/kc/pszx/mdps_order_info.html?code=312023011500302 HTTP/1.1" 200 23972
120.253.135.82 - - [16/Jan/2023:10:01:59 +0800] "POST /xingrg/kc/pszx/mdps_order_operate.html HTTP/1.1" 200 4279
120.253.135.82 - - [16/Jan/2023:10:01:59 +0800] "GET /xingrg/javascript/easyui/themes/default/validatebox.css HTTP/1.1" 404 1104
116.238.139.35 - - [16/Jan/2023:10:02:01 +0800] "POST /xingrg/kc/buy/cgsh_order_operate.html HTTP/1.1" 200 37
116.192.124.172 - - [16/Jan/2023:10:02:02 +0800] "GET /xingrg/check_reg.html?_=1673834537733 HTTP/1.1" 200 22
116.192.124.172 - - [16/Jan/2023:10:02:02 +0800] "GET /xingrg/all/function/internal_message.html?_=1673834537737&CODE_STATE=getMsg HTTP/1.1" 200 27
120.253.135.82 - - [16/Jan/2023:10:02:03 +0800] "POST /xingrg/kc/pszx/mdps_order_operate.html HTTP/1.1" 200 37
116.238.139.35 - - [16/Jan/2023:10:02:05 +0800] "POST /xingrg/kc/buy/cgsh_order_operate.html HTTP/1.1" 200 12
120.253.135.82 - - [16/Jan/2023:10:02:06 +0800] "POST /xingrg/kc/pszx/mdps_order_operate.html HTTP/1.1" 200 12
120.253.135.82 - - [16/Jan/2023:10:02:07 +0800] "GET /xingrg/kc/pszx/mdps_order_info.html?code=312023011500302 HTTP/1.1" 200 19632
120.253.135.82 - - [16/Jan/2023:10:02:08 +0800] "POST /xingrg/kc/pszx/mdps_order_operate.html HTTP/1.1" 200 2486
120.253.135.82 - - [16/Jan/2023:10:02:08 +0800] "GET /xingrg/javascript/easyui/themes/default/validatebox.css HTTP/1.1" 404 1104
222.70.177.10 - - [16/Jan/2023:10:02:11 +0800] "GET /xingrg/all/function/internal_message.html?_=1673834546183&CODE_STATE=getMsg HTTP/1.1" 200 27
116.235.93.82 - - [16/Jan/2023:10:02:14 +0800] "POST /xingrg/services/DataTransmitService HTTP/1.1" 200 524
114.83.217.78 - - [16/Jan/2023:10:02:14 +0800] "GET /xingrg/all/function/internal_message.html?_=1673834550139&CODE_STATE=getMsg HTTP/1.1" 200 27
116.230.105.139 - - [16/Jan/2023:10:02:21 +0800] "GET /xingrg/all/function/internal_message.html?_=1673834493754&CODE_STATE=getMsg HTTP/1.1" 200 27
116.238.139.35 - - [16/Jan/2023:10:02:24 +0800] "GET /xingrg/kc/buy/cgsh_order_info.html?code=212023011604897 HTTP/1.1" 200 64604
116.238.139.35 - - [16/Jan/2023:10:02:25 +0800] "GET /xingrg/javascript/easyui/themes/default/validatebox.css HTTP/1.1" 404 1104
116.238.139.35 - - [16/Jan/2023:10:02:26 +0800] "POST /xingrg/kc/buy/cgsh_order_operate.html HTTP/1.1" 200 628
116.238.139.35 - - [16/Jan/2023:10:02:30 +0800] "GET /xingrg/kc/print/load_data.html?order_code=212023011604897&kc_code=cgsh&condition= HTTP/1.1" 200 734
116.235.244.242 - - [16/Jan/2023:10:02:31 +0800] "GET /xingrg/all/function/internal_message.html?_=1673834568186&CODE_STATE=getMsg HTTP/1.1" 200 27
116.238.139.35 - - [16/Jan/2023:10:02:33 +0800] "GET /xingrg/kc/buy/cgsh_order_add.html HTTP/1.1" 200 69701
116.238.139.35 - - [16/Jan/2023:10:02:34 +0800] "POST /xingrg/kc/buy/cgsh_order_operate.html HTTP/1.1" 200 8245
116.238.139.35 - - [16/Jan/2023:10:02:34 +0800] "GET /xingrg/javascript/easyui/themes/default/validatebox.css HTTP/1.1" 404 1104
116.238.139.35 - - [16/Jan/2023:10:02:40 +0800] "GET /xingrg/all/function/internal_message.html?_=1673834576233&CODE_STATE=getMsg HTTP/1.1" 200 27
116.238.139.35 - - [16/Jan/2023:10:02:44 +0800] "GET /xingrg/kc/buy/cgsh_order_operate.html?command=get_materiel&rest_code=00150&code=00101028002&supplier_code=00100018&order_time=2023-01-16 HTTP/1.1" 200 477
116.192.124.172 - - [16/Jan/2023:10:02:45 +0800] "GET /xingrg/all/function/internal_message.html?_=1673834581328&CODE_STATE=getMsg HTTP/1.1" 200 27
114.88.159.190 - - [16/Jan/2023:10:02:45 +0800] "GET /xingrg/check_reg.html?_=1673834167287 HTTP/1.1" 200 22
101.83.145.75 - - [16/Jan/2023:10:02:46 +0800] "GET /xingrg/all/function/internal_message.html?_=1673834581711&CODE_STATE=getMsg HTTP/1.1" 200 27
114.83.222.182 - - [16/Jan/2023:10:02:49 +0800] "GET /xingrg/check_reg.html?_=1673834673912 HTTP/1.1" 200 22
114.83.222.182 - - [16/Jan/2023:10:02:49 +0800] "GET /xingrg/all/function/internal_message.html?_=1673834673914&CODE_STATE=getMsg HTTP/1.1" 200 27
120.253.135.82 - - [16/Jan/2023:10:02:51 +0800] "GET /xingrg/all/function/internal_message.html?_=1673834401090&CODE_STATE=getMsg HTTP/1.1" 200 27
221.239.170.112 - - [16/Jan/2023:10:02:51 +0800] "GET /xingrg/all/function/internal_message.html?_=1673834582678&CODE_STATE=getMsg HTTP/1.1" 200 27
116.238.139.35 - - [16/Jan/2023:10:02:55 +0800] "POST /xingrg/kc/buy/cgsh_order_operate.html HTTP/1.1" 200 37
116.238.139.35 - - [16/Jan/2023:10:02:59 +0800] "POST /xingrg/kc/buy/cgsh_order_operate.html HTTP/1.1" 200 12
116.238.139.35 - - [16/Jan/2023:10:03:00 +0800] "GET /xingrg/kc/buy/cgsh_order_info.html?code=212023011604898 HTTP/1.1" 200 64602
116.238.139.35 - - [16/Jan/2023:10:03:00 +0800] "GET /xingrg/javascript/easyui/themes/default/validatebox.css HTTP/1.1" 404 1104
116.238.139.35 - - [16/Jan/2023:10:03:01 +0800] "POST /xingrg/kc/buy/cgsh_order_operate.html HTTP/1.1" 200 646
116.192.124.172 - - [16/Jan/2023:10:03:02 +0800] "GET /xingrg/all/function/internal_message.html?_=1673834597729&CODE_STATE=getMsg HTTP/1.1" 200 27
116.238.139.35 - - [16/Jan/2023:10:03:02 +0800] "GET /xingrg/kc/print/load_data.html?order_code=212023011604898&kc_code=cgsh&condition= HTTP/1.1" 200 790
116.238.139.35 - - [16/Jan/2023:10:03:06 +0800] "GET /xingrg/kc/buy/cgsh_order_add.html HTTP/1.1" 200 69701
116.238.139.35 - - [16/Jan/2023:10:03:07 +0800] "POST /xingrg/kc/buy/cgsh_order_operate.html HTTP/1.1" 200 8245
116.238.139.35 - - [16/Jan/2023:10:03:07 +0800] "GET /xingrg/javascript/easyui/themes/default/validatebox.css HTTP/1.1" 404 1104
222.70.177.10 - - [16/Jan/2023:10:03:11 +0800] "GET /xingrg/all/function/internal_message.html?_=1673834606182&CODE_STATE=getMsg HTTP/1.1" 200 27
101.83.145.75 - - [16/Jan/2023:10:03:11 +0800] "GET /xingrg/check_reg.html?_=1673834606798 HTTP/1.1" 200 22
116.230.105.139 - - [16/Jan/2023:10:03:13 +0800] "GET /xingrg/check_reg.html?_=1673834545675 HTTP/1.1" 200 22
114.83.217.78 - - [16/Jan/2023:10:03:14 +0800] "GET /xingrg/all/function/internal_message.html?_=1673834610124&CODE_STATE=getMsg HTTP/1.1" 200 27
116.238.139.35 - - [16/Jan/2023:10:03:18 +0800] "GET /xingrg/kc/buy/cgsh_order_operate.html?command=get_materiel&rest_code=00150&code=00101028016&supplier_code=00100017&order_time=2023-01-16 HTTP/1.1" 200 447
116.230.105.139 - - [16/Jan/2023:10:03:21 +0800] "GET /xingrg/all/function/internal_message.html?_=1673834553743&CODE_STATE=getMsg HTTP/1.1" 200 27
116.238.139.35 - - [16/Jan/2023:10:03:28 +0800] "GET /xingrg/kc/buy/cgsh_order_operate.html?command=get_materiel&rest_code=00150&code=00101029002&supplier_code=00100017&order_time=2023-01-16 HTTP/1.1" 200 471
116.235.244.242 - - [16/Jan/2023:10:03:31 +0800] "GET /xingrg/all/function/internal_message.html?_=1673834628200&CODE_STATE=getMsg HTTP/1.1" 200 27
116.238.139.35 - - [16/Jan/2023:10:03:40 +0800] "GET /xingrg/kc/buy/cgsh_order_operate.html?command=get_materiel&rest_code=00150&code=00101029011&supplier_code=00100017&order_time=2023-01-16 HTTP/1.1" 200 476
116.238.139.35 - - [16/Jan/2023:10:03:40 +0800] "GET /xingrg/all/function/internal_message.html?_=1673834636224&CODE_STATE=getMsg HTTP/1.1" 200 27
116.192.124.172 - - [16/Jan/2023:10:03:45 +0800] "GET /xingrg/all/function/internal_message.html?_=1673834641330&CODE_STATE=getMsg HTTP/1.1" 200 27
101.83.145.75 - - [16/Jan/2023:10:03:46 +0800] "GET /xingrg/all/function/internal_message.html?_=1673834641681&CODE_STATE=getMsg HTTP/1.1" 200 27
114.83.222.182 - - [16/Jan/2023:10:03:49 +0800] "GET /xingrg/all/function/internal_message.html?_=1673834733916&CODE_STATE=getMsg HTTP/1.1" 200 27
120.253.135.82 - - [16/Jan/2023:10:03:51 +0800] "GET /xingrg/all/function/internal_message.html?_=1673834461105&CODE_STATE=getMsg HTTP/1.1" 200 27
221.239.170.112 - - [16/Jan/2023:10:03:51 +0800] "GET /xingrg/all/function/internal_message.html?_=1673834642664&CODE_STATE=getMsg HTTP/1.1" 200 27
116.238.139.35 - - [16/Jan/2023:10:04:00 +0800] "GET /xingrg/kc/buy/cgsh_order_operate.html?command=get_materiel&rest_code=00150&code=00101029003&supplier_code=00100017&order_time=2023-01-16 HTTP/1.1" 200 475
116.192.124.172 - - [16/Jan/2023:10:04:02 +0800] "GET /xingrg/all/function/internal_message.html?_=1673834657747&CODE_STATE=getMsg HTTP/1.1" 200 27
222.70.177.10 - - [16/Jan/2023:10:04:11 +0800] "GET /xingrg/all/function/internal_message.html?_=1673834666181&CODE_STATE=getMsg HTTP/1.1" 200 27
114.83.217.78 - - [16/Jan/2023:10:04:14 +0800] "GET /xingrg/all/function/internal_message.html?_=1673834670112&CODE_STATE=getMsg HTTP/1.1" 200 27
116.238.139.35 - - [16/Jan/2023:10:04:15 +0800] "GET /xingrg/kc/buy/cgsh_order_operate.html?command=get_materiel&rest_code=00150&code=00101028012&supplier_code=00100017&order_time=2023-01-16 HTTP/1.1" 200 477
120.253.135.82 - - [16/Jan/2023:10:04:18 +0800] "POST /xingrg/kc/pszx/mdps_list_operate.html HTTP/1.1" 200 3141
120.253.135.82 - - [16/Jan/2023:10:04:21 +0800] "POST /xingrg/kc/pszx/mdps_list_operate.html HTTP/1.1" 200 278
116.230.105.139 - - [16/Jan/2023:10:04:21 +0800] "GET /xingrg/all/function/internal_message.html?_=1673834613734&CODE_STATE=getMsg HTTP/1.1" 200 27
120.253.135.82 - - [16/Jan/2023:10:04:21 +0800] "GET /xingrg/kc/pszx/mdps_order_info.html?code=312023011500304 HTTP/1.1" 200 23970
120.253.135.82 - - [16/Jan/2023:10:04:21 +0800] "GET /xingrg/javascript/easyui/themes/default/validatebox.css HTTP/1.1" 404 1104
120.253.135.82 - - [16/Jan/2023:10:04:21 +0800] "POST /xingrg/kc/pszx/mdps_order_operate.html HTTP/1.1" 200 2773
120.253.135.82 - - [16/Jan/2023:10:04:24 +0800] "GET /xingrg/check_reg.html?_=1673834494518 HTTP/1.1" 200 22
120.253.135.82 - - [16/Jan/2023:10:04:26 +0800] "POST /xingrg/kc/pszx/mdps_order_operate.html HTTP/1.1" 200 37
116.238.139.35 - - [16/Jan/2023:10:04:26 +0800] "GET /xingrg/kc/buy/cgsh_order_operate.html?command=get_materiel&rest_code=00150&code=00101029005&supplier_code=00100017&order_time=2023-01-16 HTTP/1.1" 200 435
120.253.135.82 - - [16/Jan/2023:10:04:28 +0800] "POST /xingrg/kc/pszx/mdps_order_operate.html HTTP/1.1" 200 12
116.235.244.242 - - [16/Jan/2023:10:04:31 +0800] "GET /xingrg/all/function/internal_message.html?_=1673834688478&CODE_STATE=getMsg HTTP/1.1" 200 27
120.253.135.82 - - [16/Jan/2023:10:04:35 +0800] "GET /xingrg/kc/pszx/mdps_order_info.html?code=312023011500304 HTTP/1.1" 200 19630
120.253.135.82 - - [16/Jan/2023:10:04:35 +0800] "POST /xingrg/kc/pszx/mdps_order_operate.html HTTP/1.1" 200 990
120.253.135.82 - - [16/Jan/2023:10:04:35 +0800] "GET /xingrg/javascript/easyui/themes/default/validatebox.css HTTP/1.1" 404 1104
120.253.135.82 - - [16/Jan/2023:10:04:37 +0800] "POST /xingrg/kc/pszx/mdps_list_operate.html HTTP/1.1" 200 2781
116.238.139.35 - - [16/Jan/2023:10:04:38 +0800] "GET /xingrg/kc/buy/cgsh_order_operate.html?command=get_materiel&rest_code=00150&code=00101029023&supplier_code=00100017&order_time=2023-01-16 HTTP/1.1" 200 477
120.253.135.82 - - [16/Jan/2023:10:04:39 +0800] "POST /xingrg/kc/pszx/mdps_list_operate.html HTTP/1.1" 200 203
120.253.135.82 - - [16/Jan/2023:10:04:40 +0800] "GET /xingrg/kc/pszx/mdps_order_info.html?code=312023011500305 HTTP/1.1" 200 23972
120.253.135.82 - - [16/Jan/2023:10:04:40 +0800] "POST /xingrg/kc/pszx/mdps_order_operate.html HTTP/1.1" 200 2277
120.253.135.82 - - [16/Jan/2023:10:04:40 +0800] "GET /xingrg/javascript/easyui/themes/default/validatebox.css HTTP/1.1" 404 1104
116.238.139.35 - - [16/Jan/2023:10:04:40 +0800] "GET /xingrg/all/function/internal_message.html?_=1673834696240&CODE_STATE=getMsg HTTP/1.1" 200 27
120.253.135.82 - - [16/Jan/2023:10:04:44 +0800] "POST /xingrg/kc/pszx/mdps_order_operate.html HTTP/1.1" 200 37
116.238.139.35 - - [16/Jan/2023:10:04:44 +0800] "POST /xingrg/all/common/load_select.html HTTP/1.1" 200 25
116.192.124.172 - - [16/Jan/2023:10:04:45 +0800] "GET /xingrg/check_reg.html?_=1673834701325 HTTP/1.1" 200 22
116.192.124.172 - - [16/Jan/2023:10:04:45 +0800] "GET /xingrg/all/function/internal_message.html?_=1673834701325&CODE_STATE=getMsg HTTP/1.1" 200 27
120.253.135.82 - - [16/Jan/2023:10:04:45 +0800] "POST /xingrg/kc/pszx/mdps_order_operate.html HTTP/1.1" 200 12
101.83.145.75 - - [16/Jan/2023:10:04:46 +0800] "GET /xingrg/all/function/internal_message.html?_=1673834701651&CODE_STATE=getMsg HTTP/1.1" 200 27
116.238.139.35 - - [16/Jan/2023:10:04:48 +0800] "GET /xingrg/kc/buy/cgsh_order_operate.html?command=get_materiel_price&rest_code=00150&code=00101029023&unit_code=00100179&supplier_code=00100017&order_time=2023-01-16 HTTP/1.1" 200 29
114.83.222.182 - - [16/Jan/2023:10:04:49 +0800] "GET /xingrg/all/function/internal_message.html?_=1673834793925&CODE_STATE=getMsg HTTP/1.1" 200 27
120.253.135.82 - - [16/Jan/2023:10:04:50 +0800] "GET /xingrg/kc/pszx/mdps_order_info.html?code=312023011500305 HTTP/1.1" 200 19632
120.253.135.82 - - [16/Jan/2023:10:04:51 +0800] "POST /xingrg/kc/pszx/mdps_order_operate.html HTTP/1.1" 200 498
120.253.135.82 - - [16/Jan/2023:10:04:51 +0800] "GET /xingrg/all/function/internal_message.html?_=1673834521295&CODE_STATE=getMsg HTTP/1.1" 200 27
120.253.135.82 - - [16/Jan/2023:10:04:51 +0800] "GET /xingrg/javascript/easyui/themes/default/validatebox.css HTTP/1.1" 404 1104
221.239.170.112 - - [16/Jan/2023:10:04:51 +0800] "GET /xingrg/all/function/internal_message.html?_=1673834702650&CODE_STATE=getMsg HTTP/1.1" 200 27
120.253.135.82 - - [16/Jan/2023:10:04:52 +0800] "POST /xingrg/kc/pszx/mdps_list_operate.html HTTP/1.1" 200 2417
120.253.135.82 - - [16/Jan/2023:10:04:54 +0800] "POST /xingrg/kc/pszx/mdps_list_operate.html HTTP/1.1" 200 212
120.253.135.82 - - [16/Jan/2023:10:04:55 +0800] "GET /xingrg/kc/pszx/mdps_order_info.html?code=312023011500311 HTTP/1.1" 200 23978
120.253.135.82 - - [16/Jan/2023:10:04:55 +0800] "GET /xingrg/javascript/easyui/themes/default/validatebox.css HTTP/1.1" 404 1104
120.253.135.82 - - [16/Jan/2023:10:04:55 +0800] "POST /xingrg/kc/pszx/mdps_order_operate.html HTTP/1.1" 200 2294
116.238.139.35 - - [16/Jan/2023:10:04:58 +0800] "POST /xingrg/all/common/load_select.html HTTP/1.1" 200 25
120.253.135.82 - - [16/Jan/2023:10:04:59 +0800] "POST /xingrg/kc/pszx/mdps_order_operate.html HTTP/1.1" 200 37
120.253.135.82 - - [16/Jan/2023:10:05:00 +0800] "POST /xingrg/kc/pszx/mdps_order_operate.html HTTP/1.1" 200 12
116.192.124.172 - - [16/Jan/2023:10:05:02 +0800] "GET /xingrg/all/function/internal_message.html?_=1673834717737&CODE_STATE=getMsg HTTP/1.1" 200 27
116.238.139.35 - - [16/Jan/2023:10:05:02 +0800] "GET /xingrg/kc/buy/cgsh_order_operate.html?command=get_materiel_price&rest_code=00150&code=00101029003&unit_code=00100179&supplier_code=00100017&order_time=2023-01-16 HTTP/1.1" 200 29
221.239.170.112 - - [16/Jan/2023:10:05:08 +0800] "GET /xingrg/check_reg.html?_=1673834719266 HTTP/1.1" 200 22
120.253.135.82 - - [16/Jan/2023:10:05:09 +0800] "GET /xingrg/kc/pszx/mdps_order_info.html?code=312023011500311 HTTP/1.1" 200 19638
120.253.135.82 - - [16/Jan/2023:10:05:10 +0800] "POST /xingrg/kc/pszx/mdps_order_operate.html HTTP/1.1" 200 511
120.253.135.82 - - [16/Jan/2023:10:05:10 +0800] "GET /xingrg/javascript/easyui/themes/default/validatebox.css HTTP/1.1" 404 1104
120.253.135.82 - - [16/Jan/2023:10:05:10 +0800] "POST /xingrg/kc/pszx/mdps_list_operate.html HTTP/1.1" 200 2045
222.70.177.10 - - [16/Jan/2023:10:05:11 +0800] "GET /xingrg/all/function/internal_message.html?_=1673834726180&CODE_STATE=getMsg HTTP/1.1" 200 27
120.253.135.82 - - [16/Jan/2023:10:05:12 +0800] "POST /xingrg/kc/pszx/mdps_list_operate.html HTTP/1.1" 200 362
120.253.135.82 - - [16/Jan/2023:10:05:12 +0800] "GET /xingrg/kc/pszx/mdps_order_info.html?code=312023011500318 HTTP/1.1" 200 23972
120.253.135.82 - - [16/Jan/2023:10:05:13 +0800] "GET /xingrg/javascript/easyui/themes/default/validatebox.css HTTP/1.1" 404 1104
120.253.135.82 - - [16/Jan/2023:10:05:13 +0800] "POST /xingrg/kc/pszx/mdps_order_operate.html HTTP/1.1" 200 3279
114.83.217.78 - - [16/Jan/2023:10:05:14 +0800] "GET /xingrg/all/function/internal_message.html?_=1673834730102&CODE_STATE=getMsg HTTP/1.1" 200 27
120.253.135.82 - - [16/Jan/2023:10:05:16 +0800] "POST /xingrg/kc/pszx/mdps_order_operate.html HTTP/1.1" 200 37
120.253.135.82 - - [16/Jan/2023:10:05:18 +0800] "POST /xingrg/kc/pszx/mdps_order_operate.html HTTP/1.1" 200 12
116.230.105.139 - - [16/Jan/2023:10:05:20 +0800] "POST /xingrg/services/DataTransmitService HTTP/1.1" 200 524
116.230.105.139 - - [16/Jan/2023:10:05:21 +0800] "GET /xingrg/all/function/internal_message.html?_=1673834673714&CODE_STATE=getMsg HTTP/1.1" 200 27
120.253.135.82 - - [16/Jan/2023:10:05:24 +0800] "GET /xingrg/kc/pszx/mdps_order_info.html?code=312023011500318 HTTP/1.1" 200 19632
120.253.135.82 - - [16/Jan/2023:10:05:24 +0800] "POST /xingrg/kc/pszx/mdps_order_operate.html HTTP/1.1" 200 1493
120.253.135.82 - - [16/Jan/2023:10:05:24 +0800] "GET /xingrg/javascript/easyui/themes/default/validatebox.css HTTP/1.1" 404 1104
120.253.135.82 - - [16/Jan/2023:10:05:25 +0800] "POST /xingrg/kc/pszx/mdps_list_operate.html HTTP/1.1" 200 1683
120.253.135.82 - - [16/Jan/2023:10:05:26 +0800] "POST /xingrg/kc/pszx/mdps_list_operate.html HTTP/1.1" 200 618
120.253.135.82 - - [16/Jan/2023:10:05:27 +0800] "GET /xingrg/kc/pszx/mdps_order_info.html?code=312023011500303 HTTP/1.1" 200 23972
120.253.135.82 - - [16/Jan/2023:10:05:27 +0800] "GET /xingrg/javascript/easyui/themes/default/validatebox.css HTTP/1.1" 404 1104
120.253.135.82 - - [16/Jan/2023:10:05:28 +0800] "POST /xingrg/kc/pszx/mdps_order_operate.html HTTP/1.1" 200 4816
116.238.139.35 - - [16/Jan/2023:10:05:28 +0800] "POST /xingrg/kc/buy/cgsh_order_operate.html HTTP/1.1" 200 37
116.235.244.242 - - [16/Jan/2023:10:05:31 +0800] "GET /xingrg/all/function/internal_message.html?_=1673834748494&CODE_STATE=getMsg HTTP/1.1" 200 27
116.238.139.35 - - [16/Jan/2023:10:05:32 +0800] "POST /xingrg/kc/buy/cgsh_order_operate.html HTTP/1.1" 200 12
120.253.135.82 - - [16/Jan/2023:10:05:32 +0800] "POST /xingrg/kc/pszx/mdps_order_operate.html HTTP/1.1" 200 37
180.169.147.146 - - [16/Jan/2023:10:05:32 +0800] "GET /xingrg/check_reg.html?_=1673834749010 HTTP/1.1" 200 22
116.238.139.35 - - [16/Jan/2023:10:05:33 +0800] "GET /xingrg/kc/buy/cgsh_order_info.html?code=212023011604899 HTTP/1.1" 200 64602
116.238.139.35 - - [16/Jan/2023:10:05:33 +0800] "GET /xingrg/javascript/easyui/themes/default/validatebox.css HTTP/1.1" 404 1104
120.253.135.82 - - [16/Jan/2023:10:05:34 +0800] "POST /xingrg/kc/pszx/mdps_order_operate.html HTTP/1.1" 200 12
116.238.139.35 - - [16/Jan/2023:10:05:34 +0800] "POST /xingrg/kc/buy/cgsh_order_operate.html HTTP/1.1" 200 5028
116.238.139.35 - - [16/Jan/2023:10:05:35 +0800] "GET /xingrg/kc/print/load_data.html?order_code=212023011604899&kc_code=cgsh&condition= HTTP/1.1" 200 2635
120.253.135.82 - - [16/Jan/2023:10:05:35 +0800] "GET /xingrg/kc/pszx/mdps_order_info.html?code=312023011500303 HTTP/1.1" 200 19632
120.253.135.82 - - [16/Jan/2023:10:05:36 +0800] "POST /xingrg/kc/pszx/mdps_order_operate.html HTTP/1.1" 200 3018
120.253.135.82 - - [16/Jan/2023:10:05:36 +0800] "GET /xingrg/javascript/easyui/themes/default/validatebox.css HTTP/1.1" 404 1104
116.238.139.35 - - [16/Jan/2023:10:05:40 +0800] "GET /xingrg/all/function/internal_message.html?_=1673834756238&CODE_STATE=getMsg HTTP/1.1" 200 27
116.192.124.172 - - [16/Jan/2023:10:05:45 +0800] "GET /xingrg/all/function/internal_message.html?_=1673834761328&CODE_STATE=getMsg HTTP/1.1" 200 27
101.83.145.75 - - [16/Jan/2023:10:05:46 +0800] "GET /xingrg/all/function/internal_message.html?_=1673834761623&CODE_STATE=getMsg HTTP/1.1" 200 27
114.83.222.182 - - [16/Jan/2023:10:05:49 +0800] "GET /xingrg/all/function/internal_message.html?_=1673834853926&CODE_STATE=getMsg HTTP/1.1" 200 27
120.253.135.82 - - [16/Jan/2023:10:05:51 +0800] "GET /xingrg/all/function/internal_message.html?_=1673834581302&CODE_STATE=getMsg HTTP/1.1" 200 27
221.239.170.112 - - [16/Jan/2023:10:05:51 +0800] "GET /xingrg/all/function/internal_message.html?_=1673834762623&CODE_STATE=getMsg HTTP/1.1" 200 27
116.192.124.172 - - [16/Jan/2023:10:06:02 +0800] "GET /xingrg/all/function/internal_message.html?_=1673834777734&CODE_STATE=getMsg HTTP/1.1" 200 27
120.253.135.82 - - [16/Jan/2023:10:06:02 +0800] "POST /xingrg/kc/pszx/mdps_list_operate.html HTTP/1.1" 200 868
222.70.177.10 - - [16/Jan/2023:10:06:11 +0800] "GET /xingrg/all/function/internal_message.html?_=1673834786207&CODE_STATE=getMsg HTTP/1.1" 200 27
222.70.177.10 - - [16/Jan/2023:10:06:11 +0800] "GET /xingrg/check_reg.html?_=1673834786209 HTTP/1.1" 200 22
114.83.217.78 - - [16/Jan/2023:10:06:14 +0800] "GET /xingrg/all/function/internal_message.html?_=1673834790082&CODE_STATE=getMsg HTTP/1.1" 200 27
120.253.135.82 - - [16/Jan/2023:10:06:19 +0800] "POST /xingrg/kc/pszx/mdps_list_operate.html HTTP/1.1" 200 3861
116.230.105.139 - - [16/Jan/2023:10:06:21 +0800] "GET /xingrg/all/function/internal_message.html?_=1673834733693&CODE_STATE=getMsg HTTP/1.1" 200 27
120.253.135.82 - - [16/Jan/2023:10:06:25 +0800] "POST /xingrg/kc/pszx/mdps_list_operate.html HTTP/1.1" 200 279
114.83.217.78 - - [16/Jan/2023:10:06:25 +0800] "GET /xingrg/kc/buy/cgsh_order_operate.html?command=get_materiel&rest_code=00149&code=00101029007&supplier_code=00100019&order_time=2023-01-16 HTTP/1.1" 200 458
120.253.135.82 - - [16/Jan/2023:10:06:26 +0800] "GET /xingrg/kc/pszx/mdps_order_info.html?code=312023011500298 HTTP/1.1" 200 23972
120.253.135.82 - - [16/Jan/2023:10:06:26 +0800] "GET /xingrg/javascript/easyui/themes/default/validatebox.css HTTP/1.1" 404 1104
120.253.135.82 - - [16/Jan/2023:10:06:26 +0800] "POST /xingrg/kc/pszx/mdps_order_operate.html HTTP/1.1" 200 2763
116.235.244.242 - - [16/Jan/2023:10:06:31 +0800] "GET /xingrg/all/function/internal_message.html?_=1673834808742&CODE_STATE=getMsg HTTP/1.1" 200 27
120.253.135.82 - - [16/Jan/2023:10:06:33 +0800] "POST /xingrg/kc/pszx/mdps_order_operate.html HTTP/1.1" 200 37
116.235.244.242 - - [16/Jan/2023:10:06:34 +0800] "GET /xingrg/check_reg.html?_=1673834811162 HTTP/1.1" 200 22
114.83.217.78 - - [16/Jan/2023:10:06:35 +0800] "GET /xingrg/check_reg.html?_=1673834810372 HTTP/1.1" 200 22
120.253.135.82 - - [16/Jan/2023:10:06:35 +0800] "POST /xingrg/kc/pszx/mdps_order_operate.html HTTP/1.1" 200 12
116.238.139.35 - - [16/Jan/2023:10:06:40 +0800] "GET /xingrg/kc/base/yddb_order_list.html HTTP/1.1" 200 16751
116.238.139.35 - - [16/Jan/2023:10:06:40 +0800] "POST /xingrg/kc/base/yddb_list_operate.html HTTP/1.1" 200 636
116.238.139.35 - - [16/Jan/2023:10:06:40 +0800] "GET /xingrg/check_reg.html?_=1673834816248 HTTP/1.1" 200 22
116.238.139.35 - - [16/Jan/2023:10:06:40 +0800] "GET /xingrg/all/function/internal_message.html?_=1673834816250&CODE_STATE=getMsg HTTP/1.1" 200 27
116.238.139.35 - - [16/Jan/2023:10:06:41 +0800] "GET /xingrg/dwr/interface/AjaxComOrderService.js HTTP/1.1" 200 18264
116.238.139.35 - - [16/Jan/2023:10:06:41 +0800] "GET /xingrg/kc/base/yddb_order_add.html HTTP/1.1" 200 29953
116.238.139.35 - - [16/Jan/2023:10:06:41 +0800] "GET /xingrg/dwr/interface/AjaxYddbService.js HTTP/1.1" 200 13201
116.238.139.35 - - [16/Jan/2023:10:06:41 +0800] "GET /xingrg/dwr/util.js HTTP/1.1" 304 -
116.238.139.35 - - [16/Jan/2023:10:06:41 +0800] "GET /xingrg/dwr/engine.js HTTP/1.1" 200 43631
120.253.135.82 - - [16/Jan/2023:10:06:43 +0800] "GET /xingrg/kc/pszx/mdps_order_info.html?code=312023011500298 HTTP/1.1" 200 19632
120.253.135.82 - - [16/Jan/2023:10:06:44 +0800] "POST /xingrg/kc/pszx/mdps_order_operate.html HTTP/1.1" 200 980
120.253.135.82 - - [16/Jan/2023:10:06:44 +0800] "GET /xingrg/javascript/easyui/themes/default/validatebox.css HTTP/1.1" 404 1104
116.192.124.172 - - [16/Jan/2023:10:06:45 +0800] "GET /xingrg/all/function/internal_message.html?_=1673834821323&CODE_STATE=getMsg HTTP/1.1" 200 27
120.253.135.82 - - [16/Jan/2023:10:06:45 +0800] "POST /xingrg/kc/pszx/mdps_list_operate.html HTTP/1.1" 200 3497
101.83.145.75 - - [16/Jan/2023:10:06:46 +0800] "GET /xingrg/all/function/internal_message.html?_=1673834821598&CODE_STATE=getMsg HTTP/1.1" 200 27
116.238.139.35 - - [16/Jan/2023:10:06:46 +0800] "POST /xingrg/all/user/operate.html HTTP/1.1" 200 36
116.238.139.35 - - [16/Jan/2023:10:06:47 +0800] "GET /xingrg/index.html?sysBaseUrl=http%3A%2F%2F180.169.147.146%3A18081%2Fxingrg%2F&costTime=42×tamp=1673686438336 HTTP/1.1" 200 17177
116.238.139.35 - - [16/Jan/2023:10:06:47 +0800] "GET /xingrg/javascript/jquery_easy_ui/themes/default/easyui.css HTTP/1.1" 304 -
116.238.139.35 - - [16/Jan/2023:10:06:47 +0800] "GET /xingrg/javascript/jquery_easy_ui/themes/icon.css HTTP/1.1" 304 -
116.238.139.35 - - [16/Jan/2023:10:06:47 +0800] "GET /xingrg/css/form.css HTTP/1.1" 304 -
116.238.139.35 - - [16/Jan/2023:10:06:47 +0800] "GET /xingrg/javascript/jquery-1.4.2.min.js HTTP/1.1" 304 -
116.238.139.35 - - [16/Jan/2023:10:06:47 +0800] "GET /xingrg/javascript/jquery_easy_ui/jquery.easyui.min.js HTTP/1.1" 304 -
116.238.139.35 - - [16/Jan/2023:10:06:47 +0800] "GET /xingrg/javascript/jquery_easy_ui/easyui-lang-zh_CN.js HTTP/1.1" 304 -
116.238.139.35 - - [16/Jan/2023:10:06:47 +0800] "GET /xingrg/javascript/jquery.form.js HTTP/1.1" 304 -
116.238.139.35 - - [16/Jan/2023:10:06:47 +0800] "GET /xingrg/javascript/jquery.utils.js HTTP/1.1" 304 -
116.238.139.35 - - [16/Jan/2023:10:06:47 +0800] "GET /xingrg/javascript/jquery.timers.js HTTP/1.1" 304 -
116.238.139.35 - - [16/Jan/2023:10:06:47 +0800] "GET /xingrg/images/blue/jxLogo.png HTTP/1.1" 304 -
116.238.139.35 - - [16/Jan/2023:10:06:47 +0800] "GET /xingrg/images/blue/navBackgound.jpg HTTP/1.1" 304 -
116.238.139.35 - - [16/Jan/2023:10:06:47 +0800] "GET /xingrg/javascript/jquery_easy_ui/themes/icons/settle_new.png HTTP/1.1" 304 -
116.238.139.35 - - [16/Jan/2023:10:06:47 +0800] "GET /xingrg/check_reg.html?_=1673834822999 HTTP/1.1" 200 22
116.238.139.35 - - [16/Jan/2023:10:06:47 +0800] "GET /xingrg/all/function/internal_message.html?_=1673834822998&CODE_STATE=count HTTP/1.1" 200 11
116.238.139.35 - - [16/Jan/2023:10:06:47 +0800] "POST /xingrg/all/common/load_tree.html?tree=area_rest_tree_json&manage=1 HTTP/1.1" 200 476
116.238.139.35 - - [16/Jan/2023:10:06:47 +0800] "GET /xingrg/javascript/jquery_easy_ui/themes/default/images/tabs_rightarrow.png HTTP/1.1" 304 -
116.238.139.35 - - [16/Jan/2023:10:06:47 +0800] "GET /xingrg/images/blue/pingpu.png HTTP/1.1" 304 -
116.238.139.35 - - [16/Jan/2023:10:06:47 +0800] "GET /xingrg/javascript/jquery_easy_ui/themes/default/images/tabs_leftarrow.png HTTP/1.1" 304 -
116.238.139.35 - - [16/Jan/2023:10:06:47 +0800] "POST /xingrg/load_menu.html HTTP/1.1" 200 5138
116.238.139.35 - - [16/Jan/2023:10:06:47 +0800] "GET /xingrg/javascript/jquery_easy_ui/themes/default/images/panel_tool_collapse.gif HTTP/1.1" 304 -
116.238.139.35 - - [16/Jan/2023:10:06:47 +0800] "GET /xingrg/javascript/jquery_easy_ui/themes/default/images/tree_folder.gif HTTP/1.1" 304 -
116.238.139.35 - - [16/Jan/2023:10:06:47 +0800] "GET /xingrg/javascript/jquery_easy_ui/themes/icons/storage_new.png HTTP/1.1" 304 -
116.238.139.35 - - [16/Jan/2023:10:06:47 +0800] "GET /xingrg/javascript/jquery_easy_ui/themes/default/images/tree_file.gif HTTP/1.1" 304 -
116.238.139.35 - - [16/Jan/2023:10:06:47 +0800] "GET /xingrg/javascript/jquery_easy_ui/themes/icons/search_new.png HTTP/1.1" 304 -
116.238.139.35 - - [16/Jan/2023:10:06:47 +0800] "GET /xingrg/javascript/jquery_easy_ui/themes/default/images/tree_folder_open.gif HTTP/1.1" 304 -
116.238.139.35 - - [16/Jan/2023:10:06:47 +0800] "GET /xingrg/javascript/jquery_easy_ui/themes/icons/forms_new.png HTTP/1.1" 304 -
116.238.139.35 - - [16/Jan/2023:10:06:47 +0800] "GET /xingrg/javascript/jquery_easy_ui/themes/default/images/tree_arrows.gif HTTP/1.1" 304 -
120.253.135.82 - - [16/Jan/2023:10:06:47 +0800] "POST /xingrg/kc/pszx/mdps_list_operate.html HTTP/1.1" 200 278
114.88.159.190 - - [16/Jan/2023:10:06:48 +0800] "GET /xingrg/kc/buy/buy_main.html HTTP/1.1" 200 12412
114.88.159.190 - - [16/Jan/2023:10:06:48 +0800] "GET /xingrg/css/new_ie.css HTTP/1.1" 404 1036
114.88.159.190 - - [16/Jan/2023:10:06:48 +0800] "GET /xingrg/images/yd/bt.gif HTTP/1.1" 404 1040
120.253.135.82 - - [16/Jan/2023:10:06:48 +0800] "GET /xingrg/kc/pszx/mdps_order_info.html?code=312023011500297 HTTP/1.1" 200 23970
120.253.135.82 - - [16/Jan/2023:10:06:49 +0800] "GET /xingrg/javascript/easyui/themes/default/validatebox.css HTTP/1.1" 404 1104
120.253.135.82 - - [16/Jan/2023:10:06:49 +0800] "POST /xingrg/kc/pszx/mdps_order_operate.html HTTP/1.1" 200 2780
114.83.222.182 - - [16/Jan/2023:10:06:49 +0800] "GET /xingrg/all/function/internal_message.html?_=1673834913925&CODE_STATE=getMsg HTTP/1.1" 200 27
114.88.159.190 - - [16/Jan/2023:10:06:49 +0800] "GET /xingrg/kc/buy/cgsh_order_list.html HTTP/1.1" 200 53926
116.238.139.35 - - [16/Jan/2023:10:06:50 +0800] "GET /xingrg/kc/mdqp/pssh_order_list.html HTTP/1.1" 200 17478
116.238.139.35 - - [16/Jan/2023:10:06:50 +0800] "POST /xingrg/kc/mdqp/pssh_list_operate.html HTTP/1.1" 200 8348
114.88.159.190 - - [16/Jan/2023:10:06:50 +0800] "POST /xingrg/kc/buy/cgsh_list_operate.html HTTP/1.1" 200 986
120.253.135.82 - - [16/Jan/2023:10:06:51 +0800] "GET /xingrg/all/function/internal_message.html?_=1673834641315&CODE_STATE=getMsg HTTP/1.1" 200 27
114.88.159.190 - - [16/Jan/2023:10:06:51 +0800] "GET /xingrg/kc/buy/cgsh_order_add.html HTTP/1.1" 200 69701
114.88.159.190 - - [16/Jan/2023:10:06:51 +0800] "GET /xingrg/words/20230115141207_words.js HTTP/1.1" 304 -
221.239.170.112 - - [16/Jan/2023:10:06:51 +0800] "GET /xingrg/all/function/internal_message.html?_=1673834822607&CODE_STATE=getMsg HTTP/1.1" 200 27
116.238.139.35 - - [16/Jan/2023:10:06:52 +0800] "POST /xingrg/kc/mdqp/pssh_list_operate.html HTTP/1.1" 200 475
114.88.159.190 - - [16/Jan/2023:10:06:52 +0800] "GET /xingrg/all/common/auto_word.html?type=employee&rest_code=00141 HTTP/1.1" 200 201
114.88.159.190 - - [16/Jan/2023:10:06:52 +0800] "POST /xingrg/kc/buy/cgsh_order_operate.html HTTP/1.1" 200 8245
114.88.159.190 - - [16/Jan/2023:10:06:52 +0800] "GET /xingrg/javascript/easyui/themes/default/validatebox.css HTTP/1.1" 404 1104
114.88.159.190 - - [16/Jan/2023:10:06:52 +0800] "GET /xingrg/all/common/auto_word.html?type=employee&rest_code=00141 HTTP/1.1" 200 201
116.238.139.35 - - [16/Jan/2023:10:06:53 +0800] "GET /xingrg/kc/mdqp/pssh_order_info.html?code=312023011500319 HTTP/1.1" 200 17270
116.238.139.35 - - [16/Jan/2023:10:06:53 +0800] "GET /xingrg/javascript/jquery_tools/jquery-1.4.2.min.js HTTP/1.1" 404 1094
116.238.139.35 - - [16/Jan/2023:10:06:53 +0800] "GET /xingrg/all/common/auto_word.html?type=base&rest_code=00151&rest_code=00151 HTTP/1.1" 200 1315
116.238.139.35 - - [16/Jan/2023:10:06:53 +0800] "GET /xingrg/javascript/easyui/themes/default/validatebox.css HTTP/1.1" 404 1104
116.238.139.35 - - [16/Jan/2023:10:06:53 +0800] "GET /xingrg/all/common/auto_word.html?type=employee&rest_code=00151 HTTP/1.1" 200 293
116.238.139.35 - - [16/Jan/2023:10:06:53 +0800] "POST /xingrg/kc/mdqp/pssh_order_operate.html HTTP/1.1" 200 1583
116.238.139.35 - - [16/Jan/2023:10:06:54 +0800] "GET /xingrg/javascript/auto/indicator.gif HTTP/1.1" 404 1066
101.80.229.13 - - [16/Jan/2023:10:06:55 +0800] "GET /favicon.ico HTTP/1.1" 404 -
120.253.135.82 - - [16/Jan/2023:10:06:56 +0800] "POST /xingrg/kc/pszx/mdps_order_operate.html HTTP/1.1" 200 37
116.238.139.35 - - [16/Jan/2023:10:06:57 +0800] "POST /xingrg/all/common/load_combo.html?type=employee HTTP/1.1" 200 532
120.253.135.82 - - [16/Jan/2023:10:06:57 +0800] "POST /xingrg/kc/pszx/mdps_order_operate.html HTTP/1.1" 200 12
116.238.139.35 - - [16/Jan/2023:10:07:00 +0800] "POST /xingrg/kc/mdqp/pssh_order_operate.html HTTP/1.1" 200 37
116.238.139.35 - - [16/Jan/2023:10:07:00 +0800] "POST /xingrg/kc/mdqp/pssh_order_operate.html HTTP/1.1" 200 12
116.238.139.35 - - [16/Jan/2023:10:07:01 +0800] "GET /xingrg/kc/mdqp/pssh_order_info.html?code=312023011500319 HTTP/1.1" 200 14392
116.238.139.35 - - [16/Jan/2023:10:07:01 +0800] "GET /xingrg/javascript/jquery_tools/jquery-1.4.2.min.js HTTP/1.1" 404 1094
116.238.139.35 - - [16/Jan/2023:10:07:01 +0800] "GET /xingrg/javascript/easyui/themes/default/validatebox.css HTTP/1.1" 404 1104
116.238.139.35 - - [16/Jan/2023:10:07:01 +0800] "POST /xingrg/kc/mdqp/pssh_order_operate.html HTTP/1.1" 200 1583
116.192.124.172 - - [16/Jan/2023:10:07:02 +0800] "GET /xingrg/check_reg.html?_=1673834837728 HTTP/1.1" 200 22
116.192.124.172 - - [16/Jan/2023:10:07:02 +0800] "GET /xingrg/all/function/internal_message.html?_=1673834837731&CODE_STATE=getMsg HTTP/1.1" 200 27
116.238.139.35 - - [16/Jan/2023:10:07:03 +0800] "GET /xingrg/kc/print/load_data.html?order_code=312023011500319&kc_code=pssh&condition= HTTP/1.1" 200 1035
120.253.135.82 - - [16/Jan/2023:10:07:04 +0800] "GET /xingrg/kc/pszx/mdps_order_info.html?code=312023011500297 HTTP/1.1" 200 19630
222.70.177.10 - - [16/Jan/2023:10:07:04 +0800] "GET /xingrg/kc/base/wldb_order_add.html HTTP/1.1" 200 30422
222.70.177.10 - - [16/Jan/2023:10:07:04 +0800] "GET /xingrg/words/20230115141207_words.js HTTP/1.1" 304 -
222.70.177.10 - - [16/Jan/2023:10:07:04 +0800] "POST /xingrg/kc/base/wldb_order_operate.html HTTP/1.1" 200 6806
222.70.177.10 - - [16/Jan/2023:10:07:04 +0800] "GET /xingrg/all/common/auto_word.html?type=base&rest_code=00111 HTTP/1.1" 200 1753
222.70.177.10 - - [16/Jan/2023:10:07:04 +0800] "GET /xingrg/all/common/auto_word.html?type=base&rest_code=00111 HTTP/1.1" 200 1753
120.253.135.82 - - [16/Jan/2023:10:07:05 +0800] "POST /xingrg/kc/pszx/mdps_order_operate.html HTTP/1.1" 200 997
222.70.177.10 - - [16/Jan/2023:10:07:05 +0800] "GET /xingrg/javascript/easyui/themes/default/validatebox.css HTTP/1.1" 404 1104
120.253.135.82 - - [16/Jan/2023:10:07:05 +0800] "GET /xingrg/javascript/easyui/themes/default/validatebox.css HTTP/1.1" 404 1104
120.253.135.82 - - [16/Jan/2023:10:07:06 +0800] "POST /xingrg/kc/pszx/mdps_list_operate.html HTTP/1.1" 200 3137
222.70.177.10 - - [16/Jan/2023:10:07:06 +0800] "GET /xingrg/kc/buy/buy_main.html HTTP/1.1" 200 12412
222.70.177.10 - - [16/Jan/2023:10:07:06 +0800] "GET /xingrg/css/new_ie.css HTTP/1.1" 404 1036
222.70.177.10 - - [16/Jan/2023:10:07:07 +0800] "GET /xingrg/images/yd/bt.gif HTTP/1.1" 404 1040
222.70.177.10 - - [16/Jan/2023:10:07:07 +0800] "GET /xingrg/kc/buy/cgsh_order_list.html HTTP/1.1" 200 53920
116.238.139.35 - - [16/Jan/2023:10:07:08 +0800] "GET /xingrg/kc/mdqp/pssh_order_list.html?isBack=1 HTTP/1.1" 200 17478
222.70.177.10 - - [16/Jan/2023:10:07:09 +0800] "POST /xingrg/kc/buy/cgsh_list_operate.html HTTP/1.1" 200 986
116.238.139.35 - - [16/Jan/2023:10:07:09 +0800] "POST /xingrg/kc/mdqp/pssh_list_operate.html HTTP/1.1" 200 8388
120.253.135.82 - - [16/Jan/2023:10:07:09 +0800] "POST /xingrg/kc/pszx/mdps_list_operate.html HTTP/1.1" 200 627
120.253.135.82 - - [16/Jan/2023:10:07:10 +0800] "GET /xingrg/kc/pszx/mdps_order_info.html?code=312023011500296 HTTP/1.1" 200 23972
222.70.177.10 - - [16/Jan/2023:10:07:10 +0800] "GET /xingrg/kc/buy/cgsh_order_add.html HTTP/1.1" 200 69657
120.253.135.82 - - [16/Jan/2023:10:07:10 +0800] "GET /xingrg/javascript/easyui/themes/default/validatebox.css HTTP/1.1" 404 1104
120.253.135.82 - - [16/Jan/2023:10:07:10 +0800] "POST /xingrg/kc/pszx/mdps_order_operate.html HTTP/1.1" 200 25959
222.70.177.10 - - [16/Jan/2023:10:07:11 +0800] "POST /xingrg/kc/buy/cgsh_order_operate.html HTTP/1.1" 200 8245
222.70.177.10 - - [16/Jan/2023:10:07:11 +0800] "GET /xingrg/all/common/auto_word.html?type=employee&rest_code=00111 HTTP/1.1" 200 155
222.70.177.10 - - [16/Jan/2023:10:07:11 +0800] "GET /xingrg/javascript/easyui/themes/default/validatebox.css HTTP/1.1" 404 1104
222.70.177.10 - - [16/Jan/2023:10:07:11 +0800] "GET /xingrg/all/common/auto_word.html?type=employee&rest_code=00111 HTTP/1.1" 200 155
222.70.177.10 - - [16/Jan/2023:10:07:11 +0800] "GET /xingrg/all/function/internal_message.html?_=1673834846255&CODE_STATE=getMsg HTTP/1.1" 200 27
116.238.139.35 - - [16/Jan/2023:10:07:12 +0800] "POST /xingrg/kc/mdqp/pssh_list_operate.html HTTP/1.1" 200 563
116.238.139.35 - - [16/Jan/2023:10:07:12 +0800] "GET /xingrg/kc/mdqp/pssh_order_info.html?code=312023011500316 HTTP/1.1" 200 17299
116.238.139.35 - - [16/Jan/2023:10:07:12 +0800] "GET /xingrg/javascript/jquery_tools/jquery-1.4.2.min.js HTTP/1.1" 404 1094
116.238.139.35 - - [16/Jan/2023:10:07:13 +0800] "POST /xingrg/kc/mdqp/pssh_order_operate.html HTTP/1.1" 200 2131
116.238.139.35 - - [16/Jan/2023:10:07:13 +0800] "GET /xingrg/javascript/easyui/themes/default/validatebox.css HTTP/1.1" 404 1104
114.83.217.78 - - [16/Jan/2023:10:07:14 +0800] "GET /xingrg/all/function/internal_message.html?_=1673834850061&CODE_STATE=getMsg HTTP/1.1" 200 27
116.238.139.35 - - [16/Jan/2023:10:07:15 +0800] "POST /xingrg/all/common/load_combo.html?type=employee HTTP/1.1" 200 532
222.70.177.10 - - [16/Jan/2023:10:07:15 +0800] "GET /xingrg/javascript/auto/indicator.gif HTTP/1.1" 404 1066
222.70.177.10 - - [16/Jan/2023:10:07:16 +0800] "GET /xingrg/javascript/jquery_tools/images/prev.gif HTTP/1.1" 404 1086
222.70.177.10 - - [16/Jan/2023:10:07:16 +0800] "GET /xingrg/javascript/jquery_tools/images/next.gif HTTP/1.1" 404 1086
116.238.139.35 - - [16/Jan/2023:10:07:17 +0800] "POST /xingrg/kc/mdqp/pssh_order_operate.html HTTP/1.1" 200 37
116.238.139.35 - - [16/Jan/2023:10:07:18 +0800] "POST /xingrg/kc/mdqp/pssh_order_operate.html HTTP/1.1" 200 12
120.253.135.82 - - [16/Jan/2023:10:07:18 +0800] "POST /xingrg/kc/pszx/mdps_order_operate.html HTTP/1.1" 200 37
120.253.135.82 - - [16/Jan/2023:10:07:20 +0800] "POST /xingrg/kc/pszx/mdps_order_operate.html HTTP/1.1" 200 12
116.238.139.35 - - [16/Jan/2023:10:07:20 +0800] "GET /xingrg/kc/mdqp/pssh_order_info.html?code=312023011500316 HTTP/1.1" 200 14388
116.238.139.35 - - [16/Jan/2023:10:07:20 +0800] "GET /xingrg/javascript/jquery_tools/jquery-1.4.2.min.js HTTP/1.1" 404 1094
116.238.139.35 - - [16/Jan/2023:10:07:20 +0800] "POST /xingrg/kc/mdqp/pssh_order_operate.html HTTP/1.1" 200 2131
116.238.139.35 - - [16/Jan/2023:10:07:20 +0800] "GET /xingrg/javascript/easyui/themes/default/validatebox.css HTTP/1.1" 404 1104
116.230.105.139 - - [16/Jan/2023:10:07:21 +0800] "GET /xingrg/all/function/internal_message.html?_=1673834793672&CODE_STATE=getMsg HTTP/1.1" 200 27
116.238.139.35 - - [16/Jan/2023:10:07:22 +0800] "GET /xingrg/kc/print/load_data.html?order_code=312023011500316&kc_code=pssh&condition= HTTP/1.1" 200 1220
222.70.177.10 - - [16/Jan/2023:10:07:25 +0800] "GET /xingrg/kc/buy/cgsh_order_operate.html?command=get_materiel&rest_code=00111&code=00101008357&supplier_code=00100005&order_time=2023-01-16 HTTP/1.1" 200 408
114.88.159.190 - - [16/Jan/2023:10:07:25 +0800] "GET /xingrg/kc/buy/cgsh_order_operate.html?command=get_materiel&rest_code=00141&code=00102002166&supplier_code=00100073&order_time=2023-01-16 HTTP/1.1" 200 433
116.238.139.35 - - [16/Jan/2023:10:07:28 +0800] "GET /xingrg/kc/mdqp/pssh_order_list.html?isBack=1 HTTP/1.1" 200 17478
120.253.135.82 - - [16/Jan/2023:10:07:29 +0800] "GET /xingrg/kc/pszx/mdps_order_info.html?code=312023011500296 HTTP/1.1" 200 19632
116.238.139.35 - - [16/Jan/2023:10:07:29 +0800] "POST /xingrg/kc/mdqp/pssh_list_operate.html HTTP/1.1" 200 8413
120.253.135.82 - - [16/Jan/2023:10:07:29 +0800] "POST /xingrg/kc/pszx/mdps_order_operate.html HTTP/1.1" 200 23982
120.253.135.82 - - [16/Jan/2023:10:07:29 +0800] "GET /xingrg/javascript/easyui/themes/default/validatebox.css HTTP/1.1" 404 1104
120.253.135.82 - - [16/Jan/2023:10:07:30 +0800] "POST /xingrg/kc/pszx/mdps_list_operate.html HTTP/1.1" 200 2773
116.238.139.35 - - [16/Jan/2023:10:07:31 +0800] "GET /xingrg/kc/base/yddb_order_list.html HTTP/1.1" 200 16749
116.238.139.35 - - [16/Jan/2023:10:07:31 +0800] "POST /xingrg/kc/base/yddb_list_operate.html HTTP/1.1" 200 636
116.235.244.242 - - [16/Jan/2023:10:07:31 +0800] "GET /xingrg/all/function/internal_message.html?_=1673834868756&CODE_STATE=getMsg HTTP/1.1" 200 27
116.238.139.35 - - [16/Jan/2023:10:07:32 +0800] "GET /xingrg/kc/base/yddb_order_add.html HTTP/1.1" 200 29953
116.238.139.35 - - [16/Jan/2023:10:07:33 +0800] "GET /xingrg/dwr/interface/AjaxComOrderService.js HTTP/1.1" 200 18264
116.238.139.35 - - [16/Jan/2023:10:07:33 +0800] "GET /xingrg/dwr/interface/AjaxYddbService.js HTTP/1.1" 200 13201
116.238.139.35 - - [16/Jan/2023:10:07:33 +0800] "GET /xingrg/dwr/engine.js HTTP/1.1" 200 43631
222.70.177.10 - - [16/Jan/2023:10:07:35 +0800] "GET /xingrg/kc/buy/cgsh_order_operate.html?command=get_materiel&rest_code=00111&code=00101008403&supplier_code=00100005&order_time=2023-01-16 HTTP/1.1" 200 412
116.238.139.35 - - [16/Jan/2023:10:07:36 +0800] "POST /xingrg/dwr/call/plaincall/AjaxYddbService.getRestBases.dwr HTTP/1.1" 200 1616
114.88.159.190 - - [16/Jan/2023:10:07:39 +0800] "POST /xingrg/kc/buy/cgsh_order_operate.html HTTP/1.1" 200 37
116.238.139.35 - - [16/Jan/2023:10:07:41 +0800] "POST /xingrg/dwr/call/plaincall/AjaxYddbService.saveOrder.dwr HTTP/1.1" 200 78
116.238.139.35 - - [16/Jan/2023:10:07:42 +0800] "GET /xingrg/images/yd/bt.gif HTTP/1.1" 404 1040
114.88.159.190 - - [16/Jan/2023:10:07:44 +0800] "POST /xingrg/kc/buy/cgsh_order_operate.html HTTP/1.1" 200 12
222.70.177.10 - - [16/Jan/2023:10:07:45 +0800] "GET /xingrg/kc/buy/cgsh_order_operate.html?command=get_materiel&rest_code=00111&code=00101008148&supplier_code=00100005&order_time=2023-01-16 HTTP/1.1" 200 416
116.192.124.172 - - [16/Jan/2023:10:07:45 +0800] "GET /xingrg/all/function/internal_message.html?_=1673834881332&CODE_STATE=getMsg HTTP/1.1" 200 27
116.238.139.35 - - [16/Jan/2023:10:07:45 +0800] "POST /xingrg/dwr/call/plaincall/AjaxComOrderService.getMaterielSearchList.dwr HTTP/1.1" 200 1702
101.83.145.75 - - [16/Jan/2023:10:07:46 +0800] "GET /xingrg/all/function/internal_message.html?_=1673834881573&CODE_STATE=getMsg HTTP/1.1" 200 27
116.238.139.35 - - [16/Jan/2023:10:07:46 +0800] "POST /xingrg/dwr/call/plaincall/AjaxComOrderService.getMaterielSearchList.dwr HTTP/1.1" 200 464
116.238.139.35 - - [16/Jan/2023:10:07:47 +0800] "GET /xingrg/all/function/internal_message.html?_=1673834883016&CODE_STATE=getMsg HTTP/1.1" 200 27
114.83.222.182 - - [16/Jan/2023:10:07:49 +0800] "GET /xingrg/check_reg.html?_=1673834973916 HTTP/1.1" 200 22
114.83.222.182 - - [16/Jan/2023:10:07:49 +0800] "GET /xingrg/all/function/internal_message.html?_=1673834973917&CODE_STATE=getMsg HTTP/1.1" 200 27
116.238.139.35 - - [16/Jan/2023:10:07:49 +0800] "POST /xingrg/dwr/call/plaincall/AjaxYddbService.getMaterielByMap.dwr HTTP/1.1" 200 2362
120.253.135.82 - - [16/Jan/2023:10:07:51 +0800] "GET /xingrg/all/function/internal_message.html?_=1673834701331&CODE_STATE=getMsg HTTP/1.1" 200 27
221.239.170.112 - - [16/Jan/2023:10:07:51 +0800] "GET /xingrg/all/function/internal_message.html?_=1673834882592&CODE_STATE=getMsg HTTP/1.1" 200 27
120.253.135.82 - - [16/Jan/2023:10:07:53 +0800] "POST /xingrg/kc/pszx/mdps_list_operate.html HTTP/1.1" 200 618
222.70.177.10 - - [16/Jan/2023:10:07:53 +0800] "GET /xingrg/kc/buy/cgsh_order_operate.html?command=get_materiel&rest_code=00111&code=00101008321&supplier_code=00100005&order_time=2023-01-16 HTTP/1.1" 200 412
120.253.135.82 - - [16/Jan/2023:10:07:53 +0800] "GET /xingrg/kc/pszx/mdps_order_info.html?code=312023011600321 HTTP/1.1" 200 23972
101.229.22.234 - - [16/Jan/2023:10:07:53 +0800] "GET /favicon.ico HTTP/1.1" 404 -
120.253.135.82 - - [16/Jan/2023:10:07:54 +0800] "GET /xingrg/javascript/easyui/themes/default/validatebox.css HTTP/1.1" 404 1104
120.253.135.82 - - [16/Jan/2023:10:07:54 +0800] "POST /xingrg/kc/pszx/mdps_order_operate.html HTTP/1.1" 200 9334
101.229.22.234 - - [16/Jan/2023:10:07:54 +0800] "GET /xingrg/login.html HTTP/1.1" 200 7641
101.229.22.234 - - [16/Jan/2023:10:07:54 +0800] "GET /xingrg/images/blue/jxLogo.png HTTP/1.1" 304 -
101.229.22.234 - - [16/Jan/2023:10:07:55 +0800] "GET /xingrg/images/blue/login_bg.png HTTP/1.1" 304 -
101.229.22.234 - - [16/Jan/2023:10:07:55 +0800] "GET /xingrg/images/blue/hj.png HTTP/1.1" 304 -
101.229.22.234 - - [16/Jan/2023:10:07:55 +0800] "GET /xingrg/images/blue/srbg.png HTTP/1.1" 304 -
112.51.231.207 - - [16/Jan/2023:10:07:55 +0800] "GET /xingrg/check_reg.html?_=1673834890739 HTTP/1.1" 302 -
112.51.231.207 - - [16/Jan/2023:10:07:55 +0800] "GET /xingrg/login.html HTTP/1.1" 200 7641
112.51.231.207 - - [16/Jan/2023:10:07:56 +0800] "GET /xingrg/all/function/internal_message.html?_=1673834889548&CODE_STATE=getMsg HTTP/1.1" 302 -
101.229.22.234 - - [16/Jan/2023:10:07:56 +0800] "GET /favicon.ico HTTP/1.1" 404 -
116.238.139.35 - - [16/Jan/2023:10:07:58 +0800] "POST /xingrg/dwr/call/plaincall/AjaxYddbService.getUnitPrice.dwr HTTP/1.1" 200 86
120.253.135.82 - - [16/Jan/2023:10:07:58 +0800] "POST /xingrg/kc/pszx/mdps_order_operate.html HTTP/1.1" 200 37
120.253.135.82 - - [16/Jan/2023:10:08:00 +0800] "POST /xingrg/kc/pszx/mdps_order_operate.html HTTP/1.1" 200 12
116.192.124.172 - - [16/Jan/2023:10:08:02 +0800] "GET /xingrg/all/function/internal_message.html?_=1673834897734&CODE_STATE=getMsg HTTP/1.1" 200 27
116.238.139.35 - - [16/Jan/2023:10:08:06 +0800] "POST /xingrg/dwr/call/plaincall/AjaxYddbService.saveMaterielItem.dwr HTTP/1.1" 200 78
120.253.135.82 - - [16/Jan/2023:10:08:07 +0800] "GET /xingrg/kc/pszx/mdps_order_info.html?code=312023011600321 HTTP/1.1" 200 19632
120.253.135.82 - - [16/Jan/2023:10:08:08 +0800] "POST /xingrg/kc/pszx/mdps_order_operate.html HTTP/1.1" 200 7461
120.253.135.82 - - [16/Jan/2023:10:08:08 +0800] "GET /xingrg/javascript/easyui/themes/default/validatebox.css HTTP/1.1" 404 1104
116.238.139.35 - - [16/Jan/2023:10:08:08 +0800] "POST /xingrg/dwr/call/plaincall/AjaxComOrderService.getMaterielSearchList.dwr HTTP/1.1" 200 1702
116.238.139.35 - - [16/Jan/2023:10:08:09 +0800] "POST /xingrg/dwr/call/plaincall/AjaxComOrderService.getMaterielSearchList.dwr HTTP/1.1" 200 464
120.253.135.82 - - [16/Jan/2023:10:08:10 +0800] "POST /xingrg/kc/pszx/mdps_list_operate.html HTTP/1.1" 200 2410
222.70.177.10 - - [16/Jan/2023:10:08:11 +0800] "GET /xingrg/all/function/internal_message.html?_=1673834906225&CODE_STATE=getMsg HTTP/1.1" 200 27
101.83.145.75 - - [16/Jan/2023:10:08:11 +0800] "GET /xingrg/check_reg.html?_=1673834906801 HTTP/1.1" 200 22
116.238.139.35 - - [16/Jan/2023:10:08:11 +0800] "POST /xingrg/dwr/call/plaincall/AjaxYddbService.getMaterielByMap.dwr HTTP/1.1" 200 2365
