116.238.139.35 - - [14/Jan/2023:09:22:37 +0800] "GET /xingrg/javascript/jquery_easy_ui/themes/default/images/tabs_rightarrow.png HTTP/1.1" 304 -
116.238.139.35 - - [14/Jan/2023:09:22:37 +0800] "POST /xingrg/load_menu.html HTTP/1.1" 200 5138
116.238.139.35 - - [14/Jan/2023:09:22:37 +0800] "GET /xingrg/javascript/jquery_easy_ui/themes/default/images/panel_tool_collapse.gif HTTP/1.1" 304 -
116.238.139.35 - - [14/Jan/2023:09:22:37 +0800] "GET /xingrg/images/blue/pingpu.png HTTP/1.1" 304 -
116.238.139.35 - - [14/Jan/2023:09:22:37 +0800] "GET /xingrg/javascript/jquery_easy_ui/themes/default/images/tree_folder.gif HTTP/1.1" 304 -
116.238.139.35 - - [14/Jan/2023:09:22:37 +0800] "GET /xingrg/javascript/jquery_easy_ui/themes/default/images/tree_file.gif HTTP/1.1" 304 -
116.238.139.35 - - [14/Jan/2023:09:22:37 +0800] "GET /xingrg/javascript/jquery_easy_ui/themes/icons/storage_new.png HTTP/1.1" 304 -
116.238.139.35 - - [14/Jan/2023:09:22:37 +0800] "GET /xingrg/javascript/jquery_easy_ui/themes/icons/forms_new.png HTTP/1.1" 304 -
116.238.139.35 - - [14/Jan/2023:09:22:37 +0800] "GET /xingrg/javascript/jquery_easy_ui/themes/icons/search_new.png HTTP/1.1" 304 -
116.238.139.35 - - [14/Jan/2023:09:22:37 +0800] "GET /xingrg/javascript/jquery_easy_ui/themes/default/images/tree_arrows.gif HTTP/1.1" 304 -
116.238.139.35 - - [14/Jan/2023:09:22:37 +0800] "GET /xingrg/javascript/jquery_easy_ui/themes/default/images/tree_folder_open.gif HTTP/1.1" 304 -
116.238.139.35 - - [14/Jan/2023:09:22:39 +0800] "GET /xingrg/kc/buy/cgsh_order_list.html HTTP/1.1" 200 53924
116.238.139.35 - - [14/Jan/2023:09:22:41 +0800] "POST /xingrg/kc/buy/cgsh_list_operate.html HTTP/1.1" 200 986
116.238.139.35 - - [14/Jan/2023:09:22:42 +0800] "GET /xingrg/kc/buy/cgsh_order_add.html HTTP/1.1" 200 69299
116.238.139.35 - - [14/Jan/2023:09:22:42 +0800] "POST /xingrg/kc/buy/cgsh_order_operate.html HTTP/1.1" 200 8245
116.238.139.35 - - [14/Jan/2023:09:22:42 +0800] "GET /xingrg/all/common/auto_word.html?type=employee&rest_code=00151 HTTP/1.1" 200 293
116.238.139.35 - - [14/Jan/2023:09:22:42 +0800] "GET /xingrg/javascript/easyui/themes/default/validatebox.css HTTP/1.1" 404 1104
116.238.139.35 - - [14/Jan/2023:09:22:42 +0800] "GET /xingrg/all/common/auto_word.html?type=employee&rest_code=00151 HTTP/1.1" 200 293
116.238.139.35 - - [14/Jan/2023:09:22:46 +0800] "GET /xingrg/javascript/auto/indicator.gif HTTP/1.1" 404 1066
58.40.7.146 - - [14/Jan/2023:09:22:49 +0800] "GET /xingrg/all/function/internal_message.html?_=1673659385970&CODE_STATE=getMsg HTTP/1.1" 200 27
116.238.139.35 - - [14/Jan/2023:09:22:55 +0800] "GET /xingrg/kc/buy/cgsh_order_operate.html?command=get_materiel&rest_code=00151&code=00101009078&supplier_code=00100022&order_time=2023-01-14 HTTP/1.1" 200 408
116.230.105.139 - - [14/Jan/2023:09:22:57 +0800] "GET /xingrg/all/function/internal_message.html?_=1673659334504&CODE_STATE=getMsg HTTP/1.1" 200 27
116.235.244.242 - - [14/Jan/2023:09:22:57 +0800] "GET /xingrg/all/function/internal_message.html?_=1673659416096&CODE_STATE=getMsg HTTP/1.1" 200 27
120.253.135.82 - - [14/Jan/2023:09:23:01 +0800] "GET /xingrg/all/function/internal_message.html?_=1673659211514&CODE_STATE=getMsg HTTP/1.1" 200 27
116.238.139.35 - - [14/Jan/2023:09:23:05 +0800] "GET /xingrg/kc/buy/cgsh_order_operate.html?command=get_materiel&rest_code=00151&code=00101009053&supplier_code=00100022&order_time=2023-01-14 HTTP/1.1" 200 408
221.239.170.112 - - [14/Jan/2023:09:23:06 +0800] "GET /xingrg/all/function/internal_message.html?_=1673659398767&CODE_STATE=getMsg HTTP/1.1" 200 27
101.83.145.75 - - [14/Jan/2023:09:23:12 +0800] "GET /xingrg/all/function/internal_message.html?_=1673659413182&CODE_STATE=getMsg HTTP/1.1" 200 27
116.238.139.35 - - [14/Jan/2023:09:23:13 +0800] "GET /xingrg/kc/buy/cgsh_order_operate.html?command=get_materiel&rest_code=00151&code=00101009016&supplier_code=00100022&order_time=2023-01-14 HTTP/1.1" 200 412
116.238.139.35 - - [14/Jan/2023:09:23:21 +0800] "GET /xingrg/kc/buy/cgsh_order_operate.html?command=get_materiel&rest_code=00151&code=00101009062&supplier_code=00100022&order_time=2023-01-14 HTTP/1.1" 200 412
116.235.93.82 - - [14/Jan/2023:09:23:21 +0800] "GET /xingrg/all/function/internal_message.html?_=1673659652379&CODE_STATE=getMsg HTTP/1.1" 200 27
116.192.124.172 - - [14/Jan/2023:09:23:21 +0800] "GET /xingrg/all/function/internal_message.html?_=1673659417879&CODE_STATE=getMsg HTTP/1.1" 302 -
116.238.139.35 - - [14/Jan/2023:09:23:29 +0800] "GET /xingrg/kc/buy/cgsh_order_operate.html?command=get_materiel&rest_code=00151&code=00101009039&supplier_code=00100022&order_time=2023-01-14 HTTP/1.1" 200 408
222.70.177.10 - - [14/Jan/2023:09:23:32 +0800] "GET /xingrg/login.html HTTP/1.1" 200 7641
101.83.145.75 - - [14/Jan/2023:09:23:32 +0800] "GET /xingrg/check_reg.html?_=1673659433305 HTTP/1.1" 200 22
222.70.177.10 - - [14/Jan/2023:09:23:33 +0800] "GET /favicon.ico HTTP/1.1" 404 -
222.70.177.10 - - [14/Jan/2023:09:23:34 +0800] "POST /xingrg/login.do HTTP/1.1" 302 -
222.70.177.10 - - [14/Jan/2023:09:23:34 +0800] "GET /xingrg/index.html?sysBaseUrl=http%3A%2F%2F180.169.147.146%3A18081%2Fxingrg%2F&costTime=39×tamp=1673659414527 HTTP/1.1" 200 17173
222.70.177.10 - - [14/Jan/2023:09:23:34 +0800] "GET /favicon.ico HTTP/1.1" 404 -
222.70.177.10 - - [14/Jan/2023:09:23:34 +0800] "POST /xingrg/all/common/load_tree.html?tree=area_rest_tree_json&manage=1 HTTP/1.1" 200 342
222.70.177.10 - - [14/Jan/2023:09:23:34 +0800] "GET /xingrg/all/function/internal_message.html?_=1673659428720&CODE_STATE=count HTTP/1.1" 200 11
222.70.177.10 - - [14/Jan/2023:09:23:34 +0800] "POST /xingrg/load_menu.html HTTP/1.1" 200 5138
222.70.177.10 - - [14/Jan/2023:09:23:34 +0800] "GET /xingrg/check_reg.html?_=1673659428721 HTTP/1.1" 200 22
222.70.177.10 - - [14/Jan/2023:09:23:36 +0800] "GET /xingrg/kc/buy/buy_main.html HTTP/1.1" 200 12412
222.70.177.10 - - [14/Jan/2023:09:23:36 +0800] "GET /xingrg/css/new_ie.css HTTP/1.1" 404 1036
116.238.139.35 - - [14/Jan/2023:09:23:37 +0800] "GET /xingrg/kc/buy/cgsh_order_operate.html?command=get_materiel&rest_code=00151&code=00101009088&supplier_code=00100022&order_time=2023-01-14 HTTP/1.1" 200 405
222.70.177.10 - - [14/Jan/2023:09:23:37 +0800] "GET /xingrg/images/yd/bt.gif HTTP/1.1" 404 1040
116.238.139.35 - - [14/Jan/2023:09:23:37 +0800] "GET /xingrg/all/function/internal_message.html?_=1673659436305&CODE_STATE=getMsg HTTP/1.1" 200 27
222.70.177.10 - - [14/Jan/2023:09:23:38 +0800] "GET /xingrg/kc/buy/cgsh_order_list.html HTTP/1.1" 200 53920
222.70.177.10 - - [14/Jan/2023:09:23:39 +0800] "POST /xingrg/kc/buy/cgsh_list_operate.html HTTP/1.1" 200 986
222.70.177.10 - - [14/Jan/2023:09:23:41 +0800] "GET /xingrg/kc/buy/cgsh_order_add.html HTTP/1.1" 200 69657
222.70.177.10 - - [14/Jan/2023:09:23:42 +0800] "GET /xingrg/words/20230113132623_words.js HTTP/1.1" 304 -
222.70.177.10 - - [14/Jan/2023:09:23:42 +0800] "POST /xingrg/kc/buy/cgsh_order_operate.html HTTP/1.1" 200 8245
222.70.177.10 - - [14/Jan/2023:09:23:42 +0800] "GET /xingrg/all/common/auto_word.html?type=employee&rest_code=00111 HTTP/1.1" 200 155
222.70.177.10 - - [14/Jan/2023:09:23:42 +0800] "GET /xingrg/javascript/easyui/themes/default/validatebox.css HTTP/1.1" 404 1104
222.70.177.10 - - [14/Jan/2023:09:23:42 +0800] "GET /xingrg/all/common/auto_word.html?type=employee&rest_code=00111 HTTP/1.1" 200 155
222.70.177.10 - - [14/Jan/2023:09:23:47 +0800] "GET /xingrg/javascript/auto/indicator.gif HTTP/1.1" 404 1066
58.40.7.146 - - [14/Jan/2023:09:23:49 +0800] "GET /xingrg/all/function/internal_message.html?_=1673659445956&CODE_STATE=getMsg HTTP/1.1" 200 27
222.70.177.10 - - [14/Jan/2023:09:23:50 +0800] "GET /xingrg/javascript/jquery_tools/images/prev.gif HTTP/1.1" 404 1086
222.70.177.10 - - [14/Jan/2023:09:23:50 +0800] "GET /xingrg/javascript/jquery_tools/images/next.gif HTTP/1.1" 404 1086
116.230.105.139 - - [14/Jan/2023:09:23:57 +0800] "GET /xingrg/all/function/internal_message.html?_=1673659394506&CODE_STATE=getMsg HTTP/1.1" 200 27
116.235.244.242 - - [14/Jan/2023:09:23:58 +0800] "GET /xingrg/all/function/internal_message.html?_=1673659476565&CODE_STATE=getMsg HTTP/1.1" 200 27
120.253.135.82 - - [14/Jan/2023:09:24:01 +0800] "GET /xingrg/all/function/internal_message.html?_=1673659271528&CODE_STATE=getMsg HTTP/1.1" 200 27
222.70.177.10 - - [14/Jan/2023:09:24:03 +0800] "GET /xingrg/kc/buy/cgsh_order_operate.html?command=get_materiel&rest_code=00111&code=00101016038&supplier_code=00100012&order_time=2023-01-14 HTTP/1.1" 200 408
116.238.139.35 - - [14/Jan/2023:09:24:05 +0800] "GET /xingrg/kc/buy/cgsh_order_operate.html?command=get_materiel&rest_code=00151&code=00101009045&supplier_code=00100022&order_time=2023-01-14 HTTP/1.1" 200 412
58.40.7.146 - - [14/Jan/2023:09:24:06 +0800] "GET /xingrg/check_reg.html?_=1673659462800 HTTP/1.1" 200 22
221.239.170.112 - - [14/Jan/2023:09:24:06 +0800] "GET /xingrg/all/function/internal_message.html?_=1673659458737&CODE_STATE=getMsg HTTP/1.1" 200 27
101.83.145.75 - - [14/Jan/2023:09:24:12 +0800] "GET /xingrg/all/function/internal_message.html?_=1673659473154&CODE_STATE=getMsg HTTP/1.1" 200 27
116.238.139.35 - - [14/Jan/2023:09:24:13 +0800] "GET /xingrg/kc/buy/cgsh_order_operate.html?command=get_materiel&rest_code=00151&code=00101009040&supplier_code=00100022&order_time=2023-01-14 HTTP/1.1" 200 412
222.70.177.10 - - [14/Jan/2023:09:24:18 +0800] "GET /xingrg/kc/buy/cgsh_order_operate.html?command=get_materiel&rest_code=00111&code=00101012010&supplier_code=00100012&order_time=2023-01-14 HTTP/1.1" 200 409
221.239.170.112 - - [14/Jan/2023:09:24:20 +0800] "GET /xingrg/check_reg.html?_=1673659472469 HTTP/1.1" 200 22
116.238.139.35 - - [14/Jan/2023:09:24:20 +0800] "GET /xingrg/kc/buy/cgsh_order_operate.html?command=get_materiel&rest_code=00151&code=00101009011&supplier_code=00100022&order_time=2023-01-14 HTTP/1.1" 200 416
116.235.93.82 - - [14/Jan/2023:09:24:21 +0800] "GET /xingrg/all/function/internal_message.html?_=1673659712360&CODE_STATE=getMsg HTTP/1.1" 200 27
116.192.124.172 - - [14/Jan/2023:09:24:21 +0800] "GET /xingrg/all/function/internal_message.html?_=1673659477899&CODE_STATE=getMsg HTTP/1.1" 302 -
222.70.177.10 - - [14/Jan/2023:09:24:34 +0800] "GET /xingrg/all/function/internal_message.html?_=1673659488725&CODE_STATE=getMsg HTTP/1.1" 200 27
116.238.139.35 - - [14/Jan/2023:09:24:37 +0800] "GET /xingrg/all/function/internal_message.html?_=1673659496319&CODE_STATE=getMsg HTTP/1.1" 200 27
58.40.7.146 - - [14/Jan/2023:09:24:49 +0800] "GET /xingrg/all/function/internal_message.html?_=1673659505927&CODE_STATE=getMsg HTTP/1.1" 200 27
222.70.177.10 - - [14/Jan/2023:09:24:53 +0800] "GET /xingrg/kc/buy/cgsh_order_operate.html?command=get_materiel&rest_code=00111&code=00101006109&supplier_code=00100012&order_time=2023-01-14 HTTP/1.1" 200 425
116.230.105.139 - - [14/Jan/2023:09:24:57 +0800] "GET /xingrg/all/function/internal_message.html?_=1673659454506&CODE_STATE=getMsg HTTP/1.1" 200 27
116.235.244.242 - - [14/Jan/2023:09:24:58 +0800] "GET /xingrg/all/function/internal_message.html?_=1673659536575&CODE_STATE=getMsg HTTP/1.1" 200 27
116.235.244.242 - - [14/Jan/2023:09:24:58 +0800] "POST /xingrg/services/DataTransmitService HTTP/1.1" 200 524
116.235.244.242 - - [14/Jan/2023:09:24:59 +0800] "POST /xingrg/services/DataTransmitService HTTP/1.1" 200 2339
116.192.124.172 - - [14/Jan/2023:09:25:00 +0800] "POST /xingrg/services/DataTransmitService HTTP/1.1" 200 524
120.253.135.82 - - [14/Jan/2023:09:25:01 +0800] "GET /xingrg/all/function/internal_message.html?_=1673659331687&CODE_STATE=getMsg HTTP/1.1" 200 27
116.235.244.242 - - [14/Jan/2023:09:25:05 +0800] "POST /xingrg/services/DataTransmitService HTTP/1.1" 200 524
116.235.244.242 - - [14/Jan/2023:09:25:05 +0800] "POST /xingrg/services/DataTransmitService HTTP/1.1" 200 2339
221.239.170.112 - - [14/Jan/2023:09:25:06 +0800] "GET /xingrg/all/function/internal_message.html?_=1673659518719&CODE_STATE=getMsg HTTP/1.1" 200 27
116.235.244.242 - - [14/Jan/2023:09:25:06 +0800] "POST /xingrg/services/DataTransmitService HTTP/1.1" 200 524
116.235.244.242 - - [14/Jan/2023:09:25:07 +0800] "POST /xingrg/services/DataTransmitService HTTP/1.1" 200 2339
101.83.145.75 - - [14/Jan/2023:09:25:12 +0800] "GET /xingrg/all/function/internal_message.html?_=1673659533128&CODE_STATE=getMsg HTTP/1.1" 200 27
116.235.93.82 - - [14/Jan/2023:09:25:21 +0800] "GET /xingrg/all/function/internal_message.html?_=1673659772331&CODE_STATE=getMsg HTTP/1.1" 200 27
116.192.124.172 - - [14/Jan/2023:09:25:21 +0800] "GET /xingrg/all/function/internal_message.html?_=1673659537890&CODE_STATE=getMsg HTTP/1.1" 302 -
120.253.135.82 - - [14/Jan/2023:09:25:24 +0800] "POST /xingrg/kc/base/wldb_order_operate.html HTTP/1.1" 200 37
120.253.135.82 - - [14/Jan/2023:09:25:27 +0800] "POST /xingrg/kc/base/wldb_order_operate.html HTTP/1.1" 200 12
120.253.135.82 - - [14/Jan/2023:09:25:27 +0800] "POST /xingrg/kc/base/wldb_order_operate.html HTTP/1.1" 200 2692
120.253.135.82 - - [14/Jan/2023:09:25:30 +0800] "GET /xingrg/kc/base/wldb_order_info.html?code=422023011400776 HTTP/1.1" 200 26301
120.253.135.82 - - [14/Jan/2023:09:25:31 +0800] "GET /xingrg/javascript/easyui/themes/default/validatebox.css HTTP/1.1" 404 1104
120.253.135.82 - - [14/Jan/2023:09:25:31 +0800] "POST /xingrg/kc/base/wldb_order_operate.html HTTP/1.1" 200 977
222.70.177.10 - - [14/Jan/2023:09:25:34 +0800] "GET /xingrg/all/function/internal_message.html?_=1673659548732&CODE_STATE=getMsg HTTP/1.1" 200 27
116.238.139.35 - - [14/Jan/2023:09:25:37 +0800] "GET /xingrg/all/function/internal_message.html?_=1673659556312&CODE_STATE=getMsg HTTP/1.1" 200 27
120.253.135.82 - - [14/Jan/2023:09:25:38 +0800] "POST /xingrg/kc/base/wldb_list_operate.html HTTP/1.1" 200 928
222.70.177.10 - - [14/Jan/2023:09:25:46 +0800] "GET /xingrg/kc/buy/cgsh_order_operate.html?command=get_materiel&rest_code=00111&code=00101011001&supplier_code=00100012&order_time=2023-01-14 HTTP/1.1" 200 423
58.40.7.146 - - [14/Jan/2023:09:25:49 +0800] "GET /xingrg/all/function/internal_message.html?_=1673659565900&CODE_STATE=getMsg HTTP/1.1" 200 27
116.230.105.139 - - [14/Jan/2023:09:25:57 +0800] "GET /xingrg/check_reg.html?_=1673659514498 HTTP/1.1" 200 22
116.230.105.139 - - [14/Jan/2023:09:25:57 +0800] "GET /xingrg/all/function/internal_message.html?_=1673659514511&CODE_STATE=getMsg HTTP/1.1" 200 27
116.238.139.35 - - [14/Jan/2023:09:25:57 +0800] "POST /xingrg/kc/buy/cgsh_order_operate.html HTTP/1.1" 200 37
116.235.244.242 - - [14/Jan/2023:09:25:58 +0800] "GET /xingrg/all/function/internal_message.html?_=1673659596941&CODE_STATE=getMsg HTTP/1.1" 200 27
120.253.135.82 - - [14/Jan/2023:09:26:01 +0800] "GET /xingrg/all/function/internal_message.html?_=1673659391859&CODE_STATE=getMsg HTTP/1.1" 200 27
222.70.177.10 - - [14/Jan/2023:09:26:02 +0800] "GET /xingrg/kc/buy/cgsh_order_operate.html?command=get_materiel&rest_code=00111&code=00101006026&supplier_code=00100012&order_time=2023-01-14 HTTP/1.1" 200 409
116.238.139.35 - - [14/Jan/2023:09:26:05 +0800] "POST /xingrg/kc/buy/cgsh_order_operate.html HTTP/1.1" 200 12
221.239.170.112 - - [14/Jan/2023:09:26:06 +0800] "GET /xingrg/all/function/internal_message.html?_=1673659578705&CODE_STATE=getMsg HTTP/1.1" 200 27
116.238.139.35 - - [14/Jan/2023:09:26:06 +0800] "GET /xingrg/kc/buy/cgsh_order_info.html?code=212023011404012 HTTP/1.1" 200 64200
116.238.139.35 - - [14/Jan/2023:09:26:06 +0800] "GET /xingrg/javascript/easyui/themes/default/validatebox.css HTTP/1.1" 404 1104
116.238.139.35 - - [14/Jan/2023:09:26:07 +0800] "POST /xingrg/kc/buy/cgsh_order_operate.html HTTP/1.1" 200 5402
116.238.139.35 - - [14/Jan/2023:09:26:08 +0800] "GET /xingrg/kc/print/load_config.html?kc_code=cgsh HTTP/1.1" 200 1943
116.238.139.35 - - [14/Jan/2023:09:26:08 +0800] "GET /xingrg/kc/print/load_data.html?order_code=212023011404012&kc_code=cgsh&condition= HTTP/1.1" 200 2606
116.192.124.172 - - [14/Jan/2023:09:26:09 +0800] "GET /xingrg/check_reg.html?_=1673659585757 HTTP/1.1" 302 -
222.70.177.10 - - [14/Jan/2023:09:26:11 +0800] "GET /xingrg/kc/buy/cgsh_order_operate.html?command=get_materiel&rest_code=00111&code=00101006038&supplier_code=00100012&order_time=2023-01-14 HTTP/1.1" 200 421
101.83.145.75 - - [14/Jan/2023:09:26:12 +0800] "GET /xingrg/all/function/internal_message.html?_=1673659593106&CODE_STATE=getMsg HTTP/1.1" 200 27
116.238.139.35 - - [14/Jan/2023:09:26:15 +0800] "POST /xingrg/all/user/operate.html HTTP/1.1" 200 36
116.238.139.35 - - [14/Jan/2023:09:26:15 +0800] "GET /xingrg/index.html?sysBaseUrl=http%3A%2F%2F180.169.147.146%3A18081%2Fxingrg%2F&costTime=45×tamp=1673570766449 HTTP/1.1" 200 17179
116.238.139.35 - - [14/Jan/2023:09:26:15 +0800] "GET /xingrg/javascript/jquery_easy_ui/themes/default/easyui.css HTTP/1.1" 304 -
116.238.139.35 - - [14/Jan/2023:09:26:15 +0800] "GET /xingrg/javascript/jquery_easy_ui/themes/icon.css HTTP/1.1" 304 -
116.238.139.35 - - [14/Jan/2023:09:26:15 +0800] "GET /xingrg/css/form.css HTTP/1.1" 304 -
116.238.139.35 - - [14/Jan/2023:09:26:15 +0800] "GET /xingrg/javascript/jquery-1.4.2.min.js HTTP/1.1" 304 -
116.238.139.35 - - [14/Jan/2023:09:26:15 +0800] "GET /xingrg/javascript/jquery_easy_ui/jquery.easyui.min.js HTTP/1.1" 304 -
116.238.139.35 - - [14/Jan/2023:09:26:15 +0800] "GET /xingrg/javascript/jquery_easy_ui/easyui-lang-zh_CN.js HTTP/1.1" 304 -
116.238.139.35 - - [14/Jan/2023:09:26:15 +0800] "GET /xingrg/javascript/jquery.form.js HTTP/1.1" 304 -
116.238.139.35 - - [14/Jan/2023:09:26:15 +0800] "GET /xingrg/javascript/jquery.utils.js HTTP/1.1" 304 -
116.238.139.35 - - [14/Jan/2023:09:26:15 +0800] "GET /xingrg/javascript/jquery.timers.js HTTP/1.1" 304 -
116.238.139.35 - - [14/Jan/2023:09:26:15 +0800] "GET /xingrg/images/blue/jxLogo.png HTTP/1.1" 304 -
116.238.139.35 - - [14/Jan/2023:09:26:15 +0800] "GET /xingrg/images/blue/navBackgound.jpg HTTP/1.1" 304 -
116.238.139.35 - - [14/Jan/2023:09:26:15 +0800] "GET /xingrg/javascript/jquery_easy_ui/themes/icons/settle_new.png HTTP/1.1" 304 -
116.238.139.35 - - [14/Jan/2023:09:26:15 +0800] "POST /xingrg/all/common/load_tree.html?tree=area_rest_tree_json&manage=1 HTTP/1.1" 200 476
116.238.139.35 - - [14/Jan/2023:09:26:15 +0800] "GET /xingrg/all/function/internal_message.html?_=1673659594387&CODE_STATE=count HTTP/1.1" 200 11
116.238.139.35 - - [14/Jan/2023:09:26:15 +0800] "GET /xingrg/check_reg.html?_=1673659594388 HTTP/1.1" 200 22
116.238.139.35 - - [14/Jan/2023:09:26:15 +0800] "GET /xingrg/images/blue/pingpu.png HTTP/1.1" 304 -
116.238.139.35 - - [14/Jan/2023:09:26:15 +0800] "POST /xingrg/load_menu.html HTTP/1.1" 200 5138
116.238.139.35 - - [14/Jan/2023:09:26:15 +0800] "GET /xingrg/javascript/jquery_easy_ui/themes/default/images/panel_tool_collapse.gif HTTP/1.1" 304 -
116.238.139.35 - - [14/Jan/2023:09:26:15 +0800] "GET /xingrg/javascript/jquery_easy_ui/themes/default/images/tabs_rightarrow.png HTTP/1.1" 304 -
116.238.139.35 - - [14/Jan/2023:09:26:15 +0800] "GET /xingrg/javascript/jquery_easy_ui/themes/default/images/tabs_leftarrow.png HTTP/1.1" 304 -
116.238.139.35 - - [14/Jan/2023:09:26:15 +0800] "GET /xingrg/javascript/jquery_easy_ui/themes/default/images/tree_arrows.gif HTTP/1.1" 304 -
116.238.139.35 - - [14/Jan/2023:09:26:15 +0800] "GET /xingrg/javascript/jquery_easy_ui/themes/default/images/tree_file.gif HTTP/1.1" 304 -
116.238.139.35 - - [14/Jan/2023:09:26:15 +0800] "GET /xingrg/javascript/jquery_easy_ui/themes/icons/forms_new.png HTTP/1.1" 304 -
116.238.139.35 - - [14/Jan/2023:09:26:15 +0800] "GET /xingrg/javascript/jquery_easy_ui/themes/default/images/tree_folder_open.gif HTTP/1.1" 304 -
116.238.139.35 - - [14/Jan/2023:09:26:15 +0800] "GET /xingrg/javascript/jquery_easy_ui/themes/icons/search_new.png HTTP/1.1" 304 -
116.238.139.35 - - [14/Jan/2023:09:26:15 +0800] "GET /xingrg/javascript/jquery_easy_ui/themes/icons/storage_new.png HTTP/1.1" 304 -
116.238.139.35 - - [14/Jan/2023:09:26:15 +0800] "GET /xingrg/javascript/jquery_easy_ui/themes/default/images/tree_folder.gif HTTP/1.1" 304 -
116.238.139.35 - - [14/Jan/2023:09:26:18 +0800] "GET /xingrg/kc/buy/cgsh_order_list.html HTTP/1.1" 200 53926
116.238.139.35 - - [14/Jan/2023:09:26:20 +0800] "POST /xingrg/kc/buy/cgsh_list_operate.html HTTP/1.1" 200 2314
116.235.93.82 - - [14/Jan/2023:09:26:21 +0800] "GET /xingrg/all/function/internal_message.html?_=1673659832310&CODE_STATE=getMsg HTTP/1.1" 200 27
116.192.124.172 - - [14/Jan/2023:09:26:21 +0800] "GET /xingrg/all/function/internal_message.html?_=1673659597891&CODE_STATE=getMsg HTTP/1.1" 302 -
116.238.139.35 - - [14/Jan/2023:09:26:22 +0800] "POST /xingrg/kc/buy/cgsh_list_operate.html HTTP/1.1" 200 574
116.238.139.35 - - [14/Jan/2023:09:26:23 +0800] "GET /xingrg/kc/buy/cgsh_order_info.html?code=212023011404011 HTTP/1.1" 200 69709
116.238.139.35 - - [14/Jan/2023:09:26:23 +0800] "GET /xingrg/javascript/easyui/themes/default/validatebox.css HTTP/1.1" 404 1104
116.238.139.35 - - [14/Jan/2023:09:26:24 +0800] "POST /xingrg/kc/buy/cgsh_order_operate.html HTTP/1.1" 200 6200
116.238.139.35 - - [14/Jan/2023:09:26:25 +0800] "GET /xingrg/javascript/auto/indicator.gif HTTP/1.1" 404 1066
222.70.177.10 - - [14/Jan/2023:09:26:28 +0800] "GET /xingrg/kc/buy/cgsh_order_operate.html?command=get_materiel&rest_code=00111&code=00101018011&supplier_code=00100012&order_time=2023-01-14 HTTP/1.1" 200 428
222.70.177.10 - - [14/Jan/2023:09:26:34 +0800] "GET /xingrg/all/function/internal_message.html?_=1673659608734&CODE_STATE=getMsg HTTP/1.1" 200 27
116.235.244.242 - - [14/Jan/2023:09:26:35 +0800] "GET /xingrg/check_reg.html?_=1673659633967 HTTP/1.1" 200 22
222.70.177.10 - - [14/Jan/2023:09:26:37 +0800] "GET /xingrg/kc/buy/cgsh_order_operate.html?command=get_materiel&rest_code=00111&code=00101006065&supplier_code=00100012&order_time=2023-01-14 HTTP/1.1" 200 424
58.40.7.146 - - [14/Jan/2023:09:26:49 +0800] "GET /xingrg/all/function/internal_message.html?_=1673659625872&CODE_STATE=getMsg HTTP/1.1" 200 27
222.70.177.10 - - [14/Jan/2023:09:26:55 +0800] "GET /xingrg/kc/buy/cgsh_order_operate.html?command=get_materiel&rest_code=00111&code=00101006113&supplier_code=00100012&order_time=2023-01-14 HTTP/1.1" 200 428
116.230.105.139 - - [14/Jan/2023:09:26:57 +0800] "GET /xingrg/all/function/internal_message.html?_=1673659574480&CODE_STATE=getMsg HTTP/1.1" 200 27
116.235.244.242 - - [14/Jan/2023:09:26:58 +0800] "GET /xingrg/all/function/internal_message.html?_=1673659656947&CODE_STATE=getMsg HTTP/1.1" 200 27
116.238.139.35 - - [14/Jan/2023:09:27:01 +0800] "POST /xingrg/kc/buy/cgsh_order_operate.html HTTP/1.1" 200 37
120.253.135.82 - - [14/Jan/2023:09:27:01 +0800] "GET /xingrg/all/function/internal_message.html?_=1673659451866&CODE_STATE=getMsg HTTP/1.1" 200 27
116.238.139.35 - - [14/Jan/2023:09:27:04 +0800] "POST /xingrg/kc/buy/cgsh_order_operate.html HTTP/1.1" 200 12
116.238.139.35 - - [14/Jan/2023:09:27:06 +0800] "GET /xingrg/kc/buy/cgsh_order_info.html?code=212023011404011 HTTP/1.1" 200 64602
116.238.139.35 - - [14/Jan/2023:09:27:06 +0800] "GET /xingrg/javascript/easyui/themes/default/validatebox.css HTTP/1.1" 404 1104
221.239.170.112 - - [14/Jan/2023:09:27:06 +0800] "GET /xingrg/all/function/internal_message.html?_=1673659638690&CODE_STATE=getMsg HTTP/1.1" 200 27
116.238.139.35 - - [14/Jan/2023:09:27:07 +0800] "POST /xingrg/kc/buy/cgsh_order_operate.html HTTP/1.1" 200 4734
116.238.139.35 - - [14/Jan/2023:09:27:08 +0800] "GET /xingrg/kc/print/load_data.html?order_code=212023011404011&kc_code=cgsh&condition= HTTP/1.1" 200 2303
222.70.177.10 - - [14/Jan/2023:09:27:08 +0800] "GET /xingrg/kc/buy/cgsh_order_operate.html?command=get_materiel&rest_code=00111&code=00101006184&supplier_code=00100012&order_time=2023-01-14 HTTP/1.1" 200 408
101.83.145.75 - - [14/Jan/2023:09:27:12 +0800] "GET /xingrg/all/function/internal_message.html?_=1673659653083&CODE_STATE=getMsg HTTP/1.1" 200 27
116.238.139.35 - - [14/Jan/2023:09:27:15 +0800] "GET /xingrg/all/function/internal_message.html?_=1673659654404&CODE_STATE=getMsg HTTP/1.1" 200 27
116.235.93.82 - - [14/Jan/2023:09:27:21 +0800] "GET /xingrg/all/function/internal_message.html?_=1673659892278&CODE_STATE=getMsg HTTP/1.1" 200 27
116.192.124.172 - - [14/Jan/2023:09:27:21 +0800] "GET /xingrg/all/function/internal_message.html?_=1673659657883&CODE_STATE=getMsg HTTP/1.1" 302 -
120.253.135.82 - - [14/Jan/2023:09:27:30 +0800] "GET /xingrg/check_reg.html?_=1673659480732 HTTP/1.1" 200 22
222.70.177.10 - - [14/Jan/2023:09:27:34 +0800] "GET /xingrg/all/function/internal_message.html?_=1673659668735&CODE_STATE=getMsg HTTP/1.1" 200 27
116.235.93.82 - - [14/Jan/2023:09:27:35 +0800] "GET /xingrg/check_reg.html?_=1673659906089 HTTP/1.1" 200 22
58.40.7.146 - - [14/Jan/2023:09:27:49 +0800] "GET /xingrg/all/function/internal_message.html?_=1673659685842&CODE_STATE=getMsg HTTP/1.1" 200 27
222.70.177.10 - - [14/Jan/2023:09:27:51 +0800] "GET /xingrg/kc/buy/cgsh_order_operate.html?command=get_materiel&rest_code=00111&code=00101007048&supplier_code=00100012&order_time=2023-01-14 HTTP/1.1" 200 408
116.230.105.139 - - [14/Jan/2023:09:27:57 +0800] "GET /xingrg/all/function/internal_message.html?_=1673659634499&CODE_STATE=getMsg HTTP/1.1" 200 27
61.170.235.74 - - [14/Jan/2023:09:27:58 +0800] "GET /favicon.ico HTTP/1.1" 404 -
116.235.244.242 - - [14/Jan/2023:09:27:58 +0800] "GET /xingrg/all/function/internal_message.html?_=1673659716960&CODE_STATE=getMsg HTTP/1.1" 200 27
120.253.135.82 - - [14/Jan/2023:09:28:01 +0800] "GET /xingrg/all/function/internal_message.html?_=1673659511878&CODE_STATE=getMsg HTTP/1.1" 200 27
222.70.177.10 - - [14/Jan/2023:09:28:02 +0800] "GET /xingrg/kc/buy/cgsh_order_operate.html?command=get_materiel&rest_code=00111&code=00101020012&supplier_code=00100012&order_time=2023-01-14 HTTP/1.1" 200 413
221.239.170.112 - - [14/Jan/2023:09:28:06 +0800] "GET /xingrg/all/function/internal_message.html?_=1673659698676&CODE_STATE=getMsg HTTP/1.1" 200 27
101.83.145.75 - - [14/Jan/2023:09:28:12 +0800] "GET /xingrg/all/function/internal_message.html?_=1673659713056&CODE_STATE=getMsg HTTP/1.1" 200 27
116.238.139.35 - - [14/Jan/2023:09:28:15 +0800] "GET /xingrg/all/function/internal_message.html?_=1673659714392&CODE_STATE=getMsg HTTP/1.1" 200 27
116.235.93.82 - - [14/Jan/2023:09:28:21 +0800] "GET /xingrg/all/function/internal_message.html?_=1673659952251&CODE_STATE=getMsg HTTP/1.1" 200 27
116.192.124.172 - - [14/Jan/2023:09:28:21 +0800] "GET /xingrg/all/function/internal_message.html?_=1673659717890&CODE_STATE=getMsg HTTP/1.1" 302 -
101.83.145.75 - - [14/Jan/2023:09:28:32 +0800] "GET /xingrg/check_reg.html?_=1673659733297 HTTP/1.1" 200 22
222.70.177.10 - - [14/Jan/2023:09:28:34 +0800] "GET /xingrg/check_reg.html?_=1673659728734 HTTP/1.1" 200 22
222.70.177.10 - - [14/Jan/2023:09:28:34 +0800] "GET /xingrg/all/function/internal_message.html?_=1673659728737&CODE_STATE=getMsg HTTP/1.1" 200 27
61.170.235.74 - - [14/Jan/2023:09:28:37 +0800] "GET /xingrg/login.html?r=1 HTTP/1.1" 200 7641
61.170.235.74 - - [14/Jan/2023:09:28:37 +0800] "GET /xingrg/images/blue/jxLogo.png HTTP/1.1" 304 -
61.170.235.74 - - [14/Jan/2023:09:28:37 +0800] "GET /xingrg/images/blue/login_bg.png HTTP/1.1" 304 -
61.170.235.74 - - [14/Jan/2023:09:28:37 +0800] "GET /xingrg/images/blue/hj.png HTTP/1.1" 304 -
61.170.235.74 - - [14/Jan/2023:09:28:37 +0800] "GET /xingrg/images/blue/srbg.png HTTP/1.1" 304 -
61.170.235.74 - - [14/Jan/2023:09:28:37 +0800] "GET /favicon.ico HTTP/1.1" 404 -
61.170.235.74 - - [14/Jan/2023:09:28:39 +0800] "POST /xingrg/login.do HTTP/1.1" 302 -
61.170.235.74 - - [14/Jan/2023:09:28:39 +0800] "GET /xingrg/javascript/jquery_easy_ui/themes/default/easyui.css HTTP/1.1" 304 -
61.170.235.74 - - [14/Jan/2023:09:28:39 +0800] "GET /xingrg/javascript/jquery_easy_ui/themes/icon.css HTTP/1.1" 304 -
61.170.235.74 - - [14/Jan/2023:09:28:40 +0800] "GET /xingrg/index.html?sysBaseUrl=http%3A%2F%2F180.169.147.146%3A18081%2Fxingrg%2F&costTime=43×tamp=1673659719962 HTTP/1.1" 200 17173
61.170.235.74 - - [14/Jan/2023:09:28:40 +0800] "GET /xingrg/javascript/jquery_easy_ui/easyui-lang-zh_CN.js HTTP/1.1" 304 -
61.170.235.74 - - [14/Jan/2023:09:28:40 +0800] "GET /xingrg/javascript/jquery.timers.js HTTP/1.1" 304 -
61.170.235.74 - - [14/Jan/2023:09:28:40 +0800] "GET /xingrg/javascript/jquery-1.4.2.min.js HTTP/1.1" 304 -
61.170.235.74 - - [14/Jan/2023:09:28:40 +0800] "GET /xingrg/javascript/jquery_easy_ui/jquery.easyui.min.js HTTP/1.1" 304 -
61.170.235.74 - - [14/Jan/2023:09:28:40 +0800] "GET /favicon.ico HTTP/1.1" 404 -
61.170.235.74 - - [14/Jan/2023:09:28:40 +0800] "GET /xingrg/css/form.css HTTP/1.1" 304 -
61.170.235.74 - - [14/Jan/2023:09:28:40 +0800] "GET /xingrg/javascript/jquery.form.js HTTP/1.1" 304 -
61.170.235.74 - - [14/Jan/2023:09:28:40 +0800] "GET /xingrg/javascript/jquery.utils.js HTTP/1.1" 304 -
61.170.235.74 - - [14/Jan/2023:09:28:40 +0800] "GET /xingrg/javascript/jquery_easy_ui/themes/icons/settle_new.png HTTP/1.1" 304 -
61.170.235.74 - - [14/Jan/2023:09:28:40 +0800] "GET /xingrg/images/blue/navBackgound.jpg HTTP/1.1" 304 -
61.170.235.74 - - [14/Jan/2023:09:28:40 +0800] "POST /xingrg/all/common/load_tree.html?tree=area_rest_tree_json&manage=1 HTTP/1.1" 200 342
61.170.235.74 - - [14/Jan/2023:09:28:40 +0800] "GET /xingrg/all/function/internal_message.html?_=1673659737219&CODE_STATE=count HTTP/1.1" 200 11
61.170.235.74 - - [14/Jan/2023:09:28:40 +0800] "GET /xingrg/check_reg.html?_=1673659737220 HTTP/1.1" 200 22
61.170.235.74 - - [14/Jan/2023:09:28:40 +0800] "GET /xingrg/images/blue/pingpu.png HTTP/1.1" 304 -
61.170.235.74 - - [14/Jan/2023:09:28:40 +0800] "GET /xingrg/javascript/jquery_easy_ui/themes/default/images/tabs_leftarrow.png HTTP/1.1" 304 -
61.170.235.74 - - [14/Jan/2023:09:28:40 +0800] "GET /xingrg/javascript/jquery_easy_ui/themes/default/images/tabs_rightarrow.png HTTP/1.1" 304 -
61.170.235.74 - - [14/Jan/2023:09:28:40 +0800] "GET /xingrg/javascript/jquery_easy_ui/themes/default/images/panel_tool_collapse.gif HTTP/1.1" 304 -
61.170.235.74 - - [14/Jan/2023:09:28:40 +0800] "POST /xingrg/load_menu.html HTTP/1.1" 200 5138
61.170.235.74 - - [14/Jan/2023:09:28:40 +0800] "GET /xingrg/javascript/jquery_easy_ui/themes/default/images/tree_arrows.gif HTTP/1.1" 304 -
61.170.235.74 - - [14/Jan/2023:09:28:40 +0800] "GET /xingrg/javascript/jquery_easy_ui/themes/default/images/tree_folder_open.gif HTTP/1.1" 304 -
61.170.235.74 - - [14/Jan/2023:09:28:40 +0800] "GET /xingrg/javascript/jquery_easy_ui/themes/icons/search_new.png HTTP/1.1" 304 -
61.170.235.74 - - [14/Jan/2023:09:28:40 +0800] "GET /xingrg/javascript/jquery_easy_ui/themes/default/images/tree_folder.gif HTTP/1.1" 304 -
61.170.235.74 - - [14/Jan/2023:09:28:40 +0800] "GET /xingrg/javascript/jquery_easy_ui/themes/icons/storage_new.png HTTP/1.1" 304 -
61.170.235.74 - - [14/Jan/2023:09:28:40 +0800] "GET /xingrg/javascript/jquery_easy_ui/themes/icons/forms_new.png HTTP/1.1" 304 -
61.170.235.74 - - [14/Jan/2023:09:28:40 +0800] "GET /xingrg/javascript/jquery_easy_ui/themes/default/images/tree_file.gif HTTP/1.1" 304 -
61.170.235.74 - - [14/Jan/2023:09:28:43 +0800] "GET /xingrg/kc/buy/buy_main.html HTTP/1.1" 200 12412
61.170.235.74 - - [14/Jan/2023:09:28:43 +0800] "GET /xingrg/javascript/jquery_easy_ui/themes/default/images/tabs_close.gif HTTP/1.1" 304 -
61.170.235.74 - - [14/Jan/2023:09:28:43 +0800] "GET /xingrg/css/blue.css HTTP/1.1" 304 -
61.170.235.74 - - [14/Jan/2023:09:28:43 +0800] "GET /xingrg/css/new_ie.css HTTP/1.1" 404 1036
61.170.235.74 - - [14/Jan/2023:09:28:43 +0800] "GET /xingrg/javascript/pic_change.js HTTP/1.1" 304 -
61.170.235.74 - - [14/Jan/2023:09:28:43 +0800] "GET /xingrg/javascript/jquery_ui/themes/humanity/humanity.css HTTP/1.1" 304 -
61.170.235.74 - - [14/Jan/2023:09:28:43 +0800] "GET /xingrg/javascript/ToolTips.js HTTP/1.1" 304 -
61.170.235.74 - - [14/Jan/2023:09:28:43 +0800] "GET /xingrg/javascript/myfunction.js HTTP/1.1" 304 -
61.170.235.74 - - [14/Jan/2023:09:28:43 +0800] "GET /xingrg/javascript/jquery_ui/jquery-ui.min.js HTTP/1.1" 304 -
61.170.235.74 - - [14/Jan/2023:09:28:43 +0800] "GET /xingrg/images/blue/button/cgxqd.gif HTTP/1.1" 304 -
61.170.235.74 - - [14/Jan/2023:09:28:43 +0800] "GET /xingrg/images/blue/button/cgydd.gif HTTP/1.1" 304 -
61.170.235.74 - - [14/Jan/2023:09:28:43 +0800] "GET /xingrg/images/blue/button/cgshd.gif HTTP/1.1" 304 -
61.170.235.74 - - [14/Jan/2023:09:28:43 +0800] "GET /xingrg/images/blue/button/cgfkd.gif HTTP/1.1" 304 -
61.170.235.74 - - [14/Jan/2023:09:28:43 +0800] "GET /xingrg/images/blue/button/kc.gif HTTP/1.1" 304 -
61.170.235.74 - - [14/Jan/2023:09:28:43 +0800] "GET /xingrg/images/blue/button/ckthd.gif HTTP/1.1" 304 -
61.170.235.74 - - [14/Jan/2023:09:28:43 +0800] "GET /xingrg/images/blue/pic_form2.gif HTTP/1.1" 304 -
61.170.235.74 - - [14/Jan/2023:09:28:43 +0800] "GET /xingrg/javascript/jquery_ui/themes/humanity/images/ui-bg_inset-soft_100_f4f0ec_1x100.png HTTP/1.1" 304 -
61.170.235.74 - - [14/Jan/2023:09:28:43 +0800] "GET /xingrg/images/blue/button/down_ah.jpg HTTP/1.1" 304 -
61.170.235.74 - - [14/Jan/2023:09:28:43 +0800] "GET /xingrg/images/blue/button/right_ah.jpg HTTP/1.1" 304 -
61.170.235.74 - - [14/Jan/2023:09:28:43 +0800] "GET /xingrg/images/blue/bg_dotted.jpg HTTP/1.1" 304 -
61.170.235.74 - - [14/Jan/2023:09:28:43 +0800] "GET /xingrg/javascript/jquery_ui/themes/humanity/images/ui-iconsnew.jpg HTTP/1.1" 304 -
61.170.235.74 - - [14/Jan/2023:09:28:43 +0800] "GET /xingrg/javascript/jquery_ui/themes/humanity/images/ui-icons_ffffff_256x240.png HTTP/1.1" 304 -
61.170.235.74 - - [14/Jan/2023:09:28:43 +0800] "GET /xingrg/javascript/jquery_ui/themes/humanity/images/ui-icons_c47a23_256x240.png HTTP/1.1" 304 -
61.170.235.74 - - [14/Jan/2023:09:28:43 +0800] "GET /xingrg/javascript/jquery_ui/themes/humanity/images/ui-bg_glass_70_ede4d4_1x400.png HTTP/1.1" 304 -
61.170.235.74 - - [14/Jan/2023:09:28:43 +0800] "GET /xingrg/images/yd/bt.gif HTTP/1.1" 404 1040
61.170.235.74 - - [14/Jan/2023:09:28:44 +0800] "GET /xingrg/css/base.css HTTP/1.1" 304 -
61.170.235.74 - - [14/Jan/2023:09:28:44 +0800] "GET /xingrg/css/site.css HTTP/1.1" 304 -
61.170.235.74 - - [14/Jan/2023:09:28:44 +0800] "GET /xingrg/javascript/jquery_tools/datebox.css HTTP/1.1" 304 -
61.170.235.74 - - [14/Jan/2023:09:28:44 +0800] "GET /xingrg/javascript/easyui/themes/default/easyui.css HTTP/1.1" 304 -
61.170.235.74 - - [14/Jan/2023:09:28:44 +0800] "GET /xingrg/javascript/easyui/themes/icon.css HTTP/1.1" 304 -
61.170.235.74 - - [14/Jan/2023:09:28:44 +0800] "GET /xingrg/javascript/auto/jquery.autocomplete.css HTTP/1.1" 304 -
61.170.235.74 - - [14/Jan/2023:09:28:44 +0800] "GET /xingrg/javascript/jquery_tools/fix.css HTTP/1.1" 304 -
61.170.235.74 - - [14/Jan/2023:09:28:44 +0800] "GET /xingrg/javascript/jquery_tools/table.css HTTP/1.1" 304 -
61.170.235.74 - - [14/Jan/2023:09:28:44 +0800] "GET /xingrg/javascript/jquery_tools/jquery.tools.extend.js HTTP/1.1" 304 -
61.170.235.74 - - [14/Jan/2023:09:28:44 +0800] "GET /xingrg/kc/buy/cgsh_order_list.html HTTP/1.1" 200 53920
61.170.235.74 - - [14/Jan/2023:09:28:44 +0800] "GET /xingrg/javascript/jquery_tools/jquery.tools.hotkey.js HTTP/1.1" 304 -
61.170.235.74 - - [14/Jan/2023:09:28:44 +0800] "GET /xingrg/javascript/jquery_tools/jquery.tools.table.js HTTP/1.1" 304 -
61.170.235.74 - - [14/Jan/2023:09:28:44 +0800] "GET /xingrg/javascript/jquery_tools/list_manager.js HTTP/1.1" 304 -
61.170.235.74 - - [14/Jan/2023:09:28:44 +0800] "GET /xingrg/javascript/auto/jquery.autocomplete.js HTTP/1.1" 304 -
61.170.235.74 - - [14/Jan/2023:09:28:44 +0800] "GET /xingrg/javascript/easyui/easyloader.js HTTP/1.1" 304 -
61.170.235.74 - - [14/Jan/2023:09:28:44 +0800] "GET /xingrg/javascript/jquery.cookie.js HTTP/1.1" 304 -
61.170.235.74 - - [14/Jan/2023:09:28:44 +0800] "GET /xingrg/javascript/print/LodopFuncs.js HTTP/1.1" 304 -
61.170.235.74 - - [14/Jan/2023:09:28:44 +0800] "GET /xingrg/javascript/jquery_tools/jquery.tools.min.js HTTP/1.1" 304 -
61.170.235.74 - - [14/Jan/2023:09:28:45 +0800] "GET /xingrg/javascript/easyui/themes/icons/import_new.png HTTP/1.1" 304 -
61.170.235.74 - - [14/Jan/2023:09:28:45 +0800] "GET /xingrg/javascript/easyui/themes/icons/check_new.png HTTP/1.1" 304 -
61.170.235.74 - - [14/Jan/2023:09:28:45 +0800] "GET /xingrg/javascript/easyui/themes/icons/field_new.png HTTP/1.1" 304 -
61.170.235.74 - - [14/Jan/2023:09:28:45 +0800] "GET /xingrg/javascript/easyui/themes/icons/cance_new.png HTTP/1.1" 304 -
61.170.235.74 - - [14/Jan/2023:09:28:45 +0800] "GET /xingrg/javascript/easyui/themes/icons/edit_add_new.png HTTP/1.1" 304 -
61.170.235.74 - - [14/Jan/2023:09:28:45 +0800] "GET /xingrg/javascript/easyui/plugins/jquery.parser.js HTTP/1.1" 304 -
61.170.235.74 - - [14/Jan/2023:09:28:45 +0800] "GET /xingrg/images/control/ajaxLoader.gif HTTP/1.1" 304 -
222.70.177.10 - - [14/Jan/2023:09:28:48 +0800] "POST /xingrg/kc/buy/cgsh_order_operate.html HTTP/1.1" 200 37
61.170.235.74 - - [14/Jan/2023:09:28:48 +0800] "POST /xingrg/kc/buy/cgsh_list_operate.html HTTP/1.1" 200 986
58.40.7.146 - - [14/Jan/2023:09:28:49 +0800] "GET /xingrg/all/function/internal_message.html?_=1673659745813&CODE_STATE=getMsg HTTP/1.1" 200 27
61.170.235.74 - - [14/Jan/2023:09:28:49 +0800] "GET /xingrg/javascript/easyui/themes/default/images/button_plain_hover.png HTTP/1.1" 304 -
61.170.235.74 - - [14/Jan/2023:09:28:50 +0800] "GET /xingrg/javascript/jquery_tools/order_manager.js HTTP/1.1" 304 -
61.170.235.74 - - [14/Jan/2023:09:28:50 +0800] "GET /xingrg/javascript/convert.js HTTP/1.1" 304 -
61.170.235.74 - - [14/Jan/2023:09:28:50 +0800] "GET /xingrg/javascript/json2.js HTTP/1.1" 304 -
61.170.235.74 - - [14/Jan/2023:09:28:50 +0800] "GET /xingrg/javascript/print/kc_print.js HTTP/1.1" 304 -
61.170.235.74 - - [14/Jan/2023:09:28:50 +0800] "GET /xingrg/kc/buy/cgsh_order_add.html HTTP/1.1" 200 69695
61.170.235.74 - - [14/Jan/2023:09:28:50 +0800] "GET /xingrg/words/20230113132623_words.js HTTP/1.1" 200 944041
61.170.235.74 - - [14/Jan/2023:09:28:50 +0800] "GET /xingrg/javascript/easyui/themes/icons/ok.png HTTP/1.1" 200 883
61.170.235.74 - - [14/Jan/2023:09:28:50 +0800] "GET /xingrg/javascript/easyui/themes/icons/template_new.png HTTP/1.1" 200 3956
61.170.235.74 - - [14/Jan/2023:09:28:50 +0800] "GET /xingrg/javascript/easyui/themes/icons/copy_new.png HTTP/1.1" 304 -
61.170.235.74 - - [14/Jan/2023:09:28:50 +0800] "GET /xingrg/javascript/easyui/themes/icons/print.png HTTP/1.1" 304 -
61.170.235.74 - - [14/Jan/2023:09:28:50 +0800] "GET /xingrg/javascript/easyui/themes/default/images/menu_downarrow.png HTTP/1.1" 304 -
61.170.235.74 - - [14/Jan/2023:09:28:50 +0800] "GET /xingrg/javascript/easyui/themes/icons/cancel.png HTTP/1.1" 304 -
222.70.177.10 - - [14/Jan/2023:09:28:51 +0800] "POST /xingrg/kc/buy/cgsh_order_operate.html HTTP/1.1" 200 8604
61.170.235.74 - - [14/Jan/2023:09:28:51 +0800] "GET /xingrg/javascript/easyui/themes/default/validatebox.css HTTP/1.1" 404 1104
61.170.235.74 - - [14/Jan/2023:09:28:51 +0800] "GET /xingrg/all/common/auto_word.html?type=employee&rest_code=00106 HTTP/1.1" 200 205
61.170.235.74 - - [14/Jan/2023:09:28:51 +0800] "GET /xingrg/javascript/easyui/plugins/jquery.validatebox.js HTTP/1.1" 304 -
61.170.235.74 - - [14/Jan/2023:09:28:51 +0800] "GET /xingrg/all/common/auto_word.html?type=employee&rest_code=00106 HTTP/1.1" 200 205
61.170.235.74 - - [14/Jan/2023:09:28:51 +0800] "GET /xingrg/javascript/easyui/plugins/jquery.numberbox.js HTTP/1.1" 304 -
61.170.235.74 - - [14/Jan/2023:09:28:51 +0800] "POST /xingrg/kc/buy/cgsh_order_operate.html HTTP/1.1" 200 8245
61.170.235.74 - - [14/Jan/2023:09:28:51 +0800] "GET /xingrg/javascript/easyui/themes/icons/edit_remove.png HTTP/1.1" 304 -
116.235.244.242 - - [14/Jan/2023:09:28:52 +0800] "POST /xingrg/services/DataTransmitService HTTP/1.1" 200 524
61.170.235.74 - - [14/Jan/2023:09:28:52 +0800] "GET /xingrg/javascript/easyui/plugins/jquery.draggable.js HTTP/1.1" 200 6121
222.70.177.10 - - [14/Jan/2023:09:28:52 +0800] "GET /xingrg/kc/print/load_config.html?kc_code=cgsh HTTP/1.1" 200 1943
61.170.235.74 - - [14/Jan/2023:09:28:52 +0800] "GET /xingrg/css/images/panel_loading.gif HTTP/1.1" 200 1737
61.170.235.74 - - [14/Jan/2023:09:28:52 +0800] "GET /xingrg/javascript/easyui/plugins/jquery.droppable.js HTTP/1.1" 200 1167
61.170.235.74 - - [14/Jan/2023:09:28:52 +0800] "GET /xingrg/javascript/easyui/themes/default/tree.css HTTP/1.1" 404 1090
61.170.235.74 - - [14/Jan/2023:09:28:52 +0800] "GET /xingrg/javascript/easyui/plugins/jquery.tree.js HTTP/1.1" 200 20874
222.70.177.10 - - [14/Jan/2023:09:28:52 +0800] "GET /xingrg/kc/print/load_data.html?order_code=212023011404013&kc_code=cgsh&condition= HTTP/1.1" 200 3013
61.170.235.74 - - [14/Jan/2023:09:28:52 +0800] "POST /xingrg/all/common/load_tree.html?tree=supplier_tree_json&isDelete=1 HTTP/1.1" 200 70488
61.170.235.74 - - [14/Jan/2023:09:28:53 +0800] "GET /xingrg/javascript/easyui/themes/default/images/tree_folder_open.gif HTTP/1.1" 200 956
61.170.235.74 - - [14/Jan/2023:09:28:53 +0800] "GET /xingrg/javascript/easyui/themes/default/images/tree_arrows.gif HTTP/1.1" 200 617
61.170.235.74 - - [14/Jan/2023:09:28:53 +0800] "GET /xingrg/javascript/easyui/themes/default/images/tree_folder.gif HTTP/1.1" 200 952
61.170.235.74 - - [14/Jan/2023:09:28:53 +0800] "GET /xingrg/javascript/easyui/themes/default/images/tree_file.gif HTTP/1.1" 200 118
116.230.105.139 - - [14/Jan/2023:09:28:57 +0800] "GET /xingrg/all/function/internal_message.html?_=1673659694512&CODE_STATE=getMsg HTTP/1.1" 200 27
222.70.177.10 - - [14/Jan/2023:09:28:59 +0800] "GET /xingrg/kc/buy/cgsh_order_add.html HTTP/1.1" 200 69657
116.235.244.242 - - [14/Jan/2023:09:28:59 +0800] "GET /xingrg/all/function/internal_message.html?_=1673659777436&CODE_STATE=getMsg HTTP/1.1" 200 27
222.70.177.10 - - [14/Jan/2023:09:28:59 +0800] "POST /xingrg/kc/buy/cgsh_order_operate.html HTTP/1.1" 200 8245
222.70.177.10 - - [14/Jan/2023:09:28:59 +0800] "GET /xingrg/javascript/easyui/themes/default/validatebox.css HTTP/1.1" 404 1104
120.253.135.82 - - [14/Jan/2023:09:29:01 +0800] "GET /xingrg/all/function/internal_message.html?_=1673659571894&CODE_STATE=getMsg HTTP/1.1" 200 27
58.40.7.146 - - [14/Jan/2023:09:29:06 +0800] "GET /xingrg/check_reg.html?_=1673659762799 HTTP/1.1" 200 22
221.239.170.112 - - [14/Jan/2023:09:29:06 +0800] "GET /xingrg/all/function/internal_message.html?_=1673659758661&CODE_STATE=getMsg HTTP/1.1" 200 27
61.170.235.74 - - [14/Jan/2023:09:29:10 +0800] "GET /xingrg/javascript/auto/indicator.gif HTTP/1.1" 404 1066
222.70.177.10 - - [14/Jan/2023:09:29:11 +0800] "GET /xingrg/kc/buy/cgsh_order_operate.html?command=get_materiel&rest_code=00111&code=00101008087&supplier_code=00100005&order_time=2023-01-14 HTTP/1.1" 200 412
101.83.145.75 - - [14/Jan/2023:09:29:12 +0800] "GET /xingrg/all/function/internal_message.html?_=1673659773033&CODE_STATE=getMsg HTTP/1.1" 200 27
116.238.139.35 - - [14/Jan/2023:09:29:15 +0800] "GET /xingrg/all/function/internal_message.html?_=1673659774394&CODE_STATE=getMsg HTTP/1.1" 200 27
120.253.135.82 - - [14/Jan/2023:09:29:17 +0800] "GET /xingrg/kc/pszx/mdqp_order_list.html?state=10 HTTP/1.1" 200 10275
120.253.135.82 - - [14/Jan/2023:09:29:17 +0800] "GET /xingrg/dwr/interface/AjaxQqpsService.js HTTP/1.1" 200 16326
120.253.135.82 - - [14/Jan/2023:09:29:17 +0800] "GET /xingrg/dwr/interface/AjaxReportQueryService.js HTTP/1.1" 200 13203
120.253.135.82 - - [14/Jan/2023:09:29:17 +0800] "GET /xingrg/dwr/engine.js HTTP/1.1" 200 43631
61.170.235.74 - - [14/Jan/2023:09:29:19 +0800] "GET /xingrg/kc/buy/cgsh_order_operate.html?command=get_materiel&rest_code=00106&code=00101008091&supplier_code=00100007&order_time=2023-01-14 HTTP/1.1" 200 412
221.239.170.112 - - [14/Jan/2023:09:29:20 +0800] "GET /xingrg/check_reg.html?_=1673659772453 HTTP/1.1" 200 22
222.70.177.10 - - [14/Jan/2023:09:29:21 +0800] "GET /xingrg/kc/buy/cgsh_order_operate.html?command=get_materiel&rest_code=00111&code=00101008148&supplier_code=00100005&order_time=2023-01-14 HTTP/1.1" 200 416
116.235.93.82 - - [14/Jan/2023:09:29:21 +0800] "GET /xingrg/all/function/internal_message.html?_=1673660012230&CODE_STATE=getMsg HTTP/1.1" 200 27
116.192.124.172 - - [14/Jan/2023:09:29:21 +0800] "GET /xingrg/all/function/internal_message.html?_=1673659777884&CODE_STATE=getMsg HTTP/1.1" 302 -
120.253.135.82 - - [14/Jan/2023:09:29:24 +0800] "GET /xingrg/kc/buy/cgth_order_list.html HTTP/1.1" 200 53323
120.253.135.82 - - [14/Jan/2023:09:29:24 +0800] "POST /xingrg/kc/buy/cgth_list_operate.html HTTP/1.1" 200 1035
120.253.135.82 - - [14/Jan/2023:09:29:27 +0800] "GET /xingrg/dwr/interface/AjaxComOrderService.js HTTP/1.1" 200 18264
120.253.135.82 - - [14/Jan/2023:09:29:27 +0800] "GET /xingrg/dwr/interface/AjaxCgthService.js HTTP/1.1" 200 14519
120.253.135.82 - - [14/Jan/2023:09:29:27 +0800] "GET /xingrg/kc/buy/cgth_order_add.html HTTP/1.1" 200 71024
120.253.135.82 - - [14/Jan/2023:09:29:27 +0800] "GET /xingrg/dwr/engine.js HTTP/1.1" 200 43631
120.253.135.82 - - [14/Jan/2023:09:29:27 +0800] "GET /xingrg/javascript/jquery_easy_ui/themes/default/images/validatebox_warning.png HTTP/1.1" 200 921
120.253.135.82 - - [14/Jan/2023:09:29:27 +0800] "GET /xingrg/javascript/jquery_easy_ui/themes/default/images/validatebox_pointer.gif HTTP/1.1" 200 82
120.253.135.82 - - [14/Jan/2023:09:29:28 +0800] "POST /xingrg/all/common/load_tree.html?tree=supplier_tree_json&isDelete=1 HTTP/1.1" 200 70488
222.70.177.10 - - [14/Jan/2023:09:29:33 +0800] "GET /xingrg/kc/buy/cgsh_order_operate.html?command=get_materiel&rest_code=00111&code=00101008096&supplier_code=00100005&order_time=2023-01-14 HTTP/1.1" 200 412
114.83.219.41 - - [14/Jan/2023:09:29:34 +0800] "GET /xingrg/login.html?sysBaseUrl=http%3A%2F%2F180.169.147.146%3A18081%2Fxingrg%2F&costTime=31×tamp=1615347190560 HTTP/1.1" 200 7641
222.70.177.10 - - [14/Jan/2023:09:29:34 +0800] "GET /xingrg/all/function/internal_message.html?_=1673659788734&CODE_STATE=getMsg HTTP/1.1" 200 27
114.83.219.41 - - [14/Jan/2023:09:29:34 +0800] "GET /favicon.ico HTTP/1.1" 404 -
114.83.219.41 - - [14/Jan/2023:09:29:36 +0800] "POST /xingrg/login.do HTTP/1.1" 302 -
114.83.219.41 - - [14/Jan/2023:09:29:36 +0800] "GET /xingrg/index.html?sysBaseUrl=http%3A%2F%2F180.169.147.146%3A18081%2Fxingrg%2F&costTime=51×tamp=1673659776466 HTTP/1.1" 200 17179
114.83.219.41 - - [14/Jan/2023:09:29:36 +0800] "GET /favicon.ico HTTP/1.1" 404 -
114.83.219.41 - - [14/Jan/2023:09:29:36 +0800] "POST /xingrg/all/common/load_tree.html?tree=area_rest_tree_json&manage=1 HTTP/1.1" 200 351
114.83.219.41 - - [14/Jan/2023:09:29:36 +0800] "GET /xingrg/all/function/internal_message.html?_=1673659793359&CODE_STATE=count HTTP/1.1" 200 11
114.83.219.41 - - [14/Jan/2023:09:29:36 +0800] "POST /xingrg/load_menu.html HTTP/1.1" 200 5138
114.83.219.41 - - [14/Jan/2023:09:29:36 +0800] "GET /xingrg/check_reg.html?_=1673659793360 HTTP/1.1" 200 22
61.170.235.74 - - [14/Jan/2023:09:29:40 +0800] "GET /xingrg/all/function/internal_message.html?_=1673659797238&CODE_STATE=getMsg HTTP/1.1" 200 27
222.70.177.10 - - [14/Jan/2023:09:29:42 +0800] "GET /xingrg/kc/buy/cgsh_order_operate.html?command=get_materiel&rest_code=00111&code=00101008283&supplier_code=00100005&order_time=2023-01-14 HTTP/1.1" 200 408
120.253.135.82 - - [14/Jan/2023:09:29:46 +0800] "POST /xingrg/dwr/call/plaincall/AjaxCgthService.saveOrder.dwr HTTP/1.1" 200 78
120.253.135.82 - - [14/Jan/2023:09:29:47 +0800] "GET /xingrg/images/yd/bt.gif HTTP/1.1" 404 1040
58.40.7.146 - - [14/Jan/2023:09:29:49 +0800] "GET /xingrg/all/function/internal_message.html?_=1673659805795&CODE_STATE=getMsg HTTP/1.1" 200 27
61.170.235.74 - - [14/Jan/2023:09:29:50 +0800] "GET /xingrg/kc/buy/cgsh_order_operate.html?command=get_materiel&rest_code=00106&code=00101008234&supplier_code=00100007&order_time=2023-01-14 HTTP/1.1" 200 408
120.253.135.82 - - [14/Jan/2023:09:29:51 +0800] "POST /xingrg/dwr/call/plaincall/AjaxComOrderService.getMaterielSearchList.dwr HTTP/1.1" 200 593639
120.253.135.82 - - [14/Jan/2023:09:29:52 +0800] "POST /xingrg/dwr/call/plaincall/AjaxComOrderService.getMaterielSearchList.dwr HTTP/1.1" 200 21688
120.253.135.82 - - [14/Jan/2023:09:29:54 +0800] "POST /xingrg/dwr/call/plaincall/AjaxComOrderService.getMaterielSearchList.dwr HTTP/1.1" 200 723
120.253.135.82 - - [14/Jan/2023:09:29:54 +0800] "POST /xingrg/dwr/call/plaincall/AjaxComOrderService.getMaterielSearchList.dwr HTTP/1.1" 200 723
222.70.177.10 - - [14/Jan/2023:09:29:57 +0800] "GET /xingrg/kc/buy/cgsh_order_operate.html?command=get_materiel&rest_code=00111&code=00101008091&supplier_code=00100005&order_time=2023-01-14 HTTP/1.1" 200 413
116.230.105.139 - - [14/Jan/2023:09:29:57 +0800] "GET /xingrg/all/function/internal_message.html?_=1673659754491&CODE_STATE=getMsg HTTP/1.1" 200 27
116.235.244.242 - - [14/Jan/2023:09:29:59 +0800] "GET /xingrg/all/function/internal_message.html?_=1673659837440&CODE_STATE=getMsg HTTP/1.1" 200 27
116.235.244.242 - - [14/Jan/2023:09:30:01 +0800] "POST /xingrg/services/DataTransmitService HTTP/1.1" 200 501
120.253.135.82 - - [14/Jan/2023:09:30:01 +0800] "GET /xingrg/all/function/internal_message.html?_=1673659631935&CODE_STATE=getMsg HTTP/1.1" 200 27
116.235.244.242 - - [14/Jan/2023:09:30:01 +0800] "POST /xingrg/services/DataTransmitService HTTP/1.1" 200 501
61.170.235.74 - - [14/Jan/2023:09:30:02 +0800] "GET /xingrg/kc/buy/cgsh_order_operate.html?command=get_materiel&rest_code=00106&code=00101008337&supplier_code=00100007&order_time=2023-01-14 HTTP/1.1" 200 424
114.83.219.41 - - [14/Jan/2023:09:30:03 +0800] "GET /xingrg/kc/buy/cgsh_order_list.html HTTP/1.1" 200 53926
120.253.135.82 - - [14/Jan/2023:09:30:03 +0800] "POST /xingrg/dwr/call/plaincall/AjaxCgthService.getMaterielByMap.dwr HTTP/1.1" 200 1758
116.235.244.242 - - [14/Jan/2023:09:30:04 +0800] "POST /xingrg/services/DataTransmitService HTTP/1.1" 200 501
114.83.219.41 - - [14/Jan/2023:09:30:05 +0800] "POST /xingrg/kc/buy/cgsh_list_operate.html HTTP/1.1" 200 986
116.235.244.242 - - [14/Jan/2023:09:30:06 +0800] "POST /xingrg/services/DataTransmitService HTTP/1.1" 200 501
221.239.170.112 - - [14/Jan/2023:09:30:06 +0800] "GET /xingrg/all/function/internal_message.html?_=1673659818633&CODE_STATE=getMsg HTTP/1.1" 200 27
222.70.177.10 - - [14/Jan/2023:09:30:06 +0800] "GET /xingrg/kc/buy/cgsh_order_operate.html?command=get_materiel&rest_code=00111&code=00101008155&supplier_code=00100005&order_time=2023-01-14 HTTP/1.1" 200 408
