114.84.81.136 - - [14/Jan/2023:10:45:20 +0800] "POST /xingrg/all/report/load_report_page.html HTTP/1.1" 200 54486
114.84.81.136 - - [14/Jan/2023:10:45:21 +0800] "GET /xingrg/servlets/image?cache=0.7792205383698322&image=px HTTP/1.1" 200 807
172.20.0.100 - - [14/Jan/2023:10:45:21 +0800] "GET /xingrg/javascript/jquery_easy_ui/themes/icons/manage.png HTTP/1.1" 200 696
172.20.0.100 - - [14/Jan/2023:10:45:21 +0800] "GET /xingrg/javascript/jquery_easy_ui/themes/icons/rest.png HTTP/1.1" 200 695
116.192.124.172 - - [14/Jan/2023:10:45:22 +0800] "GET /xingrg/all/function/internal_message.html?_=1673664337888&CODE_STATE=getMsg HTTP/1.1" 302 -
101.83.145.75 - - [14/Jan/2023:10:45:23 +0800] "POST /xingrg/services/DataTransmitService HTTP/1.1" 200 524
101.83.145.75 - - [14/Jan/2023:10:45:24 +0800] "POST /xingrg/services/DataTransmitService HTTP/1.1" 200 2407
101.83.145.75 - - [14/Jan/2023:10:45:25 +0800] "POST /xingrg/services/DataTransmitService HTTP/1.1" 200 185376
222.70.177.10 - - [14/Jan/2023:10:45:35 +0800] "GET /xingrg/all/function/internal_message.html?_=1673664348852&CODE_STATE=getMsg HTTP/1.1" 200 27
114.84.81.136 - - [14/Jan/2023:10:45:36 +0800] "GET /xingrg/all/function/internal_message.html?_=1673664354630&CODE_STATE=getMsg HTTP/1.1" 200 27
114.83.219.41 - - [14/Jan/2023:10:45:37 +0800] "GET /xingrg/all/function/internal_message.html?_=1673664353636&CODE_STATE=getMsg HTTP/1.1" 200 27
61.170.235.74 - - [14/Jan/2023:10:45:37 +0800] "POST /xingrg/kc/buy/cgsh_order_operate.html HTTP/1.1" 200 37
114.84.81.136 - - [14/Jan/2023:10:45:38 +0800] "GET /xingrg/check_reg.html?_=1673664364038 HTTP/1.1" 200 22
114.84.81.136 - - [14/Jan/2023:10:45:38 +0800] "GET /xingrg/all/function/internal_message.html?_=1673664364039&CODE_STATE=getMsg HTTP/1.1" 200 27
114.84.81.136 - - [14/Jan/2023:10:45:39 +0800] "POST /xingrg/kc/buy/cgsh_list_operate.html HTTP/1.1" 200 4
61.170.235.74 - - [14/Jan/2023:10:45:44 +0800] "POST /xingrg/kc/buy/cgsh_order_operate.html HTTP/1.1" 200 3841
58.40.7.146 - - [14/Jan/2023:10:45:47 +0800] "GET /xingrg/all/function/internal_message.html?_=1673664364428&CODE_STATE=getMsg HTTP/1.1" 200 27
114.84.81.136 - - [14/Jan/2023:10:45:48 +0800] "POST /xingrg/kc/buy/cgsh_list_operate.html HTTP/1.1" 200 2710
114.84.81.136 - - [14/Jan/2023:10:45:50 +0800] "GET /xingrg/check_reg.html?_=1673664368446 HTTP/1.1" 200 22
61.170.235.74 - - [14/Jan/2023:10:45:50 +0800] "POST /xingrg/kc/buy/cgsh_order_operate.html HTTP/1.1" 200 37
61.170.235.74 - - [14/Jan/2023:10:45:55 +0800] "POST /xingrg/kc/buy/cgsh_order_operate.html HTTP/1.1" 200 12
61.170.235.74 - - [14/Jan/2023:10:45:56 +0800] "GET /xingrg/kc/buy/cgsh_order_info.html?code=212023011404049 HTTP/1.1" 200 64598
61.170.235.74 - - [14/Jan/2023:10:45:56 +0800] "GET /xingrg/javascript/easyui/themes/default/validatebox.css HTTP/1.1" 404 1104
116.230.105.139 - - [14/Jan/2023:10:45:57 +0800] "GET /xingrg/check_reg.html?_=1673664314500 HTTP/1.1" 200 22
61.170.235.74 - - [14/Jan/2023:10:45:57 +0800] "POST /xingrg/kc/buy/cgsh_order_operate.html HTTP/1.1" 200 1791
116.230.105.139 - - [14/Jan/2023:10:45:57 +0800] "GET /xingrg/all/function/internal_message.html?_=1673664314582&CODE_STATE=getMsg HTTP/1.1" 200 27
61.170.235.74 - - [14/Jan/2023:10:46:00 +0800] "GET /xingrg/kc/print/load_data.html?order_code=212023011404049&kc_code=cgsh&condition= HTTP/1.1" 200 1222
114.84.81.136 - - [14/Jan/2023:10:46:02 +0800] "GET /xingrg/all/function/internal_message.html?_=1673664381329&CODE_STATE=getMsg HTTP/1.1" 200 27
221.239.170.112 - - [14/Jan/2023:10:46:05 +0800] "GET /xingrg/all/function/internal_message.html?_=1673664377584&CODE_STATE=getMsg HTTP/1.1" 200 27
61.170.235.74 - - [14/Jan/2023:10:46:06 +0800] "GET /xingrg/all/function/internal_message.html?_=1673664383179&CODE_STATE=getMsg HTTP/1.1" 200 27
116.192.124.172 - - [14/Jan/2023:10:46:09 +0800] "GET /xingrg/check_reg.html?_=1673664385504 HTTP/1.1" 302 -
172.20.0.100 - - [14/Jan/2023:10:46:10 +0800] "GET /xingrg/all/function/internal_message.html?_=1673664386074&CODE_STATE=getMsg HTTP/1.1" 200 27
101.83.145.75 - - [14/Jan/2023:10:46:10 +0800] "GET /xingrg/all/function/internal_message.html?_=1673664391144&CODE_STATE=getMsg HTTP/1.1" 200 27
116.235.244.242 - - [14/Jan/2023:10:46:14 +0800] "GET /xingrg/all/function/internal_message.html?_=1673664412727&CODE_STATE=getMsg HTTP/1.1" 200 27
116.238.139.35 - - [14/Jan/2023:10:46:15 +0800] "GET /xingrg/all/function/internal_message.html?_=1673664394066&CODE_STATE=getMsg HTTP/1.1" 200 27
61.170.235.74 - - [14/Jan/2023:10:46:16 +0800] "GET /xingrg/all/function/internal_message.html?_=1673664393233&CODE_STATE=getMsg HTTP/1.1" 200 27
61.170.235.74 - - [14/Jan/2023:10:46:16 +0800] "GET /xingrg/check_reg.html?_=1673664393360 HTTP/1.1" 200 22
61.170.235.74 - - [14/Jan/2023:10:46:18 +0800] "GET /xingrg/kc/buy/buy_main.html HTTP/1.1" 200 12412
61.170.235.74 - - [14/Jan/2023:10:46:18 +0800] "GET /xingrg/css/new_ie.css HTTP/1.1" 404 1036
61.170.235.74 - - [14/Jan/2023:10:46:19 +0800] "GET /xingrg/images/yd/bt.gif HTTP/1.1" 404 1040
116.235.93.82 - - [14/Jan/2023:10:46:19 +0800] "GET /xingrg/all/function/internal_message.html?_=1673664630445&CODE_STATE=getMsg HTTP/1.1" 200 27
61.170.235.74 - - [14/Jan/2023:10:46:20 +0800] "GET /xingrg/kc/buy/cgsh_order_list.html HTTP/1.1" 200 53920
61.170.235.74 - - [14/Jan/2023:10:46:21 +0800] "POST /xingrg/kc/buy/cgsh_list_operate.html HTTP/1.1" 200 986
116.192.124.172 - - [14/Jan/2023:10:46:22 +0800] "GET /xingrg/all/function/internal_message.html?_=1673664397895&CODE_STATE=getMsg HTTP/1.1" 302 -
61.170.235.74 - - [14/Jan/2023:10:46:23 +0800] "GET /xingrg/kc/base/base_main.html HTTP/1.1" 200 12142
61.170.235.74 - - [14/Jan/2023:10:46:23 +0800] "GET /xingrg/images/blue/button/wlsy.gif HTTP/1.1" 200 2536
61.170.235.74 - - [14/Jan/2023:10:46:23 +0800] "GET /xingrg/images/blue/button/ckdb.gif HTTP/1.1" 200 1950
61.170.235.74 - - [14/Jan/2023:10:46:23 +0800] "GET /xingrg/images/blue/button/left_ah.jpg HTTP/1.1" 200 1643
61.170.235.74 - - [14/Jan/2023:10:46:23 +0800] "GET /xingrg/images/blue/button/ckpd.gif HTTP/1.1" 200 2051
61.170.235.74 - - [14/Jan/2023:10:46:23 +0800] "GET /xingrg/images/blue/button/yddb.gif HTTP/1.1" 200 2040
61.170.235.74 - - [14/Jan/2023:10:46:23 +0800] "GET /xingrg/images/blue/button/top_left.jpg HTTP/1.1" 200 1632
61.170.235.74 - - [14/Jan/2023:10:46:23 +0800] "GET /xingrg/images/blue/button/down.jpg HTTP/1.1" 200 1560
61.170.235.74 - - [14/Jan/2023:10:46:23 +0800] "GET /xingrg/images/blue/button/top_right.jpg HTTP/1.1" 200 1708
61.170.235.74 - - [14/Jan/2023:10:46:23 +0800] "GET /xingrg/images/blue/button/bottom_left.jpg HTTP/1.1" 200 1524
61.170.235.74 - - [14/Jan/2023:10:46:23 +0800] "GET /xingrg/images/blue/button/bottom_right.jpg HTTP/1.1" 200 1436
61.170.235.74 - - [14/Jan/2023:10:46:24 +0800] "GET /xingrg/kc/base/wldb_order_list.html HTTP/1.1" 200 19139
61.170.235.74 - - [14/Jan/2023:10:46:24 +0800] "POST /xingrg/kc/base/wldb_list_operate.html HTTP/1.1" 200 928
222.70.177.10 - - [14/Jan/2023:10:46:35 +0800] "GET /xingrg/all/function/internal_message.html?_=1673664408851&CODE_STATE=getMsg HTTP/1.1" 200 27
116.235.244.242 - - [14/Jan/2023:10:46:35 +0800] "GET /xingrg/check_reg.html?_=1673664434055 HTTP/1.1" 200 22
114.84.81.136 - - [14/Jan/2023:10:46:36 +0800] "GET /xingrg/all/function/internal_message.html?_=1673664414636&CODE_STATE=getMsg HTTP/1.1" 200 27
61.170.235.74 - - [14/Jan/2023:10:46:36 +0800] "POST /xingrg/services/DataTransmitService HTTP/1.1" 200 524
114.83.219.41 - - [14/Jan/2023:10:46:37 +0800] "GET /xingrg/all/function/internal_message.html?_=1673664413637&CODE_STATE=getMsg HTTP/1.1" 200 27
61.170.235.74 - - [14/Jan/2023:10:46:37 +0800] "POST /xingrg/services/DataTransmitService HTTP/1.1" 200 501
61.170.235.74 - - [14/Jan/2023:10:46:37 +0800] "POST /xingrg/services/DataTransmitService HTTP/1.1" 200 501
61.170.235.74 - - [14/Jan/2023:10:46:38 +0800] "POST /xingrg/services/DataTransmitService HTTP/1.1" 200 501
61.170.235.74 - - [14/Jan/2023:10:46:38 +0800] "POST /xingrg/services/DataTransmitService HTTP/1.1" 200 501
61.170.235.74 - - [14/Jan/2023:10:46:38 +0800] "POST /xingrg/services/DataTransmitService HTTP/1.1" 200 501
114.84.81.136 - - [14/Jan/2023:10:46:38 +0800] "GET /xingrg/all/function/internal_message.html?_=1673664424025&CODE_STATE=getMsg HTTP/1.1" 200 27
61.170.235.74 - - [14/Jan/2023:10:46:39 +0800] "POST /xingrg/services/DataTransmitService HTTP/1.1" 200 501
61.170.235.74 - - [14/Jan/2023:10:46:39 +0800] "POST /xingrg/services/DataTransmitService HTTP/1.1" 200 412
58.40.7.146 - - [14/Jan/2023:10:46:47 +0800] "GET /xingrg/all/function/internal_message.html?_=1673664424406&CODE_STATE=getMsg HTTP/1.1" 200 27
61.170.235.74 - - [14/Jan/2023:10:46:48 +0800] "GET /xingrg/kc/base/wldb_order_add.html HTTP/1.1" 200 30422
61.170.235.74 - - [14/Jan/2023:10:46:48 +0800] "POST /xingrg/kc/base/wldb_order_operate.html HTTP/1.1" 200 6806
61.170.235.74 - - [14/Jan/2023:10:46:48 +0800] "GET /xingrg/all/common/auto_word.html?type=base&rest_code=00106 HTTP/1.1" 200 1799
61.170.235.74 - - [14/Jan/2023:10:46:48 +0800] "GET /xingrg/all/common/auto_word.html?type=base&rest_code=00106 HTTP/1.1" 200 1799
61.170.235.74 - - [14/Jan/2023:10:46:48 +0800] "GET /xingrg/javascript/easyui/themes/default/validatebox.css HTTP/1.1" 404 1104
61.170.235.74 - - [14/Jan/2023:10:46:50 +0800] "POST /xingrg/all/common/load_combo.html?type=base HTTP/1.1" 200 3227
116.230.105.139 - - [14/Jan/2023:10:46:52 +0800] "GET /xingrg/kc/mdqp/pssh_order_list.html HTTP/1.1" 200 17889
116.230.105.139 - - [14/Jan/2023:10:46:53 +0800] "POST /xingrg/kc/mdqp/pssh_list_operate.html HTTP/1.1" 200 9146
61.170.235.74 - - [14/Jan/2023:10:46:55 +0800] "POST /xingrg/all/common/load_combo.html?type=base HTTP/1.1" 200 3227
116.230.105.139 - - [14/Jan/2023:10:46:56 +0800] "GET /xingrg/kc/base/yddb_order_list.html HTTP/1.1" 200 16751
116.230.105.139 - - [14/Jan/2023:10:46:56 +0800] "POST /xingrg/kc/base/yddb_list_operate.html HTTP/1.1" 200 636
116.230.105.139 - - [14/Jan/2023:10:46:57 +0800] "GET /xingrg/all/function/internal_message.html?_=1673664374565&CODE_STATE=getMsg HTTP/1.1" 200 27
116.230.105.139 - - [14/Jan/2023:10:46:58 +0800] "POST /xingrg/kc/base/yddb_list_operate.html HTTP/1.1" 200 7032
114.84.81.136 - - [14/Jan/2023:10:47:02 +0800] "GET /xingrg/all/function/internal_message.html?_=1673664441299&CODE_STATE=getMsg HTTP/1.1" 200 27
221.239.170.112 - - [14/Jan/2023:10:47:05 +0800] "GET /xingrg/all/function/internal_message.html?_=1673664437564&CODE_STATE=getMsg HTTP/1.1" 200 27
61.170.235.74 - - [14/Jan/2023:10:47:06 +0800] "GET /xingrg/all/function/internal_message.html?_=1673664443179&CODE_STATE=getMsg HTTP/1.1" 200 27
61.170.235.74 - - [14/Jan/2023:10:47:09 +0800] "GET /xingrg/kc/base/wldb_order_operate.html?command=get_materiel&rest_code=00106&base_code=0010396&code=00101019492 HTTP/1.1" 200 457
172.20.0.100 - - [14/Jan/2023:10:47:10 +0800] "GET /xingrg/all/function/internal_message.html?_=1673664446060&CODE_STATE=getMsg HTTP/1.1" 200 27
101.83.145.75 - - [14/Jan/2023:10:47:10 +0800] "GET /xingrg/all/function/internal_message.html?_=1673664451121&CODE_STATE=getMsg HTTP/1.1" 200 27
116.235.244.242 - - [14/Jan/2023:10:47:14 +0800] "GET /xingrg/all/function/internal_message.html?_=1673664472729&CODE_STATE=getMsg HTTP/1.1" 200 27
116.238.139.35 - - [14/Jan/2023:10:47:15 +0800] "GET /xingrg/check_reg.html?_=1673664454075 HTTP/1.1" 200 22
116.238.139.35 - - [14/Jan/2023:10:47:15 +0800] "GET /xingrg/all/function/internal_message.html?_=1673664454080&CODE_STATE=getMsg HTTP/1.1" 200 27
61.170.235.74 - - [14/Jan/2023:10:47:16 +0800] "GET /xingrg/all/function/internal_message.html?_=1673664453218&CODE_STATE=getMsg HTTP/1.1" 200 27
116.235.93.82 - - [14/Jan/2023:10:47:19 +0800] "GET /xingrg/all/function/internal_message.html?_=1673664690449&CODE_STATE=getMsg HTTP/1.1" 200 27
116.192.124.172 - - [14/Jan/2023:10:47:22 +0800] "GET /xingrg/all/function/internal_message.html?_=1673664457888&CODE_STATE=getMsg HTTP/1.1" 302 -
61.170.235.74 - - [14/Jan/2023:10:47:27 +0800] "GET /xingrg/kc/base/wldb_order_operate.html?command=get_materiel&rest_code=00106&base_code=0010396&code=00101019405 HTTP/1.1" 200 482
222.70.177.10 - - [14/Jan/2023:10:47:35 +0800] "GET /xingrg/all/function/internal_message.html?_=1673664468850&CODE_STATE=getMsg HTTP/1.1" 200 27
116.235.93.82 - - [14/Jan/2023:10:47:35 +0800] "GET /xingrg/check_reg.html?_=1673664705833 HTTP/1.1" 200 22
114.84.81.136 - - [14/Jan/2023:10:47:36 +0800] "GET /xingrg/all/function/internal_message.html?_=1673664474626&CODE_STATE=getMsg HTTP/1.1" 200 27
114.84.81.136 - - [14/Jan/2023:10:47:36 +0800] "GET /xingrg/check_reg.html?_=1673664474634 HTTP/1.1" 200 22
114.83.219.41 - - [14/Jan/2023:10:47:37 +0800] "GET /xingrg/all/function/internal_message.html?_=1673664473639&CODE_STATE=getMsg HTTP/1.1" 200 27
114.84.81.136 - - [14/Jan/2023:10:47:38 +0800] "GET /xingrg/all/function/internal_message.html?_=1673664484025&CODE_STATE=getMsg HTTP/1.1" 200 27
116.230.105.139 - - [14/Jan/2023:10:47:41 +0800] "GET /xingrg/kc/buy/cgsh_order_list.html HTTP/1.1" 200 53926
116.230.105.139 - - [14/Jan/2023:10:47:42 +0800] "GET /xingrg/kc/buy/cgsh_order_list.html HTTP/1.1" 200 53926
116.230.105.139 - - [14/Jan/2023:10:47:44 +0800] "POST /xingrg/kc/buy/cgsh_list_operate.html HTTP/1.1" 200 4449
116.230.105.139 - - [14/Jan/2023:10:47:44 +0800] "POST /xingrg/kc/buy/cgsh_list_operate.html HTTP/1.1" 200 4449
58.40.7.146 - - [14/Jan/2023:10:47:47 +0800] "GET /xingrg/all/function/internal_message.html?_=1673664484404&CODE_STATE=getMsg HTTP/1.1" 200 27
61.170.235.74 - - [14/Jan/2023:10:47:49 +0800] "GET /xingrg/kc/base/wldb_order_operate.html?command=get_materiel&rest_code=00106&base_code=0010396&code=00101019187 HTTP/1.1" 200 479
116.192.124.172 - - [14/Jan/2023:10:47:54 +0800] "GET /xingrg/login.html HTTP/1.1" 200 7641
116.192.124.172 - - [14/Jan/2023:10:47:54 +0800] "GET /favicon.ico HTTP/1.1" 404 -
116.235.93.82 - - [14/Jan/2023:10:47:54 +0800] "POST /xingrg/services/DataTransmitService HTTP/1.1" 200 524
116.235.93.82 - - [14/Jan/2023:10:47:55 +0800] "POST /xingrg/services/DataTransmitService HTTP/1.1" 200 2407
116.192.124.172 - - [14/Jan/2023:10:47:55 +0800] "POST /xingrg/login.do HTTP/1.1" 302 -
116.192.124.172 - - [14/Jan/2023:10:47:55 +0800] "GET /xingrg/index.html?sysBaseUrl=http%3A%2F%2F180.169.147.146%3A18081%2Fxingrg%2F&costTime=40×tamp=1673664475887 HTTP/1.1" 200 17173
116.235.93.82 - - [14/Jan/2023:10:47:55 +0800] "POST /xingrg/services/DataTransmitService HTTP/1.1" 200 166331
116.192.124.172 - - [14/Jan/2023:10:47:56 +0800] "GET /favicon.ico HTTP/1.1" 404 -
116.192.124.172 - - [14/Jan/2023:10:47:56 +0800] "POST /xingrg/all/common/load_tree.html?tree=area_rest_tree_json&manage=1 HTTP/1.1" 200 342
116.192.124.172 - - [14/Jan/2023:10:47:56 +0800] "GET /xingrg/all/function/internal_message.html?_=1673664521950&CODE_STATE=count HTTP/1.1" 200 11
116.192.124.172 - - [14/Jan/2023:10:47:56 +0800] "GET /xingrg/check_reg.html?_=1673664521954 HTTP/1.1" 200 22
116.192.124.172 - - [14/Jan/2023:10:47:56 +0800] "POST /xingrg/load_menu.html HTTP/1.1" 200 5138
116.230.105.139 - - [14/Jan/2023:10:47:57 +0800] "GET /xingrg/all/function/internal_message.html?_=1673664434551&CODE_STATE=getMsg HTTP/1.1" 200 27
61.170.235.74 - - [14/Jan/2023:10:48:01 +0800] "GET /xingrg/kc/base/wldb_order_operate.html?command=get_materiel&rest_code=00106&base_code=0010396&code=00101019222 HTTP/1.1" 200 453
114.84.81.136 - - [14/Jan/2023:10:48:02 +0800] "GET /xingrg/all/function/internal_message.html?_=1673664501268&CODE_STATE=getMsg HTTP/1.1" 200 27
221.239.170.112 - - [14/Jan/2023:10:48:05 +0800] "GET /xingrg/all/function/internal_message.html?_=1673664497544&CODE_STATE=getMsg HTTP/1.1" 200 27
61.170.235.74 - - [14/Jan/2023:10:48:06 +0800] "GET /xingrg/all/function/internal_message.html?_=1673664503179&CODE_STATE=getMsg HTTP/1.1" 200 27
222.70.177.10 - - [14/Jan/2023:10:48:06 +0800] "POST /xingrg/services/DataTransmitService HTTP/1.1" 200 524
222.70.177.10 - - [14/Jan/2023:10:48:07 +0800] "POST /xingrg/services/DataTransmitService HTTP/1.1" 200 2583
222.70.177.10 - - [14/Jan/2023:10:48:08 +0800] "POST /xingrg/services/DataTransmitService HTTP/1.1" 200 199551
172.20.0.100 - - [14/Jan/2023:10:48:10 +0800] "GET /xingrg/all/function/internal_message.html?_=1673664506063&CODE_STATE=getMsg HTTP/1.1" 200 27
101.83.145.75 - - [14/Jan/2023:10:48:10 +0800] "GET /xingrg/all/function/internal_message.html?_=1673664511090&CODE_STATE=getMsg HTTP/1.1" 200 27
116.235.244.242 - - [14/Jan/2023:10:48:14 +0800] "GET /xingrg/all/function/internal_message.html?_=1673664532742&CODE_STATE=getMsg HTTP/1.1" 200 27
116.238.139.35 - - [14/Jan/2023:10:48:15 +0800] "GET /xingrg/all/function/internal_message.html?_=1673664514081&CODE_STATE=getMsg HTTP/1.1" 200 27
61.170.235.74 - - [14/Jan/2023:10:48:16 +0800] "GET /xingrg/all/function/internal_message.html?_=1673664513195&CODE_STATE=getMsg HTTP/1.1" 200 27
61.170.235.74 - - [14/Jan/2023:10:48:17 +0800] "GET /xingrg/kc/base/wldb_order_operate.html?command=get_materiel&rest_code=00106&base_code=0010396&code=00101019184 HTTP/1.1" 200 458
116.235.93.82 - - [14/Jan/2023:10:48:19 +0800] "GET /xingrg/all/function/internal_message.html?_=1673664750429&CODE_STATE=getMsg HTTP/1.1" 200 27
116.192.124.172 - - [14/Jan/2023:10:48:22 +0800] "GET /xingrg/all/function/internal_message.html?_=1673664517882&CODE_STATE=getMsg HTTP/1.1" 302 -
61.170.235.74 - - [14/Jan/2023:10:48:29 +0800] "GET /xingrg/kc/base/wldb_order_operate.html?command=get_materiel&rest_code=00106&base_code=0010396&code=00101019400 HTTP/1.1" 200 463
101.83.145.75 - - [14/Jan/2023:10:48:32 +0800] "GET /xingrg/check_reg.html?_=1673664533355 HTTP/1.1" 200 22
222.70.177.10 - - [14/Jan/2023:10:48:35 +0800] "GET /xingrg/all/function/internal_message.html?_=1673664528850&CODE_STATE=getMsg HTTP/1.1" 200 27
222.70.177.10 - - [14/Jan/2023:10:48:35 +0800] "GET /xingrg/check_reg.html?_=1673664528852 HTTP/1.1" 200 22
114.84.81.136 - - [14/Jan/2023:10:48:36 +0800] "GET /xingrg/all/function/internal_message.html?_=1673664534635&CODE_STATE=getMsg HTTP/1.1" 200 27
114.83.219.41 - - [14/Jan/2023:10:48:37 +0800] "GET /xingrg/all/function/internal_message.html?_=1673664533653&CODE_STATE=getMsg HTTP/1.1" 200 27
114.84.81.136 - - [14/Jan/2023:10:48:38 +0800] "GET /xingrg/all/function/internal_message.html?_=1673664544025&CODE_STATE=getMsg HTTP/1.1" 200 27
61.170.235.74 - - [14/Jan/2023:10:48:45 +0800] "GET /xingrg/kc/base/wldb_order_operate.html?command=get_materiel&rest_code=00106&base_code=0010396&code=00101019359 HTTP/1.1" 200 462
58.40.7.146 - - [14/Jan/2023:10:48:47 +0800] "GET /xingrg/all/function/internal_message.html?_=1673664544380&CODE_STATE=getMsg HTTP/1.1" 200 27
116.192.124.172 - - [14/Jan/2023:10:48:56 +0800] "GET /xingrg/all/function/internal_message.html?_=1673664581967&CODE_STATE=getMsg HTTP/1.1" 200 27
116.230.105.139 - - [14/Jan/2023:10:48:57 +0800] "GET /xingrg/all/function/internal_message.html?_=1673664494538&CODE_STATE=getMsg HTTP/1.1" 200 27
61.170.235.74 - - [14/Jan/2023:10:48:58 +0800] "GET /xingrg/kc/base/wldb_order_operate.html?command=get_materiel&rest_code=00106&base_code=0010396&code=00101016094 HTTP/1.1" 200 470
114.84.81.136 - - [14/Jan/2023:10:49:02 +0800] "GET /xingrg/all/function/internal_message.html?_=1673664561239&CODE_STATE=getMsg HTTP/1.1" 200 27
221.239.170.112 - - [14/Jan/2023:10:49:05 +0800] "GET /xingrg/all/function/internal_message.html?_=1673664557524&CODE_STATE=getMsg HTTP/1.1" 200 27
58.40.7.146 - - [14/Jan/2023:10:49:06 +0800] "GET /xingrg/check_reg.html?_=1673664562620 HTTP/1.1" 200 22
61.170.235.74 - - [14/Jan/2023:10:49:06 +0800] "GET /xingrg/all/function/internal_message.html?_=1673664563179&CODE_STATE=getMsg HTTP/1.1" 200 27
172.20.0.100 - - [14/Jan/2023:10:49:10 +0800] "GET /xingrg/all/function/internal_message.html?_=1673664566065&CODE_STATE=getMsg HTTP/1.1" 200 27
101.83.145.75 - - [14/Jan/2023:10:49:10 +0800] "GET /xingrg/all/function/internal_message.html?_=1673664571066&CODE_STATE=getMsg HTTP/1.1" 200 27
116.235.244.242 - - [14/Jan/2023:10:49:14 +0800] "GET /xingrg/all/function/internal_message.html?_=1673664593223&CODE_STATE=getMsg HTTP/1.1" 200 27
116.238.139.35 - - [14/Jan/2023:10:49:15 +0800] "GET /xingrg/all/function/internal_message.html?_=1673664574065&CODE_STATE=getMsg HTTP/1.1" 200 27
61.170.235.74 - - [14/Jan/2023:10:49:16 +0800] "GET /xingrg/all/function/internal_message.html?_=1673664573172&CODE_STATE=getMsg HTTP/1.1" 200 27
101.80.229.13 - - [14/Jan/2023:10:49:18 +0800] "POST /xingrg/services/DataTransmitService HTTP/1.1" 200 524
101.80.229.13 - - [14/Jan/2023:10:49:18 +0800] "POST /xingrg/services/DataTransmitService HTTP/1.1" 200 2147
101.80.229.13 - - [14/Jan/2023:10:49:19 +0800] "POST /xingrg/services/DataTransmitService HTTP/1.1" 200 100819
116.235.93.82 - - [14/Jan/2023:10:49:19 +0800] "GET /xingrg/all/function/internal_message.html?_=1673664810401&CODE_STATE=getMsg HTTP/1.1" 200 27
221.239.170.112 - - [14/Jan/2023:10:49:20 +0800] "GET /xingrg/check_reg.html?_=1673664572585 HTTP/1.1" 200 22
116.192.124.172 - - [14/Jan/2023:10:49:22 +0800] "GET /xingrg/all/function/internal_message.html?_=1673664577897&CODE_STATE=getMsg HTTP/1.1" 302 -
61.170.235.74 - - [14/Jan/2023:10:49:26 +0800] "POST /xingrg/kc/base/wldb_order_operate.html HTTP/1.1" 200 37
61.170.235.74 - - [14/Jan/2023:10:49:27 +0800] "POST /xingrg/kc/base/wldb_order_operate.html HTTP/1.1" 200 5702
61.170.235.74 - - [14/Jan/2023:10:49:27 +0800] "GET /xingrg/kc/base/wldb_order_info.html?code=422023011400780 HTTP/1.1" 200 30437
61.170.235.74 - - [14/Jan/2023:10:49:28 +0800] "GET /xingrg/javascript/easyui/themes/default/validatebox.css HTTP/1.1" 404 1104
61.170.235.74 - - [14/Jan/2023:10:49:28 +0800] "POST /xingrg/kc/base/wldb_order_operate.html HTTP/1.1" 200 5702
61.170.235.74 - - [14/Jan/2023:10:49:32 +0800] "GET /xingrg/kc/base/wldb_order_add.html HTTP/1.1" 200 30422
61.170.235.74 - - [14/Jan/2023:10:49:32 +0800] "POST /xingrg/kc/base/wldb_order_operate.html HTTP/1.1" 200 6806
61.170.235.74 - - [14/Jan/2023:10:49:32 +0800] "GET /xingrg/javascript/easyui/themes/default/validatebox.css HTTP/1.1" 404 1104
61.170.235.74 - - [14/Jan/2023:10:49:33 +0800] "POST /xingrg/all/common/load_combo.html?type=base HTTP/1.1" 200 3227
222.70.177.10 - - [14/Jan/2023:10:49:34 +0800] "POST /xingrg/services/DataTransmitService HTTP/1.1" 200 524
222.70.177.10 - - [14/Jan/2023:10:49:35 +0800] "GET /xingrg/all/function/internal_message.html?_=1673664588852&CODE_STATE=getMsg HTTP/1.1" 200 27
222.70.177.10 - - [14/Jan/2023:10:49:35 +0800] "POST /xingrg/services/DataTransmitService HTTP/1.1" 200 2583
114.84.81.136 - - [14/Jan/2023:10:49:36 +0800] "GET /xingrg/all/function/internal_message.html?_=1673664594622&CODE_STATE=getMsg HTTP/1.1" 200 27
114.83.219.41 - - [14/Jan/2023:10:49:37 +0800] "GET /xingrg/check_reg.html?_=1673664593658 HTTP/1.1" 200 22
114.83.219.41 - - [14/Jan/2023:10:49:37 +0800] "GET /xingrg/all/function/internal_message.html?_=1673664593662&CODE_STATE=getMsg HTTP/1.1" 200 27
61.170.235.74 - - [14/Jan/2023:10:49:37 +0800] "POST /xingrg/all/common/load_combo.html?type=base HTTP/1.1" 200 3227
114.84.81.136 - - [14/Jan/2023:10:49:38 +0800] "POST /xingrg/services/DataTransmitService HTTP/1.1" 200 524
114.84.81.136 - - [14/Jan/2023:10:49:38 +0800] "GET /xingrg/all/function/internal_message.html?_=1673664604024&CODE_STATE=getMsg HTTP/1.1" 200 27
58.40.7.146 - - [14/Jan/2023:10:49:47 +0800] "GET /xingrg/all/function/internal_message.html?_=1673664604366&CODE_STATE=getMsg HTTP/1.1" 200 27
116.192.124.172 - - [14/Jan/2023:10:49:56 +0800] "GET /xingrg/all/function/internal_message.html?_=1673664641966&CODE_STATE=getMsg HTTP/1.1" 200 27
116.230.105.139 - - [14/Jan/2023:10:49:57 +0800] "GET /xingrg/all/function/internal_message.html?_=1673664554515&CODE_STATE=getMsg HTTP/1.1" 200 27
114.84.81.136 - - [14/Jan/2023:10:50:02 +0800] "GET /xingrg/all/function/internal_message.html?_=1673664621209&CODE_STATE=getMsg HTTP/1.1" 200 27
221.239.170.112 - - [14/Jan/2023:10:50:05 +0800] "GET /xingrg/all/function/internal_message.html?_=1673664617501&CODE_STATE=getMsg HTTP/1.1" 200 27
61.170.235.74 - - [14/Jan/2023:10:50:05 +0800] "GET /xingrg/kc/base/wldb_order_operate.html?command=get_materiel&rest_code=00106&base_code=0010396&code=00101016020 HTTP/1.1" 200 449
61.170.235.74 - - [14/Jan/2023:10:50:06 +0800] "GET /xingrg/check_reg.html?_=1673664623179 HTTP/1.1" 200 22
61.170.235.74 - - [14/Jan/2023:10:50:06 +0800] "GET /xingrg/all/function/internal_message.html?_=1673664623182&CODE_STATE=getMsg HTTP/1.1" 200 27
172.20.0.100 - - [14/Jan/2023:10:50:10 +0800] "GET /xingrg/check_reg.html?_=1673664626067 HTTP/1.1" 200 22
172.20.0.100 - - [14/Jan/2023:10:50:10 +0800] "GET /xingrg/all/function/internal_message.html?_=1673664626068&CODE_STATE=getMsg HTTP/1.1" 200 27
101.83.145.75 - - [14/Jan/2023:10:50:10 +0800] "GET /xingrg/all/function/internal_message.html?_=1673664631040&CODE_STATE=getMsg HTTP/1.1" 200 27
116.235.244.242 - - [14/Jan/2023:10:50:14 +0800] "GET /xingrg/all/function/internal_message.html?_=1673664653238&CODE_STATE=getMsg HTTP/1.1" 200 27
116.238.139.35 - - [14/Jan/2023:10:50:15 +0800] "GET /xingrg/all/function/internal_message.html?_=1673664634080&CODE_STATE=getMsg HTTP/1.1" 200 27
61.170.235.74 - - [14/Jan/2023:10:50:16 +0800] "GET /xingrg/all/function/internal_message.html?_=1673664633157&CODE_STATE=getMsg HTTP/1.1" 200 27
116.235.93.82 - - [14/Jan/2023:10:50:19 +0800] "GET /xingrg/all/function/internal_message.html?_=1673664870373&CODE_STATE=getMsg HTTP/1.1" 200 27
61.170.235.74 - - [14/Jan/2023:10:50:21 +0800] "GET /xingrg/kc/base/wldb_order_operate.html?command=get_materiel&rest_code=00106&base_code=0010396&code=00101016083 HTTP/1.1" 200 449
116.192.124.172 - - [14/Jan/2023:10:50:22 +0800] "GET /xingrg/all/function/internal_message.html?_=1673664637894&CODE_STATE=getMsg HTTP/1.1" 302 -
101.80.229.13 - - [14/Jan/2023:10:50:23 +0800] "POST /xingrg/services/DataTransmitService HTTP/1.1" 200 524
101.80.229.13 - - [14/Jan/2023:10:50:23 +0800] "POST /xingrg/services/DataTransmitService HTTP/1.1" 200 2147
101.80.229.13 - - [14/Jan/2023:10:50:26 +0800] "POST /xingrg/services/DataTransmitService HTTP/1.1" 200 524
101.80.229.13 - - [14/Jan/2023:10:50:27 +0800] "POST /xingrg/services/DataTransmitService HTTP/1.1" 200 2147
101.80.229.13 - - [14/Jan/2023:10:50:28 +0800] "POST /xingrg/services/DataTransmitService HTTP/1.1" 200 524
101.80.229.13 - - [14/Jan/2023:10:50:28 +0800] "POST /xingrg/services/DataTransmitService HTTP/1.1" 200 2147
101.80.229.13 - - [14/Jan/2023:10:50:30 +0800] "POST /xingrg/services/DataTransmitService HTTP/1.1" 200 524
101.80.229.13 - - [14/Jan/2023:10:50:31 +0800] "POST /xingrg/services/DataTransmitService HTTP/1.1" 200 2147
61.170.235.74 - - [14/Jan/2023:10:50:32 +0800] "GET /xingrg/kc/base/wldb_order_operate.html?command=get_materiel&rest_code=00106&base_code=0010396&code=00101013076 HTTP/1.1" 200 440
222.70.177.10 - - [14/Jan/2023:10:50:35 +0800] "GET /xingrg/all/function/internal_message.html?_=1673664648852&CODE_STATE=getMsg HTTP/1.1" 200 27
114.84.81.136 - - [14/Jan/2023:10:50:36 +0800] "GET /xingrg/all/function/internal_message.html?_=1673664654625&CODE_STATE=getMsg HTTP/1.1" 200 27
114.83.219.41 - - [14/Jan/2023:10:50:37 +0800] "GET /xingrg/all/function/internal_message.html?_=1673664653648&CODE_STATE=getMsg HTTP/1.1" 200 27
114.84.81.136 - - [14/Jan/2023:10:50:38 +0800] "GET /xingrg/all/function/internal_message.html?_=1673664664037&CODE_STATE=getMsg HTTP/1.1" 200 27
114.84.81.136 - - [14/Jan/2023:10:50:38 +0800] "GET /xingrg/check_reg.html?_=1673664664038 HTTP/1.1" 200 22
116.192.124.172 - - [14/Jan/2023:10:50:47 +0800] "GET /xingrg/kc/mdqp/qqps_order_list.html HTTP/1.1" 200 9222
116.192.124.172 - - [14/Jan/2023:10:50:47 +0800] "GET /xingrg/dwr/interface/AjaxQqpsService.js HTTP/1.1" 200 16326
116.192.124.172 - - [14/Jan/2023:10:50:47 +0800] "GET /xingrg/dwr/util.js HTTP/1.1" 304 -
116.192.124.172 - - [14/Jan/2023:10:50:47 +0800] "GET /xingrg/dwr/interface/AjaxReportQueryService.js HTTP/1.1" 200 13203
116.192.124.172 - - [14/Jan/2023:10:50:47 +0800] "GET /xingrg/dwr/engine.js HTTP/1.1" 200 43631
58.40.7.146 - - [14/Jan/2023:10:50:47 +0800] "GET /xingrg/all/function/internal_message.html?_=1673664664341&CODE_STATE=getMsg HTTP/1.1" 200 27
114.84.81.136 - - [14/Jan/2023:10:50:50 +0800] "GET /xingrg/check_reg.html?_=1673664668450 HTTP/1.1" 200 22
116.192.124.172 - - [14/Jan/2023:10:50:50 +0800] "GET /xingrg/kc/mdqp/qqps_order_add.html HTTP/1.1" 200 28307
116.192.124.172 - - [14/Jan/2023:10:50:50 +0800] "GET /xingrg/dwr/interface/AjaxComOrderService.js HTTP/1.1" 200 18264
116.192.124.172 - - [14/Jan/2023:10:50:50 +0800] "GET /xingrg/dwr/interface/AjaxQqpsService.js HTTP/1.1" 200 16326
116.192.124.172 - - [14/Jan/2023:10:50:50 +0800] "GET /xingrg/dwr/engine.js HTTP/1.1" 200 43631
116.192.124.172 - - [14/Jan/2023:10:50:50 +0800] "GET /xingrg/words/20230113132623_words.js HTTP/1.1" 304 -
116.192.124.172 - - [14/Jan/2023:10:50:56 +0800] "GET /xingrg/all/function/internal_message.html?_=1673664701990&CODE_STATE=getMsg HTTP/1.1" 200 27
116.230.105.139 - - [14/Jan/2023:10:50:57 +0800] "GET /xingrg/check_reg.html?_=1673664614483 HTTP/1.1" 200 22
116.230.105.139 - - [14/Jan/2023:10:50:57 +0800] "GET /xingrg/all/function/internal_message.html?_=1673664614488&CODE_STATE=getMsg HTTP/1.1" 200 27
116.192.124.172 - - [14/Jan/2023:10:50:58 +0800] "POST /xingrg/dwr/call/plaincall/AjaxQqpsService.saveOrder.dwr HTTP/1.1" 200 78
114.84.81.136 - - [14/Jan/2023:10:51:02 +0800] "GET /xingrg/all/function/internal_message.html?_=1673664681192&CODE_STATE=getMsg HTTP/1.1" 200 27
61.170.235.74 - - [14/Jan/2023:10:51:04 +0800] "GET /xingrg/kc/base/wldb_order_operate.html?command=get_materiel&rest_code=00106&base_code=0010396&code=00101019110 HTTP/1.1" 200 477
221.239.170.112 - - [14/Jan/2023:10:51:05 +0800] "GET /xingrg/all/function/internal_message.html?_=1673664677486&CODE_STATE=getMsg HTTP/1.1" 200 27
61.170.235.74 - - [14/Jan/2023:10:51:06 +0800] "GET /xingrg/all/function/internal_message.html?_=1673664683181&CODE_STATE=getMsg HTTP/1.1" 200 27
116.192.124.172 - - [14/Jan/2023:10:51:09 +0800] "GET /xingrg/check_reg.html?_=1673664685487 HTTP/1.1" 302 -
172.20.0.100 - - [14/Jan/2023:10:51:10 +0800] "GET /xingrg/all/function/internal_message.html?_=1673664686069&CODE_STATE=getMsg HTTP/1.1" 200 27
101.83.145.75 - - [14/Jan/2023:10:51:10 +0800] "GET /xingrg/all/function/internal_message.html?_=1673664691010&CODE_STATE=getMsg HTTP/1.1" 200 27
116.192.124.172 - - [14/Jan/2023:10:51:10 +0800] "GET /xingrg/javascript/auto/indicator.gif HTTP/1.1" 404 1066
116.192.124.172 - - [14/Jan/2023:10:51:12 +0800] "POST /xingrg/dwr/call/plaincall/AjaxQqpsService.getMaterielByCode.dwr HTTP/1.1" 200 2709
61.170.235.74 - - [14/Jan/2023:10:51:14 +0800] "GET /xingrg/kc/base/wldb_order_operate.html?command=get_materiel&rest_code=00106&base_code=0010396&code=00101016044 HTTP/1.1" 200 466
116.235.244.242 - - [14/Jan/2023:10:51:15 +0800] "GET /xingrg/all/function/internal_message.html?_=1673664713699&CODE_STATE=getMsg HTTP/1.1" 200 27
116.238.139.35 - - [14/Jan/2023:10:51:15 +0800] "GET /xingrg/all/function/internal_message.html?_=1673664694065&CODE_STATE=getMsg HTTP/1.1" 200 27
61.170.235.74 - - [14/Jan/2023:10:51:16 +0800] "GET /xingrg/all/function/internal_message.html?_=1673664693139&CODE_STATE=getMsg HTTP/1.1" 200 27
61.170.235.74 - - [14/Jan/2023:10:51:16 +0800] "GET /xingrg/check_reg.html?_=1673664693385 HTTP/1.1" 200 22
116.235.93.82 - - [14/Jan/2023:10:51:19 +0800] "GET /xingrg/all/function/internal_message.html?_=1673664930341&CODE_STATE=getMsg HTTP/1.1" 200 27
116.192.124.172 - - [14/Jan/2023:10:51:21 +0800] "POST /xingrg/dwr/call/plaincall/AjaxQqpsService.saveMaterielItem.dwr HTTP/1.1" 200 78
116.192.124.172 - - [14/Jan/2023:10:51:22 +0800] "GET /xingrg/all/function/internal_message.html?_=1673664697895&CODE_STATE=getMsg HTTP/1.1" 302 -
116.192.124.172 - - [14/Jan/2023:10:51:26 +0800] "POST /xingrg/dwr/call/plaincall/AjaxQqpsService.getMaterielByCode.dwr HTTP/1.1" 200 2733
116.192.124.172 - - [14/Jan/2023:10:51:27 +0800] "POST /xingrg/dwr/call/plaincall/AjaxQqpsService.saveMaterielItem.dwr HTTP/1.1" 200 78
61.170.235.74 - - [14/Jan/2023:10:51:30 +0800] "POST /xingrg/kc/base/wldb_order_operate.html HTTP/1.1" 200 37
61.170.235.74 - - [14/Jan/2023:10:51:31 +0800] "POST /xingrg/kc/base/wldb_order_operate.html HTTP/1.1" 200 4656
116.192.124.172 - - [14/Jan/2023:10:51:31 +0800] "POST /xingrg/dwr/call/plaincall/AjaxQqpsService.getMaterielByCode.dwr HTTP/1.1" 200 2675
61.170.235.74 - - [14/Jan/2023:10:51:31 +0800] "GET /xingrg/kc/base/wldb_order_info.html?code=422023011400781 HTTP/1.1" 200 30437
61.170.235.74 - - [14/Jan/2023:10:51:32 +0800] "GET /xingrg/javascript/easyui/themes/default/validatebox.css HTTP/1.1" 404 1104
61.170.235.74 - - [14/Jan/2023:10:51:32 +0800] "POST /xingrg/kc/base/wldb_order_operate.html HTTP/1.1" 200 4656
116.192.124.172 - - [14/Jan/2023:10:51:34 +0800] "POST /xingrg/dwr/call/plaincall/AjaxQqpsService.removeMaterielItem.dwr HTTP/1.1" 200 78
222.70.177.10 - - [14/Jan/2023:10:51:35 +0800] "GET /xingrg/all/function/internal_message.html?_=1673664708852&CODE_STATE=getMsg HTTP/1.1" 200 27
116.235.244.242 - - [14/Jan/2023:10:51:35 +0800] "GET /xingrg/check_reg.html?_=1673664734066 HTTP/1.1" 200 22
114.84.81.136 - - [14/Jan/2023:10:51:36 +0800] "GET /xingrg/all/function/internal_message.html?_=1673664714628&CODE_STATE=getMsg HTTP/1.1" 200 27
61.170.235.74 - - [14/Jan/2023:10:51:36 +0800] "GET /xingrg/kc/base/wldb_order_add.html HTTP/1.1" 200 30422
61.170.235.74 - - [14/Jan/2023:10:51:37 +0800] "POST /xingrg/kc/base/wldb_order_operate.html HTTP/1.1" 200 6806
114.83.219.41 - - [14/Jan/2023:10:51:37 +0800] "GET /xingrg/all/function/internal_message.html?_=1673664713653&CODE_STATE=getMsg HTTP/1.1" 200 27
61.170.235.74 - - [14/Jan/2023:10:51:37 +0800] "GET /xingrg/javascript/easyui/themes/default/validatebox.css HTTP/1.1" 404 1104
120.253.135.82 - - [14/Jan/2023:10:51:37 +0800] "GET /xingrg/all/function/internal_message.html?_=1673664521714&CODE_STATE=getMsg HTTP/1.1" 200 27
120.253.135.82 - - [14/Jan/2023:10:51:37 +0800] "GET /xingrg/check_reg.html?_=1673664522143 HTTP/1.1" 200 22
61.170.235.74 - - [14/Jan/2023:10:51:38 +0800] "POST /xingrg/all/common/load_combo.html?type=base HTTP/1.1" 200 3227
114.84.81.136 - - [14/Jan/2023:10:51:38 +0800] "GET /xingrg/all/function/internal_message.html?_=1673664724023&CODE_STATE=getMsg HTTP/1.1" 200 27
116.192.124.172 - - [14/Jan/2023:10:51:39 +0800] "POST /xingrg/dwr/call/plaincall/AjaxQqpsService.getMaterielByCode.dwr HTTP/1.1" 200 2778
116.192.124.172 - - [14/Jan/2023:10:51:40 +0800] "POST /xingrg/dwr/call/plaincall/AjaxQqpsService.saveMaterielItem.dwr HTTP/1.1" 200 78
61.170.235.74 - - [14/Jan/2023:10:51:41 +0800] "POST /xingrg/all/common/load_combo.html?type=base HTTP/1.1" 200 3227
120.253.135.82 - - [14/Jan/2023:10:51:46 +0800] "GET /xingrg/kc/pszx/mdqp_order_list.html?state=10 HTTP/1.1" 200 10275
120.253.135.82 - - [14/Jan/2023:10:51:46 +0800] "GET /xingrg/dwr/interface/AjaxReportQueryService.js HTTP/1.1" 200 13203
120.253.135.82 - - [14/Jan/2023:10:51:46 +0800] "GET /xingrg/dwr/interface/AjaxQqpsService.js HTTP/1.1" 200 16326
120.253.135.82 - - [14/Jan/2023:10:51:46 +0800] "GET /xingrg/dwr/engine.js HTTP/1.1" 200 43631
58.40.7.146 - - [14/Jan/2023:10:51:47 +0800] "GET /xingrg/all/function/internal_message.html?_=1673664724329&CODE_STATE=getMsg HTTP/1.1" 200 27
116.238.139.35 - - [14/Jan/2023:10:51:49 +0800] "POST /xingrg/services/DataTransmitService HTTP/1.1" 200 524
116.238.139.35 - - [14/Jan/2023:10:51:50 +0800] "POST /xingrg/services/DataTransmitService HTTP/1.1" 200 412
116.192.124.172 - - [14/Jan/2023:10:51:56 +0800] "GET /xingrg/all/function/internal_message.html?_=1673664761964&CODE_STATE=getMsg HTTP/1.1" 200 27
116.230.105.139 - - [14/Jan/2023:10:51:57 +0800] "GET /xingrg/all/function/internal_message.html?_=1673664674473&CODE_STATE=getMsg HTTP/1.1" 200 27
120.253.135.82 - - [14/Jan/2023:10:51:58 +0800] "GET /xingrg/kc/pszx/mdqp_order_list.html?state=10 HTTP/1.1" 200 10275
120.253.135.82 - - [14/Jan/2023:10:51:58 +0800] "GET /xingrg/dwr/interface/AjaxQqpsService.js HTTP/1.1" 200 16326
120.253.135.82 - - [14/Jan/2023:10:51:58 +0800] "GET /xingrg/dwr/interface/AjaxReportQueryService.js HTTP/1.1" 200 13203
120.253.135.82 - - [14/Jan/2023:10:51:58 +0800] "GET /xingrg/dwr/engine.js HTTP/1.1" 200 43631
120.253.135.82 - - [14/Jan/2023:10:52:00 +0800] "GET /xingrg/kc/pszx/mdqp_order_list.html?state=10 HTTP/1.1" 200 10275
120.253.135.82 - - [14/Jan/2023:10:52:00 +0800] "GET /xingrg/dwr/interface/AjaxQqpsService.js HTTP/1.1" 200 16326
120.253.135.82 - - [14/Jan/2023:10:52:00 +0800] "GET /xingrg/dwr/interface/AjaxReportQueryService.js HTTP/1.1" 200 13203
120.253.135.82 - - [14/Jan/2023:10:52:00 +0800] "GET /xingrg/dwr/engine.js HTTP/1.1" 200 43631
114.84.81.136 - - [14/Jan/2023:10:52:02 +0800] "GET /xingrg/all/function/internal_message.html?_=1673664741177&CODE_STATE=getMsg HTTP/1.1" 200 27
221.239.170.112 - - [14/Jan/2023:10:52:05 +0800] "GET /xingrg/all/function/internal_message.html?_=1673664737467&CODE_STATE=getMsg HTTP/1.1" 200 27
120.253.135.82 - - [14/Jan/2023:10:52:05 +0800] "GET /xingrg/kc/pszx/mdqp_order_list.html?state=10 HTTP/1.1" 200 10275
120.253.135.82 - - [14/Jan/2023:10:52:05 +0800] "GET /xingrg/dwr/interface/AjaxReportQueryService.js HTTP/1.1" 200 13203
120.253.135.82 - - [14/Jan/2023:10:52:05 +0800] "GET /xingrg/dwr/interface/AjaxQqpsService.js HTTP/1.1" 200 16326
120.253.135.82 - - [14/Jan/2023:10:52:05 +0800] "GET /xingrg/dwr/engine.js HTTP/1.1" 200 43631
61.170.235.74 - - [14/Jan/2023:10:52:06 +0800] "GET /xingrg/all/function/internal_message.html?_=1673664743181&CODE_STATE=getMsg HTTP/1.1" 200 27
120.253.135.82 - - [14/Jan/2023:10:52:08 +0800] "GET /xingrg/kc/pszx/mdps_order_list.html?orderType=0 HTTP/1.1" 200 21073
120.253.135.82 - - [14/Jan/2023:10:52:09 +0800] "POST /xingrg/kc/pszx/mdps_list_operate.html HTTP/1.1" 200 5358
172.20.0.100 - - [14/Jan/2023:10:52:10 +0800] "GET /xingrg/all/function/internal_message.html?_=1673664746071&CODE_STATE=getMsg HTTP/1.1" 200 27
101.83.145.75 - - [14/Jan/2023:10:52:10 +0800] "GET /xingrg/all/function/internal_message.html?_=1673664750983&CODE_STATE=getMsg HTTP/1.1" 200 27
120.253.135.82 - - [14/Jan/2023:10:52:11 +0800] "GET /xingrg/javascript/easyui/themes/default/tree.css HTTP/1.1" 404 1090
120.253.135.82 - - [14/Jan/2023:10:52:11 +0800] "POST /xingrg/all/common/load_tree.html?tree=area_rest_tree_json HTTP/1.1" 200 3499
120.253.135.82 - - [14/Jan/2023:10:52:11 +0800] "GET /xingrg/javascript/easyui/themes/icons/manage.png HTTP/1.1" 200 696
120.253.135.82 - - [14/Jan/2023:10:52:11 +0800] "GET /xingrg/javascript/easyui/themes/icons/area.png HTTP/1.1" 200 262
116.235.244.242 - - [14/Jan/2023:10:52:15 +0800] "GET /xingrg/all/function/internal_message.html?_=1673664773700&CODE_STATE=getMsg HTTP/1.1" 200 27
116.238.139.35 - - [14/Jan/2023:10:52:15 +0800] "GET /xingrg/all/function/internal_message.html?_=1673664754074&CODE_STATE=getMsg HTTP/1.1" 200 27
116.238.139.35 - - [14/Jan/2023:10:52:15 +0800] "GET /xingrg/check_reg.html?_=1673664754078 HTTP/1.1" 200 22
120.253.135.82 - - [14/Jan/2023:10:52:15 +0800] "POST /xingrg/kc/pszx/mdps_list_operate.html HTTP/1.1" 200 2419
61.170.235.74 - - [14/Jan/2023:10:52:16 +0800] "GET /xingrg/all/function/internal_message.html?_=1673664753124&CODE_STATE=getMsg HTTP/1.1" 200 27
120.253.135.82 - - [14/Jan/2023:10:52:18 +0800] "POST /xingrg/kc/pszx/mdps_list_operate.html HTTP/1.1" 200 208
120.253.135.82 - - [14/Jan/2023:10:52:19 +0800] "POST /xingrg/kc/pszx/mdps_list_operate.html HTTP/1.1" 200 217
116.235.93.82 - - [14/Jan/2023:10:52:19 +0800] "GET /xingrg/all/function/internal_message.html?_=1673664990315&CODE_STATE=getMsg HTTP/1.1" 200 27
116.192.124.172 - - [14/Jan/2023:10:52:22 +0800] "GET /xingrg/all/function/internal_message.html?_=1673664757892&CODE_STATE=getMsg HTTP/1.1" 302 -
120.253.135.82 - - [14/Jan/2023:10:52:23 +0800] "POST /xingrg/kc/pszx/mdps_list_operate.html HTTP/1.1" 200 205
120.253.135.82 - - [14/Jan/2023:10:52:27 +0800] "GET /xingrg/kc/pszx/mdps_order_info.html?code=312023011300265 HTTP/1.1" 200 23978
120.253.135.82 - - [14/Jan/2023:10:52:27 +0800] "GET /xingrg/javascript/easyui/themes/default/validatebox.css HTTP/1.1" 404 1104
120.253.135.82 - - [14/Jan/2023:10:52:28 +0800] "POST /xingrg/kc/pszx/mdps_order_operate.html HTTP/1.1" 200 2282
120.253.135.82 - - [14/Jan/2023:10:52:31 +0800] "GET /xingrg/all/function/internal_message.html?_=1673664582146&CODE_STATE=getMsg HTTP/1.1" 200 27
120.253.135.82 - - [14/Jan/2023:10:52:33 +0800] "POST /xingrg/kc/pszx/mdps_order_operate.html HTTP/1.1" 200 37
120.253.135.82 - - [14/Jan/2023:10:52:34 +0800] "GET /xingrg/kc/pszx/mdps_order_info.html?code=312023011300265 HTTP/1.1" 200 23978
222.70.177.10 - - [14/Jan/2023:10:52:35 +0800] "GET /xingrg/all/function/internal_message.html?_=1673664768851&CODE_STATE=getMsg HTTP/1.1" 200 27
116.235.93.82 - - [14/Jan/2023:10:52:35 +0800] "GET /xingrg/check_reg.html?_=1673665005810 HTTP/1.1" 200 22
120.253.135.82 - - [14/Jan/2023:10:52:35 +0800] "GET /xingrg/javascript/easyui/themes/default/validatebox.css HTTP/1.1" 404 1104
120.253.135.82 - - [14/Jan/2023:10:52:35 +0800] "POST /xingrg/kc/pszx/mdps_order_operate.html HTTP/1.1" 200 2282
114.84.81.136 - - [14/Jan/2023:10:52:36 +0800] "GET /xingrg/check_reg.html?_=1673664774634 HTTP/1.1" 200 22
114.84.81.136 - - [14/Jan/2023:10:52:36 +0800] "GET /xingrg/all/function/internal_message.html?_=1673664774630&CODE_STATE=getMsg HTTP/1.1" 200 27
114.83.219.41 - - [14/Jan/2023:10:52:37 +0800] "GET /xingrg/all/function/internal_message.html?_=1673664773665&CODE_STATE=getMsg HTTP/1.1" 200 27
114.84.81.136 - - [14/Jan/2023:10:52:38 +0800] "GET /xingrg/all/function/internal_message.html?_=1673664784026&CODE_STATE=getMsg HTTP/1.1" 200 27
120.253.135.82 - - [14/Jan/2023:10:52:45 +0800] "GET /xingrg/kc/pszx/mdps_order_info.html?code=312023011300265 HTTP/1.1" 200 23978
120.253.135.82 - - [14/Jan/2023:10:52:45 +0800] "GET /xingrg/javascript/easyui/themes/default/validatebox.css HTTP/1.1" 404 1104
120.253.135.82 - - [14/Jan/2023:10:52:45 +0800] "POST /xingrg/kc/pszx/mdps_order_operate.html HTTP/1.1" 200 2282
58.40.7.146 - - [14/Jan/2023:10:52:47 +0800] "GET /xingrg/all/function/internal_message.html?_=1673664784319&CODE_STATE=getMsg HTTP/1.1" 200 27
120.253.135.82 - - [14/Jan/2023:10:52:48 +0800] "POST /xingrg/kc/pszx/mdps_list_operate.html HTTP/1.1" 200 2419
120.253.135.82 - - [14/Jan/2023:10:52:49 +0800] "POST /xingrg/kc/pszx/mdps_list_operate.html HTTP/1.1" 200 217
120.253.135.82 - - [14/Jan/2023:10:52:50 +0800] "GET /xingrg/kc/pszx/mdps_order_info.html?code=312023011300269 HTTP/1.1" 200 23972
120.253.135.82 - - [14/Jan/2023:10:52:50 +0800] "GET /xingrg/javascript/easyui/themes/default/validatebox.css HTTP/1.1" 404 1104
120.253.135.82 - - [14/Jan/2023:10:52:50 +0800] "POST /xingrg/kc/pszx/mdps_order_operate.html HTTP/1.1" 200 2302
116.192.124.172 - - [14/Jan/2023:10:52:56 +0800] "GET /xingrg/check_reg.html?_=1673664821965 HTTP/1.1" 200 22
116.192.124.172 - - [14/Jan/2023:10:52:56 +0800] "GET /xingrg/all/function/internal_message.html?_=1673664821969&CODE_STATE=getMsg HTTP/1.1" 200 27
116.230.105.139 - - [14/Jan/2023:10:52:57 +0800] "GET /xingrg/all/function/internal_message.html?_=1673664734459&CODE_STATE=getMsg HTTP/1.1" 200 27
120.253.135.82 - - [14/Jan/2023:10:52:58 +0800] "POST /xingrg/kc/pszx/mdps_order_operate.html HTTP/1.1" 200 37
120.253.135.82 - - [14/Jan/2023:10:52:59 +0800] "GET /xingrg/kc/pszx/mdps_order_info.html?code=312023011300269 HTTP/1.1" 200 23972
120.253.135.82 - - [14/Jan/2023:10:53:00 +0800] "GET /xingrg/javascript/easyui/themes/default/validatebox.css HTTP/1.1" 404 1104
120.253.135.82 - - [14/Jan/2023:10:53:00 +0800] "POST /xingrg/kc/pszx/mdps_order_operate.html HTTP/1.1" 200 2302
120.253.135.82 - - [14/Jan/2023:10:53:01 +0800] "POST /xingrg/kc/pszx/mdps_list_operate.html HTTP/1.1" 200 2419
114.84.81.136 - - [14/Jan/2023:10:53:02 +0800] "GET /xingrg/all/function/internal_message.html?_=1673664801161&CODE_STATE=getMsg HTTP/1.1" 200 27
221.239.170.112 - - [14/Jan/2023:10:53:05 +0800] "GET /xingrg/all/function/internal_message.html?_=1673664797441&CODE_STATE=getMsg HTTP/1.1" 200 27
61.170.235.74 - - [14/Jan/2023:10:53:06 +0800] "GET /xingrg/all/function/internal_message.html?_=1673664803181&CODE_STATE=getMsg HTTP/1.1" 200 27
172.20.0.100 - - [14/Jan/2023:10:53:10 +0800] "GET /xingrg/all/function/internal_message.html?_=1673664806075&CODE_STATE=getMsg HTTP/1.1" 200 27
101.83.145.75 - - [14/Jan/2023:10:53:10 +0800] "GET /xingrg/all/function/internal_message.html?_=1673664810960&CODE_STATE=getMsg HTTP/1.1" 200 27
116.235.244.242 - - [14/Jan/2023:10:53:15 +0800] "GET /xingrg/all/function/internal_message.html?_=1673664833718&CODE_STATE=getMsg HTTP/1.1" 200 27
116.238.139.35 - - [14/Jan/2023:10:53:15 +0800] "GET /xingrg/all/function/internal_message.html?_=1673664814081&CODE_STATE=getMsg HTTP/1.1" 200 27
61.170.235.74 - - [14/Jan/2023:10:53:16 +0800] "GET /xingrg/all/function/internal_message.html?_=1673664813105&CODE_STATE=getMsg HTTP/1.1" 200 27
116.235.93.82 - - [14/Jan/2023:10:53:19 +0800] "GET /xingrg/all/function/internal_message.html?_=1673665050297&CODE_STATE=getMsg HTTP/1.1" 200 27
116.192.124.172 - - [14/Jan/2023:10:53:21 +0800] "POST /xingrg/dwr/call/plaincall/AjaxQqpsService.getMaterielByCode.dwr HTTP/1.1" 200 2706
116.192.124.172 - - [14/Jan/2023:10:53:22 +0800] "GET /xingrg/all/function/internal_message.html?_=1673664817883&CODE_STATE=getMsg HTTP/1.1" 302 -
116.192.124.172 - - [14/Jan/2023:10:53:23 +0800] "POST /xingrg/dwr/call/plaincall/AjaxQqpsService.saveMaterielItem.dwr HTTP/1.1" 200 79
120.253.135.82 - - [14/Jan/2023:10:53:26 +0800] "GET /xingrg/kc/pszx/mdqp_order_list.html?state=10 HTTP/1.1" 200 10275
120.253.135.82 - - [14/Jan/2023:10:53:26 +0800] "GET /xingrg/dwr/engine.js HTTP/1.1" 200 43631
120.253.135.82 - - [14/Jan/2023:10:53:26 +0800] "GET /xingrg/dwr/interface/AjaxQqpsService.js HTTP/1.1" 200 16326
120.253.135.82 - - [14/Jan/2023:10:53:27 +0800] "GET /xingrg/dwr/interface/AjaxReportQueryService.js HTTP/1.1" 200 13203
120.253.135.82 - - [14/Jan/2023:10:53:31 +0800] "GET /xingrg/all/function/internal_message.html?_=1673664642158&CODE_STATE=getMsg HTTP/1.1" 200 27
120.253.135.82 - - [14/Jan/2023:10:53:32 +0800] "GET /xingrg/kc/pszx/mdps_order_list.html?orderType=0 HTTP/1.1" 200 21073
120.253.135.82 - - [14/Jan/2023:10:53:32 +0800] "POST /xingrg/kc/pszx/mdps_list_operate.html HTTP/1.1" 200 5349
101.83.145.75 - - [14/Jan/2023:10:53:32 +0800] "GET /xingrg/check_reg.html?_=1673664833349 HTTP/1.1" 200 22
120.253.135.82 - - [14/Jan/2023:10:53:34 +0800] "GET /xingrg/kc/pszx/mdps_order_add.html HTTP/1.1" 200 29142
120.253.135.82 - - [14/Jan/2023:10:53:34 +0800] "POST /xingrg/kc/pszx/mdps_order_operate.html HTTP/1.1" 200 7126
120.253.135.82 - - [14/Jan/2023:10:53:34 +0800] "GET /xingrg/javascript/easyui/themes/default/validatebox.css HTTP/1.1" 404 1104
222.70.177.10 - - [14/Jan/2023:10:53:35 +0800] "GET /xingrg/all/function/internal_message.html?_=1673664828851&CODE_STATE=getMsg HTTP/1.1" 200 27
222.70.177.10 - - [14/Jan/2023:10:53:35 +0800] "GET /xingrg/check_reg.html?_=1673664828855 HTTP/1.1" 200 22
114.84.81.136 - - [14/Jan/2023:10:53:36 +0800] "GET /xingrg/all/function/internal_message.html?_=1673664834660&CODE_STATE=getMsg HTTP/1.1" 200 27
114.83.219.41 - - [14/Jan/2023:10:53:37 +0800] "GET /xingrg/all/function/internal_message.html?_=1673664833667&CODE_STATE=getMsg HTTP/1.1" 200 27
114.84.81.136 - - [14/Jan/2023:10:53:38 +0800] "GET /xingrg/all/function/internal_message.html?_=1673664844036&CODE_STATE=getMsg HTTP/1.1" 200 27
120.253.135.82 - - [14/Jan/2023:10:53:41 +0800] "POST /xingrg/all/common/load_combo.html?type=base HTTP/1.1" 200 1169
58.40.7.146 - - [14/Jan/2023:10:53:47 +0800] "GET /xingrg/all/function/internal_message.html?_=1673664844294&CODE_STATE=getMsg HTTP/1.1" 200 27
116.192.124.172 - - [14/Jan/2023:10:53:56 +0800] "GET /xingrg/all/function/internal_message.html?_=1673664881960&CODE_STATE=getMsg HTTP/1.1" 200 27
116.230.105.139 - - [14/Jan/2023:10:53:57 +0800] "GET /xingrg/all/function/internal_message.html?_=1673664794446&CODE_STATE=getMsg HTTP/1.1" 200 27
114.84.81.136 - - [14/Jan/2023:10:54:02 +0800] "GET /xingrg/all/function/internal_message.html?_=1673664861132&CODE_STATE=getMsg HTTP/1.1" 200 27
221.239.170.112 - - [14/Jan/2023:10:54:05 +0800] "GET /xingrg/all/function/internal_message.html?_=1673664857423&CODE_STATE=getMsg HTTP/1.1" 200 27
58.40.7.146 - - [14/Jan/2023:10:54:06 +0800] "GET /xingrg/check_reg.html?_=1673664862608 HTTP/1.1" 200 22
61.170.235.74 - - [14/Jan/2023:10:54:06 +0800] "GET /xingrg/all/function/internal_message.html?_=1673664863181&CODE_STATE=getMsg HTTP/1.1" 200 27
120.253.135.82 - - [14/Jan/2023:10:54:07 +0800] "GET /xingrg/kc/pszx/mdps_order_operate.html?command=get_materiel&pszx_code=00101&rest_code=00102&base_code=0010250&code=00101017003 HTTP/1.1" 200 448
172.20.0.100 - - [14/Jan/2023:10:54:10 +0800] "GET /xingrg/all/function/internal_message.html?_=1673664866066&CODE_STATE=getMsg HTTP/1.1" 200 27
101.83.145.75 - - [14/Jan/2023:10:54:10 +0800] "GET /xingrg/all/function/internal_message.html?_=1673664870938&CODE_STATE=getMsg HTTP/1.1" 200 27
116.238.139.35 - - [14/Jan/2023:10:54:15 +0800] "GET /xingrg/all/function/internal_message.html?_=1673664874082&CODE_STATE=getMsg HTTP/1.1" 200 27
116.235.244.242 - - [14/Jan/2023:10:54:15 +0800] "GET /xingrg/all/function/internal_message.html?_=1673664894188&CODE_STATE=getMsg HTTP/1.1" 200 27
61.170.235.74 - - [14/Jan/2023:10:54:16 +0800] "GET /xingrg/all/function/internal_message.html?_=1673664873086&CODE_STATE=getMsg HTTP/1.1" 200 27
116.235.93.82 - - [14/Jan/2023:10:54:19 +0800] "GET /xingrg/all/function/internal_message.html?_=1673665110268&CODE_STATE=getMsg HTTP/1.1" 200 27
221.239.170.112 - - [14/Jan/2023:10:54:20 +0800] "GET /xingrg/check_reg.html?_=1673664872559 HTTP/1.1" 200 22
