58.40.7.146 - - [14/Jan/2023:10:09:48 +0800] "GET /xingrg/all/function/internal_message.html?_=1673662205083&CODE_STATE=getMsg HTTP/1.1" 200 27
116.230.105.139 - - [14/Jan/2023:10:09:49 +0800] "GET /xingrg/kc/buy/cgsh_order_operate.html?command=get_materiel&rest_code=00155&code=00101008352&supplier_code=00100005&order_time=2023-01-14 HTTP/1.1" 200 412
222.70.177.10 - - [14/Jan/2023:10:09:53 +0800] "GET /xingrg/kc/buy/cgsh_order_operate.html?command=get_materiel&rest_code=00111&code=00101001111&supplier_code=00100042&order_time=2023-01-14 HTTP/1.1" 200 425
116.230.105.139 - - [14/Jan/2023:10:09:55 +0800] "GET /xingrg/kc/buy/cgsh_order_operate.html?command=get_materiel&rest_code=00155&code=00101008353&supplier_code=00100005&order_time=2023-01-14 HTTP/1.1" 200 408
116.230.105.139 - - [14/Jan/2023:10:09:57 +0800] "GET /xingrg/all/function/internal_message.html?_=1673662154498&CODE_STATE=getMsg HTTP/1.1" 200 27
221.239.170.112 - - [14/Jan/2023:10:09:57 +0800] "GET /xingrg/kc/buy/cgsh_order_operate.html?command=get_materiel&rest_code=00145&code=00101010161&supplier_code=00100185&order_time=2023-01-08 HTTP/1.1" 200 425
116.230.105.139 - - [14/Jan/2023:10:09:58 +0800] "POST /xingrg/kc/buy/cgsh_order_operate.html HTTP/1.1" 200 2065
116.230.105.139 - - [14/Jan/2023:10:10:02 +0800] "GET /xingrg/kc/buy/cgsh_order_operate.html?command=get_materiel&rest_code=00155&code=00101008213&supplier_code=00100005&order_time=2023-01-14 HTTP/1.1" 200 412
120.253.135.82 - - [14/Jan/2023:10:10:05 +0800] "GET /xingrg/all/function/internal_message.html?_=1673662035723&CODE_STATE=getMsg HTTP/1.1" 200 27
221.239.170.112 - - [14/Jan/2023:10:10:05 +0800] "GET /xingrg/all/function/internal_message.html?_=1673662217924&CODE_STATE=getMsg HTTP/1.1" 200 27
61.170.235.74 - - [14/Jan/2023:10:10:06 +0800] "GET /xingrg/all/function/internal_message.html?_=1673662223072&CODE_STATE=getMsg HTTP/1.1" 200 27
61.170.235.74 - - [14/Jan/2023:10:10:06 +0800] "GET /xingrg/check_reg.html?_=1673662223074 HTTP/1.1" 200 22
116.235.244.242 - - [14/Jan/2023:10:10:07 +0800] "GET /xingrg/all/function/internal_message.html?_=1673662245347&CODE_STATE=getMsg HTTP/1.1" 200 27
116.238.139.35 - - [14/Jan/2023:10:10:08 +0800] "POST /xingrg/kc/buy/cgsh_order_operate.html HTTP/1.1" 200 37
101.83.145.75 - - [14/Jan/2023:10:10:11 +0800] "GET /xingrg/all/function/internal_message.html?_=1673662232042&CODE_STATE=getMsg HTTP/1.1" 200 27
221.239.170.112 - - [14/Jan/2023:10:10:12 +0800] "POST /xingrg/kc/buy/cgsh_order_operate.html HTTP/1.1" 200 37
116.230.105.139 - - [14/Jan/2023:10:10:12 +0800] "GET /xingrg/kc/buy/cgsh_order_operate.html?command=get_materiel&rest_code=00155&code=00101008312&supplier_code=00100005&order_time=2023-01-14 HTTP/1.1" 200 412
222.70.177.10 - - [14/Jan/2023:10:10:13 +0800] "GET /xingrg/kc/buy/cgsh_order_operate.html?command=get_materiel&rest_code=00111&code=00101001060&supplier_code=00100042&order_time=2023-01-14 HTTP/1.1" 200 434
221.239.170.112 - - [14/Jan/2023:10:10:14 +0800] "POST /xingrg/kc/buy/cgsh_order_operate.html HTTP/1.1" 200 3245
116.238.139.35 - - [14/Jan/2023:10:10:17 +0800] "POST /xingrg/kc/buy/cgsh_order_operate.html HTTP/1.1" 200 12
116.238.139.35 - - [14/Jan/2023:10:10:18 +0800] "GET /xingrg/kc/buy/cgsh_order_info.html?code=212023011404033 HTTP/1.1" 200 64202
116.238.139.35 - - [14/Jan/2023:10:10:19 +0800] "GET /xingrg/javascript/easyui/themes/default/validatebox.css HTTP/1.1" 404 1104
116.230.105.139 - - [14/Jan/2023:10:10:19 +0800] "GET /xingrg/kc/buy/cgsh_order_operate.html?command=get_materiel&rest_code=00155&code=00101008095&supplier_code=00100005&order_time=2023-01-14 HTTP/1.1" 200 412
116.238.139.35 - - [14/Jan/2023:10:10:19 +0800] "POST /xingrg/kc/buy/cgsh_order_operate.html HTTP/1.1" 200 11401
116.235.93.82 - - [14/Jan/2023:10:10:20 +0800] "GET /xingrg/all/function/internal_message.html?_=1673662471318&CODE_STATE=getMsg HTTP/1.1" 200 27
116.238.139.35 - - [14/Jan/2023:10:10:21 +0800] "GET /xingrg/kc/print/load_data.html?order_code=212023011404033&kc_code=cgsh&condition= HTTP/1.1" 200 4887
116.192.124.172 - - [14/Jan/2023:10:10:21 +0800] "GET /xingrg/all/function/internal_message.html?_=1673662237879&CODE_STATE=getMsg HTTP/1.1" 302 -
221.239.170.112 - - [14/Jan/2023:10:10:24 +0800] "POST /xingrg/kc/buy/cgsh_order_operate.html HTTP/1.1" 200 37
116.230.105.139 - - [14/Jan/2023:10:10:25 +0800] "GET /xingrg/kc/buy/cgsh_order_operate.html?command=get_materiel&rest_code=00155&code=00101008674&supplier_code=00100005&order_time=2023-01-14 HTTP/1.1" 200 398
221.239.170.112 - - [14/Jan/2023:10:10:28 +0800] "POST /xingrg/kc/buy/cgsh_order_operate.html HTTP/1.1" 200 12
222.70.177.10 - - [14/Jan/2023:10:10:29 +0800] "GET /xingrg/kc/buy/cgsh_order_operate.html?command=get_materiel&rest_code=00111&code=00101005037&supplier_code=00100042&order_time=2023-01-14 HTTP/1.1" 200 424
116.238.139.35 - - [14/Jan/2023:10:10:30 +0800] "POST /xingrg/all/user/operate.html HTTP/1.1" 200 36
116.238.139.35 - - [14/Jan/2023:10:10:31 +0800] "GET /xingrg/index.html?sysBaseUrl=http%3A%2F%2F180.169.147.146%3A18081%2Fxingrg%2F&costTime=45×tamp=1673570766449 HTTP/1.1" 200 17179
116.238.139.35 - - [14/Jan/2023:10:10:31 +0800] "GET /xingrg/javascript/jquery_easy_ui/themes/default/easyui.css HTTP/1.1" 304 -
116.238.139.35 - - [14/Jan/2023:10:10:31 +0800] "GET /xingrg/javascript/jquery_easy_ui/themes/icon.css HTTP/1.1" 304 -
116.238.139.35 - - [14/Jan/2023:10:10:31 +0800] "GET /xingrg/css/form.css HTTP/1.1" 304 -
116.238.139.35 - - [14/Jan/2023:10:10:31 +0800] "GET /xingrg/javascript/jquery-1.4.2.min.js HTTP/1.1" 304 -
116.238.139.35 - - [14/Jan/2023:10:10:31 +0800] "GET /xingrg/javascript/jquery_easy_ui/jquery.easyui.min.js HTTP/1.1" 304 -
116.238.139.35 - - [14/Jan/2023:10:10:31 +0800] "GET /xingrg/javascript/jquery_easy_ui/easyui-lang-zh_CN.js HTTP/1.1" 304 -
116.238.139.35 - - [14/Jan/2023:10:10:31 +0800] "GET /xingrg/javascript/jquery.form.js HTTP/1.1" 304 -
116.238.139.35 - - [14/Jan/2023:10:10:31 +0800] "GET /xingrg/javascript/jquery.utils.js HTTP/1.1" 304 -
116.238.139.35 - - [14/Jan/2023:10:10:31 +0800] "GET /xingrg/javascript/jquery.timers.js HTTP/1.1" 304 -
116.238.139.35 - - [14/Jan/2023:10:10:31 +0800] "GET /xingrg/images/blue/jxLogo.png HTTP/1.1" 304 -
116.238.139.35 - - [14/Jan/2023:10:10:31 +0800] "GET /xingrg/images/blue/navBackgound.jpg HTTP/1.1" 304 -
116.238.139.35 - - [14/Jan/2023:10:10:31 +0800] "GET /xingrg/javascript/jquery_easy_ui/themes/icons/settle_new.png HTTP/1.1" 304 -
116.238.139.35 - - [14/Jan/2023:10:10:31 +0800] "POST /xingrg/all/common/load_tree.html?tree=area_rest_tree_json&manage=1 HTTP/1.1" 200 476
116.238.139.35 - - [14/Jan/2023:10:10:31 +0800] "GET /xingrg/all/function/internal_message.html?_=1673662250056&CODE_STATE=count HTTP/1.1" 200 11
116.238.139.35 - - [14/Jan/2023:10:10:31 +0800] "GET /xingrg/check_reg.html?_=1673662250057 HTTP/1.1" 200 22
116.238.139.35 - - [14/Jan/2023:10:10:31 +0800] "GET /xingrg/javascript/jquery_easy_ui/themes/default/images/tabs_leftarrow.png HTTP/1.1" 304 -
116.238.139.35 - - [14/Jan/2023:10:10:31 +0800] "POST /xingrg/load_menu.html HTTP/1.1" 200 5138
116.238.139.35 - - [14/Jan/2023:10:10:31 +0800] "GET /xingrg/javascript/jquery_easy_ui/themes/default/images/panel_tool_collapse.gif HTTP/1.1" 304 -
116.238.139.35 - - [14/Jan/2023:10:10:31 +0800] "GET /xingrg/javascript/jquery_easy_ui/themes/default/images/tabs_rightarrow.png HTTP/1.1" 304 -
116.238.139.35 - - [14/Jan/2023:10:10:31 +0800] "GET /xingrg/images/blue/pingpu.png HTTP/1.1" 304 -
116.238.139.35 - - [14/Jan/2023:10:10:31 +0800] "GET /xingrg/javascript/jquery_easy_ui/themes/default/images/tree_file.gif HTTP/1.1" 304 -
116.238.139.35 - - [14/Jan/2023:10:10:31 +0800] "GET /xingrg/javascript/jquery_easy_ui/themes/icons/forms_new.png HTTP/1.1" 304 -
116.238.139.35 - - [14/Jan/2023:10:10:31 +0800] "GET /xingrg/javascript/jquery_easy_ui/themes/icons/storage_new.png HTTP/1.1" 304 -
116.238.139.35 - - [14/Jan/2023:10:10:31 +0800] "GET /xingrg/javascript/jquery_easy_ui/themes/default/images/tree_arrows.gif HTTP/1.1" 304 -
116.238.139.35 - - [14/Jan/2023:10:10:31 +0800] "GET /xingrg/javascript/jquery_easy_ui/themes/default/images/tree_folder.gif HTTP/1.1" 304 -
116.238.139.35 - - [14/Jan/2023:10:10:31 +0800] "GET /xingrg/javascript/jquery_easy_ui/themes/icons/search_new.png HTTP/1.1" 304 -
116.238.139.35 - - [14/Jan/2023:10:10:31 +0800] "GET /xingrg/javascript/jquery_easy_ui/themes/default/images/tree_folder_open.gif HTTP/1.1" 304 -
221.239.170.112 - - [14/Jan/2023:10:10:32 +0800] "GET /xingrg/kc/buy/cgsh_order_info.html?code=212023011404034 HTTP/1.1" 200 63797
221.239.170.112 - - [14/Jan/2023:10:10:33 +0800] "GET /xingrg/javascript/easyui/themes/default/validatebox.css HTTP/1.1" 404 1104
221.239.170.112 - - [14/Jan/2023:10:10:33 +0800] "POST /xingrg/kc/buy/cgsh_order_operate.html HTTP/1.1" 200 1195
116.230.105.139 - - [14/Jan/2023:10:10:34 +0800] "GET /xingrg/kc/buy/cgsh_order_operate.html?command=get_materiel&rest_code=00155&code=00101008283&supplier_code=00100005&order_time=2023-01-14 HTTP/1.1" 200 408
222.70.177.10 - - [14/Jan/2023:10:10:35 +0800] "GET /xingrg/all/function/internal_message.html?_=1673662248804&CODE_STATE=getMsg HTTP/1.1" 200 27
116.230.105.139 - - [14/Jan/2023:10:10:36 +0800] "POST /xingrg/kc/buy/cgsh_order_operate.html HTTP/1.1" 200 2065
221.239.170.112 - - [14/Jan/2023:10:10:36 +0800] "GET /xingrg/kc/print/load_config.html?kc_code=cgsh HTTP/1.1" 200 1943
221.239.170.112 - - [14/Jan/2023:10:10:36 +0800] "GET /xingrg/kc/print/load_data.html?order_code=212023011404034&kc_code=cgsh&condition= HTTP/1.1" 200 939
114.83.219.41 - - [14/Jan/2023:10:10:36 +0800] "GET /xingrg/all/function/internal_message.html?_=1673662253510&CODE_STATE=getMsg HTTP/1.1" 200 27
114.84.81.136 - - [14/Jan/2023:10:10:38 +0800] "GET /xingrg/check_reg.html?_=1673662263970 HTTP/1.1" 200 22
114.84.81.136 - - [14/Jan/2023:10:10:38 +0800] "GET /xingrg/all/function/internal_message.html?_=1673662263971&CODE_STATE=getMsg HTTP/1.1" 200 27
116.238.139.35 - - [14/Jan/2023:10:10:39 +0800] "POST /xingrg/all/user/operate.html HTTP/1.1" 200 36
116.238.139.35 - - [14/Jan/2023:10:10:39 +0800] "GET /xingrg/javascript/jquery_easy_ui/themes/default/easyui.css HTTP/1.1" 304 -
116.238.139.35 - - [14/Jan/2023:10:10:39 +0800] "GET /xingrg/index.html?sysBaseUrl=http%3A%2F%2F180.169.147.146%3A18081%2Fxingrg%2F&costTime=45×tamp=1673570766449 HTTP/1.1" 200 17177
116.238.139.35 - - [14/Jan/2023:10:10:39 +0800] "GET /xingrg/javascript/jquery_easy_ui/themes/icon.css HTTP/1.1" 304 -
116.238.139.35 - - [14/Jan/2023:10:10:39 +0800] "GET /xingrg/css/form.css HTTP/1.1" 304 -
116.238.139.35 - - [14/Jan/2023:10:10:39 +0800] "GET /xingrg/javascript/jquery-1.4.2.min.js HTTP/1.1" 304 -
116.238.139.35 - - [14/Jan/2023:10:10:39 +0800] "GET /xingrg/javascript/jquery_easy_ui/jquery.easyui.min.js HTTP/1.1" 304 -
116.238.139.35 - - [14/Jan/2023:10:10:39 +0800] "GET /xingrg/javascript/jquery_easy_ui/easyui-lang-zh_CN.js HTTP/1.1" 304 -
116.238.139.35 - - [14/Jan/2023:10:10:39 +0800] "GET /xingrg/javascript/jquery.form.js HTTP/1.1" 304 -
116.238.139.35 - - [14/Jan/2023:10:10:39 +0800] "GET /xingrg/javascript/jquery.utils.js HTTP/1.1" 304 -
116.238.139.35 - - [14/Jan/2023:10:10:39 +0800] "GET /xingrg/javascript/jquery.timers.js HTTP/1.1" 304 -
116.238.139.35 - - [14/Jan/2023:10:10:39 +0800] "GET /xingrg/images/blue/jxLogo.png HTTP/1.1" 304 -
116.238.139.35 - - [14/Jan/2023:10:10:39 +0800] "GET /xingrg/javascript/jquery_easy_ui/themes/icons/settle_new.png HTTP/1.1" 304 -
116.238.139.35 - - [14/Jan/2023:10:10:39 +0800] "GET /xingrg/images/blue/navBackgound.jpg HTTP/1.1" 304 -
116.238.139.35 - - [14/Jan/2023:10:10:39 +0800] "POST /xingrg/all/common/load_tree.html?tree=area_rest_tree_json&manage=1 HTTP/1.1" 200 476
116.238.139.35 - - [14/Jan/2023:10:10:39 +0800] "GET /xingrg/all/function/internal_message.html?_=1673662258199&CODE_STATE=count HTTP/1.1" 200 11
116.238.139.35 - - [14/Jan/2023:10:10:39 +0800] "GET /xingrg/javascript/jquery_easy_ui/themes/default/images/tabs_leftarrow.png HTTP/1.1" 304 -
116.238.139.35 - - [14/Jan/2023:10:10:39 +0800] "GET /xingrg/check_reg.html?_=1673662258201 HTTP/1.1" 200 22
116.238.139.35 - - [14/Jan/2023:10:10:39 +0800] "GET /xingrg/images/blue/pingpu.png HTTP/1.1" 304 -
116.238.139.35 - - [14/Jan/2023:10:10:39 +0800] "GET /xingrg/javascript/jquery_easy_ui/themes/default/images/tabs_rightarrow.png HTTP/1.1" 304 -
116.238.139.35 - - [14/Jan/2023:10:10:39 +0800] "GET /xingrg/javascript/jquery_easy_ui/themes/default/images/panel_tool_collapse.gif HTTP/1.1" 304 -
116.238.139.35 - - [14/Jan/2023:10:10:39 +0800] "POST /xingrg/load_menu.html HTTP/1.1" 200 5138
116.230.105.139 - - [14/Jan/2023:10:10:40 +0800] "GET /xingrg/kc/buy/cgsh_order_operate.html?command=get_materiel&rest_code=00155&code=00101008132&supplier_code=00100005&order_time=2023-01-14 HTTP/1.1" 200 408
116.238.139.35 - - [14/Jan/2023:10:10:41 +0800] "GET /xingrg/kc/base/yddb_order_list.html HTTP/1.1" 200 16749
116.238.139.35 - - [14/Jan/2023:10:10:41 +0800] "POST /xingrg/kc/base/yddb_list_operate.html HTTP/1.1" 200 636
114.84.81.136 - - [14/Jan/2023:10:10:41 +0800] "POST /xingrg/services/DataTransmitService HTTP/1.1" 200 524
222.70.177.10 - - [14/Jan/2023:10:10:44 +0800] "GET /xingrg/kc/buy/cgsh_order_operate.html?command=get_materiel&rest_code=00111&code=00101005036&supplier_code=00100042&order_time=2023-01-14 HTTP/1.1" 200 409
116.230.105.139 - - [14/Jan/2023:10:10:47 +0800] "GET /xingrg/kc/buy/cgsh_order_operate.html?command=get_materiel&rest_code=00155&code=00101013175&supplier_code=00100005&order_time=2023-01-14 HTTP/1.1" 200 431
58.40.7.146 - - [14/Jan/2023:10:10:48 +0800] "GET /xingrg/all/function/internal_message.html?_=1673662265067&CODE_STATE=getMsg HTTP/1.1" 200 27
221.239.170.112 - - [14/Jan/2023:10:10:48 +0800] "GET /xingrg/kc/buy/cgsh_order_add.html HTTP/1.1" 200 68896
221.239.170.112 - - [14/Jan/2023:10:10:49 +0800] "GET /xingrg/javascript/easyui/themes/default/validatebox.css HTTP/1.1" 404 1104
221.239.170.112 - - [14/Jan/2023:10:10:49 +0800] "POST /xingrg/kc/buy/cgsh_order_operate.html HTTP/1.1" 200 8245
116.230.105.139 - - [14/Jan/2023:10:10:53 +0800] "GET /xingrg/kc/buy/cgsh_order_operate.html?command=get_materiel&rest_code=00155&code=00101013021&supplier_code=00100005&order_time=2023-01-14 HTTP/1.1" 200 412
222.70.177.10 - - [14/Jan/2023:10:10:55 +0800] "GET /xingrg/kc/buy/cgsh_order_operate.html?command=get_materiel&rest_code=00111&code=00101006067&supplier_code=00100042&order_time=2023-01-14 HTTP/1.1" 200 429
116.230.105.139 - - [14/Jan/2023:10:10:57 +0800] "GET /xingrg/check_reg.html?_=1673662214480 HTTP/1.1" 200 22
116.230.105.139 - - [14/Jan/2023:10:10:57 +0800] "GET /xingrg/all/function/internal_message.html?_=1673662214482&CODE_STATE=getMsg HTTP/1.1" 200 27
116.230.105.139 - - [14/Jan/2023:10:11:02 +0800] "GET /xingrg/kc/buy/cgsh_order_operate.html?command=get_materiel&rest_code=00155&code=00101013117&supplier_code=00100005&order_time=2023-01-14 HTTP/1.1" 200 432
120.253.135.82 - - [14/Jan/2023:10:11:05 +0800] "GET /xingrg/all/function/internal_message.html?_=1673662095740&CODE_STATE=getMsg HTTP/1.1" 200 27
221.239.170.112 - - [14/Jan/2023:10:11:05 +0800] "GET /xingrg/all/function/internal_message.html?_=1673662277903&CODE_STATE=getMsg HTTP/1.1" 200 27
61.170.235.74 - - [14/Jan/2023:10:11:06 +0800] "GET /xingrg/all/function/internal_message.html?_=1673662283074&CODE_STATE=getMsg HTTP/1.1" 200 27
222.70.177.10 - - [14/Jan/2023:10:11:06 +0800] "GET /xingrg/kc/buy/cgsh_order_operate.html?command=get_materiel&rest_code=00111&code=00101018019&supplier_code=00100042&order_time=2023-01-14 HTTP/1.1" 200 421
221.239.170.112 - - [14/Jan/2023:10:11:07 +0800] "GET /xingrg/kc/buy/cgsh_order_operate.html?command=get_materiel&rest_code=00145&code=00101008205&supplier_code=00100556&order_time=2023-01-08 HTTP/1.1" 200 412
116.235.244.242 - - [14/Jan/2023:10:11:07 +0800] "GET /xingrg/all/function/internal_message.html?_=1673662305835&CODE_STATE=getMsg HTTP/1.1" 200 27
116.192.124.172 - - [14/Jan/2023:10:11:09 +0800] "GET /xingrg/check_reg.html?_=1673662285632 HTTP/1.1" 302 -
101.83.145.75 - - [14/Jan/2023:10:11:11 +0800] "GET /xingrg/all/function/internal_message.html?_=1673662292019&CODE_STATE=getMsg HTTP/1.1" 200 27
116.230.105.139 - - [14/Jan/2023:10:11:12 +0800] "GET /xingrg/kc/buy/cgsh_order_operate.html?command=get_materiel&rest_code=00155&code=00101008114&supplier_code=00100005&order_time=2023-01-14 HTTP/1.1" 200 412
116.230.105.139 - - [14/Jan/2023:10:11:15 +0800] "POST /xingrg/kc/buy/cgsh_order_operate.html HTTP/1.1" 200 2065
116.235.93.82 - - [14/Jan/2023:10:11:20 +0800] "GET /xingrg/all/function/internal_message.html?_=1673662531297&CODE_STATE=getMsg HTTP/1.1" 200 27
116.192.124.172 - - [14/Jan/2023:10:11:21 +0800] "GET /xingrg/all/function/internal_message.html?_=1673662297889&CODE_STATE=getMsg HTTP/1.1" 302 -
222.70.177.10 - - [14/Jan/2023:10:11:24 +0800] "POST /xingrg/kc/buy/cgsh_order_operate.html HTTP/1.1" 200 37
116.230.105.139 - - [14/Jan/2023:10:11:24 +0800] "GET /xingrg/kc/buy/cgsh_order_operate.html?command=get_materiel&rest_code=00155&code=00101008134&supplier_code=00100005&order_time=2023-01-14 HTTP/1.1" 200 427
222.70.177.10 - - [14/Jan/2023:10:11:31 +0800] "POST /xingrg/kc/buy/cgsh_order_operate.html HTTP/1.1" 200 5621
116.230.105.139 - - [14/Jan/2023:10:11:31 +0800] "GET /xingrg/kc/buy/cgsh_order_operate.html?command=get_materiel&rest_code=00155&code=00101008277&supplier_code=00100005&order_time=2023-01-14 HTTP/1.1" 200 412
222.70.177.10 - - [14/Jan/2023:10:11:33 +0800] "GET /xingrg/kc/print/load_data.html?order_code=212023011404035&kc_code=cgsh&condition= HTTP/1.1" 200 1840
221.239.170.112 - - [14/Jan/2023:10:11:33 +0800] "GET /xingrg/kc/buy/cgsh_order_operate.html?command=get_materiel&rest_code=00145&code=00101008024&supplier_code=00100556&order_time=2023-01-08 HTTP/1.1" 200 408
222.70.177.10 - - [14/Jan/2023:10:11:35 +0800] "GET /xingrg/all/function/internal_message.html?_=1673662309405&CODE_STATE=getMsg HTTP/1.1" 200 27
116.235.244.242 - - [14/Jan/2023:10:11:35 +0800] "GET /xingrg/check_reg.html?_=1673662334018 HTTP/1.1" 200 22
114.83.219.41 - - [14/Jan/2023:10:11:36 +0800] "GET /xingrg/all/function/internal_message.html?_=1673662313512&CODE_STATE=getMsg HTTP/1.1" 200 27
116.230.105.139 - - [14/Jan/2023:10:11:37 +0800] "GET /xingrg/kc/buy/cgsh_order_operate.html?command=get_materiel&rest_code=00155&code=00101008223&supplier_code=00100005&order_time=2023-01-14 HTTP/1.1" 200 412
114.84.81.136 - - [14/Jan/2023:10:11:38 +0800] "GET /xingrg/all/function/internal_message.html?_=1673662323969&CODE_STATE=getMsg HTTP/1.1" 200 27
116.238.139.35 - - [14/Jan/2023:10:11:39 +0800] "GET /xingrg/all/function/internal_message.html?_=1673662318208&CODE_STATE=getMsg HTTP/1.1" 200 27
221.239.170.112 - - [14/Jan/2023:10:11:44 +0800] "GET /xingrg/kc/buy/cgsh_order_operate.html?command=get_materiel&rest_code=00145&code=00101008356&supplier_code=00100556&order_time=2023-01-08 HTTP/1.1" 200 408
58.40.7.146 - - [14/Jan/2023:10:11:48 +0800] "GET /xingrg/all/function/internal_message.html?_=1673662325039&CODE_STATE=getMsg HTTP/1.1" 200 27
116.230.105.139 - - [14/Jan/2023:10:11:49 +0800] "GET /xingrg/kc/buy/cgsh_order_operate.html?command=get_materiel&rest_code=00155&code=00101008168&supplier_code=00100005&order_time=2023-01-14 HTTP/1.1" 200 412
221.239.170.112 - - [14/Jan/2023:10:11:55 +0800] "GET /xingrg/kc/buy/cgsh_order_operate.html?command=get_materiel&rest_code=00145&code=00101008286&supplier_code=00100556&order_time=2023-01-08 HTTP/1.1" 200 424
116.230.105.139 - - [14/Jan/2023:10:11:55 +0800] "GET /xingrg/kc/buy/cgsh_order_operate.html?command=get_materiel&rest_code=00155&code=00101008061&supplier_code=00100005&order_time=2023-01-14 HTTP/1.1" 200 422
116.230.105.139 - - [14/Jan/2023:10:11:57 +0800] "GET /xingrg/all/function/internal_message.html?_=1673662274511&CODE_STATE=getMsg HTTP/1.1" 200 27
116.230.105.139 - - [14/Jan/2023:10:11:57 +0800] "POST /xingrg/kc/buy/cgsh_order_operate.html HTTP/1.1" 200 2065
221.239.170.112 - - [14/Jan/2023:10:12:05 +0800] "GET /xingrg/all/function/internal_message.html?_=1673662337887&CODE_STATE=getMsg HTTP/1.1" 200 27
61.170.235.74 - - [14/Jan/2023:10:12:06 +0800] "GET /xingrg/all/function/internal_message.html?_=1673662343066&CODE_STATE=getMsg HTTP/1.1" 200 27
221.239.170.112 - - [14/Jan/2023:10:12:07 +0800] "GET /xingrg/kc/buy/cgsh_order_operate.html?command=get_materiel&rest_code=00145&code=00101008283&supplier_code=00100556&order_time=2023-01-08 HTTP/1.1" 200 408
116.235.244.242 - - [14/Jan/2023:10:12:07 +0800] "GET /xingrg/all/function/internal_message.html?_=1673662365841&CODE_STATE=getMsg HTTP/1.1" 200 27
116.230.105.139 - - [14/Jan/2023:10:12:08 +0800] "GET /xingrg/kc/buy/cgsh_order_operate.html?command=get_materiel&rest_code=00155&code=00101008229&supplier_code=00100005&order_time=2023-01-14 HTTP/1.1" 200 420
101.83.145.75 - - [14/Jan/2023:10:12:11 +0800] "GET /xingrg/all/function/internal_message.html?_=1673662351994&CODE_STATE=getMsg HTTP/1.1" 200 27
116.230.105.139 - - [14/Jan/2023:10:12:18 +0800] "POST /xingrg/kc/buy/cgsh_order_operate.html HTTP/1.1" 200 37
116.235.93.82 - - [14/Jan/2023:10:12:20 +0800] "GET /xingrg/all/function/internal_message.html?_=1673662591277&CODE_STATE=getMsg HTTP/1.1" 200 27
116.192.124.172 - - [14/Jan/2023:10:12:21 +0800] "GET /xingrg/all/function/internal_message.html?_=1673662357886&CODE_STATE=getMsg HTTP/1.1" 302 -
116.230.105.139 - - [14/Jan/2023:10:12:22 +0800] "POST /xingrg/kc/buy/cgsh_order_operate.html HTTP/1.1" 200 32873
221.239.170.112 - - [14/Jan/2023:10:12:23 +0800] "GET /xingrg/kc/buy/cgsh_order_operate.html?command=get_materiel&rest_code=00145&code=00101008364&supplier_code=00100556&order_time=2023-01-08 HTTP/1.1" 200 412
116.230.105.139 - - [14/Jan/2023:10:12:23 +0800] "GET /xingrg/kc/print/load_config.html?kc_code=cgsh HTTP/1.1" 200 1943
116.230.105.139 - - [14/Jan/2023:10:12:23 +0800] "GET /xingrg/kc/print/load_data.html?order_code=212023011404036&kc_code=cgsh&condition= HTTP/1.1" 200 12177
116.230.105.139 - - [14/Jan/2023:10:12:28 +0800] "GET /xingrg/kc/print/load_data.html?order_code=212023011404036&kc_code=cgsh HTTP/1.1" 200 12177
221.239.170.112 - - [14/Jan/2023:10:12:34 +0800] "GET /xingrg/kc/buy/cgsh_order_operate.html?command=get_materiel&rest_code=00145&code=00101008355&supplier_code=00100556&order_time=2023-01-08 HTTP/1.1" 200 423
116.235.93.82 - - [14/Jan/2023:10:12:35 +0800] "GET /xingrg/check_reg.html?_=1673662605931 HTTP/1.1" 200 22
222.70.177.10 - - [14/Jan/2023:10:12:35 +0800] "GET /xingrg/all/function/internal_message.html?_=1673662369380&CODE_STATE=getMsg HTTP/1.1" 200 27
114.83.219.41 - - [14/Jan/2023:10:12:36 +0800] "GET /xingrg/all/function/internal_message.html?_=1673662373521&CODE_STATE=getMsg HTTP/1.1" 200 27
114.84.81.136 - - [14/Jan/2023:10:12:38 +0800] "GET /xingrg/all/function/internal_message.html?_=1673662383966&CODE_STATE=getMsg HTTP/1.1" 200 27
116.238.139.35 - - [14/Jan/2023:10:12:39 +0800] "GET /xingrg/all/function/internal_message.html?_=1673662378209&CODE_STATE=getMsg HTTP/1.1" 200 27
221.239.170.112 - - [14/Jan/2023:10:12:45 +0800] "GET /xingrg/kc/buy/cgsh_order_operate.html?command=get_materiel&rest_code=00145&code=00101008361&supplier_code=00100556&order_time=2023-01-08 HTTP/1.1" 200 408
58.40.7.146 - - [14/Jan/2023:10:12:48 +0800] "GET /xingrg/all/function/internal_message.html?_=1673662385012&CODE_STATE=getMsg HTTP/1.1" 200 27
116.230.105.139 - - [14/Jan/2023:10:12:57 +0800] "GET /xingrg/all/function/internal_message.html?_=1673662334490&CODE_STATE=getMsg HTTP/1.1" 200 27
221.239.170.112 - - [14/Jan/2023:10:13:02 +0800] "GET /xingrg/kc/buy/cgsh_order_operate.html?command=get_materiel&rest_code=00145&code=00101008358&supplier_code=00100556&order_time=2023-01-08 HTTP/1.1" 200 412
221.239.170.112 - - [14/Jan/2023:10:13:05 +0800] "GET /xingrg/all/function/internal_message.html?_=1673662397861&CODE_STATE=getMsg HTTP/1.1" 200 27
61.170.235.74 - - [14/Jan/2023:10:13:06 +0800] "GET /xingrg/all/function/internal_message.html?_=1673662403065&CODE_STATE=getMsg HTTP/1.1" 200 27
116.235.244.242 - - [14/Jan/2023:10:13:07 +0800] "GET /xingrg/all/function/internal_message.html?_=1673662425855&CODE_STATE=getMsg HTTP/1.1" 200 27
101.83.145.75 - - [14/Jan/2023:10:13:11 +0800] "GET /xingrg/all/function/internal_message.html?_=1673662411972&CODE_STATE=getMsg HTTP/1.1" 200 27
221.239.170.112 - - [14/Jan/2023:10:13:16 +0800] "GET /xingrg/kc/buy/cgsh_order_operate.html?command=get_materiel&rest_code=00145&code=00101008350&supplier_code=00100556&order_time=2023-01-08 HTTP/1.1" 200 424
116.235.93.82 - - [14/Jan/2023:10:13:20 +0800] "GET /xingrg/all/function/internal_message.html?_=1673662651247&CODE_STATE=getMsg HTTP/1.1" 200 27
116.192.124.172 - - [14/Jan/2023:10:13:21 +0800] "GET /xingrg/all/function/internal_message.html?_=1673662417881&CODE_STATE=getMsg HTTP/1.1" 302 -
221.239.170.112 - - [14/Jan/2023:10:13:28 +0800] "GET /xingrg/kc/buy/cgsh_order_operate.html?command=get_materiel&rest_code=00145&code=00101008264&supplier_code=00100556&order_time=2023-01-08 HTTP/1.1" 200 412
101.83.145.75 - - [14/Jan/2023:10:13:32 +0800] "GET /xingrg/check_reg.html?_=1673662433332 HTTP/1.1" 200 22
222.70.177.10 - - [14/Jan/2023:10:13:35 +0800] "GET /xingrg/check_reg.html?_=1673662428802 HTTP/1.1" 200 22
222.70.177.10 - - [14/Jan/2023:10:13:35 +0800] "GET /xingrg/all/function/internal_message.html?_=1673662429350&CODE_STATE=getMsg HTTP/1.1" 200 27
114.83.219.41 - - [14/Jan/2023:10:13:36 +0800] "GET /xingrg/all/function/internal_message.html?_=1673662433523&CODE_STATE=getMsg HTTP/1.1" 200 27
221.239.170.112 - - [14/Jan/2023:10:13:38 +0800] "GET /xingrg/kc/buy/cgsh_order_operate.html?command=get_materiel&rest_code=00145&code=00101008354&supplier_code=00100556&order_time=2023-01-08 HTTP/1.1" 200 428
114.84.81.136 - - [14/Jan/2023:10:13:38 +0800] "GET /xingrg/all/function/internal_message.html?_=1673662443964&CODE_STATE=getMsg HTTP/1.1" 200 27
116.238.139.35 - - [14/Jan/2023:10:13:39 +0800] "GET /xingrg/all/function/internal_message.html?_=1673662438212&CODE_STATE=getMsg HTTP/1.1" 200 27
58.40.7.146 - - [14/Jan/2023:10:13:48 +0800] "GET /xingrg/all/function/internal_message.html?_=1673662444984&CODE_STATE=getMsg HTTP/1.1" 200 27
221.239.170.112 - - [14/Jan/2023:10:13:50 +0800] "GET /xingrg/kc/buy/cgsh_order_operate.html?command=get_materiel&rest_code=00145&code=00101008108&supplier_code=00100556&order_time=2023-01-08 HTTP/1.1" 200 412
116.230.105.139 - - [14/Jan/2023:10:13:57 +0800] "GET /xingrg/all/function/internal_message.html?_=1673662394496&CODE_STATE=getMsg HTTP/1.1" 200 27
221.239.170.112 - - [14/Jan/2023:10:14:03 +0800] "GET /xingrg/kc/buy/cgsh_order_operate.html?command=get_materiel&rest_code=00145&code=00101008353&supplier_code=00100556&order_time=2023-01-08 HTTP/1.1" 200 408
221.239.170.112 - - [14/Jan/2023:10:14:05 +0800] "GET /xingrg/all/function/internal_message.html?_=1673662457845&CODE_STATE=getMsg HTTP/1.1" 200 27
58.40.7.146 - - [14/Jan/2023:10:14:06 +0800] "GET /xingrg/check_reg.html?_=1673662462700 HTTP/1.1" 200 22
61.170.235.74 - - [14/Jan/2023:10:14:06 +0800] "GET /xingrg/all/function/internal_message.html?_=1673662463065&CODE_STATE=getMsg HTTP/1.1" 200 27
116.235.244.242 - - [14/Jan/2023:10:14:08 +0800] "GET /xingrg/all/function/internal_message.html?_=1673662486328&CODE_STATE=getMsg HTTP/1.1" 200 27
101.83.145.75 - - [14/Jan/2023:10:14:11 +0800] "GET /xingrg/all/function/internal_message.html?_=1673662471949&CODE_STATE=getMsg HTTP/1.1" 200 27
221.239.170.112 - - [14/Jan/2023:10:14:20 +0800] "GET /xingrg/check_reg.html?_=1673662472264 HTTP/1.1" 200 22
116.235.93.82 - - [14/Jan/2023:10:14:20 +0800] "GET /xingrg/all/function/internal_message.html?_=1673662711228&CODE_STATE=getMsg HTTP/1.1" 200 27
221.239.170.112 - - [14/Jan/2023:10:14:20 +0800] "POST /xingrg/kc/buy/cgsh_order_operate.html HTTP/1.1" 200 37
116.192.124.172 - - [14/Jan/2023:10:14:21 +0800] "GET /xingrg/all/function/internal_message.html?_=1673662477893&CODE_STATE=getMsg HTTP/1.1" 302 -
221.239.170.112 - - [14/Jan/2023:10:14:22 +0800] "POST /xingrg/kc/buy/cgsh_order_operate.html HTTP/1.1" 200 10328
221.239.170.112 - - [14/Jan/2023:10:14:29 +0800] "POST /xingrg/kc/buy/cgsh_order_operate.html HTTP/1.1" 200 37
222.70.177.10 - - [14/Jan/2023:10:14:35 +0800] "GET /xingrg/all/function/internal_message.html?_=1673662489335&CODE_STATE=getMsg HTTP/1.1" 200 27
221.239.170.112 - - [14/Jan/2023:10:14:35 +0800] "POST /xingrg/kc/buy/cgsh_order_operate.html HTTP/1.1" 200 12
114.83.219.41 - - [14/Jan/2023:10:14:36 +0800] "GET /xingrg/check_reg.html?_=1673662493533 HTTP/1.1" 200 22
114.83.219.41 - - [14/Jan/2023:10:14:37 +0800] "GET /xingrg/all/function/internal_message.html?_=1673662493540&CODE_STATE=getMsg HTTP/1.1" 200 27
221.239.170.112 - - [14/Jan/2023:10:14:37 +0800] "GET /xingrg/kc/buy/cgsh_order_info.html?code=212023011404037 HTTP/1.1" 200 63801
221.239.170.112 - - [14/Jan/2023:10:14:37 +0800] "GET /xingrg/javascript/easyui/themes/default/validatebox.css HTTP/1.1" 404 1104
221.239.170.112 - - [14/Jan/2023:10:14:38 +0800] "POST /xingrg/kc/buy/cgsh_order_operate.html HTTP/1.1" 200 8272
114.84.81.136 - - [14/Jan/2023:10:14:38 +0800] "GET /xingrg/all/function/internal_message.html?_=1673662503962&CODE_STATE=getMsg HTTP/1.1" 200 27
116.238.139.35 - - [14/Jan/2023:10:14:39 +0800] "GET /xingrg/all/function/internal_message.html?_=1673662498213&CODE_STATE=getMsg HTTP/1.1" 200 27
221.239.170.112 - - [14/Jan/2023:10:14:42 +0800] "GET /xingrg/kc/buy/cgsh_order_add.html HTTP/1.1" 200 68896
221.239.170.112 - - [14/Jan/2023:10:14:43 +0800] "POST /xingrg/kc/buy/cgsh_order_operate.html HTTP/1.1" 200 8245
221.239.170.112 - - [14/Jan/2023:10:14:43 +0800] "GET /xingrg/javascript/easyui/themes/default/validatebox.css HTTP/1.1" 404 1104
221.239.170.112 - - [14/Jan/2023:10:14:46 +0800] "GET /xingrg/kc/buy/buy_main.html HTTP/1.1" 200 12412
221.239.170.112 - - [14/Jan/2023:10:14:47 +0800] "GET /xingrg/css/new_ie.css HTTP/1.1" 404 1036
221.239.170.112 - - [14/Jan/2023:10:14:48 +0800] "GET /xingrg/images/yd/bt.gif HTTP/1.1" 404 1040
58.40.7.146 - - [14/Jan/2023:10:14:48 +0800] "GET /xingrg/all/function/internal_message.html?_=1673662504977&CODE_STATE=getMsg HTTP/1.1" 200 27
221.239.170.112 - - [14/Jan/2023:10:14:49 +0800] "GET /xingrg/kc/buy/cgsh_order_list.html HTTP/1.1" 200 53926
221.239.170.112 - - [14/Jan/2023:10:14:51 +0800] "POST /xingrg/kc/buy/cgsh_list_operate.html HTTP/1.1" 200 986
116.230.105.139 - - [14/Jan/2023:10:14:57 +0800] "GET /xingrg/all/function/internal_message.html?_=1673662454492&CODE_STATE=getMsg HTTP/1.1" 200 27
221.239.170.112 - - [14/Jan/2023:10:14:58 +0800] "POST /xingrg/kc/buy/cgsh_list_operate.html HTTP/1.1" 200 6683
221.239.170.112 - - [14/Jan/2023:10:15:05 +0800] "GET /xingrg/all/function/internal_message.html?_=1673662517814&CODE_STATE=getMsg HTTP/1.1" 200 27
61.170.235.74 - - [14/Jan/2023:10:15:06 +0800] "GET /xingrg/all/function/internal_message.html?_=1673662523065&CODE_STATE=getMsg HTTP/1.1" 200 27
61.170.235.74 - - [14/Jan/2023:10:15:06 +0800] "GET /xingrg/check_reg.html?_=1673662523067 HTTP/1.1" 200 22
116.235.244.242 - - [14/Jan/2023:10:15:08 +0800] "GET /xingrg/all/function/internal_message.html?_=1673662546336&CODE_STATE=getMsg HTTP/1.1" 200 27
101.83.145.75 - - [14/Jan/2023:10:15:11 +0800] "GET /xingrg/all/function/internal_message.html?_=1673662531918&CODE_STATE=getMsg HTTP/1.1" 200 27
116.235.93.82 - - [14/Jan/2023:10:15:20 +0800] "GET /xingrg/all/function/internal_message.html?_=1673662771208&CODE_STATE=getMsg HTTP/1.1" 200 27
116.192.124.172 - - [14/Jan/2023:10:15:21 +0800] "GET /xingrg/all/function/internal_message.html?_=1673662537881&CODE_STATE=getMsg HTTP/1.1" 302 -
221.239.170.112 - - [14/Jan/2023:10:15:29 +0800] "GET /xingrg/kc/buy/cgsh_order_add.html HTTP/1.1" 200 68896
221.239.170.112 - - [14/Jan/2023:10:15:29 +0800] "GET /xingrg/javascript/easyui/themes/default/validatebox.css HTTP/1.1" 404 1104
221.239.170.112 - - [14/Jan/2023:10:15:29 +0800] "POST /xingrg/kc/buy/cgsh_order_operate.html HTTP/1.1" 200 8245
221.239.170.112 - - [14/Jan/2023:10:15:34 +0800] "GET /xingrg/kc/buy/buy_main.html HTTP/1.1" 200 12412
221.239.170.112 - - [14/Jan/2023:10:15:34 +0800] "GET /xingrg/css/new_ie.css HTTP/1.1" 404 1036
221.239.170.112 - - [14/Jan/2023:10:15:35 +0800] "GET /xingrg/images/yd/bt.gif HTTP/1.1" 404 1040
222.70.177.10 - - [14/Jan/2023:10:15:35 +0800] "GET /xingrg/all/function/internal_message.html?_=1673662549320&CODE_STATE=getMsg HTTP/1.1" 200 27
221.239.170.112 - - [14/Jan/2023:10:15:35 +0800] "GET /xingrg/kc/buy/cgsh_order_list.html HTTP/1.1" 200 53926
114.83.219.41 - - [14/Jan/2023:10:15:36 +0800] "GET /xingrg/all/function/internal_message.html?_=1673662553526&CODE_STATE=getMsg HTTP/1.1" 200 27
221.239.170.112 - - [14/Jan/2023:10:15:37 +0800] "POST /xingrg/kc/buy/cgsh_list_operate.html HTTP/1.1" 200 986
114.84.81.136 - - [14/Jan/2023:10:15:38 +0800] "GET /xingrg/all/function/internal_message.html?_=1673662563960&CODE_STATE=getMsg HTTP/1.1" 200 27
114.84.81.136 - - [14/Jan/2023:10:15:38 +0800] "GET /xingrg/check_reg.html?_=1673662563961 HTTP/1.1" 200 22
116.238.139.35 - - [14/Jan/2023:10:15:39 +0800] "GET /xingrg/check_reg.html?_=1673662558220 HTTP/1.1" 200 22
116.238.139.35 - - [14/Jan/2023:10:15:39 +0800] "GET /xingrg/all/function/internal_message.html?_=1673662558226&CODE_STATE=getMsg HTTP/1.1" 200 27
221.239.170.112 - - [14/Jan/2023:10:15:40 +0800] "POST /xingrg/kc/buy/cgsh_list_operate.html HTTP/1.1" 200 986
221.239.170.112 - - [14/Jan/2023:10:15:47 +0800] "POST /xingrg/kc/buy/cgsh_list_operate.html HTTP/1.1" 200 6673
58.40.7.146 - - [14/Jan/2023:10:15:48 +0800] "GET /xingrg/all/function/internal_message.html?_=1673662564949&CODE_STATE=getMsg HTTP/1.1" 200 27
221.239.170.112 - - [14/Jan/2023:10:15:53 +0800] "POST /xingrg/kc/buy/cgsh_list_operate.html HTTP/1.1" 200 569
116.230.105.139 - - [14/Jan/2023:10:15:57 +0800] "GET /xingrg/check_reg.html?_=1673662514495 HTTP/1.1" 200 22
116.230.105.139 - - [14/Jan/2023:10:15:57 +0800] "GET /xingrg/all/function/internal_message.html?_=1673662514501&CODE_STATE=getMsg HTTP/1.1" 200 27
221.239.170.112 - - [14/Jan/2023:10:16:05 +0800] "GET /xingrg/all/function/internal_message.html?_=1673662577788&CODE_STATE=getMsg HTTP/1.1" 200 27
61.170.235.74 - - [14/Jan/2023:10:16:06 +0800] "GET /xingrg/all/function/internal_message.html?_=1673662583067&CODE_STATE=getMsg HTTP/1.1" 200 27
116.235.244.242 - - [14/Jan/2023:10:16:08 +0800] "GET /xingrg/all/function/internal_message.html?_=1673662606792&CODE_STATE=getMsg HTTP/1.1" 200 27
116.192.124.172 - - [14/Jan/2023:10:16:09 +0800] "GET /xingrg/check_reg.html?_=1673662585604 HTTP/1.1" 302 -
101.83.145.75 - - [14/Jan/2023:10:16:11 +0800] "GET /xingrg/all/function/internal_message.html?_=1673662591886&CODE_STATE=getMsg HTTP/1.1" 200 27
116.235.93.82 - - [14/Jan/2023:10:16:20 +0800] "GET /xingrg/all/function/internal_message.html?_=1673662831177&CODE_STATE=getMsg HTTP/1.1" 200 27
116.192.124.172 - - [14/Jan/2023:10:16:21 +0800] "GET /xingrg/all/function/internal_message.html?_=1673662597899&CODE_STATE=getMsg HTTP/1.1" 302 -
221.239.170.112 - - [14/Jan/2023:10:16:22 +0800] "POST /xingrg/kc/buy/cgsh_list_operate.html HTTP/1.1" 200 560
221.239.170.112 - - [14/Jan/2023:10:16:26 +0800] "GET /xingrg/kc/buy/cgsh_order_info.html?code=212023011404037 HTTP/1.1" 200 63801
221.239.170.112 - - [14/Jan/2023:10:16:27 +0800] "GET /xingrg/javascript/easyui/themes/default/validatebox.css HTTP/1.1" 404 1104
221.239.170.112 - - [14/Jan/2023:10:16:27 +0800] "POST /xingrg/kc/buy/cgsh_order_operate.html HTTP/1.1" 200 8272
116.238.139.35 - - [14/Jan/2023:10:16:30 +0800] "GET /xingrg/dwr/interface/AjaxComOrderService.js HTTP/1.1" 200 18264
116.238.139.35 - - [14/Jan/2023:10:16:30 +0800] "GET /xingrg/kc/base/yddb_order_add.html HTTP/1.1" 200 29953
116.238.139.35 - - [14/Jan/2023:10:16:30 +0800] "GET /xingrg/dwr/interface/AjaxYddbService.js HTTP/1.1" 200 13201
116.238.139.35 - - [14/Jan/2023:10:16:30 +0800] "GET /xingrg/dwr/engine.js HTTP/1.1" 200 43631
221.239.170.112 - - [14/Jan/2023:10:16:32 +0800] "GET /xingrg/kc/print/load_data.html?order_code=212023011404037&kc_code=cgsh&condition= HTTP/1.1" 200 3584
116.238.139.35 - - [14/Jan/2023:10:16:34 +0800] "POST /xingrg/dwr/call/plaincall/AjaxYddbService.getRestBases.dwr HTTP/1.1" 200 1616
222.70.177.10 - - [14/Jan/2023:10:16:35 +0800] "GET /xingrg/all/function/internal_message.html?_=1673662609305&CODE_STATE=getMsg HTTP/1.1" 200 27
116.235.244.242 - - [14/Jan/2023:10:16:35 +0800] "GET /xingrg/check_reg.html?_=1673662634027 HTTP/1.1" 200 22
114.83.219.41 - - [14/Jan/2023:10:16:36 +0800] "GET /xingrg/all/function/internal_message.html?_=1673662613528&CODE_STATE=getMsg HTTP/1.1" 200 27
114.84.81.136 - - [14/Jan/2023:10:16:38 +0800] "GET /xingrg/all/function/internal_message.html?_=1673662623959&CODE_STATE=getMsg HTTP/1.1" 200 27
221.239.170.112 - - [14/Jan/2023:10:16:38 +0800] "GET /xingrg/kc/buy/cgsh_order_add.html HTTP/1.1" 200 68896
116.238.139.35 - - [14/Jan/2023:10:16:39 +0800] "GET /xingrg/all/function/internal_message.html?_=1673662618225&CODE_STATE=getMsg HTTP/1.1" 200 27
221.239.170.112 - - [14/Jan/2023:10:16:39 +0800] "POST /xingrg/kc/buy/cgsh_order_operate.html HTTP/1.1" 200 8245
221.239.170.112 - - [14/Jan/2023:10:16:39 +0800] "GET /xingrg/javascript/easyui/themes/default/validatebox.css HTTP/1.1" 404 1104
58.40.7.146 - - [14/Jan/2023:10:16:48 +0800] "GET /xingrg/all/function/internal_message.html?_=1673662624921&CODE_STATE=getMsg HTTP/1.1" 200 27
116.238.139.35 - - [14/Jan/2023:10:16:53 +0800] "POST /xingrg/dwr/call/plaincall/AjaxYddbService.saveOrder.dwr HTTP/1.1" 200 78
116.238.139.35 - - [14/Jan/2023:10:16:55 +0800] "POST /xingrg/dwr/call/plaincall/AjaxComOrderService.getMaterielSearchList.dwr HTTP/1.1" 200 8751
116.238.139.35 - - [14/Jan/2023:10:16:56 +0800] "POST /xingrg/dwr/call/plaincall/AjaxComOrderService.getMaterielSearchList.dwr HTTP/1.1" 200 698
116.230.105.139 - - [14/Jan/2023:10:16:57 +0800] "GET /xingrg/all/function/internal_message.html?_=1673662574502&CODE_STATE=getMsg HTTP/1.1" 200 27
116.238.139.35 - - [14/Jan/2023:10:17:01 +0800] "POST /xingrg/dwr/call/plaincall/AjaxYddbService.getMaterielByMap.dwr HTTP/1.1" 200 2333
221.239.170.112 - - [14/Jan/2023:10:17:05 +0800] "GET /xingrg/all/function/internal_message.html?_=1673662637767&CODE_STATE=getMsg HTTP/1.1" 200 27
61.170.235.74 - - [14/Jan/2023:10:17:06 +0800] "GET /xingrg/all/function/internal_message.html?_=1673662643067&CODE_STATE=getMsg HTTP/1.1" 200 27
116.238.139.35 - - [14/Jan/2023:10:17:08 +0800] "GET /xingrg/images/yd/bt.gif HTTP/1.1" 404 1040
116.235.244.242 - - [14/Jan/2023:10:17:08 +0800] "GET /xingrg/all/function/internal_message.html?_=1673662666798&CODE_STATE=getMsg HTTP/1.1" 200 27
116.238.139.35 - - [14/Jan/2023:10:17:10 +0800] "GET /xingrg/images/yd/bt2.gif HTTP/1.1" 404 1042
101.83.145.75 - - [14/Jan/2023:10:17:11 +0800] "GET /xingrg/all/function/internal_message.html?_=1673662651865&CODE_STATE=getMsg HTTP/1.1" 200 27
116.238.139.35 - - [14/Jan/2023:10:17:11 +0800] "POST /xingrg/dwr/call/plaincall/AjaxYddbService.saveMaterielItem.dwr HTTP/1.1" 200 78
116.235.93.82 - - [14/Jan/2023:10:17:20 +0800] "GET /xingrg/all/function/internal_message.html?_=1673662891171&CODE_STATE=getMsg HTTP/1.1" 200 27
116.192.124.172 - - [14/Jan/2023:10:17:21 +0800] "GET /xingrg/all/function/internal_message.html?_=1673662657899&CODE_STATE=getMsg HTTP/1.1" 302 -
116.235.93.82 - - [14/Jan/2023:10:17:35 +0800] "GET /xingrg/check_reg.html?_=1673662905933 HTTP/1.1" 200 22
222.70.177.10 - - [14/Jan/2023:10:17:35 +0800] "GET /xingrg/all/function/internal_message.html?_=1673662669290&CODE_STATE=getMsg HTTP/1.1" 200 27
114.83.219.41 - - [14/Jan/2023:10:17:36 +0800] "GET /xingrg/all/function/internal_message.html?_=1673662673540&CODE_STATE=getMsg HTTP/1.1" 200 27
114.84.81.136 - - [14/Jan/2023:10:17:38 +0800] "GET /xingrg/all/function/internal_message.html?_=1673662683974&CODE_STATE=getMsg HTTP/1.1" 200 27
116.238.139.35 - - [14/Jan/2023:10:17:39 +0800] "GET /xingrg/all/function/internal_message.html?_=1673662678224&CODE_STATE=getMsg HTTP/1.1" 200 27
58.40.7.146 - - [14/Jan/2023:10:17:48 +0800] "GET /xingrg/all/function/internal_message.html?_=1673662684892&CODE_STATE=getMsg HTTP/1.1" 200 27
116.230.105.139 - - [14/Jan/2023:10:17:57 +0800] "GET /xingrg/all/function/internal_message.html?_=1673662634506&CODE_STATE=getMsg HTTP/1.1" 200 27
221.239.170.112 - - [14/Jan/2023:10:18:06 +0800] "GET /xingrg/all/function/internal_message.html?_=1673662698137&CODE_STATE=getMsg HTTP/1.1" 200 27
61.170.235.74 - - [14/Jan/2023:10:18:06 +0800] "GET /xingrg/all/function/internal_message.html?_=1673662703067&CODE_STATE=getMsg HTTP/1.1" 200 27
116.235.244.242 - - [14/Jan/2023:10:18:08 +0800] "GET /xingrg/all/function/internal_message.html?_=1673662726811&CODE_STATE=getMsg HTTP/1.1" 200 27
101.83.145.75 - - [14/Jan/2023:10:18:11 +0800] "GET /xingrg/all/function/internal_message.html?_=1673662711834&CODE_STATE=getMsg HTTP/1.1" 200 27
221.239.170.112 - - [14/Jan/2023:10:18:11 +0800] "GET /xingrg/kc/buy/cgsh_order_operate.html?command=get_materiel&rest_code=00145&code=00101011005&supplier_code=00100047&order_time=2023-01-08 HTTP/1.1" 200 428
116.235.93.82 - - [14/Jan/2023:10:18:20 +0800] "GET /xingrg/all/function/internal_message.html?_=1673662951144&CODE_STATE=getMsg HTTP/1.1" 200 27
116.192.124.172 - - [14/Jan/2023:10:18:21 +0800] "GET /xingrg/all/function/internal_message.html?_=1673662717893&CODE_STATE=getMsg HTTP/1.1" 302 -
101.83.145.75 - - [14/Jan/2023:10:18:32 +0800] "GET /xingrg/check_reg.html?_=1673662733333 HTTP/1.1" 200 22
222.70.177.10 - - [14/Jan/2023:10:18:35 +0800] "GET /xingrg/check_reg.html?_=1673662728806 HTTP/1.1" 200 22
222.70.177.10 - - [14/Jan/2023:10:18:35 +0800] "GET /xingrg/all/function/internal_message.html?_=1673662729261&CODE_STATE=getMsg HTTP/1.1" 200 27
116.238.139.35 - - [14/Jan/2023:10:18:36 +0800] "POST /xingrg/dwr/call/plaincall/AjaxComOrderService.getMaterielSearchList.dwr HTTP/1.1" 200 2031
114.83.219.41 - - [14/Jan/2023:10:18:37 +0800] "GET /xingrg/all/function/internal_message.html?_=1673662733544&CODE_STATE=getMsg HTTP/1.1" 200 27
116.238.139.35 - - [14/Jan/2023:10:18:37 +0800] "POST /xingrg/dwr/call/plaincall/AjaxComOrderService.getMaterielSearchList.dwr HTTP/1.1" 200 2031
221.239.170.112 - - [14/Jan/2023:10:18:37 +0800] "GET /xingrg/kc/buy/cgsh_order_operate.html?command=get_materiel&rest_code=00145&code=00101011001&supplier_code=00100047&order_time=2023-01-08 HTTP/1.1" 200 423
114.84.81.136 - - [14/Jan/2023:10:18:38 +0800] "GET /xingrg/all/function/internal_message.html?_=1673662743971&CODE_STATE=getMsg HTTP/1.1" 200 27
116.238.139.35 - - [14/Jan/2023:10:18:38 +0800] "POST /xingrg/dwr/call/plaincall/AjaxYddbService.getMaterielByMap.dwr HTTP/1.1" 200 2363
116.238.139.35 - - [14/Jan/2023:10:18:39 +0800] "GET /xingrg/all/function/internal_message.html?_=1673662738227&CODE_STATE=getMsg HTTP/1.1" 200 27
116.238.139.35 - - [14/Jan/2023:10:18:41 +0800] "POST /xingrg/dwr/call/plaincall/AjaxYddbService.getUnitPrice.dwr HTTP/1.1" 200 87
116.238.139.35 - - [14/Jan/2023:10:18:43 +0800] "POST /xingrg/dwr/call/plaincall/AjaxYddbService.saveMaterielItem.dwr HTTP/1.1" 200 79
221.239.170.112 - - [14/Jan/2023:10:18:45 +0800] "POST /xingrg/kc/buy/cgsh_order_operate.html HTTP/1.1" 200 37
221.239.170.112 - - [14/Jan/2023:10:18:46 +0800] "POST /xingrg/kc/buy/cgsh_order_operate.html HTTP/1.1" 200 3256
58.40.7.146 - - [14/Jan/2023:10:18:48 +0800] "GET /xingrg/all/function/internal_message.html?_=1673662744864&CODE_STATE=getMsg HTTP/1.1" 200 27
116.230.105.139 - - [14/Jan/2023:10:18:57 +0800] "GET /xingrg/all/function/internal_message.html?_=1673662694491&CODE_STATE=getMsg HTTP/1.1" 200 27
221.239.170.112 - - [14/Jan/2023:10:18:57 +0800] "POST /xingrg/kc/buy/cgsh_order_operate.html HTTP/1.1" 200 37
221.239.170.112 - - [14/Jan/2023:10:19:01 +0800] "POST /xingrg/kc/buy/cgsh_order_operate.html HTTP/1.1" 200 12
221.239.170.112 - - [14/Jan/2023:10:19:03 +0800] "GET /xingrg/kc/buy/cgsh_order_info.html?code=212023011404038 HTTP/1.1" 200 63799
221.239.170.112 - - [14/Jan/2023:10:19:04 +0800] "GET /xingrg/javascript/easyui/themes/default/validatebox.css HTTP/1.1" 404 1104
221.239.170.112 - - [14/Jan/2023:10:19:05 +0800] "POST /xingrg/kc/buy/cgsh_order_operate.html HTTP/1.1" 200 1206
221.239.170.112 - - [14/Jan/2023:10:19:05 +0800] "GET /xingrg/all/function/internal_message.html?_=1673662758123&CODE_STATE=getMsg HTTP/1.1" 200 27
58.40.7.146 - - [14/Jan/2023:10:19:06 +0800] "GET /xingrg/check_reg.html?_=1673662762684 HTTP/1.1" 200 22
61.170.235.74 - - [14/Jan/2023:10:19:06 +0800] "GET /xingrg/all/function/internal_message.html?_=1673662763094&CODE_STATE=getMsg HTTP/1.1" 200 27
116.235.244.242 - - [14/Jan/2023:10:19:09 +0800] "GET /xingrg/all/function/internal_message.html?_=1673662787286&CODE_STATE=getMsg HTTP/1.1" 200 27
101.83.145.75 - - [14/Jan/2023:10:19:11 +0800] "GET /xingrg/all/function/internal_message.html?_=1673662771803&CODE_STATE=getMsg HTTP/1.1" 200 27
221.239.170.112 - - [14/Jan/2023:10:19:16 +0800] "GET /xingrg/kc/print/load_data.html?order_code=212023011404038&kc_code=cgsh&condition= HTTP/1.1" 200 992
116.235.93.82 - - [14/Jan/2023:10:19:20 +0800] "GET /xingrg/all/function/internal_message.html?_=1673663011114&CODE_STATE=getMsg HTTP/1.1" 200 27
221.239.170.112 - - [14/Jan/2023:10:19:20 +0800] "GET /xingrg/check_reg.html?_=1673662772710 HTTP/1.1" 200 22
116.192.124.172 - - [14/Jan/2023:10:19:21 +0800] "GET /xingrg/all/function/internal_message.html?_=1673662777880&CODE_STATE=getMsg HTTP/1.1" 302 -
116.238.139.35 - - [14/Jan/2023:10:19:34 +0800] "POST /xingrg/dwr/call/plaincall/AjaxComOrderService.getMaterielSearchList.dwr HTTP/1.1" 200 26757
116.238.139.35 - - [14/Jan/2023:10:19:35 +0800] "POST /xingrg/dwr/call/plaincall/AjaxComOrderService.getMaterielSearchList.dwr HTTP/1.1" 200 3073
222.70.177.10 - - [14/Jan/2023:10:19:35 +0800] "GET /xingrg/all/function/internal_message.html?_=1673662789246&CODE_STATE=getMsg HTTP/1.1" 200 27
114.83.219.41 - - [14/Jan/2023:10:19:37 +0800] "GET /xingrg/all/function/internal_message.html?_=1673662793547&CODE_STATE=getMsg HTTP/1.1" 200 27
114.83.219.41 - - [14/Jan/2023:10:19:37 +0800] "GET /xingrg/check_reg.html?_=1673662793552 HTTP/1.1" 200 22
114.84.81.136 - - [14/Jan/2023:10:19:38 +0800] "GET /xingrg/all/function/internal_message.html?_=1673662803969&CODE_STATE=getMsg HTTP/1.1" 200 27
116.238.139.35 - - [14/Jan/2023:10:19:39 +0800] "GET /xingrg/all/function/internal_message.html?_=1673662798230&CODE_STATE=getMsg HTTP/1.1" 200 27
116.238.139.35 - - [14/Jan/2023:10:19:45 +0800] "POST /xingrg/dwr/call/plaincall/AjaxYddbService.getMaterielByMap.dwr HTTP/1.1" 200 2385
58.40.7.146 - - [14/Jan/2023:10:19:48 +0800] "GET /xingrg/all/function/internal_message.html?_=1673662804844&CODE_STATE=getMsg HTTP/1.1" 200 27
116.230.105.139 - - [14/Jan/2023:10:19:57 +0800] "GET /xingrg/all/function/internal_message.html?_=1673662754510&CODE_STATE=getMsg HTTP/1.1" 200 27
221.239.170.112 - - [14/Jan/2023:10:20:05 +0800] "GET /xingrg/all/function/internal_message.html?_=1673662818097&CODE_STATE=getMsg HTTP/1.1" 200 27
61.170.235.74 - - [14/Jan/2023:10:20:06 +0800] "GET /xingrg/check_reg.html?_=1673662823097 HTTP/1.1" 200 22
61.170.235.74 - - [14/Jan/2023:10:20:06 +0800] "GET /xingrg/all/function/internal_message.html?_=1673662823099&CODE_STATE=getMsg HTTP/1.1" 200 27
116.235.244.242 - - [14/Jan/2023:10:20:08 +0800] "GET /xingrg/all/function/internal_message.html?_=1673662847292&CODE_STATE=getMsg HTTP/1.1" 200 27
101.83.145.75 - - [14/Jan/2023:10:20:11 +0800] "GET /xingrg/all/function/internal_message.html?_=1673662831786&CODE_STATE=getMsg HTTP/1.1" 200 27
116.235.93.82 - - [14/Jan/2023:10:20:20 +0800] "GET /xingrg/all/function/internal_message.html?_=1673663071089&CODE_STATE=getMsg HTTP/1.1" 200 27
116.192.124.172 - - [14/Jan/2023:10:20:21 +0800] "GET /xingrg/all/function/internal_message.html?_=1673662837893&CODE_STATE=getMsg HTTP/1.1" 302 -
222.70.177.10 - - [14/Jan/2023:10:20:35 +0800] "GET /xingrg/all/function/internal_message.html?_=1673662849231&CODE_STATE=getMsg HTTP/1.1" 200 27
114.83.219.41 - - [14/Jan/2023:10:20:36 +0800] "GET /xingrg/all/function/internal_message.html?_=1673662853546&CODE_STATE=getMsg HTTP/1.1" 200 27
114.84.81.136 - - [14/Jan/2023:10:20:38 +0800] "GET /xingrg/check_reg.html?_=1673662863967 HTTP/1.1" 200 22
114.84.81.136 - - [14/Jan/2023:10:20:38 +0800] "GET /xingrg/all/function/internal_message.html?_=1673662863968&CODE_STATE=getMsg HTTP/1.1" 200 27
116.238.139.35 - - [14/Jan/2023:10:20:39 +0800] "GET /xingrg/check_reg.html?_=1673662858218 HTTP/1.1" 200 22
116.238.139.35 - - [14/Jan/2023:10:20:39 +0800] "GET /xingrg/all/function/internal_message.html?_=1673662858222&CODE_STATE=getMsg HTTP/1.1" 200 27
58.40.7.146 - - [14/Jan/2023:10:20:48 +0800] "GET /xingrg/all/function/internal_message.html?_=1673662864823&CODE_STATE=getMsg HTTP/1.1" 200 27
116.230.105.139 - - [14/Jan/2023:10:20:57 +0800] "GET /xingrg/check_reg.html?_=1673662814494 HTTP/1.1" 200 22
116.230.105.139 - - [14/Jan/2023:10:20:57 +0800] "GET /xingrg/all/function/internal_message.html?_=1673662814495&CODE_STATE=getMsg HTTP/1.1" 200 27
221.239.170.112 - - [14/Jan/2023:10:21:04 +0800] "GET /xingrg/kc/buy/cgsh_order_add.html HTTP/1.1" 200 68896
221.239.170.112 - - [14/Jan/2023:10:21:04 +0800] "POST /xingrg/kc/buy/cgsh_order_operate.html HTTP/1.1" 200 8245
221.239.170.112 - - [14/Jan/2023:10:21:04 +0800] "GET /xingrg/javascript/easyui/themes/default/validatebox.css HTTP/1.1" 404 1104
221.239.170.112 - - [14/Jan/2023:10:21:05 +0800] "GET /xingrg/all/function/internal_message.html?_=1673662878080&CODE_STATE=getMsg HTTP/1.1" 200 27
61.170.235.74 - - [14/Jan/2023:10:21:06 +0800] "GET /xingrg/all/function/internal_message.html?_=1673662883101&CODE_STATE=getMsg HTTP/1.1" 200 27
116.235.244.242 - - [14/Jan/2023:10:21:09 +0800] "GET /xingrg/all/function/internal_message.html?_=1673662907767&CODE_STATE=getMsg HTTP/1.1" 200 27
