61.170.235.74 - - [14/Jan/2023:11:00:08 +0800] "POST /xingrg/all/common/load_combo.html?type=base HTTP/1.1" 200 3227
116.235.244.242 - - [14/Jan/2023:11:00:09 +0800] "POST /xingrg/services/DataTransmitService HTTP/1.1" 200 524
172.20.0.100 - - [14/Jan/2023:11:00:10 +0800] "GET /xingrg/all/function/internal_message.html?_=1673665226069&CODE_STATE=getMsg HTTP/1.1" 200 27
172.20.0.100 - - [14/Jan/2023:11:00:10 +0800] "GET /xingrg/check_reg.html?_=1673665226071 HTTP/1.1" 200 22
101.83.145.75 - - [14/Jan/2023:11:00:10 +0800] "GET /xingrg/all/function/internal_message.html?_=1673665230800&CODE_STATE=getMsg HTTP/1.1" 200 27
116.232.38.20 - - [14/Jan/2023:11:00:10 +0800] "POST /xingrg/services/DataTransmitService HTTP/1.1" 200 524
116.232.38.20 - - [14/Jan/2023:11:00:11 +0800] "POST /xingrg/services/DataTransmitService HTTP/1.1" 200 2247
116.232.38.20 - - [14/Jan/2023:11:00:12 +0800] "POST /xingrg/services/DataTransmitService HTTP/1.1" 200 202292
180.169.147.146 - - [14/Jan/2023:11:00:12 +0800] "GET /xingrg/kc/buy/cgsh_order_operate.html?command=get_materiel&rest_code=00147&code=00101008027&supplier_code=00100007&order_time=2023-01-14 HTTP/1.1" 200 409
221.239.170.112 - - [14/Jan/2023:11:00:15 +0800] "GET /xingrg/kc/buy/cgsh_order_operate.html?command=get_materiel&rest_code=00145&code=00101012029&supplier_code=00100554&order_time=2023-01-09 HTTP/1.1" 200 412
116.238.139.35 - - [14/Jan/2023:11:00:15 +0800] "GET /xingrg/all/function/internal_message.html?_=1673665234094&CODE_STATE=getMsg HTTP/1.1" 200 27
116.235.244.242 - - [14/Jan/2023:11:00:15 +0800] "POST /xingrg/services/DataTransmitService HTTP/1.1" 200 501
61.170.235.74 - - [14/Jan/2023:11:00:16 +0800] "GET /xingrg/all/function/internal_message.html?_=1673665233007&CODE_STATE=getMsg HTTP/1.1" 200 27
116.235.244.242 - - [14/Jan/2023:11:00:16 +0800] "GET /xingrg/all/function/internal_message.html?_=1673665255166&CODE_STATE=getMsg HTTP/1.1" 200 27
116.235.93.82 - - [14/Jan/2023:11:00:19 +0800] "GET /xingrg/all/function/internal_message.html?_=1673665470143&CODE_STATE=getMsg HTTP/1.1" 200 27
180.169.147.146 - - [14/Jan/2023:11:00:20 +0800] "GET /xingrg/kc/buy/cgsh_order_operate.html?command=get_materiel&rest_code=00147&code=00101008331&supplier_code=00100007&order_time=2023-01-14 HTTP/1.1" 200 431
116.192.124.172 - - [14/Jan/2023:11:00:22 +0800] "GET /xingrg/all/function/internal_message.html?_=1673665237901&CODE_STATE=getMsg HTTP/1.1" 302 -
180.162.115.82 - - [14/Jan/2023:11:00:24 +0800] "GET /xingrg/kc/buy/buy_main.html HTTP/1.1" 200 12412
180.162.115.82 - - [14/Jan/2023:11:00:24 +0800] "GET /xingrg/javascript/jquery_easy_ui/themes/default/images/tabs_close.gif HTTP/1.1" 304 -
180.162.115.82 - - [14/Jan/2023:11:00:24 +0800] "GET /xingrg/css/blue.css HTTP/1.1" 304 -
180.162.115.82 - - [14/Jan/2023:11:00:24 +0800] "GET /xingrg/css/new_ie.css HTTP/1.1" 404 1036
180.162.115.82 - - [14/Jan/2023:11:00:24 +0800] "GET /xingrg/javascript/jquery_ui/themes/humanity/humanity.css HTTP/1.1" 304 -
180.162.115.82 - - [14/Jan/2023:11:00:24 +0800] "GET /xingrg/javascript/pic_change.js HTTP/1.1" 304 -
180.162.115.82 - - [14/Jan/2023:11:00:24 +0800] "GET /xingrg/javascript/ToolTips.js HTTP/1.1" 304 -
180.162.115.82 - - [14/Jan/2023:11:00:24 +0800] "GET /xingrg/javascript/myfunction.js HTTP/1.1" 304 -
180.162.115.82 - - [14/Jan/2023:11:00:24 +0800] "GET /xingrg/javascript/jquery_ui/jquery-ui.min.js HTTP/1.1" 304 -
180.162.115.82 - - [14/Jan/2023:11:00:24 +0800] "GET /xingrg/images/blue/button/cgxqd.gif HTTP/1.1" 304 -
180.162.115.82 - - [14/Jan/2023:11:00:24 +0800] "GET /xingrg/images/blue/button/cgydd.gif HTTP/1.1" 304 -
180.162.115.82 - - [14/Jan/2023:11:00:24 +0800] "GET /xingrg/images/blue/button/cgshd.gif HTTP/1.1" 304 -
180.162.115.82 - - [14/Jan/2023:11:00:24 +0800] "GET /xingrg/images/blue/button/cgfkd.gif HTTP/1.1" 304 -
180.162.115.82 - - [14/Jan/2023:11:00:24 +0800] "GET /xingrg/images/blue/button/kc.gif HTTP/1.1" 304 -
180.162.115.82 - - [14/Jan/2023:11:00:24 +0800] "GET /xingrg/images/blue/button/ckthd.gif HTTP/1.1" 304 -
180.162.115.82 - - [14/Jan/2023:11:00:24 +0800] "GET /xingrg/images/blue/pic_form2.gif HTTP/1.1" 304 -
180.162.115.82 - - [14/Jan/2023:11:00:24 +0800] "GET /xingrg/javascript/jquery_ui/themes/humanity/images/ui-bg_inset-soft_100_f4f0ec_1x100.png HTTP/1.1" 304 -
180.162.115.82 - - [14/Jan/2023:11:00:24 +0800] "GET /xingrg/images/blue/bg_dotted.jpg HTTP/1.1" 304 -
180.162.115.82 - - [14/Jan/2023:11:00:24 +0800] "GET /xingrg/images/blue/button/right_ah.jpg HTTP/1.1" 304 -
180.162.115.82 - - [14/Jan/2023:11:00:24 +0800] "GET /xingrg/images/blue/button/down_ah.jpg HTTP/1.1" 304 -
180.162.115.82 - - [14/Jan/2023:11:00:24 +0800] "GET /xingrg/javascript/jquery_ui/themes/humanity/images/ui-iconsnew.jpg HTTP/1.1" 304 -
180.162.115.82 - - [14/Jan/2023:11:00:24 +0800] "GET /xingrg/javascript/jquery_ui/themes/humanity/images/ui-icons_ffffff_256x240.png HTTP/1.1" 304 -
180.162.115.82 - - [14/Jan/2023:11:00:24 +0800] "GET /xingrg/javascript/jquery_ui/themes/humanity/images/ui-icons_c47a23_256x240.png HTTP/1.1" 304 -
180.162.115.82 - - [14/Jan/2023:11:00:24 +0800] "GET /xingrg/javascript/jquery_ui/themes/humanity/images/ui-bg_glass_70_ede4d4_1x400.png HTTP/1.1" 304 -
180.162.115.82 - - [14/Jan/2023:11:00:25 +0800] "GET /xingrg/images/yd/bt.gif HTTP/1.1" 404 1040
180.162.115.82 - - [14/Jan/2023:11:00:25 +0800] "GET /xingrg/kc/buy/cgsh_order_list.html HTTP/1.1" 200 53926
180.162.115.82 - - [14/Jan/2023:11:00:25 +0800] "GET /xingrg/css/base.css HTTP/1.1" 304 -
180.162.115.82 - - [14/Jan/2023:11:00:25 +0800] "GET /xingrg/css/site.css HTTP/1.1" 304 -
180.162.115.82 - - [14/Jan/2023:11:00:25 +0800] "GET /xingrg/javascript/jquery_tools/datebox.css HTTP/1.1" 304 -
180.162.115.82 - - [14/Jan/2023:11:00:25 +0800] "GET /xingrg/javascript/easyui/themes/default/easyui.css HTTP/1.1" 304 -
180.162.115.82 - - [14/Jan/2023:11:00:26 +0800] "GET /xingrg/javascript/easyui/themes/icon.css HTTP/1.1" 304 -
180.162.115.82 - - [14/Jan/2023:11:00:26 +0800] "GET /xingrg/javascript/auto/jquery.autocomplete.css HTTP/1.1" 304 -
180.162.115.82 - - [14/Jan/2023:11:00:26 +0800] "GET /xingrg/javascript/jquery_tools/fix.css HTTP/1.1" 304 -
180.162.115.82 - - [14/Jan/2023:11:00:26 +0800] "GET /xingrg/javascript/jquery_tools/table.css HTTP/1.1" 304 -
180.162.115.82 - - [14/Jan/2023:11:00:26 +0800] "GET /xingrg/javascript/jquery_tools/jquery.tools.min.js HTTP/1.1" 304 -
180.162.115.82 - - [14/Jan/2023:11:00:26 +0800] "GET /xingrg/javascript/jquery_tools/jquery.tools.extend.js HTTP/1.1" 304 -
180.162.115.82 - - [14/Jan/2023:11:00:26 +0800] "GET /xingrg/javascript/jquery_tools/jquery.tools.hotkey.js HTTP/1.1" 304 -
180.162.115.82 - - [14/Jan/2023:11:00:26 +0800] "GET /xingrg/javascript/jquery_tools/list_manager.js HTTP/1.1" 304 -
180.162.115.82 - - [14/Jan/2023:11:00:26 +0800] "GET /xingrg/javascript/auto/jquery.autocomplete.js HTTP/1.1" 304 -
180.162.115.82 - - [14/Jan/2023:11:00:26 +0800] "GET /xingrg/javascript/jquery_tools/jquery.tools.table.js HTTP/1.1" 304 -
180.162.115.82 - - [14/Jan/2023:11:00:26 +0800] "GET /xingrg/javascript/jquery.cookie.js HTTP/1.1" 304 -
180.162.115.82 - - [14/Jan/2023:11:00:26 +0800] "GET /xingrg/javascript/print/LodopFuncs.js HTTP/1.1" 304 -
180.162.115.82 - - [14/Jan/2023:11:00:26 +0800] "GET /xingrg/javascript/easyui/easyloader.js HTTP/1.1" 304 -
180.162.115.82 - - [14/Jan/2023:11:00:26 +0800] "GET /xingrg/javascript/easyui/themes/icons/check_new.png HTTP/1.1" 304 -
180.162.115.82 - - [14/Jan/2023:11:00:26 +0800] "GET /xingrg/javascript/easyui/themes/icons/cance_new.png HTTP/1.1" 304 -
180.162.115.82 - - [14/Jan/2023:11:00:26 +0800] "GET /xingrg/javascript/easyui/themes/icons/edit_add_new.png HTTP/1.1" 304 -
180.162.115.82 - - [14/Jan/2023:11:00:26 +0800] "GET /xingrg/javascript/easyui/themes/icons/field_new.png HTTP/1.1" 304 -
180.162.115.82 - - [14/Jan/2023:11:00:26 +0800] "GET /xingrg/javascript/easyui/themes/icons/import_new.png HTTP/1.1" 304 -
180.162.115.82 - - [14/Jan/2023:11:00:26 +0800] "GET /xingrg/javascript/easyui/plugins/jquery.parser.js HTTP/1.1" 304 -
180.162.115.82 - - [14/Jan/2023:11:00:26 +0800] "GET /xingrg/images/control/ajaxLoader.gif HTTP/1.1" 304 -
180.162.115.82 - - [14/Jan/2023:11:00:29 +0800] "POST /xingrg/kc/buy/cgsh_list_operate.html HTTP/1.1" 200 1875
180.162.115.82 - - [14/Jan/2023:11:00:30 +0800] "GET /xingrg/javascript/easyui/themes/default/images/button_plain_hover.png HTTP/1.1" 304 -
180.169.147.146 - - [14/Jan/2023:11:00:30 +0800] "GET /xingrg/kc/buy/cgsh_order_operate.html?command=get_materiel&rest_code=00147&code=00101008354&supplier_code=00100007&order_time=2023-01-14 HTTP/1.1" 200 428
180.162.115.82 - - [14/Jan/2023:11:00:32 +0800] "GET /xingrg/javascript/jquery_easy_ui/themes/default/images/tabs_active.png HTTP/1.1" 304 -
61.170.235.74 - - [14/Jan/2023:11:00:33 +0800] "GET /xingrg/kc/base/wldb_order_operate.html?command=get_materiel&rest_code=00106&base_code=0010397&code=00102002315 HTTP/1.1" 200 462
120.253.135.82 - - [14/Jan/2023:11:00:33 +0800] "GET /xingrg/all/function/internal_message.html?_=1673665063955&CODE_STATE=getMsg HTTP/1.1" 200 27
222.70.177.10 - - [14/Jan/2023:11:00:35 +0800] "GET /xingrg/all/function/internal_message.html?_=1673665248880&CODE_STATE=getMsg HTTP/1.1" 200 27
180.162.115.82 - - [14/Jan/2023:11:00:35 +0800] "GET /xingrg/kc/mdqp/qp_main.html HTTP/1.1" 200 10633
180.162.115.82 - - [14/Jan/2023:11:00:35 +0800] "GET /xingrg/images/blue/button/qqpsd.gif HTTP/1.1" 304 -
180.162.115.82 - - [14/Jan/2023:11:00:35 +0800] "GET /xingrg/images/blue/button/pszx.gif HTTP/1.1" 304 -
180.162.115.82 - - [14/Jan/2023:11:00:35 +0800] "GET /xingrg/images/blue/button/psshd.gif HTTP/1.1" 304 -
114.84.81.136 - - [14/Jan/2023:11:00:36 +0800] "GET /xingrg/all/function/internal_message.html?_=1673665254648&CODE_STATE=getMsg HTTP/1.1" 200 27
180.162.115.82 - - [14/Jan/2023:11:00:36 +0800] "GET /xingrg/images/yd/bt.gif HTTP/1.1" 404 1040
114.83.219.41 - - [14/Jan/2023:11:00:37 +0800] "GET /xingrg/all/function/internal_message.html?_=1673665253689&CODE_STATE=getMsg HTTP/1.1" 200 27
114.84.81.136 - - [14/Jan/2023:11:00:38 +0800] "GET /xingrg/all/function/internal_message.html?_=1673665264036&CODE_STATE=getMsg HTTP/1.1" 200 27
114.84.81.136 - - [14/Jan/2023:11:00:38 +0800] "GET /xingrg/check_reg.html?_=1673665264038 HTTP/1.1" 200 22
180.169.147.146 - - [14/Jan/2023:11:00:40 +0800] "GET /xingrg/kc/buy/cgsh_order_operate.html?command=get_materiel&rest_code=00147&code=00101008351&supplier_code=00100007&order_time=2023-01-14 HTTP/1.1" 200 408
180.162.115.82 - - [14/Jan/2023:11:00:40 +0800] "GET /xingrg/kc/mdqp/qqps_order_list.html HTTP/1.1" 200 9222
180.162.115.82 - - [14/Jan/2023:11:00:40 +0800] "GET /xingrg/dwr/interface/AjaxQqpsService.js HTTP/1.1" 200 16326
180.162.115.82 - - [14/Jan/2023:11:00:40 +0800] "GET /xingrg/dwr/interface/AjaxReportQueryService.js HTTP/1.1" 200 13203
180.162.115.82 - - [14/Jan/2023:11:00:40 +0800] "GET /xingrg/dwr/engine.js HTTP/1.1" 200 43631
180.162.115.82 - - [14/Jan/2023:11:00:40 +0800] "GET /xingrg/javascript/Calendar.js HTTP/1.1" 304 -
180.162.115.82 - - [14/Jan/2023:11:00:40 +0800] "GET /xingrg/dwr/util.js HTTP/1.1" 200 35990
180.162.115.82 - - [14/Jan/2023:11:00:40 +0800] "GET /xingrg/javascript/jquery_easy_ui/themes/icons/cance_new.png HTTP/1.1" 304 -
180.162.115.82 - - [14/Jan/2023:11:00:40 +0800] "GET /xingrg/javascript/jquery_easy_ui/themes/icons/uncheck_new.png HTTP/1.1" 304 -
180.162.115.82 - - [14/Jan/2023:11:00:40 +0800] "GET /xingrg/javascript/jquery_easy_ui/themes/icons/check_new.png HTTP/1.1" 304 -
180.162.115.82 - - [14/Jan/2023:11:00:40 +0800] "GET /xingrg/javascript/jquery_easy_ui/themes/icons/edit_add_new.png HTTP/1.1" 304 -
180.162.115.82 - - [14/Jan/2023:11:00:41 +0800] "GET /xingrg/javascript/jquery_easy_ui/themes/default/images/button_plain_hover.png HTTP/1.1" 304 -
180.169.147.146 - - [14/Jan/2023:11:00:44 +0800] "GET /xingrg/check_reg.html?_=1673665265829 HTTP/1.1" 200 22
180.162.115.82 - - [14/Jan/2023:11:00:45 +0800] "GET /xingrg/kc/mdqp/qqps_order_add.html HTTP/1.1" 200 26162
180.162.115.82 - - [14/Jan/2023:11:00:45 +0800] "GET /xingrg/javascript/tools/jquery.qtip-1.0.0-rc3.min.js HTTP/1.1" 304 -
180.162.115.82 - - [14/Jan/2023:11:00:45 +0800] "GET /xingrg/javascript/AjaxInfoList.js HTTP/1.1" 304 -
180.162.115.82 - - [14/Jan/2023:11:00:45 +0800] "GET /xingrg/dwr/interface/AjaxComOrderService.js HTTP/1.1" 200 18264
180.162.115.82 - - [14/Jan/2023:11:00:45 +0800] "GET /xingrg/dwr/interface/AjaxQqpsService.js HTTP/1.1" 200 16326
180.162.115.82 - - [14/Jan/2023:11:00:45 +0800] "GET /xingrg/dwr/engine.js HTTP/1.1" 200 43631
180.162.115.82 - - [14/Jan/2023:11:00:45 +0800] "GET /xingrg/javascript/Grid.js HTTP/1.1" 304 -
180.162.115.82 - - [14/Jan/2023:11:00:45 +0800] "GET /xingrg/javascript/print/kc_print.js HTTP/1.1" 304 -
114.83.219.41 - - [14/Jan/2023:11:00:45 +0800] "POST /xingrg/services/DataTransmitService HTTP/1.1" 200 524
180.162.115.82 - - [14/Jan/2023:11:00:45 +0800] "GET /xingrg/words/20230113132623_words.js HTTP/1.1" 200 944041
180.162.115.82 - - [14/Jan/2023:11:00:45 +0800] "GET /xingrg/javascript/jquery_easy_ui/themes/default/images/menu_downarrow.png HTTP/1.1" 304 -
180.162.115.82 - - [14/Jan/2023:11:00:45 +0800] "GET /xingrg/javascript/jquery_easy_ui/themes/icons/print.png HTTP/1.1" 304 -
180.162.115.82 - - [14/Jan/2023:11:00:45 +0800] "GET /xingrg/javascript/jquery_easy_ui/themes/icons/ok.png HTTP/1.1" 304 -
180.162.115.82 - - [14/Jan/2023:11:00:45 +0800] "GET /xingrg/javascript/jquery_easy_ui/themes/icons/copy_new.png HTTP/1.1" 304 -
180.162.115.82 - - [14/Jan/2023:11:00:45 +0800] "GET /xingrg/javascript/jquery_easy_ui/themes/icons/template_new.png HTTP/1.1" 304 -
180.162.115.82 - - [14/Jan/2023:11:00:45 +0800] "GET /xingrg/javascript/jquery_easy_ui/themes/icons/back_new.png HTTP/1.1" 304 -
180.162.115.82 - - [14/Jan/2023:11:00:46 +0800] "GET /xingrg/images/blue/button/kc_tab_add.gif HTTP/1.1" 304 -
180.162.115.82 - - [14/Jan/2023:11:00:46 +0800] "GET /xingrg/images/blue/button/kc_tab_edit.gif HTTP/1.1" 304 -
180.162.115.82 - - [14/Jan/2023:11:00:46 +0800] "GET /xingrg/images/blue/button/kc_tab_save.gif HTTP/1.1" 304 -
180.162.115.82 - - [14/Jan/2023:11:00:46 +0800] "GET /xingrg/images/blue/button/kc_tab_del.gif HTTP/1.1" 304 -
180.162.115.82 - - [14/Jan/2023:11:00:46 +0800] "GET /xingrg/javascript/jquery_easy_ui/themes/default/images/combo_arrow_dot.gif HTTP/1.1" 304 -
180.162.115.82 - - [14/Jan/2023:11:00:46 +0800] "GET /xingrg/images/blue/kc_tab_left.gif HTTP/1.1" 304 -
180.162.115.82 - - [14/Jan/2023:11:00:46 +0800] "GET /xingrg/images/blue/kc_tab_mid.gif HTTP/1.1" 304 -
180.162.115.82 - - [14/Jan/2023:11:00:46 +0800] "GET /xingrg/images/blue/kc_tab_right.gif HTTP/1.1" 304 -
180.162.115.82 - - [14/Jan/2023:11:00:46 +0800] "GET /xingrg/images/blue/kc_tab2_left.gif HTTP/1.1" 304 -
180.162.115.82 - - [14/Jan/2023:11:00:46 +0800] "GET /xingrg/images/blue/kc_tab2_right.gif HTTP/1.1" 304 -
58.40.7.146 - - [14/Jan/2023:11:00:47 +0800] "GET /xingrg/all/function/internal_message.html?_=1673665264143&CODE_STATE=getMsg HTTP/1.1" 200 27
61.170.235.74 - - [14/Jan/2023:11:00:49 +0800] "GET /xingrg/kc/base/wldb_order_operate.html?command=get_materiel&rest_code=00106&base_code=0010397&code=00102002304 HTTP/1.1" 200 464
114.84.81.136 - - [14/Jan/2023:11:00:50 +0800] "GET /xingrg/check_reg.html?_=1673665268438 HTTP/1.1" 200 22
180.169.147.146 - - [14/Jan/2023:11:00:50 +0800] "GET /xingrg/kc/buy/cgsh_order_operate.html?command=get_materiel&rest_code=00147&code=00101008026&supplier_code=00100007&order_time=2023-01-14 HTTP/1.1" 200 409
114.83.219.41 - - [14/Jan/2023:11:00:51 +0800] "POST /xingrg/services/DataTransmitService HTTP/1.1" 200 501
180.162.115.82 - - [14/Jan/2023:11:00:55 +0800] "GET /xingrg/images/blue/wait.gif HTTP/1.1" 304 -
180.162.115.82 - - [14/Jan/2023:11:00:55 +0800] "POST /xingrg/dwr/call/plaincall/AjaxQqpsService.saveOrder.dwr HTTP/1.1" 200 78
180.162.115.82 - - [14/Jan/2023:11:00:56 +0800] "GET /xingrg/all/function/internal_message.html?_=1673664250969&CODE_STATE=getMsg HTTP/1.1" 200 27
116.230.105.139 - - [14/Jan/2023:11:00:57 +0800] "GET /xingrg/all/function/internal_message.html?_=1673665214356&CODE_STATE=getMsg HTTP/1.1" 200 27
116.230.105.139 - - [14/Jan/2023:11:00:57 +0800] "GET /xingrg/check_reg.html?_=1673665214492 HTTP/1.1" 200 22
180.169.147.146 - - [14/Jan/2023:11:00:59 +0800] "GET /xingrg/kc/buy/cgsh_order_operate.html?command=get_materiel&rest_code=00147&code=00101008110&supplier_code=00100007&order_time=2023-01-14 HTTP/1.1" 200 408
114.84.81.136 - - [14/Jan/2023:11:01:02 +0800] "GET /xingrg/all/function/internal_message.html?_=1673665280953&CODE_STATE=getMsg HTTP/1.1" 200 27
221.239.170.112 - - [14/Jan/2023:11:01:05 +0800] "GET /xingrg/all/function/internal_message.html?_=1673665277408&CODE_STATE=getMsg HTTP/1.1" 200 27
61.170.235.74 - - [14/Jan/2023:11:01:06 +0800] "GET /xingrg/all/function/internal_message.html?_=1673665283196&CODE_STATE=getMsg HTTP/1.1" 200 27
180.169.147.146 - - [14/Jan/2023:11:01:07 +0800] "GET /xingrg/kc/buy/cgsh_order_operate.html?command=get_materiel&rest_code=00147&code=00101008038&supplier_code=00100007&order_time=2023-01-14 HTTP/1.1" 200 412
116.192.124.172 - - [14/Jan/2023:11:01:09 +0800] "GET /xingrg/check_reg.html?_=1673665285463 HTTP/1.1" 302 -
172.20.0.100 - - [14/Jan/2023:11:01:10 +0800] "GET /xingrg/all/function/internal_message.html?_=1673665286073&CODE_STATE=getMsg HTTP/1.1" 200 27
101.83.145.75 - - [14/Jan/2023:11:01:10 +0800] "GET /xingrg/all/function/internal_message.html?_=1673665290768&CODE_STATE=getMsg HTTP/1.1" 200 27
61.170.235.74 - - [14/Jan/2023:11:01:12 +0800] "POST /xingrg/kc/base/wldb_order_operate.html HTTP/1.1" 200 37
61.170.235.74 - - [14/Jan/2023:11:01:13 +0800] "POST /xingrg/kc/base/wldb_order_operate.html HTTP/1.1" 200 2709
61.170.235.74 - - [14/Jan/2023:11:01:13 +0800] "GET /xingrg/kc/base/wldb_order_info.html?code=422023011400784 HTTP/1.1" 200 30436
221.239.170.112 - - [14/Jan/2023:11:01:13 +0800] "GET /xingrg/kc/buy/cgsh_order_operate.html?command=get_materiel&rest_code=00145&code=00101012070&supplier_code=00100554&order_time=2023-01-09 HTTP/1.1" 200 412
61.170.235.74 - - [14/Jan/2023:11:01:13 +0800] "GET /xingrg/javascript/easyui/themes/default/validatebox.css HTTP/1.1" 404 1104
61.170.235.74 - - [14/Jan/2023:11:01:14 +0800] "POST /xingrg/kc/base/wldb_order_operate.html HTTP/1.1" 200 2709
180.169.147.146 - - [14/Jan/2023:11:01:14 +0800] "GET /xingrg/kc/buy/cgsh_order_operate.html?command=get_materiel&rest_code=00147&code=00101008264&supplier_code=00100007&order_time=2023-01-14 HTTP/1.1" 200 412
116.238.139.35 - - [14/Jan/2023:11:01:15 +0800] "GET /xingrg/all/function/internal_message.html?_=1673665294096&CODE_STATE=getMsg HTTP/1.1" 200 27
222.70.177.10 - - [14/Jan/2023:11:01:15 +0800] "GET /xingrg/kc/buy/buy_main.html HTTP/1.1" 200 12412
222.70.177.10 - - [14/Jan/2023:11:01:15 +0800] "GET /xingrg/css/new_ie.css HTTP/1.1" 404 1036
222.70.177.10 - - [14/Jan/2023:11:01:16 +0800] "GET /xingrg/images/yd/bt.gif HTTP/1.1" 404 1040
61.170.235.74 - - [14/Jan/2023:11:01:16 +0800] "GET /xingrg/all/function/internal_message.html?_=1673665292996&CODE_STATE=getMsg HTTP/1.1" 200 27
61.170.235.74 - - [14/Jan/2023:11:01:16 +0800] "GET /xingrg/check_reg.html?_=1673665293413 HTTP/1.1" 200 22
222.70.177.10 - - [14/Jan/2023:11:01:17 +0800] "GET /xingrg/kc/buy/cgsh_order_list.html HTTP/1.1" 200 53920
116.235.244.242 - - [14/Jan/2023:11:01:17 +0800] "GET /xingrg/all/function/internal_message.html?_=1673665315678&CODE_STATE=getMsg HTTP/1.1" 200 27
61.170.235.74 - - [14/Jan/2023:11:01:19 +0800] "GET /xingrg/kc/base/base_main.html HTTP/1.1" 200 12142
116.235.93.82 - - [14/Jan/2023:11:01:19 +0800] "GET /xingrg/all/function/internal_message.html?_=1673665530111&CODE_STATE=getMsg HTTP/1.1" 200 27
222.70.177.10 - - [14/Jan/2023:11:01:20 +0800] "POST /xingrg/kc/buy/cgsh_list_operate.html HTTP/1.1" 200 3546
61.170.235.74 - - [14/Jan/2023:11:01:20 +0800] "GET /xingrg/kc/base/wldb_order_list.html HTTP/1.1" 200 19139
61.170.235.74 - - [14/Jan/2023:11:01:21 +0800] "POST /xingrg/kc/base/wldb_list_operate.html HTTP/1.1" 200 3344
116.192.124.172 - - [14/Jan/2023:11:01:22 +0800] "GET /xingrg/all/function/internal_message.html?_=1673665297892&CODE_STATE=getMsg HTTP/1.1" 302 -
180.162.115.82 - - [14/Jan/2023:11:01:23 +0800] "GET /xingrg/javascript/auto/indicator.gif HTTP/1.1" 404 1066
222.70.177.10 - - [14/Jan/2023:11:01:25 +0800] "GET /xingrg/kc/buy/cgsh_order_add.html HTTP/1.1" 200 69657
222.70.177.10 - - [14/Jan/2023:11:01:25 +0800] "POST /xingrg/kc/buy/cgsh_order_operate.html HTTP/1.1" 200 8245
222.70.177.10 - - [14/Jan/2023:11:01:25 +0800] "GET /xingrg/javascript/easyui/themes/default/validatebox.css HTTP/1.1" 404 1104
180.162.115.82 - - [14/Jan/2023:11:01:25 +0800] "POST /xingrg/dwr/call/plaincall/AjaxQqpsService.getMaterielByCode.dwr HTTP/1.1" 200 1521
116.230.105.139 - - [14/Jan/2023:11:01:31 +0800] "POST /xingrg/services/DataTransmitService HTTP/1.1" 200 524
116.230.105.139 - - [14/Jan/2023:11:01:31 +0800] "POST /xingrg/services/DataTransmitService HTTP/1.1" 200 2159
120.253.135.82 - - [14/Jan/2023:11:01:32 +0800] "GET /xingrg/check_reg.html?_=1673665122338 HTTP/1.1" 200 22
116.230.105.139 - - [14/Jan/2023:11:01:32 +0800] "POST /xingrg/services/DataTransmitService HTTP/1.1" 200 172250
120.253.135.82 - - [14/Jan/2023:11:01:33 +0800] "GET /xingrg/all/function/internal_message.html?_=1673665123968&CODE_STATE=getMsg HTTP/1.1" 200 27
222.70.177.10 - - [14/Jan/2023:11:01:35 +0800] "GET /xingrg/all/function/internal_message.html?_=1673665308882&CODE_STATE=getMsg HTTP/1.1" 200 27
116.235.244.242 - - [14/Jan/2023:11:01:35 +0800] "GET /xingrg/check_reg.html?_=1673665334073 HTTP/1.1" 200 22
180.162.115.82 - - [14/Jan/2023:11:01:35 +0800] "POST /xingrg/dwr/call/plaincall/AjaxQqpsService.saveMaterielItem.dwr HTTP/1.1" 200 78
114.84.81.136 - - [14/Jan/2023:11:01:36 +0800] "GET /xingrg/all/function/internal_message.html?_=1673665314652&CODE_STATE=getMsg HTTP/1.1" 200 27
114.83.219.41 - - [14/Jan/2023:11:01:37 +0800] "GET /xingrg/all/function/internal_message.html?_=1673665313691&CODE_STATE=getMsg HTTP/1.1" 200 27
114.84.81.136 - - [14/Jan/2023:11:01:38 +0800] "GET /xingrg/all/function/internal_message.html?_=1673665324038&CODE_STATE=getMsg HTTP/1.1" 200 27
222.70.177.10 - - [14/Jan/2023:11:01:43 +0800] "GET /xingrg/kc/buy/cgsh_order_operate.html?command=get_materiel&rest_code=00111&code=00101019015&supplier_code=00100037&order_time=2023-01-14 HTTP/1.1" 200 450
58.40.7.146 - - [14/Jan/2023:11:01:47 +0800] "GET /xingrg/all/function/internal_message.html?_=1673665324114&CODE_STATE=getMsg HTTP/1.1" 200 27
180.162.115.82 - - [14/Jan/2023:11:01:56 +0800] "GET /xingrg/all/function/internal_message.html?_=1673664310983&CODE_STATE=getMsg HTTP/1.1" 200 27
116.230.105.139 - - [14/Jan/2023:11:01:57 +0800] "GET /xingrg/all/function/internal_message.html?_=1673665274350&CODE_STATE=getMsg HTTP/1.1" 200 27
180.162.115.82 - - [14/Jan/2023:11:01:57 +0800] "POST /xingrg/dwr/call/plaincall/AjaxQqpsService.getMaterielByCode.dwr HTTP/1.1" 200 1543
180.162.115.82 - - [14/Jan/2023:11:02:01 +0800] "POST /xingrg/dwr/call/plaincall/AjaxQqpsService.saveMaterielItem.dwr HTTP/1.1" 200 78
114.84.81.136 - - [14/Jan/2023:11:02:02 +0800] "GET /xingrg/all/function/internal_message.html?_=1673665340931&CODE_STATE=getMsg HTTP/1.1" 200 27
221.239.170.112 - - [14/Jan/2023:11:02:05 +0800] "GET /xingrg/all/function/internal_message.html?_=1673665337382&CODE_STATE=getMsg HTTP/1.1" 200 27
61.170.235.74 - - [14/Jan/2023:11:02:06 +0800] "GET /xingrg/all/function/internal_message.html?_=1673665343196&CODE_STATE=getMsg HTTP/1.1" 200 27
172.20.0.100 - - [14/Jan/2023:11:02:10 +0800] "GET /xingrg/all/function/internal_message.html?_=1673665346074&CODE_STATE=getMsg HTTP/1.1" 200 27
101.83.145.75 - - [14/Jan/2023:11:02:10 +0800] "GET /xingrg/all/function/internal_message.html?_=1673665350749&CODE_STATE=getMsg HTTP/1.1" 200 27
116.232.38.20 - - [14/Jan/2023:11:02:13 +0800] "POST /xingrg/services/DataTransmitService HTTP/1.1" 200 524
180.162.115.82 - - [14/Jan/2023:11:02:14 +0800] "POST /xingrg/dwr/call/plaincall/AjaxQqpsService.getMaterielByCode.dwr HTTP/1.1" 200 1518
116.238.139.35 - - [14/Jan/2023:11:02:15 +0800] "GET /xingrg/check_reg.html?_=1673665354099 HTTP/1.1" 200 22
116.238.139.35 - - [14/Jan/2023:11:02:15 +0800] "GET /xingrg/all/function/internal_message.html?_=1673665354096&CODE_STATE=getMsg HTTP/1.1" 200 27
61.170.235.74 - - [14/Jan/2023:11:02:16 +0800] "GET /xingrg/all/function/internal_message.html?_=1673665352980&CODE_STATE=getMsg HTTP/1.1" 200 27
116.235.244.242 - - [14/Jan/2023:11:02:17 +0800] "GET /xingrg/all/function/internal_message.html?_=1673665375694&CODE_STATE=getMsg HTTP/1.1" 200 27
116.232.38.20 - - [14/Jan/2023:11:02:17 +0800] "POST /xingrg/services/DataTransmitService HTTP/1.1" 200 501
180.162.115.82 - - [14/Jan/2023:11:02:18 +0800] "POST /xingrg/dwr/call/plaincall/AjaxQqpsService.saveMaterielItem.dwr HTTP/1.1" 200 78
116.235.93.82 - - [14/Jan/2023:11:02:19 +0800] "GET /xingrg/all/function/internal_message.html?_=1673665590107&CODE_STATE=getMsg HTTP/1.1" 200 27
116.192.124.172 - - [14/Jan/2023:11:02:22 +0800] "GET /xingrg/all/function/internal_message.html?_=1673665357884&CODE_STATE=getMsg HTTP/1.1" 302 -
120.253.135.82 - - [14/Jan/2023:11:02:33 +0800] "GET /xingrg/all/function/internal_message.html?_=1673665183982&CODE_STATE=getMsg HTTP/1.1" 200 27
222.70.177.10 - - [14/Jan/2023:11:02:35 +0800] "GET /xingrg/all/function/internal_message.html?_=1673665368879&CODE_STATE=getMsg HTTP/1.1" 200 27
116.235.93.82 - - [14/Jan/2023:11:02:35 +0800] "GET /xingrg/check_reg.html?_=1673665605785 HTTP/1.1" 200 22
180.162.115.82 - - [14/Jan/2023:11:02:35 +0800] "POST /xingrg/dwr/call/plaincall/AjaxQqpsService.getMaterielByCode.dwr HTTP/1.1" 200 1538
114.84.81.136 - - [14/Jan/2023:11:02:36 +0800] "GET /xingrg/all/function/internal_message.html?_=1673665374656&CODE_STATE=getMsg HTTP/1.1" 200 27
114.84.81.136 - - [14/Jan/2023:11:02:36 +0800] "GET /xingrg/check_reg.html?_=1673665374666 HTTP/1.1" 200 22
114.83.219.41 - - [14/Jan/2023:11:02:37 +0800] "GET /xingrg/all/function/internal_message.html?_=1673665373692&CODE_STATE=getMsg HTTP/1.1" 200 27
114.84.81.136 - - [14/Jan/2023:11:02:38 +0800] "GET /xingrg/all/function/internal_message.html?_=1673665384060&CODE_STATE=getMsg HTTP/1.1" 200 27
180.162.115.82 - - [14/Jan/2023:11:02:41 +0800] "POST /xingrg/dwr/call/plaincall/AjaxQqpsService.saveMaterielItem.dwr HTTP/1.1" 200 78
221.239.170.112 - - [14/Jan/2023:11:02:43 +0800] "POST /xingrg/kc/buy/cgsh_order_operate.html HTTP/1.1" 200 37
221.239.170.112 - - [14/Jan/2023:11:02:46 +0800] "POST /xingrg/kc/buy/cgsh_order_operate.html HTTP/1.1" 200 3248
58.40.7.146 - - [14/Jan/2023:11:02:47 +0800] "GET /xingrg/all/function/internal_message.html?_=1673665384085&CODE_STATE=getMsg HTTP/1.1" 200 27
180.162.115.82 - - [14/Jan/2023:11:02:56 +0800] "GET /xingrg/all/function/internal_message.html?_=1673664370985&CODE_STATE=getMsg HTTP/1.1" 200 27
116.230.105.139 - - [14/Jan/2023:11:02:57 +0800] "GET /xingrg/all/function/internal_message.html?_=1673665334331&CODE_STATE=getMsg HTTP/1.1" 200 27
180.169.147.146 - - [14/Jan/2023:11:02:57 +0800] "GET /xingrg/kc/buy/cgsh_order_operate.html?command=get_materiel&rest_code=00147&code=00101008024&supplier_code=00100007&order_time=2023-01-14 HTTP/1.1" 200 408
180.162.115.82 - - [14/Jan/2023:11:02:57 +0800] "POST /xingrg/dwr/call/plaincall/AjaxQqpsService.getMaterielByCode.dwr HTTP/1.1" 200 1515
180.162.115.82 - - [14/Jan/2023:11:03:01 +0800] "POST /xingrg/dwr/call/plaincall/AjaxQqpsService.saveMaterielItem.dwr HTTP/1.1" 200 79
114.84.81.136 - - [14/Jan/2023:11:03:02 +0800] "GET /xingrg/all/function/internal_message.html?_=1673665400902&CODE_STATE=getMsg HTTP/1.1" 200 27
221.239.170.112 - - [14/Jan/2023:11:03:05 +0800] "GET /xingrg/all/function/internal_message.html?_=1673665397363&CODE_STATE=getMsg HTTP/1.1" 200 27
221.239.170.112 - - [14/Jan/2023:11:03:06 +0800] "POST /xingrg/kc/buy/cgsh_order_operate.html HTTP/1.1" 200 37
61.170.235.74 - - [14/Jan/2023:11:03:06 +0800] "GET /xingrg/all/function/internal_message.html?_=1673665403196&CODE_STATE=getMsg HTTP/1.1" 200 27
180.169.147.146 - - [14/Jan/2023:11:03:07 +0800] "GET /xingrg/kc/buy/cgsh_order_operate.html?command=get_materiel&rest_code=00147&code=00101008356&supplier_code=00100007&order_time=2023-01-14 HTTP/1.1" 200 408
172.20.0.100 - - [14/Jan/2023:11:03:10 +0800] "GET /xingrg/all/function/internal_message.html?_=1673665406071&CODE_STATE=getMsg HTTP/1.1" 200 27
101.83.145.75 - - [14/Jan/2023:11:03:10 +0800] "GET /xingrg/all/function/internal_message.html?_=1673665410719&CODE_STATE=getMsg HTTP/1.1" 200 27
221.239.170.112 - - [14/Jan/2023:11:03:10 +0800] "POST /xingrg/kc/buy/cgsh_order_operate.html HTTP/1.1" 200 12
221.239.170.112 - - [14/Jan/2023:11:03:12 +0800] "GET /xingrg/kc/buy/cgsh_order_info.html?code=212023011404053 HTTP/1.1" 200 63803
101.83.145.75 - - [14/Jan/2023:11:03:12 +0800] "GET /xingrg/kc/buy/cgsh_order_operate.html?command=get_materiel&rest_code=00105&code=00101002002&supplier_code=00100024&order_time=2023-01-14 HTTP/1.1" 200 420
221.239.170.112 - - [14/Jan/2023:11:03:12 +0800] "GET /xingrg/javascript/easyui/themes/default/validatebox.css HTTP/1.1" 404 1104
221.239.170.112 - - [14/Jan/2023:11:03:13 +0800] "POST /xingrg/kc/buy/cgsh_order_operate.html HTTP/1.1" 200 1198
180.169.147.146 - - [14/Jan/2023:11:03:14 +0800] "GET /xingrg/kc/buy/cgsh_order_operate.html?command=get_materiel&rest_code=00147&code=00101008251&supplier_code=00100007&order_time=2023-01-14 HTTP/1.1" 200 423
221.239.170.112 - - [14/Jan/2023:11:03:15 +0800] "GET /xingrg/kc/print/load_data.html?order_code=212023011404053&kc_code=cgsh&condition= HTTP/1.1" 200 929
116.238.139.35 - - [14/Jan/2023:11:03:15 +0800] "GET /xingrg/all/function/internal_message.html?_=1673665414101&CODE_STATE=getMsg HTTP/1.1" 200 27
180.162.115.82 - - [14/Jan/2023:11:03:15 +0800] "POST /xingrg/dwr/call/plaincall/AjaxQqpsService.getMaterielByCode.dwr HTTP/1.1" 200 1500
61.170.235.74 - - [14/Jan/2023:11:03:16 +0800] "GET /xingrg/all/function/internal_message.html?_=1673665412965&CODE_STATE=getMsg HTTP/1.1" 200 27
116.235.244.242 - - [14/Jan/2023:11:03:17 +0800] "GET /xingrg/all/function/internal_message.html?_=1673665435706&CODE_STATE=getMsg HTTP/1.1" 200 27
116.235.93.82 - - [14/Jan/2023:11:03:19 +0800] "GET /xingrg/all/function/internal_message.html?_=1673665650077&CODE_STATE=getMsg HTTP/1.1" 200 27
180.162.115.82 - - [14/Jan/2023:11:03:20 +0800] "POST /xingrg/dwr/call/plaincall/AjaxQqpsService.saveMaterielItem.dwr HTTP/1.1" 200 79
221.239.170.112 - - [14/Jan/2023:11:03:21 +0800] "GET /xingrg/kc/buy/cgsh_order_add.html HTTP/1.1" 200 68896
221.239.170.112 - - [14/Jan/2023:11:03:21 +0800] "POST /xingrg/kc/buy/cgsh_order_operate.html HTTP/1.1" 200 8245
221.239.170.112 - - [14/Jan/2023:11:03:21 +0800] "GET /xingrg/javascript/easyui/themes/default/validatebox.css HTTP/1.1" 404 1104
116.192.124.172 - - [14/Jan/2023:11:03:22 +0800] "GET /xingrg/all/function/internal_message.html?_=1673665417890&CODE_STATE=getMsg HTTP/1.1" 302 -
180.162.115.82 - - [14/Jan/2023:11:03:32 +0800] "POST /xingrg/dwr/call/plaincall/AjaxQqpsService.getMaterielByCode.dwr HTTP/1.1" 200 1513
101.83.145.75 - - [14/Jan/2023:11:03:33 +0800] "GET /xingrg/check_reg.html?_=1673665433397 HTTP/1.1" 200 22
120.253.135.82 - - [14/Jan/2023:11:03:33 +0800] "GET /xingrg/all/function/internal_message.html?_=1673665243996&CODE_STATE=getMsg HTTP/1.1" 200 27
222.70.177.10 - - [14/Jan/2023:11:03:35 +0800] "GET /xingrg/all/function/internal_message.html?_=1673665428879&CODE_STATE=getMsg HTTP/1.1" 200 27
222.70.177.10 - - [14/Jan/2023:11:03:35 +0800] "GET /xingrg/check_reg.html?_=1673665428881 HTTP/1.1" 200 22
114.84.81.136 - - [14/Jan/2023:11:03:36 +0800] "GET /xingrg/all/function/internal_message.html?_=1673665434652&CODE_STATE=getMsg HTTP/1.1" 200 27
180.162.115.82 - - [14/Jan/2023:11:03:36 +0800] "POST /xingrg/dwr/call/plaincall/AjaxQqpsService.saveMaterielItem.dwr HTTP/1.1" 200 79
114.83.219.41 - - [14/Jan/2023:11:03:37 +0800] "GET /xingrg/all/function/internal_message.html?_=1673665433702&CODE_STATE=getMsg HTTP/1.1" 200 27
114.84.81.136 - - [14/Jan/2023:11:03:38 +0800] "GET /xingrg/all/function/internal_message.html?_=1673665444056&CODE_STATE=getMsg HTTP/1.1" 200 27
61.170.235.74 - - [14/Jan/2023:11:03:38 +0800] "GET /xingrg/kc/buy/buy_main.html HTTP/1.1" 200 12412
61.170.235.74 - - [14/Jan/2023:11:03:38 +0800] "GET /xingrg/css/new_ie.css HTTP/1.1" 404 1036
61.170.235.74 - - [14/Jan/2023:11:03:40 +0800] "GET /xingrg/images/yd/bt.gif HTTP/1.1" 404 1040
61.170.235.74 - - [14/Jan/2023:11:03:40 +0800] "GET /xingrg/kc/buy/cgsh_order_list.html HTTP/1.1" 200 53920
61.170.235.74 - - [14/Jan/2023:11:03:41 +0800] "POST /xingrg/kc/buy/cgsh_list_operate.html HTTP/1.1" 200 986
58.40.7.146 - - [14/Jan/2023:11:03:47 +0800] "GET /xingrg/all/function/internal_message.html?_=1673665444056&CODE_STATE=getMsg HTTP/1.1" 200 27
180.162.115.82 - - [14/Jan/2023:11:03:56 +0800] "GET /xingrg/all/function/internal_message.html?_=1673664430976&CODE_STATE=getMsg HTTP/1.1" 200 27
116.230.105.139 - - [14/Jan/2023:11:03:57 +0800] "GET /xingrg/all/function/internal_message.html?_=1673665394305&CODE_STATE=getMsg HTTP/1.1" 200 27
114.84.81.136 - - [14/Jan/2023:11:04:02 +0800] "GET /xingrg/all/function/internal_message.html?_=1673665460878&CODE_STATE=getMsg HTTP/1.1" 200 27
221.239.170.112 - - [14/Jan/2023:11:04:05 +0800] "GET /xingrg/all/function/internal_message.html?_=1673665457346&CODE_STATE=getMsg HTTP/1.1" 200 27
58.40.7.146 - - [14/Jan/2023:11:04:06 +0800] "GET /xingrg/check_reg.html?_=1673665462594 HTTP/1.1" 200 22
61.170.235.74 - - [14/Jan/2023:11:04:06 +0800] "GET /xingrg/all/function/internal_message.html?_=1673665463223&CODE_STATE=getMsg HTTP/1.1" 200 27
172.20.0.100 - - [14/Jan/2023:11:04:10 +0800] "GET /xingrg/all/function/internal_message.html?_=1673665466074&CODE_STATE=getMsg HTTP/1.1" 200 27
101.83.145.75 - - [14/Jan/2023:11:04:10 +0800] "GET /xingrg/all/function/internal_message.html?_=1673665470695&CODE_STATE=getMsg HTTP/1.1" 200 27
116.238.139.35 - - [14/Jan/2023:11:04:15 +0800] "GET /xingrg/all/function/internal_message.html?_=1673665474089&CODE_STATE=getMsg HTTP/1.1" 200 27
61.170.235.74 - - [14/Jan/2023:11:04:16 +0800] "GET /xingrg/all/function/internal_message.html?_=1673665472944&CODE_STATE=getMsg HTTP/1.1" 200 27
116.235.244.242 - - [14/Jan/2023:11:04:17 +0800] "GET /xingrg/all/function/internal_message.html?_=1673665496208&CODE_STATE=getMsg HTTP/1.1" 200 27
116.235.93.82 - - [14/Jan/2023:11:04:19 +0800] "GET /xingrg/all/function/internal_message.html?_=1673665710053&CODE_STATE=getMsg HTTP/1.1" 200 27
221.239.170.112 - - [14/Jan/2023:11:04:20 +0800] "GET /xingrg/check_reg.html?_=1673665472523 HTTP/1.1" 200 22
116.192.124.172 - - [14/Jan/2023:11:04:22 +0800] "GET /xingrg/all/function/internal_message.html?_=1673665477881&CODE_STATE=getMsg HTTP/1.1" 302 -
221.239.170.112 - - [14/Jan/2023:11:04:31 +0800] "GET /xingrg/kc/buy/cgsh_order_operate.html?command=get_materiel&rest_code=00145&code=00101006201&supplier_code=00100176&order_time=2023-01-09 HTTP/1.1" 200 405
120.253.135.82 - - [14/Jan/2023:11:04:33 +0800] "GET /xingrg/all/function/internal_message.html?_=1673665304199&CODE_STATE=getMsg HTTP/1.1" 200 27
222.70.177.10 - - [14/Jan/2023:11:04:35 +0800] "GET /xingrg/all/function/internal_message.html?_=1673665488882&CODE_STATE=getMsg HTTP/1.1" 200 27
114.84.81.136 - - [14/Jan/2023:11:04:36 +0800] "GET /xingrg/all/function/internal_message.html?_=1673665494655&CODE_STATE=getMsg HTTP/1.1" 200 27
114.83.219.41 - - [14/Jan/2023:11:04:37 +0800] "GET /xingrg/check_reg.html?_=1673665493706 HTTP/1.1" 200 22
114.83.219.41 - - [14/Jan/2023:11:04:37 +0800] "GET /xingrg/all/function/internal_message.html?_=1673665493710&CODE_STATE=getMsg HTTP/1.1" 200 27
114.84.81.136 - - [14/Jan/2023:11:04:38 +0800] "GET /xingrg/all/function/internal_message.html?_=1673665504055&CODE_STATE=getMsg HTTP/1.1" 200 27
58.40.7.146 - - [14/Jan/2023:11:04:47 +0800] "GET /xingrg/all/function/internal_message.html?_=1673665504016&CODE_STATE=getMsg HTTP/1.1" 200 27
180.162.115.82 - - [14/Jan/2023:11:04:56 +0800] "GET /xingrg/check_reg.html?_=1673664490992 HTTP/1.1" 200 22
180.162.115.82 - - [14/Jan/2023:11:04:56 +0800] "GET /xingrg/all/function/internal_message.html?_=1673664490994&CODE_STATE=getMsg HTTP/1.1" 200 27
116.230.105.139 - - [14/Jan/2023:11:04:57 +0800] "GET /xingrg/all/function/internal_message.html?_=1673665454286&CODE_STATE=getMsg HTTP/1.1" 200 27
114.84.81.136 - - [14/Jan/2023:11:05:02 +0800] "GET /xingrg/all/function/internal_message.html?_=1673665520863&CODE_STATE=getMsg HTTP/1.1" 200 27
61.170.235.74 - - [14/Jan/2023:11:05:06 +0800] "GET /xingrg/all/function/internal_message.html?_=1673665523223&CODE_STATE=getMsg HTTP/1.1" 200 27
61.170.235.74 - - [14/Jan/2023:11:05:06 +0800] "GET /xingrg/check_reg.html?_=1673665523225 HTTP/1.1" 200 22
172.20.0.100 - - [14/Jan/2023:11:05:10 +0800] "GET /xingrg/check_reg.html?_=1673665526062 HTTP/1.1" 200 22
172.20.0.100 - - [14/Jan/2023:11:05:10 +0800] "GET /xingrg/all/function/internal_message.html?_=1673665526064&CODE_STATE=getMsg HTTP/1.1" 200 27
101.83.145.75 - - [14/Jan/2023:11:05:10 +0800] "GET /xingrg/all/function/internal_message.html?_=1673665530677&CODE_STATE=getMsg HTTP/1.1" 200 27
221.239.170.112 - - [14/Jan/2023:11:05:11 +0800] "POST /xingrg/kc/buy/cgsh_order_operate.html HTTP/1.1" 200 37
221.239.170.112 - - [14/Jan/2023:11:05:13 +0800] "POST /xingrg/kc/buy/cgsh_order_operate.html HTTP/1.1" 200 2652
180.169.147.146 - - [14/Jan/2023:11:05:14 +0800] "GET /xingrg/kc/buy/cgsh_order_operate.html?command=get_materiel&rest_code=00147&code=00101008360&supplier_code=00100007&order_time=2023-01-14 HTTP/1.1" 200 428
116.238.139.35 - - [14/Jan/2023:11:05:15 +0800] "GET /xingrg/all/function/internal_message.html?_=1673665534097&CODE_STATE=getMsg HTTP/1.1" 200 27
61.170.235.74 - - [14/Jan/2023:11:05:16 +0800] "GET /xingrg/all/function/internal_message.html?_=1673665532915&CODE_STATE=getMsg HTTP/1.1" 200 27
116.235.244.242 - - [14/Jan/2023:11:05:17 +0800] "GET /xingrg/all/function/internal_message.html?_=1673665556219&CODE_STATE=getMsg HTTP/1.1" 200 27
116.235.93.82 - - [14/Jan/2023:11:05:19 +0800] "GET /xingrg/all/function/internal_message.html?_=1673665770030&CODE_STATE=getMsg HTTP/1.1" 200 27
221.239.170.112 - - [14/Jan/2023:11:05:20 +0800] "POST /xingrg/kc/buy/cgsh_order_operate.html HTTP/1.1" 200 37
180.169.147.146 - - [14/Jan/2023:11:05:21 +0800] "GET /xingrg/kc/buy/cgsh_order_operate.html?command=get_materiel&rest_code=00147&code=00101008196&supplier_code=00100007&order_time=2023-01-14 HTTP/1.1" 200 416
116.192.124.172 - - [14/Jan/2023:11:05:22 +0800] "GET /xingrg/all/function/internal_message.html?_=1673665537893&CODE_STATE=getMsg HTTP/1.1" 302 -
221.239.170.112 - - [14/Jan/2023:11:05:28 +0800] "POST /xingrg/kc/buy/cgsh_order_operate.html HTTP/1.1" 200 12
221.239.170.112 - - [14/Jan/2023:11:05:29 +0800] "GET /xingrg/kc/buy/cgsh_order_info.html?code=212023011404054 HTTP/1.1" 200 63802
221.239.170.112 - - [14/Jan/2023:11:05:30 +0800] "GET /xingrg/javascript/easyui/themes/default/validatebox.css HTTP/1.1" 404 1104
221.239.170.112 - - [14/Jan/2023:11:05:31 +0800] "POST /xingrg/kc/buy/cgsh_order_operate.html HTTP/1.1" 200 602
180.169.147.146 - - [14/Jan/2023:11:05:32 +0800] "GET /xingrg/kc/buy/cgsh_order_operate.html?command=get_materiel&rest_code=00147&code=00101008197&supplier_code=00100007&order_time=2023-01-14 HTTP/1.1" 200 417
221.239.170.112 - - [14/Jan/2023:11:05:33 +0800] "GET /xingrg/kc/print/load_data.html?order_code=212023011404054&kc_code=cgsh&condition= HTTP/1.1" 200 724
120.253.135.82 - - [14/Jan/2023:11:05:33 +0800] "GET /xingrg/all/function/internal_message.html?_=1673665364210&CODE_STATE=getMsg HTTP/1.1" 200 27
222.70.177.10 - - [14/Jan/2023:11:05:35 +0800] "GET /xingrg/all/function/internal_message.html?_=1673665548887&CODE_STATE=getMsg HTTP/1.1" 200 27
114.84.81.136 - - [14/Jan/2023:11:05:36 +0800] "GET /xingrg/all/function/internal_message.html?_=1673665554657&CODE_STATE=getMsg HTTP/1.1" 200 27
114.83.219.41 - - [14/Jan/2023:11:05:37 +0800] "GET /xingrg/all/function/internal_message.html?_=1673665553708&CODE_STATE=getMsg HTTP/1.1" 200 27
114.84.81.136 - - [14/Jan/2023:11:05:38 +0800] "GET /xingrg/all/function/internal_message.html?_=1673665564049&CODE_STATE=getMsg HTTP/1.1" 200 27
114.84.81.136 - - [14/Jan/2023:11:05:38 +0800] "GET /xingrg/check_reg.html?_=1673665564049 HTTP/1.1" 200 22
180.169.147.146 - - [14/Jan/2023:11:05:44 +0800] "GET /xingrg/check_reg.html?_=1673665565806 HTTP/1.1" 200 22
180.169.147.146 - - [14/Jan/2023:11:05:45 +0800] "GET /xingrg/kc/buy/cgsh_order_operate.html?command=get_materiel&rest_code=00147&code=00101008069&supplier_code=00100007&order_time=2023-01-14 HTTP/1.1" 200 412
61.170.235.74 - - [14/Jan/2023:11:05:47 +0800] "GET /xingrg/kc/report/report_main.html HTTP/1.1" 200 7340
58.40.7.146 - - [14/Jan/2023:11:05:47 +0800] "GET /xingrg/all/function/internal_message.html?_=1673665563989&CODE_STATE=getMsg HTTP/1.1" 200 27
61.170.235.74 - - [14/Jan/2023:11:05:48 +0800] "GET /xingrg/all/report/report_query.html?fileName=kc/buy/gys_amount.xml&rh=99999 HTTP/1.1" 200 52006
61.170.235.74 - - [14/Jan/2023:11:05:48 +0800] "GET /xingrg/dwr/interface/AjaxReportQueryService.js HTTP/1.1" 200 13203
61.170.235.74 - - [14/Jan/2023:11:05:49 +0800] "GET /xingrg/dwr/engine.js HTTP/1.1" 200 43631
61.170.235.74 - - [14/Jan/2023:11:05:49 +0800] "POST /xingrg/dwr/call/plaincall/AjaxReportQueryService.getFixDate.dwr HTTP/1.1" 200 111
61.170.235.74 - - [14/Jan/2023:11:05:49 +0800] "POST /xingrg/all/common/load_tree.html?tree=supplier_tree_json&manage=1 HTTP/1.1" 200 72297
61.170.235.74 - - [14/Jan/2023:11:05:49 +0800] "POST /xingrg/all/common/load_tree.html?tree=materiel_sort_tree_json HTTP/1.1" 200 9500
114.84.81.136 - - [14/Jan/2023:11:05:50 +0800] "GET /xingrg/check_reg.html?_=1673665568445 HTTP/1.1" 200 22
61.170.235.74 - - [14/Jan/2023:11:05:50 +0800] "POST /xingrg/dwr/call/plaincall/AjaxReportQueryService.getInitString.dwr HTTP/1.1" 200 1023
180.169.147.146 - - [14/Jan/2023:11:05:55 +0800] "GET /xingrg/kc/buy/cgsh_order_operate.html?command=get_materiel&rest_code=00147&code=00101008286&supplier_code=00100007&order_time=2023-01-14 HTTP/1.1" 200 424
180.162.115.82 - - [14/Jan/2023:11:05:56 +0800] "GET /xingrg/all/function/internal_message.html?_=1673664550975&CODE_STATE=getMsg HTTP/1.1" 200 27
116.230.105.139 - - [14/Jan/2023:11:05:57 +0800] "GET /xingrg/all/function/internal_message.html?_=1673665514278&CODE_STATE=getMsg HTTP/1.1" 200 27
116.230.105.139 - - [14/Jan/2023:11:05:57 +0800] "GET /xingrg/check_reg.html?_=1673665514510 HTTP/1.1" 200 22
221.239.170.112 - - [14/Jan/2023:11:05:58 +0800] "GET /xingrg/kc/buy/cgsh_order_add.html HTTP/1.1" 200 68896
221.239.170.112 - - [14/Jan/2023:11:05:59 +0800] "POST /xingrg/kc/buy/cgsh_order_operate.html HTTP/1.1" 200 8245
221.239.170.112 - - [14/Jan/2023:11:05:59 +0800] "GET /xingrg/javascript/easyui/themes/default/validatebox.css HTTP/1.1" 404 1104
114.84.81.136 - - [14/Jan/2023:11:06:02 +0800] "GET /xingrg/all/function/internal_message.html?_=1673665580835&CODE_STATE=getMsg HTTP/1.1" 200 27
180.169.147.146 - - [14/Jan/2023:11:06:03 +0800] "GET /xingrg/kc/buy/cgsh_order_operate.html?command=get_materiel&rest_code=00147&code=00101008296&supplier_code=00100007&order_time=2023-01-14 HTTP/1.1" 200 432
221.239.170.112 - - [14/Jan/2023:11:06:05 +0800] "GET /xingrg/all/function/internal_message.html?_=1673665577349&CODE_STATE=getMsg HTTP/1.1" 200 27
61.170.235.74 - - [14/Jan/2023:11:06:06 +0800] "GET /xingrg/all/function/internal_message.html?_=1673665583226&CODE_STATE=getMsg HTTP/1.1" 200 27
61.170.235.74 - - [14/Jan/2023:11:06:08 +0800] "POST /xingrg/dwr/call/plaincall/AjaxReportQueryService.refreshCache.dwr HTTP/1.1" 200 78
61.170.235.74 - - [14/Jan/2023:11:06:08 +0800] "POST /xingrg/all/report/load_report_page.html HTTP/1.1" 200 8924
61.170.235.74 - - [14/Jan/2023:11:06:08 +0800] "GET /xingrg/servlets/image?cache=0.5403642091894977&image=px HTTP/1.1" 200 807
116.192.124.172 - - [14/Jan/2023:11:06:09 +0800] "GET /xingrg/check_reg.html?_=1673665585448 HTTP/1.1" 302 -
101.83.145.75 - - [14/Jan/2023:11:06:10 +0800] "GET /xingrg/all/function/internal_message.html?_=1673665590657&CODE_STATE=getMsg HTTP/1.1" 200 27
172.20.0.100 - - [14/Jan/2023:11:06:10 +0800] "GET /xingrg/all/function/internal_message.html?_=1673665586066&CODE_STATE=getMsg HTTP/1.1" 200 27
61.170.235.74 - - [14/Jan/2023:11:06:12 +0800] "GET /xingrg/all/report/report_query.html?isQuery=1&fileName=kc/buy/wlcg_cate_hz.xml&queryString=(CONVERT(char(10)%252Ca.order_time%252C%2520120)%253E%253D'2022-12-01')%2520and%2520(CONVERT(char(10)%252Ca.order_time%252C%2520120)%253C%253D'2022-12-31')%2520and%2520(a.supplier_code%2520in%2520('00100015'))%2520and%2520(a.supplier_code%253D'00100015')&queryText=%25E3%2580%2590%25E9%2587%2587%25E8%25B4%25AD%25E6%2597%25A5%25E6%259C%259F%253A2022-12-01%2520%25E8%2587%25B3%25202022-12-31%25E3%2580%2591%2520%25E5%25B9%25B6%25E4%25B8%2594%2520%2520%25E3%2580%2590%25E4%25BE%259B%25E5%25BA%2594%25E5%2595%2586%2520%253D%2520%25E7%258C%25AA%25E8%2582%2589%25EF%25BC%2588%25E7%258E%258B%25E5%25AF%258C%25E6%2598%258E%25EF%25BC%2589%25E3%2580%2591%2520%25E5%25B9%25B6%25E4%25B8%2594%2520%25E3%2580%2590%25E4%25BE%259B%25E5%25BA%2594%25E5%2595%2586%253D%25E7%258C%25AA%25E8%2582%2589%25EF%25BC%2588%25E7%258E%258B%25E5%25AF%258C%25E6%2598%258E%25EF%25BC%2589%25E3%2580%2591 HTTP/1.1" 200 54465
180.169.147.146 - - [14/Jan/2023:11:06:12 +0800] "GET /xingrg/kc/buy/cgsh_order_operate.html?command=get_materiel&rest_code=00147&code=00101008318&supplier_code=00100007&order_time=2023-01-14 HTTP/1.1" 200 408
61.170.235.74 - - [14/Jan/2023:11:06:12 +0800] "GET /xingrg/dwr/interface/AjaxReportQueryService.js HTTP/1.1" 200 13203
61.170.235.74 - - [14/Jan/2023:11:06:12 +0800] "GET /xingrg/dwr/engine.js HTTP/1.1" 200 43631
180.169.147.146 - - [14/Jan/2023:11:06:14 +0800] "POST /xingrg/kc/buy/cgsh_order_operate.html HTTP/1.1" 200 2065
61.170.235.74 - - [14/Jan/2023:11:06:14 +0800] "POST /xingrg/all/report/load_report_page.html HTTP/1.1" 200 8715
61.170.235.74 - - [14/Jan/2023:11:06:14 +0800] "GET /xingrg/servlets/image?cache=0.6309080377455862&image=px HTTP/1.1" 200 807
116.238.139.35 - - [14/Jan/2023:11:06:15 +0800] "GET /xingrg/all/function/internal_message.html?_=1673665594099&CODE_STATE=getMsg HTTP/1.1" 200 27
61.170.235.74 - - [14/Jan/2023:11:06:16 +0800] "GET /xingrg/all/function/internal_message.html?_=1673665592890&CODE_STATE=getMsg HTTP/1.1" 200 27
61.170.235.74 - - [14/Jan/2023:11:06:16 +0800] "GET /xingrg/check_reg.html?_=1673665593419 HTTP/1.1" 200 22
61.170.235.74 - - [14/Jan/2023:11:06:17 +0800] "POST /xingrg/all/report/load_report_page.html HTTP/1.1" 200 83329
61.170.235.74 - - [14/Jan/2023:11:06:17 +0800] "GET /xingrg/images/blue/button/back2.gif HTTP/1.1" 200 1339
61.170.235.74 - - [14/Jan/2023:11:06:17 +0800] "GET /xingrg/images/blue/button/back.gif HTTP/1.1" 200 1352
61.170.235.74 - - [14/Jan/2023:11:06:17 +0800] "GET /xingrg/servlets/image?cache=0.05593078352781877&image=px HTTP/1.1" 200 807
116.235.244.242 - - [14/Jan/2023:11:06:18 +0800] "GET /xingrg/all/function/internal_message.html?_=1673665616702&CODE_STATE=getMsg HTTP/1.1" 200 27
116.235.93.82 - - [14/Jan/2023:11:06:19 +0800] "GET /xingrg/all/function/internal_message.html?_=1673665830011&CODE_STATE=getMsg HTTP/1.1" 200 27
180.169.147.146 - - [14/Jan/2023:11:06:19 +0800] "GET /xingrg/kc/buy/cgsh_order_operate.html?command=get_materiel&rest_code=00147&code=00101008353&supplier_code=00100007&order_time=2023-01-14 HTTP/1.1" 200 408
61.170.235.74 - - [14/Jan/2023:11:06:19 +0800] "GET /xingrg/javascript/jquery_easy_ui/themes/default/images/button_plain_hover.png HTTP/1.1" 200 252
221.239.170.112 - - [14/Jan/2023:11:06:21 +0800] "GET /xingrg/kc/buy/cgsh_order_operate.html?command=get_materiel&rest_code=00145&code=00101011001&supplier_code=00100047&order_time=2023-01-09 HTTP/1.1" 200 423
116.192.124.172 - - [14/Jan/2023:11:06:22 +0800] "GET /xingrg/all/function/internal_message.html?_=1673665597899&CODE_STATE=getMsg HTTP/1.1" 302 -
61.170.235.74 - - [14/Jan/2023:11:06:23 +0800] "POST /xingrg/all/report/report_print.html HTTP/1.1" 200 13333
180.169.147.146 - - [14/Jan/2023:11:06:27 +0800] "GET /xingrg/kc/buy/cgsh_order_operate.html?command=get_materiel&rest_code=00147&code=00101008291&supplier_code=00100007&order_time=2023-01-14 HTTP/1.1" 200 424
222.70.177.10 - - [14/Jan/2023:11:06:29 +0800] "GET /xingrg/kc/buy/cgsh_order_operate.html?command=get_materiel&rest_code=00111&code=00101013010&supplier_code=00100037&order_time=2023-01-14 HTTP/1.1" 200 436
120.253.135.82 - - [14/Jan/2023:11:06:32 +0800] "GET /xingrg/check_reg.html?_=1673665422678 HTTP/1.1" 200 22
120.253.135.82 - - [14/Jan/2023:11:06:33 +0800] "GET /xingrg/all/function/internal_message.html?_=1673665424223&CODE_STATE=getMsg HTTP/1.1" 200 27
222.70.177.10 - - [14/Jan/2023:11:06:35 +0800] "GET /xingrg/all/function/internal_message.html?_=1673665608889&CODE_STATE=getMsg HTTP/1.1" 200 27
116.235.244.242 - - [14/Jan/2023:11:06:35 +0800] "GET /xingrg/check_reg.html?_=1673665634086 HTTP/1.1" 200 22
114.84.81.136 - - [14/Jan/2023:11:06:36 +0800] "GET /xingrg/all/function/internal_message.html?_=1673665614648&CODE_STATE=getMsg HTTP/1.1" 200 27
114.83.219.41 - - [14/Jan/2023:11:06:37 +0800] "GET /xingrg/all/function/internal_message.html?_=1673665613708&CODE_STATE=getMsg HTTP/1.1" 200 27
114.84.81.136 - - [14/Jan/2023:11:06:38 +0800] "GET /xingrg/all/function/internal_message.html?_=1673665624052&CODE_STATE=getMsg HTTP/1.1" 200 27
180.169.147.146 - - [14/Jan/2023:11:06:39 +0800] "GET /xingrg/kc/buy/cgsh_order_operate.html?command=get_materiel&rest_code=00147&code=00101013179&supplier_code=00100007&order_time=2023-01-14 HTTP/1.1" 200 412
