221.239.170.112 - - [14/Jan/2023:06:50:09 +0800] "GET /xingrg/all/function/internal_message.html?_=1673650221510&CODE_STATE=getMsg HTTP/1.1" 200 27
101.83.145.75 - - [14/Jan/2023:06:50:16 +0800] "GET /xingrg/all/function/internal_message.html?_=1673650236571&CODE_STATE=getMsg HTTP/1.1" 200 27
120.253.135.82 - - [14/Jan/2023:06:50:20 +0800] "POST /xingrg/kc/pszx/mdps_list_operate.html HTTP/1.1" 200 2811
116.192.124.172 - - [14/Jan/2023:06:50:21 +0800] "GET /xingrg/all/function/internal_message.html?_=1673650237879&CODE_STATE=getMsg HTTP/1.1" 302 -
120.253.135.82 - - [14/Jan/2023:06:50:21 +0800] "POST /xingrg/kc/pszx/mdps_list_operate.html HTTP/1.1" 200 622
120.253.135.82 - - [14/Jan/2023:06:50:22 +0800] "GET /xingrg/kc/pszx/mdps_order_info.html?code=312023011300262 HTTP/1.1" 200 23979
120.253.135.82 - - [14/Jan/2023:06:50:22 +0800] "POST /xingrg/kc/pszx/mdps_order_operate.html HTTP/1.1" 200 6815
120.253.135.82 - - [14/Jan/2023:06:50:22 +0800] "GET /xingrg/javascript/easyui/themes/default/validatebox.css HTTP/1.1" 404 1104
120.253.135.82 - - [14/Jan/2023:06:50:23 +0800] "GET /xingrg/all/function/internal_message.html?_=1673650053725&CODE_STATE=getMsg HTTP/1.1" 200 27
116.235.93.82 - - [14/Jan/2023:06:50:25 +0800] "GET /xingrg/all/function/internal_message.html?_=1673650475997&CODE_STATE=getMsg HTTP/1.1" 200 27
120.253.135.82 - - [14/Jan/2023:06:50:28 +0800] "POST /xingrg/kc/pszx/mdps_list_operate.html HTTP/1.1" 200 2811
114.88.159.190 - - [14/Jan/2023:06:50:36 +0800] "GET /xingrg/all/function/internal_message.html?_=1673649836151&CODE_STATE=getMsg HTTP/1.1" 200 27
116.235.244.242 - - [14/Jan/2023:06:50:44 +0800] "GET /xingrg/all/function/internal_message.html?_=1673650282545&CODE_STATE=getMsg HTTP/1.1" 200 27
58.40.7.146 - - [14/Jan/2023:06:50:52 +0800] "GET /xingrg/all/function/internal_message.html?_=1673650269027&CODE_STATE=getMsg HTTP/1.1" 200 27
116.238.139.35 - - [14/Jan/2023:06:51:07 +0800] "GET /xingrg/all/function/internal_message.html?_=1673650286291&CODE_STATE=getMsg HTTP/1.1" 200 27
116.238.139.35 - - [14/Jan/2023:06:51:07 +0800] "GET /xingrg/check_reg.html?_=1673650286297 HTTP/1.1" 200 22
221.239.170.112 - - [14/Jan/2023:06:51:09 +0800] "GET /xingrg/all/function/internal_message.html?_=1673650281495&CODE_STATE=getMsg HTTP/1.1" 200 27
116.192.124.172 - - [14/Jan/2023:06:51:10 +0800] "GET /xingrg/check_reg.html?_=1673650286243 HTTP/1.1" 302 -
101.83.145.75 - - [14/Jan/2023:06:51:16 +0800] "GET /xingrg/all/function/internal_message.html?_=1673650296540&CODE_STATE=getMsg HTTP/1.1" 200 27
116.192.124.172 - - [14/Jan/2023:06:51:21 +0800] "GET /xingrg/all/function/internal_message.html?_=1673650297896&CODE_STATE=getMsg HTTP/1.1" 302 -
120.253.135.82 - - [14/Jan/2023:06:51:22 +0800] "GET /xingrg/check_reg.html?_=1673650113505 HTTP/1.1" 200 22
120.253.135.82 - - [14/Jan/2023:06:51:22 +0800] "GET /xingrg/all/function/internal_message.html?_=1673650113739&CODE_STATE=getMsg HTTP/1.1" 200 27
116.235.93.82 - - [14/Jan/2023:06:51:25 +0800] "GET /xingrg/all/function/internal_message.html?_=1673650535964&CODE_STATE=getMsg HTTP/1.1" 200 27
120.253.135.82 - - [14/Jan/2023:06:51:27 +0800] "POST /xingrg/kc/pszx/mdps_list_operate.html HTTP/1.1" 200 4670
120.253.135.82 - - [14/Jan/2023:06:51:29 +0800] "POST /xingrg/kc/pszx/mdps_list_operate.html HTTP/1.1" 200 205
120.253.135.82 - - [14/Jan/2023:06:51:31 +0800] "POST /xingrg/kc/pszx/mdps_list_operate.html HTTP/1.1" 200 202
116.235.244.242 - - [14/Jan/2023:06:51:35 +0800] "GET /xingrg/check_reg.html?_=1673650333473 HTTP/1.1" 200 22
114.88.159.190 - - [14/Jan/2023:06:51:36 +0800] "GET /xingrg/all/function/internal_message.html?_=1673649896125&CODE_STATE=getMsg HTTP/1.1" 200 27
120.253.135.82 - - [14/Jan/2023:06:51:37 +0800] "GET /xingrg/kc/pszx/mdps_order_info.html?code=312023011300281 HTTP/1.1" 200 23976
120.253.135.82 - - [14/Jan/2023:06:51:37 +0800] "GET /xingrg/javascript/easyui/themes/default/validatebox.css HTTP/1.1" 404 1104
120.253.135.82 - - [14/Jan/2023:06:51:37 +0800] "POST /xingrg/kc/pszx/mdps_order_operate.html HTTP/1.1" 200 2276
120.253.135.82 - - [14/Jan/2023:06:51:40 +0800] "GET /xingrg/javascript/jquery_tools/images/prev.gif HTTP/1.1" 404 1086
120.253.135.82 - - [14/Jan/2023:06:51:40 +0800] "GET /xingrg/javascript/jquery_tools/images/next.gif HTTP/1.1" 404 1086
116.235.244.242 - - [14/Jan/2023:06:51:44 +0800] "GET /xingrg/all/function/internal_message.html?_=1673650342548&CODE_STATE=getMsg HTTP/1.1" 200 27
120.253.135.82 - - [14/Jan/2023:06:51:44 +0800] "POST /xingrg/kc/pszx/mdps_order_operate.html HTTP/1.1" 200 37
120.253.135.82 - - [14/Jan/2023:06:51:45 +0800] "GET /xingrg/kc/pszx/mdps_order_info.html?code=312023011300281 HTTP/1.1" 200 23976
120.253.135.82 - - [14/Jan/2023:06:51:46 +0800] "GET /xingrg/javascript/easyui/themes/default/validatebox.css HTTP/1.1" 404 1104
120.253.135.82 - - [14/Jan/2023:06:51:46 +0800] "POST /xingrg/kc/pszx/mdps_order_operate.html HTTP/1.1" 200 2276
120.253.135.82 - - [14/Jan/2023:06:51:47 +0800] "POST /xingrg/kc/pszx/mdps_list_operate.html HTTP/1.1" 200 4670
120.253.135.82 - - [14/Jan/2023:06:51:50 +0800] "POST /xingrg/kc/pszx/mdps_list_operate.html HTTP/1.1" 200 202
120.253.135.82 - - [14/Jan/2023:06:51:51 +0800] "POST /xingrg/kc/pszx/mdps_list_operate.html HTTP/1.1" 200 622
58.40.7.146 - - [14/Jan/2023:06:51:52 +0800] "GET /xingrg/all/function/internal_message.html?_=1673650329000&CODE_STATE=getMsg HTTP/1.1" 200 27
120.253.135.82 - - [14/Jan/2023:06:51:53 +0800] "GET /xingrg/kc/pszx/mdps_order_info.html?code=312023011300279 HTTP/1.1" 200 23976
120.253.135.82 - - [14/Jan/2023:06:51:53 +0800] "GET /xingrg/javascript/easyui/themes/default/validatebox.css HTTP/1.1" 404 1104
120.253.135.82 - - [14/Jan/2023:06:51:53 +0800] "POST /xingrg/kc/pszx/mdps_order_operate.html HTTP/1.1" 200 4810
120.253.135.82 - - [14/Jan/2023:06:51:58 +0800] "POST /xingrg/kc/pszx/mdps_list_operate.html HTTP/1.1" 200 4670
120.253.135.82 - - [14/Jan/2023:06:52:00 +0800] "POST /xingrg/kc/pszx/mdps_list_operate.html HTTP/1.1" 200 442
120.253.135.82 - - [14/Jan/2023:06:52:00 +0800] "GET /xingrg/kc/pszx/mdps_order_info.html?code=312023011300264 HTTP/1.1" 200 23978
120.253.135.82 - - [14/Jan/2023:06:52:01 +0800] "GET /xingrg/javascript/easyui/themes/default/validatebox.css HTTP/1.1" 404 1104
120.253.135.82 - - [14/Jan/2023:06:52:01 +0800] "POST /xingrg/kc/pszx/mdps_order_operate.html HTTP/1.1" 200 3774
120.253.135.82 - - [14/Jan/2023:06:52:04 +0800] "POST /xingrg/kc/pszx/mdps_list_operate.html HTTP/1.1" 200 4670
120.253.135.82 - - [14/Jan/2023:06:52:06 +0800] "POST /xingrg/kc/pszx/mdps_list_operate.html HTTP/1.1" 200 638
120.253.135.82 - - [14/Jan/2023:06:52:07 +0800] "GET /xingrg/kc/pszx/mdps_order_info.html?code=312023011300260 HTTP/1.1" 200 23978
116.238.139.35 - - [14/Jan/2023:06:52:07 +0800] "GET /xingrg/all/function/internal_message.html?_=1673650346304&CODE_STATE=getMsg HTTP/1.1" 200 27
120.253.135.82 - - [14/Jan/2023:06:52:07 +0800] "GET /xingrg/javascript/easyui/themes/default/validatebox.css HTTP/1.1" 404 1104
120.253.135.82 - - [14/Jan/2023:06:52:07 +0800] "POST /xingrg/kc/pszx/mdps_order_operate.html HTTP/1.1" 200 8465
221.239.170.112 - - [14/Jan/2023:06:52:09 +0800] "GET /xingrg/all/function/internal_message.html?_=1673650341488&CODE_STATE=getMsg HTTP/1.1" 200 27
101.83.145.75 - - [14/Jan/2023:06:52:16 +0800] "GET /xingrg/all/function/internal_message.html?_=1673650356522&CODE_STATE=getMsg HTTP/1.1" 200 27
116.192.124.172 - - [14/Jan/2023:06:52:21 +0800] "GET /xingrg/all/function/internal_message.html?_=1673650357889&CODE_STATE=getMsg HTTP/1.1" 302 -
120.253.135.82 - - [14/Jan/2023:06:52:23 +0800] "GET /xingrg/all/function/internal_message.html?_=1673650173752&CODE_STATE=getMsg HTTP/1.1" 200 27
116.235.93.82 - - [14/Jan/2023:06:52:25 +0800] "GET /xingrg/all/function/internal_message.html?_=1673650595942&CODE_STATE=getMsg HTTP/1.1" 200 27
120.253.135.82 - - [14/Jan/2023:06:52:26 +0800] "POST /xingrg/kc/pszx/mdps_list_operate.html HTTP/1.1" 200 4670
120.253.135.82 - - [14/Jan/2023:06:52:28 +0800] "POST /xingrg/kc/pszx/mdps_list_operate.html HTTP/1.1" 200 367
120.253.135.82 - - [14/Jan/2023:06:52:28 +0800] "GET /xingrg/kc/pszx/mdps_order_info.html?code=312023011300259 HTTP/1.1" 200 23976
120.253.135.82 - - [14/Jan/2023:06:52:29 +0800] "GET /xingrg/javascript/easyui/themes/default/validatebox.css HTTP/1.1" 404 1104
120.253.135.82 - - [14/Jan/2023:06:52:29 +0800] "POST /xingrg/kc/pszx/mdps_order_operate.html HTTP/1.1" 200 3319
116.235.93.82 - - [14/Jan/2023:06:52:35 +0800] "GET /xingrg/check_reg.html?_=1673650606606 HTTP/1.1" 200 22
120.253.135.82 - - [14/Jan/2023:06:52:36 +0800] "POST /xingrg/kc/pszx/mdps_list_operate.html HTTP/1.1" 200 4670
114.88.159.190 - - [14/Jan/2023:06:52:36 +0800] "GET /xingrg/all/function/internal_message.html?_=1673649956097&CODE_STATE=getMsg HTTP/1.1" 200 27
120.253.135.82 - - [14/Jan/2023:06:52:37 +0800] "POST /xingrg/kc/pszx/mdps_list_operate.html HTTP/1.1" 200 618
120.253.135.82 - - [14/Jan/2023:06:52:38 +0800] "GET /xingrg/kc/pszx/mdps_order_info.html?code=312023011300257 HTTP/1.1" 200 23978
120.253.135.82 - - [14/Jan/2023:06:52:38 +0800] "GET /xingrg/javascript/easyui/themes/default/validatebox.css HTTP/1.1" 404 1104
120.253.135.82 - - [14/Jan/2023:06:52:38 +0800] "POST /xingrg/kc/pszx/mdps_order_operate.html HTTP/1.1" 200 15741
116.235.244.242 - - [14/Jan/2023:06:52:44 +0800] "GET /xingrg/all/function/internal_message.html?_=1673650402561&CODE_STATE=getMsg HTTP/1.1" 200 27
114.88.159.190 - - [14/Jan/2023:06:52:51 +0800] "GET /xingrg/check_reg.html?_=1673649970984 HTTP/1.1" 200 22
58.40.7.146 - - [14/Jan/2023:06:52:52 +0800] "GET /xingrg/all/function/internal_message.html?_=1673650388974&CODE_STATE=getMsg HTTP/1.1" 200 27
116.238.139.35 - - [14/Jan/2023:06:53:07 +0800] "GET /xingrg/all/function/internal_message.html?_=1673650406291&CODE_STATE=getMsg HTTP/1.1" 200 27
221.239.170.112 - - [14/Jan/2023:06:53:09 +0800] "GET /xingrg/all/function/internal_message.html?_=1673650401473&CODE_STATE=getMsg HTTP/1.1" 200 27
101.83.145.75 - - [14/Jan/2023:06:53:16 +0800] "GET /xingrg/all/function/internal_message.html?_=1673650416490&CODE_STATE=getMsg HTTP/1.1" 200 27
120.253.135.82 - - [14/Jan/2023:06:53:20 +0800] "POST /xingrg/kc/pszx/mdps_list_operate.html HTTP/1.1" 200 4670
116.192.124.172 - - [14/Jan/2023:06:53:21 +0800] "GET /xingrg/all/function/internal_message.html?_=1673650417886&CODE_STATE=getMsg HTTP/1.1" 302 -
120.253.135.82 - - [14/Jan/2023:06:53:21 +0800] "POST /xingrg/kc/pszx/mdps_list_operate.html HTTP/1.1" 200 523
120.253.135.82 - - [14/Jan/2023:06:53:22 +0800] "GET /xingrg/kc/pszx/mdps_order_info.html?code=312023011100210 HTTP/1.1" 200 23978
120.253.135.82 - - [14/Jan/2023:06:53:22 +0800] "GET /xingrg/javascript/easyui/themes/default/validatebox.css HTTP/1.1" 404 1104
120.253.135.82 - - [14/Jan/2023:06:53:22 +0800] "POST /xingrg/kc/pszx/mdps_order_operate.html HTTP/1.1" 200 4240
120.253.135.82 - - [14/Jan/2023:06:53:23 +0800] "GET /xingrg/all/function/internal_message.html?_=1673650233767&CODE_STATE=getMsg HTTP/1.1" 200 27
120.253.135.82 - - [14/Jan/2023:06:53:24 +0800] "POST /xingrg/kc/pszx/mdps_list_operate.html HTTP/1.1" 200 4670
116.235.93.82 - - [14/Jan/2023:06:53:25 +0800] "GET /xingrg/all/function/internal_message.html?_=1673650655921&CODE_STATE=getMsg HTTP/1.1" 200 27
120.253.135.82 - - [14/Jan/2023:06:53:26 +0800] "POST /xingrg/kc/pszx/mdps_list_operate.html HTTP/1.1" 200 202
120.253.135.82 - - [14/Jan/2023:06:53:26 +0800] "GET /xingrg/kc/pszx/mdps_order_info.html?code=312023011100173 HTTP/1.1" 200 23984
120.253.135.82 - - [14/Jan/2023:06:53:26 +0800] "GET /xingrg/javascript/easyui/themes/default/validatebox.css HTTP/1.1" 404 1104
120.253.135.82 - - [14/Jan/2023:06:53:26 +0800] "POST /xingrg/kc/pszx/mdps_order_operate.html HTTP/1.1" 200 2276
120.253.135.82 - - [14/Jan/2023:06:53:29 +0800] "POST /xingrg/kc/pszx/mdps_list_operate.html HTTP/1.1" 200 4670
101.83.145.75 - - [14/Jan/2023:06:53:32 +0800] "GET /xingrg/check_reg.html?_=1673650433247 HTTP/1.1" 200 22
114.88.159.190 - - [14/Jan/2023:06:53:36 +0800] "GET /xingrg/all/function/internal_message.html?_=1673650016074&CODE_STATE=getMsg HTTP/1.1" 200 27
116.235.244.242 - - [14/Jan/2023:06:53:45 +0800] "GET /xingrg/all/function/internal_message.html?_=1673650463073&CODE_STATE=getMsg HTTP/1.1" 200 27
58.40.7.146 - - [14/Jan/2023:06:53:52 +0800] "GET /xingrg/all/function/internal_message.html?_=1673650448948&CODE_STATE=getMsg HTTP/1.1" 200 27
58.40.7.146 - - [14/Jan/2023:06:54:06 +0800] "GET /xingrg/check_reg.html?_=1673650463166 HTTP/1.1" 200 22
116.238.139.35 - - [14/Jan/2023:06:54:07 +0800] "GET /xingrg/all/function/internal_message.html?_=1673650466295&CODE_STATE=getMsg HTTP/1.1" 200 27
221.239.170.112 - - [14/Jan/2023:06:54:09 +0800] "GET /xingrg/all/function/internal_message.html?_=1673650461459&CODE_STATE=getMsg HTTP/1.1" 200 27
101.83.145.75 - - [14/Jan/2023:06:54:16 +0800] "GET /xingrg/all/function/internal_message.html?_=1673650476461&CODE_STATE=getMsg HTTP/1.1" 200 27
120.253.135.82 - - [14/Jan/2023:06:54:18 +0800] "POST /xingrg/kc/pszx/mdps_list_operate.html HTTP/1.1" 200 622
120.253.135.82 - - [14/Jan/2023:06:54:18 +0800] "GET /xingrg/kc/pszx/mdps_order_info.html?code=312023011300279 HTTP/1.1" 200 23976
120.253.135.82 - - [14/Jan/2023:06:54:19 +0800] "GET /xingrg/javascript/easyui/themes/default/validatebox.css HTTP/1.1" 404 1104
120.253.135.82 - - [14/Jan/2023:06:54:19 +0800] "POST /xingrg/kc/pszx/mdps_order_operate.html HTTP/1.1" 200 4810
221.239.170.112 - - [14/Jan/2023:06:54:20 +0800] "GET /xingrg/check_reg.html?_=1673650473114 HTTP/1.1" 200 22
116.192.124.172 - - [14/Jan/2023:06:54:21 +0800] "GET /xingrg/all/function/internal_message.html?_=1673650477898&CODE_STATE=getMsg HTTP/1.1" 302 -
120.253.135.82 - - [14/Jan/2023:06:54:23 +0800] "GET /xingrg/all/function/internal_message.html?_=1673650293780&CODE_STATE=getMsg HTTP/1.1" 200 27
116.235.93.82 - - [14/Jan/2023:06:54:25 +0800] "GET /xingrg/all/function/internal_message.html?_=1673650715899&CODE_STATE=getMsg HTTP/1.1" 200 27
120.253.135.82 - - [14/Jan/2023:06:54:28 +0800] "POST /xingrg/kc/pszx/mdps_order_operate.html HTTP/1.1" 200 37
120.253.135.82 - - [14/Jan/2023:06:54:29 +0800] "GET /xingrg/kc/pszx/mdps_order_info.html?code=312023011300279 HTTP/1.1" 200 23976
120.253.135.82 - - [14/Jan/2023:06:54:29 +0800] "GET /xingrg/javascript/easyui/themes/default/validatebox.css HTTP/1.1" 404 1104
120.253.135.82 - - [14/Jan/2023:06:54:29 +0800] "POST /xingrg/kc/pszx/mdps_order_operate.html HTTP/1.1" 200 4810
120.253.135.82 - - [14/Jan/2023:06:54:31 +0800] "POST /xingrg/kc/pszx/mdps_list_operate.html HTTP/1.1" 200 4670
120.253.135.82 - - [14/Jan/2023:06:54:34 +0800] "POST /xingrg/kc/pszx/mdps_list_operate.html HTTP/1.1" 200 622
120.253.135.82 - - [14/Jan/2023:06:54:35 +0800] "GET /xingrg/kc/pszx/mdps_order_info.html?code=312023011300279 HTTP/1.1" 200 23976
120.253.135.82 - - [14/Jan/2023:06:54:36 +0800] "GET /xingrg/javascript/easyui/themes/default/validatebox.css HTTP/1.1" 404 1104
120.253.135.82 - - [14/Jan/2023:06:54:36 +0800] "POST /xingrg/kc/pszx/mdps_order_operate.html HTTP/1.1" 200 4810
114.88.159.190 - - [14/Jan/2023:06:54:36 +0800] "GET /xingrg/all/function/internal_message.html?_=1673650076054&CODE_STATE=getMsg HTTP/1.1" 200 27
120.253.135.82 - - [14/Jan/2023:06:54:37 +0800] "POST /xingrg/kc/pszx/mdps_list_operate.html HTTP/1.1" 200 4670
120.253.135.82 - - [14/Jan/2023:06:54:40 +0800] "POST /xingrg/kc/pszx/mdps_list_operate.html HTTP/1.1" 200 622
120.253.135.82 - - [14/Jan/2023:06:54:41 +0800] "GET /xingrg/kc/pszx/mdps_order_info.html?code=312023011300279 HTTP/1.1" 200 23976
120.253.135.82 - - [14/Jan/2023:06:54:41 +0800] "GET /xingrg/javascript/easyui/themes/default/validatebox.css HTTP/1.1" 404 1104
120.253.135.82 - - [14/Jan/2023:06:54:41 +0800] "POST /xingrg/kc/pszx/mdps_order_operate.html HTTP/1.1" 200 4810
120.253.135.82 - - [14/Jan/2023:06:54:44 +0800] "GET /xingrg/kc/print/load_data.html?order_code=312023011300279&kc_code=mdps&condition= HTTP/1.1" 200 1859
116.235.244.242 - - [14/Jan/2023:06:54:45 +0800] "GET /xingrg/all/function/internal_message.html?_=1673650523072&CODE_STATE=getMsg HTTP/1.1" 200 27
58.40.7.146 - - [14/Jan/2023:06:54:52 +0800] "GET /xingrg/all/function/internal_message.html?_=1673650508921&CODE_STATE=getMsg HTTP/1.1" 200 27
222.70.177.10 - - [14/Jan/2023:06:55:00 +0800] "POST /xingrg/services/DataTransmitService HTTP/1.1" 200 524
116.238.139.35 - - [14/Jan/2023:06:55:07 +0800] "GET /xingrg/all/function/internal_message.html?_=1673650526296&CODE_STATE=getMsg HTTP/1.1" 200 27
221.239.170.112 - - [14/Jan/2023:06:55:09 +0800] "GET /xingrg/all/function/internal_message.html?_=1673650521430&CODE_STATE=getMsg HTTP/1.1" 200 27
101.83.145.75 - - [14/Jan/2023:06:55:16 +0800] "GET /xingrg/all/function/internal_message.html?_=1673650536430&CODE_STATE=getMsg HTTP/1.1" 200 27
116.192.124.172 - - [14/Jan/2023:06:55:21 +0800] "GET /xingrg/all/function/internal_message.html?_=1673650537895&CODE_STATE=getMsg HTTP/1.1" 302 -
120.253.135.82 - - [14/Jan/2023:06:55:23 +0800] "GET /xingrg/all/function/internal_message.html?_=1673650353793&CODE_STATE=getMsg HTTP/1.1" 200 27
116.235.93.82 - - [14/Jan/2023:06:55:25 +0800] "GET /xingrg/all/function/internal_message.html?_=1673650775871&CODE_STATE=getMsg HTTP/1.1" 200 27
114.88.159.190 - - [14/Jan/2023:06:55:36 +0800] "GET /xingrg/all/function/internal_message.html?_=1673650136032&CODE_STATE=getMsg HTTP/1.1" 200 27
116.235.244.242 - - [14/Jan/2023:06:55:45 +0800] "GET /xingrg/all/function/internal_message.html?_=1673650583547&CODE_STATE=getMsg HTTP/1.1" 200 27
58.40.7.146 - - [14/Jan/2023:06:55:52 +0800] "GET /xingrg/all/function/internal_message.html?_=1673650568894&CODE_STATE=getMsg HTTP/1.1" 200 27
116.238.139.35 - - [14/Jan/2023:06:56:07 +0800] "GET /xingrg/all/function/internal_message.html?_=1673650586299&CODE_STATE=getMsg HTTP/1.1" 200 27
116.238.139.35 - - [14/Jan/2023:06:56:07 +0800] "GET /xingrg/check_reg.html?_=1673650586303 HTTP/1.1" 200 22
221.239.170.112 - - [14/Jan/2023:06:56:09 +0800] "GET /xingrg/all/function/internal_message.html?_=1673650581417&CODE_STATE=getMsg HTTP/1.1" 200 27
116.192.124.172 - - [14/Jan/2023:06:56:10 +0800] "GET /xingrg/check_reg.html?_=1673650586225 HTTP/1.1" 302 -
120.253.135.82 - - [14/Jan/2023:06:56:10 +0800] "POST /xingrg/kc/pszx/mdps_list_operate.html HTTP/1.1" 200 4670
120.253.135.82 - - [14/Jan/2023:06:56:14 +0800] "GET /xingrg/kc/pszx/mdqp_order_list.html?state=10 HTTP/1.1" 200 11926
120.253.135.82 - - [14/Jan/2023:06:56:14 +0800] "GET /xingrg/dwr/interface/AjaxReportQueryService.js HTTP/1.1" 200 13203
120.253.135.82 - - [14/Jan/2023:06:56:14 +0800] "GET /xingrg/dwr/interface/AjaxQqpsService.js HTTP/1.1" 200 16326
120.253.135.82 - - [14/Jan/2023:06:56:15 +0800] "GET /xingrg/dwr/engine.js HTTP/1.1" 200 43631
101.83.145.75 - - [14/Jan/2023:06:56:16 +0800] "GET /xingrg/all/function/internal_message.html?_=1673650596405&CODE_STATE=getMsg HTTP/1.1" 200 27
120.253.135.82 - - [14/Jan/2023:06:56:18 +0800] "GET /xingrg/kc/pszx/mdps_order_list.html?orderType=0 HTTP/1.1" 200 21073
120.253.135.82 - - [14/Jan/2023:06:56:18 +0800] "POST /xingrg/kc/pszx/mdps_list_operate.html HTTP/1.1" 200 5354
116.192.124.172 - - [14/Jan/2023:06:56:21 +0800] "GET /xingrg/all/function/internal_message.html?_=1673650597893&CODE_STATE=getMsg HTTP/1.1" 302 -
120.253.135.82 - - [14/Jan/2023:06:56:22 +0800] "GET /xingrg/check_reg.html?_=1673650413515 HTTP/1.1" 200 22
120.253.135.82 - - [14/Jan/2023:06:56:23 +0800] "GET /xingrg/all/function/internal_message.html?_=1673650413855&CODE_STATE=getMsg HTTP/1.1" 200 27
120.253.135.82 - - [14/Jan/2023:06:56:24 +0800] "POST /xingrg/kc/pszx/mdps_list_operate.html HTTP/1.1" 200 5483
116.235.93.82 - - [14/Jan/2023:06:56:25 +0800] "GET /xingrg/all/function/internal_message.html?_=1673650835842&CODE_STATE=getMsg HTTP/1.1" 200 27
120.253.135.82 - - [14/Jan/2023:06:56:28 +0800] "POST /xingrg/kc/pszx/mdps_list_operate.html HTTP/1.1" 200 5441
116.235.244.242 - - [14/Jan/2023:06:56:35 +0800] "GET /xingrg/check_reg.html?_=1673650633473 HTTP/1.1" 200 22
114.88.159.190 - - [14/Jan/2023:06:56:36 +0800] "GET /xingrg/all/function/internal_message.html?_=1673650196007&CODE_STATE=getMsg HTTP/1.1" 200 27
120.253.135.82 - - [14/Jan/2023:06:56:37 +0800] "POST /xingrg/kc/pszx/mdps_list_operate.html HTTP/1.1" 200 2371
120.253.135.82 - - [14/Jan/2023:06:56:39 +0800] "POST /xingrg/kc/pszx/mdps_list_operate.html HTTP/1.1" 200 5441
116.235.244.242 - - [14/Jan/2023:06:56:45 +0800] "GET /xingrg/all/function/internal_message.html?_=1673650643552&CODE_STATE=getMsg HTTP/1.1" 200 27
120.253.135.82 - - [14/Jan/2023:06:56:52 +0800] "POST /xingrg/kc/pszx/mdps_list_operate.html HTTP/1.1" 200 2419
58.40.7.146 - - [14/Jan/2023:06:56:52 +0800] "GET /xingrg/all/function/internal_message.html?_=1673650628869&CODE_STATE=getMsg HTTP/1.1" 200 27
120.253.135.82 - - [14/Jan/2023:06:56:53 +0800] "POST /xingrg/kc/pszx/mdps_list_operate.html HTTP/1.1" 200 205
120.253.135.82 - - [14/Jan/2023:06:56:54 +0800] "GET /xingrg/kc/pszx/mdps_order_info.html?code=312023011300265 HTTP/1.1" 200 23978
120.253.135.82 - - [14/Jan/2023:06:56:54 +0800] "GET /xingrg/javascript/easyui/themes/default/validatebox.css HTTP/1.1" 404 1104
120.253.135.82 - - [14/Jan/2023:06:56:54 +0800] "POST /xingrg/kc/pszx/mdps_order_operate.html HTTP/1.1" 200 2282
120.253.135.82 - - [14/Jan/2023:06:56:57 +0800] "POST /xingrg/kc/pszx/mdps_list_operate.html HTTP/1.1" 200 208
120.253.135.82 - - [14/Jan/2023:06:56:58 +0800] "GET /xingrg/kc/pszx/mdps_order_info.html?code=312023011300267 HTTP/1.1" 200 23972
120.253.135.82 - - [14/Jan/2023:06:56:58 +0800] "GET /xingrg/javascript/easyui/themes/default/validatebox.css HTTP/1.1" 404 1104
120.253.135.82 - - [14/Jan/2023:06:56:58 +0800] "POST /xingrg/kc/pszx/mdps_order_operate.html HTTP/1.1" 200 2285
120.253.135.82 - - [14/Jan/2023:06:57:01 +0800] "POST /xingrg/kc/pszx/mdps_list_operate.html HTTP/1.1" 200 2419
120.253.135.82 - - [14/Jan/2023:06:57:02 +0800] "POST /xingrg/kc/pszx/mdps_list_operate.html HTTP/1.1" 200 217
120.253.135.82 - - [14/Jan/2023:06:57:03 +0800] "GET /xingrg/kc/pszx/mdps_order_info.html?code=312023011300269 HTTP/1.1" 200 23972
120.253.135.82 - - [14/Jan/2023:06:57:03 +0800] "GET /xingrg/javascript/easyui/themes/default/validatebox.css HTTP/1.1" 404 1104
120.253.135.82 - - [14/Jan/2023:06:57:03 +0800] "POST /xingrg/kc/pszx/mdps_order_operate.html HTTP/1.1" 200 2302
120.253.135.82 - - [14/Jan/2023:06:57:05 +0800] "POST /xingrg/kc/pszx/mdps_list_operate.html HTTP/1.1" 200 2419
116.238.139.35 - - [14/Jan/2023:06:57:07 +0800] "GET /xingrg/all/function/internal_message.html?_=1673650646298&CODE_STATE=getMsg HTTP/1.1" 200 27
120.253.135.82 - - [14/Jan/2023:06:57:08 +0800] "GET /xingrg/kc/pszx/mdqp_order_list.html?state=10 HTTP/1.1" 200 11926
120.253.135.82 - - [14/Jan/2023:06:57:08 +0800] "GET /xingrg/dwr/interface/AjaxReportQueryService.js HTTP/1.1" 200 13203
120.253.135.82 - - [14/Jan/2023:06:57:08 +0800] "GET /xingrg/dwr/interface/AjaxQqpsService.js HTTP/1.1" 200 16326
120.253.135.82 - - [14/Jan/2023:06:57:08 +0800] "GET /xingrg/dwr/engine.js HTTP/1.1" 200 43631
221.239.170.112 - - [14/Jan/2023:06:57:09 +0800] "GET /xingrg/all/function/internal_message.html?_=1673650641403&CODE_STATE=getMsg HTTP/1.1" 200 27
120.253.135.82 - - [14/Jan/2023:06:57:14 +0800] "GET /xingrg/kc/pszx/mdqp_order_info.html?code=302023011300218 HTTP/1.1" 200 13346
120.253.135.82 - - [14/Jan/2023:06:57:14 +0800] "GET /xingrg/javascript/tools/jquery.qtip-1.0.0-rc3.min.js HTTP/1.1" 304 -
120.253.135.82 - - [14/Jan/2023:06:57:14 +0800] "GET /xingrg/dwr/interface/AjaxComOrderService.js HTTP/1.1" 200 18264
120.253.135.82 - - [14/Jan/2023:06:57:14 +0800] "GET /xingrg/dwr/interface/AjaxQqpsService.js HTTP/1.1" 200 16326
120.253.135.82 - - [14/Jan/2023:06:57:14 +0800] "GET /xingrg/javascript/ToolTips.js HTTP/1.1" 304 -
120.253.135.82 - - [14/Jan/2023:06:57:14 +0800] "GET /xingrg/javascript/AjaxInfoList.js HTTP/1.1" 304 -
120.253.135.82 - - [14/Jan/2023:06:57:14 +0800] "GET /xingrg/javascript/checkform.js HTTP/1.1" 304 -
120.253.135.82 - - [14/Jan/2023:06:57:14 +0800] "GET /xingrg/javascript/Grid.js HTTP/1.1" 304 -
120.253.135.82 - - [14/Jan/2023:06:57:14 +0800] "GET /xingrg/dwr/engine.js HTTP/1.1" 200 43631
120.253.135.82 - - [14/Jan/2023:06:57:15 +0800] "POST /xingrg/dwr/call/plaincall/AjaxQqpsService.loadMaterielItems.dwr HTTP/1.1" 200 959
101.83.145.75 - - [14/Jan/2023:06:57:15 +0800] "GET /xingrg/all/function/internal_message.html?_=1673650656374&CODE_STATE=getMsg HTTP/1.1" 200 27
116.192.124.172 - - [14/Jan/2023:06:57:21 +0800] "GET /xingrg/all/function/internal_message.html?_=1673650657879&CODE_STATE=getMsg HTTP/1.1" 302 -
120.253.135.82 - - [14/Jan/2023:06:57:23 +0800] "GET /xingrg/all/function/internal_message.html?_=1673650473867&CODE_STATE=getMsg HTTP/1.1" 200 27
116.235.93.82 - - [14/Jan/2023:06:57:25 +0800] "GET /xingrg/all/function/internal_message.html?_=1673650895814&CODE_STATE=getMsg HTTP/1.1" 200 27
116.235.93.82 - - [14/Jan/2023:06:57:35 +0800] "GET /xingrg/check_reg.html?_=1673650906587 HTTP/1.1" 200 22
114.88.159.190 - - [14/Jan/2023:06:57:36 +0800] "GET /xingrg/all/function/internal_message.html?_=1673650255985&CODE_STATE=getMsg HTTP/1.1" 200 27
116.235.244.242 - - [14/Jan/2023:06:57:45 +0800] "GET /xingrg/all/function/internal_message.html?_=1673650703565&CODE_STATE=getMsg HTTP/1.1" 200 27
114.88.159.190 - - [14/Jan/2023:06:57:51 +0800] "GET /xingrg/check_reg.html?_=1673650270983 HTTP/1.1" 200 22
58.40.7.146 - - [14/Jan/2023:06:57:52 +0800] "GET /xingrg/all/function/internal_message.html?_=1673650688841&CODE_STATE=getMsg HTTP/1.1" 200 27
116.238.139.35 - - [14/Jan/2023:06:58:07 +0800] "GET /xingrg/all/function/internal_message.html?_=1673650706300&CODE_STATE=getMsg HTTP/1.1" 200 27
221.239.170.112 - - [14/Jan/2023:06:58:09 +0800] "GET /xingrg/all/function/internal_message.html?_=1673650701388&CODE_STATE=getMsg HTTP/1.1" 200 27
101.83.145.75 - - [14/Jan/2023:06:58:15 +0800] "GET /xingrg/all/function/internal_message.html?_=1673650716344&CODE_STATE=getMsg HTTP/1.1" 200 27
116.192.124.172 - - [14/Jan/2023:06:58:21 +0800] "GET /xingrg/all/function/internal_message.html?_=1673650717890&CODE_STATE=getMsg HTTP/1.1" 302 -
120.253.135.82 - - [14/Jan/2023:06:58:23 +0800] "GET /xingrg/all/function/internal_message.html?_=1673650533881&CODE_STATE=getMsg HTTP/1.1" 200 27
116.235.93.82 - - [14/Jan/2023:06:58:25 +0800] "GET /xingrg/all/function/internal_message.html?_=1673650955783&CODE_STATE=getMsg HTTP/1.1" 200 27
101.83.145.75 - - [14/Jan/2023:06:58:32 +0800] "GET /xingrg/check_reg.html?_=1673650733258 HTTP/1.1" 200 22
114.88.159.190 - - [14/Jan/2023:06:58:36 +0800] "GET /xingrg/all/function/internal_message.html?_=1673650315980&CODE_STATE=getMsg HTTP/1.1" 200 27
116.235.244.242 - - [14/Jan/2023:06:58:46 +0800] "GET /xingrg/all/function/internal_message.html?_=1673650764036&CODE_STATE=getMsg HTTP/1.1" 200 27
58.40.7.146 - - [14/Jan/2023:06:58:52 +0800] "GET /xingrg/all/function/internal_message.html?_=1673650748828&CODE_STATE=getMsg HTTP/1.1" 200 27
120.253.135.82 - - [14/Jan/2023:06:58:56 +0800] "GET /xingrg/kc/pszx/mdqp_order_list.html?isBack=1 HTTP/1.1" 302 -
120.253.135.82 - - [14/Jan/2023:06:58:56 +0800] "GET /xingrg/kc/pszx/mdqp_order_list.html?state=10 HTTP/1.1" 200 11926
120.253.135.82 - - [14/Jan/2023:06:58:56 +0800] "GET /xingrg/dwr/interface/AjaxQqpsService.js HTTP/1.1" 200 16326
120.253.135.82 - - [14/Jan/2023:06:58:56 +0800] "GET /xingrg/dwr/interface/AjaxReportQueryService.js HTTP/1.1" 200 13203
120.253.135.82 - - [14/Jan/2023:06:58:56 +0800] "GET /xingrg/dwr/engine.js HTTP/1.1" 200 43631
120.253.135.82 - - [14/Jan/2023:06:59:01 +0800] "GET /xingrg/kc/pszx/jzcl_ps.html HTTP/1.1" 200 7683
120.253.135.82 - - [14/Jan/2023:06:59:01 +0800] "GET /xingrg/css/table.css HTTP/1.1" 304 -
120.253.135.82 - - [14/Jan/2023:06:59:01 +0800] "GET /xingrg/javascript/step/step.css HTTP/1.1" 304 -
120.253.135.82 - - [14/Jan/2023:06:59:01 +0800] "POST /xingrg/all/common/load_tree.html?tree=area_rest_tree_json HTTP/1.1" 200 3499
120.253.135.82 - - [14/Jan/2023:06:59:02 +0800] "POST /xingrg/kc/pszx/jzcl_ps_operate.html HTTP/1.1" 200 1695
120.253.135.82 - - [14/Jan/2023:06:59:02 +0800] "POST /xingrg/kc/pszx/jzcl_ps_operate.html HTTP/1.1" 200 1695
58.40.7.146 - - [14/Jan/2023:06:59:06 +0800] "GET /xingrg/check_reg.html?_=1673650763144 HTTP/1.1" 200 22
116.238.139.35 - - [14/Jan/2023:06:59:07 +0800] "GET /xingrg/all/function/internal_message.html?_=1673650766305&CODE_STATE=getMsg HTTP/1.1" 200 27
221.239.170.112 - - [14/Jan/2023:06:59:09 +0800] "GET /xingrg/all/function/internal_message.html?_=1673650761373&CODE_STATE=getMsg HTTP/1.1" 200 27
120.253.135.82 - - [14/Jan/2023:06:59:11 +0800] "POST /xingrg/kc/pszx/jzcl_ps_operate.html HTTP/1.1" 200 4
120.253.135.82 - - [14/Jan/2023:06:59:12 +0800] "GET /xingrg/kc/pszx/mdps_order_list.html HTTP/1.1" 200 21073
120.253.135.82 - - [14/Jan/2023:06:59:12 +0800] "POST /xingrg/kc/pszx/jzcl_ps_operate.html HTTP/1.1" 200 21
120.253.135.82 - - [14/Jan/2023:06:59:13 +0800] "POST /xingrg/kc/pszx/mdps_list_operate.html HTTP/1.1" 200 5359
101.83.145.75 - - [14/Jan/2023:06:59:15 +0800] "GET /xingrg/all/function/internal_message.html?_=1673650776322&CODE_STATE=getMsg HTTP/1.1" 200 27
120.253.135.82 - - [14/Jan/2023:06:59:20 +0800] "POST /xingrg/kc/pszx/mdps_list_operate.html HTTP/1.1" 200 1687
221.239.170.112 - - [14/Jan/2023:06:59:20 +0800] "GET /xingrg/check_reg.html?_=1673650773090 HTTP/1.1" 200 22
116.192.124.172 - - [14/Jan/2023:06:59:21 +0800] "GET /xingrg/all/function/internal_message.html?_=1673650777886&CODE_STATE=getMsg HTTP/1.1" 302 -
120.253.135.82 - - [14/Jan/2023:06:59:21 +0800] "POST /xingrg/kc/pszx/mdps_list_operate.html HTTP/1.1" 200 381
120.253.135.82 - - [14/Jan/2023:06:59:22 +0800] "GET /xingrg/kc/pszx/mdps_order_info.html?code=312023011400285 HTTP/1.1" 200 23976
120.253.135.82 - - [14/Jan/2023:06:59:22 +0800] "GET /xingrg/javascript/easyui/themes/default/validatebox.css HTTP/1.1" 404 1104
120.253.135.82 - - [14/Jan/2023:06:59:22 +0800] "POST /xingrg/kc/pszx/mdps_order_operate.html HTTP/1.1" 200 3275
120.253.135.82 - - [14/Jan/2023:06:59:23 +0800] "GET /xingrg/all/function/internal_message.html?_=1673650593894&CODE_STATE=getMsg HTTP/1.1" 200 27
116.235.93.82 - - [14/Jan/2023:06:59:25 +0800] "GET /xingrg/all/function/internal_message.html?_=1673651015762&CODE_STATE=getMsg HTTP/1.1" 200 27
120.253.135.82 - - [14/Jan/2023:06:59:25 +0800] "POST /xingrg/kc/pszx/mdps_order_operate.html HTTP/1.1" 200 37
120.253.135.82 - - [14/Jan/2023:06:59:26 +0800] "GET /xingrg/kc/pszx/mdps_order_info.html?code=312023011400285 HTTP/1.1" 200 23976
120.253.135.82 - - [14/Jan/2023:06:59:26 +0800] "GET /xingrg/javascript/easyui/themes/default/validatebox.css HTTP/1.1" 404 1104
120.253.135.82 - - [14/Jan/2023:06:59:26 +0800] "POST /xingrg/kc/pszx/mdps_order_operate.html HTTP/1.1" 200 3296
120.253.135.82 - - [14/Jan/2023:06:59:44 +0800] "POST /xingrg/kc/pszx/mdps_list_operate.html HTTP/1.1" 200 3181
120.253.135.82 - - [14/Jan/2023:06:59:46 +0800] "POST /xingrg/kc/pszx/mdps_list_operate.html HTTP/1.1" 200 204
120.253.135.82 - - [14/Jan/2023:06:59:47 +0800] "POST /xingrg/kc/pszx/mdps_list_operate.html HTTP/1.1" 200 208
120.253.135.82 - - [14/Jan/2023:06:59:49 +0800] "GET /xingrg/kc/pszx/mdps_order_info.html?code=312023011300268 HTTP/1.1" 200 23978
120.253.135.82 - - [14/Jan/2023:06:59:49 +0800] "GET /xingrg/javascript/easyui/themes/default/validatebox.css HTTP/1.1" 404 1104
120.253.135.82 - - [14/Jan/2023:06:59:49 +0800] "POST /xingrg/kc/pszx/mdps_order_operate.html HTTP/1.1" 200 2285
120.253.135.82 - - [14/Jan/2023:06:59:51 +0800] "POST /xingrg/kc/pszx/mdps_list_operate.html HTTP/1.1" 200 3181
58.40.7.146 - - [14/Jan/2023:06:59:52 +0800] "GET /xingrg/all/function/internal_message.html?_=1673650808818&CODE_STATE=getMsg HTTP/1.1" 200 27
120.253.135.82 - - [14/Jan/2023:06:59:53 +0800] "POST /xingrg/kc/pszx/mdps_list_operate.html HTTP/1.1" 200 204
120.253.135.82 - - [14/Jan/2023:06:59:54 +0800] "GET /xingrg/kc/pszx/mdps_order_info.html?code=312023011000158 HTTP/1.1" 200 23978
120.253.135.82 - - [14/Jan/2023:06:59:54 +0800] "GET /xingrg/javascript/easyui/themes/default/validatebox.css HTTP/1.1" 404 1104
120.253.135.82 - - [14/Jan/2023:06:59:54 +0800] "POST /xingrg/kc/pszx/mdps_order_operate.html HTTP/1.1" 200 2280
120.253.135.82 - - [14/Jan/2023:06:59:56 +0800] "POST /xingrg/kc/pszx/mdps_list_operate.html HTTP/1.1" 200 3181
120.253.135.82 - - [14/Jan/2023:06:59:57 +0800] "POST /xingrg/kc/pszx/mdps_list_operate.html HTTP/1.1" 200 585
120.253.135.82 - - [14/Jan/2023:06:59:58 +0800] "GET /xingrg/kc/pszx/mdps_order_info.html?code=312023011400282 HTTP/1.1" 200 23978
120.253.135.82 - - [14/Jan/2023:06:59:58 +0800] "GET /xingrg/javascript/easyui/themes/default/validatebox.css HTTP/1.1" 404 1104
120.253.135.82 - - [14/Jan/2023:06:59:58 +0800] "POST /xingrg/kc/pszx/mdps_order_operate.html HTTP/1.1" 200 8683
120.253.135.82 - - [14/Jan/2023:07:00:00 +0800] "POST /xingrg/all/common/load_combo.html?type=base HTTP/1.1" 200 1169
120.253.135.82 - - [14/Jan/2023:07:00:05 +0800] "POST /xingrg/kc/pszx/mdps_order_operate.html HTTP/1.1" 200 37
120.253.135.82 - - [14/Jan/2023:07:00:06 +0800] "GET /xingrg/kc/pszx/mdps_order_info.html?code=312023011400282 HTTP/1.1" 200 23978
120.253.135.82 - - [14/Jan/2023:07:00:07 +0800] "GET /xingrg/javascript/easyui/themes/default/validatebox.css HTTP/1.1" 404 1104
120.253.135.82 - - [14/Jan/2023:07:00:07 +0800] "POST /xingrg/kc/pszx/mdps_order_operate.html HTTP/1.1" 200 8799
116.238.139.35 - - [14/Jan/2023:07:00:07 +0800] "GET /xingrg/all/function/internal_message.html?_=1673650826310&CODE_STATE=getMsg HTTP/1.1" 200 27
221.239.170.112 - - [14/Jan/2023:07:00:09 +0800] "GET /xingrg/all/function/internal_message.html?_=1673650821345&CODE_STATE=getMsg HTTP/1.1" 200 27
101.83.145.75 - - [14/Jan/2023:07:00:15 +0800] "GET /xingrg/all/function/internal_message.html?_=1673650836300&CODE_STATE=getMsg HTTP/1.1" 200 27
116.192.124.172 - - [14/Jan/2023:07:00:21 +0800] "GET /xingrg/all/function/internal_message.html?_=1673650837888&CODE_STATE=getMsg HTTP/1.1" 302 -
120.253.135.82 - - [14/Jan/2023:07:00:23 +0800] "GET /xingrg/all/function/internal_message.html?_=1673650653908&CODE_STATE=getMsg HTTP/1.1" 200 27
116.235.93.82 - - [14/Jan/2023:07:00:25 +0800] "GET /xingrg/all/function/internal_message.html?_=1673651075733&CODE_STATE=getMsg HTTP/1.1" 200 27
116.235.245.255 - - [14/Jan/2023:07:00:26 +0800] "GET /xingrg/all/function/internal_message.html?_=1673650824044&CODE_STATE=getMsg HTTP/1.1" 200 27
116.235.245.255 - - [14/Jan/2023:07:00:46 +0800] "GET /xingrg/all/function/internal_message.html?_=1673650884505&CODE_STATE=getMsg HTTP/1.1" 200 27
120.253.135.82 - - [14/Jan/2023:07:00:47 +0800] "POST /xingrg/kc/pszx/mdps_order_operate.html HTTP/1.1" 200 37
120.253.135.82 - - [14/Jan/2023:07:00:48 +0800] "GET /xingrg/kc/pszx/mdps_order_info.html?code=312023011400282 HTTP/1.1" 200 23978
120.253.135.82 - - [14/Jan/2023:07:00:48 +0800] "GET /xingrg/javascript/easyui/themes/default/validatebox.css HTTP/1.1" 404 1104
120.253.135.82 - - [14/Jan/2023:07:00:48 +0800] "POST /xingrg/kc/pszx/mdps_order_operate.html HTTP/1.1" 200 8800
58.40.7.146 - - [14/Jan/2023:07:00:52 +0800] "GET /xingrg/all/function/internal_message.html?_=1673650868792&CODE_STATE=getMsg HTTP/1.1" 200 27
116.238.139.35 - - [14/Jan/2023:07:01:07 +0800] "GET /xingrg/all/function/internal_message.html?_=1673650886300&CODE_STATE=getMsg HTTP/1.1" 200 27
116.238.139.35 - - [14/Jan/2023:07:01:07 +0800] "GET /xingrg/check_reg.html?_=1673650886304 HTTP/1.1" 200 22
120.253.135.82 - - [14/Jan/2023:07:01:08 +0800] "POST /xingrg/kc/pszx/mdps_order_operate.html HTTP/1.1" 200 37
221.239.170.112 - - [14/Jan/2023:07:01:09 +0800] "GET /xingrg/all/function/internal_message.html?_=1673650881330&CODE_STATE=getMsg HTTP/1.1" 200 27
120.253.135.82 - - [14/Jan/2023:07:01:09 +0800] "GET /xingrg/kc/pszx/mdps_order_info.html?code=312023011400282 HTTP/1.1" 200 23978
120.253.135.82 - - [14/Jan/2023:07:01:09 +0800] "GET /xingrg/javascript/easyui/themes/default/validatebox.css HTTP/1.1" 404 1104
120.253.135.82 - - [14/Jan/2023:07:01:09 +0800] "POST /xingrg/kc/pszx/mdps_order_operate.html HTTP/1.1" 200 8800
116.192.124.172 - - [14/Jan/2023:07:01:10 +0800] "GET /xingrg/check_reg.html?_=1673650886207 HTTP/1.1" 302 -
120.253.135.82 - - [14/Jan/2023:07:01:11 +0800] "POST /xingrg/kc/pszx/mdps_list_operate.html HTTP/1.1" 200 3181
120.253.135.82 - - [14/Jan/2023:07:01:13 +0800] "POST /xingrg/kc/pszx/mdps_list_operate.html HTTP/1.1" 200 600
120.253.135.82 - - [14/Jan/2023:07:01:15 +0800] "GET /xingrg/kc/pszx/mdps_order_info.html?code=312023011400283 HTTP/1.1" 200 23978
120.253.135.82 - - [14/Jan/2023:07:01:15 +0800] "GET /xingrg/javascript/easyui/themes/default/validatebox.css HTTP/1.1" 404 1104
120.253.135.82 - - [14/Jan/2023:07:01:15 +0800] "POST /xingrg/kc/pszx/mdps_order_operate.html HTTP/1.1" 200 20983
101.83.145.75 - - [14/Jan/2023:07:01:15 +0800] "GET /xingrg/all/function/internal_message.html?_=1673650896271&CODE_STATE=getMsg HTTP/1.1" 200 27
120.253.135.82 - - [14/Jan/2023:07:01:18 +0800] "POST /xingrg/kc/pszx/mdps_order_operate.html HTTP/1.1" 200 37
120.253.135.82 - - [14/Jan/2023:07:01:18 +0800] "GET /xingrg/kc/pszx/mdps_order_info.html?code=312023011400283 HTTP/1.1" 200 23978
120.253.135.82 - - [14/Jan/2023:07:01:19 +0800] "GET /xingrg/javascript/easyui/themes/default/validatebox.css HTTP/1.1" 404 1104
120.253.135.82 - - [14/Jan/2023:07:01:19 +0800] "POST /xingrg/kc/pszx/mdps_order_operate.html HTTP/1.1" 200 21282
116.192.124.172 - - [14/Jan/2023:07:01:21 +0800] "GET /xingrg/all/function/internal_message.html?_=1673650897893&CODE_STATE=getMsg HTTP/1.1" 302 -
120.253.135.82 - - [14/Jan/2023:07:01:22 +0800] "GET /xingrg/check_reg.html?_=1673650713516 HTTP/1.1" 200 22
120.253.135.82 - - [14/Jan/2023:07:01:23 +0800] "GET /xingrg/all/function/internal_message.html?_=1673650713922&CODE_STATE=getMsg HTTP/1.1" 200 27
116.235.93.82 - - [14/Jan/2023:07:01:24 +0800] "GET /xingrg/all/function/internal_message.html?_=1673651135704&CODE_STATE=getMsg HTTP/1.1" 200 27
120.253.135.82 - - [14/Jan/2023:07:01:33 +0800] "POST /xingrg/all/common/load_select.html HTTP/1.1" 200 25
116.235.245.255 - - [14/Jan/2023:07:01:35 +0800] "GET /xingrg/check_reg.html?_=1673650933484 HTTP/1.1" 200 22
120.253.135.82 - - [14/Jan/2023:07:01:38 +0800] "GET /xingrg/kc/pszx/mdps_order_operate.html?command=get_materiel_price&pszx_code=00101&rest_code=00150&base_code=0010246&code=00101027001&unit_code=00100157&order_time=2023-01-15 HTTP/1.1" 200 35
120.253.135.82 - - [14/Jan/2023:07:01:44 +0800] "POST /xingrg/kc/pszx/mdps_order_operate.html HTTP/1.1" 200 37
120.253.135.82 - - [14/Jan/2023:07:01:45 +0800] "GET /xingrg/kc/pszx/mdps_order_info.html?code=312023011400283 HTTP/1.1" 200 23978
120.253.135.82 - - [14/Jan/2023:07:01:45 +0800] "GET /xingrg/javascript/easyui/themes/default/validatebox.css HTTP/1.1" 404 1104
120.253.135.82 - - [14/Jan/2023:07:01:45 +0800] "POST /xingrg/kc/pszx/mdps_order_operate.html HTTP/1.1" 200 21281
116.235.245.255 - - [14/Jan/2023:07:01:46 +0800] "GET /xingrg/all/function/internal_message.html?_=1673650944509&CODE_STATE=getMsg HTTP/1.1" 200 27
58.40.7.146 - - [14/Jan/2023:07:01:52 +0800] "GET /xingrg/all/function/internal_message.html?_=1673650928752&CODE_STATE=getMsg HTTP/1.1" 200 27
116.238.139.35 - - [14/Jan/2023:07:02:07 +0800] "GET /xingrg/all/function/internal_message.html?_=1673650946312&CODE_STATE=getMsg HTTP/1.1" 200 27
221.239.170.112 - - [14/Jan/2023:07:02:09 +0800] "GET /xingrg/all/function/internal_message.html?_=1673650941317&CODE_STATE=getMsg HTTP/1.1" 200 27
101.83.145.75 - - [14/Jan/2023:07:02:15 +0800] "GET /xingrg/all/function/internal_message.html?_=1673650956246&CODE_STATE=getMsg HTTP/1.1" 200 27
116.192.124.172 - - [14/Jan/2023:07:02:21 +0800] "GET /xingrg/all/function/internal_message.html?_=1673650957885&CODE_STATE=getMsg HTTP/1.1" 302 -
120.253.135.82 - - [14/Jan/2023:07:02:23 +0800] "GET /xingrg/all/function/internal_message.html?_=1673650773935&CODE_STATE=getMsg HTTP/1.1" 200 27
116.235.93.82 - - [14/Jan/2023:07:02:24 +0800] "GET /xingrg/all/function/internal_message.html?_=1673651195677&CODE_STATE=getMsg HTTP/1.1" 200 27
120.253.135.82 - - [14/Jan/2023:07:02:33 +0800] "POST /xingrg/kc/pszx/mdps_order_operate.html HTTP/1.1" 200 37
120.253.135.82 - - [14/Jan/2023:07:02:34 +0800] "GET /xingrg/kc/pszx/mdps_order_info.html?code=312023011400283 HTTP/1.1" 200 23978
120.253.135.82 - - [14/Jan/2023:07:02:35 +0800] "GET /xingrg/javascript/easyui/themes/default/validatebox.css HTTP/1.1" 404 1104
120.253.135.82 - - [14/Jan/2023:07:02:35 +0800] "POST /xingrg/kc/pszx/mdps_order_operate.html HTTP/1.1" 200 21281
116.235.93.82 - - [14/Jan/2023:07:02:35 +0800] "GET /xingrg/check_reg.html?_=1673651206585 HTTP/1.1" 200 22
116.235.245.255 - - [14/Jan/2023:07:02:46 +0800] "GET /xingrg/all/function/internal_message.html?_=1673651004524&CODE_STATE=getMsg HTTP/1.1" 200 27
58.40.7.146 - - [14/Jan/2023:07:02:52 +0800] "GET /xingrg/all/function/internal_message.html?_=1673650988723&CODE_STATE=getMsg HTTP/1.1" 200 27
116.238.139.35 - - [14/Jan/2023:07:03:07 +0800] "GET /xingrg/all/function/internal_message.html?_=1673651006312&CODE_STATE=getMsg HTTP/1.1" 200 27
221.239.170.112 - - [14/Jan/2023:07:03:09 +0800] "GET /xingrg/all/function/internal_message.html?_=1673651001302&CODE_STATE=getMsg HTTP/1.1" 200 27
101.83.145.75 - - [14/Jan/2023:07:03:15 +0800] "GET /xingrg/all/function/internal_message.html?_=1673651016216&CODE_STATE=getMsg HTTP/1.1" 200 27
116.192.124.172 - - [14/Jan/2023:07:03:21 +0800] "GET /xingrg/all/function/internal_message.html?_=1673651017901&CODE_STATE=getMsg HTTP/1.1" 302 -
120.253.135.82 - - [14/Jan/2023:07:03:23 +0800] "GET /xingrg/all/function/internal_message.html?_=1673650833948&CODE_STATE=getMsg HTTP/1.1" 200 27
116.235.93.82 - - [14/Jan/2023:07:03:24 +0800] "GET /xingrg/all/function/internal_message.html?_=1673651255675&CODE_STATE=getMsg HTTP/1.1" 200 27
120.253.135.82 - - [14/Jan/2023:07:03:26 +0800] "POST /xingrg/kc/pszx/mdps_order_operate.html HTTP/1.1" 200 37
120.253.135.82 - - [14/Jan/2023:07:03:27 +0800] "GET /xingrg/kc/pszx/mdps_order_info.html?code=312023011400283 HTTP/1.1" 200 23978
120.253.135.82 - - [14/Jan/2023:07:03:28 +0800] "GET /xingrg/javascript/easyui/themes/default/validatebox.css HTTP/1.1" 404 1104
120.253.135.82 - - [14/Jan/2023:07:03:28 +0800] "POST /xingrg/kc/pszx/mdps_order_operate.html HTTP/1.1" 200 21281
101.83.145.75 - - [14/Jan/2023:07:03:32 +0800] "GET /xingrg/check_reg.html?_=1673651033255 HTTP/1.1" 200 22
120.253.135.82 - - [14/Jan/2023:07:03:44 +0800] "GET /xingrg/kc/pszx/mdps_order_operate.html?command=get_materiel&pszx_code=00101&rest_code=00150&base_code=0010246&code=00101019279 HTTP/1.1" 200 441
116.235.244.242 - - [14/Jan/2023:07:03:47 +0800] "GET /xingrg/all/function/internal_message.html?_=1673651064983&CODE_STATE=getMsg HTTP/1.1" 200 27
58.40.7.146 - - [14/Jan/2023:07:03:52 +0800] "GET /xingrg/all/function/internal_message.html?_=1673651048695&CODE_STATE=getMsg HTTP/1.1" 200 27
58.40.7.146 - - [14/Jan/2023:07:04:06 +0800] "GET /xingrg/check_reg.html?_=1673651063105 HTTP/1.1" 200 22
116.238.139.35 - - [14/Jan/2023:07:04:07 +0800] "GET /xingrg/all/function/internal_message.html?_=1673651066316&CODE_STATE=getMsg HTTP/1.1" 200 27
221.239.170.112 - - [14/Jan/2023:07:04:09 +0800] "GET /xingrg/all/function/internal_message.html?_=1673651061286&CODE_STATE=getMsg HTTP/1.1" 200 27
116.230.105.139 - - [14/Jan/2023:07:04:14 +0800] "POST /xingrg/services/DataTransmitService HTTP/1.1" 200 524
101.83.145.75 - - [14/Jan/2023:07:04:15 +0800] "GET /xingrg/all/function/internal_message.html?_=1673651076184&CODE_STATE=getMsg HTTP/1.1" 200 27
221.239.170.112 - - [14/Jan/2023:07:04:20 +0800] "GET /xingrg/check_reg.html?_=1673651073066 HTTP/1.1" 200 22
116.192.124.172 - - [14/Jan/2023:07:04:21 +0800] "GET /xingrg/all/function/internal_message.html?_=1673651077902&CODE_STATE=getMsg HTTP/1.1" 302 -
120.253.135.82 - - [14/Jan/2023:07:04:23 +0800] "GET /xingrg/all/function/internal_message.html?_=1673650893962&CODE_STATE=getMsg HTTP/1.1" 200 27
116.235.93.82 - - [14/Jan/2023:07:04:24 +0800] "GET /xingrg/all/function/internal_message.html?_=1673651315647&CODE_STATE=getMsg HTTP/1.1" 200 27
116.235.244.242 - - [14/Jan/2023:07:04:47 +0800] "GET /xingrg/all/function/internal_message.html?_=1673651124986&CODE_STATE=getMsg HTTP/1.1" 200 27
58.40.7.146 - - [14/Jan/2023:07:04:52 +0800] "GET /xingrg/all/function/internal_message.html?_=1673651108669&CODE_STATE=getMsg HTTP/1.1" 200 27
120.253.135.82 - - [14/Jan/2023:07:04:53 +0800] "POST /xingrg/kc/pszx/mdps_order_operate.html HTTP/1.1" 200 37
120.253.135.82 - - [14/Jan/2023:07:04:54 +0800] "GET /xingrg/kc/pszx/mdps_order_info.html?code=312023011400283 HTTP/1.1" 200 23978
120.253.135.82 - - [14/Jan/2023:07:04:55 +0800] "GET /xingrg/javascript/easyui/themes/default/validatebox.css HTTP/1.1" 404 1104
120.253.135.82 - - [14/Jan/2023:07:04:55 +0800] "POST /xingrg/kc/pszx/mdps_order_operate.html HTTP/1.1" 200 21250
116.238.139.35 - - [14/Jan/2023:07:05:07 +0800] "GET /xingrg/all/function/internal_message.html?_=1673651126309&CODE_STATE=getMsg HTTP/1.1" 200 27
221.239.170.112 - - [14/Jan/2023:07:05:08 +0800] "GET /xingrg/all/function/internal_message.html?_=1673651121259&CODE_STATE=getMsg HTTP/1.1" 200 27
101.83.145.75 - - [14/Jan/2023:07:05:15 +0800] "GET /xingrg/all/function/internal_message.html?_=1673651136159&CODE_STATE=getMsg HTTP/1.1" 200 27
116.192.124.172 - - [14/Jan/2023:07:05:21 +0800] "GET /xingrg/all/function/internal_message.html?_=1673651137900&CODE_STATE=getMsg HTTP/1.1" 302 -
120.253.135.82 - - [14/Jan/2023:07:05:23 +0800] "GET /xingrg/all/function/internal_message.html?_=1673650954057&CODE_STATE=getMsg HTTP/1.1" 200 27
116.235.93.82 - - [14/Jan/2023:07:05:24 +0800] "GET /xingrg/all/function/internal_message.html?_=1673651375624&CODE_STATE=getMsg HTTP/1.1" 200 27
116.235.244.242 - - [14/Jan/2023:07:05:47 +0800] "GET /xingrg/all/function/internal_message.html?_=1673651185444&CODE_STATE=getMsg HTTP/1.1" 200 27
58.40.7.146 - - [14/Jan/2023:07:05:52 +0800] "GET /xingrg/all/function/internal_message.html?_=1673651168640&CODE_STATE=getMsg HTTP/1.1" 200 27
120.253.135.82 - - [14/Jan/2023:07:06:03 +0800] "POST /xingrg/kc/pszx/mdps_order_operate.html HTTP/1.1" 200 37
120.253.135.82 - - [14/Jan/2023:07:06:05 +0800] "GET /xingrg/kc/pszx/mdps_order_info.html?code=312023011400283 HTTP/1.1" 200 23978
116.230.105.139 - - [14/Jan/2023:07:06:05 +0800] "POST /xingrg/services/DataTransmitService HTTP/1.1" 200 524
120.253.135.82 - - [14/Jan/2023:07:06:05 +0800] "GET /xingrg/javascript/easyui/themes/default/validatebox.css HTTP/1.1" 404 1104
120.253.135.82 - - [14/Jan/2023:07:06:05 +0800] "POST /xingrg/kc/pszx/mdps_order_operate.html HTTP/1.1" 200 21250
116.238.139.35 - - [14/Jan/2023:07:06:07 +0800] "GET /xingrg/check_reg.html?_=1673651186312 HTTP/1.1" 200 22
116.238.139.35 - - [14/Jan/2023:07:06:07 +0800] "GET /xingrg/all/function/internal_message.html?_=1673651186316&CODE_STATE=getMsg HTTP/1.1" 200 27
221.239.170.112 - - [14/Jan/2023:07:06:08 +0800] "GET /xingrg/all/function/internal_message.html?_=1673651181243&CODE_STATE=getMsg HTTP/1.1" 200 27
116.192.124.172 - - [14/Jan/2023:07:06:10 +0800] "GET /xingrg/check_reg.html?_=1673651186185 HTTP/1.1" 302 -
101.83.145.75 - - [14/Jan/2023:07:06:15 +0800] "GET /xingrg/all/function/internal_message.html?_=1673651196134&CODE_STATE=getMsg HTTP/1.1" 200 27
120.253.135.82 - - [14/Jan/2023:07:06:17 +0800] "POST /xingrg/kc/pszx/mdps_list_operate.html HTTP/1.1" 200 3180
120.253.135.82 - - [14/Jan/2023:07:06:19 +0800] "POST /xingrg/kc/pszx/mdps_list_operate.html HTTP/1.1" 200 601
120.253.135.82 - - [14/Jan/2023:07:06:20 +0800] "POST /xingrg/kc/pszx/mdps_list_operate.html HTTP/1.1" 200 357
116.192.124.172 - - [14/Jan/2023:07:06:21 +0800] "GET /xingrg/all/function/internal_message.html?_=1673651197886&CODE_STATE=getMsg HTTP/1.1" 302 -
120.253.135.82 - - [14/Jan/2023:07:06:21 +0800] "GET /xingrg/kc/pszx/mdps_order_info.html?code=312023011400284 HTTP/1.1" 200 23978
120.253.135.82 - - [14/Jan/2023:07:06:22 +0800] "GET /xingrg/javascript/easyui/themes/default/validatebox.css HTTP/1.1" 404 1104
120.253.135.82 - - [14/Jan/2023:07:06:22 +0800] "POST /xingrg/kc/pszx/mdps_order_operate.html HTTP/1.1" 200 3253
120.253.135.82 - - [14/Jan/2023:07:06:22 +0800] "GET /xingrg/check_reg.html?_=1673651013525 HTTP/1.1" 200 22
120.253.135.82 - - [14/Jan/2023:07:06:23 +0800] "GET /xingrg/all/function/internal_message.html?_=1673651014069&CODE_STATE=getMsg HTTP/1.1" 200 27
120.253.135.82 - - [14/Jan/2023:07:06:23 +0800] "POST /xingrg/all/common/load_combo.html?type=base HTTP/1.1" 200 1169
116.235.93.82 - - [14/Jan/2023:07:06:24 +0800] "GET /xingrg/all/function/internal_message.html?_=1673651435604&CODE_STATE=getMsg HTTP/1.1" 200 27
120.253.135.82 - - [14/Jan/2023:07:06:27 +0800] "POST /xingrg/kc/pszx/mdps_order_operate.html HTTP/1.1" 200 37
120.253.135.82 - - [14/Jan/2023:07:06:28 +0800] "GET /xingrg/kc/pszx/mdps_order_info.html?code=312023011400284 HTTP/1.1" 200 23978
120.253.135.82 - - [14/Jan/2023:07:06:29 +0800] "GET /xingrg/javascript/easyui/themes/default/validatebox.css HTTP/1.1" 404 1104
120.253.135.82 - - [14/Jan/2023:07:06:29 +0800] "POST /xingrg/kc/pszx/mdps_order_operate.html HTTP/1.1" 200 3277
120.253.135.82 - - [14/Jan/2023:07:06:32 +0800] "POST /xingrg/kc/pszx/mdps_list_operate.html HTTP/1.1" 200 3180
120.253.135.82 - - [14/Jan/2023:07:06:34 +0800] "POST /xingrg/kc/pszx/mdps_list_operate.html HTTP/1.1" 200 208
120.253.135.82 - - [14/Jan/2023:07:06:35 +0800] "GET /xingrg/kc/pszx/mdps_order_info.html?code=312023011300268 HTTP/1.1" 200 23978
120.253.135.82 - - [14/Jan/2023:07:06:35 +0800] "GET /xingrg/javascript/easyui/themes/default/validatebox.css HTTP/1.1" 404 1104
120.253.135.82 - - [14/Jan/2023:07:06:35 +0800] "POST /xingrg/kc/pszx/mdps_order_operate.html HTTP/1.1" 200 2285
