116.238.139.35 - - [14/Jan/2023:09:45:36 +0800] "GET /xingrg/kc/buy/cgsh_order_operate.html?command=get_materiel&rest_code=00150&code=00101008010&supplier_code=00100008&order_time=2023-01-14 HTTP/1.1" 200 412
114.83.219.41 - - [14/Jan/2023:09:45:36 +0800] "GET /xingrg/all/function/internal_message.html?_=1673660753426&CODE_STATE=getMsg HTTP/1.1" 200 27
114.84.81.136 - - [14/Jan/2023:09:45:38 +0800] "GET /xingrg/check_reg.html?_=1673660763908 HTTP/1.1" 200 22
114.84.81.136 - - [14/Jan/2023:09:45:38 +0800] "GET /xingrg/all/function/internal_message.html?_=1673660763909&CODE_STATE=getMsg HTTP/1.1" 200 27
116.238.139.35 - - [14/Jan/2023:09:45:44 +0800] "GET /xingrg/kc/buy/cgsh_order_operate.html?command=get_materiel&rest_code=00150&code=00101013168&supplier_code=00100008&order_time=2023-01-14 HTTP/1.1" 200 428
58.40.7.146 - - [14/Jan/2023:09:45:49 +0800] "GET /xingrg/all/function/internal_message.html?_=1673660765543&CODE_STATE=getMsg HTTP/1.1" 200 27
116.238.139.35 - - [14/Jan/2023:09:45:51 +0800] "GET /xingrg/kc/buy/cgsh_order_operate.html?command=get_materiel&rest_code=00150&code=00101008612&supplier_code=00100008&order_time=2023-01-14 HTTP/1.1" 200 420
114.84.81.136 - - [14/Jan/2023:09:45:51 +0800] "GET /xingrg/kc/buy/cgsh_order_operate.html?command=get_materiel&rest_code=00148&code=00101008169&supplier_code=00100008&order_time=2023-01-14 HTTP/1.1" 200 412
116.230.105.139 - - [14/Jan/2023:09:45:57 +0800] "GET /xingrg/check_reg.html?_=1673660714497 HTTP/1.1" 200 22
116.230.105.139 - - [14/Jan/2023:09:45:57 +0800] "GET /xingrg/all/function/internal_message.html?_=1673660714499&CODE_STATE=getMsg HTTP/1.1" 200 27
116.238.139.35 - - [14/Jan/2023:09:45:59 +0800] "GET /xingrg/kc/buy/cgsh_order_operate.html?command=get_materiel&rest_code=00150&code=00101008096&supplier_code=00100008&order_time=2023-01-14 HTTP/1.1" 200 412
116.235.244.242 - - [14/Jan/2023:09:46:02 +0800] "GET /xingrg/all/function/internal_message.html?_=1673660800895&CODE_STATE=getMsg HTTP/1.1" 200 27
120.253.135.82 - - [14/Jan/2023:09:46:02 +0800] "GET /xingrg/all/function/internal_message.html?_=1673660593107&CODE_STATE=getMsg HTTP/1.1" 200 27
114.84.81.136 - - [14/Jan/2023:09:46:03 +0800] "POST /xingrg/kc/buy/cgsh_order_operate.html HTTP/1.1" 200 37
114.84.81.136 - - [14/Jan/2023:09:46:04 +0800] "POST /xingrg/kc/buy/cgsh_order_operate.html HTTP/1.1" 200 29861
116.238.139.35 - - [14/Jan/2023:09:46:06 +0800] "GET /xingrg/kc/buy/cgsh_order_operate.html?command=get_materiel&rest_code=00150&code=00101008358&supplier_code=00100008&order_time=2023-01-14 HTTP/1.1" 200 412
221.239.170.112 - - [14/Jan/2023:09:46:06 +0800] "GET /xingrg/all/function/internal_message.html?_=1673660778364&CODE_STATE=getMsg HTTP/1.1" 200 27
61.170.235.74 - - [14/Jan/2023:09:46:06 +0800] "GET /xingrg/all/function/internal_message.html?_=1673660783023&CODE_STATE=getMsg HTTP/1.1" 200 27
116.192.124.172 - - [14/Jan/2023:09:46:09 +0800] "GET /xingrg/check_reg.html?_=1673660785714 HTTP/1.1" 302 -
101.83.145.75 - - [14/Jan/2023:09:46:12 +0800] "GET /xingrg/all/function/internal_message.html?_=1673660792651&CODE_STATE=getMsg HTTP/1.1" 200 27
116.238.139.35 - - [14/Jan/2023:09:46:13 +0800] "GET /xingrg/kc/buy/cgsh_order_operate.html?command=get_materiel&rest_code=00150&code=00101008163&supplier_code=00100008&order_time=2023-01-14 HTTP/1.1" 200 425
116.238.139.35 - - [14/Jan/2023:09:46:15 +0800] "GET /xingrg/all/function/internal_message.html?_=1673660794425&CODE_STATE=getMsg HTTP/1.1" 200 27
116.238.139.35 - - [14/Jan/2023:09:46:15 +0800] "GET /xingrg/check_reg.html?_=1673660794427 HTTP/1.1" 200 22
222.70.177.10 - - [14/Jan/2023:09:46:17 +0800] "GET /xingrg/kc/buy/cgsh_order_operate.html?command=get_materiel&rest_code=00111&code=00101008349&supplier_code=00100005&order_time=2023-01-14 HTTP/1.1" 200 412
116.235.93.82 - - [14/Jan/2023:09:46:21 +0800] "GET /xingrg/all/function/internal_message.html?_=1673661031831&CODE_STATE=getMsg HTTP/1.1" 200 27
116.238.139.35 - - [14/Jan/2023:09:46:21 +0800] "GET /xingrg/kc/buy/cgsh_order_operate.html?command=get_materiel&rest_code=00150&code=00101008087&supplier_code=00100008&order_time=2023-01-14 HTTP/1.1" 200 412
116.192.124.172 - - [14/Jan/2023:09:46:21 +0800] "GET /xingrg/all/function/internal_message.html?_=1673660797904&CODE_STATE=getMsg HTTP/1.1" 302 -
61.170.235.74 - - [14/Jan/2023:09:46:34 +0800] "GET /xingrg/kc/buy/cgsh_order_operate.html?command=get_materiel&rest_code=00106&code=00101008323&supplier_code=00100007&order_time=2023-01-14 HTTP/1.1" 200 408
222.70.177.10 - - [14/Jan/2023:09:46:35 +0800] "GET /xingrg/all/function/internal_message.html?_=1673660808813&CODE_STATE=getMsg HTTP/1.1" 200 27
116.235.244.242 - - [14/Jan/2023:09:46:35 +0800] "GET /xingrg/check_reg.html?_=1673660833990 HTTP/1.1" 200 22
222.70.177.10 - - [14/Jan/2023:09:46:36 +0800] "POST /xingrg/kc/buy/cgsh_order_operate.html HTTP/1.1" 200 2065
114.83.219.41 - - [14/Jan/2023:09:46:36 +0800] "GET /xingrg/all/function/internal_message.html?_=1673660813424&CODE_STATE=getMsg HTTP/1.1" 200 27
114.84.81.136 - - [14/Jan/2023:09:46:38 +0800] "GET /xingrg/all/function/internal_message.html?_=1673660823919&CODE_STATE=getMsg HTTP/1.1" 200 27
116.238.139.35 - - [14/Jan/2023:09:46:43 +0800] "GET /xingrg/kc/buy/cgsh_order_operate.html?command=get_materiel&rest_code=00150&code=00101008355&supplier_code=00100008&order_time=2023-01-14 HTTP/1.1" 200 423
222.70.177.10 - - [14/Jan/2023:09:46:43 +0800] "GET /xingrg/kc/buy/cgsh_order_operate.html?command=get_materiel&rest_code=00111&code=00101016081&supplier_code=00100005&order_time=2023-01-14 HTTP/1.1" 200 447
58.40.7.146 - - [14/Jan/2023:09:46:49 +0800] "GET /xingrg/all/function/internal_message.html?_=1673660825513&CODE_STATE=getMsg HTTP/1.1" 200 27
116.238.139.35 - - [14/Jan/2023:09:46:50 +0800] "GET /xingrg/kc/buy/cgsh_order_operate.html?command=get_materiel&rest_code=00150&code=00101008024&supplier_code=00100008&order_time=2023-01-14 HTTP/1.1" 200 408
116.230.105.139 - - [14/Jan/2023:09:46:57 +0800] "GET /xingrg/all/function/internal_message.html?_=1673660774508&CODE_STATE=getMsg HTTP/1.1" 200 27
116.238.139.35 - - [14/Jan/2023:09:46:57 +0800] "GET /xingrg/kc/buy/cgsh_order_operate.html?command=get_materiel&rest_code=00150&code=00101008300&supplier_code=00100008&order_time=2023-01-14 HTTP/1.1" 200 412
116.235.244.242 - - [14/Jan/2023:09:47:02 +0800] "GET /xingrg/all/function/internal_message.html?_=1673660860899&CODE_STATE=getMsg HTTP/1.1" 200 27
120.253.135.82 - - [14/Jan/2023:09:47:03 +0800] "GET /xingrg/all/function/internal_message.html?_=1673660653294&CODE_STATE=getMsg HTTP/1.1" 200 27
116.238.139.35 - - [14/Jan/2023:09:47:05 +0800] "GET /xingrg/kc/buy/cgsh_order_operate.html?command=get_materiel&rest_code=00150&code=00101008411&supplier_code=00100008&order_time=2023-01-14 HTTP/1.1" 200 412
221.239.170.112 - - [14/Jan/2023:09:47:06 +0800] "GET /xingrg/all/function/internal_message.html?_=1673660838350&CODE_STATE=getMsg HTTP/1.1" 200 27
222.70.177.10 - - [14/Jan/2023:09:47:06 +0800] "GET /xingrg/kc/buy/cgsh_order_operate.html?command=get_materiel&rest_code=00111&code=00101008113&supplier_code=00100005&order_time=2023-01-14 HTTP/1.1" 200 413
61.170.235.74 - - [14/Jan/2023:09:47:06 +0800] "GET /xingrg/all/function/internal_message.html?_=1673660843012&CODE_STATE=getMsg HTTP/1.1" 200 27
116.238.139.35 - - [14/Jan/2023:09:47:08 +0800] "POST /xingrg/kc/buy/cgsh_order_operate.html HTTP/1.1" 200 2065
101.83.145.75 - - [14/Jan/2023:09:47:12 +0800] "GET /xingrg/all/function/internal_message.html?_=1673660852624&CODE_STATE=getMsg HTTP/1.1" 200 27
116.238.139.35 - - [14/Jan/2023:09:47:14 +0800] "GET /xingrg/kc/buy/cgsh_order_operate.html?command=get_materiel&rest_code=00150&code=00101008077&supplier_code=00100008&order_time=2023-01-14 HTTP/1.1" 200 431
61.170.235.74 - - [14/Jan/2023:09:47:14 +0800] "GET /xingrg/kc/buy/cgsh_order_operate.html?command=get_materiel&rest_code=00106&code=00101008350&supplier_code=00100007&order_time=2023-01-14 HTTP/1.1" 200 424
116.238.139.35 - - [14/Jan/2023:09:47:15 +0800] "GET /xingrg/all/function/internal_message.html?_=1673660854437&CODE_STATE=getMsg HTTP/1.1" 200 27
116.235.93.82 - - [14/Jan/2023:09:47:21 +0800] "GET /xingrg/all/function/internal_message.html?_=1673661091812&CODE_STATE=getMsg HTTP/1.1" 200 27
116.238.139.35 - - [14/Jan/2023:09:47:21 +0800] "GET /xingrg/kc/buy/cgsh_order_operate.html?command=get_materiel&rest_code=00150&code=00101008223&supplier_code=00100008&order_time=2023-01-14 HTTP/1.1" 200 412
116.192.124.172 - - [14/Jan/2023:09:47:21 +0800] "GET /xingrg/all/function/internal_message.html?_=1673660857891&CODE_STATE=getMsg HTTP/1.1" 302 -
114.83.219.41 - - [14/Jan/2023:09:47:23 +0800] "GET /xingrg/kc/buy/cgsh_order_add.html HTTP/1.1" 200 69790
114.83.219.41 - - [14/Jan/2023:09:47:24 +0800] "POST /xingrg/kc/buy/cgsh_order_operate.html HTTP/1.1" 200 8245
114.83.219.41 - - [14/Jan/2023:09:47:24 +0800] "GET /xingrg/javascript/easyui/themes/default/validatebox.css HTTP/1.1" 404 1104
116.238.139.35 - - [14/Jan/2023:09:47:30 +0800] "GET /xingrg/kc/buy/cgsh_order_operate.html?command=get_materiel&rest_code=00150&code=00101008079&supplier_code=00100008&order_time=2023-01-14 HTTP/1.1" 200 417
120.253.135.82 - - [14/Jan/2023:09:47:31 +0800] "GET /xingrg/check_reg.html?_=1673660681357 HTTP/1.1" 200 22
222.70.177.10 - - [14/Jan/2023:09:47:32 +0800] "GET /xingrg/kc/buy/cgsh_order_operate.html?command=get_materiel&rest_code=00111&code=00101008168&supplier_code=00100005&order_time=2023-01-14 HTTP/1.1" 200 412
222.70.177.10 - - [14/Jan/2023:09:47:34 +0800] "GET /xingrg/all/function/internal_message.html?_=1673660868794&CODE_STATE=getMsg HTTP/1.1" 200 27
116.235.93.82 - - [14/Jan/2023:09:47:35 +0800] "GET /xingrg/check_reg.html?_=1673661106032 HTTP/1.1" 200 22
114.83.219.41 - - [14/Jan/2023:09:47:36 +0800] "GET /xingrg/all/function/internal_message.html?_=1673660873429&CODE_STATE=getMsg HTTP/1.1" 200 27
116.238.139.35 - - [14/Jan/2023:09:47:37 +0800] "GET /xingrg/kc/buy/cgsh_order_operate.html?command=get_materiel&rest_code=00150&code=00101008286&supplier_code=00100008&order_time=2023-01-14 HTTP/1.1" 200 424
61.170.235.74 - - [14/Jan/2023:09:47:38 +0800] "POST /xingrg/kc/buy/cgsh_order_operate.html HTTP/1.1" 200 2065
114.84.81.136 - - [14/Jan/2023:09:47:38 +0800] "GET /xingrg/all/function/internal_message.html?_=1673660883914&CODE_STATE=getMsg HTTP/1.1" 200 27
116.238.139.35 - - [14/Jan/2023:09:47:44 +0800] "GET /xingrg/kc/buy/cgsh_order_operate.html?command=get_materiel&rest_code=00150&code=00101008036&supplier_code=00100008&order_time=2023-01-14 HTTP/1.1" 200 423
116.238.139.35 - - [14/Jan/2023:09:47:47 +0800] "POST /xingrg/kc/buy/cgsh_order_operate.html HTTP/1.1" 200 2065
58.40.7.146 - - [14/Jan/2023:09:47:48 +0800] "GET /xingrg/all/function/internal_message.html?_=1673660885489&CODE_STATE=getMsg HTTP/1.1" 200 27
116.238.139.35 - - [14/Jan/2023:09:47:54 +0800] "GET /xingrg/kc/buy/cgsh_order_operate.html?command=get_materiel&rest_code=00150&code=00101008131&supplier_code=00100008&order_time=2023-01-14 HTTP/1.1" 200 408
116.230.105.139 - - [14/Jan/2023:09:47:57 +0800] "GET /xingrg/all/function/internal_message.html?_=1673660834496&CODE_STATE=getMsg HTTP/1.1" 200 27
116.235.244.242 - - [14/Jan/2023:09:48:02 +0800] "GET /xingrg/all/function/internal_message.html?_=1673660920914&CODE_STATE=getMsg HTTP/1.1" 200 27
120.253.135.82 - - [14/Jan/2023:09:48:03 +0800] "GET /xingrg/all/function/internal_message.html?_=1673660713305&CODE_STATE=getMsg HTTP/1.1" 200 27
116.238.139.35 - - [14/Jan/2023:09:48:03 +0800] "GET /xingrg/kc/buy/cgsh_order_operate.html?command=get_materiel&rest_code=00150&code=00101008278&supplier_code=00100008&order_time=2023-01-14 HTTP/1.1" 200 412
221.239.170.112 - - [14/Jan/2023:09:48:06 +0800] "GET /xingrg/all/function/internal_message.html?_=1673660898334&CODE_STATE=getMsg HTTP/1.1" 200 27
61.170.235.74 - - [14/Jan/2023:09:48:06 +0800] "GET /xingrg/all/function/internal_message.html?_=1673660902999&CODE_STATE=getMsg HTTP/1.1" 200 27
222.70.177.10 - - [14/Jan/2023:09:48:07 +0800] "GET /xingrg/kc/buy/cgsh_order_operate.html?command=get_materiel&rest_code=00111&code=00101008150&supplier_code=00100005&order_time=2023-01-14 HTTP/1.1" 200 409
101.83.145.75 - - [14/Jan/2023:09:48:12 +0800] "GET /xingrg/all/function/internal_message.html?_=1673660912598&CODE_STATE=getMsg HTTP/1.1" 200 27
116.238.139.35 - - [14/Jan/2023:09:48:12 +0800] "GET /xingrg/kc/buy/cgsh_order_operate.html?command=get_materiel&rest_code=00150&code=00101008694&supplier_code=00100008&order_time=2023-01-14 HTTP/1.1" 200 406
116.238.139.35 - - [14/Jan/2023:09:48:15 +0800] "GET /xingrg/all/function/internal_message.html?_=1673660914450&CODE_STATE=getMsg HTTP/1.1" 200 27
61.170.235.74 - - [14/Jan/2023:09:48:16 +0800] "GET /xingrg/kc/buy/cgsh_order_operate.html?command=get_materiel&rest_code=00106&code=00101008095&supplier_code=00100007&order_time=2023-01-14 HTTP/1.1" 200 412
116.238.139.35 - - [14/Jan/2023:09:48:20 +0800] "GET /xingrg/kc/buy/cgsh_order_operate.html?command=get_materiel&rest_code=00150&code=00101008352&supplier_code=00100008&order_time=2023-01-14 HTTP/1.1" 200 412
116.235.93.82 - - [14/Jan/2023:09:48:21 +0800] "GET /xingrg/all/function/internal_message.html?_=1673661151805&CODE_STATE=getMsg HTTP/1.1" 200 27
116.192.124.172 - - [14/Jan/2023:09:48:21 +0800] "GET /xingrg/all/function/internal_message.html?_=1673660917885&CODE_STATE=getMsg HTTP/1.1" 302 -
222.70.177.10 - - [14/Jan/2023:09:48:23 +0800] "POST /xingrg/kc/buy/cgsh_order_operate.html HTTP/1.1" 200 2065
116.238.139.35 - - [14/Jan/2023:09:48:28 +0800] "GET /xingrg/kc/buy/cgsh_order_operate.html?command=get_materiel&rest_code=00150&code=00101008005&supplier_code=00100008&order_time=2023-01-14 HTTP/1.1" 200 429
116.238.139.35 - - [14/Jan/2023:09:48:29 +0800] "POST /xingrg/kc/buy/cgsh_order_operate.html HTTP/1.1" 200 2065
101.83.145.75 - - [14/Jan/2023:09:48:32 +0800] "GET /xingrg/check_reg.html?_=1673660933333 HTTP/1.1" 200 22
222.70.177.10 - - [14/Jan/2023:09:48:34 +0800] "GET /xingrg/check_reg.html?_=1673660928757 HTTP/1.1" 200 22
222.70.177.10 - - [14/Jan/2023:09:48:34 +0800] "GET /xingrg/all/function/internal_message.html?_=1673660928775&CODE_STATE=getMsg HTTP/1.1" 200 27
116.238.139.35 - - [14/Jan/2023:09:48:35 +0800] "GET /xingrg/kc/buy/cgsh_order_operate.html?command=get_materiel&rest_code=00150&code=00101008353&supplier_code=00100008&order_time=2023-01-14 HTTP/1.1" 200 408
114.83.219.41 - - [14/Jan/2023:09:48:36 +0800] "GET /xingrg/all/function/internal_message.html?_=1673660933424&CODE_STATE=getMsg HTTP/1.1" 200 27
114.84.81.136 - - [14/Jan/2023:09:48:38 +0800] "GET /xingrg/all/function/internal_message.html?_=1673660943916&CODE_STATE=getMsg HTTP/1.1" 200 27
116.238.139.35 - - [14/Jan/2023:09:48:45 +0800] "GET /xingrg/kc/buy/cgsh_order_operate.html?command=get_materiel&rest_code=00150&code=00101008291&supplier_code=00100008&order_time=2023-01-14 HTTP/1.1" 200 424
58.40.7.146 - - [14/Jan/2023:09:48:48 +0800] "GET /xingrg/all/function/internal_message.html?_=1673660945476&CODE_STATE=getMsg HTTP/1.1" 200 27
116.238.139.35 - - [14/Jan/2023:09:48:56 +0800] "GET /xingrg/kc/buy/cgsh_order_operate.html?command=get_materiel&rest_code=00150&code=00101008312&supplier_code=00100008&order_time=2023-01-14 HTTP/1.1" 200 412
116.230.105.139 - - [14/Jan/2023:09:48:57 +0800] "GET /xingrg/all/function/internal_message.html?_=1673660894500&CODE_STATE=getMsg HTTP/1.1" 200 27
222.70.177.10 - - [14/Jan/2023:09:48:59 +0800] "GET /xingrg/kc/buy/cgsh_order_operate.html?command=get_materiel&rest_code=00111&code=00101008095&supplier_code=00100005&order_time=2023-01-14 HTTP/1.1" 200 412
116.235.244.242 - - [14/Jan/2023:09:49:03 +0800] "GET /xingrg/all/function/internal_message.html?_=1673660981378&CODE_STATE=getMsg HTTP/1.1" 200 27
120.253.135.82 - - [14/Jan/2023:09:49:03 +0800] "GET /xingrg/all/function/internal_message.html?_=1673660773322&CODE_STATE=getMsg HTTP/1.1" 200 27
116.238.139.35 - - [14/Jan/2023:09:49:05 +0800] "GET /xingrg/kc/buy/cgsh_order_operate.html?command=get_materiel&rest_code=00150&code=00101008344&supplier_code=00100008&order_time=2023-01-14 HTTP/1.1" 200 412
221.239.170.112 - - [14/Jan/2023:09:49:06 +0800] "GET /xingrg/all/function/internal_message.html?_=1673660958320&CODE_STATE=getMsg HTTP/1.1" 200 27
61.170.235.74 - - [14/Jan/2023:09:49:06 +0800] "GET /xingrg/all/function/internal_message.html?_=1673660962989&CODE_STATE=getMsg HTTP/1.1" 200 27
58.40.7.146 - - [14/Jan/2023:09:49:06 +0800] "GET /xingrg/check_reg.html?_=1673660962760 HTTP/1.1" 200 22
222.70.177.10 - - [14/Jan/2023:09:49:08 +0800] "GET /xingrg/kc/buy/cgsh_order_operate.html?command=get_materiel&rest_code=00111&code=00101013179&supplier_code=00100005&order_time=2023-01-14 HTTP/1.1" 200 412
101.83.145.75 - - [14/Jan/2023:09:49:12 +0800] "GET /xingrg/all/function/internal_message.html?_=1673660972573&CODE_STATE=getMsg HTTP/1.1" 200 27
116.238.139.35 - - [14/Jan/2023:09:49:15 +0800] "GET /xingrg/all/function/internal_message.html?_=1673660974425&CODE_STATE=getMsg HTTP/1.1" 200 27
116.238.139.35 - - [14/Jan/2023:09:49:16 +0800] "GET /xingrg/kc/buy/cgsh_order_operate.html?command=get_materiel&rest_code=00150&code=00101008019&supplier_code=00100008&order_time=2023-01-14 HTTP/1.1" 200 416
116.238.139.35 - - [14/Jan/2023:09:49:19 +0800] "POST /xingrg/kc/buy/cgsh_order_operate.html HTTP/1.1" 200 2065
221.239.170.112 - - [14/Jan/2023:09:49:20 +0800] "GET /xingrg/check_reg.html?_=1673660972364 HTTP/1.1" 200 22
116.235.93.82 - - [14/Jan/2023:09:49:21 +0800] "GET /xingrg/all/function/internal_message.html?_=1673661211773&CODE_STATE=getMsg HTTP/1.1" 200 27
222.70.177.10 - - [14/Jan/2023:09:49:21 +0800] "GET /xingrg/kc/buy/cgsh_order_operate.html?command=get_materiel&rest_code=00111&code=00101008298&supplier_code=00100005&order_time=2023-01-14 HTTP/1.1" 200 431
116.192.124.172 - - [14/Jan/2023:09:49:21 +0800] "GET /xingrg/all/function/internal_message.html?_=1673660977901&CODE_STATE=getMsg HTTP/1.1" 302 -
116.238.139.35 - - [14/Jan/2023:09:49:26 +0800] "GET /xingrg/kc/buy/cgsh_order_operate.html?command=get_materiel&rest_code=00150&code=00101008061&supplier_code=00100008&order_time=2023-01-14 HTTP/1.1" 200 422
222.70.177.10 - - [14/Jan/2023:09:49:29 +0800] "GET /xingrg/kc/buy/cgsh_order_operate.html?command=get_materiel&rest_code=00111&code=00101008223&supplier_code=00100005&order_time=2023-01-14 HTTP/1.1" 200 412
61.170.235.74 - - [14/Jan/2023:09:49:31 +0800] "GET /xingrg/kc/buy/cgsh_order_operate.html?command=get_materiel&rest_code=00106&code=00101008405&supplier_code=00100007&order_time=2023-01-14 HTTP/1.1" 200 413
222.70.177.10 - - [14/Jan/2023:09:49:34 +0800] "GET /xingrg/all/function/internal_message.html?_=1673660988762&CODE_STATE=getMsg HTTP/1.1" 200 27
114.83.219.41 - - [14/Jan/2023:09:49:36 +0800] "GET /xingrg/all/function/internal_message.html?_=1673660993439&CODE_STATE=getMsg HTTP/1.1" 200 27
114.83.219.41 - - [14/Jan/2023:09:49:36 +0800] "GET /xingrg/check_reg.html?_=1673660993446 HTTP/1.1" 200 22
116.238.139.35 - - [14/Jan/2023:09:49:38 +0800] "GET /xingrg/kc/buy/cgsh_order_operate.html?command=get_materiel&rest_code=00150&code=00101008095&supplier_code=00100008&order_time=2023-01-14 HTTP/1.1" 200 412
114.84.81.136 - - [14/Jan/2023:09:49:38 +0800] "GET /xingrg/all/function/internal_message.html?_=1673661003915&CODE_STATE=getMsg HTTP/1.1" 200 27
61.170.235.74 - - [14/Jan/2023:09:49:46 +0800] "GET /xingrg/kc/buy/cgsh_order_operate.html?command=get_materiel&rest_code=00106&code=00101008061&supplier_code=00100007&order_time=2023-01-14 HTTP/1.1" 200 422
61.170.235.74 - - [14/Jan/2023:09:49:48 +0800] "POST /xingrg/kc/buy/cgsh_order_operate.html HTTP/1.1" 200 2065
58.40.7.146 - - [14/Jan/2023:09:49:48 +0800] "GET /xingrg/all/function/internal_message.html?_=1673661005468&CODE_STATE=getMsg HTTP/1.1" 200 27
222.70.177.10 - - [14/Jan/2023:09:49:53 +0800] "POST /xingrg/kc/buy/cgsh_order_operate.html HTTP/1.1" 200 2065
116.238.139.35 - - [14/Jan/2023:09:49:56 +0800] "GET /xingrg/kc/buy/cgsh_order_operate.html?command=get_materiel&rest_code=00150&code=00101008110&supplier_code=00100008&order_time=2023-01-14 HTTP/1.1" 200 408
116.230.105.139 - - [14/Jan/2023:09:49:57 +0800] "GET /xingrg/all/function/internal_message.html?_=1673660954509&CODE_STATE=getMsg HTTP/1.1" 200 27
222.70.177.10 - - [14/Jan/2023:09:50:00 +0800] "GET /xingrg/kc/buy/cgsh_order_operate.html?command=get_materiel&rest_code=00111&code=00101008061&supplier_code=00100005&order_time=2023-01-14 HTTP/1.1" 200 422
116.238.139.35 - - [14/Jan/2023:09:50:02 +0800] "POST /xingrg/kc/buy/cgsh_order_operate.html HTTP/1.1" 200 2065
116.235.244.242 - - [14/Jan/2023:09:50:03 +0800] "GET /xingrg/all/function/internal_message.html?_=1673661041392&CODE_STATE=getMsg HTTP/1.1" 200 27
120.253.135.82 - - [14/Jan/2023:09:50:03 +0800] "GET /xingrg/all/function/internal_message.html?_=1673660833335&CODE_STATE=getMsg HTTP/1.1" 200 27
221.239.170.112 - - [14/Jan/2023:09:50:06 +0800] "GET /xingrg/all/function/internal_message.html?_=1673661018293&CODE_STATE=getMsg HTTP/1.1" 200 27
61.170.235.74 - - [14/Jan/2023:09:50:06 +0800] "GET /xingrg/all/function/internal_message.html?_=1673661023053&CODE_STATE=getMsg HTTP/1.1" 200 27
61.170.235.74 - - [14/Jan/2023:09:50:06 +0800] "GET /xingrg/check_reg.html?_=1673661023054 HTTP/1.1" 200 22
101.83.145.75 - - [14/Jan/2023:09:50:12 +0800] "GET /xingrg/all/function/internal_message.html?_=1673661032548&CODE_STATE=getMsg HTTP/1.1" 200 27
116.238.139.35 - - [14/Jan/2023:09:50:15 +0800] "GET /xingrg/kc/buy/cgsh_order_operate.html?command=get_materiel&rest_code=00150&code=00101008165&supplier_code=00100008&order_time=2023-01-14 HTTP/1.1" 200 416
116.238.139.35 - - [14/Jan/2023:09:50:15 +0800] "GET /xingrg/all/function/internal_message.html?_=1673661034558&CODE_STATE=getMsg HTTP/1.1" 200 27
116.235.93.82 - - [14/Jan/2023:09:50:21 +0800] "GET /xingrg/all/function/internal_message.html?_=1673661271754&CODE_STATE=getMsg HTTP/1.1" 200 27
116.192.124.172 - - [14/Jan/2023:09:50:21 +0800] "GET /xingrg/all/function/internal_message.html?_=1673661037900&CODE_STATE=getMsg HTTP/1.1" 302 -
222.70.177.10 - - [14/Jan/2023:09:50:24 +0800] "GET /xingrg/kc/buy/cgsh_order_operate.html?command=get_materiel&rest_code=00111&code=00101008114&supplier_code=00100005&order_time=2023-01-14 HTTP/1.1" 200 412
222.70.177.10 - - [14/Jan/2023:09:50:34 +0800] "GET /xingrg/all/function/internal_message.html?_=1673661048761&CODE_STATE=getMsg HTTP/1.1" 200 27
114.83.219.41 - - [14/Jan/2023:09:50:36 +0800] "GET /xingrg/all/function/internal_message.html?_=1673661053432&CODE_STATE=getMsg HTTP/1.1" 200 27
114.84.81.136 - - [14/Jan/2023:09:50:38 +0800] "GET /xingrg/check_reg.html?_=1673661063913 HTTP/1.1" 200 22
114.84.81.136 - - [14/Jan/2023:09:50:38 +0800] "GET /xingrg/all/function/internal_message.html?_=1673661063914&CODE_STATE=getMsg HTTP/1.1" 200 27
58.40.7.146 - - [14/Jan/2023:09:50:48 +0800] "GET /xingrg/all/function/internal_message.html?_=1673661065441&CODE_STATE=getMsg HTTP/1.1" 200 27
61.170.235.74 - - [14/Jan/2023:09:50:55 +0800] "GET /xingrg/kc/buy/cgsh_order_operate.html?command=get_materiel&rest_code=00106&code=00101008036&supplier_code=00100007&order_time=2023-01-14 HTTP/1.1" 200 423
116.230.105.139 - - [14/Jan/2023:09:50:57 +0800] "GET /xingrg/check_reg.html?_=1673661014490 HTTP/1.1" 200 22
116.230.105.139 - - [14/Jan/2023:09:50:57 +0800] "GET /xingrg/all/function/internal_message.html?_=1673661014493&CODE_STATE=getMsg HTTP/1.1" 200 27
120.253.135.82 - - [14/Jan/2023:09:51:03 +0800] "GET /xingrg/all/function/internal_message.html?_=1673660893348&CODE_STATE=getMsg HTTP/1.1" 200 27
116.235.244.242 - - [14/Jan/2023:09:51:03 +0800] "GET /xingrg/all/function/internal_message.html?_=1673661101869&CODE_STATE=getMsg HTTP/1.1" 200 27
221.239.170.112 - - [14/Jan/2023:09:51:06 +0800] "GET /xingrg/all/function/internal_message.html?_=1673661078279&CODE_STATE=getMsg HTTP/1.1" 200 27
61.170.235.74 - - [14/Jan/2023:09:51:06 +0800] "GET /xingrg/all/function/internal_message.html?_=1673661083037&CODE_STATE=getMsg HTTP/1.1" 200 27
116.192.124.172 - - [14/Jan/2023:09:51:09 +0800] "GET /xingrg/check_reg.html?_=1673661085699 HTTP/1.1" 302 -
101.83.145.75 - - [14/Jan/2023:09:51:12 +0800] "GET /xingrg/all/function/internal_message.html?_=1673661092521&CODE_STATE=getMsg HTTP/1.1" 200 27
116.238.139.35 - - [14/Jan/2023:09:51:15 +0800] "GET /xingrg/check_reg.html?_=1673661094431 HTTP/1.1" 200 22
222.70.177.10 - - [14/Jan/2023:09:51:15 +0800] "POST /xingrg/kc/buy/cgsh_order_operate.html HTTP/1.1" 200 37
116.238.139.35 - - [14/Jan/2023:09:51:15 +0800] "GET /xingrg/all/function/internal_message.html?_=1673661094620&CODE_STATE=getMsg HTTP/1.1" 200 27
222.70.177.10 - - [14/Jan/2023:09:51:20 +0800] "POST /xingrg/kc/buy/cgsh_order_operate.html HTTP/1.1" 200 30463
116.235.93.82 - - [14/Jan/2023:09:51:21 +0800] "GET /xingrg/all/function/internal_message.html?_=1673661331734&CODE_STATE=getMsg HTTP/1.1" 200 27
116.192.124.172 - - [14/Jan/2023:09:51:21 +0800] "GET /xingrg/all/function/internal_message.html?_=1673661097882&CODE_STATE=getMsg HTTP/1.1" 302 -
222.70.177.10 - - [14/Jan/2023:09:51:23 +0800] "GET /xingrg/kc/print/load_data.html?order_code=212023011404025&kc_code=cgsh&condition= HTTP/1.1" 200 11236
222.70.177.10 - - [14/Jan/2023:09:51:31 +0800] "GET /xingrg/kc/buy/cgsh_order_add.html HTTP/1.1" 200 69657
222.70.177.10 - - [14/Jan/2023:09:51:32 +0800] "POST /xingrg/kc/buy/cgsh_order_operate.html HTTP/1.1" 200 8245
222.70.177.10 - - [14/Jan/2023:09:51:32 +0800] "GET /xingrg/javascript/easyui/themes/default/validatebox.css HTTP/1.1" 404 1104
61.170.235.74 - - [14/Jan/2023:09:51:33 +0800] "GET /xingrg/kc/buy/cgsh_order_operate.html?command=get_materiel&rest_code=00106&code=00102008111&supplier_code=00100007&order_time=2023-01-14 HTTP/1.1" 200 408
222.70.177.10 - - [14/Jan/2023:09:51:35 +0800] "GET /xingrg/all/function/internal_message.html?_=1673661108819&CODE_STATE=getMsg HTTP/1.1" 200 27
116.235.244.242 - - [14/Jan/2023:09:51:35 +0800] "GET /xingrg/check_reg.html?_=1673661133999 HTTP/1.1" 200 22
114.83.219.41 - - [14/Jan/2023:09:51:36 +0800] "GET /xingrg/all/function/internal_message.html?_=1673661113434&CODE_STATE=getMsg HTTP/1.1" 200 27
116.238.139.35 - - [14/Jan/2023:09:51:37 +0800] "POST /xingrg/kc/buy/cgsh_order_operate.html HTTP/1.1" 200 37
114.84.81.136 - - [14/Jan/2023:09:51:38 +0800] "GET /xingrg/all/function/internal_message.html?_=1673661123939&CODE_STATE=getMsg HTTP/1.1" 200 27
116.238.139.35 - - [14/Jan/2023:09:51:42 +0800] "POST /xingrg/kc/buy/cgsh_order_operate.html HTTP/1.1" 200 26977
222.70.177.10 - - [14/Jan/2023:09:51:45 +0800] "GET /xingrg/kc/buy/cgsh_order_operate.html?command=get_materiel&rest_code=00111&code=00101007125&supplier_code=00100004&order_time=2023-01-14 HTTP/1.1" 200 406
58.40.7.146 - - [14/Jan/2023:09:51:48 +0800] "GET /xingrg/all/function/internal_message.html?_=1673661125429&CODE_STATE=getMsg HTTP/1.1" 200 27
61.170.235.74 - - [14/Jan/2023:09:51:54 +0800] "GET /xingrg/kc/buy/cgsh_order_operate.html?command=get_materiel&rest_code=00106&code=00101008072&supplier_code=00100007&order_time=2023-01-14 HTTP/1.1" 200 408
116.230.105.139 - - [14/Jan/2023:09:51:57 +0800] "GET /xingrg/all/function/internal_message.html?_=1673661074503&CODE_STATE=getMsg HTTP/1.1" 200 27
120.253.135.82 - - [14/Jan/2023:09:52:03 +0800] "GET /xingrg/all/function/internal_message.html?_=1673660953361&CODE_STATE=getMsg HTTP/1.1" 200 27
116.235.244.242 - - [14/Jan/2023:09:52:03 +0800] "GET /xingrg/all/function/internal_message.html?_=1673661161873&CODE_STATE=getMsg HTTP/1.1" 200 27
221.239.170.112 - - [14/Jan/2023:09:52:06 +0800] "GET /xingrg/all/function/internal_message.html?_=1673661138265&CODE_STATE=getMsg HTTP/1.1" 200 27
61.170.235.74 - - [14/Jan/2023:09:52:06 +0800] "GET /xingrg/all/function/internal_message.html?_=1673661143021&CODE_STATE=getMsg HTTP/1.1" 200 27
101.83.145.75 - - [14/Jan/2023:09:52:12 +0800] "GET /xingrg/all/function/internal_message.html?_=1673661152495&CODE_STATE=getMsg HTTP/1.1" 200 27
61.170.235.74 - - [14/Jan/2023:09:52:13 +0800] "POST /xingrg/kc/buy/cgsh_order_operate.html HTTP/1.1" 200 37
61.170.235.74 - - [14/Jan/2023:09:52:14 +0800] "POST /xingrg/kc/buy/cgsh_order_operate.html HTTP/1.1" 200 28650
116.238.139.35 - - [14/Jan/2023:09:52:15 +0800] "GET /xingrg/all/function/internal_message.html?_=1673661154598&CODE_STATE=getMsg HTTP/1.1" 200 27
61.170.235.74 - - [14/Jan/2023:09:52:16 +0800] "GET /xingrg/kc/report/report_main.html HTTP/1.1" 200 7340
61.170.235.74 - - [14/Jan/2023:09:52:16 +0800] "GET /xingrg/javascript/jquery_easy_ui/themes/icons/back_new.png HTTP/1.1" 200 3414
61.170.235.74 - - [14/Jan/2023:09:52:18 +0800] "GET /xingrg/all/report/report_query.html?fileName=kc/buy/gys_amount.xml&rh=99999 HTTP/1.1" 200 52006
61.170.235.74 - - [14/Jan/2023:09:52:18 +0800] "GET /xingrg/javascript/bigrid/fix.js HTTP/1.1" 200 6439
61.170.235.74 - - [14/Jan/2023:09:52:18 +0800] "GET /xingrg/javascript/calendar/jquery.timePicker.min.js HTTP/1.1" 200 2997
61.170.235.74 - - [14/Jan/2023:09:52:18 +0800] "GET /xingrg/dwr/util.js HTTP/1.1" 200 35990
61.170.235.74 - - [14/Jan/2023:09:52:18 +0800] "GET /xingrg/dwr/interface/AjaxReportQueryService.js HTTP/1.1" 200 13203
61.170.235.74 - - [14/Jan/2023:09:52:18 +0800] "GET /xingrg/javascript/calendar/timePicker.css HTTP/1.1" 200 523
61.170.235.74 - - [14/Jan/2023:09:52:18 +0800] "GET /xingrg/javascript/jqueryMultiSelect.js HTTP/1.1" 200 11866
61.170.235.74 - - [14/Jan/2023:09:52:18 +0800] "GET /xingrg/javascript/bigrid/fix.css HTTP/1.1" 200 1702
61.170.235.74 - - [14/Jan/2023:09:52:18 +0800] "GET /xingrg/javascript/Calendar.js HTTP/1.1" 200 31561
61.170.235.74 - - [14/Jan/2023:09:52:18 +0800] "GET /xingrg/javascript/multi_select/jqueryMultiSelect.css HTTP/1.1" 200 951
61.170.235.74 - - [14/Jan/2023:09:52:18 +0800] "GET /xingrg/dwr/engine.js HTTP/1.1" 200 43631
61.170.235.74 - - [14/Jan/2023:09:52:18 +0800] "GET /xingrg/images/blue/button/advanceover.gif HTTP/1.1" 200 1347
61.170.235.74 - - [14/Jan/2023:09:52:18 +0800] "GET /xingrg/images/blue/button/advance2over.gif HTTP/1.1" 200 1336
61.170.235.74 - - [14/Jan/2023:09:52:18 +0800] "GET /xingrg/images/blue/button/back2over.gif HTTP/1.1" 200 1335
61.170.235.74 - - [14/Jan/2023:09:52:18 +0800] "GET /xingrg/images/blue/button/backover.gif HTTP/1.1" 200 1348
61.170.235.74 - - [14/Jan/2023:09:52:18 +0800] "GET /xingrg/images/control/loading.gif HTTP/1.1" 200 13463
61.170.235.74 - - [14/Jan/2023:09:52:18 +0800] "GET /xingrg/javascript/jquery_easy_ui/themes/icons/help.png HTTP/1.1" 200 1187
61.170.235.74 - - [14/Jan/2023:09:52:18 +0800] "GET /xingrg/javascript/jquery_easy_ui/themes/default/images/menu_downarrow.png HTTP/1.1" 200 173
61.170.235.74 - - [14/Jan/2023:09:52:18 +0800] "GET /xingrg/javascript/jquery_easy_ui/themes/default/images/button_a_bg.gif HTTP/1.1" 200 1194
61.170.235.74 - - [14/Jan/2023:09:52:18 +0800] "GET /xingrg/javascript/jquery_easy_ui/themes/default/images/menu.gif HTTP/1.1" 200 834
61.170.235.74 - - [14/Jan/2023:09:52:18 +0800] "GET /xingrg/javascript/jquery_easy_ui/themes/icons/print.png HTTP/1.1" 200 1057
61.170.235.74 - - [14/Jan/2023:09:52:18 +0800] "GET /xingrg/javascript/jquery_easy_ui/themes/icons/pencil.png HTTP/1.1" 200 713
61.170.235.74 - - [14/Jan/2023:09:52:18 +0800] "POST /xingrg/dwr/call/plaincall/AjaxReportQueryService.getFixDate.dwr HTTP/1.1" 200 111
61.170.235.74 - - [14/Jan/2023:09:52:18 +0800] "GET /xingrg/javascript/jquery_easy_ui/themes/default/images/menu_rightarrow.png HTTP/1.1" 200 3617
61.170.235.74 - - [14/Jan/2023:09:52:18 +0800] "GET /xingrg/javascript/jquery_easy_ui/themes/default/images/combo_arrow_dot.gif HTTP/1.1" 200 79
61.170.235.74 - - [14/Jan/2023:09:52:18 +0800] "POST /xingrg/all/common/load_tree.html?tree=supplier_tree_json&manage=1 HTTP/1.1" 200 72297
61.170.235.74 - - [14/Jan/2023:09:52:20 +0800] "GET /xingrg/javascript/jquery_easy_ui/themes/default/images/tree_checkbox_0.gif HTTP/1.1" 200 168
61.170.235.74 - - [14/Jan/2023:09:52:20 +0800] "POST /xingrg/all/common/load_tree.html?tree=materiel_sort_tree_json HTTP/1.1" 200 9500
61.170.235.74 - - [14/Jan/2023:09:52:20 +0800] "POST /xingrg/dwr/call/plaincall/AjaxReportQueryService.getInitString.dwr HTTP/1.1" 200 1023
61.170.235.74 - - [14/Jan/2023:09:52:20 +0800] "GET /xingrg/javascript/multi_select/dropdown.gif HTTP/1.1" 200 61
116.235.93.82 - - [14/Jan/2023:09:52:21 +0800] "GET /xingrg/all/function/internal_message.html?_=1673661391714&CODE_STATE=getMsg HTTP/1.1" 200 27
116.192.124.172 - - [14/Jan/2023:09:52:21 +0800] "GET /xingrg/all/function/internal_message.html?_=1673661157891&CODE_STATE=getMsg HTTP/1.1" 302 -
120.253.135.82 - - [14/Jan/2023:09:52:31 +0800] "GET /xingrg/check_reg.html?_=1673660981366 HTTP/1.1" 200 22
222.70.177.10 - - [14/Jan/2023:09:52:35 +0800] "GET /xingrg/all/function/internal_message.html?_=1673661168837&CODE_STATE=getMsg HTTP/1.1" 200 27
116.235.93.82 - - [14/Jan/2023:09:52:35 +0800] "GET /xingrg/check_reg.html?_=1673661406006 HTTP/1.1" 200 22
114.83.219.41 - - [14/Jan/2023:09:52:36 +0800] "GET /xingrg/all/function/internal_message.html?_=1673661173451&CODE_STATE=getMsg HTTP/1.1" 200 27
61.170.235.74 - - [14/Jan/2023:09:52:38 +0800] "GET /xingrg/javascript/jquery_easy_ui/themes/default/images/tree_checkbox_1.gif HTTP/1.1" 200 174
61.170.235.74 - - [14/Jan/2023:09:52:38 +0800] "GET /xingrg/javascript/jquery_easy_ui/themes/default/images/tree_checkbox_2.gif HTTP/1.1" 200 181
114.84.81.136 - - [14/Jan/2023:09:52:38 +0800] "GET /xingrg/all/function/internal_message.html?_=1673661183937&CODE_STATE=getMsg HTTP/1.1" 200 27
61.170.235.74 - - [14/Jan/2023:09:52:40 +0800] "POST /xingrg/dwr/call/plaincall/AjaxReportQueryService.refreshCache.dwr HTTP/1.1" 200 78
61.170.235.74 - - [14/Jan/2023:09:52:41 +0800] "POST /xingrg/all/report/load_report_page.html HTTP/1.1" 200 8924
61.170.235.74 - - [14/Jan/2023:09:52:41 +0800] "GET /xingrg/servlets/image?cache=0.8600751194846546&image=px HTTP/1.1" 200 807
222.70.177.10 - - [14/Jan/2023:09:52:43 +0800] "GET /xingrg/kc/buy/cgsh_order_operate.html?command=get_materiel&rest_code=00111&code=00101007061&supplier_code=00100004&order_time=2023-01-14 HTTP/1.1" 200 424
58.40.7.146 - - [14/Jan/2023:09:52:48 +0800] "GET /xingrg/all/function/internal_message.html?_=1673661185407&CODE_STATE=getMsg HTTP/1.1" 200 27
116.230.105.139 - - [14/Jan/2023:09:52:57 +0800] "GET /xingrg/all/function/internal_message.html?_=1673661134503&CODE_STATE=getMsg HTTP/1.1" 200 27
120.253.135.82 - - [14/Jan/2023:09:53:03 +0800] "GET /xingrg/all/function/internal_message.html?_=1673661013375&CODE_STATE=getMsg HTTP/1.1" 200 27
116.235.244.242 - - [14/Jan/2023:09:53:03 +0800] "GET /xingrg/all/function/internal_message.html?_=1673661221887&CODE_STATE=getMsg HTTP/1.1" 200 27
221.239.170.112 - - [14/Jan/2023:09:53:06 +0800] "GET /xingrg/all/function/internal_message.html?_=1673661198250&CODE_STATE=getMsg HTTP/1.1" 200 27
61.170.235.74 - - [14/Jan/2023:09:53:06 +0800] "GET /xingrg/all/function/internal_message.html?_=1673661203029&CODE_STATE=getMsg HTTP/1.1" 200 27
101.83.145.75 - - [14/Jan/2023:09:53:12 +0800] "GET /xingrg/all/function/internal_message.html?_=1673661212468&CODE_STATE=getMsg HTTP/1.1" 200 27
116.238.139.35 - - [14/Jan/2023:09:53:15 +0800] "GET /xingrg/all/function/internal_message.html?_=1673661214575&CODE_STATE=getMsg HTTP/1.1" 200 27
116.235.93.82 - - [14/Jan/2023:09:53:21 +0800] "GET /xingrg/all/function/internal_message.html?_=1673661451692&CODE_STATE=getMsg HTTP/1.1" 200 27
116.192.124.172 - - [14/Jan/2023:09:53:21 +0800] "GET /xingrg/all/function/internal_message.html?_=1673661217887&CODE_STATE=getMsg HTTP/1.1" 302 -
101.83.145.75 - - [14/Jan/2023:09:53:32 +0800] "GET /xingrg/check_reg.html?_=1673661233330 HTTP/1.1" 200 22
222.70.177.10 - - [14/Jan/2023:09:53:33 +0800] "GET /xingrg/kc/buy/cgsh_order_operate.html?command=get_materiel&rest_code=00111&code=00101006259&supplier_code=00100004&order_time=2023-01-14 HTTP/1.1" 200 409
222.70.177.10 - - [14/Jan/2023:09:53:34 +0800] "GET /xingrg/check_reg.html?_=1673661228778 HTTP/1.1" 200 22
222.70.177.10 - - [14/Jan/2023:09:53:35 +0800] "GET /xingrg/all/function/internal_message.html?_=1673661228812&CODE_STATE=getMsg HTTP/1.1" 200 27
114.83.219.41 - - [14/Jan/2023:09:53:36 +0800] "GET /xingrg/all/function/internal_message.html?_=1673661233458&CODE_STATE=getMsg HTTP/1.1" 200 27
114.84.81.136 - - [14/Jan/2023:09:53:38 +0800] "GET /xingrg/all/function/internal_message.html?_=1673661243936&CODE_STATE=getMsg HTTP/1.1" 200 27
58.40.7.146 - - [14/Jan/2023:09:53:48 +0800] "GET /xingrg/all/function/internal_message.html?_=1673661245394&CODE_STATE=getMsg HTTP/1.1" 200 27
116.230.105.139 - - [14/Jan/2023:09:53:57 +0800] "GET /xingrg/all/function/internal_message.html?_=1673661194504&CODE_STATE=getMsg HTTP/1.1" 200 27
120.253.135.82 - - [14/Jan/2023:09:54:03 +0800] "GET /xingrg/all/function/internal_message.html?_=1673661073391&CODE_STATE=getMsg HTTP/1.1" 200 27
222.70.177.10 - - [14/Jan/2023:09:54:03 +0800] "GET /xingrg/kc/buy/cgsh_order_operate.html?command=get_materiel&rest_code=00111&code=00101007085&supplier_code=00100004&order_time=2023-01-14 HTTP/1.1" 200 413
116.235.244.242 - - [14/Jan/2023:09:54:04 +0800] "GET /xingrg/all/function/internal_message.html?_=1673661282357&CODE_STATE=getMsg HTTP/1.1" 200 27
221.239.170.112 - - [14/Jan/2023:09:54:06 +0800] "GET /xingrg/all/function/internal_message.html?_=1673661258235&CODE_STATE=getMsg HTTP/1.1" 200 27
61.170.235.74 - - [14/Jan/2023:09:54:06 +0800] "GET /xingrg/all/function/internal_message.html?_=1673661263013&CODE_STATE=getMsg HTTP/1.1" 200 27
58.40.7.146 - - [14/Jan/2023:09:54:06 +0800] "GET /xingrg/check_reg.html?_=1673661262740 HTTP/1.1" 200 22
101.83.145.75 - - [14/Jan/2023:09:54:12 +0800] "GET /xingrg/all/function/internal_message.html?_=1673661272449&CODE_STATE=getMsg HTTP/1.1" 200 27
116.238.139.35 - - [14/Jan/2023:09:54:15 +0800] "GET /xingrg/all/function/internal_message.html?_=1673661274544&CODE_STATE=getMsg HTTP/1.1" 200 27
221.239.170.112 - - [14/Jan/2023:09:54:20 +0800] "GET /xingrg/check_reg.html?_=1673661272342 HTTP/1.1" 200 22
116.235.93.82 - - [14/Jan/2023:09:54:21 +0800] "GET /xingrg/all/function/internal_message.html?_=1673661511661&CODE_STATE=getMsg HTTP/1.1" 200 27
116.192.124.172 - - [14/Jan/2023:09:54:21 +0800] "GET /xingrg/all/function/internal_message.html?_=1673661277881&CODE_STATE=getMsg HTTP/1.1" 302 -
222.70.177.10 - - [14/Jan/2023:09:54:23 +0800] "GET /xingrg/kc/buy/cgsh_order_operate.html?command=get_materiel&rest_code=00111&code=00101007081&supplier_code=00100004&order_time=2023-01-14 HTTP/1.1" 200 413
222.70.177.10 - - [14/Jan/2023:09:54:35 +0800] "GET /xingrg/all/function/internal_message.html?_=1673661288849&CODE_STATE=getMsg HTTP/1.1" 200 27
114.83.219.41 - - [14/Jan/2023:09:54:36 +0800] "GET /xingrg/all/function/internal_message.html?_=1673661293449&CODE_STATE=getMsg HTTP/1.1" 200 27
114.83.219.41 - - [14/Jan/2023:09:54:36 +0800] "GET /xingrg/check_reg.html?_=1673661293457 HTTP/1.1" 200 22
114.84.81.136 - - [14/Jan/2023:09:54:38 +0800] "GET /xingrg/all/function/internal_message.html?_=1673661303936&CODE_STATE=getMsg HTTP/1.1" 200 27
222.70.177.10 - - [14/Jan/2023:09:54:41 +0800] "POST /xingrg/kc/buy/cgsh_order_operate.html HTTP/1.1" 200 37
222.70.177.10 - - [14/Jan/2023:09:54:46 +0800] "POST /xingrg/kc/buy/cgsh_order_operate.html HTTP/1.1" 200 5615
222.70.177.10 - - [14/Jan/2023:09:54:47 +0800] "GET /xingrg/kc/print/load_data.html?order_code=212023011404027&kc_code=cgsh&condition= HTTP/1.1" 200 1852
58.40.7.146 - - [14/Jan/2023:09:54:48 +0800] "GET /xingrg/all/function/internal_message.html?_=1673661305385&CODE_STATE=getMsg HTTP/1.1" 200 27
116.230.105.139 - - [14/Jan/2023:09:54:57 +0800] "GET /xingrg/all/function/internal_message.html?_=1673661254496&CODE_STATE=getMsg HTTP/1.1" 200 27
120.253.135.82 - - [14/Jan/2023:09:55:03 +0800] "GET /xingrg/all/function/internal_message.html?_=1673661133713&CODE_STATE=getMsg HTTP/1.1" 200 27
116.235.244.242 - - [14/Jan/2023:09:55:04 +0800] "GET /xingrg/all/function/internal_message.html?_=1673661342365&CODE_STATE=getMsg HTTP/1.1" 200 27
221.239.170.112 - - [14/Jan/2023:09:55:06 +0800] "GET /xingrg/all/function/internal_message.html?_=1673661318207&CODE_STATE=getMsg HTTP/1.1" 200 27
61.170.235.74 - - [14/Jan/2023:09:55:06 +0800] "GET /xingrg/all/function/internal_message.html?_=1673661323022&CODE_STATE=getMsg HTTP/1.1" 200 27
61.170.235.74 - - [14/Jan/2023:09:55:06 +0800] "GET /xingrg/check_reg.html?_=1673661323055 HTTP/1.1" 200 22
116.238.139.35 - - [14/Jan/2023:09:55:09 +0800] "POST /xingrg/kc/buy/cgsh_order_operate.html HTTP/1.1" 200 37
101.83.145.75 - - [14/Jan/2023:09:55:12 +0800] "GET /xingrg/all/function/internal_message.html?_=1673661332417&CODE_STATE=getMsg HTTP/1.1" 200 27
116.238.139.35 - - [14/Jan/2023:09:55:15 +0800] "POST /xingrg/kc/buy/cgsh_order_operate.html HTTP/1.1" 200 12
116.235.93.82 - - [14/Jan/2023:09:55:21 +0800] "GET /xingrg/all/function/internal_message.html?_=1673661571641&CODE_STATE=getMsg HTTP/1.1" 200 27
116.192.124.172 - - [14/Jan/2023:09:55:21 +0800] "GET /xingrg/all/function/internal_message.html?_=1673661337890&CODE_STATE=getMsg HTTP/1.1" 302 -
116.238.139.35 - - [14/Jan/2023:09:55:22 +0800] "GET /xingrg/kc/buy/cgsh_order_info.html?code=212023011404026 HTTP/1.1" 200 64604
116.238.139.35 - - [14/Jan/2023:09:55:23 +0800] "GET /xingrg/javascript/easyui/themes/default/validatebox.css HTTP/1.1" 404 1104
116.238.139.35 - - [14/Jan/2023:09:55:23 +0800] "POST /xingrg/kc/buy/cgsh_order_operate.html HTTP/1.1" 200 24922
222.70.177.10 - - [14/Jan/2023:09:55:24 +0800] "GET /xingrg/kc/buy/cgsh_order_add.html HTTP/1.1" 200 69657
222.70.177.10 - - [14/Jan/2023:09:55:25 +0800] "POST /xingrg/kc/buy/cgsh_order_operate.html HTTP/1.1" 200 8245
222.70.177.10 - - [14/Jan/2023:09:55:25 +0800] "GET /xingrg/javascript/easyui/themes/default/validatebox.css HTTP/1.1" 404 1104
116.238.139.35 - - [14/Jan/2023:09:55:27 +0800] "GET /xingrg/kc/print/load_data.html?order_code=212023011404026&kc_code=cgsh&condition= HTTP/1.1" 200 9958
116.238.139.35 - - [14/Jan/2023:09:55:33 +0800] "POST /xingrg/all/user/operate.html HTTP/1.1" 200 36
116.238.139.35 - - [14/Jan/2023:09:55:34 +0800] "GET /xingrg/index.html?sysBaseUrl=http%3A%2F%2F180.169.147.146%3A18081%2Fxingrg%2F&costTime=45×tamp=1673570766449 HTTP/1.1" 200 17177
116.238.139.35 - - [14/Jan/2023:09:55:34 +0800] "GET /xingrg/javascript/jquery_easy_ui/themes/default/easyui.css HTTP/1.1" 304 -
116.238.139.35 - - [14/Jan/2023:09:55:34 +0800] "GET /xingrg/javascript/jquery_easy_ui/themes/icon.css HTTP/1.1" 304 -
116.238.139.35 - - [14/Jan/2023:09:55:34 +0800] "GET /xingrg/css/form.css HTTP/1.1" 304 -
116.238.139.35 - - [14/Jan/2023:09:55:34 +0800] "GET /xingrg/javascript/jquery-1.4.2.min.js HTTP/1.1" 304 -
116.238.139.35 - - [14/Jan/2023:09:55:34 +0800] "GET /xingrg/javascript/jquery_easy_ui/jquery.easyui.min.js HTTP/1.1" 304 -
116.238.139.35 - - [14/Jan/2023:09:55:34 +0800] "GET /xingrg/javascript/jquery_easy_ui/easyui-lang-zh_CN.js HTTP/1.1" 304 -
116.238.139.35 - - [14/Jan/2023:09:55:34 +0800] "GET /xingrg/javascript/jquery.form.js HTTP/1.1" 304 -
116.238.139.35 - - [14/Jan/2023:09:55:34 +0800] "GET /xingrg/javascript/jquery.utils.js HTTP/1.1" 304 -
116.238.139.35 - - [14/Jan/2023:09:55:34 +0800] "GET /xingrg/javascript/jquery.timers.js HTTP/1.1" 304 -
116.238.139.35 - - [14/Jan/2023:09:55:34 +0800] "GET /xingrg/images/blue/jxLogo.png HTTP/1.1" 304 -
116.238.139.35 - - [14/Jan/2023:09:55:34 +0800] "GET /xingrg/javascript/jquery_easy_ui/themes/icons/settle_new.png HTTP/1.1" 304 -
116.238.139.35 - - [14/Jan/2023:09:55:34 +0800] "GET /xingrg/images/blue/navBackgound.jpg HTTP/1.1" 304 -
116.238.139.35 - - [14/Jan/2023:09:55:34 +0800] "POST /xingrg/all/common/load_tree.html?tree=area_rest_tree_json&manage=1 HTTP/1.1" 200 476
116.238.139.35 - - [14/Jan/2023:09:55:34 +0800] "GET /xingrg/all/function/internal_message.html?_=1673661353231&CODE_STATE=count HTTP/1.1" 200 11
116.238.139.35 - - [14/Jan/2023:09:55:34 +0800] "GET /xingrg/check_reg.html?_=1673661353232 HTTP/1.1" 200 22
116.238.139.35 - - [14/Jan/2023:09:55:34 +0800] "GET /xingrg/javascript/jquery_easy_ui/themes/default/images/tabs_leftarrow.png HTTP/1.1" 304 -
116.238.139.35 - - [14/Jan/2023:09:55:34 +0800] "POST /xingrg/load_menu.html HTTP/1.1" 200 5138
116.238.139.35 - - [14/Jan/2023:09:55:34 +0800] "GET /xingrg/images/blue/pingpu.png HTTP/1.1" 304 -
116.238.139.35 - - [14/Jan/2023:09:55:34 +0800] "GET /xingrg/javascript/jquery_easy_ui/themes/default/images/tabs_rightarrow.png HTTP/1.1" 304 -
116.238.139.35 - - [14/Jan/2023:09:55:34 +0800] "GET /xingrg/javascript/jquery_easy_ui/themes/default/images/panel_tool_collapse.gif HTTP/1.1" 304 -
116.238.139.35 - - [14/Jan/2023:09:55:34 +0800] "GET /xingrg/javascript/jquery_easy_ui/themes/icons/search_new.png HTTP/1.1" 304 -
116.238.139.35 - - [14/Jan/2023:09:55:34 +0800] "GET /xingrg/javascript/jquery_easy_ui/themes/icons/storage_new.png HTTP/1.1" 304 -
116.238.139.35 - - [14/Jan/2023:09:55:34 +0800] "GET /xingrg/javascript/jquery_easy_ui/themes/default/images/tree_file.gif HTTP/1.1" 304 -
116.238.139.35 - - [14/Jan/2023:09:55:34 +0800] "GET /xingrg/javascript/jquery_easy_ui/themes/icons/forms_new.png HTTP/1.1" 304 -
116.238.139.35 - - [14/Jan/2023:09:55:34 +0800] "GET /xingrg/javascript/jquery_easy_ui/themes/default/images/tree_folder_open.gif HTTP/1.1" 304 -
116.238.139.35 - - [14/Jan/2023:09:55:34 +0800] "GET /xingrg/javascript/jquery_easy_ui/themes/default/images/tree_arrows.gif HTTP/1.1" 304 -
116.238.139.35 - - [14/Jan/2023:09:55:34 +0800] "GET /xingrg/javascript/jquery_easy_ui/themes/default/images/tree_folder.gif HTTP/1.1" 304 -
222.70.177.10 - - [14/Jan/2023:09:55:35 +0800] "GET /xingrg/all/function/internal_message.html?_=1673661348829&CODE_STATE=getMsg HTTP/1.1" 200 27
114.83.219.41 - - [14/Jan/2023:09:55:36 +0800] "GET /xingrg/all/function/internal_message.html?_=1673661353458&CODE_STATE=getMsg HTTP/1.1" 200 27
114.84.81.136 - - [14/Jan/2023:09:55:38 +0800] "GET /xingrg/all/function/internal_message.html?_=1673661363933&CODE_STATE=getMsg HTTP/1.1" 200 27
114.84.81.136 - - [14/Jan/2023:09:55:38 +0800] "GET /xingrg/check_reg.html?_=1673661363934 HTTP/1.1" 200 22
222.70.177.10 - - [14/Jan/2023:09:55:45 +0800] "GET /xingrg/kc/buy/cgsh_order_operate.html?command=get_materiel&rest_code=00111&code=00101002027&supplier_code=00100199&order_time=2023-01-14 HTTP/1.1" 200 431
58.40.7.146 - - [14/Jan/2023:09:55:48 +0800] "GET /xingrg/all/function/internal_message.html?_=1673661365372&CODE_STATE=getMsg HTTP/1.1" 200 27
116.230.105.139 - - [14/Jan/2023:09:55:57 +0800] "GET /xingrg/check_reg.html?_=1673661314499 HTTP/1.1" 200 22
116.230.105.139 - - [14/Jan/2023:09:55:57 +0800] "GET /xingrg/all/function/internal_message.html?_=1673661314511&CODE_STATE=getMsg HTTP/1.1" 200 27
222.70.177.10 - - [14/Jan/2023:09:55:58 +0800] "GET /xingrg/kc/buy/cgsh_order_operate.html?command=get_materiel&rest_code=00111&code=00101002006&supplier_code=00100199&order_time=2023-01-14 HTTP/1.1" 200 432
120.253.135.82 - - [14/Jan/2023:09:56:03 +0800] "GET /xingrg/all/function/internal_message.html?_=1673661193727&CODE_STATE=getMsg HTTP/1.1" 200 27
116.235.244.242 - - [14/Jan/2023:09:56:04 +0800] "GET /xingrg/all/function/internal_message.html?_=1673661402827&CODE_STATE=getMsg HTTP/1.1" 200 27
221.239.170.112 - - [14/Jan/2023:09:56:05 +0800] "GET /xingrg/all/function/internal_message.html?_=1673661378192&CODE_STATE=getMsg HTTP/1.1" 200 27
61.170.235.74 - - [14/Jan/2023:09:56:06 +0800] "GET /xingrg/all/function/internal_message.html?_=1673661383017&CODE_STATE=getMsg HTTP/1.1" 200 27
116.238.139.35 - - [14/Jan/2023:09:56:06 +0800] "GET /xingrg/kc/buy/cgsh_order_list.html HTTP/1.1" 200 53924
116.238.139.35 - - [14/Jan/2023:09:56:07 +0800] "POST /xingrg/kc/buy/cgsh_list_operate.html HTTP/1.1" 200 986
116.238.139.35 - - [14/Jan/2023:09:56:08 +0800] "GET /xingrg/kc/buy/cgsh_order_add.html HTTP/1.1" 200 69299
116.238.139.35 - - [14/Jan/2023:09:56:09 +0800] "GET /xingrg/javascript/easyui/themes/default/validatebox.css HTTP/1.1" 404 1104
116.238.139.35 - - [14/Jan/2023:09:56:09 +0800] "POST /xingrg/kc/buy/cgsh_order_operate.html HTTP/1.1" 200 8245
116.192.124.172 - - [14/Jan/2023:09:56:09 +0800] "GET /xingrg/check_reg.html?_=1673661385679 HTTP/1.1" 302 -
222.70.177.10 - - [14/Jan/2023:09:56:10 +0800] "POST /xingrg/kc/buy/cgsh_order_operate.html HTTP/1.1" 200 37
101.83.145.75 - - [14/Jan/2023:09:56:12 +0800] "GET /xingrg/all/function/internal_message.html?_=1673661392391&CODE_STATE=getMsg HTTP/1.1" 200 27
222.70.177.10 - - [14/Jan/2023:09:56:12 +0800] "POST /xingrg/kc/buy/cgsh_order_operate.html HTTP/1.1" 200 3257
222.70.177.10 - - [14/Jan/2023:09:56:13 +0800] "GET /xingrg/kc/print/load_data.html?order_code=212023011404028&kc_code=cgsh&condition= HTTP/1.1" 200 907
116.235.93.82 - - [14/Jan/2023:09:56:21 +0800] "GET /xingrg/all/function/internal_message.html?_=1673661631622&CODE_STATE=getMsg HTTP/1.1" 200 27
116.192.124.172 - - [14/Jan/2023:09:56:21 +0800] "GET /xingrg/all/function/internal_message.html?_=1673661397899&CODE_STATE=getMsg HTTP/1.1" 302 -
116.235.244.242 - - [14/Jan/2023:09:56:30 +0800] "POST /xingrg/services/DataTransmitService HTTP/1.1" 200 524
116.235.244.242 - - [14/Jan/2023:09:56:30 +0800] "POST /xingrg/services/DataTransmitService HTTP/1.1" 200 2339
116.235.244.242 - - [14/Jan/2023:09:56:31 +0800] "POST /xingrg/services/DataTransmitService HTTP/1.1" 200 191695
116.238.139.35 - - [14/Jan/2023:09:56:34 +0800] "GET /xingrg/all/function/internal_message.html?_=1673661413244&CODE_STATE=getMsg HTTP/1.1" 200 27
222.70.177.10 - - [14/Jan/2023:09:56:35 +0800] "GET /xingrg/all/function/internal_message.html?_=1673661408806&CODE_STATE=getMsg HTTP/1.1" 200 27
116.235.244.242 - - [14/Jan/2023:09:56:35 +0800] "GET /xingrg/check_reg.html?_=1673661434004 HTTP/1.1" 200 22
114.83.219.41 - - [14/Jan/2023:09:56:36 +0800] "GET /xingrg/all/function/internal_message.html?_=1673661413460&CODE_STATE=getMsg HTTP/1.1" 200 27
