222.69.192.184 - - [11/Jan/2023:08:50:49 +0800] "GET /xingrg/javascript/jquery_tools/order_manager.js HTTP/1.1" 304 -
222.69.192.184 - - [11/Jan/2023:08:50:49 +0800] "GET /xingrg/javascript/convert.js HTTP/1.1" 304 -
222.69.192.184 - - [11/Jan/2023:08:50:49 +0800] "GET /xingrg/javascript/json2.js HTTP/1.1" 304 -
222.69.192.184 - - [11/Jan/2023:08:50:49 +0800] "GET /xingrg/javascript/print/kc_print.js HTTP/1.1" 304 -
222.69.192.184 - - [11/Jan/2023:08:50:49 +0800] "GET /xingrg/words/20230109181040_words.js HTTP/1.1" 200 941164
222.69.192.184 - - [11/Jan/2023:08:50:49 +0800] "GET /xingrg/javascript/easyui/themes/icons/copy_new.png HTTP/1.1" 304 -
222.69.192.184 - - [11/Jan/2023:08:50:49 +0800] "GET /xingrg/javascript/easyui/themes/icons/template_new.png HTTP/1.1" 304 -
222.69.192.184 - - [11/Jan/2023:08:50:49 +0800] "GET /xingrg/javascript/easyui/themes/icons/ok.png HTTP/1.1" 304 -
222.69.192.184 - - [11/Jan/2023:08:50:49 +0800] "GET /xingrg/javascript/easyui/themes/icons/print.png HTTP/1.1" 304 -
222.69.192.184 - - [11/Jan/2023:08:50:49 +0800] "GET /xingrg/javascript/easyui/themes/default/images/menu_downarrow.png HTTP/1.1" 304 -
222.69.192.184 - - [11/Jan/2023:08:50:49 +0800] "GET /xingrg/javascript/easyui/themes/icons/cancel.png HTTP/1.1" 304 -
222.69.192.184 - - [11/Jan/2023:08:50:50 +0800] "POST /xingrg/kc/buy/cgsh_order_operate.html HTTP/1.1" 200 8245
222.69.192.184 - - [11/Jan/2023:08:50:50 +0800] "GET /xingrg/all/common/auto_word.html?type=employee&rest_code=00105 HTTP/1.1" 200 193
222.69.192.184 - - [11/Jan/2023:08:50:50 +0800] "GET /xingrg/javascript/easyui/themes/default/validatebox.css HTTP/1.1" 404 1104
222.69.192.184 - - [11/Jan/2023:08:50:50 +0800] "GET /xingrg/all/common/auto_word.html?type=employee&rest_code=00105 HTTP/1.1" 200 193
222.69.192.184 - - [11/Jan/2023:08:50:50 +0800] "GET /xingrg/javascript/easyui/plugins/jquery.validatebox.js HTTP/1.1" 304 -
222.69.192.184 - - [11/Jan/2023:08:50:50 +0800] "GET /xingrg/javascript/easyui/plugins/jquery.numberbox.js HTTP/1.1" 304 -
222.69.192.184 - - [11/Jan/2023:08:50:50 +0800] "GET /xingrg/javascript/easyui/themes/icons/edit_remove.png HTTP/1.1" 304 -
222.69.192.184 - - [11/Jan/2023:08:50:53 +0800] "GET /xingrg/all/function/internal_message.html?_=1673398274076&CODE_STATE=getMsg HTTP/1.1" 200 27
222.69.192.184 - - [11/Jan/2023:08:50:54 +0800] "GET /xingrg/javascript/auto/indicator.gif HTTP/1.1" 404 1066
120.253.135.82 - - [11/Jan/2023:08:50:58 +0800] "GET /xingrg/all/function/internal_message.html?_=1673398089677&CODE_STATE=getMsg HTTP/1.1" 200 27
116.238.139.35 - - [11/Jan/2023:08:50:59 +0800] "POST /xingrg/kc/buy/cgsh_order_operate.html HTTP/1.1" 200 37
116.230.105.139 - - [11/Jan/2023:08:50:59 +0800] "GET /xingrg/kc/buy/cgsh_order_operate.html?command=get_materiel&rest_code=00155&code=00101008354&supplier_code=00100005&order_time=2023-01-11 HTTP/1.1" 200 428
116.238.139.35 - - [11/Jan/2023:08:51:00 +0800] "POST /xingrg/kc/buy/cgsh_order_operate.html HTTP/1.1" 200 9810
116.230.105.139 - - [11/Jan/2023:08:51:06 +0800] "GET /xingrg/kc/buy/cgsh_order_operate.html?command=get_materiel&rest_code=00155&code=00101008559&supplier_code=00100005&order_time=2023-01-11 HTTP/1.1" 200 432
58.221.95.50 - - [11/Jan/2023:08:51:09 +0800] "GET /xingrg/check_reg.html?_=1673398289609 HTTP/1.1" 302 -
114.88.159.190 - - [11/Jan/2023:08:51:13 +0800] "GET /xingrg/all/function/internal_message.html?_=1673397890412&CODE_STATE=getMsg HTTP/1.1" 200 27
116.230.105.139 - - [11/Jan/2023:08:51:13 +0800] "GET /xingrg/kc/buy/cgsh_order_operate.html?command=get_materiel&rest_code=00155&code=00101008010&supplier_code=00100005&order_time=2023-01-11 HTTP/1.1" 200 412
222.69.192.184 - - [11/Jan/2023:08:51:16 +0800] "GET /xingrg/kc/buy/cgsh_order_operate.html?command=get_materiel&rest_code=00105&code=00101007061&supplier_code=00100002&order_time=2023-01-11 HTTP/1.1" 200 424
116.230.105.139 - - [11/Jan/2023:08:51:20 +0800] "GET /xingrg/kc/buy/cgsh_order_operate.html?command=get_materiel&rest_code=00155&code=00101008125&supplier_code=00100005&order_time=2023-01-11 HTTP/1.1" 200 413
116.235.244.242 - - [11/Jan/2023:08:51:26 +0800] "GET /xingrg/all/function/internal_message.html?_=1673398314545&CODE_STATE=getMsg HTTP/1.1" 200 27
116.230.105.139 - - [11/Jan/2023:08:51:30 +0800] "GET /xingrg/kc/buy/cgsh_order_operate.html?command=get_materiel&rest_code=00155&code=00101008096&supplier_code=00100005&order_time=2023-01-11 HTTP/1.1" 200 412
116.230.105.139 - - [11/Jan/2023:08:51:36 +0800] "GET /xingrg/kc/buy/cgsh_order_operate.html?command=get_materiel&rest_code=00155&code=00101008290&supplier_code=00100005&order_time=2023-01-11 HTTP/1.1" 200 416
116.238.139.35 - - [11/Jan/2023:08:51:37 +0800] "GET /xingrg/all/function/internal_message.html?_=1673398317982&CODE_STATE=getMsg HTTP/1.1" 200 27
222.69.192.184 - - [11/Jan/2023:08:51:38 +0800] "GET /xingrg/kc/buy/cgsh_order_operate.html?command=get_materiel&rest_code=00105&code=00101006037&supplier_code=00100002&order_time=2023-01-11 HTTP/1.1" 200 433
180.169.147.146 - - [11/Jan/2023:08:51:38 +0800] "GET /xingrg/all/function/internal_message.html?_=1673398316998&CODE_STATE=getMsg HTTP/1.1" 200 27
116.230.105.139 - - [11/Jan/2023:08:51:42 +0800] "GET /xingrg/all/function/internal_message.html?_=1673398268236&CODE_STATE=getMsg HTTP/1.1" 200 27
116.230.105.139 - - [11/Jan/2023:08:51:42 +0800] "GET /xingrg/check_reg.html?_=1673398268237 HTTP/1.1" 200 22
116.230.105.139 - - [11/Jan/2023:08:51:43 +0800] "GET /xingrg/kc/buy/cgsh_order_operate.html?command=get_materiel&rest_code=00155&code=00101008190&supplier_code=00100005&order_time=2023-01-11 HTTP/1.1" 200 412
222.69.192.184 - - [11/Jan/2023:08:51:44 +0800] "GET /xingrg/all/function/internal_message.html?_=1673398166546&CODE_STATE=getMsg HTTP/1.1" 200 27
116.230.105.139 - - [11/Jan/2023:08:51:49 +0800] "GET /xingrg/kc/buy/cgsh_order_operate.html?command=get_materiel&rest_code=00155&code=00101008379&supplier_code=00100005&order_time=2023-01-11 HTTP/1.1" 200 408
222.69.192.184 - - [11/Jan/2023:08:51:53 +0800] "GET /xingrg/all/function/internal_message.html?_=1673398334076&CODE_STATE=getMsg HTTP/1.1" 200 27
222.69.192.184 - - [11/Jan/2023:08:51:53 +0800] "GET /xingrg/check_reg.html?_=1673398334079 HTTP/1.1" 200 22
116.230.105.139 - - [11/Jan/2023:08:51:54 +0800] "GET /xingrg/kc/buy/cgsh_order_operate.html?command=get_materiel&rest_code=00155&code=00101008361&supplier_code=00100005&order_time=2023-01-11 HTTP/1.1" 200 408
222.69.192.184 - - [11/Jan/2023:08:51:54 +0800] "GET /xingrg/kc/buy/cgsh_order_operate.html?command=get_materiel&rest_code=00105&code=00101007072&supplier_code=00100002&order_time=2023-01-11 HTTP/1.1" 200 413
120.253.135.82 - - [11/Jan/2023:08:51:58 +0800] "GET /xingrg/all/function/internal_message.html?_=1673398149691&CODE_STATE=getMsg HTTP/1.1" 200 27
116.238.139.35 - - [11/Jan/2023:08:51:58 +0800] "POST /xingrg/kc/buy/cgsh_order_operate.html HTTP/1.1" 200 37
116.238.139.35 - - [11/Jan/2023:08:52:02 +0800] "POST /xingrg/kc/buy/cgsh_order_operate.html HTTP/1.1" 200 12
116.230.105.139 - - [11/Jan/2023:08:52:02 +0800] "GET /xingrg/kc/buy/cgsh_order_operate.html?command=get_materiel&rest_code=00155&code=00101008148&supplier_code=00100005&order_time=2023-01-11 HTTP/1.1" 200 416
116.238.139.35 - - [11/Jan/2023:08:52:03 +0800] "GET /xingrg/kc/buy/cgsh_order_info.html?code=212023011102616 HTTP/1.1" 200 64612
116.238.139.35 - - [11/Jan/2023:08:52:04 +0800] "GET /xingrg/javascript/easyui/themes/default/validatebox.css HTTP/1.1" 404 1104
116.238.139.35 - - [11/Jan/2023:08:52:05 +0800] "POST /xingrg/kc/buy/cgsh_order_operate.html HTTP/1.1" 200 7738
116.230.105.139 - - [11/Jan/2023:08:52:08 +0800] "GET /xingrg/kc/buy/cgsh_order_operate.html?command=get_materiel&rest_code=00155&code=00101008264&supplier_code=00100005&order_time=2023-01-11 HTTP/1.1" 200 412
116.238.139.35 - - [11/Jan/2023:08:52:10 +0800] "GET /xingrg/kc/print/load_config.html?kc_code=cgsh HTTP/1.1" 200 1943
116.238.139.35 - - [11/Jan/2023:08:52:10 +0800] "GET /xingrg/kc/print/load_data.html?order_code=212023011102616&kc_code=cgsh&condition= HTTP/1.1" 200 3402
116.230.105.139 - - [11/Jan/2023:08:52:10 +0800] "POST /xingrg/kc/buy/cgsh_order_operate.html HTTP/1.1" 200 2065
114.88.159.190 - - [11/Jan/2023:08:52:13 +0800] "GET /xingrg/all/function/internal_message.html?_=1673397950409&CODE_STATE=getMsg HTTP/1.1" 200 27
116.230.105.139 - - [11/Jan/2023:08:52:15 +0800] "GET /xingrg/kc/buy/cgsh_order_operate.html?command=get_materiel&rest_code=00155&code=00101008024&supplier_code=00100005&order_time=2023-01-11 HTTP/1.1" 200 408
116.230.105.139 - - [11/Jan/2023:08:52:20 +0800] "GET /xingrg/kc/buy/cgsh_order_operate.html?command=get_materiel&rest_code=00155&code=00101008300&supplier_code=00100005&order_time=2023-01-11 HTTP/1.1" 200 412
222.69.192.184 - - [11/Jan/2023:08:52:23 +0800] "POST /xingrg/kc/buy/cgsh_order_operate.html HTTP/1.1" 200 37
116.238.139.35 - - [11/Jan/2023:08:52:24 +0800] "POST /xingrg/all/user/operate.html HTTP/1.1" 200 36
116.238.139.35 - - [11/Jan/2023:08:52:25 +0800] "GET /xingrg/javascript/jquery_easy_ui/themes/default/easyui.css HTTP/1.1" 304 -
116.238.139.35 - - [11/Jan/2023:08:52:25 +0800] "GET /xingrg/javascript/jquery_easy_ui/themes/icon.css HTTP/1.1" 304 -
116.238.139.35 - - [11/Jan/2023:08:52:25 +0800] "GET /xingrg/css/form.css HTTP/1.1" 304 -
116.238.139.35 - - [11/Jan/2023:08:52:25 +0800] "GET /xingrg/javascript/jquery-1.4.2.min.js HTTP/1.1" 304 -
116.238.139.35 - - [11/Jan/2023:08:52:25 +0800] "GET /xingrg/javascript/jquery_easy_ui/jquery.easyui.min.js HTTP/1.1" 304 -
116.238.139.35 - - [11/Jan/2023:08:52:25 +0800] "GET /xingrg/javascript/jquery_easy_ui/easyui-lang-zh_CN.js HTTP/1.1" 304 -
116.238.139.35 - - [11/Jan/2023:08:52:25 +0800] "GET /xingrg/javascript/jquery.form.js HTTP/1.1" 304 -
116.238.139.35 - - [11/Jan/2023:08:52:25 +0800] "GET /xingrg/javascript/jquery.utils.js HTTP/1.1" 304 -
116.238.139.35 - - [11/Jan/2023:08:52:25 +0800] "GET /xingrg/javascript/jquery.timers.js HTTP/1.1" 304 -
116.238.139.35 - - [11/Jan/2023:08:52:25 +0800] "GET /xingrg/images/blue/jxLogo.png HTTP/1.1" 304 -
116.238.139.35 - - [11/Jan/2023:08:52:25 +0800] "GET /xingrg/javascript/jquery_easy_ui/themes/icons/settle_new.png HTTP/1.1" 304 -
116.238.139.35 - - [11/Jan/2023:08:52:25 +0800] "GET /xingrg/images/blue/navBackgound.jpg HTTP/1.1" 304 -
116.238.139.35 - - [11/Jan/2023:08:52:25 +0800] "GET /xingrg/index.html?sysBaseUrl=http%3A%2F%2F180.169.147.146%3A18081%2Fxingrg%2F&costTime=44×tamp=1673313125974 HTTP/1.1" 200 17177
116.238.139.35 - - [11/Jan/2023:08:52:25 +0800] "POST /xingrg/all/common/load_tree.html?tree=area_rest_tree_json&manage=1 HTTP/1.1" 200 476
116.238.139.35 - - [11/Jan/2023:08:52:25 +0800] "GET /xingrg/all/function/internal_message.html?_=1673398365861&CODE_STATE=count HTTP/1.1" 200 11
116.238.139.35 - - [11/Jan/2023:08:52:25 +0800] "GET /xingrg/check_reg.html?_=1673398365863 HTTP/1.1" 200 22
116.238.139.35 - - [11/Jan/2023:08:52:25 +0800] "POST /xingrg/load_menu.html HTTP/1.1" 200 5138
116.235.244.242 - - [11/Jan/2023:08:52:26 +0800] "GET /xingrg/all/function/internal_message.html?_=1673398374553&CODE_STATE=getMsg HTTP/1.1" 200 27
116.230.105.139 - - [11/Jan/2023:08:52:26 +0800] "GET /xingrg/kc/buy/cgsh_order_operate.html?command=get_materiel&rest_code=00155&code=00101008655&supplier_code=00100005&order_time=2023-01-11 HTTP/1.1" 200 408
222.69.192.184 - - [11/Jan/2023:08:52:29 +0800] "POST /xingrg/kc/buy/cgsh_order_operate.html HTTP/1.1" 200 3844
116.238.139.35 - - [11/Jan/2023:08:52:31 +0800] "GET /xingrg/kc/buy/cgsh_order_list.html HTTP/1.1" 200 53942
222.69.192.184 - - [11/Jan/2023:08:52:32 +0800] "GET /xingrg/kc/print/load_config.html?kc_code=cgsh HTTP/1.1" 200 1943
222.69.192.184 - - [11/Jan/2023:08:52:32 +0800] "GET /xingrg/kc/print/load_data.html?order_code=212023011102617&kc_code=cgsh&condition= HTTP/1.1" 200 1197
116.238.139.35 - - [11/Jan/2023:08:52:32 +0800] "POST /xingrg/kc/buy/cgsh_list_operate.html HTTP/1.1" 200 986
116.238.139.35 - - [11/Jan/2023:08:52:35 +0800] "GET /xingrg/kc/buy/cgsh_order_add.html HTTP/1.1" 200 69317
116.238.139.35 - - [11/Jan/2023:08:52:35 +0800] "GET /xingrg/all/common/auto_word.html?type=employee&rest_code=00151 HTTP/1.1" 200 293
116.238.139.35 - - [11/Jan/2023:08:52:35 +0800] "GET /xingrg/javascript/easyui/themes/default/validatebox.css HTTP/1.1" 404 1104
116.238.139.35 - - [11/Jan/2023:08:52:35 +0800] "GET /xingrg/all/common/auto_word.html?type=employee&rest_code=00151 HTTP/1.1" 200 293
116.238.139.35 - - [11/Jan/2023:08:52:35 +0800] "POST /xingrg/kc/buy/cgsh_order_operate.html HTTP/1.1" 200 8245
116.230.105.139 - - [11/Jan/2023:08:52:36 +0800] "GET /xingrg/kc/buy/cgsh_order_operate.html?command=get_materiel&rest_code=00155&code=00101008360&supplier_code=00100005&order_time=2023-01-11 HTTP/1.1" 200 428
116.238.139.35 - - [11/Jan/2023:08:52:38 +0800] "GET /xingrg/javascript/auto/indicator.gif HTTP/1.1" 404 1066
180.169.147.146 - - [11/Jan/2023:08:52:38 +0800] "GET /xingrg/all/function/internal_message.html?_=1673398376970&CODE_STATE=getMsg HTTP/1.1" 200 27
116.230.105.139 - - [11/Jan/2023:08:52:42 +0800] "GET /xingrg/all/function/internal_message.html?_=1673398328251&CODE_STATE=getMsg HTTP/1.1" 200 27
116.230.105.139 - - [11/Jan/2023:08:52:43 +0800] "GET /xingrg/kc/buy/cgsh_order_operate.html?command=get_materiel&rest_code=00155&code=00101008196&supplier_code=00100005&order_time=2023-01-11 HTTP/1.1" 200 416
222.69.192.184 - - [11/Jan/2023:08:52:44 +0800] "GET /xingrg/all/function/internal_message.html?_=1673398226552&CODE_STATE=getMsg HTTP/1.1" 200 27
116.230.105.139 - - [11/Jan/2023:08:52:45 +0800] "POST /xingrg/kc/buy/cgsh_order_operate.html HTTP/1.1" 200 2065
116.230.105.139 - - [11/Jan/2023:08:52:49 +0800] "GET /xingrg/kc/buy/cgsh_order_operate.html?command=get_materiel&rest_code=00155&code=00101008197&supplier_code=00100005&order_time=2023-01-11 HTTP/1.1" 200 417
116.238.139.35 - - [11/Jan/2023:08:52:50 +0800] "GET /xingrg/kc/buy/cgsh_order_operate.html?command=get_materiel&rest_code=00151&code=00101008084&supplier_code=00100096&order_time=2023-01-11 HTTP/1.1" 200 412
222.69.192.184 - - [11/Jan/2023:08:52:53 +0800] "GET /xingrg/all/function/internal_message.html?_=1673398394079&CODE_STATE=getMsg HTTP/1.1" 200 27
116.230.105.139 - - [11/Jan/2023:08:52:56 +0800] "GET /xingrg/kc/buy/cgsh_order_operate.html?command=get_materiel&rest_code=00155&code=00101008238&supplier_code=00100005&order_time=2023-01-11 HTTP/1.1" 200 416
120.253.135.82 - - [11/Jan/2023:08:52:58 +0800] "GET /xingrg/all/function/internal_message.html?_=1673398209817&CODE_STATE=getMsg HTTP/1.1" 200 27
116.230.105.139 - - [11/Jan/2023:08:53:02 +0800] "GET /xingrg/kc/buy/cgsh_order_operate.html?command=get_materiel&rest_code=00155&code=00101008357&supplier_code=00100005&order_time=2023-01-11 HTTP/1.1" 200 408
116.230.105.139 - - [11/Jan/2023:08:53:09 +0800] "GET /xingrg/kc/buy/cgsh_order_operate.html?command=get_materiel&rest_code=00155&code=00101008230&supplier_code=00100005&order_time=2023-01-11 HTTP/1.1" 200 408
114.88.159.190 - - [11/Jan/2023:08:53:13 +0800] "GET /xingrg/all/function/internal_message.html?_=1673398010408&CODE_STATE=getMsg HTTP/1.1" 200 27
116.230.105.139 - - [11/Jan/2023:08:53:17 +0800] "GET /xingrg/kc/buy/cgsh_order_operate.html?command=get_materiel&rest_code=00155&code=00101008069&supplier_code=00100005&order_time=2023-01-11 HTTP/1.1" 200 412
116.238.139.35 - - [11/Jan/2023:08:53:17 +0800] "GET /xingrg/kc/buy/cgsh_order_operate.html?command=get_materiel&rest_code=00151&code=00101016025&supplier_code=00100096&order_time=2023-01-11 HTTP/1.1" 200 408
116.230.105.139 - - [11/Jan/2023:08:53:20 +0800] "POST /xingrg/kc/buy/cgsh_order_operate.html HTTP/1.1" 200 2065
116.238.139.35 - - [11/Jan/2023:08:53:25 +0800] "GET /xingrg/all/function/internal_message.html?_=1673398425874&CODE_STATE=getMsg HTTP/1.1" 200 27
116.235.244.242 - - [11/Jan/2023:08:53:27 +0800] "GET /xingrg/all/function/internal_message.html?_=1673398434910&CODE_STATE=getMsg HTTP/1.1" 200 27
116.238.139.35 - - [11/Jan/2023:08:53:27 +0800] "GET /xingrg/kc/buy/cgsh_order_operate.html?command=get_materiel&rest_code=00151&code=00101006088&supplier_code=00100096&order_time=2023-01-11 HTTP/1.1" 200 409
116.230.105.139 - - [11/Jan/2023:08:53:30 +0800] "GET /xingrg/kc/buy/cgsh_order_operate.html?command=get_materiel&rest_code=00155&code=00101008006&supplier_code=00100005&order_time=2023-01-11 HTTP/1.1" 200 416
116.235.244.242 - - [11/Jan/2023:08:53:31 +0800] "GET /xingrg/check_reg.html?_=1673398439667 HTTP/1.1" 200 22
116.230.105.139 - - [11/Jan/2023:08:53:38 +0800] "GET /xingrg/kc/buy/cgsh_order_operate.html?command=get_materiel&rest_code=00155&code=00101008036&supplier_code=00100005&order_time=2023-01-11 HTTP/1.1" 200 423
180.169.147.146 - - [11/Jan/2023:08:53:38 +0800] "GET /xingrg/all/function/internal_message.html?_=1673398436948&CODE_STATE=getMsg HTTP/1.1" 200 27
116.230.105.139 - - [11/Jan/2023:08:53:42 +0800] "GET /xingrg/all/function/internal_message.html?_=1673398388262&CODE_STATE=getMsg HTTP/1.1" 200 27
116.238.139.35 - - [11/Jan/2023:08:53:43 +0800] "GET /xingrg/kc/buy/cgsh_order_operate.html?command=get_materiel&rest_code=00151&code=00101006112&supplier_code=00100096&order_time=2023-01-11 HTTP/1.1" 200 425
116.230.105.139 - - [11/Jan/2023:08:53:43 +0800] "GET /xingrg/kc/buy/cgsh_order_operate.html?command=get_materiel&rest_code=00155&code=00101008131&supplier_code=00100005&order_time=2023-01-11 HTTP/1.1" 200 408
222.69.192.184 - - [11/Jan/2023:08:53:44 +0800] "GET /xingrg/all/function/internal_message.html?_=1673398286556&CODE_STATE=getMsg HTTP/1.1" 200 27
116.230.105.139 - - [11/Jan/2023:08:53:50 +0800] "GET /xingrg/kc/buy/cgsh_order_operate.html?command=get_materiel&rest_code=00155&code=00101008279&supplier_code=00100005&order_time=2023-01-11 HTTP/1.1" 200 412
116.238.139.35 - - [11/Jan/2023:08:53:52 +0800] "GET /xingrg/kc/buy/cgsh_order_operate.html?command=get_materiel&rest_code=00151&code=00101006109&supplier_code=00100096&order_time=2023-01-11 HTTP/1.1" 200 425
222.69.192.184 - - [11/Jan/2023:08:53:53 +0800] "GET /xingrg/all/function/internal_message.html?_=1673398454079&CODE_STATE=getMsg HTTP/1.1" 200 27
116.230.105.139 - - [11/Jan/2023:08:53:58 +0800] "GET /xingrg/kc/buy/cgsh_order_operate.html?command=get_materiel&rest_code=00155&code=00101008318&supplier_code=00100005&order_time=2023-01-11 HTTP/1.1" 200 408
120.253.135.82 - - [11/Jan/2023:08:53:58 +0800] "GET /xingrg/all/function/internal_message.html?_=1673398269827&CODE_STATE=getMsg HTTP/1.1" 200 27
116.230.105.139 - - [11/Jan/2023:08:53:59 +0800] "POST /xingrg/kc/buy/cgsh_order_operate.html HTTP/1.1" 200 2065
123.160.221.21 - - [11/Jan/2023:08:54:02 +0800] "îêI²ù¼™iÀYûøºe-ƒUd]·b8´gÆÝ9dZ8f gÁi³öò˰©NÖ½•g|püé