116.238.139.35 - - [11/Jan/2023:06:13:41 +0800] "GET /xingrg/all/function/internal_message.html?_=1673388841541&CODE_STATE=getMsg HTTP/1.1" 200 27
222.69.192.184 - - [11/Jan/2023:06:13:53 +0800] "GET /xingrg/all/function/internal_message.html?_=1673388854020&CODE_STATE=getMsg HTTP/1.1" 200 27
222.70.177.10 - - [11/Jan/2023:06:13:58 +0800] "GET /xingrg/all/function/internal_message.html?_=1673388856156&CODE_STATE=getMsg HTTP/1.1" 200 27
222.70.177.10 - - [11/Jan/2023:06:13:58 +0800] "GET /xingrg/check_reg.html?_=1673388856158 HTTP/1.1" 200 22
114.84.81.136 - - [11/Jan/2023:06:14:07 +0800] "GET /xingrg/all/function/internal_message.html?_=1673388867750&CODE_STATE=getMsg HTTP/1.1" 200 27
120.253.135.82 - - [11/Jan/2023:06:14:08 +0800] "GET /xingrg/check_reg.html?_=1673388680617 HTTP/1.1" 200 22
120.253.135.82 - - [11/Jan/2023:06:14:11 +0800] "GET /xingrg/all/function/internal_message.html?_=1673388683909&CODE_STATE=getMsg HTTP/1.1" 200 27
114.88.159.190 - - [11/Jan/2023:06:14:12 +0800] "GET /xingrg/all/function/internal_message.html?_=1673388469957&CODE_STATE=getMsg HTTP/1.1" 200 27
114.88.159.190 - - [11/Jan/2023:06:14:12 +0800] "GET /xingrg/check_reg.html?_=1673388469958 HTTP/1.1" 200 22
116.238.139.35 - - [11/Jan/2023:06:14:13 +0800] "GET /xingrg/all/function/internal_message.html?_=1673388785045&CODE_STATE=getMsg HTTP/1.1" 200 27
116.230.105.139 - - [11/Jan/2023:06:14:16 +0800] "GET /xingrg/all/function/internal_message.html?_=1673388822173&CODE_STATE=getMsg HTTP/1.1" 200 27
116.230.105.139 - - [11/Jan/2023:06:14:16 +0800] "GET /xingrg/check_reg.html?_=1673388822175 HTTP/1.1" 200 22
116.235.244.242 - - [11/Jan/2023:06:14:31 +0800] "GET /xingrg/all/function/internal_message.html?_=1673388898786&CODE_STATE=getMsg HTTP/1.1" 200 27
180.169.147.146 - - [11/Jan/2023:06:14:38 +0800] "GET /xingrg/all/function/internal_message.html?_=1673388897253&CODE_STATE=getMsg HTTP/1.1" 200 27
116.238.139.35 - - [11/Jan/2023:06:14:41 +0800] "GET /xingrg/all/function/internal_message.html?_=1673388901513&CODE_STATE=getMsg HTTP/1.1" 200 27
222.69.192.184 - - [11/Jan/2023:06:14:53 +0800] "GET /xingrg/all/function/internal_message.html?_=1673388914035&CODE_STATE=getMsg HTTP/1.1" 200 27
222.70.177.10 - - [11/Jan/2023:06:14:58 +0800] "GET /xingrg/all/function/internal_message.html?_=1673388916184&CODE_STATE=getMsg HTTP/1.1" 200 27
116.238.139.35 - - [11/Jan/2023:06:15:05 +0800] "GET /xingrg/check_reg.html?_=1673388925774 HTTP/1.1" 200 22
116.238.139.35 - - [11/Jan/2023:06:15:06 +0800] "GET /xingrg/check_reg.html?_=1673388837842 HTTP/1.1" 200 22
114.84.81.136 - - [11/Jan/2023:06:15:07 +0800] "GET /xingrg/all/function/internal_message.html?_=1673388927722&CODE_STATE=getMsg HTTP/1.1" 200 27
120.253.135.82 - - [11/Jan/2023:06:15:11 +0800] "GET /xingrg/all/function/internal_message.html?_=1673388743923&CODE_STATE=getMsg HTTP/1.1" 200 27
114.88.159.190 - - [11/Jan/2023:06:15:12 +0800] "GET /xingrg/all/function/internal_message.html?_=1673388529956&CODE_STATE=getMsg HTTP/1.1" 200 27
116.238.139.35 - - [11/Jan/2023:06:15:13 +0800] "GET /xingrg/all/function/internal_message.html?_=1673388845050&CODE_STATE=getMsg HTTP/1.1" 200 27
116.230.105.139 - - [11/Jan/2023:06:15:16 +0800] "GET /xingrg/all/function/internal_message.html?_=1673388882176&CODE_STATE=getMsg HTTP/1.1" 200 27
120.253.135.82 - - [11/Jan/2023:06:15:18 +0800] "POST /xingrg/kc/pszx/mdps_list_operate.html HTTP/1.1" 200 4297
120.253.135.82 - - [11/Jan/2023:06:15:20 +0800] "POST /xingrg/kc/pszx/mdps_list_operate.html HTTP/1.1" 200 204
114.84.81.136 - - [11/Jan/2023:06:15:24 +0800] "GET /xingrg/check_reg.html?_=1673388945056 HTTP/1.1" 200 22
172.20.0.100 - - [11/Jan/2023:06:15:27 +0800] "GET /xingrg/check_reg.html?_=1673388945159 HTTP/1.1" 200 22
116.235.244.242 - - [11/Jan/2023:06:15:31 +0800] "GET /xingrg/all/function/internal_message.html?_=1673388958802&CODE_STATE=getMsg HTTP/1.1" 200 27
120.253.135.82 - - [11/Jan/2023:06:15:34 +0800] "GET /xingrg/kc/pszx/mdps_order_info.html?code=312023011000158 HTTP/1.1" 200 23978
120.253.135.82 - - [11/Jan/2023:06:15:35 +0800] "GET /xingrg/javascript/easyui/themes/default/validatebox.css HTTP/1.1" 404 1104
120.253.135.82 - - [11/Jan/2023:06:15:35 +0800] "POST /xingrg/kc/pszx/mdps_order_operate.html HTTP/1.1" 200 2280
120.253.135.82 - - [11/Jan/2023:06:15:37 +0800] "POST /xingrg/kc/pszx/mdps_list_operate.html HTTP/1.1" 200 4297
180.169.147.146 - - [11/Jan/2023:06:15:38 +0800] "GET /xingrg/check_reg.html?_=1673388956969 HTTP/1.1" 200 22
120.253.135.82 - - [11/Jan/2023:06:15:38 +0800] "POST /xingrg/kc/pszx/mdps_list_operate.html HTTP/1.1" 200 290
180.169.147.146 - - [11/Jan/2023:06:15:38 +0800] "GET /xingrg/all/function/internal_message.html?_=1673388957249&CODE_STATE=getMsg HTTP/1.1" 200 27
116.238.139.35 - - [11/Jan/2023:06:15:41 +0800] "GET /xingrg/all/function/internal_message.html?_=1673388961486&CODE_STATE=getMsg HTTP/1.1" 200 27
120.253.135.82 - - [11/Jan/2023:06:15:44 +0800] "GET /xingrg/kc/pszx/mdps_order_info.html?code=312023011000155 HTTP/1.1" 200 23978
120.253.135.82 - - [11/Jan/2023:06:15:44 +0800] "GET /xingrg/javascript/easyui/themes/default/validatebox.css HTTP/1.1" 404 1104
120.253.135.82 - - [11/Jan/2023:06:15:44 +0800] "POST /xingrg/kc/pszx/mdps_order_operate.html HTTP/1.1" 200 2791
120.253.135.82 - - [11/Jan/2023:06:15:47 +0800] "POST /xingrg/kc/pszx/mdps_list_operate.html HTTP/1.1" 200 4297
120.253.135.82 - - [11/Jan/2023:06:15:49 +0800] "POST /xingrg/kc/pszx/mdps_list_operate.html HTTP/1.1" 200 611
120.253.135.82 - - [11/Jan/2023:06:15:51 +0800] "GET /xingrg/kc/pszx/mdps_order_info.html?code=312023011000154 HTTP/1.1" 200 23978
120.253.135.82 - - [11/Jan/2023:06:15:52 +0800] "GET /xingrg/javascript/easyui/themes/default/validatebox.css HTTP/1.1" 404 1104
120.253.135.82 - - [11/Jan/2023:06:15:52 +0800] "POST /xingrg/kc/pszx/mdps_order_operate.html HTTP/1.1" 200 16365
222.69.192.184 - - [11/Jan/2023:06:15:53 +0800] "GET /xingrg/all/function/internal_message.html?_=1673388974020&CODE_STATE=getMsg HTTP/1.1" 200 27
222.70.177.10 - - [11/Jan/2023:06:15:58 +0800] "GET /xingrg/all/function/internal_message.html?_=1673388976182&CODE_STATE=getMsg HTTP/1.1" 200 27
114.84.81.136 - - [11/Jan/2023:06:16:07 +0800] "GET /xingrg/all/function/internal_message.html?_=1673388987693&CODE_STATE=getMsg HTTP/1.1" 200 27
58.221.95.50 - - [11/Jan/2023:06:16:10 +0800] "GET /xingrg/check_reg.html?_=1673388989982 HTTP/1.1" 302 -
120.253.135.82 - - [11/Jan/2023:06:16:11 +0800] "GET /xingrg/all/function/internal_message.html?_=1673388803937&CODE_STATE=getMsg HTTP/1.1" 200 27
114.88.159.190 - - [11/Jan/2023:06:16:12 +0800] "GET /xingrg/all/function/internal_message.html?_=1673388589971&CODE_STATE=getMsg HTTP/1.1" 200 27
116.238.139.35 - - [11/Jan/2023:06:16:13 +0800] "GET /xingrg/all/function/internal_message.html?_=1673388905062&CODE_STATE=getMsg HTTP/1.1" 200 27
116.230.105.139 - - [11/Jan/2023:06:16:16 +0800] "GET /xingrg/all/function/internal_message.html?_=1673388942177&CODE_STATE=getMsg HTTP/1.1" 200 27
116.235.244.242 - - [11/Jan/2023:06:16:31 +0800] "GET /xingrg/all/function/internal_message.html?_=1673389019229&CODE_STATE=getMsg HTTP/1.1" 200 27
180.169.147.146 - - [11/Jan/2023:06:16:38 +0800] "GET /xingrg/all/function/internal_message.html?_=1673389017247&CODE_STATE=getMsg HTTP/1.1" 200 27
116.238.139.35 - - [11/Jan/2023:06:16:41 +0800] "GET /xingrg/all/function/internal_message.html?_=1673389021474&CODE_STATE=getMsg HTTP/1.1" 200 27
222.69.192.184 - - [11/Jan/2023:06:16:53 +0800] "GET /xingrg/all/function/internal_message.html?_=1673389034020&CODE_STATE=getMsg HTTP/1.1" 200 27
222.69.192.184 - - [11/Jan/2023:06:16:53 +0800] "GET /xingrg/check_reg.html?_=1673389034023 HTTP/1.1" 200 22
222.70.177.10 - - [11/Jan/2023:06:16:58 +0800] "GET /xingrg/all/function/internal_message.html?_=1673389036185&CODE_STATE=getMsg HTTP/1.1" 200 27
114.84.81.136 - - [11/Jan/2023:06:17:07 +0800] "GET /xingrg/all/function/internal_message.html?_=1673389047679&CODE_STATE=getMsg HTTP/1.1" 200 27
120.253.135.82 - - [11/Jan/2023:06:17:11 +0800] "GET /xingrg/all/function/internal_message.html?_=1673388864129&CODE_STATE=getMsg HTTP/1.1" 200 27
114.88.159.190 - - [11/Jan/2023:06:17:12 +0800] "GET /xingrg/all/function/internal_message.html?_=1673388649969&CODE_STATE=getMsg HTTP/1.1" 200 27
116.238.139.35 - - [11/Jan/2023:06:17:13 +0800] "GET /xingrg/all/function/internal_message.html?_=1673388965085&CODE_STATE=getMsg HTTP/1.1" 200 27
116.230.105.139 - - [11/Jan/2023:06:17:16 +0800] "GET /xingrg/all/function/internal_message.html?_=1673389002184&CODE_STATE=getMsg HTTP/1.1" 200 27
116.235.244.242 - - [11/Jan/2023:06:17:31 +0800] "GET /xingrg/all/function/internal_message.html?_=1673389079233&CODE_STATE=getMsg HTTP/1.1" 200 27
180.169.147.146 - - [11/Jan/2023:06:17:38 +0800] "GET /xingrg/all/function/internal_message.html?_=1673389077223&CODE_STATE=getMsg HTTP/1.1" 200 27
116.238.139.35 - - [11/Jan/2023:06:17:40 +0800] "GET /xingrg/all/function/internal_message.html?_=1673389081444&CODE_STATE=getMsg HTTP/1.1" 200 27
222.69.192.184 - - [11/Jan/2023:06:17:53 +0800] "GET /xingrg/all/function/internal_message.html?_=1673389094022&CODE_STATE=getMsg HTTP/1.1" 200 27
222.70.177.10 - - [11/Jan/2023:06:17:58 +0800] "GET /xingrg/all/function/internal_message.html?_=1673389096181&CODE_STATE=getMsg HTTP/1.1" 200 27
114.84.81.136 - - [11/Jan/2023:06:18:07 +0800] "GET /xingrg/all/function/internal_message.html?_=1673389107665&CODE_STATE=getMsg HTTP/1.1" 200 27
120.253.135.82 - - [11/Jan/2023:06:18:11 +0800] "GET /xingrg/all/function/internal_message.html?_=1673388924135&CODE_STATE=getMsg HTTP/1.1" 200 27
114.88.159.190 - - [11/Jan/2023:06:18:12 +0800] "GET /xingrg/all/function/internal_message.html?_=1673388709968&CODE_STATE=getMsg HTTP/1.1" 200 27
116.238.139.35 - - [11/Jan/2023:06:18:13 +0800] "GET /xingrg/all/function/internal_message.html?_=1673389025091&CODE_STATE=getMsg HTTP/1.1" 200 27
116.230.105.139 - - [11/Jan/2023:06:18:16 +0800] "GET /xingrg/all/function/internal_message.html?_=1673389062188&CODE_STATE=getMsg HTTP/1.1" 200 27
116.235.244.242 - - [11/Jan/2023:06:18:29 +0800] "GET /xingrg/check_reg.html?_=1673389137047 HTTP/1.1" 200 22
116.235.244.242 - - [11/Jan/2023:06:18:31 +0800] "GET /xingrg/all/function/internal_message.html?_=1673389139246&CODE_STATE=getMsg HTTP/1.1" 200 27
180.169.147.146 - - [11/Jan/2023:06:18:38 +0800] "GET /xingrg/all/function/internal_message.html?_=1673389137220&CODE_STATE=getMsg HTTP/1.1" 200 27
116.238.139.35 - - [11/Jan/2023:06:18:40 +0800] "GET /xingrg/all/function/internal_message.html?_=1673389141418&CODE_STATE=getMsg HTTP/1.1" 200 27
222.69.192.184 - - [11/Jan/2023:06:18:53 +0800] "GET /xingrg/all/function/internal_message.html?_=1673389154022&CODE_STATE=getMsg HTTP/1.1" 200 27
222.70.177.10 - - [11/Jan/2023:06:18:58 +0800] "GET /xingrg/all/function/internal_message.html?_=1673389156184&CODE_STATE=getMsg HTTP/1.1" 200 27
222.70.177.10 - - [11/Jan/2023:06:18:58 +0800] "GET /xingrg/check_reg.html?_=1673389156187 HTTP/1.1" 200 22
114.84.81.136 - - [11/Jan/2023:06:19:07 +0800] "GET /xingrg/all/function/internal_message.html?_=1673389167649&CODE_STATE=getMsg HTTP/1.1" 200 27
120.253.135.82 - - [11/Jan/2023:06:19:08 +0800] "GET /xingrg/check_reg.html?_=1673388980627 HTTP/1.1" 200 22
120.253.135.82 - - [11/Jan/2023:06:19:11 +0800] "GET /xingrg/all/function/internal_message.html?_=1673388984148&CODE_STATE=getMsg HTTP/1.1" 200 27
114.88.159.190 - - [11/Jan/2023:06:19:12 +0800] "GET /xingrg/check_reg.html?_=1673388769966 HTTP/1.1" 200 22
114.88.159.190 - - [11/Jan/2023:06:19:12 +0800] "GET /xingrg/all/function/internal_message.html?_=1673388769967&CODE_STATE=getMsg HTTP/1.1" 200 27
116.238.139.35 - - [11/Jan/2023:06:19:13 +0800] "GET /xingrg/all/function/internal_message.html?_=1673389085113&CODE_STATE=getMsg HTTP/1.1" 200 27
116.230.105.139 - - [11/Jan/2023:06:19:16 +0800] "GET /xingrg/check_reg.html?_=1673389122164 HTTP/1.1" 200 22
116.230.105.139 - - [11/Jan/2023:06:19:16 +0800] "GET /xingrg/all/function/internal_message.html?_=1673389122166&CODE_STATE=getMsg HTTP/1.1" 200 27
120.253.135.82 - - [11/Jan/2023:06:19:18 +0800] "POST /xingrg/kc/pszx/mdps_list_operate.html HTTP/1.1" 200 4297
120.253.135.82 - - [11/Jan/2023:06:19:22 +0800] "POST /xingrg/kc/pszx/mdps_list_operate.html HTTP/1.1" 200 290
120.253.135.82 - - [11/Jan/2023:06:19:23 +0800] "POST /xingrg/kc/pszx/mdps_list_operate.html HTTP/1.1" 200 611
120.253.135.82 - - [11/Jan/2023:06:19:25 +0800] "POST /xingrg/kc/pszx/mdps_list_operate.html HTTP/1.1" 200 633
120.253.135.82 - - [11/Jan/2023:06:19:26 +0800] "GET /xingrg/kc/pszx/mdps_order_info.html?code=312023011000153 HTTP/1.1" 200 23978
120.253.135.82 - - [11/Jan/2023:06:19:27 +0800] "GET /xingrg/javascript/easyui/themes/default/validatebox.css HTTP/1.1" 404 1104
120.253.135.82 - - [11/Jan/2023:06:19:27 +0800] "POST /xingrg/kc/pszx/mdps_order_operate.html HTTP/1.1" 200 7964
116.235.244.242 - - [11/Jan/2023:06:19:31 +0800] "GET /xingrg/all/function/internal_message.html?_=1673389199260&CODE_STATE=getMsg HTTP/1.1" 200 27
120.253.135.82 - - [11/Jan/2023:06:19:38 +0800] "POST /xingrg/kc/pszx/mdps_list_operate.html HTTP/1.1" 200 4297
180.169.147.146 - - [11/Jan/2023:06:19:38 +0800] "GET /xingrg/all/function/internal_message.html?_=1673389197218&CODE_STATE=getMsg HTTP/1.1" 200 27
116.238.139.35 - - [11/Jan/2023:06:19:40 +0800] "GET /xingrg/all/function/internal_message.html?_=1673389201388&CODE_STATE=getMsg HTTP/1.1" 200 27
120.253.135.82 - - [11/Jan/2023:06:19:41 +0800] "POST /xingrg/kc/pszx/mdps_list_operate.html HTTP/1.1" 200 633
120.253.135.82 - - [11/Jan/2023:06:19:43 +0800] "POST /xingrg/kc/pszx/mdps_list_operate.html HTTP/1.1" 200 603
120.253.135.82 - - [11/Jan/2023:06:19:45 +0800] "GET /xingrg/kc/pszx/mdps_order_info.html?code=312023011000140 HTTP/1.1" 200 23978
120.253.135.82 - - [11/Jan/2023:06:19:45 +0800] "GET /xingrg/javascript/easyui/themes/default/validatebox.css HTTP/1.1" 404 1104
120.253.135.82 - - [11/Jan/2023:06:19:45 +0800] "POST /xingrg/kc/pszx/mdps_order_operate.html HTTP/1.1" 200 23347
222.69.192.184 - - [11/Jan/2023:06:19:53 +0800] "GET /xingrg/all/function/internal_message.html?_=1673389214022&CODE_STATE=getMsg HTTP/1.1" 200 27
222.70.177.10 - - [11/Jan/2023:06:19:58 +0800] "GET /xingrg/all/function/internal_message.html?_=1673389216174&CODE_STATE=getMsg HTTP/1.1" 200 27
116.238.139.35 - - [11/Jan/2023:06:20:05 +0800] "GET /xingrg/check_reg.html?_=1673389225791 HTTP/1.1" 200 22
116.238.139.35 - - [11/Jan/2023:06:20:06 +0800] "GET /xingrg/check_reg.html?_=1673389137850 HTTP/1.1" 200 22
114.84.81.136 - - [11/Jan/2023:06:20:07 +0800] "GET /xingrg/all/function/internal_message.html?_=1673389227634&CODE_STATE=getMsg HTTP/1.1" 200 27
120.253.135.82 - - [11/Jan/2023:06:20:11 +0800] "GET /xingrg/all/function/internal_message.html?_=1673389044162&CODE_STATE=getMsg HTTP/1.1" 200 27
114.88.159.190 - - [11/Jan/2023:06:20:12 +0800] "GET /xingrg/all/function/internal_message.html?_=1673388829966&CODE_STATE=getMsg HTTP/1.1" 200 27
116.238.139.35 - - [11/Jan/2023:06:20:13 +0800] "GET /xingrg/all/function/internal_message.html?_=1673389145117&CODE_STATE=getMsg HTTP/1.1" 200 27
116.230.105.139 - - [11/Jan/2023:06:20:16 +0800] "GET /xingrg/all/function/internal_message.html?_=1673389182171&CODE_STATE=getMsg HTTP/1.1" 200 27
114.84.81.136 - - [11/Jan/2023:06:20:24 +0800] "GET /xingrg/check_reg.html?_=1673389245064 HTTP/1.1" 200 22
172.20.0.100 - - [11/Jan/2023:06:20:27 +0800] "GET /xingrg/check_reg.html?_=1673389245131 HTTP/1.1" 200 22
116.235.244.242 - - [11/Jan/2023:06:20:31 +0800] "GET /xingrg/all/function/internal_message.html?_=1673389259274&CODE_STATE=getMsg HTTP/1.1" 200 27
180.169.147.146 - - [11/Jan/2023:06:20:38 +0800] "GET /xingrg/check_reg.html?_=1673389256960 HTTP/1.1" 200 22
180.169.147.146 - - [11/Jan/2023:06:20:38 +0800] "GET /xingrg/all/function/internal_message.html?_=1673389257196&CODE_STATE=getMsg HTTP/1.1" 200 27
116.238.139.35 - - [11/Jan/2023:06:20:40 +0800] "GET /xingrg/all/function/internal_message.html?_=1673389261365&CODE_STATE=getMsg HTTP/1.1" 200 27
222.69.192.184 - - [11/Jan/2023:06:20:53 +0800] "GET /xingrg/all/function/internal_message.html?_=1673389274022&CODE_STATE=getMsg HTTP/1.1" 200 27
222.70.177.10 - - [11/Jan/2023:06:20:58 +0800] "GET /xingrg/all/function/internal_message.html?_=1673389276184&CODE_STATE=getMsg HTTP/1.1" 200 27
114.84.81.136 - - [11/Jan/2023:06:21:07 +0800] "GET /xingrg/all/function/internal_message.html?_=1673389287607&CODE_STATE=getMsg HTTP/1.1" 200 27
58.221.95.50 - - [11/Jan/2023:06:21:10 +0800] "GET /xingrg/check_reg.html?_=1673389289967 HTTP/1.1" 302 -
120.253.135.82 - - [11/Jan/2023:06:21:12 +0800] "GET /xingrg/all/function/internal_message.html?_=1673389104355&CODE_STATE=getMsg HTTP/1.1" 200 27
114.88.159.190 - - [11/Jan/2023:06:21:12 +0800] "GET /xingrg/all/function/internal_message.html?_=1673388889991&CODE_STATE=getMsg HTTP/1.1" 200 27
116.238.139.35 - - [11/Jan/2023:06:21:13 +0800] "GET /xingrg/all/function/internal_message.html?_=1673389205131&CODE_STATE=getMsg HTTP/1.1" 200 27
116.230.105.139 - - [11/Jan/2023:06:21:16 +0800] "GET /xingrg/all/function/internal_message.html?_=1673389242161&CODE_STATE=getMsg HTTP/1.1" 200 27
120.253.135.82 - - [11/Jan/2023:06:21:20 +0800] "POST /xingrg/kc/pszx/mdps_list_operate.html HTTP/1.1" 200 4297
116.235.244.242 - - [11/Jan/2023:06:21:32 +0800] "GET /xingrg/all/function/internal_message.html?_=1673389319701&CODE_STATE=getMsg HTTP/1.1" 200 27
180.169.147.146 - - [11/Jan/2023:06:21:38 +0800] "GET /xingrg/all/function/internal_message.html?_=1673389317170&CODE_STATE=getMsg HTTP/1.1" 200 27
116.238.139.35 - - [11/Jan/2023:06:21:40 +0800] "GET /xingrg/all/function/internal_message.html?_=1673389321337&CODE_STATE=getMsg HTTP/1.1" 200 27
222.69.192.184 - - [11/Jan/2023:06:21:53 +0800] "GET /xingrg/all/function/internal_message.html?_=1673389334023&CODE_STATE=getMsg HTTP/1.1" 200 27
222.69.192.184 - - [11/Jan/2023:06:21:53 +0800] "GET /xingrg/check_reg.html?_=1673389334026 HTTP/1.1" 200 22
120.253.135.82 - - [11/Jan/2023:06:21:58 +0800] "POST /xingrg/kc/pszx/mdps_list_operate.html HTTP/1.1" 200 203
222.70.177.10 - - [11/Jan/2023:06:21:58 +0800] "GET /xingrg/all/function/internal_message.html?_=1673389336174&CODE_STATE=getMsg HTTP/1.1" 200 27
120.253.135.82 - - [11/Jan/2023:06:22:00 +0800] "GET /xingrg/kc/pszx/mdps_order_info.html?code=312023011100165 HTTP/1.1" 200 23978
120.253.135.82 - - [11/Jan/2023:06:22:01 +0800] "GET /xingrg/javascript/easyui/themes/default/validatebox.css HTTP/1.1" 404 1104
120.253.135.82 - - [11/Jan/2023:06:22:01 +0800] "POST /xingrg/kc/pszx/mdps_order_operate.html HTTP/1.1" 200 2279
120.253.135.82 - - [11/Jan/2023:06:22:03 +0800] "POST /xingrg/kc/pszx/mdps_list_operate.html HTTP/1.1" 200 4297
120.253.135.82 - - [11/Jan/2023:06:22:05 +0800] "POST /xingrg/kc/pszx/mdps_list_operate.html HTTP/1.1" 200 204
120.253.135.82 - - [11/Jan/2023:06:22:05 +0800] "GET /xingrg/kc/pszx/mdps_order_info.html?code=312023011100163 HTTP/1.1" 200 23978
120.253.135.82 - - [11/Jan/2023:06:22:06 +0800] "GET /xingrg/javascript/easyui/themes/default/validatebox.css HTTP/1.1" 404 1104
120.253.135.82 - - [11/Jan/2023:06:22:06 +0800] "POST /xingrg/kc/pszx/mdps_order_operate.html HTTP/1.1" 200 2274
114.84.81.136 - - [11/Jan/2023:06:22:07 +0800] "GET /xingrg/all/function/internal_message.html?_=1673389347593&CODE_STATE=getMsg HTTP/1.1" 200 27
120.253.135.82 - - [11/Jan/2023:06:22:09 +0800] "POST /xingrg/kc/pszx/mdps_order_operate.html HTTP/1.1" 200 37
120.253.135.82 - - [11/Jan/2023:06:22:10 +0800] "GET /xingrg/kc/pszx/mdps_order_info.html?code=312023011100163 HTTP/1.1" 200 23978
120.253.135.82 - - [11/Jan/2023:06:22:11 +0800] "GET /xingrg/javascript/easyui/themes/default/validatebox.css HTTP/1.1" 404 1104
120.253.135.82 - - [11/Jan/2023:06:22:11 +0800] "POST /xingrg/kc/pszx/mdps_order_operate.html HTTP/1.1" 200 2282
120.253.135.82 - - [11/Jan/2023:06:22:12 +0800] "GET /xingrg/all/function/internal_message.html?_=1673389164361&CODE_STATE=getMsg HTTP/1.1" 200 27
114.88.159.190 - - [11/Jan/2023:06:22:12 +0800] "GET /xingrg/all/function/internal_message.html?_=1673388949989&CODE_STATE=getMsg HTTP/1.1" 200 27
116.238.139.35 - - [11/Jan/2023:06:22:13 +0800] "GET /xingrg/all/function/internal_message.html?_=1673389265154&CODE_STATE=getMsg HTTP/1.1" 200 27
116.230.105.139 - - [11/Jan/2023:06:22:16 +0800] "GET /xingrg/all/function/internal_message.html?_=1673389302173&CODE_STATE=getMsg HTTP/1.1" 200 27
120.253.135.82 - - [11/Jan/2023:06:22:28 +0800] "POST /xingrg/kc/pszx/mdps_order_operate.html HTTP/1.1" 200 37
120.253.135.82 - - [11/Jan/2023:06:22:29 +0800] "GET /xingrg/kc/pszx/mdps_order_info.html?code=312023011100163 HTTP/1.1" 200 23978
120.253.135.82 - - [11/Jan/2023:06:22:29 +0800] "POST /xingrg/kc/pszx/mdps_order_operate.html HTTP/1.1" 200 2281
120.253.135.82 - - [11/Jan/2023:06:22:29 +0800] "GET /xingrg/javascript/easyui/themes/default/validatebox.css HTTP/1.1" 404 1104
120.253.135.82 - - [11/Jan/2023:06:22:31 +0800] "POST /xingrg/kc/pszx/mdps_list_operate.html HTTP/1.1" 200 4297
116.235.244.242 - - [11/Jan/2023:06:22:32 +0800] "GET /xingrg/all/function/internal_message.html?_=1673389379707&CODE_STATE=getMsg HTTP/1.1" 200 27
120.253.135.82 - - [11/Jan/2023:06:22:34 +0800] "POST /xingrg/kc/pszx/mdps_list_operate.html HTTP/1.1" 200 204
180.169.147.146 - - [11/Jan/2023:06:22:38 +0800] "GET /xingrg/all/function/internal_message.html?_=1673389377162&CODE_STATE=getMsg HTTP/1.1" 200 27
116.238.139.35 - - [11/Jan/2023:06:22:40 +0800] "GET /xingrg/all/function/internal_message.html?_=1673389381306&CODE_STATE=getMsg HTTP/1.1" 200 27
120.253.135.82 - - [11/Jan/2023:06:22:42 +0800] "POST /xingrg/kc/pszx/mdps_list_operate.html HTTP/1.1" 200 205
222.69.192.184 - - [11/Jan/2023:06:22:53 +0800] "GET /xingrg/all/function/internal_message.html?_=1673389394025&CODE_STATE=getMsg HTTP/1.1" 200 27
222.70.177.10 - - [11/Jan/2023:06:22:58 +0800] "GET /xingrg/all/function/internal_message.html?_=1673389396185&CODE_STATE=getMsg HTTP/1.1" 200 27
114.84.81.136 - - [11/Jan/2023:06:23:07 +0800] "GET /xingrg/all/function/internal_message.html?_=1673389407580&CODE_STATE=getMsg HTTP/1.1" 200 27
120.253.135.82 - - [11/Jan/2023:06:23:12 +0800] "GET /xingrg/all/function/internal_message.html?_=1673389224556&CODE_STATE=getMsg HTTP/1.1" 200 27
114.88.159.190 - - [11/Jan/2023:06:23:12 +0800] "GET /xingrg/all/function/internal_message.html?_=1673389009986&CODE_STATE=getMsg HTTP/1.1" 200 27
116.238.139.35 - - [11/Jan/2023:06:23:13 +0800] "GET /xingrg/all/function/internal_message.html?_=1673389325158&CODE_STATE=getMsg HTTP/1.1" 200 27
116.230.105.139 - - [11/Jan/2023:06:23:16 +0800] "GET /xingrg/all/function/internal_message.html?_=1673389362163&CODE_STATE=getMsg HTTP/1.1" 200 27
116.235.244.242 - - [11/Jan/2023:06:23:29 +0800] "GET /xingrg/check_reg.html?_=1673389437464 HTTP/1.1" 200 22
116.235.244.242 - - [11/Jan/2023:06:23:32 +0800] "GET /xingrg/all/function/internal_message.html?_=1673389439720&CODE_STATE=getMsg HTTP/1.1" 200 27
180.169.147.146 - - [11/Jan/2023:06:23:38 +0800] "GET /xingrg/all/function/internal_message.html?_=1673389437162&CODE_STATE=getMsg HTTP/1.1" 200 27
116.238.139.35 - - [11/Jan/2023:06:23:40 +0800] "GET /xingrg/all/function/internal_message.html?_=1673389441276&CODE_STATE=getMsg HTTP/1.1" 200 27
222.69.192.184 - - [11/Jan/2023:06:23:53 +0800] "GET /xingrg/all/function/internal_message.html?_=1673389454026&CODE_STATE=getMsg HTTP/1.1" 200 27
222.70.177.10 - - [11/Jan/2023:06:23:58 +0800] "GET /xingrg/all/function/internal_message.html?_=1673389456183&CODE_STATE=getMsg HTTP/1.1" 200 27
222.70.177.10 - - [11/Jan/2023:06:23:58 +0800] "GET /xingrg/check_reg.html?_=1673389456186 HTTP/1.1" 200 22
114.84.81.136 - - [11/Jan/2023:06:24:07 +0800] "GET /xingrg/all/function/internal_message.html?_=1673389467550&CODE_STATE=getMsg HTTP/1.1" 200 27
120.253.135.82 - - [11/Jan/2023:06:24:08 +0800] "GET /xingrg/check_reg.html?_=1673389280628 HTTP/1.1" 200 22
120.253.135.82 - - [11/Jan/2023:06:24:12 +0800] "GET /xingrg/all/function/internal_message.html?_=1673389284560&CODE_STATE=getMsg HTTP/1.1" 200 27
114.88.159.190 - - [11/Jan/2023:06:24:12 +0800] "GET /xingrg/all/function/internal_message.html?_=1673389069985&CODE_STATE=getMsg HTTP/1.1" 200 27
114.88.159.190 - - [11/Jan/2023:06:24:12 +0800] "GET /xingrg/check_reg.html?_=1673389069986 HTTP/1.1" 200 22
116.238.139.35 - - [11/Jan/2023:06:24:13 +0800] "GET /xingrg/all/function/internal_message.html?_=1673389385181&CODE_STATE=getMsg HTTP/1.1" 200 27
116.230.105.139 - - [11/Jan/2023:06:24:16 +0800] "GET /xingrg/all/function/internal_message.html?_=1673389422174&CODE_STATE=getMsg HTTP/1.1" 200 27
116.230.105.139 - - [11/Jan/2023:06:24:16 +0800] "GET /xingrg/check_reg.html?_=1673389422178 HTTP/1.1" 200 22
116.235.244.242 - - [11/Jan/2023:06:24:32 +0800] "GET /xingrg/all/function/internal_message.html?_=1673389499734&CODE_STATE=getMsg HTTP/1.1" 200 27
180.169.147.146 - - [11/Jan/2023:06:24:38 +0800] "GET /xingrg/all/function/internal_message.html?_=1673389497141&CODE_STATE=getMsg HTTP/1.1" 200 27
116.238.139.35 - - [11/Jan/2023:06:24:40 +0800] "GET /xingrg/all/function/internal_message.html?_=1673389501246&CODE_STATE=getMsg HTTP/1.1" 200 27
120.253.135.82 - - [11/Jan/2023:06:24:42 +0800] "POST /xingrg/kc/pszx/mdps_list_operate.html HTTP/1.1" 200 204
120.253.135.82 - - [11/Jan/2023:06:24:44 +0800] "POST /xingrg/kc/pszx/mdps_list_operate.html HTTP/1.1" 200 290
120.253.135.82 - - [11/Jan/2023:06:24:48 +0800] "GET /xingrg/kc/pszx/mdps_order_info.html?code=312023011100163 HTTP/1.1" 200 23978
120.253.135.82 - - [11/Jan/2023:06:24:48 +0800] "GET /xingrg/javascript/easyui/themes/default/validatebox.css HTTP/1.1" 404 1104
120.253.135.82 - - [11/Jan/2023:06:24:48 +0800] "POST /xingrg/kc/pszx/mdps_order_operate.html HTTP/1.1" 200 2281
120.253.135.82 - - [11/Jan/2023:06:24:50 +0800] "GET /xingrg/kc/print/load_data.html?order_code=312023011100163&kc_code=mdps&condition= HTTP/1.1" 200 680
222.69.192.184 - - [11/Jan/2023:06:24:53 +0800] "GET /xingrg/all/function/internal_message.html?_=1673389514026&CODE_STATE=getMsg HTTP/1.1" 200 27
120.253.135.82 - - [11/Jan/2023:06:24:56 +0800] "POST /xingrg/kc/pszx/mdps_list_operate.html HTTP/1.1" 200 4297
120.253.135.82 - - [11/Jan/2023:06:24:57 +0800] "POST /xingrg/kc/pszx/mdps_list_operate.html HTTP/1.1" 200 203
120.253.135.82 - - [11/Jan/2023:06:24:58 +0800] "GET /xingrg/kc/pszx/mdps_order_info.html?code=312023011100165 HTTP/1.1" 200 23978
222.70.177.10 - - [11/Jan/2023:06:24:58 +0800] "GET /xingrg/all/function/internal_message.html?_=1673389516179&CODE_STATE=getMsg HTTP/1.1" 200 27
120.253.135.82 - - [11/Jan/2023:06:24:59 +0800] "GET /xingrg/javascript/easyui/themes/default/validatebox.css HTTP/1.1" 404 1104
120.253.135.82 - - [11/Jan/2023:06:24:59 +0800] "POST /xingrg/kc/pszx/mdps_order_operate.html HTTP/1.1" 200 2279
120.253.135.82 - - [11/Jan/2023:06:25:01 +0800] "GET /xingrg/kc/print/load_data.html?order_code=312023011100165&kc_code=mdps&condition= HTTP/1.1" 200 666
116.238.139.35 - - [11/Jan/2023:06:25:05 +0800] "GET /xingrg/check_reg.html?_=1673389525790 HTTP/1.1" 200 22
116.238.139.35 - - [11/Jan/2023:06:25:06 +0800] "GET /xingrg/check_reg.html?_=1673389437853 HTTP/1.1" 200 22
114.84.81.136 - - [11/Jan/2023:06:25:07 +0800] "GET /xingrg/all/function/internal_message.html?_=1673389527537&CODE_STATE=getMsg HTTP/1.1" 200 27
120.253.135.82 - - [11/Jan/2023:06:25:08 +0800] "POST /xingrg/kc/pszx/mdps_list_operate.html HTTP/1.1" 200 4297
120.253.135.82 - - [11/Jan/2023:06:25:12 +0800] "GET /xingrg/all/function/internal_message.html?_=1673389344573&CODE_STATE=getMsg HTTP/1.1" 200 27
114.88.159.190 - - [11/Jan/2023:06:25:12 +0800] "GET /xingrg/all/function/internal_message.html?_=1673389129984&CODE_STATE=getMsg HTTP/1.1" 200 27
116.238.139.35 - - [11/Jan/2023:06:25:13 +0800] "GET /xingrg/all/function/internal_message.html?_=1673389445185&CODE_STATE=getMsg HTTP/1.1" 200 27
116.230.105.139 - - [11/Jan/2023:06:25:16 +0800] "GET /xingrg/all/function/internal_message.html?_=1673389482176&CODE_STATE=getMsg HTTP/1.1" 200 27
114.84.81.136 - - [11/Jan/2023:06:25:24 +0800] "GET /xingrg/check_reg.html?_=1673389545059 HTTP/1.1" 200 22
172.20.0.100 - - [11/Jan/2023:06:25:27 +0800] "GET /xingrg/check_reg.html?_=1673389545108 HTTP/1.1" 200 22
116.235.244.242 - - [11/Jan/2023:06:25:32 +0800] "GET /xingrg/all/function/internal_message.html?_=1673389559747&CODE_STATE=getMsg HTTP/1.1" 200 27
180.169.147.146 - - [11/Jan/2023:06:25:38 +0800] "GET /xingrg/check_reg.html?_=1673389556947 HTTP/1.1" 200 22
180.169.147.146 - - [11/Jan/2023:06:25:38 +0800] "GET /xingrg/all/function/internal_message.html?_=1673389557135&CODE_STATE=getMsg HTTP/1.1" 200 27
116.238.139.35 - - [11/Jan/2023:06:25:40 +0800] "GET /xingrg/all/function/internal_message.html?_=1673389561227&CODE_STATE=getMsg HTTP/1.1" 200 27
222.69.192.184 - - [11/Jan/2023:06:25:53 +0800] "GET /xingrg/all/function/internal_message.html?_=1673389574026&CODE_STATE=getMsg HTTP/1.1" 200 27
222.70.177.10 - - [11/Jan/2023:06:25:58 +0800] "GET /xingrg/all/function/internal_message.html?_=1673389576182&CODE_STATE=getMsg HTTP/1.1" 200 27
114.84.81.136 - - [11/Jan/2023:06:26:07 +0800] "GET /xingrg/all/function/internal_message.html?_=1673389587536&CODE_STATE=getMsg HTTP/1.1" 200 27
58.221.95.50 - - [11/Jan/2023:06:26:10 +0800] "GET /xingrg/check_reg.html?_=1673389589941 HTTP/1.1" 302 -
120.253.135.82 - - [11/Jan/2023:06:26:12 +0800] "GET /xingrg/all/function/internal_message.html?_=1673389404782&CODE_STATE=getMsg HTTP/1.1" 200 27
114.88.159.190 - - [11/Jan/2023:06:26:12 +0800] "GET /xingrg/all/function/internal_message.html?_=1673389189982&CODE_STATE=getMsg HTTP/1.1" 200 27
116.238.139.35 - - [11/Jan/2023:06:26:13 +0800] "GET /xingrg/all/function/internal_message.html?_=1673389505199&CODE_STATE=getMsg HTTP/1.1" 200 27
116.230.105.139 - - [11/Jan/2023:06:26:16 +0800] "GET /xingrg/all/function/internal_message.html?_=1673389542171&CODE_STATE=getMsg HTTP/1.1" 200 27
120.253.135.82 - - [11/Jan/2023:06:26:32 +0800] "POST /xingrg/kc/pszx/mdps_list_operate.html HTTP/1.1" 200 290
116.235.244.242 - - [11/Jan/2023:06:26:32 +0800] "GET /xingrg/all/function/internal_message.html?_=1673389620193&CODE_STATE=getMsg HTTP/1.1" 200 27
120.253.135.82 - - [11/Jan/2023:06:26:35 +0800] "GET /xingrg/kc/pszx/mdps_order_info.html?code=312023011000155 HTTP/1.1" 200 23978
120.253.135.82 - - [11/Jan/2023:06:26:36 +0800] "POST /xingrg/kc/pszx/mdps_order_operate.html HTTP/1.1" 200 2791
120.253.135.82 - - [11/Jan/2023:06:26:36 +0800] "GET /xingrg/javascript/easyui/themes/default/validatebox.css HTTP/1.1" 404 1104
180.169.147.146 - - [11/Jan/2023:06:26:38 +0800] "GET /xingrg/all/function/internal_message.html?_=1673389617134&CODE_STATE=getMsg HTTP/1.1" 200 27
120.253.135.82 - - [11/Jan/2023:06:26:39 +0800] "POST /xingrg/kc/pszx/mdps_list_operate.html HTTP/1.1" 200 4297
116.238.139.35 - - [11/Jan/2023:06:26:40 +0800] "GET /xingrg/all/function/internal_message.html?_=1673389621215&CODE_STATE=getMsg HTTP/1.1" 200 27
120.253.135.82 - - [11/Jan/2023:06:26:41 +0800] "GET /xingrg/kc/pszx/mdqp_order_list.html?state=10 HTTP/1.1" 200 16441
120.253.135.82 - - [11/Jan/2023:06:26:41 +0800] "GET /xingrg/dwr/interface/AjaxQqpsService.js HTTP/1.1" 200 16326
120.253.135.82 - - [11/Jan/2023:06:26:41 +0800] "GET /xingrg/dwr/interface/AjaxReportQueryService.js HTTP/1.1" 200 13203
120.253.135.82 - - [11/Jan/2023:06:26:41 +0800] "GET /xingrg/dwr/engine.js HTTP/1.1" 200 43631
222.69.192.184 - - [11/Jan/2023:06:26:53 +0800] "GET /xingrg/check_reg.html?_=1673389634026 HTTP/1.1" 200 22
222.69.192.184 - - [11/Jan/2023:06:26:53 +0800] "GET /xingrg/all/function/internal_message.html?_=1673389634029&CODE_STATE=getMsg HTTP/1.1" 200 27
222.70.177.10 - - [11/Jan/2023:06:26:58 +0800] "GET /xingrg/all/function/internal_message.html?_=1673389636178&CODE_STATE=getMsg HTTP/1.1" 200 27
120.253.135.82 - - [11/Jan/2023:06:27:00 +0800] "GET /xingrg/kc/pszx/mdqp_order_info.html?code=302023011000151 HTTP/1.1" 200 13338
120.253.135.82 - - [11/Jan/2023:06:27:00 +0800] "GET /xingrg/dwr/interface/AjaxQqpsService.js HTTP/1.1" 200 16326
120.253.135.82 - - [11/Jan/2023:06:27:00 +0800] "GET /xingrg/dwr/interface/AjaxComOrderService.js HTTP/1.1" 200 18264
120.253.135.82 - - [11/Jan/2023:06:27:00 +0800] "GET /xingrg/dwr/engine.js HTTP/1.1" 200 43631
120.253.135.82 - - [11/Jan/2023:06:27:01 +0800] "POST /xingrg/dwr/call/plaincall/AjaxQqpsService.loadMaterielItems.dwr HTTP/1.1" 200 1304
114.84.81.136 - - [11/Jan/2023:06:27:07 +0800] "GET /xingrg/all/function/internal_message.html?_=1673389647521&CODE_STATE=getMsg HTTP/1.1" 200 27
120.253.135.82 - - [11/Jan/2023:06:27:09 +0800] "GET /xingrg/kc/pszx/mdqp_order_list.html?isBack=1 HTTP/1.1" 302 -
120.253.135.82 - - [11/Jan/2023:06:27:09 +0800] "GET /xingrg/kc/pszx/mdqp_order_list.html?state=10 HTTP/1.1" 200 16441
120.253.135.82 - - [11/Jan/2023:06:27:09 +0800] "GET /xingrg/dwr/interface/AjaxReportQueryService.js HTTP/1.1" 200 13203
120.253.135.82 - - [11/Jan/2023:06:27:09 +0800] "GET /xingrg/dwr/interface/AjaxQqpsService.js HTTP/1.1" 200 16326
120.253.135.82 - - [11/Jan/2023:06:27:09 +0800] "GET /xingrg/dwr/engine.js HTTP/1.1" 200 43631
120.253.135.82 - - [11/Jan/2023:06:27:12 +0800] "GET /xingrg/kc/pszx/mdqp_order_info.html?code=302023011000152 HTTP/1.1" 200 13338
120.253.135.82 - - [11/Jan/2023:06:27:12 +0800] "GET /xingrg/dwr/interface/AjaxComOrderService.js HTTP/1.1" 200 18264
120.253.135.82 - - [11/Jan/2023:06:27:12 +0800] "GET /xingrg/dwr/interface/AjaxQqpsService.js HTTP/1.1" 200 16326
120.253.135.82 - - [11/Jan/2023:06:27:12 +0800] "GET /xingrg/dwr/engine.js HTTP/1.1" 200 43631
114.88.159.190 - - [11/Jan/2023:06:27:12 +0800] "GET /xingrg/all/function/internal_message.html?_=1673389249997&CODE_STATE=getMsg HTTP/1.1" 200 27
120.253.135.82 - - [11/Jan/2023:06:27:13 +0800] "GET /xingrg/all/function/internal_message.html?_=1673389465449&CODE_STATE=getMsg HTTP/1.1" 200 27
120.253.135.82 - - [11/Jan/2023:06:27:13 +0800] "POST /xingrg/dwr/call/plaincall/AjaxQqpsService.loadMaterielItems.dwr HTTP/1.1" 200 626
116.238.139.35 - - [11/Jan/2023:06:27:13 +0800] "GET /xingrg/all/function/internal_message.html?_=1673389565222&CODE_STATE=getMsg HTTP/1.1" 200 27
116.230.105.139 - - [11/Jan/2023:06:27:16 +0800] "GET /xingrg/all/function/internal_message.html?_=1673389602175&CODE_STATE=getMsg HTTP/1.1" 200 27
120.253.135.82 - - [11/Jan/2023:06:27:16 +0800] "GET /xingrg/kc/pszx/mdqp_order_list.html?isBack=1 HTTP/1.1" 302 -
120.253.135.82 - - [11/Jan/2023:06:27:16 +0800] "GET /xingrg/kc/pszx/mdqp_order_list.html?state=10 HTTP/1.1" 200 16441
120.253.135.82 - - [11/Jan/2023:06:27:16 +0800] "GET /xingrg/dwr/interface/AjaxQqpsService.js HTTP/1.1" 200 16326
120.253.135.82 - - [11/Jan/2023:06:27:16 +0800] "GET /xingrg/dwr/interface/AjaxReportQueryService.js HTTP/1.1" 200 13203
120.253.135.82 - - [11/Jan/2023:06:27:17 +0800] "GET /xingrg/dwr/engine.js HTTP/1.1" 200 43631
120.253.135.82 - - [11/Jan/2023:06:27:19 +0800] "GET /xingrg/kc/pszx/mdqp_order_info.html?code=302023011000153 HTTP/1.1" 200 13338
120.253.135.82 - - [11/Jan/2023:06:27:19 +0800] "GET /xingrg/dwr/interface/AjaxComOrderService.js HTTP/1.1" 200 18264
120.253.135.82 - - [11/Jan/2023:06:27:19 +0800] "GET /xingrg/dwr/interface/AjaxQqpsService.js HTTP/1.1" 200 16326
120.253.135.82 - - [11/Jan/2023:06:27:19 +0800] "GET /xingrg/dwr/engine.js HTTP/1.1" 200 43631
120.253.135.82 - - [11/Jan/2023:06:27:20 +0800] "POST /xingrg/dwr/call/plaincall/AjaxQqpsService.loadMaterielItems.dwr HTTP/1.1" 200 6039
120.253.135.82 - - [11/Jan/2023:06:27:24 +0800] "GET /xingrg/images/yd/bt.gif HTTP/1.1" 404 1040
120.253.135.82 - - [11/Jan/2023:06:27:24 +0800] "GET /xingrg/images/yd/bt2.gif HTTP/1.1" 404 1042
116.235.244.242 - - [11/Jan/2023:06:27:32 +0800] "GET /xingrg/all/function/internal_message.html?_=1673389680195&CODE_STATE=getMsg HTTP/1.1" 200 27
120.253.135.82 - - [11/Jan/2023:06:27:37 +0800] "GET /xingrg/kc/pszx/mdqp_order_list.html?isBack=1 HTTP/1.1" 302 -
120.253.135.82 - - [11/Jan/2023:06:27:37 +0800] "GET /xingrg/kc/pszx/mdqp_order_list.html?state=10 HTTP/1.1" 200 16441
120.253.135.82 - - [11/Jan/2023:06:27:37 +0800] "GET /xingrg/dwr/interface/AjaxReportQueryService.js HTTP/1.1" 200 13203
120.253.135.82 - - [11/Jan/2023:06:27:37 +0800] "GET /xingrg/dwr/interface/AjaxQqpsService.js HTTP/1.1" 200 16326
120.253.135.82 - - [11/Jan/2023:06:27:37 +0800] "GET /xingrg/dwr/engine.js HTTP/1.1" 200 43631
180.169.147.146 - - [11/Jan/2023:06:27:38 +0800] "GET /xingrg/all/function/internal_message.html?_=1673389677106&CODE_STATE=getMsg HTTP/1.1" 200 27
116.238.139.35 - - [11/Jan/2023:06:27:40 +0800] "GET /xingrg/all/function/internal_message.html?_=1673389681201&CODE_STATE=getMsg HTTP/1.1" 200 27
120.253.135.82 - - [11/Jan/2023:06:27:42 +0800] "GET /xingrg/kc/pszx/mdqp_order_info.html?code=302023011000155 HTTP/1.1" 200 13338
120.253.135.82 - - [11/Jan/2023:06:27:42 +0800] "GET /xingrg/dwr/interface/AjaxQqpsService.js HTTP/1.1" 200 16326
120.253.135.82 - - [11/Jan/2023:06:27:42 +0800] "GET /xingrg/dwr/interface/AjaxComOrderService.js HTTP/1.1" 200 18264
120.253.135.82 - - [11/Jan/2023:06:27:42 +0800] "GET /xingrg/dwr/engine.js HTTP/1.1" 200 43631
120.253.135.82 - - [11/Jan/2023:06:27:43 +0800] "POST /xingrg/dwr/call/plaincall/AjaxQqpsService.loadMaterielItems.dwr HTTP/1.1" 200 12392
120.253.135.82 - - [11/Jan/2023:06:27:44 +0800] "GET /xingrg/images/yd/bt.gif HTTP/1.1" 404 1040
120.253.135.82 - - [11/Jan/2023:06:27:44 +0800] "GET /xingrg/images/yd/bt2.gif HTTP/1.1" 404 1042
222.69.192.184 - - [11/Jan/2023:06:27:53 +0800] "GET /xingrg/all/function/internal_message.html?_=1673389694028&CODE_STATE=getMsg HTTP/1.1" 200 27
222.70.177.10 - - [11/Jan/2023:06:27:58 +0800] "GET /xingrg/all/function/internal_message.html?_=1673389696181&CODE_STATE=getMsg HTTP/1.1" 200 27
120.253.135.82 - - [11/Jan/2023:06:28:01 +0800] "GET /xingrg/kc/pszx/mdqp_order_list.html?isBack=1 HTTP/1.1" 302 -
120.253.135.82 - - [11/Jan/2023:06:28:01 +0800] "GET /xingrg/kc/pszx/mdqp_order_list.html?state=10 HTTP/1.1" 200 16441
120.253.135.82 - - [11/Jan/2023:06:28:01 +0800] "GET /xingrg/dwr/interface/AjaxQqpsService.js HTTP/1.1" 200 16326
120.253.135.82 - - [11/Jan/2023:06:28:01 +0800] "GET /xingrg/dwr/interface/AjaxReportQueryService.js HTTP/1.1" 200 13203
120.253.135.82 - - [11/Jan/2023:06:28:01 +0800] "GET /xingrg/dwr/engine.js HTTP/1.1" 200 43631
120.253.135.82 - - [11/Jan/2023:06:28:05 +0800] "GET /xingrg/kc/pszx/mdqp_order_info.html?code=302023011000156 HTTP/1.1" 200 13338
120.253.135.82 - - [11/Jan/2023:06:28:05 +0800] "GET /xingrg/dwr/interface/AjaxQqpsService.js HTTP/1.1" 200 16326
120.253.135.82 - - [11/Jan/2023:06:28:05 +0800] "GET /xingrg/dwr/interface/AjaxComOrderService.js HTTP/1.1" 200 18264
120.253.135.82 - - [11/Jan/2023:06:28:05 +0800] "GET /xingrg/dwr/engine.js HTTP/1.1" 200 43631
120.253.135.82 - - [11/Jan/2023:06:28:06 +0800] "POST /xingrg/dwr/call/plaincall/AjaxQqpsService.loadMaterielItems.dwr HTTP/1.1" 200 11013
114.84.81.136 - - [11/Jan/2023:06:28:07 +0800] "GET /xingrg/all/function/internal_message.html?_=1673389707507&CODE_STATE=getMsg HTTP/1.1" 200 27
120.253.135.82 - - [11/Jan/2023:06:28:08 +0800] "GET /xingrg/images/yd/bt.gif HTTP/1.1" 404 1040
120.253.135.82 - - [11/Jan/2023:06:28:08 +0800] "GET /xingrg/images/yd/bt2.gif HTTP/1.1" 404 1042
114.88.159.190 - - [11/Jan/2023:06:28:12 +0800] "GET /xingrg/all/function/internal_message.html?_=1673389309995&CODE_STATE=getMsg HTTP/1.1" 200 27
120.253.135.82 - - [11/Jan/2023:06:28:13 +0800] "GET /xingrg/all/function/internal_message.html?_=1673389525456&CODE_STATE=getMsg HTTP/1.1" 200 27
116.238.139.35 - - [11/Jan/2023:06:28:13 +0800] "GET /xingrg/all/function/internal_message.html?_=1673389625225&CODE_STATE=getMsg HTTP/1.1" 200 27
116.230.105.139 - - [11/Jan/2023:06:28:16 +0800] "GET /xingrg/all/function/internal_message.html?_=1673389662172&CODE_STATE=getMsg HTTP/1.1" 200 27
116.235.244.242 - - [11/Jan/2023:06:28:30 +0800] "GET /xingrg/check_reg.html?_=1673389737820 HTTP/1.1" 200 22
116.235.244.242 - - [11/Jan/2023:06:28:32 +0800] "GET /xingrg/all/function/internal_message.html?_=1673389740211&CODE_STATE=getMsg HTTP/1.1" 200 27
180.169.147.146 - - [11/Jan/2023:06:28:38 +0800] "GET /xingrg/all/function/internal_message.html?_=1673389737088&CODE_STATE=getMsg HTTP/1.1" 200 27
116.238.139.35 - - [11/Jan/2023:06:28:40 +0800] "GET /xingrg/all/function/internal_message.html?_=1673389741175&CODE_STATE=getMsg HTTP/1.1" 200 27
222.64.58.164 - - [11/Jan/2023:06:28:42 +0800] "POST /xingrg/services/DataTransmitService HTTP/1.1" 200 524
222.69.192.184 - - [11/Jan/2023:06:28:53 +0800] "GET /xingrg/all/function/internal_message.html?_=1673389754028&CODE_STATE=getMsg HTTP/1.1" 200 27
222.70.177.10 - - [11/Jan/2023:06:28:58 +0800] "GET /xingrg/all/function/internal_message.html?_=1673389756187&CODE_STATE=getMsg HTTP/1.1" 200 27
222.70.177.10 - - [11/Jan/2023:06:28:58 +0800] "GET /xingrg/check_reg.html?_=1673389756189 HTTP/1.1" 200 22
114.84.81.136 - - [11/Jan/2023:06:29:07 +0800] "GET /xingrg/all/function/internal_message.html?_=1673389767492&CODE_STATE=getMsg HTTP/1.1" 200 27
120.253.135.82 - - [11/Jan/2023:06:29:08 +0800] "GET /xingrg/check_reg.html?_=1673389580633 HTTP/1.1" 200 22
114.88.159.190 - - [11/Jan/2023:06:29:12 +0800] "GET /xingrg/check_reg.html?_=1673389369993 HTTP/1.1" 200 22
114.88.159.190 - - [11/Jan/2023:06:29:12 +0800] "GET /xingrg/all/function/internal_message.html?_=1673389369995&CODE_STATE=getMsg HTTP/1.1" 200 27
120.253.135.82 - - [11/Jan/2023:06:29:13 +0800] "GET /xingrg/all/function/internal_message.html?_=1673389585470&CODE_STATE=getMsg HTTP/1.1" 200 27
116.238.139.35 - - [11/Jan/2023:06:29:13 +0800] "GET /xingrg/all/function/internal_message.html?_=1673389685248&CODE_STATE=getMsg HTTP/1.1" 200 27
116.230.105.139 - - [11/Jan/2023:06:29:16 +0800] "GET /xingrg/all/function/internal_message.html?_=1673389722176&CODE_STATE=getMsg HTTP/1.1" 200 27
116.230.105.139 - - [11/Jan/2023:06:29:16 +0800] "GET /xingrg/check_reg.html?_=1673389722179 HTTP/1.1" 200 22
120.253.135.82 - - [11/Jan/2023:06:29:24 +0800] "GET /xingrg/kc/pszx/mdqp_order_list.html?isBack=1 HTTP/1.1" 302 -
120.253.135.82 - - [11/Jan/2023:06:29:24 +0800] "GET /xingrg/kc/pszx/mdqp_order_list.html?state=10 HTTP/1.1" 200 16441
120.253.135.82 - - [11/Jan/2023:06:29:24 +0800] "GET /xingrg/dwr/interface/AjaxReportQueryService.js HTTP/1.1" 200 13203
120.253.135.82 - - [11/Jan/2023:06:29:24 +0800] "GET /xingrg/dwr/engine.js HTTP/1.1" 200 43631
120.253.135.82 - - [11/Jan/2023:06:29:24 +0800] "GET /xingrg/dwr/interface/AjaxQqpsService.js HTTP/1.1" 200 16326
120.253.135.82 - - [11/Jan/2023:06:29:28 +0800] "GET /xingrg/kc/pszx/mdqp_order_info.html?code=302023011000156 HTTP/1.1" 200 13338
120.253.135.82 - - [11/Jan/2023:06:29:28 +0800] "GET /xingrg/dwr/interface/AjaxComOrderService.js HTTP/1.1" 200 18264
120.253.135.82 - - [11/Jan/2023:06:29:28 +0800] "GET /xingrg/dwr/interface/AjaxQqpsService.js HTTP/1.1" 200 16326
120.253.135.82 - - [11/Jan/2023:06:29:28 +0800] "GET /xingrg/dwr/engine.js HTTP/1.1" 200 43631
120.253.135.82 - - [11/Jan/2023:06:29:29 +0800] "POST /xingrg/dwr/call/plaincall/AjaxQqpsService.loadMaterielItems.dwr HTTP/1.1" 200 11013
120.253.135.82 - - [11/Jan/2023:06:29:31 +0800] "GET /xingrg/kc/pszx/mdqp_order_list.html?isBack=1 HTTP/1.1" 302 -
120.253.135.82 - - [11/Jan/2023:06:29:31 +0800] "GET /xingrg/kc/pszx/mdqp_order_list.html?state=10 HTTP/1.1" 200 16441
120.253.135.82 - - [11/Jan/2023:06:29:31 +0800] "GET /xingrg/dwr/interface/AjaxReportQueryService.js HTTP/1.1" 200 13203
120.253.135.82 - - [11/Jan/2023:06:29:31 +0800] "GET /xingrg/dwr/interface/AjaxQqpsService.js HTTP/1.1" 200 16326
120.253.135.82 - - [11/Jan/2023:06:29:31 +0800] "GET /xingrg/dwr/engine.js HTTP/1.1" 200 43631
116.235.244.242 - - [11/Jan/2023:06:29:32 +0800] "GET /xingrg/all/function/internal_message.html?_=1673389800224&CODE_STATE=getMsg HTTP/1.1" 200 27
120.253.135.82 - - [11/Jan/2023:06:29:35 +0800] "GET /xingrg/kc/pszx/mdqp_order_info.html?code=302023011000161 HTTP/1.1" 200 13338
120.253.135.82 - - [11/Jan/2023:06:29:35 +0800] "GET /xingrg/dwr/interface/AjaxComOrderService.js HTTP/1.1" 200 18264
120.253.135.82 - - [11/Jan/2023:06:29:35 +0800] "GET /xingrg/dwr/interface/AjaxQqpsService.js HTTP/1.1" 200 16326
120.253.135.82 - - [11/Jan/2023:06:29:35 +0800] "GET /xingrg/dwr/engine.js HTTP/1.1" 200 43631
120.253.135.82 - - [11/Jan/2023:06:29:35 +0800] "POST /xingrg/dwr/call/plaincall/AjaxQqpsService.loadMaterielItems.dwr HTTP/1.1" 200 437
120.253.135.82 - - [11/Jan/2023:06:29:38 +0800] "GET /xingrg/kc/pszx/mdqp_order_list.html?isBack=1 HTTP/1.1" 302 -
120.253.135.82 - - [11/Jan/2023:06:29:38 +0800] "GET /xingrg/kc/pszx/mdqp_order_list.html?state=10 HTTP/1.1" 200 16441
120.253.135.82 - - [11/Jan/2023:06:29:38 +0800] "GET /xingrg/dwr/interface/AjaxReportQueryService.js HTTP/1.1" 200 13203
120.253.135.82 - - [11/Jan/2023:06:29:38 +0800] "GET /xingrg/dwr/interface/AjaxQqpsService.js HTTP/1.1" 200 16326
120.253.135.82 - - [11/Jan/2023:06:29:38 +0800] "GET /xingrg/dwr/engine.js HTTP/1.1" 200 43631
180.169.147.146 - - [11/Jan/2023:06:29:38 +0800] "GET /xingrg/all/function/internal_message.html?_=1673389797076&CODE_STATE=getMsg HTTP/1.1" 200 27
116.238.139.35 - - [11/Jan/2023:06:29:40 +0800] "GET /xingrg/all/function/internal_message.html?_=1673389801161&CODE_STATE=getMsg HTTP/1.1" 200 27
120.253.135.82 - - [11/Jan/2023:06:29:43 +0800] "GET /xingrg/kc/pszx/jzcl_ps.html HTTP/1.1" 200 7683
120.253.135.82 - - [11/Jan/2023:06:29:43 +0800] "POST /xingrg/all/common/load_tree.html?tree=area_rest_tree_json HTTP/1.1" 200 3499
120.253.135.82 - - [11/Jan/2023:06:29:44 +0800] "POST /xingrg/kc/pszx/jzcl_ps_operate.html HTTP/1.1" 200 10290
120.253.135.82 - - [11/Jan/2023:06:29:44 +0800] "POST /xingrg/kc/pszx/jzcl_ps_operate.html HTTP/1.1" 200 10290
222.69.192.184 - - [11/Jan/2023:06:29:53 +0800] "GET /xingrg/all/function/internal_message.html?_=1673389814028&CODE_STATE=getMsg HTTP/1.1" 200 27
222.70.177.10 - - [11/Jan/2023:06:29:58 +0800] "GET /xingrg/all/function/internal_message.html?_=1673389816179&CODE_STATE=getMsg HTTP/1.1" 200 27
120.253.135.82 - - [11/Jan/2023:06:30:04 +0800] "POST /xingrg/kc/pszx/jzcl_ps_operate.html HTTP/1.1" 200 4
116.238.139.35 - - [11/Jan/2023:06:30:05 +0800] "GET /xingrg/check_reg.html?_=1673389825800 HTTP/1.1" 200 22
120.253.135.82 - - [11/Jan/2023:06:30:05 +0800] "GET /xingrg/kc/pszx/mdps_order_list.html HTTP/1.1" 200 21076
116.238.139.35 - - [11/Jan/2023:06:30:06 +0800] "GET /xingrg/check_reg.html?_=1673389737863 HTTP/1.1" 200 22
120.253.135.82 - - [11/Jan/2023:06:30:06 +0800] "POST /xingrg/kc/pszx/mdps_list_operate.html HTTP/1.1" 200 5363
114.84.81.136 - - [11/Jan/2023:06:30:07 +0800] "GET /xingrg/all/function/internal_message.html?_=1673389827462&CODE_STATE=getMsg HTTP/1.1" 200 27
114.88.159.190 - - [11/Jan/2023:06:30:12 +0800] "GET /xingrg/all/function/internal_message.html?_=1673389430020&CODE_STATE=getMsg HTTP/1.1" 200 27
120.253.135.82 - - [11/Jan/2023:06:30:13 +0800] "POST /xingrg/kc/pszx/mdps_list_operate.html HTTP/1.1" 200 3862
120.253.135.82 - - [11/Jan/2023:06:30:13 +0800] "GET /xingrg/all/function/internal_message.html?_=1673389645612&CODE_STATE=getMsg HTTP/1.1" 200 27
116.238.139.35 - - [11/Jan/2023:06:30:13 +0800] "GET /xingrg/all/function/internal_message.html?_=1673389745253&CODE_STATE=getMsg HTTP/1.1" 200 27
120.253.135.82 - - [11/Jan/2023:06:30:15 +0800] "POST /xingrg/kc/pszx/mdps_list_operate.html HTTP/1.1" 200 461
116.230.105.139 - - [11/Jan/2023:06:30:16 +0800] "GET /xingrg/all/function/internal_message.html?_=1673389782172&CODE_STATE=getMsg HTTP/1.1" 200 27
120.253.135.82 - - [11/Jan/2023:06:30:18 +0800] "POST /xingrg/kc/pszx/mdps_list_operate.html HTTP/1.1" 200 203
120.253.135.82 - - [11/Jan/2023:06:30:18 +0800] "GET /xingrg/kc/pszx/mdps_order_info.html?code=312023011100167 HTTP/1.1" 200 23972
120.253.135.82 - - [11/Jan/2023:06:30:19 +0800] "GET /xingrg/javascript/easyui/themes/default/validatebox.css HTTP/1.1" 404 1104
120.253.135.82 - - [11/Jan/2023:06:30:19 +0800] "POST /xingrg/kc/pszx/mdps_order_operate.html HTTP/1.1" 200 2279
114.84.81.136 - - [11/Jan/2023:06:30:25 +0800] "GET /xingrg/check_reg.html?_=1673389845093 HTTP/1.1" 200 22
172.20.0.100 - - [11/Jan/2023:06:30:27 +0800] "GET /xingrg/check_reg.html?_=1673389845080 HTTP/1.1" 200 22
120.253.135.82 - - [11/Jan/2023:06:30:30 +0800] "POST /xingrg/kc/pszx/mdps_list_operate.html HTTP/1.1" 200 232
120.253.135.82 - - [11/Jan/2023:06:30:30 +0800] "GET /xingrg/kc/pszx/mdps_order_info.html?code=312023011100177 HTTP/1.1" 200 23972
120.253.135.82 - - [11/Jan/2023:06:30:31 +0800] "GET /xingrg/javascript/easyui/themes/default/validatebox.css HTTP/1.1" 404 1104
120.253.135.82 - - [11/Jan/2023:06:30:31 +0800] "POST /xingrg/kc/pszx/mdps_order_operate.html HTTP/1.1" 200 2321
116.235.244.242 - - [11/Jan/2023:06:30:32 +0800] "GET /xingrg/all/function/internal_message.html?_=1673389860237&CODE_STATE=getMsg HTTP/1.1" 200 27
120.253.135.82 - - [11/Jan/2023:06:30:33 +0800] "POST /xingrg/kc/pszx/mdps_order_operate.html HTTP/1.1" 200 37
120.253.135.82 - - [11/Jan/2023:06:30:34 +0800] "GET /xingrg/kc/pszx/mdps_order_info.html?code=312023011100177 HTTP/1.1" 200 23972
120.253.135.82 - - [11/Jan/2023:06:30:35 +0800] "GET /xingrg/javascript/easyui/themes/default/validatebox.css HTTP/1.1" 404 1104
120.253.135.82 - - [11/Jan/2023:06:30:35 +0800] "POST /xingrg/kc/pszx/mdps_order_operate.html HTTP/1.1" 200 2330
120.253.135.82 - - [11/Jan/2023:06:30:37 +0800] "POST /xingrg/kc/pszx/mdps_list_operate.html HTTP/1.1" 200 3862
180.169.147.146 - - [11/Jan/2023:06:30:38 +0800] "GET /xingrg/check_reg.html?_=1673389856931 HTTP/1.1" 200 22
180.169.147.146 - - [11/Jan/2023:06:30:38 +0800] "GET /xingrg/all/function/internal_message.html?_=1673389857072&CODE_STATE=getMsg HTTP/1.1" 200 27
120.253.135.82 - - [11/Jan/2023:06:30:38 +0800] "POST /xingrg/kc/pszx/mdps_list_operate.html HTTP/1.1" 200 603
120.253.135.82 - - [11/Jan/2023:06:30:39 +0800] "GET /xingrg/kc/pszx/mdps_order_info.html?code=312023011100178 HTTP/1.1" 200 23972
