222.69.192.184 - - [09/Jan/2023:08:34:26 +0800] "GET /xingrg/check_reg.html?_=1673224486868 HTTP/1.1" 200 22
222.69.192.184 - - [09/Jan/2023:08:34:26 +0800] "GET /xingrg/all/function/internal_message.html?_=1673224486870&CODE_STATE=getMsg HTTP/1.1" 200 27
222.70.177.10 - - [09/Jan/2023:08:34:26 +0800] "GET /xingrg/javascript/jquery_tools/images/prev.gif HTTP/1.1" 404 1086
222.70.177.10 - - [09/Jan/2023:08:34:26 +0800] "GET /xingrg/javascript/jquery_tools/images/next.gif HTTP/1.1" 404 1086
172.20.0.100 - - [09/Jan/2023:08:34:30 +0800] "GET /xingrg/all/function/internal_message.html?_=1673224489543&CODE_STATE=getMsg HTTP/1.1" 200 27
172.20.0.100 - - [09/Jan/2023:08:34:30 +0800] "GET /xingrg/check_reg.html?_=1673224489545 HTTP/1.1" 200 22
120.253.135.82 - - [09/Jan/2023:08:34:31 +0800] "GET /xingrg/all/function/internal_message.html?_=1673224303529&CODE_STATE=getMsg HTTP/1.1" 200 27
116.238.139.35 - - [09/Jan/2023:08:34:31 +0800] "GET /xingrg/all/function/internal_message.html?_=1673224492781&CODE_STATE=getMsg HTTP/1.1" 200 27
222.70.177.10 - - [09/Jan/2023:08:34:36 +0800] "GET /xingrg/kc/buy/cgsh_order_operate.html?command=get_materiel&rest_code=00111&code=00101008148&supplier_code=00100005&order_time=2023-01-09 HTTP/1.1" 200 416
114.88.159.190 - - [09/Jan/2023:08:34:37 +0800] "GET /xingrg/all/function/internal_message.html?_=1673224092403&CODE_STATE=getMsg HTTP/1.1" 200 27
222.69.192.184 - - [09/Jan/2023:08:34:40 +0800] "POST /xingrg/login.do HTTP/1.1" 302 -
222.69.192.184 - - [09/Jan/2023:08:34:40 +0800] "GET /xingrg/index.html?sysBaseUrl=http%3A%2F%2F180.169.147.146%3A18081%2Fxingrg%2F&costTime=39×tamp=1673224480915 HTTP/1.1" 200 17173
222.69.192.184 - - [09/Jan/2023:08:34:41 +0800] "GET /xingrg/javascript/jquery_easy_ui/themes/default/easyui.css HTTP/1.1" 304 -
222.69.192.184 - - [09/Jan/2023:08:34:41 +0800] "GET /xingrg/css/form.css HTTP/1.1" 304 -
222.69.192.184 - - [09/Jan/2023:08:34:41 +0800] "GET /xingrg/javascript/jquery_easy_ui/themes/icon.css HTTP/1.1" 304 -
222.69.192.184 - - [09/Jan/2023:08:34:41 +0800] "GET /xingrg/javascript/jquery-1.4.2.min.js HTTP/1.1" 304 -
222.69.192.184 - - [09/Jan/2023:08:34:41 +0800] "GET /xingrg/javascript/jquery_easy_ui/jquery.easyui.min.js HTTP/1.1" 304 -
222.69.192.184 - - [09/Jan/2023:08:34:41 +0800] "GET /xingrg/javascript/jquery_easy_ui/easyui-lang-zh_CN.js HTTP/1.1" 304 -
222.69.192.184 - - [09/Jan/2023:08:34:41 +0800] "GET /xingrg/javascript/jquery.form.js HTTP/1.1" 304 -
222.69.192.184 - - [09/Jan/2023:08:34:41 +0800] "GET /xingrg/javascript/jquery.utils.js HTTP/1.1" 304 -
222.69.192.184 - - [09/Jan/2023:08:34:41 +0800] "GET /xingrg/javascript/jquery.timers.js HTTP/1.1" 304 -
222.69.192.184 - - [09/Jan/2023:08:34:41 +0800] "GET /favicon.ico HTTP/1.1" 404 -
222.69.192.184 - - [09/Jan/2023:08:34:42 +0800] "GET /xingrg/javascript/jquery_easy_ui/themes/icons/settle_new.png HTTP/1.1" 304 -
222.69.192.184 - - [09/Jan/2023:08:34:42 +0800] "GET /xingrg/images/blue/navBackgound.jpg HTTP/1.1" 304 -
222.69.192.184 - - [09/Jan/2023:08:34:42 +0800] "POST /xingrg/all/common/load_tree.html?tree=area_rest_tree_json&manage=1 HTTP/1.1" 200 342
222.69.192.184 - - [09/Jan/2023:08:34:43 +0800] "GET /xingrg/all/function/internal_message.html?_=1673224347183&CODE_STATE=count HTTP/1.1" 200 11
222.69.192.184 - - [09/Jan/2023:08:34:43 +0800] "GET /xingrg/check_reg.html?_=1673224347186 HTTP/1.1" 200 22
222.69.192.184 - - [09/Jan/2023:08:34:43 +0800] "GET /xingrg/images/blue/pingpu.png HTTP/1.1" 304 -
222.69.192.184 - - [09/Jan/2023:08:34:43 +0800] "GET /xingrg/javascript/jquery_easy_ui/themes/default/images/tabs_leftarrow.png HTTP/1.1" 304 -
222.69.192.184 - - [09/Jan/2023:08:34:43 +0800] "GET /xingrg/javascript/jquery_easy_ui/themes/default/images/panel_tool_collapse.gif HTTP/1.1" 304 -
222.69.192.184 - - [09/Jan/2023:08:34:43 +0800] "GET /xingrg/javascript/jquery_easy_ui/themes/default/images/tabs_rightarrow.png HTTP/1.1" 304 -
222.69.192.184 - - [09/Jan/2023:08:34:43 +0800] "POST /xingrg/load_menu.html HTTP/1.1" 200 5138
222.69.192.184 - - [09/Jan/2023:08:34:44 +0800] "GET /xingrg/javascript/jquery_easy_ui/themes/default/images/tree_arrows.gif HTTP/1.1" 304 -
222.69.192.184 - - [09/Jan/2023:08:34:44 +0800] "GET /xingrg/javascript/jquery_easy_ui/themes/default/images/tree_folder_open.gif HTTP/1.1" 304 -
116.235.240.202 - - [09/Jan/2023:08:34:44 +0800] "GET /xingrg/check_reg.html?_=1673224504995 HTTP/1.1" 200 22
222.69.192.184 - - [09/Jan/2023:08:34:44 +0800] "GET /xingrg/javascript/jquery_easy_ui/themes/icons/search_new.png HTTP/1.1" 304 -
222.69.192.184 - - [09/Jan/2023:08:34:44 +0800] "GET /xingrg/javascript/jquery_easy_ui/themes/default/images/tree_folder.gif HTTP/1.1" 304 -
222.69.192.184 - - [09/Jan/2023:08:34:44 +0800] "GET /xingrg/javascript/jquery_easy_ui/themes/icons/storage_new.png HTTP/1.1" 304 -
222.69.192.184 - - [09/Jan/2023:08:34:44 +0800] "GET /xingrg/javascript/jquery_easy_ui/themes/icons/forms_new.png HTTP/1.1" 304 -
222.69.192.184 - - [09/Jan/2023:08:34:44 +0800] "GET /xingrg/javascript/jquery_easy_ui/themes/default/images/tree_file.gif HTTP/1.1" 304 -
222.70.177.10 - - [09/Jan/2023:08:34:47 +0800] "GET /xingrg/kc/buy/cgsh_order_operate.html?command=get_materiel&rest_code=00111&code=00101008270&supplier_code=00100005&order_time=2023-01-09 HTTP/1.1" 200 412
58.221.95.50 - - [09/Jan/2023:08:34:50 +0800] "GET /xingrg/all/function/internal_message.html?_=1673224510311&CODE_STATE=getMsg HTTP/1.1" 200 27
222.70.177.10 - - [09/Jan/2023:08:34:54 +0800] "GET /xingrg/kc/buy/cgsh_order_operate.html?command=get_materiel&rest_code=00111&code=00101043010&supplier_code=00100005&order_time=2023-01-09 HTTP/1.1" 200 395
222.69.192.184 - - [09/Jan/2023:08:34:56 +0800] "GET /xingrg/javascript/jquery_easy_ui/themes/default/images/tabs_active.png HTTP/1.1" 304 -
222.70.177.10 - - [09/Jan/2023:08:35:02 +0800] "GET /xingrg/kc/buy/cgsh_order_operate.html?command=get_materiel&rest_code=00111&code=00101008321&supplier_code=00100005&order_time=2023-01-09 HTTP/1.1" 200 412
222.70.177.10 - - [09/Jan/2023:08:35:07 +0800] "GET /xingrg/all/function/internal_message.html?_=1673224527338&CODE_STATE=getMsg HTTP/1.1" 200 27
116.235.240.202 - - [09/Jan/2023:08:35:09 +0800] "GET /xingrg/all/function/internal_message.html?_=1673224530065&CODE_STATE=getMsg HTTP/1.1" 200 27
222.70.177.10 - - [09/Jan/2023:08:35:13 +0800] "GET /xingrg/kc/buy/cgsh_order_operate.html?command=get_materiel&rest_code=00111&code=00101008248&supplier_code=00100005&order_time=2023-01-09 HTTP/1.1" 200 412
116.238.139.35 - - [09/Jan/2023:08:35:16 +0800] "GET /xingrg/all/function/internal_message.html?_=1673224450727&CODE_STATE=getMsg HTTP/1.1" 200 27
222.70.177.10 - - [09/Jan/2023:08:35:24 +0800] "GET /xingrg/kc/buy/cgsh_order_operate.html?command=get_materiel&rest_code=00111&code=00101008210&supplier_code=00100005&order_time=2023-01-09 HTTP/1.1" 200 408
222.69.192.184 - - [09/Jan/2023:08:35:26 +0800] "GET /xingrg/all/function/internal_message.html?_=1673224546839&CODE_STATE=getMsg HTTP/1.1" 200 27
172.20.0.100 - - [09/Jan/2023:08:35:30 +0800] "GET /xingrg/all/function/internal_message.html?_=1673224549530&CODE_STATE=getMsg HTTP/1.1" 200 27
120.253.135.82 - - [09/Jan/2023:08:35:31 +0800] "GET /xingrg/all/function/internal_message.html?_=1673224363532&CODE_STATE=getMsg HTTP/1.1" 200 27
116.238.139.35 - - [09/Jan/2023:08:35:31 +0800] "GET /xingrg/all/function/internal_message.html?_=1673224552784&CODE_STATE=getMsg HTTP/1.1" 200 27
222.70.177.10 - - [09/Jan/2023:08:35:36 +0800] "GET /xingrg/kc/buy/cgsh_order_operate.html?command=get_materiel&rest_code=00111&code=00101008331&supplier_code=00100005&order_time=2023-01-09 HTTP/1.1" 200 431
114.88.159.190 - - [09/Jan/2023:08:35:37 +0800] "GET /xingrg/all/function/internal_message.html?_=1673224152377&CODE_STATE=getMsg HTTP/1.1" 200 27
222.69.192.184 - - [09/Jan/2023:08:35:43 +0800] "GET /xingrg/all/function/internal_message.html?_=1673224407194&CODE_STATE=getMsg HTTP/1.1" 200 27
222.70.177.10 - - [09/Jan/2023:08:35:46 +0800] "GET /xingrg/kc/buy/cgsh_order_operate.html?command=get_materiel&rest_code=00111&code=00101008403&supplier_code=00100005&order_time=2023-01-09 HTTP/1.1" 200 412
58.221.95.50 - - [09/Jan/2023:08:35:50 +0800] "GET /xingrg/all/function/internal_message.html?_=1673224570313&CODE_STATE=getMsg HTTP/1.1" 200 27
222.70.177.10 - - [09/Jan/2023:08:35:55 +0800] "GET /xingrg/kc/buy/cgsh_order_operate.html?command=get_materiel&rest_code=00111&code=00101008190&supplier_code=00100005&order_time=2023-01-09 HTTP/1.1" 200 412
114.84.81.136 - - [09/Jan/2023:08:35:59 +0800] "POST /xingrg/services/DataTransmitService HTTP/1.1" 200 524
180.169.147.146 - - [09/Jan/2023:08:36:01 +0800] "GET /xingrg/check_reg.html?_=1673224582289 HTTP/1.1" 302 -
222.70.177.10 - - [09/Jan/2023:08:36:05 +0800] "GET /xingrg/kc/buy/cgsh_order_operate.html?command=get_materiel&rest_code=00111&code=00101008283&supplier_code=00100005&order_time=2023-01-09 HTTP/1.1" 200 408
222.70.177.10 - - [09/Jan/2023:08:36:07 +0800] "GET /xingrg/all/function/internal_message.html?_=1673224587350&CODE_STATE=getMsg HTTP/1.1" 200 27
116.235.240.202 - - [09/Jan/2023:08:36:09 +0800] "GET /xingrg/all/function/internal_message.html?_=1673224590078&CODE_STATE=getMsg HTTP/1.1" 200 27
58.221.95.50 - - [09/Jan/2023:08:36:12 +0800] "GET /xingrg/check_reg.html?_=1673224592385 HTTP/1.1" 200 22
222.70.177.10 - - [09/Jan/2023:08:36:13 +0800] "GET /xingrg/kc/buy/cgsh_order_operate.html?command=get_materiel&rest_code=00111&code=00101008087&supplier_code=00100005&order_time=2023-01-09 HTTP/1.1" 200 412
116.238.139.35 - - [09/Jan/2023:08:36:16 +0800] "GET /xingrg/all/function/internal_message.html?_=1673224510741&CODE_STATE=getMsg HTTP/1.1" 200 27
222.70.177.10 - - [09/Jan/2023:08:36:22 +0800] "GET /xingrg/kc/buy/cgsh_order_operate.html?command=get_materiel&rest_code=00111&code=00101008357&supplier_code=00100005&order_time=2023-01-09 HTTP/1.1" 200 408
222.69.192.184 - - [09/Jan/2023:08:36:26 +0800] "GET /xingrg/all/function/internal_message.html?_=1673224606848&CODE_STATE=getMsg HTTP/1.1" 200 27
172.20.0.100 - - [09/Jan/2023:08:36:30 +0800] "GET /xingrg/all/function/internal_message.html?_=1673224609532&CODE_STATE=getMsg HTTP/1.1" 200 27
116.238.139.35 - - [09/Jan/2023:08:36:31 +0800] "GET /xingrg/all/function/internal_message.html?_=1673224612786&CODE_STATE=getMsg HTTP/1.1" 200 27
120.253.135.82 - - [09/Jan/2023:08:36:31 +0800] "GET /xingrg/all/function/internal_message.html?_=1673224423656&CODE_STATE=getMsg HTTP/1.1" 200 27
222.70.177.10 - - [09/Jan/2023:08:36:32 +0800] "GET /xingrg/kc/buy/cgsh_order_operate.html?command=get_materiel&rest_code=00111&code=00101008096&supplier_code=00100005&order_time=2023-01-09 HTTP/1.1" 200 412
114.88.159.190 - - [09/Jan/2023:08:36:37 +0800] "GET /xingrg/all/function/internal_message.html?_=1673224212347&CODE_STATE=getMsg HTTP/1.1" 200 27
222.70.177.10 - - [09/Jan/2023:08:36:40 +0800] "GET /xingrg/kc/buy/cgsh_order_operate.html?command=get_materiel&rest_code=00111&code=00101008261&supplier_code=00100005&order_time=2023-01-09 HTTP/1.1" 200 408
120.253.135.82 - - [09/Jan/2023:08:36:41 +0800] "GET /xingrg/check_reg.html?_=1673224434047 HTTP/1.1" 200 22
222.69.192.184 - - [09/Jan/2023:08:36:43 +0800] "GET /xingrg/all/function/internal_message.html?_=1673224467192&CODE_STATE=getMsg HTTP/1.1" 200 27
58.221.95.50 - - [09/Jan/2023:08:36:50 +0800] "GET /xingrg/all/function/internal_message.html?_=1673224630308&CODE_STATE=getMsg HTTP/1.1" 200 27
222.70.177.10 - - [09/Jan/2023:08:36:52 +0800] "GET /xingrg/kc/buy/cgsh_order_operate.html?command=get_materiel&rest_code=00111&code=00101008257&supplier_code=00100005&order_time=2023-01-09 HTTP/1.1" 200 416
222.70.177.10 - - [09/Jan/2023:08:37:06 +0800] "GET /xingrg/kc/buy/cgsh_order_operate.html?command=get_materiel&rest_code=00111&code=00101008351&supplier_code=00100005&order_time=2023-01-09 HTTP/1.1" 200 408
222.70.177.10 - - [09/Jan/2023:08:37:07 +0800] "GET /xingrg/all/function/internal_message.html?_=1673224647332&CODE_STATE=getMsg HTTP/1.1" 200 27
116.235.240.202 - - [09/Jan/2023:08:37:09 +0800] "GET /xingrg/all/function/internal_message.html?_=1673224650093&CODE_STATE=getMsg HTTP/1.1" 200 27
222.69.192.184 - - [09/Jan/2023:08:37:11 +0800] "POST /xingrg/kc/buy/cgsh_order_operate.html HTTP/1.1" 200 37
222.69.192.184 - - [09/Jan/2023:08:37:13 +0800] "POST /xingrg/kc/buy/cgsh_order_operate.html HTTP/1.1" 200 3255
222.69.192.184 - - [09/Jan/2023:08:37:14 +0800] "GET /xingrg/kc/print/load_data.html?order_code=212023010901909&kc_code=cgsh&condition= HTTP/1.1" 200 883
222.70.177.10 - - [09/Jan/2023:08:37:15 +0800] "GET /xingrg/kc/buy/cgsh_order_operate.html?command=get_materiel&rest_code=00111&code=00101008038&supplier_code=00100005&order_time=2023-01-09 HTTP/1.1" 200 412
116.238.139.35 - - [09/Jan/2023:08:37:16 +0800] "GET /xingrg/all/function/internal_message.html?_=1673224570756&CODE_STATE=getMsg HTTP/1.1" 200 27
222.69.192.184 - - [09/Jan/2023:08:37:26 +0800] "GET /xingrg/all/function/internal_message.html?_=1673224666851&CODE_STATE=getMsg HTTP/1.1" 200 27
222.70.177.10 - - [09/Jan/2023:08:37:27 +0800] "GET /xingrg/kc/buy/cgsh_order_operate.html?command=get_materiel&rest_code=00111&code=00101008113&supplier_code=00100005&order_time=2023-01-09 HTTP/1.1" 200 413
172.20.0.100 - - [09/Jan/2023:08:37:30 +0800] "GET /xingrg/all/function/internal_message.html?_=1673224669535&CODE_STATE=getMsg HTTP/1.1" 200 27
116.238.139.35 - - [09/Jan/2023:08:37:31 +0800] "GET /xingrg/all/function/internal_message.html?_=1673224672792&CODE_STATE=getMsg HTTP/1.1" 200 27
116.238.139.35 - - [09/Jan/2023:08:37:31 +0800] "GET /xingrg/check_reg.html?_=1673224672797 HTTP/1.1" 200 22
120.253.135.82 - - [09/Jan/2023:08:37:31 +0800] "GET /xingrg/all/function/internal_message.html?_=1673224483670&CODE_STATE=getMsg HTTP/1.1" 200 27
114.88.159.190 - - [09/Jan/2023:08:37:37 +0800] "GET /xingrg/all/function/internal_message.html?_=1673224272319&CODE_STATE=getMsg HTTP/1.1" 200 27
222.70.177.10 - - [09/Jan/2023:08:37:40 +0800] "GET /xingrg/kc/buy/cgsh_order_operate.html?command=get_materiel&rest_code=00111&code=00101008290&supplier_code=00100005&order_time=2023-01-09 HTTP/1.1" 200 416
222.69.192.184 - - [09/Jan/2023:08:37:43 +0800] "GET /xingrg/all/function/internal_message.html?_=1673224527195&CODE_STATE=getMsg HTTP/1.1" 200 27
58.221.95.50 - - [09/Jan/2023:08:37:50 +0800] "GET /xingrg/all/function/internal_message.html?_=1673224690304&CODE_STATE=getMsg HTTP/1.1" 200 27
222.70.177.10 - - [09/Jan/2023:08:37:51 +0800] "GET /xingrg/kc/buy/cgsh_order_operate.html?command=get_materiel&rest_code=00111&code=00101008003&supplier_code=00100005&order_time=2023-01-09 HTTP/1.1" 200 408
222.70.177.10 - - [09/Jan/2023:08:38:03 +0800] "POST /xingrg/kc/buy/cgsh_order_operate.html HTTP/1.1" 200 2065
222.70.177.10 - - [09/Jan/2023:08:38:07 +0800] "GET /xingrg/all/function/internal_message.html?_=1673224707326&CODE_STATE=getMsg HTTP/1.1" 200 27
116.235.240.202 - - [09/Jan/2023:08:38:09 +0800] "GET /xingrg/all/function/internal_message.html?_=1673224710106&CODE_STATE=getMsg HTTP/1.1" 200 27
222.70.177.10 - - [09/Jan/2023:08:38:10 +0800] "GET /xingrg/kc/buy/cgsh_order_operate.html?command=get_materiel&rest_code=00111&code=00101008361&supplier_code=00100005&order_time=2023-01-09 HTTP/1.1" 200 408
116.238.139.35 - - [09/Jan/2023:08:38:16 +0800] "GET /xingrg/all/function/internal_message.html?_=1673224630768&CODE_STATE=getMsg HTTP/1.1" 200 27
222.70.177.10 - - [09/Jan/2023:08:38:18 +0800] "GET /xingrg/kc/buy/cgsh_order_operate.html?command=get_materiel&rest_code=00111&code=00101008356&supplier_code=00100005&order_time=2023-01-09 HTTP/1.1" 200 408
222.69.192.184 - - [09/Jan/2023:08:38:26 +0800] "GET /xingrg/all/function/internal_message.html?_=1673224726852&CODE_STATE=getMsg HTTP/1.1" 200 27
114.88.159.190 - - [09/Jan/2023:08:38:27 +0800] "GET /xingrg/check_reg.html?_=1673224322949 HTTP/1.1" 200 22
172.20.0.100 - - [09/Jan/2023:08:38:30 +0800] "GET /xingrg/all/function/internal_message.html?_=1673224729538&CODE_STATE=getMsg HTTP/1.1" 200 27
116.238.139.35 - - [09/Jan/2023:08:38:31 +0800] "GET /xingrg/all/function/internal_message.html?_=1673224732797&CODE_STATE=getMsg HTTP/1.1" 200 27
120.253.135.82 - - [09/Jan/2023:08:38:31 +0800] "GET /xingrg/all/function/internal_message.html?_=1673224543682&CODE_STATE=getMsg HTTP/1.1" 200 27
222.70.177.10 - - [09/Jan/2023:08:38:36 +0800] "GET /xingrg/kc/buy/cgsh_order_operate.html?command=get_materiel&rest_code=00111&code=00101008131&supplier_code=00100005&order_time=2023-01-09 HTTP/1.1" 200 408
114.88.159.190 - - [09/Jan/2023:08:38:37 +0800] "GET /xingrg/all/function/internal_message.html?_=1673224332292&CODE_STATE=getMsg HTTP/1.1" 200 27
222.69.192.184 - - [09/Jan/2023:08:38:43 +0800] "GET /xingrg/all/function/internal_message.html?_=1673224587194&CODE_STATE=getMsg HTTP/1.1" 200 27
222.70.177.10 - - [09/Jan/2023:08:38:44 +0800] "GET /xingrg/kc/buy/cgsh_order_operate.html?command=get_materiel&rest_code=00111&code=00101008098&supplier_code=00100005&order_time=2023-01-09 HTTP/1.1" 200 412
222.70.177.10 - - [09/Jan/2023:08:38:47 +0800] "POST /xingrg/kc/buy/cgsh_order_operate.html HTTP/1.1" 200 2065
58.221.95.50 - - [09/Jan/2023:08:38:50 +0800] "GET /xingrg/all/function/internal_message.html?_=1673224750318&CODE_STATE=getMsg HTTP/1.1" 200 27
222.70.177.10 - - [09/Jan/2023:08:38:54 +0800] "GET /xingrg/kc/buy/cgsh_order_operate.html?command=get_materiel&rest_code=00111&code=00101008298&supplier_code=00100005&order_time=2023-01-09 HTTP/1.1" 200 431
222.70.177.10 - - [09/Jan/2023:08:39:03 +0800] "GET /xingrg/kc/buy/cgsh_order_operate.html?command=get_materiel&rest_code=00111&code=00101008010&supplier_code=00100005&order_time=2023-01-09 HTTP/1.1" 200 412
222.70.177.10 - - [09/Jan/2023:08:39:07 +0800] "GET /xingrg/check_reg.html?_=1673224767333 HTTP/1.1" 200 22
222.70.177.10 - - [09/Jan/2023:08:39:07 +0800] "GET /xingrg/all/function/internal_message.html?_=1673224767334&CODE_STATE=getMsg HTTP/1.1" 200 27
116.235.240.202 - - [09/Jan/2023:08:39:09 +0800] "GET /xingrg/all/function/internal_message.html?_=1673224770353&CODE_STATE=getMsg HTTP/1.1" 200 27
222.70.177.10 - - [09/Jan/2023:08:39:15 +0800] "GET /xingrg/kc/buy/cgsh_order_operate.html?command=get_materiel&rest_code=00111&code=00101008306&supplier_code=00100005&order_time=2023-01-09 HTTP/1.1" 200 412
116.238.139.35 - - [09/Jan/2023:08:39:16 +0800] "GET /xingrg/check_reg.html?_=1673224690665 HTTP/1.1" 200 22
116.238.139.35 - - [09/Jan/2023:08:39:16 +0800] "GET /xingrg/all/function/internal_message.html?_=1673224690781&CODE_STATE=getMsg HTTP/1.1" 200 27
222.70.177.10 - - [09/Jan/2023:08:39:23 +0800] "GET /xingrg/kc/buy/cgsh_order_operate.html?command=get_materiel&rest_code=00111&code=00101008296&supplier_code=00100005&order_time=2023-01-09 HTTP/1.1" 200 432
222.69.192.184 - - [09/Jan/2023:08:39:26 +0800] "GET /xingrg/all/function/internal_message.html?_=1673224786852&CODE_STATE=getMsg HTTP/1.1" 200 27
222.69.192.184 - - [09/Jan/2023:08:39:26 +0800] "GET /xingrg/check_reg.html?_=1673224786855 HTTP/1.1" 200 22
172.20.0.100 - - [09/Jan/2023:08:39:30 +0800] "GET /xingrg/all/function/internal_message.html?_=1673224789541&CODE_STATE=getMsg HTTP/1.1" 200 27
172.20.0.100 - - [09/Jan/2023:08:39:30 +0800] "GET /xingrg/check_reg.html?_=1673224789543 HTTP/1.1" 200 22
116.238.139.35 - - [09/Jan/2023:08:39:31 +0800] "GET /xingrg/all/function/internal_message.html?_=1673224792800&CODE_STATE=getMsg HTTP/1.1" 200 27
120.253.135.82 - - [09/Jan/2023:08:39:31 +0800] "GET /xingrg/all/function/internal_message.html?_=1673224603808&CODE_STATE=getMsg HTTP/1.1" 200 27
222.70.177.10 - - [09/Jan/2023:08:39:31 +0800] "GET /xingrg/kc/buy/cgsh_order_operate.html?command=get_materiel&rest_code=00111&code=00101008091&supplier_code=00100005&order_time=2023-01-09 HTTP/1.1" 200 413
222.70.177.10 - - [09/Jan/2023:08:39:35 +0800] "POST /xingrg/kc/buy/cgsh_order_operate.html HTTP/1.1" 200 2065
114.88.159.190 - - [09/Jan/2023:08:39:37 +0800] "GET /xingrg/all/function/internal_message.html?_=1673224392275&CODE_STATE=getMsg HTTP/1.1" 200 27
222.69.192.184 - - [09/Jan/2023:08:39:43 +0800] "GET /xingrg/check_reg.html?_=1673224647195 HTTP/1.1" 200 22
222.69.192.184 - - [09/Jan/2023:08:39:43 +0800] "GET /xingrg/all/function/internal_message.html?_=1673224647198&CODE_STATE=getMsg HTTP/1.1" 200 27
116.235.240.202 - - [09/Jan/2023:08:39:44 +0800] "GET /xingrg/check_reg.html?_=1673224805007 HTTP/1.1" 200 22
222.70.177.10 - - [09/Jan/2023:08:39:47 +0800] "GET /xingrg/kc/buy/cgsh_order_operate.html?command=get_materiel&rest_code=00111&code=00101008264&supplier_code=00100005&order_time=2023-01-09 HTTP/1.1" 200 412
58.221.95.50 - - [09/Jan/2023:08:39:50 +0800] "GET /xingrg/all/function/internal_message.html?_=1673224810309&CODE_STATE=getMsg HTTP/1.1" 200 27
222.70.177.10 - - [09/Jan/2023:08:40:03 +0800] "GET /xingrg/kc/buy/cgsh_order_operate.html?command=get_materiel&rest_code=00111&code=00101008360&supplier_code=00100005&order_time=2023-01-09 HTTP/1.1" 200 428
222.70.177.10 - - [09/Jan/2023:08:40:07 +0800] "GET /xingrg/all/function/internal_message.html?_=1673224827325&CODE_STATE=getMsg HTTP/1.1" 200 27
116.235.240.202 - - [09/Jan/2023:08:40:09 +0800] "GET /xingrg/all/function/internal_message.html?_=1673224830366&CODE_STATE=getMsg HTTP/1.1" 200 27
222.70.177.10 - - [09/Jan/2023:08:40:11 +0800] "GET /xingrg/kc/buy/cgsh_order_operate.html?command=get_materiel&rest_code=00111&code=00101008077&supplier_code=00100005&order_time=2023-01-09 HTTP/1.1" 200 431
222.70.177.10 - - [09/Jan/2023:08:40:14 +0800] "POST /xingrg/kc/buy/cgsh_order_operate.html HTTP/1.1" 200 2065
116.238.139.35 - - [09/Jan/2023:08:40:16 +0800] "GET /xingrg/all/function/internal_message.html?_=1673224750795&CODE_STATE=getMsg HTTP/1.1" 200 27
222.69.192.184 - - [09/Jan/2023:08:40:26 +0800] "GET /xingrg/all/function/internal_message.html?_=1673224846855&CODE_STATE=getMsg HTTP/1.1" 200 27
172.20.0.100 - - [09/Jan/2023:08:40:30 +0800] "GET /xingrg/all/function/internal_message.html?_=1673224849543&CODE_STATE=getMsg HTTP/1.1" 200 27
116.238.139.35 - - [09/Jan/2023:08:40:31 +0800] "GET /xingrg/all/function/internal_message.html?_=1673224852803&CODE_STATE=getMsg HTTP/1.1" 200 27
120.253.135.82 - - [09/Jan/2023:08:40:31 +0800] "GET /xingrg/all/function/internal_message.html?_=1673224663818&CODE_STATE=getMsg HTTP/1.1" 200 27
222.70.177.10 - - [09/Jan/2023:08:40:35 +0800] "GET /xingrg/kc/buy/cgsh_order_operate.html?command=get_materiel&rest_code=00111&code=00101008318&supplier_code=00100005&order_time=2023-01-09 HTTP/1.1" 200 408
114.88.159.190 - - [09/Jan/2023:08:40:37 +0800] "GET /xingrg/all/function/internal_message.html?_=1673224452271&CODE_STATE=getMsg HTTP/1.1" 200 27
222.70.177.10 - - [09/Jan/2023:08:40:42 +0800] "GET /xingrg/kc/buy/cgsh_order_operate.html?command=get_materiel&rest_code=00111&code=00101008005&supplier_code=00100005&order_time=2023-01-09 HTTP/1.1" 200 429
222.69.192.184 - - [09/Jan/2023:08:40:43 +0800] "GET /xingrg/all/function/internal_message.html?_=1673224707199&CODE_STATE=getMsg HTTP/1.1" 200 27
58.221.95.50 - - [09/Jan/2023:08:40:50 +0800] "GET /xingrg/all/function/internal_message.html?_=1673224870310&CODE_STATE=getMsg HTTP/1.1" 200 27
222.70.177.10 - - [09/Jan/2023:08:40:51 +0800] "GET /xingrg/kc/buy/cgsh_order_operate.html?command=get_materiel&rest_code=00111&code=00101008223&supplier_code=00100005&order_time=2023-01-09 HTTP/1.1" 200 412
222.70.177.10 - - [09/Jan/2023:08:40:57 +0800] "POST /xingrg/kc/buy/cgsh_order_operate.html HTTP/1.1" 200 2065
116.230.105.139 - - [09/Jan/2023:08:41:00 +0800] "GET /xingrg/index.html?sysBaseUrl=http%3A%2F%2F180.169.147.146%3A18081%2Fxingrg%2F&costTime=1277×tamp=1606817596806 HTTP/1.1" 302 -
116.230.105.139 - - [09/Jan/2023:08:41:00 +0800] "GET /xingrg/login.html HTTP/1.1" 200 7641
180.169.147.146 - - [09/Jan/2023:08:41:01 +0800] "GET /xingrg/check_reg.html?_=1673224882268 HTTP/1.1" 302 -
116.230.105.139 - - [09/Jan/2023:08:41:02 +0800] "GET /favicon.ico HTTP/1.1" 404 -
222.70.177.10 - - [09/Jan/2023:08:41:03 +0800] "GET /xingrg/kc/buy/cgsh_order_operate.html?command=get_materiel&rest_code=00111&code=00101008168&supplier_code=00100005&order_time=2023-01-09 HTTP/1.1" 200 412
222.70.177.10 - - [09/Jan/2023:08:41:07 +0800] "GET /xingrg/all/function/internal_message.html?_=1673224887336&CODE_STATE=getMsg HTTP/1.1" 200 27
116.235.240.202 - - [09/Jan/2023:08:41:09 +0800] "GET /xingrg/all/function/internal_message.html?_=1673224890381&CODE_STATE=getMsg HTTP/1.1" 200 27
58.221.95.50 - - [09/Jan/2023:08:41:12 +0800] "GET /xingrg/check_reg.html?_=1673224892383 HTTP/1.1" 200 22
116.238.139.35 - - [09/Jan/2023:08:41:15 +0800] "GET /xingrg/css/base.css HTTP/1.1" 304 -
116.238.139.35 - - [09/Jan/2023:08:41:15 +0800] "GET /xingrg/javascript/auto/jquery.autocomplete.css HTTP/1.1" 304 -
116.238.139.35 - - [09/Jan/2023:08:41:15 +0800] "GET /xingrg/kc/buy/cgsh_order_list.html HTTP/1.1" 200 53903
116.238.139.35 - - [09/Jan/2023:08:41:15 +0800] "GET /xingrg/javascript/jquery_tools/jquery.tools.hotkey.js HTTP/1.1" 304 -
116.238.139.35 - - [09/Jan/2023:08:41:15 +0800] "GET /xingrg/css/site.css HTTP/1.1" 304 -
116.238.139.35 - - [09/Jan/2023:08:41:15 +0800] "GET /xingrg/javascript/jquery_tools/jquery.tools.table.js HTTP/1.1" 304 -
116.238.139.35 - - [09/Jan/2023:08:41:15 +0800] "GET /xingrg/javascript/auto/jquery.autocomplete.js HTTP/1.1" 304 -
116.238.139.35 - - [09/Jan/2023:08:41:15 +0800] "GET /xingrg/javascript/easyui/easyloader.js HTTP/1.1" 304 -
116.238.139.35 - - [09/Jan/2023:08:41:15 +0800] "GET /xingrg/javascript/jquery.cookie.js HTTP/1.1" 304 -
116.238.139.35 - - [09/Jan/2023:08:41:15 +0800] "GET /xingrg/javascript/jquery_tools/list_manager.js HTTP/1.1" 304 -
116.238.139.35 - - [09/Jan/2023:08:41:15 +0800] "GET /xingrg/javascript/print/LodopFuncs.js HTTP/1.1" 304 -
116.238.139.35 - - [09/Jan/2023:08:41:15 +0800] "GET /xingrg/javascript/jquery_tools/datebox.css HTTP/1.1" 304 -
116.238.139.35 - - [09/Jan/2023:08:41:15 +0800] "GET /xingrg/javascript/easyui/themes/default/easyui.css HTTP/1.1" 304 -
116.238.139.35 - - [09/Jan/2023:08:41:15 +0800] "GET /xingrg/javascript/easyui/themes/icon.css HTTP/1.1" 304 -
116.238.139.35 - - [09/Jan/2023:08:41:15 +0800] "GET /xingrg/javascript/jquery_tools/fix.css HTTP/1.1" 304 -
116.238.139.35 - - [09/Jan/2023:08:41:15 +0800] "GET /xingrg/javascript/jquery_tools/table.css HTTP/1.1" 304 -
116.238.139.35 - - [09/Jan/2023:08:41:15 +0800] "GET /xingrg/javascript/jquery_tools/jquery.tools.min.js HTTP/1.1" 304 -
116.238.139.35 - - [09/Jan/2023:08:41:15 +0800] "GET /xingrg/javascript/jquery_tools/jquery.tools.extend.js HTTP/1.1" 304 -
116.238.139.35 - - [09/Jan/2023:08:41:15 +0800] "GET /xingrg/javascript/easyui/plugins/jquery.parser.js HTTP/1.1" 304 -
116.238.139.35 - - [09/Jan/2023:08:41:16 +0800] "GET /xingrg/all/function/internal_message.html?_=1673224810809&CODE_STATE=getMsg HTTP/1.1" 200 27
116.238.139.35 - - [09/Jan/2023:08:41:16 +0800] "POST /xingrg/kc/buy/cgsh_list_operate.html HTTP/1.1" 200 986
222.69.192.184 - - [09/Jan/2023:08:41:26 +0800] "GET /xingrg/all/function/internal_message.html?_=1673224906855&CODE_STATE=getMsg HTTP/1.1" 200 27
172.20.0.100 - - [09/Jan/2023:08:41:30 +0800] "GET /xingrg/all/function/internal_message.html?_=1673224909529&CODE_STATE=getMsg HTTP/1.1" 200 27
116.238.139.35 - - [09/Jan/2023:08:41:31 +0800] "GET /xingrg/all/function/internal_message.html?_=1673224912805&CODE_STATE=getMsg HTTP/1.1" 200 27
120.253.135.82 - - [09/Jan/2023:08:41:31 +0800] "GET /xingrg/all/function/internal_message.html?_=1673224723948&CODE_STATE=getMsg HTTP/1.1" 200 27
114.88.159.190 - - [09/Jan/2023:08:41:37 +0800] "GET /xingrg/all/function/internal_message.html?_=1673224512247&CODE_STATE=getMsg HTTP/1.1" 200 27
120.253.135.82 - - [09/Jan/2023:08:41:41 +0800] "GET /xingrg/check_reg.html?_=1673224734058 HTTP/1.1" 200 22
222.69.192.184 - - [09/Jan/2023:08:41:43 +0800] "GET /xingrg/all/function/internal_message.html?_=1673224767199&CODE_STATE=getMsg HTTP/1.1" 200 27
58.221.95.50 - - [09/Jan/2023:08:41:50 +0800] "GET /xingrg/all/function/internal_message.html?_=1673224930315&CODE_STATE=getMsg HTTP/1.1" 200 27
116.230.105.139 - - [09/Jan/2023:08:41:56 +0800] "POST /xingrg/login.do HTTP/1.1" 302 -
116.230.105.139 - - [09/Jan/2023:08:41:56 +0800] "GET /xingrg/index.html?sysBaseUrl=http%3A%2F%2F180.169.147.146%3A18081%2Fxingrg%2F&costTime=44×tamp=1673224916712 HTTP/1.1" 200 17179
116.230.105.139 - - [09/Jan/2023:08:41:57 +0800] "GET /favicon.ico HTTP/1.1" 404 -
116.230.105.139 - - [09/Jan/2023:08:41:57 +0800] "POST /xingrg/all/common/load_tree.html?tree=area_rest_tree_json&manage=1 HTTP/1.1" 200 479
116.230.105.139 - - [09/Jan/2023:08:41:57 +0800] "GET /xingrg/all/function/internal_message.html?_=1673224887845&CODE_STATE=count HTTP/1.1" 200 11
116.230.105.139 - - [09/Jan/2023:08:41:57 +0800] "POST /xingrg/load_menu.html HTTP/1.1" 200 5138
116.230.105.139 - - [09/Jan/2023:08:41:57 +0800] "GET /xingrg/check_reg.html?_=1673224887846 HTTP/1.1" 200 22
116.230.105.139 - - [09/Jan/2023:08:41:59 +0800] "GET /xingrg/kc/buy/cgsh_order_list.html HTTP/1.1" 200 53903
116.230.105.139 - - [09/Jan/2023:08:42:02 +0800] "POST /xingrg/kc/buy/cgsh_list_operate.html HTTP/1.1" 200 986
116.230.105.139 - - [09/Jan/2023:08:42:02 +0800] "GET /xingrg/kc/buy/cgsh_order_add.html HTTP/1.1" 200 69684
116.230.105.139 - - [09/Jan/2023:08:42:02 +0800] "GET /xingrg/words/20230106175022_words.js HTTP/1.1" 304 -
116.230.105.139 - - [09/Jan/2023:08:42:03 +0800] "POST /xingrg/kc/buy/cgsh_order_operate.html HTTP/1.1" 200 8245
116.230.105.139 - - [09/Jan/2023:08:42:03 +0800] "GET /xingrg/all/common/auto_word.html?type=employee&rest_code=00155 HTTP/1.1" 200 205
116.230.105.139 - - [09/Jan/2023:08:42:03 +0800] "GET /xingrg/all/common/auto_word.html?type=employee&rest_code=00155 HTTP/1.1" 200 205
116.230.105.139 - - [09/Jan/2023:08:42:03 +0800] "GET /xingrg/javascript/easyui/themes/default/validatebox.css HTTP/1.1" 404 1104
222.70.177.10 - - [09/Jan/2023:08:42:06 +0800] "GET /xingrg/kc/buy/cgsh_order_operate.html?command=get_materiel&rest_code=00111&code=00101006129&supplier_code=00100005&order_time=2023-01-09 HTTP/1.1" 200 447
222.70.177.10 - - [09/Jan/2023:08:42:07 +0800] "GET /xingrg/all/function/internal_message.html?_=1673224947326&CODE_STATE=getMsg HTTP/1.1" 200 27
116.230.105.139 - - [09/Jan/2023:08:42:07 +0800] "GET /xingrg/javascript/auto/indicator.gif HTTP/1.1" 404 1066
116.230.105.139 - - [09/Jan/2023:08:42:09 +0800] "GET /xingrg/javascript/jquery_tools/images/prev.gif HTTP/1.1" 404 1086
116.230.105.139 - - [09/Jan/2023:08:42:09 +0800] "GET /xingrg/javascript/jquery_tools/images/next.gif HTTP/1.1" 404 1086
116.235.240.202 - - [09/Jan/2023:08:42:09 +0800] "GET /xingrg/all/function/internal_message.html?_=1673224950655&CODE_STATE=getMsg HTTP/1.1" 200 27
116.230.105.139 - - [09/Jan/2023:08:42:15 +0800] "GET /xingrg/kc/buy/cgsh_order_operate.html?command=get_materiel&rest_code=00155&code=00101008261&supplier_code=00100005&order_time=2023-01-09 HTTP/1.1" 200 408
116.238.139.35 - - [09/Jan/2023:08:42:16 +0800] "GET /xingrg/all/function/internal_message.html?_=1673224870823&CODE_STATE=getMsg HTTP/1.1" 200 27
222.70.177.10 - - [09/Jan/2023:08:42:22 +0800] "POST /xingrg/kc/buy/cgsh_order_operate.html HTTP/1.1" 200 75
116.230.105.139 - - [09/Jan/2023:08:42:23 +0800] "GET /xingrg/kc/buy/cgsh_order_operate.html?command=get_materiel&rest_code=00155&code=00101008072&supplier_code=00100005&order_time=2023-01-09 HTTP/1.1" 200 408
222.69.192.184 - - [09/Jan/2023:08:42:26 +0800] "GET /xingrg/all/function/internal_message.html?_=1673224966842&CODE_STATE=getMsg HTTP/1.1" 200 27
172.20.0.100 - - [09/Jan/2023:08:42:30 +0800] "GET /xingrg/all/function/internal_message.html?_=1673224969532&CODE_STATE=getMsg HTTP/1.1" 200 27
116.230.105.139 - - [09/Jan/2023:08:42:31 +0800] "GET /xingrg/kc/buy/cgsh_order_operate.html?command=get_materiel&rest_code=00155&code=00101008210&supplier_code=00100005&order_time=2023-01-09 HTTP/1.1" 200 408
116.238.139.35 - - [09/Jan/2023:08:42:31 +0800] "GET /xingrg/check_reg.html?_=1673224972791 HTTP/1.1" 200 22
116.238.139.35 - - [09/Jan/2023:08:42:31 +0800] "GET /xingrg/all/function/internal_message.html?_=1673224972794&CODE_STATE=getMsg HTTP/1.1" 200 27
120.253.135.82 - - [09/Jan/2023:08:42:31 +0800] "GET /xingrg/all/function/internal_message.html?_=1673224783956&CODE_STATE=getMsg HTTP/1.1" 200 27
222.70.177.10 - - [09/Jan/2023:08:42:36 +0800] "POST /xingrg/kc/buy/cgsh_order_operate.html HTTP/1.1" 200 37
114.88.159.190 - - [09/Jan/2023:08:42:37 +0800] "GET /xingrg/all/function/internal_message.html?_=1673224572218&CODE_STATE=getMsg HTTP/1.1" 200 27
222.70.177.10 - - [09/Jan/2023:08:42:38 +0800] "POST /xingrg/kc/buy/cgsh_order_operate.html HTTP/1.1" 200 26363
116.230.105.139 - - [09/Jan/2023:08:42:38 +0800] "GET /xingrg/kc/buy/cgsh_order_operate.html?command=get_materiel&rest_code=00155&code=00101008358&supplier_code=00100005&order_time=2023-01-09 HTTP/1.1" 200 412
222.70.177.10 - - [09/Jan/2023:08:42:39 +0800] "GET /xingrg/kc/print/load_config.html?kc_code=cgsh HTTP/1.1" 200 1943
222.70.177.10 - - [09/Jan/2023:08:42:39 +0800] "GET /xingrg/kc/print/load_data.html?order_code=212023010901911&kc_code=cgsh&condition= HTTP/1.1" 200 9698
116.230.105.139 - - [09/Jan/2023:08:42:43 +0800] "GET /xingrg/kc/buy/cgsh_order_operate.html?command=get_materiel&rest_code=00155&code=00101008126&supplier_code=00100005&order_time=2023-01-09 HTTP/1.1" 200 412
222.69.192.184 - - [09/Jan/2023:08:42:43 +0800] "GET /xingrg/all/function/internal_message.html?_=1673224827199&CODE_STATE=getMsg HTTP/1.1" 200 27
222.70.177.10 - - [09/Jan/2023:08:42:46 +0800] "GET /xingrg/kc/buy/cgsh_order_add.html HTTP/1.1" 200 69634
222.70.177.10 - - [09/Jan/2023:08:42:46 +0800] "POST /xingrg/kc/buy/cgsh_order_operate.html HTTP/1.1" 200 8245
222.70.177.10 - - [09/Jan/2023:08:42:47 +0800] "GET /xingrg/javascript/easyui/themes/default/validatebox.css HTTP/1.1" 404 1104
116.230.105.139 - - [09/Jan/2023:08:42:49 +0800] "GET /xingrg/kc/buy/cgsh_order_operate.html?command=get_materiel&rest_code=00155&code=00101008005&supplier_code=00100005&order_time=2023-01-09 HTTP/1.1" 200 429
58.221.95.50 - - [09/Jan/2023:08:42:50 +0800] "GET /xingrg/all/function/internal_message.html?_=1673224990312&CODE_STATE=getMsg HTTP/1.1" 200 27
116.230.105.139 - - [09/Jan/2023:08:42:56 +0800] "GET /xingrg/kc/buy/cgsh_order_operate.html?command=get_materiel&rest_code=00155&code=00101008132&supplier_code=00100005&order_time=2023-01-09 HTTP/1.1" 200 408
116.230.105.139 - - [09/Jan/2023:08:42:57 +0800] "GET /xingrg/all/function/internal_message.html?_=1673224947876&CODE_STATE=getMsg HTTP/1.1" 200 27
116.230.105.139 - - [09/Jan/2023:08:43:03 +0800] "GET /xingrg/kc/buy/cgsh_order_operate.html?command=get_materiel&rest_code=00155&code=00101008055&supplier_code=00100005&order_time=2023-01-09 HTTP/1.1" 200 411
222.70.177.10 - - [09/Jan/2023:08:43:07 +0800] "GET /xingrg/all/function/internal_message.html?_=1673225007339&CODE_STATE=getMsg HTTP/1.1" 200 27
116.235.240.202 - - [09/Jan/2023:08:43:09 +0800] "GET /xingrg/all/function/internal_message.html?_=1673225010659&CODE_STATE=getMsg HTTP/1.1" 200 27
116.230.105.139 - - [09/Jan/2023:08:43:13 +0800] "GET /xingrg/kc/buy/cgsh_order_operate.html?command=get_materiel&rest_code=00155&code=00101008331&supplier_code=00100005&order_time=2023-01-09 HTTP/1.1" 200 431
222.70.177.10 - - [09/Jan/2023:08:43:16 +0800] "GET /xingrg/kc/buy/cgsh_order_operate.html?command=get_materiel&rest_code=00111&code=00101006129&supplier_code=00100012&order_time=2023-01-09 HTTP/1.1" 200 447
116.238.139.35 - - [09/Jan/2023:08:43:16 +0800] "GET /xingrg/all/function/internal_message.html?_=1673224930839&CODE_STATE=getMsg HTTP/1.1" 200 27
116.230.105.139 - - [09/Jan/2023:08:43:20 +0800] "GET /xingrg/kc/buy/cgsh_order_operate.html?command=get_materiel&rest_code=00155&code=00101008010&supplier_code=00100005&order_time=2023-01-09 HTTP/1.1" 200 412
116.230.105.139 - - [09/Jan/2023:08:43:25 +0800] "GET /xingrg/kc/buy/cgsh_order_operate.html?command=get_materiel&rest_code=00155&code=00101008354&supplier_code=00100005&order_time=2023-01-09 HTTP/1.1" 200 428
222.69.192.184 - - [09/Jan/2023:08:43:26 +0800] "GET /xingrg/all/function/internal_message.html?_=1673225026843&CODE_STATE=getMsg HTTP/1.1" 200 27
222.70.177.10 - - [09/Jan/2023:08:43:26 +0800] "GET /xingrg/kc/buy/cgsh_order_operate.html?command=get_materiel&rest_code=00111&code=00101006038&supplier_code=00100012&order_time=2023-01-09 HTTP/1.1" 200 421
114.88.159.190 - - [09/Jan/2023:08:43:28 +0800] "GET /xingrg/check_reg.html?_=1673224622944 HTTP/1.1" 200 22
172.20.0.100 - - [09/Jan/2023:08:43:30 +0800] "GET /xingrg/all/function/internal_message.html?_=1673225029534&CODE_STATE=getMsg HTTP/1.1" 200 27
116.230.105.139 - - [09/Jan/2023:08:43:31 +0800] "GET /xingrg/kc/buy/cgsh_order_operate.html?command=get_materiel&rest_code=00155&code=00101008559&supplier_code=00100005&order_time=2023-01-09 HTTP/1.1" 200 432
116.238.139.35 - - [09/Jan/2023:08:43:31 +0800] "GET /xingrg/all/function/internal_message.html?_=1673225032797&CODE_STATE=getMsg HTTP/1.1" 200 27
120.253.135.82 - - [09/Jan/2023:08:43:31 +0800] "GET /xingrg/all/function/internal_message.html?_=1673224843969&CODE_STATE=getMsg HTTP/1.1" 200 27
222.70.177.10 - - [09/Jan/2023:08:43:35 +0800] "GET /xingrg/kc/buy/cgsh_order_operate.html?command=get_materiel&rest_code=00111&code=00101011001&supplier_code=00100012&order_time=2023-01-09 HTTP/1.1" 200 423
116.230.105.139 - - [09/Jan/2023:08:43:37 +0800] "GET /xingrg/kc/buy/cgsh_order_operate.html?command=get_materiel&rest_code=00155&code=00101008096&supplier_code=00100005&order_time=2023-01-09 HTTP/1.1" 200 412
114.88.159.190 - - [09/Jan/2023:08:43:37 +0800] "GET /xingrg/all/function/internal_message.html?_=1673224632191&CODE_STATE=getMsg HTTP/1.1" 200 27
116.238.139.35 - - [09/Jan/2023:08:43:41 +0800] "GET /xingrg/kc/buy/cgsh_order_add.html HTTP/1.1" 200 69690
116.238.139.35 - - [09/Jan/2023:08:43:41 +0800] "GET /xingrg/javascript/pic_change.js HTTP/1.1" 304 -
116.238.139.35 - - [09/Jan/2023:08:43:41 +0800] "GET /xingrg/javascript/convert.js HTTP/1.1" 304 -
116.238.139.35 - - [09/Jan/2023:08:43:41 +0800] "GET /xingrg/javascript/json2.js HTTP/1.1" 304 -
116.238.139.35 - - [09/Jan/2023:08:43:41 +0800] "GET /xingrg/javascript/jquery_tools/order_manager.js HTTP/1.1" 304 -
116.238.139.35 - - [09/Jan/2023:08:43:42 +0800] "GET /xingrg/javascript/print/kc_print.js HTTP/1.1" 304 -
116.238.139.35 - - [09/Jan/2023:08:43:42 +0800] "GET /xingrg/words/20230106175022_words.js HTTP/1.1" 304 -
116.238.139.35 - - [09/Jan/2023:08:43:42 +0800] "POST /xingrg/kc/buy/cgsh_order_operate.html HTTP/1.1" 200 8245
116.238.139.35 - - [09/Jan/2023:08:43:42 +0800] "GET /xingrg/all/common/auto_word.html?type=employee&rest_code=00150 HTTP/1.1" 200 159
116.238.139.35 - - [09/Jan/2023:08:43:42 +0800] "GET /xingrg/all/common/auto_word.html?type=employee&rest_code=00150 HTTP/1.1" 200 159
116.238.139.35 - - [09/Jan/2023:08:43:42 +0800] "GET /xingrg/javascript/easyui/themes/default/validatebox.css HTTP/1.1" 404 1104
116.238.139.35 - - [09/Jan/2023:08:43:42 +0800] "GET /xingrg/javascript/easyui/plugins/jquery.validatebox.js HTTP/1.1" 304 -
116.238.139.35 - - [09/Jan/2023:08:43:42 +0800] "GET /xingrg/javascript/easyui/plugins/jquery.numberbox.js HTTP/1.1" 304 -
116.238.139.35 - - [09/Jan/2023:08:43:43 +0800] "GET /xingrg/javascript/auto/indicator.gif HTTP/1.1" 404 1066
222.69.192.184 - - [09/Jan/2023:08:43:43 +0800] "GET /xingrg/all/function/internal_message.html?_=1673224887198&CODE_STATE=getMsg HTTP/1.1" 200 27
222.70.177.10 - - [09/Jan/2023:08:43:44 +0800] "GET /xingrg/kc/buy/cgsh_order_operate.html?command=get_materiel&rest_code=00111&code=00101006006&supplier_code=00100012&order_time=2023-01-09 HTTP/1.1" 200 409
116.230.105.139 - - [09/Jan/2023:08:43:45 +0800] "GET /xingrg/kc/buy/cgsh_order_operate.html?command=get_materiel&rest_code=00155&code=00101008290&supplier_code=00100005&order_time=2023-01-09 HTTP/1.1" 200 416
58.221.95.50 - - [09/Jan/2023:08:43:50 +0800] "GET /xingrg/all/function/internal_message.html?_=1673225050311&CODE_STATE=getMsg HTTP/1.1" 200 27
116.230.105.139 - - [09/Jan/2023:08:43:50 +0800] "GET /xingrg/kc/buy/cgsh_order_operate.html?command=get_materiel&rest_code=00155&code=00101008141&supplier_code=00100005&order_time=2023-01-09 HTTP/1.1" 200 412
116.238.139.35 - - [09/Jan/2023:08:43:51 +0800] "GET /xingrg/kc/buy/cgsh_order_operate.html?command=get_materiel&rest_code=00150&code=00101016030&supplier_code=00100096&order_time=2023-01-09 HTTP/1.1" 200 412
222.70.177.10 - - [09/Jan/2023:08:43:53 +0800] "GET /xingrg/kc/buy/cgsh_order_operate.html?command=get_materiel&rest_code=00111&code=00101006065&supplier_code=00100012&order_time=2023-01-09 HTTP/1.1" 200 424
116.230.105.139 - - [09/Jan/2023:08:43:57 +0800] "GET /xingrg/all/function/internal_message.html?_=1673225007850&CODE_STATE=getMsg HTTP/1.1" 200 27
116.230.105.139 - - [09/Jan/2023:08:43:58 +0800] "GET /xingrg/kc/buy/cgsh_order_operate.html?command=get_materiel&rest_code=00155&code=00101008361&supplier_code=00100005&order_time=2023-01-09 HTTP/1.1" 200 408
116.238.139.35 - - [09/Jan/2023:08:44:01 +0800] "GET /xingrg/kc/buy/cgsh_order_operate.html?command=get_materiel&rest_code=00150&code=00101016025&supplier_code=00100096&order_time=2023-01-09 HTTP/1.1" 200 408
222.70.177.10 - - [09/Jan/2023:08:44:03 +0800] "GET /xingrg/kc/buy/cgsh_order_operate.html?command=get_materiel&rest_code=00111&code=00101006111&supplier_code=00100012&order_time=2023-01-09 HTTP/1.1" 200 409
116.230.105.139 - - [09/Jan/2023:08:44:03 +0800] "GET /xingrg/kc/buy/cgsh_order_operate.html?command=get_materiel&rest_code=00155&code=00101008148&supplier_code=00100005&order_time=2023-01-09 HTTP/1.1" 200 416
222.70.177.10 - - [09/Jan/2023:08:44:07 +0800] "GET /xingrg/all/function/internal_message.html?_=1673225067340&CODE_STATE=getMsg HTTP/1.1" 200 27
222.70.177.10 - - [09/Jan/2023:08:44:07 +0800] "GET /xingrg/check_reg.html?_=1673225067342 HTTP/1.1" 200 22
116.230.105.139 - - [09/Jan/2023:08:44:09 +0800] "GET /xingrg/kc/buy/cgsh_order_operate.html?command=get_materiel&rest_code=00155&code=00101008264&supplier_code=00100005&order_time=2023-01-09 HTTP/1.1" 200 412
116.235.240.202 - - [09/Jan/2023:08:44:10 +0800] "GET /xingrg/all/function/internal_message.html?_=1673225070991&CODE_STATE=getMsg HTTP/1.1" 200 27
116.238.139.35 - - [09/Jan/2023:08:44:11 +0800] "GET /xingrg/kc/buy/cgsh_order_operate.html?command=get_materiel&rest_code=00150&code=00101016071&supplier_code=00100096&order_time=2023-01-09 HTTP/1.1" 200 416
222.70.177.10 - - [09/Jan/2023:08:44:12 +0800] "GET /xingrg/kc/buy/cgsh_order_operate.html?command=get_materiel&rest_code=00111&code=00101006109&supplier_code=00100012&order_time=2023-01-09 HTTP/1.1" 200 425
116.230.105.139 - - [09/Jan/2023:08:44:14 +0800] "GET /xingrg/kc/buy/cgsh_order_operate.html?command=get_materiel&rest_code=00155&code=00101008161&supplier_code=00100005&order_time=2023-01-09 HTTP/1.1" 200 409
116.230.105.139 - - [09/Jan/2023:08:44:16 +0800] "POST /xingrg/kc/buy/cgsh_order_operate.html HTTP/1.1" 200 2065
116.238.139.35 - - [09/Jan/2023:08:44:16 +0800] "GET /xingrg/check_reg.html?_=1673224990663 HTTP/1.1" 200 22
116.238.139.35 - - [09/Jan/2023:08:44:16 +0800] "GET /xingrg/all/function/internal_message.html?_=1673224990849&CODE_STATE=getMsg HTTP/1.1" 200 27
116.238.139.35 - - [09/Jan/2023:08:44:18 +0800] "GET /xingrg/kc/buy/cgsh_order_operate.html?command=get_materiel&rest_code=00150&code=00101012025&supplier_code=00100096&order_time=2023-01-09 HTTP/1.1" 200 427
116.230.105.139 - - [09/Jan/2023:08:44:20 +0800] "GET /xingrg/kc/buy/cgsh_order_operate.html?command=get_materiel&rest_code=00155&code=00101008356&supplier_code=00100005&order_time=2023-01-09 HTTP/1.1" 200 408
222.70.177.10 - - [09/Jan/2023:08:44:24 +0800] "POST /xingrg/kc/buy/cgsh_order_operate.html HTTP/1.1" 200 37
222.70.177.10 - - [09/Jan/2023:08:44:25 +0800] "POST /xingrg/kc/buy/cgsh_order_operate.html HTTP/1.1" 200 6245
222.69.192.184 - - [09/Jan/2023:08:44:26 +0800] "GET /xingrg/all/function/internal_message.html?_=1673225086843&CODE_STATE=getMsg HTTP/1.1" 200 27
222.69.192.184 - - [09/Jan/2023:08:44:26 +0800] "GET /xingrg/check_reg.html?_=1673225086846 HTTP/1.1" 200 22
222.70.177.10 - - [09/Jan/2023:08:44:27 +0800] "GET /xingrg/kc/print/load_data.html?order_code=212023010901912&kc_code=cgsh&condition= HTTP/1.1" 200 2154
116.238.139.35 - - [09/Jan/2023:08:44:30 +0800] "GET /xingrg/kc/buy/cgsh_order_operate.html?command=get_materiel&rest_code=00150&code=00101001010&supplier_code=00100096&order_time=2023-01-09 HTTP/1.1" 200 426
172.20.0.100 - - [09/Jan/2023:08:44:30 +0800] "GET /xingrg/all/function/internal_message.html?_=1673225089536&CODE_STATE=getMsg HTTP/1.1" 200 27
172.20.0.100 - - [09/Jan/2023:08:44:30 +0800] "GET /xingrg/check_reg.html?_=1673225089537 HTTP/1.1" 200 22
116.238.139.35 - - [09/Jan/2023:08:44:31 +0800] "GET /xingrg/all/function/internal_message.html?_=1673225092798&CODE_STATE=getMsg HTTP/1.1" 200 27
120.253.135.82 - - [09/Jan/2023:08:44:31 +0800] "GET /xingrg/all/function/internal_message.html?_=1673224904104&CODE_STATE=getMsg HTTP/1.1" 200 27
116.230.105.139 - - [09/Jan/2023:08:44:31 +0800] "GET /xingrg/kc/buy/cgsh_order_operate.html?command=get_materiel&rest_code=00155&code=00101008251&supplier_code=00100005&order_time=2023-01-09 HTTP/1.1" 200 423
114.88.159.190 - - [09/Jan/2023:08:44:37 +0800] "GET /xingrg/all/function/internal_message.html?_=1673224692163&CODE_STATE=getMsg HTTP/1.1" 200 27
116.230.105.139 - - [09/Jan/2023:08:44:38 +0800] "GET /xingrg/kc/buy/cgsh_order_operate.html?command=get_materiel&rest_code=00155&code=00101008411&supplier_code=00100005&order_time=2023-01-09 HTTP/1.1" 200 413
222.69.192.184 - - [09/Jan/2023:08:44:43 +0800] "GET /xingrg/check_reg.html?_=1673224947199 HTTP/1.1" 200 22
222.69.192.184 - - [09/Jan/2023:08:44:43 +0800] "GET /xingrg/all/function/internal_message.html?_=1673224947200&CODE_STATE=getMsg HTTP/1.1" 200 27
116.235.240.202 - - [09/Jan/2023:08:44:44 +0800] "GET /xingrg/check_reg.html?_=1673225105261 HTTP/1.1" 200 22
116.230.105.139 - - [09/Jan/2023:08:44:45 +0800] "GET /xingrg/kc/buy/cgsh_order_operate.html?command=get_materiel&rest_code=00155&code=00101008360&supplier_code=00100005&order_time=2023-01-09 HTTP/1.1" 200 428
58.221.95.50 - - [09/Jan/2023:08:44:50 +0800] "GET /xingrg/all/function/internal_message.html?_=1673225110316&CODE_STATE=getMsg HTTP/1.1" 200 27
116.238.139.35 - - [09/Jan/2023:08:44:51 +0800] "GET /xingrg/kc/buy/cgsh_order_operate.html?command=get_materiel&rest_code=00150&code=00101006168&supplier_code=00100096&order_time=2023-01-09 HTTP/1.1" 200 423
116.230.105.139 - - [09/Jan/2023:08:44:51 +0800] "GET /xingrg/kc/buy/cgsh_order_operate.html?command=get_materiel&rest_code=00155&code=00101008196&supplier_code=00100005&order_time=2023-01-09 HTTP/1.1" 200 416
116.230.105.139 - - [09/Jan/2023:08:44:55 +0800] "POST /xingrg/kc/buy/cgsh_order_operate.html HTTP/1.1" 200 2065
116.230.105.139 - - [09/Jan/2023:08:44:57 +0800] "GET /xingrg/all/function/internal_message.html?_=1673225067851&CODE_STATE=getMsg HTTP/1.1" 200 27
116.230.105.139 - - [09/Jan/2023:08:44:59 +0800] "GET /xingrg/kc/buy/cgsh_order_operate.html?command=get_materiel&rest_code=00155&code=00101008006&supplier_code=00100005&order_time=2023-01-09 HTTP/1.1" 200 416
116.230.105.139 - - [09/Jan/2023:08:45:04 +0800] "GET /xingrg/kc/buy/cgsh_order_operate.html?command=get_materiel&rest_code=00155&code=00101008131&supplier_code=00100005&order_time=2023-01-09 HTTP/1.1" 200 408
222.70.177.10 - - [09/Jan/2023:08:45:07 +0800] "GET /xingrg/all/function/internal_message.html?_=1673225127351&CODE_STATE=getMsg HTTP/1.1" 200 27
116.235.240.202 - - [09/Jan/2023:08:45:10 +0800] "GET /xingrg/all/function/internal_message.html?_=1673225130997&CODE_STATE=getMsg HTTP/1.1" 200 27
116.238.139.35 - - [09/Jan/2023:08:45:10 +0800] "GET /xingrg/kc/buy/cgsh_order_operate.html?command=get_materiel&rest_code=00150&code=00101007077&supplier_code=00100096&order_time=2023-01-09 HTTP/1.1" 200 415
116.238.139.35 - - [09/Jan/2023:08:45:11 +0800] "POST /xingrg/services/DataTransmitService HTTP/1.1" 200 524
116.230.105.139 - - [09/Jan/2023:08:45:12 +0800] "GET /xingrg/kc/buy/cgsh_order_operate.html?command=get_materiel&rest_code=00155&code=00101008108&supplier_code=00100005&order_time=2023-01-09 HTTP/1.1" 200 412
116.238.139.35 - - [09/Jan/2023:08:45:16 +0800] "GET /xingrg/all/function/internal_message.html?_=1673225050863&CODE_STATE=getMsg HTTP/1.1" 200 27
116.238.139.35 - - [09/Jan/2023:08:45:18 +0800] "GET /xingrg/kc/buy/cgsh_order_operate.html?command=get_materiel&rest_code=00150&code=00101007061&supplier_code=00100096&order_time=2023-01-09 HTTP/1.1" 200 424
116.230.105.139 - - [09/Jan/2023:08:45:19 +0800] "GET /xingrg/kc/buy/cgsh_order_operate.html?command=get_materiel&rest_code=00155&code=00101008318&supplier_code=00100005&order_time=2023-01-09 HTTP/1.1" 200 408
222.69.192.184 - - [09/Jan/2023:08:45:26 +0800] "GET /xingrg/all/function/internal_message.html?_=1673225146845&CODE_STATE=getMsg HTTP/1.1" 200 27
116.230.105.139 - - [09/Jan/2023:08:45:28 +0800] "GET /xingrg/kc/buy/cgsh_order_operate.html?command=get_materiel&rest_code=00155&code=00101008353&supplier_code=00100005&order_time=2023-01-09 HTTP/1.1" 200 408
116.238.139.35 - - [09/Jan/2023:08:45:29 +0800] "GET /xingrg/kc/buy/cgsh_order_operate.html?command=get_materiel&rest_code=00150&code=00101007049&supplier_code=00100096&order_time=2023-01-09 HTTP/1.1" 200 424
116.230.105.139 - - [09/Jan/2023:08:45:29 +0800] "POST /xingrg/kc/buy/cgsh_order_operate.html HTTP/1.1" 200 2065
172.20.0.100 - - [09/Jan/2023:08:45:30 +0800] "GET /xingrg/all/function/internal_message.html?_=1673225149538&CODE_STATE=getMsg HTTP/1.1" 200 27
116.238.139.35 - - [09/Jan/2023:08:45:31 +0800] "GET /xingrg/all/function/internal_message.html?_=1673225152799&CODE_STATE=getMsg HTTP/1.1" 200 27
120.253.135.82 - - [09/Jan/2023:08:45:31 +0800] "GET /xingrg/all/function/internal_message.html?_=1673224964105&CODE_STATE=getMsg HTTP/1.1" 200 27
