116.235.93.82 - - [09/Jan/2023:09:27:48 +0800] "POST /xingrg/dwr/call/plaincall/AjaxReportQueryService.getFixDate.dwr HTTP/1.1" 200 111
120.253.135.82 - - [09/Jan/2023:09:27:49 +0800] "GET /xingrg/all/function/internal_message.html?_=1673227501428&CODE_STATE=getMsg HTTP/1.1" 200 27
58.221.95.50 - - [09/Jan/2023:09:27:50 +0800] "GET /xingrg/all/function/internal_message.html?_=1673227690314&CODE_STATE=getMsg HTTP/1.1" 200 27
116.235.93.82 - - [09/Jan/2023:09:27:51 +0800] "POST /xingrg/dwr/call/plaincall/AjaxReportQueryService.queryInitializeString.dwr HTTP/1.1" 200 177
116.235.93.82 - - [09/Jan/2023:09:27:52 +0800] "POST /xingrg/dwr/call/plaincall/AjaxReportQueryService.refreshCache.dwr HTTP/1.1" 200 78
116.235.93.82 - - [09/Jan/2023:09:27:53 +0800] "POST /xingrg/all/report/load_report_page.html HTTP/1.1" 200 147327
116.235.93.82 - - [09/Jan/2023:09:27:53 +0800] "GET /xingrg/servlets/image?cache=0.4350524574627248&image=px HTTP/1.1" 200 807
116.230.105.139 - - [09/Jan/2023:09:27:57 +0800] "GET /xingrg/all/function/internal_message.html?_=1673227647867&CODE_STATE=getMsg HTTP/1.1" 200 27
116.235.93.82 - - [09/Jan/2023:09:27:57 +0800] "POST /xingrg/dwr/call/plaincall/AjaxReportQueryService.queryInitializeString.dwr HTTP/1.1" 200 389
124.78.156.138 - - [09/Jan/2023:09:27:57 +0800] "GET /xingrg/kc/buy/cgsh_order_operate.html?command=get_materiel&rest_code=00106&code=00101008357&supplier_code=00100007&order_time=2023-01-09 HTTP/1.1" 200 408
116.235.93.82 - - [09/Jan/2023:09:27:58 +0800] "POST /xingrg/dwr/call/plaincall/AjaxReportQueryService.refreshCache.dwr HTTP/1.1" 200 78
116.235.93.82 - - [09/Jan/2023:09:27:59 +0800] "POST /xingrg/all/report/load_report_page.html HTTP/1.1" 200 146704
116.235.93.82 - - [09/Jan/2023:09:27:59 +0800] "GET /xingrg/servlets/image?cache=0.9450812381297514&image=px HTTP/1.1" 200 807
120.253.135.82 - - [09/Jan/2023:09:28:01 +0800] "GET /xingrg/kc/pszx/mdqp_order_list.html?state=10 HTTP/1.1" 200 10275
120.253.135.82 - - [09/Jan/2023:09:28:01 +0800] "GET /xingrg/dwr/interface/AjaxReportQueryService.js HTTP/1.1" 200 13203
120.253.135.82 - - [09/Jan/2023:09:28:01 +0800] "GET /xingrg/dwr/interface/AjaxQqpsService.js HTTP/1.1" 200 16326
120.253.135.82 - - [09/Jan/2023:09:28:02 +0800] "POST /xingrg/kc/pszx/mdps_list_operate.html HTTP/1.1" 200 1692
120.253.135.82 - - [09/Jan/2023:09:28:02 +0800] "GET /xingrg/dwr/engine.js HTTP/1.1" 200 43631
116.235.93.82 - - [09/Jan/2023:09:28:02 +0800] "POST /xingrg/all/report/load_report_page.html HTTP/1.1" 200 8713
116.235.93.82 - - [09/Jan/2023:09:28:02 +0800] "GET /xingrg/servlets/image?cache=0.516957270090928&image=px HTTP/1.1" 200 807
120.253.135.82 - - [09/Jan/2023:09:28:04 +0800] "GET /xingrg/kc/pszx/mdps_order_list.html?orderType=0 HTTP/1.1" 200 21035
120.253.135.82 - - [09/Jan/2023:09:28:04 +0800] "POST /xingrg/kc/pszx/mdps_list_operate.html HTTP/1.1" 200 5284
222.70.177.10 - - [09/Jan/2023:09:28:08 +0800] "GET /xingrg/all/function/internal_message.html?_=1673227707408&CODE_STATE=getMsg HTTP/1.1" 200 27
116.235.93.82 - - [09/Jan/2023:09:28:10 +0800] "POST /xingrg/dwr/call/plaincall/AjaxReportQueryService.getFixDate.dwr HTTP/1.1" 200 111
120.253.135.82 - - [09/Jan/2023:09:28:10 +0800] "GET /xingrg/kc/buy/cgsh_order_list.html HTTP/1.1" 200 53897
120.253.135.82 - - [09/Jan/2023:09:28:12 +0800] "POST /xingrg/kc/buy/cgsh_list_operate.html HTTP/1.1" 200 986
116.235.93.82 - - [09/Jan/2023:09:28:12 +0800] "POST /xingrg/dwr/call/plaincall/AjaxReportQueryService.refreshCache.dwr HTTP/1.1" 200 78
124.78.156.138 - - [09/Jan/2023:09:28:12 +0800] "GET /xingrg/kc/buy/cgsh_order_operate.html?command=get_materiel&rest_code=00106&code=00101008296&supplier_code=00100007&order_time=2023-01-09 HTTP/1.1" 200 432
116.235.93.82 - - [09/Jan/2023:09:28:12 +0800] "POST /xingrg/all/report/load_report_page.html HTTP/1.1" 200 158928
116.235.93.82 - - [09/Jan/2023:09:28:12 +0800] "GET /xingrg/servlets/image?cache=0.15877200272178116&image=px HTTP/1.1" 200 807
120.253.135.82 - - [09/Jan/2023:09:28:14 +0800] "GET /xingrg/kc/pszx/mdqp_order_list.html?state=10 HTTP/1.1" 200 10275
120.253.135.82 - - [09/Jan/2023:09:28:14 +0800] "GET /xingrg/dwr/interface/AjaxQqpsService.js HTTP/1.1" 200 16326
120.253.135.82 - - [09/Jan/2023:09:28:14 +0800] "GET /xingrg/dwr/interface/AjaxReportQueryService.js HTTP/1.1" 200 13203
120.253.135.82 - - [09/Jan/2023:09:28:14 +0800] "GET /xingrg/dwr/engine.js HTTP/1.1" 200 43631
116.235.240.202 - - [09/Jan/2023:09:28:15 +0800] "GET /xingrg/all/function/internal_message.html?_=1673227716136&CODE_STATE=getMsg HTTP/1.1" 200 27
116.235.93.82 - - [09/Jan/2023:09:28:15 +0800] "POST /xingrg/all/report/load_report_page.html HTTP/1.1" 200 66672
116.235.93.82 - - [09/Jan/2023:09:28:15 +0800] "GET /xingrg/servlets/image?cache=0.33380778432627545&image=px HTTP/1.1" 200 807
116.235.93.82 - - [09/Jan/2023:09:28:24 +0800] "POST /xingrg/dwr/call/plaincall/AjaxReportQueryService.queryInitializeString.dwr HTTP/1.1" 200 353
116.235.93.82 - - [09/Jan/2023:09:28:25 +0800] "POST /xingrg/dwr/call/plaincall/AjaxReportQueryService.refreshCache.dwr HTTP/1.1" 200 79
116.235.93.82 - - [09/Jan/2023:09:28:26 +0800] "POST /xingrg/all/report/load_report_page.html HTTP/1.1" 200 159490
222.69.192.184 - - [09/Jan/2023:09:28:26 +0800] "GET /xingrg/all/function/internal_message.html?_=1673227726848&CODE_STATE=getMsg HTTP/1.1" 200 27
116.235.93.82 - - [09/Jan/2023:09:28:26 +0800] "GET /xingrg/servlets/image?cache=0.013755712575188483&image=px HTTP/1.1" 200 807
114.88.159.190 - - [09/Jan/2023:09:28:27 +0800] "GET /xingrg/check_reg.html?_=1673227322827 HTTP/1.1" 200 22
116.235.93.82 - - [09/Jan/2023:09:28:28 +0800] "POST /xingrg/all/report/load_report_page.html HTTP/1.1" 200 128802
116.235.93.82 - - [09/Jan/2023:09:28:29 +0800] "GET /xingrg/servlets/image?cache=0.38248216682648706&image=px HTTP/1.1" 200 807
124.78.156.138 - - [09/Jan/2023:09:28:29 +0800] "GET /xingrg/all/function/internal_message.html?_=1673227730258&CODE_STATE=getMsg HTTP/1.1" 200 27
172.20.0.100 - - [09/Jan/2023:09:28:30 +0800] "GET /xingrg/all/function/internal_message.html?_=1673227729544&CODE_STATE=getMsg HTTP/1.1" 200 27
116.238.139.35 - - [09/Jan/2023:09:28:31 +0800] "GET /xingrg/all/function/internal_message.html?_=1673227732868&CODE_STATE=getMsg HTTP/1.1" 200 27
116.238.139.35 - - [09/Jan/2023:09:28:31 +0800] "GET /xingrg/all/function/internal_message.html?_=1673227645956&CODE_STATE=getMsg HTTP/1.1" 200 27
114.88.159.190 - - [09/Jan/2023:09:28:36 +0800] "GET /xingrg/all/function/internal_message.html?_=1673227331168&CODE_STATE=getMsg HTTP/1.1" 200 27
116.235.93.82 - - [09/Jan/2023:09:28:39 +0800] "GET /xingrg/all/function/internal_message.html?_=1673227738055&CODE_STATE=getMsg HTTP/1.1" 200 27
116.230.105.139 - - [09/Jan/2023:09:28:40 +0800] "GET /xingrg/kc/mdqp/pssh_order_list.html HTTP/1.1" 200 17851
116.230.105.139 - - [09/Jan/2023:09:28:41 +0800] "POST /xingrg/kc/mdqp/pssh_list_operate.html HTTP/1.1" 200 5438
124.78.156.138 - - [09/Jan/2023:09:28:43 +0800] "GET /xingrg/kc/buy/cgsh_order_operate.html?command=get_materiel&rest_code=00106&code=00101008375&supplier_code=00100007&order_time=2023-01-09 HTTP/1.1" 200 416
116.230.105.139 - - [09/Jan/2023:09:28:43 +0800] "POST /xingrg/kc/mdqp/pssh_list_operate.html HTTP/1.1" 200 271
116.230.105.139 - - [09/Jan/2023:09:28:43 +0800] "GET /xingrg/kc/mdqp/pssh_order_info.html?code=312023010700103 HTTP/1.1" 200 17316
116.230.105.139 - - [09/Jan/2023:09:28:43 +0800] "GET /xingrg/javascript/jquery_tools/jquery-1.4.2.min.js HTTP/1.1" 404 1094
222.69.192.184 - - [09/Jan/2023:09:28:43 +0800] "GET /xingrg/all/function/internal_message.html?_=1673227587253&CODE_STATE=getMsg HTTP/1.1" 200 27
116.230.105.139 - - [09/Jan/2023:09:28:44 +0800] "POST /xingrg/kc/mdqp/pssh_order_operate.html HTTP/1.1" 200 550
116.230.105.139 - - [09/Jan/2023:09:28:44 +0800] "GET /xingrg/javascript/easyui/themes/default/validatebox.css HTTP/1.1" 404 1104
116.230.105.139 - - [09/Jan/2023:09:28:44 +0800] "GET /xingrg/all/common/auto_word.html?type=base&rest_code=00155&rest_code=00155 HTTP/1.1" 200 1807
120.253.135.82 - - [09/Jan/2023:09:28:49 +0800] "GET /xingrg/all/function/internal_message.html?_=1673227561559&CODE_STATE=getMsg HTTP/1.1" 200 27
58.221.95.50 - - [09/Jan/2023:09:28:50 +0800] "GET /xingrg/all/function/internal_message.html?_=1673227750319&CODE_STATE=getMsg HTTP/1.1" 200 27
172.20.0.100 - - [09/Jan/2023:09:28:51 +0800] "GET /xingrg/check_reg.html?_=1673227750660 HTTP/1.1" 200 22
124.78.156.138 - - [09/Jan/2023:09:28:54 +0800] "GET /xingrg/kc/buy/cgsh_order_operate.html?command=get_materiel&rest_code=00106&code=00101008283&supplier_code=00100007&order_time=2023-01-09 HTTP/1.1" 200 408
116.230.105.139 - - [09/Jan/2023:09:28:56 +0800] "POST /xingrg/kc/mdqp/pssh_order_operate.html HTTP/1.1" 200 37
116.230.105.139 - - [09/Jan/2023:09:28:57 +0800] "POST /xingrg/kc/mdqp/pssh_order_operate.html HTTP/1.1" 200 12
124.78.156.138 - - [09/Jan/2023:09:28:57 +0800] "POST /xingrg/kc/buy/cgsh_order_operate.html HTTP/1.1" 200 2065
116.230.105.139 - - [09/Jan/2023:09:28:58 +0800] "GET /xingrg/kc/mdqp/pssh_order_info.html?code=312023010700103 HTTP/1.1" 200 14392
116.230.105.139 - - [09/Jan/2023:09:28:58 +0800] "GET /xingrg/javascript/jquery_tools/jquery-1.4.2.min.js HTTP/1.1" 404 1094
116.230.105.139 - - [09/Jan/2023:09:28:59 +0800] "POST /xingrg/kc/mdqp/pssh_order_operate.html HTTP/1.1" 200 550
116.230.105.139 - - [09/Jan/2023:09:28:59 +0800] "GET /xingrg/javascript/easyui/themes/default/validatebox.css HTTP/1.1" 404 1104
116.230.105.139 - - [09/Jan/2023:09:28:59 +0800] "GET /xingrg/kc/print/load_config.html?kc_code=pssh HTTP/1.1" 200 2291
116.230.105.139 - - [09/Jan/2023:09:28:59 +0800] "GET /xingrg/kc/print/load_data.html?order_code=312023010700103&kc_code=pssh&condition= HTTP/1.1" 200 688
116.230.105.139 - - [09/Jan/2023:09:29:05 +0800] "POST /xingrg/kc/mdqp/pssh_list_operate.html HTTP/1.1" 200 5454
116.230.105.139 - - [09/Jan/2023:09:29:06 +0800] "POST /xingrg/kc/mdqp/pssh_list_operate.html HTTP/1.1" 200 766
116.230.105.139 - - [09/Jan/2023:09:29:06 +0800] "POST /xingrg/kc/mdqp/pssh_list_operate.html HTTP/1.1" 200 5454
116.230.105.139 - - [09/Jan/2023:09:29:06 +0800] "GET /xingrg/kc/mdqp/pssh_order_info.html?code=312023010700102 HTTP/1.1" 200 17307
116.230.105.139 - - [09/Jan/2023:09:29:06 +0800] "GET /xingrg/javascript/jquery_tools/jquery-1.4.2.min.js HTTP/1.1" 404 1094
116.230.105.139 - - [09/Jan/2023:09:29:07 +0800] "POST /xingrg/kc/mdqp/pssh_order_operate.html HTTP/1.1" 200 5829
116.230.105.139 - - [09/Jan/2023:09:29:07 +0800] "GET /xingrg/javascript/easyui/themes/default/validatebox.css HTTP/1.1" 404 1104
222.70.177.10 - - [09/Jan/2023:09:29:08 +0800] "GET /xingrg/all/function/internal_message.html?_=1673227767423&CODE_STATE=getMsg HTTP/1.1" 200 27
222.70.177.10 - - [09/Jan/2023:09:29:08 +0800] "GET /xingrg/check_reg.html?_=1673227767426 HTTP/1.1" 200 22
116.230.105.139 - - [09/Jan/2023:09:29:12 +0800] "POST /xingrg/kc/mdqp/pssh_order_operate.html HTTP/1.1" 200 37
116.230.105.139 - - [09/Jan/2023:09:29:13 +0800] "POST /xingrg/kc/mdqp/pssh_order_operate.html HTTP/1.1" 200 12
116.230.105.139 - - [09/Jan/2023:09:29:13 +0800] "GET /xingrg/kc/mdqp/pssh_order_info.html?code=312023010700102 HTTP/1.1" 200 14396
116.230.105.139 - - [09/Jan/2023:09:29:13 +0800] "GET /xingrg/javascript/jquery_tools/jquery-1.4.2.min.js HTTP/1.1" 404 1094
116.230.105.139 - - [09/Jan/2023:09:29:14 +0800] "POST /xingrg/kc/mdqp/pssh_order_operate.html HTTP/1.1" 200 5829
116.230.105.139 - - [09/Jan/2023:09:29:14 +0800] "GET /xingrg/javascript/easyui/themes/default/validatebox.css HTTP/1.1" 404 1104
116.235.240.202 - - [09/Jan/2023:09:29:15 +0800] "GET /xingrg/all/function/internal_message.html?_=1673227776405&CODE_STATE=getMsg HTTP/1.1" 200 27
116.230.105.139 - - [09/Jan/2023:09:29:15 +0800] "GET /xingrg/kc/print/load_data.html?order_code=312023010700102&kc_code=pssh&condition= HTTP/1.1" 200 2538
116.230.105.139 - - [09/Jan/2023:09:29:19 +0800] "POST /xingrg/kc/mdqp/pssh_list_operate.html HTTP/1.1" 200 5479
116.230.105.139 - - [09/Jan/2023:09:29:20 +0800] "POST /xingrg/kc/mdqp/pssh_list_operate.html HTTP/1.1" 200 813
116.230.105.139 - - [09/Jan/2023:09:29:20 +0800] "POST /xingrg/kc/mdqp/pssh_list_operate.html HTTP/1.1" 200 5479
116.230.105.139 - - [09/Jan/2023:09:29:20 +0800] "GET /xingrg/kc/mdqp/pssh_order_info.html?code=312023010700101 HTTP/1.1" 200 17307
116.230.105.139 - - [09/Jan/2023:09:29:20 +0800] "GET /xingrg/javascript/jquery_tools/jquery-1.4.2.min.js HTTP/1.1" 404 1094
116.230.105.139 - - [09/Jan/2023:09:29:20 +0800] "POST /xingrg/kc/mdqp/pssh_order_operate.html HTTP/1.1" 200 10680
116.230.105.139 - - [09/Jan/2023:09:29:20 +0800] "GET /xingrg/javascript/easyui/themes/default/validatebox.css HTTP/1.1" 404 1104
116.230.105.139 - - [09/Jan/2023:09:29:25 +0800] "POST /xingrg/kc/mdqp/pssh_order_operate.html HTTP/1.1" 200 37
116.230.105.139 - - [09/Jan/2023:09:29:26 +0800] "POST /xingrg/kc/mdqp/pssh_order_operate.html HTTP/1.1" 200 12
222.69.192.184 - - [09/Jan/2023:09:29:26 +0800] "GET /xingrg/check_reg.html?_=1673227786848 HTTP/1.1" 200 22
222.69.192.184 - - [09/Jan/2023:09:29:26 +0800] "GET /xingrg/all/function/internal_message.html?_=1673227786851&CODE_STATE=getMsg HTTP/1.1" 200 27
116.230.105.139 - - [09/Jan/2023:09:29:26 +0800] "GET /xingrg/kc/mdqp/pssh_order_info.html?code=312023010700101 HTTP/1.1" 200 14396
116.230.105.139 - - [09/Jan/2023:09:29:26 +0800] "GET /xingrg/javascript/jquery_tools/jquery-1.4.2.min.js HTTP/1.1" 404 1094
116.230.105.139 - - [09/Jan/2023:09:29:27 +0800] "POST /xingrg/kc/mdqp/pssh_order_operate.html HTTP/1.1" 200 10680
116.230.105.139 - - [09/Jan/2023:09:29:27 +0800] "GET /xingrg/javascript/easyui/themes/default/validatebox.css HTTP/1.1" 404 1104
116.230.105.139 - - [09/Jan/2023:09:29:27 +0800] "GET /xingrg/kc/print/load_data.html?order_code=312023010700101&kc_code=pssh&condition= HTTP/1.1" 200 4273
124.78.156.138 - - [09/Jan/2023:09:29:29 +0800] "GET /xingrg/all/function/internal_message.html?_=1673227790261&CODE_STATE=getMsg HTTP/1.1" 200 27
172.20.0.100 - - [09/Jan/2023:09:29:30 +0800] "GET /xingrg/check_reg.html?_=1673227789531 HTTP/1.1" 200 22
172.20.0.100 - - [09/Jan/2023:09:29:30 +0800] "GET /xingrg/all/function/internal_message.html?_=1673227789532&CODE_STATE=getMsg HTTP/1.1" 200 27
116.230.105.139 - - [09/Jan/2023:09:29:31 +0800] "POST /xingrg/kc/mdqp/pssh_list_operate.html HTTP/1.1" 200 5504
116.238.139.35 - - [09/Jan/2023:09:29:31 +0800] "GET /xingrg/all/function/internal_message.html?_=1673227792870&CODE_STATE=getMsg HTTP/1.1" 200 27
116.238.139.35 - - [09/Jan/2023:09:29:31 +0800] "GET /xingrg/all/function/internal_message.html?_=1673227706036&CODE_STATE=getMsg HTTP/1.1" 200 27
116.230.105.139 - - [09/Jan/2023:09:29:32 +0800] "POST /xingrg/kc/mdqp/pssh_list_operate.html HTTP/1.1" 200 269
116.230.105.139 - - [09/Jan/2023:09:29:32 +0800] "POST /xingrg/kc/mdqp/pssh_list_operate.html HTTP/1.1" 200 5504
116.230.105.139 - - [09/Jan/2023:09:29:32 +0800] "GET /xingrg/kc/mdqp/pssh_order_info.html?code=312023010800128 HTTP/1.1" 200 17272
116.230.105.139 - - [09/Jan/2023:09:29:32 +0800] "GET /xingrg/javascript/jquery_tools/jquery-1.4.2.min.js HTTP/1.1" 404 1094
116.230.105.139 - - [09/Jan/2023:09:29:32 +0800] "POST /xingrg/kc/mdqp/pssh_order_operate.html HTTP/1.1" 200 540
116.230.105.139 - - [09/Jan/2023:09:29:32 +0800] "GET /xingrg/javascript/easyui/themes/default/validatebox.css HTTP/1.1" 404 1104
116.230.105.139 - - [09/Jan/2023:09:29:34 +0800] "POST /xingrg/all/common/load_combo.html?type=base&rest_code=00155 HTTP/1.1" 200 3233
114.88.159.190 - - [09/Jan/2023:09:29:36 +0800] "GET /xingrg/all/function/internal_message.html?_=1673227391144&CODE_STATE=getMsg HTTP/1.1" 200 27
116.235.93.82 - - [09/Jan/2023:09:29:39 +0800] "GET /xingrg/all/function/internal_message.html?_=1673227798053&CODE_STATE=getMsg HTTP/1.1" 200 27
116.230.105.139 - - [09/Jan/2023:09:29:43 +0800] "POST /xingrg/kc/mdqp/pssh_order_operate.html HTTP/1.1" 200 37
124.78.156.138 - - [09/Jan/2023:09:29:43 +0800] "GET /xingrg/kc/buy/cgsh_order_operate.html?command=get_materiel&rest_code=00106&code=00101008350&supplier_code=00100007&order_time=2023-01-09 HTTP/1.1" 200 424
222.69.192.184 - - [09/Jan/2023:09:29:43 +0800] "GET /xingrg/check_reg.html?_=1673227647241 HTTP/1.1" 200 22
222.69.192.184 - - [09/Jan/2023:09:29:43 +0800] "GET /xingrg/all/function/internal_message.html?_=1673227647243&CODE_STATE=getMsg HTTP/1.1" 200 27
116.230.105.139 - - [09/Jan/2023:09:29:43 +0800] "POST /xingrg/kc/mdqp/pssh_order_operate.html HTTP/1.1" 200 12
116.230.105.139 - - [09/Jan/2023:09:29:44 +0800] "GET /xingrg/kc/mdqp/pssh_order_info.html?code=312023010800128 HTTP/1.1" 200 14388
116.230.105.139 - - [09/Jan/2023:09:29:44 +0800] "GET /xingrg/javascript/jquery_tools/jquery-1.4.2.min.js HTTP/1.1" 404 1094
116.235.240.202 - - [09/Jan/2023:09:29:44 +0800] "GET /xingrg/check_reg.html?_=1673227805305 HTTP/1.1" 200 22
116.192.124.172 - - [09/Jan/2023:09:29:44 +0800] "POST /xingrg/services/DataTransmitService HTTP/1.1" 200 524
116.230.105.139 - - [09/Jan/2023:09:29:44 +0800] "POST /xingrg/kc/mdqp/pssh_order_operate.html HTTP/1.1" 200 540
116.230.105.139 - - [09/Jan/2023:09:29:44 +0800] "GET /xingrg/javascript/easyui/themes/default/validatebox.css HTTP/1.1" 404 1104
116.230.105.139 - - [09/Jan/2023:09:29:45 +0800] "GET /xingrg/kc/print/load_data.html?order_code=312023010800128&kc_code=pssh&condition= HTTP/1.1" 200 677
120.253.135.82 - - [09/Jan/2023:09:29:49 +0800] "GET /xingrg/all/function/internal_message.html?_=1673227621566&CODE_STATE=getMsg HTTP/1.1" 200 27
58.221.95.50 - - [09/Jan/2023:09:29:50 +0800] "GET /xingrg/all/function/internal_message.html?_=1673227810311&CODE_STATE=getMsg HTTP/1.1" 200 27
116.230.105.139 - - [09/Jan/2023:09:29:57 +0800] "GET /xingrg/all/function/internal_message.html?_=1673227767887&CODE_STATE=getMsg HTTP/1.1" 200 27
124.78.156.138 - - [09/Jan/2023:09:30:02 +0800] "GET /xingrg/kc/buy/cgsh_order_operate.html?command=get_materiel&rest_code=00106&code=00101008223&supplier_code=00100007&order_time=2023-01-09 HTTP/1.1" 200 412
222.70.177.10 - - [09/Jan/2023:09:30:08 +0800] "GET /xingrg/all/function/internal_message.html?_=1673227827410&CODE_STATE=getMsg HTTP/1.1" 200 27
116.230.105.139 - - [09/Jan/2023:09:30:09 +0800] "POST /xingrg/kc/mdqp/pssh_list_operate.html HTTP/1.1" 200 5535
116.230.105.139 - - [09/Jan/2023:09:30:09 +0800] "POST /xingrg/kc/mdqp/pssh_list_operate.html HTTP/1.1" 200 5535
116.230.105.139 - - [09/Jan/2023:09:30:09 +0800] "GET /xingrg/kc/mdqp/pssh_order_list.html HTTP/1.1" 200 17851
116.230.105.139 - - [09/Jan/2023:09:30:10 +0800] "POST /xingrg/kc/mdqp/pssh_list_operate.html HTTP/1.1" 200 5535
116.230.105.139 - - [09/Jan/2023:09:30:12 +0800] "POST /xingrg/kc/mdqp/pssh_list_operate.html HTTP/1.1" 200 814
116.235.240.202 - - [09/Jan/2023:09:30:15 +0800] "GET /xingrg/all/function/internal_message.html?_=1673227836412&CODE_STATE=getMsg HTTP/1.1" 200 27
116.230.105.139 - - [09/Jan/2023:09:30:16 +0800] "POST /xingrg/kc/mdqp/pssh_list_operate.html HTTP/1.1" 200 9121
116.230.105.139 - - [09/Jan/2023:09:30:17 +0800] "POST /xingrg/kc/mdqp/pssh_list_operate.html HTTP/1.1" 200 255
124.78.156.138 - - [09/Jan/2023:09:30:19 +0800] "GET /xingrg/kc/buy/cgsh_order_operate.html?command=get_materiel&rest_code=00106&code=00101008095&supplier_code=00100007&order_time=2023-01-09 HTTP/1.1" 200 412
222.69.192.184 - - [09/Jan/2023:09:30:26 +0800] "GET /xingrg/all/function/internal_message.html?_=1673227846850&CODE_STATE=getMsg HTTP/1.1" 200 27
124.78.156.138 - - [09/Jan/2023:09:30:29 +0800] "GET /xingrg/all/function/internal_message.html?_=1673227850241&CODE_STATE=getMsg HTTP/1.1" 200 27
172.20.0.100 - - [09/Jan/2023:09:30:30 +0800] "GET /xingrg/all/function/internal_message.html?_=1673227849534&CODE_STATE=getMsg HTTP/1.1" 200 27
116.238.139.35 - - [09/Jan/2023:09:30:31 +0800] "GET /xingrg/all/function/internal_message.html?_=1673227852878&CODE_STATE=getMsg HTTP/1.1" 200 27
116.238.139.35 - - [09/Jan/2023:09:30:31 +0800] "GET /xingrg/all/function/internal_message.html?_=1673227766045&CODE_STATE=getMsg HTTP/1.1" 200 27
114.88.159.190 - - [09/Jan/2023:09:30:36 +0800] "GET /xingrg/all/function/internal_message.html?_=1673227451124&CODE_STATE=getMsg HTTP/1.1" 200 27
116.235.93.82 - - [09/Jan/2023:09:30:39 +0800] "GET /xingrg/all/function/internal_message.html?_=1673227858062&CODE_STATE=getMsg HTTP/1.1" 200 27
222.69.192.184 - - [09/Jan/2023:09:30:43 +0800] "GET /xingrg/all/function/internal_message.html?_=1673227707243&CODE_STATE=getMsg HTTP/1.1" 200 27
120.253.135.82 - - [09/Jan/2023:09:30:49 +0800] "GET /xingrg/all/function/internal_message.html?_=1673227681700&CODE_STATE=getMsg HTTP/1.1" 200 27
58.221.95.50 - - [09/Jan/2023:09:30:50 +0800] "GET /xingrg/all/function/internal_message.html?_=1673227870303&CODE_STATE=getMsg HTTP/1.1" 200 27
124.78.156.138 - - [09/Jan/2023:09:30:55 +0800] "GET /xingrg/kc/buy/cgsh_order_operate.html?command=get_materiel&rest_code=00106&code=00101008405&supplier_code=00100007&order_time=2023-01-09 HTTP/1.1" 200 413
116.230.105.139 - - [09/Jan/2023:09:30:57 +0800] "GET /xingrg/all/function/internal_message.html?_=1673227827865&CODE_STATE=getMsg HTTP/1.1" 200 27
124.78.156.138 - - [09/Jan/2023:09:30:57 +0800] "POST /xingrg/kc/buy/cgsh_order_operate.html HTTP/1.1" 200 2065
180.169.147.146 - - [09/Jan/2023:09:31:01 +0800] "GET /xingrg/check_reg.html?_=1673227882107 HTTP/1.1" 302 -
222.70.177.10 - - [09/Jan/2023:09:31:08 +0800] "GET /xingrg/all/function/internal_message.html?_=1673227887410&CODE_STATE=getMsg HTTP/1.1" 200 27
58.221.95.50 - - [09/Jan/2023:09:31:12 +0800] "GET /xingrg/check_reg.html?_=1673227892374 HTTP/1.1" 200 22
124.78.156.138 - - [09/Jan/2023:09:31:13 +0800] "GET /xingrg/kc/buy/cgsh_order_operate.html?command=get_materiel&rest_code=00106&code=00101008061&supplier_code=00100007&order_time=2023-01-09 HTTP/1.1" 200 422
116.235.240.202 - - [09/Jan/2023:09:31:15 +0800] "GET /xingrg/all/function/internal_message.html?_=1673227896427&CODE_STATE=getMsg HTTP/1.1" 200 27
222.69.192.184 - - [09/Jan/2023:09:31:26 +0800] "GET /xingrg/all/function/internal_message.html?_=1673227906850&CODE_STATE=getMsg HTTP/1.1" 200 27
124.78.156.138 - - [09/Jan/2023:09:31:29 +0800] "GET /xingrg/check_reg.html?_=1673227910211 HTTP/1.1" 200 22
124.78.156.138 - - [09/Jan/2023:09:31:29 +0800] "GET /xingrg/all/function/internal_message.html?_=1673227910214&CODE_STATE=getMsg HTTP/1.1" 200 27
124.78.156.138 - - [09/Jan/2023:09:31:30 +0800] "GET /xingrg/kc/buy/cgsh_order_operate.html?command=get_materiel&rest_code=00106&code=00101008168&supplier_code=00100007&order_time=2023-01-09 HTTP/1.1" 200 412
172.20.0.100 - - [09/Jan/2023:09:31:30 +0800] "GET /xingrg/all/function/internal_message.html?_=1673227909536&CODE_STATE=getMsg HTTP/1.1" 200 27
116.238.139.35 - - [09/Jan/2023:09:31:31 +0800] "GET /xingrg/all/function/internal_message.html?_=1673227912879&CODE_STATE=getMsg HTTP/1.1" 200 27
116.238.139.35 - - [09/Jan/2023:09:31:31 +0800] "GET /xingrg/check_reg.html?_=1673227825662 HTTP/1.1" 200 22
116.238.139.35 - - [09/Jan/2023:09:31:31 +0800] "GET /xingrg/all/function/internal_message.html?_=1673227826059&CODE_STATE=getMsg HTTP/1.1" 200 27
114.88.159.190 - - [09/Jan/2023:09:31:36 +0800] "GET /xingrg/all/function/internal_message.html?_=1673227511097&CODE_STATE=getMsg HTTP/1.1" 200 27
116.235.93.82 - - [09/Jan/2023:09:31:39 +0800] "GET /xingrg/all/function/internal_message.html?_=1673227918066&CODE_STATE=getMsg HTTP/1.1" 200 27
222.69.192.184 - - [09/Jan/2023:09:31:43 +0800] "GET /xingrg/all/function/internal_message.html?_=1673227767270&CODE_STATE=getMsg HTTP/1.1" 200 27
120.253.135.82 - - [09/Jan/2023:09:31:48 +0800] "GET /xingrg/check_reg.html?_=1673227741063 HTTP/1.1" 200 22
120.253.135.82 - - [09/Jan/2023:09:31:49 +0800] "GET /xingrg/all/function/internal_message.html?_=1673227741859&CODE_STATE=getMsg HTTP/1.1" 200 27
124.78.156.138 - - [09/Jan/2023:09:31:50 +0800] "GET /xingrg/kc/buy/cgsh_order_operate.html?command=get_materiel&rest_code=00106&code=00101008248&supplier_code=00100007&order_time=2023-01-09 HTTP/1.1" 200 412
58.221.95.50 - - [09/Jan/2023:09:31:50 +0800] "GET /xingrg/all/function/internal_message.html?_=1673227930297&CODE_STATE=getMsg HTTP/1.1" 200 27
116.230.105.139 - - [09/Jan/2023:09:31:57 +0800] "GET /xingrg/all/function/internal_message.html?_=1673227887839&CODE_STATE=getMsg HTTP/1.1" 200 27
116.230.105.139 - - [09/Jan/2023:09:31:57 +0800] "GET /xingrg/check_reg.html?_=1673227887867 HTTP/1.1" 200 22
222.70.177.10 - - [09/Jan/2023:09:32:08 +0800] "GET /xingrg/all/function/internal_message.html?_=1673227947409&CODE_STATE=getMsg HTTP/1.1" 200 27
116.235.240.202 - - [09/Jan/2023:09:32:15 +0800] "GET /xingrg/all/function/internal_message.html?_=1673227956692&CODE_STATE=getMsg HTTP/1.1" 200 27
124.78.156.138 - - [09/Jan/2023:09:32:19 +0800] "GET /xingrg/kc/buy/cgsh_order_operate.html?command=get_materiel&rest_code=00106&code=00101008370&supplier_code=00100007&order_time=2023-01-09 HTTP/1.1" 200 412
222.69.192.184 - - [09/Jan/2023:09:32:26 +0800] "GET /xingrg/all/function/internal_message.html?_=1673227966850&CODE_STATE=getMsg HTTP/1.1" 200 27
124.78.156.138 - - [09/Jan/2023:09:32:29 +0800] "GET /xingrg/all/function/internal_message.html?_=1673227970209&CODE_STATE=getMsg HTTP/1.1" 200 27
172.20.0.100 - - [09/Jan/2023:09:32:30 +0800] "GET /xingrg/all/function/internal_message.html?_=1673227969539&CODE_STATE=getMsg HTTP/1.1" 200 27
116.238.139.35 - - [09/Jan/2023:09:32:31 +0800] "GET /xingrg/all/function/internal_message.html?_=1673227972881&CODE_STATE=getMsg HTTP/1.1" 200 27
116.238.139.35 - - [09/Jan/2023:09:32:31 +0800] "GET /xingrg/check_reg.html?_=1673227972890 HTTP/1.1" 200 22
116.238.139.35 - - [09/Jan/2023:09:32:32 +0800] "GET /xingrg/all/function/internal_message.html?_=1673227886072&CODE_STATE=getMsg HTTP/1.1" 200 27
120.253.135.82 - - [09/Jan/2023:09:32:32 +0800] "GET /xingrg/kc/pszx/mdqp_order_list.html?state=10 HTTP/1.1" 200 10275
120.253.135.82 - - [09/Jan/2023:09:32:32 +0800] "GET /xingrg/dwr/engine.js HTTP/1.1" 200 43631
120.253.135.82 - - [09/Jan/2023:09:32:32 +0800] "GET /xingrg/dwr/interface/AjaxQqpsService.js HTTP/1.1" 200 16326
120.253.135.82 - - [09/Jan/2023:09:32:32 +0800] "GET /xingrg/dwr/interface/AjaxReportQueryService.js HTTP/1.1" 200 13203
114.88.159.190 - - [09/Jan/2023:09:32:36 +0800] "GET /xingrg/all/function/internal_message.html?_=1673227571068&CODE_STATE=getMsg HTTP/1.1" 200 27
120.253.135.82 - - [09/Jan/2023:09:32:36 +0800] "GET /xingrg/kc/buy/cgsh_order_list.html HTTP/1.1" 200 53897
120.253.135.82 - - [09/Jan/2023:09:32:37 +0800] "POST /xingrg/kc/buy/cgsh_list_operate.html HTTP/1.1" 200 986
116.235.93.82 - - [09/Jan/2023:09:32:39 +0800] "GET /xingrg/check_reg.html?_=1673227978048 HTTP/1.1" 200 22
116.235.93.82 - - [09/Jan/2023:09:32:39 +0800] "GET /xingrg/all/function/internal_message.html?_=1673227978054&CODE_STATE=getMsg HTTP/1.1" 200 27
222.69.192.184 - - [09/Jan/2023:09:32:43 +0800] "GET /xingrg/all/function/internal_message.html?_=1673227827270&CODE_STATE=getMsg HTTP/1.1" 200 27
116.230.105.139 - - [09/Jan/2023:09:32:46 +0800] "GET /xingrg/kc/mdqp/pssh_order_list.html HTTP/1.1" 200 17851
116.230.105.139 - - [09/Jan/2023:09:32:46 +0800] "POST /xingrg/kc/mdqp/pssh_list_operate.html HTTP/1.1" 200 9121
116.230.105.139 - - [09/Jan/2023:09:32:48 +0800] "GET /xingrg/kc/buy/cgsh_order_list.html HTTP/1.1" 200 53903
124.78.156.138 - - [09/Jan/2023:09:32:48 +0800] "GET /xingrg/kc/buy/cgsh_order_operate.html?command=get_materiel&rest_code=00106&code=00101008126&supplier_code=00100007&order_time=2023-01-09 HTTP/1.1" 200 412
120.253.135.82 - - [09/Jan/2023:09:32:49 +0800] "GET /xingrg/all/function/internal_message.html?_=1673227801872&CODE_STATE=getMsg HTTP/1.1" 200 27
58.221.95.50 - - [09/Jan/2023:09:32:50 +0800] "GET /xingrg/all/function/internal_message.html?_=1673227990313&CODE_STATE=getMsg HTTP/1.1" 200 27
116.230.105.139 - - [09/Jan/2023:09:32:50 +0800] "POST /xingrg/kc/buy/cgsh_list_operate.html HTTP/1.1" 200 3589
124.78.156.138 - - [09/Jan/2023:09:32:50 +0800] "POST /xingrg/kc/buy/cgsh_order_operate.html HTTP/1.1" 200 2065
120.253.135.82 - - [09/Jan/2023:09:32:55 +0800] "GET /xingrg/kc/pszx/mdqp_order_list.html?state=10 HTTP/1.1" 200 10275
120.253.135.82 - - [09/Jan/2023:09:32:55 +0800] "GET /xingrg/dwr/interface/AjaxQqpsService.js HTTP/1.1" 200 16326
120.253.135.82 - - [09/Jan/2023:09:32:55 +0800] "GET /xingrg/dwr/interface/AjaxReportQueryService.js HTTP/1.1" 200 13203
120.253.135.82 - - [09/Jan/2023:09:32:55 +0800] "GET /xingrg/dwr/engine.js HTTP/1.1" 200 43631
116.230.105.139 - - [09/Jan/2023:09:32:57 +0800] "GET /xingrg/all/function/internal_message.html?_=1673227947819&CODE_STATE=getMsg HTTP/1.1" 200 27
120.253.135.82 - - [09/Jan/2023:09:32:58 +0800] "GET /xingrg/kc/pszx/mdqp_order_list.html?state=10 HTTP/1.1" 200 10275
120.253.135.82 - - [09/Jan/2023:09:32:58 +0800] "GET /xingrg/dwr/interface/AjaxQqpsService.js HTTP/1.1" 200 16326
120.253.135.82 - - [09/Jan/2023:09:32:58 +0800] "GET /xingrg/dwr/interface/AjaxReportQueryService.js HTTP/1.1" 200 13203
120.253.135.82 - - [09/Jan/2023:09:32:58 +0800] "GET /xingrg/dwr/engine.js HTTP/1.1" 200 43631
120.253.135.82 - - [09/Jan/2023:09:33:04 +0800] "GET /xingrg/kc/pszx/mdqp_order_list.html?state=10 HTTP/1.1" 200 10275
120.253.135.82 - - [09/Jan/2023:09:33:04 +0800] "GET /xingrg/dwr/interface/AjaxReportQueryService.js HTTP/1.1" 200 13203
120.253.135.82 - - [09/Jan/2023:09:33:04 +0800] "GET /xingrg/dwr/interface/AjaxQqpsService.js HTTP/1.1" 200 16326
120.253.135.82 - - [09/Jan/2023:09:33:04 +0800] "GET /xingrg/dwr/engine.js HTTP/1.1" 200 43631
124.78.156.138 - - [09/Jan/2023:09:33:05 +0800] "GET /xingrg/kc/buy/cgsh_order_operate.html?command=get_materiel&rest_code=00106&code=00101008067&supplier_code=00100007&order_time=2023-01-09 HTTP/1.1" 200 416
222.70.177.10 - - [09/Jan/2023:09:33:08 +0800] "GET /xingrg/all/function/internal_message.html?_=1673228007409&CODE_STATE=getMsg HTTP/1.1" 200 27
116.235.240.202 - - [09/Jan/2023:09:33:15 +0800] "GET /xingrg/all/function/internal_message.html?_=1673228016702&CODE_STATE=getMsg HTTP/1.1" 200 27
222.69.192.184 - - [09/Jan/2023:09:33:26 +0800] "GET /xingrg/all/function/internal_message.html?_=1673228026852&CODE_STATE=getMsg HTTP/1.1" 200 27
114.88.159.190 - - [09/Jan/2023:09:33:27 +0800] "GET /xingrg/check_reg.html?_=1673227622799 HTTP/1.1" 200 22
124.78.156.138 - - [09/Jan/2023:09:33:29 +0800] "GET /xingrg/all/function/internal_message.html?_=1673228030214&CODE_STATE=getMsg HTTP/1.1" 200 27
172.20.0.100 - - [09/Jan/2023:09:33:30 +0800] "GET /xingrg/all/function/internal_message.html?_=1673228029540&CODE_STATE=getMsg HTTP/1.1" 200 27
116.238.139.35 - - [09/Jan/2023:09:33:31 +0800] "GET /xingrg/all/function/internal_message.html?_=1673228032891&CODE_STATE=getMsg HTTP/1.1" 200 27
116.238.139.35 - - [09/Jan/2023:09:33:32 +0800] "GET /xingrg/all/function/internal_message.html?_=1673227946085&CODE_STATE=getMsg HTTP/1.1" 200 27
114.88.159.190 - - [09/Jan/2023:09:33:35 +0800] "GET /xingrg/all/function/internal_message.html?_=1673227631039&CODE_STATE=getMsg HTTP/1.1" 200 27
116.235.93.82 - - [09/Jan/2023:09:33:39 +0800] "GET /xingrg/all/function/internal_message.html?_=1673228038045&CODE_STATE=getMsg HTTP/1.1" 200 27
124.78.156.138 - - [09/Jan/2023:09:33:41 +0800] "GET /xingrg/kc/buy/cgsh_order_operate.html?command=get_materiel&rest_code=00106&code=00101008059&supplier_code=00100007&order_time=2023-01-09 HTTP/1.1" 200 408
222.69.192.184 - - [09/Jan/2023:09:33:43 +0800] "GET /xingrg/all/function/internal_message.html?_=1673227887271&CODE_STATE=getMsg HTTP/1.1" 200 27
120.253.135.82 - - [09/Jan/2023:09:33:49 +0800] "GET /xingrg/all/function/internal_message.html?_=1673227861885&CODE_STATE=getMsg HTTP/1.1" 200 27
58.221.95.50 - - [09/Jan/2023:09:33:50 +0800] "GET /xingrg/all/function/internal_message.html?_=1673228050309&CODE_STATE=getMsg HTTP/1.1" 200 27
172.20.0.100 - - [09/Jan/2023:09:33:51 +0800] "GET /xingrg/check_reg.html?_=1673228050634 HTTP/1.1" 200 22
116.230.105.139 - - [09/Jan/2023:09:33:57 +0800] "GET /xingrg/all/function/internal_message.html?_=1673228007804&CODE_STATE=getMsg HTTP/1.1" 200 27
222.70.177.10 - - [09/Jan/2023:09:34:08 +0800] "GET /xingrg/all/function/internal_message.html?_=1673228067409&CODE_STATE=getMsg HTTP/1.1" 200 27
222.70.177.10 - - [09/Jan/2023:09:34:08 +0800] "GET /xingrg/check_reg.html?_=1673228067412 HTTP/1.1" 200 22
124.78.156.138 - - [09/Jan/2023:09:34:13 +0800] "GET /xingrg/kc/buy/cgsh_order_operate.html?command=get_materiel&rest_code=00106&code=00101008224&supplier_code=00100007&order_time=2023-01-09 HTTP/1.1" 200 431
116.235.240.202 - - [09/Jan/2023:09:34:16 +0800] "GET /xingrg/all/function/internal_message.html?_=1673228077017&CODE_STATE=getMsg HTTP/1.1" 200 27
222.69.192.184 - - [09/Jan/2023:09:34:26 +0800] "GET /xingrg/check_reg.html?_=1673228086852 HTTP/1.1" 200 22
222.69.192.184 - - [09/Jan/2023:09:34:26 +0800] "GET /xingrg/all/function/internal_message.html?_=1673228086855&CODE_STATE=getMsg HTTP/1.1" 200 27
124.78.156.138 - - [09/Jan/2023:09:34:29 +0800] "GET /xingrg/kc/buy/cgsh_order_operate.html?command=get_materiel&rest_code=00106&code=00101008239&supplier_code=00100007&order_time=2023-01-09 HTTP/1.1" 200 416
124.78.156.138 - - [09/Jan/2023:09:34:29 +0800] "GET /xingrg/all/function/internal_message.html?_=1673228090281&CODE_STATE=getMsg HTTP/1.1" 200 27
172.20.0.100 - - [09/Jan/2023:09:34:30 +0800] "GET /xingrg/check_reg.html?_=1673228089541 HTTP/1.1" 200 22
172.20.0.100 - - [09/Jan/2023:09:34:30 +0800] "GET /xingrg/all/function/internal_message.html?_=1673228089543&CODE_STATE=getMsg HTTP/1.1" 200 27
116.238.139.35 - - [09/Jan/2023:09:34:31 +0800] "GET /xingrg/all/function/internal_message.html?_=1673228092893&CODE_STATE=getMsg HTTP/1.1" 200 27
116.238.139.35 - - [09/Jan/2023:09:34:32 +0800] "GET /xingrg/all/function/internal_message.html?_=1673228006178&CODE_STATE=getMsg HTTP/1.1" 200 27
114.88.159.190 - - [09/Jan/2023:09:34:35 +0800] "GET /xingrg/all/function/internal_message.html?_=1673227691045&CODE_STATE=getMsg HTTP/1.1" 200 27
116.235.93.82 - - [09/Jan/2023:09:34:39 +0800] "GET /xingrg/all/function/internal_message.html?_=1673228098045&CODE_STATE=getMsg HTTP/1.1" 200 27
222.69.192.184 - - [09/Jan/2023:09:34:43 +0800] "GET /xingrg/check_reg.html?_=1673227947271 HTTP/1.1" 200 22
222.69.192.184 - - [09/Jan/2023:09:34:43 +0800] "GET /xingrg/all/function/internal_message.html?_=1673227947274&CODE_STATE=getMsg HTTP/1.1" 200 27
116.235.240.202 - - [09/Jan/2023:09:34:44 +0800] "GET /xingrg/check_reg.html?_=1673228105311 HTTP/1.1" 200 22
120.253.135.82 - - [09/Jan/2023:09:34:49 +0800] "GET /xingrg/all/function/internal_message.html?_=1673227921899&CODE_STATE=getMsg HTTP/1.1" 200 27
58.221.95.50 - - [09/Jan/2023:09:34:50 +0800] "GET /xingrg/all/function/internal_message.html?_=1673228110308&CODE_STATE=getMsg HTTP/1.1" 200 27
222.70.177.10 - - [09/Jan/2023:09:34:57 +0800] "POST /xingrg/services/DataTransmitService HTTP/1.1" 200 524
116.230.105.139 - - [09/Jan/2023:09:34:57 +0800] "GET /xingrg/all/function/internal_message.html?_=1673228067778&CODE_STATE=getMsg HTTP/1.1" 200 27
124.78.156.138 - - [09/Jan/2023:09:34:57 +0800] "GET /xingrg/kc/buy/cgsh_order_operate.html?command=get_materiel&rest_code=00106&code=00101008562&supplier_code=00100007&order_time=2023-01-09 HTTP/1.1" 200 425
222.70.177.10 - - [09/Jan/2023:09:35:08 +0800] "GET /xingrg/all/function/internal_message.html?_=1673228127410&CODE_STATE=getMsg HTTP/1.1" 200 27
116.235.240.202 - - [09/Jan/2023:09:35:15 +0800] "GET /xingrg/all/function/internal_message.html?_=1673228137026&CODE_STATE=getMsg HTTP/1.1" 200 27
222.69.192.184 - - [09/Jan/2023:09:35:26 +0800] "GET /xingrg/all/function/internal_message.html?_=1673228146854&CODE_STATE=getMsg HTTP/1.1" 200 27
124.78.156.138 - - [09/Jan/2023:09:35:29 +0800] "GET /xingrg/all/function/internal_message.html?_=1673228150262&CODE_STATE=getMsg HTTP/1.1" 200 27
172.20.0.100 - - [09/Jan/2023:09:35:30 +0800] "GET /xingrg/all/function/internal_message.html?_=1673228149545&CODE_STATE=getMsg HTTP/1.1" 200 27
116.238.139.35 - - [09/Jan/2023:09:35:31 +0800] "GET /xingrg/all/function/internal_message.html?_=1673228152882&CODE_STATE=getMsg HTTP/1.1" 200 27
116.238.139.35 - - [09/Jan/2023:09:35:32 +0800] "GET /xingrg/all/function/internal_message.html?_=1673228066191&CODE_STATE=getMsg HTTP/1.1" 200 27
114.88.159.190 - - [09/Jan/2023:09:35:35 +0800] "GET /xingrg/all/function/internal_message.html?_=1673227751018&CODE_STATE=getMsg HTTP/1.1" 200 27
116.235.93.82 - - [09/Jan/2023:09:35:39 +0800] "GET /xingrg/all/function/internal_message.html?_=1673228158064&CODE_STATE=getMsg HTTP/1.1" 200 27
222.69.192.184 - - [09/Jan/2023:09:35:43 +0800] "GET /xingrg/all/function/internal_message.html?_=1673228007274&CODE_STATE=getMsg HTTP/1.1" 200 27
120.253.135.82 - - [09/Jan/2023:09:35:49 +0800] "GET /xingrg/all/function/internal_message.html?_=1673227982045&CODE_STATE=getMsg HTTP/1.1" 200 27
58.221.95.50 - - [09/Jan/2023:09:35:50 +0800] "GET /xingrg/all/function/internal_message.html?_=1673228170303&CODE_STATE=getMsg HTTP/1.1" 200 27
116.230.105.139 - - [09/Jan/2023:09:35:57 +0800] "GET /xingrg/all/function/internal_message.html?_=1673228127772&CODE_STATE=getMsg HTTP/1.1" 200 27
180.169.147.146 - - [09/Jan/2023:09:36:01 +0800] "GET /xingrg/check_reg.html?_=1673228182080 HTTP/1.1" 302 -
222.70.177.10 - - [09/Jan/2023:09:36:08 +0800] "GET /xingrg/all/function/internal_message.html?_=1673228187412&CODE_STATE=getMsg HTTP/1.1" 200 27
58.221.95.50 - - [09/Jan/2023:09:36:12 +0800] "GET /xingrg/check_reg.html?_=1673228192377 HTTP/1.1" 200 22
116.235.240.202 - - [09/Jan/2023:09:36:16 +0800] "GET /xingrg/all/function/internal_message.html?_=1673228197040&CODE_STATE=getMsg HTTP/1.1" 200 27
222.69.192.184 - - [09/Jan/2023:09:36:26 +0800] "GET /xingrg/all/function/internal_message.html?_=1673228206854&CODE_STATE=getMsg HTTP/1.1" 200 27
124.78.156.138 - - [09/Jan/2023:09:36:29 +0800] "GET /xingrg/check_reg.html?_=1673228210215 HTTP/1.1" 200 22
124.78.156.138 - - [09/Jan/2023:09:36:29 +0800] "GET /xingrg/all/function/internal_message.html?_=1673228210234&CODE_STATE=getMsg HTTP/1.1" 200 27
172.20.0.100 - - [09/Jan/2023:09:36:30 +0800] "GET /xingrg/all/function/internal_message.html?_=1673228209530&CODE_STATE=getMsg HTTP/1.1" 200 27
116.238.139.35 - - [09/Jan/2023:09:36:31 +0800] "GET /xingrg/all/function/internal_message.html?_=1673228212884&CODE_STATE=getMsg HTTP/1.1" 200 27
116.238.139.35 - - [09/Jan/2023:09:36:31 +0800] "GET /xingrg/check_reg.html?_=1673228125742 HTTP/1.1" 200 22
116.238.139.35 - - [09/Jan/2023:09:36:32 +0800] "GET /xingrg/all/function/internal_message.html?_=1673228126204&CODE_STATE=getMsg HTTP/1.1" 200 27
114.88.159.190 - - [09/Jan/2023:09:36:35 +0800] "GET /xingrg/all/function/internal_message.html?_=1673227810997&CODE_STATE=getMsg HTTP/1.1" 200 27
116.235.93.82 - - [09/Jan/2023:09:36:39 +0800] "GET /xingrg/all/function/internal_message.html?_=1673228218065&CODE_STATE=getMsg HTTP/1.1" 200 27
222.69.192.184 - - [09/Jan/2023:09:36:43 +0800] "GET /xingrg/all/function/internal_message.html?_=1673228067274&CODE_STATE=getMsg HTTP/1.1" 200 27
120.253.135.82 - - [09/Jan/2023:09:36:48 +0800] "GET /xingrg/check_reg.html?_=1673228041070 HTTP/1.1" 200 22
120.253.135.82 - - [09/Jan/2023:09:36:49 +0800] "GET /xingrg/all/function/internal_message.html?_=1673228042168&CODE_STATE=getMsg HTTP/1.1" 200 27
58.221.95.50 - - [09/Jan/2023:09:36:50 +0800] "GET /xingrg/all/function/internal_message.html?_=1673228230300&CODE_STATE=getMsg HTTP/1.1" 200 27
124.78.156.138 - - [09/Jan/2023:09:36:54 +0800] "GET /xingrg/kc/buy/cgsh_order_operate.html?command=get_materiel&rest_code=00106&code=00101008024&supplier_code=00100007&order_time=2023-01-09 HTTP/1.1" 200 408
116.230.105.139 - - [09/Jan/2023:09:36:57 +0800] "GET /xingrg/all/function/internal_message.html?_=1673228187752&CODE_STATE=getMsg HTTP/1.1" 200 27
116.230.105.139 - - [09/Jan/2023:09:36:57 +0800] "GET /xingrg/check_reg.html?_=1673228187859 HTTP/1.1" 200 22
222.70.177.10 - - [09/Jan/2023:09:37:08 +0800] "GET /xingrg/all/function/internal_message.html?_=1673228247411&CODE_STATE=getMsg HTTP/1.1" 200 27
222.70.177.10 - - [09/Jan/2023:09:37:13 +0800] "GET /xingrg/kc/buy/cgsh_order_add.html HTTP/1.1" 200 69634
222.70.177.10 - - [09/Jan/2023:09:37:14 +0800] "POST /xingrg/kc/buy/cgsh_order_operate.html HTTP/1.1" 200 8245
222.70.177.10 - - [09/Jan/2023:09:37:14 +0800] "GET /xingrg/javascript/easyui/themes/default/validatebox.css HTTP/1.1" 404 1104
116.235.240.202 - - [09/Jan/2023:09:37:16 +0800] "GET /xingrg/all/function/internal_message.html?_=1673228257323&CODE_STATE=getMsg HTTP/1.1" 200 27
124.78.156.138 - - [09/Jan/2023:09:37:18 +0800] "POST /xingrg/kc/buy/cgsh_order_operate.html HTTP/1.1" 200 37
124.78.156.138 - - [09/Jan/2023:09:37:21 +0800] "POST /xingrg/kc/buy/cgsh_order_operate.html HTTP/1.1" 200 22185
114.84.171.241 - - [09/Jan/2023:09:37:22 +0800] "GET /favicon.ico HTTP/1.1" 404 -
114.84.171.241 - - [09/Jan/2023:09:37:23 +0800] "GET /xingrg/login.html HTTP/1.1" 200 7641
114.84.171.241 - - [09/Jan/2023:09:37:23 +0800] "GET /xingrg/images/blue/jxLogo.png HTTP/1.1" 304 -
114.84.171.241 - - [09/Jan/2023:09:37:23 +0800] "GET /xingrg/images/blue/login_bg.png HTTP/1.1" 304 -
114.84.171.241 - - [09/Jan/2023:09:37:23 +0800] "GET /xingrg/images/blue/hj.png HTTP/1.1" 304 -
114.84.171.241 - - [09/Jan/2023:09:37:23 +0800] "GET /xingrg/images/blue/srbg.png HTTP/1.1" 304 -
114.84.171.241 - - [09/Jan/2023:09:37:24 +0800] "GET /favicon.ico HTTP/1.1" 404 -
222.69.192.184 - - [09/Jan/2023:09:37:26 +0800] "GET /xingrg/all/function/internal_message.html?_=1673228266855&CODE_STATE=getMsg HTTP/1.1" 200 27
124.78.156.138 - - [09/Jan/2023:09:37:29 +0800] "GET /xingrg/all/function/internal_message.html?_=1673228270243&CODE_STATE=getMsg HTTP/1.1" 200 27
172.20.0.100 - - [09/Jan/2023:09:37:30 +0800] "GET /xingrg/all/function/internal_message.html?_=1673228269531&CODE_STATE=getMsg HTTP/1.1" 200 27
116.238.139.35 - - [09/Jan/2023:09:37:31 +0800] "GET /xingrg/all/function/internal_message.html?_=1673228272885&CODE_STATE=getMsg HTTP/1.1" 200 27
116.238.139.35 - - [09/Jan/2023:09:37:31 +0800] "GET /xingrg/check_reg.html?_=1673228272889 HTTP/1.1" 200 22
116.238.139.35 - - [09/Jan/2023:09:37:32 +0800] "GET /xingrg/all/function/internal_message.html?_=1673228186219&CODE_STATE=getMsg HTTP/1.1" 200 27
114.84.171.241 - - [09/Jan/2023:09:37:35 +0800] "POST /xingrg/login.do HTTP/1.1" 302 -
114.84.171.241 - - [09/Jan/2023:09:37:35 +0800] "GET /xingrg/javascript/jquery_easy_ui/themes/default/easyui.css HTTP/1.1" 304 -
114.84.171.241 - - [09/Jan/2023:09:37:35 +0800] "GET /xingrg/javascript/jquery_easy_ui/themes/icon.css HTTP/1.1" 304 -
114.84.171.241 - - [09/Jan/2023:09:37:35 +0800] "GET /xingrg/index.html?sysBaseUrl=http%3A%2F%2F180.169.147.146%3A18081%2Fxingrg%2F&costTime=43×tamp=1673228255807 HTTP/1.1" 200 17179
114.84.171.241 - - [09/Jan/2023:09:37:35 +0800] "GET /xingrg/javascript/jquery_easy_ui/easyui-lang-zh_CN.js HTTP/1.1" 304 -
114.84.171.241 - - [09/Jan/2023:09:37:35 +0800] "GET /xingrg/javascript/jquery.form.js HTTP/1.1" 304 -
114.88.159.190 - - [09/Jan/2023:09:37:35 +0800] "GET /xingrg/all/function/internal_message.html?_=1673227870976&CODE_STATE=getMsg HTTP/1.1" 200 27
114.84.171.241 - - [09/Jan/2023:09:37:35 +0800] "GET /xingrg/javascript/jquery.utils.js HTTP/1.1" 304 -
114.84.171.241 - - [09/Jan/2023:09:37:35 +0800] "GET /xingrg/javascript/jquery.timers.js HTTP/1.1" 304 -
114.84.171.241 - - [09/Jan/2023:09:37:35 +0800] "GET /xingrg/javascript/jquery-1.4.2.min.js HTTP/1.1" 304 -
114.84.171.241 - - [09/Jan/2023:09:37:35 +0800] "GET /xingrg/css/form.css HTTP/1.1" 304 -
114.84.171.241 - - [09/Jan/2023:09:37:36 +0800] "GET /favicon.ico HTTP/1.1" 404 -
114.84.171.241 - - [09/Jan/2023:09:37:36 +0800] "GET /xingrg/javascript/jquery_easy_ui/jquery.easyui.min.js HTTP/1.1" 304 -
222.70.177.10 - - [09/Jan/2023:09:37:36 +0800] "GET /xingrg/kc/buy/cgsh_order_operate.html?command=get_materiel&rest_code=00111&code=00101002027&supplier_code=00100199&order_time=2023-01-09 HTTP/1.1" 200 431
114.84.171.241 - - [09/Jan/2023:09:37:36 +0800] "GET /xingrg/javascript/jquery_easy_ui/themes/icons/settle_new.png HTTP/1.1" 304 -
114.84.171.241 - - [09/Jan/2023:09:37:36 +0800] "GET /xingrg/images/blue/navBackgound.jpg HTTP/1.1" 304 -
114.84.171.241 - - [09/Jan/2023:09:37:36 +0800] "POST /xingrg/all/common/load_tree.html?tree=area_rest_tree_json&manage=1 HTTP/1.1" 200 351
114.84.171.241 - - [09/Jan/2023:09:37:36 +0800] "GET /xingrg/all/function/internal_message.html?_=1673228276054&CODE_STATE=count HTTP/1.1" 200 11
114.84.171.241 - - [09/Jan/2023:09:37:36 +0800] "GET /xingrg/check_reg.html?_=1673228276056 HTTP/1.1" 200 22
114.84.171.241 - - [09/Jan/2023:09:37:36 +0800] "GET /xingrg/images/blue/pingpu.png HTTP/1.1" 304 -
114.84.171.241 - - [09/Jan/2023:09:37:36 +0800] "GET /xingrg/javascript/jquery_easy_ui/themes/default/images/tabs_rightarrow.png HTTP/1.1" 304 -
114.84.171.241 - - [09/Jan/2023:09:37:36 +0800] "GET /xingrg/javascript/jquery_easy_ui/themes/default/images/tabs_leftarrow.png HTTP/1.1" 304 -
114.84.171.241 - - [09/Jan/2023:09:37:36 +0800] "GET /xingrg/javascript/jquery_easy_ui/themes/default/images/panel_tool_collapse.gif HTTP/1.1" 304 -
114.84.171.241 - - [09/Jan/2023:09:37:36 +0800] "POST /xingrg/load_menu.html HTTP/1.1" 200 5138
114.84.171.241 - - [09/Jan/2023:09:37:36 +0800] "GET /xingrg/javascript/jquery_easy_ui/themes/default/images/tree_arrows.gif HTTP/1.1" 304 -
114.84.171.241 - - [09/Jan/2023:09:37:36 +0800] "GET /xingrg/javascript/jquery_easy_ui/themes/default/images/tree_folder_open.gif HTTP/1.1" 304 -
114.84.171.241 - - [09/Jan/2023:09:37:36 +0800] "GET /xingrg/javascript/jquery_easy_ui/themes/icons/search_new.png HTTP/1.1" 304 -
114.84.171.241 - - [09/Jan/2023:09:37:36 +0800] "GET /xingrg/javascript/jquery_easy_ui/themes/default/images/tree_folder.gif HTTP/1.1" 304 -
114.84.171.241 - - [09/Jan/2023:09:37:36 +0800] "GET /xingrg/javascript/jquery_easy_ui/themes/icons/storage_new.png HTTP/1.1" 304 -
114.84.171.241 - - [09/Jan/2023:09:37:36 +0800] "GET /xingrg/javascript/jquery_easy_ui/themes/icons/forms_new.png HTTP/1.1" 304 -
114.84.171.241 - - [09/Jan/2023:09:37:36 +0800] "GET /xingrg/javascript/jquery_easy_ui/themes/default/images/tree_file.gif HTTP/1.1" 304 -
116.235.93.82 - - [09/Jan/2023:09:37:39 +0800] "GET /xingrg/check_reg.html?_=1673228278038 HTTP/1.1" 200 22
116.235.93.82 - - [09/Jan/2023:09:37:39 +0800] "GET /xingrg/all/function/internal_message.html?_=1673228278043&CODE_STATE=getMsg HTTP/1.1" 200 27
116.238.139.35 - - [09/Jan/2023:09:37:40 +0800] "GET /xingrg/kc/buy/cgsh_order_add.html HTTP/1.1" 200 69288
114.84.171.241 - - [09/Jan/2023:09:37:40 +0800] "GET /xingrg/javascript/jquery_easy_ui/themes/icons/rest.png HTTP/1.1" 304 -
114.84.171.241 - - [09/Jan/2023:09:37:40 +0800] "GET /xingrg/javascript/jquery_easy_ui/themes/icons/area.png HTTP/1.1" 304 -
116.238.139.35 - - [09/Jan/2023:09:37:40 +0800] "POST /xingrg/kc/buy/cgsh_order_operate.html HTTP/1.1" 200 8245
116.238.139.35 - - [09/Jan/2023:09:37:41 +0800] "GET /xingrg/javascript/easyui/themes/default/validatebox.css HTTP/1.1" 404 1104
222.69.192.184 - - [09/Jan/2023:09:37:43 +0800] "GET /xingrg/all/function/internal_message.html?_=1673228127274&CODE_STATE=getMsg HTTP/1.1" 200 27
120.253.135.82 - - [09/Jan/2023:09:37:49 +0800] "GET /xingrg/all/function/internal_message.html?_=1673228102175&CODE_STATE=getMsg HTTP/1.1" 200 27
58.221.95.50 - - [09/Jan/2023:09:37:50 +0800] "GET /xingrg/all/function/internal_message.html?_=1673228290315&CODE_STATE=getMsg HTTP/1.1" 200 27
116.238.139.35 - - [09/Jan/2023:09:37:51 +0800] "GET /xingrg/kc/buy/cgsh_order_operate.html?command=get_materiel&rest_code=00151&code=00101009053&supplier_code=00100022&order_time=2023-01-09 HTTP/1.1" 200 408
116.230.105.139 - - [09/Jan/2023:09:37:57 +0800] "GET /xingrg/all/function/internal_message.html?_=1673228247738&CODE_STATE=getMsg HTTP/1.1" 200 27
222.70.177.10 - - [09/Jan/2023:09:38:01 +0800] "POST /xingrg/kc/buy/cgsh_order_operate.html HTTP/1.1" 200 37
116.238.139.35 - - [09/Jan/2023:09:38:03 +0800] "GET /xingrg/kc/buy/cgsh_order_operate.html?command=get_materiel&rest_code=00151&code=00101009011&supplier_code=00100022&order_time=2023-01-09 HTTP/1.1" 200 416
222.70.177.10 - - [09/Jan/2023:09:38:04 +0800] "POST /xingrg/kc/buy/cgsh_order_operate.html HTTP/1.1" 200 3260
222.70.177.10 - - [09/Jan/2023:09:38:06 +0800] "GET /xingrg/kc/print/load_data.html?order_code=212023010901924&kc_code=cgsh&condition= HTTP/1.1" 200 901
222.70.177.10 - - [09/Jan/2023:09:38:08 +0800] "GET /xingrg/all/function/internal_message.html?_=1673228307550&CODE_STATE=getMsg HTTP/1.1" 200 27
116.238.139.35 - - [09/Jan/2023:09:38:11 +0800] "GET /xingrg/kc/buy/cgsh_order_operate.html?command=get_materiel&rest_code=00151&code=00101009010&supplier_code=00100022&order_time=2023-01-09 HTTP/1.1" 200 412
222.70.177.10 - - [09/Jan/2023:09:38:11 +0800] "GET /xingrg/kc/buy/cgsh_order_add.html HTTP/1.1" 200 69634
222.70.177.10 - - [09/Jan/2023:09:38:11 +0800] "POST /xingrg/kc/buy/cgsh_order_operate.html HTTP/1.1" 200 8245
222.70.177.10 - - [09/Jan/2023:09:38:11 +0800] "GET /xingrg/javascript/easyui/themes/default/validatebox.css HTTP/1.1" 404 1104
124.78.156.138 - - [09/Jan/2023:09:38:15 +0800] "POST /xingrg/kc/buy/cgsh_order_operate.html HTTP/1.1" 200 37
116.235.240.202 - - [09/Jan/2023:09:38:16 +0800] "GET /xingrg/all/function/internal_message.html?_=1673228317333&CODE_STATE=getMsg HTTP/1.1" 200 27
124.78.156.138 - - [09/Jan/2023:09:38:16 +0800] "POST /xingrg/kc/buy/cgsh_order_operate.html HTTP/1.1" 200 22185
124.78.156.138 - - [09/Jan/2023:09:38:19 +0800] "GET /xingrg/kc/buy/cgsh_order_add.html HTTP/1.1" 200 69672
124.78.156.138 - - [09/Jan/2023:09:38:19 +0800] "POST /xingrg/kc/buy/cgsh_order_operate.html HTTP/1.1" 200 8245
124.78.156.138 - - [09/Jan/2023:09:38:19 +0800] "GET /xingrg/javascript/easyui/themes/default/validatebox.css HTTP/1.1" 404 1104
