222.69.192.184 - - [09/Jan/2023:07:42:35 +0800] "GET /xingrg/kc/buy/cgsh_order_operate.html?command=get_materiel&rest_code=00105&code=00101008360&supplier_code=00100203&order_time=2023-01-09 HTTP/1.1" 200 428
114.88.159.190 - - [09/Jan/2023:07:42:38 +0800] "GET /xingrg/all/function/internal_message.html?_=1673220973561&CODE_STATE=getMsg HTTP/1.1" 200 27
222.69.192.184 - - [09/Jan/2023:07:42:39 +0800] "GET /xingrg/all/function/internal_message.html?_=1673221379855&CODE_STATE=getMsg HTTP/1.1" 200 27
222.69.192.184 - - [09/Jan/2023:07:42:43 +0800] "GET /xingrg/kc/buy/cgsh_order_operate.html?command=get_materiel&rest_code=00105&code=00101008197&supplier_code=00100203&order_time=2023-01-09 HTTP/1.1" 200 417
58.221.95.50 - - [09/Jan/2023:07:42:50 +0800] "GET /xingrg/all/function/internal_message.html?_=1673221390323&CODE_STATE=getMsg HTTP/1.1" 200 27
222.69.192.184 - - [09/Jan/2023:07:42:51 +0800] "GET /xingrg/kc/buy/cgsh_order_operate.html?command=get_materiel&rest_code=00105&code=00101008357&supplier_code=00100203&order_time=2023-01-09 HTTP/1.1" 200 408
222.69.192.184 - - [09/Jan/2023:07:42:57 +0800] "POST /xingrg/kc/buy/cgsh_order_operate.html HTTP/1.1" 200 2065
222.69.192.184 - - [09/Jan/2023:07:42:58 +0800] "POST /xingrg/kc/buy/cgsh_order_operate.html HTTP/1.1" 200 2065
116.235.240.202 - - [09/Jan/2023:07:43:04 +0800] "GET /xingrg/all/function/internal_message.html?_=1673221405318&CODE_STATE=getMsg HTTP/1.1" 200 27
222.69.192.184 - - [09/Jan/2023:07:43:06 +0800] "GET /xingrg/kc/buy/cgsh_order_operate.html?command=get_materiel&rest_code=00105&code=00101008069&supplier_code=00100203&order_time=2023-01-09 HTTP/1.1" 200 412
116.238.139.35 - - [09/Jan/2023:07:43:06 +0800] "GET /xingrg/check_reg.html?_=1673221321019 HTTP/1.1" 200 22
222.69.192.184 - - [09/Jan/2023:07:43:12 +0800] "GET /xingrg/kc/buy/cgsh_order_operate.html?command=get_materiel&rest_code=00105&code=00101008131&supplier_code=00100203&order_time=2023-01-09 HTTP/1.1" 200 408
116.238.139.35 - - [09/Jan/2023:07:43:18 +0800] "GET /xingrg/all/function/internal_message.html?_=1673221332938&CODE_STATE=getMsg HTTP/1.1" 200 27
222.69.192.184 - - [09/Jan/2023:07:43:18 +0800] "GET /xingrg/kc/buy/cgsh_order_operate.html?command=get_materiel&rest_code=00105&code=00101008318&supplier_code=00100203&order_time=2023-01-09 HTTP/1.1" 200 408
222.69.192.184 - - [09/Jan/2023:07:43:25 +0800] "GET /xingrg/kc/buy/cgsh_order_operate.html?command=get_materiel&rest_code=00105&code=00101008352&supplier_code=00100203&order_time=2023-01-09 HTTP/1.1" 200 412
114.88.159.190 - - [09/Jan/2023:07:43:28 +0800] "GET /xingrg/check_reg.html?_=1673221023058 HTTP/1.1" 200 22
120.253.135.82 - - [09/Jan/2023:07:43:28 +0800] "GET /xingrg/all/function/internal_message.html?_=1673221240750&CODE_STATE=getMsg HTTP/1.1" 200 27
172.20.0.100 - - [09/Jan/2023:07:43:30 +0800] "GET /xingrg/all/function/internal_message.html?_=1673221429531&CODE_STATE=getMsg HTTP/1.1" 200 27
116.238.139.35 - - [09/Jan/2023:07:43:31 +0800] "GET /xingrg/all/function/internal_message.html?_=1673221432704&CODE_STATE=getMsg HTTP/1.1" 200 27
222.69.192.184 - - [09/Jan/2023:07:43:33 +0800] "GET /xingrg/kc/buy/cgsh_order_operate.html?command=get_materiel&rest_code=00105&code=00101008005&supplier_code=00100203&order_time=2023-01-09 HTTP/1.1" 200 429
114.88.159.190 - - [09/Jan/2023:07:43:38 +0800] "GET /xingrg/all/function/internal_message.html?_=1673221033536&CODE_STATE=getMsg HTTP/1.1" 200 27
222.69.192.184 - - [09/Jan/2023:07:43:39 +0800] "GET /xingrg/all/function/internal_message.html?_=1673221439879&CODE_STATE=getMsg HTTP/1.1" 200 27
222.69.192.184 - - [09/Jan/2023:07:43:43 +0800] "GET /xingrg/kc/buy/cgsh_order_operate.html?command=get_materiel&rest_code=00105&code=00101008353&supplier_code=00100203&order_time=2023-01-09 HTTP/1.1" 200 408
58.221.95.50 - - [09/Jan/2023:07:43:50 +0800] "GET /xingrg/all/function/internal_message.html?_=1673221450301&CODE_STATE=getMsg HTTP/1.1" 200 27
222.69.192.184 - - [09/Jan/2023:07:43:50 +0800] "GET /xingrg/kc/buy/cgsh_order_operate.html?command=get_materiel&rest_code=00105&code=00101008298&supplier_code=00100203&order_time=2023-01-09 HTTP/1.1" 200 431
222.69.192.184 - - [09/Jan/2023:07:43:57 +0800] "GET /xingrg/kc/buy/cgsh_order_operate.html?command=get_materiel&rest_code=00105&code=00101008105&supplier_code=00100203&order_time=2023-01-09 HTTP/1.1" 200 412
116.235.240.202 - - [09/Jan/2023:07:44:04 +0800] "GET /xingrg/all/function/internal_message.html?_=1673221465599&CODE_STATE=getMsg HTTP/1.1" 200 27
222.69.192.184 - - [09/Jan/2023:07:44:07 +0800] "GET /xingrg/kc/buy/cgsh_order_operate.html?command=get_materiel&rest_code=00105&code=00101015038&supplier_code=00100203&order_time=2023-01-09 HTTP/1.1" 200 418
222.69.192.184 - - [09/Jan/2023:07:44:14 +0800] "GET /xingrg/kc/buy/cgsh_order_operate.html?command=get_materiel&rest_code=00105&code=00101008055&supplier_code=00100203&order_time=2023-01-09 HTTP/1.1" 200 409
116.238.139.35 - - [09/Jan/2023:07:44:18 +0800] "GET /xingrg/all/function/internal_message.html?_=1673221392951&CODE_STATE=getMsg HTTP/1.1" 200 27
222.69.192.184 - - [09/Jan/2023:07:44:26 +0800] "GET /xingrg/kc/buy/cgsh_order_operate.html?command=get_materiel&rest_code=00105&code=00101008186&supplier_code=00100203&order_time=2023-01-09 HTTP/1.1" 200 408
120.253.135.82 - - [09/Jan/2023:07:44:28 +0800] "GET /xingrg/all/function/internal_message.html?_=1673221300860&CODE_STATE=getMsg HTTP/1.1" 200 27
172.20.0.100 - - [09/Jan/2023:07:44:30 +0800] "GET /xingrg/all/function/internal_message.html?_=1673221489532&CODE_STATE=getMsg HTTP/1.1" 200 27
172.20.0.100 - - [09/Jan/2023:07:44:30 +0800] "GET /xingrg/check_reg.html?_=1673221489533 HTTP/1.1" 200 22
116.238.139.35 - - [09/Jan/2023:07:44:31 +0800] "GET /xingrg/all/function/internal_message.html?_=1673221492707&CODE_STATE=getMsg HTTP/1.1" 200 27
222.69.192.184 - - [09/Jan/2023:07:44:34 +0800] "GET /xingrg/kc/buy/cgsh_order_operate.html?command=get_materiel&rest_code=00105&code=00101008283&supplier_code=00100203&order_time=2023-01-09 HTTP/1.1" 200 408
114.88.159.190 - - [09/Jan/2023:07:44:38 +0800] "GET /xingrg/all/function/internal_message.html?_=1673221093514&CODE_STATE=getMsg HTTP/1.1" 200 27
222.69.192.184 - - [09/Jan/2023:07:44:39 +0800] "GET /xingrg/all/function/internal_message.html?_=1673221499882&CODE_STATE=getMsg HTTP/1.1" 200 27
116.235.240.202 - - [09/Jan/2023:07:44:43 +0800] "GET /xingrg/check_reg.html?_=1673221504727 HTTP/1.1" 200 22
222.69.192.184 - - [09/Jan/2023:07:44:47 +0800] "POST /xingrg/kc/buy/cgsh_order_operate.html HTTP/1.1" 200 2065
222.69.192.184 - - [09/Jan/2023:07:44:49 +0800] "POST /xingrg/kc/buy/cgsh_order_operate.html HTTP/1.1" 200 2065
58.221.95.50 - - [09/Jan/2023:07:44:50 +0800] "GET /xingrg/all/function/internal_message.html?_=1673221510314&CODE_STATE=getMsg HTTP/1.1" 200 27
222.69.192.184 - - [09/Jan/2023:07:44:57 +0800] "GET /xingrg/kc/buy/cgsh_order_operate.html?command=get_materiel&rest_code=00105&code=00101008212&supplier_code=00100203&order_time=2023-01-09 HTTP/1.1" 200 412
116.235.240.202 - - [09/Jan/2023:07:45:04 +0800] "GET /xingrg/all/function/internal_message.html?_=1673221525610&CODE_STATE=getMsg HTTP/1.1" 200 27
222.69.192.184 - - [09/Jan/2023:07:45:05 +0800] "GET /xingrg/kc/buy/cgsh_order_operate.html?command=get_materiel&rest_code=00105&code=00101008108&supplier_code=00100203&order_time=2023-01-09 HTTP/1.1" 200 412
222.69.192.184 - - [09/Jan/2023:07:45:13 +0800] "GET /xingrg/kc/buy/cgsh_order_operate.html?command=get_materiel&rest_code=00105&code=00101019525&supplier_code=00100203&order_time=2023-01-09 HTTP/1.1" 200 421
116.238.139.35 - - [09/Jan/2023:07:45:18 +0800] "GET /xingrg/all/function/internal_message.html?_=1673221452987&CODE_STATE=getMsg HTTP/1.1" 200 27
222.69.192.184 - - [09/Jan/2023:07:45:21 +0800] "GET /xingrg/kc/buy/cgsh_order_operate.html?command=get_materiel&rest_code=00105&code=00101008350&supplier_code=00100203&order_time=2023-01-09 HTTP/1.1" 200 424
120.253.135.82 - - [09/Jan/2023:07:45:28 +0800] "GET /xingrg/all/function/internal_message.html?_=1673221360871&CODE_STATE=getMsg HTTP/1.1" 200 27
172.20.0.100 - - [09/Jan/2023:07:45:30 +0800] "GET /xingrg/all/function/internal_message.html?_=1673221549534&CODE_STATE=getMsg HTTP/1.1" 200 27
116.238.139.35 - - [09/Jan/2023:07:45:31 +0800] "GET /xingrg/all/function/internal_message.html?_=1673221552708&CODE_STATE=getMsg HTTP/1.1" 200 27
114.88.159.190 - - [09/Jan/2023:07:45:38 +0800] "GET /xingrg/all/function/internal_message.html?_=1673221153491&CODE_STATE=getMsg HTTP/1.1" 200 27
222.69.192.184 - - [09/Jan/2023:07:45:39 +0800] "GET /xingrg/check_reg.html?_=1673221559806 HTTP/1.1" 200 22
222.69.192.184 - - [09/Jan/2023:07:45:39 +0800] "GET /xingrg/all/function/internal_message.html?_=1673221559805&CODE_STATE=getMsg HTTP/1.1" 200 27
222.69.192.184 - - [09/Jan/2023:07:45:46 +0800] "GET /xingrg/kc/buy/cgsh_order_operate.html?command=get_materiel&rest_code=00105&code=00101008112&supplier_code=00100203&order_time=2023-01-09 HTTP/1.1" 200 412
58.221.95.50 - - [09/Jan/2023:07:45:50 +0800] "GET /xingrg/all/function/internal_message.html?_=1673221570305&CODE_STATE=getMsg HTTP/1.1" 200 27
120.253.135.82 - - [09/Jan/2023:07:45:54 +0800] "GET /xingrg/kc/buy/cgsh_order_list.html HTTP/1.1" 200 53897
120.253.135.82 - - [09/Jan/2023:07:45:55 +0800] "POST /xingrg/kc/buy/cgsh_list_operate.html HTTP/1.1" 200 986
120.253.135.82 - - [09/Jan/2023:07:45:57 +0800] "GET /xingrg/kc/buy/cgsh_order_add.html HTTP/1.1" 200 68742
120.253.135.82 - - [09/Jan/2023:07:45:58 +0800] "POST /xingrg/kc/buy/cgsh_order_operate.html HTTP/1.1" 200 8245
120.253.135.82 - - [09/Jan/2023:07:45:58 +0800] "GET /xingrg/javascript/easyui/themes/default/validatebox.css HTTP/1.1" 404 1104
222.69.192.184 - - [09/Jan/2023:07:45:59 +0800] "GET /xingrg/kc/buy/cgsh_order_operate.html?command=get_materiel&rest_code=00105&code=00101008114&supplier_code=00100203&order_time=2023-01-09 HTTP/1.1" 200 412
180.169.147.146 - - [09/Jan/2023:07:46:01 +0800] "GET /xingrg/check_reg.html?_=1673221582497 HTTP/1.1" 302 -
120.253.135.82 - - [09/Jan/2023:07:46:03 +0800] "POST /xingrg/all/common/load_combo.html?type=employee HTTP/1.1" 200 1752
116.235.240.202 - - [09/Jan/2023:07:46:04 +0800] "GET /xingrg/all/function/internal_message.html?_=1673221585624&CODE_STATE=getMsg HTTP/1.1" 200 27
222.69.192.184 - - [09/Jan/2023:07:46:06 +0800] "GET /xingrg/kc/buy/cgsh_order_operate.html?command=get_materiel&rest_code=00105&code=00101008405&supplier_code=00100203&order_time=2023-01-09 HTTP/1.1" 200 413
58.221.95.50 - - [09/Jan/2023:07:46:12 +0800] "GET /xingrg/check_reg.html?_=1673221592373 HTTP/1.1" 200 22
222.69.192.184 - - [09/Jan/2023:07:46:16 +0800] "GET /xingrg/kc/buy/cgsh_order_operate.html?command=get_materiel&rest_code=00105&code=00101008248&supplier_code=00100203&order_time=2023-01-09 HTTP/1.1" 200 412
116.238.139.35 - - [09/Jan/2023:07:46:18 +0800] "GET /xingrg/all/function/internal_message.html?_=1673221512994&CODE_STATE=getMsg HTTP/1.1" 200 27
120.253.135.82 - - [09/Jan/2023:07:46:19 +0800] "GET /xingrg/kc/buy/cgsh_order_operate.html?command=get_materiel&rest_code=00101&code=00101013106&supplier_code=00100151&order_time=2023-01-09 HTTP/1.1" 200 428
222.69.192.184 - - [09/Jan/2023:07:46:26 +0800] "GET /xingrg/kc/buy/cgsh_order_operate.html?command=get_materiel&rest_code=00105&code=00101008331&supplier_code=00100203&order_time=2023-01-09 HTTP/1.1" 200 431
120.253.135.82 - - [09/Jan/2023:07:46:28 +0800] "GET /xingrg/all/function/internal_message.html?_=1673221420886&CODE_STATE=getMsg HTTP/1.1" 200 27
222.69.192.184 - - [09/Jan/2023:07:46:29 +0800] "POST /xingrg/kc/buy/cgsh_order_operate.html HTTP/1.1" 200 2065
172.20.0.100 - - [09/Jan/2023:07:46:30 +0800] "GET /xingrg/all/function/internal_message.html?_=1673221609535&CODE_STATE=getMsg HTTP/1.1" 200 27
222.69.192.184 - - [09/Jan/2023:07:46:30 +0800] "POST /xingrg/kc/buy/cgsh_order_operate.html HTTP/1.1" 200 2065
116.238.139.35 - - [09/Jan/2023:07:46:31 +0800] "GET /xingrg/all/function/internal_message.html?_=1673221612710&CODE_STATE=getMsg HTTP/1.1" 200 27
120.253.135.82 - - [09/Jan/2023:07:46:34 +0800] "POST /xingrg/kc/buy/cgsh_order_operate.html HTTP/1.1" 200 37
120.253.135.82 - - [09/Jan/2023:07:46:36 +0800] "POST /xingrg/kc/buy/cgsh_order_operate.html HTTP/1.1" 200 2665
120.253.135.82 - - [09/Jan/2023:07:46:37 +0800] "GET /xingrg/kc/print/load_data.html?order_code=212023010901906&kc_code=cgsh&condition= HTTP/1.1" 200 652
114.88.159.190 - - [09/Jan/2023:07:46:38 +0800] "GET /xingrg/all/function/internal_message.html?_=1673221213500&CODE_STATE=getMsg HTTP/1.1" 200 27
222.69.192.184 - - [09/Jan/2023:07:46:38 +0800] "GET /xingrg/kc/buy/cgsh_order_operate.html?command=get_materiel&rest_code=00105&code=00101008502&supplier_code=00100203&order_time=2023-01-09 HTTP/1.1" 200 412
222.69.192.184 - - [09/Jan/2023:07:46:39 +0800] "GET /xingrg/all/function/internal_message.html?_=1673221619795&CODE_STATE=getMsg HTTP/1.1" 200 27
120.253.135.82 - - [09/Jan/2023:07:46:41 +0800] "GET /xingrg/check_reg.html?_=1673221433794 HTTP/1.1" 200 22
58.221.95.50 - - [09/Jan/2023:07:46:50 +0800] "GET /xingrg/all/function/internal_message.html?_=1673221630310&CODE_STATE=getMsg HTTP/1.1" 200 27
222.69.192.184 - - [09/Jan/2023:07:46:53 +0800] "GET /xingrg/kc/buy/cgsh_order_operate.html?command=get_materiel&rest_code=00105&code=00101008087&supplier_code=00100203&order_time=2023-01-09 HTTP/1.1" 200 412
222.69.192.184 - - [09/Jan/2023:07:47:00 +0800] "GET /xingrg/kc/buy/cgsh_order_operate.html?command=get_materiel&rest_code=00105&code=00101015053&supplier_code=00100203&order_time=2023-01-09 HTTP/1.1" 200 412
116.235.240.202 - - [09/Jan/2023:07:47:05 +0800] "GET /xingrg/all/function/internal_message.html?_=1673221645881&CODE_STATE=getMsg HTTP/1.1" 200 27
222.69.192.184 - - [09/Jan/2023:07:47:07 +0800] "GET /xingrg/kc/buy/cgsh_order_operate.html?command=get_materiel&rest_code=00105&code=00101008361&supplier_code=00100203&order_time=2023-01-09 HTTP/1.1" 200 408
116.238.139.35 - - [09/Jan/2023:07:47:18 +0800] "GET /xingrg/all/function/internal_message.html?_=1673221573029&CODE_STATE=getMsg HTTP/1.1" 200 27
222.69.192.184 - - [09/Jan/2023:07:47:19 +0800] "GET /xingrg/kc/buy/cgsh_order_operate.html?command=get_materiel&rest_code=00105&code=00101008251&supplier_code=00100203&order_time=2023-01-09 HTTP/1.1" 200 423
120.253.135.82 - - [09/Jan/2023:07:47:28 +0800] "POST /xingrg/kc/buy/cgsh_order_operate.html HTTP/1.1" 200 37
120.253.135.82 - - [09/Jan/2023:07:47:28 +0800] "GET /xingrg/all/function/internal_message.html?_=1673221480898&CODE_STATE=getMsg HTTP/1.1" 200 27
172.20.0.100 - - [09/Jan/2023:07:47:30 +0800] "GET /xingrg/all/function/internal_message.html?_=1673221669538&CODE_STATE=getMsg HTTP/1.1" 200 27
116.238.139.35 - - [09/Jan/2023:07:47:31 +0800] "GET /xingrg/check_reg.html?_=1673221672711 HTTP/1.1" 200 22
116.238.139.35 - - [09/Jan/2023:07:47:31 +0800] "GET /xingrg/all/function/internal_message.html?_=1673221672715&CODE_STATE=getMsg HTTP/1.1" 200 27
120.253.135.82 - - [09/Jan/2023:07:47:32 +0800] "POST /xingrg/kc/buy/cgsh_order_operate.html HTTP/1.1" 200 12
120.253.135.82 - - [09/Jan/2023:07:47:35 +0800] "GET /xingrg/kc/buy/cgsh_order_info.html?code=212023010901906 HTTP/1.1" 200 63633
222.69.192.184 - - [09/Jan/2023:07:47:35 +0800] "GET /xingrg/kc/buy/cgsh_order_operate.html?command=get_materiel&rest_code=00105&code=00101008169&supplier_code=00100203&order_time=2023-01-09 HTTP/1.1" 200 412
120.253.135.82 - - [09/Jan/2023:07:47:35 +0800] "GET /xingrg/javascript/easyui/themes/default/validatebox.css HTTP/1.1" 404 1104
120.253.135.82 - - [09/Jan/2023:07:47:36 +0800] "POST /xingrg/kc/buy/cgsh_order_operate.html HTTP/1.1" 200 615
114.88.159.190 - - [09/Jan/2023:07:47:38 +0800] "GET /xingrg/all/function/internal_message.html?_=1673221273469&CODE_STATE=getMsg HTTP/1.1" 200 27
222.69.192.184 - - [09/Jan/2023:07:47:39 +0800] "GET /xingrg/all/function/internal_message.html?_=1673221679943&CODE_STATE=getMsg HTTP/1.1" 200 27
58.221.95.50 - - [09/Jan/2023:07:47:50 +0800] "GET /xingrg/all/function/internal_message.html?_=1673221690310&CODE_STATE=getMsg HTTP/1.1" 200 27
222.69.192.184 - - [09/Jan/2023:07:47:55 +0800] "GET /xingrg/kc/buy/cgsh_order_operate.html?command=get_materiel&rest_code=00105&code=00101008213&supplier_code=00100203&order_time=2023-01-09 HTTP/1.1" 200 412
222.69.192.184 - - [09/Jan/2023:07:48:02 +0800] "GET /xingrg/kc/buy/cgsh_order_operate.html?command=get_materiel&rest_code=00105&code=00101010136&supplier_code=00100203&order_time=2023-01-09 HTTP/1.1" 200 408
116.235.240.202 - - [09/Jan/2023:07:48:05 +0800] "GET /xingrg/all/function/internal_message.html?_=1673221705885&CODE_STATE=getMsg HTTP/1.1" 200 27
116.238.139.35 - - [09/Jan/2023:07:48:06 +0800] "GET /xingrg/check_reg.html?_=1673221621027 HTTP/1.1" 200 22
116.238.139.35 - - [09/Jan/2023:07:48:18 +0800] "GET /xingrg/all/function/internal_message.html?_=1673221633037&CODE_STATE=getMsg HTTP/1.1" 200 27
114.88.159.190 - - [09/Jan/2023:07:48:28 +0800] "GET /xingrg/check_reg.html?_=1673221323058 HTTP/1.1" 200 22
120.253.135.82 - - [09/Jan/2023:07:48:28 +0800] "GET /xingrg/all/function/internal_message.html?_=1673221541015&CODE_STATE=getMsg HTTP/1.1" 200 27
172.20.0.100 - - [09/Jan/2023:07:48:30 +0800] "GET /xingrg/all/function/internal_message.html?_=1673221729540&CODE_STATE=getMsg HTTP/1.1" 200 27
116.238.139.35 - - [09/Jan/2023:07:48:31 +0800] "GET /xingrg/all/function/internal_message.html?_=1673221732708&CODE_STATE=getMsg HTTP/1.1" 200 27
114.88.159.190 - - [09/Jan/2023:07:48:38 +0800] "GET /xingrg/all/function/internal_message.html?_=1673221333451&CODE_STATE=getMsg HTTP/1.1" 200 27
222.69.192.184 - - [09/Jan/2023:07:48:39 +0800] "GET /xingrg/all/function/internal_message.html?_=1673221739798&CODE_STATE=getMsg HTTP/1.1" 200 27
58.221.95.50 - - [09/Jan/2023:07:48:50 +0800] "GET /xingrg/all/function/internal_message.html?_=1673221750310&CODE_STATE=getMsg HTTP/1.1" 200 27
116.235.240.202 - - [09/Jan/2023:07:49:05 +0800] "GET /xingrg/all/function/internal_message.html?_=1673221766155&CODE_STATE=getMsg HTTP/1.1" 200 27
120.253.135.82 - - [09/Jan/2023:07:49:13 +0800] "GET /xingrg/kc/pszx/mdqp_order_list.html?state=10 HTTP/1.1" 200 10275
120.253.135.82 - - [09/Jan/2023:07:49:13 +0800] "GET /xingrg/dwr/interface/AjaxQqpsService.js HTTP/1.1" 200 16326
120.253.135.82 - - [09/Jan/2023:07:49:13 +0800] "GET /xingrg/dwr/interface/AjaxReportQueryService.js HTTP/1.1" 200 13203
120.253.135.82 - - [09/Jan/2023:07:49:13 +0800] "GET /xingrg/dwr/engine.js HTTP/1.1" 200 43631
116.238.139.35 - - [09/Jan/2023:07:49:18 +0800] "GET /xingrg/all/function/internal_message.html?_=1673221693051&CODE_STATE=getMsg HTTP/1.1" 200 27
120.253.135.82 - - [09/Jan/2023:07:49:28 +0800] "GET /xingrg/all/function/internal_message.html?_=1673221601109&CODE_STATE=getMsg HTTP/1.1" 200 27
172.20.0.100 - - [09/Jan/2023:07:49:30 +0800] "GET /xingrg/check_reg.html?_=1673221789541 HTTP/1.1" 200 22
172.20.0.100 - - [09/Jan/2023:07:49:30 +0800] "GET /xingrg/all/function/internal_message.html?_=1673221789542&CODE_STATE=getMsg HTTP/1.1" 200 27
116.238.139.35 - - [09/Jan/2023:07:49:31 +0800] "GET /xingrg/all/function/internal_message.html?_=1673221792712&CODE_STATE=getMsg HTTP/1.1" 200 27
222.69.192.184 - - [09/Jan/2023:07:49:34 +0800] "POST /xingrg/kc/buy/cgsh_order_operate.html HTTP/1.1" 200 37
222.69.192.184 - - [09/Jan/2023:07:49:36 +0800] "POST /xingrg/kc/buy/cgsh_order_operate.html HTTP/1.1" 200 29268
114.88.159.190 - - [09/Jan/2023:07:49:38 +0800] "GET /xingrg/all/function/internal_message.html?_=1673221393432&CODE_STATE=getMsg HTTP/1.1" 200 27
222.69.192.184 - - [09/Jan/2023:07:49:39 +0800] "GET /xingrg/all/function/internal_message.html?_=1673221799796&CODE_STATE=getMsg HTTP/1.1" 200 27
116.235.240.202 - - [09/Jan/2023:07:49:43 +0800] "GET /xingrg/check_reg.html?_=1673221804729 HTTP/1.1" 200 22
120.253.135.82 - - [09/Jan/2023:07:49:49 +0800] "GET /xingrg/kc/report/report_main.html HTTP/1.1" 200 8599
120.253.135.82 - - [09/Jan/2023:07:49:49 +0800] "GET /xingrg/css/blue.css HTTP/1.1" 304 -
120.253.135.82 - - [09/Jan/2023:07:49:49 +0800] "GET /xingrg/javascript/pic_change.js HTTP/1.1" 304 -
120.253.135.82 - - [09/Jan/2023:07:49:49 +0800] "GET /xingrg/javascript/jquery_easy_ui/themes/default/easyui.css HTTP/1.1" 304 -
120.253.135.82 - - [09/Jan/2023:07:49:49 +0800] "GET /xingrg/javascript/jquery_ui/themes/humanity/humanity.css HTTP/1.1" 304 -
120.253.135.82 - - [09/Jan/2023:07:49:50 +0800] "GET /xingrg/javascript/jquery_easy_ui/themes/icon.css HTTP/1.1" 304 -
120.253.135.82 - - [09/Jan/2023:07:49:50 +0800] "GET /xingrg/javascript/json2.js HTTP/1.1" 304 -
120.253.135.82 - - [09/Jan/2023:07:49:50 +0800] "GET /xingrg/javascript/jquery-1.4.2.min.js HTTP/1.1" 304 -
120.253.135.82 - - [09/Jan/2023:07:49:50 +0800] "GET /xingrg/javascript/myfunction.js HTTP/1.1" 304 -
120.253.135.82 - - [09/Jan/2023:07:49:50 +0800] "GET /favicon.ico HTTP/1.1" 404 -
58.221.95.50 - - [09/Jan/2023:07:49:50 +0800] "GET /xingrg/all/function/internal_message.html?_=1673221810304&CODE_STATE=getMsg HTTP/1.1" 200 27
120.253.135.82 - - [09/Jan/2023:07:49:51 +0800] "GET /xingrg/kc/report/report_main.html HTTP/1.1" 200 8599
120.253.135.82 - - [09/Jan/2023:07:49:53 +0800] "GET /xingrg/kc/base/kc_stocks.html HTTP/1.1" 200 16506
120.253.135.82 - - [09/Jan/2023:07:49:53 +0800] "GET /xingrg/javascript/easyui/themes/default/tree.css HTTP/1.1" 404 1090
120.253.135.82 - - [09/Jan/2023:07:49:53 +0800] "POST /xingrg/all/common/load_tree.html?tree=materiel_sort_tree_json HTTP/1.1" 200 9500
120.253.135.82 - - [09/Jan/2023:07:50:02 +0800] "POST /xingrg/kc/base/stock_operate.html HTTP/1.1" 200 2150
116.235.240.202 - - [09/Jan/2023:07:50:05 +0800] "GET /xingrg/all/function/internal_message.html?_=1673221826163&CODE_STATE=getMsg HTTP/1.1" 200 27
120.253.135.82 - - [09/Jan/2023:07:50:07 +0800] "GET /xingrg/kc/base/stock_detail.html?m=00101008001 HTTP/1.1" 200 6433
27.115.124.101 - - [09/Jan/2023:07:50:18 +0800] "GET /xingrg/kc/report/report_main.html HTTP/1.1" 302 -
27.115.124.70 - - [09/Jan/2023:07:50:18 +0800] "GET /xingrg/kc/report/report_main.html HTTP/1.1" 302 -
27.115.124.70 - - [09/Jan/2023:07:50:18 +0800] "GET /xingrg/login.html HTTP/1.1" 200 2139
27.115.124.70 - - [09/Jan/2023:07:50:18 +0800] "GET /xingrg/javascript/mobile/jquery.mobile-1.3.2.min.css HTTP/1.1" 200 94670
27.115.124.70 - - [09/Jan/2023:07:50:18 +0800] "GET /xingrg/javascript/mobile/jquery-1.8.3.min.js HTTP/1.1" 200 93637
27.115.124.101 - - [09/Jan/2023:07:50:18 +0800] "GET /xingrg/javascript/mobile/jquery.mobile-1.3.2.min.js HTTP/1.1" 200 145396
27.115.124.101 - - [09/Jan/2023:07:50:18 +0800] "GET /xingrg/javascript/mobile/images/ajax-loader.gif HTTP/1.1" 200 7825
116.238.139.35 - - [09/Jan/2023:07:50:18 +0800] "GET /xingrg/all/function/internal_message.html?_=1673221753085&CODE_STATE=getMsg HTTP/1.1" 200 27
120.253.135.82 - - [09/Jan/2023:07:50:28 +0800] "GET /xingrg/all/function/internal_message.html?_=1673221661111&CODE_STATE=getMsg HTTP/1.1" 200 27
172.20.0.100 - - [09/Jan/2023:07:50:30 +0800] "GET /xingrg/all/function/internal_message.html?_=1673221849543&CODE_STATE=getMsg HTTP/1.1" 200 27
116.238.139.35 - - [09/Jan/2023:07:50:31 +0800] "GET /xingrg/all/function/internal_message.html?_=1673221852713&CODE_STATE=getMsg HTTP/1.1" 200 27
114.88.159.190 - - [09/Jan/2023:07:50:38 +0800] "GET /xingrg/all/function/internal_message.html?_=1673221453401&CODE_STATE=getMsg HTTP/1.1" 200 27
222.69.192.184 - - [09/Jan/2023:07:50:39 +0800] "GET /xingrg/all/function/internal_message.html?_=1673221859799&CODE_STATE=getMsg HTTP/1.1" 200 27
222.69.192.184 - - [09/Jan/2023:07:50:39 +0800] "GET /xingrg/check_reg.html?_=1673221859802 HTTP/1.1" 200 22
58.221.95.50 - - [09/Jan/2023:07:50:50 +0800] "GET /xingrg/all/function/internal_message.html?_=1673221870311&CODE_STATE=getMsg HTTP/1.1" 200 27
222.69.192.184 - - [09/Jan/2023:07:50:54 +0800] "GET /xingrg/kc/buy/cgsh_order_operate.html?command=get_materiel&rest_code=00105&code=00101008256&supplier_code=00100203&order_time=2023-01-09 HTTP/1.1" 200 412
222.69.192.184 - - [09/Jan/2023:07:50:55 +0800] "POST /xingrg/all/common/load_select.html HTTP/1.1" 200 12
120.253.135.82 - - [09/Jan/2023:07:51:00 +0800] "GET /xingrg/kc/base/stock_operate.html?_=1673221692770&command=get_report_file&start_day=20220101 HTTP/1.1" 200 53
120.253.135.82 - - [09/Jan/2023:07:51:00 +0800] "GET /xingrg/javascript/multi_select/jqueryMultiSelect.css HTTP/1.1" 304 -
120.253.135.82 - - [09/Jan/2023:07:51:00 +0800] "GET /xingrg/all/report/report_query.html?isQuery=1&onlyBody=1&rh=2000&fileName=kc/base/kc_stock_detail_new.xml&queryString=(1=1)&queryText=&tableQueryString=init_table$sp1$$sp$crk_table$sp1$order_day%20between%2020220101%20and%2020220105&varString=start_day:20220101,materiel_code:00101008001,cost_id:3598,end_date:20211231 HTTP/1.1" 200 48701
120.253.135.82 - - [09/Jan/2023:07:51:00 +0800] "GET /xingrg/javascript/calendar/timePicker.css HTTP/1.1" 304 -
120.253.135.82 - - [09/Jan/2023:07:51:00 +0800] "GET /xingrg/javascript/bigrid/fix.css HTTP/1.1" 304 -
120.253.135.82 - - [09/Jan/2023:07:51:00 +0800] "GET /xingrg/dwr/interface/AjaxReportQueryService.js HTTP/1.1" 200 13203
120.253.135.82 - - [09/Jan/2023:07:51:00 +0800] "GET /xingrg/javascript/jqueryMultiSelect.js HTTP/1.1" 304 -
120.253.135.82 - - [09/Jan/2023:07:51:00 +0800] "GET /xingrg/javascript/calendar/jquery.timePicker.min.js HTTP/1.1" 304 -
120.253.135.82 - - [09/Jan/2023:07:51:00 +0800] "GET /xingrg/javascript/bigrid/fix.js HTTP/1.1" 304 -
120.253.135.82 - - [09/Jan/2023:07:51:00 +0800] "GET /xingrg/dwr/engine.js HTTP/1.1" 200 43631
120.253.135.82 - - [09/Jan/2023:07:51:01 +0800] "POST /xingrg/all/report/load_report_page.html HTTP/1.1" 200 39772
120.253.135.82 - - [09/Jan/2023:07:51:01 +0800] "GET /xingrg/servlets/image?cache=0.4258721877717835&image=px HTTP/1.1" 200 807
180.169.147.146 - - [09/Jan/2023:07:51:01 +0800] "GET /xingrg/check_reg.html?_=1673221882475 HTTP/1.1" 302 -
116.235.240.202 - - [09/Jan/2023:07:51:05 +0800] "GET /xingrg/all/function/internal_message.html?_=1673221886176&CODE_STATE=getMsg HTTP/1.1" 200 27
58.221.95.50 - - [09/Jan/2023:07:51:12 +0800] "GET /xingrg/check_reg.html?_=1673221892383 HTTP/1.1" 200 22
222.69.192.184 - - [09/Jan/2023:07:51:14 +0800] "GET /xingrg/kc/buy/cgsh_order_operate.html?command=get_materiel_price&rest_code=00105&code=00101008283&unit_code=00100001&supplier_code=00100203&order_time=2023-01-09 HTTP/1.1" 200 27
116.238.139.35 - - [09/Jan/2023:07:51:18 +0800] "GET /xingrg/all/function/internal_message.html?_=1673221813093&CODE_STATE=getMsg HTTP/1.1" 200 27
120.253.135.82 - - [09/Jan/2023:07:51:28 +0800] "GET /xingrg/all/function/internal_message.html?_=1673221721125&CODE_STATE=getMsg HTTP/1.1" 200 27
172.20.0.100 - - [09/Jan/2023:07:51:30 +0800] "GET /xingrg/all/function/internal_message.html?_=1673221909528&CODE_STATE=getMsg HTTP/1.1" 200 27
116.238.139.35 - - [09/Jan/2023:07:51:31 +0800] "GET /xingrg/all/function/internal_message.html?_=1673221912717&CODE_STATE=getMsg HTTP/1.1" 200 27
114.88.159.190 - - [09/Jan/2023:07:51:38 +0800] "GET /xingrg/all/function/internal_message.html?_=1673221513384&CODE_STATE=getMsg HTTP/1.1" 200 27
222.69.192.184 - - [09/Jan/2023:07:51:39 +0800] "GET /xingrg/all/function/internal_message.html?_=1673221919917&CODE_STATE=getMsg HTTP/1.1" 200 27
120.253.135.82 - - [09/Jan/2023:07:51:41 +0800] "GET /xingrg/check_reg.html?_=1673221733798 HTTP/1.1" 200 22
58.221.95.50 - - [09/Jan/2023:07:51:50 +0800] "GET /xingrg/all/function/internal_message.html?_=1673221930312&CODE_STATE=getMsg HTTP/1.1" 200 27
222.69.192.184 - - [09/Jan/2023:07:51:53 +0800] "POST /xingrg/kc/buy/cgsh_order_operate.html HTTP/1.1" 200 75
116.235.240.202 - - [09/Jan/2023:07:52:05 +0800] "GET /xingrg/all/function/internal_message.html?_=1673221946472&CODE_STATE=getMsg HTTP/1.1" 200 27
222.69.192.184 - - [09/Jan/2023:07:52:07 +0800] "POST /xingrg/kc/buy/cgsh_order_operate.html HTTP/1.1" 200 37
116.238.139.35 - - [09/Jan/2023:07:52:18 +0800] "GET /xingrg/all/function/internal_message.html?_=1673221873129&CODE_STATE=getMsg HTTP/1.1" 200 27
120.253.135.82 - - [09/Jan/2023:07:52:28 +0800] "GET /xingrg/all/function/internal_message.html?_=1673221781139&CODE_STATE=getMsg HTTP/1.1" 200 27
172.20.0.100 - - [09/Jan/2023:07:52:30 +0800] "GET /xingrg/all/function/internal_message.html?_=1673221969531&CODE_STATE=getMsg HTTP/1.1" 200 27
120.253.135.82 - - [09/Jan/2023:07:52:31 +0800] "GET /xingrg/kc/base/stock_operate.html?_=1673221783385&command=get_report_file&start_day=20220101 HTTP/1.1" 200 53
120.253.135.82 - - [09/Jan/2023:07:52:31 +0800] "GET /xingrg/all/report/report_query.html?isQuery=1&onlyBody=1&rh=2000&fileName=kc/base/kc_stock_detail_new.xml&queryString=(1=1)&queryText=&tableQueryString=init_table$sp1$$sp$crk_table$sp1$order_day%20between%2020220101%20and%2020225&varString=start_day:20220101,materiel_code:00101008001,cost_id:3598,end_date:20211231 HTTP/1.1" 200 48698
120.253.135.82 - - [09/Jan/2023:07:52:31 +0800] "GET /xingrg/dwr/interface/AjaxReportQueryService.js HTTP/1.1" 200 13203
116.238.139.35 - - [09/Jan/2023:07:52:31 +0800] "GET /xingrg/all/function/internal_message.html?_=1673221972718&CODE_STATE=getMsg HTTP/1.1" 200 27
116.238.139.35 - - [09/Jan/2023:07:52:31 +0800] "GET /xingrg/check_reg.html?_=1673221972722 HTTP/1.1" 200 22
120.253.135.82 - - [09/Jan/2023:07:52:31 +0800] "GET /xingrg/dwr/engine.js HTTP/1.1" 200 43631
120.253.135.82 - - [09/Jan/2023:07:52:31 +0800] "POST /xingrg/all/report/load_report_page.html HTTP/1.1" 200 20228
120.253.135.82 - - [09/Jan/2023:07:52:32 +0800] "GET /xingrg/servlets/image?cache=0.9405433419483855&image=px HTTP/1.1" 200 807
114.88.159.190 - - [09/Jan/2023:07:52:38 +0800] "GET /xingrg/all/function/internal_message.html?_=1673221573357&CODE_STATE=getMsg HTTP/1.1" 200 27
222.69.192.184 - - [09/Jan/2023:07:52:49 +0800] "POST /xingrg/kc/buy/cgsh_order_operate.html HTTP/1.1" 200 29860
120.253.135.82 - - [09/Jan/2023:07:52:50 +0800] "GET /xingrg/kc/base/stock_operate.html?_=1673221802481&command=get_report_file&start_day=20220101 HTTP/1.1" 200 53
120.253.135.82 - - [09/Jan/2023:07:52:50 +0800] "GET /xingrg/all/report/report_query.html?isQuery=1&onlyBody=1&rh=2000&fileName=kc/base/kc_stock_detail_new.xml&queryString=(1=1)&queryText=&tableQueryString=init_table$sp1$$sp$crk_table$sp1$order_day%20between%2020220101%20and%2020230109&varString=start_day:20220101,materiel_code:00101008001,cost_id:3598,end_date:20211231 HTTP/1.1" 200 48701
120.253.135.82 - - [09/Jan/2023:07:52:50 +0800] "GET /xingrg/dwr/interface/AjaxReportQueryService.js HTTP/1.1" 200 13203
120.253.135.82 - - [09/Jan/2023:07:52:50 +0800] "GET /xingrg/dwr/engine.js HTTP/1.1" 200 43631
58.221.95.50 - - [09/Jan/2023:07:52:50 +0800] "GET /xingrg/all/function/internal_message.html?_=1673221990311&CODE_STATE=getMsg HTTP/1.1" 200 27
120.253.135.82 - - [09/Jan/2023:07:52:51 +0800] "POST /xingrg/all/report/load_report_page.html HTTP/1.1" 200 289424
120.253.135.82 - - [09/Jan/2023:07:52:51 +0800] "GET /xingrg/servlets/image?cache=0.28313069571802174&image=px HTTP/1.1" 200 807
116.235.240.202 - - [09/Jan/2023:07:53:05 +0800] "GET /xingrg/all/function/internal_message.html?_=1673222006483&CODE_STATE=getMsg HTTP/1.1" 200 27
116.238.139.35 - - [09/Jan/2023:07:53:06 +0800] "GET /xingrg/check_reg.html?_=1673221921031 HTTP/1.1" 200 22
116.238.139.35 - - [09/Jan/2023:07:53:18 +0800] "GET /xingrg/all/function/internal_message.html?_=1673221933137&CODE_STATE=getMsg HTTP/1.1" 200 27
114.88.159.190 - - [09/Jan/2023:07:53:28 +0800] "GET /xingrg/check_reg.html?_=1673221623036 HTTP/1.1" 200 22
120.253.135.82 - - [09/Jan/2023:07:53:28 +0800] "GET /xingrg/all/function/internal_message.html?_=1673221841227&CODE_STATE=getMsg HTTP/1.1" 200 27
172.20.0.100 - - [09/Jan/2023:07:53:30 +0800] "GET /xingrg/all/function/internal_message.html?_=1673222029532&CODE_STATE=getMsg HTTP/1.1" 200 27
116.238.139.35 - - [09/Jan/2023:07:53:31 +0800] "GET /xingrg/all/function/internal_message.html?_=1673222032728&CODE_STATE=getMsg HTTP/1.1" 200 27
222.69.192.184 - - [09/Jan/2023:07:53:36 +0800] "POST /xingrg/kc/buy/cgsh_order_operate.html HTTP/1.1" 200 37
114.88.159.190 - - [09/Jan/2023:07:53:38 +0800] "GET /xingrg/all/function/internal_message.html?_=1673221633337&CODE_STATE=getMsg HTTP/1.1" 200 27
222.69.192.184 - - [09/Jan/2023:07:53:43 +0800] "POST /xingrg/kc/buy/cgsh_order_operate.html HTTP/1.1" 200 29860
58.221.95.50 - - [09/Jan/2023:07:53:50 +0800] "GET /xingrg/all/function/internal_message.html?_=1673222050303&CODE_STATE=getMsg HTTP/1.1" 200 27
116.235.240.202 - - [09/Jan/2023:07:54:05 +0800] "GET /xingrg/all/function/internal_message.html?_=1673222066752&CODE_STATE=getMsg HTTP/1.1" 200 27
116.238.139.35 - - [09/Jan/2023:07:54:18 +0800] "GET /xingrg/all/function/internal_message.html?_=1673221993150&CODE_STATE=getMsg HTTP/1.1" 200 27
120.253.135.82 - - [09/Jan/2023:07:54:29 +0800] "GET /xingrg/all/function/internal_message.html?_=1673221901346&CODE_STATE=getMsg HTTP/1.1" 200 27
172.20.0.100 - - [09/Jan/2023:07:54:30 +0800] "GET /xingrg/all/function/internal_message.html?_=1673222089534&CODE_STATE=getMsg HTTP/1.1" 200 27
172.20.0.100 - - [09/Jan/2023:07:54:30 +0800] "GET /xingrg/check_reg.html?_=1673222089535 HTTP/1.1" 200 22
116.238.139.35 - - [09/Jan/2023:07:54:31 +0800] "GET /xingrg/all/function/internal_message.html?_=1673222092715&CODE_STATE=getMsg HTTP/1.1" 200 27
114.88.159.190 - - [09/Jan/2023:07:54:38 +0800] "GET /xingrg/all/function/internal_message.html?_=1673221693316&CODE_STATE=getMsg HTTP/1.1" 200 27
222.69.192.184 - - [09/Jan/2023:07:54:39 +0800] "GET /xingrg/all/function/internal_message.html?_=1673222099805&CODE_STATE=getMsg HTTP/1.1" 200 27
116.235.240.202 - - [09/Jan/2023:07:54:43 +0800] "GET /xingrg/check_reg.html?_=1673222104739 HTTP/1.1" 200 22
58.221.95.50 - - [09/Jan/2023:07:54:50 +0800] "GET /xingrg/all/function/internal_message.html?_=1673222110320&CODE_STATE=getMsg HTTP/1.1" 200 27
116.235.240.202 - - [09/Jan/2023:07:55:05 +0800] "GET /xingrg/all/function/internal_message.html?_=1673222126760&CODE_STATE=getMsg HTTP/1.1" 200 27
116.238.139.35 - - [09/Jan/2023:07:55:18 +0800] "GET /xingrg/all/function/internal_message.html?_=1673222053179&CODE_STATE=getMsg HTTP/1.1" 200 27
120.253.135.82 - - [09/Jan/2023:07:55:29 +0800] "GET /xingrg/all/function/internal_message.html?_=1673221961350&CODE_STATE=getMsg HTTP/1.1" 200 27
172.20.0.100 - - [09/Jan/2023:07:55:30 +0800] "GET /xingrg/all/function/internal_message.html?_=1673222149538&CODE_STATE=getMsg HTTP/1.1" 200 27
116.238.139.35 - - [09/Jan/2023:07:55:31 +0800] "GET /xingrg/all/function/internal_message.html?_=1673222152716&CODE_STATE=getMsg HTTP/1.1" 200 27
114.88.159.190 - - [09/Jan/2023:07:55:38 +0800] "GET /xingrg/all/function/internal_message.html?_=1673221753320&CODE_STATE=getMsg HTTP/1.1" 200 27
222.69.192.184 - - [09/Jan/2023:07:55:39 +0800] "GET /xingrg/all/function/internal_message.html?_=1673222159897&CODE_STATE=getMsg HTTP/1.1" 200 27
222.69.192.184 - - [09/Jan/2023:07:55:39 +0800] "GET /xingrg/check_reg.html?_=1673222159896 HTTP/1.1" 200 22
58.221.95.50 - - [09/Jan/2023:07:55:50 +0800] "GET /xingrg/all/function/internal_message.html?_=1673222170317&CODE_STATE=getMsg HTTP/1.1" 200 27
180.169.147.146 - - [09/Jan/2023:07:56:01 +0800] "GET /xingrg/check_reg.html?_=1673222182448 HTTP/1.1" 302 -
116.235.240.202 - - [09/Jan/2023:07:56:05 +0800] "GET /xingrg/all/function/internal_message.html?_=1673222186774&CODE_STATE=getMsg HTTP/1.1" 200 27
58.221.95.50 - - [09/Jan/2023:07:56:12 +0800] "GET /xingrg/check_reg.html?_=1673222192392 HTTP/1.1" 200 22
116.238.139.35 - - [09/Jan/2023:07:56:19 +0800] "GET /xingrg/all/function/internal_message.html?_=1673222113193&CODE_STATE=getMsg HTTP/1.1" 200 27
120.253.135.82 - - [09/Jan/2023:07:56:29 +0800] "GET /xingrg/all/function/internal_message.html?_=1673222021364&CODE_STATE=getMsg HTTP/1.1" 200 27
172.20.0.100 - - [09/Jan/2023:07:56:30 +0800] "GET /xingrg/all/function/internal_message.html?_=1673222209541&CODE_STATE=getMsg HTTP/1.1" 200 27
116.238.139.35 - - [09/Jan/2023:07:56:31 +0800] "GET /xingrg/all/function/internal_message.html?_=1673222212718&CODE_STATE=getMsg HTTP/1.1" 200 27
114.88.159.190 - - [09/Jan/2023:07:56:38 +0800] "GET /xingrg/all/function/internal_message.html?_=1673221813291&CODE_STATE=getMsg HTTP/1.1" 200 27
222.69.192.184 - - [09/Jan/2023:07:56:39 +0800] "GET /xingrg/all/function/internal_message.html?_=1673222219875&CODE_STATE=getMsg HTTP/1.1" 200 27
120.253.135.82 - - [09/Jan/2023:07:56:41 +0800] "GET /xingrg/check_reg.html?_=1673222033890 HTTP/1.1" 200 22
222.64.58.164 - - [09/Jan/2023:07:56:45 +0800] "POST /xingrg/services/DataTransmitService HTTP/1.1" 200 524
58.221.95.50 - - [09/Jan/2023:07:56:50 +0800] "GET /xingrg/all/function/internal_message.html?_=1673222230311&CODE_STATE=getMsg HTTP/1.1" 200 27
120.253.135.82 - - [09/Jan/2023:07:56:50 +0800] "GET /xingrg/javascript/jquery_easy_ui/themes/default/images/tabs_active.png HTTP/1.1" 304 -
120.253.135.82 - - [09/Jan/2023:07:56:55 +0800] "GET /xingrg/kc/report/report_main.html HTTP/1.1" 200 8599
120.253.135.82 - - [09/Jan/2023:07:56:56 +0800] "GET /xingrg/kc/base/kc_stocks.html HTTP/1.1" 200 16506
120.253.135.82 - - [09/Jan/2023:07:56:57 +0800] "GET /xingrg/javascript/easyui/themes/default/tree.css HTTP/1.1" 404 1090
120.253.135.82 - - [09/Jan/2023:07:56:57 +0800] "POST /xingrg/all/common/load_tree.html?tree=materiel_sort_tree_json HTTP/1.1" 200 9500
116.235.240.202 - - [09/Jan/2023:07:57:06 +0800] "GET /xingrg/all/function/internal_message.html?_=1673222247061&CODE_STATE=getMsg HTTP/1.1" 200 27
120.253.135.82 - - [09/Jan/2023:07:57:07 +0800] "POST /xingrg/kc/base/stock_operate.html HTTP/1.1" 200 3108
222.69.192.184 - - [09/Jan/2023:07:57:17 +0800] "POST /xingrg/kc/buy/cgsh_order_operate.html HTTP/1.1" 200 37
222.69.192.184 - - [09/Jan/2023:07:57:18 +0800] "POST /xingrg/kc/buy/cgsh_order_operate.html HTTP/1.1" 200 29860
116.238.139.35 - - [09/Jan/2023:07:57:19 +0800] "GET /xingrg/all/function/internal_message.html?_=1673222173228&CODE_STATE=getMsg HTTP/1.1" 200 27
120.253.135.82 - - [09/Jan/2023:07:57:29 +0800] "GET /xingrg/all/function/internal_message.html?_=1673222081377&CODE_STATE=getMsg HTTP/1.1" 200 27
172.20.0.100 - - [09/Jan/2023:07:57:30 +0800] "GET /xingrg/all/function/internal_message.html?_=1673222269543&CODE_STATE=getMsg HTTP/1.1" 200 27
116.238.139.35 - - [09/Jan/2023:07:57:31 +0800] "GET /xingrg/all/function/internal_message.html?_=1673222272725&CODE_STATE=getMsg HTTP/1.1" 200 27
116.238.139.35 - - [09/Jan/2023:07:57:31 +0800] "GET /xingrg/check_reg.html?_=1673222272729 HTTP/1.1" 200 22
120.253.135.82 - - [09/Jan/2023:07:57:35 +0800] "POST /xingrg/kc/base/stock_operate.html HTTP/1.1" 200 3108
114.88.159.190 - - [09/Jan/2023:07:57:38 +0800] "GET /xingrg/all/function/internal_message.html?_=1673221873262&CODE_STATE=getMsg HTTP/1.1" 200 27
222.69.192.184 - - [09/Jan/2023:07:57:39 +0800] "GET /xingrg/all/function/internal_message.html?_=1673222279987&CODE_STATE=getMsg HTTP/1.1" 200 27
58.221.95.50 - - [09/Jan/2023:07:57:50 +0800] "GET /xingrg/all/function/internal_message.html?_=1673222290302&CODE_STATE=getMsg HTTP/1.1" 200 27
222.69.192.184 - - [09/Jan/2023:07:57:51 +0800] "POST /xingrg/kc/buy/cgsh_order_operate.html HTTP/1.1" 200 37
120.253.135.82 - - [09/Jan/2023:07:57:52 +0800] "GET /xingrg/kc/pszx/mdqp_order_list.html?state=10 HTTP/1.1" 200 10275
120.253.135.82 - - [09/Jan/2023:07:57:52 +0800] "GET /xingrg/dwr/interface/AjaxReportQueryService.js HTTP/1.1" 200 13203
120.253.135.82 - - [09/Jan/2023:07:57:52 +0800] "GET /xingrg/dwr/interface/AjaxQqpsService.js HTTP/1.1" 200 16326
120.253.135.82 - - [09/Jan/2023:07:57:52 +0800] "GET /xingrg/dwr/engine.js HTTP/1.1" 200 43631
120.253.135.82 - - [09/Jan/2023:07:57:57 +0800] "GET /xingrg/kc/pszx/mdqp_order_list.html?state=10 HTTP/1.1" 200 10275
120.253.135.82 - - [09/Jan/2023:07:57:57 +0800] "GET /xingrg/dwr/interface/AjaxQqpsService.js HTTP/1.1" 200 16326
120.253.135.82 - - [09/Jan/2023:07:57:57 +0800] "GET /xingrg/dwr/interface/AjaxReportQueryService.js HTTP/1.1" 200 13203
120.253.135.82 - - [09/Jan/2023:07:57:57 +0800] "GET /xingrg/dwr/engine.js HTTP/1.1" 200 43631
120.253.135.82 - - [09/Jan/2023:07:58:01 +0800] "GET /xingrg/kc/buy/cgsh_order_list.html HTTP/1.1" 200 53897
120.253.135.82 - - [09/Jan/2023:07:58:02 +0800] "POST /xingrg/kc/buy/cgsh_list_operate.html HTTP/1.1" 200 986
116.235.240.202 - - [09/Jan/2023:07:58:06 +0800] "GET /xingrg/all/function/internal_message.html?_=1673222307068&CODE_STATE=getMsg HTTP/1.1" 200 27
116.238.139.35 - - [09/Jan/2023:07:58:06 +0800] "GET /xingrg/check_reg.html?_=1673222221040 HTTP/1.1" 200 22
116.238.139.35 - - [09/Jan/2023:07:58:19 +0800] "GET /xingrg/all/function/internal_message.html?_=1673222233235&CODE_STATE=getMsg HTTP/1.1" 200 27
120.253.135.82 - - [09/Jan/2023:07:58:25 +0800] "GET /xingrg/kc/buy/cgsh_order_list.html HTTP/1.1" 200 53897
120.253.135.82 - - [09/Jan/2023:07:58:26 +0800] "POST /xingrg/kc/buy/cgsh_list_operate.html HTTP/1.1" 200 986
114.88.159.190 - - [09/Jan/2023:07:58:28 +0800] "GET /xingrg/check_reg.html?_=1673221923044 HTTP/1.1" 200 22
120.253.135.82 - - [09/Jan/2023:07:58:29 +0800] "GET /xingrg/all/function/internal_message.html?_=1673222141392&CODE_STATE=getMsg HTTP/1.1" 200 27
172.20.0.100 - - [09/Jan/2023:07:58:30 +0800] "GET /xingrg/all/function/internal_message.html?_=1673222329530&CODE_STATE=getMsg HTTP/1.1" 200 27
116.238.139.35 - - [09/Jan/2023:07:58:31 +0800] "GET /xingrg/all/function/internal_message.html?_=1673222332731&CODE_STATE=getMsg HTTP/1.1" 200 27
114.88.159.190 - - [09/Jan/2023:07:58:38 +0800] "GET /xingrg/all/function/internal_message.html?_=1673221933244&CODE_STATE=getMsg HTTP/1.1" 200 27
58.221.95.50 - - [09/Jan/2023:07:58:50 +0800] "GET /xingrg/all/function/internal_message.html?_=1673222350313&CODE_STATE=getMsg HTTP/1.1" 200 27
116.235.240.202 - - [09/Jan/2023:07:59:06 +0800] "GET /xingrg/all/function/internal_message.html?_=1673222367349&CODE_STATE=getMsg HTTP/1.1" 200 27
120.253.135.82 - - [09/Jan/2023:07:59:08 +0800] "GET /xingrg/kc/buy/cgsh_order_list.html HTTP/1.1" 200 53897
120.253.135.82 - - [09/Jan/2023:07:59:09 +0800] "POST /xingrg/kc/buy/cgsh_list_operate.html HTTP/1.1" 200 986
116.238.139.35 - - [09/Jan/2023:07:59:19 +0800] "GET /xingrg/all/function/internal_message.html?_=1673222293249&CODE_STATE=getMsg HTTP/1.1" 200 27
120.253.135.82 - - [09/Jan/2023:07:59:25 +0800] "GET /xingrg/kc/buy/cgsh_order_list.html HTTP/1.1" 200 53897
120.253.135.82 - - [09/Jan/2023:07:59:26 +0800] "POST /xingrg/kc/buy/cgsh_list_operate.html HTTP/1.1" 200 986
120.253.135.82 - - [09/Jan/2023:07:59:29 +0800] "GET /xingrg/all/function/internal_message.html?_=1673222201405&CODE_STATE=getMsg HTTP/1.1" 200 27
120.253.135.82 - - [09/Jan/2023:07:59:29 +0800] "GET /xingrg/kc/pszx/mdqp_order_list.html?state=10 HTTP/1.1" 200 10275
120.253.135.82 - - [09/Jan/2023:07:59:29 +0800] "GET /xingrg/dwr/interface/AjaxQqpsService.js HTTP/1.1" 200 16326
120.253.135.82 - - [09/Jan/2023:07:59:29 +0800] "GET /xingrg/dwr/interface/AjaxReportQueryService.js HTTP/1.1" 200 13203
120.253.135.82 - - [09/Jan/2023:07:59:29 +0800] "GET /xingrg/dwr/engine.js HTTP/1.1" 200 43631
172.20.0.100 - - [09/Jan/2023:07:59:30 +0800] "GET /xingrg/all/function/internal_message.html?_=1673222389532&CODE_STATE=getMsg HTTP/1.1" 200 27
172.20.0.100 - - [09/Jan/2023:07:59:30 +0800] "GET /xingrg/check_reg.html?_=1673222389533 HTTP/1.1" 200 22
116.238.139.35 - - [09/Jan/2023:07:59:31 +0800] "GET /xingrg/all/function/internal_message.html?_=1673222392733&CODE_STATE=getMsg HTTP/1.1" 200 27
114.88.159.190 - - [09/Jan/2023:07:59:38 +0800] "GET /xingrg/all/function/internal_message.html?_=1673221993222&CODE_STATE=getMsg HTTP/1.1" 200 27
120.253.135.82 - - [09/Jan/2023:07:59:38 +0800] "GET /xingrg/kc/buy/cgsh_order_list.html HTTP/1.1" 200 53897
120.253.135.82 - - [09/Jan/2023:07:59:39 +0800] "POST /xingrg/kc/buy/cgsh_list_operate.html HTTP/1.1" 200 986
120.253.135.82 - - [09/Jan/2023:07:59:42 +0800] "GET /xingrg/kc/pszx/mdqp_order_list.html?state=10 HTTP/1.1" 200 10275
120.253.135.82 - - [09/Jan/2023:07:59:42 +0800] "GET /xingrg/dwr/interface/AjaxQqpsService.js HTTP/1.1" 200 16326
120.253.135.82 - - [09/Jan/2023:07:59:42 +0800] "GET /xingrg/dwr/interface/AjaxReportQueryService.js HTTP/1.1" 200 13203
120.253.135.82 - - [09/Jan/2023:07:59:42 +0800] "GET /xingrg/dwr/engine.js HTTP/1.1" 200 43631
116.235.240.202 - - [09/Jan/2023:07:59:43 +0800] "GET /xingrg/check_reg.html?_=1673222404739 HTTP/1.1" 200 22
120.253.135.82 - - [09/Jan/2023:07:59:46 +0800] "GET /xingrg/kc/pszx/mdth_order_list.html HTTP/1.1" 200 18459
120.253.135.82 - - [09/Jan/2023:07:59:46 +0800] "POST /xingrg/kc/pszx/mdth_order_new_list.html HTTP/1.1" 200 4711
58.221.95.50 - - [09/Jan/2023:07:59:50 +0800] "GET /xingrg/all/function/internal_message.html?_=1673222410308&CODE_STATE=getMsg HTTP/1.1" 200 27
120.253.135.82 - - [09/Jan/2023:07:59:50 +0800] "POST /xingrg/kc/pszx/mdth_order_new_list.html HTTP/1.1" 200 206
120.253.135.82 - - [09/Jan/2023:08:00:02 +0800] "GET /xingrg/kc/pszx/mdth_order_info.html?code=322023010800002 HTTP/1.1" 200 22213
120.253.135.82 - - [09/Jan/2023:08:00:02 +0800] "GET /xingrg/javascript/easyui/themes/default/validatebox.css HTTP/1.1" 404 1104
120.253.135.82 - - [09/Jan/2023:08:00:03 +0800] "POST /xingrg/kc/pszx/mdth_order_new_info.html HTTP/1.1" 200 282
116.235.240.202 - - [09/Jan/2023:08:00:06 +0800] "GET /xingrg/all/function/internal_message.html?_=1673222427358&CODE_STATE=getMsg HTTP/1.1" 200 27
222.64.58.164 - - [09/Jan/2023:08:00:16 +0800] "POST /xingrg/services/DataTransmitService HTTP/1.1" 200 524
116.238.139.35 - - [09/Jan/2023:08:00:19 +0800] "GET /xingrg/all/function/internal_message.html?_=1673222353284&CODE_STATE=getMsg HTTP/1.1" 200 27
120.253.135.82 - - [09/Jan/2023:08:00:23 +0800] "POST /xingrg/kc/pszx/mdth_order_new_list.html HTTP/1.1" 200 204
120.253.135.82 - - [09/Jan/2023:08:00:29 +0800] "GET /xingrg/all/function/internal_message.html?_=1673222261417&CODE_STATE=getMsg HTTP/1.1" 200 27
172.20.0.100 - - [09/Jan/2023:08:00:30 +0800] "GET /xingrg/all/function/internal_message.html?_=1673222449535&CODE_STATE=getMsg HTTP/1.1" 200 27
116.238.139.35 - - [09/Jan/2023:08:00:31 +0800] "GET /xingrg/all/function/internal_message.html?_=1673222452735&CODE_STATE=getMsg HTTP/1.1" 200 27
114.88.159.190 - - [09/Jan/2023:08:00:38 +0800] "GET /xingrg/all/function/internal_message.html?_=1673222053194&CODE_STATE=getMsg HTTP/1.1" 200 27
120.253.135.82 - - [09/Jan/2023:08:00:45 +0800] "GET /xingrg/kc/pszx/mdqp_order_list.html?state=10 HTTP/1.1" 200 10275
120.253.135.82 - - [09/Jan/2023:08:00:45 +0800] "GET /xingrg/dwr/interface/AjaxQqpsService.js HTTP/1.1" 200 16326
120.253.135.82 - - [09/Jan/2023:08:00:45 +0800] "GET /xingrg/dwr/interface/AjaxReportQueryService.js HTTP/1.1" 200 13203
120.253.135.82 - - [09/Jan/2023:08:00:45 +0800] "GET /xingrg/dwr/engine.js HTTP/1.1" 200 43631
120.253.135.82 - - [09/Jan/2023:08:00:49 +0800] "GET /xingrg/kc/pszx/mdth_order_list.html HTTP/1.1" 200 18459
120.253.135.82 - - [09/Jan/2023:08:00:49 +0800] "POST /xingrg/kc/pszx/mdth_order_new_list.html HTTP/1.1" 200 4711
58.221.95.50 - - [09/Jan/2023:08:00:50 +0800] "GET /xingrg/all/function/internal_message.html?_=1673222470311&CODE_STATE=getMsg HTTP/1.1" 200 27
120.253.135.82 - - [09/Jan/2023:08:00:57 +0800] "GET /xingrg/kc/buy/cgsh_order_list.html HTTP/1.1" 200 53897
120.253.135.82 - - [09/Jan/2023:08:00:59 +0800] "POST /xingrg/kc/buy/cgsh_list_operate.html HTTP/1.1" 200 986
180.169.147.146 - - [09/Jan/2023:08:01:01 +0800] "GET /xingrg/check_reg.html?_=1673222482425 HTTP/1.1" 302 -
116.235.240.202 - - [09/Jan/2023:08:01:06 +0800] "GET /xingrg/all/function/internal_message.html?_=1673222487372&CODE_STATE=getMsg HTTP/1.1" 200 27
58.221.95.50 - - [09/Jan/2023:08:01:12 +0800] "GET /xingrg/check_reg.html?_=1673222492390 HTTP/1.1" 200 22
116.238.139.35 - - [09/Jan/2023:08:01:19 +0800] "GET /xingrg/all/function/internal_message.html?_=1673222413292&CODE_STATE=getMsg HTTP/1.1" 200 27
120.253.135.82 - - [09/Jan/2023:08:01:29 +0800] "GET /xingrg/all/function/internal_message.html?_=1673222321537&CODE_STATE=getMsg HTTP/1.1" 200 27
172.20.0.100 - - [09/Jan/2023:08:01:30 +0800] "GET /xingrg/all/function/internal_message.html?_=1673222509538&CODE_STATE=getMsg HTTP/1.1" 200 27
116.238.139.35 - - [09/Jan/2023:08:01:31 +0800] "GET /xingrg/all/function/internal_message.html?_=1673222512737&CODE_STATE=getMsg HTTP/1.1" 200 27
114.88.159.190 - - [09/Jan/2023:08:01:38 +0800] "GET /xingrg/all/function/internal_message.html?_=1673222113169&CODE_STATE=getMsg HTTP/1.1" 200 27
120.253.135.82 - - [09/Jan/2023:08:01:41 +0800] "GET /xingrg/check_reg.html?_=1673222333896 HTTP/1.1" 200 22
58.221.95.50 - - [09/Jan/2023:08:01:50 +0800] "GET /xingrg/all/function/internal_message.html?_=1673222530315&CODE_STATE=getMsg HTTP/1.1" 200 27
116.235.240.202 - - [09/Jan/2023:08:02:06 +0800] "GET /xingrg/all/function/internal_message.html?_=1673222547648&CODE_STATE=getMsg HTTP/1.1" 200 27
120.253.135.82 - - [09/Jan/2023:08:02:14 +0800] "GET /xingrg/kc/pszx/mdqp_order_list.html?state=10 HTTP/1.1" 200 10275
120.253.135.82 - - [09/Jan/2023:08:02:14 +0800] "GET /xingrg/dwr/interface/AjaxQqpsService.js HTTP/1.1" 200 16326
120.253.135.82 - - [09/Jan/2023:08:02:14 +0800] "GET /xingrg/dwr/engine.js HTTP/1.1" 200 43631
120.253.135.82 - - [09/Jan/2023:08:02:14 +0800] "GET /xingrg/dwr/interface/AjaxReportQueryService.js HTTP/1.1" 200 13203
116.238.139.35 - - [09/Jan/2023:08:02:19 +0800] "GET /xingrg/all/function/internal_message.html?_=1673222473327&CODE_STATE=getMsg HTTP/1.1" 200 27
120.253.135.82 - - [09/Jan/2023:08:02:29 +0800] "GET /xingrg/all/function/internal_message.html?_=1673222381649&CODE_STATE=getMsg HTTP/1.1" 200 27
172.20.0.100 - - [09/Jan/2023:08:02:30 +0800] "GET /xingrg/all/function/internal_message.html?_=1673222569539&CODE_STATE=getMsg HTTP/1.1" 200 27
116.238.139.35 - - [09/Jan/2023:08:02:31 +0800] "GET /xingrg/check_reg.html?_=1673222572729 HTTP/1.1" 200 22
