114.83.222.182 - - [09/Jan/2023:11:13:14 +0800] "GET /xingrg/javascript/easyui/themes/default/validatebox.css HTTP/1.1" 404 1104
116.238.139.35 - - [09/Jan/2023:11:13:16 +0800] "POST /xingrg/dwr/call/plaincall/AjaxYddbService.saveMaterielItem.dwr HTTP/1.1" 200 79
116.238.139.35 - - [09/Jan/2023:11:13:17 +0800] "POST /xingrg/dwr/call/plaincall/AjaxComOrderService.getMaterielSearchList.dwr HTTP/1.1" 200 77
116.230.105.139 - - [09/Jan/2023:11:13:17 +0800] "GET /xingrg/kc/buy/cgsh_order_add.html HTTP/1.1" 200 69684
116.230.105.139 - - [09/Jan/2023:11:13:17 +0800] "POST /xingrg/kc/buy/cgsh_order_operate.html HTTP/1.1" 200 8245
116.230.105.139 - - [09/Jan/2023:11:13:17 +0800] "GET /xingrg/all/common/auto_word.html?type=employee&rest_code=00155 HTTP/1.1" 200 205
116.230.105.139 - - [09/Jan/2023:11:13:17 +0800] "GET /xingrg/javascript/easyui/themes/default/validatebox.css HTTP/1.1" 404 1104
116.230.105.139 - - [09/Jan/2023:11:13:17 +0800] "GET /xingrg/all/common/auto_word.html?type=employee&rest_code=00155 HTTP/1.1" 200 205
116.238.139.35 - - [09/Jan/2023:11:13:18 +0800] "POST /xingrg/dwr/call/plaincall/AjaxComOrderService.getMaterielSearchList.dwr HTTP/1.1" 200 1718
116.238.139.35 - - [09/Jan/2023:11:13:19 +0800] "GET /xingrg/all/function/internal_message.html?_=1673233933591&CODE_STATE=getMsg HTTP/1.1" 200 27
116.230.105.139 - - [09/Jan/2023:11:13:19 +0800] "GET /xingrg/javascript/auto/indicator.gif HTTP/1.1" 404 1066
116.238.139.35 - - [09/Jan/2023:11:13:21 +0800] "POST /xingrg/dwr/call/plaincall/AjaxComOrderService.getMaterielSearchList.dwr HTTP/1.1" 200 901
116.238.139.35 - - [09/Jan/2023:11:13:22 +0800] "POST /xingrg/dwr/call/plaincall/AjaxYddbService.getMaterielByMap.dwr HTTP/1.1" 200 2379
116.230.105.139 - - [09/Jan/2023:11:13:23 +0800] "GET /xingrg/javascript/jquery_tools/images/prev.gif HTTP/1.1" 404 1086
116.230.105.139 - - [09/Jan/2023:11:13:23 +0800] "GET /xingrg/javascript/jquery_tools/images/next.gif HTTP/1.1" 404 1086
116.238.139.35 - - [09/Jan/2023:11:13:24 +0800] "POST /xingrg/dwr/call/plaincall/AjaxYddbService.saveMaterielItem.dwr HTTP/1.1" 200 79
114.84.38.117 - - [09/Jan/2023:11:13:24 +0800] "GET /xingrg/check_reg.html?_=1673234025893 HTTP/1.1" 200 22
120.253.135.82 - - [09/Jan/2023:11:13:24 +0800] "GET /xingrg/all/function/internal_message.html?_=1673233837008&CODE_STATE=getMsg HTTP/1.1" 200 27
116.238.139.35 - - [09/Jan/2023:11:13:24 +0800] "POST /xingrg/dwr/call/plaincall/AjaxComOrderService.getMaterielSearchList.dwr HTTP/1.1" 200 77
114.84.38.117 - - [09/Jan/2023:11:13:25 +0800] "GET /xingrg/all/function/internal_message.html?_=1673234026313&CODE_STATE=getMsg HTTP/1.1" 200 27
222.69.192.184 - - [09/Jan/2023:11:13:26 +0800] "GET /xingrg/all/function/internal_message.html?_=1673234026901&CODE_STATE=getMsg HTTP/1.1" 200 27
116.238.139.35 - - [09/Jan/2023:11:13:27 +0800] "POST /xingrg/dwr/call/plaincall/AjaxComOrderService.getMaterielSearchList.dwr HTTP/1.1" 200 1023
114.88.159.190 - - [09/Jan/2023:11:13:27 +0800] "GET /xingrg/check_reg.html?_=1673233622565 HTTP/1.1" 200 22
116.238.139.35 - - [09/Jan/2023:11:13:27 +0800] "POST /xingrg/dwr/call/plaincall/AjaxComOrderService.getMaterielSearchList.dwr HTTP/1.1" 200 1023
116.238.139.35 - - [09/Jan/2023:11:13:28 +0800] "POST /xingrg/dwr/call/plaincall/AjaxYddbService.getMaterielByMap.dwr HTTP/1.1" 200 2360
116.230.105.139 - - [09/Jan/2023:11:13:29 +0800] "GET /xingrg/kc/buy/cgsh_order_operate.html?command=get_materiel&rest_code=00155&code=00101020133&supplier_code=00100443&order_time=2023-01-09 HTTP/1.1" 200 417
172.20.0.100 - - [09/Jan/2023:11:13:30 +0800] "GET /xingrg/all/function/internal_message.html?_=1673234029540&CODE_STATE=getMsg HTTP/1.1" 200 27
221.239.170.112 - - [09/Jan/2023:11:13:30 +0800] "GET /xingrg/all/function/internal_message.html?_=1673234030252&CODE_STATE=getMsg HTTP/1.1" 200 27
116.238.139.35 - - [09/Jan/2023:11:13:30 +0800] "POST /xingrg/dwr/call/plaincall/AjaxYddbService.saveMaterielItem.dwr HTTP/1.1" 200 79
222.70.177.10 - - [09/Jan/2023:11:13:31 +0800] "GET /xingrg/check_reg.html?_=1673234030486 HTTP/1.1" 200 22
222.70.177.10 - - [09/Jan/2023:11:13:31 +0800] "GET /xingrg/all/function/internal_message.html?_=1673234030487&CODE_STATE=getMsg HTTP/1.1" 200 27
116.238.139.35 - - [09/Jan/2023:11:13:31 +0800] "GET /xingrg/all/function/internal_message.html?_=1673234033055&CODE_STATE=getMsg HTTP/1.1" 200 27
116.192.124.172 - - [09/Jan/2023:11:13:33 +0800] "GET /xingrg/all/function/internal_message.html?_=1673234035312&CODE_STATE=getMsg HTTP/1.1" 200 27
116.238.139.35 - - [09/Jan/2023:11:13:33 +0800] "POST /xingrg/dwr/call/plaincall/AjaxComOrderService.getMaterielSearchList.dwr HTTP/1.1" 200 724
114.88.159.190 - - [09/Jan/2023:11:13:33 +0800] "GET /xingrg/all/function/internal_message.html?_=1673233629090&CODE_STATE=getMsg HTTP/1.1" 200 27
116.238.139.35 - - [09/Jan/2023:11:13:34 +0800] "POST /xingrg/dwr/call/plaincall/AjaxComOrderService.getMaterielSearchList.dwr HTTP/1.1" 200 724
116.230.105.139 - - [09/Jan/2023:11:13:34 +0800] "GET /xingrg/all/function/internal_message.html?_=1673233984901&CODE_STATE=getMsg HTTP/1.1" 200 27
116.230.105.139 - - [09/Jan/2023:11:13:34 +0800] "GET /xingrg/check_reg.html?_=1673233984902 HTTP/1.1" 200 22
116.230.105.139 - - [09/Jan/2023:11:13:35 +0800] "POST /xingrg/kc/buy/cgsh_order_operate.html HTTP/1.1" 200 37
116.238.139.35 - - [09/Jan/2023:11:13:35 +0800] "POST /xingrg/dwr/call/plaincall/AjaxYddbService.getMaterielByMap.dwr HTTP/1.1" 200 2346
114.84.171.241 - - [09/Jan/2023:11:13:36 +0800] "GET /xingrg/all/function/internal_message.html?_=1673234036114&CODE_STATE=getMsg HTTP/1.1" 200 27
116.230.105.139 - - [09/Jan/2023:11:13:37 +0800] "POST /xingrg/kc/buy/cgsh_order_operate.html HTTP/1.1" 200 2661
116.230.105.139 - - [09/Jan/2023:11:13:37 +0800] "GET /xingrg/kc/print/load_config.html?kc_code=cgsh HTTP/1.1" 200 1943
116.230.105.139 - - [09/Jan/2023:11:13:37 +0800] "GET /xingrg/kc/print/load_data.html?order_code=212023010901959&kc_code=cgsh&condition= HTTP/1.1" 200 680
116.238.139.35 - - [09/Jan/2023:11:13:42 +0800] "POST /xingrg/dwr/call/plaincall/AjaxYddbService.saveMaterielItem.dwr HTTP/1.1" 200 79
222.69.192.184 - - [09/Jan/2023:11:13:43 +0800] "GET /xingrg/all/function/internal_message.html?_=1673233887398&CODE_STATE=getMsg HTTP/1.1" 200 27
180.169.147.146 - - [09/Jan/2023:11:13:43 +0800] "GET /xingrg/all/function/internal_message.html?_=1673234043431&CODE_STATE=getMsg HTTP/1.1" 200 27
114.83.222.182 - - [09/Jan/2023:11:13:44 +0800] "POST /xingrg/kc/mdqp/pssh_list_operate.html HTTP/1.1" 200 814
116.238.139.35 - - [09/Jan/2023:11:13:46 +0800] "POST /xingrg/dwr/call/plaincall/AjaxComOrderService.getMaterielSearchList.dwr HTTP/1.1" 200 7585
116.238.139.35 - - [09/Jan/2023:11:13:47 +0800] "POST /xingrg/dwr/call/plaincall/AjaxComOrderService.getMaterielSearchList.dwr HTTP/1.1" 200 1043
180.169.147.146 - - [09/Jan/2023:11:13:48 +0800] "GET /xingrg/all/function/internal_message.html?_=1673234049355&CODE_STATE=getMsg HTTP/1.1" 200 27
114.83.222.182 - - [09/Jan/2023:11:13:49 +0800] "GET /xingrg/kc/mdqp/pssh_order_list.html HTTP/1.1" 200 17063
114.83.222.182 - - [09/Jan/2023:11:13:49 +0800] "POST /xingrg/kc/mdqp/pssh_list_operate.html HTTP/1.1" 200 5355
58.221.95.50 - - [09/Jan/2023:11:13:50 +0800] "GET /xingrg/all/function/internal_message.html?_=1673234050318&CODE_STATE=getMsg HTTP/1.1" 200 27
172.20.0.100 - - [09/Jan/2023:11:13:51 +0800] "GET /xingrg/check_reg.html?_=1673234050128 HTTP/1.1" 200 22
116.230.105.139 - - [09/Jan/2023:11:13:52 +0800] "GET /xingrg/kc/buy/cgsh_order_add.html HTTP/1.1" 200 69684
116.230.105.139 - - [09/Jan/2023:11:13:53 +0800] "GET /xingrg/javascript/easyui/themes/default/validatebox.css HTTP/1.1" 404 1104
116.230.105.139 - - [09/Jan/2023:11:13:53 +0800] "POST /xingrg/kc/buy/cgsh_order_operate.html HTTP/1.1" 200 8245
114.83.222.182 - - [09/Jan/2023:11:13:53 +0800] "POST /xingrg/kc/mdqp/pssh_list_operate.html HTTP/1.1" 200 574
114.83.222.182 - - [09/Jan/2023:11:13:53 +0800] "GET /xingrg/kc/mdqp/pssh_order_info.html?code=312023010500058 HTTP/1.1" 200 17299
114.83.222.182 - - [09/Jan/2023:11:13:53 +0800] "GET /xingrg/javascript/jquery_tools/jquery-1.4.2.min.js HTTP/1.1" 404 1094
114.83.222.182 - - [09/Jan/2023:11:13:53 +0800] "POST /xingrg/kc/mdqp/pssh_order_operate.html HTTP/1.1" 200 2130
114.83.222.182 - - [09/Jan/2023:11:13:53 +0800] "GET /xingrg/javascript/easyui/themes/default/validatebox.css HTTP/1.1" 404 1104
114.83.222.182 - - [09/Jan/2023:11:13:54 +0800] "GET /xingrg/all/function/internal_message.html?_=1673234147756&CODE_STATE=getMsg HTTP/1.1" 200 27
114.83.222.182 - - [09/Jan/2023:11:13:54 +0800] "GET /xingrg/check_reg.html?_=1673234147757 HTTP/1.1" 200 22
116.238.139.35 - - [09/Jan/2023:11:13:54 +0800] "POST /xingrg/dwr/call/plaincall/AjaxYddbService.getMaterielByMap.dwr HTTP/1.1" 200 2351
116.238.139.35 - - [09/Jan/2023:11:13:56 +0800] "POST /xingrg/dwr/call/plaincall/AjaxYddbService.getUnitPrice.dwr HTTP/1.1" 200 86
114.83.222.182 - - [09/Jan/2023:11:14:00 +0800] "GET /xingrg/kc/mdqp/pssh_order_list.html?isBack=1 HTTP/1.1" 200 17063
114.83.222.182 - - [09/Jan/2023:11:14:00 +0800] "POST /xingrg/kc/mdqp/pssh_list_operate.html HTTP/1.1" 200 5355
114.83.222.182 - - [09/Jan/2023:11:14:02 +0800] "POST /xingrg/kc/mdqp/pssh_list_operate.html HTTP/1.1" 200 265
114.83.222.182 - - [09/Jan/2023:11:14:03 +0800] "GET /xingrg/kc/mdqp/pssh_order_info.html?code=312023010800126 HTTP/1.1" 200 17301
114.83.222.182 - - [09/Jan/2023:11:14:03 +0800] "GET /xingrg/javascript/jquery_tools/jquery-1.4.2.min.js HTTP/1.1" 404 1094
114.83.222.182 - - [09/Jan/2023:11:14:03 +0800] "POST /xingrg/kc/mdqp/pssh_order_operate.html HTTP/1.1" 200 551
114.83.222.182 - - [09/Jan/2023:11:14:03 +0800] "GET /xingrg/javascript/easyui/themes/default/validatebox.css HTTP/1.1" 404 1104
114.83.222.182 - - [09/Jan/2023:11:14:05 +0800] "GET /xingrg/kc/mdqp/pssh_order_list.html?isBack=1 HTTP/1.1" 200 17063
114.84.81.136 - - [09/Jan/2023:11:14:05 +0800] "GET /xingrg/all/function/internal_message.html?_=1673234066732&CODE_STATE=getMsg HTTP/1.1" 200 27
114.83.222.182 - - [09/Jan/2023:11:14:06 +0800] "POST /xingrg/kc/mdqp/pssh_list_operate.html HTTP/1.1" 200 5355
116.230.105.139 - - [09/Jan/2023:11:14:11 +0800] "GET /xingrg/kc/buy/cgsh_order_operate.html?command=get_materiel&rest_code=00155&code=00101012119&supplier_code=00100587&order_time=2023-01-09 HTTP/1.1" 200 417
114.83.222.182 - - [09/Jan/2023:11:14:16 +0800] "GET /xingrg/kc/mdqp/qqps_order_list.html HTTP/1.1" 200 9222
114.83.222.182 - - [09/Jan/2023:11:14:16 +0800] "GET /xingrg/dwr/interface/AjaxQqpsService.js HTTP/1.1" 200 16326
114.83.222.182 - - [09/Jan/2023:11:14:16 +0800] "GET /xingrg/dwr/interface/AjaxReportQueryService.js HTTP/1.1" 200 13203
114.83.222.182 - - [09/Jan/2023:11:14:16 +0800] "GET /xingrg/dwr/util.js HTTP/1.1" 304 -
114.83.222.182 - - [09/Jan/2023:11:14:16 +0800] "GET /xingrg/dwr/engine.js HTTP/1.1" 200 43631
116.230.105.139 - - [09/Jan/2023:11:14:17 +0800] "POST /xingrg/kc/buy/cgsh_order_operate.html HTTP/1.1" 200 37
114.83.222.182 - - [09/Jan/2023:11:14:18 +0800] "GET /xingrg/kc/mdqp/qqps_order_add.html HTTP/1.1" 200 26489
114.83.222.182 - - [09/Jan/2023:11:14:18 +0800] "GET /xingrg/dwr/interface/AjaxQqpsService.js HTTP/1.1" 200 16326
114.83.222.182 - - [09/Jan/2023:11:14:18 +0800] "GET /xingrg/dwr/engine.js HTTP/1.1" 200 43631
114.83.222.182 - - [09/Jan/2023:11:14:18 +0800] "GET /xingrg/dwr/interface/AjaxComOrderService.js HTTP/1.1" 200 18264
116.230.105.139 - - [09/Jan/2023:11:14:19 +0800] "POST /xingrg/kc/buy/cgsh_order_operate.html HTTP/1.1" 200 2659
116.238.139.35 - - [09/Jan/2023:11:14:19 +0800] "GET /xingrg/all/function/internal_message.html?_=1673233993605&CODE_STATE=getMsg HTTP/1.1" 200 27
116.230.105.139 - - [09/Jan/2023:11:14:19 +0800] "GET /xingrg/kc/print/load_data.html?order_code=212023010901960&kc_code=cgsh&condition= HTTP/1.1" 200 668
116.230.105.139 - - [09/Jan/2023:11:14:23 +0800] "GET /xingrg/kc/buy/cgsh_order_add.html HTTP/1.1" 200 69684
116.230.105.139 - - [09/Jan/2023:11:14:23 +0800] "POST /xingrg/kc/buy/cgsh_order_operate.html HTTP/1.1" 200 8245
116.230.105.139 - - [09/Jan/2023:11:14:23 +0800] "GET /xingrg/javascript/easyui/themes/default/validatebox.css HTTP/1.1" 404 1104
120.253.135.82 - - [09/Jan/2023:11:14:24 +0800] "GET /xingrg/all/function/internal_message.html?_=1673233897022&CODE_STATE=getMsg HTTP/1.1" 200 27
114.84.38.117 - - [09/Jan/2023:11:14:25 +0800] "GET /xingrg/all/function/internal_message.html?_=1673234086328&CODE_STATE=getMsg HTTP/1.1" 200 27
222.69.192.184 - - [09/Jan/2023:11:14:26 +0800] "GET /xingrg/all/function/internal_message.html?_=1673234086905&CODE_STATE=getMsg HTTP/1.1" 200 27
222.69.192.184 - - [09/Jan/2023:11:14:26 +0800] "GET /xingrg/check_reg.html?_=1673234086901 HTTP/1.1" 200 22
114.83.222.182 - - [09/Jan/2023:11:14:26 +0800] "POST /xingrg/dwr/call/plaincall/AjaxQqpsService.saveOrder.dwr HTTP/1.1" 200 78
114.83.222.182 - - [09/Jan/2023:11:14:29 +0800] "GET /xingrg/javascript/auto/indicator.gif HTTP/1.1" 404 1066
172.20.0.100 - - [09/Jan/2023:11:14:30 +0800] "GET /xingrg/all/function/internal_message.html?_=1673234089543&CODE_STATE=getMsg HTTP/1.1" 200 27
172.20.0.100 - - [09/Jan/2023:11:14:30 +0800] "GET /xingrg/check_reg.html?_=1673234089545 HTTP/1.1" 200 22
221.239.170.112 - - [09/Jan/2023:11:14:30 +0800] "GET /xingrg/all/function/internal_message.html?_=1673234090258&CODE_STATE=getMsg HTTP/1.1" 200 27
116.230.105.139 - - [09/Jan/2023:11:14:30 +0800] "GET /xingrg/kc/buy/cgsh_order_operate.html?command=get_materiel&rest_code=00155&code=00101010885&supplier_code=00100336&order_time=2023-01-09 HTTP/1.1" 200 409
222.70.177.10 - - [09/Jan/2023:11:14:31 +0800] "GET /xingrg/all/function/internal_message.html?_=1673234090485&CODE_STATE=getMsg HTTP/1.1" 200 27
116.238.139.35 - - [09/Jan/2023:11:14:31 +0800] "GET /xingrg/all/function/internal_message.html?_=1673234093042&CODE_STATE=getMsg HTTP/1.1" 200 27
116.238.139.35 - - [09/Jan/2023:11:14:33 +0800] "POST /xingrg/dwr/call/plaincall/AjaxYddbService.saveMaterielItem.dwr HTTP/1.1" 200 79
116.192.124.172 - - [09/Jan/2023:11:14:33 +0800] "GET /xingrg/all/function/internal_message.html?_=1673234095313&CODE_STATE=getMsg HTTP/1.1" 200 27
114.88.159.190 - - [09/Jan/2023:11:14:33 +0800] "GET /xingrg/all/function/internal_message.html?_=1673233689068&CODE_STATE=getMsg HTTP/1.1" 200 27
116.230.105.139 - - [09/Jan/2023:11:14:34 +0800] "GET /xingrg/all/function/internal_message.html?_=1673234044920&CODE_STATE=getMsg HTTP/1.1" 200 27
114.83.222.182 - - [09/Jan/2023:11:14:34 +0800] "POST /xingrg/dwr/call/plaincall/AjaxQqpsService.getMaterielByCode.dwr HTTP/1.1" 200 1703
114.84.171.241 - - [09/Jan/2023:11:14:36 +0800] "GET /xingrg/all/function/internal_message.html?_=1673234096114&CODE_STATE=getMsg HTTP/1.1" 200 27
114.83.222.182 - - [09/Jan/2023:11:14:37 +0800] "POST /xingrg/dwr/call/plaincall/AjaxQqpsService.saveMaterielItem.dwr HTTP/1.1" 200 78
116.230.105.139 - - [09/Jan/2023:11:14:38 +0800] "POST /xingrg/kc/buy/cgsh_order_operate.html HTTP/1.1" 200 37
116.230.105.139 - - [09/Jan/2023:11:14:40 +0800] "POST /xingrg/kc/buy/cgsh_order_operate.html HTTP/1.1" 200 2667
116.230.105.139 - - [09/Jan/2023:11:14:40 +0800] "GET /xingrg/kc/print/load_data.html?order_code=212023010901961&kc_code=cgsh&condition= HTTP/1.1" 200 689
116.238.139.35 - - [09/Jan/2023:11:14:43 +0800] "POST /xingrg/dwr/call/plaincall/AjaxYddbService.saveMaterielItem.dwr HTTP/1.1" 200 79
222.69.192.184 - - [09/Jan/2023:11:14:43 +0800] "GET /xingrg/all/function/internal_message.html?_=1673233947397&CODE_STATE=getMsg HTTP/1.1" 200 27
222.69.192.184 - - [09/Jan/2023:11:14:43 +0800] "GET /xingrg/check_reg.html?_=1673233947398 HTTP/1.1" 200 22
180.169.147.146 - - [09/Jan/2023:11:14:44 +0800] "GET /xingrg/all/function/internal_message.html?_=1673234103445&CODE_STATE=getMsg HTTP/1.1" 200 27
180.169.147.146 - - [09/Jan/2023:11:14:44 +0800] "GET /xingrg/check_reg.html?_=1673234103446 HTTP/1.1" 200 22
116.230.105.139 - - [09/Jan/2023:11:14:44 +0800] "GET /xingrg/kc/buy/cgsh_order_add.html HTTP/1.1" 200 69684
116.230.105.139 - - [09/Jan/2023:11:14:44 +0800] "POST /xingrg/kc/buy/cgsh_order_operate.html HTTP/1.1" 200 8245
116.230.105.139 - - [09/Jan/2023:11:14:44 +0800] "GET /xingrg/javascript/easyui/themes/default/validatebox.css HTTP/1.1" 404 1104
180.169.147.146 - - [09/Jan/2023:11:14:48 +0800] "GET /xingrg/all/function/internal_message.html?_=1673234109336&CODE_STATE=getMsg HTTP/1.1" 200 27
114.83.222.182 - - [09/Jan/2023:11:14:49 +0800] "POST /xingrg/dwr/call/plaincall/AjaxQqpsService.getMaterielByCode.dwr HTTP/1.1" 200 1682
58.221.95.50 - - [09/Jan/2023:11:14:50 +0800] "GET /xingrg/all/function/internal_message.html?_=1673234110315&CODE_STATE=getMsg HTTP/1.1" 200 27
116.238.139.35 - - [09/Jan/2023:11:14:51 +0800] "POST /xingrg/dwr/call/plaincall/AjaxComOrderService.getMaterielSearchList.dwr HTTP/1.1" 200 13954
116.238.139.35 - - [09/Jan/2023:11:14:52 +0800] "POST /xingrg/dwr/call/plaincall/AjaxComOrderService.getMaterielSearchList.dwr HTTP/1.1" 200 784
116.230.105.139 - - [09/Jan/2023:11:14:52 +0800] "GET /xingrg/kc/buy/cgsh_order_operate.html?command=get_materiel&rest_code=00155&code=00101007122&supplier_code=00100323&order_time=2023-01-09 HTTP/1.1" 200 435
114.83.222.182 - - [09/Jan/2023:11:14:53 +0800] "GET /favicon.ico HTTP/1.1" 404 -
114.83.222.182 - - [09/Jan/2023:11:14:54 +0800] "GET /xingrg/all/function/internal_message.html?_=1673234207740&CODE_STATE=getMsg HTTP/1.1" 200 27
116.238.139.35 - - [09/Jan/2023:11:14:55 +0800] "POST /xingrg/dwr/call/plaincall/AjaxYddbService.getMaterielByMap.dwr HTTP/1.1" 200 2386
114.83.222.182 - - [09/Jan/2023:11:14:57 +0800] "POST /xingrg/dwr/call/plaincall/AjaxQqpsService.saveMaterielItem.dwr HTTP/1.1" 200 78
116.238.139.35 - - [09/Jan/2023:11:14:59 +0800] "POST /xingrg/dwr/call/plaincall/AjaxYddbService.getUnitPrice.dwr HTTP/1.1" 200 88
116.238.139.35 - - [09/Jan/2023:11:15:02 +0800] "POST /xingrg/dwr/call/plaincall/AjaxYddbService.saveMaterielItem.dwr HTTP/1.1" 200 79
114.83.222.182 - - [09/Jan/2023:11:15:04 +0800] "POST /xingrg/dwr/call/plaincall/AjaxQqpsService.getMaterielByCode.dwr HTTP/1.1" 200 1706
114.84.81.136 - - [09/Jan/2023:11:15:05 +0800] "GET /xingrg/all/function/internal_message.html?_=1673234126729&CODE_STATE=getMsg HTTP/1.1" 200 27
114.84.81.136 - - [09/Jan/2023:11:15:05 +0800] "GET /xingrg/check_reg.html?_=1673234126730 HTTP/1.1" 200 22
116.238.139.35 - - [09/Jan/2023:11:15:06 +0800] "POST /xingrg/dwr/call/plaincall/AjaxComOrderService.getMaterielSearchList.dwr HTTP/1.1" 200 22638
114.83.222.182 - - [09/Jan/2023:11:15:06 +0800] "POST /xingrg/dwr/call/plaincall/AjaxQqpsService.saveMaterielItem.dwr HTTP/1.1" 200 78
116.238.139.35 - - [09/Jan/2023:11:15:07 +0800] "POST /xingrg/dwr/call/plaincall/AjaxComOrderService.getMaterielSearchList.dwr HTTP/1.1" 200 2884
116.230.105.139 - - [09/Jan/2023:11:15:08 +0800] "GET /xingrg/kc/buy/cgsh_order_operate.html?command=get_materiel&rest_code=00155&code=00101010045&supplier_code=00100323&order_time=2023-01-09 HTTP/1.1" 200 434
116.238.139.35 - - [09/Jan/2023:11:15:10 +0800] "POST /xingrg/dwr/call/plaincall/AjaxYddbService.getMaterielByMap.dwr HTTP/1.1" 200 2360
116.238.139.35 - - [09/Jan/2023:11:15:12 +0800] "POST /xingrg/dwr/call/plaincall/AjaxYddbService.saveMaterielItem.dwr HTTP/1.1" 200 79
116.238.139.35 - - [09/Jan/2023:11:15:15 +0800] "POST /xingrg/dwr/call/plaincall/AjaxComOrderService.getMaterielSearchList.dwr HTTP/1.1" 200 734
116.230.105.139 - - [09/Jan/2023:11:15:15 +0800] "POST /xingrg/kc/buy/cgsh_order_operate.html HTTP/1.1" 200 37
116.238.139.35 - - [09/Jan/2023:11:15:16 +0800] "POST /xingrg/dwr/call/plaincall/AjaxComOrderService.getMaterielSearchList.dwr HTTP/1.1" 200 734
116.230.105.139 - - [09/Jan/2023:11:15:17 +0800] "POST /xingrg/kc/buy/cgsh_order_operate.html HTTP/1.1" 200 3277
116.230.105.139 - - [09/Jan/2023:11:15:17 +0800] "GET /xingrg/kc/print/load_data.html?order_code=212023010901962&kc_code=cgsh&condition= HTTP/1.1" 200 948
116.238.139.35 - - [09/Jan/2023:11:15:17 +0800] "POST /xingrg/dwr/call/plaincall/AjaxYddbService.getMaterielByMap.dwr HTTP/1.1" 200 2329
116.238.139.35 - - [09/Jan/2023:11:15:19 +0800] "GET /xingrg/check_reg.html?_=1673234053556 HTTP/1.1" 200 22
116.238.139.35 - - [09/Jan/2023:11:15:19 +0800] "GET /xingrg/all/function/internal_message.html?_=1673234053618&CODE_STATE=getMsg HTTP/1.1" 200 27
116.238.139.35 - - [09/Jan/2023:11:15:19 +0800] "POST /xingrg/dwr/call/plaincall/AjaxYddbService.getUnitPrice.dwr HTTP/1.1" 200 86
116.230.105.139 - - [09/Jan/2023:11:15:21 +0800] "GET /xingrg/kc/buy/cgsh_order_add.html HTTP/1.1" 200 69684
116.230.105.139 - - [09/Jan/2023:11:15:21 +0800] "POST /xingrg/kc/buy/cgsh_order_operate.html HTTP/1.1" 200 8245
116.230.105.139 - - [09/Jan/2023:11:15:21 +0800] "GET /xingrg/javascript/easyui/themes/default/validatebox.css HTTP/1.1" 404 1104
114.83.222.182 - - [09/Jan/2023:11:15:23 +0800] "GET /xingrg/kc/mdqp/qqps_order_list.html?isBack=1 HTTP/1.1" 200 9651
114.83.222.182 - - [09/Jan/2023:11:15:23 +0800] "GET /xingrg/dwr/interface/AjaxQqpsService.js HTTP/1.1" 200 16326
114.83.222.182 - - [09/Jan/2023:11:15:23 +0800] "GET /xingrg/dwr/interface/AjaxReportQueryService.js HTTP/1.1" 200 13203
114.83.222.182 - - [09/Jan/2023:11:15:23 +0800] "GET /xingrg/dwr/engine.js HTTP/1.1" 200 43631
120.253.135.82 - - [09/Jan/2023:11:15:24 +0800] "GET /xingrg/check_reg.html?_=1673233956891 HTTP/1.1" 200 22
120.253.135.82 - - [09/Jan/2023:11:15:24 +0800] "GET /xingrg/all/function/internal_message.html?_=1673233957047&CODE_STATE=getMsg HTTP/1.1" 200 27
114.84.38.117 - - [09/Jan/2023:11:15:25 +0800] "GET /xingrg/all/function/internal_message.html?_=1673234146340&CODE_STATE=getMsg HTTP/1.1" 200 27
116.238.139.35 - - [09/Jan/2023:11:15:25 +0800] "POST /xingrg/dwr/call/plaincall/AjaxYddbService.saveMaterielItem.dwr HTTP/1.1" 200 79
222.69.192.184 - - [09/Jan/2023:11:15:26 +0800] "GET /xingrg/all/function/internal_message.html?_=1673234146905&CODE_STATE=getMsg HTTP/1.1" 200 27
116.238.139.35 - - [09/Jan/2023:11:15:27 +0800] "POST /xingrg/dwr/call/plaincall/AjaxComOrderService.getMaterielSearchList.dwr HTTP/1.1" 200 13606
116.238.139.35 - - [09/Jan/2023:11:15:27 +0800] "POST /xingrg/dwr/call/plaincall/AjaxComOrderService.getMaterielSearchList.dwr HTTP/1.1" 200 592
116.230.105.139 - - [09/Jan/2023:11:15:29 +0800] "GET /xingrg/kc/buy/cgsh_order_operate.html?command=get_materiel&rest_code=00155&code=00101001016&supplier_code=00100313&order_time=2023-01-09 HTTP/1.1" 200 435
114.83.222.182 - - [09/Jan/2023:11:15:29 +0800] "GET /xingrg/kc/mdqp/pssh_order_list.html HTTP/1.1" 200 17063
114.83.222.182 - - [09/Jan/2023:11:15:29 +0800] "POST /xingrg/kc/mdqp/pssh_list_operate.html HTTP/1.1" 200 5355
116.238.139.35 - - [09/Jan/2023:11:15:30 +0800] "POST /xingrg/dwr/call/plaincall/AjaxYddbService.getMaterielByMap.dwr HTTP/1.1" 200 2366
172.20.0.100 - - [09/Jan/2023:11:15:30 +0800] "GET /xingrg/all/function/internal_message.html?_=1673234149530&CODE_STATE=getMsg HTTP/1.1" 200 27
221.239.170.112 - - [09/Jan/2023:11:15:30 +0800] "GET /xingrg/all/function/internal_message.html?_=1673234150265&CODE_STATE=getMsg HTTP/1.1" 200 27
222.70.177.10 - - [09/Jan/2023:11:15:31 +0800] "GET /xingrg/all/function/internal_message.html?_=1673234150483&CODE_STATE=getMsg HTTP/1.1" 200 27
116.238.139.35 - - [09/Jan/2023:11:15:31 +0800] "GET /xingrg/all/function/internal_message.html?_=1673234153046&CODE_STATE=getMsg HTTP/1.1" 200 27
114.83.222.182 - - [09/Jan/2023:11:15:31 +0800] "POST /xingrg/kc/mdqp/pssh_list_operate.html HTTP/1.1" 200 784
114.83.222.182 - - [09/Jan/2023:11:15:32 +0800] "GET /xingrg/kc/mdqp/pssh_order_info.html?code=312023010500057 HTTP/1.1" 200 17299
114.83.222.182 - - [09/Jan/2023:11:15:32 +0800] "GET /xingrg/javascript/jquery_tools/jquery-1.4.2.min.js HTTP/1.1" 404 1094
114.83.222.182 - - [09/Jan/2023:11:15:32 +0800] "POST /xingrg/kc/mdqp/pssh_order_operate.html HTTP/1.1" 200 8542
114.83.222.182 - - [09/Jan/2023:11:15:32 +0800] "GET /xingrg/javascript/easyui/themes/default/validatebox.css HTTP/1.1" 404 1104
116.238.139.35 - - [09/Jan/2023:11:15:33 +0800] "POST /xingrg/dwr/call/plaincall/AjaxYddbService.saveMaterielItem.dwr HTTP/1.1" 200 79
116.192.124.172 - - [09/Jan/2023:11:15:33 +0800] "GET /xingrg/all/function/internal_message.html?_=1673234155308&CODE_STATE=getMsg HTTP/1.1" 200 27
114.88.159.190 - - [09/Jan/2023:11:15:34 +0800] "GET /xingrg/all/function/internal_message.html?_=1673233749045&CODE_STATE=getMsg HTTP/1.1" 200 27
116.230.105.139 - - [09/Jan/2023:11:15:34 +0800] "GET /xingrg/all/function/internal_message.html?_=1673234104898&CODE_STATE=getMsg HTTP/1.1" 200 27
116.238.139.35 - - [09/Jan/2023:11:15:34 +0800] "POST /xingrg/dwr/call/plaincall/AjaxComOrderService.getMaterielSearchList.dwr HTTP/1.1" 200 572
116.238.139.35 - - [09/Jan/2023:11:15:36 +0800] "POST /xingrg/dwr/call/plaincall/AjaxYddbService.getMaterielByMap.dwr HTTP/1.1" 200 2295
114.84.171.241 - - [09/Jan/2023:11:15:36 +0800] "GET /xingrg/all/function/internal_message.html?_=1673234156114&CODE_STATE=getMsg HTTP/1.1" 200 27
116.230.105.139 - - [09/Jan/2023:11:15:37 +0800] "GET /xingrg/kc/buy/cgsh_order_operate.html?command=get_materiel&rest_code=00155&code=00101001096&supplier_code=00100313&order_time=2023-01-09 HTTP/1.1" 200 429
116.238.139.35 - - [09/Jan/2023:11:15:38 +0800] "POST /xingrg/dwr/call/plaincall/AjaxYddbService.saveMaterielItem.dwr HTTP/1.1" 200 79
116.238.139.35 - - [09/Jan/2023:11:15:42 +0800] "POST /xingrg/dwr/call/plaincall/AjaxComOrderService.getMaterielSearchList.dwr HTTP/1.1" 200 484722
114.83.222.182 - - [09/Jan/2023:11:15:42 +0800] "GET /xingrg/kc/mdqp/pssh_order_list.html?isBack=1 HTTP/1.1" 200 17063
116.238.139.35 - - [09/Jan/2023:11:15:42 +0800] "POST /xingrg/dwr/call/plaincall/AjaxComOrderService.getMaterielSearchList.dwr HTTP/1.1" 200 33125
114.83.222.182 - - [09/Jan/2023:11:15:43 +0800] "POST /xingrg/kc/mdqp/pssh_list_operate.html HTTP/1.1" 200 5355
116.230.105.139 - - [09/Jan/2023:11:15:43 +0800] "GET /xingrg/kc/buy/cgsh_order_operate.html?command=get_materiel&rest_code=00155&code=00102026001&supplier_code=00100313&order_time=2023-01-09 HTTP/1.1" 200 410
116.238.139.35 - - [09/Jan/2023:11:15:43 +0800] "POST /xingrg/dwr/call/plaincall/AjaxComOrderService.getMaterielSearchList.dwr HTTP/1.1" 200 450
222.69.192.184 - - [09/Jan/2023:11:15:43 +0800] "GET /xingrg/all/function/internal_message.html?_=1673234007398&CODE_STATE=getMsg HTTP/1.1" 200 27
180.169.147.146 - - [09/Jan/2023:11:15:43 +0800] "GET /xingrg/all/function/internal_message.html?_=1673234163434&CODE_STATE=getMsg HTTP/1.1" 200 27
116.238.139.35 - - [09/Jan/2023:11:15:45 +0800] "POST /xingrg/dwr/call/plaincall/AjaxYddbService.getMaterielByMap.dwr HTTP/1.1" 200 2369
116.238.139.35 - - [09/Jan/2023:11:15:47 +0800] "POST /xingrg/dwr/call/plaincall/AjaxYddbService.getUnitPrice.dwr HTTP/1.1" 200 87
180.169.147.146 - - [09/Jan/2023:11:15:48 +0800] "GET /xingrg/all/function/internal_message.html?_=1673234169306&CODE_STATE=getMsg HTTP/1.1" 200 27
180.169.147.146 - - [09/Jan/2023:11:15:48 +0800] "GET /xingrg/check_reg.html?_=1673234169728 HTTP/1.1" 200 22
114.83.222.182 - - [09/Jan/2023:11:15:48 +0800] "GET /xingrg/kc/mdqp/qqps_order_info.html?code=302023010900117 HTTP/1.1" 200 26642
114.83.222.182 - - [09/Jan/2023:11:15:49 +0800] "GET /xingrg/dwr/interface/AjaxComOrderService.js HTTP/1.1" 200 18264
114.83.222.182 - - [09/Jan/2023:11:15:49 +0800] "GET /xingrg/dwr/interface/AjaxQqpsService.js HTTP/1.1" 200 16326
114.83.222.182 - - [09/Jan/2023:11:15:49 +0800] "GET /xingrg/dwr/engine.js HTTP/1.1" 200 43631
116.230.105.139 - - [09/Jan/2023:11:15:49 +0800] "POST /xingrg/kc/buy/cgsh_order_operate.html HTTP/1.1" 200 37
114.83.222.182 - - [09/Jan/2023:11:15:49 +0800] "POST /xingrg/dwr/call/plaincall/AjaxQqpsService.loadMaterielItems.dwr HTTP/1.1" 200 995
58.221.95.50 - - [09/Jan/2023:11:15:50 +0800] "GET /xingrg/all/function/internal_message.html?_=1673234170305&CODE_STATE=getMsg HTTP/1.1" 200 27
116.230.105.139 - - [09/Jan/2023:11:15:50 +0800] "POST /xingrg/kc/buy/cgsh_order_operate.html HTTP/1.1" 200 3847
116.230.105.139 - - [09/Jan/2023:11:15:51 +0800] "GET /xingrg/kc/print/load_data.html?order_code=212023010901963&kc_code=cgsh&condition= HTTP/1.1" 200 1139
116.238.139.35 - - [09/Jan/2023:11:15:52 +0800] "POST /xingrg/dwr/call/plaincall/AjaxYddbService.saveMaterielItem.dwr HTTP/1.1" 200 79
116.230.105.139 - - [09/Jan/2023:11:15:54 +0800] "GET /xingrg/kc/buy/cgsh_order_add.html HTTP/1.1" 200 69684
114.83.222.182 - - [09/Jan/2023:11:15:54 +0800] "GET /xingrg/all/function/internal_message.html?_=1673234267743&CODE_STATE=getMsg HTTP/1.1" 200 27
116.230.105.139 - - [09/Jan/2023:11:15:54 +0800] "POST /xingrg/kc/buy/cgsh_order_operate.html HTTP/1.1" 200 8245
116.230.105.139 - - [09/Jan/2023:11:15:54 +0800] "GET /xingrg/javascript/easyui/themes/default/validatebox.css HTTP/1.1" 404 1104
116.238.139.35 - - [09/Jan/2023:11:15:55 +0800] "POST /xingrg/dwr/call/plaincall/AjaxComOrderService.getMaterielSearchList.dwr HTTP/1.1" 200 540229
116.238.139.35 - - [09/Jan/2023:11:15:55 +0800] "POST /xingrg/dwr/call/plaincall/AjaxComOrderService.getMaterielSearchList.dwr HTTP/1.1" 200 1171
114.83.222.182 - - [09/Jan/2023:11:15:57 +0800] "POST /xingrg/dwr/call/plaincall/AjaxQqpsService.getMaterielByCode.dwr HTTP/1.1" 200 1705
114.83.222.182 - - [09/Jan/2023:11:15:57 +0800] "GET /xingrg/images/yd/bt.gif HTTP/1.1" 404 1040
116.238.139.35 - - [09/Jan/2023:11:15:58 +0800] "POST /xingrg/dwr/call/plaincall/AjaxYddbService.getMaterielByMap.dwr HTTP/1.1" 200 2356
114.83.222.182 - - [09/Jan/2023:11:16:00 +0800] "GET /xingrg/images/yd/bt2.gif HTTP/1.1" 404 1042
116.230.105.139 - - [09/Jan/2023:11:16:01 +0800] "GET /xingrg/kc/buy/cgsh_order_operate.html?command=get_materiel&rest_code=00155&code=00101001023&supplier_code=00100439&order_time=2023-01-09 HTTP/1.1" 200 413
114.83.222.182 - - [09/Jan/2023:11:16:01 +0800] "POST /xingrg/dwr/call/plaincall/AjaxQqpsService.saveMaterielItem.dwr HTTP/1.1" 200 78
116.238.139.35 - - [09/Jan/2023:11:16:02 +0800] "POST /xingrg/dwr/call/plaincall/AjaxYddbService.saveMaterielItem.dwr HTTP/1.1" 200 80
114.84.81.136 - - [09/Jan/2023:11:16:05 +0800] "GET /xingrg/all/function/internal_message.html?_=1673234186728&CODE_STATE=getMsg HTTP/1.1" 200 27
116.230.105.139 - - [09/Jan/2023:11:16:05 +0800] "GET /xingrg/kc/buy/cgsh_order_operate.html?command=get_materiel&rest_code=00155&code=00101001138&supplier_code=00100439&order_time=2023-01-09 HTTP/1.1" 200 413
116.238.139.35 - - [09/Jan/2023:11:16:07 +0800] "POST /xingrg/dwr/call/plaincall/AjaxYddbService.checkOrder.dwr HTTP/1.1" 200 80
116.238.139.35 - - [09/Jan/2023:11:16:08 +0800] "GET /xingrg/dwr/interface/AjaxYddbService.js HTTP/1.1" 200 13201
116.238.139.35 - - [09/Jan/2023:11:16:08 +0800] "GET /xingrg/kc/base/yddb_order_info.html?code=482023010900034 HTTP/1.1" 200 31275
116.238.139.35 - - [09/Jan/2023:11:16:08 +0800] "GET /xingrg/dwr/engine.js HTTP/1.1" 200 43631
116.238.139.35 - - [09/Jan/2023:11:16:08 +0800] "GET /xingrg/dwr/interface/AjaxComOrderService.js HTTP/1.1" 200 18264
116.238.139.35 - - [09/Jan/2023:11:16:08 +0800] "POST /xingrg/dwr/call/plaincall/AjaxYddbService.loadMaterielItems.dwr HTTP/1.1" 200 8000
116.230.105.139 - - [09/Jan/2023:11:16:11 +0800] "POST /xingrg/kc/buy/cgsh_order_operate.html HTTP/1.1" 200 37
58.221.95.50 - - [09/Jan/2023:11:16:12 +0800] "GET /xingrg/check_reg.html?_=1673234192372 HTTP/1.1" 200 22
116.238.139.35 - - [09/Jan/2023:11:16:12 +0800] "POST /xingrg/dwr/call/plaincall/AjaxYddbService.saveOrder.dwr HTTP/1.1" 200 78
116.230.105.139 - - [09/Jan/2023:11:16:13 +0800] "POST /xingrg/kc/buy/cgsh_order_operate.html HTTP/1.1" 200 2660
116.230.105.139 - - [09/Jan/2023:11:16:13 +0800] "GET /xingrg/kc/print/load_data.html?order_code=212023010901964&kc_code=cgsh&condition= HTTP/1.1" 200 691
116.238.139.35 - - [09/Jan/2023:11:16:17 +0800] "POST /xingrg/dwr/call/plaincall/AjaxYddbService.objCheckOrder.dwr HTTP/1.1" 200 78
116.230.105.139 - - [09/Jan/2023:11:16:17 +0800] "GET /xingrg/kc/buy/cgsh_order_add.html HTTP/1.1" 200 69684
116.230.105.139 - - [09/Jan/2023:11:16:17 +0800] "POST /xingrg/kc/buy/cgsh_order_operate.html HTTP/1.1" 200 8245
116.230.105.139 - - [09/Jan/2023:11:16:17 +0800] "GET /xingrg/javascript/easyui/themes/default/validatebox.css HTTP/1.1" 404 1104
116.238.139.35 - - [09/Jan/2023:11:16:19 +0800] "GET /xingrg/all/function/internal_message.html?_=1673234113718&CODE_STATE=getMsg HTTP/1.1" 200 27
116.238.139.35 - - [09/Jan/2023:11:16:19 +0800] "GET /xingrg/kc/base/yddb_order_info.html?code=482023010900034 HTTP/1.1" 200 31400
116.238.139.35 - - [09/Jan/2023:11:16:19 +0800] "GET /xingrg/dwr/interface/AjaxComOrderService.js HTTP/1.1" 200 18264
116.238.139.35 - - [09/Jan/2023:11:16:19 +0800] "GET /xingrg/dwr/interface/AjaxYddbService.js HTTP/1.1" 200 13201
116.238.139.35 - - [09/Jan/2023:11:16:19 +0800] "GET /xingrg/dwr/engine.js HTTP/1.1" 200 43631
116.238.139.35 - - [09/Jan/2023:11:16:19 +0800] "POST /xingrg/dwr/call/plaincall/AjaxYddbService.loadMaterielItems.dwr HTTP/1.1" 200 8000
116.230.105.139 - - [09/Jan/2023:11:16:24 +0800] "GET /xingrg/kc/buy/cgsh_order_operate.html?command=get_materiel&rest_code=00155&code=00101004051&supplier_code=00100312&order_time=2023-01-09 HTTP/1.1" 200 408
120.253.135.82 - - [09/Jan/2023:11:16:24 +0800] "GET /xingrg/all/function/internal_message.html?_=1673234017064&CODE_STATE=getMsg HTTP/1.1" 200 27
114.84.38.117 - - [09/Jan/2023:11:16:25 +0800] "GET /xingrg/all/function/internal_message.html?_=1673234206477&CODE_STATE=getMsg HTTP/1.1" 200 27
222.69.192.184 - - [09/Jan/2023:11:16:26 +0800] "GET /xingrg/all/function/internal_message.html?_=1673234206891&CODE_STATE=getMsg HTTP/1.1" 200 27
172.20.0.100 - - [09/Jan/2023:11:16:30 +0800] "GET /xingrg/all/function/internal_message.html?_=1673234209531&CODE_STATE=getMsg HTTP/1.1" 200 27
221.239.170.112 - - [09/Jan/2023:11:16:30 +0800] "GET /xingrg/all/function/internal_message.html?_=1673234210255&CODE_STATE=getMsg HTTP/1.1" 200 27
222.70.177.10 - - [09/Jan/2023:11:16:31 +0800] "GET /xingrg/all/function/internal_message.html?_=1673234210481&CODE_STATE=getMsg HTTP/1.1" 200 27
116.230.105.139 - - [09/Jan/2023:11:16:31 +0800] "GET /xingrg/kc/buy/cgsh_order_operate.html?command=get_materiel&rest_code=00155&code=00101004046&supplier_code=00100312&order_time=2023-01-09 HTTP/1.1" 200 417
116.238.139.35 - - [09/Jan/2023:11:16:31 +0800] "GET /xingrg/all/function/internal_message.html?_=1673234213048&CODE_STATE=getMsg HTTP/1.1" 200 27
116.192.124.172 - - [09/Jan/2023:11:16:33 +0800] "GET /xingrg/check_reg.html?_=1673234215308 HTTP/1.1" 200 22
116.192.124.172 - - [09/Jan/2023:11:16:33 +0800] "GET /xingrg/all/function/internal_message.html?_=1673234215314&CODE_STATE=getMsg HTTP/1.1" 200 27
114.88.159.190 - - [09/Jan/2023:11:16:33 +0800] "GET /xingrg/all/function/internal_message.html?_=1673233809022&CODE_STATE=getMsg HTTP/1.1" 200 27
116.230.105.139 - - [09/Jan/2023:11:16:34 +0800] "GET /xingrg/all/function/internal_message.html?_=1673234164900&CODE_STATE=getMsg HTTP/1.1" 200 27
114.84.171.241 - - [09/Jan/2023:11:16:36 +0800] "GET /xingrg/all/function/internal_message.html?_=1673234216114&CODE_STATE=getMsg HTTP/1.1" 200 27
116.230.105.139 - - [09/Jan/2023:11:16:38 +0800] "GET /xingrg/kc/buy/cgsh_order_operate.html?command=get_materiel&rest_code=00155&code=00101005017&supplier_code=00100312&order_time=2023-01-09 HTTP/1.1" 200 409
222.69.192.184 - - [09/Jan/2023:11:16:43 +0800] "GET /xingrg/all/function/internal_message.html?_=1673234067395&CODE_STATE=getMsg HTTP/1.1" 200 27
180.169.147.146 - - [09/Jan/2023:11:16:43 +0800] "GET /xingrg/all/function/internal_message.html?_=1673234223438&CODE_STATE=getMsg HTTP/1.1" 200 27
116.230.105.139 - - [09/Jan/2023:11:16:45 +0800] "GET /xingrg/kc/buy/cgsh_order_operate.html?command=get_materiel&rest_code=00155&code=00101001135&supplier_code=00100312&order_time=2023-01-09 HTTP/1.1" 200 433
180.169.147.146 - - [09/Jan/2023:11:16:48 +0800] "GET /xingrg/all/function/internal_message.html?_=1673234229291&CODE_STATE=getMsg HTTP/1.1" 200 27
58.221.95.50 - - [09/Jan/2023:11:16:50 +0800] "GET /xingrg/all/function/internal_message.html?_=1673234230302&CODE_STATE=getMsg HTTP/1.1" 200 27
116.230.105.139 - - [09/Jan/2023:11:16:51 +0800] "POST /xingrg/kc/buy/cgsh_order_operate.html HTTP/1.1" 200 37
116.230.105.139 - - [09/Jan/2023:11:16:52 +0800] "POST /xingrg/kc/buy/cgsh_order_operate.html HTTP/1.1" 200 4438
116.230.105.139 - - [09/Jan/2023:11:16:53 +0800] "GET /xingrg/kc/print/load_data.html?order_code=212023010901965&kc_code=cgsh&condition= HTTP/1.1" 200 1370
114.83.222.182 - - [09/Jan/2023:11:16:54 +0800] "GET /xingrg/all/function/internal_message.html?_=1673234327745&CODE_STATE=getMsg HTTP/1.1" 200 27
114.84.81.136 - - [09/Jan/2023:11:17:05 +0800] "GET /xingrg/all/function/internal_message.html?_=1673234246738&CODE_STATE=getMsg HTTP/1.1" 200 27
116.230.105.139 - - [09/Jan/2023:11:17:11 +0800] "GET /xingrg/kc/buy/cgsh_order_add.html HTTP/1.1" 200 69684
116.230.105.139 - - [09/Jan/2023:11:17:11 +0800] "POST /xingrg/kc/buy/cgsh_order_operate.html HTTP/1.1" 200 8245
116.230.105.139 - - [09/Jan/2023:11:17:11 +0800] "GET /xingrg/javascript/easyui/themes/default/validatebox.css HTTP/1.1" 404 1104
116.238.139.35 - - [09/Jan/2023:11:17:19 +0800] "GET /xingrg/all/function/internal_message.html?_=1673234173723&CODE_STATE=getMsg HTTP/1.1" 200 27
120.253.135.82 - - [09/Jan/2023:11:17:24 +0800] "GET /xingrg/all/function/internal_message.html?_=1673234077074&CODE_STATE=getMsg HTTP/1.1" 200 27
114.84.38.117 - - [09/Jan/2023:11:17:25 +0800] "GET /xingrg/all/function/internal_message.html?_=1673234266477&CODE_STATE=getMsg HTTP/1.1" 200 27
116.230.105.139 - - [09/Jan/2023:11:17:25 +0800] "GET /xingrg/kc/buy/cgsh_order_operate.html?command=get_materiel&rest_code=00155&code=00102002195&supplier_code=00100486&order_time=2023-01-09 HTTP/1.1" 200 413
222.69.192.184 - - [09/Jan/2023:11:17:26 +0800] "GET /xingrg/all/function/internal_message.html?_=1673234266892&CODE_STATE=getMsg HTTP/1.1" 200 27
114.83.222.182 - - [09/Jan/2023:11:17:29 +0800] "POST /xingrg/dwr/call/plaincall/AjaxQqpsService.getMaterielByCode.dwr HTTP/1.1" 200 1641
172.20.0.100 - - [09/Jan/2023:11:17:30 +0800] "GET /xingrg/all/function/internal_message.html?_=1673234269534&CODE_STATE=getMsg HTTP/1.1" 200 27
221.239.170.112 - - [09/Jan/2023:11:17:30 +0800] "GET /xingrg/all/function/internal_message.html?_=1673234270260&CODE_STATE=getMsg HTTP/1.1" 200 27
221.239.170.112 - - [09/Jan/2023:11:17:30 +0800] "GET /xingrg/check_reg.html?_=1673234270266 HTTP/1.1" 200 22
222.70.177.10 - - [09/Jan/2023:11:17:31 +0800] "GET /xingrg/all/function/internal_message.html?_=1673234270480&CODE_STATE=getMsg HTTP/1.1" 200 27
116.230.105.139 - - [09/Jan/2023:11:17:31 +0800] "POST /xingrg/kc/buy/cgsh_order_operate.html HTTP/1.1" 200 37
116.238.139.35 - - [09/Jan/2023:11:17:31 +0800] "GET /xingrg/all/function/internal_message.html?_=1673234273053&CODE_STATE=getMsg HTTP/1.1" 200 27
116.238.139.35 - - [09/Jan/2023:11:17:31 +0800] "GET /xingrg/check_reg.html?_=1673234273057 HTTP/1.1" 200 22
116.230.105.139 - - [09/Jan/2023:11:17:32 +0800] "POST /xingrg/kc/buy/cgsh_order_operate.html HTTP/1.1" 200 2659
116.230.105.139 - - [09/Jan/2023:11:17:33 +0800] "GET /xingrg/kc/print/load_data.html?order_code=212023010901966&kc_code=cgsh&condition= HTTP/1.1" 200 674
116.192.124.172 - - [09/Jan/2023:11:17:33 +0800] "GET /xingrg/all/function/internal_message.html?_=1673234275300&CODE_STATE=getMsg HTTP/1.1" 200 27
114.88.159.190 - - [09/Jan/2023:11:17:33 +0800] "GET /xingrg/all/function/internal_message.html?_=1673233869026&CODE_STATE=getMsg HTTP/1.1" 200 27
116.230.105.139 - - [09/Jan/2023:11:17:34 +0800] "GET /xingrg/all/function/internal_message.html?_=1673234224987&CODE_STATE=getMsg HTTP/1.1" 200 27
114.84.171.241 - - [09/Jan/2023:11:17:36 +0800] "GET /xingrg/check_reg.html?_=1673234276119 HTTP/1.1" 200 22
114.84.171.241 - - [09/Jan/2023:11:17:36 +0800] "GET /xingrg/all/function/internal_message.html?_=1673234276121&CODE_STATE=getMsg HTTP/1.1" 200 27
114.83.222.182 - - [09/Jan/2023:11:17:40 +0800] "POST /xingrg/dwr/call/plaincall/AjaxQqpsService.saveMaterielItem.dwr HTTP/1.1" 200 78
222.69.192.184 - - [09/Jan/2023:11:17:43 +0800] "GET /xingrg/all/function/internal_message.html?_=1673234127394&CODE_STATE=getMsg HTTP/1.1" 200 27
180.169.147.146 - - [09/Jan/2023:11:17:43 +0800] "GET /xingrg/all/function/internal_message.html?_=1673234283432&CODE_STATE=getMsg HTTP/1.1" 200 27
116.238.139.35 - - [09/Jan/2023:11:17:45 +0800] "GET /xingrg/kc/base/yddb_order_add.html HTTP/1.1" 200 29957
116.238.139.35 - - [09/Jan/2023:11:17:45 +0800] "GET /xingrg/dwr/interface/AjaxYddbService.js HTTP/1.1" 200 13201
116.238.139.35 - - [09/Jan/2023:11:17:45 +0800] "GET /xingrg/dwr/engine.js HTTP/1.1" 200 43631
116.238.139.35 - - [09/Jan/2023:11:17:45 +0800] "GET /xingrg/dwr/interface/AjaxComOrderService.js HTTP/1.1" 200 18264
114.84.81.136 - - [09/Jan/2023:11:17:46 +0800] "POST /xingrg/kc/buy/cgsh_order_operate.html HTTP/1.1" 200 37
180.169.147.146 - - [09/Jan/2023:11:17:48 +0800] "GET /xingrg/all/function/internal_message.html?_=1673234289261&CODE_STATE=getMsg HTTP/1.1" 200 27
116.238.139.35 - - [09/Jan/2023:11:17:48 +0800] "POST /xingrg/dwr/call/plaincall/AjaxYddbService.getRestBases.dwr HTTP/1.1" 200 1616
114.84.81.136 - - [09/Jan/2023:11:17:49 +0800] "POST /xingrg/kc/buy/cgsh_order_operate.html HTTP/1.1" 200 29242
58.221.95.50 - - [09/Jan/2023:11:17:50 +0800] "GET /xingrg/all/function/internal_message.html?_=1673234290305&CODE_STATE=getMsg HTTP/1.1" 200 27
114.83.222.182 - - [09/Jan/2023:11:17:52 +0800] "POST /xingrg/dwr/call/plaincall/AjaxQqpsService.getMaterielByCode.dwr HTTP/1.1" 200 1669
114.83.222.182 - - [09/Jan/2023:11:17:54 +0800] "GET /xingrg/all/function/internal_message.html?_=1673234387751&CODE_STATE=getMsg HTTP/1.1" 200 27
116.238.139.35 - - [09/Jan/2023:11:17:55 +0800] "POST /xingrg/dwr/call/plaincall/AjaxYddbService.saveOrder.dwr HTTP/1.1" 200 78
114.83.222.182 - - [09/Jan/2023:11:17:57 +0800] "POST /xingrg/dwr/call/plaincall/AjaxQqpsService.saveMaterielItem.dwr HTTP/1.1" 200 78
116.230.105.139 - - [09/Jan/2023:11:17:57 +0800] "GET /xingrg/kc/buy/cgsh_order_add.html HTTP/1.1" 200 69684
116.230.105.139 - - [09/Jan/2023:11:17:58 +0800] "POST /xingrg/kc/buy/cgsh_order_operate.html HTTP/1.1" 200 8245
116.238.139.35 - - [09/Jan/2023:11:17:58 +0800] "GET /xingrg/images/yd/bt.gif HTTP/1.1" 404 1040
116.230.105.139 - - [09/Jan/2023:11:17:58 +0800] "GET /xingrg/javascript/easyui/themes/default/validatebox.css HTTP/1.1" 404 1104
116.238.139.35 - - [09/Jan/2023:11:18:00 +0800] "POST /xingrg/dwr/call/plaincall/AjaxComOrderService.getMaterielSearchList.dwr HTTP/1.1" 200 2377
116.238.139.35 - - [09/Jan/2023:11:18:04 +0800] "POST /xingrg/dwr/call/plaincall/AjaxYddbService.getMaterielByMap.dwr HTTP/1.1" 200 2331
114.84.81.136 - - [09/Jan/2023:11:18:05 +0800] "GET /xingrg/all/function/internal_message.html?_=1673234306730&CODE_STATE=getMsg HTTP/1.1" 200 27
116.230.105.139 - - [09/Jan/2023:11:18:06 +0800] "GET /xingrg/kc/buy/cgsh_order_operate.html?command=get_materiel&rest_code=00155&code=00101001301&supplier_code=00100430&order_time=2023-01-09 HTTP/1.1" 200 406
116.238.139.35 - - [09/Jan/2023:11:18:06 +0800] "POST /xingrg/dwr/call/plaincall/AjaxYddbService.getUnitPrice.dwr HTTP/1.1" 200 86
221.239.170.112 - - [09/Jan/2023:11:18:07 +0800] "GET /xingrg/kc/buy/cgsh_order_operate.html?command=get_materiel&rest_code=00157&code=00101006206&supplier_code=00100152&order_time=2023-01-09 HTTP/1.1" 200 412
116.238.139.35 - - [09/Jan/2023:11:18:10 +0800] "POST /xingrg/dwr/call/plaincall/AjaxYddbService.saveMaterielItem.dwr HTTP/1.1" 200 78
116.238.139.35 - - [09/Jan/2023:11:18:11 +0800] "POST /xingrg/dwr/call/plaincall/AjaxComOrderService.getMaterielSearchList.dwr HTTP/1.1" 200 76
116.238.139.35 - - [09/Jan/2023:11:18:12 +0800] "POST /xingrg/dwr/call/plaincall/AjaxComOrderService.getMaterielSearchList.dwr HTTP/1.1" 200 28895
116.238.139.35 - - [09/Jan/2023:11:18:13 +0800] "POST /xingrg/dwr/call/plaincall/AjaxComOrderService.getMaterielSearchList.dwr HTTP/1.1" 200 1988
116.230.105.139 - - [09/Jan/2023:11:18:13 +0800] "POST /xingrg/kc/buy/cgsh_order_operate.html HTTP/1.1" 200 37
116.230.105.139 - - [09/Jan/2023:11:18:14 +0800] "POST /xingrg/kc/buy/cgsh_order_operate.html HTTP/1.1" 200 2667
116.230.105.139 - - [09/Jan/2023:11:18:15 +0800] "GET /xingrg/kc/print/load_data.html?order_code=212023010901967&kc_code=cgsh&condition= HTTP/1.1" 200 662
116.238.139.35 - - [09/Jan/2023:11:18:18 +0800] "POST /xingrg/dwr/call/plaincall/AjaxYddbService.getMaterielByMap.dwr HTTP/1.1" 200 2327
116.238.139.35 - - [09/Jan/2023:11:18:19 +0800] "GET /xingrg/all/function/internal_message.html?_=1673234233737&CODE_STATE=getMsg HTTP/1.1" 200 27
116.238.139.35 - - [09/Jan/2023:11:18:20 +0800] "POST /xingrg/dwr/call/plaincall/AjaxYddbService.getUnitPrice.dwr HTTP/1.1" 200 88
114.84.38.117 - - [09/Jan/2023:11:18:24 +0800] "GET /xingrg/check_reg.html?_=1673234326024 HTTP/1.1" 200 22
120.253.135.82 - - [09/Jan/2023:11:18:24 +0800] "GET /xingrg/all/function/internal_message.html?_=1673234137101&CODE_STATE=getMsg HTTP/1.1" 200 27
114.84.38.117 - - [09/Jan/2023:11:18:25 +0800] "GET /xingrg/all/function/internal_message.html?_=1673234326490&CODE_STATE=getMsg HTTP/1.1" 200 27
116.238.139.35 - - [09/Jan/2023:11:18:25 +0800] "POST /xingrg/dwr/call/plaincall/AjaxYddbService.saveMaterielItem.dwr HTTP/1.1" 200 79
116.238.139.35 - - [09/Jan/2023:11:18:26 +0800] "POST /xingrg/dwr/call/plaincall/AjaxComOrderService.getMaterielSearchList.dwr HTTP/1.1" 200 77
222.69.192.184 - - [09/Jan/2023:11:18:26 +0800] "GET /xingrg/all/function/internal_message.html?_=1673234326893&CODE_STATE=getMsg HTTP/1.1" 200 27
116.230.105.139 - - [09/Jan/2023:11:18:27 +0800] "GET /xingrg/kc/buy/cgsh_order_add.html HTTP/1.1" 200 69684
116.230.105.139 - - [09/Jan/2023:11:18:27 +0800] "POST /xingrg/kc/buy/cgsh_order_operate.html HTTP/1.1" 200 8245
114.88.159.190 - - [09/Jan/2023:11:18:27 +0800] "GET /xingrg/check_reg.html?_=1673233922564 HTTP/1.1" 200 22
116.230.105.139 - - [09/Jan/2023:11:18:27 +0800] "GET /xingrg/javascript/easyui/themes/default/validatebox.css HTTP/1.1" 404 1104
116.238.139.35 - - [09/Jan/2023:11:18:27 +0800] "POST /xingrg/dwr/call/plaincall/AjaxComOrderService.getMaterielSearchList.dwr HTTP/1.1" 200 22638
116.238.139.35 - - [09/Jan/2023:11:18:28 +0800] "POST /xingrg/dwr/call/plaincall/AjaxComOrderService.getMaterielSearchList.dwr HTTP/1.1" 200 968
116.238.139.35 - - [09/Jan/2023:11:18:30 +0800] "POST /xingrg/dwr/call/plaincall/AjaxYddbService.getMaterielByMap.dwr HTTP/1.1" 200 2277
172.20.0.100 - - [09/Jan/2023:11:18:30 +0800] "GET /xingrg/all/function/internal_message.html?_=1673234329534&CODE_STATE=getMsg HTTP/1.1" 200 27
221.239.170.112 - - [09/Jan/2023:11:18:30 +0800] "GET /xingrg/all/function/internal_message.html?_=1673234330259&CODE_STATE=getMsg HTTP/1.1" 200 27
222.70.177.10 - - [09/Jan/2023:11:18:31 +0800] "GET /xingrg/check_reg.html?_=1673234330480 HTTP/1.1" 200 22
222.70.177.10 - - [09/Jan/2023:11:18:31 +0800] "GET /xingrg/all/function/internal_message.html?_=1673234330479&CODE_STATE=getMsg HTTP/1.1" 200 27
116.238.139.35 - - [09/Jan/2023:11:18:31 +0800] "GET /xingrg/all/function/internal_message.html?_=1673234333057&CODE_STATE=getMsg HTTP/1.1" 200 27
116.238.139.35 - - [09/Jan/2023:11:18:32 +0800] "POST /xingrg/dwr/call/plaincall/AjaxYddbService.saveMaterielItem.dwr HTTP/1.1" 200 79
116.192.124.172 - - [09/Jan/2023:11:18:33 +0800] "GET /xingrg/all/function/internal_message.html?_=1673234335302&CODE_STATE=getMsg HTTP/1.1" 200 27
114.88.159.190 - - [09/Jan/2023:11:18:33 +0800] "GET /xingrg/all/function/internal_message.html?_=1673233928996&CODE_STATE=getMsg HTTP/1.1" 200 27
116.230.105.139 - - [09/Jan/2023:11:18:34 +0800] "GET /xingrg/kc/buy/cgsh_order_operate.html?command=get_materiel&rest_code=00155&code=00101008145&supplier_code=00100327&order_time=2023-01-09 HTTP/1.1" 200 417
116.230.105.139 - - [09/Jan/2023:11:18:34 +0800] "GET /xingrg/check_reg.html?_=1673234284916 HTTP/1.1" 200 22
116.230.105.139 - - [09/Jan/2023:11:18:34 +0800] "GET /xingrg/all/function/internal_message.html?_=1673234284982&CODE_STATE=getMsg HTTP/1.1" 200 27
114.84.171.241 - - [09/Jan/2023:11:18:36 +0800] "GET /xingrg/all/function/internal_message.html?_=1673234336114&CODE_STATE=getMsg HTTP/1.1" 200 27
116.238.139.35 - - [09/Jan/2023:11:18:37 +0800] "POST /xingrg/dwr/call/plaincall/AjaxYddbService.checkOrder.dwr HTTP/1.1" 200 79
116.238.139.35 - - [09/Jan/2023:11:18:38 +0800] "GET /xingrg/kc/base/yddb_order_info.html?code=482023010900035 HTTP/1.1" 200 31273
116.238.139.35 - - [09/Jan/2023:11:18:38 +0800] "GET /xingrg/dwr/interface/AjaxComOrderService.js HTTP/1.1" 200 18264
116.238.139.35 - - [09/Jan/2023:11:18:38 +0800] "GET /xingrg/dwr/interface/AjaxYddbService.js HTTP/1.1" 200 13201
116.238.139.35 - - [09/Jan/2023:11:18:38 +0800] "GET /xingrg/dwr/engine.js HTTP/1.1" 200 43631
116.238.139.35 - - [09/Jan/2023:11:18:39 +0800] "POST /xingrg/dwr/call/plaincall/AjaxYddbService.loadMaterielItems.dwr HTTP/1.1" 200 1063
116.230.105.139 - - [09/Jan/2023:11:18:42 +0800] "POST /xingrg/kc/buy/cgsh_order_operate.html HTTP/1.1" 200 37
116.238.139.35 - - [09/Jan/2023:11:18:42 +0800] "POST /xingrg/dwr/call/plaincall/AjaxYddbService.saveOrder.dwr HTTP/1.1" 200 78
116.230.105.139 - - [09/Jan/2023:11:18:43 +0800] "POST /xingrg/kc/buy/cgsh_order_operate.html HTTP/1.1" 200 2660
222.69.192.184 - - [09/Jan/2023:11:18:43 +0800] "GET /xingrg/all/function/internal_message.html?_=1673234187392&CODE_STATE=getMsg HTTP/1.1" 200 27
116.230.105.139 - - [09/Jan/2023:11:18:44 +0800] "GET /xingrg/kc/print/load_data.html?order_code=212023010901968&kc_code=cgsh&condition= HTTP/1.1" 200 672
180.169.147.146 - - [09/Jan/2023:11:18:44 +0800] "GET /xingrg/all/function/internal_message.html?_=1673234343450&CODE_STATE=getMsg HTTP/1.1" 200 27
116.238.139.35 - - [09/Jan/2023:11:18:46 +0800] "POST /xingrg/dwr/call/plaincall/AjaxYddbService.objCheckOrder.dwr HTTP/1.1" 200 78
