114.88.159.190 - - [01/Jan/2023:09:09:21 +0800] "GET /xingrg/javascript/jquery_tools/images/next.gif HTTP/1.1" 404 1086
114.88.159.190 - - [01/Jan/2023:09:09:21 +0800] "GET /xingrg/javascript/jquery_tools/images/prev.gif HTTP/1.1" 404 1086
120.253.135.82 - - [01/Jan/2023:09:09:22 +0800] "GET /xingrg/all/function/internal_message.html?_=1672534846348&CODE_STATE=getMsg HTTP/1.1" 302 -
222.70.177.10 - - [01/Jan/2023:09:09:22 +0800] "POST /xingrg/dwr/call/plaincall/AjaxCheckService.setItemNumber.dwr HTTP/1.1" 200 77
116.230.105.139 - - [01/Jan/2023:09:09:23 +0800] "GET /xingrg/kc/buy/cgsh_order_operate.html?command=get_materiel&rest_code=00155&code=00101008207&supplier_code=00100005&order_time=2023-01-01 HTTP/1.1" 200 408
222.69.192.184 - - [01/Jan/2023:09:09:23 +0800] "POST /xingrg/kc/buy/cgsh_list_operate.html HTTP/1.1" 200 1859
222.69.192.184 - - [01/Jan/2023:09:09:23 +0800] "GET /xingrg/javascript/easyui/themes/default/images/button_plain_hover.png HTTP/1.1" 304 -
222.70.177.10 - - [01/Jan/2023:09:09:23 +0800] "GET /xingrg/all/function/internal_message.html?_=1672535385280&CODE_STATE=getMsg HTTP/1.1" 200 27
222.70.177.10 - - [01/Jan/2023:09:09:24 +0800] "POST /xingrg/dwr/call/plaincall/AjaxCheckService.setItemNumber.dwr HTTP/1.1" 200 77
222.70.177.10 - - [01/Jan/2023:09:09:25 +0800] "POST /xingrg/dwr/call/plaincall/AjaxCheckService.setItemNumber.dwr HTTP/1.1" 200 77
222.69.192.184 - - [01/Jan/2023:09:09:26 +0800] "GET /xingrg/javascript/json2.js HTTP/1.1" 304 -
222.69.192.184 - - [01/Jan/2023:09:09:26 +0800] "GET /xingrg/javascript/jquery_tools/order_manager.js HTTP/1.1" 304 -
222.69.192.184 - - [01/Jan/2023:09:09:26 +0800] "GET /xingrg/kc/buy/cgsh_order_add.html HTTP/1.1" 200 69942
222.69.192.184 - - [01/Jan/2023:09:09:26 +0800] "GET /xingrg/words/20221231094221_words.js HTTP/1.1" 200 940366
222.69.192.184 - - [01/Jan/2023:09:09:26 +0800] "GET /xingrg/javascript/easyui/themes/icons/template_new.png HTTP/1.1" 304 -
222.69.192.184 - - [01/Jan/2023:09:09:26 +0800] "GET /xingrg/javascript/easyui/themes/icons/copy_new.png HTTP/1.1" 304 -
222.69.192.184 - - [01/Jan/2023:09:09:26 +0800] "GET /xingrg/javascript/easyui/themes/default/images/menu_downarrow.png HTTP/1.1" 304 -
222.69.192.184 - - [01/Jan/2023:09:09:26 +0800] "GET /xingrg/javascript/easyui/themes/icons/cancel.png HTTP/1.1" 304 -
222.69.192.184 - - [01/Jan/2023:09:09:26 +0800] "GET /xingrg/javascript/easyui/themes/icons/ok.png HTTP/1.1" 304 -
222.69.192.184 - - [01/Jan/2023:09:09:26 +0800] "GET /xingrg/javascript/easyui/themes/icons/print.png HTTP/1.1" 304 -
222.69.192.184 - - [01/Jan/2023:09:09:26 +0800] "POST /xingrg/kc/buy/cgsh_order_operate.html HTTP/1.1" 200 8245
222.69.192.184 - - [01/Jan/2023:09:09:27 +0800] "GET /xingrg/all/common/auto_word.html?type=employee&rest_code=00105 HTTP/1.1" 200 193
222.69.192.184 - - [01/Jan/2023:09:09:27 +0800] "GET /xingrg/all/common/auto_word.html?type=employee&rest_code=00105 HTTP/1.1" 200 193
222.69.192.184 - - [01/Jan/2023:09:09:27 +0800] "GET /xingrg/javascript/easyui/themes/default/validatebox.css HTTP/1.1" 404 1104
222.69.192.184 - - [01/Jan/2023:09:09:27 +0800] "GET /xingrg/javascript/easyui/plugins/jquery.validatebox.js HTTP/1.1" 304 -
222.69.192.184 - - [01/Jan/2023:09:09:27 +0800] "GET /xingrg/javascript/easyui/themes/icons/edit_remove.png HTTP/1.1" 304 -
222.69.192.184 - - [01/Jan/2023:09:09:27 +0800] "GET /xingrg/javascript/easyui/plugins/jquery.numberbox.js HTTP/1.1" 304 -
222.69.192.184 - - [01/Jan/2023:09:09:29 +0800] "GET /xingrg/javascript/auto/indicator.gif HTTP/1.1" 404 1066
222.70.177.10 - - [01/Jan/2023:09:09:30 +0800] "POST /xingrg/dwr/call/plaincall/AjaxCheckService.setItemNumber.dwr HTTP/1.1" 200 77
222.70.177.10 - - [01/Jan/2023:09:09:31 +0800] "POST /xingrg/dwr/call/plaincall/AjaxCheckService.setItemNumber.dwr HTTP/1.1" 200 77
222.70.177.10 - - [01/Jan/2023:09:09:32 +0800] "POST /xingrg/dwr/call/plaincall/AjaxCheckService.setItemNumber.dwr HTTP/1.1" 200 77
116.230.105.139 - - [01/Jan/2023:09:09:33 +0800] "GET /xingrg/kc/buy/cgsh_order_operate.html?command=get_materiel&rest_code=00155&code=00101008246&supplier_code=00100005&order_time=2023-01-01 HTTP/1.1" 200 408
222.70.177.10 - - [01/Jan/2023:09:09:33 +0800] "POST /xingrg/dwr/call/plaincall/AjaxCheckService.setItemNumber.dwr HTTP/1.1" 200 77
222.70.177.10 - - [01/Jan/2023:09:09:35 +0800] "POST /xingrg/dwr/call/plaincall/AjaxCheckService.setItemNumber.dwr HTTP/1.1" 200 77
114.84.38.109 - - [01/Jan/2023:09:09:35 +0800] "POST /xingrg/dwr/call/plaincall/AjaxCheckService.setItemNumber.dwr HTTP/1.1" 200 78
114.84.38.109 - - [01/Jan/2023:09:09:35 +0800] "GET /xingrg/all/function/internal_message.html?_=1672535426596&CODE_STATE=getMsg HTTP/1.1" 200 27
114.88.159.190 - - [01/Jan/2023:09:09:36 +0800] "GET /xingrg/javascript/auto/indicator.gif HTTP/1.1" 404 1066
114.84.38.109 - - [01/Jan/2023:09:09:38 +0800] "POST /xingrg/dwr/call/plaincall/AjaxCheckService.setItemNumber.dwr HTTP/1.1" 200 78
116.230.105.139 - - [01/Jan/2023:09:09:39 +0800] "GET /xingrg/kc/buy/cgsh_order_operate.html?command=get_materiel&rest_code=00155&code=00101008321&supplier_code=00100005&order_time=2023-01-01 HTTP/1.1" 200 412
114.84.38.109 - - [01/Jan/2023:09:09:40 +0800] "POST /xingrg/dwr/call/plaincall/AjaxCheckService.setItemNumber.dwr HTTP/1.1" 200 78
114.88.159.190 - - [01/Jan/2023:09:09:41 +0800] "POST /xingrg/kc/buy/cgsh_list_operate.html HTTP/1.1" 200 2325
222.69.192.184 - - [01/Jan/2023:09:09:41 +0800] "GET /xingrg/all/function/internal_message.html?_=1672535407056&CODE_STATE=getMsg HTTP/1.1" 200 27
114.84.38.109 - - [01/Jan/2023:09:09:42 +0800] "POST /xingrg/dwr/call/plaincall/AjaxCheckService.setItemNumber.dwr HTTP/1.1" 200 78
222.70.177.10 - - [01/Jan/2023:09:09:42 +0800] "POST /xingrg/dwr/call/plaincall/AjaxCheckService.setItemNumber.dwr HTTP/1.1" 200 77
114.88.159.190 - - [01/Jan/2023:09:09:44 +0800] "POST /xingrg/kc/buy/cgsh_list_operate.html HTTP/1.1" 200 207
116.230.105.139 - - [01/Jan/2023:09:09:44 +0800] "GET /xingrg/all/function/internal_message.html?_=1672535369057&CODE_STATE=getMsg HTTP/1.1" 200 27
114.84.38.109 - - [01/Jan/2023:09:09:44 +0800] "POST /xingrg/dwr/call/plaincall/AjaxCheckService.setItemNumber.dwr HTTP/1.1" 200 78
222.70.177.10 - - [01/Jan/2023:09:09:44 +0800] "POST /xingrg/dwr/call/plaincall/AjaxCheckService.setItemNumber.dwr HTTP/1.1" 200 77
222.70.177.10 - - [01/Jan/2023:09:09:45 +0800] "POST /xingrg/dwr/call/plaincall/AjaxCheckService.setItemNumber.dwr HTTP/1.1" 200 77
116.230.105.139 - - [01/Jan/2023:09:09:46 +0800] "GET /xingrg/kc/buy/cgsh_order_operate.html?command=get_materiel&rest_code=00155&code=00101008270&supplier_code=00100005&order_time=2023-01-01 HTTP/1.1" 200 412
114.84.38.109 - - [01/Jan/2023:09:09:46 +0800] "POST /xingrg/dwr/call/plaincall/AjaxCheckService.setItemNumber.dwr HTTP/1.1" 200 78
222.70.177.10 - - [01/Jan/2023:09:09:46 +0800] "POST /xingrg/dwr/call/plaincall/AjaxCheckService.setItemNumber.dwr HTTP/1.1" 200 77
114.84.38.109 - - [01/Jan/2023:09:09:47 +0800] "POST /xingrg/dwr/call/plaincall/AjaxCheckService.setItemNumber.dwr HTTP/1.1" 200 78
222.69.192.184 - - [01/Jan/2023:09:09:47 +0800] "GET /xingrg/check_reg.html?_=1672535412946 HTTP/1.1" 200 22
222.70.177.10 - - [01/Jan/2023:09:09:47 +0800] "POST /xingrg/dwr/call/plaincall/AjaxCheckService.setItemNumber.dwr HTTP/1.1" 200 77
114.84.38.109 - - [01/Jan/2023:09:09:49 +0800] "POST /xingrg/dwr/call/plaincall/AjaxCheckService.setItemNumber.dwr HTTP/1.1" 200 78
222.70.177.10 - - [01/Jan/2023:09:09:49 +0800] "POST /xingrg/dwr/call/plaincall/AjaxCheckService.setItemNumber.dwr HTTP/1.1" 200 77
114.84.38.109 - - [01/Jan/2023:09:09:50 +0800] "POST /xingrg/dwr/call/plaincall/AjaxCheckService.setItemNumber.dwr HTTP/1.1" 200 78
222.70.177.10 - - [01/Jan/2023:09:09:51 +0800] "POST /xingrg/dwr/call/plaincall/AjaxCheckService.setItemNumber.dwr HTTP/1.1" 200 77
116.230.105.139 - - [01/Jan/2023:09:09:53 +0800] "GET /xingrg/kc/buy/cgsh_order_operate.html?command=get_materiel&rest_code=00155&code=00101008559&supplier_code=00100005&order_time=2023-01-01 HTTP/1.1" 200 432
222.69.192.184 - - [01/Jan/2023:09:09:53 +0800] "GET /xingrg/kc/buy/cgsh_order_operate.html?command=get_materiel&rest_code=00105&code=00101007032&supplier_code=00100002&order_time=2023-01-01 HTTP/1.1" 200 413
222.70.177.10 - - [01/Jan/2023:09:09:54 +0800] "POST /xingrg/dwr/call/plaincall/AjaxCheckService.setItemNumber.dwr HTTP/1.1" 200 77
116.230.105.139 - - [01/Jan/2023:09:10:00 +0800] "GET /xingrg/kc/buy/cgsh_order_operate.html?command=get_materiel&rest_code=00155&code=00101008148&supplier_code=00100005&order_time=2023-01-01 HTTP/1.1" 200 416
114.84.38.109 - - [01/Jan/2023:09:10:00 +0800] "POST /xingrg/dwr/call/plaincall/AjaxCheckService.setItemNumber.dwr HTTP/1.1" 200 78
222.70.177.10 - - [01/Jan/2023:09:10:02 +0800] "POST /xingrg/dwr/call/plaincall/AjaxCheckService.setItemNumber.dwr HTTP/1.1" 200 77
222.69.192.184 - - [01/Jan/2023:09:10:04 +0800] "GET /xingrg/check_reg.html?_=1672535273346 HTTP/1.1" 200 22
222.69.192.184 - - [01/Jan/2023:09:10:04 +0800] "GET /xingrg/all/function/internal_message.html?_=1672535273349&CODE_STATE=getMsg HTTP/1.1" 200 27
222.69.192.184 - - [01/Jan/2023:09:10:04 +0800] "GET /xingrg/kc/buy/cgsh_order_operate.html?command=get_materiel&rest_code=00105&code=00101007048&supplier_code=00100002&order_time=2023-01-01 HTTP/1.1" 200 408
222.70.177.10 - - [01/Jan/2023:09:10:04 +0800] "POST /xingrg/dwr/call/plaincall/AjaxCheckService.setItemNumber.dwr HTTP/1.1" 200 77
114.84.38.109 - - [01/Jan/2023:09:10:06 +0800] "POST /xingrg/dwr/call/plaincall/AjaxCheckService.setItemNumber.dwr HTTP/1.1" 200 78
114.84.38.109 - - [01/Jan/2023:09:10:07 +0800] "POST /xingrg/dwr/call/plaincall/AjaxCheckService.setItemNumber.dwr HTTP/1.1" 200 78
116.230.105.139 - - [01/Jan/2023:09:10:07 +0800] "GET /xingrg/kc/buy/cgsh_order_operate.html?command=get_materiel&rest_code=00155&code=00101013175&supplier_code=00100005&order_time=2023-01-01 HTTP/1.1" 200 412
116.238.139.35 - - [01/Jan/2023:09:10:08 +0800] "GET /xingrg/all/function/internal_message.html?_=1672535433883&CODE_STATE=getMsg HTTP/1.1" 200 27
114.84.38.109 - - [01/Jan/2023:09:10:09 +0800] "POST /xingrg/dwr/call/plaincall/AjaxCheckService.setItemNumber.dwr HTTP/1.1" 200 78
222.70.177.10 - - [01/Jan/2023:09:10:10 +0800] "POST /xingrg/dwr/call/plaincall/AjaxCheckService.setItemNumber.dwr HTTP/1.1" 200 77
116.192.124.172 - - [01/Jan/2023:09:10:12 +0800] "GET /xingrg/all/function/internal_message.html?_=1672535438291&CODE_STATE=getMsg HTTP/1.1" 302 -
116.230.105.139 - - [01/Jan/2023:09:10:12 +0800] "GET /xingrg/kc/buy/cgsh_order_operate.html?command=get_materiel&rest_code=00155&code=00101008196&supplier_code=00100005&order_time=2023-01-01 HTTP/1.1" 200 416
222.70.177.10 - - [01/Jan/2023:09:10:12 +0800] "POST /xingrg/dwr/call/plaincall/AjaxCheckService.setItemNumber.dwr HTTP/1.1" 200 77
114.84.38.109 - - [01/Jan/2023:09:10:13 +0800] "POST /xingrg/dwr/call/plaincall/AjaxCheckService.setItemNumber.dwr HTTP/1.1" 200 78
114.88.159.190 - - [01/Jan/2023:09:10:14 +0800] "GET /xingrg/all/function/internal_message.html?_=1672535026822&CODE_STATE=getMsg HTTP/1.1" 200 27
120.253.135.82 - - [01/Jan/2023:09:10:17 +0800] "GET /xingrg/all/function/internal_message.html?_=1672535252629&CODE_STATE=getMsg HTTP/1.1" 200 27
222.70.177.10 - - [01/Jan/2023:09:10:17 +0800] "POST /xingrg/dwr/call/plaincall/AjaxCheckService.setItemNumber.dwr HTTP/1.1" 200 77
116.230.105.139 - - [01/Jan/2023:09:10:18 +0800] "GET /xingrg/kc/buy/cgsh_order_operate.html?command=get_materiel&rest_code=00155&code=00101008197&supplier_code=00100005&order_time=2023-01-01 HTTP/1.1" 200 417
114.84.81.136 - - [01/Jan/2023:09:10:20 +0800] "GET /xingrg/all/function/internal_message.html?_=1672535445526&CODE_STATE=getMsg HTTP/1.1" 200 27
222.70.177.10 - - [01/Jan/2023:09:10:21 +0800] "POST /xingrg/dwr/call/plaincall/AjaxCheckService.setItemNumber.dwr HTTP/1.1" 200 77
120.253.135.82 - - [01/Jan/2023:09:10:22 +0800] "GET /xingrg/all/function/internal_message.html?_=1672534906355&CODE_STATE=getMsg HTTP/1.1" 302 -
116.230.105.139 - - [01/Jan/2023:09:10:23 +0800] "GET /xingrg/kc/buy/cgsh_order_operate.html?command=get_materiel&rest_code=00155&code=00101008006&supplier_code=00100005&order_time=2023-01-01 HTTP/1.1" 200 416
222.70.177.10 - - [01/Jan/2023:09:10:23 +0800] "GET /xingrg/all/function/internal_message.html?_=1672535445277&CODE_STATE=getMsg HTTP/1.1" 200 27
222.70.177.10 - - [01/Jan/2023:09:10:25 +0800] "POST /xingrg/dwr/call/plaincall/AjaxCheckService.setItemNumber.dwr HTTP/1.1" 200 77
116.238.139.35 - - [01/Jan/2023:09:10:27 +0800] "POST /xingrg/services/DataTransmitService HTTP/1.1" 200 524
222.70.177.10 - - [01/Jan/2023:09:10:27 +0800] "POST /xingrg/dwr/call/plaincall/AjaxCheckService.setItemNumber.dwr HTTP/1.1" 200 77
114.88.159.190 - - [01/Jan/2023:09:10:27 +0800] "GET /xingrg/kc/base/base_main.html HTTP/1.1" 200 12142
222.70.177.10 - - [01/Jan/2023:09:10:28 +0800] "POST /xingrg/dwr/call/plaincall/AjaxCheckService.setItemNumber.dwr HTTP/1.1" 200 77
222.69.192.184 - - [01/Jan/2023:09:10:32 +0800] "POST /xingrg/kc/buy/cgsh_order_operate.html HTTP/1.1" 200 37
222.70.177.10 - - [01/Jan/2023:09:10:32 +0800] "POST /xingrg/dwr/call/plaincall/AjaxCheckService.setItemNumber.dwr HTTP/1.1" 200 77
116.230.105.139 - - [01/Jan/2023:09:10:33 +0800] "GET /xingrg/kc/buy/cgsh_order_operate.html?command=get_materiel&rest_code=00155&code=00101008318&supplier_code=00100005&order_time=2023-01-01 HTTP/1.1" 200 408
222.69.192.184 - - [01/Jan/2023:09:10:34 +0800] "POST /xingrg/kc/buy/cgsh_order_operate.html HTTP/1.1" 200 4423
114.84.38.109 - - [01/Jan/2023:09:10:35 +0800] "GET /xingrg/all/function/internal_message.html?_=1672535486609&CODE_STATE=getMsg HTTP/1.1" 200 27
222.70.177.10 - - [01/Jan/2023:09:10:35 +0800] "POST /xingrg/dwr/call/plaincall/AjaxCheckService.setItemNumber.dwr HTTP/1.1" 200 77
114.88.159.190 - - [01/Jan/2023:09:10:36 +0800] "GET /xingrg/kc/base/check_order_list.html HTTP/1.1" 200 16226
114.88.159.190 - - [01/Jan/2023:09:10:36 +0800] "POST /xingrg/kc/base/check_list_operate.html HTTP/1.1" 200 4269
222.70.177.10 - - [01/Jan/2023:09:10:37 +0800] "POST /xingrg/dwr/call/plaincall/AjaxCheckService.setItemNumber.dwr HTTP/1.1" 200 77
222.70.177.10 - - [01/Jan/2023:09:10:38 +0800] "POST /xingrg/dwr/call/plaincall/AjaxCheckService.setItemNumber.dwr HTTP/1.1" 200 77
116.230.105.139 - - [01/Jan/2023:09:10:39 +0800] "GET /xingrg/kc/buy/cgsh_order_operate.html?command=get_materiel&rest_code=00155&code=00101008213&supplier_code=00100005&order_time=2023-01-01 HTTP/1.1" 200 412
114.88.159.190 - - [01/Jan/2023:09:10:39 +0800] "GET /xingrg/kc/base/check_order_info.html?code=452022123100136 HTTP/1.1" 200 26480
114.88.159.190 - - [01/Jan/2023:09:10:39 +0800] "GET /xingrg/dwr/interface/AjaxComOrderService.js HTTP/1.1" 200 18264
114.88.159.190 - - [01/Jan/2023:09:10:39 +0800] "GET /xingrg/dwr/interface/AjaxCheckService.js HTTP/1.1" 200 14003
114.88.159.190 - - [01/Jan/2023:09:10:39 +0800] "GET /xingrg/dwr/util.js HTTP/1.1" 200 35990
114.88.159.190 - - [01/Jan/2023:09:10:39 +0800] "GET /xingrg/dwr/engine.js HTTP/1.1" 200 43631
222.70.177.10 - - [01/Jan/2023:09:10:40 +0800] "POST /xingrg/dwr/call/plaincall/AjaxCheckService.setItemNumber.dwr HTTP/1.1" 200 77
114.88.159.190 - - [01/Jan/2023:09:10:40 +0800] "POST /xingrg/dwr/call/plaincall/AjaxCheckService.loadOrderItems.dwr HTTP/1.1" 200 154114
222.69.192.184 - - [01/Jan/2023:09:10:40 +0800] "GET /xingrg/kc/print/load_config.html?kc_code=cgsh HTTP/1.1" 200 1943
222.69.192.184 - - [01/Jan/2023:09:10:41 +0800] "GET /xingrg/kc/print/load_data.html?order_code=212023010100006&kc_code=cgsh&condition= HTTP/1.1" 200 1402
222.70.177.10 - - [01/Jan/2023:09:10:41 +0800] "POST /xingrg/dwr/call/plaincall/AjaxCheckService.setItemNumber.dwr HTTP/1.1" 200 77
114.84.38.109 - - [01/Jan/2023:09:10:41 +0800] "POST /xingrg/dwr/call/plaincall/AjaxCheckService.setItemNumber.dwr HTTP/1.1" 200 78
222.69.192.184 - - [01/Jan/2023:09:10:41 +0800] "GET /xingrg/all/function/internal_message.html?_=1672535467051&CODE_STATE=getMsg HTTP/1.1" 200 27
116.230.105.139 - - [01/Jan/2023:09:10:44 +0800] "GET /xingrg/all/function/internal_message.html?_=1672535429056&CODE_STATE=getMsg HTTP/1.1" 200 27
116.230.105.139 - - [01/Jan/2023:09:10:44 +0800] "GET /xingrg/check_reg.html?_=1672535429060 HTTP/1.1" 200 22
222.70.177.10 - - [01/Jan/2023:09:10:45 +0800] "POST /xingrg/dwr/call/plaincall/AjaxCheckService.setItemNumber.dwr HTTP/1.1" 200 77
116.230.105.139 - - [01/Jan/2023:09:10:46 +0800] "GET /xingrg/kc/buy/cgsh_order_operate.html?command=get_materiel&rest_code=00155&code=00101008134&supplier_code=00100005&order_time=2023-01-01 HTTP/1.1" 200 412
222.70.177.10 - - [01/Jan/2023:09:10:47 +0800] "POST /xingrg/dwr/call/plaincall/AjaxCheckService.setItemNumber.dwr HTTP/1.1" 200 77
222.70.177.10 - - [01/Jan/2023:09:10:51 +0800] "POST /xingrg/dwr/call/plaincall/AjaxCheckService.setItemNumber.dwr HTTP/1.1" 200 77
114.88.159.190 - - [01/Jan/2023:09:10:51 +0800] "POST /xingrg/dwr/call/plaincall/AjaxCheckService.setItemNumber.dwr HTTP/1.1" 200 76
222.70.177.10 - - [01/Jan/2023:09:10:52 +0800] "POST /xingrg/dwr/call/plaincall/AjaxCheckService.setItemNumber.dwr HTTP/1.1" 200 77
116.230.105.139 - - [01/Jan/2023:09:10:53 +0800] "GET /xingrg/kc/buy/cgsh_order_operate.html?command=get_materiel&rest_code=00155&code=00101008223&supplier_code=00100005&order_time=2023-01-01 HTTP/1.1" 200 412
114.88.159.190 - - [01/Jan/2023:09:10:53 +0800] "POST /xingrg/dwr/call/plaincall/AjaxCheckService.setItemNumber.dwr HTTP/1.1" 200 76
222.70.177.10 - - [01/Jan/2023:09:10:53 +0800] "POST /xingrg/dwr/call/plaincall/AjaxCheckService.setItemNumber.dwr HTTP/1.1" 200 77
114.88.159.190 - - [01/Jan/2023:09:10:54 +0800] "POST /xingrg/dwr/call/plaincall/AjaxCheckService.setItemNumber.dwr HTTP/1.1" 200 76
114.88.159.190 - - [01/Jan/2023:09:10:56 +0800] "POST /xingrg/dwr/call/plaincall/AjaxCheckService.setItemNumber.dwr HTTP/1.1" 200 76
114.88.159.190 - - [01/Jan/2023:09:10:56 +0800] "POST /xingrg/dwr/call/plaincall/AjaxCheckService.setItemNumber.dwr HTTP/1.1" 200 76
222.70.177.10 - - [01/Jan/2023:09:10:57 +0800] "POST /xingrg/dwr/call/plaincall/AjaxCheckService.setItemNumber.dwr HTTP/1.1" 200 77
116.230.105.139 - - [01/Jan/2023:09:10:58 +0800] "GET /xingrg/kc/buy/cgsh_order_operate.html?command=get_materiel&rest_code=00155&code=00101008168&supplier_code=00100005&order_time=2023-01-01 HTTP/1.1" 200 412
114.88.159.190 - - [01/Jan/2023:09:10:59 +0800] "POST /xingrg/dwr/call/plaincall/AjaxCheckService.setItemNumber.dwr HTTP/1.1" 200 76
222.70.177.10 - - [01/Jan/2023:09:10:59 +0800] "POST /xingrg/dwr/call/plaincall/AjaxCheckService.setItemNumber.dwr HTTP/1.1" 200 77
222.70.177.10 - - [01/Jan/2023:09:11:01 +0800] "POST /xingrg/dwr/call/plaincall/AjaxCheckService.setItemNumber.dwr HTTP/1.1" 200 77
222.70.177.10 - - [01/Jan/2023:09:11:03 +0800] "POST /xingrg/dwr/call/plaincall/AjaxCheckService.setItemNumber.dwr HTTP/1.1" 200 77
222.69.192.184 - - [01/Jan/2023:09:11:03 +0800] "GET /xingrg/kc/buy/cgsh_order_add.html HTTP/1.1" 200 69942
222.69.192.184 - - [01/Jan/2023:09:11:04 +0800] "GET /xingrg/all/function/internal_message.html?_=1672535333357&CODE_STATE=getMsg HTTP/1.1" 200 27
222.69.192.184 - - [01/Jan/2023:09:11:04 +0800] "GET /xingrg/javascript/easyui/themes/default/validatebox.css HTTP/1.1" 404 1104
222.69.192.184 - - [01/Jan/2023:09:11:04 +0800] "POST /xingrg/kc/buy/cgsh_order_operate.html HTTP/1.1" 200 8245
114.88.159.190 - - [01/Jan/2023:09:11:04 +0800] "POST /xingrg/dwr/call/plaincall/AjaxCheckService.setItemNumber.dwr HTTP/1.1" 200 76
114.88.159.190 - - [01/Jan/2023:09:11:05 +0800] "POST /xingrg/dwr/call/plaincall/AjaxCheckService.setItemNumber.dwr HTTP/1.1" 200 76
114.88.159.190 - - [01/Jan/2023:09:11:06 +0800] "POST /xingrg/dwr/call/plaincall/AjaxCheckService.setItemNumber.dwr HTTP/1.1" 200 76
222.70.177.10 - - [01/Jan/2023:09:11:06 +0800] "POST /xingrg/dwr/call/plaincall/AjaxCheckService.setItemNumber.dwr HTTP/1.1" 200 77
114.88.159.190 - - [01/Jan/2023:09:11:06 +0800] "POST /xingrg/dwr/call/plaincall/AjaxCheckService.setItemNumber.dwr HTTP/1.1" 200 77
114.88.159.190 - - [01/Jan/2023:09:11:07 +0800] "POST /xingrg/dwr/call/plaincall/AjaxCheckService.setItemNumber.dwr HTTP/1.1" 200 77
222.70.177.10 - - [01/Jan/2023:09:11:07 +0800] "POST /xingrg/dwr/call/plaincall/AjaxCheckService.setItemNumber.dwr HTTP/1.1" 200 77
114.88.159.190 - - [01/Jan/2023:09:11:08 +0800] "POST /xingrg/dwr/call/plaincall/AjaxCheckService.setItemNumber.dwr HTTP/1.1" 200 77
116.238.139.35 - - [01/Jan/2023:09:11:08 +0800] "GET /xingrg/all/function/internal_message.html?_=1672535493853&CODE_STATE=getMsg HTTP/1.1" 200 27
114.88.159.190 - - [01/Jan/2023:09:11:08 +0800] "POST /xingrg/dwr/call/plaincall/AjaxCheckService.setItemNumber.dwr HTTP/1.1" 200 77
114.88.159.190 - - [01/Jan/2023:09:11:09 +0800] "POST /xingrg/dwr/call/plaincall/AjaxCheckService.setItemNumber.dwr HTTP/1.1" 200 77
116.230.105.139 - - [01/Jan/2023:09:11:10 +0800] "GET /xingrg/kc/buy/cgsh_order_operate.html?command=get_materiel&rest_code=00155&code=00101009015&supplier_code=00100005&order_time=2023-01-01 HTTP/1.1" 200 416
114.88.159.190 - - [01/Jan/2023:09:11:10 +0800] "POST /xingrg/dwr/call/plaincall/AjaxCheckService.setItemNumber.dwr HTTP/1.1" 200 77
114.88.159.190 - - [01/Jan/2023:09:11:11 +0800] "POST /xingrg/dwr/call/plaincall/AjaxCheckService.setItemNumber.dwr HTTP/1.1" 200 77
222.70.177.10 - - [01/Jan/2023:09:11:11 +0800] "POST /xingrg/dwr/call/plaincall/AjaxCheckService.setItemNumber.dwr HTTP/1.1" 200 77
114.88.159.190 - - [01/Jan/2023:09:11:12 +0800] "POST /xingrg/dwr/call/plaincall/AjaxCheckService.setItemNumber.dwr HTTP/1.1" 200 77
116.192.124.172 - - [01/Jan/2023:09:11:12 +0800] "GET /xingrg/all/function/internal_message.html?_=1672535498265&CODE_STATE=getMsg HTTP/1.1" 302 -
114.88.159.190 - - [01/Jan/2023:09:11:12 +0800] "POST /xingrg/dwr/call/plaincall/AjaxCheckService.setItemNumber.dwr HTTP/1.1" 200 77
114.88.159.190 - - [01/Jan/2023:09:11:13 +0800] "POST /xingrg/dwr/call/plaincall/AjaxCheckService.setItemNumber.dwr HTTP/1.1" 200 77
222.70.177.10 - - [01/Jan/2023:09:11:13 +0800] "POST /xingrg/dwr/call/plaincall/AjaxCheckService.setItemNumber.dwr HTTP/1.1" 200 77
114.88.159.190 - - [01/Jan/2023:09:11:14 +0800] "POST /xingrg/dwr/call/plaincall/AjaxCheckService.setItemNumber.dwr HTTP/1.1" 200 77
222.70.177.10 - - [01/Jan/2023:09:11:14 +0800] "POST /xingrg/dwr/call/plaincall/AjaxCheckService.setItemNumber.dwr HTTP/1.1" 200 77
114.88.159.190 - - [01/Jan/2023:09:11:14 +0800] "GET /xingrg/all/function/internal_message.html?_=1672535087181&CODE_STATE=getMsg HTTP/1.1" 200 27
114.88.159.190 - - [01/Jan/2023:09:11:14 +0800] "POST /xingrg/dwr/call/plaincall/AjaxCheckService.setItemNumber.dwr HTTP/1.1" 200 77
101.93.183.100 - - [01/Jan/2023:09:11:15 +0800] "GET /favicon.ico HTTP/1.1" 404 -
222.70.177.10 - - [01/Jan/2023:09:11:15 +0800] "POST /xingrg/dwr/call/plaincall/AjaxCheckService.setItemNumber.dwr HTTP/1.1" 200 77
114.88.159.190 - - [01/Jan/2023:09:11:15 +0800] "POST /xingrg/dwr/call/plaincall/AjaxCheckService.setItemNumber.dwr HTTP/1.1" 200 77
116.230.105.139 - - [01/Jan/2023:09:11:16 +0800] "GET /xingrg/kc/buy/cgsh_order_operate.html?command=get_materiel&rest_code=00155&code=00101009011&supplier_code=00100005&order_time=2023-01-01 HTTP/1.1" 200 416
114.88.159.190 - - [01/Jan/2023:09:11:16 +0800] "POST /xingrg/dwr/call/plaincall/AjaxCheckService.setItemNumber.dwr HTTP/1.1" 200 77
114.88.159.190 - - [01/Jan/2023:09:11:16 +0800] "POST /xingrg/dwr/call/plaincall/AjaxCheckService.setItemNumber.dwr HTTP/1.1" 200 77
120.253.135.82 - - [01/Jan/2023:09:11:17 +0800] "GET /xingrg/all/function/internal_message.html?_=1672535312835&CODE_STATE=getMsg HTTP/1.1" 200 27
222.70.177.10 - - [01/Jan/2023:09:11:19 +0800] "POST /xingrg/dwr/call/plaincall/AjaxCheckService.setItemNumber.dwr HTTP/1.1" 200 77
114.84.81.136 - - [01/Jan/2023:09:11:20 +0800] "GET /xingrg/all/function/internal_message.html?_=1672535505530&CODE_STATE=getMsg HTTP/1.1" 200 27
222.70.177.10 - - [01/Jan/2023:09:11:20 +0800] "POST /xingrg/dwr/call/plaincall/AjaxCheckService.setItemNumber.dwr HTTP/1.1" 200 77
222.70.177.10 - - [01/Jan/2023:09:11:22 +0800] "POST /xingrg/dwr/call/plaincall/AjaxCheckService.setItemNumber.dwr HTTP/1.1" 200 77
120.253.135.82 - - [01/Jan/2023:09:11:22 +0800] "GET /xingrg/all/function/internal_message.html?_=1672534966336&CODE_STATE=getMsg HTTP/1.1" 302 -
222.70.177.10 - - [01/Jan/2023:09:11:23 +0800] "POST /xingrg/dwr/call/plaincall/AjaxCheckService.setItemNumber.dwr HTTP/1.1" 200 77
222.70.177.10 - - [01/Jan/2023:09:11:23 +0800] "GET /xingrg/all/function/internal_message.html?_=1672535505279&CODE_STATE=getMsg HTTP/1.1" 200 27
116.230.105.139 - - [01/Jan/2023:09:11:25 +0800] "POST /xingrg/kc/buy/cgsh_order_operate.html HTTP/1.1" 200 37
116.230.105.139 - - [01/Jan/2023:09:11:26 +0800] "POST /xingrg/kc/buy/cgsh_order_operate.html HTTP/1.1" 200 12152
114.84.38.109 - - [01/Jan/2023:09:11:26 +0800] "POST /xingrg/dwr/call/plaincall/AjaxCheckService.checkOrder.dwr HTTP/1.1" 200 80
114.88.159.190 - - [01/Jan/2023:09:11:26 +0800] "POST /xingrg/dwr/call/plaincall/AjaxCheckService.setItemNumber.dwr HTTP/1.1" 200 77
114.88.159.190 - - [01/Jan/2023:09:11:27 +0800] "POST /xingrg/dwr/call/plaincall/AjaxCheckService.setItemNumber.dwr HTTP/1.1" 200 77
114.84.38.109 - - [01/Jan/2023:09:11:27 +0800] "GET /xingrg/kc/base/check_order_info.html?code=452022123100213 HTTP/1.1" 200 22868
116.230.105.139 - - [01/Jan/2023:09:11:27 +0800] "GET /xingrg/kc/print/load_data.html?order_code=212023010100007&kc_code=cgsh&condition= HTTP/1.1" 200 4334
222.70.177.10 - - [01/Jan/2023:09:11:27 +0800] "POST /xingrg/dwr/call/plaincall/AjaxCheckService.setItemNumber.dwr HTTP/1.1" 200 77
114.84.38.109 - - [01/Jan/2023:09:11:28 +0800] "GET /xingrg/dwr/interface/AjaxCheckService.js HTTP/1.1" 200 14003
114.84.38.109 - - [01/Jan/2023:09:11:28 +0800] "GET /xingrg/dwr/interface/AjaxComOrderService.js HTTP/1.1" 200 18264
114.84.38.109 - - [01/Jan/2023:09:11:28 +0800] "GET /xingrg/dwr/engine.js HTTP/1.1" 200 43631
114.84.38.109 - - [01/Jan/2023:09:11:28 +0800] "POST /xingrg/dwr/call/plaincall/AjaxCheckService.loadOrderItems.dwr HTTP/1.1" 200 46378
114.88.159.190 - - [01/Jan/2023:09:11:29 +0800] "POST /xingrg/dwr/call/plaincall/AjaxCheckService.setItemNumber.dwr HTTP/1.1" 200 77
116.230.105.139 - - [01/Jan/2023:09:11:32 +0800] "GET /xingrg/kc/print/load_data.html?order_code=212023010100007&kc_code=cgsh HTTP/1.1" 200 4334
114.88.159.190 - - [01/Jan/2023:09:11:32 +0800] "POST /xingrg/dwr/call/plaincall/AjaxCheckService.setItemNumber.dwr HTTP/1.1" 200 77
114.84.38.109 - - [01/Jan/2023:09:11:33 +0800] "POST /xingrg/kc/base/check_list_operate.html HTTP/1.1" 200 4263
114.88.159.190 - - [01/Jan/2023:09:11:33 +0800] "POST /xingrg/dwr/call/plaincall/AjaxCheckService.setItemNumber.dwr HTTP/1.1" 200 77
222.70.177.10 - - [01/Jan/2023:09:11:33 +0800] "POST /xingrg/dwr/call/plaincall/AjaxCheckService.setItemNumber.dwr HTTP/1.1" 200 77
114.88.159.190 - - [01/Jan/2023:09:11:34 +0800] "POST /xingrg/dwr/call/plaincall/AjaxCheckService.setItemNumber.dwr HTTP/1.1" 200 77
114.84.38.109 - - [01/Jan/2023:09:11:35 +0800] "GET /xingrg/kc/base/check_order_info.html?code=452022123100214 HTTP/1.1" 200 26400
114.84.38.109 - - [01/Jan/2023:09:11:35 +0800] "GET /xingrg/dwr/interface/AjaxComOrderService.js HTTP/1.1" 200 18264
114.84.38.109 - - [01/Jan/2023:09:11:35 +0800] "GET /xingrg/dwr/interface/AjaxCheckService.js HTTP/1.1" 200 14003
114.84.38.109 - - [01/Jan/2023:09:11:35 +0800] "GET /xingrg/dwr/engine.js HTTP/1.1" 200 43631
114.84.38.109 - - [01/Jan/2023:09:11:35 +0800] "POST /xingrg/dwr/call/plaincall/AjaxCheckService.loadOrderItems.dwr HTTP/1.1" 200 69920
114.84.38.109 - - [01/Jan/2023:09:11:36 +0800] "GET /xingrg/all/function/internal_message.html?_=1672535547170&CODE_STATE=getMsg HTTP/1.1" 200 27
114.88.159.190 - - [01/Jan/2023:09:11:36 +0800] "POST /xingrg/dwr/call/plaincall/AjaxCheckService.setItemNumber.dwr HTTP/1.1" 200 77
114.88.159.190 - - [01/Jan/2023:09:11:39 +0800] "POST /xingrg/dwr/call/plaincall/AjaxCheckService.setItemNumber.dwr HTTP/1.1" 200 77
114.88.159.190 - - [01/Jan/2023:09:11:41 +0800] "POST /xingrg/dwr/call/plaincall/AjaxCheckService.setItemNumber.dwr HTTP/1.1" 200 77
222.69.192.184 - - [01/Jan/2023:09:11:41 +0800] "GET /xingrg/all/function/internal_message.html?_=1672535527057&CODE_STATE=getMsg HTTP/1.1" 200 27
114.84.38.109 - - [01/Jan/2023:09:11:44 +0800] "POST /xingrg/dwr/call/plaincall/AjaxCheckService.setItemNumber.dwr HTTP/1.1" 200 76
116.230.105.139 - - [01/Jan/2023:09:11:44 +0800] "GET /xingrg/all/function/internal_message.html?_=1672535489183&CODE_STATE=getMsg HTTP/1.1" 200 27
114.84.38.109 - - [01/Jan/2023:09:11:45 +0800] "POST /xingrg/dwr/call/plaincall/AjaxCheckService.setItemNumber.dwr HTTP/1.1" 200 76
114.88.159.190 - - [01/Jan/2023:09:11:45 +0800] "POST /xingrg/dwr/call/plaincall/AjaxCheckService.setItemNumber.dwr HTTP/1.1" 200 77
114.84.38.109 - - [01/Jan/2023:09:11:48 +0800] "POST /xingrg/dwr/call/plaincall/AjaxCheckService.setItemNumber.dwr HTTP/1.1" 200 76
114.84.38.109 - - [01/Jan/2023:09:11:50 +0800] "POST /xingrg/dwr/call/plaincall/AjaxCheckService.setItemNumber.dwr HTTP/1.1" 200 76
222.70.177.10 - - [01/Jan/2023:09:11:51 +0800] "POST /xingrg/dwr/call/plaincall/AjaxCheckService.setItemNumber.dwr HTTP/1.1" 200 77
222.70.177.10 - - [01/Jan/2023:09:11:52 +0800] "POST /xingrg/dwr/call/plaincall/AjaxCheckService.setItemNumber.dwr HTTP/1.1" 200 77
114.84.38.109 - - [01/Jan/2023:09:11:52 +0800] "POST /xingrg/dwr/call/plaincall/AjaxCheckService.setItemNumber.dwr HTTP/1.1" 200 76
222.70.177.10 - - [01/Jan/2023:09:11:53 +0800] "POST /xingrg/dwr/call/plaincall/AjaxCheckService.setItemNumber.dwr HTTP/1.1" 200 77
114.84.38.109 - - [01/Jan/2023:09:11:54 +0800] "POST /xingrg/dwr/call/plaincall/AjaxCheckService.setItemNumber.dwr HTTP/1.1" 200 76
222.70.177.10 - - [01/Jan/2023:09:11:54 +0800] "POST /xingrg/dwr/call/plaincall/AjaxCheckService.setItemNumber.dwr HTTP/1.1" 200 77
114.84.38.109 - - [01/Jan/2023:09:11:54 +0800] "POST /xingrg/dwr/call/plaincall/AjaxCheckService.setItemNumber.dwr HTTP/1.1" 200 76
114.88.159.190 - - [01/Jan/2023:09:11:55 +0800] "POST /xingrg/dwr/call/plaincall/AjaxCheckService.setItemNumber.dwr HTTP/1.1" 200 77
222.70.177.10 - - [01/Jan/2023:09:11:56 +0800] "POST /xingrg/dwr/call/plaincall/AjaxCheckService.setItemNumber.dwr HTTP/1.1" 200 77
114.88.159.190 - - [01/Jan/2023:09:11:56 +0800] "POST /xingrg/dwr/call/plaincall/AjaxCheckService.setItemNumber.dwr HTTP/1.1" 200 77
114.88.159.190 - - [01/Jan/2023:09:11:57 +0800] "POST /xingrg/dwr/call/plaincall/AjaxCheckService.setItemNumber.dwr HTTP/1.1" 200 77
114.84.38.109 - - [01/Jan/2023:09:11:57 +0800] "POST /xingrg/dwr/call/plaincall/AjaxCheckService.setItemNumber.dwr HTTP/1.1" 200 76
114.88.159.190 - - [01/Jan/2023:09:11:57 +0800] "POST /xingrg/dwr/call/plaincall/AjaxCheckService.setItemNumber.dwr HTTP/1.1" 200 77
114.84.38.109 - - [01/Jan/2023:09:11:58 +0800] "POST /xingrg/dwr/call/plaincall/AjaxCheckService.setItemNumber.dwr HTTP/1.1" 200 76
120.253.135.82 - - [01/Jan/2023:09:11:59 +0800] "GET /xingrg/check_reg.html?_=1672535354909 HTTP/1.1" 200 22
114.88.159.190 - - [01/Jan/2023:09:12:01 +0800] "POST /xingrg/dwr/call/plaincall/AjaxCheckService.setItemNumber.dwr HTTP/1.1" 200 77
114.84.38.109 - - [01/Jan/2023:09:12:03 +0800] "POST /xingrg/dwr/call/plaincall/AjaxCheckService.setItemNumber.dwr HTTP/1.1" 200 77
222.70.177.10 - - [01/Jan/2023:09:12:03 +0800] "POST /xingrg/dwr/call/plaincall/AjaxCheckService.setItemNumber.dwr HTTP/1.1" 200 77
222.69.192.184 - - [01/Jan/2023:09:12:04 +0800] "GET /xingrg/all/function/internal_message.html?_=1672535393347&CODE_STATE=getMsg HTTP/1.1" 200 27
222.70.177.10 - - [01/Jan/2023:09:12:05 +0800] "POST /xingrg/dwr/call/plaincall/AjaxCheckService.setItemNumber.dwr HTTP/1.1" 200 77
114.84.38.109 - - [01/Jan/2023:09:12:05 +0800] "POST /xingrg/dwr/call/plaincall/AjaxCheckService.setItemNumber.dwr HTTP/1.1" 200 77
222.70.177.10 - - [01/Jan/2023:09:12:06 +0800] "POST /xingrg/dwr/call/plaincall/AjaxCheckService.setItemNumber.dwr HTTP/1.1" 200 77
114.84.38.109 - - [01/Jan/2023:09:12:06 +0800] "POST /xingrg/dwr/call/plaincall/AjaxCheckService.setItemNumber.dwr HTTP/1.1" 200 77
222.70.177.10 - - [01/Jan/2023:09:12:07 +0800] "POST /xingrg/dwr/call/plaincall/AjaxCheckService.setItemNumber.dwr HTTP/1.1" 200 77
114.88.159.190 - - [01/Jan/2023:09:12:07 +0800] "POST /xingrg/dwr/call/plaincall/AjaxCheckService.setItemNumber.dwr HTTP/1.1" 200 77
114.84.38.109 - - [01/Jan/2023:09:12:07 +0800] "POST /xingrg/dwr/call/plaincall/AjaxCheckService.setItemNumber.dwr HTTP/1.1" 200 77
116.238.139.35 - - [01/Jan/2023:09:12:08 +0800] "GET /xingrg/all/function/internal_message.html?_=1672535553846&CODE_STATE=getMsg HTTP/1.1" 200 27
222.70.177.10 - - [01/Jan/2023:09:12:08 +0800] "POST /xingrg/dwr/call/plaincall/AjaxCheckService.setItemNumber.dwr HTTP/1.1" 200 77
114.84.38.109 - - [01/Jan/2023:09:12:09 +0800] "POST /xingrg/dwr/call/plaincall/AjaxCheckService.setItemNumber.dwr HTTP/1.1" 200 77
222.70.177.10 - - [01/Jan/2023:09:12:09 +0800] "POST /xingrg/dwr/call/plaincall/AjaxCheckService.setItemNumber.dwr HTTP/1.1" 200 77
222.70.177.10 - - [01/Jan/2023:09:12:11 +0800] "POST /xingrg/dwr/call/plaincall/AjaxCheckService.setItemNumber.dwr HTTP/1.1" 200 77
114.88.159.190 - - [01/Jan/2023:09:12:11 +0800] "POST /xingrg/dwr/call/plaincall/AjaxCheckService.setItemNumber.dwr HTTP/1.1" 200 77
114.88.159.190 - - [01/Jan/2023:09:12:12 +0800] "POST /xingrg/dwr/call/plaincall/AjaxCheckService.setItemNumber.dwr HTTP/1.1" 200 77
116.192.124.172 - - [01/Jan/2023:09:12:12 +0800] "GET /xingrg/all/function/internal_message.html?_=1672535558251&CODE_STATE=getMsg HTTP/1.1" 302 -
222.70.177.10 - - [01/Jan/2023:09:12:13 +0800] "POST /xingrg/dwr/call/plaincall/AjaxCheckService.setItemNumber.dwr HTTP/1.1" 200 77
114.84.38.109 - - [01/Jan/2023:09:12:14 +0800] "POST /xingrg/dwr/call/plaincall/AjaxCheckService.setItemNumber.dwr HTTP/1.1" 200 77
114.88.159.190 - - [01/Jan/2023:09:12:14 +0800] "GET /xingrg/all/function/internal_message.html?_=1672535147212&CODE_STATE=getMsg HTTP/1.1" 200 27
114.84.38.109 - - [01/Jan/2023:09:12:15 +0800] "POST /xingrg/dwr/call/plaincall/AjaxCheckService.setItemNumber.dwr HTTP/1.1" 200 77
222.70.177.10 - - [01/Jan/2023:09:12:17 +0800] "POST /xingrg/dwr/call/plaincall/AjaxCheckService.setItemNumber.dwr HTTP/1.1" 200 77
114.84.38.109 - - [01/Jan/2023:09:12:17 +0800] "POST /xingrg/dwr/call/plaincall/AjaxCheckService.setItemNumber.dwr HTTP/1.1" 200 77
120.253.135.82 - - [01/Jan/2023:09:12:17 +0800] "GET /xingrg/all/function/internal_message.html?_=1672535372844&CODE_STATE=getMsg HTTP/1.1" 200 27
222.70.177.10 - - [01/Jan/2023:09:12:19 +0800] "POST /xingrg/dwr/call/plaincall/AjaxCheckService.setItemNumber.dwr HTTP/1.1" 200 77
114.84.38.109 - - [01/Jan/2023:09:12:19 +0800] "POST /xingrg/dwr/call/plaincall/AjaxCheckService.setItemNumber.dwr HTTP/1.1" 200 77
114.88.159.190 - - [01/Jan/2023:09:12:19 +0800] "POST /xingrg/dwr/call/plaincall/AjaxCheckService.setItemNumber.dwr HTTP/1.1" 200 77
114.84.81.136 - - [01/Jan/2023:09:12:20 +0800] "GET /xingrg/all/function/internal_message.html?_=1672535565531&CODE_STATE=getMsg HTTP/1.1" 200 27
222.70.177.10 - - [01/Jan/2023:09:12:21 +0800] "POST /xingrg/dwr/call/plaincall/AjaxCheckService.setItemNumber.dwr HTTP/1.1" 200 77
120.253.135.82 - - [01/Jan/2023:09:12:22 +0800] "GET /xingrg/all/function/internal_message.html?_=1672535026304&CODE_STATE=getMsg HTTP/1.1" 302 -
114.88.159.190 - - [01/Jan/2023:09:12:22 +0800] "POST /xingrg/dwr/call/plaincall/AjaxCheckService.setItemNumber.dwr HTTP/1.1" 200 77
222.70.177.10 - - [01/Jan/2023:09:12:23 +0800] "POST /xingrg/dwr/call/plaincall/AjaxCheckService.setItemNumber.dwr HTTP/1.1" 200 77
114.84.38.109 - - [01/Jan/2023:09:12:23 +0800] "POST /xingrg/dwr/call/plaincall/AjaxCheckService.setItemNumber.dwr HTTP/1.1" 200 77
222.70.177.10 - - [01/Jan/2023:09:12:23 +0800] "GET /xingrg/check_reg.html?_=1672535565294 HTTP/1.1" 200 22
222.70.177.10 - - [01/Jan/2023:09:12:23 +0800] "GET /xingrg/all/function/internal_message.html?_=1672535565290&CODE_STATE=getMsg HTTP/1.1" 200 27
114.84.38.109 - - [01/Jan/2023:09:12:27 +0800] "POST /xingrg/dwr/call/plaincall/AjaxCheckService.setItemNumber.dwr HTTP/1.1" 200 77
114.84.38.109 - - [01/Jan/2023:09:12:28 +0800] "POST /xingrg/dwr/call/plaincall/AjaxCheckService.setItemNumber.dwr HTTP/1.1" 200 77
114.88.159.190 - - [01/Jan/2023:09:12:28 +0800] "POST /xingrg/dwr/call/plaincall/AjaxCheckService.setItemNumber.dwr HTTP/1.1" 200 77
114.88.159.190 - - [01/Jan/2023:09:12:29 +0800] "POST /xingrg/dwr/call/plaincall/AjaxCheckService.setItemNumber.dwr HTTP/1.1" 200 77
114.84.38.109 - - [01/Jan/2023:09:12:29 +0800] "POST /xingrg/dwr/call/plaincall/AjaxCheckService.setItemNumber.dwr HTTP/1.1" 200 77
114.84.38.109 - - [01/Jan/2023:09:12:30 +0800] "POST /xingrg/dwr/call/plaincall/AjaxCheckService.setItemNumber.dwr HTTP/1.1" 200 77
120.253.135.82 - - [01/Jan/2023:09:12:31 +0800] "GET /xingrg/check_reg.html?_=1672535035001 HTTP/1.1" 302 -
114.84.38.109 - - [01/Jan/2023:09:12:32 +0800] "POST /xingrg/dwr/call/plaincall/AjaxCheckService.setItemNumber.dwr HTTP/1.1" 200 77
114.84.38.109 - - [01/Jan/2023:09:12:34 +0800] "POST /xingrg/dwr/call/plaincall/AjaxCheckService.setItemNumber.dwr HTTP/1.1" 200 77
114.84.38.109 - - [01/Jan/2023:09:12:36 +0800] "GET /xingrg/all/function/internal_message.html?_=1672535607182&CODE_STATE=getMsg HTTP/1.1" 200 27
114.84.38.109 - - [01/Jan/2023:09:12:36 +0800] "POST /xingrg/dwr/call/plaincall/AjaxCheckService.setItemNumber.dwr HTTP/1.1" 200 77
114.84.38.109 - - [01/Jan/2023:09:12:38 +0800] "POST /xingrg/dwr/call/plaincall/AjaxCheckService.setItemNumber.dwr HTTP/1.1" 200 77
222.70.177.10 - - [01/Jan/2023:09:12:39 +0800] "GET /xingrg/kc/base/check_order_list.html?isBack=1 HTTP/1.1" 200 16220
222.70.177.10 - - [01/Jan/2023:09:12:39 +0800] "POST /xingrg/kc/base/check_list_operate.html HTTP/1.1" 200 4706
222.70.177.10 - - [01/Jan/2023:09:12:41 +0800] "GET /xingrg/kc/base/check_order_info.html?code=452022123100244 HTTP/1.1" 200 26404
222.70.177.10 - - [01/Jan/2023:09:12:41 +0800] "GET /xingrg/dwr/interface/AjaxComOrderService.js HTTP/1.1" 200 18264
222.70.177.10 - - [01/Jan/2023:09:12:41 +0800] "GET /xingrg/dwr/interface/AjaxCheckService.js HTTP/1.1" 200 14003
222.70.177.10 - - [01/Jan/2023:09:12:41 +0800] "GET /xingrg/dwr/engine.js HTTP/1.1" 200 43631
222.69.192.184 - - [01/Jan/2023:09:12:41 +0800] "GET /xingrg/all/function/internal_message.html?_=1672535586990&CODE_STATE=getMsg HTTP/1.1" 200 27
222.70.177.10 - - [01/Jan/2023:09:12:42 +0800] "POST /xingrg/dwr/call/plaincall/AjaxCheckService.loadOrderItems.dwr HTTP/1.1" 200 44380
114.84.38.109 - - [01/Jan/2023:09:12:43 +0800] "POST /xingrg/dwr/call/plaincall/AjaxCheckService.setItemNumber.dwr HTTP/1.1" 200 77
116.230.105.139 - - [01/Jan/2023:09:12:44 +0800] "GET /xingrg/all/function/internal_message.html?_=1672535549161&CODE_STATE=getMsg HTTP/1.1" 200 27
114.84.38.109 - - [01/Jan/2023:09:12:46 +0800] "POST /xingrg/dwr/call/plaincall/AjaxCheckService.setItemNumber.dwr HTTP/1.1" 200 77
222.70.177.10 - - [01/Jan/2023:09:12:46 +0800] "POST /xingrg/dwr/call/plaincall/AjaxCheckService.setItemNumber.dwr HTTP/1.1" 200 76
114.88.159.190 - - [01/Jan/2023:09:12:46 +0800] "POST /xingrg/dwr/call/plaincall/AjaxCheckService.setItemNumber.dwr HTTP/1.1" 200 77
114.84.38.109 - - [01/Jan/2023:09:12:46 +0800] "POST /xingrg/dwr/call/plaincall/AjaxCheckService.setItemNumber.dwr HTTP/1.1" 200 77
114.88.159.190 - - [01/Jan/2023:09:12:47 +0800] "POST /xingrg/dwr/call/plaincall/AjaxCheckService.setItemNumber.dwr HTTP/1.1" 200 77
222.70.177.10 - - [01/Jan/2023:09:12:47 +0800] "POST /xingrg/dwr/call/plaincall/AjaxCheckService.setItemNumber.dwr HTTP/1.1" 200 76
114.88.159.190 - - [01/Jan/2023:09:12:47 +0800] "POST /xingrg/dwr/call/plaincall/AjaxCheckService.setItemNumber.dwr HTTP/1.1" 200 77
114.84.38.109 - - [01/Jan/2023:09:12:47 +0800] "POST /xingrg/dwr/call/plaincall/AjaxCheckService.setItemNumber.dwr HTTP/1.1" 200 77
114.88.159.190 - - [01/Jan/2023:09:12:48 +0800] "POST /xingrg/dwr/call/plaincall/AjaxCheckService.setItemNumber.dwr HTTP/1.1" 200 77
222.70.177.10 - - [01/Jan/2023:09:12:48 +0800] "POST /xingrg/dwr/call/plaincall/AjaxCheckService.setItemNumber.dwr HTTP/1.1" 200 76
114.84.38.109 - - [01/Jan/2023:09:12:48 +0800] "POST /xingrg/dwr/call/plaincall/AjaxCheckService.setItemNumber.dwr HTTP/1.1" 200 77
114.88.159.190 - - [01/Jan/2023:09:12:49 +0800] "POST /xingrg/dwr/call/plaincall/AjaxCheckService.setItemNumber.dwr HTTP/1.1" 200 77
114.88.159.190 - - [01/Jan/2023:09:12:49 +0800] "POST /xingrg/dwr/call/plaincall/AjaxCheckService.setItemNumber.dwr HTTP/1.1" 200 77
222.70.177.10 - - [01/Jan/2023:09:12:49 +0800] "POST /xingrg/dwr/call/plaincall/AjaxCheckService.setItemNumber.dwr HTTP/1.1" 200 76
114.84.38.109 - - [01/Jan/2023:09:12:50 +0800] "POST /xingrg/dwr/call/plaincall/AjaxCheckService.setItemNumber.dwr HTTP/1.1" 200 77
114.88.159.190 - - [01/Jan/2023:09:12:50 +0800] "POST /xingrg/dwr/call/plaincall/AjaxCheckService.setItemNumber.dwr HTTP/1.1" 200 77
114.88.159.190 - - [01/Jan/2023:09:12:50 +0800] "POST /xingrg/dwr/call/plaincall/AjaxCheckService.setItemNumber.dwr HTTP/1.1" 200 77
222.70.177.10 - - [01/Jan/2023:09:12:51 +0800] "POST /xingrg/dwr/call/plaincall/AjaxCheckService.setItemNumber.dwr HTTP/1.1" 200 76
114.84.38.109 - - [01/Jan/2023:09:12:51 +0800] "POST /xingrg/dwr/call/plaincall/AjaxCheckService.setItemNumber.dwr HTTP/1.1" 200 77
114.88.159.190 - - [01/Jan/2023:09:12:51 +0800] "POST /xingrg/dwr/call/plaincall/AjaxCheckService.setItemNumber.dwr HTTP/1.1" 200 77
222.70.177.10 - - [01/Jan/2023:09:12:52 +0800] "POST /xingrg/dwr/call/plaincall/AjaxCheckService.setItemNumber.dwr HTTP/1.1" 200 76
114.84.38.109 - - [01/Jan/2023:09:12:52 +0800] "POST /xingrg/dwr/call/plaincall/AjaxCheckService.setItemNumber.dwr HTTP/1.1" 200 77
114.88.159.190 - - [01/Jan/2023:09:12:52 +0800] "POST /xingrg/dwr/call/plaincall/AjaxCheckService.setItemNumber.dwr HTTP/1.1" 200 77
114.84.38.109 - - [01/Jan/2023:09:12:53 +0800] "POST /xingrg/dwr/call/plaincall/AjaxCheckService.setItemNumber.dwr HTTP/1.1" 200 77
222.70.177.10 - - [01/Jan/2023:09:12:53 +0800] "POST /xingrg/dwr/call/plaincall/AjaxCheckService.setItemNumber.dwr HTTP/1.1" 200 76
114.88.159.190 - - [01/Jan/2023:09:12:56 +0800] "POST /xingrg/dwr/call/plaincall/AjaxCheckService.setItemNumber.dwr HTTP/1.1" 200 77
114.84.38.109 - - [01/Jan/2023:09:12:58 +0800] "POST /xingrg/dwr/call/plaincall/AjaxCheckService.setItemNumber.dwr HTTP/1.1" 200 77
114.88.159.190 - - [01/Jan/2023:09:12:58 +0800] "POST /xingrg/dwr/call/plaincall/AjaxCheckService.setItemNumber.dwr HTTP/1.1" 200 77
222.70.177.10 - - [01/Jan/2023:09:13:01 +0800] "POST /xingrg/dwr/call/plaincall/AjaxCheckService.setItemNumber.dwr HTTP/1.1" 200 76
114.88.159.190 - - [01/Jan/2023:09:13:02 +0800] "POST /xingrg/dwr/call/plaincall/AjaxCheckService.setItemNumber.dwr HTTP/1.1" 200 77
222.70.177.10 - - [01/Jan/2023:09:13:03 +0800] "POST /xingrg/dwr/call/plaincall/AjaxCheckService.setItemNumber.dwr HTTP/1.1" 200 76
222.69.192.184 - - [01/Jan/2023:09:13:04 +0800] "GET /xingrg/all/function/internal_message.html?_=1672535453356&CODE_STATE=getMsg HTTP/1.1" 200 27
114.84.38.109 - - [01/Jan/2023:09:13:04 +0800] "POST /xingrg/dwr/call/plaincall/AjaxCheckService.setItemNumber.dwr HTTP/1.1" 200 77
222.70.177.10 - - [01/Jan/2023:09:13:04 +0800] "POST /xingrg/dwr/call/plaincall/AjaxCheckService.setItemNumber.dwr HTTP/1.1" 200 77
114.84.38.109 - - [01/Jan/2023:09:13:05 +0800] "POST /xingrg/dwr/call/plaincall/AjaxCheckService.setItemNumber.dwr HTTP/1.1" 200 77
114.88.159.190 - - [01/Jan/2023:09:13:05 +0800] "POST /xingrg/dwr/call/plaincall/AjaxCheckService.setItemNumber.dwr HTTP/1.1" 200 77
222.70.177.10 - - [01/Jan/2023:09:13:05 +0800] "POST /xingrg/dwr/call/plaincall/AjaxCheckService.setItemNumber.dwr HTTP/1.1" 200 77
116.238.139.35 - - [01/Jan/2023:09:13:08 +0800] "GET /xingrg/all/function/internal_message.html?_=1672535613831&CODE_STATE=getMsg HTTP/1.1" 200 27
114.84.38.109 - - [01/Jan/2023:09:13:08 +0800] "POST /xingrg/dwr/call/plaincall/AjaxCheckService.setItemNumber.dwr HTTP/1.1" 200 77
116.238.139.35 - - [01/Jan/2023:09:13:09 +0800] "GET /xingrg/check_reg.html?_=1672535614582 HTTP/1.1" 200 22
222.70.177.10 - - [01/Jan/2023:09:13:10 +0800] "POST /xingrg/dwr/call/plaincall/AjaxCheckService.setItemNumber.dwr HTTP/1.1" 200 77
222.69.192.184 - - [01/Jan/2023:09:13:10 +0800] "GET /xingrg/kc/buy/cgsh_order_operate.html?command=get_materiel&rest_code=00105&code=00101008312&supplier_code=00100203&order_time=2023-01-01 HTTP/1.1" 200 412
114.84.38.109 - - [01/Jan/2023:09:13:12 +0800] "POST /xingrg/dwr/call/plaincall/AjaxCheckService.setItemNumber.dwr HTTP/1.1" 200 77
116.192.124.172 - - [01/Jan/2023:09:13:12 +0800] "GET /xingrg/all/function/internal_message.html?_=1672535618239&CODE_STATE=getMsg HTTP/1.1" 302 -
114.88.159.190 - - [01/Jan/2023:09:13:12 +0800] "POST /xingrg/dwr/call/plaincall/AjaxCheckService.setItemNumber.dwr HTTP/1.1" 200 77
114.84.38.109 - - [01/Jan/2023:09:13:13 +0800] "POST /xingrg/dwr/call/plaincall/AjaxCheckService.setItemNumber.dwr HTTP/1.1" 200 77
114.88.159.190 - - [01/Jan/2023:09:13:14 +0800] "POST /xingrg/dwr/call/plaincall/AjaxCheckService.setItemNumber.dwr HTTP/1.1" 200 77
114.88.159.190 - - [01/Jan/2023:09:13:14 +0800] "GET /xingrg/all/function/internal_message.html?_=1672535207356&CODE_STATE=getMsg HTTP/1.1" 200 27
222.70.177.10 - - [01/Jan/2023:09:13:15 +0800] "POST /xingrg/dwr/call/plaincall/AjaxCheckService.setItemNumber.dwr HTTP/1.1" 200 77
114.84.38.109 - - [01/Jan/2023:09:13:15 +0800] "POST /xingrg/dwr/call/plaincall/AjaxCheckService.setItemNumber.dwr HTTP/1.1" 200 77
114.84.38.109 - - [01/Jan/2023:09:13:16 +0800] "POST /xingrg/dwr/call/plaincall/AjaxCheckService.setItemNumber.dwr HTTP/1.1" 200 77
114.88.159.190 - - [01/Jan/2023:09:13:17 +0800] "POST /xingrg/dwr/call/plaincall/AjaxCheckService.setItemNumber.dwr HTTP/1.1" 200 77
120.253.135.82 - - [01/Jan/2023:09:13:17 +0800] "GET /xingrg/all/function/internal_message.html?_=1672535432857&CODE_STATE=getMsg HTTP/1.1" 200 27
114.84.38.109 - - [01/Jan/2023:09:13:17 +0800] "POST /xingrg/dwr/call/plaincall/AjaxCheckService.setItemNumber.dwr HTTP/1.1" 200 77
114.88.159.190 - - [01/Jan/2023:09:13:20 +0800] "POST /xingrg/dwr/call/plaincall/AjaxCheckService.setItemNumber.dwr HTTP/1.1" 200 77
114.84.81.136 - - [01/Jan/2023:09:13:20 +0800] "GET /xingrg/check_reg.html?_=1672535625531 HTTP/1.1" 200 22
114.84.81.136 - - [01/Jan/2023:09:13:20 +0800] "GET /xingrg/all/function/internal_message.html?_=1672535625535&CODE_STATE=getMsg HTTP/1.1" 200 27
114.88.159.190 - - [01/Jan/2023:09:13:21 +0800] "POST /xingrg/dwr/call/plaincall/AjaxCheckService.setItemNumber.dwr HTTP/1.1" 200 77
120.253.135.82 - - [01/Jan/2023:09:13:22 +0800] "GET /xingrg/all/function/internal_message.html?_=1672535086273&CODE_STATE=getMsg HTTP/1.1" 302 -
114.88.159.190 - - [01/Jan/2023:09:13:22 +0800] "POST /xingrg/dwr/call/plaincall/AjaxCheckService.setItemNumber.dwr HTTP/1.1" 200 77
114.84.38.109 - - [01/Jan/2023:09:13:23 +0800] "POST /xingrg/dwr/call/plaincall/AjaxCheckService.setItemNumber.dwr HTTP/1.1" 200 77
222.70.177.10 - - [01/Jan/2023:09:13:23 +0800] "GET /xingrg/all/function/internal_message.html?_=1672535625282&CODE_STATE=getMsg HTTP/1.1" 200 27
114.88.159.190 - - [01/Jan/2023:09:13:24 +0800] "POST /xingrg/dwr/call/plaincall/AjaxCheckService.setItemNumber.dwr HTTP/1.1" 200 77
114.88.159.190 - - [01/Jan/2023:09:13:26 +0800] "POST /xingrg/dwr/call/plaincall/AjaxCheckService.setItemNumber.dwr HTTP/1.1" 200 77
114.88.159.190 - - [01/Jan/2023:09:13:26 +0800] "POST /xingrg/dwr/call/plaincall/AjaxCheckService.setItemNumber.dwr HTTP/1.1" 200 77
114.84.38.109 - - [01/Jan/2023:09:13:26 +0800] "POST /xingrg/dwr/call/plaincall/AjaxCheckService.setItemNumber.dwr HTTP/1.1" 200 77
114.88.159.190 - - [01/Jan/2023:09:13:27 +0800] "POST /xingrg/dwr/call/plaincall/AjaxCheckService.setItemNumber.dwr HTTP/1.1" 200 77
222.70.177.10 - - [01/Jan/2023:09:13:27 +0800] "POST /xingrg/dwr/call/plaincall/AjaxCheckService.setItemNumber.dwr HTTP/1.1" 200 77
114.88.159.190 - - [01/Jan/2023:09:13:28 +0800] "POST /xingrg/dwr/call/plaincall/AjaxCheckService.setItemNumber.dwr HTTP/1.1" 200 77
114.84.38.109 - - [01/Jan/2023:09:13:28 +0800] "POST /xingrg/dwr/call/plaincall/AjaxCheckService.setItemNumber.dwr HTTP/1.1" 200 77
222.70.177.10 - - [01/Jan/2023:09:13:28 +0800] "POST /xingrg/dwr/call/plaincall/AjaxCheckService.setItemNumber.dwr HTTP/1.1" 200 77
114.84.38.109 - - [01/Jan/2023:09:13:29 +0800] "POST /xingrg/dwr/call/plaincall/AjaxCheckService.setItemNumber.dwr HTTP/1.1" 200 77
114.84.38.109 - - [01/Jan/2023:09:13:30 +0800] "POST /xingrg/dwr/call/plaincall/AjaxCheckService.setItemNumber.dwr HTTP/1.1" 200 77
222.69.192.184 - - [01/Jan/2023:09:13:30 +0800] "GET /xingrg/kc/buy/cgsh_order_operate.html?command=get_materiel&rest_code=00105&code=00101008256&supplier_code=00100203&order_time=2023-01-01 HTTP/1.1" 200 412
114.88.159.190 - - [01/Jan/2023:09:13:30 +0800] "POST /xingrg/dwr/call/plaincall/AjaxCheckService.setItemNumber.dwr HTTP/1.1" 200 77
114.88.159.190 - - [01/Jan/2023:09:13:30 +0800] "POST /xingrg/dwr/call/plaincall/AjaxCheckService.setItemNumber.dwr HTTP/1.1" 200 77
222.70.177.10 - - [01/Jan/2023:09:13:30 +0800] "POST /xingrg/dwr/call/plaincall/AjaxCheckService.setItemNumber.dwr HTTP/1.1" 200 77
114.84.38.109 - - [01/Jan/2023:09:13:31 +0800] "POST /xingrg/dwr/call/plaincall/AjaxCheckService.setItemNumber.dwr HTTP/1.1" 200 77
120.253.135.82 - - [01/Jan/2023:09:13:31 +0800] "GET /xingrg/kc/buy/cgsh_order_list.html HTTP/1.1" 200 54078
114.84.38.109 - - [01/Jan/2023:09:13:32 +0800] "POST /xingrg/dwr/call/plaincall/AjaxCheckService.setItemNumber.dwr HTTP/1.1" 200 77
114.88.159.190 - - [01/Jan/2023:09:13:32 +0800] "POST /xingrg/dwr/call/plaincall/AjaxCheckService.setItemNumber.dwr HTTP/1.1" 200 77
120.253.135.82 - - [01/Jan/2023:09:13:32 +0800] "POST /xingrg/kc/buy/cgsh_list_operate.html HTTP/1.1" 200 986
