116.230.105.139 - - [01/Jan/2023:09:21:44 +0800] "GET /xingrg/all/function/internal_message.html?_=1672536089074&CODE_STATE=getMsg HTTP/1.1" 200 27
120.253.135.82 - - [01/Jan/2023:09:21:45 +0800] "POST /xingrg/kc/buy/cgsh_order_operate.html HTTP/1.1" 200 12
114.88.159.190 - - [01/Jan/2023:09:21:45 +0800] "POST /xingrg/dwr/call/plaincall/AjaxCheckService.setItemNumber.dwr HTTP/1.1" 200 77
120.253.135.82 - - [01/Jan/2023:09:21:46 +0800] "GET /xingrg/kc/buy/cgsh_order_info.html?code=212023010100009 HTTP/1.1" 200 63830
120.253.135.82 - - [01/Jan/2023:09:21:47 +0800] "GET /xingrg/javascript/easyui/themes/default/validatebox.css HTTP/1.1" 404 1104
222.69.192.184 - - [01/Jan/2023:09:21:47 +0800] "POST /xingrg/kc/buy/cgsh_order_operate.html HTTP/1.1" 200 2065
120.253.135.82 - - [01/Jan/2023:09:21:47 +0800] "POST /xingrg/kc/buy/cgsh_order_operate.html HTTP/1.1" 200 630
116.238.139.35 - - [01/Jan/2023:09:21:48 +0800] "POST /xingrg/dwr/call/plaincall/AjaxCheckService.checkOrder.dwr HTTP/1.1" 200 79
114.88.159.190 - - [01/Jan/2023:09:21:48 +0800] "POST /xingrg/dwr/call/plaincall/AjaxCheckService.setItemNumber.dwr HTTP/1.1" 200 77
114.88.159.190 - - [01/Jan/2023:09:21:48 +0800] "POST /xingrg/dwr/call/plaincall/AjaxCheckService.setItemNumber.dwr HTTP/1.1" 200 77
114.88.159.190 - - [01/Jan/2023:09:21:48 +0800] "POST /xingrg/dwr/call/plaincall/AjaxCheckService.setItemNumber.dwr HTTP/1.1" 200 77
114.88.159.190 - - [01/Jan/2023:09:21:48 +0800] "POST /xingrg/dwr/call/plaincall/AjaxCheckService.setItemNumber.dwr HTTP/1.1" 200 77
114.84.81.136 - - [01/Jan/2023:09:21:48 +0800] "POST /xingrg/dwr/call/plaincall/AjaxCheckService.setItemNumber.dwr HTTP/1.1" 200 77
114.88.159.190 - - [01/Jan/2023:09:21:48 +0800] "POST /xingrg/dwr/call/plaincall/AjaxCheckService.setItemNumber.dwr HTTP/1.1" 200 77
116.238.139.35 - - [01/Jan/2023:09:21:49 +0800] "GET /xingrg/kc/base/check_order_info.html?code=452022123100211 HTTP/1.1" 200 22864
116.238.139.35 - - [01/Jan/2023:09:21:49 +0800] "GET /xingrg/dwr/interface/AjaxComOrderService.js HTTP/1.1" 200 18264
116.238.139.35 - - [01/Jan/2023:09:21:49 +0800] "GET /xingrg/dwr/interface/AjaxCheckService.js HTTP/1.1" 200 14003
116.238.139.35 - - [01/Jan/2023:09:21:49 +0800] "GET /xingrg/dwr/engine.js HTTP/1.1" 200 43631
116.238.139.35 - - [01/Jan/2023:09:21:49 +0800] "POST /xingrg/dwr/call/plaincall/AjaxCheckService.loadOrderItems.dwr HTTP/1.1" 200 4229
120.253.135.82 - - [01/Jan/2023:09:21:49 +0800] "POST /xingrg/kc/buy/cgsh_list_operate.html HTTP/1.1" 200 986
114.84.81.136 - - [01/Jan/2023:09:21:50 +0800] "POST /xingrg/dwr/call/plaincall/AjaxCheckService.setItemNumber.dwr HTTP/1.1" 200 77
116.238.139.35 - - [01/Jan/2023:09:21:50 +0800] "GET /xingrg/kc/base/check_order_list.html?isBack=1 HTTP/1.1" 200 16226
116.238.139.35 - - [01/Jan/2023:09:21:50 +0800] "POST /xingrg/kc/base/check_list_operate.html HTTP/1.1" 200 3252
120.253.135.82 - - [01/Jan/2023:09:21:51 +0800] "GET /xingrg/kc/buy/cgsh_order_add.html HTTP/1.1" 200 68923
120.253.135.82 - - [01/Jan/2023:09:21:51 +0800] "POST /xingrg/kc/buy/cgsh_order_operate.html HTTP/1.1" 200 8245
120.253.135.82 - - [01/Jan/2023:09:21:51 +0800] "GET /xingrg/javascript/easyui/themes/default/validatebox.css HTTP/1.1" 404 1104
114.88.159.190 - - [01/Jan/2023:09:21:52 +0800] "POST /xingrg/dwr/call/plaincall/AjaxCheckService.setItemNumber.dwr HTTP/1.1" 200 77
114.88.159.190 - - [01/Jan/2023:09:21:53 +0800] "POST /xingrg/dwr/call/plaincall/AjaxCheckService.setItemNumber.dwr HTTP/1.1" 200 77
114.88.159.190 - - [01/Jan/2023:09:21:53 +0800] "POST /xingrg/dwr/call/plaincall/AjaxCheckService.setItemNumber.dwr HTTP/1.1" 200 77
114.88.159.190 - - [01/Jan/2023:09:21:54 +0800] "POST /xingrg/dwr/call/plaincall/AjaxCheckService.setItemNumber.dwr HTTP/1.1" 200 77
114.88.159.190 - - [01/Jan/2023:09:21:56 +0800] "POST /xingrg/dwr/call/plaincall/AjaxCheckService.setItemNumber.dwr HTTP/1.1" 200 77
114.88.159.190 - - [01/Jan/2023:09:21:57 +0800] "POST /xingrg/dwr/call/plaincall/AjaxCheckService.setItemNumber.dwr HTTP/1.1" 200 77
114.88.159.190 - - [01/Jan/2023:09:21:57 +0800] "POST /xingrg/dwr/call/plaincall/AjaxCheckService.setItemNumber.dwr HTTP/1.1" 200 77
114.88.159.190 - - [01/Jan/2023:09:21:58 +0800] "POST /xingrg/dwr/call/plaincall/AjaxCheckService.setItemNumber.dwr HTTP/1.1" 200 77
114.88.159.190 - - [01/Jan/2023:09:21:58 +0800] "POST /xingrg/dwr/call/plaincall/AjaxCheckService.setItemNumber.dwr HTTP/1.1" 200 77
114.88.159.190 - - [01/Jan/2023:09:21:59 +0800] "POST /xingrg/dwr/call/plaincall/AjaxCheckService.setItemNumber.dwr HTTP/1.1" 200 77
120.253.135.82 - - [01/Jan/2023:09:21:59 +0800] "GET /xingrg/check_reg.html?_=1672535955104 HTTP/1.1" 200 22
114.88.159.190 - - [01/Jan/2023:09:22:00 +0800] "POST /xingrg/dwr/call/plaincall/AjaxCheckService.setItemNumber.dwr HTTP/1.1" 200 77
120.253.135.82 - - [01/Jan/2023:09:22:00 +0800] "POST /xingrg/all/common/load_combo.html?type=employee HTTP/1.1" 200 1752
114.88.159.190 - - [01/Jan/2023:09:22:00 +0800] "POST /xingrg/dwr/call/plaincall/AjaxCheckService.setItemNumber.dwr HTTP/1.1" 200 77
114.88.159.190 - - [01/Jan/2023:09:22:01 +0800] "POST /xingrg/dwr/call/plaincall/AjaxCheckService.setItemNumber.dwr HTTP/1.1" 200 77
114.88.159.190 - - [01/Jan/2023:09:22:02 +0800] "POST /xingrg/dwr/call/plaincall/AjaxCheckService.setItemNumber.dwr HTTP/1.1" 200 77
114.88.159.190 - - [01/Jan/2023:09:22:02 +0800] "POST /xingrg/dwr/call/plaincall/AjaxCheckService.setItemNumber.dwr HTTP/1.1" 200 77
114.88.159.190 - - [01/Jan/2023:09:22:02 +0800] "POST /xingrg/dwr/call/plaincall/AjaxCheckService.setItemNumber.dwr HTTP/1.1" 200 77
222.69.192.184 - - [01/Jan/2023:09:22:04 +0800] "GET /xingrg/all/function/internal_message.html?_=1672535993373&CODE_STATE=getMsg HTTP/1.1" 200 27
114.88.159.190 - - [01/Jan/2023:09:22:05 +0800] "POST /xingrg/dwr/call/plaincall/AjaxCheckService.setItemNumber.dwr HTTP/1.1" 200 77
114.88.159.190 - - [01/Jan/2023:09:22:06 +0800] "POST /xingrg/dwr/call/plaincall/AjaxCheckService.setItemNumber.dwr HTTP/1.1" 200 77
114.88.159.190 - - [01/Jan/2023:09:22:07 +0800] "POST /xingrg/dwr/call/plaincall/AjaxCheckService.setItemNumber.dwr HTTP/1.1" 200 77
116.238.139.35 - - [01/Jan/2023:09:22:08 +0800] "GET /xingrg/all/function/internal_message.html?_=1672536153681&CODE_STATE=getMsg HTTP/1.1" 200 27
114.88.159.190 - - [01/Jan/2023:09:22:08 +0800] "POST /xingrg/dwr/call/plaincall/AjaxCheckService.setItemNumber.dwr HTTP/1.1" 200 77
116.192.124.172 - - [01/Jan/2023:09:22:11 +0800] "GET /xingrg/check_reg.html?_=1672536156791 HTTP/1.1" 200 22
116.192.124.172 - - [01/Jan/2023:09:22:11 +0800] "GET /xingrg/all/function/internal_message.html?_=1672536156792&CODE_STATE=getMsg HTTP/1.1" 200 27
114.88.159.190 - - [01/Jan/2023:09:22:11 +0800] "POST /xingrg/dwr/call/plaincall/AjaxCheckService.setItemNumber.dwr HTTP/1.1" 200 77
222.69.192.184 - - [01/Jan/2023:09:22:12 +0800] "POST /xingrg/kc/buy/cgsh_order_operate.html HTTP/1.1" 200 2065
114.88.159.190 - - [01/Jan/2023:09:22:13 +0800] "POST /xingrg/dwr/call/plaincall/AjaxCheckService.setItemNumber.dwr HTTP/1.1" 200 77
120.253.135.82 - - [01/Jan/2023:09:22:14 +0800] "GET /xingrg/kc/buy/cgsh_order_operate.html?command=get_materiel&rest_code=00101&code=00101019315&supplier_code=00100129&order_time=2023-01-01 HTTP/1.1" 200 457
114.88.159.190 - - [01/Jan/2023:09:22:14 +0800] "GET /xingrg/all/function/internal_message.html?_=1672535747410&CODE_STATE=getMsg HTTP/1.1" 200 27
114.88.159.190 - - [01/Jan/2023:09:22:15 +0800] "POST /xingrg/dwr/call/plaincall/AjaxCheckService.setItemNumber.dwr HTTP/1.1" 200 77
114.88.159.190 - - [01/Jan/2023:09:22:16 +0800] "POST /xingrg/dwr/call/plaincall/AjaxCheckService.setItemNumber.dwr HTTP/1.1" 200 77
114.88.159.190 - - [01/Jan/2023:09:22:17 +0800] "POST /xingrg/dwr/call/plaincall/AjaxCheckService.setItemNumber.dwr HTTP/1.1" 200 77
120.253.135.82 - - [01/Jan/2023:09:22:17 +0800] "GET /xingrg/all/function/internal_message.html?_=1672535973166&CODE_STATE=getMsg HTTP/1.1" 200 27
180.169.147.146 - - [01/Jan/2023:09:22:18 +0800] "GET /xingrg/index.html?sysBaseUrl=http%3A%2F%2F180.169.147.146%3A18081%2Fxingrg%2F&costTime=39×tamp=1592034574635 HTTP/1.1" 302 -
180.169.147.146 - - [01/Jan/2023:09:22:18 +0800] "GET /xingrg/login.html HTTP/1.1" 200 7641
180.169.147.146 - - [01/Jan/2023:09:22:18 +0800] "GET /xingrg/images/blue/jxLogo.png HTTP/1.1" 200 6156
180.169.147.146 - - [01/Jan/2023:09:22:19 +0800] "GET /xingrg/images/blue/login_bg.png HTTP/1.1" 200 22101
180.169.147.146 - - [01/Jan/2023:09:22:19 +0800] "GET /xingrg/images/blue/hj.png HTTP/1.1" 200 1014
180.169.147.146 - - [01/Jan/2023:09:22:19 +0800] "GET /xingrg/images/blue/srbg.png HTTP/1.1" 200 138
180.169.147.146 - - [01/Jan/2023:09:22:19 +0800] "GET /favicon.ico HTTP/1.1" 404 -
180.169.147.146 - - [01/Jan/2023:09:22:20 +0800] "POST /xingrg/login.do HTTP/1.1" 302 -
180.169.147.146 - - [01/Jan/2023:09:22:20 +0800] "GET /xingrg/index.html?sysBaseUrl=http%3A%2F%2F180.169.147.146%3A18081%2Fxingrg%2F&costTime=44×tamp=1672536140299 HTTP/1.1" 200 17503
180.169.147.146 - - [01/Jan/2023:09:22:20 +0800] "GET /xingrg/javascript/jquery_easy_ui/themes/default/easyui.css HTTP/1.1" 200 26500
180.169.147.146 - - [01/Jan/2023:09:22:20 +0800] "GET /xingrg/css/form.css HTTP/1.1" 200 893
180.169.147.146 - - [01/Jan/2023:09:22:20 +0800] "GET /xingrg/javascript/jquery_easy_ui/easyui-lang-zh_CN.js HTTP/1.1" 200 1900
180.169.147.146 - - [01/Jan/2023:09:22:20 +0800] "GET /xingrg/javascript/jquery_easy_ui/jquery.easyui.min.js HTTP/1.1" 200 213662
180.169.147.146 - - [01/Jan/2023:09:22:20 +0800] "GET /xingrg/javascript/jquery.form.js HTTP/1.1" 200 23110
180.169.147.146 - - [01/Jan/2023:09:22:20 +0800] "GET /xingrg/javascript/jquery.timers.js HTTP/1.1" 200 3532
180.169.147.146 - - [01/Jan/2023:09:22:20 +0800] "GET /xingrg/javascript/jquery.utils.js HTTP/1.1" 200 11805
180.169.147.146 - - [01/Jan/2023:09:22:20 +0800] "GET /xingrg/javascript/jquery_easy_ui/themes/icon.css HTTP/1.1" 200 3949
180.169.147.146 - - [01/Jan/2023:09:22:20 +0800] "GET /xingrg/javascript/jquery-1.4.2.min.js HTTP/1.1" 200 72205
180.169.147.146 - - [01/Jan/2023:09:22:20 +0800] "GET /favicon.ico HTTP/1.1" 404 -
180.169.147.146 - - [01/Jan/2023:09:22:20 +0800] "GET /xingrg/javascript/jquery_easy_ui/themes/icons/settle_new.png HTTP/1.1" 200 826
180.169.147.146 - - [01/Jan/2023:09:22:20 +0800] "GET /xingrg/images/blue/navBackgound.jpg HTTP/1.1" 200 12378
180.169.147.146 - - [01/Jan/2023:09:22:20 +0800] "POST /xingrg/all/common/load_tree.html?tree=area_rest_tree_json&manage=1 HTTP/1.1" 200 3499
180.169.147.146 - - [01/Jan/2023:09:22:20 +0800] "GET /xingrg/check_reg.html?_=1672536164854 HTTP/1.1" 200 22
180.169.147.146 - - [01/Jan/2023:09:22:20 +0800] "GET /xingrg/images/blue/pingpu.png HTTP/1.1" 200 231
180.169.147.146 - - [01/Jan/2023:09:22:20 +0800] "GET /xingrg/all/function/internal_message.html?_=1672536164852&CODE_STATE=count HTTP/1.1" 200 11
180.169.147.146 - - [01/Jan/2023:09:22:20 +0800] "GET /xingrg/javascript/jquery_easy_ui/themes/default/images/tabs_rightarrow.png HTTP/1.1" 200 395
180.169.147.146 - - [01/Jan/2023:09:22:20 +0800] "GET /xingrg/javascript/jquery_easy_ui/themes/default/images/tabs_leftarrow.png HTTP/1.1" 200 389
180.169.147.146 - - [01/Jan/2023:09:22:20 +0800] "GET /xingrg/javascript/jquery_easy_ui/themes/default/images/panel_tool_expand.gif HTTP/1.1" 200 247
180.169.147.146 - - [01/Jan/2023:09:22:20 +0800] "GET /xingrg/javascript/jquery_easy_ui/themes/default/images/panel_tool_collapse.gif HTTP/1.1" 200 246
180.169.147.146 - - [01/Jan/2023:09:22:20 +0800] "POST /xingrg/load_menu.html HTTP/1.1" 200 11564
114.84.81.136 - - [01/Jan/2023:09:22:20 +0800] "GET /xingrg/all/function/internal_message.html?_=1672536165797&CODE_STATE=getMsg HTTP/1.1" 200 27
180.169.147.146 - - [01/Jan/2023:09:22:20 +0800] "GET /xingrg/javascript/jquery_easy_ui/themes/default/images/tree_arrows.gif HTTP/1.1" 200 1043
180.169.147.146 - - [01/Jan/2023:09:22:20 +0800] "GET /xingrg/javascript/jquery_easy_ui/themes/default/images/tree_folder_open.gif HTTP/1.1" 200 956
180.169.147.146 - - [01/Jan/2023:09:22:20 +0800] "GET /xingrg/javascript/jquery_easy_ui/themes/icons/storage_new.png HTTP/1.1" 200 853
180.169.147.146 - - [01/Jan/2023:09:22:20 +0800] "GET /xingrg/javascript/jquery_easy_ui/themes/icons/delivery_new.png HTTP/1.1" 200 700
180.169.147.146 - - [01/Jan/2023:09:22:20 +0800] "GET /xingrg/javascript/jquery_easy_ui/themes/icons/checkout_new.png HTTP/1.1" 200 744
180.169.147.146 - - [01/Jan/2023:09:22:20 +0800] "GET /xingrg/javascript/jquery_easy_ui/themes/icons/setting_new.png HTTP/1.1" 200 450
180.169.147.146 - - [01/Jan/2023:09:22:20 +0800] "GET /xingrg/javascript/jquery_easy_ui/themes/icons/forms_new.png HTTP/1.1" 200 350
180.169.147.146 - - [01/Jan/2023:09:22:20 +0800] "GET /xingrg/javascript/jquery_easy_ui/themes/icons/search_new.png HTTP/1.1" 200 586
180.169.147.146 - - [01/Jan/2023:09:22:20 +0800] "GET /xingrg/javascript/jquery_easy_ui/themes/default/images/tree_file.gif HTTP/1.1" 200 118
180.169.147.146 - - [01/Jan/2023:09:22:20 +0800] "GET /xingrg/javascript/jquery_easy_ui/themes/icons/systemset_new.png HTTP/1.1" 200 606
180.169.147.146 - - [01/Jan/2023:09:22:20 +0800] "GET /xingrg/javascript/jquery_easy_ui/themes/default/images/tree_folder.gif HTTP/1.1" 200 952
120.253.135.82 - - [01/Jan/2023:09:22:22 +0800] "GET /xingrg/all/function/internal_message.html?_=1672535626098&CODE_STATE=getMsg HTTP/1.1" 302 -
180.169.147.146 - - [01/Jan/2023:09:22:22 +0800] "GET /xingrg/system/info/materiel_manager.html HTTP/1.1" 200 19497
180.169.147.146 - - [01/Jan/2023:09:22:22 +0800] "GET /xingrg/javascript/jquery_easy_ui/themes/default/images/tabs_close.gif HTTP/1.1" 200 829
180.169.147.146 - - [01/Jan/2023:09:22:22 +0800] "GET /xingrg/css/blue.css HTTP/1.1" 200 15949
180.169.147.146 - - [01/Jan/2023:09:22:22 +0800] "GET /xingrg/css/xtree.css HTTP/1.1" 200 880
180.169.147.146 - - [01/Jan/2023:09:22:22 +0800] "GET /xingrg/javascript/jquery_ui/themes/base/base.css HTTP/1.1" 200 28568
180.169.147.146 - - [01/Jan/2023:09:22:22 +0800] "GET /xingrg/javascript/pic_change.js HTTP/1.1" 200 4739
180.169.147.146 - - [01/Jan/2023:09:22:22 +0800] "GET /xingrg/dwr/interface/AjaxBaseInfoService.js HTTP/1.1" 200 21363
180.169.147.146 - - [01/Jan/2023:09:22:22 +0800] "GET /xingrg/dwr/interface/AjaxComOrderService.js HTTP/1.1" 200 18264
180.169.147.146 - - [01/Jan/2023:09:22:22 +0800] "GET /xingrg/javascript/Calendar.js HTTP/1.1" 200 31561
180.169.147.146 - - [01/Jan/2023:09:22:22 +0800] "GET /xingrg/dwr/util.js HTTP/1.1" 200 35990
180.169.147.146 - - [01/Jan/2023:09:22:22 +0800] "GET /xingrg/dwr/engine.js HTTP/1.1" 200 43631
180.169.147.146 - - [01/Jan/2023:09:22:22 +0800] "GET /xingrg/javascript/myfunction.js HTTP/1.1" 200 24559
180.169.147.146 - - [01/Jan/2023:09:22:22 +0800] "GET /xingrg/javascript/Grid.js HTTP/1.1" 200 58908
180.169.147.146 - - [01/Jan/2023:09:22:22 +0800] "GET /xingrg/javascript/ToolTips.js HTTP/1.1" 200 5615
180.169.147.146 - - [01/Jan/2023:09:22:22 +0800] "GET /xingrg/javascript/xtree.js HTTP/1.1" 200 26582
180.169.147.146 - - [01/Jan/2023:09:22:22 +0800] "GET /xingrg/javascript/print/LodopFuncs.js HTTP/1.1" 200 5121
180.169.147.146 - - [01/Jan/2023:09:22:23 +0800] "GET /xingrg/images/xtree/openfoldericon.png HTTP/1.1" 200 232
180.169.147.146 - - [01/Jan/2023:09:22:23 +0800] "GET /xingrg/javascript/jquery_easy_ui/themes/icons/import_new.png HTTP/1.1" 200 1247
180.169.147.146 - - [01/Jan/2023:09:22:23 +0800] "GET /xingrg/javascript/jquery_easy_ui/themes/icons/print_new.png HTTP/1.1" 200 3580
180.169.147.146 - - [01/Jan/2023:09:22:23 +0800] "GET /xingrg/javascript/jquery_easy_ui/themes/icons/back_new.png HTTP/1.1" 200 3414
180.169.147.146 - - [01/Jan/2023:09:22:23 +0800] "GET /xingrg/images/blue/wait.gif HTTP/1.1" 200 1100
180.169.147.146 - - [01/Jan/2023:09:22:23 +0800] "POST /xingrg/dwr/call/plaincall/AjaxBaseInfoService.getSubMaterielSorts.dwr HTTP/1.1" 200 219
180.169.147.146 - - [01/Jan/2023:09:22:23 +0800] "GET /xingrg/images/xtree/foldericon.png HTTP/1.1" 200 229
180.169.147.146 - - [01/Jan/2023:09:22:23 +0800] "GET /xingrg/images/xtree/Tplus.png HTTP/1.1" 200 222
180.169.147.146 - - [01/Jan/2023:09:22:23 +0800] "GET /xingrg/images/xtree/Lplus.png HTTP/1.1" 200 224
180.169.147.146 - - [01/Jan/2023:09:22:23 +0800] "POST /xingrg/dwr/call/plaincall/AjaxBaseInfoService.getMateriels.dwr HTTP/1.1" 200 2930
222.70.177.10 - - [01/Jan/2023:09:22:24 +0800] "GET /xingrg/check_reg.html?_=1672536165304 HTTP/1.1" 200 22
222.70.177.10 - - [01/Jan/2023:09:22:24 +0800] "GET /xingrg/all/function/internal_message.html?_=1672536165300&CODE_STATE=getMsg HTTP/1.1" 200 27
114.84.81.136 - - [01/Jan/2023:09:22:24 +0800] "POST /xingrg/dwr/call/plaincall/AjaxCheckService.setItemNumber.dwr HTTP/1.1" 200 77
180.169.147.146 - - [01/Jan/2023:09:22:26 +0800] "POST /xingrg/dwr/call/plaincall/AjaxBaseInfoService.searchMateriels.dwr HTTP/1.1" 200 1754
120.253.135.82 - - [01/Jan/2023:09:22:27 +0800] "POST /xingrg/kc/buy/cgsh_order_operate.html HTTP/1.1" 200 37
180.169.147.146 - - [01/Jan/2023:09:22:28 +0800] "GET /xingrg/system/info/materiel_info.html?code=02015041 HTTP/1.1" 200 36948
180.169.147.146 - - [01/Jan/2023:09:22:28 +0800] "GET /xingrg/dwr/interface/AjaxGetFirstChart.js HTTP/1.1" 200 631
180.169.147.146 - - [01/Jan/2023:09:22:28 +0800] "GET /xingrg/dwr/engine.js HTTP/1.1" 200 43631
180.169.147.146 - - [01/Jan/2023:09:22:28 +0800] "GET /xingrg/javascript/checkform.js HTTP/1.1" 200 18351
180.169.147.146 - - [01/Jan/2023:09:22:28 +0800] "POST /xingrg/all/common/load_tree.html?tree=area_rest_tree_json HTTP/1.1" 200 3499
180.169.147.146 - - [01/Jan/2023:09:22:28 +0800] "GET /favicon.ico HTTP/1.1" 404 -
180.169.147.146 - - [01/Jan/2023:09:22:28 +0800] "POST /xingrg/dwr/call/plaincall/AjaxBaseInfoService.getMaterielInfo.dwr HTTP/1.1" 200 592
180.169.147.146 - - [01/Jan/2023:09:22:28 +0800] "POST /xingrg/all/common/load_tree.html?tree=area_rest_tree_json&defaultRests=undefined HTTP/1.1" 200 3499
180.169.147.146 - - [01/Jan/2023:09:22:28 +0800] "GET /xingrg/javascript/jquery_easy_ui/themes/default/images/tree_checkbox_0.gif HTTP/1.1" 200 168
180.169.147.146 - - [01/Jan/2023:09:22:28 +0800] "GET /xingrg/javascript/jquery_easy_ui/themes/icons/area.png HTTP/1.1" 200 262
180.169.147.146 - - [01/Jan/2023:09:22:28 +0800] "GET /xingrg/javascript/jquery_easy_ui/themes/icons/manage.png HTTP/1.1" 200 696
180.169.147.146 - - [01/Jan/2023:09:22:28 +0800] "GET /xingrg/javascript/jquery_easy_ui/themes/icons/rest.png HTTP/1.1" 200 695
120.253.135.82 - - [01/Jan/2023:09:22:29 +0800] "POST /xingrg/kc/buy/cgsh_order_operate.html HTTP/1.1" 200 2702
222.69.192.184 - - [01/Jan/2023:09:22:30 +0800] "GET /xingrg/kc/buy/cgsh_order_operate.html?command=get_materiel&rest_code=00105&code=00101008330&supplier_code=00100203&order_time=2023-01-01 HTTP/1.1" 200 408
120.253.135.82 - - [01/Jan/2023:09:22:31 +0800] "GET /xingrg/check_reg.html?_=1672535635006 HTTP/1.1" 302 -
114.84.81.136 - - [01/Jan/2023:09:22:31 +0800] "POST /xingrg/dwr/call/plaincall/AjaxCheckService.checkOrder.dwr HTTP/1.1" 200 79
120.253.135.82 - - [01/Jan/2023:09:22:31 +0800] "GET /xingrg/kc/print/load_data.html?order_code=212023010100010&kc_code=cgsh&condition= HTTP/1.1" 200 751
114.84.81.136 - - [01/Jan/2023:09:22:31 +0800] "GET /xingrg/kc/base/check_order_info.html?code=452023010100001 HTTP/1.1" 200 22850
114.84.81.136 - - [01/Jan/2023:09:22:31 +0800] "GET /xingrg/dwr/interface/AjaxComOrderService.js HTTP/1.1" 200 18264
114.84.81.136 - - [01/Jan/2023:09:22:31 +0800] "GET /xingrg/dwr/interface/AjaxCheckService.js HTTP/1.1" 200 14003
114.84.81.136 - - [01/Jan/2023:09:22:31 +0800] "GET /xingrg/dwr/engine.js HTTP/1.1" 200 43631
114.84.81.136 - - [01/Jan/2023:09:22:32 +0800] "GET /xingrg/javascript/jquery_easy_ui/themes/icons/exam_new.png HTTP/1.1" 200 756
114.88.159.190 - - [01/Jan/2023:09:22:35 +0800] "POST /xingrg/dwr/call/plaincall/AjaxCheckService.checkOrder.dwr HTTP/1.1" 200 79
114.84.81.136 - - [01/Jan/2023:09:22:35 +0800] "POST /xingrg/dwr/call/plaincall/AjaxCheckService.loadOrderItems.dwr HTTP/1.1" 200 23007
114.88.159.190 - - [01/Jan/2023:09:22:35 +0800] "GET /xingrg/kc/base/check_order_info.html?code=452022123100140 HTTP/1.1" 200 22860
114.88.159.190 - - [01/Jan/2023:09:22:36 +0800] "GET /xingrg/dwr/interface/AjaxComOrderService.js HTTP/1.1" 200 18264
114.88.159.190 - - [01/Jan/2023:09:22:36 +0800] "GET /xingrg/dwr/interface/AjaxCheckService.js HTTP/1.1" 200 14003
114.88.159.190 - - [01/Jan/2023:09:22:36 +0800] "GET /xingrg/dwr/engine.js HTTP/1.1" 200 43631
180.169.147.146 - - [01/Jan/2023:09:22:36 +0800] "GET /xingrg/system/info/materiel_change_sort.html?code=02015041 HTTP/1.1" 200 4936
180.169.147.146 - - [01/Jan/2023:09:22:36 +0800] "GET /xingrg/dwr/engine.js HTTP/1.1" 200 43631
180.169.147.146 - - [01/Jan/2023:09:22:36 +0800] "GET /xingrg/images/blue/bg2_top.gif HTTP/1.1" 200 273
180.169.147.146 - - [01/Jan/2023:09:22:36 +0800] "GET /xingrg/images/blue/bg2_topleft.gif HTTP/1.1" 200 193
180.169.147.146 - - [01/Jan/2023:09:22:36 +0800] "GET /xingrg/images/blue/bg2_topmid.gif HTTP/1.1" 200 47
180.169.147.146 - - [01/Jan/2023:09:22:36 +0800] "GET /xingrg/images/blue/bg2_topright.gif HTTP/1.1" 200 132
180.169.147.146 - - [01/Jan/2023:09:22:36 +0800] "GET /xingrg/images/blue/bg2_midleft.gif HTTP/1.1" 200 45
180.169.147.146 - - [01/Jan/2023:09:22:36 +0800] "GET /xingrg/images/blue/bg2_midright.gif HTTP/1.1" 200 45
180.169.147.146 - - [01/Jan/2023:09:22:36 +0800] "GET /xingrg/images/blue/bg2_bottomright.gif HTTP/1.1" 200 284
180.169.147.146 - - [01/Jan/2023:09:22:36 +0800] "GET /xingrg/images/blue/bg2_bottomleft.gif HTTP/1.1" 200 299
180.169.147.146 - - [01/Jan/2023:09:22:36 +0800] "GET /xingrg/images/blue/bg2_bottommid.gif HTTP/1.1" 200 45
180.169.147.146 - - [01/Jan/2023:09:22:36 +0800] "GET /favicon.ico HTTP/1.1" 404 -
114.84.38.109 - - [01/Jan/2023:09:22:36 +0800] "GET /xingrg/all/function/internal_message.html?_=1672536207334&CODE_STATE=getMsg HTTP/1.1" 200 27
180.169.147.146 - - [01/Jan/2023:09:22:38 +0800] "POST /xingrg/dwr/call/plaincall/AjaxBaseInfoService.getChangeSort.dwr HTTP/1.1" 200 1960
114.88.159.190 - - [01/Jan/2023:09:22:38 +0800] "POST /xingrg/dwr/call/plaincall/AjaxCheckService.loadOrderItems.dwr HTTP/1.1" 200 60964
180.169.147.146 - - [01/Jan/2023:09:22:40 +0800] "POST /xingrg/dwr/call/plaincall/AjaxBaseInfoService.getChangeSort.dwr HTTP/1.1" 200 2024
222.69.192.184 - - [01/Jan/2023:09:22:41 +0800] "GET /xingrg/all/function/internal_message.html?_=1672536186737&CODE_STATE=getMsg HTTP/1.1" 200 27
114.84.81.136 - - [01/Jan/2023:09:22:43 +0800] "GET /xingrg/kc/base/check_order_info.html?code=452022123100276 HTTP/1.1" 200 26514
114.84.81.136 - - [01/Jan/2023:09:22:43 +0800] "GET /xingrg/dwr/interface/AjaxComOrderService.js HTTP/1.1" 200 18264
114.84.81.136 - - [01/Jan/2023:09:22:43 +0800] "GET /xingrg/dwr/interface/AjaxCheckService.js HTTP/1.1" 200 14003
114.84.81.136 - - [01/Jan/2023:09:22:43 +0800] "GET /xingrg/dwr/engine.js HTTP/1.1" 200 43631
114.84.81.136 - - [01/Jan/2023:09:22:44 +0800] "POST /xingrg/dwr/call/plaincall/AjaxCheckService.loadOrderItems.dwr HTTP/1.1" 200 12548
116.230.105.139 - - [01/Jan/2023:09:22:44 +0800] "GET /xingrg/all/function/internal_message.html?_=1672536149074&CODE_STATE=getMsg HTTP/1.1" 200 27
114.84.81.136 - - [01/Jan/2023:09:22:47 +0800] "POST /xingrg/dwr/call/plaincall/AjaxCheckService.setItemNumber.dwr HTTP/1.1" 200 76
114.88.159.190 - - [01/Jan/2023:09:22:49 +0800] "GET /xingrg/kc/base/check_order_info.html?code=452022123100174 HTTP/1.1" 200 26480
114.88.159.190 - - [01/Jan/2023:09:22:49 +0800] "GET /xingrg/dwr/interface/AjaxComOrderService.js HTTP/1.1" 200 18264
114.88.159.190 - - [01/Jan/2023:09:22:49 +0800] "GET /xingrg/dwr/interface/AjaxCheckService.js HTTP/1.1" 200 14003
114.88.159.190 - - [01/Jan/2023:09:22:49 +0800] "GET /xingrg/dwr/engine.js HTTP/1.1" 200 43631
114.88.159.190 - - [01/Jan/2023:09:22:49 +0800] "POST /xingrg/dwr/call/plaincall/AjaxCheckService.loadOrderItems.dwr HTTP/1.1" 200 31841
114.84.81.136 - - [01/Jan/2023:09:22:50 +0800] "POST /xingrg/dwr/call/plaincall/AjaxCheckService.setItemNumber.dwr HTTP/1.1" 200 76
114.84.81.136 - - [01/Jan/2023:09:22:50 +0800] "POST /xingrg/dwr/call/plaincall/AjaxCheckService.setItemNumber.dwr HTTP/1.1" 200 76
114.84.81.136 - - [01/Jan/2023:09:22:50 +0800] "POST /xingrg/dwr/call/plaincall/AjaxCheckService.setItemNumber.dwr HTTP/1.1" 200 76
114.84.81.136 - - [01/Jan/2023:09:22:51 +0800] "POST /xingrg/dwr/call/plaincall/AjaxCheckService.setItemNumber.dwr HTTP/1.1" 200 76
114.84.81.136 - - [01/Jan/2023:09:22:52 +0800] "POST /xingrg/dwr/call/plaincall/AjaxCheckService.setItemNumber.dwr HTTP/1.1" 200 76
114.84.81.136 - - [01/Jan/2023:09:22:52 +0800] "POST /xingrg/dwr/call/plaincall/AjaxCheckService.setItemNumber.dwr HTTP/1.1" 200 76
114.84.81.136 - - [01/Jan/2023:09:22:53 +0800] "POST /xingrg/dwr/call/plaincall/AjaxCheckService.setItemNumber.dwr HTTP/1.1" 200 76
114.84.81.136 - - [01/Jan/2023:09:22:54 +0800] "POST /xingrg/dwr/call/plaincall/AjaxCheckService.setItemNumber.dwr HTTP/1.1" 200 76
114.84.81.136 - - [01/Jan/2023:09:22:54 +0800] "POST /xingrg/dwr/call/plaincall/AjaxCheckService.setItemNumber.dwr HTTP/1.1" 200 77
114.88.159.190 - - [01/Jan/2023:09:22:55 +0800] "POST /xingrg/dwr/call/plaincall/AjaxCheckService.setItemNumber.dwr HTTP/1.1" 200 76
114.84.81.136 - - [01/Jan/2023:09:22:55 +0800] "POST /xingrg/dwr/call/plaincall/AjaxCheckService.setItemNumber.dwr HTTP/1.1" 200 77
114.84.81.136 - - [01/Jan/2023:09:22:55 +0800] "POST /xingrg/dwr/call/plaincall/AjaxCheckService.setItemNumber.dwr HTTP/1.1" 200 77
114.84.81.136 - - [01/Jan/2023:09:22:56 +0800] "POST /xingrg/dwr/call/plaincall/AjaxCheckService.setItemNumber.dwr HTTP/1.1" 200 77
114.88.159.190 - - [01/Jan/2023:09:22:56 +0800] "POST /xingrg/dwr/call/plaincall/AjaxCheckService.setItemNumber.dwr HTTP/1.1" 200 76
114.84.81.136 - - [01/Jan/2023:09:22:57 +0800] "POST /xingrg/dwr/call/plaincall/AjaxCheckService.setItemNumber.dwr HTTP/1.1" 200 77
114.84.81.136 - - [01/Jan/2023:09:22:58 +0800] "POST /xingrg/dwr/call/plaincall/AjaxCheckService.setItemNumber.dwr HTTP/1.1" 200 77
114.84.81.136 - - [01/Jan/2023:09:22:59 +0800] "POST /xingrg/dwr/call/plaincall/AjaxCheckService.setItemNumber.dwr HTTP/1.1" 200 77
114.88.159.190 - - [01/Jan/2023:09:23:00 +0800] "POST /xingrg/dwr/call/plaincall/AjaxCheckService.setItemNumber.dwr HTTP/1.1" 200 76
114.84.81.136 - - [01/Jan/2023:09:23:00 +0800] "POST /xingrg/dwr/call/plaincall/AjaxCheckService.setItemNumber.dwr HTTP/1.1" 200 77
114.84.81.136 - - [01/Jan/2023:09:23:00 +0800] "POST /xingrg/dwr/call/plaincall/AjaxCheckService.setItemNumber.dwr HTTP/1.1" 200 77
114.84.81.136 - - [01/Jan/2023:09:23:01 +0800] "POST /xingrg/dwr/call/plaincall/AjaxCheckService.setItemNumber.dwr HTTP/1.1" 200 77
114.88.159.190 - - [01/Jan/2023:09:23:01 +0800] "POST /xingrg/dwr/call/plaincall/AjaxCheckService.setItemNumber.dwr HTTP/1.1" 200 76
114.88.159.190 - - [01/Jan/2023:09:23:02 +0800] "POST /xingrg/dwr/call/plaincall/AjaxCheckService.setItemNumber.dwr HTTP/1.1" 200 76
114.88.159.190 - - [01/Jan/2023:09:23:02 +0800] "POST /xingrg/dwr/call/plaincall/AjaxCheckService.setItemNumber.dwr HTTP/1.1" 200 76
222.69.192.184 - - [01/Jan/2023:09:23:04 +0800] "GET /xingrg/all/function/internal_message.html?_=1672536053382&CODE_STATE=getMsg HTTP/1.1" 200 27
114.88.159.190 - - [01/Jan/2023:09:23:05 +0800] "POST /xingrg/dwr/call/plaincall/AjaxCheckService.setItemNumber.dwr HTTP/1.1" 200 76
180.169.147.146 - - [01/Jan/2023:09:23:06 +0800] "POST /xingrg/dwr/call/plaincall/AjaxBaseInfoService.saveChangeSort.dwr HTTP/1.1" 200 78
180.169.147.146 - - [01/Jan/2023:09:23:06 +0800] "POST /xingrg/dwr/call/plaincall/AjaxBaseInfoService.searchMateriels.dwr HTTP/1.1" 200 1754
114.88.159.190 - - [01/Jan/2023:09:23:07 +0800] "POST /xingrg/dwr/call/plaincall/AjaxCheckService.setItemNumber.dwr HTTP/1.1" 200 76
116.238.139.35 - - [01/Jan/2023:09:23:08 +0800] "GET /xingrg/all/function/internal_message.html?_=1672536213651&CODE_STATE=getMsg HTTP/1.1" 200 27
116.238.139.35 - - [01/Jan/2023:09:23:09 +0800] "GET /xingrg/check_reg.html?_=1672536214592 HTTP/1.1" 200 22
222.69.192.184 - - [01/Jan/2023:09:23:09 +0800] "GET /xingrg/kc/buy/cgsh_order_operate.html?command=get_materiel&rest_code=00105&code=00101008027&supplier_code=00100203&order_time=2023-01-01 HTTP/1.1" 200 409
114.88.159.190 - - [01/Jan/2023:09:23:10 +0800] "POST /xingrg/dwr/call/plaincall/AjaxCheckService.setItemNumber.dwr HTTP/1.1" 200 76
116.192.124.172 - - [01/Jan/2023:09:23:11 +0800] "GET /xingrg/all/function/internal_message.html?_=1672536216782&CODE_STATE=getMsg HTTP/1.1" 200 27
114.84.81.136 - - [01/Jan/2023:09:23:11 +0800] "POST /xingrg/dwr/call/plaincall/AjaxCheckService.setItemNumber.dwr HTTP/1.1" 200 77
114.88.159.190 - - [01/Jan/2023:09:23:12 +0800] "POST /xingrg/dwr/call/plaincall/AjaxCheckService.setItemNumber.dwr HTTP/1.1" 200 77
114.88.159.190 - - [01/Jan/2023:09:23:13 +0800] "POST /xingrg/dwr/call/plaincall/AjaxCheckService.setItemNumber.dwr HTTP/1.1" 200 77
114.88.159.190 - - [01/Jan/2023:09:23:14 +0800] "POST /xingrg/dwr/call/plaincall/AjaxCheckService.setItemNumber.dwr HTTP/1.1" 200 77
114.88.159.190 - - [01/Jan/2023:09:23:14 +0800] "GET /xingrg/all/function/internal_message.html?_=1672535807403&CODE_STATE=getMsg HTTP/1.1" 200 27
114.88.159.190 - - [01/Jan/2023:09:23:16 +0800] "POST /xingrg/dwr/call/plaincall/AjaxCheckService.setItemNumber.dwr HTTP/1.1" 200 77
114.88.159.190 - - [01/Jan/2023:09:23:17 +0800] "POST /xingrg/dwr/call/plaincall/AjaxCheckService.setItemNumber.dwr HTTP/1.1" 200 77
120.253.135.82 - - [01/Jan/2023:09:23:18 +0800] "GET /xingrg/all/function/internal_message.html?_=1672536033394&CODE_STATE=getMsg HTTP/1.1" 200 27
114.88.159.190 - - [01/Jan/2023:09:23:19 +0800] "POST /xingrg/dwr/call/plaincall/AjaxCheckService.setItemNumber.dwr HTTP/1.1" 200 77
114.84.81.136 - - [01/Jan/2023:09:23:20 +0800] "GET /xingrg/check_reg.html?_=1672536225540 HTTP/1.1" 200 22
180.169.147.146 - - [01/Jan/2023:09:23:20 +0800] "GET /xingrg/all/function/internal_message.html?_=1672536224867&CODE_STATE=getMsg HTTP/1.1" 200 27
116.238.139.35 - - [01/Jan/2023:09:23:20 +0800] "GET /xingrg/kc/base/check_order_info.html?code=452022123100201 HTTP/1.1" 200 26444
114.84.81.136 - - [01/Jan/2023:09:23:20 +0800] "GET /xingrg/all/function/internal_message.html?_=1672536225778&CODE_STATE=getMsg HTTP/1.1" 200 27
116.238.139.35 - - [01/Jan/2023:09:23:20 +0800] "GET /xingrg/dwr/interface/AjaxComOrderService.js HTTP/1.1" 200 18264
116.238.139.35 - - [01/Jan/2023:09:23:20 +0800] "GET /xingrg/dwr/interface/AjaxCheckService.js HTTP/1.1" 200 14003
116.238.139.35 - - [01/Jan/2023:09:23:20 +0800] "GET /xingrg/dwr/engine.js HTTP/1.1" 200 43631
116.238.139.35 - - [01/Jan/2023:09:23:21 +0800] "POST /xingrg/dwr/call/plaincall/AjaxCheckService.loadOrderItems.dwr HTTP/1.1" 200 30582
114.88.159.190 - - [01/Jan/2023:09:23:21 +0800] "POST /xingrg/dwr/call/plaincall/AjaxCheckService.setItemNumber.dwr HTTP/1.1" 200 77
120.253.135.82 - - [01/Jan/2023:09:23:22 +0800] "GET /xingrg/all/function/internal_message.html?_=1672535686079&CODE_STATE=getMsg HTTP/1.1" 302 -
114.88.159.190 - - [01/Jan/2023:09:23:23 +0800] "POST /xingrg/dwr/call/plaincall/AjaxCheckService.setItemNumber.dwr HTTP/1.1" 200 77
222.70.177.10 - - [01/Jan/2023:09:23:23 +0800] "POST /xingrg/kc/buy/cgsh_list_operate.html HTTP/1.1" 200 986
222.70.177.10 - - [01/Jan/2023:09:23:23 +0800] "GET /xingrg/all/function/internal_message.html?_=1672536225295&CODE_STATE=getMsg HTTP/1.1" 200 27
114.88.159.190 - - [01/Jan/2023:09:23:25 +0800] "POST /xingrg/dwr/call/plaincall/AjaxCheckService.setItemNumber.dwr HTTP/1.1" 200 77
116.238.139.35 - - [01/Jan/2023:09:23:26 +0800] "POST /xingrg/dwr/call/plaincall/AjaxCheckService.setItemNumber.dwr HTTP/1.1" 200 76
114.88.159.190 - - [01/Jan/2023:09:23:26 +0800] "POST /xingrg/dwr/call/plaincall/AjaxCheckService.setItemNumber.dwr HTTP/1.1" 200 77
116.238.139.35 - - [01/Jan/2023:09:23:27 +0800] "POST /xingrg/dwr/call/plaincall/AjaxCheckService.setItemNumber.dwr HTTP/1.1" 200 76
116.238.139.35 - - [01/Jan/2023:09:23:28 +0800] "POST /xingrg/dwr/call/plaincall/AjaxCheckService.setItemNumber.dwr HTTP/1.1" 200 76
114.88.159.190 - - [01/Jan/2023:09:23:30 +0800] "POST /xingrg/dwr/call/plaincall/AjaxCheckService.setItemNumber.dwr HTTP/1.1" 200 77
116.238.139.35 - - [01/Jan/2023:09:23:30 +0800] "POST /xingrg/dwr/call/plaincall/AjaxCheckService.setItemNumber.dwr HTTP/1.1" 200 76
114.84.81.136 - - [01/Jan/2023:09:23:30 +0800] "POST /xingrg/dwr/call/plaincall/AjaxCheckService.setItemNumber.dwr HTTP/1.1" 200 77
116.238.139.35 - - [01/Jan/2023:09:23:31 +0800] "POST /xingrg/dwr/call/plaincall/AjaxCheckService.setItemNumber.dwr HTTP/1.1" 200 76
114.88.159.190 - - [01/Jan/2023:09:23:31 +0800] "POST /xingrg/dwr/call/plaincall/AjaxCheckService.setItemNumber.dwr HTTP/1.1" 200 77
222.69.192.184 - - [01/Jan/2023:09:23:31 +0800] "GET /xingrg/kc/buy/cgsh_order_operate.html?command=get_materiel&rest_code=00105&code=00101008055&supplier_code=00100203&order_time=2023-01-01 HTTP/1.1" 200 409
116.238.139.35 - - [01/Jan/2023:09:23:32 +0800] "POST /xingrg/dwr/call/plaincall/AjaxCheckService.setItemNumber.dwr HTTP/1.1" 200 76
116.238.139.35 - - [01/Jan/2023:09:23:32 +0800] "POST /xingrg/dwr/call/plaincall/AjaxCheckService.setItemNumber.dwr HTTP/1.1" 200 76
114.88.159.190 - - [01/Jan/2023:09:23:33 +0800] "POST /xingrg/dwr/call/plaincall/AjaxCheckService.setItemNumber.dwr HTTP/1.1" 200 77
116.238.139.35 - - [01/Jan/2023:09:23:33 +0800] "POST /xingrg/dwr/call/plaincall/AjaxCheckService.setItemNumber.dwr HTTP/1.1" 200 76
114.88.159.190 - - [01/Jan/2023:09:23:34 +0800] "POST /xingrg/dwr/call/plaincall/AjaxCheckService.setItemNumber.dwr HTTP/1.1" 200 77
114.84.38.109 - - [01/Jan/2023:09:23:34 +0800] "GET /xingrg/check_reg.html?_=1672536265353 HTTP/1.1" 200 22
114.88.159.190 - - [01/Jan/2023:09:23:34 +0800] "POST /xingrg/dwr/call/plaincall/AjaxCheckService.setItemNumber.dwr HTTP/1.1" 200 77
114.88.159.190 - - [01/Jan/2023:09:23:35 +0800] "POST /xingrg/dwr/call/plaincall/AjaxCheckService.setItemNumber.dwr HTTP/1.1" 200 77
114.88.159.190 - - [01/Jan/2023:09:23:35 +0800] "POST /xingrg/dwr/call/plaincall/AjaxCheckService.setItemNumber.dwr HTTP/1.1" 200 77
114.88.159.190 - - [01/Jan/2023:09:23:36 +0800] "POST /xingrg/dwr/call/plaincall/AjaxCheckService.setItemNumber.dwr HTTP/1.1" 200 77
114.84.38.109 - - [01/Jan/2023:09:23:36 +0800] "GET /xingrg/all/function/internal_message.html?_=1672536267348&CODE_STATE=getMsg HTTP/1.1" 200 27
114.84.81.136 - - [01/Jan/2023:09:23:39 +0800] "POST /xingrg/dwr/call/plaincall/AjaxCheckService.checkOrder.dwr HTTP/1.1" 200 79
114.88.159.190 - - [01/Jan/2023:09:23:39 +0800] "POST /xingrg/dwr/call/plaincall/AjaxCheckService.setItemNumber.dwr HTTP/1.1" 200 77
114.88.159.190 - - [01/Jan/2023:09:23:39 +0800] "POST /xingrg/dwr/call/plaincall/AjaxCheckService.setItemNumber.dwr HTTP/1.1" 200 77
114.88.159.190 - - [01/Jan/2023:09:23:39 +0800] "POST /xingrg/dwr/call/plaincall/AjaxCheckService.setItemNumber.dwr HTTP/1.1" 200 77
114.88.159.190 - - [01/Jan/2023:09:23:39 +0800] "POST /xingrg/dwr/call/plaincall/AjaxCheckService.setItemNumber.dwr HTTP/1.1" 200 77
114.88.159.190 - - [01/Jan/2023:09:23:39 +0800] "POST /xingrg/dwr/call/plaincall/AjaxCheckService.setItemNumber.dwr HTTP/1.1" 200 77
116.238.139.35 - - [01/Jan/2023:09:23:39 +0800] "POST /xingrg/dwr/call/plaincall/AjaxCheckService.setItemNumber.dwr HTTP/1.1" 200 76
114.84.81.136 - - [01/Jan/2023:09:23:40 +0800] "GET /xingrg/kc/base/check_order_info.html?code=452022123100276 HTTP/1.1" 200 22854
114.84.81.136 - - [01/Jan/2023:09:23:40 +0800] "GET /xingrg/dwr/interface/AjaxComOrderService.js HTTP/1.1" 200 18264
114.84.81.136 - - [01/Jan/2023:09:23:40 +0800] "GET /xingrg/dwr/interface/AjaxCheckService.js HTTP/1.1" 200 14003
114.84.81.136 - - [01/Jan/2023:09:23:40 +0800] "GET /xingrg/dwr/engine.js HTTP/1.1" 200 43631
114.84.81.136 - - [01/Jan/2023:09:23:40 +0800] "POST /xingrg/dwr/call/plaincall/AjaxCheckService.loadOrderItems.dwr HTTP/1.1" 200 5777
116.238.139.35 - - [01/Jan/2023:09:23:41 +0800] "POST /xingrg/dwr/call/plaincall/AjaxCheckService.setItemNumber.dwr HTTP/1.1" 200 77
222.69.192.184 - - [01/Jan/2023:09:23:41 +0800] "GET /xingrg/all/function/internal_message.html?_=1672536246706&CODE_STATE=getMsg HTTP/1.1" 200 27
114.84.38.109 - - [01/Jan/2023:09:23:42 +0800] "POST /xingrg/dwr/call/plaincall/AjaxCheckService.setItemNumber.dwr HTTP/1.1" 200 77
114.88.159.190 - - [01/Jan/2023:09:23:43 +0800] "POST /xingrg/dwr/call/plaincall/AjaxCheckService.setItemNumber.dwr HTTP/1.1" 200 77
116.238.139.35 - - [01/Jan/2023:09:23:43 +0800] "POST /xingrg/dwr/call/plaincall/AjaxCheckService.setItemNumber.dwr HTTP/1.1" 200 77
114.88.159.190 - - [01/Jan/2023:09:23:44 +0800] "POST /xingrg/dwr/call/plaincall/AjaxCheckService.setItemNumber.dwr HTTP/1.1" 200 77
116.230.105.139 - - [01/Jan/2023:09:23:44 +0800] "GET /xingrg/all/function/internal_message.html?_=1672536209075&CODE_STATE=getMsg HTTP/1.1" 200 27
114.84.81.136 - - [01/Jan/2023:09:23:44 +0800] "POST /xingrg/kc/base/check_list_operate.html HTTP/1.1" 200 3876
114.88.159.190 - - [01/Jan/2023:09:23:44 +0800] "POST /xingrg/dwr/call/plaincall/AjaxCheckService.setItemNumber.dwr HTTP/1.1" 200 77
116.238.139.35 - - [01/Jan/2023:09:23:45 +0800] "POST /xingrg/dwr/call/plaincall/AjaxCheckService.setItemNumber.dwr HTTP/1.1" 200 77
114.88.159.190 - - [01/Jan/2023:09:23:45 +0800] "POST /xingrg/dwr/call/plaincall/AjaxCheckService.setItemNumber.dwr HTTP/1.1" 200 77
222.69.192.184 - - [01/Jan/2023:09:23:46 +0800] "GET /xingrg/kc/buy/cgsh_order_operate.html?command=get_materiel&rest_code=00105&code=00101008080&supplier_code=00100203&order_time=2023-01-01 HTTP/1.1" 200 416
116.238.139.35 - - [01/Jan/2023:09:23:47 +0800] "POST /xingrg/dwr/call/plaincall/AjaxCheckService.setItemNumber.dwr HTTP/1.1" 200 77
114.84.38.109 - - [01/Jan/2023:09:23:47 +0800] "POST /xingrg/dwr/call/plaincall/AjaxCheckService.setItemNumber.dwr HTTP/1.1" 200 77
114.84.38.109 - - [01/Jan/2023:09:23:48 +0800] "POST /xingrg/dwr/call/plaincall/AjaxCheckService.setItemNumber.dwr HTTP/1.1" 200 77
116.238.139.35 - - [01/Jan/2023:09:23:48 +0800] "POST /xingrg/dwr/call/plaincall/AjaxCheckService.setItemNumber.dwr HTTP/1.1" 200 77
116.238.139.35 - - [01/Jan/2023:09:23:50 +0800] "POST /xingrg/dwr/call/plaincall/AjaxCheckService.setItemNumber.dwr HTTP/1.1" 200 77
114.84.81.136 - - [01/Jan/2023:09:23:52 +0800] "GET /xingrg/kc/base/check_order_info.html?code=452022123100268 HTTP/1.1" 200 26514
114.84.81.136 - - [01/Jan/2023:09:23:52 +0800] "GET /xingrg/dwr/interface/AjaxCheckService.js HTTP/1.1" 200 14003
114.84.81.136 - - [01/Jan/2023:09:23:52 +0800] "GET /xingrg/dwr/interface/AjaxComOrderService.js HTTP/1.1" 200 18264
114.84.81.136 - - [01/Jan/2023:09:23:52 +0800] "GET /xingrg/dwr/engine.js HTTP/1.1" 200 43631
114.88.159.190 - - [01/Jan/2023:09:23:53 +0800] "POST /xingrg/dwr/call/plaincall/AjaxCheckService.checkOrder.dwr HTTP/1.1" 200 79
114.84.38.109 - - [01/Jan/2023:09:23:53 +0800] "POST /xingrg/dwr/call/plaincall/AjaxCheckService.setItemNumber.dwr HTTP/1.1" 200 77
114.84.38.109 - - [01/Jan/2023:09:23:53 +0800] "POST /xingrg/dwr/call/plaincall/AjaxCheckService.setItemNumber.dwr HTTP/1.1" 200 77
114.84.38.109 - - [01/Jan/2023:09:23:53 +0800] "POST /xingrg/dwr/call/plaincall/AjaxCheckService.setItemNumber.dwr HTTP/1.1" 200 77
114.84.81.136 - - [01/Jan/2023:09:23:53 +0800] "POST /xingrg/dwr/call/plaincall/AjaxCheckService.loadOrderItems.dwr HTTP/1.1" 200 45341
116.238.139.35 - - [01/Jan/2023:09:23:53 +0800] "POST /xingrg/dwr/call/plaincall/AjaxCheckService.setItemNumber.dwr HTTP/1.1" 200 77
114.84.38.109 - - [01/Jan/2023:09:23:54 +0800] "POST /xingrg/dwr/call/plaincall/AjaxCheckService.setItemNumber.dwr HTTP/1.1" 200 77
114.84.38.109 - - [01/Jan/2023:09:23:55 +0800] "POST /xingrg/dwr/call/plaincall/AjaxCheckService.setItemNumber.dwr HTTP/1.1" 200 77
114.88.159.190 - - [01/Jan/2023:09:23:55 +0800] "GET /xingrg/kc/base/check_order_info.html?code=452022123100174 HTTP/1.1" 200 22860
114.88.159.190 - - [01/Jan/2023:09:23:55 +0800] "GET /xingrg/dwr/interface/AjaxComOrderService.js HTTP/1.1" 200 18264
114.88.159.190 - - [01/Jan/2023:09:23:55 +0800] "GET /xingrg/dwr/interface/AjaxCheckService.js HTTP/1.1" 200 14003
114.88.159.190 - - [01/Jan/2023:09:23:55 +0800] "GET /xingrg/dwr/engine.js HTTP/1.1" 200 43631
222.69.192.184 - - [01/Jan/2023:09:23:55 +0800] "GET /xingrg/kc/buy/cgsh_order_operate.html?command=get_materiel&rest_code=00105&code=00101008244&supplier_code=00100203&order_time=2023-01-01 HTTP/1.1" 200 408
114.88.159.190 - - [01/Jan/2023:09:23:55 +0800] "POST /xingrg/dwr/call/plaincall/AjaxCheckService.loadOrderItems.dwr HTTP/1.1" 200 14404
180.169.147.146 - - [01/Jan/2023:09:23:56 +0800] "GET /xingrg/index.html?sysBaseUrl=http%3A%2F%2F180.169.147.146%3A18081%2Fxingrg%2F&costTime=39×tamp=1592034574635 HTTP/1.1" 200 17503
180.169.147.146 - - [01/Jan/2023:09:23:56 +0800] "GET /favicon.ico HTTP/1.1" 404 -
180.169.147.146 - - [01/Jan/2023:09:23:56 +0800] "POST /xingrg/all/common/load_tree.html?tree=area_rest_tree_json&manage=1 HTTP/1.1" 200 3499
180.169.147.146 - - [01/Jan/2023:09:23:56 +0800] "GET /xingrg/check_reg.html?_=1672536260694 HTTP/1.1" 200 22
180.169.147.146 - - [01/Jan/2023:09:23:56 +0800] "GET /xingrg/all/function/internal_message.html?_=1672536260693&CODE_STATE=count HTTP/1.1" 200 11
180.169.147.146 - - [01/Jan/2023:09:23:56 +0800] "POST /xingrg/load_menu.html HTTP/1.1" 200 11564
114.84.38.109 - - [01/Jan/2023:09:23:56 +0800] "POST /xingrg/dwr/call/plaincall/AjaxCheckService.setItemNumber.dwr HTTP/1.1" 200 77
116.238.139.35 - - [01/Jan/2023:09:23:57 +0800] "POST /xingrg/dwr/call/plaincall/AjaxCheckService.setItemNumber.dwr HTTP/1.1" 200 77
114.84.38.109 - - [01/Jan/2023:09:23:57 +0800] "POST /xingrg/dwr/call/plaincall/AjaxCheckService.setItemNumber.dwr HTTP/1.1" 200 77
114.84.38.109 - - [01/Jan/2023:09:23:58 +0800] "POST /xingrg/dwr/call/plaincall/AjaxCheckService.setItemNumber.dwr HTTP/1.1" 200 77
114.84.81.136 - - [01/Jan/2023:09:23:58 +0800] "POST /xingrg/dwr/call/plaincall/AjaxCheckService.setItemNumber.dwr HTTP/1.1" 200 76
114.84.38.109 - - [01/Jan/2023:09:23:59 +0800] "POST /xingrg/dwr/call/plaincall/AjaxCheckService.setItemNumber.dwr HTTP/1.1" 200 77
114.88.159.190 - - [01/Jan/2023:09:23:59 +0800] "GET /xingrg/kc/base/base_main.html HTTP/1.1" 200 12142
114.84.38.109 - - [01/Jan/2023:09:24:00 +0800] "POST /xingrg/dwr/call/plaincall/AjaxCheckService.setItemNumber.dwr HTTP/1.1" 200 77
114.84.38.109 - - [01/Jan/2023:09:24:01 +0800] "POST /xingrg/dwr/call/plaincall/AjaxCheckService.setItemNumber.dwr HTTP/1.1" 200 77
120.253.135.82 - - [01/Jan/2023:09:24:01 +0800] "POST /xingrg/kc/buy/cgsh_order_operate.html HTTP/1.1" 200 37
114.88.159.190 - - [01/Jan/2023:09:24:01 +0800] "GET /xingrg/kc/base/check_order_list.html HTTP/1.1" 200 16226
114.88.159.190 - - [01/Jan/2023:09:24:02 +0800] "POST /xingrg/kc/base/check_list_operate.html HTTP/1.1" 200 2925
222.69.192.184 - - [01/Jan/2023:09:24:04 +0800] "GET /xingrg/all/function/internal_message.html?_=1672536113373&CODE_STATE=getMsg HTTP/1.1" 200 27
114.84.38.109 - - [01/Jan/2023:09:24:04 +0800] "POST /xingrg/dwr/call/plaincall/AjaxCheckService.setItemNumber.dwr HTTP/1.1" 200 77
120.253.135.82 - - [01/Jan/2023:09:24:05 +0800] "POST /xingrg/kc/buy/cgsh_order_operate.html HTTP/1.1" 200 12
114.88.159.190 - - [01/Jan/2023:09:24:06 +0800] "GET /xingrg/kc/base/check_order_info.html?code=452022123100139 HTTP/1.1" 200 26480
114.88.159.190 - - [01/Jan/2023:09:24:06 +0800] "GET /xingrg/dwr/interface/AjaxCheckService.js HTTP/1.1" 200 14003
114.88.159.190 - - [01/Jan/2023:09:24:06 +0800] "GET /xingrg/dwr/interface/AjaxComOrderService.js HTTP/1.1" 200 18264
114.88.159.190 - - [01/Jan/2023:09:24:06 +0800] "GET /xingrg/dwr/engine.js HTTP/1.1" 200 43631
114.88.159.190 - - [01/Jan/2023:09:24:06 +0800] "POST /xingrg/dwr/call/plaincall/AjaxCheckService.loadOrderItems.dwr HTTP/1.1" 200 78213
114.84.38.109 - - [01/Jan/2023:09:24:07 +0800] "POST /xingrg/dwr/call/plaincall/AjaxCheckService.setItemNumber.dwr HTTP/1.1" 200 77
120.253.135.82 - - [01/Jan/2023:09:24:07 +0800] "GET /xingrg/kc/buy/cgsh_order_info.html?code=212023010100010 HTTP/1.1" 200 63826
116.238.139.35 - - [01/Jan/2023:09:24:08 +0800] "GET /xingrg/all/function/internal_message.html?_=1672536273639&CODE_STATE=getMsg HTTP/1.1" 200 27
120.253.135.82 - - [01/Jan/2023:09:24:08 +0800] "GET /xingrg/javascript/easyui/themes/default/validatebox.css HTTP/1.1" 404 1104
120.253.135.82 - - [01/Jan/2023:09:24:09 +0800] "POST /xingrg/kc/buy/cgsh_order_operate.html HTTP/1.1" 200 652
114.84.38.109 - - [01/Jan/2023:09:24:09 +0800] "POST /xingrg/dwr/call/plaincall/AjaxCheckService.setItemNumber.dwr HTTP/1.1" 200 77
222.69.192.184 - - [01/Jan/2023:09:24:09 +0800] "GET /xingrg/kc/buy/cgsh_order_operate.html?command=get_materiel&rest_code=00105&code=00101008351&supplier_code=00100203&order_time=2023-01-01 HTTP/1.1" 200 408
114.84.38.109 - - [01/Jan/2023:09:24:11 +0800] "POST /xingrg/dwr/call/plaincall/AjaxCheckService.setItemNumber.dwr HTTP/1.1" 200 77
116.192.124.172 - - [01/Jan/2023:09:24:11 +0800] "GET /xingrg/all/function/internal_message.html?_=1672536276787&CODE_STATE=getMsg HTTP/1.1" 200 27
114.84.38.109 - - [01/Jan/2023:09:24:11 +0800] "POST /xingrg/dwr/call/plaincall/AjaxCheckService.setItemNumber.dwr HTTP/1.1" 200 77
114.84.38.109 - - [01/Jan/2023:09:24:12 +0800] "POST /xingrg/dwr/call/plaincall/AjaxCheckService.setItemNumber.dwr HTTP/1.1" 200 77
114.84.81.136 - - [01/Jan/2023:09:24:13 +0800] "POST /xingrg/dwr/call/plaincall/AjaxCheckService.setItemRemark.dwr HTTP/1.1" 200 76
120.253.135.82 - - [01/Jan/2023:09:24:13 +0800] "POST /xingrg/kc/buy/cgsh_list_operate.html HTTP/1.1" 200 986
114.88.159.190 - - [01/Jan/2023:09:24:14 +0800] "GET /xingrg/check_reg.html?_=1672535866922 HTTP/1.1" 200 22
114.88.159.190 - - [01/Jan/2023:09:24:14 +0800] "GET /xingrg/all/function/internal_message.html?_=1672535867384&CODE_STATE=getMsg HTTP/1.1" 200 27
114.84.38.109 - - [01/Jan/2023:09:24:15 +0800] "POST /xingrg/dwr/call/plaincall/AjaxCheckService.setItemNumber.dwr HTTP/1.1" 200 77
114.84.38.109 - - [01/Jan/2023:09:24:16 +0800] "POST /xingrg/dwr/call/plaincall/AjaxCheckService.setItemNumber.dwr HTTP/1.1" 200 77
180.169.147.146 - - [01/Jan/2023:09:24:16 +0800] "GET /favicon.ico HTTP/1.1" 404 -
114.84.81.136 - - [01/Jan/2023:09:24:16 +0800] "POST /xingrg/dwr/call/plaincall/AjaxCheckService.setItemNumber.dwr HTTP/1.1" 200 76
114.84.38.109 - - [01/Jan/2023:09:24:16 +0800] "POST /xingrg/dwr/call/plaincall/AjaxCheckService.setItemNumber.dwr HTTP/1.1" 200 77
114.84.38.109 - - [01/Jan/2023:09:24:17 +0800] "POST /xingrg/dwr/call/plaincall/AjaxCheckService.setItemNumber.dwr HTTP/1.1" 200 77
222.69.192.184 - - [01/Jan/2023:09:24:17 +0800] "GET /xingrg/kc/buy/cgsh_order_operate.html?command=get_materiel&rest_code=00105&code=00101008186&supplier_code=00100203&order_time=2023-01-01 HTTP/1.1" 200 408
114.84.38.109 - - [01/Jan/2023:09:24:18 +0800] "POST /xingrg/dwr/call/plaincall/AjaxCheckService.setItemNumber.dwr HTTP/1.1" 200 77
120.253.135.82 - - [01/Jan/2023:09:24:18 +0800] "GET /xingrg/all/function/internal_message.html?_=1672536093397&CODE_STATE=getMsg HTTP/1.1" 200 27
114.84.38.109 - - [01/Jan/2023:09:24:19 +0800] "POST /xingrg/dwr/call/plaincall/AjaxCheckService.setItemNumber.dwr HTTP/1.1" 200 77
114.84.81.136 - - [01/Jan/2023:09:24:20 +0800] "GET /xingrg/all/function/internal_message.html?_=1672536285762&CODE_STATE=getMsg HTTP/1.1" 200 27
120.253.135.82 - - [01/Jan/2023:09:24:22 +0800] "GET /xingrg/all/function/internal_message.html?_=1672535746068&CODE_STATE=getMsg HTTP/1.1" 302 -
120.253.135.82 - - [01/Jan/2023:09:24:23 +0800] "POST /xingrg/kc/buy/cgsh_list_operate.html HTTP/1.1" 200 986
120.253.135.82 - - [01/Jan/2023:09:24:23 +0800] "POST /xingrg/kc/buy/cgsh_list_operate.html HTTP/1.1" 200 986
222.70.177.10 - - [01/Jan/2023:09:24:23 +0800] "GET /xingrg/all/function/internal_message.html?_=1672536285292&CODE_STATE=getMsg HTTP/1.1" 200 27
120.253.135.82 - - [01/Jan/2023:09:24:26 +0800] "GET /xingrg/kc/pszx/mdqp_order_list.html?state=10 HTTP/1.1" 200 10709
120.253.135.82 - - [01/Jan/2023:09:24:26 +0800] "GET /xingrg/dwr/interface/AjaxReportQueryService.js HTTP/1.1" 200 13203
120.253.135.82 - - [01/Jan/2023:09:24:26 +0800] "GET /xingrg/dwr/interface/AjaxQqpsService.js HTTP/1.1" 200 16326
120.253.135.82 - - [01/Jan/2023:09:24:26 +0800] "GET /xingrg/dwr/engine.js HTTP/1.1" 200 43631
222.69.192.184 - - [01/Jan/2023:09:24:27 +0800] "GET /xingrg/kc/buy/cgsh_order_operate.html?command=get_materiel&rest_code=00105&code=00101008403&supplier_code=00100203&order_time=2023-01-01 HTTP/1.1" 200 412
114.84.38.109 - - [01/Jan/2023:09:24:28 +0800] "POST /xingrg/dwr/call/plaincall/AjaxCheckService.setItemNumber.dwr HTTP/1.1" 200 77
120.253.135.82 - - [01/Jan/2023:09:24:29 +0800] "GET /xingrg/kc/pszx/mdqp_order_info.html?code=302023010100001 HTTP/1.1" 200 13338
120.253.135.82 - - [01/Jan/2023:09:24:29 +0800] "GET /xingrg/dwr/interface/AjaxQqpsService.js HTTP/1.1" 200 16326
120.253.135.82 - - [01/Jan/2023:09:24:29 +0800] "GET /xingrg/dwr/interface/AjaxComOrderService.js HTTP/1.1" 200 18264
120.253.135.82 - - [01/Jan/2023:09:24:29 +0800] "GET /xingrg/dwr/engine.js HTTP/1.1" 200 43631
114.84.38.109 - - [01/Jan/2023:09:24:30 +0800] "POST /xingrg/dwr/call/plaincall/AjaxCheckService.setItemNumber.dwr HTTP/1.1" 200 77
120.253.135.82 - - [01/Jan/2023:09:24:30 +0800] "POST /xingrg/dwr/call/plaincall/AjaxQqpsService.loadMaterielItems.dwr HTTP/1.1" 200 399
114.84.38.109 - - [01/Jan/2023:09:24:31 +0800] "POST /xingrg/dwr/call/plaincall/AjaxCheckService.setItemNumber.dwr HTTP/1.1" 200 77
114.84.38.109 - - [01/Jan/2023:09:24:33 +0800] "POST /xingrg/dwr/call/plaincall/AjaxCheckService.setItemNumber.dwr HTTP/1.1" 200 77
114.84.38.109 - - [01/Jan/2023:09:24:33 +0800] "POST /xingrg/dwr/call/plaincall/AjaxCheckService.setItemNumber.dwr HTTP/1.1" 200 77
114.84.81.136 - - [01/Jan/2023:09:24:34 +0800] "POST /xingrg/dwr/call/plaincall/AjaxCheckService.setItemNumber.dwr HTTP/1.1" 200 76
