222.64.58.78 - - [01/Jan/2023:11:01:23 +0800] "GET /xingrg/dwr/interface/AjaxReportQueryService.js HTTP/1.1" 200 13203
222.64.58.78 - - [01/Jan/2023:11:01:23 +0800] "GET /xingrg/javascript/calendar/jquery.timePicker.min.js HTTP/1.1" 200 2997
222.64.58.78 - - [01/Jan/2023:11:01:23 +0800] "GET /xingrg/all/report/report_query.html?fileName=dma/new_5.0/menu/menu_category_hz.xml HTTP/1.1" 200 53064
222.64.58.78 - - [01/Jan/2023:11:01:23 +0800] "GET /xingrg/javascript/jqueryMultiSelect.js HTTP/1.1" 200 11866
222.64.58.78 - - [01/Jan/2023:11:01:23 +0800] "GET /xingrg/javascript/bigrid/fix.js HTTP/1.1" 200 6439
222.64.58.78 - - [01/Jan/2023:11:01:23 +0800] "GET /xingrg/dwr/util.js HTTP/1.1" 200 35990
222.64.58.78 - - [01/Jan/2023:11:01:23 +0800] "GET /xingrg/javascript/Calendar.js HTTP/1.1" 200 31561
222.64.58.78 - - [01/Jan/2023:11:01:23 +0800] "GET /xingrg/dwr/engine.js HTTP/1.1" 200 43631
116.230.105.139 - - [01/Jan/2023:11:01:23 +0800] "GET /xingrg/kc/buy/cgsh_order_operate.html?command=get_materiel&rest_code=00107&code=00101007206&supplier_code=00100325&order_time=2023-01-01 HTTP/1.1" 200 405
222.64.58.78 - - [01/Jan/2023:11:01:23 +0800] "GET /xingrg/images/blue/button/advanceover.gif HTTP/1.1" 200 1347
222.64.58.78 - - [01/Jan/2023:11:01:23 +0800] "GET /xingrg/images/blue/button/backover.gif HTTP/1.1" 200 1348
222.64.58.78 - - [01/Jan/2023:11:01:23 +0800] "GET /xingrg/images/blue/button/advance2over.gif HTTP/1.1" 200 1336
222.64.58.78 - - [01/Jan/2023:11:01:23 +0800] "GET /xingrg/images/blue/button/back2over.gif HTTP/1.1" 200 1335
222.64.58.78 - - [01/Jan/2023:11:01:23 +0800] "GET /xingrg/javascript/jquery_easy_ui/themes/icons/help.png HTTP/1.1" 200 1187
222.69.192.184 - - [01/Jan/2023:11:01:23 +0800] "GET /xingrg/kc/buy/cgsh_order_operate.html?command=get_materiel&rest_code=00105&code=00101010161&supplier_code=00100334&order_time=2023-01-01 HTTP/1.1" 200 409
222.64.58.78 - - [01/Jan/2023:11:01:23 +0800] "GET /xingrg/images/control/loading.gif HTTP/1.1" 200 13463
222.69.192.184 - - [01/Jan/2023:11:01:23 +0800] "GET /xingrg/javascript/easyui/themes/default/validatebox.css HTTP/1.1" 404 1104
222.64.58.78 - - [01/Jan/2023:11:01:23 +0800] "GET /xingrg/javascript/jquery_easy_ui/themes/default/images/menu_downarrow.png HTTP/1.1" 200 173
222.64.58.78 - - [01/Jan/2023:11:01:23 +0800] "GET /xingrg/javascript/jquery_easy_ui/themes/default/images/button_a_bg.gif HTTP/1.1" 200 1194
222.64.58.78 - - [01/Jan/2023:11:01:23 +0800] "GET /xingrg/javascript/jquery_easy_ui/themes/default/images/menu.gif HTTP/1.1" 200 834
222.64.58.78 - - [01/Jan/2023:11:01:23 +0800] "GET /xingrg/javascript/jquery_easy_ui/themes/icons/pencil.png HTTP/1.1" 200 713
222.64.58.78 - - [01/Jan/2023:11:01:23 +0800] "GET /xingrg/javascript/jquery_easy_ui/themes/icons/print.png HTTP/1.1" 200 1057
222.64.58.78 - - [01/Jan/2023:11:01:23 +0800] "POST /xingrg/dwr/call/plaincall/AjaxReportQueryService.getFixDate.dwr HTTP/1.1" 200 111
222.69.192.184 - - [01/Jan/2023:11:01:23 +0800] "POST /xingrg/kc/base/wldb_order_operate.html HTTP/1.1" 200 3153
222.64.58.78 - - [01/Jan/2023:11:01:23 +0800] "GET /xingrg/javascript/jquery_easy_ui/themes/default/images/menu_rightarrow.png HTTP/1.1" 200 3617
222.64.58.78 - - [01/Jan/2023:11:01:23 +0800] "GET /xingrg/javascript/jquery_easy_ui/themes/default/images/combo_arrow_dot.gif HTTP/1.1" 200 79
222.64.58.78 - - [01/Jan/2023:11:01:23 +0800] "GET /xingrg/javascript/multi_select/dropdown.gif HTTP/1.1" 200 61
222.64.58.78 - - [01/Jan/2023:11:01:23 +0800] "POST /xingrg/all/common/load_tree.html?tree=area_station_tree_json&manage=1 HTTP/1.1" 200 3391
114.84.38.109 - - [01/Jan/2023:11:01:23 +0800] "POST /xingrg/dwr/call/plaincall/AjaxCheckService.setItemNumber.dwr HTTP/1.1" 200 77
222.64.58.78 - - [01/Jan/2023:11:01:24 +0800] "GET /xingrg/javascript/jquery_easy_ui/themes/icons/rest.png HTTP/1.1" 200 695
114.88.159.190 - - [01/Jan/2023:11:01:24 +0800] "POST /xingrg/login.do HTTP/1.1" 302 -
114.88.159.190 - - [01/Jan/2023:11:01:24 +0800] "GET /xingrg/javascript/jquery_easy_ui/themes/icon.css HTTP/1.1" 200 3949
114.88.159.190 - - [01/Jan/2023:11:01:24 +0800] "GET /xingrg/css/form.css HTTP/1.1" 200 893
114.88.159.190 - - [01/Jan/2023:11:01:24 +0800] "GET /favicon.ico HTTP/1.1" 404 -
114.88.159.190 - - [01/Jan/2023:11:01:24 +0800] "GET /xingrg/index.html?sysBaseUrl=http%3A%2F%2F180.169.147.146%3A18081%2Fxingrg%2F&costTime=40×tamp=1672542084183 HTTP/1.1" 200 17503
114.88.159.190 - - [01/Jan/2023:11:01:24 +0800] "GET /xingrg/javascript/jquery_easy_ui/easyui-lang-zh_CN.js HTTP/1.1" 200 1900
114.88.159.190 - - [01/Jan/2023:11:01:24 +0800] "GET /xingrg/javascript/jquery-1.4.2.min.js HTTP/1.1" 200 72205
114.88.159.190 - - [01/Jan/2023:11:01:24 +0800] "GET /xingrg/javascript/jquery_easy_ui/jquery.easyui.min.js HTTP/1.1" 200 213662
114.88.159.190 - - [01/Jan/2023:11:01:24 +0800] "GET /xingrg/javascript/jquery.timers.js HTTP/1.1" 200 3532
114.88.159.190 - - [01/Jan/2023:11:01:24 +0800] "GET /xingrg/javascript/jquery.utils.js HTTP/1.1" 200 11805
114.88.159.190 - - [01/Jan/2023:11:01:24 +0800] "GET /xingrg/javascript/jquery_easy_ui/themes/default/easyui.css HTTP/1.1" 200 26500
114.88.159.190 - - [01/Jan/2023:11:01:24 +0800] "GET /xingrg/javascript/jquery.form.js HTTP/1.1" 200 23110
222.64.58.78 - - [01/Jan/2023:11:01:24 +0800] "GET /xingrg/javascript/jquery_easy_ui/themes/icons/area.png HTTP/1.1" 200 262
222.64.58.78 - - [01/Jan/2023:11:01:24 +0800] "GET /xingrg/javascript/jquery_easy_ui/themes/icons/manage.png HTTP/1.1" 200 696
120.253.135.82 - - [01/Jan/2023:11:01:25 +0800] "POST /xingrg/kc/pszx/mdps_order_operate.html HTTP/1.1" 200 37
222.64.58.78 - - [01/Jan/2023:11:01:25 +0800] "GET /xingrg/dwr/interface/AjaxReportQueryService.js HTTP/1.1" 200 13203
222.64.58.78 - - [01/Jan/2023:11:01:25 +0800] "GET /xingrg/all/report/report_query.html?fileName=dma/new_5.0/menu/menu_stca_hz.xml HTTP/1.1" 200 51418
114.84.38.109 - - [01/Jan/2023:11:01:25 +0800] "POST /xingrg/dwr/call/plaincall/AjaxCheckService.setItemNumber.dwr HTTP/1.1" 200 77
222.64.58.78 - - [01/Jan/2023:11:01:25 +0800] "GET /xingrg/dwr/engine.js HTTP/1.1" 200 43631
222.64.58.78 - - [01/Jan/2023:11:01:25 +0800] "POST /xingrg/dwr/call/plaincall/AjaxReportQueryService.getFixDate.dwr HTTP/1.1" 200 111
222.64.58.78 - - [01/Jan/2023:11:01:26 +0800] "POST /xingrg/all/common/load_tree.html?tree=area_station_tree_json&manage=1 HTTP/1.1" 200 3391
222.64.58.78 - - [01/Jan/2023:11:01:26 +0800] "GET /xingrg/javascript/jquery_easy_ui/themes/default/images/tree_checkbox_0.gif HTTP/1.1" 200 168
120.253.135.82 - - [01/Jan/2023:11:01:26 +0800] "GET /xingrg/kc/pszx/mdps_order_info.html?code=312023010100010 HTTP/1.1" 200 23972
114.88.159.190 - - [01/Jan/2023:11:01:26 +0800] "GET /xingrg/javascript/jquery_easy_ui/themes/icons/settle_new.png HTTP/1.1" 200 826
114.88.159.190 - - [01/Jan/2023:11:01:26 +0800] "GET /xingrg/images/blue/pingpu.png HTTP/1.1" 200 231
114.88.159.190 - - [01/Jan/2023:11:01:26 +0800] "POST /xingrg/all/common/load_tree.html?tree=area_rest_tree_json&manage=1 HTTP/1.1" 200 3499
114.88.159.190 - - [01/Jan/2023:11:01:26 +0800] "GET /xingrg/javascript/jquery_easy_ui/themes/default/images/tabs_leftarrow.png HTTP/1.1" 200 389
114.88.159.190 - - [01/Jan/2023:11:01:26 +0800] "GET /xingrg/javascript/jquery_easy_ui/themes/default/images/tabs_rightarrow.png HTTP/1.1" 200 395
114.88.159.190 - - [01/Jan/2023:11:01:26 +0800] "GET /xingrg/images/blue/navBackgound.jpg HTTP/1.1" 200 12378
114.88.159.190 - - [01/Jan/2023:11:01:26 +0800] "GET /xingrg/javascript/jquery_easy_ui/themes/default/images/panel_tool_expand.gif HTTP/1.1" 200 247
120.253.135.82 - - [01/Jan/2023:11:01:26 +0800] "GET /xingrg/javascript/easyui/themes/default/validatebox.css HTTP/1.1" 404 1104
114.88.159.190 - - [01/Jan/2023:11:01:26 +0800] "GET /xingrg/javascript/jquery_easy_ui/themes/default/images/panel_tool_collapse.gif HTTP/1.1" 200 246
120.253.135.82 - - [01/Jan/2023:11:01:26 +0800] "POST /xingrg/kc/pszx/mdps_order_operate.html HTTP/1.1" 200 3267
114.88.159.190 - - [01/Jan/2023:11:01:26 +0800] "GET /xingrg/all/function/internal_message.html?_=1672542078929&CODE_STATE=count HTTP/1.1" 200 11
114.88.159.190 - - [01/Jan/2023:11:01:26 +0800] "GET /xingrg/check_reg.html?_=1672542078930 HTTP/1.1" 200 22
114.88.159.190 - - [01/Jan/2023:11:01:27 +0800] "GET /xingrg/javascript/jquery_easy_ui/themes/default/images/tree_arrows.gif HTTP/1.1" 200 1043
114.88.159.190 - - [01/Jan/2023:11:01:27 +0800] "POST /xingrg/load_menu.html HTTP/1.1" 200 11443
114.84.38.109 - - [01/Jan/2023:11:01:27 +0800] "POST /xingrg/dwr/call/plaincall/AjaxCheckService.setItemNumber.dwr HTTP/1.1" 200 77
114.88.159.190 - - [01/Jan/2023:11:01:27 +0800] "GET /xingrg/javascript/jquery_easy_ui/themes/default/images/tree_folder_open.gif HTTP/1.1" 200 956
114.88.159.190 - - [01/Jan/2023:11:01:27 +0800] "GET /xingrg/javascript/jquery_easy_ui/themes/icons/search_new.png HTTP/1.1" 200 586
114.88.159.190 - - [01/Jan/2023:11:01:27 +0800] "GET /xingrg/javascript/jquery_easy_ui/themes/icons/delivery_new.png HTTP/1.1" 200 700
114.88.159.190 - - [01/Jan/2023:11:01:27 +0800] "GET /xingrg/javascript/jquery_easy_ui/themes/icons/storage_new.png HTTP/1.1" 200 853
114.88.159.190 - - [01/Jan/2023:11:01:27 +0800] "GET /xingrg/javascript/jquery_easy_ui/themes/icons/checkout_new.png HTTP/1.1" 200 744
114.88.159.190 - - [01/Jan/2023:11:01:27 +0800] "GET /xingrg/javascript/jquery_easy_ui/themes/icons/forms_new.png HTTP/1.1" 200 350
114.88.159.190 - - [01/Jan/2023:11:01:27 +0800] "GET /xingrg/javascript/jquery_easy_ui/themes/icons/setting_new.png HTTP/1.1" 200 450
114.88.159.190 - - [01/Jan/2023:11:01:27 +0800] "GET /xingrg/javascript/jquery_easy_ui/themes/icons/systemset_new.png HTTP/1.1" 200 606
222.64.58.78 - - [01/Jan/2023:11:01:27 +0800] "POST /xingrg/dwr/call/plaincall/AjaxReportQueryService.getFixDate.dwr HTTP/1.1" 200 111
114.88.159.190 - - [01/Jan/2023:11:01:28 +0800] "GET /xingrg/javascript/jquery_easy_ui/themes/default/images/tabs_active.png HTTP/1.1" 200 2894
114.84.38.109 - - [01/Jan/2023:11:01:29 +0800] "POST /xingrg/dwr/call/plaincall/AjaxCheckService.setItemNumber.dwr HTTP/1.1" 200 77
114.88.159.190 - - [01/Jan/2023:11:01:30 +0800] "GET /xingrg/javascript/jquery_easy_ui/themes/icons/rest.png HTTP/1.1" 200 695
114.88.159.190 - - [01/Jan/2023:11:01:30 +0800] "GET /xingrg/javascript/jquery_easy_ui/themes/icons/area.png HTTP/1.1" 200 262
114.88.159.190 - - [01/Jan/2023:11:01:30 +0800] "GET /xingrg/javascript/jquery_easy_ui/themes/icons/manage.png HTTP/1.1" 200 696
114.88.159.190 - - [01/Jan/2023:11:01:30 +0800] "GET /xingrg/javascript/jquery_easy_ui/themes/default/images/button_a_bg.gif HTTP/1.1" 200 1194
114.88.159.190 - - [01/Jan/2023:11:01:30 +0800] "GET /xingrg/javascript/jquery_easy_ui/themes/default/images/button_span_bg.gif HTTP/1.1" 200 2061
114.88.159.190 - - [01/Jan/2023:11:01:30 +0800] "GET /xingrg/javascript/jquery_easy_ui/themes/icons/ok.png HTTP/1.1" 200 883
114.88.159.190 - - [01/Jan/2023:11:01:30 +0800] "GET /xingrg/javascript/jquery_easy_ui/themes/default/images/panel_tools.gif HTTP/1.1" 200 737
114.88.159.190 - - [01/Jan/2023:11:01:30 +0800] "GET /xingrg/javascript/jquery_easy_ui/themes/default/images/panel_title.png HTTP/1.1" 200 266
120.253.135.82 - - [01/Jan/2023:11:01:30 +0800] "GET /xingrg/kc/pszx/mdps_order_info.html?code=312023010100010 HTTP/1.1" 200 23972
120.253.135.82 - - [01/Jan/2023:11:01:31 +0800] "POST /xingrg/kc/pszx/mdps_order_operate.html HTTP/1.1" 200 3267
120.253.135.82 - - [01/Jan/2023:11:01:31 +0800] "GET /xingrg/javascript/easyui/themes/default/validatebox.css HTTP/1.1" 404 1104
114.84.38.109 - - [01/Jan/2023:11:01:31 +0800] "POST /xingrg/dwr/call/plaincall/AjaxCheckService.setItemNumber.dwr HTTP/1.1" 200 77
222.64.58.78 - - [01/Jan/2023:11:01:31 +0800] "GET /xingrg/javascript/jquery_easy_ui/themes/default/images/tree_checkbox_2.gif HTTP/1.1" 200 181
222.64.58.78 - - [01/Jan/2023:11:01:31 +0800] "GET /xingrg/javascript/jquery_easy_ui/themes/default/images/tree_checkbox_1.gif HTTP/1.1" 200 174
120.253.135.82 - - [01/Jan/2023:11:01:32 +0800] "POST /xingrg/kc/pszx/mdps_list_operate.html HTTP/1.1" 200 3506
114.84.38.109 - - [01/Jan/2023:11:01:33 +0800] "POST /xingrg/dwr/call/plaincall/AjaxCheckService.setItemNumber.dwr HTTP/1.1" 200 77
222.64.58.78 - - [01/Jan/2023:11:01:33 +0800] "POST /xingrg/dwr/call/plaincall/AjaxReportQueryService.refreshCache.dwr HTTP/1.1" 200 78
222.69.192.184 - - [01/Jan/2023:11:01:33 +0800] "POST /xingrg/kc/buy/cgsh_order_operate.html HTTP/1.1" 200 37
120.253.135.82 - - [01/Jan/2023:11:01:33 +0800] "POST /xingrg/kc/pszx/mdps_list_operate.html HTTP/1.1" 200 205
222.64.58.78 - - [01/Jan/2023:11:01:34 +0800] "POST /xingrg/all/report/load_report_page.html HTTP/1.1" 200 56437
222.64.58.78 - - [01/Jan/2023:11:01:34 +0800] "GET /xingrg/servlets/image?cache=0.6972043347352488&image=px HTTP/1.1" 200 807
120.253.135.82 - - [01/Jan/2023:11:01:34 +0800] "GET /xingrg/kc/pszx/mdps_order_info.html?code=312023010100013 HTTP/1.1" 200 23978
114.84.38.109 - - [01/Jan/2023:11:01:35 +0800] "POST /xingrg/dwr/call/plaincall/AjaxCheckService.setItemNumber.dwr HTTP/1.1" 200 77
222.69.192.184 - - [01/Jan/2023:11:01:35 +0800] "POST /xingrg/kc/buy/cgsh_order_operate.html HTTP/1.1" 200 2652
120.253.135.82 - - [01/Jan/2023:11:01:35 +0800] "POST /xingrg/kc/pszx/mdps_order_operate.html HTTP/1.1" 200 2282
222.70.177.10 - - [01/Jan/2023:11:01:35 +0800] "GET /xingrg/kc/buy/cgsh_order_operate.html?command=get_materiel&rest_code=00111&code=00101001136&supplier_code=00100312&order_time=2023-01-01 HTTP/1.1" 200 413
120.253.135.82 - - [01/Jan/2023:11:01:35 +0800] "GET /xingrg/javascript/easyui/themes/default/validatebox.css HTTP/1.1" 404 1104
222.70.177.10 - - [01/Jan/2023:11:01:35 +0800] "GET /xingrg/all/function/internal_message.html?_=1672542281351&CODE_STATE=getMsg HTTP/1.1" 200 27
114.88.159.190 - - [01/Jan/2023:11:01:36 +0800] "GET /xingrg/images/control/ajaxLoader.gif HTTP/1.1" 200 4659
222.64.58.78 - - [01/Jan/2023:11:01:36 +0800] "GET /xingrg/all/report/report_query.html?isQuery=1&fileName=dma/new_5.0/menu/menu_hz.xml&queryString=(a.sale_day%2520between%252020221201%2520and%252020221231)%2520and%2520(a.sid%2520in%2520(13))%2520and%2520(a.tj_code%253D7)&queryText=%25E3%2580%2590%25E8%2590%25A5%25E4%25B8%259A%25E6%2597%25A5%25E6%259C%259F%253A2022-12-01%2520%25E8%2587%25B3%25202022-12-31%25E3%2580%2591%2520%25E5%25B9%25B6%25E4%25B8%2594%2520%2520%25E3%2580%2590%25E9%2597%25A8%25E5%25BA%2597%25E5%2590%258D%25E7%25A7%25B0%2520%253D%2520%25E6%25A6%2595%25E6%25B8%25AF%25E5%2590%258D%25E8%25BD%25A9%25E5%2590%25B4%25E4%25B8%25AD%25E5%25BA%2597%25E3%2580%2591%2520%25E5%25B9%25B6%25E4%25B8%2594%2520%25E3%2580%2590%25E7%25BB%259F%25E8%25AE%25A1%25E7%25B1%25BB%25E5%2588%25AB%2520%253D%2520%25E9%2585%2592%25E6%25B0%25B4%25E3%2580%2591 HTTP/1.1" 200 54115
114.88.159.190 - - [01/Jan/2023:11:01:36 +0800] "POST /xingrg/all/user/operate.html HTTP/1.1" 200 36
222.64.58.78 - - [01/Jan/2023:11:01:36 +0800] "GET /xingrg/dwr/engine.js HTTP/1.1" 200 43631
222.64.58.78 - - [01/Jan/2023:11:01:36 +0800] "GET /favicon.ico HTTP/1.1" 404 -
114.84.38.109 - - [01/Jan/2023:11:01:36 +0800] "POST /xingrg/dwr/call/plaincall/AjaxCheckService.setItemNumber.dwr HTTP/1.1" 200 77
114.88.159.190 - - [01/Jan/2023:11:01:36 +0800] "GET /xingrg/javascript/jquery_easy_ui/themes/default/easyui.css HTTP/1.1" 304 -
114.88.159.190 - - [01/Jan/2023:11:01:36 +0800] "GET /xingrg/index.html?sysBaseUrl=http%3A%2F%2F180.169.147.146%3A18081%2Fxingrg%2F&costTime=40×tamp=1672542084183 HTTP/1.1" 200 17509
114.88.159.190 - - [01/Jan/2023:11:01:36 +0800] "GET /xingrg/javascript/jquery_easy_ui/themes/icon.css HTTP/1.1" 304 -
124.78.155.72 - - [01/Jan/2023:11:01:36 +0800] "GET /xingrg/kc/buy/buy_main.html HTTP/1.1" 200 12412
114.88.159.190 - - [01/Jan/2023:11:01:36 +0800] "GET /xingrg/css/form.css HTTP/1.1" 304 -
124.78.155.72 - - [01/Jan/2023:11:01:36 +0800] "GET /xingrg/css/new_ie.css HTTP/1.1" 404 1036
114.84.38.109 - - [01/Jan/2023:11:01:37 +0800] "POST /xingrg/dwr/call/plaincall/AjaxCheckService.setItemNumber.dwr HTTP/1.1" 200 77
114.88.159.190 - - [01/Jan/2023:11:01:37 +0800] "GET /xingrg/javascript/jquery-1.4.2.min.js HTTP/1.1" 304 -
114.88.159.190 - - [01/Jan/2023:11:01:37 +0800] "GET /xingrg/javascript/jquery_easy_ui/jquery.easyui.min.js HTTP/1.1" 304 -
116.230.105.139 - - [01/Jan/2023:11:01:37 +0800] "GET /xingrg/kc/buy/cgsh_order_operate.html?command=get_materiel&rest_code=00107&code=00101008214&supplier_code=00100325&order_time=2023-01-01 HTTP/1.1" 200 409
114.88.159.190 - - [01/Jan/2023:11:01:37 +0800] "GET /xingrg/javascript/jquery_easy_ui/easyui-lang-zh_CN.js HTTP/1.1" 304 -
114.88.159.190 - - [01/Jan/2023:11:01:37 +0800] "GET /xingrg/javascript/jquery.form.js HTTP/1.1" 304 -
114.88.159.190 - - [01/Jan/2023:11:01:37 +0800] "GET /xingrg/javascript/jquery.utils.js HTTP/1.1" 304 -
114.84.38.109 - - [01/Jan/2023:11:01:37 +0800] "POST /xingrg/dwr/call/plaincall/AjaxCheckService.setItemNumber.dwr HTTP/1.1" 200 77
114.88.159.190 - - [01/Jan/2023:11:01:37 +0800] "GET /xingrg/javascript/jquery.timers.js HTTP/1.1" 304 -
114.88.159.190 - - [01/Jan/2023:11:01:37 +0800] "GET /xingrg/images/blue/jxLogo.png HTTP/1.1" 304 -
114.88.159.190 - - [01/Jan/2023:11:01:37 +0800] "GET /xingrg/images/blue/navBackgound.jpg HTTP/1.1" 304 -
222.64.58.78 - - [01/Jan/2023:11:01:38 +0800] "POST /xingrg/all/report/load_report_page.html HTTP/1.1" 200 138171
114.88.159.190 - - [01/Jan/2023:11:01:38 +0800] "GET /xingrg/javascript/jquery_easy_ui/themes/icons/settle_new.png HTTP/1.1" 304 -
114.88.159.190 - - [01/Jan/2023:11:01:38 +0800] "GET /xingrg/all/function/internal_message.html?_=1672542090098&CODE_STATE=count HTTP/1.1" 200 11
114.88.159.190 - - [01/Jan/2023:11:01:38 +0800] "GET /xingrg/check_reg.html?_=1672542090098 HTTP/1.1" 200 22
114.88.159.190 - - [01/Jan/2023:11:01:38 +0800] "GET /xingrg/images/blue/pingpu.png HTTP/1.1" 304 -
114.88.159.190 - - [01/Jan/2023:11:01:38 +0800] "POST /xingrg/all/common/load_tree.html?tree=area_rest_tree_json&manage=1 HTTP/1.1" 200 3499
114.88.159.190 - - [01/Jan/2023:11:01:38 +0800] "GET /xingrg/javascript/jquery_easy_ui/themes/default/images/tabs_rightarrow.png HTTP/1.1" 304 -
114.88.159.190 - - [01/Jan/2023:11:01:38 +0800] "GET /xingrg/javascript/jquery_easy_ui/themes/default/images/tabs_leftarrow.png HTTP/1.1" 304 -
114.88.159.190 - - [01/Jan/2023:11:01:38 +0800] "GET /xingrg/javascript/jquery_easy_ui/themes/default/images/panel_tool_expand.gif HTTP/1.1" 304 -
114.88.159.190 - - [01/Jan/2023:11:01:38 +0800] "GET /xingrg/javascript/jquery_easy_ui/themes/default/images/panel_tool_collapse.gif HTTP/1.1" 304 -
222.64.58.78 - - [01/Jan/2023:11:01:38 +0800] "GET /xingrg/images/blue/button/back2.gif HTTP/1.1" 200 1339
222.64.58.78 - - [01/Jan/2023:11:01:38 +0800] "GET /xingrg/images/blue/button/back.gif HTTP/1.1" 200 1352
124.78.155.72 - - [01/Jan/2023:11:01:38 +0800] "GET /xingrg/images/yd/bt.gif HTTP/1.1" 404 1040
222.64.58.78 - - [01/Jan/2023:11:01:38 +0800] "GET /xingrg/servlets/image?cache=0.28760159248905715&image=px HTTP/1.1" 200 807
114.88.159.190 - - [01/Jan/2023:11:01:38 +0800] "POST /xingrg/load_menu.html HTTP/1.1" 200 9959
114.88.159.190 - - [01/Jan/2023:11:01:38 +0800] "GET /xingrg/javascript/jquery_easy_ui/themes/default/images/tree_folder.gif HTTP/1.1" 200 952
124.78.155.72 - - [01/Jan/2023:11:01:39 +0800] "GET /xingrg/kc/buy/cgsh_order_list.html HTTP/1.1" 200 54078
114.84.38.109 - - [01/Jan/2023:11:01:39 +0800] "POST /xingrg/dwr/call/plaincall/AjaxCheckService.setItemNumber.dwr HTTP/1.1" 200 77
222.69.192.184 - - [01/Jan/2023:11:01:39 +0800] "GET /xingrg/all/function/internal_message.html?_=1672542124605&CODE_STATE=getMsg HTTP/1.1" 200 27
114.84.38.109 - - [01/Jan/2023:11:01:39 +0800] "GET /xingrg/all/function/internal_message.html?_=1672542150535&CODE_STATE=getMsg HTTP/1.1" 200 27
114.88.159.190 - - [01/Jan/2023:11:01:40 +0800] "GET /xingrg/javascript/jquery_easy_ui/themes/default/images/tree_file.gif HTTP/1.1" 200 118
120.253.135.82 - - [01/Jan/2023:11:01:40 +0800] "POST /xingrg/kc/pszx/mdps_list_operate.html HTTP/1.1" 200 3506
124.78.155.72 - - [01/Jan/2023:11:01:40 +0800] "POST /xingrg/kc/buy/cgsh_list_operate.html HTTP/1.1" 200 986
114.88.159.190 - - [01/Jan/2023:11:01:41 +0800] "GET /xingrg/javascript/jquery_easy_ui/themes/default/images/tabs_close.gif HTTP/1.1" 200 829
114.88.159.190 - - [01/Jan/2023:11:01:41 +0800] "GET /xingrg/kc/base/check_order_list.html HTTP/1.1" 200 16487
114.88.159.190 - - [01/Jan/2023:11:01:41 +0800] "GET /xingrg/css/base.css HTTP/1.1" 200 2811
114.88.159.190 - - [01/Jan/2023:11:01:41 +0800] "GET /xingrg/css/site.css HTTP/1.1" 200 7541
114.88.159.190 - - [01/Jan/2023:11:01:41 +0800] "GET /xingrg/javascript/jquery_tools/datebox.css HTTP/1.1" 200 2597
114.88.159.190 - - [01/Jan/2023:11:01:41 +0800] "GET /xingrg/javascript/easyui/themes/icon.css HTTP/1.1" 200 4483
114.88.159.190 - - [01/Jan/2023:11:01:41 +0800] "GET /xingrg/javascript/jquery_tools/fix.css HTTP/1.1" 200 1702
114.88.159.190 - - [01/Jan/2023:11:01:41 +0800] "GET /xingrg/javascript/jquery_tools/table.css HTTP/1.1" 200 1032
114.88.159.190 - - [01/Jan/2023:11:01:41 +0800] "GET /xingrg/javascript/auto/jquery.autocomplete.css HTTP/1.1" 200 587
114.88.159.190 - - [01/Jan/2023:11:01:41 +0800] "GET /xingrg/javascript/jquery_tools/jquery.tools.min.js HTTP/1.1" 200 138801
114.88.159.190 - - [01/Jan/2023:11:01:42 +0800] "GET /xingrg/javascript/jquery_tools/jquery.tools.hotkey.js HTTP/1.1" 200 3242
114.88.159.190 - - [01/Jan/2023:11:01:42 +0800] "GET /xingrg/javascript/jquery_tools/jquery.tools.table.js HTTP/1.1" 200 6994
114.88.159.190 - - [01/Jan/2023:11:01:42 +0800] "GET /xingrg/javascript/jquery_tools/list_manager.js HTTP/1.1" 200 3652
114.88.159.190 - - [01/Jan/2023:11:01:42 +0800] "GET /xingrg/javascript/jquery.cookie.js HTTP/1.1" 200 5513
114.88.159.190 - - [01/Jan/2023:11:01:42 +0800] "GET /xingrg/javascript/easyui/easyloader.js HTTP/1.1" 200 5975
114.88.159.190 - - [01/Jan/2023:11:01:42 +0800] "GET /xingrg/javascript/jquery_tools/jquery.tools.extend.js HTTP/1.1" 200 15385
114.88.159.190 - - [01/Jan/2023:11:01:42 +0800] "GET /xingrg/javascript/auto/jquery.autocomplete.js HTTP/1.1" 200 21624
114.88.159.190 - - [01/Jan/2023:11:01:42 +0800] "GET /xingrg/javascript/easyui/themes/default/easyui.css HTTP/1.1" 200 30432
124.78.155.72 - - [01/Jan/2023:11:01:42 +0800] "GET /xingrg/kc/buy/cgsh_order_add.html HTTP/1.1" 200 69854
124.78.155.72 - - [01/Jan/2023:11:01:42 +0800] "POST /xingrg/kc/buy/cgsh_order_operate.html HTTP/1.1" 200 8245
222.70.177.10 - - [01/Jan/2023:11:01:42 +0800] "GET /xingrg/all/function/internal_message.html?_=1672542124004&CODE_STATE=getMsg HTTP/1.1" 200 27
124.78.155.72 - - [01/Jan/2023:11:01:42 +0800] "GET /xingrg/javascript/easyui/themes/default/validatebox.css HTTP/1.1" 404 1104
114.88.159.190 - - [01/Jan/2023:11:01:42 +0800] "GET /xingrg/javascript/easyui/themes/icons/cance_new.png HTTP/1.1" 200 3986
114.88.159.190 - - [01/Jan/2023:11:01:42 +0800] "GET /xingrg/javascript/easyui/themes/icons/edit_add_new.png HTTP/1.1" 200 2997
114.88.159.190 - - [01/Jan/2023:11:01:42 +0800] "GET /xingrg/javascript/easyui/themes/icons/uncheck_new.png HTTP/1.1" 200 3197
114.88.159.190 - - [01/Jan/2023:11:01:42 +0800] "GET /xingrg/javascript/easyui/themes/icons/check_new.png HTTP/1.1" 200 3224
114.88.159.190 - - [01/Jan/2023:11:01:42 +0800] "GET /xingrg/javascript/easyui/themes/icons/field_new.png HTTP/1.1" 200 1097
114.88.159.190 - - [01/Jan/2023:11:01:43 +0800] "GET /xingrg/javascript/easyui/plugins/jquery.parser.js HTTP/1.1" 200 1142
114.88.159.190 - - [01/Jan/2023:11:01:43 +0800] "GET /xingrg/images/control/ajaxLoader.gif HTTP/1.1" 200 4659
114.88.159.190 - - [01/Jan/2023:11:01:43 +0800] "POST /xingrg/kc/base/check_list_operate.html HTTP/1.1" 200 2586
114.84.38.109 - - [01/Jan/2023:11:01:43 +0800] "POST /xingrg/dwr/call/plaincall/AjaxCheckService.setItemNumber.dwr HTTP/1.1" 200 77
116.230.105.139 - - [01/Jan/2023:11:01:44 +0800] "GET /xingrg/kc/buy/cgsh_order_operate.html?command=get_materiel&rest_code=00107&code=00101008013&supplier_code=00100325&order_time=2023-01-01 HTTP/1.1" 200 408
124.78.155.72 - - [01/Jan/2023:11:01:44 +0800] "GET /xingrg/javascript/easyui/themes/default/tree.css HTTP/1.1" 404 1090
114.84.38.109 - - [01/Jan/2023:11:01:45 +0800] "POST /xingrg/dwr/call/plaincall/AjaxCheckService.setItemNumber.dwr HTTP/1.1" 200 77
124.78.155.72 - - [01/Jan/2023:11:01:45 +0800] "POST /xingrg/all/common/load_tree.html?tree=supplier_tree_json&isDelete=1 HTTP/1.1" 200 70864
116.230.105.139 - - [01/Jan/2023:11:01:45 +0800] "GET /xingrg/all/function/internal_message.html?_=1672542090364&CODE_STATE=getMsg HTTP/1.1" 200 27
222.69.192.184 - - [01/Jan/2023:11:01:46 +0800] "GET /xingrg/kc/print/load_data.html?order_code=212023010100044&kc_code=cgsh&condition= HTTP/1.1" 200 664
114.84.38.109 - - [01/Jan/2023:11:01:46 +0800] "POST /xingrg/dwr/call/plaincall/AjaxCheckService.setItemNumber.dwr HTTP/1.1" 200 77
114.84.38.109 - - [01/Jan/2023:11:01:47 +0800] "POST /xingrg/dwr/call/plaincall/AjaxCheckService.setItemNumber.dwr HTTP/1.1" 200 77
180.169.147.146 - - [01/Jan/2023:11:01:48 +0800] "GET /xingrg/all/function/internal_message.html?_=1672542130453&CODE_STATE=getMsg HTTP/1.1" 200 27
114.84.38.109 - - [01/Jan/2023:11:01:48 +0800] "POST /xingrg/dwr/call/plaincall/AjaxCheckService.setItemNumber.dwr HTTP/1.1" 200 77
114.88.159.190 - - [01/Jan/2023:11:01:49 +0800] "GET /xingrg/css/table.css HTTP/1.1" 200 3684
114.88.159.190 - - [01/Jan/2023:11:01:49 +0800] "GET /xingrg/javascript/pic_change.js HTTP/1.1" 200 4739
114.88.159.190 - - [01/Jan/2023:11:01:49 +0800] "GET /xingrg/javascript/AjaxInfoList.js HTTP/1.1" 200 3774
114.88.159.190 - - [01/Jan/2023:11:01:49 +0800] "GET /xingrg/kc/base/check_order_info.html?code=452022123100194 HTTP/1.1" 200 26480
114.88.159.190 - - [01/Jan/2023:11:01:49 +0800] "GET /xingrg/css/blue.css HTTP/1.1" 200 15949
114.88.159.190 - - [01/Jan/2023:11:01:49 +0800] "GET /xingrg/dwr/interface/AjaxCheckService.js HTTP/1.1" 200 14003
114.88.159.190 - - [01/Jan/2023:11:01:49 +0800] "GET /xingrg/javascript/convert.js HTTP/1.1" 200 1239
222.69.192.184 - - [01/Jan/2023:11:01:49 +0800] "GET /xingrg/kc/buy/cgsh_order_add.html HTTP/1.1" 200 69942
114.84.38.109 - - [01/Jan/2023:11:01:49 +0800] "POST /xingrg/dwr/call/plaincall/AjaxCheckService.setItemNumber.dwr HTTP/1.1" 200 77
114.88.159.190 - - [01/Jan/2023:11:01:49 +0800] "GET /xingrg/javascript/print/LodopFuncs.js HTTP/1.1" 200 5121
114.88.159.190 - - [01/Jan/2023:11:01:49 +0800] "GET /xingrg/dwr/interface/AjaxComOrderService.js HTTP/1.1" 200 18264
222.64.58.78 - - [01/Jan/2023:11:01:49 +0800] "POST /xingrg/all/report/load_report_page.html HTTP/1.1" 200 54732
114.88.159.190 - - [01/Jan/2023:11:01:49 +0800] "GET /xingrg/dwr/util.js HTTP/1.1" 200 35990
114.88.159.190 - - [01/Jan/2023:11:01:49 +0800] "GET /xingrg/javascript/Calendar.js HTTP/1.1" 200 31561
114.88.159.190 - - [01/Jan/2023:11:01:49 +0800] "GET /xingrg/javascript/print/kc_print.js HTTP/1.1" 200 11415
114.88.159.190 - - [01/Jan/2023:11:01:50 +0800] "GET /xingrg/dwr/engine.js HTTP/1.1" 200 43631
114.88.159.190 - - [01/Jan/2023:11:01:50 +0800] "GET /xingrg/javascript/myfunction.js HTTP/1.1" 200 24559
222.64.58.78 - - [01/Jan/2023:11:01:50 +0800] "GET /xingrg/images/blue/button/advance.gif HTTP/1.1" 200 1354
222.64.58.78 - - [01/Jan/2023:11:01:50 +0800] "GET /xingrg/images/blue/button/advance2.gif HTTP/1.1" 200 1338
222.64.58.78 - - [01/Jan/2023:11:01:50 +0800] "GET /xingrg/servlets/image?cache=0.23477854489538286&image=px HTTP/1.1" 200 807
222.69.192.184 - - [01/Jan/2023:11:01:50 +0800] "POST /xingrg/kc/buy/cgsh_order_operate.html HTTP/1.1" 200 8245
114.84.38.109 - - [01/Jan/2023:11:01:50 +0800] "POST /xingrg/dwr/call/plaincall/AjaxCheckService.setItemNumber.dwr HTTP/1.1" 200 77
222.69.192.184 - - [01/Jan/2023:11:01:50 +0800] "GET /xingrg/javascript/easyui/themes/default/validatebox.css HTTP/1.1" 404 1104
114.88.159.190 - - [01/Jan/2023:11:01:50 +0800] "GET /xingrg/javascript/jquery_easy_ui/themes/default/images/menu_downarrow.png HTTP/1.1" 200 173
114.88.159.190 - - [01/Jan/2023:11:01:50 +0800] "GET /xingrg/javascript/jquery_easy_ui/themes/icons/cance_new.png HTTP/1.1" 200 3986
114.88.159.190 - - [01/Jan/2023:11:01:50 +0800] "GET /xingrg/javascript/jquery_easy_ui/themes/icons/back_new.png HTTP/1.1" 200 3414
114.88.159.190 - - [01/Jan/2023:11:01:50 +0800] "GET /xingrg/javascript/jquery_easy_ui/themes/icons/print.png HTTP/1.1" 200 1057
114.88.159.190 - - [01/Jan/2023:11:01:50 +0800] "GET /xingrg/javascript/jquery_easy_ui/themes/icons/check_new.png HTTP/1.1" 200 3224
114.88.159.190 - - [01/Jan/2023:11:01:50 +0800] "POST /xingrg/dwr/call/plaincall/AjaxCheckService.loadOrderItems.dwr HTTP/1.1" 200 14308
114.88.159.190 - - [01/Jan/2023:11:01:50 +0800] "GET /xingrg/javascript/jquery_easy_ui/themes/icons/no.png HTTP/1.1" 200 922
114.84.81.136 - - [01/Jan/2023:11:01:51 +0800] "GET /xingrg/kc/base/check_order_list.html HTTP/1.1" 200 16226
114.84.81.136 - - [01/Jan/2023:11:01:51 +0800] "POST /xingrg/kc/base/check_list_operate.html HTTP/1.1" 200 3213
116.192.124.172 - - [01/Jan/2023:11:01:51 +0800] "GET /xingrg/kc/base/check_order_list.html HTTP/1.1" 200 16220
116.192.124.172 - - [01/Jan/2023:11:01:51 +0800] "POST /xingrg/kc/base/check_list_operate.html HTTP/1.1" 200 4694
114.84.38.109 - - [01/Jan/2023:11:01:51 +0800] "POST /xingrg/dwr/call/plaincall/AjaxCheckService.setItemNumber.dwr HTTP/1.1" 200 77
222.70.177.10 - - [01/Jan/2023:11:01:52 +0800] "POST /xingrg/kc/buy/cgsh_order_operate.html HTTP/1.1" 200 37
114.84.38.109 - - [01/Jan/2023:11:01:52 +0800] "POST /xingrg/dwr/call/plaincall/AjaxCheckService.setItemNumber.dwr HTTP/1.1" 200 77
120.253.135.82 - - [01/Jan/2023:11:01:52 +0800] "POST /xingrg/kc/pszx/mdps_list_operate.html HTTP/1.1" 200 205
114.84.81.136 - - [01/Jan/2023:11:01:53 +0800] "GET /xingrg/kc/base/check_order_info.html?code=452022123100296 HTTP/1.1" 200 26514
114.84.38.109 - - [01/Jan/2023:11:01:53 +0800] "POST /xingrg/dwr/call/plaincall/AjaxCheckService.setItemNumber.dwr HTTP/1.1" 200 77
114.84.81.136 - - [01/Jan/2023:11:01:53 +0800] "GET /xingrg/dwr/interface/AjaxComOrderService.js HTTP/1.1" 200 18264
114.84.81.136 - - [01/Jan/2023:11:01:53 +0800] "GET /xingrg/dwr/interface/AjaxCheckService.js HTTP/1.1" 200 14003
120.253.135.82 - - [01/Jan/2023:11:01:53 +0800] "GET /xingrg/kc/pszx/mdps_order_info.html?code=312023010100013 HTTP/1.1" 200 23978
114.84.81.136 - - [01/Jan/2023:11:01:54 +0800] "GET /xingrg/dwr/engine.js HTTP/1.1" 200 43631
120.253.135.82 - - [01/Jan/2023:11:01:54 +0800] "POST /xingrg/kc/pszx/mdps_order_operate.html HTTP/1.1" 200 2282
120.253.135.82 - - [01/Jan/2023:11:01:54 +0800] "GET /xingrg/javascript/easyui/themes/default/validatebox.css HTTP/1.1" 404 1104
114.84.38.109 - - [01/Jan/2023:11:01:54 +0800] "POST /xingrg/dwr/call/plaincall/AjaxCheckService.setItemNumber.dwr HTTP/1.1" 200 77
116.192.124.172 - - [01/Jan/2023:11:01:55 +0800] "GET /xingrg/kc/base/check_order_info.html?code=452022123100105 HTTP/1.1" 200 26516
116.192.124.172 - - [01/Jan/2023:11:01:55 +0800] "GET /xingrg/css/table.css HTTP/1.1" 200 3684
116.192.124.172 - - [01/Jan/2023:11:01:55 +0800] "GET /xingrg/dwr/interface/AjaxCheckService.js HTTP/1.1" 200 14003
116.192.124.172 - - [01/Jan/2023:11:01:55 +0800] "GET /xingrg/dwr/interface/AjaxComOrderService.js HTTP/1.1" 200 18264
114.84.38.109 - - [01/Jan/2023:11:01:55 +0800] "POST /xingrg/dwr/call/plaincall/AjaxCheckService.setItemNumber.dwr HTTP/1.1" 200 77
222.70.177.10 - - [01/Jan/2023:11:01:55 +0800] "POST /xingrg/kc/buy/cgsh_order_operate.html HTTP/1.1" 200 6825
58.22.0.7 - - [01/Jan/2023:11:01:55 +0800] "GET /xingrg/all/function/internal_message.html?_=1672542140582&CODE_STATE=getMsg HTTP/1.1" 200 27
114.84.81.136 - - [01/Jan/2023:11:01:55 +0800] "POST /xingrg/dwr/call/plaincall/AjaxCheckService.loadOrderItems.dwr HTTP/1.1" 200 129563
116.192.124.172 - - [01/Jan/2023:11:01:56 +0800] "GET /xingrg/dwr/engine.js HTTP/1.1" 200 43631
114.84.38.109 - - [01/Jan/2023:11:01:56 +0800] "POST /xingrg/dwr/call/plaincall/AjaxCheckService.setItemNumber.dwr HTTP/1.1" 200 77
116.192.124.172 - - [01/Jan/2023:11:01:56 +0800] "POST /xingrg/dwr/call/plaincall/AjaxCheckService.loadOrderItems.dwr HTTP/1.1" 200 6243
116.192.124.172 - - [01/Jan/2023:11:01:56 +0800] "GET /xingrg/javascript/jquery_easy_ui/themes/icons/no.png HTTP/1.1" 200 922
120.253.135.82 - - [01/Jan/2023:11:01:56 +0800] "POST /xingrg/kc/pszx/mdps_list_operate.html HTTP/1.1" 200 3506
222.70.177.10 - - [01/Jan/2023:11:01:57 +0800] "GET /xingrg/kc/print/load_data.html?order_code=212023010100045&kc_code=cgsh&condition= HTTP/1.1" 200 2274
114.84.38.109 - - [01/Jan/2023:11:01:57 +0800] "POST /xingrg/dwr/call/plaincall/AjaxCheckService.setItemNumber.dwr HTTP/1.1" 200 77
222.69.192.184 - - [01/Jan/2023:11:02:00 +0800] "GET /xingrg/kc/buy/cgsh_order_operate.html?command=get_materiel&rest_code=00105&code=00101002035&supplier_code=00100088&order_time=2023-01-01 HTTP/1.1" 200 417
58.40.7.146 - - [01/Jan/2023:11:02:01 +0800] "GET /xingrg/all/function/internal_message.html?_=1672542145605&CODE_STATE=getMsg HTTP/1.1" 200 27
180.169.147.146 - - [01/Jan/2023:11:02:02 +0800] "GET /xingrg/all/function/internal_message.html?_=1672542147157&CODE_STATE=getMsg HTTP/1.1" 302 -
116.192.124.172 - - [01/Jan/2023:11:02:02 +0800] "POST /xingrg/dwr/call/plaincall/AjaxCheckService.checkOrder.dwr HTTP/1.1" 200 78
114.84.38.109 - - [01/Jan/2023:11:02:02 +0800] "POST /xingrg/dwr/call/plaincall/AjaxCheckService.setItemNumber.dwr HTTP/1.1" 200 77
222.70.177.10 - - [01/Jan/2023:11:02:03 +0800] "GET /xingrg/kc/buy/cgsh_order_add.html HTTP/1.1" 200 69816
222.70.177.10 - - [01/Jan/2023:11:02:03 +0800] "POST /xingrg/kc/buy/cgsh_order_operate.html HTTP/1.1" 200 8245
222.70.177.10 - - [01/Jan/2023:11:02:03 +0800] "GET /xingrg/javascript/easyui/themes/default/validatebox.css HTTP/1.1" 404 1104
124.78.155.72 - - [01/Jan/2023:11:02:03 +0800] "GET /xingrg/all/function/internal_message.html?_=1672542147964&CODE_STATE=getMsg HTTP/1.1" 200 27
116.238.139.35 - - [01/Jan/2023:11:02:04 +0800] "GET /xingrg/all/function/internal_message.html?_=1672542149513&CODE_STATE=getMsg HTTP/1.1" 200 27
222.69.192.184 - - [01/Jan/2023:11:02:04 +0800] "GET /xingrg/all/function/internal_message.html?_=1672541993349&CODE_STATE=getMsg HTTP/1.1" 200 27
116.192.124.172 - - [01/Jan/2023:11:02:04 +0800] "GET /xingrg/kc/base/check_order_info.html?code=452022123100105 HTTP/1.1" 200 22858
116.192.124.172 - - [01/Jan/2023:11:02:04 +0800] "GET /xingrg/dwr/interface/AjaxCheckService.js HTTP/1.1" 200 14003
116.192.124.172 - - [01/Jan/2023:11:02:04 +0800] "GET /xingrg/dwr/interface/AjaxComOrderService.js HTTP/1.1" 200 18264
116.192.124.172 - - [01/Jan/2023:11:02:04 +0800] "GET /xingrg/dwr/engine.js HTTP/1.1" 200 43631
116.192.124.172 - - [01/Jan/2023:11:02:05 +0800] "GET /xingrg/javascript/jquery_easy_ui/themes/icons/exam_new.png HTTP/1.1" 200 756
116.192.124.172 - - [01/Jan/2023:11:02:05 +0800] "POST /xingrg/dwr/call/plaincall/AjaxCheckService.loadOrderItems.dwr HTTP/1.1" 200 3039
114.84.81.136 - - [01/Jan/2023:11:02:06 +0800] "POST /xingrg/dwr/call/plaincall/AjaxCheckService.setItemNumber.dwr HTTP/1.1" 200 76
120.253.135.82 - - [01/Jan/2023:11:02:07 +0800] "POST /xingrg/kc/pszx/mdps_list_operate.html HTTP/1.1" 200 1699
116.192.124.172 - - [01/Jan/2023:11:02:08 +0800] "GET /xingrg/kc/base/check_order_list.html?isBack=1 HTTP/1.1" 200 16220
114.84.81.136 - - [01/Jan/2023:11:02:08 +0800] "POST /xingrg/dwr/call/plaincall/AjaxCheckService.setItemNumber.dwr HTTP/1.1" 200 76
116.192.124.172 - - [01/Jan/2023:11:02:08 +0800] "POST /xingrg/kc/base/check_list_operate.html HTTP/1.1" 200 4694
120.253.135.82 - - [01/Jan/2023:11:02:08 +0800] "POST /xingrg/kc/pszx/mdps_list_operate.html HTTP/1.1" 200 205
114.84.81.136 - - [01/Jan/2023:11:02:08 +0800] "GET /xingrg/all/function/internal_message.html?_=1672542154590&CODE_STATE=getMsg HTTP/1.1" 200 27
114.84.81.136 - - [01/Jan/2023:11:02:08 +0800] "POST /xingrg/dwr/call/plaincall/AjaxCheckService.setItemNumber.dwr HTTP/1.1" 200 76
114.84.81.136 - - [01/Jan/2023:11:02:09 +0800] "POST /xingrg/dwr/call/plaincall/AjaxCheckService.setItemNumber.dwr HTTP/1.1" 200 76
120.253.135.82 - - [01/Jan/2023:11:02:09 +0800] "GET /xingrg/kc/pszx/mdps_order_info.html?code=312023010100004 HTTP/1.1" 200 23984
120.253.135.82 - - [01/Jan/2023:11:02:10 +0800] "POST /xingrg/kc/pszx/mdps_order_operate.html HTTP/1.1" 200 2283
120.253.135.82 - - [01/Jan/2023:11:02:10 +0800] "GET /xingrg/javascript/easyui/themes/default/validatebox.css HTTP/1.1" 404 1104
222.64.58.78 - - [01/Jan/2023:11:02:11 +0800] "GET /xingrg/all/function/internal_message.html?_=1672542165938&CODE_STATE=getMsg HTTP/1.1" 200 27
222.69.192.184 - - [01/Jan/2023:11:02:11 +0800] "GET /xingrg/kc/buy/cgsh_order_operate.html?command=get_materiel&rest_code=00105&code=00101003041&supplier_code=00100088&order_time=2023-01-01 HTTP/1.1" 200 418
116.192.124.172 - - [01/Jan/2023:11:02:11 +0800] "GET /xingrg/all/function/internal_message.html?_=1672542156768&CODE_STATE=getMsg HTTP/1.1" 200 27
116.192.124.172 - - [01/Jan/2023:11:02:11 +0800] "GET /xingrg/check_reg.html?_=1672542156771 HTTP/1.1" 200 22
114.84.171.241 - - [01/Jan/2023:11:02:11 +0800] "GET /xingrg/all/function/internal_message.html?_=1672542155567&CODE_STATE=getMsg HTTP/1.1" 200 27
114.84.38.109 - - [01/Jan/2023:11:02:11 +0800] "POST /xingrg/dwr/call/plaincall/AjaxCheckService.setItemNumber.dwr HTTP/1.1" 200 77
222.70.177.10 - - [01/Jan/2023:11:02:12 +0800] "GET /xingrg/kc/buy/cgsh_order_operate.html?command=get_materiel&rest_code=00111&code=00101004034&supplier_code=00100085&order_time=2023-01-01 HTTP/1.1" 200 416
120.253.135.82 - - [01/Jan/2023:11:02:13 +0800] "POST /xingrg/kc/pszx/mdps_list_operate.html HTTP/1.1" 200 1699
114.84.81.136 - - [01/Jan/2023:11:02:14 +0800] "POST /xingrg/dwr/call/plaincall/AjaxCheckService.setItemNumber.dwr HTTP/1.1" 200 76
114.88.159.190 - - [01/Jan/2023:11:02:14 +0800] "GET /xingrg/all/function/internal_message.html?_=1672542159060&CODE_STATE=getMsg HTTP/1.1" 302 -
114.88.159.190 - - [01/Jan/2023:11:02:14 +0800] "GET /xingrg/all/function/internal_message.html?_=1672541747147&CODE_STATE=getMsg HTTP/1.1" 200 27
116.192.124.172 - - [01/Jan/2023:11:02:15 +0800] "GET /xingrg/kc/base/check_order_info.html?code=452022123100104 HTTP/1.1" 200 26516
116.192.124.172 - - [01/Jan/2023:11:02:15 +0800] "GET /xingrg/dwr/interface/AjaxCheckService.js HTTP/1.1" 200 14003
116.192.124.172 - - [01/Jan/2023:11:02:15 +0800] "GET /xingrg/dwr/interface/AjaxComOrderService.js HTTP/1.1" 200 18264
116.192.124.172 - - [01/Jan/2023:11:02:15 +0800] "GET /xingrg/dwr/engine.js HTTP/1.1" 200 43631
116.192.124.172 - - [01/Jan/2023:11:02:16 +0800] "POST /xingrg/dwr/call/plaincall/AjaxCheckService.loadOrderItems.dwr HTTP/1.1" 200 2327
124.78.155.72 - - [01/Jan/2023:11:02:16 +0800] "GET /xingrg/kc/buy/cgsh_order_operate.html?command=get_materiel&rest_code=00106&code=00101006111&supplier_code=00100015&order_time=2023-01-01 HTTP/1.1" 200 409
114.88.159.190 - - [01/Jan/2023:11:02:16 +0800] "GET /xingrg/javascript/jquery_easy_ui/themes/default/easyui.css HTTP/1.1" 304 -
114.88.159.190 - - [01/Jan/2023:11:02:16 +0800] "GET /xingrg/css/form.css HTTP/1.1" 304 -
114.88.159.190 - - [01/Jan/2023:11:02:16 +0800] "GET /xingrg/javascript/jquery_easy_ui/themes/icon.css HTTP/1.1" 304 -
114.88.159.190 - - [01/Jan/2023:11:02:16 +0800] "GET /xingrg/index.html?sysBaseUrl=http%3A%2F%2F180.169.147.146%3A18081%2Fxingrg%2F&costTime=40×tamp=1672542084183 HTTP/1.1" 200 17509
114.88.159.190 - - [01/Jan/2023:11:02:16 +0800] "GET /xingrg/javascript/jquery.utils.js HTTP/1.1" 304 -
114.88.159.190 - - [01/Jan/2023:11:02:16 +0800] "GET /xingrg/javascript/jquery.timers.js HTTP/1.1" 304 -
114.88.159.190 - - [01/Jan/2023:11:02:16 +0800] "GET /xingrg/javascript/jquery.form.js HTTP/1.1" 304 -
114.88.159.190 - - [01/Jan/2023:11:02:16 +0800] "GET /xingrg/javascript/jquery_easy_ui/easyui-lang-zh_CN.js HTTP/1.1" 304 -
114.88.159.190 - - [01/Jan/2023:11:02:16 +0800] "GET /xingrg/javascript/jquery-1.4.2.min.js HTTP/1.1" 304 -
114.88.159.190 - - [01/Jan/2023:11:02:16 +0800] "GET /xingrg/javascript/jquery_easy_ui/jquery.easyui.min.js HTTP/1.1" 304 -
114.88.159.190 - - [01/Jan/2023:11:02:16 +0800] "GET /favicon.ico HTTP/1.1" 404 -
114.88.159.190 - - [01/Jan/2023:11:02:16 +0800] "GET /xingrg/images/blue/navBackgound.jpg HTTP/1.1" 304 -
114.88.159.190 - - [01/Jan/2023:11:02:16 +0800] "GET /xingrg/images/blue/jxLogo.png HTTP/1.1" 304 -
114.88.159.190 - - [01/Jan/2023:11:02:16 +0800] "GET /xingrg/javascript/jquery_easy_ui/themes/icons/settle_new.png HTTP/1.1" 304 -
114.84.81.136 - - [01/Jan/2023:11:02:16 +0800] "POST /xingrg/dwr/call/plaincall/AjaxCheckService.setItemNumber.dwr HTTP/1.1" 200 76
114.88.159.190 - - [01/Jan/2023:11:02:16 +0800] "POST /xingrg/all/common/load_tree.html?tree=area_rest_tree_json&manage=1 HTTP/1.1" 200 3499
114.88.159.190 - - [01/Jan/2023:11:02:16 +0800] "GET /xingrg/images/blue/pingpu.png HTTP/1.1" 304 -
114.88.159.190 - - [01/Jan/2023:11:02:16 +0800] "GET /xingrg/javascript/jquery_easy_ui/themes/default/images/tabs_leftarrow.png HTTP/1.1" 304 -
114.88.159.190 - - [01/Jan/2023:11:02:16 +0800] "GET /xingrg/javascript/jquery_easy_ui/themes/default/images/tabs_rightarrow.png HTTP/1.1" 304 -
114.88.159.190 - - [01/Jan/2023:11:02:16 +0800] "GET /xingrg/javascript/jquery_easy_ui/themes/default/images/panel_tool_expand.gif HTTP/1.1" 304 -
114.88.159.190 - - [01/Jan/2023:11:02:16 +0800] "GET /xingrg/javascript/jquery_easy_ui/themes/default/images/panel_tool_collapse.gif HTTP/1.1" 304 -
114.88.159.190 - - [01/Jan/2023:11:02:16 +0800] "GET /xingrg/check_reg.html?_=1672542128939 HTTP/1.1" 200 22
114.88.159.190 - - [01/Jan/2023:11:02:16 +0800] "GET /xingrg/all/function/internal_message.html?_=1672542128938&CODE_STATE=count HTTP/1.1" 200 11
114.88.159.190 - - [01/Jan/2023:11:02:17 +0800] "GET /xingrg/javascript/jquery_easy_ui/themes/default/images/tree_arrows.gif HTTP/1.1" 304 -
114.88.159.190 - - [01/Jan/2023:11:02:17 +0800] "POST /xingrg/load_menu.html HTTP/1.1" 200 9959
114.84.81.136 - - [01/Jan/2023:11:02:17 +0800] "POST /xingrg/dwr/call/plaincall/AjaxCheckService.setItemNumber.dwr HTTP/1.1" 200 76
114.88.159.190 - - [01/Jan/2023:11:02:17 +0800] "GET /xingrg/javascript/jquery_easy_ui/themes/default/images/tree_folder_open.gif HTTP/1.1" 304 -
114.88.159.190 - - [01/Jan/2023:11:02:17 +0800] "GET /xingrg/javascript/jquery_easy_ui/themes/icons/search_new.png HTTP/1.1" 304 -
114.88.159.190 - - [01/Jan/2023:11:02:17 +0800] "GET /xingrg/javascript/jquery_easy_ui/themes/default/images/tree_folder.gif HTTP/1.1" 304 -
114.88.159.190 - - [01/Jan/2023:11:02:17 +0800] "GET /xingrg/javascript/jquery_easy_ui/themes/icons/checkout_new.png HTTP/1.1" 304 -
114.88.159.190 - - [01/Jan/2023:11:02:17 +0800] "GET /xingrg/javascript/jquery_easy_ui/themes/icons/forms_new.png HTTP/1.1" 304 -
114.88.159.190 - - [01/Jan/2023:11:02:17 +0800] "GET /xingrg/javascript/jquery_easy_ui/themes/icons/storage_new.png HTTP/1.1" 304 -
114.88.159.190 - - [01/Jan/2023:11:02:17 +0800] "GET /xingrg/javascript/jquery_easy_ui/themes/icons/systemset_new.png HTTP/1.1" 304 -
114.88.159.190 - - [01/Jan/2023:11:02:17 +0800] "GET /xingrg/javascript/jquery_easy_ui/themes/icons/setting_new.png HTTP/1.1" 304 -
114.84.81.136 - - [01/Jan/2023:11:02:17 +0800] "POST /xingrg/dwr/call/plaincall/AjaxCheckService.setItemNumber.dwr HTTP/1.1" 200 76
120.253.135.82 - - [01/Jan/2023:11:02:17 +0800] "GET /xingrg/all/function/internal_message.html?_=1672541972903&CODE_STATE=getMsg HTTP/1.1" 200 27
114.84.38.109 - - [01/Jan/2023:11:02:17 +0800] "POST /xingrg/dwr/call/plaincall/AjaxCheckService.setItemNumber.dwr HTTP/1.1" 200 77
114.84.81.136 - - [01/Jan/2023:11:02:18 +0800] "POST /xingrg/dwr/call/plaincall/AjaxCheckService.setItemNumber.dwr HTTP/1.1" 200 76
114.84.81.136 - - [01/Jan/2023:11:02:18 +0800] "POST /xingrg/dwr/call/plaincall/AjaxCheckService.setItemNumber.dwr HTTP/1.1" 200 77
116.192.124.172 - - [01/Jan/2023:11:02:19 +0800] "POST /xingrg/dwr/call/plaincall/AjaxCheckService.checkOrder.dwr HTTP/1.1" 200 78
114.84.38.109 - - [01/Jan/2023:11:02:19 +0800] "POST /xingrg/dwr/call/plaincall/AjaxCheckService.setItemNumber.dwr HTTP/1.1" 200 77
114.88.159.190 - - [01/Jan/2023:11:02:20 +0800] "GET /xingrg/javascript/jquery_easy_ui/themes/default/easyui.css HTTP/1.1" 304 -
114.88.159.190 - - [01/Jan/2023:11:02:20 +0800] "GET /xingrg/javascript/jquery_easy_ui/themes/icon.css HTTP/1.1" 304 -
116.192.124.172 - - [01/Jan/2023:11:02:20 +0800] "GET /xingrg/kc/base/check_order_info.html?code=452022123100104 HTTP/1.1" 200 22858
114.88.159.190 - - [01/Jan/2023:11:02:20 +0800] "GET /xingrg/css/form.css HTTP/1.1" 304 -
116.192.124.172 - - [01/Jan/2023:11:02:20 +0800] "GET /xingrg/dwr/interface/AjaxComOrderService.js HTTP/1.1" 200 18264
116.192.124.172 - - [01/Jan/2023:11:02:20 +0800] "GET /xingrg/dwr/interface/AjaxCheckService.js HTTP/1.1" 200 14003
114.88.159.190 - - [01/Jan/2023:11:02:20 +0800] "GET /xingrg/javascript/jquery-1.4.2.min.js HTTP/1.1" 304 -
114.88.159.190 - - [01/Jan/2023:11:02:20 +0800] "GET /xingrg/index.html?sysBaseUrl=http%3A%2F%2F180.169.147.146%3A18081%2Fxingrg%2F&costTime=40×tamp=1672542084183 HTTP/1.1" 200 17509
114.88.159.190 - - [01/Jan/2023:11:02:20 +0800] "GET /xingrg/javascript/jquery_easy_ui/jquery.easyui.min.js HTTP/1.1" 304 -
116.192.124.172 - - [01/Jan/2023:11:02:20 +0800] "GET /xingrg/dwr/engine.js HTTP/1.1" 200 43631
114.84.81.136 - - [01/Jan/2023:11:02:20 +0800] "GET /xingrg/all/function/internal_message.html?_=1672542165631&CODE_STATE=getMsg HTTP/1.1" 200 27
114.88.159.190 - - [01/Jan/2023:11:02:20 +0800] "GET /xingrg/javascript/jquery_easy_ui/easyui-lang-zh_CN.js HTTP/1.1" 304 -
114.88.159.190 - - [01/Jan/2023:11:02:20 +0800] "GET /xingrg/javascript/jquery.form.js HTTP/1.1" 304 -
114.88.159.190 - - [01/Jan/2023:11:02:21 +0800] "GET /xingrg/javascript/jquery.utils.js HTTP/1.1" 304 -
114.84.81.136 - - [01/Jan/2023:11:02:21 +0800] "POST /xingrg/dwr/call/plaincall/AjaxCheckService.setItemNumber.dwr HTTP/1.1" 200 77
114.88.159.190 - - [01/Jan/2023:11:02:21 +0800] "GET /xingrg/javascript/jquery.timers.js HTTP/1.1" 304 -
116.192.124.172 - - [01/Jan/2023:11:02:21 +0800] "POST /xingrg/dwr/call/plaincall/AjaxCheckService.loadOrderItems.dwr HTTP/1.1" 200 1259
114.88.159.190 - - [01/Jan/2023:11:02:21 +0800] "GET /xingrg/images/blue/jxLogo.png HTTP/1.1" 304 -
114.88.159.190 - - [01/Jan/2023:11:02:21 +0800] "GET /xingrg/images/blue/navBackgound.jpg HTTP/1.1" 304 -
114.88.159.190 - - [01/Jan/2023:11:02:21 +0800] "GET /xingrg/javascript/jquery_easy_ui/themes/icons/settle_new.png HTTP/1.1" 304 -
114.88.159.190 - - [01/Jan/2023:11:02:21 +0800] "GET /xingrg/images/blue/pingpu.png HTTP/1.1" 304 -
114.88.159.190 - - [01/Jan/2023:11:02:21 +0800] "GET /xingrg/javascript/jquery_easy_ui/themes/default/images/tabs_leftarrow.png HTTP/1.1" 304 -
114.88.159.190 - - [01/Jan/2023:11:02:21 +0800] "POST /xingrg/all/common/load_tree.html?tree=area_rest_tree_json&manage=1 HTTP/1.1" 200 3499
114.88.159.190 - - [01/Jan/2023:11:02:21 +0800] "GET /xingrg/javascript/jquery_easy_ui/themes/default/images/tabs_rightarrow.png HTTP/1.1" 304 -
114.88.159.190 - - [01/Jan/2023:11:02:21 +0800] "GET /xingrg/javascript/jquery_easy_ui/themes/default/images/panel_tool_expand.gif HTTP/1.1" 304 -
114.88.159.190 - - [01/Jan/2023:11:02:21 +0800] "GET /xingrg/javascript/jquery_easy_ui/themes/default/images/panel_tool_collapse.gif HTTP/1.1" 304 -
114.88.159.190 - - [01/Jan/2023:11:02:21 +0800] "GET /xingrg/all/function/internal_message.html?_=1672542133542&CODE_STATE=count HTTP/1.1" 200 11
114.88.159.190 - - [01/Jan/2023:11:02:21 +0800] "GET /xingrg/check_reg.html?_=1672542133543 HTTP/1.1" 200 22
114.84.81.136 - - [01/Jan/2023:11:02:21 +0800] "POST /xingrg/dwr/call/plaincall/AjaxCheckService.setItemNumber.dwr HTTP/1.1" 200 77
114.88.159.190 - - [01/Jan/2023:11:02:21 +0800] "POST /xingrg/load_menu.html HTTP/1.1" 200 9959
114.84.81.136 - - [01/Jan/2023:11:02:22 +0800] "POST /xingrg/dwr/call/plaincall/AjaxCheckService.setItemNumber.dwr HTTP/1.1" 200 77
114.84.38.109 - - [01/Jan/2023:11:02:22 +0800] "POST /xingrg/dwr/call/plaincall/AjaxCheckService.setItemNumber.dwr HTTP/1.1" 200 77
114.84.81.136 - - [01/Jan/2023:11:02:23 +0800] "POST /xingrg/dwr/call/plaincall/AjaxCheckService.setItemNumber.dwr HTTP/1.1" 200 77
114.84.81.136 - - [01/Jan/2023:11:02:23 +0800] "POST /xingrg/dwr/call/plaincall/AjaxCheckService.setItemNumber.dwr HTTP/1.1" 200 77
114.84.81.136 - - [01/Jan/2023:11:02:24 +0800] "POST /xingrg/dwr/call/plaincall/AjaxCheckService.setItemNumber.dwr HTTP/1.1" 200 77
116.192.124.172 - - [01/Jan/2023:11:02:24 +0800] "GET /xingrg/kc/base/check_order_list.html?isBack=1 HTTP/1.1" 200 16220
116.192.124.172 - - [01/Jan/2023:11:02:24 +0800] "POST /xingrg/kc/base/check_list_operate.html HTTP/1.1" 200 4694
114.84.81.136 - - [01/Jan/2023:11:02:24 +0800] "POST /xingrg/dwr/call/plaincall/AjaxCheckService.setItemNumber.dwr HTTP/1.1" 200 77
114.88.159.190 - - [01/Jan/2023:11:02:24 +0800] "GET /xingrg/javascript/jquery_easy_ui/themes/default/images/tree_file.gif HTTP/1.1" 304 -
114.84.38.109 - - [01/Jan/2023:11:02:24 +0800] "POST /xingrg/dwr/call/plaincall/AjaxCheckService.setItemNumber.dwr HTTP/1.1" 200 77
114.84.81.136 - - [01/Jan/2023:11:02:25 +0800] "POST /xingrg/dwr/call/plaincall/AjaxCheckService.setItemNumber.dwr HTTP/1.1" 200 77
114.84.81.136 - - [01/Jan/2023:11:02:25 +0800] "POST /xingrg/dwr/call/plaincall/AjaxCheckService.setItemNumber.dwr HTTP/1.1" 200 77
114.88.159.190 - - [01/Jan/2023:11:02:25 +0800] "GET /xingrg/javascript/jquery_easy_ui/themes/default/images/tabs_close.gif HTTP/1.1" 304 -
114.88.159.190 - - [01/Jan/2023:11:02:25 +0800] "GET /xingrg/css/site.css HTTP/1.1" 304 -
114.88.159.190 - - [01/Jan/2023:11:02:25 +0800] "GET /xingrg/css/base.css HTTP/1.1" 304 -
114.88.159.190 - - [01/Jan/2023:11:02:25 +0800] "GET /xingrg/javascript/easyui/themes/default/easyui.css HTTP/1.1" 304 -
114.88.159.190 - - [01/Jan/2023:11:02:25 +0800] "GET /xingrg/javascript/jquery_tools/datebox.css HTTP/1.1" 304 -
