222.69.192.184 - - [01/Jan/2023:09:00:07 +0800] "POST /xingrg/kc/base/check_list_operate.html HTTP/1.1" 200 2835
116.238.139.35 - - [01/Jan/2023:09:00:08 +0800] "GET /xingrg/all/function/internal_message.html?_=1672534834138&CODE_STATE=getMsg HTTP/1.1" 200 27
116.230.105.139 - - [01/Jan/2023:09:00:09 +0800] "GET /xingrg/kc/base/check_order_info.html?code=452022123100147 HTTP/1.1" 200 26486
116.230.105.139 - - [01/Jan/2023:09:00:09 +0800] "GET /xingrg/dwr/interface/AjaxComOrderService.js HTTP/1.1" 200 18264
116.230.105.139 - - [01/Jan/2023:09:00:09 +0800] "GET /xingrg/dwr/interface/AjaxCheckService.js HTTP/1.1" 200 14003
116.230.105.139 - - [01/Jan/2023:09:00:09 +0800] "GET /xingrg/dwr/engine.js HTTP/1.1" 200 43631
116.230.105.139 - - [01/Jan/2023:09:00:09 +0800] "POST /xingrg/dwr/call/plaincall/AjaxCheckService.loadOrderItems.dwr HTTP/1.1" 200 5411
120.253.135.82 - - [01/Jan/2023:09:00:10 +0800] "POST /xingrg/kc/base/stock_operate.html HTTP/1.1" 200 1731
116.192.124.172 - - [01/Jan/2023:09:00:12 +0800] "GET /xingrg/all/function/internal_message.html?_=1672534838454&CODE_STATE=getMsg HTTP/1.1" 302 -
116.230.105.139 - - [01/Jan/2023:09:00:14 +0800] "GET /xingrg/kc/base/check_order_info.html?code=452022123100150 HTTP/1.1" 200 26486
116.230.105.139 - - [01/Jan/2023:09:00:14 +0800] "GET /xingrg/dwr/interface/AjaxComOrderService.js HTTP/1.1" 200 18264
116.230.105.139 - - [01/Jan/2023:09:00:14 +0800] "GET /xingrg/dwr/interface/AjaxCheckService.js HTTP/1.1" 200 14003
116.230.105.139 - - [01/Jan/2023:09:00:14 +0800] "GET /xingrg/dwr/engine.js HTTP/1.1" 200 43631
116.230.105.139 - - [01/Jan/2023:09:00:15 +0800] "POST /xingrg/dwr/call/plaincall/AjaxCheckService.loadOrderItems.dwr HTTP/1.1" 200 6247
222.69.192.184 - - [01/Jan/2023:09:00:16 +0800] "GET /xingrg/kc/base/check_order_info.html?code=452022123100182 HTTP/1.1" 200 26551
222.69.192.184 - - [01/Jan/2023:09:00:16 +0800] "GET /xingrg/dwr/interface/AjaxCheckService.js HTTP/1.1" 200 14003
222.69.192.184 - - [01/Jan/2023:09:00:16 +0800] "GET /xingrg/dwr/interface/AjaxComOrderService.js HTTP/1.1" 200 18264
222.69.192.184 - - [01/Jan/2023:09:00:16 +0800] "GET /xingrg/dwr/engine.js HTTP/1.1" 200 43631
222.69.192.184 - - [01/Jan/2023:09:00:16 +0800] "POST /xingrg/dwr/call/plaincall/AjaxCheckService.loadOrderItems.dwr HTTP/1.1" 200 53652
120.253.135.82 - - [01/Jan/2023:09:00:17 +0800] "GET /xingrg/all/function/internal_message.html?_=1672534652322&CODE_STATE=getMsg HTTP/1.1" 200 27
222.70.177.10 - - [01/Jan/2023:09:00:18 +0800] "POST /xingrg/kc/buy/cgsh_list_operate.html HTTP/1.1" 200 6380
116.230.105.139 - - [01/Jan/2023:09:00:18 +0800] "GET /xingrg/kc/base/check_order_info.html?code=452022123100154 HTTP/1.1" 200 26486
116.230.105.139 - - [01/Jan/2023:09:00:18 +0800] "GET /xingrg/dwr/interface/AjaxComOrderService.js HTTP/1.1" 200 18264
116.230.105.139 - - [01/Jan/2023:09:00:18 +0800] "GET /xingrg/dwr/interface/AjaxCheckService.js HTTP/1.1" 200 14003
116.230.105.139 - - [01/Jan/2023:09:00:18 +0800] "GET /xingrg/dwr/engine.js HTTP/1.1" 200 43631
116.230.105.139 - - [01/Jan/2023:09:00:19 +0800] "POST /xingrg/dwr/call/plaincall/AjaxCheckService.loadOrderItems.dwr HTTP/1.1" 200 21494
114.84.81.136 - - [01/Jan/2023:09:00:20 +0800] "GET /xingrg/all/function/internal_message.html?_=1672534845506&CODE_STATE=getMsg HTTP/1.1" 200 27
222.70.177.10 - - [01/Jan/2023:09:00:21 +0800] "POST /xingrg/kc/buy/cgsh_list_operate.html HTTP/1.1" 200 282
120.253.135.82 - - [01/Jan/2023:09:00:22 +0800] "GET /xingrg/all/function/internal_message.html?_=1672534306548&CODE_STATE=getMsg HTTP/1.1" 302 -
222.70.177.10 - - [01/Jan/2023:09:00:23 +0800] "GET /xingrg/all/function/internal_message.html?_=1672534845276&CODE_STATE=getMsg HTTP/1.1" 200 27
222.70.177.10 - - [01/Jan/2023:09:00:24 +0800] "GET /xingrg/kc/buy/cgsh_order_info.html?code=212022121003030 HTTP/1.1" 200 64724
222.70.177.10 - - [01/Jan/2023:09:00:24 +0800] "GET /xingrg/words/20221231094221_words.js HTTP/1.1" 304 -
222.70.177.10 - - [01/Jan/2023:09:00:24 +0800] "GET /xingrg/javascript/easyui/themes/default/validatebox.css HTTP/1.1" 404 1104
222.70.177.10 - - [01/Jan/2023:09:00:25 +0800] "POST /xingrg/kc/buy/cgsh_order_operate.html HTTP/1.1" 200 1209
222.69.192.184 - - [01/Jan/2023:09:00:28 +0800] "POST /xingrg/dwr/call/plaincall/AjaxCheckService.setItemNumber.dwr HTTP/1.1" 200 76
222.69.192.184 - - [01/Jan/2023:09:00:32 +0800] "POST /xingrg/dwr/call/plaincall/AjaxCheckService.setItemNumber.dwr HTTP/1.1" 200 76
114.84.38.109 - - [01/Jan/2023:09:00:35 +0800] "GET /xingrg/all/function/internal_message.html?_=1672534886202&CODE_STATE=getMsg HTTP/1.1" 200 27
222.69.192.184 - - [01/Jan/2023:09:00:38 +0800] "GET /xingrg/kc/buy/cgsh_order_operate.html?command=get_materiel&rest_code=00105&code=00101016030&supplier_code=00100034&order_time=2023-01-01 HTTP/1.1" 200 412
222.69.192.184 - - [01/Jan/2023:09:00:38 +0800] "POST /xingrg/dwr/call/plaincall/AjaxCheckService.setItemNumber.dwr HTTP/1.1" 200 76
116.230.105.139 - - [01/Jan/2023:09:00:38 +0800] "GET /xingrg/kc/report/report_main.html HTTP/1.1" 200 7340
116.230.105.139 - - [01/Jan/2023:09:00:39 +0800] "GET /xingrg/kc/base/kc_stocks.html HTTP/1.1" 200 16512
222.69.192.184 - - [01/Jan/2023:09:00:39 +0800] "POST /xingrg/dwr/call/plaincall/AjaxCheckService.setItemNumber.dwr HTTP/1.1" 200 76
116.230.105.139 - - [01/Jan/2023:09:00:40 +0800] "GET /xingrg/javascript/easyui/themes/default/tree.css HTTP/1.1" 404 1090
116.230.105.139 - - [01/Jan/2023:09:00:40 +0800] "GET /xingrg/all/common/auto_word.html?type=base&rest_code=00155 HTTP/1.1" 200 1807
116.230.105.139 - - [01/Jan/2023:09:00:40 +0800] "POST /xingrg/all/common/load_tree.html?tree=materiel_sort_tree_json HTTP/1.1" 200 9500
222.69.192.184 - - [01/Jan/2023:09:00:42 +0800] "GET /xingrg/all/function/internal_message.html?_=1672534867262&CODE_STATE=getMsg HTTP/1.1" 200 27
222.69.192.184 - - [01/Jan/2023:09:00:42 +0800] "POST /xingrg/dwr/call/plaincall/AjaxCheckService.setItemNumber.dwr HTTP/1.1" 200 76
222.69.192.184 - - [01/Jan/2023:09:00:43 +0800] "POST /xingrg/dwr/call/plaincall/AjaxCheckService.setItemNumber.dwr HTTP/1.1" 200 76
116.230.105.139 - - [01/Jan/2023:09:00:44 +0800] "GET /xingrg/all/function/internal_message.html?_=1672534829087&CODE_STATE=getMsg HTTP/1.1" 200 27
116.230.105.139 - - [01/Jan/2023:09:00:44 +0800] "GET /xingrg/check_reg.html?_=1672534829089 HTTP/1.1" 200 22
222.69.192.184 - - [01/Jan/2023:09:00:45 +0800] "POST /xingrg/dwr/call/plaincall/AjaxCheckService.setItemNumber.dwr HTTP/1.1" 200 76
116.230.105.139 - - [01/Jan/2023:09:00:46 +0800] "POST /xingrg/kc/base/stock_operate.html HTTP/1.1" 200 2678
116.230.105.139 - - [01/Jan/2023:09:00:49 +0800] "GET /xingrg/kc/base/stock_detail.html?m=00101019816 HTTP/1.1" 200 7359
116.230.105.139 - - [01/Jan/2023:09:00:50 +0800] "GET /xingrg/kc/base/stock_operate.html?_=1672534834798&command=get_report_file&start_day=20230101 HTTP/1.1" 200 53
116.230.105.139 - - [01/Jan/2023:09:00:50 +0800] "GET /xingrg/all/report/report_query.html?isQuery=1&onlyBody=1&rh=2000&fileName=kc/base/kc_stock_detail_new.xml&queryString=(1=1)&queryText=&tableQueryString=init_table$sp1$$sp$crk_table$sp1$order_day%20between%2020230101%20and%2020230131&varString=start_day:20230101,materiel_code:00101019816,cost_id:4042,end_date:20221130 HTTP/1.1" 200 48701
116.230.105.139 - - [01/Jan/2023:09:00:50 +0800] "GET /xingrg/dwr/interface/AjaxReportQueryService.js HTTP/1.1" 200 13203
116.230.105.139 - - [01/Jan/2023:09:00:50 +0800] "GET /xingrg/dwr/engine.js HTTP/1.1" 200 43631
116.230.105.139 - - [01/Jan/2023:09:00:50 +0800] "POST /xingrg/all/report/load_report_page.html HTTP/1.1" 200 20244
116.230.105.139 - - [01/Jan/2023:09:00:50 +0800] "GET /xingrg/servlets/image?cache=0.01711426269632421&image=px HTTP/1.1" 200 807
222.69.192.184 - - [01/Jan/2023:09:00:53 +0800] "POST /xingrg/dwr/call/plaincall/AjaxCheckService.setItemNumber.dwr HTTP/1.1" 200 76
222.69.192.184 - - [01/Jan/2023:09:00:56 +0800] "POST /xingrg/dwr/call/plaincall/AjaxCheckService.setItemNumber.dwr HTTP/1.1" 200 76
222.69.192.184 - - [01/Jan/2023:09:00:58 +0800] "POST /xingrg/dwr/call/plaincall/AjaxCheckService.setItemNumber.dwr HTTP/1.1" 200 77
116.230.105.139 - - [01/Jan/2023:09:00:59 +0800] "GET /xingrg/kc/base/stock_operate.html?_=1672534844565&command=get_report_file&start_day=20221201 HTTP/1.1" 200 53
116.230.105.139 - - [01/Jan/2023:09:00:59 +0800] "GET /xingrg/all/report/report_query.html?isQuery=1&onlyBody=1&rh=2000&fileName=kc/base/kc_stock_detail_new.xml&queryString=(1=1)&queryText=&tableQueryString=init_table$sp1$base_code='0010750'$sp$crk_table$sp1$order_day%20between%2020221201%20and%2020221231%20and%20base_code='0010750'&varString=start_day:20221201,materiel_code:00101019816,cost_id:4042,end_date:20221130 HTTP/1.1" 200 48744
116.230.105.139 - - [01/Jan/2023:09:00:59 +0800] "GET /xingrg/dwr/interface/AjaxReportQueryService.js HTTP/1.1" 200 13203
116.230.105.139 - - [01/Jan/2023:09:00:59 +0800] "GET /xingrg/dwr/engine.js HTTP/1.1" 200 43631
116.230.105.139 - - [01/Jan/2023:09:01:00 +0800] "POST /xingrg/all/report/load_report_page.html HTTP/1.1" 200 29999
116.230.105.139 - - [01/Jan/2023:09:01:00 +0800] "GET /xingrg/servlets/image?cache=0.9141290835009981&image=px HTTP/1.1" 200 807
222.69.192.184 - - [01/Jan/2023:09:01:01 +0800] "POST /xingrg/dwr/call/plaincall/AjaxCheckService.setItemNumber.dwr HTTP/1.1" 200 77
222.69.192.184 - - [01/Jan/2023:09:01:01 +0800] "GET /xingrg/kc/buy/cgsh_order_operate.html?command=get_materiel&rest_code=00105&code=00101012051&supplier_code=00100034&order_time=2023-01-01 HTTP/1.1" 200 408
222.69.192.184 - - [01/Jan/2023:09:01:03 +0800] "POST /xingrg/dwr/call/plaincall/AjaxCheckService.setItemNumber.dwr HTTP/1.1" 200 77
222.69.192.184 - - [01/Jan/2023:09:01:04 +0800] "GET /xingrg/all/function/internal_message.html?_=1672534733363&CODE_STATE=getMsg HTTP/1.1" 200 27
222.69.192.184 - - [01/Jan/2023:09:01:04 +0800] "POST /xingrg/dwr/call/plaincall/AjaxCheckService.setItemNumber.dwr HTTP/1.1" 200 77
116.230.105.139 - - [01/Jan/2023:09:01:05 +0800] "GET /xingrg/kc/guide/show_order.html?code=212022120200371&type=21 HTTP/1.1" 302 -
116.230.105.139 - - [01/Jan/2023:09:01:05 +0800] "GET /xingrg/kc/buy/cgsh_order_info.html?code=212022120200371&sysBaseUrl=http%3A%2F%2F180.169.147.146%3A18081%2Fxingrg%2F&costTime=0×tamp=1672534865224 HTTP/1.1" 200 64770
116.230.105.139 - - [01/Jan/2023:09:01:05 +0800] "GET /favicon.ico HTTP/1.1" 404 -
116.230.105.139 - - [01/Jan/2023:09:01:05 +0800] "GET /xingrg/words/20221231094221_words.js HTTP/1.1" 304 -
116.230.105.139 - - [01/Jan/2023:09:01:05 +0800] "GET /xingrg/javascript/easyui/themes/default/validatebox.css HTTP/1.1" 404 1104
116.230.105.139 - - [01/Jan/2023:09:01:06 +0800] "POST /xingrg/kc/buy/cgsh_order_operate.html HTTP/1.1" 200 615
222.69.192.184 - - [01/Jan/2023:09:01:07 +0800] "POST /xingrg/dwr/call/plaincall/AjaxCheckService.setItemNumber.dwr HTTP/1.1" 200 77
116.238.139.35 - - [01/Jan/2023:09:01:08 +0800] "GET /xingrg/all/function/internal_message.html?_=1672534894109&CODE_STATE=getMsg HTTP/1.1" 200 27
222.69.192.184 - - [01/Jan/2023:09:01:10 +0800] "POST /xingrg/dwr/call/plaincall/AjaxCheckService.setItemNumber.dwr HTTP/1.1" 200 77
116.192.124.172 - - [01/Jan/2023:09:01:12 +0800] "GET /xingrg/all/function/internal_message.html?_=1672534898440&CODE_STATE=getMsg HTTP/1.1" 302 -
222.69.192.184 - - [01/Jan/2023:09:01:13 +0800] "POST /xingrg/dwr/call/plaincall/AjaxCheckService.setItemNumber.dwr HTTP/1.1" 200 77
116.230.105.139 - - [01/Jan/2023:09:01:14 +0800] "GET /xingrg/kc/guide/show_order.html?code=422022123001555&type=42 HTTP/1.1" 302 -
116.230.105.139 - - [01/Jan/2023:09:01:14 +0800] "GET /xingrg/kc/base/wldb_order_info.html?code=422022123001555&sysBaseUrl=http%3A%2F%2F180.169.147.146%3A18081%2Fxingrg%2F&costTime=0×tamp=1672534874465 HTTP/1.1" 200 26269
116.230.105.139 - - [01/Jan/2023:09:01:14 +0800] "GET /favicon.ico HTTP/1.1" 404 -
116.230.105.139 - - [01/Jan/2023:09:01:15 +0800] "GET /xingrg/javascript/easyui/themes/default/validatebox.css HTTP/1.1" 404 1104
116.230.105.139 - - [01/Jan/2023:09:01:15 +0800] "POST /xingrg/kc/base/wldb_order_operate.html HTTP/1.1" 200 1443
120.253.135.82 - - [01/Jan/2023:09:01:17 +0800] "GET /xingrg/all/function/internal_message.html?_=1672534712336&CODE_STATE=getMsg HTTP/1.1" 200 27
222.69.192.184 - - [01/Jan/2023:09:01:20 +0800] "POST /xingrg/kc/buy/cgsh_order_operate.html HTTP/1.1" 200 37
114.84.81.136 - - [01/Jan/2023:09:01:20 +0800] "GET /xingrg/all/function/internal_message.html?_=1672534905507&CODE_STATE=getMsg HTTP/1.1" 200 27
222.69.192.184 - - [01/Jan/2023:09:01:22 +0800] "POST /xingrg/kc/buy/cgsh_order_operate.html HTTP/1.1" 200 3244
120.253.135.82 - - [01/Jan/2023:09:01:22 +0800] "GET /xingrg/all/function/internal_message.html?_=1672534366526&CODE_STATE=getMsg HTTP/1.1" 302 -
222.69.192.184 - - [01/Jan/2023:09:01:23 +0800] "POST /xingrg/dwr/call/plaincall/AjaxCheckService.setItemNumber.dwr HTTP/1.1" 200 77
222.70.177.10 - - [01/Jan/2023:09:01:23 +0800] "GET /xingrg/all/function/internal_message.html?_=1672534905273&CODE_STATE=getMsg HTTP/1.1" 200 27
222.69.192.184 - - [01/Jan/2023:09:01:27 +0800] "POST /xingrg/dwr/call/plaincall/AjaxCheckService.setItemNumber.dwr HTTP/1.1" 200 77
222.70.177.10 - - [01/Jan/2023:09:01:28 +0800] "GET /xingrg/kc/base/check_order_list.html HTTP/1.1" 200 16220
222.70.177.10 - - [01/Jan/2023:09:01:28 +0800] "POST /xingrg/kc/base/check_list_operate.html HTTP/1.1" 200 4706
222.69.192.184 - - [01/Jan/2023:09:01:29 +0800] "POST /xingrg/dwr/call/plaincall/AjaxCheckService.setItemNumber.dwr HTTP/1.1" 200 77
222.69.192.184 - - [01/Jan/2023:09:01:34 +0800] "POST /xingrg/dwr/call/plaincall/AjaxCheckService.setItemNumber.dwr HTTP/1.1" 200 77
114.84.38.109 - - [01/Jan/2023:09:01:35 +0800] "POST /xingrg/dwr/call/plaincall/AjaxCheckService.setItemNumber.dwr HTTP/1.1" 200 76
114.84.38.109 - - [01/Jan/2023:09:01:35 +0800] "GET /xingrg/all/function/internal_message.html?_=1672534946206&CODE_STATE=getMsg HTTP/1.1" 200 27
222.69.192.184 - - [01/Jan/2023:09:01:36 +0800] "POST /xingrg/dwr/call/plaincall/AjaxCheckService.setItemNumber.dwr HTTP/1.1" 200 77
114.84.38.109 - - [01/Jan/2023:09:01:37 +0800] "POST /xingrg/dwr/call/plaincall/AjaxCheckService.setItemNumber.dwr HTTP/1.1" 200 76
222.70.177.10 - - [01/Jan/2023:09:01:40 +0800] "GET /xingrg/kc/base/check_order_info.html?code=452022123100239 HTTP/1.1" 200 26404
222.70.177.10 - - [01/Jan/2023:09:01:40 +0800] "GET /xingrg/dwr/interface/AjaxComOrderService.js HTTP/1.1" 200 18264
222.70.177.10 - - [01/Jan/2023:09:01:40 +0800] "GET /xingrg/dwr/interface/AjaxCheckService.js HTTP/1.1" 200 14003
222.70.177.10 - - [01/Jan/2023:09:01:40 +0800] "GET /xingrg/dwr/engine.js HTTP/1.1" 200 43631
222.69.192.184 - - [01/Jan/2023:09:01:40 +0800] "POST /xingrg/dwr/call/plaincall/AjaxCheckService.setItemNumber.dwr HTTP/1.1" 200 77
222.70.177.10 - - [01/Jan/2023:09:01:41 +0800] "POST /xingrg/dwr/call/plaincall/AjaxCheckService.loadOrderItems.dwr HTTP/1.1" 200 130201
116.230.105.139 - - [01/Jan/2023:09:01:41 +0800] "POST /xingrg/kc/base/stock_operate.html HTTP/1.1" 200 1471
222.69.192.184 - - [01/Jan/2023:09:01:42 +0800] "GET /xingrg/all/function/internal_message.html?_=1672534927236&CODE_STATE=getMsg HTTP/1.1" 200 27
116.230.105.139 - - [01/Jan/2023:09:01:42 +0800] "GET /xingrg/kc/base/stock_detail.html?m=00101019368 HTTP/1.1" 200 7363
222.69.192.184 - - [01/Jan/2023:09:01:42 +0800] "POST /xingrg/dwr/call/plaincall/AjaxCheckService.setItemNumber.dwr HTTP/1.1" 200 77
222.69.192.184 - - [01/Jan/2023:09:01:44 +0800] "POST /xingrg/dwr/call/plaincall/AjaxCheckService.setItemNumber.dwr HTTP/1.1" 200 77
116.230.105.139 - - [01/Jan/2023:09:01:44 +0800] "GET /xingrg/all/function/internal_message.html?_=1672534889078&CODE_STATE=getMsg HTTP/1.1" 200 27
222.69.192.184 - - [01/Jan/2023:09:01:45 +0800] "POST /xingrg/dwr/call/plaincall/AjaxCheckService.setItemNumber.dwr HTTP/1.1" 200 77
222.70.177.10 - - [01/Jan/2023:09:01:45 +0800] "POST /xingrg/dwr/call/plaincall/AjaxCheckService.setItemNumber.dwr HTTP/1.1" 200 76
222.69.192.184 - - [01/Jan/2023:09:01:46 +0800] "POST /xingrg/dwr/call/plaincall/AjaxCheckService.setItemNumber.dwr HTTP/1.1" 200 77
114.84.38.109 - - [01/Jan/2023:09:01:47 +0800] "POST /xingrg/dwr/call/plaincall/AjaxCheckService.checkOrder.dwr HTTP/1.1" 200 78
114.84.38.109 - - [01/Jan/2023:09:01:49 +0800] "GET /xingrg/kc/base/check_order_info.html?code=452022123100215 HTTP/1.1" 200 22864
114.84.38.109 - - [01/Jan/2023:09:01:49 +0800] "GET /xingrg/dwr/interface/AjaxCheckService.js HTTP/1.1" 200 14003
114.84.38.109 - - [01/Jan/2023:09:01:49 +0800] "GET /xingrg/dwr/interface/AjaxComOrderService.js HTTP/1.1" 200 18264
114.84.38.109 - - [01/Jan/2023:09:01:49 +0800] "GET /xingrg/dwr/engine.js HTTP/1.1" 200 43631
222.69.192.184 - - [01/Jan/2023:09:01:49 +0800] "POST /xingrg/dwr/call/plaincall/AjaxCheckService.setItemNumber.dwr HTTP/1.1" 200 77
114.84.38.109 - - [01/Jan/2023:09:01:49 +0800] "POST /xingrg/dwr/call/plaincall/AjaxCheckService.loadOrderItems.dwr HTTP/1.1" 200 941
222.70.177.10 - - [01/Jan/2023:09:01:49 +0800] "POST /xingrg/dwr/call/plaincall/AjaxCheckService.setItemNumber.dwr HTTP/1.1" 200 76
222.69.192.184 - - [01/Jan/2023:09:01:49 +0800] "POST /xingrg/dwr/call/plaincall/AjaxCheckService.setItemNumber.dwr HTTP/1.1" 200 77
116.230.105.139 - - [01/Jan/2023:09:01:50 +0800] "GET /xingrg/kc/base/stock_operate.html?_=1672534895242&command=get_report_file&start_day=20221201 HTTP/1.1" 200 53
116.230.105.139 - - [01/Jan/2023:09:01:50 +0800] "GET /xingrg/all/report/report_query.html?isQuery=1&onlyBody=1&rh=2000&fileName=kc/base/kc_stock_detail_new.xml&queryString=(1=1)&queryText=&tableQueryString=init_table$sp1$base_code='0010750'$sp$crk_table$sp1$order_day%20between%2020221201%20and%2020221231%20and%20base_code='0010750'&varString=start_day:20221201,materiel_code:00101019368,cost_id:4042,end_date:20221130 HTTP/1.1" 200 48744
116.230.105.139 - - [01/Jan/2023:09:01:50 +0800] "GET /xingrg/dwr/interface/AjaxReportQueryService.js HTTP/1.1" 200 13203
116.230.105.139 - - [01/Jan/2023:09:01:50 +0800] "GET /xingrg/dwr/engine.js HTTP/1.1" 200 43631
116.230.105.139 - - [01/Jan/2023:09:01:51 +0800] "POST /xingrg/all/report/load_report_page.html HTTP/1.1" 200 25144
116.230.105.139 - - [01/Jan/2023:09:01:51 +0800] "GET /xingrg/servlets/image?cache=0.37690958120554463&image=px HTTP/1.1" 200 807
222.70.177.10 - - [01/Jan/2023:09:01:52 +0800] "POST /xingrg/dwr/call/plaincall/AjaxCheckService.setItemNumber.dwr HTTP/1.1" 200 76
114.84.38.109 - - [01/Jan/2023:09:01:53 +0800] "POST /xingrg/kc/base/check_list_operate.html HTTP/1.1" 200 4790
116.230.105.139 - - [01/Jan/2023:09:01:53 +0800] "GET /xingrg/kc/guide/show_order.html?code=422022121601313&type=42 HTTP/1.1" 302 -
116.230.105.139 - - [01/Jan/2023:09:01:53 +0800] "GET /xingrg/kc/base/wldb_order_info.html?code=422022121601313&sysBaseUrl=http%3A%2F%2F180.169.147.146%3A18081%2Fxingrg%2F&costTime=0×tamp=1672534913819 HTTP/1.1" 200 26271
116.230.105.139 - - [01/Jan/2023:09:01:54 +0800] "GET /favicon.ico HTTP/1.1" 404 -
222.69.192.184 - - [01/Jan/2023:09:01:54 +0800] "POST /xingrg/dwr/call/plaincall/AjaxCheckService.setItemNumber.dwr HTTP/1.1" 200 77
116.230.105.139 - - [01/Jan/2023:09:01:54 +0800] "GET /xingrg/javascript/easyui/themes/default/validatebox.css HTTP/1.1" 404 1104
116.230.105.139 - - [01/Jan/2023:09:01:54 +0800] "POST /xingrg/kc/base/wldb_order_operate.html HTTP/1.1" 200 6321
222.69.192.184 - - [01/Jan/2023:09:01:56 +0800] "POST /xingrg/dwr/call/plaincall/AjaxCheckService.setItemNumber.dwr HTTP/1.1" 200 77
114.84.38.109 - - [01/Jan/2023:09:01:56 +0800] "GET /xingrg/kc/base/check_order_info.html?code=452022123100216 HTTP/1.1" 200 26400
114.84.38.109 - - [01/Jan/2023:09:01:56 +0800] "GET /xingrg/dwr/interface/AjaxCheckService.js HTTP/1.1" 200 14003
114.84.38.109 - - [01/Jan/2023:09:01:56 +0800] "GET /xingrg/dwr/interface/AjaxComOrderService.js HTTP/1.1" 200 18264
114.84.38.109 - - [01/Jan/2023:09:01:56 +0800] "GET /xingrg/dwr/engine.js HTTP/1.1" 200 43631
114.84.38.109 - - [01/Jan/2023:09:01:56 +0800] "POST /xingrg/dwr/call/plaincall/AjaxCheckService.loadOrderItems.dwr HTTP/1.1" 200 12488
222.69.192.184 - - [01/Jan/2023:09:01:58 +0800] "POST /xingrg/dwr/call/plaincall/AjaxCheckService.setItemNumber.dwr HTTP/1.1" 200 77
120.253.135.82 - - [01/Jan/2023:09:01:59 +0800] "GET /xingrg/check_reg.html?_=1672534754895 HTTP/1.1" 200 22
114.84.38.109 - - [01/Jan/2023:09:02:01 +0800] "POST /xingrg/dwr/call/plaincall/AjaxCheckService.setItemNumber.dwr HTTP/1.1" 200 76
222.69.192.184 - - [01/Jan/2023:09:02:02 +0800] "POST /xingrg/kc/buy/cgsh_order_operate.html HTTP/1.1" 200 37
222.70.177.10 - - [01/Jan/2023:09:02:03 +0800] "POST /xingrg/dwr/call/plaincall/AjaxCheckService.setItemNumber.dwr HTTP/1.1" 200 76
114.84.38.109 - - [01/Jan/2023:09:02:03 +0800] "POST /xingrg/dwr/call/plaincall/AjaxCheckService.setItemNumber.dwr HTTP/1.1" 200 76
222.69.192.184 - - [01/Jan/2023:09:02:03 +0800] "POST /xingrg/dwr/call/plaincall/AjaxCheckService.setItemNumber.dwr HTTP/1.1" 200 77
222.69.192.184 - - [01/Jan/2023:09:02:03 +0800] "POST /xingrg/kc/buy/cgsh_order_operate.html HTTP/1.1" 200 3244
222.69.192.184 - - [01/Jan/2023:09:02:04 +0800] "GET /xingrg/all/function/internal_message.html?_=1672534793420&CODE_STATE=getMsg HTTP/1.1" 200 27
114.84.38.109 - - [01/Jan/2023:09:02:04 +0800] "POST /xingrg/dwr/call/plaincall/AjaxCheckService.setItemNumber.dwr HTTP/1.1" 200 76
222.69.192.184 - - [01/Jan/2023:09:02:04 +0800] "POST /xingrg/dwr/call/plaincall/AjaxCheckService.setItemNumber.dwr HTTP/1.1" 200 77
222.69.192.184 - - [01/Jan/2023:09:02:04 +0800] "POST /xingrg/dwr/call/plaincall/AjaxCheckService.setItemNumber.dwr HTTP/1.1" 200 77
114.84.38.109 - - [01/Jan/2023:09:02:05 +0800] "POST /xingrg/dwr/call/plaincall/AjaxCheckService.setItemNumber.dwr HTTP/1.1" 200 76
114.84.38.109 - - [01/Jan/2023:09:02:06 +0800] "POST /xingrg/dwr/call/plaincall/AjaxCheckService.setItemNumber.dwr HTTP/1.1" 200 76
222.70.177.10 - - [01/Jan/2023:09:02:06 +0800] "POST /xingrg/dwr/call/plaincall/AjaxCheckService.setItemNumber.dwr HTTP/1.1" 200 76
222.69.192.184 - - [01/Jan/2023:09:02:06 +0800] "GET /xingrg/kc/print/load_config.html?kc_code=cgsh HTTP/1.1" 200 1943
222.69.192.184 - - [01/Jan/2023:09:02:06 +0800] "GET /xingrg/kc/print/load_data.html?order_code=212023010100003&kc_code=cgsh&condition= HTTP/1.1" 200 935
114.84.38.109 - - [01/Jan/2023:09:02:08 +0800] "POST /xingrg/dwr/call/plaincall/AjaxCheckService.setItemNumber.dwr HTTP/1.1" 200 76
116.238.139.35 - - [01/Jan/2023:09:02:08 +0800] "GET /xingrg/all/function/internal_message.html?_=1672534954079&CODE_STATE=getMsg HTTP/1.1" 200 27
222.69.192.184 - - [01/Jan/2023:09:02:09 +0800] "POST /xingrg/dwr/call/plaincall/AjaxCheckService.setItemNumber.dwr HTTP/1.1" 200 77
222.70.177.10 - - [01/Jan/2023:09:02:09 +0800] "POST /xingrg/dwr/call/plaincall/AjaxCheckService.setItemNumber.dwr HTTP/1.1" 200 76
114.84.38.109 - - [01/Jan/2023:09:02:09 +0800] "POST /xingrg/dwr/call/plaincall/AjaxCheckService.setItemNumber.dwr HTTP/1.1" 200 76
222.69.192.184 - - [01/Jan/2023:09:02:10 +0800] "POST /xingrg/dwr/call/plaincall/AjaxCheckService.setItemNumber.dwr HTTP/1.1" 200 77
120.253.135.82 - - [01/Jan/2023:09:02:11 +0800] "POST /xingrg/kc/base/stock_operate.html HTTP/1.1" 200 1744
114.84.38.109 - - [01/Jan/2023:09:02:11 +0800] "POST /xingrg/dwr/call/plaincall/AjaxCheckService.setItemNumber.dwr HTTP/1.1" 200 76
222.70.177.10 - - [01/Jan/2023:09:02:11 +0800] "POST /xingrg/dwr/call/plaincall/AjaxCheckService.setItemNumber.dwr HTTP/1.1" 200 76
116.192.124.172 - - [01/Jan/2023:09:02:12 +0800] "GET /xingrg/all/function/internal_message.html?_=1672534958415&CODE_STATE=getMsg HTTP/1.1" 302 -
222.69.192.184 - - [01/Jan/2023:09:02:13 +0800] "POST /xingrg/dwr/call/plaincall/AjaxCheckService.setItemNumber.dwr HTTP/1.1" 200 77
114.84.38.109 - - [01/Jan/2023:09:02:13 +0800] "POST /xingrg/dwr/call/plaincall/AjaxCheckService.setItemNumber.dwr HTTP/1.1" 200 76
222.69.192.184 - - [01/Jan/2023:09:02:14 +0800] "POST /xingrg/dwr/call/plaincall/AjaxCheckService.setItemNumber.dwr HTTP/1.1" 200 77
222.70.177.10 - - [01/Jan/2023:09:02:15 +0800] "POST /xingrg/dwr/call/plaincall/AjaxCheckService.setItemNumber.dwr HTTP/1.1" 200 76
222.69.192.184 - - [01/Jan/2023:09:02:16 +0800] "POST /xingrg/dwr/call/plaincall/AjaxCheckService.setItemNumber.dwr HTTP/1.1" 200 77
120.253.135.82 - - [01/Jan/2023:09:02:17 +0800] "GET /xingrg/all/function/internal_message.html?_=1672534772348&CODE_STATE=getMsg HTTP/1.1" 200 27
114.84.38.109 - - [01/Jan/2023:09:02:17 +0800] "POST /xingrg/dwr/call/plaincall/AjaxCheckService.setItemNumber.dwr HTTP/1.1" 200 77
116.230.105.139 - - [01/Jan/2023:09:02:18 +0800] "GET /xingrg/kc/base/stock_operate.html?_=1672534923039&command=get_report_file&start_day=20221201 HTTP/1.1" 200 53
116.230.105.139 - - [01/Jan/2023:09:02:18 +0800] "GET /xingrg/all/report/report_query.html?isQuery=1&onlyBody=1&rh=2000&fileName=kc/base/kc_stock_detail_new.xml&queryString=(1=1)&queryText=&tableQueryString=init_table$sp1$$sp$crk_table$sp1$order_day%20between%2020221201%20and%2020221231&varString=start_day:20221201,materiel_code:00101019368,cost_id:4042,end_date:20221130 HTTP/1.1" 200 48701
116.230.105.139 - - [01/Jan/2023:09:02:18 +0800] "GET /xingrg/dwr/interface/AjaxReportQueryService.js HTTP/1.1" 200 13203
116.230.105.139 - - [01/Jan/2023:09:02:18 +0800] "GET /xingrg/dwr/engine.js HTTP/1.1" 200 43631
116.230.105.139 - - [01/Jan/2023:09:02:19 +0800] "POST /xingrg/all/report/load_report_page.html HTTP/1.1" 200 34941
116.230.105.139 - - [01/Jan/2023:09:02:19 +0800] "GET /xingrg/servlets/image?cache=0.29220125157083277&image=px HTTP/1.1" 200 807
114.84.81.136 - - [01/Jan/2023:09:02:20 +0800] "GET /xingrg/all/function/internal_message.html?_=1672534965507&CODE_STATE=getMsg HTTP/1.1" 200 27
114.84.38.109 - - [01/Jan/2023:09:02:21 +0800] "POST /xingrg/dwr/call/plaincall/AjaxCheckService.setItemNumber.dwr HTTP/1.1" 200 77
222.70.177.10 - - [01/Jan/2023:09:02:22 +0800] "POST /xingrg/dwr/call/plaincall/AjaxCheckService.setItemNumber.dwr HTTP/1.1" 200 76
114.84.38.109 - - [01/Jan/2023:09:02:22 +0800] "POST /xingrg/dwr/call/plaincall/AjaxCheckService.setItemNumber.dwr HTTP/1.1" 200 77
120.253.135.82 - - [01/Jan/2023:09:02:22 +0800] "GET /xingrg/all/function/internal_message.html?_=1672534426494&CODE_STATE=getMsg HTTP/1.1" 302 -
114.84.38.109 - - [01/Jan/2023:09:02:23 +0800] "POST /xingrg/dwr/call/plaincall/AjaxCheckService.setItemNumber.dwr HTTP/1.1" 200 77
222.70.177.10 - - [01/Jan/2023:09:02:23 +0800] "GET /xingrg/check_reg.html?_=1672534965309 HTTP/1.1" 200 22
222.70.177.10 - - [01/Jan/2023:09:02:23 +0800] "GET /xingrg/all/function/internal_message.html?_=1672534965309&CODE_STATE=getMsg HTTP/1.1" 200 27
222.70.177.10 - - [01/Jan/2023:09:02:24 +0800] "POST /xingrg/dwr/call/plaincall/AjaxCheckService.setItemNumber.dwr HTTP/1.1" 200 77
114.84.38.109 - - [01/Jan/2023:09:02:24 +0800] "POST /xingrg/dwr/call/plaincall/AjaxCheckService.setItemNumber.dwr HTTP/1.1" 200 77
222.70.177.10 - - [01/Jan/2023:09:02:26 +0800] "POST /xingrg/dwr/call/plaincall/AjaxCheckService.setItemNumber.dwr HTTP/1.1" 200 77
222.70.177.10 - - [01/Jan/2023:09:02:27 +0800] "POST /xingrg/dwr/call/plaincall/AjaxCheckService.setItemNumber.dwr HTTP/1.1" 200 77
114.84.38.109 - - [01/Jan/2023:09:02:29 +0800] "POST /xingrg/dwr/call/plaincall/AjaxCheckService.setItemNumber.dwr HTTP/1.1" 200 77
222.70.177.10 - - [01/Jan/2023:09:02:29 +0800] "POST /xingrg/dwr/call/plaincall/AjaxCheckService.setItemNumber.dwr HTTP/1.1" 200 77
120.253.135.82 - - [01/Jan/2023:09:02:31 +0800] "GET /xingrg/check_reg.html?_=1672534435007 HTTP/1.1" 302 -
222.70.177.10 - - [01/Jan/2023:09:02:31 +0800] "POST /xingrg/dwr/call/plaincall/AjaxCheckService.setItemNumber.dwr HTTP/1.1" 200 77
222.70.177.10 - - [01/Jan/2023:09:02:32 +0800] "POST /xingrg/dwr/call/plaincall/AjaxCheckService.setItemNumber.dwr HTTP/1.1" 200 77
222.70.177.10 - - [01/Jan/2023:09:02:34 +0800] "POST /xingrg/dwr/call/plaincall/AjaxCheckService.setItemNumber.dwr HTTP/1.1" 200 77
114.84.38.109 - - [01/Jan/2023:09:02:34 +0800] "POST /xingrg/dwr/call/plaincall/AjaxCheckService.setItemNumber.dwr HTTP/1.1" 200 77
114.84.38.109 - - [01/Jan/2023:09:02:35 +0800] "GET /xingrg/all/function/internal_message.html?_=1672535006219&CODE_STATE=getMsg HTTP/1.1" 200 27
114.84.38.109 - - [01/Jan/2023:09:02:36 +0800] "POST /xingrg/dwr/call/plaincall/AjaxCheckService.setItemNumber.dwr HTTP/1.1" 200 77
222.70.177.10 - - [01/Jan/2023:09:02:36 +0800] "POST /xingrg/dwr/call/plaincall/AjaxCheckService.setItemNumber.dwr HTTP/1.1" 200 77
222.70.177.10 - - [01/Jan/2023:09:02:39 +0800] "POST /xingrg/dwr/call/plaincall/AjaxCheckService.setItemNumber.dwr HTTP/1.1" 200 77
114.84.38.109 - - [01/Jan/2023:09:02:40 +0800] "POST /xingrg/dwr/call/plaincall/AjaxCheckService.setItemNumber.dwr HTTP/1.1" 200 77
222.69.192.184 - - [01/Jan/2023:09:02:42 +0800] "GET /xingrg/all/function/internal_message.html?_=1672534987220&CODE_STATE=getMsg HTTP/1.1" 200 27
222.70.177.10 - - [01/Jan/2023:09:02:42 +0800] "POST /xingrg/dwr/call/plaincall/AjaxCheckService.setItemNumber.dwr HTTP/1.1" 200 77
116.230.105.139 - - [01/Jan/2023:09:02:42 +0800] "POST /xingrg/kc/base/stock_operate.html HTTP/1.1" 200 6266
114.84.38.109 - - [01/Jan/2023:09:02:43 +0800] "POST /xingrg/dwr/call/plaincall/AjaxCheckService.setItemNumber.dwr HTTP/1.1" 200 77
116.230.105.139 - - [01/Jan/2023:09:02:44 +0800] "GET /xingrg/all/function/internal_message.html?_=1672534949059&CODE_STATE=getMsg HTTP/1.1" 200 27
116.230.105.139 - - [01/Jan/2023:09:02:44 +0800] "GET /xingrg/kc/base/stock_detail.html?m=00101023022 HTTP/1.1" 200 7357
222.70.177.10 - - [01/Jan/2023:09:02:45 +0800] "POST /xingrg/dwr/call/plaincall/AjaxCheckService.setItemNumber.dwr HTTP/1.1" 200 77
222.70.177.10 - - [01/Jan/2023:09:02:48 +0800] "POST /xingrg/dwr/call/plaincall/AjaxCheckService.setItemNumber.dwr HTTP/1.1" 200 77
222.70.177.10 - - [01/Jan/2023:09:02:50 +0800] "POST /xingrg/dwr/call/plaincall/AjaxCheckService.setItemNumber.dwr HTTP/1.1" 200 77
116.230.105.139 - - [01/Jan/2023:09:02:51 +0800] "GET /xingrg/kc/base/stock_operate.html?_=1672534955882&command=get_report_file&start_day=20221201 HTTP/1.1" 200 53
116.230.105.139 - - [01/Jan/2023:09:02:51 +0800] "GET /xingrg/all/report/report_query.html?isQuery=1&onlyBody=1&rh=2000&fileName=kc/base/kc_stock_detail_new.xml&queryString=(1=1)&queryText=&tableQueryString=init_table$sp1$base_code='0010750'$sp$crk_table$sp1$order_day%20between%2020221201%20and%2020221231%20and%20base_code='0010750'&varString=start_day:20221201,materiel_code:00101023022,cost_id:4042,end_date:20221130 HTTP/1.1" 200 48744
116.230.105.139 - - [01/Jan/2023:09:02:51 +0800] "GET /xingrg/dwr/interface/AjaxReportQueryService.js HTTP/1.1" 200 13203
116.230.105.139 - - [01/Jan/2023:09:02:51 +0800] "GET /xingrg/dwr/engine.js HTTP/1.1" 200 43631
222.70.177.10 - - [01/Jan/2023:09:02:51 +0800] "POST /xingrg/dwr/call/plaincall/AjaxCheckService.setItemNumber.dwr HTTP/1.1" 200 77
116.230.105.139 - - [01/Jan/2023:09:02:51 +0800] "POST /xingrg/all/report/load_report_page.html HTTP/1.1" 200 59338
116.230.105.139 - - [01/Jan/2023:09:02:51 +0800] "GET /xingrg/servlets/image?cache=0.006738954695379107&image=px HTTP/1.1" 200 807
222.70.177.10 - - [01/Jan/2023:09:02:54 +0800] "POST /xingrg/dwr/call/plaincall/AjaxCheckService.setItemNumber.dwr HTTP/1.1" 200 77
222.70.177.10 - - [01/Jan/2023:09:02:57 +0800] "POST /xingrg/dwr/call/plaincall/AjaxCheckService.setItemNumber.dwr HTTP/1.1" 200 77
222.70.177.10 - - [01/Jan/2023:09:03:02 +0800] "POST /xingrg/dwr/call/plaincall/AjaxCheckService.setItemNumber.dwr HTTP/1.1" 200 77
222.70.177.10 - - [01/Jan/2023:09:03:03 +0800] "POST /xingrg/dwr/call/plaincall/AjaxCheckService.setItemNumber.dwr HTTP/1.1" 200 77
222.69.192.184 - - [01/Jan/2023:09:03:04 +0800] "GET /xingrg/all/function/internal_message.html?_=1672534853397&CODE_STATE=getMsg HTTP/1.1" 200 27
222.70.177.10 - - [01/Jan/2023:09:03:04 +0800] "POST /xingrg/dwr/call/plaincall/AjaxCheckService.setItemNumber.dwr HTTP/1.1" 200 77
120.253.135.82 - - [01/Jan/2023:09:03:05 +0800] "POST /xingrg/kc/base/stock_operate.html HTTP/1.1" 200 1736
222.70.177.10 - - [01/Jan/2023:09:03:06 +0800] "POST /xingrg/dwr/call/plaincall/AjaxCheckService.setItemNumber.dwr HTTP/1.1" 200 77
222.70.177.10 - - [01/Jan/2023:09:03:07 +0800] "POST /xingrg/dwr/call/plaincall/AjaxCheckService.setItemNumber.dwr HTTP/1.1" 200 77
116.230.105.139 - - [01/Jan/2023:09:03:08 +0800] "POST /xingrg/kc/base/stock_operate.html HTTP/1.1" 200 6175
116.238.139.35 - - [01/Jan/2023:09:03:08 +0800] "GET /xingrg/all/function/internal_message.html?_=1672535014050&CODE_STATE=getMsg HTTP/1.1" 200 27
116.238.139.35 - - [01/Jan/2023:09:03:08 +0800] "GET /xingrg/check_reg.html?_=1672535014553 HTTP/1.1" 200 22
222.70.177.10 - - [01/Jan/2023:09:03:09 +0800] "POST /xingrg/dwr/call/plaincall/AjaxCheckService.setItemNumber.dwr HTTP/1.1" 200 77
222.70.177.10 - - [01/Jan/2023:09:03:11 +0800] "POST /xingrg/dwr/call/plaincall/AjaxCheckService.setItemNumber.dwr HTTP/1.1" 200 77
222.70.177.10 - - [01/Jan/2023:09:03:12 +0800] "POST /xingrg/dwr/call/plaincall/AjaxCheckService.setItemNumber.dwr HTTP/1.1" 200 77
116.230.105.139 - - [01/Jan/2023:09:03:12 +0800] "GET /xingrg/kc/base/stock_detail.html?m=00101009118 HTTP/1.1" 200 7357
116.192.124.172 - - [01/Jan/2023:09:03:12 +0800] "GET /xingrg/all/function/internal_message.html?_=1672535018402&CODE_STATE=getMsg HTTP/1.1" 302 -
222.70.177.10 - - [01/Jan/2023:09:03:13 +0800] "POST /xingrg/dwr/call/plaincall/AjaxCheckService.setItemNumber.dwr HTTP/1.1" 200 77
222.70.177.10 - - [01/Jan/2023:09:03:16 +0800] "POST /xingrg/dwr/call/plaincall/AjaxCheckService.setItemNumber.dwr HTTP/1.1" 200 77
120.253.135.82 - - [01/Jan/2023:09:03:17 +0800] "GET /xingrg/all/function/internal_message.html?_=1672534832363&CODE_STATE=getMsg HTTP/1.1" 200 27
222.70.177.10 - - [01/Jan/2023:09:03:18 +0800] "POST /xingrg/dwr/call/plaincall/AjaxCheckService.setItemNumber.dwr HTTP/1.1" 200 77
116.230.105.139 - - [01/Jan/2023:09:03:19 +0800] "GET /xingrg/kc/base/stock_operate.html?_=1672534984398&command=get_report_file&start_day=20221201 HTTP/1.1" 200 53
116.230.105.139 - - [01/Jan/2023:09:03:19 +0800] "GET /xingrg/all/report/report_query.html?isQuery=1&onlyBody=1&rh=2000&fileName=kc/base/kc_stock_detail_new.xml&queryString=(1=1)&queryText=&tableQueryString=init_table$sp1$base_code='0010750'$sp$crk_table$sp1$order_day%20between%2020221201%20and%2020221231%20and%20base_code='0010750'&varString=start_day:20221201,materiel_code:00101009118,cost_id:4042,end_date:20221130 HTTP/1.1" 200 48744
116.230.105.139 - - [01/Jan/2023:09:03:19 +0800] "GET /xingrg/dwr/interface/AjaxReportQueryService.js HTTP/1.1" 200 13203
116.230.105.139 - - [01/Jan/2023:09:03:19 +0800] "GET /xingrg/dwr/engine.js HTTP/1.1" 200 43631
116.230.105.139 - - [01/Jan/2023:09:03:20 +0800] "POST /xingrg/all/report/load_report_page.html HTTP/1.1" 200 69128
222.70.177.10 - - [01/Jan/2023:09:03:20 +0800] "POST /xingrg/dwr/call/plaincall/AjaxCheckService.setItemNumber.dwr HTTP/1.1" 200 77
116.230.105.139 - - [01/Jan/2023:09:03:20 +0800] "GET /xingrg/servlets/image?cache=0.49893718313343016&image=px HTTP/1.1" 200 807
114.84.81.136 - - [01/Jan/2023:09:03:20 +0800] "GET /xingrg/check_reg.html?_=1672535025508 HTTP/1.1" 200 22
114.84.81.136 - - [01/Jan/2023:09:03:20 +0800] "GET /xingrg/all/function/internal_message.html?_=1672535025511&CODE_STATE=getMsg HTTP/1.1" 200 27
120.253.135.82 - - [01/Jan/2023:09:03:22 +0800] "GET /xingrg/all/function/internal_message.html?_=1672534486488&CODE_STATE=getMsg HTTP/1.1" 302 -
222.70.177.10 - - [01/Jan/2023:09:03:22 +0800] "POST /xingrg/dwr/call/plaincall/AjaxCheckService.setItemNumber.dwr HTTP/1.1" 200 77
222.70.177.10 - - [01/Jan/2023:09:03:23 +0800] "GET /xingrg/all/function/internal_message.html?_=1672535025287&CODE_STATE=getMsg HTTP/1.1" 200 27
222.70.177.10 - - [01/Jan/2023:09:03:27 +0800] "POST /xingrg/dwr/call/plaincall/AjaxCheckService.setItemNumber.dwr HTTP/1.1" 200 77
222.70.177.10 - - [01/Jan/2023:09:03:30 +0800] "POST /xingrg/dwr/call/plaincall/AjaxCheckService.setItemNumber.dwr HTTP/1.1" 200 77
114.84.38.109 - - [01/Jan/2023:09:03:33 +0800] "POST /xingrg/dwr/call/plaincall/AjaxCheckService.checkOrder.dwr HTTP/1.1" 200 79
114.84.38.109 - - [01/Jan/2023:09:03:34 +0800] "GET /xingrg/kc/base/check_order_info.html?code=452022123100216 HTTP/1.1" 200 22864
114.84.38.109 - - [01/Jan/2023:09:03:34 +0800] "GET /xingrg/dwr/interface/AjaxComOrderService.js HTTP/1.1" 200 18264
114.84.38.109 - - [01/Jan/2023:09:03:34 +0800] "GET /xingrg/dwr/interface/AjaxCheckService.js HTTP/1.1" 200 14003
114.84.38.109 - - [01/Jan/2023:09:03:34 +0800] "GET /xingrg/dwr/engine.js HTTP/1.1" 200 43631
114.84.38.109 - - [01/Jan/2023:09:03:34 +0800] "GET /xingrg/check_reg.html?_=1672535065057 HTTP/1.1" 200 22
114.84.38.109 - - [01/Jan/2023:09:03:34 +0800] "POST /xingrg/dwr/call/plaincall/AjaxCheckService.loadOrderItems.dwr HTTP/1.1" 200 6077
222.70.177.10 - - [01/Jan/2023:09:03:35 +0800] "POST /xingrg/dwr/call/plaincall/AjaxCheckService.setItemNumber.dwr HTTP/1.1" 200 77
114.84.38.109 - - [01/Jan/2023:09:03:35 +0800] "GET /xingrg/all/function/internal_message.html?_=1672535066233&CODE_STATE=getMsg HTTP/1.1" 200 27
222.70.177.10 - - [01/Jan/2023:09:03:38 +0800] "POST /xingrg/dwr/call/plaincall/AjaxCheckService.setItemNumber.dwr HTTP/1.1" 200 77
114.84.38.109 - - [01/Jan/2023:09:03:39 +0800] "POST /xingrg/kc/base/check_list_operate.html HTTP/1.1" 200 4606
222.69.192.184 - - [01/Jan/2023:09:03:42 +0800] "GET /xingrg/all/function/internal_message.html?_=1672535047193&CODE_STATE=getMsg HTTP/1.1" 200 27
222.70.177.10 - - [01/Jan/2023:09:03:42 +0800] "POST /xingrg/dwr/call/plaincall/AjaxCheckService.setItemNumber.dwr HTTP/1.1" 200 77
114.84.38.109 - - [01/Jan/2023:09:03:42 +0800] "GET /xingrg/kc/base/check_order_info.html?code=452022123100213 HTTP/1.1" 200 26400
114.84.38.109 - - [01/Jan/2023:09:03:42 +0800] "GET /xingrg/dwr/interface/AjaxCheckService.js HTTP/1.1" 200 14003
114.84.38.109 - - [01/Jan/2023:09:03:42 +0800] "GET /xingrg/dwr/interface/AjaxComOrderService.js HTTP/1.1" 200 18264
114.84.38.109 - - [01/Jan/2023:09:03:42 +0800] "GET /xingrg/dwr/engine.js HTTP/1.1" 200 43631
114.84.38.109 - - [01/Jan/2023:09:03:43 +0800] "POST /xingrg/dwr/call/plaincall/AjaxCheckService.loadOrderItems.dwr HTTP/1.1" 200 99684
222.70.177.10 - - [01/Jan/2023:09:03:44 +0800] "POST /xingrg/dwr/call/plaincall/AjaxCheckService.setItemNumber.dwr HTTP/1.1" 200 77
116.230.105.139 - - [01/Jan/2023:09:03:44 +0800] "GET /xingrg/all/function/internal_message.html?_=1672535009071&CODE_STATE=getMsg HTTP/1.1" 200 27
222.70.177.10 - - [01/Jan/2023:09:03:46 +0800] "POST /xingrg/dwr/call/plaincall/AjaxCheckService.setItemNumber.dwr HTTP/1.1" 200 77
222.70.177.10 - - [01/Jan/2023:09:03:47 +0800] "POST /xingrg/dwr/call/plaincall/AjaxCheckService.setItemNumber.dwr HTTP/1.1" 200 77
114.84.38.109 - - [01/Jan/2023:09:03:48 +0800] "POST /xingrg/dwr/call/plaincall/AjaxCheckService.setItemNumber.dwr HTTP/1.1" 200 76
222.69.192.184 - - [01/Jan/2023:09:03:48 +0800] "POST /xingrg/dwr/call/plaincall/AjaxCheckService.setItemRemark.dwr HTTP/1.1" 200 77
114.84.38.109 - - [01/Jan/2023:09:03:49 +0800] "POST /xingrg/dwr/call/plaincall/AjaxCheckService.setItemNumber.dwr HTTP/1.1" 200 76
120.253.135.82 - - [01/Jan/2023:09:03:50 +0800] "POST /xingrg/kc/base/stock_operate.html HTTP/1.1" 200 1484
114.84.38.109 - - [01/Jan/2023:09:03:50 +0800] "POST /xingrg/dwr/call/plaincall/AjaxCheckService.setItemNumber.dwr HTTP/1.1" 200 76
222.70.177.10 - - [01/Jan/2023:09:03:52 +0800] "POST /xingrg/dwr/call/plaincall/AjaxCheckService.setItemNumber.dwr HTTP/1.1" 200 77
114.84.38.109 - - [01/Jan/2023:09:03:53 +0800] "POST /xingrg/dwr/call/plaincall/AjaxCheckService.setItemNumber.dwr HTTP/1.1" 200 76
222.70.177.10 - - [01/Jan/2023:09:03:54 +0800] "POST /xingrg/dwr/call/plaincall/AjaxCheckService.setItemNumber.dwr HTTP/1.1" 200 77
114.84.38.109 - - [01/Jan/2023:09:03:56 +0800] "POST /xingrg/dwr/call/plaincall/AjaxCheckService.setItemNumber.dwr HTTP/1.1" 200 76
222.70.177.10 - - [01/Jan/2023:09:03:56 +0800] "POST /xingrg/dwr/call/plaincall/AjaxCheckService.setItemNumber.dwr HTTP/1.1" 200 77
222.70.177.10 - - [01/Jan/2023:09:03:57 +0800] "POST /xingrg/dwr/call/plaincall/AjaxCheckService.setItemNumber.dwr HTTP/1.1" 200 77
222.70.177.10 - - [01/Jan/2023:09:03:59 +0800] "POST /xingrg/dwr/call/plaincall/AjaxCheckService.setItemNumber.dwr HTTP/1.1" 200 77
114.84.38.109 - - [01/Jan/2023:09:03:59 +0800] "POST /xingrg/dwr/call/plaincall/AjaxCheckService.setItemNumber.dwr HTTP/1.1" 200 76
222.70.177.10 - - [01/Jan/2023:09:04:00 +0800] "POST /xingrg/dwr/call/plaincall/AjaxCheckService.setItemNumber.dwr HTTP/1.1" 200 77
114.84.38.109 - - [01/Jan/2023:09:04:01 +0800] "POST /xingrg/dwr/call/plaincall/AjaxCheckService.setItemNumber.dwr HTTP/1.1" 200 76
222.70.177.10 - - [01/Jan/2023:09:04:03 +0800] "POST /xingrg/dwr/call/plaincall/AjaxCheckService.setItemNumber.dwr HTTP/1.1" 200 77
114.84.38.109 - - [01/Jan/2023:09:04:03 +0800] "POST /xingrg/dwr/call/plaincall/AjaxCheckService.setItemNumber.dwr HTTP/1.1" 200 76
222.69.192.184 - - [01/Jan/2023:09:04:04 +0800] "GET /xingrg/all/function/internal_message.html?_=1672534913386&CODE_STATE=getMsg HTTP/1.1" 200 27
114.84.38.109 - - [01/Jan/2023:09:04:04 +0800] "POST /xingrg/dwr/call/plaincall/AjaxCheckService.setItemNumber.dwr HTTP/1.1" 200 76
222.69.192.184 - - [01/Jan/2023:09:04:07 +0800] "POST /xingrg/dwr/call/plaincall/AjaxCheckService.setItemRemark.dwr HTTP/1.1" 200 77
116.238.139.35 - - [01/Jan/2023:09:04:08 +0800] "GET /xingrg/all/function/internal_message.html?_=1672535074024&CODE_STATE=getMsg HTTP/1.1" 200 27
114.84.38.109 - - [01/Jan/2023:09:04:08 +0800] "POST /xingrg/dwr/call/plaincall/AjaxCheckService.setItemNumber.dwr HTTP/1.1" 200 77
222.70.177.10 - - [01/Jan/2023:09:04:10 +0800] "POST /xingrg/dwr/call/plaincall/AjaxCheckService.setItemNumber.dwr HTTP/1.1" 200 77
222.69.192.184 - - [01/Jan/2023:09:04:11 +0800] "POST /xingrg/dwr/call/plaincall/AjaxCheckService.setItemRemark.dwr HTTP/1.1" 200 77
114.84.38.109 - - [01/Jan/2023:09:04:12 +0800] "POST /xingrg/dwr/call/plaincall/AjaxCheckService.setItemNumber.dwr HTTP/1.1" 200 77
116.192.124.172 - - [01/Jan/2023:09:04:12 +0800] "GET /xingrg/all/function/internal_message.html?_=1672535078379&CODE_STATE=getMsg HTTP/1.1" 302 -
116.192.124.172 - - [01/Jan/2023:09:04:13 +0800] "GET /xingrg/check_reg.html?_=1672535078737 HTTP/1.1" 302 -
114.84.38.109 - - [01/Jan/2023:09:04:13 +0800] "POST /xingrg/dwr/call/plaincall/AjaxCheckService.setItemNumber.dwr HTTP/1.1" 200 77
222.69.192.184 - - [01/Jan/2023:09:04:14 +0800] "POST /xingrg/dwr/call/plaincall/AjaxCheckService.setItemRemark.dwr HTTP/1.1" 200 77
114.84.38.109 - - [01/Jan/2023:09:04:15 +0800] "POST /xingrg/dwr/call/plaincall/AjaxCheckService.setItemNumber.dwr HTTP/1.1" 200 77
222.70.177.10 - - [01/Jan/2023:09:04:15 +0800] "POST /xingrg/dwr/call/plaincall/AjaxCheckService.setItemNumber.dwr HTTP/1.1" 200 77
114.84.38.109 - - [01/Jan/2023:09:04:16 +0800] "POST /xingrg/dwr/call/plaincall/AjaxCheckService.setItemNumber.dwr HTTP/1.1" 200 77
120.253.135.82 - - [01/Jan/2023:09:04:17 +0800] "GET /xingrg/all/function/internal_message.html?_=1672534892376&CODE_STATE=getMsg HTTP/1.1" 200 27
222.70.177.10 - - [01/Jan/2023:09:04:17 +0800] "POST /xingrg/dwr/call/plaincall/AjaxCheckService.setItemNumber.dwr HTTP/1.1" 200 77
222.69.192.184 - - [01/Jan/2023:09:04:17 +0800] "POST /xingrg/dwr/call/plaincall/AjaxCheckService.setItemRemark.dwr HTTP/1.1" 200 77
114.84.38.109 - - [01/Jan/2023:09:04:17 +0800] "POST /xingrg/dwr/call/plaincall/AjaxCheckService.setItemNumber.dwr HTTP/1.1" 200 77
222.70.177.10 - - [01/Jan/2023:09:04:18 +0800] "POST /xingrg/dwr/call/plaincall/AjaxCheckService.setItemNumber.dwr HTTP/1.1" 200 77
222.70.177.10 - - [01/Jan/2023:09:04:19 +0800] "POST /xingrg/dwr/call/plaincall/AjaxCheckService.setItemNumber.dwr HTTP/1.1" 200 77
114.84.38.109 - - [01/Jan/2023:09:04:20 +0800] "POST /xingrg/dwr/call/plaincall/AjaxCheckService.setItemNumber.dwr HTTP/1.1" 200 77
114.84.81.136 - - [01/Jan/2023:09:04:20 +0800] "GET /xingrg/all/function/internal_message.html?_=1672535085496&CODE_STATE=getMsg HTTP/1.1" 200 27
222.70.177.10 - - [01/Jan/2023:09:04:20 +0800] "POST /xingrg/dwr/call/plaincall/AjaxCheckService.setItemNumber.dwr HTTP/1.1" 200 77
114.84.38.109 - - [01/Jan/2023:09:04:21 +0800] "POST /xingrg/dwr/call/plaincall/AjaxCheckService.setItemNumber.dwr HTTP/1.1" 200 77
120.253.135.82 - - [01/Jan/2023:09:04:21 +0800] "POST /xingrg/kc/base/stock_operate.html HTTP/1.1" 200 1489
114.84.38.109 - - [01/Jan/2023:09:04:22 +0800] "POST /xingrg/dwr/call/plaincall/AjaxCheckService.setItemNumber.dwr HTTP/1.1" 200 77
120.253.135.82 - - [01/Jan/2023:09:04:22 +0800] "GET /xingrg/all/function/internal_message.html?_=1672534546474&CODE_STATE=getMsg HTTP/1.1" 302 -
222.70.177.10 - - [01/Jan/2023:09:04:22 +0800] "POST /xingrg/dwr/call/plaincall/AjaxCheckService.setItemNumber.dwr HTTP/1.1" 200 77
222.70.177.10 - - [01/Jan/2023:09:04:23 +0800] "GET /xingrg/all/function/internal_message.html?_=1672535085277&CODE_STATE=getMsg HTTP/1.1" 200 27
222.70.177.10 - - [01/Jan/2023:09:04:24 +0800] "POST /xingrg/dwr/call/plaincall/AjaxCheckService.setItemNumber.dwr HTTP/1.1" 200 77
114.84.38.109 - - [01/Jan/2023:09:04:26 +0800] "POST /xingrg/dwr/call/plaincall/AjaxCheckService.setItemNumber.dwr HTTP/1.1" 200 77
114.84.38.109 - - [01/Jan/2023:09:04:29 +0800] "POST /xingrg/dwr/call/plaincall/AjaxCheckService.setItemNumber.dwr HTTP/1.1" 200 77
222.70.177.10 - - [01/Jan/2023:09:04:29 +0800] "POST /xingrg/dwr/call/plaincall/AjaxCheckService.setItemNumber.dwr HTTP/1.1" 200 77
114.84.38.109 - - [01/Jan/2023:09:04:30 +0800] "POST /xingrg/dwr/call/plaincall/AjaxCheckService.setItemNumber.dwr HTTP/1.1" 200 77
222.70.177.10 - - [01/Jan/2023:09:04:31 +0800] "POST /xingrg/dwr/call/plaincall/AjaxCheckService.setItemNumber.dwr HTTP/1.1" 200 77
222.70.177.10 - - [01/Jan/2023:09:04:32 +0800] "POST /xingrg/dwr/call/plaincall/AjaxCheckService.setItemNumber.dwr HTTP/1.1" 200 77
114.84.38.109 - - [01/Jan/2023:09:04:32 +0800] "POST /xingrg/dwr/call/plaincall/AjaxCheckService.setItemNumber.dwr HTTP/1.1" 200 77
114.84.38.109 - - [01/Jan/2023:09:04:33 +0800] "POST /xingrg/dwr/call/plaincall/AjaxCheckService.setItemNumber.dwr HTTP/1.1" 200 77
222.70.177.10 - - [01/Jan/2023:09:04:33 +0800] "POST /xingrg/dwr/call/plaincall/AjaxCheckService.setItemNumber.dwr HTTP/1.1" 200 77
114.84.38.109 - - [01/Jan/2023:09:04:34 +0800] "POST /xingrg/dwr/call/plaincall/AjaxCheckService.setItemNumber.dwr HTTP/1.1" 200 77
222.70.177.10 - - [01/Jan/2023:09:04:35 +0800] "POST /xingrg/dwr/call/plaincall/AjaxCheckService.setItemNumber.dwr HTTP/1.1" 200 77
114.84.38.109 - - [01/Jan/2023:09:04:35 +0800] "GET /xingrg/all/function/internal_message.html?_=1672535126247&CODE_STATE=getMsg HTTP/1.1" 200 27
114.84.38.109 - - [01/Jan/2023:09:04:36 +0800] "POST /xingrg/dwr/call/plaincall/AjaxCheckService.setItemNumber.dwr HTTP/1.1" 200 77
222.70.177.10 - - [01/Jan/2023:09:04:36 +0800] "POST /xingrg/dwr/call/plaincall/AjaxCheckService.setItemNumber.dwr HTTP/1.1" 200 77
114.84.38.109 - - [01/Jan/2023:09:04:37 +0800] "POST /xingrg/dwr/call/plaincall/AjaxCheckService.setItemNumber.dwr HTTP/1.1" 200 77
222.70.177.10 - - [01/Jan/2023:09:04:37 +0800] "POST /xingrg/dwr/call/plaincall/AjaxCheckService.setItemNumber.dwr HTTP/1.1" 200 77
222.70.177.10 - - [01/Jan/2023:09:04:39 +0800] "POST /xingrg/dwr/call/plaincall/AjaxCheckService.setItemNumber.dwr HTTP/1.1" 200 77
114.84.38.109 - - [01/Jan/2023:09:04:39 +0800] "POST /xingrg/dwr/call/plaincall/AjaxCheckService.setItemNumber.dwr HTTP/1.1" 200 77
222.70.177.10 - - [01/Jan/2023:09:04:40 +0800] "POST /xingrg/dwr/call/plaincall/AjaxCheckService.setItemNumber.dwr HTTP/1.1" 200 77
222.69.192.184 - - [01/Jan/2023:09:04:41 +0800] "GET /xingrg/all/function/internal_message.html?_=1672535107162&CODE_STATE=getMsg HTTP/1.1" 200 27
222.70.177.10 - - [01/Jan/2023:09:04:42 +0800] "POST /xingrg/dwr/call/plaincall/AjaxCheckService.setItemNumber.dwr HTTP/1.1" 200 77
222.70.177.10 - - [01/Jan/2023:09:04:43 +0800] "POST /xingrg/dwr/call/plaincall/AjaxCheckService.setItemNumber.dwr HTTP/1.1" 200 77
116.230.105.139 - - [01/Jan/2023:09:04:44 +0800] "GET /xingrg/all/function/internal_message.html?_=1672535069063&CODE_STATE=getMsg HTTP/1.1" 200 27
114.84.38.109 - - [01/Jan/2023:09:04:44 +0800] "POST /xingrg/dwr/call/plaincall/AjaxCheckService.setItemNumber.dwr HTTP/1.1" 200 77
222.70.177.10 - - [01/Jan/2023:09:04:44 +0800] "POST /xingrg/dwr/call/plaincall/AjaxCheckService.setItemNumber.dwr HTTP/1.1" 200 77
222.70.177.10 - - [01/Jan/2023:09:04:46 +0800] "POST /xingrg/dwr/call/plaincall/AjaxCheckService.setItemNumber.dwr HTTP/1.1" 200 77
222.70.177.10 - - [01/Jan/2023:09:04:47 +0800] "POST /xingrg/dwr/call/plaincall/AjaxCheckService.setItemNumber.dwr HTTP/1.1" 200 77
222.69.192.184 - - [01/Jan/2023:09:04:47 +0800] "GET /xingrg/check_reg.html?_=1672535112961 HTTP/1.1" 200 22
222.70.177.10 - - [01/Jan/2023:09:04:48 +0800] "POST /xingrg/dwr/call/plaincall/AjaxCheckService.setItemNumber.dwr HTTP/1.1" 200 77
114.84.38.109 - - [01/Jan/2023:09:04:48 +0800] "POST /xingrg/dwr/call/plaincall/AjaxCheckService.setItemNumber.dwr HTTP/1.1" 200 77
222.70.177.10 - - [01/Jan/2023:09:04:49 +0800] "POST /xingrg/dwr/call/plaincall/AjaxCheckService.setItemNumber.dwr HTTP/1.1" 200 77
114.84.38.109 - - [01/Jan/2023:09:04:51 +0800] "POST /xingrg/dwr/call/plaincall/AjaxCheckService.setItemNumber.dwr HTTP/1.1" 200 77
222.70.177.10 - - [01/Jan/2023:09:04:51 +0800] "POST /xingrg/dwr/call/plaincall/AjaxCheckService.setItemNumber.dwr HTTP/1.1" 200 77
222.70.177.10 - - [01/Jan/2023:09:04:52 +0800] "POST /xingrg/dwr/call/plaincall/AjaxCheckService.setItemNumber.dwr HTTP/1.1" 200 77
114.84.38.109 - - [01/Jan/2023:09:04:53 +0800] "POST /xingrg/dwr/call/plaincall/AjaxCheckService.setItemNumber.dwr HTTP/1.1" 200 77
222.70.177.10 - - [01/Jan/2023:09:04:54 +0800] "POST /xingrg/dwr/call/plaincall/AjaxCheckService.setItemNumber.dwr HTTP/1.1" 200 77
