114.84.38.109 - - [01/Jan/2023:09:04:54 +0800] "POST /xingrg/dwr/call/plaincall/AjaxCheckService.setItemNumber.dwr HTTP/1.1" 200 77
114.84.38.109 - - [01/Jan/2023:09:04:55 +0800] "POST /xingrg/dwr/call/plaincall/AjaxCheckService.setItemNumber.dwr HTTP/1.1" 200 77
222.70.177.10 - - [01/Jan/2023:09:04:55 +0800] "POST /xingrg/dwr/call/plaincall/AjaxCheckService.setItemNumber.dwr HTTP/1.1" 200 77
114.84.38.109 - - [01/Jan/2023:09:04:56 +0800] "POST /xingrg/dwr/call/plaincall/AjaxCheckService.setItemNumber.dwr HTTP/1.1" 200 77
222.70.177.10 - - [01/Jan/2023:09:04:56 +0800] "POST /xingrg/dwr/call/plaincall/AjaxCheckService.setItemNumber.dwr HTTP/1.1" 200 77
222.70.177.10 - - [01/Jan/2023:09:04:58 +0800] "POST /xingrg/dwr/call/plaincall/AjaxCheckService.setItemNumber.dwr HTTP/1.1" 200 77
222.70.177.10 - - [01/Jan/2023:09:04:59 +0800] "POST /xingrg/dwr/call/plaincall/AjaxCheckService.setItemNumber.dwr HTTP/1.1" 200 77
114.84.38.109 - - [01/Jan/2023:09:04:59 +0800] "POST /xingrg/dwr/call/plaincall/AjaxCheckService.setItemNumber.dwr HTTP/1.1" 200 77
114.84.38.109 - - [01/Jan/2023:09:05:00 +0800] "POST /xingrg/dwr/call/plaincall/AjaxCheckService.setItemNumber.dwr HTTP/1.1" 200 77
222.70.177.10 - - [01/Jan/2023:09:05:00 +0800] "POST /xingrg/dwr/call/plaincall/AjaxCheckService.setItemNumber.dwr HTTP/1.1" 200 77
222.70.177.10 - - [01/Jan/2023:09:05:02 +0800] "POST /xingrg/dwr/call/plaincall/AjaxCheckService.setItemNumber.dwr HTTP/1.1" 200 77
120.253.135.82 - - [01/Jan/2023:09:05:03 +0800] "POST /xingrg/kc/base/stock_operate.html HTTP/1.1" 200 1468
222.69.192.184 - - [01/Jan/2023:09:05:04 +0800] "GET /xingrg/check_reg.html?_=1672534973346 HTTP/1.1" 200 22
222.69.192.184 - - [01/Jan/2023:09:05:04 +0800] "GET /xingrg/all/function/internal_message.html?_=1672534973366&CODE_STATE=getMsg HTTP/1.1" 200 27
222.70.177.10 - - [01/Jan/2023:09:05:04 +0800] "POST /xingrg/dwr/call/plaincall/AjaxCheckService.setItemNumber.dwr HTTP/1.1" 200 77
222.70.177.10 - - [01/Jan/2023:09:05:05 +0800] "POST /xingrg/dwr/call/plaincall/AjaxCheckService.setItemNumber.dwr HTTP/1.1" 200 77
114.84.38.109 - - [01/Jan/2023:09:05:06 +0800] "POST /xingrg/dwr/call/plaincall/AjaxCheckService.setItemNumber.dwr HTTP/1.1" 200 77
222.70.177.10 - - [01/Jan/2023:09:05:07 +0800] "POST /xingrg/dwr/call/plaincall/AjaxCheckService.setItemNumber.dwr HTTP/1.1" 200 77
116.238.139.35 - - [01/Jan/2023:09:05:08 +0800] "GET /xingrg/all/function/internal_message.html?_=1672535134008&CODE_STATE=getMsg HTTP/1.1" 200 27
222.70.177.10 - - [01/Jan/2023:09:05:08 +0800] "POST /xingrg/dwr/call/plaincall/AjaxCheckService.setItemNumber.dwr HTTP/1.1" 200 77
222.70.177.10 - - [01/Jan/2023:09:05:10 +0800] "POST /xingrg/dwr/call/plaincall/AjaxCheckService.setItemNumber.dwr HTTP/1.1" 200 77
114.84.38.109 - - [01/Jan/2023:09:05:10 +0800] "POST /xingrg/dwr/call/plaincall/AjaxCheckService.setItemNumber.dwr HTTP/1.1" 200 77
222.70.177.10 - - [01/Jan/2023:09:05:11 +0800] "POST /xingrg/dwr/call/plaincall/AjaxCheckService.setItemNumber.dwr HTTP/1.1" 200 77
114.84.38.109 - - [01/Jan/2023:09:05:11 +0800] "POST /xingrg/dwr/call/plaincall/AjaxCheckService.setItemNumber.dwr HTTP/1.1" 200 77
116.192.124.172 - - [01/Jan/2023:09:05:12 +0800] "GET /xingrg/all/function/internal_message.html?_=1672535138370&CODE_STATE=getMsg HTTP/1.1" 302 -
114.84.38.109 - - [01/Jan/2023:09:05:13 +0800] "POST /xingrg/dwr/call/plaincall/AjaxCheckService.setItemNumber.dwr HTTP/1.1" 200 77
114.84.38.109 - - [01/Jan/2023:09:05:14 +0800] "POST /xingrg/dwr/call/plaincall/AjaxCheckService.setItemNumber.dwr HTTP/1.1" 200 77
222.70.177.10 - - [01/Jan/2023:09:05:14 +0800] "POST /xingrg/dwr/call/plaincall/AjaxCheckService.setItemNumber.dwr HTTP/1.1" 200 77
114.84.38.109 - - [01/Jan/2023:09:05:15 +0800] "POST /xingrg/dwr/call/plaincall/AjaxCheckService.setItemNumber.dwr HTTP/1.1" 200 77
114.84.38.109 - - [01/Jan/2023:09:05:16 +0800] "POST /xingrg/dwr/call/plaincall/AjaxCheckService.setItemNumber.dwr HTTP/1.1" 200 77
222.70.177.10 - - [01/Jan/2023:09:05:16 +0800] "POST /xingrg/dwr/call/plaincall/AjaxCheckService.setItemNumber.dwr HTTP/1.1" 200 77
120.253.135.82 - - [01/Jan/2023:09:05:17 +0800] "GET /xingrg/all/function/internal_message.html?_=1672534952391&CODE_STATE=getMsg HTTP/1.1" 200 27
114.84.38.109 - - [01/Jan/2023:09:05:17 +0800] "POST /xingrg/dwr/call/plaincall/AjaxCheckService.setItemNumber.dwr HTTP/1.1" 200 77
222.70.177.10 - - [01/Jan/2023:09:05:17 +0800] "POST /xingrg/dwr/call/plaincall/AjaxCheckService.setItemNumber.dwr HTTP/1.1" 200 77
114.84.38.109 - - [01/Jan/2023:09:05:18 +0800] "POST /xingrg/dwr/call/plaincall/AjaxCheckService.setItemNumber.dwr HTTP/1.1" 200 77
222.70.177.10 - - [01/Jan/2023:09:05:19 +0800] "POST /xingrg/dwr/call/plaincall/AjaxCheckService.setItemNumber.dwr HTTP/1.1" 200 77
114.84.81.136 - - [01/Jan/2023:09:05:20 +0800] "GET /xingrg/all/function/internal_message.html?_=1672535145522&CODE_STATE=getMsg HTTP/1.1" 200 27
222.70.177.10 - - [01/Jan/2023:09:05:21 +0800] "POST /xingrg/dwr/call/plaincall/AjaxCheckService.setItemNumber.dwr HTTP/1.1" 200 77
120.253.135.82 - - [01/Jan/2023:09:05:22 +0800] "GET /xingrg/all/function/internal_message.html?_=1672534606450&CODE_STATE=getMsg HTTP/1.1" 302 -
222.69.192.184 - - [01/Jan/2023:09:05:22 +0800] "POST /xingrg/dwr/call/plaincall/AjaxCheckService.setItemRemark.dwr HTTP/1.1" 200 77
222.70.177.10 - - [01/Jan/2023:09:05:22 +0800] "POST /xingrg/dwr/call/plaincall/AjaxCheckService.setItemNumber.dwr HTTP/1.1" 200 77
114.84.38.109 - - [01/Jan/2023:09:05:23 +0800] "POST /xingrg/dwr/call/plaincall/AjaxCheckService.setItemNumber.dwr HTTP/1.1" 200 77
222.70.177.10 - - [01/Jan/2023:09:05:23 +0800] "GET /xingrg/all/function/internal_message.html?_=1672535145273&CODE_STATE=getMsg HTTP/1.1" 200 27
222.70.177.10 - - [01/Jan/2023:09:05:24 +0800] "POST /xingrg/dwr/call/plaincall/AjaxCheckService.setItemNumber.dwr HTTP/1.1" 200 77
114.84.38.109 - - [01/Jan/2023:09:05:24 +0800] "POST /xingrg/dwr/call/plaincall/AjaxCheckService.setItemNumber.dwr HTTP/1.1" 200 77
222.69.192.184 - - [01/Jan/2023:09:05:25 +0800] "POST /xingrg/dwr/call/plaincall/AjaxCheckService.setItemRemark.dwr HTTP/1.1" 200 77
222.70.177.10 - - [01/Jan/2023:09:05:25 +0800] "POST /xingrg/dwr/call/plaincall/AjaxCheckService.setItemNumber.dwr HTTP/1.1" 200 78
114.84.38.109 - - [01/Jan/2023:09:05:26 +0800] "POST /xingrg/dwr/call/plaincall/AjaxCheckService.setItemNumber.dwr HTTP/1.1" 200 77
222.70.177.10 - - [01/Jan/2023:09:05:27 +0800] "POST /xingrg/dwr/call/plaincall/AjaxCheckService.setItemNumber.dwr HTTP/1.1" 200 78
114.84.38.109 - - [01/Jan/2023:09:05:27 +0800] "POST /xingrg/dwr/call/plaincall/AjaxCheckService.setItemNumber.dwr HTTP/1.1" 200 77
222.70.177.10 - - [01/Jan/2023:09:05:29 +0800] "POST /xingrg/dwr/call/plaincall/AjaxCheckService.setItemNumber.dwr HTTP/1.1" 200 78
222.70.177.10 - - [01/Jan/2023:09:05:31 +0800] "POST /xingrg/dwr/call/plaincall/AjaxCheckService.setItemNumber.dwr HTTP/1.1" 200 78
222.69.192.184 - - [01/Jan/2023:09:05:31 +0800] "POST /xingrg/dwr/call/plaincall/AjaxCheckService.setItemRemark.dwr HTTP/1.1" 200 77
114.84.38.109 - - [01/Jan/2023:09:05:31 +0800] "POST /xingrg/dwr/call/plaincall/AjaxCheckService.setItemNumber.dwr HTTP/1.1" 200 77
114.84.38.109 - - [01/Jan/2023:09:05:32 +0800] "POST /xingrg/dwr/call/plaincall/AjaxCheckService.setItemNumber.dwr HTTP/1.1" 200 77
114.84.38.109 - - [01/Jan/2023:09:05:34 +0800] "POST /xingrg/dwr/call/plaincall/AjaxCheckService.setItemNumber.dwr HTTP/1.1" 200 77
114.84.38.109 - - [01/Jan/2023:09:05:35 +0800] "POST /xingrg/dwr/call/plaincall/AjaxCheckService.setItemNumber.dwr HTTP/1.1" 200 77
114.84.38.109 - - [01/Jan/2023:09:05:35 +0800] "GET /xingrg/all/function/internal_message.html?_=1672535186434&CODE_STATE=getMsg HTTP/1.1" 200 27
114.84.38.109 - - [01/Jan/2023:09:05:35 +0800] "POST /xingrg/dwr/call/plaincall/AjaxCheckService.setItemNumber.dwr HTTP/1.1" 200 77
222.70.177.10 - - [01/Jan/2023:09:05:38 +0800] "POST /xingrg/dwr/call/plaincall/AjaxCheckService.setItemNumber.dwr HTTP/1.1" 200 78
222.69.192.184 - - [01/Jan/2023:09:05:38 +0800] "POST /xingrg/dwr/call/plaincall/AjaxCheckService.setItemRemark.dwr HTTP/1.1" 200 77
222.70.177.10 - - [01/Jan/2023:09:05:39 +0800] "POST /xingrg/dwr/call/plaincall/AjaxCheckService.setItemNumber.dwr HTTP/1.1" 200 78
114.84.38.109 - - [01/Jan/2023:09:05:40 +0800] "POST /xingrg/dwr/call/plaincall/AjaxCheckService.setItemNumber.dwr HTTP/1.1" 200 77
222.70.177.10 - - [01/Jan/2023:09:05:40 +0800] "POST /xingrg/dwr/call/plaincall/AjaxCheckService.setItemNumber.dwr HTTP/1.1" 200 78
222.70.177.10 - - [01/Jan/2023:09:05:41 +0800] "POST /xingrg/dwr/call/plaincall/AjaxCheckService.setItemNumber.dwr HTTP/1.1" 200 78
222.69.192.184 - - [01/Jan/2023:09:05:41 +0800] "GET /xingrg/all/function/internal_message.html?_=1672535167133&CODE_STATE=getMsg HTTP/1.1" 200 27
222.69.192.184 - - [01/Jan/2023:09:05:43 +0800] "POST /xingrg/dwr/call/plaincall/AjaxCheckService.setItemRemark.dwr HTTP/1.1" 200 77
114.84.38.109 - - [01/Jan/2023:09:05:43 +0800] "POST /xingrg/dwr/call/plaincall/AjaxCheckService.setItemNumber.dwr HTTP/1.1" 200 77
116.230.105.139 - - [01/Jan/2023:09:05:44 +0800] "GET /xingrg/all/function/internal_message.html?_=1672535129084&CODE_STATE=getMsg HTTP/1.1" 200 27
116.230.105.139 - - [01/Jan/2023:09:05:44 +0800] "GET /xingrg/check_reg.html?_=1672535129085 HTTP/1.1" 200 22
114.84.38.109 - - [01/Jan/2023:09:05:44 +0800] "POST /xingrg/dwr/call/plaincall/AjaxCheckService.setItemNumber.dwr HTTP/1.1" 200 77
222.70.177.10 - - [01/Jan/2023:09:05:45 +0800] "POST /xingrg/dwr/call/plaincall/AjaxCheckService.setItemNumber.dwr HTTP/1.1" 200 78
114.84.38.109 - - [01/Jan/2023:09:05:46 +0800] "POST /xingrg/dwr/call/plaincall/AjaxCheckService.setItemNumber.dwr HTTP/1.1" 200 77
120.253.135.82 - - [01/Jan/2023:09:05:47 +0800] "POST /xingrg/kc/base/stock_operate.html HTTP/1.1" 200 1464
114.84.38.109 - - [01/Jan/2023:09:05:47 +0800] "POST /xingrg/dwr/call/plaincall/AjaxCheckService.setItemNumber.dwr HTTP/1.1" 200 77
222.70.177.10 - - [01/Jan/2023:09:05:49 +0800] "POST /xingrg/dwr/call/plaincall/AjaxCheckService.setItemNumber.dwr HTTP/1.1" 200 78
114.84.38.109 - - [01/Jan/2023:09:05:51 +0800] "POST /xingrg/dwr/call/plaincall/AjaxCheckService.setItemNumber.dwr HTTP/1.1" 200 77
222.70.177.10 - - [01/Jan/2023:09:05:52 +0800] "POST /xingrg/dwr/call/plaincall/AjaxCheckService.setItemNumber.dwr HTTP/1.1" 200 78
120.253.135.82 - - [01/Jan/2023:09:05:52 +0800] "POST /xingrg/kc/base/stock_operate.html HTTP/1.1" 200 1457
222.70.177.10 - - [01/Jan/2023:09:05:53 +0800] "POST /xingrg/dwr/call/plaincall/AjaxCheckService.setItemNumber.dwr HTTP/1.1" 200 78
222.70.177.10 - - [01/Jan/2023:09:05:54 +0800] "POST /xingrg/dwr/call/plaincall/AjaxCheckService.setItemNumber.dwr HTTP/1.1" 200 78
114.84.38.109 - - [01/Jan/2023:09:05:54 +0800] "POST /xingrg/dwr/call/plaincall/AjaxCheckService.setItemNumber.dwr HTTP/1.1" 200 77
222.70.177.10 - - [01/Jan/2023:09:05:55 +0800] "POST /xingrg/dwr/call/plaincall/AjaxCheckService.setItemNumber.dwr HTTP/1.1" 200 78
114.84.38.109 - - [01/Jan/2023:09:05:55 +0800] "POST /xingrg/dwr/call/plaincall/AjaxCheckService.setItemNumber.dwr HTTP/1.1" 200 77
114.84.38.109 - - [01/Jan/2023:09:05:56 +0800] "POST /xingrg/dwr/call/plaincall/AjaxCheckService.setItemNumber.dwr HTTP/1.1" 200 77
222.70.177.10 - - [01/Jan/2023:09:05:56 +0800] "POST /xingrg/dwr/call/plaincall/AjaxCheckService.setItemNumber.dwr HTTP/1.1" 200 78
222.70.177.10 - - [01/Jan/2023:09:05:57 +0800] "POST /xingrg/dwr/call/plaincall/AjaxCheckService.setItemNumber.dwr HTTP/1.1" 200 78
222.69.192.184 - - [01/Jan/2023:09:05:57 +0800] "POST /xingrg/dwr/call/plaincall/AjaxCheckService.setItemRemark.dwr HTTP/1.1" 200 77
222.70.177.10 - - [01/Jan/2023:09:05:59 +0800] "POST /xingrg/dwr/call/plaincall/AjaxCheckService.setItemNumber.dwr HTTP/1.1" 200 78
114.84.38.109 - - [01/Jan/2023:09:06:00 +0800] "POST /xingrg/dwr/call/plaincall/AjaxCheckService.setItemNumber.dwr HTTP/1.1" 200 77
222.70.177.10 - - [01/Jan/2023:09:06:00 +0800] "POST /xingrg/dwr/call/plaincall/AjaxCheckService.setItemNumber.dwr HTTP/1.1" 200 78
222.69.192.184 - - [01/Jan/2023:09:06:02 +0800] "POST /xingrg/dwr/call/plaincall/AjaxCheckService.setItemRemark.dwr HTTP/1.1" 200 77
222.70.177.10 - - [01/Jan/2023:09:06:02 +0800] "POST /xingrg/dwr/call/plaincall/AjaxCheckService.setItemNumber.dwr HTTP/1.1" 200 78
222.70.177.10 - - [01/Jan/2023:09:06:03 +0800] "POST /xingrg/dwr/call/plaincall/AjaxCheckService.setItemNumber.dwr HTTP/1.1" 200 78
114.84.38.109 - - [01/Jan/2023:09:06:03 +0800] "POST /xingrg/dwr/call/plaincall/AjaxCheckService.setItemNumber.dwr HTTP/1.1" 200 77
222.69.192.184 - - [01/Jan/2023:09:06:04 +0800] "GET /xingrg/all/function/internal_message.html?_=1672535033357&CODE_STATE=getMsg HTTP/1.1" 200 27
222.70.177.10 - - [01/Jan/2023:09:06:04 +0800] "POST /xingrg/dwr/call/plaincall/AjaxCheckService.setItemNumber.dwr HTTP/1.1" 200 78
222.70.177.10 - - [01/Jan/2023:09:06:06 +0800] "POST /xingrg/dwr/call/plaincall/AjaxCheckService.setItemNumber.dwr HTTP/1.1" 200 78
116.238.139.35 - - [01/Jan/2023:09:06:08 +0800] "GET /xingrg/all/function/internal_message.html?_=1672535193979&CODE_STATE=getMsg HTTP/1.1" 200 27
222.70.177.10 - - [01/Jan/2023:09:06:08 +0800] "POST /xingrg/dwr/call/plaincall/AjaxCheckService.setItemNumber.dwr HTTP/1.1" 200 78
222.70.177.10 - - [01/Jan/2023:09:06:10 +0800] "POST /xingrg/dwr/call/plaincall/AjaxCheckService.setItemNumber.dwr HTTP/1.1" 200 78
116.192.124.172 - - [01/Jan/2023:09:06:12 +0800] "GET /xingrg/all/function/internal_message.html?_=1672535198341&CODE_STATE=getMsg HTTP/1.1" 302 -
222.70.177.10 - - [01/Jan/2023:09:06:13 +0800] "POST /xingrg/dwr/call/plaincall/AjaxCheckService.setItemNumber.dwr HTTP/1.1" 200 78
114.84.38.109 - - [01/Jan/2023:09:06:14 +0800] "POST /xingrg/dwr/call/plaincall/AjaxCheckService.setItemNumber.dwr HTTP/1.1" 200 77
114.84.38.109 - - [01/Jan/2023:09:06:15 +0800] "POST /xingrg/dwr/call/plaincall/AjaxCheckService.setItemNumber.dwr HTTP/1.1" 200 77
222.70.177.10 - - [01/Jan/2023:09:06:16 +0800] "POST /xingrg/dwr/call/plaincall/AjaxCheckService.setItemNumber.dwr HTTP/1.1" 200 78
114.84.38.109 - - [01/Jan/2023:09:06:16 +0800] "POST /xingrg/dwr/call/plaincall/AjaxCheckService.setItemNumber.dwr HTTP/1.1" 200 77
120.253.135.82 - - [01/Jan/2023:09:06:17 +0800] "GET /xingrg/all/function/internal_message.html?_=1672535012405&CODE_STATE=getMsg HTTP/1.1" 200 27
114.84.38.109 - - [01/Jan/2023:09:06:17 +0800] "POST /xingrg/dwr/call/plaincall/AjaxCheckService.setItemNumber.dwr HTTP/1.1" 200 77
222.70.177.10 - - [01/Jan/2023:09:06:17 +0800] "POST /xingrg/dwr/call/plaincall/AjaxCheckService.setItemNumber.dwr HTTP/1.1" 200 78
114.84.38.109 - - [01/Jan/2023:09:06:18 +0800] "POST /xingrg/dwr/call/plaincall/AjaxCheckService.setItemNumber.dwr HTTP/1.1" 200 77
222.70.177.10 - - [01/Jan/2023:09:06:19 +0800] "POST /xingrg/dwr/call/plaincall/AjaxCheckService.setItemNumber.dwr HTTP/1.1" 200 78
114.84.81.136 - - [01/Jan/2023:09:06:20 +0800] "GET /xingrg/all/function/internal_message.html?_=1672535205522&CODE_STATE=getMsg HTTP/1.1" 200 27
114.84.38.109 - - [01/Jan/2023:09:06:20 +0800] "POST /xingrg/dwr/call/plaincall/AjaxCheckService.setItemNumber.dwr HTTP/1.1" 200 77
222.70.177.10 - - [01/Jan/2023:09:06:21 +0800] "POST /xingrg/dwr/call/plaincall/AjaxCheckService.setItemNumber.dwr HTTP/1.1" 200 78
120.253.135.82 - - [01/Jan/2023:09:06:22 +0800] "GET /xingrg/all/function/internal_message.html?_=1672534666426&CODE_STATE=getMsg HTTP/1.1" 302 -
222.70.177.10 - - [01/Jan/2023:09:06:22 +0800] "POST /xingrg/dwr/call/plaincall/AjaxCheckService.setItemNumber.dwr HTTP/1.1" 200 78
222.70.177.10 - - [01/Jan/2023:09:06:24 +0800] "GET /xingrg/all/function/internal_message.html?_=1672535205330&CODE_STATE=getMsg HTTP/1.1" 200 27
222.70.177.10 - - [01/Jan/2023:09:06:24 +0800] "POST /xingrg/dwr/call/plaincall/AjaxCheckService.setItemNumber.dwr HTTP/1.1" 200 78
114.84.38.109 - - [01/Jan/2023:09:06:24 +0800] "POST /xingrg/dwr/call/plaincall/AjaxCheckService.setItemNumber.dwr HTTP/1.1" 200 77
222.70.177.10 - - [01/Jan/2023:09:06:25 +0800] "POST /xingrg/dwr/call/plaincall/AjaxCheckService.setItemNumber.dwr HTTP/1.1" 200 78
114.84.38.109 - - [01/Jan/2023:09:06:26 +0800] "POST /xingrg/dwr/call/plaincall/AjaxCheckService.setItemNumber.dwr HTTP/1.1" 200 77
222.70.177.10 - - [01/Jan/2023:09:06:26 +0800] "POST /xingrg/dwr/call/plaincall/AjaxCheckService.setItemNumber.dwr HTTP/1.1" 200 78
114.84.38.109 - - [01/Jan/2023:09:06:29 +0800] "POST /xingrg/dwr/call/plaincall/AjaxCheckService.setItemNumber.dwr HTTP/1.1" 200 77
222.70.177.10 - - [01/Jan/2023:09:06:29 +0800] "POST /xingrg/dwr/call/plaincall/AjaxCheckService.setItemNumber.dwr HTTP/1.1" 200 78
222.70.177.10 - - [01/Jan/2023:09:06:31 +0800] "POST /xingrg/dwr/call/plaincall/AjaxCheckService.setItemNumber.dwr HTTP/1.1" 200 78
222.70.177.10 - - [01/Jan/2023:09:06:32 +0800] "POST /xingrg/dwr/call/plaincall/AjaxCheckService.setItemNumber.dwr HTTP/1.1" 200 78
222.70.177.10 - - [01/Jan/2023:09:06:33 +0800] "POST /xingrg/dwr/call/plaincall/AjaxCheckService.setItemNumber.dwr HTTP/1.1" 200 78
222.70.177.10 - - [01/Jan/2023:09:06:35 +0800] "POST /xingrg/dwr/call/plaincall/AjaxCheckService.setItemNumber.dwr HTTP/1.1" 200 78
114.84.38.109 - - [01/Jan/2023:09:06:35 +0800] "GET /xingrg/all/function/internal_message.html?_=1672535246447&CODE_STATE=getMsg HTTP/1.1" 200 27
120.253.135.82 - - [01/Jan/2023:09:06:37 +0800] "POST /xingrg/kc/base/stock_operate.html HTTP/1.1" 200 1490
114.84.38.109 - - [01/Jan/2023:09:06:38 +0800] "POST /xingrg/dwr/call/plaincall/AjaxCheckService.setItemNumber.dwr HTTP/1.1" 200 77
114.84.38.109 - - [01/Jan/2023:09:06:41 +0800] "POST /xingrg/dwr/call/plaincall/AjaxCheckService.setItemNumber.dwr HTTP/1.1" 200 77
222.69.192.184 - - [01/Jan/2023:09:06:41 +0800] "GET /xingrg/all/function/internal_message.html?_=1672535227108&CODE_STATE=getMsg HTTP/1.1" 200 27
222.70.177.10 - - [01/Jan/2023:09:06:42 +0800] "POST /xingrg/dwr/call/plaincall/AjaxCheckService.setItemNumber.dwr HTTP/1.1" 200 78
114.84.38.109 - - [01/Jan/2023:09:06:42 +0800] "POST /xingrg/dwr/call/plaincall/AjaxCheckService.setItemNumber.dwr HTTP/1.1" 200 77
114.84.38.109 - - [01/Jan/2023:09:06:43 +0800] "POST /xingrg/dwr/call/plaincall/AjaxCheckService.setItemNumber.dwr HTTP/1.1" 200 77
116.230.105.139 - - [01/Jan/2023:09:06:44 +0800] "GET /xingrg/all/function/internal_message.html?_=1672535189065&CODE_STATE=getMsg HTTP/1.1" 200 27
222.70.177.10 - - [01/Jan/2023:09:06:45 +0800] "POST /xingrg/dwr/call/plaincall/AjaxCheckService.setItemNumber.dwr HTTP/1.1" 200 78
114.84.38.109 - - [01/Jan/2023:09:06:46 +0800] "POST /xingrg/dwr/call/plaincall/AjaxCheckService.setItemNumber.dwr HTTP/1.1" 200 77
114.84.38.109 - - [01/Jan/2023:09:06:47 +0800] "POST /xingrg/dwr/call/plaincall/AjaxCheckService.setItemNumber.dwr HTTP/1.1" 200 77
222.70.177.10 - - [01/Jan/2023:09:06:47 +0800] "POST /xingrg/dwr/call/plaincall/AjaxCheckService.setItemNumber.dwr HTTP/1.1" 200 78
222.69.192.184 - - [01/Jan/2023:09:06:48 +0800] "POST /xingrg/dwr/call/plaincall/AjaxCheckService.setItemRemark.dwr HTTP/1.1" 200 77
114.84.38.109 - - [01/Jan/2023:09:06:48 +0800] "POST /xingrg/dwr/call/plaincall/AjaxCheckService.setItemNumber.dwr HTTP/1.1" 200 77
222.70.177.10 - - [01/Jan/2023:09:06:48 +0800] "POST /xingrg/dwr/call/plaincall/AjaxCheckService.setItemNumber.dwr HTTP/1.1" 200 78
114.84.38.109 - - [01/Jan/2023:09:06:49 +0800] "POST /xingrg/dwr/call/plaincall/AjaxCheckService.setItemNumber.dwr HTTP/1.1" 200 77
114.84.38.109 - - [01/Jan/2023:09:06:50 +0800] "POST /xingrg/dwr/call/plaincall/AjaxCheckService.setItemNumber.dwr HTTP/1.1" 200 77
222.70.177.10 - - [01/Jan/2023:09:06:51 +0800] "POST /xingrg/dwr/call/plaincall/AjaxCheckService.setItemNumber.dwr HTTP/1.1" 200 78
222.70.177.10 - - [01/Jan/2023:09:06:52 +0800] "POST /xingrg/dwr/call/plaincall/AjaxCheckService.setItemNumber.dwr HTTP/1.1" 200 78
222.70.177.10 - - [01/Jan/2023:09:06:53 +0800] "POST /xingrg/dwr/call/plaincall/AjaxCheckService.setItemNumber.dwr HTTP/1.1" 200 78
114.84.38.109 - - [01/Jan/2023:09:06:55 +0800] "POST /xingrg/dwr/call/plaincall/AjaxCheckService.setItemNumber.dwr HTTP/1.1" 200 77
222.70.177.10 - - [01/Jan/2023:09:06:55 +0800] "POST /xingrg/dwr/call/plaincall/AjaxCheckService.setItemNumber.dwr HTTP/1.1" 200 78
222.69.192.184 - - [01/Jan/2023:09:06:56 +0800] "POST /xingrg/dwr/call/plaincall/AjaxCheckService.setItemRemark.dwr HTTP/1.1" 200 77
222.70.177.10 - - [01/Jan/2023:09:06:57 +0800] "POST /xingrg/dwr/call/plaincall/AjaxCheckService.setItemNumber.dwr HTTP/1.1" 200 78
222.70.177.10 - - [01/Jan/2023:09:06:58 +0800] "POST /xingrg/dwr/call/plaincall/AjaxCheckService.setItemNumber.dwr HTTP/1.1" 200 78
120.253.135.82 - - [01/Jan/2023:09:06:59 +0800] "GET /xingrg/check_reg.html?_=1672535054898 HTTP/1.1" 200 22
222.69.192.184 - - [01/Jan/2023:09:06:59 +0800] "POST /xingrg/dwr/call/plaincall/AjaxCheckService.setItemRemark.dwr HTTP/1.1" 200 77
222.70.177.10 - - [01/Jan/2023:09:06:59 +0800] "POST /xingrg/dwr/call/plaincall/AjaxCheckService.setItemNumber.dwr HTTP/1.1" 200 78
222.70.177.10 - - [01/Jan/2023:09:07:01 +0800] "POST /xingrg/dwr/call/plaincall/AjaxCheckService.setItemNumber.dwr HTTP/1.1" 200 78
222.70.177.10 - - [01/Jan/2023:09:07:03 +0800] "POST /xingrg/dwr/call/plaincall/AjaxCheckService.setItemNumber.dwr HTTP/1.1" 200 78
222.69.192.184 - - [01/Jan/2023:09:07:04 +0800] "GET /xingrg/all/function/internal_message.html?_=1672535093347&CODE_STATE=getMsg HTTP/1.1" 200 27
114.84.38.109 - - [01/Jan/2023:09:07:04 +0800] "POST /xingrg/dwr/call/plaincall/AjaxCheckService.setItemNumber.dwr HTTP/1.1" 200 77
222.70.177.10 - - [01/Jan/2023:09:07:04 +0800] "POST /xingrg/dwr/call/plaincall/AjaxCheckService.setItemNumber.dwr HTTP/1.1" 200 78
222.69.192.184 - - [01/Jan/2023:09:07:05 +0800] "POST /xingrg/dwr/call/plaincall/AjaxCheckService.setItemRemark.dwr HTTP/1.1" 200 77
114.84.38.109 - - [01/Jan/2023:09:07:05 +0800] "POST /xingrg/dwr/call/plaincall/AjaxCheckService.setItemNumber.dwr HTTP/1.1" 200 77
222.70.177.10 - - [01/Jan/2023:09:07:06 +0800] "POST /xingrg/dwr/call/plaincall/AjaxCheckService.setItemNumber.dwr HTTP/1.1" 200 78
114.84.38.109 - - [01/Jan/2023:09:07:08 +0800] "POST /xingrg/dwr/call/plaincall/AjaxCheckService.setItemNumber.dwr HTTP/1.1" 200 77
222.70.177.10 - - [01/Jan/2023:09:07:08 +0800] "POST /xingrg/dwr/call/plaincall/AjaxCheckService.setItemNumber.dwr HTTP/1.1" 200 78
116.238.139.35 - - [01/Jan/2023:09:07:08 +0800] "GET /xingrg/all/function/internal_message.html?_=1672535253965&CODE_STATE=getMsg HTTP/1.1" 200 27
222.69.192.184 - - [01/Jan/2023:09:07:08 +0800] "POST /xingrg/dwr/call/plaincall/AjaxCheckService.setItemRemark.dwr HTTP/1.1" 200 77
114.84.38.109 - - [01/Jan/2023:09:07:08 +0800] "POST /xingrg/dwr/call/plaincall/AjaxCheckService.setItemNumber.dwr HTTP/1.1" 200 77
114.84.38.109 - - [01/Jan/2023:09:07:10 +0800] "POST /xingrg/dwr/call/plaincall/AjaxCheckService.setItemNumber.dwr HTTP/1.1" 200 77
222.70.177.10 - - [01/Jan/2023:09:07:10 +0800] "POST /xingrg/dwr/call/plaincall/AjaxCheckService.setItemNumber.dwr HTTP/1.1" 200 78
114.84.38.109 - - [01/Jan/2023:09:07:11 +0800] "POST /xingrg/dwr/call/plaincall/AjaxCheckService.setItemNumber.dwr HTTP/1.1" 200 77
222.70.177.10 - - [01/Jan/2023:09:07:12 +0800] "POST /xingrg/dwr/call/plaincall/AjaxCheckService.setItemNumber.dwr HTTP/1.1" 200 78
222.69.192.184 - - [01/Jan/2023:09:07:12 +0800] "POST /xingrg/dwr/call/plaincall/AjaxCheckService.setItemRemark.dwr HTTP/1.1" 200 77
116.192.124.172 - - [01/Jan/2023:09:07:12 +0800] "GET /xingrg/all/function/internal_message.html?_=1672535258325&CODE_STATE=getMsg HTTP/1.1" 302 -
114.84.38.109 - - [01/Jan/2023:09:07:13 +0800] "POST /xingrg/dwr/call/plaincall/AjaxCheckService.setItemNumber.dwr HTTP/1.1" 200 77
116.230.105.139 - - [01/Jan/2023:09:07:13 +0800] "GET /xingrg/kc/buy/cgsh_order_list.html HTTP/1.1" 200 54084
116.230.105.139 - - [01/Jan/2023:09:07:14 +0800] "POST /xingrg/kc/buy/cgsh_list_operate.html HTTP/1.1" 200 986
114.84.38.109 - - [01/Jan/2023:09:07:14 +0800] "POST /xingrg/dwr/call/plaincall/AjaxCheckService.setItemNumber.dwr HTTP/1.1" 200 77
222.70.177.10 - - [01/Jan/2023:09:07:15 +0800] "POST /xingrg/dwr/call/plaincall/AjaxCheckService.setItemNumber.dwr HTTP/1.1" 200 78
114.84.38.109 - - [01/Jan/2023:09:07:15 +0800] "POST /xingrg/dwr/call/plaincall/AjaxCheckService.setItemNumber.dwr HTTP/1.1" 200 77
120.253.135.82 - - [01/Jan/2023:09:07:17 +0800] "GET /xingrg/all/function/internal_message.html?_=1672535072417&CODE_STATE=getMsg HTTP/1.1" 200 27
114.84.38.109 - - [01/Jan/2023:09:07:18 +0800] "POST /xingrg/dwr/call/plaincall/AjaxCheckService.setItemNumber.dwr HTTP/1.1" 200 77
114.84.81.136 - - [01/Jan/2023:09:07:20 +0800] "GET /xingrg/all/function/internal_message.html?_=1672535265522&CODE_STATE=getMsg HTTP/1.1" 200 27
116.230.105.139 - - [01/Jan/2023:09:07:22 +0800] "GET /xingrg/kc/buy/cgsh_order_add.html HTTP/1.1" 200 69866
222.69.192.184 - - [01/Jan/2023:09:07:22 +0800] "POST /xingrg/dwr/call/plaincall/AjaxCheckService.checkOrder.dwr HTTP/1.1" 200 79
120.253.135.82 - - [01/Jan/2023:09:07:22 +0800] "GET /xingrg/all/function/internal_message.html?_=1672534726394&CODE_STATE=getMsg HTTP/1.1" 302 -
222.70.177.10 - - [01/Jan/2023:09:07:22 +0800] "POST /xingrg/dwr/call/plaincall/AjaxCheckService.setItemNumber.dwr HTTP/1.1" 200 78
222.70.177.10 - - [01/Jan/2023:09:07:22 +0800] "POST /xingrg/dwr/call/plaincall/AjaxCheckService.setItemNumber.dwr HTTP/1.1" 200 78
222.70.177.10 - - [01/Jan/2023:09:07:22 +0800] "POST /xingrg/dwr/call/plaincall/AjaxCheckService.setItemNumber.dwr HTTP/1.1" 200 78
116.230.105.139 - - [01/Jan/2023:09:07:22 +0800] "POST /xingrg/kc/buy/cgsh_order_operate.html HTTP/1.1" 200 8245
116.230.105.139 - - [01/Jan/2023:09:07:22 +0800] "GET /xingrg/all/common/auto_word.html?type=employee&rest_code=00155 HTTP/1.1" 200 205
116.230.105.139 - - [01/Jan/2023:09:07:22 +0800] "GET /xingrg/all/common/auto_word.html?type=employee&rest_code=00155 HTTP/1.1" 200 205
116.230.105.139 - - [01/Jan/2023:09:07:22 +0800] "GET /xingrg/javascript/easyui/themes/default/validatebox.css HTTP/1.1" 404 1104
222.69.192.184 - - [01/Jan/2023:09:07:23 +0800] "GET /xingrg/kc/base/check_order_info.html?code=452022123100182 HTTP/1.1" 200 22858
222.69.192.184 - - [01/Jan/2023:09:07:23 +0800] "GET /xingrg/dwr/interface/AjaxComOrderService.js HTTP/1.1" 200 18264
222.70.177.10 - - [01/Jan/2023:09:07:23 +0800] "POST /xingrg/dwr/call/plaincall/AjaxCheckService.setItemNumber.dwr HTTP/1.1" 200 78
222.69.192.184 - - [01/Jan/2023:09:07:23 +0800] "GET /xingrg/dwr/interface/AjaxCheckService.js HTTP/1.1" 200 14003
222.69.192.184 - - [01/Jan/2023:09:07:23 +0800] "GET /xingrg/dwr/engine.js HTTP/1.1" 200 43631
222.69.192.184 - - [01/Jan/2023:09:07:23 +0800] "POST /xingrg/dwr/call/plaincall/AjaxCheckService.loadOrderItems.dwr HTTP/1.1" 200 23854
222.70.177.10 - - [01/Jan/2023:09:07:23 +0800] "GET /xingrg/check_reg.html?_=1672535265288 HTTP/1.1" 200 22
222.70.177.10 - - [01/Jan/2023:09:07:23 +0800] "GET /xingrg/all/function/internal_message.html?_=1672535265306&CODE_STATE=getMsg HTTP/1.1" 200 27
222.70.177.10 - - [01/Jan/2023:09:07:24 +0800] "POST /xingrg/dwr/call/plaincall/AjaxCheckService.setItemNumber.dwr HTTP/1.1" 200 78
116.230.105.139 - - [01/Jan/2023:09:07:25 +0800] "GET /xingrg/javascript/auto/indicator.gif HTTP/1.1" 404 1066
222.70.177.10 - - [01/Jan/2023:09:07:25 +0800] "POST /xingrg/dwr/call/plaincall/AjaxCheckService.setItemNumber.dwr HTTP/1.1" 200 78
222.69.192.184 - - [01/Jan/2023:09:07:26 +0800] "GET /xingrg/kc/base/check_order_list.html HTTP/1.1" 200 16220
116.230.105.139 - - [01/Jan/2023:09:07:26 +0800] "GET /xingrg/javascript/jquery_tools/images/prev.gif HTTP/1.1" 404 1086
116.230.105.139 - - [01/Jan/2023:09:07:26 +0800] "GET /xingrg/javascript/jquery_tools/images/next.gif HTTP/1.1" 404 1086
222.69.192.184 - - [01/Jan/2023:09:07:26 +0800] "POST /xingrg/kc/base/check_list_operate.html HTTP/1.1" 200 2514
222.70.177.10 - - [01/Jan/2023:09:07:27 +0800] "POST /xingrg/dwr/call/plaincall/AjaxCheckService.setItemNumber.dwr HTTP/1.1" 200 78
114.84.38.109 - - [01/Jan/2023:09:07:27 +0800] "POST /xingrg/dwr/call/plaincall/AjaxCheckService.setItemNumber.dwr HTTP/1.1" 200 77
222.70.177.10 - - [01/Jan/2023:09:07:28 +0800] "POST /xingrg/dwr/call/plaincall/AjaxCheckService.setItemNumber.dwr HTTP/1.1" 200 78
222.70.177.10 - - [01/Jan/2023:09:07:30 +0800] "POST /xingrg/dwr/call/plaincall/AjaxCheckService.setItemNumber.dwr HTTP/1.1" 200 78
114.84.38.109 - - [01/Jan/2023:09:07:30 +0800] "POST /xingrg/dwr/call/plaincall/AjaxCheckService.setItemNumber.dwr HTTP/1.1" 200 77
120.253.135.82 - - [01/Jan/2023:09:07:31 +0800] "GET /xingrg/check_reg.html?_=1672534735006 HTTP/1.1" 302 -
114.84.38.109 - - [01/Jan/2023:09:07:31 +0800] "POST /xingrg/dwr/call/plaincall/AjaxCheckService.setItemNumber.dwr HTTP/1.1" 200 77
116.230.105.139 - - [01/Jan/2023:09:07:31 +0800] "GET /xingrg/kc/buy/cgsh_order_operate.html?command=get_materiel&rest_code=00155&code=00101002027&supplier_code=00100199&order_time=2023-01-01 HTTP/1.1" 200 413
222.70.177.10 - - [01/Jan/2023:09:07:31 +0800] "POST /xingrg/dwr/call/plaincall/AjaxCheckService.setItemNumber.dwr HTTP/1.1" 200 78
114.84.38.109 - - [01/Jan/2023:09:07:32 +0800] "POST /xingrg/dwr/call/plaincall/AjaxCheckService.setItemNumber.dwr HTTP/1.1" 200 77
222.70.177.10 - - [01/Jan/2023:09:07:33 +0800] "POST /xingrg/dwr/call/plaincall/AjaxCheckService.setItemNumber.dwr HTTP/1.1" 200 78
114.84.38.109 - - [01/Jan/2023:09:07:33 +0800] "POST /xingrg/dwr/call/plaincall/AjaxCheckService.setItemNumber.dwr HTTP/1.1" 200 77
222.70.177.10 - - [01/Jan/2023:09:07:34 +0800] "POST /xingrg/dwr/call/plaincall/AjaxCheckService.setItemNumber.dwr HTTP/1.1" 200 78
114.84.38.109 - - [01/Jan/2023:09:07:35 +0800] "GET /xingrg/all/function/internal_message.html?_=1672535306572&CODE_STATE=getMsg HTTP/1.1" 200 27
114.84.38.109 - - [01/Jan/2023:09:07:36 +0800] "POST /xingrg/dwr/call/plaincall/AjaxCheckService.setItemNumber.dwr HTTP/1.1" 200 78
222.70.177.10 - - [01/Jan/2023:09:07:36 +0800] "POST /xingrg/dwr/call/plaincall/AjaxCheckService.setItemNumber.dwr HTTP/1.1" 200 78
114.84.38.109 - - [01/Jan/2023:09:07:37 +0800] "POST /xingrg/dwr/call/plaincall/AjaxCheckService.setItemNumber.dwr HTTP/1.1" 200 78
222.70.177.10 - - [01/Jan/2023:09:07:38 +0800] "POST /xingrg/dwr/call/plaincall/AjaxCheckService.setItemNumber.dwr HTTP/1.1" 200 78
114.84.38.109 - - [01/Jan/2023:09:07:38 +0800] "POST /xingrg/dwr/call/plaincall/AjaxCheckService.setItemNumber.dwr HTTP/1.1" 200 78
222.70.177.10 - - [01/Jan/2023:09:07:39 +0800] "POST /xingrg/dwr/call/plaincall/AjaxCheckService.setItemNumber.dwr HTTP/1.1" 200 78
116.230.105.139 - - [01/Jan/2023:09:07:39 +0800] "POST /xingrg/kc/buy/cgsh_order_operate.html HTTP/1.1" 200 37
114.84.38.109 - - [01/Jan/2023:09:07:39 +0800] "POST /xingrg/dwr/call/plaincall/AjaxCheckService.setItemNumber.dwr HTTP/1.1" 200 78
222.70.177.10 - - [01/Jan/2023:09:07:40 +0800] "POST /xingrg/dwr/call/plaincall/AjaxCheckService.setItemNumber.dwr HTTP/1.1" 200 78
116.230.105.139 - - [01/Jan/2023:09:07:40 +0800] "POST /xingrg/kc/buy/cgsh_order_operate.html HTTP/1.1" 200 2663
116.230.105.139 - - [01/Jan/2023:09:07:41 +0800] "GET /xingrg/kc/print/load_config.html?kc_code=cgsh HTTP/1.1" 200 1943
116.230.105.139 - - [01/Jan/2023:09:07:41 +0800] "GET /xingrg/kc/print/load_data.html?order_code=212023010100004&kc_code=cgsh&condition= HTTP/1.1" 200 680
222.69.192.184 - - [01/Jan/2023:09:07:41 +0800] "GET /xingrg/all/function/internal_message.html?_=1672535287096&CODE_STATE=getMsg HTTP/1.1" 200 27
222.70.177.10 - - [01/Jan/2023:09:07:42 +0800] "POST /xingrg/dwr/call/plaincall/AjaxCheckService.setItemNumber.dwr HTTP/1.1" 200 78
222.70.177.10 - - [01/Jan/2023:09:07:43 +0800] "POST /xingrg/dwr/call/plaincall/AjaxCheckService.setItemNumber.dwr HTTP/1.1" 200 78
116.230.105.139 - - [01/Jan/2023:09:07:44 +0800] "GET /xingrg/all/function/internal_message.html?_=1672535249076&CODE_STATE=getMsg HTTP/1.1" 200 27
222.70.177.10 - - [01/Jan/2023:09:07:44 +0800] "POST /xingrg/dwr/call/plaincall/AjaxCheckService.setItemNumber.dwr HTTP/1.1" 200 78
116.230.105.139 - - [01/Jan/2023:09:07:45 +0800] "GET /xingrg/kc/buy/cgsh_order_add.html HTTP/1.1" 200 69866
116.230.105.139 - - [01/Jan/2023:09:07:45 +0800] "POST /xingrg/kc/buy/cgsh_order_operate.html HTTP/1.1" 200 8245
116.230.105.139 - - [01/Jan/2023:09:07:45 +0800] "GET /xingrg/javascript/easyui/themes/default/validatebox.css HTTP/1.1" 404 1104
222.70.177.10 - - [01/Jan/2023:09:07:46 +0800] "POST /xingrg/dwr/call/plaincall/AjaxCheckService.setItemNumber.dwr HTTP/1.1" 200 78
222.70.177.10 - - [01/Jan/2023:09:07:47 +0800] "POST /xingrg/dwr/call/plaincall/AjaxCheckService.setItemNumber.dwr HTTP/1.1" 200 78
114.84.38.109 - - [01/Jan/2023:09:07:47 +0800] "POST /xingrg/dwr/call/plaincall/AjaxCheckService.setItemNumber.dwr HTTP/1.1" 200 78
222.70.177.10 - - [01/Jan/2023:09:07:48 +0800] "POST /xingrg/dwr/call/plaincall/AjaxCheckService.setItemNumber.dwr HTTP/1.1" 200 78
222.70.177.10 - - [01/Jan/2023:09:07:50 +0800] "POST /xingrg/dwr/call/plaincall/AjaxCheckService.setItemNumber.dwr HTTP/1.1" 200 78
114.84.38.109 - - [01/Jan/2023:09:07:50 +0800] "POST /xingrg/dwr/call/plaincall/AjaxCheckService.setItemNumber.dwr HTTP/1.1" 200 78
222.70.177.10 - - [01/Jan/2023:09:07:51 +0800] "POST /xingrg/dwr/call/plaincall/AjaxCheckService.setItemNumber.dwr HTTP/1.1" 200 78
114.84.38.109 - - [01/Jan/2023:09:07:51 +0800] "POST /xingrg/dwr/call/plaincall/AjaxCheckService.setItemNumber.dwr HTTP/1.1" 200 78
114.84.38.109 - - [01/Jan/2023:09:07:52 +0800] "POST /xingrg/dwr/call/plaincall/AjaxCheckService.setItemNumber.dwr HTTP/1.1" 200 78
222.70.177.10 - - [01/Jan/2023:09:07:53 +0800] "POST /xingrg/dwr/call/plaincall/AjaxCheckService.setItemNumber.dwr HTTP/1.1" 200 78
114.84.38.109 - - [01/Jan/2023:09:07:54 +0800] "POST /xingrg/dwr/call/plaincall/AjaxCheckService.setItemNumber.dwr HTTP/1.1" 200 78
222.70.177.10 - - [01/Jan/2023:09:07:54 +0800] "POST /xingrg/dwr/call/plaincall/AjaxCheckService.setItemNumber.dwr HTTP/1.1" 200 78
114.84.38.109 - - [01/Jan/2023:09:07:55 +0800] "POST /xingrg/dwr/call/plaincall/AjaxCheckService.setItemNumber.dwr HTTP/1.1" 200 78
222.70.177.10 - - [01/Jan/2023:09:07:56 +0800] "POST /xingrg/dwr/call/plaincall/AjaxCheckService.setItemNumber.dwr HTTP/1.1" 200 78
114.84.38.109 - - [01/Jan/2023:09:07:56 +0800] "POST /xingrg/dwr/call/plaincall/AjaxCheckService.setItemNumber.dwr HTTP/1.1" 200 78
222.70.177.10 - - [01/Jan/2023:09:07:57 +0800] "POST /xingrg/dwr/call/plaincall/AjaxCheckService.setItemNumber.dwr HTTP/1.1" 200 78
114.84.38.109 - - [01/Jan/2023:09:07:57 +0800] "POST /xingrg/dwr/call/plaincall/AjaxCheckService.setItemNumber.dwr HTTP/1.1" 200 78
114.84.38.109 - - [01/Jan/2023:09:07:58 +0800] "POST /xingrg/dwr/call/plaincall/AjaxCheckService.setItemNumber.dwr HTTP/1.1" 200 78
222.70.177.10 - - [01/Jan/2023:09:07:59 +0800] "POST /xingrg/dwr/call/plaincall/AjaxCheckService.setItemNumber.dwr HTTP/1.1" 200 78
116.230.105.139 - - [01/Jan/2023:09:07:59 +0800] "GET /xingrg/kc/buy/cgsh_order_operate.html?command=get_materiel&rest_code=00155&code=00101007032&supplier_code=00100002&order_time=2023-01-01 HTTP/1.1" 200 413
222.70.177.10 - - [01/Jan/2023:09:08:00 +0800] "POST /xingrg/dwr/call/plaincall/AjaxCheckService.setItemNumber.dwr HTTP/1.1" 200 78
114.84.38.109 - - [01/Jan/2023:09:08:01 +0800] "POST /xingrg/dwr/call/plaincall/AjaxCheckService.setItemNumber.dwr HTTP/1.1" 200 78
222.70.177.10 - - [01/Jan/2023:09:08:03 +0800] "POST /xingrg/dwr/call/plaincall/AjaxCheckService.setItemNumber.dwr HTTP/1.1" 200 78
222.69.192.184 - - [01/Jan/2023:09:08:04 +0800] "GET /xingrg/all/function/internal_message.html?_=1672535153356&CODE_STATE=getMsg HTTP/1.1" 200 27
114.84.38.109 - - [01/Jan/2023:09:08:04 +0800] "POST /xingrg/dwr/call/plaincall/AjaxCheckService.setItemNumber.dwr HTTP/1.1" 200 78
222.70.177.10 - - [01/Jan/2023:09:08:05 +0800] "POST /xingrg/dwr/call/plaincall/AjaxCheckService.setItemNumber.dwr HTTP/1.1" 200 78
222.70.177.10 - - [01/Jan/2023:09:08:06 +0800] "POST /xingrg/dwr/call/plaincall/AjaxCheckService.setItemNumber.dwr HTTP/1.1" 200 78
116.238.139.35 - - [01/Jan/2023:09:08:08 +0800] "GET /xingrg/all/function/internal_message.html?_=1672535313939&CODE_STATE=getMsg HTTP/1.1" 200 27
222.70.177.10 - - [01/Jan/2023:09:08:08 +0800] "POST /xingrg/dwr/call/plaincall/AjaxCheckService.setItemNumber.dwr HTTP/1.1" 200 78
116.238.139.35 - - [01/Jan/2023:09:08:08 +0800] "GET /xingrg/check_reg.html?_=1672535314567 HTTP/1.1" 200 22
222.70.177.10 - - [01/Jan/2023:09:08:10 +0800] "POST /xingrg/dwr/call/plaincall/AjaxCheckService.setItemNumber.dwr HTTP/1.1" 200 78
116.192.124.172 - - [01/Jan/2023:09:08:12 +0800] "GET /xingrg/all/function/internal_message.html?_=1672535318311&CODE_STATE=getMsg HTTP/1.1" 302 -
222.70.177.10 - - [01/Jan/2023:09:08:13 +0800] "POST /xingrg/dwr/call/plaincall/AjaxCheckService.setItemNumber.dwr HTTP/1.1" 200 78
120.253.135.82 - - [01/Jan/2023:09:08:17 +0800] "GET /xingrg/all/function/internal_message.html?_=1672535132431&CODE_STATE=getMsg HTTP/1.1" 200 27
114.84.38.109 - - [01/Jan/2023:09:08:18 +0800] "POST /xingrg/dwr/call/plaincall/AjaxCheckService.setItemNumber.dwr HTTP/1.1" 200 78
222.70.177.10 - - [01/Jan/2023:09:08:19 +0800] "POST /xingrg/dwr/call/plaincall/AjaxCheckService.setItemNumber.dwr HTTP/1.1" 200 78
114.84.38.109 - - [01/Jan/2023:09:08:20 +0800] "POST /xingrg/dwr/call/plaincall/AjaxCheckService.setItemNumber.dwr HTTP/1.1" 200 78
114.84.81.136 - - [01/Jan/2023:09:08:20 +0800] "GET /xingrg/all/function/internal_message.html?_=1672535325523&CODE_STATE=getMsg HTTP/1.1" 200 27
114.84.81.136 - - [01/Jan/2023:09:08:20 +0800] "GET /xingrg/check_reg.html?_=1672535325526 HTTP/1.1" 200 22
114.84.38.109 - - [01/Jan/2023:09:08:21 +0800] "POST /xingrg/dwr/call/plaincall/AjaxCheckService.setItemNumber.dwr HTTP/1.1" 200 78
222.70.177.10 - - [01/Jan/2023:09:08:21 +0800] "POST /xingrg/dwr/call/plaincall/AjaxCheckService.setItemNumber.dwr HTTP/1.1" 200 78
114.88.159.190 - - [01/Jan/2023:09:08:21 +0800] "GET /favicon.ico HTTP/1.1" 404 -
120.253.135.82 - - [01/Jan/2023:09:08:22 +0800] "GET /xingrg/all/function/internal_message.html?_=1672534786374&CODE_STATE=getMsg HTTP/1.1" 302 -
222.70.177.10 - - [01/Jan/2023:09:08:22 +0800] "POST /xingrg/dwr/call/plaincall/AjaxCheckService.setItemNumber.dwr HTTP/1.1" 200 78
222.70.177.10 - - [01/Jan/2023:09:08:24 +0800] "GET /xingrg/all/function/internal_message.html?_=1672535325300&CODE_STATE=getMsg HTTP/1.1" 200 27
222.70.177.10 - - [01/Jan/2023:09:08:24 +0800] "POST /xingrg/dwr/call/plaincall/AjaxCheckService.setItemNumber.dwr HTTP/1.1" 200 78
114.84.38.109 - - [01/Jan/2023:09:08:24 +0800] "POST /xingrg/dwr/call/plaincall/AjaxCheckService.setItemNumber.dwr HTTP/1.1" 200 78
222.70.177.10 - - [01/Jan/2023:09:08:25 +0800] "POST /xingrg/dwr/call/plaincall/AjaxCheckService.setItemNumber.dwr HTTP/1.1" 200 78
114.84.38.109 - - [01/Jan/2023:09:08:27 +0800] "POST /xingrg/dwr/call/plaincall/AjaxCheckService.setItemNumber.dwr HTTP/1.1" 200 78
222.70.177.10 - - [01/Jan/2023:09:08:27 +0800] "POST /xingrg/dwr/call/plaincall/AjaxCheckService.setItemNumber.dwr HTTP/1.1" 200 78
114.84.38.109 - - [01/Jan/2023:09:08:28 +0800] "POST /xingrg/dwr/call/plaincall/AjaxCheckService.setItemNumber.dwr HTTP/1.1" 200 78
222.70.177.10 - - [01/Jan/2023:09:08:28 +0800] "POST /xingrg/dwr/call/plaincall/AjaxCheckService.setItemNumber.dwr HTTP/1.1" 200 78
114.84.38.109 - - [01/Jan/2023:09:08:29 +0800] "POST /xingrg/dwr/call/plaincall/AjaxCheckService.setItemNumber.dwr HTTP/1.1" 200 78
222.70.177.10 - - [01/Jan/2023:09:08:29 +0800] "POST /xingrg/dwr/call/plaincall/AjaxCheckService.setItemNumber.dwr HTTP/1.1" 200 78
222.70.177.10 - - [01/Jan/2023:09:08:31 +0800] "POST /xingrg/dwr/call/plaincall/AjaxCheckService.setItemNumber.dwr HTTP/1.1" 200 78
114.84.38.109 - - [01/Jan/2023:09:08:31 +0800] "POST /xingrg/dwr/call/plaincall/AjaxCheckService.setItemNumber.dwr HTTP/1.1" 200 78
114.84.38.109 - - [01/Jan/2023:09:08:34 +0800] "GET /xingrg/check_reg.html?_=1672535365066 HTTP/1.1" 200 22
222.70.177.10 - - [01/Jan/2023:09:08:35 +0800] "POST /xingrg/dwr/call/plaincall/AjaxCheckService.setItemNumber.dwr HTTP/1.1" 200 78
114.84.38.109 - - [01/Jan/2023:09:08:35 +0800] "GET /xingrg/all/function/internal_message.html?_=1672535366582&CODE_STATE=getMsg HTTP/1.1" 200 27
114.84.38.109 - - [01/Jan/2023:09:08:37 +0800] "POST /xingrg/dwr/call/plaincall/AjaxCheckService.setItemNumber.dwr HTTP/1.1" 200 78
114.84.38.109 - - [01/Jan/2023:09:08:40 +0800] "POST /xingrg/dwr/call/plaincall/AjaxCheckService.setItemNumber.dwr HTTP/1.1" 200 78
222.69.192.184 - - [01/Jan/2023:09:08:41 +0800] "GET /xingrg/all/function/internal_message.html?_=1672535347074&CODE_STATE=getMsg HTTP/1.1" 200 27
114.84.38.109 - - [01/Jan/2023:09:08:42 +0800] "POST /xingrg/dwr/call/plaincall/AjaxCheckService.setItemNumber.dwr HTTP/1.1" 200 78
114.84.38.109 - - [01/Jan/2023:09:08:43 +0800] "POST /xingrg/dwr/call/plaincall/AjaxCheckService.setItemNumber.dwr HTTP/1.1" 200 78
116.230.105.139 - - [01/Jan/2023:09:08:44 +0800] "GET /xingrg/all/function/internal_message.html?_=1672535309068&CODE_STATE=getMsg HTTP/1.1" 200 27
114.84.38.109 - - [01/Jan/2023:09:08:44 +0800] "POST /xingrg/dwr/call/plaincall/AjaxCheckService.setItemNumber.dwr HTTP/1.1" 200 78
114.84.38.109 - - [01/Jan/2023:09:08:45 +0800] "POST /xingrg/dwr/call/plaincall/AjaxCheckService.setItemNumber.dwr HTTP/1.1" 200 78
222.70.177.10 - - [01/Jan/2023:09:08:46 +0800] "GET /xingrg/kc/base/check_order_list.html?isBack=1 HTTP/1.1" 200 16220
222.70.177.10 - - [01/Jan/2023:09:08:46 +0800] "POST /xingrg/kc/base/check_list_operate.html HTTP/1.1" 200 4706
114.84.38.109 - - [01/Jan/2023:09:08:47 +0800] "POST /xingrg/dwr/call/plaincall/AjaxCheckService.setItemNumber.dwr HTTP/1.1" 200 78
116.230.105.139 - - [01/Jan/2023:09:08:47 +0800] "GET /xingrg/kc/buy/cgsh_order_operate.html?command=get_materiel&rest_code=00155&code=00101007071&supplier_code=00100002&order_time=2023-01-01 HTTP/1.1" 200 417
114.84.38.109 - - [01/Jan/2023:09:08:48 +0800] "POST /xingrg/dwr/call/plaincall/AjaxCheckService.setItemNumber.dwr HTTP/1.1" 200 78
114.84.38.109 - - [01/Jan/2023:09:08:50 +0800] "POST /xingrg/dwr/call/plaincall/AjaxCheckService.setItemNumber.dwr HTTP/1.1" 200 78
222.70.177.10 - - [01/Jan/2023:09:08:51 +0800] "POST /xingrg/kc/base/check_list_operate.html HTTP/1.1" 200 2741
222.70.177.10 - - [01/Jan/2023:09:08:53 +0800] "GET /xingrg/kc/base/check_order_info.html?code=452022123100236 HTTP/1.1" 200 26404
222.70.177.10 - - [01/Jan/2023:09:08:53 +0800] "GET /xingrg/dwr/interface/AjaxCheckService.js HTTP/1.1" 200 14003
222.70.177.10 - - [01/Jan/2023:09:08:53 +0800] "GET /xingrg/dwr/interface/AjaxComOrderService.js HTTP/1.1" 200 18264
222.70.177.10 - - [01/Jan/2023:09:08:53 +0800] "GET /xingrg/dwr/engine.js HTTP/1.1" 200 43631
222.70.177.10 - - [01/Jan/2023:09:08:53 +0800] "POST /xingrg/dwr/call/plaincall/AjaxCheckService.loadOrderItems.dwr HTTP/1.1" 200 52944
116.230.105.139 - - [01/Jan/2023:09:08:56 +0800] "POST /xingrg/kc/buy/cgsh_order_operate.html HTTP/1.1" 200 37
116.230.105.139 - - [01/Jan/2023:09:08:57 +0800] "POST /xingrg/kc/buy/cgsh_order_operate.html HTTP/1.1" 200 3256
116.230.105.139 - - [01/Jan/2023:09:08:57 +0800] "GET /xingrg/kc/print/load_data.html?order_code=212023010100005&kc_code=cgsh&condition= HTTP/1.1" 200 985
222.70.177.10 - - [01/Jan/2023:09:08:58 +0800] "POST /xingrg/dwr/call/plaincall/AjaxCheckService.setItemNumber.dwr HTTP/1.1" 200 76
114.84.38.109 - - [01/Jan/2023:09:08:59 +0800] "POST /xingrg/dwr/call/plaincall/AjaxCheckService.setItemNumber.dwr HTTP/1.1" 200 78
222.70.177.10 - - [01/Jan/2023:09:09:00 +0800] "POST /xingrg/dwr/call/plaincall/AjaxCheckService.setItemNumber.dwr HTTP/1.1" 200 76
116.230.105.139 - - [01/Jan/2023:09:09:00 +0800] "GET /xingrg/kc/print/load_data.html?order_code=212023010100005&kc_code=cgsh HTTP/1.1" 200 985
222.70.177.10 - - [01/Jan/2023:09:09:01 +0800] "POST /xingrg/dwr/call/plaincall/AjaxCheckService.setItemNumber.dwr HTTP/1.1" 200 76
114.84.38.109 - - [01/Jan/2023:09:09:01 +0800] "POST /xingrg/dwr/call/plaincall/AjaxCheckService.setItemNumber.dwr HTTP/1.1" 200 78
114.84.38.109 - - [01/Jan/2023:09:09:02 +0800] "POST /xingrg/dwr/call/plaincall/AjaxCheckService.setItemNumber.dwr HTTP/1.1" 200 78
114.84.38.109 - - [01/Jan/2023:09:09:03 +0800] "POST /xingrg/dwr/call/plaincall/AjaxCheckService.setItemNumber.dwr HTTP/1.1" 200 78
222.69.192.184 - - [01/Jan/2023:09:09:04 +0800] "GET /xingrg/all/function/internal_message.html?_=1672535213346&CODE_STATE=getMsg HTTP/1.1" 200 27
114.84.38.109 - - [01/Jan/2023:09:09:05 +0800] "POST /xingrg/dwr/call/plaincall/AjaxCheckService.setItemNumber.dwr HTTP/1.1" 200 78
114.84.38.109 - - [01/Jan/2023:09:09:06 +0800] "POST /xingrg/dwr/call/plaincall/AjaxCheckService.setItemNumber.dwr HTTP/1.1" 200 78
222.70.177.10 - - [01/Jan/2023:09:09:06 +0800] "POST /xingrg/dwr/call/plaincall/AjaxCheckService.setItemNumber.dwr HTTP/1.1" 200 76
222.70.177.10 - - [01/Jan/2023:09:09:07 +0800] "POST /xingrg/dwr/call/plaincall/AjaxCheckService.setItemNumber.dwr HTTP/1.1" 200 76
116.238.139.35 - - [01/Jan/2023:09:09:08 +0800] "GET /xingrg/all/function/internal_message.html?_=1672535373912&CODE_STATE=getMsg HTTP/1.1" 200 27
222.70.177.10 - - [01/Jan/2023:09:09:08 +0800] "POST /xingrg/dwr/call/plaincall/AjaxCheckService.setItemNumber.dwr HTTP/1.1" 200 76
114.84.38.109 - - [01/Jan/2023:09:09:08 +0800] "POST /xingrg/dwr/call/plaincall/AjaxCheckService.setItemNumber.dwr HTTP/1.1" 200 78
114.88.159.190 - - [01/Jan/2023:09:09:09 +0800] "GET /xingrg/all/function/internal_message.html?_=1672534962248&CODE_STATE=getMsg HTTP/1.1" 302 -
114.88.159.190 - - [01/Jan/2023:09:09:09 +0800] "GET /xingrg/check_reg.html?_=1672534962249 HTTP/1.1" 302 -
114.88.159.190 - - [01/Jan/2023:09:09:09 +0800] "GET /xingrg/login.html HTTP/1.1" 200 7641
114.88.159.190 - - [01/Jan/2023:09:09:09 +0800] "GET /xingrg/login.html HTTP/1.1" 200 7641
222.70.177.10 - - [01/Jan/2023:09:09:10 +0800] "POST /xingrg/dwr/call/plaincall/AjaxCheckService.setItemNumber.dwr HTTP/1.1" 200 76
222.70.177.10 - - [01/Jan/2023:09:09:11 +0800] "POST /xingrg/dwr/call/plaincall/AjaxCheckService.setItemNumber.dwr HTTP/1.1" 200 76
222.70.177.10 - - [01/Jan/2023:09:09:12 +0800] "POST /xingrg/dwr/call/plaincall/AjaxCheckService.setItemNumber.dwr HTTP/1.1" 200 76
114.88.159.190 - - [01/Jan/2023:09:09:12 +0800] "GET /xingrg/login.html HTTP/1.1" 200 7641
116.192.124.172 - - [01/Jan/2023:09:09:12 +0800] "GET /xingrg/all/function/internal_message.html?_=1672535378294&CODE_STATE=getMsg HTTP/1.1" 302 -
114.88.159.190 - - [01/Jan/2023:09:09:12 +0800] "GET /favicon.ico HTTP/1.1" 404 -
116.192.124.172 - - [01/Jan/2023:09:09:13 +0800] "GET /xingrg/check_reg.html?_=1672535378730 HTTP/1.1" 302 -
116.230.105.139 - - [01/Jan/2023:09:09:13 +0800] "GET /xingrg/kc/buy/cgsh_order_add.html HTTP/1.1" 200 69866
114.88.159.190 - - [01/Jan/2023:09:09:13 +0800] "POST /xingrg/login.do HTTP/1.1" 302 -
114.88.159.190 - - [01/Jan/2023:09:09:13 +0800] "GET /xingrg/index.html?sysBaseUrl=http%3A%2F%2F180.169.147.146%3A18081%2Fxingrg%2F&costTime=39×tamp=1672535353957 HTTP/1.1" 200 17179
222.70.177.10 - - [01/Jan/2023:09:09:13 +0800] "POST /xingrg/dwr/call/plaincall/AjaxCheckService.setItemNumber.dwr HTTP/1.1" 200 77
114.88.159.190 - - [01/Jan/2023:09:09:14 +0800] "GET /favicon.ico HTTP/1.1" 404 -
114.88.159.190 - - [01/Jan/2023:09:09:14 +0800] "POST /xingrg/all/common/load_tree.html?tree=area_rest_tree_json&manage=1 HTTP/1.1" 200 351
114.88.159.190 - - [01/Jan/2023:09:09:14 +0800] "GET /xingrg/check_reg.html?_=1672534966818 HTTP/1.1" 200 22
114.88.159.190 - - [01/Jan/2023:09:09:14 +0800] "GET /xingrg/all/function/internal_message.html?_=1672534966817&CODE_STATE=count HTTP/1.1" 200 11
114.88.159.190 - - [01/Jan/2023:09:09:14 +0800] "POST /xingrg/load_menu.html HTTP/1.1" 200 5138
116.230.105.139 - - [01/Jan/2023:09:09:14 +0800] "POST /xingrg/kc/buy/cgsh_order_operate.html HTTP/1.1" 200 8245
116.230.105.139 - - [01/Jan/2023:09:09:14 +0800] "GET /xingrg/javascript/easyui/themes/default/validatebox.css HTTP/1.1" 404 1104
114.88.159.190 - - [01/Jan/2023:09:09:15 +0800] "GET /xingrg/kc/base/base_main.html HTTP/1.1" 200 12142
222.70.177.10 - - [01/Jan/2023:09:09:16 +0800] "POST /xingrg/dwr/call/plaincall/AjaxCheckService.setItemNumber.dwr HTTP/1.1" 200 77
114.88.159.190 - - [01/Jan/2023:09:09:16 +0800] "GET /xingrg/kc/buy/buy_main.html HTTP/1.1" 200 12412
114.88.159.190 - - [01/Jan/2023:09:09:16 +0800] "GET /xingrg/css/new_ie.css HTTP/1.1" 404 1036
114.84.38.109 - - [01/Jan/2023:09:09:17 +0800] "POST /xingrg/dwr/call/plaincall/AjaxCheckService.setItemNumber.dwr HTTP/1.1" 200 78
120.253.135.82 - - [01/Jan/2023:09:09:17 +0800] "GET /xingrg/all/function/internal_message.html?_=1672535192629&CODE_STATE=getMsg HTTP/1.1" 200 27
114.88.159.190 - - [01/Jan/2023:09:09:17 +0800] "GET /xingrg/images/yd/bt.gif HTTP/1.1" 404 1040
222.70.177.10 - - [01/Jan/2023:09:09:17 +0800] "POST /xingrg/dwr/call/plaincall/AjaxCheckService.setItemNumber.dwr HTTP/1.1" 200 77
114.88.159.190 - - [01/Jan/2023:09:09:18 +0800] "GET /xingrg/kc/buy/cgsh_order_list.html HTTP/1.1" 200 54084
222.70.177.10 - - [01/Jan/2023:09:09:19 +0800] "POST /xingrg/dwr/call/plaincall/AjaxCheckService.setItemNumber.dwr HTTP/1.1" 200 77
114.88.159.190 - - [01/Jan/2023:09:09:19 +0800] "POST /xingrg/kc/buy/cgsh_list_operate.html HTTP/1.1" 200 986
114.84.38.109 - - [01/Jan/2023:09:09:19 +0800] "POST /xingrg/dwr/call/plaincall/AjaxCheckService.setItemNumber.dwr HTTP/1.1" 200 78
114.84.81.136 - - [01/Jan/2023:09:09:20 +0800] "GET /xingrg/all/function/internal_message.html?_=1672535385526&CODE_STATE=getMsg HTTP/1.1" 200 27
222.70.177.10 - - [01/Jan/2023:09:09:20 +0800] "POST /xingrg/dwr/call/plaincall/AjaxCheckService.setItemNumber.dwr HTTP/1.1" 200 77
222.69.192.184 - - [01/Jan/2023:09:09:21 +0800] "GET /xingrg/kc/buy/cgsh_order_list.html HTTP/1.1" 200 54078
222.69.192.184 - - [01/Jan/2023:09:09:21 +0800] "GET /xingrg/javascript/easyui/themes/icons/import_new.png HTTP/1.1" 304 -
