116.230.105.139 - - [01/Jan/2023:10:57:45 +0800] "GET /xingrg/javascript/jquery_easy_ui/themes/default/images/tree_arrows.gif HTTP/1.1" 304 -
116.230.105.139 - - [01/Jan/2023:10:57:46 +0800] "GET /xingrg/javascript/jquery_easy_ui/themes/default/images/tree_file.gif HTTP/1.1" 304 -
116.230.105.139 - - [01/Jan/2023:10:57:46 +0800] "GET /xingrg/javascript/jquery_easy_ui/themes/default/images/tree_folder.gif HTTP/1.1" 304 -
116.192.124.172 - - [01/Jan/2023:10:57:46 +0800] "GET /xingrg/kc/base/wldb_order_info.html?code=422023010100013 HTTP/1.1" 200 26256
116.192.124.172 - - [01/Jan/2023:10:57:46 +0800] "GET /xingrg/javascript/easyui/themes/default/validatebox.css HTTP/1.1" 404 1104
116.192.124.172 - - [01/Jan/2023:10:57:46 +0800] "POST /xingrg/kc/base/wldb_order_operate.html HTTP/1.1" 200 2455
180.169.147.146 - - [01/Jan/2023:10:57:48 +0800] "GET /xingrg/all/function/internal_message.html?_=1672541890517&CODE_STATE=getMsg HTTP/1.1" 200 27
120.253.135.82 - - [01/Jan/2023:10:57:52 +0800] "POST /xingrg/kc/buy/cgsh_order_operate.html HTTP/1.1" 200 37
116.230.105.139 - - [01/Jan/2023:10:57:54 +0800] "GET /xingrg/kc/buy/cgsh_order_list.html HTTP/1.1" 200 54084
222.69.192.184 - - [01/Jan/2023:10:57:54 +0800] "GET /xingrg/kc/base/wldb_order_add.html HTTP/1.1" 200 30384
120.253.135.82 - - [01/Jan/2023:10:57:54 +0800] "POST /xingrg/kc/buy/cgsh_order_operate.html HTTP/1.1" 200 2669
222.69.192.184 - - [01/Jan/2023:10:57:54 +0800] "GET /xingrg/words/20221231094221_words.js HTTP/1.1" 304 -
222.69.192.184 - - [01/Jan/2023:10:57:55 +0800] "POST /xingrg/kc/base/wldb_order_operate.html HTTP/1.1" 200 6806
222.69.192.184 - - [01/Jan/2023:10:57:55 +0800] "GET /xingrg/javascript/easyui/themes/default/validatebox.css HTTP/1.1" 404 1104
58.22.0.7 - - [01/Jan/2023:10:57:55 +0800] "GET /xingrg/all/function/internal_message.html?_=1672541900587&CODE_STATE=getMsg HTTP/1.1" 200 27
120.253.135.82 - - [01/Jan/2023:10:57:56 +0800] "GET /xingrg/kc/print/load_config.html?kc_code=cgsh HTTP/1.1" 200 1943
222.70.177.10 - - [01/Jan/2023:10:57:57 +0800] "POST /xingrg/kc/buy/cgsh_order_operate.html HTTP/1.1" 200 37
116.230.105.139 - - [01/Jan/2023:10:57:57 +0800] "POST /xingrg/kc/buy/cgsh_list_operate.html HTTP/1.1" 200 986
120.253.135.82 - - [01/Jan/2023:10:57:57 +0800] "GET /xingrg/kc/print/load_data.html?order_code=212023010100033&kc_code=cgsh&condition= HTTP/1.1" 200 665
116.192.124.172 - - [01/Jan/2023:10:57:57 +0800] "GET /xingrg/kc/base/wldb_order_add.html HTTP/1.1" 200 30380
116.192.124.172 - - [01/Jan/2023:10:57:57 +0800] "POST /xingrg/kc/base/wldb_order_operate.html HTTP/1.1" 200 6806
116.192.124.172 - - [01/Jan/2023:10:57:58 +0800] "GET /xingrg/javascript/easyui/themes/default/validatebox.css HTTP/1.1" 404 1104
124.78.155.72 - - [01/Jan/2023:10:57:58 +0800] "GET /xingrg/kc/buy/cgsh_order_operate.html?command=get_materiel&rest_code=00106&code=00101008059&supplier_code=00100007&order_time=2023-01-01 HTTP/1.1" 200 408
116.192.124.172 - - [01/Jan/2023:10:57:58 +0800] "POST /xingrg/all/common/load_combo.html?type=base HTTP/1.1" 200 3321
222.70.177.10 - - [01/Jan/2023:10:57:59 +0800] "POST /xingrg/kc/buy/cgsh_order_operate.html HTTP/1.1" 200 3263
116.192.124.172 - - [01/Jan/2023:10:58:01 +0800] "POST /xingrg/all/common/load_combo.html?type=base HTTP/1.1" 200 3321
58.40.7.146 - - [01/Jan/2023:10:58:01 +0800] "GET /xingrg/all/function/internal_message.html?_=1672541905604&CODE_STATE=getMsg HTTP/1.1" 200 27
222.69.192.184 - - [01/Jan/2023:10:58:02 +0800] "POST /xingrg/kc/buy/cgsh_order_operate.html HTTP/1.1" 200 37
222.70.177.10 - - [01/Jan/2023:10:58:02 +0800] "GET /xingrg/kc/print/load_data.html?order_code=212023010100034&kc_code=cgsh&condition= HTTP/1.1" 200 974
180.169.147.146 - - [01/Jan/2023:10:58:02 +0800] "GET /xingrg/all/function/internal_message.html?_=1672541907157&CODE_STATE=getMsg HTTP/1.1" 200 27
124.78.155.72 - - [01/Jan/2023:10:58:03 +0800] "GET /xingrg/check_reg.html?_=1672541907949 HTTP/1.1" 200 22
116.230.105.139 - - [01/Jan/2023:10:58:03 +0800] "GET /xingrg/kc/buy/cgsh_order_add.html HTTP/1.1" 200 68501
124.78.155.72 - - [01/Jan/2023:10:58:03 +0800] "GET /xingrg/all/function/internal_message.html?_=1672541907954&CODE_STATE=getMsg HTTP/1.1" 200 27
116.238.139.35 - - [01/Jan/2023:10:58:04 +0800] "GET /xingrg/all/function/internal_message.html?_=1672541909508&CODE_STATE=getMsg HTTP/1.1" 200 27
116.230.105.139 - - [01/Jan/2023:10:58:04 +0800] "GET /xingrg/all/common/auto_word.html?type=employee&rest_code=00107 HTTP/1.1" 200 101
116.230.105.139 - - [01/Jan/2023:10:58:04 +0800] "GET /xingrg/javascript/easyui/themes/default/validatebox.css HTTP/1.1" 404 1104
116.230.105.139 - - [01/Jan/2023:10:58:04 +0800] "GET /xingrg/all/common/auto_word.html?type=employee&rest_code=00107 HTTP/1.1" 200 101
116.230.105.139 - - [01/Jan/2023:10:58:04 +0800] "POST /xingrg/kc/buy/cgsh_order_operate.html HTTP/1.1" 200 8245
222.69.192.184 - - [01/Jan/2023:10:58:04 +0800] "POST /xingrg/kc/buy/cgsh_order_operate.html HTTP/1.1" 200 6217
222.69.192.184 - - [01/Jan/2023:10:58:04 +0800] "GET /xingrg/all/function/internal_message.html?_=1672541753437&CODE_STATE=getMsg HTTP/1.1" 200 27
222.69.192.184 - - [01/Jan/2023:10:58:05 +0800] "GET /xingrg/kc/print/load_data.html?order_code=212023010100035&kc_code=cgsh&condition= HTTP/1.1" 200 2029
116.230.105.139 - - [01/Jan/2023:10:58:06 +0800] "GET /xingrg/javascript/auto/indicator.gif HTTP/1.1" 404 1066
222.70.177.10 - - [01/Jan/2023:10:58:07 +0800] "GET /xingrg/kc/buy/cgsh_order_add.html HTTP/1.1" 200 69816
222.70.177.10 - - [01/Jan/2023:10:58:07 +0800] "GET /xingrg/javascript/easyui/themes/default/validatebox.css HTTP/1.1" 404 1104
222.70.177.10 - - [01/Jan/2023:10:58:07 +0800] "POST /xingrg/kc/buy/cgsh_order_operate.html HTTP/1.1" 200 8245
114.84.81.136 - - [01/Jan/2023:10:58:08 +0800] "GET /xingrg/all/function/internal_message.html?_=1672541914585&CODE_STATE=getMsg HTTP/1.1" 200 27
222.69.192.184 - - [01/Jan/2023:10:58:09 +0800] "GET /xingrg/kc/buy/cgsh_order_add.html HTTP/1.1" 200 69942
116.230.105.139 - - [01/Jan/2023:10:58:09 +0800] "GET /xingrg/javascript/jquery_tools/images/next.gif HTTP/1.1" 404 1086
116.230.105.139 - - [01/Jan/2023:10:58:09 +0800] "GET /xingrg/javascript/jquery_tools/images/prev.gif HTTP/1.1" 404 1086
222.69.192.184 - - [01/Jan/2023:10:58:09 +0800] "POST /xingrg/kc/buy/cgsh_order_operate.html HTTP/1.1" 200 8245
222.69.192.184 - - [01/Jan/2023:10:58:09 +0800] "GET /xingrg/javascript/easyui/themes/default/validatebox.css HTTP/1.1" 404 1104
116.192.124.172 - - [01/Jan/2023:10:58:11 +0800] "GET /xingrg/all/function/internal_message.html?_=1672541916788&CODE_STATE=getMsg HTTP/1.1" 200 27
114.84.171.241 - - [01/Jan/2023:10:58:11 +0800] "GET /xingrg/all/function/internal_message.html?_=1672541915567&CODE_STATE=getMsg HTTP/1.1" 200 27
114.88.159.190 - - [01/Jan/2023:10:58:14 +0800] "GET /xingrg/check_reg.html?_=1672541919039 HTTP/1.1" 200 22
114.88.159.190 - - [01/Jan/2023:10:58:14 +0800] "GET /xingrg/all/function/internal_message.html?_=1672541919041&CODE_STATE=getMsg HTTP/1.1" 200 27
114.88.159.190 - - [01/Jan/2023:10:58:14 +0800] "GET /xingrg/all/function/internal_message.html?_=1672541507151&CODE_STATE=getMsg HTTP/1.1" 200 27
120.253.135.82 - - [01/Jan/2023:10:58:15 +0800] "GET /xingrg/check_reg.html?_=1672541730228 HTTP/1.1" 200 22
120.253.135.82 - - [01/Jan/2023:10:58:15 +0800] "GET /xingrg/all/function/internal_message.html?_=1672541730242&CODE_STATE=getMsg HTTP/1.1" 200 27
116.192.124.172 - - [01/Jan/2023:10:58:16 +0800] "GET /xingrg/kc/base/wldb_order_operate.html?command=get_materiel&rest_code=00102&base_code=0010476&code=00101019111 HTTP/1.1" 200 467
116.230.105.139 - - [01/Jan/2023:10:58:17 +0800] "GET /xingrg/kc/buy/cgsh_order_operate.html?command=get_materiel&rest_code=00107&code=00101010162&supplier_code=00100325&order_time=2023-01-01 HTTP/1.1" 200 419
222.69.192.184 - - [01/Jan/2023:10:58:18 +0800] "GET /xingrg/kc/buy/cgsh_order_operate.html?command=get_materiel&rest_code=00105&code=00101018007&supplier_code=00100330&order_time=2023-01-01 HTTP/1.1" 200 409
222.70.177.10 - - [01/Jan/2023:10:58:19 +0800] "GET /xingrg/kc/buy/cgsh_order_operate.html?command=get_materiel&rest_code=00111&code=00101001045&supplier_code=00100439&order_time=2023-01-01 HTTP/1.1" 200 423
114.84.81.136 - - [01/Jan/2023:10:58:20 +0800] "GET /xingrg/all/function/internal_message.html?_=1672541925623&CODE_STATE=getMsg HTTP/1.1" 200 27
114.84.81.136 - - [01/Jan/2023:10:58:20 +0800] "GET /xingrg/check_reg.html?_=1672541925627 HTTP/1.1" 200 22
116.192.124.172 - - [01/Jan/2023:10:58:21 +0800] "GET /xingrg/kc/base/wldb_order_operate.html?command=get_materiel&rest_code=00102&base_code=0010476&code=00101019315 HTTP/1.1" 200 475
222.69.192.184 - - [01/Jan/2023:10:58:24 +0800] "GET /xingrg/kc/base/wldb_order_operate.html?command=get_materiel&rest_code=00105&base_code=0010508&code=00102002448 HTTP/1.1" 200 440
116.192.124.172 - - [01/Jan/2023:10:58:29 +0800] "GET /xingrg/kc/base/wldb_order_operate.html?command=get_materiel&rest_code=00102&base_code=0010476&code=00101019405 HTTP/1.1" 200 482
114.84.38.109 - - [01/Jan/2023:10:58:34 +0800] "GET /xingrg/check_reg.html?_=1672541965805 HTTP/1.1" 200 22
124.78.155.72 - - [01/Jan/2023:10:58:35 +0800] "GET /xingrg/kc/buy/cgsh_order_operate.html?command=get_materiel&rest_code=00106&code=00101011010&supplier_code=00100007&order_time=2023-01-01 HTTP/1.1" 200 418
222.70.177.10 - - [01/Jan/2023:10:58:36 +0800] "GET /xingrg/all/function/internal_message.html?_=1672542101358&CODE_STATE=getMsg HTTP/1.1" 200 27
222.70.177.10 - - [01/Jan/2023:10:58:37 +0800] "GET /xingrg/kc/buy/cgsh_order_operate.html?command=get_materiel&rest_code=00111&code=00101001138&supplier_code=00100439&order_time=2023-01-01 HTTP/1.1" 200 415
222.69.192.184 - - [01/Jan/2023:10:58:37 +0800] "GET /xingrg/kc/buy/cgsh_order_operate.html?command=get_materiel&rest_code=00105&code=00101018011&supplier_code=00100330&order_time=2023-01-01 HTTP/1.1" 200 415
222.69.192.184 - - [01/Jan/2023:10:58:38 +0800] "GET /xingrg/kc/base/wldb_order_operate.html?command=get_materiel&rest_code=00105&base_code=0010508&code=00102002610 HTTP/1.1" 200 444
222.69.192.184 - - [01/Jan/2023:10:58:39 +0800] "GET /xingrg/all/function/internal_message.html?_=1672541944648&CODE_STATE=getMsg HTTP/1.1" 200 27
114.84.38.109 - - [01/Jan/2023:10:58:39 +0800] "GET /xingrg/all/function/internal_message.html?_=1672541970494&CODE_STATE=getMsg HTTP/1.1" 200 27
124.78.155.72 - - [01/Jan/2023:10:58:40 +0800] "POST /xingrg/kc/buy/cgsh_order_operate.html HTTP/1.1" 200 2065
222.70.177.10 - - [01/Jan/2023:10:58:42 +0800] "GET /xingrg/all/function/internal_message.html?_=1672541944010&CODE_STATE=getMsg HTTP/1.1" 200 27
222.70.177.10 - - [01/Jan/2023:10:58:43 +0800] "GET /xingrg/check_reg.html?_=1672541944091 HTTP/1.1" 200 22
116.230.105.139 - - [01/Jan/2023:10:58:46 +0800] "GET /xingrg/all/function/internal_message.html?_=1672541910409&CODE_STATE=getMsg HTTP/1.1" 200 27
180.169.147.146 - - [01/Jan/2023:10:58:46 +0800] "GET /xingrg/check_reg.html?_=1672541947973 HTTP/1.1" 200 22
180.169.147.146 - - [01/Jan/2023:10:58:48 +0800] "GET /xingrg/all/function/internal_message.html?_=1672541950502&CODE_STATE=getMsg HTTP/1.1" 200 27
124.78.155.72 - - [01/Jan/2023:10:58:49 +0800] "GET /xingrg/kc/buy/cgsh_order_operate.html?command=get_materiel&rest_code=00106&code=00101008261&supplier_code=00100007&order_time=2023-01-01 HTTP/1.1" 200 408
116.230.105.139 - - [01/Jan/2023:10:58:51 +0800] "GET /xingrg/kc/buy/cgsh_order_operate.html?command=get_materiel&rest_code=00107&code=00101009154&supplier_code=00100325&order_time=2023-01-01 HTTP/1.1" 200 402
116.192.124.172 - - [01/Jan/2023:10:58:53 +0800] "GET /xingrg/kc/base/wldb_order_operate.html?command=get_materiel&rest_code=00102&base_code=0010476&code=00101019071 HTTP/1.1" 200 471
222.70.177.10 - - [01/Jan/2023:10:58:53 +0800] "POST /xingrg/kc/buy/cgsh_order_operate.html HTTP/1.1" 200 37
222.69.192.184 - - [01/Jan/2023:10:58:54 +0800] "GET /xingrg/kc/buy/cgsh_order_operate.html?command=get_materiel&rest_code=00105&code=00101006199&supplier_code=00100330&order_time=2023-01-01 HTTP/1.1" 200 414
58.22.0.7 - - [01/Jan/2023:10:58:55 +0800] "GET /xingrg/all/function/internal_message.html?_=1672541960583&CODE_STATE=getMsg HTTP/1.1" 200 27
222.70.177.10 - - [01/Jan/2023:10:58:56 +0800] "POST /xingrg/kc/buy/cgsh_order_operate.html HTTP/1.1" 200 3265
222.70.177.10 - - [01/Jan/2023:10:58:58 +0800] "GET /xingrg/kc/print/load_data.html?order_code=212023010100036&kc_code=cgsh&condition= HTTP/1.1" 200 918
222.69.192.184 - - [01/Jan/2023:10:59:01 +0800] "POST /xingrg/kc/buy/cgsh_order_operate.html HTTP/1.1" 200 37
58.40.7.146 - - [01/Jan/2023:10:59:01 +0800] "GET /xingrg/all/function/internal_message.html?_=1672541965606&CODE_STATE=getMsg HTTP/1.1" 200 27
180.169.147.146 - - [01/Jan/2023:10:59:02 +0800] "GET /xingrg/all/function/internal_message.html?_=1672541967156&CODE_STATE=getMsg HTTP/1.1" 200 27
116.230.105.139 - - [01/Jan/2023:10:59:02 +0800] "GET /xingrg/kc/buy/cgsh_order_operate.html?command=get_materiel&rest_code=00107&code=00101023035&supplier_code=00100325&order_time=2023-01-01 HTTP/1.1" 200 420
124.78.155.72 - - [01/Jan/2023:10:59:02 +0800] "GET /xingrg/kc/buy/cgsh_order_operate.html?command=get_materiel&rest_code=00106&code=00101008098&supplier_code=00100007&order_time=2023-01-01 HTTP/1.1" 200 412
222.69.192.184 - - [01/Jan/2023:10:59:03 +0800] "GET /xingrg/kc/base/wldb_order_operate.html?command=get_materiel&rest_code=00105&base_code=0010508&code=00102002035 HTTP/1.1" 200 440
222.69.192.184 - - [01/Jan/2023:10:59:03 +0800] "POST /xingrg/kc/buy/cgsh_order_operate.html HTTP/1.1" 200 3837
222.70.177.10 - - [01/Jan/2023:10:59:03 +0800] "GET /xingrg/kc/buy/cgsh_order_add.html HTTP/1.1" 200 69816
124.78.155.72 - - [01/Jan/2023:10:59:03 +0800] "GET /xingrg/all/function/internal_message.html?_=1672541967953&CODE_STATE=getMsg HTTP/1.1" 200 27
222.70.177.10 - - [01/Jan/2023:10:59:03 +0800] "GET /xingrg/javascript/easyui/themes/default/validatebox.css HTTP/1.1" 404 1104
222.70.177.10 - - [01/Jan/2023:10:59:04 +0800] "POST /xingrg/kc/buy/cgsh_order_operate.html HTTP/1.1" 200 8245
116.238.139.35 - - [01/Jan/2023:10:59:04 +0800] "GET /xingrg/all/function/internal_message.html?_=1672541969517&CODE_STATE=getMsg HTTP/1.1" 200 27
222.69.192.184 - - [01/Jan/2023:10:59:04 +0800] "GET /xingrg/all/function/internal_message.html?_=1672541813415&CODE_STATE=getMsg HTTP/1.1" 200 27
222.69.192.184 - - [01/Jan/2023:10:59:04 +0800] "GET /xingrg/kc/print/load_data.html?order_code=212023010100037&kc_code=cgsh&condition= HTTP/1.1" 200 1125
222.69.192.184 - - [01/Jan/2023:10:59:07 +0800] "GET /xingrg/kc/buy/cgsh_order_add.html HTTP/1.1" 200 69942
222.69.192.184 - - [01/Jan/2023:10:59:08 +0800] "POST /xingrg/kc/buy/cgsh_order_operate.html HTTP/1.1" 200 8245
222.69.192.184 - - [01/Jan/2023:10:59:08 +0800] "GET /xingrg/javascript/easyui/themes/default/validatebox.css HTTP/1.1" 404 1104
114.84.81.136 - - [01/Jan/2023:10:59:08 +0800] "GET /xingrg/all/function/internal_message.html?_=1672541974583&CODE_STATE=getMsg HTTP/1.1" 200 27
116.192.124.172 - - [01/Jan/2023:10:59:11 +0800] "GET /xingrg/all/function/internal_message.html?_=1672541976783&CODE_STATE=getMsg HTTP/1.1" 200 27
114.84.171.241 - - [01/Jan/2023:10:59:11 +0800] "GET /xingrg/all/function/internal_message.html?_=1672541975567&CODE_STATE=getMsg HTTP/1.1" 200 27
114.88.159.190 - - [01/Jan/2023:10:59:14 +0800] "GET /xingrg/all/function/internal_message.html?_=1672541979039&CODE_STATE=getMsg HTTP/1.1" 200 27
114.88.159.190 - - [01/Jan/2023:10:59:14 +0800] "GET /xingrg/all/function/internal_message.html?_=1672541567150&CODE_STATE=getMsg HTTP/1.1" 200 27
222.70.177.10 - - [01/Jan/2023:10:59:14 +0800] "GET /xingrg/kc/buy/cgsh_order_operate.html?command=get_materiel&rest_code=00111&code=00101001213&supplier_code=00100323&order_time=2023-01-01 HTTP/1.1" 200 438
120.253.135.82 - - [01/Jan/2023:10:59:15 +0800] "GET /xingrg/all/function/internal_message.html?_=1672541790257&CODE_STATE=getMsg HTTP/1.1" 200 27
114.88.159.190 - - [01/Jan/2023:10:59:15 +0800] "GET /xingrg/check_reg.html?_=1672541567818 HTTP/1.1" 200 22
222.70.177.10 - - [01/Jan/2023:10:59:16 +0800] "POST /xingrg/all/common/load_select.html HTTP/1.1" 200 38
222.69.192.184 - - [01/Jan/2023:10:59:16 +0800] "GET /xingrg/kc/buy/cgsh_order_operate.html?command=get_materiel&rest_code=00105&code=00101013206&supplier_code=00100337&order_time=2023-01-01 HTTP/1.1" 200 414
124.78.155.72 - - [01/Jan/2023:10:59:18 +0800] "GET /xingrg/kc/buy/cgsh_order_operate.html?command=get_materiel&rest_code=00106&code=00101008350&supplier_code=00100007&order_time=2023-01-01 HTTP/1.1" 200 423
222.70.177.10 - - [01/Jan/2023:10:59:20 +0800] "GET /xingrg/kc/buy/cgsh_order_operate.html?command=get_materiel_price&rest_code=00111&code=00101001213&unit_code=00100487&supplier_code=00100323&order_time=2023-01-01 HTTP/1.1" 200 28
114.84.81.136 - - [01/Jan/2023:10:59:20 +0800] "GET /xingrg/all/function/internal_message.html?_=1672541985627&CODE_STATE=getMsg HTTP/1.1" 200 27
222.69.192.184 - - [01/Jan/2023:10:59:23 +0800] "POST /xingrg/kc/base/wldb_order_operate.html HTTP/1.1" 200 37
222.69.192.184 - - [01/Jan/2023:10:59:23 +0800] "POST /xingrg/kc/base/wldb_order_operate.html HTTP/1.1" 200 3151
222.69.192.184 - - [01/Jan/2023:10:59:24 +0800] "GET /xingrg/kc/base/wldb_order_info.html?code=422023010100014 HTTP/1.1" 200 30398
222.69.192.184 - - [01/Jan/2023:10:59:25 +0800] "GET /xingrg/javascript/easyui/themes/default/validatebox.css HTTP/1.1" 404 1104
222.69.192.184 - - [01/Jan/2023:10:59:25 +0800] "POST /xingrg/kc/base/wldb_order_operate.html HTTP/1.1" 200 3151
116.192.124.172 - - [01/Jan/2023:10:59:31 +0800] "POST /xingrg/kc/base/wldb_order_operate.html HTTP/1.1" 200 37
222.69.192.184 - - [01/Jan/2023:10:59:32 +0800] "POST /xingrg/kc/buy/cgsh_order_operate.html HTTP/1.1" 200 37
222.70.177.10 - - [01/Jan/2023:10:59:33 +0800] "GET /xingrg/kc/buy/cgsh_order_operate.html?command=get_materiel&rest_code=00111&code=00101010063&supplier_code=00100323&order_time=2023-01-01 HTTP/1.1" 200 409
116.230.105.139 - - [01/Jan/2023:10:59:34 +0800] "GET /xingrg/kc/buy/cgsh_order_operate.html?command=get_materiel&rest_code=00107&code=00101010018&supplier_code=00100325&order_time=2023-01-01 HTTP/1.1" 200 417
116.192.124.172 - - [01/Jan/2023:10:59:34 +0800] "POST /xingrg/kc/base/wldb_order_operate.html HTTP/1.1" 200 12
116.192.124.172 - - [01/Jan/2023:10:59:34 +0800] "POST /xingrg/kc/base/wldb_order_operate.html HTTP/1.1" 200 3729
222.70.177.10 - - [01/Jan/2023:10:59:36 +0800] "GET /xingrg/all/function/internal_message.html?_=1672542161358&CODE_STATE=getMsg HTTP/1.1" 200 27
116.192.124.172 - - [01/Jan/2023:10:59:38 +0800] "GET /xingrg/kc/base/wldb_order_info.html?code=422023010100015 HTTP/1.1" 200 26257
116.192.124.172 - - [01/Jan/2023:10:59:38 +0800] "GET /xingrg/javascript/easyui/themes/default/validatebox.css HTTP/1.1" 404 1104
116.192.124.172 - - [01/Jan/2023:10:59:38 +0800] "POST /xingrg/kc/base/wldb_order_operate.html HTTP/1.1" 200 1992
114.84.38.109 - - [01/Jan/2023:10:59:39 +0800] "GET /xingrg/all/function/internal_message.html?_=1672542030509&CODE_STATE=getMsg HTTP/1.1" 200 27
222.69.192.184 - - [01/Jan/2023:10:59:39 +0800] "GET /xingrg/kc/base/wldb_order_add.html HTTP/1.1" 200 30384
222.69.192.184 - - [01/Jan/2023:10:59:39 +0800] "POST /xingrg/kc/base/wldb_order_operate.html HTTP/1.1" 200 6806
222.69.192.184 - - [01/Jan/2023:10:59:40 +0800] "GET /xingrg/javascript/easyui/themes/default/validatebox.css HTTP/1.1" 404 1104
222.69.192.184 - - [01/Jan/2023:10:59:40 +0800] "POST /xingrg/kc/buy/cgsh_order_operate.html HTTP/1.1" 200 2658
222.69.192.184 - - [01/Jan/2023:10:59:41 +0800] "GET /xingrg/kc/print/load_data.html?order_code=212023010100038&kc_code=cgsh&condition= HTTP/1.1" 200 674
222.70.177.10 - - [01/Jan/2023:10:59:42 +0800] "GET /xingrg/kc/buy/cgsh_order_operate.html?command=get_materiel&rest_code=00111&code=00101010148&supplier_code=00100323&order_time=2023-01-01 HTTP/1.1" 200 413
222.70.177.10 - - [01/Jan/2023:10:59:43 +0800] "GET /xingrg/all/function/internal_message.html?_=1672542003990&CODE_STATE=getMsg HTTP/1.1" 200 27
124.78.155.72 - - [01/Jan/2023:10:59:43 +0800] "GET /xingrg/kc/buy/cgsh_order_operate.html?command=get_materiel&rest_code=00106&code=00101008558&supplier_code=00100007&order_time=2023-01-01 HTTP/1.1" 200 409
116.230.105.139 - - [01/Jan/2023:10:59:43 +0800] "GET /xingrg/kc/buy/cgsh_order_operate.html?command=get_materiel&rest_code=00107&code=00101008647&supplier_code=00100325&order_time=2023-01-01 HTTP/1.1" 200 435
222.69.192.184 - - [01/Jan/2023:10:59:45 +0800] "GET /xingrg/kc/buy/cgsh_order_add.html HTTP/1.1" 200 69942
116.230.105.139 - - [01/Jan/2023:10:59:45 +0800] "GET /xingrg/all/function/internal_message.html?_=1672541970389&CODE_STATE=getMsg HTTP/1.1" 200 27
222.69.192.184 - - [01/Jan/2023:10:59:45 +0800] "POST /xingrg/kc/buy/cgsh_order_operate.html HTTP/1.1" 200 8245
222.69.192.184 - - [01/Jan/2023:10:59:45 +0800] "GET /xingrg/javascript/easyui/themes/default/validatebox.css HTTP/1.1" 404 1104
116.230.105.139 - - [01/Jan/2023:10:59:47 +0800] "POST /xingrg/all/common/load_select.html HTTP/1.1" 200 25
222.69.192.184 - - [01/Jan/2023:10:59:47 +0800] "GET /xingrg/check_reg.html?_=1672542013017 HTTP/1.1" 200 22
180.169.147.146 - - [01/Jan/2023:10:59:48 +0800] "GET /xingrg/all/function/internal_message.html?_=1672542010486&CODE_STATE=getMsg HTTP/1.1" 200 27
222.70.177.10 - - [01/Jan/2023:10:59:52 +0800] "POST /xingrg/kc/buy/cgsh_order_operate.html HTTP/1.1" 200 37
116.230.105.139 - - [01/Jan/2023:10:59:52 +0800] "GET /xingrg/kc/buy/cgsh_order_operate.html?command=get_materiel_price&rest_code=00107&code=00101008647&unit_code=00100017&supplier_code=00100325&order_time=2023-01-01 HTTP/1.1" 200 28
222.70.177.10 - - [01/Jan/2023:10:59:53 +0800] "POST /xingrg/kc/buy/cgsh_order_operate.html HTTP/1.1" 200 3841
222.69.192.184 - - [01/Jan/2023:10:59:54 +0800] "GET /xingrg/kc/buy/cgsh_order_operate.html?command=get_materiel&rest_code=00105&code=00101001060&supplier_code=00100442&order_time=2023-01-01 HTTP/1.1" 200 421
222.70.177.10 - - [01/Jan/2023:10:59:55 +0800] "GET /xingrg/kc/print/load_data.html?order_code=212023010100039&kc_code=cgsh&condition= HTTP/1.1" 200 1133
58.22.0.7 - - [01/Jan/2023:10:59:55 +0800] "GET /xingrg/check_reg.html?_=1672542020575 HTTP/1.1" 200 22
58.22.0.7 - - [01/Jan/2023:10:59:55 +0800] "GET /xingrg/all/function/internal_message.html?_=1672542020580&CODE_STATE=getMsg HTTP/1.1" 200 27
114.84.38.109 - - [01/Jan/2023:10:59:57 +0800] "GET /xingrg/kc/buy/cgsh_order_list.html HTTP/1.1" 200 54084
124.78.155.72 - - [01/Jan/2023:11:00:00 +0800] "POST /xingrg/kc/buy/cgsh_order_operate.html HTTP/1.1" 200 37
114.84.38.109 - - [01/Jan/2023:11:00:00 +0800] "POST /xingrg/kc/buy/cgsh_list_operate.html HTTP/1.1" 200 986
222.70.177.10 - - [01/Jan/2023:11:00:01 +0800] "GET /xingrg/kc/buy/cgsh_order_add.html HTTP/1.1" 200 69816
58.40.7.146 - - [01/Jan/2023:11:00:01 +0800] "GET /xingrg/all/function/internal_message.html?_=1672542025609&CODE_STATE=getMsg HTTP/1.1" 200 27
222.70.177.10 - - [01/Jan/2023:11:00:01 +0800] "GET /xingrg/javascript/easyui/themes/default/validatebox.css HTTP/1.1" 404 1104
222.70.177.10 - - [01/Jan/2023:11:00:01 +0800] "POST /xingrg/kc/buy/cgsh_order_operate.html HTTP/1.1" 200 8245
114.84.38.109 - - [01/Jan/2023:11:00:01 +0800] "GET /xingrg/kc/base/check_order_list.html HTTP/1.1" 200 16226
124.78.155.72 - - [01/Jan/2023:11:00:01 +0800] "POST /xingrg/kc/buy/cgsh_order_operate.html HTTP/1.1" 200 20411
114.84.38.109 - - [01/Jan/2023:11:00:01 +0800] "POST /xingrg/kc/base/check_list_operate.html HTTP/1.1" 200 3921
180.169.147.146 - - [01/Jan/2023:11:00:02 +0800] "GET /xingrg/all/function/internal_message.html?_=1672542027156&CODE_STATE=getMsg HTTP/1.1" 200 27
180.169.147.146 - - [01/Jan/2023:11:00:02 +0800] "GET /xingrg/check_reg.html?_=1672542027158 HTTP/1.1" 200 22
124.78.155.72 - - [01/Jan/2023:11:00:03 +0800] "GET /xingrg/all/function/internal_message.html?_=1672542027951&CODE_STATE=getMsg HTTP/1.1" 200 27
116.238.139.35 - - [01/Jan/2023:11:00:04 +0800] "GET /xingrg/check_reg.html?_=1672542029520 HTTP/1.1" 200 22
222.69.192.184 - - [01/Jan/2023:11:00:04 +0800] "GET /xingrg/all/function/internal_message.html?_=1672541873384&CODE_STATE=getMsg HTTP/1.1" 200 27
116.238.139.35 - - [01/Jan/2023:11:00:04 +0800] "GET /xingrg/all/function/internal_message.html?_=1672542029524&CODE_STATE=getMsg HTTP/1.1" 200 27
222.69.192.184 - - [01/Jan/2023:11:00:04 +0800] "GET /xingrg/check_reg.html?_=1672541873533 HTTP/1.1" 200 22
222.69.192.184 - - [01/Jan/2023:11:00:05 +0800] "POST /xingrg/kc/buy/cgsh_order_operate.html HTTP/1.1" 200 37
114.84.38.109 - - [01/Jan/2023:11:00:06 +0800] "GET /xingrg/kc/base/check_order_info.html?code=452022123100218 HTTP/1.1" 200 26400
114.84.38.109 - - [01/Jan/2023:11:00:06 +0800] "GET /xingrg/dwr/interface/AjaxCheckService.js HTTP/1.1" 200 14003
114.84.38.109 - - [01/Jan/2023:11:00:06 +0800] "GET /xingrg/dwr/interface/AjaxComOrderService.js HTTP/1.1" 200 18264
114.84.38.109 - - [01/Jan/2023:11:00:06 +0800] "GET /xingrg/dwr/engine.js HTTP/1.1" 200 43631
114.84.81.136 - - [01/Jan/2023:11:00:08 +0800] "GET /xingrg/all/function/internal_message.html?_=1672542034598&CODE_STATE=getMsg HTTP/1.1" 200 27
114.84.81.136 - - [01/Jan/2023:11:00:08 +0800] "GET /xingrg/check_reg.html?_=1672542034599 HTTP/1.1" 200 22
114.84.38.109 - - [01/Jan/2023:11:00:09 +0800] "POST /xingrg/dwr/call/plaincall/AjaxCheckService.loadOrderItems.dwr HTTP/1.1" 200 160836
124.78.155.72 - - [01/Jan/2023:11:00:09 +0800] "POST /xingrg/kc/buy/cgsh_order_operate.html HTTP/1.1" 200 37
116.192.124.172 - - [01/Jan/2023:11:00:11 +0800] "GET /xingrg/all/function/internal_message.html?_=1672542036777&CODE_STATE=getMsg HTTP/1.1" 200 27
114.84.171.241 - - [01/Jan/2023:11:00:11 +0800] "GET /xingrg/all/function/internal_message.html?_=1672542035567&CODE_STATE=getMsg HTTP/1.1" 200 27
114.84.171.241 - - [01/Jan/2023:11:00:12 +0800] "GET /xingrg/check_reg.html?_=1672542035570 HTTP/1.1" 200 22
222.69.192.184 - - [01/Jan/2023:11:00:12 +0800] "POST /xingrg/kc/buy/cgsh_order_operate.html HTTP/1.1" 200 2666
116.230.105.139 - - [01/Jan/2023:11:00:13 +0800] "GET /xingrg/kc/buy/cgsh_order_operate.html?command=get_materiel&rest_code=00107&code=00101006359&supplier_code=00100325&order_time=2023-01-01 HTTP/1.1" 200 396
222.70.177.10 - - [01/Jan/2023:11:00:13 +0800] "GET /xingrg/kc/buy/cgsh_order_operate.html?command=get_materiel&rest_code=00111&code=00101004051&supplier_code=00100312&order_time=2023-01-01 HTTP/1.1" 200 410
114.88.159.190 - - [01/Jan/2023:11:00:14 +0800] "GET /xingrg/all/function/internal_message.html?_=1672542039037&CODE_STATE=getMsg HTTP/1.1" 200 27
114.88.159.190 - - [01/Jan/2023:11:00:14 +0800] "GET /xingrg/all/function/internal_message.html?_=1672541627153&CODE_STATE=getMsg HTTP/1.1" 200 27
222.69.192.184 - - [01/Jan/2023:11:00:14 +0800] "GET /xingrg/kc/print/load_data.html?order_code=212023010100041&kc_code=cgsh&condition= HTTP/1.1" 200 680
124.78.155.72 - - [01/Jan/2023:11:00:15 +0800] "POST /xingrg/kc/buy/cgsh_order_operate.html HTTP/1.1" 200 12
124.78.155.72 - - [01/Jan/2023:11:00:17 +0800] "GET /xingrg/kc/buy/cgsh_order_info.html?code=212023010100040 HTTP/1.1" 200 64756
124.78.155.72 - - [01/Jan/2023:11:00:17 +0800] "GET /xingrg/javascript/easyui/themes/default/validatebox.css HTTP/1.1" 404 1104
120.253.135.82 - - [01/Jan/2023:11:00:17 +0800] "GET /xingrg/all/function/internal_message.html?_=1672541852844&CODE_STATE=getMsg HTTP/1.1" 200 27
124.78.155.72 - - [01/Jan/2023:11:00:18 +0800] "POST /xingrg/kc/buy/cgsh_order_operate.html HTTP/1.1" 200 18356
120.253.135.82 - - [01/Jan/2023:11:00:19 +0800] "POST /xingrg/kc/buy/cgsh_order_operate.html HTTP/1.1" 200 37
114.84.81.136 - - [01/Jan/2023:11:00:20 +0800] "GET /xingrg/all/function/internal_message.html?_=1672542045629&CODE_STATE=getMsg HTTP/1.1" 200 27
124.78.155.72 - - [01/Jan/2023:11:00:21 +0800] "GET /xingrg/kc/print/load_config.html?kc_code=cgsh HTTP/1.1" 200 1943
124.78.155.72 - - [01/Jan/2023:11:00:21 +0800] "GET /xingrg/kc/print/load_data.html?order_code=212023010100040&kc_code=cgsh&condition= HTTP/1.1" 200 7453
114.84.38.109 - - [01/Jan/2023:11:00:22 +0800] "POST /xingrg/dwr/call/plaincall/AjaxCheckService.setItemNumber.dwr HTTP/1.1" 200 76
222.70.177.10 - - [01/Jan/2023:11:00:22 +0800] "GET /xingrg/kc/buy/cgsh_order_operate.html?command=get_materiel&rest_code=00111&code=00101004046&supplier_code=00100312&order_time=2023-01-01 HTTP/1.1" 200 417
120.253.135.82 - - [01/Jan/2023:11:00:23 +0800] "POST /xingrg/kc/buy/cgsh_order_operate.html HTTP/1.1" 200 12
114.84.38.109 - - [01/Jan/2023:11:00:23 +0800] "POST /xingrg/dwr/call/plaincall/AjaxCheckService.setItemNumber.dwr HTTP/1.1" 200 76
222.69.192.184 - - [01/Jan/2023:11:00:24 +0800] "GET /xingrg/kc/buy/cgsh_order_add.html HTTP/1.1" 200 69942
114.84.38.109 - - [01/Jan/2023:11:00:24 +0800] "POST /xingrg/dwr/call/plaincall/AjaxCheckService.setItemNumber.dwr HTTP/1.1" 200 76
222.69.192.184 - - [01/Jan/2023:11:00:24 +0800] "POST /xingrg/kc/buy/cgsh_order_operate.html HTTP/1.1" 200 8245
222.69.192.184 - - [01/Jan/2023:11:00:24 +0800] "GET /xingrg/javascript/easyui/themes/default/validatebox.css HTTP/1.1" 404 1104
114.84.38.109 - - [01/Jan/2023:11:00:26 +0800] "POST /xingrg/dwr/call/plaincall/AjaxCheckService.setItemNumber.dwr HTTP/1.1" 200 76
120.253.135.82 - - [01/Jan/2023:11:00:26 +0800] "GET /xingrg/kc/buy/cgsh_order_info.html?code=212023010100033 HTTP/1.1" 200 63816
120.253.135.82 - - [01/Jan/2023:11:00:27 +0800] "GET /xingrg/javascript/easyui/themes/default/validatebox.css HTTP/1.1" 404 1104
120.253.135.82 - - [01/Jan/2023:11:00:27 +0800] "POST /xingrg/kc/buy/cgsh_order_operate.html HTTP/1.1" 200 619
114.84.38.109 - - [01/Jan/2023:11:00:27 +0800] "POST /xingrg/dwr/call/plaincall/AjaxCheckService.setItemNumber.dwr HTTP/1.1" 200 76
114.84.38.109 - - [01/Jan/2023:11:00:28 +0800] "POST /xingrg/dwr/call/plaincall/AjaxCheckService.setItemNumber.dwr HTTP/1.1" 200 76
114.84.38.109 - - [01/Jan/2023:11:00:31 +0800] "POST /xingrg/dwr/call/plaincall/AjaxCheckService.setItemNumber.dwr HTTP/1.1" 200 76
222.70.177.10 - - [01/Jan/2023:11:00:31 +0800] "GET /xingrg/kc/buy/cgsh_order_operate.html?command=get_materiel&rest_code=00111&code=00101004027&supplier_code=00100312&order_time=2023-01-01 HTTP/1.1" 200 409
222.69.192.184 - - [01/Jan/2023:11:00:32 +0800] "GET /xingrg/kc/base/wldb_order_operate.html?command=get_materiel&rest_code=00105&base_code=0010508&code=00102002543 HTTP/1.1" 200 443
114.84.38.109 - - [01/Jan/2023:11:00:34 +0800] "POST /xingrg/dwr/call/plaincall/AjaxCheckService.setItemNumber.dwr HTTP/1.1" 200 76
120.253.135.82 - - [01/Jan/2023:11:00:34 +0800] "GET /xingrg/kc/pszx/mdqp_order_list.html?state=10 HTTP/1.1" 200 10275
120.253.135.82 - - [01/Jan/2023:11:00:34 +0800] "GET /xingrg/css/blue.css HTTP/1.1" 304 -
120.253.135.82 - - [01/Jan/2023:11:00:34 +0800] "GET /xingrg/javascript/pic_change.js HTTP/1.1" 304 -
120.253.135.82 - - [01/Jan/2023:11:00:34 +0800] "GET /xingrg/dwr/util.js HTTP/1.1" 304 -
120.253.135.82 - - [01/Jan/2023:11:00:34 +0800] "GET /xingrg/javascript/Calendar.js HTTP/1.1" 304 -
120.253.135.82 - - [01/Jan/2023:11:00:34 +0800] "GET /xingrg/javascript/myfunction.js HTTP/1.1" 304 -
120.253.135.82 - - [01/Jan/2023:11:00:34 +0800] "GET /xingrg/javascript/jquery_easy_ui/themes/icon.css HTTP/1.1" 304 -
120.253.135.82 - - [01/Jan/2023:11:00:34 +0800] "GET /xingrg/javascript/jquery_easy_ui/themes/default/easyui.css HTTP/1.1" 304 -
120.253.135.82 - - [01/Jan/2023:11:00:34 +0800] "GET /xingrg/dwr/interface/AjaxReportQueryService.js HTTP/1.1" 200 13203
120.253.135.82 - - [01/Jan/2023:11:00:35 +0800] "GET /xingrg/dwr/interface/AjaxQqpsService.js HTTP/1.1" 200 16326
120.253.135.82 - - [01/Jan/2023:11:00:35 +0800] "GET /xingrg/dwr/engine.js HTTP/1.1" 200 43631
120.253.135.82 - - [01/Jan/2023:11:00:35 +0800] "GET /favicon.ico HTTP/1.1" 404 -
222.70.177.10 - - [01/Jan/2023:11:00:36 +0800] "GET /xingrg/check_reg.html?_=1672542221354 HTTP/1.1" 200 22
222.70.177.10 - - [01/Jan/2023:11:00:36 +0800] "GET /xingrg/all/function/internal_message.html?_=1672542221355&CODE_STATE=getMsg HTTP/1.1" 200 27
120.253.135.82 - - [01/Jan/2023:11:00:37 +0800] "GET /xingrg/kc/pszx/mdqp_order_list.html?state=10 HTTP/1.1" 200 10275
120.253.135.82 - - [01/Jan/2023:11:00:37 +0800] "GET /xingrg/dwr/interface/AjaxReportQueryService.js HTTP/1.1" 200 13203
120.253.135.82 - - [01/Jan/2023:11:00:37 +0800] "GET /xingrg/dwr/interface/AjaxQqpsService.js HTTP/1.1" 200 16326
120.253.135.82 - - [01/Jan/2023:11:00:38 +0800] "GET /xingrg/dwr/engine.js HTTP/1.1" 200 43631
114.84.38.109 - - [01/Jan/2023:11:00:39 +0800] "GET /xingrg/all/function/internal_message.html?_=1672542090521&CODE_STATE=getMsg HTTP/1.1" 200 27
222.69.192.184 - - [01/Jan/2023:11:00:39 +0800] "GET /xingrg/all/function/internal_message.html?_=1672542064627&CODE_STATE=getMsg HTTP/1.1" 200 27
222.69.192.184 - - [01/Jan/2023:11:00:40 +0800] "GET /xingrg/kc/buy/cgsh_order_operate.html?command=get_materiel&rest_code=00105&code=00101004034&supplier_code=00100085&order_time=2023-01-01 HTTP/1.1" 200 416
120.253.135.82 - - [01/Jan/2023:11:00:41 +0800] "GET /xingrg/kc/buy/cgsh_order_list.html HTTP/1.1" 200 54078
222.70.177.10 - - [01/Jan/2023:11:00:41 +0800] "GET /xingrg/kc/buy/cgsh_order_operate.html?command=get_materiel&rest_code=00111&code=00101004030&supplier_code=00100312&order_time=2023-01-01 HTTP/1.1" 200 408
120.253.135.82 - - [01/Jan/2023:11:00:42 +0800] "POST /xingrg/kc/buy/cgsh_list_operate.html HTTP/1.1" 200 986
222.70.177.10 - - [01/Jan/2023:11:00:42 +0800] "GET /xingrg/all/function/internal_message.html?_=1672542064020&CODE_STATE=getMsg HTTP/1.1" 200 27
116.230.105.139 - - [01/Jan/2023:11:00:45 +0800] "GET /xingrg/kc/buy/cgsh_order_operate.html?command=get_materiel&rest_code=00107&code=00101010885&supplier_code=00100325&order_time=2023-01-01 HTTP/1.1" 200 409
116.230.105.139 - - [01/Jan/2023:11:00:45 +0800] "GET /xingrg/all/function/internal_message.html?_=1672542030358&CODE_STATE=getMsg HTTP/1.1" 200 27
120.253.135.82 - - [01/Jan/2023:11:00:45 +0800] "GET /xingrg/kc/pszx/mdqp_order_list.html?state=10 HTTP/1.1" 200 10275
120.253.135.82 - - [01/Jan/2023:11:00:45 +0800] "GET /xingrg/dwr/interface/AjaxReportQueryService.js HTTP/1.1" 200 13203
120.253.135.82 - - [01/Jan/2023:11:00:45 +0800] "GET /xingrg/dwr/interface/AjaxQqpsService.js HTTP/1.1" 200 16326
222.69.192.184 - - [01/Jan/2023:11:00:46 +0800] "GET /xingrg/kc/base/wldb_order_operate.html?command=get_materiel&rest_code=00105&base_code=0010508&code=00102002258 HTTP/1.1" 200 447
120.253.135.82 - - [01/Jan/2023:11:00:46 +0800] "GET /xingrg/dwr/engine.js HTTP/1.1" 200 43631
180.169.147.146 - - [01/Jan/2023:11:00:48 +0800] "GET /xingrg/all/function/internal_message.html?_=1672542070469&CODE_STATE=getMsg HTTP/1.1" 200 27
120.253.135.82 - - [01/Jan/2023:11:00:48 +0800] "GET /xingrg/kc/pszx/mdps_order_list.html?orderType=0 HTTP/1.1" 200 21035
114.84.38.109 - - [01/Jan/2023:11:00:49 +0800] "POST /xingrg/dwr/call/plaincall/AjaxCheckService.setItemNumber.dwr HTTP/1.1" 200 76
120.253.135.82 - - [01/Jan/2023:11:00:49 +0800] "POST /xingrg/kc/pszx/mdps_list_operate.html HTTP/1.1" 200 5170
114.84.38.109 - - [01/Jan/2023:11:00:50 +0800] "POST /xingrg/dwr/call/plaincall/AjaxCheckService.setItemNumber.dwr HTTP/1.1" 200 77
114.84.38.109 - - [01/Jan/2023:11:00:51 +0800] "POST /xingrg/dwr/call/plaincall/AjaxCheckService.setItemNumber.dwr HTTP/1.1" 200 77
116.230.105.139 - - [01/Jan/2023:11:00:51 +0800] "POST /xingrg/kc/buy/cgsh_order_operate.html HTTP/1.1" 200 37
114.84.38.109 - - [01/Jan/2023:11:00:52 +0800] "POST /xingrg/dwr/call/plaincall/AjaxCheckService.setItemNumber.dwr HTTP/1.1" 200 77
222.64.58.78 - - [01/Jan/2023:11:00:52 +0800] "GET /xingrg/login.html HTTP/1.1" 200 7641
116.230.105.139 - - [01/Jan/2023:11:00:53 +0800] "POST /xingrg/kc/buy/cgsh_order_operate.html HTTP/1.1" 200 5674
222.64.58.78 - - [01/Jan/2023:11:00:53 +0800] "GET /xingrg/images/blue/jxLogo.png HTTP/1.1" 200 6156
222.70.177.10 - - [01/Jan/2023:11:00:53 +0800] "GET /xingrg/kc/buy/cgsh_order_operate.html?command=get_materiel&rest_code=00111&code=00101001029&supplier_code=00100312&order_time=2023-01-01 HTTP/1.1" 200 417
116.230.105.139 - - [01/Jan/2023:11:00:53 +0800] "GET /xingrg/kc/print/load_data.html?order_code=212023010100042&kc_code=cgsh&condition= HTTP/1.1" 200 1863
120.253.135.82 - - [01/Jan/2023:11:00:54 +0800] "POST /xingrg/kc/pszx/mdps_list_operate.html HTTP/1.1" 200 3506
114.84.38.109 - - [01/Jan/2023:11:00:54 +0800] "POST /xingrg/dwr/call/plaincall/AjaxCheckService.setItemNumber.dwr HTTP/1.1" 200 77
222.64.58.78 - - [01/Jan/2023:11:00:54 +0800] "GET /xingrg/images/blue/login_bg.png HTTP/1.1" 200 22101
222.64.58.78 - - [01/Jan/2023:11:00:54 +0800] "GET /xingrg/images/blue/hj.png HTTP/1.1" 200 1014
222.64.58.78 - - [01/Jan/2023:11:00:54 +0800] "GET /xingrg/images/blue/srbg.png HTTP/1.1" 200 138
222.64.58.78 - - [01/Jan/2023:11:00:55 +0800] "GET /favicon.ico HTTP/1.1" 404 -
58.22.0.7 - - [01/Jan/2023:11:00:55 +0800] "GET /xingrg/all/function/internal_message.html?_=1672542080578&CODE_STATE=getMsg HTTP/1.1" 200 27
120.253.135.82 - - [01/Jan/2023:11:00:56 +0800] "POST /xingrg/kc/pszx/mdps_list_operate.html HTTP/1.1" 200 289
114.84.38.109 - - [01/Jan/2023:11:00:56 +0800] "POST /xingrg/dwr/call/plaincall/AjaxCheckService.setItemNumber.dwr HTTP/1.1" 200 77
116.230.105.139 - - [01/Jan/2023:11:00:57 +0800] "GET /xingrg/kc/buy/cgsh_order_add.html HTTP/1.1" 200 68501
116.230.105.139 - - [01/Jan/2023:11:00:58 +0800] "POST /xingrg/kc/buy/cgsh_order_operate.html HTTP/1.1" 200 8245
116.230.105.139 - - [01/Jan/2023:11:00:58 +0800] "GET /xingrg/javascript/easyui/themes/default/validatebox.css HTTP/1.1" 404 1104
222.69.192.184 - - [01/Jan/2023:11:00:58 +0800] "GET /xingrg/kc/buy/cgsh_order_operate.html?command=get_materiel&rest_code=00105&code=00102026001&supplier_code=00100085&order_time=2023-01-01 HTTP/1.1" 200 409
120.253.135.82 - - [01/Jan/2023:11:00:58 +0800] "GET /xingrg/kc/pszx/mdps_order_info.html?code=312023010100010 HTTP/1.1" 200 23972
120.253.135.82 - - [01/Jan/2023:11:00:59 +0800] "GET /xingrg/javascript/easyui/themes/default/validatebox.css HTTP/1.1" 404 1104
120.253.135.82 - - [01/Jan/2023:11:00:59 +0800] "POST /xingrg/kc/pszx/mdps_order_operate.html HTTP/1.1" 200 2773
58.40.7.146 - - [01/Jan/2023:11:01:01 +0800] "GET /xingrg/check_reg.html?_=1672542085599 HTTP/1.1" 200 22
58.40.7.146 - - [01/Jan/2023:11:01:01 +0800] "GET /xingrg/all/function/internal_message.html?_=1672542085601&CODE_STATE=getMsg HTTP/1.1" 200 27
180.169.147.146 - - [01/Jan/2023:11:01:02 +0800] "GET /xingrg/all/function/internal_message.html?_=1672542087157&CODE_STATE=getMsg HTTP/1.1" 200 27
114.84.38.109 - - [01/Jan/2023:11:01:02 +0800] "POST /xingrg/dwr/call/plaincall/AjaxCheckService.setItemNumber.dwr HTTP/1.1" 200 77
114.84.38.109 - - [01/Jan/2023:11:01:03 +0800] "POST /xingrg/dwr/call/plaincall/AjaxCheckService.setItemNumber.dwr HTTP/1.1" 200 77
124.78.155.72 - - [01/Jan/2023:11:01:03 +0800] "GET /xingrg/all/function/internal_message.html?_=1672542087969&CODE_STATE=getMsg HTTP/1.1" 200 27
116.238.139.35 - - [01/Jan/2023:11:01:04 +0800] "GET /xingrg/all/function/internal_message.html?_=1672542089509&CODE_STATE=getMsg HTTP/1.1" 200 27
222.69.192.184 - - [01/Jan/2023:11:01:04 +0800] "GET /xingrg/all/function/internal_message.html?_=1672541933365&CODE_STATE=getMsg HTTP/1.1" 200 27
114.84.38.109 - - [01/Jan/2023:11:01:04 +0800] "POST /xingrg/dwr/call/plaincall/AjaxCheckService.setItemNumber.dwr HTTP/1.1" 200 77
222.64.58.78 - - [01/Jan/2023:11:01:05 +0800] "POST /xingrg/login.do HTTP/1.1" 302 -
222.64.58.78 - - [01/Jan/2023:11:01:05 +0800] "POST /xingrg/login.do HTTP/1.1" 302 -
222.70.177.10 - - [01/Jan/2023:11:01:06 +0800] "GET /xingrg/kc/buy/cgsh_order_operate.html?command=get_materiel&rest_code=00111&code=00101001096&supplier_code=00100312&order_time=2023-01-01 HTTP/1.1" 200 413
114.84.38.109 - - [01/Jan/2023:11:01:06 +0800] "POST /xingrg/dwr/call/plaincall/AjaxCheckService.setItemNumber.dwr HTTP/1.1" 200 77
222.64.58.78 - - [01/Jan/2023:11:01:06 +0800] "GET /xingrg/index.html?sysBaseUrl=http%3A%2F%2F180.169.147.146%3A18081%2Fxingrg%2F&costTime=41×tamp=1672542065922 HTTP/1.1" 200 17503
222.64.58.78 - - [01/Jan/2023:11:01:07 +0800] "GET /xingrg/javascript/jquery_easy_ui/themes/icon.css HTTP/1.1" 200 3949
222.64.58.78 - - [01/Jan/2023:11:01:07 +0800] "GET /xingrg/javascript/jquery-1.4.2.min.js HTTP/1.1" 200 72205
222.64.58.78 - - [01/Jan/2023:11:01:07 +0800] "GET /xingrg/css/form.css HTTP/1.1" 200 893
222.64.58.78 - - [01/Jan/2023:11:01:07 +0800] "GET /xingrg/javascript/jquery_easy_ui/jquery.easyui.min.js HTTP/1.1" 200 213662
222.64.58.78 - - [01/Jan/2023:11:01:07 +0800] "GET /xingrg/javascript/jquery_easy_ui/easyui-lang-zh_CN.js HTTP/1.1" 200 1900
222.64.58.78 - - [01/Jan/2023:11:01:07 +0800] "GET /xingrg/javascript/jquery_easy_ui/themes/default/easyui.css HTTP/1.1" 200 26500
222.64.58.78 - - [01/Jan/2023:11:01:07 +0800] "GET /favicon.ico HTTP/1.1" 404 -
222.64.58.78 - - [01/Jan/2023:11:01:07 +0800] "GET /xingrg/javascript/jquery.timers.js HTTP/1.1" 200 3532
222.64.58.78 - - [01/Jan/2023:11:01:07 +0800] "GET /xingrg/javascript/jquery.form.js HTTP/1.1" 200 23110
222.64.58.78 - - [01/Jan/2023:11:01:07 +0800] "GET /xingrg/javascript/jquery.utils.js HTTP/1.1" 200 11805
114.84.38.109 - - [01/Jan/2023:11:01:08 +0800] "POST /xingrg/dwr/call/plaincall/AjaxCheckService.setItemNumber.dwr HTTP/1.1" 200 77
222.69.192.184 - - [01/Jan/2023:11:01:08 +0800] "POST /xingrg/kc/buy/cgsh_order_operate.html HTTP/1.1" 200 37
116.230.105.139 - - [01/Jan/2023:11:01:08 +0800] "GET /xingrg/kc/buy/cgsh_order_operate.html?command=get_materiel&rest_code=00107&code=00101007145&supplier_code=00100325&order_time=2023-01-01 HTTP/1.1" 200 414
114.84.81.136 - - [01/Jan/2023:11:01:08 +0800] "GET /xingrg/all/function/internal_message.html?_=1672542094597&CODE_STATE=getMsg HTTP/1.1" 200 27
120.253.135.82 - - [01/Jan/2023:11:01:08 +0800] "GET /xingrg/kc/pszx/mdps_order_operate.html?command=get_materiel&pszx_code=00101&rest_code=00102&base_code=0010246&code=00101013225 HTTP/1.1" 200 441
222.64.58.78 - - [01/Jan/2023:11:01:09 +0800] "GET /xingrg/javascript/jquery_easy_ui/themes/icons/settle_new.png HTTP/1.1" 200 826
222.64.58.78 - - [01/Jan/2023:11:01:09 +0800] "GET /xingrg/images/blue/navBackgound.jpg HTTP/1.1" 200 12378
222.64.58.78 - - [01/Jan/2023:11:01:10 +0800] "POST /xingrg/all/common/load_tree.html?tree=area_rest_tree_json&manage=1 HTTP/1.1" 200 3499
222.69.192.184 - - [01/Jan/2023:11:01:10 +0800] "POST /xingrg/kc/buy/cgsh_order_operate.html HTTP/1.1" 200 3258
222.64.58.78 - - [01/Jan/2023:11:01:11 +0800] "GET /xingrg/all/function/internal_message.html?_=1672542105903&CODE_STATE=count HTTP/1.1" 200 11
222.64.58.78 - - [01/Jan/2023:11:01:11 +0800] "GET /xingrg/images/blue/pingpu.png HTTP/1.1" 200 231
222.64.58.78 - - [01/Jan/2023:11:01:11 +0800] "GET /xingrg/check_reg.html?_=1672542105904 HTTP/1.1" 200 22
222.64.58.78 - - [01/Jan/2023:11:01:11 +0800] "GET /xingrg/javascript/jquery_easy_ui/themes/default/images/tabs_leftarrow.png HTTP/1.1" 200 389
222.64.58.78 - - [01/Jan/2023:11:01:11 +0800] "GET /xingrg/javascript/jquery_easy_ui/themes/default/images/tabs_rightarrow.png HTTP/1.1" 200 395
222.64.58.78 - - [01/Jan/2023:11:01:11 +0800] "GET /xingrg/javascript/jquery_easy_ui/themes/default/images/panel_tool_expand.gif HTTP/1.1" 200 247
222.64.58.78 - - [01/Jan/2023:11:01:11 +0800] "GET /xingrg/javascript/jquery_easy_ui/themes/default/images/panel_tool_collapse.gif HTTP/1.1" 200 246
222.64.58.78 - - [01/Jan/2023:11:01:11 +0800] "POST /xingrg/load_menu.html HTTP/1.1" 200 11443
116.192.124.172 - - [01/Jan/2023:11:01:11 +0800] "GET /xingrg/all/function/internal_message.html?_=1672542096794&CODE_STATE=getMsg HTTP/1.1" 200 27
114.84.171.241 - - [01/Jan/2023:11:01:11 +0800] "GET /xingrg/all/function/internal_message.html?_=1672542095581&CODE_STATE=getMsg HTTP/1.1" 200 27
222.64.58.78 - - [01/Jan/2023:11:01:11 +0800] "GET /xingrg/javascript/jquery_easy_ui/themes/default/images/tree_folder_open.gif HTTP/1.1" 200 956
222.64.58.78 - - [01/Jan/2023:11:01:11 +0800] "GET /xingrg/javascript/jquery_easy_ui/themes/default/images/tree_arrows.gif HTTP/1.1" 200 1043
222.64.58.78 - - [01/Jan/2023:11:01:11 +0800] "GET /xingrg/javascript/jquery_easy_ui/themes/icons/search_new.png HTTP/1.1" 200 586
222.64.58.78 - - [01/Jan/2023:11:01:11 +0800] "GET /xingrg/javascript/jquery_easy_ui/themes/icons/delivery_new.png HTTP/1.1" 200 700
222.64.58.78 - - [01/Jan/2023:11:01:11 +0800] "GET /xingrg/javascript/jquery_easy_ui/themes/icons/storage_new.png HTTP/1.1" 200 853
222.64.58.78 - - [01/Jan/2023:11:01:11 +0800] "GET /xingrg/javascript/jquery_easy_ui/themes/icons/checkout_new.png HTTP/1.1" 200 744
222.64.58.78 - - [01/Jan/2023:11:01:11 +0800] "GET /xingrg/javascript/jquery_easy_ui/themes/icons/forms_new.png HTTP/1.1" 200 350
222.64.58.78 - - [01/Jan/2023:11:01:11 +0800] "GET /xingrg/javascript/jquery_easy_ui/themes/icons/setting_new.png HTTP/1.1" 200 450
222.64.58.78 - - [01/Jan/2023:11:01:11 +0800] "GET /xingrg/javascript/jquery_easy_ui/themes/default/images/tree_file.gif HTTP/1.1" 200 118
222.64.58.78 - - [01/Jan/2023:11:01:11 +0800] "GET /xingrg/javascript/jquery_easy_ui/themes/icons/systemset_new.png HTTP/1.1" 200 606
222.64.58.78 - - [01/Jan/2023:11:01:11 +0800] "GET /xingrg/javascript/jquery_easy_ui/themes/default/images/tree_folder.gif HTTP/1.1" 200 952
222.69.192.184 - - [01/Jan/2023:11:01:12 +0800] "GET /xingrg/kc/base/wldb_order_operate.html?command=get_materiel&rest_code=00105&base_code=0010508&code=00102002082 HTTP/1.1" 200 453
222.69.192.184 - - [01/Jan/2023:11:01:12 +0800] "GET /xingrg/kc/print/load_data.html?order_code=212023010100043&kc_code=cgsh&condition= HTTP/1.1" 200 959
114.84.38.109 - - [01/Jan/2023:11:01:13 +0800] "POST /xingrg/dwr/call/plaincall/AjaxCheckService.setItemNumber.dwr HTTP/1.1" 200 77
114.88.159.190 - - [01/Jan/2023:11:01:14 +0800] "GET /xingrg/all/function/internal_message.html?_=1672542099035&CODE_STATE=getMsg HTTP/1.1" 200 27
114.88.159.190 - - [01/Jan/2023:11:01:14 +0800] "GET /xingrg/all/function/internal_message.html?_=1672541687154&CODE_STATE=getMsg HTTP/1.1" 200 27
222.64.58.78 - - [01/Jan/2023:11:01:15 +0800] "GET /xingrg/javascript/jquery_easy_ui/themes/default/images/tabs_close.gif HTTP/1.1" 200 829
222.64.58.78 - - [01/Jan/2023:11:01:15 +0800] "GET /xingrg/kc/report/report_main.html HTTP/1.1" 200 8599
222.64.58.78 - - [01/Jan/2023:11:01:15 +0800] "GET /xingrg/javascript/pic_change.js HTTP/1.1" 200 4739
222.64.58.78 - - [01/Jan/2023:11:01:15 +0800] "GET /xingrg/css/blue.css HTTP/1.1" 200 15949
222.64.58.78 - - [01/Jan/2023:11:01:15 +0800] "GET /xingrg/javascript/json2.js HTTP/1.1" 200 11259
222.64.58.78 - - [01/Jan/2023:11:01:15 +0800] "GET /xingrg/javascript/jquery_ui/themes/humanity/humanity.css HTTP/1.1" 200 27801
222.64.58.78 - - [01/Jan/2023:11:01:15 +0800] "GET /xingrg/javascript/myfunction.js HTTP/1.1" 200 24559
222.64.58.78 - - [01/Jan/2023:11:01:15 +0800] "GET /xingrg/javascript/jquery_easy_ui/themes/icons/back_new.png HTTP/1.1" 200 3414
114.84.38.109 - - [01/Jan/2023:11:01:15 +0800] "POST /xingrg/dwr/call/plaincall/AjaxCheckService.setItemNumber.dwr HTTP/1.1" 200 77
222.69.192.184 - - [01/Jan/2023:11:01:15 +0800] "GET /xingrg/kc/buy/cgsh_order_add.html HTTP/1.1" 200 69942
222.69.192.184 - - [01/Jan/2023:11:01:16 +0800] "GET /xingrg/javascript/easyui/themes/default/validatebox.css HTTP/1.1" 404 1104
222.69.192.184 - - [01/Jan/2023:11:01:16 +0800] "POST /xingrg/kc/buy/cgsh_order_operate.html HTTP/1.1" 200 8245
120.253.135.82 - - [01/Jan/2023:11:01:16 +0800] "POST /xingrg/kc/pszx/mdps_order_operate.html HTTP/1.1" 200 37
114.84.38.109 - - [01/Jan/2023:11:01:17 +0800] "POST /xingrg/dwr/call/plaincall/AjaxCheckService.setItemNumber.dwr HTTP/1.1" 200 77
120.253.135.82 - - [01/Jan/2023:11:01:17 +0800] "GET /xingrg/kc/pszx/mdps_order_info.html?code=312023010100010 HTTP/1.1" 200 23972
120.253.135.82 - - [01/Jan/2023:11:01:17 +0800] "GET /xingrg/javascript/easyui/themes/default/validatebox.css HTTP/1.1" 404 1104
120.253.135.82 - - [01/Jan/2023:11:01:17 +0800] "GET /xingrg/all/function/internal_message.html?_=1672541912900&CODE_STATE=getMsg HTTP/1.1" 200 27
120.253.135.82 - - [01/Jan/2023:11:01:17 +0800] "POST /xingrg/kc/pszx/mdps_order_operate.html HTTP/1.1" 200 3267
114.84.38.109 - - [01/Jan/2023:11:01:18 +0800] "POST /xingrg/dwr/call/plaincall/AjaxCheckService.setItemNumber.dwr HTTP/1.1" 200 77
222.70.177.10 - - [01/Jan/2023:11:01:18 +0800] "GET /xingrg/kc/buy/cgsh_order_operate.html?command=get_materiel&rest_code=00111&code=00101001016&supplier_code=00100312&order_time=2023-01-01 HTTP/1.1" 200 415
114.84.38.109 - - [01/Jan/2023:11:01:19 +0800] "POST /xingrg/dwr/call/plaincall/AjaxCheckService.setItemNumber.dwr HTTP/1.1" 200 77
114.84.38.109 - - [01/Jan/2023:11:01:20 +0800] "POST /xingrg/dwr/call/plaincall/AjaxCheckService.setItemNumber.dwr HTTP/1.1" 200 77
114.84.81.136 - - [01/Jan/2023:11:01:20 +0800] "GET /xingrg/all/function/internal_message.html?_=1672542105630&CODE_STATE=getMsg HTTP/1.1" 200 27
222.69.192.184 - - [01/Jan/2023:11:01:21 +0800] "POST /xingrg/kc/base/wldb_order_operate.html HTTP/1.1" 200 37
222.69.192.184 - - [01/Jan/2023:11:01:21 +0800] "POST /xingrg/kc/base/wldb_order_operate.html HTTP/1.1" 200 3153
222.64.58.78 - - [01/Jan/2023:11:01:21 +0800] "POST /xingrg/load_menu.html HTTP/1.1" 200 9695
114.84.38.109 - - [01/Jan/2023:11:01:22 +0800] "POST /xingrg/dwr/call/plaincall/AjaxCheckService.setItemNumber.dwr HTTP/1.1" 200 77
222.69.192.184 - - [01/Jan/2023:11:01:23 +0800] "GET /xingrg/kc/base/wldb_order_info.html?code=422023010100016 HTTP/1.1" 200 30398
222.64.58.78 - - [01/Jan/2023:11:01:23 +0800] "GET /xingrg/javascript/multi_select/jqueryMultiSelect.css HTTP/1.1" 200 951
222.64.58.78 - - [01/Jan/2023:11:01:23 +0800] "GET /xingrg/javascript/calendar/timePicker.css HTTP/1.1" 200 523
222.64.58.78 - - [01/Jan/2023:11:01:23 +0800] "GET /xingrg/javascript/bigrid/fix.css HTTP/1.1" 200 1702
