116.238.139.35 - - [31/Dec/2022:11:18:35 +0800] "GET /xingrg/kc/base/wldb_order_info.html?code=422022123101633 HTTP/1.1" 200 26270
116.238.139.35 - - [31/Dec/2022:11:18:35 +0800] "GET /xingrg/javascript/easyui/themes/default/validatebox.css HTTP/1.1" 404 1104
116.238.139.35 - - [31/Dec/2022:11:18:35 +0800] "POST /xingrg/kc/base/wldb_order_operate.html HTTP/1.1" 200 507
124.78.159.116 - - [31/Dec/2022:11:18:36 +0800] "GET /xingrg/kc/base/base_main.html HTTP/1.1" 200 12142
114.84.38.109 - - [31/Dec/2022:11:18:37 +0800] "GET /xingrg/all/function/internal_message.html?_=1672456748929&CODE_STATE=getMsg HTTP/1.1" 200 27
124.78.159.116 - - [31/Dec/2022:11:18:38 +0800] "GET /xingrg/kc/base/wldb_order_list.html HTTP/1.1" 200 19101
116.238.139.35 - - [31/Dec/2022:11:18:38 +0800] "GET /xingrg/kc/base/wldb_order_add.html HTTP/1.1" 200 30390
124.78.159.116 - - [31/Dec/2022:11:18:38 +0800] "POST /xingrg/kc/base/wldb_list_operate.html HTTP/1.1" 200 928
116.238.139.35 - - [31/Dec/2022:11:18:38 +0800] "POST /xingrg/kc/base/wldb_order_operate.html HTTP/1.1" 200 6806
116.238.139.35 - - [31/Dec/2022:11:18:38 +0800] "GET /xingrg/javascript/easyui/themes/default/validatebox.css HTTP/1.1" 404 1104
114.88.159.190 - - [31/Dec/2022:11:18:39 +0800] "GET /xingrg/kc/buy/cgsh_order_operate.html?command=get_materiel&rest_code=00141&code=00101007032&supplier_code=00100004&order_time=2022-12-31 HTTP/1.1" 200 434
58.221.95.50 - - [31/Dec/2022:11:18:40 +0800] "GET /xingrg/all/function/internal_message.html?_=1672456730300&CODE_STATE=getMsg HTTP/1.1" 200 27
124.78.159.116 - - [31/Dec/2022:11:18:41 +0800] "GET /xingrg/kc/base/wldb_order_add.html HTTP/1.1" 200 30384
124.78.159.116 - - [31/Dec/2022:11:18:41 +0800] "POST /xingrg/kc/base/wldb_order_operate.html HTTP/1.1" 200 6806
124.78.159.116 - - [31/Dec/2022:11:18:41 +0800] "GET /xingrg/all/common/auto_word.html?type=base&rest_code=00106 HTTP/1.1" 200 1799
124.78.159.116 - - [31/Dec/2022:11:18:41 +0800] "GET /xingrg/all/common/auto_word.html?type=base&rest_code=00106 HTTP/1.1" 200 1799
124.78.159.116 - - [31/Dec/2022:11:18:41 +0800] "GET /xingrg/javascript/easyui/themes/default/validatebox.css HTTP/1.1" 404 1104
124.79.245.154 - - [31/Dec/2022:11:18:42 +0800] "GET /xingrg/all/function/internal_message.html?_=1672456728860&CODE_STATE=getMsg HTTP/1.1" 200 27
124.78.159.116 - - [31/Dec/2022:11:18:43 +0800] "POST /xingrg/all/common/load_combo.html?type=base HTTP/1.1" 200 3227
180.165.52.19 - - [31/Dec/2022:11:18:43 +0800] "GET /xingrg/all/function/internal_message.html?_=1672456733453&CODE_STATE=getMsg HTTP/1.1" 200 27
116.230.105.139 - - [31/Dec/2022:11:18:45 +0800] "POST /xingrg/kc/buy/cgsh_order_operate.html HTTP/1.1" 200 37
114.84.81.136 - - [31/Dec/2022:11:18:45 +0800] "GET /xingrg/check_reg.html?_=1672456736599 HTTP/1.1" 200 22
114.84.81.136 - - [31/Dec/2022:11:18:45 +0800] "GET /xingrg/all/function/internal_message.html?_=1672456736599&CODE_STATE=getMsg HTTP/1.1" 200 27
114.84.38.109 - - [31/Dec/2022:11:18:46 +0800] "POST /xingrg/kc/base/wldb_order_operate.html HTTP/1.1" 200 37
124.78.159.116 - - [31/Dec/2022:11:18:46 +0800] "POST /xingrg/all/common/load_combo.html?type=base HTTP/1.1" 200 3227
116.230.105.139 - - [31/Dec/2022:11:18:46 +0800] "POST /xingrg/kc/buy/cgsh_order_operate.html HTTP/1.1" 200 4477
116.192.124.172 - - [31/Dec/2022:11:18:48 +0800] "GET /xingrg/all/function/internal_message.html?_=1672456737669&CODE_STATE=getMsg HTTP/1.1" 200 27
116.192.124.172 - - [31/Dec/2022:11:18:48 +0800] "GET /xingrg/check_reg.html?_=1672456737673 HTTP/1.1" 200 22
114.88.159.190 - - [31/Dec/2022:11:18:48 +0800] "GET /xingrg/kc/buy/cgsh_order_operate.html?command=get_materiel&rest_code=00141&code=00101007077&supplier_code=00100004&order_time=2022-12-31 HTTP/1.1" 200 432
116.230.105.139 - - [31/Dec/2022:11:18:48 +0800] "GET /xingrg/kc/print/load_data.html?order_code=212022123106095&kc_code=cgsh&condition= HTTP/1.1" 200 1414
114.84.38.109 - - [31/Dec/2022:11:18:48 +0800] "POST /xingrg/kc/base/wldb_order_operate.html HTTP/1.1" 200 12
114.84.38.109 - - [31/Dec/2022:11:18:49 +0800] "POST /xingrg/kc/base/wldb_order_operate.html HTTP/1.1" 200 2209
116.238.139.35 - - [31/Dec/2022:11:18:49 +0800] "GET /xingrg/kc/base/wldb_order_operate.html?command=get_materiel&rest_code=00150&base_code=0010445&code=00101020131 HTTP/1.1" 200 438
114.88.159.190 - - [31/Dec/2022:11:18:50 +0800] "GET /xingrg/all/function/internal_message.html?_=1672456325949&CODE_STATE=getMsg HTTP/1.1" 200 27
114.84.38.109 - - [31/Dec/2022:11:18:51 +0800] "GET /xingrg/kc/base/wldb_order_info.html?code=422022121401169 HTTP/1.1" 200 26526
114.84.38.109 - - [31/Dec/2022:11:18:51 +0800] "GET /xingrg/javascript/easyui/themes/default/validatebox.css HTTP/1.1" 404 1104
114.84.38.109 - - [31/Dec/2022:11:18:51 +0800] "POST /xingrg/kc/base/wldb_order_operate.html HTTP/1.1" 200 504
116.230.105.139 - - [31/Dec/2022:11:18:53 +0800] "GET /xingrg/kc/buy/cgsh_order_add.html HTTP/1.1" 200 69866
116.230.105.139 - - [31/Dec/2022:11:18:53 +0800] "GET /xingrg/words/20221231094221_words.js HTTP/1.1" 304 -
222.69.192.184 - - [31/Dec/2022:11:18:53 +0800] "GET /xingrg/all/function/internal_message.html?_=1672456586763&CODE_STATE=getMsg HTTP/1.1" 200 27
116.230.105.139 - - [31/Dec/2022:11:18:53 +0800] "POST /xingrg/kc/buy/cgsh_order_operate.html HTTP/1.1" 200 8245
116.230.105.139 - - [31/Dec/2022:11:18:53 +0800] "GET /xingrg/javascript/easyui/themes/default/validatebox.css HTTP/1.1" 404 1104
116.192.124.172 - - [31/Dec/2022:11:18:54 +0800] "GET /xingrg/all/function/internal_message.html?_=1672456753662&CODE_STATE=getMsg HTTP/1.1" 200 27
180.165.52.19 - - [31/Dec/2022:11:18:55 +0800] "GET /xingrg/check_reg.html?_=1672456745011 HTTP/1.1" 200 22
180.165.52.19 - - [31/Dec/2022:11:18:55 +0800] "GET /xingrg/all/function/internal_message.html?_=1672456745013&CODE_STATE=getMsg HTTP/1.1" 200 27
58.221.95.50 - - [31/Dec/2022:11:18:56 +0800] "GET /xingrg/check_reg.html?_=1672456746243 HTTP/1.1" 200 22
114.84.38.109 - - [31/Dec/2022:11:18:57 +0800] "GET /xingrg/all/function/internal_message.html?_=1672456768505&CODE_STATE=getMsg HTTP/1.1" 200 27
114.88.159.190 - - [31/Dec/2022:11:18:59 +0800] "GET /xingrg/kc/buy/cgsh_order_operate.html?command=get_materiel&rest_code=00141&code=00101007027&supplier_code=00100004&order_time=2022-12-31 HTTP/1.1" 200 421
116.230.105.139 - - [31/Dec/2022:11:19:00 +0800] "GET /xingrg/kc/buy/cgsh_order_operate.html?command=get_materiel&rest_code=00155&code=00101010885&supplier_code=00100336&order_time=2022-12-31 HTTP/1.1" 200 425
116.238.139.35 - - [31/Dec/2022:11:19:02 +0800] "GET /xingrg/kc/base/wldb_order_operate.html?command=get_materiel&rest_code=00150&base_code=0010445&code=00101019079 HTTP/1.1" 200 479
58.40.7.146 - - [31/Dec/2022:11:19:02 +0800] "GET /xingrg/all/function/internal_message.html?_=1672456751349&CODE_STATE=getMsg HTTP/1.1" 200 27
114.84.171.241 - - [31/Dec/2022:11:19:02 +0800] "GET /xingrg/all/function/internal_message.html?_=1672456751474&CODE_STATE=getMsg HTTP/1.1" 200 27
114.84.171.241 - - [31/Dec/2022:11:19:02 +0800] "GET /xingrg/check_reg.html?_=1672456751476 HTTP/1.1" 200 22
116.230.105.139 - - [31/Dec/2022:11:19:05 +0800] "GET /xingrg/all/function/internal_message.html?_=1672456716390&CODE_STATE=getMsg HTTP/1.1" 200 27
116.230.105.139 - - [31/Dec/2022:11:19:08 +0800] "POST /xingrg/kc/buy/cgsh_order_operate.html HTTP/1.1" 200 37
116.238.139.35 - - [31/Dec/2022:11:19:09 +0800] "GET /xingrg/kc/base/wldb_order_operate.html?command=get_materiel&rest_code=00150&base_code=0010445&code=00101019368 HTTP/1.1" 200 465
124.79.245.154 - - [31/Dec/2022:11:19:09 +0800] "GET /xingrg/all/function/internal_message.html?_=1672456755889&CODE_STATE=getMsg HTTP/1.1" 200 27
58.40.7.146 - - [31/Dec/2022:11:19:09 +0800] "GET /xingrg/all/function/internal_message.html?_=1672456758980&CODE_STATE=getMsg HTTP/1.1" 302 -
116.230.105.139 - - [31/Dec/2022:11:19:10 +0800] "POST /xingrg/kc/buy/cgsh_order_operate.html HTTP/1.1" 200 2667
124.78.159.116 - - [31/Dec/2022:11:19:13 +0800] "GET /xingrg/all/function/internal_message.html?_=1672456762332&CODE_STATE=getMsg HTTP/1.1" 200 27
124.79.245.154 - - [31/Dec/2022:11:19:16 +0800] "GET /xingrg/all/function/internal_message.html?_=1672456998662&CODE_STATE=getMsg HTTP/1.1" 200 27
116.238.139.35 - - [31/Dec/2022:11:19:16 +0800] "GET /xingrg/kc/base/wldb_order_operate.html?command=get_materiel&rest_code=00150&base_code=0010445&code=00101019295 HTTP/1.1" 200 477
222.69.192.184 - - [31/Dec/2022:11:19:17 +0800] "POST /xingrg/kc/base/wlsy_order_operate.html HTTP/1.1" 200 37
222.69.192.184 - - [31/Dec/2022:11:19:17 +0800] "POST /xingrg/kc/base/wlsy_order_operate.html HTTP/1.1" 200 2156
116.230.105.139 - - [31/Dec/2022:11:19:17 +0800] "GET /xingrg/all/function/internal_message.html?_=1672456767320&CODE_STATE=getMsg HTTP/1.1" 302 -
114.84.38.109 - - [31/Dec/2022:11:19:18 +0800] "GET /xingrg/all/function/internal_message.html?_=1672456773842&CODE_STATE=getMsg HTTP/1.1" 200 27
222.69.192.184 - - [31/Dec/2022:11:19:19 +0800] "POST /xingrg/kc/base/wlsy_list_operate.html?syType=0 HTTP/1.1" 200 1670
116.230.105.139 - - [31/Dec/2022:11:19:21 +0800] "GET /xingrg/kc/print/load_data.html?order_code=212022123106096&kc_code=cgsh&condition= HTTP/1.1" 200 689
114.83.219.41 - - [31/Dec/2022:11:19:23 +0800] "GET /xingrg/all/function/internal_message.html?_=1672456771408&CODE_STATE=getMsg HTTP/1.1" 200 27
116.238.139.35 - - [31/Dec/2022:11:19:23 +0800] "GET /xingrg/kc/base/wldb_order_operate.html?command=get_materiel&rest_code=00150&base_code=0010445&code=00101019438 HTTP/1.1" 200 462
222.69.192.184 - - [31/Dec/2022:11:19:23 +0800] "GET /xingrg/all/function/internal_message.html?_=1672456772415&CODE_STATE=getMsg HTTP/1.1" 200 27
180.162.115.6 - - [31/Dec/2022:11:19:23 +0800] "GET /xingrg/all/function/internal_message.html?_=1672455766323&CODE_STATE=getMsg HTTP/1.1" 200 27
116.238.139.35 - - [31/Dec/2022:11:19:24 +0800] "GET /xingrg/all/function/internal_message.html?_=1672456774815&CODE_STATE=getMsg HTTP/1.1" 200 27
114.88.159.190 - - [31/Dec/2022:11:19:25 +0800] "POST /xingrg/kc/buy/cgsh_order_operate.html HTTP/1.1" 200 37
116.230.105.139 - - [31/Dec/2022:11:19:28 +0800] "GET /xingrg/kc/buy/cgsh_order_add.html HTTP/1.1" 200 69866
116.230.105.139 - - [31/Dec/2022:11:19:28 +0800] "POST /xingrg/kc/buy/cgsh_order_operate.html HTTP/1.1" 200 8245
116.230.105.139 - - [31/Dec/2022:11:19:28 +0800] "GET /xingrg/javascript/easyui/themes/default/validatebox.css HTTP/1.1" 404 1104
114.88.159.190 - - [31/Dec/2022:11:19:29 +0800] "POST /xingrg/kc/buy/cgsh_order_operate.html HTTP/1.1" 200 12
116.238.139.35 - - [31/Dec/2022:11:19:29 +0800] "GET /xingrg/all/function/internal_message.html?_=1672456700792&CODE_STATE=getMsg HTTP/1.1" 200 27
114.88.159.190 - - [31/Dec/2022:11:19:30 +0800] "GET /xingrg/kc/buy/cgsh_order_info.html?code=212022123106097 HTTP/1.1" 200 64762
114.88.159.190 - - [31/Dec/2022:11:19:30 +0800] "GET /xingrg/javascript/easyui/themes/default/validatebox.css HTTP/1.1" 404 1104
116.230.105.139 - - [31/Dec/2022:11:19:31 +0800] "GET /xingrg/all/function/internal_message.html?_=1672456780231&CODE_STATE=getMsg HTTP/1.1" 200 27
114.88.159.190 - - [31/Dec/2022:11:19:31 +0800] "POST /xingrg/kc/buy/cgsh_order_operate.html HTTP/1.1" 200 2397
114.88.159.190 - - [31/Dec/2022:11:19:32 +0800] "GET /xingrg/kc/print/load_data.html?order_code=212022123106097&kc_code=cgsh&condition= HTTP/1.1" 200 1461
116.238.139.35 - - [31/Dec/2022:11:19:33 +0800] "GET /xingrg/check_reg.html?_=1672456704135 HTTP/1.1" 200 22
114.84.38.109 - - [31/Dec/2022:11:19:34 +0800] "GET /xingrg/check_reg.html?_=1672456805763 HTTP/1.1" 200 22
116.238.139.35 - - [31/Dec/2022:11:19:34 +0800] "GET /xingrg/all/function/internal_message.html?_=1672456705706&CODE_STATE=getMsg HTTP/1.1" 200 27
116.230.105.139 - - [31/Dec/2022:11:19:36 +0800] "GET /xingrg/kc/buy/cgsh_order_operate.html?command=get_materiel&rest_code=00155&code=00101008314&supplier_code=00100339&order_time=2022-12-31 HTTP/1.1" 200 413
114.84.38.109 - - [31/Dec/2022:11:19:37 +0800] "GET /xingrg/all/function/internal_message.html?_=1672456808940&CODE_STATE=getMsg HTTP/1.1" 200 27
58.221.95.50 - - [31/Dec/2022:11:19:40 +0800] "GET /xingrg/all/function/internal_message.html?_=1672456790290&CODE_STATE=getMsg HTTP/1.1" 200 27
114.84.171.241 - - [31/Dec/2022:11:19:40 +0800] "POST /xingrg/all/common/load_select.html HTTP/1.1" 200 38
116.238.139.35 - - [31/Dec/2022:11:19:41 +0800] "GET /xingrg/kc/base/wldb_order_operate.html?command=get_materiel&rest_code=00150&base_code=0010445&code=00101019427 HTTP/1.1" 200 446
124.79.245.154 - - [31/Dec/2022:11:19:42 +0800] "GET /xingrg/all/function/internal_message.html?_=1672456788852&CODE_STATE=getMsg HTTP/1.1" 200 27
180.165.52.19 - - [31/Dec/2022:11:19:43 +0800] "GET /xingrg/all/function/internal_message.html?_=1672456793448&CODE_STATE=getMsg HTTP/1.1" 200 27
116.230.105.139 - - [31/Dec/2022:11:19:43 +0800] "POST /xingrg/kc/buy/cgsh_order_operate.html HTTP/1.1" 200 37
116.230.105.139 - - [31/Dec/2022:11:19:44 +0800] "POST /xingrg/kc/buy/cgsh_order_operate.html HTTP/1.1" 200 2656
116.230.105.139 - - [31/Dec/2022:11:19:45 +0800] "GET /xingrg/kc/print/load_data.html?order_code=212022123106098&kc_code=cgsh&condition= HTTP/1.1" 200 675
114.84.81.136 - - [31/Dec/2022:11:19:45 +0800] "GET /xingrg/all/function/internal_message.html?_=1672456796598&CODE_STATE=getMsg HTTP/1.1" 200 27
222.69.192.184 - - [31/Dec/2022:11:19:47 +0800] "POST /xingrg/kc/base/wlsy_list_operate.html?syType=0 HTTP/1.1" 200 199
222.69.192.184 - - [31/Dec/2022:11:19:47 +0800] "GET /xingrg/kc/base/wlsy_order_info.html?code=412022123100029 HTTP/1.1" 200 28683
116.192.124.172 - - [31/Dec/2022:11:19:48 +0800] "GET /xingrg/all/function/internal_message.html?_=1672456797672&CODE_STATE=getMsg HTTP/1.1" 200 27
222.69.192.184 - - [31/Dec/2022:11:19:48 +0800] "POST /xingrg/kc/base/wlsy_order_operate.html HTTP/1.1" 200 2156
222.69.192.184 - - [31/Dec/2022:11:19:48 +0800] "GET /xingrg/javascript/easyui/themes/default/validatebox.css HTTP/1.1" 404 1104
116.230.105.139 - - [31/Dec/2022:11:19:49 +0800] "GET /xingrg/kc/buy/cgsh_order_add.html HTTP/1.1" 200 69866
116.230.105.139 - - [31/Dec/2022:11:19:50 +0800] "GET /xingrg/javascript/easyui/themes/default/validatebox.css HTTP/1.1" 404 1104
116.230.105.139 - - [31/Dec/2022:11:19:50 +0800] "POST /xingrg/kc/buy/cgsh_order_operate.html HTTP/1.1" 200 8245
114.88.159.190 - - [31/Dec/2022:11:19:50 +0800] "GET /xingrg/all/function/internal_message.html?_=1672456385933&CODE_STATE=getMsg HTTP/1.1" 200 27
116.238.139.35 - - [31/Dec/2022:11:19:50 +0800] "POST /xingrg/kc/base/wldb_order_operate.html HTTP/1.1" 200 37
114.84.171.241 - - [31/Dec/2022:11:19:51 +0800] "GET /xingrg/kc/base/wldb_order_operate.html?command=get_materiel&rest_code=00142&base_code=0010193&code=00102002286 HTTP/1.1" 200 432
116.238.139.35 - - [31/Dec/2022:11:19:53 +0800] "POST /xingrg/kc/base/wldb_order_operate.html HTTP/1.1" 200 12
116.238.139.35 - - [31/Dec/2022:11:19:53 +0800] "POST /xingrg/kc/base/wldb_order_operate.html HTTP/1.1" 200 5187
222.70.177.10 - - [31/Dec/2022:11:19:53 +0800] "GET /xingrg/kc/base/wldb_order_add.html HTTP/1.1" 200 30384
222.69.192.184 - - [31/Dec/2022:11:19:53 +0800] "GET /xingrg/all/function/internal_message.html?_=1672456646818&CODE_STATE=getMsg HTTP/1.1" 200 27
116.192.124.172 - - [31/Dec/2022:11:19:54 +0800] "GET /xingrg/check_reg.html?_=1672456813660 HTTP/1.1" 200 22
116.192.124.172 - - [31/Dec/2022:11:19:54 +0800] "GET /xingrg/all/function/internal_message.html?_=1672456813665&CODE_STATE=getMsg HTTP/1.1" 200 27
222.70.177.10 - - [31/Dec/2022:11:19:54 +0800] "POST /xingrg/kc/base/wldb_order_operate.html HTTP/1.1" 200 6806
222.70.177.10 - - [31/Dec/2022:11:19:54 +0800] "GET /xingrg/javascript/easyui/themes/default/validatebox.css HTTP/1.1" 404 1104
180.165.52.19 - - [31/Dec/2022:11:19:55 +0800] "GET /xingrg/all/function/internal_message.html?_=1672456805013&CODE_STATE=getMsg HTTP/1.1" 200 27
114.84.38.109 - - [31/Dec/2022:11:19:57 +0800] "GET /xingrg/all/function/internal_message.html?_=1672456828520&CODE_STATE=getMsg HTTP/1.1" 200 27
116.230.105.139 - - [31/Dec/2022:11:19:57 +0800] "GET /xingrg/kc/buy/cgsh_order_operate.html?command=get_materiel&rest_code=00155&code=00101013090&supplier_code=00100337&order_time=2022-12-31 HTTP/1.1" 200 425
114.84.171.241 - - [31/Dec/2022:11:19:58 +0800] "GET /xingrg/kc/base/wldb_order_operate.html?command=get_materiel&rest_code=00142&base_code=0010193&code=00102002432 HTTP/1.1" 200 429
222.69.192.184 - - [31/Dec/2022:11:20:00 +0800] "POST /xingrg/kc/base/wlsy_order_operate.html HTTP/1.1" 200 37
222.69.192.184 - - [31/Dec/2022:11:20:00 +0800] "POST /xingrg/kc/base/wlsy_order_operate.html HTTP/1.1" 200 2156
222.70.177.10 - - [31/Dec/2022:11:20:00 +0800] "GET /xingrg/all/function/internal_message.html?_=1672456807081&CODE_STATE=getMsg HTTP/1.1" 200 27
222.69.192.184 - - [31/Dec/2022:11:20:02 +0800] "POST /xingrg/kc/base/wlsy_order_operate.html HTTP/1.1" 200 12
58.40.7.146 - - [31/Dec/2022:11:20:02 +0800] "GET /xingrg/all/function/internal_message.html?_=1672456811318&CODE_STATE=getMsg HTTP/1.1" 200 27
114.84.171.241 - - [31/Dec/2022:11:20:02 +0800] "GET /xingrg/all/function/internal_message.html?_=1672456811474&CODE_STATE=getMsg HTTP/1.1" 200 27
222.69.192.184 - - [31/Dec/2022:11:20:04 +0800] "POST /xingrg/kc/base/wlsy_list_operate.html?syType=0 HTTP/1.1" 200 862
222.70.177.10 - - [31/Dec/2022:11:20:04 +0800] "GET /xingrg/kc/base/wldb_order_operate.html?command=get_materiel&rest_code=00111&base_code=0010283&code=00101019216 HTTP/1.1" 200 477
116.230.105.139 - - [31/Dec/2022:11:20:05 +0800] "GET /xingrg/check_reg.html?_=1672456776377 HTTP/1.1" 200 22
116.230.105.139 - - [31/Dec/2022:11:20:05 +0800] "GET /xingrg/all/function/internal_message.html?_=1672456776379&CODE_STATE=getMsg HTTP/1.1" 200 27
222.69.192.184 - - [31/Dec/2022:11:20:05 +0800] "GET /xingrg/kc/base/wlsy_order_list.html?syType=0 HTTP/1.1" 200 17221
222.69.192.184 - - [31/Dec/2022:11:20:05 +0800] "POST /xingrg/kc/base/wlsy_list_operate.html?syType=0 HTTP/1.1" 200 862
116.230.105.139 - - [31/Dec/2022:11:20:06 +0800] "POST /xingrg/kc/buy/cgsh_order_operate.html HTTP/1.1" 200 37
116.230.105.139 - - [31/Dec/2022:11:20:07 +0800] "POST /xingrg/kc/buy/cgsh_order_operate.html HTTP/1.1" 200 2653
222.69.192.184 - - [31/Dec/2022:11:20:08 +0800] "POST /xingrg/kc/base/wlsy_list_operate.html?syType=0 HTTP/1.1" 200 5392
116.230.105.139 - - [31/Dec/2022:11:20:08 +0800] "GET /xingrg/kc/print/load_data.html?order_code=212022123106099&kc_code=cgsh&condition= HTTP/1.1" 200 678
124.79.245.154 - - [31/Dec/2022:11:20:09 +0800] "GET /xingrg/all/function/internal_message.html?_=1672456815886&CODE_STATE=getMsg HTTP/1.1" 200 27
58.40.7.146 - - [31/Dec/2022:11:20:09 +0800] "GET /xingrg/all/function/internal_message.html?_=1672456818956&CODE_STATE=getMsg HTTP/1.1" 302 -
222.69.192.184 - - [31/Dec/2022:11:20:10 +0800] "POST /xingrg/kc/base/wlsy_list_operate.html?syType=0 HTTP/1.1" 200 199
222.70.177.10 - - [31/Dec/2022:11:20:13 +0800] "GET /xingrg/kc/base/wldb_order_operate.html?command=get_materiel&rest_code=00111&base_code=0010283&code=00101019368 HTTP/1.1" 200 465
124.78.159.116 - - [31/Dec/2022:11:20:13 +0800] "GET /xingrg/all/function/internal_message.html?_=1672456822316&CODE_STATE=getMsg HTTP/1.1" 200 27
222.69.192.184 - - [31/Dec/2022:11:20:14 +0800] "GET /xingrg/kc/base/wlsy_order_add.html?syType=0 HTTP/1.1" 200 28589
222.69.192.184 - - [31/Dec/2022:11:20:14 +0800] "POST /xingrg/kc/base/wlsy_order_operate.html HTTP/1.1" 200 6806
222.69.192.184 - - [31/Dec/2022:11:20:14 +0800] "GET /xingrg/javascript/easyui/themes/default/validatebox.css HTTP/1.1" 404 1104
114.84.171.241 - - [31/Dec/2022:11:20:16 +0800] "POST /xingrg/kc/base/wldb_order_operate.html HTTP/1.1" 200 37
124.79.245.154 - - [31/Dec/2022:11:20:16 +0800] "GET /xingrg/check_reg.html?_=1672457058661 HTTP/1.1" 200 22
124.79.245.154 - - [31/Dec/2022:11:20:16 +0800] "GET /xingrg/all/function/internal_message.html?_=1672457058662&CODE_STATE=getMsg HTTP/1.1" 200 27
114.84.171.241 - - [31/Dec/2022:11:20:17 +0800] "POST /xingrg/kc/base/wldb_order_operate.html HTTP/1.1" 200 4113
114.84.171.241 - - [31/Dec/2022:11:20:17 +0800] "GET /xingrg/kc/base/wldb_order_info.html?code=422022123101635 HTTP/1.1" 200 30407
116.230.105.139 - - [31/Dec/2022:11:20:17 +0800] "GET /xingrg/all/function/internal_message.html?_=1672456827333&CODE_STATE=getMsg HTTP/1.1" 302 -
116.230.105.139 - - [31/Dec/2022:11:20:17 +0800] "GET /xingrg/kc/buy/cgsh_order_add.html HTTP/1.1" 200 69866
114.84.171.241 - - [31/Dec/2022:11:20:17 +0800] "GET /xingrg/javascript/easyui/themes/default/validatebox.css HTTP/1.1" 404 1104
116.230.105.139 - - [31/Dec/2022:11:20:18 +0800] "POST /xingrg/kc/buy/cgsh_order_operate.html HTTP/1.1" 200 8245
116.230.105.139 - - [31/Dec/2022:11:20:18 +0800] "GET /xingrg/javascript/easyui/themes/default/validatebox.css HTTP/1.1" 404 1104
114.84.171.241 - - [31/Dec/2022:11:20:18 +0800] "POST /xingrg/kc/base/wldb_order_operate.html HTTP/1.1" 200 4113
114.84.38.109 - - [31/Dec/2022:11:20:18 +0800] "GET /xingrg/all/function/internal_message.html?_=1672456833848&CODE_STATE=getMsg HTTP/1.1" 200 27
114.84.38.109 - - [31/Dec/2022:11:20:18 +0800] "GET /xingrg/check_reg.html?_=1672456833849 HTTP/1.1" 200 22
222.69.192.184 - - [31/Dec/2022:11:20:19 +0800] "GET /xingrg/check_reg.html?_=1672456828827 HTTP/1.1" 200 22
222.70.177.10 - - [31/Dec/2022:11:20:20 +0800] "POST /xingrg/kc/base/wldb_order_operate.html HTTP/1.1" 200 37
222.70.177.10 - - [31/Dec/2022:11:20:20 +0800] "POST /xingrg/kc/base/wldb_order_operate.html HTTP/1.1" 200 2718
222.70.177.10 - - [31/Dec/2022:11:20:21 +0800] "GET /xingrg/kc/base/wldb_order_info.html?code=422022123101636 HTTP/1.1" 200 30399
222.70.177.10 - - [31/Dec/2022:11:20:21 +0800] "GET /xingrg/javascript/easyui/themes/default/validatebox.css HTTP/1.1" 404 1104
222.70.177.10 - - [31/Dec/2022:11:20:22 +0800] "POST /xingrg/kc/base/wldb_order_operate.html HTTP/1.1" 200 2718
116.238.139.35 - - [31/Dec/2022:11:20:23 +0800] "GET /xingrg/kc/base/wldb_order_info.html?code=422022123101634 HTTP/1.1" 200 26269
114.83.219.41 - - [31/Dec/2022:11:20:23 +0800] "GET /xingrg/all/function/internal_message.html?_=1672456831379&CODE_STATE=getMsg HTTP/1.1" 200 27
222.70.177.10 - - [31/Dec/2022:11:20:23 +0800] "GET /xingrg/kc/print/load_data.html?order_code=422022123101636&kc_code=wldb&condition= HTTP/1.1" 200 725
222.69.192.184 - - [31/Dec/2022:11:20:23 +0800] "GET /xingrg/all/function/internal_message.html?_=1672456832400&CODE_STATE=getMsg HTTP/1.1" 200 27
180.162.115.6 - - [31/Dec/2022:11:20:23 +0800] "GET /xingrg/check_reg.html?_=1672455826322 HTTP/1.1" 200 22
180.162.115.6 - - [31/Dec/2022:11:20:23 +0800] "GET /xingrg/all/function/internal_message.html?_=1672455826323&CODE_STATE=getMsg HTTP/1.1" 200 27
116.238.139.35 - - [31/Dec/2022:11:20:23 +0800] "GET /xingrg/javascript/easyui/themes/default/validatebox.css HTTP/1.1" 404 1104
116.238.139.35 - - [31/Dec/2022:11:20:23 +0800] "POST /xingrg/kc/base/wldb_order_operate.html HTTP/1.1" 200 3413
116.238.139.35 - - [31/Dec/2022:11:20:24 +0800] "GET /xingrg/all/function/internal_message.html?_=1672456834815&CODE_STATE=getMsg HTTP/1.1" 200 27
222.69.192.184 - - [31/Dec/2022:11:20:26 +0800] "GET /xingrg/javascript/easyui/themes/default/tree.css HTTP/1.1" 404 1090
222.69.192.184 - - [31/Dec/2022:11:20:26 +0800] "POST /xingrg/all/common/load_tree.html?tree=employee_tree_json HTTP/1.1" 200 25301
116.238.139.35 - - [31/Dec/2022:11:20:29 +0800] "GET /xingrg/all/function/internal_message.html?_=1672456760824&CODE_STATE=getMsg HTTP/1.1" 200 27
116.230.105.139 - - [31/Dec/2022:11:20:30 +0800] "GET /xingrg/kc/buy/cgsh_order_operate.html?command=get_materiel&rest_code=00155&code=00101001138&supplier_code=00100312&order_time=2022-12-31 HTTP/1.1" 200 413
116.230.105.139 - - [31/Dec/2022:11:20:30 +0800] "GET /xingrg/all/function/internal_message.html?_=1672456840225&CODE_STATE=getMsg HTTP/1.1" 200 27
116.238.139.35 - - [31/Dec/2022:11:20:34 +0800] "GET /xingrg/all/function/internal_message.html?_=1672456765719&CODE_STATE=getMsg HTTP/1.1" 200 27
124.78.159.116 - - [31/Dec/2022:11:20:34 +0800] "GET /xingrg/javascript/auto/indicator.gif HTTP/1.1" 404 1066
222.70.177.10 - - [31/Dec/2022:11:20:35 +0800] "GET /xingrg/kc/base/wldb_order_add.html HTTP/1.1" 200 30384
222.70.177.10 - - [31/Dec/2022:11:20:35 +0800] "POST /xingrg/kc/base/wldb_order_operate.html HTTP/1.1" 200 6806
222.70.177.10 - - [31/Dec/2022:11:20:35 +0800] "GET /xingrg/javascript/easyui/themes/default/validatebox.css HTTP/1.1" 404 1104
114.84.38.109 - - [31/Dec/2022:11:20:37 +0800] "GET /xingrg/all/function/internal_message.html?_=1672456868953&CODE_STATE=getMsg HTTP/1.1" 200 27
58.221.95.50 - - [31/Dec/2022:11:20:40 +0800] "GET /xingrg/all/function/internal_message.html?_=1672456850265&CODE_STATE=getMsg HTTP/1.1" 200 27
222.69.192.184 - - [31/Dec/2022:11:20:42 +0800] "GET /xingrg/kc/base/wlsy_order_operate.html?command=get_materiel&rest_code=00105&base_code=0010512&code=00101004049 HTTP/1.1" 200 431
124.79.245.154 - - [31/Dec/2022:11:20:42 +0800] "GET /xingrg/all/function/internal_message.html?_=1672456848868&CODE_STATE=getMsg HTTP/1.1" 200 27
180.165.52.19 - - [31/Dec/2022:11:20:43 +0800] "GET /xingrg/all/function/internal_message.html?_=1672456853445&CODE_STATE=getMsg HTTP/1.1" 200 27
116.230.105.139 - - [31/Dec/2022:11:20:43 +0800] "GET /xingrg/kc/buy/cgsh_order_operate.html?command=get_materiel&rest_code=00155&code=00101001135&supplier_code=00100312&order_time=2022-12-31 HTTP/1.1" 200 435
124.78.159.116 - - [31/Dec/2022:11:20:45 +0800] "GET /xingrg/kc/base/wldb_order_operate.html?command=get_materiel&rest_code=00106&base_code=0010396&code=00101016094 HTTP/1.1" 200 470
114.84.81.136 - - [31/Dec/2022:11:20:45 +0800] "GET /xingrg/all/function/internal_message.html?_=1672456856597&CODE_STATE=getMsg HTTP/1.1" 200 27
116.192.124.172 - - [31/Dec/2022:11:20:48 +0800] "GET /xingrg/all/function/internal_message.html?_=1672456857674&CODE_STATE=getMsg HTTP/1.1" 200 27
222.69.192.184 - - [31/Dec/2022:11:20:49 +0800] "GET /xingrg/kc/base/wlsy_order_operate.html?command=get_materiel&rest_code=00105&base_code=0010512&code=00101004013 HTTP/1.1" 200 433
114.88.159.190 - - [31/Dec/2022:11:20:50 +0800] "GET /xingrg/all/function/internal_message.html?_=1672456445937&CODE_STATE=getMsg HTTP/1.1" 200 27
222.69.192.184 - - [31/Dec/2022:11:20:53 +0800] "GET /xingrg/all/function/internal_message.html?_=1672456706763&CODE_STATE=getMsg HTTP/1.1" 200 27
116.192.124.172 - - [31/Dec/2022:11:20:54 +0800] "GET /xingrg/all/function/internal_message.html?_=1672456873669&CODE_STATE=getMsg HTTP/1.1" 200 27
180.165.52.19 - - [31/Dec/2022:11:20:55 +0800] "GET /xingrg/all/function/internal_message.html?_=1672456865004&CODE_STATE=getMsg HTTP/1.1" 200 27
116.238.139.35 - - [31/Dec/2022:11:20:55 +0800] "POST /xingrg/all/user/operate.html HTTP/1.1" 200 36
116.238.139.35 - - [31/Dec/2022:11:20:55 +0800] "GET /xingrg/javascript/jquery_easy_ui/themes/default/easyui.css HTTP/1.1" 304 -
116.238.139.35 - - [31/Dec/2022:11:20:55 +0800] "GET /xingrg/index.html?sysBaseUrl=http%3A%2F%2F180.169.147.146%3A18081%2Fxingrg%2F&costTime=43×tamp=1672448706980 HTTP/1.1" 200 17177
116.238.139.35 - - [31/Dec/2022:11:20:55 +0800] "GET /xingrg/javascript/jquery_easy_ui/themes/icon.css HTTP/1.1" 304 -
116.238.139.35 - - [31/Dec/2022:11:20:55 +0800] "GET /xingrg/css/form.css HTTP/1.1" 304 -
116.238.139.35 - - [31/Dec/2022:11:20:55 +0800] "GET /xingrg/javascript/jquery-1.4.2.min.js HTTP/1.1" 304 -
116.238.139.35 - - [31/Dec/2022:11:20:55 +0800] "GET /xingrg/javascript/jquery_easy_ui/jquery.easyui.min.js HTTP/1.1" 304 -
116.238.139.35 - - [31/Dec/2022:11:20:55 +0800] "GET /xingrg/javascript/jquery_easy_ui/easyui-lang-zh_CN.js HTTP/1.1" 304 -
116.238.139.35 - - [31/Dec/2022:11:20:55 +0800] "GET /xingrg/javascript/jquery.form.js HTTP/1.1" 304 -
116.238.139.35 - - [31/Dec/2022:11:20:55 +0800] "GET /xingrg/javascript/jquery.utils.js HTTP/1.1" 304 -
116.238.139.35 - - [31/Dec/2022:11:20:55 +0800] "GET /xingrg/javascript/jquery.timers.js HTTP/1.1" 304 -
116.238.139.35 - - [31/Dec/2022:11:20:55 +0800] "GET /xingrg/images/blue/jxLogo.png HTTP/1.1" 304 -
116.238.139.35 - - [31/Dec/2022:11:20:55 +0800] "GET /xingrg/javascript/jquery_easy_ui/themes/icons/settle_new.png HTTP/1.1" 304 -
116.238.139.35 - - [31/Dec/2022:11:20:55 +0800] "GET /xingrg/images/blue/navBackgound.jpg HTTP/1.1" 304 -
116.238.139.35 - - [31/Dec/2022:11:20:56 +0800] "POST /xingrg/all/common/load_tree.html?tree=area_rest_tree_json&manage=1 HTTP/1.1" 200 476
116.238.139.35 - - [31/Dec/2022:11:20:56 +0800] "GET /xingrg/all/function/internal_message.html?_=1672456866059&CODE_STATE=count HTTP/1.1" 200 11
116.238.139.35 - - [31/Dec/2022:11:20:56 +0800] "GET /xingrg/check_reg.html?_=1672456866061 HTTP/1.1" 200 22
116.238.139.35 - - [31/Dec/2022:11:20:56 +0800] "GET /xingrg/javascript/jquery_easy_ui/themes/default/images/tabs_leftarrow.png HTTP/1.1" 304 -
116.238.139.35 - - [31/Dec/2022:11:20:56 +0800] "GET /xingrg/javascript/jquery_easy_ui/themes/default/images/panel_tool_collapse.gif HTTP/1.1" 304 -
116.238.139.35 - - [31/Dec/2022:11:20:56 +0800] "GET /xingrg/images/blue/pingpu.png HTTP/1.1" 304 -
116.238.139.35 - - [31/Dec/2022:11:20:56 +0800] "GET /xingrg/javascript/jquery_easy_ui/themes/default/images/tabs_rightarrow.png HTTP/1.1" 304 -
116.238.139.35 - - [31/Dec/2022:11:20:56 +0800] "POST /xingrg/load_menu.html HTTP/1.1" 200 5138
116.230.105.139 - - [31/Dec/2022:11:20:56 +0800] "GET /xingrg/kc/buy/cgsh_order_operate.html?command=get_materiel&rest_code=00155&code=00101001016&supplier_code=00100312&order_time=2022-12-31 HTTP/1.1" 200 435
114.84.38.109 - - [31/Dec/2022:11:20:57 +0800] "GET /xingrg/all/function/internal_message.html?_=1672456888532&CODE_STATE=getMsg HTTP/1.1" 200 27
116.238.139.35 - - [31/Dec/2022:11:20:58 +0800] "GET /xingrg/kc/buy/cgsh_order_list.html HTTP/1.1" 200 54082
116.238.139.35 - - [31/Dec/2022:11:20:59 +0800] "POST /xingrg/kc/buy/cgsh_list_operate.html HTTP/1.1" 200 986
124.78.159.116 - - [31/Dec/2022:11:21:00 +0800] "GET /xingrg/kc/base/wldb_order_operate.html?command=get_materiel&rest_code=00106&base_code=0010396&code=00101019133 HTTP/1.1" 200 480
222.69.192.184 - - [31/Dec/2022:11:21:00 +0800] "GET /xingrg/kc/base/wlsy_order_operate.html?command=get_materiel&rest_code=00105&base_code=0010512&code=00101004047 HTTP/1.1" 200 449
222.70.177.10 - - [31/Dec/2022:11:21:00 +0800] "GET /xingrg/all/function/internal_message.html?_=1672456867060&CODE_STATE=getMsg HTTP/1.1" 200 27
116.238.139.35 - - [31/Dec/2022:11:21:01 +0800] "GET /xingrg/javascript/jquery_tools/images/next.gif HTTP/1.1" 404 1086
116.238.139.35 - - [31/Dec/2022:11:21:01 +0800] "GET /xingrg/javascript/jquery_tools/images/prev.gif HTTP/1.1" 404 1086
58.40.7.146 - - [31/Dec/2022:11:21:02 +0800] "GET /xingrg/all/function/internal_message.html?_=1672456871304&CODE_STATE=getMsg HTTP/1.1" 200 27
114.84.171.241 - - [31/Dec/2022:11:21:02 +0800] "GET /xingrg/all/function/internal_message.html?_=1672456871473&CODE_STATE=getMsg HTTP/1.1" 200 27
116.230.105.139 - - [31/Dec/2022:11:21:05 +0800] "GET /xingrg/all/function/internal_message.html?_=1672456836377&CODE_STATE=getMsg HTTP/1.1" 200 27
116.230.105.139 - - [31/Dec/2022:11:21:07 +0800] "GET /xingrg/kc/buy/cgsh_order_operate.html?command=get_materiel&rest_code=00155&code=00101001023&supplier_code=00100312&order_time=2022-12-31 HTTP/1.1" 200 428
222.69.192.184 - - [31/Dec/2022:11:21:07 +0800] "GET /xingrg/kc/base/wlsy_order_operate.html?command=get_materiel&rest_code=00105&base_code=0010512&code=00101004046 HTTP/1.1" 200 435
116.238.139.35 - - [31/Dec/2022:11:21:07 +0800] "POST /xingrg/kc/buy/cgsh_list_operate.html HTTP/1.1" 200 3681
124.79.245.154 - - [31/Dec/2022:11:21:09 +0800] "GET /xingrg/check_reg.html?_=1672456875879 HTTP/1.1" 200 22
124.79.245.154 - - [31/Dec/2022:11:21:09 +0800] "GET /xingrg/all/function/internal_message.html?_=1672456875882&CODE_STATE=getMsg HTTP/1.1" 200 27
58.40.7.146 - - [31/Dec/2022:11:21:09 +0800] "GET /xingrg/all/function/internal_message.html?_=1672456878928&CODE_STATE=getMsg HTTP/1.1" 302 -
116.238.139.35 - - [31/Dec/2022:11:21:10 +0800] "POST /xingrg/kc/buy/cgsh_list_operate.html HTTP/1.1" 200 563
116.238.139.35 - - [31/Dec/2022:11:21:10 +0800] "GET /xingrg/kc/buy/cgsh_order_info.html?code=212022123106067 HTTP/1.1" 200 64358
116.238.139.35 - - [31/Dec/2022:11:21:11 +0800] "GET /xingrg/javascript/easyui/themes/default/validatebox.css HTTP/1.1" 404 1104
116.238.139.35 - - [31/Dec/2022:11:21:11 +0800] "POST /xingrg/kc/buy/cgsh_order_operate.html HTTP/1.1" 200 6003
124.78.159.116 - - [31/Dec/2022:11:21:13 +0800] "GET /xingrg/all/function/internal_message.html?_=1672456882284&CODE_STATE=getMsg HTTP/1.1" 200 27
116.230.105.139 - - [31/Dec/2022:11:21:16 +0800] "POST /xingrg/kc/buy/cgsh_order_operate.html HTTP/1.1" 200 37
222.69.192.184 - - [31/Dec/2022:11:21:16 +0800] "GET /xingrg/kc/base/wlsy_order_operate.html?command=get_materiel&rest_code=00105&base_code=0010512&code=00101004071 HTTP/1.1" 200 427
124.79.245.154 - - [31/Dec/2022:11:21:16 +0800] "GET /xingrg/all/function/internal_message.html?_=1672457118656&CODE_STATE=getMsg HTTP/1.1" 200 27
116.230.105.139 - - [31/Dec/2022:11:21:17 +0800] "GET /xingrg/all/function/internal_message.html?_=1672456887337&CODE_STATE=getMsg HTTP/1.1" 302 -
114.84.38.109 - - [31/Dec/2022:11:21:18 +0800] "GET /xingrg/all/function/internal_message.html?_=1672456893847&CODE_STATE=getMsg HTTP/1.1" 200 27
116.230.105.139 - - [31/Dec/2022:11:21:18 +0800] "POST /xingrg/kc/buy/cgsh_order_operate.html HTTP/1.1" 200 4450
116.230.105.139 - - [31/Dec/2022:11:21:20 +0800] "GET /xingrg/kc/print/load_data.html?order_code=212022123106100&kc_code=cgsh&condition= HTTP/1.1" 200 1372
114.84.171.241 - - [31/Dec/2022:11:21:20 +0800] "POST /xingrg/kc/base/wldb_order_operate.html HTTP/1.1" 200 37
114.84.171.241 - - [31/Dec/2022:11:21:22 +0800] "POST /xingrg/kc/base/wldb_order_operate.html HTTP/1.1" 200 12
114.84.171.241 - - [31/Dec/2022:11:21:22 +0800] "POST /xingrg/kc/base/wldb_order_operate.html HTTP/1.1" 200 4113
114.83.219.41 - - [31/Dec/2022:11:21:23 +0800] "GET /xingrg/all/function/internal_message.html?_=1672456891385&CODE_STATE=getMsg HTTP/1.1" 200 27
114.84.171.241 - - [31/Dec/2022:11:21:23 +0800] "GET /xingrg/kc/base/wldb_order_info.html?code=422022123101635 HTTP/1.1" 200 26273
222.69.192.184 - - [31/Dec/2022:11:21:23 +0800] "GET /xingrg/all/function/internal_message.html?_=1672456892371&CODE_STATE=getMsg HTTP/1.1" 200 27
124.78.159.116 - - [31/Dec/2022:11:21:23 +0800] "GET /xingrg/kc/base/wldb_order_operate.html?command=get_materiel&rest_code=00106&base_code=0010396&code=00101019185 HTTP/1.1" 200 469
180.162.115.6 - - [31/Dec/2022:11:21:23 +0800] "GET /xingrg/all/function/internal_message.html?_=1672455886309&CODE_STATE=getMsg HTTP/1.1" 200 27
114.84.171.241 - - [31/Dec/2022:11:21:23 +0800] "GET /xingrg/javascript/easyui/themes/default/validatebox.css HTTP/1.1" 404 1104
114.84.171.241 - - [31/Dec/2022:11:21:23 +0800] "POST /xingrg/kc/base/wldb_order_operate.html HTTP/1.1" 200 2364
222.69.192.184 - - [31/Dec/2022:11:21:24 +0800] "GET /xingrg/kc/base/wlsy_order_operate.html?command=get_materiel&rest_code=00105&base_code=0010512&code=00101004061 HTTP/1.1" 200 427
222.70.177.10 - - [31/Dec/2022:11:21:25 +0800] "GET /xingrg/kc/base/wldb_order_operate.html?command=get_materiel&rest_code=00111&base_code=0010283&code=00101018012 HTTP/1.1" 200 462
114.84.171.241 - - [31/Dec/2022:11:21:26 +0800] "POST /xingrg/kc/base/wldb_list_operate.html HTTP/1.1" 200 6262
116.238.139.35 - - [31/Dec/2022:11:21:29 +0800] "GET /xingrg/all/function/internal_message.html?_=1672456820835&CODE_STATE=getMsg HTTP/1.1" 200 27
116.238.139.35 - - [31/Dec/2022:11:21:30 +0800] "GET /xingrg/kc/print/load_data.html?order_code=212022123106067&kc_code=cgsh&condition= HTTP/1.1" 200 2842
222.69.192.184 - - [31/Dec/2022:11:21:32 +0800] "GET /xingrg/kc/base/wlsy_order_operate.html?command=get_materiel&rest_code=00105&base_code=0010512&code=00101004103 HTTP/1.1" 200 431
116.238.139.35 - - [31/Dec/2022:11:21:34 +0800] "GET /xingrg/all/function/internal_message.html?_=1672456825733&CODE_STATE=getMsg HTTP/1.1" 200 27
222.70.177.10 - - [31/Dec/2022:11:21:35 +0800] "GET /xingrg/kc/base/wldb_order_operate.html?command=get_materiel&rest_code=00111&base_code=0010283&code=00101018006 HTTP/1.1" 200 443
124.78.159.116 - - [31/Dec/2022:11:21:36 +0800] "GET /xingrg/kc/base/wldb_order_operate.html?command=get_materiel&rest_code=00106&base_code=0010396&code=00101019492 HTTP/1.1" 200 459
114.84.38.109 - - [31/Dec/2022:11:21:37 +0800] "GET /xingrg/all/function/internal_message.html?_=1672456928970&CODE_STATE=getMsg HTTP/1.1" 200 27
116.230.105.139 - - [31/Dec/2022:11:21:38 +0800] "GET /xingrg/kc/buy/cgsh_order_add.html HTTP/1.1" 200 69866
116.230.105.139 - - [31/Dec/2022:11:21:38 +0800] "POST /xingrg/kc/buy/cgsh_order_operate.html HTTP/1.1" 200 8245
116.230.105.139 - - [31/Dec/2022:11:21:38 +0800] "GET /xingrg/javascript/easyui/themes/default/validatebox.css HTTP/1.1" 404 1104
58.221.95.50 - - [31/Dec/2022:11:21:40 +0800] "GET /xingrg/all/function/internal_message.html?_=1672456910255&CODE_STATE=getMsg HTTP/1.1" 200 27
222.69.192.184 - - [31/Dec/2022:11:21:40 +0800] "GET /xingrg/kc/base/wlsy_order_operate.html?command=get_materiel&rest_code=00105&base_code=0010512&code=00101001164 HTTP/1.1" 200 427
124.79.245.154 - - [31/Dec/2022:11:21:42 +0800] "GET /xingrg/all/function/internal_message.html?_=1672456908867&CODE_STATE=getMsg HTTP/1.1" 200 27
180.165.52.19 - - [31/Dec/2022:11:21:43 +0800] "GET /xingrg/all/function/internal_message.html?_=1672456913418&CODE_STATE=getMsg HTTP/1.1" 200 27
114.84.81.136 - - [31/Dec/2022:11:21:45 +0800] "GET /xingrg/all/function/internal_message.html?_=1672456916595&CODE_STATE=getMsg HTTP/1.1" 200 27
116.192.124.172 - - [31/Dec/2022:11:21:48 +0800] "GET /xingrg/all/function/internal_message.html?_=1672456917664&CODE_STATE=getMsg HTTP/1.1" 200 27
124.78.159.116 - - [31/Dec/2022:11:21:48 +0800] "GET /xingrg/kc/base/wldb_order_operate.html?command=get_materiel&rest_code=00106&base_code=0010396&code=00101019184 HTTP/1.1" 200 458
114.88.159.190 - - [31/Dec/2022:11:21:50 +0800] "GET /xingrg/all/function/internal_message.html?_=1672456505912&CODE_STATE=getMsg HTTP/1.1" 200 27
116.230.105.139 - - [31/Dec/2022:11:21:51 +0800] "GET /xingrg/kc/buy/cgsh_order_operate.html?command=get_materiel&rest_code=00155&code=00101006001&supplier_code=00100574&order_time=2022-12-31 HTTP/1.1" 200 426
222.69.192.184 - - [31/Dec/2022:11:21:53 +0800] "GET /xingrg/all/function/internal_message.html?_=1672456766767&CODE_STATE=getMsg HTTP/1.1" 200 27
222.69.192.184 - - [31/Dec/2022:11:21:53 +0800] "GET /xingrg/check_reg.html?_=1672456766770 HTTP/1.1" 200 22
116.192.124.172 - - [31/Dec/2022:11:21:54 +0800] "GET /xingrg/all/function/internal_message.html?_=1672456933677&CODE_STATE=getMsg HTTP/1.1" 200 27
180.165.52.19 - - [31/Dec/2022:11:21:55 +0800] "GET /xingrg/all/function/internal_message.html?_=1672456925011&CODE_STATE=getMsg HTTP/1.1" 200 27
116.238.139.35 - - [31/Dec/2022:11:21:56 +0800] "GET /xingrg/all/function/internal_message.html?_=1672456926075&CODE_STATE=getMsg HTTP/1.1" 200 27
114.84.38.109 - - [31/Dec/2022:11:21:57 +0800] "GET /xingrg/all/function/internal_message.html?_=1672456948546&CODE_STATE=getMsg HTTP/1.1" 200 27
222.69.192.184 - - [31/Dec/2022:11:21:57 +0800] "GET /xingrg/kc/base/wlsy_order_operate.html?command=get_materiel&rest_code=00105&base_code=0010512&code=00101010158 HTTP/1.1" 200 424
222.70.177.10 - - [31/Dec/2022:11:22:00 +0800] "GET /xingrg/check_reg.html?_=1672456926982 HTTP/1.1" 200 22
222.70.177.10 - - [31/Dec/2022:11:22:00 +0800] "GET /xingrg/all/function/internal_message.html?_=1672456927035&CODE_STATE=getMsg HTTP/1.1" 200 27
124.78.159.116 - - [31/Dec/2022:11:22:01 +0800] "GET /xingrg/kc/base/wldb_order_operate.html?command=get_materiel&rest_code=00106&base_code=0010396&code=00101019297 HTTP/1.1" 200 478
222.69.192.184 - - [31/Dec/2022:11:22:01 +0800] "GET /xingrg/kc/base/base_main.html HTTP/1.1" 200 12142
58.40.7.146 - - [31/Dec/2022:11:22:02 +0800] "GET /xingrg/all/function/internal_message.html?_=1672456931277&CODE_STATE=getMsg HTTP/1.1" 200 27
114.84.171.241 - - [31/Dec/2022:11:22:02 +0800] "GET /xingrg/all/function/internal_message.html?_=1672456931472&CODE_STATE=getMsg HTTP/1.1" 200 27
222.69.192.184 - - [31/Dec/2022:11:22:02 +0800] "GET /xingrg/kc/base/wldb_order_list.html HTTP/1.1" 200 19101
222.69.192.184 - - [31/Dec/2022:11:22:03 +0800] "POST /xingrg/kc/base/wldb_list_operate.html HTTP/1.1" 200 5480
222.69.192.184 - - [31/Dec/2022:11:22:03 +0800] "GET /xingrg/kc/base/wlsy_order_operate.html?command=get_materiel&rest_code=00105&base_code=0010512&code=00101010159 HTTP/1.1" 200 430
116.230.105.139 - - [31/Dec/2022:11:22:03 +0800] "POST /xingrg/kc/buy/cgsh_order_operate.html HTTP/1.1" 200 37
116.230.105.139 - - [31/Dec/2022:11:22:04 +0800] "POST /xingrg/kc/buy/cgsh_order_operate.html HTTP/1.1" 200 2674
222.70.177.10 - - [31/Dec/2022:11:22:05 +0800] "GET /xingrg/kc/base/wldb_order_operate.html?command=get_materiel&rest_code=00111&base_code=0010283&code=00101019430 HTTP/1.1" 200 477
116.230.105.139 - - [31/Dec/2022:11:22:05 +0800] "GET /xingrg/kc/print/load_data.html?order_code=212022123106101&kc_code=cgsh&condition= HTTP/1.1" 200 704
116.230.105.139 - - [31/Dec/2022:11:22:05 +0800] "GET /xingrg/all/function/internal_message.html?_=1672456896618&CODE_STATE=getMsg HTTP/1.1" 200 27
222.69.192.184 - - [31/Dec/2022:11:22:06 +0800] "GET /xingrg/kc/base/wldb_order_add.html HTTP/1.1" 200 30384
222.69.192.184 - - [31/Dec/2022:11:22:06 +0800] "GET /xingrg/words/20221231094221_words.js HTTP/1.1" 304 -
222.69.192.184 - - [31/Dec/2022:11:22:07 +0800] "POST /xingrg/kc/base/wldb_order_operate.html HTTP/1.1" 200 6806
222.69.192.184 - - [31/Dec/2022:11:22:07 +0800] "GET /xingrg/javascript/easyui/themes/default/validatebox.css HTTP/1.1" 404 1104
124.79.245.154 - - [31/Dec/2022:11:22:09 +0800] "GET /xingrg/all/function/internal_message.html?_=1672456935895&CODE_STATE=getMsg HTTP/1.1" 200 27
116.230.105.139 - - [31/Dec/2022:11:22:09 +0800] "GET /xingrg/kc/buy/cgsh_order_add.html HTTP/1.1" 200 69866
58.40.7.146 - - [31/Dec/2022:11:22:09 +0800] "GET /xingrg/all/function/internal_message.html?_=1672456938902&CODE_STATE=getMsg HTTP/1.1" 302 -
222.70.177.10 - - [31/Dec/2022:11:22:10 +0800] "GET /xingrg/kc/base/wldb_order_operate.html?command=get_materiel&rest_code=00111&base_code=0010283&code=00101019133 HTTP/1.1" 200 479
116.230.105.139 - - [31/Dec/2022:11:22:10 +0800] "POST /xingrg/kc/buy/cgsh_order_operate.html HTTP/1.1" 200 8245
116.230.105.139 - - [31/Dec/2022:11:22:10 +0800] "GET /xingrg/javascript/easyui/themes/default/validatebox.css HTTP/1.1" 404 1104
222.69.192.184 - - [31/Dec/2022:11:22:11 +0800] "GET /xingrg/javascript/auto/indicator.gif HTTP/1.1" 404 1066
222.69.192.184 - - [31/Dec/2022:11:22:11 +0800] "GET /xingrg/kc/base/wlsy_order_operate.html?command=get_materiel&rest_code=00105&base_code=0010512&code=00101001096 HTTP/1.1" 200 431
124.78.159.116 - - [31/Dec/2022:11:22:14 +0800] "POST /xingrg/kc/base/wldb_order_operate.html HTTP/1.1" 200 37
124.78.159.116 - - [31/Dec/2022:11:22:15 +0800] "POST /xingrg/kc/base/wldb_order_operate.html HTTP/1.1" 200 4718
124.79.245.154 - - [31/Dec/2022:11:22:16 +0800] "GET /xingrg/all/function/internal_message.html?_=1672457178655&CODE_STATE=getMsg HTTP/1.1" 200 27
124.78.159.116 - - [31/Dec/2022:11:22:17 +0800] "GET /xingrg/kc/base/wldb_order_info.html?code=422022123101637 HTTP/1.1" 200 30398
222.70.177.10 - - [31/Dec/2022:11:22:17 +0800] "GET /xingrg/kc/base/wldb_order_operate.html?command=get_materiel&rest_code=00111&base_code=0010283&code=00101019063 HTTP/1.1" 200 462
124.78.159.116 - - [31/Dec/2022:11:22:17 +0800] "GET /xingrg/words/20221231094221_words.js HTTP/1.1" 304 -
124.78.159.116 - - [31/Dec/2022:11:22:17 +0800] "GET /xingrg/javascript/easyui/themes/default/validatebox.css HTTP/1.1" 404 1104
116.230.105.139 - - [31/Dec/2022:11:22:17 +0800] "GET /xingrg/all/function/internal_message.html?_=1672456947339&CODE_STATE=getMsg HTTP/1.1" 302 -
124.78.159.116 - - [31/Dec/2022:11:22:17 +0800] "POST /xingrg/kc/base/wldb_order_operate.html HTTP/1.1" 200 4718
116.230.105.139 - - [31/Dec/2022:11:22:17 +0800] "GET /xingrg/kc/buy/cgsh_order_operate.html?command=get_materiel&rest_code=00155&code=00101010691&supplier_code=00100327&order_time=2022-12-31 HTTP/1.1" 200 426
114.84.38.109 - - [31/Dec/2022:11:22:18 +0800] "GET /xingrg/all/function/internal_message.html?_=1672456953857&CODE_STATE=getMsg HTTP/1.1" 200 27
222.69.192.184 - - [31/Dec/2022:11:22:18 +0800] "GET /xingrg/kc/base/wlsy_order_operate.html?command=get_materiel&rest_code=00105&base_code=0010512&code=00101005024 HTTP/1.1" 200 425
124.78.159.116 - - [31/Dec/2022:11:22:20 +0800] "GET /xingrg/kc/base/wldb_order_add.html HTTP/1.1" 200 30384
124.78.159.116 - - [31/Dec/2022:11:22:21 +0800] "GET /xingrg/javascript/easyui/themes/default/validatebox.css HTTP/1.1" 404 1104
124.78.159.116 - - [31/Dec/2022:11:22:21 +0800] "POST /xingrg/kc/base/wldb_order_operate.html HTTP/1.1" 200 6806
124.78.159.116 - - [31/Dec/2022:11:22:22 +0800] "POST /xingrg/all/common/load_combo.html?type=base HTTP/1.1" 200 3227
114.83.219.41 - - [31/Dec/2022:11:22:23 +0800] "GET /xingrg/all/function/internal_message.html?_=1672456951371&CODE_STATE=getMsg HTTP/1.1" 200 27
222.69.192.184 - - [31/Dec/2022:11:22:23 +0800] "GET /xingrg/all/function/internal_message.html?_=1672456952349&CODE_STATE=getMsg HTTP/1.1" 200 27
180.162.115.6 - - [31/Dec/2022:11:22:23 +0800] "GET /xingrg/all/function/internal_message.html?_=1672455946323&CODE_STATE=getMsg HTTP/1.1" 200 27
222.69.192.184 - - [31/Dec/2022:11:22:23 +0800] "GET /xingrg/javascript/jquery_tools/images/next.gif HTTP/1.1" 404 1086
222.69.192.184 - - [31/Dec/2022:11:22:23 +0800] "GET /xingrg/javascript/jquery_tools/images/prev.gif HTTP/1.1" 404 1086
116.230.105.139 - - [31/Dec/2022:11:22:24 +0800] "GET /xingrg/kc/buy/cgsh_order_operate.html?command=get_materiel&rest_code=00155&code=00101008555&supplier_code=00100327&order_time=2022-12-31 HTTP/1.1" 200 425
222.69.192.184 - - [31/Dec/2022:11:22:25 +0800] "GET /xingrg/kc/base/wlsy_order_operate.html?command=get_materiel&rest_code=00105&base_code=0010512&code=00101001156 HTTP/1.1" 200 424
124.78.159.116 - - [31/Dec/2022:11:22:25 +0800] "POST /xingrg/all/common/load_combo.html?type=base HTTP/1.1" 200 3227
116.238.139.35 - - [31/Dec/2022:11:22:29 +0800] "GET /xingrg/all/function/internal_message.html?_=1672456880866&CODE_STATE=getMsg HTTP/1.1" 200 27
58.40.7.146 - - [31/Dec/2022:11:22:31 +0800] "GET /xingrg/check_reg.html?_=1672456960670 HTTP/1.1" 200 22
116.238.139.35 - - [31/Dec/2022:11:22:34 +0800] "GET /xingrg/all/function/internal_message.html?_=1672456885762&CODE_STATE=getMsg HTTP/1.1" 200 27
222.69.192.184 - - [31/Dec/2022:11:22:35 +0800] "GET /xingrg/kc/base/wldb_order_operate.html?command=get_materiel&rest_code=00105&base_code=0010507&code=00101016096 HTTP/1.1" 200 450
114.84.38.109 - - [31/Dec/2022:11:22:37 +0800] "GET /xingrg/all/function/internal_message.html?_=1672456988981&CODE_STATE=getMsg HTTP/1.1" 200 27
116.230.105.139 - - [31/Dec/2022:11:22:38 +0800] "GET /xingrg/kc/buy/cgsh_order_operate.html?command=get_materiel&rest_code=00155&code=00101010569&supplier_code=00100327&order_time=2022-12-31 HTTP/1.1" 200 411
222.69.192.184 - - [31/Dec/2022:11:22:38 +0800] "GET /xingrg/kc/base/wlsy_order_operate.html?command=get_materiel&rest_code=00105&base_code=0010512&code=00101005011 HTTP/1.1" 200 418
58.221.95.50 - - [31/Dec/2022:11:22:40 +0800] "GET /xingrg/all/function/internal_message.html?_=1672456970238&CODE_STATE=getMsg HTTP/1.1" 200 27
124.78.159.116 - - [31/Dec/2022:11:22:41 +0800] "GET /xingrg/kc/base/wldb_order_operate.html?command=get_materiel&rest_code=00106&base_code=0010396&code=00101016044 HTTP/1.1" 200 464
124.79.245.154 - - [31/Dec/2022:11:22:42 +0800] "GET /xingrg/check_reg.html?_=1672456968863 HTTP/1.1" 200 22
124.79.245.154 - - [31/Dec/2022:11:22:42 +0800] "GET /xingrg/all/function/internal_message.html?_=1672456968865&CODE_STATE=getMsg HTTP/1.1" 200 27
222.69.192.184 - - [31/Dec/2022:11:22:42 +0800] "GET /xingrg/kc/base/wlsy_order_operate.html?command=get_materiel&rest_code=00105&base_code=0010512&code=00101005043 HTTP/1.1" 200 432
180.165.52.19 - - [31/Dec/2022:11:22:43 +0800] "GET /xingrg/all/function/internal_message.html?_=1672456973418&CODE_STATE=getMsg HTTP/1.1" 200 27
180.165.52.19 - - [31/Dec/2022:11:22:44 +0800] "GET /xingrg/check_reg.html?_=1672456974063 HTTP/1.1" 200 22
114.84.81.136 - - [31/Dec/2022:11:22:45 +0800] "GET /xingrg/all/function/internal_message.html?_=1672456976593&CODE_STATE=getMsg HTTP/1.1" 200 27
116.230.105.139 - - [31/Dec/2022:11:22:46 +0800] "POST /xingrg/kc/buy/cgsh_order_operate.html HTTP/1.1" 200 37
114.84.171.241 - - [31/Dec/2022:11:22:47 +0800] "GET /xingrg/login.html HTTP/1.1" 200 7641
116.230.105.139 - - [31/Dec/2022:11:22:47 +0800] "POST /xingrg/kc/buy/cgsh_order_operate.html HTTP/1.1" 200 3851
114.84.171.241 - - [31/Dec/2022:11:22:47 +0800] "GET /favicon.ico HTTP/1.1" 404 -
116.192.124.172 - - [31/Dec/2022:11:22:48 +0800] "GET /xingrg/all/function/internal_message.html?_=1672456977679&CODE_STATE=getMsg HTTP/1.1" 200 27
116.230.105.139 - - [31/Dec/2022:11:22:49 +0800] "GET /xingrg/kc/print/load_data.html?order_code=212022123106102&kc_code=cgsh&condition= HTTP/1.1" 200 1143
114.88.159.190 - - [31/Dec/2022:11:22:50 +0800] "GET /xingrg/all/function/internal_message.html?_=1672456565884&CODE_STATE=getMsg HTTP/1.1" 200 27
222.70.177.10 - - [31/Dec/2022:11:22:51 +0800] "GET /xingrg/kc/base/wldb_order_operate.html?command=get_materiel&rest_code=00111&base_code=0010283&code=00101013188 HTTP/1.1" 200 433
222.69.192.184 - - [31/Dec/2022:11:22:53 +0800] "GET /xingrg/kc/base/wlsy_order_operate.html?command=get_materiel&rest_code=00105&base_code=0010512&code=00101001027 HTTP/1.1" 200 431
