114.84.171.241 - - [31/Dec/2022:10:53:10 +0800] "GET /xingrg/kc/buy/cgsh_order_operate.html?command=get_materiel&rest_code=00142&code=00101008353&supplier_code=00100161&order_time=2022-12-31 HTTP/1.1" 200 424
114.84.38.109 - - [31/Dec/2022:10:53:11 +0800] "GET /xingrg/check_reg.html?_=1672455222909 HTTP/1.1" 200 22
58.40.7.146 - - [31/Dec/2022:10:53:11 +0800] "GET /xingrg/check_reg.html?_=1672455200783 HTTP/1.1" 302 -
116.238.139.35 - - [31/Dec/2022:10:53:11 +0800] "GET /xingrg/check_reg.html?_=1672455122701 HTTP/1.1" 200 22
124.78.159.116 - - [31/Dec/2022:10:53:11 +0800] "GET /xingrg/login.html?r=1 HTTP/1.1" 200 7641
124.78.159.116 - - [31/Dec/2022:10:53:12 +0800] "GET /favicon.ico HTTP/1.1" 404 -
222.69.192.184 - - [31/Dec/2022:10:53:12 +0800] "GET /xingrg/kc/buy/cgsh_order_operate.html?command=get_materiel&rest_code=00105&code=00101005037&supplier_code=00100334&order_time=2022-12-31 HTTP/1.1" 200 425
114.83.219.41 - - [31/Dec/2022:10:53:12 +0800] "GET /xingrg/check_reg.html?_=1672455201056 HTTP/1.1" 200 22
114.84.81.136 - - [31/Dec/2022:10:53:12 +0800] "GET /xingrg/check_reg.html?_=1672455202330 HTTP/1.1" 200 22
124.78.159.116 - - [31/Dec/2022:10:53:13 +0800] "POST /xingrg/login.do HTTP/1.1" 302 -
124.78.159.116 - - [31/Dec/2022:10:53:13 +0800] "GET /xingrg/index.html?sysBaseUrl=http%3A%2F%2F180.169.147.146%3A18081%2Fxingrg%2F&costTime=40×tamp=1672455193726 HTTP/1.1" 200 17173
124.78.159.116 - - [31/Dec/2022:10:53:13 +0800] "GET /favicon.ico HTTP/1.1" 404 -
124.78.159.116 - - [31/Dec/2022:10:53:13 +0800] "POST /xingrg/all/common/load_tree.html?tree=area_rest_tree_json&manage=1 HTTP/1.1" 200 342
124.78.159.116 - - [31/Dec/2022:10:53:13 +0800] "GET /xingrg/all/function/internal_message.html?_=1672455202382&CODE_STATE=count HTTP/1.1" 200 11
124.78.159.116 - - [31/Dec/2022:10:53:13 +0800] "GET /xingrg/check_reg.html?_=1672455202383 HTTP/1.1" 200 22
124.78.159.116 - - [31/Dec/2022:10:53:13 +0800] "POST /xingrg/load_menu.html HTTP/1.1" 200 5138
124.78.159.116 - - [31/Dec/2022:10:53:16 +0800] "GET /xingrg/kc/buy/buy_main.html HTTP/1.1" 200 12412
124.78.159.116 - - [31/Dec/2022:10:53:16 +0800] "GET /xingrg/css/new_ie.css HTTP/1.1" 404 1036
124.79.245.154 - - [31/Dec/2022:10:53:16 +0800] "GET /xingrg/all/function/internal_message.html?_=1672455438630&CODE_STATE=getMsg HTTP/1.1" 200 27
124.78.159.116 - - [31/Dec/2022:10:53:17 +0800] "GET /xingrg/images/yd/bt.gif HTTP/1.1" 404 1040
116.230.105.139 - - [31/Dec/2022:10:53:17 +0800] "GET /xingrg/check_reg.html?_=1672455207351 HTTP/1.1" 200 22
116.230.105.139 - - [31/Dec/2022:10:53:17 +0800] "GET /xingrg/all/function/internal_message.html?_=1672455207346&CODE_STATE=getMsg HTTP/1.1" 200 27
124.78.159.116 - - [31/Dec/2022:10:53:17 +0800] "GET /xingrg/kc/buy/cgsh_order_list.html HTTP/1.1" 200 54078
114.88.159.190 - - [31/Dec/2022:10:53:19 +0800] "GET /xingrg/kc/buy/cgsh_order_operate.html?command=get_materiel&rest_code=00141&code=00101008038&supplier_code=00100007&order_time=2022-12-31 HTTP/1.1" 200 412
124.78.159.116 - - [31/Dec/2022:10:53:20 +0800] "POST /xingrg/kc/buy/cgsh_list_operate.html HTTP/1.1" 200 3126
116.238.139.35 - - [31/Dec/2022:10:53:22 +0800] "GET /xingrg/all/function/internal_message.html?_=1672455212048&CODE_STATE=getMsg HTTP/1.1" 200 27
124.78.159.116 - - [31/Dec/2022:10:53:23 +0800] "GET /xingrg/kc/buy/cgsh_order_add.html HTTP/1.1" 200 69854
124.78.159.116 - - [31/Dec/2022:10:53:23 +0800] "GET /xingrg/words/20221231094221_words.js HTTP/1.1" 304 -
124.78.159.116 - - [31/Dec/2022:10:53:23 +0800] "POST /xingrg/kc/buy/cgsh_order_operate.html HTTP/1.1" 200 8245
124.78.159.116 - - [31/Dec/2022:10:53:23 +0800] "GET /xingrg/javascript/easyui/themes/default/validatebox.css HTTP/1.1" 404 1104
124.78.159.116 - - [31/Dec/2022:10:53:23 +0800] "GET /xingrg/all/common/auto_word.html?type=employee&rest_code=00106 HTTP/1.1" 200 205
124.78.159.116 - - [31/Dec/2022:10:53:23 +0800] "GET /xingrg/all/common/auto_word.html?type=employee&rest_code=00106 HTTP/1.1" 200 205
180.162.115.6 - - [31/Dec/2022:10:53:23 +0800] "GET /xingrg/all/function/internal_message.html?_=1672454206291&CODE_STATE=getMsg HTTP/1.1" 200 27
114.83.219.41 - - [31/Dec/2022:10:53:23 +0800] "GET /xingrg/all/function/internal_message.html?_=1672455211888&CODE_STATE=getMsg HTTP/1.1" 200 27
222.69.192.184 - - [31/Dec/2022:10:53:24 +0800] "GET /xingrg/all/function/internal_message.html?_=1672455212994&CODE_STATE=getMsg HTTP/1.1" 200 27
222.69.192.184 - - [31/Dec/2022:10:53:25 +0800] "POST /xingrg/kc/buy/cgsh_order_operate.html HTTP/1.1" 200 37
124.78.159.116 - - [31/Dec/2022:10:53:27 +0800] "GET /xingrg/javascript/easyui/themes/default/tree.css HTTP/1.1" 404 1090
124.78.159.116 - - [31/Dec/2022:10:53:27 +0800] "POST /xingrg/all/common/load_tree.html?tree=supplier_tree_json&isDelete=1 HTTP/1.1" 200 70864
222.69.192.184 - - [31/Dec/2022:10:53:27 +0800] "POST /xingrg/kc/buy/cgsh_order_operate.html HTTP/1.1" 200 3240
114.88.159.190 - - [31/Dec/2022:10:53:27 +0800] "GET /xingrg/kc/buy/cgsh_order_operate.html?command=get_materiel&rest_code=00141&code=00101008355&supplier_code=00100007&order_time=2022-12-31 HTTP/1.1" 200 428
222.69.192.184 - - [31/Dec/2022:10:53:28 +0800] "GET /xingrg/kc/print/load_data.html?order_code=212022123106040&kc_code=cgsh&condition= HTTP/1.1" 200 892
116.238.139.35 - - [31/Dec/2022:10:53:29 +0800] "GET /xingrg/all/function/internal_message.html?_=1672455140236&CODE_STATE=getMsg HTTP/1.1" 200 27
222.69.192.184 - - [31/Dec/2022:10:53:32 +0800] "GET /xingrg/kc/buy/cgsh_order_add.html HTTP/1.1" 200 69942
222.69.192.184 - - [31/Dec/2022:10:53:32 +0800] "GET /xingrg/javascript/easyui/themes/default/validatebox.css HTTP/1.1" 404 1104
222.69.192.184 - - [31/Dec/2022:10:53:32 +0800] "POST /xingrg/kc/buy/cgsh_order_operate.html HTTP/1.1" 200 8245
116.238.139.35 - - [31/Dec/2022:10:53:34 +0800] "GET /xingrg/all/function/internal_message.html?_=1672455145275&CODE_STATE=getMsg HTTP/1.1" 200 27
114.88.159.190 - - [31/Dec/2022:10:53:35 +0800] "GET /xingrg/kc/buy/cgsh_order_operate.html?command=get_materiel&rest_code=00141&code=00101008264&supplier_code=00100007&order_time=2022-12-31 HTTP/1.1" 200 428
114.84.38.109 - - [31/Dec/2022:10:53:37 +0800] "GET /xingrg/all/function/internal_message.html?_=1672455248587&CODE_STATE=getMsg HTTP/1.1" 200 27
114.84.171.241 - - [31/Dec/2022:10:53:39 +0800] "GET /xingrg/kc/buy/cgsh_order_operate.html?command=get_materiel&rest_code=00142&code=00101008351&supplier_code=00100161&order_time=2022-12-31 HTTP/1.1" 200 408
116.230.105.139 - - [31/Dec/2022:10:53:40 +0800] "GET /xingrg/all/function/internal_message.html?_=1672455191232&CODE_STATE=getMsg HTTP/1.1" 200 27
58.221.95.50 - - [31/Dec/2022:10:53:40 +0800] "GET /xingrg/all/function/internal_message.html?_=1672455230718&CODE_STATE=getMsg HTTP/1.1" 200 27
124.78.159.116 - - [31/Dec/2022:10:53:42 +0800] "GET /xingrg/javascript/auto/indicator.gif HTTP/1.1" 404 1066
124.79.245.154 - - [31/Dec/2022:10:53:42 +0800] "GET /xingrg/all/function/internal_message.html?_=1672455228865&CODE_STATE=getMsg HTTP/1.1" 200 27
222.69.192.184 - - [31/Dec/2022:10:53:43 +0800] "GET /xingrg/kc/buy/cgsh_order_operate.html?command=get_materiel&rest_code=00105&code=00101002006&supplier_code=00100091&order_time=2022-12-31 HTTP/1.1" 200 432
114.88.159.190 - - [31/Dec/2022:10:53:43 +0800] "GET /xingrg/kc/buy/cgsh_order_operate.html?command=get_materiel&rest_code=00141&code=00101008137&supplier_code=00100007&order_time=2022-12-31 HTTP/1.1" 200 408
180.165.52.19 - - [31/Dec/2022:10:53:43 +0800] "GET /xingrg/all/function/internal_message.html?_=1672455233762&CODE_STATE=getMsg HTTP/1.1" 302 -
114.84.81.136 - - [31/Dec/2022:10:53:45 +0800] "GET /xingrg/check_reg.html?_=1672455236548 HTTP/1.1" 200 22
114.84.81.136 - - [31/Dec/2022:10:53:45 +0800] "GET /xingrg/all/function/internal_message.html?_=1672455236549&CODE_STATE=getMsg HTTP/1.1" 200 27
114.84.38.109 - - [31/Dec/2022:10:53:47 +0800] "GET /xingrg/all/function/internal_message.html?_=1672455259320&CODE_STATE=getMsg HTTP/1.1" 200 27
116.192.124.172 - - [31/Dec/2022:10:53:47 +0800] "GET /xingrg/check_reg.html?_=1672455237666 HTTP/1.1" 200 22
116.192.124.172 - - [31/Dec/2022:10:53:47 +0800] "GET /xingrg/all/function/internal_message.html?_=1672455237666&CODE_STATE=getMsg HTTP/1.1" 200 27
114.84.171.241 - - [31/Dec/2022:10:53:48 +0800] "GET /xingrg/kc/buy/cgsh_order_operate.html?command=get_materiel&rest_code=00142&code=00101008312&supplier_code=00100161&order_time=2022-12-31 HTTP/1.1" 200 428
124.78.159.116 - - [31/Dec/2022:10:53:50 +0800] "GET /xingrg/kc/buy/cgsh_order_operate.html?command=get_materiel&rest_code=00106&code=00101001140&supplier_code=00100090&order_time=2022-12-31 HTTP/1.1" 200 433
114.88.159.190 - - [31/Dec/2022:10:53:50 +0800] "GET /xingrg/all/function/internal_message.html?_=1672454826156&CODE_STATE=getMsg HTTP/1.1" 200 27
114.88.159.190 - - [31/Dec/2022:10:53:53 +0800] "GET /xingrg/kc/buy/cgsh_order_operate.html?command=get_materiel&rest_code=00141&code=00101008357&supplier_code=00100007&order_time=2022-12-31 HTTP/1.1" 200 408
222.69.192.184 - - [31/Dec/2022:10:53:53 +0800] "GET /xingrg/all/function/internal_message.html?_=1672455086714&CODE_STATE=getMsg HTTP/1.1" 200 27
58.221.95.50 - - [31/Dec/2022:10:53:56 +0800] "GET /xingrg/check_reg.html?_=1672455246317 HTTP/1.1" 200 22
114.84.171.241 - - [31/Dec/2022:10:53:56 +0800] "GET /xingrg/kc/buy/cgsh_order_operate.html?command=get_materiel&rest_code=00142&code=00101008264&supplier_code=00100161&order_time=2022-12-31 HTTP/1.1" 200 428
114.88.159.190 - - [31/Dec/2022:10:54:00 +0800] "GET /xingrg/kc/buy/cgsh_order_operate.html?command=get_materiel&rest_code=00141&code=00101008131&supplier_code=00100007&order_time=2022-12-31 HTTP/1.1" 200 424
222.69.192.184 - - [31/Dec/2022:10:54:01 +0800] "GET /xingrg/kc/buy/cgsh_order_operate.html?command=get_materiel&rest_code=00105&code=00101003037&supplier_code=00100091&order_time=2022-12-31 HTTP/1.1" 200 434
114.84.171.241 - - [31/Dec/2022:10:54:02 +0800] "GET /xingrg/all/function/internal_message.html?_=1672455251438&CODE_STATE=getMsg HTTP/1.1" 200 27
114.84.171.241 - - [31/Dec/2022:10:54:02 +0800] "GET /xingrg/check_reg.html?_=1672455251433 HTTP/1.1" 200 22
58.40.7.146 - - [31/Dec/2022:10:54:02 +0800] "GET /xingrg/all/function/internal_message.html?_=1672455251939&CODE_STATE=getMsg HTTP/1.1" 200 27
114.84.171.241 - - [31/Dec/2022:10:54:07 +0800] "GET /xingrg/kc/buy/cgsh_order_operate.html?command=get_materiel&rest_code=00142&code=00101008298&supplier_code=00100161&order_time=2022-12-31 HTTP/1.1" 200 427
114.88.159.190 - - [31/Dec/2022:10:54:08 +0800] "GET /xingrg/kc/buy/cgsh_order_operate.html?command=get_materiel&rest_code=00141&code=00101008005&supplier_code=00100007&order_time=2022-12-31 HTTP/1.1" 200 433
58.40.7.146 - - [31/Dec/2022:10:54:10 +0800] "GET /xingrg/all/function/internal_message.html?_=1672455259504&CODE_STATE=getMsg HTTP/1.1" 302 -
124.78.159.116 - - [31/Dec/2022:10:54:13 +0800] "GET /xingrg/all/function/internal_message.html?_=1672455262400&CODE_STATE=getMsg HTTP/1.1" 200 27
114.84.171.241 - - [31/Dec/2022:10:54:15 +0800] "GET /xingrg/kc/buy/cgsh_order_operate.html?command=get_materiel&rest_code=00142&code=00101008354&supplier_code=00100161&order_time=2022-12-31 HTTP/1.1" 200 412
124.79.245.154 - - [31/Dec/2022:10:54:16 +0800] "GET /xingrg/all/function/internal_message.html?_=1672455498624&CODE_STATE=getMsg HTTP/1.1" 200 27
116.230.105.139 - - [31/Dec/2022:10:54:17 +0800] "GET /xingrg/all/function/internal_message.html?_=1672455267333&CODE_STATE=getMsg HTTP/1.1" 200 27
114.84.171.241 - - [31/Dec/2022:10:54:18 +0800] "POST /xingrg/kc/buy/cgsh_order_operate.html HTTP/1.1" 200 2065
222.69.192.184 - - [31/Dec/2022:10:54:18 +0800] "POST /xingrg/kc/buy/cgsh_order_operate.html HTTP/1.1" 200 37
222.69.192.184 - - [31/Dec/2022:10:54:19 +0800] "POST /xingrg/kc/buy/cgsh_order_operate.html HTTP/1.1" 200 3261
124.78.159.116 - - [31/Dec/2022:10:54:20 +0800] "GET /xingrg/kc/buy/cgsh_order_operate.html?command=get_materiel&rest_code=00106&code=00101001125&supplier_code=00100090&order_time=2022-12-31 HTTP/1.1" 200 431
222.69.192.184 - - [31/Dec/2022:10:54:21 +0800] "GET /xingrg/kc/print/load_data.html?order_code=212022123106041&kc_code=cgsh&condition= HTTP/1.1" 200 975
116.238.139.35 - - [31/Dec/2022:10:54:22 +0800] "GET /xingrg/all/function/internal_message.html?_=1672455272032&CODE_STATE=getMsg HTTP/1.1" 200 27
114.88.159.190 - - [31/Dec/2022:10:54:22 +0800] "GET /xingrg/kc/buy/cgsh_order_operate.html?command=get_materiel&rest_code=00141&code=00101008271&supplier_code=00100007&order_time=2022-12-31 HTTP/1.1" 200 408
114.84.171.241 - - [31/Dec/2022:10:54:22 +0800] "GET /xingrg/kc/buy/cgsh_order_operate.html?command=get_materiel&rest_code=00142&code=00101008352&supplier_code=00100161&order_time=2022-12-31 HTTP/1.1" 200 412
180.162.115.6 - - [31/Dec/2022:10:54:23 +0800] "GET /xingrg/all/function/internal_message.html?_=1672454266277&CODE_STATE=getMsg HTTP/1.1" 200 27
114.83.219.41 - - [31/Dec/2022:10:54:23 +0800] "GET /xingrg/all/function/internal_message.html?_=1672455271873&CODE_STATE=getMsg HTTP/1.1" 200 27
222.69.192.184 - - [31/Dec/2022:10:54:23 +0800] "GET /xingrg/all/function/internal_message.html?_=1672455272981&CODE_STATE=getMsg HTTP/1.1" 200 27
222.69.192.184 - - [31/Dec/2022:10:54:27 +0800] "GET /xingrg/kc/buy/cgsh_order_add.html HTTP/1.1" 200 69942
222.69.192.184 - - [31/Dec/2022:10:54:27 +0800] "GET /xingrg/javascript/easyui/themes/default/validatebox.css HTTP/1.1" 404 1104
222.69.192.184 - - [31/Dec/2022:10:54:27 +0800] "POST /xingrg/kc/buy/cgsh_order_operate.html HTTP/1.1" 200 8245
116.238.139.35 - - [31/Dec/2022:10:54:29 +0800] "GET /xingrg/all/function/internal_message.html?_=1672455200264&CODE_STATE=getMsg HTTP/1.1" 200 27
114.88.159.190 - - [31/Dec/2022:10:54:30 +0800] "GET /xingrg/kc/buy/cgsh_order_operate.html?command=get_materiel&rest_code=00141&code=00101008027&supplier_code=00100007&order_time=2022-12-31 HTTP/1.1" 200 429
114.84.171.241 - - [31/Dec/2022:10:54:31 +0800] "GET /xingrg/kc/buy/cgsh_order_operate.html?command=get_materiel&rest_code=00142&code=00101008275&supplier_code=00100161&order_time=2022-12-31 HTTP/1.1" 200 432
116.238.139.35 - - [31/Dec/2022:10:54:33 +0800] "GET /xingrg/check_reg.html?_=1672455204040 HTTP/1.1" 200 22
114.84.38.109 - - [31/Dec/2022:10:54:34 +0800] "GET /xingrg/check_reg.html?_=1672455305734 HTTP/1.1" 200 22
116.238.139.35 - - [31/Dec/2022:10:54:34 +0800] "GET /xingrg/all/function/internal_message.html?_=1672455205288&CODE_STATE=getMsg HTTP/1.1" 200 27
222.69.192.184 - - [31/Dec/2022:10:54:36 +0800] "GET /xingrg/kc/buy/cgsh_order_operate.html?command=get_materiel&rest_code=00105&code=00101010079&supplier_code=00100336&order_time=2022-12-31 HTTP/1.1" 200 431
114.84.38.109 - - [31/Dec/2022:10:54:37 +0800] "GET /xingrg/all/function/internal_message.html?_=1672455308600&CODE_STATE=getMsg HTTP/1.1" 200 27
124.78.159.116 - - [31/Dec/2022:10:54:39 +0800] "POST /xingrg/kc/buy/cgsh_order_operate.html HTTP/1.1" 200 37
116.230.105.139 - - [31/Dec/2022:10:54:40 +0800] "GET /xingrg/all/function/internal_message.html?_=1672455251234&CODE_STATE=getMsg HTTP/1.1" 200 27
58.221.95.50 - - [31/Dec/2022:10:54:40 +0800] "GET /xingrg/all/function/internal_message.html?_=1672455290699&CODE_STATE=getMsg HTTP/1.1" 200 27
114.84.171.241 - - [31/Dec/2022:10:54:41 +0800] "GET /xingrg/kc/buy/cgsh_order_operate.html?command=get_materiel&rest_code=00142&code=00101008459&supplier_code=00100161&order_time=2022-12-31 HTTP/1.1" 200 409
124.79.245.154 - - [31/Dec/2022:10:54:42 +0800] "GET /xingrg/all/function/internal_message.html?_=1672455288863&CODE_STATE=getMsg HTTP/1.1" 200 27
124.78.159.116 - - [31/Dec/2022:10:54:43 +0800] "POST /xingrg/kc/buy/cgsh_order_operate.html HTTP/1.1" 200 12
180.165.52.19 - - [31/Dec/2022:10:54:43 +0800] "GET /xingrg/all/function/internal_message.html?_=1672455293738&CODE_STATE=getMsg HTTP/1.1" 302 -
124.78.159.116 - - [31/Dec/2022:10:54:44 +0800] "GET /xingrg/kc/buy/cgsh_order_info.html?code=212022123106042 HTTP/1.1" 200 64760
124.78.159.116 - - [31/Dec/2022:10:54:44 +0800] "GET /xingrg/javascript/easyui/themes/default/validatebox.css HTTP/1.1" 404 1104
124.78.159.116 - - [31/Dec/2022:10:54:45 +0800] "POST /xingrg/kc/buy/cgsh_order_operate.html HTTP/1.1" 200 1213
114.84.81.136 - - [31/Dec/2022:10:54:45 +0800] "GET /xingrg/all/function/internal_message.html?_=1672455296547&CODE_STATE=getMsg HTTP/1.1" 200 27
116.238.139.35 - - [31/Dec/2022:10:54:46 +0800] "GET /xingrg/kc/buy/cgsh_order_list.html HTTP/1.1" 200 54084
114.84.38.109 - - [31/Dec/2022:10:54:47 +0800] "GET /xingrg/all/function/internal_message.html?_=1672455319334&CODE_STATE=getMsg HTTP/1.1" 200 27
116.192.124.172 - - [31/Dec/2022:10:54:47 +0800] "GET /xingrg/all/function/internal_message.html?_=1672455297673&CODE_STATE=getMsg HTTP/1.1" 200 27
124.78.159.116 - - [31/Dec/2022:10:54:48 +0800] "GET /xingrg/kc/print/load_config.html?kc_code=cgsh HTTP/1.1" 200 1943
222.69.192.184 - - [31/Dec/2022:10:54:48 +0800] "POST /xingrg/kc/buy/cgsh_order_operate.html HTTP/1.1" 200 37
124.78.159.116 - - [31/Dec/2022:10:54:48 +0800] "GET /xingrg/kc/print/load_data.html?order_code=212022123106042&kc_code=cgsh&condition= HTTP/1.1" 200 1003
116.238.139.35 - - [31/Dec/2022:10:54:49 +0800] "POST /xingrg/kc/buy/cgsh_list_operate.html HTTP/1.1" 200 986
114.84.171.241 - - [31/Dec/2022:10:54:49 +0800] "GET /xingrg/kc/buy/cgsh_order_operate.html?command=get_materiel&rest_code=00142&code=00101012029&supplier_code=00100161&order_time=2022-12-31 HTTP/1.1" 200 412
116.238.139.35 - - [31/Dec/2022:10:54:49 +0800] "GET /xingrg/kc/buy/cgsh_order_add.html HTTP/1.1" 200 69860
116.238.139.35 - - [31/Dec/2022:10:54:49 +0800] "GET /xingrg/words/20221231094221_words.js HTTP/1.1" 304 -
116.238.139.35 - - [31/Dec/2022:10:54:50 +0800] "GET /xingrg/javascript/easyui/themes/default/validatebox.css HTTP/1.1" 404 1104
116.238.139.35 - - [31/Dec/2022:10:54:50 +0800] "POST /xingrg/kc/buy/cgsh_order_operate.html HTTP/1.1" 200 8245
114.88.159.190 - - [31/Dec/2022:10:54:51 +0800] "GET /xingrg/all/function/internal_message.html?_=1672454886202&CODE_STATE=getMsg HTTP/1.1" 200 27
116.192.124.172 - - [31/Dec/2022:10:54:53 +0800] "POST /xingrg/login.do HTTP/1.1" 302 -
116.192.124.172 - - [31/Dec/2022:10:54:53 +0800] "GET /xingrg/css/form.css HTTP/1.1" 200 893
116.192.124.172 - - [31/Dec/2022:10:54:53 +0800] "GET /xingrg/javascript/jquery_easy_ui/themes/icon.css HTTP/1.1" 200 3949
116.192.124.172 - - [31/Dec/2022:10:54:53 +0800] "GET /xingrg/javascript/jquery-1.4.2.min.js HTTP/1.1" 200 72205
116.192.124.172 - - [31/Dec/2022:10:54:53 +0800] "GET /xingrg/javascript/jquery_easy_ui/jquery.easyui.min.js HTTP/1.1" 200 213662
116.192.124.172 - - [31/Dec/2022:10:54:53 +0800] "GET /xingrg/javascript/jquery_easy_ui/easyui-lang-zh_CN.js HTTP/1.1" 200 1900
116.192.124.172 - - [31/Dec/2022:10:54:53 +0800] "GET /xingrg/index.html?sysBaseUrl=http%3A%2F%2F180.169.147.146%3A18081%2Fxingrg%2F&costTime=40×tamp=1672455293636 HTTP/1.1" 200 17503
116.192.124.172 - - [31/Dec/2022:10:54:53 +0800] "GET /xingrg/javascript/jquery.timers.js HTTP/1.1" 200 3532
116.192.124.172 - - [31/Dec/2022:10:54:53 +0800] "GET /xingrg/javascript/jquery.utils.js HTTP/1.1" 200 11805
116.192.124.172 - - [31/Dec/2022:10:54:53 +0800] "GET /xingrg/javascript/jquery.form.js HTTP/1.1" 200 23110
116.192.124.172 - - [31/Dec/2022:10:54:53 +0800] "GET /xingrg/javascript/jquery_easy_ui/themes/default/easyui.css HTTP/1.1" 200 26500
222.69.192.184 - - [31/Dec/2022:10:54:53 +0800] "GET /xingrg/all/function/internal_message.html?_=1672455146739&CODE_STATE=getMsg HTTP/1.1" 200 27
116.192.124.172 - - [31/Dec/2022:10:54:53 +0800] "GET /favicon.ico HTTP/1.1" 404 -
116.192.124.172 - - [31/Dec/2022:10:54:53 +0800] "GET /xingrg/javascript/jquery_easy_ui/themes/icons/settle_new.png HTTP/1.1" 200 826
116.192.124.172 - - [31/Dec/2022:10:54:53 +0800] "GET /xingrg/images/blue/navBackgound.jpg HTTP/1.1" 200 12378
116.192.124.172 - - [31/Dec/2022:10:54:53 +0800] "POST /xingrg/all/common/load_tree.html?tree=area_rest_tree_json&manage=1 HTTP/1.1" 200 3499
116.192.124.172 - - [31/Dec/2022:10:54:54 +0800] "GET /xingrg/all/function/internal_message.html?_=1672455313614&CODE_STATE=count HTTP/1.1" 200 11
116.192.124.172 - - [31/Dec/2022:10:54:54 +0800] "GET /xingrg/images/blue/pingpu.png HTTP/1.1" 200 231
116.192.124.172 - - [31/Dec/2022:10:54:54 +0800] "GET /xingrg/javascript/jquery_easy_ui/themes/default/images/tabs_leftarrow.png HTTP/1.1" 200 389
116.192.124.172 - - [31/Dec/2022:10:54:54 +0800] "GET /xingrg/check_reg.html?_=1672455313615 HTTP/1.1" 200 22
116.192.124.172 - - [31/Dec/2022:10:54:54 +0800] "GET /xingrg/javascript/jquery_easy_ui/themes/default/images/tabs_rightarrow.png HTTP/1.1" 200 395
116.192.124.172 - - [31/Dec/2022:10:54:54 +0800] "GET /xingrg/javascript/jquery_easy_ui/themes/default/images/panel_tool_expand.gif HTTP/1.1" 200 247
116.192.124.172 - - [31/Dec/2022:10:54:54 +0800] "GET /xingrg/javascript/jquery_easy_ui/themes/default/images/panel_tool_collapse.gif HTTP/1.1" 200 246
116.192.124.172 - - [31/Dec/2022:10:54:54 +0800] "POST /xingrg/load_menu.html HTTP/1.1" 200 11443
116.192.124.172 - - [31/Dec/2022:10:54:54 +0800] "GET /xingrg/javascript/jquery_easy_ui/themes/default/images/tree_arrows.gif HTTP/1.1" 200 1043
116.192.124.172 - - [31/Dec/2022:10:54:54 +0800] "GET /xingrg/javascript/jquery_easy_ui/themes/default/images/tree_folder_open.gif HTTP/1.1" 200 956
116.192.124.172 - - [31/Dec/2022:10:54:54 +0800] "GET /xingrg/javascript/jquery_easy_ui/themes/icons/search_new.png HTTP/1.1" 200 586
116.192.124.172 - - [31/Dec/2022:10:54:54 +0800] "GET /xingrg/javascript/jquery_easy_ui/themes/icons/delivery_new.png HTTP/1.1" 200 700
116.192.124.172 - - [31/Dec/2022:10:54:54 +0800] "GET /xingrg/javascript/jquery_easy_ui/themes/icons/storage_new.png HTTP/1.1" 200 853
116.192.124.172 - - [31/Dec/2022:10:54:54 +0800] "GET /xingrg/javascript/jquery_easy_ui/themes/icons/checkout_new.png HTTP/1.1" 200 744
116.192.124.172 - - [31/Dec/2022:10:54:54 +0800] "GET /xingrg/javascript/jquery_easy_ui/themes/icons/setting_new.png HTTP/1.1" 200 450
116.192.124.172 - - [31/Dec/2022:10:54:54 +0800] "GET /xingrg/javascript/jquery_easy_ui/themes/icons/forms_new.png HTTP/1.1" 200 350
116.192.124.172 - - [31/Dec/2022:10:54:54 +0800] "GET /xingrg/javascript/jquery_easy_ui/themes/icons/systemset_new.png HTTP/1.1" 200 606
116.192.124.172 - - [31/Dec/2022:10:54:54 +0800] "GET /xingrg/javascript/jquery_easy_ui/themes/default/images/tree_file.gif HTTP/1.1" 200 118
116.192.124.172 - - [31/Dec/2022:10:54:54 +0800] "GET /xingrg/javascript/jquery_easy_ui/themes/default/images/tree_folder.gif HTTP/1.1" 200 952
222.69.192.184 - - [31/Dec/2022:10:54:57 +0800] "POST /xingrg/kc/buy/cgsh_order_operate.html HTTP/1.1" 200 2658
222.70.177.10 - - [31/Dec/2022:10:54:58 +0800] "POST /xingrg/services/DataTransmitService HTTP/1.1" 200 524
114.84.171.241 - - [31/Dec/2022:10:54:58 +0800] "GET /xingrg/kc/buy/cgsh_order_operate.html?command=get_materiel&rest_code=00142&code=00101012024&supplier_code=00100161&order_time=2022-12-31 HTTP/1.1" 200 408
222.69.192.184 - - [31/Dec/2022:10:54:59 +0800] "GET /xingrg/kc/print/load_data.html?order_code=212022123106043&kc_code=cgsh&condition= HTTP/1.1" 200 670
116.238.139.35 - - [31/Dec/2022:10:55:00 +0800] "GET /xingrg/kc/buy/cgsh_order_operate.html?command=get_materiel&rest_code=00150&code=00101009011&supplier_code=00100022&order_time=2022-12-31 HTTP/1.1" 200 416
114.84.171.241 - - [31/Dec/2022:10:55:01 +0800] "POST /xingrg/kc/buy/cgsh_order_operate.html HTTP/1.1" 200 2065
114.84.171.241 - - [31/Dec/2022:10:55:02 +0800] "GET /xingrg/all/function/internal_message.html?_=1672455311430&CODE_STATE=getMsg HTTP/1.1" 200 27
58.40.7.146 - - [31/Dec/2022:10:55:02 +0800] "GET /xingrg/all/function/internal_message.html?_=1672455311925&CODE_STATE=getMsg HTTP/1.1" 200 27
222.69.192.184 - - [31/Dec/2022:10:55:03 +0800] "GET /xingrg/kc/buy/cgsh_order_add.html HTTP/1.1" 200 69942
222.69.192.184 - - [31/Dec/2022:10:55:03 +0800] "GET /xingrg/javascript/easyui/themes/default/validatebox.css HTTP/1.1" 404 1104
222.69.192.184 - - [31/Dec/2022:10:55:03 +0800] "POST /xingrg/kc/buy/cgsh_order_operate.html HTTP/1.1" 200 8245
114.84.171.241 - - [31/Dec/2022:10:55:07 +0800] "GET /xingrg/kc/buy/cgsh_order_operate.html?command=get_materiel&rest_code=00142&code=00101012059&supplier_code=00100161&order_time=2022-12-31 HTTP/1.1" 200 412
58.40.7.146 - - [31/Dec/2022:10:55:10 +0800] "GET /xingrg/all/function/internal_message.html?_=1672455319474&CODE_STATE=getMsg HTTP/1.1" 302 -
114.88.159.190 - - [31/Dec/2022:10:55:11 +0800] "GET /xingrg/kc/buy/cgsh_order_operate.html?command=get_materiel&rest_code=00141&code=00101008010&supplier_code=00100007&order_time=2022-12-31 HTTP/1.1" 200 428
116.238.139.35 - - [31/Dec/2022:10:55:11 +0800] "GET /xingrg/kc/buy/cgsh_order_operate.html?command=get_materiel&rest_code=00150&code=00101009122&supplier_code=00100022&order_time=2022-12-31 HTTP/1.1" 200 407
222.69.192.184 - - [31/Dec/2022:10:55:13 +0800] "GET /xingrg/kc/buy/cgsh_order_operate.html?command=get_materiel&rest_code=00105&code=00101004051&supplier_code=00100312&order_time=2022-12-31 HTTP/1.1" 200 408
124.78.159.116 - - [31/Dec/2022:10:55:13 +0800] "GET /xingrg/all/function/internal_message.html?_=1672455322394&CODE_STATE=getMsg HTTP/1.1" 200 27
114.84.171.241 - - [31/Dec/2022:10:55:15 +0800] "GET /xingrg/kc/buy/cgsh_order_operate.html?command=get_materiel&rest_code=00142&code=00101016057&supplier_code=00100161&order_time=2022-12-31 HTTP/1.1" 200 408
124.79.245.154 - - [31/Dec/2022:10:55:16 +0800] "GET /xingrg/check_reg.html?_=1672455558628 HTTP/1.1" 200 22
124.79.245.154 - - [31/Dec/2022:10:55:16 +0800] "GET /xingrg/all/function/internal_message.html?_=1672455558629&CODE_STATE=getMsg HTTP/1.1" 200 27
116.230.105.139 - - [31/Dec/2022:10:55:17 +0800] "GET /xingrg/all/function/internal_message.html?_=1672455327323&CODE_STATE=getMsg HTTP/1.1" 200 27
116.238.139.35 - - [31/Dec/2022:10:55:17 +0800] "GET /xingrg/kc/buy/cgsh_order_operate.html?command=get_materiel&rest_code=00150&code=00101009109&supplier_code=00100022&order_time=2022-12-31 HTTP/1.1" 200 413
124.78.159.116 - - [31/Dec/2022:10:55:18 +0800] "GET /xingrg/kc/buy/cgsh_order_add.html HTTP/1.1" 200 69854
124.78.159.116 - - [31/Dec/2022:10:55:18 +0800] "POST /xingrg/kc/buy/cgsh_order_operate.html HTTP/1.1" 200 8245
124.78.159.116 - - [31/Dec/2022:10:55:18 +0800] "GET /xingrg/javascript/easyui/themes/default/validatebox.css HTTP/1.1" 404 1104
114.88.159.190 - - [31/Dec/2022:10:55:19 +0800] "GET /xingrg/kc/buy/cgsh_order_operate.html?command=get_materiel&rest_code=00141&code=00101008051&supplier_code=00100007&order_time=2022-12-31 HTTP/1.1" 200 409
222.69.192.184 - - [31/Dec/2022:10:55:19 +0800] "GET /xingrg/check_reg.html?_=1672455328781 HTTP/1.1" 200 22
124.78.159.116 - - [31/Dec/2022:10:55:20 +0800] "GET /xingrg/javascript/easyui/themes/default/tree.css HTTP/1.1" 404 1090
124.78.159.116 - - [31/Dec/2022:10:55:20 +0800] "POST /xingrg/all/common/load_tree.html?tree=supplier_tree_json&isDelete=1 HTTP/1.1" 200 70864
116.238.139.35 - - [31/Dec/2022:10:55:22 +0800] "GET /xingrg/all/function/internal_message.html?_=1672455332050&CODE_STATE=getMsg HTTP/1.1" 200 27
180.162.115.6 - - [31/Dec/2022:10:55:23 +0800] "GET /xingrg/check_reg.html?_=1672454326292 HTTP/1.1" 200 22
180.162.115.6 - - [31/Dec/2022:10:55:23 +0800] "GET /xingrg/all/function/internal_message.html?_=1672454326295&CODE_STATE=getMsg HTTP/1.1" 200 27
114.83.219.41 - - [31/Dec/2022:10:55:23 +0800] "GET /xingrg/all/function/internal_message.html?_=1672455331855&CODE_STATE=getMsg HTTP/1.1" 200 27
222.69.192.184 - - [31/Dec/2022:10:55:24 +0800] "GET /xingrg/all/function/internal_message.html?_=1672455332994&CODE_STATE=getMsg HTTP/1.1" 200 27
114.84.171.241 - - [31/Dec/2022:10:55:26 +0800] "POST /xingrg/kc/buy/cgsh_order_operate.html HTTP/1.1" 200 37
114.84.171.241 - - [31/Dec/2022:10:55:28 +0800] "POST /xingrg/kc/buy/cgsh_order_operate.html HTTP/1.1" 200 17401
116.238.139.35 - - [31/Dec/2022:10:55:29 +0800] "GET /xingrg/all/function/internal_message.html?_=1672455260296&CODE_STATE=getMsg HTTP/1.1" 200 27
114.88.159.190 - - [31/Dec/2022:10:55:31 +0800] "GET /xingrg/kc/buy/cgsh_order_operate.html?command=get_materiel&rest_code=00141&code=00101008370&supplier_code=00100007&order_time=2022-12-31 HTTP/1.1" 200 412
116.238.139.35 - - [31/Dec/2022:10:55:34 +0800] "GET /xingrg/all/function/internal_message.html?_=1672455265303&CODE_STATE=getMsg HTTP/1.1" 200 27
114.84.38.109 - - [31/Dec/2022:10:55:37 +0800] "GET /xingrg/all/function/internal_message.html?_=1672455368615&CODE_STATE=getMsg HTTP/1.1" 200 27
222.69.192.184 - - [31/Dec/2022:10:55:39 +0800] "GET /xingrg/kc/buy/cgsh_order_operate.html?command=get_materiel&rest_code=00105&code=00101004027&supplier_code=00100312&order_time=2022-12-31 HTTP/1.1" 200 425
180.162.115.6 - - [31/Dec/2022:10:55:39 +0800] "GET /xingrg/kc/base/base_main.html HTTP/1.1" 200 12142
116.230.105.139 - - [31/Dec/2022:10:55:40 +0800] "GET /xingrg/check_reg.html?_=1672455311234 HTTP/1.1" 200 22
116.230.105.139 - - [31/Dec/2022:10:55:40 +0800] "GET /xingrg/all/function/internal_message.html?_=1672455311237&CODE_STATE=getMsg HTTP/1.1" 200 27
58.221.95.50 - - [31/Dec/2022:10:55:40 +0800] "GET /xingrg/all/function/internal_message.html?_=1672455350697&CODE_STATE=getMsg HTTP/1.1" 200 27
180.162.115.6 - - [31/Dec/2022:10:55:41 +0800] "GET /xingrg/kc/base/wldb_order_list.html HTTP/1.1" 200 19107
114.88.159.190 - - [31/Dec/2022:10:55:41 +0800] "GET /xingrg/kc/buy/cgsh_order_operate.html?command=get_materiel&rest_code=00141&code=00101008024&supplier_code=00100007&order_time=2022-12-31 HTTP/1.1" 200 424
180.162.115.6 - - [31/Dec/2022:10:55:41 +0800] "POST /xingrg/kc/base/wldb_list_operate.html HTTP/1.1" 200 2192
124.78.159.116 - - [31/Dec/2022:10:55:42 +0800] "GET /xingrg/kc/buy/cgsh_order_operate.html?command=get_materiel&rest_code=00106&code=00101004051&supplier_code=00100312&order_time=2022-12-31 HTTP/1.1" 200 408
124.79.245.154 - - [31/Dec/2022:10:55:42 +0800] "GET /xingrg/all/function/internal_message.html?_=1672455348867&CODE_STATE=getMsg HTTP/1.1" 200 27
180.165.52.19 - - [31/Dec/2022:10:55:43 +0800] "GET /xingrg/all/function/internal_message.html?_=1672455353734&CODE_STATE=getMsg HTTP/1.1" 302 -
114.84.81.136 - - [31/Dec/2022:10:55:45 +0800] "GET /xingrg/all/function/internal_message.html?_=1672455356545&CODE_STATE=getMsg HTTP/1.1" 200 27
180.162.115.6 - - [31/Dec/2022:10:55:47 +0800] "POST /xingrg/kc/base/wldb_list_operate.html HTTP/1.1" 200 641
114.84.38.109 - - [31/Dec/2022:10:55:47 +0800] "GET /xingrg/all/function/internal_message.html?_=1672455379392&CODE_STATE=getMsg HTTP/1.1" 200 27
116.192.124.172 - - [31/Dec/2022:10:55:47 +0800] "GET /xingrg/all/function/internal_message.html?_=1672455357664&CODE_STATE=getMsg HTTP/1.1" 200 27
180.162.115.6 - - [31/Dec/2022:10:55:48 +0800] "GET /xingrg/kc/base/wldb_order_info.html?code=422022123001580 HTTP/1.1" 200 30408
180.162.115.6 - - [31/Dec/2022:10:55:48 +0800] "GET /xingrg/all/common/auto_word.html?type=base&rest_code=00143 HTTP/1.1" 200 673
180.162.115.6 - - [31/Dec/2022:10:55:48 +0800] "GET /xingrg/all/common/auto_word.html?type=base&rest_code=00143 HTTP/1.1" 200 673
180.162.115.6 - - [31/Dec/2022:10:55:48 +0800] "GET /xingrg/javascript/easyui/themes/default/validatebox.css HTTP/1.1" 404 1104
180.162.115.6 - - [31/Dec/2022:10:55:49 +0800] "POST /xingrg/kc/base/wldb_order_operate.html HTTP/1.1" 200 5745
222.69.192.184 - - [31/Dec/2022:10:55:49 +0800] "GET /xingrg/kc/buy/cgsh_order_operate.html?command=get_materiel&rest_code=00105&code=00101004030&supplier_code=00100312&order_time=2022-12-31 HTTP/1.1" 200 408
114.88.159.190 - - [31/Dec/2022:10:55:50 +0800] "GET /xingrg/kc/buy/cgsh_order_operate.html?command=get_materiel&rest_code=00141&code=00101008251&supplier_code=00100007&order_time=2022-12-31 HTTP/1.1" 200 428
114.88.159.190 - - [31/Dec/2022:10:55:50 +0800] "GET /xingrg/all/function/internal_message.html?_=1672454946179&CODE_STATE=getMsg HTTP/1.1" 200 27
222.69.192.184 - - [31/Dec/2022:10:55:53 +0800] "GET /xingrg/all/function/internal_message.html?_=1672455206739&CODE_STATE=getMsg HTTP/1.1" 200 27
116.192.124.172 - - [31/Dec/2022:10:55:54 +0800] "GET /xingrg/all/function/internal_message.html?_=1672455373625&CODE_STATE=getMsg HTTP/1.1" 200 27
180.162.115.6 - - [31/Dec/2022:10:55:59 +0800] "POST /xingrg/kc/base/wldb_order_operate.html HTTP/1.1" 200 37
180.162.115.6 - - [31/Dec/2022:10:56:00 +0800] "POST /xingrg/kc/base/wldb_order_operate.html HTTP/1.1" 200 5745
222.69.192.184 - - [31/Dec/2022:10:56:00 +0800] "GET /xingrg/kc/buy/cgsh_order_operate.html?command=get_materiel&rest_code=00105&code=00101004013&supplier_code=00100312&order_time=2022-12-31 HTTP/1.1" 200 431
180.162.115.6 - - [31/Dec/2022:10:56:01 +0800] "GET /xingrg/kc/base/wldb_order_info.html?code=422022123001580 HTTP/1.1" 200 30409
180.162.115.6 - - [31/Dec/2022:10:56:01 +0800] "GET /xingrg/javascript/easyui/themes/default/validatebox.css HTTP/1.1" 404 1104
180.162.115.6 - - [31/Dec/2022:10:56:01 +0800] "POST /xingrg/kc/base/wldb_order_operate.html HTTP/1.1" 200 5745
114.84.171.241 - - [31/Dec/2022:10:56:02 +0800] "GET /xingrg/all/function/internal_message.html?_=1672455371449&CODE_STATE=getMsg HTTP/1.1" 200 27
58.40.7.146 - - [31/Dec/2022:10:56:02 +0800] "GET /xingrg/all/function/internal_message.html?_=1672455371897&CODE_STATE=getMsg HTTP/1.1" 200 27
124.78.159.116 - - [31/Dec/2022:10:56:05 +0800] "GET /xingrg/kc/buy/cgsh_order_operate.html?command=get_materiel&rest_code=00106&code=00101004046&supplier_code=00100312&order_time=2022-12-31 HTTP/1.1" 200 433
222.69.192.184 - - [31/Dec/2022:10:56:08 +0800] "GET /xingrg/kc/buy/cgsh_order_operate.html?command=get_materiel&rest_code=00105&code=00101004020&supplier_code=00100312&order_time=2022-12-31 HTTP/1.1" 200 409
58.40.7.146 - - [31/Dec/2022:10:56:10 +0800] "GET /xingrg/all/function/internal_message.html?_=1672455379445&CODE_STATE=getMsg HTTP/1.1" 302 -
114.88.159.190 - - [31/Dec/2022:10:56:11 +0800] "POST /xingrg/kc/buy/cgsh_order_operate.html HTTP/1.1" 200 2065
124.78.159.116 - - [31/Dec/2022:10:56:13 +0800] "GET /xingrg/all/function/internal_message.html?_=1672455382407&CODE_STATE=getMsg HTTP/1.1" 200 27
124.79.245.154 - - [31/Dec/2022:10:56:16 +0800] "GET /xingrg/all/function/internal_message.html?_=1672455618635&CODE_STATE=getMsg HTTP/1.1" 200 27
116.230.105.139 - - [31/Dec/2022:10:56:17 +0800] "GET /xingrg/all/function/internal_message.html?_=1672455387321&CODE_STATE=getMsg HTTP/1.1" 200 27
114.88.159.190 - - [31/Dec/2022:10:56:17 +0800] "GET /xingrg/kc/buy/cgsh_order_operate.html?command=get_materiel&rest_code=00141&code=00101008296&supplier_code=00100007&order_time=2022-12-31 HTTP/1.1" 200 431
222.69.192.184 - - [31/Dec/2022:10:56:17 +0800] "GET /xingrg/kc/buy/cgsh_order_operate.html?command=get_materiel&rest_code=00105&code=00101001145&supplier_code=00100312&order_time=2022-12-31 HTTP/1.1" 200 415
116.238.139.35 - - [31/Dec/2022:10:56:22 +0800] "GET /xingrg/all/function/internal_message.html?_=1672455392042&CODE_STATE=getMsg HTTP/1.1" 200 27
180.162.115.6 - - [31/Dec/2022:10:56:23 +0800] "GET /xingrg/all/function/internal_message.html?_=1672454386298&CODE_STATE=getMsg HTTP/1.1" 200 27
114.83.219.41 - - [31/Dec/2022:10:56:23 +0800] "GET /xingrg/all/function/internal_message.html?_=1672455391826&CODE_STATE=getMsg HTTP/1.1" 200 27
124.78.159.116 - - [31/Dec/2022:10:56:23 +0800] "GET /xingrg/kc/buy/cgsh_order_operate.html?command=get_materiel&rest_code=00106&code=00101004061&supplier_code=00100312&order_time=2022-12-31 HTTP/1.1" 200 409
222.69.192.184 - - [31/Dec/2022:10:56:23 +0800] "GET /xingrg/all/function/internal_message.html?_=1672455392928&CODE_STATE=getMsg HTTP/1.1" 200 27
222.69.192.184 - - [31/Dec/2022:10:56:25 +0800] "GET /xingrg/kc/buy/cgsh_order_operate.html?command=get_materiel&rest_code=00105&code=00101004049&supplier_code=00100312&order_time=2022-12-31 HTTP/1.1" 200 429
114.84.171.241 - - [31/Dec/2022:10:56:27 +0800] "POST /xingrg/kc/buy/cgsh_order_operate.html HTTP/1.1" 200 37
116.238.139.35 - - [31/Dec/2022:10:56:29 +0800] "GET /xingrg/all/function/internal_message.html?_=1672455320308&CODE_STATE=getMsg HTTP/1.1" 200 27
114.84.171.241 - - [31/Dec/2022:10:56:31 +0800] "POST /xingrg/kc/buy/cgsh_order_operate.html HTTP/1.1" 200 12
114.84.171.241 - - [31/Dec/2022:10:56:31 +0800] "GET /xingrg/kc/buy/cgsh_order_info.html?code=212022123106044 HTTP/1.1" 200 63879
114.84.171.241 - - [31/Dec/2022:10:56:32 +0800] "GET /xingrg/javascript/easyui/themes/default/validatebox.css HTTP/1.1" 404 1104
114.84.171.241 - - [31/Dec/2022:10:56:33 +0800] "POST /xingrg/kc/buy/cgsh_order_operate.html HTTP/1.1" 200 15339
222.69.192.184 - - [31/Dec/2022:10:56:33 +0800] "GET /xingrg/kc/buy/buy_main.html HTTP/1.1" 200 12412
222.69.192.184 - - [31/Dec/2022:10:56:33 +0800] "GET /xingrg/css/new_ie.css HTTP/1.1" 404 1036
116.238.139.35 - - [31/Dec/2022:10:56:34 +0800] "GET /xingrg/all/function/internal_message.html?_=1672455325316&CODE_STATE=getMsg HTTP/1.1" 200 27
114.84.171.241 - - [31/Dec/2022:10:56:34 +0800] "GET /xingrg/kc/print/load_data.html?order_code=212022123106044&kc_code=cgsh&condition= HTTP/1.1" 200 6285
222.69.192.184 - - [31/Dec/2022:10:56:34 +0800] "GET /xingrg/images/yd/bt.gif HTTP/1.1" 404 1040
222.69.192.184 - - [31/Dec/2022:10:56:35 +0800] "GET /xingrg/kc/buy/cgsh_order_list.html HTTP/1.1" 200 54078
114.88.159.190 - - [31/Dec/2022:10:56:36 +0800] "GET /xingrg/kc/buy/cgsh_order_operate.html?command=get_materiel&rest_code=00141&code=00101008353&supplier_code=00100007&order_time=2022-12-31 HTTP/1.1" 200 424
114.84.38.109 - - [31/Dec/2022:10:56:37 +0800] "GET /xingrg/all/function/internal_message.html?_=1672455428627&CODE_STATE=getMsg HTTP/1.1" 200 27
222.69.192.184 - - [31/Dec/2022:10:56:38 +0800] "POST /xingrg/kc/buy/cgsh_list_operate.html HTTP/1.1" 200 5849
114.84.171.241 - - [31/Dec/2022:10:56:39 +0800] "POST /xingrg/kc/buy/cgsh_list_operate.html HTTP/1.1" 200 986
116.230.105.139 - - [31/Dec/2022:10:56:40 +0800] "GET /xingrg/all/function/internal_message.html?_=1672455371234&CODE_STATE=getMsg HTTP/1.1" 200 27
58.221.95.50 - - [31/Dec/2022:10:56:40 +0800] "GET /xingrg/all/function/internal_message.html?_=1672455410686&CODE_STATE=getMsg HTTP/1.1" 200 27
124.79.245.154 - - [31/Dec/2022:10:56:42 +0800] "GET /xingrg/all/function/internal_message.html?_=1672455408873&CODE_STATE=getMsg HTTP/1.1" 200 27
124.78.159.116 - - [31/Dec/2022:10:56:42 +0800] "GET /xingrg/kc/buy/cgsh_order_operate.html?command=get_materiel&rest_code=00106&code=00101004049&supplier_code=00100312&order_time=2022-12-31 HTTP/1.1" 200 431
222.69.192.184 - - [31/Dec/2022:10:56:43 +0800] "GET /xingrg/javascript/easyui/themes/default/images/button_plain_hover.png HTTP/1.1" 304 -
180.165.52.19 - - [31/Dec/2022:10:56:43 +0800] "GET /xingrg/all/function/internal_message.html?_=1672455413730&CODE_STATE=getMsg HTTP/1.1" 302 -
222.69.192.184 - - [31/Dec/2022:10:56:44 +0800] "GET /xingrg/kc/buy/cgsh_order_add.html HTTP/1.1" 200 69942
222.69.192.184 - - [31/Dec/2022:10:56:44 +0800] "GET /xingrg/javascript/jquery_tools/order_manager.js HTTP/1.1" 304 -
222.69.192.184 - - [31/Dec/2022:10:56:44 +0800] "GET /xingrg/javascript/convert.js HTTP/1.1" 304 -
222.69.192.184 - - [31/Dec/2022:10:56:44 +0800] "GET /xingrg/javascript/json2.js HTTP/1.1" 304 -
222.69.192.184 - - [31/Dec/2022:10:56:44 +0800] "GET /xingrg/javascript/print/kc_print.js HTTP/1.1" 304 -
222.69.192.184 - - [31/Dec/2022:10:56:44 +0800] "GET /xingrg/words/20221231094221_words.js HTTP/1.1" 200 940366
114.88.159.190 - - [31/Dec/2022:10:56:44 +0800] "GET /xingrg/kc/buy/cgsh_order_operate.html?command=get_materiel&rest_code=00141&code=00101008403&supplier_code=00100007&order_time=2022-12-31 HTTP/1.1" 200 412
222.69.192.184 - - [31/Dec/2022:10:56:44 +0800] "GET /xingrg/javascript/easyui/themes/icons/ok.png HTTP/1.1" 304 -
222.69.192.184 - - [31/Dec/2022:10:56:44 +0800] "GET /xingrg/javascript/easyui/themes/icons/template_new.png HTTP/1.1" 304 -
222.69.192.184 - - [31/Dec/2022:10:56:44 +0800] "GET /xingrg/javascript/easyui/themes/icons/copy_new.png HTTP/1.1" 304 -
222.69.192.184 - - [31/Dec/2022:10:56:44 +0800] "GET /xingrg/javascript/easyui/themes/icons/print.png HTTP/1.1" 304 -
222.69.192.184 - - [31/Dec/2022:10:56:44 +0800] "GET /xingrg/javascript/easyui/themes/default/images/menu_downarrow.png HTTP/1.1" 304 -
222.69.192.184 - - [31/Dec/2022:10:56:44 +0800] "GET /xingrg/javascript/easyui/themes/icons/cancel.png HTTP/1.1" 304 -
222.69.192.184 - - [31/Dec/2022:10:56:45 +0800] "POST /xingrg/kc/buy/cgsh_order_operate.html HTTP/1.1" 200 8245
222.69.192.184 - - [31/Dec/2022:10:56:45 +0800] "GET /xingrg/javascript/easyui/themes/default/validatebox.css HTTP/1.1" 404 1104
222.69.192.184 - - [31/Dec/2022:10:56:45 +0800] "GET /xingrg/all/common/auto_word.html?type=employee&rest_code=00105 HTTP/1.1" 200 193
222.69.192.184 - - [31/Dec/2022:10:56:45 +0800] "GET /xingrg/all/common/auto_word.html?type=employee&rest_code=00105 HTTP/1.1" 200 193
222.69.192.184 - - [31/Dec/2022:10:56:45 +0800] "GET /xingrg/javascript/easyui/plugins/jquery.validatebox.js HTTP/1.1" 304 -
222.69.192.184 - - [31/Dec/2022:10:56:45 +0800] "GET /xingrg/javascript/easyui/plugins/jquery.numberbox.js HTTP/1.1" 304 -
222.69.192.184 - - [31/Dec/2022:10:56:45 +0800] "GET /xingrg/javascript/easyui/themes/icons/edit_remove.png HTTP/1.1" 304 -
114.84.81.136 - - [31/Dec/2022:10:56:45 +0800] "GET /xingrg/all/function/internal_message.html?_=1672455416543&CODE_STATE=getMsg HTTP/1.1" 200 27
114.84.171.241 - - [31/Dec/2022:10:56:47 +0800] "GET /xingrg/kc/buy/cgsh_order_add.html HTTP/1.1" 200 68978
114.84.171.241 - - [31/Dec/2022:10:56:47 +0800] "POST /xingrg/kc/buy/cgsh_order_operate.html HTTP/1.1" 200 8245
114.84.171.241 - - [31/Dec/2022:10:56:47 +0800] "GET /xingrg/javascript/easyui/themes/default/validatebox.css HTTP/1.1" 404 1104
114.84.38.109 - - [31/Dec/2022:10:56:47 +0800] "GET /xingrg/all/function/internal_message.html?_=1672455439391&CODE_STATE=getMsg HTTP/1.1" 200 27
116.192.124.172 - - [31/Dec/2022:10:56:47 +0800] "GET /xingrg/all/function/internal_message.html?_=1672455417674&CODE_STATE=getMsg HTTP/1.1" 200 27
114.88.159.190 - - [31/Dec/2022:10:56:50 +0800] "GET /xingrg/all/function/internal_message.html?_=1672455006154&CODE_STATE=getMsg HTTP/1.1" 200 27
222.69.192.184 - - [31/Dec/2022:10:56:50 +0800] "POST /xingrg/kc/buy/cgsh_order_operate.html HTTP/1.1" 200 37
114.88.159.190 - - [31/Dec/2022:10:56:53 +0800] "GET /xingrg/kc/buy/cgsh_order_operate.html?command=get_materiel&rest_code=00141&code=00101008350&supplier_code=00100007&order_time=2022-12-31 HTTP/1.1" 200 408
222.69.192.184 - - [31/Dec/2022:10:56:53 +0800] "GET /xingrg/check_reg.html?_=1672455266733 HTTP/1.1" 200 22
222.69.192.184 - - [31/Dec/2022:10:56:53 +0800] "GET /xingrg/all/function/internal_message.html?_=1672455266736&CODE_STATE=getMsg HTTP/1.1" 200 27
116.192.124.172 - - [31/Dec/2022:10:56:54 +0800] "GET /xingrg/all/function/internal_message.html?_=1672455433627&CODE_STATE=getMsg HTTP/1.1" 200 27
114.84.171.241 - - [31/Dec/2022:10:56:58 +0800] "GET /xingrg/kc/buy/cgsh_order_operate.html?command=get_materiel&rest_code=00142&code=00102002821&supplier_code=00100386&order_time=2022-12-31 HTTP/1.1" 200 424
222.69.192.184 - - [31/Dec/2022:10:56:58 +0800] "POST /xingrg/kc/buy/cgsh_order_operate.html HTTP/1.1" 200 6219
114.88.159.190 - - [31/Dec/2022:10:56:59 +0800] "POST /xingrg/kc/buy/cgsh_order_operate.html HTTP/1.1" 200 2065
222.69.192.184 - - [31/Dec/2022:10:57:00 +0800] "GET /xingrg/kc/print/load_data.html?order_code=212022123106045&kc_code=cgsh&condition= HTTP/1.1" 200 2031
114.84.171.241 - - [31/Dec/2022:10:57:02 +0800] "GET /xingrg/all/function/internal_message.html?_=1672455431447&CODE_STATE=getMsg HTTP/1.1" 200 27
58.40.7.146 - - [31/Dec/2022:10:57:02 +0800] "GET /xingrg/all/function/internal_message.html?_=1672455431868&CODE_STATE=getMsg HTTP/1.1" 200 27
114.88.159.190 - - [31/Dec/2022:10:57:06 +0800] "GET /xingrg/kc/buy/cgsh_order_operate.html?command=get_materiel&rest_code=00141&code=00101008110&supplier_code=00100007&order_time=2022-12-31 HTTP/1.1" 200 423
222.69.192.184 - - [31/Dec/2022:10:57:07 +0800] "GET /xingrg/kc/buy/cgsh_order_add.html HTTP/1.1" 200 69942
222.69.192.184 - - [31/Dec/2022:10:57:08 +0800] "GET /xingrg/javascript/easyui/themes/default/validatebox.css HTTP/1.1" 404 1104
222.69.192.184 - - [31/Dec/2022:10:57:08 +0800] "POST /xingrg/kc/buy/cgsh_order_operate.html HTTP/1.1" 200 8245
58.40.7.146 - - [31/Dec/2022:10:57:10 +0800] "GET /xingrg/all/function/internal_message.html?_=1672455439418&CODE_STATE=getMsg HTTP/1.1" 302 -
124.78.159.116 - - [31/Dec/2022:10:57:13 +0800] "GET /xingrg/all/function/internal_message.html?_=1672455442399&CODE_STATE=getMsg HTTP/1.1" 200 27
124.79.245.154 - - [31/Dec/2022:10:57:16 +0800] "GET /xingrg/all/function/internal_message.html?_=1672455678622&CODE_STATE=getMsg HTTP/1.1" 200 27
124.78.159.116 - - [31/Dec/2022:10:57:17 +0800] "GET /xingrg/kc/buy/cgsh_order_operate.html?command=get_materiel&rest_code=00106&code=00101004030&supplier_code=00100312&order_time=2022-12-31 HTTP/1.1" 200 408
116.230.105.139 - - [31/Dec/2022:10:57:17 +0800] "GET /xingrg/all/function/internal_message.html?_=1672455447330&CODE_STATE=getMsg HTTP/1.1" 200 27
114.88.159.190 - - [31/Dec/2022:10:57:21 +0800] "GET /xingrg/kc/buy/cgsh_order_operate.html?command=get_materiel&rest_code=00141&code=00101008095&supplier_code=00100007&order_time=2022-12-31 HTTP/1.1" 200 427
116.238.139.35 - - [31/Dec/2022:10:57:22 +0800] "GET /xingrg/all/function/internal_message.html?_=1672455452053&CODE_STATE=getMsg HTTP/1.1" 200 27
116.238.139.35 - - [31/Dec/2022:10:57:22 +0800] "GET /xingrg/check_reg.html?_=1672455452055 HTTP/1.1" 200 22
222.69.192.184 - - [31/Dec/2022:10:57:22 +0800] "GET /xingrg/kc/buy/cgsh_order_operate.html?command=get_materiel&rest_code=00105&code=00101012119&supplier_code=00100587&order_time=2022-12-31 HTTP/1.1" 200 402
180.162.115.6 - - [31/Dec/2022:10:57:23 +0800] "GET /xingrg/all/function/internal_message.html?_=1672454446283&CODE_STATE=getMsg HTTP/1.1" 200 27
114.83.219.41 - - [31/Dec/2022:10:57:23 +0800] "GET /xingrg/all/function/internal_message.html?_=1672455451819&CODE_STATE=getMsg HTTP/1.1" 200 27
222.69.192.184 - - [31/Dec/2022:10:57:23 +0800] "GET /xingrg/all/function/internal_message.html?_=1672455452907&CODE_STATE=getMsg HTTP/1.1" 200 27
116.238.139.35 - - [31/Dec/2022:10:57:24 +0800] "GET /xingrg/kc/buy/cgsh_order_operate.html?command=get_materiel&rest_code=00150&code=00101009015&supplier_code=00100022&order_time=2022-12-31 HTTP/1.1" 200 416
116.238.139.35 - - [31/Dec/2022:10:57:29 +0800] "GET /xingrg/all/function/internal_message.html?_=1672455380340&CODE_STATE=getMsg HTTP/1.1" 200 27
116.238.139.35 - - [31/Dec/2022:10:57:29 +0800] "GET /xingrg/kc/buy/cgsh_order_operate.html?command=get_materiel&rest_code=00150&code=00101009066&supplier_code=00100022&order_time=2022-12-31 HTTP/1.1" 200 436
114.88.159.190 - - [31/Dec/2022:10:57:29 +0800] "GET /xingrg/kc/buy/cgsh_order_operate.html?command=get_materiel&rest_code=00141&code=00101008223&supplier_code=00100007&order_time=2022-12-31 HTTP/1.1" 200 428
124.78.159.116 - - [31/Dec/2022:10:57:29 +0800] "GET /xingrg/kc/buy/cgsh_order_operate.html?command=get_materiel&rest_code=00106&code=00101001029&supplier_code=00100312&order_time=2022-12-31 HTTP/1.1" 200 433
58.40.7.146 - - [31/Dec/2022:10:57:31 +0800] "GET /xingrg/check_reg.html?_=1672455460776 HTTP/1.1" 200 22
116.238.139.35 - - [31/Dec/2022:10:57:34 +0800] "GET /xingrg/all/function/internal_message.html?_=1672455385347&CODE_STATE=getMsg HTTP/1.1" 200 27
114.84.38.109 - - [31/Dec/2022:10:57:37 +0800] "GET /xingrg/all/function/internal_message.html?_=1672455488644&CODE_STATE=getMsg HTTP/1.1" 200 27
116.238.139.35 - - [31/Dec/2022:10:57:38 +0800] "GET /xingrg/kc/buy/cgsh_order_operate.html?command=get_materiel&rest_code=00150&code=00101009031&supplier_code=00100022&order_time=2022-12-31 HTTP/1.1" 200 408
116.230.105.139 - - [31/Dec/2022:10:57:40 +0800] "GET /xingrg/all/function/internal_message.html?_=1672455431220&CODE_STATE=getMsg HTTP/1.1" 200 27
58.221.95.50 - - [31/Dec/2022:10:57:40 +0800] "GET /xingrg/all/function/internal_message.html?_=1672455470673&CODE_STATE=getMsg HTTP/1.1" 200 27
124.79.245.154 - - [31/Dec/2022:10:57:42 +0800] "GET /xingrg/check_reg.html?_=1672455468876 HTTP/1.1" 200 22
124.79.245.154 - - [31/Dec/2022:10:57:42 +0800] "GET /xingrg/all/function/internal_message.html?_=1672455468877&CODE_STATE=getMsg HTTP/1.1" 200 27
180.165.52.19 - - [31/Dec/2022:10:57:43 +0800] "GET /xingrg/all/function/internal_message.html?_=1672455473717&CODE_STATE=getMsg HTTP/1.1" 302 -
180.165.52.19 - - [31/Dec/2022:10:57:44 +0800] "GET /xingrg/check_reg.html?_=1672455474165 HTTP/1.1" 302 -
114.84.81.136 - - [31/Dec/2022:10:57:45 +0800] "GET /xingrg/all/function/internal_message.html?_=1672455476541&CODE_STATE=getMsg HTTP/1.1" 200 27
116.192.124.172 - - [31/Dec/2022:10:57:47 +0800] "GET /xingrg/all/function/internal_message.html?_=1672455477672&CODE_STATE=getMsg HTTP/1.1" 200 27
114.84.38.109 - - [31/Dec/2022:10:57:48 +0800] "GET /xingrg/all/function/internal_message.html?_=1672455499447&CODE_STATE=getMsg HTTP/1.1" 200 27
114.88.159.190 - - [31/Dec/2022:10:57:48 +0800] "GET /xingrg/kc/buy/cgsh_order_operate.html?command=get_materiel&rest_code=00141&code=00101008168&supplier_code=00100007&order_time=2022-12-31 HTTP/1.1" 200 412
116.238.139.35 - - [31/Dec/2022:10:57:48 +0800] "GET /xingrg/kc/buy/cgsh_order_operate.html?command=get_materiel&rest_code=00150&code=00101009004&supplier_code=00100022&order_time=2022-12-31 HTTP/1.1" 200 424
114.88.159.190 - - [31/Dec/2022:10:57:50 +0800] "GET /xingrg/all/function/internal_message.html?_=1672455066124&CODE_STATE=getMsg HTTP/1.1" 200 27
222.69.192.184 - - [31/Dec/2022:10:57:53 +0800] "GET /xingrg/all/function/internal_message.html?_=1672455326737&CODE_STATE=getMsg HTTP/1.1" 200 27
