114.84.171.241 - - [31/Dec/2022:11:14:02 +0800] "GET /xingrg/all/function/internal_message.html?_=1672456451467&CODE_STATE=getMsg HTTP/1.1" 200 27
58.40.7.146 - - [31/Dec/2022:11:14:02 +0800] "GET /xingrg/all/function/internal_message.html?_=1672456451466&CODE_STATE=getMsg HTTP/1.1" 200 27
114.84.171.241 - - [31/Dec/2022:11:14:02 +0800] "GET /xingrg/check_reg.html?_=1672456451470 HTTP/1.1" 200 22
124.78.159.116 - - [31/Dec/2022:11:14:02 +0800] "GET /xingrg/kc/print/load_data.html?order_code=212022123106082&kc_code=cgsh&condition= HTTP/1.1" 200 735
114.84.38.109 - - [31/Dec/2022:11:14:03 +0800] "POST /xingrg/kc/buy/cgsh_order_operate.html HTTP/1.1" 200 4430
114.84.38.109 - - [31/Dec/2022:11:14:06 +0800] "GET /xingrg/kc/print/load_data.html?order_code=212022123106083&kc_code=cgsh&condition= HTTP/1.1" 200 1348
114.88.159.190 - - [31/Dec/2022:11:14:06 +0800] "GET /xingrg/kc/buy/cgsh_order_operate.html?command=get_materiel&rest_code=00141&code=00101005017&supplier_code=00100312&order_time=2022-12-31 HTTP/1.1" 200 409
116.238.139.35 - - [31/Dec/2022:11:14:06 +0800] "GET /xingrg/kc/base/yddb_order_info.html?code=482022123100125 HTTP/1.1" 200 31387
116.238.139.35 - - [31/Dec/2022:11:14:06 +0800] "GET /xingrg/dwr/interface/AjaxYddbService.js HTTP/1.1" 200 13201
116.238.139.35 - - [31/Dec/2022:11:14:06 +0800] "GET /xingrg/dwr/interface/AjaxComOrderService.js HTTP/1.1" 200 18264
116.238.139.35 - - [31/Dec/2022:11:14:06 +0800] "GET /xingrg/dwr/engine.js HTTP/1.1" 200 43631
116.238.139.35 - - [31/Dec/2022:11:14:06 +0800] "POST /xingrg/dwr/call/plaincall/AjaxYddbService.loadMaterielItems.dwr HTTP/1.1" 200 1774
124.79.245.154 - - [31/Dec/2022:11:14:09 +0800] "GET /xingrg/all/function/internal_message.html?_=1672456455882&CODE_STATE=getMsg HTTP/1.1" 200 27
58.40.7.146 - - [31/Dec/2022:11:14:09 +0800] "GET /xingrg/all/function/internal_message.html?_=1672456459086&CODE_STATE=getMsg HTTP/1.1" 302 -
124.78.159.116 - - [31/Dec/2022:11:14:14 +0800] "GET /xingrg/all/function/internal_message.html?_=1672456462431&CODE_STATE=getMsg HTTP/1.1" 200 27
124.78.159.116 - - [31/Dec/2022:11:14:16 +0800] "GET /xingrg/kc/buy/buy_main.html HTTP/1.1" 200 12412
124.78.159.116 - - [31/Dec/2022:11:14:16 +0800] "GET /xingrg/css/new_ie.css HTTP/1.1" 404 1036
124.79.245.154 - - [31/Dec/2022:11:14:16 +0800] "GET /xingrg/all/function/internal_message.html?_=1672456698668&CODE_STATE=getMsg HTTP/1.1" 200 27
114.88.159.190 - - [31/Dec/2022:11:14:17 +0800] "GET /xingrg/kc/buy/cgsh_order_operate.html?command=get_materiel&rest_code=00141&code=00101004050&supplier_code=00100312&order_time=2022-12-31 HTTP/1.1" 200 426
124.78.159.116 - - [31/Dec/2022:11:14:17 +0800] "GET /xingrg/images/yd/bt.gif HTTP/1.1" 404 1040
116.230.105.139 - - [31/Dec/2022:11:14:17 +0800] "GET /xingrg/all/function/internal_message.html?_=1672456467330&CODE_STATE=getMsg HTTP/1.1" 302 -
124.78.159.116 - - [31/Dec/2022:11:14:18 +0800] "GET /xingrg/kc/buy/cgsh_order_list.html HTTP/1.1" 200 54078
124.78.159.116 - - [31/Dec/2022:11:14:20 +0800] "POST /xingrg/kc/buy/cgsh_list_operate.html HTTP/1.1" 200 3126
114.84.38.109 - - [31/Dec/2022:11:14:21 +0800] "GET /xingrg/kc/buy/cgsh_order_add.html HTTP/1.1" 200 69860
114.84.38.109 - - [31/Dec/2022:11:14:22 +0800] "POST /xingrg/kc/buy/cgsh_order_operate.html HTTP/1.1" 200 8245
114.84.38.109 - - [31/Dec/2022:11:14:22 +0800] "GET /xingrg/javascript/easyui/themes/default/validatebox.css HTTP/1.1" 404 1104
114.83.219.41 - - [31/Dec/2022:11:14:23 +0800] "GET /xingrg/all/function/internal_message.html?_=1672456471509&CODE_STATE=getMsg HTTP/1.1" 200 27
180.162.115.6 - - [31/Dec/2022:11:14:23 +0800] "GET /xingrg/all/function/internal_message.html?_=1672455466298&CODE_STATE=getMsg HTTP/1.1" 200 27
222.69.192.184 - - [31/Dec/2022:11:14:23 +0800] "GET /xingrg/all/function/internal_message.html?_=1672456472537&CODE_STATE=getMsg HTTP/1.1" 200 27
124.78.159.116 - - [31/Dec/2022:11:14:24 +0800] "POST /xingrg/kc/buy/cgsh_list_operate.html HTTP/1.1" 200 563
116.192.124.172 - - [31/Dec/2022:11:14:25 +0800] "GET /xingrg/kc/base/wldb_order_list.html HTTP/1.1" 200 19101
124.78.159.116 - - [31/Dec/2022:11:14:25 +0800] "GET /xingrg/kc/buy/cgsh_order_info.html?code=212022123106017 HTTP/1.1" 200 69863
124.78.159.116 - - [31/Dec/2022:11:14:26 +0800] "GET /xingrg/javascript/easyui/themes/default/validatebox.css HTTP/1.1" 404 1104
116.192.124.172 - - [31/Dec/2022:11:14:26 +0800] "POST /xingrg/kc/base/wldb_list_operate.html HTTP/1.1" 200 928
114.88.159.190 - - [31/Dec/2022:11:14:26 +0800] "GET /xingrg/kc/buy/cgsh_order_operate.html?command=get_materiel&rest_code=00141&code=00101004030&supplier_code=00100312&order_time=2022-12-31 HTTP/1.1" 200 408
124.78.159.116 - - [31/Dec/2022:11:14:26 +0800] "POST /xingrg/kc/buy/cgsh_order_operate.html HTTP/1.1" 200 19177
116.192.124.172 - - [31/Dec/2022:11:14:27 +0800] "GET /xingrg/kc/base/wldb_order_add.html HTTP/1.1" 200 30380
116.192.124.172 - - [31/Dec/2022:11:14:27 +0800] "GET /xingrg/words/20221231094221_words.js HTTP/1.1" 304 -
116.192.124.172 - - [31/Dec/2022:11:14:27 +0800] "POST /xingrg/kc/base/wldb_order_operate.html HTTP/1.1" 200 6806
116.192.124.172 - - [31/Dec/2022:11:14:27 +0800] "GET /xingrg/javascript/easyui/themes/default/validatebox.css HTTP/1.1" 404 1104
116.192.124.172 - - [31/Dec/2022:11:14:28 +0800] "POST /xingrg/all/common/load_combo.html?type=base HTTP/1.1" 200 3321
116.238.139.35 - - [31/Dec/2022:11:14:29 +0800] "GET /xingrg/all/function/internal_message.html?_=1672456400677&CODE_STATE=getMsg HTTP/1.1" 200 27
116.230.105.139 - - [31/Dec/2022:11:14:31 +0800] "GET /xingrg/all/function/internal_message.html?_=1672456480235&CODE_STATE=getMsg HTTP/1.1" 200 27
116.192.124.172 - - [31/Dec/2022:11:14:32 +0800] "GET /xingrg/javascript/auto/indicator.gif HTTP/1.1" 404 1066
116.238.139.35 - - [31/Dec/2022:11:14:33 +0800] "GET /xingrg/check_reg.html?_=1672456404114 HTTP/1.1" 200 22
114.84.38.109 - - [31/Dec/2022:11:14:34 +0800] "GET /xingrg/check_reg.html?_=1672456505752 HTTP/1.1" 200 22
116.238.139.35 - - [31/Dec/2022:11:14:34 +0800] "GET /xingrg/all/function/internal_message.html?_=1672456405623&CODE_STATE=getMsg HTTP/1.1" 200 27
114.88.159.190 - - [31/Dec/2022:11:14:34 +0800] "GET /xingrg/kc/buy/cgsh_order_operate.html?command=get_materiel&rest_code=00141&code=00101005015&supplier_code=00100312&order_time=2022-12-31 HTTP/1.1" 200 409
116.192.124.172 - - [31/Dec/2022:11:14:35 +0800] "GET /xingrg/kc/base/wldb_order_operate.html?command=get_materiel&rest_code=00102&base_code=0010476&code=00101016029 HTTP/1.1" 200 462
116.230.105.139 - - [31/Dec/2022:11:14:35 +0800] "GET /xingrg/all/report/report_query.html?isQuery=1&fileName=dma/new_5.0/menu/menu_hz.xml&queryString=(a.sale_day%2520between%252020221201%2520and%252020221231)%2520and%2520(a.sid%2520in%2520(18))%2520and%2520(a.tj_code%253D7)&queryText=%25E3%2580%2590%25E8%2590%25A5%25E4%25B8%259A%25E6%2597%25A5%25E6%259C%259F%253A2022-12-01%2520%25E8%2587%25B3%25202022-12-31%25E3%2580%2591%2520%25E5%25B9%25B6%25E4%25B8%2594%2520%2520%25E3%2580%2590%25E9%2597%25A8%25E5%25BA%2597%25E5%2590%258D%25E7%25A7%25B0%2520%253D%2520%25E6%25A6%2595%25E6%25B8%25AF%25E5%2590%258D%25E8%25BD%25A9%25E8%25BF%259C%25E6%25B4%258B%25E5%25BA%2597%25E3%2580%2591%2520%25E5%25B9%25B6%25E4%25B8%2594%2520%25E3%2580%2590%25E7%25BB%259F%25E8%25AE%25A1%25E7%25B1%25BB%25E5%2588%25AB%2520%253D%2520%25E9%2585%2592%25E6%25B0%25B4%25E3%2580%2591 HTTP/1.1" 200 54115
116.230.105.139 - - [31/Dec/2022:11:14:35 +0800] "GET /xingrg/dwr/engine.js HTTP/1.1" 200 43631
116.230.105.139 - - [31/Dec/2022:11:14:36 +0800] "GET /favicon.ico HTTP/1.1" 404 -
116.230.105.139 - - [31/Dec/2022:11:14:36 +0800] "POST /xingrg/all/report/load_report_page.html HTTP/1.1" 200 175578
116.230.105.139 - - [31/Dec/2022:11:14:36 +0800] "GET /xingrg/servlets/image?cache=0.3620925428969307&image=px HTTP/1.1" 200 807
124.79.245.154 - - [31/Dec/2022:11:14:37 +0800] "POST /xingrg/kc/buy/cgsh_order_operate.html HTTP/1.1" 200 37
114.84.38.109 - - [31/Dec/2022:11:14:37 +0800] "GET /xingrg/all/function/internal_message.html?_=1672456508872&CODE_STATE=getMsg HTTP/1.1" 200 27
124.78.159.116 - - [31/Dec/2022:11:14:38 +0800] "POST /xingrg/kc/buy/cgsh_order_operate.html HTTP/1.1" 200 37
222.69.192.184 - - [31/Dec/2022:11:14:38 +0800] "GET /xingrg/kc/buy/cgsh_order_operate.html?command=get_materiel&rest_code=00105&code=00101001045&supplier_code=00100439&order_time=2022-12-31 HTTP/1.1" 200 439
114.84.38.109 - - [31/Dec/2022:11:14:38 +0800] "GET /xingrg/kc/buy/cgsh_order_operate.html?command=get_materiel&rest_code=00146&code=00101007032&supplier_code=00100002&order_time=2022-12-31 HTTP/1.1" 200 434
58.221.95.50 - - [31/Dec/2022:11:14:40 +0800] "GET /xingrg/all/function/internal_message.html?_=1672456490374&CODE_STATE=getMsg HTTP/1.1" 200 27
124.79.245.154 - - [31/Dec/2022:11:14:40 +0800] "POST /xingrg/kc/buy/cgsh_order_operate.html HTTP/1.1" 200 12
124.78.159.116 - - [31/Dec/2022:11:14:42 +0800] "POST /xingrg/kc/buy/cgsh_order_operate.html HTTP/1.1" 200 12
124.79.245.154 - - [31/Dec/2022:11:14:42 +0800] "GET /xingrg/kc/buy/cgsh_order_info.html?code=212022123106084 HTTP/1.1" 200 64809
124.79.245.154 - - [31/Dec/2022:11:14:42 +0800] "GET /xingrg/all/function/internal_message.html?_=1672456488860&CODE_STATE=getMsg HTTP/1.1" 200 27
124.79.245.154 - - [31/Dec/2022:11:14:42 +0800] "GET /xingrg/javascript/easyui/themes/default/validatebox.css HTTP/1.1" 404 1104
124.78.159.116 - - [31/Dec/2022:11:14:43 +0800] "GET /xingrg/kc/buy/cgsh_order_info.html?code=212022123106017 HTTP/1.1" 200 64756
180.165.52.19 - - [31/Dec/2022:11:14:43 +0800] "GET /xingrg/all/function/internal_message.html?_=1672456493508&CODE_STATE=getMsg HTTP/1.1" 200 27
124.79.245.154 - - [31/Dec/2022:11:14:43 +0800] "POST /xingrg/kc/buy/cgsh_order_operate.html HTTP/1.1" 200 3627
124.78.159.116 - - [31/Dec/2022:11:14:43 +0800] "GET /xingrg/javascript/easyui/themes/default/validatebox.css HTTP/1.1" 404 1104
114.88.159.190 - - [31/Dec/2022:11:14:44 +0800] "GET /xingrg/kc/buy/cgsh_order_operate.html?command=get_materiel&rest_code=00141&code=00101004013&supplier_code=00100312&order_time=2022-12-31 HTTP/1.1" 200 431
124.78.159.116 - - [31/Dec/2022:11:14:44 +0800] "POST /xingrg/kc/buy/cgsh_order_operate.html HTTP/1.1" 200 17122
124.79.245.154 - - [31/Dec/2022:11:14:44 +0800] "GET /xingrg/kc/print/load_config.html?kc_code=cgsh HTTP/1.1" 200 1943
124.79.245.154 - - [31/Dec/2022:11:14:44 +0800] "GET /xingrg/kc/print/load_data.html?order_code=212022123106084&kc_code=cgsh&condition= HTTP/1.1" 200 1904
114.84.81.136 - - [31/Dec/2022:11:14:45 +0800] "GET /xingrg/all/function/internal_message.html?_=1672456496571&CODE_STATE=getMsg HTTP/1.1" 200 27
124.78.159.116 - - [31/Dec/2022:11:14:47 +0800] "GET /xingrg/kc/print/load_data.html?order_code=212022123106017&kc_code=cgsh&condition= HTTP/1.1" 200 6958
116.192.124.172 - - [31/Dec/2022:11:14:48 +0800] "GET /xingrg/all/function/internal_message.html?_=1672456497679&CODE_STATE=getMsg HTTP/1.1" 200 27
114.84.38.109 - - [31/Dec/2022:11:14:50 +0800] "GET /xingrg/login.html HTTP/1.1" 200 7641
114.84.38.109 - - [31/Dec/2022:11:14:50 +0800] "GET /xingrg/images/blue/jxLogo.png HTTP/1.1" 200 6156
114.84.38.109 - - [31/Dec/2022:11:14:50 +0800] "GET /xingrg/images/blue/hj.png HTTP/1.1" 200 1014
114.84.38.109 - - [31/Dec/2022:11:14:50 +0800] "GET /xingrg/images/blue/srbg.png HTTP/1.1" 200 138
114.84.38.109 - - [31/Dec/2022:11:14:50 +0800] "GET /xingrg/images/blue/login_bg.png HTTP/1.1" 200 22101
114.88.159.190 - - [31/Dec/2022:11:14:50 +0800] "GET /xingrg/all/function/internal_message.html?_=1672456085936&CODE_STATE=getMsg HTTP/1.1" 200 27
114.84.38.109 - - [31/Dec/2022:11:14:50 +0800] "GET /favicon.ico HTTP/1.1" 404 -
114.84.38.109 - - [31/Dec/2022:11:14:51 +0800] "POST /xingrg/kc/buy/cgsh_order_operate.html HTTP/1.1" 200 37
222.69.192.184 - - [31/Dec/2022:11:14:53 +0800] "GET /xingrg/all/function/internal_message.html?_=1672456346762&CODE_STATE=getMsg HTTP/1.1" 200 27
116.192.124.172 - - [31/Dec/2022:11:14:54 +0800] "GET /xingrg/check_reg.html?_=1672456513644 HTTP/1.1" 200 22
116.192.124.172 - - [31/Dec/2022:11:14:54 +0800] "GET /xingrg/all/function/internal_message.html?_=1672456513646&CODE_STATE=getMsg HTTP/1.1" 200 27
222.69.192.184 - - [31/Dec/2022:11:14:54 +0800] "POST /xingrg/kc/buy/cgsh_order_operate.html HTTP/1.1" 200 37
114.84.38.109 - - [31/Dec/2022:11:14:54 +0800] "POST /xingrg/kc/buy/cgsh_order_operate.html HTTP/1.1" 200 2657
114.84.171.241 - - [31/Dec/2022:11:14:54 +0800] "GET /xingrg/kc/base/wldb_order_add.html HTTP/1.1" 200 30394
114.84.171.241 - - [31/Dec/2022:11:14:54 +0800] "POST /xingrg/kc/base/wldb_order_operate.html HTTP/1.1" 200 6806
114.84.171.241 - - [31/Dec/2022:11:14:54 +0800] "GET /xingrg/javascript/easyui/themes/default/validatebox.css HTTP/1.1" 404 1104
114.88.159.190 - - [31/Dec/2022:11:14:55 +0800] "GET /xingrg/kc/buy/cgsh_order_operate.html?command=get_materiel&rest_code=00141&code=00101005022&supplier_code=00100312&order_time=2022-12-31 HTTP/1.1" 200 433
180.165.52.19 - - [31/Dec/2022:11:14:55 +0800] "GET /xingrg/all/function/internal_message.html?_=1672456505008&CODE_STATE=getMsg HTTP/1.1" 200 27
222.69.192.184 - - [31/Dec/2022:11:14:56 +0800] "POST /xingrg/kc/buy/cgsh_order_operate.html HTTP/1.1" 200 2670
114.84.38.109 - - [31/Dec/2022:11:14:56 +0800] "GET /xingrg/all/function/internal_message.html?_=1672456528170&CODE_STATE=getMsg HTTP/1.1" 200 27
114.84.38.109 - - [31/Dec/2022:11:14:57 +0800] "GET /xingrg/kc/print/load_data.html?order_code=212022123106085&kc_code=cgsh&condition= HTTP/1.1" 200 746
222.69.192.184 - - [31/Dec/2022:11:14:57 +0800] "GET /xingrg/kc/print/load_data.html?order_code=212022123106086&kc_code=cgsh&condition= HTTP/1.1" 200 687
116.238.139.35 - - [31/Dec/2022:11:14:58 +0800] "GET /xingrg/all/function/internal_message.html?_=1672456508303&CODE_STATE=getMsg HTTP/1.1" 200 27
116.230.105.139 - - [31/Dec/2022:11:14:58 +0800] "GET /xingrg/all/function/internal_message.html?_=1672456469676&CODE_STATE=getMsg HTTP/1.1" 200 27
114.84.38.109 - - [31/Dec/2022:11:14:58 +0800] "POST /xingrg/login.do HTTP/1.1" 200 2421
114.84.38.109 - - [31/Dec/2022:11:14:58 +0800] "GET /xingrg/css/blue.css HTTP/1.1" 200 15949
114.84.38.109 - - [31/Dec/2022:11:14:58 +0800] "GET /xingrg/images/blue/pic_top.gif HTTP/1.1" 200 3656
114.84.38.109 - - [31/Dec/2022:11:14:58 +0800] "GET /xingrg/images/blue/pic_notice.jpg HTTP/1.1" 200 3583
114.84.38.109 - - [31/Dec/2022:11:14:58 +0800] "GET /xingrg/javascript/myfunction.js HTTP/1.1" 200 24559
114.84.38.109 - - [31/Dec/2022:11:14:58 +0800] "GET /xingrg/images/blue/error_top.gif HTTP/1.1" 200 1790
114.84.38.109 - - [31/Dec/2022:11:14:58 +0800] "GET /xingrg/images/blue/error_mid.gif HTTP/1.1" 200 215
114.84.38.109 - - [31/Dec/2022:11:14:58 +0800] "GET /xingrg/images/blue/error_buttom.gif HTTP/1.1" 200 1750
114.84.38.109 - - [31/Dec/2022:11:15:00 +0800] "GET /xingrg/login.html HTTP/1.1" 200 7641
222.70.177.10 - - [31/Dec/2022:11:15:00 +0800] "GET /xingrg/all/function/internal_message.html?_=1672456506980&CODE_STATE=getMsg HTTP/1.1" 200 27
116.230.105.139 - - [31/Dec/2022:11:15:01 +0800] "GET /xingrg/kc/buy/cgsh_order_list.html HTTP/1.1" 200 54084
222.69.192.184 - - [31/Dec/2022:11:15:01 +0800] "GET /xingrg/kc/buy/cgsh_order_add.html HTTP/1.1" 200 69942
116.230.105.139 - - [31/Dec/2022:11:15:02 +0800] "GET /xingrg/kc/buy/cgsh_order_list.html HTTP/1.1" 200 54084
222.69.192.184 - - [31/Dec/2022:11:15:02 +0800] "GET /xingrg/javascript/easyui/themes/default/validatebox.css HTTP/1.1" 404 1104
222.69.192.184 - - [31/Dec/2022:11:15:02 +0800] "POST /xingrg/kc/buy/cgsh_order_operate.html HTTP/1.1" 200 8245
58.40.7.146 - - [31/Dec/2022:11:15:02 +0800] "GET /xingrg/all/function/internal_message.html?_=1672456511437&CODE_STATE=getMsg HTTP/1.1" 200 27
114.84.171.241 - - [31/Dec/2022:11:15:02 +0800] "GET /xingrg/all/function/internal_message.html?_=1672456511473&CODE_STATE=getMsg HTTP/1.1" 200 27
116.230.105.139 - - [31/Dec/2022:11:15:04 +0800] "POST /xingrg/kc/buy/cgsh_list_operate.html HTTP/1.1" 200 2730
114.88.159.190 - - [31/Dec/2022:11:15:04 +0800] "GET /xingrg/kc/buy/cgsh_order_operate.html?command=get_materiel&rest_code=00141&code=00101001029&supplier_code=00100312&order_time=2022-12-31 HTTP/1.1" 200 433
116.230.105.139 - - [31/Dec/2022:11:15:04 +0800] "POST /xingrg/kc/buy/cgsh_list_operate.html HTTP/1.1" 200 2730
116.230.105.139 - - [31/Dec/2022:11:15:04 +0800] "POST /xingrg/kc/buy/cgsh_list_operate.html HTTP/1.1" 200 2730
116.230.105.139 - - [31/Dec/2022:11:15:04 +0800] "POST /xingrg/all/user/operate.html HTTP/1.1" 200 36
116.230.105.139 - - [31/Dec/2022:11:15:05 +0800] "GET /xingrg/javascript/jquery_easy_ui/themes/default/easyui.css HTTP/1.1" 304 -
116.230.105.139 - - [31/Dec/2022:11:15:05 +0800] "GET /xingrg/index.html?sysBaseUrl=http%3A%2F%2F180.169.147.146%3A18081%2Fxingrg%2F&costTime=40×tamp=1672456073165 HTTP/1.1" 200 17179
116.230.105.139 - - [31/Dec/2022:11:15:05 +0800] "GET /xingrg/javascript/jquery_easy_ui/themes/icon.css HTTP/1.1" 304 -
116.230.105.139 - - [31/Dec/2022:11:15:05 +0800] "GET /xingrg/css/form.css HTTP/1.1" 304 -
116.230.105.139 - - [31/Dec/2022:11:15:05 +0800] "GET /xingrg/javascript/jquery-1.4.2.min.js HTTP/1.1" 304 -
116.230.105.139 - - [31/Dec/2022:11:15:05 +0800] "GET /xingrg/javascript/jquery_easy_ui/jquery.easyui.min.js HTTP/1.1" 304 -
116.230.105.139 - - [31/Dec/2022:11:15:05 +0800] "GET /xingrg/javascript/jquery_easy_ui/easyui-lang-zh_CN.js HTTP/1.1" 304 -
116.230.105.139 - - [31/Dec/2022:11:15:05 +0800] "GET /xingrg/javascript/jquery.form.js HTTP/1.1" 304 -
116.230.105.139 - - [31/Dec/2022:11:15:05 +0800] "GET /xingrg/javascript/jquery.utils.js HTTP/1.1" 304 -
116.230.105.139 - - [31/Dec/2022:11:15:05 +0800] "GET /xingrg/javascript/jquery.timers.js HTTP/1.1" 304 -
116.230.105.139 - - [31/Dec/2022:11:15:05 +0800] "GET /xingrg/images/blue/jxLogo.png HTTP/1.1" 304 -
116.230.105.139 - - [31/Dec/2022:11:15:05 +0800] "GET /xingrg/images/blue/navBackgound.jpg HTTP/1.1" 304 -
116.230.105.139 - - [31/Dec/2022:11:15:05 +0800] "GET /xingrg/javascript/jquery_easy_ui/themes/icons/settle_new.png HTTP/1.1" 304 -
116.230.105.139 - - [31/Dec/2022:11:15:05 +0800] "POST /xingrg/all/common/load_tree.html?tree=area_rest_tree_json&manage=1 HTTP/1.1" 200 479
116.230.105.139 - - [31/Dec/2022:11:15:05 +0800] "GET /xingrg/all/function/internal_message.html?_=1672456476373&CODE_STATE=count HTTP/1.1" 200 11
116.230.105.139 - - [31/Dec/2022:11:15:05 +0800] "GET /xingrg/check_reg.html?_=1672456476375 HTTP/1.1" 200 22
116.230.105.139 - - [31/Dec/2022:11:15:05 +0800] "GET /xingrg/javascript/jquery_easy_ui/themes/default/images/panel_tool_collapse.gif HTTP/1.1" 304 -
116.230.105.139 - - [31/Dec/2022:11:15:05 +0800] "GET /xingrg/images/blue/pingpu.png HTTP/1.1" 304 -
116.230.105.139 - - [31/Dec/2022:11:15:05 +0800] "GET /xingrg/javascript/jquery_easy_ui/themes/default/images/tabs_leftarrow.png HTTP/1.1" 304 -
116.230.105.139 - - [31/Dec/2022:11:15:05 +0800] "GET /xingrg/javascript/jquery_easy_ui/themes/default/images/tabs_rightarrow.png HTTP/1.1" 304 -
116.230.105.139 - - [31/Dec/2022:11:15:05 +0800] "POST /xingrg/load_menu.html HTTP/1.1" 200 5138
114.84.38.109 - - [31/Dec/2022:11:15:08 +0800] "POST /xingrg/login.do HTTP/1.1" 302 -
114.84.38.109 - - [31/Dec/2022:11:15:08 +0800] "GET /xingrg/index.html?sysBaseUrl=http%3A%2F%2F180.169.147.146%3A18081%2Fxingrg%2F&costTime=42×tamp=1672456508256 HTTP/1.1" 200 17503
114.84.38.109 - - [31/Dec/2022:11:15:08 +0800] "GET /xingrg/javascript/jquery_easy_ui/themes/icon.css HTTP/1.1" 200 3949
114.84.38.109 - - [31/Dec/2022:11:15:08 +0800] "GET /xingrg/css/form.css HTTP/1.1" 200 893
114.84.38.109 - - [31/Dec/2022:11:15:08 +0800] "GET /xingrg/javascript/jquery-1.4.2.min.js HTTP/1.1" 200 72205
114.84.38.109 - - [31/Dec/2022:11:15:08 +0800] "GET /xingrg/javascript/jquery_easy_ui/jquery.easyui.min.js HTTP/1.1" 200 213662
114.84.38.109 - - [31/Dec/2022:11:15:08 +0800] "GET /xingrg/javascript/jquery_easy_ui/easyui-lang-zh_CN.js HTTP/1.1" 200 1900
114.84.38.109 - - [31/Dec/2022:11:15:08 +0800] "GET /xingrg/javascript/jquery_easy_ui/themes/default/easyui.css HTTP/1.1" 200 26500
114.84.38.109 - - [31/Dec/2022:11:15:08 +0800] "GET /xingrg/javascript/jquery.utils.js HTTP/1.1" 200 11805
114.84.38.109 - - [31/Dec/2022:11:15:08 +0800] "GET /xingrg/javascript/jquery.form.js HTTP/1.1" 200 23110
114.84.38.109 - - [31/Dec/2022:11:15:08 +0800] "GET /xingrg/javascript/jquery.timers.js HTTP/1.1" 200 3532
114.84.38.109 - - [31/Dec/2022:11:15:08 +0800] "GET /xingrg/images/blue/navBackgound.jpg HTTP/1.1" 200 12378
114.84.38.109 - - [31/Dec/2022:11:15:08 +0800] "GET /xingrg/javascript/jquery_easy_ui/themes/icons/settle_new.png HTTP/1.1" 200 826
114.84.38.109 - - [31/Dec/2022:11:15:08 +0800] "GET /xingrg/images/blue/pingpu.png HTTP/1.1" 200 231
114.84.38.109 - - [31/Dec/2022:11:15:08 +0800] "POST /xingrg/all/common/load_tree.html?tree=area_rest_tree_json&manage=1 HTTP/1.1" 200 1972
114.84.38.109 - - [31/Dec/2022:11:15:08 +0800] "GET /xingrg/javascript/jquery_easy_ui/themes/default/images/panel_tool_collapse.gif HTTP/1.1" 200 246
114.84.38.109 - - [31/Dec/2022:11:15:08 +0800] "GET /xingrg/javascript/jquery_easy_ui/themes/default/images/panel_tool_expand.gif HTTP/1.1" 200 247
114.84.38.109 - - [31/Dec/2022:11:15:08 +0800] "GET /xingrg/check_reg.html?_=1672456524005 HTTP/1.1" 200 22
114.84.38.109 - - [31/Dec/2022:11:15:08 +0800] "GET /xingrg/all/function/internal_message.html?_=1672456524005&CODE_STATE=count HTTP/1.1" 200 11
114.84.38.109 - - [31/Dec/2022:11:15:08 +0800] "POST /xingrg/load_menu.html HTTP/1.1" 200 11564
114.84.38.109 - - [31/Dec/2022:11:15:08 +0800] "GET /xingrg/javascript/jquery_easy_ui/themes/default/images/tree_arrows.gif HTTP/1.1" 200 1043
114.84.38.109 - - [31/Dec/2022:11:15:08 +0800] "GET /xingrg/javascript/jquery_easy_ui/themes/default/images/tree_folder_open.gif HTTP/1.1" 200 956
114.84.38.109 - - [31/Dec/2022:11:15:08 +0800] "GET /xingrg/javascript/jquery_easy_ui/themes/icons/search_new.png HTTP/1.1" 200 586
114.84.38.109 - - [31/Dec/2022:11:15:08 +0800] "GET /xingrg/javascript/jquery_easy_ui/themes/icons/delivery_new.png HTTP/1.1" 200 700
114.84.38.109 - - [31/Dec/2022:11:15:08 +0800] "GET /xingrg/javascript/jquery_easy_ui/themes/icons/storage_new.png HTTP/1.1" 200 853
114.84.38.109 - - [31/Dec/2022:11:15:08 +0800] "GET /xingrg/javascript/jquery_easy_ui/themes/icons/checkout_new.png HTTP/1.1" 200 744
114.84.38.109 - - [31/Dec/2022:11:15:08 +0800] "GET /xingrg/javascript/jquery_easy_ui/themes/icons/setting_new.png HTTP/1.1" 200 450
114.84.38.109 - - [31/Dec/2022:11:15:08 +0800] "GET /xingrg/javascript/jquery_easy_ui/themes/icons/forms_new.png HTTP/1.1" 200 350
114.84.38.109 - - [31/Dec/2022:11:15:08 +0800] "GET /xingrg/javascript/jquery_easy_ui/themes/icons/systemset_new.png HTTP/1.1" 200 606
124.79.245.154 - - [31/Dec/2022:11:15:09 +0800] "GET /xingrg/all/function/internal_message.html?_=1672456515875&CODE_STATE=getMsg HTTP/1.1" 200 27
58.40.7.146 - - [31/Dec/2022:11:15:09 +0800] "GET /xingrg/all/function/internal_message.html?_=1672456519058&CODE_STATE=getMsg HTTP/1.1" 302 -
116.230.105.139 - - [31/Dec/2022:11:15:11 +0800] "GET /xingrg/kc/buy/cgsh_order_list.html HTTP/1.1" 200 54084
114.84.38.109 - - [31/Dec/2022:11:15:13 +0800] "GET /xingrg/javascript/jquery_easy_ui/themes/icons/area.png HTTP/1.1" 200 262
114.84.38.109 - - [31/Dec/2022:11:15:13 +0800] "GET /xingrg/javascript/jquery_easy_ui/themes/icons/rest.png HTTP/1.1" 200 695
114.84.38.109 - - [31/Dec/2022:11:15:13 +0800] "GET /xingrg/javascript/jquery_easy_ui/themes/icons/manage.png HTTP/1.1" 200 696
114.84.38.109 - - [31/Dec/2022:11:15:13 +0800] "GET /xingrg/javascript/jquery_easy_ui/themes/default/images/panel_tools.gif HTTP/1.1" 200 737
114.84.38.109 - - [31/Dec/2022:11:15:13 +0800] "GET /xingrg/javascript/jquery_easy_ui/themes/default/images/panel_title.png HTTP/1.1" 200 266
114.84.38.109 - - [31/Dec/2022:11:15:13 +0800] "GET /xingrg/javascript/jquery_easy_ui/themes/default/images/button_a_bg.gif HTTP/1.1" 200 1194
114.84.38.109 - - [31/Dec/2022:11:15:13 +0800] "GET /xingrg/javascript/jquery_easy_ui/themes/icons/ok.png HTTP/1.1" 200 883
114.84.38.109 - - [31/Dec/2022:11:15:13 +0800] "GET /xingrg/javascript/jquery_easy_ui/themes/default/images/button_span_bg.gif HTTP/1.1" 200 2061
124.78.159.116 - - [31/Dec/2022:11:15:14 +0800] "GET /xingrg/all/function/internal_message.html?_=1672456522414&CODE_STATE=getMsg HTTP/1.1" 200 27
116.230.105.139 - - [31/Dec/2022:11:15:14 +0800] "POST /xingrg/kc/buy/cgsh_list_operate.html HTTP/1.1" 200 3590
222.69.192.184 - - [31/Dec/2022:11:15:15 +0800] "GET /xingrg/kc/buy/cgsh_order_operate.html?command=get_materiel&rest_code=00105&code=00101001060&supplier_code=00100442&order_time=2022-12-31 HTTP/1.1" 200 442
124.79.245.154 - - [31/Dec/2022:11:15:16 +0800] "GET /xingrg/check_reg.html?_=1672456758658 HTTP/1.1" 200 22
124.79.245.154 - - [31/Dec/2022:11:15:16 +0800] "GET /xingrg/all/function/internal_message.html?_=1672456758659&CODE_STATE=getMsg HTTP/1.1" 200 27
114.84.38.109 - - [31/Dec/2022:11:15:17 +0800] "GET /xingrg/images/control/ajaxLoader.gif HTTP/1.1" 200 4659
114.84.38.109 - - [31/Dec/2022:11:15:17 +0800] "POST /xingrg/all/user/operate.html HTTP/1.1" 200 36
114.84.38.109 - - [31/Dec/2022:11:15:17 +0800] "GET /xingrg/index.html?sysBaseUrl=http%3A%2F%2F180.169.147.146%3A18081%2Fxingrg%2F&costTime=42×tamp=1672456508256 HTTP/1.1" 200 17509
114.84.38.109 - - [31/Dec/2022:11:15:17 +0800] "POST /xingrg/all/common/load_tree.html?tree=area_rest_tree_json&manage=1 HTTP/1.1" 200 1972
114.84.38.109 - - [31/Dec/2022:11:15:17 +0800] "GET /xingrg/all/function/internal_message.html?_=1672456532900&CODE_STATE=count HTTP/1.1" 200 11
114.84.38.109 - - [31/Dec/2022:11:15:17 +0800] "GET /xingrg/check_reg.html?_=1672456532901 HTTP/1.1" 200 22
114.84.38.109 - - [31/Dec/2022:11:15:17 +0800] "POST /xingrg/load_menu.html HTTP/1.1" 200 9959
114.84.38.109 - - [31/Dec/2022:11:15:17 +0800] "GET /xingrg/javascript/jquery_easy_ui/themes/default/images/tree_folder.gif HTTP/1.1" 200 952
116.230.105.139 - - [31/Dec/2022:11:15:17 +0800] "GET /xingrg/all/function/internal_message.html?_=1672456527321&CODE_STATE=getMsg HTTP/1.1" 302 -
114.84.38.109 - - [31/Dec/2022:11:15:18 +0800] "GET /xingrg/javascript/jquery_easy_ui/themes/default/images/tabs_close.gif HTTP/1.1" 200 829
114.84.38.109 - - [31/Dec/2022:11:15:18 +0800] "GET /xingrg/kc/report/report_main.html HTTP/1.1" 200 7340
114.84.38.109 - - [31/Dec/2022:11:15:18 +0800] "GET /xingrg/javascript/pic_change.js HTTP/1.1" 200 4739
114.84.38.109 - - [31/Dec/2022:11:15:18 +0800] "GET /xingrg/javascript/json2.js HTTP/1.1" 200 11259
114.84.38.109 - - [31/Dec/2022:11:15:18 +0800] "GET /xingrg/javascript/jquery_ui/themes/humanity/humanity.css HTTP/1.1" 200 27801
114.84.38.109 - - [31/Dec/2022:11:15:18 +0800] "GET /xingrg/javascript/jquery_easy_ui/themes/icons/back_new.png HTTP/1.1" 200 3414
116.238.139.35 - - [31/Dec/2022:11:15:19 +0800] "GET /xingrg/kc/base/yddb_order_add.html HTTP/1.1" 200 29953
116.238.139.35 - - [31/Dec/2022:11:15:19 +0800] "GET /xingrg/dwr/interface/AjaxYddbService.js HTTP/1.1" 200 13201
116.238.139.35 - - [31/Dec/2022:11:15:19 +0800] "GET /xingrg/dwr/interface/AjaxComOrderService.js HTTP/1.1" 200 18264
116.238.139.35 - - [31/Dec/2022:11:15:19 +0800] "GET /xingrg/dwr/engine.js HTTP/1.1" 200 43631
116.230.105.139 - - [31/Dec/2022:11:15:19 +0800] "POST /xingrg/kc/buy/cgsh_list_operate.html HTTP/1.1" 200 3590
222.69.192.184 - - [31/Dec/2022:11:15:19 +0800] "GET /xingrg/check_reg.html?_=1672456528793 HTTP/1.1" 200 22
114.84.38.109 - - [31/Dec/2022:11:15:19 +0800] "GET /xingrg/kc/base/crk_hz.html HTTP/1.1" 200 11247
114.84.38.109 - - [31/Dec/2022:11:15:19 +0800] "GET /xingrg/javascript/step/step.css HTTP/1.1" 200 999
114.84.38.109 - - [31/Dec/2022:11:15:19 +0800] "GET /xingrg/css/table.css HTTP/1.1" 200 3684
114.84.38.109 - - [31/Dec/2022:11:15:19 +0800] "GET /xingrg/javascript/jquery_easy_ui/themes/icons/search.png HTTP/1.1" 200 813
114.84.38.109 - - [31/Dec/2022:11:15:19 +0800] "GET /xingrg/javascript/jquery_easy_ui/themes/icons/print.png HTTP/1.1" 200 1057
114.84.38.109 - - [31/Dec/2022:11:15:19 +0800] "GET /xingrg/javascript/jquery_easy_ui/themes/default/images/menu_downarrow.png HTTP/1.1" 200 173
114.84.38.109 - - [31/Dec/2022:11:15:19 +0800] "GET /xingrg/javascript/jquery_easy_ui/themes/default/images/menu.gif HTTP/1.1" 200 834
114.84.38.109 - - [31/Dec/2022:11:15:19 +0800] "GET /xingrg/javascript/jquery_easy_ui/themes/default/images/combo_arrow_dot.gif HTTP/1.1" 200 79
114.84.38.109 - - [31/Dec/2022:11:15:19 +0800] "POST /xingrg/kc/cost/cost_operate.html?command=get_base_tree HTTP/1.1" 200 2583
114.84.38.109 - - [31/Dec/2022:11:15:19 +0800] "GET /xingrg/javascript/jquery_easy_ui/themes/default/images/calendar_prevyear.gif HTTP/1.1" 200 76
114.84.38.109 - - [31/Dec/2022:11:15:19 +0800] "GET /xingrg/javascript/jquery_easy_ui/themes/default/images/calendar_prevmonth.gif HTTP/1.1" 200 66
114.84.38.109 - - [31/Dec/2022:11:15:19 +0800] "GET /xingrg/javascript/jquery_easy_ui/themes/default/images/calendar_nextyear.gif HTTP/1.1" 200 75
114.84.38.109 - - [31/Dec/2022:11:15:19 +0800] "GET /xingrg/javascript/jquery_easy_ui/themes/default/images/calendar_nextmonth.gif HTTP/1.1" 200 64
114.84.38.109 - - [31/Dec/2022:11:15:20 +0800] "POST /xingrg/all/common/load_tree.html?tree=materiel_sort_tree_json HTTP/1.1" 200 9500
116.230.105.139 - - [31/Dec/2022:11:15:21 +0800] "GET /xingrg/kc/buy/cgsh_order_add.html HTTP/1.1" 200 69866
116.230.105.139 - - [31/Dec/2022:11:15:21 +0800] "POST /xingrg/kc/buy/cgsh_order_operate.html HTTP/1.1" 200 8245
116.230.105.139 - - [31/Dec/2022:11:15:21 +0800] "GET /xingrg/all/common/auto_word.html?type=employee&rest_code=00155 HTTP/1.1" 200 205
116.230.105.139 - - [31/Dec/2022:11:15:21 +0800] "GET /xingrg/all/common/auto_word.html?type=employee&rest_code=00155 HTTP/1.1" 200 205
116.230.105.139 - - [31/Dec/2022:11:15:21 +0800] "GET /xingrg/javascript/easyui/themes/default/validatebox.css HTTP/1.1" 404 1104
114.84.38.109 - - [31/Dec/2022:11:15:22 +0800] "GET /xingrg/javascript/jquery_easy_ui/themes/default/images/tree_file.gif HTTP/1.1" 200 118
114.84.38.109 - - [31/Dec/2022:11:15:22 +0800] "GET /xingrg/javascript/jquery_easy_ui/themes/default/images/tree_checkbox_0.gif HTTP/1.1" 200 168
116.238.139.35 - - [31/Dec/2022:11:15:22 +0800] "POST /xingrg/dwr/call/plaincall/AjaxYddbService.getRestBases.dwr HTTP/1.1" 200 1616
114.83.219.41 - - [31/Dec/2022:11:15:23 +0800] "GET /xingrg/all/function/internal_message.html?_=1672456531495&CODE_STATE=getMsg HTTP/1.1" 200 27
180.162.115.6 - - [31/Dec/2022:11:15:23 +0800] "GET /xingrg/check_reg.html?_=1672455526284 HTTP/1.1" 200 22
180.162.115.6 - - [31/Dec/2022:11:15:23 +0800] "GET /xingrg/all/function/internal_message.html?_=1672455526294&CODE_STATE=getMsg HTTP/1.1" 200 27
222.69.192.184 - - [31/Dec/2022:11:15:23 +0800] "GET /xingrg/all/function/internal_message.html?_=1672456532508&CODE_STATE=getMsg HTTP/1.1" 200 27
116.230.105.139 - - [31/Dec/2022:11:15:27 +0800] "GET /xingrg/javascript/auto/indicator.gif HTTP/1.1" 404 1066
114.84.38.109 - - [31/Dec/2022:11:15:27 +0800] "GET /xingrg/javascript/jquery_easy_ui/themes/default/images/tree_checkbox_2.gif HTTP/1.1" 200 181
114.84.38.109 - - [31/Dec/2022:11:15:27 +0800] "GET /xingrg/javascript/jquery_easy_ui/themes/default/images/tree_checkbox_1.gif HTTP/1.1" 200 174
116.230.105.139 - - [31/Dec/2022:11:15:28 +0800] "GET /xingrg/javascript/jquery_tools/images/next.gif HTTP/1.1" 404 1086
116.230.105.139 - - [31/Dec/2022:11:15:28 +0800] "GET /xingrg/javascript/jquery_tools/images/prev.gif HTTP/1.1" 404 1086
116.238.139.35 - - [31/Dec/2022:11:15:28 +0800] "POST /xingrg/dwr/call/plaincall/AjaxYddbService.saveOrder.dwr HTTP/1.1" 200 78
114.84.38.109 - - [31/Dec/2022:11:15:29 +0800] "GET /xingrg/kc/base/crk_hz.html?_=1672456544500&command=get_cost_id&end_date=2022-12-31&start_date=2022-12-01 HTTP/1.1" 200 51
114.84.38.109 - - [31/Dec/2022:11:15:29 +0800] "GET /xingrg/all/report/report_query.html?isQuery=1&onlyBody=1&rh=99999&rw=1800&varString=start:20221201,cost_id:4067,mid:20221201&fileName=kc/base/crk_hz_type_by_base.xml&queryString=%20a.base_code%20in%20(%270010332%27)%20&queryText=%C8%D5%C6%DA%A3%BA2022-12-01%D6%C12022-12-31%20%B2%D6%BF%E2%A3%BA%B0%C9%CC%A8&tableQueryString=materiel_table$sp1$$sp$before_table$sp1$$sp$crk_table$sp1$order_day%20between%2020221201%20and%2020221231 HTTP/1.1" 200 49398
114.84.38.109 - - [31/Dec/2022:11:15:29 +0800] "GET /xingrg/javascript/multi_select/jqueryMultiSelect.css HTTP/1.1" 200 951
114.84.38.109 - - [31/Dec/2022:11:15:29 +0800] "GET /xingrg/javascript/calendar/timePicker.css HTTP/1.1" 200 523
114.84.38.109 - - [31/Dec/2022:11:15:29 +0800] "GET /xingrg/javascript/bigrid/fix.css HTTP/1.1" 200 1702
114.84.38.109 - - [31/Dec/2022:11:15:29 +0800] "GET /xingrg/dwr/interface/AjaxReportQueryService.js HTTP/1.1" 200 13203
114.84.38.109 - - [31/Dec/2022:11:15:29 +0800] "GET /xingrg/javascript/calendar/jquery.timePicker.min.js HTTP/1.1" 200 2997
114.84.38.109 - - [31/Dec/2022:11:15:29 +0800] "GET /xingrg/javascript/jqueryMultiSelect.js HTTP/1.1" 200 11866
114.84.38.109 - - [31/Dec/2022:11:15:29 +0800] "GET /xingrg/javascript/bigrid/fix.js HTTP/1.1" 200 6439
114.84.38.109 - - [31/Dec/2022:11:15:29 +0800] "GET /xingrg/dwr/util.js HTTP/1.1" 200 35990
114.84.38.109 - - [31/Dec/2022:11:15:29 +0800] "GET /xingrg/dwr/engine.js HTTP/1.1" 200 43631
114.84.38.109 - - [31/Dec/2022:11:15:29 +0800] "GET /xingrg/javascript/Calendar.js HTTP/1.1" 200 31561
114.84.38.109 - - [31/Dec/2022:11:15:29 +0800] "GET /xingrg/images/blue/button/advanceover.gif HTTP/1.1" 200 1347
114.84.38.109 - - [31/Dec/2022:11:15:29 +0800] "GET /xingrg/images/control/loading.gif HTTP/1.1" 200 13463
114.84.38.109 - - [31/Dec/2022:11:15:29 +0800] "GET /xingrg/images/blue/button/advance2over.gif HTTP/1.1" 200 1336
114.84.38.109 - - [31/Dec/2022:11:15:29 +0800] "GET /xingrg/images/blue/button/back2over.gif HTTP/1.1" 200 1335
114.84.38.109 - - [31/Dec/2022:11:15:29 +0800] "GET /xingrg/images/blue/button/backover.gif HTTP/1.1" 200 1348
114.84.38.109 - - [31/Dec/2022:11:15:29 +0800] "GET /xingrg/javascript/jquery_easy_ui/themes/icons/help.png HTTP/1.1" 200 1187
114.88.159.190 - - [31/Dec/2022:11:15:29 +0800] "POST /xingrg/kc/buy/cgsh_order_operate.html HTTP/1.1" 200 37
116.238.139.35 - - [31/Dec/2022:11:15:29 +0800] "GET /xingrg/all/function/internal_message.html?_=1672456460719&CODE_STATE=getMsg HTTP/1.1" 200 27
114.84.38.109 - - [31/Dec/2022:11:15:29 +0800] "POST /xingrg/all/report/load_report_page.html HTTP/1.1" 200 94664
114.84.38.109 - - [31/Dec/2022:11:15:30 +0800] "GET /xingrg/servlets/image?cache=0.8222800331239881&image=px HTTP/1.1" 200 807
116.230.105.139 - - [31/Dec/2022:11:15:30 +0800] "GET /xingrg/all/function/internal_message.html?_=1672456540222&CODE_STATE=getMsg HTTP/1.1" 200 27
114.84.38.109 - - [31/Dec/2022:11:15:32 +0800] "GET /xingrg/all/report/report_query.html?isQuery=1&fileName=kc/base/crk_detail_by_small.xml&rh=99999&queryString=&queryText=%25E3%2580%2590%25E4%25BB%2593%25E5%25BA%2593%25E5%2590%258D%25E7%25A7%25B0%253A%25E5%2590%25A7%25E5%258F%25B0%25E3%2580%2591%25E3%2580%2590%25E4%25B8%259A%25E5%258A%25A1%25E7%25B1%25BB%25E5%259E%258B%25EF%25BC%259A%25E6%2580%25BB%25E9%2583%25A8%25E9%2585%258D%25E9%2580%2581%25E3%2580%2591%2520%253F%253F%253F%253F%253F2022-12-01%253F%253F2022-12-31%2520%253F%253F%253F%253F%253F%253F&tableQueryString=crk_table%2524sp1%2524order_day%2520between%252020221201%2520and%252020221231%2520and%2520(base_code%253D%270010332%27)%2520and%2520(src_order_type%2520in%2520(31))%2520and%2520(is_rk%2520in%2520(1)) HTTP/1.1" 200 53776
114.84.38.109 - - [31/Dec/2022:11:15:32 +0800] "GET /xingrg/dwr/interface/AjaxReportQueryService.js HTTP/1.1" 200 13203
114.84.38.109 - - [31/Dec/2022:11:15:32 +0800] "GET /xingrg/javascript/jquery_easy_ui/themes/icons/pencil.png HTTP/1.1" 200 713
114.84.38.109 - - [31/Dec/2022:11:15:32 +0800] "GET /xingrg/javascript/jquery_easy_ui/themes/default/images/menu_rightarrow.png HTTP/1.1" 200 3617
114.88.159.190 - - [31/Dec/2022:11:15:33 +0800] "POST /xingrg/kc/buy/cgsh_order_operate.html HTTP/1.1" 200 12
114.84.38.109 - - [31/Dec/2022:11:15:33 +0800] "POST /xingrg/all/report/load_report_page.html HTTP/1.1" 200 11711
114.84.38.109 - - [31/Dec/2022:11:15:33 +0800] "GET /xingrg/servlets/image?cache=0.7986933655680126&image=px HTTP/1.1" 200 807
116.238.139.35 - - [31/Dec/2022:11:15:33 +0800] "POST /xingrg/dwr/call/plaincall/AjaxComOrderService.getMaterielSearchList.dwr HTTP/1.1" 200 30483
116.238.139.35 - - [31/Dec/2022:11:15:34 +0800] "POST /xingrg/dwr/call/plaincall/AjaxComOrderService.getMaterielSearchList.dwr HTTP/1.1" 200 2006
114.88.159.190 - - [31/Dec/2022:11:15:34 +0800] "GET /xingrg/kc/buy/cgsh_order_info.html?code=212022123106087 HTTP/1.1" 200 64766
114.88.159.190 - - [31/Dec/2022:11:15:34 +0800] "GET /xingrg/javascript/easyui/themes/default/validatebox.css HTTP/1.1" 404 1104
116.238.139.35 - - [31/Dec/2022:11:15:34 +0800] "GET /xingrg/all/function/internal_message.html?_=1672456465635&CODE_STATE=getMsg HTTP/1.1" 200 27
114.88.159.190 - - [31/Dec/2022:11:15:35 +0800] "POST /xingrg/kc/buy/cgsh_order_operate.html HTTP/1.1" 200 5369
114.88.159.190 - - [31/Dec/2022:11:15:36 +0800] "GET /xingrg/kc/print/load_data.html?order_code=212022123106087&kc_code=cgsh&condition= HTTP/1.1" 200 2537
114.84.171.241 - - [31/Dec/2022:11:15:36 +0800] "GET /xingrg/kc/base/wldb_order_operate.html?command=get_materiel&rest_code=00142&base_code=0010193&code=00102002610 HTTP/1.1" 200 444
114.84.38.109 - - [31/Dec/2022:11:15:37 +0800] "GET /xingrg/all/function/internal_message.html?_=1672456568886&CODE_STATE=getMsg HTTP/1.1" 200 27
116.238.139.35 - - [31/Dec/2022:11:15:38 +0800] "POST /xingrg/dwr/call/plaincall/AjaxYddbService.getMaterielByMap.dwr HTTP/1.1" 200 2294
116.230.105.139 - - [31/Dec/2022:11:15:39 +0800] "GET /xingrg/kc/buy/cgsh_order_operate.html?command=get_materiel&rest_code=00155&code=00101012119&supplier_code=00100587&order_time=2022-12-31 HTTP/1.1" 200 402
116.238.139.35 - - [31/Dec/2022:11:15:40 +0800] "GET /xingrg/images/yd/bt2.gif HTTP/1.1" 404 1042
58.221.95.50 - - [31/Dec/2022:11:15:40 +0800] "GET /xingrg/all/function/internal_message.html?_=1672456550370&CODE_STATE=getMsg HTTP/1.1" 200 27
116.238.139.35 - - [31/Dec/2022:11:15:41 +0800] "POST /xingrg/dwr/call/plaincall/AjaxYddbService.saveMaterielItem.dwr HTTP/1.1" 200 78
114.88.159.190 - - [31/Dec/2022:11:15:41 +0800] "GET /xingrg/kc/buy/cgsh_order_add.html HTTP/1.1" 200 69860
114.88.159.190 - - [31/Dec/2022:11:15:41 +0800] "POST /xingrg/kc/buy/cgsh_order_operate.html HTTP/1.1" 200 8245
114.88.159.190 - - [31/Dec/2022:11:15:41 +0800] "GET /xingrg/javascript/easyui/themes/default/validatebox.css HTTP/1.1" 404 1104
124.79.245.154 - - [31/Dec/2022:11:15:42 +0800] "GET /xingrg/all/function/internal_message.html?_=1672456548853&CODE_STATE=getMsg HTTP/1.1" 200 27
180.165.52.19 - - [31/Dec/2022:11:15:43 +0800] "GET /xingrg/all/function/internal_message.html?_=1672456553490&CODE_STATE=getMsg HTTP/1.1" 200 27
116.238.139.35 - - [31/Dec/2022:11:15:43 +0800] "POST /xingrg/dwr/call/plaincall/AjaxComOrderService.getMaterielSearchList.dwr HTTP/1.1" 200 4438
116.238.139.35 - - [31/Dec/2022:11:15:43 +0800] "POST /xingrg/dwr/call/plaincall/AjaxComOrderService.getMaterielSearchList.dwr HTTP/1.1" 200 539826
114.84.81.136 - - [31/Dec/2022:11:15:45 +0800] "GET /xingrg/all/function/internal_message.html?_=1672456556578&CODE_STATE=getMsg HTTP/1.1" 200 27
116.230.105.139 - - [31/Dec/2022:11:15:46 +0800] "POST /xingrg/kc/buy/cgsh_order_operate.html HTTP/1.1" 200 37
116.238.139.35 - - [31/Dec/2022:11:15:46 +0800] "POST /xingrg/dwr/call/plaincall/AjaxComOrderService.getMaterielSearchList.dwr HTTP/1.1" 200 292
116.230.105.139 - - [31/Dec/2022:11:15:47 +0800] "POST /xingrg/kc/buy/cgsh_order_operate.html HTTP/1.1" 200 2659
116.238.139.35 - - [31/Dec/2022:11:15:47 +0800] "POST /xingrg/dwr/call/plaincall/AjaxYddbService.getMaterielByMap.dwr HTTP/1.1" 200 2341
114.84.38.109 - - [31/Dec/2022:11:15:47 +0800] "GET /xingrg/kc/mdqp/pssh_order_list.html HTTP/1.1" 200 17847
114.84.38.109 - - [31/Dec/2022:11:15:47 +0800] "GET /xingrg/css/base.css HTTP/1.1" 200 2811
114.84.38.109 - - [31/Dec/2022:11:15:47 +0800] "GET /xingrg/css/site.css HTTP/1.1" 200 7541
114.84.38.109 - - [31/Dec/2022:11:15:47 +0800] "GET /xingrg/javascript/jquery_tools/datebox.css HTTP/1.1" 200 2597
114.84.38.109 - - [31/Dec/2022:11:15:47 +0800] "GET /xingrg/javascript/auto/jquery.autocomplete.css HTTP/1.1" 200 587
114.84.38.109 - - [31/Dec/2022:11:15:47 +0800] "GET /xingrg/javascript/easyui/themes/icon.css HTTP/1.1" 200 4483
114.84.38.109 - - [31/Dec/2022:11:15:47 +0800] "GET /xingrg/javascript/jquery_tools/fix.css HTTP/1.1" 200 1702
114.84.38.109 - - [31/Dec/2022:11:15:47 +0800] "GET /xingrg/javascript/jquery_tools/table.css HTTP/1.1" 200 1032
114.84.38.109 - - [31/Dec/2022:11:15:47 +0800] "GET /xingrg/javascript/jquery_tools/jquery.tools.min.js HTTP/1.1" 200 138801
114.84.38.109 - - [31/Dec/2022:11:15:47 +0800] "GET /xingrg/javascript/easyui/themes/default/easyui.css HTTP/1.1" 200 30432
114.84.38.109 - - [31/Dec/2022:11:15:47 +0800] "GET /xingrg/javascript/jquery_tools/jquery.tools.hotkey.js HTTP/1.1" 200 3242
114.84.38.109 - - [31/Dec/2022:11:15:47 +0800] "GET /xingrg/javascript/jquery_tools/jquery.tools.table.js HTTP/1.1" 200 6994
114.84.38.109 - - [31/Dec/2022:11:15:47 +0800] "GET /xingrg/javascript/jquery_tools/list_manager.js HTTP/1.1" 200 3652
114.84.38.109 - - [31/Dec/2022:11:15:47 +0800] "GET /xingrg/javascript/jquery_tools/jquery.tools.extend.js HTTP/1.1" 200 15385
114.84.38.109 - - [31/Dec/2022:11:15:47 +0800] "GET /xingrg/javascript/easyui/easyloader.js HTTP/1.1" 200 5975
114.84.38.109 - - [31/Dec/2022:11:15:47 +0800] "GET /xingrg/javascript/jquery.cookie.js HTTP/1.1" 200 5513
114.84.38.109 - - [31/Dec/2022:11:15:47 +0800] "GET /xingrg/javascript/auto/jquery.autocomplete.js HTTP/1.1" 200 21624
114.84.38.109 - - [31/Dec/2022:11:15:47 +0800] "GET /xingrg/javascript/easyui/themes/icons/field_new.png HTTP/1.1" 200 1097
114.84.38.109 - - [31/Dec/2022:11:15:47 +0800] "GET /xingrg/javascript/easyui/plugins/jquery.parser.js HTTP/1.1" 200 1142
116.192.124.172 - - [31/Dec/2022:11:15:48 +0800] "GET /xingrg/all/function/internal_message.html?_=1672456557679&CODE_STATE=getMsg HTTP/1.1" 200 27
114.84.171.241 - - [31/Dec/2022:11:15:48 +0800] "GET /xingrg/kc/base/wldb_order_operate.html?command=get_materiel&rest_code=00142&base_code=0010193&code=00102002455 HTTP/1.1" 200 441
114.84.38.109 - - [31/Dec/2022:11:15:48 +0800] "POST /xingrg/kc/mdqp/pssh_list_operate.html HTTP/1.1" 200 5416
116.238.139.35 - - [31/Dec/2022:11:15:49 +0800] "POST /xingrg/dwr/call/plaincall/AjaxYddbService.getUnitPrice.dwr HTTP/1.1" 200 87
222.69.192.184 - - [31/Dec/2022:11:15:50 +0800] "POST /xingrg/kc/buy/cgsh_order_operate.html HTTP/1.1" 200 37
116.230.105.139 - - [31/Dec/2022:11:15:50 +0800] "GET /xingrg/kc/print/load_data.html?order_code=212022123106088&kc_code=cgsh&condition= HTTP/1.1" 200 668
114.88.159.190 - - [31/Dec/2022:11:15:50 +0800] "GET /xingrg/all/function/internal_message.html?_=1672456145924&CODE_STATE=getMsg HTTP/1.1" 200 27
114.84.38.109 - - [31/Dec/2022:11:15:50 +0800] "POST /xingrg/kc/mdqp/pssh_list_operate.html HTTP/1.1" 200 255
222.69.192.184 - - [31/Dec/2022:11:15:51 +0800] "POST /xingrg/kc/buy/cgsh_order_operate.html HTTP/1.1" 200 2666
114.88.159.190 - - [31/Dec/2022:11:15:51 +0800] "GET /xingrg/kc/buy/cgsh_order_operate.html?command=get_materiel&rest_code=00141&code=00101004034&supplier_code=00100085&order_time=2022-12-31 HTTP/1.1" 200 434
222.69.192.184 - - [31/Dec/2022:11:15:52 +0800] "GET /xingrg/kc/print/load_data.html?order_code=212022123106089&kc_code=cgsh&condition= HTTP/1.1" 200 680
116.238.139.35 - - [31/Dec/2022:11:15:53 +0800] "POST /xingrg/dwr/call/plaincall/AjaxYddbService.saveMaterielItem.dwr HTTP/1.1" 200 79
222.69.192.184 - - [31/Dec/2022:11:15:53 +0800] "GET /xingrg/all/function/internal_message.html?_=1672456406750&CODE_STATE=getMsg HTTP/1.1" 200 27
116.192.124.172 - - [31/Dec/2022:11:15:54 +0800] "GET /xingrg/all/function/internal_message.html?_=1672456573644&CODE_STATE=getMsg HTTP/1.1" 200 27
180.165.52.19 - - [31/Dec/2022:11:15:55 +0800] "GET /xingrg/all/function/internal_message.html?_=1672456565020&CODE_STATE=getMsg HTTP/1.1" 200 27
114.84.38.109 - - [31/Dec/2022:11:15:55 +0800] "POST /xingrg/kc/mdqp/pssh_list_operate.html HTTP/1.1" 200 271
114.84.38.109 - - [31/Dec/2022:11:15:56 +0800] "GET /xingrg/all/function/internal_message.html?_=1672456588339&CODE_STATE=getMsg HTTP/1.1" 200 27
116.230.105.139 - - [31/Dec/2022:11:15:56 +0800] "GET /xingrg/kc/buy/cgsh_order_add.html HTTP/1.1" 200 69866
116.230.105.139 - - [31/Dec/2022:11:15:57 +0800] "POST /xingrg/kc/buy/cgsh_order_operate.html HTTP/1.1" 200 8245
116.230.105.139 - - [31/Dec/2022:11:15:57 +0800] "GET /xingrg/javascript/easyui/themes/default/validatebox.css HTTP/1.1" 404 1104
116.238.139.35 - - [31/Dec/2022:11:15:57 +0800] "POST /xingrg/dwr/call/plaincall/AjaxYddbService.checkOrder.dwr HTTP/1.1" 200 79
116.238.139.35 - - [31/Dec/2022:11:15:58 +0800] "GET /xingrg/all/function/internal_message.html?_=1672456568309&CODE_STATE=getMsg HTTP/1.1" 200 27
116.238.139.35 - - [31/Dec/2022:11:15:58 +0800] "GET /xingrg/kc/base/yddb_order_info.html?code=482022123100126 HTTP/1.1" 200 31266
116.238.139.35 - - [31/Dec/2022:11:15:58 +0800] "GET /xingrg/dwr/interface/AjaxComOrderService.js HTTP/1.1" 200 18264
116.238.139.35 - - [31/Dec/2022:11:15:58 +0800] "GET /xingrg/dwr/interface/AjaxYddbService.js HTTP/1.1" 200 13201
116.238.139.35 - - [31/Dec/2022:11:15:58 +0800] "GET /xingrg/dwr/engine.js HTTP/1.1" 200 43631
114.84.38.109 - - [31/Dec/2022:11:15:58 +0800] "GET /xingrg/javascript/jquery_easy_ui/themes/default/images/tabs_active.png HTTP/1.1" 200 2894
116.238.139.35 - - [31/Dec/2022:11:15:58 +0800] "POST /xingrg/dwr/call/plaincall/AjaxYddbService.loadMaterielItems.dwr HTTP/1.1" 200 755
114.84.171.241 - - [31/Dec/2022:11:16:00 +0800] "GET /xingrg/kc/base/wldb_order_operate.html?command=get_materiel&rest_code=00142&base_code=0010193&code=00102002204 HTTP/1.1" 200 447
114.84.38.109 - - [31/Dec/2022:11:16:00 +0800] "GET /xingrg/all/report/report_query.html?isQuery=1&fileName=kc/base/crk_detail_by_small.xml&rh=99999&queryString=&queryText=%25E3%2580%2590%25E4%25BB%2593%25E5%25BA%2593%25E5%2590%258D%25E7%25A7%25B0%253A%25E5%2590%25A7%25E5%258F%25B0%25E3%2580%2591%25E3%2580%2590%25E4%25B8%259A%25E5%258A%25A1%25E7%25B1%25BB%25E5%259E%258B%25EF%25BC%259A%25E6%2580%25BB%25E9%2583%25A8%25E9%2585%258D%25E9%2580%2581%25E3%2580%2591%2520%253F%253F%253F%253F%253F2022-12-01%253F%253F2022-12-31%2520%253F%253F%253F%253F%253F%253F&tableQueryString=crk_table%2524sp1%2524order_day%2520between%252020221201%2520and%252020221231%2520and%2520(base_code%253D%270010332%27)%2520and%2520(src_order_type%2520in%2520(31))%2520and%2520(is_rk%2520in%2520(1)) HTTP/1.1" 200 53776
114.84.38.109 - - [31/Dec/2022:11:16:00 +0800] "GET /xingrg/dwr/interface/AjaxReportQueryService.js HTTP/1.1" 200 13203
222.70.177.10 - - [31/Dec/2022:11:16:00 +0800] "GET /xingrg/all/function/internal_message.html?_=1672456566981&CODE_STATE=getMsg HTTP/1.1" 200 27
114.84.38.109 - - [31/Dec/2022:11:16:00 +0800] "POST /xingrg/all/report/load_report_page.html HTTP/1.1" 200 11721
114.84.38.109 - - [31/Dec/2022:11:16:00 +0800] "GET /xingrg/servlets/image?cache=0.26142850753825986&image=px HTTP/1.1" 200 807
58.40.7.146 - - [31/Dec/2022:11:16:02 +0800] "GET /xingrg/all/function/internal_message.html?_=1672456571408&CODE_STATE=getMsg HTTP/1.1" 200 27
114.84.171.241 - - [31/Dec/2022:11:16:02 +0800] "GET /xingrg/all/function/internal_message.html?_=1672456571471&CODE_STATE=getMsg HTTP/1.1" 200 27
114.84.38.109 - - [31/Dec/2022:11:16:02 +0800] "POST /xingrg/all/report/load_report_page.html HTTP/1.1" 200 16047
114.84.38.109 - - [31/Dec/2022:11:16:02 +0800] "GET /xingrg/servlets/image?cache=0.33978764955116714&image=px HTTP/1.1" 200 807
116.230.105.139 - - [31/Dec/2022:11:16:05 +0800] "GET /xingrg/all/function/internal_message.html?_=1672456536395&CODE_STATE=getMsg HTTP/1.1" 200 27
116.238.139.35 - - [31/Dec/2022:11:16:05 +0800] "POST /xingrg/dwr/call/plaincall/AjaxYddbService.saveOrder.dwr HTTP/1.1" 200 78
114.88.159.190 - - [31/Dec/2022:11:16:06 +0800] "POST /xingrg/kc/buy/cgsh_order_operate.html HTTP/1.1" 200 37
114.84.38.109 - - [31/Dec/2022:11:16:07 +0800] "POST /xingrg/kc/mdqp/pssh_list_operate.html HTTP/1.1" 200 378
114.84.171.241 - - [31/Dec/2022:11:16:09 +0800] "GET /xingrg/kc/base/wldb_order_operate.html?command=get_materiel&rest_code=00142&base_code=0010193&code=00102002118 HTTP/1.1" 200 466
116.230.105.139 - - [31/Dec/2022:11:16:09 +0800] "GET /xingrg/kc/buy/cgsh_order_operate.html?command=get_materiel&rest_code=00155&code=00101006084&supplier_code=00100505&order_time=2022-12-31 HTTP/1.1" 200 430
124.79.245.154 - - [31/Dec/2022:11:16:09 +0800] "GET /xingrg/all/function/internal_message.html?_=1672456575878&CODE_STATE=getMsg HTTP/1.1" 200 27
124.79.245.154 - - [31/Dec/2022:11:16:09 +0800] "GET /xingrg/check_reg.html?_=1672456575880 HTTP/1.1" 200 22
58.40.7.146 - - [31/Dec/2022:11:16:09 +0800] "GET /xingrg/all/function/internal_message.html?_=1672456579033&CODE_STATE=getMsg HTTP/1.1" 302 -
114.88.159.190 - - [31/Dec/2022:11:16:10 +0800] "POST /xingrg/kc/buy/cgsh_order_operate.html HTTP/1.1" 200 12
116.238.139.35 - - [31/Dec/2022:11:16:11 +0800] "POST /xingrg/dwr/call/plaincall/AjaxYddbService.objCheckOrder.dwr HTTP/1.1" 200 78
114.84.171.241 - - [31/Dec/2022:11:16:12 +0800] "POST /xingrg/all/common/load_select.html HTTP/1.1" 200 38
116.238.139.35 - - [31/Dec/2022:11:16:12 +0800] "GET /xingrg/kc/base/yddb_order_info.html?code=482022123100126 HTTP/1.1" 200 31387
116.238.139.35 - - [31/Dec/2022:11:16:12 +0800] "GET /xingrg/dwr/interface/AjaxYddbService.js HTTP/1.1" 200 13201
116.238.139.35 - - [31/Dec/2022:11:16:12 +0800] "GET /xingrg/dwr/interface/AjaxComOrderService.js HTTP/1.1" 200 18264
116.238.139.35 - - [31/Dec/2022:11:16:12 +0800] "GET /xingrg/dwr/engine.js HTTP/1.1" 200 43631
