116.238.139.35 - - [31/Dec/2022:09:24:27 +0800] "GET /xingrg/all/function/internal_message.html?_=1672449798403&CODE_STATE=getMsg HTTP/1.1" 200 27
116.192.124.172 - - [31/Dec/2022:09:24:27 +0800] "GET /xingrg/css/images/panel_loading.gif HTTP/1.1" 200 1737
116.192.124.172 - - [31/Dec/2022:09:24:27 +0800] "POST /xingrg/all/common/load_combo.html?type=base HTTP/1.1" 200 3321
116.192.124.172 - - [31/Dec/2022:09:24:31 +0800] "GET /xingrg/javascript/auto/indicator.gif HTTP/1.1" 404 1066
58.40.7.146 - - [31/Dec/2022:09:24:32 +0800] "GET /xingrg/all/function/internal_message.html?_=1672449881198&CODE_STATE=getMsg HTTP/1.1" 200 27
116.238.139.35 - - [31/Dec/2022:09:24:32 +0800] "GET /xingrg/check_reg.html?_=1672449803661 HTTP/1.1" 200 22
116.238.139.35 - - [31/Dec/2022:09:24:32 +0800] "GET /xingrg/all/function/internal_message.html?_=1672449803785&CODE_STATE=getMsg HTTP/1.1" 200 27
116.192.124.172 - - [31/Dec/2022:09:24:33 +0800] "GET /xingrg/kc/base/wldb_order_operate.html?command=get_materiel&rest_code=00102&base_code=0010476&code=00101010057 HTTP/1.1" 200 440
222.69.192.184 - - [31/Dec/2022:09:24:33 +0800] "GET /xingrg/kc/buy/cgsh_order_operate.html?command=get_materiel&rest_code=00105&code=00101007199&supplier_code=00100012&order_time=2022-12-31 HTTP/1.1" 200 454
114.84.38.109 - - [31/Dec/2022:09:24:34 +0800] "GET /xingrg/check_reg.html?_=1672449905632 HTTP/1.1" 200 22
114.84.38.109 - - [31/Dec/2022:09:24:36 +0800] "GET /xingrg/all/function/internal_message.html?_=1672449907379&CODE_STATE=getMsg HTTP/1.1" 200 27
58.40.7.146 - - [31/Dec/2022:09:24:37 +0800] "GET /xingrg/kc/print/load_config.html?_=1672449884801&kc_code=check HTTP/1.1" 200 2243
58.40.7.146 - - [31/Dec/2022:09:24:37 +0800] "GET /xingrg/kc/print/load_data.html?_=1672449886373&order_code=452022123100092&kc_code=check HTTP/1.1" 200 3182
116.230.105.139 - - [31/Dec/2022:09:24:39 +0800] "GET /xingrg/all/function/internal_message.html?_=1672449851233&CODE_STATE=getMsg HTTP/1.1" 200 27
116.192.124.172 - - [31/Dec/2022:09:24:41 +0800] "GET /xingrg/kc/base/wldb_order_operate.html?command=get_materiel&rest_code=00102&base_code=0010476&code=00101020144 HTTP/1.1" 200 448
58.221.95.50 - - [31/Dec/2022:09:24:42 +0800] "GET /xingrg/all/function/internal_message.html?_=1672449892161&CODE_STATE=getMsg HTTP/1.1" 200 27
114.84.38.109 - - [31/Dec/2022:09:24:45 +0800] "GET /xingrg/all/function/internal_message.html?_=1672449916864&CODE_STATE=getMsg HTTP/1.1" 200 27
114.84.81.136 - - [31/Dec/2022:09:24:45 +0800] "GET /xingrg/all/function/internal_message.html?_=1672449896397&CODE_STATE=getMsg HTTP/1.1" 200 27
116.192.124.172 - - [31/Dec/2022:09:24:46 +0800] "GET /xingrg/kc/base/wldb_order_operate.html?command=get_materiel&rest_code=00102&base_code=0010476&code=00101013172 HTTP/1.1" 200 428
116.192.124.172 - - [31/Dec/2022:09:24:49 +0800] "GET /xingrg/check_reg.html?_=1672449899121 HTTP/1.1" 200 22
116.192.124.172 - - [31/Dec/2022:09:24:49 +0800] "GET /xingrg/all/function/internal_message.html?_=1672449899123&CODE_STATE=getMsg HTTP/1.1" 200 27
222.69.192.184 - - [31/Dec/2022:09:24:49 +0800] "GET /xingrg/kc/buy/cgsh_order_operate.html?command=get_materiel&rest_code=00105&code=00101006130&supplier_code=00100012&order_time=2022-12-31 HTTP/1.1" 200 442
114.88.159.190 - - [31/Dec/2022:09:24:52 +0800] "GET /xingrg/all/function/internal_message.html?_=1672449488130&CODE_STATE=getMsg HTTP/1.1" 200 27
222.69.192.184 - - [31/Dec/2022:09:24:53 +0800] "GET /xingrg/all/function/internal_message.html?_=1672449746601&CODE_STATE=getMsg HTTP/1.1" 200 27
116.192.124.172 - - [31/Dec/2022:09:24:55 +0800] "GET /xingrg/kc/base/wldb_order_operate.html?command=get_materiel&rest_code=00102&base_code=0010476&code=00101013082 HTTP/1.1" 200 434
222.70.177.10 - - [31/Dec/2022:09:24:58 +0800] "POST /xingrg/services/DataTransmitService HTTP/1.1" 200 524
222.69.192.184 - - [31/Dec/2022:09:25:03 +0800] "GET /xingrg/kc/buy/cgsh_order_operate.html?command=get_materiel&rest_code=00105&code=00101006129&supplier_code=00100012&order_time=2022-12-31 HTTP/1.1" 200 446
116.238.139.35 - - [31/Dec/2022:09:25:11 +0800] "GET /xingrg/check_reg.html?_=1672449921319 HTTP/1.1" 200 22
114.83.219.41 - - [31/Dec/2022:09:25:12 +0800] "GET /xingrg/all/function/internal_message.html?_=1672449920190&CODE_STATE=getMsg HTTP/1.1" 200 27
116.238.139.35 - - [31/Dec/2022:09:25:12 +0800] "GET /xingrg/all/function/internal_message.html?_=1672449922260&CODE_STATE=getMsg HTTP/1.1" 200 27
58.40.7.146 - - [31/Dec/2022:09:25:16 +0800] "POST /xingrg/kc/base/check_list_operate.html HTTP/1.1" 200 2238
222.69.192.184 - - [31/Dec/2022:09:25:19 +0800] "GET /xingrg/check_reg.html?_=1672449928647 HTTP/1.1" 200 22
58.40.7.146 - - [31/Dec/2022:09:25:21 +0800] "GET /xingrg/kc/base/check_order_info.html?code=452022123000081 HTTP/1.1" 200 26153
58.40.7.146 - - [31/Dec/2022:09:25:22 +0800] "GET /xingrg/dwr/interface/AjaxComOrderService.js HTTP/1.1" 200 18264
58.40.7.146 - - [31/Dec/2022:09:25:22 +0800] "GET /xingrg/dwr/interface/AjaxCheckService.js HTTP/1.1" 200 14003
58.40.7.146 - - [31/Dec/2022:09:25:22 +0800] "GET /xingrg/dwr/engine.js HTTP/1.1" 200 43631
58.40.7.146 - - [31/Dec/2022:09:25:24 +0800] "POST /xingrg/dwr/call/plaincall/AjaxCheckService.loadOrderItems.dwr HTTP/1.1" 200 367
222.69.192.184 - - [31/Dec/2022:09:25:24 +0800] "GET /xingrg/kc/buy/cgsh_order_operate.html?command=get_materiel&rest_code=00105&code=00101006002&supplier_code=00100012&order_time=2022-12-31 HTTP/1.1" 200 416
222.69.192.184 - - [31/Dec/2022:09:25:25 +0800] "GET /xingrg/all/function/internal_message.html?_=1672449934689&CODE_STATE=getMsg HTTP/1.1" 200 27
116.238.139.35 - - [31/Dec/2022:09:25:27 +0800] "GET /xingrg/all/function/internal_message.html?_=1672449858434&CODE_STATE=getMsg HTTP/1.1" 200 27
58.40.7.146 - - [31/Dec/2022:09:25:32 +0800] "GET /xingrg/all/function/internal_message.html?_=1672449941429&CODE_STATE=getMsg HTTP/1.1" 200 27
58.40.7.146 - - [31/Dec/2022:09:25:32 +0800] "GET /xingrg/kc/base/check_order_add.html HTTP/1.1" 200 26107
58.40.7.146 - - [31/Dec/2022:09:25:32 +0800] "GET /xingrg/dwr/interface/AjaxComOrderService.js HTTP/1.1" 200 18264
116.238.139.35 - - [31/Dec/2022:09:25:32 +0800] "GET /xingrg/all/function/internal_message.html?_=1672449863800&CODE_STATE=getMsg HTTP/1.1" 200 27
58.40.7.146 - - [31/Dec/2022:09:25:32 +0800] "GET /xingrg/dwr/interface/AjaxCheckService.js HTTP/1.1" 200 14003
58.40.7.146 - - [31/Dec/2022:09:25:32 +0800] "GET /xingrg/dwr/engine.js HTTP/1.1" 200 43631
114.84.38.109 - - [31/Dec/2022:09:25:36 +0800] "GET /xingrg/all/function/internal_message.html?_=1672449967392&CODE_STATE=getMsg HTTP/1.1" 200 27
116.192.124.172 - - [31/Dec/2022:09:25:39 +0800] "GET /xingrg/kc/base/wldb_order_operate.html?command=get_materiel&rest_code=00102&base_code=0010476&code=00101013076 HTTP/1.1" 200 440
116.230.105.139 - - [31/Dec/2022:09:25:39 +0800] "GET /xingrg/all/function/internal_message.html?_=1672449911234&CODE_STATE=getMsg HTTP/1.1" 200 27
116.230.105.139 - - [31/Dec/2022:09:25:39 +0800] "GET /xingrg/check_reg.html?_=1672449911236 HTTP/1.1" 200 22
58.40.7.146 - - [31/Dec/2022:09:25:40 +0800] "POST /xingrg/dwr/call/plaincall/AjaxCheckService.saveOrder.dwr HTTP/1.1" 200 78
58.40.7.146 - - [31/Dec/2022:09:25:41 +0800] "POST /xingrg/dwr/call/plaincall/AjaxCheckService.loadOrderItems.dwr HTTP/1.1" 200 367
58.221.95.50 - - [31/Dec/2022:09:25:42 +0800] "GET /xingrg/all/function/internal_message.html?_=1672449952138&CODE_STATE=getMsg HTTP/1.1" 200 27
58.40.7.146 - - [31/Dec/2022:09:25:44 +0800] "POST /xingrg/kc/report/common_data.html?type=materiel_category_tree HTTP/1.1" 200 3921
114.84.38.109 - - [31/Dec/2022:09:25:45 +0800] "GET /xingrg/all/function/internal_message.html?_=1672449976913&CODE_STATE=getMsg HTTP/1.1" 200 27
114.84.81.136 - - [31/Dec/2022:09:25:45 +0800] "GET /xingrg/all/function/internal_message.html?_=1672449956396&CODE_STATE=getMsg HTTP/1.1" 200 27
116.192.124.172 - - [31/Dec/2022:09:25:49 +0800] "GET /xingrg/all/function/internal_message.html?_=1672449959123&CODE_STATE=getMsg HTTP/1.1" 200 27
114.88.159.190 - - [31/Dec/2022:09:25:52 +0800] "GET /xingrg/all/function/internal_message.html?_=1672449548107&CODE_STATE=getMsg HTTP/1.1" 200 27
222.69.192.184 - - [31/Dec/2022:09:25:53 +0800] "GET /xingrg/all/function/internal_message.html?_=1672449806641&CODE_STATE=getMsg HTTP/1.1" 200 27
114.83.219.41 - - [31/Dec/2022:09:25:56 +0800] "GET /xingrg/kc/buy/cgsh_order_operate.html?command=get_materiel&rest_code=00149&code=00101008010&supplier_code=00100008&order_time=2022-12-31 HTTP/1.1" 200 428
58.40.7.146 - - [31/Dec/2022:09:25:59 +0800] "POST /xingrg/dwr/call/plaincall/AjaxCheckService.importOrderItems.dwr HTTP/1.1" 200 78
58.40.7.146 - - [31/Dec/2022:09:26:01 +0800] "POST /xingrg/dwr/call/plaincall/AjaxCheckService.loadOrderItems.dwr HTTP/1.1" 200 56228
58.40.7.146 - - [31/Dec/2022:09:26:06 +0800] "POST /xingrg/dwr/call/plaincall/AjaxCheckService.deleteOrderItem.dwr HTTP/1.1" 200 78
58.40.7.146 - - [31/Dec/2022:09:26:10 +0800] "POST /xingrg/dwr/call/plaincall/AjaxCheckService.deleteOrderItem.dwr HTTP/1.1" 200 78
114.83.219.41 - - [31/Dec/2022:09:26:12 +0800] "GET /xingrg/all/function/internal_message.html?_=1672449980172&CODE_STATE=getMsg HTTP/1.1" 200 27
116.238.139.35 - - [31/Dec/2022:09:26:12 +0800] "GET /xingrg/all/function/internal_message.html?_=1672449982234&CODE_STATE=getMsg HTTP/1.1" 200 27
114.83.219.41 - - [31/Dec/2022:09:26:13 +0800] "GET /xingrg/kc/buy/cgsh_order_operate.html?command=get_materiel&rest_code=00149&code=00101008306&supplier_code=00100008&order_time=2022-12-31 HTTP/1.1" 200 412
114.84.81.136 - - [31/Dec/2022:09:26:22 +0800] "GET /xingrg/kc/base/check_order_info.html?code=452022122900077 HTTP/1.1" 200 26505
114.84.81.136 - - [31/Dec/2022:09:26:22 +0800] "GET /xingrg/dwr/interface/AjaxComOrderService.js HTTP/1.1" 200 18264
114.84.81.136 - - [31/Dec/2022:09:26:22 +0800] "GET /xingrg/dwr/interface/AjaxCheckService.js HTTP/1.1" 200 14003
114.84.81.136 - - [31/Dec/2022:09:26:22 +0800] "GET /xingrg/dwr/engine.js HTTP/1.1" 200 43631
114.84.81.136 - - [31/Dec/2022:09:26:23 +0800] "POST /xingrg/dwr/call/plaincall/AjaxCheckService.loadOrderItems.dwr HTTP/1.1" 200 2914
114.83.219.41 - - [31/Dec/2022:09:26:23 +0800] "GET /xingrg/kc/buy/cgsh_order_operate.html?command=get_materiel&rest_code=00149&code=00101008361&supplier_code=00100008&order_time=2022-12-31 HTTP/1.1" 200 408
114.84.81.136 - - [31/Dec/2022:09:26:25 +0800] "GET /xingrg/kc/buy/buy_main.html HTTP/1.1" 200 12412
114.84.81.136 - - [31/Dec/2022:09:26:25 +0800] "GET /xingrg/css/new_ie.css HTTP/1.1" 404 1036
222.69.192.184 - - [31/Dec/2022:09:26:25 +0800] "GET /xingrg/all/function/internal_message.html?_=1672449994702&CODE_STATE=getMsg HTTP/1.1" 200 27
114.84.81.136 - - [31/Dec/2022:09:26:25 +0800] "GET /xingrg/images/yd/bt.gif HTTP/1.1" 404 1040
114.84.81.136 - - [31/Dec/2022:09:26:26 +0800] "GET /xingrg/kc/buy/cgsh_order_list.html HTTP/1.1" 200 54084
58.40.7.146 - - [31/Dec/2022:09:26:27 +0800] "POST /xingrg/dwr/call/plaincall/AjaxCheckService.deleteOrderItem.dwr HTTP/1.1" 200 78
116.238.139.35 - - [31/Dec/2022:09:26:27 +0800] "GET /xingrg/all/function/internal_message.html?_=1672449918446&CODE_STATE=getMsg HTTP/1.1" 200 27
114.84.81.136 - - [31/Dec/2022:09:26:29 +0800] "POST /xingrg/kc/buy/cgsh_list_operate.html HTTP/1.1" 200 3123
114.83.219.41 - - [31/Dec/2022:09:26:30 +0800] "POST /xingrg/kc/buy/cgsh_order_operate.html HTTP/1.1" 200 2065
58.40.7.146 - - [31/Dec/2022:09:26:31 +0800] "POST /xingrg/dwr/call/plaincall/AjaxCheckService.deleteOrderItem.dwr HTTP/1.1" 200 78
114.84.81.136 - - [31/Dec/2022:09:26:32 +0800] "POST /xingrg/kc/buy/cgsh_list_operate.html HTTP/1.1" 200 569
114.84.81.136 - - [31/Dec/2022:09:26:32 +0800] "GET /xingrg/kc/buy/cgsh_order_info.html?code=212022123106008 HTTP/1.1" 200 69863
58.40.7.146 - - [31/Dec/2022:09:26:32 +0800] "GET /xingrg/all/function/internal_message.html?_=1672450001403&CODE_STATE=getMsg HTTP/1.1" 200 27
114.84.81.136 - - [31/Dec/2022:09:26:32 +0800] "GET /xingrg/words/20221230092200_words.js HTTP/1.1" 304 -
116.238.139.35 - - [31/Dec/2022:09:26:32 +0800] "GET /xingrg/all/function/internal_message.html?_=1672449923811&CODE_STATE=getMsg HTTP/1.1" 200 27
114.84.81.136 - - [31/Dec/2022:09:26:33 +0800] "GET /xingrg/all/common/auto_word.html?type=employee&rest_code=00148 HTTP/1.1" 200 243
114.84.81.136 - - [31/Dec/2022:09:26:33 +0800] "GET /xingrg/all/common/auto_word.html?type=employee&rest_code=00148 HTTP/1.1" 200 243
114.84.81.136 - - [31/Dec/2022:09:26:33 +0800] "GET /xingrg/javascript/easyui/themes/default/validatebox.css HTTP/1.1" 404 1104
114.84.81.136 - - [31/Dec/2022:09:26:33 +0800] "POST /xingrg/kc/buy/cgsh_order_operate.html HTTP/1.1" 200 10940
58.40.7.146 - - [31/Dec/2022:09:26:35 +0800] "POST /xingrg/dwr/call/plaincall/AjaxCheckService.deleteOrderItem.dwr HTTP/1.1" 200 78
114.84.38.109 - - [31/Dec/2022:09:26:36 +0800] "GET /xingrg/all/function/internal_message.html?_=1672450027406&CODE_STATE=getMsg HTTP/1.1" 200 27
114.84.81.136 - - [31/Dec/2022:09:26:36 +0800] "GET /xingrg/kc/print/report_design.html?orderType=cgsh HTTP/1.1" 200 8625
114.84.81.136 - - [31/Dec/2022:09:26:36 +0800] "GET /xingrg/css/design.css HTTP/1.1" 200 2477
114.84.81.136 - - [31/Dec/2022:09:26:36 +0800] "GET /xingrg/javascript/easyui/themes/sunny/easyui.css HTTP/1.1" 304 -
114.84.81.136 - - [31/Dec/2022:09:26:36 +0800] "GET /xingrg/javascript/easyui/jquery.easyui.min.js HTTP/1.1" 200 272531
114.84.81.136 - - [31/Dec/2022:09:26:36 +0800] "GET /xingrg/javascript/print/report.helper.js HTTP/1.1" 200 7208
114.84.81.136 - - [31/Dec/2022:09:26:36 +0800] "GET /xingrg/javascript/print/report.js HTTP/1.1" 200 10993
114.84.81.136 - - [31/Dec/2022:09:26:36 +0800] "GET /xingrg/kc/print/design_operate.html?_=1672450006228&command=load_config&code=cgsh HTTP/1.1" 200 2853
114.84.81.136 - - [31/Dec/2022:09:26:36 +0800] "GET /xingrg/javascript/easyui/themes/sunny/images/ui-bg_highlight-soft_100_feeebd_1x100.png HTTP/1.1" 200 108
114.84.81.136 - - [31/Dec/2022:09:26:36 +0800] "GET /xingrg/javascript/easyui/themes/sunny/images/blank.gif HTTP/1.1" 200 43
114.84.81.136 - - [31/Dec/2022:09:26:36 +0800] "GET /xingrg/javascript/easyui/themes/sunny/images/ui-bg_gloss-wave_45_817865_500x100.png HTTP/1.1" 200 3971
114.84.81.136 - - [31/Dec/2022:09:26:36 +0800] "GET /xingrg/javascript/easyui/themes/sunny/images/ui-icons_fadc7a_256x240.png HTTP/1.1" 200 4369
114.84.81.136 - - [31/Dec/2022:09:26:36 +0800] "GET /xingrg/javascript/easyui/themes/sunny/images/ui-icons_bd7b00_256x240.png HTTP/1.1" 200 4369
114.84.81.136 - - [31/Dec/2022:09:26:36 +0800] "GET /xingrg/javascript/easyui/themes/sunny/images/ui-bg_gloss-wave_70_ffdd57_500x100.png HTTP/1.1" 200 3830
114.84.81.136 - - [31/Dec/2022:09:26:37 +0800] "GET /xingrg/css/images/background.png HTTP/1.1" 200 137
114.84.81.136 - - [31/Dec/2022:09:26:37 +0800] "GET /favicon.ico HTTP/1.1" 404 -
58.40.7.146 - - [31/Dec/2022:09:26:38 +0800] "POST /xingrg/dwr/call/plaincall/AjaxCheckService.deleteOrderItem.dwr HTTP/1.1" 200 78
116.230.105.139 - - [31/Dec/2022:09:26:39 +0800] "GET /xingrg/all/function/internal_message.html?_=1672449971228&CODE_STATE=getMsg HTTP/1.1" 200 27
58.221.95.50 - - [31/Dec/2022:09:26:42 +0800] "GET /xingrg/all/function/internal_message.html?_=1672450012130&CODE_STATE=getMsg HTTP/1.1" 200 27
58.40.7.146 - - [31/Dec/2022:09:26:42 +0800] "POST /xingrg/dwr/call/plaincall/AjaxCheckService.deleteOrderItem.dwr HTTP/1.1" 200 79
116.192.124.172 - - [31/Dec/2022:09:26:43 +0800] "GET /xingrg/system/info/materiel_import.html?isSelect=1&singleSelect=false HTTP/1.1" 200 5600
116.192.124.172 - - [31/Dec/2022:09:26:43 +0800] "GET /xingrg/css/xtree.css HTTP/1.1" 200 880
116.192.124.172 - - [31/Dec/2022:09:26:43 +0800] "GET /xingrg/css/blue.css HTTP/1.1" 200 15949
116.192.124.172 - - [31/Dec/2022:09:26:43 +0800] "GET /xingrg/javascript/jquery_ui/themes/base/base.css HTTP/1.1" 200 28568
116.192.124.172 - - [31/Dec/2022:09:26:43 +0800] "GET /xingrg/javascript/jquery_easy_ui/themes/default/images/button_a_bg.gif HTTP/1.1" 200 1194
116.192.124.172 - - [31/Dec/2022:09:26:43 +0800] "GET /xingrg/javascript/jquery_easy_ui/themes/default/images/button_span_bg.gif HTTP/1.1" 200 2061
116.192.124.172 - - [31/Dec/2022:09:26:43 +0800] "GET /xingrg/javascript/jquery_easy_ui/themes/icons/search.png HTTP/1.1" 200 813
116.192.124.172 - - [31/Dec/2022:09:26:43 +0800] "GET /xingrg/javascript/jquery_easy_ui/themes/icons/edit_add.png HTTP/1.1" 200 1088
116.192.124.172 - - [31/Dec/2022:09:26:43 +0800] "GET /xingrg/javascript/jquery_easy_ui/themes/default/images/datagrid_header_bg.gif HTTP/1.1" 200 97
116.192.124.172 - - [31/Dec/2022:09:26:43 +0800] "GET /xingrg/javascript/jquery_easy_ui/themes/default/images/pagination_first.gif HTTP/1.1" 200 925
116.192.124.172 - - [31/Dec/2022:09:26:43 +0800] "GET /xingrg/javascript/jquery_easy_ui/themes/icons/check_new.png HTTP/1.1" 200 3224
116.192.124.172 - - [31/Dec/2022:09:26:43 +0800] "GET /xingrg/javascript/jquery_easy_ui/themes/default/images/pagination_next.gif HTTP/1.1" 200 875
116.192.124.172 - - [31/Dec/2022:09:26:43 +0800] "GET /xingrg/javascript/jquery_easy_ui/themes/default/images/pagination_prev.gif HTTP/1.1" 200 879
116.192.124.172 - - [31/Dec/2022:09:26:43 +0800] "GET /xingrg/javascript/jquery_easy_ui/themes/default/images/pagination_last.gif HTTP/1.1" 200 923
116.192.124.172 - - [31/Dec/2022:09:26:43 +0800] "GET /favicon.ico HTTP/1.1" 404 -
116.192.124.172 - - [31/Dec/2022:09:26:43 +0800] "GET /xingrg/javascript/jquery_easy_ui/themes/default/images/pagination_load.png HTTP/1.1" 200 827
116.192.124.172 - - [31/Dec/2022:09:26:43 +0800] "POST /xingrg/all/common/load_tree.html?tree=materiel_sort_tree_json HTTP/1.1" 200 9500
116.192.124.172 - - [31/Dec/2022:09:26:43 +0800] "GET /xingrg/javascript/jquery_easy_ui/themes/default/images/button_plain_hover.png HTTP/1.1" 200 252
116.192.124.172 - - [31/Dec/2022:09:26:44 +0800] "GET /xingrg/javascript/jquery_easy_ui/themes/icons/rest.png HTTP/1.1" 200 695
116.192.124.172 - - [31/Dec/2022:09:26:44 +0800] "GET /xingrg/javascript/jquery_easy_ui/themes/icons/area.png HTTP/1.1" 200 262
114.84.38.109 - - [31/Dec/2022:09:26:45 +0800] "GET /xingrg/all/function/internal_message.html?_=1672450036921&CODE_STATE=getMsg HTTP/1.1" 200 27
58.40.7.146 - - [31/Dec/2022:09:26:45 +0800] "POST /xingrg/dwr/call/plaincall/AjaxCheckService.deleteOrderItem.dwr HTTP/1.1" 200 79
114.84.81.136 - - [31/Dec/2022:09:26:45 +0800] "GET /xingrg/all/function/internal_message.html?_=1672450016395&CODE_STATE=getMsg HTTP/1.1" 200 27
116.192.124.172 - - [31/Dec/2022:09:26:47 +0800] "GET /xingrg/kc/base/wldb_order_operate.html?command=get_materiel&rest_code=00102&base_code=0010476&code=00101014087 HTTP/1.1" 200 425
116.228.172.94 - - [31/Dec/2022:09:26:47 +0800] "GET /xingrg/login.html HTTP/1.1" 200 7641
116.228.172.94 - - [31/Dec/2022:09:26:48 +0800] "GET /favicon.ico HTTP/1.1" 404 -
58.40.7.146 - - [31/Dec/2022:09:26:48 +0800] "POST /xingrg/dwr/call/plaincall/AjaxCheckService.deleteOrderItem.dwr HTTP/1.1" 200 79
116.192.124.172 - - [31/Dec/2022:09:26:49 +0800] "GET /xingrg/all/function/internal_message.html?_=1672450019121&CODE_STATE=getMsg HTTP/1.1" 200 27
58.40.7.146 - - [31/Dec/2022:09:26:51 +0800] "POST /xingrg/dwr/call/plaincall/AjaxCheckService.deleteOrderItem.dwr HTTP/1.1" 200 79
114.88.159.190 - - [31/Dec/2022:09:26:52 +0800] "GET /xingrg/all/function/internal_message.html?_=1672449608113&CODE_STATE=getMsg HTTP/1.1" 200 27
116.192.124.172 - - [31/Dec/2022:09:26:53 +0800] "GET /xingrg/kc/base/wldb_order_operate.html?command=get_materiel&rest_code=00102&base_code=0010476&code=00101013048 HTTP/1.1" 200 432
222.69.192.184 - - [31/Dec/2022:09:26:53 +0800] "GET /xingrg/check_reg.html?_=1672449866640 HTTP/1.1" 200 22
222.69.192.184 - - [31/Dec/2022:09:26:53 +0800] "GET /xingrg/all/function/internal_message.html?_=1672449866642&CODE_STATE=getMsg HTTP/1.1" 200 27
58.40.7.146 - - [31/Dec/2022:09:26:55 +0800] "POST /xingrg/dwr/call/plaincall/AjaxCheckService.deleteOrderItem.dwr HTTP/1.1" 200 79
116.228.172.94 - - [31/Dec/2022:09:26:58 +0800] "POST /xingrg/login.do HTTP/1.1" 302 -
116.228.172.94 - - [31/Dec/2022:09:26:58 +0800] "GET /xingrg/index.html?sysBaseUrl=http%3A%2F%2F180.169.147.146%3A18081%2Fxingrg%2F&costTime=40×tamp=1672450018241 HTTP/1.1" 200 17417
116.228.172.94 - - [31/Dec/2022:09:26:58 +0800] "GET /favicon.ico HTTP/1.1" 404 -
58.40.7.146 - - [31/Dec/2022:09:26:58 +0800] "POST /xingrg/dwr/call/plaincall/AjaxCheckService.deleteOrderItem.dwr HTTP/1.1" 200 79
116.228.172.94 - - [31/Dec/2022:09:26:58 +0800] "POST /xingrg/all/common/load_tree.html?tree=area_rest_tree_json&manage=1 HTTP/1.1" 200 348
116.228.172.94 - - [31/Dec/2022:09:26:58 +0800] "GET /xingrg/all/function/internal_message.html?_=1672449806498&CODE_STATE=count HTTP/1.1" 200 11
116.228.172.94 - - [31/Dec/2022:09:26:58 +0800] "GET /xingrg/check_reg.html?_=1672449806499 HTTP/1.1" 200 22
116.228.172.94 - - [31/Dec/2022:09:26:58 +0800] "POST /xingrg/load_menu.html HTTP/1.1" 200 9959
116.228.172.94 - - [31/Dec/2022:09:27:01 +0800] "GET /xingrg/kc/mdqp/qp_main.html HTTP/1.1" 200 10633
58.40.7.146 - - [31/Dec/2022:09:27:01 +0800] "POST /xingrg/dwr/call/plaincall/AjaxCheckService.deleteOrderItem.dwr HTTP/1.1" 200 79
58.40.7.146 - - [31/Dec/2022:09:27:04 +0800] "POST /xingrg/dwr/call/plaincall/AjaxCheckService.deleteOrderItem.dwr HTTP/1.1" 200 79
116.228.172.94 - - [31/Dec/2022:09:27:05 +0800] "GET /xingrg/kc/report/report_main.html HTTP/1.1" 200 7340
58.40.7.146 - - [31/Dec/2022:09:27:07 +0800] "POST /xingrg/dwr/call/plaincall/AjaxCheckService.deleteOrderItem.dwr HTTP/1.1" 200 79
116.228.172.94 - - [31/Dec/2022:09:27:09 +0800] "GET /xingrg/all/report/report_query.html?fileName=kc/buy/gys_amount.xml&rh=99999 HTTP/1.1" 200 52006
116.228.172.94 - - [31/Dec/2022:09:27:09 +0800] "GET /xingrg/dwr/util.js HTTP/1.1" 304 -
116.228.172.94 - - [31/Dec/2022:09:27:09 +0800] "GET /xingrg/dwr/interface/AjaxReportQueryService.js HTTP/1.1" 200 13203
116.228.172.94 - - [31/Dec/2022:09:27:09 +0800] "GET /xingrg/dwr/engine.js HTTP/1.1" 200 43631
116.228.172.94 - - [31/Dec/2022:09:27:10 +0800] "POST /xingrg/dwr/call/plaincall/AjaxReportQueryService.getFixDate.dwr HTTP/1.1" 200 111
116.228.172.94 - - [31/Dec/2022:09:27:10 +0800] "POST /xingrg/all/common/load_tree.html?tree=supplier_tree_json&manage=1 HTTP/1.1" 200 72190
116.228.172.94 - - [31/Dec/2022:09:27:10 +0800] "POST /xingrg/all/common/load_tree.html?tree=materiel_sort_tree_json HTTP/1.1" 200 9500
58.40.7.146 - - [31/Dec/2022:09:27:12 +0800] "POST /xingrg/dwr/call/plaincall/AjaxCheckService.deleteOrderItem.dwr HTTP/1.1" 200 79
114.83.219.41 - - [31/Dec/2022:09:27:12 +0800] "GET /xingrg/all/function/internal_message.html?_=1672450040180&CODE_STATE=getMsg HTTP/1.1" 200 27
116.238.139.35 - - [31/Dec/2022:09:27:12 +0800] "GET /xingrg/all/function/internal_message.html?_=1672450042205&CODE_STATE=getMsg HTTP/1.1" 200 27
116.228.172.94 - - [31/Dec/2022:09:27:12 +0800] "POST /xingrg/dwr/call/plaincall/AjaxReportQueryService.getInitString.dwr HTTP/1.1" 200 426
58.40.7.146 - - [31/Dec/2022:09:27:15 +0800] "POST /xingrg/dwr/call/plaincall/AjaxCheckService.deleteOrderItem.dwr HTTP/1.1" 200 79
58.40.7.146 - - [31/Dec/2022:09:27:20 +0800] "POST /xingrg/dwr/call/plaincall/AjaxCheckService.deleteOrderItem.dwr HTTP/1.1" 200 79
114.83.219.41 - - [31/Dec/2022:09:27:23 +0800] "GET /xingrg/kc/buy/cgsh_order_operate.html?command=get_materiel&rest_code=00149&code=00101008357&supplier_code=00100008&order_time=2022-12-31 HTTP/1.1" 200 408
58.40.7.146 - - [31/Dec/2022:09:27:23 +0800] "POST /xingrg/dwr/call/plaincall/AjaxCheckService.deleteOrderItem.dwr HTTP/1.1" 200 79
222.69.192.184 - - [31/Dec/2022:09:27:25 +0800] "GET /xingrg/all/function/internal_message.html?_=1672450054630&CODE_STATE=getMsg HTTP/1.1" 200 27
58.40.7.146 - - [31/Dec/2022:09:27:26 +0800] "POST /xingrg/dwr/call/plaincall/AjaxCheckService.deleteOrderItem.dwr HTTP/1.1" 200 79
116.238.139.35 - - [31/Dec/2022:09:27:27 +0800] "GET /xingrg/all/function/internal_message.html?_=1672449978478&CODE_STATE=getMsg HTTP/1.1" 200 27
116.228.172.94 - - [31/Dec/2022:09:27:29 +0800] "GET /xingrg/kc/base/base_main.html HTTP/1.1" 200 12142
58.40.7.146 - - [31/Dec/2022:09:27:29 +0800] "POST /xingrg/dwr/call/plaincall/AjaxCheckService.deleteOrderItem.dwr HTTP/1.1" 200 79
116.228.172.94 - - [31/Dec/2022:09:27:30 +0800] "GET /xingrg/kc/mdqp/qp_main.html HTTP/1.1" 200 10633
116.238.139.35 - - [31/Dec/2022:09:27:32 +0800] "GET /xingrg/all/function/internal_message.html?_=1672449983842&CODE_STATE=getMsg HTTP/1.1" 200 27
58.40.7.146 - - [31/Dec/2022:09:27:32 +0800] "POST /xingrg/dwr/call/plaincall/AjaxCheckService.deleteOrderItem.dwr HTTP/1.1" 200 79
114.83.219.41 - - [31/Dec/2022:09:27:34 +0800] "GET /xingrg/kc/buy/cgsh_order_operate.html?command=get_materiel&rest_code=00149&code=00101008261&supplier_code=00100008&order_time=2022-12-31 HTTP/1.1" 200 425
114.84.38.109 - - [31/Dec/2022:09:27:36 +0800] "GET /xingrg/all/function/internal_message.html?_=1672450087422&CODE_STATE=getMsg HTTP/1.1" 200 27
58.40.7.146 - - [31/Dec/2022:09:27:36 +0800] "POST /xingrg/dwr/call/plaincall/AjaxCheckService.deleteOrderItem.dwr HTTP/1.1" 200 79
58.40.7.146 - - [31/Dec/2022:09:27:39 +0800] "POST /xingrg/dwr/call/plaincall/AjaxCheckService.deleteOrderItem.dwr HTTP/1.1" 200 79
116.230.105.139 - - [31/Dec/2022:09:27:39 +0800] "GET /xingrg/all/function/internal_message.html?_=1672450031222&CODE_STATE=getMsg HTTP/1.1" 200 27
116.192.124.172 - - [31/Dec/2022:09:27:41 +0800] "GET /xingrg/kc/mdqp/qqps_order_list.html HTTP/1.1" 200 9222
116.192.124.172 - - [31/Dec/2022:09:27:41 +0800] "GET /xingrg/dwr/interface/AjaxQqpsService.js HTTP/1.1" 200 16326
116.192.124.172 - - [31/Dec/2022:09:27:41 +0800] "GET /xingrg/dwr/interface/AjaxReportQueryService.js HTTP/1.1" 200 13203
116.192.124.172 - - [31/Dec/2022:09:27:41 +0800] "GET /xingrg/javascript/ToolTips.js HTTP/1.1" 200 5615
116.192.124.172 - - [31/Dec/2022:09:27:41 +0800] "GET /xingrg/javascript/myfunction.js HTTP/1.1" 200 24559
116.192.124.172 - - [31/Dec/2022:09:27:41 +0800] "GET /xingrg/javascript/Calendar.js HTTP/1.1" 200 31561
116.192.124.172 - - [31/Dec/2022:09:27:41 +0800] "GET /xingrg/dwr/util.js HTTP/1.1" 200 35990
116.192.124.172 - - [31/Dec/2022:09:27:41 +0800] "GET /xingrg/dwr/engine.js HTTP/1.1" 200 43631
116.192.124.172 - - [31/Dec/2022:09:27:41 +0800] "GET /xingrg/javascript/jquery_easy_ui/themes/icons/edit_add_new.png HTTP/1.1" 200 2997
116.192.124.172 - - [31/Dec/2022:09:27:41 +0800] "GET /xingrg/javascript/jquery_easy_ui/themes/icons/uncheck_new.png HTTP/1.1" 200 3197
116.192.124.172 - - [31/Dec/2022:09:27:41 +0800] "GET /xingrg/javascript/jquery_easy_ui/themes/icons/cance_new.png HTTP/1.1" 200 3986
58.221.95.50 - - [31/Dec/2022:09:27:41 +0800] "GET /xingrg/all/function/internal_message.html?_=1672450072109&CODE_STATE=getMsg HTTP/1.1" 200 27
58.40.7.146 - - [31/Dec/2022:09:27:42 +0800] "POST /xingrg/dwr/call/plaincall/AjaxCheckService.deleteOrderItem.dwr HTTP/1.1" 200 79
114.83.219.41 - - [31/Dec/2022:09:27:45 +0800] "POST /xingrg/kc/buy/cgsh_order_operate.html HTTP/1.1" 200 2065
114.84.81.136 - - [31/Dec/2022:09:27:45 +0800] "GET /xingrg/all/function/internal_message.html?_=1672450076394&CODE_STATE=getMsg HTTP/1.1" 200 27
114.84.38.109 - - [31/Dec/2022:09:27:45 +0800] "GET /xingrg/all/function/internal_message.html?_=1672450096970&CODE_STATE=getMsg HTTP/1.1" 200 27
58.40.7.146 - - [31/Dec/2022:09:27:46 +0800] "POST /xingrg/dwr/call/plaincall/AjaxCheckService.deleteOrderItem.dwr HTTP/1.1" 200 79
116.192.124.172 - - [31/Dec/2022:09:27:46 +0800] "GET /xingrg/kc/mdqp/qqps_order_list.html?isQuery=1&timeSelect=1&orderTime=day&startTime=2022-12-30&endTime=2022-12-30&state=all&query=%C8%B7++%B6%A8 HTTP/1.1" 200 9763
116.192.124.172 - - [31/Dec/2022:09:27:47 +0800] "GET /xingrg/dwr/interface/AjaxReportQueryService.js HTTP/1.1" 200 13203
116.192.124.172 - - [31/Dec/2022:09:27:47 +0800] "GET /xingrg/dwr/interface/AjaxQqpsService.js HTTP/1.1" 200 16326
116.192.124.172 - - [31/Dec/2022:09:27:47 +0800] "GET /xingrg/dwr/engine.js HTTP/1.1" 200 43631
116.192.124.172 - - [31/Dec/2022:09:27:49 +0800] "GET /xingrg/all/function/internal_message.html?_=1672450079139&CODE_STATE=getMsg HTTP/1.1" 200 27
58.40.7.146 - - [31/Dec/2022:09:27:50 +0800] "POST /xingrg/dwr/call/plaincall/AjaxCheckService.deleteOrderItem.dwr HTTP/1.1" 200 79
116.192.124.172 - - [31/Dec/2022:09:27:50 +0800] "GET /xingrg/kc/mdqp/qqps_order_info.html?code=302022123000350 HTTP/1.1" 200 26706
116.192.124.172 - - [31/Dec/2022:09:27:50 +0800] "GET /xingrg/javascript/AjaxInfoList.js HTTP/1.1" 200 3774
116.192.124.172 - - [31/Dec/2022:09:27:50 +0800] "GET /xingrg/javascript/Grid.js HTTP/1.1" 200 58908
116.192.124.172 - - [31/Dec/2022:09:27:50 +0800] "GET /xingrg/dwr/interface/AjaxQqpsService.js HTTP/1.1" 200 16326
116.192.124.172 - - [31/Dec/2022:09:27:50 +0800] "GET /xingrg/dwr/interface/AjaxComOrderService.js HTTP/1.1" 200 18264
116.192.124.172 - - [31/Dec/2022:09:27:50 +0800] "GET /xingrg/javascript/tools/jquery.qtip-1.0.0-rc3.min.js HTTP/1.1" 200 38404
116.192.124.172 - - [31/Dec/2022:09:27:50 +0800] "GET /xingrg/dwr/engine.js HTTP/1.1" 200 43631
116.192.124.172 - - [31/Dec/2022:09:27:51 +0800] "GET /xingrg/javascript/jquery_easy_ui/themes/icons/back_new.png HTTP/1.1" 200 3414
116.192.124.172 - - [31/Dec/2022:09:27:51 +0800] "GET /xingrg/javascript/jquery_easy_ui/themes/default/images/menu_downarrow.png HTTP/1.1" 200 173
116.192.124.172 - - [31/Dec/2022:09:27:51 +0800] "GET /xingrg/javascript/jquery_easy_ui/themes/icons/copy_new.png HTTP/1.1" 200 815
116.192.124.172 - - [31/Dec/2022:09:27:51 +0800] "GET /xingrg/javascript/jquery_easy_ui/themes/icons/print.png HTTP/1.1" 200 1057
116.192.124.172 - - [31/Dec/2022:09:27:51 +0800] "GET /xingrg/javascript/jquery_easy_ui/themes/icons/template_new.png HTTP/1.1" 200 3956
116.192.124.172 - - [31/Dec/2022:09:27:51 +0800] "GET /xingrg/images/blue/wait.gif HTTP/1.1" 200 1100
116.192.124.172 - - [31/Dec/2022:09:27:51 +0800] "GET /xingrg/javascript/jquery_easy_ui/themes/default/images/combo_arrow_dot.gif HTTP/1.1" 200 79
116.192.124.172 - - [31/Dec/2022:09:27:51 +0800] "GET /xingrg/images/blue/kc_tab_left.gif HTTP/1.1" 200 188
116.192.124.172 - - [31/Dec/2022:09:27:51 +0800] "GET /xingrg/images/blue/kc_tab_mid.gif HTTP/1.1" 200 44
116.192.124.172 - - [31/Dec/2022:09:27:51 +0800] "GET /xingrg/images/blue/kc_tab_right.gif HTTP/1.1" 200 643
116.192.124.172 - - [31/Dec/2022:09:27:51 +0800] "POST /xingrg/dwr/call/plaincall/AjaxQqpsService.loadMaterielItems.dwr HTTP/1.1" 200 3049
116.228.172.94 - - [31/Dec/2022:09:27:51 +0800] "GET /xingrg/kc/base/base_main.html HTTP/1.1" 200 12142
114.88.159.190 - - [31/Dec/2022:09:27:52 +0800] "GET /xingrg/all/function/internal_message.html?_=1672449668086&CODE_STATE=getMsg HTTP/1.1" 200 27
116.228.172.94 - - [31/Dec/2022:09:27:53 +0800] "GET /xingrg/kc/report/report_main.html HTTP/1.1" 200 7340
222.69.192.184 - - [31/Dec/2022:09:27:53 +0800] "GET /xingrg/all/function/internal_message.html?_=1672449926626&CODE_STATE=getMsg HTTP/1.1" 200 27
58.40.7.146 - - [31/Dec/2022:09:27:53 +0800] "POST /xingrg/dwr/call/plaincall/AjaxCheckService.deleteOrderItem.dwr HTTP/1.1" 200 79
116.228.172.94 - - [31/Dec/2022:09:27:55 +0800] "GET /xingrg/kc/base/base_main.html HTTP/1.1" 200 12142
116.228.172.94 - - [31/Dec/2022:09:27:57 +0800] "GET /xingrg/kc/base/check_order_list.html HTTP/1.1" 200 16224
116.228.172.94 - - [31/Dec/2022:09:27:57 +0800] "POST /xingrg/kc/base/check_list_operate.html HTTP/1.1" 200 781
58.40.7.146 - - [31/Dec/2022:09:27:58 +0800] "POST /xingrg/dwr/call/plaincall/AjaxCheckService.deleteOrderItem.dwr HTTP/1.1" 200 79
116.228.172.94 - - [31/Dec/2022:09:27:58 +0800] "GET /xingrg/all/function/internal_message.html?_=1672449866512&CODE_STATE=getMsg HTTP/1.1" 200 27
58.40.7.146 - - [31/Dec/2022:09:28:01 +0800] "POST /xingrg/dwr/call/plaincall/AjaxCheckService.deleteOrderItem.dwr HTTP/1.1" 200 79
114.83.219.41 - - [31/Dec/2022:09:28:03 +0800] "GET /xingrg/kc/buy/cgsh_order_operate.html?command=get_materiel&rest_code=00149&code=00101008355&supplier_code=00100008&order_time=2022-12-31 HTTP/1.1" 200 428
58.40.7.146 - - [31/Dec/2022:09:28:06 +0800] "POST /xingrg/dwr/call/plaincall/AjaxCheckService.deleteOrderItem.dwr HTTP/1.1" 200 79
114.88.159.190 - - [31/Dec/2022:09:28:08 +0800] "GET /xingrg/check_reg.html?_=1672449684143 HTTP/1.1" 200 22
116.238.139.35 - - [31/Dec/2022:09:28:11 +0800] "GET /xingrg/check_reg.html?_=1672450022466 HTTP/1.1" 200 22
114.84.38.109 - - [31/Dec/2022:09:28:11 +0800] "GET /xingrg/check_reg.html?_=1672450122815 HTTP/1.1" 200 22
114.83.219.41 - - [31/Dec/2022:09:28:12 +0800] "GET /xingrg/all/function/internal_message.html?_=1672450100205&CODE_STATE=getMsg HTTP/1.1" 200 27
114.83.219.41 - - [31/Dec/2022:09:28:12 +0800] "GET /xingrg/check_reg.html?_=1672450100207 HTTP/1.1" 200 22
116.238.139.35 - - [31/Dec/2022:09:28:12 +0800] "GET /xingrg/all/function/internal_message.html?_=1672450102180&CODE_STATE=getMsg HTTP/1.1" 200 27
116.228.172.94 - - [31/Dec/2022:09:28:12 +0800] "POST /xingrg/kc/base/check_list_operate.html HTTP/1.1" 200 2638
58.40.7.146 - - [31/Dec/2022:09:28:12 +0800] "POST /xingrg/dwr/call/plaincall/AjaxCheckService.deleteOrderItem.dwr HTTP/1.1" 200 79
114.84.81.136 - - [31/Dec/2022:09:28:13 +0800] "GET /xingrg/check_reg.html?_=1672450102651 HTTP/1.1" 200 22
58.40.7.146 - - [31/Dec/2022:09:28:18 +0800] "POST /xingrg/dwr/call/plaincall/AjaxCheckService.deleteOrderItem.dwr HTTP/1.1" 200 79
114.83.219.41 - - [31/Dec/2022:09:28:19 +0800] "GET /xingrg/kc/buy/cgsh_order_operate.html?command=get_materiel&rest_code=00149&code=00101008331&supplier_code=00100008&order_time=2022-12-31 HTTP/1.1" 200 432
116.228.172.94 - - [31/Dec/2022:09:28:20 +0800] "GET /xingrg/kc/base/check_order_add.html HTTP/1.1" 200 25380
116.228.172.94 - - [31/Dec/2022:09:28:20 +0800] "GET /xingrg/dwr/interface/AjaxComOrderService.js HTTP/1.1" 200 18264
116.228.172.94 - - [31/Dec/2022:09:28:20 +0800] "GET /xingrg/dwr/interface/AjaxCheckService.js HTTP/1.1" 200 14003
116.228.172.94 - - [31/Dec/2022:09:28:20 +0800] "GET /xingrg/dwr/engine.js HTTP/1.1" 200 43631
222.69.192.184 - - [31/Dec/2022:09:28:25 +0800] "GET /xingrg/all/function/internal_message.html?_=1672450114608&CODE_STATE=getMsg HTTP/1.1" 200 27
116.238.139.35 - - [31/Dec/2022:09:28:27 +0800] "GET /xingrg/all/function/internal_message.html?_=1672450038489&CODE_STATE=getMsg HTTP/1.1" 200 27
114.83.219.41 - - [31/Dec/2022:09:28:29 +0800] "GET /xingrg/kc/buy/cgsh_order_operate.html?command=get_materiel&rest_code=00149&code=00101008098&supplier_code=00100008&order_time=2022-12-31 HTTP/1.1" 200 427
116.228.172.94 - - [31/Dec/2022:09:28:30 +0800] "POST /xingrg/dwr/call/plaincall/AjaxCheckService.saveOrder.dwr HTTP/1.1" 200 78
116.228.172.94 - - [31/Dec/2022:09:28:32 +0800] "POST /xingrg/dwr/call/plaincall/AjaxCheckService.loadOrderItems.dwr HTTP/1.1" 200 368
58.40.7.146 - - [31/Dec/2022:09:28:32 +0800] "GET /xingrg/all/function/internal_message.html?_=1672450121410&CODE_STATE=getMsg HTTP/1.1" 200 27
116.238.139.35 - - [31/Dec/2022:09:28:32 +0800] "GET /xingrg/all/function/internal_message.html?_=1672450043855&CODE_STATE=getMsg HTTP/1.1" 200 27
114.84.38.109 - - [31/Dec/2022:09:28:36 +0800] "GET /xingrg/all/function/internal_message.html?_=1672450147432&CODE_STATE=getMsg HTTP/1.1" 200 27
116.228.172.94 - - [31/Dec/2022:09:28:39 +0800] "POST /xingrg/kc/report/common_data.html?type=kc_check_template HTTP/1.1" 200 57
116.230.105.139 - - [31/Dec/2022:09:28:39 +0800] "GET /xingrg/all/function/internal_message.html?_=1672450091232&CODE_STATE=getMsg HTTP/1.1" 200 27
58.40.7.146 - - [31/Dec/2022:09:28:41 +0800] "POST /xingrg/dwr/call/plaincall/AjaxCheckService.deleteOrderItem.dwr HTTP/1.1" 200 79
58.221.95.50 - - [31/Dec/2022:09:28:41 +0800] "GET /xingrg/all/function/internal_message.html?_=1672450132102&CODE_STATE=getMsg HTTP/1.1" 200 27
114.83.219.41 - - [31/Dec/2022:09:28:42 +0800] "GET /xingrg/kc/buy/cgsh_order_operate.html?command=get_materiel&rest_code=00149&code=00101008370&supplier_code=00100008&order_time=2022-12-31 HTTP/1.1" 200 412
116.228.172.94 - - [31/Dec/2022:09:28:42 +0800] "POST /xingrg/kc/report/common_data.html?type=materiel_category_tree HTTP/1.1" 200 3921
58.40.7.146 - - [31/Dec/2022:09:28:44 +0800] "POST /xingrg/dwr/call/plaincall/AjaxCheckService.deleteOrderItem.dwr HTTP/1.1" 200 79
114.83.219.41 - - [31/Dec/2022:09:28:45 +0800] "POST /xingrg/kc/buy/cgsh_order_operate.html HTTP/1.1" 200 2065
114.84.81.136 - - [31/Dec/2022:09:28:45 +0800] "GET /xingrg/check_reg.html?_=1672450136394 HTTP/1.1" 200 22
114.84.81.136 - - [31/Dec/2022:09:28:45 +0800] "GET /xingrg/all/function/internal_message.html?_=1672450136393&CODE_STATE=getMsg HTTP/1.1" 200 27
114.84.38.109 - - [31/Dec/2022:09:28:45 +0800] "GET /xingrg/all/function/internal_message.html?_=1672450156979&CODE_STATE=getMsg HTTP/1.1" 200 27
116.192.124.172 - - [31/Dec/2022:09:28:49 +0800] "GET /xingrg/all/function/internal_message.html?_=1672450139128&CODE_STATE=getMsg HTTP/1.1" 200 27
116.228.172.94 - - [31/Dec/2022:09:28:49 +0800] "POST /xingrg/dwr/call/plaincall/AjaxCheckService.importOrderItems.dwr HTTP/1.1" 200 78
116.228.172.94 - - [31/Dec/2022:09:28:51 +0800] "POST /xingrg/dwr/call/plaincall/AjaxCheckService.loadOrderItems.dwr HTTP/1.1" 200 89686
114.83.219.41 - - [31/Dec/2022:09:28:52 +0800] "GET /xingrg/kc/buy/cgsh_order_operate.html?command=get_materiel&rest_code=00149&code=00101008264&supplier_code=00100008&order_time=2022-12-31 HTTP/1.1" 200 428
114.88.159.190 - - [31/Dec/2022:09:28:52 +0800] "GET /xingrg/all/function/internal_message.html?_=1672449728056&CODE_STATE=getMsg HTTP/1.1" 200 27
222.69.192.184 - - [31/Dec/2022:09:28:53 +0800] "GET /xingrg/all/function/internal_message.html?_=1672449986626&CODE_STATE=getMsg HTTP/1.1" 200 27
58.221.95.50 - - [31/Dec/2022:09:28:56 +0800] "GET /xingrg/check_reg.html?_=1672450146483 HTTP/1.1" 200 22
116.228.172.94 - - [31/Dec/2022:09:28:58 +0800] "GET /xingrg/all/function/internal_message.html?_=1672449926512&CODE_STATE=getMsg HTTP/1.1" 200 27
116.228.172.94 - - [31/Dec/2022:09:28:59 +0800] "GET /xingrg/kc/print/load_config.html?_=1672449926750&kc_code=check HTTP/1.1" 200 2243
116.228.172.94 - - [31/Dec/2022:09:28:59 +0800] "GET /xingrg/kc/print/load_data.html?_=1672449926805&order_code=452022123100094&kc_code=check&condition= HTTP/1.1" 200 23366
116.238.139.35 - - [31/Dec/2022:09:29:06 +0800] "GET /xingrg/kc/buy/cgsh_order_operate.html?command=get_materiel&rest_code=00151&code=00101008224&supplier_code=00100008&order_time=2022-12-31 HTTP/1.1" 200 436
114.83.219.41 - - [31/Dec/2022:09:29:09 +0800] "GET /xingrg/kc/buy/cgsh_order_operate.html?command=get_materiel&rest_code=00149&code=00101008024&supplier_code=00100008&order_time=2022-12-31 HTTP/1.1" 200 424
116.238.139.35 - - [31/Dec/2022:09:29:12 +0800] "GET /xingrg/all/function/internal_message.html?_=1672450162159&CODE_STATE=getMsg HTTP/1.1" 200 27
114.83.219.41 - - [31/Dec/2022:09:29:12 +0800] "GET /xingrg/all/function/internal_message.html?_=1672450160350&CODE_STATE=getMsg HTTP/1.1" 200 27
222.69.192.184 - - [31/Dec/2022:09:29:15 +0800] "GET /xingrg/kc/buy/cgsh_order_operate.html?command=get_materiel&rest_code=00105&code=00101006138&supplier_code=00100012&order_time=2022-12-31 HTTP/1.1" 200 409
116.228.172.94 - - [31/Dec/2022:09:29:20 +0800] "GET /xingrg/kc/base/check_order_list.html?isBack=1 HTTP/1.1" 200 16224
116.228.172.94 - - [31/Dec/2022:09:29:20 +0800] "POST /xingrg/kc/base/check_list_operate.html HTTP/1.1" 200 1560
116.238.139.35 - - [31/Dec/2022:09:29:22 +0800] "POST /xingrg/kc/buy/cgsh_order_operate.html HTTP/1.1" 200 37
116.228.172.94 - - [31/Dec/2022:09:29:23 +0800] "GET /xingrg/kc/base/check_order_add.html HTTP/1.1" 200 25380
116.228.172.94 - - [31/Dec/2022:09:29:23 +0800] "GET /xingrg/dwr/interface/AjaxComOrderService.js HTTP/1.1" 200 18264
116.228.172.94 - - [31/Dec/2022:09:29:23 +0800] "GET /xingrg/dwr/interface/AjaxCheckService.js HTTP/1.1" 200 14003
116.228.172.94 - - [31/Dec/2022:09:29:23 +0800] "GET /xingrg/dwr/engine.js HTTP/1.1" 200 43631
222.69.192.184 - - [31/Dec/2022:09:29:25 +0800] "GET /xingrg/all/function/internal_message.html?_=1672450174584&CODE_STATE=getMsg HTTP/1.1" 200 27
116.238.139.35 - - [31/Dec/2022:09:29:27 +0800] "GET /xingrg/all/function/internal_message.html?_=1672450098501&CODE_STATE=getMsg HTTP/1.1" 200 27
58.40.7.146 - - [31/Dec/2022:09:29:32 +0800] "GET /xingrg/all/function/internal_message.html?_=1672450181393&CODE_STATE=getMsg HTTP/1.1" 200 27
116.238.139.35 - - [31/Dec/2022:09:29:32 +0800] "GET /xingrg/check_reg.html?_=1672450103681 HTTP/1.1" 200 22
116.238.139.35 - - [31/Dec/2022:09:29:32 +0800] "GET /xingrg/all/function/internal_message.html?_=1672450103868&CODE_STATE=getMsg HTTP/1.1" 200 27
114.84.38.109 - - [31/Dec/2022:09:29:34 +0800] "GET /xingrg/check_reg.html?_=1672450205637 HTTP/1.1" 200 22
114.83.219.41 - - [31/Dec/2022:09:29:34 +0800] "GET /xingrg/kc/buy/cgsh_order_operate.html?command=get_materiel&rest_code=00149&code=00101008356&supplier_code=00100008&order_time=2022-12-31 HTTP/1.1" 200 423
222.69.192.184 - - [31/Dec/2022:09:29:35 +0800] "GET /xingrg/kc/buy/cgsh_order_operate.html?command=get_materiel&rest_code=00105&code=00101006014&supplier_code=00100012&order_time=2022-12-31 HTTP/1.1" 200 425
116.238.139.35 - - [31/Dec/2022:09:29:35 +0800] "POST /xingrg/kc/buy/cgsh_order_operate.html HTTP/1.1" 200 12
114.84.38.109 - - [31/Dec/2022:09:29:36 +0800] "GET /xingrg/all/function/internal_message.html?_=1672450207446&CODE_STATE=getMsg HTTP/1.1" 200 27
116.238.139.35 - - [31/Dec/2022:09:29:37 +0800] "GET /xingrg/kc/buy/cgsh_order_info.html?code=212022123106010 HTTP/1.1" 200 64360
116.228.172.94 - - [31/Dec/2022:09:29:37 +0800] "POST /xingrg/dwr/call/plaincall/AjaxCheckService.saveOrder.dwr HTTP/1.1" 200 78
116.238.139.35 - - [31/Dec/2022:09:29:38 +0800] "GET /xingrg/javascript/easyui/themes/default/validatebox.css HTTP/1.1" 404 1104
116.238.139.35 - - [31/Dec/2022:09:29:38 +0800] "POST /xingrg/kc/buy/cgsh_order_operate.html HTTP/1.1" 200 30568
116.228.172.94 - - [31/Dec/2022:09:29:38 +0800] "POST /xingrg/dwr/call/plaincall/AjaxCheckService.loadOrderItems.dwr HTTP/1.1" 200 368
116.238.139.35 - - [31/Dec/2022:09:29:39 +0800] "GET /xingrg/kc/print/load_config.html?kc_code=cgsh HTTP/1.1" 200 1943
116.230.105.139 - - [31/Dec/2022:09:29:39 +0800] "GET /xingrg/all/function/internal_message.html?_=1672450151235&CODE_STATE=getMsg HTTP/1.1" 200 27
116.238.139.35 - - [31/Dec/2022:09:29:40 +0800] "GET /xingrg/kc/print/load_data.html?order_code=212022123106010&kc_code=cgsh&condition= HTTP/1.1" 200 12288
58.221.95.50 - - [31/Dec/2022:09:29:41 +0800] "GET /xingrg/all/function/internal_message.html?_=1672450192087&CODE_STATE=getMsg HTTP/1.1" 200 27
114.84.81.136 - - [31/Dec/2022:09:29:45 +0800] "GET /xingrg/all/function/internal_message.html?_=1672450196392&CODE_STATE=getMsg HTTP/1.1" 200 27
114.84.38.109 - - [31/Dec/2022:09:29:45 +0800] "GET /xingrg/all/function/internal_message.html?_=1672450216993&CODE_STATE=getMsg HTTP/1.1" 200 27
116.192.124.172 - - [31/Dec/2022:09:29:49 +0800] "GET /xingrg/check_reg.html?_=1672450199134 HTTP/1.1" 200 22
116.192.124.172 - - [31/Dec/2022:09:29:49 +0800] "GET /xingrg/all/function/internal_message.html?_=1672450199136&CODE_STATE=getMsg HTTP/1.1" 200 27
116.238.139.35 - - [31/Dec/2022:09:29:51 +0800] "POST /xingrg/all/user/operate.html HTTP/1.1" 200 36
116.238.139.35 - - [31/Dec/2022:09:29:51 +0800] "GET /xingrg/index.html?sysBaseUrl=http%3A%2F%2F180.169.147.146%3A18081%2Fxingrg%2F&costTime=43×tamp=1672448706980 HTTP/1.1" 200 17179
116.238.139.35 - - [31/Dec/2022:09:29:51 +0800] "GET /xingrg/javascript/jquery_easy_ui/themes/default/easyui.css HTTP/1.1" 304 -
116.238.139.35 - - [31/Dec/2022:09:29:51 +0800] "GET /xingrg/javascript/jquery_easy_ui/themes/icon.css HTTP/1.1" 304 -
116.238.139.35 - - [31/Dec/2022:09:29:51 +0800] "GET /xingrg/css/form.css HTTP/1.1" 304 -
116.238.139.35 - - [31/Dec/2022:09:29:51 +0800] "GET /xingrg/javascript/jquery-1.4.2.min.js HTTP/1.1" 304 -
116.238.139.35 - - [31/Dec/2022:09:29:51 +0800] "GET /xingrg/javascript/jquery_easy_ui/jquery.easyui.min.js HTTP/1.1" 304 -
116.238.139.35 - - [31/Dec/2022:09:29:51 +0800] "GET /xingrg/javascript/jquery_easy_ui/easyui-lang-zh_CN.js HTTP/1.1" 304 -
116.238.139.35 - - [31/Dec/2022:09:29:51 +0800] "GET /xingrg/javascript/jquery.form.js HTTP/1.1" 304 -
116.238.139.35 - - [31/Dec/2022:09:29:51 +0800] "GET /xingrg/javascript/jquery.utils.js HTTP/1.1" 304 -
116.238.139.35 - - [31/Dec/2022:09:29:51 +0800] "GET /xingrg/javascript/jquery.timers.js HTTP/1.1" 304 -
116.238.139.35 - - [31/Dec/2022:09:29:51 +0800] "GET /xingrg/images/blue/jxLogo.png HTTP/1.1" 304 -
116.238.139.35 - - [31/Dec/2022:09:29:51 +0800] "GET /xingrg/images/blue/navBackgound.jpg HTTP/1.1" 304 -
116.238.139.35 - - [31/Dec/2022:09:29:51 +0800] "GET /xingrg/javascript/jquery_easy_ui/themes/icons/settle_new.png HTTP/1.1" 304 -
116.238.139.35 - - [31/Dec/2022:09:29:51 +0800] "POST /xingrg/all/common/load_tree.html?tree=area_rest_tree_json&manage=1 HTTP/1.1" 200 476
116.238.139.35 - - [31/Dec/2022:09:29:51 +0800] "GET /xingrg/all/function/internal_message.html?_=1672450201651&CODE_STATE=count HTTP/1.1" 200 11
116.238.139.35 - - [31/Dec/2022:09:29:51 +0800] "GET /xingrg/check_reg.html?_=1672450201652 HTTP/1.1" 200 22
116.238.139.35 - - [31/Dec/2022:09:29:51 +0800] "GET /xingrg/images/blue/pingpu.png HTTP/1.1" 304 -
116.238.139.35 - - [31/Dec/2022:09:29:51 +0800] "GET /xingrg/javascript/jquery_easy_ui/themes/default/images/panel_tool_collapse.gif HTTP/1.1" 304 -
116.238.139.35 - - [31/Dec/2022:09:29:51 +0800] "GET /xingrg/javascript/jquery_easy_ui/themes/default/images/tabs_rightarrow.png HTTP/1.1" 304 -
116.238.139.35 - - [31/Dec/2022:09:29:51 +0800] "GET /xingrg/javascript/jquery_easy_ui/themes/default/images/tabs_leftarrow.png HTTP/1.1" 304 -
116.238.139.35 - - [31/Dec/2022:09:29:51 +0800] "POST /xingrg/load_menu.html HTTP/1.1" 200 5138
116.228.172.94 - - [31/Dec/2022:09:29:51 +0800] "POST /xingrg/dwr/call/plaincall/AjaxCheckService.importOrderItems.dwr HTTP/1.1" 200 78
114.88.159.190 - - [31/Dec/2022:09:29:52 +0800] "GET /xingrg/all/function/internal_message.html?_=1672449788037&CODE_STATE=getMsg HTTP/1.1" 200 27
58.40.7.146 - - [31/Dec/2022:09:29:53 +0800] "POST /xingrg/dwr/call/plaincall/AjaxCheckService.deleteOrderItem.dwr HTTP/1.1" 200 79
116.228.172.94 - - [31/Dec/2022:09:29:53 +0800] "POST /xingrg/dwr/call/plaincall/AjaxCheckService.loadOrderItems.dwr HTTP/1.1" 200 10158
222.69.192.184 - - [31/Dec/2022:09:29:53 +0800] "GET /xingrg/all/function/internal_message.html?_=1672450046627&CODE_STATE=getMsg HTTP/1.1" 200 27
116.238.139.35 - - [31/Dec/2022:09:29:54 +0800] "GET /xingrg/kc/buy/cgsh_order_list.html HTTP/1.1" 200 54084
116.228.172.94 - - [31/Dec/2022:09:29:54 +0800] "GET /xingrg/kc/base/check_order_list.html?isBack=1 HTTP/1.1" 200 16224
116.228.172.94 - - [31/Dec/2022:09:29:54 +0800] "POST /xingrg/kc/base/check_list_operate.html HTTP/1.1" 200 1890
114.83.219.41 - - [31/Dec/2022:09:29:55 +0800] "GET /xingrg/kc/buy/cgsh_order_operate.html?command=get_materiel&rest_code=00149&code=00101008300&supplier_code=00100008&order_time=2022-12-31 HTTP/1.1" 200 412
116.238.139.35 - - [31/Dec/2022:09:29:55 +0800] "POST /xingrg/kc/buy/cgsh_list_operate.html HTTP/1.1" 200 986
222.69.192.184 - - [31/Dec/2022:09:29:55 +0800] "GET /xingrg/kc/buy/cgsh_order_operate.html?command=get_materiel&rest_code=00105&code=00101006177&supplier_code=00100012&order_time=2022-12-31 HTTP/1.1" 200 409
116.238.139.35 - - [31/Dec/2022:09:29:55 +0800] "GET /xingrg/kc/buy/cgsh_order_add.html HTTP/1.1" 200 69860
116.238.139.35 - - [31/Dec/2022:09:29:56 +0800] "POST /xingrg/kc/buy/cgsh_order_operate.html HTTP/1.1" 200 8245
116.238.139.35 - - [31/Dec/2022:09:29:56 +0800] "GET /xingrg/all/common/auto_word.html?type=employee&rest_code=00150 HTTP/1.1" 200 159
116.238.139.35 - - [31/Dec/2022:09:29:56 +0800] "GET /xingrg/javascript/easyui/themes/default/validatebox.css HTTP/1.1" 404 1104
116.238.139.35 - - [31/Dec/2022:09:29:56 +0800] "GET /xingrg/all/common/auto_word.html?type=employee&rest_code=00150 HTTP/1.1" 200 159
116.228.172.94 - - [31/Dec/2022:09:29:57 +0800] "GET /xingrg/kc/base/check_order_add.html HTTP/1.1" 200 25380
116.228.172.94 - - [31/Dec/2022:09:29:57 +0800] "GET /xingrg/dwr/interface/AjaxCheckService.js HTTP/1.1" 200 14003
116.228.172.94 - - [31/Dec/2022:09:29:57 +0800] "GET /xingrg/dwr/interface/AjaxComOrderService.js HTTP/1.1" 200 18264
116.228.172.94 - - [31/Dec/2022:09:29:57 +0800] "GET /xingrg/dwr/engine.js HTTP/1.1" 200 43631
116.238.139.35 - - [31/Dec/2022:09:29:57 +0800] "GET /xingrg/javascript/auto/indicator.gif HTTP/1.1" 404 1066
58.40.7.146 - - [31/Dec/2022:09:29:57 +0800] "GET /xingrg/kc/print/load_config.html?_=1672450206524&kc_code=check HTTP/1.1" 200 2243
58.40.7.146 - - [31/Dec/2022:09:29:57 +0800] "GET /xingrg/kc/print/load_data.html?_=1672450206556&order_code=452022123100093&kc_code=check HTTP/1.1" 200 9550
116.228.172.94 - - [31/Dec/2022:09:29:58 +0800] "GET /xingrg/all/function/internal_message.html?_=1672449986517&CODE_STATE=getMsg HTTP/1.1" 200 27
114.83.219.41 - - [31/Dec/2022:09:30:00 +0800] "POST /xingrg/kc/buy/cgsh_order_operate.html HTTP/1.1" 200 2065
116.238.139.35 - - [31/Dec/2022:09:30:05 +0800] "GET /xingrg/kc/buy/cgsh_order_operate.html?command=get_materiel&rest_code=00150&code=00101008091&supplier_code=00100008&order_time=2022-12-31 HTTP/1.1" 200 428
116.228.172.94 - - [31/Dec/2022:09:30:07 +0800] "POST /xingrg/dwr/call/plaincall/AjaxCheckService.saveOrder.dwr HTTP/1.1" 200 78
114.83.219.41 - - [31/Dec/2022:09:30:07 +0800] "GET /xingrg/kc/buy/cgsh_order_operate.html?command=get_materiel&rest_code=00149&code=00101008205&supplier_code=00100008&order_time=2022-12-31 HTTP/1.1" 200 412
116.228.172.94 - - [31/Dec/2022:09:30:09 +0800] "POST /xingrg/dwr/call/plaincall/AjaxCheckService.loadOrderItems.dwr HTTP/1.1" 200 368
