116.192.124.172 - - [30/Dec/2022:10:42:06 +0800] "GET /xingrg/all/function/internal_message.html?_=1672368136352&CODE_STATE=getMsg HTTP/1.1" 200 27
116.192.124.172 - - [30/Dec/2022:10:42:06 +0800] "GET /xingrg/kc/base/wldb_order_operate.html?command=get_materiel&rest_code=00102&base_code=0010476&code=00101019199 HTTP/1.1" 200 472
114.83.219.50 - - [30/Dec/2022:10:42:07 +0800] "POST /xingrg/login.do HTTP/1.1" 302 -
114.83.219.50 - - [30/Dec/2022:10:42:07 +0800] "GET /xingrg/index.html?sysBaseUrl=http%3A%2F%2F180.169.147.146%3A18081%2Fxingrg%2F&costTime=53×tamp=1672368127403 HTTP/1.1" 200 17179
114.83.219.50 - - [30/Dec/2022:10:42:07 +0800] "GET /xingrg/javascript/jquery_easy_ui/themes/icon.css HTTP/1.1" 200 3949
114.83.219.50 - - [30/Dec/2022:10:42:07 +0800] "GET /xingrg/javascript/jquery-1.4.2.min.js HTTP/1.1" 200 72205
114.83.219.50 - - [30/Dec/2022:10:42:07 +0800] "GET /xingrg/css/form.css HTTP/1.1" 200 893
114.83.219.50 - - [30/Dec/2022:10:42:07 +0800] "GET /xingrg/javascript/jquery_easy_ui/easyui-lang-zh_CN.js HTTP/1.1" 200 1900
114.83.219.50 - - [30/Dec/2022:10:42:07 +0800] "GET /xingrg/javascript/jquery_easy_ui/jquery.easyui.min.js HTTP/1.1" 200 213662
114.83.219.50 - - [30/Dec/2022:10:42:07 +0800] "GET /xingrg/javascript/jquery_easy_ui/themes/default/easyui.css HTTP/1.1" 200 26500
114.83.219.50 - - [30/Dec/2022:10:42:07 +0800] "GET /xingrg/javascript/jquery.timers.js HTTP/1.1" 200 3532
114.83.219.50 - - [30/Dec/2022:10:42:07 +0800] "GET /xingrg/javascript/jquery.utils.js HTTP/1.1" 200 11805
114.83.219.50 - - [30/Dec/2022:10:42:07 +0800] "GET /xingrg/javascript/jquery.form.js HTTP/1.1" 200 23110
114.83.219.50 - - [30/Dec/2022:10:42:07 +0800] "GET /favicon.ico HTTP/1.1" 404 -
114.83.219.50 - - [30/Dec/2022:10:42:07 +0800] "GET /xingrg/javascript/jquery_easy_ui/themes/icons/settle_new.png HTTP/1.1" 200 826
114.83.219.50 - - [30/Dec/2022:10:42:07 +0800] "GET /xingrg/images/blue/navBackgound.jpg HTTP/1.1" 200 12378
114.83.219.50 - - [30/Dec/2022:10:42:07 +0800] "POST /xingrg/all/common/load_tree.html?tree=area_rest_tree_json&manage=1 HTTP/1.1" 200 351
114.83.219.50 - - [30/Dec/2022:10:42:08 +0800] "GET /xingrg/all/function/internal_message.html?_=1672368138085&CODE_STATE=count HTTP/1.1" 200 11
114.83.219.50 - - [30/Dec/2022:10:42:08 +0800] "GET /xingrg/check_reg.html?_=1672368138088 HTTP/1.1" 200 22
114.83.219.50 - - [30/Dec/2022:10:42:08 +0800] "GET /xingrg/images/blue/pingpu.png HTTP/1.1" 200 231
114.83.219.50 - - [30/Dec/2022:10:42:08 +0800] "GET /xingrg/javascript/jquery_easy_ui/themes/default/images/tabs_leftarrow.png HTTP/1.1" 200 389
114.83.219.50 - - [30/Dec/2022:10:42:08 +0800] "GET /xingrg/javascript/jquery_easy_ui/themes/default/images/tabs_rightarrow.png HTTP/1.1" 200 395
114.83.219.50 - - [30/Dec/2022:10:42:08 +0800] "GET /xingrg/javascript/jquery_easy_ui/themes/default/images/panel_tool_collapse.gif HTTP/1.1" 200 246
114.83.219.50 - - [30/Dec/2022:10:42:08 +0800] "POST /xingrg/load_menu.html HTTP/1.1" 200 5138
114.83.219.50 - - [30/Dec/2022:10:42:08 +0800] "GET /xingrg/javascript/jquery_easy_ui/themes/default/images/tree_arrows.gif HTTP/1.1" 200 1043
114.83.219.50 - - [30/Dec/2022:10:42:08 +0800] "GET /xingrg/javascript/jquery_easy_ui/themes/default/images/tree_folder_open.gif HTTP/1.1" 200 956
114.83.219.50 - - [30/Dec/2022:10:42:08 +0800] "GET /xingrg/javascript/jquery_easy_ui/themes/icons/search_new.png HTTP/1.1" 200 586
114.83.219.50 - - [30/Dec/2022:10:42:08 +0800] "GET /xingrg/javascript/jquery_easy_ui/themes/default/images/tree_folder.gif HTTP/1.1" 200 952
114.83.219.50 - - [30/Dec/2022:10:42:08 +0800] "GET /xingrg/javascript/jquery_easy_ui/themes/icons/storage_new.png HTTP/1.1" 200 853
114.83.219.50 - - [30/Dec/2022:10:42:08 +0800] "GET /xingrg/javascript/jquery_easy_ui/themes/icons/forms_new.png HTTP/1.1" 200 350
114.83.219.50 - - [30/Dec/2022:10:42:08 +0800] "GET /xingrg/javascript/jquery_easy_ui/themes/default/images/tree_file.gif HTTP/1.1" 200 118
114.83.219.50 - - [30/Dec/2022:10:42:11 +0800] "GET /xingrg/javascript/jquery_easy_ui/themes/default/images/tabs_close.gif HTTP/1.1" 200 829
114.83.219.50 - - [30/Dec/2022:10:42:11 +0800] "GET /xingrg/css/base.css HTTP/1.1" 200 2811
114.83.219.50 - - [30/Dec/2022:10:42:11 +0800] "GET /xingrg/css/site.css HTTP/1.1" 200 7541
114.83.219.50 - - [30/Dec/2022:10:42:11 +0800] "GET /xingrg/javascript/jquery_tools/datebox.css HTTP/1.1" 200 2597
114.83.219.50 - - [30/Dec/2022:10:42:11 +0800] "GET /xingrg/javascript/easyui/themes/icon.css HTTP/1.1" 200 4483
114.83.219.50 - - [30/Dec/2022:10:42:11 +0800] "GET /xingrg/kc/buy/cgsh_order_list.html HTTP/1.1" 200 54084
114.83.219.50 - - [30/Dec/2022:10:42:11 +0800] "GET /xingrg/javascript/easyui/themes/default/easyui.css HTTP/1.1" 200 30432
114.83.219.50 - - [30/Dec/2022:10:42:11 +0800] "GET /xingrg/javascript/auto/jquery.autocomplete.css HTTP/1.1" 200 587
114.83.219.50 - - [30/Dec/2022:10:42:11 +0800] "GET /xingrg/javascript/jquery_tools/fix.css HTTP/1.1" 200 1702
114.83.219.50 - - [30/Dec/2022:10:42:11 +0800] "GET /xingrg/javascript/jquery_tools/table.css HTTP/1.1" 200 1032
114.83.219.50 - - [30/Dec/2022:10:42:11 +0800] "GET /xingrg/javascript/jquery_tools/jquery.tools.min.js HTTP/1.1" 200 138801
114.83.219.50 - - [30/Dec/2022:10:42:11 +0800] "GET /xingrg/javascript/jquery_tools/jquery.tools.hotkey.js HTTP/1.1" 200 3242
114.83.219.50 - - [30/Dec/2022:10:42:11 +0800] "GET /xingrg/javascript/jquery_tools/jquery.tools.table.js HTTP/1.1" 200 6994
114.83.219.50 - - [30/Dec/2022:10:42:11 +0800] "GET /xingrg/javascript/jquery_tools/jquery.tools.extend.js HTTP/1.1" 200 15385
114.83.219.50 - - [30/Dec/2022:10:42:11 +0800] "GET /xingrg/javascript/jquery_tools/list_manager.js HTTP/1.1" 200 3652
114.83.219.50 - - [30/Dec/2022:10:42:11 +0800] "GET /xingrg/javascript/auto/jquery.autocomplete.js HTTP/1.1" 200 21624
114.83.219.50 - - [30/Dec/2022:10:42:11 +0800] "GET /xingrg/javascript/easyui/easyloader.js HTTP/1.1" 200 5975
114.83.219.50 - - [30/Dec/2022:10:42:11 +0800] "GET /xingrg/javascript/jquery.cookie.js HTTP/1.1" 200 5513
114.83.219.50 - - [30/Dec/2022:10:42:11 +0800] "GET /xingrg/javascript/print/LodopFuncs.js HTTP/1.1" 200 5121
114.83.219.50 - - [30/Dec/2022:10:42:12 +0800] "GET /xingrg/javascript/easyui/themes/icons/edit_add_new.png HTTP/1.1" 200 2997
114.83.219.50 - - [30/Dec/2022:10:42:12 +0800] "GET /xingrg/javascript/easyui/themes/icons/cance_new.png HTTP/1.1" 200 3986
114.83.219.50 - - [30/Dec/2022:10:42:12 +0800] "GET /xingrg/javascript/easyui/themes/icons/check_new.png HTTP/1.1" 200 3224
114.83.219.50 - - [30/Dec/2022:10:42:12 +0800] "GET /xingrg/javascript/easyui/themes/icons/field_new.png HTTP/1.1" 200 1097
114.83.219.50 - - [30/Dec/2022:10:42:12 +0800] "GET /xingrg/javascript/easyui/themes/icons/import_new.png HTTP/1.1" 200 1247
114.84.38.109 - - [30/Dec/2022:10:42:12 +0800] "GET /xingrg/kc/base/wlsy_order_operate.html?command=get_materiel&rest_code=00146&base_code=0010068&code=00101001194 HTTP/1.1" 200 431
114.83.219.50 - - [30/Dec/2022:10:42:12 +0800] "GET /xingrg/javascript/easyui/plugins/jquery.parser.js HTTP/1.1" 200 1142
114.83.219.50 - - [30/Dec/2022:10:42:12 +0800] "GET /xingrg/images/control/ajaxLoader.gif HTTP/1.1" 200 4659
114.83.219.50 - - [30/Dec/2022:10:42:13 +0800] "POST /xingrg/kc/buy/cgsh_list_operate.html HTTP/1.1" 200 986
114.83.219.50 - - [30/Dec/2022:10:42:13 +0800] "GET /xingrg/javascript/easyui/themes/default/images/button_plain_hover.png HTTP/1.1" 200 144
116.192.124.172 - - [30/Dec/2022:10:42:14 +0800] "GET /xingrg/kc/base/wldb_order_operate.html?command=get_materiel&rest_code=00102&base_code=0010476&code=00101016001 HTTP/1.1" 200 458
116.238.139.35 - - [30/Dec/2022:10:42:20 +0800] "GET /xingrg/all/function/internal_message.html?_=1672368073367&CODE_STATE=getMsg HTTP/1.1" 200 27
114.83.219.50 - - [30/Dec/2022:10:42:22 +0800] "GET /xingrg/kc/buy/cgsh_order_add.html HTTP/1.1" 200 69948
114.83.219.50 - - [30/Dec/2022:10:42:22 +0800] "GET /xingrg/javascript/pic_change.js HTTP/1.1" 200 4739
114.83.219.50 - - [30/Dec/2022:10:42:22 +0800] "GET /xingrg/javascript/convert.js HTTP/1.1" 200 1239
114.83.219.50 - - [30/Dec/2022:10:42:22 +0800] "GET /xingrg/javascript/jquery_tools/order_manager.js HTTP/1.1" 200 11183
114.83.219.50 - - [30/Dec/2022:10:42:22 +0800] "GET /xingrg/javascript/json2.js HTTP/1.1" 200 11259
114.83.219.50 - - [30/Dec/2022:10:42:22 +0800] "GET /xingrg/javascript/print/kc_print.js HTTP/1.1" 200 11415
114.83.219.50 - - [30/Dec/2022:10:42:23 +0800] "GET /xingrg/words/20221230092200_words.js HTTP/1.1" 200 940096
114.83.219.50 - - [30/Dec/2022:10:42:23 +0800] "GET /xingrg/javascript/easyui/themes/icons/copy_new.png HTTP/1.1" 200 815
114.83.219.50 - - [30/Dec/2022:10:42:23 +0800] "GET /xingrg/javascript/easyui/themes/icons/template_new.png HTTP/1.1" 200 3956
114.83.219.50 - - [30/Dec/2022:10:42:23 +0800] "GET /xingrg/javascript/easyui/themes/icons/ok.png HTTP/1.1" 200 883
114.83.219.50 - - [30/Dec/2022:10:42:23 +0800] "GET /xingrg/javascript/easyui/themes/icons/print.png HTTP/1.1" 200 1057
114.83.219.50 - - [30/Dec/2022:10:42:23 +0800] "GET /xingrg/javascript/easyui/themes/default/images/menu_downarrow.png HTTP/1.1" 200 173
114.83.219.50 - - [30/Dec/2022:10:42:23 +0800] "GET /xingrg/javascript/easyui/themes/icons/cancel.png HTTP/1.1" 200 1133
114.83.219.50 - - [30/Dec/2022:10:42:24 +0800] "GET /xingrg/all/common/auto_word.html?type=employee&rest_code=00149 HTTP/1.1" 200 197
114.83.219.50 - - [30/Dec/2022:10:42:24 +0800] "GET /xingrg/all/common/auto_word.html?type=employee&rest_code=00149 HTTP/1.1" 200 197
114.83.219.50 - - [30/Dec/2022:10:42:24 +0800] "GET /xingrg/javascript/easyui/themes/default/validatebox.css HTTP/1.1" 404 1104
114.83.219.50 - - [30/Dec/2022:10:42:24 +0800] "GET /xingrg/javascript/easyui/plugins/jquery.validatebox.js HTTP/1.1" 200 6103
114.83.219.50 - - [30/Dec/2022:10:42:24 +0800] "GET /xingrg/javascript/easyui/plugins/jquery.numberbox.js HTTP/1.1" 200 5213
114.83.219.50 - - [30/Dec/2022:10:42:24 +0800] "POST /xingrg/kc/buy/cgsh_order_operate.html HTTP/1.1" 200 8245
114.83.219.50 - - [30/Dec/2022:10:42:24 +0800] "GET /xingrg/javascript/easyui/themes/icons/edit_remove.png HTTP/1.1" 200 625
180.169.147.146 - - [30/Dec/2022:10:42:28 +0800] "GET /xingrg/all/function/internal_message.html?_=1672368157946&CODE_STATE=getMsg HTTP/1.1" 200 27
114.83.219.50 - - [30/Dec/2022:10:42:34 +0800] "GET /xingrg/javascript/auto/indicator.gif HTTP/1.1" 404 1066
180.169.147.146 - - [30/Dec/2022:10:42:41 +0800] "GET /xingrg/all/function/internal_message.html?_=1672368171295&CODE_STATE=getMsg HTTP/1.1" 200 27
58.40.7.146 - - [30/Dec/2022:10:42:42 +0800] "GET /xingrg/all/function/internal_message.html?_=1672368172684&CODE_STATE=getMsg HTTP/1.1" 302 -
114.83.219.50 - - [30/Dec/2022:10:42:45 +0800] "GET /xingrg/javascript/jquery_tools/images/prev.gif HTTP/1.1" 404 1086
114.83.219.50 - - [30/Dec/2022:10:42:45 +0800] "GET /xingrg/javascript/jquery_tools/images/next.gif HTTP/1.1" 404 1086
222.69.192.184 - - [30/Dec/2022:10:42:46 +0800] "GET /xingrg/all/function/internal_message.html?_=1672368021451&CODE_STATE=getMsg HTTP/1.1" 200 27
114.83.222.182 - - [30/Dec/2022:10:42:48 +0800] "GET /xingrg/all/function/internal_message.html?_=1672368249790&CODE_STATE=getMsg HTTP/1.1" 200 27
58.221.95.50 - - [30/Dec/2022:10:42:50 +0800] "GET /xingrg/check_reg.html?_=1672368180427 HTTP/1.1" 302 -
114.84.38.109 - - [30/Dec/2022:10:42:50 +0800] "POST /xingrg/kc/base/wlsy_order_operate.html HTTP/1.1" 200 37
114.84.38.109 - - [30/Dec/2022:10:42:50 +0800] "POST /xingrg/kc/base/wlsy_order_operate.html HTTP/1.1" 200 14343
114.84.38.109 - - [30/Dec/2022:10:42:52 +0800] "POST /xingrg/kc/base/wlsy_order_operate.html HTTP/1.1" 200 12
114.84.38.109 - - [30/Dec/2022:10:42:54 +0800] "POST /xingrg/kc/base/wlsy_list_operate.html?syType=0 HTTP/1.1" 200 862
114.83.219.50 - - [30/Dec/2022:10:42:57 +0800] "GET /xingrg/all/function/internal_message.html?_=1672368186704&CODE_STATE=getMsg HTTP/1.1" 200 27
114.84.38.109 - - [30/Dec/2022:10:42:59 +0800] "GET /xingrg/all/function/internal_message.html?_=1672368207580&CODE_STATE=getMsg HTTP/1.1" 200 27
114.83.219.50 - - [30/Dec/2022:10:43:00 +0800] "GET /xingrg/kc/buy/cgsh_order_operate.html?command=get_materiel&rest_code=00149&code=00101009122&supplier_code=00100201&order_time=2022-12-30 HTTP/1.1" 200 405
116.192.124.172 - - [30/Dec/2022:10:43:06 +0800] "GET /xingrg/all/function/internal_message.html?_=1672368196358&CODE_STATE=getMsg HTTP/1.1" 200 27
114.83.219.50 - - [30/Dec/2022:10:43:08 +0800] "GET /xingrg/all/function/internal_message.html?_=1672368198271&CODE_STATE=getMsg HTTP/1.1" 200 27
222.69.192.184 - - [30/Dec/2022:10:43:13 +0800] "POST /xingrg/kc/buy/cgsh_order_operate.html HTTP/1.1" 200 37
114.83.219.50 - - [30/Dec/2022:10:43:14 +0800] "GET /xingrg/kc/buy/cgsh_order_operate.html?command=get_materiel&rest_code=00149&code=00101009062&supplier_code=00100201&order_time=2022-12-30 HTTP/1.1" 200 412
222.69.192.184 - - [30/Dec/2022:10:43:15 +0800] "POST /xingrg/kc/buy/cgsh_order_operate.html HTTP/1.1" 200 3253
116.192.124.172 - - [30/Dec/2022:10:43:18 +0800] "GET /xingrg/kc/base/wldb_order_operate.html?command=get_materiel&rest_code=00102&base_code=0010476&code=00101019222 HTTP/1.1" 200 453
222.69.192.184 - - [30/Dec/2022:10:43:18 +0800] "GET /xingrg/kc/print/load_data.html?order_code=212022123005845&kc_code=cgsh&condition= HTTP/1.1" 200 883
116.238.139.35 - - [30/Dec/2022:10:43:20 +0800] "GET /xingrg/all/function/internal_message.html?_=1672368133376&CODE_STATE=getMsg HTTP/1.1" 200 27
180.169.147.146 - - [30/Dec/2022:10:43:28 +0800] "GET /xingrg/all/function/internal_message.html?_=1672368217963&CODE_STATE=getMsg HTTP/1.1" 200 27
114.83.219.50 - - [30/Dec/2022:10:43:28 +0800] "GET /xingrg/kc/buy/cgsh_order_operate.html?command=get_materiel&rest_code=00149&code=00101009011&supplier_code=00100201&order_time=2022-12-30 HTTP/1.1" 200 416
180.169.147.146 - - [30/Dec/2022:10:43:41 +0800] "GET /xingrg/all/function/internal_message.html?_=1672368231310&CODE_STATE=getMsg HTTP/1.1" 200 27
58.40.7.146 - - [30/Dec/2022:10:43:42 +0800] "GET /xingrg/all/function/internal_message.html?_=1672368232662&CODE_STATE=getMsg HTTP/1.1" 302 -
114.83.219.50 - - [30/Dec/2022:10:43:44 +0800] "GET /xingrg/kc/buy/cgsh_order_operate.html?command=get_materiel&rest_code=00149&code=00101009018&supplier_code=00100201&order_time=2022-12-30 HTTP/1.1" 200 409
222.69.192.184 - - [30/Dec/2022:10:43:46 +0800] "GET /xingrg/all/function/internal_message.html?_=1672368081435&CODE_STATE=getMsg HTTP/1.1" 200 27
114.83.222.182 - - [30/Dec/2022:10:43:48 +0800] "GET /xingrg/check_reg.html?_=1672368309789 HTTP/1.1" 200 22
114.83.222.182 - - [30/Dec/2022:10:43:48 +0800] "GET /xingrg/all/function/internal_message.html?_=1672368309791&CODE_STATE=getMsg HTTP/1.1" 200 27
114.83.219.50 - - [30/Dec/2022:10:43:54 +0800] "GET /xingrg/kc/buy/cgsh_order_operate.html?command=get_materiel&rest_code=00149&code=00101009045&supplier_code=00100201&order_time=2022-12-30 HTTP/1.1" 200 412
114.83.219.50 - - [30/Dec/2022:10:43:57 +0800] "GET /xingrg/all/function/internal_message.html?_=1672368246693&CODE_STATE=getMsg HTTP/1.1" 200 27
114.84.38.109 - - [30/Dec/2022:10:44:00 +0800] "GET /xingrg/all/function/internal_message.html?_=1672368268181&CODE_STATE=getMsg HTTP/1.1" 200 27
116.192.124.172 - - [30/Dec/2022:10:44:06 +0800] "GET /xingrg/all/function/internal_message.html?_=1672368256353&CODE_STATE=getMsg HTTP/1.1" 200 27
114.83.219.50 - - [30/Dec/2022:10:44:08 +0800] "GET /xingrg/all/function/internal_message.html?_=1672368258247&CODE_STATE=getMsg HTTP/1.1" 200 27
222.69.192.184 - - [30/Dec/2022:10:44:10 +0800] "GET /xingrg/kc/buy/cgsh_order_add.html HTTP/1.1" 200 69942
222.69.192.184 - - [30/Dec/2022:10:44:11 +0800] "POST /xingrg/kc/buy/cgsh_order_operate.html HTTP/1.1" 200 8245
222.69.192.184 - - [30/Dec/2022:10:44:11 +0800] "GET /xingrg/javascript/easyui/themes/default/validatebox.css HTTP/1.1" 404 1104
116.238.139.35 - - [30/Dec/2022:10:44:20 +0800] "GET /xingrg/check_reg.html?_=1672368192800 HTTP/1.1" 200 22
116.238.139.35 - - [30/Dec/2022:10:44:20 +0800] "GET /xingrg/all/function/internal_message.html?_=1672368193391&CODE_STATE=getMsg HTTP/1.1" 200 27
180.169.147.146 - - [30/Dec/2022:10:44:28 +0800] "GET /xingrg/all/function/internal_message.html?_=1672368277962&CODE_STATE=getMsg HTTP/1.1" 200 27
222.69.192.184 - - [30/Dec/2022:10:44:34 +0800] "GET /xingrg/kc/buy/cgsh_order_operate.html?command=get_materiel&rest_code=00105&code=00101001060&supplier_code=00100442&order_time=2022-12-30 HTTP/1.1" 200 440
180.169.147.146 - - [30/Dec/2022:10:44:41 +0800] "GET /xingrg/all/function/internal_message.html?_=1672368291340&CODE_STATE=getMsg HTTP/1.1" 200 27
58.40.7.146 - - [30/Dec/2022:10:44:42 +0800] "GET /xingrg/all/function/internal_message.html?_=1672368292648&CODE_STATE=getMsg HTTP/1.1" 302 -
222.69.192.184 - - [30/Dec/2022:10:44:46 +0800] "GET /xingrg/all/function/internal_message.html?_=1672368141418&CODE_STATE=getMsg HTTP/1.1" 200 27
222.69.192.184 - - [30/Dec/2022:10:44:47 +0800] "GET /xingrg/check_reg.html?_=1672368142108 HTTP/1.1" 200 22
114.83.222.182 - - [30/Dec/2022:10:44:47 +0800] "GET /xingrg/all/function/internal_message.html?_=1672368369786&CODE_STATE=getMsg HTTP/1.1" 200 27
114.83.219.50 - - [30/Dec/2022:10:44:57 +0800] "GET /xingrg/all/function/internal_message.html?_=1672368306713&CODE_STATE=getMsg HTTP/1.1" 200 27
114.84.38.109 - - [30/Dec/2022:10:45:00 +0800] "GET /xingrg/all/function/internal_message.html?_=1672368328184&CODE_STATE=getMsg HTTP/1.1" 200 27
116.192.124.172 - - [30/Dec/2022:10:45:06 +0800] "GET /xingrg/check_reg.html?_=1672368316342 HTTP/1.1" 200 22
116.192.124.172 - - [30/Dec/2022:10:45:06 +0800] "GET /xingrg/all/function/internal_message.html?_=1672368316345&CODE_STATE=getMsg HTTP/1.1" 200 27
114.83.219.50 - - [30/Dec/2022:10:45:08 +0800] "GET /xingrg/all/function/internal_message.html?_=1672368318223&CODE_STATE=getMsg HTTP/1.1" 200 27
116.192.124.172 - - [30/Dec/2022:10:45:11 +0800] "GET /xingrg/kc/base/wldb_order_operate.html?command=get_materiel&rest_code=00102&base_code=0010476&code=00101019184 HTTP/1.1" 200 456
116.192.124.172 - - [30/Dec/2022:10:45:14 +0800] "GET /xingrg/kc/base/wldb_order_operate.html?command=get_materiel&rest_code=00102&base_code=0010476&code=00101019400 HTTP/1.1" 200 463
116.192.124.172 - - [30/Dec/2022:10:45:17 +0800] "POST /xingrg/kc/base/wldb_order_operate.html HTTP/1.1" 200 1710
116.238.139.35 - - [30/Dec/2022:10:45:20 +0800] "GET /xingrg/all/function/internal_message.html?_=1672368253403&CODE_STATE=getMsg HTTP/1.1" 200 27
222.69.192.184 - - [30/Dec/2022:10:45:22 +0800] "POST /xingrg/kc/buy/cgsh_order_operate.html HTTP/1.1" 200 37
222.69.192.184 - - [30/Dec/2022:10:45:24 +0800] "POST /xingrg/kc/buy/cgsh_order_operate.html HTTP/1.1" 200 2666
116.192.124.172 - - [30/Dec/2022:10:45:25 +0800] "GET /xingrg/kc/base/wldb_order_operate.html?command=get_materiel&rest_code=00102&base_code=0010476&code=00101019450 HTTP/1.1" 200 481
180.169.147.146 - - [30/Dec/2022:10:45:28 +0800] "GET /xingrg/all/function/internal_message.html?_=1672368337952&CODE_STATE=getMsg HTTP/1.1" 200 27
180.169.147.146 - - [30/Dec/2022:10:45:41 +0800] "GET /xingrg/check_reg.html?_=1672368351323 HTTP/1.1" 200 22
180.169.147.146 - - [30/Dec/2022:10:45:41 +0800] "GET /xingrg/all/function/internal_message.html?_=1672368351324&CODE_STATE=getMsg HTTP/1.1" 200 27
58.40.7.146 - - [30/Dec/2022:10:45:42 +0800] "GET /xingrg/all/function/internal_message.html?_=1672368352621&CODE_STATE=getMsg HTTP/1.1" 302 -
114.84.38.109 - - [30/Dec/2022:10:45:45 +0800] "GET /xingrg/check_reg.html?_=1672368373692 HTTP/1.1" 200 22
222.69.192.184 - - [30/Dec/2022:10:45:46 +0800] "GET /xingrg/all/function/internal_message.html?_=1672368201397&CODE_STATE=getMsg HTTP/1.1" 200 27
114.83.222.182 - - [30/Dec/2022:10:45:47 +0800] "GET /xingrg/all/function/internal_message.html?_=1672368429786&CODE_STATE=getMsg HTTP/1.1" 200 27
114.83.219.50 - - [30/Dec/2022:10:45:57 +0800] "GET /xingrg/check_reg.html?_=1672368366706 HTTP/1.1" 200 22
114.83.219.50 - - [30/Dec/2022:10:45:57 +0800] "GET /xingrg/all/function/internal_message.html?_=1672368366709&CODE_STATE=getMsg HTTP/1.1" 200 27
116.192.124.172 - - [30/Dec/2022:10:45:57 +0800] "GET /xingrg/kc/base/wldb_order_operate.html?command=get_materiel&rest_code=00102&base_code=0010476&code=00101019018 HTTP/1.1" 200 465
114.83.219.50 - - [30/Dec/2022:10:45:58 +0800] "GET /xingrg/javascript/jquery_easy_ui/themes/icons/rest.png HTTP/1.1" 200 695
114.83.219.50 - - [30/Dec/2022:10:45:58 +0800] "GET /xingrg/javascript/jquery_easy_ui/themes/icons/area.png HTTP/1.1" 200 262
114.84.38.109 - - [30/Dec/2022:10:46:00 +0800] "GET /xingrg/all/function/internal_message.html?_=1672368388197&CODE_STATE=getMsg HTTP/1.1" 200 27
58.40.7.146 - - [30/Dec/2022:10:46:01 +0800] "GET /xingrg/check_reg.html?_=1672368371743 HTTP/1.1" 302 -
114.83.219.50 - - [30/Dec/2022:10:46:02 +0800] "POST /xingrg/kc/buy/cgsh_order_operate.html HTTP/1.1" 200 37
116.192.124.172 - - [30/Dec/2022:10:46:06 +0800] "GET /xingrg/all/function/internal_message.html?_=1672368376348&CODE_STATE=getMsg HTTP/1.1" 200 27
114.83.219.50 - - [30/Dec/2022:10:46:08 +0800] "GET /xingrg/all/function/internal_message.html?_=1672368378208&CODE_STATE=getMsg HTTP/1.1" 200 27
114.83.219.50 - - [30/Dec/2022:10:46:08 +0800] "POST /xingrg/kc/buy/cgsh_order_operate.html HTTP/1.1" 200 12
114.83.219.50 - - [30/Dec/2022:10:46:10 +0800] "GET /xingrg/kc/buy/cgsh_order_info.html?code=212022123005847 HTTP/1.1" 200 64850
114.83.219.50 - - [30/Dec/2022:10:46:11 +0800] "GET /xingrg/javascript/easyui/themes/default/validatebox.css HTTP/1.1" 404 1104
116.192.124.172 - - [30/Dec/2022:10:46:11 +0800] "GET /xingrg/kc/base/wldb_order_operate.html?command=get_materiel&rest_code=00102&base_code=0010476&code=00101019313 HTTP/1.1" 200 456
114.83.219.50 - - [30/Dec/2022:10:46:11 +0800] "POST /xingrg/kc/buy/cgsh_order_operate.html HTTP/1.1" 200 2962
114.83.219.50 - - [30/Dec/2022:10:46:12 +0800] "GET /xingrg/kc/print/load_config.html?kc_code=cgsh HTTP/1.1" 200 1943
114.83.219.50 - - [30/Dec/2022:10:46:12 +0800] "GET /xingrg/kc/print/load_data.html?order_code=212022123005847&kc_code=cgsh&condition= HTTP/1.1" 200 1605
116.192.124.172 - - [30/Dec/2022:10:46:15 +0800] "GET /xingrg/kc/base/wldb_order_operate.html?command=get_materiel&rest_code=00102&base_code=0010476&code=00101019063 HTTP/1.1" 200 460
116.192.124.172 - - [30/Dec/2022:10:46:16 +0800] "POST /xingrg/kc/base/wldb_order_operate.html HTTP/1.1" 200 1710
116.192.124.172 - - [30/Dec/2022:10:46:19 +0800] "GET /xingrg/kc/base/wldb_order_operate.html?command=get_materiel&rest_code=00102&base_code=0010476&code=00101019015 HTTP/1.1" 200 450
116.238.139.35 - - [30/Dec/2022:10:46:20 +0800] "GET /xingrg/all/function/internal_message.html?_=1672368313417&CODE_STATE=getMsg HTTP/1.1" 200 27
116.192.124.172 - - [30/Dec/2022:10:46:28 +0800] "GET /xingrg/kc/base/wldb_order_operate.html?command=get_materiel&rest_code=00102&base_code=0010476&code=00101016019 HTTP/1.1" 200 450
180.169.147.146 - - [30/Dec/2022:10:46:28 +0800] "GET /xingrg/all/function/internal_message.html?_=1672368397944&CODE_STATE=getMsg HTTP/1.1" 200 27
180.169.147.146 - - [30/Dec/2022:10:46:28 +0800] "GET /xingrg/check_reg.html?_=1672368397946 HTTP/1.1" 200 22
116.192.124.172 - - [30/Dec/2022:10:46:33 +0800] "GET /xingrg/kc/base/wldb_order_operate.html?command=get_materiel&rest_code=00102&base_code=0010476&code=00101019142 HTTP/1.1" 200 463
116.192.124.172 - - [30/Dec/2022:10:46:38 +0800] "GET /xingrg/kc/base/wldb_order_operate.html?command=get_materiel&rest_code=00102&base_code=0010476&code=00101016049 HTTP/1.1" 200 446
180.169.147.146 - - [30/Dec/2022:10:46:41 +0800] "GET /xingrg/all/function/internal_message.html?_=1672368411322&CODE_STATE=getMsg HTTP/1.1" 200 27
58.40.7.146 - - [30/Dec/2022:10:46:42 +0800] "GET /xingrg/all/function/internal_message.html?_=1672368412618&CODE_STATE=getMsg HTTP/1.1" 302 -
116.192.124.172 - - [30/Dec/2022:10:46:43 +0800] "GET /xingrg/kc/base/wldb_order_operate.html?command=get_materiel&rest_code=00102&base_code=0010476&code=00101013093 HTTP/1.1" 200 447
116.192.124.172 - - [30/Dec/2022:10:46:44 +0800] "POST /xingrg/kc/base/wldb_order_operate.html HTTP/1.1" 200 1710
222.69.192.184 - - [30/Dec/2022:10:46:46 +0800] "GET /xingrg/all/function/internal_message.html?_=1672368261387&CODE_STATE=getMsg HTTP/1.1" 200 27
116.192.124.172 - - [30/Dec/2022:10:46:47 +0800] "GET /xingrg/kc/base/wldb_order_operate.html?command=get_materiel&rest_code=00102&base_code=0010476&code=00101013044 HTTP/1.1" 200 450
114.83.222.182 - - [30/Dec/2022:10:46:47 +0800] "GET /xingrg/all/function/internal_message.html?_=1672368489773&CODE_STATE=getMsg HTTP/1.1" 200 27
114.83.219.50 - - [30/Dec/2022:10:46:51 +0800] "GET /xingrg/kc/buy/cgsh_order_add.html HTTP/1.1" 200 69948
114.83.219.50 - - [30/Dec/2022:10:46:51 +0800] "POST /xingrg/kc/buy/cgsh_order_operate.html HTTP/1.1" 200 8245
114.83.219.50 - - [30/Dec/2022:10:46:51 +0800] "GET /xingrg/javascript/easyui/themes/default/validatebox.css HTTP/1.1" 404 1104
116.192.124.172 - - [30/Dec/2022:10:46:53 +0800] "GET /xingrg/kc/base/wldb_order_operate.html?command=get_materiel&rest_code=00102&base_code=0010476&code=00101013011 HTTP/1.1" 200 451
114.83.219.50 - - [30/Dec/2022:10:46:57 +0800] "GET /xingrg/all/function/internal_message.html?_=1672368426698&CODE_STATE=getMsg HTTP/1.1" 200 27
114.84.38.109 - - [30/Dec/2022:10:47:00 +0800] "GET /xingrg/all/function/internal_message.html?_=1672368448211&CODE_STATE=getMsg HTTP/1.1" 200 27
116.192.124.172 - - [30/Dec/2022:10:47:01 +0800] "GET /xingrg/kc/base/wldb_order_operate.html?command=get_materiel&rest_code=00102&base_code=0010476&code=00101013221 HTTP/1.1" 200 434
116.192.124.172 - - [30/Dec/2022:10:47:05 +0800] "GET /xingrg/kc/base/wldb_order_operate.html?command=get_materiel&rest_code=00102&base_code=0010476&code=00101013193 HTTP/1.1" 200 444
116.192.124.172 - - [30/Dec/2022:10:47:06 +0800] "GET /xingrg/all/function/internal_message.html?_=1672368436369&CODE_STATE=getMsg HTTP/1.1" 200 27
114.83.219.50 - - [30/Dec/2022:10:47:08 +0800] "GET /xingrg/check_reg.html?_=1672368438127 HTTP/1.1" 200 22
114.83.219.50 - - [30/Dec/2022:10:47:08 +0800] "GET /xingrg/all/function/internal_message.html?_=1672368438282&CODE_STATE=getMsg HTTP/1.1" 200 27
116.192.124.172 - - [30/Dec/2022:10:47:11 +0800] "GET /xingrg/kc/base/wldb_order_operate.html?command=get_materiel&rest_code=00102&base_code=0010476&code=00101013257 HTTP/1.1" 200 443
116.192.124.172 - - [30/Dec/2022:10:47:12 +0800] "POST /xingrg/kc/base/wldb_order_operate.html HTTP/1.1" 200 1710
116.192.124.172 - - [30/Dec/2022:10:47:16 +0800] "GET /xingrg/kc/base/wldb_order_operate.html?command=get_materiel&rest_code=00102&base_code=0010476&code=00101013003 HTTP/1.1" 200 429
116.238.139.35 - - [30/Dec/2022:10:47:20 +0800] "GET /xingrg/all/function/internal_message.html?_=1672368373434&CODE_STATE=getMsg HTTP/1.1" 200 27
116.192.124.172 - - [30/Dec/2022:10:47:21 +0800] "GET /xingrg/kc/base/wldb_order_operate.html?command=get_materiel&rest_code=00102&base_code=0010476&code=00101013081 HTTP/1.1" 200 430
114.83.219.50 - - [30/Dec/2022:10:47:24 +0800] "GET /xingrg/kc/buy/cgsh_order_operate.html?command=get_materiel&rest_code=00149&code=00101004051&supplier_code=00100083&order_time=2022-12-30 HTTP/1.1" 200 409
116.192.124.172 - - [30/Dec/2022:10:47:25 +0800] "GET /xingrg/kc/base/wldb_order_operate.html?command=get_materiel&rest_code=00102&base_code=0010476&code=00101013263 HTTP/1.1" 200 435
180.169.147.146 - - [30/Dec/2022:10:47:28 +0800] "GET /xingrg/all/function/internal_message.html?_=1672368457950&CODE_STATE=getMsg HTTP/1.1" 200 27
116.192.124.172 - - [30/Dec/2022:10:47:30 +0800] "GET /xingrg/kc/base/wldb_order_operate.html?command=get_materiel&rest_code=00102&base_code=0010476&code=00101013265 HTTP/1.1" 200 434
114.83.219.50 - - [30/Dec/2022:10:47:34 +0800] "GET /xingrg/kc/buy/cgsh_order_operate.html?command=get_materiel&rest_code=00149&code=00101004065&supplier_code=00100083&order_time=2022-12-30 HTTP/1.1" 200 413
116.192.124.172 - - [30/Dec/2022:10:47:36 +0800] "GET /xingrg/kc/base/wldb_order_operate.html?command=get_materiel&rest_code=00102&base_code=0010476&code=00101013264 HTTP/1.1" 200 435
116.192.124.172 - - [30/Dec/2022:10:47:37 +0800] "POST /xingrg/kc/base/wldb_order_operate.html HTTP/1.1" 200 1710
180.169.147.146 - - [30/Dec/2022:10:47:41 +0800] "GET /xingrg/all/function/internal_message.html?_=1672368471337&CODE_STATE=getMsg HTTP/1.1" 200 27
58.40.7.146 - - [30/Dec/2022:10:47:42 +0800] "GET /xingrg/all/function/internal_message.html?_=1672368472601&CODE_STATE=getMsg HTTP/1.1" 302 -
222.69.192.184 - - [30/Dec/2022:10:47:46 +0800] "GET /xingrg/all/function/internal_message.html?_=1672368321372&CODE_STATE=getMsg HTTP/1.1" 200 27
116.192.124.172 - - [30/Dec/2022:10:47:46 +0800] "GET /xingrg/kc/base/wldb_order_operate.html?command=get_materiel&rest_code=00102&base_code=0010476&code=00101013188 HTTP/1.1" 200 432
114.83.222.182 - - [30/Dec/2022:10:47:47 +0800] "GET /xingrg/all/function/internal_message.html?_=1672368549783&CODE_STATE=getMsg HTTP/1.1" 200 27
58.221.95.50 - - [30/Dec/2022:10:47:50 +0800] "GET /xingrg/check_reg.html?_=1672368480413 HTTP/1.1" 302 -
116.192.124.172 - - [30/Dec/2022:10:47:50 +0800] "GET /xingrg/kc/base/wldb_order_operate.html?command=get_materiel&rest_code=00102&base_code=0010476&code=00101013012 HTTP/1.1" 200 430
114.83.219.50 - - [30/Dec/2022:10:47:54 +0800] "GET /xingrg/kc/buy/cgsh_order_operate.html?command=get_materiel&rest_code=00149&code=00101004067&supplier_code=00100083&order_time=2022-12-30 HTTP/1.1" 200 431
114.83.219.50 - - [30/Dec/2022:10:47:57 +0800] "GET /xingrg/all/function/internal_message.html?_=1672368486704&CODE_STATE=getMsg HTTP/1.1" 200 27
114.84.38.109 - - [30/Dec/2022:10:48:00 +0800] "GET /xingrg/all/function/internal_message.html?_=1672368508806&CODE_STATE=getMsg HTTP/1.1" 200 27
116.192.124.172 - - [30/Dec/2022:10:48:01 +0800] "GET /xingrg/kc/base/wldb_order_operate.html?command=get_materiel&rest_code=00102&base_code=0010476&code=00101013092 HTTP/1.1" 200 432
116.192.124.172 - - [30/Dec/2022:10:48:05 +0800] "GET /xingrg/kc/base/wldb_order_operate.html?command=get_materiel&rest_code=00102&base_code=0010476&code=00101013137 HTTP/1.1" 200 432
116.192.124.172 - - [30/Dec/2022:10:48:06 +0800] "GET /xingrg/all/function/internal_message.html?_=1672368496355&CODE_STATE=getMsg HTTP/1.1" 200 27
114.83.219.50 - - [30/Dec/2022:10:48:08 +0800] "GET /xingrg/all/function/internal_message.html?_=1672368498173&CODE_STATE=getMsg HTTP/1.1" 200 27
114.83.219.50 - - [30/Dec/2022:10:48:11 +0800] "GET /xingrg/kc/buy/cgsh_order_operate.html?command=get_materiel&rest_code=00149&code=00101004027&supplier_code=00100083&order_time=2022-12-30 HTTP/1.1" 200 427
116.192.124.172 - - [30/Dec/2022:10:48:11 +0800] "GET /xingrg/kc/base/wldb_order_operate.html?command=get_materiel&rest_code=00102&base_code=0010476&code=00101013182 HTTP/1.1" 200 430
116.192.124.172 - - [30/Dec/2022:10:48:12 +0800] "POST /xingrg/kc/base/wldb_order_operate.html HTTP/1.1" 200 1710
116.238.139.35 - - [30/Dec/2022:10:48:20 +0800] "GET /xingrg/all/function/internal_message.html?_=1672368433444&CODE_STATE=getMsg HTTP/1.1" 200 27
116.192.124.172 - - [30/Dec/2022:10:48:21 +0800] "GET /xingrg/kc/base/wldb_order_operate.html?command=get_materiel&rest_code=00102&base_code=0010476&code=00101013178 HTTP/1.1" 200 428
114.83.219.50 - - [30/Dec/2022:10:48:21 +0800] "GET /xingrg/kc/buy/cgsh_order_operate.html?command=get_materiel&rest_code=00149&code=00101004011&supplier_code=00100083&order_time=2022-12-30 HTTP/1.1" 200 435
180.169.147.146 - - [30/Dec/2022:10:48:28 +0800] "GET /xingrg/all/function/internal_message.html?_=1672368517946&CODE_STATE=getMsg HTTP/1.1" 200 27
116.192.124.172 - - [30/Dec/2022:10:48:33 +0800] "GET /xingrg/kc/base/wldb_order_operate.html?command=get_materiel&rest_code=00102&base_code=0010476&code=00101013027 HTTP/1.1" 200 428
114.83.219.50 - - [30/Dec/2022:10:48:34 +0800] "POST /xingrg/kc/buy/cgsh_order_operate.html HTTP/1.1" 200 37
116.192.124.172 - - [30/Dec/2022:10:48:40 +0800] "GET /xingrg/kc/base/wldb_order_operate.html?command=get_materiel&rest_code=00102&base_code=0010476&code=00101013150 HTTP/1.1" 200 428
114.83.222.182 - - [30/Dec/2022:10:48:40 +0800] "GET /xingrg/kc/buy/cgsh_order_list.html HTTP/1.1" 200 54084
180.169.147.146 - - [30/Dec/2022:10:48:41 +0800] "GET /xingrg/all/function/internal_message.html?_=1672368531322&CODE_STATE=getMsg HTTP/1.1" 200 27
114.83.222.182 - - [30/Dec/2022:10:48:41 +0800] "POST /xingrg/kc/buy/cgsh_list_operate.html HTTP/1.1" 200 986
114.83.222.182 - - [30/Dec/2022:10:48:44 +0800] "GET /xingrg/kc/buy/cgsh_order_add.html HTTP/1.1" 200 69063
114.83.222.182 - - [30/Dec/2022:10:48:44 +0800] "GET /xingrg/words/20221230092200_words.js HTTP/1.1" 304 -
114.83.222.182 - - [30/Dec/2022:10:48:44 +0800] "POST /xingrg/kc/buy/cgsh_order_operate.html HTTP/1.1" 200 8245
114.83.222.182 - - [30/Dec/2022:10:48:44 +0800] "GET /xingrg/javascript/easyui/themes/default/validatebox.css HTTP/1.1" 404 1104
114.83.222.182 - - [30/Dec/2022:10:48:44 +0800] "GET /xingrg/all/common/auto_word.html?type=employee&rest_code=00154 HTTP/1.1" 200 101
114.83.222.182 - - [30/Dec/2022:10:48:44 +0800] "GET /xingrg/all/common/auto_word.html?type=employee&rest_code=00154 HTTP/1.1" 200 101
116.192.124.172 - - [30/Dec/2022:10:48:44 +0800] "GET /xingrg/kc/base/wldb_order_operate.html?command=get_materiel&rest_code=00102&base_code=0010476&code=00101013018 HTTP/1.1" 200 428
222.69.192.184 - - [30/Dec/2022:10:48:46 +0800] "GET /xingrg/all/function/internal_message.html?_=1672368381367&CODE_STATE=getMsg HTTP/1.1" 200 27
114.83.222.182 - - [30/Dec/2022:10:48:47 +0800] "GET /xingrg/all/function/internal_message.html?_=1672368609783&CODE_STATE=getMsg HTTP/1.1" 200 27
114.83.222.182 - - [30/Dec/2022:10:48:47 +0800] "GET /xingrg/check_reg.html?_=1672368609785 HTTP/1.1" 200 22
116.192.124.172 - - [30/Dec/2022:10:48:49 +0800] "GET /xingrg/kc/base/wldb_order_operate.html?command=get_materiel&rest_code=00102&base_code=0010476&code=00101013050 HTTP/1.1" 200 428
116.192.124.172 - - [30/Dec/2022:10:48:50 +0800] "POST /xingrg/kc/base/wldb_order_operate.html HTTP/1.1" 200 1710
116.192.124.172 - - [30/Dec/2022:10:48:55 +0800] "GET /xingrg/kc/base/wldb_order_operate.html?command=get_materiel&rest_code=00102&base_code=0010476&code=00101013177 HTTP/1.1" 200 431
114.83.219.50 - - [30/Dec/2022:10:48:57 +0800] "GET /xingrg/all/function/internal_message.html?_=1672368546704&CODE_STATE=getMsg HTTP/1.1" 200 27
116.192.124.172 - - [30/Dec/2022:10:48:58 +0800] "GET /xingrg/kc/base/wldb_order_operate.html?command=get_materiel&rest_code=00102&base_code=0010476&code=00101013010 HTTP/1.1" 200 436
114.84.38.109 - - [30/Dec/2022:10:49:00 +0800] "GET /xingrg/all/function/internal_message.html?_=1672368568815&CODE_STATE=getMsg HTTP/1.1" 200 27
116.192.124.172 - - [30/Dec/2022:10:49:06 +0800] "GET /xingrg/all/function/internal_message.html?_=1672368556342&CODE_STATE=getMsg HTTP/1.1" 200 27
114.83.219.50 - - [30/Dec/2022:10:49:11 +0800] "POST /xingrg/kc/buy/cgsh_order_operate.html HTTP/1.1" 200 12
114.83.222.182 - - [30/Dec/2022:10:49:13 +0800] "GET /xingrg/kc/buy/cgsh_order_operate.html?command=get_materiel&rest_code=00154&code=00101006183&supplier_code=00100419&order_time=2022-12-30 HTTP/1.1" 200 408
116.238.139.35 - - [30/Dec/2022:10:49:20 +0800] "GET /xingrg/check_reg.html?_=1672368492814 HTTP/1.1" 200 22
116.238.139.35 - - [30/Dec/2022:10:49:21 +0800] "GET /xingrg/all/function/internal_message.html?_=1672368493458&CODE_STATE=getMsg HTTP/1.1" 200 27
114.83.219.50 - - [30/Dec/2022:10:49:23 +0800] "GET /xingrg/kc/buy/cgsh_order_info.html?code=212022123005848 HTTP/1.1" 200 64848
114.83.219.50 - - [30/Dec/2022:10:49:24 +0800] "GET /xingrg/javascript/easyui/themes/default/validatebox.css HTTP/1.1" 404 1104
114.83.219.50 - - [30/Dec/2022:10:49:24 +0800] "POST /xingrg/kc/buy/cgsh_order_operate.html HTTP/1.1" 200 2989
114.83.222.182 - - [30/Dec/2022:10:49:25 +0800] "GET /xingrg/kc/buy/cgsh_order_operate.html?command=get_materiel&rest_code=00154&code=00101006177&supplier_code=00100419&order_time=2022-12-30 HTTP/1.1" 200 410
180.169.147.146 - - [30/Dec/2022:10:49:28 +0800] "GET /xingrg/all/function/internal_message.html?_=1672368577956&CODE_STATE=getMsg HTTP/1.1" 200 27
114.83.219.50 - - [30/Dec/2022:10:49:28 +0800] "GET /xingrg/kc/print/load_data.html?order_code=212022123005848&kc_code=cgsh&condition= HTTP/1.1" 200 1636
114.83.219.50 - - [30/Dec/2022:10:49:35 +0800] "GET /xingrg/kc/buy/cgsh_order_add.html HTTP/1.1" 200 69948
114.83.219.50 - - [30/Dec/2022:10:49:35 +0800] "GET /xingrg/javascript/easyui/themes/default/validatebox.css HTTP/1.1" 404 1104
114.83.219.50 - - [30/Dec/2022:10:49:35 +0800] "POST /xingrg/kc/buy/cgsh_order_operate.html HTTP/1.1" 200 8245
114.83.222.182 - - [30/Dec/2022:10:49:40 +0800] "GET /xingrg/kc/buy/cgsh_order_operate.html?command=get_materiel&rest_code=00154&code=00101006193&supplier_code=00100419&order_time=2022-12-30 HTTP/1.1" 200 411
180.169.147.146 - - [30/Dec/2022:10:49:41 +0800] "GET /xingrg/all/function/internal_message.html?_=1672368591322&CODE_STATE=getMsg HTTP/1.1" 200 27
116.192.124.172 - - [30/Dec/2022:10:49:41 +0800] "GET /xingrg/kc/base/wldb_order_operate.html?command=get_materiel&rest_code=00102&base_code=0010476&code=00101019041 HTTP/1.1" 200 469
222.69.192.184 - - [30/Dec/2022:10:49:46 +0800] "GET /xingrg/all/function/internal_message.html?_=1672368441356&CODE_STATE=getMsg HTTP/1.1" 200 27
222.69.192.184 - - [30/Dec/2022:10:49:47 +0800] "GET /xingrg/check_reg.html?_=1672368442096 HTTP/1.1" 200 22
114.83.222.182 - - [30/Dec/2022:10:49:47 +0800] "GET /xingrg/all/function/internal_message.html?_=1672368669784&CODE_STATE=getMsg HTTP/1.1" 200 27
116.192.124.172 - - [30/Dec/2022:10:49:48 +0800] "GET /xingrg/kc/base/wldb_order_operate.html?command=get_materiel&rest_code=00102&base_code=0010476&code=00101016014 HTTP/1.1" 200 451
114.83.222.182 - - [30/Dec/2022:10:49:55 +0800] "GET /xingrg/kc/buy/cgsh_order_operate.html?command=get_materiel&rest_code=00154&code=00101006184&supplier_code=00100419&order_time=2022-12-30 HTTP/1.1" 200 408
114.83.219.50 - - [30/Dec/2022:10:49:57 +0800] "GET /xingrg/all/function/internal_message.html?_=1672368606697&CODE_STATE=getMsg HTTP/1.1" 200 27
114.83.219.50 - - [30/Dec/2022:10:49:57 +0800] "GET /xingrg/kc/buy/cgsh_order_operate.html?command=get_materiel&rest_code=00149&code=00101001140&supplier_code=00100039&order_time=2022-12-30 HTTP/1.1" 200 433
114.84.38.109 - - [30/Dec/2022:10:50:01 +0800] "GET /xingrg/all/function/internal_message.html?_=1672368629317&CODE_STATE=getMsg HTTP/1.1" 200 27
116.192.124.172 - - [30/Dec/2022:10:50:06 +0800] "GET /xingrg/check_reg.html?_=1672368616365 HTTP/1.1" 200 22
116.192.124.172 - - [30/Dec/2022:10:50:06 +0800] "GET /xingrg/all/function/internal_message.html?_=1672368616368&CODE_STATE=getMsg HTTP/1.1" 200 27
116.192.124.172 - - [30/Dec/2022:10:50:07 +0800] "GET /xingrg/kc/base/wldb_order_add.html HTTP/1.1" 200 30380
116.192.124.172 - - [30/Dec/2022:10:50:07 +0800] "GET /xingrg/words/20221230092200_words.js HTTP/1.1" 304 -
116.192.124.172 - - [30/Dec/2022:10:50:08 +0800] "POST /xingrg/kc/base/wldb_order_operate.html HTTP/1.1" 200 6806
116.192.124.172 - - [30/Dec/2022:10:50:08 +0800] "GET /xingrg/javascript/easyui/themes/default/validatebox.css HTTP/1.1" 404 1104
114.83.219.50 - - [30/Dec/2022:10:50:08 +0800] "GET /xingrg/all/function/internal_message.html?_=1672368618189&CODE_STATE=getMsg HTTP/1.1" 200 27
114.83.219.50 - - [30/Dec/2022:10:50:08 +0800] "GET /xingrg/kc/buy/cgsh_order_operate.html?command=get_materiel&rest_code=00149&code=00101001125&supplier_code=00100039&order_time=2022-12-30 HTTP/1.1" 200 431
116.192.124.172 - - [30/Dec/2022:10:50:10 +0800] "POST /xingrg/all/common/load_combo.html?type=base HTTP/1.1" 200 3321
116.192.124.172 - - [30/Dec/2022:10:50:18 +0800] "GET /xingrg/kc/base/wldb_order_operate.html?command=get_materiel&rest_code=00102&base_code=0010476&code=00101016040 HTTP/1.1" 200 458
116.238.139.35 - - [30/Dec/2022:10:50:21 +0800] "GET /xingrg/all/function/internal_message.html?_=1672368553471&CODE_STATE=getMsg HTTP/1.1" 200 27
114.83.219.50 - - [30/Dec/2022:10:50:21 +0800] "GET /xingrg/kc/buy/cgsh_order_operate.html?command=get_materiel&rest_code=00149&code=00101002027&supplier_code=00100039&order_time=2022-12-30 HTTP/1.1" 200 429
116.192.124.172 - - [30/Dec/2022:10:50:22 +0800] "GET /xingrg/kc/base/wldb_order_operate.html?command=get_materiel&rest_code=00102&base_code=0010476&code=00101016155 HTTP/1.1" 200 442
114.83.222.182 - - [30/Dec/2022:10:50:24 +0800] "POST /xingrg/kc/buy/cgsh_order_operate.html HTTP/1.1" 200 37
180.169.147.146 - - [30/Dec/2022:10:50:28 +0800] "GET /xingrg/all/function/internal_message.html?_=1672368637952&CODE_STATE=getMsg HTTP/1.1" 200 27
114.83.222.182 - - [30/Dec/2022:10:50:28 +0800] "POST /xingrg/kc/buy/cgsh_order_operate.html HTTP/1.1" 200 12
116.192.124.172 - - [30/Dec/2022:10:50:28 +0800] "GET /xingrg/kc/base/wldb_order_operate.html?command=get_materiel&rest_code=00102&base_code=0010476&code=00101016095 HTTP/1.1" 200 462
114.83.222.182 - - [30/Dec/2022:10:50:29 +0800] "GET /xingrg/kc/buy/cgsh_order_info.html?code=212022123005849 HTTP/1.1" 200 63968
114.83.222.182 - - [30/Dec/2022:10:50:30 +0800] "GET /xingrg/javascript/easyui/themes/default/validatebox.css HTTP/1.1" 404 1104
114.83.222.182 - - [30/Dec/2022:10:50:30 +0800] "POST /xingrg/kc/buy/cgsh_order_operate.html HTTP/1.1" 200 2363
114.83.222.182 - - [30/Dec/2022:10:50:33 +0800] "GET /xingrg/kc/print/load_config.html?kc_code=cgsh HTTP/1.1" 200 1943
114.83.222.182 - - [30/Dec/2022:10:50:33 +0800] "GET /xingrg/kc/print/load_data.html?order_code=212022123005849&kc_code=cgsh&condition= HTTP/1.1" 200 1355
114.83.219.50 - - [30/Dec/2022:10:50:33 +0800] "GET /xingrg/kc/buy/cgsh_order_operate.html?command=get_materiel&rest_code=00149&code=00101002022&supplier_code=00100039&order_time=2022-12-30 HTTP/1.1" 200 409
116.192.124.172 - - [30/Dec/2022:10:50:34 +0800] "GET /xingrg/kc/base/wldb_order_operate.html?command=get_materiel&rest_code=00102&base_code=0010476&code=00101016087 HTTP/1.1" 200 463
116.192.124.172 - - [30/Dec/2022:10:50:39 +0800] "GET /xingrg/kc/base/wldb_order_operate.html?command=get_materiel&rest_code=00102&base_code=0010476&code=00101016094 HTTP/1.1" 200 470
180.169.147.146 - - [30/Dec/2022:10:50:41 +0800] "GET /xingrg/all/function/internal_message.html?_=1672368651324&CODE_STATE=getMsg HTTP/1.1" 200 27
180.169.147.146 - - [30/Dec/2022:10:50:41 +0800] "GET /xingrg/check_reg.html?_=1672368651327 HTTP/1.1" 200 22
114.84.38.109 - - [30/Dec/2022:10:50:45 +0800] "GET /xingrg/check_reg.html?_=1672368673694 HTTP/1.1" 200 22
116.192.124.172 - - [30/Dec/2022:10:50:46 +0800] "GET /xingrg/kc/base/wldb_order_operate.html?command=get_materiel&rest_code=00102&base_code=0010476&code=00101016086 HTTP/1.1" 200 469
222.69.192.184 - - [30/Dec/2022:10:50:46 +0800] "GET /xingrg/all/function/internal_message.html?_=1672368501338&CODE_STATE=getMsg HTTP/1.1" 200 27
114.83.222.182 - - [30/Dec/2022:10:50:47 +0800] "GET /xingrg/all/function/internal_message.html?_=1672368729781&CODE_STATE=getMsg HTTP/1.1" 200 27
114.83.219.50 - - [30/Dec/2022:10:50:48 +0800] "GET /xingrg/kc/buy/cgsh_order_operate.html?command=get_materiel&rest_code=00149&code=00101005037&supplier_code=00100039&order_time=2022-12-30 HTTP/1.1" 200 425
114.83.219.50 - - [30/Dec/2022:10:50:57 +0800] "GET /xingrg/check_reg.html?_=1672368666716 HTTP/1.1" 200 22
114.83.219.50 - - [30/Dec/2022:10:50:57 +0800] "GET /xingrg/all/function/internal_message.html?_=1672368666715&CODE_STATE=getMsg HTTP/1.1" 200 27
114.83.219.50 - - [30/Dec/2022:10:50:57 +0800] "GET /xingrg/kc/buy/cgsh_order_operate.html?command=get_materiel&rest_code=00149&code=00101001061&supplier_code=00100039&order_time=2022-12-30 HTTP/1.1" 200 417
114.84.38.109 - - [30/Dec/2022:10:51:01 +0800] "GET /xingrg/all/function/internal_message.html?_=1672368689327&CODE_STATE=getMsg HTTP/1.1" 200 27
116.192.124.172 - - [30/Dec/2022:10:51:06 +0800] "GET /xingrg/all/function/internal_message.html?_=1672368676352&CODE_STATE=getMsg HTTP/1.1" 200 27
114.83.219.50 - - [30/Dec/2022:10:51:08 +0800] "GET /xingrg/all/function/internal_message.html?_=1672368678167&CODE_STATE=getMsg HTTP/1.1" 200 27
114.83.219.50 - - [30/Dec/2022:10:51:15 +0800] "POST /xingrg/kc/buy/cgsh_order_operate.html HTTP/1.1" 200 37
114.83.219.50 - - [30/Dec/2022:10:51:20 +0800] "POST /xingrg/kc/buy/cgsh_order_operate.html HTTP/1.1" 200 12
116.238.139.35 - - [30/Dec/2022:10:51:21 +0800] "GET /xingrg/all/function/internal_message.html?_=1672368613485&CODE_STATE=getMsg HTTP/1.1" 200 27
180.169.147.146 - - [30/Dec/2022:10:51:28 +0800] "GET /xingrg/check_reg.html?_=1672368697953 HTTP/1.1" 200 22
180.169.147.146 - - [30/Dec/2022:10:51:28 +0800] "GET /xingrg/all/function/internal_message.html?_=1672368697959&CODE_STATE=getMsg HTTP/1.1" 200 27
114.83.219.50 - - [30/Dec/2022:10:51:28 +0800] "GET /xingrg/kc/buy/cgsh_order_info.html?code=212022123005850 HTTP/1.1" 200 64850
114.83.219.50 - - [30/Dec/2022:10:51:28 +0800] "GET /xingrg/words/20221230092200_words.js HTTP/1.1" 304 -
114.83.219.50 - - [30/Dec/2022:10:51:28 +0800] "GET /xingrg/javascript/easyui/themes/default/validatebox.css HTTP/1.1" 404 1104
114.83.219.50 - - [30/Dec/2022:10:51:29 +0800] "POST /xingrg/kc/buy/cgsh_order_operate.html HTTP/1.1" 200 3583
114.83.219.50 - - [30/Dec/2022:10:51:33 +0800] "GET /xingrg/kc/print/load_data.html?order_code=212022123005850&kc_code=cgsh&condition= HTTP/1.1" 200 1866
180.169.147.146 - - [30/Dec/2022:10:51:41 +0800] "GET /xingrg/all/function/internal_message.html?_=1672368711326&CODE_STATE=getMsg HTTP/1.1" 200 27
114.83.219.50 - - [30/Dec/2022:10:51:42 +0800] "GET /xingrg/kc/buy/cgsh_order_add.html HTTP/1.1" 200 69948
114.83.219.50 - - [30/Dec/2022:10:51:42 +0800] "GET /xingrg/javascript/easyui/themes/default/validatebox.css HTTP/1.1" 404 1104
114.83.219.50 - - [30/Dec/2022:10:51:43 +0800] "POST /xingrg/kc/buy/cgsh_order_operate.html HTTP/1.1" 200 8245
222.69.192.184 - - [30/Dec/2022:10:51:46 +0800] "GET /xingrg/all/function/internal_message.html?_=1672368561327&CODE_STATE=getMsg HTTP/1.1" 200 27
114.83.222.182 - - [30/Dec/2022:10:51:47 +0800] "GET /xingrg/all/function/internal_message.html?_=1672368789772&CODE_STATE=getMsg HTTP/1.1" 200 27
114.83.219.50 - - [30/Dec/2022:10:51:57 +0800] "GET /xingrg/all/function/internal_message.html?_=1672368726718&CODE_STATE=getMsg HTTP/1.1" 200 27
114.84.38.109 - - [30/Dec/2022:10:52:01 +0800] "GET /xingrg/all/function/internal_message.html?_=1672368749340&CODE_STATE=getMsg HTTP/1.1" 200 27
116.192.124.172 - - [30/Dec/2022:10:52:06 +0800] "GET /xingrg/all/function/internal_message.html?_=1672368736354&CODE_STATE=getMsg HTTP/1.1" 200 27
114.83.219.50 - - [30/Dec/2022:10:52:08 +0800] "GET /xingrg/check_reg.html?_=1672368738146 HTTP/1.1" 200 22
114.83.219.50 - - [30/Dec/2022:10:52:08 +0800] "GET /xingrg/all/function/internal_message.html?_=1672368738149&CODE_STATE=getMsg HTTP/1.1" 200 27
114.83.219.50 - - [30/Dec/2022:10:52:21 +0800] "GET /xingrg/kc/buy/cgsh_order_operate.html?command=get_materiel&rest_code=00149&code=00101011003&supplier_code=00100051&order_time=2022-12-30 HTTP/1.1" 200 413
116.238.139.35 - - [30/Dec/2022:10:52:21 +0800] "GET /xingrg/all/function/internal_message.html?_=1672368673503&CODE_STATE=getMsg HTTP/1.1" 200 27
180.169.147.146 - - [30/Dec/2022:10:52:28 +0800] "GET /xingrg/all/function/internal_message.html?_=1672368757952&CODE_STATE=getMsg HTTP/1.1" 200 27
114.83.219.50 - - [30/Dec/2022:10:52:41 +0800] "GET /xingrg/kc/buy/cgsh_order_operate.html?command=get_materiel&rest_code=00149&code=00101011005&supplier_code=00100051&order_time=2022-12-30 HTTP/1.1" 200 429
180.169.147.146 - - [30/Dec/2022:10:52:41 +0800] "GET /xingrg/all/function/internal_message.html?_=1672368771324&CODE_STATE=getMsg HTTP/1.1" 200 27
124.79.245.154 - - [30/Dec/2022:10:52:45 +0800] "POST /xingrg/services/DataTransmitService HTTP/1.1" 200 524
222.69.192.184 - - [30/Dec/2022:10:52:46 +0800] "GET /xingrg/all/function/internal_message.html?_=1672368621316&CODE_STATE=getMsg HTTP/1.1" 200 27
114.83.222.182 - - [30/Dec/2022:10:52:47 +0800] "GET /xingrg/all/function/internal_message.html?_=1672368849790&CODE_STATE=getMsg HTTP/1.1" 200 27
58.221.95.50 - - [30/Dec/2022:10:52:50 +0800] "GET /xingrg/check_reg.html?_=1672368780411 HTTP/1.1" 302 -
114.83.219.50 - - [30/Dec/2022:10:52:57 +0800] "GET /xingrg/all/function/internal_message.html?_=1672368786705&CODE_STATE=getMsg HTTP/1.1" 200 27
114.83.219.50 - - [30/Dec/2022:10:53:00 +0800] "POST /xingrg/kc/buy/cgsh_order_operate.html HTTP/1.1" 200 37
114.84.38.109 - - [30/Dec/2022:10:53:01 +0800] "GET /xingrg/all/function/internal_message.html?_=1672368809354&CODE_STATE=getMsg HTTP/1.1" 200 27
116.192.124.172 - - [30/Dec/2022:10:53:06 +0800] "GET /xingrg/all/function/internal_message.html?_=1672368796348&CODE_STATE=getMsg HTTP/1.1" 200 27
114.83.219.50 - - [30/Dec/2022:10:53:06 +0800] "POST /xingrg/kc/buy/cgsh_order_operate.html HTTP/1.1" 200 12
114.83.219.50 - - [30/Dec/2022:10:53:08 +0800] "GET /xingrg/kc/buy/cgsh_order_info.html?code=212022123005851 HTTP/1.1" 200 64850
114.83.219.50 - - [30/Dec/2022:10:53:08 +0800] "GET /xingrg/all/function/internal_message.html?_=1672368798481&CODE_STATE=getMsg HTTP/1.1" 200 27
114.83.219.50 - - [30/Dec/2022:10:53:08 +0800] "GET /xingrg/javascript/easyui/themes/default/validatebox.css HTTP/1.1" 404 1104
114.83.219.50 - - [30/Dec/2022:10:53:09 +0800] "POST /xingrg/kc/buy/cgsh_order_operate.html HTTP/1.1" 200 1197
114.84.38.109 - - [30/Dec/2022:10:53:10 +0800] "GET /xingrg/kc/base/wlsy_order_list.html?syType=0 HTTP/1.1" 200 17227
114.84.38.109 - - [30/Dec/2022:10:53:10 +0800] "POST /xingrg/kc/base/wlsy_list_operate.html?syType=0 HTTP/1.1" 200 862
114.83.219.50 - - [30/Dec/2022:10:53:10 +0800] "GET /xingrg/kc/print/load_data.html?order_code=212022123005851&kc_code=cgsh&condition= HTTP/1.1" 200 948
