180.162.115.6 - - [30/Dec/2022:11:16:25 +0800] "GET /xingrg/javascript/jquery.timers.js HTTP/1.1" 304 -
222.69.192.184 - - [30/Dec/2022:11:16:25 +0800] "GET /xingrg/kc/base/base_main.html HTTP/1.1" 200 12142
180.162.115.6 - - [30/Dec/2022:11:16:25 +0800] "GET /favicon.ico HTTP/1.1" 404 -
180.162.115.6 - - [30/Dec/2022:11:16:25 +0800] "GET /xingrg/javascript/jquery_easy_ui/themes/icons/settle_new.png HTTP/1.1" 304 -
180.162.115.6 - - [30/Dec/2022:11:16:25 +0800] "GET /xingrg/images/blue/navBackgound.jpg HTTP/1.1" 304 -
180.162.115.6 - - [30/Dec/2022:11:16:26 +0800] "POST /xingrg/all/common/load_tree.html?tree=area_rest_tree_json&manage=1 HTTP/1.1" 200 351
180.162.115.6 - - [30/Dec/2022:11:16:26 +0800] "GET /xingrg/images/blue/pingpu.png HTTP/1.1" 304 -
180.162.115.6 - - [30/Dec/2022:11:16:26 +0800] "GET /xingrg/all/function/internal_message.html?_=1672369191298&CODE_STATE=count HTTP/1.1" 200 11
180.162.115.6 - - [30/Dec/2022:11:16:26 +0800] "GET /xingrg/check_reg.html?_=1672369191299 HTTP/1.1" 200 22
180.162.115.6 - - [30/Dec/2022:11:16:26 +0800] "GET /xingrg/javascript/jquery_easy_ui/themes/default/images/tabs_leftarrow.png HTTP/1.1" 304 -
180.162.115.6 - - [30/Dec/2022:11:16:26 +0800] "GET /xingrg/javascript/jquery_easy_ui/themes/default/images/tabs_rightarrow.png HTTP/1.1" 304 -
180.162.115.6 - - [30/Dec/2022:11:16:26 +0800] "GET /xingrg/javascript/jquery_easy_ui/themes/default/images/panel_tool_collapse.gif HTTP/1.1" 304 -
180.162.115.6 - - [30/Dec/2022:11:16:26 +0800] "POST /xingrg/load_menu.html HTTP/1.1" 200 5138
180.162.115.6 - - [30/Dec/2022:11:16:27 +0800] "GET /xingrg/javascript/jquery_easy_ui/themes/default/images/tree_arrows.gif HTTP/1.1" 304 -
180.162.115.6 - - [30/Dec/2022:11:16:27 +0800] "GET /xingrg/javascript/jquery_easy_ui/themes/default/images/tree_folder_open.gif HTTP/1.1" 304 -
180.162.115.6 - - [30/Dec/2022:11:16:27 +0800] "GET /xingrg/javascript/jquery_easy_ui/themes/icons/search_new.png HTTP/1.1" 304 -
180.162.115.6 - - [30/Dec/2022:11:16:27 +0800] "GET /xingrg/javascript/jquery_easy_ui/themes/default/images/tree_folder.gif HTTP/1.1" 304 -
180.162.115.6 - - [30/Dec/2022:11:16:27 +0800] "GET /xingrg/javascript/jquery_easy_ui/themes/icons/storage_new.png HTTP/1.1" 304 -
180.162.115.6 - - [30/Dec/2022:11:16:27 +0800] "GET /xingrg/javascript/jquery_easy_ui/themes/icons/forms_new.png HTTP/1.1" 304 -
180.162.115.6 - - [30/Dec/2022:11:16:27 +0800] "GET /xingrg/javascript/jquery_easy_ui/themes/default/images/tree_file.gif HTTP/1.1" 304 -
180.169.147.146 - - [30/Dec/2022:11:16:28 +0800] "GET /xingrg/all/function/internal_message.html?_=1672370197959&CODE_STATE=getMsg HTTP/1.1" 200 27
180.169.147.146 - - [30/Dec/2022:11:16:28 +0800] "GET /xingrg/check_reg.html?_=1672370197961 HTTP/1.1" 200 22
222.69.192.184 - - [30/Dec/2022:11:16:28 +0800] "GET /xingrg/kc/base/wldb_order_list.html HTTP/1.1" 200 19101
114.84.38.109 - - [30/Dec/2022:11:16:28 +0800] "GET /xingrg/kc/buy/cgsh_order_operate.html?command=get_materiel&rest_code=00146&code=00102026001&supplier_code=00100558&order_time=2022-12-30 HTTP/1.1" 200 409
222.69.192.184 - - [30/Dec/2022:11:16:29 +0800] "GET /favicon.ico HTTP/1.1" 404 -
222.69.192.184 - - [30/Dec/2022:11:16:29 +0800] "POST /xingrg/kc/base/wldb_list_operate.html HTTP/1.1" 200 2559
222.69.192.184 - - [30/Dec/2022:11:16:34 +0800] "GET /xingrg/kc/base/wldb_order_list.html HTTP/1.1" 200 19101
116.230.105.139 - - [30/Dec/2022:11:16:34 +0800] "GET /xingrg/all/function/internal_message.html?_=1672370167970&CODE_STATE=getMsg HTTP/1.1" 200 27
222.69.192.184 - - [30/Dec/2022:11:16:34 +0800] "POST /xingrg/kc/base/wldb_list_operate.html HTTP/1.1" 200 2559
222.69.192.184 - - [30/Dec/2022:11:16:37 +0800] "GET /xingrg/kc/base/wldb_order_add.html HTTP/1.1" 200 30384
222.69.192.184 - - [30/Dec/2022:11:16:37 +0800] "GET /xingrg/words/20221230092200_words.js HTTP/1.1" 304 -
222.69.192.184 - - [30/Dec/2022:11:16:37 +0800] "POST /xingrg/kc/base/wldb_order_operate.html HTTP/1.1" 200 6806
222.69.192.184 - - [30/Dec/2022:11:16:37 +0800] "GET /xingrg/javascript/easyui/themes/default/validatebox.css HTTP/1.1" 404 1104
180.169.147.146 - - [30/Dec/2022:11:16:41 +0800] "GET /xingrg/all/function/internal_message.html?_=1672370211384&CODE_STATE=getMsg HTTP/1.1" 200 27
114.84.38.109 - - [30/Dec/2022:11:16:42 +0800] "POST /xingrg/kc/buy/cgsh_order_operate.html HTTP/1.1" 200 37
222.69.192.184 - - [30/Dec/2022:11:16:46 +0800] "GET /xingrg/all/function/internal_message.html?_=1672370061018&CODE_STATE=getMsg HTTP/1.1" 200 27
180.162.115.6 - - [30/Dec/2022:11:16:47 +0800] "GET /xingrg/kc/buy/buy_main.html HTTP/1.1" 200 12412
180.162.115.6 - - [30/Dec/2022:11:16:47 +0800] "GET /xingrg/javascript/jquery_easy_ui/themes/default/images/tabs_close.gif HTTP/1.1" 304 -
180.162.115.6 - - [30/Dec/2022:11:16:47 +0800] "GET /xingrg/css/blue.css HTTP/1.1" 304 -
180.162.115.6 - - [30/Dec/2022:11:16:47 +0800] "GET /xingrg/css/new_ie.css HTTP/1.1" 404 1036
180.162.115.6 - - [30/Dec/2022:11:16:47 +0800] "GET /xingrg/javascript/jquery_ui/themes/humanity/humanity.css HTTP/1.1" 304 -
180.162.115.6 - - [30/Dec/2022:11:16:47 +0800] "GET /xingrg/javascript/pic_change.js HTTP/1.1" 304 -
180.162.115.6 - - [30/Dec/2022:11:16:47 +0800] "GET /xingrg/javascript/ToolTips.js HTTP/1.1" 304 -
180.162.115.6 - - [30/Dec/2022:11:16:47 +0800] "GET /xingrg/javascript/myfunction.js HTTP/1.1" 304 -
180.162.115.6 - - [30/Dec/2022:11:16:47 +0800] "GET /xingrg/javascript/jquery_ui/jquery-ui.min.js HTTP/1.1" 304 -
180.162.115.6 - - [30/Dec/2022:11:16:47 +0800] "GET /xingrg/images/blue/button/cgxqd.gif HTTP/1.1" 304 -
180.162.115.6 - - [30/Dec/2022:11:16:47 +0800] "GET /xingrg/images/blue/button/cgydd.gif HTTP/1.1" 304 -
180.162.115.6 - - [30/Dec/2022:11:16:47 +0800] "GET /xingrg/images/blue/button/cgshd.gif HTTP/1.1" 304 -
180.162.115.6 - - [30/Dec/2022:11:16:47 +0800] "GET /xingrg/images/blue/button/cgfkd.gif HTTP/1.1" 304 -
180.162.115.6 - - [30/Dec/2022:11:16:47 +0800] "GET /xingrg/images/blue/button/kc.gif HTTP/1.1" 304 -
114.83.222.182 - - [30/Dec/2022:11:16:47 +0800] "GET /xingrg/all/function/internal_message.html?_=1672370289790&CODE_STATE=getMsg HTTP/1.1" 200 27
180.162.115.6 - - [30/Dec/2022:11:16:48 +0800] "GET /xingrg/images/blue/button/ckthd.gif HTTP/1.1" 304 -
180.162.115.6 - - [30/Dec/2022:11:16:48 +0800] "GET /xingrg/images/blue/pic_form2.gif HTTP/1.1" 304 -
180.162.115.6 - - [30/Dec/2022:11:16:48 +0800] "GET /xingrg/images/blue/bg_dotted.jpg HTTP/1.1" 304 -
180.162.115.6 - - [30/Dec/2022:11:16:48 +0800] "GET /xingrg/javascript/jquery_ui/themes/humanity/images/ui-bg_inset-soft_100_f4f0ec_1x100.png HTTP/1.1" 304 -
180.162.115.6 - - [30/Dec/2022:11:16:48 +0800] "GET /xingrg/images/blue/button/right_ah.jpg HTTP/1.1" 304 -
180.162.115.6 - - [30/Dec/2022:11:16:48 +0800] "GET /xingrg/images/blue/button/down_ah.jpg HTTP/1.1" 304 -
180.162.115.6 - - [30/Dec/2022:11:16:48 +0800] "GET /xingrg/javascript/jquery_ui/themes/humanity/images/ui-iconsnew.jpg HTTP/1.1" 304 -
180.162.115.6 - - [30/Dec/2022:11:16:48 +0800] "GET /xingrg/javascript/jquery_ui/themes/humanity/images/ui-icons_ffffff_256x240.png HTTP/1.1" 304 -
180.162.115.6 - - [30/Dec/2022:11:16:48 +0800] "GET /xingrg/javascript/jquery_ui/themes/humanity/images/ui-icons_c47a23_256x240.png HTTP/1.1" 304 -
180.162.115.6 - - [30/Dec/2022:11:16:48 +0800] "GET /xingrg/javascript/jquery_ui/themes/humanity/images/ui-bg_glass_70_ede4d4_1x400.png HTTP/1.1" 304 -
180.162.115.6 - - [30/Dec/2022:11:16:48 +0800] "GET /xingrg/images/yd/bt.gif HTTP/1.1" 404 1040
180.162.115.6 - - [30/Dec/2022:11:16:49 +0800] "GET /xingrg/kc/buy/cgsh_order_list.html HTTP/1.1" 200 54084
180.162.115.6 - - [30/Dec/2022:11:16:49 +0800] "GET /xingrg/css/base.css HTTP/1.1" 304 -
180.162.115.6 - - [30/Dec/2022:11:16:49 +0800] "GET /xingrg/css/site.css HTTP/1.1" 304 -
180.162.115.6 - - [30/Dec/2022:11:16:49 +0800] "GET /xingrg/javascript/jquery_tools/datebox.css HTTP/1.1" 304 -
180.162.115.6 - - [30/Dec/2022:11:16:49 +0800] "GET /xingrg/javascript/easyui/themes/default/easyui.css HTTP/1.1" 304 -
180.162.115.6 - - [30/Dec/2022:11:16:49 +0800] "GET /xingrg/javascript/easyui/themes/icon.css HTTP/1.1" 304 -
180.162.115.6 - - [30/Dec/2022:11:16:49 +0800] "GET /xingrg/javascript/auto/jquery.autocomplete.css HTTP/1.1" 304 -
180.162.115.6 - - [30/Dec/2022:11:16:49 +0800] "GET /xingrg/javascript/jquery_tools/fix.css HTTP/1.1" 304 -
180.162.115.6 - - [30/Dec/2022:11:16:49 +0800] "GET /xingrg/javascript/jquery_tools/table.css HTTP/1.1" 304 -
180.162.115.6 - - [30/Dec/2022:11:16:49 +0800] "GET /xingrg/javascript/jquery_tools/jquery.tools.min.js HTTP/1.1" 304 -
180.162.115.6 - - [30/Dec/2022:11:16:49 +0800] "GET /xingrg/javascript/jquery_tools/jquery.tools.hotkey.js HTTP/1.1" 304 -
180.162.115.6 - - [30/Dec/2022:11:16:49 +0800] "GET /xingrg/javascript/jquery_tools/jquery.tools.extend.js HTTP/1.1" 304 -
180.162.115.6 - - [30/Dec/2022:11:16:49 +0800] "GET /xingrg/javascript/jquery_tools/jquery.tools.table.js HTTP/1.1" 304 -
180.162.115.6 - - [30/Dec/2022:11:16:49 +0800] "GET /xingrg/javascript/auto/jquery.autocomplete.js HTTP/1.1" 304 -
180.162.115.6 - - [30/Dec/2022:11:16:49 +0800] "GET /xingrg/javascript/jquery_tools/list_manager.js HTTP/1.1" 304 -
180.162.115.6 - - [30/Dec/2022:11:16:49 +0800] "GET /xingrg/javascript/jquery.cookie.js HTTP/1.1" 304 -
180.162.115.6 - - [30/Dec/2022:11:16:49 +0800] "GET /xingrg/javascript/easyui/easyloader.js HTTP/1.1" 304 -
180.162.115.6 - - [30/Dec/2022:11:16:49 +0800] "GET /xingrg/javascript/print/LodopFuncs.js HTTP/1.1" 304 -
180.162.115.6 - - [30/Dec/2022:11:16:49 +0800] "GET /xingrg/javascript/easyui/themes/icons/cance_new.png HTTP/1.1" 304 -
180.162.115.6 - - [30/Dec/2022:11:16:49 +0800] "GET /xingrg/javascript/easyui/themes/icons/check_new.png HTTP/1.1" 304 -
180.162.115.6 - - [30/Dec/2022:11:16:49 +0800] "GET /xingrg/javascript/easyui/themes/icons/edit_add_new.png HTTP/1.1" 304 -
180.162.115.6 - - [30/Dec/2022:11:16:49 +0800] "GET /xingrg/javascript/easyui/themes/icons/field_new.png HTTP/1.1" 304 -
180.162.115.6 - - [30/Dec/2022:11:16:49 +0800] "GET /xingrg/javascript/easyui/themes/icons/import_new.png HTTP/1.1" 304 -
180.162.115.6 - - [30/Dec/2022:11:16:49 +0800] "GET /xingrg/javascript/easyui/plugins/jquery.parser.js HTTP/1.1" 304 -
180.162.115.6 - - [30/Dec/2022:11:16:49 +0800] "GET /xingrg/images/control/ajaxLoader.gif HTTP/1.1" 304 -
114.84.38.109 - - [30/Dec/2022:11:16:51 +0800] "POST /xingrg/kc/buy/cgsh_order_operate.html HTTP/1.1" 200 4438
180.162.115.6 - - [30/Dec/2022:11:16:51 +0800] "POST /xingrg/kc/buy/cgsh_list_operate.html HTTP/1.1" 200 1875
114.84.38.109 - - [30/Dec/2022:11:16:54 +0800] "GET /xingrg/kc/print/load_data.html?order_code=212022123005857&kc_code=cgsh&condition= HTTP/1.1" 200 1352
180.162.115.6 - - [30/Dec/2022:11:16:55 +0800] "POST /xingrg/kc/buy/cgsh_list_operate.html HTTP/1.1" 200 576
180.162.115.6 - - [30/Dec/2022:11:16:55 +0800] "GET /xingrg/kc/buy/cgsh_order_info.html?code=212022121905128 HTTP/1.1" 200 68947
180.162.115.6 - - [30/Dec/2022:11:16:55 +0800] "GET /xingrg/javascript/jquery_tools/order_manager.js HTTP/1.1" 304 -
180.162.115.6 - - [30/Dec/2022:11:16:55 +0800] "GET /xingrg/javascript/convert.js HTTP/1.1" 304 -
180.162.115.6 - - [30/Dec/2022:11:16:55 +0800] "GET /xingrg/javascript/json2.js HTTP/1.1" 304 -
180.162.115.6 - - [30/Dec/2022:11:16:55 +0800] "GET /xingrg/javascript/print/kc_print.js HTTP/1.1" 304 -
180.162.115.6 - - [30/Dec/2022:11:16:55 +0800] "GET /xingrg/words/20221230092200_words.js HTTP/1.1" 200 940096
180.162.115.6 - - [30/Dec/2022:11:16:56 +0800] "GET /xingrg/javascript/easyui/themes/icons/cancel.png HTTP/1.1" 304 -
180.162.115.6 - - [30/Dec/2022:11:16:56 +0800] "GET /xingrg/javascript/easyui/themes/icons/print.png HTTP/1.1" 304 -
180.162.115.6 - - [30/Dec/2022:11:16:56 +0800] "GET /xingrg/javascript/easyui/themes/icons/ok.png HTTP/1.1" 304 -
180.162.115.6 - - [30/Dec/2022:11:16:56 +0800] "GET /xingrg/javascript/easyui/themes/icons/template_new.png HTTP/1.1" 304 -
180.162.115.6 - - [30/Dec/2022:11:16:56 +0800] "GET /xingrg/javascript/easyui/themes/default/images/menu_downarrow.png HTTP/1.1" 304 -
180.162.115.6 - - [30/Dec/2022:11:16:56 +0800] "GET /xingrg/javascript/easyui/themes/icons/copy_new.png HTTP/1.1" 304 -
180.162.115.6 - - [30/Dec/2022:11:16:56 +0800] "GET /xingrg/all/common/auto_word.html?type=employee&rest_code=00143 HTTP/1.1" 200 55
180.162.115.6 - - [30/Dec/2022:11:16:56 +0800] "GET /xingrg/javascript/easyui/themes/default/validatebox.css HTTP/1.1" 404 1104
180.162.115.6 - - [30/Dec/2022:11:16:56 +0800] "GET /xingrg/all/common/auto_word.html?type=employee&rest_code=00143 HTTP/1.1" 200 55
180.162.115.6 - - [30/Dec/2022:11:16:56 +0800] "GET /xingrg/javascript/easyui/plugins/jquery.validatebox.js HTTP/1.1" 304 -
180.162.115.6 - - [30/Dec/2022:11:16:56 +0800] "GET /xingrg/javascript/easyui/plugins/jquery.numberbox.js HTTP/1.1" 304 -
114.83.219.50 - - [30/Dec/2022:11:16:57 +0800] "GET /xingrg/all/function/internal_message.html?_=1672370226706&CODE_STATE=getMsg HTTP/1.1" 200 27
180.162.115.6 - - [30/Dec/2022:11:16:57 +0800] "POST /xingrg/kc/buy/cgsh_order_operate.html HTTP/1.1" 200 13977
180.162.115.6 - - [30/Dec/2022:11:16:57 +0800] "GET /xingrg/javascript/easyui/themes/icons/edit_remove.png HTTP/1.1" 304 -
180.162.115.6 - - [30/Dec/2022:11:17:02 +0800] "GET /xingrg/javascript/jquery_tools/images/prev.gif HTTP/1.1" 404 1086
180.162.115.6 - - [30/Dec/2022:11:17:02 +0800] "GET /xingrg/javascript/jquery_tools/images/next.gif HTTP/1.1" 404 1086
114.84.38.109 - - [30/Dec/2022:11:17:05 +0800] "GET /xingrg/all/function/internal_message.html?_=1672370253938&CODE_STATE=getMsg HTTP/1.1" 200 27
116.192.124.172 - - [30/Dec/2022:11:17:06 +0800] "GET /xingrg/all/function/internal_message.html?_=1672370236350&CODE_STATE=getMsg HTTP/1.1" 200 27
114.83.219.50 - - [30/Dec/2022:11:17:08 +0800] "GET /xingrg/all/function/internal_message.html?_=1672370238046&CODE_STATE=getMsg HTTP/1.1" 200 27
114.83.219.50 - - [30/Dec/2022:11:17:08 +0800] "GET /xingrg/check_reg.html?_=1672370238191 HTTP/1.1" 200 22
180.162.115.6 - - [30/Dec/2022:11:17:08 +0800] "GET /xingrg/javascript/auto/indicator.gif HTTP/1.1" 404 1066
180.162.115.6 - - [30/Dec/2022:11:17:14 +0800] "GET /xingrg/kc/buy/cgsh_order_operate.html?command=get_materiel&rest_code=00143&code=00101003002&supplier_code=00100207&order_time=2022-12-30 HTTP/1.1" 200 410
116.238.139.35 - - [30/Dec/2022:11:17:21 +0800] "GET /xingrg/all/function/internal_message.html?_=1672370173841&CODE_STATE=getMsg HTTP/1.1" 200 27
180.162.115.6 - - [30/Dec/2022:11:17:26 +0800] "GET /xingrg/all/function/internal_message.html?_=1672369251305&CODE_STATE=getMsg HTTP/1.1" 200 27
180.169.147.146 - - [30/Dec/2022:11:17:28 +0800] "GET /xingrg/all/function/internal_message.html?_=1672370257962&CODE_STATE=getMsg HTTP/1.1" 200 27
116.230.105.139 - - [30/Dec/2022:11:17:34 +0800] "GET /xingrg/all/function/internal_message.html?_=1672370227978&CODE_STATE=getMsg HTTP/1.1" 200 27
180.169.147.146 - - [30/Dec/2022:11:17:41 +0800] "GET /xingrg/all/function/internal_message.html?_=1672370271385&CODE_STATE=getMsg HTTP/1.1" 200 27
222.69.192.184 - - [30/Dec/2022:11:17:46 +0800] "GET /xingrg/all/function/internal_message.html?_=1672370121006&CODE_STATE=getMsg HTTP/1.1" 200 27
114.83.222.182 - - [30/Dec/2022:11:17:47 +0800] "GET /xingrg/all/function/internal_message.html?_=1672370349779&CODE_STATE=getMsg HTTP/1.1" 200 27
58.221.95.50 - - [30/Dec/2022:11:17:50 +0800] "GET /xingrg/check_reg.html?_=1672370280360 HTTP/1.1" 302 -
114.83.219.50 - - [30/Dec/2022:11:17:57 +0800] "GET /xingrg/all/function/internal_message.html?_=1672370286707&CODE_STATE=getMsg HTTP/1.1" 200 27
116.230.105.139 - - [30/Dec/2022:11:18:01 +0800] "GET /xingrg/kc/base/wldb_order_list.html HTTP/1.1" 200 19107
116.230.105.139 - - [30/Dec/2022:11:18:01 +0800] "POST /xingrg/kc/base/wldb_list_operate.html HTTP/1.1" 200 928
116.230.105.139 - - [30/Dec/2022:11:18:02 +0800] "GET /xingrg/kc/base/wldb_order_add.html HTTP/1.1" 200 30390
116.230.105.139 - - [30/Dec/2022:11:18:02 +0800] "GET /xingrg/words/20221230092200_words.js HTTP/1.1" 304 -
116.230.105.139 - - [30/Dec/2022:11:18:02 +0800] "POST /xingrg/kc/base/wldb_order_operate.html HTTP/1.1" 200 6806
116.230.105.139 - - [30/Dec/2022:11:18:03 +0800] "GET /xingrg/all/common/auto_word.html?type=base&rest_code=00155 HTTP/1.1" 200 1807
116.230.105.139 - - [30/Dec/2022:11:18:03 +0800] "GET /xingrg/all/common/auto_word.html?type=base&rest_code=00155 HTTP/1.1" 200 1807
116.230.105.139 - - [30/Dec/2022:11:18:03 +0800] "GET /xingrg/javascript/easyui/themes/default/validatebox.css HTTP/1.1" 404 1104
114.84.38.109 - - [30/Dec/2022:11:18:06 +0800] "GET /xingrg/all/function/internal_message.html?_=1672370314540&CODE_STATE=getMsg HTTP/1.1" 200 27
116.192.124.172 - - [30/Dec/2022:11:18:06 +0800] "GET /xingrg/all/function/internal_message.html?_=1672370296362&CODE_STATE=getMsg HTTP/1.1" 200 27
114.83.219.50 - - [30/Dec/2022:11:18:08 +0800] "GET /xingrg/all/function/internal_message.html?_=1672370298038&CODE_STATE=getMsg HTTP/1.1" 200 27
116.230.105.139 - - [30/Dec/2022:11:18:10 +0800] "GET /xingrg/javascript/auto/indicator.gif HTTP/1.1" 404 1066
116.230.105.139 - - [30/Dec/2022:11:18:12 +0800] "GET /xingrg/javascript/jquery_tools/images/prev.gif HTTP/1.1" 404 1086
116.230.105.139 - - [30/Dec/2022:11:18:12 +0800] "GET /xingrg/javascript/jquery_tools/images/next.gif HTTP/1.1" 404 1086
116.230.105.139 - - [30/Dec/2022:11:18:15 +0800] "GET /xingrg/kc/base/wldb_order_operate.html?command=get_materiel&rest_code=00155&base_code=0010742&code=00101036002 HTTP/1.1" 200 440
116.238.139.35 - - [30/Dec/2022:11:18:21 +0800] "GET /xingrg/all/function/internal_message.html?_=1672370233852&CODE_STATE=getMsg HTTP/1.1" 200 27
116.230.105.139 - - [30/Dec/2022:11:18:21 +0800] "POST /xingrg/kc/base/wldb_order_operate.html HTTP/1.1" 200 37
116.230.105.139 - - [30/Dec/2022:11:18:24 +0800] "POST /xingrg/kc/base/wldb_order_operate.html HTTP/1.1" 200 12
116.230.105.139 - - [30/Dec/2022:11:18:24 +0800] "POST /xingrg/kc/base/wldb_order_operate.html HTTP/1.1" 200 2192
116.230.105.139 - - [30/Dec/2022:11:18:25 +0800] "GET /xingrg/kc/base/wldb_order_info.html?code=422022123001549 HTTP/1.1" 200 26267
116.230.105.139 - - [30/Dec/2022:11:18:26 +0800] "GET /xingrg/javascript/easyui/themes/default/validatebox.css HTTP/1.1" 404 1104
116.230.105.139 - - [30/Dec/2022:11:18:26 +0800] "POST /xingrg/kc/base/wldb_order_operate.html HTTP/1.1" 200 486
180.162.115.6 - - [30/Dec/2022:11:18:26 +0800] "GET /xingrg/all/function/internal_message.html?_=1672369311315&CODE_STATE=getMsg HTTP/1.1" 200 27
180.169.147.146 - - [30/Dec/2022:11:18:28 +0800] "GET /xingrg/all/function/internal_message.html?_=1672370317963&CODE_STATE=getMsg HTTP/1.1" 200 27
180.162.115.6 - - [30/Dec/2022:11:18:30 +0800] "GET /xingrg/kc/buy/cgsh_order_operate.html?command=get_materiel&rest_code=00143&code=00101018011&supplier_code=00100207&order_time=2022-12-30 HTTP/1.1" 200 415
116.230.105.139 - - [30/Dec/2022:11:18:34 +0800] "GET /xingrg/kc/base/wldb_order_add.html HTTP/1.1" 200 30390
116.230.105.139 - - [30/Dec/2022:11:18:35 +0800] "POST /xingrg/kc/base/wldb_order_operate.html HTTP/1.1" 200 6806
116.230.105.139 - - [30/Dec/2022:11:18:35 +0800] "GET /xingrg/javascript/easyui/themes/default/validatebox.css HTTP/1.1" 404 1104
180.169.147.146 - - [30/Dec/2022:11:18:41 +0800] "GET /xingrg/all/function/internal_message.html?_=1672370331385&CODE_STATE=getMsg HTTP/1.1" 200 27
180.169.147.146 - - [30/Dec/2022:11:18:42 +0800] "GET /favicon.ico HTTP/1.1" 404 -
222.69.192.184 - - [30/Dec/2022:11:18:46 +0800] "GET /xingrg/all/function/internal_message.html?_=1672370180992&CODE_STATE=getMsg HTTP/1.1" 200 27
114.83.222.182 - - [30/Dec/2022:11:18:47 +0800] "GET /xingrg/all/function/internal_message.html?_=1672370409765&CODE_STATE=getMsg HTTP/1.1" 200 27
114.83.222.182 - - [30/Dec/2022:11:18:47 +0800] "GET /xingrg/check_reg.html?_=1672370409766 HTTP/1.1" 200 22
116.230.105.139 - - [30/Dec/2022:11:18:53 +0800] "GET /xingrg/kc/base/wldb_order_operate.html?command=get_materiel&rest_code=00155&base_code=0010740&code=00102002543 HTTP/1.1" 200 441
114.83.219.50 - - [30/Dec/2022:11:18:57 +0800] "GET /xingrg/all/function/internal_message.html?_=1672370346705&CODE_STATE=getMsg HTTP/1.1" 200 27
114.84.38.109 - - [30/Dec/2022:11:19:06 +0800] "GET /xingrg/all/function/internal_message.html?_=1672370374542&CODE_STATE=getMsg HTTP/1.1" 200 27
116.192.124.172 - - [30/Dec/2022:11:19:06 +0800] "GET /xingrg/all/function/internal_message.html?_=1672370356347&CODE_STATE=getMsg HTTP/1.1" 200 27
114.83.219.50 - - [30/Dec/2022:11:19:08 +0800] "GET /xingrg/all/function/internal_message.html?_=1672370358029&CODE_STATE=getMsg HTTP/1.1" 200 27
116.238.139.35 - - [30/Dec/2022:11:19:20 +0800] "GET /xingrg/check_reg.html?_=1672370292855 HTTP/1.1" 200 22
116.238.139.35 - - [30/Dec/2022:11:19:21 +0800] "GET /xingrg/all/function/internal_message.html?_=1672370293865&CODE_STATE=getMsg HTTP/1.1" 200 27
180.162.115.6 - - [30/Dec/2022:11:19:26 +0800] "GET /xingrg/all/function/internal_message.html?_=1672369371321&CODE_STATE=getMsg HTTP/1.1" 200 27
180.169.147.146 - - [30/Dec/2022:11:19:28 +0800] "GET /xingrg/all/function/internal_message.html?_=1672370377964&CODE_STATE=getMsg HTTP/1.1" 200 27
116.230.105.139 - - [30/Dec/2022:11:19:34 +0800] "GET /xingrg/all/function/internal_message.html?_=1672370347987&CODE_STATE=getMsg HTTP/1.1" 200 27
222.69.192.184 - - [30/Dec/2022:11:19:34 +0800] "GET /xingrg/kc/base/wldb_order_operate.html?command=get_materiel&rest_code=00105&base_code=0010514&code=00101006351 HTTP/1.1" 200 422
116.230.105.139 - - [30/Dec/2022:11:19:36 +0800] "GET /xingrg/kc/base/wldb_order_operate.html?command=get_materiel&rest_code=00155&base_code=0010740&code=00102002114 HTTP/1.1" 200 463
180.169.147.146 - - [30/Dec/2022:11:19:41 +0800] "GET /xingrg/all/function/internal_message.html?_=1672370391385&CODE_STATE=getMsg HTTP/1.1" 200 27
222.69.192.184 - - [30/Dec/2022:11:19:45 +0800] "GET /xingrg/kc/base/wldb_order_operate.html?command=get_materiel&rest_code=00105&base_code=0010514&code=00101006346 HTTP/1.1" 200 414
222.69.192.184 - - [30/Dec/2022:11:19:46 +0800] "GET /xingrg/all/function/internal_message.html?_=1672370240969&CODE_STATE=getMsg HTTP/1.1" 200 27
222.69.192.184 - - [30/Dec/2022:11:19:47 +0800] "GET /xingrg/check_reg.html?_=1672370242138 HTTP/1.1" 200 22
114.83.222.182 - - [30/Dec/2022:11:19:47 +0800] "GET /xingrg/all/function/internal_message.html?_=1672370469781&CODE_STATE=getMsg HTTP/1.1" 200 27
116.230.105.139 - - [30/Dec/2022:11:19:51 +0800] "GET /xingrg/kc/base/wldb_order_operate.html?command=get_materiel&rest_code=00155&base_code=0010740&code=00102002433 HTTP/1.1" 200 457
114.83.219.50 - - [30/Dec/2022:11:19:57 +0800] "GET /xingrg/all/function/internal_message.html?_=1672370406692&CODE_STATE=getMsg HTTP/1.1" 200 27
180.162.115.6 - - [30/Dec/2022:11:20:02 +0800] "GET /xingrg/kc/buy/cgsh_order_operate.html?command=get_materiel&rest_code=00143&code=00101001053&supplier_code=00100207&order_time=2022-12-30 HTTP/1.1" 200 409
116.192.124.172 - - [30/Dec/2022:11:20:06 +0800] "GET /xingrg/check_reg.html?_=1672370416363 HTTP/1.1" 200 22
116.192.124.172 - - [30/Dec/2022:11:20:06 +0800] "GET /xingrg/all/function/internal_message.html?_=1672370416360&CODE_STATE=getMsg HTTP/1.1" 200 27
114.84.38.109 - - [30/Dec/2022:11:20:07 +0800] "GET /xingrg/all/function/internal_message.html?_=1672370435173&CODE_STATE=getMsg HTTP/1.1" 200 27
114.83.219.50 - - [30/Dec/2022:11:20:08 +0800] "GET /xingrg/all/function/internal_message.html?_=1672370418018&CODE_STATE=getMsg HTTP/1.1" 200 27
116.230.105.139 - - [30/Dec/2022:11:20:14 +0800] "GET /xingrg/kc/base/wldb_order_operate.html?command=get_materiel&rest_code=00155&base_code=0010740&code=00101017003 HTTP/1.1" 200 448
116.238.139.35 - - [30/Dec/2022:11:20:21 +0800] "GET /xingrg/all/function/internal_message.html?_=1672370353879&CODE_STATE=getMsg HTTP/1.1" 200 27
180.162.115.6 - - [30/Dec/2022:11:20:26 +0800] "GET /xingrg/all/function/internal_message.html?_=1672369431322&CODE_STATE=getMsg HTTP/1.1" 200 27
180.169.147.146 - - [30/Dec/2022:11:20:28 +0800] "GET /xingrg/all/function/internal_message.html?_=1672370437951&CODE_STATE=getMsg HTTP/1.1" 200 27
180.162.115.6 - - [30/Dec/2022:11:20:34 +0800] "GET /xingrg/kc/buy/cgsh_order_operate.html?command=get_materiel&rest_code=00143&code=00101005032&supplier_code=00100207&order_time=2022-12-30 HTTP/1.1" 200 409
116.230.105.139 - - [30/Dec/2022:11:20:34 +0800] "GET /xingrg/all/function/internal_message.html?_=1672370407976&CODE_STATE=getMsg HTTP/1.1" 200 27
180.169.147.146 - - [30/Dec/2022:11:20:41 +0800] "GET /xingrg/check_reg.html?_=1672370451385 HTTP/1.1" 200 22
180.169.147.146 - - [30/Dec/2022:11:20:41 +0800] "GET /xingrg/all/function/internal_message.html?_=1672370451387&CODE_STATE=getMsg HTTP/1.1" 200 27
222.69.192.184 - - [30/Dec/2022:11:20:46 +0800] "GET /xingrg/all/function/internal_message.html?_=1672370300961&CODE_STATE=getMsg HTTP/1.1" 200 27
114.84.38.109 - - [30/Dec/2022:11:20:46 +0800] "GET /xingrg/check_reg.html?_=1672370474773 HTTP/1.1" 200 22
114.83.222.182 - - [30/Dec/2022:11:20:47 +0800] "GET /xingrg/all/function/internal_message.html?_=1672370529774&CODE_STATE=getMsg HTTP/1.1" 200 27
114.83.219.50 - - [30/Dec/2022:11:20:57 +0800] "GET /xingrg/all/function/internal_message.html?_=1672370466709&CODE_STATE=getMsg HTTP/1.1" 200 27
114.83.219.50 - - [30/Dec/2022:11:20:57 +0800] "GET /xingrg/check_reg.html?_=1672370466716 HTTP/1.1" 200 22
116.230.105.139 - - [30/Dec/2022:11:21:01 +0800] "POST /xingrg/kc/base/wldb_order_operate.html HTTP/1.1" 200 37
180.162.115.6 - - [30/Dec/2022:11:21:03 +0800] "GET /xingrg/javascript/easyui/themes/default/images/button_plain_hover.png HTTP/1.1" 304 -
116.230.105.139 - - [30/Dec/2022:11:21:04 +0800] "POST /xingrg/kc/base/wldb_order_operate.html HTTP/1.1" 200 12
116.230.105.139 - - [30/Dec/2022:11:21:04 +0800] "POST /xingrg/kc/base/wldb_order_operate.html HTTP/1.1" 200 3661
116.230.105.139 - - [30/Dec/2022:11:21:04 +0800] "GET /xingrg/kc/base/wldb_order_info.html?code=422022123001550 HTTP/1.1" 200 26269
116.230.105.139 - - [30/Dec/2022:11:21:05 +0800] "GET /xingrg/javascript/easyui/themes/default/validatebox.css HTTP/1.1" 404 1104
116.230.105.139 - - [30/Dec/2022:11:21:05 +0800] "POST /xingrg/kc/base/wldb_order_operate.html HTTP/1.1" 200 1925
116.230.105.139 - - [30/Dec/2022:11:21:06 +0800] "GET /xingrg/kc/base/wldb_order_add.html HTTP/1.1" 200 30390
116.192.124.172 - - [30/Dec/2022:11:21:06 +0800] "GET /xingrg/all/function/internal_message.html?_=1672370476359&CODE_STATE=getMsg HTTP/1.1" 200 27
116.230.105.139 - - [30/Dec/2022:11:21:07 +0800] "POST /xingrg/kc/base/wldb_order_operate.html HTTP/1.1" 200 6806
114.84.38.109 - - [30/Dec/2022:11:21:07 +0800] "GET /xingrg/all/function/internal_message.html?_=1672370495178&CODE_STATE=getMsg HTTP/1.1" 200 27
116.230.105.139 - - [30/Dec/2022:11:21:07 +0800] "GET /xingrg/javascript/easyui/themes/default/validatebox.css HTTP/1.1" 404 1104
114.83.219.50 - - [30/Dec/2022:11:21:08 +0800] "GET /xingrg/all/function/internal_message.html?_=1672370477994&CODE_STATE=getMsg HTTP/1.1" 200 27
180.162.115.6 - - [30/Dec/2022:11:21:09 +0800] "POST /xingrg/kc/buy/cgsh_order_operate.html HTTP/1.1" 200 37
180.162.115.6 - - [30/Dec/2022:11:21:11 +0800] "POST /xingrg/kc/buy/cgsh_order_operate.html HTTP/1.1" 200 16345
222.69.192.184 - - [30/Dec/2022:11:21:13 +0800] "GET /xingrg/kc/base/wldb_order_operate.html?command=get_materiel&rest_code=00105&base_code=0010514&code=00101010245 HTTP/1.1" 200 438
116.230.105.139 - - [30/Dec/2022:11:21:14 +0800] "GET /xingrg/kc/base/wldb_order_operate.html?command=get_materiel&rest_code=00155&base_code=0010740&code=00102002362 HTTP/1.1" 200 433
116.230.105.139 - - [30/Dec/2022:11:21:20 +0800] "GET /xingrg/kc/base/wldb_order_operate.html?command=get_materiel&rest_code=00155&base_code=0010740&code=00102002171 HTTP/1.1" 200 434
116.238.139.35 - - [30/Dec/2022:11:21:21 +0800] "GET /xingrg/all/function/internal_message.html?_=1672370413893&CODE_STATE=getMsg HTTP/1.1" 200 27
180.162.115.6 - - [30/Dec/2022:11:21:26 +0800] "GET /xingrg/check_reg.html?_=1672369491456 HTTP/1.1" 200 22
180.162.115.6 - - [30/Dec/2022:11:21:26 +0800] "GET /xingrg/all/function/internal_message.html?_=1672369491457&CODE_STATE=getMsg HTTP/1.1" 200 27
180.169.147.146 - - [30/Dec/2022:11:21:28 +0800] "GET /xingrg/all/function/internal_message.html?_=1672370497967&CODE_STATE=getMsg HTTP/1.1" 200 27
180.169.147.146 - - [30/Dec/2022:11:21:28 +0800] "GET /xingrg/check_reg.html?_=1672370497969 HTTP/1.1" 200 22
116.230.105.139 - - [30/Dec/2022:11:21:29 +0800] "GET /xingrg/kc/base/wldb_order_operate.html?command=get_materiel&rest_code=00155&base_code=0010740&code=00102002163 HTTP/1.1" 200 435
116.230.105.139 - - [30/Dec/2022:11:21:34 +0800] "GET /xingrg/all/function/internal_message.html?_=1672370467966&CODE_STATE=getMsg HTTP/1.1" 200 27
116.230.105.139 - - [30/Dec/2022:11:21:34 +0800] "GET /xingrg/kc/base/wldb_order_operate.html?command=get_materiel&rest_code=00155&base_code=0010740&code=00102002480 HTTP/1.1" 200 428
180.169.147.146 - - [30/Dec/2022:11:21:41 +0800] "GET /xingrg/all/function/internal_message.html?_=1672370511386&CODE_STATE=getMsg HTTP/1.1" 200 27
222.69.192.184 - - [30/Dec/2022:11:21:46 +0800] "GET /xingrg/all/function/internal_message.html?_=1672370360943&CODE_STATE=getMsg HTTP/1.1" 200 27
114.83.222.182 - - [30/Dec/2022:11:21:47 +0800] "GET /xingrg/all/function/internal_message.html?_=1672370589780&CODE_STATE=getMsg HTTP/1.1" 200 27
116.230.105.139 - - [30/Dec/2022:11:21:52 +0800] "POST /xingrg/kc/base/wldb_order_operate.html HTTP/1.1" 200 37
116.230.105.139 - - [30/Dec/2022:11:21:54 +0800] "POST /xingrg/kc/base/wldb_order_operate.html HTTP/1.1" 200 12
116.230.105.139 - - [30/Dec/2022:11:21:54 +0800] "POST /xingrg/kc/base/wldb_order_operate.html HTTP/1.1" 200 2652
114.83.219.50 - - [30/Dec/2022:11:21:57 +0800] "GET /xingrg/all/function/internal_message.html?_=1672370526695&CODE_STATE=getMsg HTTP/1.1" 200 27
116.230.105.139 - - [30/Dec/2022:11:21:58 +0800] "GET /xingrg/kc/base/wldb_order_info.html?code=422022123001551 HTTP/1.1" 200 26267
116.230.105.139 - - [30/Dec/2022:11:21:58 +0800] "GET /xingrg/javascript/easyui/themes/default/validatebox.css HTTP/1.1" 404 1104
116.230.105.139 - - [30/Dec/2022:11:21:59 +0800] "POST /xingrg/kc/base/wldb_order_operate.html HTTP/1.1" 200 936
116.230.105.139 - - [30/Dec/2022:11:22:01 +0800] "GET /xingrg/kc/base/wldb_order_add.html HTTP/1.1" 200 30390
116.230.105.139 - - [30/Dec/2022:11:22:01 +0800] "POST /xingrg/kc/base/wldb_order_operate.html HTTP/1.1" 200 6806
116.230.105.139 - - [30/Dec/2022:11:22:01 +0800] "GET /xingrg/javascript/easyui/themes/default/validatebox.css HTTP/1.1" 404 1104
116.192.124.172 - - [30/Dec/2022:11:22:06 +0800] "GET /xingrg/all/function/internal_message.html?_=1672370536352&CODE_STATE=getMsg HTTP/1.1" 200 27
114.84.38.109 - - [30/Dec/2022:11:22:07 +0800] "GET /xingrg/all/function/internal_message.html?_=1672370555192&CODE_STATE=getMsg HTTP/1.1" 200 27
114.83.219.50 - - [30/Dec/2022:11:22:08 +0800] "GET /xingrg/all/function/internal_message.html?_=1672370537982&CODE_STATE=getMsg HTTP/1.1" 200 27
114.83.219.50 - - [30/Dec/2022:11:22:08 +0800] "GET /xingrg/check_reg.html?_=1672370538193 HTTP/1.1" 200 22
116.230.105.139 - - [30/Dec/2022:11:22:08 +0800] "GET /xingrg/kc/base/wldb_order_operate.html?command=get_materiel&rest_code=00155&base_code=0010739&code=00101016076 HTTP/1.1" 200 478
116.230.105.139 - - [30/Dec/2022:11:22:12 +0800] "GET /xingrg/kc/base/wldb_order_operate.html?command=get_materiel&rest_code=00155&base_code=0010739&code=00101016040 HTTP/1.1" 200 459
116.230.105.139 - - [30/Dec/2022:11:22:16 +0800] "GET /xingrg/kc/base/wldb_order_operate.html?command=get_materiel&rest_code=00155&base_code=0010739&code=00101019185 HTTP/1.1" 200 469
116.230.105.139 - - [30/Dec/2022:11:22:20 +0800] "GET /xingrg/kc/base/wldb_order_operate.html?command=get_materiel&rest_code=00155&base_code=0010739&code=00101019183 HTTP/1.1" 200 449
116.238.139.35 - - [30/Dec/2022:11:22:21 +0800] "GET /xingrg/all/function/internal_message.html?_=1672370473911&CODE_STATE=getMsg HTTP/1.1" 200 27
116.230.105.139 - - [30/Dec/2022:11:22:24 +0800] "GET /xingrg/kc/base/wldb_order_operate.html?command=get_materiel&rest_code=00155&base_code=0010739&code=00101019015 HTTP/1.1" 200 450
116.230.105.139 - - [30/Dec/2022:11:22:26 +0800] "GET /xingrg/kc/base/wldb_order_operate.html?command=get_materiel&rest_code=00155&base_code=0010739&code=00101019133 HTTP/1.1" 200 480
180.162.115.6 - - [30/Dec/2022:11:22:26 +0800] "GET /xingrg/all/function/internal_message.html?_=1672369551445&CODE_STATE=getMsg HTTP/1.1" 200 27
180.169.147.146 - - [30/Dec/2022:11:22:28 +0800] "GET /xingrg/all/function/internal_message.html?_=1672370557956&CODE_STATE=getMsg HTTP/1.1" 200 27
116.230.105.139 - - [30/Dec/2022:11:22:32 +0800] "GET /xingrg/kc/base/wldb_order_operate.html?command=get_materiel&rest_code=00155&base_code=0010739&code=00101019267 HTTP/1.1" 200 482
116.230.105.139 - - [30/Dec/2022:11:22:34 +0800] "GET /xingrg/all/function/internal_message.html?_=1672370527957&CODE_STATE=getMsg HTTP/1.1" 200 27
116.230.105.139 - - [30/Dec/2022:11:22:34 +0800] "GET /xingrg/kc/base/wldb_order_operate.html?command=get_materiel&rest_code=00155&base_code=0010739&code=00101019175 HTTP/1.1" 200 439
180.169.147.146 - - [30/Dec/2022:11:22:41 +0800] "GET /xingrg/all/function/internal_message.html?_=1672370571386&CODE_STATE=getMsg HTTP/1.1" 200 27
116.230.105.139 - - [30/Dec/2022:11:22:43 +0800] "POST /xingrg/kc/base/wldb_order_operate.html HTTP/1.1" 200 37
116.230.105.139 - - [30/Dec/2022:11:22:45 +0800] "POST /xingrg/kc/base/wldb_order_operate.html HTTP/1.1" 200 12
116.230.105.139 - - [30/Dec/2022:11:22:46 +0800] "POST /xingrg/kc/base/wldb_order_operate.html HTTP/1.1" 200 5677
222.69.192.184 - - [30/Dec/2022:11:22:46 +0800] "GET /xingrg/all/function/internal_message.html?_=1672370420923&CODE_STATE=getMsg HTTP/1.1" 200 27
116.230.105.139 - - [30/Dec/2022:11:22:47 +0800] "GET /xingrg/kc/base/wldb_order_info.html?code=422022123001552 HTTP/1.1" 200 26269
114.83.222.182 - - [30/Dec/2022:11:22:47 +0800] "GET /xingrg/all/function/internal_message.html?_=1672370649769&CODE_STATE=getMsg HTTP/1.1" 200 27
116.230.105.139 - - [30/Dec/2022:11:22:48 +0800] "GET /xingrg/javascript/easyui/themes/default/validatebox.css HTTP/1.1" 404 1104
116.230.105.139 - - [30/Dec/2022:11:22:48 +0800] "POST /xingrg/kc/base/wldb_order_operate.html HTTP/1.1" 200 3889
58.221.95.50 - - [30/Dec/2022:11:22:50 +0800] "GET /xingrg/check_reg.html?_=1672370580346 HTTP/1.1" 302 -
116.230.105.139 - - [30/Dec/2022:11:22:51 +0800] "GET /xingrg/kc/base/wldb_order_add.html HTTP/1.1" 200 30390
116.230.105.139 - - [30/Dec/2022:11:22:51 +0800] "POST /xingrg/kc/base/wldb_order_operate.html HTTP/1.1" 200 6806
116.230.105.139 - - [30/Dec/2022:11:22:51 +0800] "GET /xingrg/javascript/easyui/themes/default/validatebox.css HTTP/1.1" 404 1104
114.83.219.50 - - [30/Dec/2022:11:22:57 +0800] "GET /xingrg/all/function/internal_message.html?_=1672370586713&CODE_STATE=getMsg HTTP/1.1" 200 27
116.230.105.139 - - [30/Dec/2022:11:22:57 +0800] "GET /xingrg/kc/base/wldb_order_operate.html?command=get_materiel&rest_code=00155&base_code=0010739&code=00101019222 HTTP/1.1" 200 454
116.230.105.139 - - [30/Dec/2022:11:23:00 +0800] "GET /xingrg/kc/base/wldb_order_operate.html?command=get_materiel&rest_code=00155&base_code=0010739&code=00101019448 HTTP/1.1" 200 483
116.230.105.139 - - [30/Dec/2022:11:23:05 +0800] "GET /xingrg/kc/base/wldb_order_operate.html?command=get_materiel&rest_code=00155&base_code=0010739&code=00101019079 HTTP/1.1" 200 479
116.192.124.172 - - [30/Dec/2022:11:23:06 +0800] "GET /xingrg/all/function/internal_message.html?_=1672370596368&CODE_STATE=getMsg HTTP/1.1" 200 27
114.84.38.109 - - [30/Dec/2022:11:23:07 +0800] "GET /xingrg/all/function/internal_message.html?_=1672370615820&CODE_STATE=getMsg HTTP/1.1" 200 27
114.83.219.50 - - [30/Dec/2022:11:23:08 +0800] "GET /xingrg/all/function/internal_message.html?_=1672370597961&CODE_STATE=getMsg HTTP/1.1" 200 27
116.230.105.139 - - [30/Dec/2022:11:23:10 +0800] "GET /xingrg/kc/base/wldb_order_operate.html?command=get_materiel&rest_code=00155&base_code=0010739&code=00101019258 HTTP/1.1" 200 483
116.230.105.139 - - [30/Dec/2022:11:23:20 +0800] "GET /xingrg/kc/base/wldb_order_operate.html?command=get_materiel&rest_code=00155&base_code=0010739&code=00101019391 HTTP/1.1" 200 485
116.238.139.35 - - [30/Dec/2022:11:23:21 +0800] "GET /xingrg/all/function/internal_message.html?_=1672370533920&CODE_STATE=getMsg HTTP/1.1" 200 27
180.162.115.6 - - [30/Dec/2022:11:23:26 +0800] "GET /xingrg/all/function/internal_message.html?_=1672369611436&CODE_STATE=getMsg HTTP/1.1" 200 27
180.169.147.146 - - [30/Dec/2022:11:23:28 +0800] "GET /xingrg/all/function/internal_message.html?_=1672370617965&CODE_STATE=getMsg HTTP/1.1" 200 27
116.230.105.139 - - [30/Dec/2022:11:23:34 +0800] "GET /xingrg/all/function/internal_message.html?_=1672370587946&CODE_STATE=getMsg HTTP/1.1" 200 27
116.230.105.139 - - [30/Dec/2022:11:23:34 +0800] "GET /xingrg/check_reg.html?_=1672370587967 HTTP/1.1" 200 22
116.230.105.139 - - [30/Dec/2022:11:23:36 +0800] "GET /xingrg/kc/base/wldb_order_operate.html?command=get_materiel&rest_code=00155&base_code=0010739&code=00101019536 HTTP/1.1" 200 471
120.253.135.82 - - [30/Dec/2022:11:23:37 +0800] "GET /xingrg/login.html HTTP/1.1" 200 7641
120.253.135.82 - - [30/Dec/2022:11:23:38 +0800] "GET /favicon.ico HTTP/1.1" 404 -
116.230.105.139 - - [30/Dec/2022:11:23:39 +0800] "GET /xingrg/kc/base/wldb_order_operate.html?command=get_materiel&rest_code=00155&base_code=0010739&code=00101019306 HTTP/1.1" 200 479
120.253.135.82 - - [30/Dec/2022:11:23:41 +0800] "POST /xingrg/login.do HTTP/1.1" 302 -
120.253.135.82 - - [30/Dec/2022:11:23:41 +0800] "GET /xingrg/index.html?sysBaseUrl=http%3A%2F%2F180.169.147.146%3A18081%2Fxingrg%2F&costTime=44×tamp=1672370621179 HTTP/1.1" 200 17173
120.253.135.82 - - [30/Dec/2022:11:23:41 +0800] "GET /xingrg/javascript/jquery_easy_ui/themes/default/easyui.css HTTP/1.1" 304 -
120.253.135.82 - - [30/Dec/2022:11:23:41 +0800] "GET /xingrg/javascript/jquery_easy_ui/themes/icon.css HTTP/1.1" 304 -
120.253.135.82 - - [30/Dec/2022:11:23:41 +0800] "GET /xingrg/css/form.css HTTP/1.1" 304 -
180.169.147.146 - - [30/Dec/2022:11:23:41 +0800] "GET /xingrg/all/function/internal_message.html?_=1672370631387&CODE_STATE=getMsg HTTP/1.1" 200 27
120.253.135.82 - - [30/Dec/2022:11:23:41 +0800] "GET /xingrg/javascript/jquery-1.4.2.min.js HTTP/1.1" 304 -
120.253.135.82 - - [30/Dec/2022:11:23:41 +0800] "GET /xingrg/javascript/jquery_easy_ui/jquery.easyui.min.js HTTP/1.1" 304 -
120.253.135.82 - - [30/Dec/2022:11:23:41 +0800] "GET /xingrg/javascript/jquery_easy_ui/easyui-lang-zh_CN.js HTTP/1.1" 304 -
120.253.135.82 - - [30/Dec/2022:11:23:41 +0800] "GET /xingrg/javascript/jquery.form.js HTTP/1.1" 304 -
120.253.135.82 - - [30/Dec/2022:11:23:41 +0800] "GET /xingrg/javascript/jquery.utils.js HTTP/1.1" 304 -
120.253.135.82 - - [30/Dec/2022:11:23:41 +0800] "GET /xingrg/javascript/jquery.timers.js HTTP/1.1" 304 -
120.253.135.82 - - [30/Dec/2022:11:23:42 +0800] "GET /favicon.ico HTTP/1.1" 404 -
120.253.135.82 - - [30/Dec/2022:11:23:42 +0800] "POST /xingrg/all/common/load_tree.html?tree=area_rest_tree_json&manage=1 HTTP/1.1" 200 344
120.253.135.82 - - [30/Dec/2022:11:23:42 +0800] "GET /xingrg/all/function/internal_message.html?_=1672370442668&CODE_STATE=count HTTP/1.1" 200 11
120.253.135.82 - - [30/Dec/2022:11:23:42 +0800] "GET /xingrg/check_reg.html?_=1672370442669 HTTP/1.1" 200 22
120.253.135.82 - - [30/Dec/2022:11:23:42 +0800] "POST /xingrg/load_menu.html HTTP/1.1" 200 6743
114.83.222.182 - - [30/Dec/2022:11:23:43 +0800] "GET /xingrg/kc/base/check_order_list.html HTTP/1.1" 200 16226
114.83.222.182 - - [30/Dec/2022:11:23:43 +0800] "POST /xingrg/kc/base/check_list_operate.html HTTP/1.1" 200 2574
222.69.192.184 - - [30/Dec/2022:11:23:46 +0800] "GET /xingrg/all/function/internal_message.html?_=1672370480906&CODE_STATE=getMsg HTTP/1.1" 200 27
114.83.222.182 - - [30/Dec/2022:11:23:47 +0800] "GET /xingrg/kc/base/check_order_info.html?code=452022122900057 HTTP/1.1" 200 25607
114.83.222.182 - - [30/Dec/2022:11:23:47 +0800] "GET /xingrg/dwr/interface/AjaxComOrderService.js HTTP/1.1" 200 18264
114.83.222.182 - - [30/Dec/2022:11:23:47 +0800] "GET /xingrg/dwr/interface/AjaxCheckService.js HTTP/1.1" 200 14003
114.83.222.182 - - [30/Dec/2022:11:23:47 +0800] "GET /xingrg/dwr/engine.js HTTP/1.1" 200 43631
114.83.222.182 - - [30/Dec/2022:11:23:48 +0800] "GET /xingrg/check_reg.html?_=1672370709834 HTTP/1.1" 200 22
114.83.222.182 - - [30/Dec/2022:11:23:48 +0800] "GET /xingrg/all/function/internal_message.html?_=1672370709836&CODE_STATE=getMsg HTTP/1.1" 200 27
114.83.222.182 - - [30/Dec/2022:11:23:48 +0800] "POST /xingrg/dwr/call/plaincall/AjaxCheckService.loadOrderItems.dwr HTTP/1.1" 200 19689
120.253.135.82 - - [30/Dec/2022:11:23:50 +0800] "GET /xingrg/kc/base/check_order_list.html HTTP/1.1" 200 16220
120.253.135.82 - - [30/Dec/2022:11:23:50 +0800] "GET /xingrg/css/base.css HTTP/1.1" 304 -
120.253.135.82 - - [30/Dec/2022:11:23:50 +0800] "GET /xingrg/css/site.css HTTP/1.1" 304 -
120.253.135.82 - - [30/Dec/2022:11:23:50 +0800] "GET /xingrg/javascript/easyui/themes/default/easyui.css HTTP/1.1" 304 -
120.253.135.82 - - [30/Dec/2022:11:23:50 +0800] "GET /xingrg/javascript/jquery_tools/datebox.css HTTP/1.1" 304 -
120.253.135.82 - - [30/Dec/2022:11:23:50 +0800] "GET /xingrg/javascript/easyui/themes/icon.css HTTP/1.1" 304 -
120.253.135.82 - - [30/Dec/2022:11:23:50 +0800] "GET /xingrg/javascript/jquery_tools/table.css HTTP/1.1" 304 -
120.253.135.82 - - [30/Dec/2022:11:23:50 +0800] "GET /xingrg/javascript/jquery_tools/fix.css HTTP/1.1" 304 -
120.253.135.82 - - [30/Dec/2022:11:23:50 +0800] "GET /xingrg/javascript/auto/jquery.autocomplete.css HTTP/1.1" 304 -
120.253.135.82 - - [30/Dec/2022:11:23:50 +0800] "GET /xingrg/javascript/jquery_tools/jquery.tools.min.js HTTP/1.1" 304 -
120.253.135.82 - - [30/Dec/2022:11:23:50 +0800] "GET /xingrg/javascript/jquery_tools/jquery.tools.extend.js HTTP/1.1" 304 -
120.253.135.82 - - [30/Dec/2022:11:23:50 +0800] "GET /xingrg/javascript/jquery_tools/jquery.tools.hotkey.js HTTP/1.1" 304 -
120.253.135.82 - - [30/Dec/2022:11:23:50 +0800] "GET /xingrg/javascript/jquery_tools/jquery.tools.table.js HTTP/1.1" 304 -
120.253.135.82 - - [30/Dec/2022:11:23:50 +0800] "GET /xingrg/javascript/jquery_tools/list_manager.js HTTP/1.1" 304 -
120.253.135.82 - - [30/Dec/2022:11:23:50 +0800] "GET /xingrg/javascript/auto/jquery.autocomplete.js HTTP/1.1" 304 -
120.253.135.82 - - [30/Dec/2022:11:23:50 +0800] "GET /xingrg/javascript/easyui/easyloader.js HTTP/1.1" 304 -
120.253.135.82 - - [30/Dec/2022:11:23:50 +0800] "GET /xingrg/javascript/jquery.cookie.js HTTP/1.1" 304 -
120.253.135.82 - - [30/Dec/2022:11:23:51 +0800] "GET /xingrg/javascript/easyui/plugins/jquery.parser.js HTTP/1.1" 304 -
120.253.135.82 - - [30/Dec/2022:11:23:51 +0800] "POST /xingrg/kc/base/check_list_operate.html HTTP/1.1" 200 3222
114.83.219.50 - - [30/Dec/2022:11:23:57 +0800] "GET /xingrg/all/function/internal_message.html?_=1672370646706&CODE_STATE=getMsg HTTP/1.1" 200 27
114.83.222.182 - - [30/Dec/2022:11:23:57 +0800] "POST /xingrg/dwr/call/plaincall/AjaxCheckService.checkOrder.dwr HTTP/1.1" 200 78
114.83.222.182 - - [30/Dec/2022:11:23:59 +0800] "GET /xingrg/kc/base/check_order_info.html?code=452022122900057 HTTP/1.1" 200 22854
114.83.222.182 - - [30/Dec/2022:11:23:59 +0800] "GET /xingrg/dwr/interface/AjaxComOrderService.js HTTP/1.1" 200 18264
114.83.222.182 - - [30/Dec/2022:11:23:59 +0800] "GET /xingrg/dwr/interface/AjaxCheckService.js HTTP/1.1" 200 14003
114.83.222.182 - - [30/Dec/2022:11:23:59 +0800] "GET /xingrg/dwr/engine.js HTTP/1.1" 200 43631
114.83.222.182 - - [30/Dec/2022:11:24:00 +0800] "POST /xingrg/dwr/call/plaincall/AjaxCheckService.loadOrderItems.dwr HTTP/1.1" 200 9001
180.162.115.6 - - [30/Dec/2022:11:24:00 +0800] "POST /xingrg/kc/buy/cgsh_order_operate.html HTTP/1.1" 200 37
180.162.115.6 - - [30/Dec/2022:11:24:02 +0800] "POST /xingrg/kc/buy/cgsh_order_operate.html HTTP/1.1" 200 16345
114.83.222.182 - - [30/Dec/2022:11:24:02 +0800] "GET /xingrg/kc/base/check_order_list.html?isBack=1 HTTP/1.1" 200 16226
114.83.222.182 - - [30/Dec/2022:11:24:02 +0800] "POST /xingrg/kc/base/check_list_operate.html HTTP/1.1" 200 2247
120.253.135.82 - - [30/Dec/2022:11:24:04 +0800] "GET /xingrg/kc/base/check_order_info.html?code=452022103100138 HTTP/1.1" 200 26184
120.253.135.82 - - [30/Dec/2022:11:24:04 +0800] "GET /xingrg/css/blue.css HTTP/1.1" 304 -
120.253.135.82 - - [30/Dec/2022:11:24:04 +0800] "GET /xingrg/css/table.css HTTP/1.1" 304 -
120.253.135.82 - - [30/Dec/2022:11:24:04 +0800] "GET /xingrg/javascript/pic_change.js HTTP/1.1" 304 -
120.253.135.82 - - [30/Dec/2022:11:24:04 +0800] "GET /xingrg/dwr/interface/AjaxComOrderService.js HTTP/1.1" 200 18264
120.253.135.82 - - [30/Dec/2022:11:24:04 +0800] "GET /xingrg/dwr/interface/AjaxCheckService.js HTTP/1.1" 200 14003
120.253.135.82 - - [30/Dec/2022:11:24:04 +0800] "GET /xingrg/dwr/util.js HTTP/1.1" 304 -
120.253.135.82 - - [30/Dec/2022:11:24:04 +0800] "GET /xingrg/javascript/AjaxInfoList.js HTTP/1.1" 304 -
120.253.135.82 - - [30/Dec/2022:11:24:04 +0800] "GET /xingrg/javascript/Calendar.js HTTP/1.1" 304 -
120.253.135.82 - - [30/Dec/2022:11:24:04 +0800] "GET /xingrg/javascript/myfunction.js HTTP/1.1" 304 -
120.253.135.82 - - [30/Dec/2022:11:24:04 +0800] "GET /xingrg/dwr/engine.js HTTP/1.1" 200 43631
120.253.135.82 - - [30/Dec/2022:11:24:04 +0800] "GET /xingrg/javascript/convert.js HTTP/1.1" 304 -
120.253.135.82 - - [30/Dec/2022:11:24:04 +0800] "GET /xingrg/javascript/print/kc_print.js HTTP/1.1" 304 -
120.253.135.82 - - [30/Dec/2022:11:24:04 +0800] "GET /xingrg/javascript/print/LodopFuncs.js HTTP/1.1" 304 -
114.83.222.182 - - [30/Dec/2022:11:24:05 +0800] "GET /xingrg/kc/base/check_order_info.html?code=452022122900058 HTTP/1.1" 200 25616
114.83.222.182 - - [30/Dec/2022:11:24:05 +0800] "GET /xingrg/dwr/interface/AjaxComOrderService.js HTTP/1.1" 200 18264
114.83.222.182 - - [30/Dec/2022:11:24:05 +0800] "GET /xingrg/dwr/interface/AjaxCheckService.js HTTP/1.1" 200 14003
114.83.222.182 - - [30/Dec/2022:11:24:05 +0800] "GET /xingrg/dwr/engine.js HTTP/1.1" 200 43631
114.83.222.182 - - [30/Dec/2022:11:24:05 +0800] "POST /xingrg/dwr/call/plaincall/AjaxCheckService.loadOrderItems.dwr HTTP/1.1" 200 19087
120.253.135.82 - - [30/Dec/2022:11:24:05 +0800] "POST /xingrg/dwr/call/plaincall/AjaxCheckService.loadOrderItems.dwr HTTP/1.1" 200 199533
120.253.135.82 - - [30/Dec/2022:11:24:06 +0800] "GET /xingrg/javascript/jquery_easy_ui/themes/icons/no.png HTTP/1.1" 304 -
116.192.124.172 - - [30/Dec/2022:11:24:06 +0800] "GET /xingrg/all/function/internal_message.html?_=1672370656364&CODE_STATE=getMsg HTTP/1.1" 200 27
114.84.38.109 - - [30/Dec/2022:11:24:07 +0800] "GET /xingrg/all/function/internal_message.html?_=1672370675827&CODE_STATE=getMsg HTTP/1.1" 200 27
114.83.219.50 - - [30/Dec/2022:11:24:08 +0800] "GET /xingrg/all/function/internal_message.html?_=1672370657949&CODE_STATE=getMsg HTTP/1.1" 200 27
114.83.222.182 - - [30/Dec/2022:11:24:11 +0800] "POST /xingrg/dwr/call/plaincall/AjaxCheckService.checkOrder.dwr HTTP/1.1" 200 78
114.83.222.182 - - [30/Dec/2022:11:24:12 +0800] "GET /xingrg/kc/base/check_order_info.html?code=452022122900058 HTTP/1.1" 200 22864
114.83.222.182 - - [30/Dec/2022:11:24:12 +0800] "GET /xingrg/dwr/interface/AjaxCheckService.js HTTP/1.1" 200 14003
114.83.222.182 - - [30/Dec/2022:11:24:12 +0800] "GET /xingrg/dwr/interface/AjaxComOrderService.js HTTP/1.1" 200 18264
114.83.222.182 - - [30/Dec/2022:11:24:12 +0800] "GET /xingrg/dwr/engine.js HTTP/1.1" 200 43631
114.83.222.182 - - [30/Dec/2022:11:24:13 +0800] "POST /xingrg/dwr/call/plaincall/AjaxCheckService.loadOrderItems.dwr HTTP/1.1" 200 8755
180.162.115.6 - - [30/Dec/2022:11:24:14 +0800] "GET /xingrg/javascript/jquery_easy_ui/themes/default/images/tabs_active.png HTTP/1.1" 304 -
114.83.222.182 - - [30/Dec/2022:11:24:16 +0800] "GET /xingrg/kc/base/check_order_list.html?isBack=1 HTTP/1.1" 200 16226
114.83.222.182 - - [30/Dec/2022:11:24:16 +0800] "POST /xingrg/kc/base/check_list_operate.html HTTP/1.1" 200 1908
114.83.222.182 - - [30/Dec/2022:11:24:18 +0800] "GET /xingrg/kc/base/check_order_info.html?code=452022122900059 HTTP/1.1" 200 25616
114.83.222.182 - - [30/Dec/2022:11:24:18 +0800] "GET /xingrg/dwr/interface/AjaxCheckService.js HTTP/1.1" 200 14003
114.83.222.182 - - [30/Dec/2022:11:24:18 +0800] "GET /xingrg/dwr/interface/AjaxComOrderService.js HTTP/1.1" 200 18264
114.83.222.182 - - [30/Dec/2022:11:24:18 +0800] "GET /xingrg/dwr/engine.js HTTP/1.1" 200 43631
114.83.222.182 - - [30/Dec/2022:11:24:18 +0800] "POST /xingrg/dwr/call/plaincall/AjaxCheckService.loadOrderItems.dwr HTTP/1.1" 200 18440
116.238.139.35 - - [30/Dec/2022:11:24:20 +0800] "GET /xingrg/check_reg.html?_=1672370592863 HTTP/1.1" 200 22
116.238.139.35 - - [30/Dec/2022:11:24:21 +0800] "GET /xingrg/all/function/internal_message.html?_=1672370593933&CODE_STATE=getMsg HTTP/1.1" 200 27
120.253.135.82 - - [30/Dec/2022:11:24:25 +0800] "GET /xingrg/kc/report/report_main.html HTTP/1.1" 200 8599
120.253.135.82 - - [30/Dec/2022:11:24:26 +0800] "GET /xingrg/javascript/jquery_ui/themes/humanity/humanity.css HTTP/1.1" 304 -
120.253.135.82 - - [30/Dec/2022:11:24:26 +0800] "GET /xingrg/javascript/json2.js HTTP/1.1" 304 -
180.162.115.6 - - [30/Dec/2022:11:24:26 +0800] "GET /xingrg/all/function/internal_message.html?_=1672369671414&CODE_STATE=getMsg HTTP/1.1" 200 27
180.169.147.146 - - [30/Dec/2022:11:24:28 +0800] "GET /xingrg/all/function/internal_message.html?_=1672370677969&CODE_STATE=getMsg HTTP/1.1" 200 27
116.230.105.139 - - [30/Dec/2022:11:24:28 +0800] "GET /xingrg/kc/base/wldb_order_operate.html?command=get_materiel&rest_code=00155&base_code=0010739&code=00101019071 HTTP/1.1" 200 471
180.162.115.6 - - [30/Dec/2022:11:24:28 +0800] "POST /xingrg/kc/buy/cgsh_list_operate.html HTTP/1.1" 200 1875
