180.169.147.146 - - [29/Dec/2022:13:02:59 +0800] "GET /xingrg/all/function/internal_message.html?_=1672290190309&CODE_STATE=getMsg HTTP/1.1" 200 27
124.79.245.154 - - [29/Dec/2022:13:03:02 +0800] "GET /xingrg/all/function/internal_message.html?_=1672290424516&CODE_STATE=getMsg HTTP/1.1" 200 27
58.37.6.240 - - [29/Dec/2022:13:03:15 +0800] "GET /xingrg/check_reg.html?_=1672290207720 HTTP/1.1" 200 22
58.37.6.240 - - [29/Dec/2022:13:03:16 +0800] "GET /xingrg/all/function/internal_message.html?_=1672290207803&CODE_STATE=getMsg HTTP/1.1" 200 27
180.169.147.146 - - [29/Dec/2022:13:03:16 +0800] "GET /xingrg/all/function/internal_message.html?_=1672290206611&CODE_STATE=getMsg HTTP/1.1" 200 27
114.84.38.109 - - [29/Dec/2022:13:03:19 +0800] "GET /xingrg/all/function/internal_message.html?_=1672290223834&CODE_STATE=getMsg HTTP/1.1" 200 27
222.69.192.184 - - [29/Dec/2022:13:03:24 +0800] "GET /xingrg/all/function/internal_message.html?_=1672290215405&CODE_STATE=getMsg HTTP/1.1" 200 27
124.79.245.154 - - [29/Dec/2022:13:03:33 +0800] "GET /xingrg/all/function/internal_message.html?_=1672290223172&CODE_STATE=getMsg HTTP/1.1" 200 27
114.83.222.182 - - [29/Dec/2022:13:03:37 +0800] "GET /xingrg/all/function/internal_message.html?_=1672290299956&CODE_STATE=getMsg HTTP/1.1" 200 27
58.40.7.146 - - [29/Dec/2022:13:03:46 +0800] "GET /xingrg/all/function/internal_message.html?_=1672290236443&CODE_STATE=getMsg HTTP/1.1" 302 -
114.84.171.241 - - [29/Dec/2022:13:03:46 +0800] "GET /xingrg/all/function/internal_message.html?_=1672290235334&CODE_STATE=getMsg HTTP/1.1" 200 27
116.230.105.139 - - [29/Dec/2022:13:03:56 +0800] "GET /xingrg/all/function/internal_message.html?_=1672290212619&CODE_STATE=getMsg HTTP/1.1" 200 27
222.64.145.253 - - [29/Dec/2022:13:03:56 +0800] "GET /xingrg/all/function/internal_message.html?_=1672290251024&CODE_STATE=getMsg HTTP/1.1" 200 27
116.230.105.139 - - [29/Dec/2022:13:03:58 +0800] "GET /xingrg/check_reg.html?_=1672290214592 HTTP/1.1" 200 22
180.169.147.146 - - [29/Dec/2022:13:03:59 +0800] "GET /xingrg/all/function/internal_message.html?_=1672290250314&CODE_STATE=getMsg HTTP/1.1" 200 27
124.79.245.154 - - [29/Dec/2022:13:04:02 +0800] "GET /xingrg/check_reg.html?_=1672290484511 HTTP/1.1" 200 22
124.79.245.154 - - [29/Dec/2022:13:04:02 +0800] "GET /xingrg/all/function/internal_message.html?_=1672290484512&CODE_STATE=getMsg HTTP/1.1" 200 27
58.37.6.240 - - [29/Dec/2022:13:04:16 +0800] "GET /xingrg/all/function/internal_message.html?_=1672290267786&CODE_STATE=getMsg HTTP/1.1" 200 27
180.169.147.146 - - [29/Dec/2022:13:04:16 +0800] "GET /xingrg/all/function/internal_message.html?_=1672290266623&CODE_STATE=getMsg HTTP/1.1" 200 27
114.84.38.109 - - [29/Dec/2022:13:04:19 +0800] "GET /xingrg/all/function/internal_message.html?_=1672290284348&CODE_STATE=getMsg HTTP/1.1" 200 27
222.69.192.184 - - [29/Dec/2022:13:04:24 +0800] "GET /xingrg/all/function/internal_message.html?_=1672290275373&CODE_STATE=getMsg HTTP/1.1" 200 27
124.79.245.154 - - [29/Dec/2022:13:04:33 +0800] "GET /xingrg/all/function/internal_message.html?_=1672290283187&CODE_STATE=getMsg HTTP/1.1" 200 27
114.83.222.182 - - [29/Dec/2022:13:04:37 +0800] "GET /xingrg/all/function/internal_message.html?_=1672290359954&CODE_STATE=getMsg HTTP/1.1" 200 27
114.83.222.182 - - [29/Dec/2022:13:04:37 +0800] "GET /xingrg/check_reg.html?_=1672290359956 HTTP/1.1" 200 22
58.40.7.146 - - [29/Dec/2022:13:04:46 +0800] "GET /xingrg/all/function/internal_message.html?_=1672290296415&CODE_STATE=getMsg HTTP/1.1" 302 -
114.84.171.241 - - [29/Dec/2022:13:04:46 +0800] "GET /xingrg/all/function/internal_message.html?_=1672290295334&CODE_STATE=getMsg HTTP/1.1" 200 27
58.40.7.146 - - [29/Dec/2022:13:04:47 +0800] "GET /xingrg/check_reg.html?_=1672290297863 HTTP/1.1" 302 -
116.230.105.139 - - [29/Dec/2022:13:04:56 +0800] "GET /xingrg/all/function/internal_message.html?_=1672290272602&CODE_STATE=getMsg HTTP/1.1" 200 27
222.64.145.253 - - [29/Dec/2022:13:04:56 +0800] "GET /xingrg/all/function/internal_message.html?_=1672290311007&CODE_STATE=getMsg HTTP/1.1" 200 27
180.169.147.146 - - [29/Dec/2022:13:04:59 +0800] "GET /xingrg/all/function/internal_message.html?_=1672290310313&CODE_STATE=getMsg HTTP/1.1" 200 27
124.79.245.154 - - [29/Dec/2022:13:05:02 +0800] "GET /xingrg/all/function/internal_message.html?_=1672290544513&CODE_STATE=getMsg HTTP/1.1" 200 27
114.84.38.109 - - [29/Dec/2022:13:05:05 +0800] "GET /xingrg/check_reg.html?_=1672290330762 HTTP/1.1" 200 22
58.37.6.240 - - [29/Dec/2022:13:05:15 +0800] "GET /xingrg/all/function/internal_message.html?_=1672290327771&CODE_STATE=getMsg HTTP/1.1" 200 27
180.169.147.146 - - [29/Dec/2022:13:05:16 +0800] "GET /xingrg/all/function/internal_message.html?_=1672290326635&CODE_STATE=getMsg HTTP/1.1" 200 27
114.84.38.109 - - [29/Dec/2022:13:05:19 +0800] "GET /xingrg/all/function/internal_message.html?_=1672290344363&CODE_STATE=getMsg HTTP/1.1" 200 27
222.69.192.184 - - [29/Dec/2022:13:05:24 +0800] "GET /xingrg/all/function/internal_message.html?_=1672290335347&CODE_STATE=getMsg HTTP/1.1" 200 27
124.79.245.154 - - [29/Dec/2022:13:05:33 +0800] "GET /xingrg/check_reg.html?_=1672290343178 HTTP/1.1" 200 22
124.79.245.154 - - [29/Dec/2022:13:05:33 +0800] "GET /xingrg/all/function/internal_message.html?_=1672290343181&CODE_STATE=getMsg HTTP/1.1" 200 27
114.83.222.182 - - [29/Dec/2022:13:05:37 +0800] "GET /xingrg/all/function/internal_message.html?_=1672290419945&CODE_STATE=getMsg HTTP/1.1" 200 27
58.40.7.146 - - [29/Dec/2022:13:05:46 +0800] "GET /xingrg/all/function/internal_message.html?_=1672290356403&CODE_STATE=getMsg HTTP/1.1" 302 -
114.84.171.241 - - [29/Dec/2022:13:05:46 +0800] "GET /xingrg/all/function/internal_message.html?_=1672290355334&CODE_STATE=getMsg HTTP/1.1" 200 27
114.84.171.241 - - [29/Dec/2022:13:05:46 +0800] "GET /xingrg/check_reg.html?_=1672290355336 HTTP/1.1" 200 22
116.230.105.139 - - [29/Dec/2022:13:05:56 +0800] "GET /xingrg/all/function/internal_message.html?_=1672290332578&CODE_STATE=getMsg HTTP/1.1" 200 27
222.64.145.253 - - [29/Dec/2022:13:05:56 +0800] "GET /xingrg/all/function/internal_message.html?_=1672290370990&CODE_STATE=getMsg HTTP/1.1" 200 27
180.169.147.146 - - [29/Dec/2022:13:05:59 +0800] "GET /xingrg/check_reg.html?_=1672290370311 HTTP/1.1" 200 22
180.169.147.146 - - [29/Dec/2022:13:05:59 +0800] "GET /xingrg/all/function/internal_message.html?_=1672290370312&CODE_STATE=getMsg HTTP/1.1" 200 27
124.79.245.154 - - [29/Dec/2022:13:06:02 +0800] "GET /xingrg/all/function/internal_message.html?_=1672290604538&CODE_STATE=getMsg HTTP/1.1" 200 27
58.37.6.240 - - [29/Dec/2022:13:06:15 +0800] "GET /xingrg/all/function/internal_message.html?_=1672290387742&CODE_STATE=getMsg HTTP/1.1" 200 27
180.169.147.146 - - [29/Dec/2022:13:06:16 +0800] "GET /xingrg/check_reg.html?_=1672290386623 HTTP/1.1" 200 22
180.169.147.146 - - [29/Dec/2022:13:06:16 +0800] "GET /xingrg/all/function/internal_message.html?_=1672290386625&CODE_STATE=getMsg HTTP/1.1" 200 27
222.64.145.253 - - [29/Dec/2022:13:06:17 +0800] "GET /xingrg/check_reg.html?_=1672290391925 HTTP/1.1" 200 22
114.84.38.109 - - [29/Dec/2022:13:06:19 +0800] "GET /xingrg/all/function/internal_message.html?_=1672290404374&CODE_STATE=getMsg HTTP/1.1" 200 27
116.238.139.35 - - [29/Dec/2022:13:06:21 +0800] "GET /xingrg/login.html HTTP/1.1" 200 7641
116.238.139.35 - - [29/Dec/2022:13:06:21 +0800] "GET /favicon.ico HTTP/1.1" 404 -
116.238.139.35 - - [29/Dec/2022:13:06:22 +0800] "POST /xingrg/login.do HTTP/1.1" 302 -
116.238.139.35 - - [29/Dec/2022:13:06:22 +0800] "GET /xingrg/index.html?sysBaseUrl=http%3A%2F%2F180.169.147.146%3A18081%2Fxingrg%2F&costTime=40×tamp=1672290382782 HTTP/1.1" 200 17179
116.238.139.35 - - [29/Dec/2022:13:06:22 +0800] "GET /xingrg/javascript/jquery_easy_ui/themes/icon.css HTTP/1.1" 304 -
116.238.139.35 - - [29/Dec/2022:13:06:22 +0800] "GET /xingrg/javascript/jquery_easy_ui/themes/default/easyui.css HTTP/1.1" 304 -
116.238.139.35 - - [29/Dec/2022:13:06:22 +0800] "GET /xingrg/css/form.css HTTP/1.1" 304 -
116.238.139.35 - - [29/Dec/2022:13:06:22 +0800] "GET /xingrg/javascript/jquery_easy_ui/jquery.easyui.min.js HTTP/1.1" 304 -
116.238.139.35 - - [29/Dec/2022:13:06:22 +0800] "GET /xingrg/javascript/jquery.form.js HTTP/1.1" 304 -
116.238.139.35 - - [29/Dec/2022:13:06:22 +0800] "GET /xingrg/javascript/jquery_easy_ui/easyui-lang-zh_CN.js HTTP/1.1" 304 -
116.238.139.35 - - [29/Dec/2022:13:06:22 +0800] "GET /xingrg/javascript/jquery-1.4.2.min.js HTTP/1.1" 304 -
116.238.139.35 - - [29/Dec/2022:13:06:22 +0800] "GET /xingrg/javascript/jquery.utils.js HTTP/1.1" 304 -
116.238.139.35 - - [29/Dec/2022:13:06:22 +0800] "GET /xingrg/javascript/jquery.timers.js HTTP/1.1" 304 -
116.238.139.35 - - [29/Dec/2022:13:06:22 +0800] "GET /favicon.ico HTTP/1.1" 404 -
116.238.139.35 - - [29/Dec/2022:13:06:22 +0800] "POST /xingrg/all/common/load_tree.html?tree=area_rest_tree_json&manage=1 HTTP/1.1" 200 476
116.238.139.35 - - [29/Dec/2022:13:06:23 +0800] "GET /xingrg/all/function/internal_message.html?_=1672290316753&CODE_STATE=count HTTP/1.1" 200 11
116.238.139.35 - - [29/Dec/2022:13:06:23 +0800] "GET /xingrg/check_reg.html?_=1672290316753 HTTP/1.1" 200 22
116.238.139.35 - - [29/Dec/2022:13:06:23 +0800] "POST /xingrg/load_menu.html HTTP/1.1" 200 5138
222.69.192.184 - - [29/Dec/2022:13:06:24 +0800] "GET /xingrg/all/function/internal_message.html?_=1672290395315&CODE_STATE=getMsg HTTP/1.1" 200 27
116.238.139.35 - - [29/Dec/2022:13:06:27 +0800] "GET /xingrg/css/base.css HTTP/1.1" 304 -
116.238.139.35 - - [29/Dec/2022:13:06:27 +0800] "GET /xingrg/css/site.css HTTP/1.1" 304 -
116.238.139.35 - - [29/Dec/2022:13:06:27 +0800] "GET /xingrg/javascript/jquery_tools/datebox.css HTTP/1.1" 304 -
116.238.139.35 - - [29/Dec/2022:13:06:27 +0800] "GET /xingrg/javascript/auto/jquery.autocomplete.css HTTP/1.1" 304 -
116.238.139.35 - - [29/Dec/2022:13:06:27 +0800] "GET /xingrg/javascript/jquery_tools/fix.css HTTP/1.1" 304 -
116.238.139.35 - - [29/Dec/2022:13:06:27 +0800] "GET /xingrg/javascript/jquery_tools/table.css HTTP/1.1" 304 -
116.238.139.35 - - [29/Dec/2022:13:06:27 +0800] "GET /xingrg/javascript/jquery_tools/jquery.tools.min.js HTTP/1.1" 304 -
116.238.139.35 - - [29/Dec/2022:13:06:27 +0800] "GET /xingrg/javascript/easyui/themes/icon.css HTTP/1.1" 304 -
116.238.139.35 - - [29/Dec/2022:13:06:27 +0800] "GET /xingrg/javascript/easyui/themes/default/easyui.css HTTP/1.1" 304 -
116.238.139.35 - - [29/Dec/2022:13:06:27 +0800] "GET /xingrg/kc/base/wldb_order_list.html HTTP/1.1" 200 19107
116.238.139.35 - - [29/Dec/2022:13:06:27 +0800] "GET /xingrg/javascript/jquery.cookie.js HTTP/1.1" 304 -
116.238.139.35 - - [29/Dec/2022:13:06:27 +0800] "GET /xingrg/javascript/jquery_tools/jquery.tools.hotkey.js HTTP/1.1" 304 -
116.238.139.35 - - [29/Dec/2022:13:06:27 +0800] "GET /xingrg/javascript/jquery_tools/jquery.tools.extend.js HTTP/1.1" 304 -
116.238.139.35 - - [29/Dec/2022:13:06:27 +0800] "GET /xingrg/javascript/easyui/easyloader.js HTTP/1.1" 304 -
116.238.139.35 - - [29/Dec/2022:13:06:27 +0800] "GET /xingrg/javascript/jquery_tools/jquery.tools.table.js HTTP/1.1" 304 -
116.238.139.35 - - [29/Dec/2022:13:06:27 +0800] "GET /xingrg/javascript/jquery_tools/list_manager.js HTTP/1.1" 304 -
116.238.139.35 - - [29/Dec/2022:13:06:27 +0800] "GET /xingrg/javascript/print/LodopFuncs.js HTTP/1.1" 304 -
116.238.139.35 - - [29/Dec/2022:13:06:27 +0800] "GET /xingrg/javascript/auto/jquery.autocomplete.js HTTP/1.1" 304 -
116.238.139.35 - - [29/Dec/2022:13:06:27 +0800] "GET /xingrg/javascript/easyui/plugins/jquery.parser.js HTTP/1.1" 304 -
116.238.139.35 - - [29/Dec/2022:13:06:27 +0800] "POST /xingrg/kc/base/wldb_list_operate.html HTTP/1.1" 200 1793
222.69.192.184 - - [29/Dec/2022:13:06:29 +0800] "GET /xingrg/check_reg.html?_=1672290399995 HTTP/1.1" 200 22
116.238.139.35 - - [29/Dec/2022:13:06:32 +0800] "POST /xingrg/kc/base/wldb_list_operate.html HTTP/1.1" 200 217
116.238.139.35 - - [29/Dec/2022:13:06:33 +0800] "GET /xingrg/kc/base/wldb_order_info.html?code=422022122901514 HTTP/1.1" 200 30410
116.238.139.35 - - [29/Dec/2022:13:06:33 +0800] "GET /xingrg/javascript/pic_change.js HTTP/1.1" 304 -
116.238.139.35 - - [29/Dec/2022:13:06:33 +0800] "GET /xingrg/javascript/jquery_tools/order_manager.js HTTP/1.1" 304 -
116.238.139.35 - - [29/Dec/2022:13:06:33 +0800] "GET /xingrg/javascript/json2.js HTTP/1.1" 304 -
116.238.139.35 - - [29/Dec/2022:13:06:33 +0800] "GET /xingrg/javascript/convert.js HTTP/1.1" 304 -
116.238.139.35 - - [29/Dec/2022:13:06:33 +0800] "GET /xingrg/javascript/print/kc_print.js HTTP/1.1" 304 -
116.238.139.35 - - [29/Dec/2022:13:06:33 +0800] "GET /xingrg/words/20221229121016_words.js HTTP/1.1" 304 -
116.238.139.35 - - [29/Dec/2022:13:06:33 +0800] "GET /xingrg/all/common/auto_word.html?type=base&rest_code=00150 HTTP/1.1" 200 1799
116.238.139.35 - - [29/Dec/2022:13:06:33 +0800] "GET /xingrg/all/common/auto_word.html?type=base&rest_code=00150 HTTP/1.1" 200 1799
116.238.139.35 - - [29/Dec/2022:13:06:33 +0800] "GET /xingrg/javascript/easyui/themes/default/validatebox.css HTTP/1.1" 404 1104
116.238.139.35 - - [29/Dec/2022:13:06:33 +0800] "GET /xingrg/javascript/easyui/plugins/jquery.validatebox.js HTTP/1.1" 304 -
116.238.139.35 - - [29/Dec/2022:13:06:33 +0800] "GET /xingrg/javascript/easyui/plugins/jquery.numberbox.js HTTP/1.1" 304 -
124.79.245.154 - - [29/Dec/2022:13:06:33 +0800] "GET /xingrg/all/function/internal_message.html?_=1672290403184&CODE_STATE=getMsg HTTP/1.1" 200 27
116.238.139.35 - - [29/Dec/2022:13:06:33 +0800] "POST /xingrg/kc/base/wldb_order_operate.html HTTP/1.1" 200 2220
116.238.139.35 - - [29/Dec/2022:13:06:37 +0800] "GET /xingrg/javascript/auto/indicator.gif HTTP/1.1" 404 1066
114.83.222.182 - - [29/Dec/2022:13:06:37 +0800] "GET /xingrg/all/function/internal_message.html?_=1672290479936&CODE_STATE=getMsg HTTP/1.1" 200 27
116.238.139.35 - - [29/Dec/2022:13:06:41 +0800] "GET /xingrg/kc/base/wldb_order_operate.html?command=get_materiel&rest_code=00150&base_code=0010446&code=00102002082 HTTP/1.1" 200 453
58.40.7.146 - - [29/Dec/2022:13:06:46 +0800] "GET /xingrg/all/function/internal_message.html?_=1672290416374&CODE_STATE=getMsg HTTP/1.1" 302 -
114.84.171.241 - - [29/Dec/2022:13:06:46 +0800] "GET /xingrg/all/function/internal_message.html?_=1672290415335&CODE_STATE=getMsg HTTP/1.1" 200 27
116.238.139.35 - - [29/Dec/2022:13:06:53 +0800] "POST /xingrg/kc/base/wldb_order_operate.html HTTP/1.1" 200 37
116.238.139.35 - - [29/Dec/2022:13:06:54 +0800] "POST /xingrg/kc/base/wldb_order_operate.html HTTP/1.1" 200 128
116.238.139.35 - - [29/Dec/2022:13:06:54 +0800] "POST /xingrg/kc/base/wldb_order_operate.html HTTP/1.1" 200 2714
116.230.105.139 - - [29/Dec/2022:13:06:56 +0800] "GET /xingrg/all/function/internal_message.html?_=1672290392559&CODE_STATE=getMsg HTTP/1.1" 200 27
222.64.145.253 - - [29/Dec/2022:13:06:56 +0800] "GET /xingrg/all/function/internal_message.html?_=1672290430972&CODE_STATE=getMsg HTTP/1.1" 200 27
180.169.147.146 - - [29/Dec/2022:13:06:59 +0800] "GET /xingrg/all/function/internal_message.html?_=1672290430309&CODE_STATE=getMsg HTTP/1.1" 200 27
124.79.245.154 - - [29/Dec/2022:13:07:02 +0800] "GET /xingrg/all/function/internal_message.html?_=1672290664535&CODE_STATE=getMsg HTTP/1.1" 200 27
58.37.6.240 - - [29/Dec/2022:13:07:15 +0800] "GET /xingrg/all/function/internal_message.html?_=1672290447712&CODE_STATE=getMsg HTTP/1.1" 200 27
180.169.147.146 - - [29/Dec/2022:13:07:16 +0800] "GET /xingrg/all/function/internal_message.html?_=1672290446801&CODE_STATE=getMsg HTTP/1.1" 200 27
116.238.139.35 - - [29/Dec/2022:13:07:16 +0800] "POST /xingrg/kc/base/wldb_order_operate.html HTTP/1.1" 200 37
116.238.139.35 - - [29/Dec/2022:13:07:19 +0800] "POST /xingrg/kc/base/wldb_order_operate.html HTTP/1.1" 200 12
116.238.139.35 - - [29/Dec/2022:13:07:19 +0800] "POST /xingrg/kc/base/wldb_order_operate.html HTTP/1.1" 200 2713
114.84.38.109 - - [29/Dec/2022:13:07:20 +0800] "GET /xingrg/all/function/internal_message.html?_=1672290464879&CODE_STATE=getMsg HTTP/1.1" 200 27
116.238.139.35 - - [29/Dec/2022:13:07:20 +0800] "GET /xingrg/kc/base/wldb_order_info.html?code=422022122901514 HTTP/1.1" 200 26281
116.238.139.35 - - [29/Dec/2022:13:07:21 +0800] "GET /xingrg/javascript/easyui/themes/default/validatebox.css HTTP/1.1" 404 1104
116.238.139.35 - - [29/Dec/2022:13:07:21 +0800] "POST /xingrg/kc/base/wldb_order_operate.html HTTP/1.1" 200 994
116.192.124.172 - - [29/Dec/2022:13:07:22 +0800] "POST /xingrg/services/DataTransmitService HTTP/1.1" 200 524
116.192.124.172 - - [29/Dec/2022:13:07:22 +0800] "POST /xingrg/services/DataTransmitService HTTP/1.1" 200 501
116.238.139.35 - - [29/Dec/2022:13:07:23 +0800] "GET /xingrg/all/function/internal_message.html?_=1672290376753&CODE_STATE=getMsg HTTP/1.1" 200 27
222.69.192.184 - - [29/Dec/2022:13:07:24 +0800] "GET /xingrg/all/function/internal_message.html?_=1672290455286&CODE_STATE=getMsg HTTP/1.1" 200 27
116.238.139.35 - - [29/Dec/2022:13:07:33 +0800] "GET /xingrg/kc/base/wldb_order_add.html HTTP/1.1" 200 30398
116.238.139.35 - - [29/Dec/2022:13:07:33 +0800] "POST /xingrg/kc/base/wldb_order_operate.html HTTP/1.1" 200 6806
116.238.139.35 - - [29/Dec/2022:13:07:33 +0800] "GET /xingrg/javascript/easyui/themes/default/validatebox.css HTTP/1.1" 404 1104
124.79.245.154 - - [29/Dec/2022:13:07:33 +0800] "GET /xingrg/all/function/internal_message.html?_=1672290463180&CODE_STATE=getMsg HTTP/1.1" 200 27
116.238.139.35 - - [29/Dec/2022:13:07:36 +0800] "GET /xingrg/css/images/panel_loading.gif HTTP/1.1" 304 -
116.238.139.35 - - [29/Dec/2022:13:07:36 +0800] "POST /xingrg/all/common/load_combo.html?type=base HTTP/1.1" 200 3227
114.83.222.182 - - [29/Dec/2022:13:07:37 +0800] "GET /xingrg/all/function/internal_message.html?_=1672290539946&CODE_STATE=getMsg HTTP/1.1" 200 27
58.40.7.146 - - [29/Dec/2022:13:07:46 +0800] "GET /xingrg/all/function/internal_message.html?_=1672290476356&CODE_STATE=getMsg HTTP/1.1" 302 -
114.84.171.241 - - [29/Dec/2022:13:07:46 +0800] "GET /xingrg/all/function/internal_message.html?_=1672290475334&CODE_STATE=getMsg HTTP/1.1" 200 27
116.238.139.35 - - [29/Dec/2022:13:07:50 +0800] "GET /xingrg/kc/base/wldb_order_operate.html?command=get_materiel&rest_code=00150&base_code=0010445&code=00101013011 HTTP/1.1" 200 450
58.221.95.50 - - [29/Dec/2022:13:07:53 +0800] "GET /xingrg/check_reg.html?_=1672290483599 HTTP/1.1" 302 -
116.230.105.139 - - [29/Dec/2022:13:07:56 +0800] "GET /xingrg/all/function/internal_message.html?_=1672290452538&CODE_STATE=getMsg HTTP/1.1" 200 27
222.64.145.253 - - [29/Dec/2022:13:07:56 +0800] "GET /xingrg/all/function/internal_message.html?_=1672290490958&CODE_STATE=getMsg HTTP/1.1" 200 27
180.169.147.146 - - [29/Dec/2022:13:07:59 +0800] "GET /xingrg/all/function/internal_message.html?_=1672290490310&CODE_STATE=getMsg HTTP/1.1" 200 27
124.79.245.154 - - [29/Dec/2022:13:08:02 +0800] "GET /xingrg/all/function/internal_message.html?_=1672290724543&CODE_STATE=getMsg HTTP/1.1" 200 27
116.238.139.35 - - [29/Dec/2022:13:08:03 +0800] "POST /xingrg/kc/base/wldb_order_operate.html HTTP/1.1" 200 37
116.238.139.35 - - [29/Dec/2022:13:08:05 +0800] "POST /xingrg/kc/base/wldb_order_operate.html HTTP/1.1" 200 12
116.238.139.35 - - [29/Dec/2022:13:08:05 +0800] "POST /xingrg/kc/base/wldb_order_operate.html HTTP/1.1" 200 2192
116.238.139.35 - - [29/Dec/2022:13:08:11 +0800] "GET /xingrg/kc/base/wldb_order_info.html?code=422022122901522 HTTP/1.1" 200 26282
116.238.139.35 - - [29/Dec/2022:13:08:11 +0800] "GET /xingrg/javascript/easyui/themes/default/validatebox.css HTTP/1.1" 404 1104
116.238.139.35 - - [29/Dec/2022:13:08:11 +0800] "POST /xingrg/kc/base/wldb_order_operate.html HTTP/1.1" 200 486
58.37.6.240 - - [29/Dec/2022:13:08:15 +0800] "GET /xingrg/all/function/internal_message.html?_=1672290507682&CODE_STATE=getMsg HTTP/1.1" 200 27
58.37.6.240 - - [29/Dec/2022:13:08:15 +0800] "GET /xingrg/check_reg.html?_=1672290507701 HTTP/1.1" 200 22
180.169.147.146 - - [29/Dec/2022:13:08:16 +0800] "GET /xingrg/all/function/internal_message.html?_=1672290506785&CODE_STATE=getMsg HTTP/1.1" 200 27
116.238.139.35 - - [29/Dec/2022:13:08:16 +0800] "GET /xingrg/kc/base/wldb_order_add.html HTTP/1.1" 200 30398
116.238.139.35 - - [29/Dec/2022:13:08:16 +0800] "POST /xingrg/kc/base/wldb_order_operate.html HTTP/1.1" 200 6806
116.238.139.35 - - [29/Dec/2022:13:08:17 +0800] "GET /xingrg/javascript/easyui/themes/default/validatebox.css HTTP/1.1" 404 1104
116.238.139.35 - - [29/Dec/2022:13:08:18 +0800] "POST /xingrg/all/common/load_combo.html?type=base HTTP/1.1" 200 3227
114.84.38.109 - - [29/Dec/2022:13:08:20 +0800] "GET /xingrg/all/function/internal_message.html?_=1672290524885&CODE_STATE=getMsg HTTP/1.1" 200 27
116.238.139.35 - - [29/Dec/2022:13:08:23 +0800] "GET /xingrg/all/function/internal_message.html?_=1672290436767&CODE_STATE=getMsg HTTP/1.1" 200 27
222.69.192.184 - - [29/Dec/2022:13:08:24 +0800] "GET /xingrg/all/function/internal_message.html?_=1672290515263&CODE_STATE=getMsg HTTP/1.1" 200 27
116.238.139.35 - - [29/Dec/2022:13:08:32 +0800] "GET /xingrg/kc/base/wldb_order_operate.html?command=get_materiel&rest_code=00150&base_code=0010445&code=00101020144 HTTP/1.1" 200 447
124.79.245.154 - - [29/Dec/2022:13:08:33 +0800] "GET /xingrg/all/function/internal_message.html?_=1672290523171&CODE_STATE=getMsg HTTP/1.1" 200 27
114.83.222.182 - - [29/Dec/2022:13:08:37 +0800] "GET /xingrg/all/function/internal_message.html?_=1672290599940&CODE_STATE=getMsg HTTP/1.1" 200 27
116.238.139.35 - - [29/Dec/2022:13:08:40 +0800] "GET /xingrg/kc/base/wldb_order_operate.html?command=get_materiel&rest_code=00150&base_code=0010445&code=00101019258 HTTP/1.1" 200 483
58.40.7.146 - - [29/Dec/2022:13:08:46 +0800] "GET /xingrg/all/function/internal_message.html?_=1672290536329&CODE_STATE=getMsg HTTP/1.1" 302 -
114.84.171.241 - - [29/Dec/2022:13:08:46 +0800] "GET /xingrg/all/function/internal_message.html?_=1672290535332&CODE_STATE=getMsg HTTP/1.1" 200 27
116.238.139.35 - - [29/Dec/2022:13:08:47 +0800] "GET /xingrg/kc/base/wldb_order_operate.html?command=get_materiel&rest_code=00150&base_code=0010445&code=00101019185 HTTP/1.1" 200 469
116.238.139.35 - - [29/Dec/2022:13:08:54 +0800] "GET /xingrg/kc/base/wldb_order_operate.html?command=get_materiel&rest_code=00150&base_code=0010445&code=00101019164 HTTP/1.1" 200 466
116.230.105.139 - - [29/Dec/2022:13:08:56 +0800] "GET /xingrg/all/function/internal_message.html?_=1672290512519&CODE_STATE=getMsg HTTP/1.1" 200 27
222.64.145.253 - - [29/Dec/2022:13:08:56 +0800] "GET /xingrg/all/function/internal_message.html?_=1672290550942&CODE_STATE=getMsg HTTP/1.1" 200 27
116.230.105.139 - - [29/Dec/2022:13:08:58 +0800] "GET /xingrg/check_reg.html?_=1672290514588 HTTP/1.1" 200 22
180.169.147.146 - - [29/Dec/2022:13:08:59 +0800] "GET /xingrg/all/function/internal_message.html?_=1672290550310&CODE_STATE=getMsg HTTP/1.1" 200 27
124.79.245.154 - - [29/Dec/2022:13:09:02 +0800] "GET /xingrg/check_reg.html?_=1672290784539 HTTP/1.1" 200 22
124.79.245.154 - - [29/Dec/2022:13:09:02 +0800] "GET /xingrg/all/function/internal_message.html?_=1672290784540&CODE_STATE=getMsg HTTP/1.1" 200 27
116.238.139.35 - - [29/Dec/2022:13:09:03 +0800] "GET /xingrg/kc/base/wldb_order_operate.html?command=get_materiel&rest_code=00150&base_code=0010445&code=00101019243 HTTP/1.1" 200 466
116.238.139.35 - - [29/Dec/2022:13:09:11 +0800] "GET /xingrg/kc/base/wldb_order_operate.html?command=get_materiel&rest_code=00150&base_code=0010445&code=00101019289 HTTP/1.1" 200 469
58.37.6.240 - - [29/Dec/2022:13:09:15 +0800] "GET /xingrg/all/function/internal_message.html?_=1672290567654&CODE_STATE=getMsg HTTP/1.1" 200 27
180.169.147.146 - - [29/Dec/2022:13:09:16 +0800] "GET /xingrg/all/function/internal_message.html?_=1672290566756&CODE_STATE=getMsg HTTP/1.1" 200 27
116.238.139.35 - - [29/Dec/2022:13:09:18 +0800] "GET /xingrg/kc/base/wldb_order_operate.html?command=get_materiel&rest_code=00150&base_code=0010445&code=00101016086 HTTP/1.1" 200 467
114.84.38.109 - - [29/Dec/2022:13:09:20 +0800] "GET /xingrg/all/function/internal_message.html?_=1672290585379&CODE_STATE=getMsg HTTP/1.1" 200 27
116.238.139.35 - - [29/Dec/2022:13:09:23 +0800] "GET /xingrg/all/function/internal_message.html?_=1672290496780&CODE_STATE=getMsg HTTP/1.1" 200 27
222.69.192.184 - - [29/Dec/2022:13:09:24 +0800] "GET /xingrg/all/function/internal_message.html?_=1672290575241&CODE_STATE=getMsg HTTP/1.1" 200 27
116.238.139.35 - - [29/Dec/2022:13:09:25 +0800] "POST /xingrg/kc/base/wldb_order_operate.html HTTP/1.1" 200 37
116.238.139.35 - - [29/Dec/2022:13:09:27 +0800] "POST /xingrg/kc/base/wldb_order_operate.html HTTP/1.1" 200 12
116.238.139.35 - - [29/Dec/2022:13:09:27 +0800] "POST /xingrg/kc/base/wldb_order_operate.html HTTP/1.1" 200 5210
124.79.245.154 - - [29/Dec/2022:13:09:33 +0800] "GET /xingrg/all/function/internal_message.html?_=1672290583184&CODE_STATE=getMsg HTTP/1.1" 200 27
116.238.139.35 - - [29/Dec/2022:13:09:34 +0800] "GET /xingrg/kc/base/wldb_order_info.html?code=422022122901523 HTTP/1.1" 200 26281
116.238.139.35 - - [29/Dec/2022:13:09:35 +0800] "GET /xingrg/javascript/easyui/themes/default/validatebox.css HTTP/1.1" 404 1104
116.238.139.35 - - [29/Dec/2022:13:09:35 +0800] "POST /xingrg/kc/base/wldb_order_operate.html HTTP/1.1" 200 3438
114.83.222.182 - - [29/Dec/2022:13:09:37 +0800] "GET /xingrg/all/function/internal_message.html?_=1672290659951&CODE_STATE=getMsg HTTP/1.1" 200 27
114.83.222.182 - - [29/Dec/2022:13:09:37 +0800] "GET /xingrg/check_reg.html?_=1672290659953 HTTP/1.1" 200 22
58.40.7.146 - - [29/Dec/2022:13:09:45 +0800] "GET /xingrg/all/function/internal_message.html?_=1672290596310&CODE_STATE=getMsg HTTP/1.1" 302 -
114.84.171.241 - - [29/Dec/2022:13:09:46 +0800] "GET /xingrg/all/function/internal_message.html?_=1672290595330&CODE_STATE=getMsg HTTP/1.1" 200 27
58.40.7.146 - - [29/Dec/2022:13:09:47 +0800] "GET /xingrg/check_reg.html?_=1672290597861 HTTP/1.1" 302 -
116.230.105.139 - - [29/Dec/2022:13:09:56 +0800] "GET /xingrg/all/function/internal_message.html?_=1672290572501&CODE_STATE=getMsg HTTP/1.1" 200 27
222.64.145.253 - - [29/Dec/2022:13:09:56 +0800] "GET /xingrg/all/function/internal_message.html?_=1672290610925&CODE_STATE=getMsg HTTP/1.1" 200 27
180.169.147.146 - - [29/Dec/2022:13:09:59 +0800] "GET /xingrg/all/function/internal_message.html?_=1672290610310&CODE_STATE=getMsg HTTP/1.1" 200 27
124.79.245.154 - - [29/Dec/2022:13:10:02 +0800] "GET /xingrg/all/function/internal_message.html?_=1672290844542&CODE_STATE=getMsg HTTP/1.1" 200 27
114.84.38.109 - - [29/Dec/2022:13:10:05 +0800] "GET /xingrg/check_reg.html?_=1672290630769 HTTP/1.1" 200 22
58.37.6.240 - - [29/Dec/2022:13:10:15 +0800] "GET /xingrg/all/function/internal_message.html?_=1672290627625&CODE_STATE=getMsg HTTP/1.1" 200 27
180.169.147.146 - - [29/Dec/2022:13:10:16 +0800] "GET /xingrg/all/function/internal_message.html?_=1672290626750&CODE_STATE=getMsg HTTP/1.1" 200 27
114.84.38.109 - - [29/Dec/2022:13:10:20 +0800] "GET /xingrg/all/function/internal_message.html?_=1672290645382&CODE_STATE=getMsg HTTP/1.1" 200 27
116.238.139.35 - - [29/Dec/2022:13:10:23 +0800] "GET /xingrg/all/function/internal_message.html?_=1672290556793&CODE_STATE=getMsg HTTP/1.1" 200 27
222.69.192.184 - - [29/Dec/2022:13:10:24 +0800] "GET /xingrg/all/function/internal_message.html?_=1672290635222&CODE_STATE=getMsg HTTP/1.1" 200 27
124.79.245.154 - - [29/Dec/2022:13:10:33 +0800] "GET /xingrg/check_reg.html?_=1672290643175 HTTP/1.1" 200 22
124.79.245.154 - - [29/Dec/2022:13:10:33 +0800] "GET /xingrg/all/function/internal_message.html?_=1672290643178&CODE_STATE=getMsg HTTP/1.1" 200 27
114.83.222.182 - - [29/Dec/2022:13:10:37 +0800] "GET /xingrg/all/function/internal_message.html?_=1672290719946&CODE_STATE=getMsg HTTP/1.1" 200 27
58.40.7.146 - - [29/Dec/2022:13:10:45 +0800] "GET /xingrg/all/function/internal_message.html?_=1672290656285&CODE_STATE=getMsg HTTP/1.1" 302 -
114.84.171.241 - - [29/Dec/2022:13:10:46 +0800] "GET /xingrg/all/function/internal_message.html?_=1672290655330&CODE_STATE=getMsg HTTP/1.1" 200 27
114.84.171.241 - - [29/Dec/2022:13:10:46 +0800] "GET /xingrg/check_reg.html?_=1672290655331 HTTP/1.1" 200 22
116.230.105.139 - - [29/Dec/2022:13:10:56 +0800] "GET /xingrg/all/function/internal_message.html?_=1672290632486&CODE_STATE=getMsg HTTP/1.1" 200 27
222.64.145.253 - - [29/Dec/2022:13:10:56 +0800] "GET /xingrg/all/function/internal_message.html?_=1672290670909&CODE_STATE=getMsg HTTP/1.1" 200 27
180.169.147.146 - - [29/Dec/2022:13:10:59 +0800] "GET /xingrg/all/function/internal_message.html?_=1672290670311&CODE_STATE=getMsg HTTP/1.1" 200 27
180.169.147.146 - - [29/Dec/2022:13:10:59 +0800] "GET /xingrg/check_reg.html?_=1672290670314 HTTP/1.1" 200 22
124.79.245.154 - - [29/Dec/2022:13:11:02 +0800] "GET /xingrg/all/function/internal_message.html?_=1672290904537&CODE_STATE=getMsg HTTP/1.1" 200 27
58.37.6.240 - - [29/Dec/2022:13:11:15 +0800] "GET /xingrg/all/function/internal_message.html?_=1672290687622&CODE_STATE=getMsg HTTP/1.1" 200 27
180.169.147.146 - - [29/Dec/2022:13:11:16 +0800] "GET /xingrg/check_reg.html?_=1672290686627 HTTP/1.1" 200 22
180.169.147.146 - - [29/Dec/2022:13:11:16 +0800] "GET /xingrg/all/function/internal_message.html?_=1672290686736&CODE_STATE=getMsg HTTP/1.1" 200 27
222.64.145.253 - - [29/Dec/2022:13:11:17 +0800] "GET /xingrg/check_reg.html?_=1672290691927 HTTP/1.1" 200 22
114.84.38.109 - - [29/Dec/2022:13:11:20 +0800] "GET /xingrg/all/function/internal_message.html?_=1672290705394&CODE_STATE=getMsg HTTP/1.1" 200 27
116.238.139.35 - - [29/Dec/2022:13:11:23 +0800] "GET /xingrg/check_reg.html?_=1672290616754 HTTP/1.1" 200 22
116.238.139.35 - - [29/Dec/2022:13:11:23 +0800] "GET /xingrg/all/function/internal_message.html?_=1672290616839&CODE_STATE=getMsg HTTP/1.1" 200 27
222.69.192.184 - - [29/Dec/2022:13:11:24 +0800] "GET /xingrg/all/function/internal_message.html?_=1672290695196&CODE_STATE=getMsg HTTP/1.1" 200 27
222.69.192.184 - - [29/Dec/2022:13:11:29 +0800] "GET /xingrg/check_reg.html?_=1672290699971 HTTP/1.1" 200 22
124.79.245.154 - - [29/Dec/2022:13:11:33 +0800] "GET /xingrg/all/function/internal_message.html?_=1672290703184&CODE_STATE=getMsg HTTP/1.1" 200 27
114.83.222.182 - - [29/Dec/2022:13:11:37 +0800] "GET /xingrg/all/function/internal_message.html?_=1672290779941&CODE_STATE=getMsg HTTP/1.1" 200 27
58.40.7.146 - - [29/Dec/2022:13:11:45 +0800] "GET /xingrg/all/function/internal_message.html?_=1672290716256&CODE_STATE=getMsg HTTP/1.1" 302 -
114.84.171.241 - - [29/Dec/2022:13:11:46 +0800] "GET /xingrg/all/function/internal_message.html?_=1672290715330&CODE_STATE=getMsg HTTP/1.1" 200 27
116.230.105.139 - - [29/Dec/2022:13:11:56 +0800] "GET /xingrg/all/function/internal_message.html?_=1672290692467&CODE_STATE=getMsg HTTP/1.1" 200 27
222.64.145.253 - - [29/Dec/2022:13:11:56 +0800] "GET /xingrg/all/function/internal_message.html?_=1672290730896&CODE_STATE=getMsg HTTP/1.1" 200 27
180.169.147.146 - - [29/Dec/2022:13:11:59 +0800] "GET /xingrg/all/function/internal_message.html?_=1672290730313&CODE_STATE=getMsg HTTP/1.1" 200 27
124.79.245.154 - - [29/Dec/2022:13:12:02 +0800] "GET /xingrg/all/function/internal_message.html?_=1672290964538&CODE_STATE=getMsg HTTP/1.1" 200 27
58.37.6.240 - - [29/Dec/2022:13:12:15 +0800] "GET /xingrg/all/function/internal_message.html?_=1672290747592&CODE_STATE=getMsg HTTP/1.1" 200 27
180.169.147.146 - - [29/Dec/2022:13:12:16 +0800] "GET /xingrg/all/function/internal_message.html?_=1672290746716&CODE_STATE=getMsg HTTP/1.1" 200 27
114.84.38.109 - - [29/Dec/2022:13:12:21 +0800] "GET /xingrg/all/function/internal_message.html?_=1672290765910&CODE_STATE=getMsg HTTP/1.1" 200 27
116.238.139.35 - - [29/Dec/2022:13:12:23 +0800] "GET /xingrg/all/function/internal_message.html?_=1672290676852&CODE_STATE=getMsg HTTP/1.1" 200 27
222.69.192.184 - - [29/Dec/2022:13:12:24 +0800] "GET /xingrg/all/function/internal_message.html?_=1672290755167&CODE_STATE=getMsg HTTP/1.1" 200 27
114.88.159.190 - - [29/Dec/2022:13:12:25 +0800] "POST /xingrg/services/DataTransmitService HTTP/1.1" 200 524
124.79.245.154 - - [29/Dec/2022:13:12:33 +0800] "GET /xingrg/all/function/internal_message.html?_=1672290763179&CODE_STATE=getMsg HTTP/1.1" 200 27
114.83.222.182 - - [29/Dec/2022:13:12:37 +0800] "GET /xingrg/all/function/internal_message.html?_=1672290839947&CODE_STATE=getMsg HTTP/1.1" 200 27
58.40.7.146 - - [29/Dec/2022:13:12:45 +0800] "GET /xingrg/all/function/internal_message.html?_=1672290776226&CODE_STATE=getMsg HTTP/1.1" 302 -
114.84.171.241 - - [29/Dec/2022:13:12:46 +0800] "GET /xingrg/all/function/internal_message.html?_=1672290775331&CODE_STATE=getMsg HTTP/1.1" 200 27
58.221.95.50 - - [29/Dec/2022:13:12:53 +0800] "GET /xingrg/check_reg.html?_=1672290783587 HTTP/1.1" 302 -
116.230.105.139 - - [29/Dec/2022:13:12:56 +0800] "GET /xingrg/all/function/internal_message.html?_=1672290752437&CODE_STATE=getMsg HTTP/1.1" 200 27
222.64.145.253 - - [29/Dec/2022:13:12:56 +0800] "GET /xingrg/all/function/internal_message.html?_=1672290790867&CODE_STATE=getMsg HTTP/1.1" 200 27
180.169.147.146 - - [29/Dec/2022:13:12:59 +0800] "GET /xingrg/all/function/internal_message.html?_=1672290790317&CODE_STATE=getMsg HTTP/1.1" 200 27
124.79.245.154 - - [29/Dec/2022:13:13:03 +0800] "GET /xingrg/all/function/internal_message.html?_=1672291024539&CODE_STATE=getMsg HTTP/1.1" 200 27
180.162.115.6 - - [29/Dec/2022:13:13:04 +0800] "GET /xingrg HTTP/1.1" 302 -
180.162.115.6 - - [29/Dec/2022:13:13:05 +0800] "GET /xingrg/ HTTP/1.1" 304 -
180.162.115.6 - - [29/Dec/2022:13:13:07 +0800] "GET /xingrg/index.html HTTP/1.1" 302 -
180.162.115.6 - - [29/Dec/2022:13:13:07 +0800] "GET /xingrg/login.html HTTP/1.1" 200 7641
180.162.115.6 - - [29/Dec/2022:13:13:08 +0800] "GET /xingrg/images/blue/jxLogo.png HTTP/1.1" 304 -
180.162.115.6 - - [29/Dec/2022:13:13:10 +0800] "GET /xingrg/images/blue/login_bg.png HTTP/1.1" 304 -
180.162.115.6 - - [29/Dec/2022:13:13:10 +0800] "GET /xingrg/images/blue/hj.png HTTP/1.1" 304 -
180.162.115.6 - - [29/Dec/2022:13:13:11 +0800] "GET /xingrg/images/blue/srbg.png HTTP/1.1" 304 -
180.162.115.6 - - [29/Dec/2022:13:13:11 +0800] "GET /favicon.ico HTTP/1.1" 404 -
180.162.115.6 - - [29/Dec/2022:13:13:12 +0800] "GET /favicon.ico HTTP/1.1" 404 -
58.37.6.240 - - [29/Dec/2022:13:13:15 +0800] "GET /xingrg/all/function/internal_message.html?_=1672290807562&CODE_STATE=getMsg HTTP/1.1" 200 27
58.37.6.240 - - [29/Dec/2022:13:13:15 +0800] "GET /xingrg/check_reg.html?_=1672290807706 HTTP/1.1" 200 22
180.169.147.146 - - [29/Dec/2022:13:13:16 +0800] "GET /xingrg/all/function/internal_message.html?_=1672290806736&CODE_STATE=getMsg HTTP/1.1" 200 27
114.84.38.109 - - [29/Dec/2022:13:13:21 +0800] "GET /xingrg/all/function/internal_message.html?_=1672290825920&CODE_STATE=getMsg HTTP/1.1" 200 27
116.238.139.35 - - [29/Dec/2022:13:13:23 +0800] "GET /xingrg/all/function/internal_message.html?_=1672290736866&CODE_STATE=getMsg HTTP/1.1" 200 27
222.69.192.184 - - [29/Dec/2022:13:13:24 +0800] "GET /xingrg/all/function/internal_message.html?_=1672290815138&CODE_STATE=getMsg HTTP/1.1" 200 27
124.79.245.154 - - [29/Dec/2022:13:13:33 +0800] "GET /xingrg/all/function/internal_message.html?_=1672290823194&CODE_STATE=getMsg HTTP/1.1" 200 27
180.162.115.6 - - [29/Dec/2022:13:13:36 +0800] "POST /xingrg/login.do HTTP/1.1" 302 -
180.162.115.6 - - [29/Dec/2022:13:13:36 +0800] "GET /xingrg/index.html?sysBaseUrl=http%3A%2F%2F180.169.147.146%3A18081%2Fxingrg%2F&costTime=40×tamp=1672290816341 HTTP/1.1" 200 17179
180.162.115.6 - - [29/Dec/2022:13:13:36 +0800] "GET /xingrg/javascript/jquery_easy_ui/themes/default/easyui.css HTTP/1.1" 304 -
180.162.115.6 - - [29/Dec/2022:13:13:36 +0800] "GET /xingrg/javascript/jquery_easy_ui/themes/icon.css HTTP/1.1" 304 -
180.162.115.6 - - [29/Dec/2022:13:13:36 +0800] "GET /xingrg/css/form.css HTTP/1.1" 304 -
180.162.115.6 - - [29/Dec/2022:13:13:36 +0800] "GET /xingrg/javascript/jquery-1.4.2.min.js HTTP/1.1" 304 -
180.162.115.6 - - [29/Dec/2022:13:13:36 +0800] "GET /xingrg/javascript/jquery_easy_ui/jquery.easyui.min.js HTTP/1.1" 304 -
180.162.115.6 - - [29/Dec/2022:13:13:36 +0800] "GET /xingrg/javascript/jquery_easy_ui/easyui-lang-zh_CN.js HTTP/1.1" 304 -
180.162.115.6 - - [29/Dec/2022:13:13:36 +0800] "GET /xingrg/javascript/jquery.form.js HTTP/1.1" 304 -
180.162.115.6 - - [29/Dec/2022:13:13:36 +0800] "GET /xingrg/javascript/jquery.timers.js HTTP/1.1" 304 -
180.162.115.6 - - [29/Dec/2022:13:13:36 +0800] "GET /xingrg/javascript/jquery.utils.js HTTP/1.1" 304 -
180.162.115.6 - - [29/Dec/2022:13:13:37 +0800] "GET /favicon.ico HTTP/1.1" 404 -
180.162.115.6 - - [29/Dec/2022:13:13:37 +0800] "GET /xingrg/javascript/jquery_easy_ui/themes/icons/settle_new.png HTTP/1.1" 304 -
180.162.115.6 - - [29/Dec/2022:13:13:37 +0800] "GET /xingrg/images/blue/navBackgound.jpg HTTP/1.1" 304 -
114.83.222.182 - - [29/Dec/2022:13:13:37 +0800] "GET /xingrg/all/function/internal_message.html?_=1672290899945&CODE_STATE=getMsg HTTP/1.1" 200 27
180.162.115.6 - - [29/Dec/2022:13:13:37 +0800] "POST /xingrg/all/common/load_tree.html?tree=area_rest_tree_json&manage=1 HTTP/1.1" 200 351
180.162.115.6 - - [29/Dec/2022:13:13:38 +0800] "GET /xingrg/check_reg.html?_=1672289824840 HTTP/1.1" 200 22
180.162.115.6 - - [29/Dec/2022:13:13:38 +0800] "GET /xingrg/all/function/internal_message.html?_=1672289824838&CODE_STATE=count HTTP/1.1" 200 11
180.162.115.6 - - [29/Dec/2022:13:13:38 +0800] "GET /xingrg/images/blue/pingpu.png HTTP/1.1" 304 -
180.162.115.6 - - [29/Dec/2022:13:13:38 +0800] "GET /xingrg/javascript/jquery_easy_ui/themes/default/images/tabs_leftarrow.png HTTP/1.1" 304 -
180.162.115.6 - - [29/Dec/2022:13:13:38 +0800] "GET /xingrg/javascript/jquery_easy_ui/themes/default/images/tabs_rightarrow.png HTTP/1.1" 304 -
180.162.115.6 - - [29/Dec/2022:13:13:38 +0800] "GET /xingrg/javascript/jquery_easy_ui/themes/default/images/panel_tool_collapse.gif HTTP/1.1" 304 -
180.162.115.6 - - [29/Dec/2022:13:13:39 +0800] "POST /xingrg/load_menu.html HTTP/1.1" 200 5138
180.162.115.6 - - [29/Dec/2022:13:13:39 +0800] "GET /xingrg/javascript/jquery_easy_ui/themes/default/images/tree_arrows.gif HTTP/1.1" 304 -
180.162.115.6 - - [29/Dec/2022:13:13:39 +0800] "GET /xingrg/javascript/jquery_easy_ui/themes/default/images/tree_folder_open.gif HTTP/1.1" 304 -
180.162.115.6 - - [29/Dec/2022:13:13:39 +0800] "GET /xingrg/javascript/jquery_easy_ui/themes/icons/search_new.png HTTP/1.1" 304 -
180.162.115.6 - - [29/Dec/2022:13:13:39 +0800] "GET /xingrg/javascript/jquery_easy_ui/themes/default/images/tree_folder.gif HTTP/1.1" 304 -
180.162.115.6 - - [29/Dec/2022:13:13:39 +0800] "GET /xingrg/javascript/jquery_easy_ui/themes/icons/storage_new.png HTTP/1.1" 304 -
180.162.115.6 - - [29/Dec/2022:13:13:39 +0800] "GET /xingrg/javascript/jquery_easy_ui/themes/icons/forms_new.png HTTP/1.1" 304 -
180.162.115.6 - - [29/Dec/2022:13:13:39 +0800] "GET /xingrg/javascript/jquery_easy_ui/themes/default/images/tree_file.gif HTTP/1.1" 304 -
58.40.7.146 - - [29/Dec/2022:13:13:45 +0800] "GET /xingrg/all/function/internal_message.html?_=1672290836202&CODE_STATE=getMsg HTTP/1.1" 302 -
180.162.115.6 - - [29/Dec/2022:13:13:46 +0800] "GET /xingrg/javascript/jquery_easy_ui/themes/default/images/button_plain_hover.png HTTP/1.1" 304 -
114.84.171.241 - - [29/Dec/2022:13:13:46 +0800] "GET /xingrg/all/function/internal_message.html?_=1672290835331&CODE_STATE=getMsg HTTP/1.1" 200 27
180.162.115.6 - - [29/Dec/2022:13:13:49 +0800] "GET /xingrg/kc/buy/buy_main.html HTTP/1.1" 200 12412
180.162.115.6 - - [29/Dec/2022:13:13:49 +0800] "GET /xingrg/javascript/jquery_easy_ui/themes/default/images/tabs_close.gif HTTP/1.1" 304 -
180.162.115.6 - - [29/Dec/2022:13:13:49 +0800] "GET /xingrg/css/new_ie.css HTTP/1.1" 404 1036
180.162.115.6 - - [29/Dec/2022:13:13:49 +0800] "GET /xingrg/css/blue.css HTTP/1.1" 304 -
180.162.115.6 - - [29/Dec/2022:13:13:49 +0800] "GET /xingrg/javascript/jquery_ui/themes/humanity/humanity.css HTTP/1.1" 304 -
180.162.115.6 - - [29/Dec/2022:13:13:49 +0800] "GET /xingrg/javascript/pic_change.js HTTP/1.1" 304 -
180.162.115.6 - - [29/Dec/2022:13:13:49 +0800] "GET /xingrg/javascript/ToolTips.js HTTP/1.1" 304 -
180.162.115.6 - - [29/Dec/2022:13:13:49 +0800] "GET /xingrg/javascript/myfunction.js HTTP/1.1" 304 -
180.162.115.6 - - [29/Dec/2022:13:13:49 +0800] "GET /xingrg/javascript/jquery_ui/jquery-ui.min.js HTTP/1.1" 304 -
180.162.115.6 - - [29/Dec/2022:13:13:49 +0800] "GET /xingrg/images/blue/button/cgxqd.gif HTTP/1.1" 304 -
180.162.115.6 - - [29/Dec/2022:13:13:49 +0800] "GET /xingrg/images/blue/button/cgydd.gif HTTP/1.1" 304 -
180.162.115.6 - - [29/Dec/2022:13:13:49 +0800] "GET /xingrg/images/blue/button/cgshd.gif HTTP/1.1" 304 -
180.162.115.6 - - [29/Dec/2022:13:13:49 +0800] "GET /xingrg/images/blue/button/cgfkd.gif HTTP/1.1" 304 -
180.162.115.6 - - [29/Dec/2022:13:13:49 +0800] "GET /xingrg/images/blue/button/kc.gif HTTP/1.1" 304 -
180.162.115.6 - - [29/Dec/2022:13:13:50 +0800] "GET /xingrg/images/blue/button/ckthd.gif HTTP/1.1" 304 -
180.162.115.6 - - [29/Dec/2022:13:13:50 +0800] "GET /xingrg/images/blue/pic_form2.gif HTTP/1.1" 304 -
180.162.115.6 - - [29/Dec/2022:13:13:50 +0800] "GET /xingrg/javascript/jquery_ui/themes/humanity/images/ui-bg_inset-soft_100_f4f0ec_1x100.png HTTP/1.1" 304 -
180.162.115.6 - - [29/Dec/2022:13:13:50 +0800] "GET /xingrg/images/blue/button/right_ah.jpg HTTP/1.1" 304 -
180.162.115.6 - - [29/Dec/2022:13:13:50 +0800] "GET /xingrg/images/blue/bg_dotted.jpg HTTP/1.1" 304 -
180.162.115.6 - - [29/Dec/2022:13:13:50 +0800] "GET /xingrg/images/blue/button/down_ah.jpg HTTP/1.1" 304 -
180.162.115.6 - - [29/Dec/2022:13:13:50 +0800] "GET /xingrg/javascript/jquery_ui/themes/humanity/images/ui-icons_ffffff_256x240.png HTTP/1.1" 304 -
180.162.115.6 - - [29/Dec/2022:13:13:50 +0800] "GET /xingrg/javascript/jquery_ui/themes/humanity/images/ui-iconsnew.jpg HTTP/1.1" 304 -
180.162.115.6 - - [29/Dec/2022:13:13:50 +0800] "GET /xingrg/javascript/jquery_ui/themes/humanity/images/ui-icons_c47a23_256x240.png HTTP/1.1" 304 -
180.162.115.6 - - [29/Dec/2022:13:13:50 +0800] "GET /xingrg/javascript/jquery_ui/themes/humanity/images/ui-bg_glass_70_ede4d4_1x400.png HTTP/1.1" 304 -
180.162.115.6 - - [29/Dec/2022:13:13:51 +0800] "GET /xingrg/images/yd/bt.gif HTTP/1.1" 404 1040
180.162.115.6 - - [29/Dec/2022:13:13:52 +0800] "GET /xingrg/kc/buy/cgsh_order_list.html HTTP/1.1" 200 54084
180.162.115.6 - - [29/Dec/2022:13:13:52 +0800] "GET /xingrg/css/base.css HTTP/1.1" 304 -
180.162.115.6 - - [29/Dec/2022:13:13:52 +0800] "GET /xingrg/css/site.css HTTP/1.1" 304 -
180.162.115.6 - - [29/Dec/2022:13:13:52 +0800] "GET /xingrg/javascript/jquery_tools/datebox.css HTTP/1.1" 304 -
180.162.115.6 - - [29/Dec/2022:13:13:52 +0800] "GET /xingrg/javascript/easyui/themes/icon.css HTTP/1.1" 304 -
180.162.115.6 - - [29/Dec/2022:13:13:52 +0800] "GET /xingrg/javascript/easyui/themes/default/easyui.css HTTP/1.1" 304 -
180.162.115.6 - - [29/Dec/2022:13:13:52 +0800] "GET /xingrg/javascript/auto/jquery.autocomplete.css HTTP/1.1" 304 -
180.162.115.6 - - [29/Dec/2022:13:13:52 +0800] "GET /xingrg/javascript/jquery_tools/fix.css HTTP/1.1" 304 -
180.162.115.6 - - [29/Dec/2022:13:13:52 +0800] "GET /xingrg/javascript/jquery_tools/jquery.tools.min.js HTTP/1.1" 304 -
180.162.115.6 - - [29/Dec/2022:13:13:52 +0800] "GET /xingrg/javascript/jquery_tools/table.css HTTP/1.1" 304 -
180.162.115.6 - - [29/Dec/2022:13:13:52 +0800] "GET /xingrg/javascript/jquery_tools/jquery.tools.extend.js HTTP/1.1" 304 -
180.162.115.6 - - [29/Dec/2022:13:13:52 +0800] "GET /xingrg/javascript/jquery_tools/jquery.tools.hotkey.js HTTP/1.1" 304 -
180.162.115.6 - - [29/Dec/2022:13:13:52 +0800] "GET /xingrg/javascript/jquery_tools/jquery.tools.table.js HTTP/1.1" 304 -
180.162.115.6 - - [29/Dec/2022:13:13:52 +0800] "GET /xingrg/javascript/jquery_tools/list_manager.js HTTP/1.1" 304 -
180.162.115.6 - - [29/Dec/2022:13:13:52 +0800] "GET /xingrg/javascript/auto/jquery.autocomplete.js HTTP/1.1" 304 -
180.162.115.6 - - [29/Dec/2022:13:13:52 +0800] "GET /xingrg/javascript/easyui/easyloader.js HTTP/1.1" 304 -
180.162.115.6 - - [29/Dec/2022:13:13:52 +0800] "GET /xingrg/javascript/jquery.cookie.js HTTP/1.1" 304 -
180.162.115.6 - - [29/Dec/2022:13:13:52 +0800] "GET /xingrg/javascript/print/LodopFuncs.js HTTP/1.1" 304 -
180.162.115.6 - - [29/Dec/2022:13:13:52 +0800] "GET /xingrg/javascript/easyui/themes/icons/check_new.png HTTP/1.1" 304 -
180.162.115.6 - - [29/Dec/2022:13:13:52 +0800] "GET /xingrg/javascript/easyui/themes/icons/cance_new.png HTTP/1.1" 304 -
180.162.115.6 - - [29/Dec/2022:13:13:52 +0800] "GET /xingrg/javascript/easyui/themes/icons/field_new.png HTTP/1.1" 304 -
180.162.115.6 - - [29/Dec/2022:13:13:52 +0800] "GET /xingrg/javascript/easyui/themes/icons/edit_add_new.png HTTP/1.1" 304 -
180.162.115.6 - - [29/Dec/2022:13:13:52 +0800] "GET /xingrg/javascript/easyui/themes/icons/import_new.png HTTP/1.1" 304 -
180.162.115.6 - - [29/Dec/2022:13:13:52 +0800] "GET /xingrg/javascript/easyui/plugins/jquery.parser.js HTTP/1.1" 304 -
180.162.115.6 - - [29/Dec/2022:13:13:52 +0800] "GET /xingrg/images/control/ajaxLoader.gif HTTP/1.1" 304 -
180.162.115.6 - - [29/Dec/2022:13:13:55 +0800] "POST /xingrg/kc/buy/cgsh_list_operate.html HTTP/1.1" 200 1875
116.230.105.139 - - [29/Dec/2022:13:13:56 +0800] "GET /xingrg/all/function/internal_message.html?_=1672290812418&CODE_STATE=getMsg HTTP/1.1" 200 27
222.64.145.253 - - [29/Dec/2022:13:13:56 +0800] "GET /xingrg/all/function/internal_message.html?_=1672290850853&CODE_STATE=getMsg HTTP/1.1" 200 27
180.162.115.6 - - [29/Dec/2022:13:13:57 +0800] "POST /xingrg/kc/buy/cgsh_list_operate.html HTTP/1.1" 200 576
180.162.115.6 - - [29/Dec/2022:13:13:58 +0800] "GET /xingrg/kc/buy/cgsh_order_info.html?code=212022121905128 HTTP/1.1" 200 68947
180.162.115.6 - - [29/Dec/2022:13:13:58 +0800] "GET /xingrg/javascript/jquery_tools/order_manager.js HTTP/1.1" 304 -
180.162.115.6 - - [29/Dec/2022:13:13:58 +0800] "GET /xingrg/javascript/convert.js HTTP/1.1" 304 -
180.162.115.6 - - [29/Dec/2022:13:13:58 +0800] "GET /xingrg/javascript/json2.js HTTP/1.1" 304 -
180.162.115.6 - - [29/Dec/2022:13:13:58 +0800] "GET /xingrg/javascript/print/kc_print.js HTTP/1.1" 304 -
180.162.115.6 - - [29/Dec/2022:13:13:58 +0800] "GET /xingrg/words/20221229121016_words.js HTTP/1.1" 200 940018
116.230.105.139 - - [29/Dec/2022:13:13:58 +0800] "GET /xingrg/check_reg.html?_=1672290814594 HTTP/1.1" 200 22
180.162.115.6 - - [29/Dec/2022:13:13:58 +0800] "GET /xingrg/javascript/easyui/themes/default/images/menu_downarrow.png HTTP/1.1" 304 -
180.162.115.6 - - [29/Dec/2022:13:13:58 +0800] "GET /xingrg/javascript/easyui/themes/icons/ok.png HTTP/1.1" 304 -
180.162.115.6 - - [29/Dec/2022:13:13:58 +0800] "GET /xingrg/javascript/easyui/themes/icons/print.png HTTP/1.1" 304 -
180.162.115.6 - - [29/Dec/2022:13:13:58 +0800] "GET /xingrg/javascript/easyui/themes/icons/template_new.png HTTP/1.1" 304 -
180.162.115.6 - - [29/Dec/2022:13:13:58 +0800] "GET /xingrg/javascript/easyui/themes/icons/copy_new.png HTTP/1.1" 304 -
180.162.115.6 - - [29/Dec/2022:13:13:58 +0800] "GET /xingrg/javascript/easyui/themes/icons/cancel.png HTTP/1.1" 304 -
180.162.115.6 - - [29/Dec/2022:13:13:59 +0800] "GET /xingrg/javascript/easyui/themes/default/validatebox.css HTTP/1.1" 404 1104
180.162.115.6 - - [29/Dec/2022:13:13:59 +0800] "GET /xingrg/all/common/auto_word.html?type=employee&rest_code=00143 HTTP/1.1" 200 55
180.162.115.6 - - [29/Dec/2022:13:13:59 +0800] "GET /xingrg/javascript/easyui/plugins/jquery.validatebox.js HTTP/1.1" 304 -
180.162.115.6 - - [29/Dec/2022:13:13:59 +0800] "GET /xingrg/all/common/auto_word.html?type=employee&rest_code=00143 HTTP/1.1" 200 55
180.162.115.6 - - [29/Dec/2022:13:13:59 +0800] "GET /xingrg/javascript/easyui/plugins/jquery.numberbox.js HTTP/1.1" 304 -
180.169.147.146 - - [29/Dec/2022:13:13:59 +0800] "GET /xingrg/all/function/internal_message.html?_=1672290850315&CODE_STATE=getMsg HTTP/1.1" 200 27
180.162.115.6 - - [29/Dec/2022:13:13:59 +0800] "POST /xingrg/kc/buy/cgsh_order_operate.html HTTP/1.1" 200 12787
180.162.115.6 - - [29/Dec/2022:13:13:59 +0800] "GET /xingrg/javascript/easyui/themes/icons/edit_remove.png HTTP/1.1" 304 -
124.79.245.154 - - [29/Dec/2022:13:14:02 +0800] "GET /xingrg/all/function/internal_message.html?_=1672291084531&CODE_STATE=getMsg HTTP/1.1" 200 27
124.79.245.154 - - [29/Dec/2022:13:14:03 +0800] "GET /xingrg/check_reg.html?_=1672291084532 HTTP/1.1" 200 22
180.162.115.6 - - [29/Dec/2022:13:14:12 +0800] "GET /xingrg/javascript/auto/indicator.gif HTTP/1.1" 404 1066
58.37.6.240 - - [29/Dec/2022:13:14:15 +0800] "GET /xingrg/all/function/internal_message.html?_=1672290867536&CODE_STATE=getMsg HTTP/1.1" 200 27
180.169.147.146 - - [29/Dec/2022:13:14:16 +0800] "GET /xingrg/all/function/internal_message.html?_=1672290866716&CODE_STATE=getMsg HTTP/1.1" 200 27
114.84.38.109 - - [29/Dec/2022:13:14:22 +0800] "GET /xingrg/all/function/internal_message.html?_=1672290886882&CODE_STATE=getMsg HTTP/1.1" 200 27
180.162.115.6 - - [29/Dec/2022:13:14:22 +0800] "GET /xingrg/kc/buy/cgsh_order_operate.html?command=get_materiel&rest_code=00143&code=00101002017&supplier_code=00100207&order_time=2022-12-27 HTTP/1.1" 200 431
116.238.139.35 - - [29/Dec/2022:13:14:23 +0800] "GET /xingrg/all/function/internal_message.html?_=1672290796926&CODE_STATE=getMsg HTTP/1.1" 200 27
222.69.192.184 - - [29/Dec/2022:13:14:24 +0800] "GET /xingrg/all/function/internal_message.html?_=1672290875135&CODE_STATE=getMsg HTTP/1.1" 200 27
124.79.245.154 - - [29/Dec/2022:13:14:33 +0800] "GET /xingrg/all/function/internal_message.html?_=1672290883200&CODE_STATE=getMsg HTTP/1.1" 200 27
114.83.222.182 - - [29/Dec/2022:13:14:37 +0800] "GET /xingrg/all/function/internal_message.html?_=1672290959935&CODE_STATE=getMsg HTTP/1.1" 200 27
114.83.222.182 - - [29/Dec/2022:13:14:37 +0800] "GET /xingrg/check_reg.html?_=1672290959936 HTTP/1.1" 200 22
180.162.115.6 - - [29/Dec/2022:13:14:38 +0800] "GET /xingrg/all/function/internal_message.html?_=1672289884846&CODE_STATE=getMsg HTTP/1.1" 200 27
58.40.7.146 - - [29/Dec/2022:13:14:45 +0800] "GET /xingrg/all/function/internal_message.html?_=1672290896174&CODE_STATE=getMsg HTTP/1.1" 302 -
