117.136.75.35 - - [29/Dec/2022:10:07:46 +0800] "POST /xingrg/dwr/call/plaincall/AjaxYddbService.saveOrder.dwr HTTP/1.1" 200 78
117.136.75.35 - - [29/Dec/2022:10:07:50 +0800] "GET /xingrg/javascript/jquery_easy_ui/themes/default/images/button_plain_hover.png HTTP/1.1" 200 252
117.136.75.35 - - [29/Dec/2022:10:07:53 +0800] "POST /xingrg/dwr/call/plaincall/AjaxYddbService.objCheckOrder.dwr HTTP/1.1" 200 78
114.84.38.109 - - [29/Dec/2022:10:07:57 +0800] "GET /xingrg/all/function/internal_message.html?_=1672279702174&CODE_STATE=getMsg HTTP/1.1" 200 27
116.238.139.35 - - [29/Dec/2022:10:07:58 +0800] "GET /xingrg/all/function/internal_message.html?_=1672279611919&CODE_STATE=getMsg HTTP/1.1" 200 27
116.230.105.139 - - [29/Dec/2022:10:07:58 +0800] "GET /xingrg/all/function/internal_message.html?_=1672279654579&CODE_STATE=getMsg HTTP/1.1" 200 27
222.64.145.253 - - [29/Dec/2022:10:07:59 +0800] "GET /xingrg/all/function/internal_message.html?_=1672279693892&CODE_STATE=getMsg HTTP/1.1" 200 27
124.79.245.154 - - [29/Dec/2022:10:08:02 +0800] "GET /xingrg/all/function/internal_message.html?_=1672279924258&CODE_STATE=getMsg HTTP/1.1" 200 27
180.169.147.146 - - [29/Dec/2022:10:08:16 +0800] "GET /xingrg/all/function/internal_message.html?_=1672279706563&CODE_STATE=getMsg HTTP/1.1" 200 27
114.83.222.182 - - [29/Dec/2022:10:08:18 +0800] "GET /xingrg/all/function/internal_message.html?_=1672279780155&CODE_STATE=getMsg HTTP/1.1" 200 27
222.69.192.184 - - [29/Dec/2022:10:08:28 +0800] "GET /xingrg/all/function/internal_message.html?_=1672279719555&CODE_STATE=getMsg HTTP/1.1" 200 27
117.136.75.35 - - [29/Dec/2022:10:08:31 +0800] "GET /xingrg/all/function/internal_message.html?_=1672279724368&CODE_STATE=getMsg HTTP/1.1" 200 27
117.136.75.35 - - [29/Dec/2022:10:08:31 +0800] "GET /xingrg/kc/base/yddb_order_info.html?code=482022121500080 HTTP/1.1" 200 30221
117.136.75.35 - - [29/Dec/2022:10:08:31 +0800] "GET /xingrg/dwr/interface/AjaxYddbService.js HTTP/1.1" 200 13201
117.136.75.35 - - [29/Dec/2022:10:08:31 +0800] "GET /xingrg/dwr/interface/AjaxComOrderService.js HTTP/1.1" 200 18264
117.136.75.35 - - [29/Dec/2022:10:08:31 +0800] "GET /xingrg/dwr/engine.js HTTP/1.1" 200 43631
117.136.75.35 - - [29/Dec/2022:10:08:31 +0800] "POST /xingrg/dwr/call/plaincall/AjaxYddbService.loadMaterielItems.dwr HTTP/1.1" 200 1031
58.37.6.240 - - [29/Dec/2022:10:08:32 +0800] "POST /xingrg/kc/buy/cgsh_order_operate.html HTTP/1.1" 200 37
124.79.245.154 - - [29/Dec/2022:10:08:33 +0800] "GET /xingrg/all/function/internal_message.html?_=1672279723182&CODE_STATE=getMsg HTTP/1.1" 200 27
58.37.6.240 - - [29/Dec/2022:10:08:34 +0800] "POST /xingrg/kc/buy/cgsh_order_operate.html HTTP/1.1" 200 3239
58.37.6.240 - - [29/Dec/2022:10:08:41 +0800] "GET /xingrg/all/function/internal_message.html?_=1672279733950&CODE_STATE=getMsg HTTP/1.1" 200 27
58.40.7.146 - - [29/Dec/2022:10:08:43 +0800] "GET /xingrg/all/function/internal_message.html?_=1672279733673&CODE_STATE=getMsg HTTP/1.1" 302 -
58.40.7.146 - - [29/Dec/2022:10:08:43 +0800] "GET /xingrg/check_reg.html?_=1672279734190 HTTP/1.1" 302 -
114.84.38.109 - - [29/Dec/2022:10:08:57 +0800] "GET /xingrg/all/function/internal_message.html?_=1672279762173&CODE_STATE=getMsg HTTP/1.1" 200 27
116.238.139.35 - - [29/Dec/2022:10:08:58 +0800] "GET /xingrg/all/function/internal_message.html?_=1672279671970&CODE_STATE=getMsg HTTP/1.1" 200 27
116.230.105.139 - - [29/Dec/2022:10:08:58 +0800] "GET /xingrg/check_reg.html?_=1672279714597 HTTP/1.1" 200 22
116.230.105.139 - - [29/Dec/2022:10:08:58 +0800] "GET /xingrg/all/function/internal_message.html?_=1672279714595&CODE_STATE=getMsg HTTP/1.1" 200 27
222.64.145.253 - - [29/Dec/2022:10:08:59 +0800] "GET /xingrg/all/function/internal_message.html?_=1672279753877&CODE_STATE=getMsg HTTP/1.1" 200 27
124.79.245.154 - - [29/Dec/2022:10:09:02 +0800] "GET /xingrg/all/function/internal_message.html?_=1672279984256&CODE_STATE=getMsg HTTP/1.1" 200 27
124.79.245.154 - - [29/Dec/2022:10:09:02 +0800] "GET /xingrg/check_reg.html?_=1672279984258 HTTP/1.1" 200 22
180.169.147.146 - - [29/Dec/2022:10:09:16 +0800] "GET /xingrg/all/function/internal_message.html?_=1672279766568&CODE_STATE=getMsg HTTP/1.1" 200 27
114.83.222.182 - - [29/Dec/2022:10:09:18 +0800] "GET /xingrg/all/function/internal_message.html?_=1672279840161&CODE_STATE=getMsg HTTP/1.1" 200 27
222.69.192.184 - - [29/Dec/2022:10:09:28 +0800] "GET /xingrg/all/function/internal_message.html?_=1672279779527&CODE_STATE=getMsg HTTP/1.1" 200 27
124.79.245.154 - - [29/Dec/2022:10:09:33 +0800] "GET /xingrg/all/function/internal_message.html?_=1672279783176&CODE_STATE=getMsg HTTP/1.1" 200 27
58.37.6.240 - - [29/Dec/2022:10:09:41 +0800] "GET /xingrg/all/function/internal_message.html?_=1672279793935&CODE_STATE=getMsg HTTP/1.1" 200 27
58.37.6.240 - - [29/Dec/2022:10:09:42 +0800] "GET /xingrg/check_reg.html?_=1672279794156 HTTP/1.1" 200 22
58.40.7.146 - - [29/Dec/2022:10:09:43 +0800] "GET /xingrg/all/function/internal_message.html?_=1672279793663&CODE_STATE=getMsg HTTP/1.1" 302 -
114.83.222.182 - - [29/Dec/2022:10:09:54 +0800] "GET /xingrg/javascript/jquery_easy_ui/themes/default/images/tabs_close.gif HTTP/1.1" 200 829
114.83.222.182 - - [29/Dec/2022:10:09:54 +0800] "GET /xingrg/css/site.css HTTP/1.1" 200 7541
114.83.222.182 - - [29/Dec/2022:10:09:54 +0800] "GET /xingrg/css/base.css HTTP/1.1" 200 2811
114.83.222.182 - - [29/Dec/2022:10:09:54 +0800] "GET /xingrg/javascript/jquery_tools/datebox.css HTTP/1.1" 200 2597
114.83.222.182 - - [29/Dec/2022:10:09:54 +0800] "GET /xingrg/kc/base/yddb_order_list.html HTTP/1.1" 200 16713
114.83.222.182 - - [29/Dec/2022:10:09:54 +0800] "GET /xingrg/javascript/jquery_tools/fix.css HTTP/1.1" 200 1702
114.83.222.182 - - [29/Dec/2022:10:09:54 +0800] "GET /xingrg/javascript/auto/jquery.autocomplete.css HTTP/1.1" 200 587
114.83.222.182 - - [29/Dec/2022:10:09:54 +0800] "GET /xingrg/javascript/easyui/themes/icon.css HTTP/1.1" 200 4483
114.83.222.182 - - [29/Dec/2022:10:09:54 +0800] "GET /xingrg/javascript/jquery_tools/table.css HTTP/1.1" 200 1032
114.83.222.182 - - [29/Dec/2022:10:09:54 +0800] "GET /xingrg/javascript/jquery_tools/jquery.tools.min.js HTTP/1.1" 200 138801
114.83.222.182 - - [29/Dec/2022:10:09:54 +0800] "GET /xingrg/javascript/jquery_tools/jquery.tools.hotkey.js HTTP/1.1" 200 3242
114.83.222.182 - - [29/Dec/2022:10:09:54 +0800] "GET /xingrg/javascript/jquery_tools/jquery.tools.table.js HTTP/1.1" 200 6994
114.83.222.182 - - [29/Dec/2022:10:09:54 +0800] "GET /xingrg/javascript/jquery_tools/list_manager.js HTTP/1.1" 200 3652
114.83.222.182 - - [29/Dec/2022:10:09:54 +0800] "GET /xingrg/javascript/jquery_tools/jquery.tools.extend.js HTTP/1.1" 200 15385
114.83.222.182 - - [29/Dec/2022:10:09:54 +0800] "GET /xingrg/javascript/easyui/easyloader.js HTTP/1.1" 200 5975
114.83.222.182 - - [29/Dec/2022:10:09:54 +0800] "GET /xingrg/javascript/jquery.cookie.js HTTP/1.1" 200 5513
114.83.222.182 - - [29/Dec/2022:10:09:54 +0800] "GET /xingrg/javascript/print/LodopFuncs.js HTTP/1.1" 200 5121
114.83.222.182 - - [29/Dec/2022:10:09:54 +0800] "GET /xingrg/javascript/easyui/themes/default/easyui.css HTTP/1.1" 200 30432
114.83.222.182 - - [29/Dec/2022:10:09:54 +0800] "GET /xingrg/javascript/jquery.utils.js HTTP/1.1" 200 11805
114.83.222.182 - - [29/Dec/2022:10:09:54 +0800] "GET /xingrg/javascript/auto/jquery.autocomplete.js HTTP/1.1" 200 21624
114.83.222.182 - - [29/Dec/2022:10:09:54 +0800] "GET /xingrg/javascript/easyui/themes/icons/field_new.png HTTP/1.1" 200 1097
114.83.222.182 - - [29/Dec/2022:10:09:54 +0800] "GET /xingrg/javascript/easyui/themes/icons/edit_add_new.png HTTP/1.1" 200 2997
114.83.222.182 - - [29/Dec/2022:10:09:54 +0800] "GET /xingrg/javascript/easyui/themes/icons/import_new.png HTTP/1.1" 200 1247
114.83.222.182 - - [29/Dec/2022:10:09:54 +0800] "GET /xingrg/javascript/easyui/plugins/jquery.parser.js HTTP/1.1" 200 1142
114.83.222.182 - - [29/Dec/2022:10:09:54 +0800] "GET /xingrg/images/control/ajaxLoader.gif HTTP/1.1" 200 4659
114.83.222.182 - - [29/Dec/2022:10:09:55 +0800] "POST /xingrg/kc/base/yddb_list_operate.html HTTP/1.1" 200 636
116.238.139.35 - - [29/Dec/2022:10:09:58 +0800] "GET /xingrg/all/function/internal_message.html?_=1672279731978&CODE_STATE=getMsg HTTP/1.1" 200 27
114.84.38.109 - - [29/Dec/2022:10:09:58 +0800] "GET /xingrg/all/function/internal_message.html?_=1672279822453&CODE_STATE=getMsg HTTP/1.1" 200 27
116.230.105.139 - - [29/Dec/2022:10:09:58 +0800] "GET /xingrg/all/function/internal_message.html?_=1672279774586&CODE_STATE=getMsg HTTP/1.1" 200 27
114.83.222.182 - - [29/Dec/2022:10:09:59 +0800] "POST /xingrg/kc/base/yddb_list_operate.html HTTP/1.1" 200 636
222.64.145.253 - - [29/Dec/2022:10:09:59 +0800] "GET /xingrg/all/function/internal_message.html?_=1672279813864&CODE_STATE=getMsg HTTP/1.1" 200 27
114.84.38.109 - - [29/Dec/2022:10:10:00 +0800] "GET /xingrg/check_reg.html?_=1672279825330 HTTP/1.1" 200 22
114.83.222.182 - - [29/Dec/2022:10:10:01 +0800] "GET /xingrg/javascript/easyui/themes/default/images/button_plain_hover.png HTTP/1.1" 200 144
124.79.245.154 - - [29/Dec/2022:10:10:02 +0800] "GET /xingrg/all/function/internal_message.html?_=1672280044256&CODE_STATE=getMsg HTTP/1.1" 200 27
180.169.147.146 - - [29/Dec/2022:10:10:16 +0800] "GET /xingrg/all/function/internal_message.html?_=1672279826564&CODE_STATE=getMsg HTTP/1.1" 200 27
114.83.222.182 - - [29/Dec/2022:10:10:18 +0800] "GET /xingrg/all/function/internal_message.html?_=1672279900162&CODE_STATE=getMsg HTTP/1.1" 200 27
222.69.192.184 - - [29/Dec/2022:10:10:28 +0800] "GET /xingrg/all/function/internal_message.html?_=1672279839503&CODE_STATE=getMsg HTTP/1.1" 200 27
124.79.245.154 - - [29/Dec/2022:10:10:33 +0800] "GET /xingrg/check_reg.html?_=1672279843193 HTTP/1.1" 200 22
124.79.245.154 - - [29/Dec/2022:10:10:33 +0800] "GET /xingrg/all/function/internal_message.html?_=1672279843192&CODE_STATE=getMsg HTTP/1.1" 200 27
58.37.6.240 - - [29/Dec/2022:10:10:41 +0800] "GET /xingrg/all/function/internal_message.html?_=1672279853916&CODE_STATE=getMsg HTTP/1.1" 200 27
58.40.7.146 - - [29/Dec/2022:10:10:43 +0800] "GET /xingrg/all/function/internal_message.html?_=1672279853652&CODE_STATE=getMsg HTTP/1.1" 302 -
58.37.6.240 - - [29/Dec/2022:10:10:51 +0800] "POST /xingrg/kc/buy/cgsh_order_operate.html HTTP/1.1" 200 37
58.37.6.240 - - [29/Dec/2022:10:10:53 +0800] "POST /xingrg/kc/buy/cgsh_order_operate.html HTTP/1.1" 200 3239
116.238.139.35 - - [29/Dec/2022:10:10:57 +0800] "GET /xingrg/check_reg.html?_=1672279791435 HTTP/1.1" 200 22
116.238.139.35 - - [29/Dec/2022:10:10:58 +0800] "GET /xingrg/all/function/internal_message.html?_=1672279791991&CODE_STATE=getMsg HTTP/1.1" 200 27
114.84.38.109 - - [29/Dec/2022:10:10:58 +0800] "GET /xingrg/all/function/internal_message.html?_=1672279882465&CODE_STATE=getMsg HTTP/1.1" 200 27
116.230.105.139 - - [29/Dec/2022:10:10:58 +0800] "GET /xingrg/all/function/internal_message.html?_=1672279834593&CODE_STATE=getMsg HTTP/1.1" 200 27
222.64.145.253 - - [29/Dec/2022:10:10:59 +0800] "GET /xingrg/all/function/internal_message.html?_=1672279873848&CODE_STATE=getMsg HTTP/1.1" 200 27
124.79.245.154 - - [29/Dec/2022:10:11:02 +0800] "GET /xingrg/all/function/internal_message.html?_=1672280104254&CODE_STATE=getMsg HTTP/1.1" 200 27
180.169.147.146 - - [29/Dec/2022:10:11:16 +0800] "GET /xingrg/check_reg.html?_=1672279886567 HTTP/1.1" 200 22
180.169.147.146 - - [29/Dec/2022:10:11:16 +0800] "GET /xingrg/all/function/internal_message.html?_=1672279886569&CODE_STATE=getMsg HTTP/1.1" 200 27
222.64.145.253 - - [29/Dec/2022:10:11:17 +0800] "GET /xingrg/check_reg.html?_=1672279891822 HTTP/1.1" 200 22
114.83.222.182 - - [29/Dec/2022:10:11:18 +0800] "GET /xingrg/all/function/internal_message.html?_=1672279960165&CODE_STATE=getMsg HTTP/1.1" 200 27
222.69.192.184 - - [29/Dec/2022:10:11:28 +0800] "GET /xingrg/all/function/internal_message.html?_=1672279899482&CODE_STATE=getMsg HTTP/1.1" 200 27
222.69.192.184 - - [29/Dec/2022:10:11:30 +0800] "GET /xingrg/check_reg.html?_=1672279900665 HTTP/1.1" 200 22
124.79.245.154 - - [29/Dec/2022:10:11:33 +0800] "GET /xingrg/all/function/internal_message.html?_=1672279903193&CODE_STATE=getMsg HTTP/1.1" 200 27
58.37.6.240 - - [29/Dec/2022:10:11:36 +0800] "GET /xingrg/kc/buy/buy_main.html HTTP/1.1" 200 12412
58.37.6.240 - - [29/Dec/2022:10:11:36 +0800] "GET /xingrg/css/new_ie.css HTTP/1.1" 404 1036
58.37.6.240 - - [29/Dec/2022:10:11:41 +0800] "GET /xingrg/all/function/internal_message.html?_=1672279913920&CODE_STATE=getMsg HTTP/1.1" 200 27
58.40.7.146 - - [29/Dec/2022:10:11:43 +0800] "GET /xingrg/all/function/internal_message.html?_=1672279913635&CODE_STATE=getMsg HTTP/1.1" 302 -
116.238.139.35 - - [29/Dec/2022:10:11:58 +0800] "GET /xingrg/all/function/internal_message.html?_=1672279852005&CODE_STATE=getMsg HTTP/1.1" 200 27
114.84.38.109 - - [29/Dec/2022:10:11:58 +0800] "GET /xingrg/all/function/internal_message.html?_=1672279942479&CODE_STATE=getMsg HTTP/1.1" 200 27
116.230.105.139 - - [29/Dec/2022:10:11:58 +0800] "GET /xingrg/all/function/internal_message.html?_=1672279894590&CODE_STATE=getMsg HTTP/1.1" 200 27
222.64.145.253 - - [29/Dec/2022:10:11:59 +0800] "GET /xingrg/all/function/internal_message.html?_=1672279933820&CODE_STATE=getMsg HTTP/1.1" 200 27
124.79.245.154 - - [29/Dec/2022:10:12:02 +0800] "GET /xingrg/all/function/internal_message.html?_=1672280164251&CODE_STATE=getMsg HTTP/1.1" 200 27
180.169.147.146 - - [29/Dec/2022:10:12:16 +0800] "GET /xingrg/all/function/internal_message.html?_=1672279946557&CODE_STATE=getMsg HTTP/1.1" 200 27
114.83.222.182 - - [29/Dec/2022:10:12:18 +0800] "GET /xingrg/check_reg.html?_=1672280020165 HTTP/1.1" 200 22
114.83.222.182 - - [29/Dec/2022:10:12:18 +0800] "GET /xingrg/all/function/internal_message.html?_=1672280020167&CODE_STATE=getMsg HTTP/1.1" 200 27
114.88.159.190 - - [29/Dec/2022:10:12:25 +0800] "POST /xingrg/services/DataTransmitService HTTP/1.1" 200 524
222.69.192.184 - - [29/Dec/2022:10:12:28 +0800] "GET /xingrg/all/function/internal_message.html?_=1672279959464&CODE_STATE=getMsg HTTP/1.1" 200 27
124.79.245.154 - - [29/Dec/2022:10:12:33 +0800] "GET /xingrg/all/function/internal_message.html?_=1672279963181&CODE_STATE=getMsg HTTP/1.1" 200 27
58.37.6.240 - - [29/Dec/2022:10:12:41 +0800] "GET /xingrg/all/function/internal_message.html?_=1672279973890&CODE_STATE=getMsg HTTP/1.1" 200 27
58.40.7.146 - - [29/Dec/2022:10:12:43 +0800] "GET /xingrg/all/function/internal_message.html?_=1672279973613&CODE_STATE=getMsg HTTP/1.1" 302 -
58.221.95.50 - - [29/Dec/2022:10:12:53 +0800] "GET /xingrg/check_reg.html?_=1672279985049 HTTP/1.1" 302 -
58.221.95.50 - - [29/Dec/2022:10:12:53 +0800] "GET /xingrg/login.html HTTP/1.1" 200 7641
116.238.139.35 - - [29/Dec/2022:10:12:58 +0800] "GET /xingrg/all/function/internal_message.html?_=1672279912055&CODE_STATE=getMsg HTTP/1.1" 200 27
116.230.105.139 - - [29/Dec/2022:10:12:58 +0800] "GET /xingrg/all/function/internal_message.html?_=1672279954602&CODE_STATE=getMsg HTTP/1.1" 200 27
114.84.38.109 - - [29/Dec/2022:10:12:58 +0800] "GET /xingrg/all/function/internal_message.html?_=1672280002748&CODE_STATE=getMsg HTTP/1.1" 200 27
222.64.145.253 - - [29/Dec/2022:10:12:59 +0800] "GET /xingrg/all/function/internal_message.html?_=1672279993804&CODE_STATE=getMsg HTTP/1.1" 200 27
124.79.245.154 - - [29/Dec/2022:10:13:02 +0800] "GET /xingrg/all/function/internal_message.html?_=1672280224249&CODE_STATE=getMsg HTTP/1.1" 200 27
180.169.147.146 - - [29/Dec/2022:10:13:16 +0800] "GET /xingrg/all/function/internal_message.html?_=1672280006566&CODE_STATE=getMsg HTTP/1.1" 200 27
114.83.222.182 - - [29/Dec/2022:10:13:18 +0800] "GET /xingrg/all/function/internal_message.html?_=1672280080159&CODE_STATE=getMsg HTTP/1.1" 200 27
222.69.192.184 - - [29/Dec/2022:10:13:28 +0800] "GET /xingrg/all/function/internal_message.html?_=1672280019444&CODE_STATE=getMsg HTTP/1.1" 200 27
124.79.245.154 - - [29/Dec/2022:10:13:33 +0800] "GET /xingrg/all/function/internal_message.html?_=1672280023173&CODE_STATE=getMsg HTTP/1.1" 200 27
58.37.6.240 - - [29/Dec/2022:10:13:41 +0800] "GET /xingrg/all/function/internal_message.html?_=1672280033875&CODE_STATE=getMsg HTTP/1.1" 200 27
58.40.7.146 - - [29/Dec/2022:10:13:43 +0800] "GET /xingrg/all/function/internal_message.html?_=1672280033594&CODE_STATE=getMsg HTTP/1.1" 302 -
58.40.7.146 - - [29/Dec/2022:10:13:43 +0800] "GET /xingrg/check_reg.html?_=1672280034187 HTTP/1.1" 302 -
116.238.139.35 - - [29/Dec/2022:10:13:58 +0800] "GET /xingrg/all/function/internal_message.html?_=1672279972063&CODE_STATE=getMsg HTTP/1.1" 200 27
116.230.105.139 - - [29/Dec/2022:10:13:58 +0800] "GET /xingrg/check_reg.html?_=1672280014599 HTTP/1.1" 200 22
116.230.105.139 - - [29/Dec/2022:10:13:58 +0800] "GET /xingrg/all/function/internal_message.html?_=1672280014600&CODE_STATE=getMsg HTTP/1.1" 200 27
58.37.6.240 - - [29/Dec/2022:10:13:58 +0800] "GET /xingrg/images/yd/bt.gif HTTP/1.1" 404 1040
114.84.38.109 - - [29/Dec/2022:10:13:58 +0800] "GET /xingrg/all/function/internal_message.html?_=1672280062756&CODE_STATE=getMsg HTTP/1.1" 200 27
222.64.145.253 - - [29/Dec/2022:10:13:59 +0800] "GET /xingrg/all/function/internal_message.html?_=1672280053788&CODE_STATE=getMsg HTTP/1.1" 200 27
58.37.6.240 - - [29/Dec/2022:10:14:01 +0800] "GET /xingrg/kc/buy/buy_main.html HTTP/1.1" 200 12412
58.37.6.240 - - [29/Dec/2022:10:14:01 +0800] "GET /xingrg/css/new_ie.css HTTP/1.1" 404 1036
124.79.245.154 - - [29/Dec/2022:10:14:02 +0800] "GET /xingrg/all/function/internal_message.html?_=1672280284247&CODE_STATE=getMsg HTTP/1.1" 200 27
124.79.245.154 - - [29/Dec/2022:10:14:02 +0800] "GET /xingrg/check_reg.html?_=1672280284248 HTTP/1.1" 200 22
58.37.6.240 - - [29/Dec/2022:10:14:03 +0800] "GET /xingrg/kc/buy/cgsh_order_list.html HTTP/1.1" 200 54078
58.37.6.240 - - [29/Dec/2022:10:14:05 +0800] "POST /xingrg/kc/buy/cgsh_list_operate.html HTTP/1.1" 200 3129
58.37.6.240 - - [29/Dec/2022:10:14:10 +0800] "GET /xingrg/kc/buy/buy_main.html HTTP/1.1" 200 12412
58.37.6.240 - - [29/Dec/2022:10:14:10 +0800] "GET /xingrg/css/new_ie.css HTTP/1.1" 404 1036
180.169.147.146 - - [29/Dec/2022:10:14:16 +0800] "GET /xingrg/all/function/internal_message.html?_=1672280066566&CODE_STATE=getMsg HTTP/1.1" 200 27
114.83.222.182 - - [29/Dec/2022:10:14:18 +0800] "GET /xingrg/all/function/internal_message.html?_=1672280140161&CODE_STATE=getMsg HTTP/1.1" 200 27
222.69.192.184 - - [29/Dec/2022:10:14:28 +0800] "GET /xingrg/all/function/internal_message.html?_=1672280079423&CODE_STATE=getMsg HTTP/1.1" 200 27
124.79.245.154 - - [29/Dec/2022:10:14:33 +0800] "GET /xingrg/all/function/internal_message.html?_=1672280083186&CODE_STATE=getMsg HTTP/1.1" 200 27
58.37.6.240 - - [29/Dec/2022:10:14:41 +0800] "GET /xingrg/all/function/internal_message.html?_=1672280093866&CODE_STATE=getMsg HTTP/1.1" 200 27
58.37.6.240 - - [29/Dec/2022:10:14:42 +0800] "GET /xingrg/check_reg.html?_=1672280094182 HTTP/1.1" 200 22
58.40.7.146 - - [29/Dec/2022:10:14:43 +0800] "GET /xingrg/all/function/internal_message.html?_=1672280093577&CODE_STATE=getMsg HTTP/1.1" 302 -
116.238.139.35 - - [29/Dec/2022:10:14:58 +0800] "GET /xingrg/all/function/internal_message.html?_=1672280032114&CODE_STATE=getMsg HTTP/1.1" 200 27
116.230.105.139 - - [29/Dec/2022:10:14:58 +0800] "GET /xingrg/all/function/internal_message.html?_=1672280074599&CODE_STATE=getMsg HTTP/1.1" 200 27
114.84.38.109 - - [29/Dec/2022:10:14:58 +0800] "GET /xingrg/all/function/internal_message.html?_=1672280123028&CODE_STATE=getMsg HTTP/1.1" 200 27
222.64.145.253 - - [29/Dec/2022:10:14:59 +0800] "GET /xingrg/all/function/internal_message.html?_=1672280113772&CODE_STATE=getMsg HTTP/1.1" 200 27
114.84.38.109 - - [29/Dec/2022:10:15:00 +0800] "GET /xingrg/check_reg.html?_=1672280125328 HTTP/1.1" 200 22
124.79.245.154 - - [29/Dec/2022:10:15:02 +0800] "GET /xingrg/all/function/internal_message.html?_=1672280344262&CODE_STATE=getMsg HTTP/1.1" 200 27
180.169.147.146 - - [29/Dec/2022:10:15:16 +0800] "GET /xingrg/all/function/internal_message.html?_=1672280126568&CODE_STATE=getMsg HTTP/1.1" 200 27
114.83.222.182 - - [29/Dec/2022:10:15:18 +0800] "GET /xingrg/all/function/internal_message.html?_=1672280200165&CODE_STATE=getMsg HTTP/1.1" 200 27
222.69.192.184 - - [29/Dec/2022:10:15:28 +0800] "GET /xingrg/all/function/internal_message.html?_=1672280139399&CODE_STATE=getMsg HTTP/1.1" 200 27
124.79.245.154 - - [29/Dec/2022:10:15:33 +0800] "GET /xingrg/all/function/internal_message.html?_=1672280143177&CODE_STATE=getMsg HTTP/1.1" 200 27
124.79.245.154 - - [29/Dec/2022:10:15:33 +0800] "GET /xingrg/check_reg.html?_=1672280143178 HTTP/1.1" 200 22
58.37.6.240 - - [29/Dec/2022:10:15:41 +0800] "GET /xingrg/all/function/internal_message.html?_=1672280153839&CODE_STATE=getMsg HTTP/1.1" 200 27
58.40.7.146 - - [29/Dec/2022:10:15:43 +0800] "GET /xingrg/all/function/internal_message.html?_=1672280153562&CODE_STATE=getMsg HTTP/1.1" 302 -
116.238.139.35 - - [29/Dec/2022:10:15:57 +0800] "GET /xingrg/check_reg.html?_=1672280091435 HTTP/1.1" 200 22
116.230.105.139 - - [29/Dec/2022:10:15:58 +0800] "GET /xingrg/all/function/internal_message.html?_=1672280134600&CODE_STATE=getMsg HTTP/1.1" 200 27
116.238.139.35 - - [29/Dec/2022:10:15:58 +0800] "GET /xingrg/all/function/internal_message.html?_=1672280092158&CODE_STATE=getMsg HTTP/1.1" 200 27
114.84.38.109 - - [29/Dec/2022:10:15:58 +0800] "GET /xingrg/all/function/internal_message.html?_=1672280183036&CODE_STATE=getMsg HTTP/1.1" 200 27
222.64.145.253 - - [29/Dec/2022:10:15:59 +0800] "GET /xingrg/all/function/internal_message.html?_=1672280173757&CODE_STATE=getMsg HTTP/1.1" 200 27
124.79.245.154 - - [29/Dec/2022:10:16:02 +0800] "GET /xingrg/all/function/internal_message.html?_=1672280404260&CODE_STATE=getMsg HTTP/1.1" 200 27
180.169.147.146 - - [29/Dec/2022:10:16:16 +0800] "GET /xingrg/check_reg.html?_=1672280186571 HTTP/1.1" 200 22
180.169.147.146 - - [29/Dec/2022:10:16:16 +0800] "GET /xingrg/all/function/internal_message.html?_=1672280186578&CODE_STATE=getMsg HTTP/1.1" 200 27
222.64.145.253 - - [29/Dec/2022:10:16:17 +0800] "GET /xingrg/check_reg.html?_=1672280191824 HTTP/1.1" 200 22
114.83.222.182 - - [29/Dec/2022:10:16:18 +0800] "GET /xingrg/all/function/internal_message.html?_=1672280260165&CODE_STATE=getMsg HTTP/1.1" 200 27
222.69.192.184 - - [29/Dec/2022:10:16:28 +0800] "GET /xingrg/all/function/internal_message.html?_=1672280199377&CODE_STATE=getMsg HTTP/1.1" 200 27
222.69.192.184 - - [29/Dec/2022:10:16:29 +0800] "GET /xingrg/check_reg.html?_=1672280200637 HTTP/1.1" 200 22
124.79.245.154 - - [29/Dec/2022:10:16:33 +0800] "GET /xingrg/all/function/internal_message.html?_=1672280203197&CODE_STATE=getMsg HTTP/1.1" 200 27
58.37.6.240 - - [29/Dec/2022:10:16:41 +0800] "GET /xingrg/all/function/internal_message.html?_=1672280213825&CODE_STATE=getMsg HTTP/1.1" 200 27
58.40.7.146 - - [29/Dec/2022:10:16:43 +0800] "GET /xingrg/all/function/internal_message.html?_=1672280213546&CODE_STATE=getMsg HTTP/1.1" 302 -
116.230.105.139 - - [29/Dec/2022:10:16:58 +0800] "GET /xingrg/all/function/internal_message.html?_=1672280194598&CODE_STATE=getMsg HTTP/1.1" 200 27
116.238.139.35 - - [29/Dec/2022:10:16:58 +0800] "GET /xingrg/all/function/internal_message.html?_=1672280152166&CODE_STATE=getMsg HTTP/1.1" 200 27
114.84.38.109 - - [29/Dec/2022:10:16:58 +0800] "GET /xingrg/all/function/internal_message.html?_=1672280243047&CODE_STATE=getMsg HTTP/1.1" 200 27
222.64.145.253 - - [29/Dec/2022:10:16:59 +0800] "GET /xingrg/all/function/internal_message.html?_=1672280233743&CODE_STATE=getMsg HTTP/1.1" 200 27
124.79.245.154 - - [29/Dec/2022:10:17:02 +0800] "GET /xingrg/all/function/internal_message.html?_=1672280464285&CODE_STATE=getMsg HTTP/1.1" 200 27
180.169.147.146 - - [29/Dec/2022:10:17:16 +0800] "GET /xingrg/all/function/internal_message.html?_=1672280246565&CODE_STATE=getMsg HTTP/1.1" 200 27
114.83.222.182 - - [29/Dec/2022:10:17:18 +0800] "GET /xingrg/check_reg.html?_=1672280320160 HTTP/1.1" 200 22
114.83.222.182 - - [29/Dec/2022:10:17:18 +0800] "GET /xingrg/all/function/internal_message.html?_=1672280320162&CODE_STATE=getMsg HTTP/1.1" 200 27
222.69.192.184 - - [29/Dec/2022:10:17:28 +0800] "GET /xingrg/all/function/internal_message.html?_=1672280259356&CODE_STATE=getMsg HTTP/1.1" 200 27
124.79.245.154 - - [29/Dec/2022:10:17:33 +0800] "GET /xingrg/all/function/internal_message.html?_=1672280263184&CODE_STATE=getMsg HTTP/1.1" 200 27
222.69.128.99 - - [29/Dec/2022:10:17:37 +0800] "POST /xingrg/services/DataTransmitService HTTP/1.1" 200 524
58.37.6.240 - - [29/Dec/2022:10:17:41 +0800] "GET /xingrg/all/function/internal_message.html?_=1672280273809&CODE_STATE=getMsg HTTP/1.1" 200 27
58.40.7.146 - - [29/Dec/2022:10:17:43 +0800] "GET /xingrg/all/function/internal_message.html?_=1672280273518&CODE_STATE=getMsg HTTP/1.1" 302 -
58.221.95.50 - - [29/Dec/2022:10:17:53 +0800] "GET /xingrg/check_reg.html?_=1672280285019 HTTP/1.1" 302 -
116.230.105.139 - - [29/Dec/2022:10:17:58 +0800] "GET /xingrg/all/function/internal_message.html?_=1672280254585&CODE_STATE=getMsg HTTP/1.1" 200 27
116.238.139.35 - - [29/Dec/2022:10:17:58 +0800] "GET /xingrg/all/function/internal_message.html?_=1672280212180&CODE_STATE=getMsg HTTP/1.1" 200 27
114.84.38.109 - - [29/Dec/2022:10:17:58 +0800] "GET /xingrg/all/function/internal_message.html?_=1672280303324&CODE_STATE=getMsg HTTP/1.1" 200 27
222.64.145.253 - - [29/Dec/2022:10:17:59 +0800] "GET /xingrg/all/function/internal_message.html?_=1672280293726&CODE_STATE=getMsg HTTP/1.1" 200 27
124.79.245.154 - - [29/Dec/2022:10:18:02 +0800] "GET /xingrg/all/function/internal_message.html?_=1672280524283&CODE_STATE=getMsg HTTP/1.1" 200 27
180.169.147.146 - - [29/Dec/2022:10:18:16 +0800] "GET /xingrg/all/function/internal_message.html?_=1672280306561&CODE_STATE=getMsg HTTP/1.1" 200 27
114.83.222.182 - - [29/Dec/2022:10:18:18 +0800] "GET /xingrg/all/function/internal_message.html?_=1672280380169&CODE_STATE=getMsg HTTP/1.1" 200 27
222.69.192.184 - - [29/Dec/2022:10:18:28 +0800] "GET /xingrg/all/function/internal_message.html?_=1672280319326&CODE_STATE=getMsg HTTP/1.1" 200 27
124.79.245.154 - - [29/Dec/2022:10:18:33 +0800] "GET /xingrg/all/function/internal_message.html?_=1672280323183&CODE_STATE=getMsg HTTP/1.1" 200 27
58.37.6.240 - - [29/Dec/2022:10:18:41 +0800] "GET /xingrg/all/function/internal_message.html?_=1672280333794&CODE_STATE=getMsg HTTP/1.1" 200 27
58.40.7.146 - - [29/Dec/2022:10:18:43 +0800] "GET /xingrg/all/function/internal_message.html?_=1672280333502&CODE_STATE=getMsg HTTP/1.1" 302 -
58.40.7.146 - - [29/Dec/2022:10:18:43 +0800] "GET /xingrg/check_reg.html?_=1672280334177 HTTP/1.1" 302 -
116.230.105.139 - - [29/Dec/2022:10:18:58 +0800] "GET /xingrg/all/function/internal_message.html?_=1672280314595&CODE_STATE=getMsg HTTP/1.1" 200 27
116.230.105.139 - - [29/Dec/2022:10:18:58 +0800] "GET /xingrg/check_reg.html?_=1672280314596 HTTP/1.1" 200 22
116.238.139.35 - - [29/Dec/2022:10:18:58 +0800] "GET /xingrg/all/function/internal_message.html?_=1672280272231&CODE_STATE=getMsg HTTP/1.1" 200 27
114.84.38.109 - - [29/Dec/2022:10:18:58 +0800] "GET /xingrg/all/function/internal_message.html?_=1672280363338&CODE_STATE=getMsg HTTP/1.1" 200 27
222.64.145.253 - - [29/Dec/2022:10:18:59 +0800] "GET /xingrg/all/function/internal_message.html?_=1672280353712&CODE_STATE=getMsg HTTP/1.1" 200 27
124.79.245.154 - - [29/Dec/2022:10:19:02 +0800] "GET /xingrg/check_reg.html?_=1672280584282 HTTP/1.1" 200 22
124.79.245.154 - - [29/Dec/2022:10:19:02 +0800] "GET /xingrg/all/function/internal_message.html?_=1672280584283&CODE_STATE=getMsg HTTP/1.1" 200 27
180.169.147.146 - - [29/Dec/2022:10:19:16 +0800] "GET /xingrg/all/function/internal_message.html?_=1672280366557&CODE_STATE=getMsg HTTP/1.1" 200 27
114.83.222.182 - - [29/Dec/2022:10:19:18 +0800] "GET /xingrg/all/function/internal_message.html?_=1672280440163&CODE_STATE=getMsg HTTP/1.1" 200 27
222.69.192.184 - - [29/Dec/2022:10:19:28 +0800] "GET /xingrg/all/function/internal_message.html?_=1672280379304&CODE_STATE=getMsg HTTP/1.1" 200 27
124.79.245.154 - - [29/Dec/2022:10:19:33 +0800] "GET /xingrg/all/function/internal_message.html?_=1672280383180&CODE_STATE=getMsg HTTP/1.1" 200 27
222.69.128.99 - - [29/Dec/2022:10:19:34 +0800] "GET /xingrg/login.html?sysBaseUrl=http%3A%2F%2F180.169.147.146%3A18081%2Fxingrg%2F&costTime=31×tamp=1615347190560 HTTP/1.1" 200 7641
222.69.128.99 - - [29/Dec/2022:10:19:34 +0800] "GET /xingrg/images/blue/jxLogo.png HTTP/1.1" 200 6156
222.69.128.99 - - [29/Dec/2022:10:19:35 +0800] "GET /xingrg/images/blue/hj.png HTTP/1.1" 200 1014
222.69.128.99 - - [29/Dec/2022:10:19:35 +0800] "GET /xingrg/images/blue/login_bg.png HTTP/1.1" 200 22101
222.69.128.99 - - [29/Dec/2022:10:19:35 +0800] "GET /xingrg/images/blue/srbg.png HTTP/1.1" 200 138
222.69.128.99 - - [29/Dec/2022:10:19:35 +0800] "GET /favicon.ico HTTP/1.1" 404 -
58.37.6.240 - - [29/Dec/2022:10:19:41 +0800] "GET /xingrg/all/function/internal_message.html?_=1672280393767&CODE_STATE=getMsg HTTP/1.1" 200 27
58.37.6.240 - - [29/Dec/2022:10:19:42 +0800] "GET /xingrg/check_reg.html?_=1672280394192 HTTP/1.1" 200 22
58.40.7.146 - - [29/Dec/2022:10:19:43 +0800] "GET /xingrg/all/function/internal_message.html?_=1672280393485&CODE_STATE=getMsg HTTP/1.1" 302 -
222.69.128.99 - - [29/Dec/2022:10:19:52 +0800] "POST /xingrg/login.do HTTP/1.1" 302 -
222.69.128.99 - - [29/Dec/2022:10:19:52 +0800] "GET /xingrg/index.html?sysBaseUrl=http%3A%2F%2F180.169.147.146%3A18081%2Fxingrg%2F&costTime=58×tamp=1672280392266 HTTP/1.1" 200 17179
222.69.128.99 - - [29/Dec/2022:10:19:52 +0800] "GET /xingrg/javascript/jquery_easy_ui/themes/icon.css HTTP/1.1" 200 3949
222.69.128.99 - - [29/Dec/2022:10:19:52 +0800] "GET /xingrg/css/form.css HTTP/1.1" 200 893
222.69.128.99 - - [29/Dec/2022:10:19:52 +0800] "GET /xingrg/javascript/jquery-1.4.2.min.js HTTP/1.1" 200 72205
222.69.128.99 - - [29/Dec/2022:10:19:52 +0800] "GET /xingrg/javascript/jquery_easy_ui/jquery.easyui.min.js HTTP/1.1" 200 213662
222.69.128.99 - - [29/Dec/2022:10:19:52 +0800] "GET /xingrg/javascript/jquery_easy_ui/themes/default/easyui.css HTTP/1.1" 200 26500
222.69.128.99 - - [29/Dec/2022:10:19:52 +0800] "GET /xingrg/javascript/jquery_easy_ui/easyui-lang-zh_CN.js HTTP/1.1" 200 1900
222.69.128.99 - - [29/Dec/2022:10:19:52 +0800] "GET /xingrg/javascript/jquery.utils.js HTTP/1.1" 200 11805
222.69.128.99 - - [29/Dec/2022:10:19:52 +0800] "GET /xingrg/javascript/jquery.timers.js HTTP/1.1" 200 3532
222.69.128.99 - - [29/Dec/2022:10:19:52 +0800] "GET /xingrg/javascript/jquery.form.js HTTP/1.1" 200 23110
222.69.128.99 - - [29/Dec/2022:10:19:52 +0800] "GET /favicon.ico HTTP/1.1" 404 -
222.69.128.99 - - [29/Dec/2022:10:19:52 +0800] "GET /xingrg/javascript/jquery_easy_ui/themes/icons/settle_new.png HTTP/1.1" 200 826
222.69.128.99 - - [29/Dec/2022:10:19:52 +0800] "GET /xingrg/images/blue/navBackgound.jpg HTTP/1.1" 200 12378
222.69.128.99 - - [29/Dec/2022:10:19:52 +0800] "POST /xingrg/all/common/load_tree.html?tree=area_rest_tree_json&manage=1 HTTP/1.1" 200 351
222.69.128.99 - - [29/Dec/2022:10:19:53 +0800] "GET /xingrg/all/function/internal_message.html?_=1672280400532&CODE_STATE=count HTTP/1.1" 200 11
222.69.128.99 - - [29/Dec/2022:10:19:53 +0800] "GET /xingrg/check_reg.html?_=1672280400533 HTTP/1.1" 200 22
222.69.128.99 - - [29/Dec/2022:10:19:53 +0800] "GET /xingrg/images/blue/pingpu.png HTTP/1.1" 200 231
222.69.128.99 - - [29/Dec/2022:10:19:53 +0800] "GET /xingrg/javascript/jquery_easy_ui/themes/default/images/tabs_leftarrow.png HTTP/1.1" 200 389
222.69.128.99 - - [29/Dec/2022:10:19:53 +0800] "GET /xingrg/javascript/jquery_easy_ui/themes/default/images/tabs_rightarrow.png HTTP/1.1" 200 395
222.69.128.99 - - [29/Dec/2022:10:19:53 +0800] "GET /xingrg/javascript/jquery_easy_ui/themes/default/images/panel_tool_collapse.gif HTTP/1.1" 200 246
222.69.128.99 - - [29/Dec/2022:10:19:53 +0800] "POST /xingrg/load_menu.html HTTP/1.1" 200 5138
222.69.128.99 - - [29/Dec/2022:10:19:53 +0800] "GET /xingrg/javascript/jquery_easy_ui/themes/default/images/tree_arrows.gif HTTP/1.1" 200 1043
222.69.128.99 - - [29/Dec/2022:10:19:53 +0800] "GET /xingrg/javascript/jquery_easy_ui/themes/default/images/tree_folder_open.gif HTTP/1.1" 200 956
222.69.128.99 - - [29/Dec/2022:10:19:53 +0800] "GET /xingrg/javascript/jquery_easy_ui/themes/icons/search_new.png HTTP/1.1" 200 586
222.69.128.99 - - [29/Dec/2022:10:19:53 +0800] "GET /xingrg/javascript/jquery_easy_ui/themes/default/images/tree_folder.gif HTTP/1.1" 200 952
222.69.128.99 - - [29/Dec/2022:10:19:53 +0800] "GET /xingrg/javascript/jquery_easy_ui/themes/icons/storage_new.png HTTP/1.1" 200 853
222.69.128.99 - - [29/Dec/2022:10:19:53 +0800] "GET /xingrg/javascript/jquery_easy_ui/themes/icons/forms_new.png HTTP/1.1" 200 350
222.69.128.99 - - [29/Dec/2022:10:19:53 +0800] "GET /xingrg/javascript/jquery_easy_ui/themes/default/images/tree_file.gif HTTP/1.1" 200 118
58.37.6.240 - - [29/Dec/2022:10:19:54 +0800] "POST /xingrg/services/DataTransmitService HTTP/1.1" 200 524
116.230.105.139 - - [29/Dec/2022:10:19:58 +0800] "GET /xingrg/all/function/internal_message.html?_=1672280374585&CODE_STATE=getMsg HTTP/1.1" 200 27
116.238.139.35 - - [29/Dec/2022:10:19:58 +0800] "GET /xingrg/all/function/internal_message.html?_=1672280332238&CODE_STATE=getMsg HTTP/1.1" 200 27
114.84.38.109 - - [29/Dec/2022:10:19:59 +0800] "GET /xingrg/all/function/internal_message.html?_=1672280423753&CODE_STATE=getMsg HTTP/1.1" 200 27
222.64.145.253 - - [29/Dec/2022:10:19:59 +0800] "GET /xingrg/all/function/internal_message.html?_=1672280413697&CODE_STATE=getMsg HTTP/1.1" 200 27
114.84.38.109 - - [29/Dec/2022:10:20:00 +0800] "GET /xingrg/check_reg.html?_=1672280425334 HTTP/1.1" 200 22
124.79.245.154 - - [29/Dec/2022:10:20:02 +0800] "GET /xingrg/all/function/internal_message.html?_=1672280644281&CODE_STATE=getMsg HTTP/1.1" 200 27
180.169.147.146 - - [29/Dec/2022:10:20:16 +0800] "GET /xingrg/all/function/internal_message.html?_=1672280426564&CODE_STATE=getMsg HTTP/1.1" 200 27
114.83.222.182 - - [29/Dec/2022:10:20:18 +0800] "GET /xingrg/all/function/internal_message.html?_=1672280500155&CODE_STATE=getMsg HTTP/1.1" 200 27
222.69.192.184 - - [29/Dec/2022:10:20:28 +0800] "GET /xingrg/all/function/internal_message.html?_=1672280439273&CODE_STATE=getMsg HTTP/1.1" 200 27
124.79.245.154 - - [29/Dec/2022:10:20:33 +0800] "GET /xingrg/check_reg.html?_=1672280443181 HTTP/1.1" 200 22
124.79.245.154 - - [29/Dec/2022:10:20:33 +0800] "GET /xingrg/all/function/internal_message.html?_=1672280443185&CODE_STATE=getMsg HTTP/1.1" 200 27
58.37.6.240 - - [29/Dec/2022:10:20:41 +0800] "GET /xingrg/all/function/internal_message.html?_=1672280453740&CODE_STATE=getMsg HTTP/1.1" 200 27
58.40.7.146 - - [29/Dec/2022:10:20:43 +0800] "GET /xingrg/all/function/internal_message.html?_=1672280453460&CODE_STATE=getMsg HTTP/1.1" 302 -
222.69.128.99 - - [29/Dec/2022:10:20:53 +0800] "GET /xingrg/all/function/internal_message.html?_=1672280460560&CODE_STATE=getMsg HTTP/1.1" 200 27
116.238.139.35 - - [29/Dec/2022:10:20:57 +0800] "GET /xingrg/check_reg.html?_=1672280391483 HTTP/1.1" 200 22
116.230.105.139 - - [29/Dec/2022:10:20:58 +0800] "GET /xingrg/all/function/internal_message.html?_=1672280434599&CODE_STATE=getMsg HTTP/1.1" 200 27
116.238.139.35 - - [29/Dec/2022:10:20:58 +0800] "GET /xingrg/all/function/internal_message.html?_=1672280392252&CODE_STATE=getMsg HTTP/1.1" 200 27
114.84.38.109 - - [29/Dec/2022:10:20:59 +0800] "GET /xingrg/all/function/internal_message.html?_=1672280483755&CODE_STATE=getMsg HTTP/1.1" 200 27
222.64.145.253 - - [29/Dec/2022:10:20:59 +0800] "GET /xingrg/all/function/internal_message.html?_=1672280473682&CODE_STATE=getMsg HTTP/1.1" 200 27
124.79.245.154 - - [29/Dec/2022:10:21:02 +0800] "GET /xingrg/all/function/internal_message.html?_=1672280704279&CODE_STATE=getMsg HTTP/1.1" 200 27
222.69.128.99 - - [29/Dec/2022:10:21:13 +0800] "GET /xingrg/javascript/jquery_easy_ui/themes/default/images/tabs_close.gif HTTP/1.1" 200 829
222.69.128.99 - - [29/Dec/2022:10:21:13 +0800] "GET /xingrg/kc/buy/cgsh_order_list.html HTTP/1.1" 200 54084
222.69.128.99 - - [29/Dec/2022:10:21:13 +0800] "GET /xingrg/css/base.css HTTP/1.1" 200 2811
222.69.128.99 - - [29/Dec/2022:10:21:13 +0800] "GET /xingrg/css/site.css HTTP/1.1" 200 7541
222.69.128.99 - - [29/Dec/2022:10:21:13 +0800] "GET /xingrg/javascript/jquery_tools/datebox.css HTTP/1.1" 200 2597
222.69.128.99 - - [29/Dec/2022:10:21:13 +0800] "GET /xingrg/javascript/easyui/themes/icon.css HTTP/1.1" 200 4483
222.69.128.99 - - [29/Dec/2022:10:21:13 +0800] "GET /xingrg/javascript/jquery_tools/fix.css HTTP/1.1" 200 1702
222.69.128.99 - - [29/Dec/2022:10:21:13 +0800] "GET /xingrg/javascript/easyui/themes/default/easyui.css HTTP/1.1" 200 30432
222.69.128.99 - - [29/Dec/2022:10:21:13 +0800] "GET /xingrg/javascript/auto/jquery.autocomplete.css HTTP/1.1" 200 587
222.69.128.99 - - [29/Dec/2022:10:21:13 +0800] "GET /xingrg/javascript/jquery_tools/table.css HTTP/1.1" 200 1032
222.69.128.99 - - [29/Dec/2022:10:21:13 +0800] "GET /xingrg/javascript/jquery_tools/jquery.tools.min.js HTTP/1.1" 200 138801
222.69.128.99 - - [29/Dec/2022:10:21:13 +0800] "GET /xingrg/javascript/jquery_tools/jquery.tools.extend.js HTTP/1.1" 200 15385
222.69.128.99 - - [29/Dec/2022:10:21:13 +0800] "GET /xingrg/javascript/jquery_tools/jquery.tools.hotkey.js HTTP/1.1" 200 3242
222.69.128.99 - - [29/Dec/2022:10:21:13 +0800] "GET /xingrg/javascript/jquery_tools/jquery.tools.table.js HTTP/1.1" 200 6994
222.69.128.99 - - [29/Dec/2022:10:21:13 +0800] "GET /xingrg/javascript/jquery_tools/list_manager.js HTTP/1.1" 200 3652
222.69.128.99 - - [29/Dec/2022:10:21:14 +0800] "GET /xingrg/javascript/easyui/easyloader.js HTTP/1.1" 200 5975
222.69.128.99 - - [29/Dec/2022:10:21:14 +0800] "GET /xingrg/javascript/auto/jquery.autocomplete.js HTTP/1.1" 200 21624
222.69.128.99 - - [29/Dec/2022:10:21:14 +0800] "GET /xingrg/javascript/jquery.cookie.js HTTP/1.1" 200 5513
222.69.128.99 - - [29/Dec/2022:10:21:14 +0800] "GET /xingrg/javascript/print/LodopFuncs.js HTTP/1.1" 200 5121
222.69.128.99 - - [29/Dec/2022:10:21:15 +0800] "GET /xingrg/javascript/easyui/themes/icons/edit_add_new.png HTTP/1.1" 200 2997
222.69.128.99 - - [29/Dec/2022:10:21:15 +0800] "GET /xingrg/javascript/easyui/themes/icons/cance_new.png HTTP/1.1" 200 3986
222.69.128.99 - - [29/Dec/2022:10:21:15 +0800] "GET /xingrg/javascript/easyui/themes/icons/check_new.png HTTP/1.1" 200 3224
222.69.128.99 - - [29/Dec/2022:10:21:15 +0800] "GET /xingrg/javascript/easyui/themes/icons/field_new.png HTTP/1.1" 200 1097
222.69.128.99 - - [29/Dec/2022:10:21:15 +0800] "GET /xingrg/javascript/easyui/themes/icons/import_new.png HTTP/1.1" 200 1247
222.69.128.99 - - [29/Dec/2022:10:21:15 +0800] "GET /xingrg/javascript/easyui/plugins/jquery.parser.js HTTP/1.1" 200 1142
222.69.128.99 - - [29/Dec/2022:10:21:15 +0800] "GET /xingrg/images/control/ajaxLoader.gif HTTP/1.1" 200 4659
180.169.147.146 - - [29/Dec/2022:10:21:16 +0800] "GET /xingrg/all/function/internal_message.html?_=1672280486561&CODE_STATE=getMsg HTTP/1.1" 200 27
180.169.147.146 - - [29/Dec/2022:10:21:16 +0800] "GET /xingrg/check_reg.html?_=1672280486567 HTTP/1.1" 200 22
222.69.128.99 - - [29/Dec/2022:10:21:16 +0800] "POST /xingrg/kc/buy/cgsh_list_operate.html HTTP/1.1" 200 986
222.69.128.99 - - [29/Dec/2022:10:21:16 +0800] "GET /xingrg/javascript/easyui/themes/default/images/button_plain_hover.png HTTP/1.1" 200 144
222.69.128.99 - - [29/Dec/2022:10:21:17 +0800] "GET /xingrg/kc/buy/cgsh_order_add.html HTTP/1.1" 200 69948
222.69.128.99 - - [29/Dec/2022:10:21:17 +0800] "GET /xingrg/javascript/pic_change.js HTTP/1.1" 200 4739
222.69.128.99 - - [29/Dec/2022:10:21:17 +0800] "GET /xingrg/javascript/convert.js HTTP/1.1" 200 1239
222.69.128.99 - - [29/Dec/2022:10:21:17 +0800] "GET /xingrg/javascript/jquery_tools/order_manager.js HTTP/1.1" 200 11183
222.69.128.99 - - [29/Dec/2022:10:21:17 +0800] "GET /xingrg/javascript/json2.js HTTP/1.1" 200 11259
222.69.128.99 - - [29/Dec/2022:10:21:17 +0800] "GET /xingrg/javascript/print/kc_print.js HTTP/1.1" 200 11415
222.69.128.99 - - [29/Dec/2022:10:21:17 +0800] "GET /xingrg/words/20221227181702_words.js HTTP/1.1" 200 939843
222.64.145.253 - - [29/Dec/2022:10:21:17 +0800] "GET /xingrg/check_reg.html?_=1672280491825 HTTP/1.1" 200 22
222.69.128.99 - - [29/Dec/2022:10:21:17 +0800] "GET /xingrg/javascript/easyui/themes/icons/copy_new.png HTTP/1.1" 200 815
222.69.128.99 - - [29/Dec/2022:10:21:17 +0800] "GET /xingrg/javascript/easyui/themes/icons/template_new.png HTTP/1.1" 200 3956
222.69.128.99 - - [29/Dec/2022:10:21:17 +0800] "GET /xingrg/javascript/easyui/themes/icons/ok.png HTTP/1.1" 200 883
222.69.128.99 - - [29/Dec/2022:10:21:17 +0800] "GET /xingrg/javascript/easyui/themes/icons/print.png HTTP/1.1" 200 1057
222.69.128.99 - - [29/Dec/2022:10:21:17 +0800] "GET /xingrg/javascript/easyui/themes/default/images/menu_downarrow.png HTTP/1.1" 200 173
222.69.128.99 - - [29/Dec/2022:10:21:17 +0800] "GET /xingrg/javascript/easyui/themes/icons/cancel.png HTTP/1.1" 200 1133
114.83.222.182 - - [29/Dec/2022:10:21:18 +0800] "GET /xingrg/all/function/internal_message.html?_=1672280560157&CODE_STATE=getMsg HTTP/1.1" 200 27
222.69.128.99 - - [29/Dec/2022:10:21:18 +0800] "POST /xingrg/kc/buy/cgsh_order_operate.html HTTP/1.1" 200 8245
222.69.128.99 - - [29/Dec/2022:10:21:18 +0800] "GET /xingrg/all/common/auto_word.html?type=employee&rest_code=00149 HTTP/1.1" 200 197
222.69.128.99 - - [29/Dec/2022:10:21:18 +0800] "GET /xingrg/all/common/auto_word.html?type=employee&rest_code=00149 HTTP/1.1" 200 197
222.69.128.99 - - [29/Dec/2022:10:21:18 +0800] "GET /xingrg/javascript/easyui/themes/default/validatebox.css HTTP/1.1" 404 1104
222.69.128.99 - - [29/Dec/2022:10:21:18 +0800] "GET /xingrg/javascript/easyui/plugins/jquery.validatebox.js HTTP/1.1" 200 6103
222.69.128.99 - - [29/Dec/2022:10:21:18 +0800] "GET /xingrg/javascript/easyui/plugins/jquery.numberbox.js HTTP/1.1" 200 5213
222.69.128.99 - - [29/Dec/2022:10:21:18 +0800] "GET /xingrg/javascript/easyui/themes/icons/edit_remove.png HTTP/1.1" 200 625
222.69.192.184 - - [29/Dec/2022:10:21:28 +0800] "GET /xingrg/all/function/internal_message.html?_=1672280499249&CODE_STATE=getMsg HTTP/1.1" 200 27
222.69.192.184 - - [29/Dec/2022:10:21:29 +0800] "GET /xingrg/check_reg.html?_=1672280500612 HTTP/1.1" 200 22
222.69.128.99 - - [29/Dec/2022:10:21:31 +0800] "GET /xingrg/javascript/auto/indicator.gif HTTP/1.1" 404 1066
222.69.128.99 - - [29/Dec/2022:10:21:32 +0800] "GET /xingrg/javascript/jquery_tools/images/prev.gif HTTP/1.1" 404 1086
222.69.128.99 - - [29/Dec/2022:10:21:32 +0800] "GET /xingrg/javascript/jquery_tools/images/next.gif HTTP/1.1" 404 1086
124.79.245.154 - - [29/Dec/2022:10:21:33 +0800] "GET /xingrg/all/function/internal_message.html?_=1672280503183&CODE_STATE=getMsg HTTP/1.1" 200 27
58.37.6.240 - - [29/Dec/2022:10:21:41 +0800] "GET /xingrg/all/function/internal_message.html?_=1672280513729&CODE_STATE=getMsg HTTP/1.1" 200 27
222.69.128.99 - - [29/Dec/2022:10:21:41 +0800] "GET /xingrg/kc/buy/cgsh_order_operate.html?command=get_materiel&rest_code=00149&code=00101008261&supplier_code=00100008&order_time=2022-12-28 HTTP/1.1" 200 425
58.40.7.146 - - [29/Dec/2022:10:21:43 +0800] "GET /xingrg/all/function/internal_message.html?_=1672280513446&CODE_STATE=getMsg HTTP/1.1" 302 -
222.69.128.99 - - [29/Dec/2022:10:21:49 +0800] "GET /xingrg/kc/buy/cgsh_order_operate.html?command=get_materiel&rest_code=00149&code=00101008331&supplier_code=00100008&order_time=2022-12-28 HTTP/1.1" 200 432
222.69.128.99 - - [29/Dec/2022:10:21:53 +0800] "GET /xingrg/all/function/internal_message.html?_=1672280520547&CODE_STATE=getMsg HTTP/1.1" 200 27
116.230.105.139 - - [29/Dec/2022:10:21:58 +0800] "GET /xingrg/all/function/internal_message.html?_=1672280494592&CODE_STATE=getMsg HTTP/1.1" 200 27
116.238.139.35 - - [29/Dec/2022:10:21:58 +0800] "GET /xingrg/all/function/internal_message.html?_=1672280452266&CODE_STATE=getMsg HTTP/1.1" 200 27
114.84.38.109 - - [29/Dec/2022:10:21:59 +0800] "GET /xingrg/all/function/internal_message.html?_=1672280543770&CODE_STATE=getMsg HTTP/1.1" 200 27
222.64.145.253 - - [29/Dec/2022:10:21:59 +0800] "GET /xingrg/all/function/internal_message.html?_=1672280533665&CODE_STATE=getMsg HTTP/1.1" 200 27
124.79.245.154 - - [29/Dec/2022:10:22:02 +0800] "GET /xingrg/all/function/internal_message.html?_=1672280764277&CODE_STATE=getMsg HTTP/1.1" 200 27
222.69.128.99 - - [29/Dec/2022:10:22:02 +0800] "GET /xingrg/kc/buy/cgsh_order_operate.html?command=get_materiel&rest_code=00149&code=00101008361&supplier_code=00100008&order_time=2022-12-28 HTTP/1.1" 200 408
222.69.192.184 - - [29/Dec/2022:10:22:12 +0800] "GET /xingrg/kc/buy/cgsh_order_add.html HTTP/1.1" 200 69942
222.69.192.184 - - [29/Dec/2022:10:22:12 +0800] "POST /xingrg/kc/buy/cgsh_order_operate.html HTTP/1.1" 200 8245
222.69.192.184 - - [29/Dec/2022:10:22:12 +0800] "GET /xingrg/javascript/easyui/themes/default/validatebox.css HTTP/1.1" 404 1104
222.69.128.99 - - [29/Dec/2022:10:22:14 +0800] "GET /xingrg/kc/buy/cgsh_order_operate.html?command=get_materiel&rest_code=00149&code=00101008024&supplier_code=00100008&order_time=2022-12-28 HTTP/1.1" 200 424
180.169.147.146 - - [29/Dec/2022:10:22:16 +0800] "GET /xingrg/all/function/internal_message.html?_=1672280546565&CODE_STATE=getMsg HTTP/1.1" 200 27
114.83.222.182 - - [29/Dec/2022:10:22:18 +0800] "GET /xingrg/all/function/internal_message.html?_=1672280620171&CODE_STATE=getMsg HTTP/1.1" 200 27
114.83.222.182 - - [29/Dec/2022:10:22:18 +0800] "GET /xingrg/check_reg.html?_=1672280620173 HTTP/1.1" 200 22
222.69.128.99 - - [29/Dec/2022:10:22:27 +0800] "GET /xingrg/kc/buy/cgsh_order_operate.html?command=get_materiel&rest_code=00149&code=00101008251&supplier_code=00100008&order_time=2022-12-28 HTTP/1.1" 200 408
222.69.192.184 - - [29/Dec/2022:10:22:28 +0800] "GET /xingrg/all/function/internal_message.html?_=1672280559255&CODE_STATE=getMsg HTTP/1.1" 200 27
222.69.192.184 - - [29/Dec/2022:10:22:31 +0800] "GET /xingrg/kc/buy/cgsh_order_operate.html?command=get_materiel&rest_code=00105&code=00101010248&supplier_code=00100012&order_time=2022-12-29 HTTP/1.1" 200 430
222.69.192.184 - - [29/Dec/2022:10:22:32 +0800] "POST /xingrg/all/common/load_select.html HTTP/1.1" 200 25
124.79.245.154 - - [29/Dec/2022:10:22:33 +0800] "GET /xingrg/all/function/internal_message.html?_=1672280563181&CODE_STATE=getMsg HTTP/1.1" 200 27
222.69.128.99 - - [29/Dec/2022:10:22:36 +0800] "GET /xingrg/kc/buy/cgsh_order_operate.html?command=get_materiel&rest_code=00149&code=00101008077&supplier_code=00100008&order_time=2022-12-28 HTTP/1.1" 200 416
222.69.192.184 - - [29/Dec/2022:10:22:36 +0800] "GET /xingrg/kc/buy/cgsh_order_operate.html?command=get_materiel_price&rest_code=00105&code=00101010248&unit_code=00100043&supplier_code=00100012&order_time=2022-12-29 HTTP/1.1" 200 29
114.84.81.136 - - [29/Dec/2022:10:22:39 +0800] "GET /favicon.ico HTTP/1.1" 404 -
58.37.6.240 - - [29/Dec/2022:10:22:41 +0800] "GET /xingrg/all/function/internal_message.html?_=1672280573708&CODE_STATE=getMsg HTTP/1.1" 200 27
58.40.7.146 - - [29/Dec/2022:10:22:43 +0800] "GET /xingrg/all/function/internal_message.html?_=1672280573432&CODE_STATE=getMsg HTTP/1.1" 302 -
222.69.128.99 - - [29/Dec/2022:10:22:49 +0800] "GET /xingrg/kc/buy/cgsh_order_operate.html?command=get_materiel&rest_code=00149&code=00101008169&supplier_code=00100008&order_time=2022-12-28 HTTP/1.1" 200 412
222.69.192.184 - - [29/Dec/2022:10:22:52 +0800] "GET /xingrg/kc/buy/cgsh_order_operate.html?command=get_materiel&rest_code=00105&code=00101006330&supplier_code=00100012&order_time=2022-12-29 HTTP/1.1" 200 401
222.69.128.99 - - [29/Dec/2022:10:22:53 +0800] "GET /xingrg/all/function/internal_message.html?_=1672280580549&CODE_STATE=getMsg HTTP/1.1" 200 27
58.221.95.50 - - [29/Dec/2022:10:22:53 +0800] "GET /xingrg/check_reg.html?_=1672280585009 HTTP/1.1" 302 -
222.69.192.184 - - [29/Dec/2022:10:22:57 +0800] "POST /xingrg/kc/buy/cgsh_order_operate.html HTTP/1.1" 200 37
116.230.105.139 - - [29/Dec/2022:10:22:58 +0800] "GET /xingrg/all/function/internal_message.html?_=1672280554594&CODE_STATE=getMsg HTTP/1.1" 200 27
116.238.139.35 - - [29/Dec/2022:10:22:58 +0800] "GET /xingrg/all/function/internal_message.html?_=1672280512279&CODE_STATE=getMsg HTTP/1.1" 200 27
222.69.192.184 - - [29/Dec/2022:10:22:59 +0800] "POST /xingrg/kc/buy/cgsh_order_operate.html HTTP/1.1" 200 3262
222.64.145.253 - - [29/Dec/2022:10:22:59 +0800] "GET /xingrg/all/function/internal_message.html?_=1672280593649&CODE_STATE=getMsg HTTP/1.1" 200 27
114.84.38.109 - - [29/Dec/2022:10:22:59 +0800] "GET /xingrg/all/function/internal_message.html?_=1672280604083&CODE_STATE=getMsg HTTP/1.1" 200 27
222.69.192.184 - - [29/Dec/2022:10:23:00 +0800] "GET /xingrg/kc/print/load_data.html?order_code=212022122905777&kc_code=cgsh&condition= HTTP/1.1" 200 993
222.69.128.99 - - [29/Dec/2022:10:23:01 +0800] "GET /xingrg/kc/buy/cgsh_order_operate.html?command=get_materiel&rest_code=00149&code=00101008005&supplier_code=00100008&order_time=2022-12-28 HTTP/1.1" 200 428
124.79.245.154 - - [29/Dec/2022:10:23:02 +0800] "GET /xingrg/all/function/internal_message.html?_=1672280824275&CODE_STATE=getMsg HTTP/1.1" 200 27
222.69.128.99 - - [29/Dec/2022:10:23:12 +0800] "GET /xingrg/kc/buy/cgsh_order_operate.html?command=get_materiel&rest_code=00149&code=00101008298&supplier_code=00100008&order_time=2022-12-28 HTTP/1.1" 200 427
180.169.147.146 - - [29/Dec/2022:10:23:16 +0800] "GET /xingrg/all/function/internal_message.html?_=1672280606556&CODE_STATE=getMsg HTTP/1.1" 200 27
114.83.222.182 - - [29/Dec/2022:10:23:18 +0800] "GET /xingrg/all/function/internal_message.html?_=1672280680166&CODE_STATE=getMsg HTTP/1.1" 200 27
222.69.128.99 - - [29/Dec/2022:10:23:23 +0800] "GET /xingrg/kc/buy/cgsh_order_operate.html?command=get_materiel&rest_code=00149&code=00101008330&supplier_code=00100008&order_time=2022-12-28 HTTP/1.1" 200 408
222.69.192.184 - - [29/Dec/2022:10:23:28 +0800] "GET /xingrg/all/function/internal_message.html?_=1672280619219&CODE_STATE=getMsg HTTP/1.1" 200 27
124.79.245.154 - - [29/Dec/2022:10:23:33 +0800] "GET /xingrg/all/function/internal_message.html?_=1672280623177&CODE_STATE=getMsg HTTP/1.1" 200 27
