114.88.159.190 - - [29/Dec/2022:15:21:48 +0800] "GET /xingrg/all/function/internal_message.html?_=1672298104261&CODE_STATE=getMsg HTTP/1.1" 200 27
114.88.159.190 - - [29/Dec/2022:15:21:52 +0800] "GET /xingrg/kc/buy/cgsh_order_add.html HTTP/1.1" 200 69860
114.88.159.190 - - [29/Dec/2022:15:21:53 +0800] "GET /xingrg/javascript/easyui/themes/default/validatebox.css HTTP/1.1" 404 1104
114.88.159.190 - - [29/Dec/2022:15:21:53 +0800] "POST /xingrg/kc/buy/cgsh_order_operate.html HTTP/1.1" 200 8245
116.230.105.139 - - [29/Dec/2022:15:21:54 +0800] "GET /xingrg/all/function/internal_message.html?_=1672298490104&CODE_STATE=getMsg HTTP/1.1" 200 27
222.64.145.253 - - [29/Dec/2022:15:21:54 +0800] "GET /xingrg/all/function/internal_message.html?_=1672298528734&CODE_STATE=getMsg HTTP/1.1" 200 27
114.88.159.190 - - [29/Dec/2022:15:22:05 +0800] "GET /xingrg/kc/buy/cgsh_order_operate.html?command=get_materiel&rest_code=00141&code=00101014136&supplier_code=00100571&order_time=2022-12-29 HTTP/1.1" 200 399
58.37.6.240 - - [29/Dec/2022:15:22:15 +0800] "GET /xingrg/all/function/internal_message.html?_=1672298546770&CODE_STATE=getMsg HTTP/1.1" 200 27
180.169.147.146 - - [29/Dec/2022:15:22:17 +0800] "GET /xingrg/all/function/internal_message.html?_=1672298548228&CODE_STATE=getMsg HTTP/1.1" 200 27
124.79.245.154 - - [29/Dec/2022:15:22:18 +0800] "GET /xingrg/all/function/internal_message.html?_=1672298779566&CODE_STATE=getMsg HTTP/1.1" 200 27
124.79.245.154 - - [29/Dec/2022:15:22:19 +0800] "GET /xingrg/check_reg.html?_=1672298781115 HTTP/1.1" 200 22
114.88.159.190 - - [29/Dec/2022:15:22:21 +0800] "GET /xingrg/kc/buy/cgsh_order_operate.html?command=get_materiel&rest_code=00141&code=00101014031&supplier_code=00100571&order_time=2022-12-29 HTTP/1.1" 200 413
116.238.139.35 - - [29/Dec/2022:15:22:25 +0800] "GET /xingrg/all/function/internal_message.html?_=1672298479476&CODE_STATE=getMsg HTTP/1.1" 200 27
124.79.245.154 - - [29/Dec/2022:15:22:26 +0800] "POST /xingrg/services/DataTransmitService HTTP/1.1" 200 524
124.79.245.154 - - [29/Dec/2022:15:22:26 +0800] "POST /xingrg/services/DataTransmitService HTTP/1.1" 200 412
114.88.159.190 - - [29/Dec/2022:15:22:29 +0800] "GET /xingrg/kc/buy/cgsh_order_operate.html?command=get_materiel&rest_code=00141&code=00101014131&supplier_code=00100571&order_time=2022-12-29 HTTP/1.1" 200 409
114.83.222.182 - - [29/Dec/2022:15:22:37 +0800] "GET /xingrg/all/function/internal_message.html?_=1672298639933&CODE_STATE=getMsg HTTP/1.1" 200 27
114.88.159.190 - - [29/Dec/2022:15:22:42 +0800] "GET /xingrg/kc/buy/cgsh_order_operate.html?command=get_materiel&rest_code=00141&code=00101019778&supplier_code=00100571&order_time=2022-12-29 HTTP/1.1" 200 409
114.84.38.109 - - [29/Dec/2022:15:22:46 +0800] "GET /xingrg/all/function/internal_message.html?_=1672298591620&CODE_STATE=getMsg HTTP/1.1" 200 27
114.84.171.241 - - [29/Dec/2022:15:22:46 +0800] "GET /xingrg/all/function/internal_message.html?_=1672298575412&CODE_STATE=getMsg HTTP/1.1" 200 27
114.88.159.190 - - [29/Dec/2022:15:22:48 +0800] "GET /xingrg/all/function/internal_message.html?_=1672298164239&CODE_STATE=getMsg HTTP/1.1" 200 27
58.221.95.50 - - [29/Dec/2022:15:22:52 +0800] "GET /xingrg/check_reg.html?_=1672298583254 HTTP/1.1" 302 -
116.230.105.139 - - [29/Dec/2022:15:22:54 +0800] "GET /xingrg/all/function/internal_message.html?_=1672298550086&CODE_STATE=getMsg HTTP/1.1" 200 27
222.64.145.253 - - [29/Dec/2022:15:22:54 +0800] "GET /xingrg/all/function/internal_message.html?_=1672298588718&CODE_STATE=getMsg HTTP/1.1" 200 27
114.88.159.190 - - [29/Dec/2022:15:22:56 +0800] "GET /xingrg/kc/buy/cgsh_order_operate.html?command=get_materiel&rest_code=00141&code=00101014137&supplier_code=00100571&order_time=2022-12-29 HTTP/1.1" 200 391
114.88.159.190 - - [29/Dec/2022:15:23:07 +0800] "GET /xingrg/kc/buy/cgsh_order_operate.html?command=get_materiel&rest_code=00141&code=00101019779&supplier_code=00100571&order_time=2022-12-29 HTTP/1.1" 200 412
114.83.222.182 - - [29/Dec/2022:15:23:10 +0800] "GET /xingrg/kc/buy/cgsh_order_list.html HTTP/1.1" 200 54084
114.83.222.182 - - [29/Dec/2022:15:23:11 +0800] "POST /xingrg/kc/buy/cgsh_list_operate.html HTTP/1.1" 200 986
114.83.222.182 - - [29/Dec/2022:15:23:12 +0800] "GET /xingrg/kc/buy/cgsh_order_add.html HTTP/1.1" 200 69063
114.83.222.182 - - [29/Dec/2022:15:23:12 +0800] "GET /xingrg/words/20221229121016_words.js HTTP/1.1" 304 -
114.83.222.182 - - [29/Dec/2022:15:23:13 +0800] "POST /xingrg/kc/buy/cgsh_order_operate.html HTTP/1.1" 200 8245
114.83.222.182 - - [29/Dec/2022:15:23:13 +0800] "GET /xingrg/javascript/easyui/themes/default/validatebox.css HTTP/1.1" 404 1104
114.83.222.182 - - [29/Dec/2022:15:23:13 +0800] "GET /xingrg/all/common/auto_word.html?type=employee&rest_code=00154 HTTP/1.1" 200 101
114.83.222.182 - - [29/Dec/2022:15:23:13 +0800] "GET /xingrg/all/common/auto_word.html?type=employee&rest_code=00154 HTTP/1.1" 200 101
58.37.6.240 - - [29/Dec/2022:15:23:15 +0800] "GET /xingrg/all/function/internal_message.html?_=1672298606770&CODE_STATE=getMsg HTTP/1.1" 200 27
58.37.6.240 - - [29/Dec/2022:15:23:16 +0800] "GET /xingrg/check_reg.html?_=1672298607861 HTTP/1.1" 200 22
180.169.147.146 - - [29/Dec/2022:15:23:17 +0800] "GET /xingrg/all/function/internal_message.html?_=1672298608232&CODE_STATE=getMsg HTTP/1.1" 200 27
124.79.245.154 - - [29/Dec/2022:15:23:18 +0800] "GET /xingrg/all/function/internal_message.html?_=1672298839536&CODE_STATE=getMsg HTTP/1.1" 200 27
114.88.159.190 - - [29/Dec/2022:15:23:23 +0800] "GET /xingrg/kc/buy/cgsh_order_operate.html?command=get_materiel&rest_code=00141&code=00101014133&supplier_code=00100571&order_time=2022-12-29 HTTP/1.1" 200 423
116.238.139.35 - - [29/Dec/2022:15:23:25 +0800] "GET /xingrg/all/function/internal_message.html?_=1672298539489&CODE_STATE=getMsg HTTP/1.1" 200 27
114.83.222.182 - - [29/Dec/2022:15:23:37 +0800] "GET /xingrg/all/function/internal_message.html?_=1672298699950&CODE_STATE=getMsg HTTP/1.1" 200 27
114.88.159.190 - - [29/Dec/2022:15:23:42 +0800] "GET /xingrg/kc/buy/cgsh_order_operate.html?command=get_materiel&rest_code=00141&code=00101010638&supplier_code=00100571&order_time=2022-12-29 HTTP/1.1" 200 414
114.84.38.109 - - [29/Dec/2022:15:23:46 +0800] "GET /xingrg/all/function/internal_message.html?_=1672298651632&CODE_STATE=getMsg HTTP/1.1" 200 27
114.84.171.241 - - [29/Dec/2022:15:23:46 +0800] "GET /xingrg/all/function/internal_message.html?_=1672298635413&CODE_STATE=getMsg HTTP/1.1" 200 27
114.88.159.190 - - [29/Dec/2022:15:23:48 +0800] "GET /xingrg/all/function/internal_message.html?_=1672298224220&CODE_STATE=getMsg HTTP/1.1" 200 27
114.88.159.190 - - [29/Dec/2022:15:23:50 +0800] "GET /xingrg/kc/buy/cgsh_order_operate.html?command=get_materiel&rest_code=00141&code=00101014138&supplier_code=00100571&order_time=2022-12-29 HTTP/1.1" 200 409
116.230.105.139 - - [29/Dec/2022:15:23:54 +0800] "GET /xingrg/all/function/internal_message.html?_=1672298610071&CODE_STATE=getMsg HTTP/1.1" 200 27
222.64.145.253 - - [29/Dec/2022:15:23:54 +0800] "GET /xingrg/all/function/internal_message.html?_=1672298648701&CODE_STATE=getMsg HTTP/1.1" 200 27
116.230.105.139 - - [29/Dec/2022:15:23:58 +0800] "GET /xingrg/check_reg.html?_=1672298614600 HTTP/1.1" 200 22
114.88.159.190 - - [29/Dec/2022:15:24:02 +0800] "POST /xingrg/kc/buy/cgsh_order_operate.html HTTP/1.1" 200 37
114.88.159.190 - - [29/Dec/2022:15:24:06 +0800] "POST /xingrg/kc/buy/cgsh_order_operate.html HTTP/1.1" 200 12
114.88.159.190 - - [29/Dec/2022:15:24:07 +0800] "GET /xingrg/kc/buy/cgsh_order_info.html?code=212022122905809 HTTP/1.1" 200 64768
114.88.159.190 - - [29/Dec/2022:15:24:08 +0800] "GET /xingrg/javascript/easyui/themes/default/validatebox.css HTTP/1.1" 404 1104
114.88.159.190 - - [29/Dec/2022:15:24:08 +0800] "POST /xingrg/kc/buy/cgsh_order_operate.html HTTP/1.1" 200 4795
114.88.159.190 - - [29/Dec/2022:15:24:09 +0800] "GET /xingrg/kc/print/load_data.html?order_code=212022122905809&kc_code=cgsh&condition= HTTP/1.1" 200 2329
58.37.6.240 - - [29/Dec/2022:15:24:15 +0800] "GET /xingrg/all/function/internal_message.html?_=1672298666770&CODE_STATE=getMsg HTTP/1.1" 200 27
180.169.147.146 - - [29/Dec/2022:15:24:17 +0800] "GET /xingrg/all/function/internal_message.html?_=1672298668250&CODE_STATE=getMsg HTTP/1.1" 200 27
180.169.147.146 - - [29/Dec/2022:15:24:17 +0800] "GET /xingrg/check_reg.html?_=1672298668274 HTTP/1.1" 200 22
124.79.245.154 - - [29/Dec/2022:15:24:18 +0800] "GET /xingrg/all/function/internal_message.html?_=1672298899519&CODE_STATE=getMsg HTTP/1.1" 200 27
222.70.177.10 - - [29/Dec/2022:15:24:23 +0800] "POST /xingrg/services/DataTransmitService HTTP/1.1" 200 524
116.238.139.35 - - [29/Dec/2022:15:24:25 +0800] "GET /xingrg/all/function/internal_message.html?_=1672298599538&CODE_STATE=getMsg HTTP/1.1" 200 27
114.83.222.182 - - [29/Dec/2022:15:24:37 +0800] "GET /xingrg/check_reg.html?_=1672298759947 HTTP/1.1" 200 22
114.83.222.182 - - [29/Dec/2022:15:24:37 +0800] "GET /xingrg/all/function/internal_message.html?_=1672298759950&CODE_STATE=getMsg HTTP/1.1" 200 27
114.84.171.241 - - [29/Dec/2022:15:24:46 +0800] "GET /xingrg/all/function/internal_message.html?_=1672298695413&CODE_STATE=getMsg HTTP/1.1" 200 27
114.84.38.109 - - [29/Dec/2022:15:24:47 +0800] "GET /xingrg/all/function/internal_message.html?_=1672298712131&CODE_STATE=getMsg HTTP/1.1" 200 27
114.88.159.190 - - [29/Dec/2022:15:24:48 +0800] "GET /xingrg/check_reg.html?_=1672298284163 HTTP/1.1" 200 22
114.88.159.190 - - [29/Dec/2022:15:24:48 +0800] "GET /xingrg/all/function/internal_message.html?_=1672298284195&CODE_STATE=getMsg HTTP/1.1" 200 27
116.230.105.139 - - [29/Dec/2022:15:24:54 +0800] "GET /xingrg/all/function/internal_message.html?_=1672298670064&CODE_STATE=getMsg HTTP/1.1" 200 27
222.64.145.253 - - [29/Dec/2022:15:24:54 +0800] "GET /xingrg/all/function/internal_message.html?_=1672298708685&CODE_STATE=getMsg HTTP/1.1" 200 27
114.83.222.182 - - [29/Dec/2022:15:25:00 +0800] "GET /xingrg/javascript/easyui/plugins/jquery.draggable.js HTTP/1.1" 200 6121
114.83.222.182 - - [29/Dec/2022:15:25:00 +0800] "GET /xingrg/javascript/easyui/plugins/jquery.droppable.js HTTP/1.1" 200 1167
114.83.222.182 - - [29/Dec/2022:15:25:00 +0800] "GET /xingrg/javascript/easyui/themes/default/tree.css HTTP/1.1" 404 1090
114.83.222.182 - - [29/Dec/2022:15:25:00 +0800] "GET /xingrg/javascript/easyui/plugins/jquery.tree.js HTTP/1.1" 200 20874
114.83.222.182 - - [29/Dec/2022:15:25:00 +0800] "POST /xingrg/all/common/load_tree.html?tree=supplier_tree_json&isDelete=1 HTTP/1.1" 200 70864
114.83.222.182 - - [29/Dec/2022:15:25:02 +0800] "GET /xingrg/javascript/easyui/themes/default/images/tree_arrows.gif HTTP/1.1" 200 617
114.83.222.182 - - [29/Dec/2022:15:25:02 +0800] "GET /xingrg/javascript/easyui/themes/default/images/tree_folder.gif HTTP/1.1" 200 952
114.83.222.182 - - [29/Dec/2022:15:25:02 +0800] "GET /xingrg/javascript/easyui/themes/default/images/tree_file.gif HTTP/1.1" 200 118
114.83.222.182 - - [29/Dec/2022:15:25:02 +0800] "GET /xingrg/javascript/easyui/themes/default/images/tree_folder_open.gif HTTP/1.1" 200 956
114.84.38.109 - - [29/Dec/2022:15:25:05 +0800] "GET /xingrg/check_reg.html?_=1672298730912 HTTP/1.1" 200 22
58.37.6.240 - - [29/Dec/2022:15:25:15 +0800] "GET /xingrg/all/function/internal_message.html?_=1672298726759&CODE_STATE=getMsg HTTP/1.1" 200 27
180.169.147.146 - - [29/Dec/2022:15:25:17 +0800] "GET /xingrg/all/function/internal_message.html?_=1672298728231&CODE_STATE=getMsg HTTP/1.1" 200 27
124.79.245.154 - - [29/Dec/2022:15:25:18 +0800] "GET /xingrg/all/function/internal_message.html?_=1672298959495&CODE_STATE=getMsg HTTP/1.1" 200 27
116.238.139.35 - - [29/Dec/2022:15:25:25 +0800] "GET /xingrg/all/function/internal_message.html?_=1672298659548&CODE_STATE=getMsg HTTP/1.1" 200 27
114.83.222.182 - - [29/Dec/2022:15:25:36 +0800] "GET /xingrg/kc/buy/cgsh_order_operate.html?command=get_materiel&rest_code=00154&code=00101006206&supplier_code=00100151&order_time=2022-12-29 HTTP/1.1" 200 413
114.83.222.182 - - [29/Dec/2022:15:25:37 +0800] "GET /xingrg/all/function/internal_message.html?_=1672298819942&CODE_STATE=getMsg HTTP/1.1" 200 27
114.84.171.241 - - [29/Dec/2022:15:25:46 +0800] "GET /xingrg/check_reg.html?_=1672298755412 HTTP/1.1" 200 22
114.84.171.241 - - [29/Dec/2022:15:25:47 +0800] "GET /xingrg/all/function/internal_message.html?_=1672298755415&CODE_STATE=getMsg HTTP/1.1" 200 27
114.84.38.109 - - [29/Dec/2022:15:25:47 +0800] "GET /xingrg/all/function/internal_message.html?_=1672298772142&CODE_STATE=getMsg HTTP/1.1" 200 27
114.88.159.190 - - [29/Dec/2022:15:25:48 +0800] "GET /xingrg/all/function/internal_message.html?_=1672298344177&CODE_STATE=getMsg HTTP/1.1" 200 27
116.230.105.139 - - [29/Dec/2022:15:25:54 +0800] "GET /xingrg/all/function/internal_message.html?_=1672298730051&CODE_STATE=getMsg HTTP/1.1" 200 27
222.64.145.253 - - [29/Dec/2022:15:25:54 +0800] "GET /xingrg/all/function/internal_message.html?_=1672298768669&CODE_STATE=getMsg HTTP/1.1" 200 27
58.37.6.240 - - [29/Dec/2022:15:26:15 +0800] "GET /xingrg/all/function/internal_message.html?_=1672298786755&CODE_STATE=getMsg HTTP/1.1" 200 27
180.169.147.146 - - [29/Dec/2022:15:26:17 +0800] "GET /xingrg/all/function/internal_message.html?_=1672298788215&CODE_STATE=getMsg HTTP/1.1" 200 27
222.64.145.253 - - [29/Dec/2022:15:26:17 +0800] "GET /xingrg/check_reg.html?_=1672298792007 HTTP/1.1" 200 22
124.79.245.154 - - [29/Dec/2022:15:26:18 +0800] "GET /xingrg/all/function/internal_message.html?_=1672299019468&CODE_STATE=getMsg HTTP/1.1" 200 27
116.238.139.35 - - [29/Dec/2022:15:26:24 +0800] "GET /xingrg/check_reg.html?_=1672298717804 HTTP/1.1" 200 22
116.238.139.35 - - [29/Dec/2022:15:26:25 +0800] "GET /xingrg/all/function/internal_message.html?_=1672298719561&CODE_STATE=getMsg HTTP/1.1" 200 27
114.83.222.182 - - [29/Dec/2022:15:26:37 +0800] "GET /xingrg/all/function/internal_message.html?_=1672298879943&CODE_STATE=getMsg HTTP/1.1" 200 27
114.84.171.241 - - [29/Dec/2022:15:26:46 +0800] "GET /xingrg/all/function/internal_message.html?_=1672298815400&CODE_STATE=getMsg HTTP/1.1" 200 27
114.84.38.109 - - [29/Dec/2022:15:26:47 +0800] "GET /xingrg/all/function/internal_message.html?_=1672298832156&CODE_STATE=getMsg HTTP/1.1" 200 27
114.88.159.190 - - [29/Dec/2022:15:26:48 +0800] "GET /xingrg/all/function/internal_message.html?_=1672298404154&CODE_STATE=getMsg HTTP/1.1" 200 27
114.83.222.182 - - [29/Dec/2022:15:26:48 +0800] "GET /xingrg/kc/buy/cgsh_order_operate.html?command=get_materiel&rest_code=00154&code=00101040050&supplier_code=00100151&order_time=2022-12-29 HTTP/1.1" 200 419
114.83.222.182 - - [29/Dec/2022:15:26:51 +0800] "POST /xingrg/all/common/load_select.html HTTP/1.1" 200 25
116.230.105.139 - - [29/Dec/2022:15:26:54 +0800] "GET /xingrg/all/function/internal_message.html?_=1672298790034&CODE_STATE=getMsg HTTP/1.1" 200 27
222.64.145.253 - - [29/Dec/2022:15:26:54 +0800] "GET /xingrg/all/function/internal_message.html?_=1672298828654&CODE_STATE=getMsg HTTP/1.1" 200 27
114.83.222.182 - - [29/Dec/2022:15:26:59 +0800] "GET /xingrg/kc/buy/cgsh_order_operate.html?command=get_materiel_price&rest_code=00154&code=00101040050&unit_code=00100700&supplier_code=00100151&order_time=2022-12-29 HTTP/1.1" 200 28
114.83.222.182 - - [29/Dec/2022:15:27:11 +0800] "GET /xingrg/kc/buy/cgsh_order_operate.html?command=get_materiel_price&rest_code=00154&code=00101040050&unit_code=00100701&supplier_code=00100151&order_time=2022-12-29 HTTP/1.1" 200 29
58.37.6.240 - - [29/Dec/2022:15:27:15 +0800] "GET /xingrg/all/function/internal_message.html?_=1672298846763&CODE_STATE=getMsg HTTP/1.1" 200 27
180.169.147.146 - - [29/Dec/2022:15:27:17 +0800] "GET /xingrg/all/function/internal_message.html?_=1672298848214&CODE_STATE=getMsg HTTP/1.1" 200 27
124.79.245.154 - - [29/Dec/2022:15:27:17 +0800] "GET /xingrg/all/function/internal_message.html?_=1672299079436&CODE_STATE=getMsg HTTP/1.1" 200 27
124.79.245.154 - - [29/Dec/2022:15:27:19 +0800] "GET /xingrg/check_reg.html?_=1672299081097 HTTP/1.1" 200 22
116.238.139.35 - - [29/Dec/2022:15:27:26 +0800] "GET /xingrg/all/function/internal_message.html?_=1672298779575&CODE_STATE=getMsg HTTP/1.1" 200 27
114.83.222.182 - - [29/Dec/2022:15:27:37 +0800] "GET /xingrg/all/function/internal_message.html?_=1672298939936&CODE_STATE=getMsg HTTP/1.1" 200 27
114.84.171.241 - - [29/Dec/2022:15:27:46 +0800] "GET /xingrg/all/function/internal_message.html?_=1672298875400&CODE_STATE=getMsg HTTP/1.1" 200 27
114.84.38.109 - - [29/Dec/2022:15:27:47 +0800] "GET /xingrg/all/function/internal_message.html?_=1672298892709&CODE_STATE=getMsg HTTP/1.1" 200 27
114.88.159.190 - - [29/Dec/2022:15:27:48 +0800] "GET /xingrg/all/function/internal_message.html?_=1672298464163&CODE_STATE=getMsg HTTP/1.1" 200 27
180.162.115.6 - - [29/Dec/2022:15:27:52 +0800] "GET /xingrg HTTP/1.1" 302 -
58.221.95.50 - - [29/Dec/2022:15:27:52 +0800] "GET /xingrg/check_reg.html?_=1672298883240 HTTP/1.1" 302 -
180.162.115.6 - - [29/Dec/2022:15:27:53 +0800] "GET /favicon.ico HTTP/1.1" 404 -
180.162.115.6 - - [29/Dec/2022:15:27:53 +0800] "GET /xingrg/index.html HTTP/1.1" 302 -
180.162.115.6 - - [29/Dec/2022:15:27:53 +0800] "GET /xingrg/login.html HTTP/1.1" 200 7641
180.162.115.6 - - [29/Dec/2022:15:27:53 +0800] "GET /favicon.ico HTTP/1.1" 404 -
116.230.105.139 - - [29/Dec/2022:15:27:54 +0800] "GET /xingrg/all/function/internal_message.html?_=1672298850014&CODE_STATE=getMsg HTTP/1.1" 200 27
222.64.145.253 - - [29/Dec/2022:15:27:54 +0800] "GET /xingrg/all/function/internal_message.html?_=1672298888638&CODE_STATE=getMsg HTTP/1.1" 200 27
114.83.222.182 - - [29/Dec/2022:15:28:06 +0800] "GET /xingrg/kc/buy/cgsh_order_operate.html?command=get_materiel&rest_code=00154&code=00101040051&supplier_code=00100151&order_time=2022-12-29 HTTP/1.1" 200 419
180.162.115.6 - - [29/Dec/2022:15:28:06 +0800] "POST /xingrg/login.do HTTP/1.1" 302 -
180.162.115.6 - - [29/Dec/2022:15:28:06 +0800] "GET /xingrg/index.html?sysBaseUrl=http%3A%2F%2F180.169.147.146%3A18081%2Fxingrg%2F&costTime=40×tamp=1672298886692 HTTP/1.1" 200 17179
180.162.115.6 - - [29/Dec/2022:15:28:06 +0800] "GET /favicon.ico HTTP/1.1" 404 -
180.162.115.6 - - [29/Dec/2022:15:28:06 +0800] "POST /xingrg/all/common/load_tree.html?tree=area_rest_tree_json&manage=1 HTTP/1.1" 200 351
180.162.115.6 - - [29/Dec/2022:15:28:06 +0800] "GET /xingrg/all/function/internal_message.html?_=1672297892881&CODE_STATE=count HTTP/1.1" 200 11
180.162.115.6 - - [29/Dec/2022:15:28:06 +0800] "GET /xingrg/check_reg.html?_=1672297892882 HTTP/1.1" 200 22
180.162.115.6 - - [29/Dec/2022:15:28:06 +0800] "POST /xingrg/load_menu.html HTTP/1.1" 200 5138
180.162.115.6 - - [29/Dec/2022:15:28:08 +0800] "GET /xingrg/kc/buy/buy_main.html HTTP/1.1" 200 12412
180.162.115.6 - - [29/Dec/2022:15:28:08 +0800] "GET /xingrg/css/new_ie.css HTTP/1.1" 404 1036
180.162.115.6 - - [29/Dec/2022:15:28:09 +0800] "GET /xingrg/images/yd/bt.gif HTTP/1.1" 404 1040
180.162.115.6 - - [29/Dec/2022:15:28:09 +0800] "GET /xingrg/kc/buy/cgsh_order_list.html HTTP/1.1" 200 54084
180.162.115.6 - - [29/Dec/2022:15:28:12 +0800] "POST /xingrg/kc/buy/cgsh_list_operate.html HTTP/1.1" 200 1875
180.162.115.6 - - [29/Dec/2022:15:28:13 +0800] "GET /xingrg/kc/buy/cgsh_order_add.html HTTP/1.1" 200 68940
180.162.115.6 - - [29/Dec/2022:15:28:13 +0800] "GET /xingrg/words/20221229121016_words.js HTTP/1.1" 304 -
180.162.115.6 - - [29/Dec/2022:15:28:13 +0800] "POST /xingrg/kc/buy/cgsh_order_operate.html HTTP/1.1" 200 8245
180.162.115.6 - - [29/Dec/2022:15:28:13 +0800] "GET /xingrg/all/common/auto_word.html?type=employee&rest_code=00143 HTTP/1.1" 200 55
180.162.115.6 - - [29/Dec/2022:15:28:13 +0800] "GET /xingrg/javascript/easyui/themes/default/validatebox.css HTTP/1.1" 404 1104
180.162.115.6 - - [29/Dec/2022:15:28:13 +0800] "GET /xingrg/all/common/auto_word.html?type=employee&rest_code=00143 HTTP/1.1" 200 55
180.162.115.6 - - [29/Dec/2022:15:28:14 +0800] "GET /xingrg/javascript/easyui/plugins/jquery.draggable.js HTTP/1.1" 304 -
180.162.115.6 - - [29/Dec/2022:15:28:14 +0800] "GET /xingrg/css/images/panel_loading.gif HTTP/1.1" 304 -
180.162.115.6 - - [29/Dec/2022:15:28:14 +0800] "GET /xingrg/javascript/easyui/plugins/jquery.droppable.js HTTP/1.1" 304 -
180.162.115.6 - - [29/Dec/2022:15:28:14 +0800] "GET /xingrg/javascript/easyui/themes/default/tree.css HTTP/1.1" 404 1090
180.162.115.6 - - [29/Dec/2022:15:28:14 +0800] "GET /xingrg/javascript/easyui/plugins/jquery.tree.js HTTP/1.1" 304 -
180.162.115.6 - - [29/Dec/2022:15:28:15 +0800] "POST /xingrg/all/common/load_tree.html?tree=supplier_tree_json&isDelete=1 HTTP/1.1" 200 70864
58.37.6.240 - - [29/Dec/2022:15:28:15 +0800] "GET /xingrg/all/function/internal_message.html?_=1672298906757&CODE_STATE=getMsg HTTP/1.1" 200 27
58.37.6.240 - - [29/Dec/2022:15:28:16 +0800] "GET /xingrg/check_reg.html?_=1672298907833 HTTP/1.1" 200 22
180.162.115.6 - - [29/Dec/2022:15:28:16 +0800] "GET /xingrg/javascript/easyui/themes/default/images/tree_arrows.gif HTTP/1.1" 304 -
180.162.115.6 - - [29/Dec/2022:15:28:16 +0800] "GET /xingrg/javascript/easyui/themes/default/images/tree_folder_open.gif HTTP/1.1" 304 -
180.162.115.6 - - [29/Dec/2022:15:28:16 +0800] "GET /xingrg/javascript/easyui/themes/default/images/tree_file.gif HTTP/1.1" 304 -
180.162.115.6 - - [29/Dec/2022:15:28:16 +0800] "GET /xingrg/javascript/easyui/themes/default/images/tree_folder.gif HTTP/1.1" 304 -
180.169.147.146 - - [29/Dec/2022:15:28:17 +0800] "GET /xingrg/all/function/internal_message.html?_=1672298908215&CODE_STATE=getMsg HTTP/1.1" 200 27
124.79.245.154 - - [29/Dec/2022:15:28:17 +0800] "GET /xingrg/all/function/internal_message.html?_=1672299139418&CODE_STATE=getMsg HTTP/1.1" 200 27
116.238.139.35 - - [29/Dec/2022:15:28:26 +0800] "GET /xingrg/all/function/internal_message.html?_=1672298839589&CODE_STATE=getMsg HTTP/1.1" 200 27
114.83.222.182 - - [29/Dec/2022:15:28:35 +0800] "POST /xingrg/kc/buy/cgsh_order_operate.html HTTP/1.1" 200 37
114.83.222.182 - - [29/Dec/2022:15:28:37 +0800] "GET /xingrg/all/function/internal_message.html?_=1672298999942&CODE_STATE=getMsg HTTP/1.1" 200 27
180.162.115.6 - - [29/Dec/2022:15:28:38 +0800] "GET /xingrg/javascript/auto/indicator.gif HTTP/1.1" 404 1066
114.83.222.182 - - [29/Dec/2022:15:28:39 +0800] "POST /xingrg/kc/buy/cgsh_order_operate.html HTTP/1.1" 200 12
114.83.222.182 - - [29/Dec/2022:15:28:41 +0800] "GET /xingrg/kc/buy/cgsh_order_info.html?code=212022122905810 HTTP/1.1" 200 63956
114.83.222.182 - - [29/Dec/2022:15:28:41 +0800] "GET /xingrg/javascript/easyui/themes/default/validatebox.css HTTP/1.1" 404 1104
114.83.222.182 - - [29/Dec/2022:15:28:42 +0800] "POST /xingrg/kc/buy/cgsh_order_operate.html HTTP/1.1" 200 1815
114.83.222.182 - - [29/Dec/2022:15:28:43 +0800] "GET /xingrg/kc/print/load_config.html?kc_code=cgsh HTTP/1.1" 200 1943
114.83.222.182 - - [29/Dec/2022:15:28:43 +0800] "GET /xingrg/kc/print/load_data.html?order_code=212022122905810&kc_code=cgsh&condition= HTTP/1.1" 200 1183
180.162.115.6 - - [29/Dec/2022:15:28:44 +0800] "GET /xingrg/kc/buy/cgsh_order_operate.html?command=get_materiel&rest_code=00143&code=00101008126&supplier_code=00100161&order_time=2022-12-29 HTTP/1.1" 200 412
114.84.171.241 - - [29/Dec/2022:15:28:46 +0800] "GET /xingrg/all/function/internal_message.html?_=1672298935401&CODE_STATE=getMsg HTTP/1.1" 200 27
114.84.38.109 - - [29/Dec/2022:15:28:47 +0800] "GET /xingrg/all/function/internal_message.html?_=1672298952714&CODE_STATE=getMsg HTTP/1.1" 200 27
114.88.159.190 - - [29/Dec/2022:15:28:48 +0800] "GET /xingrg/all/function/internal_message.html?_=1672298524159&CODE_STATE=getMsg HTTP/1.1" 200 27
116.230.105.139 - - [29/Dec/2022:15:28:54 +0800] "GET /xingrg/all/function/internal_message.html?_=1672298910000&CODE_STATE=getMsg HTTP/1.1" 200 27
222.64.145.253 - - [29/Dec/2022:15:28:54 +0800] "GET /xingrg/all/function/internal_message.html?_=1672298948622&CODE_STATE=getMsg HTTP/1.1" 200 27
180.162.115.6 - - [29/Dec/2022:15:28:58 +0800] "GET /xingrg/kc/buy/cgsh_order_operate.html?command=get_materiel&rest_code=00143&code=00101008108&supplier_code=00100161&order_time=2022-12-29 HTTP/1.1" 200 412
116.230.105.139 - - [29/Dec/2022:15:28:58 +0800] "GET /xingrg/check_reg.html?_=1672298914600 HTTP/1.1" 200 22
180.162.115.6 - - [29/Dec/2022:15:29:06 +0800] "GET /xingrg/all/function/internal_message.html?_=1672297952921&CODE_STATE=getMsg HTTP/1.1" 200 27
180.162.115.6 - - [29/Dec/2022:15:29:10 +0800] "GET /xingrg/kc/buy/cgsh_order_operate.html?command=get_materiel&rest_code=00143&code=00101008036&supplier_code=00100161&order_time=2022-12-29 HTTP/1.1" 200 408
58.37.6.240 - - [29/Dec/2022:15:29:15 +0800] "GET /xingrg/all/function/internal_message.html?_=1672298966736&CODE_STATE=getMsg HTTP/1.1" 200 27
180.169.147.146 - - [29/Dec/2022:15:29:17 +0800] "GET /xingrg/all/function/internal_message.html?_=1672298968226&CODE_STATE=getMsg HTTP/1.1" 200 27
180.169.147.146 - - [29/Dec/2022:15:29:17 +0800] "GET /xingrg/check_reg.html?_=1672298968244 HTTP/1.1" 200 22
124.79.245.154 - - [29/Dec/2022:15:29:17 +0800] "GET /xingrg/all/function/internal_message.html?_=1672299199395&CODE_STATE=getMsg HTTP/1.1" 200 27
180.162.115.6 - - [29/Dec/2022:15:29:21 +0800] "GET /xingrg/kc/buy/cgsh_order_operate.html?command=get_materiel&rest_code=00143&code=00101008005&supplier_code=00100161&order_time=2022-12-29 HTTP/1.1" 200 428
116.238.139.35 - - [29/Dec/2022:15:29:26 +0800] "GET /xingrg/all/function/internal_message.html?_=1672298899641&CODE_STATE=getMsg HTTP/1.1" 200 27
180.162.115.6 - - [29/Dec/2022:15:29:36 +0800] "GET /xingrg/kc/buy/cgsh_order_operate.html?command=get_materiel&rest_code=00143&code=00101008049&supplier_code=00100161&order_time=2022-12-29 HTTP/1.1" 200 408
114.83.222.182 - - [29/Dec/2022:15:29:37 +0800] "GET /xingrg/all/function/internal_message.html?_=1672299059938&CODE_STATE=getMsg HTTP/1.1" 200 27
114.83.222.182 - - [29/Dec/2022:15:29:37 +0800] "GET /xingrg/check_reg.html?_=1672299059940 HTTP/1.1" 200 22
114.84.171.241 - - [29/Dec/2022:15:29:46 +0800] "GET /xingrg/all/function/internal_message.html?_=1672298995401&CODE_STATE=getMsg HTTP/1.1" 200 27
114.84.38.109 - - [29/Dec/2022:15:29:48 +0800] "GET /xingrg/all/function/internal_message.html?_=1672299013335&CODE_STATE=getMsg HTTP/1.1" 200 27
114.88.159.190 - - [29/Dec/2022:15:29:48 +0800] "GET /xingrg/all/function/internal_message.html?_=1672298584153&CODE_STATE=getMsg HTTP/1.1" 200 27
114.88.159.190 - - [29/Dec/2022:15:29:48 +0800] "GET /xingrg/check_reg.html?_=1672298584154 HTTP/1.1" 200 22
180.162.115.6 - - [29/Dec/2022:15:29:49 +0800] "GET /xingrg/kc/buy/cgsh_order_operate.html?command=get_materiel&rest_code=00143&code=00101008059&supplier_code=00100161&order_time=2022-12-29 HTTP/1.1" 200 424
116.230.105.139 - - [29/Dec/2022:15:29:54 +0800] "GET /xingrg/all/function/internal_message.html?_=1672298969996&CODE_STATE=getMsg HTTP/1.1" 200 27
222.64.145.253 - - [29/Dec/2022:15:29:54 +0800] "GET /xingrg/all/function/internal_message.html?_=1672299008608&CODE_STATE=getMsg HTTP/1.1" 200 27
180.162.115.6 - - [29/Dec/2022:15:30:00 +0800] "GET /xingrg/kc/buy/cgsh_order_operate.html?command=get_materiel&rest_code=00143&code=00101008370&supplier_code=00100161&order_time=2022-12-29 HTTP/1.1" 200 412
114.84.38.109 - - [29/Dec/2022:15:30:05 +0800] "GET /xingrg/check_reg.html?_=1672299030919 HTTP/1.1" 200 22
180.162.115.6 - - [29/Dec/2022:15:30:06 +0800] "GET /xingrg/all/function/internal_message.html?_=1672298012877&CODE_STATE=getMsg HTTP/1.1" 200 27
58.37.6.240 - - [29/Dec/2022:15:30:15 +0800] "GET /xingrg/all/function/internal_message.html?_=1672299026736&CODE_STATE=getMsg HTTP/1.1" 200 27
180.169.147.146 - - [29/Dec/2022:15:30:17 +0800] "GET /xingrg/all/function/internal_message.html?_=1672299028238&CODE_STATE=getMsg HTTP/1.1" 200 27
124.79.245.154 - - [29/Dec/2022:15:30:17 +0800] "GET /xingrg/all/function/internal_message.html?_=1672299259365&CODE_STATE=getMsg HTTP/1.1" 200 27
180.162.115.6 - - [29/Dec/2022:15:30:21 +0800] "GET /xingrg/kc/buy/cgsh_order_operate.html?command=get_materiel&rest_code=00143&code=00101008361&supplier_code=00100161&order_time=2022-12-29 HTTP/1.1" 200 408
116.238.139.35 - - [29/Dec/2022:15:30:26 +0800] "GET /xingrg/all/function/internal_message.html?_=1672298959647&CODE_STATE=getMsg HTTP/1.1" 200 27
180.162.115.6 - - [29/Dec/2022:15:30:30 +0800] "GET /xingrg/kc/buy/cgsh_order_operate.html?command=get_materiel&rest_code=00143&code=00101008355&supplier_code=00100161&order_time=2022-12-29 HTTP/1.1" 200 425
114.83.222.182 - - [29/Dec/2022:15:30:37 +0800] "GET /xingrg/all/function/internal_message.html?_=1672299119947&CODE_STATE=getMsg HTTP/1.1" 200 27
180.162.115.6 - - [29/Dec/2022:15:30:43 +0800] "GET /xingrg/kc/buy/cgsh_order_operate.html?command=get_materiel&rest_code=00143&code=00101008024&supplier_code=00100161&order_time=2022-12-29 HTTP/1.1" 200 424
114.84.171.241 - - [29/Dec/2022:15:30:47 +0800] "GET /xingrg/all/function/internal_message.html?_=1672299055414&CODE_STATE=getMsg HTTP/1.1" 200 27
114.84.171.241 - - [29/Dec/2022:15:30:47 +0800] "GET /xingrg/check_reg.html?_=1672299055417 HTTP/1.1" 200 22
114.84.38.109 - - [29/Dec/2022:15:30:48 +0800] "GET /xingrg/all/function/internal_message.html?_=1672299073350&CODE_STATE=getMsg HTTP/1.1" 200 27
114.88.159.190 - - [29/Dec/2022:15:30:48 +0800] "GET /xingrg/all/function/internal_message.html?_=1672298644164&CODE_STATE=getMsg HTTP/1.1" 200 27
116.230.105.139 - - [29/Dec/2022:15:30:54 +0800] "GET /xingrg/all/function/internal_message.html?_=1672299029984&CODE_STATE=getMsg HTTP/1.1" 200 27
222.64.145.253 - - [29/Dec/2022:15:30:54 +0800] "GET /xingrg/all/function/internal_message.html?_=1672299068592&CODE_STATE=getMsg HTTP/1.1" 200 27
180.162.115.6 - - [29/Dec/2022:15:30:55 +0800] "GET /xingrg/kc/buy/cgsh_order_operate.html?command=get_materiel&rest_code=00143&code=00101008356&supplier_code=00100161&order_time=2022-12-29 HTTP/1.1" 200 423
180.162.115.6 - - [29/Dec/2022:15:31:05 +0800] "GET /xingrg/kc/buy/cgsh_order_operate.html?command=get_materiel&rest_code=00143&code=00101008286&supplier_code=00100161&order_time=2022-12-29 HTTP/1.1" 200 424
180.162.115.6 - - [29/Dec/2022:15:31:06 +0800] "GET /xingrg/all/function/internal_message.html?_=1672298072892&CODE_STATE=getMsg HTTP/1.1" 200 27
180.169.147.146 - - [29/Dec/2022:15:31:17 +0800] "GET /xingrg/all/function/internal_message.html?_=1672299088216&CODE_STATE=getMsg HTTP/1.1" 200 27
222.64.145.253 - - [29/Dec/2022:15:31:17 +0800] "GET /xingrg/check_reg.html?_=1672299092009 HTTP/1.1" 200 22
124.79.245.154 - - [29/Dec/2022:15:31:17 +0800] "GET /xingrg/all/function/internal_message.html?_=1672299319333&CODE_STATE=getMsg HTTP/1.1" 200 27
116.238.139.35 - - [29/Dec/2022:15:31:24 +0800] "GET /xingrg/check_reg.html?_=1672299017847 HTTP/1.1" 200 22
116.238.139.35 - - [29/Dec/2022:15:31:26 +0800] "GET /xingrg/all/function/internal_message.html?_=1672299019660&CODE_STATE=getMsg HTTP/1.1" 200 27
180.162.115.6 - - [29/Dec/2022:15:31:34 +0800] "GET /xingrg/kc/buy/cgsh_order_operate.html?command=get_materiel&rest_code=00143&code=00101008312&supplier_code=00100161&order_time=2022-12-29 HTTP/1.1" 200 428
114.83.222.182 - - [29/Dec/2022:15:31:37 +0800] "GET /xingrg/all/function/internal_message.html?_=1672299179940&CODE_STATE=getMsg HTTP/1.1" 200 27
114.84.38.109 - - [29/Dec/2022:15:31:45 +0800] "POST /xingrg/services/DataTransmitService HTTP/1.1" 200 524
114.84.38.109 - - [29/Dec/2022:15:31:45 +0800] "POST /xingrg/services/DataTransmitService HTTP/1.1" 200 501
114.84.171.241 - - [29/Dec/2022:15:31:46 +0800] "GET /xingrg/all/function/internal_message.html?_=1672299115402&CODE_STATE=getMsg HTTP/1.1" 200 27
114.84.38.109 - - [29/Dec/2022:15:31:48 +0800] "GET /xingrg/all/function/internal_message.html?_=1672299133364&CODE_STATE=getMsg HTTP/1.1" 200 27
114.88.159.190 - - [29/Dec/2022:15:31:48 +0800] "GET /xingrg/all/function/internal_message.html?_=1672298704165&CODE_STATE=getMsg HTTP/1.1" 200 27
180.162.115.6 - - [29/Dec/2022:15:31:52 +0800] "GET /xingrg/kc/buy/cgsh_order_operate.html?command=get_materiel&rest_code=00143&code=00101008264&supplier_code=00100161&order_time=2022-12-29 HTTP/1.1" 200 428
116.230.105.139 - - [29/Dec/2022:15:31:54 +0800] "GET /xingrg/all/function/internal_message.html?_=1672299089964&CODE_STATE=getMsg HTTP/1.1" 200 27
222.64.145.253 - - [29/Dec/2022:15:31:54 +0800] "GET /xingrg/all/function/internal_message.html?_=1672299128576&CODE_STATE=getMsg HTTP/1.1" 200 27
180.162.115.6 - - [29/Dec/2022:15:32:00 +0800] "GET /xingrg/kc/buy/cgsh_order_operate.html?command=get_materiel&rest_code=00143&code=00101008459&supplier_code=00100161&order_time=2022-12-29 HTTP/1.1" 200 409
180.162.115.6 - - [29/Dec/2022:15:32:06 +0800] "GET /xingrg/all/function/internal_message.html?_=1672298132884&CODE_STATE=getMsg HTTP/1.1" 200 27
180.169.147.146 - - [29/Dec/2022:15:32:17 +0800] "GET /xingrg/all/function/internal_message.html?_=1672299148212&CODE_STATE=getMsg HTTP/1.1" 200 27
124.79.245.154 - - [29/Dec/2022:15:32:17 +0800] "GET /xingrg/all/function/internal_message.html?_=1672299379312&CODE_STATE=getMsg HTTP/1.1" 200 27
124.79.245.154 - - [29/Dec/2022:15:32:19 +0800] "GET /xingrg/check_reg.html?_=1672299381066 HTTP/1.1" 200 22
180.162.115.6 - - [29/Dec/2022:15:32:25 +0800] "GET /xingrg/kc/buy/cgsh_order_operate.html?command=get_materiel&rest_code=00143&code=00101008282&supplier_code=00100161&order_time=2022-12-29 HTTP/1.1" 200 414
114.83.222.182 - - [29/Dec/2022:15:32:37 +0800] "GET /xingrg/all/function/internal_message.html?_=1672299239955&CODE_STATE=getMsg HTTP/1.1" 200 27
180.162.115.6 - - [29/Dec/2022:15:32:44 +0800] "GET /xingrg/kc/buy/cgsh_order_operate.html?command=get_materiel&rest_code=00143&code=00101008283&supplier_code=00100161&order_time=2022-12-29 HTTP/1.1" 200 424
114.84.171.241 - - [29/Dec/2022:15:32:46 +0800] "GET /xingrg/all/function/internal_message.html?_=1672299175403&CODE_STATE=getMsg HTTP/1.1" 200 27
114.88.159.190 - - [29/Dec/2022:15:32:48 +0800] "GET /xingrg/all/function/internal_message.html?_=1672298764185&CODE_STATE=getMsg HTTP/1.1" 200 27
114.84.38.109 - - [29/Dec/2022:15:32:48 +0800] "GET /xingrg/all/function/internal_message.html?_=1672299193918&CODE_STATE=getMsg HTTP/1.1" 200 27
58.221.95.50 - - [29/Dec/2022:15:32:52 +0800] "GET /xingrg/check_reg.html?_=1672299183237 HTTP/1.1" 302 -
180.162.115.6 - - [29/Dec/2022:15:32:53 +0800] "GET /xingrg/kc/buy/cgsh_order_operate.html?command=get_materiel&rest_code=00143&code=00101008298&supplier_code=00100161&order_time=2022-12-29 HTTP/1.1" 200 427
116.230.105.139 - - [29/Dec/2022:15:32:54 +0800] "GET /xingrg/all/function/internal_message.html?_=1672299149947&CODE_STATE=getMsg HTTP/1.1" 200 27
222.64.145.253 - - [29/Dec/2022:15:32:54 +0800] "GET /xingrg/all/function/internal_message.html?_=1672299188561&CODE_STATE=getMsg HTTP/1.1" 200 27
114.83.222.182 - - [29/Dec/2022:15:33:05 +0800] "GET /xingrg/kc/base/check_order_list.html HTTP/1.1" 200 16226
114.83.222.182 - - [29/Dec/2022:15:33:06 +0800] "POST /xingrg/kc/base/check_list_operate.html HTTP/1.1" 200 2577
180.162.115.6 - - [29/Dec/2022:15:33:06 +0800] "GET /xingrg/check_reg.html?_=1672298192893 HTTP/1.1" 200 22
180.162.115.6 - - [29/Dec/2022:15:33:06 +0800] "GET /xingrg/all/function/internal_message.html?_=1672298192896&CODE_STATE=getMsg HTTP/1.1" 200 27
114.83.222.182 - - [29/Dec/2022:15:33:07 +0800] "POST /xingrg/kc/buy/cgsh_list_operate.html HTTP/1.1" 200 986
114.83.222.182 - - [29/Dec/2022:15:33:09 +0800] "GET /xingrg/kc/base/check_order_info.html?code=452022122900060 HTTP/1.1" 200 25616
114.83.222.182 - - [29/Dec/2022:15:33:09 +0800] "GET /xingrg/dwr/interface/AjaxComOrderService.js HTTP/1.1" 200 18264
114.83.222.182 - - [29/Dec/2022:15:33:09 +0800] "GET /xingrg/dwr/interface/AjaxCheckService.js HTTP/1.1" 200 14003
114.83.222.182 - - [29/Dec/2022:15:33:09 +0800] "GET /xingrg/dwr/engine.js HTTP/1.1" 200 43631
114.83.222.182 - - [29/Dec/2022:15:33:10 +0800] "POST /xingrg/dwr/call/plaincall/AjaxCheckService.loadOrderItems.dwr HTTP/1.1" 200 31405
180.162.115.6 - - [29/Dec/2022:15:33:16 +0800] "GET /xingrg/kc/buy/cgsh_order_operate.html?command=get_materiel&rest_code=00143&code=00101008176&supplier_code=00100161&order_time=2022-12-29 HTTP/1.1" 200 412
180.169.147.146 - - [29/Dec/2022:15:33:17 +0800] "GET /xingrg/all/function/internal_message.html?_=1672299208212&CODE_STATE=getMsg HTTP/1.1" 200 27
124.79.245.154 - - [29/Dec/2022:15:33:17 +0800] "GET /xingrg/all/function/internal_message.html?_=1672299439284&CODE_STATE=getMsg HTTP/1.1" 200 27
114.83.222.182 - - [29/Dec/2022:15:33:37 +0800] "GET /xingrg/all/function/internal_message.html?_=1672299299952&CODE_STATE=getMsg HTTP/1.1" 200 27
114.84.171.241 - - [29/Dec/2022:15:33:47 +0800] "GET /xingrg/all/function/internal_message.html?_=1672299235402&CODE_STATE=getMsg HTTP/1.1" 200 27
180.162.115.6 - - [29/Dec/2022:15:33:48 +0800] "GET /xingrg/kc/buy/cgsh_order_operate.html?command=get_materiel&rest_code=00143&code=00101008354&supplier_code=00100161&order_time=2022-12-29 HTTP/1.1" 200 412
114.88.159.190 - - [29/Dec/2022:15:33:48 +0800] "GET /xingrg/all/function/internal_message.html?_=1672298824180&CODE_STATE=getMsg HTTP/1.1" 200 27
114.84.38.109 - - [29/Dec/2022:15:33:48 +0800] "GET /xingrg/all/function/internal_message.html?_=1672299253920&CODE_STATE=getMsg HTTP/1.1" 200 27
180.162.115.6 - - [29/Dec/2022:15:33:52 +0800] "POST /xingrg/kc/buy/cgsh_order_operate.html HTTP/1.1" 200 2065
116.230.105.139 - - [29/Dec/2022:15:33:54 +0800] "GET /xingrg/all/function/internal_message.html?_=1672299209929&CODE_STATE=getMsg HTTP/1.1" 200 27
222.64.145.253 - - [29/Dec/2022:15:33:54 +0800] "GET /xingrg/all/function/internal_message.html?_=1672299248544&CODE_STATE=getMsg HTTP/1.1" 200 27
222.69.192.184 - - [29/Dec/2022:15:33:57 +0800] "POST /xingrg/services/DataTransmitService HTTP/1.1" 200 524
222.69.192.184 - - [29/Dec/2022:15:33:58 +0800] "POST /xingrg/services/DataTransmitService HTTP/1.1" 200 501
222.69.192.184 - - [29/Dec/2022:15:33:58 +0800] "POST /xingrg/services/DataTransmitService HTTP/1.1" 200 501
116.230.105.139 - - [29/Dec/2022:15:33:58 +0800] "GET /xingrg/check_reg.html?_=1672299214597 HTTP/1.1" 200 22
222.69.192.184 - - [29/Dec/2022:15:33:58 +0800] "POST /xingrg/services/DataTransmitService HTTP/1.1" 200 501
222.69.192.184 - - [29/Dec/2022:15:33:59 +0800] "POST /xingrg/services/DataTransmitService HTTP/1.1" 200 501
222.69.192.184 - - [29/Dec/2022:15:33:59 +0800] "POST /xingrg/services/DataTransmitService HTTP/1.1" 200 501
180.162.115.6 - - [29/Dec/2022:15:33:59 +0800] "GET /xingrg/kc/buy/cgsh_order_operate.html?command=get_materiel&rest_code=00143&code=00101008323&supplier_code=00100161&order_time=2022-12-29 HTTP/1.1" 200 408
222.69.192.184 - - [29/Dec/2022:15:34:00 +0800] "POST /xingrg/services/DataTransmitService HTTP/1.1" 200 412
114.83.222.182 - - [29/Dec/2022:15:34:01 +0800] "GET /xingrg/kc/base/check_order_list.html?isBack=1 HTTP/1.1" 200 16226
114.83.222.182 - - [29/Dec/2022:15:34:01 +0800] "POST /xingrg/kc/base/check_list_operate.html HTTP/1.1" 200 2577
180.162.115.6 - - [29/Dec/2022:15:34:06 +0800] "GET /xingrg/all/function/internal_message.html?_=1672298252878&CODE_STATE=getMsg HTTP/1.1" 200 27
180.162.115.6 - - [29/Dec/2022:15:34:16 +0800] "GET /xingrg/kc/buy/cgsh_order_operate.html?command=get_materiel&rest_code=00143&code=00101008205&supplier_code=00100161&order_time=2022-12-29 HTTP/1.1" 200 412
180.169.147.146 - - [29/Dec/2022:15:34:17 +0800] "GET /xingrg/all/function/internal_message.html?_=1672299268222&CODE_STATE=getMsg HTTP/1.1" 200 27
180.169.147.146 - - [29/Dec/2022:15:34:17 +0800] "GET /xingrg/check_reg.html?_=1672299268225 HTTP/1.1" 200 22
124.79.245.154 - - [29/Dec/2022:15:34:17 +0800] "GET /xingrg/all/function/internal_message.html?_=1672299499258&CODE_STATE=getMsg HTTP/1.1" 200 27
114.83.222.182 - - [29/Dec/2022:15:34:25 +0800] "GET /xingrg/kc/base/check_order_add.html HTTP/1.1" 200 25574
114.83.222.182 - - [29/Dec/2022:15:34:25 +0800] "GET /xingrg/dwr/interface/AjaxComOrderService.js HTTP/1.1" 200 18264
114.83.222.182 - - [29/Dec/2022:15:34:25 +0800] "GET /xingrg/dwr/interface/AjaxCheckService.js HTTP/1.1" 200 14003
114.83.222.182 - - [29/Dec/2022:15:34:25 +0800] "GET /xingrg/dwr/engine.js HTTP/1.1" 200 43631
180.162.115.6 - - [29/Dec/2022:15:34:34 +0800] "GET /xingrg/kc/buy/cgsh_order_operate.html?command=get_materiel&rest_code=00143&code=00101008374&supplier_code=00100161&order_time=2022-12-29 HTTP/1.1" 200 412
114.83.222.182 - - [29/Dec/2022:15:34:37 +0800] "GET /xingrg/check_reg.html?_=1672299359943 HTTP/1.1" 200 22
114.83.222.182 - - [29/Dec/2022:15:34:37 +0800] "GET /xingrg/all/function/internal_message.html?_=1672299359946&CODE_STATE=getMsg HTTP/1.1" 200 27
114.83.222.182 - - [29/Dec/2022:15:34:39 +0800] "POST /xingrg/dwr/call/plaincall/AjaxCheckService.saveOrder.dwr HTTP/1.1" 200 78
114.83.222.182 - - [29/Dec/2022:15:34:41 +0800] "POST /xingrg/dwr/call/plaincall/AjaxCheckService.loadOrderItems.dwr HTTP/1.1" 200 367
114.84.171.241 - - [29/Dec/2022:15:34:46 +0800] "GET /xingrg/all/function/internal_message.html?_=1672299295402&CODE_STATE=getMsg HTTP/1.1" 200 27
114.88.159.190 - - [29/Dec/2022:15:34:48 +0800] "GET /xingrg/check_reg.html?_=1672298884185 HTTP/1.1" 200 22
114.88.159.190 - - [29/Dec/2022:15:34:48 +0800] "GET /xingrg/all/function/internal_message.html?_=1672298884187&CODE_STATE=getMsg HTTP/1.1" 200 27
114.84.38.109 - - [29/Dec/2022:15:34:49 +0800] "GET /xingrg/all/function/internal_message.html?_=1672299314299&CODE_STATE=getMsg HTTP/1.1" 200 27
114.83.222.182 - - [29/Dec/2022:15:34:50 +0800] "POST /xingrg/dwr/call/plaincall/AjaxCheckService.importOrderItems.dwr HTTP/1.1" 200 78
114.83.222.182 - - [29/Dec/2022:15:34:51 +0800] "POST /xingrg/dwr/call/plaincall/AjaxCheckService.loadOrderItems.dwr HTTP/1.1" 200 58316
116.230.105.139 - - [29/Dec/2022:15:34:54 +0800] "GET /xingrg/all/function/internal_message.html?_=1672299269927&CODE_STATE=getMsg HTTP/1.1" 200 27
222.64.145.253 - - [29/Dec/2022:15:34:54 +0800] "GET /xingrg/all/function/internal_message.html?_=1672299308531&CODE_STATE=getMsg HTTP/1.1" 200 27
114.83.222.182 - - [29/Dec/2022:15:34:57 +0800] "GET /xingrg/kc/print/load_config.html?_=1672299379962&kc_code=check HTTP/1.1" 200 2243
114.83.222.182 - - [29/Dec/2022:15:34:57 +0800] "GET /xingrg/kc/print/load_data.html?_=1672299380005&order_code=452022122900076&kc_code=check&condition= HTTP/1.1" 200 15922
114.84.38.109 - - [29/Dec/2022:15:35:05 +0800] "GET /xingrg/check_reg.html?_=1672299330923 HTTP/1.1" 200 22
180.162.115.6 - - [29/Dec/2022:15:35:06 +0800] "GET /xingrg/all/function/internal_message.html?_=1672298312892&CODE_STATE=getMsg HTTP/1.1" 200 27
180.169.147.146 - - [29/Dec/2022:15:35:17 +0800] "GET /xingrg/all/function/internal_message.html?_=1672299328210&CODE_STATE=getMsg HTTP/1.1" 200 27
124.79.245.154 - - [29/Dec/2022:15:35:17 +0800] "GET /xingrg/all/function/internal_message.html?_=1672299559227&CODE_STATE=getMsg HTTP/1.1" 200 27
114.83.222.182 - - [29/Dec/2022:15:35:37 +0800] "GET /xingrg/all/function/internal_message.html?_=1672299419943&CODE_STATE=getMsg HTTP/1.1" 200 27
114.84.171.241 - - [29/Dec/2022:15:35:47 +0800] "GET /xingrg/all/function/internal_message.html?_=1672299355402&CODE_STATE=getMsg HTTP/1.1" 200 27
114.84.171.241 - - [29/Dec/2022:15:35:47 +0800] "GET /xingrg/check_reg.html?_=1672299355404 HTTP/1.1" 200 22
114.88.159.190 - - [29/Dec/2022:15:35:48 +0800] "GET /xingrg/all/function/internal_message.html?_=1672298944185&CODE_STATE=getMsg HTTP/1.1" 200 27
114.84.38.109 - - [29/Dec/2022:15:35:49 +0800] "GET /xingrg/all/function/internal_message.html?_=1672299374308&CODE_STATE=getMsg HTTP/1.1" 200 27
180.162.115.6 - - [29/Dec/2022:15:35:51 +0800] "GET /xingrg/kc/buy/cgsh_order_operate.html?command=get_materiel&rest_code=00143&code=00101008502&supplier_code=00100161&order_time=2022-12-29 HTTP/1.1" 200 412
116.230.105.139 - - [29/Dec/2022:15:35:54 +0800] "GET /xingrg/all/function/internal_message.html?_=1672299329909&CODE_STATE=getMsg HTTP/1.1" 200 27
222.64.145.253 - - [29/Dec/2022:15:35:54 +0800] "GET /xingrg/all/function/internal_message.html?_=1672299368516&CODE_STATE=getMsg HTTP/1.1" 200 27
114.83.222.182 - - [29/Dec/2022:15:36:05 +0800] "GET /xingrg/kc/base/check_order_list.html?isBack=1 HTTP/1.1" 200 16226
114.83.222.182 - - [29/Dec/2022:15:36:05 +0800] "POST /xingrg/kc/base/check_list_operate.html HTTP/1.1" 200 2907
180.162.115.6 - - [29/Dec/2022:15:36:06 +0800] "GET /xingrg/all/function/internal_message.html?_=1672298372888&CODE_STATE=getMsg HTTP/1.1" 200 27
114.83.222.182 - - [29/Dec/2022:15:36:08 +0800] "GET /xingrg/kc/base/wldb_order_list.html HTTP/1.1" 200 19107
114.83.222.182 - - [29/Dec/2022:15:36:08 +0800] "POST /xingrg/kc/base/wldb_list_operate.html HTTP/1.1" 200 928
114.83.222.182 - - [29/Dec/2022:15:36:11 +0800] "GET /xingrg/kc/base/wldb_order_add.html HTTP/1.1" 200 30390
114.83.222.182 - - [29/Dec/2022:15:36:11 +0800] "POST /xingrg/kc/base/wldb_order_operate.html HTTP/1.1" 200 6806
114.83.222.182 - - [29/Dec/2022:15:36:12 +0800] "GET /xingrg/javascript/easyui/themes/default/validatebox.css HTTP/1.1" 404 1104
114.83.222.182 - - [29/Dec/2022:15:36:13 +0800] "POST /xingrg/all/common/load_combo.html?type=base HTTP/1.1" 200 1491
180.169.147.146 - - [29/Dec/2022:15:36:17 +0800] "GET /xingrg/all/function/internal_message.html?_=1672299388220&CODE_STATE=getMsg HTTP/1.1" 200 27
222.64.145.253 - - [29/Dec/2022:15:36:17 +0800] "GET /xingrg/check_reg.html?_=1672299392012 HTTP/1.1" 200 22
124.79.245.154 - - [29/Dec/2022:15:36:17 +0800] "GET /xingrg/all/function/internal_message.html?_=1672299619203&CODE_STATE=getMsg HTTP/1.1" 200 27
114.83.222.182 - - [29/Dec/2022:15:36:21 +0800] "GET /xingrg/kc/base/wldb_order_operate.html?command=get_materiel&rest_code=00154&base_code=0010724&code=00101008022 HTTP/1.1" 200 453
114.83.222.182 - - [29/Dec/2022:15:36:22 +0800] "POST /xingrg/all/common/load_select.html HTTP/1.1" 200 25
114.83.222.182 - - [29/Dec/2022:15:36:24 +0800] "GET /xingrg/kc/base/wldb_order_operate.html?command=get_materiel_price&rest_code=00154&base_code=0010724&code=00101008022&unit_code=00100032 HTTP/1.1" 200 34
114.83.222.182 - - [29/Dec/2022:15:36:37 +0800] "GET /xingrg/all/function/internal_message.html?_=1672299479930&CODE_STATE=getMsg HTTP/1.1" 200 27
180.162.115.6 - - [29/Dec/2022:15:36:39 +0800] "GET /xingrg/kc/buy/cgsh_order_operate.html?command=get_materiel&rest_code=00143&code=00101012029&supplier_code=00100161&order_time=2022-12-29 HTTP/1.1" 200 412
114.84.171.241 - - [29/Dec/2022:15:36:47 +0800] "GET /xingrg/all/function/internal_message.html?_=1672299415403&CODE_STATE=getMsg HTTP/1.1" 200 27
180.162.115.6 - - [29/Dec/2022:15:36:48 +0800] "POST /xingrg/kc/buy/cgsh_order_operate.html HTTP/1.1" 200 2065
114.88.159.190 - - [29/Dec/2022:15:36:48 +0800] "GET /xingrg/all/function/internal_message.html?_=1672299004181&CODE_STATE=getMsg HTTP/1.1" 200 27
114.84.38.109 - - [29/Dec/2022:15:36:49 +0800] "GET /xingrg/all/function/internal_message.html?_=1672299434320&CODE_STATE=getMsg HTTP/1.1" 200 27
116.230.105.139 - - [29/Dec/2022:15:36:54 +0800] "GET /xingrg/all/function/internal_message.html?_=1672299389894&CODE_STATE=getMsg HTTP/1.1" 200 27
222.64.145.253 - - [29/Dec/2022:15:36:54 +0800] "GET /xingrg/all/function/internal_message.html?_=1672299428502&CODE_STATE=getMsg HTTP/1.1" 200 27
180.162.115.6 - - [29/Dec/2022:15:36:55 +0800] "GET /xingrg/kc/buy/cgsh_order_operate.html?command=get_materiel&rest_code=00143&code=00101012024&supplier_code=00100161&order_time=2022-12-29 HTTP/1.1" 200 408
180.162.115.6 - - [29/Dec/2022:15:37:06 +0800] "GET /xingrg/all/function/internal_message.html?_=1672298432911&CODE_STATE=getMsg HTTP/1.1" 200 27
180.162.115.6 - - [29/Dec/2022:15:37:07 +0800] "GET /xingrg/kc/buy/cgsh_order_operate.html?command=get_materiel&rest_code=00143&code=00101012059&supplier_code=00100161&order_time=2022-12-29 HTTP/1.1" 200 412
180.162.115.6 - - [29/Dec/2022:15:37:15 +0800] "POST /xingrg/kc/buy/cgsh_order_operate.html HTTP/1.1" 200 37
180.169.147.146 - - [29/Dec/2022:15:37:17 +0800] "GET /xingrg/all/function/internal_message.html?_=1672299448245&CODE_STATE=getMsg HTTP/1.1" 200 27
180.162.115.6 - - [29/Dec/2022:15:37:17 +0800] "POST /xingrg/kc/buy/cgsh_order_operate.html HTTP/1.1" 200 17996
124.79.245.154 - - [29/Dec/2022:15:37:17 +0800] "GET /xingrg/all/function/internal_message.html?_=1672299679179&CODE_STATE=getMsg HTTP/1.1" 200 27
124.79.245.154 - - [29/Dec/2022:15:37:19 +0800] "GET /xingrg/check_reg.html?_=1672299681047 HTTP/1.1" 200 22
114.83.222.182 - - [29/Dec/2022:15:37:37 +0800] "GET /xingrg/all/function/internal_message.html?_=1672299539932&CODE_STATE=getMsg HTTP/1.1" 200 27
114.84.81.136 - - [29/Dec/2022:15:37:41 +0800] "POST /xingrg/services/DataTransmitService HTTP/1.1" 200 524
114.84.81.136 - - [29/Dec/2022:15:37:43 +0800] "POST /xingrg/services/DataTransmitService HTTP/1.1" 200 501
114.84.81.136 - - [29/Dec/2022:15:37:44 +0800] "POST /xingrg/services/DataTransmitService HTTP/1.1" 200 501
114.84.81.136 - - [29/Dec/2022:15:37:44 +0800] "POST /xingrg/services/DataTransmitService HTTP/1.1" 200 501
114.84.81.136 - - [29/Dec/2022:15:37:44 +0800] "POST /xingrg/services/DataTransmitService HTTP/1.1" 200 501
114.84.81.136 - - [29/Dec/2022:15:37:44 +0800] "POST /xingrg/services/DataTransmitService HTTP/1.1" 200 501
114.84.81.136 - - [29/Dec/2022:15:37:46 +0800] "POST /xingrg/services/DataTransmitService HTTP/1.1" 200 501
114.84.171.241 - - [29/Dec/2022:15:37:47 +0800] "GET /xingrg/all/function/internal_message.html?_=1672299475402&CODE_STATE=getMsg HTTP/1.1" 200 27
114.84.81.136 - - [29/Dec/2022:15:37:47 +0800] "POST /xingrg/services/DataTransmitService HTTP/1.1" 200 501
114.84.81.136 - - [29/Dec/2022:15:37:47 +0800] "POST /xingrg/services/DataTransmitService HTTP/1.1" 200 412
114.88.159.190 - - [29/Dec/2022:15:37:48 +0800] "GET /xingrg/all/function/internal_message.html?_=1672299064180&CODE_STATE=getMsg HTTP/1.1" 200 27
114.84.38.109 - - [29/Dec/2022:15:37:49 +0800] "GET /xingrg/all/function/internal_message.html?_=1672299494696&CODE_STATE=getMsg HTTP/1.1" 200 27
58.221.95.50 - - [29/Dec/2022:15:37:52 +0800] "GET /xingrg/check_reg.html?_=1672299483229 HTTP/1.1" 302 -
