58.40.7.146 - - [29/Dec/2022:12:38:46 +0800] "GET /xingrg/all/function/internal_message.html?_=1672288737103&CODE_STATE=getMsg HTTP/1.1" 302 -
116.230.105.139 - - [29/Dec/2022:12:38:56 +0800] "GET /xingrg/all/function/internal_message.html?_=1672288713075&CODE_STATE=getMsg HTTP/1.1" 200 27
222.64.145.253 - - [29/Dec/2022:12:38:57 +0800] "GET /xingrg/all/function/internal_message.html?_=1672288751461&CODE_STATE=getMsg HTTP/1.1" 200 27
116.230.105.139 - - [29/Dec/2022:12:38:58 +0800] "GET /xingrg/check_reg.html?_=1672288714587 HTTP/1.1" 200 22
180.169.147.146 - - [29/Dec/2022:12:38:59 +0800] "GET /xingrg/all/function/internal_message.html?_=1672288750258&CODE_STATE=getMsg HTTP/1.1" 200 27
124.79.245.154 - - [29/Dec/2022:12:39:02 +0800] "GET /xingrg/check_reg.html?_=1672288984483 HTTP/1.1" 200 22
124.79.245.154 - - [29/Dec/2022:12:39:02 +0800] "GET /xingrg/all/function/internal_message.html?_=1672288984484&CODE_STATE=getMsg HTTP/1.1" 200 27
114.84.38.109 - - [29/Dec/2022:12:39:14 +0800] "GET /xingrg/all/function/internal_message.html?_=1672288778851&CODE_STATE=getMsg HTTP/1.1" 200 27
58.37.6.240 - - [29/Dec/2022:12:39:16 +0800] "GET /xingrg/all/function/internal_message.html?_=1672288768169&CODE_STATE=getMsg HTTP/1.1" 200 27
180.169.147.146 - - [29/Dec/2022:12:39:16 +0800] "GET /xingrg/all/function/internal_message.html?_=1672288766613&CODE_STATE=getMsg HTTP/1.1" 200 27
114.83.222.182 - - [29/Dec/2022:12:39:16 +0800] "GET /xingrg/all/function/internal_message.html?_=1672288839065&CODE_STATE=getMsg HTTP/1.1" 200 27
222.69.128.99 - - [29/Dec/2022:12:39:20 +0800] "GET /xingrg/all/function/internal_message.html?_=1672288768290&CODE_STATE=getMsg HTTP/1.1" 200 27
222.69.128.99 - - [29/Dec/2022:12:39:23 +0800] "GET /xingrg/kc/base/wldb_order_list.html HTTP/1.1" 200 19107
222.69.128.99 - - [29/Dec/2022:12:39:24 +0800] "POST /xingrg/kc/base/wldb_list_operate.html HTTP/1.1" 200 928
222.69.192.184 - - [29/Dec/2022:12:39:25 +0800] "GET /xingrg/all/function/internal_message.html?_=1672288775977&CODE_STATE=getMsg HTTP/1.1" 200 27
222.69.128.99 - - [29/Dec/2022:12:39:26 +0800] "GET /xingrg/kc/base/wldb_order_add.html HTTP/1.1" 200 30390
222.69.128.99 - - [29/Dec/2022:12:39:27 +0800] "GET /xingrg/words/20221229121016_words.js HTTP/1.1" 304 -
222.69.128.99 - - [29/Dec/2022:12:39:27 +0800] "GET /xingrg/all/common/auto_word.html?type=base&rest_code=00149 HTTP/1.1" 200 1907
222.69.128.99 - - [29/Dec/2022:12:39:27 +0800] "GET /xingrg/all/common/auto_word.html?type=base&rest_code=00149 HTTP/1.1" 200 1907
222.69.128.99 - - [29/Dec/2022:12:39:27 +0800] "GET /xingrg/javascript/easyui/themes/default/validatebox.css HTTP/1.1" 404 1104
222.69.128.99 - - [29/Dec/2022:12:39:27 +0800] "POST /xingrg/kc/base/wldb_order_operate.html HTTP/1.1" 200 6806
124.79.245.154 - - [29/Dec/2022:12:39:33 +0800] "GET /xingrg/all/function/internal_message.html?_=1672288783198&CODE_STATE=getMsg HTTP/1.1" 200 27
116.238.139.35 - - [29/Dec/2022:12:39:36 +0800] "GET /xingrg/check_reg.html?_=1672288710370 HTTP/1.1" 200 22
116.238.139.35 - - [29/Dec/2022:12:39:36 +0800] "GET /xingrg/all/function/internal_message.html?_=1672288710662&CODE_STATE=getMsg HTTP/1.1" 200 27
222.69.128.99 - - [29/Dec/2022:12:39:40 +0800] "GET /xingrg/kc/base/wldb_order_operate.html?command=get_materiel&rest_code=00149&base_code=0010394&code=00101019575 HTTP/1.1" 200 441
222.69.128.99 - - [29/Dec/2022:12:39:44 +0800] "GET /xingrg/kc/base/wldb_order_operate.html?command=get_materiel&rest_code=00149&base_code=0010394&code=00101019253 HTTP/1.1" 200 481
58.40.7.146 - - [29/Dec/2022:12:39:46 +0800] "GET /xingrg/all/function/internal_message.html?_=1672288797076&CODE_STATE=getMsg HTTP/1.1" 302 -
114.84.171.241 - - [29/Dec/2022:12:39:46 +0800] "GET /xingrg/all/function/internal_message.html?_=1672288795328&CODE_STATE=getMsg HTTP/1.1" 200 27
222.69.128.99 - - [29/Dec/2022:12:39:47 +0800] "GET /xingrg/kc/base/wldb_order_operate.html?command=get_materiel&rest_code=00149&base_code=0010394&code=00101019243 HTTP/1.1" 200 465
58.40.7.146 - - [29/Dec/2022:12:39:47 +0800] "GET /xingrg/check_reg.html?_=1672288797891 HTTP/1.1" 302 -
222.69.128.99 - - [29/Dec/2022:12:39:50 +0800] "GET /xingrg/kc/base/wldb_order_operate.html?command=get_materiel&rest_code=00149&base_code=0010394&code=00101016086 HTTP/1.1" 200 468
116.230.105.139 - - [29/Dec/2022:12:39:56 +0800] "GET /xingrg/all/function/internal_message.html?_=1672288773054&CODE_STATE=getMsg HTTP/1.1" 200 27
222.64.145.253 - - [29/Dec/2022:12:39:57 +0800] "GET /xingrg/all/function/internal_message.html?_=1672288811446&CODE_STATE=getMsg HTTP/1.1" 200 27
180.169.147.146 - - [29/Dec/2022:12:39:59 +0800] "GET /xingrg/all/function/internal_message.html?_=1672288810257&CODE_STATE=getMsg HTTP/1.1" 200 27
124.79.245.154 - - [29/Dec/2022:12:40:02 +0800] "GET /xingrg/all/function/internal_message.html?_=1672289044482&CODE_STATE=getMsg HTTP/1.1" 200 27
114.84.38.109 - - [29/Dec/2022:12:40:06 +0800] "GET /xingrg/check_reg.html?_=1672288830730 HTTP/1.1" 200 22
114.83.222.182 - - [29/Dec/2022:12:40:08 +0800] "POST /xingrg/dwr/call/plaincall/AjaxCheckService.setItemNumber.dwr HTTP/1.1" 200 77
114.84.38.109 - - [29/Dec/2022:12:40:14 +0800] "GET /xingrg/all/function/internal_message.html?_=1672288838857&CODE_STATE=getMsg HTTP/1.1" 200 27
58.37.6.240 - - [29/Dec/2022:12:40:16 +0800] "GET /xingrg/kc/buy/buy_main.html HTTP/1.1" 200 12412
222.69.128.99 - - [29/Dec/2022:12:40:16 +0800] "POST /xingrg/kc/base/wldb_order_operate.html HTTP/1.1" 200 37
58.37.6.240 - - [29/Dec/2022:12:40:16 +0800] "GET /xingrg/css/new_ie.css HTTP/1.1" 404 1036
58.37.6.240 - - [29/Dec/2022:12:40:16 +0800] "GET /xingrg/all/function/internal_message.html?_=1672288828206&CODE_STATE=getMsg HTTP/1.1" 200 27
180.169.147.146 - - [29/Dec/2022:12:40:16 +0800] "GET /xingrg/all/function/internal_message.html?_=1672288826655&CODE_STATE=getMsg HTTP/1.1" 200 27
114.83.222.182 - - [29/Dec/2022:12:40:16 +0800] "GET /xingrg/all/function/internal_message.html?_=1672288899047&CODE_STATE=getMsg HTTP/1.1" 200 27
222.69.128.99 - - [29/Dec/2022:12:40:16 +0800] "POST /xingrg/kc/base/wldb_order_operate.html HTTP/1.1" 200 3699
222.69.128.99 - - [29/Dec/2022:12:40:17 +0800] "GET /xingrg/kc/base/wldb_order_info.html?code=422022122901519 HTTP/1.1" 200 30405
58.37.6.240 - - [29/Dec/2022:12:40:17 +0800] "GET /xingrg/images/yd/bt.gif HTTP/1.1" 404 1040
58.37.6.240 - - [29/Dec/2022:12:40:17 +0800] "GET /xingrg/kc/buy/cgsh_order_list.html HTTP/1.1" 200 54078
222.69.128.99 - - [29/Dec/2022:12:40:18 +0800] "GET /xingrg/javascript/easyui/themes/default/validatebox.css HTTP/1.1" 404 1104
222.69.128.99 - - [29/Dec/2022:12:40:18 +0800] "POST /xingrg/kc/base/wldb_order_operate.html HTTP/1.1" 200 3699
222.69.128.99 - - [29/Dec/2022:12:40:20 +0800] "GET /xingrg/kc/base/wldb_order_add.html HTTP/1.1" 200 30390
58.37.6.240 - - [29/Dec/2022:12:40:20 +0800] "POST /xingrg/kc/buy/cgsh_list_operate.html HTTP/1.1" 200 4389
222.69.128.99 - - [29/Dec/2022:12:40:21 +0800] "GET /xingrg/javascript/easyui/themes/default/validatebox.css HTTP/1.1" 404 1104
222.69.128.99 - - [29/Dec/2022:12:40:21 +0800] "GET /xingrg/all/function/internal_message.html?_=1672288828531&CODE_STATE=getMsg HTTP/1.1" 200 27
222.69.128.99 - - [29/Dec/2022:12:40:21 +0800] "POST /xingrg/kc/base/wldb_order_operate.html HTTP/1.1" 200 6806
222.69.192.184 - - [29/Dec/2022:12:40:25 +0800] "GET /xingrg/all/function/internal_message.html?_=1672288835945&CODE_STATE=getMsg HTTP/1.1" 200 27
58.37.6.240 - - [29/Dec/2022:12:40:26 +0800] "POST /xingrg/kc/buy/cgsh_list_operate.html HTTP/1.1" 200 201
58.37.6.240 - - [29/Dec/2022:12:40:28 +0800] "GET /xingrg/kc/buy/cgsh_order_info.html?code=212022122905801 HTTP/1.1" 200 69863
58.37.6.240 - - [29/Dec/2022:12:40:28 +0800] "GET /xingrg/javascript/easyui/themes/default/validatebox.css HTTP/1.1" 404 1104
58.37.6.240 - - [29/Dec/2022:12:40:29 +0800] "POST /xingrg/kc/buy/cgsh_order_operate.html HTTP/1.1" 200 2659
222.69.128.99 - - [29/Dec/2022:12:40:30 +0800] "GET /xingrg/kc/base/wldb_order_operate.html?command=get_materiel&rest_code=00149&base_code=0010394&code=00101016020 HTTP/1.1" 200 446
124.79.245.154 - - [29/Dec/2022:12:40:33 +0800] "GET /xingrg/check_reg.html?_=1672288843182 HTTP/1.1" 200 22
124.79.245.154 - - [29/Dec/2022:12:40:33 +0800] "GET /xingrg/all/function/internal_message.html?_=1672288843187&CODE_STATE=getMsg HTTP/1.1" 200 27
222.69.128.99 - - [29/Dec/2022:12:40:34 +0800] "GET /xingrg/kc/base/wldb_order_operate.html?command=get_materiel&rest_code=00149&base_code=0010394&code=00101019379 HTTP/1.1" 200 470
58.37.6.240 - - [29/Dec/2022:12:40:35 +0800] "POST /xingrg/kc/buy/cgsh_order_operate.html HTTP/1.1" 200 37
116.238.139.35 - - [29/Dec/2022:12:40:36 +0800] "GET /xingrg/all/function/internal_message.html?_=1672288770676&CODE_STATE=getMsg HTTP/1.1" 200 27
222.69.128.99 - - [29/Dec/2022:12:40:40 +0800] "GET /xingrg/kc/base/wldb_order_operate.html?command=get_materiel&rest_code=00149&base_code=0010394&code=00101019438 HTTP/1.1" 200 462
58.37.6.240 - - [29/Dec/2022:12:40:42 +0800] "POST /xingrg/kc/buy/cgsh_order_operate.html HTTP/1.1" 200 12
58.37.6.240 - - [29/Dec/2022:12:40:43 +0800] "GET /xingrg/kc/buy/cgsh_order_info.html?code=212022122905801 HTTP/1.1" 200 64756
58.37.6.240 - - [29/Dec/2022:12:40:43 +0800] "GET /xingrg/javascript/easyui/themes/default/validatebox.css HTTP/1.1" 404 1104
58.37.6.240 - - [29/Dec/2022:12:40:43 +0800] "POST /xingrg/kc/buy/cgsh_order_operate.html HTTP/1.1" 200 609
58.37.6.240 - - [29/Dec/2022:12:40:46 +0800] "GET /xingrg/kc/print/load_data.html?order_code=212022122905801&kc_code=cgsh&condition= HTTP/1.1" 200 787
58.40.7.146 - - [29/Dec/2022:12:40:46 +0800] "GET /xingrg/all/function/internal_message.html?_=1672288857049&CODE_STATE=getMsg HTTP/1.1" 302 -
114.84.171.241 - - [29/Dec/2022:12:40:46 +0800] "GET /xingrg/check_reg.html?_=1672288855326 HTTP/1.1" 200 22
114.84.171.241 - - [29/Dec/2022:12:40:46 +0800] "GET /xingrg/all/function/internal_message.html?_=1672288855328&CODE_STATE=getMsg HTTP/1.1" 200 27
222.69.128.99 - - [29/Dec/2022:12:40:46 +0800] "GET /xingrg/kc/base/wldb_order_operate.html?command=get_materiel&rest_code=00149&base_code=0010394&code=00101019133 HTTP/1.1" 200 480
116.230.105.139 - - [29/Dec/2022:12:40:56 +0800] "GET /xingrg/all/function/internal_message.html?_=1672288833036&CODE_STATE=getMsg HTTP/1.1" 200 27
222.64.145.253 - - [29/Dec/2022:12:40:57 +0800] "GET /xingrg/all/function/internal_message.html?_=1672288871429&CODE_STATE=getMsg HTTP/1.1" 200 27
180.169.147.146 - - [29/Dec/2022:12:40:59 +0800] "GET /xingrg/all/function/internal_message.html?_=1672288870257&CODE_STATE=getMsg HTTP/1.1" 200 27
180.169.147.146 - - [29/Dec/2022:12:40:59 +0800] "GET /xingrg/check_reg.html?_=1672288870260 HTTP/1.1" 200 22
124.79.245.154 - - [29/Dec/2022:12:41:02 +0800] "GET /xingrg/all/function/internal_message.html?_=1672289104480&CODE_STATE=getMsg HTTP/1.1" 200 27
222.69.128.99 - - [29/Dec/2022:12:41:03 +0800] "POST /xingrg/kc/base/wldb_order_operate.html HTTP/1.1" 200 37
222.69.128.99 - - [29/Dec/2022:12:41:03 +0800] "POST /xingrg/kc/base/wldb_order_operate.html HTTP/1.1" 200 4200
222.69.128.99 - - [29/Dec/2022:12:41:04 +0800] "GET /xingrg/kc/base/wldb_order_info.html?code=422022122901520 HTTP/1.1" 200 30405
58.37.6.240 - - [29/Dec/2022:12:41:05 +0800] "POST /xingrg/kc/buy/cgsh_list_operate.html HTTP/1.1" 200 3968
222.69.128.99 - - [29/Dec/2022:12:41:05 +0800] "GET /xingrg/javascript/easyui/themes/default/validatebox.css HTTP/1.1" 404 1104
222.69.128.99 - - [29/Dec/2022:12:41:06 +0800] "POST /xingrg/kc/base/wldb_order_operate.html HTTP/1.1" 200 4200
58.37.6.240 - - [29/Dec/2022:12:41:07 +0800] "POST /xingrg/kc/buy/cgsh_list_operate.html HTTP/1.1" 200 198
58.37.6.240 - - [29/Dec/2022:12:41:08 +0800] "GET /xingrg/kc/buy/cgsh_order_info.html?code=212022122905784 HTTP/1.1" 200 69861
58.37.6.240 - - [29/Dec/2022:12:41:08 +0800] "GET /xingrg/words/20221229121016_words.js HTTP/1.1" 304 -
58.37.6.240 - - [29/Dec/2022:12:41:08 +0800] "GET /xingrg/javascript/easyui/themes/default/validatebox.css HTTP/1.1" 404 1104
58.37.6.240 - - [29/Dec/2022:12:41:09 +0800] "POST /xingrg/kc/buy/cgsh_order_operate.html HTTP/1.1" 200 2653
114.83.222.182 - - [29/Dec/2022:12:41:09 +0800] "POST /xingrg/dwr/call/plaincall/AjaxCheckService.setItemNumber.dwr HTTP/1.1" 200 77
58.37.6.240 - - [29/Dec/2022:12:41:10 +0800] "POST /xingrg/kc/buy/cgsh_list_operate.html HTTP/1.1" 200 3968
114.84.38.109 - - [29/Dec/2022:12:41:14 +0800] "GET /xingrg/all/function/internal_message.html?_=1672288898871&CODE_STATE=getMsg HTTP/1.1" 200 27
58.37.6.240 - - [29/Dec/2022:12:41:15 +0800] "POST /xingrg/kc/buy/cgsh_order_operate.html HTTP/1.1" 200 37
58.37.6.240 - - [29/Dec/2022:12:41:16 +0800] "GET /xingrg/all/function/internal_message.html?_=1672288888186&CODE_STATE=getMsg HTTP/1.1" 200 27
180.169.147.146 - - [29/Dec/2022:12:41:16 +0800] "GET /xingrg/check_reg.html?_=1672288886642 HTTP/1.1" 200 22
180.169.147.146 - - [29/Dec/2022:12:41:16 +0800] "GET /xingrg/all/function/internal_message.html?_=1672288886644&CODE_STATE=getMsg HTTP/1.1" 200 27
114.83.222.182 - - [29/Dec/2022:12:41:16 +0800] "GET /xingrg/all/function/internal_message.html?_=1672288959036&CODE_STATE=getMsg HTTP/1.1" 200 27
222.64.145.253 - - [29/Dec/2022:12:41:17 +0800] "GET /xingrg/check_reg.html?_=1672288891900 HTTP/1.1" 200 22
58.37.6.240 - - [29/Dec/2022:12:41:18 +0800] "POST /xingrg/kc/buy/cgsh_order_operate.html HTTP/1.1" 200 12
58.37.6.240 - - [29/Dec/2022:12:41:19 +0800] "GET /xingrg/kc/buy/cgsh_order_info.html?code=212022122905784 HTTP/1.1" 200 64754
58.37.6.240 - - [29/Dec/2022:12:41:20 +0800] "GET /xingrg/javascript/easyui/themes/default/validatebox.css HTTP/1.1" 404 1104
58.37.6.240 - - [29/Dec/2022:12:41:20 +0800] "POST /xingrg/kc/buy/cgsh_order_operate.html HTTP/1.1" 200 603
222.69.128.99 - - [29/Dec/2022:12:41:21 +0800] "GET /xingrg/all/function/internal_message.html?_=1672288888508&CODE_STATE=getMsg HTTP/1.1" 200 27
114.83.222.182 - - [29/Dec/2022:12:41:22 +0800] "POST /xingrg/dwr/call/plaincall/AjaxCheckService.setItemNumber.dwr HTTP/1.1" 200 77
58.37.6.240 - - [29/Dec/2022:12:41:23 +0800] "GET /xingrg/kc/print/load_data.html?order_code=212022122905784&kc_code=cgsh&condition= HTTP/1.1" 200 724
222.69.192.184 - - [29/Dec/2022:12:41:25 +0800] "GET /xingrg/all/function/internal_message.html?_=1672288895917&CODE_STATE=getMsg HTTP/1.1" 200 27
222.69.192.184 - - [29/Dec/2022:12:41:29 +0800] "GET /xingrg/check_reg.html?_=1672288900088 HTTP/1.1" 200 22
124.79.245.154 - - [29/Dec/2022:12:41:33 +0800] "GET /xingrg/all/function/internal_message.html?_=1672288903183&CODE_STATE=getMsg HTTP/1.1" 200 27
114.84.171.241 - - [29/Dec/2022:12:41:35 +0800] "POST /xingrg/kc/buy/cgsh_list_operate.html HTTP/1.1" 200 2742
116.238.139.35 - - [29/Dec/2022:12:41:36 +0800] "GET /xingrg/all/function/internal_message.html?_=1672288830689&CODE_STATE=getMsg HTTP/1.1" 200 27
58.37.6.240 - - [29/Dec/2022:12:41:39 +0800] "POST /xingrg/kc/buy/cgsh_list_operate.html HTTP/1.1" 200 3550
58.37.6.240 - - [29/Dec/2022:12:41:42 +0800] "POST /xingrg/kc/buy/cgsh_list_operate.html HTTP/1.1" 200 269
58.37.6.240 - - [29/Dec/2022:12:41:43 +0800] "GET /xingrg/kc/buy/cgsh_order_info.html?code=212022122905776 HTTP/1.1" 200 69865
58.37.6.240 - - [29/Dec/2022:12:41:43 +0800] "GET /xingrg/javascript/easyui/themes/default/validatebox.css HTTP/1.1" 404 1104
58.37.6.240 - - [29/Dec/2022:12:41:44 +0800] "POST /xingrg/kc/buy/cgsh_order_operate.html HTTP/1.1" 200 3239
58.37.6.240 - - [29/Dec/2022:12:41:45 +0800] "POST /xingrg/kc/buy/cgsh_list_operate.html HTTP/1.1" 200 3550
58.40.7.146 - - [29/Dec/2022:12:41:46 +0800] "GET /xingrg/all/function/internal_message.html?_=1672288917020&CODE_STATE=getMsg HTTP/1.1" 302 -
114.84.171.241 - - [29/Dec/2022:12:41:46 +0800] "GET /xingrg/all/function/internal_message.html?_=1672288915322&CODE_STATE=getMsg HTTP/1.1" 200 27
58.37.6.240 - - [29/Dec/2022:12:41:50 +0800] "POST /xingrg/kc/buy/cgsh_order_operate.html HTTP/1.1" 200 37
116.230.105.139 - - [29/Dec/2022:12:41:56 +0800] "GET /xingrg/all/function/internal_message.html?_=1672288893017&CODE_STATE=getMsg HTTP/1.1" 200 27
222.64.145.253 - - [29/Dec/2022:12:41:57 +0800] "GET /xingrg/all/function/internal_message.html?_=1672288931415&CODE_STATE=getMsg HTTP/1.1" 200 27
58.37.6.240 - - [29/Dec/2022:12:41:57 +0800] "POST /xingrg/kc/buy/cgsh_order_operate.html HTTP/1.1" 200 12
58.37.6.240 - - [29/Dec/2022:12:41:58 +0800] "GET /xingrg/kc/buy/cgsh_order_info.html?code=212022122905776 HTTP/1.1" 200 64758
58.37.6.240 - - [29/Dec/2022:12:41:59 +0800] "GET /xingrg/javascript/easyui/themes/default/validatebox.css HTTP/1.1" 404 1104
180.169.147.146 - - [29/Dec/2022:12:41:59 +0800] "GET /xingrg/all/function/internal_message.html?_=1672288930260&CODE_STATE=getMsg HTTP/1.1" 200 27
58.37.6.240 - - [29/Dec/2022:12:41:59 +0800] "POST /xingrg/kc/buy/cgsh_order_operate.html HTTP/1.1" 200 1189
58.37.6.240 - - [29/Dec/2022:12:42:02 +0800] "GET /xingrg/kc/print/load_data.html?order_code=212022122905776&kc_code=cgsh&condition= HTTP/1.1" 200 931
124.79.245.154 - - [29/Dec/2022:12:42:02 +0800] "GET /xingrg/all/function/internal_message.html?_=1672289164496&CODE_STATE=getMsg HTTP/1.1" 200 27
58.37.6.240 - - [29/Dec/2022:12:42:13 +0800] "POST /xingrg/kc/buy/cgsh_list_operate.html HTTP/1.1" 200 3126
114.84.38.109 - - [29/Dec/2022:12:42:14 +0800] "GET /xingrg/all/function/internal_message.html?_=1672288959386&CODE_STATE=getMsg HTTP/1.1" 200 27
180.169.147.146 - - [29/Dec/2022:12:42:16 +0800] "GET /xingrg/all/function/internal_message.html?_=1672288946639&CODE_STATE=getMsg HTTP/1.1" 200 27
58.37.6.240 - - [29/Dec/2022:12:42:16 +0800] "GET /xingrg/all/function/internal_message.html?_=1672288948230&CODE_STATE=getMsg HTTP/1.1" 200 27
114.83.222.182 - - [29/Dec/2022:12:42:16 +0800] "GET /xingrg/all/function/internal_message.html?_=1672289019022&CODE_STATE=getMsg HTTP/1.1" 200 27
58.37.6.240 - - [29/Dec/2022:12:42:17 +0800] "POST /xingrg/kc/buy/cgsh_list_operate.html HTTP/1.1" 200 204
222.69.128.99 - - [29/Dec/2022:12:42:17 +0800] "POST /xingrg/kc/base/wldb_list_operate.html HTTP/1.1" 200 2184
114.83.222.182 - - [29/Dec/2022:12:42:17 +0800] "GET /xingrg/check_reg.html?_=1672289020174 HTTP/1.1" 200 22
58.37.6.240 - - [29/Dec/2022:12:42:18 +0800] "GET /xingrg/kc/buy/cgsh_order_info.html?code=212022122905775 HTTP/1.1" 200 69867
58.37.6.240 - - [29/Dec/2022:12:42:18 +0800] "GET /xingrg/javascript/easyui/themes/default/validatebox.css HTTP/1.1" 404 1104
58.37.6.240 - - [29/Dec/2022:12:42:18 +0800] "POST /xingrg/kc/buy/cgsh_order_operate.html HTTP/1.1" 200 2660
58.37.6.240 - - [29/Dec/2022:12:42:20 +0800] "POST /xingrg/kc/buy/cgsh_list_operate.html HTTP/1.1" 200 3126
222.69.192.184 - - [29/Dec/2022:12:42:25 +0800] "GET /xingrg/all/function/internal_message.html?_=1672288955900&CODE_STATE=getMsg HTTP/1.1" 200 27
222.69.128.99 - - [29/Dec/2022:12:42:26 +0800] "POST /xingrg/kc/base/wldb_list_operate.html HTTP/1.1" 200 4
58.37.6.240 - - [29/Dec/2022:12:42:27 +0800] "POST /xingrg/kc/buy/cgsh_order_operate.html HTTP/1.1" 200 37
222.69.128.99 - - [29/Dec/2022:12:42:27 +0800] "POST /xingrg/kc/base/wldb_list_operate.html HTTP/1.1" 200 928
58.37.6.240 - - [29/Dec/2022:12:42:30 +0800] "POST /xingrg/kc/buy/cgsh_order_operate.html HTTP/1.1" 200 12
58.37.6.240 - - [29/Dec/2022:12:42:31 +0800] "GET /xingrg/kc/buy/cgsh_order_info.html?code=212022122905775 HTTP/1.1" 200 64760
58.37.6.240 - - [29/Dec/2022:12:42:31 +0800] "GET /xingrg/javascript/easyui/themes/default/validatebox.css HTTP/1.1" 404 1104
58.37.6.240 - - [29/Dec/2022:12:42:32 +0800] "POST /xingrg/kc/buy/cgsh_order_operate.html HTTP/1.1" 200 610
124.79.245.154 - - [29/Dec/2022:12:42:33 +0800] "GET /xingrg/all/function/internal_message.html?_=1672288963188&CODE_STATE=getMsg HTTP/1.1" 200 27
58.37.6.240 - - [29/Dec/2022:12:42:35 +0800] "GET /xingrg/kc/print/load_data.html?order_code=212022122905775&kc_code=cgsh&condition= HTTP/1.1" 200 763
116.238.139.35 - - [29/Dec/2022:12:42:36 +0800] "GET /xingrg/all/function/internal_message.html?_=1672288890722&CODE_STATE=getMsg HTTP/1.1" 200 27
58.37.6.240 - - [29/Dec/2022:12:42:43 +0800] "POST /xingrg/kc/buy/cgsh_list_operate.html HTTP/1.1" 200 2700
58.40.7.146 - - [29/Dec/2022:12:42:46 +0800] "GET /xingrg/all/function/internal_message.html?_=1672288976991&CODE_STATE=getMsg HTTP/1.1" 302 -
114.84.171.241 - - [29/Dec/2022:12:42:46 +0800] "GET /xingrg/all/function/internal_message.html?_=1672288975321&CODE_STATE=getMsg HTTP/1.1" 200 27
58.37.6.240 - - [29/Dec/2022:12:42:50 +0800] "GET /xingrg/kc/buy/buy_main.html HTTP/1.1" 200 12412
58.37.6.240 - - [29/Dec/2022:12:42:50 +0800] "GET /xingrg/css/new_ie.css HTTP/1.1" 404 1036
58.37.6.240 - - [29/Dec/2022:12:42:51 +0800] "GET /xingrg/images/yd/bt.gif HTTP/1.1" 404 1040
58.37.6.240 - - [29/Dec/2022:12:42:52 +0800] "GET /xingrg/kc/buy/cgsh_order_list.html HTTP/1.1" 200 54078
58.221.95.50 - - [29/Dec/2022:12:42:53 +0800] "GET /xingrg/check_reg.html?_=1672288983666 HTTP/1.1" 302 -
58.37.6.240 - - [29/Dec/2022:12:42:54 +0800] "POST /xingrg/kc/buy/cgsh_list_operate.html HTTP/1.1" 200 2700
116.230.105.139 - - [29/Dec/2022:12:42:56 +0800] "GET /xingrg/all/function/internal_message.html?_=1672288953003&CODE_STATE=getMsg HTTP/1.1" 200 27
222.64.145.253 - - [29/Dec/2022:12:42:57 +0800] "GET /xingrg/all/function/internal_message.html?_=1672288991400&CODE_STATE=getMsg HTTP/1.1" 200 27
58.37.6.240 - - [29/Dec/2022:12:42:58 +0800] "POST /xingrg/kc/buy/cgsh_list_operate.html HTTP/1.1" 200 201
58.37.6.240 - - [29/Dec/2022:12:42:58 +0800] "GET /xingrg/kc/buy/cgsh_order_info.html?code=212022122905774 HTTP/1.1" 200 69863
58.37.6.240 - - [29/Dec/2022:12:42:59 +0800] "GET /xingrg/javascript/easyui/themes/default/validatebox.css HTTP/1.1" 404 1104
180.169.147.146 - - [29/Dec/2022:12:42:59 +0800] "GET /xingrg/all/function/internal_message.html?_=1672288990261&CODE_STATE=getMsg HTTP/1.1" 200 27
58.37.6.240 - - [29/Dec/2022:12:42:59 +0800] "POST /xingrg/kc/buy/cgsh_order_operate.html HTTP/1.1" 200 2659
114.83.222.182 - - [29/Dec/2022:12:43:00 +0800] "GET /xingrg/login.html HTTP/1.1" 200 7641
114.83.222.182 - - [29/Dec/2022:12:43:01 +0800] "GET /xingrg/images/blue/jxLogo.png HTTP/1.1" 200 6156
114.83.222.182 - - [29/Dec/2022:12:43:01 +0800] "GET /xingrg/images/blue/hj.png HTTP/1.1" 200 1014
114.83.222.182 - - [29/Dec/2022:12:43:01 +0800] "GET /xingrg/images/blue/login_bg.png HTTP/1.1" 200 22101
114.83.222.182 - - [29/Dec/2022:12:43:01 +0800] "GET /xingrg/images/blue/srbg.png HTTP/1.1" 200 138
114.83.222.182 - - [29/Dec/2022:12:43:01 +0800] "GET /favicon.ico HTTP/1.1" 404 -
124.79.245.154 - - [29/Dec/2022:12:43:02 +0800] "GET /xingrg/all/function/internal_message.html?_=1672289224495&CODE_STATE=getMsg HTTP/1.1" 200 27
114.83.222.182 - - [29/Dec/2022:12:43:03 +0800] "POST /xingrg/login.do HTTP/1.1" 302 -
114.83.222.182 - - [29/Dec/2022:12:43:03 +0800] "GET /xingrg/index.html?sysBaseUrl=http%3A%2F%2F180.169.147.146%3A18081%2Fxingrg%2F&costTime=39×tamp=1672288983213 HTTP/1.1" 200 17179
114.83.222.182 - - [29/Dec/2022:12:43:03 +0800] "GET /xingrg/css/form.css HTTP/1.1" 200 893
114.83.222.182 - - [29/Dec/2022:12:43:03 +0800] "GET /xingrg/javascript/jquery_easy_ui/easyui-lang-zh_CN.js HTTP/1.1" 200 1900
114.83.222.182 - - [29/Dec/2022:12:43:03 +0800] "GET /xingrg/javascript/jquery.timers.js HTTP/1.1" 200 3532
114.83.222.182 - - [29/Dec/2022:12:43:03 +0800] "GET /xingrg/javascript/jquery.form.js HTTP/1.1" 200 23110
114.83.222.182 - - [29/Dec/2022:12:43:03 +0800] "GET /favicon.ico HTTP/1.1" 404 -
114.83.222.182 - - [29/Dec/2022:12:43:03 +0800] "GET /xingrg/javascript/jquery_easy_ui/themes/icons/settle_new.png HTTP/1.1" 200 826
114.83.222.182 - - [29/Dec/2022:12:43:03 +0800] "GET /xingrg/images/blue/navBackgound.jpg HTTP/1.1" 200 12378
114.83.222.182 - - [29/Dec/2022:12:43:03 +0800] "POST /xingrg/all/common/load_tree.html?tree=area_rest_tree_json&manage=1 HTTP/1.1" 200 351
114.83.222.182 - - [29/Dec/2022:12:43:03 +0800] "GET /xingrg/all/function/internal_message.html?_=1672289065777&CODE_STATE=count HTTP/1.1" 200 11
114.83.222.182 - - [29/Dec/2022:12:43:03 +0800] "GET /xingrg/check_reg.html?_=1672289065778 HTTP/1.1" 200 22
114.83.222.182 - - [29/Dec/2022:12:43:03 +0800] "GET /xingrg/images/blue/pingpu.png HTTP/1.1" 200 231
114.83.222.182 - - [29/Dec/2022:12:43:03 +0800] "GET /xingrg/javascript/jquery_easy_ui/themes/default/images/tabs_leftarrow.png HTTP/1.1" 200 389
114.83.222.182 - - [29/Dec/2022:12:43:03 +0800] "GET /xingrg/javascript/jquery_easy_ui/themes/default/images/tabs_rightarrow.png HTTP/1.1" 200 395
114.83.222.182 - - [29/Dec/2022:12:43:03 +0800] "GET /xingrg/javascript/jquery_easy_ui/themes/default/images/panel_tool_collapse.gif HTTP/1.1" 200 246
114.83.222.182 - - [29/Dec/2022:12:43:03 +0800] "POST /xingrg/load_menu.html HTTP/1.1" 200 5138
114.83.222.182 - - [29/Dec/2022:12:43:03 +0800] "GET /xingrg/javascript/jquery_easy_ui/themes/default/images/tree_arrows.gif HTTP/1.1" 200 1043
114.83.222.182 - - [29/Dec/2022:12:43:03 +0800] "GET /xingrg/javascript/jquery_easy_ui/themes/default/images/tree_folder_open.gif HTTP/1.1" 200 956
114.83.222.182 - - [29/Dec/2022:12:43:03 +0800] "GET /xingrg/javascript/jquery_easy_ui/themes/icons/search_new.png HTTP/1.1" 200 586
114.83.222.182 - - [29/Dec/2022:12:43:03 +0800] "GET /xingrg/javascript/jquery_easy_ui/themes/default/images/tree_folder.gif HTTP/1.1" 200 952
114.83.222.182 - - [29/Dec/2022:12:43:03 +0800] "GET /xingrg/javascript/jquery_easy_ui/themes/icons/storage_new.png HTTP/1.1" 200 853
114.83.222.182 - - [29/Dec/2022:12:43:03 +0800] "GET /xingrg/javascript/jquery_easy_ui/themes/icons/forms_new.png HTTP/1.1" 200 350
114.83.222.182 - - [29/Dec/2022:12:43:03 +0800] "GET /xingrg/javascript/jquery_easy_ui/themes/default/images/tree_file.gif HTTP/1.1" 200 118
58.37.6.240 - - [29/Dec/2022:12:43:06 +0800] "POST /xingrg/kc/buy/cgsh_order_operate.html HTTP/1.1" 200 37
58.37.6.240 - - [29/Dec/2022:12:43:10 +0800] "POST /xingrg/kc/buy/cgsh_order_operate.html HTTP/1.1" 200 12
58.37.6.240 - - [29/Dec/2022:12:43:11 +0800] "GET /xingrg/kc/buy/cgsh_order_info.html?code=212022122905774 HTTP/1.1" 200 64756
58.37.6.240 - - [29/Dec/2022:12:43:12 +0800] "GET /xingrg/javascript/easyui/themes/default/validatebox.css HTTP/1.1" 404 1104
58.37.6.240 - - [29/Dec/2022:12:43:12 +0800] "POST /xingrg/kc/buy/cgsh_order_operate.html HTTP/1.1" 200 609
114.83.222.182 - - [29/Dec/2022:12:43:13 +0800] "GET /xingrg/kc/base/check_order_list.html HTTP/1.1" 200 16226
114.83.222.182 - - [29/Dec/2022:12:43:13 +0800] "POST /xingrg/kc/base/check_list_operate.html HTTP/1.1" 200 2550
114.84.38.109 - - [29/Dec/2022:12:43:14 +0800] "GET /xingrg/all/function/internal_message.html?_=1672289019397&CODE_STATE=getMsg HTTP/1.1" 200 27
58.37.6.240 - - [29/Dec/2022:12:43:15 +0800] "GET /xingrg/kc/print/load_data.html?order_code=212022122905774&kc_code=cgsh&condition= HTTP/1.1" 200 766
58.37.6.240 - - [29/Dec/2022:12:43:15 +0800] "GET /xingrg/check_reg.html?_=1672289007747 HTTP/1.1" 200 22
180.169.147.146 - - [29/Dec/2022:12:43:16 +0800] "GET /xingrg/all/function/internal_message.html?_=1672289006625&CODE_STATE=getMsg HTTP/1.1" 200 27
114.83.222.182 - - [29/Dec/2022:12:43:16 +0800] "GET /xingrg/kc/base/check_order_info.html?code=452022122900056 HTTP/1.1" 200 25607
58.37.6.240 - - [29/Dec/2022:12:43:16 +0800] "GET /xingrg/all/function/internal_message.html?_=1672289008261&CODE_STATE=getMsg HTTP/1.1" 200 27
114.83.222.182 - - [29/Dec/2022:12:43:16 +0800] "GET /xingrg/dwr/interface/AjaxCheckService.js HTTP/1.1" 200 14003
114.83.222.182 - - [29/Dec/2022:12:43:16 +0800] "GET /xingrg/dwr/interface/AjaxComOrderService.js HTTP/1.1" 200 18264
114.83.222.182 - - [29/Dec/2022:12:43:16 +0800] "GET /xingrg/dwr/engine.js HTTP/1.1" 200 43631
114.83.222.182 - - [29/Dec/2022:12:43:16 +0800] "POST /xingrg/dwr/call/plaincall/AjaxCheckService.loadOrderItems.dwr HTTP/1.1" 200 19045
222.69.128.99 - - [29/Dec/2022:12:43:21 +0800] "GET /xingrg/all/function/internal_message.html?_=1672289008513&CODE_STATE=getMsg HTTP/1.1" 200 27
222.69.192.184 - - [29/Dec/2022:12:43:25 +0800] "GET /xingrg/all/function/internal_message.html?_=1672289015874&CODE_STATE=getMsg HTTP/1.1" 200 27
58.37.6.240 - - [29/Dec/2022:12:43:29 +0800] "POST /xingrg/kc/buy/cgsh_list_operate.html HTTP/1.1" 200 2279
124.79.245.154 - - [29/Dec/2022:12:43:33 +0800] "GET /xingrg/all/function/internal_message.html?_=1672289023190&CODE_STATE=getMsg HTTP/1.1" 200 27
58.37.6.240 - - [29/Dec/2022:12:43:35 +0800] "POST /xingrg/kc/buy/cgsh_list_operate.html HTTP/1.1" 200 383
58.37.6.240 - - [29/Dec/2022:12:43:36 +0800] "GET /xingrg/kc/buy/cgsh_order_info.html?code=212022122905802 HTTP/1.1" 200 69863
116.238.139.35 - - [29/Dec/2022:12:43:36 +0800] "GET /xingrg/all/function/internal_message.html?_=1672288950732&CODE_STATE=getMsg HTTP/1.1" 200 27
58.37.6.240 - - [29/Dec/2022:12:43:37 +0800] "GET /xingrg/javascript/easyui/themes/default/validatebox.css HTTP/1.1" 404 1104
58.37.6.240 - - [29/Dec/2022:12:43:37 +0800] "POST /xingrg/kc/buy/cgsh_order_operate.html HTTP/1.1" 200 3926
58.37.6.240 - - [29/Dec/2022:12:43:39 +0800] "POST /xingrg/kc/buy/cgsh_list_operate.html HTTP/1.1" 200 2279
58.37.6.240 - - [29/Dec/2022:12:43:46 +0800] "POST /xingrg/kc/buy/cgsh_order_operate.html HTTP/1.1" 200 37
58.40.7.146 - - [29/Dec/2022:12:43:46 +0800] "GET /xingrg/all/function/internal_message.html?_=1672289036962&CODE_STATE=getMsg HTTP/1.1" 302 -
114.84.171.241 - - [29/Dec/2022:12:43:46 +0800] "GET /xingrg/all/function/internal_message.html?_=1672289035320&CODE_STATE=getMsg HTTP/1.1" 200 27
58.37.6.240 - - [29/Dec/2022:12:43:49 +0800] "POST /xingrg/kc/buy/cgsh_order_operate.html HTTP/1.1" 200 12
58.37.6.240 - - [29/Dec/2022:12:43:50 +0800] "GET /xingrg/kc/buy/cgsh_order_info.html?code=212022122905802 HTTP/1.1" 200 64756
58.37.6.240 - - [29/Dec/2022:12:43:50 +0800] "GET /xingrg/javascript/easyui/themes/default/validatebox.css HTTP/1.1" 404 1104
58.37.6.240 - - [29/Dec/2022:12:43:51 +0800] "POST /xingrg/kc/buy/cgsh_order_operate.html HTTP/1.1" 200 1876
58.37.6.240 - - [29/Dec/2022:12:43:54 +0800] "GET /xingrg/kc/print/load_data.html?order_code=212022122905802&kc_code=cgsh&condition= HTTP/1.1" 200 1230
116.230.105.139 - - [29/Dec/2022:12:43:56 +0800] "GET /xingrg/all/function/internal_message.html?_=1672289012979&CODE_STATE=getMsg HTTP/1.1" 200 27
222.64.145.253 - - [29/Dec/2022:12:43:57 +0800] "GET /xingrg/all/function/internal_message.html?_=1672289051384&CODE_STATE=getMsg HTTP/1.1" 200 27
116.230.105.139 - - [29/Dec/2022:12:43:58 +0800] "GET /xingrg/check_reg.html?_=1672289014593 HTTP/1.1" 200 22
180.169.147.146 - - [29/Dec/2022:12:43:59 +0800] "GET /xingrg/all/function/internal_message.html?_=1672289050261&CODE_STATE=getMsg HTTP/1.1" 200 27
124.79.245.154 - - [29/Dec/2022:12:44:02 +0800] "GET /xingrg/check_reg.html?_=1672289284494 HTTP/1.1" 200 22
124.79.245.154 - - [29/Dec/2022:12:44:02 +0800] "GET /xingrg/all/function/internal_message.html?_=1672289284495&CODE_STATE=getMsg HTTP/1.1" 200 27
114.83.222.182 - - [29/Dec/2022:12:44:03 +0800] "GET /xingrg/all/function/internal_message.html?_=1672289125805&CODE_STATE=getMsg HTTP/1.1" 200 27
58.37.6.240 - - [29/Dec/2022:12:44:09 +0800] "POST /xingrg/kc/buy/cgsh_list_operate.html HTTP/1.1" 200 1857
58.37.6.240 - - [29/Dec/2022:12:44:12 +0800] "POST /xingrg/kc/buy/cgsh_list_operate.html HTTP/1.1" 200 375
58.37.6.240 - - [29/Dec/2022:12:44:14 +0800] "GET /xingrg/kc/buy/cgsh_order_info.html?code=212022122905785 HTTP/1.1" 200 69861
58.37.6.240 - - [29/Dec/2022:12:44:14 +0800] "GET /xingrg/javascript/easyui/themes/default/validatebox.css HTTP/1.1" 404 1104
58.37.6.240 - - [29/Dec/2022:12:44:15 +0800] "POST /xingrg/kc/buy/cgsh_order_operate.html HTTP/1.1" 200 3923
114.84.38.109 - - [29/Dec/2022:12:44:15 +0800] "GET /xingrg/all/function/internal_message.html?_=1672289079879&CODE_STATE=getMsg HTTP/1.1" 200 27
180.169.147.146 - - [29/Dec/2022:12:44:16 +0800] "GET /xingrg/all/function/internal_message.html?_=1672289066618&CODE_STATE=getMsg HTTP/1.1" 200 27
58.37.6.240 - - [29/Dec/2022:12:44:16 +0800] "GET /xingrg/all/function/internal_message.html?_=1672289068240&CODE_STATE=getMsg HTTP/1.1" 200 27
58.37.6.240 - - [29/Dec/2022:12:44:16 +0800] "POST /xingrg/kc/buy/cgsh_list_operate.html HTTP/1.1" 200 1857
222.69.128.99 - - [29/Dec/2022:12:44:21 +0800] "GET /xingrg/all/function/internal_message.html?_=1672289068494&CODE_STATE=getMsg HTTP/1.1" 200 27
58.37.6.240 - - [29/Dec/2022:12:44:21 +0800] "POST /xingrg/kc/buy/cgsh_order_operate.html HTTP/1.1" 200 37
58.37.6.240 - - [29/Dec/2022:12:44:25 +0800] "POST /xingrg/kc/buy/cgsh_order_operate.html HTTP/1.1" 200 12
222.69.192.184 - - [29/Dec/2022:12:44:25 +0800] "GET /xingrg/all/function/internal_message.html?_=1672289075843&CODE_STATE=getMsg HTTP/1.1" 200 27
58.37.6.240 - - [29/Dec/2022:12:44:26 +0800] "GET /xingrg/kc/buy/cgsh_order_info.html?code=212022122905785 HTTP/1.1" 200 64754
58.37.6.240 - - [29/Dec/2022:12:44:26 +0800] "GET /xingrg/words/20221229121016_words.js HTTP/1.1" 304 -
58.37.6.240 - - [29/Dec/2022:12:44:26 +0800] "GET /xingrg/javascript/easyui/themes/default/validatebox.css HTTP/1.1" 404 1104
114.83.222.182 - - [29/Dec/2022:12:44:26 +0800] "POST /xingrg/kc/base/check_list_operate.html HTTP/1.1" 200 4
58.37.6.240 - - [29/Dec/2022:12:44:27 +0800] "POST /xingrg/kc/buy/cgsh_order_operate.html HTTP/1.1" 200 1873
114.83.222.182 - - [29/Dec/2022:12:44:27 +0800] "POST /xingrg/kc/base/check_list_operate.html HTTP/1.1" 200 781
58.37.6.240 - - [29/Dec/2022:12:44:29 +0800] "GET /xingrg/kc/print/load_data.html?order_code=212022122905785&kc_code=cgsh&condition= HTTP/1.1" 200 1289
124.79.245.154 - - [29/Dec/2022:12:44:33 +0800] "GET /xingrg/all/function/internal_message.html?_=1672289083185&CODE_STATE=getMsg HTTP/1.1" 200 27
114.83.222.182 - - [29/Dec/2022:12:44:35 +0800] "GET /xingrg/login.html HTTP/1.1" 200 7641
114.83.222.182 - - [29/Dec/2022:12:44:35 +0800] "GET /favicon.ico HTTP/1.1" 404 -
116.238.139.35 - - [29/Dec/2022:12:44:36 +0800] "GET /xingrg/check_reg.html?_=1672289010394 HTTP/1.1" 200 22
116.238.139.35 - - [29/Dec/2022:12:44:36 +0800] "GET /xingrg/all/function/internal_message.html?_=1672289010746&CODE_STATE=getMsg HTTP/1.1" 200 27
114.83.222.182 - - [29/Dec/2022:12:44:37 +0800] "POST /xingrg/login.do HTTP/1.1" 302 -
114.83.222.182 - - [29/Dec/2022:12:44:37 +0800] "GET /xingrg/index.html?sysBaseUrl=http%3A%2F%2F180.169.147.146%3A18081%2Fxingrg%2F&costTime=39×tamp=1672289077362 HTTP/1.1" 200 17179
114.83.222.182 - - [29/Dec/2022:12:44:37 +0800] "GET /favicon.ico HTTP/1.1" 404 -
114.83.222.182 - - [29/Dec/2022:12:44:37 +0800] "POST /xingrg/all/common/load_tree.html?tree=area_rest_tree_json&manage=1 HTTP/1.1" 200 351
114.83.222.182 - - [29/Dec/2022:12:44:37 +0800] "GET /xingrg/all/function/internal_message.html?_=1672289159926&CODE_STATE=count HTTP/1.1" 200 11
114.83.222.182 - - [29/Dec/2022:12:44:37 +0800] "GET /xingrg/check_reg.html?_=1672289159927 HTTP/1.1" 200 22
114.83.222.182 - - [29/Dec/2022:12:44:37 +0800] "POST /xingrg/load_menu.html HTTP/1.1" 200 5138
58.37.6.240 - - [29/Dec/2022:12:44:40 +0800] "POST /xingrg/kc/buy/cgsh_list_operate.html HTTP/1.1" 200 986
58.37.6.240 - - [29/Dec/2022:12:44:43 +0800] "GET /xingrg/kc/buy/buy_main.html HTTP/1.1" 200 12412
58.37.6.240 - - [29/Dec/2022:12:44:43 +0800] "GET /xingrg/css/new_ie.css HTTP/1.1" 404 1036
114.83.222.182 - - [29/Dec/2022:12:44:43 +0800] "GET /xingrg/kc/base/check_order_list.html HTTP/1.1" 200 16226
114.83.222.182 - - [29/Dec/2022:12:44:44 +0800] "POST /xingrg/kc/base/check_list_operate.html HTTP/1.1" 200 781
58.37.6.240 - - [29/Dec/2022:12:44:44 +0800] "GET /xingrg/images/yd/bt.gif HTTP/1.1" 404 1040
58.37.6.240 - - [29/Dec/2022:12:44:44 +0800] "GET /xingrg/kc/buy/cgsh_order_list.html HTTP/1.1" 200 54078
58.37.6.240 - - [29/Dec/2022:12:44:45 +0800] "POST /xingrg/kc/buy/cgsh_list_operate.html HTTP/1.1" 200 986
114.83.222.182 - - [29/Dec/2022:12:44:45 +0800] "GET /xingrg/kc/base/check_order_add.html HTTP/1.1" 200 25574
114.83.222.182 - - [29/Dec/2022:12:44:45 +0800] "GET /xingrg/dwr/interface/AjaxComOrderService.js HTTP/1.1" 200 18264
114.83.222.182 - - [29/Dec/2022:12:44:45 +0800] "GET /xingrg/dwr/interface/AjaxCheckService.js HTTP/1.1" 200 14003
114.83.222.182 - - [29/Dec/2022:12:44:45 +0800] "GET /xingrg/dwr/engine.js HTTP/1.1" 200 43631
58.40.7.146 - - [29/Dec/2022:12:44:46 +0800] "GET /xingrg/all/function/internal_message.html?_=1672289096933&CODE_STATE=getMsg HTTP/1.1" 302 -
114.84.171.241 - - [29/Dec/2022:12:44:46 +0800] "GET /xingrg/all/function/internal_message.html?_=1672289095321&CODE_STATE=getMsg HTTP/1.1" 200 27
58.40.7.146 - - [29/Dec/2022:12:44:47 +0800] "GET /xingrg/check_reg.html?_=1672289097878 HTTP/1.1" 302 -
58.37.6.240 - - [29/Dec/2022:12:44:48 +0800] "GET /xingrg/kc/base/base_main.html HTTP/1.1" 200 12142
58.37.6.240 - - [29/Dec/2022:12:44:49 +0800] "GET /xingrg/kc/base/wldb_order_list.html HTTP/1.1" 200 19101
58.37.6.240 - - [29/Dec/2022:12:44:49 +0800] "POST /xingrg/kc/base/wldb_list_operate.html HTTP/1.1" 200 1773
58.37.6.240 - - [29/Dec/2022:12:44:52 +0800] "POST /xingrg/kc/base/wldb_list_operate.html HTTP/1.1" 200 641
58.37.6.240 - - [29/Dec/2022:12:44:54 +0800] "GET /xingrg/kc/base/wldb_order_info.html?code=422022122901515 HTTP/1.1" 200 30399
58.37.6.240 - - [29/Dec/2022:12:44:54 +0800] "GET /xingrg/javascript/easyui/themes/default/validatebox.css HTTP/1.1" 404 1104
58.37.6.240 - - [29/Dec/2022:12:44:54 +0800] "POST /xingrg/kc/base/wldb_order_operate.html HTTP/1.1" 200 5193
116.230.105.139 - - [29/Dec/2022:12:44:56 +0800] "GET /xingrg/all/function/internal_message.html?_=1672289072960&CODE_STATE=getMsg HTTP/1.1" 200 27
222.64.145.253 - - [29/Dec/2022:12:44:57 +0800] "GET /xingrg/all/function/internal_message.html?_=1672289111368&CODE_STATE=getMsg HTTP/1.1" 200 27
180.169.147.146 - - [29/Dec/2022:12:44:59 +0800] "GET /xingrg/all/function/internal_message.html?_=1672289110261&CODE_STATE=getMsg HTTP/1.1" 200 27
114.83.222.182 - - [29/Dec/2022:12:45:00 +0800] "POST /xingrg/dwr/call/plaincall/AjaxCheckService.saveOrder.dwr HTTP/1.1" 200 78
114.83.222.182 - - [29/Dec/2022:12:45:01 +0800] "POST /xingrg/dwr/call/plaincall/AjaxCheckService.loadOrderItems.dwr HTTP/1.1" 200 367
124.79.245.154 - - [29/Dec/2022:12:45:02 +0800] "GET /xingrg/all/function/internal_message.html?_=1672289344493&CODE_STATE=getMsg HTTP/1.1" 200 27
114.84.38.109 - - [29/Dec/2022:12:45:06 +0800] "GET /xingrg/check_reg.html?_=1672289130739 HTTP/1.1" 200 22
114.83.222.182 - - [29/Dec/2022:12:45:08 +0800] "POST /xingrg/dwr/call/plaincall/AjaxCheckService.importOrderItems.dwr HTTP/1.1" 200 78
58.37.6.240 - - [29/Dec/2022:12:45:09 +0800] "POST /xingrg/kc/base/wldb_order_operate.html HTTP/1.1" 200 37
58.37.6.240 - - [29/Dec/2022:12:45:09 +0800] "POST /xingrg/kc/base/wldb_order_operate.html HTTP/1.1" 200 5193
58.37.6.240 - - [29/Dec/2022:12:45:10 +0800] "GET /xingrg/kc/base/wldb_order_info.html?code=422022122901515 HTTP/1.1" 200 30399
58.37.6.240 - - [29/Dec/2022:12:45:10 +0800] "GET /xingrg/javascript/easyui/themes/default/validatebox.css HTTP/1.1" 404 1104
114.83.222.182 - - [29/Dec/2022:12:45:11 +0800] "POST /xingrg/dwr/call/plaincall/AjaxCheckService.loadOrderItems.dwr HTTP/1.1" 200 19034
58.37.6.240 - - [29/Dec/2022:12:45:11 +0800] "POST /xingrg/kc/base/wldb_order_operate.html HTTP/1.1" 200 5193
114.84.38.109 - - [29/Dec/2022:12:45:15 +0800] "GET /xingrg/all/function/internal_message.html?_=1672289139895&CODE_STATE=getMsg HTTP/1.1" 200 27
58.37.6.240 - - [29/Dec/2022:12:45:16 +0800] "GET /xingrg/all/function/internal_message.html?_=1672289128243&CODE_STATE=getMsg HTTP/1.1" 200 27
180.169.147.146 - - [29/Dec/2022:12:45:16 +0800] "GET /xingrg/all/function/internal_message.html?_=1672289126685&CODE_STATE=getMsg HTTP/1.1" 200 27
114.83.222.182 - - [29/Dec/2022:12:45:16 +0800] "POST /xingrg/dwr/call/plaincall/AjaxCheckService.setItemNumber.dwr HTTP/1.1" 200 76
222.69.128.99 - - [29/Dec/2022:12:45:21 +0800] "GET /xingrg/all/function/internal_message.html?_=1672289128481&CODE_STATE=getMsg HTTP/1.1" 200 27
114.83.222.182 - - [29/Dec/2022:12:45:22 +0800] "POST /xingrg/dwr/call/plaincall/AjaxCheckService.setItemNumber.dwr HTTP/1.1" 200 76
222.69.192.184 - - [29/Dec/2022:12:45:25 +0800] "GET /xingrg/all/function/internal_message.html?_=1672289135813&CODE_STATE=getMsg HTTP/1.1" 200 27
58.37.6.240 - - [29/Dec/2022:12:45:33 +0800] "GET /xingrg/kc/buy/buy_main.html HTTP/1.1" 200 12412
58.37.6.240 - - [29/Dec/2022:12:45:33 +0800] "GET /xingrg/css/new_ie.css HTTP/1.1" 404 1036
124.79.245.154 - - [29/Dec/2022:12:45:33 +0800] "GET /xingrg/check_reg.html?_=1672289143190 HTTP/1.1" 200 22
124.79.245.154 - - [29/Dec/2022:12:45:33 +0800] "GET /xingrg/all/function/internal_message.html?_=1672289143196&CODE_STATE=getMsg HTTP/1.1" 200 27
116.238.139.35 - - [29/Dec/2022:12:45:37 +0800] "GET /xingrg/all/function/internal_message.html?_=1672289070759&CODE_STATE=getMsg HTTP/1.1" 200 27
114.83.222.182 - - [29/Dec/2022:12:45:37 +0800] "GET /xingrg/all/function/internal_message.html?_=1672289219939&CODE_STATE=getMsg HTTP/1.1" 200 27
58.40.7.146 - - [29/Dec/2022:12:45:46 +0800] "GET /xingrg/all/function/internal_message.html?_=1672289156913&CODE_STATE=getMsg HTTP/1.1" 302 -
114.84.171.241 - - [29/Dec/2022:12:45:46 +0800] "GET /xingrg/all/function/internal_message.html?_=1672289155321&CODE_STATE=getMsg HTTP/1.1" 200 27
114.84.171.241 - - [29/Dec/2022:12:45:46 +0800] "GET /xingrg/check_reg.html?_=1672289155324 HTTP/1.1" 200 22
114.83.222.182 - - [29/Dec/2022:12:45:48 +0800] "POST /xingrg/dwr/call/plaincall/AjaxCheckService.setItemNumber.dwr HTTP/1.1" 200 76
116.230.105.139 - - [29/Dec/2022:12:45:56 +0800] "GET /xingrg/all/function/internal_message.html?_=1672289132934&CODE_STATE=getMsg HTTP/1.1" 200 27
222.64.145.253 - - [29/Dec/2022:12:45:57 +0800] "GET /xingrg/all/function/internal_message.html?_=1672289171352&CODE_STATE=getMsg HTTP/1.1" 200 27
114.83.222.182 - - [29/Dec/2022:12:45:59 +0800] "POST /xingrg/dwr/call/plaincall/AjaxCheckService.setItemNumber.dwr HTTP/1.1" 200 76
180.169.147.146 - - [29/Dec/2022:12:45:59 +0800] "GET /xingrg/check_reg.html?_=1672289170260 HTTP/1.1" 200 22
180.169.147.146 - - [29/Dec/2022:12:45:59 +0800] "GET /xingrg/all/function/internal_message.html?_=1672289170262&CODE_STATE=getMsg HTTP/1.1" 200 27
124.79.245.154 - - [29/Dec/2022:12:46:02 +0800] "GET /xingrg/all/function/internal_message.html?_=1672289404490&CODE_STATE=getMsg HTTP/1.1" 200 27
114.83.222.182 - - [29/Dec/2022:12:46:08 +0800] "POST /xingrg/dwr/call/plaincall/AjaxCheckService.setItemNumber.dwr HTTP/1.1" 200 76
114.84.81.136 - - [29/Dec/2022:12:46:13 +0800] "GET /favicon.ico HTTP/1.1" 404 -
114.84.38.109 - - [29/Dec/2022:12:46:15 +0800] "GET /xingrg/all/function/internal_message.html?_=1672289199907&CODE_STATE=getMsg HTTP/1.1" 200 27
58.37.6.240 - - [29/Dec/2022:12:46:16 +0800] "GET /xingrg/all/function/internal_message.html?_=1672289188204&CODE_STATE=getMsg HTTP/1.1" 200 27
180.169.147.146 - - [29/Dec/2022:12:46:16 +0800] "GET /xingrg/check_reg.html?_=1672289186630 HTTP/1.1" 200 22
180.169.147.146 - - [29/Dec/2022:12:46:16 +0800] "GET /xingrg/all/function/internal_message.html?_=1672289186677&CODE_STATE=getMsg HTTP/1.1" 200 27
222.64.145.253 - - [29/Dec/2022:12:46:17 +0800] "GET /xingrg/check_reg.html?_=1672289191915 HTTP/1.1" 200 22
114.83.222.182 - - [29/Dec/2022:12:46:18 +0800] "POST /xingrg/dwr/call/plaincall/AjaxCheckService.setItemNumber.dwr HTTP/1.1" 200 76
222.69.128.99 - - [29/Dec/2022:12:46:21 +0800] "GET /xingrg/all/function/internal_message.html?_=1672289188469&CODE_STATE=getMsg HTTP/1.1" 200 27
222.69.192.184 - - [29/Dec/2022:12:46:25 +0800] "GET /xingrg/all/function/internal_message.html?_=1672289195781&CODE_STATE=getMsg HTTP/1.1" 200 27
114.83.222.182 - - [29/Dec/2022:12:46:29 +0800] "POST /xingrg/dwr/call/plaincall/AjaxCheckService.setItemNumber.dwr HTTP/1.1" 200 77
222.69.192.184 - - [29/Dec/2022:12:46:29 +0800] "GET /xingrg/check_reg.html?_=1672289200056 HTTP/1.1" 200 22
124.79.245.154 - - [29/Dec/2022:12:46:33 +0800] "GET /xingrg/all/function/internal_message.html?_=1672289203177&CODE_STATE=getMsg HTTP/1.1" 200 27
116.238.139.35 - - [29/Dec/2022:12:46:37 +0800] "GET /xingrg/all/function/internal_message.html?_=1672289130773&CODE_STATE=getMsg HTTP/1.1" 200 27
114.83.222.182 - - [29/Dec/2022:12:46:37 +0800] "GET /xingrg/all/function/internal_message.html?_=1672289279931&CODE_STATE=getMsg HTTP/1.1" 200 27
58.40.7.146 - - [29/Dec/2022:12:46:46 +0800] "GET /xingrg/all/function/internal_message.html?_=1672289216885&CODE_STATE=getMsg HTTP/1.1" 302 -
114.84.171.241 - - [29/Dec/2022:12:46:46 +0800] "GET /xingrg/all/function/internal_message.html?_=1672289215331&CODE_STATE=getMsg HTTP/1.1" 200 27
114.83.222.182 - - [29/Dec/2022:12:46:55 +0800] "POST /xingrg/dwr/call/plaincall/AjaxCheckService.setItemNumber.dwr HTTP/1.1" 200 77
116.230.105.139 - - [29/Dec/2022:12:46:56 +0800] "GET /xingrg/all/function/internal_message.html?_=1672289192921&CODE_STATE=getMsg HTTP/1.1" 200 27
222.64.145.253 - - [29/Dec/2022:12:46:57 +0800] "GET /xingrg/all/function/internal_message.html?_=1672289231338&CODE_STATE=getMsg HTTP/1.1" 200 27
180.169.147.146 - - [29/Dec/2022:12:46:59 +0800] "GET /xingrg/all/function/internal_message.html?_=1672289230262&CODE_STATE=getMsg HTTP/1.1" 200 27
124.79.245.154 - - [29/Dec/2022:12:47:02 +0800] "GET /xingrg/all/function/internal_message.html?_=1672289464489&CODE_STATE=getMsg HTTP/1.1" 200 27
114.83.222.182 - - [29/Dec/2022:12:47:10 +0800] "POST /xingrg/dwr/call/plaincall/AjaxCheckService.setItemNumber.dwr HTTP/1.1" 200 77
114.84.38.109 - - [29/Dec/2022:12:47:15 +0800] "GET /xingrg/all/function/internal_message.html?_=1672289260404&CODE_STATE=getMsg HTTP/1.1" 200 27
58.37.6.240 - - [29/Dec/2022:12:47:16 +0800] "GET /xingrg/all/function/internal_message.html?_=1672289248189&CODE_STATE=getMsg HTTP/1.1" 200 27
180.169.147.146 - - [29/Dec/2022:12:47:16 +0800] "GET /xingrg/all/function/internal_message.html?_=1672289246663&CODE_STATE=getMsg HTTP/1.1" 200 27
222.69.128.99 - - [29/Dec/2022:12:47:20 +0800] "GET /xingrg/check_reg.html?_=1672289248336 HTTP/1.1" 200 22
222.69.128.99 - - [29/Dec/2022:12:47:21 +0800] "GET /xingrg/all/function/internal_message.html?_=1672289248450&CODE_STATE=getMsg HTTP/1.1" 200 27
222.69.192.184 - - [29/Dec/2022:12:47:25 +0800] "GET /xingrg/all/function/internal_message.html?_=1672289255764&CODE_STATE=getMsg HTTP/1.1" 200 27
114.83.222.182 - - [29/Dec/2022:12:47:28 +0800] "POST /xingrg/dwr/call/plaincall/AjaxCheckService.setItemNumber.dwr HTTP/1.1" 200 77
114.83.222.182 - - [29/Dec/2022:12:47:33 +0800] "POST /xingrg/dwr/call/plaincall/AjaxCheckService.setItemNumber.dwr HTTP/1.1" 200 77
124.79.245.154 - - [29/Dec/2022:12:47:33 +0800] "GET /xingrg/all/function/internal_message.html?_=1672289263198&CODE_STATE=getMsg HTTP/1.1" 200 27
116.238.139.35 - - [29/Dec/2022:12:47:37 +0800] "GET /xingrg/all/function/internal_message.html?_=1672289190807&CODE_STATE=getMsg HTTP/1.1" 200 27
114.83.222.182 - - [29/Dec/2022:12:47:37 +0800] "GET /xingrg/all/function/internal_message.html?_=1672289339942&CODE_STATE=getMsg HTTP/1.1" 200 27
58.40.7.146 - - [29/Dec/2022:12:47:46 +0800] "GET /xingrg/all/function/internal_message.html?_=1672289276856&CODE_STATE=getMsg HTTP/1.1" 302 -
114.84.171.241 - - [29/Dec/2022:12:47:46 +0800] "GET /xingrg/all/function/internal_message.html?_=1672289275316&CODE_STATE=getMsg HTTP/1.1" 200 27
58.221.95.50 - - [29/Dec/2022:12:47:53 +0800] "GET /xingrg/check_reg.html?_=1672289283656 HTTP/1.1" 302 -
116.230.105.139 - - [29/Dec/2022:12:47:56 +0800] "GET /xingrg/all/function/internal_message.html?_=1672289252905&CODE_STATE=getMsg HTTP/1.1" 200 27
222.64.145.253 - - [29/Dec/2022:12:47:57 +0800] "GET /xingrg/all/function/internal_message.html?_=1672289291322&CODE_STATE=getMsg HTTP/1.1" 200 27
180.169.147.146 - - [29/Dec/2022:12:47:59 +0800] "GET /xingrg/all/function/internal_message.html?_=1672289290288&CODE_STATE=getMsg HTTP/1.1" 200 27
124.79.245.154 - - [29/Dec/2022:12:48:02 +0800] "GET /xingrg/all/function/internal_message.html?_=1672289524490&CODE_STATE=getMsg HTTP/1.1" 200 27
114.84.38.109 - - [29/Dec/2022:12:48:15 +0800] "GET /xingrg/all/function/internal_message.html?_=1672289320416&CODE_STATE=getMsg HTTP/1.1" 200 27
58.37.6.240 - - [29/Dec/2022:12:48:15 +0800] "GET /xingrg/check_reg.html?_=1672289307738 HTTP/1.1" 200 22
58.37.6.240 - - [29/Dec/2022:12:48:16 +0800] "GET /xingrg/all/function/internal_message.html?_=1672289308163&CODE_STATE=getMsg HTTP/1.1" 200 27
180.169.147.146 - - [29/Dec/2022:12:48:16 +0800] "GET /xingrg/all/function/internal_message.html?_=1672289306643&CODE_STATE=getMsg HTTP/1.1" 200 27
222.69.128.99 - - [29/Dec/2022:12:48:21 +0800] "GET /xingrg/all/function/internal_message.html?_=1672289308420&CODE_STATE=getMsg HTTP/1.1" 200 27
222.69.192.184 - - [29/Dec/2022:12:48:25 +0800] "GET /xingrg/all/function/internal_message.html?_=1672289315745&CODE_STATE=getMsg HTTP/1.1" 200 27
124.79.245.154 - - [29/Dec/2022:12:48:33 +0800] "GET /xingrg/all/function/internal_message.html?_=1672289323185&CODE_STATE=getMsg HTTP/1.1" 200 27
116.238.139.35 - - [29/Dec/2022:12:48:37 +0800] "GET /xingrg/all/function/internal_message.html?_=1672289250815&CODE_STATE=getMsg HTTP/1.1" 200 27
114.83.222.182 - - [29/Dec/2022:12:48:37 +0800] "GET /xingrg/all/function/internal_message.html?_=1672289399939&CODE_STATE=getMsg HTTP/1.1" 200 27
114.83.222.182 - - [29/Dec/2022:12:48:44 +0800] "POST /xingrg/dwr/call/plaincall/AjaxCheckService.setItemNumber.dwr HTTP/1.1" 200 77
58.40.7.146 - - [29/Dec/2022:12:48:46 +0800] "GET /xingrg/all/function/internal_message.html?_=1672289336827&CODE_STATE=getMsg HTTP/1.1" 302 -
114.84.171.241 - - [29/Dec/2022:12:48:46 +0800] "GET /xingrg/all/function/internal_message.html?_=1672289335315&CODE_STATE=getMsg HTTP/1.1" 200 27
114.83.222.182 - - [29/Dec/2022:12:48:52 +0800] "POST /xingrg/dwr/call/plaincall/AjaxCheckService.setItemNumber.dwr HTTP/1.1" 200 77
116.230.105.139 - - [29/Dec/2022:12:48:56 +0800] "GET /xingrg/all/function/internal_message.html?_=1672289312889&CODE_STATE=getMsg HTTP/1.1" 200 27
