124.79.245.154 - - [28/Dec/2022:08:50:01 +0800] "GET /xingrg/index.html?sysBaseUrl=http%3A%2F%2F180.169.147.146%3A18081%2Fxingrg%2F&costTime=45×tamp=1672188601955 HTTP/1.1" 200 17179
124.79.245.154 - - [28/Dec/2022:08:50:02 +0800] "POST /xingrg/all/common/load_tree.html?tree=area_rest_tree_json&manage=1 HTTP/1.1" 200 351
124.79.245.154 - - [28/Dec/2022:08:50:02 +0800] "GET /xingrg/all/function/internal_message.html?_=1672188844683&CODE_STATE=count HTTP/1.1" 200 11
124.79.245.154 - - [28/Dec/2022:08:50:02 +0800] "GET /xingrg/check_reg.html?_=1672188844683 HTTP/1.1" 200 22
124.79.245.154 - - [28/Dec/2022:08:50:02 +0800] "GET /favicon.ico HTTP/1.1" 404 -
124.79.245.154 - - [28/Dec/2022:08:50:02 +0800] "POST /xingrg/load_menu.html HTTP/1.1" 200 5138
222.69.192.184 - - [28/Dec/2022:08:50:10 +0800] "GET /xingrg/check_reg.html?_=1672188621972 HTTP/1.1" 200 22
222.69.192.184 - - [28/Dec/2022:08:50:25 +0800] "GET /xingrg/all/function/internal_message.html?_=1672188636820&CODE_STATE=getMsg HTTP/1.1" 200 27
114.84.38.109 - - [28/Dec/2022:08:50:27 +0800] "GET /xingrg/all/function/internal_message.html?_=1672188648665&CODE_STATE=getMsg HTTP/1.1" 200 27
116.238.139.35 - - [28/Dec/2022:08:50:30 +0800] "GET /xingrg/all/function/internal_message.html?_=1672188565571&CODE_STATE=getMsg HTTP/1.1" 200 27
116.230.105.139 - - [28/Dec/2022:08:50:47 +0800] "GET /xingrg/all/function/internal_message.html?_=1672188627001&CODE_STATE=getMsg HTTP/1.1" 200 27
58.221.95.50 - - [28/Dec/2022:08:50:53 +0800] "GET /xingrg/all/function/internal_message.html?_=1672188665043&CODE_STATE=getMsg HTTP/1.1" 200 27
124.79.245.154 - - [28/Dec/2022:08:51:02 +0800] "GET /xingrg/all/function/internal_message.html?_=1672188904707&CODE_STATE=getMsg HTTP/1.1" 200 27
222.69.192.184 - - [28/Dec/2022:08:51:25 +0800] "GET /xingrg/all/function/internal_message.html?_=1672188696799&CODE_STATE=getMsg HTTP/1.1" 200 27
114.84.38.109 - - [28/Dec/2022:08:51:28 +0800] "GET /xingrg/all/function/internal_message.html?_=1672188708868&CODE_STATE=getMsg HTTP/1.1" 200 27
116.238.139.35 - - [28/Dec/2022:08:51:30 +0800] "GET /xingrg/all/function/internal_message.html?_=1672188625629&CODE_STATE=getMsg HTTP/1.1" 200 27
116.230.105.139 - - [28/Dec/2022:08:51:47 +0800] "GET /xingrg/all/function/internal_message.html?_=1672188687021&CODE_STATE=getMsg HTTP/1.1" 200 27
58.221.95.50 - - [28/Dec/2022:08:51:53 +0800] "GET /xingrg/all/function/internal_message.html?_=1672188725043&CODE_STATE=getMsg HTTP/1.1" 200 27
124.79.245.154 - - [28/Dec/2022:08:52:02 +0800] "GET /xingrg/all/function/internal_message.html?_=1672188964697&CODE_STATE=getMsg HTTP/1.1" 200 27
116.238.139.35 - - [28/Dec/2022:08:52:03 +0800] "GET /xingrg/check_reg.html?_=1672188659015 HTTP/1.1" 200 22
222.69.192.184 - - [28/Dec/2022:08:52:25 +0800] "GET /xingrg/all/function/internal_message.html?_=1672188756773&CODE_STATE=getMsg HTTP/1.1" 200 27
114.84.38.109 - - [28/Dec/2022:08:52:28 +0800] "GET /xingrg/all/function/internal_message.html?_=1672188768880&CODE_STATE=getMsg HTTP/1.1" 200 27
116.238.139.35 - - [28/Dec/2022:08:52:30 +0800] "GET /xingrg/all/function/internal_message.html?_=1672188685645&CODE_STATE=getMsg HTTP/1.1" 200 27
116.230.105.139 - - [28/Dec/2022:08:52:47 +0800] "GET /xingrg/all/function/internal_message.html?_=1672188747000&CODE_STATE=getMsg HTTP/1.1" 200 27
58.221.95.50 - - [28/Dec/2022:08:52:53 +0800] "GET /xingrg/all/function/internal_message.html?_=1672188785036&CODE_STATE=getMsg HTTP/1.1" 200 27
58.221.95.50 - - [28/Dec/2022:08:52:53 +0800] "GET /xingrg/check_reg.html?_=1672188785038 HTTP/1.1" 200 22
124.79.245.154 - - [28/Dec/2022:08:53:02 +0800] "GET /xingrg/all/function/internal_message.html?_=1672189024695&CODE_STATE=getMsg HTTP/1.1" 200 27
222.69.192.184 - - [28/Dec/2022:08:53:25 +0800] "GET /xingrg/all/function/internal_message.html?_=1672188816749&CODE_STATE=getMsg HTTP/1.1" 200 27
114.84.38.109 - - [28/Dec/2022:08:53:28 +0800] "GET /xingrg/all/function/internal_message.html?_=1672188829074&CODE_STATE=getMsg HTTP/1.1" 200 27
116.238.139.35 - - [28/Dec/2022:08:53:30 +0800] "GET /xingrg/all/function/internal_message.html?_=1672188745658&CODE_STATE=getMsg HTTP/1.1" 200 27
116.230.105.139 - - [28/Dec/2022:08:53:47 +0800] "GET /xingrg/all/function/internal_message.html?_=1672188807016&CODE_STATE=getMsg HTTP/1.1" 200 27
116.230.105.139 - - [28/Dec/2022:08:53:47 +0800] "GET /xingrg/check_reg.html?_=1672188807019 HTTP/1.1" 200 22
101.80.228.88 - - [28/Dec/2022:08:53:53 +0800] "POST /xingrg/services/DataTransmitService HTTP/1.1" 200 524
58.221.95.50 - - [28/Dec/2022:08:53:53 +0800] "GET /xingrg/all/function/internal_message.html?_=1672188845052&CODE_STATE=getMsg HTTP/1.1" 200 27
101.80.228.88 - - [28/Dec/2022:08:53:53 +0800] "POST /xingrg/services/DataTransmitService HTTP/1.1" 200 412
124.79.245.154 - - [28/Dec/2022:08:54:02 +0800] "GET /xingrg/all/function/internal_message.html?_=1672189084693&CODE_STATE=getMsg HTTP/1.1" 200 27
114.84.38.109 - - [28/Dec/2022:08:54:20 +0800] "GET /xingrg/check_reg.html?_=1672188881142 HTTP/1.1" 200 22
222.69.192.184 - - [28/Dec/2022:08:54:25 +0800] "GET /xingrg/all/function/internal_message.html?_=1672188876718&CODE_STATE=getMsg HTTP/1.1" 200 27
114.84.38.109 - - [28/Dec/2022:08:54:28 +0800] "GET /xingrg/all/function/internal_message.html?_=1672188889079&CODE_STATE=getMsg HTTP/1.1" 200 27
116.238.139.35 - - [28/Dec/2022:08:54:30 +0800] "GET /xingrg/all/function/internal_message.html?_=1672188805719&CODE_STATE=getMsg HTTP/1.1" 200 27
116.230.105.139 - - [28/Dec/2022:08:54:44 +0800] "POST /xingrg/services/DataTransmitService HTTP/1.1" 200 524
116.230.105.139 - - [28/Dec/2022:08:54:47 +0800] "GET /xingrg/all/function/internal_message.html?_=1672188867011&CODE_STATE=getMsg HTTP/1.1" 200 27
58.221.95.50 - - [28/Dec/2022:08:54:53 +0800] "GET /xingrg/all/function/internal_message.html?_=1672188905051&CODE_STATE=getMsg HTTP/1.1" 200 27
124.79.245.154 - - [28/Dec/2022:08:55:02 +0800] "GET /xingrg/check_reg.html?_=1672189144691 HTTP/1.1" 200 22
124.79.245.154 - - [28/Dec/2022:08:55:02 +0800] "GET /xingrg/all/function/internal_message.html?_=1672189144692&CODE_STATE=getMsg HTTP/1.1" 200 27
222.69.192.184 - - [28/Dec/2022:08:55:10 +0800] "GET /xingrg/check_reg.html?_=1672188921974 HTTP/1.1" 200 22
222.69.192.184 - - [28/Dec/2022:08:55:25 +0800] "GET /xingrg/all/function/internal_message.html?_=1672188936701&CODE_STATE=getMsg HTTP/1.1" 200 27
114.84.38.109 - - [28/Dec/2022:08:55:28 +0800] "GET /xingrg/all/function/internal_message.html?_=1672188949093&CODE_STATE=getMsg HTTP/1.1" 200 27
116.238.139.35 - - [28/Dec/2022:08:55:30 +0800] "GET /xingrg/all/function/internal_message.html?_=1672188865732&CODE_STATE=getMsg HTTP/1.1" 200 27
116.230.105.139 - - [28/Dec/2022:08:55:47 +0800] "GET /xingrg/all/function/internal_message.html?_=1672188927008&CODE_STATE=getMsg HTTP/1.1" 200 27
58.221.95.50 - - [28/Dec/2022:08:55:53 +0800] "GET /xingrg/all/function/internal_message.html?_=1672188965053&CODE_STATE=getMsg HTTP/1.1" 200 27
124.79.245.154 - - [28/Dec/2022:08:56:02 +0800] "GET /xingrg/all/function/internal_message.html?_=1672189204691&CODE_STATE=getMsg HTTP/1.1" 200 27
58.40.7.146 - - [28/Dec/2022:08:56:16 +0800] "GET /xingrg/check_reg.html?_=1672188989385 HTTP/1.1" 302 -
58.40.7.146 - - [28/Dec/2022:08:56:16 +0800] "GET /xingrg/all/function/internal_message.html?_=1672188987021&CODE_STATE=getMsg HTTP/1.1" 302 -
58.40.7.146 - - [28/Dec/2022:08:56:16 +0800] "GET /xingrg/login.html HTTP/1.1" 200 7641
58.40.7.146 - - [28/Dec/2022:08:56:16 +0800] "GET /xingrg/login.html HTTP/1.1" 200 7641
222.69.192.184 - - [28/Dec/2022:08:56:25 +0800] "GET /xingrg/all/function/internal_message.html?_=1672188996682&CODE_STATE=getMsg HTTP/1.1" 200 27
114.84.38.109 - - [28/Dec/2022:08:56:28 +0800] "GET /xingrg/all/function/internal_message.html?_=1672189009312&CODE_STATE=getMsg HTTP/1.1" 200 27
116.238.139.35 - - [28/Dec/2022:08:56:30 +0800] "GET /xingrg/all/function/internal_message.html?_=1672188925790&CODE_STATE=getMsg HTTP/1.1" 200 27
116.230.105.139 - - [28/Dec/2022:08:56:47 +0800] "GET /xingrg/all/function/internal_message.html?_=1672188987007&CODE_STATE=getMsg HTTP/1.1" 200 27
58.221.95.50 - - [28/Dec/2022:08:56:53 +0800] "GET /xingrg/all/function/internal_message.html?_=1672189025044&CODE_STATE=getMsg HTTP/1.1" 200 27
124.79.245.154 - - [28/Dec/2022:08:57:02 +0800] "GET /xingrg/all/function/internal_message.html?_=1672189264690&CODE_STATE=getMsg HTTP/1.1" 200 27
116.238.139.35 - - [28/Dec/2022:08:57:03 +0800] "GET /xingrg/check_reg.html?_=1672188959023 HTTP/1.1" 200 22
58.40.7.146 - - [28/Dec/2022:08:57:14 +0800] "GET /xingrg/all/function/internal_message.html?_=1672189046998&CODE_STATE=getMsg HTTP/1.1" 302 -
222.69.192.184 - - [28/Dec/2022:08:57:25 +0800] "GET /xingrg/all/function/internal_message.html?_=1672189056655&CODE_STATE=getMsg HTTP/1.1" 200 27
114.84.38.109 - - [28/Dec/2022:08:57:28 +0800] "GET /xingrg/all/function/internal_message.html?_=1672189069322&CODE_STATE=getMsg HTTP/1.1" 200 27
116.238.139.35 - - [28/Dec/2022:08:57:30 +0800] "GET /xingrg/all/function/internal_message.html?_=1672188985790&CODE_STATE=getMsg HTTP/1.1" 200 27
116.230.105.139 - - [28/Dec/2022:08:57:47 +0800] "GET /xingrg/all/function/internal_message.html?_=1672189046998&CODE_STATE=getMsg HTTP/1.1" 200 27
58.221.95.50 - - [28/Dec/2022:08:57:53 +0800] "GET /xingrg/check_reg.html?_=1672189085047 HTTP/1.1" 200 22
58.221.95.50 - - [28/Dec/2022:08:57:53 +0800] "GET /xingrg/all/function/internal_message.html?_=1672189085048&CODE_STATE=getMsg HTTP/1.1" 200 27
116.238.139.35 - - [28/Dec/2022:08:57:57 +0800] "GET /xingrg/javascript/jquery_easy_ui/themes/default/images/tabs_active.png HTTP/1.1" 304 -
116.238.139.35 - - [28/Dec/2022:08:57:59 +0800] "GET /xingrg/css/base.css HTTP/1.1" 304 -
116.238.139.35 - - [28/Dec/2022:08:57:59 +0800] "GET /xingrg/css/site.css HTTP/1.1" 304 -
116.238.139.35 - - [28/Dec/2022:08:57:59 +0800] "GET /xingrg/javascript/jquery_tools/datebox.css HTTP/1.1" 304 -
116.238.139.35 - - [28/Dec/2022:08:57:59 +0800] "GET /xingrg/javascript/easyui/themes/default/easyui.css HTTP/1.1" 304 -
116.238.139.35 - - [28/Dec/2022:08:57:59 +0800] "GET /xingrg/javascript/easyui/themes/icon.css HTTP/1.1" 304 -
116.238.139.35 - - [28/Dec/2022:08:57:59 +0800] "GET /xingrg/javascript/auto/jquery.autocomplete.css HTTP/1.1" 304 -
116.238.139.35 - - [28/Dec/2022:08:57:59 +0800] "GET /xingrg/javascript/jquery_tools/fix.css HTTP/1.1" 304 -
116.238.139.35 - - [28/Dec/2022:08:57:59 +0800] "GET /xingrg/javascript/jquery_tools/table.css HTTP/1.1" 304 -
116.238.139.35 - - [28/Dec/2022:08:57:59 +0800] "GET /xingrg/javascript/jquery_tools/jquery.tools.extend.js HTTP/1.1" 304 -
116.238.139.35 - - [28/Dec/2022:08:57:59 +0800] "GET /xingrg/kc/buy/cgsh_order_list.html HTTP/1.1" 200 54082
116.238.139.35 - - [28/Dec/2022:08:57:59 +0800] "GET /xingrg/javascript/jquery_tools/jquery.tools.min.js HTTP/1.1" 304 -
116.238.139.35 - - [28/Dec/2022:08:57:59 +0800] "GET /xingrg/javascript/jquery_tools/jquery.tools.hotkey.js HTTP/1.1" 304 -
116.238.139.35 - - [28/Dec/2022:08:57:59 +0800] "GET /xingrg/javascript/jquery_tools/jquery.tools.table.js HTTP/1.1" 304 -
116.238.139.35 - - [28/Dec/2022:08:57:59 +0800] "GET /xingrg/javascript/jquery_tools/list_manager.js HTTP/1.1" 304 -
116.238.139.35 - - [28/Dec/2022:08:57:59 +0800] "GET /xingrg/javascript/auto/jquery.autocomplete.js HTTP/1.1" 304 -
116.238.139.35 - - [28/Dec/2022:08:57:59 +0800] "GET /xingrg/javascript/jquery.utils.js HTTP/1.1" 304 -
116.238.139.35 - - [28/Dec/2022:08:57:59 +0800] "GET /xingrg/javascript/easyui/easyloader.js HTTP/1.1" 304 -
116.238.139.35 - - [28/Dec/2022:08:57:59 +0800] "GET /xingrg/javascript/print/LodopFuncs.js HTTP/1.1" 304 -
116.238.139.35 - - [28/Dec/2022:08:57:59 +0800] "GET /xingrg/javascript/jquery.cookie.js HTTP/1.1" 304 -
116.238.139.35 - - [28/Dec/2022:08:57:59 +0800] "GET /xingrg/javascript/easyui/themes/icons/cance_new.png HTTP/1.1" 304 -
116.238.139.35 - - [28/Dec/2022:08:57:59 +0800] "GET /xingrg/javascript/easyui/themes/icons/check_new.png HTTP/1.1" 304 -
116.238.139.35 - - [28/Dec/2022:08:57:59 +0800] "GET /xingrg/javascript/easyui/plugins/jquery.parser.js HTTP/1.1" 304 -
116.238.139.35 - - [28/Dec/2022:08:58:00 +0800] "POST /xingrg/kc/buy/cgsh_list_operate.html HTTP/1.1" 200 986
116.238.139.35 - - [28/Dec/2022:08:58:00 +0800] "GET /xingrg/javascript/jquery_easy_ui/themes/default/images/tabs_active.png HTTP/1.1" 304 -
116.238.139.35 - - [28/Dec/2022:08:58:00 +0800] "GET /xingrg/javascript/jquery_easy_ui/themes/default/images/tabs_active.png HTTP/1.1" 304 -
124.79.245.154 - - [28/Dec/2022:08:58:02 +0800] "GET /xingrg/all/function/internal_message.html?_=1672189324689&CODE_STATE=getMsg HTTP/1.1" 200 27
116.238.139.35 - - [28/Dec/2022:08:58:02 +0800] "GET /xingrg/javascript/easyui/themes/default/images/button_plain_hover.png HTTP/1.1" 304 -
116.238.139.35 - - [28/Dec/2022:08:58:02 +0800] "GET /xingrg/javascript/easyui/themes/default/images/button_plain_hover.png HTTP/1.1" 304 -
116.238.139.35 - - [28/Dec/2022:08:58:03 +0800] "GET /xingrg/javascript/pic_change.js HTTP/1.1" 304 -
116.238.139.35 - - [28/Dec/2022:08:58:03 +0800] "GET /xingrg/javascript/json2.js HTTP/1.1" 304 -
116.238.139.35 - - [28/Dec/2022:08:58:03 +0800] "GET /xingrg/javascript/print/kc_print.js HTTP/1.1" 304 -
116.238.139.35 - - [28/Dec/2022:08:58:03 +0800] "GET /xingrg/javascript/convert.js HTTP/1.1" 304 -
116.238.139.35 - - [28/Dec/2022:08:58:03 +0800] "GET /xingrg/javascript/jquery_tools/order_manager.js HTTP/1.1" 304 -
116.238.139.35 - - [28/Dec/2022:08:58:03 +0800] "GET /xingrg/kc/buy/cgsh_order_add.html HTTP/1.1" 200 69469
116.238.139.35 - - [28/Dec/2022:08:58:03 +0800] "GET /xingrg/words/20221227181702_words.js HTTP/1.1" 200 939843
116.238.139.35 - - [28/Dec/2022:08:58:03 +0800] "GET /xingrg/javascript/easyui/themes/icons/copy_new.png HTTP/1.1" 304 -
116.238.139.35 - - [28/Dec/2022:08:58:03 +0800] "GET /xingrg/javascript/easyui/themes/icons/template_new.png HTTP/1.1" 304 -
116.238.139.35 - - [28/Dec/2022:08:58:03 +0800] "GET /xingrg/javascript/easyui/themes/icons/ok.png HTTP/1.1" 304 -
116.238.139.35 - - [28/Dec/2022:08:58:03 +0800] "GET /xingrg/javascript/easyui/themes/icons/print.png HTTP/1.1" 304 -
116.238.139.35 - - [28/Dec/2022:08:58:03 +0800] "GET /xingrg/javascript/easyui/themes/default/images/menu_downarrow.png HTTP/1.1" 304 -
116.238.139.35 - - [28/Dec/2022:08:58:03 +0800] "GET /xingrg/javascript/easyui/themes/icons/cancel.png HTTP/1.1" 304 -
116.238.139.35 - - [28/Dec/2022:08:58:04 +0800] "POST /xingrg/kc/buy/cgsh_order_operate.html HTTP/1.1" 200 8245
116.238.139.35 - - [28/Dec/2022:08:58:04 +0800] "GET /xingrg/all/common/auto_word.html?type=employee&rest_code=00151 HTTP/1.1" 200 293
116.238.139.35 - - [28/Dec/2022:08:58:04 +0800] "GET /xingrg/all/common/auto_word.html?type=employee&rest_code=00151 HTTP/1.1" 200 293
116.238.139.35 - - [28/Dec/2022:08:58:04 +0800] "GET /xingrg/javascript/easyui/themes/default/validatebox.css HTTP/1.1" 404 1104
116.238.139.35 - - [28/Dec/2022:08:58:04 +0800] "GET /xingrg/javascript/easyui/plugins/jquery.validatebox.js HTTP/1.1" 304 -
116.238.139.35 - - [28/Dec/2022:08:58:04 +0800] "GET /xingrg/javascript/easyui/plugins/jquery.numberbox.js HTTP/1.1" 304 -
58.40.7.146 - - [28/Dec/2022:08:58:14 +0800] "GET /xingrg/all/function/internal_message.html?_=1672189106971&CODE_STATE=getMsg HTTP/1.1" 302 -
116.238.139.35 - - [28/Dec/2022:08:58:19 +0800] "GET /xingrg/kc/buy/cgsh_order_operate.html?command=get_materiel&rest_code=00151&code=00101016025&supplier_code=00100096&order_time=2022-12-28 HTTP/1.1" 200 408
116.192.124.172 - - [28/Dec/2022:08:58:23 +0800] "GET /xingrg/login.html HTTP/1.1" 200 7641
116.192.124.172 - - [28/Dec/2022:08:58:23 +0800] "GET /xingrg/images/blue/jxLogo.png HTTP/1.1" 200 6156
116.192.124.172 - - [28/Dec/2022:08:58:24 +0800] "GET /xingrg/images/blue/hj.png HTTP/1.1" 200 1014
116.192.124.172 - - [28/Dec/2022:08:58:24 +0800] "GET /xingrg/images/blue/srbg.png HTTP/1.1" 200 138
116.192.124.172 - - [28/Dec/2022:08:58:24 +0800] "GET /xingrg/images/blue/login_bg.png HTTP/1.1" 200 22101
116.192.124.172 - - [28/Dec/2022:08:58:24 +0800] "GET /favicon.ico HTTP/1.1" 404 -
222.69.192.184 - - [28/Dec/2022:08:58:25 +0800] "GET /xingrg/all/function/internal_message.html?_=1672189116631&CODE_STATE=getMsg HTTP/1.1" 200 27
116.192.124.172 - - [28/Dec/2022:08:58:27 +0800] "POST /xingrg/login.do HTTP/1.1" 302 -
116.192.124.172 - - [28/Dec/2022:08:58:27 +0800] "GET /xingrg/index.html?sysBaseUrl=http%3A%2F%2F180.169.147.146%3A18081%2Fxingrg%2F&costTime=45×tamp=1672189107648 HTTP/1.1" 200 17173
116.192.124.172 - - [28/Dec/2022:08:58:27 +0800] "GET /xingrg/css/form.css HTTP/1.1" 200 893
116.192.124.172 - - [28/Dec/2022:08:58:27 +0800] "GET /xingrg/javascript/jquery_easy_ui/themes/icon.css HTTP/1.1" 200 3949
116.192.124.172 - - [28/Dec/2022:08:58:27 +0800] "GET /xingrg/javascript/jquery_easy_ui/jquery.easyui.min.js HTTP/1.1" 200 213662
116.192.124.172 - - [28/Dec/2022:08:58:27 +0800] "GET /xingrg/javascript/jquery-1.4.2.min.js HTTP/1.1" 200 72205
116.192.124.172 - - [28/Dec/2022:08:58:27 +0800] "GET /xingrg/javascript/jquery_easy_ui/easyui-lang-zh_CN.js HTTP/1.1" 200 1900
116.192.124.172 - - [28/Dec/2022:08:58:27 +0800] "GET /xingrg/javascript/jquery_easy_ui/themes/default/easyui.css HTTP/1.1" 200 26500
116.192.124.172 - - [28/Dec/2022:08:58:27 +0800] "GET /xingrg/javascript/jquery.timers.js HTTP/1.1" 200 3532
116.192.124.172 - - [28/Dec/2022:08:58:27 +0800] "GET /xingrg/javascript/jquery.utils.js HTTP/1.1" 200 11805
116.192.124.172 - - [28/Dec/2022:08:58:27 +0800] "GET /xingrg/javascript/jquery.form.js HTTP/1.1" 200 23110
116.192.124.172 - - [28/Dec/2022:08:58:27 +0800] "GET /favicon.ico HTTP/1.1" 404 -
116.192.124.172 - - [28/Dec/2022:08:58:27 +0800] "GET /xingrg/javascript/jquery_easy_ui/themes/icons/settle_new.png HTTP/1.1" 200 826
116.192.124.172 - - [28/Dec/2022:08:58:27 +0800] "GET /xingrg/images/blue/navBackgound.jpg HTTP/1.1" 200 12378
116.192.124.172 - - [28/Dec/2022:08:58:27 +0800] "POST /xingrg/all/common/load_tree.html?tree=area_rest_tree_json&manage=1 HTTP/1.1" 200 342
116.192.124.172 - - [28/Dec/2022:08:58:28 +0800] "GET /xingrg/all/function/internal_message.html?_=1672189119640&CODE_STATE=count HTTP/1.1" 200 11
116.192.124.172 - - [28/Dec/2022:08:58:28 +0800] "GET /xingrg/images/blue/pingpu.png HTTP/1.1" 200 231
116.192.124.172 - - [28/Dec/2022:08:58:28 +0800] "GET /xingrg/check_reg.html?_=1672189119641 HTTP/1.1" 200 22
116.192.124.172 - - [28/Dec/2022:08:58:28 +0800] "GET /xingrg/javascript/jquery_easy_ui/themes/default/images/tabs_rightarrow.png HTTP/1.1" 200 395
116.192.124.172 - - [28/Dec/2022:08:58:28 +0800] "GET /xingrg/javascript/jquery_easy_ui/themes/default/images/tabs_leftarrow.png HTTP/1.1" 200 389
116.192.124.172 - - [28/Dec/2022:08:58:28 +0800] "GET /xingrg/javascript/jquery_easy_ui/themes/default/images/panel_tool_collapse.gif HTTP/1.1" 200 246
116.192.124.172 - - [28/Dec/2022:08:58:28 +0800] "POST /xingrg/load_menu.html HTTP/1.1" 200 5138
116.192.124.172 - - [28/Dec/2022:08:58:28 +0800] "GET /xingrg/javascript/jquery_easy_ui/themes/default/images/tree_folder_open.gif HTTP/1.1" 200 956
116.192.124.172 - - [28/Dec/2022:08:58:28 +0800] "GET /xingrg/javascript/jquery_easy_ui/themes/default/images/tree_arrows.gif HTTP/1.1" 200 1043
116.192.124.172 - - [28/Dec/2022:08:58:28 +0800] "GET /xingrg/javascript/jquery_easy_ui/themes/default/images/tree_folder.gif HTTP/1.1" 200 952
116.192.124.172 - - [28/Dec/2022:08:58:28 +0800] "GET /xingrg/javascript/jquery_easy_ui/themes/icons/search_new.png HTTP/1.1" 200 586
116.192.124.172 - - [28/Dec/2022:08:58:28 +0800] "GET /xingrg/javascript/jquery_easy_ui/themes/icons/storage_new.png HTTP/1.1" 200 853
116.192.124.172 - - [28/Dec/2022:08:58:28 +0800] "GET /xingrg/javascript/jquery_easy_ui/themes/icons/forms_new.png HTTP/1.1" 200 350
116.192.124.172 - - [28/Dec/2022:08:58:28 +0800] "GET /xingrg/javascript/jquery_easy_ui/themes/default/images/tree_file.gif HTTP/1.1" 200 118
114.84.38.109 - - [28/Dec/2022:08:58:28 +0800] "GET /xingrg/all/function/internal_message.html?_=1672189129560&CODE_STATE=getMsg HTTP/1.1" 200 27
116.238.139.35 - - [28/Dec/2022:08:58:30 +0800] "GET /xingrg/all/function/internal_message.html?_=1672189045804&CODE_STATE=getMsg HTTP/1.1" 200 27
116.192.124.172 - - [28/Dec/2022:08:58:30 +0800] "GET /xingrg/javascript/jquery_easy_ui/themes/default/images/tabs_close.gif HTTP/1.1" 200 829
116.192.124.172 - - [28/Dec/2022:08:58:30 +0800] "GET /xingrg/css/base.css HTTP/1.1" 200 2811
116.192.124.172 - - [28/Dec/2022:08:58:30 +0800] "GET /xingrg/css/site.css HTTP/1.1" 200 7541
116.192.124.172 - - [28/Dec/2022:08:58:30 +0800] "GET /xingrg/kc/buy/cgsh_order_list.html HTTP/1.1" 200 54078
116.192.124.172 - - [28/Dec/2022:08:58:30 +0800] "GET /xingrg/javascript/jquery_tools/datebox.css HTTP/1.1" 200 2597
116.192.124.172 - - [28/Dec/2022:08:58:30 +0800] "GET /xingrg/javascript/easyui/themes/icon.css HTTP/1.1" 200 4483
116.192.124.172 - - [28/Dec/2022:08:58:30 +0800] "GET /xingrg/javascript/auto/jquery.autocomplete.css HTTP/1.1" 200 587
116.192.124.172 - - [28/Dec/2022:08:58:30 +0800] "GET /xingrg/javascript/jquery_tools/fix.css HTTP/1.1" 200 1702
116.192.124.172 - - [28/Dec/2022:08:58:30 +0800] "GET /xingrg/javascript/jquery_tools/table.css HTTP/1.1" 200 1032
116.192.124.172 - - [28/Dec/2022:08:58:30 +0800] "GET /xingrg/javascript/jquery_tools/jquery.tools.min.js HTTP/1.1" 200 138801
116.192.124.172 - - [28/Dec/2022:08:58:30 +0800] "GET /xingrg/javascript/jquery_tools/jquery.tools.hotkey.js HTTP/1.1" 200 3242
116.192.124.172 - - [28/Dec/2022:08:58:30 +0800] "GET /xingrg/javascript/easyui/themes/default/easyui.css HTTP/1.1" 200 30432
116.192.124.172 - - [28/Dec/2022:08:58:30 +0800] "GET /xingrg/javascript/jquery_tools/jquery.tools.table.js HTTP/1.1" 200 6994
116.192.124.172 - - [28/Dec/2022:08:58:30 +0800] "GET /xingrg/javascript/jquery_tools/list_manager.js HTTP/1.1" 200 3652
116.192.124.172 - - [28/Dec/2022:08:58:30 +0800] "GET /xingrg/javascript/jquery_tools/jquery.tools.extend.js HTTP/1.1" 200 15385
116.192.124.172 - - [28/Dec/2022:08:58:30 +0800] "GET /xingrg/javascript/easyui/easyloader.js HTTP/1.1" 200 5975
116.192.124.172 - - [28/Dec/2022:08:58:30 +0800] "GET /xingrg/javascript/jquery.cookie.js HTTP/1.1" 200 5513
116.192.124.172 - - [28/Dec/2022:08:58:30 +0800] "GET /xingrg/javascript/print/LodopFuncs.js HTTP/1.1" 200 5121
116.192.124.172 - - [28/Dec/2022:08:58:30 +0800] "GET /xingrg/javascript/auto/jquery.autocomplete.js HTTP/1.1" 200 21624
116.192.124.172 - - [28/Dec/2022:08:58:31 +0800] "GET /xingrg/javascript/easyui/themes/icons/cance_new.png HTTP/1.1" 200 3986
116.192.124.172 - - [28/Dec/2022:08:58:31 +0800] "GET /xingrg/javascript/easyui/themes/icons/edit_add_new.png HTTP/1.1" 200 2997
116.192.124.172 - - [28/Dec/2022:08:58:31 +0800] "GET /xingrg/javascript/easyui/themes/icons/field_new.png HTTP/1.1" 200 1097
116.192.124.172 - - [28/Dec/2022:08:58:31 +0800] "GET /xingrg/javascript/easyui/themes/icons/check_new.png HTTP/1.1" 200 3224
116.192.124.172 - - [28/Dec/2022:08:58:31 +0800] "GET /xingrg/javascript/easyui/themes/icons/import_new.png HTTP/1.1" 200 1247
116.192.124.172 - - [28/Dec/2022:08:58:31 +0800] "GET /xingrg/javascript/easyui/themes/default/images/button_plain_hover.png HTTP/1.1" 200 144
116.192.124.172 - - [28/Dec/2022:08:58:31 +0800] "GET /xingrg/javascript/easyui/plugins/jquery.parser.js HTTP/1.1" 200 1142
116.192.124.172 - - [28/Dec/2022:08:58:31 +0800] "GET /xingrg/images/control/ajaxLoader.gif HTTP/1.1" 200 4659
116.192.124.172 - - [28/Dec/2022:08:58:32 +0800] "POST /xingrg/kc/buy/cgsh_list_operate.html HTTP/1.1" 200 986
116.192.124.172 - - [28/Dec/2022:08:58:33 +0800] "GET /xingrg/javascript/pic_change.js HTTP/1.1" 200 4739
116.192.124.172 - - [28/Dec/2022:08:58:33 +0800] "GET /xingrg/javascript/convert.js HTTP/1.1" 200 1239
116.192.124.172 - - [28/Dec/2022:08:58:33 +0800] "GET /xingrg/kc/buy/cgsh_order_add.html HTTP/1.1" 200 69895
116.192.124.172 - - [28/Dec/2022:08:58:33 +0800] "GET /xingrg/javascript/jquery_tools/order_manager.js HTTP/1.1" 200 11183
116.192.124.172 - - [28/Dec/2022:08:58:33 +0800] "GET /xingrg/javascript/json2.js HTTP/1.1" 200 11259
116.192.124.172 - - [28/Dec/2022:08:58:33 +0800] "GET /xingrg/javascript/print/kc_print.js HTTP/1.1" 200 11415
116.192.124.172 - - [28/Dec/2022:08:58:33 +0800] "GET /xingrg/words/20221227181702_words.js HTTP/1.1" 200 939843
116.192.124.172 - - [28/Dec/2022:08:58:33 +0800] "GET /xingrg/javascript/easyui/themes/icons/copy_new.png HTTP/1.1" 200 815
116.192.124.172 - - [28/Dec/2022:08:58:33 +0800] "GET /xingrg/javascript/easyui/themes/icons/template_new.png HTTP/1.1" 200 3956
116.192.124.172 - - [28/Dec/2022:08:58:33 +0800] "GET /xingrg/javascript/easyui/themes/icons/print.png HTTP/1.1" 200 1057
116.192.124.172 - - [28/Dec/2022:08:58:33 +0800] "GET /xingrg/javascript/easyui/themes/icons/ok.png HTTP/1.1" 200 883
116.192.124.172 - - [28/Dec/2022:08:58:33 +0800] "GET /xingrg/javascript/easyui/themes/default/images/menu_downarrow.png HTTP/1.1" 200 173
116.192.124.172 - - [28/Dec/2022:08:58:33 +0800] "GET /xingrg/javascript/easyui/themes/icons/cancel.png HTTP/1.1" 200 1133
116.192.124.172 - - [28/Dec/2022:08:58:33 +0800] "POST /xingrg/kc/buy/cgsh_order_operate.html HTTP/1.1" 200 8245
116.192.124.172 - - [28/Dec/2022:08:58:33 +0800] "GET /xingrg/javascript/easyui/themes/default/validatebox.css HTTP/1.1" 404 1104
116.192.124.172 - - [28/Dec/2022:08:58:33 +0800] "GET /xingrg/all/common/auto_word.html?type=employee&rest_code=00102 HTTP/1.1" 200 189
116.192.124.172 - - [28/Dec/2022:08:58:33 +0800] "GET /xingrg/javascript/easyui/plugins/jquery.validatebox.js HTTP/1.1" 200 6103
116.192.124.172 - - [28/Dec/2022:08:58:33 +0800] "GET /xingrg/all/common/auto_word.html?type=employee&rest_code=00102 HTTP/1.1" 200 189
116.192.124.172 - - [28/Dec/2022:08:58:33 +0800] "GET /xingrg/javascript/easyui/themes/icons/edit_remove.png HTTP/1.1" 200 625
116.192.124.172 - - [28/Dec/2022:08:58:33 +0800] "GET /xingrg/javascript/easyui/plugins/jquery.numberbox.js HTTP/1.1" 200 5213
116.238.139.35 - - [28/Dec/2022:08:58:34 +0800] "GET /xingrg/kc/buy/cgsh_order_operate.html?command=get_materiel&rest_code=00151&code=00101012025&supplier_code=00100096&order_time=2022-12-28 HTTP/1.1" 200 412
116.192.124.172 - - [28/Dec/2022:08:58:34 +0800] "GET /xingrg/javascript/auto/indicator.gif HTTP/1.1" 404 1066
116.238.139.35 - - [28/Dec/2022:08:58:43 +0800] "GET /xingrg/kc/buy/cgsh_order_operate.html?command=get_materiel&rest_code=00151&code=00101012051&supplier_code=00100096&order_time=2022-12-28 HTTP/1.1" 200 408
116.230.105.139 - - [28/Dec/2022:08:58:47 +0800] "GET /xingrg/all/function/internal_message.html?_=1672189107001&CODE_STATE=getMsg HTTP/1.1" 200 27
116.230.105.139 - - [28/Dec/2022:08:58:47 +0800] "GET /xingrg/check_reg.html?_=1672189107002 HTTP/1.1" 200 22
116.238.139.35 - - [28/Dec/2022:08:58:51 +0800] "GET /xingrg/kc/buy/cgsh_order_operate.html?command=get_materiel&rest_code=00151&code=00101012059&supplier_code=00100096&order_time=2022-12-28 HTTP/1.1" 200 412
58.221.95.50 - - [28/Dec/2022:08:58:53 +0800] "GET /xingrg/all/function/internal_message.html?_=1672189145044&CODE_STATE=getMsg HTTP/1.1" 200 27
116.192.124.172 - - [28/Dec/2022:08:58:57 +0800] "GET /xingrg/kc/buy/cgsh_order_operate.html?command=get_materiel&rest_code=00102&code=00101006111&supplier_code=00100096&order_time=2022-12-28 HTTP/1.1" 200 409
116.238.139.35 - - [28/Dec/2022:08:59:01 +0800] "GET /xingrg/kc/buy/cgsh_order_operate.html?command=get_materiel&rest_code=00151&code=00101001099&supplier_code=00100096&order_time=2022-12-28 HTTP/1.1" 200 411
124.79.245.154 - - [28/Dec/2022:08:59:02 +0800] "GET /xingrg/all/function/internal_message.html?_=1672189384686&CODE_STATE=getMsg HTTP/1.1" 200 27
58.40.7.146 - - [28/Dec/2022:08:59:14 +0800] "GET /xingrg/all/function/internal_message.html?_=1672189166941&CODE_STATE=getMsg HTTP/1.1" 302 -
116.238.139.35 - - [28/Dec/2022:08:59:15 +0800] "GET /xingrg/kc/buy/cgsh_order_operate.html?command=get_materiel&rest_code=00151&code=00102010284&supplier_code=00100096&order_time=2022-12-28 HTTP/1.1" 200 412
116.192.124.172 - - [28/Dec/2022:08:59:17 +0800] "GET /xingrg/kc/buy/cgsh_order_operate.html?command=get_materiel&rest_code=00102&code=00101006195&supplier_code=00100096&order_time=2022-12-28 HTTP/1.1" 200 409
114.84.38.109 - - [28/Dec/2022:08:59:20 +0800] "GET /xingrg/check_reg.html?_=1672189181152 HTTP/1.1" 200 22
222.69.192.184 - - [28/Dec/2022:08:59:25 +0800] "GET /xingrg/all/function/internal_message.html?_=1672189176603&CODE_STATE=getMsg HTTP/1.1" 200 27
116.238.139.35 - - [28/Dec/2022:08:59:27 +0800] "GET /xingrg/kc/buy/cgsh_order_operate.html?command=get_materiel&rest_code=00151&code=00101006084&supplier_code=00100096&order_time=2022-12-28 HTTP/1.1" 200 415
116.192.124.172 - - [28/Dec/2022:08:59:28 +0800] "GET /xingrg/all/function/internal_message.html?_=1672189179653&CODE_STATE=getMsg HTTP/1.1" 200 27
114.84.38.109 - - [28/Dec/2022:08:59:28 +0800] "GET /xingrg/all/function/internal_message.html?_=1672189189568&CODE_STATE=getMsg HTTP/1.1" 200 27
116.238.139.35 - - [28/Dec/2022:08:59:30 +0800] "GET /xingrg/all/function/internal_message.html?_=1672189105818&CODE_STATE=getMsg HTTP/1.1" 200 27
116.192.124.172 - - [28/Dec/2022:08:59:31 +0800] "GET /xingrg/kc/buy/cgsh_order_operate.html?command=get_materiel&rest_code=00102&code=00101007082&supplier_code=00100096&order_time=2022-12-28 HTTP/1.1" 200 427
116.238.139.35 - - [28/Dec/2022:08:59:41 +0800] "GET /xingrg/kc/buy/cgsh_order_operate.html?command=get_materiel&rest_code=00151&code=00101006112&supplier_code=00100096&order_time=2022-12-28 HTTP/1.1" 200 409
116.230.105.139 - - [28/Dec/2022:08:59:47 +0800] "GET /xingrg/all/function/internal_message.html?_=1672189167018&CODE_STATE=getMsg HTTP/1.1" 200 27
116.192.124.172 - - [28/Dec/2022:08:59:51 +0800] "GET /xingrg/kc/buy/cgsh_order_operate.html?command=get_materiel&rest_code=00102&code=00101007077&supplier_code=00100096&order_time=2022-12-28 HTTP/1.1" 200 431
116.238.139.35 - - [28/Dec/2022:08:59:52 +0800] "GET /xingrg/kc/buy/cgsh_order_operate.html?command=get_materiel&rest_code=00151&code=00101006109&supplier_code=00100096&order_time=2022-12-28 HTTP/1.1" 200 411
58.221.95.50 - - [28/Dec/2022:08:59:53 +0800] "GET /xingrg/all/function/internal_message.html?_=1672189205045&CODE_STATE=getMsg HTTP/1.1" 200 27
124.79.245.154 - - [28/Dec/2022:09:00:02 +0800] "GET /xingrg/all/function/internal_message.html?_=1672189444685&CODE_STATE=getMsg HTTP/1.1" 200 27
124.79.245.154 - - [28/Dec/2022:09:00:02 +0800] "GET /xingrg/check_reg.html?_=1672189444686 HTTP/1.1" 200 22
222.69.192.184 - - [28/Dec/2022:09:00:10 +0800] "GET /xingrg/check_reg.html?_=1672189221985 HTTP/1.1" 200 22
116.238.139.35 - - [28/Dec/2022:09:00:11 +0800] "GET /xingrg/kc/buy/cgsh_order_operate.html?command=get_materiel&rest_code=00151&code=00101006178&supplier_code=00100096&order_time=2022-12-28 HTTP/1.1" 200 411
58.40.7.146 - - [28/Dec/2022:09:00:14 +0800] "GET /xingrg/all/function/internal_message.html?_=1672189226923&CODE_STATE=getMsg HTTP/1.1" 302 -
116.192.124.172 - - [28/Dec/2022:09:00:16 +0800] "POST /xingrg/kc/buy/cgsh_order_operate.html HTTP/1.1" 200 37
116.192.124.172 - - [28/Dec/2022:09:00:21 +0800] "POST /xingrg/kc/buy/cgsh_order_operate.html HTTP/1.1" 200 12
114.84.38.109 - - [28/Dec/2022:09:00:21 +0800] "POST /xingrg/services/DataTransmitService HTTP/1.1" 200 524
116.192.124.172 - - [28/Dec/2022:09:00:24 +0800] "GET /xingrg/kc/buy/cgsh_order_info.html?code=212022122805615 HTTP/1.1" 200 64785
116.192.124.172 - - [28/Dec/2022:09:00:24 +0800] "GET /xingrg/javascript/easyui/themes/default/validatebox.css HTTP/1.1" 404 1104
116.238.139.35 - - [28/Dec/2022:09:00:25 +0800] "GET /xingrg/kc/buy/cgsh_order_operate.html?command=get_materiel&rest_code=00151&code=00101007061&supplier_code=00100096&order_time=2022-12-28 HTTP/1.1" 200 409
116.192.124.172 - - [28/Dec/2022:09:00:25 +0800] "POST /xingrg/kc/buy/cgsh_order_operate.html HTTP/1.1" 200 2405
222.69.192.184 - - [28/Dec/2022:09:00:25 +0800] "GET /xingrg/all/function/internal_message.html?_=1672189236577&CODE_STATE=getMsg HTTP/1.1" 200 27
116.192.124.172 - - [28/Dec/2022:09:00:28 +0800] "GET /xingrg/all/function/internal_message.html?_=1672189239657&CODE_STATE=getMsg HTTP/1.1" 200 27
114.84.38.109 - - [28/Dec/2022:09:00:28 +0800] "GET /xingrg/all/function/internal_message.html?_=1672189249581&CODE_STATE=getMsg HTTP/1.1" 200 27
116.238.139.35 - - [28/Dec/2022:09:00:30 +0800] "GET /xingrg/all/function/internal_message.html?_=1672189165831&CODE_STATE=getMsg HTTP/1.1" 200 27
116.230.105.139 - - [28/Dec/2022:09:00:47 +0800] "GET /xingrg/all/function/internal_message.html?_=1672189227005&CODE_STATE=getMsg HTTP/1.1" 200 27
58.221.95.50 - - [28/Dec/2022:09:00:53 +0800] "GET /xingrg/all/function/internal_message.html?_=1672189265030&CODE_STATE=getMsg HTTP/1.1" 200 27
116.238.139.35 - - [28/Dec/2022:09:01:00 +0800] "POST /xingrg/kc/buy/cgsh_order_operate.html HTTP/1.1" 200 37
124.79.245.154 - - [28/Dec/2022:09:01:02 +0800] "GET /xingrg/all/function/internal_message.html?_=1672189504684&CODE_STATE=getMsg HTTP/1.1" 200 27
116.238.139.35 - - [28/Dec/2022:09:01:04 +0800] "POST /xingrg/kc/buy/cgsh_order_operate.html HTTP/1.1" 200 12
116.238.139.35 - - [28/Dec/2022:09:01:05 +0800] "GET /xingrg/kc/buy/cgsh_order_info.html?code=212022122805616 HTTP/1.1" 200 64366
116.238.139.35 - - [28/Dec/2022:09:01:05 +0800] "GET /xingrg/javascript/easyui/themes/default/validatebox.css HTTP/1.1" 404 1104
116.238.139.35 - - [28/Dec/2022:09:01:06 +0800] "POST /xingrg/kc/buy/cgsh_order_operate.html HTTP/1.1" 200 5998
116.238.139.35 - - [28/Dec/2022:09:01:07 +0800] "GET /xingrg/kc/print/load_config.html?kc_code=cgsh HTTP/1.1" 200 1943
116.238.139.35 - - [28/Dec/2022:09:01:07 +0800] "GET /xingrg/kc/print/load_data.html?order_code=212022122805616&kc_code=cgsh&condition= HTTP/1.1" 200 2795
58.40.7.146 - - [28/Dec/2022:09:01:13 +0800] "GET /xingrg/all/function/internal_message.html?_=1672189286902&CODE_STATE=getMsg HTTP/1.1" 302 -
58.40.7.146 - - [28/Dec/2022:09:01:16 +0800] "GET /xingrg/check_reg.html?_=1672189289366 HTTP/1.1" 302 -
116.238.139.35 - - [28/Dec/2022:09:01:24 +0800] "GET /xingrg/kc/buy/cgsh_order_add.html HTTP/1.1" 200 69469
116.238.139.35 - - [28/Dec/2022:09:01:24 +0800] "POST /xingrg/kc/buy/cgsh_order_operate.html HTTP/1.1" 200 8245
116.238.139.35 - - [28/Dec/2022:09:01:25 +0800] "GET /xingrg/javascript/easyui/themes/default/validatebox.css HTTP/1.1" 404 1104
222.69.192.184 - - [28/Dec/2022:09:01:25 +0800] "GET /xingrg/all/function/internal_message.html?_=1672189296545&CODE_STATE=getMsg HTTP/1.1" 200 27
116.192.124.172 - - [28/Dec/2022:09:01:28 +0800] "GET /xingrg/all/function/internal_message.html?_=1672189299654&CODE_STATE=getMsg HTTP/1.1" 200 27
114.84.38.109 - - [28/Dec/2022:09:01:29 +0800] "GET /xingrg/all/function/internal_message.html?_=1672189309866&CODE_STATE=getMsg HTTP/1.1" 200 27
116.238.139.35 - - [28/Dec/2022:09:01:30 +0800] "GET /xingrg/all/function/internal_message.html?_=1672189225845&CODE_STATE=getMsg HTTP/1.1" 200 27
116.230.105.139 - - [28/Dec/2022:09:01:47 +0800] "GET /xingrg/all/function/internal_message.html?_=1672189287000&CODE_STATE=getMsg HTTP/1.1" 200 27
58.221.95.50 - - [28/Dec/2022:09:01:53 +0800] "GET /xingrg/all/function/internal_message.html?_=1672189325042&CODE_STATE=getMsg HTTP/1.1" 200 27
124.79.245.154 - - [28/Dec/2022:09:02:02 +0800] "GET /xingrg/all/function/internal_message.html?_=1672189564698&CODE_STATE=getMsg HTTP/1.1" 200 27
116.238.139.35 - - [28/Dec/2022:09:02:03 +0800] "GET /xingrg/check_reg.html?_=1672189259105 HTTP/1.1" 200 22
116.228.172.94 - - [28/Dec/2022:09:02:05 +0800] "GET /xingrg/login.html HTTP/1.1" 200 7641
116.228.172.94 - - [28/Dec/2022:09:02:06 +0800] "GET /favicon.ico HTTP/1.1" 404 -
116.228.172.94 - - [28/Dec/2022:09:02:09 +0800] "POST /xingrg/login.do HTTP/1.1" 302 -
116.228.172.94 - - [28/Dec/2022:09:02:09 +0800] "GET /xingrg/index.html?sysBaseUrl=http%3A%2F%2F180.169.147.146%3A18081%2Fxingrg%2F&costTime=45×tamp=1672189329391 HTTP/1.1" 200 17417
116.228.172.94 - - [28/Dec/2022:09:02:09 +0800] "GET /favicon.ico HTTP/1.1" 404 -
116.228.172.94 - - [28/Dec/2022:09:02:09 +0800] "POST /xingrg/all/common/load_tree.html?tree=area_rest_tree_json&manage=1 HTTP/1.1" 200 348
116.228.172.94 - - [28/Dec/2022:09:02:09 +0800] "GET /xingrg/all/function/internal_message.html?_=1672189118285&CODE_STATE=count HTTP/1.1" 200 11
116.228.172.94 - - [28/Dec/2022:09:02:09 +0800] "GET /xingrg/check_reg.html?_=1672189118287 HTTP/1.1" 200 22
116.228.172.94 - - [28/Dec/2022:09:02:09 +0800] "POST /xingrg/load_menu.html HTTP/1.1" 200 9959
116.228.172.94 - - [28/Dec/2022:09:02:11 +0800] "GET /xingrg/kc/buy/buy_main.html HTTP/1.1" 200 12412
116.228.172.94 - - [28/Dec/2022:09:02:11 +0800] "GET /xingrg/css/new_ie.css HTTP/1.1" 404 1036
116.228.172.94 - - [28/Dec/2022:09:02:12 +0800] "GET /xingrg/images/yd/bt.gif HTTP/1.1" 404 1040
116.228.172.94 - - [28/Dec/2022:09:02:13 +0800] "GET /xingrg/kc/buy/cgsh_order_list.html HTTP/1.1" 200 54082
58.40.7.146 - - [28/Dec/2022:09:02:13 +0800] "GET /xingrg/all/function/internal_message.html?_=1672189346640&CODE_STATE=getMsg HTTP/1.1" 302 -
116.228.172.94 - - [28/Dec/2022:09:02:15 +0800] "POST /xingrg/kc/buy/cgsh_list_operate.html HTTP/1.1" 200 986
116.238.139.35 - - [28/Dec/2022:09:02:18 +0800] "GET /xingrg/kc/buy/cgsh_order_operate.html?command=get_materiel&rest_code=00151&code=00101008323&supplier_code=00100008&order_time=2022-12-28 HTTP/1.1" 200 408
116.228.172.94 - - [28/Dec/2022:09:02:20 +0800] "GET /xingrg/kc/buy/buy_main.html HTTP/1.1" 200 12412
116.228.172.94 - - [28/Dec/2022:09:02:20 +0800] "GET /xingrg/css/new_ie.css HTTP/1.1" 404 1036
116.228.172.94 - - [28/Dec/2022:09:02:21 +0800] "GET /xingrg/images/yd/bt.gif HTTP/1.1" 404 1040
116.228.172.94 - - [28/Dec/2022:09:02:22 +0800] "GET /xingrg/kc/buy/cgsh_order_list.html HTTP/1.1" 200 54082
116.228.172.94 - - [28/Dec/2022:09:02:23 +0800] "POST /xingrg/kc/buy/cgsh_list_operate.html HTTP/1.1" 200 986
116.228.172.94 - - [28/Dec/2022:09:02:24 +0800] "GET /xingrg/kc/buy/cgsh_order_add.html HTTP/1.1" 200 68906
116.228.172.94 - - [28/Dec/2022:09:02:24 +0800] "GET /xingrg/words/20221227181702_words.js HTTP/1.1" 200 939843
116.228.172.94 - - [28/Dec/2022:09:02:24 +0800] "POST /xingrg/kc/buy/cgsh_order_operate.html HTTP/1.1" 200 8245
116.228.172.94 - - [28/Dec/2022:09:02:25 +0800] "GET /xingrg/all/common/auto_word.html?type=employee&rest_code=00153 HTTP/1.1" 200 47
116.228.172.94 - - [28/Dec/2022:09:02:25 +0800] "GET /xingrg/javascript/easyui/themes/default/validatebox.css HTTP/1.1" 404 1104
116.228.172.94 - - [28/Dec/2022:09:02:25 +0800] "GET /xingrg/all/common/auto_word.html?type=employee&rest_code=00153 HTTP/1.1" 200 47
222.69.192.184 - - [28/Dec/2022:09:02:25 +0800] "GET /xingrg/all/function/internal_message.html?_=1672189356519&CODE_STATE=getMsg HTTP/1.1" 200 27
116.192.124.172 - - [28/Dec/2022:09:02:28 +0800] "GET /xingrg/all/function/internal_message.html?_=1672189359648&CODE_STATE=getMsg HTTP/1.1" 200 27
114.84.38.109 - - [28/Dec/2022:09:02:29 +0800] "GET /xingrg/all/function/internal_message.html?_=1672189369874&CODE_STATE=getMsg HTTP/1.1" 200 27
116.228.172.94 - - [28/Dec/2022:09:02:29 +0800] "GET /xingrg/javascript/auto/indicator.gif HTTP/1.1" 404 1066
116.238.139.35 - - [28/Dec/2022:09:02:30 +0800] "GET /xingrg/all/function/internal_message.html?_=1672189285858&CODE_STATE=getMsg HTTP/1.1" 200 27
116.228.172.94 - - [28/Dec/2022:09:02:30 +0800] "GET /xingrg/javascript/jquery_tools/images/prev.gif HTTP/1.1" 404 1086
116.228.172.94 - - [28/Dec/2022:09:02:30 +0800] "GET /xingrg/javascript/jquery_tools/images/next.gif HTTP/1.1" 404 1086
116.238.139.35 - - [28/Dec/2022:09:02:34 +0800] "GET /xingrg/kc/buy/cgsh_order_operate.html?command=get_materiel&rest_code=00151&code=00101008091&supplier_code=00100008&order_time=2022-12-28 HTTP/1.1" 200 427
116.238.139.35 - - [28/Dec/2022:09:02:43 +0800] "GET /xingrg/kc/buy/cgsh_order_operate.html?command=get_materiel&rest_code=00151&code=00101008261&supplier_code=00100008&order_time=2022-12-28 HTTP/1.1" 200 425
116.228.172.94 - - [28/Dec/2022:09:02:45 +0800] "GET /xingrg/kc/buy/cgsh_order_operate.html?command=get_materiel&rest_code=00153&code=00101008155&supplier_code=00100199&order_time=2022-12-27 HTTP/1.1" 200 408
116.230.105.139 - - [28/Dec/2022:09:02:47 +0800] "GET /xingrg/all/function/internal_message.html?_=1672189347016&CODE_STATE=getMsg HTTP/1.1" 200 27
116.238.139.35 - - [28/Dec/2022:09:02:52 +0800] "GET /xingrg/kc/buy/cgsh_order_operate.html?command=get_materiel&rest_code=00151&code=00101008072&supplier_code=00100008&order_time=2022-12-28 HTTP/1.1" 200 408
58.221.95.50 - - [28/Dec/2022:09:02:53 +0800] "GET /xingrg/all/function/internal_message.html?_=1672189385042&CODE_STATE=getMsg HTTP/1.1" 200 27
58.221.95.50 - - [28/Dec/2022:09:02:53 +0800] "GET /xingrg/check_reg.html?_=1672189385043 HTTP/1.1" 200 22
116.238.139.35 - - [28/Dec/2022:09:03:02 +0800] "GET /xingrg/kc/buy/cgsh_order_operate.html?command=get_materiel&rest_code=00151&code=00101008156&supplier_code=00100008&order_time=2022-12-28 HTTP/1.1" 200 414
124.79.245.154 - - [28/Dec/2022:09:03:02 +0800] "GET /xingrg/all/function/internal_message.html?_=1672189624696&CODE_STATE=getMsg HTTP/1.1" 200 27
116.228.172.94 - - [28/Dec/2022:09:03:04 +0800] "GET /xingrg/kc/buy/cgsh_order_operate.html?command=get_materiel&rest_code=00153&code=00101008350&supplier_code=00100199&order_time=2022-12-27 HTTP/1.1" 200 408
116.228.172.94 - - [28/Dec/2022:09:03:09 +0800] "GET /xingrg/all/function/internal_message.html?_=1672189178307&CODE_STATE=getMsg HTTP/1.1" 200 27
116.238.139.35 - - [28/Dec/2022:09:03:12 +0800] "GET /xingrg/kc/buy/cgsh_order_operate.html?command=get_materiel&rest_code=00151&code=00101008350&supplier_code=00100008&order_time=2022-12-28 HTTP/1.1" 200 408
58.40.7.146 - - [28/Dec/2022:09:03:13 +0800] "GET /xingrg/all/function/internal_message.html?_=1672189406243&CODE_STATE=getMsg HTTP/1.1" 302 -
116.228.172.94 - - [28/Dec/2022:09:03:15 +0800] "GET /xingrg/kc/buy/cgsh_order_operate.html?command=get_materiel&rest_code=00153&code=00101008234&supplier_code=00100199&order_time=2022-12-27 HTTP/1.1" 200 409
116.238.139.35 - - [28/Dec/2022:09:03:21 +0800] "GET /xingrg/kc/buy/cgsh_order_operate.html?command=get_materiel&rest_code=00151&code=00101008049&supplier_code=00100008&order_time=2022-12-28 HTTP/1.1" 200 408
116.228.172.94 - - [28/Dec/2022:09:03:25 +0800] "GET /xingrg/kc/buy/cgsh_order_operate.html?command=get_materiel&rest_code=00153&code=00101008300&supplier_code=00100199&order_time=2022-12-27 HTTP/1.1" 200 412
222.69.192.184 - - [28/Dec/2022:09:03:25 +0800] "GET /xingrg/all/function/internal_message.html?_=1672189416498&CODE_STATE=getMsg HTTP/1.1" 200 27
116.192.124.172 - - [28/Dec/2022:09:03:28 +0800] "GET /xingrg/check_reg.html?_=1672189419654 HTTP/1.1" 200 22
116.192.124.172 - - [28/Dec/2022:09:03:28 +0800] "GET /xingrg/all/function/internal_message.html?_=1672189419657&CODE_STATE=getMsg HTTP/1.1" 200 27
114.84.38.109 - - [28/Dec/2022:09:03:29 +0800] "GET /xingrg/all/function/internal_message.html?_=1672189430092&CODE_STATE=getMsg HTTP/1.1" 200 27
116.238.139.35 - - [28/Dec/2022:09:03:30 +0800] "GET /xingrg/all/function/internal_message.html?_=1672189345873&CODE_STATE=getMsg HTTP/1.1" 200 27
116.238.139.35 - - [28/Dec/2022:09:03:30 +0800] "GET /xingrg/kc/buy/cgsh_order_operate.html?command=get_materiel&rest_code=00151&code=00101008351&supplier_code=00100008&order_time=2022-12-28 HTTP/1.1" 200 408
116.228.172.94 - - [28/Dec/2022:09:03:37 +0800] "GET /xingrg/kc/buy/cgsh_order_operate.html?command=get_materiel&rest_code=00153&code=00101008359&supplier_code=00100199&order_time=2022-12-27 HTTP/1.1" 200 409
116.238.139.35 - - [28/Dec/2022:09:03:40 +0800] "GET /xingrg/kc/buy/cgsh_order_operate.html?command=get_materiel&rest_code=00151&code=00101008029&supplier_code=00100008&order_time=2022-12-28 HTTP/1.1" 200 417
116.230.105.139 - - [28/Dec/2022:09:03:47 +0800] "GET /xingrg/check_reg.html?_=1672189407016 HTTP/1.1" 200 22
116.230.105.139 - - [28/Dec/2022:09:03:47 +0800] "GET /xingrg/all/function/internal_message.html?_=1672189407017&CODE_STATE=getMsg HTTP/1.1" 200 27
116.228.172.94 - - [28/Dec/2022:09:03:48 +0800] "GET /xingrg/kc/buy/cgsh_order_operate.html?command=get_materiel&rest_code=00153&code=00101012001&supplier_code=00100199&order_time=2022-12-27 HTTP/1.1" 200 408
58.221.95.50 - - [28/Dec/2022:09:03:53 +0800] "GET /xingrg/all/function/internal_message.html?_=1672189445036&CODE_STATE=getMsg HTTP/1.1" 200 27
116.238.139.35 - - [28/Dec/2022:09:03:58 +0800] "GET /xingrg/kc/buy/cgsh_order_operate.html?command=get_materiel&rest_code=00151&code=00101008283&supplier_code=00100008&order_time=2022-12-28 HTTP/1.1" 200 424
116.228.172.94 - - [28/Dec/2022:09:03:59 +0800] "GET /xingrg/kc/buy/cgsh_order_operate.html?command=get_materiel&rest_code=00153&code=00101012003&supplier_code=00100199&order_time=2022-12-27 HTTP/1.1" 200 413
124.79.245.154 - - [28/Dec/2022:09:04:02 +0800] "GET /xingrg/all/function/internal_message.html?_=1672189684694&CODE_STATE=getMsg HTTP/1.1" 200 27
116.238.139.35 - - [28/Dec/2022:09:04:07 +0800] "GET /xingrg/kc/buy/cgsh_order_operate.html?command=get_materiel&rest_code=00151&code=00101008096&supplier_code=00100008&order_time=2022-12-28 HTTP/1.1" 200 412
116.228.172.94 - - [28/Dec/2022:09:04:09 +0800] "GET /xingrg/kc/buy/cgsh_order_operate.html?command=get_materiel&rest_code=00153&code=00101016025&supplier_code=00100199&order_time=2022-12-27 HTTP/1.1" 200 408
116.228.172.94 - - [28/Dec/2022:09:04:09 +0800] "GET /xingrg/all/function/internal_message.html?_=1672189238322&CODE_STATE=getMsg HTTP/1.1" 200 27
58.40.7.146 - - [28/Dec/2022:09:04:13 +0800] "GET /xingrg/all/function/internal_message.html?_=1672189465848&CODE_STATE=getMsg HTTP/1.1" 302 -
116.238.139.35 - - [28/Dec/2022:09:04:17 +0800] "GET /xingrg/kc/buy/cgsh_order_operate.html?command=get_materiel&rest_code=00151&code=00101008286&supplier_code=00100008&order_time=2022-12-28 HTTP/1.1" 200 424
114.84.38.109 - - [28/Dec/2022:09:04:20 +0800] "GET /xingrg/check_reg.html?_=1672189481154 HTTP/1.1" 200 22
116.192.124.172 - - [28/Dec/2022:09:04:21 +0800] "GET /xingrg/kc/print/load_config.html?kc_code=cgsh HTTP/1.1" 200 1943
116.192.124.172 - - [28/Dec/2022:09:04:21 +0800] "GET /xingrg/kc/print/load_data.html?order_code=212022122805615&kc_code=cgsh&condition= HTTP/1.1" 200 1360
222.69.192.184 - - [28/Dec/2022:09:04:25 +0800] "GET /xingrg/all/function/internal_message.html?_=1672189476470&CODE_STATE=getMsg HTTP/1.1" 200 27
116.238.139.35 - - [28/Dec/2022:09:04:26 +0800] "GET /xingrg/kc/buy/cgsh_order_operate.html?command=get_materiel&rest_code=00151&code=00101008137&supplier_code=00100008&order_time=2022-12-28 HTTP/1.1" 200 408
116.192.124.172 - - [28/Dec/2022:09:04:28 +0800] "GET /xingrg/all/function/internal_message.html?_=1672189479653&CODE_STATE=getMsg HTTP/1.1" 200 27
114.84.38.109 - - [28/Dec/2022:09:04:29 +0800] "GET /xingrg/all/function/internal_message.html?_=1672189490105&CODE_STATE=getMsg HTTP/1.1" 200 27
116.238.139.35 - - [28/Dec/2022:09:04:30 +0800] "GET /xingrg/all/function/internal_message.html?_=1672189405886&CODE_STATE=getMsg HTTP/1.1" 200 27
116.228.172.94 - - [28/Dec/2022:09:04:31 +0800] "POST /xingrg/kc/buy/cgsh_order_operate.html HTTP/1.1" 200 37
116.238.139.35 - - [28/Dec/2022:09:04:35 +0800] "GET /xingrg/kc/buy/cgsh_order_operate.html?command=get_materiel&rest_code=00151&code=00101009030&supplier_code=00100008&order_time=2022-12-28 HTTP/1.1" 200 412
116.228.172.94 - - [28/Dec/2022:09:04:35 +0800] "POST /xingrg/kc/buy/cgsh_order_operate.html HTTP/1.1" 200 12
116.228.172.94 - - [28/Dec/2022:09:04:37 +0800] "GET /xingrg/kc/buy/cgsh_order_info.html?code=212022122805617 HTTP/1.1" 200 63805
116.228.172.94 - - [28/Dec/2022:09:04:38 +0800] "GET /xingrg/javascript/easyui/themes/default/validatebox.css HTTP/1.1" 404 1104
116.228.172.94 - - [28/Dec/2022:09:04:39 +0800] "POST /xingrg/kc/buy/cgsh_order_operate.html HTTP/1.1" 200 4148
116.228.172.94 - - [28/Dec/2022:09:04:41 +0800] "GET /xingrg/kc/print/load_config.html?kc_code=cgsh HTTP/1.1" 200 1943
116.228.172.94 - - [28/Dec/2022:09:04:41 +0800] "GET /xingrg/kc/print/load_data.html?order_code=212022122805617&kc_code=cgsh&condition= HTTP/1.1" 200 2029
116.238.139.35 - - [28/Dec/2022:09:04:43 +0800] "GET /xingrg/kc/buy/cgsh_order_operate.html?command=get_materiel&rest_code=00151&code=00101008362&supplier_code=00100008&order_time=2022-12-28 HTTP/1.1" 200 408
116.230.105.139 - - [28/Dec/2022:09:04:47 +0800] "GET /xingrg/all/function/internal_message.html?_=1672189467011&CODE_STATE=getMsg HTTP/1.1" 200 27
58.221.95.50 - - [28/Dec/2022:09:04:53 +0800] "GET /xingrg/all/function/internal_message.html?_=1672189505039&CODE_STATE=getMsg HTTP/1.1" 200 27
116.238.139.35 - - [28/Dec/2022:09:04:55 +0800] "GET /xingrg/kc/buy/cgsh_order_operate.html?command=get_materiel&rest_code=00151&code=00101008083&supplier_code=00100008&order_time=2022-12-28 HTTP/1.1" 200 428
116.238.139.35 - - [28/Dec/2022:09:04:57 +0800] "POST /xingrg/all/common/load_select.html HTTP/1.1" 200 25
124.79.245.154 - - [28/Dec/2022:09:05:02 +0800] "GET /xingrg/check_reg.html?_=1672189744692 HTTP/1.1" 200 22
124.79.245.154 - - [28/Dec/2022:09:05:02 +0800] "GET /xingrg/all/function/internal_message.html?_=1672189744693&CODE_STATE=getMsg HTTP/1.1" 200 27
116.238.139.35 - - [28/Dec/2022:09:05:02 +0800] "GET /xingrg/kc/buy/cgsh_order_operate.html?command=get_materiel_price&rest_code=00151&code=00101008083&unit_code=00100026&supplier_code=00100008&order_time=2022-12-28 HTTP/1.1" 200 27
222.69.192.184 - - [28/Dec/2022:09:05:10 +0800] "GET /xingrg/check_reg.html?_=1672189521976 HTTP/1.1" 200 22
58.40.7.146 - - [28/Dec/2022:09:05:13 +0800] "GET /xingrg/all/function/internal_message.html?_=1672189525466&CODE_STATE=getMsg HTTP/1.1" 302 -
