222.69.192.184 - - [28/Dec/2022:18:50:09 +0800] "GET /xingrg/check_reg.html?_=1672224620218 HTTP/1.1" 200 22
222.69.192.184 - - [28/Dec/2022:18:50:11 +0800] "GET /xingrg/all/function/internal_message.html?_=1672224622633&CODE_STATE=getMsg HTTP/1.1" 200 27
180.169.147.146 - - [28/Dec/2022:18:50:15 +0800] "GET /xingrg/all/function/internal_message.html?_=1672224626079&CODE_STATE=getMsg HTTP/1.1" 200 27
222.64.145.253 - - [28/Dec/2022:18:50:16 +0800] "GET /xingrg/all/function/internal_message.html?_=1672224629419&CODE_STATE=getMsg HTTP/1.1" 200 27
116.238.139.35 - - [28/Dec/2022:18:50:19 +0800] "GET /xingrg/all/function/internal_message.html?_=1672224554268&CODE_STATE=getMsg HTTP/1.1" 200 27
114.83.222.182 - - [28/Dec/2022:18:50:20 +0800] "GET /xingrg/all/function/internal_message.html?_=1672224703341&CODE_STATE=getMsg HTTP/1.1" 200 27
114.84.38.109 - - [28/Dec/2022:18:50:27 +0800] "GET /xingrg/all/function/internal_message.html?_=1672224649656&CODE_STATE=getMsg HTTP/1.1" 200 27
114.84.171.241 - - [28/Dec/2022:18:50:29 +0800] "GET /xingrg/all/function/internal_message.html?_=1672224638788&CODE_STATE=getMsg HTTP/1.1" 200 27
124.79.245.154 - - [28/Dec/2022:18:50:34 +0800] "GET /xingrg/all/function/internal_message.html?_=1672224876960&CODE_STATE=getMsg HTTP/1.1" 200 27
124.79.245.154 - - [28/Dec/2022:18:50:42 +0800] "GET /xingrg/check_reg.html?_=1672224884925 HTTP/1.1" 200 22
114.83.222.182 - - [28/Dec/2022:18:50:46 +0800] "GET /xingrg/kc/buy/cgsh_order_add.html HTTP/1.1" 200 69063
114.83.222.182 - - [28/Dec/2022:18:50:46 +0800] "POST /xingrg/kc/buy/cgsh_order_operate.html HTTP/1.1" 200 8245
114.83.222.182 - - [28/Dec/2022:18:50:46 +0800] "GET /xingrg/javascript/easyui/themes/default/validatebox.css HTTP/1.1" 404 1104
114.83.222.182 - - [28/Dec/2022:18:50:48 +0800] "GET /xingrg/javascript/auto/indicator.gif HTTP/1.1" 404 1066
180.162.115.6 - - [28/Dec/2022:18:51:01 +0800] "GET /xingrg/all/function/internal_message.html?_=1672223668793&CODE_STATE=getMsg HTTP/1.1" 200 27
114.83.222.182 - - [28/Dec/2022:18:51:10 +0800] "GET /xingrg/kc/buy/cgsh_order_operate.html?command=get_materiel&rest_code=00154&code=00101006252&supplier_code=00100501&order_time=2022-12-28 HTTP/1.1" 200 409
222.69.192.184 - - [28/Dec/2022:18:51:11 +0800] "GET /xingrg/all/function/internal_message.html?_=1672224682610&CODE_STATE=getMsg HTTP/1.1" 200 27
180.169.147.146 - - [28/Dec/2022:18:51:15 +0800] "GET /xingrg/check_reg.html?_=1672224686037 HTTP/1.1" 200 22
180.169.147.146 - - [28/Dec/2022:18:51:15 +0800] "GET /xingrg/all/function/internal_message.html?_=1672224686067&CODE_STATE=getMsg HTTP/1.1" 200 27
222.64.145.253 - - [28/Dec/2022:18:51:16 +0800] "GET /xingrg/all/function/internal_message.html?_=1672224689392&CODE_STATE=getMsg HTTP/1.1" 200 27
222.64.145.253 - - [28/Dec/2022:18:51:17 +0800] "GET /xingrg/check_reg.html?_=1672224691278 HTTP/1.1" 200 22
116.238.139.35 - - [28/Dec/2022:18:51:18 +0800] "GET /xingrg/check_reg.html?_=1672224613520 HTTP/1.1" 200 22
116.238.139.35 - - [28/Dec/2022:18:51:19 +0800] "GET /xingrg/all/function/internal_message.html?_=1672224614282&CODE_STATE=getMsg HTTP/1.1" 200 27
114.83.222.182 - - [28/Dec/2022:18:51:20 +0800] "GET /xingrg/all/function/internal_message.html?_=1672224763345&CODE_STATE=getMsg HTTP/1.1" 200 27
114.83.222.182 - - [28/Dec/2022:18:51:26 +0800] "POST /xingrg/kc/buy/cgsh_order_operate.html HTTP/1.1" 200 37
114.84.38.109 - - [28/Dec/2022:18:51:27 +0800] "GET /xingrg/all/function/internal_message.html?_=1672224709669&CODE_STATE=getMsg HTTP/1.1" 200 27
114.84.171.241 - - [28/Dec/2022:18:51:29 +0800] "GET /xingrg/all/function/internal_message.html?_=1672224698797&CODE_STATE=getMsg HTTP/1.1" 200 27
114.83.222.182 - - [28/Dec/2022:18:51:29 +0800] "POST /xingrg/kc/buy/cgsh_order_operate.html HTTP/1.1" 200 12
114.83.222.182 - - [28/Dec/2022:18:51:31 +0800] "GET /xingrg/kc/buy/cgsh_order_info.html?code=212022122805757 HTTP/1.1" 200 63970
114.83.222.182 - - [28/Dec/2022:18:51:31 +0800] "GET /xingrg/javascript/easyui/themes/default/validatebox.css HTTP/1.1" 404 1104
114.83.222.182 - - [28/Dec/2022:18:51:32 +0800] "POST /xingrg/kc/buy/cgsh_order_operate.html HTTP/1.1" 200 603
114.83.222.182 - - [28/Dec/2022:18:51:34 +0800] "GET /xingrg/kc/print/load_data.html?order_code=212022122805757&kc_code=cgsh&condition= HTTP/1.1" 200 701
124.79.245.154 - - [28/Dec/2022:18:51:34 +0800] "GET /xingrg/all/function/internal_message.html?_=1672224936932&CODE_STATE=getMsg HTTP/1.1" 200 27
180.162.115.6 - - [28/Dec/2022:18:52:01 +0800] "GET /xingrg/all/function/internal_message.html?_=1672223728792&CODE_STATE=getMsg HTTP/1.1" 200 27
180.162.115.6 - - [28/Dec/2022:18:52:01 +0800] "GET /xingrg/check_reg.html?_=1672223728795 HTTP/1.1" 200 22
114.83.222.182 - - [28/Dec/2022:18:52:03 +0800] "GET /xingrg/kc/buy/cgsh_order_add.html HTTP/1.1" 200 69063
114.83.222.182 - - [28/Dec/2022:18:52:04 +0800] "POST /xingrg/kc/buy/cgsh_order_operate.html HTTP/1.1" 200 8245
114.83.222.182 - - [28/Dec/2022:18:52:04 +0800] "GET /xingrg/javascript/easyui/themes/default/validatebox.css HTTP/1.1" 404 1104
114.83.222.182 - - [28/Dec/2022:18:52:07 +0800] "GET /xingrg/javascript/auto/indicator.gif HTTP/1.1" 404 1066
222.69.192.184 - - [28/Dec/2022:18:52:11 +0800] "GET /xingrg/all/function/internal_message.html?_=1672224742580&CODE_STATE=getMsg HTTP/1.1" 200 27
180.169.147.146 - - [28/Dec/2022:18:52:15 +0800] "GET /xingrg/all/function/internal_message.html?_=1672224746048&CODE_STATE=getMsg HTTP/1.1" 200 27
222.64.145.253 - - [28/Dec/2022:18:52:16 +0800] "GET /xingrg/all/function/internal_message.html?_=1672224749363&CODE_STATE=getMsg HTTP/1.1" 200 27
116.238.139.35 - - [28/Dec/2022:18:52:19 +0800] "GET /xingrg/all/function/internal_message.html?_=1672224674295&CODE_STATE=getMsg HTTP/1.1" 200 27
114.83.222.182 - - [28/Dec/2022:18:52:20 +0800] "GET /xingrg/all/function/internal_message.html?_=1672224823326&CODE_STATE=getMsg HTTP/1.1" 200 27
114.84.38.109 - - [28/Dec/2022:18:52:27 +0800] "GET /xingrg/all/function/internal_message.html?_=1672224769940&CODE_STATE=getMsg HTTP/1.1" 200 27
114.84.171.241 - - [28/Dec/2022:18:52:29 +0800] "GET /xingrg/all/function/internal_message.html?_=1672224758796&CODE_STATE=getMsg HTTP/1.1" 200 27
114.83.222.182 - - [28/Dec/2022:18:52:33 +0800] "GET /xingrg/kc/buy/cgsh_order_operate.html?command=get_materiel&rest_code=00154&code=00101006106&supplier_code=00100419&order_time=2022-12-28 HTTP/1.1" 200 440
124.79.245.154 - - [28/Dec/2022:18:52:34 +0800] "GET /xingrg/all/function/internal_message.html?_=1672224996913&CODE_STATE=getMsg HTTP/1.1" 200 27
114.83.222.182 - - [28/Dec/2022:18:52:53 +0800] "GET /xingrg/kc/buy/cgsh_order_operate.html?command=get_materiel&rest_code=00154&code=00101006177&supplier_code=00100419&order_time=2022-12-28 HTTP/1.1" 200 409
180.162.115.6 - - [28/Dec/2022:18:53:01 +0800] "GET /xingrg/all/function/internal_message.html?_=1672223788790&CODE_STATE=getMsg HTTP/1.1" 200 27
114.83.222.182 - - [28/Dec/2022:18:53:08 +0800] "GET /xingrg/kc/buy/cgsh_order_operate.html?command=get_materiel&rest_code=00154&code=00101006193&supplier_code=00100419&order_time=2022-12-28 HTTP/1.1" 200 411
222.69.192.184 - - [28/Dec/2022:18:53:11 +0800] "GET /xingrg/all/function/internal_message.html?_=1672224802548&CODE_STATE=getMsg HTTP/1.1" 200 27
180.169.147.146 - - [28/Dec/2022:18:53:15 +0800] "GET /xingrg/all/function/internal_message.html?_=1672224806043&CODE_STATE=getMsg HTTP/1.1" 200 27
222.64.145.253 - - [28/Dec/2022:18:53:16 +0800] "GET /xingrg/all/function/internal_message.html?_=1672224809337&CODE_STATE=getMsg HTTP/1.1" 200 27
116.238.139.35 - - [28/Dec/2022:18:53:19 +0800] "GET /xingrg/all/function/internal_message.html?_=1672224734309&CODE_STATE=getMsg HTTP/1.1" 200 27
114.83.222.182 - - [28/Dec/2022:18:53:20 +0800] "GET /xingrg/all/function/internal_message.html?_=1672224883335&CODE_STATE=getMsg HTTP/1.1" 200 27
114.83.222.182 - - [28/Dec/2022:18:53:22 +0800] "POST /xingrg/kc/buy/cgsh_order_operate.html HTTP/1.1" 200 37
114.83.222.182 - - [28/Dec/2022:18:53:27 +0800] "POST /xingrg/kc/buy/cgsh_order_operate.html HTTP/1.1" 200 12
114.84.38.109 - - [28/Dec/2022:18:53:27 +0800] "GET /xingrg/all/function/internal_message.html?_=1672224829946&CODE_STATE=getMsg HTTP/1.1" 200 27
114.83.222.182 - - [28/Dec/2022:18:53:28 +0800] "GET /xingrg/kc/buy/cgsh_order_info.html?code=212022122805758 HTTP/1.1" 200 63968
114.83.222.182 - - [28/Dec/2022:18:53:28 +0800] "GET /xingrg/javascript/easyui/themes/default/validatebox.css HTTP/1.1" 404 1104
114.84.171.241 - - [28/Dec/2022:18:53:29 +0800] "GET /xingrg/all/function/internal_message.html?_=1672224818796&CODE_STATE=getMsg HTTP/1.1" 200 27
114.83.222.182 - - [28/Dec/2022:18:53:29 +0800] "POST /xingrg/kc/buy/cgsh_order_operate.html HTTP/1.1" 200 1793
114.83.222.182 - - [28/Dec/2022:18:53:32 +0800] "GET /xingrg/kc/print/load_data.html?order_code=212022122805758&kc_code=cgsh&condition= HTTP/1.1" 200 1151
124.79.245.154 - - [28/Dec/2022:18:53:34 +0800] "GET /xingrg/all/function/internal_message.html?_=1672225056882&CODE_STATE=getMsg HTTP/1.1" 200 27
180.162.115.6 - - [28/Dec/2022:18:54:01 +0800] "GET /xingrg/all/function/internal_message.html?_=1672223848805&CODE_STATE=getMsg HTTP/1.1" 200 27
222.69.192.184 - - [28/Dec/2022:18:54:11 +0800] "GET /xingrg/all/function/internal_message.html?_=1672224862516&CODE_STATE=getMsg HTTP/1.1" 200 27
180.169.147.146 - - [28/Dec/2022:18:54:15 +0800] "GET /xingrg/all/function/internal_message.html?_=1672224866039&CODE_STATE=getMsg HTTP/1.1" 200 27
222.64.145.253 - - [28/Dec/2022:18:54:16 +0800] "GET /xingrg/all/function/internal_message.html?_=1672224869308&CODE_STATE=getMsg HTTP/1.1" 200 27
116.238.139.35 - - [28/Dec/2022:18:54:19 +0800] "GET /xingrg/all/function/internal_message.html?_=1672224794379&CODE_STATE=getMsg HTTP/1.1" 200 27
114.83.222.182 - - [28/Dec/2022:18:54:20 +0800] "GET /xingrg/all/function/internal_message.html?_=1672224943335&CODE_STATE=getMsg HTTP/1.1" 200 27
114.83.222.182 - - [28/Dec/2022:18:54:20 +0800] "GET /xingrg/check_reg.html?_=1672224943337 HTTP/1.1" 200 22
114.84.38.109 - - [28/Dec/2022:18:54:27 +0800] "GET /xingrg/check_reg.html?_=1672224889802 HTTP/1.1" 200 22
114.84.38.109 - - [28/Dec/2022:18:54:27 +0800] "GET /xingrg/all/function/internal_message.html?_=1672224889960&CODE_STATE=getMsg HTTP/1.1" 200 27
114.84.171.241 - - [28/Dec/2022:18:54:29 +0800] "GET /xingrg/all/function/internal_message.html?_=1672224878798&CODE_STATE=getMsg HTTP/1.1" 200 27
114.84.171.241 - - [28/Dec/2022:18:54:29 +0800] "GET /xingrg/check_reg.html?_=1672224878801 HTTP/1.1" 200 22
124.79.245.154 - - [28/Dec/2022:18:54:34 +0800] "GET /xingrg/all/function/internal_message.html?_=1672225116850&CODE_STATE=getMsg HTTP/1.1" 200 27
180.162.115.6 - - [28/Dec/2022:18:55:01 +0800] "GET /xingrg/all/function/internal_message.html?_=1672223908803&CODE_STATE=getMsg HTTP/1.1" 200 27
222.69.192.184 - - [28/Dec/2022:18:55:09 +0800] "GET /xingrg/check_reg.html?_=1672224920198 HTTP/1.1" 200 22
222.69.192.184 - - [28/Dec/2022:18:55:11 +0800] "GET /xingrg/all/function/internal_message.html?_=1672224922493&CODE_STATE=getMsg HTTP/1.1" 200 27
180.169.147.146 - - [28/Dec/2022:18:55:15 +0800] "GET /xingrg/all/function/internal_message.html?_=1672224926053&CODE_STATE=getMsg HTTP/1.1" 200 27
222.64.145.253 - - [28/Dec/2022:18:55:15 +0800] "GET /xingrg/all/function/internal_message.html?_=1672224929280&CODE_STATE=getMsg HTTP/1.1" 200 27
116.238.139.35 - - [28/Dec/2022:18:55:19 +0800] "GET /xingrg/all/function/internal_message.html?_=1672224854383&CODE_STATE=getMsg HTTP/1.1" 200 27
114.83.222.182 - - [28/Dec/2022:18:55:20 +0800] "GET /xingrg/all/function/internal_message.html?_=1672225003327&CODE_STATE=getMsg HTTP/1.1" 200 27
114.84.38.109 - - [28/Dec/2022:18:55:27 +0800] "GET /xingrg/all/function/internal_message.html?_=1672224949974&CODE_STATE=getMsg HTTP/1.1" 200 27
114.84.171.241 - - [28/Dec/2022:18:55:29 +0800] "GET /xingrg/all/function/internal_message.html?_=1672224938785&CODE_STATE=getMsg HTTP/1.1" 200 27
124.79.245.154 - - [28/Dec/2022:18:55:34 +0800] "GET /xingrg/all/function/internal_message.html?_=1672225176827&CODE_STATE=getMsg HTTP/1.1" 200 27
124.79.245.154 - - [28/Dec/2022:18:55:42 +0800] "GET /xingrg/check_reg.html?_=1672225184896 HTTP/1.1" 200 22
180.162.115.6 - - [28/Dec/2022:18:56:01 +0800] "GET /xingrg/all/function/internal_message.html?_=1672223968803&CODE_STATE=getMsg HTTP/1.1" 200 27
101.93.222.99 - - [28/Dec/2022:18:56:04 +0800] "POST /xingrg/services/DataTransmitService HTTP/1.1" 200 524
101.93.222.99 - - [28/Dec/2022:18:56:04 +0800] "POST /xingrg/services/DataTransmitService HTTP/1.1" 200 501
101.93.222.99 - - [28/Dec/2022:18:56:05 +0800] "POST /xingrg/services/DataTransmitService HTTP/1.1" 200 501
101.93.222.99 - - [28/Dec/2022:18:56:05 +0800] "POST /xingrg/services/DataTransmitService HTTP/1.1" 200 501
101.93.222.99 - - [28/Dec/2022:18:56:05 +0800] "POST /xingrg/services/DataTransmitService HTTP/1.1" 200 501
101.93.222.99 - - [28/Dec/2022:18:56:05 +0800] "POST /xingrg/services/DataTransmitService HTTP/1.1" 200 501
101.93.222.99 - - [28/Dec/2022:18:56:05 +0800] "POST /xingrg/services/DataTransmitService HTTP/1.1" 200 501
101.93.222.99 - - [28/Dec/2022:18:56:05 +0800] "POST /xingrg/services/DataTransmitService HTTP/1.1" 200 501
101.93.222.99 - - [28/Dec/2022:18:56:05 +0800] "POST /xingrg/services/DataTransmitService HTTP/1.1" 200 412
222.69.192.184 - - [28/Dec/2022:18:56:11 +0800] "GET /xingrg/all/function/internal_message.html?_=1672224982472&CODE_STATE=getMsg HTTP/1.1" 200 27
180.169.147.146 - - [28/Dec/2022:18:56:15 +0800] "GET /xingrg/check_reg.html?_=1672224986038 HTTP/1.1" 200 22
180.169.147.146 - - [28/Dec/2022:18:56:15 +0800] "GET /xingrg/all/function/internal_message.html?_=1672224986040&CODE_STATE=getMsg HTTP/1.1" 200 27
222.64.145.253 - - [28/Dec/2022:18:56:15 +0800] "GET /xingrg/all/function/internal_message.html?_=1672224989270&CODE_STATE=getMsg HTTP/1.1" 200 27
222.64.145.253 - - [28/Dec/2022:18:56:17 +0800] "GET /xingrg/check_reg.html?_=1672224991282 HTTP/1.1" 200 22
116.238.139.35 - - [28/Dec/2022:18:56:18 +0800] "GET /xingrg/check_reg.html?_=1672224913590 HTTP/1.1" 200 22
116.238.139.35 - - [28/Dec/2022:18:56:19 +0800] "GET /xingrg/all/function/internal_message.html?_=1672224914396&CODE_STATE=getMsg HTTP/1.1" 200 27
114.83.222.182 - - [28/Dec/2022:18:56:20 +0800] "GET /xingrg/all/function/internal_message.html?_=1672225063332&CODE_STATE=getMsg HTTP/1.1" 200 27
114.84.38.109 - - [28/Dec/2022:18:56:27 +0800] "GET /xingrg/all/function/internal_message.html?_=1672225009988&CODE_STATE=getMsg HTTP/1.1" 200 27
114.84.171.241 - - [28/Dec/2022:18:56:29 +0800] "GET /xingrg/all/function/internal_message.html?_=1672224998812&CODE_STATE=getMsg HTTP/1.1" 200 27
124.79.245.154 - - [28/Dec/2022:18:56:34 +0800] "GET /xingrg/all/function/internal_message.html?_=1672225236796&CODE_STATE=getMsg HTTP/1.1" 200 27
180.162.115.6 - - [28/Dec/2022:18:57:01 +0800] "GET /xingrg/check_reg.html?_=1672224028802 HTTP/1.1" 200 22
180.162.115.6 - - [28/Dec/2022:18:57:01 +0800] "GET /xingrg/all/function/internal_message.html?_=1672224028805&CODE_STATE=getMsg HTTP/1.1" 200 27
222.69.192.184 - - [28/Dec/2022:18:57:11 +0800] "GET /xingrg/all/function/internal_message.html?_=1672225042473&CODE_STATE=getMsg HTTP/1.1" 200 27
180.169.147.146 - - [28/Dec/2022:18:57:15 +0800] "GET /xingrg/all/function/internal_message.html?_=1672225046048&CODE_STATE=getMsg HTTP/1.1" 200 27
222.64.145.253 - - [28/Dec/2022:18:57:15 +0800] "GET /xingrg/all/function/internal_message.html?_=1672225049231&CODE_STATE=getMsg HTTP/1.1" 200 27
116.238.139.35 - - [28/Dec/2022:18:57:19 +0800] "GET /xingrg/all/function/internal_message.html?_=1672224974410&CODE_STATE=getMsg HTTP/1.1" 200 27
114.83.222.182 - - [28/Dec/2022:18:57:20 +0800] "GET /xingrg/all/function/internal_message.html?_=1672225123341&CODE_STATE=getMsg HTTP/1.1" 200 27
114.84.38.109 - - [28/Dec/2022:18:57:28 +0800] "GET /xingrg/all/function/internal_message.html?_=1672225070361&CODE_STATE=getMsg HTTP/1.1" 200 27
114.84.171.241 - - [28/Dec/2022:18:57:29 +0800] "GET /xingrg/all/function/internal_message.html?_=1672225058811&CODE_STATE=getMsg HTTP/1.1" 200 27
124.79.245.154 - - [28/Dec/2022:18:57:34 +0800] "GET /xingrg/all/function/internal_message.html?_=1672225296777&CODE_STATE=getMsg HTTP/1.1" 200 27
180.162.115.6 - - [28/Dec/2022:18:58:01 +0800] "GET /xingrg/all/function/internal_message.html?_=1672224088801&CODE_STATE=getMsg HTTP/1.1" 200 27
222.69.192.184 - - [28/Dec/2022:18:58:11 +0800] "GET /xingrg/all/function/internal_message.html?_=1672225102453&CODE_STATE=getMsg HTTP/1.1" 200 27
180.169.147.146 - - [28/Dec/2022:18:58:15 +0800] "GET /xingrg/all/function/internal_message.html?_=1672225106045&CODE_STATE=getMsg HTTP/1.1" 200 27
222.64.145.253 - - [28/Dec/2022:18:58:15 +0800] "GET /xingrg/all/function/internal_message.html?_=1672225109212&CODE_STATE=getMsg HTTP/1.1" 200 27
116.238.139.35 - - [28/Dec/2022:18:58:19 +0800] "GET /xingrg/all/function/internal_message.html?_=1672225034424&CODE_STATE=getMsg HTTP/1.1" 200 27
114.83.222.182 - - [28/Dec/2022:18:58:20 +0800] "GET /xingrg/all/function/internal_message.html?_=1672225183339&CODE_STATE=getMsg HTTP/1.1" 200 27
114.84.38.109 - - [28/Dec/2022:18:58:28 +0800] "GET /xingrg/all/function/internal_message.html?_=1672225130373&CODE_STATE=getMsg HTTP/1.1" 200 27
114.84.171.241 - - [28/Dec/2022:18:58:29 +0800] "GET /xingrg/all/function/internal_message.html?_=1672225118814&CODE_STATE=getMsg HTTP/1.1" 200 27
124.79.245.154 - - [28/Dec/2022:18:58:34 +0800] "GET /xingrg/all/function/internal_message.html?_=1672225356750&CODE_STATE=getMsg HTTP/1.1" 200 27
180.162.115.6 - - [28/Dec/2022:18:59:01 +0800] "GET /xingrg/all/function/internal_message.html?_=1672224148800&CODE_STATE=getMsg HTTP/1.1" 200 27
222.69.192.184 - - [28/Dec/2022:18:59:11 +0800] "GET /xingrg/all/function/internal_message.html?_=1672225162433&CODE_STATE=getMsg HTTP/1.1" 200 27
180.169.147.146 - - [28/Dec/2022:18:59:15 +0800] "GET /xingrg/all/function/internal_message.html?_=1672225166039&CODE_STATE=getMsg HTTP/1.1" 200 27
222.64.145.253 - - [28/Dec/2022:18:59:15 +0800] "GET /xingrg/all/function/internal_message.html?_=1672225169186&CODE_STATE=getMsg HTTP/1.1" 200 27
116.238.139.35 - - [28/Dec/2022:18:59:19 +0800] "GET /xingrg/all/function/internal_message.html?_=1672225094495&CODE_STATE=getMsg HTTP/1.1" 200 27
114.83.222.182 - - [28/Dec/2022:18:59:20 +0800] "GET /xingrg/check_reg.html?_=1672225243339 HTTP/1.1" 200 22
114.83.222.182 - - [28/Dec/2022:18:59:20 +0800] "GET /xingrg/all/function/internal_message.html?_=1672225243341&CODE_STATE=getMsg HTTP/1.1" 200 27
114.84.38.109 - - [28/Dec/2022:18:59:27 +0800] "GET /xingrg/check_reg.html?_=1672225190145 HTTP/1.1" 200 22
114.84.38.109 - - [28/Dec/2022:18:59:28 +0800] "GET /xingrg/all/function/internal_message.html?_=1672225190389&CODE_STATE=getMsg HTTP/1.1" 200 27
114.84.171.241 - - [28/Dec/2022:18:59:29 +0800] "GET /xingrg/all/function/internal_message.html?_=1672225178812&CODE_STATE=getMsg HTTP/1.1" 200 27
114.84.171.241 - - [28/Dec/2022:18:59:29 +0800] "GET /xingrg/check_reg.html?_=1672225178815 HTTP/1.1" 200 22
124.79.245.154 - - [28/Dec/2022:18:59:34 +0800] "GET /xingrg/all/function/internal_message.html?_=1672225416722&CODE_STATE=getMsg HTTP/1.1" 200 27
180.162.115.6 - - [28/Dec/2022:19:00:01 +0800] "GET /xingrg/all/function/internal_message.html?_=1672224208827&CODE_STATE=getMsg HTTP/1.1" 200 27
222.69.192.184 - - [28/Dec/2022:19:00:09 +0800] "GET /xingrg/check_reg.html?_=1672225220224 HTTP/1.1" 200 22
222.69.192.184 - - [28/Dec/2022:19:00:11 +0800] "GET /xingrg/all/function/internal_message.html?_=1672225222401&CODE_STATE=getMsg HTTP/1.1" 200 27
180.169.147.146 - - [28/Dec/2022:19:00:15 +0800] "GET /xingrg/all/function/internal_message.html?_=1672225226071&CODE_STATE=getMsg HTTP/1.1" 200 27
222.64.145.253 - - [28/Dec/2022:19:00:15 +0800] "GET /xingrg/all/function/internal_message.html?_=1672225229145&CODE_STATE=getMsg HTTP/1.1" 200 27
116.238.139.35 - - [28/Dec/2022:19:00:19 +0800] "GET /xingrg/all/function/internal_message.html?_=1672225154497&CODE_STATE=getMsg HTTP/1.1" 200 27
114.83.222.182 - - [28/Dec/2022:19:00:20 +0800] "GET /xingrg/all/function/internal_message.html?_=1672225303335&CODE_STATE=getMsg HTTP/1.1" 200 27
114.84.38.109 - - [28/Dec/2022:19:00:28 +0800] "GET /xingrg/all/function/internal_message.html?_=1672225250401&CODE_STATE=getMsg HTTP/1.1" 200 27
114.84.171.241 - - [28/Dec/2022:19:00:29 +0800] "GET /xingrg/all/function/internal_message.html?_=1672225238814&CODE_STATE=getMsg HTTP/1.1" 200 27
124.79.245.154 - - [28/Dec/2022:19:00:34 +0800] "GET /xingrg/all/function/internal_message.html?_=1672225476699&CODE_STATE=getMsg HTTP/1.1" 200 27
124.79.245.154 - - [28/Dec/2022:19:00:42 +0800] "GET /xingrg/check_reg.html?_=1672225484872 HTTP/1.1" 200 22
180.162.115.6 - - [28/Dec/2022:19:01:01 +0800] "GET /xingrg/all/function/internal_message.html?_=1672224268826&CODE_STATE=getMsg HTTP/1.1" 200 27
222.69.192.184 - - [28/Dec/2022:19:01:11 +0800] "GET /xingrg/all/function/internal_message.html?_=1672225282381&CODE_STATE=getMsg HTTP/1.1" 200 27
180.169.147.146 - - [28/Dec/2022:19:01:15 +0800] "GET /xingrg/check_reg.html?_=1672225286072 HTTP/1.1" 200 22
180.169.147.146 - - [28/Dec/2022:19:01:15 +0800] "GET /xingrg/all/function/internal_message.html?_=1672225286073&CODE_STATE=getMsg HTTP/1.1" 200 27
222.64.145.253 - - [28/Dec/2022:19:01:15 +0800] "GET /xingrg/all/function/internal_message.html?_=1672225289115&CODE_STATE=getMsg HTTP/1.1" 200 27
222.64.145.253 - - [28/Dec/2022:19:01:17 +0800] "GET /xingrg/check_reg.html?_=1672225291279 HTTP/1.1" 200 22
116.238.139.35 - - [28/Dec/2022:19:01:18 +0800] "GET /xingrg/check_reg.html?_=1672225213661 HTTP/1.1" 200 22
116.238.139.35 - - [28/Dec/2022:19:01:19 +0800] "GET /xingrg/all/function/internal_message.html?_=1672225214511&CODE_STATE=getMsg HTTP/1.1" 200 27
114.83.222.182 - - [28/Dec/2022:19:01:20 +0800] "GET /xingrg/all/function/internal_message.html?_=1672225363323&CODE_STATE=getMsg HTTP/1.1" 200 27
114.84.38.109 - - [28/Dec/2022:19:01:28 +0800] "GET /xingrg/all/function/internal_message.html?_=1672225310413&CODE_STATE=getMsg HTTP/1.1" 200 27
114.84.171.241 - - [28/Dec/2022:19:01:29 +0800] "GET /xingrg/all/function/internal_message.html?_=1672225298813&CODE_STATE=getMsg HTTP/1.1" 200 27
124.79.245.154 - - [28/Dec/2022:19:01:34 +0800] "GET /xingrg/all/function/internal_message.html?_=1672225536679&CODE_STATE=getMsg HTTP/1.1" 200 27
180.162.115.6 - - [28/Dec/2022:19:02:01 +0800] "GET /xingrg/all/function/internal_message.html?_=1672224328824&CODE_STATE=getMsg HTTP/1.1" 200 27
180.162.115.6 - - [28/Dec/2022:19:02:01 +0800] "GET /xingrg/check_reg.html?_=1672224328826 HTTP/1.1" 200 22
222.69.192.184 - - [28/Dec/2022:19:02:11 +0800] "GET /xingrg/all/function/internal_message.html?_=1672225342351&CODE_STATE=getMsg HTTP/1.1" 200 27
180.169.147.146 - - [28/Dec/2022:19:02:15 +0800] "GET /xingrg/all/function/internal_message.html?_=1672225346060&CODE_STATE=getMsg HTTP/1.1" 200 27
222.64.145.253 - - [28/Dec/2022:19:02:15 +0800] "GET /xingrg/all/function/internal_message.html?_=1672225349089&CODE_STATE=getMsg HTTP/1.1" 200 27
116.238.139.35 - - [28/Dec/2022:19:02:19 +0800] "GET /xingrg/all/function/internal_message.html?_=1672225274525&CODE_STATE=getMsg HTTP/1.1" 200 27
114.83.222.182 - - [28/Dec/2022:19:02:20 +0800] "GET /xingrg/all/function/internal_message.html?_=1672225423337&CODE_STATE=getMsg HTTP/1.1" 200 27
124.79.245.154 - - [28/Dec/2022:19:02:26 +0800] "POST /xingrg/kc/buy/cgsh_order_operate.html HTTP/1.1" 200 37
124.79.245.154 - - [28/Dec/2022:19:02:28 +0800] "POST /xingrg/kc/buy/cgsh_order_operate.html HTTP/1.1" 200 3245
114.84.38.109 - - [28/Dec/2022:19:02:28 +0800] "GET /xingrg/all/function/internal_message.html?_=1672225370680&CODE_STATE=getMsg HTTP/1.1" 200 27
114.84.171.241 - - [28/Dec/2022:19:02:29 +0800] "GET /xingrg/all/function/internal_message.html?_=1672225358812&CODE_STATE=getMsg HTTP/1.1" 200 27
124.79.245.154 - - [28/Dec/2022:19:02:34 +0800] "GET /xingrg/all/function/internal_message.html?_=1672225596674&CODE_STATE=getMsg HTTP/1.1" 200 27
124.79.245.154 - - [28/Dec/2022:19:02:40 +0800] "POST /xingrg/kc/buy/cgsh_order_operate.html HTTP/1.1" 200 37
124.79.245.154 - - [28/Dec/2022:19:02:41 +0800] "POST /xingrg/kc/buy/cgsh_order_operate.html HTTP/1.1" 200 3245
124.79.245.154 - - [28/Dec/2022:19:02:55 +0800] "GET /xingrg/kc/buy/cgsh_order_add.html HTTP/1.1" 200 69901
124.79.245.154 - - [28/Dec/2022:19:02:55 +0800] "GET /xingrg/javascript/easyui/themes/default/validatebox.css HTTP/1.1" 404 1104
124.79.245.154 - - [28/Dec/2022:19:02:55 +0800] "POST /xingrg/kc/buy/cgsh_order_operate.html HTTP/1.1" 200 8245
180.162.115.6 - - [28/Dec/2022:19:03:01 +0800] "GET /xingrg/all/function/internal_message.html?_=1672224388824&CODE_STATE=getMsg HTTP/1.1" 200 27
222.69.192.184 - - [28/Dec/2022:19:03:11 +0800] "GET /xingrg/all/function/internal_message.html?_=1672225402332&CODE_STATE=getMsg HTTP/1.1" 200 27
180.169.147.146 - - [28/Dec/2022:19:03:15 +0800] "GET /xingrg/all/function/internal_message.html?_=1672225406077&CODE_STATE=getMsg HTTP/1.1" 200 27
222.64.145.253 - - [28/Dec/2022:19:03:15 +0800] "GET /xingrg/all/function/internal_message.html?_=1672225409072&CODE_STATE=getMsg HTTP/1.1" 200 27
116.238.139.35 - - [28/Dec/2022:19:03:19 +0800] "GET /xingrg/all/function/internal_message.html?_=1672225334538&CODE_STATE=getMsg HTTP/1.1" 200 27
114.83.222.182 - - [28/Dec/2022:19:03:20 +0800] "GET /xingrg/all/function/internal_message.html?_=1672225483324&CODE_STATE=getMsg HTTP/1.1" 200 27
114.84.38.109 - - [28/Dec/2022:19:03:28 +0800] "GET /xingrg/all/function/internal_message.html?_=1672225430700&CODE_STATE=getMsg HTTP/1.1" 200 27
114.84.171.241 - - [28/Dec/2022:19:03:29 +0800] "GET /xingrg/all/function/internal_message.html?_=1672225418812&CODE_STATE=getMsg HTTP/1.1" 200 27
124.79.245.154 - - [28/Dec/2022:19:03:34 +0800] "GET /xingrg/all/function/internal_message.html?_=1672225656649&CODE_STATE=getMsg HTTP/1.1" 200 27
114.83.222.182 - - [28/Dec/2022:19:03:36 +0800] "GET /xingrg/kc/buy/cgsh_order_add.html HTTP/1.1" 200 69063
114.83.222.182 - - [28/Dec/2022:19:03:36 +0800] "POST /xingrg/kc/buy/cgsh_order_operate.html HTTP/1.1" 200 8245
114.83.222.182 - - [28/Dec/2022:19:03:36 +0800] "GET /xingrg/javascript/easyui/themes/default/validatebox.css HTTP/1.1" 404 1104
114.83.222.182 - - [28/Dec/2022:19:03:39 +0800] "GET /xingrg/javascript/auto/indicator.gif HTTP/1.1" 404 1066
124.79.245.154 - - [28/Dec/2022:19:03:49 +0800] "GET /xingrg/kc/buy/cgsh_order_operate.html?command=get_materiel&rest_code=00104&code=00102002889&supplier_code=00100151&order_time=2022-12-28 HTTP/1.1" 200 421
114.83.222.182 - - [28/Dec/2022:19:03:51 +0800] "GET /xingrg/kc/buy/cgsh_order_operate.html?command=get_materiel&rest_code=00154&code=00101008356&supplier_code=00100417&order_time=2022-12-28 HTTP/1.1" 200 423
180.162.115.6 - - [28/Dec/2022:19:04:01 +0800] "GET /xingrg/all/function/internal_message.html?_=1672224448822&CODE_STATE=getMsg HTTP/1.1" 200 27
114.83.222.182 - - [28/Dec/2022:19:04:04 +0800] "GET /xingrg/kc/buy/cgsh_order_operate.html?command=get_materiel&rest_code=00154&code=00101012070&supplier_code=00100417&order_time=2022-12-28 HTTP/1.1" 200 412
222.69.192.184 - - [28/Dec/2022:19:04:11 +0800] "GET /xingrg/all/function/internal_message.html?_=1672225462300&CODE_STATE=getMsg HTTP/1.1" 200 27
114.83.222.182 - - [28/Dec/2022:19:04:14 +0800] "GET /xingrg/kc/buy/cgsh_order_operate.html?command=get_materiel&rest_code=00154&code=00101008354&supplier_code=00100417&order_time=2022-12-28 HTTP/1.1" 200 412
180.169.147.146 - - [28/Dec/2022:19:04:15 +0800] "GET /xingrg/all/function/internal_message.html?_=1672225466063&CODE_STATE=getMsg HTTP/1.1" 200 27
222.64.145.253 - - [28/Dec/2022:19:04:15 +0800] "GET /xingrg/all/function/internal_message.html?_=1672225469043&CODE_STATE=getMsg HTTP/1.1" 200 27
116.238.139.35 - - [28/Dec/2022:19:04:19 +0800] "GET /xingrg/all/function/internal_message.html?_=1672225394610&CODE_STATE=getMsg HTTP/1.1" 200 27
114.83.222.182 - - [28/Dec/2022:19:04:20 +0800] "GET /xingrg/all/function/internal_message.html?_=1672225543327&CODE_STATE=getMsg HTTP/1.1" 200 27
114.83.222.182 - - [28/Dec/2022:19:04:20 +0800] "GET /xingrg/check_reg.html?_=1672225543328 HTTP/1.1" 200 22
114.83.222.182 - - [28/Dec/2022:19:04:22 +0800] "GET /xingrg/kc/buy/cgsh_order_operate.html?command=get_materiel&rest_code=00154&code=00101008261&supplier_code=00100417&order_time=2022-12-28 HTTP/1.1" 200 425
114.84.38.109 - - [28/Dec/2022:19:04:28 +0800] "GET /xingrg/check_reg.html?_=1672225490517 HTTP/1.1" 200 22
114.84.38.109 - - [28/Dec/2022:19:04:28 +0800] "GET /xingrg/all/function/internal_message.html?_=1672225490705&CODE_STATE=getMsg HTTP/1.1" 200 27
114.84.171.241 - - [28/Dec/2022:19:04:29 +0800] "GET /xingrg/all/function/internal_message.html?_=1672225478811&CODE_STATE=getMsg HTTP/1.1" 200 27
114.84.171.241 - - [28/Dec/2022:19:04:29 +0800] "GET /xingrg/check_reg.html?_=1672225478814 HTTP/1.1" 200 22
114.83.222.182 - - [28/Dec/2022:19:04:32 +0800] "GET /xingrg/kc/buy/cgsh_order_operate.html?command=get_materiel&rest_code=00154&code=00101008355&supplier_code=00100417&order_time=2022-12-28 HTTP/1.1" 200 425
124.79.245.154 - - [28/Dec/2022:19:04:34 +0800] "GET /xingrg/all/function/internal_message.html?_=1672225716627&CODE_STATE=getMsg HTTP/1.1" 200 27
114.83.222.182 - - [28/Dec/2022:19:04:43 +0800] "GET /xingrg/kc/buy/cgsh_order_operate.html?command=get_materiel&rest_code=00154&code=00101008264&supplier_code=00100417&order_time=2022-12-28 HTTP/1.1" 200 428
114.83.222.182 - - [28/Dec/2022:19:04:53 +0800] "GET /xingrg/kc/buy/cgsh_order_operate.html?command=get_materiel&rest_code=00154&code=00101008108&supplier_code=00100417&order_time=2022-12-28 HTTP/1.1" 200 412
180.162.115.6 - - [28/Dec/2022:19:05:01 +0800] "GET /xingrg/all/function/internal_message.html?_=1672224508821&CODE_STATE=getMsg HTTP/1.1" 200 27
114.83.222.182 - - [28/Dec/2022:19:05:07 +0800] "GET /xingrg/kc/buy/cgsh_order_operate.html?command=get_materiel&rest_code=00154&code=00101008644&supplier_code=00100417&order_time=2022-12-28 HTTP/1.1" 200 420
222.69.192.184 - - [28/Dec/2022:19:05:09 +0800] "GET /xingrg/check_reg.html?_=1672225520170 HTTP/1.1" 200 22
222.69.192.184 - - [28/Dec/2022:19:05:11 +0800] "GET /xingrg/all/function/internal_message.html?_=1672225522270&CODE_STATE=getMsg HTTP/1.1" 200 27
124.79.245.154 - - [28/Dec/2022:19:05:14 +0800] "GET /xingrg/kc/buy/cgsh_order_operate.html?command=get_materiel&rest_code=00104&code=00102001088&supplier_code=00100151&order_time=2022-12-28 HTTP/1.1" 200 428
180.169.147.146 - - [28/Dec/2022:19:05:15 +0800] "GET /xingrg/all/function/internal_message.html?_=1672225526078&CODE_STATE=getMsg HTTP/1.1" 200 27
222.64.145.253 - - [28/Dec/2022:19:05:15 +0800] "GET /xingrg/all/function/internal_message.html?_=1672225529010&CODE_STATE=getMsg HTTP/1.1" 200 27
114.83.222.182 - - [28/Dec/2022:19:05:18 +0800] "GET /xingrg/kc/buy/cgsh_order_operate.html?command=get_materiel&rest_code=00154&code=00101008350&supplier_code=00100417&order_time=2022-12-28 HTTP/1.1" 200 408
116.238.139.35 - - [28/Dec/2022:19:05:19 +0800] "GET /xingrg/all/function/internal_message.html?_=1672225454612&CODE_STATE=getMsg HTTP/1.1" 200 27
114.83.222.182 - - [28/Dec/2022:19:05:20 +0800] "GET /xingrg/all/function/internal_message.html?_=1672225603332&CODE_STATE=getMsg HTTP/1.1" 200 27
114.84.38.109 - - [28/Dec/2022:19:05:28 +0800] "GET /xingrg/all/function/internal_message.html?_=1672225550717&CODE_STATE=getMsg HTTP/1.1" 200 27
114.84.171.241 - - [28/Dec/2022:19:05:29 +0800] "GET /xingrg/all/function/internal_message.html?_=1672225538814&CODE_STATE=getMsg HTTP/1.1" 200 27
114.83.222.182 - - [28/Dec/2022:19:05:29 +0800] "GET /xingrg/kc/buy/cgsh_order_operate.html?command=get_materiel&rest_code=00154&code=00101008024&supplier_code=00100417&order_time=2022-12-28 HTTP/1.1" 200 424
124.79.245.154 - - [28/Dec/2022:19:05:34 +0800] "GET /xingrg/all/function/internal_message.html?_=1672225776606&CODE_STATE=getMsg HTTP/1.1" 200 27
114.83.222.182 - - [28/Dec/2022:19:05:42 +0800] "GET /xingrg/kc/buy/cgsh_order_operate.html?command=get_materiel&rest_code=00154&code=00101008207&supplier_code=00100417&order_time=2022-12-28 HTTP/1.1" 200 408
124.79.245.154 - - [28/Dec/2022:19:05:42 +0800] "GET /xingrg/check_reg.html?_=1672225784852 HTTP/1.1" 200 22
114.83.222.182 - - [28/Dec/2022:19:05:54 +0800] "GET /xingrg/kc/buy/cgsh_order_operate.html?command=get_materiel&rest_code=00154&code=00101015126&supplier_code=00100417&order_time=2022-12-28 HTTP/1.1" 200 413
180.162.115.6 - - [28/Dec/2022:19:06:01 +0800] "GET /xingrg/all/function/internal_message.html?_=1672224568820&CODE_STATE=getMsg HTTP/1.1" 200 27
114.83.222.182 - - [28/Dec/2022:19:06:06 +0800] "GET /xingrg/kc/buy/cgsh_order_operate.html?command=get_materiel&rest_code=00154&code=00101008268&supplier_code=00100417&order_time=2022-12-28 HTTP/1.1" 200 423
222.69.192.184 - - [28/Dec/2022:19:06:11 +0800] "GET /xingrg/all/function/internal_message.html?_=1672225582251&CODE_STATE=getMsg HTTP/1.1" 200 27
180.169.147.146 - - [28/Dec/2022:19:06:15 +0800] "GET /xingrg/check_reg.html?_=1672225586075 HTTP/1.1" 200 22
180.169.147.146 - - [28/Dec/2022:19:06:15 +0800] "GET /xingrg/all/function/internal_message.html?_=1672225586077&CODE_STATE=getMsg HTTP/1.1" 200 27
222.64.145.253 - - [28/Dec/2022:19:06:15 +0800] "GET /xingrg/all/function/internal_message.html?_=1672225588982&CODE_STATE=getMsg HTTP/1.1" 200 27
222.64.145.253 - - [28/Dec/2022:19:06:17 +0800] "GET /xingrg/check_reg.html?_=1672225591283 HTTP/1.1" 200 22
116.238.139.35 - - [28/Dec/2022:19:06:18 +0800] "GET /xingrg/check_reg.html?_=1672225513729 HTTP/1.1" 200 22
116.238.139.35 - - [28/Dec/2022:19:06:19 +0800] "GET /xingrg/all/function/internal_message.html?_=1672225514626&CODE_STATE=getMsg HTTP/1.1" 200 27
114.83.222.182 - - [28/Dec/2022:19:06:20 +0800] "GET /xingrg/all/function/internal_message.html?_=1672225663329&CODE_STATE=getMsg HTTP/1.1" 200 27
114.84.38.109 - - [28/Dec/2022:19:06:28 +0800] "GET /xingrg/all/function/internal_message.html?_=1672225610731&CODE_STATE=getMsg HTTP/1.1" 200 27
114.84.171.241 - - [28/Dec/2022:19:06:29 +0800] "GET /xingrg/all/function/internal_message.html?_=1672225598814&CODE_STATE=getMsg HTTP/1.1" 200 27
124.79.245.154 - - [28/Dec/2022:19:06:30 +0800] "GET /xingrg/kc/buy/cgsh_order_operate.html?command=get_materiel&rest_code=00104&code=00102002365&supplier_code=00100151&order_time=2022-12-28 HTTP/1.1" 200 410
124.79.245.154 - - [28/Dec/2022:19:06:34 +0800] "GET /xingrg/all/function/internal_message.html?_=1672225836589&CODE_STATE=getMsg HTTP/1.1" 200 27
114.83.222.182 - - [28/Dec/2022:19:06:41 +0800] "POST /xingrg/kc/buy/cgsh_order_operate.html HTTP/1.1" 200 37
114.83.222.182 - - [28/Dec/2022:19:06:45 +0800] "POST /xingrg/kc/buy/cgsh_order_operate.html HTTP/1.1" 200 12
114.83.222.182 - - [28/Dec/2022:19:06:46 +0800] "GET /xingrg/kc/buy/cgsh_order_info.html?code=212022122805759 HTTP/1.1" 200 63968
114.83.222.182 - - [28/Dec/2022:19:06:47 +0800] "GET /xingrg/javascript/easyui/themes/default/validatebox.css HTTP/1.1" 404 1104
114.83.222.182 - - [28/Dec/2022:19:06:47 +0800] "POST /xingrg/kc/buy/cgsh_order_operate.html HTTP/1.1" 200 7670
114.83.222.182 - - [28/Dec/2022:19:06:51 +0800] "GET /xingrg/kc/print/load_data.html?order_code=212022122805759&kc_code=cgsh&condition= HTTP/1.1" 200 3367
180.162.115.6 - - [28/Dec/2022:19:07:01 +0800] "GET /xingrg/all/function/internal_message.html?_=1672224628818&CODE_STATE=getMsg HTTP/1.1" 200 27
180.162.115.6 - - [28/Dec/2022:19:07:01 +0800] "GET /xingrg/check_reg.html?_=1672224628821 HTTP/1.1" 200 22
116.192.124.172 - - [28/Dec/2022:19:07:07 +0800] "POST /xingrg/services/DataTransmitService HTTP/1.1" 200 524
116.192.124.172 - - [28/Dec/2022:19:07:08 +0800] "POST /xingrg/services/DataTransmitService HTTP/1.1" 200 412
222.69.192.184 - - [28/Dec/2022:19:07:11 +0800] "GET /xingrg/all/function/internal_message.html?_=1672225642220&CODE_STATE=getMsg HTTP/1.1" 200 27
124.79.245.154 - - [28/Dec/2022:19:07:12 +0800] "GET /xingrg/kc/buy/cgsh_order_operate.html?command=get_materiel&rest_code=00104&code=00101029107&supplier_code=00100151&order_time=2022-12-28 HTTP/1.1" 200 412
180.169.147.146 - - [28/Dec/2022:19:07:15 +0800] "GET /xingrg/all/function/internal_message.html?_=1672225646077&CODE_STATE=getMsg HTTP/1.1" 200 27
222.64.145.253 - - [28/Dec/2022:19:07:15 +0800] "GET /xingrg/all/function/internal_message.html?_=1672225648971&CODE_STATE=getMsg HTTP/1.1" 200 27
116.238.139.35 - - [28/Dec/2022:19:07:19 +0800] "GET /xingrg/all/function/internal_message.html?_=1672225574639&CODE_STATE=getMsg HTTP/1.1" 200 27
114.83.222.182 - - [28/Dec/2022:19:07:20 +0800] "GET /xingrg/all/function/internal_message.html?_=1672225723337&CODE_STATE=getMsg HTTP/1.1" 200 27
114.84.38.109 - - [28/Dec/2022:19:07:28 +0800] "GET /xingrg/all/function/internal_message.html?_=1672225671004&CODE_STATE=getMsg HTTP/1.1" 200 27
114.84.171.241 - - [28/Dec/2022:19:07:29 +0800] "GET /xingrg/all/function/internal_message.html?_=1672225658813&CODE_STATE=getMsg HTTP/1.1" 200 27
124.79.245.154 - - [28/Dec/2022:19:07:34 +0800] "GET /xingrg/all/function/internal_message.html?_=1672225896588&CODE_STATE=getMsg HTTP/1.1" 200 27
114.83.222.182 - - [28/Dec/2022:19:07:34 +0800] "GET /xingrg/kc/buy/cgsh_order_add.html HTTP/1.1" 200 69063
114.83.222.182 - - [28/Dec/2022:19:07:35 +0800] "POST /xingrg/kc/buy/cgsh_order_operate.html HTTP/1.1" 200 8245
114.83.222.182 - - [28/Dec/2022:19:07:35 +0800] "GET /xingrg/javascript/easyui/themes/default/validatebox.css HTTP/1.1" 404 1104
114.83.222.182 - - [28/Dec/2022:19:07:37 +0800] "GET /xingrg/javascript/auto/indicator.gif HTTP/1.1" 404 1066
114.83.222.182 - - [28/Dec/2022:19:07:51 +0800] "GET /xingrg/kc/buy/cgsh_order_operate.html?command=get_materiel&rest_code=00154&code=00101008005&supplier_code=00100417&order_time=2022-12-28 HTTP/1.1" 200 428
124.79.245.154 - - [28/Dec/2022:19:07:56 +0800] "GET /xingrg/kc/buy/cgsh_order_operate.html?command=get_materiel&rest_code=00104&code=00101016102&supplier_code=00100151&order_time=2022-12-28 HTTP/1.1" 200 425
180.162.115.6 - - [28/Dec/2022:19:08:01 +0800] "GET /xingrg/all/function/internal_message.html?_=1672224688817&CODE_STATE=getMsg HTTP/1.1" 200 27
114.83.222.182 - - [28/Dec/2022:19:08:06 +0800] "GET /xingrg/kc/buy/cgsh_order_operate.html?command=get_materiel&rest_code=00154&code=00101008155&supplier_code=00100417&order_time=2022-12-28 HTTP/1.1" 200 408
222.69.192.184 - - [28/Dec/2022:19:08:11 +0800] "GET /xingrg/all/function/internal_message.html?_=1672225702190&CODE_STATE=getMsg HTTP/1.1" 200 27
180.169.147.146 - - [28/Dec/2022:19:08:15 +0800] "GET /xingrg/all/function/internal_message.html?_=1672225706065&CODE_STATE=getMsg HTTP/1.1" 200 27
222.64.145.253 - - [28/Dec/2022:19:08:15 +0800] "GET /xingrg/all/function/internal_message.html?_=1672225708941&CODE_STATE=getMsg HTTP/1.1" 200 27
116.238.139.35 - - [28/Dec/2022:19:08:19 +0800] "GET /xingrg/all/function/internal_message.html?_=1672225634653&CODE_STATE=getMsg HTTP/1.1" 200 27
114.83.222.182 - - [28/Dec/2022:19:08:20 +0800] "GET /xingrg/all/function/internal_message.html?_=1672225783343&CODE_STATE=getMsg HTTP/1.1" 200 27
124.79.245.154 - - [28/Dec/2022:19:08:24 +0800] "GET /xingrg/kc/buy/cgsh_order_operate.html?command=get_materiel&rest_code=00104&code=00102014026&supplier_code=00100151&order_time=2022-12-28 HTTP/1.1" 200 411
114.84.38.109 - - [28/Dec/2022:19:08:28 +0800] "GET /xingrg/all/function/internal_message.html?_=1672225731010&CODE_STATE=getMsg HTTP/1.1" 200 27
114.84.171.241 - - [28/Dec/2022:19:08:29 +0800] "GET /xingrg/all/function/internal_message.html?_=1672225718813&CODE_STATE=getMsg HTTP/1.1" 200 27
124.79.245.154 - - [28/Dec/2022:19:08:34 +0800] "GET /xingrg/all/function/internal_message.html?_=1672225956544&CODE_STATE=getMsg HTTP/1.1" 200 27
114.83.222.182 - - [28/Dec/2022:19:08:35 +0800] "GET /xingrg/kc/buy/cgsh_order_operate.html?command=get_materiel&rest_code=00154&code=00101008298&supplier_code=00100417&order_time=2022-12-28 HTTP/1.1" 200 427
124.79.245.154 - - [28/Dec/2022:19:08:53 +0800] "GET /xingrg/kc/buy/cgsh_order_operate.html?command=get_materiel&rest_code=00104&code=00102014050&supplier_code=00100151&order_time=2022-12-28 HTTP/1.1" 200 413
114.83.222.182 - - [28/Dec/2022:19:08:53 +0800] "GET /xingrg/kc/buy/cgsh_order_operate.html?command=get_materiel&rest_code=00154&code=00101008353&supplier_code=00100417&order_time=2022-12-28 HTTP/1.1" 200 424
180.162.115.6 - - [28/Dec/2022:19:09:01 +0800] "GET /xingrg/all/function/internal_message.html?_=1672224748818&CODE_STATE=getMsg HTTP/1.1" 200 27
114.83.222.182 - - [28/Dec/2022:19:09:05 +0800] "GET /xingrg/kc/buy/cgsh_order_operate.html?command=get_materiel&rest_code=00154&code=00101008083&supplier_code=00100417&order_time=2022-12-28 HTTP/1.1" 200 427
222.69.192.184 - - [28/Dec/2022:19:09:11 +0800] "GET /xingrg/all/function/internal_message.html?_=1672225762171&CODE_STATE=getMsg HTTP/1.1" 200 27
180.169.147.146 - - [28/Dec/2022:19:09:15 +0800] "GET /xingrg/all/function/internal_message.html?_=1672225766075&CODE_STATE=getMsg HTTP/1.1" 200 27
222.64.145.253 - - [28/Dec/2022:19:09:15 +0800] "GET /xingrg/all/function/internal_message.html?_=1672225768911&CODE_STATE=getMsg HTTP/1.1" 200 27
114.83.222.182 - - [28/Dec/2022:19:09:16 +0800] "GET /xingrg/kc/buy/cgsh_order_operate.html?command=get_materiel&rest_code=00154&code=00101005094&supplier_code=00100417&order_time=2022-12-28 HTTP/1.1" 200 404
116.238.139.35 - - [28/Dec/2022:19:09:19 +0800] "GET /xingrg/all/function/internal_message.html?_=1672225694726&CODE_STATE=getMsg HTTP/1.1" 200 27
114.83.222.182 - - [28/Dec/2022:19:09:20 +0800] "GET /xingrg/check_reg.html?_=1672225843335 HTTP/1.1" 200 22
114.83.222.182 - - [28/Dec/2022:19:09:20 +0800] "GET /xingrg/all/function/internal_message.html?_=1672225843336&CODE_STATE=getMsg HTTP/1.1" 200 27
114.84.38.109 - - [28/Dec/2022:19:09:28 +0800] "GET /xingrg/check_reg.html?_=1672225790871 HTTP/1.1" 200 22
114.84.38.109 - - [28/Dec/2022:19:09:28 +0800] "GET /xingrg/all/function/internal_message.html?_=1672225791022&CODE_STATE=getMsg HTTP/1.1" 200 27
114.84.171.241 - - [28/Dec/2022:19:09:29 +0800] "GET /xingrg/all/function/internal_message.html?_=1672225778811&CODE_STATE=getMsg HTTP/1.1" 200 27
114.84.171.241 - - [28/Dec/2022:19:09:29 +0800] "GET /xingrg/check_reg.html?_=1672225778813 HTTP/1.1" 200 22
114.83.222.182 - - [28/Dec/2022:19:09:32 +0800] "GET /xingrg/kc/buy/cgsh_order_operate.html?command=get_materiel&rest_code=00154&code=00101008286&supplier_code=00100417&order_time=2022-12-28 HTTP/1.1" 200 424
124.79.245.154 - - [28/Dec/2022:19:09:34 +0800] "GET /xingrg/all/function/internal_message.html?_=1672226016515&CODE_STATE=getMsg HTTP/1.1" 200 27
124.79.245.154 - - [28/Dec/2022:19:09:52 +0800] "POST /xingrg/kc/buy/cgsh_order_operate.html HTTP/1.1" 200 37
124.79.245.154 - - [28/Dec/2022:19:09:55 +0800] "POST /xingrg/kc/buy/cgsh_order_operate.html HTTP/1.1" 200 6833
180.162.115.6 - - [28/Dec/2022:19:10:01 +0800] "GET /xingrg/all/function/internal_message.html?_=1672224808831&CODE_STATE=getMsg HTTP/1.1" 200 27
222.69.192.184 - - [28/Dec/2022:19:10:09 +0800] "GET /xingrg/check_reg.html?_=1672225820145 HTTP/1.1" 200 22
222.69.192.184 - - [28/Dec/2022:19:10:11 +0800] "GET /xingrg/all/function/internal_message.html?_=1672225822140&CODE_STATE=getMsg HTTP/1.1" 200 27
180.169.147.146 - - [28/Dec/2022:19:10:15 +0800] "GET /xingrg/all/function/internal_message.html?_=1672225826212&CODE_STATE=getMsg HTTP/1.1" 200 27
222.64.145.253 - - [28/Dec/2022:19:10:15 +0800] "GET /xingrg/all/function/internal_message.html?_=1672225828880&CODE_STATE=getMsg HTTP/1.1" 200 27
116.238.139.35 - - [28/Dec/2022:19:10:19 +0800] "GET /xingrg/all/function/internal_message.html?_=1672225754727&CODE_STATE=getMsg HTTP/1.1" 200 27
114.83.222.182 - - [28/Dec/2022:19:10:23 +0800] "POST /xingrg/kc/buy/cgsh_order_operate.html HTTP/1.1" 200 37
114.83.222.182 - - [28/Dec/2022:19:10:27 +0800] "POST /xingrg/kc/buy/cgsh_order_operate.html HTTP/1.1" 200 12
114.83.222.182 - - [28/Dec/2022:19:10:28 +0800] "GET /xingrg/kc/buy/cgsh_order_info.html?code=212022122805761 HTTP/1.1" 200 63968
114.83.222.182 - - [28/Dec/2022:19:10:28 +0800] "GET /xingrg/javascript/easyui/themes/default/validatebox.css HTTP/1.1" 404 1104
114.84.38.109 - - [28/Dec/2022:19:10:28 +0800] "GET /xingrg/all/function/internal_message.html?_=1672225851036&CODE_STATE=getMsg HTTP/1.1" 200 27
114.83.222.182 - - [28/Dec/2022:19:10:29 +0800] "POST /xingrg/kc/buy/cgsh_order_operate.html HTTP/1.1" 200 7081
114.84.171.241 - - [28/Dec/2022:19:10:29 +0800] "GET /xingrg/all/function/internal_message.html?_=1672225838812&CODE_STATE=getMsg HTTP/1.1" 200 27
114.83.222.182 - - [28/Dec/2022:19:10:30 +0800] "GET /xingrg/kc/print/load_data.html?order_code=212022122805761&kc_code=cgsh&condition= HTTP/1.1" 200 3145
124.79.245.154 - - [28/Dec/2022:19:10:34 +0800] "GET /xingrg/all/function/internal_message.html?_=1672226076499&CODE_STATE=getMsg HTTP/1.1" 200 27
58.40.7.146 - - [28/Dec/2022:19:10:39 +0800] "POST /xingrg/services/DataTransmitService HTTP/1.1" 200 524
124.79.245.154 - - [28/Dec/2022:19:10:42 +0800] "GET /xingrg/check_reg.html?_=1672226084822 HTTP/1.1" 200 22
180.162.115.6 - - [28/Dec/2022:19:11:01 +0800] "GET /xingrg/all/function/internal_message.html?_=1672224868831&CODE_STATE=getMsg HTTP/1.1" 200 27
222.69.192.184 - - [28/Dec/2022:19:11:11 +0800] "GET /xingrg/all/function/internal_message.html?_=1672225882121&CODE_STATE=getMsg HTTP/1.1" 200 27
180.169.147.146 - - [28/Dec/2022:19:11:15 +0800] "GET /xingrg/check_reg.html?_=1672225886067 HTTP/1.1" 200 22
222.64.145.253 - - [28/Dec/2022:19:11:15 +0800] "GET /xingrg/all/function/internal_message.html?_=1672225888858&CODE_STATE=getMsg HTTP/1.1" 200 27
180.169.147.146 - - [28/Dec/2022:19:11:15 +0800] "GET /xingrg/all/function/internal_message.html?_=1672225886208&CODE_STATE=getMsg HTTP/1.1" 200 27
222.64.145.253 - - [28/Dec/2022:19:11:17 +0800] "GET /xingrg/check_reg.html?_=1672225891287 HTTP/1.1" 200 22
116.238.139.35 - - [28/Dec/2022:19:11:19 +0800] "GET /xingrg/check_reg.html?_=1672225813786 HTTP/1.1" 200 22
116.238.139.35 - - [28/Dec/2022:19:11:19 +0800] "GET /xingrg/all/function/internal_message.html?_=1672225814741&CODE_STATE=getMsg HTTP/1.1" 200 27
114.83.222.182 - - [28/Dec/2022:19:11:20 +0800] "GET /xingrg/all/function/internal_message.html?_=1672225963355&CODE_STATE=getMsg HTTP/1.1" 200 27
114.84.38.109 - - [28/Dec/2022:19:11:28 +0800] "GET /xingrg/all/function/internal_message.html?_=1672225911049&CODE_STATE=getMsg HTTP/1.1" 200 27
114.84.171.241 - - [28/Dec/2022:19:11:29 +0800] "GET /xingrg/all/function/internal_message.html?_=1672225898839&CODE_STATE=getMsg HTTP/1.1" 200 27
124.79.245.154 - - [28/Dec/2022:19:11:34 +0800] "GET /xingrg/all/function/internal_message.html?_=1672226136469&CODE_STATE=getMsg HTTP/1.1" 200 27
180.162.115.6 - - [28/Dec/2022:19:12:01 +0800] "GET /xingrg/check_reg.html?_=1672224928830 HTTP/1.1" 200 22
180.162.115.6 - - [28/Dec/2022:19:12:01 +0800] "GET /xingrg/all/function/internal_message.html?_=1672224928833&CODE_STATE=getMsg HTTP/1.1" 200 27
222.69.192.184 - - [28/Dec/2022:19:12:10 +0800] "GET /xingrg/all/function/internal_message.html?_=1672225942091&CODE_STATE=getMsg HTTP/1.1" 200 27
222.64.145.253 - - [28/Dec/2022:19:12:15 +0800] "GET /xingrg/all/function/internal_message.html?_=1672225948849&CODE_STATE=getMsg HTTP/1.1" 200 27
180.169.147.146 - - [28/Dec/2022:19:12:15 +0800] "GET /xingrg/all/function/internal_message.html?_=1672225946204&CODE_STATE=getMsg HTTP/1.1" 200 27
116.238.139.35 - - [28/Dec/2022:19:12:20 +0800] "GET /xingrg/all/function/internal_message.html?_=1672225874754&CODE_STATE=getMsg HTTP/1.1" 200 27
114.83.222.182 - - [28/Dec/2022:19:12:20 +0800] "GET /xingrg/all/function/internal_message.html?_=1672226023346&CODE_STATE=getMsg HTTP/1.1" 200 27
114.88.159.190 - - [28/Dec/2022:19:12:24 +0800] "POST /xingrg/services/DataTransmitService HTTP/1.1" 200 524
114.84.38.109 - - [28/Dec/2022:19:12:29 +0800] "GET /xingrg/all/function/internal_message.html?_=1672225971404&CODE_STATE=getMsg HTTP/1.1" 200 27
114.84.171.241 - - [28/Dec/2022:19:12:29 +0800] "GET /xingrg/all/function/internal_message.html?_=1672225958839&CODE_STATE=getMsg HTTP/1.1" 200 27
124.79.245.154 - - [28/Dec/2022:19:12:34 +0800] "GET /xingrg/all/function/internal_message.html?_=1672226196476&CODE_STATE=getMsg HTTP/1.1" 200 27
114.84.81.136 - - [28/Dec/2022:19:12:36 +0800] "GET /favicon.ico HTTP/1.1" 404 -
180.162.115.6 - - [28/Dec/2022:19:13:01 +0800] "GET /xingrg/all/function/internal_message.html?_=1672224988828&CODE_STATE=getMsg HTTP/1.1" 200 27
222.69.192.184 - - [28/Dec/2022:19:13:10 +0800] "GET /xingrg/all/function/internal_message.html?_=1672226002069&CODE_STATE=getMsg HTTP/1.1" 200 27
180.169.147.146 - - [28/Dec/2022:19:13:15 +0800] "GET /xingrg/all/function/internal_message.html?_=1672226006184&CODE_STATE=getMsg HTTP/1.1" 200 27
222.64.145.253 - - [28/Dec/2022:19:13:15 +0800] "GET /xingrg/all/function/internal_message.html?_=1672226008827&CODE_STATE=getMsg HTTP/1.1" 200 27
116.238.139.35 - - [28/Dec/2022:19:13:20 +0800] "GET /xingrg/all/function/internal_message.html?_=1672225934768&CODE_STATE=getMsg HTTP/1.1" 200 27
114.83.222.182 - - [28/Dec/2022:19:13:20 +0800] "GET /xingrg/all/function/internal_message.html?_=1672226083317&CODE_STATE=getMsg HTTP/1.1" 200 27
114.84.38.109 - - [28/Dec/2022:19:13:29 +0800] "GET /xingrg/all/function/internal_message.html?_=1672226031419&CODE_STATE=getMsg HTTP/1.1" 200 27
114.84.171.241 - - [28/Dec/2022:19:13:29 +0800] "GET /xingrg/all/function/internal_message.html?_=1672226018839&CODE_STATE=getMsg HTTP/1.1" 200 27
124.79.245.154 - - [28/Dec/2022:19:13:34 +0800] "GET /xingrg/all/function/internal_message.html?_=1672226256446&CODE_STATE=getMsg HTTP/1.1" 200 27
180.162.115.6 - - [28/Dec/2022:19:14:01 +0800] "GET /xingrg/all/function/internal_message.html?_=1672225048828&CODE_STATE=getMsg HTTP/1.1" 200 27
