120.253.135.82 - - [28/Dec/2022:10:30:07 +0800] "GET /xingrg/all/function/internal_message.html?_=1672194079676&CODE_STATE=getMsg HTTP/1.1" 302 -
222.69.192.184 - - [28/Dec/2022:10:30:10 +0800] "GET /xingrg/check_reg.html?_=1672194622098 HTTP/1.1" 200 22
58.40.7.146 - - [28/Dec/2022:10:30:12 +0800] "GET /xingrg/all/function/internal_message.html?_=1672194623455&CODE_STATE=getMsg HTTP/1.1" 302 -
114.84.38.109 - - [28/Dec/2022:10:30:21 +0800] "POST /xingrg/services/DataTransmitService HTTP/1.1" 200 524
222.69.192.184 - - [28/Dec/2022:10:30:23 +0800] "GET /xingrg/all/function/internal_message.html?_=1672194634518&CODE_STATE=getMsg HTTP/1.1" 200 27
114.84.38.109 - - [28/Dec/2022:10:30:37 +0800] "GET /xingrg/all/function/internal_message.html?_=1672194658685&CODE_STATE=getMsg HTTP/1.1" 200 27
222.70.177.10 - - [28/Dec/2022:10:30:40 +0800] "GET /xingrg/all/function/internal_message.html?_=1672194650653&CODE_STATE=getMsg HTTP/1.1" 200 27
124.79.245.154 - - [28/Dec/2022:10:30:42 +0800] "GET /xingrg/all/function/internal_message.html?_=1672194884531&CODE_STATE=getMsg HTTP/1.1" 200 27
222.70.177.10 - - [28/Dec/2022:10:30:45 +0800] "GET /xingrg/all/function/internal_message.html?_=1672194741263&CODE_STATE=getMsg HTTP/1.1" 200 27
116.230.105.139 - - [28/Dec/2022:10:30:48 +0800] "GET /xingrg/all/function/internal_message.html?_=1672194626996&CODE_STATE=getMsg HTTP/1.1" 200 27
116.238.139.35 - - [28/Dec/2022:10:30:49 +0800] "GET /xingrg/all/function/internal_message.html?_=1672194585011&CODE_STATE=getMsg HTTP/1.1" 200 27
58.221.95.50 - - [28/Dec/2022:10:30:53 +0800] "GET /xingrg/all/function/internal_message.html?_=1672194665037&CODE_STATE=getMsg HTTP/1.1" 200 27
180.169.147.146 - - [28/Dec/2022:10:30:55 +0800] "GET /xingrg/check_reg.html?_=1672194663570 HTTP/1.1" 200 22
180.169.147.146 - - [28/Dec/2022:10:30:55 +0800] "GET /xingrg/all/function/internal_message.html?_=1672194663573&CODE_STATE=getMsg HTTP/1.1" 200 27
120.253.135.82 - - [28/Dec/2022:10:31:07 +0800] "GET /xingrg/all/function/internal_message.html?_=1672194139658&CODE_STATE=getMsg HTTP/1.1" 302 -
58.40.7.146 - - [28/Dec/2022:10:31:12 +0800] "GET /xingrg/all/function/internal_message.html?_=1672194683425&CODE_STATE=getMsg HTTP/1.1" 302 -
58.40.7.146 - - [28/Dec/2022:10:31:16 +0800] "GET /xingrg/check_reg.html?_=1672194687240 HTTP/1.1" 302 -
116.230.105.139 - - [28/Dec/2022:10:31:21 +0800] "GET /xingrg/kc/buy/cgsh_order_list.html HTTP/1.1" 200 54084
116.230.105.139 - - [28/Dec/2022:10:31:22 +0800] "POST /xingrg/kc/buy/cgsh_list_operate.html HTTP/1.1" 200 986
222.69.192.184 - - [28/Dec/2022:10:31:23 +0800] "GET /xingrg/all/function/internal_message.html?_=1672194694488&CODE_STATE=getMsg HTTP/1.1" 200 27
114.84.38.109 - - [28/Dec/2022:10:31:37 +0800] "GET /xingrg/all/function/internal_message.html?_=1672194718892&CODE_STATE=getMsg HTTP/1.1" 200 27
222.70.177.10 - - [28/Dec/2022:10:31:40 +0800] "GET /xingrg/check_reg.html?_=1672194710648 HTTP/1.1" 200 22
222.70.177.10 - - [28/Dec/2022:10:31:40 +0800] "GET /xingrg/all/function/internal_message.html?_=1672194710644&CODE_STATE=getMsg HTTP/1.1" 200 27
124.79.245.154 - - [28/Dec/2022:10:31:42 +0800] "GET /xingrg/all/function/internal_message.html?_=1672194944546&CODE_STATE=getMsg HTTP/1.1" 200 27
124.79.245.154 - - [28/Dec/2022:10:31:42 +0800] "GET /xingrg/check_reg.html?_=1672194944547 HTTP/1.1" 200 22
222.70.177.10 - - [28/Dec/2022:10:31:45 +0800] "GET /xingrg/all/function/internal_message.html?_=1672194801265&CODE_STATE=getMsg HTTP/1.1" 200 27
116.230.105.139 - - [28/Dec/2022:10:31:48 +0800] "GET /xingrg/all/function/internal_message.html?_=1672194687002&CODE_STATE=getMsg HTTP/1.1" 200 27
116.238.139.35 - - [28/Dec/2022:10:31:49 +0800] "GET /xingrg/check_reg.html?_=1672194644544 HTTP/1.1" 200 22
116.238.139.35 - - [28/Dec/2022:10:31:49 +0800] "GET /xingrg/all/function/internal_message.html?_=1672194645023&CODE_STATE=getMsg HTTP/1.1" 200 27
58.221.95.50 - - [28/Dec/2022:10:31:53 +0800] "GET /xingrg/all/function/internal_message.html?_=1672194725032&CODE_STATE=getMsg HTTP/1.1" 200 27
180.169.147.146 - - [28/Dec/2022:10:31:55 +0800] "GET /xingrg/all/function/internal_message.html?_=1672194723565&CODE_STATE=getMsg HTTP/1.1" 200 27
120.253.135.82 - - [28/Dec/2022:10:32:07 +0800] "GET /xingrg/all/function/internal_message.html?_=1672194199630&CODE_STATE=getMsg HTTP/1.1" 302 -
120.253.135.82 - - [28/Dec/2022:10:32:07 +0800] "GET /xingrg/check_reg.html?_=1672194199755 HTTP/1.1" 302 -
58.40.7.146 - - [28/Dec/2022:10:32:12 +0800] "GET /xingrg/all/function/internal_message.html?_=1672194743399&CODE_STATE=getMsg HTTP/1.1" 302 -
222.69.192.184 - - [28/Dec/2022:10:32:23 +0800] "GET /xingrg/all/function/internal_message.html?_=1672194754468&CODE_STATE=getMsg HTTP/1.1" 200 27
222.70.177.10 - - [28/Dec/2022:10:32:24 +0800] "GET /xingrg/index.html?sysBaseUrl=http%3A%2F%2F180.169.147.146%3A18081%2Fxingrg%2F&costTime=39×tamp=1645767740089 HTTP/1.1" 200 17503
222.70.177.10 - - [28/Dec/2022:10:32:24 +0800] "GET /favicon.ico HTTP/1.1" 404 -
222.70.177.10 - - [28/Dec/2022:10:32:24 +0800] "POST /xingrg/all/common/load_tree.html?tree=area_rest_tree_json&manage=1 HTTP/1.1" 200 591
222.70.177.10 - - [28/Dec/2022:10:32:24 +0800] "GET /xingrg/check_reg.html?_=1672194840394 HTTP/1.1" 200 22
222.70.177.10 - - [28/Dec/2022:10:32:24 +0800] "GET /xingrg/all/function/internal_message.html?_=1672194840392&CODE_STATE=count HTTP/1.1" 200 11
222.70.177.10 - - [28/Dec/2022:10:32:24 +0800] "POST /xingrg/load_menu.html HTTP/1.1" 200 11564
222.70.177.10 - - [28/Dec/2022:10:32:29 +0800] "POST /xingrg/load_menu.html HTTP/1.1" 200 10483
222.70.177.10 - - [28/Dec/2022:10:32:31 +0800] "GET /xingrg/all/report/report_query.html?fileName=dma/new_5.0/yingye/order_list.xml HTTP/1.1" 200 55281
222.70.177.10 - - [28/Dec/2022:10:32:31 +0800] "GET /xingrg/dwr/interface/AjaxReportQueryService.js HTTP/1.1" 200 13203
222.70.177.10 - - [28/Dec/2022:10:32:31 +0800] "GET /xingrg/dwr/engine.js HTTP/1.1" 200 43631
222.70.177.10 - - [28/Dec/2022:10:32:31 +0800] "POST /xingrg/dwr/call/plaincall/AjaxReportQueryService.getFixDate.dwr HTTP/1.1" 200 111
222.70.177.10 - - [28/Dec/2022:10:32:31 +0800] "POST /xingrg/all/common/load_tree.html?tree=area_station_tree_json&manage=1 HTTP/1.1" 200 575
222.70.177.10 - - [28/Dec/2022:10:32:31 +0800] "POST /xingrg/dwr/call/plaincall/AjaxReportQueryService.getInitString.dwr HTTP/1.1" 200 76
222.70.177.10 - - [28/Dec/2022:10:32:35 +0800] "POST /xingrg/dwr/call/plaincall/AjaxReportQueryService.queryInitializeString.dwr HTTP/1.1" 200 76
222.70.177.10 - - [28/Dec/2022:10:32:35 +0800] "POST /xingrg/dwr/call/plaincall/AjaxReportQueryService.queryInitializeString.dwr HTTP/1.1" 200 76
222.70.177.10 - - [28/Dec/2022:10:32:36 +0800] "POST /xingrg/dwr/call/plaincall/AjaxReportQueryService.refreshCache.dwr HTTP/1.1" 200 78
222.70.177.10 - - [28/Dec/2022:10:32:37 +0800] "POST /xingrg/all/report/load_report_page.html HTTP/1.1" 200 89
114.84.38.109 - - [28/Dec/2022:10:32:37 +0800] "GET /xingrg/all/function/internal_message.html?_=1672194778896&CODE_STATE=getMsg HTTP/1.1" 200 27
222.70.177.10 - - [28/Dec/2022:10:32:40 +0800] "GET /xingrg/all/function/internal_message.html?_=1672194770647&CODE_STATE=getMsg HTTP/1.1" 200 27
124.79.245.154 - - [28/Dec/2022:10:32:42 +0800] "GET /xingrg/all/function/internal_message.html?_=1672195004546&CODE_STATE=getMsg HTTP/1.1" 200 27
222.70.177.10 - - [28/Dec/2022:10:32:42 +0800] "POST /xingrg/dwr/call/plaincall/AjaxReportQueryService.refreshCache.dwr HTTP/1.1" 200 78
222.70.177.10 - - [28/Dec/2022:10:32:42 +0800] "POST /xingrg/all/report/load_report_page.html HTTP/1.1" 200 122470
222.70.177.10 - - [28/Dec/2022:10:32:43 +0800] "GET /xingrg/servlets/image?cache=0.9841098170746175&image=px HTTP/1.1" 200 807
222.70.177.10 - - [28/Dec/2022:10:32:45 +0800] "GET /xingrg/all/function/internal_message.html?_=1672194861252&CODE_STATE=getMsg HTTP/1.1" 200 27
116.230.105.139 - - [28/Dec/2022:10:32:48 +0800] "GET /xingrg/all/function/internal_message.html?_=1672194747016&CODE_STATE=getMsg HTTP/1.1" 200 27
116.238.139.35 - - [28/Dec/2022:10:32:49 +0800] "GET /xingrg/all/function/internal_message.html?_=1672194705037&CODE_STATE=getMsg HTTP/1.1" 200 27
58.221.95.50 - - [28/Dec/2022:10:32:53 +0800] "GET /xingrg/all/function/internal_message.html?_=1672194785038&CODE_STATE=getMsg HTTP/1.1" 200 27
58.221.95.50 - - [28/Dec/2022:10:32:53 +0800] "GET /xingrg/check_reg.html?_=1672194785043 HTTP/1.1" 200 22
180.169.147.146 - - [28/Dec/2022:10:32:55 +0800] "GET /xingrg/all/function/internal_message.html?_=1672194783565&CODE_STATE=getMsg HTTP/1.1" 200 27
120.253.135.82 - - [28/Dec/2022:10:33:07 +0800] "GET /xingrg/all/function/internal_message.html?_=1672194259632&CODE_STATE=getMsg HTTP/1.1" 302 -
58.40.7.146 - - [28/Dec/2022:10:33:12 +0800] "GET /xingrg/all/function/internal_message.html?_=1672194803370&CODE_STATE=getMsg HTTP/1.1" 302 -
222.69.192.184 - - [28/Dec/2022:10:33:23 +0800] "GET /xingrg/all/function/internal_message.html?_=1672194814446&CODE_STATE=getMsg HTTP/1.1" 200 27
222.70.177.10 - - [28/Dec/2022:10:33:24 +0800] "GET /xingrg/all/function/internal_message.html?_=1672194900424&CODE_STATE=getMsg HTTP/1.1" 200 27
222.70.177.10 - - [28/Dec/2022:10:33:33 +0800] "GET /xingrg/kc/buy/cgsh_order_add.html HTTP/1.1" 200 69816
222.70.177.10 - - [28/Dec/2022:10:33:33 +0800] "POST /xingrg/kc/buy/cgsh_order_operate.html HTTP/1.1" 200 8245
222.70.177.10 - - [28/Dec/2022:10:33:33 +0800] "GET /xingrg/javascript/easyui/themes/default/validatebox.css HTTP/1.1" 404 1104
114.84.38.109 - - [28/Dec/2022:10:33:38 +0800] "GET /xingrg/all/function/internal_message.html?_=1672194839177&CODE_STATE=getMsg HTTP/1.1" 200 27
222.70.177.10 - - [28/Dec/2022:10:33:40 +0800] "GET /xingrg/all/function/internal_message.html?_=1672194830682&CODE_STATE=getMsg HTTP/1.1" 200 27
124.79.245.154 - - [28/Dec/2022:10:33:42 +0800] "GET /xingrg/all/function/internal_message.html?_=1672195064544&CODE_STATE=getMsg HTTP/1.1" 200 27
222.70.177.10 - - [28/Dec/2022:10:33:45 +0800] "GET /xingrg/all/function/internal_message.html?_=1672194921248&CODE_STATE=getMsg HTTP/1.1" 200 27
116.230.105.139 - - [28/Dec/2022:10:33:48 +0800] "GET /xingrg/all/function/internal_message.html?_=1672194807017&CODE_STATE=getMsg HTTP/1.1" 200 27
222.70.177.10 - - [28/Dec/2022:10:33:48 +0800] "GET /xingrg/kc/buy/cgsh_order_operate.html?command=get_materiel&rest_code=00111&code=00101008134&supplier_code=00100037&order_time=2022-12-28 HTTP/1.1" 200 412
116.230.105.139 - - [28/Dec/2022:10:33:48 +0800] "GET /xingrg/check_reg.html?_=1672194807267 HTTP/1.1" 200 22
116.238.139.35 - - [28/Dec/2022:10:33:49 +0800] "GET /xingrg/all/function/internal_message.html?_=1672194765050&CODE_STATE=getMsg HTTP/1.1" 200 27
58.221.95.50 - - [28/Dec/2022:10:33:53 +0800] "GET /xingrg/all/function/internal_message.html?_=1672194845038&CODE_STATE=getMsg HTTP/1.1" 200 27
180.169.147.146 - - [28/Dec/2022:10:33:55 +0800] "GET /xingrg/all/function/internal_message.html?_=1672194843563&CODE_STATE=getMsg HTTP/1.1" 200 27
222.70.177.10 - - [28/Dec/2022:10:34:03 +0800] "GET /xingrg/kc/buy/cgsh_order_operate.html?command=get_materiel&rest_code=00111&code=00101008356&supplier_code=00100037&order_time=2022-12-28 HTTP/1.1" 200 423
222.70.177.10 - - [28/Dec/2022:10:34:05 +0800] "POST /xingrg/all/report/load_report_page.html HTTP/1.1" 200 122470
222.70.177.10 - - [28/Dec/2022:10:34:05 +0800] "GET /xingrg/servlets/image?cache=0.4563128192553547&image=px HTTP/1.1" 200 807
120.253.135.82 - - [28/Dec/2022:10:34:07 +0800] "GET /xingrg/all/function/internal_message.html?_=1672194319602&CODE_STATE=getMsg HTTP/1.1" 302 -
58.40.7.146 - - [28/Dec/2022:10:34:12 +0800] "GET /xingrg/all/function/internal_message.html?_=1672194863342&CODE_STATE=getMsg HTTP/1.1" 302 -
222.70.177.10 - - [28/Dec/2022:10:34:16 +0800] "GET /xingrg/dma/order_info.html?id=36586&sid=5&sale_day=20221227 HTTP/1.1" 200 5712
222.70.177.10 - - [28/Dec/2022:10:34:16 +0800] "GET /favicon.ico HTTP/1.1" 404 -
114.84.38.109 - - [28/Dec/2022:10:34:20 +0800] "GET /xingrg/check_reg.html?_=1672194881256 HTTP/1.1" 200 22
222.70.177.10 - - [28/Dec/2022:10:34:20 +0800] "GET /xingrg/kc/buy/cgsh_order_operate.html?command=get_materiel&rest_code=00111&code=00101008418&supplier_code=00100037&order_time=2022-12-28 HTTP/1.1" 200 412
222.69.192.184 - - [28/Dec/2022:10:34:23 +0800] "GET /xingrg/all/function/internal_message.html?_=1672194874421&CODE_STATE=getMsg HTTP/1.1" 200 27
222.70.177.10 - - [28/Dec/2022:10:34:24 +0800] "GET /xingrg/all/function/internal_message.html?_=1672194960406&CODE_STATE=getMsg HTTP/1.1" 200 27
222.70.177.10 - - [28/Dec/2022:10:34:31 +0800] "GET /xingrg/kc/buy/cgsh_order_operate.html?command=get_materiel&rest_code=00111&code=00101008077&supplier_code=00100037&order_time=2022-12-28 HTTP/1.1" 200 416
114.84.38.109 - - [28/Dec/2022:10:34:38 +0800] "GET /xingrg/all/function/internal_message.html?_=1672194899190&CODE_STATE=getMsg HTTP/1.1" 200 27
222.70.177.10 - - [28/Dec/2022:10:34:40 +0800] "GET /xingrg/all/function/internal_message.html?_=1672194890672&CODE_STATE=getMsg HTTP/1.1" 200 27
124.79.245.154 - - [28/Dec/2022:10:34:42 +0800] "GET /xingrg/all/function/internal_message.html?_=1672195124543&CODE_STATE=getMsg HTTP/1.1" 200 27
222.70.177.10 - - [28/Dec/2022:10:34:45 +0800] "GET /xingrg/all/function/internal_message.html?_=1672194981253&CODE_STATE=getMsg HTTP/1.1" 200 27
222.70.177.10 - - [28/Dec/2022:10:34:45 +0800] "GET /xingrg/check_reg.html?_=1672194981256 HTTP/1.1" 200 22
222.70.177.10 - - [28/Dec/2022:10:34:46 +0800] "GET /xingrg/kc/buy/cgsh_order_operate.html?command=get_materiel&rest_code=00111&code=00101007061&supplier_code=00100037&order_time=2022-12-28 HTTP/1.1" 200 409
116.230.105.139 - - [28/Dec/2022:10:34:48 +0800] "GET /xingrg/all/function/internal_message.html?_=1672194867016&CODE_STATE=getMsg HTTP/1.1" 200 27
116.238.139.35 - - [28/Dec/2022:10:34:49 +0800] "GET /xingrg/all/function/internal_message.html?_=1672194825076&CODE_STATE=getMsg HTTP/1.1" 200 27
116.230.105.139 - - [28/Dec/2022:10:34:50 +0800] "GET /xingrg/kc/buy/cgsh_order_add.html HTTP/1.1" 200 69866
116.230.105.139 - - [28/Dec/2022:10:34:50 +0800] "GET /xingrg/words/20221227181702_words.js HTTP/1.1" 304 -
116.230.105.139 - - [28/Dec/2022:10:34:50 +0800] "POST /xingrg/kc/buy/cgsh_order_operate.html HTTP/1.1" 200 8245
116.230.105.139 - - [28/Dec/2022:10:34:50 +0800] "GET /xingrg/javascript/easyui/themes/default/validatebox.css HTTP/1.1" 404 1104
58.221.95.50 - - [28/Dec/2022:10:34:53 +0800] "GET /xingrg/all/function/internal_message.html?_=1672194905036&CODE_STATE=getMsg HTTP/1.1" 200 27
180.169.147.146 - - [28/Dec/2022:10:34:55 +0800] "GET /xingrg/all/function/internal_message.html?_=1672194903559&CODE_STATE=getMsg HTTP/1.1" 200 27
222.70.177.10 - - [28/Dec/2022:10:35:02 +0800] "GET /xingrg/kc/buy/cgsh_order_operate.html?command=get_materiel&rest_code=00111&code=00101008213&supplier_code=00100037&order_time=2022-12-28 HTTP/1.1" 200 427
116.238.139.35 - - [28/Dec/2022:10:35:05 +0800] "POST /xingrg/services/DataTransmitService HTTP/1.1" 200 524
120.253.135.82 - - [28/Dec/2022:10:35:07 +0800] "GET /xingrg/all/function/internal_message.html?_=1672194379569&CODE_STATE=getMsg HTTP/1.1" 302 -
116.230.105.139 - - [28/Dec/2022:10:35:09 +0800] "GET /xingrg/kc/buy/cgsh_order_operate.html?command=get_materiel&rest_code=00155&code=00101010310&supplier_code=00100314&order_time=2022-12-28 HTTP/1.1" 200 423
222.69.192.184 - - [28/Dec/2022:10:35:10 +0800] "GET /xingrg/check_reg.html?_=1672194922097 HTTP/1.1" 200 22
58.40.7.146 - - [28/Dec/2022:10:35:12 +0800] "GET /xingrg/all/function/internal_message.html?_=1672194923315&CODE_STATE=getMsg HTTP/1.1" 302 -
222.69.192.184 - - [28/Dec/2022:10:35:23 +0800] "GET /xingrg/all/function/internal_message.html?_=1672194934395&CODE_STATE=getMsg HTTP/1.1" 200 27
222.70.177.10 - - [28/Dec/2022:10:35:24 +0800] "GET /xingrg/all/function/internal_message.html?_=1672195020406&CODE_STATE=getMsg HTTP/1.1" 200 27
114.84.38.109 - - [28/Dec/2022:10:35:38 +0800] "GET /xingrg/all/function/internal_message.html?_=1672194959202&CODE_STATE=getMsg HTTP/1.1" 200 27
222.70.177.10 - - [28/Dec/2022:10:35:40 +0800] "GET /xingrg/all/function/internal_message.html?_=1672194950660&CODE_STATE=getMsg HTTP/1.1" 200 27
124.79.245.154 - - [28/Dec/2022:10:35:42 +0800] "GET /xingrg/all/function/internal_message.html?_=1672195184541&CODE_STATE=getMsg HTTP/1.1" 200 27
222.70.177.10 - - [28/Dec/2022:10:35:45 +0800] "GET /xingrg/all/function/internal_message.html?_=1672195041247&CODE_STATE=getMsg HTTP/1.1" 200 27
116.230.105.139 - - [28/Dec/2022:10:35:47 +0800] "GET /xingrg/kc/buy/cgsh_order_operate.html?command=get_materiel&rest_code=00155&code=00102026001&supplier_code=00100314&order_time=2022-12-28 HTTP/1.1" 200 409
116.230.105.139 - - [28/Dec/2022:10:35:48 +0800] "GET /xingrg/all/function/internal_message.html?_=1672194926998&CODE_STATE=getMsg HTTP/1.1" 200 27
116.238.139.35 - - [28/Dec/2022:10:35:49 +0800] "GET /xingrg/all/function/internal_message.html?_=1672194885077&CODE_STATE=getMsg HTTP/1.1" 200 27
58.221.95.50 - - [28/Dec/2022:10:35:53 +0800] "GET /xingrg/all/function/internal_message.html?_=1672194965027&CODE_STATE=getMsg HTTP/1.1" 200 27
116.230.105.139 - - [28/Dec/2022:10:35:54 +0800] "POST /xingrg/kc/buy/cgsh_order_operate.html HTTP/1.1" 200 37
180.169.147.146 - - [28/Dec/2022:10:35:55 +0800] "GET /xingrg/all/function/internal_message.html?_=1672194963560&CODE_STATE=getMsg HTTP/1.1" 200 27
180.169.147.146 - - [28/Dec/2022:10:35:55 +0800] "GET /xingrg/check_reg.html?_=1672194963562 HTTP/1.1" 200 22
116.230.105.139 - - [28/Dec/2022:10:35:56 +0800] "POST /xingrg/kc/buy/cgsh_order_operate.html HTTP/1.1" 200 3254
116.230.105.139 - - [28/Dec/2022:10:35:57 +0800] "GET /xingrg/kc/print/load_data.html?order_code=212022122805633&kc_code=cgsh&condition= HTTP/1.1" 200 909
120.253.135.82 - - [28/Dec/2022:10:36:07 +0800] "GET /xingrg/all/function/internal_message.html?_=1672194439552&CODE_STATE=getMsg HTTP/1.1" 302 -
116.230.105.139 - - [28/Dec/2022:10:36:09 +0800] "GET /xingrg/kc/buy/cgsh_order_add.html HTTP/1.1" 200 69866
116.230.105.139 - - [28/Dec/2022:10:36:09 +0800] "POST /xingrg/kc/buy/cgsh_order_operate.html HTTP/1.1" 200 8245
116.230.105.139 - - [28/Dec/2022:10:36:09 +0800] "GET /xingrg/javascript/easyui/themes/default/validatebox.css HTTP/1.1" 404 1104
58.40.7.146 - - [28/Dec/2022:10:36:12 +0800] "GET /xingrg/all/function/internal_message.html?_=1672194983289&CODE_STATE=getMsg HTTP/1.1" 302 -
116.230.105.139 - - [28/Dec/2022:10:36:15 +0800] "GET /xingrg/kc/buy/cgsh_order_operate.html?command=get_materiel&rest_code=00155&code=00101004051&supplier_code=00100312&order_time=2022-12-28 HTTP/1.1" 200 408
58.40.7.146 - - [28/Dec/2022:10:36:16 +0800] "GET /xingrg/check_reg.html?_=1672194987228 HTTP/1.1" 302 -
222.69.192.184 - - [28/Dec/2022:10:36:23 +0800] "GET /xingrg/all/function/internal_message.html?_=1672194994371&CODE_STATE=getMsg HTTP/1.1" 200 27
116.230.105.139 - - [28/Dec/2022:10:36:23 +0800] "POST /xingrg/kc/buy/cgsh_order_operate.html HTTP/1.1" 200 37
222.70.177.10 - - [28/Dec/2022:10:36:24 +0800] "GET /xingrg/all/function/internal_message.html?_=1672195080416&CODE_STATE=getMsg HTTP/1.1" 200 27
116.230.105.139 - - [28/Dec/2022:10:36:25 +0800] "POST /xingrg/kc/buy/cgsh_order_operate.html HTTP/1.1" 200 2656
116.230.105.139 - - [28/Dec/2022:10:36:28 +0800] "GET /xingrg/kc/print/load_data.html?order_code=212022122805634&kc_code=cgsh&condition= HTTP/1.1" 200 684
116.230.105.139 - - [28/Dec/2022:10:36:35 +0800] "GET /xingrg/kc/buy/cgsh_order_add.html HTTP/1.1" 200 69866
116.230.105.139 - - [28/Dec/2022:10:36:35 +0800] "POST /xingrg/kc/buy/cgsh_order_operate.html HTTP/1.1" 200 8245
116.230.105.139 - - [28/Dec/2022:10:36:35 +0800] "GET /xingrg/javascript/easyui/themes/default/validatebox.css HTTP/1.1" 404 1104
114.84.38.109 - - [28/Dec/2022:10:36:38 +0800] "GET /xingrg/all/function/internal_message.html?_=1672195019403&CODE_STATE=getMsg HTTP/1.1" 200 27
222.70.177.10 - - [28/Dec/2022:10:36:40 +0800] "GET /xingrg/check_reg.html?_=1672195010673 HTTP/1.1" 200 22
222.70.177.10 - - [28/Dec/2022:10:36:40 +0800] "GET /xingrg/all/function/internal_message.html?_=1672195010668&CODE_STATE=getMsg HTTP/1.1" 200 27
124.79.245.154 - - [28/Dec/2022:10:36:42 +0800] "GET /xingrg/all/function/internal_message.html?_=1672195244539&CODE_STATE=getMsg HTTP/1.1" 200 27
124.79.245.154 - - [28/Dec/2022:10:36:42 +0800] "GET /xingrg/check_reg.html?_=1672195244541 HTTP/1.1" 200 22
116.230.105.139 - - [28/Dec/2022:10:36:42 +0800] "GET /xingrg/kc/buy/cgsh_order_operate.html?command=get_materiel&rest_code=00155&code=00101001037&supplier_code=00100090&order_time=2022-12-28 HTTP/1.1" 200 418
222.70.177.10 - - [28/Dec/2022:10:36:45 +0800] "GET /xingrg/all/function/internal_message.html?_=1672195101251&CODE_STATE=getMsg HTTP/1.1" 200 27
116.230.105.139 - - [28/Dec/2022:10:36:48 +0800] "GET /xingrg/all/function/internal_message.html?_=1672194986990&CODE_STATE=getMsg HTTP/1.1" 200 27
222.70.177.10 - - [28/Dec/2022:10:36:49 +0800] "GET /xingrg/kc/buy/cgsh_order_operate.html?command=get_materiel&rest_code=00111&code=00101006065&supplier_code=00100037&order_time=2022-12-28 HTTP/1.1" 200 409
116.238.139.35 - - [28/Dec/2022:10:36:49 +0800] "GET /xingrg/check_reg.html?_=1672194944558 HTTP/1.1" 200 22
116.238.139.35 - - [28/Dec/2022:10:36:49 +0800] "GET /xingrg/all/function/internal_message.html?_=1672194945091&CODE_STATE=getMsg HTTP/1.1" 200 27
58.221.95.50 - - [28/Dec/2022:10:36:53 +0800] "GET /xingrg/all/function/internal_message.html?_=1672195025034&CODE_STATE=getMsg HTTP/1.1" 200 27
180.169.147.146 - - [28/Dec/2022:10:36:55 +0800] "GET /xingrg/all/function/internal_message.html?_=1672195023560&CODE_STATE=getMsg HTTP/1.1" 200 27
116.230.105.139 - - [28/Dec/2022:10:36:55 +0800] "POST /xingrg/kc/buy/cgsh_order_operate.html HTTP/1.1" 200 37
116.230.105.139 - - [28/Dec/2022:10:36:56 +0800] "POST /xingrg/kc/buy/cgsh_order_operate.html HTTP/1.1" 200 2665
116.230.105.139 - - [28/Dec/2022:10:36:57 +0800] "GET /xingrg/kc/print/load_data.html?order_code=212022122805635&kc_code=cgsh&condition= HTTP/1.1" 200 754
116.230.105.139 - - [28/Dec/2022:10:37:01 +0800] "GET /xingrg/kc/buy/cgsh_order_add.html HTTP/1.1" 200 69866
116.230.105.139 - - [28/Dec/2022:10:37:02 +0800] "POST /xingrg/kc/buy/cgsh_order_operate.html HTTP/1.1" 200 8245
116.230.105.139 - - [28/Dec/2022:10:37:02 +0800] "GET /xingrg/javascript/easyui/themes/default/validatebox.css HTTP/1.1" 404 1104
222.70.177.10 - - [28/Dec/2022:10:37:03 +0800] "GET /xingrg/kc/buy/cgsh_order_operate.html?command=get_materiel&rest_code=00111&code=00101007075&supplier_code=00100037&order_time=2022-12-28 HTTP/1.1" 200 409
120.253.135.82 - - [28/Dec/2022:10:37:07 +0800] "GET /xingrg/all/function/internal_message.html?_=1672194499507&CODE_STATE=getMsg HTTP/1.1" 302 -
120.253.135.82 - - [28/Dec/2022:10:37:07 +0800] "GET /xingrg/check_reg.html?_=1672194499756 HTTP/1.1" 302 -
116.230.105.139 - - [28/Dec/2022:10:37:09 +0800] "GET /xingrg/kc/buy/cgsh_order_operate.html?command=get_materiel&rest_code=00155&code=00101004034&supplier_code=00100085&order_time=2022-12-28 HTTP/1.1" 200 418
222.69.192.184 - - [28/Dec/2022:10:37:09 +0800] "GET /xingrg/kc/base/wldb_order_add.html HTTP/1.1" 200 30384
222.69.192.184 - - [28/Dec/2022:10:37:10 +0800] "POST /xingrg/kc/base/wldb_order_operate.html HTTP/1.1" 200 6806
222.69.192.184 - - [28/Dec/2022:10:37:10 +0800] "GET /xingrg/javascript/easyui/themes/default/validatebox.css HTTP/1.1" 404 1104
58.40.7.146 - - [28/Dec/2022:10:37:12 +0800] "GET /xingrg/all/function/internal_message.html?_=1672195043263&CODE_STATE=getMsg HTTP/1.1" 302 -
222.69.192.184 - - [28/Dec/2022:10:37:16 +0800] "GET /xingrg/kc/buy/cgsh_order_list.html HTTP/1.1" 200 54078
116.230.105.139 - - [28/Dec/2022:10:37:21 +0800] "POST /xingrg/kc/buy/cgsh_order_operate.html HTTP/1.1" 200 37
222.69.192.184 - - [28/Dec/2022:10:37:21 +0800] "POST /xingrg/kc/buy/cgsh_list_operate.html HTTP/1.1" 200 2692
116.230.105.139 - - [28/Dec/2022:10:37:22 +0800] "POST /xingrg/kc/buy/cgsh_order_operate.html HTTP/1.1" 200 2664
222.69.192.184 - - [28/Dec/2022:10:37:22 +0800] "GET /xingrg/kc/buy/cgsh_order_add.html HTTP/1.1" 200 69942
222.69.192.184 - - [28/Dec/2022:10:37:22 +0800] "POST /xingrg/kc/buy/cgsh_order_operate.html HTTP/1.1" 200 8245
222.69.192.184 - - [28/Dec/2022:10:37:22 +0800] "GET /xingrg/javascript/easyui/themes/default/validatebox.css HTTP/1.1" 404 1104
116.230.105.139 - - [28/Dec/2022:10:37:23 +0800] "GET /xingrg/kc/print/load_data.html?order_code=212022122805636&kc_code=cgsh&condition= HTTP/1.1" 200 743
222.69.192.184 - - [28/Dec/2022:10:37:23 +0800] "GET /xingrg/all/function/internal_message.html?_=1672195054355&CODE_STATE=getMsg HTTP/1.1" 200 27
222.70.177.10 - - [28/Dec/2022:10:37:24 +0800] "GET /xingrg/check_reg.html?_=1672195140416 HTTP/1.1" 200 22
222.70.177.10 - - [28/Dec/2022:10:37:24 +0800] "GET /xingrg/all/function/internal_message.html?_=1672195140418&CODE_STATE=getMsg HTTP/1.1" 200 27
114.84.38.109 - - [28/Dec/2022:10:37:38 +0800] "GET /xingrg/all/function/internal_message.html?_=1672195079419&CODE_STATE=getMsg HTTP/1.1" 200 27
222.70.177.10 - - [28/Dec/2022:10:37:40 +0800] "GET /xingrg/all/function/internal_message.html?_=1672195070667&CODE_STATE=getMsg HTTP/1.1" 200 27
124.79.245.154 - - [28/Dec/2022:10:37:42 +0800] "GET /xingrg/all/function/internal_message.html?_=1672195304539&CODE_STATE=getMsg HTTP/1.1" 200 27
222.70.177.10 - - [28/Dec/2022:10:37:45 +0800] "GET /xingrg/all/function/internal_message.html?_=1672195161266&CODE_STATE=getMsg HTTP/1.1" 200 27
116.230.105.139 - - [28/Dec/2022:10:37:48 +0800] "GET /xingrg/all/function/internal_message.html?_=1672195047002&CODE_STATE=getMsg HTTP/1.1" 200 27
116.238.139.35 - - [28/Dec/2022:10:37:49 +0800] "GET /xingrg/all/function/internal_message.html?_=1672195005105&CODE_STATE=getMsg HTTP/1.1" 200 27
58.221.95.50 - - [28/Dec/2022:10:37:53 +0800] "GET /xingrg/all/function/internal_message.html?_=1672195085049&CODE_STATE=getMsg HTTP/1.1" 200 27
58.221.95.50 - - [28/Dec/2022:10:37:53 +0800] "GET /xingrg/check_reg.html?_=1672195085049 HTTP/1.1" 200 22
180.169.147.146 - - [28/Dec/2022:10:37:55 +0800] "GET /xingrg/all/function/internal_message.html?_=1672195083560&CODE_STATE=getMsg HTTP/1.1" 200 27
180.169.147.146 - - [28/Dec/2022:10:38:06 +0800] "GET /xingrg/kc/buy/buy_main.html HTTP/1.1" 200 12412
180.169.147.146 - - [28/Dec/2022:10:38:06 +0800] "GET /xingrg/css/new_ie.css HTTP/1.1" 404 1036
180.169.147.146 - - [28/Dec/2022:10:38:07 +0800] "GET /xingrg/images/yd/bt.gif HTTP/1.1" 404 1040
120.253.135.82 - - [28/Dec/2022:10:38:07 +0800] "GET /xingrg/all/function/internal_message.html?_=1672194559475&CODE_STATE=getMsg HTTP/1.1" 302 -
180.169.147.146 - - [28/Dec/2022:10:38:07 +0800] "GET /xingrg/kc/buy/cgsh_order_list.html HTTP/1.1" 200 54339
180.169.147.146 - - [28/Dec/2022:10:38:11 +0800] "POST /xingrg/kc/buy/cgsh_list_operate.html HTTP/1.1" 200 3177
58.40.7.146 - - [28/Dec/2022:10:38:12 +0800] "GET /xingrg/all/function/internal_message.html?_=1672195103238&CODE_STATE=getMsg HTTP/1.1" 302 -
222.69.192.184 - - [28/Dec/2022:10:38:13 +0800] "GET /xingrg/kc/buy/cgsh_order_operate.html?command=get_materiel&rest_code=00105&code=00101016037&supplier_code=00100584&order_time=2022-12-28 HTTP/1.1" 200 449
222.69.192.184 - - [28/Dec/2022:10:38:15 +0800] "POST /xingrg/all/common/load_select.html HTTP/1.1" 200 25
180.169.147.146 - - [28/Dec/2022:10:38:16 +0800] "POST /xingrg/kc/buy/cgsh_list_operate.html HTTP/1.1" 200 6560
222.69.192.184 - - [28/Dec/2022:10:38:19 +0800] "GET /xingrg/kc/buy/cgsh_order_operate.html?command=get_materiel_price&rest_code=00105&code=00101016037&unit_code=00100098&supplier_code=00100584&order_time=2022-12-28 HTTP/1.1" 200 30
180.169.147.146 - - [28/Dec/2022:10:38:20 +0800] "POST /xingrg/kc/buy/cgsh_list_operate.html HTTP/1.1" 200 200
222.69.192.184 - - [28/Dec/2022:10:38:23 +0800] "GET /xingrg/all/function/internal_message.html?_=1672195114330&CODE_STATE=getMsg HTTP/1.1" 200 27
222.70.177.10 - - [28/Dec/2022:10:38:24 +0800] "GET /xingrg/all/function/internal_message.html?_=1672195200416&CODE_STATE=getMsg HTTP/1.1" 200 27
180.169.147.146 - - [28/Dec/2022:10:38:25 +0800] "POST /xingrg/kc/buy/cgsh_list_operate.html HTTP/1.1" 200 4
180.169.147.146 - - [28/Dec/2022:10:38:29 +0800] "POST /xingrg/kc/buy/cgsh_list_operate.html HTTP/1.1" 200 6535
180.169.147.146 - - [28/Dec/2022:10:38:32 +0800] "POST /xingrg/kc/buy/cgsh_list_operate.html HTTP/1.1" 200 200
222.69.192.184 - - [28/Dec/2022:10:38:36 +0800] "GET /xingrg/kc/buy/cgsh_order_operate.html?command=get_materiel&rest_code=00105&code=00101016097&supplier_code=00100584&order_time=2022-12-28 HTTP/1.1" 200 471
222.69.192.184 - - [28/Dec/2022:10:38:37 +0800] "POST /xingrg/all/common/load_select.html HTTP/1.1" 200 25
114.84.38.109 - - [28/Dec/2022:10:38:38 +0800] "GET /xingrg/all/function/internal_message.html?_=1672195139619&CODE_STATE=getMsg HTTP/1.1" 200 27
180.169.147.146 - - [28/Dec/2022:10:38:40 +0800] "POST /xingrg/kc/buy/cgsh_list_operate.html HTTP/1.1" 200 4
222.70.177.10 - - [28/Dec/2022:10:38:40 +0800] "GET /xingrg/all/function/internal_message.html?_=1672195130667&CODE_STATE=getMsg HTTP/1.1" 200 27
124.79.245.154 - - [28/Dec/2022:10:38:42 +0800] "GET /xingrg/all/function/internal_message.html?_=1672195364537&CODE_STATE=getMsg HTTP/1.1" 200 27
222.69.192.184 - - [28/Dec/2022:10:38:42 +0800] "GET /xingrg/kc/buy/cgsh_order_operate.html?command=get_materiel_price&rest_code=00105&code=00101016097&unit_code=00100163&supplier_code=00100584&order_time=2022-12-28 HTTP/1.1" 200 30
222.70.177.10 - - [28/Dec/2022:10:38:45 +0800] "GET /xingrg/all/function/internal_message.html?_=1672195221264&CODE_STATE=getMsg HTTP/1.1" 200 27
116.230.105.139 - - [28/Dec/2022:10:38:48 +0800] "GET /xingrg/all/function/internal_message.html?_=1672195107006&CODE_STATE=getMsg HTTP/1.1" 200 27
116.230.105.139 - - [28/Dec/2022:10:38:48 +0800] "GET /xingrg/check_reg.html?_=1672195107256 HTTP/1.1" 200 22
116.238.139.35 - - [28/Dec/2022:10:38:49 +0800] "GET /xingrg/all/function/internal_message.html?_=1672195065118&CODE_STATE=getMsg HTTP/1.1" 200 27
58.221.95.50 - - [28/Dec/2022:10:38:53 +0800] "GET /xingrg/all/function/internal_message.html?_=1672195145039&CODE_STATE=getMsg HTTP/1.1" 200 27
222.69.192.184 - - [28/Dec/2022:10:38:53 +0800] "GET /xingrg/kc/buy/cgsh_order_operate.html?command=get_materiel&rest_code=00105&code=00101016096&supplier_code=00100584&order_time=2022-12-28 HTTP/1.1" 200 428
101.93.222.99 - - [28/Dec/2022:10:38:55 +0800] "GET /favicon.ico HTTP/1.1" 404 -
120.253.135.82 - - [28/Dec/2022:10:39:07 +0800] "GET /xingrg/all/function/internal_message.html?_=1672194619471&CODE_STATE=getMsg HTTP/1.1" 302 -
58.40.7.146 - - [28/Dec/2022:10:39:12 +0800] "GET /xingrg/all/function/internal_message.html?_=1672195163227&CODE_STATE=getMsg HTTP/1.1" 302 -
114.84.38.109 - - [28/Dec/2022:10:39:20 +0800] "GET /xingrg/check_reg.html?_=1672195181256 HTTP/1.1" 200 22
222.69.192.184 - - [28/Dec/2022:10:39:23 +0800] "GET /xingrg/all/function/internal_message.html?_=1672195174326&CODE_STATE=getMsg HTTP/1.1" 200 27
222.70.177.10 - - [28/Dec/2022:10:39:24 +0800] "GET /xingrg/all/function/internal_message.html?_=1672195260403&CODE_STATE=getMsg HTTP/1.1" 200 27
116.238.139.35 - - [28/Dec/2022:10:39:26 +0800] "POST /xingrg/services/DataTransmitService HTTP/1.1" 200 524
116.238.139.35 - - [28/Dec/2022:10:39:27 +0800] "POST /xingrg/services/DataTransmitService HTTP/1.1" 200 501
116.238.139.35 - - [28/Dec/2022:10:39:27 +0800] "POST /xingrg/services/DataTransmitService HTTP/1.1" 200 501
116.238.139.35 - - [28/Dec/2022:10:39:27 +0800] "POST /xingrg/services/DataTransmitService HTTP/1.1" 200 501
116.238.139.35 - - [28/Dec/2022:10:39:27 +0800] "POST /xingrg/services/DataTransmitService HTTP/1.1" 200 501
116.238.139.35 - - [28/Dec/2022:10:39:28 +0800] "POST /xingrg/services/DataTransmitService HTTP/1.1" 200 501
116.238.139.35 - - [28/Dec/2022:10:39:28 +0800] "POST /xingrg/services/DataTransmitService HTTP/1.1" 200 501
116.238.139.35 - - [28/Dec/2022:10:39:28 +0800] "POST /xingrg/services/DataTransmitService HTTP/1.1" 200 412
114.84.38.109 - - [28/Dec/2022:10:39:38 +0800] "GET /xingrg/all/function/internal_message.html?_=1672195199633&CODE_STATE=getMsg HTTP/1.1" 200 27
222.70.177.10 - - [28/Dec/2022:10:39:40 +0800] "GET /xingrg/all/function/internal_message.html?_=1672195190662&CODE_STATE=getMsg HTTP/1.1" 200 27
124.79.245.154 - - [28/Dec/2022:10:39:42 +0800] "GET /xingrg/all/function/internal_message.html?_=1672195424536&CODE_STATE=getMsg HTTP/1.1" 200 27
222.70.177.10 - - [28/Dec/2022:10:39:45 +0800] "GET /xingrg/check_reg.html?_=1672195281254 HTTP/1.1" 200 22
222.70.177.10 - - [28/Dec/2022:10:39:45 +0800] "GET /xingrg/all/function/internal_message.html?_=1672195281256&CODE_STATE=getMsg HTTP/1.1" 200 27
116.230.105.139 - - [28/Dec/2022:10:39:47 +0800] "GET /xingrg/kc/buy/cgsh_order_list.html HTTP/1.1" 200 54084
116.230.105.139 - - [28/Dec/2022:10:39:48 +0800] "GET /xingrg/all/function/internal_message.html?_=1672195166990&CODE_STATE=getMsg HTTP/1.1" 200 27
180.169.147.146 - - [28/Dec/2022:10:39:49 +0800] "GET /xingrg/all/function/internal_message.html?_=1672195197679&CODE_STATE=getMsg HTTP/1.1" 200 27
116.238.139.35 - - [28/Dec/2022:10:39:49 +0800] "GET /xingrg/all/function/internal_message.html?_=1672195125150&CODE_STATE=getMsg HTTP/1.1" 200 27
116.230.105.139 - - [28/Dec/2022:10:39:49 +0800] "POST /xingrg/kc/buy/cgsh_list_operate.html HTTP/1.1" 200 3177
180.169.147.146 - - [28/Dec/2022:10:39:51 +0800] "POST /xingrg/kc/buy/cgsh_list_operate.html HTTP/1.1" 200 6574
58.221.95.50 - - [28/Dec/2022:10:39:53 +0800] "GET /xingrg/all/function/internal_message.html?_=1672195205043&CODE_STATE=getMsg HTTP/1.1" 200 27
116.230.105.139 - - [28/Dec/2022:10:40:05 +0800] "POST /xingrg/kc/buy/cgsh_list_operate.html HTTP/1.1" 200 4
120.253.135.82 - - [28/Dec/2022:10:40:07 +0800] "GET /xingrg/all/function/internal_message.html?_=1672194679441&CODE_STATE=getMsg HTTP/1.1" 302 -
116.230.105.139 - - [28/Dec/2022:10:40:09 +0800] "POST /xingrg/kc/buy/cgsh_list_operate.html HTTP/1.1" 200 986
58.40.7.146 - - [28/Dec/2022:10:40:12 +0800] "GET /xingrg/all/function/internal_message.html?_=1672195223219&CODE_STATE=getMsg HTTP/1.1" 302 -
222.69.192.184 - - [28/Dec/2022:10:40:13 +0800] "POST /xingrg/kc/buy/cgsh_order_operate.html HTTP/1.1" 200 37
222.69.192.184 - - [28/Dec/2022:10:40:22 +0800] "POST /xingrg/kc/buy/cgsh_order_operate.html HTTP/1.1" 200 3918
222.69.192.184 - - [28/Dec/2022:10:40:23 +0800] "GET /xingrg/all/function/internal_message.html?_=1672195234273&CODE_STATE=getMsg HTTP/1.1" 200 27
222.70.177.10 - - [28/Dec/2022:10:40:24 +0800] "GET /xingrg/all/function/internal_message.html?_=1672195320422&CODE_STATE=getMsg HTTP/1.1" 200 27
222.69.192.184 - - [28/Dec/2022:10:40:29 +0800] "GET /xingrg/kc/print/load_data.html?order_code=212022122805637&kc_code=cgsh&condition= HTTP/1.1" 200 1193
222.69.192.184 - - [28/Dec/2022:10:40:34 +0800] "GET /xingrg/kc/buy/cgsh_order_add.html HTTP/1.1" 200 69942
222.69.192.184 - - [28/Dec/2022:10:40:34 +0800] "POST /xingrg/kc/buy/cgsh_order_operate.html HTTP/1.1" 200 8245
222.69.192.184 - - [28/Dec/2022:10:40:34 +0800] "GET /xingrg/javascript/easyui/themes/default/validatebox.css HTTP/1.1" 404 1104
114.84.38.109 - - [28/Dec/2022:10:40:38 +0800] "GET /xingrg/all/function/internal_message.html?_=1672195259644&CODE_STATE=getMsg HTTP/1.1" 200 27
222.70.177.10 - - [28/Dec/2022:10:40:40 +0800] "GET /xingrg/all/function/internal_message.html?_=1672195250660&CODE_STATE=getMsg HTTP/1.1" 200 27
124.79.245.154 - - [28/Dec/2022:10:40:42 +0800] "GET /xingrg/all/function/internal_message.html?_=1672195484535&CODE_STATE=getMsg HTTP/1.1" 200 27
222.70.177.10 - - [28/Dec/2022:10:40:45 +0800] "GET /xingrg/all/function/internal_message.html?_=1672195341255&CODE_STATE=getMsg HTTP/1.1" 200 27
116.230.105.139 - - [28/Dec/2022:10:40:48 +0800] "GET /xingrg/all/function/internal_message.html?_=1672195227006&CODE_STATE=getMsg HTTP/1.1" 200 27
180.169.147.146 - - [28/Dec/2022:10:40:49 +0800] "GET /xingrg/all/function/internal_message.html?_=1672195257663&CODE_STATE=getMsg HTTP/1.1" 200 27
116.238.139.35 - - [28/Dec/2022:10:40:49 +0800] "GET /xingrg/all/function/internal_message.html?_=1672195185161&CODE_STATE=getMsg HTTP/1.1" 200 27
58.221.95.50 - - [28/Dec/2022:10:40:53 +0800] "GET /xingrg/all/function/internal_message.html?_=1672195265041&CODE_STATE=getMsg HTTP/1.1" 200 27
180.169.147.146 - - [28/Dec/2022:10:40:55 +0800] "GET /xingrg/check_reg.html?_=1672195263577 HTTP/1.1" 200 22
120.253.135.82 - - [28/Dec/2022:10:41:07 +0800] "GET /xingrg/all/function/internal_message.html?_=1672194739409&CODE_STATE=getMsg HTTP/1.1" 302 -
58.40.7.146 - - [28/Dec/2022:10:41:12 +0800] "GET /xingrg/all/function/internal_message.html?_=1672195283205&CODE_STATE=getMsg HTTP/1.1" 302 -
58.40.7.146 - - [28/Dec/2022:10:41:16 +0800] "GET /xingrg/check_reg.html?_=1672195287208 HTTP/1.1" 302 -
183.192.99.160 - - [28/Dec/2022:10:41:19 +0800] "GET /favicon.ico HTTP/1.1" 404 -
222.69.192.184 - - [28/Dec/2022:10:41:23 +0800] "GET /xingrg/all/function/internal_message.html?_=1672195294293&CODE_STATE=getMsg HTTP/1.1" 200 27
222.70.177.10 - - [28/Dec/2022:10:41:24 +0800] "GET /xingrg/all/function/internal_message.html?_=1672195380413&CODE_STATE=getMsg HTTP/1.1" 200 27
116.238.139.35 - - [28/Dec/2022:10:41:34 +0800] "GET /xingrg/kc/buy/cgsh_order_add.html HTTP/1.1" 200 69872
116.238.139.35 - - [28/Dec/2022:10:41:34 +0800] "POST /xingrg/kc/buy/cgsh_order_operate.html HTTP/1.1" 200 8245
116.238.139.35 - - [28/Dec/2022:10:41:34 +0800] "GET /xingrg/javascript/easyui/themes/default/validatebox.css HTTP/1.1" 404 1104
114.84.38.109 - - [28/Dec/2022:10:41:38 +0800] "GET /xingrg/all/function/internal_message.html?_=1672195319863&CODE_STATE=getMsg HTTP/1.1" 200 27
222.70.177.10 - - [28/Dec/2022:10:41:40 +0800] "GET /xingrg/check_reg.html?_=1672195310666 HTTP/1.1" 200 22
222.70.177.10 - - [28/Dec/2022:10:41:40 +0800] "GET /xingrg/all/function/internal_message.html?_=1672195310663&CODE_STATE=getMsg HTTP/1.1" 200 27
124.79.245.154 - - [28/Dec/2022:10:41:42 +0800] "GET /xingrg/all/function/internal_message.html?_=1672195544534&CODE_STATE=getMsg HTTP/1.1" 200 27
124.79.245.154 - - [28/Dec/2022:10:41:42 +0800] "GET /xingrg/check_reg.html?_=1672195544535 HTTP/1.1" 200 22
222.70.177.10 - - [28/Dec/2022:10:41:45 +0800] "GET /xingrg/all/function/internal_message.html?_=1672195401254&CODE_STATE=getMsg HTTP/1.1" 200 27
116.230.105.139 - - [28/Dec/2022:10:41:48 +0800] "GET /xingrg/all/function/internal_message.html?_=1672195287001&CODE_STATE=getMsg HTTP/1.1" 200 27
180.169.147.146 - - [28/Dec/2022:10:41:49 +0800] "GET /xingrg/all/function/internal_message.html?_=1672195317633&CODE_STATE=getMsg HTTP/1.1" 200 27
116.238.139.35 - - [28/Dec/2022:10:41:49 +0800] "GET /xingrg/check_reg.html?_=1672195244555 HTTP/1.1" 200 22
116.238.139.35 - - [28/Dec/2022:10:41:49 +0800] "GET /xingrg/all/function/internal_message.html?_=1672195245175&CODE_STATE=getMsg HTTP/1.1" 200 27
58.221.95.50 - - [28/Dec/2022:10:41:53 +0800] "GET /xingrg/all/function/internal_message.html?_=1672195325040&CODE_STATE=getMsg HTTP/1.1" 200 27
116.238.139.35 - - [28/Dec/2022:10:42:01 +0800] "GET /xingrg/kc/buy/cgsh_order_operate.html?command=get_materiel&rest_code=00150&code=00101006067&supplier_code=00100330&order_time=2022-12-28 HTTP/1.1" 200 409
120.253.135.82 - - [28/Dec/2022:10:42:07 +0800] "GET /xingrg/all/function/internal_message.html?_=1672194799377&CODE_STATE=getMsg HTTP/1.1" 302 -
120.253.135.82 - - [28/Dec/2022:10:42:07 +0800] "GET /xingrg/check_reg.html?_=1672194799751 HTTP/1.1" 302 -
116.238.139.35 - - [28/Dec/2022:10:42:10 +0800] "GET /xingrg/kc/buy/cgsh_order_operate.html?command=get_materiel&rest_code=00150&code=00101018011&supplier_code=00100330&order_time=2022-12-28 HTTP/1.1" 200 413
58.40.7.146 - - [28/Dec/2022:10:42:12 +0800] "GET /xingrg/all/function/internal_message.html?_=1672195343192&CODE_STATE=getMsg HTTP/1.1" 302 -
116.238.139.35 - - [28/Dec/2022:10:42:19 +0800] "GET /xingrg/kc/buy/cgsh_order_operate.html?command=get_materiel&rest_code=00150&code=00101018007&supplier_code=00100330&order_time=2022-12-28 HTTP/1.1" 200 409
222.70.177.10 - - [28/Dec/2022:10:42:19 +0800] "GET /xingrg/kc/buy/cgsh_order_operate.html?command=get_materiel&rest_code=00111&code=00101012029&supplier_code=00100037&order_time=2022-12-28 HTTP/1.1" 200 412
222.69.192.184 - - [28/Dec/2022:10:42:23 +0800] "GET /xingrg/all/function/internal_message.html?_=1672195354235&CODE_STATE=getMsg HTTP/1.1" 200 27
222.70.177.10 - - [28/Dec/2022:10:42:24 +0800] "GET /xingrg/all/function/internal_message.html?_=1672195440402&CODE_STATE=getMsg HTTP/1.1" 200 27
222.70.177.10 - - [28/Dec/2022:10:42:24 +0800] "GET /xingrg/check_reg.html?_=1672195440405 HTTP/1.1" 200 22
222.70.177.10 - - [28/Dec/2022:10:42:38 +0800] "GET /xingrg/kc/buy/cgsh_order_operate.html?command=get_materiel&rest_code=00111&code=00101008270&supplier_code=00100037&order_time=2022-12-28 HTTP/1.1" 200 412
114.84.38.109 - - [28/Dec/2022:10:42:38 +0800] "GET /xingrg/all/function/internal_message.html?_=1672195379874&CODE_STATE=getMsg HTTP/1.1" 200 27
114.84.38.109 - - [28/Dec/2022:10:42:39 +0800] "GET /xingrg/kc/buy/cgsh_order_list.html HTTP/1.1" 200 54084
114.84.38.109 - - [28/Dec/2022:10:42:40 +0800] "POST /xingrg/kc/buy/cgsh_list_operate.html HTTP/1.1" 200 986
222.70.177.10 - - [28/Dec/2022:10:42:40 +0800] "GET /xingrg/all/function/internal_message.html?_=1672195370668&CODE_STATE=getMsg HTTP/1.1" 200 27
124.79.245.154 - - [28/Dec/2022:10:42:42 +0800] "GET /xingrg/all/function/internal_message.html?_=1672195604533&CODE_STATE=getMsg HTTP/1.1" 200 27
116.238.139.35 - - [28/Dec/2022:10:42:44 +0800] "POST /xingrg/kc/buy/cgsh_order_operate.html HTTP/1.1" 200 37
222.70.177.10 - - [28/Dec/2022:10:42:45 +0800] "GET /xingrg/all/function/internal_message.html?_=1672195461263&CODE_STATE=getMsg HTTP/1.1" 200 27
116.230.105.139 - - [28/Dec/2022:10:42:48 +0800] "GET /xingrg/all/function/internal_message.html?_=1672195347014&CODE_STATE=getMsg HTTP/1.1" 200 27
180.169.147.146 - - [28/Dec/2022:10:42:49 +0800] "GET /xingrg/all/function/internal_message.html?_=1672195377618&CODE_STATE=getMsg HTTP/1.1" 200 27
116.238.139.35 - - [28/Dec/2022:10:42:49 +0800] "POST /xingrg/kc/buy/cgsh_order_operate.html HTTP/1.1" 200 12
58.221.95.50 - - [28/Dec/2022:10:42:53 +0800] "GET /xingrg/all/function/internal_message.html?_=1672195385041&CODE_STATE=getMsg HTTP/1.1" 200 27
58.221.95.50 - - [28/Dec/2022:10:42:53 +0800] "GET /xingrg/check_reg.html?_=1672195385043 HTTP/1.1" 200 22
116.238.139.35 - - [28/Dec/2022:10:42:54 +0800] "GET /xingrg/kc/buy/cgsh_order_info.html?code=212022122805638 HTTP/1.1" 200 64784
116.238.139.35 - - [28/Dec/2022:10:42:54 +0800] "GET /xingrg/javascript/easyui/themes/default/validatebox.css HTTP/1.1" 404 1104
116.238.139.35 - - [28/Dec/2022:10:42:55 +0800] "GET /xingrg/all/function/internal_message.html?_=1672195310477&CODE_STATE=getMsg HTTP/1.1" 200 27
116.238.139.35 - - [28/Dec/2022:10:42:55 +0800] "POST /xingrg/kc/buy/cgsh_order_operate.html HTTP/1.1" 200 1783
222.70.177.10 - - [28/Dec/2022:10:42:55 +0800] "GET /xingrg/kc/buy/cgsh_order_operate.html?command=get_materiel&rest_code=00111&code=00101008190&supplier_code=00100037&order_time=2022-12-28 HTTP/1.1" 200 412
116.238.139.35 - - [28/Dec/2022:10:42:56 +0800] "GET /xingrg/kc/print/load_data.html?order_code=212022122805638&kc_code=cgsh&condition= HTTP/1.1" 200 1186
120.253.135.82 - - [28/Dec/2022:10:43:07 +0800] "GET /xingrg/all/function/internal_message.html?_=1672194859348&CODE_STATE=getMsg HTTP/1.1" 302 -
58.40.7.146 - - [28/Dec/2022:10:43:12 +0800] "GET /xingrg/all/function/internal_message.html?_=1672195403183&CODE_STATE=getMsg HTTP/1.1" 302 -
116.238.139.35 - - [28/Dec/2022:10:43:19 +0800] "GET /xingrg/kc/buy/cgsh_order_add.html HTTP/1.1" 200 69872
116.238.139.35 - - [28/Dec/2022:10:43:20 +0800] "POST /xingrg/kc/buy/cgsh_order_operate.html HTTP/1.1" 200 8245
116.238.139.35 - - [28/Dec/2022:10:43:20 +0800] "GET /xingrg/javascript/easyui/themes/default/validatebox.css HTTP/1.1" 404 1104
222.69.192.184 - - [28/Dec/2022:10:43:23 +0800] "GET /xingrg/all/function/internal_message.html?_=1672195414215&CODE_STATE=getMsg HTTP/1.1" 200 27
222.70.177.10 - - [28/Dec/2022:10:43:24 +0800] "GET /xingrg/all/function/internal_message.html?_=1672195500418&CODE_STATE=getMsg HTTP/1.1" 200 27
116.238.139.35 - - [28/Dec/2022:10:43:34 +0800] "GET /xingrg/kc/buy/cgsh_order_operate.html?command=get_materiel&rest_code=00150&code=00101005036&supplier_code=00100334&order_time=2022-12-28 HTTP/1.1" 200 409
114.84.38.109 - - [28/Dec/2022:10:43:39 +0800] "GET /xingrg/all/function/internal_message.html?_=1672195440064&CODE_STATE=getMsg HTTP/1.1" 200 27
222.70.177.10 - - [28/Dec/2022:10:43:40 +0800] "GET /xingrg/all/function/internal_message.html?_=1672195430671&CODE_STATE=getMsg HTTP/1.1" 200 27
124.79.245.154 - - [28/Dec/2022:10:43:42 +0800] "GET /xingrg/all/function/internal_message.html?_=1672195664533&CODE_STATE=getMsg HTTP/1.1" 200 27
222.70.177.10 - - [28/Dec/2022:10:43:45 +0800] "GET /xingrg/all/function/internal_message.html?_=1672195521262&CODE_STATE=getMsg HTTP/1.1" 200 27
116.230.105.139 - - [28/Dec/2022:10:43:48 +0800] "GET /xingrg/all/function/internal_message.html?_=1672195407016&CODE_STATE=getMsg HTTP/1.1" 200 27
116.230.105.139 - - [28/Dec/2022:10:43:48 +0800] "GET /xingrg/check_reg.html?_=1672195407248 HTTP/1.1" 200 22
180.169.147.146 - - [28/Dec/2022:10:43:49 +0800] "GET /xingrg/all/function/internal_message.html?_=1672195437603&CODE_STATE=getMsg HTTP/1.1" 200 27
58.221.95.50 - - [28/Dec/2022:10:43:53 +0800] "GET /xingrg/all/function/internal_message.html?_=1672195445048&CODE_STATE=getMsg HTTP/1.1" 200 27
116.238.139.35 - - [28/Dec/2022:10:43:55 +0800] "GET /xingrg/all/function/internal_message.html?_=1672195370490&CODE_STATE=getMsg HTTP/1.1" 200 27
116.238.139.35 - - [28/Dec/2022:10:43:55 +0800] "POST /xingrg/kc/buy/cgsh_order_operate.html HTTP/1.1" 200 37
116.238.139.35 - - [28/Dec/2022:10:43:59 +0800] "POST /xingrg/kc/buy/cgsh_order_operate.html HTTP/1.1" 200 12
116.238.139.35 - - [28/Dec/2022:10:44:02 +0800] "GET /xingrg/kc/buy/cgsh_order_info.html?code=212022122805639 HTTP/1.1" 200 64782
116.238.139.35 - - [28/Dec/2022:10:44:02 +0800] "GET /xingrg/javascript/easyui/themes/default/validatebox.css HTTP/1.1" 404 1104
116.238.139.35 - - [28/Dec/2022:10:44:03 +0800] "POST /xingrg/kc/buy/cgsh_order_operate.html HTTP/1.1" 200 602
120.253.135.82 - - [28/Dec/2022:10:44:07 +0800] "GET /xingrg/all/function/internal_message.html?_=1672194919329&CODE_STATE=getMsg HTTP/1.1" 302 -
116.238.139.35 - - [28/Dec/2022:10:44:09 +0800] "GET /xingrg/kc/print/load_data.html?order_code=212022122805639&kc_code=cgsh&condition= HTTP/1.1" 200 729
58.40.7.146 - - [28/Dec/2022:10:44:12 +0800] "GET /xingrg/all/function/internal_message.html?_=1672195463162&CODE_STATE=getMsg HTTP/1.1" 302 -
116.238.139.35 - - [28/Dec/2022:10:44:14 +0800] "GET /xingrg/kc/buy/cgsh_order_add.html HTTP/1.1" 200 69872
116.238.139.35 - - [28/Dec/2022:10:44:14 +0800] "POST /xingrg/kc/buy/cgsh_order_operate.html HTTP/1.1" 200 8245
116.238.139.35 - - [28/Dec/2022:10:44:14 +0800] "GET /xingrg/javascript/easyui/themes/default/validatebox.css HTTP/1.1" 404 1104
114.84.38.109 - - [28/Dec/2022:10:44:20 +0800] "GET /xingrg/check_reg.html?_=1672195481267 HTTP/1.1" 200 22
222.69.192.184 - - [28/Dec/2022:10:44:23 +0800] "GET /xingrg/all/function/internal_message.html?_=1672195474189&CODE_STATE=getMsg HTTP/1.1" 200 27
222.70.177.10 - - [28/Dec/2022:10:44:23 +0800] "GET /xingrg/kc/buy/cgsh_order_operate.html?command=get_materiel&rest_code=00111&code=00101006109&supplier_code=00100037&order_time=2022-12-28 HTTP/1.1" 200 409
222.70.177.10 - - [28/Dec/2022:10:44:24 +0800] "GET /xingrg/all/function/internal_message.html?_=1672195560414&CODE_STATE=getMsg HTTP/1.1" 200 27
116.238.139.35 - - [28/Dec/2022:10:44:25 +0800] "GET /xingrg/kc/buy/cgsh_order_operate.html?command=get_materiel&rest_code=00150&code=00101006166&supplier_code=00100442&order_time=2022-12-28 HTTP/1.1" 200 423
114.84.38.109 - - [28/Dec/2022:10:44:39 +0800] "GET /xingrg/all/function/internal_message.html?_=1672195500074&CODE_STATE=getMsg HTTP/1.1" 200 27
222.70.177.10 - - [28/Dec/2022:10:44:40 +0800] "GET /xingrg/all/function/internal_message.html?_=1672195490662&CODE_STATE=getMsg HTTP/1.1" 200 27
124.79.245.154 - - [28/Dec/2022:10:44:42 +0800] "GET /xingrg/all/function/internal_message.html?_=1672195724532&CODE_STATE=getMsg HTTP/1.1" 200 27
222.70.177.10 - - [28/Dec/2022:10:44:45 +0800] "GET /xingrg/check_reg.html?_=1672195581249 HTTP/1.1" 200 22
222.70.177.10 - - [28/Dec/2022:10:44:45 +0800] "GET /xingrg/all/function/internal_message.html?_=1672195581252&CODE_STATE=getMsg HTTP/1.1" 200 27
116.230.105.139 - - [28/Dec/2022:10:44:48 +0800] "GET /xingrg/all/function/internal_message.html?_=1672195467006&CODE_STATE=getMsg HTTP/1.1" 200 27
180.169.147.146 - - [28/Dec/2022:10:44:49 +0800] "GET /xingrg/all/function/internal_message.html?_=1672195497573&CODE_STATE=getMsg HTTP/1.1" 200 27
116.238.139.35 - - [28/Dec/2022:10:44:51 +0800] "POST /xingrg/kc/buy/cgsh_order_operate.html HTTP/1.1" 200 37
58.221.95.50 - - [28/Dec/2022:10:44:53 +0800] "GET /xingrg/all/function/internal_message.html?_=1672195505038&CODE_STATE=getMsg HTTP/1.1" 200 27
116.238.139.35 - - [28/Dec/2022:10:44:55 +0800] "GET /xingrg/all/function/internal_message.html?_=1672195430504&CODE_STATE=getMsg HTTP/1.1" 200 27
116.238.139.35 - - [28/Dec/2022:10:44:56 +0800] "POST /xingrg/kc/buy/cgsh_order_operate.html HTTP/1.1" 200 12
116.238.139.35 - - [28/Dec/2022:10:44:59 +0800] "GET /xingrg/kc/buy/cgsh_order_info.html?code=212022122805640 HTTP/1.1" 200 64780
116.238.139.35 - - [28/Dec/2022:10:45:00 +0800] "GET /xingrg/javascript/easyui/themes/default/validatebox.css HTTP/1.1" 404 1104
116.238.139.35 - - [28/Dec/2022:10:45:00 +0800] "POST /xingrg/kc/buy/cgsh_order_operate.html HTTP/1.1" 200 617
