101.80.225.213 - - [24/Dec/2022:15:01:03 +0800] "POST /xingrg/dwr/call/plaincall/AjaxCheckService.setItemNumber.dwr HTTP/1.1" 200 77
101.80.225.213 - - [24/Dec/2022:15:01:04 +0800] "GET /xingrg/all/function/internal_message.html?_=1671865278404&CODE_STATE=getMsg HTTP/1.1" 200 27
116.230.105.139 - - [24/Dec/2022:15:01:05 +0800] "GET /xingrg/all/function/internal_message.html?_=1671865253669&CODE_STATE=getMsg HTTP/1.1" 200 27
101.80.225.213 - - [24/Dec/2022:15:01:14 +0800] "GET /xingrg/kc/base/check_order_list.html?isBack=1 HTTP/1.1" 200 16226
101.80.225.213 - - [24/Dec/2022:15:01:14 +0800] "POST /xingrg/kc/base/check_list_operate.html HTTP/1.1" 200 4555
116.238.139.35 - - [24/Dec/2022:15:01:18 +0800] "GET /xingrg/all/function/internal_message.html?_=1671865294448&CODE_STATE=getMsg HTTP/1.1" 200 27
114.84.38.109 - - [24/Dec/2022:15:01:19 +0800] "GET /xingrg/all/function/internal_message.html?_=1671865315778&CODE_STATE=getMsg HTTP/1.1" 200 27
101.80.225.213 - - [24/Dec/2022:15:01:22 +0800] "GET /xingrg/kc/base/check_order_info.html?code=452022122400046 HTTP/1.1" 200 26478
101.80.225.213 - - [24/Dec/2022:15:01:22 +0800] "GET /xingrg/dwr/interface/AjaxCheckService.js HTTP/1.1" 200 14003
101.80.225.213 - - [24/Dec/2022:15:01:22 +0800] "GET /xingrg/dwr/interface/AjaxComOrderService.js HTTP/1.1" 200 18264
101.80.225.213 - - [24/Dec/2022:15:01:22 +0800] "GET /xingrg/dwr/engine.js HTTP/1.1" 200 43631
101.80.225.213 - - [24/Dec/2022:15:01:22 +0800] "POST /xingrg/dwr/call/plaincall/AjaxCheckService.loadOrderItems.dwr HTTP/1.1" 200 108885
180.162.115.6 - - [24/Dec/2022:15:01:23 +0800] "GET /xingrg/all/function/internal_message.html?_=1671864297442&CODE_STATE=getMsg HTTP/1.1" 200 27
101.80.225.213 - - [24/Dec/2022:15:01:24 +0800] "GET /xingrg/kc/base/check_order_list.html?isBack=1 HTTP/1.1" 200 16226
101.80.225.213 - - [24/Dec/2022:15:01:24 +0800] "POST /xingrg/kc/base/check_list_operate.html HTTP/1.1" 200 4555
101.80.225.213 - - [24/Dec/2022:15:01:25 +0800] "GET /xingrg/all/function/internal_message.html?_=1671865300344&CODE_STATE=getMsg HTTP/1.1" 200 27
101.80.225.213 - - [24/Dec/2022:15:01:26 +0800] "GET /xingrg/kc/base/check_order_info.html?code=452022122400043 HTTP/1.1" 200 26478
101.80.225.213 - - [24/Dec/2022:15:01:26 +0800] "GET /xingrg/dwr/interface/AjaxCheckService.js HTTP/1.1" 200 14003
101.80.225.213 - - [24/Dec/2022:15:01:26 +0800] "GET /xingrg/dwr/interface/AjaxComOrderService.js HTTP/1.1" 200 18264
101.80.225.213 - - [24/Dec/2022:15:01:26 +0800] "GET /xingrg/dwr/engine.js HTTP/1.1" 200 43631
101.80.225.213 - - [24/Dec/2022:15:01:26 +0800] "POST /xingrg/dwr/call/plaincall/AjaxCheckService.loadOrderItems.dwr HTTP/1.1" 200 16273
58.221.95.50 - - [24/Dec/2022:15:01:32 +0800] "GET /xingrg/check_reg.html?_=1671865306350 HTTP/1.1" 302 -
114.84.171.241 - - [24/Dec/2022:15:01:33 +0800] "GET /xingrg/all/function/internal_message.html?_=1671865304490&CODE_STATE=getMsg HTTP/1.1" 200 27
124.79.245.154 - - [24/Dec/2022:15:01:45 +0800] "GET /xingrg/all/function/internal_message.html?_=1671865549589&CODE_STATE=getMsg HTTP/1.1" 200 27
222.69.192.184 - - [24/Dec/2022:15:01:50 +0800] "GET /xingrg/all/function/internal_message.html?_=1671865169724&CODE_STATE=getMsg HTTP/1.1" 200 27
222.69.192.184 - - [24/Dec/2022:15:01:53 +0800] "GET /xingrg/check_reg.html?_=1671865172634 HTTP/1.1" 200 22
101.80.225.213 - - [24/Dec/2022:15:02:04 +0800] "GET /xingrg/check_reg.html?_=1671865338398 HTTP/1.1" 200 22
101.80.225.213 - - [24/Dec/2022:15:02:04 +0800] "GET /xingrg/all/function/internal_message.html?_=1671865338401&CODE_STATE=getMsg HTTP/1.1" 200 27
116.230.105.139 - - [24/Dec/2022:15:02:05 +0800] "GET /xingrg/all/function/internal_message.html?_=1671865313661&CODE_STATE=getMsg HTTP/1.1" 200 27
116.238.139.35 - - [24/Dec/2022:15:02:18 +0800] "GET /xingrg/all/function/internal_message.html?_=1671865354418&CODE_STATE=getMsg HTTP/1.1" 200 27
114.84.38.109 - - [24/Dec/2022:15:02:19 +0800] "GET /xingrg/all/function/internal_message.html?_=1671865375792&CODE_STATE=getMsg HTTP/1.1" 200 27
180.162.115.6 - - [24/Dec/2022:15:02:23 +0800] "GET /xingrg/all/function/internal_message.html?_=1671864357442&CODE_STATE=getMsg HTTP/1.1" 200 27
101.80.225.213 - - [24/Dec/2022:15:02:25 +0800] "GET /xingrg/check_reg.html?_=1671865360326 HTTP/1.1" 200 22
101.80.225.213 - - [24/Dec/2022:15:02:25 +0800] "GET /xingrg/all/function/internal_message.html?_=1671865360329&CODE_STATE=getMsg HTTP/1.1" 200 27
114.84.171.241 - - [24/Dec/2022:15:02:33 +0800] "GET /xingrg/all/function/internal_message.html?_=1671865364491&CODE_STATE=getMsg HTTP/1.1" 200 27
101.80.225.213 - - [24/Dec/2022:15:02:45 +0800] "POST /xingrg/dwr/call/plaincall/AjaxCheckService.setItemNumber.dwr HTTP/1.1" 200 76
124.79.245.154 - - [24/Dec/2022:15:02:45 +0800] "GET /xingrg/check_reg.html?_=1671865609587 HTTP/1.1" 200 22
124.79.245.154 - - [24/Dec/2022:15:02:45 +0800] "GET /xingrg/all/function/internal_message.html?_=1671865609588&CODE_STATE=getMsg HTTP/1.1" 200 27
101.80.225.213 - - [24/Dec/2022:15:02:46 +0800] "POST /xingrg/dwr/call/plaincall/AjaxCheckService.setItemNumber.dwr HTTP/1.1" 200 76
101.80.225.213 - - [24/Dec/2022:15:02:47 +0800] "POST /xingrg/dwr/call/plaincall/AjaxCheckService.setItemNumber.dwr HTTP/1.1" 200 76
101.80.225.213 - - [24/Dec/2022:15:02:48 +0800] "POST /xingrg/dwr/call/plaincall/AjaxCheckService.setItemNumber.dwr HTTP/1.1" 200 76
222.69.192.184 - - [24/Dec/2022:15:02:50 +0800] "GET /xingrg/all/function/internal_message.html?_=1671865229703&CODE_STATE=getMsg HTTP/1.1" 200 27
101.80.225.213 - - [24/Dec/2022:15:02:51 +0800] "POST /xingrg/dwr/call/plaincall/AjaxCheckService.setItemNumber.dwr HTTP/1.1" 200 76
101.80.225.213 - - [24/Dec/2022:15:02:54 +0800] "POST /xingrg/dwr/call/plaincall/AjaxCheckService.setItemNumber.dwr HTTP/1.1" 200 76
101.80.225.213 - - [24/Dec/2022:15:03:03 +0800] "POST /xingrg/dwr/call/plaincall/AjaxCheckService.setItemNumber.dwr HTTP/1.1" 200 76
101.80.225.213 - - [24/Dec/2022:15:03:04 +0800] "GET /xingrg/all/function/internal_message.html?_=1671865398408&CODE_STATE=getMsg HTTP/1.1" 200 27
116.230.105.139 - - [24/Dec/2022:15:03:05 +0800] "GET /xingrg/all/function/internal_message.html?_=1671865373681&CODE_STATE=getMsg HTTP/1.1" 200 27
101.80.225.213 - - [24/Dec/2022:15:03:06 +0800] "POST /xingrg/dwr/call/plaincall/AjaxCheckService.setItemNumber.dwr HTTP/1.1" 200 76
101.80.225.213 - - [24/Dec/2022:15:03:06 +0800] "POST /xingrg/dwr/call/plaincall/AjaxCheckService.setItemNumber.dwr HTTP/1.1" 200 76
101.80.225.213 - - [24/Dec/2022:15:03:08 +0800] "POST /xingrg/dwr/call/plaincall/AjaxCheckService.setItemNumber.dwr HTTP/1.1" 200 77
101.80.225.213 - - [24/Dec/2022:15:03:14 +0800] "POST /xingrg/dwr/call/plaincall/AjaxCheckService.setItemNumber.dwr HTTP/1.1" 200 77
101.80.225.213 - - [24/Dec/2022:15:03:14 +0800] "POST /xingrg/dwr/call/plaincall/AjaxCheckService.setItemNumber.dwr HTTP/1.1" 200 77
101.80.225.213 - - [24/Dec/2022:15:03:14 +0800] "POST /xingrg/dwr/call/plaincall/AjaxCheckService.setItemNumber.dwr HTTP/1.1" 200 77
101.80.225.213 - - [24/Dec/2022:15:03:15 +0800] "POST /xingrg/dwr/call/plaincall/AjaxCheckService.setItemNumber.dwr HTTP/1.1" 200 77
116.238.139.35 - - [24/Dec/2022:15:03:18 +0800] "GET /xingrg/all/function/internal_message.html?_=1671865414407&CODE_STATE=getMsg HTTP/1.1" 200 27
114.84.38.109 - - [24/Dec/2022:15:03:19 +0800] "GET /xingrg/all/function/internal_message.html?_=1671865435830&CODE_STATE=getMsg HTTP/1.1" 200 27
101.80.225.213 - - [24/Dec/2022:15:03:19 +0800] "POST /xingrg/dwr/call/plaincall/AjaxCheckService.setItemNumber.dwr HTTP/1.1" 200 77
180.162.115.6 - - [24/Dec/2022:15:03:23 +0800] "GET /xingrg/all/function/internal_message.html?_=1671864417441&CODE_STATE=getMsg HTTP/1.1" 200 27
101.80.225.213 - - [24/Dec/2022:15:03:25 +0800] "GET /xingrg/all/function/internal_message.html?_=1671865420339&CODE_STATE=getMsg HTTP/1.1" 200 27
114.84.171.241 - - [24/Dec/2022:15:03:33 +0800] "GET /xingrg/all/function/internal_message.html?_=1671865424492&CODE_STATE=getMsg HTTP/1.1" 200 27
124.79.245.154 - - [24/Dec/2022:15:03:45 +0800] "GET /xingrg/all/function/internal_message.html?_=1671865669586&CODE_STATE=getMsg HTTP/1.1" 200 27
222.69.192.184 - - [24/Dec/2022:15:03:50 +0800] "GET /xingrg/all/function/internal_message.html?_=1671865289718&CODE_STATE=getMsg HTTP/1.1" 200 27
101.80.225.213 - - [24/Dec/2022:15:03:51 +0800] "POST /xingrg/dwr/call/plaincall/AjaxCheckService.setItemNumber.dwr HTTP/1.1" 200 77
101.80.225.213 - - [24/Dec/2022:15:04:04 +0800] "GET /xingrg/all/function/internal_message.html?_=1671865458406&CODE_STATE=getMsg HTTP/1.1" 200 27
116.230.105.139 - - [24/Dec/2022:15:04:05 +0800] "GET /xingrg/all/function/internal_message.html?_=1671865433674&CODE_STATE=getMsg HTTP/1.1" 200 27
116.238.139.35 - - [24/Dec/2022:15:04:18 +0800] "GET /xingrg/all/function/internal_message.html?_=1671865474392&CODE_STATE=getMsg HTTP/1.1" 200 27
114.84.38.109 - - [24/Dec/2022:15:04:19 +0800] "GET /xingrg/all/function/internal_message.html?_=1671865495834&CODE_STATE=getMsg HTTP/1.1" 200 27
180.162.115.6 - - [24/Dec/2022:15:04:23 +0800] "GET /xingrg/all/function/internal_message.html?_=1671864477444&CODE_STATE=getMsg HTTP/1.1" 200 27
180.162.115.6 - - [24/Dec/2022:15:04:23 +0800] "GET /xingrg/check_reg.html?_=1671864477441 HTTP/1.1" 200 22
101.80.225.213 - - [24/Dec/2022:15:04:25 +0800] "GET /xingrg/all/function/internal_message.html?_=1671865480331&CODE_STATE=getMsg HTTP/1.1" 200 27
101.80.225.213 - - [24/Dec/2022:15:04:30 +0800] "POST /xingrg/dwr/call/plaincall/AjaxCheckService.setItemNumber.dwr HTTP/1.1" 200 77
114.84.171.241 - - [24/Dec/2022:15:04:33 +0800] "GET /xingrg/check_reg.html?_=1671865484494 HTTP/1.1" 200 22
114.84.171.241 - - [24/Dec/2022:15:04:33 +0800] "GET /xingrg/all/function/internal_message.html?_=1671865484497&CODE_STATE=getMsg HTTP/1.1" 200 27
124.79.245.154 - - [24/Dec/2022:15:04:45 +0800] "GET /xingrg/all/function/internal_message.html?_=1671865729584&CODE_STATE=getMsg HTTP/1.1" 200 27
222.69.192.184 - - [24/Dec/2022:15:04:50 +0800] "GET /xingrg/all/function/internal_message.html?_=1671865349696&CODE_STATE=getMsg HTTP/1.1" 200 27
101.80.225.213 - - [24/Dec/2022:15:05:04 +0800] "GET /xingrg/all/function/internal_message.html?_=1671865518402&CODE_STATE=getMsg HTTP/1.1" 200 27
116.230.105.139 - - [24/Dec/2022:15:05:05 +0800] "GET /xingrg/all/function/internal_message.html?_=1671865493672&CODE_STATE=getMsg HTTP/1.1" 200 27
116.230.105.139 - - [24/Dec/2022:15:05:05 +0800] "GET /xingrg/check_reg.html?_=1671865493673 HTTP/1.1" 200 22
116.238.139.35 - - [24/Dec/2022:15:05:18 +0800] "GET /xingrg/all/function/internal_message.html?_=1671865534379&CODE_STATE=getMsg HTTP/1.1" 200 27
114.84.38.109 - - [24/Dec/2022:15:05:19 +0800] "GET /xingrg/all/function/internal_message.html?_=1671865555876&CODE_STATE=getMsg HTTP/1.1" 200 27
116.238.139.35 - - [24/Dec/2022:15:05:20 +0800] "GET /xingrg/check_reg.html?_=1671865536847 HTTP/1.1" 200 22
101.80.225.213 - - [24/Dec/2022:15:05:22 +0800] "POST /xingrg/dwr/call/plaincall/AjaxCheckService.setItemNumber.dwr HTTP/1.1" 200 77
180.162.115.6 - - [24/Dec/2022:15:05:23 +0800] "GET /xingrg/all/function/internal_message.html?_=1671864537444&CODE_STATE=getMsg HTTP/1.1" 200 27
101.80.225.213 - - [24/Dec/2022:15:05:24 +0800] "POST /xingrg/dwr/call/plaincall/AjaxCheckService.setItemNumber.dwr HTTP/1.1" 200 77
101.80.225.213 - - [24/Dec/2022:15:05:25 +0800] "GET /xingrg/all/function/internal_message.html?_=1671865540314&CODE_STATE=getMsg HTTP/1.1" 200 27
114.84.171.241 - - [24/Dec/2022:15:05:33 +0800] "GET /xingrg/all/function/internal_message.html?_=1671865544481&CODE_STATE=getMsg HTTP/1.1" 200 27
114.84.38.109 - - [24/Dec/2022:15:05:43 +0800] "GET /xingrg/check_reg.html?_=1671865580296 HTTP/1.1" 200 22
124.79.245.154 - - [24/Dec/2022:15:05:45 +0800] "GET /xingrg/all/function/internal_message.html?_=1671865789582&CODE_STATE=getMsg HTTP/1.1" 200 27
222.69.192.184 - - [24/Dec/2022:15:05:50 +0800] "GET /xingrg/all/function/internal_message.html?_=1671865409675&CODE_STATE=getMsg HTTP/1.1" 200 27
101.80.225.213 - - [24/Dec/2022:15:06:04 +0800] "GET /xingrg/all/function/internal_message.html?_=1671865578392&CODE_STATE=getMsg HTTP/1.1" 200 27
116.230.105.139 - - [24/Dec/2022:15:06:05 +0800] "GET /xingrg/all/function/internal_message.html?_=1671865553666&CODE_STATE=getMsg HTTP/1.1" 200 27
116.238.139.35 - - [24/Dec/2022:15:06:18 +0800] "GET /xingrg/all/function/internal_message.html?_=1671865594352&CODE_STATE=getMsg HTTP/1.1" 200 27
114.84.38.109 - - [24/Dec/2022:15:06:19 +0800] "GET /xingrg/all/function/internal_message.html?_=1671865615878&CODE_STATE=getMsg HTTP/1.1" 200 27
180.162.115.6 - - [24/Dec/2022:15:06:23 +0800] "GET /xingrg/all/function/internal_message.html?_=1671864597445&CODE_STATE=getMsg HTTP/1.1" 200 27
101.80.225.213 - - [24/Dec/2022:15:06:25 +0800] "GET /xingrg/all/function/internal_message.html?_=1671865600322&CODE_STATE=getMsg HTTP/1.1" 200 27
101.80.225.213 - - [24/Dec/2022:15:06:29 +0800] "POST /xingrg/dwr/call/plaincall/AjaxCheckService.setItemNumber.dwr HTTP/1.1" 200 77
58.221.95.50 - - [24/Dec/2022:15:06:32 +0800] "GET /xingrg/check_reg.html?_=1671865606333 HTTP/1.1" 302 -
114.84.171.241 - - [24/Dec/2022:15:06:33 +0800] "GET /xingrg/all/function/internal_message.html?_=1671865604506&CODE_STATE=getMsg HTTP/1.1" 200 27
101.80.225.213 - - [24/Dec/2022:15:06:33 +0800] "POST /xingrg/dwr/call/plaincall/AjaxCheckService.setItemNumber.dwr HTTP/1.1" 200 77
101.80.225.213 - - [24/Dec/2022:15:06:36 +0800] "POST /xingrg/dwr/call/plaincall/AjaxCheckService.setItemNumber.dwr HTTP/1.1" 200 77
124.79.245.154 - - [24/Dec/2022:15:06:45 +0800] "GET /xingrg/all/function/internal_message.html?_=1671865849580&CODE_STATE=getMsg HTTP/1.1" 200 27
101.80.225.213 - - [24/Dec/2022:15:06:49 +0800] "POST /xingrg/dwr/call/plaincall/AjaxCheckService.setItemNumber.dwr HTTP/1.1" 200 77
222.69.192.184 - - [24/Dec/2022:15:06:50 +0800] "GET /xingrg/all/function/internal_message.html?_=1671865469664&CODE_STATE=getMsg HTTP/1.1" 200 27
222.69.192.184 - - [24/Dec/2022:15:06:53 +0800] "GET /xingrg/check_reg.html?_=1671865472634 HTTP/1.1" 200 22
101.80.225.213 - - [24/Dec/2022:15:07:02 +0800] "POST /xingrg/dwr/call/plaincall/AjaxCheckService.setItemNumber.dwr HTTP/1.1" 200 77
101.80.225.213 - - [24/Dec/2022:15:07:04 +0800] "GET /xingrg/all/function/internal_message.html?_=1671865638421&CODE_STATE=getMsg HTTP/1.1" 200 27
101.80.225.213 - - [24/Dec/2022:15:07:04 +0800] "GET /xingrg/check_reg.html?_=1671865638423 HTTP/1.1" 200 22
116.230.105.139 - - [24/Dec/2022:15:07:05 +0800] "GET /xingrg/all/function/internal_message.html?_=1671865613678&CODE_STATE=getMsg HTTP/1.1" 200 27
116.238.139.35 - - [24/Dec/2022:15:07:18 +0800] "GET /xingrg/all/function/internal_message.html?_=1671865654337&CODE_STATE=getMsg HTTP/1.1" 200 27
114.84.38.109 - - [24/Dec/2022:15:07:19 +0800] "GET /xingrg/all/function/internal_message.html?_=1671865675892&CODE_STATE=getMsg HTTP/1.1" 200 27
180.162.115.6 - - [24/Dec/2022:15:07:23 +0800] "GET /xingrg/all/function/internal_message.html?_=1671864657444&CODE_STATE=getMsg HTTP/1.1" 200 27
101.80.225.213 - - [24/Dec/2022:15:07:25 +0800] "GET /xingrg/all/function/internal_message.html?_=1671865660335&CODE_STATE=getMsg HTTP/1.1" 200 27
101.80.225.213 - - [24/Dec/2022:15:07:25 +0800] "GET /xingrg/check_reg.html?_=1671865660338 HTTP/1.1" 200 22
116.192.124.172 - - [24/Dec/2022:15:07:28 +0800] "POST /xingrg/services/DataTransmitService HTTP/1.1" 200 524
116.192.124.172 - - [24/Dec/2022:15:07:30 +0800] "POST /xingrg/services/DataTransmitService HTTP/1.1" 200 501
116.192.124.172 - - [24/Dec/2022:15:07:30 +0800] "POST /xingrg/services/DataTransmitService HTTP/1.1" 200 501
116.192.124.172 - - [24/Dec/2022:15:07:30 +0800] "POST /xingrg/services/DataTransmitService HTTP/1.1" 200 501
116.192.124.172 - - [24/Dec/2022:15:07:30 +0800] "POST /xingrg/services/DataTransmitService HTTP/1.1" 200 501
116.192.124.172 - - [24/Dec/2022:15:07:30 +0800] "POST /xingrg/services/DataTransmitService HTTP/1.1" 200 501
116.192.124.172 - - [24/Dec/2022:15:07:31 +0800] "POST /xingrg/services/DataTransmitService HTTP/1.1" 200 501
114.84.171.241 - - [24/Dec/2022:15:07:33 +0800] "GET /xingrg/all/function/internal_message.html?_=1671865664506&CODE_STATE=getMsg HTTP/1.1" 200 27
116.192.124.172 - - [24/Dec/2022:15:07:33 +0800] "POST /xingrg/services/DataTransmitService HTTP/1.1" 200 501
116.192.124.172 - - [24/Dec/2022:15:07:33 +0800] "POST /xingrg/services/DataTransmitService HTTP/1.1" 200 501
116.192.124.172 - - [24/Dec/2022:15:07:33 +0800] "POST /xingrg/services/DataTransmitService HTTP/1.1" 200 412
101.80.225.213 - - [24/Dec/2022:15:07:38 +0800] "POST /xingrg/dwr/call/plaincall/AjaxCheckService.setItemNumber.dwr HTTP/1.1" 200 77
101.80.225.213 - - [24/Dec/2022:15:07:44 +0800] "POST /xingrg/dwr/call/plaincall/AjaxCheckService.setItemNumber.dwr HTTP/1.1" 200 77
124.79.245.154 - - [24/Dec/2022:15:07:45 +0800] "GET /xingrg/all/function/internal_message.html?_=1671865909576&CODE_STATE=getMsg HTTP/1.1" 200 27
124.79.245.154 - - [24/Dec/2022:15:07:45 +0800] "GET /xingrg/check_reg.html?_=1671865909577 HTTP/1.1" 200 22
101.80.225.213 - - [24/Dec/2022:15:07:46 +0800] "POST /xingrg/dwr/call/plaincall/AjaxCheckService.setItemNumber.dwr HTTP/1.1" 200 77
101.80.225.213 - - [24/Dec/2022:15:07:46 +0800] "POST /xingrg/dwr/call/plaincall/AjaxCheckService.setItemNumber.dwr HTTP/1.1" 200 77
101.80.225.213 - - [24/Dec/2022:15:07:50 +0800] "GET /xingrg/kc/base/check_order_list.html?isBack=1 HTTP/1.1" 200 16226
222.69.192.184 - - [24/Dec/2022:15:07:50 +0800] "GET /xingrg/all/function/internal_message.html?_=1671865529643&CODE_STATE=getMsg HTTP/1.1" 200 27
101.80.225.213 - - [24/Dec/2022:15:07:50 +0800] "POST /xingrg/kc/base/check_list_operate.html HTTP/1.1" 200 4555
101.80.225.213 - - [24/Dec/2022:15:07:56 +0800] "GET /xingrg/kc/base/check_order_info.html?code=452022122400044 HTTP/1.1" 200 26478
101.80.225.213 - - [24/Dec/2022:15:07:56 +0800] "GET /xingrg/dwr/interface/AjaxComOrderService.js HTTP/1.1" 200 18264
101.80.225.213 - - [24/Dec/2022:15:07:56 +0800] "GET /xingrg/dwr/interface/AjaxCheckService.js HTTP/1.1" 200 14003
101.80.225.213 - - [24/Dec/2022:15:07:56 +0800] "GET /xingrg/dwr/engine.js HTTP/1.1" 200 43631
101.80.225.213 - - [24/Dec/2022:15:07:57 +0800] "POST /xingrg/dwr/call/plaincall/AjaxCheckService.loadOrderItems.dwr HTTP/1.1" 200 196189
101.80.225.213 - - [24/Dec/2022:15:08:00 +0800] "POST /xingrg/dwr/call/plaincall/AjaxCheckService.setItemNumber.dwr HTTP/1.1" 200 76
101.80.225.213 - - [24/Dec/2022:15:08:00 +0800] "POST /xingrg/dwr/call/plaincall/AjaxCheckService.setItemNumber.dwr HTTP/1.1" 200 76
101.80.225.213 - - [24/Dec/2022:15:08:01 +0800] "POST /xingrg/dwr/call/plaincall/AjaxCheckService.setItemNumber.dwr HTTP/1.1" 200 76
101.80.225.213 - - [24/Dec/2022:15:08:02 +0800] "POST /xingrg/dwr/call/plaincall/AjaxCheckService.setItemNumber.dwr HTTP/1.1" 200 76
101.80.225.213 - - [24/Dec/2022:15:08:02 +0800] "POST /xingrg/dwr/call/plaincall/AjaxCheckService.setItemNumber.dwr HTTP/1.1" 200 76
101.80.225.213 - - [24/Dec/2022:15:08:03 +0800] "POST /xingrg/dwr/call/plaincall/AjaxCheckService.setItemNumber.dwr HTTP/1.1" 200 76
101.80.225.213 - - [24/Dec/2022:15:08:04 +0800] "POST /xingrg/dwr/call/plaincall/AjaxCheckService.setItemNumber.dwr HTTP/1.1" 200 76
101.80.225.213 - - [24/Dec/2022:15:08:04 +0800] "GET /xingrg/all/function/internal_message.html?_=1671865698435&CODE_STATE=getMsg HTTP/1.1" 200 27
101.80.225.213 - - [24/Dec/2022:15:08:04 +0800] "POST /xingrg/dwr/call/plaincall/AjaxCheckService.setItemNumber.dwr HTTP/1.1" 200 76
101.80.225.213 - - [24/Dec/2022:15:08:05 +0800] "POST /xingrg/dwr/call/plaincall/AjaxCheckService.setItemNumber.dwr HTTP/1.1" 200 76
116.230.105.139 - - [24/Dec/2022:15:08:05 +0800] "GET /xingrg/all/function/internal_message.html?_=1671865673670&CODE_STATE=getMsg HTTP/1.1" 200 27
101.80.225.213 - - [24/Dec/2022:15:08:05 +0800] "POST /xingrg/dwr/call/plaincall/AjaxCheckService.setItemNumber.dwr HTTP/1.1" 200 77
101.80.225.213 - - [24/Dec/2022:15:08:06 +0800] "POST /xingrg/dwr/call/plaincall/AjaxCheckService.setItemNumber.dwr HTTP/1.1" 200 77
114.83.222.182 - - [24/Dec/2022:15:08:07 +0800] "GET /favicon.ico HTTP/1.1" 404 -
101.80.225.213 - - [24/Dec/2022:15:08:07 +0800] "POST /xingrg/dwr/call/plaincall/AjaxCheckService.setItemNumber.dwr HTTP/1.1" 200 77
101.80.225.213 - - [24/Dec/2022:15:08:07 +0800] "POST /xingrg/dwr/call/plaincall/AjaxCheckService.setItemNumber.dwr HTTP/1.1" 200 77
101.80.225.213 - - [24/Dec/2022:15:08:08 +0800] "POST /xingrg/dwr/call/plaincall/AjaxCheckService.setItemNumber.dwr HTTP/1.1" 200 77
101.80.225.213 - - [24/Dec/2022:15:08:08 +0800] "POST /xingrg/dwr/call/plaincall/AjaxCheckService.setItemNumber.dwr HTTP/1.1" 200 77
101.80.225.213 - - [24/Dec/2022:15:08:09 +0800] "POST /xingrg/dwr/call/plaincall/AjaxCheckService.setItemNumber.dwr HTTP/1.1" 200 77
101.80.225.213 - - [24/Dec/2022:15:08:09 +0800] "POST /xingrg/dwr/call/plaincall/AjaxCheckService.setItemNumber.dwr HTTP/1.1" 200 77
101.80.225.213 - - [24/Dec/2022:15:08:10 +0800] "POST /xingrg/dwr/call/plaincall/AjaxCheckService.setItemNumber.dwr HTTP/1.1" 200 77
101.80.225.213 - - [24/Dec/2022:15:08:10 +0800] "POST /xingrg/dwr/call/plaincall/AjaxCheckService.setItemNumber.dwr HTTP/1.1" 200 77
101.80.225.213 - - [24/Dec/2022:15:08:10 +0800] "POST /xingrg/dwr/call/plaincall/AjaxCheckService.setItemNumber.dwr HTTP/1.1" 200 77
101.80.225.213 - - [24/Dec/2022:15:08:11 +0800] "POST /xingrg/dwr/call/plaincall/AjaxCheckService.setItemNumber.dwr HTTP/1.1" 200 77
101.80.225.213 - - [24/Dec/2022:15:08:12 +0800] "POST /xingrg/dwr/call/plaincall/AjaxCheckService.setItemNumber.dwr HTTP/1.1" 200 77
101.80.225.213 - - [24/Dec/2022:15:08:12 +0800] "POST /xingrg/dwr/call/plaincall/AjaxCheckService.setItemNumber.dwr HTTP/1.1" 200 77
101.80.225.213 - - [24/Dec/2022:15:08:13 +0800] "POST /xingrg/dwr/call/plaincall/AjaxCheckService.setItemNumber.dwr HTTP/1.1" 200 77
101.80.225.213 - - [24/Dec/2022:15:08:13 +0800] "POST /xingrg/dwr/call/plaincall/AjaxCheckService.setItemNumber.dwr HTTP/1.1" 200 77
101.80.225.213 - - [24/Dec/2022:15:08:13 +0800] "POST /xingrg/dwr/call/plaincall/AjaxCheckService.setItemNumber.dwr HTTP/1.1" 200 77
101.80.225.213 - - [24/Dec/2022:15:08:14 +0800] "POST /xingrg/dwr/call/plaincall/AjaxCheckService.setItemNumber.dwr HTTP/1.1" 200 77
101.80.225.213 - - [24/Dec/2022:15:08:15 +0800] "POST /xingrg/dwr/call/plaincall/AjaxCheckService.setItemNumber.dwr HTTP/1.1" 200 77
101.80.225.213 - - [24/Dec/2022:15:08:15 +0800] "POST /xingrg/dwr/call/plaincall/AjaxCheckService.setItemNumber.dwr HTTP/1.1" 200 77
101.80.225.213 - - [24/Dec/2022:15:08:16 +0800] "POST /xingrg/dwr/call/plaincall/AjaxCheckService.setItemNumber.dwr HTTP/1.1" 200 77
101.80.225.213 - - [24/Dec/2022:15:08:16 +0800] "POST /xingrg/dwr/call/plaincall/AjaxCheckService.setItemNumber.dwr HTTP/1.1" 200 77
101.80.225.213 - - [24/Dec/2022:15:08:17 +0800] "POST /xingrg/dwr/call/plaincall/AjaxCheckService.setItemNumber.dwr HTTP/1.1" 200 77
101.80.225.213 - - [24/Dec/2022:15:08:17 +0800] "POST /xingrg/dwr/call/plaincall/AjaxCheckService.setItemNumber.dwr HTTP/1.1" 200 77
101.80.225.213 - - [24/Dec/2022:15:08:17 +0800] "POST /xingrg/dwr/call/plaincall/AjaxCheckService.setItemNumber.dwr HTTP/1.1" 200 77
116.238.139.35 - - [24/Dec/2022:15:08:18 +0800] "GET /xingrg/all/function/internal_message.html?_=1671865714329&CODE_STATE=getMsg HTTP/1.1" 200 27
101.80.225.213 - - [24/Dec/2022:15:08:18 +0800] "POST /xingrg/dwr/call/plaincall/AjaxCheckService.setItemNumber.dwr HTTP/1.1" 200 77
101.80.225.213 - - [24/Dec/2022:15:08:19 +0800] "POST /xingrg/dwr/call/plaincall/AjaxCheckService.setItemNumber.dwr HTTP/1.1" 200 77
114.84.38.109 - - [24/Dec/2022:15:08:19 +0800] "GET /xingrg/all/function/internal_message.html?_=1671865735932&CODE_STATE=getMsg HTTP/1.1" 200 27
101.80.225.213 - - [24/Dec/2022:15:08:20 +0800] "POST /xingrg/dwr/call/plaincall/AjaxCheckService.setItemNumber.dwr HTTP/1.1" 200 77
101.80.225.213 - - [24/Dec/2022:15:08:21 +0800] "POST /xingrg/dwr/call/plaincall/AjaxCheckService.setItemNumber.dwr HTTP/1.1" 200 77
101.80.225.213 - - [24/Dec/2022:15:08:21 +0800] "POST /xingrg/dwr/call/plaincall/AjaxCheckService.setItemNumber.dwr HTTP/1.1" 200 77
101.80.225.213 - - [24/Dec/2022:15:08:22 +0800] "POST /xingrg/dwr/call/plaincall/AjaxCheckService.setItemNumber.dwr HTTP/1.1" 200 77
101.80.225.213 - - [24/Dec/2022:15:08:22 +0800] "POST /xingrg/dwr/call/plaincall/AjaxCheckService.setItemNumber.dwr HTTP/1.1" 200 77
101.80.225.213 - - [24/Dec/2022:15:08:23 +0800] "POST /xingrg/dwr/call/plaincall/AjaxCheckService.setItemNumber.dwr HTTP/1.1" 200 77
180.162.115.6 - - [24/Dec/2022:15:08:23 +0800] "GET /xingrg/all/function/internal_message.html?_=1671864717445&CODE_STATE=getMsg HTTP/1.1" 200 27
101.80.225.213 - - [24/Dec/2022:15:08:23 +0800] "POST /xingrg/dwr/call/plaincall/AjaxCheckService.setItemNumber.dwr HTTP/1.1" 200 77
101.80.225.213 - - [24/Dec/2022:15:08:24 +0800] "POST /xingrg/dwr/call/plaincall/AjaxCheckService.setItemNumber.dwr HTTP/1.1" 200 77
101.80.225.213 - - [24/Dec/2022:15:08:24 +0800] "POST /xingrg/dwr/call/plaincall/AjaxCheckService.setItemNumber.dwr HTTP/1.1" 200 77
101.80.225.213 - - [24/Dec/2022:15:08:25 +0800] "POST /xingrg/dwr/call/plaincall/AjaxCheckService.setItemNumber.dwr HTTP/1.1" 200 77
101.80.225.213 - - [24/Dec/2022:15:08:25 +0800] "POST /xingrg/dwr/call/plaincall/AjaxCheckService.setItemNumber.dwr HTTP/1.1" 200 77
101.80.225.213 - - [24/Dec/2022:15:08:26 +0800] "GET /xingrg/all/function/internal_message.html?_=1671865720567&CODE_STATE=getMsg HTTP/1.1" 200 27
101.80.225.213 - - [24/Dec/2022:15:08:26 +0800] "POST /xingrg/dwr/call/plaincall/AjaxCheckService.setItemNumber.dwr HTTP/1.1" 200 77
101.80.225.213 - - [24/Dec/2022:15:08:26 +0800] "POST /xingrg/dwr/call/plaincall/AjaxCheckService.setItemNumber.dwr HTTP/1.1" 200 77
101.80.225.213 - - [24/Dec/2022:15:08:27 +0800] "POST /xingrg/dwr/call/plaincall/AjaxCheckService.setItemNumber.dwr HTTP/1.1" 200 77
101.80.225.213 - - [24/Dec/2022:15:08:27 +0800] "POST /xingrg/dwr/call/plaincall/AjaxCheckService.setItemNumber.dwr HTTP/1.1" 200 77
101.80.225.213 - - [24/Dec/2022:15:08:28 +0800] "POST /xingrg/dwr/call/plaincall/AjaxCheckService.setItemNumber.dwr HTTP/1.1" 200 77
101.80.225.213 - - [24/Dec/2022:15:08:30 +0800] "POST /xingrg/dwr/call/plaincall/AjaxCheckService.setItemNumber.dwr HTTP/1.1" 200 77
101.80.225.213 - - [24/Dec/2022:15:08:30 +0800] "POST /xingrg/dwr/call/plaincall/AjaxCheckService.setItemNumber.dwr HTTP/1.1" 200 77
114.84.171.241 - - [24/Dec/2022:15:08:33 +0800] "GET /xingrg/all/function/internal_message.html?_=1671865724506&CODE_STATE=getMsg HTTP/1.1" 200 27
116.238.139.35 - - [24/Dec/2022:15:08:34 +0800] "POST /xingrg/services/DataTransmitService HTTP/1.1" 200 524
116.238.139.35 - - [24/Dec/2022:15:08:34 +0800] "POST /xingrg/services/DataTransmitService HTTP/1.1" 200 501
101.80.225.213 - - [24/Dec/2022:15:08:35 +0800] "POST /xingrg/dwr/call/plaincall/AjaxCheckService.setItemNumber.dwr HTTP/1.1" 200 77
101.80.225.213 - - [24/Dec/2022:15:08:35 +0800] "POST /xingrg/dwr/call/plaincall/AjaxCheckService.setItemNumber.dwr HTTP/1.1" 200 77
101.80.225.213 - - [24/Dec/2022:15:08:36 +0800] "POST /xingrg/dwr/call/plaincall/AjaxCheckService.setItemNumber.dwr HTTP/1.1" 200 77
101.80.225.213 - - [24/Dec/2022:15:08:36 +0800] "POST /xingrg/dwr/call/plaincall/AjaxCheckService.setItemNumber.dwr HTTP/1.1" 200 77
101.80.225.213 - - [24/Dec/2022:15:08:37 +0800] "POST /xingrg/dwr/call/plaincall/AjaxCheckService.setItemNumber.dwr HTTP/1.1" 200 77
101.80.225.213 - - [24/Dec/2022:15:08:37 +0800] "POST /xingrg/dwr/call/plaincall/AjaxCheckService.setItemNumber.dwr HTTP/1.1" 200 77
101.80.225.213 - - [24/Dec/2022:15:08:37 +0800] "POST /xingrg/dwr/call/plaincall/AjaxCheckService.setItemNumber.dwr HTTP/1.1" 200 77
101.80.225.213 - - [24/Dec/2022:15:08:38 +0800] "POST /xingrg/dwr/call/plaincall/AjaxCheckService.setItemNumber.dwr HTTP/1.1" 200 77
101.80.225.213 - - [24/Dec/2022:15:08:38 +0800] "POST /xingrg/dwr/call/plaincall/AjaxCheckService.setItemNumber.dwr HTTP/1.1" 200 77
101.80.225.213 - - [24/Dec/2022:15:08:39 +0800] "POST /xingrg/dwr/call/plaincall/AjaxCheckService.setItemNumber.dwr HTTP/1.1" 200 77
101.80.225.213 - - [24/Dec/2022:15:08:39 +0800] "POST /xingrg/dwr/call/plaincall/AjaxCheckService.setItemNumber.dwr HTTP/1.1" 200 77
101.80.225.213 - - [24/Dec/2022:15:08:39 +0800] "POST /xingrg/dwr/call/plaincall/AjaxCheckService.setItemNumber.dwr HTTP/1.1" 200 77
101.80.225.213 - - [24/Dec/2022:15:08:40 +0800] "POST /xingrg/dwr/call/plaincall/AjaxCheckService.setItemNumber.dwr HTTP/1.1" 200 77
114.83.222.182 - - [24/Dec/2022:15:08:40 +0800] "GET /xingrg/login.html HTTP/1.1" 200 7641
101.80.225.213 - - [24/Dec/2022:15:08:40 +0800] "POST /xingrg/dwr/call/plaincall/AjaxCheckService.setItemNumber.dwr HTTP/1.1" 200 77
114.83.222.182 - - [24/Dec/2022:15:08:41 +0800] "GET /favicon.ico HTTP/1.1" 404 -
101.80.225.213 - - [24/Dec/2022:15:08:41 +0800] "POST /xingrg/dwr/call/plaincall/AjaxCheckService.setItemNumber.dwr HTTP/1.1" 200 77
101.80.225.213 - - [24/Dec/2022:15:08:41 +0800] "POST /xingrg/dwr/call/plaincall/AjaxCheckService.setItemNumber.dwr HTTP/1.1" 200 77
101.80.225.213 - - [24/Dec/2022:15:08:41 +0800] "POST /xingrg/dwr/call/plaincall/AjaxCheckService.setItemNumber.dwr HTTP/1.1" 200 77
101.80.225.213 - - [24/Dec/2022:15:08:43 +0800] "POST /xingrg/dwr/call/plaincall/AjaxCheckService.setItemNumber.dwr HTTP/1.1" 200 77
114.83.222.182 - - [24/Dec/2022:15:08:43 +0800] "POST /xingrg/login.do HTTP/1.1" 302 -
114.83.222.182 - - [24/Dec/2022:15:08:43 +0800] "GET /xingrg/index.html?sysBaseUrl=http%3A%2F%2F180.169.147.146%3A18081%2Fxingrg%2F&costTime=45×tamp=1671865723275 HTTP/1.1" 200 17179
114.83.222.182 - - [24/Dec/2022:15:08:43 +0800] "GET /favicon.ico HTTP/1.1" 404 -
101.80.225.213 - - [24/Dec/2022:15:08:43 +0800] "POST /xingrg/dwr/call/plaincall/AjaxCheckService.setItemNumber.dwr HTTP/1.1" 200 77
114.83.222.182 - - [24/Dec/2022:15:08:43 +0800] "POST /xingrg/all/common/load_tree.html?tree=area_rest_tree_json&manage=1 HTTP/1.1" 200 351
114.83.222.182 - - [24/Dec/2022:15:08:43 +0800] "GET /xingrg/all/function/internal_message.html?_=1671865804553&CODE_STATE=count HTTP/1.1" 200 11
114.83.222.182 - - [24/Dec/2022:15:08:43 +0800] "GET /xingrg/check_reg.html?_=1671865804555 HTTP/1.1" 200 22
114.83.222.182 - - [24/Dec/2022:15:08:43 +0800] "POST /xingrg/load_menu.html HTTP/1.1" 200 5138
101.80.225.213 - - [24/Dec/2022:15:08:43 +0800] "POST /xingrg/dwr/call/plaincall/AjaxCheckService.setItemNumber.dwr HTTP/1.1" 200 77
101.80.225.213 - - [24/Dec/2022:15:08:44 +0800] "POST /xingrg/dwr/call/plaincall/AjaxCheckService.setItemNumber.dwr HTTP/1.1" 200 77
101.80.225.213 - - [24/Dec/2022:15:08:44 +0800] "POST /xingrg/dwr/call/plaincall/AjaxCheckService.setItemNumber.dwr HTTP/1.1" 200 77
101.80.225.213 - - [24/Dec/2022:15:08:45 +0800] "POST /xingrg/dwr/call/plaincall/AjaxCheckService.setItemNumber.dwr HTTP/1.1" 200 77
101.80.225.213 - - [24/Dec/2022:15:08:45 +0800] "POST /xingrg/dwr/call/plaincall/AjaxCheckService.setItemNumber.dwr HTTP/1.1" 200 77
124.79.245.154 - - [24/Dec/2022:15:08:45 +0800] "GET /xingrg/all/function/internal_message.html?_=1671865969575&CODE_STATE=getMsg HTTP/1.1" 200 27
101.80.225.213 - - [24/Dec/2022:15:08:45 +0800] "POST /xingrg/dwr/call/plaincall/AjaxCheckService.setItemNumber.dwr HTTP/1.1" 200 77
101.80.225.213 - - [24/Dec/2022:15:08:46 +0800] "POST /xingrg/dwr/call/plaincall/AjaxCheckService.setItemNumber.dwr HTTP/1.1" 200 77
114.83.222.182 - - [24/Dec/2022:15:08:48 +0800] "GET /xingrg/kc/base/wldb_order_list.html HTTP/1.1" 200 19107
114.83.222.182 - - [24/Dec/2022:15:08:49 +0800] "POST /xingrg/kc/base/wldb_list_operate.html HTTP/1.1" 200 928
222.69.192.184 - - [24/Dec/2022:15:08:50 +0800] "GET /xingrg/all/function/internal_message.html?_=1671865589632&CODE_STATE=getMsg HTTP/1.1" 200 27
114.83.222.182 - - [24/Dec/2022:15:08:51 +0800] "GET /xingrg/kc/base/wldb_order_add.html HTTP/1.1" 200 30390
114.83.222.182 - - [24/Dec/2022:15:08:51 +0800] "GET /xingrg/words/20221222132041_words.js HTTP/1.1" 200 939558
114.83.222.182 - - [24/Dec/2022:15:08:52 +0800] "POST /xingrg/kc/base/wldb_order_operate.html HTTP/1.1" 200 6806
114.83.222.182 - - [24/Dec/2022:15:08:52 +0800] "GET /xingrg/all/common/auto_word.html?type=base&rest_code=00154 HTTP/1.1" 200 831
114.83.222.182 - - [24/Dec/2022:15:08:52 +0800] "GET /xingrg/all/common/auto_word.html?type=base&rest_code=00154 HTTP/1.1" 200 831
114.83.222.182 - - [24/Dec/2022:15:08:52 +0800] "GET /xingrg/javascript/easyui/themes/default/validatebox.css HTTP/1.1" 404 1104
101.80.225.213 - - [24/Dec/2022:15:08:52 +0800] "POST /xingrg/dwr/call/plaincall/AjaxCheckService.setItemNumber.dwr HTTP/1.1" 200 77
114.83.222.182 - - [24/Dec/2022:15:08:54 +0800] "GET /xingrg/javascript/auto/indicator.gif HTTP/1.1" 404 1066
114.83.222.182 - - [24/Dec/2022:15:09:02 +0800] "POST /xingrg/all/common/load_combo.html?type=base HTTP/1.1" 200 1491
101.80.225.213 - - [24/Dec/2022:15:09:04 +0800] "GET /xingrg/all/function/internal_message.html?_=1671865758420&CODE_STATE=getMsg HTTP/1.1" 200 27
116.230.105.139 - - [24/Dec/2022:15:09:05 +0800] "GET /xingrg/all/function/internal_message.html?_=1671865733662&CODE_STATE=getMsg HTTP/1.1" 200 27
114.83.222.182 - - [24/Dec/2022:15:09:14 +0800] "GET /xingrg/kc/base/wldb_order_operate.html?command=get_materiel&rest_code=00154&base_code=0010725&code=00102002500 HTTP/1.1" 200 455
116.238.139.35 - - [24/Dec/2022:15:09:18 +0800] "GET /xingrg/all/function/internal_message.html?_=1671865774314&CODE_STATE=getMsg HTTP/1.1" 200 27
114.84.38.109 - - [24/Dec/2022:15:09:19 +0800] "GET /xingrg/all/function/internal_message.html?_=1671865795933&CODE_STATE=getMsg HTTP/1.1" 200 27
180.162.115.6 - - [24/Dec/2022:15:09:23 +0800] "GET /xingrg/all/function/internal_message.html?_=1671864777434&CODE_STATE=getMsg HTTP/1.1" 200 27
180.162.115.6 - - [24/Dec/2022:15:09:23 +0800] "GET /xingrg/check_reg.html?_=1671864777432 HTTP/1.1" 200 22
101.80.225.213 - - [24/Dec/2022:15:09:26 +0800] "GET /xingrg/all/function/internal_message.html?_=1671865780543&CODE_STATE=getMsg HTTP/1.1" 200 27
114.84.171.241 - - [24/Dec/2022:15:09:33 +0800] "GET /xingrg/all/function/internal_message.html?_=1671865784503&CODE_STATE=getMsg HTTP/1.1" 200 27
114.84.171.241 - - [24/Dec/2022:15:09:33 +0800] "GET /xingrg/check_reg.html?_=1671865784504 HTTP/1.1" 200 22
114.83.222.182 - - [24/Dec/2022:15:09:43 +0800] "GET /xingrg/all/function/internal_message.html?_=1671865864578&CODE_STATE=getMsg HTTP/1.1" 200 27
124.79.245.154 - - [24/Dec/2022:15:09:45 +0800] "GET /xingrg/all/function/internal_message.html?_=1671866029589&CODE_STATE=getMsg HTTP/1.1" 200 27
222.69.192.184 - - [24/Dec/2022:15:09:50 +0800] "GET /xingrg/all/function/internal_message.html?_=1671865649621&CODE_STATE=getMsg HTTP/1.1" 200 27
101.80.225.213 - - [24/Dec/2022:15:10:04 +0800] "GET /xingrg/all/function/internal_message.html?_=1671865818419&CODE_STATE=getMsg HTTP/1.1" 200 27
116.230.105.139 - - [24/Dec/2022:15:10:05 +0800] "GET /xingrg/check_reg.html?_=1671865793677 HTTP/1.1" 200 22
116.230.105.139 - - [24/Dec/2022:15:10:05 +0800] "GET /xingrg/all/function/internal_message.html?_=1671865793676&CODE_STATE=getMsg HTTP/1.1" 200 27
114.83.222.182 - - [24/Dec/2022:15:10:06 +0800] "GET /xingrg/kc/base/wldb_order_operate.html?command=get_materiel&rest_code=00154&base_code=0010725&code=00102002204 HTTP/1.1" 200 447
116.238.139.35 - - [24/Dec/2022:15:10:18 +0800] "GET /xingrg/all/function/internal_message.html?_=1671865834300&CODE_STATE=getMsg HTTP/1.1" 200 27
114.84.38.109 - - [24/Dec/2022:15:10:19 +0800] "GET /xingrg/all/function/internal_message.html?_=1671865855976&CODE_STATE=getMsg HTTP/1.1" 200 27
116.238.139.35 - - [24/Dec/2022:15:10:20 +0800] "GET /xingrg/check_reg.html?_=1671865836853 HTTP/1.1" 200 22
180.162.115.6 - - [24/Dec/2022:15:10:23 +0800] "GET /xingrg/all/function/internal_message.html?_=1671864837435&CODE_STATE=getMsg HTTP/1.1" 200 27
101.80.225.213 - - [24/Dec/2022:15:10:26 +0800] "GET /xingrg/all/function/internal_message.html?_=1671865840538&CODE_STATE=getMsg HTTP/1.1" 200 27
114.83.222.182 - - [24/Dec/2022:15:10:27 +0800] "GET /xingrg/kc/base/wldb_order_operate.html?command=get_materiel&rest_code=00154&base_code=0010725&code=00102002833 HTTP/1.1" 200 426
101.80.225.213 - - [24/Dec/2022:15:10:31 +0800] "POST /xingrg/dwr/call/plaincall/AjaxCheckService.setItemNumber.dwr HTTP/1.1" 200 77
101.80.225.213 - - [24/Dec/2022:15:10:32 +0800] "POST /xingrg/dwr/call/plaincall/AjaxCheckService.setItemNumber.dwr HTTP/1.1" 200 77
114.84.171.241 - - [24/Dec/2022:15:10:33 +0800] "GET /xingrg/all/function/internal_message.html?_=1671865844518&CODE_STATE=getMsg HTTP/1.1" 200 27
101.80.225.213 - - [24/Dec/2022:15:10:33 +0800] "POST /xingrg/dwr/call/plaincall/AjaxCheckService.setItemNumber.dwr HTTP/1.1" 200 77
58.40.7.146 - - [24/Dec/2022:15:10:33 +0800] "POST /xingrg/services/DataTransmitService HTTP/1.1" 200 524
101.80.225.213 - - [24/Dec/2022:15:10:34 +0800] "POST /xingrg/dwr/call/plaincall/AjaxCheckService.setItemNumber.dwr HTTP/1.1" 200 77
101.80.225.213 - - [24/Dec/2022:15:10:34 +0800] "POST /xingrg/dwr/call/plaincall/AjaxCheckService.setItemNumber.dwr HTTP/1.1" 200 77
101.80.225.213 - - [24/Dec/2022:15:10:34 +0800] "POST /xingrg/dwr/call/plaincall/AjaxCheckService.setItemNumber.dwr HTTP/1.1" 200 77
101.80.225.213 - - [24/Dec/2022:15:10:35 +0800] "POST /xingrg/dwr/call/plaincall/AjaxCheckService.setItemNumber.dwr HTTP/1.1" 200 77
101.80.225.213 - - [24/Dec/2022:15:10:36 +0800] "POST /xingrg/dwr/call/plaincall/AjaxCheckService.setItemNumber.dwr HTTP/1.1" 200 77
101.80.225.213 - - [24/Dec/2022:15:10:36 +0800] "POST /xingrg/dwr/call/plaincall/AjaxCheckService.setItemNumber.dwr HTTP/1.1" 200 77
101.80.225.213 - - [24/Dec/2022:15:10:37 +0800] "POST /xingrg/dwr/call/plaincall/AjaxCheckService.setItemNumber.dwr HTTP/1.1" 200 77
101.80.225.213 - - [24/Dec/2022:15:10:39 +0800] "POST /xingrg/dwr/call/plaincall/AjaxCheckService.setItemNumber.dwr HTTP/1.1" 200 77
101.80.225.213 - - [24/Dec/2022:15:10:40 +0800] "POST /xingrg/dwr/call/plaincall/AjaxCheckService.setItemNumber.dwr HTTP/1.1" 200 77
101.80.225.213 - - [24/Dec/2022:15:10:40 +0800] "POST /xingrg/dwr/call/plaincall/AjaxCheckService.setItemNumber.dwr HTTP/1.1" 200 77
101.80.225.213 - - [24/Dec/2022:15:10:40 +0800] "POST /xingrg/dwr/call/plaincall/AjaxCheckService.setItemNumber.dwr HTTP/1.1" 200 77
101.80.225.213 - - [24/Dec/2022:15:10:41 +0800] "POST /xingrg/dwr/call/plaincall/AjaxCheckService.setItemNumber.dwr HTTP/1.1" 200 77
101.80.225.213 - - [24/Dec/2022:15:10:41 +0800] "POST /xingrg/dwr/call/plaincall/AjaxCheckService.setItemNumber.dwr HTTP/1.1" 200 77
101.80.225.213 - - [24/Dec/2022:15:10:42 +0800] "POST /xingrg/dwr/call/plaincall/AjaxCheckService.setItemNumber.dwr HTTP/1.1" 200 77
101.80.225.213 - - [24/Dec/2022:15:10:43 +0800] "POST /xingrg/dwr/call/plaincall/AjaxCheckService.setItemNumber.dwr HTTP/1.1" 200 77
101.80.225.213 - - [24/Dec/2022:15:10:43 +0800] "POST /xingrg/dwr/call/plaincall/AjaxCheckService.setItemNumber.dwr HTTP/1.1" 200 78
114.83.222.182 - - [24/Dec/2022:15:10:43 +0800] "GET /xingrg/all/function/internal_message.html?_=1671865924584&CODE_STATE=getMsg HTTP/1.1" 200 27
114.84.38.109 - - [24/Dec/2022:15:10:43 +0800] "GET /xingrg/check_reg.html?_=1671865880300 HTTP/1.1" 200 22
101.80.225.213 - - [24/Dec/2022:15:10:43 +0800] "POST /xingrg/dwr/call/plaincall/AjaxCheckService.setItemNumber.dwr HTTP/1.1" 200 78
101.80.225.213 - - [24/Dec/2022:15:10:44 +0800] "POST /xingrg/dwr/call/plaincall/AjaxCheckService.setItemNumber.dwr HTTP/1.1" 200 78
101.80.225.213 - - [24/Dec/2022:15:10:45 +0800] "POST /xingrg/dwr/call/plaincall/AjaxCheckService.setItemNumber.dwr HTTP/1.1" 200 78
124.79.245.154 - - [24/Dec/2022:15:10:45 +0800] "GET /xingrg/all/function/internal_message.html?_=1671866089587&CODE_STATE=getMsg HTTP/1.1" 200 27
101.80.225.213 - - [24/Dec/2022:15:10:49 +0800] "POST /xingrg/dwr/call/plaincall/AjaxCheckService.setItemNumber.dwr HTTP/1.1" 200 78
101.80.225.213 - - [24/Dec/2022:15:10:50 +0800] "POST /xingrg/dwr/call/plaincall/AjaxCheckService.setItemNumber.dwr HTTP/1.1" 200 78
222.69.192.184 - - [24/Dec/2022:15:10:50 +0800] "GET /xingrg/all/function/internal_message.html?_=1671865709610&CODE_STATE=getMsg HTTP/1.1" 200 27
101.80.225.213 - - [24/Dec/2022:15:10:50 +0800] "POST /xingrg/dwr/call/plaincall/AjaxCheckService.setItemNumber.dwr HTTP/1.1" 200 78
101.80.225.213 - - [24/Dec/2022:15:10:51 +0800] "POST /xingrg/dwr/call/plaincall/AjaxCheckService.setItemNumber.dwr HTTP/1.1" 200 78
101.80.225.213 - - [24/Dec/2022:15:10:51 +0800] "POST /xingrg/dwr/call/plaincall/AjaxCheckService.setItemNumber.dwr HTTP/1.1" 200 78
101.80.225.213 - - [24/Dec/2022:15:10:51 +0800] "POST /xingrg/dwr/call/plaincall/AjaxCheckService.setItemNumber.dwr HTTP/1.1" 200 78
101.80.225.213 - - [24/Dec/2022:15:10:52 +0800] "POST /xingrg/dwr/call/plaincall/AjaxCheckService.setItemNumber.dwr HTTP/1.1" 200 78
101.80.225.213 - - [24/Dec/2022:15:10:52 +0800] "POST /xingrg/dwr/call/plaincall/AjaxCheckService.setItemNumber.dwr HTTP/1.1" 200 78
101.80.225.213 - - [24/Dec/2022:15:10:53 +0800] "POST /xingrg/dwr/call/plaincall/AjaxCheckService.setItemNumber.dwr HTTP/1.1" 200 78
101.80.225.213 - - [24/Dec/2022:15:10:54 +0800] "POST /xingrg/dwr/call/plaincall/AjaxCheckService.setItemNumber.dwr HTTP/1.1" 200 78
101.80.225.213 - - [24/Dec/2022:15:10:54 +0800] "POST /xingrg/dwr/call/plaincall/AjaxCheckService.setItemNumber.dwr HTTP/1.1" 200 78
101.80.225.213 - - [24/Dec/2022:15:10:54 +0800] "POST /xingrg/dwr/call/plaincall/AjaxCheckService.setItemNumber.dwr HTTP/1.1" 200 78
101.80.225.213 - - [24/Dec/2022:15:10:55 +0800] "POST /xingrg/dwr/call/plaincall/AjaxCheckService.setItemNumber.dwr HTTP/1.1" 200 78
101.80.225.213 - - [24/Dec/2022:15:10:55 +0800] "POST /xingrg/dwr/call/plaincall/AjaxCheckService.setItemNumber.dwr HTTP/1.1" 200 78
101.80.225.213 - - [24/Dec/2022:15:10:56 +0800] "POST /xingrg/dwr/call/plaincall/AjaxCheckService.setItemNumber.dwr HTTP/1.1" 200 78
101.80.225.213 - - [24/Dec/2022:15:11:01 +0800] "POST /xingrg/dwr/call/plaincall/AjaxCheckService.setItemNumber.dwr HTTP/1.1" 200 78
101.80.225.213 - - [24/Dec/2022:15:11:02 +0800] "POST /xingrg/dwr/call/plaincall/AjaxCheckService.setItemNumber.dwr HTTP/1.1" 200 78
101.80.225.213 - - [24/Dec/2022:15:11:02 +0800] "POST /xingrg/dwr/call/plaincall/AjaxCheckService.setItemNumber.dwr HTTP/1.1" 200 78
101.80.225.213 - - [24/Dec/2022:15:11:03 +0800] "POST /xingrg/dwr/call/plaincall/AjaxCheckService.setItemNumber.dwr HTTP/1.1" 200 78
101.80.225.213 - - [24/Dec/2022:15:11:03 +0800] "POST /xingrg/dwr/call/plaincall/AjaxCheckService.setItemNumber.dwr HTTP/1.1" 200 78
101.80.225.213 - - [24/Dec/2022:15:11:03 +0800] "POST /xingrg/dwr/call/plaincall/AjaxCheckService.setItemNumber.dwr HTTP/1.1" 200 78
101.80.225.213 - - [24/Dec/2022:15:11:04 +0800] "GET /xingrg/all/function/internal_message.html?_=1671865878423&CODE_STATE=getMsg HTTP/1.1" 200 27
101.80.225.213 - - [24/Dec/2022:15:11:04 +0800] "POST /xingrg/dwr/call/plaincall/AjaxCheckService.setItemNumber.dwr HTTP/1.1" 200 78
101.80.225.213 - - [24/Dec/2022:15:11:04 +0800] "POST /xingrg/dwr/call/plaincall/AjaxCheckService.setItemNumber.dwr HTTP/1.1" 200 78
101.80.225.213 - - [24/Dec/2022:15:11:05 +0800] "POST /xingrg/dwr/call/plaincall/AjaxCheckService.setItemNumber.dwr HTTP/1.1" 200 78
116.230.105.139 - - [24/Dec/2022:15:11:05 +0800] "GET /xingrg/all/function/internal_message.html?_=1671865853672&CODE_STATE=getMsg HTTP/1.1" 200 27
101.80.225.213 - - [24/Dec/2022:15:11:05 +0800] "POST /xingrg/dwr/call/plaincall/AjaxCheckService.setItemNumber.dwr HTTP/1.1" 200 78
101.80.225.213 - - [24/Dec/2022:15:11:05 +0800] "POST /xingrg/dwr/call/plaincall/AjaxCheckService.setItemNumber.dwr HTTP/1.1" 200 78
101.80.225.213 - - [24/Dec/2022:15:11:06 +0800] "POST /xingrg/dwr/call/plaincall/AjaxCheckService.setItemNumber.dwr HTTP/1.1" 200 78
101.80.225.213 - - [24/Dec/2022:15:11:06 +0800] "POST /xingrg/dwr/call/plaincall/AjaxCheckService.setItemNumber.dwr HTTP/1.1" 200 78
101.80.225.213 - - [24/Dec/2022:15:11:07 +0800] "POST /xingrg/dwr/call/plaincall/AjaxCheckService.setItemNumber.dwr HTTP/1.1" 200 78
101.80.225.213 - - [24/Dec/2022:15:11:12 +0800] "POST /xingrg/dwr/call/plaincall/AjaxCheckService.setItemNumber.dwr HTTP/1.1" 200 78
101.80.225.213 - - [24/Dec/2022:15:11:14 +0800] "POST /xingrg/dwr/call/plaincall/AjaxCheckService.setItemNumber.dwr HTTP/1.1" 200 78
101.80.225.213 - - [24/Dec/2022:15:11:14 +0800] "POST /xingrg/dwr/call/plaincall/AjaxCheckService.setItemNumber.dwr HTTP/1.1" 200 78
101.80.225.213 - - [24/Dec/2022:15:11:14 +0800] "POST /xingrg/dwr/call/plaincall/AjaxCheckService.setItemNumber.dwr HTTP/1.1" 200 78
101.80.225.213 - - [24/Dec/2022:15:11:15 +0800] "POST /xingrg/dwr/call/plaincall/AjaxCheckService.setItemNumber.dwr HTTP/1.1" 200 78
101.80.225.213 - - [24/Dec/2022:15:11:15 +0800] "POST /xingrg/dwr/call/plaincall/AjaxCheckService.setItemNumber.dwr HTTP/1.1" 200 78
101.80.225.213 - - [24/Dec/2022:15:11:16 +0800] "POST /xingrg/dwr/call/plaincall/AjaxCheckService.setItemNumber.dwr HTTP/1.1" 200 78
101.80.225.213 - - [24/Dec/2022:15:11:16 +0800] "POST /xingrg/dwr/call/plaincall/AjaxCheckService.setItemNumber.dwr HTTP/1.1" 200 78
101.80.225.213 - - [24/Dec/2022:15:11:17 +0800] "POST /xingrg/dwr/call/plaincall/AjaxCheckService.setItemNumber.dwr HTTP/1.1" 200 78
116.238.139.35 - - [24/Dec/2022:15:11:18 +0800] "GET /xingrg/all/function/internal_message.html?_=1671865894277&CODE_STATE=getMsg HTTP/1.1" 200 27
101.80.225.213 - - [24/Dec/2022:15:11:18 +0800] "POST /xingrg/dwr/call/plaincall/AjaxCheckService.setItemNumber.dwr HTTP/1.1" 200 78
114.84.38.109 - - [24/Dec/2022:15:11:19 +0800] "GET /xingrg/all/function/internal_message.html?_=1671865915991&CODE_STATE=getMsg HTTP/1.1" 200 27
101.80.225.213 - - [24/Dec/2022:15:11:19 +0800] "POST /xingrg/dwr/call/plaincall/AjaxCheckService.setItemNumber.dwr HTTP/1.1" 200 78
180.162.115.6 - - [24/Dec/2022:15:11:23 +0800] "GET /xingrg/all/function/internal_message.html?_=1671864897434&CODE_STATE=getMsg HTTP/1.1" 200 27
101.80.225.213 - - [24/Dec/2022:15:11:26 +0800] "GET /xingrg/all/function/internal_message.html?_=1671865900646&CODE_STATE=getMsg HTTP/1.1" 200 27
101.80.225.213 - - [24/Dec/2022:15:11:26 +0800] "POST /xingrg/dwr/call/plaincall/AjaxCheckService.setItemNumber.dwr HTTP/1.1" 200 78
101.80.225.213 - - [24/Dec/2022:15:11:28 +0800] "POST /xingrg/dwr/call/plaincall/AjaxCheckService.setItemNumber.dwr HTTP/1.1" 200 78
101.80.225.213 - - [24/Dec/2022:15:11:28 +0800] "POST /xingrg/dwr/call/plaincall/AjaxCheckService.setItemNumber.dwr HTTP/1.1" 200 78
101.80.225.213 - - [24/Dec/2022:15:11:29 +0800] "POST /xingrg/dwr/call/plaincall/AjaxCheckService.setItemNumber.dwr HTTP/1.1" 200 78
101.80.225.213 - - [24/Dec/2022:15:11:29 +0800] "POST /xingrg/dwr/call/plaincall/AjaxCheckService.setItemNumber.dwr HTTP/1.1" 200 78
101.80.225.213 - - [24/Dec/2022:15:11:30 +0800] "POST /xingrg/dwr/call/plaincall/AjaxCheckService.setItemNumber.dwr HTTP/1.1" 200 78
101.80.225.213 - - [24/Dec/2022:15:11:30 +0800] "POST /xingrg/dwr/call/plaincall/AjaxCheckService.setItemNumber.dwr HTTP/1.1" 200 78
101.80.225.213 - - [24/Dec/2022:15:11:30 +0800] "POST /xingrg/dwr/call/plaincall/AjaxCheckService.setItemNumber.dwr HTTP/1.1" 200 78
101.80.225.213 - - [24/Dec/2022:15:11:31 +0800] "POST /xingrg/dwr/call/plaincall/AjaxCheckService.setItemNumber.dwr HTTP/1.1" 200 78
101.80.225.213 - - [24/Dec/2022:15:11:32 +0800] "POST /xingrg/dwr/call/plaincall/AjaxCheckService.setItemNumber.dwr HTTP/1.1" 200 78
101.80.225.213 - - [24/Dec/2022:15:11:32 +0800] "POST /xingrg/dwr/call/plaincall/AjaxCheckService.setItemNumber.dwr HTTP/1.1" 200 78
58.221.95.50 - - [24/Dec/2022:15:11:32 +0800] "GET /xingrg/check_reg.html?_=1671865906311 HTTP/1.1" 302 -
101.80.225.213 - - [24/Dec/2022:15:11:33 +0800] "POST /xingrg/dwr/call/plaincall/AjaxCheckService.setItemNumber.dwr HTTP/1.1" 200 78
114.84.171.241 - - [24/Dec/2022:15:11:33 +0800] "GET /xingrg/all/function/internal_message.html?_=1671865904516&CODE_STATE=getMsg HTTP/1.1" 200 27
101.80.225.213 - - [24/Dec/2022:15:11:33 +0800] "POST /xingrg/dwr/call/plaincall/AjaxCheckService.setItemNumber.dwr HTTP/1.1" 200 78
101.80.225.213 - - [24/Dec/2022:15:11:34 +0800] "POST /xingrg/dwr/call/plaincall/AjaxCheckService.setItemNumber.dwr HTTP/1.1" 200 78
101.80.225.213 - - [24/Dec/2022:15:11:35 +0800] "POST /xingrg/dwr/call/plaincall/AjaxCheckService.setItemNumber.dwr HTTP/1.1" 200 78
114.84.171.241 - - [24/Dec/2022:15:11:36 +0800] "GET /xingrg/kc/buy/cgsh_order_list.html HTTP/1.1" 200 54084
101.80.225.213 - - [24/Dec/2022:15:11:37 +0800] "POST /xingrg/dwr/call/plaincall/AjaxCheckService.setItemNumber.dwr HTTP/1.1" 200 78
101.80.225.213 - - [24/Dec/2022:15:11:38 +0800] "POST /xingrg/dwr/call/plaincall/AjaxCheckService.setItemNumber.dwr HTTP/1.1" 200 78
101.80.225.213 - - [24/Dec/2022:15:11:38 +0800] "POST /xingrg/dwr/call/plaincall/AjaxCheckService.setItemNumber.dwr HTTP/1.1" 200 78
101.80.225.213 - - [24/Dec/2022:15:11:38 +0800] "POST /xingrg/dwr/call/plaincall/AjaxCheckService.setItemNumber.dwr HTTP/1.1" 200 78
101.80.225.213 - - [24/Dec/2022:15:11:39 +0800] "POST /xingrg/dwr/call/plaincall/AjaxCheckService.setItemNumber.dwr HTTP/1.1" 200 78
101.80.225.213 - - [24/Dec/2022:15:11:39 +0800] "POST /xingrg/dwr/call/plaincall/AjaxCheckService.setItemNumber.dwr HTTP/1.1" 200 78
101.80.225.213 - - [24/Dec/2022:15:11:40 +0800] "POST /xingrg/dwr/call/plaincall/AjaxCheckService.setItemNumber.dwr HTTP/1.1" 200 78
101.80.225.213 - - [24/Dec/2022:15:11:40 +0800] "POST /xingrg/dwr/call/plaincall/AjaxCheckService.setItemNumber.dwr HTTP/1.1" 200 78
114.84.171.241 - - [24/Dec/2022:15:11:41 +0800] "POST /xingrg/kc/buy/cgsh_list_operate.html HTTP/1.1" 200 2736
101.80.225.213 - - [24/Dec/2022:15:11:41 +0800] "POST /xingrg/dwr/call/plaincall/AjaxCheckService.setItemNumber.dwr HTTP/1.1" 200 78
101.80.225.213 - - [24/Dec/2022:15:11:41 +0800] "POST /xingrg/dwr/call/plaincall/AjaxCheckService.setItemNumber.dwr HTTP/1.1" 200 78
