116.230.105.139 - - [24/Dec/2022:11:59:05 +0800] "GET /xingrg/all/function/internal_message.html?_=1671854333658&CODE_STATE=getMsg HTTP/1.1" 200 27
101.80.225.213 - - [24/Dec/2022:11:59:05 +0800] "POST /xingrg/dwr/call/plaincall/AjaxCheckService.setItemNumber.dwr HTTP/1.1" 200 77
124.78.159.78 - - [24/Dec/2022:11:59:05 +0800] "GET /xingrg/all/function/internal_message.html?_=1671854360179&CODE_STATE=getMsg HTTP/1.1" 200 27
101.80.225.213 - - [24/Dec/2022:11:59:06 +0800] "POST /xingrg/dwr/call/plaincall/AjaxCheckService.setItemNumber.dwr HTTP/1.1" 200 77
101.80.225.213 - - [24/Dec/2022:11:59:06 +0800] "POST /xingrg/dwr/call/plaincall/AjaxCheckService.setItemNumber.dwr HTTP/1.1" 200 77
101.80.225.213 - - [24/Dec/2022:11:59:07 +0800] "POST /xingrg/dwr/call/plaincall/AjaxCheckService.setItemNumber.dwr HTTP/1.1" 200 77
116.238.139.35 - - [24/Dec/2022:11:59:07 +0800] "GET /xingrg/all/function/internal_message.html?_=1671854363324&CODE_STATE=getMsg HTTP/1.1" 200 27
101.80.225.213 - - [24/Dec/2022:11:59:07 +0800] "POST /xingrg/dwr/call/plaincall/AjaxCheckService.setItemNumber.dwr HTTP/1.1" 200 77
101.80.225.213 - - [24/Dec/2022:11:59:07 +0800] "POST /xingrg/dwr/call/plaincall/AjaxCheckService.setItemNumber.dwr HTTP/1.1" 200 78
101.80.225.213 - - [24/Dec/2022:11:59:08 +0800] "POST /xingrg/dwr/call/plaincall/AjaxCheckService.setItemNumber.dwr HTTP/1.1" 200 78
101.80.225.213 - - [24/Dec/2022:11:59:08 +0800] "POST /xingrg/dwr/call/plaincall/AjaxCheckService.setItemNumber.dwr HTTP/1.1" 200 78
101.80.225.213 - - [24/Dec/2022:11:59:08 +0800] "POST /xingrg/dwr/call/plaincall/AjaxCheckService.setItemNumber.dwr HTTP/1.1" 200 78
101.80.225.213 - - [24/Dec/2022:11:59:09 +0800] "POST /xingrg/dwr/call/plaincall/AjaxCheckService.setItemNumber.dwr HTTP/1.1" 200 78
101.80.225.213 - - [24/Dec/2022:11:59:09 +0800] "POST /xingrg/dwr/call/plaincall/AjaxCheckService.setItemNumber.dwr HTTP/1.1" 200 78
101.80.225.213 - - [24/Dec/2022:11:59:10 +0800] "POST /xingrg/dwr/call/plaincall/AjaxCheckService.setItemNumber.dwr HTTP/1.1" 200 78
101.80.225.213 - - [24/Dec/2022:11:59:10 +0800] "POST /xingrg/dwr/call/plaincall/AjaxCheckService.setItemNumber.dwr HTTP/1.1" 200 78
101.80.225.213 - - [24/Dec/2022:11:59:11 +0800] "POST /xingrg/dwr/call/plaincall/AjaxCheckService.setItemNumber.dwr HTTP/1.1" 200 78
101.80.225.213 - - [24/Dec/2022:11:59:11 +0800] "POST /xingrg/dwr/call/plaincall/AjaxCheckService.setItemNumber.dwr HTTP/1.1" 200 78
101.80.225.213 - - [24/Dec/2022:11:59:12 +0800] "POST /xingrg/dwr/call/plaincall/AjaxCheckService.setItemNumber.dwr HTTP/1.1" 200 78
101.80.225.213 - - [24/Dec/2022:11:59:12 +0800] "POST /xingrg/dwr/call/plaincall/AjaxCheckService.setItemNumber.dwr HTTP/1.1" 200 78
101.80.225.213 - - [24/Dec/2022:11:59:12 +0800] "POST /xingrg/dwr/call/plaincall/AjaxCheckService.setItemNumber.dwr HTTP/1.1" 200 78
101.80.225.213 - - [24/Dec/2022:11:59:13 +0800] "POST /xingrg/dwr/call/plaincall/AjaxCheckService.setItemNumber.dwr HTTP/1.1" 200 78
101.80.225.213 - - [24/Dec/2022:11:59:13 +0800] "POST /xingrg/dwr/call/plaincall/AjaxCheckService.setItemNumber.dwr HTTP/1.1" 200 78
101.80.225.213 - - [24/Dec/2022:11:59:14 +0800] "POST /xingrg/dwr/call/plaincall/AjaxCheckService.setItemNumber.dwr HTTP/1.1" 200 78
101.80.225.213 - - [24/Dec/2022:11:59:14 +0800] "POST /xingrg/dwr/call/plaincall/AjaxCheckService.setItemNumber.dwr HTTP/1.1" 200 78
101.80.225.213 - - [24/Dec/2022:11:59:15 +0800] "POST /xingrg/dwr/call/plaincall/AjaxCheckService.setItemNumber.dwr HTTP/1.1" 200 78
114.84.38.109 - - [24/Dec/2022:11:59:15 +0800] "GET /xingrg/all/function/internal_message.html?_=1671854391918&CODE_STATE=getMsg HTTP/1.1" 200 27
101.80.225.213 - - [24/Dec/2022:11:59:19 +0800] "POST /xingrg/dwr/call/plaincall/AjaxCheckService.setItemNumber.dwr HTTP/1.1" 200 78
101.80.225.213 - - [24/Dec/2022:11:59:20 +0800] "POST /xingrg/dwr/call/plaincall/AjaxCheckService.setItemNumber.dwr HTTP/1.1" 200 78
101.80.225.213 - - [24/Dec/2022:11:59:20 +0800] "POST /xingrg/dwr/call/plaincall/AjaxCheckService.setItemNumber.dwr HTTP/1.1" 200 78
101.80.225.213 - - [24/Dec/2022:11:59:21 +0800] "POST /xingrg/dwr/call/plaincall/AjaxCheckService.setItemNumber.dwr HTTP/1.1" 200 78
101.80.225.213 - - [24/Dec/2022:11:59:21 +0800] "POST /xingrg/dwr/call/plaincall/AjaxCheckService.setItemNumber.dwr HTTP/1.1" 200 78
101.80.225.213 - - [24/Dec/2022:11:59:22 +0800] "POST /xingrg/dwr/call/plaincall/AjaxCheckService.setItemNumber.dwr HTTP/1.1" 200 78
101.80.225.213 - - [24/Dec/2022:11:59:22 +0800] "POST /xingrg/dwr/call/plaincall/AjaxCheckService.setItemNumber.dwr HTTP/1.1" 200 78
101.80.225.213 - - [24/Dec/2022:11:59:23 +0800] "POST /xingrg/dwr/call/plaincall/AjaxCheckService.setItemNumber.dwr HTTP/1.1" 200 78
101.80.225.213 - - [24/Dec/2022:11:59:24 +0800] "POST /xingrg/dwr/call/plaincall/AjaxCheckService.setItemNumber.dwr HTTP/1.1" 200 78
101.80.225.213 - - [24/Dec/2022:11:59:24 +0800] "POST /xingrg/dwr/call/plaincall/AjaxCheckService.setItemNumber.dwr HTTP/1.1" 200 78
101.80.225.213 - - [24/Dec/2022:11:59:25 +0800] "POST /xingrg/dwr/call/plaincall/AjaxCheckService.setItemNumber.dwr HTTP/1.1" 200 78
101.80.225.213 - - [24/Dec/2022:11:59:25 +0800] "POST /xingrg/dwr/call/plaincall/AjaxCheckService.setItemNumber.dwr HTTP/1.1" 200 78
101.80.225.213 - - [24/Dec/2022:11:59:27 +0800] "POST /xingrg/dwr/call/plaincall/AjaxCheckService.setItemNumber.dwr HTTP/1.1" 200 78
101.80.225.213 - - [24/Dec/2022:11:59:27 +0800] "POST /xingrg/dwr/call/plaincall/AjaxCheckService.setItemNumber.dwr HTTP/1.1" 200 78
101.80.225.213 - - [24/Dec/2022:11:59:28 +0800] "POST /xingrg/dwr/call/plaincall/AjaxCheckService.setItemNumber.dwr HTTP/1.1" 200 78
101.80.225.213 - - [24/Dec/2022:11:59:29 +0800] "POST /xingrg/dwr/call/plaincall/AjaxCheckService.setItemNumber.dwr HTTP/1.1" 200 78
101.80.225.213 - - [24/Dec/2022:11:59:29 +0800] "POST /xingrg/dwr/call/plaincall/AjaxCheckService.setItemNumber.dwr HTTP/1.1" 200 78
101.80.225.213 - - [24/Dec/2022:11:59:30 +0800] "POST /xingrg/dwr/call/plaincall/AjaxCheckService.setItemNumber.dwr HTTP/1.1" 200 78
101.80.225.213 - - [24/Dec/2022:11:59:30 +0800] "POST /xingrg/dwr/call/plaincall/AjaxCheckService.setItemNumber.dwr HTTP/1.1" 200 78
114.84.171.241 - - [24/Dec/2022:11:59:32 +0800] "GET /xingrg/check_reg.html?_=1671854384214 HTTP/1.1" 200 22
114.84.171.241 - - [24/Dec/2022:11:59:32 +0800] "GET /xingrg/all/function/internal_message.html?_=1671854384216&CODE_STATE=getMsg HTTP/1.1" 200 27
124.78.159.78 - - [24/Dec/2022:11:59:34 +0800] "GET /xingrg/all/function/internal_message.html?_=1671854388687&CODE_STATE=getMsg HTTP/1.1" 200 27
124.79.245.154 - - [24/Dec/2022:11:59:45 +0800] "GET /xingrg/all/function/internal_message.html?_=1671854629296&CODE_STATE=getMsg HTTP/1.1" 200 27
222.69.192.184 - - [24/Dec/2022:11:59:52 +0800] "GET /xingrg/all/function/internal_message.html?_=1671854252303&CODE_STATE=getMsg HTTP/1.1" 200 27
101.80.225.213 - - [24/Dec/2022:11:59:59 +0800] "GET /xingrg/kc/base/check_order_list.html?isBack=1 HTTP/1.1" 200 16226
101.80.225.213 - - [24/Dec/2022:11:59:59 +0800] "POST /xingrg/kc/base/check_list_operate.html HTTP/1.1" 200 4555
114.84.38.109 - - [24/Dec/2022:12:00:01 +0800] "GET /xingrg/all/function/internal_message.html?_=1671854435226&CODE_STATE=getMsg HTTP/1.1" 302 -
101.80.225.213 - - [24/Dec/2022:12:00:04 +0800] "GET /xingrg/all/function/internal_message.html?_=1671854418034&CODE_STATE=getMsg HTTP/1.1" 200 27
116.230.105.139 - - [24/Dec/2022:12:00:05 +0800] "GET /xingrg/all/function/internal_message.html?_=1671854393670&CODE_STATE=getMsg HTTP/1.1" 200 27
116.230.105.139 - - [24/Dec/2022:12:00:05 +0800] "GET /xingrg/check_reg.html?_=1671854393672 HTTP/1.1" 200 22
124.78.159.78 - - [24/Dec/2022:12:00:05 +0800] "GET /xingrg/all/function/internal_message.html?_=1671854420206&CODE_STATE=getMsg HTTP/1.1" 200 27
116.238.139.35 - - [24/Dec/2022:12:00:07 +0800] "GET /xingrg/all/function/internal_message.html?_=1671854423312&CODE_STATE=getMsg HTTP/1.1" 200 27
101.80.225.213 - - [24/Dec/2022:12:00:10 +0800] "GET /xingrg/kc/base/check_order_info.html?code=452022122400042 HTTP/1.1" 200 26478
101.80.225.213 - - [24/Dec/2022:12:00:10 +0800] "GET /xingrg/dwr/interface/AjaxCheckService.js HTTP/1.1" 200 14003
101.80.225.213 - - [24/Dec/2022:12:00:10 +0800] "GET /xingrg/dwr/interface/AjaxComOrderService.js HTTP/1.1" 200 18264
101.80.225.213 - - [24/Dec/2022:12:00:10 +0800] "GET /xingrg/dwr/engine.js HTTP/1.1" 200 43631
101.80.225.213 - - [24/Dec/2022:12:00:10 +0800] "POST /xingrg/dwr/call/plaincall/AjaxCheckService.loadOrderItems.dwr HTTP/1.1" 200 10614
101.80.225.213 - - [24/Dec/2022:12:00:13 +0800] "POST /xingrg/dwr/call/plaincall/AjaxCheckService.setItemNumber.dwr HTTP/1.1" 200 76
101.80.225.213 - - [24/Dec/2022:12:00:14 +0800] "POST /xingrg/dwr/call/plaincall/AjaxCheckService.setItemNumber.dwr HTTP/1.1" 200 76
101.80.225.213 - - [24/Dec/2022:12:00:15 +0800] "POST /xingrg/dwr/call/plaincall/AjaxCheckService.setItemNumber.dwr HTTP/1.1" 200 76
114.84.38.109 - - [24/Dec/2022:12:00:15 +0800] "GET /xingrg/all/function/internal_message.html?_=1671854451952&CODE_STATE=getMsg HTTP/1.1" 200 27
101.80.225.213 - - [24/Dec/2022:12:00:15 +0800] "POST /xingrg/dwr/call/plaincall/AjaxCheckService.setItemNumber.dwr HTTP/1.1" 200 76
101.80.225.213 - - [24/Dec/2022:12:00:16 +0800] "POST /xingrg/dwr/call/plaincall/AjaxCheckService.setItemNumber.dwr HTTP/1.1" 200 76
101.80.225.213 - - [24/Dec/2022:12:00:17 +0800] "POST /xingrg/dwr/call/plaincall/AjaxCheckService.setItemNumber.dwr HTTP/1.1" 200 76
101.80.225.213 - - [24/Dec/2022:12:00:18 +0800] "POST /xingrg/dwr/call/plaincall/AjaxCheckService.setItemNumber.dwr HTTP/1.1" 200 76
101.80.225.213 - - [24/Dec/2022:12:00:19 +0800] "POST /xingrg/dwr/call/plaincall/AjaxCheckService.setItemNumber.dwr HTTP/1.1" 200 76
101.80.225.213 - - [24/Dec/2022:12:00:19 +0800] "POST /xingrg/dwr/call/plaincall/AjaxCheckService.setItemNumber.dwr HTTP/1.1" 200 76
101.80.225.213 - - [24/Dec/2022:12:00:19 +0800] "POST /xingrg/dwr/call/plaincall/AjaxCheckService.setItemNumber.dwr HTTP/1.1" 200 77
101.80.225.213 - - [24/Dec/2022:12:00:20 +0800] "POST /xingrg/dwr/call/plaincall/AjaxCheckService.setItemNumber.dwr HTTP/1.1" 200 77
101.80.225.213 - - [24/Dec/2022:12:00:21 +0800] "POST /xingrg/dwr/call/plaincall/AjaxCheckService.setItemNumber.dwr HTTP/1.1" 200 77
101.80.225.213 - - [24/Dec/2022:12:00:22 +0800] "POST /xingrg/dwr/call/plaincall/AjaxCheckService.setItemNumber.dwr HTTP/1.1" 200 77
101.80.225.213 - - [24/Dec/2022:12:00:22 +0800] "POST /xingrg/dwr/call/plaincall/AjaxCheckService.setItemNumber.dwr HTTP/1.1" 200 77
101.80.225.213 - - [24/Dec/2022:12:00:23 +0800] "POST /xingrg/dwr/call/plaincall/AjaxCheckService.setItemNumber.dwr HTTP/1.1" 200 77
101.80.225.213 - - [24/Dec/2022:12:00:24 +0800] "POST /xingrg/dwr/call/plaincall/AjaxCheckService.setItemNumber.dwr HTTP/1.1" 200 77
101.80.225.213 - - [24/Dec/2022:12:00:28 +0800] "GET /xingrg/kc/base/check_order_list.html?isBack=1 HTTP/1.1" 200 16226
101.80.225.213 - - [24/Dec/2022:12:00:28 +0800] "POST /xingrg/kc/base/check_list_operate.html HTTP/1.1" 200 4555
124.78.159.78 - - [24/Dec/2022:12:00:32 +0800] "POST /xingrg/kc/buy/cgsh_order_operate.html HTTP/1.1" 200 37
114.84.171.241 - - [24/Dec/2022:12:00:32 +0800] "GET /xingrg/all/function/internal_message.html?_=1671854444215&CODE_STATE=getMsg HTTP/1.1" 200 27
101.80.225.213 - - [24/Dec/2022:12:00:33 +0800] "GET /xingrg/kc/base/check_order_info.html?code=452022122400041 HTTP/1.1" 200 26478
101.80.225.213 - - [24/Dec/2022:12:00:33 +0800] "GET /xingrg/dwr/interface/AjaxComOrderService.js HTTP/1.1" 200 18264
101.80.225.213 - - [24/Dec/2022:12:00:33 +0800] "GET /xingrg/dwr/interface/AjaxCheckService.js HTTP/1.1" 200 14003
101.80.225.213 - - [24/Dec/2022:12:00:33 +0800] "GET /xingrg/dwr/engine.js HTTP/1.1" 200 43631
101.80.225.213 - - [24/Dec/2022:12:00:33 +0800] "POST /xingrg/dwr/call/plaincall/AjaxCheckService.loadOrderItems.dwr HTTP/1.1" 200 50658
124.78.159.78 - - [24/Dec/2022:12:00:34 +0800] "GET /xingrg/all/function/internal_message.html?_=1671854448683&CODE_STATE=getMsg HTTP/1.1" 200 27
124.78.159.78 - - [24/Dec/2022:12:00:36 +0800] "POST /xingrg/kc/buy/cgsh_order_operate.html HTTP/1.1" 200 12
124.78.159.78 - - [24/Dec/2022:12:00:36 +0800] "GET /xingrg/kc/buy/cgsh_order_info.html?code=212022122405429 HTTP/1.1" 200 64758
124.78.159.78 - - [24/Dec/2022:12:00:37 +0800] "GET /xingrg/javascript/easyui/themes/default/validatebox.css HTTP/1.1" 404 1104
124.78.159.78 - - [24/Dec/2022:12:00:37 +0800] "POST /xingrg/kc/buy/cgsh_order_operate.html HTTP/1.1" 200 601
124.78.159.78 - - [24/Dec/2022:12:00:40 +0800] "GET /xingrg/kc/print/load_data.html?order_code=212022122405429&kc_code=cgsh&condition= HTTP/1.1" 200 699
101.80.225.213 - - [24/Dec/2022:12:00:40 +0800] "POST /xingrg/dwr/call/plaincall/AjaxCheckService.setItemNumber.dwr HTTP/1.1" 200 76
101.80.225.213 - - [24/Dec/2022:12:00:41 +0800] "POST /xingrg/dwr/call/plaincall/AjaxCheckService.setItemNumber.dwr HTTP/1.1" 200 76
101.80.225.213 - - [24/Dec/2022:12:00:41 +0800] "POST /xingrg/dwr/call/plaincall/AjaxCheckService.setItemNumber.dwr HTTP/1.1" 200 76
101.80.225.213 - - [24/Dec/2022:12:00:43 +0800] "POST /xingrg/dwr/call/plaincall/AjaxCheckService.setItemNumber.dwr HTTP/1.1" 200 76
101.80.225.213 - - [24/Dec/2022:12:00:43 +0800] "POST /xingrg/dwr/call/plaincall/AjaxCheckService.setItemNumber.dwr HTTP/1.1" 200 76
114.84.38.109 - - [24/Dec/2022:12:00:43 +0800] "GET /xingrg/check_reg.html?_=1671854480097 HTTP/1.1" 200 22
101.80.225.213 - - [24/Dec/2022:12:00:44 +0800] "POST /xingrg/dwr/call/plaincall/AjaxCheckService.setItemNumber.dwr HTTP/1.1" 200 76
101.80.225.213 - - [24/Dec/2022:12:00:44 +0800] "POST /xingrg/dwr/call/plaincall/AjaxCheckService.setItemNumber.dwr HTTP/1.1" 200 76
124.79.245.154 - - [24/Dec/2022:12:00:45 +0800] "GET /xingrg/all/function/internal_message.html?_=1671854689297&CODE_STATE=getMsg HTTP/1.1" 200 27
101.80.225.213 - - [24/Dec/2022:12:00:45 +0800] "POST /xingrg/dwr/call/plaincall/AjaxCheckService.setItemNumber.dwr HTTP/1.1" 200 76
101.80.225.213 - - [24/Dec/2022:12:00:46 +0800] "POST /xingrg/dwr/call/plaincall/AjaxCheckService.setItemNumber.dwr HTTP/1.1" 200 76
101.80.225.213 - - [24/Dec/2022:12:00:46 +0800] "POST /xingrg/dwr/call/plaincall/AjaxCheckService.setItemNumber.dwr HTTP/1.1" 200 77
124.78.159.78 - - [24/Dec/2022:12:00:47 +0800] "GET /xingrg/kc/buy/buy_main.html HTTP/1.1" 200 12412
124.78.159.78 - - [24/Dec/2022:12:00:47 +0800] "GET /xingrg/css/new_ie.css HTTP/1.1" 404 1036
101.80.225.213 - - [24/Dec/2022:12:00:47 +0800] "POST /xingrg/dwr/call/plaincall/AjaxCheckService.setItemNumber.dwr HTTP/1.1" 200 77
101.80.225.213 - - [24/Dec/2022:12:00:47 +0800] "POST /xingrg/dwr/call/plaincall/AjaxCheckService.setItemNumber.dwr HTTP/1.1" 200 77
124.78.159.78 - - [24/Dec/2022:12:00:48 +0800] "GET /xingrg/images/yd/bt.gif HTTP/1.1" 404 1040
124.78.159.78 - - [24/Dec/2022:12:00:48 +0800] "GET /xingrg/kc/buy/cgsh_order_list.html HTTP/1.1" 200 54078
101.80.225.213 - - [24/Dec/2022:12:00:48 +0800] "POST /xingrg/dwr/call/plaincall/AjaxCheckService.setItemNumber.dwr HTTP/1.1" 200 77
101.80.225.213 - - [24/Dec/2022:12:00:49 +0800] "POST /xingrg/dwr/call/plaincall/AjaxCheckService.setItemNumber.dwr HTTP/1.1" 200 77
101.80.225.213 - - [24/Dec/2022:12:00:49 +0800] "POST /xingrg/dwr/call/plaincall/AjaxCheckService.setItemNumber.dwr HTTP/1.1" 200 77
124.78.159.78 - - [24/Dec/2022:12:00:49 +0800] "POST /xingrg/kc/buy/cgsh_list_operate.html HTTP/1.1" 200 986
101.80.225.213 - - [24/Dec/2022:12:00:50 +0800] "POST /xingrg/dwr/call/plaincall/AjaxCheckService.setItemNumber.dwr HTTP/1.1" 200 77
101.80.225.213 - - [24/Dec/2022:12:00:50 +0800] "POST /xingrg/dwr/call/plaincall/AjaxCheckService.setItemNumber.dwr HTTP/1.1" 200 77
101.80.225.213 - - [24/Dec/2022:12:00:51 +0800] "POST /xingrg/dwr/call/plaincall/AjaxCheckService.setItemNumber.dwr HTTP/1.1" 200 77
124.78.159.78 - - [24/Dec/2022:12:00:51 +0800] "GET /xingrg/kc/mdqp/qp_main.html HTTP/1.1" 200 10633
124.78.159.78 - - [24/Dec/2022:12:00:51 +0800] "GET /xingrg/images/blue/button/qqpsd.gif HTTP/1.1" 200 2548
101.80.225.213 - - [24/Dec/2022:12:00:51 +0800] "POST /xingrg/dwr/call/plaincall/AjaxCheckService.setItemNumber.dwr HTTP/1.1" 200 77
124.78.159.78 - - [24/Dec/2022:12:00:51 +0800] "GET /xingrg/images/blue/button/pszx.gif HTTP/1.1" 200 2648
124.78.159.78 - - [24/Dec/2022:12:00:51 +0800] "GET /xingrg/images/blue/button/psshd.gif HTTP/1.1" 200 2692
101.80.225.213 - - [24/Dec/2022:12:00:52 +0800] "POST /xingrg/dwr/call/plaincall/AjaxCheckService.setItemNumber.dwr HTTP/1.1" 200 77
101.80.225.213 - - [24/Dec/2022:12:00:52 +0800] "POST /xingrg/dwr/call/plaincall/AjaxCheckService.setItemNumber.dwr HTTP/1.1" 200 77
124.78.159.78 - - [24/Dec/2022:12:00:52 +0800] "GET /xingrg/images/yd/bt.gif HTTP/1.1" 404 1040
222.69.192.184 - - [24/Dec/2022:12:00:52 +0800] "GET /xingrg/all/function/internal_message.html?_=1671854312275&CODE_STATE=getMsg HTTP/1.1" 200 27
101.80.225.213 - - [24/Dec/2022:12:00:53 +0800] "POST /xingrg/dwr/call/plaincall/AjaxCheckService.setItemNumber.dwr HTTP/1.1" 200 77
124.78.159.78 - - [24/Dec/2022:12:00:53 +0800] "GET /xingrg/kc/mdqp/pssh_order_list.html HTTP/1.1" 200 17847
124.78.159.78 - - [24/Dec/2022:12:00:53 +0800] "POST /xingrg/kc/mdqp/pssh_list_operate.html HTTP/1.1" 200 5414
101.80.225.213 - - [24/Dec/2022:12:00:53 +0800] "POST /xingrg/dwr/call/plaincall/AjaxCheckService.setItemNumber.dwr HTTP/1.1" 200 77
101.80.225.213 - - [24/Dec/2022:12:00:54 +0800] "POST /xingrg/dwr/call/plaincall/AjaxCheckService.setItemNumber.dwr HTTP/1.1" 200 77
101.80.225.213 - - [24/Dec/2022:12:00:55 +0800] "POST /xingrg/dwr/call/plaincall/AjaxCheckService.setItemNumber.dwr HTTP/1.1" 200 77
101.80.225.213 - - [24/Dec/2022:12:00:55 +0800] "POST /xingrg/dwr/call/plaincall/AjaxCheckService.setItemNumber.dwr HTTP/1.1" 200 77
101.80.225.213 - - [24/Dec/2022:12:00:56 +0800] "POST /xingrg/dwr/call/plaincall/AjaxCheckService.setItemNumber.dwr HTTP/1.1" 200 77
124.78.159.78 - - [24/Dec/2022:12:00:56 +0800] "POST /xingrg/kc/mdqp/pssh_list_operate.html HTTP/1.1" 200 814
101.80.225.213 - - [24/Dec/2022:12:00:56 +0800] "POST /xingrg/dwr/call/plaincall/AjaxCheckService.setItemNumber.dwr HTTP/1.1" 200 77
124.78.159.78 - - [24/Dec/2022:12:00:56 +0800] "GET /xingrg/kc/mdqp/pssh_order_info.html?code=312022122300429 HTTP/1.1" 200 17297
124.78.159.78 - - [24/Dec/2022:12:00:56 +0800] "GET /xingrg/javascript/jquery_tools/jquery-1.4.2.min.js HTTP/1.1" 404 1094
124.78.159.78 - - [24/Dec/2022:12:00:57 +0800] "GET /xingrg/javascript/easyui/themes/icons/back_new.png HTTP/1.1" 200 3414
124.78.159.78 - - [24/Dec/2022:12:00:57 +0800] "POST /xingrg/kc/mdqp/pssh_order_operate.html HTTP/1.1" 200 3179
124.78.159.78 - - [24/Dec/2022:12:00:57 +0800] "GET /xingrg/all/common/auto_word.html?type=base&rest_code=00106&rest_code=00106 HTTP/1.1" 200 1799
124.78.159.78 - - [24/Dec/2022:12:00:57 +0800] "GET /xingrg/javascript/easyui/themes/default/validatebox.css HTTP/1.1" 404 1104
101.80.225.213 - - [24/Dec/2022:12:00:57 +0800] "POST /xingrg/dwr/call/plaincall/AjaxCheckService.setItemNumber.dwr HTTP/1.1" 200 77
101.80.225.213 - - [24/Dec/2022:12:00:57 +0800] "POST /xingrg/dwr/call/plaincall/AjaxCheckService.setItemNumber.dwr HTTP/1.1" 200 77
101.80.225.213 - - [24/Dec/2022:12:00:58 +0800] "POST /xingrg/dwr/call/plaincall/AjaxCheckService.setItemNumber.dwr HTTP/1.1" 200 77
101.80.225.213 - - [24/Dec/2022:12:00:59 +0800] "POST /xingrg/dwr/call/plaincall/AjaxCheckService.setItemNumber.dwr HTTP/1.1" 200 77
101.80.225.213 - - [24/Dec/2022:12:00:59 +0800] "POST /xingrg/dwr/call/plaincall/AjaxCheckService.setItemNumber.dwr HTTP/1.1" 200 77
124.78.159.78 - - [24/Dec/2022:12:00:59 +0800] "POST /xingrg/all/common/load_combo.html?type=employee HTTP/1.1" 200 365
101.80.225.213 - - [24/Dec/2022:12:01:00 +0800] "POST /xingrg/dwr/call/plaincall/AjaxCheckService.setItemNumber.dwr HTTP/1.1" 200 77
101.80.225.213 - - [24/Dec/2022:12:01:00 +0800] "POST /xingrg/dwr/call/plaincall/AjaxCheckService.setItemNumber.dwr HTTP/1.1" 200 77
101.80.225.213 - - [24/Dec/2022:12:01:01 +0800] "POST /xingrg/dwr/call/plaincall/AjaxCheckService.setItemNumber.dwr HTTP/1.1" 200 77
101.80.225.213 - - [24/Dec/2022:12:01:01 +0800] "POST /xingrg/dwr/call/plaincall/AjaxCheckService.setItemNumber.dwr HTTP/1.1" 200 77
114.84.38.109 - - [24/Dec/2022:12:01:02 +0800] "GET /xingrg/all/function/internal_message.html?_=1671854495263&CODE_STATE=getMsg HTTP/1.1" 302 -
101.80.225.213 - - [24/Dec/2022:12:01:02 +0800] "POST /xingrg/dwr/call/plaincall/AjaxCheckService.setItemNumber.dwr HTTP/1.1" 200 77
101.80.225.213 - - [24/Dec/2022:12:01:03 +0800] "POST /xingrg/dwr/call/plaincall/AjaxCheckService.setItemNumber.dwr HTTP/1.1" 200 77
101.80.225.213 - - [24/Dec/2022:12:01:03 +0800] "POST /xingrg/dwr/call/plaincall/AjaxCheckService.setItemNumber.dwr HTTP/1.1" 200 77
101.80.225.213 - - [24/Dec/2022:12:01:04 +0800] "GET /xingrg/all/function/internal_message.html?_=1671854478036&CODE_STATE=getMsg HTTP/1.1" 200 27
124.78.159.78 - - [24/Dec/2022:12:01:04 +0800] "POST /xingrg/kc/mdqp/pssh_order_operate.html HTTP/1.1" 200 37
124.78.159.78 - - [24/Dec/2022:12:01:05 +0800] "POST /xingrg/kc/mdqp/pssh_order_operate.html HTTP/1.1" 200 12
101.80.225.213 - - [24/Dec/2022:12:01:05 +0800] "POST /xingrg/dwr/call/plaincall/AjaxCheckService.setItemNumber.dwr HTTP/1.1" 200 77
116.230.105.139 - - [24/Dec/2022:12:01:05 +0800] "GET /xingrg/all/function/internal_message.html?_=1671854453662&CODE_STATE=getMsg HTTP/1.1" 200 27
101.80.225.213 - - [24/Dec/2022:12:01:05 +0800] "POST /xingrg/dwr/call/plaincall/AjaxCheckService.setItemNumber.dwr HTTP/1.1" 200 77
124.78.159.78 - - [24/Dec/2022:12:01:05 +0800] "GET /xingrg/kc/mdqp/pssh_order_info.html?code=312022122300429 HTTP/1.1" 200 14386
124.78.159.78 - - [24/Dec/2022:12:01:05 +0800] "GET /xingrg/javascript/jquery_tools/jquery-1.4.2.min.js HTTP/1.1" 404 1094
124.78.159.78 - - [24/Dec/2022:12:01:05 +0800] "GET /xingrg/all/function/internal_message.html?_=1671854480209&CODE_STATE=getMsg HTTP/1.1" 200 27
124.78.159.78 - - [24/Dec/2022:12:01:06 +0800] "GET /xingrg/javascript/easyui/themes/icons/uncheck_new.png HTTP/1.1" 200 3197
101.80.225.213 - - [24/Dec/2022:12:01:06 +0800] "POST /xingrg/dwr/call/plaincall/AjaxCheckService.setItemNumber.dwr HTTP/1.1" 200 77
124.78.159.78 - - [24/Dec/2022:12:01:06 +0800] "POST /xingrg/kc/mdqp/pssh_order_operate.html HTTP/1.1" 200 3179
124.78.159.78 - - [24/Dec/2022:12:01:06 +0800] "GET /xingrg/javascript/easyui/themes/default/validatebox.css HTTP/1.1" 404 1104
101.80.225.213 - - [24/Dec/2022:12:01:06 +0800] "POST /xingrg/dwr/call/plaincall/AjaxCheckService.setItemNumber.dwr HTTP/1.1" 200 77
116.238.139.35 - - [24/Dec/2022:12:01:07 +0800] "GET /xingrg/all/function/internal_message.html?_=1671854483282&CODE_STATE=getMsg HTTP/1.1" 200 27
101.80.225.213 - - [24/Dec/2022:12:01:07 +0800] "POST /xingrg/dwr/call/plaincall/AjaxCheckService.setItemNumber.dwr HTTP/1.1" 200 77
101.80.225.213 - - [24/Dec/2022:12:01:07 +0800] "POST /xingrg/dwr/call/plaincall/AjaxCheckService.setItemNumber.dwr HTTP/1.1" 200 77
101.80.225.213 - - [24/Dec/2022:12:01:08 +0800] "POST /xingrg/dwr/call/plaincall/AjaxCheckService.setItemNumber.dwr HTTP/1.1" 200 77
101.80.225.213 - - [24/Dec/2022:12:01:08 +0800] "POST /xingrg/dwr/call/plaincall/AjaxCheckService.setItemNumber.dwr HTTP/1.1" 200 77
124.78.159.78 - - [24/Dec/2022:12:01:09 +0800] "GET /xingrg/kc/print/load_config.html?kc_code=pssh HTTP/1.1" 200 2291
124.78.159.78 - - [24/Dec/2022:12:01:09 +0800] "GET /xingrg/kc/print/load_data.html?order_code=312022122300429&kc_code=pssh&condition= HTTP/1.1" 200 1598
101.80.225.213 - - [24/Dec/2022:12:01:14 +0800] "POST /xingrg/dwr/call/plaincall/AjaxCheckService.setItemNumber.dwr HTTP/1.1" 200 77
124.78.159.78 - - [24/Dec/2022:12:01:15 +0800] "POST /xingrg/kc/mdqp/pssh_list_operate.html HTTP/1.1" 200 1580
114.84.38.109 - - [24/Dec/2022:12:01:15 +0800] "GET /xingrg/all/function/internal_message.html?_=1671854511960&CODE_STATE=getMsg HTTP/1.1" 200 27
101.80.225.213 - - [24/Dec/2022:12:01:16 +0800] "POST /xingrg/dwr/call/plaincall/AjaxCheckService.setItemNumber.dwr HTTP/1.1" 200 77
124.78.159.78 - - [24/Dec/2022:12:01:17 +0800] "GET /xingrg/kc/mdqp/qp_main.html HTTP/1.1" 200 10633
101.80.225.213 - - [24/Dec/2022:12:01:17 +0800] "POST /xingrg/dwr/call/plaincall/AjaxCheckService.setItemNumber.dwr HTTP/1.1" 200 77
101.80.225.213 - - [24/Dec/2022:12:01:18 +0800] "POST /xingrg/dwr/call/plaincall/AjaxCheckService.setItemNumber.dwr HTTP/1.1" 200 77
124.78.159.78 - - [24/Dec/2022:12:01:18 +0800] "GET /xingrg/images/yd/bt.gif HTTP/1.1" 404 1040
101.80.225.213 - - [24/Dec/2022:12:01:18 +0800] "POST /xingrg/dwr/call/plaincall/AjaxCheckService.setItemNumber.dwr HTTP/1.1" 200 77
124.78.159.78 - - [24/Dec/2022:12:01:18 +0800] "GET /xingrg/kc/mdqp/pssh_order_list.html HTTP/1.1" 200 17847
124.78.159.78 - - [24/Dec/2022:12:01:19 +0800] "POST /xingrg/kc/mdqp/pssh_list_operate.html HTTP/1.1" 200 5439
101.80.225.213 - - [24/Dec/2022:12:01:19 +0800] "POST /xingrg/dwr/call/plaincall/AjaxCheckService.setItemNumber.dwr HTTP/1.1" 200 77
101.80.225.213 - - [24/Dec/2022:12:01:19 +0800] "POST /xingrg/dwr/call/plaincall/AjaxCheckService.setItemNumber.dwr HTTP/1.1" 200 77
101.80.225.213 - - [24/Dec/2022:12:01:20 +0800] "POST /xingrg/dwr/call/plaincall/AjaxCheckService.setItemNumber.dwr HTTP/1.1" 200 77
101.80.225.213 - - [24/Dec/2022:12:01:21 +0800] "POST /xingrg/dwr/call/plaincall/AjaxCheckService.setItemNumber.dwr HTTP/1.1" 200 77
124.78.159.78 - - [24/Dec/2022:12:01:21 +0800] "GET /xingrg/kc/buy/buy_main.html HTTP/1.1" 200 12412
124.78.159.78 - - [24/Dec/2022:12:01:21 +0800] "GET /xingrg/css/new_ie.css HTTP/1.1" 404 1036
124.78.159.78 - - [24/Dec/2022:12:01:21 +0800] "GET /xingrg/images/yd/bt.gif HTTP/1.1" 404 1040
101.80.225.213 - - [24/Dec/2022:12:01:22 +0800] "POST /xingrg/dwr/call/plaincall/AjaxCheckService.setItemNumber.dwr HTTP/1.1" 200 77
101.80.225.213 - - [24/Dec/2022:12:01:22 +0800] "POST /xingrg/dwr/call/plaincall/AjaxCheckService.setItemNumber.dwr HTTP/1.1" 200 77
124.78.159.78 - - [24/Dec/2022:12:01:22 +0800] "GET /xingrg/kc/buy/cgsh_order_list.html HTTP/1.1" 200 54078
101.80.225.213 - - [24/Dec/2022:12:01:22 +0800] "POST /xingrg/dwr/call/plaincall/AjaxCheckService.setItemNumber.dwr HTTP/1.1" 200 77
124.78.159.78 - - [24/Dec/2022:12:01:23 +0800] "POST /xingrg/kc/buy/cgsh_list_operate.html HTTP/1.1" 200 986
101.80.225.213 - - [24/Dec/2022:12:01:24 +0800] "POST /xingrg/dwr/call/plaincall/AjaxCheckService.setItemNumber.dwr HTTP/1.1" 200 77
101.80.225.213 - - [24/Dec/2022:12:01:24 +0800] "POST /xingrg/dwr/call/plaincall/AjaxCheckService.setItemNumber.dwr HTTP/1.1" 200 77
101.80.225.213 - - [24/Dec/2022:12:01:25 +0800] "POST /xingrg/dwr/call/plaincall/AjaxCheckService.setItemNumber.dwr HTTP/1.1" 200 77
101.80.225.213 - - [24/Dec/2022:12:01:25 +0800] "POST /xingrg/dwr/call/plaincall/AjaxCheckService.setItemNumber.dwr HTTP/1.1" 200 77
101.80.225.213 - - [24/Dec/2022:12:01:27 +0800] "POST /xingrg/dwr/call/plaincall/AjaxCheckService.setItemNumber.dwr HTTP/1.1" 200 77
101.80.225.213 - - [24/Dec/2022:12:01:28 +0800] "POST /xingrg/dwr/call/plaincall/AjaxCheckService.setItemNumber.dwr HTTP/1.1" 200 77
101.80.225.213 - - [24/Dec/2022:12:01:29 +0800] "POST /xingrg/dwr/call/plaincall/AjaxCheckService.setItemNumber.dwr HTTP/1.1" 200 77
101.80.225.213 - - [24/Dec/2022:12:01:29 +0800] "POST /xingrg/dwr/call/plaincall/AjaxCheckService.setItemNumber.dwr HTTP/1.1" 200 77
101.80.225.213 - - [24/Dec/2022:12:01:30 +0800] "POST /xingrg/dwr/call/plaincall/AjaxCheckService.setItemNumber.dwr HTTP/1.1" 200 77
101.80.225.213 - - [24/Dec/2022:12:01:31 +0800] "POST /xingrg/dwr/call/plaincall/AjaxCheckService.setItemNumber.dwr HTTP/1.1" 200 77
101.80.225.213 - - [24/Dec/2022:12:01:31 +0800] "POST /xingrg/dwr/call/plaincall/AjaxCheckService.setItemNumber.dwr HTTP/1.1" 200 77
101.80.225.213 - - [24/Dec/2022:12:01:32 +0800] "POST /xingrg/dwr/call/plaincall/AjaxCheckService.setItemNumber.dwr HTTP/1.1" 200 77
114.84.171.241 - - [24/Dec/2022:12:01:32 +0800] "GET /xingrg/all/function/internal_message.html?_=1671854504214&CODE_STATE=getMsg HTTP/1.1" 200 27
101.80.225.213 - - [24/Dec/2022:12:01:33 +0800] "POST /xingrg/dwr/call/plaincall/AjaxCheckService.setItemNumber.dwr HTTP/1.1" 200 77
58.221.95.50 - - [24/Dec/2022:12:01:33 +0800] "GET /xingrg/check_reg.html?_=1671854508289 HTTP/1.1" 302 -
101.80.225.213 - - [24/Dec/2022:12:01:33 +0800] "POST /xingrg/dwr/call/plaincall/AjaxCheckService.setItemNumber.dwr HTTP/1.1" 200 77
124.78.159.78 - - [24/Dec/2022:12:01:34 +0800] "GET /xingrg/all/function/internal_message.html?_=1671854508692&CODE_STATE=getMsg HTTP/1.1" 200 27
101.80.225.213 - - [24/Dec/2022:12:01:34 +0800] "POST /xingrg/dwr/call/plaincall/AjaxCheckService.setItemNumber.dwr HTTP/1.1" 200 77
101.80.225.213 - - [24/Dec/2022:12:01:35 +0800] "POST /xingrg/dwr/call/plaincall/AjaxCheckService.setItemNumber.dwr HTTP/1.1" 200 77
101.80.225.213 - - [24/Dec/2022:12:01:36 +0800] "POST /xingrg/dwr/call/plaincall/AjaxCheckService.setItemNumber.dwr HTTP/1.1" 200 77
101.80.225.213 - - [24/Dec/2022:12:01:36 +0800] "POST /xingrg/dwr/call/plaincall/AjaxCheckService.setItemNumber.dwr HTTP/1.1" 200 77
124.79.245.154 - - [24/Dec/2022:12:01:45 +0800] "GET /xingrg/all/function/internal_message.html?_=1671854749296&CODE_STATE=getMsg HTTP/1.1" 200 27
101.80.225.213 - - [24/Dec/2022:12:01:47 +0800] "GET /xingrg/kc/base/check_order_list.html?isBack=1 HTTP/1.1" 200 16226
101.80.225.213 - - [24/Dec/2022:12:01:47 +0800] "POST /xingrg/kc/base/check_list_operate.html HTTP/1.1" 200 4555
222.69.192.184 - - [24/Dec/2022:12:01:52 +0800] "GET /xingrg/all/function/internal_message.html?_=1671854372261&CODE_STATE=getMsg HTTP/1.1" 200 27
222.69.192.184 - - [24/Dec/2022:12:01:53 +0800] "GET /xingrg/check_reg.html?_=1671854373091 HTTP/1.1" 200 22
101.80.225.213 - - [24/Dec/2022:12:01:54 +0800] "GET /xingrg/kc/base/check_order_info.html?code=452022122400049 HTTP/1.1" 200 26478
101.80.225.213 - - [24/Dec/2022:12:01:54 +0800] "GET /xingrg/dwr/interface/AjaxCheckService.js HTTP/1.1" 200 14003
101.80.225.213 - - [24/Dec/2022:12:01:54 +0800] "GET /xingrg/dwr/interface/AjaxComOrderService.js HTTP/1.1" 200 18264
101.80.225.213 - - [24/Dec/2022:12:01:54 +0800] "GET /xingrg/dwr/engine.js HTTP/1.1" 200 43631
101.80.225.213 - - [24/Dec/2022:12:01:54 +0800] "POST /xingrg/dwr/call/plaincall/AjaxCheckService.loadOrderItems.dwr HTTP/1.1" 200 6775
101.80.225.213 - - [24/Dec/2022:12:01:58 +0800] "POST /xingrg/dwr/call/plaincall/AjaxCheckService.setItemNumber.dwr HTTP/1.1" 200 76
101.80.225.213 - - [24/Dec/2022:12:01:59 +0800] "POST /xingrg/dwr/call/plaincall/AjaxCheckService.setItemNumber.dwr HTTP/1.1" 200 76
101.80.225.213 - - [24/Dec/2022:12:02:00 +0800] "POST /xingrg/dwr/call/plaincall/AjaxCheckService.setItemNumber.dwr HTTP/1.1" 200 76
101.80.225.213 - - [24/Dec/2022:12:02:01 +0800] "POST /xingrg/dwr/call/plaincall/AjaxCheckService.setItemNumber.dwr HTTP/1.1" 200 76
101.80.225.213 - - [24/Dec/2022:12:02:01 +0800] "POST /xingrg/dwr/call/plaincall/AjaxCheckService.setItemNumber.dwr HTTP/1.1" 200 76
114.84.38.109 - - [24/Dec/2022:12:02:02 +0800] "GET /xingrg/all/function/internal_message.html?_=1671854555269&CODE_STATE=getMsg HTTP/1.1" 302 -
101.80.225.213 - - [24/Dec/2022:12:02:02 +0800] "POST /xingrg/dwr/call/plaincall/AjaxCheckService.setItemNumber.dwr HTTP/1.1" 200 76
101.80.225.213 - - [24/Dec/2022:12:02:03 +0800] "POST /xingrg/dwr/call/plaincall/AjaxCheckService.setItemNumber.dwr HTTP/1.1" 200 76
101.80.225.213 - - [24/Dec/2022:12:02:04 +0800] "GET /xingrg/all/function/internal_message.html?_=1671854538040&CODE_STATE=getMsg HTTP/1.1" 200 27
101.80.225.213 - - [24/Dec/2022:12:02:04 +0800] "GET /xingrg/check_reg.html?_=1671854538042 HTTP/1.1" 200 22
101.80.225.213 - - [24/Dec/2022:12:02:04 +0800] "POST /xingrg/dwr/call/plaincall/AjaxCheckService.setItemNumber.dwr HTTP/1.1" 200 76
116.230.105.139 - - [24/Dec/2022:12:02:05 +0800] "GET /xingrg/all/function/internal_message.html?_=1671854513672&CODE_STATE=getMsg HTTP/1.1" 200 27
101.80.225.213 - - [24/Dec/2022:12:02:05 +0800] "POST /xingrg/dwr/call/plaincall/AjaxCheckService.setItemNumber.dwr HTTP/1.1" 200 76
124.78.159.78 - - [24/Dec/2022:12:02:05 +0800] "GET /xingrg/all/function/internal_message.html?_=1671854540209&CODE_STATE=getMsg HTTP/1.1" 200 27
101.80.225.213 - - [24/Dec/2022:12:02:06 +0800] "POST /xingrg/dwr/call/plaincall/AjaxCheckService.setItemNumber.dwr HTTP/1.1" 200 77
116.238.139.35 - - [24/Dec/2022:12:02:07 +0800] "GET /xingrg/all/function/internal_message.html?_=1671854543253&CODE_STATE=getMsg HTTP/1.1" 200 27
114.84.38.109 - - [24/Dec/2022:12:02:15 +0800] "GET /xingrg/all/function/internal_message.html?_=1671854571973&CODE_STATE=getMsg HTTP/1.1" 200 27
114.84.171.241 - - [24/Dec/2022:12:02:32 +0800] "GET /xingrg/all/function/internal_message.html?_=1671854564214&CODE_STATE=getMsg HTTP/1.1" 200 27
124.78.159.78 - - [24/Dec/2022:12:02:34 +0800] "GET /xingrg/all/function/internal_message.html?_=1671854568718&CODE_STATE=getMsg HTTP/1.1" 200 27
124.79.245.154 - - [24/Dec/2022:12:02:45 +0800] "GET /xingrg/all/function/internal_message.html?_=1671854809294&CODE_STATE=getMsg HTTP/1.1" 200 27
124.79.245.154 - - [24/Dec/2022:12:02:45 +0800] "GET /xingrg/check_reg.html?_=1671854809295 HTTP/1.1" 200 22
222.69.192.184 - - [24/Dec/2022:12:02:52 +0800] "GET /xingrg/all/function/internal_message.html?_=1671854432240&CODE_STATE=getMsg HTTP/1.1" 200 27
114.84.38.109 - - [24/Dec/2022:12:03:02 +0800] "GET /xingrg/all/function/internal_message.html?_=1671854615300&CODE_STATE=getMsg HTTP/1.1" 302 -
101.80.225.213 - - [24/Dec/2022:12:03:04 +0800] "GET /xingrg/all/function/internal_message.html?_=1671854598037&CODE_STATE=getMsg HTTP/1.1" 200 27
116.230.105.139 - - [24/Dec/2022:12:03:05 +0800] "GET /xingrg/all/function/internal_message.html?_=1671854573670&CODE_STATE=getMsg HTTP/1.1" 200 27
124.78.159.78 - - [24/Dec/2022:12:03:05 +0800] "GET /xingrg/check_reg.html?_=1671854600209 HTTP/1.1" 200 22
124.78.159.78 - - [24/Dec/2022:12:03:05 +0800] "GET /xingrg/all/function/internal_message.html?_=1671854600212&CODE_STATE=getMsg HTTP/1.1" 200 27
116.238.139.35 - - [24/Dec/2022:12:03:07 +0800] "GET /xingrg/all/function/internal_message.html?_=1671854603227&CODE_STATE=getMsg HTTP/1.1" 200 27
114.84.38.109 - - [24/Dec/2022:12:03:15 +0800] "GET /xingrg/all/function/internal_message.html?_=1671854632015&CODE_STATE=getMsg HTTP/1.1" 200 27
114.84.38.109 - - [24/Dec/2022:12:03:20 +0800] "GET /xingrg/check_reg.html?_=1671854633930 HTTP/1.1" 302 -
114.84.171.241 - - [24/Dec/2022:12:03:32 +0800] "GET /xingrg/all/function/internal_message.html?_=1671854624208&CODE_STATE=getMsg HTTP/1.1" 200 27
124.78.159.78 - - [24/Dec/2022:12:03:34 +0800] "GET /xingrg/check_reg.html?_=1671854628703 HTTP/1.1" 200 22
124.78.159.78 - - [24/Dec/2022:12:03:34 +0800] "GET /xingrg/all/function/internal_message.html?_=1671854628706&CODE_STATE=getMsg HTTP/1.1" 200 27
116.238.139.35 - - [24/Dec/2022:12:03:41 +0800] "GET /xingrg/check_reg.html?_=1671854637334 HTTP/1.1" 200 22
124.79.245.154 - - [24/Dec/2022:12:03:45 +0800] "GET /xingrg/all/function/internal_message.html?_=1671854869293&CODE_STATE=getMsg HTTP/1.1" 200 27
222.69.192.184 - - [24/Dec/2022:12:03:52 +0800] "GET /xingrg/all/function/internal_message.html?_=1671854492229&CODE_STATE=getMsg HTTP/1.1" 200 27
114.84.38.109 - - [24/Dec/2022:12:04:02 +0800] "GET /xingrg/all/function/internal_message.html?_=1671854675312&CODE_STATE=getMsg HTTP/1.1" 302 -
101.80.225.213 - - [24/Dec/2022:12:04:04 +0800] "GET /xingrg/all/function/internal_message.html?_=1671854658043&CODE_STATE=getMsg HTTP/1.1" 200 27
116.230.105.139 - - [24/Dec/2022:12:04:05 +0800] "GET /xingrg/all/function/internal_message.html?_=1671854633667&CODE_STATE=getMsg HTTP/1.1" 200 27
124.78.159.78 - - [24/Dec/2022:12:04:05 +0800] "GET /xingrg/all/function/internal_message.html?_=1671854660212&CODE_STATE=getMsg HTTP/1.1" 200 27
116.238.139.35 - - [24/Dec/2022:12:04:06 +0800] "GET /xingrg/all/function/internal_message.html?_=1671854663202&CODE_STATE=getMsg HTTP/1.1" 200 27
114.84.38.109 - - [24/Dec/2022:12:04:15 +0800] "GET /xingrg/all/function/internal_message.html?_=1671854692018&CODE_STATE=getMsg HTTP/1.1" 200 27
114.84.171.241 - - [24/Dec/2022:12:04:32 +0800] "GET /xingrg/all/function/internal_message.html?_=1671854684235&CODE_STATE=getMsg HTTP/1.1" 200 27
114.84.171.241 - - [24/Dec/2022:12:04:32 +0800] "GET /xingrg/check_reg.html?_=1671854684239 HTTP/1.1" 200 22
124.78.159.78 - - [24/Dec/2022:12:04:34 +0800] "GET /xingrg/all/function/internal_message.html?_=1671854688706&CODE_STATE=getMsg HTTP/1.1" 200 27
124.79.245.154 - - [24/Dec/2022:12:04:45 +0800] "GET /xingrg/all/function/internal_message.html?_=1671854929307&CODE_STATE=getMsg HTTP/1.1" 200 27
222.69.192.184 - - [24/Dec/2022:12:04:52 +0800] "GET /xingrg/all/function/internal_message.html?_=1671854552244&CODE_STATE=getMsg HTTP/1.1" 200 27
114.84.38.109 - - [24/Dec/2022:12:05:02 +0800] "GET /xingrg/all/function/internal_message.html?_=1671854735342&CODE_STATE=getMsg HTTP/1.1" 302 -
101.80.225.213 - - [24/Dec/2022:12:05:04 +0800] "GET /xingrg/all/function/internal_message.html?_=1671854718037&CODE_STATE=getMsg HTTP/1.1" 200 27
116.230.105.139 - - [24/Dec/2022:12:05:05 +0800] "GET /xingrg/all/function/internal_message.html?_=1671854693684&CODE_STATE=getMsg HTTP/1.1" 200 27
116.230.105.139 - - [24/Dec/2022:12:05:05 +0800] "GET /xingrg/check_reg.html?_=1671854693687 HTTP/1.1" 200 22
124.78.159.78 - - [24/Dec/2022:12:05:05 +0800] "GET /xingrg/all/function/internal_message.html?_=1671854720212&CODE_STATE=getMsg HTTP/1.1" 200 27
116.238.139.35 - - [24/Dec/2022:12:05:06 +0800] "GET /xingrg/all/function/internal_message.html?_=1671854723188&CODE_STATE=getMsg HTTP/1.1" 200 27
114.84.38.109 - - [24/Dec/2022:12:05:15 +0800] "GET /xingrg/all/function/internal_message.html?_=1671854752054&CODE_STATE=getMsg HTTP/1.1" 200 27
114.84.171.241 - - [24/Dec/2022:12:05:32 +0800] "GET /xingrg/all/function/internal_message.html?_=1671854744239&CODE_STATE=getMsg HTTP/1.1" 200 27
124.78.159.78 - - [24/Dec/2022:12:05:34 +0800] "GET /xingrg/all/function/internal_message.html?_=1671854748692&CODE_STATE=getMsg HTTP/1.1" 200 27
114.84.38.109 - - [24/Dec/2022:12:05:43 +0800] "GET /xingrg/check_reg.html?_=1671854780101 HTTP/1.1" 200 22
124.79.245.154 - - [24/Dec/2022:12:05:45 +0800] "GET /xingrg/all/function/internal_message.html?_=1671854989306&CODE_STATE=getMsg HTTP/1.1" 200 27
222.69.192.184 - - [24/Dec/2022:12:05:52 +0800] "GET /xingrg/all/function/internal_message.html?_=1671854612232&CODE_STATE=getMsg HTTP/1.1" 200 27
114.84.38.109 - - [24/Dec/2022:12:06:02 +0800] "GET /xingrg/all/function/internal_message.html?_=1671854795355&CODE_STATE=getMsg HTTP/1.1" 302 -
101.80.225.213 - - [24/Dec/2022:12:06:04 +0800] "GET /xingrg/all/function/internal_message.html?_=1671854778036&CODE_STATE=getMsg HTTP/1.1" 200 27
116.230.105.139 - - [24/Dec/2022:12:06:05 +0800] "GET /xingrg/all/function/internal_message.html?_=1671854753687&CODE_STATE=getMsg HTTP/1.1" 200 27
124.78.159.78 - - [24/Dec/2022:12:06:06 +0800] "GET /xingrg/all/function/internal_message.html?_=1671854780213&CODE_STATE=getMsg HTTP/1.1" 200 27
116.238.139.35 - - [24/Dec/2022:12:06:06 +0800] "GET /xingrg/all/function/internal_message.html?_=1671854783159&CODE_STATE=getMsg HTTP/1.1" 200 27
114.84.38.109 - - [24/Dec/2022:12:06:15 +0800] "GET /xingrg/all/function/internal_message.html?_=1671854812059&CODE_STATE=getMsg HTTP/1.1" 200 27
114.84.171.241 - - [24/Dec/2022:12:06:32 +0800] "GET /xingrg/all/function/internal_message.html?_=1671854804239&CODE_STATE=getMsg HTTP/1.1" 200 27
58.221.95.50 - - [24/Dec/2022:12:06:33 +0800] "GET /xingrg/check_reg.html?_=1671854808271 HTTP/1.1" 302 -
124.78.159.78 - - [24/Dec/2022:12:06:34 +0800] "GET /xingrg/all/function/internal_message.html?_=1671854808692&CODE_STATE=getMsg HTTP/1.1" 200 27
124.79.245.154 - - [24/Dec/2022:12:06:45 +0800] "GET /xingrg/all/function/internal_message.html?_=1671855049304&CODE_STATE=getMsg HTTP/1.1" 200 27
114.84.171.241 - - [24/Dec/2022:12:06:51 +0800] "POST /xingrg/kc/buy/cgsh_list_operate.html HTTP/1.1" 200 564
114.84.171.241 - - [24/Dec/2022:12:06:52 +0800] "GET /xingrg/kc/buy/cgsh_order_info.html?code=212022121905155 HTTP/1.1" 200 68985
114.84.171.241 - - [24/Dec/2022:12:06:52 +0800] "GET /xingrg/javascript/easyui/themes/default/validatebox.css HTTP/1.1" 404 1104
222.69.192.184 - - [24/Dec/2022:12:06:52 +0800] "GET /xingrg/all/function/internal_message.html?_=1671854672225&CODE_STATE=getMsg HTTP/1.1" 200 27
114.84.171.241 - - [24/Dec/2022:12:06:53 +0800] "POST /xingrg/kc/buy/cgsh_order_operate.html HTTP/1.1" 200 13926
222.69.192.184 - - [24/Dec/2022:12:06:53 +0800] "GET /xingrg/check_reg.html?_=1671854673105 HTTP/1.1" 200 22
114.84.38.109 - - [24/Dec/2022:12:07:02 +0800] "GET /xingrg/all/function/internal_message.html?_=1671854855391&CODE_STATE=getMsg HTTP/1.1" 302 -
101.80.225.213 - - [24/Dec/2022:12:07:04 +0800] "GET /xingrg/all/function/internal_message.html?_=1671854838042&CODE_STATE=getMsg HTTP/1.1" 200 27
101.80.225.213 - - [24/Dec/2022:12:07:04 +0800] "GET /xingrg/check_reg.html?_=1671854838043 HTTP/1.1" 200 22
116.230.105.139 - - [24/Dec/2022:12:07:05 +0800] "GET /xingrg/all/function/internal_message.html?_=1671854813673&CODE_STATE=getMsg HTTP/1.1" 200 27
124.78.159.78 - - [24/Dec/2022:12:07:06 +0800] "GET /xingrg/all/function/internal_message.html?_=1671854840214&CODE_STATE=getMsg HTTP/1.1" 200 27
116.238.139.35 - - [24/Dec/2022:12:07:06 +0800] "GET /xingrg/all/function/internal_message.html?_=1671854843148&CODE_STATE=getMsg HTTP/1.1" 200 27
114.84.171.241 - - [24/Dec/2022:12:07:08 +0800] "POST /xingrg/kc/buy/cgsh_order_operate.html HTTP/1.1" 200 37
114.84.171.241 - - [24/Dec/2022:12:07:11 +0800] "POST /xingrg/kc/buy/cgsh_order_operate.html HTTP/1.1" 200 12
114.84.38.109 - - [24/Dec/2022:12:07:15 +0800] "GET /xingrg/all/function/internal_message.html?_=1671854872073&CODE_STATE=getMsg HTTP/1.1" 200 27
114.84.171.241 - - [24/Dec/2022:12:07:18 +0800] "GET /xingrg/kc/buy/cgsh_order_info.html?code=212022121905155 HTTP/1.1" 200 63881
114.84.171.241 - - [24/Dec/2022:12:07:18 +0800] "GET /xingrg/javascript/easyui/themes/default/validatebox.css HTTP/1.1" 404 1104
114.84.171.241 - - [24/Dec/2022:12:07:19 +0800] "POST /xingrg/kc/buy/cgsh_order_operate.html HTTP/1.1" 200 11870
114.84.171.241 - - [24/Dec/2022:12:07:23 +0800] "GET /xingrg/kc/print/load_config.html?kc_code=cgsh HTTP/1.1" 200 1943
114.84.171.241 - - [24/Dec/2022:12:07:23 +0800] "GET /xingrg/kc/print/load_data.html?order_code=212022121905155&kc_code=cgsh&condition= HTTP/1.1" 200 4964
116.192.124.172 - - [24/Dec/2022:12:07:28 +0800] "POST /xingrg/services/DataTransmitService HTTP/1.1" 200 524
114.84.171.241 - - [24/Dec/2022:12:07:32 +0800] "GET /xingrg/all/function/internal_message.html?_=1671854864243&CODE_STATE=getMsg HTTP/1.1" 200 27
124.78.159.78 - - [24/Dec/2022:12:07:34 +0800] "GET /xingrg/all/function/internal_message.html?_=1671854868717&CODE_STATE=getMsg HTTP/1.1" 200 27
124.79.245.154 - - [24/Dec/2022:12:07:45 +0800] "GET /xingrg/check_reg.html?_=1671855109303 HTTP/1.1" 200 22
124.79.245.154 - - [24/Dec/2022:12:07:45 +0800] "GET /xingrg/all/function/internal_message.html?_=1671855109304&CODE_STATE=getMsg HTTP/1.1" 200 27
222.69.192.184 - - [24/Dec/2022:12:07:52 +0800] "GET /xingrg/all/function/internal_message.html?_=1671854732204&CODE_STATE=getMsg HTTP/1.1" 200 27
114.84.38.109 - - [24/Dec/2022:12:08:02 +0800] "GET /xingrg/all/function/internal_message.html?_=1671854915397&CODE_STATE=getMsg HTTP/1.1" 302 -
101.80.225.213 - - [24/Dec/2022:12:08:04 +0800] "GET /xingrg/all/function/internal_message.html?_=1671854898047&CODE_STATE=getMsg HTTP/1.1" 200 27
116.230.105.139 - - [24/Dec/2022:12:08:05 +0800] "GET /xingrg/all/function/internal_message.html?_=1671854873672&CODE_STATE=getMsg HTTP/1.1" 200 27
124.78.159.78 - - [24/Dec/2022:12:08:06 +0800] "GET /xingrg/all/function/internal_message.html?_=1671854900213&CODE_STATE=getMsg HTTP/1.1" 200 27
124.78.159.78 - - [24/Dec/2022:12:08:06 +0800] "GET /xingrg/check_reg.html?_=1671854900212 HTTP/1.1" 200 22
116.238.139.35 - - [24/Dec/2022:12:08:06 +0800] "GET /xingrg/all/function/internal_message.html?_=1671854903133&CODE_STATE=getMsg HTTP/1.1" 200 27
180.165.52.19 - - [24/Dec/2022:12:08:07 +0800] "GET /xingrg/kc/buy/cgsh_order_list.html HTTP/1.1" 200 54088
180.165.52.19 - - [24/Dec/2022:12:08:08 +0800] "POST /xingrg/kc/buy/cgsh_list_operate.html HTTP/1.1" 200 986
180.165.52.19 - - [24/Dec/2022:12:08:08 +0800] "GET /xingrg/javascript/easyui/themes/default/images/button_plain_hover.png HTTP/1.1" 200 144
180.165.52.19 - - [24/Dec/2022:12:08:09 +0800] "GET /xingrg/javascript/pic_change.js HTTP/1.1" 200 4739
180.165.52.19 - - [24/Dec/2022:12:08:09 +0800] "GET /xingrg/javascript/convert.js HTTP/1.1" 200 1239
180.165.52.19 - - [24/Dec/2022:12:08:09 +0800] "GET /xingrg/kc/buy/cgsh_order_add.html HTTP/1.1" 200 69896
180.165.52.19 - - [24/Dec/2022:12:08:09 +0800] "GET /xingrg/javascript/print/kc_print.js HTTP/1.1" 200 11415
180.165.52.19 - - [24/Dec/2022:12:08:09 +0800] "GET /xingrg/javascript/json2.js HTTP/1.1" 200 11259
180.165.52.19 - - [24/Dec/2022:12:08:09 +0800] "GET /xingrg/javascript/jquery_tools/order_manager.js HTTP/1.1" 200 11183
180.165.52.19 - - [24/Dec/2022:12:08:09 +0800] "GET /xingrg/words/20221222132041_words.js HTTP/1.1" 200 939558
180.165.52.19 - - [24/Dec/2022:12:08:09 +0800] "GET /xingrg/javascript/easyui/themes/icons/copy_new.png HTTP/1.1" 200 815
180.165.52.19 - - [24/Dec/2022:12:08:09 +0800] "GET /xingrg/javascript/easyui/themes/icons/ok.png HTTP/1.1" 200 883
180.165.52.19 - - [24/Dec/2022:12:08:09 +0800] "GET /xingrg/javascript/easyui/themes/icons/template_new.png HTTP/1.1" 200 3956
180.165.52.19 - - [24/Dec/2022:12:08:09 +0800] "GET /xingrg/javascript/easyui/themes/icons/print.png HTTP/1.1" 200 1057
180.165.52.19 - - [24/Dec/2022:12:08:09 +0800] "GET /xingrg/javascript/easyui/themes/default/images/menu_downarrow.png HTTP/1.1" 200 173
180.165.52.19 - - [24/Dec/2022:12:08:09 +0800] "GET /xingrg/javascript/easyui/themes/icons/cancel.png HTTP/1.1" 200 1133
180.165.52.19 - - [24/Dec/2022:12:08:10 +0800] "POST /xingrg/kc/buy/cgsh_order_operate.html HTTP/1.1" 200 8245
180.165.52.19 - - [24/Dec/2022:12:08:10 +0800] "GET /xingrg/all/common/auto_word.html?type=employee&rest_code=00108 HTTP/1.1" 200 101
180.165.52.19 - - [24/Dec/2022:12:08:10 +0800] "GET /xingrg/javascript/easyui/themes/default/validatebox.css HTTP/1.1" 404 1104
180.165.52.19 - - [24/Dec/2022:12:08:10 +0800] "GET /xingrg/all/common/auto_word.html?type=employee&rest_code=00108 HTTP/1.1" 200 101
180.165.52.19 - - [24/Dec/2022:12:08:10 +0800] "GET /xingrg/javascript/easyui/plugins/jquery.validatebox.js HTTP/1.1" 200 6103
180.165.52.19 - - [24/Dec/2022:12:08:10 +0800] "GET /xingrg/javascript/easyui/themes/icons/edit_remove.png HTTP/1.1" 200 625
180.165.52.19 - - [24/Dec/2022:12:08:10 +0800] "GET /xingrg/javascript/easyui/plugins/jquery.numberbox.js HTTP/1.1" 200 5213
114.84.38.109 - - [24/Dec/2022:12:08:15 +0800] "GET /xingrg/all/function/internal_message.html?_=1671854932116&CODE_STATE=getMsg HTTP/1.1" 200 27
180.165.52.19 - - [24/Dec/2022:12:08:16 +0800] "GET /xingrg/javascript/auto/indicator.gif HTTP/1.1" 404 1066
180.165.52.19 - - [24/Dec/2022:12:08:17 +0800] "GET /xingrg/javascript/jquery_tools/images/prev.gif HTTP/1.1" 404 1086
180.165.52.19 - - [24/Dec/2022:12:08:17 +0800] "GET /xingrg/javascript/jquery_tools/images/next.gif HTTP/1.1" 404 1086
114.84.38.109 - - [24/Dec/2022:12:08:20 +0800] "GET /xingrg/check_reg.html?_=1671854933947 HTTP/1.1" 302 -
116.238.139.35 - - [24/Dec/2022:12:08:29 +0800] "POST /xingrg/services/DataTransmitService HTTP/1.1" 200 524
116.238.139.35 - - [24/Dec/2022:12:08:30 +0800] "POST /xingrg/services/DataTransmitService HTTP/1.1" 200 412
114.84.171.241 - - [24/Dec/2022:12:08:32 +0800] "GET /xingrg/all/function/internal_message.html?_=1671854924247&CODE_STATE=getMsg HTTP/1.1" 200 27
124.78.159.78 - - [24/Dec/2022:12:08:34 +0800] "GET /xingrg/check_reg.html?_=1671854928705 HTTP/1.1" 200 22
124.78.159.78 - - [24/Dec/2022:12:08:34 +0800] "GET /xingrg/all/function/internal_message.html?_=1671854928706&CODE_STATE=getMsg HTTP/1.1" 200 27
180.165.52.19 - - [24/Dec/2022:12:08:36 +0800] "GET /xingrg/kc/buy/cgsh_order_operate.html?command=get_materiel&rest_code=00108&code=00102015019&supplier_code=00100151&order_time=2022-12-24 HTTP/1.1" 200 421
116.238.139.35 - - [24/Dec/2022:12:08:41 +0800] "GET /xingrg/check_reg.html?_=1671854937347 HTTP/1.1" 200 22
124.79.245.154 - - [24/Dec/2022:12:08:45 +0800] "GET /xingrg/all/function/internal_message.html?_=1671855169302&CODE_STATE=getMsg HTTP/1.1" 200 27
222.69.192.184 - - [24/Dec/2022:12:08:52 +0800] "GET /xingrg/all/function/internal_message.html?_=1671854792192&CODE_STATE=getMsg HTTP/1.1" 200 27
114.84.38.109 - - [24/Dec/2022:12:09:02 +0800] "GET /xingrg/all/function/internal_message.html?_=1671854975430&CODE_STATE=getMsg HTTP/1.1" 302 -
101.80.225.213 - - [24/Dec/2022:12:09:04 +0800] "GET /xingrg/all/function/internal_message.html?_=1671854958038&CODE_STATE=getMsg HTTP/1.1" 200 27
116.230.105.139 - - [24/Dec/2022:12:09:05 +0800] "GET /xingrg/all/function/internal_message.html?_=1671854933677&CODE_STATE=getMsg HTTP/1.1" 200 27
124.78.159.78 - - [24/Dec/2022:12:09:06 +0800] "GET /xingrg/all/function/internal_message.html?_=1671854960238&CODE_STATE=getMsg HTTP/1.1" 200 27
116.238.139.35 - - [24/Dec/2022:12:09:06 +0800] "GET /xingrg/all/function/internal_message.html?_=1671854963111&CODE_STATE=getMsg HTTP/1.1" 200 27
114.84.38.109 - - [24/Dec/2022:12:09:15 +0800] "GET /xingrg/all/function/internal_message.html?_=1671854992131&CODE_STATE=getMsg HTTP/1.1" 200 27
114.84.171.241 - - [24/Dec/2022:12:09:32 +0800] "GET /xingrg/check_reg.html?_=1671854984242 HTTP/1.1" 200 22
114.84.171.241 - - [24/Dec/2022:12:09:32 +0800] "GET /xingrg/all/function/internal_message.html?_=1671854984244&CODE_STATE=getMsg HTTP/1.1" 200 27
