114.84.38.109 - - [24/Dec/2022:14:45:18 +0800] "GET /xingrg/all/function/internal_message.html?_=1671864355453&CODE_STATE=getMsg HTTP/1.1" 200 27
116.238.139.35 - - [24/Dec/2022:14:45:20 +0800] "GET /xingrg/check_reg.html?_=1671864336813 HTTP/1.1" 200 22
180.162.115.6 - - [24/Dec/2022:14:45:23 +0800] "GET /xingrg/all/function/internal_message.html?_=1671863337439&CODE_STATE=getMsg HTTP/1.1" 200 27
114.84.171.241 - - [24/Dec/2022:14:45:33 +0800] "GET /xingrg/all/function/internal_message.html?_=1671864344458&CODE_STATE=getMsg HTTP/1.1" 200 27
114.84.38.109 - - [24/Dec/2022:14:45:43 +0800] "GET /xingrg/check_reg.html?_=1671864380277 HTTP/1.1" 200 22
101.93.183.100 - - [24/Dec/2022:14:45:44 +0800] "GET /xingrg/all/function/internal_message.html?_=1671864358155&CODE_STATE=getMsg HTTP/1.1" 200 27
124.79.245.154 - - [24/Dec/2022:14:45:45 +0800] "GET /xingrg/all/function/internal_message.html?_=1671864589551&CODE_STATE=getMsg HTTP/1.1" 200 27
101.80.225.213 - - [24/Dec/2022:14:45:47 +0800] "GET /xingrg/kc/base/wlsy_order_operate.html?command=get_materiel&rest_code=00156&base_code=0010787&code=00101009113 HTTP/1.1" 200 430
222.69.192.184 - - [24/Dec/2022:14:45:50 +0800] "GET /xingrg/all/function/internal_message.html?_=1671864209929&CODE_STATE=getMsg HTTP/1.1" 200 27
101.80.225.213 - - [24/Dec/2022:14:45:56 +0800] "GET /xingrg/all/function/internal_message.html?_=1671864370826&CODE_STATE=getMsg HTTP/1.1" 200 27
101.80.225.213 - - [24/Dec/2022:14:46:00 +0800] "GET /xingrg/kc/base/wlsy_order_operate.html?command=get_materiel&rest_code=00156&base_code=0010787&code=00101015129 HTTP/1.1" 200 426
101.80.225.213 - - [24/Dec/2022:14:46:04 +0800] "GET /xingrg/all/function/internal_message.html?_=1671864378379&CODE_STATE=getMsg HTTP/1.1" 200 27
116.230.105.139 - - [24/Dec/2022:14:46:05 +0800] "GET /xingrg/all/function/internal_message.html?_=1671864353675&CODE_STATE=getMsg HTTP/1.1" 200 27
101.80.225.213 - - [24/Dec/2022:14:46:06 +0800] "GET /xingrg/kc/base/wlsy_order_operate.html?command=get_materiel&rest_code=00156&base_code=0010787&code=00101008132 HTTP/1.1" 200 426
101.80.225.213 - - [24/Dec/2022:14:46:15 +0800] "POST /xingrg/kc/base/wlsy_order_operate.html HTTP/1.1" 200 37
101.80.225.213 - - [24/Dec/2022:14:46:15 +0800] "POST /xingrg/kc/base/wlsy_order_operate.html HTTP/1.1" 200 11592
116.238.139.35 - - [24/Dec/2022:14:46:18 +0800] "GET /xingrg/all/function/internal_message.html?_=1671864394724&CODE_STATE=getMsg HTTP/1.1" 200 27
114.84.38.109 - - [24/Dec/2022:14:46:18 +0800] "GET /xingrg/all/function/internal_message.html?_=1671864415465&CODE_STATE=getMsg HTTP/1.1" 200 27
101.80.225.213 - - [24/Dec/2022:14:46:22 +0800] "GET /xingrg/kc/base/wlsy_order_info.html?code=412022122400016 HTTP/1.1" 200 28687
101.80.225.213 - - [24/Dec/2022:14:46:22 +0800] "GET /xingrg/javascript/easyui/themes/default/validatebox.css HTTP/1.1" 404 1104
101.80.225.213 - - [24/Dec/2022:14:46:22 +0800] "GET /xingrg/all/common/auto_word.html?type=base&rest_code=00156 HTTP/1.1" 200 1903
101.80.225.213 - - [24/Dec/2022:14:46:22 +0800] "POST /xingrg/kc/base/wlsy_order_operate.html HTTP/1.1" 200 11592
180.162.115.6 - - [24/Dec/2022:14:46:23 +0800] "GET /xingrg/all/function/internal_message.html?_=1671863397439&CODE_STATE=getMsg HTTP/1.1" 200 27
101.80.225.213 - - [24/Dec/2022:14:46:26 +0800] "POST /xingrg/kc/base/wlsy_order_operate.html HTTP/1.1" 200 37
101.80.225.213 - - [24/Dec/2022:14:46:26 +0800] "POST /xingrg/kc/base/wlsy_order_operate.html HTTP/1.1" 200 11592
101.80.225.213 - - [24/Dec/2022:14:46:28 +0800] "POST /xingrg/kc/base/wlsy_order_operate.html HTTP/1.1" 200 12
58.221.95.50 - - [24/Dec/2022:14:46:32 +0800] "GET /xingrg/check_reg.html?_=1671864406375 HTTP/1.1" 302 -
114.84.171.241 - - [24/Dec/2022:14:46:33 +0800] "GET /xingrg/all/function/internal_message.html?_=1671864404458&CODE_STATE=getMsg HTTP/1.1" 200 27
101.80.225.213 - - [24/Dec/2022:14:46:33 +0800] "GET /xingrg/kc/base/wlsy_order_info.html?code=412022122400016 HTTP/1.1" 200 25226
101.80.225.213 - - [24/Dec/2022:14:46:33 +0800] "GET /xingrg/javascript/easyui/themes/default/validatebox.css HTTP/1.1" 404 1104
101.80.225.213 - - [24/Dec/2022:14:46:33 +0800] "POST /xingrg/kc/base/wlsy_order_operate.html HTTP/1.1" 200 9815
101.80.225.213 - - [24/Dec/2022:14:46:39 +0800] "POST /xingrg/kc/base/wlsy_list_operate.html?syType=0 HTTP/1.1" 200 862
101.80.225.213 - - [24/Dec/2022:14:46:40 +0800] "GET /xingrg/kc/base/wlsy_order_add.html?syType=0 HTTP/1.1" 200 28593
101.80.225.213 - - [24/Dec/2022:14:46:40 +0800] "POST /xingrg/kc/base/wlsy_order_operate.html HTTP/1.1" 200 6806
101.80.225.213 - - [24/Dec/2022:14:46:40 +0800] "GET /xingrg/all/common/auto_word.html?type=base&rest_code=00156 HTTP/1.1" 200 1903
101.80.225.213 - - [24/Dec/2022:14:46:40 +0800] "GET /xingrg/javascript/easyui/themes/default/validatebox.css HTTP/1.1" 404 1104
101.93.183.100 - - [24/Dec/2022:14:46:44 +0800] "GET /xingrg/all/function/internal_message.html?_=1671864418141&CODE_STATE=getMsg HTTP/1.1" 200 27
124.79.245.154 - - [24/Dec/2022:14:46:45 +0800] "GET /xingrg/all/function/internal_message.html?_=1671864649561&CODE_STATE=getMsg HTTP/1.1" 200 27
222.69.192.184 - - [24/Dec/2022:14:46:50 +0800] "GET /xingrg/all/function/internal_message.html?_=1671864269922&CODE_STATE=getMsg HTTP/1.1" 200 27
222.69.192.184 - - [24/Dec/2022:14:46:53 +0800] "GET /xingrg/check_reg.html?_=1671864272671 HTTP/1.1" 200 22
124.78.159.78 - - [24/Dec/2022:14:46:56 +0800] "POST /xingrg/services/DataTransmitService HTTP/1.1" 200 524
101.80.225.213 - - [24/Dec/2022:14:46:56 +0800] "GET /xingrg/all/function/internal_message.html?_=1671864430836&CODE_STATE=getMsg HTTP/1.1" 200 27
124.78.159.78 - - [24/Dec/2022:14:46:56 +0800] "POST /xingrg/services/DataTransmitService HTTP/1.1" 200 412
101.80.225.213 - - [24/Dec/2022:14:47:04 +0800] "GET /xingrg/all/function/internal_message.html?_=1671864438362&CODE_STATE=getMsg HTTP/1.1" 200 27
101.80.225.213 - - [24/Dec/2022:14:47:04 +0800] "GET /xingrg/check_reg.html?_=1671864438365 HTTP/1.1" 200 22
116.230.105.139 - - [24/Dec/2022:14:47:05 +0800] "GET /xingrg/all/function/internal_message.html?_=1671864413672&CODE_STATE=getMsg HTTP/1.1" 200 27
116.238.139.35 - - [24/Dec/2022:14:47:18 +0800] "GET /xingrg/all/function/internal_message.html?_=1671864454711&CODE_STATE=getMsg HTTP/1.1" 200 27
114.84.38.109 - - [24/Dec/2022:14:47:18 +0800] "GET /xingrg/all/function/internal_message.html?_=1671864475481&CODE_STATE=getMsg HTTP/1.1" 200 27
101.80.225.213 - - [24/Dec/2022:14:47:21 +0800] "GET /xingrg/javascript/jquery_tools/images/prev.gif HTTP/1.1" 404 1086
101.80.225.213 - - [24/Dec/2022:14:47:21 +0800] "GET /xingrg/javascript/jquery_tools/images/next.gif HTTP/1.1" 404 1086
101.83.241.168 - - [24/Dec/2022:14:47:21 +0800] "POST /xingrg/services/DataTransmitService HTTP/1.1" 200 524
180.162.115.6 - - [24/Dec/2022:14:47:23 +0800] "GET /xingrg/all/function/internal_message.html?_=1671863457433&CODE_STATE=getMsg HTTP/1.1" 200 27
101.83.241.168 - - [24/Dec/2022:14:47:23 +0800] "POST /xingrg/services/DataTransmitService HTTP/1.1" 200 501
101.83.241.168 - - [24/Dec/2022:14:47:23 +0800] "POST /xingrg/services/DataTransmitService HTTP/1.1" 200 501
101.83.241.168 - - [24/Dec/2022:14:47:24 +0800] "POST /xingrg/services/DataTransmitService HTTP/1.1" 200 501
101.83.241.168 - - [24/Dec/2022:14:47:24 +0800] "POST /xingrg/services/DataTransmitService HTTP/1.1" 200 501
101.83.241.168 - - [24/Dec/2022:14:47:24 +0800] "POST /xingrg/services/DataTransmitService HTTP/1.1" 200 501
101.83.241.168 - - [24/Dec/2022:14:47:24 +0800] "POST /xingrg/services/DataTransmitService HTTP/1.1" 200 501
101.83.241.168 - - [24/Dec/2022:14:47:25 +0800] "POST /xingrg/services/DataTransmitService HTTP/1.1" 200 501
101.83.241.168 - - [24/Dec/2022:14:47:25 +0800] "POST /xingrg/services/DataTransmitService HTTP/1.1" 200 501
101.83.241.168 - - [24/Dec/2022:14:47:25 +0800] "POST /xingrg/services/DataTransmitService HTTP/1.1" 200 412
185.180.143.140 - - [24/Dec/2022:14:47:32 +0800] "GET / HTTP/1.1" 404 -
114.84.171.241 - - [24/Dec/2022:14:47:33 +0800] "GET /xingrg/all/function/internal_message.html?_=1671864464457&CODE_STATE=getMsg HTTP/1.1" 200 27
101.93.183.100 - - [24/Dec/2022:14:47:44 +0800] "GET /xingrg/all/function/internal_message.html?_=1671864478145&CODE_STATE=getMsg HTTP/1.1" 200 27
124.79.245.154 - - [24/Dec/2022:14:47:45 +0800] "GET /xingrg/check_reg.html?_=1671864709559 HTTP/1.1" 200 22
124.79.245.154 - - [24/Dec/2022:14:47:45 +0800] "GET /xingrg/all/function/internal_message.html?_=1671864709560&CODE_STATE=getMsg HTTP/1.1" 200 27
101.80.225.213 - - [24/Dec/2022:14:47:48 +0800] "GET /xingrg/kc/base/wlsy_order_operate.html?command=get_materiel&rest_code=00156&base_code=0010790&code=00101008301 HTTP/1.1" 200 439
222.69.192.184 - - [24/Dec/2022:14:47:50 +0800] "GET /xingrg/all/function/internal_message.html?_=1671864329895&CODE_STATE=getMsg HTTP/1.1" 200 27
101.80.225.213 - - [24/Dec/2022:14:47:56 +0800] "GET /xingrg/all/function/internal_message.html?_=1671864490837&CODE_STATE=getMsg HTTP/1.1" 200 27
101.80.225.213 - - [24/Dec/2022:14:47:56 +0800] "GET /xingrg/check_reg.html?_=1671864490838 HTTP/1.1" 200 22
101.80.225.213 - - [24/Dec/2022:14:47:59 +0800] "GET /xingrg/kc/base/wlsy_order_operate.html?command=get_materiel&rest_code=00156&base_code=0010790&code=00101010475 HTTP/1.1" 200 424
101.80.225.213 - - [24/Dec/2022:14:48:04 +0800] "GET /xingrg/all/function/internal_message.html?_=1671864498369&CODE_STATE=getMsg HTTP/1.1" 200 27
116.230.105.139 - - [24/Dec/2022:14:48:05 +0800] "GET /xingrg/all/function/internal_message.html?_=1671864473677&CODE_STATE=getMsg HTTP/1.1" 200 27
116.238.139.35 - - [24/Dec/2022:14:48:18 +0800] "GET /xingrg/all/function/internal_message.html?_=1671864514684&CODE_STATE=getMsg HTTP/1.1" 200 27
114.84.38.109 - - [24/Dec/2022:14:48:19 +0800] "GET /xingrg/all/function/internal_message.html?_=1671864535523&CODE_STATE=getMsg HTTP/1.1" 200 27
180.162.115.6 - - [24/Dec/2022:14:48:23 +0800] "GET /xingrg/all/function/internal_message.html?_=1671863517433&CODE_STATE=getMsg HTTP/1.1" 200 27
114.84.171.241 - - [24/Dec/2022:14:48:33 +0800] "GET /xingrg/all/function/internal_message.html?_=1671864524455&CODE_STATE=getMsg HTTP/1.1" 200 27
101.80.225.213 - - [24/Dec/2022:14:48:37 +0800] "GET /xingrg/kc/base/wlsy_order_operate.html?command=get_materiel&rest_code=00156&base_code=0010790&code=00101006130 HTTP/1.1" 200 442
101.93.183.100 - - [24/Dec/2022:14:48:44 +0800] "GET /xingrg/all/function/internal_message.html?_=1671864538147&CODE_STATE=getMsg HTTP/1.1" 200 27
101.93.183.100 - - [24/Dec/2022:14:48:44 +0800] "GET /xingrg/check_reg.html?_=1671864538149 HTTP/1.1" 200 22
124.79.245.154 - - [24/Dec/2022:14:48:45 +0800] "GET /xingrg/all/function/internal_message.html?_=1671864769551&CODE_STATE=getMsg HTTP/1.1" 200 27
124.79.245.154 - - [24/Dec/2022:14:48:47 +0800] "POST /xingrg/services/DataTransmitService HTTP/1.1" 200 524
222.69.192.184 - - [24/Dec/2022:14:48:50 +0800] "GET /xingrg/all/function/internal_message.html?_=1671864389878&CODE_STATE=getMsg HTTP/1.1" 200 27
101.80.225.213 - - [24/Dec/2022:14:48:56 +0800] "GET /xingrg/all/function/internal_message.html?_=1671864550833&CODE_STATE=getMsg HTTP/1.1" 200 27
101.80.225.213 - - [24/Dec/2022:14:49:04 +0800] "GET /xingrg/all/function/internal_message.html?_=1671864558373&CODE_STATE=getMsg HTTP/1.1" 200 27
116.230.105.139 - - [24/Dec/2022:14:49:05 +0800] "GET /xingrg/all/function/internal_message.html?_=1671864533673&CODE_STATE=getMsg HTTP/1.1" 200 27
116.238.139.35 - - [24/Dec/2022:14:49:18 +0800] "GET /xingrg/all/function/internal_message.html?_=1671864574669&CODE_STATE=getMsg HTTP/1.1" 200 27
114.84.38.109 - - [24/Dec/2022:14:49:19 +0800] "GET /xingrg/all/function/internal_message.html?_=1671864595538&CODE_STATE=getMsg HTTP/1.1" 200 27
180.162.115.6 - - [24/Dec/2022:14:49:23 +0800] "GET /xingrg/all/function/internal_message.html?_=1671863577434&CODE_STATE=getMsg HTTP/1.1" 200 27
180.162.115.6 - - [24/Dec/2022:14:49:23 +0800] "GET /xingrg/check_reg.html?_=1671863577436 HTTP/1.1" 200 22
114.84.171.241 - - [24/Dec/2022:14:49:33 +0800] "GET /xingrg/all/function/internal_message.html?_=1671864584481&CODE_STATE=getMsg HTTP/1.1" 200 27
114.84.171.241 - - [24/Dec/2022:14:49:33 +0800] "GET /xingrg/check_reg.html?_=1671864584482 HTTP/1.1" 200 22
101.93.183.100 - - [24/Dec/2022:14:49:44 +0800] "GET /xingrg/all/function/internal_message.html?_=1671864598146&CODE_STATE=getMsg HTTP/1.1" 200 27
124.79.245.154 - - [24/Dec/2022:14:49:45 +0800] "GET /xingrg/all/function/internal_message.html?_=1671864829563&CODE_STATE=getMsg HTTP/1.1" 200 27
222.69.192.184 - - [24/Dec/2022:14:49:50 +0800] "GET /xingrg/all/function/internal_message.html?_=1671864449867&CODE_STATE=getMsg HTTP/1.1" 200 27
101.80.225.213 - - [24/Dec/2022:14:49:56 +0800] "GET /xingrg/all/function/internal_message.html?_=1671864610840&CODE_STATE=getMsg HTTP/1.1" 200 27
180.165.52.19 - - [24/Dec/2022:14:50:02 +0800] "GET /xingrg/check_reg.html?_=1671864615369 HTTP/1.1" 200 22
101.80.225.213 - - [24/Dec/2022:14:50:04 +0800] "GET /xingrg/all/function/internal_message.html?_=1671864618382&CODE_STATE=getMsg HTTP/1.1" 200 27
116.230.105.139 - - [24/Dec/2022:14:50:05 +0800] "GET /xingrg/check_reg.html?_=1671864593665 HTTP/1.1" 200 22
116.230.105.139 - - [24/Dec/2022:14:50:05 +0800] "GET /xingrg/all/function/internal_message.html?_=1671864593667&CODE_STATE=getMsg HTTP/1.1" 200 27
116.238.139.35 - - [24/Dec/2022:14:50:18 +0800] "GET /xingrg/all/function/internal_message.html?_=1671864634659&CODE_STATE=getMsg HTTP/1.1" 200 27
114.84.38.109 - - [24/Dec/2022:14:50:19 +0800] "GET /xingrg/all/function/internal_message.html?_=1671864655571&CODE_STATE=getMsg HTTP/1.1" 200 27
116.238.139.35 - - [24/Dec/2022:14:50:20 +0800] "GET /xingrg/check_reg.html?_=1671864636817 HTTP/1.1" 200 22
180.162.115.6 - - [24/Dec/2022:14:50:23 +0800] "GET /xingrg/all/function/internal_message.html?_=1671863637436&CODE_STATE=getMsg HTTP/1.1" 200 27
114.84.171.241 - - [24/Dec/2022:14:50:33 +0800] "GET /xingrg/all/function/internal_message.html?_=1671864644480&CODE_STATE=getMsg HTTP/1.1" 200 27
114.84.38.109 - - [24/Dec/2022:14:50:43 +0800] "GET /xingrg/check_reg.html?_=1671864680276 HTTP/1.1" 200 22
101.93.183.100 - - [24/Dec/2022:14:50:44 +0800] "GET /xingrg/all/function/internal_message.html?_=1671864658136&CODE_STATE=getMsg HTTP/1.1" 200 27
124.79.245.154 - - [24/Dec/2022:14:50:45 +0800] "GET /xingrg/all/function/internal_message.html?_=1671864889562&CODE_STATE=getMsg HTTP/1.1" 200 27
222.69.192.184 - - [24/Dec/2022:14:50:50 +0800] "GET /xingrg/all/function/internal_message.html?_=1671864509856&CODE_STATE=getMsg HTTP/1.1" 200 27
101.80.225.213 - - [24/Dec/2022:14:50:56 +0800] "GET /xingrg/all/function/internal_message.html?_=1671864670837&CODE_STATE=getMsg HTTP/1.1" 200 27
101.80.225.213 - - [24/Dec/2022:14:51:04 +0800] "GET /xingrg/all/function/internal_message.html?_=1671864678376&CODE_STATE=getMsg HTTP/1.1" 200 27
116.230.105.139 - - [24/Dec/2022:14:51:05 +0800] "GET /xingrg/all/function/internal_message.html?_=1671864653674&CODE_STATE=getMsg HTTP/1.1" 200 27
116.238.139.35 - - [24/Dec/2022:14:51:18 +0800] "GET /xingrg/all/function/internal_message.html?_=1671864694635&CODE_STATE=getMsg HTTP/1.1" 200 27
114.84.38.109 - - [24/Dec/2022:14:51:19 +0800] "GET /xingrg/all/function/internal_message.html?_=1671864715580&CODE_STATE=getMsg HTTP/1.1" 200 27
180.162.115.6 - - [24/Dec/2022:14:51:23 +0800] "GET /xingrg/all/function/internal_message.html?_=1671863697437&CODE_STATE=getMsg HTTP/1.1" 200 27
58.221.95.50 - - [24/Dec/2022:14:51:32 +0800] "GET /xingrg/check_reg.html?_=1671864706367 HTTP/1.1" 302 -
114.84.171.241 - - [24/Dec/2022:14:51:33 +0800] "GET /xingrg/all/function/internal_message.html?_=1671864704493&CODE_STATE=getMsg HTTP/1.1" 200 27
101.93.183.100 - - [24/Dec/2022:14:51:44 +0800] "GET /xingrg/all/function/internal_message.html?_=1671864718134&CODE_STATE=getMsg HTTP/1.1" 200 27
124.79.245.154 - - [24/Dec/2022:14:51:45 +0800] "GET /xingrg/all/function/internal_message.html?_=1671864949561&CODE_STATE=getMsg HTTP/1.1" 200 27
222.69.192.184 - - [24/Dec/2022:14:51:50 +0800] "GET /xingrg/all/function/internal_message.html?_=1671864569845&CODE_STATE=getMsg HTTP/1.1" 200 27
222.69.192.184 - - [24/Dec/2022:14:51:53 +0800] "GET /xingrg/check_reg.html?_=1671864572665 HTTP/1.1" 200 22
101.80.225.213 - - [24/Dec/2022:14:51:56 +0800] "GET /xingrg/all/function/internal_message.html?_=1671864730843&CODE_STATE=getMsg HTTP/1.1" 200 27
101.80.225.213 - - [24/Dec/2022:14:52:04 +0800] "GET /xingrg/check_reg.html?_=1671864738368 HTTP/1.1" 200 22
101.80.225.213 - - [24/Dec/2022:14:52:04 +0800] "GET /xingrg/all/function/internal_message.html?_=1671864738371&CODE_STATE=getMsg HTTP/1.1" 200 27
116.230.105.139 - - [24/Dec/2022:14:52:05 +0800] "GET /xingrg/all/function/internal_message.html?_=1671864713662&CODE_STATE=getMsg HTTP/1.1" 200 27
116.238.139.35 - - [24/Dec/2022:14:52:18 +0800] "GET /xingrg/all/function/internal_message.html?_=1671864754621&CODE_STATE=getMsg HTTP/1.1" 200 27
114.84.38.109 - - [24/Dec/2022:14:52:19 +0800] "GET /xingrg/all/function/internal_message.html?_=1671864775593&CODE_STATE=getMsg HTTP/1.1" 200 27
180.162.115.6 - - [24/Dec/2022:14:52:23 +0800] "GET /xingrg/all/function/internal_message.html?_=1671863757438&CODE_STATE=getMsg HTTP/1.1" 200 27
114.84.171.241 - - [24/Dec/2022:14:52:33 +0800] "GET /xingrg/all/function/internal_message.html?_=1671864764491&CODE_STATE=getMsg HTTP/1.1" 200 27
101.93.183.100 - - [24/Dec/2022:14:52:44 +0800] "GET /xingrg/all/function/internal_message.html?_=1671864778139&CODE_STATE=getMsg HTTP/1.1" 200 27
124.79.245.154 - - [24/Dec/2022:14:52:45 +0800] "GET /xingrg/all/function/internal_message.html?_=1671865009561&CODE_STATE=getMsg HTTP/1.1" 200 27
124.79.245.154 - - [24/Dec/2022:14:52:45 +0800] "GET /xingrg/check_reg.html?_=1671865009560 HTTP/1.1" 200 22
222.69.192.184 - - [24/Dec/2022:14:52:50 +0800] "GET /xingrg/all/function/internal_message.html?_=1671864629834&CODE_STATE=getMsg HTTP/1.1" 200 27
101.80.225.213 - - [24/Dec/2022:14:52:56 +0800] "GET /xingrg/all/function/internal_message.html?_=1671864790838&CODE_STATE=getMsg HTTP/1.1" 200 27
101.80.225.213 - - [24/Dec/2022:14:52:56 +0800] "GET /xingrg/check_reg.html?_=1671864790839 HTTP/1.1" 200 22
101.80.225.213 - - [24/Dec/2022:14:53:04 +0800] "GET /xingrg/all/function/internal_message.html?_=1671864798398&CODE_STATE=getMsg HTTP/1.1" 200 27
116.230.105.139 - - [24/Dec/2022:14:53:05 +0800] "GET /xingrg/all/function/internal_message.html?_=1671864773664&CODE_STATE=getMsg HTTP/1.1" 200 27
101.80.228.88 - - [24/Dec/2022:14:53:09 +0800] "POST /xingrg/services/DataTransmitService HTTP/1.1" 200 524
101.80.228.88 - - [24/Dec/2022:14:53:10 +0800] "POST /xingrg/services/DataTransmitService HTTP/1.1" 200 412
116.238.139.35 - - [24/Dec/2022:14:53:18 +0800] "GET /xingrg/all/function/internal_message.html?_=1671864814605&CODE_STATE=getMsg HTTP/1.1" 200 27
114.84.38.109 - - [24/Dec/2022:14:53:19 +0800] "GET /xingrg/all/function/internal_message.html?_=1671864835632&CODE_STATE=getMsg HTTP/1.1" 200 27
180.162.115.6 - - [24/Dec/2022:14:53:23 +0800] "GET /xingrg/all/function/internal_message.html?_=1671863817439&CODE_STATE=getMsg HTTP/1.1" 200 27
101.80.225.213 - - [24/Dec/2022:14:53:31 +0800] "GET /xingrg/kc/base/wlsy_order_operate.html?command=get_materiel&rest_code=00156&base_code=0010790&code=00101006130 HTTP/1.1" 200 442
114.84.171.241 - - [24/Dec/2022:14:53:33 +0800] "GET /xingrg/all/function/internal_message.html?_=1671864824490&CODE_STATE=getMsg HTTP/1.1" 200 27
101.80.225.213 - - [24/Dec/2022:14:53:39 +0800] "GET /xingrg/kc/base/wlsy_order_operate.html?command=get_materiel&rest_code=00156&base_code=0010790&code=00101006168 HTTP/1.1" 200 438
101.80.225.213 - - [24/Dec/2022:14:53:43 +0800] "GET /xingrg/kc/base/wlsy_order_operate.html?command=get_materiel&rest_code=00156&base_code=0010790&code=00101006127 HTTP/1.1" 200 437
101.93.183.100 - - [24/Dec/2022:14:53:44 +0800] "GET /xingrg/check_reg.html?_=1671864838143 HTTP/1.1" 200 22
101.93.183.100 - - [24/Dec/2022:14:53:44 +0800] "GET /xingrg/all/function/internal_message.html?_=1671864838147&CODE_STATE=getMsg HTTP/1.1" 200 27
124.79.245.154 - - [24/Dec/2022:14:53:45 +0800] "GET /xingrg/all/function/internal_message.html?_=1671865069560&CODE_STATE=getMsg HTTP/1.1" 200 27
116.230.105.139 - - [24/Dec/2022:14:53:50 +0800] "POST /xingrg/services/DataTransmitService HTTP/1.1" 200 524
222.69.192.184 - - [24/Dec/2022:14:53:50 +0800] "GET /xingrg/all/function/internal_message.html?_=1671864689823&CODE_STATE=getMsg HTTP/1.1" 200 27
116.230.105.139 - - [24/Dec/2022:14:53:50 +0800] "POST /xingrg/services/DataTransmitService HTTP/1.1" 200 501
116.230.105.139 - - [24/Dec/2022:14:53:50 +0800] "POST /xingrg/services/DataTransmitService HTTP/1.1" 200 501
116.230.105.139 - - [24/Dec/2022:14:53:50 +0800] "POST /xingrg/services/DataTransmitService HTTP/1.1" 200 501
116.230.105.139 - - [24/Dec/2022:14:53:50 +0800] "POST /xingrg/services/DataTransmitService HTTP/1.1" 200 501
116.230.105.139 - - [24/Dec/2022:14:53:51 +0800] "POST /xingrg/services/DataTransmitService HTTP/1.1" 200 501
116.230.105.139 - - [24/Dec/2022:14:53:51 +0800] "POST /xingrg/services/DataTransmitService HTTP/1.1" 200 412
101.80.225.213 - - [24/Dec/2022:14:53:56 +0800] "GET /xingrg/all/function/internal_message.html?_=1671864850842&CODE_STATE=getMsg HTTP/1.1" 200 27
101.80.225.213 - - [24/Dec/2022:14:54:04 +0800] "GET /xingrg/all/function/internal_message.html?_=1671864858403&CODE_STATE=getMsg HTTP/1.1" 200 27
116.230.105.139 - - [24/Dec/2022:14:54:05 +0800] "GET /xingrg/all/function/internal_message.html?_=1671864833668&CODE_STATE=getMsg HTTP/1.1" 200 27
101.80.225.213 - - [24/Dec/2022:14:54:06 +0800] "GET /xingrg/kc/base/wlsy_order_operate.html?command=get_materiel&rest_code=00156&base_code=0010790&code=00101006129 HTTP/1.1" 200 446
116.238.139.35 - - [24/Dec/2022:14:54:18 +0800] "GET /xingrg/all/function/internal_message.html?_=1671864874590&CODE_STATE=getMsg HTTP/1.1" 200 27
114.84.38.109 - - [24/Dec/2022:14:54:19 +0800] "GET /xingrg/all/function/internal_message.html?_=1671864895639&CODE_STATE=getMsg HTTP/1.1" 200 27
180.162.115.6 - - [24/Dec/2022:14:54:23 +0800] "GET /xingrg/all/function/internal_message.html?_=1671863877441&CODE_STATE=getMsg HTTP/1.1" 200 27
180.162.115.6 - - [24/Dec/2022:14:54:23 +0800] "GET /xingrg/check_reg.html?_=1671863877438 HTTP/1.1" 200 22
101.80.225.213 - - [24/Dec/2022:14:54:24 +0800] "GET /xingrg/kc/base/wlsy_order_operate.html?command=get_materiel&rest_code=00156&base_code=0010790&code=00101009113 HTTP/1.1" 200 429
101.80.225.213 - - [24/Dec/2022:14:54:28 +0800] "GET /xingrg/kc/base/wlsy_order_operate.html?command=get_materiel&rest_code=00156&base_code=0010790&code=00101019421 HTTP/1.1" 200 413
101.80.225.213 - - [24/Dec/2022:14:54:32 +0800] "GET /xingrg/kc/base/wlsy_order_operate.html?command=get_materiel&rest_code=00156&base_code=0010790&code=00101019158 HTTP/1.1" 200 450
114.84.171.241 - - [24/Dec/2022:14:54:33 +0800] "GET /xingrg/check_reg.html?_=1671864884489 HTTP/1.1" 200 22
114.84.171.241 - - [24/Dec/2022:14:54:33 +0800] "GET /xingrg/all/function/internal_message.html?_=1671864884491&CODE_STATE=getMsg HTTP/1.1" 200 27
101.80.225.213 - - [24/Dec/2022:14:54:37 +0800] "GET /xingrg/kc/base/wlsy_order_operate.html?command=get_materiel&rest_code=00156&base_code=0010790&code=00101010566 HTTP/1.1" 200 414
101.93.183.100 - - [24/Dec/2022:14:54:44 +0800] "GET /xingrg/all/function/internal_message.html?_=1671864898118&CODE_STATE=getMsg HTTP/1.1" 200 27
124.79.245.154 - - [24/Dec/2022:14:54:45 +0800] "GET /xingrg/all/function/internal_message.html?_=1671865129559&CODE_STATE=getMsg HTTP/1.1" 200 27
101.80.225.213 - - [24/Dec/2022:14:54:47 +0800] "GET /xingrg/kc/base/wlsy_order_operate.html?command=get_materiel&rest_code=00156&base_code=0010790&code=00101019157 HTTP/1.1" 200 421
222.69.192.184 - - [24/Dec/2022:14:54:50 +0800] "GET /xingrg/all/function/internal_message.html?_=1671864749812&CODE_STATE=getMsg HTTP/1.1" 200 27
101.80.225.213 - - [24/Dec/2022:14:54:54 +0800] "POST /xingrg/kc/base/wlsy_order_operate.html HTTP/1.1" 200 37
101.80.225.213 - - [24/Dec/2022:14:54:54 +0800] "POST /xingrg/kc/base/wlsy_order_operate.html HTTP/1.1" 200 4409
101.80.225.213 - - [24/Dec/2022:14:54:56 +0800] "POST /xingrg/kc/base/wlsy_order_operate.html HTTP/1.1" 200 12
101.80.225.213 - - [24/Dec/2022:14:54:56 +0800] "GET /xingrg/all/function/internal_message.html?_=1671864911271&CODE_STATE=getMsg HTTP/1.1" 200 27
101.80.225.213 - - [24/Dec/2022:14:54:59 +0800] "GET /xingrg/kc/base/wlsy_order_add.html?syType=0 HTTP/1.1" 200 28593
101.80.225.213 - - [24/Dec/2022:14:55:00 +0800] "POST /xingrg/kc/base/wlsy_order_operate.html HTTP/1.1" 200 6806
101.80.225.213 - - [24/Dec/2022:14:55:00 +0800] "GET /xingrg/all/common/auto_word.html?type=base&rest_code=00156 HTTP/1.1" 200 1903
101.80.225.213 - - [24/Dec/2022:14:55:00 +0800] "GET /xingrg/javascript/easyui/themes/default/validatebox.css HTTP/1.1" 404 1104
180.165.52.19 - - [24/Dec/2022:14:55:02 +0800] "GET /xingrg/check_reg.html?_=1671864915354 HTTP/1.1" 200 22
101.80.225.213 - - [24/Dec/2022:14:55:04 +0800] "GET /xingrg/all/function/internal_message.html?_=1671864918395&CODE_STATE=getMsg HTTP/1.1" 200 27
116.230.105.139 - - [24/Dec/2022:14:55:05 +0800] "GET /xingrg/all/function/internal_message.html?_=1671864893705&CODE_STATE=getMsg HTTP/1.1" 200 27
116.230.105.139 - - [24/Dec/2022:14:55:05 +0800] "GET /xingrg/check_reg.html?_=1671864893705 HTTP/1.1" 200 22
116.238.139.35 - - [24/Dec/2022:14:55:18 +0800] "GET /xingrg/all/function/internal_message.html?_=1671864934567&CODE_STATE=getMsg HTTP/1.1" 200 27
114.84.38.109 - - [24/Dec/2022:14:55:19 +0800] "GET /xingrg/all/function/internal_message.html?_=1671864955672&CODE_STATE=getMsg HTTP/1.1" 200 27
116.238.139.35 - - [24/Dec/2022:14:55:20 +0800] "GET /xingrg/check_reg.html?_=1671864936832 HTTP/1.1" 200 22
180.162.115.6 - - [24/Dec/2022:14:55:23 +0800] "GET /xingrg/all/function/internal_message.html?_=1671863937441&CODE_STATE=getMsg HTTP/1.1" 200 27
114.84.171.241 - - [24/Dec/2022:14:55:33 +0800] "GET /xingrg/all/function/internal_message.html?_=1671864944490&CODE_STATE=getMsg HTTP/1.1" 200 27
114.84.38.109 - - [24/Dec/2022:14:55:43 +0800] "GET /xingrg/check_reg.html?_=1671864980288 HTTP/1.1" 200 22
101.93.183.100 - - [24/Dec/2022:14:55:44 +0800] "GET /xingrg/all/function/internal_message.html?_=1671864958117&CODE_STATE=getMsg HTTP/1.1" 200 27
124.79.245.154 - - [24/Dec/2022:14:55:45 +0800] "GET /xingrg/all/function/internal_message.html?_=1671865189557&CODE_STATE=getMsg HTTP/1.1" 200 27
222.69.192.184 - - [24/Dec/2022:14:55:50 +0800] "GET /xingrg/all/function/internal_message.html?_=1671864809801&CODE_STATE=getMsg HTTP/1.1" 200 27
101.80.225.213 - - [24/Dec/2022:14:55:56 +0800] "GET /xingrg/all/function/internal_message.html?_=1671864970851&CODE_STATE=getMsg HTTP/1.1" 200 27
101.80.225.213 - - [24/Dec/2022:14:56:04 +0800] "GET /xingrg/all/function/internal_message.html?_=1671864978406&CODE_STATE=getMsg HTTP/1.1" 200 27
116.230.105.139 - - [24/Dec/2022:14:56:05 +0800] "GET /xingrg/all/function/internal_message.html?_=1671864953708&CODE_STATE=getMsg HTTP/1.1" 200 27
101.80.225.213 - - [24/Dec/2022:14:56:13 +0800] "GET /xingrg/kc/base/wlsy_order_operate.html?command=get_materiel&rest_code=00156&base_code=0010832&code=00101014093 HTTP/1.1" 200 437
116.238.139.35 - - [24/Dec/2022:14:56:18 +0800] "GET /xingrg/all/function/internal_message.html?_=1671864994541&CODE_STATE=getMsg HTTP/1.1" 200 27
101.80.225.213 - - [24/Dec/2022:14:56:18 +0800] "GET /xingrg/kc/base/wlsy_order_operate.html?command=get_materiel&rest_code=00156&base_code=0010832&code=00101014017 HTTP/1.1" 200 434
114.84.38.109 - - [24/Dec/2022:14:56:19 +0800] "GET /xingrg/all/function/internal_message.html?_=1671865015679&CODE_STATE=getMsg HTTP/1.1" 200 27
180.162.115.6 - - [24/Dec/2022:14:56:23 +0800] "GET /xingrg/all/function/internal_message.html?_=1671863997440&CODE_STATE=getMsg HTTP/1.1" 200 27
101.80.225.213 - - [24/Dec/2022:14:56:30 +0800] "GET /xingrg/kc/base/wlsy_order_operate.html?command=get_materiel&rest_code=00156&base_code=0010832&code=00101014079 HTTP/1.1" 200 431
58.221.95.50 - - [24/Dec/2022:14:56:32 +0800] "GET /xingrg/check_reg.html?_=1671865006359 HTTP/1.1" 302 -
114.84.171.241 - - [24/Dec/2022:14:56:33 +0800] "GET /xingrg/all/function/internal_message.html?_=1671865004488&CODE_STATE=getMsg HTTP/1.1" 200 27
101.80.225.213 - - [24/Dec/2022:14:56:35 +0800] "POST /xingrg/kc/base/wlsy_order_operate.html HTTP/1.1" 200 37
101.80.225.213 - - [24/Dec/2022:14:56:35 +0800] "POST /xingrg/kc/base/wlsy_order_operate.html HTTP/1.1" 200 2160
101.80.225.213 - - [24/Dec/2022:14:56:37 +0800] "POST /xingrg/kc/base/wlsy_order_operate.html HTTP/1.1" 200 12
101.80.225.213 - - [24/Dec/2022:14:56:40 +0800] "GET /xingrg/kc/base/base_main.html HTTP/1.1" 200 12142
101.80.225.213 - - [24/Dec/2022:14:56:41 +0800] "GET /xingrg/kc/base/wldb_order_list.html HTTP/1.1" 200 19107
101.80.225.213 - - [24/Dec/2022:14:56:41 +0800] "POST /xingrg/kc/base/wldb_list_operate.html HTTP/1.1" 200 928
101.80.225.213 - - [24/Dec/2022:14:56:43 +0800] "GET /xingrg/kc/base/base_main.html HTTP/1.1" 200 12142
101.80.225.213 - - [24/Dec/2022:14:56:44 +0800] "GET /xingrg/kc/base/check_order_list.html HTTP/1.1" 200 16226
101.80.225.213 - - [24/Dec/2022:14:56:44 +0800] "POST /xingrg/kc/base/check_list_operate.html HTTP/1.1" 200 4555
124.79.245.154 - - [24/Dec/2022:14:56:45 +0800] "GET /xingrg/all/function/internal_message.html?_=1671865249557&CODE_STATE=getMsg HTTP/1.1" 200 27
222.69.192.184 - - [24/Dec/2022:14:56:50 +0800] "GET /xingrg/all/function/internal_message.html?_=1671864869790&CODE_STATE=getMsg HTTP/1.1" 200 27
222.69.192.184 - - [24/Dec/2022:14:56:53 +0800] "GET /xingrg/check_reg.html?_=1671864872650 HTTP/1.1" 200 22
101.80.225.213 - - [24/Dec/2022:14:56:53 +0800] "GET /xingrg/kc/base/check_order_info.html?code=452022122400049 HTTP/1.1" 200 26478
101.80.225.213 - - [24/Dec/2022:14:56:53 +0800] "GET /xingrg/css/table.css HTTP/1.1" 200 3684
101.80.225.213 - - [24/Dec/2022:14:56:53 +0800] "GET /xingrg/javascript/AjaxInfoList.js HTTP/1.1" 200 3774
101.80.225.213 - - [24/Dec/2022:14:56:53 +0800] "GET /xingrg/dwr/util.js HTTP/1.1" 304 -
101.80.225.213 - - [24/Dec/2022:14:56:53 +0800] "GET /xingrg/dwr/interface/AjaxComOrderService.js HTTP/1.1" 200 18264
101.80.225.213 - - [24/Dec/2022:14:56:53 +0800] "GET /xingrg/dwr/interface/AjaxCheckService.js HTTP/1.1" 200 14003
101.80.225.213 - - [24/Dec/2022:14:56:53 +0800] "GET /xingrg/dwr/engine.js HTTP/1.1" 200 43631
101.80.225.213 - - [24/Dec/2022:14:56:56 +0800] "GET /xingrg/all/function/internal_message.html?_=1671865030858&CODE_STATE=getMsg HTTP/1.1" 200 27
101.80.225.213 - - [24/Dec/2022:14:56:57 +0800] "GET /xingrg/index.html?sysBaseUrl=http%3A%2F%2F180.169.147.146%3A18081%2Fxingrg%2F&costTime=40×tamp=1671847265722 HTTP/1.1" 200 17179
101.80.225.213 - - [24/Dec/2022:14:56:57 +0800] "POST /xingrg/all/common/load_tree.html?tree=area_rest_tree_json&manage=1 HTTP/1.1" 200 351
101.80.225.213 - - [24/Dec/2022:14:56:57 +0800] "GET /xingrg/check_reg.html?_=1671865031844 HTTP/1.1" 200 22
101.80.225.213 - - [24/Dec/2022:14:56:57 +0800] "GET /xingrg/all/function/internal_message.html?_=1671865031844&CODE_STATE=count HTTP/1.1" 200 11
101.80.225.213 - - [24/Dec/2022:14:56:57 +0800] "POST /xingrg/load_menu.html HTTP/1.1" 200 5138
101.80.225.213 - - [24/Dec/2022:14:57:04 +0800] "GET /xingrg/check_reg.html?_=1671865038404 HTTP/1.1" 200 22
101.80.225.213 - - [24/Dec/2022:14:57:04 +0800] "GET /xingrg/all/function/internal_message.html?_=1671865038415&CODE_STATE=getMsg HTTP/1.1" 200 27
116.230.105.139 - - [24/Dec/2022:14:57:05 +0800] "GET /xingrg/all/function/internal_message.html?_=1671865013690&CODE_STATE=getMsg HTTP/1.1" 200 27
101.80.225.213 - - [24/Dec/2022:14:57:08 +0800] "GET /xingrg/javascript/jquery_easy_ui/themes/default/images/tabs_active.png HTTP/1.1" 200 2894
101.80.225.213 - - [24/Dec/2022:14:57:09 +0800] "GET /xingrg/kc/base/base_main.html HTTP/1.1" 200 12142
116.238.139.35 - - [24/Dec/2022:14:57:18 +0800] "GET /xingrg/all/function/internal_message.html?_=1671865054528&CODE_STATE=getMsg HTTP/1.1" 200 27
114.84.38.109 - - [24/Dec/2022:14:57:19 +0800] "GET /xingrg/all/function/internal_message.html?_=1671865075692&CODE_STATE=getMsg HTTP/1.1" 200 27
180.162.115.6 - - [24/Dec/2022:14:57:23 +0800] "GET /xingrg/all/function/internal_message.html?_=1671864057440&CODE_STATE=getMsg HTTP/1.1" 200 27
101.80.225.213 - - [24/Dec/2022:14:57:25 +0800] "GET /xingrg/index.html?sysBaseUrl=http%3A%2F%2F180.169.147.146%3A18081%2Fxingrg%2F&costTime=40×tamp=1671847265722 HTTP/1.1" 200 17179
101.80.225.213 - - [24/Dec/2022:14:57:25 +0800] "POST /xingrg/all/common/load_tree.html?tree=area_rest_tree_json&manage=1 HTTP/1.1" 200 351
101.80.225.213 - - [24/Dec/2022:14:57:25 +0800] "GET /xingrg/all/function/internal_message.html?_=1671865060299&CODE_STATE=count HTTP/1.1" 200 11
101.80.225.213 - - [24/Dec/2022:14:57:25 +0800] "GET /xingrg/check_reg.html?_=1671865060299 HTTP/1.1" 200 22
101.80.225.213 - - [24/Dec/2022:14:57:25 +0800] "POST /xingrg/load_menu.html HTTP/1.1" 200 5138
101.80.225.213 - - [24/Dec/2022:14:57:27 +0800] "GET /xingrg/kc/base/base_main.html HTTP/1.1" 200 12142
101.80.225.213 - - [24/Dec/2022:14:57:27 +0800] "GET /xingrg/kc/base/check_order_list.html HTTP/1.1" 200 16226
101.80.225.213 - - [24/Dec/2022:14:57:28 +0800] "POST /xingrg/kc/base/check_list_operate.html HTTP/1.1" 200 4555
114.84.171.241 - - [24/Dec/2022:14:57:33 +0800] "GET /xingrg/all/function/internal_message.html?_=1671865064487&CODE_STATE=getMsg HTTP/1.1" 200 27
101.80.225.213 - - [24/Dec/2022:14:57:42 +0800] "GET /xingrg/kc/base/check_order_info.html?code=452022122400047 HTTP/1.1" 200 26478
101.80.225.213 - - [24/Dec/2022:14:57:42 +0800] "GET /xingrg/dwr/interface/AjaxComOrderService.js HTTP/1.1" 200 18264
101.80.225.213 - - [24/Dec/2022:14:57:42 +0800] "GET /xingrg/dwr/interface/AjaxCheckService.js HTTP/1.1" 200 14003
101.80.225.213 - - [24/Dec/2022:14:57:42 +0800] "GET /xingrg/dwr/engine.js HTTP/1.1" 200 43631
101.80.225.213 - - [24/Dec/2022:14:57:42 +0800] "POST /xingrg/dwr/call/plaincall/AjaxCheckService.loadOrderItems.dwr HTTP/1.1" 200 25993
124.79.245.154 - - [24/Dec/2022:14:57:45 +0800] "GET /xingrg/all/function/internal_message.html?_=1671865309554&CODE_STATE=getMsg HTTP/1.1" 200 27
124.79.245.154 - - [24/Dec/2022:14:57:45 +0800] "GET /xingrg/check_reg.html?_=1671865309555 HTTP/1.1" 200 22
222.69.192.184 - - [24/Dec/2022:14:57:50 +0800] "GET /xingrg/all/function/internal_message.html?_=1671864929769&CODE_STATE=getMsg HTTP/1.1" 200 27
101.80.225.213 - - [24/Dec/2022:14:58:04 +0800] "GET /xingrg/all/function/internal_message.html?_=1671865098404&CODE_STATE=getMsg HTTP/1.1" 200 27
116.230.105.139 - - [24/Dec/2022:14:58:05 +0800] "GET /xingrg/all/function/internal_message.html?_=1671865073663&CODE_STATE=getMsg HTTP/1.1" 200 27
116.238.139.35 - - [24/Dec/2022:14:58:18 +0800] "GET /xingrg/all/function/internal_message.html?_=1671865114515&CODE_STATE=getMsg HTTP/1.1" 200 27
114.84.38.109 - - [24/Dec/2022:14:58:19 +0800] "GET /xingrg/all/function/internal_message.html?_=1671865135734&CODE_STATE=getMsg HTTP/1.1" 200 27
180.162.115.6 - - [24/Dec/2022:14:58:23 +0800] "GET /xingrg/all/function/internal_message.html?_=1671864117439&CODE_STATE=getMsg HTTP/1.1" 200 27
101.80.225.213 - - [24/Dec/2022:14:58:25 +0800] "GET /xingrg/all/function/internal_message.html?_=1671865120306&CODE_STATE=getMsg HTTP/1.1" 200 27
114.84.171.241 - - [24/Dec/2022:14:58:33 +0800] "GET /xingrg/all/function/internal_message.html?_=1671865124491&CODE_STATE=getMsg HTTP/1.1" 200 27
124.79.245.154 - - [24/Dec/2022:14:58:45 +0800] "GET /xingrg/all/function/internal_message.html?_=1671865369553&CODE_STATE=getMsg HTTP/1.1" 200 27
222.69.192.184 - - [24/Dec/2022:14:58:50 +0800] "GET /xingrg/all/function/internal_message.html?_=1671864989758&CODE_STATE=getMsg HTTP/1.1" 200 27
101.80.225.213 - - [24/Dec/2022:14:59:04 +0800] "GET /xingrg/all/function/internal_message.html?_=1671865158407&CODE_STATE=getMsg HTTP/1.1" 200 27
116.230.105.139 - - [24/Dec/2022:14:59:05 +0800] "GET /xingrg/all/function/internal_message.html?_=1671865133678&CODE_STATE=getMsg HTTP/1.1" 200 27
116.238.139.35 - - [24/Dec/2022:14:59:18 +0800] "GET /xingrg/all/function/internal_message.html?_=1671865174485&CODE_STATE=getMsg HTTP/1.1" 200 27
101.80.225.213 - - [24/Dec/2022:14:59:18 +0800] "POST /xingrg/dwr/call/plaincall/AjaxCheckService.setItemNumber.dwr HTTP/1.1" 200 76
101.80.225.213 - - [24/Dec/2022:14:59:19 +0800] "POST /xingrg/dwr/call/plaincall/AjaxCheckService.setItemNumber.dwr HTTP/1.1" 200 76
114.84.38.109 - - [24/Dec/2022:14:59:19 +0800] "GET /xingrg/all/function/internal_message.html?_=1671865195735&CODE_STATE=getMsg HTTP/1.1" 200 27
101.80.225.213 - - [24/Dec/2022:14:59:19 +0800] "POST /xingrg/dwr/call/plaincall/AjaxCheckService.setItemNumber.dwr HTTP/1.1" 200 76
101.80.225.213 - - [24/Dec/2022:14:59:19 +0800] "POST /xingrg/dwr/call/plaincall/AjaxCheckService.setItemNumber.dwr HTTP/1.1" 200 76
180.162.115.6 - - [24/Dec/2022:14:59:23 +0800] "GET /xingrg/all/function/internal_message.html?_=1671864177442&CODE_STATE=getMsg HTTP/1.1" 200 27
180.162.115.6 - - [24/Dec/2022:14:59:23 +0800] "GET /xingrg/check_reg.html?_=1671864177439 HTTP/1.1" 200 22
101.80.225.213 - - [24/Dec/2022:14:59:24 +0800] "POST /xingrg/dwr/call/plaincall/AjaxCheckService.setItemNumber.dwr HTTP/1.1" 200 76
101.80.225.213 - - [24/Dec/2022:14:59:24 +0800] "POST /xingrg/dwr/call/plaincall/AjaxCheckService.setItemNumber.dwr HTTP/1.1" 200 76
101.80.225.213 - - [24/Dec/2022:14:59:25 +0800] "POST /xingrg/dwr/call/plaincall/AjaxCheckService.setItemNumber.dwr HTTP/1.1" 200 76
101.80.225.213 - - [24/Dec/2022:14:59:26 +0800] "GET /xingrg/all/function/internal_message.html?_=1671865180366&CODE_STATE=getMsg HTTP/1.1" 200 27
101.80.225.213 - - [24/Dec/2022:14:59:26 +0800] "POST /xingrg/dwr/call/plaincall/AjaxCheckService.setItemNumber.dwr HTTP/1.1" 200 76
101.80.225.213 - - [24/Dec/2022:14:59:26 +0800] "POST /xingrg/dwr/call/plaincall/AjaxCheckService.setItemNumber.dwr HTTP/1.1" 200 76
101.80.225.213 - - [24/Dec/2022:14:59:26 +0800] "POST /xingrg/dwr/call/plaincall/AjaxCheckService.setItemNumber.dwr HTTP/1.1" 200 77
101.80.225.213 - - [24/Dec/2022:14:59:27 +0800] "POST /xingrg/dwr/call/plaincall/AjaxCheckService.setItemNumber.dwr HTTP/1.1" 200 77
101.80.225.213 - - [24/Dec/2022:14:59:27 +0800] "POST /xingrg/dwr/call/plaincall/AjaxCheckService.setItemNumber.dwr HTTP/1.1" 200 77
101.80.225.213 - - [24/Dec/2022:14:59:28 +0800] "POST /xingrg/dwr/call/plaincall/AjaxCheckService.setItemNumber.dwr HTTP/1.1" 200 77
101.80.225.213 - - [24/Dec/2022:14:59:28 +0800] "POST /xingrg/dwr/call/plaincall/AjaxCheckService.setItemNumber.dwr HTTP/1.1" 200 77
101.80.225.213 - - [24/Dec/2022:14:59:28 +0800] "POST /xingrg/dwr/call/plaincall/AjaxCheckService.setItemNumber.dwr HTTP/1.1" 200 77
101.80.225.213 - - [24/Dec/2022:14:59:29 +0800] "POST /xingrg/dwr/call/plaincall/AjaxCheckService.setItemNumber.dwr HTTP/1.1" 200 77
101.80.225.213 - - [24/Dec/2022:14:59:29 +0800] "POST /xingrg/dwr/call/plaincall/AjaxCheckService.setItemNumber.dwr HTTP/1.1" 200 77
101.80.225.213 - - [24/Dec/2022:14:59:30 +0800] "POST /xingrg/dwr/call/plaincall/AjaxCheckService.setItemNumber.dwr HTTP/1.1" 200 77
101.80.225.213 - - [24/Dec/2022:14:59:30 +0800] "POST /xingrg/dwr/call/plaincall/AjaxCheckService.setItemNumber.dwr HTTP/1.1" 200 77
101.80.225.213 - - [24/Dec/2022:14:59:31 +0800] "POST /xingrg/dwr/call/plaincall/AjaxCheckService.setItemNumber.dwr HTTP/1.1" 200 77
101.80.225.213 - - [24/Dec/2022:14:59:31 +0800] "POST /xingrg/dwr/call/plaincall/AjaxCheckService.setItemNumber.dwr HTTP/1.1" 200 77
101.80.225.213 - - [24/Dec/2022:14:59:32 +0800] "POST /xingrg/dwr/call/plaincall/AjaxCheckService.setItemNumber.dwr HTTP/1.1" 200 77
101.80.225.213 - - [24/Dec/2022:14:59:32 +0800] "POST /xingrg/dwr/call/plaincall/AjaxCheckService.setItemNumber.dwr HTTP/1.1" 200 77
114.84.171.241 - - [24/Dec/2022:14:59:33 +0800] "GET /xingrg/check_reg.html?_=1671865184490 HTTP/1.1" 200 22
114.84.171.241 - - [24/Dec/2022:14:59:33 +0800] "GET /xingrg/all/function/internal_message.html?_=1671865184492&CODE_STATE=getMsg HTTP/1.1" 200 27
101.80.225.213 - - [24/Dec/2022:14:59:33 +0800] "POST /xingrg/dwr/call/plaincall/AjaxCheckService.setItemNumber.dwr HTTP/1.1" 200 77
101.80.225.213 - - [24/Dec/2022:14:59:33 +0800] "POST /xingrg/dwr/call/plaincall/AjaxCheckService.setItemNumber.dwr HTTP/1.1" 200 77
101.80.225.213 - - [24/Dec/2022:14:59:33 +0800] "POST /xingrg/dwr/call/plaincall/AjaxCheckService.setItemNumber.dwr HTTP/1.1" 200 77
101.80.225.213 - - [24/Dec/2022:14:59:34 +0800] "POST /xingrg/dwr/call/plaincall/AjaxCheckService.setItemNumber.dwr HTTP/1.1" 200 77
101.80.225.213 - - [24/Dec/2022:14:59:35 +0800] "POST /xingrg/dwr/call/plaincall/AjaxCheckService.setItemNumber.dwr HTTP/1.1" 200 77
101.80.225.213 - - [24/Dec/2022:14:59:35 +0800] "POST /xingrg/dwr/call/plaincall/AjaxCheckService.setItemNumber.dwr HTTP/1.1" 200 77
101.80.225.213 - - [24/Dec/2022:14:59:36 +0800] "POST /xingrg/dwr/call/plaincall/AjaxCheckService.setItemNumber.dwr HTTP/1.1" 200 77
101.80.225.213 - - [24/Dec/2022:14:59:36 +0800] "POST /xingrg/dwr/call/plaincall/AjaxCheckService.setItemNumber.dwr HTTP/1.1" 200 77
101.80.225.213 - - [24/Dec/2022:14:59:37 +0800] "POST /xingrg/dwr/call/plaincall/AjaxCheckService.setItemNumber.dwr HTTP/1.1" 200 77
101.80.225.213 - - [24/Dec/2022:14:59:37 +0800] "POST /xingrg/dwr/call/plaincall/AjaxCheckService.setItemNumber.dwr HTTP/1.1" 200 77
101.80.225.213 - - [24/Dec/2022:14:59:38 +0800] "POST /xingrg/dwr/call/plaincall/AjaxCheckService.setItemNumber.dwr HTTP/1.1" 200 77
124.79.245.154 - - [24/Dec/2022:14:59:45 +0800] "GET /xingrg/all/function/internal_message.html?_=1671865429551&CODE_STATE=getMsg HTTP/1.1" 200 27
222.69.192.184 - - [24/Dec/2022:14:59:50 +0800] "GET /xingrg/all/function/internal_message.html?_=1671865049746&CODE_STATE=getMsg HTTP/1.1" 200 27
101.80.225.213 - - [24/Dec/2022:14:59:55 +0800] "GET /xingrg/kc/base/check_order_list.html?isBack=1 HTTP/1.1" 200 16226
101.80.225.213 - - [24/Dec/2022:14:59:55 +0800] "POST /xingrg/kc/base/check_list_operate.html HTTP/1.1" 200 4555
101.80.225.213 - - [24/Dec/2022:14:59:59 +0800] "GET /xingrg/kc/base/check_order_info.html?code=452022122400048 HTTP/1.1" 200 26478
101.80.225.213 - - [24/Dec/2022:14:59:59 +0800] "GET /xingrg/dwr/interface/AjaxComOrderService.js HTTP/1.1" 200 18264
101.80.225.213 - - [24/Dec/2022:14:59:59 +0800] "GET /xingrg/dwr/interface/AjaxCheckService.js HTTP/1.1" 200 14003
101.80.225.213 - - [24/Dec/2022:14:59:59 +0800] "GET /xingrg/dwr/engine.js HTTP/1.1" 200 43631
101.80.225.213 - - [24/Dec/2022:14:59:59 +0800] "POST /xingrg/dwr/call/plaincall/AjaxCheckService.loadOrderItems.dwr HTTP/1.1" 200 26504
180.165.52.19 - - [24/Dec/2022:15:00:02 +0800] "GET /xingrg/check_reg.html?_=1671865215346 HTTP/1.1" 200 22
101.80.225.213 - - [24/Dec/2022:15:00:04 +0800] "GET /xingrg/all/function/internal_message.html?_=1671865218408&CODE_STATE=getMsg HTTP/1.1" 200 27
116.230.105.139 - - [24/Dec/2022:15:00:05 +0800] "GET /xingrg/all/function/internal_message.html?_=1671865193673&CODE_STATE=getMsg HTTP/1.1" 200 27
116.230.105.139 - - [24/Dec/2022:15:00:05 +0800] "GET /xingrg/check_reg.html?_=1671865193675 HTTP/1.1" 200 22
101.80.225.213 - - [24/Dec/2022:15:00:05 +0800] "POST /xingrg/dwr/call/plaincall/AjaxCheckService.setItemNumber.dwr HTTP/1.1" 200 76
101.80.225.213 - - [24/Dec/2022:15:00:06 +0800] "POST /xingrg/dwr/call/plaincall/AjaxCheckService.setItemNumber.dwr HTTP/1.1" 200 76
101.80.225.213 - - [24/Dec/2022:15:00:06 +0800] "POST /xingrg/dwr/call/plaincall/AjaxCheckService.setItemNumber.dwr HTTP/1.1" 200 76
101.80.225.213 - - [24/Dec/2022:15:00:06 +0800] "POST /xingrg/dwr/call/plaincall/AjaxCheckService.setItemNumber.dwr HTTP/1.1" 200 76
101.80.225.213 - - [24/Dec/2022:15:00:07 +0800] "POST /xingrg/dwr/call/plaincall/AjaxCheckService.setItemNumber.dwr HTTP/1.1" 200 76
101.80.225.213 - - [24/Dec/2022:15:00:07 +0800] "POST /xingrg/dwr/call/plaincall/AjaxCheckService.setItemNumber.dwr HTTP/1.1" 200 76
101.80.225.213 - - [24/Dec/2022:15:00:07 +0800] "POST /xingrg/dwr/call/plaincall/AjaxCheckService.setItemNumber.dwr HTTP/1.1" 200 76
101.80.225.213 - - [24/Dec/2022:15:00:08 +0800] "POST /xingrg/dwr/call/plaincall/AjaxCheckService.setItemNumber.dwr HTTP/1.1" 200 76
101.80.225.213 - - [24/Dec/2022:15:00:08 +0800] "POST /xingrg/dwr/call/plaincall/AjaxCheckService.setItemNumber.dwr HTTP/1.1" 200 76
101.80.225.213 - - [24/Dec/2022:15:00:09 +0800] "POST /xingrg/dwr/call/plaincall/AjaxCheckService.setItemNumber.dwr HTTP/1.1" 200 77
101.80.225.213 - - [24/Dec/2022:15:00:09 +0800] "POST /xingrg/dwr/call/plaincall/AjaxCheckService.setItemNumber.dwr HTTP/1.1" 200 77
101.80.225.213 - - [24/Dec/2022:15:00:10 +0800] "POST /xingrg/dwr/call/plaincall/AjaxCheckService.setItemNumber.dwr HTTP/1.1" 200 77
101.80.225.213 - - [24/Dec/2022:15:00:11 +0800] "POST /xingrg/dwr/call/plaincall/AjaxCheckService.setItemNumber.dwr HTTP/1.1" 200 77
101.80.225.213 - - [24/Dec/2022:15:00:11 +0800] "POST /xingrg/dwr/call/plaincall/AjaxCheckService.setItemNumber.dwr HTTP/1.1" 200 77
101.80.225.213 - - [24/Dec/2022:15:00:12 +0800] "POST /xingrg/dwr/call/plaincall/AjaxCheckService.setItemNumber.dwr HTTP/1.1" 200 77
101.80.225.213 - - [24/Dec/2022:15:00:13 +0800] "POST /xingrg/dwr/call/plaincall/AjaxCheckService.setItemNumber.dwr HTTP/1.1" 200 77
101.80.225.213 - - [24/Dec/2022:15:00:14 +0800] "POST /xingrg/dwr/call/plaincall/AjaxCheckService.setItemNumber.dwr HTTP/1.1" 200 77
101.80.225.213 - - [24/Dec/2022:15:00:15 +0800] "POST /xingrg/dwr/call/plaincall/AjaxCheckService.setItemNumber.dwr HTTP/1.1" 200 77
116.238.139.35 - - [24/Dec/2022:15:00:18 +0800] "GET /xingrg/all/function/internal_message.html?_=1671865234474&CODE_STATE=getMsg HTTP/1.1" 200 27
114.84.38.109 - - [24/Dec/2022:15:00:19 +0800] "GET /xingrg/all/function/internal_message.html?_=1671865255777&CODE_STATE=getMsg HTTP/1.1" 200 27
116.238.139.35 - - [24/Dec/2022:15:00:20 +0800] "GET /xingrg/check_reg.html?_=1671865236835 HTTP/1.1" 200 22
180.162.115.6 - - [24/Dec/2022:15:00:23 +0800] "GET /xingrg/all/function/internal_message.html?_=1671864237442&CODE_STATE=getMsg HTTP/1.1" 200 27
101.80.225.213 - - [24/Dec/2022:15:00:26 +0800] "GET /xingrg/all/function/internal_message.html?_=1671865240359&CODE_STATE=getMsg HTTP/1.1" 200 27
114.84.171.241 - - [24/Dec/2022:15:00:33 +0800] "GET /xingrg/all/function/internal_message.html?_=1671865244491&CODE_STATE=getMsg HTTP/1.1" 200 27
101.80.225.213 - - [24/Dec/2022:15:00:39 +0800] "POST /xingrg/dwr/call/plaincall/AjaxCheckService.setItemNumber.dwr HTTP/1.1" 200 77
101.80.225.213 - - [24/Dec/2022:15:00:41 +0800] "POST /xingrg/dwr/call/plaincall/AjaxCheckService.setItemNumber.dwr HTTP/1.1" 200 77
114.84.38.109 - - [24/Dec/2022:15:00:43 +0800] "GET /xingrg/check_reg.html?_=1671865280287 HTTP/1.1" 200 22
101.80.225.213 - - [24/Dec/2022:15:00:45 +0800] "POST /xingrg/dwr/call/plaincall/AjaxCheckService.setItemNumber.dwr HTTP/1.1" 200 77
124.79.245.154 - - [24/Dec/2022:15:00:45 +0800] "GET /xingrg/all/function/internal_message.html?_=1671865489549&CODE_STATE=getMsg HTTP/1.1" 200 27
101.80.225.213 - - [24/Dec/2022:15:00:46 +0800] "POST /xingrg/dwr/call/plaincall/AjaxCheckService.setItemNumber.dwr HTTP/1.1" 200 77
101.80.225.213 - - [24/Dec/2022:15:00:47 +0800] "POST /xingrg/dwr/call/plaincall/AjaxCheckService.setItemNumber.dwr HTTP/1.1" 200 77
101.80.225.213 - - [24/Dec/2022:15:00:49 +0800] "POST /xingrg/dwr/call/plaincall/AjaxCheckService.setItemNumber.dwr HTTP/1.1" 200 77
222.69.192.184 - - [24/Dec/2022:15:00:50 +0800] "GET /xingrg/all/function/internal_message.html?_=1671865109735&CODE_STATE=getMsg HTTP/1.1" 200 27
101.80.225.213 - - [24/Dec/2022:15:00:50 +0800] "POST /xingrg/dwr/call/plaincall/AjaxCheckService.setItemNumber.dwr HTTP/1.1" 200 77
101.80.225.213 - - [24/Dec/2022:15:00:51 +0800] "POST /xingrg/dwr/call/plaincall/AjaxCheckService.setItemNumber.dwr HTTP/1.1" 200 77
101.80.225.213 - - [24/Dec/2022:15:00:51 +0800] "POST /xingrg/dwr/call/plaincall/AjaxCheckService.setItemNumber.dwr HTTP/1.1" 200 77
101.80.225.213 - - [24/Dec/2022:15:00:52 +0800] "POST /xingrg/dwr/call/plaincall/AjaxCheckService.setItemNumber.dwr HTTP/1.1" 200 77
101.80.225.213 - - [24/Dec/2022:15:00:52 +0800] "POST /xingrg/dwr/call/plaincall/AjaxCheckService.setItemNumber.dwr HTTP/1.1" 200 77
101.80.225.213 - - [24/Dec/2022:15:00:53 +0800] "POST /xingrg/dwr/call/plaincall/AjaxCheckService.setItemNumber.dwr HTTP/1.1" 200 77
101.80.225.213 - - [24/Dec/2022:15:00:54 +0800] "POST /xingrg/dwr/call/plaincall/AjaxCheckService.setItemNumber.dwr HTTP/1.1" 200 77
101.80.225.213 - - [24/Dec/2022:15:00:55 +0800] "POST /xingrg/dwr/call/plaincall/AjaxCheckService.setItemNumber.dwr HTTP/1.1" 200 77
101.80.225.213 - - [24/Dec/2022:15:00:55 +0800] "POST /xingrg/dwr/call/plaincall/AjaxCheckService.setItemNumber.dwr HTTP/1.1" 200 77
101.80.225.213 - - [24/Dec/2022:15:00:58 +0800] "POST /xingrg/dwr/call/plaincall/AjaxCheckService.setItemNumber.dwr HTTP/1.1" 200 77
101.80.225.213 - - [24/Dec/2022:15:00:59 +0800] "POST /xingrg/dwr/call/plaincall/AjaxCheckService.setItemNumber.dwr HTTP/1.1" 200 77
101.80.225.213 - - [24/Dec/2022:15:01:01 +0800] "POST /xingrg/dwr/call/plaincall/AjaxCheckService.setItemNumber.dwr HTTP/1.1" 200 77
101.80.225.213 - - [24/Dec/2022:15:01:01 +0800] "POST /xingrg/dwr/call/plaincall/AjaxCheckService.setItemNumber.dwr HTTP/1.1" 200 77
101.80.225.213 - - [24/Dec/2022:15:01:01 +0800] "POST /xingrg/dwr/call/plaincall/AjaxCheckService.setItemNumber.dwr HTTP/1.1" 200 77
101.80.225.213 - - [24/Dec/2022:15:01:02 +0800] "POST /xingrg/dwr/call/plaincall/AjaxCheckService.setItemNumber.dwr HTTP/1.1" 200 77
101.80.225.213 - - [24/Dec/2022:15:01:02 +0800] "POST /xingrg/dwr/call/plaincall/AjaxCheckService.setItemNumber.dwr HTTP/1.1" 200 77
