180.169.147.146 - - [24/Dec/2022:16:49:50 +0800] "GET /xingrg/index.html?sysBaseUrl=http%3A%2F%2F180.169.147.146%3A18081%2Fxingrg%2F&costTime=45×tamp=1671871790818 HTTP/1.1" 200 17179
180.169.147.146 - - [24/Dec/2022:16:49:50 +0800] "GET /favicon.ico HTTP/1.1" 404 -
180.169.147.146 - - [24/Dec/2022:16:49:50 +0800] "POST /xingrg/all/common/load_tree.html?tree=area_rest_tree_json&manage=1 HTTP/1.1" 200 351
180.169.147.146 - - [24/Dec/2022:16:49:50 +0800] "GET /xingrg/all/function/internal_message.html?_=1671871801330&CODE_STATE=count HTTP/1.1" 200 11
180.169.147.146 - - [24/Dec/2022:16:49:50 +0800] "GET /xingrg/check_reg.html?_=1671871801332 HTTP/1.1" 200 22
180.169.147.146 - - [24/Dec/2022:16:49:51 +0800] "POST /xingrg/load_menu.html HTTP/1.1" 200 5138
180.169.147.146 - - [24/Dec/2022:16:49:51 +0800] "GET /xingrg/kc/buy/buy_main.html HTTP/1.1" 200 12412
180.169.147.146 - - [24/Dec/2022:16:49:51 +0800] "GET /xingrg/css/new_ie.css HTTP/1.1" 404 1036
180.169.147.146 - - [24/Dec/2022:16:49:52 +0800] "GET /xingrg/images/yd/bt.gif HTTP/1.1" 404 1040
180.169.147.146 - - [24/Dec/2022:16:49:52 +0800] "GET /xingrg/kc/buy/cgsh_order_list.html HTTP/1.1" 200 54084
180.169.147.146 - - [24/Dec/2022:16:49:55 +0800] "POST /xingrg/kc/buy/cgsh_list_operate.html HTTP/1.1" 200 6154
116.230.105.139 - - [24/Dec/2022:16:50:05 +0800] "GET /xingrg/all/function/internal_message.html?_=1671871793673&CODE_STATE=getMsg HTTP/1.1" 200 27
116.230.105.139 - - [24/Dec/2022:16:50:05 +0800] "GET /xingrg/check_reg.html?_=1671871793676 HTTP/1.1" 200 22
116.238.139.35 - - [24/Dec/2022:16:50:16 +0800] "GET /xingrg/all/function/internal_message.html?_=1671871832264&CODE_STATE=getMsg HTTP/1.1" 200 27
116.238.139.35 - - [24/Dec/2022:16:50:20 +0800] "GET /xingrg/check_reg.html?_=1671871837016 HTTP/1.1" 200 22
114.84.38.109 - - [24/Dec/2022:16:50:21 +0800] "GET /xingrg/all/function/internal_message.html?_=1671871858124&CODE_STATE=getMsg HTTP/1.1" 200 27
180.162.115.6 - - [24/Dec/2022:16:50:23 +0800] "GET /xingrg/all/function/internal_message.html?_=1671870837504&CODE_STATE=getMsg HTTP/1.1" 200 27
114.84.171.241 - - [24/Dec/2022:16:50:33 +0800] "GET /xingrg/all/function/internal_message.html?_=1671871844655&CODE_STATE=getMsg HTTP/1.1" 200 27
180.169.147.146 - - [24/Dec/2022:16:50:38 +0800] "POST /xingrg/kc/buy/cgsh_list_operate.html HTTP/1.1" 200 4456
114.83.222.182 - - [24/Dec/2022:16:50:43 +0800] "GET /xingrg/all/function/internal_message.html?_=1671871924582&CODE_STATE=getMsg HTTP/1.1" 200 27
114.84.38.109 - - [24/Dec/2022:16:50:43 +0800] "GET /xingrg/check_reg.html?_=1671871880415 HTTP/1.1" 200 22
180.169.147.146 - - [24/Dec/2022:16:50:44 +0800] "POST /xingrg/kc/buy/cgsh_list_operate.html HTTP/1.1" 200 6291
124.79.245.154 - - [24/Dec/2022:16:50:45 +0800] "GET /xingrg/all/function/internal_message.html?_=1671872089741&CODE_STATE=getMsg HTTP/1.1" 200 27
222.70.177.10 - - [24/Dec/2022:16:50:48 +0800] "GET /xingrg/all/function/internal_message.html?_=1671871896326&CODE_STATE=getMsg HTTP/1.1" 200 27
222.69.192.184 - - [24/Dec/2022:16:50:49 +0800] "GET /xingrg/all/function/internal_message.html?_=1671871708258&CODE_STATE=getMsg HTTP/1.1" 200 27
124.79.245.154 - - [24/Dec/2022:16:50:49 +0800] "POST /xingrg/services/DataTransmitService HTTP/1.1" 200 524
124.79.245.154 - - [24/Dec/2022:16:50:50 +0800] "POST /xingrg/services/DataTransmitService HTTP/1.1" 200 501
180.169.147.146 - - [24/Dec/2022:16:50:51 +0800] "GET /xingrg/all/function/internal_message.html?_=1671871861332&CODE_STATE=getMsg HTTP/1.1" 200 27
114.88.159.190 - - [24/Dec/2022:16:50:51 +0800] "GET /xingrg/check_reg.html?_=1671871452358 HTTP/1.1" 302 -
180.169.147.146 - - [24/Dec/2022:16:50:55 +0800] "POST /xingrg/kc/buy/cgsh_list_operate.html HTTP/1.1" 200 6303
180.169.147.146 - - [24/Dec/2022:16:50:57 +0800] "POST /xingrg/kc/buy/cgsh_list_operate.html HTTP/1.1" 200 276
180.169.147.146 - - [24/Dec/2022:16:51:00 +0800] "GET /xingrg/kc/buy/cgsh_order_info.html?code=212022122005208 HTTP/1.1" 200 69872
180.169.147.146 - - [24/Dec/2022:16:51:00 +0800] "GET /xingrg/words/20221222132041_words.js HTTP/1.1" 200 939558
180.169.147.146 - - [24/Dec/2022:16:51:00 +0800] "GET /xingrg/all/common/auto_word.html?type=employee&rest_code=00147 HTTP/1.1" 200 101
180.169.147.146 - - [24/Dec/2022:16:51:00 +0800] "GET /xingrg/javascript/easyui/themes/default/validatebox.css HTTP/1.1" 404 1104
180.169.147.146 - - [24/Dec/2022:16:51:00 +0800] "GET /xingrg/all/common/auto_word.html?type=employee&rest_code=00147 HTTP/1.1" 200 101
180.169.147.146 - - [24/Dec/2022:16:51:01 +0800] "POST /xingrg/kc/buy/cgsh_order_operate.html HTTP/1.1" 200 3246
116.230.105.139 - - [24/Dec/2022:16:51:05 +0800] "GET /xingrg/all/function/internal_message.html?_=1671871853677&CODE_STATE=getMsg HTTP/1.1" 200 27
180.169.147.146 - - [24/Dec/2022:16:51:10 +0800] "POST /xingrg/kc/buy/cgsh_order_operate.html HTTP/1.1" 200 12
116.238.139.35 - - [24/Dec/2022:16:51:16 +0800] "GET /xingrg/all/function/internal_message.html?_=1671871892244&CODE_STATE=getMsg HTTP/1.1" 200 27
180.169.147.146 - - [24/Dec/2022:16:51:17 +0800] "POST /xingrg/kc/buy/cgsh_list_operate.html HTTP/1.1" 200 6154
114.84.38.109 - - [24/Dec/2022:16:51:21 +0800] "GET /xingrg/all/function/internal_message.html?_=1671871918130&CODE_STATE=getMsg HTTP/1.1" 200 27
180.162.115.6 - - [24/Dec/2022:16:51:23 +0800] "GET /xingrg/all/function/internal_message.html?_=1671870897505&CODE_STATE=getMsg HTTP/1.1" 200 27
58.221.95.50 - - [24/Dec/2022:16:51:32 +0800] "GET /xingrg/check_reg.html?_=1671871906103 HTTP/1.1" 302 -
114.84.171.241 - - [24/Dec/2022:16:51:33 +0800] "GET /xingrg/all/function/internal_message.html?_=1671871904654&CODE_STATE=getMsg HTTP/1.1" 200 27
114.83.222.182 - - [24/Dec/2022:16:51:43 +0800] "GET /xingrg/all/function/internal_message.html?_=1671871984579&CODE_STATE=getMsg HTTP/1.1" 200 27
124.79.245.154 - - [24/Dec/2022:16:51:45 +0800] "GET /xingrg/all/function/internal_message.html?_=1671872149740&CODE_STATE=getMsg HTTP/1.1" 200 27
222.70.177.10 - - [24/Dec/2022:16:51:48 +0800] "GET /xingrg/all/function/internal_message.html?_=1671871956319&CODE_STATE=getMsg HTTP/1.1" 200 27
222.69.192.184 - - [24/Dec/2022:16:51:49 +0800] "GET /xingrg/all/function/internal_message.html?_=1671871768243&CODE_STATE=getMsg HTTP/1.1" 200 27
180.169.147.146 - - [24/Dec/2022:16:51:51 +0800] "GET /xingrg/all/function/internal_message.html?_=1671871921335&CODE_STATE=getMsg HTTP/1.1" 200 27
180.169.147.146 - - [24/Dec/2022:16:51:52 +0800] "POST /xingrg/kc/buy/cgsh_list_operate.html HTTP/1.1" 200 4
222.69.192.184 - - [24/Dec/2022:16:51:53 +0800] "GET /xingrg/check_reg.html?_=1671871772349 HTTP/1.1" 200 22
180.169.147.146 - - [24/Dec/2022:16:51:56 +0800] "POST /xingrg/kc/buy/cgsh_list_operate.html HTTP/1.1" 200 6117
116.230.105.139 - - [24/Dec/2022:16:52:05 +0800] "GET /xingrg/all/function/internal_message.html?_=1671871913666&CODE_STATE=getMsg HTTP/1.1" 200 27
116.238.139.35 - - [24/Dec/2022:16:52:16 +0800] "GET /xingrg/all/function/internal_message.html?_=1671871952230&CODE_STATE=getMsg HTTP/1.1" 200 27
114.84.38.109 - - [24/Dec/2022:16:52:21 +0800] "GET /xingrg/all/function/internal_message.html?_=1671871978144&CODE_STATE=getMsg HTTP/1.1" 200 27
180.162.115.6 - - [24/Dec/2022:16:52:23 +0800] "GET /xingrg/all/function/internal_message.html?_=1671870957505&CODE_STATE=getMsg HTTP/1.1" 200 27
180.169.147.146 - - [24/Dec/2022:16:52:28 +0800] "POST /xingrg/kc/buy/cgsh_list_operate.html HTTP/1.1" 200 4
180.169.147.146 - - [24/Dec/2022:16:52:32 +0800] "POST /xingrg/kc/buy/cgsh_list_operate.html HTTP/1.1" 200 6046
114.84.171.241 - - [24/Dec/2022:16:52:33 +0800] "GET /xingrg/all/function/internal_message.html?_=1671871964654&CODE_STATE=getMsg HTTP/1.1" 200 27
180.165.52.19 - - [24/Dec/2022:16:52:38 +0800] "GET /xingrg/check_reg.html?_=1671871971473 HTTP/1.1" 200 22
114.83.222.182 - - [24/Dec/2022:16:52:43 +0800] "GET /xingrg/all/function/internal_message.html?_=1671872044571&CODE_STATE=getMsg HTTP/1.1" 200 27
124.79.245.154 - - [24/Dec/2022:16:52:45 +0800] "GET /xingrg/check_reg.html?_=1671872209739 HTTP/1.1" 200 22
124.79.245.154 - - [24/Dec/2022:16:52:45 +0800] "GET /xingrg/all/function/internal_message.html?_=1671872209740&CODE_STATE=getMsg HTTP/1.1" 200 27
222.70.177.10 - - [24/Dec/2022:16:52:48 +0800] "GET /xingrg/check_reg.html?_=1671872016317 HTTP/1.1" 200 22
222.70.177.10 - - [24/Dec/2022:16:52:48 +0800] "GET /xingrg/all/function/internal_message.html?_=1671872016319&CODE_STATE=getMsg HTTP/1.1" 200 27
222.69.192.184 - - [24/Dec/2022:16:52:49 +0800] "GET /xingrg/all/function/internal_message.html?_=1671871828241&CODE_STATE=getMsg HTTP/1.1" 200 27
180.169.147.146 - - [24/Dec/2022:16:52:51 +0800] "GET /xingrg/all/function/internal_message.html?_=1671871981348&CODE_STATE=getMsg HTTP/1.1" 200 27
180.169.147.146 - - [24/Dec/2022:16:53:01 +0800] "POST /xingrg/kc/buy/cgsh_list_operate.html HTTP/1.1" 200 4
124.78.159.78 - - [24/Dec/2022:16:53:05 +0800] "GET /xingrg/login.html?r=1 HTTP/1.1" 200 7641
124.78.159.78 - - [24/Dec/2022:16:53:05 +0800] "GET /favicon.ico HTTP/1.1" 404 -
116.230.105.139 - - [24/Dec/2022:16:53:05 +0800] "GET /xingrg/all/function/internal_message.html?_=1671871973677&CODE_STATE=getMsg HTTP/1.1" 200 27
180.169.147.146 - - [24/Dec/2022:16:53:06 +0800] "POST /xingrg/kc/buy/cgsh_list_operate.html HTTP/1.1" 200 6006
116.238.139.35 - - [24/Dec/2022:16:53:16 +0800] "GET /xingrg/all/function/internal_message.html?_=1671872012201&CODE_STATE=getMsg HTTP/1.1" 200 27
114.84.38.109 - - [24/Dec/2022:16:53:21 +0800] "GET /xingrg/all/function/internal_message.html?_=1671872038185&CODE_STATE=getMsg HTTP/1.1" 200 27
180.162.115.6 - - [24/Dec/2022:16:53:23 +0800] "GET /xingrg/all/function/internal_message.html?_=1671871017505&CODE_STATE=getMsg HTTP/1.1" 200 27
124.78.159.78 - - [24/Dec/2022:16:53:31 +0800] "GET /xingrg/login.html?r=1 HTTP/1.1" 200 7641
124.78.159.78 - - [24/Dec/2022:16:53:31 +0800] "GET /favicon.ico HTTP/1.1" 404 -
114.84.171.241 - - [24/Dec/2022:16:53:33 +0800] "GET /xingrg/all/function/internal_message.html?_=1671872024654&CODE_STATE=getMsg HTTP/1.1" 200 27
124.78.159.78 - - [24/Dec/2022:16:53:34 +0800] "POST /xingrg/login.do HTTP/1.1" 302 -
124.78.159.78 - - [24/Dec/2022:16:53:34 +0800] "GET /xingrg/index.html?sysBaseUrl=http%3A%2F%2F180.169.147.146%3A18081%2Fxingrg%2F&costTime=41×tamp=1671872014494 HTTP/1.1" 200 17173
124.78.159.78 - - [24/Dec/2022:16:53:34 +0800] "GET /favicon.ico HTTP/1.1" 404 -
124.78.159.78 - - [24/Dec/2022:16:53:34 +0800] "POST /xingrg/all/common/load_tree.html?tree=area_rest_tree_json&manage=1 HTTP/1.1" 200 342
124.78.159.78 - - [24/Dec/2022:16:53:34 +0800] "GET /xingrg/all/function/internal_message.html?_=1671872029120&CODE_STATE=count HTTP/1.1" 200 11
124.78.159.78 - - [24/Dec/2022:16:53:34 +0800] "GET /xingrg/check_reg.html?_=1671872029121 HTTP/1.1" 200 22
124.78.159.78 - - [24/Dec/2022:16:53:34 +0800] "POST /xingrg/load_menu.html HTTP/1.1" 200 5138
180.169.147.146 - - [24/Dec/2022:16:53:35 +0800] "POST /xingrg/kc/buy/cgsh_list_operate.html HTTP/1.1" 200 4
124.78.159.78 - - [24/Dec/2022:16:53:36 +0800] "GET /xingrg/kc/base/base_main.html HTTP/1.1" 200 12142
124.78.159.78 - - [24/Dec/2022:16:53:36 +0800] "GET /xingrg/images/blue/button/wlsy.gif HTTP/1.1" 200 2536
124.78.159.78 - - [24/Dec/2022:16:53:36 +0800] "GET /xingrg/images/blue/button/ckpd.gif HTTP/1.1" 200 2051
124.78.159.78 - - [24/Dec/2022:16:53:36 +0800] "GET /xingrg/images/blue/button/ckdb.gif HTTP/1.1" 200 1950
124.78.159.78 - - [24/Dec/2022:16:53:36 +0800] "GET /xingrg/images/blue/button/yddb.gif HTTP/1.1" 200 2040
124.78.159.78 - - [24/Dec/2022:16:53:36 +0800] "GET /xingrg/images/blue/button/top_left.jpg HTTP/1.1" 200 1632
124.78.159.78 - - [24/Dec/2022:16:53:36 +0800] "GET /xingrg/images/blue/button/top_right.jpg HTTP/1.1" 200 1708
124.78.159.78 - - [24/Dec/2022:16:53:36 +0800] "GET /xingrg/images/blue/button/down.jpg HTTP/1.1" 200 1560
124.78.159.78 - - [24/Dec/2022:16:53:36 +0800] "GET /xingrg/images/blue/button/left_ah.jpg HTTP/1.1" 200 1643
124.78.159.78 - - [24/Dec/2022:16:53:36 +0800] "GET /xingrg/images/blue/button/bottom_left.jpg HTTP/1.1" 200 1524
124.78.159.78 - - [24/Dec/2022:16:53:36 +0800] "GET /xingrg/images/blue/button/bottom_right.jpg HTTP/1.1" 200 1436
124.78.159.78 - - [24/Dec/2022:16:53:38 +0800] "GET /xingrg/kc/base/wldb_order_list.html HTTP/1.1" 200 19101
124.78.159.78 - - [24/Dec/2022:16:53:38 +0800] "POST /xingrg/kc/base/wldb_list_operate.html HTTP/1.1" 200 928
180.169.147.146 - - [24/Dec/2022:16:53:39 +0800] "POST /xingrg/kc/buy/cgsh_list_operate.html HTTP/1.1" 200 5898
124.78.159.78 - - [24/Dec/2022:16:53:40 +0800] "GET /xingrg/kc/base/wldb_order_add.html HTTP/1.1" 200 30384
124.78.159.78 - - [24/Dec/2022:16:53:40 +0800] "GET /xingrg/words/20221222132041_words.js HTTP/1.1" 304 -
124.78.159.78 - - [24/Dec/2022:16:53:40 +0800] "POST /xingrg/kc/base/wldb_order_operate.html HTTP/1.1" 200 6806
124.78.159.78 - - [24/Dec/2022:16:53:40 +0800] "GET /xingrg/all/common/auto_word.html?type=base&rest_code=00106 HTTP/1.1" 200 1799
124.78.159.78 - - [24/Dec/2022:16:53:40 +0800] "GET /xingrg/all/common/auto_word.html?type=base&rest_code=00106 HTTP/1.1" 200 1799
124.78.159.78 - - [24/Dec/2022:16:53:40 +0800] "GET /xingrg/javascript/easyui/themes/default/validatebox.css HTTP/1.1" 404 1104
124.78.159.78 - - [24/Dec/2022:16:53:42 +0800] "POST /xingrg/all/common/load_combo.html?type=base HTTP/1.1" 200 3227
114.83.222.182 - - [24/Dec/2022:16:53:43 +0800] "GET /xingrg/all/function/internal_message.html?_=1671872104573&CODE_STATE=getMsg HTTP/1.1" 200 27
114.83.222.182 - - [24/Dec/2022:16:53:43 +0800] "GET /xingrg/check_reg.html?_=1671872104575 HTTP/1.1" 200 22
124.79.245.154 - - [24/Dec/2022:16:53:45 +0800] "GET /xingrg/all/function/internal_message.html?_=1671872269738&CODE_STATE=getMsg HTTP/1.1" 200 27
124.78.159.78 - - [24/Dec/2022:16:53:47 +0800] "POST /xingrg/all/common/load_combo.html?type=base HTTP/1.1" 200 3227
222.70.177.10 - - [24/Dec/2022:16:53:48 +0800] "GET /xingrg/all/function/internal_message.html?_=1671872076313&CODE_STATE=getMsg HTTP/1.1" 200 27
222.69.192.184 - - [24/Dec/2022:16:53:49 +0800] "GET /xingrg/all/function/internal_message.html?_=1671871888226&CODE_STATE=getMsg HTTP/1.1" 200 27
180.169.147.146 - - [24/Dec/2022:16:53:51 +0800] "GET /xingrg/all/function/internal_message.html?_=1671872041342&CODE_STATE=getMsg HTTP/1.1" 200 27
116.230.105.139 - - [24/Dec/2022:16:54:05 +0800] "GET /xingrg/all/function/internal_message.html?_=1671872033679&CODE_STATE=getMsg HTTP/1.1" 200 27
116.238.139.35 - - [24/Dec/2022:16:54:16 +0800] "GET /xingrg/all/function/internal_message.html?_=1671872072186&CODE_STATE=getMsg HTTP/1.1" 200 27
114.84.38.109 - - [24/Dec/2022:16:54:21 +0800] "GET /xingrg/all/function/internal_message.html?_=1671872098187&CODE_STATE=getMsg HTTP/1.1" 200 27
124.78.159.78 - - [24/Dec/2022:16:54:21 +0800] "GET /xingrg/javascript/auto/indicator.gif HTTP/1.1" 404 1066
180.162.115.6 - - [24/Dec/2022:16:54:23 +0800] "GET /xingrg/all/function/internal_message.html?_=1671871077509&CODE_STATE=getMsg HTTP/1.1" 200 27
180.162.115.6 - - [24/Dec/2022:16:54:23 +0800] "GET /xingrg/check_reg.html?_=1671871077506 HTTP/1.1" 200 22
124.78.159.78 - - [24/Dec/2022:16:54:26 +0800] "GET /xingrg/kc/base/wldb_order_operate.html?command=get_materiel&rest_code=00106&base_code=0010232&code=00101025034 HTTP/1.1" 200 465
114.84.171.241 - - [24/Dec/2022:16:54:33 +0800] "GET /xingrg/all/function/internal_message.html?_=1671872084653&CODE_STATE=getMsg HTTP/1.1" 200 27
114.84.171.241 - - [24/Dec/2022:16:54:33 +0800] "GET /xingrg/check_reg.html?_=1671872084656 HTTP/1.1" 200 22
124.78.159.78 - - [24/Dec/2022:16:54:34 +0800] "GET /xingrg/all/function/internal_message.html?_=1671872089152&CODE_STATE=getMsg HTTP/1.1" 200 27
124.78.159.78 - - [24/Dec/2022:16:54:38 +0800] "POST /xingrg/kc/base/wldb_order_operate.html HTTP/1.1" 200 37
124.78.159.78 - - [24/Dec/2022:16:54:38 +0800] "POST /xingrg/kc/base/wldb_order_operate.html HTTP/1.1" 200 2211
124.78.159.78 - - [24/Dec/2022:16:54:39 +0800] "GET /xingrg/kc/base/wldb_order_info.html?code=422022122401464 HTTP/1.1" 200 30399
124.78.159.78 - - [24/Dec/2022:16:54:39 +0800] "GET /xingrg/javascript/easyui/themes/default/validatebox.css HTTP/1.1" 404 1104
124.78.159.78 - - [24/Dec/2022:16:54:39 +0800] "POST /xingrg/kc/base/wldb_order_operate.html HTTP/1.1" 200 2211
114.83.222.182 - - [24/Dec/2022:16:54:43 +0800] "GET /xingrg/all/function/internal_message.html?_=1671872164590&CODE_STATE=getMsg HTTP/1.1" 200 27
124.78.159.78 - - [24/Dec/2022:16:54:43 +0800] "GET /xingrg/kc/base/wldb_order_add.html HTTP/1.1" 200 30384
124.78.159.78 - - [24/Dec/2022:16:54:43 +0800] "POST /xingrg/kc/base/wldb_order_operate.html HTTP/1.1" 200 6806
124.78.159.78 - - [24/Dec/2022:16:54:43 +0800] "GET /xingrg/javascript/easyui/themes/default/validatebox.css HTTP/1.1" 404 1104
124.78.159.78 - - [24/Dec/2022:16:54:45 +0800] "POST /xingrg/all/common/load_combo.html?type=base HTTP/1.1" 200 3227
124.79.245.154 - - [24/Dec/2022:16:54:45 +0800] "GET /xingrg/all/function/internal_message.html?_=1671872329737&CODE_STATE=getMsg HTTP/1.1" 200 27
222.70.177.10 - - [24/Dec/2022:16:54:48 +0800] "GET /xingrg/all/function/internal_message.html?_=1671872136312&CODE_STATE=getMsg HTTP/1.1" 200 27
222.69.192.184 - - [24/Dec/2022:16:54:49 +0800] "GET /xingrg/all/function/internal_message.html?_=1671871948211&CODE_STATE=getMsg HTTP/1.1" 200 27
124.78.159.78 - - [24/Dec/2022:16:54:50 +0800] "POST /xingrg/all/common/load_combo.html?type=base HTTP/1.1" 200 3227
180.169.147.146 - - [24/Dec/2022:16:54:51 +0800] "GET /xingrg/check_reg.html?_=1671872101339 HTTP/1.1" 200 22
180.169.147.146 - - [24/Dec/2022:16:54:51 +0800] "GET /xingrg/all/function/internal_message.html?_=1671872101341&CODE_STATE=getMsg HTTP/1.1" 200 27
116.230.105.139 - - [24/Dec/2022:16:55:05 +0800] "GET /xingrg/check_reg.html?_=1671872093672 HTTP/1.1" 200 22
116.230.105.139 - - [24/Dec/2022:16:55:05 +0800] "GET /xingrg/all/function/internal_message.html?_=1671872093674&CODE_STATE=getMsg HTTP/1.1" 200 27
180.169.147.146 - - [24/Dec/2022:16:55:07 +0800] "POST /xingrg/kc/buy/cgsh_list_operate.html HTTP/1.1" 200 4
124.78.159.78 - - [24/Dec/2022:16:55:12 +0800] "GET /xingrg/kc/base/wldb_order_operate.html?command=get_materiel&rest_code=00106&base_code=0010397&code=00102002441 HTTP/1.1" 200 448
116.238.139.35 - - [24/Dec/2022:16:55:16 +0800] "GET /xingrg/all/function/internal_message.html?_=1671872132163&CODE_STATE=getMsg HTTP/1.1" 200 27
180.169.147.146 - - [24/Dec/2022:16:55:19 +0800] "POST /xingrg/kc/buy/cgsh_list_operate.html HTTP/1.1" 200 3623
116.238.139.35 - - [24/Dec/2022:16:55:20 +0800] "GET /xingrg/check_reg.html?_=1671872137023 HTTP/1.1" 200 22
114.84.38.109 - - [24/Dec/2022:16:55:21 +0800] "GET /xingrg/all/function/internal_message.html?_=1671872158228&CODE_STATE=getMsg HTTP/1.1" 200 27
180.162.115.6 - - [24/Dec/2022:16:55:23 +0800] "GET /xingrg/all/function/internal_message.html?_=1671871137509&CODE_STATE=getMsg HTTP/1.1" 200 27
114.84.171.241 - - [24/Dec/2022:16:55:33 +0800] "GET /xingrg/all/function/internal_message.html?_=1671872144656&CODE_STATE=getMsg HTTP/1.1" 200 27
124.78.159.78 - - [24/Dec/2022:16:55:34 +0800] "GET /xingrg/all/function/internal_message.html?_=1671872149138&CODE_STATE=getMsg HTTP/1.1" 200 27
124.78.159.78 - - [24/Dec/2022:16:55:43 +0800] "GET /xingrg/kc/base/wldb_order_operate.html?command=get_materiel&rest_code=00106&base_code=0010397&code=00102002543 HTTP/1.1" 200 443
114.83.222.182 - - [24/Dec/2022:16:55:43 +0800] "GET /xingrg/all/function/internal_message.html?_=1671872224582&CODE_STATE=getMsg HTTP/1.1" 200 27
114.84.38.109 - - [24/Dec/2022:16:55:43 +0800] "GET /xingrg/check_reg.html?_=1671872180416 HTTP/1.1" 200 22
124.79.245.154 - - [24/Dec/2022:16:55:45 +0800] "GET /xingrg/all/function/internal_message.html?_=1671872389735&CODE_STATE=getMsg HTTP/1.1" 200 27
222.70.177.10 - - [24/Dec/2022:16:55:48 +0800] "GET /xingrg/all/function/internal_message.html?_=1671872196302&CODE_STATE=getMsg HTTP/1.1" 200 27
222.69.192.184 - - [24/Dec/2022:16:55:49 +0800] "GET /xingrg/all/function/internal_message.html?_=1671872008196&CODE_STATE=getMsg HTTP/1.1" 200 27
180.169.147.146 - - [24/Dec/2022:16:55:50 +0800] "POST /xingrg/kc/buy/cgsh_list_operate.html HTTP/1.1" 200 4
114.88.159.190 - - [24/Dec/2022:16:55:51 +0800] "GET /xingrg/check_reg.html?_=1671871752362 HTTP/1.1" 302 -
124.78.159.78 - - [24/Dec/2022:16:55:54 +0800] "POST /xingrg/kc/base/wldb_order_operate.html HTTP/1.1" 200 37
124.78.159.78 - - [24/Dec/2022:16:55:55 +0800] "POST /xingrg/kc/base/wldb_order_operate.html HTTP/1.1" 200 2674
124.78.159.78 - - [24/Dec/2022:16:55:55 +0800] "GET /xingrg/kc/base/wldb_order_info.html?code=422022122401465 HTTP/1.1" 200 30400
124.78.159.78 - - [24/Dec/2022:16:55:55 +0800] "GET /xingrg/javascript/easyui/themes/default/validatebox.css HTTP/1.1" 404 1104
124.78.159.78 - - [24/Dec/2022:16:55:56 +0800] "POST /xingrg/kc/base/wldb_order_operate.html HTTP/1.1" 200 2674
180.169.147.146 - - [24/Dec/2022:16:55:59 +0800] "POST /xingrg/kc/buy/cgsh_list_operate.html HTTP/1.1" 200 986
124.78.159.78 - - [24/Dec/2022:16:55:59 +0800] "GET /xingrg/kc/base/wldb_order_add.html HTTP/1.1" 200 30384
124.78.159.78 - - [24/Dec/2022:16:56:00 +0800] "GET /xingrg/javascript/easyui/themes/default/validatebox.css HTTP/1.1" 404 1104
124.78.159.78 - - [24/Dec/2022:16:56:00 +0800] "POST /xingrg/kc/base/wldb_order_operate.html HTTP/1.1" 200 6806
124.78.159.78 - - [24/Dec/2022:16:56:01 +0800] "POST /xingrg/all/common/load_combo.html?type=base HTTP/1.1" 200 3227
124.78.159.78 - - [24/Dec/2022:16:56:04 +0800] "POST /xingrg/all/common/load_combo.html?type=base HTTP/1.1" 200 3227
116.230.105.139 - - [24/Dec/2022:16:56:05 +0800] "GET /xingrg/all/function/internal_message.html?_=1671872153666&CODE_STATE=getMsg HTTP/1.1" 200 27
222.70.177.10 - - [24/Dec/2022:16:56:13 +0800] "POST /xingrg/services/DataTransmitService HTTP/1.1" 200 524
116.238.139.35 - - [24/Dec/2022:16:56:16 +0800] "GET /xingrg/all/function/internal_message.html?_=1671872192141&CODE_STATE=getMsg HTTP/1.1" 200 27
124.78.159.78 - - [24/Dec/2022:16:56:17 +0800] "GET /xingrg/kc/base/wldb_order_operate.html?command=get_materiel&rest_code=00106&base_code=0010397&code=00102002258 HTTP/1.1" 200 448
114.84.38.109 - - [24/Dec/2022:16:56:21 +0800] "GET /xingrg/all/function/internal_message.html?_=1671872218229&CODE_STATE=getMsg HTTP/1.1" 200 27
180.162.115.6 - - [24/Dec/2022:16:56:23 +0800] "GET /xingrg/all/function/internal_message.html?_=1671871197508&CODE_STATE=getMsg HTTP/1.1" 200 27
58.221.95.50 - - [24/Dec/2022:16:56:32 +0800] "GET /xingrg/check_reg.html?_=1671872206090 HTTP/1.1" 302 -
114.84.171.241 - - [24/Dec/2022:16:56:33 +0800] "GET /xingrg/all/function/internal_message.html?_=1671872204656&CODE_STATE=getMsg HTTP/1.1" 200 27
124.78.159.78 - - [24/Dec/2022:16:56:34 +0800] "GET /xingrg/all/function/internal_message.html?_=1671872209136&CODE_STATE=getMsg HTTP/1.1" 200 27
114.83.222.182 - - [24/Dec/2022:16:56:43 +0800] "GET /xingrg/all/function/internal_message.html?_=1671872284582&CODE_STATE=getMsg HTTP/1.1" 200 27
124.79.245.154 - - [24/Dec/2022:16:56:45 +0800] "GET /xingrg/all/function/internal_message.html?_=1671872449734&CODE_STATE=getMsg HTTP/1.1" 200 27
124.78.159.78 - - [24/Dec/2022:16:56:46 +0800] "GET /xingrg/kc/base/wldb_order_operate.html?command=get_materiel&rest_code=00106&base_code=0010397&code=00102002562 HTTP/1.1" 200 461
222.70.177.10 - - [24/Dec/2022:16:56:48 +0800] "GET /xingrg/all/function/internal_message.html?_=1671872256312&CODE_STATE=getMsg HTTP/1.1" 200 27
222.69.192.184 - - [24/Dec/2022:16:56:48 +0800] "GET /xingrg/all/function/internal_message.html?_=1671872068165&CODE_STATE=getMsg HTTP/1.1" 200 27
180.169.147.146 - - [24/Dec/2022:16:56:51 +0800] "GET /xingrg/all/function/internal_message.html?_=1671872221356&CODE_STATE=getMsg HTTP/1.1" 200 27
222.69.192.184 - - [24/Dec/2022:16:56:53 +0800] "GET /xingrg/check_reg.html?_=1671872072348 HTTP/1.1" 200 22
114.84.171.241 - - [24/Dec/2022:16:56:56 +0800] "POST /xingrg/kc/base/yddb_list_operate.html HTTP/1.1" 200 4382
116.230.105.139 - - [24/Dec/2022:16:57:05 +0800] "GET /xingrg/all/function/internal_message.html?_=1671872213673&CODE_STATE=getMsg HTTP/1.1" 200 27
124.78.159.78 - - [24/Dec/2022:16:57:06 +0800] "GET /xingrg/kc/base/wldb_order_operate.html?command=get_materiel&rest_code=00106&base_code=0010397&code=00102002500 HTTP/1.1" 200 453
116.238.139.35 - - [24/Dec/2022:16:57:15 +0800] "GET /xingrg/all/function/internal_message.html?_=1671872252126&CODE_STATE=getMsg HTTP/1.1" 200 27
114.84.38.109 - - [24/Dec/2022:16:57:21 +0800] "GET /xingrg/all/function/internal_message.html?_=1671872278243&CODE_STATE=getMsg HTTP/1.1" 200 27
180.162.115.6 - - [24/Dec/2022:16:57:23 +0800] "GET /xingrg/all/function/internal_message.html?_=1671871257511&CODE_STATE=getMsg HTTP/1.1" 200 27
124.78.159.78 - - [24/Dec/2022:16:57:30 +0800] "GET /xingrg/kc/base/wldb_order_operate.html?command=get_materiel&rest_code=00106&base_code=0010397&code=00102002851 HTTP/1.1" 200 446
114.84.171.241 - - [24/Dec/2022:16:57:33 +0800] "GET /xingrg/all/function/internal_message.html?_=1671872264653&CODE_STATE=getMsg HTTP/1.1" 200 27
124.78.159.78 - - [24/Dec/2022:16:57:34 +0800] "GET /xingrg/all/function/internal_message.html?_=1671872269136&CODE_STATE=getMsg HTTP/1.1" 200 27
180.165.52.19 - - [24/Dec/2022:16:57:38 +0800] "GET /xingrg/check_reg.html?_=1671872271467 HTTP/1.1" 200 22
114.83.222.182 - - [24/Dec/2022:16:57:43 +0800] "GET /xingrg/all/function/internal_message.html?_=1671872344575&CODE_STATE=getMsg HTTP/1.1" 200 27
124.79.245.154 - - [24/Dec/2022:16:57:45 +0800] "GET /xingrg/all/function/internal_message.html?_=1671872509732&CODE_STATE=getMsg HTTP/1.1" 200 27
124.79.245.154 - - [24/Dec/2022:16:57:45 +0800] "GET /xingrg/check_reg.html?_=1671872509734 HTTP/1.1" 200 22
222.70.177.10 - - [24/Dec/2022:16:57:48 +0800] "GET /xingrg/check_reg.html?_=1671872316331 HTTP/1.1" 200 22
222.70.177.10 - - [24/Dec/2022:16:57:48 +0800] "GET /xingrg/all/function/internal_message.html?_=1671872316329&CODE_STATE=getMsg HTTP/1.1" 200 27
222.69.192.184 - - [24/Dec/2022:16:57:48 +0800] "GET /xingrg/all/function/internal_message.html?_=1671872128152&CODE_STATE=getMsg HTTP/1.1" 200 27
180.169.147.146 - - [24/Dec/2022:16:57:51 +0800] "GET /xingrg/all/function/internal_message.html?_=1671872281339&CODE_STATE=getMsg HTTP/1.1" 200 27
116.230.105.139 - - [24/Dec/2022:16:58:05 +0800] "GET /xingrg/all/function/internal_message.html?_=1671872273672&CODE_STATE=getMsg HTTP/1.1" 200 27
116.238.139.35 - - [24/Dec/2022:16:58:15 +0800] "GET /xingrg/all/function/internal_message.html?_=1671872312096&CODE_STATE=getMsg HTTP/1.1" 200 27
114.84.38.109 - - [24/Dec/2022:16:58:21 +0800] "GET /xingrg/all/function/internal_message.html?_=1671872338279&CODE_STATE=getMsg HTTP/1.1" 200 27
180.162.115.6 - - [24/Dec/2022:16:58:23 +0800] "GET /xingrg/all/function/internal_message.html?_=1671871317511&CODE_STATE=getMsg HTTP/1.1" 200 27
114.84.171.241 - - [24/Dec/2022:16:58:33 +0800] "GET /xingrg/all/function/internal_message.html?_=1671872324680&CODE_STATE=getMsg HTTP/1.1" 200 27
124.78.159.78 - - [24/Dec/2022:16:58:34 +0800] "GET /xingrg/check_reg.html?_=1671872329133 HTTP/1.1" 200 22
124.78.159.78 - - [24/Dec/2022:16:58:34 +0800] "GET /xingrg/all/function/internal_message.html?_=1671872329136&CODE_STATE=getMsg HTTP/1.1" 200 27
114.83.222.182 - - [24/Dec/2022:16:58:43 +0800] "GET /xingrg/check_reg.html?_=1671872404578 HTTP/1.1" 200 22
114.83.222.182 - - [24/Dec/2022:16:58:43 +0800] "GET /xingrg/all/function/internal_message.html?_=1671872404580&CODE_STATE=getMsg HTTP/1.1" 200 27
124.79.245.154 - - [24/Dec/2022:16:58:45 +0800] "GET /xingrg/all/function/internal_message.html?_=1671872569731&CODE_STATE=getMsg HTTP/1.1" 200 27
222.70.177.10 - - [24/Dec/2022:16:58:48 +0800] "GET /xingrg/all/function/internal_message.html?_=1671872376310&CODE_STATE=getMsg HTTP/1.1" 200 27
222.69.192.184 - - [24/Dec/2022:16:58:48 +0800] "GET /xingrg/all/function/internal_message.html?_=1671872188137&CODE_STATE=getMsg HTTP/1.1" 200 27
180.169.147.146 - - [24/Dec/2022:16:58:51 +0800] "GET /xingrg/all/function/internal_message.html?_=1671872341324&CODE_STATE=getMsg HTTP/1.1" 200 27
116.230.105.139 - - [24/Dec/2022:16:59:05 +0800] "GET /xingrg/all/function/internal_message.html?_=1671872333672&CODE_STATE=getMsg HTTP/1.1" 200 27
116.238.139.35 - - [24/Dec/2022:16:59:15 +0800] "GET /xingrg/all/function/internal_message.html?_=1671872372066&CODE_STATE=getMsg HTTP/1.1" 200 27
114.84.38.109 - - [24/Dec/2022:16:59:21 +0800] "GET /xingrg/all/function/internal_message.html?_=1671872398286&CODE_STATE=getMsg HTTP/1.1" 200 27
180.162.115.6 - - [24/Dec/2022:16:59:23 +0800] "GET /xingrg/all/function/internal_message.html?_=1671871377514&CODE_STATE=getMsg HTTP/1.1" 200 27
180.162.115.6 - - [24/Dec/2022:16:59:23 +0800] "GET /xingrg/check_reg.html?_=1671871377511 HTTP/1.1" 200 22
124.78.159.78 - - [24/Dec/2022:16:59:29 +0800] "POST /xingrg/kc/base/wldb_order_operate.html HTTP/1.1" 200 37
124.78.159.78 - - [24/Dec/2022:16:59:30 +0800] "POST /xingrg/kc/base/wldb_order_operate.html HTTP/1.1" 200 2676
124.78.159.78 - - [24/Dec/2022:16:59:30 +0800] "GET /xingrg/kc/base/wldb_order_info.html?code=422022122401466 HTTP/1.1" 200 30399
124.78.159.78 - - [24/Dec/2022:16:59:31 +0800] "GET /xingrg/javascript/easyui/themes/default/validatebox.css HTTP/1.1" 404 1104
124.78.159.78 - - [24/Dec/2022:16:59:31 +0800] "POST /xingrg/kc/base/wldb_order_operate.html HTTP/1.1" 200 2676
114.84.171.241 - - [24/Dec/2022:16:59:33 +0800] "GET /xingrg/all/function/internal_message.html?_=1671872384680&CODE_STATE=getMsg HTTP/1.1" 200 27
114.84.171.241 - - [24/Dec/2022:16:59:33 +0800] "GET /xingrg/check_reg.html?_=1671872384683 HTTP/1.1" 200 22
124.78.159.78 - - [24/Dec/2022:16:59:33 +0800] "GET /xingrg/kc/base/base_main.html HTTP/1.1" 200 12142
124.78.159.78 - - [24/Dec/2022:16:59:34 +0800] "GET /xingrg/all/function/internal_message.html?_=1671872389149&CODE_STATE=getMsg HTTP/1.1" 200 27
124.78.159.78 - - [24/Dec/2022:16:59:35 +0800] "GET /xingrg/kc/base/wldb_order_list.html HTTP/1.1" 200 19101
124.78.159.78 - - [24/Dec/2022:16:59:36 +0800] "POST /xingrg/kc/base/wldb_list_operate.html HTTP/1.1" 200 2560
114.83.222.182 - - [24/Dec/2022:16:59:43 +0800] "GET /xingrg/all/function/internal_message.html?_=1671872464577&CODE_STATE=getMsg HTTP/1.1" 200 27
124.79.245.154 - - [24/Dec/2022:16:59:45 +0800] "GET /xingrg/all/function/internal_message.html?_=1671872629729&CODE_STATE=getMsg HTTP/1.1" 200 27
222.70.177.10 - - [24/Dec/2022:16:59:48 +0800] "GET /xingrg/all/function/internal_message.html?_=1671872436318&CODE_STATE=getMsg HTTP/1.1" 200 27
222.69.192.184 - - [24/Dec/2022:16:59:48 +0800] "GET /xingrg/all/function/internal_message.html?_=1671872248128&CODE_STATE=getMsg HTTP/1.1" 200 27
180.169.147.146 - - [24/Dec/2022:16:59:50 +0800] "GET /xingrg/all/function/internal_message.html?_=1671872401308&CODE_STATE=getMsg HTTP/1.1" 200 27
180.169.147.146 - - [24/Dec/2022:16:59:51 +0800] "GET /xingrg/check_reg.html?_=1671872401341 HTTP/1.1" 200 22
124.78.159.78 - - [24/Dec/2022:16:59:55 +0800] "POST /xingrg/kc/base/wldb_list_operate.html HTTP/1.1" 200 4
124.78.159.78 - - [24/Dec/2022:16:59:56 +0800] "POST /xingrg/kc/base/wldb_list_operate.html HTTP/1.1" 200 928
124.78.159.78 - - [24/Dec/2022:17:00:00 +0800] "GET /xingrg/kc/base/base_main.html HTTP/1.1" 200 12142
124.78.159.78 - - [24/Dec/2022:17:00:03 +0800] "GET /xingrg/kc/base/base_main.html HTTP/1.1" 200 12142
124.78.159.78 - - [24/Dec/2022:17:00:04 +0800] "GET /xingrg/kc/base/wldb_order_list.html HTTP/1.1" 200 19101
124.78.159.78 - - [24/Dec/2022:17:00:04 +0800] "POST /xingrg/kc/base/wldb_list_operate.html HTTP/1.1" 200 928
116.230.105.139 - - [24/Dec/2022:17:00:05 +0800] "GET /xingrg/check_reg.html?_=1671872393660 HTTP/1.1" 200 22
116.230.105.139 - - [24/Dec/2022:17:00:05 +0800] "GET /xingrg/all/function/internal_message.html?_=1671872393661&CODE_STATE=getMsg HTTP/1.1" 200 27
124.78.159.78 - - [24/Dec/2022:17:00:06 +0800] "GET /xingrg/kc/buy/buy_main.html HTTP/1.1" 200 12412
124.78.159.78 - - [24/Dec/2022:17:00:06 +0800] "GET /xingrg/css/new_ie.css HTTP/1.1" 404 1036
124.78.159.78 - - [24/Dec/2022:17:00:07 +0800] "GET /xingrg/images/yd/bt.gif HTTP/1.1" 404 1040
124.78.159.78 - - [24/Dec/2022:17:00:08 +0800] "GET /xingrg/kc/buy/cgsh_order_list.html HTTP/1.1" 200 54078
124.78.159.78 - - [24/Dec/2022:17:00:09 +0800] "POST /xingrg/kc/buy/cgsh_list_operate.html HTTP/1.1" 200 986
124.78.159.78 - - [24/Dec/2022:17:00:11 +0800] "GET /xingrg/kc/mdqp/qp_main.html HTTP/1.1" 200 10633
124.78.159.78 - - [24/Dec/2022:17:00:12 +0800] "GET /xingrg/images/yd/bt.gif HTTP/1.1" 404 1040
124.78.159.78 - - [24/Dec/2022:17:00:13 +0800] "GET /xingrg/kc/mdqp/pssh_order_list.html HTTP/1.1" 200 17847
124.78.159.78 - - [24/Dec/2022:17:00:13 +0800] "POST /xingrg/kc/mdqp/pssh_list_operate.html HTTP/1.1" 200 5439
116.238.139.35 - - [24/Dec/2022:17:00:15 +0800] "GET /xingrg/all/function/internal_message.html?_=1671872432051&CODE_STATE=getMsg HTTP/1.1" 200 27
124.78.159.78 - - [24/Dec/2022:17:00:16 +0800] "GET /xingrg/kc/buy/buy_main.html HTTP/1.1" 200 12412
124.78.159.78 - - [24/Dec/2022:17:00:16 +0800] "GET /xingrg/css/new_ie.css HTTP/1.1" 404 1036
116.238.139.35 - - [24/Dec/2022:17:00:20 +0800] "GET /xingrg/check_reg.html?_=1671872437031 HTTP/1.1" 200 22
114.84.38.109 - - [24/Dec/2022:17:00:21 +0800] "GET /xingrg/all/function/internal_message.html?_=1671872458330&CODE_STATE=getMsg HTTP/1.1" 200 27
180.162.115.6 - - [24/Dec/2022:17:00:23 +0800] "GET /xingrg/all/function/internal_message.html?_=1671871437513&CODE_STATE=getMsg HTTP/1.1" 200 27
114.84.171.241 - - [24/Dec/2022:17:00:33 +0800] "GET /xingrg/all/function/internal_message.html?_=1671872444682&CODE_STATE=getMsg HTTP/1.1" 200 27
222.70.177.10 - - [24/Dec/2022:17:00:37 +0800] "POST /xingrg/services/DataTransmitService HTTP/1.1" 200 524
222.70.177.10 - - [24/Dec/2022:17:00:38 +0800] "POST /xingrg/services/DataTransmitService HTTP/1.1" 200 501
222.70.177.10 - - [24/Dec/2022:17:00:38 +0800] "POST /xingrg/services/DataTransmitService HTTP/1.1" 200 501
222.70.177.10 - - [24/Dec/2022:17:00:39 +0800] "POST /xingrg/services/DataTransmitService HTTP/1.1" 200 501
222.70.177.10 - - [24/Dec/2022:17:00:39 +0800] "POST /xingrg/services/DataTransmitService HTTP/1.1" 200 501
222.70.177.10 - - [24/Dec/2022:17:00:39 +0800] "POST /xingrg/services/DataTransmitService HTTP/1.1" 200 501
222.70.177.10 - - [24/Dec/2022:17:00:39 +0800] "POST /xingrg/services/DataTransmitService HTTP/1.1" 200 501
222.70.177.10 - - [24/Dec/2022:17:00:40 +0800] "POST /xingrg/services/DataTransmitService HTTP/1.1" 200 412
114.83.222.182 - - [24/Dec/2022:17:00:43 +0800] "GET /xingrg/all/function/internal_message.html?_=1671872524574&CODE_STATE=getMsg HTTP/1.1" 200 27
114.84.38.109 - - [24/Dec/2022:17:00:43 +0800] "GET /xingrg/check_reg.html?_=1671872480424 HTTP/1.1" 200 22
124.79.245.154 - - [24/Dec/2022:17:00:45 +0800] "GET /xingrg/all/function/internal_message.html?_=1671872689769&CODE_STATE=getMsg HTTP/1.1" 200 27
222.70.177.10 - - [24/Dec/2022:17:00:48 +0800] "GET /xingrg/all/function/internal_message.html?_=1671872496313&CODE_STATE=getMsg HTTP/1.1" 200 27
222.69.192.184 - - [24/Dec/2022:17:00:48 +0800] "GET /xingrg/all/function/internal_message.html?_=1671872308113&CODE_STATE=getMsg HTTP/1.1" 200 27
180.169.147.146 - - [24/Dec/2022:17:00:50 +0800] "GET /xingrg/all/function/internal_message.html?_=1671872461278&CODE_STATE=getMsg HTTP/1.1" 200 27
114.88.159.190 - - [24/Dec/2022:17:00:51 +0800] "GET /xingrg/check_reg.html?_=1671872052338 HTTP/1.1" 302 -
116.230.105.139 - - [24/Dec/2022:17:01:05 +0800] "GET /xingrg/all/function/internal_message.html?_=1671872453671&CODE_STATE=getMsg HTTP/1.1" 200 27
116.238.139.35 - - [24/Dec/2022:17:01:15 +0800] "GET /xingrg/all/function/internal_message.html?_=1671872492027&CODE_STATE=getMsg HTTP/1.1" 200 27
114.84.38.109 - - [24/Dec/2022:17:01:21 +0800] "GET /xingrg/all/function/internal_message.html?_=1671872518344&CODE_STATE=getMsg HTTP/1.1" 200 27
180.162.115.6 - - [24/Dec/2022:17:01:23 +0800] "GET /xingrg/all/function/internal_message.html?_=1671871497514&CODE_STATE=getMsg HTTP/1.1" 200 27
58.221.95.50 - - [24/Dec/2022:17:01:32 +0800] "GET /xingrg/check_reg.html?_=1671872506070 HTTP/1.1" 302 -
114.84.171.241 - - [24/Dec/2022:17:01:33 +0800] "GET /xingrg/all/function/internal_message.html?_=1671872504682&CODE_STATE=getMsg HTTP/1.1" 200 27
114.83.222.182 - - [24/Dec/2022:17:01:43 +0800] "GET /xingrg/all/function/internal_message.html?_=1671872584588&CODE_STATE=getMsg HTTP/1.1" 200 27
124.79.245.154 - - [24/Dec/2022:17:01:45 +0800] "GET /xingrg/all/function/internal_message.html?_=1671872749768&CODE_STATE=getMsg HTTP/1.1" 200 27
222.70.177.10 - - [24/Dec/2022:17:01:48 +0800] "GET /xingrg/all/function/internal_message.html?_=1671872556305&CODE_STATE=getMsg HTTP/1.1" 200 27
222.69.192.184 - - [24/Dec/2022:17:01:48 +0800] "GET /xingrg/all/function/internal_message.html?_=1671872368083&CODE_STATE=getMsg HTTP/1.1" 200 27
180.169.147.146 - - [24/Dec/2022:17:01:50 +0800] "GET /xingrg/all/function/internal_message.html?_=1671872521263&CODE_STATE=getMsg HTTP/1.1" 200 27
222.69.192.184 - - [24/Dec/2022:17:01:53 +0800] "GET /xingrg/check_reg.html?_=1671872372329 HTTP/1.1" 200 22
116.230.105.139 - - [24/Dec/2022:17:02:05 +0800] "GET /xingrg/all/function/internal_message.html?_=1671872513666&CODE_STATE=getMsg HTTP/1.1" 200 27
222.69.192.184 - - [24/Dec/2022:17:02:14 +0800] "POST /xingrg/services/DataTransmitService HTTP/1.1" 200 524
222.69.192.184 - - [24/Dec/2022:17:02:15 +0800] "POST /xingrg/services/DataTransmitService HTTP/1.1" 200 501
222.69.192.184 - - [24/Dec/2022:17:02:15 +0800] "POST /xingrg/services/DataTransmitService HTTP/1.1" 200 501
222.69.192.184 - - [24/Dec/2022:17:02:15 +0800] "POST /xingrg/services/DataTransmitService HTTP/1.1" 200 501
116.238.139.35 - - [24/Dec/2022:17:02:15 +0800] "GET /xingrg/all/function/internal_message.html?_=1671872551997&CODE_STATE=getMsg HTTP/1.1" 200 27
222.69.192.184 - - [24/Dec/2022:17:02:15 +0800] "POST /xingrg/services/DataTransmitService HTTP/1.1" 200 501
222.69.192.184 - - [24/Dec/2022:17:02:16 +0800] "POST /xingrg/services/DataTransmitService HTTP/1.1" 200 501
222.69.192.184 - - [24/Dec/2022:17:02:17 +0800] "POST /xingrg/services/DataTransmitService HTTP/1.1" 200 412
114.84.38.109 - - [24/Dec/2022:17:02:21 +0800] "GET /xingrg/all/function/internal_message.html?_=1671872578358&CODE_STATE=getMsg HTTP/1.1" 200 27
180.162.115.6 - - [24/Dec/2022:17:02:23 +0800] "GET /xingrg/all/function/internal_message.html?_=1671871557514&CODE_STATE=getMsg HTTP/1.1" 200 27
114.84.171.241 - - [24/Dec/2022:17:02:33 +0800] "GET /xingrg/all/function/internal_message.html?_=1671872564673&CODE_STATE=getMsg HTTP/1.1" 200 27
180.165.52.19 - - [24/Dec/2022:17:02:38 +0800] "GET /xingrg/check_reg.html?_=1671872571460 HTTP/1.1" 200 22
114.83.222.182 - - [24/Dec/2022:17:02:43 +0800] "GET /xingrg/all/function/internal_message.html?_=1671872644580&CODE_STATE=getMsg HTTP/1.1" 200 27
124.79.245.154 - - [24/Dec/2022:17:02:45 +0800] "GET /xingrg/check_reg.html?_=1671872809767 HTTP/1.1" 200 22
124.79.245.154 - - [24/Dec/2022:17:02:45 +0800] "GET /xingrg/all/function/internal_message.html?_=1671872809768&CODE_STATE=getMsg HTTP/1.1" 200 27
114.84.171.241 - - [24/Dec/2022:17:02:46 +0800] "POST /xingrg/kc/base/yddb_list_operate.html HTTP/1.1" 200 4382
222.70.177.10 - - [24/Dec/2022:17:02:48 +0800] "GET /xingrg/all/function/internal_message.html?_=1671872616314&CODE_STATE=getMsg HTTP/1.1" 200 27
222.70.177.10 - - [24/Dec/2022:17:02:48 +0800] "GET /xingrg/check_reg.html?_=1671872616316 HTTP/1.1" 200 22
222.69.192.184 - - [24/Dec/2022:17:02:48 +0800] "GET /xingrg/all/function/internal_message.html?_=1671872428055&CODE_STATE=getMsg HTTP/1.1" 200 27
180.169.147.146 - - [24/Dec/2022:17:02:50 +0800] "GET /xingrg/all/function/internal_message.html?_=1671872581247&CODE_STATE=getMsg HTTP/1.1" 200 27
116.230.105.139 - - [24/Dec/2022:17:03:05 +0800] "GET /xingrg/all/function/internal_message.html?_=1671872573681&CODE_STATE=getMsg HTTP/1.1" 200 27
116.238.139.35 - - [24/Dec/2022:17:03:15 +0800] "GET /xingrg/all/function/internal_message.html?_=1671872611981&CODE_STATE=getMsg HTTP/1.1" 200 27
114.84.38.109 - - [24/Dec/2022:17:03:21 +0800] "GET /xingrg/all/function/internal_message.html?_=1671872638402&CODE_STATE=getMsg HTTP/1.1" 200 27
180.162.115.6 - - [24/Dec/2022:17:03:23 +0800] "GET /xingrg/all/function/internal_message.html?_=1671871617514&CODE_STATE=getMsg HTTP/1.1" 200 27
114.84.171.241 - - [24/Dec/2022:17:03:33 +0800] "GET /xingrg/all/function/internal_message.html?_=1671872624682&CODE_STATE=getMsg HTTP/1.1" 200 27
114.83.222.182 - - [24/Dec/2022:17:03:43 +0800] "GET /xingrg/check_reg.html?_=1671872704568 HTTP/1.1" 200 22
114.83.222.182 - - [24/Dec/2022:17:03:43 +0800] "GET /xingrg/all/function/internal_message.html?_=1671872704569&CODE_STATE=getMsg HTTP/1.1" 200 27
124.79.245.154 - - [24/Dec/2022:17:03:45 +0800] "GET /xingrg/all/function/internal_message.html?_=1671872869766&CODE_STATE=getMsg HTTP/1.1" 200 27
222.70.177.10 - - [24/Dec/2022:17:03:48 +0800] "GET /xingrg/all/function/internal_message.html?_=1671872676307&CODE_STATE=getMsg HTTP/1.1" 200 27
222.69.192.184 - - [24/Dec/2022:17:03:48 +0800] "GET /xingrg/all/function/internal_message.html?_=1671872488025&CODE_STATE=getMsg HTTP/1.1" 200 27
180.169.147.146 - - [24/Dec/2022:17:03:50 +0800] "GET /xingrg/all/function/internal_message.html?_=1671872641230&CODE_STATE=getMsg HTTP/1.1" 200 27
116.230.105.139 - - [24/Dec/2022:17:04:05 +0800] "GET /xingrg/all/function/internal_message.html?_=1671872633684&CODE_STATE=getMsg HTTP/1.1" 200 27
116.238.139.35 - - [24/Dec/2022:17:04:15 +0800] "GET /xingrg/all/function/internal_message.html?_=1671872671967&CODE_STATE=getMsg HTTP/1.1" 200 27
114.84.38.109 - - [24/Dec/2022:17:04:21 +0800] "GET /xingrg/all/function/internal_message.html?_=1671872698416&CODE_STATE=getMsg HTTP/1.1" 200 27
180.162.115.6 - - [24/Dec/2022:17:04:23 +0800] "GET /xingrg/check_reg.html?_=1671871677514 HTTP/1.1" 200 22
180.162.115.6 - - [24/Dec/2022:17:04:23 +0800] "GET /xingrg/all/function/internal_message.html?_=1671871677516&CODE_STATE=getMsg HTTP/1.1" 200 27
114.84.171.241 - - [24/Dec/2022:17:04:33 +0800] "GET /xingrg/all/function/internal_message.html?_=1671872684682&CODE_STATE=getMsg HTTP/1.1" 200 27
114.84.171.241 - - [24/Dec/2022:17:04:33 +0800] "GET /xingrg/check_reg.html?_=1671872684685 HTTP/1.1" 200 22
114.83.222.182 - - [24/Dec/2022:17:04:43 +0800] "GET /xingrg/all/function/internal_message.html?_=1671872764582&CODE_STATE=getMsg HTTP/1.1" 200 27
124.79.245.154 - - [24/Dec/2022:17:04:45 +0800] "GET /xingrg/all/function/internal_message.html?_=1671872929765&CODE_STATE=getMsg HTTP/1.1" 200 27
222.70.177.10 - - [24/Dec/2022:17:04:48 +0800] "GET /xingrg/all/function/internal_message.html?_=1671872736319&CODE_STATE=getMsg HTTP/1.1" 200 27
222.69.192.184 - - [24/Dec/2022:17:04:48 +0800] "GET /xingrg/all/function/internal_message.html?_=1671872548008&CODE_STATE=getMsg HTTP/1.1" 200 27
180.169.147.146 - - [24/Dec/2022:17:04:50 +0800] "GET /xingrg/all/function/internal_message.html?_=1671872701215&CODE_STATE=getMsg HTTP/1.1" 200 27
180.169.147.146 - - [24/Dec/2022:17:04:51 +0800] "GET /xingrg/check_reg.html?_=1671872701340 HTTP/1.1" 200 22
116.230.105.139 - - [24/Dec/2022:17:05:05 +0800] "GET /xingrg/check_reg.html?_=1671872693681 HTTP/1.1" 200 22
116.230.105.139 - - [24/Dec/2022:17:05:05 +0800] "GET /xingrg/all/function/internal_message.html?_=1671872693683&CODE_STATE=getMsg HTTP/1.1" 200 27
116.238.139.35 - - [24/Dec/2022:17:05:15 +0800] "GET /xingrg/all/function/internal_message.html?_=1671872731954&CODE_STATE=getMsg HTTP/1.1" 200 27
116.238.139.35 - - [24/Dec/2022:17:05:20 +0800] "GET /xingrg/check_reg.html?_=1671872737028 HTTP/1.1" 200 22
114.84.38.109 - - [24/Dec/2022:17:05:21 +0800] "GET /xingrg/all/function/internal_message.html?_=1671872758454&CODE_STATE=getMsg HTTP/1.1" 200 27
180.162.115.6 - - [24/Dec/2022:17:05:23 +0800] "GET /xingrg/all/function/internal_message.html?_=1671871737502&CODE_STATE=getMsg HTTP/1.1" 200 27
114.84.171.241 - - [24/Dec/2022:17:05:33 +0800] "GET /xingrg/all/function/internal_message.html?_=1671872744684&CODE_STATE=getMsg HTTP/1.1" 200 27
114.84.81.136 - - [24/Dec/2022:17:05:41 +0800] "POST /xingrg/services/DataTransmitService HTTP/1.1" 200 524
114.84.81.136 - - [24/Dec/2022:17:05:42 +0800] "POST /xingrg/services/DataTransmitService HTTP/1.1" 200 501
114.84.81.136 - - [24/Dec/2022:17:05:43 +0800] "POST /xingrg/services/DataTransmitService HTTP/1.1" 200 501
114.84.81.136 - - [24/Dec/2022:17:05:43 +0800] "POST /xingrg/services/DataTransmitService HTTP/1.1" 200 501
114.83.222.182 - - [24/Dec/2022:17:05:43 +0800] "GET /xingrg/all/function/internal_message.html?_=1671872824576&CODE_STATE=getMsg HTTP/1.1" 200 27
114.84.81.136 - - [24/Dec/2022:17:05:43 +0800] "POST /xingrg/services/DataTransmitService HTTP/1.1" 200 501
114.84.38.109 - - [24/Dec/2022:17:05:43 +0800] "GET /xingrg/check_reg.html?_=1671872780429 HTTP/1.1" 200 22
114.84.81.136 - - [24/Dec/2022:17:05:43 +0800] "POST /xingrg/services/DataTransmitService HTTP/1.1" 200 501
114.84.81.136 - - [24/Dec/2022:17:05:45 +0800] "POST /xingrg/services/DataTransmitService HTTP/1.1" 200 501
124.79.245.154 - - [24/Dec/2022:17:05:45 +0800] "GET /xingrg/all/function/internal_message.html?_=1671872989763&CODE_STATE=getMsg HTTP/1.1" 200 27
114.84.81.136 - - [24/Dec/2022:17:05:46 +0800] "POST /xingrg/services/DataTransmitService HTTP/1.1" 200 501
114.84.81.136 - - [24/Dec/2022:17:05:46 +0800] "POST /xingrg/services/DataTransmitService HTTP/1.1" 200 412
222.70.177.10 - - [24/Dec/2022:17:05:48 +0800] "GET /xingrg/all/function/internal_message.html?_=1671872796315&CODE_STATE=getMsg HTTP/1.1" 200 27
222.69.192.184 - - [24/Dec/2022:17:05:48 +0800] "GET /xingrg/all/function/internal_message.html?_=1671872607992&CODE_STATE=getMsg HTTP/1.1" 200 27
180.169.147.146 - - [24/Dec/2022:17:05:50 +0800] "GET /xingrg/all/function/internal_message.html?_=1671872761225&CODE_STATE=getMsg HTTP/1.1" 200 27
114.88.159.190 - - [24/Dec/2022:17:05:51 +0800] "GET /xingrg/check_reg.html?_=1671872352345 HTTP/1.1" 302 -
116.230.105.139 - - [24/Dec/2022:17:06:05 +0800] "GET /xingrg/all/function/internal_message.html?_=1671872753673&CODE_STATE=getMsg HTTP/1.1" 200 27
116.238.139.35 - - [24/Dec/2022:17:06:15 +0800] "GET /xingrg/all/function/internal_message.html?_=1671872791945&CODE_STATE=getMsg HTTP/1.1" 200 27
114.84.38.109 - - [24/Dec/2022:17:06:21 +0800] "GET /xingrg/all/function/internal_message.html?_=1671872818459&CODE_STATE=getMsg HTTP/1.1" 200 27
180.162.115.6 - - [24/Dec/2022:17:06:23 +0800] "GET /xingrg/all/function/internal_message.html?_=1671871797502&CODE_STATE=getMsg HTTP/1.1" 200 27
58.221.95.50 - - [24/Dec/2022:17:06:32 +0800] "GET /xingrg/check_reg.html?_=1671872806055 HTTP/1.1" 302 -
114.84.171.241 - - [24/Dec/2022:17:06:33 +0800] "GET /xingrg/all/function/internal_message.html?_=1671872804684&CODE_STATE=getMsg HTTP/1.1" 200 27
114.83.222.182 - - [24/Dec/2022:17:06:43 +0800] "GET /xingrg/all/function/internal_message.html?_=1671872884577&CODE_STATE=getMsg HTTP/1.1" 200 27
124.79.245.154 - - [24/Dec/2022:17:06:45 +0800] "GET /xingrg/all/function/internal_message.html?_=1671873049761&CODE_STATE=getMsg HTTP/1.1" 200 27
222.70.177.10 - - [24/Dec/2022:17:06:48 +0800] "GET /xingrg/all/function/internal_message.html?_=1671872856310&CODE_STATE=getMsg HTTP/1.1" 200 27
222.69.192.184 - - [24/Dec/2022:17:06:48 +0800] "GET /xingrg/all/function/internal_message.html?_=1671872667986&CODE_STATE=getMsg HTTP/1.1" 200 27
180.169.147.146 - - [24/Dec/2022:17:06:50 +0800] "GET /xingrg/all/function/internal_message.html?_=1671872821208&CODE_STATE=getMsg HTTP/1.1" 200 27
222.69.192.184 - - [24/Dec/2022:17:06:53 +0800] "GET /xingrg/check_reg.html?_=1671872672310 HTTP/1.1" 200 22
116.230.105.139 - - [24/Dec/2022:17:07:05 +0800] "GET /xingrg/all/function/internal_message.html?_=1671872813673&CODE_STATE=getMsg HTTP/1.1" 200 27
116.238.139.35 - - [24/Dec/2022:17:07:15 +0800] "GET /xingrg/all/function/internal_message.html?_=1671872851930&CODE_STATE=getMsg HTTP/1.1" 200 27
114.84.38.109 - - [24/Dec/2022:17:07:21 +0800] "GET /xingrg/all/function/internal_message.html?_=1671872878473&CODE_STATE=getMsg HTTP/1.1" 200 27
180.162.115.6 - - [24/Dec/2022:17:07:23 +0800] "GET /xingrg/all/function/internal_message.html?_=1671871857527&CODE_STATE=getMsg HTTP/1.1" 200 27
114.84.171.241 - - [24/Dec/2022:17:07:33 +0800] "GET /xingrg/all/function/internal_message.html?_=1671872864683&CODE_STATE=getMsg HTTP/1.1" 200 27
180.165.52.19 - - [24/Dec/2022:17:07:38 +0800] "GET /xingrg/check_reg.html?_=1671872871445 HTTP/1.1" 200 22
114.83.222.182 - - [24/Dec/2022:17:07:43 +0800] "GET /xingrg/all/function/internal_message.html?_=1671872944569&CODE_STATE=getMsg HTTP/1.1" 200 27
124.79.245.154 - - [24/Dec/2022:17:07:45 +0800] "GET /xingrg/check_reg.html?_=1671873109771 HTTP/1.1" 200 22
124.79.245.154 - - [24/Dec/2022:17:07:45 +0800] "GET /xingrg/all/function/internal_message.html?_=1671873109770&CODE_STATE=getMsg HTTP/1.1" 200 27
222.70.177.10 - - [24/Dec/2022:17:07:48 +0800] "GET /xingrg/check_reg.html?_=1671872916331 HTTP/1.1" 200 22
222.70.177.10 - - [24/Dec/2022:17:07:48 +0800] "GET /xingrg/all/function/internal_message.html?_=1671872916328&CODE_STATE=getMsg HTTP/1.1" 200 27
222.69.192.184 - - [24/Dec/2022:17:07:48 +0800] "GET /xingrg/all/function/internal_message.html?_=1671872727958&CODE_STATE=getMsg HTTP/1.1" 200 27
180.169.147.146 - - [24/Dec/2022:17:07:50 +0800] "GET /xingrg/all/function/internal_message.html?_=1671872881192&CODE_STATE=getMsg HTTP/1.1" 200 27
114.84.38.109 - - [24/Dec/2022:17:07:59 +0800] "POST /xingrg/services/DataTransmitService HTTP/1.1" 200 524
114.84.38.109 - - [24/Dec/2022:17:08:00 +0800] "POST /xingrg/services/DataTransmitService HTTP/1.1" 200 501
114.84.38.109 - - [24/Dec/2022:17:08:00 +0800] "POST /xingrg/services/DataTransmitService HTTP/1.1" 200 501
