114.84.171.241 - - [24/Dec/2022:12:58:59 +0800] "POST /xingrg/dwr/call/plaincall/AjaxComOrderService.getMaterielSearchList.dwr HTTP/1.1" 200 6607
114.84.171.241 - - [24/Dec/2022:12:59:00 +0800] "POST /xingrg/dwr/call/plaincall/AjaxComOrderService.getMaterielSearchList.dwr HTTP/1.1" 200 841
114.84.171.241 - - [24/Dec/2022:12:59:01 +0800] "POST /xingrg/dwr/call/plaincall/AjaxYddbService.getMaterielByMap.dwr HTTP/1.1" 200 1581
114.84.38.109 - - [24/Dec/2022:12:59:03 +0800] "GET /xingrg/all/function/internal_message.html?_=1671857976500&CODE_STATE=getMsg HTTP/1.1" 302 -
101.80.225.213 - - [24/Dec/2022:12:59:04 +0800] "GET /xingrg/all/function/internal_message.html?_=1671857958148&CODE_STATE=getMsg HTTP/1.1" 200 27
116.230.105.139 - - [24/Dec/2022:12:59:05 +0800] "GET /xingrg/all/function/internal_message.html?_=1671857933676&CODE_STATE=getMsg HTTP/1.1" 200 27
116.238.139.35 - - [24/Dec/2022:12:59:05 +0800] "GET /xingrg/all/function/internal_message.html?_=1671857962053&CODE_STATE=getMsg HTTP/1.1" 200 27
114.84.171.241 - - [24/Dec/2022:12:59:06 +0800] "POST /xingrg/dwr/call/plaincall/AjaxYddbService.saveMaterielItem.dwr HTTP/1.1" 200 79
114.84.171.241 - - [24/Dec/2022:12:59:11 +0800] "POST /xingrg/dwr/call/plaincall/AjaxComOrderService.getMaterielSearchList.dwr HTTP/1.1" 200 729
114.84.171.241 - - [24/Dec/2022:12:59:12 +0800] "POST /xingrg/dwr/call/plaincall/AjaxComOrderService.getMaterielSearchList.dwr HTTP/1.1" 200 288
114.84.171.241 - - [24/Dec/2022:12:59:13 +0800] "POST /xingrg/dwr/call/plaincall/AjaxYddbService.getMaterielByMap.dwr HTTP/1.1" 200 1625
114.84.38.109 - - [24/Dec/2022:12:59:16 +0800] "GET /xingrg/all/function/internal_message.html?_=1671857993248&CODE_STATE=getMsg HTTP/1.1" 200 27
114.84.171.241 - - [24/Dec/2022:12:59:17 +0800] "POST /xingrg/dwr/call/plaincall/AjaxYddbService.getUnitPrice.dwr HTTP/1.1" 200 86
114.84.171.241 - - [24/Dec/2022:12:59:26 +0800] "POST /xingrg/dwr/call/plaincall/AjaxYddbService.saveMaterielItem.dwr HTTP/1.1" 200 79
114.84.171.241 - - [24/Dec/2022:12:59:32 +0800] "GET /xingrg/check_reg.html?_=1671857984316 HTTP/1.1" 200 22
114.84.171.241 - - [24/Dec/2022:12:59:32 +0800] "GET /xingrg/all/function/internal_message.html?_=1671857984318&CODE_STATE=getMsg HTTP/1.1" 200 27
114.84.171.241 - - [24/Dec/2022:12:59:35 +0800] "POST /xingrg/dwr/call/plaincall/AjaxComOrderService.getMaterielSearchList.dwr HTTP/1.1" 200 3330
114.84.171.241 - - [24/Dec/2022:12:59:35 +0800] "POST /xingrg/dwr/call/plaincall/AjaxComOrderService.getMaterielSearchList.dwr HTTP/1.1" 200 557
114.84.171.241 - - [24/Dec/2022:12:59:36 +0800] "POST /xingrg/dwr/call/plaincall/AjaxComOrderService.getMaterielSearchList.dwr HTTP/1.1" 200 557
124.79.245.154 - - [24/Dec/2022:12:59:45 +0800] "GET /xingrg/all/function/internal_message.html?_=1671858229373&CODE_STATE=getMsg HTTP/1.1" 200 27
222.69.192.184 - - [24/Dec/2022:12:59:52 +0800] "GET /xingrg/all/function/internal_message.html?_=1671857851491&CODE_STATE=getMsg HTTP/1.1" 200 27
114.84.171.241 - - [24/Dec/2022:13:00:00 +0800] "POST /xingrg/dwr/call/plaincall/AjaxYddbService.getMaterielByMap.dwr HTTP/1.1" 200 1564
114.84.38.109 - - [24/Dec/2022:13:00:03 +0800] "GET /xingrg/all/function/internal_message.html?_=1671858036509&CODE_STATE=getMsg HTTP/1.1" 302 -
101.80.225.213 - - [24/Dec/2022:13:00:04 +0800] "GET /xingrg/all/function/internal_message.html?_=1671858018150&CODE_STATE=getMsg HTTP/1.1" 200 27
116.230.105.139 - - [24/Dec/2022:13:00:05 +0800] "GET /xingrg/all/function/internal_message.html?_=1671857993664&CODE_STATE=getMsg HTTP/1.1" 200 27
116.230.105.139 - - [24/Dec/2022:13:00:05 +0800] "GET /xingrg/check_reg.html?_=1671857993668 HTTP/1.1" 200 22
116.238.139.35 - - [24/Dec/2022:13:00:05 +0800] "GET /xingrg/all/function/internal_message.html?_=1671858022041&CODE_STATE=getMsg HTTP/1.1" 200 27
114.84.171.241 - - [24/Dec/2022:13:00:14 +0800] "POST /xingrg/dwr/call/plaincall/AjaxYddbService.saveMaterielItem.dwr HTTP/1.1" 200 79
114.84.38.109 - - [24/Dec/2022:13:00:17 +0800] "GET /xingrg/all/function/internal_message.html?_=1671858053289&CODE_STATE=getMsg HTTP/1.1" 200 27
114.84.171.241 - - [24/Dec/2022:13:00:17 +0800] "POST /xingrg/dwr/call/plaincall/AjaxComOrderService.getMaterielSearchList.dwr HTTP/1.1" 200 831
114.84.171.241 - - [24/Dec/2022:13:00:21 +0800] "POST /xingrg/dwr/call/plaincall/AjaxYddbService.getMaterielByMap.dwr HTTP/1.1" 200 1568
114.84.171.241 - - [24/Dec/2022:13:00:29 +0800] "POST /xingrg/dwr/call/plaincall/AjaxYddbService.saveMaterielItem.dwr HTTP/1.1" 200 79
114.84.171.241 - - [24/Dec/2022:13:00:32 +0800] "GET /xingrg/all/function/internal_message.html?_=1671858044322&CODE_STATE=getMsg HTTP/1.1" 200 27
114.84.38.109 - - [24/Dec/2022:13:00:43 +0800] "GET /xingrg/check_reg.html?_=1671858080155 HTTP/1.1" 200 22
124.79.245.154 - - [24/Dec/2022:13:00:45 +0800] "GET /xingrg/all/function/internal_message.html?_=1671858289371&CODE_STATE=getMsg HTTP/1.1" 200 27
114.84.171.241 - - [24/Dec/2022:13:00:51 +0800] "POST /xingrg/dwr/call/plaincall/AjaxComOrderService.getMaterielSearchList.dwr HTTP/1.1" 200 9403
222.69.192.184 - - [24/Dec/2022:13:00:52 +0800] "GET /xingrg/all/function/internal_message.html?_=1671857911480&CODE_STATE=getMsg HTTP/1.1" 200 27
114.84.171.241 - - [24/Dec/2022:13:00:52 +0800] "POST /xingrg/dwr/call/plaincall/AjaxComOrderService.getMaterielSearchList.dwr HTTP/1.1" 200 1260
114.84.171.241 - - [24/Dec/2022:13:00:57 +0800] "POST /xingrg/dwr/call/plaincall/AjaxYddbService.getMaterielByMap.dwr HTTP/1.1" 200 1618
114.84.171.241 - - [24/Dec/2022:13:01:01 +0800] "POST /xingrg/dwr/call/plaincall/AjaxYddbService.saveMaterielItem.dwr HTTP/1.1" 200 79
114.84.38.109 - - [24/Dec/2022:13:01:03 +0800] "GET /xingrg/all/function/internal_message.html?_=1671858096549&CODE_STATE=getMsg HTTP/1.1" 302 -
101.80.225.213 - - [24/Dec/2022:13:01:04 +0800] "GET /xingrg/all/function/internal_message.html?_=1671858078142&CODE_STATE=getMsg HTTP/1.1" 200 27
116.230.105.139 - - [24/Dec/2022:13:01:05 +0800] "GET /xingrg/all/function/internal_message.html?_=1671858053685&CODE_STATE=getMsg HTTP/1.1" 200 27
116.238.139.35 - - [24/Dec/2022:13:01:05 +0800] "GET /xingrg/all/function/internal_message.html?_=1671858082028&CODE_STATE=getMsg HTTP/1.1" 200 27
114.84.171.241 - - [24/Dec/2022:13:01:09 +0800] "POST /xingrg/dwr/call/plaincall/AjaxComOrderService.getMaterielSearchList.dwr HTTP/1.1" 200 1962
114.84.171.241 - - [24/Dec/2022:13:01:09 +0800] "POST /xingrg/dwr/call/plaincall/AjaxComOrderService.getMaterielSearchList.dwr HTTP/1.1" 200 288
114.84.38.109 - - [24/Dec/2022:13:01:17 +0800] "GET /xingrg/all/function/internal_message.html?_=1671858113289&CODE_STATE=getMsg HTTP/1.1" 200 27
114.84.171.241 - - [24/Dec/2022:13:01:26 +0800] "GET /xingrg/images/yd/bt2.gif HTTP/1.1" 404 1042
114.84.171.241 - - [24/Dec/2022:13:01:30 +0800] "POST /xingrg/dwr/call/plaincall/AjaxYddbService.removeMaterielItem.dwr HTTP/1.1" 200 79
114.84.171.241 - - [24/Dec/2022:13:01:32 +0800] "GET /xingrg/all/function/internal_message.html?_=1671858104318&CODE_STATE=getMsg HTTP/1.1" 200 27
58.221.95.50 - - [24/Dec/2022:13:01:33 +0800] "GET /xingrg/check_reg.html?_=1671858106637 HTTP/1.1" 302 -
114.84.171.241 - - [24/Dec/2022:13:01:40 +0800] "POST /xingrg/dwr/call/plaincall/AjaxYddbService.removeMaterielItem.dwr HTTP/1.1" 200 79
124.79.245.154 - - [24/Dec/2022:13:01:45 +0800] "GET /xingrg/all/function/internal_message.html?_=1671858349370&CODE_STATE=getMsg HTTP/1.1" 200 27
114.84.171.241 - - [24/Dec/2022:13:01:45 +0800] "POST /xingrg/dwr/call/plaincall/AjaxComOrderService.getMaterielSearchList.dwr HTTP/1.1" 200 1962
114.84.171.241 - - [24/Dec/2022:13:01:46 +0800] "POST /xingrg/dwr/call/plaincall/AjaxComOrderService.getMaterielSearchList.dwr HTTP/1.1" 200 288
114.84.171.241 - - [24/Dec/2022:13:01:46 +0800] "POST /xingrg/dwr/call/plaincall/AjaxYddbService.getMaterielByMap.dwr HTTP/1.1" 200 1615
114.84.171.241 - - [24/Dec/2022:13:01:50 +0800] "POST /xingrg/dwr/call/plaincall/AjaxYddbService.getUnitPrice.dwr HTTP/1.1" 200 86
222.69.192.184 - - [24/Dec/2022:13:01:52 +0800] "GET /xingrg/all/function/internal_message.html?_=1671857971469&CODE_STATE=getMsg HTTP/1.1" 200 27
222.69.192.184 - - [24/Dec/2022:13:01:53 +0800] "GET /xingrg/check_reg.html?_=1671857972939 HTTP/1.1" 200 22
114.84.171.241 - - [24/Dec/2022:13:01:54 +0800] "POST /xingrg/dwr/call/plaincall/AjaxYddbService.saveMaterielItem.dwr HTTP/1.1" 200 79
114.84.171.241 - - [24/Dec/2022:13:01:54 +0800] "POST /xingrg/dwr/call/plaincall/AjaxComOrderService.getMaterielSearchList.dwr HTTP/1.1" 200 77
114.84.171.241 - - [24/Dec/2022:13:02:01 +0800] "POST /xingrg/dwr/call/plaincall/AjaxComOrderService.getMaterielSearchList.dwr HTTP/1.1" 200 1501
114.84.171.241 - - [24/Dec/2022:13:02:02 +0800] "POST /xingrg/dwr/call/plaincall/AjaxComOrderService.getMaterielSearchList.dwr HTTP/1.1" 200 1501
114.84.38.109 - - [24/Dec/2022:13:02:03 +0800] "GET /xingrg/all/function/internal_message.html?_=1671858156552&CODE_STATE=getMsg HTTP/1.1" 302 -
101.80.225.213 - - [24/Dec/2022:13:02:04 +0800] "GET /xingrg/all/function/internal_message.html?_=1671858138146&CODE_STATE=getMsg HTTP/1.1" 200 27
101.80.225.213 - - [24/Dec/2022:13:02:04 +0800] "GET /xingrg/check_reg.html?_=1671858138148 HTTP/1.1" 200 22
116.230.105.139 - - [24/Dec/2022:13:02:05 +0800] "GET /xingrg/all/function/internal_message.html?_=1671858113667&CODE_STATE=getMsg HTTP/1.1" 200 27
116.238.139.35 - - [24/Dec/2022:13:02:05 +0800] "GET /xingrg/all/function/internal_message.html?_=1671858141998&CODE_STATE=getMsg HTTP/1.1" 200 27
222.69.192.184 - - [24/Dec/2022:13:02:06 +0800] "GET /xingrg/kc/base/base_main.html HTTP/1.1" 200 12142
114.84.171.241 - - [24/Dec/2022:13:02:06 +0800] "POST /xingrg/dwr/call/plaincall/AjaxYddbService.getMaterielByMap.dwr HTTP/1.1" 200 1613
222.69.192.184 - - [24/Dec/2022:13:02:07 +0800] "GET /xingrg/kc/base/wldb_order_list.html HTTP/1.1" 200 19101
222.69.192.184 - - [24/Dec/2022:13:02:08 +0800] "POST /xingrg/kc/base/wldb_list_operate.html HTTP/1.1" 200 2954
222.69.192.184 - - [24/Dec/2022:13:02:12 +0800] "GET /xingrg/javascript/jquery_tools/images/prev.gif HTTP/1.1" 404 1086
222.69.192.184 - - [24/Dec/2022:13:02:12 +0800] "GET /xingrg/javascript/jquery_tools/images/next.gif HTTP/1.1" 404 1086
114.84.38.109 - - [24/Dec/2022:13:02:17 +0800] "GET /xingrg/all/function/internal_message.html?_=1671858173305&CODE_STATE=getMsg HTTP/1.1" 200 27
114.84.171.241 - - [24/Dec/2022:13:02:23 +0800] "POST /xingrg/dwr/call/plaincall/AjaxYddbService.removeMaterielItem.dwr HTTP/1.1" 200 79
222.69.192.184 - - [24/Dec/2022:13:02:25 +0800] "POST /xingrg/kc/base/wldb_list_operate.html HTTP/1.1" 200 5656
114.84.171.241 - - [24/Dec/2022:13:02:29 +0800] "POST /xingrg/kc/base/yddb_list_operate.html HTTP/1.1" 200 1346
222.69.192.184 - - [24/Dec/2022:13:02:30 +0800] "POST /xingrg/kc/base/wldb_list_operate.html HTTP/1.1" 200 1979
114.84.171.241 - - [24/Dec/2022:13:02:31 +0800] "GET /xingrg/kc/base/wldb_order_list.html HTTP/1.1" 200 19107
114.84.171.241 - - [24/Dec/2022:13:02:31 +0800] "POST /xingrg/kc/base/wldb_list_operate.html HTTP/1.1" 200 928
114.84.171.241 - - [24/Dec/2022:13:02:32 +0800] "GET /xingrg/kc/base/wldb_order_add.html HTTP/1.1" 200 30394
114.84.171.241 - - [24/Dec/2022:13:02:32 +0800] "GET /xingrg/all/function/internal_message.html?_=1671858164407&CODE_STATE=getMsg HTTP/1.1" 200 27
114.84.171.241 - - [24/Dec/2022:13:02:33 +0800] "GET /xingrg/javascript/easyui/themes/default/validatebox.css HTTP/1.1" 404 1104
114.84.171.241 - - [24/Dec/2022:13:02:33 +0800] "POST /xingrg/kc/base/wldb_order_operate.html HTTP/1.1" 200 6806
222.69.192.184 - - [24/Dec/2022:13:02:36 +0800] "POST /xingrg/kc/base/wldb_list_operate.html HTTP/1.1" 200 5656
124.79.245.154 - - [24/Dec/2022:13:02:45 +0800] "GET /xingrg/all/function/internal_message.html?_=1671858409384&CODE_STATE=getMsg HTTP/1.1" 200 27
124.79.245.154 - - [24/Dec/2022:13:02:45 +0800] "GET /xingrg/check_reg.html?_=1671858409385 HTTP/1.1" 200 22
222.69.192.184 - - [24/Dec/2022:13:02:47 +0800] "POST /xingrg/kc/base/wldb_list_operate.html HTTP/1.1" 200 1979
114.84.171.241 - - [24/Dec/2022:13:02:50 +0800] "GET /xingrg/kc/base/wldb_order_operate.html?command=get_materiel&rest_code=00142&base_code=0010185&code=00101010517 HTTP/1.1" 200 455
222.69.192.184 - - [24/Dec/2022:13:02:52 +0800] "GET /xingrg/all/function/internal_message.html?_=1671858031474&CODE_STATE=getMsg HTTP/1.1" 200 27
114.84.171.241 - - [24/Dec/2022:13:02:59 +0800] "GET /xingrg/kc/base/wldb_order_operate.html?command=get_materiel&rest_code=00142&base_code=0010185&code=00101002073 HTTP/1.1" 200 456
222.69.192.184 - - [24/Dec/2022:13:02:59 +0800] "POST /xingrg/kc/base/wldb_list_operate.html HTTP/1.1" 200 5656
114.84.38.109 - - [24/Dec/2022:13:03:03 +0800] "GET /xingrg/all/function/internal_message.html?_=1671858216587&CODE_STATE=getMsg HTTP/1.1" 302 -
101.80.225.213 - - [24/Dec/2022:13:03:04 +0800] "GET /xingrg/all/function/internal_message.html?_=1671858198161&CODE_STATE=getMsg HTTP/1.1" 200 27
116.230.105.139 - - [24/Dec/2022:13:03:05 +0800] "GET /xingrg/all/function/internal_message.html?_=1671858173673&CODE_STATE=getMsg HTTP/1.1" 200 27
116.238.139.35 - - [24/Dec/2022:13:03:05 +0800] "GET /xingrg/all/function/internal_message.html?_=1671858201987&CODE_STATE=getMsg HTTP/1.1" 200 27
114.84.171.241 - - [24/Dec/2022:13:03:09 +0800] "GET /xingrg/kc/base/yddb_order_list.html HTTP/1.1" 200 16713
114.84.171.241 - - [24/Dec/2022:13:03:10 +0800] "POST /xingrg/kc/base/yddb_list_operate.html HTTP/1.1" 200 1346
114.84.171.241 - - [24/Dec/2022:13:03:11 +0800] "POST /xingrg/kc/base/yddb_list_operate.html HTTP/1.1" 200 605
114.84.171.241 - - [24/Dec/2022:13:03:11 +0800] "GET /xingrg/kc/base/yddb_order_info.html?code=482022122400108 HTTP/1.1" 200 30655
114.84.171.241 - - [24/Dec/2022:13:03:11 +0800] "GET /xingrg/dwr/interface/AjaxYddbService.js HTTP/1.1" 200 13201
114.84.171.241 - - [24/Dec/2022:13:03:11 +0800] "GET /xingrg/dwr/interface/AjaxComOrderService.js HTTP/1.1" 200 18264
114.84.171.241 - - [24/Dec/2022:13:03:11 +0800] "GET /xingrg/dwr/engine.js HTTP/1.1" 200 43631
114.84.171.241 - - [24/Dec/2022:13:03:12 +0800] "POST /xingrg/dwr/call/plaincall/AjaxYddbService.loadMaterielItems.dwr HTTP/1.1" 200 3762
114.84.171.241 - - [24/Dec/2022:13:03:16 +0800] "POST /xingrg/dwr/call/plaincall/AjaxComOrderService.getMaterielSearchList.dwr HTTP/1.1" 200 1500
114.84.38.109 - - [24/Dec/2022:13:03:17 +0800] "GET /xingrg/all/function/internal_message.html?_=1671858233339&CODE_STATE=getMsg HTTP/1.1" 200 27
114.84.38.109 - - [24/Dec/2022:13:03:20 +0800] "GET /xingrg/check_reg.html?_=1671858234085 HTTP/1.1" 302 -
114.84.171.241 - - [24/Dec/2022:13:03:22 +0800] "POST /xingrg/dwr/call/plaincall/AjaxYddbService.getMaterielByMap.dwr HTTP/1.1" 200 1612
114.84.171.241 - - [24/Dec/2022:13:03:29 +0800] "POST /xingrg/dwr/call/plaincall/AjaxYddbService.saveMaterielItem.dwr HTTP/1.1" 200 78
222.69.192.184 - - [24/Dec/2022:13:03:30 +0800] "POST /xingrg/kc/base/wldb_list_operate.html HTTP/1.1" 200 5773
114.84.171.241 - - [24/Dec/2022:13:03:32 +0800] "GET /xingrg/all/function/internal_message.html?_=1671858224393&CODE_STATE=getMsg HTTP/1.1" 200 27
222.69.192.184 - - [24/Dec/2022:13:03:35 +0800] "POST /xingrg/kc/base/wldb_list_operate.html HTTP/1.1" 200 5898
222.69.192.184 - - [24/Dec/2022:13:03:41 +0800] "POST /xingrg/kc/base/wldb_list_operate.html HTTP/1.1" 200 5898
116.238.139.35 - - [24/Dec/2022:13:03:41 +0800] "GET /xingrg/check_reg.html?_=1671858237434 HTTP/1.1" 200 22
124.79.245.154 - - [24/Dec/2022:13:03:45 +0800] "GET /xingrg/all/function/internal_message.html?_=1671858469410&CODE_STATE=getMsg HTTP/1.1" 200 27
222.69.192.184 - - [24/Dec/2022:13:03:45 +0800] "POST /xingrg/kc/base/wldb_list_operate.html HTTP/1.1" 200 5772
222.69.192.184 - - [24/Dec/2022:13:03:52 +0800] "GET /xingrg/all/function/internal_message.html?_=1671858091449&CODE_STATE=getMsg HTTP/1.1" 200 27
114.84.38.109 - - [24/Dec/2022:13:04:03 +0800] "GET /xingrg/all/function/internal_message.html?_=1671858276595&CODE_STATE=getMsg HTTP/1.1" 302 -
101.80.225.213 - - [24/Dec/2022:13:04:04 +0800] "GET /xingrg/all/function/internal_message.html?_=1671858258148&CODE_STATE=getMsg HTTP/1.1" 200 27
116.230.105.139 - - [24/Dec/2022:13:04:05 +0800] "GET /xingrg/all/function/internal_message.html?_=1671858233676&CODE_STATE=getMsg HTTP/1.1" 200 27
116.238.139.35 - - [24/Dec/2022:13:04:05 +0800] "GET /xingrg/all/function/internal_message.html?_=1671858261962&CODE_STATE=getMsg HTTP/1.1" 200 27
222.69.192.184 - - [24/Dec/2022:13:04:09 +0800] "GET /xingrg/kc/buy/buy_main.html HTTP/1.1" 200 12412
222.69.192.184 - - [24/Dec/2022:13:04:09 +0800] "GET /xingrg/css/new_ie.css HTTP/1.1" 404 1036
222.69.192.184 - - [24/Dec/2022:13:04:09 +0800] "GET /xingrg/images/yd/bt.gif HTTP/1.1" 404 1040
222.69.192.184 - - [24/Dec/2022:13:04:10 +0800] "GET /xingrg/kc/buy/cgsh_order_list.html HTTP/1.1" 200 54078
222.69.192.184 - - [24/Dec/2022:13:04:12 +0800] "POST /xingrg/kc/buy/cgsh_list_operate.html HTTP/1.1" 200 5236
114.84.38.109 - - [24/Dec/2022:13:04:17 +0800] "GET /xingrg/all/function/internal_message.html?_=1671858293347&CODE_STATE=getMsg HTTP/1.1" 200 27
222.69.192.184 - - [24/Dec/2022:13:04:19 +0800] "GET /xingrg/javascript/jquery_tools/images/next.gif HTTP/1.1" 404 1086
222.69.192.184 - - [24/Dec/2022:13:04:19 +0800] "GET /xingrg/javascript/jquery_tools/images/prev.gif HTTP/1.1" 404 1086
222.69.192.184 - - [24/Dec/2022:13:04:30 +0800] "POST /xingrg/kc/buy/cgsh_list_operate.html HTTP/1.1" 200 6161
114.84.171.241 - - [24/Dec/2022:13:04:32 +0800] "GET /xingrg/check_reg.html?_=1671858284322 HTTP/1.1" 200 22
114.84.171.241 - - [24/Dec/2022:13:04:32 +0800] "GET /xingrg/all/function/internal_message.html?_=1671858284372&CODE_STATE=getMsg HTTP/1.1" 200 27
222.69.192.184 - - [24/Dec/2022:13:04:39 +0800] "POST /xingrg/kc/buy/cgsh_list_operate.html HTTP/1.1" 200 6302
222.69.192.184 - - [24/Dec/2022:13:04:45 +0800] "POST /xingrg/kc/buy/cgsh_list_operate.html HTTP/1.1" 200 6161
124.79.245.154 - - [24/Dec/2022:13:04:45 +0800] "GET /xingrg/all/function/internal_message.html?_=1671858529408&CODE_STATE=getMsg HTTP/1.1" 200 27
222.69.192.184 - - [24/Dec/2022:13:04:48 +0800] "POST /xingrg/kc/buy/cgsh_list_operate.html HTTP/1.1" 200 380
222.69.192.184 - - [24/Dec/2022:13:04:52 +0800] "GET /xingrg/all/function/internal_message.html?_=1671858151423&CODE_STATE=getMsg HTTP/1.1" 200 27
222.69.192.184 - - [24/Dec/2022:13:04:54 +0800] "GET /xingrg/kc/buy/cgsh_order_info.html?code=212022121103261 HTTP/1.1" 200 64844
222.69.192.184 - - [24/Dec/2022:13:04:55 +0800] "GET /xingrg/javascript/easyui/themes/default/validatebox.css HTTP/1.1" 404 1104
222.69.192.184 - - [24/Dec/2022:13:04:55 +0800] "POST /xingrg/kc/buy/cgsh_order_operate.html HTTP/1.1" 200 1869
114.84.38.109 - - [24/Dec/2022:13:05:03 +0800] "GET /xingrg/all/function/internal_message.html?_=1671858336627&CODE_STATE=getMsg HTTP/1.1" 302 -
101.80.225.213 - - [24/Dec/2022:13:05:04 +0800] "GET /xingrg/all/function/internal_message.html?_=1671858318184&CODE_STATE=getMsg HTTP/1.1" 200 27
116.230.105.139 - - [24/Dec/2022:13:05:05 +0800] "GET /xingrg/check_reg.html?_=1671858293672 HTTP/1.1" 200 22
116.230.105.139 - - [24/Dec/2022:13:05:05 +0800] "GET /xingrg/all/function/internal_message.html?_=1671858293673&CODE_STATE=getMsg HTTP/1.1" 200 27
116.238.139.35 - - [24/Dec/2022:13:05:05 +0800] "GET /xingrg/all/function/internal_message.html?_=1671858321932&CODE_STATE=getMsg HTTP/1.1" 200 27
114.84.38.109 - - [24/Dec/2022:13:05:17 +0800] "GET /xingrg/all/function/internal_message.html?_=1671858353382&CODE_STATE=getMsg HTTP/1.1" 200 27
114.84.171.241 - - [24/Dec/2022:13:05:32 +0800] "GET /xingrg/all/function/internal_message.html?_=1671858344347&CODE_STATE=getMsg HTTP/1.1" 200 27
114.84.38.109 - - [24/Dec/2022:13:05:43 +0800] "GET /xingrg/check_reg.html?_=1671858380161 HTTP/1.1" 200 22
124.79.245.154 - - [24/Dec/2022:13:05:45 +0800] "GET /xingrg/all/function/internal_message.html?_=1671858589407&CODE_STATE=getMsg HTTP/1.1" 200 27
222.69.192.184 - - [24/Dec/2022:13:05:52 +0800] "GET /xingrg/all/function/internal_message.html?_=1671858211402&CODE_STATE=getMsg HTTP/1.1" 200 27
114.84.38.109 - - [24/Dec/2022:13:06:03 +0800] "GET /xingrg/all/function/internal_message.html?_=1671858396639&CODE_STATE=getMsg HTTP/1.1" 302 -
101.80.225.213 - - [24/Dec/2022:13:06:04 +0800] "GET /xingrg/all/function/internal_message.html?_=1671858378172&CODE_STATE=getMsg HTTP/1.1" 200 27
116.230.105.139 - - [24/Dec/2022:13:06:05 +0800] "GET /xingrg/all/function/internal_message.html?_=1671858353661&CODE_STATE=getMsg HTTP/1.1" 200 27
116.238.139.35 - - [24/Dec/2022:13:06:05 +0800] "GET /xingrg/all/function/internal_message.html?_=1671858381923&CODE_STATE=getMsg HTTP/1.1" 200 27
114.84.38.109 - - [24/Dec/2022:13:06:17 +0800] "GET /xingrg/all/function/internal_message.html?_=1671858413389&CODE_STATE=getMsg HTTP/1.1" 200 27
114.84.171.241 - - [24/Dec/2022:13:06:32 +0800] "GET /xingrg/all/function/internal_message.html?_=1671858404325&CODE_STATE=getMsg HTTP/1.1" 200 27
58.221.95.50 - - [24/Dec/2022:13:06:33 +0800] "GET /xingrg/check_reg.html?_=1671858406635 HTTP/1.1" 302 -
124.79.245.154 - - [24/Dec/2022:13:06:45 +0800] "GET /xingrg/all/function/internal_message.html?_=1671858649402&CODE_STATE=getMsg HTTP/1.1" 200 27
222.69.192.184 - - [24/Dec/2022:13:06:52 +0800] "GET /xingrg/all/function/internal_message.html?_=1671858271391&CODE_STATE=getMsg HTTP/1.1" 200 27
222.69.192.184 - - [24/Dec/2022:13:06:53 +0800] "GET /xingrg/check_reg.html?_=1671858272931 HTTP/1.1" 200 22
114.84.171.241 - - [24/Dec/2022:13:06:53 +0800] "GET /xingrg/javascript/jquery_easy_ui/themes/default/images/button_plain_hover.png HTTP/1.1" 200 252
114.84.171.241 - - [24/Dec/2022:13:06:57 +0800] "POST /xingrg/dwr/call/plaincall/AjaxYddbService.checkOrder.dwr HTTP/1.1" 200 78
114.84.171.241 - - [24/Dec/2022:13:06:57 +0800] "GET /xingrg/kc/base/yddb_order_info.html?code=482022122400108 HTTP/1.1" 200 28836
114.84.171.241 - - [24/Dec/2022:13:06:57 +0800] "GET /xingrg/dwr/interface/AjaxYddbService.js HTTP/1.1" 200 13201
114.84.171.241 - - [24/Dec/2022:13:06:57 +0800] "GET /xingrg/dwr/interface/AjaxComOrderService.js HTTP/1.1" 200 18264
114.84.171.241 - - [24/Dec/2022:13:06:58 +0800] "GET /xingrg/dwr/engine.js HTTP/1.1" 200 43631
114.84.171.241 - - [24/Dec/2022:13:06:58 +0800] "POST /xingrg/dwr/call/plaincall/AjaxYddbService.loadMaterielItems.dwr HTTP/1.1" 200 4127
114.84.171.241 - - [24/Dec/2022:13:07:01 +0800] "POST /xingrg/kc/base/yddb_list_operate.html HTTP/1.1" 200 636
114.84.38.109 - - [24/Dec/2022:13:07:03 +0800] "GET /xingrg/all/function/internal_message.html?_=1671858456669&CODE_STATE=getMsg HTTP/1.1" 302 -
101.80.225.213 - - [24/Dec/2022:13:07:04 +0800] "GET /xingrg/all/function/internal_message.html?_=1671858438173&CODE_STATE=getMsg HTTP/1.1" 200 27
101.80.225.213 - - [24/Dec/2022:13:07:04 +0800] "GET /xingrg/check_reg.html?_=1671858438176 HTTP/1.1" 200 22
114.84.171.241 - - [24/Dec/2022:13:07:04 +0800] "POST /xingrg/kc/base/yddb_list_operate.html HTTP/1.1" 200 4382
116.230.105.139 - - [24/Dec/2022:13:07:05 +0800] "GET /xingrg/all/function/internal_message.html?_=1671858413666&CODE_STATE=getMsg HTTP/1.1" 200 27
116.238.139.35 - - [24/Dec/2022:13:07:05 +0800] "GET /xingrg/all/function/internal_message.html?_=1671858441895&CODE_STATE=getMsg HTTP/1.1" 200 27
114.84.38.109 - - [24/Dec/2022:13:07:17 +0800] "GET /xingrg/all/function/internal_message.html?_=1671858473402&CODE_STATE=getMsg HTTP/1.1" 200 27
114.84.171.241 - - [24/Dec/2022:13:07:32 +0800] "GET /xingrg/all/function/internal_message.html?_=1671858464336&CODE_STATE=getMsg HTTP/1.1" 200 27
124.79.245.154 - - [24/Dec/2022:13:07:45 +0800] "GET /xingrg/all/function/internal_message.html?_=1671858709400&CODE_STATE=getMsg HTTP/1.1" 200 27
124.79.245.154 - - [24/Dec/2022:13:07:45 +0800] "GET /xingrg/check_reg.html?_=1671858709401 HTTP/1.1" 200 22
222.69.192.184 - - [24/Dec/2022:13:07:52 +0800] "GET /xingrg/all/function/internal_message.html?_=1671858331367&CODE_STATE=getMsg HTTP/1.1" 200 27
114.84.38.109 - - [24/Dec/2022:13:08:03 +0800] "GET /xingrg/all/function/internal_message.html?_=1671858516680&CODE_STATE=getMsg HTTP/1.1" 302 -
101.80.225.213 - - [24/Dec/2022:13:08:04 +0800] "GET /xingrg/all/function/internal_message.html?_=1671858498181&CODE_STATE=getMsg HTTP/1.1" 200 27
116.230.105.139 - - [24/Dec/2022:13:08:05 +0800] "GET /xingrg/all/function/internal_message.html?_=1671858473679&CODE_STATE=getMsg HTTP/1.1" 200 27
116.238.139.35 - - [24/Dec/2022:13:08:05 +0800] "GET /xingrg/all/function/internal_message.html?_=1671858501879&CODE_STATE=getMsg HTTP/1.1" 200 27
114.84.38.109 - - [24/Dec/2022:13:08:17 +0800] "GET /xingrg/all/function/internal_message.html?_=1671858533446&CODE_STATE=getMsg HTTP/1.1" 200 27
114.84.38.109 - - [24/Dec/2022:13:08:20 +0800] "GET /xingrg/check_reg.html?_=1671858534113 HTTP/1.1" 302 -
114.84.171.241 - - [24/Dec/2022:13:08:32 +0800] "GET /xingrg/all/function/internal_message.html?_=1671858524336&CODE_STATE=getMsg HTTP/1.1" 200 27
116.238.139.35 - - [24/Dec/2022:13:08:41 +0800] "GET /xingrg/check_reg.html?_=1671858537434 HTTP/1.1" 200 22
124.79.245.154 - - [24/Dec/2022:13:08:45 +0800] "GET /xingrg/all/function/internal_message.html?_=1671858769398&CODE_STATE=getMsg HTTP/1.1" 200 27
222.69.192.184 - - [24/Dec/2022:13:08:52 +0800] "GET /xingrg/all/function/internal_message.html?_=1671858391346&CODE_STATE=getMsg HTTP/1.1" 200 27
114.84.38.109 - - [24/Dec/2022:13:09:03 +0800] "GET /xingrg/all/function/internal_message.html?_=1671858576711&CODE_STATE=getMsg HTTP/1.1" 302 -
101.80.225.213 - - [24/Dec/2022:13:09:04 +0800] "GET /xingrg/all/function/internal_message.html?_=1671858558175&CODE_STATE=getMsg HTTP/1.1" 200 27
116.230.105.139 - - [24/Dec/2022:13:09:05 +0800] "GET /xingrg/all/function/internal_message.html?_=1671858533672&CODE_STATE=getMsg HTTP/1.1" 200 27
116.238.139.35 - - [24/Dec/2022:13:09:05 +0800] "GET /xingrg/all/function/internal_message.html?_=1671858561854&CODE_STATE=getMsg HTTP/1.1" 200 27
116.238.139.35 - - [24/Dec/2022:13:09:06 +0800] "GET /xingrg/kc/mdqp/pssh_order_list.html HTTP/1.1" 200 17440
116.238.139.35 - - [24/Dec/2022:13:09:06 +0800] "POST /xingrg/kc/mdqp/pssh_list_operate.html HTTP/1.1" 200 5516
114.84.38.109 - - [24/Dec/2022:13:09:17 +0800] "GET /xingrg/all/function/internal_message.html?_=1671858593461&CODE_STATE=getMsg HTTP/1.1" 200 27
114.84.171.241 - - [24/Dec/2022:13:09:32 +0800] "GET /xingrg/check_reg.html?_=1671858584337 HTTP/1.1" 200 22
114.84.171.241 - - [24/Dec/2022:13:09:32 +0800] "GET /xingrg/all/function/internal_message.html?_=1671858584341&CODE_STATE=getMsg HTTP/1.1" 200 27
124.79.245.154 - - [24/Dec/2022:13:09:45 +0800] "GET /xingrg/all/function/internal_message.html?_=1671858829397&CODE_STATE=getMsg HTTP/1.1" 200 27
222.69.192.184 - - [24/Dec/2022:13:09:51 +0800] "GET /xingrg/all/function/internal_message.html?_=1671858451331&CODE_STATE=getMsg HTTP/1.1" 200 27
114.84.38.109 - - [24/Dec/2022:13:10:03 +0800] "GET /xingrg/all/function/internal_message.html?_=1671858636724&CODE_STATE=getMsg HTTP/1.1" 302 -
101.80.225.213 - - [24/Dec/2022:13:10:04 +0800] "GET /xingrg/all/function/internal_message.html?_=1671858618183&CODE_STATE=getMsg HTTP/1.1" 200 27
116.230.105.139 - - [24/Dec/2022:13:10:05 +0800] "GET /xingrg/check_reg.html?_=1671858593661 HTTP/1.1" 200 22
116.230.105.139 - - [24/Dec/2022:13:10:05 +0800] "GET /xingrg/all/function/internal_message.html?_=1671858593663&CODE_STATE=getMsg HTTP/1.1" 200 27
116.238.139.35 - - [24/Dec/2022:13:10:05 +0800] "GET /xingrg/all/function/internal_message.html?_=1671858621835&CODE_STATE=getMsg HTTP/1.1" 200 27
116.238.139.35 - - [24/Dec/2022:13:10:06 +0800] "POST /xingrg/kc/mdqp/pssh_list_operate.html HTTP/1.1" 200 814
116.238.139.35 - - [24/Dec/2022:13:10:11 +0800] "GET /xingrg/kc/mdqp/pssh_order_list.html HTTP/1.1" 200 17440
116.238.139.35 - - [24/Dec/2022:13:10:11 +0800] "POST /xingrg/kc/mdqp/pssh_list_operate.html HTTP/1.1" 200 5516
114.84.38.109 - - [24/Dec/2022:13:10:17 +0800] "GET /xingrg/all/function/internal_message.html?_=1671858653499&CODE_STATE=getMsg HTTP/1.1" 200 27
116.238.139.35 - - [24/Dec/2022:13:10:19 +0800] "POST /xingrg/all/user/operate.html HTTP/1.1" 200 36
116.238.139.35 - - [24/Dec/2022:13:10:20 +0800] "GET /xingrg/javascript/jquery_easy_ui/themes/default/easyui.css HTTP/1.1" 304 -
116.238.139.35 - - [24/Dec/2022:13:10:20 +0800] "GET /xingrg/index.html?sysBaseUrl=http%3A%2F%2F180.169.147.146%3A18081%2Fxingrg%2F&costTime=39×tamp=1671497744885 HTTP/1.1" 200 17179
116.238.139.35 - - [24/Dec/2022:13:10:20 +0800] "GET /xingrg/javascript/jquery_easy_ui/themes/icon.css HTTP/1.1" 304 -
116.238.139.35 - - [24/Dec/2022:13:10:20 +0800] "GET /xingrg/css/form.css HTTP/1.1" 304 -
116.238.139.35 - - [24/Dec/2022:13:10:20 +0800] "GET /xingrg/javascript/jquery-1.4.2.min.js HTTP/1.1" 304 -
116.238.139.35 - - [24/Dec/2022:13:10:20 +0800] "GET /xingrg/javascript/jquery_easy_ui/jquery.easyui.min.js HTTP/1.1" 304 -
116.238.139.35 - - [24/Dec/2022:13:10:20 +0800] "GET /xingrg/javascript/jquery_easy_ui/easyui-lang-zh_CN.js HTTP/1.1" 304 -
116.238.139.35 - - [24/Dec/2022:13:10:20 +0800] "GET /xingrg/javascript/jquery.form.js HTTP/1.1" 304 -
116.238.139.35 - - [24/Dec/2022:13:10:20 +0800] "GET /xingrg/javascript/jquery.utils.js HTTP/1.1" 304 -
116.238.139.35 - - [24/Dec/2022:13:10:20 +0800] "GET /xingrg/javascript/jquery.timers.js HTTP/1.1" 304 -
116.238.139.35 - - [24/Dec/2022:13:10:20 +0800] "GET /xingrg/images/blue/jxLogo.png HTTP/1.1" 304 -
116.238.139.35 - - [24/Dec/2022:13:10:20 +0800] "GET /xingrg/javascript/jquery_easy_ui/themes/icons/settle_new.png HTTP/1.1" 304 -
116.238.139.35 - - [24/Dec/2022:13:10:20 +0800] "GET /xingrg/images/blue/navBackgound.jpg HTTP/1.1" 304 -
116.238.139.35 - - [24/Dec/2022:13:10:20 +0800] "POST /xingrg/all/common/load_tree.html?tree=area_rest_tree_json&manage=1 HTTP/1.1" 200 476
116.238.139.35 - - [24/Dec/2022:13:10:20 +0800] "GET /xingrg/all/function/internal_message.html?_=1671858636647&CODE_STATE=count HTTP/1.1" 200 11
116.238.139.35 - - [24/Dec/2022:13:10:20 +0800] "GET /xingrg/check_reg.html?_=1671858636649 HTTP/1.1" 200 22
116.238.139.35 - - [24/Dec/2022:13:10:20 +0800] "GET /xingrg/javascript/jquery_easy_ui/themes/default/images/tabs_rightarrow.png HTTP/1.1" 304 -
116.238.139.35 - - [24/Dec/2022:13:10:20 +0800] "GET /xingrg/javascript/jquery_easy_ui/themes/default/images/tabs_leftarrow.png HTTP/1.1" 304 -
116.238.139.35 - - [24/Dec/2022:13:10:20 +0800] "GET /xingrg/images/blue/pingpu.png HTTP/1.1" 304 -
116.238.139.35 - - [24/Dec/2022:13:10:20 +0800] "GET /xingrg/javascript/jquery_easy_ui/themes/default/images/panel_tool_collapse.gif HTTP/1.1" 304 -
116.238.139.35 - - [24/Dec/2022:13:10:20 +0800] "POST /xingrg/load_menu.html HTTP/1.1" 200 5138
116.238.139.35 - - [24/Dec/2022:13:10:23 +0800] "GET /xingrg/kc/mdqp/pssh_order_list.html HTTP/1.1" 200 17847
116.238.139.35 - - [24/Dec/2022:13:10:23 +0800] "POST /xingrg/kc/mdqp/pssh_list_operate.html HTTP/1.1" 200 5438
116.238.139.35 - - [24/Dec/2022:13:10:25 +0800] "POST /xingrg/kc/mdqp/pssh_list_operate.html HTTP/1.1" 200 266
116.238.139.35 - - [24/Dec/2022:13:10:26 +0800] "GET /xingrg/kc/mdqp/pssh_order_info.html?code=312022122200427 HTTP/1.1" 200 17278
116.238.139.35 - - [24/Dec/2022:13:10:26 +0800] "GET /xingrg/words/20221222132041_words.js HTTP/1.1" 304 -
116.238.139.35 - - [24/Dec/2022:13:10:26 +0800] "GET /xingrg/javascript/jquery_tools/jquery-1.4.2.min.js HTTP/1.1" 404 1094
116.238.139.35 - - [24/Dec/2022:13:10:27 +0800] "POST /xingrg/kc/mdqp/pssh_order_operate.html HTTP/1.1" 200 535
116.238.139.35 - - [24/Dec/2022:13:10:27 +0800] "GET /xingrg/all/common/auto_word.html?type=base&rest_code=00150&rest_code=00150 HTTP/1.1" 200 1799
116.238.139.35 - - [24/Dec/2022:13:10:27 +0800] "GET /xingrg/javascript/easyui/themes/default/validatebox.css HTTP/1.1" 404 1104
116.238.139.35 - - [24/Dec/2022:13:10:27 +0800] "GET /xingrg/all/common/auto_word.html?type=employee&rest_code=00150 HTTP/1.1" 200 159
114.84.171.241 - - [24/Dec/2022:13:10:32 +0800] "GET /xingrg/all/function/internal_message.html?_=1671858644340&CODE_STATE=getMsg HTTP/1.1" 200 27
114.84.38.109 - - [24/Dec/2022:13:10:43 +0800] "GET /xingrg/check_reg.html?_=1671858680169 HTTP/1.1" 200 22
124.79.245.154 - - [24/Dec/2022:13:10:45 +0800] "GET /xingrg/all/function/internal_message.html?_=1671858889412&CODE_STATE=getMsg HTTP/1.1" 200 27
222.69.192.184 - - [24/Dec/2022:13:10:51 +0800] "GET /xingrg/all/function/internal_message.html?_=1671858511310&CODE_STATE=getMsg HTTP/1.1" 200 27
114.84.38.109 - - [24/Dec/2022:13:11:03 +0800] "GET /xingrg/all/function/internal_message.html?_=1671858696754&CODE_STATE=getMsg HTTP/1.1" 302 -
101.80.225.213 - - [24/Dec/2022:13:11:04 +0800] "GET /xingrg/all/function/internal_message.html?_=1671858678171&CODE_STATE=getMsg HTTP/1.1" 200 27
116.230.105.139 - - [24/Dec/2022:13:11:05 +0800] "GET /xingrg/all/function/internal_message.html?_=1671858653666&CODE_STATE=getMsg HTTP/1.1" 200 27
116.238.139.35 - - [24/Dec/2022:13:11:13 +0800] "GET /xingrg/javascript/auto/indicator.gif HTTP/1.1" 404 1066
116.238.139.35 - - [24/Dec/2022:13:11:16 +0800] "POST /xingrg/all/common/load_combo.html?type=employee HTTP/1.1" 200 280
114.84.38.109 - - [24/Dec/2022:13:11:17 +0800] "GET /xingrg/all/function/internal_message.html?_=1671858713504&CODE_STATE=getMsg HTTP/1.1" 200 27
116.238.139.35 - - [24/Dec/2022:13:11:20 +0800] "POST /xingrg/kc/mdqp/pssh_order_operate.html HTTP/1.1" 200 37
116.238.139.35 - - [24/Dec/2022:13:11:21 +0800] "POST /xingrg/kc/mdqp/pssh_order_operate.html HTTP/1.1" 200 12
116.238.139.35 - - [24/Dec/2022:13:11:22 +0800] "GET /xingrg/kc/mdqp/pssh_order_info.html?code=312022122200427 HTTP/1.1" 200 14398
116.238.139.35 - - [24/Dec/2022:13:11:22 +0800] "GET /xingrg/javascript/jquery_tools/jquery-1.4.2.min.js HTTP/1.1" 404 1094
116.238.139.35 - - [24/Dec/2022:13:11:22 +0800] "GET /xingrg/javascript/easyui/themes/default/validatebox.css HTTP/1.1" 404 1104
116.238.139.35 - - [24/Dec/2022:13:11:22 +0800] "POST /xingrg/kc/mdqp/pssh_order_operate.html HTTP/1.1" 200 535
116.238.139.35 - - [24/Dec/2022:13:11:24 +0800] "GET /xingrg/kc/print/load_config.html?kc_code=pssh HTTP/1.1" 200 2291
116.238.139.35 - - [24/Dec/2022:13:11:24 +0800] "GET /xingrg/kc/print/load_data.html?order_code=312022122200427&kc_code=pssh&condition= HTTP/1.1" 200 681
116.238.139.35 - - [24/Dec/2022:13:11:32 +0800] "GET /xingrg/kc/mdqp/pssh_order_list.html?isBack=1 HTTP/1.1" 200 17847
116.238.139.35 - - [24/Dec/2022:13:11:32 +0800] "POST /xingrg/kc/mdqp/pssh_list_operate.html HTTP/1.1" 200 5475
114.84.171.241 - - [24/Dec/2022:13:11:32 +0800] "GET /xingrg/all/function/internal_message.html?_=1671858704340&CODE_STATE=getMsg HTTP/1.1" 200 27
58.221.95.50 - - [24/Dec/2022:13:11:33 +0800] "GET /xingrg/check_reg.html?_=1671858706632 HTTP/1.1" 302 -
116.238.139.35 - - [24/Dec/2022:13:11:35 +0800] "POST /xingrg/kc/mdqp/pssh_list_operate.html HTTP/1.1" 200 592
124.79.245.154 - - [24/Dec/2022:13:11:45 +0800] "GET /xingrg/all/function/internal_message.html?_=1671858949410&CODE_STATE=getMsg HTTP/1.1" 200 27
222.69.192.184 - - [24/Dec/2022:13:11:51 +0800] "GET /xingrg/all/function/internal_message.html?_=1671858571285&CODE_STATE=getMsg HTTP/1.1" 200 27
222.69.192.184 - - [24/Dec/2022:13:11:53 +0800] "GET /xingrg/check_reg.html?_=1671858572905 HTTP/1.1" 200 22
116.238.139.35 - - [24/Dec/2022:13:11:55 +0800] "GET /xingrg/kc/buy/cgsh_order_list.html HTTP/1.1" 200 54084
114.88.159.190 - - [24/Dec/2022:13:11:56 +0800] "POST /xingrg/services/DataTransmitService HTTP/1.1" 200 524
114.88.159.190 - - [24/Dec/2022:13:11:56 +0800] "POST /xingrg/services/DataTransmitService HTTP/1.1" 200 501
116.238.139.35 - - [24/Dec/2022:13:11:56 +0800] "POST /xingrg/kc/buy/cgsh_list_operate.html HTTP/1.1" 200 986
116.238.139.35 - - [24/Dec/2022:13:11:57 +0800] "GET /xingrg/kc/buy/cgsh_order_add.html HTTP/1.1" 200 69860
116.238.139.35 - - [24/Dec/2022:13:11:57 +0800] "GET /xingrg/javascript/easyui/themes/default/validatebox.css HTTP/1.1" 404 1104
116.238.139.35 - - [24/Dec/2022:13:11:57 +0800] "POST /xingrg/kc/buy/cgsh_order_operate.html HTTP/1.1" 200 8245
114.84.38.109 - - [24/Dec/2022:13:12:03 +0800] "GET /xingrg/all/function/internal_message.html?_=1671858756766&CODE_STATE=getMsg HTTP/1.1" 302 -
101.80.225.213 - - [24/Dec/2022:13:12:04 +0800] "GET /xingrg/all/function/internal_message.html?_=1671858738171&CODE_STATE=getMsg HTTP/1.1" 200 27
101.80.225.213 - - [24/Dec/2022:13:12:04 +0800] "GET /xingrg/check_reg.html?_=1671858738174 HTTP/1.1" 200 22
116.230.105.139 - - [24/Dec/2022:13:12:05 +0800] "GET /xingrg/all/function/internal_message.html?_=1671858713681&CODE_STATE=getMsg HTTP/1.1" 200 27
116.238.139.35 - - [24/Dec/2022:13:12:07 +0800] "GET /xingrg/kc/buy/cgsh_order_operate.html?command=get_materiel&rest_code=00150&code=00101005037&supplier_code=00100400&order_time=2022-12-24 HTTP/1.1" 200 409
116.238.139.35 - - [24/Dec/2022:13:12:16 +0800] "POST /xingrg/kc/buy/cgsh_order_operate.html HTTP/1.1" 200 37
114.84.38.109 - - [24/Dec/2022:13:12:17 +0800] "GET /xingrg/all/function/internal_message.html?_=1671858773518&CODE_STATE=getMsg HTTP/1.1" 200 27
116.238.139.35 - - [24/Dec/2022:13:12:28 +0800] "POST /xingrg/kc/buy/cgsh_order_operate.html HTTP/1.1" 200 12
116.238.139.35 - - [24/Dec/2022:13:12:29 +0800] "GET /xingrg/kc/buy/cgsh_order_info.html?code=212022122405433 HTTP/1.1" 200 64760
116.238.139.35 - - [24/Dec/2022:13:12:29 +0800] "GET /xingrg/javascript/easyui/themes/default/validatebox.css HTTP/1.1" 404 1104
116.238.139.35 - - [24/Dec/2022:13:12:30 +0800] "POST /xingrg/kc/buy/cgsh_order_operate.html HTTP/1.1" 200 603
116.238.139.35 - - [24/Dec/2022:13:12:31 +0800] "GET /xingrg/kc/print/load_config.html?kc_code=cgsh HTTP/1.1" 200 1943
116.238.139.35 - - [24/Dec/2022:13:12:32 +0800] "GET /xingrg/kc/print/load_data.html?order_code=212022122405433&kc_code=cgsh&condition= HTTP/1.1" 200 695
114.84.171.241 - - [24/Dec/2022:13:12:32 +0800] "GET /xingrg/all/function/internal_message.html?_=1671858764339&CODE_STATE=getMsg HTTP/1.1" 200 27
116.238.139.35 - - [24/Dec/2022:13:12:35 +0800] "GET /xingrg/kc/buy/cgsh_order_add.html HTTP/1.1" 200 69860
116.238.139.35 - - [24/Dec/2022:13:12:35 +0800] "POST /xingrg/kc/buy/cgsh_order_operate.html HTTP/1.1" 200 8245
116.238.139.35 - - [24/Dec/2022:13:12:35 +0800] "GET /xingrg/javascript/easyui/themes/default/validatebox.css HTTP/1.1" 404 1104
116.238.139.35 - - [24/Dec/2022:13:12:45 +0800] "GET /xingrg/kc/buy/cgsh_order_operate.html?command=get_materiel&rest_code=00150&code=00101010310&supplier_code=00100314&order_time=2022-12-24 HTTP/1.1" 200 423
124.79.245.154 - - [24/Dec/2022:13:12:45 +0800] "GET /xingrg/check_reg.html?_=1671859009408 HTTP/1.1" 200 22
124.79.245.154 - - [24/Dec/2022:13:12:45 +0800] "GET /xingrg/all/function/internal_message.html?_=1671859009409&CODE_STATE=getMsg HTTP/1.1" 200 27
222.69.192.184 - - [24/Dec/2022:13:12:51 +0800] "GET /xingrg/all/function/internal_message.html?_=1671858631275&CODE_STATE=getMsg HTTP/1.1" 200 27
116.238.139.35 - - [24/Dec/2022:13:12:54 +0800] "GET /xingrg/kc/buy/cgsh_order_operate.html?command=get_materiel&rest_code=00150&code=00102026001&supplier_code=00100314&order_time=2022-12-24 HTTP/1.1" 200 409
114.84.38.109 - - [24/Dec/2022:13:13:03 +0800] "GET /xingrg/all/function/internal_message.html?_=1671858816797&CODE_STATE=getMsg HTTP/1.1" 302 -
101.80.225.213 - - [24/Dec/2022:13:13:04 +0800] "GET /xingrg/all/function/internal_message.html?_=1671858798178&CODE_STATE=getMsg HTTP/1.1" 200 27
116.230.105.139 - - [24/Dec/2022:13:13:05 +0800] "GET /xingrg/all/function/internal_message.html?_=1671858773677&CODE_STATE=getMsg HTTP/1.1" 200 27
116.238.139.35 - - [24/Dec/2022:13:13:10 +0800] "POST /xingrg/kc/buy/cgsh_order_operate.html HTTP/1.1" 200 37
114.84.38.109 - - [24/Dec/2022:13:13:17 +0800] "GET /xingrg/all/function/internal_message.html?_=1671858833553&CODE_STATE=getMsg HTTP/1.1" 200 27
116.238.139.35 - - [24/Dec/2022:13:13:17 +0800] "POST /xingrg/kc/buy/cgsh_order_operate.html HTTP/1.1" 200 3856
116.238.139.35 - - [24/Dec/2022:13:13:20 +0800] "GET /xingrg/all/function/internal_message.html?_=1671858816660&CODE_STATE=getMsg HTTP/1.1" 200 27
114.84.38.109 - - [24/Dec/2022:13:13:20 +0800] "GET /xingrg/check_reg.html?_=1671858834111 HTTP/1.1" 302 -
114.84.171.241 - - [24/Dec/2022:13:13:32 +0800] "GET /xingrg/all/function/internal_message.html?_=1671858824339&CODE_STATE=getMsg HTTP/1.1" 200 27
101.93.183.100 - - [24/Dec/2022:13:13:34 +0800] "GET /xingrg/login.html HTTP/1.1" 200 7641
101.93.183.100 - - [24/Dec/2022:13:13:35 +0800] "GET /favicon.ico HTTP/1.1" 404 -
101.93.183.100 - - [24/Dec/2022:13:13:37 +0800] "POST /xingrg/login.do HTTP/1.1" 302 -
222.69.192.184 - - [24/Dec/2022:13:13:37 +0800] "POST /xingrg/kc/buy/cgsh_list_operate.html HTTP/1.1" 200 6161
101.93.183.100 - - [24/Dec/2022:13:13:37 +0800] "GET /xingrg/index.html?sysBaseUrl=http%3A%2F%2F180.169.147.146%3A18081%2Fxingrg%2F&costTime=41×tamp=1671858817384 HTTP/1.1" 200 17503
101.93.183.100 - - [24/Dec/2022:13:13:37 +0800] "GET /favicon.ico HTTP/1.1" 404 -
101.93.183.100 - - [24/Dec/2022:13:13:37 +0800] "POST /xingrg/all/common/load_tree.html?tree=area_rest_tree_json&manage=1 HTTP/1.1" 200 1972
101.93.183.100 - - [24/Dec/2022:13:13:37 +0800] "GET /xingrg/all/function/internal_message.html?_=1671858831861&CODE_STATE=count HTTP/1.1" 200 11
101.93.183.100 - - [24/Dec/2022:13:13:37 +0800] "GET /xingrg/check_reg.html?_=1671858831862 HTTP/1.1" 200 22
101.93.183.100 - - [24/Dec/2022:13:13:37 +0800] "POST /xingrg/load_menu.html HTTP/1.1" 200 11564
222.69.192.184 - - [24/Dec/2022:13:13:38 +0800] "GET /xingrg/kc/buy/buy_main.html HTTP/1.1" 200 12412
222.69.192.184 - - [24/Dec/2022:13:13:38 +0800] "GET /xingrg/css/new_ie.css HTTP/1.1" 404 1036
222.69.192.184 - - [24/Dec/2022:13:13:39 +0800] "GET /xingrg/images/yd/bt.gif HTTP/1.1" 404 1040
222.69.192.184 - - [24/Dec/2022:13:13:39 +0800] "GET /xingrg/kc/buy/cgsh_order_list.html HTTP/1.1" 200 54078
222.69.192.184 - - [24/Dec/2022:13:13:42 +0800] "POST /xingrg/kc/buy/cgsh_list_operate.html HTTP/1.1" 200 5236
101.93.183.100 - - [24/Dec/2022:13:13:43 +0800] "POST /xingrg/all/user/operate.html HTTP/1.1" 200 36
101.93.183.100 - - [24/Dec/2022:13:13:44 +0800] "GET /xingrg/index.html?sysBaseUrl=http%3A%2F%2F180.169.147.146%3A18081%2Fxingrg%2F&costTime=41×tamp=1671858817384 HTTP/1.1" 200 17503
101.93.183.100 - - [24/Dec/2022:13:13:44 +0800] "GET /xingrg/javascript/jquery_easy_ui/themes/default/easyui.css HTTP/1.1" 304 -
101.93.183.100 - - [24/Dec/2022:13:13:44 +0800] "GET /xingrg/javascript/jquery_easy_ui/themes/icon.css HTTP/1.1" 304 -
101.93.183.100 - - [24/Dec/2022:13:13:44 +0800] "GET /xingrg/css/form.css HTTP/1.1" 304 -
101.93.183.100 - - [24/Dec/2022:13:13:44 +0800] "GET /xingrg/javascript/jquery-1.4.2.min.js HTTP/1.1" 304 -
101.93.183.100 - - [24/Dec/2022:13:13:44 +0800] "GET /xingrg/javascript/jquery_easy_ui/jquery.easyui.min.js HTTP/1.1" 304 -
101.93.183.100 - - [24/Dec/2022:13:13:44 +0800] "GET /xingrg/javascript/jquery_easy_ui/easyui-lang-zh_CN.js HTTP/1.1" 304 -
101.93.183.100 - - [24/Dec/2022:13:13:44 +0800] "GET /xingrg/javascript/jquery.form.js HTTP/1.1" 304 -
101.93.183.100 - - [24/Dec/2022:13:13:44 +0800] "GET /xingrg/javascript/jquery.utils.js HTTP/1.1" 304 -
101.93.183.100 - - [24/Dec/2022:13:13:44 +0800] "GET /xingrg/javascript/jquery.timers.js HTTP/1.1" 304 -
101.93.183.100 - - [24/Dec/2022:13:13:44 +0800] "GET /xingrg/images/blue/jxLogo.png HTTP/1.1" 304 -
101.93.183.100 - - [24/Dec/2022:13:13:44 +0800] "GET /xingrg/images/blue/navBackgound.jpg HTTP/1.1" 304 -
101.93.183.100 - - [24/Dec/2022:13:13:44 +0800] "GET /xingrg/javascript/jquery_easy_ui/themes/icons/settle_new.png HTTP/1.1" 304 -
101.93.183.100 - - [24/Dec/2022:13:13:44 +0800] "POST /xingrg/all/common/load_tree.html?tree=area_rest_tree_json&manage=1 HTTP/1.1" 200 1972
101.93.183.100 - - [24/Dec/2022:13:13:44 +0800] "GET /xingrg/check_reg.html?_=1671858838669 HTTP/1.1" 200 22
101.93.183.100 - - [24/Dec/2022:13:13:44 +0800] "GET /xingrg/javascript/jquery_easy_ui/themes/default/images/tabs_leftarrow.png HTTP/1.1" 304 -
101.93.183.100 - - [24/Dec/2022:13:13:44 +0800] "GET /xingrg/javascript/jquery_easy_ui/themes/default/images/panel_tool_expand.gif HTTP/1.1" 304 -
101.93.183.100 - - [24/Dec/2022:13:13:44 +0800] "GET /xingrg/all/function/internal_message.html?_=1671858838667&CODE_STATE=count HTTP/1.1" 200 11
101.93.183.100 - - [24/Dec/2022:13:13:44 +0800] "GET /xingrg/javascript/jquery_easy_ui/themes/default/images/panel_tool_collapse.gif HTTP/1.1" 304 -
101.93.183.100 - - [24/Dec/2022:13:13:44 +0800] "GET /xingrg/images/blue/pingpu.png HTTP/1.1" 304 -
101.93.183.100 - - [24/Dec/2022:13:13:44 +0800] "GET /xingrg/javascript/jquery_easy_ui/themes/default/images/tabs_rightarrow.png HTTP/1.1" 304 -
101.93.183.100 - - [24/Dec/2022:13:13:44 +0800] "POST /xingrg/load_menu.html HTTP/1.1" 200 9959
124.79.245.154 - - [24/Dec/2022:13:13:45 +0800] "GET /xingrg/all/function/internal_message.html?_=1671859069407&CODE_STATE=getMsg HTTP/1.1" 200 27
101.93.183.100 - - [24/Dec/2022:13:13:47 +0800] "GET /xingrg/kc/buy/cgsh_order_list.html HTTP/1.1" 200 54333
101.93.183.100 - - [24/Dec/2022:13:13:50 +0800] "POST /xingrg/kc/buy/cgsh_list_operate.html HTTP/1.1" 200 5236
222.69.192.184 - - [24/Dec/2022:13:13:50 +0800] "POST /xingrg/kc/buy/cgsh_list_operate.html HTTP/1.1" 200 5236
222.69.192.184 - - [24/Dec/2022:13:13:51 +0800] "GET /xingrg/all/function/internal_message.html?_=1671858691261&CODE_STATE=getMsg HTTP/1.1" 200 27
101.93.183.100 - - [24/Dec/2022:13:13:54 +0800] "GET /xingrg/javascript/easyui/themes/default/tree.css HTTP/1.1" 404 1090
101.93.183.100 - - [24/Dec/2022:13:13:54 +0800] "POST /xingrg/all/common/load_tree.html?tree=supplier_tree_json&manage=1 HTTP/1.1" 200 72190
222.69.192.184 - - [24/Dec/2022:13:13:57 +0800] "GET /xingrg/kc/buy/buy_main.html HTTP/1.1" 200 12412
222.69.192.184 - - [24/Dec/2022:13:13:57 +0800] "GET /xingrg/css/new_ie.css HTTP/1.1" 404 1036
222.69.192.184 - - [24/Dec/2022:13:13:58 +0800] "GET /xingrg/images/yd/bt.gif HTTP/1.1" 404 1040
222.69.192.184 - - [24/Dec/2022:13:13:59 +0800] "GET /xingrg/kc/buy/cgsh_order_list.html HTTP/1.1" 200 54078
222.69.192.184 - - [24/Dec/2022:13:14:01 +0800] "POST /xingrg/kc/buy/cgsh_list_operate.html HTTP/1.1" 200 5236
114.84.38.109 - - [24/Dec/2022:13:14:03 +0800] "GET /xingrg/all/function/internal_message.html?_=1671858876810&CODE_STATE=getMsg HTTP/1.1" 302 -
101.80.225.213 - - [24/Dec/2022:13:14:04 +0800] "GET /xingrg/all/function/internal_message.html?_=1671858858180&CODE_STATE=getMsg HTTP/1.1" 200 27
101.93.183.100 - - [24/Dec/2022:13:14:05 +0800] "POST /xingrg/kc/buy/cgsh_list_operate.html HTTP/1.1" 200 6401
116.230.105.139 - - [24/Dec/2022:13:14:05 +0800] "GET /xingrg/all/function/internal_message.html?_=1671858833677&CODE_STATE=getMsg HTTP/1.1" 200 27
101.93.183.100 - - [24/Dec/2022:13:14:08 +0800] "POST /xingrg/kc/buy/cgsh_list_operate.html HTTP/1.1" 200 380
101.93.183.100 - - [24/Dec/2022:13:14:10 +0800] "GET /xingrg/kc/buy/cgsh_order_info.html?code=212022121103261 HTTP/1.1" 200 65101
101.93.183.100 - - [24/Dec/2022:13:14:10 +0800] "GET /xingrg/words/20221222132041_words.js HTTP/1.1" 200 939558
101.93.183.100 - - [24/Dec/2022:13:14:11 +0800] "GET /xingrg/javascript/easyui/themes/default/validatebox.css HTTP/1.1" 404 1104
222.69.192.184 - - [24/Dec/2022:13:14:11 +0800] "POST /xingrg/kc/buy/cgsh_list_operate.html HTTP/1.1" 200 5236
101.93.183.100 - - [24/Dec/2022:13:14:12 +0800] "POST /xingrg/kc/buy/cgsh_order_operate.html HTTP/1.1" 200 1869
114.84.38.109 - - [24/Dec/2022:13:14:17 +0800] "GET /xingrg/all/function/internal_message.html?_=1671858893561&CODE_STATE=getMsg HTTP/1.1" 200 27
101.93.183.100 - - [24/Dec/2022:13:14:18 +0800] "POST /xingrg/kc/buy/cgsh_order_operate.html HTTP/1.1" 200 12
116.238.139.35 - - [24/Dec/2022:13:14:20 +0800] "GET /xingrg/all/function/internal_message.html?_=1671858876634&CODE_STATE=getMsg HTTP/1.1" 200 27
101.93.183.100 - - [24/Dec/2022:13:14:20 +0800] "GET /xingrg/kc/buy/cgsh_order_info.html?code=212022121103261 HTTP/1.1" 200 69951
101.93.183.100 - - [24/Dec/2022:13:14:20 +0800] "GET /xingrg/all/common/auto_word.html?type=employee&rest_code=00105 HTTP/1.1" 200 193
101.93.183.100 - - [24/Dec/2022:13:14:20 +0800] "GET /xingrg/all/common/auto_word.html?type=employee&rest_code=00105 HTTP/1.1" 200 193
101.93.183.100 - - [24/Dec/2022:13:14:20 +0800] "GET /xingrg/javascript/easyui/themes/default/validatebox.css HTTP/1.1" 404 1104
101.93.183.100 - - [24/Dec/2022:13:14:21 +0800] "POST /xingrg/kc/buy/cgsh_order_operate.html HTTP/1.1" 200 3919
114.84.171.241 - - [24/Dec/2022:13:14:32 +0800] "GET /xingrg/check_reg.html?_=1671858884340 HTTP/1.1" 200 22
114.84.171.241 - - [24/Dec/2022:13:14:32 +0800] "GET /xingrg/all/function/internal_message.html?_=1671858884341&CODE_STATE=getMsg HTTP/1.1" 200 27
101.93.183.100 - - [24/Dec/2022:13:14:44 +0800] "GET /xingrg/all/function/internal_message.html?_=1671858898696&CODE_STATE=getMsg HTTP/1.1" 200 27
124.79.245.154 - - [24/Dec/2022:13:14:45 +0800] "GET /xingrg/all/function/internal_message.html?_=1671859129400&CODE_STATE=getMsg HTTP/1.1" 200 27
222.69.192.184 - - [24/Dec/2022:13:14:51 +0800] "GET /xingrg/all/function/internal_message.html?_=1671858751260&CODE_STATE=getMsg HTTP/1.1" 200 27
114.84.38.109 - - [24/Dec/2022:13:15:03 +0800] "GET /xingrg/all/function/internal_message.html?_=1671858936843&CODE_STATE=getMsg HTTP/1.1" 302 -
101.80.225.213 - - [24/Dec/2022:13:15:04 +0800] "GET /xingrg/all/function/internal_message.html?_=1671858918173&CODE_STATE=getMsg HTTP/1.1" 200 27
116.230.105.139 - - [24/Dec/2022:13:15:05 +0800] "GET /xingrg/check_reg.html?_=1671858893678 HTTP/1.1" 200 22
116.230.105.139 - - [24/Dec/2022:13:15:05 +0800] "GET /xingrg/all/function/internal_message.html?_=1671858893680&CODE_STATE=getMsg HTTP/1.1" 200 27
114.84.38.109 - - [24/Dec/2022:13:15:17 +0800] "GET /xingrg/all/function/internal_message.html?_=1671858953597&CODE_STATE=getMsg HTTP/1.1" 200 27
