116.237.77.129 - - [23/Dec/2022:13:46:36 +0800] "GET /xingrg/all/function/internal_message.html?_=1671774408704&CODE_STATE=getMsg HTTP/1.1" 200 27
58.221.95.50 - - [23/Dec/2022:13:46:36 +0800] "GET /xingrg/check_reg.html?_=1671774412008 HTTP/1.1" 302 -
114.84.38.109 - - [23/Dec/2022:13:46:38 +0800] "GET /xingrg/all/function/internal_message.html?_=1671774428521&CODE_STATE=getMsg HTTP/1.1" 302 -
116.237.77.129 - - [23/Dec/2022:13:46:38 +0800] "GET /xingrg/check_reg.html?_=1671774411304 HTTP/1.1" 200 22
180.169.147.146 - - [23/Dec/2022:13:46:51 +0800] "GET /xingrg/all/function/internal_message.html?_=1671774425535&CODE_STATE=getMsg HTTP/1.1" 200 27
180.169.147.146 - - [23/Dec/2022:13:46:51 +0800] "GET /xingrg/check_reg.html?_=1671774425537 HTTP/1.1" 200 22
114.84.38.109 - - [23/Dec/2022:13:46:51 +0800] "GET /xingrg/all/function/internal_message.html?_=1671774444572&CODE_STATE=getMsg HTTP/1.1" 200 27
101.80.225.213 - - [23/Dec/2022:13:46:55 +0800] "GET /xingrg/all/function/internal_message.html?_=1671774432366&CODE_STATE=getMsg HTTP/1.1" 200 27
114.84.171.241 - - [23/Dec/2022:13:47:10 +0800] "GET /xingrg/all/function/internal_message.html?_=1671774444551&CODE_STATE=getMsg HTTP/1.1" 200 27
180.162.115.136 - - [23/Dec/2022:13:47:23 +0800] "GET /xingrg/all/function/internal_message.html?_=1671773460826&CODE_STATE=getMsg HTTP/1.1" 200 27
116.192.124.172 - - [23/Dec/2022:13:47:24 +0800] "GET /xingrg/all/function/internal_message.html?_=1671774485685&CODE_STATE=getMsg HTTP/1.1" 200 27
116.192.124.172 - - [23/Dec/2022:13:47:26 +0800] "GET /xingrg/check_reg.html?_=1671774488045 HTTP/1.1" 200 22
116.238.139.35 - - [23/Dec/2022:13:47:33 +0800] "GET /xingrg/all/function/internal_message.html?_=1671774470314&CODE_STATE=getMsg HTTP/1.1" 200 27
180.163.29.79 - - [23/Dec/2022:13:47:36 +0800] "GET /xingrg/all/function/internal_message.html?_=1671774408704&CODE_STATE=getMsg HTTP/1.1" 302 -
116.237.77.129 - - [23/Dec/2022:13:47:36 +0800] "GET /xingrg/all/function/internal_message.html?_=1671774468676&CODE_STATE=getMsg HTTP/1.1" 200 27
114.84.38.109 - - [23/Dec/2022:13:47:38 +0800] "GET /xingrg/all/function/internal_message.html?_=1671774488536&CODE_STATE=getMsg HTTP/1.1" 302 -
180.163.29.79 - - [23/Dec/2022:13:47:39 +0800] "GET /xingrg/login.html HTTP/1.1" 200 7641
180.169.147.146 - - [23/Dec/2022:13:47:51 +0800] "GET /xingrg/all/function/internal_message.html?_=1671774485543&CODE_STATE=getMsg HTTP/1.1" 200 27
114.84.38.109 - - [23/Dec/2022:13:47:51 +0800] "GET /xingrg/all/function/internal_message.html?_=1671774504616&CODE_STATE=getMsg HTTP/1.1" 200 27
101.80.225.213 - - [23/Dec/2022:13:47:55 +0800] "GET /xingrg/all/function/internal_message.html?_=1671774492361&CODE_STATE=getMsg HTTP/1.1" 200 27
114.84.171.241 - - [23/Dec/2022:13:48:10 +0800] "GET /xingrg/all/function/internal_message.html?_=1671774504552&CODE_STATE=getMsg HTTP/1.1" 200 27
114.84.38.109 - - [23/Dec/2022:13:48:20 +0800] "GET /xingrg/check_reg.html?_=1671774530777 HTTP/1.1" 302 -
180.162.115.136 - - [23/Dec/2022:13:48:23 +0800] "GET /xingrg/all/function/internal_message.html?_=1671773520837&CODE_STATE=getMsg HTTP/1.1" 200 27
116.192.124.172 - - [23/Dec/2022:13:48:24 +0800] "GET /xingrg/all/function/internal_message.html?_=1671774545666&CODE_STATE=getMsg HTTP/1.1" 200 27
116.238.139.35 - - [23/Dec/2022:13:48:33 +0800] "GET /xingrg/all/function/internal_message.html?_=1671774530299&CODE_STATE=getMsg HTTP/1.1" 200 27
180.163.28.114 - - [23/Dec/2022:13:48:36 +0800] "GET /xingrg/all/function/internal_message.html?_=1671774468676&CODE_STATE=getMsg HTTP/1.1" 302 -
180.163.28.114 - - [23/Dec/2022:13:48:36 +0800] "GET /xingrg/login.html HTTP/1.1" 200 7641
116.237.77.129 - - [23/Dec/2022:13:48:36 +0800] "GET /xingrg/all/function/internal_message.html?_=1671774528648&CODE_STATE=getMsg HTTP/1.1" 200 27
114.84.38.109 - - [23/Dec/2022:13:48:38 +0800] "GET /xingrg/all/function/internal_message.html?_=1671774548562&CODE_STATE=getMsg HTTP/1.1" 302 -
116.238.139.35 - - [23/Dec/2022:13:48:38 +0800] "GET /xingrg/check_reg.html?_=1671774535139 HTTP/1.1" 200 22
180.169.147.146 - - [23/Dec/2022:13:48:51 +0800] "GET /xingrg/all/function/internal_message.html?_=1671774545545&CODE_STATE=getMsg HTTP/1.1" 200 27
114.84.38.109 - - [23/Dec/2022:13:48:51 +0800] "GET /xingrg/all/function/internal_message.html?_=1671774564631&CODE_STATE=getMsg HTTP/1.1" 200 27
101.80.225.213 - - [23/Dec/2022:13:48:55 +0800] "GET /xingrg/all/function/internal_message.html?_=1671774552370&CODE_STATE=getMsg HTTP/1.1" 200 27
114.84.171.241 - - [23/Dec/2022:13:49:10 +0800] "GET /xingrg/check_reg.html?_=1671774564552 HTTP/1.1" 200 22
114.84.171.241 - - [23/Dec/2022:13:49:10 +0800] "GET /xingrg/all/function/internal_message.html?_=1671774564553&CODE_STATE=getMsg HTTP/1.1" 200 27
180.162.115.136 - - [23/Dec/2022:13:49:23 +0800] "GET /xingrg/check_reg.html?_=1671773580854 HTTP/1.1" 200 22
180.162.115.136 - - [23/Dec/2022:13:49:23 +0800] "GET /xingrg/all/function/internal_message.html?_=1671773580851&CODE_STATE=getMsg HTTP/1.1" 200 27
116.192.124.172 - - [23/Dec/2022:13:49:24 +0800] "GET /xingrg/all/function/internal_message.html?_=1671774605646&CODE_STATE=getMsg HTTP/1.1" 200 27
116.238.139.35 - - [23/Dec/2022:13:49:33 +0800] "GET /xingrg/all/function/internal_message.html?_=1671774590280&CODE_STATE=getMsg HTTP/1.1" 200 27
116.237.77.129 - - [23/Dec/2022:13:49:36 +0800] "GET /xingrg/all/function/internal_message.html?_=1671774588621&CODE_STATE=getMsg HTTP/1.1" 200 27
114.84.38.109 - - [23/Dec/2022:13:49:38 +0800] "GET /xingrg/all/function/internal_message.html?_=1671774608563&CODE_STATE=getMsg HTTP/1.1" 302 -
180.169.147.146 - - [23/Dec/2022:13:49:51 +0800] "GET /xingrg/all/function/internal_message.html?_=1671774605546&CODE_STATE=getMsg HTTP/1.1" 200 27
114.84.38.109 - - [23/Dec/2022:13:49:51 +0800] "GET /xingrg/all/function/internal_message.html?_=1671774624663&CODE_STATE=getMsg HTTP/1.1" 200 27
101.80.225.213 - - [23/Dec/2022:13:49:55 +0800] "GET /xingrg/all/function/internal_message.html?_=1671774612372&CODE_STATE=getMsg HTTP/1.1" 200 27
101.80.225.213 - - [23/Dec/2022:13:49:55 +0800] "GET /xingrg/check_reg.html?_=1671774612373 HTTP/1.1" 200 22
114.84.171.241 - - [23/Dec/2022:13:50:10 +0800] "GET /xingrg/all/function/internal_message.html?_=1671774624550&CODE_STATE=getMsg HTTP/1.1" 200 27
180.162.115.136 - - [23/Dec/2022:13:50:23 +0800] "GET /xingrg/all/function/internal_message.html?_=1671773640851&CODE_STATE=getMsg HTTP/1.1" 200 27
116.192.124.172 - - [23/Dec/2022:13:50:24 +0800] "GET /xingrg/all/function/internal_message.html?_=1671774665623&CODE_STATE=getMsg HTTP/1.1" 200 27
124.79.245.154 - - [23/Dec/2022:13:50:26 +0800] "POST /xingrg/services/DataTransmitService HTTP/1.1" 200 524
124.79.245.154 - - [23/Dec/2022:13:50:31 +0800] "POST /xingrg/services/DataTransmitService HTTP/1.1" 200 501
116.238.139.35 - - [23/Dec/2022:13:50:33 +0800] "GET /xingrg/all/function/internal_message.html?_=1671774650266&CODE_STATE=getMsg HTTP/1.1" 200 27
180.163.28.68 - - [23/Dec/2022:13:50:36 +0800] "GET /xingrg/all/function/internal_message.html?_=1671774588621&CODE_STATE=getMsg HTTP/1.1" 302 -
180.163.28.68 - - [23/Dec/2022:13:50:36 +0800] "GET /xingrg/login.html HTTP/1.1" 200 7641
116.237.77.129 - - [23/Dec/2022:13:50:36 +0800] "GET /xingrg/all/function/internal_message.html?_=1671774648599&CODE_STATE=getMsg HTTP/1.1" 200 27
114.84.38.109 - - [23/Dec/2022:13:50:38 +0800] "GET /xingrg/all/function/internal_message.html?_=1671774668591&CODE_STATE=getMsg HTTP/1.1" 302 -
114.84.38.109 - - [23/Dec/2022:13:50:45 +0800] "GET /xingrg/check_reg.html?_=1671774678604 HTTP/1.1" 200 22
180.169.147.146 - - [23/Dec/2022:13:50:51 +0800] "GET /xingrg/all/function/internal_message.html?_=1671774665545&CODE_STATE=getMsg HTTP/1.1" 200 27
114.84.38.109 - - [23/Dec/2022:13:50:51 +0800] "GET /xingrg/all/function/internal_message.html?_=1671774684674&CODE_STATE=getMsg HTTP/1.1" 200 27
101.80.225.213 - - [23/Dec/2022:13:50:55 +0800] "GET /xingrg/all/function/internal_message.html?_=1671774672387&CODE_STATE=getMsg HTTP/1.1" 200 27
114.84.171.241 - - [23/Dec/2022:13:51:10 +0800] "GET /xingrg/all/function/internal_message.html?_=1671774684550&CODE_STATE=getMsg HTTP/1.1" 200 27
180.162.115.136 - - [23/Dec/2022:13:51:23 +0800] "GET /xingrg/all/function/internal_message.html?_=1671773700851&CODE_STATE=getMsg HTTP/1.1" 200 27
116.192.124.172 - - [23/Dec/2022:13:51:24 +0800] "GET /xingrg/all/function/internal_message.html?_=1671774725596&CODE_STATE=getMsg HTTP/1.1" 200 27
116.238.139.35 - - [23/Dec/2022:13:51:33 +0800] "GET /xingrg/all/function/internal_message.html?_=1671774710238&CODE_STATE=getMsg HTTP/1.1" 200 27
180.163.29.206 - - [23/Dec/2022:13:51:36 +0800] "GET /xingrg/all/function/internal_message.html?_=1671774648599&CODE_STATE=getMsg HTTP/1.1" 302 -
180.163.29.206 - - [23/Dec/2022:13:51:36 +0800] "GET /xingrg/login.html HTTP/1.1" 200 7641
116.237.77.129 - - [23/Dec/2022:13:51:36 +0800] "GET /xingrg/all/function/internal_message.html?_=1671774708570&CODE_STATE=getMsg HTTP/1.1" 200 27
58.221.95.50 - - [23/Dec/2022:13:51:36 +0800] "GET /xingrg/check_reg.html?_=1671774711987 HTTP/1.1" 302 -
114.84.38.109 - - [23/Dec/2022:13:51:38 +0800] "GET /xingrg/all/function/internal_message.html?_=1671774728606&CODE_STATE=getMsg HTTP/1.1" 302 -
116.237.77.129 - - [23/Dec/2022:13:51:38 +0800] "GET /xingrg/check_reg.html?_=1671774711283 HTTP/1.1" 200 22
180.169.147.146 - - [23/Dec/2022:13:51:51 +0800] "GET /xingrg/check_reg.html?_=1671774725538 HTTP/1.1" 200 22
180.169.147.146 - - [23/Dec/2022:13:51:51 +0800] "GET /xingrg/all/function/internal_message.html?_=1671774725539&CODE_STATE=getMsg HTTP/1.1" 200 27
114.84.38.109 - - [23/Dec/2022:13:51:51 +0800] "GET /xingrg/all/function/internal_message.html?_=1671774744687&CODE_STATE=getMsg HTTP/1.1" 200 27
101.80.225.213 - - [23/Dec/2022:13:51:55 +0800] "GET /xingrg/all/function/internal_message.html?_=1671774732368&CODE_STATE=getMsg HTTP/1.1" 200 27
114.84.171.241 - - [23/Dec/2022:13:52:10 +0800] "GET /xingrg/all/function/internal_message.html?_=1671774744548&CODE_STATE=getMsg HTTP/1.1" 200 27
180.162.115.136 - - [23/Dec/2022:13:52:23 +0800] "GET /xingrg/all/function/internal_message.html?_=1671773760843&CODE_STATE=getMsg HTTP/1.1" 200 27
116.192.124.172 - - [23/Dec/2022:13:52:24 +0800] "GET /xingrg/all/function/internal_message.html?_=1671774785573&CODE_STATE=getMsg HTTP/1.1" 200 27
116.192.124.172 - - [23/Dec/2022:13:52:26 +0800] "GET /xingrg/check_reg.html?_=1671774788033 HTTP/1.1" 200 22
116.238.139.35 - - [23/Dec/2022:13:52:33 +0800] "GET /xingrg/all/function/internal_message.html?_=1671774770223&CODE_STATE=getMsg HTTP/1.1" 200 27
116.237.77.129 - - [23/Dec/2022:13:52:36 +0800] "GET /xingrg/all/function/internal_message.html?_=1671774768540&CODE_STATE=getMsg HTTP/1.1" 200 27
114.84.38.109 - - [23/Dec/2022:13:52:38 +0800] "GET /xingrg/all/function/internal_message.html?_=1671774788633&CODE_STATE=getMsg HTTP/1.1" 302 -
180.163.30.100 - - [23/Dec/2022:13:52:38 +0800] "GET /xingrg/check_reg.html?_=1671774711283 HTTP/1.1" 302 -
180.163.30.100 - - [23/Dec/2022:13:52:39 +0800] "GET /xingrg/login.html HTTP/1.1" 200 7641
180.169.147.146 - - [23/Dec/2022:13:52:51 +0800] "GET /xingrg/all/function/internal_message.html?_=1671774785551&CODE_STATE=getMsg HTTP/1.1" 200 27
114.84.38.109 - - [23/Dec/2022:13:52:51 +0800] "GET /xingrg/all/function/internal_message.html?_=1671774804727&CODE_STATE=getMsg HTTP/1.1" 200 27
101.80.225.213 - - [23/Dec/2022:13:52:55 +0800] "GET /xingrg/all/function/internal_message.html?_=1671774792370&CODE_STATE=getMsg HTTP/1.1" 200 27
114.84.171.241 - - [23/Dec/2022:13:53:10 +0800] "GET /xingrg/all/function/internal_message.html?_=1671774804546&CODE_STATE=getMsg HTTP/1.1" 200 27
114.84.38.109 - - [23/Dec/2022:13:53:20 +0800] "GET /xingrg/check_reg.html?_=1671774830771 HTTP/1.1" 302 -
180.162.115.136 - - [23/Dec/2022:13:53:23 +0800] "GET /xingrg/all/function/internal_message.html?_=1671773820836&CODE_STATE=getMsg HTTP/1.1" 200 27
116.192.124.172 - - [23/Dec/2022:13:53:24 +0800] "GET /xingrg/all/function/internal_message.html?_=1671774845554&CODE_STATE=getMsg HTTP/1.1" 200 27
116.238.139.35 - - [23/Dec/2022:13:53:33 +0800] "GET /xingrg/all/function/internal_message.html?_=1671774830194&CODE_STATE=getMsg HTTP/1.1" 200 27
116.237.77.129 - - [23/Dec/2022:13:53:36 +0800] "GET /xingrg/all/function/internal_message.html?_=1671774828518&CODE_STATE=getMsg HTTP/1.1" 200 27
114.84.38.109 - - [23/Dec/2022:13:53:38 +0800] "GET /xingrg/all/function/internal_message.html?_=1671774848648&CODE_STATE=getMsg HTTP/1.1" 302 -
116.238.139.35 - - [23/Dec/2022:13:53:38 +0800] "GET /xingrg/check_reg.html?_=1671774835158 HTTP/1.1" 200 22
101.80.225.213 - - [23/Dec/2022:13:53:39 +0800] "GET /xingrg/kc/buy/cgsh_order_operate.html?command=get_materiel&rest_code=00156&code=00101008296&supplier_code=00100007&order_time=2022-12-23 HTTP/1.1" 200 416
101.80.225.213 - - [23/Dec/2022:13:53:45 +0800] "GET /xingrg/kc/buy/cgsh_order_operate.html?command=get_materiel&rest_code=00156&code=00101008087&supplier_code=00100007&order_time=2022-12-23 HTTP/1.1" 200 412
180.169.147.146 - - [23/Dec/2022:13:53:51 +0800] "GET /xingrg/all/function/internal_message.html?_=1671774845554&CODE_STATE=getMsg HTTP/1.1" 200 27
114.84.38.109 - - [23/Dec/2022:13:53:51 +0800] "GET /xingrg/all/function/internal_message.html?_=1671774864730&CODE_STATE=getMsg HTTP/1.1" 200 27
101.80.225.213 - - [23/Dec/2022:13:53:52 +0800] "GET /xingrg/kc/buy/cgsh_order_operate.html?command=get_materiel&rest_code=00156&code=00101008148&supplier_code=00100007&order_time=2022-12-23 HTTP/1.1" 200 416
101.80.225.213 - - [23/Dec/2022:13:53:55 +0800] "GET /xingrg/all/function/internal_message.html?_=1671774852381&CODE_STATE=getMsg HTTP/1.1" 200 27
114.84.171.241 - - [23/Dec/2022:13:54:10 +0800] "GET /xingrg/all/function/internal_message.html?_=1671774864546&CODE_STATE=getMsg HTTP/1.1" 200 27
114.84.171.241 - - [23/Dec/2022:13:54:10 +0800] "GET /xingrg/check_reg.html?_=1671774864549 HTTP/1.1" 200 22
101.80.225.213 - - [23/Dec/2022:13:54:12 +0800] "POST /xingrg/kc/buy/cgsh_order_operate.html HTTP/1.1" 200 37
101.80.225.213 - - [23/Dec/2022:13:54:14 +0800] "POST /xingrg/kc/buy/cgsh_order_operate.html HTTP/1.1" 200 9198
101.80.225.213 - - [23/Dec/2022:13:54:14 +0800] "GET /xingrg/kc/print/load_config.html?kc_code=cgsh HTTP/1.1" 200 1943
101.80.225.213 - - [23/Dec/2022:13:54:15 +0800] "GET /xingrg/kc/print/load_data.html?order_code=212022122305399&kc_code=cgsh&condition= HTTP/1.1" 200 3214
180.162.115.136 - - [23/Dec/2022:13:54:23 +0800] "GET /xingrg/check_reg.html?_=1671773880841 HTTP/1.1" 200 22
180.162.115.136 - - [23/Dec/2022:13:54:23 +0800] "GET /xingrg/all/function/internal_message.html?_=1671773880838&CODE_STATE=getMsg HTTP/1.1" 200 27
116.192.124.172 - - [23/Dec/2022:13:54:24 +0800] "GET /xingrg/all/function/internal_message.html?_=1671774905532&CODE_STATE=getMsg HTTP/1.1" 200 27
116.238.139.35 - - [23/Dec/2022:13:54:33 +0800] "GET /xingrg/all/function/internal_message.html?_=1671774890173&CODE_STATE=getMsg HTTP/1.1" 200 27
180.163.28.114 - - [23/Dec/2022:13:54:36 +0800] "GET /xingrg/all/function/internal_message.html?_=1671774828518&CODE_STATE=getMsg HTTP/1.1" 302 -
180.163.28.114 - - [23/Dec/2022:13:54:36 +0800] "GET /xingrg/login.html HTTP/1.1" 200 7641
116.237.77.129 - - [23/Dec/2022:13:54:36 +0800] "GET /xingrg/all/function/internal_message.html?_=1671774888494&CODE_STATE=getMsg HTTP/1.1" 200 27
114.84.38.109 - - [23/Dec/2022:13:54:38 +0800] "GET /xingrg/all/function/internal_message.html?_=1671774908675&CODE_STATE=getMsg HTTP/1.1" 302 -
180.169.147.146 - - [23/Dec/2022:13:54:51 +0800] "GET /xingrg/all/function/internal_message.html?_=1671774905552&CODE_STATE=getMsg HTTP/1.1" 200 27
114.84.38.109 - - [23/Dec/2022:13:54:51 +0800] "GET /xingrg/all/function/internal_message.html?_=1671774924771&CODE_STATE=getMsg HTTP/1.1" 200 27
101.80.225.213 - - [23/Dec/2022:13:54:55 +0800] "GET /xingrg/all/function/internal_message.html?_=1671774912383&CODE_STATE=getMsg HTTP/1.1" 200 27
101.80.225.213 - - [23/Dec/2022:13:54:55 +0800] "GET /xingrg/check_reg.html?_=1671774912384 HTTP/1.1" 200 22
114.84.171.241 - - [23/Dec/2022:13:55:10 +0800] "GET /xingrg/all/function/internal_message.html?_=1671774924547&CODE_STATE=getMsg HTTP/1.1" 200 27
180.162.115.136 - - [23/Dec/2022:13:55:23 +0800] "GET /xingrg/all/function/internal_message.html?_=1671773940844&CODE_STATE=getMsg HTTP/1.1" 200 27
116.192.124.172 - - [23/Dec/2022:13:55:24 +0800] "GET /xingrg/all/function/internal_message.html?_=1671774965506&CODE_STATE=getMsg HTTP/1.1" 200 27
116.238.139.35 - - [23/Dec/2022:13:55:33 +0800] "GET /xingrg/all/function/internal_message.html?_=1671774950160&CODE_STATE=getMsg HTTP/1.1" 200 27
180.163.29.234 - - [23/Dec/2022:13:55:36 +0800] "GET /xingrg/all/function/internal_message.html?_=1671774888494&CODE_STATE=getMsg HTTP/1.1" 302 -
180.163.29.234 - - [23/Dec/2022:13:55:36 +0800] "GET /xingrg/login.html HTTP/1.1" 200 7641
116.237.77.129 - - [23/Dec/2022:13:55:36 +0800] "GET /xingrg/all/function/internal_message.html?_=1671774948474&CODE_STATE=getMsg HTTP/1.1" 200 27
114.84.38.109 - - [23/Dec/2022:13:55:38 +0800] "GET /xingrg/all/function/internal_message.html?_=1671774968693&CODE_STATE=getMsg HTTP/1.1" 302 -
114.84.38.109 - - [23/Dec/2022:13:55:45 +0800] "GET /xingrg/check_reg.html?_=1671774978613 HTTP/1.1" 200 22
180.169.147.146 - - [23/Dec/2022:13:55:51 +0800] "GET /xingrg/all/function/internal_message.html?_=1671774965550&CODE_STATE=getMsg HTTP/1.1" 200 27
114.84.38.109 - - [23/Dec/2022:13:55:51 +0800] "GET /xingrg/all/function/internal_message.html?_=1671774984787&CODE_STATE=getMsg HTTP/1.1" 200 27
101.80.225.213 - - [23/Dec/2022:13:55:55 +0800] "GET /xingrg/all/function/internal_message.html?_=1671774972386&CODE_STATE=getMsg HTTP/1.1" 200 27
114.84.171.241 - - [23/Dec/2022:13:56:10 +0800] "GET /xingrg/all/function/internal_message.html?_=1671774984547&CODE_STATE=getMsg HTTP/1.1" 200 27
116.192.124.172 - - [23/Dec/2022:13:56:17 +0800] "POST /xingrg/services/DataTransmitService HTTP/1.1" 200 524
180.162.115.136 - - [23/Dec/2022:13:56:23 +0800] "GET /xingrg/all/function/internal_message.html?_=1671774000836&CODE_STATE=getMsg HTTP/1.1" 200 27
116.192.124.172 - - [23/Dec/2022:13:56:24 +0800] "GET /xingrg/all/function/internal_message.html?_=1671775025482&CODE_STATE=getMsg HTTP/1.1" 200 27
116.238.139.35 - - [23/Dec/2022:13:56:33 +0800] "GET /xingrg/all/function/internal_message.html?_=1671775010133&CODE_STATE=getMsg HTTP/1.1" 200 27
116.237.77.129 - - [23/Dec/2022:13:56:36 +0800] "GET /xingrg/all/function/internal_message.html?_=1671775008454&CODE_STATE=getMsg HTTP/1.1" 200 27
58.221.95.50 - - [23/Dec/2022:13:56:36 +0800] "GET /xingrg/check_reg.html?_=1671775011977 HTTP/1.1" 302 -
114.84.38.109 - - [23/Dec/2022:13:56:38 +0800] "GET /xingrg/all/function/internal_message.html?_=1671775028725&CODE_STATE=getMsg HTTP/1.1" 302 -
116.237.77.129 - - [23/Dec/2022:13:56:38 +0800] "GET /xingrg/check_reg.html?_=1671775011258 HTTP/1.1" 200 22
180.169.147.146 - - [23/Dec/2022:13:56:51 +0800] "GET /xingrg/check_reg.html?_=1671775025552 HTTP/1.1" 200 22
180.169.147.146 - - [23/Dec/2022:13:56:51 +0800] "GET /xingrg/all/function/internal_message.html?_=1671775025553&CODE_STATE=getMsg HTTP/1.1" 200 27
114.84.38.109 - - [23/Dec/2022:13:56:51 +0800] "GET /xingrg/all/function/internal_message.html?_=1671775044806&CODE_STATE=getMsg HTTP/1.1" 200 27
101.80.225.213 - - [23/Dec/2022:13:56:55 +0800] "GET /xingrg/all/function/internal_message.html?_=1671775032387&CODE_STATE=getMsg HTTP/1.1" 200 27
114.84.171.241 - - [23/Dec/2022:13:57:10 +0800] "GET /xingrg/all/function/internal_message.html?_=1671775044547&CODE_STATE=getMsg HTTP/1.1" 200 27
180.162.115.136 - - [23/Dec/2022:13:57:23 +0800] "GET /xingrg/all/function/internal_message.html?_=1671774060837&CODE_STATE=getMsg HTTP/1.1" 200 27
116.192.124.172 - - [23/Dec/2022:13:57:24 +0800] "GET /xingrg/all/function/internal_message.html?_=1671775085456&CODE_STATE=getMsg HTTP/1.1" 200 27
116.192.124.172 - - [23/Dec/2022:13:57:26 +0800] "GET /xingrg/check_reg.html?_=1671775088026 HTTP/1.1" 200 22
116.238.139.35 - - [23/Dec/2022:13:57:33 +0800] "GET /xingrg/all/function/internal_message.html?_=1671775070121&CODE_STATE=getMsg HTTP/1.1" 200 27
180.163.28.68 - - [23/Dec/2022:13:57:36 +0800] "GET /xingrg/all/function/internal_message.html?_=1671775008454&CODE_STATE=getMsg HTTP/1.1" 302 -
116.237.77.129 - - [23/Dec/2022:13:57:36 +0800] "GET /xingrg/all/function/internal_message.html?_=1671775068431&CODE_STATE=getMsg HTTP/1.1" 200 27
180.163.28.68 - - [23/Dec/2022:13:57:36 +0800] "GET /xingrg/login.html HTTP/1.1" 200 7641
114.84.38.109 - - [23/Dec/2022:13:57:38 +0800] "GET /xingrg/all/function/internal_message.html?_=1671775088734&CODE_STATE=getMsg HTTP/1.1" 302 -
180.163.28.55 - - [23/Dec/2022:13:57:38 +0800] "GET /xingrg/check_reg.html?_=1671775011258 HTTP/1.1" 302 -
180.163.28.55 - - [23/Dec/2022:13:57:38 +0800] "GET /xingrg/login.html HTTP/1.1" 200 7641
180.169.147.146 - - [23/Dec/2022:13:57:51 +0800] "GET /xingrg/all/function/internal_message.html?_=1671775085543&CODE_STATE=getMsg HTTP/1.1" 200 27
114.84.38.109 - - [23/Dec/2022:13:57:52 +0800] "GET /xingrg/all/function/internal_message.html?_=1671775104862&CODE_STATE=getMsg HTTP/1.1" 200 27
101.80.225.213 - - [23/Dec/2022:13:57:55 +0800] "GET /xingrg/all/function/internal_message.html?_=1671775092390&CODE_STATE=getMsg HTTP/1.1" 200 27
114.84.171.241 - - [23/Dec/2022:13:58:10 +0800] "GET /xingrg/all/function/internal_message.html?_=1671775104544&CODE_STATE=getMsg HTTP/1.1" 200 27
114.84.38.109 - - [23/Dec/2022:13:58:20 +0800] "GET /xingrg/check_reg.html?_=1671775130787 HTTP/1.1" 302 -
180.162.115.136 - - [23/Dec/2022:13:58:23 +0800] "GET /xingrg/all/function/internal_message.html?_=1671774120851&CODE_STATE=getMsg HTTP/1.1" 200 27
116.192.124.172 - - [23/Dec/2022:13:58:24 +0800] "GET /xingrg/all/function/internal_message.html?_=1671775145442&CODE_STATE=getMsg HTTP/1.1" 200 27
116.238.139.35 - - [23/Dec/2022:13:58:33 +0800] "GET /xingrg/all/function/internal_message.html?_=1671775130092&CODE_STATE=getMsg HTTP/1.1" 200 27
180.163.30.85 - - [23/Dec/2022:13:58:35 +0800] "GET /xingrg/all/function/internal_message.html?_=1671775068431&CODE_STATE=getMsg HTTP/1.1" 302 -
180.163.30.85 - - [23/Dec/2022:13:58:36 +0800] "GET /xingrg/login.html HTTP/1.1" 200 7641
116.237.77.129 - - [23/Dec/2022:13:58:36 +0800] "GET /xingrg/all/function/internal_message.html?_=1671775128429&CODE_STATE=getMsg HTTP/1.1" 200 27
114.84.38.109 - - [23/Dec/2022:13:58:38 +0800] "GET /xingrg/all/function/internal_message.html?_=1671775148762&CODE_STATE=getMsg HTTP/1.1" 302 -
116.238.139.35 - - [23/Dec/2022:13:58:38 +0800] "GET /xingrg/check_reg.html?_=1671775135166 HTTP/1.1" 200 22
180.169.147.146 - - [23/Dec/2022:13:58:51 +0800] "GET /xingrg/all/function/internal_message.html?_=1671775145555&CODE_STATE=getMsg HTTP/1.1" 200 27
114.84.38.109 - - [23/Dec/2022:13:58:52 +0800] "GET /xingrg/all/function/internal_message.html?_=1671775164876&CODE_STATE=getMsg HTTP/1.1" 200 27
101.80.225.213 - - [23/Dec/2022:13:58:56 +0800] "GET /xingrg/all/function/internal_message.html?_=1671775153345&CODE_STATE=getMsg HTTP/1.1" 200 27
114.84.171.241 - - [23/Dec/2022:13:59:10 +0800] "GET /xingrg/all/function/internal_message.html?_=1671775164545&CODE_STATE=getMsg HTTP/1.1" 200 27
114.84.171.241 - - [23/Dec/2022:13:59:10 +0800] "GET /xingrg/check_reg.html?_=1671775164547 HTTP/1.1" 200 22
180.162.115.136 - - [23/Dec/2022:13:59:23 +0800] "GET /xingrg/all/function/internal_message.html?_=1671774180838&CODE_STATE=getMsg HTTP/1.1" 200 27
180.162.115.136 - - [23/Dec/2022:13:59:23 +0800] "GET /xingrg/check_reg.html?_=1671774180835 HTTP/1.1" 200 22
116.192.124.172 - - [23/Dec/2022:13:59:24 +0800] "GET /xingrg/all/function/internal_message.html?_=1671775205416&CODE_STATE=getMsg HTTP/1.1" 200 27
116.238.139.35 - - [23/Dec/2022:13:59:33 +0800] "GET /xingrg/all/function/internal_message.html?_=1671775190064&CODE_STATE=getMsg HTTP/1.1" 200 27
116.237.77.129 - - [23/Dec/2022:13:59:36 +0800] "GET /xingrg/all/function/internal_message.html?_=1671775188397&CODE_STATE=getMsg HTTP/1.1" 200 27
180.163.30.85 - - [23/Dec/2022:13:59:36 +0800] "GET /xingrg/all/function/internal_message.html?_=1671775128429&CODE_STATE=getMsg HTTP/1.1" 302 -
180.163.30.85 - - [23/Dec/2022:13:59:36 +0800] "GET /xingrg/login.html HTTP/1.1" 200 7641
114.84.38.109 - - [23/Dec/2022:13:59:38 +0800] "GET /xingrg/all/function/internal_message.html?_=1671775208777&CODE_STATE=getMsg HTTP/1.1" 302 -
180.169.147.146 - - [23/Dec/2022:13:59:51 +0800] "GET /xingrg/all/function/internal_message.html?_=1671775205557&CODE_STATE=getMsg HTTP/1.1" 200 27
114.84.38.109 - - [23/Dec/2022:13:59:52 +0800] "GET /xingrg/all/function/internal_message.html?_=1671775224910&CODE_STATE=getMsg HTTP/1.1" 200 27
101.80.225.213 - - [23/Dec/2022:13:59:56 +0800] "GET /xingrg/all/function/internal_message.html?_=1671775213350&CODE_STATE=getMsg HTTP/1.1" 200 27
101.80.225.213 - - [23/Dec/2022:13:59:56 +0800] "GET /xingrg/check_reg.html?_=1671775213351 HTTP/1.1" 200 22
114.84.171.241 - - [23/Dec/2022:14:00:10 +0800] "GET /xingrg/all/function/internal_message.html?_=1671775224546&CODE_STATE=getMsg HTTP/1.1" 200 27
222.70.177.10 - - [23/Dec/2022:14:00:17 +0800] "POST /xingrg/services/DataTransmitService HTTP/1.1" 200 524
222.70.177.10 - - [23/Dec/2022:14:00:17 +0800] "POST /xingrg/services/DataTransmitService HTTP/1.1" 200 497
180.162.115.136 - - [23/Dec/2022:14:00:23 +0800] "GET /xingrg/all/function/internal_message.html?_=1671774240851&CODE_STATE=getMsg HTTP/1.1" 200 27
116.192.124.172 - - [23/Dec/2022:14:00:24 +0800] "GET /xingrg/all/function/internal_message.html?_=1671775265387&CODE_STATE=getMsg HTTP/1.1" 200 27
116.238.139.35 - - [23/Dec/2022:14:00:33 +0800] "GET /xingrg/all/function/internal_message.html?_=1671775250050&CODE_STATE=getMsg HTTP/1.1" 200 27
180.163.29.79 - - [23/Dec/2022:14:00:36 +0800] "GET /xingrg/all/function/internal_message.html?_=1671775188397&CODE_STATE=getMsg HTTP/1.1" 302 -
180.163.29.79 - - [23/Dec/2022:14:00:36 +0800] "GET /xingrg/login.html HTTP/1.1" 200 7641
116.237.77.129 - - [23/Dec/2022:14:00:36 +0800] "GET /xingrg/all/function/internal_message.html?_=1671775248364&CODE_STATE=getMsg HTTP/1.1" 200 27
114.84.38.109 - - [23/Dec/2022:14:00:38 +0800] "GET /xingrg/all/function/internal_message.html?_=1671775268803&CODE_STATE=getMsg HTTP/1.1" 302 -
114.84.38.109 - - [23/Dec/2022:14:00:45 +0800] "GET /xingrg/check_reg.html?_=1671775278615 HTTP/1.1" 200 22
180.169.147.146 - - [23/Dec/2022:14:00:51 +0800] "GET /xingrg/all/function/internal_message.html?_=1671775265555&CODE_STATE=getMsg HTTP/1.1" 200 27
114.84.38.109 - - [23/Dec/2022:14:00:52 +0800] "GET /xingrg/all/function/internal_message.html?_=1671775284918&CODE_STATE=getMsg HTTP/1.1" 200 27
101.80.225.213 - - [23/Dec/2022:14:00:55 +0800] "GET /xingrg/all/function/internal_message.html?_=1671775272408&CODE_STATE=getMsg HTTP/1.1" 200 27
114.84.171.241 - - [23/Dec/2022:14:01:10 +0800] "GET /xingrg/all/function/internal_message.html?_=1671775284547&CODE_STATE=getMsg HTTP/1.1" 200 27
180.162.115.136 - - [23/Dec/2022:14:01:23 +0800] "GET /xingrg/all/function/internal_message.html?_=1671774300851&CODE_STATE=getMsg HTTP/1.1" 200 27
116.192.124.172 - - [23/Dec/2022:14:01:24 +0800] "GET /xingrg/all/function/internal_message.html?_=1671775325366&CODE_STATE=getMsg HTTP/1.1" 200 27
114.84.38.109 - - [23/Dec/2022:14:01:27 +0800] "POST /xingrg/services/DataTransmitService HTTP/1.1" 200 524
116.238.139.35 - - [23/Dec/2022:14:01:33 +0800] "GET /xingrg/all/function/internal_message.html?_=1671775310041&CODE_STATE=getMsg HTTP/1.1" 200 27
116.237.77.129 - - [23/Dec/2022:14:01:36 +0800] "GET /xingrg/all/function/internal_message.html?_=1671775308344&CODE_STATE=getMsg HTTP/1.1" 200 27
58.221.95.50 - - [23/Dec/2022:14:01:36 +0800] "GET /xingrg/check_reg.html?_=1671775311966 HTTP/1.1" 302 -
114.84.38.109 - - [23/Dec/2022:14:01:38 +0800] "GET /xingrg/all/function/internal_message.html?_=1671775328808&CODE_STATE=getMsg HTTP/1.1" 302 -
116.237.77.129 - - [23/Dec/2022:14:01:38 +0800] "GET /xingrg/check_reg.html?_=1671775311254 HTTP/1.1" 200 22
101.80.225.213 - - [23/Dec/2022:14:01:42 +0800] "POST /xingrg/kc/buy/cgsh_list_operate.html HTTP/1.1" 200 6039
101.80.225.213 - - [23/Dec/2022:14:01:44 +0800] "POST /xingrg/kc/buy/cgsh_list_operate.html HTTP/1.1" 200 6039
180.169.147.146 - - [23/Dec/2022:14:01:51 +0800] "GET /xingrg/check_reg.html?_=1671775325544 HTTP/1.1" 200 22
180.169.147.146 - - [23/Dec/2022:14:01:51 +0800] "GET /xingrg/all/function/internal_message.html?_=1671775325545&CODE_STATE=getMsg HTTP/1.1" 200 27
114.84.38.109 - - [23/Dec/2022:14:01:52 +0800] "GET /xingrg/all/function/internal_message.html?_=1671775344931&CODE_STATE=getMsg HTTP/1.1" 200 27
101.80.225.213 - - [23/Dec/2022:14:01:55 +0800] "GET /xingrg/all/function/internal_message.html?_=1671775332406&CODE_STATE=getMsg HTTP/1.1" 200 27
114.84.171.241 - - [23/Dec/2022:14:02:10 +0800] "GET /xingrg/all/function/internal_message.html?_=1671775344547&CODE_STATE=getMsg HTTP/1.1" 200 27
180.162.115.136 - - [23/Dec/2022:14:02:23 +0800] "GET /xingrg/all/function/internal_message.html?_=1671774360850&CODE_STATE=getMsg HTTP/1.1" 200 27
116.192.124.172 - - [23/Dec/2022:14:02:24 +0800] "GET /xingrg/all/function/internal_message.html?_=1671775385343&CODE_STATE=getMsg HTTP/1.1" 200 27
116.192.124.172 - - [23/Dec/2022:14:02:26 +0800] "GET /xingrg/check_reg.html?_=1671775388002 HTTP/1.1" 200 22
116.238.139.35 - - [23/Dec/2022:14:02:33 +0800] "GET /xingrg/all/function/internal_message.html?_=1671775370014&CODE_STATE=getMsg HTTP/1.1" 200 27
180.163.29.206 - - [23/Dec/2022:14:02:36 +0800] "GET /xingrg/all/function/internal_message.html?_=1671775308344&CODE_STATE=getMsg HTTP/1.1" 302 -
116.237.77.129 - - [23/Dec/2022:14:02:36 +0800] "GET /xingrg/all/function/internal_message.html?_=1671775368318&CODE_STATE=getMsg HTTP/1.1" 200 27
180.163.29.206 - - [23/Dec/2022:14:02:36 +0800] "GET /xingrg/login.html HTTP/1.1" 200 7641
114.84.38.109 - - [23/Dec/2022:14:02:38 +0800] "GET /xingrg/all/function/internal_message.html?_=1671775388831&CODE_STATE=getMsg HTTP/1.1" 302 -
180.163.29.206 - - [23/Dec/2022:14:02:38 +0800] "GET /xingrg/check_reg.html?_=1671775311254 HTTP/1.1" 302 -
180.163.29.206 - - [23/Dec/2022:14:02:38 +0800] "GET /xingrg/login.html HTTP/1.1" 200 7641
180.169.147.146 - - [23/Dec/2022:14:02:51 +0800] "GET /xingrg/all/function/internal_message.html?_=1671775385555&CODE_STATE=getMsg HTTP/1.1" 200 27
114.84.38.109 - - [23/Dec/2022:14:02:52 +0800] "GET /xingrg/all/function/internal_message.html?_=1671775404971&CODE_STATE=getMsg HTTP/1.1" 200 27
101.80.225.213 - - [23/Dec/2022:14:02:55 +0800] "GET /xingrg/all/function/internal_message.html?_=1671775392417&CODE_STATE=getMsg HTTP/1.1" 200 27
114.84.171.241 - - [23/Dec/2022:14:03:10 +0800] "GET /xingrg/all/function/internal_message.html?_=1671775404547&CODE_STATE=getMsg HTTP/1.1" 200 27
114.84.38.109 - - [23/Dec/2022:14:03:20 +0800] "GET /xingrg/check_reg.html?_=1671775430786 HTTP/1.1" 302 -
180.162.115.136 - - [23/Dec/2022:14:03:23 +0800] "GET /xingrg/all/function/internal_message.html?_=1671774420836&CODE_STATE=getMsg HTTP/1.1" 200 27
116.192.124.172 - - [23/Dec/2022:14:03:24 +0800] "GET /xingrg/all/function/internal_message.html?_=1671775445328&CODE_STATE=getMsg HTTP/1.1" 200 27
116.238.139.35 - - [23/Dec/2022:14:03:33 +0800] "GET /xingrg/all/function/internal_message.html?_=1671775429998&CODE_STATE=getMsg HTTP/1.1" 200 27
116.237.77.129 - - [23/Dec/2022:14:03:35 +0800] "GET /xingrg/all/function/internal_message.html?_=1671775428291&CODE_STATE=getMsg HTTP/1.1" 200 27
180.163.29.79 - - [23/Dec/2022:14:03:36 +0800] "GET /xingrg/all/function/internal_message.html?_=1671775368318&CODE_STATE=getMsg HTTP/1.1" 302 -
180.163.29.79 - - [23/Dec/2022:14:03:36 +0800] "GET /xingrg/login.html HTTP/1.1" 200 7641
114.84.38.109 - - [23/Dec/2022:14:03:38 +0800] "GET /xingrg/all/function/internal_message.html?_=1671775448847&CODE_STATE=getMsg HTTP/1.1" 302 -
116.238.139.35 - - [23/Dec/2022:14:03:38 +0800] "GET /xingrg/check_reg.html?_=1671775435202 HTTP/1.1" 200 22
180.169.147.146 - - [23/Dec/2022:14:03:51 +0800] "GET /xingrg/all/function/internal_message.html?_=1671775445554&CODE_STATE=getMsg HTTP/1.1" 200 27
114.84.38.109 - - [23/Dec/2022:14:03:52 +0800] "GET /xingrg/all/function/internal_message.html?_=1671775464974&CODE_STATE=getMsg HTTP/1.1" 200 27
101.80.225.213 - - [23/Dec/2022:14:03:55 +0800] "GET /xingrg/all/function/internal_message.html?_=1671775452407&CODE_STATE=getMsg HTTP/1.1" 200 27
114.84.171.241 - - [23/Dec/2022:14:04:10 +0800] "GET /xingrg/all/function/internal_message.html?_=1671775464551&CODE_STATE=getMsg HTTP/1.1" 200 27
114.84.171.241 - - [23/Dec/2022:14:04:10 +0800] "GET /xingrg/check_reg.html?_=1671775464552 HTTP/1.1" 200 22
180.162.115.136 - - [23/Dec/2022:14:04:23 +0800] "GET /xingrg/all/function/internal_message.html?_=1671774480838&CODE_STATE=getMsg HTTP/1.1" 200 27
180.162.115.136 - - [23/Dec/2022:14:04:23 +0800] "GET /xingrg/check_reg.html?_=1671774480835 HTTP/1.1" 200 22
116.192.124.172 - - [23/Dec/2022:14:04:24 +0800] "GET /xingrg/all/function/internal_message.html?_=1671775505329&CODE_STATE=getMsg HTTP/1.1" 200 27
114.84.81.136 - - [23/Dec/2022:14:04:31 +0800] "POST /xingrg/services/DataTransmitService HTTP/1.1" 200 524
116.238.139.35 - - [23/Dec/2022:14:04:33 +0800] "GET /xingrg/all/function/internal_message.html?_=1671775489977&CODE_STATE=getMsg HTTP/1.1" 200 27
116.237.77.129 - - [23/Dec/2022:14:04:35 +0800] "GET /xingrg/all/function/internal_message.html?_=1671775488269&CODE_STATE=getMsg HTTP/1.1" 200 27
180.163.29.234 - - [23/Dec/2022:14:04:36 +0800] "GET /xingrg/all/function/internal_message.html?_=1671775428291&CODE_STATE=getMsg HTTP/1.1" 302 -
180.163.29.234 - - [23/Dec/2022:14:04:36 +0800] "GET /xingrg/login.html HTTP/1.1" 200 7641
114.84.81.136 - - [23/Dec/2022:14:04:36 +0800] "POST /xingrg/services/DataTransmitService HTTP/1.1" 200 501
114.84.81.136 - - [23/Dec/2022:14:04:36 +0800] "POST /xingrg/services/DataTransmitService HTTP/1.1" 200 501
114.84.81.136 - - [23/Dec/2022:14:04:37 +0800] "POST /xingrg/services/DataTransmitService HTTP/1.1" 200 501
114.84.81.136 - - [23/Dec/2022:14:04:37 +0800] "POST /xingrg/services/DataTransmitService HTTP/1.1" 200 501
114.84.81.136 - - [23/Dec/2022:14:04:38 +0800] "POST /xingrg/services/DataTransmitService HTTP/1.1" 200 501
114.84.38.109 - - [23/Dec/2022:14:04:38 +0800] "GET /xingrg/all/function/internal_message.html?_=1671775508871&CODE_STATE=getMsg HTTP/1.1" 302 -
180.169.147.146 - - [23/Dec/2022:14:04:51 +0800] "GET /xingrg/all/function/internal_message.html?_=1671775505552&CODE_STATE=getMsg HTTP/1.1" 200 27
114.84.38.109 - - [23/Dec/2022:14:04:52 +0800] "GET /xingrg/all/function/internal_message.html?_=1671775525011&CODE_STATE=getMsg HTTP/1.1" 200 27
101.80.225.213 - - [23/Dec/2022:14:04:55 +0800] "GET /xingrg/all/function/internal_message.html?_=1671775512413&CODE_STATE=getMsg HTTP/1.1" 200 27
101.80.225.213 - - [23/Dec/2022:14:04:55 +0800] "GET /xingrg/check_reg.html?_=1671775512414 HTTP/1.1" 200 22
114.84.171.241 - - [23/Dec/2022:14:05:10 +0800] "GET /xingrg/all/function/internal_message.html?_=1671775524575&CODE_STATE=getMsg HTTP/1.1" 200 27
101.80.225.213 - - [23/Dec/2022:14:05:20 +0800] "POST /xingrg/kc/buy/cgsh_list_operate.html HTTP/1.1" 200 2297
101.80.225.213 - - [23/Dec/2022:14:05:22 +0800] "POST /xingrg/kc/buy/cgsh_list_operate.html HTTP/1.1" 200 494
180.162.115.136 - - [23/Dec/2022:14:05:23 +0800] "GET /xingrg/all/function/internal_message.html?_=1671774540876&CODE_STATE=getMsg HTTP/1.1" 200 27
116.192.124.172 - - [23/Dec/2022:14:05:24 +0800] "GET /xingrg/all/function/internal_message.html?_=1671775565301&CODE_STATE=getMsg HTTP/1.1" 200 27
101.80.225.213 - - [23/Dec/2022:14:05:28 +0800] "POST /xingrg/kc/buy/cgsh_list_operate.html HTTP/1.1" 200 347
116.238.139.35 - - [23/Dec/2022:14:05:33 +0800] "GET /xingrg/all/function/internal_message.html?_=1671775549954&CODE_STATE=getMsg HTTP/1.1" 200 27
116.237.77.129 - - [23/Dec/2022:14:05:35 +0800] "GET /xingrg/all/function/internal_message.html?_=1671775548243&CODE_STATE=getMsg HTTP/1.1" 200 27
180.163.30.27 - - [23/Dec/2022:14:05:35 +0800] "GET /xingrg/all/function/internal_message.html?_=1671775488269&CODE_STATE=getMsg HTTP/1.1" 302 -
180.163.30.27 - - [23/Dec/2022:14:05:36 +0800] "GET /xingrg/login.html HTTP/1.1" 200 7641
114.84.38.109 - - [23/Dec/2022:14:05:38 +0800] "GET /xingrg/all/function/internal_message.html?_=1671775568874&CODE_STATE=getMsg HTTP/1.1" 302 -
114.84.38.109 - - [23/Dec/2022:14:05:45 +0800] "GET /xingrg/check_reg.html?_=1671775578630 HTTP/1.1" 200 22
180.169.147.146 - - [23/Dec/2022:14:05:51 +0800] "GET /xingrg/all/function/internal_message.html?_=1671775565544&CODE_STATE=getMsg HTTP/1.1" 200 27
114.84.38.109 - - [23/Dec/2022:14:05:52 +0800] "GET /xingrg/all/function/internal_message.html?_=1671775585017&CODE_STATE=getMsg HTTP/1.1" 200 27
101.80.225.213 - - [23/Dec/2022:14:05:55 +0800] "GET /xingrg/all/function/internal_message.html?_=1671775572416&CODE_STATE=getMsg HTTP/1.1" 200 27
114.84.171.241 - - [23/Dec/2022:14:06:10 +0800] "GET /xingrg/all/function/internal_message.html?_=1671775584575&CODE_STATE=getMsg HTTP/1.1" 200 27
180.162.115.136 - - [23/Dec/2022:14:06:23 +0800] "GET /xingrg/all/function/internal_message.html?_=1671774600861&CODE_STATE=getMsg HTTP/1.1" 200 27
116.192.124.172 - - [23/Dec/2022:14:06:24 +0800] "GET /xingrg/all/function/internal_message.html?_=1671775625272&CODE_STATE=getMsg HTTP/1.1" 200 27
116.238.139.35 - - [23/Dec/2022:14:06:33 +0800] "GET /xingrg/all/function/internal_message.html?_=1671775609939&CODE_STATE=getMsg HTTP/1.1" 200 27
116.237.77.129 - - [23/Dec/2022:14:06:35 +0800] "GET /xingrg/all/function/internal_message.html?_=1671775608215&CODE_STATE=getMsg HTTP/1.1" 200 27
58.221.95.50 - - [23/Dec/2022:14:06:36 +0800] "GET /xingrg/check_reg.html?_=1671775611953 HTTP/1.1" 302 -
180.163.29.206 - - [23/Dec/2022:14:06:37 +0800] "GET /xingrg/all/function/internal_message.html?_=1671775548243&CODE_STATE=getMsg HTTP/1.1" 302 -
180.163.29.206 - - [23/Dec/2022:14:06:37 +0800] "GET /xingrg/login.html HTTP/1.1" 200 7641
114.84.38.109 - - [23/Dec/2022:14:06:38 +0800] "GET /xingrg/all/function/internal_message.html?_=1671775628901&CODE_STATE=getMsg HTTP/1.1" 302 -
116.237.77.129 - - [23/Dec/2022:14:06:38 +0800] "GET /xingrg/check_reg.html?_=1671775611227 HTTP/1.1" 200 22
180.169.147.146 - - [23/Dec/2022:14:06:51 +0800] "GET /xingrg/all/function/internal_message.html?_=1671775625553&CODE_STATE=getMsg HTTP/1.1" 200 27
180.169.147.146 - - [23/Dec/2022:14:06:51 +0800] "GET /xingrg/check_reg.html?_=1671775625555 HTTP/1.1" 200 22
114.84.38.109 - - [23/Dec/2022:14:06:52 +0800] "GET /xingrg/all/function/internal_message.html?_=1671775645031&CODE_STATE=getMsg HTTP/1.1" 200 27
101.80.225.213 - - [23/Dec/2022:14:06:55 +0800] "GET /xingrg/all/function/internal_message.html?_=1671775632419&CODE_STATE=getMsg HTTP/1.1" 200 27
114.84.171.241 - - [23/Dec/2022:14:07:10 +0800] "GET /xingrg/all/function/internal_message.html?_=1671775644573&CODE_STATE=getMsg HTTP/1.1" 200 27
180.162.115.136 - - [23/Dec/2022:14:07:23 +0800] "GET /xingrg/all/function/internal_message.html?_=1671774660876&CODE_STATE=getMsg HTTP/1.1" 200 27
116.192.124.172 - - [23/Dec/2022:14:07:24 +0800] "GET /xingrg/all/function/internal_message.html?_=1671775685251&CODE_STATE=getMsg HTTP/1.1" 200 27
116.192.124.172 - - [23/Dec/2022:14:07:26 +0800] "GET /xingrg/check_reg.html?_=1671775688001 HTTP/1.1" 200 22
116.238.139.35 - - [23/Dec/2022:14:07:33 +0800] "GET /xingrg/all/function/internal_message.html?_=1671775669912&CODE_STATE=getMsg HTTP/1.1" 200 27
116.237.77.129 - - [23/Dec/2022:14:07:35 +0800] "GET /xingrg/all/function/internal_message.html?_=1671775668186&CODE_STATE=getMsg HTTP/1.1" 200 27
180.163.30.100 - - [23/Dec/2022:14:07:36 +0800] "GET /xingrg/all/function/internal_message.html?_=1671775608215&CODE_STATE=getMsg HTTP/1.1" 302 -
180.163.30.100 - - [23/Dec/2022:14:07:36 +0800] "GET /xingrg/login.html HTTP/1.1" 200 7641
114.84.38.109 - - [23/Dec/2022:14:07:38 +0800] "GET /xingrg/all/function/internal_message.html?_=1671775688918&CODE_STATE=getMsg HTTP/1.1" 302 -
180.163.29.234 - - [23/Dec/2022:14:07:38 +0800] "GET /xingrg/check_reg.html?_=1671775611227 HTTP/1.1" 302 -
180.163.29.234 - - [23/Dec/2022:14:07:38 +0800] "GET /xingrg/login.html HTTP/1.1" 200 7641
180.169.147.146 - - [23/Dec/2022:14:07:51 +0800] "GET /xingrg/all/function/internal_message.html?_=1671775685549&CODE_STATE=getMsg HTTP/1.1" 200 27
114.84.38.109 - - [23/Dec/2022:14:07:52 +0800] "GET /xingrg/all/function/internal_message.html?_=1671775705068&CODE_STATE=getMsg HTTP/1.1" 200 27
101.80.225.213 - - [23/Dec/2022:14:07:55 +0800] "GET /xingrg/all/function/internal_message.html?_=1671775692413&CODE_STATE=getMsg HTTP/1.1" 200 27
114.84.171.241 - - [23/Dec/2022:14:08:10 +0800] "GET /xingrg/all/function/internal_message.html?_=1671775704582&CODE_STATE=getMsg HTTP/1.1" 200 27
114.84.38.109 - - [23/Dec/2022:14:08:20 +0800] "GET /xingrg/check_reg.html?_=1671775730799 HTTP/1.1" 302 -
180.162.115.136 - - [23/Dec/2022:14:08:23 +0800] "GET /xingrg/all/function/internal_message.html?_=1671774720875&CODE_STATE=getMsg HTTP/1.1" 200 27
116.192.124.172 - - [23/Dec/2022:14:08:24 +0800] "GET /xingrg/all/function/internal_message.html?_=1671775745230&CODE_STATE=getMsg HTTP/1.1" 200 27
116.238.139.35 - - [23/Dec/2022:14:08:33 +0800] "GET /xingrg/all/function/internal_message.html?_=1671775729899&CODE_STATE=getMsg HTTP/1.1" 200 27
116.237.77.129 - - [23/Dec/2022:14:08:35 +0800] "GET /xingrg/all/function/internal_message.html?_=1671775728166&CODE_STATE=getMsg HTTP/1.1" 200 27
180.163.28.143 - - [23/Dec/2022:14:08:35 +0800] "GET /xingrg/all/function/internal_message.html?_=1671775668186&CODE_STATE=getMsg HTTP/1.1" 302 -
180.163.28.143 - - [23/Dec/2022:14:08:35 +0800] "GET /xingrg/login.html HTTP/1.1" 200 7641
114.84.38.109 - - [23/Dec/2022:14:08:38 +0800] "GET /xingrg/all/function/internal_message.html?_=1671775748942&CODE_STATE=getMsg HTTP/1.1" 302 -
116.238.139.35 - - [23/Dec/2022:14:08:38 +0800] "GET /xingrg/check_reg.html?_=1671775735175 HTTP/1.1" 200 22
180.169.147.146 - - [23/Dec/2022:14:08:51 +0800] "GET /xingrg/all/function/internal_message.html?_=1671775745545&CODE_STATE=getMsg HTTP/1.1" 200 27
114.84.38.109 - - [23/Dec/2022:14:08:52 +0800] "GET /xingrg/all/function/internal_message.html?_=1671775765073&CODE_STATE=getMsg HTTP/1.1" 200 27
101.80.225.213 - - [23/Dec/2022:14:08:55 +0800] "GET /xingrg/all/function/internal_message.html?_=1671775752421&CODE_STATE=getMsg HTTP/1.1" 200 27
114.84.171.241 - - [23/Dec/2022:14:09:10 +0800] "GET /xingrg/check_reg.html?_=1671775764568 HTTP/1.1" 200 22
114.84.171.241 - - [23/Dec/2022:14:09:10 +0800] "GET /xingrg/all/function/internal_message.html?_=1671775764571&CODE_STATE=getMsg HTTP/1.1" 200 27
180.162.115.136 - - [23/Dec/2022:14:09:23 +0800] "GET /xingrg/check_reg.html?_=1671774780861 HTTP/1.1" 200 22
180.162.115.136 - - [23/Dec/2022:14:09:23 +0800] "GET /xingrg/all/function/internal_message.html?_=1671774780864&CODE_STATE=getMsg HTTP/1.1" 200 27
116.192.124.172 - - [23/Dec/2022:14:09:24 +0800] "GET /xingrg/all/function/internal_message.html?_=1671775805204&CODE_STATE=getMsg HTTP/1.1" 200 27
116.238.139.35 - - [23/Dec/2022:14:09:33 +0800] "GET /xingrg/all/function/internal_message.html?_=1671775789873&CODE_STATE=getMsg HTTP/1.1" 200 27
180.163.29.103 - - [23/Dec/2022:14:09:35 +0800] "GET /xingrg/all/function/internal_message.html?_=1671775728166&CODE_STATE=getMsg HTTP/1.1" 302 -
180.163.29.103 - - [23/Dec/2022:14:09:35 +0800] "GET /xingrg/login.html HTTP/1.1" 200 7641
116.237.77.129 - - [23/Dec/2022:14:09:35 +0800] "GET /xingrg/all/function/internal_message.html?_=1671775788145&CODE_STATE=getMsg HTTP/1.1" 200 27
114.84.38.109 - - [23/Dec/2022:14:09:38 +0800] "GET /xingrg/all/function/internal_message.html?_=1671775808944&CODE_STATE=getMsg HTTP/1.1" 302 -
180.162.115.136 - - [23/Dec/2022:14:09:44 +0800] "GET /xingrg/kc/buy/buy_main.html HTTP/1.1" 200 12412
180.162.115.136 - - [23/Dec/2022:14:09:44 +0800] "GET /xingrg/css/new_ie.css HTTP/1.1" 404 1036
180.162.115.136 - - [23/Dec/2022:14:09:45 +0800] "GET /xingrg/images/yd/bt.gif HTTP/1.1" 404 1040
180.162.115.136 - - [23/Dec/2022:14:09:46 +0800] "GET /xingrg/kc/buy/cgsh_order_list.html HTTP/1.1" 200 54084
180.162.115.136 - - [23/Dec/2022:14:09:51 +0800] "POST /xingrg/kc/buy/cgsh_list_operate.html HTTP/1.1" 200 2757
180.169.147.146 - - [23/Dec/2022:14:09:51 +0800] "GET /xingrg/all/function/internal_message.html?_=1671775805557&CODE_STATE=getMsg HTTP/1.1" 200 27
114.84.38.109 - - [23/Dec/2022:14:09:52 +0800] "GET /xingrg/all/function/internal_message.html?_=1671775825107&CODE_STATE=getMsg HTTP/1.1" 200 27
180.162.115.136 - - [23/Dec/2022:14:09:53 +0800] "GET /xingrg/kc/buy/cgsh_order_add.html HTTP/1.1" 200 68940
180.162.115.136 - - [23/Dec/2022:14:09:54 +0800] "POST /xingrg/kc/buy/cgsh_order_operate.html HTTP/1.1" 200 8245
180.162.115.136 - - [23/Dec/2022:14:09:54 +0800] "GET /xingrg/javascript/easyui/themes/default/validatebox.css HTTP/1.1" 404 1104
101.80.225.213 - - [23/Dec/2022:14:09:55 +0800] "GET /xingrg/all/function/internal_message.html?_=1671775812416&CODE_STATE=getMsg HTTP/1.1" 200 27
101.80.225.213 - - [23/Dec/2022:14:09:55 +0800] "GET /xingrg/check_reg.html?_=1671775812418 HTTP/1.1" 200 22
180.162.115.136 - - [23/Dec/2022:14:09:55 +0800] "GET /xingrg/javascript/easyui/themes/default/tree.css HTTP/1.1" 404 1090
180.162.115.136 - - [23/Dec/2022:14:09:55 +0800] "POST /xingrg/all/common/load_tree.html?tree=supplier_tree_json&isDelete=1 HTTP/1.1" 200 70864
114.84.171.241 - - [23/Dec/2022:14:10:10 +0800] "GET /xingrg/all/function/internal_message.html?_=1671775824570&CODE_STATE=getMsg HTTP/1.1" 200 27
180.162.115.136 - - [23/Dec/2022:14:10:23 +0800] "GET /xingrg/all/function/internal_message.html?_=1671774840863&CODE_STATE=getMsg HTTP/1.1" 200 27
116.192.124.172 - - [23/Dec/2022:14:10:24 +0800] "GET /xingrg/all/function/internal_message.html?_=1671775865181&CODE_STATE=getMsg HTTP/1.1" 200 27
116.238.139.35 - - [23/Dec/2022:14:10:33 +0800] "GET /xingrg/all/function/internal_message.html?_=1671775849845&CODE_STATE=getMsg HTTP/1.1" 200 27
116.237.77.129 - - [23/Dec/2022:14:10:35 +0800] "GET /xingrg/all/function/internal_message.html?_=1671775848113&CODE_STATE=getMsg HTTP/1.1" 200 27
180.163.30.85 - - [23/Dec/2022:14:10:35 +0800] "GET /xingrg/all/function/internal_message.html?_=1671775788145&CODE_STATE=getMsg HTTP/1.1" 302 -
180.163.30.85 - - [23/Dec/2022:14:10:36 +0800] "GET /xingrg/login.html HTTP/1.1" 200 7641
114.84.38.109 - - [23/Dec/2022:14:10:38 +0800] "GET /xingrg/all/function/internal_message.html?_=1671775868985&CODE_STATE=getMsg HTTP/1.1" 302 -
114.84.38.109 - - [23/Dec/2022:14:10:45 +0800] "GET /xingrg/check_reg.html?_=1671775878630 HTTP/1.1" 200 22
180.169.147.146 - - [23/Dec/2022:14:10:51 +0800] "GET /xingrg/all/function/internal_message.html?_=1671775865546&CODE_STATE=getMsg HTTP/1.1" 200 27
114.84.38.109 - - [23/Dec/2022:14:10:52 +0800] "GET /xingrg/all/function/internal_message.html?_=1671775885121&CODE_STATE=getMsg HTTP/1.1" 200 27
101.80.225.213 - - [23/Dec/2022:14:10:55 +0800] "GET /xingrg/all/function/internal_message.html?_=1671775872432&CODE_STATE=getMsg HTTP/1.1" 200 27
114.84.171.241 - - [23/Dec/2022:14:11:10 +0800] "GET /xingrg/all/function/internal_message.html?_=1671775884570&CODE_STATE=getMsg HTTP/1.1" 200 27
180.162.115.136 - - [23/Dec/2022:14:11:23 +0800] "GET /xingrg/all/function/internal_message.html?_=1671774900865&CODE_STATE=getMsg HTTP/1.1" 200 27
116.192.124.172 - - [23/Dec/2022:14:11:23 +0800] "GET /xingrg/all/function/internal_message.html?_=1671775925155&CODE_STATE=getMsg HTTP/1.1" 200 27
116.238.139.35 - - [23/Dec/2022:14:11:33 +0800] "GET /xingrg/all/function/internal_message.html?_=1671775909833&CODE_STATE=getMsg HTTP/1.1" 200 27
180.163.28.114 - - [23/Dec/2022:14:11:35 +0800] "GET /xingrg/all/function/internal_message.html?_=1671775848113&CODE_STATE=getMsg HTTP/1.1" 302 -
180.163.28.114 - - [23/Dec/2022:14:11:35 +0800] "GET /xingrg/login.html HTTP/1.1" 200 7641
116.237.77.129 - - [23/Dec/2022:14:11:35 +0800] "GET /xingrg/all/function/internal_message.html?_=1671775908088&CODE_STATE=getMsg HTTP/1.1" 200 27
58.221.95.50 - - [23/Dec/2022:14:11:36 +0800] "GET /xingrg/check_reg.html?_=1671775911924 HTTP/1.1" 302 -
114.84.38.109 - - [23/Dec/2022:14:11:38 +0800] "GET /xingrg/all/function/internal_message.html?_=1671775928987&CODE_STATE=getMsg HTTP/1.1" 302 -
116.237.77.129 - - [23/Dec/2022:14:11:38 +0800] "GET /xingrg/check_reg.html?_=1671775911205 HTTP/1.1" 200 22
180.169.147.146 - - [23/Dec/2022:14:11:51 +0800] "GET /xingrg/all/function/internal_message.html?_=1671775925557&CODE_STATE=getMsg HTTP/1.1" 200 27
180.169.147.146 - - [23/Dec/2022:14:11:51 +0800] "GET /xingrg/check_reg.html?_=1671775925559 HTTP/1.1" 200 22
114.84.38.109 - - [23/Dec/2022:14:11:52 +0800] "GET /xingrg/all/function/internal_message.html?_=1671775945130&CODE_STATE=getMsg HTTP/1.1" 200 27
101.80.225.213 - - [23/Dec/2022:14:11:55 +0800] "GET /xingrg/all/function/internal_message.html?_=1671775932426&CODE_STATE=getMsg HTTP/1.1" 200 27
114.84.171.241 - - [23/Dec/2022:14:12:10 +0800] "GET /xingrg/all/function/internal_message.html?_=1671775944571&CODE_STATE=getMsg HTTP/1.1" 200 27
180.162.115.136 - - [23/Dec/2022:14:12:15 +0800] "GET /xingrg/javascript/auto/indicator.gif HTTP/1.1" 404 1066
180.162.115.136 - - [23/Dec/2022:14:12:20 +0800] "GET /xingrg/kc/buy/cgsh_order_operate.html?command=get_materiel&rest_code=00143&code=00101008108&supplier_code=00100161&order_time=2022-12-23 HTTP/1.1" 200 412
180.162.115.136 - - [23/Dec/2022:14:12:23 +0800] "GET /xingrg/all/function/internal_message.html?_=1671774960893&CODE_STATE=getMsg HTTP/1.1" 200 27
116.192.124.172 - - [23/Dec/2022:14:12:23 +0800] "GET /xingrg/all/function/internal_message.html?_=1671775985132&CODE_STATE=getMsg HTTP/1.1" 200 27
