114.84.38.109 - - [23/Dec/2022:09:41:47 +0800] "GET /xingrg/all/function/internal_message.html?_=1671759739979&CODE_STATE=getMsg HTTP/1.1" 200 27
180.163.28.143 - - [23/Dec/2022:09:41:56 +0800] "GET /xingrg/all/function/internal_message.html?_=1671759668590&CODE_STATE=getMsg HTTP/1.1" 302 -
116.237.77.129 - - [23/Dec/2022:09:41:56 +0800] "GET /xingrg/all/function/internal_message.html?_=1671759728589&CODE_STATE=getMsg HTTP/1.1" 200 27
180.163.28.143 - - [23/Dec/2022:09:41:56 +0800] "GET /xingrg/login.html HTTP/1.1" 200 7641
180.163.29.217 - - [23/Dec/2022:09:41:58 +0800] "GET /xingrg/check_reg.html?_=1671759668587 HTTP/1.1" 302 -
180.163.29.217 - - [23/Dec/2022:09:41:58 +0800] "GET /xingrg/login.html HTTP/1.1" 200 7641
114.84.38.109 - - [23/Dec/2022:09:42:34 +0800] "GET /xingrg/all/function/internal_message.html?_=1671759784424&CODE_STATE=getMsg HTTP/1.1" 302 -
116.238.139.35 - - [23/Dec/2022:09:42:37 +0800] "GET /xingrg/all/function/internal_message.html?_=1671759774452&CODE_STATE=getMsg HTTP/1.1" 200 27
114.84.38.109 - - [23/Dec/2022:09:42:47 +0800] "GET /xingrg/all/function/internal_message.html?_=1671759799993&CODE_STATE=getMsg HTTP/1.1" 200 27
120.253.135.82 - - [23/Dec/2022:09:42:54 +0800] "GET /xingrg/check_reg.html?_=1671759596301 HTTP/1.1" 200 22
116.237.77.129 - - [23/Dec/2022:09:42:56 +0800] "GET /xingrg/all/function/internal_message.html?_=1671759788580&CODE_STATE=getMsg HTTP/1.1" 200 27
114.84.38.109 - - [23/Dec/2022:09:43:14 +0800] "POST /xingrg/services/DataTransmitService HTTP/1.1" 200 524
114.84.38.109 - - [23/Dec/2022:09:43:16 +0800] "POST /xingrg/services/DataTransmitService HTTP/1.1" 200 2339
114.84.38.109 - - [23/Dec/2022:09:43:20 +0800] "GET /xingrg/check_reg.html?_=1671759830249 HTTP/1.1" 302 -
114.84.38.109 - - [23/Dec/2022:09:43:29 +0800] "POST /xingrg/services/DataTransmitService HTTP/1.1" 200 524
114.84.38.109 - - [23/Dec/2022:09:43:34 +0800] "GET /xingrg/all/function/internal_message.html?_=1671759844427&CODE_STATE=getMsg HTTP/1.1" 302 -
114.84.38.109 - - [23/Dec/2022:09:43:36 +0800] "POST /xingrg/services/DataTransmitService HTTP/1.1" 200 501
114.84.38.109 - - [23/Dec/2022:09:43:36 +0800] "POST /xingrg/services/DataTransmitService HTTP/1.1" 200 501
114.84.38.109 - - [23/Dec/2022:09:43:36 +0800] "POST /xingrg/services/DataTransmitService HTTP/1.1" 200 501
114.84.38.109 - - [23/Dec/2022:09:43:36 +0800] "POST /xingrg/services/DataTransmitService HTTP/1.1" 200 501
114.84.38.109 - - [23/Dec/2022:09:43:37 +0800] "POST /xingrg/services/DataTransmitService HTTP/1.1" 200 501
114.84.38.109 - - [23/Dec/2022:09:43:37 +0800] "POST /xingrg/services/DataTransmitService HTTP/1.1" 200 501
114.84.38.109 - - [23/Dec/2022:09:43:37 +0800] "POST /xingrg/services/DataTransmitService HTTP/1.1" 200 501
116.238.139.35 - - [23/Dec/2022:09:43:37 +0800] "GET /xingrg/all/function/internal_message.html?_=1671759834423&CODE_STATE=getMsg HTTP/1.1" 200 27
114.84.38.109 - - [23/Dec/2022:09:43:37 +0800] "POST /xingrg/services/DataTransmitService HTTP/1.1" 200 501
116.238.139.35 - - [23/Dec/2022:09:43:38 +0800] "GET /xingrg/check_reg.html?_=1671759834746 HTTP/1.1" 200 22
114.84.38.109 - - [23/Dec/2022:09:43:38 +0800] "POST /xingrg/services/DataTransmitService HTTP/1.1" 200 501
114.84.38.109 - - [23/Dec/2022:09:43:38 +0800] "POST /xingrg/services/DataTransmitService HTTP/1.1" 200 412
114.84.38.109 - - [23/Dec/2022:09:43:47 +0800] "GET /xingrg/all/function/internal_message.html?_=1671759860020&CODE_STATE=getMsg HTTP/1.1" 200 27
180.163.30.76 - - [23/Dec/2022:09:43:55 +0800] "GET /xingrg/all/function/internal_message.html?_=1671759788580&CODE_STATE=getMsg HTTP/1.1" 302 -
180.163.30.76 - - [23/Dec/2022:09:43:55 +0800] "GET /xingrg/login.html HTTP/1.1" 200 7641
116.237.77.129 - - [23/Dec/2022:09:43:56 +0800] "GET /xingrg/all/function/internal_message.html?_=1671759848581&CODE_STATE=getMsg HTTP/1.1" 200 27
114.84.38.109 - - [23/Dec/2022:09:44:34 +0800] "GET /xingrg/all/function/internal_message.html?_=1671759904451&CODE_STATE=getMsg HTTP/1.1" 302 -
116.238.139.35 - - [23/Dec/2022:09:44:37 +0800] "GET /xingrg/all/function/internal_message.html?_=1671759894404&CODE_STATE=getMsg HTTP/1.1" 200 27
114.84.38.109 - - [23/Dec/2022:09:44:47 +0800] "GET /xingrg/all/function/internal_message.html?_=1671759920039&CODE_STATE=getMsg HTTP/1.1" 200 27
180.163.29.234 - - [23/Dec/2022:09:44:56 +0800] "GET /xingrg/all/function/internal_message.html?_=1671759848581&CODE_STATE=getMsg HTTP/1.1" 302 -
116.237.77.129 - - [23/Dec/2022:09:44:56 +0800] "GET /xingrg/all/function/internal_message.html?_=1671759908581&CODE_STATE=getMsg HTTP/1.1" 200 27
180.163.29.234 - - [23/Dec/2022:09:44:59 +0800] "GET /xingrg/login.html HTTP/1.1" 200 7641
114.84.38.109 - - [23/Dec/2022:09:45:34 +0800] "GET /xingrg/all/function/internal_message.html?_=1671759964453&CODE_STATE=getMsg HTTP/1.1" 302 -
116.238.139.35 - - [23/Dec/2022:09:45:37 +0800] "GET /xingrg/all/function/internal_message.html?_=1671759954391&CODE_STATE=getMsg HTTP/1.1" 200 27
114.84.38.109 - - [23/Dec/2022:09:45:45 +0800] "GET /xingrg/check_reg.html?_=1671759978154 HTTP/1.1" 200 22
114.84.38.109 - - [23/Dec/2022:09:45:47 +0800] "GET /xingrg/all/function/internal_message.html?_=1671759980050&CODE_STATE=getMsg HTTP/1.1" 200 27
180.163.29.103 - - [23/Dec/2022:09:45:56 +0800] "GET /xingrg/all/function/internal_message.html?_=1671759908581&CODE_STATE=getMsg HTTP/1.1" 302 -
180.163.29.103 - - [23/Dec/2022:09:45:56 +0800] "GET /xingrg/login.html HTTP/1.1" 200 7641
116.237.77.129 - - [23/Dec/2022:09:45:56 +0800] "GET /xingrg/all/function/internal_message.html?_=1671759968574&CODE_STATE=getMsg HTTP/1.1" 200 27
116.237.77.129 - - [23/Dec/2022:09:45:56 +0800] "GET /xingrg/check_reg.html?_=1671759968577 HTTP/1.1" 200 22
114.84.38.109 - - [23/Dec/2022:09:46:34 +0800] "GET /xingrg/all/function/internal_message.html?_=1671760024476&CODE_STATE=getMsg HTTP/1.1" 302 -
58.221.95.50 - - [23/Dec/2022:09:46:37 +0800] "GET /xingrg/check_reg.html?_=1671760012624 HTTP/1.1" 302 -
116.238.139.35 - - [23/Dec/2022:09:46:37 +0800] "GET /xingrg/all/function/internal_message.html?_=1671760014362&CODE_STATE=getMsg HTTP/1.1" 200 27
114.84.38.109 - - [23/Dec/2022:09:46:47 +0800] "GET /xingrg/all/function/internal_message.html?_=1671760040065&CODE_STATE=getMsg HTTP/1.1" 200 27
180.163.29.206 - - [23/Dec/2022:09:46:55 +0800] "GET /xingrg/all/function/internal_message.html?_=1671759968574&CODE_STATE=getMsg HTTP/1.1" 302 -
180.163.29.206 - - [23/Dec/2022:09:46:55 +0800] "GET /xingrg/login.html HTTP/1.1" 200 7641
116.237.77.129 - - [23/Dec/2022:09:46:56 +0800] "GET /xingrg/all/function/internal_message.html?_=1671760028577&CODE_STATE=getMsg HTTP/1.1" 200 27
180.163.28.114 - - [23/Dec/2022:09:46:56 +0800] "GET /xingrg/check_reg.html?_=1671759968577 HTTP/1.1" 302 -
180.163.28.114 - - [23/Dec/2022:09:46:56 +0800] "GET /xingrg/login.html HTTP/1.1" 200 7641
114.84.38.109 - - [23/Dec/2022:09:47:34 +0800] "GET /xingrg/all/function/internal_message.html?_=1671760084480&CODE_STATE=getMsg HTTP/1.1" 302 -
116.238.139.35 - - [23/Dec/2022:09:47:37 +0800] "GET /xingrg/all/function/internal_message.html?_=1671760074333&CODE_STATE=getMsg HTTP/1.1" 200 27
114.84.38.109 - - [23/Dec/2022:09:47:47 +0800] "GET /xingrg/all/function/internal_message.html?_=1671760100076&CODE_STATE=getMsg HTTP/1.1" 200 27
222.70.177.10 - - [23/Dec/2022:09:47:52 +0800] "GET /favicon.ico HTTP/1.1" 404 -
120.253.135.82 - - [23/Dec/2022:09:47:54 +0800] "GET /xingrg/check_reg.html?_=1671759896496 HTTP/1.1" 200 22
180.163.28.55 - - [23/Dec/2022:09:47:56 +0800] "GET /xingrg/all/function/internal_message.html?_=1671760028577&CODE_STATE=getMsg HTTP/1.1" 302 -
180.163.28.55 - - [23/Dec/2022:09:47:56 +0800] "GET /xingrg/login.html HTTP/1.1" 200 7641
116.237.77.129 - - [23/Dec/2022:09:47:56 +0800] "GET /xingrg/all/function/internal_message.html?_=1671760088576&CODE_STATE=getMsg HTTP/1.1" 200 27
114.84.38.109 - - [23/Dec/2022:09:48:20 +0800] "GET /xingrg/check_reg.html?_=1671760130263 HTTP/1.1" 302 -
114.84.38.109 - - [23/Dec/2022:09:48:34 +0800] "GET /xingrg/all/function/internal_message.html?_=1671760144503&CODE_STATE=getMsg HTTP/1.1" 302 -
116.238.139.35 - - [23/Dec/2022:09:48:37 +0800] "GET /xingrg/all/function/internal_message.html?_=1671760134317&CODE_STATE=getMsg HTTP/1.1" 200 27
116.238.139.35 - - [23/Dec/2022:09:48:38 +0800] "GET /xingrg/check_reg.html?_=1671760134758 HTTP/1.1" 200 22
114.84.38.109 - - [23/Dec/2022:09:48:47 +0800] "GET /xingrg/all/function/internal_message.html?_=1671760160103&CODE_STATE=getMsg HTTP/1.1" 200 27
180.163.30.100 - - [23/Dec/2022:09:48:56 +0800] "GET /xingrg/all/function/internal_message.html?_=1671760088576&CODE_STATE=getMsg HTTP/1.1" 302 -
180.163.30.100 - - [23/Dec/2022:09:48:56 +0800] "GET /xingrg/login.html HTTP/1.1" 200 7641
116.237.77.129 - - [23/Dec/2022:09:48:56 +0800] "GET /xingrg/all/function/internal_message.html?_=1671760148586&CODE_STATE=getMsg HTTP/1.1" 200 27
114.84.38.109 - - [23/Dec/2022:09:49:02 +0800] "GET /xingrg/kc/buy/cgsh_order_list.html HTTP/1.1" 200 54084
114.84.38.109 - - [23/Dec/2022:09:49:04 +0800] "POST /xingrg/kc/buy/cgsh_list_operate.html HTTP/1.1" 200 4028
114.84.38.109 - - [23/Dec/2022:09:49:19 +0800] "POST /xingrg/kc/buy/cgsh_list_operate.html HTTP/1.1" 200 565
114.84.38.109 - - [23/Dec/2022:09:49:21 +0800] "POST /xingrg/kc/buy/cgsh_list_operate.html HTTP/1.1" 200 199
114.84.38.109 - - [23/Dec/2022:09:49:26 +0800] "POST /xingrg/kc/buy/cgsh_list_operate.html HTTP/1.1" 200 198
114.84.38.109 - - [23/Dec/2022:09:49:28 +0800] "POST /xingrg/kc/buy/cgsh_list_operate.html HTTP/1.1" 200 205
114.84.38.109 - - [23/Dec/2022:09:49:34 +0800] "GET /xingrg/all/function/internal_message.html?_=1671760204507&CODE_STATE=getMsg HTTP/1.1" 302 -
116.238.139.35 - - [23/Dec/2022:09:49:37 +0800] "GET /xingrg/all/function/internal_message.html?_=1671760194291&CODE_STATE=getMsg HTTP/1.1" 200 27
114.84.38.109 - - [23/Dec/2022:09:49:47 +0800] "GET /xingrg/all/function/internal_message.html?_=1671760220112&CODE_STATE=getMsg HTTP/1.1" 200 27
114.84.38.109 - - [23/Dec/2022:09:49:51 +0800] "POST /xingrg/kc/buy/cgsh_list_operate.html HTTP/1.1" 200 4
180.163.29.217 - - [23/Dec/2022:09:49:56 +0800] "GET /xingrg/all/function/internal_message.html?_=1671760148586&CODE_STATE=getMsg HTTP/1.1" 302 -
180.163.29.217 - - [23/Dec/2022:09:49:56 +0800] "GET /xingrg/login.html HTTP/1.1" 200 7641
116.237.77.129 - - [23/Dec/2022:09:49:56 +0800] "GET /xingrg/all/function/internal_message.html?_=1671760208573&CODE_STATE=getMsg HTTP/1.1" 200 27
114.84.38.109 - - [23/Dec/2022:09:50:08 +0800] "POST /xingrg/kc/buy/cgsh_list_operate.html HTTP/1.1" 200 986
114.84.38.109 - - [23/Dec/2022:09:50:34 +0800] "GET /xingrg/all/function/internal_message.html?_=1671760264532&CODE_STATE=getMsg HTTP/1.1" 302 -
116.238.139.35 - - [23/Dec/2022:09:50:37 +0800] "GET /xingrg/all/function/internal_message.html?_=1671760254261&CODE_STATE=getMsg HTTP/1.1" 200 27
114.84.38.109 - - [23/Dec/2022:09:50:45 +0800] "GET /xingrg/check_reg.html?_=1671760278164 HTTP/1.1" 200 22
114.84.38.109 - - [23/Dec/2022:09:50:47 +0800] "GET /xingrg/all/function/internal_message.html?_=1671760280117&CODE_STATE=getMsg HTTP/1.1" 200 27
180.163.29.212 - - [23/Dec/2022:09:50:55 +0800] "GET /xingrg/all/function/internal_message.html?_=1671760208573&CODE_STATE=getMsg HTTP/1.1" 302 -
180.163.29.212 - - [23/Dec/2022:09:50:56 +0800] "GET /xingrg/login.html HTTP/1.1" 200 7641
116.237.77.129 - - [23/Dec/2022:09:50:56 +0800] "GET /xingrg/check_reg.html?_=1671760268589 HTTP/1.1" 200 22
116.237.77.129 - - [23/Dec/2022:09:50:56 +0800] "GET /xingrg/all/function/internal_message.html?_=1671760268587&CODE_STATE=getMsg HTTP/1.1" 200 27
114.84.38.109 - - [23/Dec/2022:09:51:26 +0800] "GET /xingrg/kc/mdqp/pssh_order_list.html HTTP/1.1" 200 17847
114.84.38.109 - - [23/Dec/2022:09:51:26 +0800] "POST /xingrg/kc/mdqp/pssh_list_operate.html HTTP/1.1" 200 5445
114.84.38.109 - - [23/Dec/2022:09:51:28 +0800] "POST /xingrg/kc/mdqp/pssh_list_operate.html HTTP/1.1" 200 695
114.84.38.109 - - [23/Dec/2022:09:51:29 +0800] "GET /xingrg/javascript/jquery_tools/jquery-1.4.2.min.js HTTP/1.1" 404 1094
114.84.38.109 - - [23/Dec/2022:09:51:29 +0800] "GET /xingrg/kc/mdqp/pssh_order_info.html?code=312022121700392 HTTP/1.1" 200 17282
114.84.38.109 - - [23/Dec/2022:09:51:29 +0800] "POST /xingrg/kc/mdqp/pssh_order_operate.html HTTP/1.1" 200 2636
114.84.38.109 - - [23/Dec/2022:09:51:29 +0800] "GET /xingrg/all/common/auto_word.html?type=base&rest_code=00146&rest_code=00146 HTTP/1.1" 200 1799
114.84.38.109 - - [23/Dec/2022:09:51:29 +0800] "GET /xingrg/javascript/easyui/themes/default/validatebox.css HTTP/1.1" 404 1104
114.84.38.109 - - [23/Dec/2022:09:51:34 +0800] "GET /xingrg/all/function/internal_message.html?_=1671760324534&CODE_STATE=getMsg HTTP/1.1" 302 -
58.221.95.50 - - [23/Dec/2022:09:51:37 +0800] "GET /xingrg/check_reg.html?_=1671760312603 HTTP/1.1" 302 -
116.238.139.35 - - [23/Dec/2022:09:51:37 +0800] "GET /xingrg/all/function/internal_message.html?_=1671760314254&CODE_STATE=getMsg HTTP/1.1" 200 27
114.84.38.109 - - [23/Dec/2022:09:51:47 +0800] "GET /xingrg/all/function/internal_message.html?_=1671760340132&CODE_STATE=getMsg HTTP/1.1" 200 27
180.163.29.79 - - [23/Dec/2022:09:51:56 +0800] "GET /xingrg/check_reg.html?_=1671760268589 HTTP/1.1" 302 -
180.163.29.79 - - [23/Dec/2022:09:51:56 +0800] "GET /xingrg/login.html HTTP/1.1" 200 7641
116.237.77.129 - - [23/Dec/2022:09:51:56 +0800] "GET /xingrg/all/function/internal_message.html?_=1671760328572&CODE_STATE=getMsg HTTP/1.1" 200 27
180.163.30.76 - - [23/Dec/2022:09:51:56 +0800] "GET /xingrg/all/function/internal_message.html?_=1671760268587&CODE_STATE=getMsg HTTP/1.1" 302 -
180.163.30.76 - - [23/Dec/2022:09:51:56 +0800] "GET /xingrg/login.html HTTP/1.1" 200 7641
114.84.38.109 - - [23/Dec/2022:09:51:57 +0800] "POST /xingrg/all/common/load_combo.html?type=employee HTTP/1.1" 200 186
114.84.38.109 - - [23/Dec/2022:09:52:13 +0800] "POST /xingrg/kc/mdqp/pssh_order_operate.html HTTP/1.1" 200 37
114.84.38.109 - - [23/Dec/2022:09:52:13 +0800] "POST /xingrg/kc/mdqp/pssh_order_operate.html HTTP/1.1" 200 12
114.84.38.109 - - [23/Dec/2022:09:52:17 +0800] "GET /xingrg/kc/mdqp/pssh_order_info.html?code=312022121700392 HTTP/1.1" 200 14402
114.84.38.109 - - [23/Dec/2022:09:52:17 +0800] "GET /xingrg/javascript/jquery_tools/jquery-1.4.2.min.js HTTP/1.1" 404 1094
114.84.38.109 - - [23/Dec/2022:09:52:17 +0800] "POST /xingrg/kc/mdqp/pssh_order_operate.html HTTP/1.1" 200 2636
114.84.38.109 - - [23/Dec/2022:09:52:17 +0800] "GET /xingrg/javascript/easyui/themes/default/validatebox.css HTTP/1.1" 404 1104
114.84.38.109 - - [23/Dec/2022:09:52:20 +0800] "GET /xingrg/kc/print/load_config.html?kc_code=pssh HTTP/1.1" 200 2291
114.84.38.109 - - [23/Dec/2022:09:52:20 +0800] "GET /xingrg/kc/print/load_data.html?order_code=312022121700392&kc_code=pssh&condition= HTTP/1.1" 200 1427
101.80.228.88 - - [23/Dec/2022:09:52:22 +0800] "GET /favicon.ico HTTP/1.1" 404 -
114.84.38.109 - - [23/Dec/2022:09:52:33 +0800] "POST /xingrg/kc/mdqp/pssh_list_operate.html HTTP/1.1" 200 364
114.84.38.109 - - [23/Dec/2022:09:52:34 +0800] "GET /xingrg/kc/mdqp/pssh_order_info.html?code=312022122100422 HTTP/1.1" 200 17303
114.84.38.109 - - [23/Dec/2022:09:52:34 +0800] "GET /xingrg/javascript/jquery_tools/jquery-1.4.2.min.js HTTP/1.1" 404 1094
114.84.38.109 - - [23/Dec/2022:09:52:34 +0800] "POST /xingrg/kc/mdqp/pssh_order_operate.html HTTP/1.1" 200 1052
114.84.38.109 - - [23/Dec/2022:09:52:34 +0800] "GET /xingrg/javascript/easyui/themes/default/validatebox.css HTTP/1.1" 404 1104
114.84.38.109 - - [23/Dec/2022:09:52:34 +0800] "GET /xingrg/all/function/internal_message.html?_=1671760384561&CODE_STATE=getMsg HTTP/1.1" 302 -
116.238.139.35 - - [23/Dec/2022:09:52:37 +0800] "GET /xingrg/all/function/internal_message.html?_=1671760374227&CODE_STATE=getMsg HTTP/1.1" 200 27
114.84.38.109 - - [23/Dec/2022:09:52:47 +0800] "GET /xingrg/all/function/internal_message.html?_=1671760400145&CODE_STATE=getMsg HTTP/1.1" 200 27
114.84.38.109 - - [23/Dec/2022:09:52:50 +0800] "POST /xingrg/all/common/load_combo.html?type=employee HTTP/1.1" 200 186
120.253.135.82 - - [23/Dec/2022:09:52:54 +0800] "GET /xingrg/check_reg.html?_=1671760196503 HTTP/1.1" 200 22
180.163.29.206 - - [23/Dec/2022:09:52:55 +0800] "GET /xingrg/all/function/internal_message.html?_=1671760328572&CODE_STATE=getMsg HTTP/1.1" 302 -
180.163.29.206 - - [23/Dec/2022:09:52:55 +0800] "GET /xingrg/login.html HTTP/1.1" 200 7641
116.237.77.129 - - [23/Dec/2022:09:52:56 +0800] "GET /xingrg/all/function/internal_message.html?_=1671760388588&CODE_STATE=getMsg HTTP/1.1" 200 27
114.84.38.109 - - [23/Dec/2022:09:53:00 +0800] "POST /xingrg/kc/mdqp/pssh_order_operate.html HTTP/1.1" 200 37
114.84.38.109 - - [23/Dec/2022:09:53:00 +0800] "POST /xingrg/kc/mdqp/pssh_order_operate.html HTTP/1.1" 200 12
114.84.38.109 - - [23/Dec/2022:09:53:01 +0800] "GET /xingrg/kc/mdqp/pssh_order_info.html?code=312022122100422 HTTP/1.1" 200 14392
114.84.38.109 - - [23/Dec/2022:09:53:01 +0800] "GET /xingrg/javascript/jquery_tools/jquery-1.4.2.min.js HTTP/1.1" 404 1094
114.84.38.109 - - [23/Dec/2022:09:53:02 +0800] "POST /xingrg/kc/mdqp/pssh_order_operate.html HTTP/1.1" 200 1052
114.84.38.109 - - [23/Dec/2022:09:53:02 +0800] "GET /xingrg/javascript/easyui/themes/default/validatebox.css HTTP/1.1" 404 1104
114.84.38.109 - - [23/Dec/2022:09:53:04 +0800] "GET /xingrg/kc/print/load_data.html?order_code=312022122100422&kc_code=pssh&condition= HTTP/1.1" 200 838
116.232.32.127 - - [23/Dec/2022:09:53:10 +0800] "GET /favicon.ico HTTP/1.1" 404 -
114.84.38.109 - - [23/Dec/2022:09:53:20 +0800] "GET /xingrg/check_reg.html?_=1671760430261 HTTP/1.1" 302 -
114.84.38.109 - - [23/Dec/2022:09:53:34 +0800] "GET /xingrg/all/function/internal_message.html?_=1671760444561&CODE_STATE=getMsg HTTP/1.1" 302 -
116.238.139.35 - - [23/Dec/2022:09:53:37 +0800] "GET /xingrg/all/function/internal_message.html?_=1671760434198&CODE_STATE=getMsg HTTP/1.1" 200 27
116.238.139.35 - - [23/Dec/2022:09:53:38 +0800] "GET /xingrg/check_reg.html?_=1671760434765 HTTP/1.1" 200 22
114.84.38.109 - - [23/Dec/2022:09:53:47 +0800] "GET /xingrg/all/function/internal_message.html?_=1671760460158&CODE_STATE=getMsg HTTP/1.1" 200 27
116.237.77.129 - - [23/Dec/2022:09:53:56 +0800] "GET /xingrg/all/function/internal_message.html?_=1671760448587&CODE_STATE=getMsg HTTP/1.1" 200 27
114.84.38.109 - - [23/Dec/2022:09:54:34 +0800] "GET /xingrg/all/function/internal_message.html?_=1671760504585&CODE_STATE=getMsg HTTP/1.1" 302 -
116.238.139.35 - - [23/Dec/2022:09:54:37 +0800] "GET /xingrg/all/function/internal_message.html?_=1671760494172&CODE_STATE=getMsg HTTP/1.1" 200 27
114.84.38.109 - - [23/Dec/2022:09:54:47 +0800] "GET /xingrg/all/function/internal_message.html?_=1671760520187&CODE_STATE=getMsg HTTP/1.1" 200 27
180.163.30.100 - - [23/Dec/2022:09:54:56 +0800] "GET /xingrg/all/function/internal_message.html?_=1671760448587&CODE_STATE=getMsg HTTP/1.1" 302 -
180.163.30.100 - - [23/Dec/2022:09:54:56 +0800] "GET /xingrg/login.html HTTP/1.1" 200 7641
116.237.77.129 - - [23/Dec/2022:09:54:56 +0800] "GET /xingrg/all/function/internal_message.html?_=1671760508610&CODE_STATE=getMsg HTTP/1.1" 200 27
116.232.32.127 - - [23/Dec/2022:09:55:15 +0800] "POST /xingrg/services/DataTransmitService HTTP/1.1" 200 524
114.84.38.109 - - [23/Dec/2022:09:55:34 +0800] "GET /xingrg/all/function/internal_message.html?_=1671760564589&CODE_STATE=getMsg HTTP/1.1" 302 -
116.238.139.35 - - [23/Dec/2022:09:55:37 +0800] "GET /xingrg/all/function/internal_message.html?_=1671760554145&CODE_STATE=getMsg HTTP/1.1" 200 27
114.84.38.109 - - [23/Dec/2022:09:55:45 +0800] "GET /xingrg/check_reg.html?_=1671760578159 HTTP/1.1" 200 22
114.84.38.109 - - [23/Dec/2022:09:55:47 +0800] "GET /xingrg/all/function/internal_message.html?_=1671760580213&CODE_STATE=getMsg HTTP/1.1" 200 27
116.237.77.129 - - [23/Dec/2022:09:55:56 +0800] "GET /xingrg/check_reg.html?_=1671760568611 HTTP/1.1" 200 22
116.237.77.129 - - [23/Dec/2022:09:55:56 +0800] "GET /xingrg/all/function/internal_message.html?_=1671760568609&CODE_STATE=getMsg HTTP/1.1" 200 27
114.84.38.109 - - [23/Dec/2022:09:56:34 +0800] "GET /xingrg/all/function/internal_message.html?_=1671760624614&CODE_STATE=getMsg HTTP/1.1" 302 -
116.238.139.35 - - [23/Dec/2022:09:56:37 +0800] "GET /xingrg/all/function/internal_message.html?_=1671760614117&CODE_STATE=getMsg HTTP/1.1" 200 27
58.221.95.50 - - [23/Dec/2022:09:56:37 +0800] "GET /xingrg/check_reg.html?_=1671760612593 HTTP/1.1" 302 -
114.84.38.109 - - [23/Dec/2022:09:56:47 +0800] "GET /xingrg/all/function/internal_message.html?_=1671760640214&CODE_STATE=getMsg HTTP/1.1" 200 27
180.163.29.234 - - [23/Dec/2022:09:56:55 +0800] "GET /xingrg/all/function/internal_message.html?_=1671760568609&CODE_STATE=getMsg HTTP/1.1" 302 -
180.163.29.234 - - [23/Dec/2022:09:56:56 +0800] "GET /xingrg/login.html HTTP/1.1" 200 7641
116.237.77.129 - - [23/Dec/2022:09:56:56 +0800] "GET /xingrg/all/function/internal_message.html?_=1671760628603&CODE_STATE=getMsg HTTP/1.1" 200 27
114.84.38.109 - - [23/Dec/2022:09:57:34 +0800] "GET /xingrg/all/function/internal_message.html?_=1671760684616&CODE_STATE=getMsg HTTP/1.1" 302 -
116.238.139.35 - - [23/Dec/2022:09:57:35 +0800] "GET /xingrg/kc/mdqp/pssh_order_list.html HTTP/1.1" 200 17440
116.238.139.35 - - [23/Dec/2022:09:57:36 +0800] "POST /xingrg/kc/mdqp/pssh_list_operate.html HTTP/1.1" 200 5476
116.238.139.35 - - [23/Dec/2022:09:57:37 +0800] "POST /xingrg/kc/mdqp/pssh_list_operate.html HTTP/1.1" 200 271
116.238.139.35 - - [23/Dec/2022:09:57:37 +0800] "GET /xingrg/all/function/internal_message.html?_=1671760674088&CODE_STATE=getMsg HTTP/1.1" 200 27
116.238.139.35 - - [23/Dec/2022:09:57:40 +0800] "GET /xingrg/javascript/jquery_tools/jquery-1.4.2.min.js HTTP/1.1" 404 1094
116.238.139.35 - - [23/Dec/2022:09:57:40 +0800] "GET /xingrg/kc/mdqp/pssh_order_info.html?code=312022122300432 HTTP/1.1" 200 17276
116.238.139.35 - - [23/Dec/2022:09:57:40 +0800] "GET /xingrg/all/common/auto_word.html?type=base&rest_code=00151&rest_code=00151 HTTP/1.1" 200 1315
116.238.139.35 - - [23/Dec/2022:09:57:40 +0800] "GET /xingrg/javascript/easyui/themes/default/validatebox.css HTTP/1.1" 404 1104
116.238.139.35 - - [23/Dec/2022:09:57:40 +0800] "POST /xingrg/kc/mdqp/pssh_order_operate.html HTTP/1.1" 200 547
116.238.139.35 - - [23/Dec/2022:09:57:41 +0800] "GET /xingrg/all/common/auto_word.html?type=employee&rest_code=00151 HTTP/1.1" 200 293
114.84.38.109 - - [23/Dec/2022:09:57:47 +0800] "GET /xingrg/all/function/internal_message.html?_=1671760700228&CODE_STATE=getMsg HTTP/1.1" 200 27
116.238.139.35 - - [23/Dec/2022:09:57:48 +0800] "GET /xingrg/javascript/auto/indicator.gif HTTP/1.1" 404 1066
116.238.139.35 - - [23/Dec/2022:09:57:51 +0800] "POST /xingrg/all/common/load_combo.html?type=employee HTTP/1.1" 200 532
116.238.139.35 - - [23/Dec/2022:09:57:54 +0800] "POST /xingrg/kc/mdqp/pssh_order_operate.html HTTP/1.1" 200 37
116.238.139.35 - - [23/Dec/2022:09:57:55 +0800] "POST /xingrg/kc/mdqp/pssh_order_operate.html HTTP/1.1" 200 12
180.163.30.100 - - [23/Dec/2022:09:57:55 +0800] "GET /xingrg/all/function/internal_message.html?_=1671760628603&CODE_STATE=getMsg HTTP/1.1" 302 -
180.163.30.100 - - [23/Dec/2022:09:57:56 +0800] "GET /xingrg/login.html HTTP/1.1" 200 7641
116.238.139.35 - - [23/Dec/2022:09:57:56 +0800] "GET /xingrg/kc/mdqp/pssh_order_info.html?code=312022122300432 HTTP/1.1" 200 14398
116.237.77.129 - - [23/Dec/2022:09:57:56 +0800] "GET /xingrg/all/function/internal_message.html?_=1671760688603&CODE_STATE=getMsg HTTP/1.1" 200 27
116.238.139.35 - - [23/Dec/2022:09:57:56 +0800] "GET /xingrg/javascript/jquery_tools/jquery-1.4.2.min.js HTTP/1.1" 404 1094
116.238.139.35 - - [23/Dec/2022:09:57:56 +0800] "POST /xingrg/kc/mdqp/pssh_order_operate.html HTTP/1.1" 200 547
116.238.139.35 - - [23/Dec/2022:09:57:56 +0800] "GET /xingrg/javascript/easyui/themes/default/validatebox.css HTTP/1.1" 404 1104
116.238.139.35 - - [23/Dec/2022:09:57:58 +0800] "GET /xingrg/kc/print/load_config.html?kc_code=pssh HTTP/1.1" 200 2291
116.238.139.35 - - [23/Dec/2022:09:57:58 +0800] "GET /xingrg/kc/print/load_data.html?order_code=312022122300432&kc_code=pssh&condition= HTTP/1.1" 200 701
116.238.139.35 - - [23/Dec/2022:09:58:03 +0800] "GET /xingrg/kc/mdqp/pssh_order_list.html?isBack=1 HTTP/1.1" 200 17440
116.238.139.35 - - [23/Dec/2022:09:58:04 +0800] "POST /xingrg/kc/mdqp/pssh_list_operate.html HTTP/1.1" 200 5516
116.238.139.35 - - [23/Dec/2022:09:58:10 +0800] "GET /xingrg/kc/base/yddb_order_list.html HTTP/1.1" 200 16711
116.238.139.35 - - [23/Dec/2022:09:58:10 +0800] "POST /xingrg/kc/base/yddb_list_operate.html HTTP/1.1" 200 636
116.238.139.35 - - [23/Dec/2022:09:58:12 +0800] "GET /xingrg/kc/base/yddb_order_add.html HTTP/1.1" 200 29953
116.238.139.35 - - [23/Dec/2022:09:58:12 +0800] "GET /xingrg/dwr/interface/AjaxYddbService.js HTTP/1.1" 200 13201
116.238.139.35 - - [23/Dec/2022:09:58:12 +0800] "GET /xingrg/dwr/engine.js HTTP/1.1" 200 43631
116.238.139.35 - - [23/Dec/2022:09:58:12 +0800] "GET /xingrg/dwr/interface/AjaxComOrderService.js HTTP/1.1" 200 18264
116.238.139.35 - - [23/Dec/2022:09:58:14 +0800] "POST /xingrg/dwr/call/plaincall/AjaxYddbService.getRestBases.dwr HTTP/1.1" 200 1616
114.84.38.109 - - [23/Dec/2022:09:58:20 +0800] "GET /xingrg/check_reg.html?_=1671760730274 HTTP/1.1" 302 -
116.238.139.35 - - [23/Dec/2022:09:58:21 +0800] "POST /xingrg/dwr/call/plaincall/AjaxYddbService.saveOrder.dwr HTTP/1.1" 200 78
114.84.38.109 - - [23/Dec/2022:09:58:34 +0800] "GET /xingrg/all/function/internal_message.html?_=1671760744636&CODE_STATE=getMsg HTTP/1.1" 302 -
116.238.139.35 - - [23/Dec/2022:09:58:37 +0800] "GET /xingrg/all/function/internal_message.html?_=1671760734073&CODE_STATE=getMsg HTTP/1.1" 200 27
116.238.139.35 - - [23/Dec/2022:09:58:38 +0800] "GET /xingrg/check_reg.html?_=1671760734773 HTTP/1.1" 200 22
116.238.139.35 - - [23/Dec/2022:09:58:47 +0800] "POST /xingrg/dwr/call/plaincall/AjaxComOrderService.getMaterielSearchList.dwr HTTP/1.1" 200 30483
116.238.139.35 - - [23/Dec/2022:09:58:47 +0800] "POST /xingrg/dwr/call/plaincall/AjaxComOrderService.getMaterielSearchList.dwr HTTP/1.1" 200 539390
114.84.38.109 - - [23/Dec/2022:09:58:47 +0800] "GET /xingrg/all/function/internal_message.html?_=1671760760253&CODE_STATE=getMsg HTTP/1.1" 200 27
116.238.139.35 - - [23/Dec/2022:09:58:48 +0800] "POST /xingrg/dwr/call/plaincall/AjaxComOrderService.getMaterielSearchList.dwr HTTP/1.1" 200 5289
116.238.139.35 - - [23/Dec/2022:09:58:49 +0800] "POST /xingrg/dwr/call/plaincall/AjaxYddbService.getMaterielByMap.dwr HTTP/1.1" 200 2373
116.238.139.35 - - [23/Dec/2022:09:58:51 +0800] "POST /xingrg/dwr/call/plaincall/AjaxYddbService.saveMaterielItem.dwr HTTP/1.1" 200 78
180.163.29.206 - - [23/Dec/2022:09:58:56 +0800] "GET /xingrg/all/function/internal_message.html?_=1671760688603&CODE_STATE=getMsg HTTP/1.1" 302 -
180.163.29.206 - - [23/Dec/2022:09:58:56 +0800] "GET /xingrg/login.html HTTP/1.1" 200 7641
116.237.77.129 - - [23/Dec/2022:09:58:56 +0800] "GET /xingrg/all/function/internal_message.html?_=1671760748603&CODE_STATE=getMsg HTTP/1.1" 200 27
116.238.139.35 - - [23/Dec/2022:09:58:57 +0800] "POST /xingrg/dwr/call/plaincall/AjaxComOrderService.getMaterielSearchList.dwr HTTP/1.1" 200 6304
116.238.139.35 - - [23/Dec/2022:09:58:58 +0800] "POST /xingrg/dwr/call/plaincall/AjaxComOrderService.getMaterielSearchList.dwr HTTP/1.1" 200 541684
116.238.139.35 - - [23/Dec/2022:09:58:58 +0800] "POST /xingrg/dwr/call/plaincall/AjaxComOrderService.getMaterielSearchList.dwr HTTP/1.1" 200 1067
116.238.139.35 - - [23/Dec/2022:09:59:03 +0800] "POST /xingrg/dwr/call/plaincall/AjaxComOrderService.getMaterielSearchList.dwr HTTP/1.1" 200 17682
116.238.139.35 - - [23/Dec/2022:09:59:04 +0800] "POST /xingrg/dwr/call/plaincall/AjaxComOrderService.getMaterielSearchList.dwr HTTP/1.1" 200 684
116.238.139.35 - - [23/Dec/2022:09:59:04 +0800] "POST /xingrg/dwr/call/plaincall/AjaxComOrderService.getMaterielSearchList.dwr HTTP/1.1" 200 283
116.238.139.35 - - [23/Dec/2022:09:59:06 +0800] "POST /xingrg/dwr/call/plaincall/AjaxYddbService.getMaterielByMap.dwr HTTP/1.1" 200 2289
116.238.139.35 - - [23/Dec/2022:09:59:07 +0800] "POST /xingrg/dwr/call/plaincall/AjaxYddbService.saveMaterielItem.dwr HTTP/1.1" 200 79
116.238.139.35 - - [23/Dec/2022:09:59:11 +0800] "POST /xingrg/dwr/call/plaincall/AjaxComOrderService.getMaterielSearchList.dwr HTTP/1.1" 200 6305
116.238.139.35 - - [23/Dec/2022:09:59:12 +0800] "POST /xingrg/dwr/call/plaincall/AjaxComOrderService.getMaterielSearchList.dwr HTTP/1.1" 200 541685
116.238.139.35 - - [23/Dec/2022:09:59:12 +0800] "POST /xingrg/dwr/call/plaincall/AjaxComOrderService.getMaterielSearchList.dwr HTTP/1.1" 200 567
116.238.139.35 - - [23/Dec/2022:09:59:14 +0800] "POST /xingrg/dwr/call/plaincall/AjaxYddbService.getMaterielByMap.dwr HTTP/1.1" 200 2295
116.238.139.35 - - [23/Dec/2022:09:59:17 +0800] "POST /xingrg/dwr/call/plaincall/AjaxYddbService.saveMaterielItem.dwr HTTP/1.1" 200 79
116.238.139.35 - - [23/Dec/2022:09:59:22 +0800] "POST /xingrg/dwr/call/plaincall/AjaxComOrderService.getMaterielSearchList.dwr HTTP/1.1" 200 30484
116.238.139.35 - - [23/Dec/2022:09:59:22 +0800] "POST /xingrg/dwr/call/plaincall/AjaxComOrderService.getMaterielSearchList.dwr HTTP/1.1" 200 2007
116.238.139.35 - - [23/Dec/2022:09:59:25 +0800] "POST /xingrg/dwr/call/plaincall/AjaxYddbService.getMaterielByMap.dwr HTTP/1.1" 200 2295
116.238.139.35 - - [23/Dec/2022:09:59:28 +0800] "POST /xingrg/dwr/call/plaincall/AjaxYddbService.saveMaterielItem.dwr HTTP/1.1" 200 79
114.84.38.109 - - [23/Dec/2022:09:59:34 +0800] "GET /xingrg/all/function/internal_message.html?_=1671760804643&CODE_STATE=getMsg HTTP/1.1" 302 -
116.238.139.35 - - [23/Dec/2022:09:59:35 +0800] "POST /xingrg/dwr/call/plaincall/AjaxYddbService.checkOrder.dwr HTTP/1.1" 200 79
116.238.139.35 - - [23/Dec/2022:09:59:37 +0800] "GET /xingrg/all/function/internal_message.html?_=1671760794046&CODE_STATE=getMsg HTTP/1.1" 200 27
116.238.139.35 - - [23/Dec/2022:09:59:37 +0800] "GET /xingrg/dwr/interface/AjaxComOrderService.js HTTP/1.1" 200 18264
116.238.139.35 - - [23/Dec/2022:09:59:37 +0800] "GET /xingrg/kc/base/yddb_order_info.html?code=482022122300106 HTTP/1.1" 200 31266
116.238.139.35 - - [23/Dec/2022:09:59:40 +0800] "GET /xingrg/dwr/interface/AjaxYddbService.js HTTP/1.1" 200 13201
116.238.139.35 - - [23/Dec/2022:09:59:40 +0800] "GET /xingrg/dwr/engine.js HTTP/1.1" 200 43631
116.238.139.35 - - [23/Dec/2022:09:59:40 +0800] "POST /xingrg/dwr/call/plaincall/AjaxYddbService.loadMaterielItems.dwr HTTP/1.1" 200 1433
114.84.38.109 - - [23/Dec/2022:09:59:47 +0800] "GET /xingrg/all/function/internal_message.html?_=1671760820255&CODE_STATE=getMsg HTTP/1.1" 200 27
116.238.139.35 - - [23/Dec/2022:09:59:53 +0800] "POST /xingrg/dwr/call/plaincall/AjaxYddbService.saveOrder.dwr HTTP/1.1" 200 78
116.237.77.129 - - [23/Dec/2022:09:59:56 +0800] "GET /xingrg/all/function/internal_message.html?_=1671760808609&CODE_STATE=getMsg HTTP/1.1" 200 27
180.163.30.100 - - [23/Dec/2022:09:59:56 +0800] "GET /xingrg/all/function/internal_message.html?_=1671760748603&CODE_STATE=getMsg HTTP/1.1" 302 -
180.163.30.100 - - [23/Dec/2022:09:59:56 +0800] "GET /xingrg/login.html HTTP/1.1" 200 7641
116.238.139.35 - - [23/Dec/2022:09:59:56 +0800] "POST /xingrg/dwr/call/plaincall/AjaxYddbService.objCheckOrder.dwr HTTP/1.1" 200 78
116.238.139.35 - - [23/Dec/2022:09:59:57 +0800] "GET /xingrg/dwr/interface/AjaxYddbService.js HTTP/1.1" 200 13201
116.238.139.35 - - [23/Dec/2022:09:59:57 +0800] "GET /xingrg/dwr/engine.js HTTP/1.1" 200 43631
116.238.139.35 - - [23/Dec/2022:09:59:57 +0800] "GET /xingrg/kc/base/yddb_order_info.html?code=482022122300106 HTTP/1.1" 200 31387
116.238.139.35 - - [23/Dec/2022:09:59:57 +0800] "GET /xingrg/dwr/interface/AjaxComOrderService.js HTTP/1.1" 200 18264
116.238.139.35 - - [23/Dec/2022:09:59:57 +0800] "POST /xingrg/dwr/call/plaincall/AjaxYddbService.loadMaterielItems.dwr HTTP/1.1" 200 1433
114.84.38.109 - - [23/Dec/2022:10:00:34 +0800] "GET /xingrg/all/function/internal_message.html?_=1671760864668&CODE_STATE=getMsg HTTP/1.1" 302 -
116.238.139.35 - - [23/Dec/2022:10:00:37 +0800] "GET /xingrg/all/function/internal_message.html?_=1671760854026&CODE_STATE=getMsg HTTP/1.1" 200 27
114.84.38.109 - - [23/Dec/2022:10:00:45 +0800] "GET /xingrg/check_reg.html?_=1671760878185 HTTP/1.1" 200 22
114.84.38.109 - - [23/Dec/2022:10:00:48 +0800] "GET /xingrg/all/function/internal_message.html?_=1671760880270&CODE_STATE=getMsg HTTP/1.1" 200 27
180.163.29.103 - - [23/Dec/2022:10:00:55 +0800] "GET /xingrg/all/function/internal_message.html?_=1671760808609&CODE_STATE=getMsg HTTP/1.1" 302 -
116.237.77.129 - - [23/Dec/2022:10:00:56 +0800] "GET /xingrg/all/function/internal_message.html?_=1671760868606&CODE_STATE=getMsg HTTP/1.1" 200 27
116.237.77.129 - - [23/Dec/2022:10:00:56 +0800] "GET /xingrg/check_reg.html?_=1671760868608 HTTP/1.1" 200 22
180.163.29.103 - - [23/Dec/2022:10:00:59 +0800] "GET /xingrg/login.html HTTP/1.1" 200 7641
114.84.38.109 - - [23/Dec/2022:10:01:34 +0800] "GET /xingrg/all/function/internal_message.html?_=1671760924670&CODE_STATE=getMsg HTTP/1.1" 302 -
116.238.139.35 - - [23/Dec/2022:10:01:37 +0800] "GET /xingrg/all/function/internal_message.html?_=1671760914013&CODE_STATE=getMsg HTTP/1.1" 200 27
58.221.95.50 - - [23/Dec/2022:10:01:37 +0800] "GET /xingrg/check_reg.html?_=1671760912572 HTTP/1.1" 302 -
58.221.95.50 - - [23/Dec/2022:10:01:37 +0800] "GET /xingrg/login.html HTTP/1.1" 200 7641
114.84.38.109 - - [23/Dec/2022:10:01:48 +0800] "GET /xingrg/all/function/internal_message.html?_=1671760940284&CODE_STATE=getMsg HTTP/1.1" 200 27
116.237.77.129 - - [23/Dec/2022:10:01:56 +0800] "GET /xingrg/all/function/internal_message.html?_=1671760928607&CODE_STATE=getMsg HTTP/1.1" 200 27
180.163.29.103 - - [23/Dec/2022:10:01:56 +0800] "GET /xingrg/all/function/internal_message.html?_=1671760868606&CODE_STATE=getMsg HTTP/1.1" 302 -
180.163.29.103 - - [23/Dec/2022:10:01:56 +0800] "GET /xingrg/login.html HTTP/1.1" 200 7641
180.163.29.234 - - [23/Dec/2022:10:02:01 +0800] "GET /xingrg/check_reg.html?_=1671760868608 HTTP/1.1" 302 -
180.163.29.234 - - [23/Dec/2022:10:02:01 +0800] "GET /xingrg/login.html HTTP/1.1" 200 7641
114.84.38.109 - - [23/Dec/2022:10:02:34 +0800] "GET /xingrg/all/function/internal_message.html?_=1671760984697&CODE_STATE=getMsg HTTP/1.1" 302 -
116.238.139.35 - - [23/Dec/2022:10:02:37 +0800] "GET /xingrg/all/function/internal_message.html?_=1671760974001&CODE_STATE=getMsg HTTP/1.1" 200 27
114.84.38.109 - - [23/Dec/2022:10:02:48 +0800] "GET /xingrg/all/function/internal_message.html?_=1671761000300&CODE_STATE=getMsg HTTP/1.1" 200 27
116.237.77.129 - - [23/Dec/2022:10:02:56 +0800] "GET /xingrg/all/function/internal_message.html?_=1671760988609&CODE_STATE=getMsg HTTP/1.1" 200 27
180.163.29.206 - - [23/Dec/2022:10:02:56 +0800] "GET /xingrg/all/function/internal_message.html?_=1671760928607&CODE_STATE=getMsg HTTP/1.1" 302 -
180.163.29.206 - - [23/Dec/2022:10:02:56 +0800] "GET /xingrg/login.html HTTP/1.1" 200 7641
114.84.38.109 - - [23/Dec/2022:10:03:20 +0800] "GET /xingrg/check_reg.html?_=1671761030287 HTTP/1.1" 302 -
114.84.38.109 - - [23/Dec/2022:10:03:34 +0800] "GET /xingrg/all/function/internal_message.html?_=1671761044714&CODE_STATE=getMsg HTTP/1.1" 302 -
116.238.139.35 - - [23/Dec/2022:10:03:37 +0800] "GET /xingrg/all/function/internal_message.html?_=1671761033987&CODE_STATE=getMsg HTTP/1.1" 200 27
116.238.139.35 - - [23/Dec/2022:10:03:38 +0800] "GET /xingrg/check_reg.html?_=1671761034787 HTTP/1.1" 200 22
114.84.38.109 - - [23/Dec/2022:10:03:48 +0800] "GET /xingrg/all/function/internal_message.html?_=1671761060323&CODE_STATE=getMsg HTTP/1.1" 200 27
116.237.77.129 - - [23/Dec/2022:10:03:56 +0800] "GET /xingrg/all/function/internal_message.html?_=1671761048603&CODE_STATE=getMsg HTTP/1.1" 200 27
114.84.38.109 - - [23/Dec/2022:10:04:34 +0800] "GET /xingrg/all/function/internal_message.html?_=1671761104734&CODE_STATE=getMsg HTTP/1.1" 302 -
116.238.139.35 - - [23/Dec/2022:10:04:37 +0800] "GET /xingrg/all/function/internal_message.html?_=1671761093964&CODE_STATE=getMsg HTTP/1.1" 200 27
114.84.38.109 - - [23/Dec/2022:10:04:48 +0800] "GET /xingrg/all/function/internal_message.html?_=1671761120339&CODE_STATE=getMsg HTTP/1.1" 200 27
180.163.29.234 - - [23/Dec/2022:10:04:56 +0800] "GET /xingrg/all/function/internal_message.html?_=1671761048603&CODE_STATE=getMsg HTTP/1.1" 302 -
180.163.29.234 - - [23/Dec/2022:10:04:56 +0800] "GET /xingrg/login.html HTTP/1.1" 200 7641
116.237.77.129 - - [23/Dec/2022:10:04:56 +0800] "GET /xingrg/all/function/internal_message.html?_=1671761108601&CODE_STATE=getMsg HTTP/1.1" 200 27
114.84.38.109 - - [23/Dec/2022:10:05:34 +0800] "GET /xingrg/all/function/internal_message.html?_=1671761164741&CODE_STATE=getMsg HTTP/1.1" 302 -
116.238.139.35 - - [23/Dec/2022:10:05:37 +0800] "GET /xingrg/all/function/internal_message.html?_=1671761153951&CODE_STATE=getMsg HTTP/1.1" 200 27
114.84.38.109 - - [23/Dec/2022:10:05:45 +0800] "GET /xingrg/check_reg.html?_=1671761178207 HTTP/1.1" 200 22
114.84.38.109 - - [23/Dec/2022:10:05:48 +0800] "GET /xingrg/all/function/internal_message.html?_=1671761180352&CODE_STATE=getMsg HTTP/1.1" 200 27
180.163.30.27 - - [23/Dec/2022:10:05:55 +0800] "GET /xingrg/all/function/internal_message.html?_=1671761108601&CODE_STATE=getMsg HTTP/1.1" 302 -
180.163.30.27 - - [23/Dec/2022:10:05:56 +0800] "GET /xingrg/login.html HTTP/1.1" 200 7641
116.237.77.129 - - [23/Dec/2022:10:05:56 +0800] "GET /xingrg/all/function/internal_message.html?_=1671761168602&CODE_STATE=getMsg HTTP/1.1" 200 27
116.237.77.129 - - [23/Dec/2022:10:05:56 +0800] "GET /xingrg/check_reg.html?_=1671761168604 HTTP/1.1" 200 22
114.84.38.109 - - [23/Dec/2022:10:06:34 +0800] "GET /xingrg/all/function/internal_message.html?_=1671761224765&CODE_STATE=getMsg HTTP/1.1" 302 -
116.238.139.35 - - [23/Dec/2022:10:06:37 +0800] "GET /xingrg/all/function/internal_message.html?_=1671761213936&CODE_STATE=getMsg HTTP/1.1" 200 27
58.221.95.50 - - [23/Dec/2022:10:06:37 +0800] "GET /xingrg/check_reg.html?_=1671761212566 HTTP/1.1" 302 -
114.84.38.109 - - [23/Dec/2022:10:06:48 +0800] "GET /xingrg/all/function/internal_message.html?_=1671761240367&CODE_STATE=getMsg HTTP/1.1" 200 27
180.163.28.68 - - [23/Dec/2022:10:06:56 +0800] "GET /xingrg/check_reg.html?_=1671761168604 HTTP/1.1" 302 -
180.163.28.68 - - [23/Dec/2022:10:06:56 +0800] "GET /xingrg/login.html HTTP/1.1" 200 7641
116.237.77.129 - - [23/Dec/2022:10:06:56 +0800] "GET /xingrg/all/function/internal_message.html?_=1671761228610&CODE_STATE=getMsg HTTP/1.1" 200 27
114.84.38.109 - - [23/Dec/2022:10:07:34 +0800] "GET /xingrg/all/function/internal_message.html?_=1671761284767&CODE_STATE=getMsg HTTP/1.1" 302 -
116.238.139.35 - - [23/Dec/2022:10:07:37 +0800] "GET /xingrg/all/function/internal_message.html?_=1671761273926&CODE_STATE=getMsg HTTP/1.1" 200 27
114.84.38.109 - - [23/Dec/2022:10:07:48 +0800] "GET /xingrg/all/function/internal_message.html?_=1671761300380&CODE_STATE=getMsg HTTP/1.1" 200 27
116.238.139.35 - - [23/Dec/2022:10:07:52 +0800] "POST /xingrg/services/DataTransmitService HTTP/1.1" 200 524
116.237.77.129 - - [23/Dec/2022:10:07:56 +0800] "GET /xingrg/all/function/internal_message.html?_=1671761288611&CODE_STATE=getMsg HTTP/1.1" 200 27
114.84.38.109 - - [23/Dec/2022:10:08:20 +0800] "GET /xingrg/check_reg.html?_=1671761330304 HTTP/1.1" 302 -
114.84.38.109 - - [23/Dec/2022:10:08:34 +0800] "GET /xingrg/all/function/internal_message.html?_=1671761344791&CODE_STATE=getMsg HTTP/1.1" 302 -
116.238.139.35 - - [23/Dec/2022:10:08:37 +0800] "GET /xingrg/all/function/internal_message.html?_=1671761333911&CODE_STATE=getMsg HTTP/1.1" 200 27
116.238.139.35 - - [23/Dec/2022:10:08:38 +0800] "GET /xingrg/check_reg.html?_=1671761334788 HTTP/1.1" 200 22
114.84.38.109 - - [23/Dec/2022:10:08:48 +0800] "GET /xingrg/all/function/internal_message.html?_=1671761360413&CODE_STATE=getMsg HTTP/1.1" 200 27
180.163.29.103 - - [23/Dec/2022:10:08:56 +0800] "GET /xingrg/all/function/internal_message.html?_=1671761288611&CODE_STATE=getMsg HTTP/1.1" 302 -
180.163.29.103 - - [23/Dec/2022:10:08:56 +0800] "GET /xingrg/login.html HTTP/1.1" 200 7641
116.237.77.129 - - [23/Dec/2022:10:08:56 +0800] "GET /xingrg/all/function/internal_message.html?_=1671761348606&CODE_STATE=getMsg HTTP/1.1" 200 27
114.84.38.109 - - [23/Dec/2022:10:09:34 +0800] "GET /xingrg/all/function/internal_message.html?_=1671761404794&CODE_STATE=getMsg HTTP/1.1" 302 -
116.238.139.35 - - [23/Dec/2022:10:09:37 +0800] "GET /xingrg/all/function/internal_message.html?_=1671761393887&CODE_STATE=getMsg HTTP/1.1" 200 27
114.84.38.109 - - [23/Dec/2022:10:09:48 +0800] "GET /xingrg/all/function/internal_message.html?_=1671761420423&CODE_STATE=getMsg HTTP/1.1" 200 27
180.163.28.143 - - [23/Dec/2022:10:09:55 +0800] "GET /xingrg/all/function/internal_message.html?_=1671761348606&CODE_STATE=getMsg HTTP/1.1" 302 -
180.163.28.143 - - [23/Dec/2022:10:09:55 +0800] "GET /xingrg/login.html HTTP/1.1" 200 7641
116.237.77.129 - - [23/Dec/2022:10:09:56 +0800] "GET /xingrg/all/function/internal_message.html?_=1671761408606&CODE_STATE=getMsg HTTP/1.1" 200 27
114.84.38.109 - - [23/Dec/2022:10:10:34 +0800] "GET /xingrg/all/function/internal_message.html?_=1671761464824&CODE_STATE=getMsg HTTP/1.1" 302 -
116.238.139.35 - - [23/Dec/2022:10:10:37 +0800] "GET /xingrg/all/function/internal_message.html?_=1671761453875&CODE_STATE=getMsg HTTP/1.1" 200 27
114.84.38.109 - - [23/Dec/2022:10:10:45 +0800] "GET /xingrg/check_reg.html?_=1671761478222 HTTP/1.1" 200 22
114.84.38.109 - - [23/Dec/2022:10:10:48 +0800] "GET /xingrg/all/function/internal_message.html?_=1671761480437&CODE_STATE=getMsg HTTP/1.1" 200 27
116.230.105.139 - - [23/Dec/2022:10:10:48 +0800] "POST /xingrg/services/DataTransmitService HTTP/1.1" 200 524
180.163.28.68 - - [23/Dec/2022:10:10:56 +0800] "GET /xingrg/all/function/internal_message.html?_=1671761408606&CODE_STATE=getMsg HTTP/1.1" 302 -
116.237.77.129 - - [23/Dec/2022:10:10:56 +0800] "GET /xingrg/check_reg.html?_=1671761468634 HTTP/1.1" 200 22
116.237.77.129 - - [23/Dec/2022:10:10:56 +0800] "GET /xingrg/all/function/internal_message.html?_=1671761468636&CODE_STATE=getMsg HTTP/1.1" 200 27
180.163.28.68 - - [23/Dec/2022:10:10:56 +0800] "GET /xingrg/login.html HTTP/1.1" 200 7641
114.84.38.109 - - [23/Dec/2022:10:11:34 +0800] "GET /xingrg/all/function/internal_message.html?_=1671761524837&CODE_STATE=getMsg HTTP/1.1" 302 -
116.238.139.35 - - [23/Dec/2022:10:11:37 +0800] "GET /xingrg/all/function/internal_message.html?_=1671761513860&CODE_STATE=getMsg HTTP/1.1" 200 27
58.221.95.50 - - [23/Dec/2022:10:11:37 +0800] "GET /xingrg/check_reg.html?_=1671761512557 HTTP/1.1" 302 -
114.84.38.109 - - [23/Dec/2022:10:11:48 +0800] "GET /xingrg/all/function/internal_message.html?_=1671761540449&CODE_STATE=getMsg HTTP/1.1" 200 27
114.88.159.190 - - [23/Dec/2022:10:11:48 +0800] "POST /xingrg/services/DataTransmitService HTTP/1.1" 200 524
180.163.29.212 - - [23/Dec/2022:10:11:56 +0800] "GET /xingrg/all/function/internal_message.html?_=1671761468636&CODE_STATE=getMsg HTTP/1.1" 302 -
180.163.29.212 - - [23/Dec/2022:10:11:56 +0800] "GET /xingrg/login.html HTTP/1.1" 200 7641
116.237.77.129 - - [23/Dec/2022:10:11:56 +0800] "GET /xingrg/all/function/internal_message.html?_=1671761528635&CODE_STATE=getMsg HTTP/1.1" 200 27
180.163.30.76 - - [23/Dec/2022:10:11:56 +0800] "GET /xingrg/check_reg.html?_=1671761468634 HTTP/1.1" 302 -
180.163.30.76 - - [23/Dec/2022:10:11:56 +0800] "GET /xingrg/login.html HTTP/1.1" 200 7641
114.84.38.109 - - [23/Dec/2022:10:12:34 +0800] "GET /xingrg/all/function/internal_message.html?_=1671761584867&CODE_STATE=getMsg HTTP/1.1" 302 -
116.238.139.35 - - [23/Dec/2022:10:12:37 +0800] "GET /xingrg/all/function/internal_message.html?_=1671761573831&CODE_STATE=getMsg HTTP/1.1" 200 27
114.84.38.109 - - [23/Dec/2022:10:12:48 +0800] "GET /xingrg/all/function/internal_message.html?_=1671761600463&CODE_STATE=getMsg HTTP/1.1" 200 27
180.163.29.217 - - [23/Dec/2022:10:12:56 +0800] "GET /xingrg/all/function/internal_message.html?_=1671761528635&CODE_STATE=getMsg HTTP/1.1" 302 -
116.237.77.129 - - [23/Dec/2022:10:12:56 +0800] "GET /xingrg/all/function/internal_message.html?_=1671761588633&CODE_STATE=getMsg HTTP/1.1" 200 27
180.163.29.217 - - [23/Dec/2022:10:12:56 +0800] "GET /xingrg/login.html HTTP/1.1" 200 7641
114.84.38.109 - - [23/Dec/2022:10:13:20 +0800] "GET /xingrg/check_reg.html?_=1671761630309 HTTP/1.1" 302 -
114.84.38.109 - - [23/Dec/2022:10:13:34 +0800] "GET /xingrg/all/function/internal_message.html?_=1671761644880&CODE_STATE=getMsg HTTP/1.1" 302 -
116.238.139.35 - - [23/Dec/2022:10:13:37 +0800] "GET /xingrg/all/function/internal_message.html?_=1671761633814&CODE_STATE=getMsg HTTP/1.1" 200 27
116.238.139.35 - - [23/Dec/2022:10:13:38 +0800] "GET /xingrg/check_reg.html?_=1671761634799 HTTP/1.1" 200 22
114.84.38.109 - - [23/Dec/2022:10:13:48 +0800] "GET /xingrg/all/function/internal_message.html?_=1671761660489&CODE_STATE=getMsg HTTP/1.1" 200 27
58.40.7.146 - - [23/Dec/2022:10:13:54 +0800] "GET /favicon.ico HTTP/1.1" 404 -
180.163.28.114 - - [23/Dec/2022:10:13:56 +0800] "GET /xingrg/all/function/internal_message.html?_=1671761588633&CODE_STATE=getMsg HTTP/1.1" 302 -
180.163.28.114 - - [23/Dec/2022:10:13:56 +0800] "GET /xingrg/login.html HTTP/1.1" 200 7641
116.237.77.129 - - [23/Dec/2022:10:13:56 +0800] "GET /xingrg/all/function/internal_message.html?_=1671761648632&CODE_STATE=getMsg HTTP/1.1" 200 27
222.69.192.184 - - [23/Dec/2022:10:14:33 +0800] "POST /xingrg/services/DataTransmitService HTTP/1.1" 200 524
114.84.38.109 - - [23/Dec/2022:10:14:34 +0800] "GET /xingrg/all/function/internal_message.html?_=1671761704904&CODE_STATE=getMsg HTTP/1.1" 302 -
116.238.139.35 - - [23/Dec/2022:10:14:37 +0800] "GET /xingrg/all/function/internal_message.html?_=1671761693790&CODE_STATE=getMsg HTTP/1.1" 200 27
114.84.38.109 - - [23/Dec/2022:10:14:48 +0800] "GET /xingrg/all/function/internal_message.html?_=1671761720491&CODE_STATE=getMsg HTTP/1.1" 200 27
116.237.77.129 - - [23/Dec/2022:10:14:56 +0800] "GET /xingrg/all/function/internal_message.html?_=1671761708631&CODE_STATE=getMsg HTTP/1.1" 200 27
114.84.38.109 - - [23/Dec/2022:10:15:34 +0800] "GET /xingrg/all/function/internal_message.html?_=1671761764907&CODE_STATE=getMsg HTTP/1.1" 302 -
116.238.139.35 - - [23/Dec/2022:10:15:37 +0800] "GET /xingrg/all/function/internal_message.html?_=1671761753763&CODE_STATE=getMsg HTTP/1.1" 200 27
114.84.38.109 - - [23/Dec/2022:10:15:45 +0800] "GET /xingrg/check_reg.html?_=1671761778250 HTTP/1.1" 200 22
114.84.38.109 - - [23/Dec/2022:10:15:48 +0800] "GET /xingrg/all/function/internal_message.html?_=1671761780506&CODE_STATE=getMsg HTTP/1.1" 200 27
116.237.77.129 - - [23/Dec/2022:10:15:56 +0800] "GET /xingrg/check_reg.html?_=1671761768635 HTTP/1.1" 200 22
116.237.77.129 - - [23/Dec/2022:10:15:56 +0800] "GET /xingrg/all/function/internal_message.html?_=1671761768631&CODE_STATE=getMsg HTTP/1.1" 200 27
116.237.77.129 - - [23/Dec/2022:10:16:18 +0800] "POST /xingrg/services/DataTransmitService HTTP/1.1" 200 524
114.84.38.109 - - [23/Dec/2022:10:16:34 +0800] "GET /xingrg/all/function/internal_message.html?_=1671761824934&CODE_STATE=getMsg HTTP/1.1" 302 -
116.238.139.35 - - [23/Dec/2022:10:16:37 +0800] "GET /xingrg/all/function/internal_message.html?_=1671761813749&CODE_STATE=getMsg HTTP/1.1" 200 27
58.221.95.50 - - [23/Dec/2022:10:16:37 +0800] "GET /xingrg/check_reg.html?_=1671761812541 HTTP/1.1" 302 -
114.84.38.109 - - [23/Dec/2022:10:16:48 +0800] "GET /xingrg/all/function/internal_message.html?_=1671761840517&CODE_STATE=getMsg HTTP/1.1" 200 27
180.163.28.68 - - [23/Dec/2022:10:16:55 +0800] "GET /xingrg/check_reg.html?_=1671761768635 HTTP/1.1" 302 -
180.163.28.68 - - [23/Dec/2022:10:16:56 +0800] "GET /xingrg/login.html HTTP/1.1" 200 7641
116.237.77.129 - - [23/Dec/2022:10:16:56 +0800] "GET /xingrg/all/function/internal_message.html?_=1671761828636&CODE_STATE=getMsg HTTP/1.1" 200 27
101.83.241.168 - - [23/Dec/2022:10:17:01 +0800] "POST /xingrg/services/DataTransmitService HTTP/1.1" 200 524
114.84.38.109 - - [23/Dec/2022:10:17:34 +0800] "GET /xingrg/all/function/internal_message.html?_=1671761884950&CODE_STATE=getMsg HTTP/1.1" 302 -
116.238.139.35 - - [23/Dec/2022:10:17:37 +0800] "GET /xingrg/all/function/internal_message.html?_=1671761873723&CODE_STATE=getMsg HTTP/1.1" 200 27
114.84.38.109 - - [23/Dec/2022:10:17:48 +0800] "GET /xingrg/all/function/internal_message.html?_=1671761900531&CODE_STATE=getMsg HTTP/1.1" 200 27
180.163.29.212 - - [23/Dec/2022:10:17:55 +0800] "GET /xingrg/all/function/internal_message.html?_=1671761828636&CODE_STATE=getMsg HTTP/1.1" 302 -
116.237.77.129 - - [23/Dec/2022:10:17:56 +0800] "GET /xingrg/all/function/internal_message.html?_=1671761888637&CODE_STATE=getMsg HTTP/1.1" 200 27
180.163.29.212 - - [23/Dec/2022:10:17:59 +0800] "GET /xingrg/login.html HTTP/1.1" 200 7641
114.84.38.109 - - [23/Dec/2022:10:18:20 +0800] "GET /xingrg/check_reg.html?_=1671761930331 HTTP/1.1" 302 -
114.84.38.109 - - [23/Dec/2022:10:18:34 +0800] "GET /xingrg/all/function/internal_message.html?_=1671761944972&CODE_STATE=getMsg HTTP/1.1" 302 -
116.238.139.35 - - [23/Dec/2022:10:18:36 +0800] "GET /xingrg/all/function/internal_message.html?_=1671761933695&CODE_STATE=getMsg HTTP/1.1" 200 27
116.238.139.35 - - [23/Dec/2022:10:18:38 +0800] "GET /xingrg/check_reg.html?_=1671761934807 HTTP/1.1" 200 22
114.84.38.109 - - [23/Dec/2022:10:18:48 +0800] "GET /xingrg/all/function/internal_message.html?_=1671761960560&CODE_STATE=getMsg HTTP/1.1" 200 27
180.163.29.234 - - [23/Dec/2022:10:18:56 +0800] "GET /xingrg/all/function/internal_message.html?_=1671761888637&CODE_STATE=getMsg HTTP/1.1" 302 -
116.237.77.129 - - [23/Dec/2022:10:18:56 +0800] "GET /xingrg/all/function/internal_message.html?_=1671761948623&CODE_STATE=getMsg HTTP/1.1" 200 27
180.163.29.234 - - [23/Dec/2022:10:18:56 +0800] "GET /xingrg/login.html HTTP/1.1" 200 7641
114.84.38.109 - - [23/Dec/2022:10:19:34 +0800] "GET /xingrg/all/function/internal_message.html?_=1671762004978&CODE_STATE=getMsg HTTP/1.1" 302 -
