120.253.135.82 - - [23/Dec/2022:05:49:08 +0800] "GET /xingrg/javascript/json2.js HTTP/1.1" 304 -
120.253.135.82 - - [23/Dec/2022:05:49:08 +0800] "GET /xingrg/javascript/convert.js HTTP/1.1" 304 -
120.253.135.82 - - [23/Dec/2022:05:49:08 +0800] "GET /xingrg/javascript/jquery_tools/order_manager.js HTTP/1.1" 304 -
120.253.135.82 - - [23/Dec/2022:05:49:08 +0800] "GET /xingrg/words/20221222132041_words.js HTTP/1.1" 304 -
120.253.135.82 - - [23/Dec/2022:05:49:09 +0800] "GET /xingrg/all/common/auto_word.html?type=base&rest_code=00101 HTTP/1.1" 200 671
120.253.135.82 - - [23/Dec/2022:05:49:09 +0800] "GET /xingrg/javascript/easyui/themes/default/validatebox.css HTTP/1.1" 404 1104
120.253.135.82 - - [23/Dec/2022:05:49:09 +0800] "GET /xingrg/javascript/easyui/plugins/jquery.validatebox.js HTTP/1.1" 304 -
120.253.135.82 - - [23/Dec/2022:05:49:09 +0800] "GET /xingrg/javascript/easyui/plugins/jquery.numberbox.js HTTP/1.1" 304 -
120.253.135.82 - - [23/Dec/2022:05:49:09 +0800] "POST /xingrg/kc/pszx/mdps_order_operate.html HTTP/1.1" 200 4299
120.253.135.82 - - [23/Dec/2022:05:49:11 +0800] "POST /xingrg/all/common/load_combo.html?type=base HTTP/1.1" 200 1169
120.253.135.82 - - [23/Dec/2022:05:49:15 +0800] "POST /xingrg/kc/pszx/mdps_order_operate.html HTTP/1.1" 200 37
120.253.135.82 - - [23/Dec/2022:05:49:16 +0800] "GET /xingrg/kc/pszx/mdps_order_info.html?code=312022122300429 HTTP/1.1" 200 23972
120.253.135.82 - - [23/Dec/2022:05:49:16 +0800] "GET /xingrg/javascript/easyui/themes/default/validatebox.css HTTP/1.1" 404 1104
120.253.135.82 - - [23/Dec/2022:05:49:16 +0800] "POST /xingrg/kc/pszx/mdps_order_operate.html HTTP/1.1" 200 4345
116.238.139.35 - - [23/Dec/2022:05:49:25 +0800] "GET /xingrg/all/function/internal_message.html?_=1671745781889&CODE_STATE=getMsg HTTP/1.1" 200 27
114.84.38.109 - - [23/Dec/2022:05:49:31 +0800] "GET /xingrg/all/function/internal_message.html?_=1671745800826&CODE_STATE=getMsg HTTP/1.1" 302 -
120.253.135.82 - - [23/Dec/2022:05:49:40 +0800] "GET /xingrg/all/function/internal_message.html?_=1671745603495&CODE_STATE=getMsg HTTP/1.1" 200 27
116.238.139.35 - - [23/Dec/2022:05:50:25 +0800] "GET /xingrg/all/function/internal_message.html?_=1671745841891&CODE_STATE=getMsg HTTP/1.1" 200 27
114.84.38.109 - - [23/Dec/2022:05:50:31 +0800] "GET /xingrg/all/function/internal_message.html?_=1671745860849&CODE_STATE=getMsg HTTP/1.1" 302 -
120.253.135.82 - - [23/Dec/2022:05:50:34 +0800] "GET /xingrg/kc/pszx/mdps_order_operate.html?command=get_materiel&pszx_code=00101&rest_code=00106&base_code=0010250&code=00102015055 HTTP/1.1" 200 437
120.253.135.82 - - [23/Dec/2022:05:50:40 +0800] "GET /xingrg/all/function/internal_message.html?_=1671745663508&CODE_STATE=getMsg HTTP/1.1" 200 27
120.253.135.82 - - [23/Dec/2022:05:50:48 +0800] "POST /xingrg/kc/pszx/mdps_order_operate.html HTTP/1.1" 200 37
120.253.135.82 - - [23/Dec/2022:05:50:49 +0800] "GET /xingrg/kc/pszx/mdps_order_info.html?code=312022122300429 HTTP/1.1" 200 23972
120.253.135.82 - - [23/Dec/2022:05:50:49 +0800] "GET /xingrg/javascript/easyui/themes/default/validatebox.css HTTP/1.1" 404 1104
120.253.135.82 - - [23/Dec/2022:05:50:49 +0800] "POST /xingrg/kc/pszx/mdps_order_operate.html HTTP/1.1" 200 4835
120.253.135.82 - - [23/Dec/2022:05:50:55 +0800] "GET /xingrg/kc/pszx/mdps_order_info.html?code=312022122300429 HTTP/1.1" 200 23972
120.253.135.82 - - [23/Dec/2022:05:50:56 +0800] "GET /xingrg/javascript/easyui/themes/default/validatebox.css HTTP/1.1" 404 1104
120.253.135.82 - - [23/Dec/2022:05:50:56 +0800] "POST /xingrg/kc/pszx/mdps_order_operate.html HTTP/1.1" 200 4835
120.253.135.82 - - [23/Dec/2022:05:50:58 +0800] "POST /xingrg/kc/pszx/mdps_list_operate.html HTTP/1.1" 200 2415
120.253.135.82 - - [23/Dec/2022:05:50:59 +0800] "POST /xingrg/kc/pszx/mdps_list_operate.html HTTP/1.1" 200 205
120.253.135.82 - - [23/Dec/2022:05:51:00 +0800] "GET /xingrg/kc/pszx/mdps_order_info.html?code=312022122100421 HTTP/1.1" 200 23978
120.253.135.82 - - [23/Dec/2022:05:51:00 +0800] "GET /xingrg/javascript/easyui/themes/default/validatebox.css HTTP/1.1" 404 1104
120.253.135.82 - - [23/Dec/2022:05:51:00 +0800] "POST /xingrg/kc/pszx/mdps_order_operate.html HTTP/1.1" 200 2279
120.253.135.82 - - [23/Dec/2022:05:51:04 +0800] "POST /xingrg/kc/pszx/mdps_order_operate.html HTTP/1.1" 200 12
120.253.135.82 - - [23/Dec/2022:05:51:05 +0800] "POST /xingrg/kc/pszx/mdps_list_operate.html HTTP/1.1" 200 2044
116.238.139.35 - - [23/Dec/2022:05:51:25 +0800] "GET /xingrg/all/function/internal_message.html?_=1671745901890&CODE_STATE=getMsg HTTP/1.1" 200 27
114.84.38.109 - - [23/Dec/2022:05:51:31 +0800] "GET /xingrg/all/function/internal_message.html?_=1671745920853&CODE_STATE=getMsg HTTP/1.1" 302 -
58.221.95.50 - - [23/Dec/2022:05:51:38 +0800] "GET /xingrg/check_reg.html?_=1671745913209 HTTP/1.1" 302 -
120.253.135.82 - - [23/Dec/2022:05:51:40 +0800] "GET /xingrg/all/function/internal_message.html?_=1671745723522&CODE_STATE=getMsg HTTP/1.1" 200 27
120.253.135.82 - - [23/Dec/2022:05:51:45 +0800] "POST /xingrg/kc/pszx/mdps_list_operate.html HTTP/1.1" 200 1700
120.253.135.82 - - [23/Dec/2022:05:51:46 +0800] "POST /xingrg/kc/pszx/mdps_list_operate.html HTTP/1.1" 200 208
120.253.135.82 - - [23/Dec/2022:05:51:47 +0800] "GET /xingrg/kc/pszx/mdps_order_info.html?code=312022122300430 HTTP/1.1" 200 23986
120.253.135.82 - - [23/Dec/2022:05:51:48 +0800] "GET /xingrg/javascript/easyui/themes/default/validatebox.css HTTP/1.1" 404 1104
120.253.135.82 - - [23/Dec/2022:05:51:48 +0800] "POST /xingrg/kc/pszx/mdps_order_operate.html HTTP/1.1" 200 2280
120.253.135.82 - - [23/Dec/2022:05:51:50 +0800] "POST /xingrg/all/common/load_combo.html?type=base HTTP/1.1" 200 1169
120.253.135.82 - - [23/Dec/2022:05:51:54 +0800] "POST /xingrg/kc/pszx/mdps_order_operate.html HTTP/1.1" 200 37
120.253.135.82 - - [23/Dec/2022:05:51:55 +0800] "GET /xingrg/kc/pszx/mdps_order_info.html?code=312022122300430 HTTP/1.1" 200 23986
120.253.135.82 - - [23/Dec/2022:05:51:55 +0800] "GET /xingrg/javascript/easyui/themes/default/validatebox.css HTTP/1.1" 404 1104
120.253.135.82 - - [23/Dec/2022:05:51:55 +0800] "POST /xingrg/kc/pszx/mdps_order_operate.html HTTP/1.1" 200 2290
120.253.135.82 - - [23/Dec/2022:05:52:14 +0800] "POST /xingrg/kc/pszx/mdps_list_operate.html HTTP/1.1" 200 1700
116.238.139.35 - - [23/Dec/2022:05:52:25 +0800] "GET /xingrg/all/function/internal_message.html?_=1671745961891&CODE_STATE=getMsg HTTP/1.1" 200 27
116.238.139.35 - - [23/Dec/2022:05:52:25 +0800] "GET /xingrg/check_reg.html?_=1671745961895 HTTP/1.1" 200 22
114.84.38.109 - - [23/Dec/2022:05:52:31 +0800] "GET /xingrg/all/function/internal_message.html?_=1671745980874&CODE_STATE=getMsg HTTP/1.1" 302 -
120.253.135.82 - - [23/Dec/2022:05:52:39 +0800] "POST /xingrg/kc/pszx/mdps_list_operate.html HTTP/1.1" 200 1692
120.253.135.82 - - [23/Dec/2022:05:52:40 +0800] "GET /xingrg/all/function/internal_message.html?_=1671745783537&CODE_STATE=getMsg HTTP/1.1" 200 27
120.253.135.82 - - [23/Dec/2022:05:52:40 +0800] "POST /xingrg/kc/pszx/mdps_list_operate.html HTTP/1.1" 200 636
120.253.135.82 - - [23/Dec/2022:05:52:41 +0800] "GET /xingrg/kc/pszx/mdps_order_info.html?code=312022122300428 HTTP/1.1" 200 23978
120.253.135.82 - - [23/Dec/2022:05:52:42 +0800] "GET /xingrg/javascript/easyui/themes/default/validatebox.css HTTP/1.1" 404 1104
120.253.135.82 - - [23/Dec/2022:05:52:42 +0800] "POST /xingrg/kc/pszx/mdps_order_operate.html HTTP/1.1" 200 4780
120.253.135.82 - - [23/Dec/2022:05:52:44 +0800] "POST /xingrg/all/common/load_combo.html?type=base HTTP/1.1" 200 1169
101.80.228.88 - - [23/Dec/2022:05:52:47 +0800] "POST /xingrg/services/DataTransmitService HTTP/1.1" 200 524
101.80.228.88 - - [23/Dec/2022:05:52:48 +0800] "POST /xingrg/services/DataTransmitService HTTP/1.1" 200 412
120.253.135.82 - - [23/Dec/2022:05:52:49 +0800] "POST /xingrg/kc/pszx/mdps_order_operate.html HTTP/1.1" 200 37
120.253.135.82 - - [23/Dec/2022:05:52:50 +0800] "GET /xingrg/kc/pszx/mdps_order_info.html?code=312022122300428 HTTP/1.1" 200 23978
120.253.135.82 - - [23/Dec/2022:05:52:50 +0800] "GET /xingrg/javascript/easyui/themes/default/validatebox.css HTTP/1.1" 404 1104
120.253.135.82 - - [23/Dec/2022:05:52:50 +0800] "POST /xingrg/kc/pszx/mdps_order_operate.html HTTP/1.1" 200 4830
114.84.38.109 - - [23/Dec/2022:05:53:20 +0800] "GET /xingrg/check_reg.html?_=1671746029884 HTTP/1.1" 302 -
116.238.139.35 - - [23/Dec/2022:05:53:25 +0800] "GET /xingrg/all/function/internal_message.html?_=1671746021897&CODE_STATE=getMsg HTTP/1.1" 200 27
114.84.38.109 - - [23/Dec/2022:05:53:31 +0800] "GET /xingrg/all/function/internal_message.html?_=1671746040880&CODE_STATE=getMsg HTTP/1.1" 302 -
120.253.135.82 - - [23/Dec/2022:05:53:40 +0800] "GET /xingrg/check_reg.html?_=1671745843426 HTTP/1.1" 200 22
120.253.135.82 - - [23/Dec/2022:05:53:40 +0800] "GET /xingrg/all/function/internal_message.html?_=1671745843581&CODE_STATE=getMsg HTTP/1.1" 200 27
116.238.139.35 - - [23/Dec/2022:05:54:25 +0800] "GET /xingrg/all/function/internal_message.html?_=1671746081898&CODE_STATE=getMsg HTTP/1.1" 200 27
114.84.38.109 - - [23/Dec/2022:05:54:31 +0800] "GET /xingrg/all/function/internal_message.html?_=1671746100901&CODE_STATE=getMsg HTTP/1.1" 302 -
120.253.135.82 - - [23/Dec/2022:05:54:40 +0800] "GET /xingrg/all/function/internal_message.html?_=1671745903594&CODE_STATE=getMsg HTTP/1.1" 200 27
116.238.139.35 - - [23/Dec/2022:05:55:25 +0800] "GET /xingrg/all/function/internal_message.html?_=1671746141909&CODE_STATE=getMsg HTTP/1.1" 200 27
114.84.38.109 - - [23/Dec/2022:05:55:31 +0800] "GET /xingrg/all/function/internal_message.html?_=1671746160907&CODE_STATE=getMsg HTTP/1.1" 302 -
120.253.135.82 - - [23/Dec/2022:05:55:40 +0800] "GET /xingrg/all/function/internal_message.html?_=1671745963608&CODE_STATE=getMsg HTTP/1.1" 200 27
120.253.135.82 - - [23/Dec/2022:05:56:02 +0800] "POST /xingrg/kc/pszx/mdps_order_operate.html HTTP/1.1" 200 37
120.253.135.82 - - [23/Dec/2022:05:56:03 +0800] "GET /xingrg/kc/pszx/mdps_order_info.html?code=312022122300428 HTTP/1.1" 200 23978
120.253.135.82 - - [23/Dec/2022:05:56:04 +0800] "GET /xingrg/javascript/easyui/themes/default/validatebox.css HTTP/1.1" 404 1104
120.253.135.82 - - [23/Dec/2022:05:56:04 +0800] "POST /xingrg/kc/pszx/mdps_order_operate.html HTTP/1.1" 200 4829
116.238.139.35 - - [23/Dec/2022:05:56:25 +0800] "GET /xingrg/all/function/internal_message.html?_=1671746201913&CODE_STATE=getMsg HTTP/1.1" 200 27
114.84.38.109 - - [23/Dec/2022:05:56:31 +0800] "GET /xingrg/all/function/internal_message.html?_=1671746220934&CODE_STATE=getMsg HTTP/1.1" 302 -
58.221.95.50 - - [23/Dec/2022:05:56:38 +0800] "GET /xingrg/check_reg.html?_=1671746213199 HTTP/1.1" 302 -
120.253.135.82 - - [23/Dec/2022:05:56:40 +0800] "GET /xingrg/all/function/internal_message.html?_=1671746023622&CODE_STATE=getMsg HTTP/1.1" 200 27
116.238.139.35 - - [23/Dec/2022:05:57:25 +0800] "GET /xingrg/check_reg.html?_=1671746261915 HTTP/1.1" 200 22
116.238.139.35 - - [23/Dec/2022:05:57:25 +0800] "GET /xingrg/all/function/internal_message.html?_=1671746261918&CODE_STATE=getMsg HTTP/1.1" 200 27
114.84.38.109 - - [23/Dec/2022:05:57:31 +0800] "GET /xingrg/all/function/internal_message.html?_=1671746280934&CODE_STATE=getMsg HTTP/1.1" 302 -
120.253.135.82 - - [23/Dec/2022:05:57:40 +0800] "GET /xingrg/all/function/internal_message.html?_=1671746083635&CODE_STATE=getMsg HTTP/1.1" 200 27
124.79.245.154 - - [23/Dec/2022:05:57:43 +0800] "POST /xingrg/services/DataTransmitService HTTP/1.1" 200 524
114.84.38.109 - - [23/Dec/2022:05:58:20 +0800] "GET /xingrg/check_reg.html?_=1671746329896 HTTP/1.1" 302 -
116.238.139.35 - - [23/Dec/2022:05:58:25 +0800] "GET /xingrg/all/function/internal_message.html?_=1671746321904&CODE_STATE=getMsg HTTP/1.1" 200 27
114.84.38.109 - - [23/Dec/2022:05:58:31 +0800] "GET /xingrg/all/function/internal_message.html?_=1671746340958&CODE_STATE=getMsg HTTP/1.1" 302 -
120.253.135.82 - - [23/Dec/2022:05:58:40 +0800] "GET /xingrg/check_reg.html?_=1671746143466 HTTP/1.1" 200 22
120.253.135.82 - - [23/Dec/2022:05:58:40 +0800] "GET /xingrg/all/function/internal_message.html?_=1671746143649&CODE_STATE=getMsg HTTP/1.1" 200 27
116.238.139.35 - - [23/Dec/2022:05:59:25 +0800] "GET /xingrg/all/function/internal_message.html?_=1671746381905&CODE_STATE=getMsg HTTP/1.1" 200 27
114.84.38.109 - - [23/Dec/2022:05:59:31 +0800] "GET /xingrg/all/function/internal_message.html?_=1671746400961&CODE_STATE=getMsg HTTP/1.1" 302 -
120.253.135.82 - - [23/Dec/2022:05:59:40 +0800] "GET /xingrg/all/function/internal_message.html?_=1671746203662&CODE_STATE=getMsg HTTP/1.1" 200 27
116.238.139.35 - - [23/Dec/2022:06:00:25 +0800] "GET /xingrg/all/function/internal_message.html?_=1671746441905&CODE_STATE=getMsg HTTP/1.1" 200 27
114.84.38.109 - - [23/Dec/2022:06:00:31 +0800] "GET /xingrg/all/function/internal_message.html?_=1671746460986&CODE_STATE=getMsg HTTP/1.1" 302 -
120.253.135.82 - - [23/Dec/2022:06:00:40 +0800] "GET /xingrg/all/function/internal_message.html?_=1671746263676&CODE_STATE=getMsg HTTP/1.1" 200 27
116.238.139.35 - - [23/Dec/2022:06:01:25 +0800] "GET /xingrg/all/function/internal_message.html?_=1671746501908&CODE_STATE=getMsg HTTP/1.1" 200 27
114.84.38.109 - - [23/Dec/2022:06:01:31 +0800] "GET /xingrg/all/function/internal_message.html?_=1671746520992&CODE_STATE=getMsg HTTP/1.1" 302 -
58.221.95.50 - - [23/Dec/2022:06:01:38 +0800] "GET /xingrg/check_reg.html?_=1671746513178 HTTP/1.1" 302 -
120.253.135.82 - - [23/Dec/2022:06:01:40 +0800] "GET /xingrg/all/function/internal_message.html?_=1671746323729&CODE_STATE=getMsg HTTP/1.1" 200 27
116.238.139.35 - - [23/Dec/2022:06:02:25 +0800] "GET /xingrg/all/function/internal_message.html?_=1671746561918&CODE_STATE=getMsg HTTP/1.1" 200 27
116.238.139.35 - - [23/Dec/2022:06:02:25 +0800] "GET /xingrg/check_reg.html?_=1671746561921 HTTP/1.1" 200 22
114.84.38.109 - - [23/Dec/2022:06:02:31 +0800] "GET /xingrg/all/function/internal_message.html?_=1671746581012&CODE_STATE=getMsg HTTP/1.1" 302 -
120.253.135.82 - - [23/Dec/2022:06:02:40 +0800] "GET /xingrg/all/function/internal_message.html?_=1671746383735&CODE_STATE=getMsg HTTP/1.1" 200 27
114.84.38.109 - - [23/Dec/2022:06:03:20 +0800] "GET /xingrg/check_reg.html?_=1671746629897 HTTP/1.1" 302 -
116.238.139.35 - - [23/Dec/2022:06:03:25 +0800] "GET /xingrg/all/function/internal_message.html?_=1671746621923&CODE_STATE=getMsg HTTP/1.1" 200 27
114.84.38.109 - - [23/Dec/2022:06:03:31 +0800] "GET /xingrg/all/function/internal_message.html?_=1671746641016&CODE_STATE=getMsg HTTP/1.1" 302 -
120.253.135.82 - - [23/Dec/2022:06:03:40 +0800] "GET /xingrg/check_reg.html?_=1671746443473 HTTP/1.1" 200 22
120.253.135.82 - - [23/Dec/2022:06:03:40 +0800] "GET /xingrg/all/function/internal_message.html?_=1671746443747&CODE_STATE=getMsg HTTP/1.1" 200 27
120.253.135.82 - - [23/Dec/2022:06:04:14 +0800] "POST /xingrg/kc/pszx/mdps_list_operate.html HTTP/1.1" 200 1692
116.238.139.35 - - [23/Dec/2022:06:04:25 +0800] "GET /xingrg/all/function/internal_message.html?_=1671746681924&CODE_STATE=getMsg HTTP/1.1" 200 27
120.253.135.82 - - [23/Dec/2022:06:04:27 +0800] "POST /xingrg/kc/pszx/mdps_list_operate.html HTTP/1.1" 200 868
114.84.38.109 - - [23/Dec/2022:06:04:31 +0800] "GET /xingrg/all/function/internal_message.html?_=1671746701037&CODE_STATE=getMsg HTTP/1.1" 302 -
120.253.135.82 - - [23/Dec/2022:06:04:32 +0800] "GET /xingrg/kc/pszx/mdps_order_add.html HTTP/1.1" 200 29104
120.253.135.82 - - [23/Dec/2022:06:04:33 +0800] "POST /xingrg/kc/pszx/mdps_order_operate.html HTTP/1.1" 200 7126
120.253.135.82 - - [23/Dec/2022:06:04:33 +0800] "GET /xingrg/javascript/easyui/themes/default/validatebox.css HTTP/1.1" 404 1104
120.253.135.82 - - [23/Dec/2022:06:04:40 +0800] "GET /xingrg/all/function/internal_message.html?_=1671746503761&CODE_STATE=getMsg HTTP/1.1" 200 27
116.238.139.35 - - [23/Dec/2022:06:05:25 +0800] "GET /xingrg/all/function/internal_message.html?_=1671746741925&CODE_STATE=getMsg HTTP/1.1" 200 27
114.84.38.109 - - [23/Dec/2022:06:05:31 +0800] "GET /xingrg/all/function/internal_message.html?_=1671746761043&CODE_STATE=getMsg HTTP/1.1" 302 -
120.253.135.82 - - [23/Dec/2022:06:05:40 +0800] "GET /xingrg/all/function/internal_message.html?_=1671746563775&CODE_STATE=getMsg HTTP/1.1" 200 27
120.253.135.82 - - [23/Dec/2022:06:05:58 +0800] "POST /xingrg/all/common/load_combo.html?type=base HTTP/1.1" 200 1169
120.253.135.82 - - [23/Dec/2022:06:06:22 +0800] "GET /xingrg/kc/pszx/mdps_order_operate.html?command=get_materiel&pszx_code=00101&rest_code=00149&base_code=0010250&code=00102002936 HTTP/1.1" 200 462
116.238.139.35 - - [23/Dec/2022:06:06:25 +0800] "GET /xingrg/all/function/internal_message.html?_=1671746801912&CODE_STATE=getMsg HTTP/1.1" 200 27
114.84.38.109 - - [23/Dec/2022:06:06:31 +0800] "GET /xingrg/all/function/internal_message.html?_=1671746821072&CODE_STATE=getMsg HTTP/1.1" 302 -
120.253.135.82 - - [23/Dec/2022:06:06:36 +0800] "GET /xingrg/kc/pszx/mdps_order_operate.html?command=get_materiel&pszx_code=00101&rest_code=00149&base_code=0010250&code=00102002939 HTTP/1.1" 200 453
58.221.95.50 - - [23/Dec/2022:06:06:38 +0800] "GET /xingrg/check_reg.html?_=1671746813171 HTTP/1.1" 302 -
120.253.135.82 - - [23/Dec/2022:06:06:40 +0800] "GET /xingrg/all/function/internal_message.html?_=1671746623789&CODE_STATE=getMsg HTTP/1.1" 200 27
120.253.135.82 - - [23/Dec/2022:06:07:09 +0800] "GET /xingrg/kc/pszx/mdps_order_operate.html?command=get_materiel&pszx_code=00101&rest_code=00149&base_code=0010250&code=00102002942 HTTP/1.1" 200 449
116.192.124.172 - - [23/Dec/2022:06:07:14 +0800] "POST /xingrg/services/DataTransmitService HTTP/1.1" 200 524
116.238.139.35 - - [23/Dec/2022:06:07:25 +0800] "GET /xingrg/all/function/internal_message.html?_=1671746861914&CODE_STATE=getMsg HTTP/1.1" 200 27
116.238.139.35 - - [23/Dec/2022:06:07:25 +0800] "GET /xingrg/check_reg.html?_=1671746861917 HTTP/1.1" 200 22
114.84.38.109 - - [23/Dec/2022:06:07:31 +0800] "GET /xingrg/all/function/internal_message.html?_=1671746881086&CODE_STATE=getMsg HTTP/1.1" 302 -
120.253.135.82 - - [23/Dec/2022:06:07:40 +0800] "GET /xingrg/all/function/internal_message.html?_=1671746683803&CODE_STATE=getMsg HTTP/1.1" 200 27
120.253.135.82 - - [23/Dec/2022:06:07:49 +0800] "GET /xingrg/kc/pszx/mdps_order_operate.html?command=get_materiel&pszx_code=00101&rest_code=00149&base_code=0010250&code=00102034060 HTTP/1.1" 200 435
116.238.139.35 - - [23/Dec/2022:06:08:11 +0800] "POST /xingrg/services/DataTransmitService HTTP/1.1" 200 524
120.253.135.82 - - [23/Dec/2022:06:08:15 +0800] "GET /xingrg/kc/pszx/mdps_order_operate.html?command=get_materiel&pszx_code=00101&rest_code=00149&base_code=0010250&code=00102034051 HTTP/1.1" 200 456
120.253.135.82 - - [23/Dec/2022:06:08:18 +0800] "POST /xingrg/all/common/load_select.html HTTP/1.1" 200 25
114.84.38.109 - - [23/Dec/2022:06:08:20 +0800] "GET /xingrg/check_reg.html?_=1671746929909 HTTP/1.1" 302 -
120.253.135.82 - - [23/Dec/2022:06:08:20 +0800] "GET /xingrg/kc/pszx/mdps_order_operate.html?command=get_materiel_price&pszx_code=00101&rest_code=00149&base_code=0010250&code=00102034051&unit_code=00100485&order_time=2022-12-23 HTTP/1.1" 200 32
116.238.139.35 - - [23/Dec/2022:06:08:25 +0800] "GET /xingrg/all/function/internal_message.html?_=1671746921925&CODE_STATE=getMsg HTTP/1.1" 200 27
114.84.38.109 - - [23/Dec/2022:06:08:31 +0800] "GET /xingrg/all/function/internal_message.html?_=1671746941110&CODE_STATE=getMsg HTTP/1.1" 302 -
120.253.135.82 - - [23/Dec/2022:06:08:40 +0800] "GET /xingrg/check_reg.html?_=1671746743474 HTTP/1.1" 200 22
120.253.135.82 - - [23/Dec/2022:06:08:40 +0800] "GET /xingrg/all/function/internal_message.html?_=1671746743816&CODE_STATE=getMsg HTTP/1.1" 200 27
120.253.135.82 - - [23/Dec/2022:06:08:44 +0800] "GET /xingrg/kc/pszx/mdps_order_operate.html?command=get_materiel&pszx_code=00101&rest_code=00149&base_code=0010250&code=00102034039 HTTP/1.1" 200 453
116.238.139.35 - - [23/Dec/2022:06:09:25 +0800] "GET /xingrg/all/function/internal_message.html?_=1671746981928&CODE_STATE=getMsg HTTP/1.1" 200 27
114.84.38.109 - - [23/Dec/2022:06:09:31 +0800] "GET /xingrg/all/function/internal_message.html?_=1671747001113&CODE_STATE=getMsg HTTP/1.1" 302 -
120.253.135.82 - - [23/Dec/2022:06:09:31 +0800] "GET /xingrg/kc/pszx/mdps_order_operate.html?command=get_materiel&pszx_code=00101&rest_code=00149&base_code=0010250&code=00102034005 HTTP/1.1" 200 449
120.253.135.82 - - [23/Dec/2022:06:09:40 +0800] "GET /xingrg/all/function/internal_message.html?_=1671746803829&CODE_STATE=getMsg HTTP/1.1" 200 27
120.253.135.82 - - [23/Dec/2022:06:09:49 +0800] "POST /xingrg/kc/pszx/mdps_order_operate.html HTTP/1.1" 200 37
120.253.135.82 - - [23/Dec/2022:06:09:51 +0800] "GET /xingrg/kc/pszx/mdps_order_info.html?code=312022122300431 HTTP/1.1" 200 23978
120.253.135.82 - - [23/Dec/2022:06:09:51 +0800] "GET /xingrg/javascript/easyui/themes/default/validatebox.css HTTP/1.1" 404 1104
120.253.135.82 - - [23/Dec/2022:06:09:51 +0800] "POST /xingrg/kc/pszx/mdps_order_operate.html HTTP/1.1" 200 5325
116.238.139.35 - - [23/Dec/2022:06:10:25 +0800] "GET /xingrg/all/function/internal_message.html?_=1671747041930&CODE_STATE=getMsg HTTP/1.1" 200 27
120.253.135.82 - - [23/Dec/2022:06:10:29 +0800] "GET /xingrg/kc/pszx/mdps_order_operate.html?command=get_materiel&pszx_code=00101&rest_code=00149&base_code=0010250&code=00102034040 HTTP/1.1" 200 443
114.84.38.109 - - [23/Dec/2022:06:10:31 +0800] "GET /xingrg/all/function/internal_message.html?_=1671747061137&CODE_STATE=getMsg HTTP/1.1" 302 -
120.253.135.82 - - [23/Dec/2022:06:10:39 +0800] "POST /xingrg/kc/pszx/mdps_order_operate.html HTTP/1.1" 200 37
120.253.135.82 - - [23/Dec/2022:06:10:40 +0800] "GET /xingrg/kc/pszx/mdps_order_info.html?code=312022122300431 HTTP/1.1" 200 23978
120.253.135.82 - - [23/Dec/2022:06:10:41 +0800] "GET /xingrg/all/function/internal_message.html?_=1671746864159&CODE_STATE=getMsg HTTP/1.1" 200 27
120.253.135.82 - - [23/Dec/2022:06:10:41 +0800] "GET /xingrg/javascript/easyui/themes/default/validatebox.css HTTP/1.1" 404 1104
120.253.135.82 - - [23/Dec/2022:06:10:41 +0800] "POST /xingrg/kc/pszx/mdps_order_operate.html HTTP/1.1" 200 5325
116.238.139.35 - - [23/Dec/2022:06:11:25 +0800] "GET /xingrg/all/function/internal_message.html?_=1671747101930&CODE_STATE=getMsg HTTP/1.1" 200 27
114.84.38.109 - - [23/Dec/2022:06:11:31 +0800] "GET /xingrg/all/function/internal_message.html?_=1671747121156&CODE_STATE=getMsg HTTP/1.1" 302 -
58.221.95.50 - - [23/Dec/2022:06:11:38 +0800] "GET /xingrg/check_reg.html?_=1671747113163 HTTP/1.1" 302 -
120.253.135.82 - - [23/Dec/2022:06:11:41 +0800] "GET /xingrg/all/function/internal_message.html?_=1671746924168&CODE_STATE=getMsg HTTP/1.1" 200 27
120.253.135.82 - - [23/Dec/2022:06:12:19 +0800] "POST /xingrg/kc/pszx/mdps_order_operate.html HTTP/1.1" 200 37
120.253.135.82 - - [23/Dec/2022:06:12:19 +0800] "GET /xingrg/kc/pszx/mdps_order_info.html?code=312022122300431 HTTP/1.1" 200 23978
120.253.135.82 - - [23/Dec/2022:06:12:20 +0800] "GET /xingrg/javascript/easyui/themes/default/validatebox.css HTTP/1.1" 404 1104
120.253.135.82 - - [23/Dec/2022:06:12:20 +0800] "POST /xingrg/kc/pszx/mdps_order_operate.html HTTP/1.1" 200 5325
120.253.135.82 - - [23/Dec/2022:06:12:23 +0800] "POST /xingrg/kc/pszx/mdps_list_operate.html HTTP/1.1" 200 1690
116.238.139.35 - - [23/Dec/2022:06:12:25 +0800] "GET /xingrg/check_reg.html?_=1671747161937 HTTP/1.1" 200 22
116.238.139.35 - - [23/Dec/2022:06:12:25 +0800] "GET /xingrg/all/function/internal_message.html?_=1671747161940&CODE_STATE=getMsg HTTP/1.1" 200 27
114.84.38.109 - - [23/Dec/2022:06:12:31 +0800] "GET /xingrg/all/function/internal_message.html?_=1671747181183&CODE_STATE=getMsg HTTP/1.1" 302 -
120.253.135.82 - - [23/Dec/2022:06:12:33 +0800] "POST /xingrg/kc/pszx/mdps_list_operate.html HTTP/1.1" 200 2044
120.253.135.82 - - [23/Dec/2022:06:12:34 +0800] "POST /xingrg/kc/pszx/mdps_list_operate.html HTTP/1.1" 200 646
120.253.135.82 - - [23/Dec/2022:06:12:37 +0800] "GET /xingrg/kc/pszx/mdps_order_info.html?code=312022122300429 HTTP/1.1" 200 23972
120.253.135.82 - - [23/Dec/2022:06:12:38 +0800] "GET /xingrg/javascript/easyui/themes/default/validatebox.css HTTP/1.1" 404 1104
120.253.135.82 - - [23/Dec/2022:06:12:38 +0800] "POST /xingrg/kc/pszx/mdps_order_operate.html HTTP/1.1" 200 4835
120.253.135.82 - - [23/Dec/2022:06:12:41 +0800] "GET /xingrg/all/function/internal_message.html?_=1671746984182&CODE_STATE=getMsg HTTP/1.1" 200 27
120.253.135.82 - - [23/Dec/2022:06:13:19 +0800] "POST /xingrg/kc/pszx/mdps_list_operate.html HTTP/1.1" 200 2044
114.84.38.109 - - [23/Dec/2022:06:13:20 +0800] "GET /xingrg/check_reg.html?_=1671747229908 HTTP/1.1" 302 -
116.238.139.35 - - [23/Dec/2022:06:13:25 +0800] "GET /xingrg/all/function/internal_message.html?_=1671747221926&CODE_STATE=getMsg HTTP/1.1" 200 27
114.84.38.109 - - [23/Dec/2022:06:13:31 +0800] "GET /xingrg/all/function/internal_message.html?_=1671747241198&CODE_STATE=getMsg HTTP/1.1" 302 -
120.253.135.82 - - [23/Dec/2022:06:13:38 +0800] "POST /xingrg/kc/pszx/mdps_list_operate.html HTTP/1.1" 200 1692
120.253.135.82 - - [23/Dec/2022:06:13:40 +0800] "GET /xingrg/check_reg.html?_=1671747043553 HTTP/1.1" 200 22
120.253.135.82 - - [23/Dec/2022:06:13:41 +0800] "GET /xingrg/all/function/internal_message.html?_=1671747044248&CODE_STATE=getMsg HTTP/1.1" 200 27
120.253.135.82 - - [23/Dec/2022:06:13:41 +0800] "POST /xingrg/kc/pszx/mdps_list_operate.html HTTP/1.1" 200 636
120.253.135.82 - - [23/Dec/2022:06:13:42 +0800] "GET /xingrg/kc/pszx/mdps_order_info.html?code=312022122300428 HTTP/1.1" 200 23978
120.253.135.82 - - [23/Dec/2022:06:13:42 +0800] "GET /xingrg/javascript/easyui/themes/default/validatebox.css HTTP/1.1" 404 1104
120.253.135.82 - - [23/Dec/2022:06:13:42 +0800] "POST /xingrg/kc/pszx/mdps_order_operate.html HTTP/1.1" 200 4829
116.238.139.35 - - [23/Dec/2022:06:14:25 +0800] "GET /xingrg/all/function/internal_message.html?_=1671747281928&CODE_STATE=getMsg HTTP/1.1" 200 27
114.84.38.109 - - [23/Dec/2022:06:14:31 +0800] "GET /xingrg/all/function/internal_message.html?_=1671747301221&CODE_STATE=getMsg HTTP/1.1" 302 -
120.253.135.82 - - [23/Dec/2022:06:14:41 +0800] "GET /xingrg/all/function/internal_message.html?_=1671747104256&CODE_STATE=getMsg HTTP/1.1" 200 27
120.253.135.82 - - [23/Dec/2022:06:14:42 +0800] "POST /xingrg/kc/pszx/mdps_list_operate.html HTTP/1.1" 200 1692
120.253.135.82 - - [23/Dec/2022:06:14:47 +0800] "GET /xingrg/kc/pszx/mdqp_order_list.html?state=10 HTTP/1.1" 200 10275
120.253.135.82 - - [23/Dec/2022:06:14:47 +0800] "GET /xingrg/dwr/interface/AjaxQqpsService.js HTTP/1.1" 200 16326
120.253.135.82 - - [23/Dec/2022:06:14:47 +0800] "GET /xingrg/dwr/interface/AjaxReportQueryService.js HTTP/1.1" 200 13203
120.253.135.82 - - [23/Dec/2022:06:14:47 +0800] "GET /xingrg/dwr/engine.js HTTP/1.1" 200 43631
120.253.135.82 - - [23/Dec/2022:06:14:51 +0800] "GET /xingrg/kc/pszx/mdps_order_list.html?orderType=0 HTTP/1.1" 200 21035
120.253.135.82 - - [23/Dec/2022:06:14:51 +0800] "POST /xingrg/kc/pszx/mdps_list_operate.html HTTP/1.1" 200 5226
120.253.135.82 - - [23/Dec/2022:06:15:08 +0800] "POST /xingrg/kc/pszx/mdps_list_operate.html HTTP/1.1" 200 216
116.238.139.35 - - [23/Dec/2022:06:15:25 +0800] "GET /xingrg/all/function/internal_message.html?_=1671747341929&CODE_STATE=getMsg HTTP/1.1" 200 27
114.84.38.109 - - [23/Dec/2022:06:15:31 +0800] "GET /xingrg/all/function/internal_message.html?_=1671747361226&CODE_STATE=getMsg HTTP/1.1" 302 -
120.253.135.82 - - [23/Dec/2022:06:15:41 +0800] "GET /xingrg/all/function/internal_message.html?_=1671747164270&CODE_STATE=getMsg HTTP/1.1" 200 27
116.238.139.35 - - [23/Dec/2022:06:16:25 +0800] "GET /xingrg/all/function/internal_message.html?_=1671747401937&CODE_STATE=getMsg HTTP/1.1" 200 27
114.84.38.109 - - [23/Dec/2022:06:16:31 +0800] "GET /xingrg/all/function/internal_message.html?_=1671747421250&CODE_STATE=getMsg HTTP/1.1" 302 -
58.221.95.50 - - [23/Dec/2022:06:16:37 +0800] "GET /xingrg/check_reg.html?_=1671747413156 HTTP/1.1" 302 -
120.253.135.82 - - [23/Dec/2022:06:16:41 +0800] "GET /xingrg/all/function/internal_message.html?_=1671747224283&CODE_STATE=getMsg HTTP/1.1" 200 27
116.238.139.35 - - [23/Dec/2022:06:17:25 +0800] "GET /xingrg/all/function/internal_message.html?_=1671747461937&CODE_STATE=getMsg HTTP/1.1" 200 27
116.238.139.35 - - [23/Dec/2022:06:17:25 +0800] "GET /xingrg/check_reg.html?_=1671747461940 HTTP/1.1" 200 22
114.84.38.109 - - [23/Dec/2022:06:17:31 +0800] "GET /xingrg/all/function/internal_message.html?_=1671747481253&CODE_STATE=getMsg HTTP/1.1" 302 -
120.253.135.82 - - [23/Dec/2022:06:17:41 +0800] "GET /xingrg/all/function/internal_message.html?_=1671747284375&CODE_STATE=getMsg HTTP/1.1" 200 27
114.84.38.109 - - [23/Dec/2022:06:18:20 +0800] "GET /xingrg/check_reg.html?_=1671747529919 HTTP/1.1" 302 -
116.238.139.35 - - [23/Dec/2022:06:18:25 +0800] "GET /xingrg/all/function/internal_message.html?_=1671747521941&CODE_STATE=getMsg HTTP/1.1" 200 27
114.84.38.109 - - [23/Dec/2022:06:18:31 +0800] "GET /xingrg/all/function/internal_message.html?_=1671747541275&CODE_STATE=getMsg HTTP/1.1" 302 -
120.253.135.82 - - [23/Dec/2022:06:18:40 +0800] "GET /xingrg/check_reg.html?_=1671747343547 HTTP/1.1" 200 22
120.253.135.82 - - [23/Dec/2022:06:18:41 +0800] "GET /xingrg/all/function/internal_message.html?_=1671747344462&CODE_STATE=getMsg HTTP/1.1" 200 27
120.253.135.82 - - [23/Dec/2022:06:18:57 +0800] "GET /xingrg/kc/pszx/mdqp_order_list.html?state=10 HTTP/1.1" 200 10275
120.253.135.82 - - [23/Dec/2022:06:18:57 +0800] "GET /xingrg/dwr/interface/AjaxQqpsService.js HTTP/1.1" 200 16326
120.253.135.82 - - [23/Dec/2022:06:18:57 +0800] "GET /xingrg/dwr/interface/AjaxReportQueryService.js HTTP/1.1" 200 13203
120.253.135.82 - - [23/Dec/2022:06:18:57 +0800] "GET /xingrg/dwr/engine.js HTTP/1.1" 200 43631
116.238.139.35 - - [23/Dec/2022:06:19:25 +0800] "GET /xingrg/all/function/internal_message.html?_=1671747581948&CODE_STATE=getMsg HTTP/1.1" 200 27
114.84.38.109 - - [23/Dec/2022:06:19:31 +0800] "GET /xingrg/all/function/internal_message.html?_=1671747601280&CODE_STATE=getMsg HTTP/1.1" 302 -
120.253.135.82 - - [23/Dec/2022:06:19:41 +0800] "GET /xingrg/all/function/internal_message.html?_=1671747404541&CODE_STATE=getMsg HTTP/1.1" 200 27
116.238.139.35 - - [23/Dec/2022:06:20:25 +0800] "GET /xingrg/all/function/internal_message.html?_=1671747641951&CODE_STATE=getMsg HTTP/1.1" 200 27
124.79.245.154 - - [23/Dec/2022:06:20:26 +0800] "POST /xingrg/services/DataTransmitService HTTP/1.1" 200 524
114.84.38.109 - - [23/Dec/2022:06:20:31 +0800] "GET /xingrg/all/function/internal_message.html?_=1671747661301&CODE_STATE=getMsg HTTP/1.1" 302 -
120.253.135.82 - - [23/Dec/2022:06:20:41 +0800] "GET /xingrg/all/function/internal_message.html?_=1671747464556&CODE_STATE=getMsg HTTP/1.1" 200 27
116.238.139.35 - - [23/Dec/2022:06:21:25 +0800] "GET /xingrg/all/function/internal_message.html?_=1671747701951&CODE_STATE=getMsg HTTP/1.1" 200 27
114.84.38.109 - - [23/Dec/2022:06:21:31 +0800] "GET /xingrg/all/function/internal_message.html?_=1671747721307&CODE_STATE=getMsg HTTP/1.1" 302 -
58.221.95.50 - - [23/Dec/2022:06:21:38 +0800] "GET /xingrg/check_reg.html?_=1671747713146 HTTP/1.1" 302 -
120.253.135.82 - - [23/Dec/2022:06:21:41 +0800] "GET /xingrg/all/function/internal_message.html?_=1671747524646&CODE_STATE=getMsg HTTP/1.1" 200 27
116.238.139.35 - - [23/Dec/2022:06:22:25 +0800] "GET /xingrg/check_reg.html?_=1671747761954 HTTP/1.1" 200 22
116.238.139.35 - - [23/Dec/2022:06:22:25 +0800] "GET /xingrg/all/function/internal_message.html?_=1671747761958&CODE_STATE=getMsg HTTP/1.1" 200 27
114.84.38.109 - - [23/Dec/2022:06:22:31 +0800] "GET /xingrg/all/function/internal_message.html?_=1671747781331&CODE_STATE=getMsg HTTP/1.1" 302 -
120.253.135.82 - - [23/Dec/2022:06:22:41 +0800] "GET /xingrg/all/function/internal_message.html?_=1671747584660&CODE_STATE=getMsg HTTP/1.1" 200 27
114.84.38.109 - - [23/Dec/2022:06:23:20 +0800] "GET /xingrg/check_reg.html?_=1671747829919 HTTP/1.1" 302 -
116.238.139.35 - - [23/Dec/2022:06:23:25 +0800] "GET /xingrg/all/function/internal_message.html?_=1671747821944&CODE_STATE=getMsg HTTP/1.1" 200 27
114.84.38.109 - - [23/Dec/2022:06:23:31 +0800] "GET /xingrg/all/function/internal_message.html?_=1671747841334&CODE_STATE=getMsg HTTP/1.1" 302 -
120.253.135.82 - - [23/Dec/2022:06:23:40 +0800] "GET /xingrg/check_reg.html?_=1671747643627 HTTP/1.1" 200 22
120.253.135.82 - - [23/Dec/2022:06:23:41 +0800] "GET /xingrg/all/function/internal_message.html?_=1671747644675&CODE_STATE=getMsg HTTP/1.1" 200 27
116.238.139.35 - - [23/Dec/2022:06:24:25 +0800] "GET /xingrg/all/function/internal_message.html?_=1671747881945&CODE_STATE=getMsg HTTP/1.1" 200 27
114.84.38.109 - - [23/Dec/2022:06:24:31 +0800] "GET /xingrg/all/function/internal_message.html?_=1671747901358&CODE_STATE=getMsg HTTP/1.1" 302 -
120.253.135.82 - - [23/Dec/2022:06:24:41 +0800] "GET /xingrg/all/function/internal_message.html?_=1671747704688&CODE_STATE=getMsg HTTP/1.1" 200 27
116.238.139.35 - - [23/Dec/2022:06:25:25 +0800] "GET /xingrg/all/function/internal_message.html?_=1671747941952&CODE_STATE=getMsg HTTP/1.1" 200 27
114.84.38.109 - - [23/Dec/2022:06:25:31 +0800] "GET /xingrg/all/function/internal_message.html?_=1671747961361&CODE_STATE=getMsg HTTP/1.1" 302 -
120.253.135.82 - - [23/Dec/2022:06:25:41 +0800] "GET /xingrg/all/function/internal_message.html?_=1671747764702&CODE_STATE=getMsg HTTP/1.1" 200 27
116.238.139.35 - - [23/Dec/2022:06:26:25 +0800] "GET /xingrg/all/function/internal_message.html?_=1671748001953&CODE_STATE=getMsg HTTP/1.1" 200 27
114.84.38.109 - - [23/Dec/2022:06:26:31 +0800] "GET /xingrg/all/function/internal_message.html?_=1671748021386&CODE_STATE=getMsg HTTP/1.1" 302 -
58.221.95.50 - - [23/Dec/2022:06:26:37 +0800] "GET /xingrg/check_reg.html?_=1671748013129 HTTP/1.1" 302 -
120.253.135.82 - - [23/Dec/2022:06:26:41 +0800] "GET /xingrg/all/function/internal_message.html?_=1671747824715&CODE_STATE=getMsg HTTP/1.1" 200 27
116.238.139.35 - - [23/Dec/2022:06:27:25 +0800] "GET /xingrg/all/function/internal_message.html?_=1671748061954&CODE_STATE=getMsg HTTP/1.1" 200 27
116.238.139.35 - - [23/Dec/2022:06:27:25 +0800] "GET /xingrg/check_reg.html?_=1671748061962 HTTP/1.1" 200 22
114.84.38.109 - - [23/Dec/2022:06:27:31 +0800] "GET /xingrg/all/function/internal_message.html?_=1671748081389&CODE_STATE=getMsg HTTP/1.1" 302 -
120.253.135.82 - - [23/Dec/2022:06:27:41 +0800] "GET /xingrg/all/function/internal_message.html?_=1671747884728&CODE_STATE=getMsg HTTP/1.1" 200 27
114.84.38.109 - - [23/Dec/2022:06:28:20 +0800] "GET /xingrg/check_reg.html?_=1671748129933 HTTP/1.1" 302 -
116.238.139.35 - - [23/Dec/2022:06:28:25 +0800] "GET /xingrg/all/function/internal_message.html?_=1671748121962&CODE_STATE=getMsg HTTP/1.1" 200 27
114.84.38.109 - - [23/Dec/2022:06:28:31 +0800] "GET /xingrg/all/function/internal_message.html?_=1671748141420&CODE_STATE=getMsg HTTP/1.1" 302 -
120.253.135.82 - - [23/Dec/2022:06:28:40 +0800] "GET /xingrg/check_reg.html?_=1671747943619 HTTP/1.1" 200 22
120.253.135.82 - - [23/Dec/2022:06:28:41 +0800] "GET /xingrg/all/function/internal_message.html?_=1671747944742&CODE_STATE=getMsg HTTP/1.1" 200 27
116.238.139.35 - - [23/Dec/2022:06:29:25 +0800] "GET /xingrg/all/function/internal_message.html?_=1671748181964&CODE_STATE=getMsg HTTP/1.1" 200 27
114.84.38.109 - - [23/Dec/2022:06:29:31 +0800] "GET /xingrg/all/function/internal_message.html?_=1671748201431&CODE_STATE=getMsg HTTP/1.1" 302 -
120.253.135.82 - - [23/Dec/2022:06:29:41 +0800] "GET /xingrg/all/function/internal_message.html?_=1671748004755&CODE_STATE=getMsg HTTP/1.1" 200 27
222.70.177.10 - - [23/Dec/2022:06:30:17 +0800] "POST /xingrg/services/DataTransmitService HTTP/1.1" 200 524
116.238.139.35 - - [23/Dec/2022:06:30:25 +0800] "GET /xingrg/all/function/internal_message.html?_=1671748241965&CODE_STATE=getMsg HTTP/1.1" 200 27
114.84.38.109 - - [23/Dec/2022:06:30:31 +0800] "GET /xingrg/all/function/internal_message.html?_=1671748261456&CODE_STATE=getMsg HTTP/1.1" 302 -
120.253.135.82 - - [23/Dec/2022:06:30:41 +0800] "GET /xingrg/all/function/internal_message.html?_=1671748064770&CODE_STATE=getMsg HTTP/1.1" 200 27
116.238.139.35 - - [23/Dec/2022:06:31:25 +0800] "GET /xingrg/all/function/internal_message.html?_=1671748301970&CODE_STATE=getMsg HTTP/1.1" 200 27
114.84.38.109 - - [23/Dec/2022:06:31:31 +0800] "GET /xingrg/all/function/internal_message.html?_=1671748321458&CODE_STATE=getMsg HTTP/1.1" 302 -
58.221.95.50 - - [23/Dec/2022:06:31:37 +0800] "GET /xingrg/check_reg.html?_=1671748313116 HTTP/1.1" 302 -
120.253.135.82 - - [23/Dec/2022:06:31:41 +0800] "GET /xingrg/all/function/internal_message.html?_=1671748124896&CODE_STATE=getMsg HTTP/1.1" 200 27
116.238.139.35 - - [23/Dec/2022:06:32:25 +0800] "GET /xingrg/check_reg.html?_=1671748361957 HTTP/1.1" 200 22
116.238.139.35 - - [23/Dec/2022:06:32:25 +0800] "GET /xingrg/all/function/internal_message.html?_=1671748361959&CODE_STATE=getMsg HTTP/1.1" 200 27
114.84.38.109 - - [23/Dec/2022:06:32:31 +0800] "GET /xingrg/all/function/internal_message.html?_=1671748381483&CODE_STATE=getMsg HTTP/1.1" 302 -
120.253.135.82 - - [23/Dec/2022:06:32:41 +0800] "GET /xingrg/all/function/internal_message.html?_=1671748184906&CODE_STATE=getMsg HTTP/1.1" 200 27
114.84.38.109 - - [23/Dec/2022:06:33:20 +0800] "GET /xingrg/check_reg.html?_=1671748429930 HTTP/1.1" 302 -
116.238.139.35 - - [23/Dec/2022:06:33:25 +0800] "GET /xingrg/all/function/internal_message.html?_=1671748421961&CODE_STATE=getMsg HTTP/1.1" 200 27
114.84.38.109 - - [23/Dec/2022:06:33:31 +0800] "GET /xingrg/all/function/internal_message.html?_=1671748441486&CODE_STATE=getMsg HTTP/1.1" 302 -
120.253.135.82 - - [23/Dec/2022:06:33:41 +0800] "GET /xingrg/check_reg.html?_=1671748243738 HTTP/1.1" 200 22
120.253.135.82 - - [23/Dec/2022:06:33:41 +0800] "GET /xingrg/all/function/internal_message.html?_=1671748244919&CODE_STATE=getMsg HTTP/1.1" 200 27
116.238.139.35 - - [23/Dec/2022:06:34:25 +0800] "GET /xingrg/all/function/internal_message.html?_=1671748481964&CODE_STATE=getMsg HTTP/1.1" 200 27
114.84.81.136 - - [23/Dec/2022:06:34:27 +0800] "POST /xingrg/services/DataTransmitService HTTP/1.1" 200 524
114.84.38.109 - - [23/Dec/2022:06:34:31 +0800] "GET /xingrg/all/function/internal_message.html?_=1671748501506&CODE_STATE=getMsg HTTP/1.1" 302 -
120.253.135.82 - - [23/Dec/2022:06:34:41 +0800] "GET /xingrg/all/function/internal_message.html?_=1671748304932&CODE_STATE=getMsg HTTP/1.1" 200 27
116.238.139.35 - - [23/Dec/2022:06:35:25 +0800] "GET /xingrg/all/function/internal_message.html?_=1671748541966&CODE_STATE=getMsg HTTP/1.1" 200 27
114.84.38.109 - - [23/Dec/2022:06:35:31 +0800] "GET /xingrg/all/function/internal_message.html?_=1671748561513&CODE_STATE=getMsg HTTP/1.1" 302 -
120.253.135.82 - - [23/Dec/2022:06:35:41 +0800] "GET /xingrg/all/function/internal_message.html?_=1671748364948&CODE_STATE=getMsg HTTP/1.1" 200 27
116.238.139.35 - - [23/Dec/2022:06:36:25 +0800] "GET /xingrg/all/function/internal_message.html?_=1671748601968&CODE_STATE=getMsg HTTP/1.1" 200 27
114.84.38.109 - - [23/Dec/2022:06:36:32 +0800] "GET /xingrg/all/function/internal_message.html?_=1671748621538&CODE_STATE=getMsg HTTP/1.1" 302 -
58.221.95.50 - - [23/Dec/2022:06:36:37 +0800] "GET /xingrg/check_reg.html?_=1671748613111 HTTP/1.1" 302 -
120.253.135.82 - - [23/Dec/2022:06:36:42 +0800] "GET /xingrg/all/function/internal_message.html?_=1671748425073&CODE_STATE=getMsg HTTP/1.1" 200 27
116.238.139.35 - - [23/Dec/2022:06:37:25 +0800] "GET /xingrg/check_reg.html?_=1671748661970 HTTP/1.1" 200 22
116.238.139.35 - - [23/Dec/2022:06:37:25 +0800] "GET /xingrg/all/function/internal_message.html?_=1671748661977&CODE_STATE=getMsg HTTP/1.1" 200 27
114.84.38.109 - - [23/Dec/2022:06:37:32 +0800] "GET /xingrg/all/function/internal_message.html?_=1671748681540&CODE_STATE=getMsg HTTP/1.1" 302 -
120.253.135.82 - - [23/Dec/2022:06:37:42 +0800] "GET /xingrg/all/function/internal_message.html?_=1671748485083&CODE_STATE=getMsg HTTP/1.1" 200 27
114.84.38.109 - - [23/Dec/2022:06:38:20 +0800] "GET /xingrg/check_reg.html?_=1671748729940 HTTP/1.1" 302 -
116.238.139.35 - - [23/Dec/2022:06:38:25 +0800] "GET /xingrg/all/function/internal_message.html?_=1671748721978&CODE_STATE=getMsg HTTP/1.1" 200 27
114.84.38.109 - - [23/Dec/2022:06:38:32 +0800] "GET /xingrg/all/function/internal_message.html?_=1671748741565&CODE_STATE=getMsg HTTP/1.1" 302 -
120.253.135.82 - - [23/Dec/2022:06:38:40 +0800] "GET /xingrg/check_reg.html?_=1671748543855 HTTP/1.1" 200 22
120.253.135.82 - - [23/Dec/2022:06:38:42 +0800] "GET /xingrg/all/function/internal_message.html?_=1671748545099&CODE_STATE=getMsg HTTP/1.1" 200 27
116.238.139.35 - - [23/Dec/2022:06:39:25 +0800] "GET /xingrg/all/function/internal_message.html?_=1671748781979&CODE_STATE=getMsg HTTP/1.1" 200 27
114.84.38.109 - - [23/Dec/2022:06:39:32 +0800] "GET /xingrg/all/function/internal_message.html?_=1671748801567&CODE_STATE=getMsg HTTP/1.1" 302 -
120.253.135.82 - - [23/Dec/2022:06:39:42 +0800] "GET /xingrg/all/function/internal_message.html?_=1671748605114&CODE_STATE=getMsg HTTP/1.1" 200 27
114.84.38.109 - - [23/Dec/2022:06:40:24 +0800] "POST /xingrg/services/DataTransmitService HTTP/1.1" 200 524
116.238.139.35 - - [23/Dec/2022:06:40:25 +0800] "GET /xingrg/all/function/internal_message.html?_=1671748841981&CODE_STATE=getMsg HTTP/1.1" 200 27
114.84.38.109 - - [23/Dec/2022:06:40:32 +0800] "GET /xingrg/all/function/internal_message.html?_=1671748861589&CODE_STATE=getMsg HTTP/1.1" 302 -
120.253.135.82 - - [23/Dec/2022:06:40:42 +0800] "GET /xingrg/all/function/internal_message.html?_=1671748665125&CODE_STATE=getMsg HTTP/1.1" 200 27
116.238.139.35 - - [23/Dec/2022:06:41:25 +0800] "GET /xingrg/all/function/internal_message.html?_=1671748901982&CODE_STATE=getMsg HTTP/1.1" 200 27
114.84.38.109 - - [23/Dec/2022:06:41:32 +0800] "GET /xingrg/all/function/internal_message.html?_=1671748921595&CODE_STATE=getMsg HTTP/1.1" 302 -
58.221.95.50 - - [23/Dec/2022:06:41:37 +0800] "GET /xingrg/check_reg.html?_=1671748913096 HTTP/1.1" 302 -
120.253.135.82 - - [23/Dec/2022:06:41:42 +0800] "GET /xingrg/all/function/internal_message.html?_=1671748725330&CODE_STATE=getMsg HTTP/1.1" 200 27
116.238.139.35 - - [23/Dec/2022:06:42:25 +0800] "GET /xingrg/check_reg.html?_=1671748961982 HTTP/1.1" 200 22
116.238.139.35 - - [23/Dec/2022:06:42:25 +0800] "GET /xingrg/all/function/internal_message.html?_=1671748961985&CODE_STATE=getMsg HTTP/1.1" 200 27
114.84.38.109 - - [23/Dec/2022:06:42:32 +0800] "GET /xingrg/all/function/internal_message.html?_=1671748981620&CODE_STATE=getMsg HTTP/1.1" 302 -
120.253.135.82 - - [23/Dec/2022:06:42:42 +0800] "GET /xingrg/all/function/internal_message.html?_=1671748785338&CODE_STATE=getMsg HTTP/1.1" 200 27
114.84.38.109 - - [23/Dec/2022:06:43:20 +0800] "GET /xingrg/check_reg.html?_=1671749029941 HTTP/1.1" 302 -
116.238.139.35 - - [23/Dec/2022:06:43:25 +0800] "GET /xingrg/all/function/internal_message.html?_=1671749021972&CODE_STATE=getMsg HTTP/1.1" 200 27
114.84.38.109 - - [23/Dec/2022:06:43:32 +0800] "GET /xingrg/all/function/internal_message.html?_=1671749041621&CODE_STATE=getMsg HTTP/1.1" 302 -
120.253.135.82 - - [23/Dec/2022:06:43:40 +0800] "GET /xingrg/check_reg.html?_=1671748843953 HTTP/1.1" 200 22
120.253.135.82 - - [23/Dec/2022:06:43:42 +0800] "GET /xingrg/all/function/internal_message.html?_=1671748845351&CODE_STATE=getMsg HTTP/1.1" 200 27
116.238.139.35 - - [23/Dec/2022:06:44:25 +0800] "GET /xingrg/all/function/internal_message.html?_=1671749081973&CODE_STATE=getMsg HTTP/1.1" 200 27
114.84.38.109 - - [23/Dec/2022:06:44:32 +0800] "GET /xingrg/all/function/internal_message.html?_=1671749101644&CODE_STATE=getMsg HTTP/1.1" 302 -
120.253.135.82 - - [23/Dec/2022:06:44:42 +0800] "GET /xingrg/all/function/internal_message.html?_=1671748905365&CODE_STATE=getMsg HTTP/1.1" 200 27
116.238.139.35 - - [23/Dec/2022:06:45:25 +0800] "GET /xingrg/all/function/internal_message.html?_=1671749141973&CODE_STATE=getMsg HTTP/1.1" 200 27
114.84.38.109 - - [23/Dec/2022:06:45:32 +0800] "GET /xingrg/all/function/internal_message.html?_=1671749161649&CODE_STATE=getMsg HTTP/1.1" 302 -
120.253.135.82 - - [23/Dec/2022:06:45:42 +0800] "GET /xingrg/all/function/internal_message.html?_=1671748965379&CODE_STATE=getMsg HTTP/1.1" 200 27
116.238.139.35 - - [23/Dec/2022:06:46:25 +0800] "GET /xingrg/all/function/internal_message.html?_=1671749201973&CODE_STATE=getMsg HTTP/1.1" 200 27
114.84.38.109 - - [23/Dec/2022:06:46:32 +0800] "GET /xingrg/all/function/internal_message.html?_=1671749221673&CODE_STATE=getMsg HTTP/1.1" 302 -
58.221.95.50 - - [23/Dec/2022:06:46:37 +0800] "GET /xingrg/check_reg.html?_=1671749213080 HTTP/1.1" 302 -
120.253.135.82 - - [23/Dec/2022:06:46:42 +0800] "GET /xingrg/all/function/internal_message.html?_=1671749025516&CODE_STATE=getMsg HTTP/1.1" 200 27
116.238.139.35 - - [23/Dec/2022:06:47:25 +0800] "GET /xingrg/all/function/internal_message.html?_=1671749261990&CODE_STATE=getMsg HTTP/1.1" 200 27
116.238.139.35 - - [23/Dec/2022:06:47:25 +0800] "GET /xingrg/check_reg.html?_=1671749261993 HTTP/1.1" 200 22
114.84.38.109 - - [23/Dec/2022:06:47:32 +0800] "GET /xingrg/all/function/internal_message.html?_=1671749281691&CODE_STATE=getMsg HTTP/1.1" 302 -
120.253.135.82 - - [23/Dec/2022:06:47:42 +0800] "GET /xingrg/all/function/internal_message.html?_=1671749085535&CODE_STATE=getMsg HTTP/1.1" 200 27
114.84.38.109 - - [23/Dec/2022:06:48:20 +0800] "GET /xingrg/check_reg.html?_=1671749329952 HTTP/1.1" 302 -
116.238.139.35 - - [23/Dec/2022:06:48:25 +0800] "GET /xingrg/all/function/internal_message.html?_=1671749321996&CODE_STATE=getMsg HTTP/1.1" 200 27
114.84.38.109 - - [23/Dec/2022:06:48:32 +0800] "GET /xingrg/all/function/internal_message.html?_=1671749341718&CODE_STATE=getMsg HTTP/1.1" 302 -
120.253.135.82 - - [23/Dec/2022:06:48:41 +0800] "GET /xingrg/check_reg.html?_=1671749144082 HTTP/1.1" 200 22
120.253.135.82 - - [23/Dec/2022:06:48:42 +0800] "GET /xingrg/all/function/internal_message.html?_=1671749145548&CODE_STATE=getMsg HTTP/1.1" 200 27
116.238.139.35 - - [23/Dec/2022:06:49:25 +0800] "GET /xingrg/all/function/internal_message.html?_=1671749381995&CODE_STATE=getMsg HTTP/1.1" 200 27
114.84.38.109 - - [23/Dec/2022:06:49:32 +0800] "GET /xingrg/all/function/internal_message.html?_=1671749401719&CODE_STATE=getMsg HTTP/1.1" 302 -
116.238.139.35 - - [23/Dec/2022:06:50:25 +0800] "GET /xingrg/all/function/internal_message.html?_=1671749441999&CODE_STATE=getMsg HTTP/1.1" 200 27
114.84.38.109 - - [23/Dec/2022:06:50:32 +0800] "GET /xingrg/all/function/internal_message.html?_=1671749461742&CODE_STATE=getMsg HTTP/1.1" 302 -
116.238.139.35 - - [23/Dec/2022:06:51:25 +0800] "GET /xingrg/all/function/internal_message.html?_=1671749502001&CODE_STATE=getMsg HTTP/1.1" 200 27
114.84.38.109 - - [23/Dec/2022:06:51:32 +0800] "GET /xingrg/all/function/internal_message.html?_=1671749521746&CODE_STATE=getMsg HTTP/1.1" 302 -
58.221.95.50 - - [23/Dec/2022:06:51:37 +0800] "GET /xingrg/check_reg.html?_=1671749513069 HTTP/1.1" 302 -
116.238.139.35 - - [23/Dec/2022:06:52:25 +0800] "GET /xingrg/check_reg.html?_=1671749562002 HTTP/1.1" 200 22
116.238.139.35 - - [23/Dec/2022:06:52:25 +0800] "GET /xingrg/all/function/internal_message.html?_=1671749562005&CODE_STATE=getMsg HTTP/1.1" 200 27
114.84.38.109 - - [23/Dec/2022:06:52:32 +0800] "GET /xingrg/all/function/internal_message.html?_=1671749581771&CODE_STATE=getMsg HTTP/1.1" 302 -
114.84.38.109 - - [23/Dec/2022:06:53:20 +0800] "GET /xingrg/check_reg.html?_=1671749629952 HTTP/1.1" 302 -
116.238.139.35 - - [23/Dec/2022:06:53:25 +0800] "GET /xingrg/all/function/internal_message.html?_=1671749621990&CODE_STATE=getMsg HTTP/1.1" 200 27
114.84.38.109 - - [23/Dec/2022:06:53:32 +0800] "GET /xingrg/all/function/internal_message.html?_=1671749641773&CODE_STATE=getMsg HTTP/1.1" 302 -
116.238.139.35 - - [23/Dec/2022:06:54:25 +0800] "GET /xingrg/all/function/internal_message.html?_=1671749681991&CODE_STATE=getMsg HTTP/1.1" 200 27
114.84.38.109 - - [23/Dec/2022:06:54:32 +0800] "GET /xingrg/all/function/internal_message.html?_=1671749701799&CODE_STATE=getMsg HTTP/1.1" 302 -
222.64.58.181 - - [23/Dec/2022:06:55:15 +0800] "POST /xingrg/services/DataTransmitService HTTP/1.1" 200 524
116.238.139.35 - - [23/Dec/2022:06:55:25 +0800] "GET /xingrg/all/function/internal_message.html?_=1671749741992&CODE_STATE=getMsg HTTP/1.1" 200 27
114.84.38.109 - - [23/Dec/2022:06:55:32 +0800] "GET /xingrg/all/function/internal_message.html?_=1671749761801&CODE_STATE=getMsg HTTP/1.1" 302 -
116.238.139.35 - - [23/Dec/2022:06:56:25 +0800] "GET /xingrg/all/function/internal_message.html?_=1671749801995&CODE_STATE=getMsg HTTP/1.1" 200 27
114.84.38.109 - - [23/Dec/2022:06:56:32 +0800] "GET /xingrg/all/function/internal_message.html?_=1671749821827&CODE_STATE=getMsg HTTP/1.1" 302 -
58.221.95.50 - - [23/Dec/2022:06:56:37 +0800] "GET /xingrg/check_reg.html?_=1671749813061 HTTP/1.1" 302 -
116.238.139.35 - - [23/Dec/2022:06:57:25 +0800] "GET /xingrg/all/function/internal_message.html?_=1671749862009&CODE_STATE=getMsg HTTP/1.1" 200 27
116.238.139.35 - - [23/Dec/2022:06:57:25 +0800] "GET /xingrg/check_reg.html?_=1671749862012 HTTP/1.1" 200 22
114.84.38.109 - - [23/Dec/2022:06:57:32 +0800] "GET /xingrg/all/function/internal_message.html?_=1671749881827&CODE_STATE=getMsg HTTP/1.1" 302 -
114.84.38.109 - - [23/Dec/2022:06:58:20 +0800] "GET /xingrg/check_reg.html?_=1671749929970 HTTP/1.1" 302 -
116.238.139.35 - - [23/Dec/2022:06:58:25 +0800] "GET /xingrg/all/function/internal_message.html?_=1671749922034&CODE_STATE=getMsg HTTP/1.1" 200 27
114.84.38.109 - - [23/Dec/2022:06:58:32 +0800] "GET /xingrg/all/function/internal_message.html?_=1671749941857&CODE_STATE=getMsg HTTP/1.1" 302 -
116.238.139.35 - - [23/Dec/2022:06:59:25 +0800] "GET /xingrg/all/function/internal_message.html?_=1671749982009&CODE_STATE=getMsg HTTP/1.1" 200 27
114.84.38.109 - - [23/Dec/2022:06:59:32 +0800] "GET /xingrg/all/function/internal_message.html?_=1671750001870&CODE_STATE=getMsg HTTP/1.1" 302 -
116.238.139.35 - - [23/Dec/2022:07:00:25 +0800] "GET /xingrg/all/function/internal_message.html?_=1671750042009&CODE_STATE=getMsg HTTP/1.1" 200 27
