116.237.77.129 - - [23/Dec/2022:16:29:32 +0800] "GET /xingrg/all/function/internal_message.html?_=1671784184811&CODE_STATE=getMsg HTTP/1.1" 200 27
114.88.159.190 - - [23/Dec/2022:16:29:32 +0800] "GET /xingrg/all/function/internal_message.html?_=1671784186666&CODE_STATE=getMsg HTTP/1.1" 200 27
180.163.29.217 - - [23/Dec/2022:16:29:35 +0800] "GET /xingrg/login.html HTTP/1.1" 200 7641
114.84.38.109 - - [23/Dec/2022:16:29:40 +0800] "GET /xingrg/all/function/internal_message.html?_=1671784211501&CODE_STATE=getMsg HTTP/1.1" 302 -
222.70.177.10 - - [23/Dec/2022:16:29:42 +0800] "POST /xingrg/kc/buy/cgsh_list_operate.html HTTP/1.1" 200 986
222.70.177.10 - - [23/Dec/2022:16:29:50 +0800] "POST /xingrg/kc/buy/cgsh_list_operate.html HTTP/1.1" 200 986
114.84.38.109 - - [23/Dec/2022:16:29:54 +0800] "GET /xingrg/all/function/internal_message.html?_=1671784227913&CODE_STATE=getMsg HTTP/1.1" 200 27
101.80.225.213 - - [23/Dec/2022:16:29:56 +0800] "GET /xingrg/all/function/internal_message.html?_=1671784213718&CODE_STATE=getMsg HTTP/1.1" 200 27
101.80.225.213 - - [23/Dec/2022:16:29:56 +0800] "GET /xingrg/check_reg.html?_=1671784213719 HTTP/1.1" 200 22
114.84.171.241 - - [23/Dec/2022:16:30:10 +0800] "GET /xingrg/all/function/internal_message.html?_=1671784224686&CODE_STATE=getMsg HTTP/1.1" 200 27
222.70.177.10 - - [23/Dec/2022:16:30:11 +0800] "GET /xingrg/check_reg.html?_=1671784249869 HTTP/1.1" 200 22
222.70.177.10 - - [23/Dec/2022:16:30:11 +0800] "GET /xingrg/all/function/internal_message.html?_=1671784249870&CODE_STATE=getMsg HTTP/1.1" 200 27
116.192.124.172 - - [23/Dec/2022:16:30:20 +0800] "GET /xingrg/all/function/internal_message.html?_=1671784262068&CODE_STATE=getMsg HTTP/1.1" 200 27
116.192.124.172 - - [23/Dec/2022:16:30:23 +0800] "GET /xingrg/all/function/internal_message.html?_=1671784246577&CODE_STATE=getMsg HTTP/1.1" 200 27
180.162.115.136 - - [23/Dec/2022:16:30:24 +0800] "GET /xingrg/all/function/internal_message.html?_=1671783241081&CODE_STATE=getMsg HTTP/1.1" 200 27
116.238.139.35 - - [23/Dec/2022:16:30:30 +0800] "GET /xingrg/all/function/internal_message.html?_=1671784247032&CODE_STATE=getMsg HTTP/1.1" 200 27
180.163.29.219 - - [23/Dec/2022:16:30:32 +0800] "GET /xingrg/all/function/internal_message.html?_=1671784184811&CODE_STATE=getMsg HTTP/1.1" 302 -
116.237.77.129 - - [23/Dec/2022:16:30:32 +0800] "GET /xingrg/all/function/internal_message.html?_=1671784244793&CODE_STATE=getMsg HTTP/1.1" 200 27
114.88.159.190 - - [23/Dec/2022:16:30:32 +0800] "GET /xingrg/all/function/internal_message.html?_=1671784246665&CODE_STATE=getMsg HTTP/1.1" 200 27
114.88.159.190 - - [23/Dec/2022:16:30:32 +0800] "GET /xingrg/check_reg.html?_=1671784246664 HTTP/1.1" 200 22
180.163.29.219 - - [23/Dec/2022:16:30:35 +0800] "GET /xingrg/login.html HTTP/1.1" 200 7641
114.84.38.109 - - [23/Dec/2022:16:30:40 +0800] "GET /xingrg/all/function/internal_message.html?_=1671784271529&CODE_STATE=getMsg HTTP/1.1" 302 -
114.84.38.109 - - [23/Dec/2022:16:30:45 +0800] "GET /xingrg/check_reg.html?_=1671784278783 HTTP/1.1" 200 22
114.84.38.109 - - [23/Dec/2022:16:30:54 +0800] "GET /xingrg/all/function/internal_message.html?_=1671784287923&CODE_STATE=getMsg HTTP/1.1" 200 27
101.80.225.213 - - [23/Dec/2022:16:30:56 +0800] "GET /xingrg/all/function/internal_message.html?_=1671784273712&CODE_STATE=getMsg HTTP/1.1" 200 27
114.84.171.241 - - [23/Dec/2022:16:31:10 +0800] "GET /xingrg/all/function/internal_message.html?_=1671784284673&CODE_STATE=getMsg HTTP/1.1" 200 27
222.70.177.10 - - [23/Dec/2022:16:31:11 +0800] "GET /xingrg/all/function/internal_message.html?_=1671784309866&CODE_STATE=getMsg HTTP/1.1" 200 27
116.192.124.172 - - [23/Dec/2022:16:31:20 +0800] "GET /xingrg/all/function/internal_message.html?_=1671784322041&CODE_STATE=getMsg HTTP/1.1" 200 27
116.192.124.172 - - [23/Dec/2022:16:31:23 +0800] "GET /xingrg/all/function/internal_message.html?_=1671784306582&CODE_STATE=getMsg HTTP/1.1" 200 27
180.162.115.136 - - [23/Dec/2022:16:31:24 +0800] "GET /xingrg/all/function/internal_message.html?_=1671783301081&CODE_STATE=getMsg HTTP/1.1" 200 27
116.238.139.35 - - [23/Dec/2022:16:31:30 +0800] "GET /xingrg/all/function/internal_message.html?_=1671784307004&CODE_STATE=getMsg HTTP/1.1" 200 27
180.163.28.55 - - [23/Dec/2022:16:31:32 +0800] "GET /xingrg/all/function/internal_message.html?_=1671784244793&CODE_STATE=getMsg HTTP/1.1" 302 -
180.163.28.55 - - [23/Dec/2022:16:31:32 +0800] "GET /xingrg/login.html HTTP/1.1" 200 7641
116.237.77.129 - - [23/Dec/2022:16:31:32 +0800] "GET /xingrg/all/function/internal_message.html?_=1671784304762&CODE_STATE=getMsg HTTP/1.1" 200 27
114.88.159.190 - - [23/Dec/2022:16:31:32 +0800] "GET /xingrg/all/function/internal_message.html?_=1671784306663&CODE_STATE=getMsg HTTP/1.1" 200 27
58.221.95.50 - - [23/Dec/2022:16:31:36 +0800] "GET /xingrg/check_reg.html?_=1671784311586 HTTP/1.1" 302 -
116.237.77.129 - - [23/Dec/2022:16:31:38 +0800] "GET /xingrg/check_reg.html?_=1671784310743 HTTP/1.1" 200 22
114.84.38.109 - - [23/Dec/2022:16:31:40 +0800] "GET /xingrg/all/function/internal_message.html?_=1671784331545&CODE_STATE=getMsg HTTP/1.1" 302 -
114.84.38.109 - - [23/Dec/2022:16:31:54 +0800] "GET /xingrg/all/function/internal_message.html?_=1671784347937&CODE_STATE=getMsg HTTP/1.1" 200 27
101.80.225.213 - - [23/Dec/2022:16:31:56 +0800] "GET /xingrg/all/function/internal_message.html?_=1671784333727&CODE_STATE=getMsg HTTP/1.1" 200 27
114.84.171.241 - - [23/Dec/2022:16:32:10 +0800] "GET /xingrg/all/function/internal_message.html?_=1671784344684&CODE_STATE=getMsg HTTP/1.1" 200 27
222.70.177.10 - - [23/Dec/2022:16:32:11 +0800] "GET /xingrg/all/function/internal_message.html?_=1671784369858&CODE_STATE=getMsg HTTP/1.1" 200 27
114.84.171.241 - - [23/Dec/2022:16:32:20 +0800] "GET /xingrg/login.html HTTP/1.1" 200 7641
116.192.124.172 - - [23/Dec/2022:16:32:20 +0800] "GET /xingrg/all/function/internal_message.html?_=1671784382018&CODE_STATE=getMsg HTTP/1.1" 200 27
114.84.171.241 - - [23/Dec/2022:16:32:21 +0800] "GET /favicon.ico HTTP/1.1" 404 -
116.192.124.172 - - [23/Dec/2022:16:32:23 +0800] "GET /xingrg/all/function/internal_message.html?_=1671784366582&CODE_STATE=getMsg HTTP/1.1" 200 27
180.162.115.136 - - [23/Dec/2022:16:32:24 +0800] "GET /xingrg/all/function/internal_message.html?_=1671783361081&CODE_STATE=getMsg HTTP/1.1" 200 27
116.192.124.172 - - [23/Dec/2022:16:32:25 +0800] "GET /xingrg/check_reg.html?_=1671784387568 HTTP/1.1" 200 22
116.238.139.35 - - [23/Dec/2022:16:32:30 +0800] "GET /xingrg/all/function/internal_message.html?_=1671784366978&CODE_STATE=getMsg HTTP/1.1" 200 27
180.163.29.234 - - [23/Dec/2022:16:32:32 +0800] "GET /xingrg/all/function/internal_message.html?_=1671784304762&CODE_STATE=getMsg HTTP/1.1" 302 -
116.237.77.129 - - [23/Dec/2022:16:32:32 +0800] "GET /xingrg/all/function/internal_message.html?_=1671784364731&CODE_STATE=getMsg HTTP/1.1" 200 27
180.163.29.234 - - [23/Dec/2022:16:32:32 +0800] "GET /xingrg/login.html HTTP/1.1" 200 7641
114.88.159.190 - - [23/Dec/2022:16:32:32 +0800] "GET /xingrg/all/function/internal_message.html?_=1671784366662&CODE_STATE=getMsg HTTP/1.1" 200 27
114.84.171.241 - - [23/Dec/2022:16:32:32 +0800] "POST /xingrg/login.do HTTP/1.1" 302 -
114.84.171.241 - - [23/Dec/2022:16:32:32 +0800] "GET /xingrg/index.html?sysBaseUrl=http%3A%2F%2F180.169.147.146%3A18081%2Fxingrg%2F&costTime=38×tamp=1671784352836 HTTP/1.1" 200 17179
114.84.171.241 - - [23/Dec/2022:16:32:33 +0800] "GET /favicon.ico HTTP/1.1" 404 -
114.84.171.241 - - [23/Dec/2022:16:32:33 +0800] "POST /xingrg/all/common/load_tree.html?tree=area_rest_tree_json&manage=1 HTTP/1.1" 200 351
114.84.171.241 - - [23/Dec/2022:16:32:33 +0800] "GET /xingrg/all/function/internal_message.html?_=1671784367033&CODE_STATE=count HTTP/1.1" 200 11
114.84.171.241 - - [23/Dec/2022:16:32:33 +0800] "GET /xingrg/check_reg.html?_=1671784367034 HTTP/1.1" 200 22
114.84.171.241 - - [23/Dec/2022:16:32:33 +0800] "POST /xingrg/load_menu.html HTTP/1.1" 200 5138
114.84.171.241 - - [23/Dec/2022:16:32:37 +0800] "GET /xingrg/kc/buy/cgsh_order_list.html HTTP/1.1" 200 54084
180.163.30.100 - - [23/Dec/2022:16:32:38 +0800] "GET /xingrg/check_reg.html?_=1671784310743 HTTP/1.1" 302 -
114.84.38.109 - - [23/Dec/2022:16:32:40 +0800] "GET /xingrg/all/function/internal_message.html?_=1671784391570&CODE_STATE=getMsg HTTP/1.1" 302 -
180.163.30.100 - - [23/Dec/2022:16:32:41 +0800] "GET /xingrg/login.html HTTP/1.1" 200 7641
114.84.171.241 - - [23/Dec/2022:16:32:43 +0800] "POST /xingrg/kc/buy/cgsh_list_operate.html HTTP/1.1" 200 3172
114.84.38.109 - - [23/Dec/2022:16:32:54 +0800] "GET /xingrg/all/function/internal_message.html?_=1671784407967&CODE_STATE=getMsg HTTP/1.1" 200 27
101.80.225.213 - - [23/Dec/2022:16:32:56 +0800] "GET /xingrg/all/function/internal_message.html?_=1671784393741&CODE_STATE=getMsg HTTP/1.1" 200 27
222.70.177.10 - - [23/Dec/2022:16:33:11 +0800] "GET /xingrg/all/function/internal_message.html?_=1671784429857&CODE_STATE=getMsg HTTP/1.1" 200 27
114.84.38.109 - - [23/Dec/2022:16:33:20 +0800] "GET /xingrg/check_reg.html?_=1671784431014 HTTP/1.1" 302 -
116.192.124.172 - - [23/Dec/2022:16:33:20 +0800] "GET /xingrg/all/function/internal_message.html?_=1671784442009&CODE_STATE=getMsg HTTP/1.1" 200 27
116.192.124.172 - - [23/Dec/2022:16:33:23 +0800] "GET /xingrg/all/function/internal_message.html?_=1671784426585&CODE_STATE=getMsg HTTP/1.1" 200 27
180.162.115.136 - - [23/Dec/2022:16:33:24 +0800] "GET /xingrg/all/function/internal_message.html?_=1671783421080&CODE_STATE=getMsg HTTP/1.1" 200 27
116.238.139.35 - - [23/Dec/2022:16:33:30 +0800] "GET /xingrg/all/function/internal_message.html?_=1671784426964&CODE_STATE=getMsg HTTP/1.1" 200 27
180.163.28.143 - - [23/Dec/2022:16:33:32 +0800] "GET /xingrg/all/function/internal_message.html?_=1671784364731&CODE_STATE=getMsg HTTP/1.1" 302 -
180.163.28.143 - - [23/Dec/2022:16:33:32 +0800] "GET /xingrg/login.html HTTP/1.1" 200 7641
116.237.77.129 - - [23/Dec/2022:16:33:32 +0800] "GET /xingrg/all/function/internal_message.html?_=1671784424713&CODE_STATE=getMsg HTTP/1.1" 200 27
114.88.159.190 - - [23/Dec/2022:16:33:32 +0800] "GET /xingrg/all/function/internal_message.html?_=1671784426661&CODE_STATE=getMsg HTTP/1.1" 200 27
114.84.171.241 - - [23/Dec/2022:16:33:33 +0800] "GET /xingrg/all/function/internal_message.html?_=1671784427041&CODE_STATE=getMsg HTTP/1.1" 200 27
116.238.139.35 - - [23/Dec/2022:16:33:38 +0800] "GET /xingrg/check_reg.html?_=1671784435422 HTTP/1.1" 200 22
114.84.38.109 - - [23/Dec/2022:16:33:40 +0800] "GET /xingrg/all/function/internal_message.html?_=1671784451571&CODE_STATE=getMsg HTTP/1.1" 302 -
114.84.38.109 - - [23/Dec/2022:16:33:54 +0800] "GET /xingrg/all/function/internal_message.html?_=1671784467979&CODE_STATE=getMsg HTTP/1.1" 200 27
114.84.171.241 - - [23/Dec/2022:16:33:56 +0800] "POST /xingrg/kc/buy/cgsh_list_operate.html HTTP/1.1" 200 618
101.80.225.213 - - [23/Dec/2022:16:33:56 +0800] "GET /xingrg/all/function/internal_message.html?_=1671784453737&CODE_STATE=getMsg HTTP/1.1" 200 27
114.84.171.241 - - [23/Dec/2022:16:33:56 +0800] "GET /xingrg/kc/buy/cgsh_order_info.html?code=212022121905156 HTTP/1.1" 200 68981
114.84.171.241 - - [23/Dec/2022:16:33:57 +0800] "GET /xingrg/words/20221222132041_words.js HTTP/1.1" 304 -
114.84.171.241 - - [23/Dec/2022:16:33:57 +0800] "GET /xingrg/javascript/easyui/themes/icons/copy_new.png HTTP/1.1" 304 -
114.84.171.241 - - [23/Dec/2022:16:33:57 +0800] "GET /xingrg/javascript/easyui/themes/default/validatebox.css HTTP/1.1" 404 1104
114.84.171.241 - - [23/Dec/2022:16:33:57 +0800] "GET /xingrg/all/common/auto_word.html?type=employee&rest_code=00142 HTTP/1.1" 200 105
114.84.171.241 - - [23/Dec/2022:16:33:57 +0800] "GET /xingrg/all/common/auto_word.html?type=employee&rest_code=00142 HTTP/1.1" 200 105
114.84.171.241 - - [23/Dec/2022:16:33:58 +0800] "POST /xingrg/kc/buy/cgsh_order_operate.html HTTP/1.1" 200 7497
222.70.177.10 - - [23/Dec/2022:16:34:11 +0800] "GET /xingrg/all/function/internal_message.html?_=1671784489844&CODE_STATE=getMsg HTTP/1.1" 200 27
116.192.124.172 - - [23/Dec/2022:16:34:20 +0800] "GET /xingrg/all/function/internal_message.html?_=1671784501988&CODE_STATE=getMsg HTTP/1.1" 200 27
116.192.124.172 - - [23/Dec/2022:16:34:23 +0800] "GET /xingrg/check_reg.html?_=1671784486590 HTTP/1.1" 200 22
116.192.124.172 - - [23/Dec/2022:16:34:23 +0800] "GET /xingrg/all/function/internal_message.html?_=1671784486585&CODE_STATE=getMsg HTTP/1.1" 200 27
180.162.115.136 - - [23/Dec/2022:16:34:24 +0800] "GET /xingrg/check_reg.html?_=1671783481068 HTTP/1.1" 200 22
180.162.115.136 - - [23/Dec/2022:16:34:24 +0800] "GET /xingrg/all/function/internal_message.html?_=1671783481066&CODE_STATE=getMsg HTTP/1.1" 200 27
114.84.171.241 - - [23/Dec/2022:16:34:27 +0800] "GET /xingrg/javascript/auto/indicator.gif HTTP/1.1" 404 1066
116.238.139.35 - - [23/Dec/2022:16:34:30 +0800] "GET /xingrg/all/function/internal_message.html?_=1671784486937&CODE_STATE=getMsg HTTP/1.1" 200 27
180.163.29.79 - - [23/Dec/2022:16:34:32 +0800] "GET /xingrg/all/function/internal_message.html?_=1671784424713&CODE_STATE=getMsg HTTP/1.1" 302 -
116.237.77.129 - - [23/Dec/2022:16:34:32 +0800] "GET /xingrg/all/function/internal_message.html?_=1671784484682&CODE_STATE=getMsg HTTP/1.1" 200 27
180.163.29.79 - - [23/Dec/2022:16:34:32 +0800] "GET /xingrg/login.html HTTP/1.1" 200 7641
114.88.159.190 - - [23/Dec/2022:16:34:32 +0800] "GET /xingrg/all/function/internal_message.html?_=1671784486660&CODE_STATE=getMsg HTTP/1.1" 200 27
114.84.171.241 - - [23/Dec/2022:16:34:33 +0800] "GET /xingrg/all/function/internal_message.html?_=1671784487070&CODE_STATE=getMsg HTTP/1.1" 200 27
114.84.171.241 - - [23/Dec/2022:16:34:38 +0800] "GET /xingrg/kc/buy/cgsh_order_operate.html?command=get_materiel&rest_code=00142&code=00102002821&supplier_code=00100386&order_time=2022-12-22 HTTP/1.1" 200 424
114.84.38.109 - - [23/Dec/2022:16:34:40 +0800] "GET /xingrg/all/function/internal_message.html?_=1671784511602&CODE_STATE=getMsg HTTP/1.1" 302 -
114.84.171.241 - - [23/Dec/2022:16:34:46 +0800] "GET /xingrg/javascript/jquery_tools/images/prev.gif HTTP/1.1" 404 1086
114.84.171.241 - - [23/Dec/2022:16:34:46 +0800] "GET /xingrg/javascript/jquery_tools/images/next.gif HTTP/1.1" 404 1086
114.84.38.109 - - [23/Dec/2022:16:34:54 +0800] "GET /xingrg/all/function/internal_message.html?_=1671784528018&CODE_STATE=getMsg HTTP/1.1" 200 27
114.84.171.241 - - [23/Dec/2022:16:34:55 +0800] "POST /xingrg/kc/buy/cgsh_order_operate.html HTTP/1.1" 200 37
101.80.225.213 - - [23/Dec/2022:16:34:56 +0800] "GET /xingrg/all/function/internal_message.html?_=1671784513720&CODE_STATE=getMsg HTTP/1.1" 200 27
101.80.225.213 - - [23/Dec/2022:16:34:56 +0800] "GET /xingrg/check_reg.html?_=1671784513721 HTTP/1.1" 200 22
114.84.171.241 - - [23/Dec/2022:16:34:56 +0800] "POST /xingrg/kc/buy/cgsh_order_operate.html HTTP/1.1" 200 8101
114.84.171.241 - - [23/Dec/2022:16:35:03 +0800] "POST /xingrg/kc/buy/cgsh_order_operate.html HTTP/1.1" 200 37
114.84.171.241 - - [23/Dec/2022:16:35:05 +0800] "POST /xingrg/kc/buy/cgsh_order_operate.html HTTP/1.1" 200 8101
114.84.171.241 - - [23/Dec/2022:16:35:10 +0800] "POST /xingrg/kc/buy/cgsh_order_operate.html HTTP/1.1" 200 37
222.70.177.10 - - [23/Dec/2022:16:35:11 +0800] "GET /xingrg/all/function/internal_message.html?_=1671784549863&CODE_STATE=getMsg HTTP/1.1" 200 27
222.70.177.10 - - [23/Dec/2022:16:35:11 +0800] "GET /xingrg/check_reg.html?_=1671784549864 HTTP/1.1" 200 22
114.84.171.241 - - [23/Dec/2022:16:35:12 +0800] "POST /xingrg/kc/buy/cgsh_order_operate.html HTTP/1.1" 200 8101
101.80.225.213 - - [23/Dec/2022:16:35:18 +0800] "GET /xingrg/kc/buy/cgsh_order_add.html HTTP/1.1" 200 69939
101.80.225.213 - - [23/Dec/2022:16:35:18 +0800] "POST /xingrg/kc/buy/cgsh_order_operate.html HTTP/1.1" 200 8245
101.80.225.213 - - [23/Dec/2022:16:35:18 +0800] "GET /xingrg/all/common/auto_word.html?type=employee&rest_code=00156 HTTP/1.1" 200 97
101.80.225.213 - - [23/Dec/2022:16:35:18 +0800] "GET /xingrg/all/common/auto_word.html?type=employee&rest_code=00156 HTTP/1.1" 200 97
101.80.225.213 - - [23/Dec/2022:16:35:18 +0800] "GET /xingrg/javascript/easyui/themes/default/validatebox.css HTTP/1.1" 404 1104
116.192.124.172 - - [23/Dec/2022:16:35:20 +0800] "GET /xingrg/all/function/internal_message.html?_=1671784561966&CODE_STATE=getMsg HTTP/1.1" 200 27
101.80.225.213 - - [23/Dec/2022:16:35:21 +0800] "GET /xingrg/javascript/jquery_tools/images/prev.gif HTTP/1.1" 404 1086
101.80.225.213 - - [23/Dec/2022:16:35:21 +0800] "GET /xingrg/javascript/jquery_tools/images/next.gif HTTP/1.1" 404 1086
114.84.171.241 - - [23/Dec/2022:16:35:22 +0800] "POST /xingrg/kc/buy/cgsh_list_operate.html HTTP/1.1" 200 3172
116.192.124.172 - - [23/Dec/2022:16:35:23 +0800] "GET /xingrg/all/function/internal_message.html?_=1671784546590&CODE_STATE=getMsg HTTP/1.1" 200 27
180.162.115.136 - - [23/Dec/2022:16:35:24 +0800] "GET /xingrg/all/function/internal_message.html?_=1671783541081&CODE_STATE=getMsg HTTP/1.1" 200 27
101.80.225.213 - - [23/Dec/2022:16:35:30 +0800] "GET /xingrg/kc/buy/cgsh_order_operate.html?command=get_materiel&rest_code=00156&code=00102015012&supplier_code=00100151&order_time=2022-12-23 HTTP/1.1" 200 412
116.238.139.35 - - [23/Dec/2022:16:35:30 +0800] "GET /xingrg/all/function/internal_message.html?_=1671784546906&CODE_STATE=getMsg HTTP/1.1" 200 27
116.237.77.129 - - [23/Dec/2022:16:35:32 +0800] "GET /xingrg/all/function/internal_message.html?_=1671784544651&CODE_STATE=getMsg HTTP/1.1" 200 27
114.88.159.190 - - [23/Dec/2022:16:35:32 +0800] "GET /xingrg/all/function/internal_message.html?_=1671784546659&CODE_STATE=getMsg HTTP/1.1" 200 27
114.88.159.190 - - [23/Dec/2022:16:35:32 +0800] "GET /xingrg/check_reg.html?_=1671784546661 HTTP/1.1" 200 22
114.84.171.241 - - [23/Dec/2022:16:35:33 +0800] "POST /xingrg/kc/buy/cgsh_list_operate.html HTTP/1.1" 200 564
114.84.171.241 - - [23/Dec/2022:16:35:33 +0800] "GET /xingrg/all/function/internal_message.html?_=1671784547125&CODE_STATE=getMsg HTTP/1.1" 200 27
114.84.171.241 - - [23/Dec/2022:16:35:34 +0800] "GET /xingrg/kc/buy/cgsh_order_info.html?code=212022121905155 HTTP/1.1" 200 68985
114.84.171.241 - - [23/Dec/2022:16:35:34 +0800] "GET /xingrg/javascript/easyui/themes/default/validatebox.css HTTP/1.1" 404 1104
114.84.171.241 - - [23/Dec/2022:16:35:35 +0800] "POST /xingrg/kc/buy/cgsh_order_operate.html HTTP/1.1" 200 12157
114.84.38.109 - - [23/Dec/2022:16:35:40 +0800] "GET /xingrg/all/function/internal_message.html?_=1671784571614&CODE_STATE=getMsg HTTP/1.1" 302 -
114.84.38.109 - - [23/Dec/2022:16:35:45 +0800] "GET /xingrg/check_reg.html?_=1671784578790 HTTP/1.1" 200 22
114.84.171.241 - - [23/Dec/2022:16:35:46 +0800] "GET /xingrg/kc/buy/cgsh_order_operate.html?command=get_materiel&rest_code=00142&code=00101007043&supplier_code=00100207&order_time=2022-12-21 HTTP/1.1" 200 409
101.80.225.213 - - [23/Dec/2022:16:35:47 +0800] "GET /xingrg/javascript/auto/indicator.gif HTTP/1.1" 404 1066
114.84.38.109 - - [23/Dec/2022:16:35:54 +0800] "GET /xingrg/all/function/internal_message.html?_=1671784588023&CODE_STATE=getMsg HTTP/1.1" 200 27
101.80.225.213 - - [23/Dec/2022:16:35:55 +0800] "GET /xingrg/all/function/internal_message.html?_=1671784572773&CODE_STATE=getMsg HTTP/1.1" 200 27
114.84.171.241 - - [23/Dec/2022:16:36:01 +0800] "POST /xingrg/kc/buy/cgsh_order_operate.html HTTP/1.1" 200 37
114.84.171.241 - - [23/Dec/2022:16:36:03 +0800] "POST /xingrg/kc/buy/cgsh_order_operate.html HTTP/1.1" 200 12748
114.84.171.241 - - [23/Dec/2022:16:36:08 +0800] "POST /xingrg/kc/buy/cgsh_order_operate.html HTTP/1.1" 200 37
114.84.171.241 - - [23/Dec/2022:16:36:10 +0800] "POST /xingrg/kc/buy/cgsh_order_operate.html HTTP/1.1" 200 12748
222.70.177.10 - - [23/Dec/2022:16:36:11 +0800] "GET /xingrg/all/function/internal_message.html?_=1671784609859&CODE_STATE=getMsg HTTP/1.1" 200 27
101.80.225.213 - - [23/Dec/2022:16:36:15 +0800] "GET /xingrg/kc/buy/cgsh_order_operate.html?command=get_materiel&rest_code=00156&code=00102015012&supplier_code=00100151&order_time=2022-12-23 HTTP/1.1" 200 412
114.84.171.241 - - [23/Dec/2022:16:36:18 +0800] "POST /xingrg/kc/buy/cgsh_list_operate.html HTTP/1.1" 200 3172
116.192.124.172 - - [23/Dec/2022:16:36:20 +0800] "GET /xingrg/all/function/internal_message.html?_=1671784621938&CODE_STATE=getMsg HTTP/1.1" 200 27
116.192.124.172 - - [23/Dec/2022:16:36:23 +0800] "GET /xingrg/all/function/internal_message.html?_=1671784606595&CODE_STATE=getMsg HTTP/1.1" 200 27
180.162.115.136 - - [23/Dec/2022:16:36:24 +0800] "GET /xingrg/all/function/internal_message.html?_=1671783601066&CODE_STATE=getMsg HTTP/1.1" 200 27
101.80.225.213 - - [23/Dec/2022:16:36:27 +0800] "GET /xingrg/kc/buy/cgsh_order_operate.html?command=get_materiel&rest_code=00156&code=00101008152&supplier_code=00100151&order_time=2022-12-23 HTTP/1.1" 200 408
116.238.139.35 - - [23/Dec/2022:16:36:30 +0800] "GET /xingrg/all/function/internal_message.html?_=1671784606897&CODE_STATE=getMsg HTTP/1.1" 200 27
180.163.29.219 - - [23/Dec/2022:16:36:32 +0800] "GET /xingrg/all/function/internal_message.html?_=1671784544651&CODE_STATE=getMsg HTTP/1.1" 302 -
116.237.77.129 - - [23/Dec/2022:16:36:32 +0800] "GET /xingrg/all/function/internal_message.html?_=1671784604620&CODE_STATE=getMsg HTTP/1.1" 200 27
114.88.159.190 - - [23/Dec/2022:16:36:32 +0800] "GET /xingrg/all/function/internal_message.html?_=1671784606659&CODE_STATE=getMsg HTTP/1.1" 200 27
180.163.29.219 - - [23/Dec/2022:16:36:32 +0800] "GET /xingrg/login.html HTTP/1.1" 200 7641
114.84.171.241 - - [23/Dec/2022:16:36:33 +0800] "GET /xingrg/all/function/internal_message.html?_=1671784607101&CODE_STATE=getMsg HTTP/1.1" 200 27
58.221.95.50 - - [23/Dec/2022:16:36:36 +0800] "GET /xingrg/check_reg.html?_=1671784611583 HTTP/1.1" 302 -
116.237.77.129 - - [23/Dec/2022:16:36:38 +0800] "GET /xingrg/check_reg.html?_=1671784610724 HTTP/1.1" 200 22
114.84.38.109 - - [23/Dec/2022:16:36:40 +0800] "GET /xingrg/all/function/internal_message.html?_=1671784631643&CODE_STATE=getMsg HTTP/1.1" 302 -
114.84.38.109 - - [23/Dec/2022:16:36:54 +0800] "GET /xingrg/all/function/internal_message.html?_=1671784648036&CODE_STATE=getMsg HTTP/1.1" 200 27
101.80.225.213 - - [23/Dec/2022:16:36:55 +0800] "GET /xingrg/all/function/internal_message.html?_=1671784632773&CODE_STATE=getMsg HTTP/1.1" 200 27
101.80.225.213 - - [23/Dec/2022:16:36:57 +0800] "GET /xingrg/kc/buy/cgsh_order_operate.html?command=get_materiel&rest_code=00156&code=00101012019&supplier_code=00100151&order_time=2022-12-23 HTTP/1.1" 200 412
101.80.225.213 - - [23/Dec/2022:16:37:05 +0800] "GET /xingrg/kc/buy/cgsh_order_operate.html?command=get_materiel&rest_code=00156&code=00101008024&supplier_code=00100151&order_time=2022-12-23 HTTP/1.1" 200 424
222.70.177.10 - - [23/Dec/2022:16:37:11 +0800] "GET /xingrg/all/function/internal_message.html?_=1671784669859&CODE_STATE=getMsg HTTP/1.1" 200 27
116.192.124.172 - - [23/Dec/2022:16:37:17 +0800] "POST /xingrg/services/DataTransmitService HTTP/1.1" 200 524
116.192.124.172 - - [23/Dec/2022:16:37:20 +0800] "GET /xingrg/all/function/internal_message.html?_=1671784681914&CODE_STATE=getMsg HTTP/1.1" 200 27
116.192.124.172 - - [23/Dec/2022:16:37:22 +0800] "POST /xingrg/services/DataTransmitService HTTP/1.1" 200 501
116.192.124.172 - - [23/Dec/2022:16:37:23 +0800] "GET /xingrg/all/function/internal_message.html?_=1671784666595&CODE_STATE=getMsg HTTP/1.1" 200 27
180.162.115.136 - - [23/Dec/2022:16:37:24 +0800] "GET /xingrg/all/function/internal_message.html?_=1671783661106&CODE_STATE=getMsg HTTP/1.1" 200 27
116.192.124.172 - - [23/Dec/2022:16:37:25 +0800] "GET /xingrg/check_reg.html?_=1671784687554 HTTP/1.1" 200 22
116.238.139.35 - - [23/Dec/2022:16:37:30 +0800] "GET /xingrg/all/function/internal_message.html?_=1671784666868&CODE_STATE=getMsg HTTP/1.1" 200 27
116.237.77.129 - - [23/Dec/2022:16:37:32 +0800] "GET /xingrg/all/function/internal_message.html?_=1671784664620&CODE_STATE=getMsg HTTP/1.1" 200 27
114.88.159.190 - - [23/Dec/2022:16:37:32 +0800] "GET /xingrg/all/function/internal_message.html?_=1671784666656&CODE_STATE=getMsg HTTP/1.1" 200 27
114.84.171.241 - - [23/Dec/2022:16:37:33 +0800] "GET /xingrg/check_reg.html?_=1671784667039 HTTP/1.1" 200 22
114.84.171.241 - - [23/Dec/2022:16:37:33 +0800] "GET /xingrg/all/function/internal_message.html?_=1671784667073&CODE_STATE=getMsg HTTP/1.1" 200 27
114.84.38.109 - - [23/Dec/2022:16:37:40 +0800] "GET /xingrg/all/function/internal_message.html?_=1671784691656&CODE_STATE=getMsg HTTP/1.1" 302 -
114.84.38.109 - - [23/Dec/2022:16:37:54 +0800] "GET /xingrg/all/function/internal_message.html?_=1671784708067&CODE_STATE=getMsg HTTP/1.1" 200 27
101.80.225.213 - - [23/Dec/2022:16:37:56 +0800] "GET /xingrg/all/function/internal_message.html?_=1671784693744&CODE_STATE=getMsg HTTP/1.1" 200 27
222.70.177.10 - - [23/Dec/2022:16:38:11 +0800] "GET /xingrg/all/function/internal_message.html?_=1671784729853&CODE_STATE=getMsg HTTP/1.1" 200 27
116.238.139.35 - - [23/Dec/2022:16:38:15 +0800] "POST /xingrg/services/DataTransmitService HTTP/1.1" 200 524
116.238.139.35 - - [23/Dec/2022:16:38:17 +0800] "POST /xingrg/services/DataTransmitService HTTP/1.1" 200 501
116.238.139.35 - - [23/Dec/2022:16:38:17 +0800] "POST /xingrg/services/DataTransmitService HTTP/1.1" 200 501
116.238.139.35 - - [23/Dec/2022:16:38:17 +0800] "POST /xingrg/services/DataTransmitService HTTP/1.1" 200 501
116.238.139.35 - - [23/Dec/2022:16:38:17 +0800] "POST /xingrg/services/DataTransmitService HTTP/1.1" 200 501
116.238.139.35 - - [23/Dec/2022:16:38:18 +0800] "POST /xingrg/services/DataTransmitService HTTP/1.1" 200 501
116.238.139.35 - - [23/Dec/2022:16:38:18 +0800] "POST /xingrg/services/DataTransmitService HTTP/1.1" 200 501
116.238.139.35 - - [23/Dec/2022:16:38:18 +0800] "POST /xingrg/services/DataTransmitService HTTP/1.1" 200 412
116.192.124.172 - - [23/Dec/2022:16:38:20 +0800] "GET /xingrg/all/function/internal_message.html?_=1671784741895&CODE_STATE=getMsg HTTP/1.1" 200 27
114.84.38.109 - - [23/Dec/2022:16:38:20 +0800] "GET /xingrg/check_reg.html?_=1671784731034 HTTP/1.1" 302 -
116.192.124.172 - - [23/Dec/2022:16:38:23 +0800] "GET /xingrg/all/function/internal_message.html?_=1671784726594&CODE_STATE=getMsg HTTP/1.1" 200 27
180.162.115.136 - - [23/Dec/2022:16:38:24 +0800] "GET /xingrg/all/function/internal_message.html?_=1671783721091&CODE_STATE=getMsg HTTP/1.1" 200 27
116.238.139.35 - - [23/Dec/2022:16:38:30 +0800] "GET /xingrg/all/function/internal_message.html?_=1671784726836&CODE_STATE=getMsg HTTP/1.1" 200 27
116.237.77.129 - - [23/Dec/2022:16:38:32 +0800] "GET /xingrg/all/function/internal_message.html?_=1671784724592&CODE_STATE=getMsg HTTP/1.1" 200 27
180.163.29.234 - - [23/Dec/2022:16:38:32 +0800] "GET /xingrg/all/function/internal_message.html?_=1671784664620&CODE_STATE=getMsg HTTP/1.1" 302 -
180.163.29.234 - - [23/Dec/2022:16:38:32 +0800] "GET /xingrg/login.html HTTP/1.1" 200 7641
114.88.159.190 - - [23/Dec/2022:16:38:32 +0800] "GET /xingrg/all/function/internal_message.html?_=1671784726656&CODE_STATE=getMsg HTTP/1.1" 200 27
114.84.171.241 - - [23/Dec/2022:16:38:33 +0800] "GET /xingrg/all/function/internal_message.html?_=1671784727045&CODE_STATE=getMsg HTTP/1.1" 200 27
116.238.139.35 - - [23/Dec/2022:16:38:38 +0800] "GET /xingrg/check_reg.html?_=1671784735422 HTTP/1.1" 200 22
114.84.38.109 - - [23/Dec/2022:16:38:40 +0800] "GET /xingrg/all/function/internal_message.html?_=1671784751680&CODE_STATE=getMsg HTTP/1.1" 302 -
114.84.38.109 - - [23/Dec/2022:16:38:54 +0800] "GET /xingrg/all/function/internal_message.html?_=1671784768078&CODE_STATE=getMsg HTTP/1.1" 200 27
101.80.225.213 - - [23/Dec/2022:16:38:56 +0800] "GET /xingrg/all/function/internal_message.html?_=1671784753741&CODE_STATE=getMsg HTTP/1.1" 200 27
222.70.177.10 - - [23/Dec/2022:16:39:11 +0800] "GET /xingrg/all/function/internal_message.html?_=1671784789859&CODE_STATE=getMsg HTTP/1.1" 200 27
116.192.124.172 - - [23/Dec/2022:16:39:20 +0800] "GET /xingrg/all/function/internal_message.html?_=1671784801874&CODE_STATE=getMsg HTTP/1.1" 200 27
116.192.124.172 - - [23/Dec/2022:16:39:23 +0800] "GET /xingrg/check_reg.html?_=1671784786588 HTTP/1.1" 200 22
116.192.124.172 - - [23/Dec/2022:16:39:23 +0800] "GET /xingrg/all/function/internal_message.html?_=1671784786589&CODE_STATE=getMsg HTTP/1.1" 200 27
180.162.115.136 - - [23/Dec/2022:16:39:24 +0800] "GET /xingrg/all/function/internal_message.html?_=1671783781106&CODE_STATE=getMsg HTTP/1.1" 200 27
180.162.115.136 - - [23/Dec/2022:16:39:24 +0800] "GET /xingrg/check_reg.html?_=1671783781110 HTTP/1.1" 200 22
116.238.139.35 - - [23/Dec/2022:16:39:30 +0800] "GET /xingrg/all/function/internal_message.html?_=1671784786810&CODE_STATE=getMsg HTTP/1.1" 200 27
180.163.29.212 - - [23/Dec/2022:16:39:32 +0800] "GET /xingrg/all/function/internal_message.html?_=1671784724592&CODE_STATE=getMsg HTTP/1.1" 302 -
180.163.29.212 - - [23/Dec/2022:16:39:32 +0800] "GET /xingrg/login.html HTTP/1.1" 200 7641
116.237.77.129 - - [23/Dec/2022:16:39:32 +0800] "GET /xingrg/all/function/internal_message.html?_=1671784784563&CODE_STATE=getMsg HTTP/1.1" 200 27
114.88.159.190 - - [23/Dec/2022:16:39:32 +0800] "GET /xingrg/all/function/internal_message.html?_=1671784786654&CODE_STATE=getMsg HTTP/1.1" 200 27
114.84.171.241 - - [23/Dec/2022:16:39:33 +0800] "GET /xingrg/all/function/internal_message.html?_=1671784787044&CODE_STATE=getMsg HTTP/1.1" 200 27
114.84.38.109 - - [23/Dec/2022:16:39:40 +0800] "GET /xingrg/all/function/internal_message.html?_=1671784811684&CODE_STATE=getMsg HTTP/1.1" 302 -
114.84.38.109 - - [23/Dec/2022:16:39:54 +0800] "GET /xingrg/all/function/internal_message.html?_=1671784828111&CODE_STATE=getMsg HTTP/1.1" 200 27
101.80.225.213 - - [23/Dec/2022:16:39:56 +0800] "GET /xingrg/all/function/internal_message.html?_=1671784813744&CODE_STATE=getMsg HTTP/1.1" 200 27
101.80.225.213 - - [23/Dec/2022:16:39:56 +0800] "GET /xingrg/check_reg.html?_=1671784813747 HTTP/1.1" 200 22
222.70.177.10 - - [23/Dec/2022:16:40:11 +0800] "GET /xingrg/all/function/internal_message.html?_=1671784849853&CODE_STATE=getMsg HTTP/1.1" 200 27
222.70.177.10 - - [23/Dec/2022:16:40:11 +0800] "GET /xingrg/check_reg.html?_=1671784849854 HTTP/1.1" 200 22
116.192.124.172 - - [23/Dec/2022:16:40:20 +0800] "GET /xingrg/all/function/internal_message.html?_=1671784861851&CODE_STATE=getMsg HTTP/1.1" 200 27
116.192.124.172 - - [23/Dec/2022:16:40:23 +0800] "GET /xingrg/all/function/internal_message.html?_=1671784846595&CODE_STATE=getMsg HTTP/1.1" 200 27
180.162.115.136 - - [23/Dec/2022:16:40:24 +0800] "GET /xingrg/all/function/internal_message.html?_=1671783841097&CODE_STATE=getMsg HTTP/1.1" 200 27
116.238.139.35 - - [23/Dec/2022:16:40:30 +0800] "GET /xingrg/all/function/internal_message.html?_=1671784846797&CODE_STATE=getMsg HTTP/1.1" 200 27
116.237.77.129 - - [23/Dec/2022:16:40:32 +0800] "GET /xingrg/all/function/internal_message.html?_=1671784844541&CODE_STATE=getMsg HTTP/1.1" 200 27
114.88.159.190 - - [23/Dec/2022:16:40:32 +0800] "GET /xingrg/check_reg.html?_=1671784846653 HTTP/1.1" 200 22
114.88.159.190 - - [23/Dec/2022:16:40:32 +0800] "GET /xingrg/all/function/internal_message.html?_=1671784846652&CODE_STATE=getMsg HTTP/1.1" 200 27
114.84.171.241 - - [23/Dec/2022:16:40:33 +0800] "GET /xingrg/all/function/internal_message.html?_=1671784847044&CODE_STATE=getMsg HTTP/1.1" 200 27
114.84.38.109 - - [23/Dec/2022:16:40:40 +0800] "GET /xingrg/all/function/internal_message.html?_=1671784871710&CODE_STATE=getMsg HTTP/1.1" 302 -
114.84.38.109 - - [23/Dec/2022:16:40:45 +0800] "GET /xingrg/check_reg.html?_=1671784878796 HTTP/1.1" 200 22
114.84.38.109 - - [23/Dec/2022:16:40:54 +0800] "GET /xingrg/all/function/internal_message.html?_=1671784888120&CODE_STATE=getMsg HTTP/1.1" 200 27
101.80.225.213 - - [23/Dec/2022:16:40:56 +0800] "GET /xingrg/all/function/internal_message.html?_=1671784873758&CODE_STATE=getMsg HTTP/1.1" 200 27
222.70.177.10 - - [23/Dec/2022:16:41:11 +0800] "GET /xingrg/all/function/internal_message.html?_=1671784909859&CODE_STATE=getMsg HTTP/1.1" 200 27
116.192.124.172 - - [23/Dec/2022:16:41:20 +0800] "GET /xingrg/all/function/internal_message.html?_=1671784921824&CODE_STATE=getMsg HTTP/1.1" 200 27
116.192.124.172 - - [23/Dec/2022:16:41:23 +0800] "GET /xingrg/all/function/internal_message.html?_=1671784906595&CODE_STATE=getMsg HTTP/1.1" 200 27
180.162.115.136 - - [23/Dec/2022:16:41:24 +0800] "GET /xingrg/all/function/internal_message.html?_=1671783901098&CODE_STATE=getMsg HTTP/1.1" 200 27
116.238.139.35 - - [23/Dec/2022:16:41:30 +0800] "GET /xingrg/all/function/internal_message.html?_=1671784906789&CODE_STATE=getMsg HTTP/1.1" 200 27
116.237.77.129 - - [23/Dec/2022:16:41:32 +0800] "GET /xingrg/all/function/internal_message.html?_=1671784904515&CODE_STATE=getMsg HTTP/1.1" 200 27
114.88.159.190 - - [23/Dec/2022:16:41:32 +0800] "GET /xingrg/all/function/internal_message.html?_=1671784906679&CODE_STATE=getMsg HTTP/1.1" 200 27
114.84.171.241 - - [23/Dec/2022:16:41:33 +0800] "GET /xingrg/all/function/internal_message.html?_=1671784907044&CODE_STATE=getMsg HTTP/1.1" 200 27
58.221.95.50 - - [23/Dec/2022:16:41:36 +0800] "GET /xingrg/check_reg.html?_=1671784911562 HTTP/1.1" 302 -
116.237.77.129 - - [23/Dec/2022:16:41:38 +0800] "GET /xingrg/check_reg.html?_=1671784910722 HTTP/1.1" 200 22
114.84.38.109 - - [23/Dec/2022:16:41:40 +0800] "GET /xingrg/all/function/internal_message.html?_=1671784931726&CODE_STATE=getMsg HTTP/1.1" 302 -
114.84.38.109 - - [23/Dec/2022:16:41:54 +0800] "GET /xingrg/all/function/internal_message.html?_=1671784948134&CODE_STATE=getMsg HTTP/1.1" 200 27
101.80.225.213 - - [23/Dec/2022:16:41:55 +0800] "GET /xingrg/all/function/internal_message.html?_=1671784932807&CODE_STATE=getMsg HTTP/1.1" 200 27
222.70.177.10 - - [23/Dec/2022:16:42:11 +0800] "GET /xingrg/all/function/internal_message.html?_=1671784969850&CODE_STATE=getMsg HTTP/1.1" 200 27
116.192.124.172 - - [23/Dec/2022:16:42:20 +0800] "GET /xingrg/all/function/internal_message.html?_=1671784981796&CODE_STATE=getMsg HTTP/1.1" 200 27
116.192.124.172 - - [23/Dec/2022:16:42:23 +0800] "GET /xingrg/all/function/internal_message.html?_=1671784966609&CODE_STATE=getMsg HTTP/1.1" 200 27
180.162.115.136 - - [23/Dec/2022:16:42:24 +0800] "GET /xingrg/all/function/internal_message.html?_=1671783961106&CODE_STATE=getMsg HTTP/1.1" 200 27
116.192.124.172 - - [23/Dec/2022:16:42:25 +0800] "GET /xingrg/check_reg.html?_=1671784987526 HTTP/1.1" 200 22
116.238.139.35 - - [23/Dec/2022:16:42:30 +0800] "GET /xingrg/all/function/internal_message.html?_=1671784966775&CODE_STATE=getMsg HTTP/1.1" 200 27
116.237.77.129 - - [23/Dec/2022:16:42:32 +0800] "GET /xingrg/all/function/internal_message.html?_=1671784964493&CODE_STATE=getMsg HTTP/1.1" 200 27
114.88.159.190 - - [23/Dec/2022:16:42:32 +0800] "GET /xingrg/all/function/internal_message.html?_=1671784966680&CODE_STATE=getMsg HTTP/1.1" 200 27
114.84.171.241 - - [23/Dec/2022:16:42:33 +0800] "GET /xingrg/check_reg.html?_=1671784967044 HTTP/1.1" 200 22
114.84.171.241 - - [23/Dec/2022:16:42:33 +0800] "GET /xingrg/all/function/internal_message.html?_=1671784967047&CODE_STATE=getMsg HTTP/1.1" 200 27
114.84.38.109 - - [23/Dec/2022:16:42:40 +0800] "GET /xingrg/all/function/internal_message.html?_=1671784991755&CODE_STATE=getMsg HTTP/1.1" 302 -
114.84.38.109 - - [23/Dec/2022:16:42:54 +0800] "GET /xingrg/all/function/internal_message.html?_=1671785008172&CODE_STATE=getMsg HTTP/1.1" 200 27
101.80.225.213 - - [23/Dec/2022:16:42:55 +0800] "GET /xingrg/all/function/internal_message.html?_=1671784992788&CODE_STATE=getMsg HTTP/1.1" 200 27
222.70.177.10 - - [23/Dec/2022:16:43:11 +0800] "GET /xingrg/all/function/internal_message.html?_=1671785029859&CODE_STATE=getMsg HTTP/1.1" 200 27
116.192.124.172 - - [23/Dec/2022:16:43:20 +0800] "GET /xingrg/all/function/internal_message.html?_=1671785041778&CODE_STATE=getMsg HTTP/1.1" 200 27
114.84.38.109 - - [23/Dec/2022:16:43:20 +0800] "GET /xingrg/check_reg.html?_=1671785031044 HTTP/1.1" 302 -
116.192.124.172 - - [23/Dec/2022:16:43:23 +0800] "GET /xingrg/all/function/internal_message.html?_=1671785026609&CODE_STATE=getMsg HTTP/1.1" 200 27
180.162.115.136 - - [23/Dec/2022:16:43:24 +0800] "GET /xingrg/all/function/internal_message.html?_=1671784021098&CODE_STATE=getMsg HTTP/1.1" 200 27
116.238.139.35 - - [23/Dec/2022:16:43:30 +0800] "GET /xingrg/all/function/internal_message.html?_=1671785026747&CODE_STATE=getMsg HTTP/1.1" 200 27
101.80.225.213 - - [23/Dec/2022:16:43:30 +0800] "GET /xingrg/kc/buy/cgsh_order_operate.html?command=get_materiel&rest_code=00156&code=00101008355&supplier_code=00100151&order_time=2022-12-23 HTTP/1.1" 200 425
180.163.29.103 - - [23/Dec/2022:16:43:32 +0800] "GET /xingrg/all/function/internal_message.html?_=1671784964493&CODE_STATE=getMsg HTTP/1.1" 302 -
180.163.29.103 - - [23/Dec/2022:16:43:32 +0800] "GET /xingrg/login.html HTTP/1.1" 200 7641
116.237.77.129 - - [23/Dec/2022:16:43:32 +0800] "GET /xingrg/all/function/internal_message.html?_=1671785024471&CODE_STATE=getMsg HTTP/1.1" 200 27
114.88.159.190 - - [23/Dec/2022:16:43:32 +0800] "GET /xingrg/all/function/internal_message.html?_=1671785026679&CODE_STATE=getMsg HTTP/1.1" 200 27
114.84.171.241 - - [23/Dec/2022:16:43:33 +0800] "GET /xingrg/all/function/internal_message.html?_=1671785027049&CODE_STATE=getMsg HTTP/1.1" 200 27
116.238.139.35 - - [23/Dec/2022:16:43:38 +0800] "GET /xingrg/check_reg.html?_=1671785035450 HTTP/1.1" 200 22
114.84.38.109 - - [23/Dec/2022:16:43:40 +0800] "GET /xingrg/all/function/internal_message.html?_=1671785051770&CODE_STATE=getMsg HTTP/1.1" 302 -
114.84.38.109 - - [23/Dec/2022:16:43:54 +0800] "GET /xingrg/all/function/internal_message.html?_=1671785068178&CODE_STATE=getMsg HTTP/1.1" 200 27
101.80.225.213 - - [23/Dec/2022:16:43:55 +0800] "GET /xingrg/all/function/internal_message.html?_=1671785052800&CODE_STATE=getMsg HTTP/1.1" 200 27
101.80.225.213 - - [23/Dec/2022:16:44:05 +0800] "GET /xingrg/kc/buy/cgsh_order_operate.html?command=get_materiel&rest_code=00156&code=00102026001&supplier_code=00100151&order_time=2022-12-23 HTTP/1.1" 200 409
222.70.177.10 - - [23/Dec/2022:16:44:11 +0800] "GET /xingrg/all/function/internal_message.html?_=1671785089853&CODE_STATE=getMsg HTTP/1.1" 200 27
116.192.124.172 - - [23/Dec/2022:16:44:20 +0800] "GET /xingrg/all/function/internal_message.html?_=1671785101752&CODE_STATE=getMsg HTTP/1.1" 200 27
116.192.124.172 - - [23/Dec/2022:16:44:23 +0800] "GET /xingrg/check_reg.html?_=1671785086607 HTTP/1.1" 200 22
116.192.124.172 - - [23/Dec/2022:16:44:23 +0800] "GET /xingrg/all/function/internal_message.html?_=1671785086609&CODE_STATE=getMsg HTTP/1.1" 200 27
180.162.115.136 - - [23/Dec/2022:16:44:24 +0800] "GET /xingrg/all/function/internal_message.html?_=1671784081090&CODE_STATE=getMsg HTTP/1.1" 200 27
180.162.115.136 - - [23/Dec/2022:16:44:24 +0800] "GET /xingrg/check_reg.html?_=1671784081093 HTTP/1.1" 200 22
116.238.139.35 - - [23/Dec/2022:16:44:30 +0800] "GET /xingrg/all/function/internal_message.html?_=1671785086730&CODE_STATE=getMsg HTTP/1.1" 200 27
180.163.28.68 - - [23/Dec/2022:16:44:32 +0800] "GET /xingrg/all/function/internal_message.html?_=1671785024471&CODE_STATE=getMsg HTTP/1.1" 302 -
180.163.28.68 - - [23/Dec/2022:16:44:32 +0800] "GET /xingrg/login.html HTTP/1.1" 200 7641
116.237.77.129 - - [23/Dec/2022:16:44:32 +0800] "GET /xingrg/all/function/internal_message.html?_=1671785084448&CODE_STATE=getMsg HTTP/1.1" 200 27
114.88.159.190 - - [23/Dec/2022:16:44:32 +0800] "GET /xingrg/all/function/internal_message.html?_=1671785086677&CODE_STATE=getMsg HTTP/1.1" 200 27
114.84.171.241 - - [23/Dec/2022:16:44:33 +0800] "GET /xingrg/all/function/internal_message.html?_=1671785087047&CODE_STATE=getMsg HTTP/1.1" 200 27
114.84.38.109 - - [23/Dec/2022:16:44:40 +0800] "GET /xingrg/all/function/internal_message.html?_=1671785111795&CODE_STATE=getMsg HTTP/1.1" 302 -
101.80.225.213 - - [23/Dec/2022:16:44:49 +0800] "POST /xingrg/kc/buy/cgsh_order_operate.html HTTP/1.1" 200 37
101.80.225.213 - - [23/Dec/2022:16:44:51 +0800] "POST /xingrg/kc/buy/cgsh_order_operate.html HTTP/1.1" 200 6191
101.80.225.213 - - [23/Dec/2022:16:44:52 +0800] "GET /xingrg/kc/print/load_config.html?kc_code=cgsh HTTP/1.1" 200 1943
101.80.225.213 - - [23/Dec/2022:16:44:52 +0800] "GET /xingrg/kc/print/load_data.html?order_code=212022122305401&kc_code=cgsh&condition= HTTP/1.1" 200 1978
114.84.38.109 - - [23/Dec/2022:16:44:54 +0800] "GET /xingrg/all/function/internal_message.html?_=1671785128211&CODE_STATE=getMsg HTTP/1.1" 200 27
101.80.225.213 - - [23/Dec/2022:16:44:57 +0800] "GET /xingrg/all/function/internal_message.html?_=1671785114876&CODE_STATE=getMsg HTTP/1.1" 200 27
101.80.225.213 - - [23/Dec/2022:16:44:57 +0800] "GET /xingrg/check_reg.html?_=1671785114877 HTTP/1.1" 200 22
222.70.177.10 - - [23/Dec/2022:16:45:11 +0800] "GET /xingrg/all/function/internal_message.html?_=1671785149859&CODE_STATE=getMsg HTTP/1.1" 200 27
222.70.177.10 - - [23/Dec/2022:16:45:11 +0800] "GET /xingrg/check_reg.html?_=1671785149860 HTTP/1.1" 200 22
101.80.225.213 - - [23/Dec/2022:16:45:15 +0800] "GET /xingrg/kc/buy/cgsh_order_add.html HTTP/1.1" 200 69939
101.80.225.213 - - [23/Dec/2022:16:45:15 +0800] "POST /xingrg/kc/buy/cgsh_order_operate.html HTTP/1.1" 200 8245
101.80.225.213 - - [23/Dec/2022:16:45:15 +0800] "GET /xingrg/all/common/auto_word.html?type=employee&rest_code=00156 HTTP/1.1" 200 97
101.80.225.213 - - [23/Dec/2022:16:45:15 +0800] "GET /xingrg/all/common/auto_word.html?type=employee&rest_code=00156 HTTP/1.1" 200 97
101.80.225.213 - - [23/Dec/2022:16:45:15 +0800] "GET /xingrg/javascript/easyui/themes/default/validatebox.css HTTP/1.1" 404 1104
101.80.225.213 - - [23/Dec/2022:16:45:18 +0800] "GET /xingrg/javascript/jquery_tools/images/next.gif HTTP/1.1" 404 1086
101.80.225.213 - - [23/Dec/2022:16:45:18 +0800] "GET /xingrg/javascript/jquery_tools/images/prev.gif HTTP/1.1" 404 1086
116.192.124.172 - - [23/Dec/2022:16:45:20 +0800] "GET /xingrg/all/function/internal_message.html?_=1671785161728&CODE_STATE=getMsg HTTP/1.1" 200 27
116.192.124.172 - - [23/Dec/2022:16:45:23 +0800] "GET /xingrg/all/function/internal_message.html?_=1671785146608&CODE_STATE=getMsg HTTP/1.1" 200 27
180.162.115.136 - - [23/Dec/2022:16:45:24 +0800] "GET /xingrg/all/function/internal_message.html?_=1671784141106&CODE_STATE=getMsg HTTP/1.1" 200 27
116.238.139.35 - - [23/Dec/2022:16:45:30 +0800] "GET /xingrg/all/function/internal_message.html?_=1671785146715&CODE_STATE=getMsg HTTP/1.1" 200 27
116.237.77.129 - - [23/Dec/2022:16:45:32 +0800] "GET /xingrg/all/function/internal_message.html?_=1671785144421&CODE_STATE=getMsg HTTP/1.1" 200 27
114.88.159.190 - - [23/Dec/2022:16:45:32 +0800] "GET /xingrg/all/function/internal_message.html?_=1671785146678&CODE_STATE=getMsg HTTP/1.1" 200 27
114.88.159.190 - - [23/Dec/2022:16:45:32 +0800] "GET /xingrg/check_reg.html?_=1671785146680 HTTP/1.1" 200 22
114.84.171.241 - - [23/Dec/2022:16:45:33 +0800] "GET /xingrg/all/function/internal_message.html?_=1671785147048&CODE_STATE=getMsg HTTP/1.1" 200 27
114.84.38.109 - - [23/Dec/2022:16:45:40 +0800] "GET /xingrg/all/function/internal_message.html?_=1671785171796&CODE_STATE=getMsg HTTP/1.1" 302 -
114.84.38.109 - - [23/Dec/2022:16:45:45 +0800] "GET /xingrg/check_reg.html?_=1671785178799 HTTP/1.1" 200 22
114.84.38.109 - - [23/Dec/2022:16:45:54 +0800] "GET /xingrg/all/function/internal_message.html?_=1671785188220&CODE_STATE=getMsg HTTP/1.1" 200 27
101.80.225.213 - - [23/Dec/2022:16:45:55 +0800] "GET /xingrg/all/function/internal_message.html?_=1671785172796&CODE_STATE=getMsg HTTP/1.1" 200 27
101.80.225.213 - - [23/Dec/2022:16:46:00 +0800] "GET /xingrg/kc/buy/cgsh_order_operate.html?command=get_materiel&rest_code=00156&code=00102012025&supplier_code=00100151&order_time=2022-12-23 HTTP/1.1" 200 412
222.70.177.10 - - [23/Dec/2022:16:46:11 +0800] "GET /xingrg/all/function/internal_message.html?_=1671785209858&CODE_STATE=getMsg HTTP/1.1" 200 27
116.192.124.172 - - [23/Dec/2022:16:46:20 +0800] "GET /xingrg/all/function/internal_message.html?_=1671785221701&CODE_STATE=getMsg HTTP/1.1" 200 27
116.192.124.172 - - [23/Dec/2022:16:46:23 +0800] "GET /xingrg/all/function/internal_message.html?_=1671785206607&CODE_STATE=getMsg HTTP/1.1" 200 27
180.162.115.136 - - [23/Dec/2022:16:46:24 +0800] "GET /xingrg/all/function/internal_message.html?_=1671784201097&CODE_STATE=getMsg HTTP/1.1" 200 27
116.238.139.35 - - [23/Dec/2022:16:46:30 +0800] "GET /xingrg/all/function/internal_message.html?_=1671785206701&CODE_STATE=getMsg HTTP/1.1" 200 27
116.237.77.129 - - [23/Dec/2022:16:46:32 +0800] "GET /xingrg/all/function/internal_message.html?_=1671785204392&CODE_STATE=getMsg HTTP/1.1" 200 27
180.163.30.100 - - [23/Dec/2022:16:46:32 +0800] "GET /xingrg/all/function/internal_message.html?_=1671785144421&CODE_STATE=getMsg HTTP/1.1" 302 -
180.163.30.100 - - [23/Dec/2022:16:46:32 +0800] "GET /xingrg/login.html HTTP/1.1" 200 7641
114.88.159.190 - - [23/Dec/2022:16:46:32 +0800] "GET /xingrg/all/function/internal_message.html?_=1671785206678&CODE_STATE=getMsg HTTP/1.1" 200 27
114.84.171.241 - - [23/Dec/2022:16:46:33 +0800] "GET /xingrg/all/function/internal_message.html?_=1671785207048&CODE_STATE=getMsg HTTP/1.1" 200 27
58.221.95.50 - - [23/Dec/2022:16:46:36 +0800] "GET /xingrg/check_reg.html?_=1671785211540 HTTP/1.1" 302 -
116.237.77.129 - - [23/Dec/2022:16:46:38 +0800] "GET /xingrg/check_reg.html?_=1671785210702 HTTP/1.1" 200 22
114.84.38.109 - - [23/Dec/2022:16:46:41 +0800] "GET /xingrg/all/function/internal_message.html?_=1671785231822&CODE_STATE=getMsg HTTP/1.1" 302 -
114.84.38.109 - - [23/Dec/2022:16:46:54 +0800] "GET /xingrg/all/function/internal_message.html?_=1671785248233&CODE_STATE=getMsg HTTP/1.1" 200 27
101.80.225.213 - - [23/Dec/2022:16:46:55 +0800] "GET /xingrg/all/function/internal_message.html?_=1671785232811&CODE_STATE=getMsg HTTP/1.1" 200 27
222.70.177.10 - - [23/Dec/2022:16:47:11 +0800] "GET /xingrg/all/function/internal_message.html?_=1671785269861&CODE_STATE=getMsg HTTP/1.1" 200 27
116.192.124.172 - - [23/Dec/2022:16:47:19 +0800] "GET /xingrg/all/function/internal_message.html?_=1671785281677&CODE_STATE=getMsg HTTP/1.1" 200 27
180.163.29.206 - - [23/Dec/2022:16:47:22 +0800] "GET /xingrg/all/function/internal_message.html?_=1671784904515&CODE_STATE=getMsg HTTP/1.1" 302 -
180.163.29.206 - - [23/Dec/2022:16:47:23 +0800] "GET /xingrg/login.html HTTP/1.1" 200 7641
116.192.124.172 - - [23/Dec/2022:16:47:23 +0800] "GET /xingrg/all/function/internal_message.html?_=1671785266616&CODE_STATE=getMsg HTTP/1.1" 200 27
180.162.115.136 - - [23/Dec/2022:16:47:24 +0800] "GET /xingrg/all/function/internal_message.html?_=1671784261097&CODE_STATE=getMsg HTTP/1.1" 200 27
116.192.124.172 - - [23/Dec/2022:16:47:25 +0800] "GET /xingrg/check_reg.html?_=1671785287507 HTTP/1.1" 200 22
116.238.139.35 - - [23/Dec/2022:16:47:30 +0800] "GET /xingrg/all/function/internal_message.html?_=1671785266687&CODE_STATE=getMsg HTTP/1.1" 200 27
180.163.29.212 - - [23/Dec/2022:16:47:32 +0800] "GET /xingrg/all/function/internal_message.html?_=1671785204392&CODE_STATE=getMsg HTTP/1.1" 302 -
180.163.29.212 - - [23/Dec/2022:16:47:32 +0800] "GET /xingrg/login.html HTTP/1.1" 200 7641
116.237.77.129 - - [23/Dec/2022:16:47:32 +0800] "GET /xingrg/all/function/internal_message.html?_=1671785264367&CODE_STATE=getMsg HTTP/1.1" 200 27
114.88.159.190 - - [23/Dec/2022:16:47:32 +0800] "GET /xingrg/all/function/internal_message.html?_=1671785266676&CODE_STATE=getMsg HTTP/1.1" 200 27
114.84.171.241 - - [23/Dec/2022:16:47:33 +0800] "GET /xingrg/check_reg.html?_=1671785267049 HTTP/1.1" 200 22
114.84.171.241 - - [23/Dec/2022:16:47:33 +0800] "GET /xingrg/all/function/internal_message.html?_=1671785267052&CODE_STATE=getMsg HTTP/1.1" 200 27
114.84.38.109 - - [23/Dec/2022:16:47:41 +0800] "GET /xingrg/all/function/internal_message.html?_=1671785291823&CODE_STATE=getMsg HTTP/1.1" 302 -
114.84.38.109 - - [23/Dec/2022:16:47:54 +0800] "GET /xingrg/all/function/internal_message.html?_=1671785308272&CODE_STATE=getMsg HTTP/1.1" 200 27
101.80.225.213 - - [23/Dec/2022:16:47:55 +0800] "GET /xingrg/all/function/internal_message.html?_=1671785292809&CODE_STATE=getMsg HTTP/1.1" 200 27
222.70.177.10 - - [23/Dec/2022:16:48:11 +0800] "GET /xingrg/all/function/internal_message.html?_=1671785329865&CODE_STATE=getMsg HTTP/1.1" 200 27
116.192.124.172 - - [23/Dec/2022:16:48:19 +0800] "GET /xingrg/all/function/internal_message.html?_=1671785341668&CODE_STATE=getMsg HTTP/1.1" 200 27
114.84.38.109 - - [23/Dec/2022:16:48:20 +0800] "GET /xingrg/check_reg.html?_=1671785331060 HTTP/1.1" 302 -
116.192.124.172 - - [23/Dec/2022:16:48:23 +0800] "GET /xingrg/all/function/internal_message.html?_=1671785326614&CODE_STATE=getMsg HTTP/1.1" 200 27
180.162.115.136 - - [23/Dec/2022:16:48:24 +0800] "GET /xingrg/all/function/internal_message.html?_=1671784321106&CODE_STATE=getMsg HTTP/1.1" 200 27
116.238.139.35 - - [23/Dec/2022:16:48:30 +0800] "GET /xingrg/all/function/internal_message.html?_=1671785326658&CODE_STATE=getMsg HTTP/1.1" 200 27
116.237.77.129 - - [23/Dec/2022:16:48:32 +0800] "GET /xingrg/all/function/internal_message.html?_=1671785324347&CODE_STATE=getMsg HTTP/1.1" 200 27
114.88.159.190 - - [23/Dec/2022:16:48:32 +0800] "GET /xingrg/all/function/internal_message.html?_=1671785326690&CODE_STATE=getMsg HTTP/1.1" 200 27
114.84.171.241 - - [23/Dec/2022:16:48:33 +0800] "GET /xingrg/all/function/internal_message.html?_=1671785327052&CODE_STATE=getMsg HTTP/1.1" 200 27
116.238.139.35 - - [23/Dec/2022:16:48:38 +0800] "GET /xingrg/check_reg.html?_=1671785335443 HTTP/1.1" 200 22
114.84.38.109 - - [23/Dec/2022:16:48:41 +0800] "GET /xingrg/all/function/internal_message.html?_=1671785351848&CODE_STATE=getMsg HTTP/1.1" 302 -
114.84.38.109 - - [23/Dec/2022:16:48:54 +0800] "GET /xingrg/all/function/internal_message.html?_=1671785368280&CODE_STATE=getMsg HTTP/1.1" 200 27
101.80.225.213 - - [23/Dec/2022:16:48:56 +0800] "GET /xingrg/all/function/internal_message.html?_=1671785353769&CODE_STATE=getMsg HTTP/1.1" 200 27
222.70.177.10 - - [23/Dec/2022:16:49:11 +0800] "GET /xingrg/all/function/internal_message.html?_=1671785389867&CODE_STATE=getMsg HTTP/1.1" 200 27
