116.238.139.35 - - [23/Dec/2022:04:15:24 +0800] "GET /xingrg/all/function/internal_message.html?_=1671740141728&CODE_STATE=getMsg HTTP/1.1" 200 27
114.84.38.109 - - [23/Dec/2022:04:15:30 +0800] "GET /xingrg/all/function/internal_message.html?_=1671740159346&CODE_STATE=getMsg HTTP/1.1" 302 -
61.170.235.113 - - [23/Dec/2022:04:16:18 +0800] "POST /xingrg/services/DataTransmitService HTTP/1.1" 200 524
116.238.139.35 - - [23/Dec/2022:04:16:24 +0800] "GET /xingrg/all/function/internal_message.html?_=1671740201740&CODE_STATE=getMsg HTTP/1.1" 200 27
114.84.38.109 - - [23/Dec/2022:04:16:30 +0800] "GET /xingrg/all/function/internal_message.html?_=1671740219373&CODE_STATE=getMsg HTTP/1.1" 302 -
58.221.95.50 - - [23/Dec/2022:04:16:38 +0800] "GET /xingrg/check_reg.html?_=1671740213454 HTTP/1.1" 302 -
101.83.241.168 - - [23/Dec/2022:04:17:00 +0800] "POST /xingrg/services/DataTransmitService HTTP/1.1" 200 524
101.83.241.168 - - [23/Dec/2022:04:17:00 +0800] "POST /xingrg/services/DataTransmitService HTTP/1.1" 200 497
116.238.139.35 - - [23/Dec/2022:04:17:24 +0800] "GET /xingrg/all/function/internal_message.html?_=1671740261743&CODE_STATE=getMsg HTTP/1.1" 200 27
116.238.139.35 - - [23/Dec/2022:04:17:24 +0800] "GET /xingrg/check_reg.html?_=1671740261747 HTTP/1.1" 200 22
114.84.38.109 - - [23/Dec/2022:04:17:30 +0800] "GET /xingrg/all/function/internal_message.html?_=1671740279389&CODE_STATE=getMsg HTTP/1.1" 302 -
114.84.38.109 - - [23/Dec/2022:04:18:20 +0800] "GET /xingrg/check_reg.html?_=1671740329735 HTTP/1.1" 302 -
116.238.139.35 - - [23/Dec/2022:04:18:24 +0800] "GET /xingrg/all/function/internal_message.html?_=1671740321748&CODE_STATE=getMsg HTTP/1.1" 200 27
114.84.38.109 - - [23/Dec/2022:04:18:30 +0800] "GET /xingrg/all/function/internal_message.html?_=1671740339402&CODE_STATE=getMsg HTTP/1.1" 302 -
116.238.139.35 - - [23/Dec/2022:04:19:24 +0800] "GET /xingrg/all/function/internal_message.html?_=1671740381749&CODE_STATE=getMsg HTTP/1.1" 200 27
114.84.38.109 - - [23/Dec/2022:04:19:30 +0800] "GET /xingrg/all/function/internal_message.html?_=1671740399427&CODE_STATE=getMsg HTTP/1.1" 302 -
116.238.139.35 - - [23/Dec/2022:04:20:24 +0800] "GET /xingrg/all/function/internal_message.html?_=1671740441747&CODE_STATE=getMsg HTTP/1.1" 200 27
114.84.38.109 - - [23/Dec/2022:04:20:30 +0800] "GET /xingrg/all/function/internal_message.html?_=1671740459429&CODE_STATE=getMsg HTTP/1.1" 302 -
116.238.139.35 - - [23/Dec/2022:04:21:24 +0800] "GET /xingrg/all/function/internal_message.html?_=1671740501749&CODE_STATE=getMsg HTTP/1.1" 200 27
114.84.38.109 - - [23/Dec/2022:04:21:30 +0800] "GET /xingrg/all/function/internal_message.html?_=1671740519456&CODE_STATE=getMsg HTTP/1.1" 302 -
58.221.95.50 - - [23/Dec/2022:04:21:38 +0800] "GET /xingrg/check_reg.html?_=1671740513444 HTTP/1.1" 302 -
116.238.139.35 - - [23/Dec/2022:04:22:24 +0800] "GET /xingrg/check_reg.html?_=1671740561757 HTTP/1.1" 200 22
116.238.139.35 - - [23/Dec/2022:04:22:24 +0800] "GET /xingrg/all/function/internal_message.html?_=1671740561760&CODE_STATE=getMsg HTTP/1.1" 200 27
114.84.38.109 - - [23/Dec/2022:04:22:30 +0800] "GET /xingrg/all/function/internal_message.html?_=1671740579472&CODE_STATE=getMsg HTTP/1.1" 302 -
101.80.228.88 - - [23/Dec/2022:04:22:46 +0800] "POST /xingrg/services/DataTransmitService HTTP/1.1" 200 524
101.80.228.88 - - [23/Dec/2022:04:22:47 +0800] "POST /xingrg/services/DataTransmitService HTTP/1.1" 200 412
114.84.38.109 - - [23/Dec/2022:04:23:20 +0800] "GET /xingrg/check_reg.html?_=1671740629744 HTTP/1.1" 302 -
116.238.139.35 - - [23/Dec/2022:04:23:24 +0800] "GET /xingrg/all/function/internal_message.html?_=1671740621746&CODE_STATE=getMsg HTTP/1.1" 200 27
114.84.38.109 - - [23/Dec/2022:04:23:30 +0800] "GET /xingrg/all/function/internal_message.html?_=1671740639486&CODE_STATE=getMsg HTTP/1.1" 302 -
116.238.139.35 - - [23/Dec/2022:04:24:24 +0800] "GET /xingrg/all/function/internal_message.html?_=1671740681747&CODE_STATE=getMsg HTTP/1.1" 200 27
114.84.38.109 - - [23/Dec/2022:04:24:30 +0800] "GET /xingrg/all/function/internal_message.html?_=1671740699507&CODE_STATE=getMsg HTTP/1.1" 302 -
116.238.139.35 - - [23/Dec/2022:04:25:24 +0800] "GET /xingrg/all/function/internal_message.html?_=1671740741747&CODE_STATE=getMsg HTTP/1.1" 200 27
114.84.38.109 - - [23/Dec/2022:04:25:30 +0800] "GET /xingrg/all/function/internal_message.html?_=1671740759513&CODE_STATE=getMsg HTTP/1.1" 302 -
116.238.139.35 - - [23/Dec/2022:04:26:24 +0800] "GET /xingrg/all/function/internal_message.html?_=1671740801747&CODE_STATE=getMsg HTTP/1.1" 200 27
114.84.38.109 - - [23/Dec/2022:04:26:30 +0800] "GET /xingrg/all/function/internal_message.html?_=1671740819538&CODE_STATE=getMsg HTTP/1.1" 302 -
58.221.95.50 - - [23/Dec/2022:04:26:38 +0800] "GET /xingrg/check_reg.html?_=1671740813427 HTTP/1.1" 302 -
116.238.139.35 - - [23/Dec/2022:04:27:24 +0800] "GET /xingrg/all/function/internal_message.html?_=1671740861749&CODE_STATE=getMsg HTTP/1.1" 200 27
116.238.139.35 - - [23/Dec/2022:04:27:24 +0800] "GET /xingrg/check_reg.html?_=1671740861753 HTTP/1.1" 200 22
114.84.38.109 - - [23/Dec/2022:04:27:30 +0800] "GET /xingrg/all/function/internal_message.html?_=1671740879540&CODE_STATE=getMsg HTTP/1.1" 302 -
114.84.38.109 - - [23/Dec/2022:04:28:20 +0800] "GET /xingrg/check_reg.html?_=1671740929757 HTTP/1.1" 302 -
116.238.139.35 - - [23/Dec/2022:04:28:24 +0800] "GET /xingrg/all/function/internal_message.html?_=1671740921763&CODE_STATE=getMsg HTTP/1.1" 200 27
114.84.38.109 - - [23/Dec/2022:04:28:30 +0800] "GET /xingrg/all/function/internal_message.html?_=1671740939555&CODE_STATE=getMsg HTTP/1.1" 302 -
116.238.139.35 - - [23/Dec/2022:04:29:24 +0800] "GET /xingrg/all/function/internal_message.html?_=1671740981764&CODE_STATE=getMsg HTTP/1.1" 200 27
114.84.38.109 - - [23/Dec/2022:04:29:30 +0800] "GET /xingrg/all/function/internal_message.html?_=1671740999576&CODE_STATE=getMsg HTTP/1.1" 302 -
116.238.139.35 - - [23/Dec/2022:04:30:24 +0800] "GET /xingrg/all/function/internal_message.html?_=1671741041766&CODE_STATE=getMsg HTTP/1.1" 200 27
114.84.38.109 - - [23/Dec/2022:04:30:30 +0800] "GET /xingrg/all/function/internal_message.html?_=1671741059581&CODE_STATE=getMsg HTTP/1.1" 302 -
116.238.139.35 - - [23/Dec/2022:04:31:24 +0800] "GET /xingrg/all/function/internal_message.html?_=1671741101767&CODE_STATE=getMsg HTTP/1.1" 200 27
114.84.38.109 - - [23/Dec/2022:04:31:30 +0800] "GET /xingrg/all/function/internal_message.html?_=1671741119606&CODE_STATE=getMsg HTTP/1.1" 302 -
58.221.95.50 - - [23/Dec/2022:04:31:38 +0800] "GET /xingrg/check_reg.html?_=1671741113407 HTTP/1.1" 302 -
116.238.139.35 - - [23/Dec/2022:04:32:24 +0800] "GET /xingrg/check_reg.html?_=1671741161768 HTTP/1.1" 200 22
116.238.139.35 - - [23/Dec/2022:04:32:24 +0800] "GET /xingrg/all/function/internal_message.html?_=1671741161772&CODE_STATE=getMsg HTTP/1.1" 200 27
114.84.38.109 - - [23/Dec/2022:04:32:30 +0800] "GET /xingrg/all/function/internal_message.html?_=1671741179608&CODE_STATE=getMsg HTTP/1.1" 302 -
114.84.38.109 - - [23/Dec/2022:04:33:20 +0800] "GET /xingrg/check_reg.html?_=1671741229762 HTTP/1.1" 302 -
116.238.139.35 - - [23/Dec/2022:04:33:24 +0800] "GET /xingrg/all/function/internal_message.html?_=1671741221758&CODE_STATE=getMsg HTTP/1.1" 200 27
114.84.38.109 - - [23/Dec/2022:04:33:30 +0800] "GET /xingrg/all/function/internal_message.html?_=1671741239621&CODE_STATE=getMsg HTTP/1.1" 302 -
116.238.139.35 - - [23/Dec/2022:04:34:24 +0800] "GET /xingrg/all/function/internal_message.html?_=1671741281770&CODE_STATE=getMsg HTTP/1.1" 200 27
114.84.38.109 - - [23/Dec/2022:04:34:30 +0800] "GET /xingrg/all/function/internal_message.html?_=1671741299643&CODE_STATE=getMsg HTTP/1.1" 302 -
116.238.139.35 - - [23/Dec/2022:04:35:24 +0800] "GET /xingrg/all/function/internal_message.html?_=1671741341771&CODE_STATE=getMsg HTTP/1.1" 200 27
114.84.38.109 - - [23/Dec/2022:04:35:30 +0800] "GET /xingrg/all/function/internal_message.html?_=1671741359664&CODE_STATE=getMsg HTTP/1.1" 302 -
116.238.139.35 - - [23/Dec/2022:04:36:24 +0800] "GET /xingrg/all/function/internal_message.html?_=1671741401775&CODE_STATE=getMsg HTTP/1.1" 200 27
114.84.38.109 - - [23/Dec/2022:04:36:30 +0800] "GET /xingrg/all/function/internal_message.html?_=1671741419689&CODE_STATE=getMsg HTTP/1.1" 302 -
58.221.95.50 - - [23/Dec/2022:04:36:38 +0800] "GET /xingrg/check_reg.html?_=1671741413402 HTTP/1.1" 302 -
116.192.124.172 - - [23/Dec/2022:04:37:14 +0800] "POST /xingrg/services/DataTransmitService HTTP/1.1" 200 524
116.238.139.35 - - [23/Dec/2022:04:37:24 +0800] "GET /xingrg/all/function/internal_message.html?_=1671741461776&CODE_STATE=getMsg HTTP/1.1" 200 27
116.238.139.35 - - [23/Dec/2022:04:37:24 +0800] "GET /xingrg/check_reg.html?_=1671741461780 HTTP/1.1" 200 22
114.84.38.109 - - [23/Dec/2022:04:37:30 +0800] "GET /xingrg/all/function/internal_message.html?_=1671741479691&CODE_STATE=getMsg HTTP/1.1" 302 -
116.238.139.35 - - [23/Dec/2022:04:38:11 +0800] "POST /xingrg/services/DataTransmitService HTTP/1.1" 200 524
114.84.38.109 - - [23/Dec/2022:04:38:20 +0800] "GET /xingrg/check_reg.html?_=1671741529773 HTTP/1.1" 302 -
116.238.139.35 - - [23/Dec/2022:04:38:24 +0800] "GET /xingrg/all/function/internal_message.html?_=1671741521783&CODE_STATE=getMsg HTTP/1.1" 200 27
114.84.38.109 - - [23/Dec/2022:04:38:30 +0800] "GET /xingrg/all/function/internal_message.html?_=1671741539705&CODE_STATE=getMsg HTTP/1.1" 302 -
116.238.139.35 - - [23/Dec/2022:04:39:24 +0800] "GET /xingrg/all/function/internal_message.html?_=1671741581784&CODE_STATE=getMsg HTTP/1.1" 200 27
114.84.38.109 - - [23/Dec/2022:04:39:30 +0800] "GET /xingrg/all/function/internal_message.html?_=1671741599727&CODE_STATE=getMsg HTTP/1.1" 302 -
116.238.139.35 - - [23/Dec/2022:04:40:24 +0800] "GET /xingrg/all/function/internal_message.html?_=1671741641771&CODE_STATE=getMsg HTTP/1.1" 200 27
114.84.38.109 - - [23/Dec/2022:04:40:30 +0800] "GET /xingrg/all/function/internal_message.html?_=1671741659748&CODE_STATE=getMsg HTTP/1.1" 302 -
116.238.139.35 - - [23/Dec/2022:04:41:24 +0800] "GET /xingrg/all/function/internal_message.html?_=1671741701772&CODE_STATE=getMsg HTTP/1.1" 200 27
114.84.38.109 - - [23/Dec/2022:04:41:30 +0800] "GET /xingrg/all/function/internal_message.html?_=1671741719772&CODE_STATE=getMsg HTTP/1.1" 302 -
58.221.95.50 - - [23/Dec/2022:04:41:38 +0800] "GET /xingrg/check_reg.html?_=1671741713391 HTTP/1.1" 302 -
116.238.139.35 - - [23/Dec/2022:04:42:24 +0800] "GET /xingrg/all/function/internal_message.html?_=1671741761774&CODE_STATE=getMsg HTTP/1.1" 200 27
116.238.139.35 - - [23/Dec/2022:04:42:24 +0800] "GET /xingrg/check_reg.html?_=1671741761778 HTTP/1.1" 200 22
114.84.38.109 - - [23/Dec/2022:04:42:30 +0800] "GET /xingrg/all/function/internal_message.html?_=1671741779775&CODE_STATE=getMsg HTTP/1.1" 302 -
114.84.38.109 - - [23/Dec/2022:04:43:20 +0800] "GET /xingrg/check_reg.html?_=1671741829789 HTTP/1.1" 302 -
116.238.139.35 - - [23/Dec/2022:04:43:24 +0800] "GET /xingrg/all/function/internal_message.html?_=1671741821787&CODE_STATE=getMsg HTTP/1.1" 200 27
114.84.38.109 - - [23/Dec/2022:04:43:30 +0800] "GET /xingrg/all/function/internal_message.html?_=1671741839789&CODE_STATE=getMsg HTTP/1.1" 302 -
116.238.139.35 - - [23/Dec/2022:04:44:24 +0800] "GET /xingrg/all/function/internal_message.html?_=1671741881787&CODE_STATE=getMsg HTTP/1.1" 200 27
114.84.38.109 - - [23/Dec/2022:04:44:30 +0800] "GET /xingrg/all/function/internal_message.html?_=1671741899814&CODE_STATE=getMsg HTTP/1.1" 302 -
116.238.139.35 - - [23/Dec/2022:04:45:24 +0800] "GET /xingrg/all/function/internal_message.html?_=1671741941789&CODE_STATE=getMsg HTTP/1.1" 200 27
114.84.38.109 - - [23/Dec/2022:04:45:30 +0800] "GET /xingrg/all/function/internal_message.html?_=1671741959831&CODE_STATE=getMsg HTTP/1.1" 302 -
116.238.139.35 - - [23/Dec/2022:04:46:25 +0800] "GET /xingrg/all/function/internal_message.html?_=1671742001798&CODE_STATE=getMsg HTTP/1.1" 200 27
114.84.38.109 - - [23/Dec/2022:04:46:30 +0800] "GET /xingrg/all/function/internal_message.html?_=1671742019861&CODE_STATE=getMsg HTTP/1.1" 302 -
58.221.95.50 - - [23/Dec/2022:04:46:38 +0800] "GET /xingrg/check_reg.html?_=1671742013383 HTTP/1.1" 302 -
116.238.139.35 - - [23/Dec/2022:04:47:24 +0800] "GET /xingrg/check_reg.html?_=1671742061799 HTTP/1.1" 200 22
116.238.139.35 - - [23/Dec/2022:04:47:24 +0800] "GET /xingrg/all/function/internal_message.html?_=1671742061802&CODE_STATE=getMsg HTTP/1.1" 200 27
114.84.38.109 - - [23/Dec/2022:04:47:30 +0800] "GET /xingrg/all/function/internal_message.html?_=1671742079874&CODE_STATE=getMsg HTTP/1.1" 302 -
114.84.38.109 - - [23/Dec/2022:04:48:20 +0800] "GET /xingrg/check_reg.html?_=1671742129794 HTTP/1.1" 302 -
116.238.139.35 - - [23/Dec/2022:04:48:24 +0800] "GET /xingrg/all/function/internal_message.html?_=1671742121789&CODE_STATE=getMsg HTTP/1.1" 200 27
114.84.38.109 - - [23/Dec/2022:04:48:30 +0800] "GET /xingrg/all/function/internal_message.html?_=1671742139894&CODE_STATE=getMsg HTTP/1.1" 302 -
116.238.139.35 - - [23/Dec/2022:04:49:24 +0800] "GET /xingrg/all/function/internal_message.html?_=1671742181791&CODE_STATE=getMsg HTTP/1.1" 200 27
114.84.38.109 - - [23/Dec/2022:04:49:30 +0800] "GET /xingrg/all/function/internal_message.html?_=1671742199901&CODE_STATE=getMsg HTTP/1.1" 302 -
116.238.139.35 - - [23/Dec/2022:04:50:24 +0800] "GET /xingrg/all/function/internal_message.html?_=1671742241792&CODE_STATE=getMsg HTTP/1.1" 200 27
124.79.245.154 - - [23/Dec/2022:04:50:26 +0800] "POST /xingrg/services/DataTransmitService HTTP/1.1" 200 524
114.84.38.109 - - [23/Dec/2022:04:50:30 +0800] "GET /xingrg/all/function/internal_message.html?_=1671742259924&CODE_STATE=getMsg HTTP/1.1" 302 -
116.238.139.35 - - [23/Dec/2022:04:51:24 +0800] "GET /xingrg/all/function/internal_message.html?_=1671742301792&CODE_STATE=getMsg HTTP/1.1" 200 27
114.84.38.109 - - [23/Dec/2022:04:51:30 +0800] "GET /xingrg/all/function/internal_message.html?_=1671742319928&CODE_STATE=getMsg HTTP/1.1" 302 -
58.221.95.50 - - [23/Dec/2022:04:51:38 +0800] "GET /xingrg/check_reg.html?_=1671742313360 HTTP/1.1" 302 -
116.238.139.35 - - [23/Dec/2022:04:52:24 +0800] "GET /xingrg/all/function/internal_message.html?_=1671742361795&CODE_STATE=getMsg HTTP/1.1" 200 27
116.238.139.35 - - [23/Dec/2022:04:52:24 +0800] "GET /xingrg/check_reg.html?_=1671742361798 HTTP/1.1" 200 22
114.84.38.109 - - [23/Dec/2022:04:52:30 +0800] "GET /xingrg/all/function/internal_message.html?_=1671742379954&CODE_STATE=getMsg HTTP/1.1" 302 -
114.84.38.109 - - [23/Dec/2022:04:53:20 +0800] "GET /xingrg/check_reg.html?_=1671742429801 HTTP/1.1" 302 -
116.238.139.35 - - [23/Dec/2022:04:53:24 +0800] "GET /xingrg/all/function/internal_message.html?_=1671742421798&CODE_STATE=getMsg HTTP/1.1" 200 27
114.84.38.109 - - [23/Dec/2022:04:53:30 +0800] "GET /xingrg/all/function/internal_message.html?_=1671742439956&CODE_STATE=getMsg HTTP/1.1" 302 -
116.238.139.35 - - [23/Dec/2022:04:54:24 +0800] "GET /xingrg/all/function/internal_message.html?_=1671742481798&CODE_STATE=getMsg HTTP/1.1" 200 27
114.84.38.109 - - [23/Dec/2022:04:54:30 +0800] "GET /xingrg/all/function/internal_message.html?_=1671742499979&CODE_STATE=getMsg HTTP/1.1" 302 -
116.238.139.35 - - [23/Dec/2022:04:55:24 +0800] "GET /xingrg/all/function/internal_message.html?_=1671742541799&CODE_STATE=getMsg HTTP/1.1" 200 27
114.84.38.109 - - [23/Dec/2022:04:55:30 +0800] "GET /xingrg/all/function/internal_message.html?_=1671742559983&CODE_STATE=getMsg HTTP/1.1" 302 -
116.238.139.35 - - [23/Dec/2022:04:56:24 +0800] "GET /xingrg/all/function/internal_message.html?_=1671742601799&CODE_STATE=getMsg HTTP/1.1" 200 27
114.84.38.109 - - [23/Dec/2022:04:56:30 +0800] "GET /xingrg/all/function/internal_message.html?_=1671742620009&CODE_STATE=getMsg HTTP/1.1" 302 -
58.221.95.50 - - [23/Dec/2022:04:56:38 +0800] "GET /xingrg/check_reg.html?_=1671742613346 HTTP/1.1" 302 -
116.238.139.35 - - [23/Dec/2022:04:57:25 +0800] "GET /xingrg/check_reg.html?_=1671742661816 HTTP/1.1" 200 22
116.238.139.35 - - [23/Dec/2022:04:57:25 +0800] "GET /xingrg/all/function/internal_message.html?_=1671742661819&CODE_STATE=getMsg HTTP/1.1" 200 27
114.84.38.109 - - [23/Dec/2022:04:57:30 +0800] "GET /xingrg/all/function/internal_message.html?_=1671742680025&CODE_STATE=getMsg HTTP/1.1" 302 -
167.248.133.63 - - [23/Dec/2022:04:58:15 +0800] "GET / HTTP/1.1" 404 -
167.248.133.63 - - [23/Dec/2022:04:58:15 +0800] "PRI * HTTP/2.0" 505 -
114.84.38.109 - - [23/Dec/2022:04:58:20 +0800] "GET /xingrg/check_reg.html?_=1671742729813 HTTP/1.1" 302 -
116.238.139.35 - - [23/Dec/2022:04:58:24 +0800] "GET /xingrg/all/function/internal_message.html?_=1671742721806&CODE_STATE=getMsg HTTP/1.1" 200 27
114.84.38.109 - - [23/Dec/2022:04:58:30 +0800] "GET /xingrg/all/function/internal_message.html?_=1671742740045&CODE_STATE=getMsg HTTP/1.1" 302 -
116.238.139.35 - - [23/Dec/2022:04:59:24 +0800] "GET /xingrg/all/function/internal_message.html?_=1671742781807&CODE_STATE=getMsg HTTP/1.1" 200 27
114.84.38.109 - - [23/Dec/2022:04:59:30 +0800] "GET /xingrg/all/function/internal_message.html?_=1671742800054&CODE_STATE=getMsg HTTP/1.1" 302 -
222.70.177.10 - - [23/Dec/2022:05:00:17 +0800] "POST /xingrg/services/DataTransmitService HTTP/1.1" 200 524
116.238.139.35 - - [23/Dec/2022:05:00:24 +0800] "GET /xingrg/all/function/internal_message.html?_=1671742841808&CODE_STATE=getMsg HTTP/1.1" 200 27
114.84.38.109 - - [23/Dec/2022:05:00:30 +0800] "GET /xingrg/all/function/internal_message.html?_=1671742860078&CODE_STATE=getMsg HTTP/1.1" 302 -
116.238.139.35 - - [23/Dec/2022:05:01:25 +0800] "GET /xingrg/all/function/internal_message.html?_=1671742901809&CODE_STATE=getMsg HTTP/1.1" 200 27
114.84.38.109 - - [23/Dec/2022:05:01:30 +0800] "GET /xingrg/all/function/internal_message.html?_=1671742920080&CODE_STATE=getMsg HTTP/1.1" 302 -
58.221.95.50 - - [23/Dec/2022:05:01:38 +0800] "GET /xingrg/check_reg.html?_=1671742913344 HTTP/1.1" 302 -
116.238.139.35 - - [23/Dec/2022:05:02:25 +0800] "GET /xingrg/all/function/internal_message.html?_=1671742961828&CODE_STATE=getMsg HTTP/1.1" 200 27
116.238.139.35 - - [23/Dec/2022:05:02:25 +0800] "GET /xingrg/check_reg.html?_=1671742961831 HTTP/1.1" 200 22
114.84.38.109 - - [23/Dec/2022:05:02:30 +0800] "GET /xingrg/all/function/internal_message.html?_=1671742980103&CODE_STATE=getMsg HTTP/1.1" 302 -
114.84.38.109 - - [23/Dec/2022:05:03:20 +0800] "GET /xingrg/check_reg.html?_=1671743029813 HTTP/1.1" 302 -
116.238.139.35 - - [23/Dec/2022:05:03:25 +0800] "GET /xingrg/all/function/internal_message.html?_=1671743021816&CODE_STATE=getMsg HTTP/1.1" 200 27
114.84.38.109 - - [23/Dec/2022:05:03:30 +0800] "GET /xingrg/all/function/internal_message.html?_=1671743040107&CODE_STATE=getMsg HTTP/1.1" 302 -
116.238.139.35 - - [23/Dec/2022:05:04:25 +0800] "GET /xingrg/all/function/internal_message.html?_=1671743081817&CODE_STATE=getMsg HTTP/1.1" 200 27
114.84.81.136 - - [23/Dec/2022:05:04:27 +0800] "POST /xingrg/services/DataTransmitService HTTP/1.1" 200 524
114.84.38.109 - - [23/Dec/2022:05:04:30 +0800] "GET /xingrg/all/function/internal_message.html?_=1671743100133&CODE_STATE=getMsg HTTP/1.1" 302 -
116.238.139.35 - - [23/Dec/2022:05:05:25 +0800] "GET /xingrg/all/function/internal_message.html?_=1671743141818&CODE_STATE=getMsg HTTP/1.1" 200 27
114.84.38.109 - - [23/Dec/2022:05:05:30 +0800] "GET /xingrg/all/function/internal_message.html?_=1671743160150&CODE_STATE=getMsg HTTP/1.1" 302 -
116.238.139.35 - - [23/Dec/2022:05:06:25 +0800] "GET /xingrg/all/function/internal_message.html?_=1671743201817&CODE_STATE=getMsg HTTP/1.1" 200 27
114.84.38.109 - - [23/Dec/2022:05:06:30 +0800] "GET /xingrg/all/function/internal_message.html?_=1671743220176&CODE_STATE=getMsg HTTP/1.1" 302 -
58.221.95.50 - - [23/Dec/2022:05:06:38 +0800] "GET /xingrg/check_reg.html?_=1671743213323 HTTP/1.1" 302 -
116.238.139.35 - - [23/Dec/2022:05:07:25 +0800] "GET /xingrg/all/function/internal_message.html?_=1671743261820&CODE_STATE=getMsg HTTP/1.1" 200 27
116.238.139.35 - - [23/Dec/2022:05:07:25 +0800] "GET /xingrg/check_reg.html?_=1671743261823 HTTP/1.1" 200 22
114.84.38.109 - - [23/Dec/2022:05:07:30 +0800] "GET /xingrg/all/function/internal_message.html?_=1671743280177&CODE_STATE=getMsg HTTP/1.1" 302 -
114.84.38.109 - - [23/Dec/2022:05:08:20 +0800] "GET /xingrg/check_reg.html?_=1671743329831 HTTP/1.1" 302 -
116.238.139.35 - - [23/Dec/2022:05:08:25 +0800] "GET /xingrg/all/function/internal_message.html?_=1671743321825&CODE_STATE=getMsg HTTP/1.1" 200 27
114.84.38.109 - - [23/Dec/2022:05:08:30 +0800] "GET /xingrg/all/function/internal_message.html?_=1671743340197&CODE_STATE=getMsg HTTP/1.1" 302 -
116.238.139.35 - - [23/Dec/2022:05:09:25 +0800] "GET /xingrg/all/function/internal_message.html?_=1671743381829&CODE_STATE=getMsg HTTP/1.1" 200 27
114.84.38.109 - - [23/Dec/2022:05:09:30 +0800] "GET /xingrg/all/function/internal_message.html?_=1671743400204&CODE_STATE=getMsg HTTP/1.1" 302 -
114.84.38.109 - - [23/Dec/2022:05:10:24 +0800] "POST /xingrg/services/DataTransmitService HTTP/1.1" 200 524
116.238.139.35 - - [23/Dec/2022:05:10:25 +0800] "GET /xingrg/all/function/internal_message.html?_=1671743441831&CODE_STATE=getMsg HTTP/1.1" 200 27
114.84.38.109 - - [23/Dec/2022:05:10:30 +0800] "GET /xingrg/all/function/internal_message.html?_=1671743460232&CODE_STATE=getMsg HTTP/1.1" 302 -
116.238.139.35 - - [23/Dec/2022:05:11:25 +0800] "GET /xingrg/all/function/internal_message.html?_=1671743501833&CODE_STATE=getMsg HTTP/1.1" 200 27
114.84.38.109 - - [23/Dec/2022:05:11:30 +0800] "GET /xingrg/all/function/internal_message.html?_=1671743520247&CODE_STATE=getMsg HTTP/1.1" 302 -
58.221.95.50 - - [23/Dec/2022:05:11:38 +0800] "GET /xingrg/check_reg.html?_=1671743513313 HTTP/1.1" 302 -
116.238.139.35 - - [23/Dec/2022:05:12:25 +0800] "GET /xingrg/check_reg.html?_=1671743561833 HTTP/1.1" 200 22
116.238.139.35 - - [23/Dec/2022:05:12:25 +0800] "GET /xingrg/all/function/internal_message.html?_=1671743561838&CODE_STATE=getMsg HTTP/1.1" 200 27
114.84.38.109 - - [23/Dec/2022:05:12:30 +0800] "GET /xingrg/all/function/internal_message.html?_=1671743580269&CODE_STATE=getMsg HTTP/1.1" 302 -
114.84.38.109 - - [23/Dec/2022:05:13:20 +0800] "GET /xingrg/check_reg.html?_=1671743629846 HTTP/1.1" 302 -
116.238.139.35 - - [23/Dec/2022:05:13:25 +0800] "GET /xingrg/all/function/internal_message.html?_=1671743621838&CODE_STATE=getMsg HTTP/1.1" 200 27
114.84.38.109 - - [23/Dec/2022:05:13:30 +0800] "GET /xingrg/all/function/internal_message.html?_=1671743640274&CODE_STATE=getMsg HTTP/1.1" 302 -
116.238.139.35 - - [23/Dec/2022:05:14:25 +0800] "GET /xingrg/all/function/internal_message.html?_=1671743681824&CODE_STATE=getMsg HTTP/1.1" 200 27
114.84.38.109 - - [23/Dec/2022:05:14:30 +0800] "GET /xingrg/all/function/internal_message.html?_=1671743700298&CODE_STATE=getMsg HTTP/1.1" 302 -
116.238.139.35 - - [23/Dec/2022:05:15:25 +0800] "GET /xingrg/all/function/internal_message.html?_=1671743741833&CODE_STATE=getMsg HTTP/1.1" 200 27
114.84.38.109 - - [23/Dec/2022:05:15:30 +0800] "GET /xingrg/all/function/internal_message.html?_=1671743760301&CODE_STATE=getMsg HTTP/1.1" 302 -
116.238.139.35 - - [23/Dec/2022:05:16:25 +0800] "GET /xingrg/all/function/internal_message.html?_=1671743801834&CODE_STATE=getMsg HTTP/1.1" 200 27
114.84.38.109 - - [23/Dec/2022:05:16:30 +0800] "GET /xingrg/all/function/internal_message.html?_=1671743820330&CODE_STATE=getMsg HTTP/1.1" 302 -
58.221.95.50 - - [23/Dec/2022:05:16:38 +0800] "GET /xingrg/check_reg.html?_=1671743813303 HTTP/1.1" 302 -
116.238.139.35 - - [23/Dec/2022:05:17:25 +0800] "GET /xingrg/all/function/internal_message.html?_=1671743861836&CODE_STATE=getMsg HTTP/1.1" 200 27
116.238.139.35 - - [23/Dec/2022:05:17:25 +0800] "GET /xingrg/check_reg.html?_=1671743861839 HTTP/1.1" 200 22
114.84.38.109 - - [23/Dec/2022:05:17:30 +0800] "GET /xingrg/all/function/internal_message.html?_=1671743880345&CODE_STATE=getMsg HTTP/1.1" 302 -
114.84.38.109 - - [23/Dec/2022:05:18:20 +0800] "GET /xingrg/check_reg.html?_=1671743929853 HTTP/1.1" 302 -
116.238.139.35 - - [23/Dec/2022:05:18:25 +0800] "GET /xingrg/all/function/internal_message.html?_=1671743921839&CODE_STATE=getMsg HTTP/1.1" 200 27
114.84.38.109 - - [23/Dec/2022:05:18:31 +0800] "GET /xingrg/all/function/internal_message.html?_=1671743940369&CODE_STATE=getMsg HTTP/1.1" 302 -
116.238.139.35 - - [23/Dec/2022:05:19:25 +0800] "GET /xingrg/all/function/internal_message.html?_=1671743981841&CODE_STATE=getMsg HTTP/1.1" 200 27
114.84.38.109 - - [23/Dec/2022:05:19:31 +0800] "GET /xingrg/all/function/internal_message.html?_=1671744000371&CODE_STATE=getMsg HTTP/1.1" 302 -
116.238.139.35 - - [23/Dec/2022:05:20:25 +0800] "GET /xingrg/all/function/internal_message.html?_=1671744041841&CODE_STATE=getMsg HTTP/1.1" 200 27
114.84.38.109 - - [23/Dec/2022:05:20:31 +0800] "GET /xingrg/all/function/internal_message.html?_=1671744060397&CODE_STATE=getMsg HTTP/1.1" 302 -
116.238.139.35 - - [23/Dec/2022:05:21:25 +0800] "GET /xingrg/all/function/internal_message.html?_=1671744101842&CODE_STATE=getMsg HTTP/1.1" 200 27
114.84.38.109 - - [23/Dec/2022:05:21:31 +0800] "GET /xingrg/all/function/internal_message.html?_=1671744120398&CODE_STATE=getMsg HTTP/1.1" 302 -
58.221.95.50 - - [23/Dec/2022:05:21:38 +0800] "GET /xingrg/check_reg.html?_=1671744113289 HTTP/1.1" 302 -
116.238.139.35 - - [23/Dec/2022:05:22:25 +0800] "GET /xingrg/check_reg.html?_=1671744161854 HTTP/1.1" 200 22
116.238.139.35 - - [23/Dec/2022:05:22:25 +0800] "GET /xingrg/all/function/internal_message.html?_=1671744161858&CODE_STATE=getMsg HTTP/1.1" 200 27
114.84.38.109 - - [23/Dec/2022:05:22:31 +0800] "GET /xingrg/all/function/internal_message.html?_=1671744180423&CODE_STATE=getMsg HTTP/1.1" 302 -
114.84.38.109 - - [23/Dec/2022:05:23:20 +0800] "GET /xingrg/check_reg.html?_=1671744229853 HTTP/1.1" 302 -
116.238.139.35 - - [23/Dec/2022:05:23:25 +0800] "GET /xingrg/all/function/internal_message.html?_=1671744221844&CODE_STATE=getMsg HTTP/1.1" 200 27
114.84.38.109 - - [23/Dec/2022:05:23:31 +0800] "GET /xingrg/all/function/internal_message.html?_=1671744240426&CODE_STATE=getMsg HTTP/1.1" 302 -
116.238.139.35 - - [23/Dec/2022:05:24:25 +0800] "GET /xingrg/all/function/internal_message.html?_=1671744281847&CODE_STATE=getMsg HTTP/1.1" 200 27
114.84.38.109 - - [23/Dec/2022:05:24:31 +0800] "GET /xingrg/all/function/internal_message.html?_=1671744300447&CODE_STATE=getMsg HTTP/1.1" 302 -
222.64.58.181 - - [23/Dec/2022:05:25:15 +0800] "POST /xingrg/services/DataTransmitService HTTP/1.1" 200 524
116.238.139.35 - - [23/Dec/2022:05:25:25 +0800] "GET /xingrg/all/function/internal_message.html?_=1671744341849&CODE_STATE=getMsg HTTP/1.1" 200 27
114.84.38.109 - - [23/Dec/2022:05:25:31 +0800] "GET /xingrg/all/function/internal_message.html?_=1671744360454&CODE_STATE=getMsg HTTP/1.1" 302 -
116.238.139.35 - - [23/Dec/2022:05:26:25 +0800] "GET /xingrg/all/function/internal_message.html?_=1671744401852&CODE_STATE=getMsg HTTP/1.1" 200 27
114.84.38.109 - - [23/Dec/2022:05:26:31 +0800] "GET /xingrg/all/function/internal_message.html?_=1671744420477&CODE_STATE=getMsg HTTP/1.1" 302 -
58.221.95.50 - - [23/Dec/2022:05:26:38 +0800] "GET /xingrg/check_reg.html?_=1671744413267 HTTP/1.1" 302 -
116.238.139.35 - - [23/Dec/2022:05:27:25 +0800] "GET /xingrg/all/function/internal_message.html?_=1671744461854&CODE_STATE=getMsg HTTP/1.1" 200 27
116.238.139.35 - - [23/Dec/2022:05:27:25 +0800] "GET /xingrg/check_reg.html?_=1671744461861 HTTP/1.1" 200 22
114.84.38.109 - - [23/Dec/2022:05:27:31 +0800] "GET /xingrg/all/function/internal_message.html?_=1671744480480&CODE_STATE=getMsg HTTP/1.1" 302 -
114.84.38.109 - - [23/Dec/2022:05:28:20 +0800] "GET /xingrg/check_reg.html?_=1671744529864 HTTP/1.1" 302 -
116.238.139.35 - - [23/Dec/2022:05:28:25 +0800] "GET /xingrg/all/function/internal_message.html?_=1671744521862&CODE_STATE=getMsg HTTP/1.1" 200 27
114.84.38.109 - - [23/Dec/2022:05:28:31 +0800] "GET /xingrg/all/function/internal_message.html?_=1671744540501&CODE_STATE=getMsg HTTP/1.1" 302 -
116.238.139.35 - - [23/Dec/2022:05:29:25 +0800] "GET /xingrg/all/function/internal_message.html?_=1671744581863&CODE_STATE=getMsg HTTP/1.1" 200 27
114.84.38.109 - - [23/Dec/2022:05:29:31 +0800] "GET /xingrg/all/function/internal_message.html?_=1671744600507&CODE_STATE=getMsg HTTP/1.1" 302 -
116.238.139.35 - - [23/Dec/2022:05:30:25 +0800] "GET /xingrg/all/function/internal_message.html?_=1671744641863&CODE_STATE=getMsg HTTP/1.1" 200 27
114.84.38.109 - - [23/Dec/2022:05:30:31 +0800] "GET /xingrg/all/function/internal_message.html?_=1671744660531&CODE_STATE=getMsg HTTP/1.1" 302 -
116.238.139.35 - - [23/Dec/2022:05:31:25 +0800] "GET /xingrg/all/function/internal_message.html?_=1671744701873&CODE_STATE=getMsg HTTP/1.1" 200 27
114.84.38.109 - - [23/Dec/2022:05:31:31 +0800] "GET /xingrg/all/function/internal_message.html?_=1671744720534&CODE_STATE=getMsg HTTP/1.1" 302 -
58.221.95.50 - - [23/Dec/2022:05:31:38 +0800] "GET /xingrg/check_reg.html?_=1671744713247 HTTP/1.1" 302 -
116.238.139.35 - - [23/Dec/2022:05:32:25 +0800] "GET /xingrg/check_reg.html?_=1671744761862 HTTP/1.1" 200 22
116.238.139.35 - - [23/Dec/2022:05:32:25 +0800] "GET /xingrg/all/function/internal_message.html?_=1671744761867&CODE_STATE=getMsg HTTP/1.1" 200 27
114.84.38.109 - - [23/Dec/2022:05:32:31 +0800] "GET /xingrg/all/function/internal_message.html?_=1671744780561&CODE_STATE=getMsg HTTP/1.1" 302 -
114.84.38.109 - - [23/Dec/2022:05:33:20 +0800] "GET /xingrg/check_reg.html?_=1671744829868 HTTP/1.1" 302 -
116.238.139.35 - - [23/Dec/2022:05:33:25 +0800] "GET /xingrg/all/function/internal_message.html?_=1671744821868&CODE_STATE=getMsg HTTP/1.1" 200 27
114.84.38.109 - - [23/Dec/2022:05:33:31 +0800] "GET /xingrg/all/function/internal_message.html?_=1671744840578&CODE_STATE=getMsg HTTP/1.1" 302 -
116.238.139.35 - - [23/Dec/2022:05:34:25 +0800] "GET /xingrg/all/function/internal_message.html?_=1671744881869&CODE_STATE=getMsg HTTP/1.1" 200 27
114.84.38.109 - - [23/Dec/2022:05:34:31 +0800] "GET /xingrg/all/function/internal_message.html?_=1671744900600&CODE_STATE=getMsg HTTP/1.1" 302 -
116.238.139.35 - - [23/Dec/2022:05:35:25 +0800] "GET /xingrg/all/function/internal_message.html?_=1671744941871&CODE_STATE=getMsg HTTP/1.1" 200 27
114.84.38.109 - - [23/Dec/2022:05:35:31 +0800] "GET /xingrg/all/function/internal_message.html?_=1671744960604&CODE_STATE=getMsg HTTP/1.1" 302 -
116.238.139.35 - - [23/Dec/2022:05:36:25 +0800] "GET /xingrg/all/function/internal_message.html?_=1671745001873&CODE_STATE=getMsg HTTP/1.1" 200 27
114.84.38.109 - - [23/Dec/2022:05:36:31 +0800] "GET /xingrg/all/function/internal_message.html?_=1671745020634&CODE_STATE=getMsg HTTP/1.1" 302 -
58.221.95.50 - - [23/Dec/2022:05:36:38 +0800] "GET /xingrg/check_reg.html?_=1671745013228 HTTP/1.1" 302 -
116.238.139.35 - - [23/Dec/2022:05:37:25 +0800] "GET /xingrg/check_reg.html?_=1671745061879 HTTP/1.1" 200 22
116.238.139.35 - - [23/Dec/2022:05:37:25 +0800] "GET /xingrg/all/function/internal_message.html?_=1671745061882&CODE_STATE=getMsg HTTP/1.1" 200 27
114.84.38.109 - - [23/Dec/2022:05:37:31 +0800] "GET /xingrg/all/function/internal_message.html?_=1671745080647&CODE_STATE=getMsg HTTP/1.1" 302 -
114.84.38.109 - - [23/Dec/2022:05:38:20 +0800] "GET /xingrg/check_reg.html?_=1671745129877 HTTP/1.1" 302 -
116.238.139.35 - - [23/Dec/2022:05:38:25 +0800] "GET /xingrg/all/function/internal_message.html?_=1671745121882&CODE_STATE=getMsg HTTP/1.1" 200 27
114.84.38.109 - - [23/Dec/2022:05:38:31 +0800] "GET /xingrg/all/function/internal_message.html?_=1671745140666&CODE_STATE=getMsg HTTP/1.1" 302 -
116.238.139.35 - - [23/Dec/2022:05:39:25 +0800] "GET /xingrg/all/function/internal_message.html?_=1671745181869&CODE_STATE=getMsg HTTP/1.1" 200 27
114.84.38.109 - - [23/Dec/2022:05:39:31 +0800] "GET /xingrg/all/function/internal_message.html?_=1671745200674&CODE_STATE=getMsg HTTP/1.1" 302 -
116.238.139.35 - - [23/Dec/2022:05:40:25 +0800] "GET /xingrg/all/function/internal_message.html?_=1671745241874&CODE_STATE=getMsg HTTP/1.1" 200 27
114.84.38.109 - - [23/Dec/2022:05:40:31 +0800] "GET /xingrg/all/function/internal_message.html?_=1671745260698&CODE_STATE=getMsg HTTP/1.1" 302 -
116.230.105.139 - - [23/Dec/2022:05:40:48 +0800] "POST /xingrg/services/DataTransmitService HTTP/1.1" 200 524
116.238.139.35 - - [23/Dec/2022:05:41:25 +0800] "GET /xingrg/all/function/internal_message.html?_=1671745301876&CODE_STATE=getMsg HTTP/1.1" 200 27
114.84.38.109 - - [23/Dec/2022:05:41:31 +0800] "GET /xingrg/all/function/internal_message.html?_=1671745320722&CODE_STATE=getMsg HTTP/1.1" 302 -
58.221.95.50 - - [23/Dec/2022:05:41:38 +0800] "GET /xingrg/check_reg.html?_=1671745313222 HTTP/1.1" 302 -
114.88.159.190 - - [23/Dec/2022:05:41:48 +0800] "POST /xingrg/services/DataTransmitService HTTP/1.1" 200 524
116.238.139.35 - - [23/Dec/2022:05:42:25 +0800] "GET /xingrg/all/function/internal_message.html?_=1671745361880&CODE_STATE=getMsg HTTP/1.1" 200 27
116.238.139.35 - - [23/Dec/2022:05:42:25 +0800] "GET /xingrg/check_reg.html?_=1671745361883 HTTP/1.1" 200 22
114.84.38.109 - - [23/Dec/2022:05:42:31 +0800] "GET /xingrg/all/function/internal_message.html?_=1671745380740&CODE_STATE=getMsg HTTP/1.1" 302 -
114.84.38.109 - - [23/Dec/2022:05:43:20 +0800] "GET /xingrg/check_reg.html?_=1671745429875 HTTP/1.1" 302 -
116.238.139.35 - - [23/Dec/2022:05:43:25 +0800] "GET /xingrg/all/function/internal_message.html?_=1671745421884&CODE_STATE=getMsg HTTP/1.1" 200 27
114.84.38.109 - - [23/Dec/2022:05:43:31 +0800] "GET /xingrg/all/function/internal_message.html?_=1671745440744&CODE_STATE=getMsg HTTP/1.1" 302 -
120.253.135.82 - - [23/Dec/2022:05:43:36 +0800] "GET /xingrg/login.html HTTP/1.1" 200 7641
120.253.135.82 - - [23/Dec/2022:05:43:37 +0800] "GET /favicon.ico HTTP/1.1" 404 -
120.253.135.82 - - [23/Dec/2022:05:43:40 +0800] "POST /xingrg/login.do HTTP/1.1" 302 -
120.253.135.82 - - [23/Dec/2022:05:43:40 +0800] "GET /xingrg/index.html?sysBaseUrl=http%3A%2F%2F180.169.147.146%3A18081%2Fxingrg%2F&costTime=38×tamp=1671745420065 HTTP/1.1" 200 17173
120.253.135.82 - - [23/Dec/2022:05:43:40 +0800] "GET /xingrg/javascript/jquery_easy_ui/themes/icon.css HTTP/1.1" 304 -
120.253.135.82 - - [23/Dec/2022:05:43:40 +0800] "GET /xingrg/javascript/jquery_easy_ui/themes/default/easyui.css HTTP/1.1" 304 -
120.253.135.82 - - [23/Dec/2022:05:43:40 +0800] "GET /xingrg/javascript/jquery.form.js HTTP/1.1" 304 -
120.253.135.82 - - [23/Dec/2022:05:43:40 +0800] "GET /xingrg/javascript/jquery.utils.js HTTP/1.1" 304 -
120.253.135.82 - - [23/Dec/2022:05:43:40 +0800] "GET /xingrg/javascript/jquery_easy_ui/jquery.easyui.min.js HTTP/1.1" 304 -
120.253.135.82 - - [23/Dec/2022:05:43:40 +0800] "GET /xingrg/javascript/jquery-1.4.2.min.js HTTP/1.1" 304 -
120.253.135.82 - - [23/Dec/2022:05:43:40 +0800] "GET /xingrg/javascript/jquery_easy_ui/easyui-lang-zh_CN.js HTTP/1.1" 304 -
120.253.135.82 - - [23/Dec/2022:05:43:40 +0800] "GET /xingrg/css/form.css HTTP/1.1" 304 -
120.253.135.82 - - [23/Dec/2022:05:43:40 +0800] "GET /xingrg/javascript/jquery.timers.js HTTP/1.1" 304 -
120.253.135.82 - - [23/Dec/2022:05:43:40 +0800] "POST /xingrg/all/common/load_tree.html?tree=area_rest_tree_json&manage=1 HTTP/1.1" 200 344
120.253.135.82 - - [23/Dec/2022:05:43:40 +0800] "GET /xingrg/check_reg.html?_=1671745243427 HTTP/1.1" 200 22
120.253.135.82 - - [23/Dec/2022:05:43:40 +0800] "GET /xingrg/all/function/internal_message.html?_=1671745243427&CODE_STATE=count HTTP/1.1" 200 11
120.253.135.82 - - [23/Dec/2022:05:43:40 +0800] "GET /favicon.ico HTTP/1.1" 404 -
120.253.135.82 - - [23/Dec/2022:05:43:40 +0800] "POST /xingrg/load_menu.html HTTP/1.1" 200 6743
120.253.135.82 - - [23/Dec/2022:05:43:55 +0800] "GET /xingrg/kc/pszx/ps_main.html HTTP/1.1" 200 13401
120.253.135.82 - - [23/Dec/2022:05:43:55 +0800] "GET /xingrg/css/blue.css HTTP/1.1" 304 -
120.253.135.82 - - [23/Dec/2022:05:43:55 +0800] "GET /xingrg/javascript/myfunction.js HTTP/1.1" 304 -
120.253.135.82 - - [23/Dec/2022:05:43:55 +0800] "GET /xingrg/javascript/pic_change.js HTTP/1.1" 304 -
120.253.135.82 - - [23/Dec/2022:05:43:55 +0800] "GET /xingrg/javascript/ToolTips.js HTTP/1.1" 304 -
120.253.135.82 - - [23/Dec/2022:05:43:55 +0800] "GET /xingrg/images/blue/button/fdqpd.gif HTTP/1.1" 304 -
120.253.135.82 - - [23/Dec/2022:05:43:55 +0800] "GET /xingrg/images/blue/button/yddb.gif HTTP/1.1" 304 -
120.253.135.82 - - [23/Dec/2022:05:43:55 +0800] "GET /xingrg/images/blue/button/pszx.gif HTTP/1.1" 304 -
120.253.135.82 - - [23/Dec/2022:05:43:55 +0800] "GET /xingrg/images/blue/button/jzcgd.gif HTTP/1.1" 304 -
120.253.135.82 - - [23/Dec/2022:05:43:55 +0800] "GET /xingrg/images/blue/button/fdps2.gif HTTP/1.1" 304 -
120.253.135.82 - - [23/Dec/2022:05:43:55 +0800] "GET /xingrg/images/blue/button/ckpd.gif HTTP/1.1" 304 -
120.253.135.82 - - [23/Dec/2022:05:43:55 +0800] "GET /xingrg/images/blue/button/line.jpg HTTP/1.1" 304 -
120.253.135.82 - - [23/Dec/2022:05:43:55 +0800] "GET /xingrg/images/blue/button/left_down_ah.jpg HTTP/1.1" 304 -
120.253.135.82 - - [23/Dec/2022:05:43:55 +0800] "GET /xingrg/images/blue/button/right_down_ah.jpg HTTP/1.1" 304 -
120.253.135.82 - - [23/Dec/2022:05:43:59 +0800] "GET /xingrg/kc/pszx/mdqp_order_list.html?state=10 HTTP/1.1" 200 11523
120.253.135.82 - - [23/Dec/2022:05:43:59 +0800] "GET /xingrg/dwr/util.js HTTP/1.1" 304 -
120.253.135.82 - - [23/Dec/2022:05:43:59 +0800] "GET /xingrg/javascript/Calendar.js HTTP/1.1" 304 -
120.253.135.82 - - [23/Dec/2022:05:43:59 +0800] "GET /xingrg/dwr/interface/AjaxQqpsService.js HTTP/1.1" 200 16326
120.253.135.82 - - [23/Dec/2022:05:43:59 +0800] "GET /xingrg/dwr/interface/AjaxReportQueryService.js HTTP/1.1" 200 13203
120.253.135.82 - - [23/Dec/2022:05:43:59 +0800] "GET /xingrg/dwr/engine.js HTTP/1.1" 200 43631
120.253.135.82 - - [23/Dec/2022:05:44:08 +0800] "GET /xingrg/kc/pszx/mdqp_order_info.html?code=302022122200334 HTTP/1.1" 200 13358
120.253.135.82 - - [23/Dec/2022:05:44:08 +0800] "GET /xingrg/javascript/auto/jquery.autocomplete.js HTTP/1.1" 304 -
120.253.135.82 - - [23/Dec/2022:05:44:08 +0800] "GET /xingrg/javascript/tools/jquery.qtip-1.0.0-rc3.min.js HTTP/1.1" 304 -
120.253.135.82 - - [23/Dec/2022:05:44:08 +0800] "GET /xingrg/javascript/checkform.js HTTP/1.1" 304 -
120.253.135.82 - - [23/Dec/2022:05:44:08 +0800] "GET /xingrg/dwr/interface/AjaxQqpsService.js HTTP/1.1" 200 16326
120.253.135.82 - - [23/Dec/2022:05:44:08 +0800] "GET /xingrg/javascript/AjaxInfoList.js HTTP/1.1" 304 -
120.253.135.82 - - [23/Dec/2022:05:44:08 +0800] "GET /xingrg/javascript/print/kc_print.js HTTP/1.1" 304 -
120.253.135.82 - - [23/Dec/2022:05:44:08 +0800] "GET /xingrg/javascript/print/LodopFuncs.js HTTP/1.1" 304 -
120.253.135.82 - - [23/Dec/2022:05:44:08 +0800] "GET /xingrg/javascript/Grid.js HTTP/1.1" 304 -
120.253.135.82 - - [23/Dec/2022:05:44:08 +0800] "GET /xingrg/dwr/interface/AjaxComOrderService.js HTTP/1.1" 200 18264
120.253.135.82 - - [23/Dec/2022:05:44:08 +0800] "GET /xingrg/dwr/engine.js HTTP/1.1" 200 43631
120.253.135.82 - - [23/Dec/2022:05:44:08 +0800] "POST /xingrg/dwr/call/plaincall/AjaxQqpsService.loadMaterielItems.dwr HTTP/1.1" 200 349
120.253.135.82 - - [23/Dec/2022:05:44:21 +0800] "GET /xingrg/images/yd/bt.gif HTTP/1.1" 404 1040
120.253.135.82 - - [23/Dec/2022:05:44:21 +0800] "GET /xingrg/images/yd/bt2.gif HTTP/1.1" 404 1042
116.238.139.35 - - [23/Dec/2022:05:44:25 +0800] "GET /xingrg/all/function/internal_message.html?_=1671745481887&CODE_STATE=getMsg HTTP/1.1" 200 27
120.253.135.82 - - [23/Dec/2022:05:44:30 +0800] "POST /xingrg/dwr/call/plaincall/AjaxQqpsService.psSaveMaterielItem.dwr HTTP/1.1" 200 78
114.84.38.109 - - [23/Dec/2022:05:44:31 +0800] "GET /xingrg/all/function/internal_message.html?_=1671745500766&CODE_STATE=getMsg HTTP/1.1" 302 -
120.253.135.82 - - [23/Dec/2022:05:44:31 +0800] "GET /xingrg/images/yd/bt2.gif HTTP/1.1" 404 1042
120.253.135.82 - - [23/Dec/2022:05:44:32 +0800] "GET /xingrg/kc/pszx/mdqp_order_list.html?isBack=1 HTTP/1.1" 302 -
120.253.135.82 - - [23/Dec/2022:05:44:33 +0800] "GET /xingrg/kc/pszx/mdqp_order_list.html?state=10 HTTP/1.1" 200 11523
120.253.135.82 - - [23/Dec/2022:05:44:33 +0800] "GET /xingrg/dwr/interface/AjaxQqpsService.js HTTP/1.1" 200 16326
120.253.135.82 - - [23/Dec/2022:05:44:33 +0800] "GET /xingrg/dwr/interface/AjaxReportQueryService.js HTTP/1.1" 200 13203
120.253.135.82 - - [23/Dec/2022:05:44:33 +0800] "GET /xingrg/dwr/engine.js HTTP/1.1" 200 43631
222.69.192.184 - - [23/Dec/2022:05:44:33 +0800] "POST /xingrg/services/DataTransmitService HTTP/1.1" 200 524
120.253.135.82 - - [23/Dec/2022:05:44:36 +0800] "GET /xingrg/kc/pszx/mdqp_order_info.html?code=302022122200336 HTTP/1.1" 200 13350
120.253.135.82 - - [23/Dec/2022:05:44:36 +0800] "GET /xingrg/dwr/interface/AjaxQqpsService.js HTTP/1.1" 200 16326
120.253.135.82 - - [23/Dec/2022:05:44:36 +0800] "GET /xingrg/dwr/interface/AjaxComOrderService.js HTTP/1.1" 200 18264
120.253.135.82 - - [23/Dec/2022:05:44:36 +0800] "GET /xingrg/dwr/engine.js HTTP/1.1" 200 43631
120.253.135.82 - - [23/Dec/2022:05:44:36 +0800] "POST /xingrg/dwr/call/plaincall/AjaxQqpsService.loadMaterielItems.dwr HTTP/1.1" 200 1795
120.253.135.82 - - [23/Dec/2022:05:44:40 +0800] "GET /xingrg/all/function/internal_message.html?_=1671745303427&CODE_STATE=getMsg HTTP/1.1" 200 27
120.253.135.82 - - [23/Dec/2022:05:45:05 +0800] "GET /xingrg/kc/pszx/mdqp_order_list.html?isBack=1 HTTP/1.1" 302 -
120.253.135.82 - - [23/Dec/2022:05:45:05 +0800] "GET /xingrg/kc/pszx/mdqp_order_list.html?state=10 HTTP/1.1" 200 11523
120.253.135.82 - - [23/Dec/2022:05:45:05 +0800] "GET /xingrg/dwr/interface/AjaxReportQueryService.js HTTP/1.1" 200 13203
120.253.135.82 - - [23/Dec/2022:05:45:05 +0800] "GET /xingrg/dwr/interface/AjaxQqpsService.js HTTP/1.1" 200 16326
120.253.135.82 - - [23/Dec/2022:05:45:05 +0800] "GET /xingrg/dwr/engine.js HTTP/1.1" 200 43631
120.253.135.82 - - [23/Dec/2022:05:45:08 +0800] "GET /xingrg/kc/pszx/mdqp_order_info.html?code=302022122200335 HTTP/1.1" 200 13338
120.253.135.82 - - [23/Dec/2022:05:45:08 +0800] "GET /xingrg/dwr/interface/AjaxComOrderService.js HTTP/1.1" 200 18264
120.253.135.82 - - [23/Dec/2022:05:45:08 +0800] "GET /xingrg/dwr/interface/AjaxQqpsService.js HTTP/1.1" 200 16326
120.253.135.82 - - [23/Dec/2022:05:45:08 +0800] "GET /xingrg/dwr/engine.js HTTP/1.1" 200 43631
120.253.135.82 - - [23/Dec/2022:05:45:08 +0800] "POST /xingrg/dwr/call/plaincall/AjaxQqpsService.loadMaterielItems.dwr HTTP/1.1" 200 1514
120.253.135.82 - - [23/Dec/2022:05:45:23 +0800] "GET /xingrg/kc/pszx/mdqp_order_list.html?isBack=1 HTTP/1.1" 302 -
120.253.135.82 - - [23/Dec/2022:05:45:23 +0800] "GET /xingrg/kc/pszx/mdqp_order_list.html?state=10 HTTP/1.1" 200 11523
120.253.135.82 - - [23/Dec/2022:05:45:23 +0800] "GET /xingrg/dwr/interface/AjaxQqpsService.js HTTP/1.1" 200 16326
120.253.135.82 - - [23/Dec/2022:05:45:23 +0800] "GET /xingrg/dwr/interface/AjaxReportQueryService.js HTTP/1.1" 200 13203
120.253.135.82 - - [23/Dec/2022:05:45:23 +0800] "GET /xingrg/dwr/engine.js HTTP/1.1" 200 43631
116.238.139.35 - - [23/Dec/2022:05:45:25 +0800] "GET /xingrg/all/function/internal_message.html?_=1671745541888&CODE_STATE=getMsg HTTP/1.1" 200 27
114.84.38.109 - - [23/Dec/2022:05:45:31 +0800] "GET /xingrg/all/function/internal_message.html?_=1671745560771&CODE_STATE=getMsg HTTP/1.1" 302 -
120.253.135.82 - - [23/Dec/2022:05:45:40 +0800] "GET /xingrg/all/function/internal_message.html?_=1671745363441&CODE_STATE=getMsg HTTP/1.1" 200 27
61.170.235.113 - - [23/Dec/2022:05:46:18 +0800] "POST /xingrg/services/DataTransmitService HTTP/1.1" 200 524
116.238.139.35 - - [23/Dec/2022:05:46:25 +0800] "GET /xingrg/all/function/internal_message.html?_=1671745601889&CODE_STATE=getMsg HTTP/1.1" 200 27
114.84.38.109 - - [23/Dec/2022:05:46:31 +0800] "GET /xingrg/all/function/internal_message.html?_=1671745620796&CODE_STATE=getMsg HTTP/1.1" 302 -
58.221.95.50 - - [23/Dec/2022:05:46:38 +0800] "GET /xingrg/check_reg.html?_=1671745613219 HTTP/1.1" 302 -
120.253.135.82 - - [23/Dec/2022:05:46:40 +0800] "GET /xingrg/all/function/internal_message.html?_=1671745423454&CODE_STATE=getMsg HTTP/1.1" 200 27
101.83.241.168 - - [23/Dec/2022:05:47:00 +0800] "POST /xingrg/services/DataTransmitService HTTP/1.1" 200 524
120.253.135.82 - - [23/Dec/2022:05:47:18 +0800] "GET /xingrg/kc/pszx/mdps_order_list.html?orderType=0 HTTP/1.1" 200 21035
120.253.135.82 - - [23/Dec/2022:05:47:18 +0800] "GET /xingrg/css/base.css HTTP/1.1" 304 -
120.253.135.82 - - [23/Dec/2022:05:47:18 +0800] "GET /xingrg/javascript/easyui/themes/default/easyui.css HTTP/1.1" 304 -
120.253.135.82 - - [23/Dec/2022:05:47:18 +0800] "GET /xingrg/css/site.css HTTP/1.1" 304 -
120.253.135.82 - - [23/Dec/2022:05:47:18 +0800] "GET /xingrg/javascript/jquery_tools/jquery.tools.hotkey.js HTTP/1.1" 304 -
120.253.135.82 - - [23/Dec/2022:05:47:18 +0800] "GET /xingrg/javascript/jquery_tools/jquery.tools.min.js HTTP/1.1" 304 -
120.253.135.82 - - [23/Dec/2022:05:47:18 +0800] "GET /xingrg/javascript/jquery_tools/datebox.css HTTP/1.1" 304 -
120.253.135.82 - - [23/Dec/2022:05:47:18 +0800] "GET /xingrg/javascript/jquery_tools/jquery.tools.extend.js HTTP/1.1" 304 -
120.253.135.82 - - [23/Dec/2022:05:47:18 +0800] "GET /xingrg/javascript/auto/jquery.autocomplete.css HTTP/1.1" 304 -
120.253.135.82 - - [23/Dec/2022:05:47:18 +0800] "GET /xingrg/javascript/easyui/themes/icon.css HTTP/1.1" 304 -
120.253.135.82 - - [23/Dec/2022:05:47:18 +0800] "GET /xingrg/javascript/jquery_tools/fix.css HTTP/1.1" 304 -
120.253.135.82 - - [23/Dec/2022:05:47:18 +0800] "GET /xingrg/javascript/jquery_tools/table.css HTTP/1.1" 304 -
120.253.135.82 - - [23/Dec/2022:05:47:18 +0800] "GET /xingrg/javascript/jquery_tools/jquery.tools.table.js HTTP/1.1" 304 -
120.253.135.82 - - [23/Dec/2022:05:47:18 +0800] "GET /xingrg/javascript/jquery_tools/list_manager.js HTTP/1.1" 304 -
120.253.135.82 - - [23/Dec/2022:05:47:18 +0800] "GET /xingrg/javascript/easyui/easyloader.js HTTP/1.1" 304 -
120.253.135.82 - - [23/Dec/2022:05:47:18 +0800] "GET /xingrg/javascript/jquery.cookie.js HTTP/1.1" 304 -
120.253.135.82 - - [23/Dec/2022:05:47:18 +0800] "GET /xingrg/javascript/easyui/plugins/jquery.parser.js HTTP/1.1" 304 -
120.253.135.82 - - [23/Dec/2022:05:47:19 +0800] "POST /xingrg/kc/pszx/mdps_list_operate.html HTTP/1.1" 200 5220
116.238.139.35 - - [23/Dec/2022:05:47:25 +0800] "GET /xingrg/check_reg.html?_=1671745661891 HTTP/1.1" 200 22
116.238.139.35 - - [23/Dec/2022:05:47:25 +0800] "GET /xingrg/all/function/internal_message.html?_=1671745661901&CODE_STATE=getMsg HTTP/1.1" 200 27
120.253.135.82 - - [23/Dec/2022:05:47:27 +0800] "POST /xingrg/kc/pszx/mdps_list_operate.html HTTP/1.1" 200 204
120.253.135.82 - - [23/Dec/2022:05:47:29 +0800] "POST /xingrg/kc/pszx/mdps_list_operate.html HTTP/1.1" 200 208
114.84.38.109 - - [23/Dec/2022:05:47:31 +0800] "GET /xingrg/all/function/internal_message.html?_=1671745680798&CODE_STATE=getMsg HTTP/1.1" 302 -
120.253.135.82 - - [23/Dec/2022:05:47:32 +0800] "POST /xingrg/kc/pszx/mdps_list_operate.html HTTP/1.1" 200 199
120.253.135.82 - - [23/Dec/2022:05:47:34 +0800] "POST /xingrg/kc/pszx/mdps_list_operate.html HTTP/1.1" 200 205
120.253.135.82 - - [23/Dec/2022:05:47:38 +0800] "POST /xingrg/kc/pszx/mdps_list_operate.html HTTP/1.1" 200 205
120.253.135.82 - - [23/Dec/2022:05:47:40 +0800] "GET /xingrg/all/function/internal_message.html?_=1671745483468&CODE_STATE=getMsg HTTP/1.1" 200 27
120.253.135.82 - - [23/Dec/2022:05:47:43 +0800] "POST /xingrg/kc/pszx/mdps_list_operate.html HTTP/1.1" 200 211
120.253.135.82 - - [23/Dec/2022:05:48:12 +0800] "GET /xingrg/kc/pszx/jzcl_ps.html HTTP/1.1" 200 7683
120.253.135.82 - - [23/Dec/2022:05:48:12 +0800] "GET /xingrg/javascript/step/step.css HTTP/1.1" 304 -
120.253.135.82 - - [23/Dec/2022:05:48:12 +0800] "GET /xingrg/css/table.css HTTP/1.1" 304 -
120.253.135.82 - - [23/Dec/2022:05:48:13 +0800] "GET /xingrg/javascript/jquery_easy_ui/themes/default/images/combo_arrow_dot.gif HTTP/1.1" 304 -
120.253.135.82 - - [23/Dec/2022:05:48:13 +0800] "POST /xingrg/all/common/load_tree.html?tree=area_rest_tree_json HTTP/1.1" 200 3499
120.253.135.82 - - [23/Dec/2022:05:48:13 +0800] "POST /xingrg/kc/pszx/jzcl_ps_operate.html HTTP/1.1" 200 1359
120.253.135.82 - - [23/Dec/2022:05:48:13 +0800] "POST /xingrg/kc/pszx/jzcl_ps_operate.html HTTP/1.1" 200 1359
114.84.38.109 - - [23/Dec/2022:05:48:20 +0800] "GET /xingrg/check_reg.html?_=1671745729884 HTTP/1.1" 302 -
120.253.135.82 - - [23/Dec/2022:05:48:21 +0800] "POST /xingrg/kc/pszx/jzcl_ps_operate.html HTTP/1.1" 200 4
120.253.135.82 - - [23/Dec/2022:05:48:21 +0800] "GET /xingrg/javascript/step/images/navBtn.gif HTTP/1.1" 304 -
120.253.135.82 - - [23/Dec/2022:05:48:21 +0800] "GET /xingrg/javascript/step/images/navBtn.gif HTTP/1.1" 304 -
116.238.139.35 - - [23/Dec/2022:05:48:25 +0800] "GET /xingrg/all/function/internal_message.html?_=1671745721887&CODE_STATE=getMsg HTTP/1.1" 200 27
120.253.135.82 - - [23/Dec/2022:05:48:26 +0800] "GET /xingrg/kc/pszx/mdps_order_list.html HTTP/1.1" 200 21035
120.253.135.82 - - [23/Dec/2022:05:48:26 +0800] "POST /xingrg/kc/pszx/mdps_list_operate.html HTTP/1.1" 200 5226
114.84.38.109 - - [23/Dec/2022:05:48:31 +0800] "GET /xingrg/all/function/internal_message.html?_=1671745740818&CODE_STATE=getMsg HTTP/1.1" 302 -
120.253.135.82 - - [23/Dec/2022:05:48:40 +0800] "GET /xingrg/check_reg.html?_=1671745543419 HTTP/1.1" 200 22
120.253.135.82 - - [23/Dec/2022:05:48:40 +0800] "GET /xingrg/all/function/internal_message.html?_=1671745543482&CODE_STATE=getMsg HTTP/1.1" 200 27
120.253.135.82 - - [23/Dec/2022:05:48:48 +0800] "GET /xingrg/javascript/auto/indicator.gif HTTP/1.1" 404 1066
120.253.135.82 - - [23/Dec/2022:05:48:52 +0800] "POST /xingrg/kc/pszx/mdps_list_operate.html HTTP/1.1" 200 2415
120.253.135.82 - - [23/Dec/2022:05:48:55 +0800] "POST /xingrg/kc/pszx/mdps_list_operate.html HTTP/1.1" 200 216
120.253.135.82 - - [23/Dec/2022:05:49:04 +0800] "POST /xingrg/kc/pszx/mdps_list_operate.html HTTP/1.1" 200 205
120.253.135.82 - - [23/Dec/2022:05:49:07 +0800] "POST /xingrg/kc/pszx/mdps_list_operate.html HTTP/1.1" 200 567
120.253.135.82 - - [23/Dec/2022:05:49:08 +0800] "GET /xingrg/kc/pszx/mdps_order_info.html?code=312022122300429 HTTP/1.1" 200 23972
