47.101.154.149 - - [23/Dec/2022:09:27:40 +0800] "GET /indice.aspx HTTP/1.1" 404 -
47.101.154.149 - - [23/Dec/2022:09:27:40 +0800] "GET /menu.jsp HTTP/1.1" 404 -
47.101.154.149 - - [23/Dec/2022:09:27:41 +0800] "GET /inicio.jhtml HTTP/1.1" 404 -
47.101.154.149 - - [23/Dec/2022:09:27:41 +0800] "GET /inicio.php HTTP/1.1" 404 -
47.101.154.149 - - [23/Dec/2022:09:27:41 +0800] "GET /inicio.cfm HTTP/1.1" 404 -
47.101.154.149 - - [23/Dec/2022:09:27:41 +0800] "GET /default.shtml HTTP/1.1" 404 -
47.101.154.149 - - [23/Dec/2022:09:27:41 +0800] "GET /indice.asp HTTP/1.1" 404 -
116.238.139.35 - - [23/Dec/2022:09:27:41 +0800] "POST /xingrg/kc/base/wldb_order_operate.html HTTP/1.1" 200 37
47.101.154.149 - - [23/Dec/2022:09:27:41 +0800] "GET /main.php HTTP/1.1" 404 -
47.101.154.149 - - [23/Dec/2022:09:27:41 +0800] "GET /base.inc HTTP/1.1" 404 -
47.101.154.149 - - [23/Dec/2022:09:27:42 +0800] "GET /inicio.cgi HTTP/1.1" 404 -
47.101.154.149 - - [23/Dec/2022:09:27:42 +0800] "GET /menu.php HTTP/1.1" 404 -
47.101.154.149 - - [23/Dec/2022:09:27:42 +0800] "GET /home.jsa HTTP/1.1" 404 -
47.101.154.149 - - [23/Dec/2022:09:27:42 +0800] "GET /inicio.jsa HTTP/1.1" 404 -
47.101.154.149 - - [23/Dec/2022:09:27:42 +0800] "GET /default.jsa HTTP/1.1" 404 -
47.101.154.149 - - [23/Dec/2022:09:27:42 +0800] "GET /menu.shtml HTTP/1.1" 404 -
47.101.154.149 - - [23/Dec/2022:09:27:43 +0800] "GET /main.jsa HTTP/1.1" 404 -
47.101.154.149 - - [23/Dec/2022:09:27:43 +0800] "GET /inicio.aspx HTTP/1.1" 404 -
47.101.154.149 - - [23/Dec/2022:09:27:43 +0800] "GET /main.cfm HTTP/1.1" 404 -
47.101.154.149 - - [23/Dec/2022:09:27:43 +0800] "GET /home.jhtml HTTP/1.1" 404 -
47.101.154.149 - - [23/Dec/2022:09:27:43 +0800] "GET /inicio.asp HTTP/1.1" 404 -
47.101.154.149 - - [23/Dec/2022:09:27:43 +0800] "GET /index.jhtml HTTP/1.1" 404 -
47.101.154.149 - - [23/Dec/2022:09:27:43 +0800] "GET /menu.pl HTTP/1.1" 404 -
47.101.154.149 - - [23/Dec/2022:09:27:44 +0800] "GET /start.pl HTTP/1.1" 404 -
116.238.139.35 - - [23/Dec/2022:09:27:44 +0800] "POST /xingrg/kc/base/wldb_order_operate.html HTTP/1.1" 200 12
116.238.139.35 - - [23/Dec/2022:09:27:44 +0800] "POST /xingrg/kc/base/wldb_order_operate.html HTTP/1.1" 200 2181
47.101.154.149 - - [23/Dec/2022:09:27:44 +0800] "GET /base.html HTTP/1.1" 404 -
47.101.154.149 - - [23/Dec/2022:09:27:44 +0800] "GET /main.asp HTTP/1.1" 404 -
47.101.154.149 - - [23/Dec/2022:09:27:44 +0800] "GET /localstart.php HTTP/1.1" 404 -
116.238.139.35 - - [23/Dec/2022:09:27:44 +0800] "GET /xingrg/kc/base/wldb_order_info.html?code=422022122301431 HTTP/1.1" 200 26266
47.101.154.149 - - [23/Dec/2022:09:27:44 +0800] "GET /localstart.jsp HTTP/1.1" 404 -
47.101.154.149 - - [23/Dec/2022:09:27:44 +0800] "GET /localstart.jsa HTTP/1.1" 404 -
47.101.154.149 - - [23/Dec/2022:09:27:44 +0800] "GET /home.jsp HTTP/1.1" 404 -
116.238.139.35 - - [23/Dec/2022:09:27:44 +0800] "GET /xingrg/javascript/easyui/themes/default/validatebox.css HTTP/1.1" 404 1104
116.238.139.35 - - [23/Dec/2022:09:27:45 +0800] "POST /xingrg/kc/base/wldb_order_operate.html HTTP/1.1" 200 476
47.101.154.149 - - [23/Dec/2022:09:27:45 +0800] "GET /index.cgi HTTP/1.1" 404 -
47.101.154.149 - - [23/Dec/2022:09:27:45 +0800] "GET /home.aspx HTTP/1.1" 404 -
47.101.154.149 - - [23/Dec/2022:09:27:45 +0800] "GET /index.jsp HTTP/1.1" 404 -
47.101.154.149 - - [23/Dec/2022:09:27:45 +0800] "GET /localstart.html HTTP/1.1" 404 -
47.101.154.149 - - [23/Dec/2022:09:27:45 +0800] "GET /localstart.cgi HTTP/1.1" 404 -
47.101.154.149 - - [23/Dec/2022:09:27:45 +0800] "GET /localstart.cfm HTTP/1.1" 404 -
47.101.154.149 - - [23/Dec/2022:09:27:45 +0800] "GET /localstart.aspx HTTP/1.1" 404 -
47.101.154.149 - - [23/Dec/2022:09:27:46 +0800] "GET /localstart.asp HTTP/1.1" 404 -
47.101.154.149 - - [23/Dec/2022:09:27:46 +0800] "GET /base.pl HTTP/1.1" 404 -
47.101.154.149 - - [23/Dec/2022:09:27:46 +0800] "GET /indice.php HTTP/1.1" 404 -
47.101.154.149 - - [23/Dec/2022:09:27:46 +0800] "GET /default.jsp HTTP/1.1" 404 -
47.101.154.149 - - [23/Dec/2022:09:27:46 +0800] "GET /main.aspx HTTP/1.1" 404 -
47.101.154.149 - - [23/Dec/2022:09:27:46 +0800] "GET /default.cgi HTTP/1.1" 404 -
47.101.154.149 - - [23/Dec/2022:09:27:47 +0800] "GET /start.aspx HTTP/1.1" 404 -
47.101.154.149 - - [23/Dec/2022:09:27:47 +0800] "GET /default.cfm HTTP/1.1" 404 -
47.101.154.149 - - [23/Dec/2022:09:27:47 +0800] "GET /index.jsa HTTP/1.1" 404 -
47.101.154.149 - - [23/Dec/2022:09:27:47 +0800] "GET /main.pl HTTP/1.1" 404 -
114.84.38.109 - - [23/Dec/2022:09:27:47 +0800] "GET /xingrg/all/function/internal_message.html?_=1671758899777&CODE_STATE=getMsg HTTP/1.1" 200 27
47.101.154.149 - - [23/Dec/2022:09:27:47 +0800] "GET /default.aspx HTTP/1.1" 404 -
47.101.154.149 - - [23/Dec/2022:09:27:47 +0800] "GET /home.cfm HTTP/1.1" 404 -
47.101.154.149 - - [23/Dec/2022:09:27:47 +0800] "GET /base.aspx HTTP/1.1" 404 -
47.101.154.149 - - [23/Dec/2022:09:27:48 +0800] "GET /menu.html HTTP/1.1" 404 -
116.238.139.35 - - [23/Dec/2022:09:27:48 +0800] "GET /xingrg/kc/base/wldb_order_add.html HTTP/1.1" 200 30390
47.101.154.149 - - [23/Dec/2022:09:27:48 +0800] "GET /main.shtml HTTP/1.1" 404 -
47.101.154.149 - - [23/Dec/2022:09:27:48 +0800] "GET /menu.cgi HTTP/1.1" 404 -
47.101.154.149 - - [23/Dec/2022:09:27:48 +0800] "GET /default.php HTTP/1.1" 404 -
116.238.139.35 - - [23/Dec/2022:09:27:48 +0800] "POST /xingrg/kc/base/wldb_order_operate.html HTTP/1.1" 200 6806
47.101.154.149 - - [23/Dec/2022:09:27:48 +0800] "GET /home.pl HTTP/1.1" 404 -
116.238.139.35 - - [23/Dec/2022:09:27:48 +0800] "GET /xingrg/javascript/easyui/themes/default/validatebox.css HTTP/1.1" 404 1104
47.101.154.149 - - [23/Dec/2022:09:27:48 +0800] "GET / HTTP/1.0" 404 -
47.101.154.149 - - [23/Dec/2022:09:27:49 +0800] "GET / HTTP/1.1" 404 -
120.253.135.82 - - [23/Dec/2022:09:27:54 +0800] "GET /xingrg/check_reg.html?_=1671758696289 HTTP/1.1" 200 22
180.163.29.206 - - [23/Dec/2022:09:27:55 +0800] "GET /xingrg/all/function/internal_message.html?_=1671758828564&CODE_STATE=getMsg HTTP/1.1" 302 -
180.163.29.206 - - [23/Dec/2022:09:27:55 +0800] "GET /xingrg/login.html HTTP/1.1" 200 7641
116.237.77.129 - - [23/Dec/2022:09:27:56 +0800] "GET /xingrg/all/function/internal_message.html?_=1671758888564&CODE_STATE=getMsg HTTP/1.1" 200 27
116.238.139.35 - - [23/Dec/2022:09:27:56 +0800] "GET /xingrg/kc/base/wldb_order_operate.html?command=get_materiel&rest_code=00150&base_code=0010445&code=00101016097 HTTP/1.1" 200 469
116.238.139.35 - - [23/Dec/2022:09:27:57 +0800] "POST /xingrg/all/common/load_select.html HTTP/1.1" 200 25
116.238.139.35 - - [23/Dec/2022:09:27:59 +0800] "GET /xingrg/kc/base/wldb_order_operate.html?command=get_materiel_price&rest_code=00150&base_code=0010445&code=00101016097&unit_code=00100163 HTTP/1.1" 200 36
116.238.139.35 - - [23/Dec/2022:09:28:03 +0800] "POST /xingrg/kc/base/wldb_order_operate.html HTTP/1.1" 200 37
116.238.139.35 - - [23/Dec/2022:09:28:06 +0800] "POST /xingrg/kc/base/wldb_order_operate.html HTTP/1.1" 200 12
116.238.139.35 - - [23/Dec/2022:09:28:06 +0800] "POST /xingrg/kc/base/wldb_order_operate.html HTTP/1.1" 200 2209
116.238.139.35 - - [23/Dec/2022:09:28:17 +0800] "GET /xingrg/kc/base/wldb_order_info.html?code=422022122301432 HTTP/1.1" 200 26270
116.238.139.35 - - [23/Dec/2022:09:28:18 +0800] "GET /xingrg/javascript/easyui/themes/default/validatebox.css HTTP/1.1" 404 1104
116.238.139.35 - - [23/Dec/2022:09:28:18 +0800] "POST /xingrg/kc/base/wldb_order_operate.html HTTP/1.1" 200 504
114.84.38.109 - - [23/Dec/2022:09:28:20 +0800] "GET /xingrg/check_reg.html?_=1671758930212 HTTP/1.1" 302 -
116.238.139.35 - - [23/Dec/2022:09:28:25 +0800] "GET /xingrg/all/function/internal_message.html?_=1671758922253&CODE_STATE=getMsg HTTP/1.1" 200 27
114.84.38.109 - - [23/Dec/2022:09:28:34 +0800] "GET /xingrg/all/function/internal_message.html?_=1671758944218&CODE_STATE=getMsg HTTP/1.1" 302 -
116.238.139.35 - - [23/Dec/2022:09:28:37 +0800] "POST /xingrg/all/user/operate.html HTTP/1.1" 200 36
116.238.139.35 - - [23/Dec/2022:09:28:37 +0800] "GET /xingrg/index.html?sysBaseUrl=http%3A%2F%2F180.169.147.146%3A18081%2Fxingrg%2F&costTime=39×tamp=1671497744885 HTTP/1.1" 200 17177
116.238.139.35 - - [23/Dec/2022:09:28:37 +0800] "GET /xingrg/javascript/jquery_easy_ui/themes/default/easyui.css HTTP/1.1" 304 -
116.238.139.35 - - [23/Dec/2022:09:28:37 +0800] "GET /xingrg/javascript/jquery_easy_ui/themes/icon.css HTTP/1.1" 304 -
116.238.139.35 - - [23/Dec/2022:09:28:37 +0800] "GET /xingrg/css/form.css HTTP/1.1" 304 -
116.238.139.35 - - [23/Dec/2022:09:28:37 +0800] "GET /xingrg/javascript/jquery-1.4.2.min.js HTTP/1.1" 304 -
116.238.139.35 - - [23/Dec/2022:09:28:37 +0800] "GET /xingrg/javascript/jquery_easy_ui/jquery.easyui.min.js HTTP/1.1" 304 -
116.238.139.35 - - [23/Dec/2022:09:28:37 +0800] "GET /xingrg/javascript/jquery_easy_ui/easyui-lang-zh_CN.js HTTP/1.1" 304 -
116.238.139.35 - - [23/Dec/2022:09:28:37 +0800] "GET /xingrg/javascript/jquery.form.js HTTP/1.1" 304 -
116.238.139.35 - - [23/Dec/2022:09:28:37 +0800] "GET /xingrg/javascript/jquery.utils.js HTTP/1.1" 304 -
116.238.139.35 - - [23/Dec/2022:09:28:37 +0800] "GET /xingrg/javascript/jquery.timers.js HTTP/1.1" 304 -
116.238.139.35 - - [23/Dec/2022:09:28:37 +0800] "GET /xingrg/images/blue/jxLogo.png HTTP/1.1" 304 -
116.238.139.35 - - [23/Dec/2022:09:28:37 +0800] "GET /xingrg/javascript/jquery_easy_ui/themes/icons/settle_new.png HTTP/1.1" 304 -
116.238.139.35 - - [23/Dec/2022:09:28:37 +0800] "GET /xingrg/images/blue/navBackgound.jpg HTTP/1.1" 304 -
116.238.139.35 - - [23/Dec/2022:09:28:37 +0800] "POST /xingrg/all/common/load_tree.html?tree=area_rest_tree_json&manage=1 HTTP/1.1" 200 476
116.238.139.35 - - [23/Dec/2022:09:28:37 +0800] "GET /xingrg/all/function/internal_message.html?_=1671758934714&CODE_STATE=count HTTP/1.1" 200 11
116.238.139.35 - - [23/Dec/2022:09:28:37 +0800] "GET /xingrg/check_reg.html?_=1671758934715 HTTP/1.1" 200 22
116.238.139.35 - - [23/Dec/2022:09:28:37 +0800] "GET /xingrg/javascript/jquery_easy_ui/themes/default/images/tabs_rightarrow.png HTTP/1.1" 304 -
116.238.139.35 - - [23/Dec/2022:09:28:37 +0800] "GET /xingrg/images/blue/pingpu.png HTTP/1.1" 304 -
116.238.139.35 - - [23/Dec/2022:09:28:37 +0800] "GET /xingrg/javascript/jquery_easy_ui/themes/default/images/panel_tool_collapse.gif HTTP/1.1" 304 -
116.238.139.35 - - [23/Dec/2022:09:28:37 +0800] "GET /xingrg/javascript/jquery_easy_ui/themes/default/images/tabs_leftarrow.png HTTP/1.1" 304 -
116.238.139.35 - - [23/Dec/2022:09:28:38 +0800] "POST /xingrg/load_menu.html HTTP/1.1" 200 5138
116.238.139.35 - - [23/Dec/2022:09:28:40 +0800] "GET /xingrg/kc/base/yddb_order_list.html HTTP/1.1" 200 16711
116.238.139.35 - - [23/Dec/2022:09:28:41 +0800] "POST /xingrg/kc/base/yddb_list_operate.html HTTP/1.1" 200 636
116.238.139.35 - - [23/Dec/2022:09:28:42 +0800] "GET /xingrg/dwr/util.js HTTP/1.1" 304 -
116.238.139.35 - - [23/Dec/2022:09:28:42 +0800] "GET /xingrg/kc/base/yddb_order_add.html HTTP/1.1" 200 29953
116.238.139.35 - - [23/Dec/2022:09:28:42 +0800] "GET /xingrg/dwr/interface/AjaxComOrderService.js HTTP/1.1" 200 18264
116.238.139.35 - - [23/Dec/2022:09:28:42 +0800] "GET /xingrg/dwr/interface/AjaxYddbService.js HTTP/1.1" 200 13201
116.238.139.35 - - [23/Dec/2022:09:28:42 +0800] "GET /xingrg/dwr/engine.js HTTP/1.1" 200 43631
116.238.139.35 - - [23/Dec/2022:09:28:45 +0800] "POST /xingrg/dwr/call/plaincall/AjaxYddbService.getRestBases.dwr HTTP/1.1" 200 1616
114.84.38.109 - - [23/Dec/2022:09:28:47 +0800] "GET /xingrg/all/function/internal_message.html?_=1671758959795&CODE_STATE=getMsg HTTP/1.1" 200 27
116.238.139.35 - - [23/Dec/2022:09:28:51 +0800] "POST /xingrg/dwr/call/plaincall/AjaxYddbService.saveOrder.dwr HTTP/1.1" 200 78
116.238.139.35 - - [23/Dec/2022:09:28:51 +0800] "GET /xingrg/images/yd/bt.gif HTTP/1.1" 404 1040
116.238.139.35 - - [23/Dec/2022:09:28:54 +0800] "POST /xingrg/dwr/call/plaincall/AjaxComOrderService.getMaterielSearchList.dwr HTTP/1.1" 200 8751
116.238.139.35 - - [23/Dec/2022:09:28:55 +0800] "POST /xingrg/dwr/call/plaincall/AjaxComOrderService.getMaterielSearchList.dwr HTTP/1.1" 200 698
180.163.28.68 - - [23/Dec/2022:09:28:56 +0800] "GET /xingrg/all/function/internal_message.html?_=1671758888564&CODE_STATE=getMsg HTTP/1.1" 302 -
116.237.77.129 - - [23/Dec/2022:09:28:56 +0800] "GET /xingrg/all/function/internal_message.html?_=1671758948564&CODE_STATE=getMsg HTTP/1.1" 200 27
116.238.139.35 - - [23/Dec/2022:09:28:56 +0800] "POST /xingrg/dwr/call/plaincall/AjaxYddbService.getMaterielByMap.dwr HTTP/1.1" 200 2333
116.238.139.35 - - [23/Dec/2022:09:28:58 +0800] "POST /xingrg/dwr/call/plaincall/AjaxYddbService.saveMaterielItem.dwr HTTP/1.1" 200 78
180.163.28.68 - - [23/Dec/2022:09:28:59 +0800] "GET /xingrg/login.html HTTP/1.1" 200 7641
116.238.139.35 - - [23/Dec/2022:09:29:02 +0800] "POST /xingrg/dwr/call/plaincall/AjaxComOrderService.getMaterielSearchList.dwr HTTP/1.1" 200 33055
116.238.139.35 - - [23/Dec/2022:09:29:03 +0800] "POST /xingrg/dwr/call/plaincall/AjaxComOrderService.getMaterielSearchList.dwr HTTP/1.1" 200 3145
116.238.139.35 - - [23/Dec/2022:09:29:04 +0800] "POST /xingrg/dwr/call/plaincall/AjaxYddbService.getMaterielByMap.dwr HTTP/1.1" 200 2346
116.238.139.35 - - [23/Dec/2022:09:29:06 +0800] "POST /xingrg/dwr/call/plaincall/AjaxYddbService.getUnitPrice.dwr HTTP/1.1" 200 86
116.238.139.35 - - [23/Dec/2022:09:29:10 +0800] "POST /xingrg/dwr/call/plaincall/AjaxYddbService.saveMaterielItem.dwr HTTP/1.1" 200 79
116.238.139.35 - - [23/Dec/2022:09:29:13 +0800] "POST /xingrg/dwr/call/plaincall/AjaxComOrderService.getMaterielSearchList.dwr HTTP/1.1" 200 42170
116.238.139.35 - - [23/Dec/2022:09:29:14 +0800] "POST /xingrg/dwr/call/plaincall/AjaxComOrderService.getMaterielSearchList.dwr HTTP/1.1" 200 1967
116.238.139.35 - - [23/Dec/2022:09:29:16 +0800] "POST /xingrg/dwr/call/plaincall/AjaxYddbService.getMaterielByMap.dwr HTTP/1.1" 200 2283
116.238.139.35 - - [23/Dec/2022:09:29:18 +0800] "POST /xingrg/dwr/call/plaincall/AjaxYddbService.saveMaterielItem.dwr HTTP/1.1" 200 79
116.238.139.35 - - [23/Dec/2022:09:29:21 +0800] "POST /xingrg/dwr/call/plaincall/AjaxComOrderService.getMaterielSearchList.dwr HTTP/1.1" 200 2099
116.238.139.35 - - [23/Dec/2022:09:29:23 +0800] "POST /xingrg/dwr/call/plaincall/AjaxYddbService.getMaterielByMap.dwr HTTP/1.1" 200 2332
116.238.139.35 - - [23/Dec/2022:09:29:25 +0800] "POST /xingrg/dwr/call/plaincall/AjaxYddbService.getUnitPrice.dwr HTTP/1.1" 200 87
116.238.139.35 - - [23/Dec/2022:09:29:26 +0800] "GET /xingrg/images/yd/bt2.gif HTTP/1.1" 404 1042
116.238.139.35 - - [23/Dec/2022:09:29:27 +0800] "POST /xingrg/dwr/call/plaincall/AjaxYddbService.saveMaterielItem.dwr HTTP/1.1" 200 79
116.238.139.35 - - [23/Dec/2022:09:29:33 +0800] "POST /xingrg/dwr/call/plaincall/AjaxYddbService.checkOrder.dwr HTTP/1.1" 200 79
114.84.38.109 - - [23/Dec/2022:09:29:34 +0800] "GET /xingrg/all/function/internal_message.html?_=1671759004220&CODE_STATE=getMsg HTTP/1.1" 302 -
116.238.139.35 - - [23/Dec/2022:09:29:34 +0800] "GET /xingrg/kc/base/yddb_order_info.html?code=482022122300105 HTTP/1.1" 200 31266
116.238.139.35 - - [23/Dec/2022:09:29:34 +0800] "GET /xingrg/dwr/interface/AjaxComOrderService.js HTTP/1.1" 200 18264
116.238.139.35 - - [23/Dec/2022:09:29:34 +0800] "GET /xingrg/dwr/interface/AjaxYddbService.js HTTP/1.1" 200 13201
116.238.139.35 - - [23/Dec/2022:09:29:34 +0800] "GET /xingrg/dwr/engine.js HTTP/1.1" 200 43631
116.238.139.35 - - [23/Dec/2022:09:29:34 +0800] "POST /xingrg/dwr/call/plaincall/AjaxYddbService.loadMaterielItems.dwr HTTP/1.1" 200 1446
116.238.139.35 - - [23/Dec/2022:09:29:37 +0800] "POST /xingrg/dwr/call/plaincall/AjaxYddbService.saveOrder.dwr HTTP/1.1" 200 78
116.238.139.35 - - [23/Dec/2022:09:29:40 +0800] "POST /xingrg/dwr/call/plaincall/AjaxYddbService.objCheckOrder.dwr HTTP/1.1" 200 78
116.238.139.35 - - [23/Dec/2022:09:29:41 +0800] "GET /xingrg/kc/base/yddb_order_info.html?code=482022122300105 HTTP/1.1" 200 31387
116.238.139.35 - - [23/Dec/2022:09:29:41 +0800] "GET /xingrg/dwr/interface/AjaxComOrderService.js HTTP/1.1" 200 18264
116.238.139.35 - - [23/Dec/2022:09:29:41 +0800] "GET /xingrg/dwr/interface/AjaxYddbService.js HTTP/1.1" 200 13201
116.238.139.35 - - [23/Dec/2022:09:29:41 +0800] "GET /xingrg/dwr/engine.js HTTP/1.1" 200 43631
116.238.139.35 - - [23/Dec/2022:09:29:41 +0800] "POST /xingrg/dwr/call/plaincall/AjaxYddbService.loadMaterielItems.dwr HTTP/1.1" 200 1446
114.84.38.109 - - [23/Dec/2022:09:29:47 +0800] "GET /xingrg/all/function/internal_message.html?_=1671759019801&CODE_STATE=getMsg HTTP/1.1" 200 27
116.237.77.129 - - [23/Dec/2022:09:29:56 +0800] "GET /xingrg/all/function/internal_message.html?_=1671759008564&CODE_STATE=getMsg HTTP/1.1" 200 27
180.163.30.100 - - [23/Dec/2022:09:29:56 +0800] "GET /xingrg/all/function/internal_message.html?_=1671758948564&CODE_STATE=getMsg HTTP/1.1" 302 -
180.163.30.100 - - [23/Dec/2022:09:29:56 +0800] "GET /xingrg/login.html HTTP/1.1" 200 7641
222.70.177.10 - - [23/Dec/2022:09:30:17 +0800] "POST /xingrg/services/DataTransmitService HTTP/1.1" 200 524
114.84.38.109 - - [23/Dec/2022:09:30:34 +0800] "GET /xingrg/all/function/internal_message.html?_=1671759064245&CODE_STATE=getMsg HTTP/1.1" 302 -
116.238.139.35 - - [23/Dec/2022:09:30:37 +0800] "GET /xingrg/all/function/internal_message.html?_=1671759054723&CODE_STATE=getMsg HTTP/1.1" 200 27
114.84.38.109 - - [23/Dec/2022:09:30:45 +0800] "GET /xingrg/check_reg.html?_=1671759078127 HTTP/1.1" 200 22
114.84.38.109 - - [23/Dec/2022:09:30:47 +0800] "GET /xingrg/all/function/internal_message.html?_=1671759079814&CODE_STATE=getMsg HTTP/1.1" 200 27
180.163.30.76 - - [23/Dec/2022:09:30:56 +0800] "GET /xingrg/all/function/internal_message.html?_=1671759008564&CODE_STATE=getMsg HTTP/1.1" 302 -
116.237.77.129 - - [23/Dec/2022:09:30:56 +0800] "GET /xingrg/check_reg.html?_=1671759068564 HTTP/1.1" 200 22
116.237.77.129 - - [23/Dec/2022:09:30:56 +0800] "GET /xingrg/all/function/internal_message.html?_=1671759068567&CODE_STATE=getMsg HTTP/1.1" 200 27
180.163.30.76 - - [23/Dec/2022:09:30:59 +0800] "GET /xingrg/login.html HTTP/1.1" 200 7641
114.84.38.109 - - [23/Dec/2022:09:31:34 +0800] "GET /xingrg/all/function/internal_message.html?_=1671759124247&CODE_STATE=getMsg HTTP/1.1" 302 -
58.221.95.50 - - [23/Dec/2022:09:31:37 +0800] "GET /xingrg/check_reg.html?_=1671759112659 HTTP/1.1" 302 -
116.238.139.35 - - [23/Dec/2022:09:31:37 +0800] "GET /xingrg/all/function/internal_message.html?_=1671759114691&CODE_STATE=getMsg HTTP/1.1" 200 27
114.84.38.109 - - [23/Dec/2022:09:31:47 +0800] "GET /xingrg/all/function/internal_message.html?_=1671759139832&CODE_STATE=getMsg HTTP/1.1" 200 27
180.163.29.206 - - [23/Dec/2022:09:31:55 +0800] "GET /xingrg/check_reg.html?_=1671759068564 HTTP/1.1" 302 -
180.163.29.206 - - [23/Dec/2022:09:31:55 +0800] "GET /xingrg/login.html HTTP/1.1" 200 7641
180.163.29.219 - - [23/Dec/2022:09:31:56 +0800] "GET /xingrg/all/function/internal_message.html?_=1671759068567&CODE_STATE=getMsg HTTP/1.1" 302 -
180.163.29.219 - - [23/Dec/2022:09:31:56 +0800] "GET /xingrg/login.html HTTP/1.1" 200 7641
116.237.77.129 - - [23/Dec/2022:09:31:56 +0800] "GET /xingrg/all/function/internal_message.html?_=1671759128551&CODE_STATE=getMsg HTTP/1.1" 200 27
114.84.38.109 - - [23/Dec/2022:09:32:34 +0800] "GET /xingrg/all/function/internal_message.html?_=1671759184269&CODE_STATE=getMsg HTTP/1.1" 302 -
116.238.139.35 - - [23/Dec/2022:09:32:37 +0800] "GET /xingrg/all/function/internal_message.html?_=1671759174677&CODE_STATE=getMsg HTTP/1.1" 200 27
114.84.38.109 - - [23/Dec/2022:09:32:47 +0800] "GET /xingrg/all/function/internal_message.html?_=1671759199842&CODE_STATE=getMsg HTTP/1.1" 200 27
120.253.135.82 - - [23/Dec/2022:09:32:54 +0800] "GET /xingrg/check_reg.html?_=1671758996291 HTTP/1.1" 200 22
116.237.77.129 - - [23/Dec/2022:09:32:56 +0800] "GET /xingrg/all/function/internal_message.html?_=1671759188552&CODE_STATE=getMsg HTTP/1.1" 200 27
180.163.29.212 - - [23/Dec/2022:09:32:56 +0800] "GET /xingrg/all/function/internal_message.html?_=1671759128551&CODE_STATE=getMsg HTTP/1.1" 302 -
180.163.29.212 - - [23/Dec/2022:09:32:56 +0800] "GET /xingrg/login.html HTTP/1.1" 200 7641
116.237.77.129 - - [23/Dec/2022:09:33:06 +0800] "GET /xingrg/kc/mdqp/qp_main.html HTTP/1.1" 200 10633
116.237.77.129 - - [23/Dec/2022:09:33:08 +0800] "GET /xingrg/kc/buy/buy_main.html HTTP/1.1" 200 12412
116.237.77.129 - - [23/Dec/2022:09:33:08 +0800] "GET /xingrg/css/new_ie.css HTTP/1.1" 404 1036
116.237.77.129 - - [23/Dec/2022:09:33:09 +0800] "GET /xingrg/images/yd/bt.gif HTTP/1.1" 404 1040
116.237.77.129 - - [23/Dec/2022:09:33:09 +0800] "GET /xingrg/kc/buy/cgsh_order_list.html HTTP/1.1" 200 54078
116.237.77.129 - - [23/Dec/2022:09:33:12 +0800] "POST /xingrg/kc/buy/cgsh_list_operate.html HTTP/1.1" 200 1861
116.237.77.129 - - [23/Dec/2022:09:33:15 +0800] "POST /xingrg/kc/buy/cgsh_list_operate.html HTTP/1.1" 200 280
114.84.38.109 - - [23/Dec/2022:09:33:20 +0800] "GET /xingrg/check_reg.html?_=1671759230218 HTTP/1.1" 302 -
116.237.77.129 - - [23/Dec/2022:09:33:22 +0800] "GET /xingrg/kc/buy/cgsh_order_info.html?code=212022122205322 HTTP/1.1" 200 69865
116.237.77.129 - - [23/Dec/2022:09:33:22 +0800] "GET /xingrg/javascript/easyui/themes/default/validatebox.css HTTP/1.1" 404 1104
116.237.77.129 - - [23/Dec/2022:09:33:23 +0800] "POST /xingrg/kc/buy/cgsh_order_operate.html HTTP/1.1" 200 3254
114.84.38.109 - - [23/Dec/2022:09:33:33 +0800] "GET /favicon.ico HTTP/1.1" 404 -
222.69.192.184 - - [23/Dec/2022:09:33:34 +0800] "POST /xingrg/services/DataTransmitService HTTP/1.1" 200 524
114.84.38.109 - - [23/Dec/2022:09:33:34 +0800] "GET /xingrg/all/function/internal_message.html?_=1671759244274&CODE_STATE=getMsg HTTP/1.1" 302 -
116.237.77.129 - - [23/Dec/2022:09:33:35 +0800] "GET /xingrg/kc/buy/cgsh_order_add.html HTTP/1.1" 200 69860
116.237.77.129 - - [23/Dec/2022:09:33:35 +0800] "POST /xingrg/kc/buy/cgsh_order_operate.html HTTP/1.1" 200 8245
116.237.77.129 - - [23/Dec/2022:09:33:35 +0800] "GET /xingrg/javascript/easyui/themes/default/validatebox.css HTTP/1.1" 404 1104
116.237.77.129 - - [23/Dec/2022:09:33:37 +0800] "GET /xingrg/javascript/easyui/themes/default/tree.css HTTP/1.1" 404 1090
116.237.77.129 - - [23/Dec/2022:09:33:37 +0800] "POST /xingrg/all/common/load_tree.html?tree=supplier_tree_json&isDelete=1 HTTP/1.1" 200 70864
116.238.139.35 - - [23/Dec/2022:09:33:37 +0800] "GET /xingrg/all/function/internal_message.html?_=1671759234649&CODE_STATE=getMsg HTTP/1.1" 200 27
116.238.139.35 - - [23/Dec/2022:09:33:38 +0800] "GET /xingrg/check_reg.html?_=1671759234738 HTTP/1.1" 200 22
114.84.38.109 - - [23/Dec/2022:09:33:47 +0800] "GET /xingrg/all/function/internal_message.html?_=1671759259865&CODE_STATE=getMsg HTTP/1.1" 200 27
116.237.77.129 - - [23/Dec/2022:09:33:49 +0800] "GET /xingrg/javascript/auto/indicator.gif HTTP/1.1" 404 1066
116.237.77.129 - - [23/Dec/2022:09:33:54 +0800] "GET /xingrg/kc/buy/cgsh_order_operate.html?command=get_materiel&rest_code=00106&code=00101008350&supplier_code=00100007&order_time=2022-12-23 HTTP/1.1" 200 408
116.237.77.129 - - [23/Dec/2022:09:33:56 +0800] "GET /xingrg/all/function/internal_message.html?_=1671759248571&CODE_STATE=getMsg HTTP/1.1" 200 27
116.237.77.129 - - [23/Dec/2022:09:34:07 +0800] "GET /xingrg/kc/buy/cgsh_order_operate.html?command=get_materiel&rest_code=00106&code=00101008036&supplier_code=00100007&order_time=2022-12-23 HTTP/1.1" 200 408
180.163.28.68 - - [23/Dec/2022:09:34:08 +0800] "GET /xingrg/kc/buy/buy_main.html HTTP/1.1" 302 -
180.163.28.68 - - [23/Dec/2022:09:34:08 +0800] "GET /xingrg/login.html HTTP/1.1" 200 7641
180.163.28.68 - - [23/Dec/2022:09:34:09 +0800] "GET /xingrg/kc/buy/cgsh_order_list.html HTTP/1.1" 302 -
180.163.28.68 - - [23/Dec/2022:09:34:09 +0800] "GET /xingrg/login.html HTTP/1.1" 200 7641
180.163.28.109 - - [23/Dec/2022:09:34:22 +0800] "GET /xingrg/kc/buy/cgsh_order_info.html?code=212022122205322 HTTP/1.1" 302 -
180.163.28.109 - - [23/Dec/2022:09:34:22 +0800] "GET /xingrg/login.html HTTP/1.1" 200 7641
114.84.81.136 - - [23/Dec/2022:09:34:28 +0800] "POST /xingrg/services/DataTransmitService HTTP/1.1" 200 524
114.84.38.109 - - [23/Dec/2022:09:34:34 +0800] "GET /xingrg/all/function/internal_message.html?_=1671759304299&CODE_STATE=getMsg HTTP/1.1" 302 -
180.163.29.217 - - [23/Dec/2022:09:34:34 +0800] "GET /xingrg/kc/buy/cgsh_order_add.html HTTP/1.1" 302 -
180.163.29.217 - - [23/Dec/2022:09:34:34 +0800] "GET /xingrg/login.html HTTP/1.1" 200 7641
116.238.139.35 - - [23/Dec/2022:09:34:37 +0800] "GET /xingrg/all/function/internal_message.html?_=1671759294628&CODE_STATE=getMsg HTTP/1.1" 200 27
116.237.77.129 - - [23/Dec/2022:09:34:43 +0800] "GET /xingrg/kc/buy/cgsh_order_operate.html?command=get_materiel&rest_code=00106&code=00101008370&supplier_code=00100007&order_time=2022-12-23 HTTP/1.1" 200 412
114.84.38.109 - - [23/Dec/2022:09:34:47 +0800] "GET /xingrg/all/function/internal_message.html?_=1671759319871&CODE_STATE=getMsg HTTP/1.1" 200 27
116.228.172.94 - - [23/Dec/2022:09:34:51 +0800] "GET /xingrg/login.html HTTP/1.1" 200 7641
180.163.29.234 - - [23/Dec/2022:09:34:51 +0800] "GET /xingrg/kc/buy/cgsh_order_operate.html?command=get_materiel&rest_code=00106&code=00101008350&supplier_code=00100007&order_time=2022-12-23 HTTP/1.1" 302 -
180.163.29.234 - - [23/Dec/2022:09:34:51 +0800] "GET /xingrg/login.html HTTP/1.1" 200 7641
116.228.172.94 - - [23/Dec/2022:09:34:52 +0800] "GET /favicon.ico HTTP/1.1" 404 -
116.228.172.94 - - [23/Dec/2022:09:34:54 +0800] "POST /xingrg/login.do HTTP/1.1" 302 -
116.228.172.94 - - [23/Dec/2022:09:34:54 +0800] "GET /xingrg/index.html?sysBaseUrl=http%3A%2F%2F180.169.147.146%3A18081%2Fxingrg%2F&costTime=42×tamp=1671759294076 HTTP/1.1" 200 17417
116.228.172.94 - - [23/Dec/2022:09:34:54 +0800] "GET /favicon.ico HTTP/1.1" 404 -
116.228.172.94 - - [23/Dec/2022:09:34:54 +0800] "POST /xingrg/all/common/load_tree.html?tree=area_rest_tree_json&manage=1 HTTP/1.1" 200 348
116.228.172.94 - - [23/Dec/2022:09:34:54 +0800] "GET /xingrg/all/function/internal_message.html?_=1671759128913&CODE_STATE=count HTTP/1.1" 200 11
116.228.172.94 - - [23/Dec/2022:09:34:54 +0800] "GET /xingrg/check_reg.html?_=1671759128914 HTTP/1.1" 200 22
116.228.172.94 - - [23/Dec/2022:09:34:54 +0800] "POST /xingrg/load_menu.html HTTP/1.1" 200 9959
180.163.29.217 - - [23/Dec/2022:09:34:55 +0800] "GET /xingrg/all/function/internal_message.html?_=1671759248571&CODE_STATE=getMsg HTTP/1.1" 302 -
180.163.29.217 - - [23/Dec/2022:09:34:55 +0800] "GET /xingrg/login.html HTTP/1.1" 200 7641
116.237.77.129 - - [23/Dec/2022:09:34:56 +0800] "GET /xingrg/all/function/internal_message.html?_=1671759308562&CODE_STATE=getMsg HTTP/1.1" 200 27
116.237.77.129 - - [23/Dec/2022:09:34:57 +0800] "GET /xingrg/kc/buy/cgsh_order_operate.html?command=get_materiel&rest_code=00106&code=00101008067&supplier_code=00100007&order_time=2022-12-23 HTTP/1.1" 200 416
116.228.172.94 - - [23/Dec/2022:09:35:02 +0800] "GET /xingrg/kc/buy/buy_main.html HTTP/1.1" 200 12412
116.228.172.94 - - [23/Dec/2022:09:35:02 +0800] "GET /xingrg/css/new_ie.css HTTP/1.1" 404 1036
116.228.172.94 - - [23/Dec/2022:09:35:03 +0800] "GET /xingrg/images/yd/bt.gif HTTP/1.1" 404 1040
116.228.172.94 - - [23/Dec/2022:09:35:04 +0800] "GET /xingrg/kc/buy/cgsh_order_list.html HTTP/1.1" 200 54082
116.228.172.94 - - [23/Dec/2022:09:35:05 +0800] "POST /xingrg/kc/buy/cgsh_list_operate.html HTTP/1.1" 200 986
116.228.172.94 - - [23/Dec/2022:09:35:06 +0800] "GET /xingrg/kc/buy/cgsh_order_add.html HTTP/1.1" 200 68906
116.228.172.94 - - [23/Dec/2022:09:35:07 +0800] "GET /xingrg/words/20221222132041_words.js HTTP/1.1" 200 939558
116.228.172.94 - - [23/Dec/2022:09:35:07 +0800] "POST /xingrg/kc/buy/cgsh_order_operate.html HTTP/1.1" 200 8245
116.228.172.94 - - [23/Dec/2022:09:35:07 +0800] "GET /xingrg/all/common/auto_word.html?type=employee&rest_code=00153 HTTP/1.1" 200 47
116.228.172.94 - - [23/Dec/2022:09:35:07 +0800] "GET /xingrg/javascript/easyui/themes/default/validatebox.css HTTP/1.1" 404 1104
116.228.172.94 - - [23/Dec/2022:09:35:07 +0800] "GET /xingrg/all/common/auto_word.html?type=employee&rest_code=00153 HTTP/1.1" 200 47
116.228.172.94 - - [23/Dec/2022:09:35:11 +0800] "GET /xingrg/javascript/auto/indicator.gif HTTP/1.1" 404 1066
116.228.172.94 - - [23/Dec/2022:09:35:13 +0800] "GET /xingrg/javascript/jquery_tools/images/prev.gif HTTP/1.1" 404 1086
116.228.172.94 - - [23/Dec/2022:09:35:13 +0800] "GET /xingrg/javascript/jquery_tools/images/next.gif HTTP/1.1" 404 1086
116.237.77.129 - - [23/Dec/2022:09:35:21 +0800] "GET /xingrg/kc/buy/cgsh_order_operate.html?command=get_materiel&rest_code=00106&code=00101008295&supplier_code=00100007&order_time=2022-12-23 HTTP/1.1" 200 412
116.228.172.94 - - [23/Dec/2022:09:35:33 +0800] "GET /xingrg/kc/buy/cgsh_order_operate.html?command=get_materiel&rest_code=00153&code=00101008024&supplier_code=00100199&order_time=2022-12-22 HTTP/1.1" 200 424
114.84.38.109 - - [23/Dec/2022:09:35:34 +0800] "GET /xingrg/all/function/internal_message.html?_=1671759364301&CODE_STATE=getMsg HTTP/1.1" 302 -
116.238.139.35 - - [23/Dec/2022:09:35:37 +0800] "GET /xingrg/all/function/internal_message.html?_=1671759354614&CODE_STATE=getMsg HTTP/1.1" 200 27
180.163.28.114 - - [23/Dec/2022:09:35:41 +0800] "GET /xingrg/kc/buy/cgsh_order_operate.html?command=get_materiel&rest_code=00106&code=00101008370&supplier_code=00100007&order_time=2022-12-23 HTTP/1.1" 302 -
180.163.28.114 - - [23/Dec/2022:09:35:41 +0800] "GET /xingrg/login.html HTTP/1.1" 200 7641
116.237.77.129 - - [23/Dec/2022:09:35:44 +0800] "GET /xingrg/kc/buy/cgsh_order_operate.html?command=get_materiel&rest_code=00106&code=00101008224&supplier_code=00100007&order_time=2022-12-23 HTTP/1.1" 200 416
114.84.38.109 - - [23/Dec/2022:09:35:45 +0800] "GET /xingrg/check_reg.html?_=1671759378129 HTTP/1.1" 200 22
114.84.38.109 - - [23/Dec/2022:09:35:47 +0800] "GET /xingrg/all/function/internal_message.html?_=1671759379883&CODE_STATE=getMsg HTTP/1.1" 200 27
116.228.172.94 - - [23/Dec/2022:09:35:48 +0800] "GET /xingrg/kc/buy/cgsh_order_operate.html?command=get_materiel&rest_code=00153&code=00101008372&supplier_code=00100199&order_time=2022-12-22 HTTP/1.1" 200 408
116.228.172.94 - - [23/Dec/2022:09:35:54 +0800] "GET /xingrg/all/function/internal_message.html?_=1671759188926&CODE_STATE=getMsg HTTP/1.1" 200 27
180.163.30.85 - - [23/Dec/2022:09:35:54 +0800] "GET /xingrg/kc/buy/cgsh_order_operate.html?command=get_materiel&rest_code=00106&code=00101008067&supplier_code=00100007&order_time=2022-12-23 HTTP/1.1" 302 -
180.163.30.85 - - [23/Dec/2022:09:35:54 +0800] "GET /xingrg/login.html HTTP/1.1" 200 7641
180.163.28.55 - - [23/Dec/2022:09:35:56 +0800] "GET /xingrg/all/function/internal_message.html?_=1671759308562&CODE_STATE=getMsg HTTP/1.1" 302 -
180.163.28.55 - - [23/Dec/2022:09:35:56 +0800] "GET /xingrg/login.html HTTP/1.1" 200 7641
116.237.77.129 - - [23/Dec/2022:09:35:56 +0800] "GET /xingrg/check_reg.html?_=1671759368570 HTTP/1.1" 200 22
116.237.77.129 - - [23/Dec/2022:09:35:56 +0800] "GET /xingrg/all/function/internal_message.html?_=1671759368567&CODE_STATE=getMsg HTTP/1.1" 200 27
116.237.77.129 - - [23/Dec/2022:09:35:56 +0800] "POST /xingrg/kc/buy/cgsh_order_operate.html HTTP/1.1" 200 37
116.237.77.129 - - [23/Dec/2022:09:35:57 +0800] "POST /xingrg/kc/buy/cgsh_order_operate.html HTTP/1.1" 200 5020
116.237.77.129 - - [23/Dec/2022:09:35:58 +0800] "GET /xingrg/kc/buy/cgsh_order_add.html HTTP/1.1" 200 69860
116.237.77.129 - - [23/Dec/2022:09:35:59 +0800] "GET /xingrg/javascript/easyui/themes/default/validatebox.css HTTP/1.1" 404 1104
116.237.77.129 - - [23/Dec/2022:09:35:59 +0800] "POST /xingrg/kc/buy/cgsh_order_operate.html HTTP/1.1" 200 8245
116.237.77.129 - - [23/Dec/2022:09:36:02 +0800] "GET /xingrg/javascript/easyui/themes/default/tree.css HTTP/1.1" 404 1090
116.237.77.129 - - [23/Dec/2022:09:36:02 +0800] "POST /xingrg/all/common/load_tree.html?tree=supplier_tree_json&isDelete=1 HTTP/1.1" 200 70864
116.228.172.94 - - [23/Dec/2022:09:36:04 +0800] "GET /xingrg/kc/buy/cgsh_order_operate.html?command=get_materiel&rest_code=00153&code=00101008141&supplier_code=00100199&order_time=2022-12-22 HTTP/1.1" 200 412
116.228.172.94 - - [23/Dec/2022:09:36:21 +0800] "GET /xingrg/kc/buy/cgsh_order_operate.html?command=get_materiel&rest_code=00153&code=00101008268&supplier_code=00100199&order_time=2022-12-22 HTTP/1.1" 200 408
116.237.77.129 - - [23/Dec/2022:09:36:23 +0800] "GET /xingrg/kc/buy/cgsh_order_operate.html?command=get_materiel&rest_code=00106&code=00101012059&supplier_code=00100032&order_time=2022-12-23 HTTP/1.1" 200 412
116.228.172.94 - - [23/Dec/2022:09:36:31 +0800] "GET /xingrg/kc/buy/cgsh_order_operate.html?command=get_materiel&rest_code=00153&code=00101008126&supplier_code=00100199&order_time=2022-12-22 HTTP/1.1" 200 412
114.84.38.109 - - [23/Dec/2022:09:36:34 +0800] "GET /xingrg/all/function/internal_message.html?_=1671759424326&CODE_STATE=getMsg HTTP/1.1" 302 -
116.237.77.129 - - [23/Dec/2022:09:36:37 +0800] "GET /xingrg/kc/buy/cgsh_order_operate.html?command=get_materiel&rest_code=00106&code=00101012003&supplier_code=00100032&order_time=2022-12-23 HTTP/1.1" 200 413
58.221.95.50 - - [23/Dec/2022:09:36:37 +0800] "GET /xingrg/check_reg.html?_=1671759412643 HTTP/1.1" 302 -
116.238.139.35 - - [23/Dec/2022:09:36:37 +0800] "GET /xingrg/all/function/internal_message.html?_=1671759414589&CODE_STATE=getMsg HTTP/1.1" 200 27
116.228.172.94 - - [23/Dec/2022:09:36:45 +0800] "GET /xingrg/kc/buy/cgsh_order_operate.html?command=get_materiel&rest_code=00153&code=00101008108&supplier_code=00100199&order_time=2022-12-22 HTTP/1.1" 200 412
114.84.38.109 - - [23/Dec/2022:09:36:47 +0800] "GET /xingrg/all/function/internal_message.html?_=1671759439896&CODE_STATE=getMsg HTTP/1.1" 200 27
116.237.77.129 - - [23/Dec/2022:09:36:50 +0800] "POST /xingrg/kc/buy/cgsh_order_operate.html HTTP/1.1" 200 37
116.237.77.129 - - [23/Dec/2022:09:36:52 +0800] "POST /xingrg/kc/buy/cgsh_order_operate.html HTTP/1.1" 200 3252
116.228.172.94 - - [23/Dec/2022:09:36:54 +0800] "GET /xingrg/all/function/internal_message.html?_=1671759248927&CODE_STATE=getMsg HTTP/1.1" 200 27
180.163.28.114 - - [23/Dec/2022:09:36:55 +0800] "GET /xingrg/all/function/internal_message.html?_=1671759368567&CODE_STATE=getMsg HTTP/1.1" 302 -
180.163.29.212 - - [23/Dec/2022:09:36:55 +0800] "GET /xingrg/check_reg.html?_=1671759368570 HTTP/1.1" 302 -
180.163.28.114 - - [23/Dec/2022:09:36:55 +0800] "GET /xingrg/login.html HTTP/1.1" 200 7641
180.163.29.212 - - [23/Dec/2022:09:36:55 +0800] "GET /xingrg/login.html HTTP/1.1" 200 7641
116.237.77.129 - - [23/Dec/2022:09:36:56 +0800] "GET /xingrg/all/function/internal_message.html?_=1671759428578&CODE_STATE=getMsg HTTP/1.1" 200 27
116.228.172.94 - - [23/Dec/2022:09:36:58 +0800] "GET /xingrg/kc/buy/cgsh_order_operate.html?command=get_materiel&rest_code=00153&code=00101008300&supplier_code=00100199&order_time=2022-12-22 HTTP/1.1" 200 412
116.228.172.94 - - [23/Dec/2022:09:37:07 +0800] "GET /xingrg/kc/buy/cgsh_order_operate.html?command=get_materiel&rest_code=00153&code=00101008270&supplier_code=00100199&order_time=2022-12-22 HTTP/1.1" 200 412
114.84.38.109 - - [23/Dec/2022:09:37:08 +0800] "POST /xingrg/services/DataTransmitService HTTP/1.1" 200 524
114.84.38.109 - - [23/Dec/2022:09:37:10 +0800] "POST /xingrg/services/DataTransmitService HTTP/1.1" 200 2339
114.84.38.109 - - [23/Dec/2022:09:37:11 +0800] "POST /xingrg/services/DataTransmitService HTTP/1.1" 200 187856
180.163.29.79 - - [23/Dec/2022:09:37:21 +0800] "GET /xingrg/kc/buy/cgsh_order_operate.html?command=get_materiel&rest_code=00106&code=00101012059&supplier_code=00100032&order_time=2022-12-23 HTTP/1.1" 302 -
180.163.29.79 - - [23/Dec/2022:09:37:21 +0800] "GET /xingrg/login.html HTTP/1.1" 200 7641
116.228.172.94 - - [23/Dec/2022:09:37:22 +0800] "GET /xingrg/kc/buy/cgsh_order_operate.html?command=get_materiel&rest_code=00153&code=00101016025&supplier_code=00100199&order_time=2022-12-22 HTTP/1.1" 200 408
114.84.38.109 - - [23/Dec/2022:09:37:34 +0800] "GET /xingrg/all/function/internal_message.html?_=1671759484328&CODE_STATE=getMsg HTTP/1.1" 302 -
180.163.30.76 - - [23/Dec/2022:09:37:34 +0800] "GET /xingrg/kc/buy/cgsh_order_operate.html?command=get_materiel&rest_code=00106&code=00101012003&supplier_code=00100032&order_time=2022-12-23 HTTP/1.1" 302 -
180.163.30.76 - - [23/Dec/2022:09:37:35 +0800] "GET /xingrg/login.html HTTP/1.1" 200 7641
116.238.139.35 - - [23/Dec/2022:09:37:37 +0800] "GET /xingrg/all/function/internal_message.html?_=1671759474574&CODE_STATE=getMsg HTTP/1.1" 200 27
116.228.172.94 - - [23/Dec/2022:09:37:44 +0800] "GET /xingrg/kc/buy/cgsh_order_operate.html?command=get_materiel&rest_code=00153&code=00101012029&supplier_code=00100199&order_time=2022-12-22 HTTP/1.1" 200 412
114.84.38.109 - - [23/Dec/2022:09:37:47 +0800] "GET /xingrg/all/function/internal_message.html?_=1671759499912&CODE_STATE=getMsg HTTP/1.1" 200 27
120.253.135.82 - - [23/Dec/2022:09:37:54 +0800] "GET /xingrg/check_reg.html?_=1671759296300 HTTP/1.1" 200 22
116.228.172.94 - - [23/Dec/2022:09:37:54 +0800] "GET /xingrg/all/function/internal_message.html?_=1671759308922&CODE_STATE=getMsg HTTP/1.1" 200 27
180.163.29.206 - - [23/Dec/2022:09:37:55 +0800] "GET /xingrg/all/function/internal_message.html?_=1671759428578&CODE_STATE=getMsg HTTP/1.1" 302 -
180.163.29.206 - - [23/Dec/2022:09:37:56 +0800] "GET /xingrg/login.html HTTP/1.1" 200 7641
116.237.77.129 - - [23/Dec/2022:09:37:56 +0800] "GET /xingrg/all/function/internal_message.html?_=1671759488568&CODE_STATE=getMsg HTTP/1.1" 200 27
116.228.172.94 - - [23/Dec/2022:09:38:13 +0800] "GET /xingrg/kc/buy/cgsh_order_operate.html?command=get_materiel&rest_code=00153&code=00101008343&supplier_code=00100199&order_time=2022-12-22 HTTP/1.1" 200 412
114.84.38.109 - - [23/Dec/2022:09:38:18 +0800] "POST /xingrg/services/DataTransmitService HTTP/1.1" 200 524
114.84.38.109 - - [23/Dec/2022:09:38:18 +0800] "POST /xingrg/services/DataTransmitService HTTP/1.1" 200 501
114.84.38.109 - - [23/Dec/2022:09:38:20 +0800] "GET /xingrg/check_reg.html?_=1671759530239 HTTP/1.1" 302 -
114.84.38.109 - - [23/Dec/2022:09:38:22 +0800] "POST /xingrg/services/DataTransmitService HTTP/1.1" 200 524
114.84.38.109 - - [23/Dec/2022:09:38:24 +0800] "POST /xingrg/services/DataTransmitService HTTP/1.1" 200 501
114.84.38.109 - - [23/Dec/2022:09:38:24 +0800] "POST /xingrg/services/DataTransmitService HTTP/1.1" 200 501
114.84.38.109 - - [23/Dec/2022:09:38:24 +0800] "POST /xingrg/services/DataTransmitService HTTP/1.1" 200 501
114.84.38.109 - - [23/Dec/2022:09:38:24 +0800] "POST /xingrg/services/DataTransmitService HTTP/1.1" 200 501
114.84.38.109 - - [23/Dec/2022:09:38:25 +0800] "POST /xingrg/services/DataTransmitService HTTP/1.1" 200 501
114.84.38.109 - - [23/Dec/2022:09:38:25 +0800] "POST /xingrg/services/DataTransmitService HTTP/1.1" 200 501
114.84.38.109 - - [23/Dec/2022:09:38:27 +0800] "POST /xingrg/services/DataTransmitService HTTP/1.1" 200 412
114.84.38.109 - - [23/Dec/2022:09:38:34 +0800] "GET /xingrg/all/function/internal_message.html?_=1671759544355&CODE_STATE=getMsg HTTP/1.1" 302 -
116.238.139.35 - - [23/Dec/2022:09:38:37 +0800] "GET /xingrg/all/function/internal_message.html?_=1671759534543&CODE_STATE=getMsg HTTP/1.1" 200 27
116.238.139.35 - - [23/Dec/2022:09:38:38 +0800] "GET /xingrg/check_reg.html?_=1671759534739 HTTP/1.1" 200 22
114.84.38.109 - - [23/Dec/2022:09:38:47 +0800] "GET /xingrg/all/function/internal_message.html?_=1671759559935&CODE_STATE=getMsg HTTP/1.1" 200 27
116.228.172.94 - - [23/Dec/2022:09:38:48 +0800] "POST /xingrg/kc/buy/cgsh_order_operate.html HTTP/1.1" 200 37
116.228.172.94 - - [23/Dec/2022:09:38:52 +0800] "POST /xingrg/kc/buy/cgsh_order_operate.html HTTP/1.1" 200 12
116.228.172.94 - - [23/Dec/2022:09:38:53 +0800] "GET /xingrg/kc/buy/cgsh_order_info.html?code=212022122305362 HTTP/1.1" 200 63805
116.228.172.94 - - [23/Dec/2022:09:38:54 +0800] "GET /xingrg/javascript/easyui/themes/default/validatebox.css HTTP/1.1" 404 1104
116.228.172.94 - - [23/Dec/2022:09:38:54 +0800] "GET /xingrg/all/function/internal_message.html?_=1671759368924&CODE_STATE=getMsg HTTP/1.1" 200 27
116.228.172.94 - - [23/Dec/2022:09:38:54 +0800] "POST /xingrg/kc/buy/cgsh_order_operate.html HTTP/1.1" 200 7117
116.237.77.129 - - [23/Dec/2022:09:38:56 +0800] "GET /xingrg/all/function/internal_message.html?_=1671759548571&CODE_STATE=getMsg HTTP/1.1" 200 27
180.163.28.114 - - [23/Dec/2022:09:38:56 +0800] "GET /xingrg/all/function/internal_message.html?_=1671759488568&CODE_STATE=getMsg HTTP/1.1" 302 -
180.163.28.114 - - [23/Dec/2022:09:38:56 +0800] "GET /xingrg/login.html HTTP/1.1" 200 7641
116.228.172.94 - - [23/Dec/2022:09:38:56 +0800] "GET /xingrg/kc/print/load_config.html?kc_code=cgsh HTTP/1.1" 200 1943
116.228.172.94 - - [23/Dec/2022:09:38:56 +0800] "GET /xingrg/kc/print/load_data.html?order_code=212022122305362&kc_code=cgsh&condition= HTTP/1.1" 200 3157
116.237.77.129 - - [23/Dec/2022:09:39:12 +0800] "POST /xingrg/kc/buy/cgsh_order_operate.html HTTP/1.1" 200 37
116.237.77.129 - - [23/Dec/2022:09:39:13 +0800] "POST /xingrg/kc/buy/cgsh_order_operate.html HTTP/1.1" 200 3252
116.237.77.129 - - [23/Dec/2022:09:39:18 +0800] "GET /xingrg/kc/report/report_main.html HTTP/1.1" 200 7340
116.237.77.129 - - [23/Dec/2022:09:39:19 +0800] "GET /xingrg/all/report/report_query.html?fileName=kc/buy/wlcg_cate_hz.xml HTTP/1.1" 200 53941
116.237.77.129 - - [23/Dec/2022:09:39:19 +0800] "GET /xingrg/dwr/interface/AjaxReportQueryService.js HTTP/1.1" 200 13203
116.237.77.129 - - [23/Dec/2022:09:39:19 +0800] "GET /xingrg/dwr/util.js HTTP/1.1" 304 -
116.237.77.129 - - [23/Dec/2022:09:39:19 +0800] "GET /xingrg/dwr/engine.js HTTP/1.1" 200 43631
116.237.77.129 - - [23/Dec/2022:09:39:20 +0800] "POST /xingrg/dwr/call/plaincall/AjaxReportQueryService.getFixDate.dwr HTTP/1.1" 200 111
116.237.77.129 - - [23/Dec/2022:09:39:20 +0800] "POST /xingrg/all/common/load_tree.html?tree=supplier_tree_json&manage=1 HTTP/1.1" 200 72190
116.237.77.129 - - [23/Dec/2022:09:39:20 +0800] "POST /xingrg/all/common/load_tree.html?tree=materiel_sort_tree_json HTTP/1.1" 200 9500
116.237.77.129 - - [23/Dec/2022:09:39:20 +0800] "POST /xingrg/kc/buy/cgsh_list_operate.html HTTP/1.1" 200 2723
116.237.77.129 - - [23/Dec/2022:09:39:21 +0800] "POST /xingrg/all/common/load_tree.html?tree=base_tree_json HTTP/1.1" 200 3760
116.237.77.129 - - [23/Dec/2022:09:39:26 +0800] "GET /xingrg/all/report/report_query.html?fileName=kc/buy/gys_amount.xml&rh=99999 HTTP/1.1" 200 52006
116.237.77.129 - - [23/Dec/2022:09:39:26 +0800] "GET /xingrg/dwr/interface/AjaxReportQueryService.js HTTP/1.1" 200 13203
116.237.77.129 - - [23/Dec/2022:09:39:26 +0800] "GET /xingrg/dwr/engine.js HTTP/1.1" 200 43631
116.237.77.129 - - [23/Dec/2022:09:39:26 +0800] "POST /xingrg/dwr/call/plaincall/AjaxReportQueryService.getFixDate.dwr HTTP/1.1" 200 111
116.237.77.129 - - [23/Dec/2022:09:39:27 +0800] "POST /xingrg/all/common/load_tree.html?tree=supplier_tree_json&manage=1 HTTP/1.1" 200 72190
116.237.77.129 - - [23/Dec/2022:09:39:27 +0800] "POST /xingrg/all/common/load_tree.html?tree=materiel_sort_tree_json HTTP/1.1" 200 9500
116.237.77.129 - - [23/Dec/2022:09:39:28 +0800] "POST /xingrg/dwr/call/plaincall/AjaxReportQueryService.getInitString.dwr HTTP/1.1" 200 1023
116.237.77.129 - - [23/Dec/2022:09:39:28 +0800] "GET /xingrg/javascript/multi_select/dropdown.gif HTTP/1.1" 200 61
116.237.77.129 - - [23/Dec/2022:09:39:30 +0800] "POST /xingrg/dwr/call/plaincall/AjaxReportQueryService.getFixDate.dwr HTTP/1.1" 200 111
114.84.38.109 - - [23/Dec/2022:09:39:34 +0800] "GET /xingrg/all/function/internal_message.html?_=1671759604358&CODE_STATE=getMsg HTTP/1.1" 302 -
116.238.139.35 - - [23/Dec/2022:09:39:37 +0800] "GET /xingrg/all/function/internal_message.html?_=1671759594523&CODE_STATE=getMsg HTTP/1.1" 200 27
116.237.77.129 - - [23/Dec/2022:09:39:39 +0800] "GET /xingrg/javascript/multi_select/dropdown_hover.gif HTTP/1.1" 200 61
116.237.77.129 - - [23/Dec/2022:09:39:40 +0800] "POST /xingrg/dwr/call/plaincall/AjaxReportQueryService.refreshCache.dwr HTTP/1.1" 200 78
116.237.77.129 - - [23/Dec/2022:09:39:41 +0800] "POST /xingrg/all/report/load_report_page.html HTTP/1.1" 200 8924
116.237.77.129 - - [23/Dec/2022:09:39:41 +0800] "GET /xingrg/servlets/image?cache=0.1510830552671567&image=px HTTP/1.1" 200 807
116.237.77.129 - - [23/Dec/2022:09:39:44 +0800] "GET /xingrg/all/report/report_query.html?isQuery=1&fileName=kc/buy/wlcg_cate_hz.xml&queryString=(CONVERT(char(10)%252Ca.order_time%252C%2520120)%253E%253D'2022-11-01')%2520and%2520(CONVERT(char(10)%252Ca.order_time%252C%2520120)%253C%253D'2022-11-30')%2520and%2520(a.supplier_code%2520in%2520('00100007'))%2520and%2520(a.supplier_code%253D'00100007')&queryText=%25E3%2580%2590%25E9%2587%2587%25E8%25B4%25AD%25E6%2597%25A5%25E6%259C%259F%253A2022-11-01%2520%25E8%2587%25B3%25202022-11-30%25E3%2580%2591%2520%25E5%25B9%25B6%25E4%25B8%2594%2520%2520%25E3%2580%2590%25E4%25BE%259B%25E5%25BA%2594%25E5%2595%2586%2520%253D%2520%25E8%2594%25AC%25E8%258F%259C%25EF%25BC%2588%25E6%25AD%25A6%25E9%2587%2591%25E7%25BA%25A2%25EF%25BC%2589%25E3%2580%2591%2520%25E5%25B9%25B6%25E4%25B8%2594%2520%25E3%2580%2590%25E4%25BE%259B%25E5%25BA%2594%25E5%2595%2586%253D%25E8%2594%25AC%25E8%258F%259C%25EF%25BC%2588%25E6%25AD%25A6%25E9%2587%2591%25E7%25BA%25A2%25EF%25BC%2589%25E3%2580%2591 HTTP/1.1" 200 54465
116.237.77.129 - - [23/Dec/2022:09:39:44 +0800] "GET /xingrg/dwr/interface/AjaxReportQueryService.js HTTP/1.1" 200 13203
116.237.77.129 - - [23/Dec/2022:09:39:44 +0800] "GET /xingrg/dwr/engine.js HTTP/1.1" 200 43631
116.237.77.129 - - [23/Dec/2022:09:39:46 +0800] "POST /xingrg/all/report/load_report_page.html HTTP/1.1" 200 8726
116.237.77.129 - - [23/Dec/2022:09:39:46 +0800] "GET /xingrg/servlets/image?cache=0.23405681987473392&image=px HTTP/1.1" 200 807
114.84.38.109 - - [23/Dec/2022:09:39:47 +0800] "GET /xingrg/all/function/internal_message.html?_=1671759619954&CODE_STATE=getMsg HTTP/1.1" 200 27
116.237.77.129 - - [23/Dec/2022:09:39:48 +0800] "POST /xingrg/all/report/load_report_page.html HTTP/1.1" 200 117010
116.237.77.129 - - [23/Dec/2022:09:39:48 +0800] "GET /xingrg/images/blue/button/back.gif HTTP/1.1" 200 1352
116.237.77.129 - - [23/Dec/2022:09:39:48 +0800] "GET /xingrg/images/blue/button/back2.gif HTTP/1.1" 200 1339
116.237.77.129 - - [23/Dec/2022:09:39:48 +0800] "GET /xingrg/servlets/image?cache=0.905358694289578&image=px HTTP/1.1" 200 807
180.163.29.219 - - [23/Dec/2022:09:39:55 +0800] "GET /xingrg/all/function/internal_message.html?_=1671759548571&CODE_STATE=getMsg HTTP/1.1" 302 -
180.163.29.219 - - [23/Dec/2022:09:39:55 +0800] "GET /xingrg/login.html HTTP/1.1" 200 7641
116.237.77.129 - - [23/Dec/2022:09:39:56 +0800] "GET /xingrg/all/function/internal_message.html?_=1671759608592&CODE_STATE=getMsg HTTP/1.1" 200 27
116.237.77.129 - - [23/Dec/2022:09:40:06 +0800] "POST /xingrg/all/report/report_print.html HTTP/1.1" 200 38957
114.84.38.109 - - [23/Dec/2022:09:40:09 +0800] "POST /xingrg/services/DataTransmitService HTTP/1.1" 200 524
114.84.38.109 - - [23/Dec/2022:09:40:09 +0800] "POST /xingrg/services/DataTransmitService HTTP/1.1" 200 501
114.84.38.109 - - [23/Dec/2022:09:40:11 +0800] "POST /xingrg/services/DataTransmitService HTTP/1.1" 200 524
114.84.38.109 - - [23/Dec/2022:09:40:16 +0800] "POST /xingrg/services/DataTransmitService HTTP/1.1" 200 501
180.163.30.85 - - [23/Dec/2022:09:40:19 +0800] "GET /xingrg/all/report/report_query.html?fileName=kc/buy/wlcg_cate_hz.xml HTTP/1.1" 302 -
180.163.30.85 - - [23/Dec/2022:09:40:19 +0800] "GET /xingrg/login.html HTTP/1.1" 200 7641
180.163.28.109 - - [23/Dec/2022:09:40:26 +0800] "GET /xingrg/all/report/report_query.html?fileName=kc/buy/gys_amount.xml&rh=99999 HTTP/1.1" 302 -
180.163.28.109 - - [23/Dec/2022:09:40:29 +0800] "GET /xingrg/login.html HTTP/1.1" 200 7641
114.84.38.109 - - [23/Dec/2022:09:40:34 +0800] "GET /xingrg/all/function/internal_message.html?_=1671759664383&CODE_STATE=getMsg HTTP/1.1" 302 -
116.238.139.35 - - [23/Dec/2022:09:40:37 +0800] "GET /xingrg/all/function/internal_message.html?_=1671759654495&CODE_STATE=getMsg HTTP/1.1" 200 27
180.163.28.114 - - [23/Dec/2022:09:40:44 +0800] "GET /xingrg/all/report/report_query.html?isQuery=1&fileName=kc/buy/wlcg_cate_hz.xml&queryString=(CONVERT(char(10)%2Ca.order_time%2C%20120)%3E%3D'2022-11-01')%20and%20(CONVERT(char(10)%2Ca.order_time%2C%20120)%3C%3D'2022-11-30')%20and%20(a.supplier_code%20in%20('00100007'))%20and%20(a.supplier_code%3D'00100007')&queryText=%E3%80%90%E9%87%87%E8%B4%AD%E6%97%A5%E6%9C%9F%3A2022-11-01%20%E8%87%B3%202022-11-30%E3%80%91%20%E5%B9%B6%E4%B8%94%20%20%E3%80%90%E4%BE%9B%E5%BA%94%E5%95%86%20%3D%20%E8%94%AC%E8%8F%9C%EF%BC%88%E6%AD%A6%E9%87%91%E7%BA%A2%EF%BC%89%E3%80%91%20%E5%B9%B6%E4%B8%94%20%E3%80%90%E4%BE%9B%E5%BA%94%E5%95%86%3D%E8%94%AC%E8%8F%9C%EF%BC%88%E6%AD%A6%E9%87%91%E7%BA%A2%EF%BC%89%E3%80%91 HTTP/1.1" 302 -
180.163.28.114 - - [23/Dec/2022:09:40:44 +0800] "GET /xingrg/login.html HTTP/1.1" 200 7641
114.84.38.109 - - [23/Dec/2022:09:40:45 +0800] "GET /xingrg/check_reg.html?_=1671759678143 HTTP/1.1" 200 22
180.163.29.206 - - [23/Dec/2022:09:40:46 +0800] "GET /xingrg/servlets/image?cache=0.23405681987473392&image=px HTTP/1.1" 200 807
114.84.38.109 - - [23/Dec/2022:09:40:47 +0800] "GET /xingrg/all/function/internal_message.html?_=1671759679967&CODE_STATE=getMsg HTTP/1.1" 200 27
180.163.30.85 - - [23/Dec/2022:09:40:56 +0800] "GET /xingrg/all/function/internal_message.html?_=1671759608592&CODE_STATE=getMsg HTTP/1.1" 302 -
180.163.30.85 - - [23/Dec/2022:09:40:56 +0800] "GET /xingrg/login.html HTTP/1.1" 200 7641
116.237.77.129 - - [23/Dec/2022:09:40:56 +0800] "GET /xingrg/check_reg.html?_=1671759668587 HTTP/1.1" 200 22
116.237.77.129 - - [23/Dec/2022:09:40:56 +0800] "GET /xingrg/all/function/internal_message.html?_=1671759668590&CODE_STATE=getMsg HTTP/1.1" 200 27
114.84.38.109 - - [23/Dec/2022:09:41:34 +0800] "GET /xingrg/all/function/internal_message.html?_=1671759724398&CODE_STATE=getMsg HTTP/1.1" 302 -
58.221.95.50 - - [23/Dec/2022:09:41:37 +0800] "GET /xingrg/check_reg.html?_=1671759712632 HTTP/1.1" 302 -
116.238.139.35 - - [23/Dec/2022:09:41:37 +0800] "GET /xingrg/all/function/internal_message.html?_=1671759714466&CODE_STATE=getMsg HTTP/1.1" 200 27
