116.238.139.35 - - [23/Dec/2022:10:19:36 +0800] "GET /xingrg/all/function/internal_message.html?_=1671761993669&CODE_STATE=getMsg HTTP/1.1" 200 27
114.84.38.109 - - [23/Dec/2022:10:19:48 +0800] "GET /xingrg/all/function/internal_message.html?_=1671762020573&CODE_STATE=getMsg HTTP/1.1" 200 27
180.163.30.100 - - [23/Dec/2022:10:19:56 +0800] "GET /xingrg/all/function/internal_message.html?_=1671761948623&CODE_STATE=getMsg HTTP/1.1" 302 -
116.237.77.129 - - [23/Dec/2022:10:19:56 +0800] "GET /xingrg/all/function/internal_message.html?_=1671762008623&CODE_STATE=getMsg HTTP/1.1" 200 27
180.163.30.100 - - [23/Dec/2022:10:19:59 +0800] "GET /xingrg/login.html HTTP/1.1" 200 7641
114.84.38.109 - - [23/Dec/2022:10:20:35 +0800] "GET /xingrg/all/function/internal_message.html?_=1671762065007&CODE_STATE=getMsg HTTP/1.1" 302 -
116.238.139.35 - - [23/Dec/2022:10:20:36 +0800] "GET /xingrg/all/function/internal_message.html?_=1671762053657&CODE_STATE=getMsg HTTP/1.1" 200 27
114.84.38.109 - - [23/Dec/2022:10:20:45 +0800] "GET /xingrg/check_reg.html?_=1671762078261 HTTP/1.1" 200 22
114.84.38.109 - - [23/Dec/2022:10:20:48 +0800] "GET /xingrg/all/function/internal_message.html?_=1671762080589&CODE_STATE=getMsg HTTP/1.1" 200 27
180.163.29.79 - - [23/Dec/2022:10:20:56 +0800] "GET /xingrg/all/function/internal_message.html?_=1671762008623&CODE_STATE=getMsg HTTP/1.1" 302 -
180.163.29.79 - - [23/Dec/2022:10:20:56 +0800] "GET /xingrg/login.html HTTP/1.1" 200 7641
116.237.77.129 - - [23/Dec/2022:10:20:56 +0800] "GET /xingrg/check_reg.html?_=1671762068626 HTTP/1.1" 200 22
116.237.77.129 - - [23/Dec/2022:10:20:56 +0800] "GET /xingrg/all/function/internal_message.html?_=1671762068624&CODE_STATE=getMsg HTTP/1.1" 200 27
114.84.38.109 - - [23/Dec/2022:10:21:35 +0800] "GET /xingrg/all/function/internal_message.html?_=1671762125020&CODE_STATE=getMsg HTTP/1.1" 302 -
116.238.139.35 - - [23/Dec/2022:10:21:36 +0800] "GET /xingrg/all/function/internal_message.html?_=1671762113626&CODE_STATE=getMsg HTTP/1.1" 200 27
58.221.95.50 - - [23/Dec/2022:10:21:37 +0800] "GET /xingrg/check_reg.html?_=1671762112540 HTTP/1.1" 302 -
114.84.38.109 - - [23/Dec/2022:10:21:48 +0800] "GET /xingrg/all/function/internal_message.html?_=1671762140602&CODE_STATE=getMsg HTTP/1.1" 200 27
180.163.30.100 - - [23/Dec/2022:10:21:56 +0800] "GET /xingrg/all/function/internal_message.html?_=1671762068624&CODE_STATE=getMsg HTTP/1.1" 302 -
180.163.30.100 - - [23/Dec/2022:10:21:56 +0800] "GET /xingrg/login.html HTTP/1.1" 200 7641
116.237.77.129 - - [23/Dec/2022:10:21:56 +0800] "GET /xingrg/all/function/internal_message.html?_=1671762128628&CODE_STATE=getMsg HTTP/1.1" 200 27
180.163.29.206 - - [23/Dec/2022:10:22:02 +0800] "GET /xingrg/check_reg.html?_=1671762068626 HTTP/1.1" 302 -
180.163.29.206 - - [23/Dec/2022:10:22:03 +0800] "GET /xingrg/login.html HTTP/1.1" 200 7641
114.84.38.109 - - [23/Dec/2022:10:22:35 +0800] "GET /xingrg/all/function/internal_message.html?_=1671762185048&CODE_STATE=getMsg HTTP/1.1" 302 -
116.238.139.35 - - [23/Dec/2022:10:22:36 +0800] "GET /xingrg/all/function/internal_message.html?_=1671762173597&CODE_STATE=getMsg HTTP/1.1" 200 27
114.84.38.109 - - [23/Dec/2022:10:22:48 +0800] "GET /xingrg/all/function/internal_message.html?_=1671762200615&CODE_STATE=getMsg HTTP/1.1" 200 27
101.80.228.88 - - [23/Dec/2022:10:22:49 +0800] "POST /xingrg/services/DataTransmitService HTTP/1.1" 200 524
101.80.228.88 - - [23/Dec/2022:10:22:50 +0800] "POST /xingrg/services/DataTransmitService HTTP/1.1" 200 412
116.237.77.129 - - [23/Dec/2022:10:22:56 +0800] "GET /xingrg/all/function/internal_message.html?_=1671762188627&CODE_STATE=getMsg HTTP/1.1" 200 27
180.163.29.103 - - [23/Dec/2022:10:22:56 +0800] "GET /xingrg/all/function/internal_message.html?_=1671762128628&CODE_STATE=getMsg HTTP/1.1" 302 -
180.163.29.103 - - [23/Dec/2022:10:22:57 +0800] "GET /xingrg/login.html HTTP/1.1" 200 7641
114.84.38.109 - - [23/Dec/2022:10:23:20 +0800] "GET /xingrg/check_reg.html?_=1671762230340 HTTP/1.1" 302 -
114.84.38.109 - - [23/Dec/2022:10:23:35 +0800] "GET /xingrg/all/function/internal_message.html?_=1671762245063&CODE_STATE=getMsg HTTP/1.1" 302 -
116.238.139.35 - - [23/Dec/2022:10:23:36 +0800] "GET /xingrg/all/function/internal_message.html?_=1671762233584&CODE_STATE=getMsg HTTP/1.1" 200 27
116.238.139.35 - - [23/Dec/2022:10:23:38 +0800] "GET /xingrg/check_reg.html?_=1671762234803 HTTP/1.1" 200 22
114.84.38.109 - - [23/Dec/2022:10:23:48 +0800] "GET /xingrg/all/function/internal_message.html?_=1671762260640&CODE_STATE=getMsg HTTP/1.1" 200 27
116.237.77.129 - - [23/Dec/2022:10:23:56 +0800] "GET /xingrg/all/function/internal_message.html?_=1671762248628&CODE_STATE=getMsg HTTP/1.1" 200 27
114.84.38.109 - - [23/Dec/2022:10:24:35 +0800] "GET /xingrg/all/function/internal_message.html?_=1671762305086&CODE_STATE=getMsg HTTP/1.1" 302 -
116.238.139.35 - - [23/Dec/2022:10:24:36 +0800] "GET /xingrg/all/function/internal_message.html?_=1671762293562&CODE_STATE=getMsg HTTP/1.1" 200 27
114.84.38.109 - - [23/Dec/2022:10:24:48 +0800] "GET /xingrg/all/function/internal_message.html?_=1671762320642&CODE_STATE=getMsg HTTP/1.1" 200 27
116.237.77.129 - - [23/Dec/2022:10:24:56 +0800] "GET /xingrg/all/function/internal_message.html?_=1671762308630&CODE_STATE=getMsg HTTP/1.1" 200 27
120.253.135.82 - - [23/Dec/2022:10:25:10 +0800] "GET /xingrg/kc/pszx/mdqp_order_list.html?state=10 HTTP/1.1" 200 10275
120.253.135.82 - - [23/Dec/2022:10:25:11 +0800] "GET /xingrg/dwr/interface/AjaxQqpsService.js HTTP/1.1" 200 16326
120.253.135.82 - - [23/Dec/2022:10:25:11 +0800] "GET /xingrg/dwr/engine.js HTTP/1.1" 200 43631
120.253.135.82 - - [23/Dec/2022:10:25:11 +0800] "GET /xingrg/dwr/interface/AjaxReportQueryService.js HTTP/1.1" 200 13203
120.253.135.82 - - [23/Dec/2022:10:25:13 +0800] "GET /xingrg/kc/pszx/mdps_order_list.html?orderType=0 HTTP/1.1" 200 21035
120.253.135.82 - - [23/Dec/2022:10:25:13 +0800] "POST /xingrg/kc/pszx/mdps_list_operate.html HTTP/1.1" 200 5214
114.84.38.109 - - [23/Dec/2022:10:25:35 +0800] "GET /xingrg/all/function/internal_message.html?_=1671762365090&CODE_STATE=getMsg HTTP/1.1" 302 -
120.253.135.82 - - [23/Dec/2022:10:25:36 +0800] "POST /xingrg/kc/pszx/mdps_list_operate.html HTTP/1.1" 200 1684
116.238.139.35 - - [23/Dec/2022:10:25:36 +0800] "GET /xingrg/all/function/internal_message.html?_=1671762353534&CODE_STATE=getMsg HTTP/1.1" 200 27
120.253.135.82 - - [23/Dec/2022:10:25:42 +0800] "POST /xingrg/kc/pszx/mdps_list_operate.html HTTP/1.1" 200 205
120.253.135.82 - - [23/Dec/2022:10:25:42 +0800] "GET /xingrg/kc/pszx/mdps_order_info.html?code=312022121900405 HTTP/1.1" 200 23974
120.253.135.82 - - [23/Dec/2022:10:25:43 +0800] "GET /xingrg/javascript/easyui/themes/default/validatebox.css HTTP/1.1" 404 1104
120.253.135.82 - - [23/Dec/2022:10:25:43 +0800] "POST /xingrg/kc/pszx/mdps_order_operate.html HTTP/1.1" 200 2286
114.84.38.109 - - [23/Dec/2022:10:25:45 +0800] "GET /xingrg/check_reg.html?_=1671762378276 HTTP/1.1" 200 22
114.84.38.109 - - [23/Dec/2022:10:25:48 +0800] "GET /xingrg/all/function/internal_message.html?_=1671762380657&CODE_STATE=getMsg HTTP/1.1" 200 27
120.253.135.82 - - [23/Dec/2022:10:25:49 +0800] "POST /xingrg/kc/pszx/mdps_order_operate.html HTTP/1.1" 200 37
120.253.135.82 - - [23/Dec/2022:10:25:50 +0800] "GET /xingrg/kc/pszx/mdps_order_info.html?code=312022121900405 HTTP/1.1" 200 23974
120.253.135.82 - - [23/Dec/2022:10:25:50 +0800] "GET /xingrg/javascript/easyui/themes/default/validatebox.css HTTP/1.1" 404 1104
120.253.135.82 - - [23/Dec/2022:10:25:50 +0800] "POST /xingrg/kc/pszx/mdps_order_operate.html HTTP/1.1" 200 2286
116.237.77.129 - - [23/Dec/2022:10:25:56 +0800] "GET /xingrg/check_reg.html?_=1671762368632 HTTP/1.1" 200 22
116.237.77.129 - - [23/Dec/2022:10:25:56 +0800] "GET /xingrg/all/function/internal_message.html?_=1671762368660&CODE_STATE=getMsg HTTP/1.1" 200 27
180.163.28.55 - - [23/Dec/2022:10:25:56 +0800] "GET /xingrg/all/function/internal_message.html?_=1671762308630&CODE_STATE=getMsg HTTP/1.1" 302 -
180.163.28.55 - - [23/Dec/2022:10:25:56 +0800] "GET /xingrg/login.html HTTP/1.1" 200 7641
120.253.135.82 - - [23/Dec/2022:10:25:57 +0800] "POST /xingrg/kc/pszx/mdps_order_operate.html HTTP/1.1" 200 37
120.253.135.82 - - [23/Dec/2022:10:25:58 +0800] "GET /xingrg/kc/pszx/mdps_order_info.html?code=312022121900405 HTTP/1.1" 200 23974
120.253.135.82 - - [23/Dec/2022:10:25:59 +0800] "GET /xingrg/javascript/easyui/themes/default/validatebox.css HTTP/1.1" 404 1104
120.253.135.82 - - [23/Dec/2022:10:25:59 +0800] "POST /xingrg/kc/pszx/mdps_order_operate.html HTTP/1.1" 200 2286
120.253.135.82 - - [23/Dec/2022:10:26:01 +0800] "POST /xingrg/kc/pszx/mdps_order_operate.html HTTP/1.1" 200 37
120.253.135.82 - - [23/Dec/2022:10:26:02 +0800] "GET /xingrg/kc/pszx/mdps_order_info.html?code=312022121900405 HTTP/1.1" 200 23974
120.253.135.82 - - [23/Dec/2022:10:26:02 +0800] "GET /xingrg/javascript/easyui/themes/default/validatebox.css HTTP/1.1" 404 1104
120.253.135.82 - - [23/Dec/2022:10:26:02 +0800] "POST /xingrg/kc/pszx/mdps_order_operate.html HTTP/1.1" 200 2286
120.253.135.82 - - [23/Dec/2022:10:26:04 +0800] "GET /xingrg/kc/print/load_data.html?order_code=312022121900405&kc_code=mdps&condition= HTTP/1.1" 200 674
120.253.135.82 - - [23/Dec/2022:10:26:24 +0800] "POST /xingrg/kc/pszx/mdps_list_operate.html HTTP/1.1" 200 1700
120.253.135.82 - - [23/Dec/2022:10:26:25 +0800] "POST /xingrg/kc/pszx/mdps_list_operate.html HTTP/1.1" 200 208
120.253.135.82 - - [23/Dec/2022:10:26:26 +0800] "GET /xingrg/kc/pszx/mdps_order_info.html?code=312022122300430 HTTP/1.1" 200 23986
120.253.135.82 - - [23/Dec/2022:10:26:26 +0800] "GET /xingrg/javascript/easyui/themes/default/validatebox.css HTTP/1.1" 404 1104
120.253.135.82 - - [23/Dec/2022:10:26:26 +0800] "POST /xingrg/kc/pszx/mdps_order_operate.html HTTP/1.1" 200 2290
120.253.135.82 - - [23/Dec/2022:10:26:29 +0800] "GET /xingrg/kc/print/load_data.html?order_code=312022122300430&kc_code=mdps&condition= HTTP/1.1" 200 687
114.84.38.109 - - [23/Dec/2022:10:26:35 +0800] "GET /xingrg/all/function/internal_message.html?_=1671762425117&CODE_STATE=getMsg HTTP/1.1" 302 -
120.253.135.82 - - [23/Dec/2022:10:26:35 +0800] "POST /xingrg/kc/pszx/mdps_list_operate.html HTTP/1.1" 200 1700
116.238.139.35 - - [23/Dec/2022:10:26:36 +0800] "GET /xingrg/all/function/internal_message.html?_=1671762413504&CODE_STATE=getMsg HTTP/1.1" 200 27
58.221.95.50 - - [23/Dec/2022:10:26:37 +0800] "GET /xingrg/check_reg.html?_=1671762412523 HTTP/1.1" 302 -
114.84.38.109 - - [23/Dec/2022:10:26:48 +0800] "GET /xingrg/all/function/internal_message.html?_=1671762440672&CODE_STATE=getMsg HTTP/1.1" 200 27
120.253.135.82 - - [23/Dec/2022:10:26:49 +0800] "POST /xingrg/kc/pszx/mdps_list_operate.html HTTP/1.1" 200 1687
120.253.135.82 - - [23/Dec/2022:10:26:50 +0800] "POST /xingrg/kc/pszx/mdps_list_operate.html HTTP/1.1" 200 208
120.253.135.82 - - [23/Dec/2022:10:26:51 +0800] "GET /xingrg/kc/pszx/mdps_order_info.html?code=312022121900406 HTTP/1.1" 200 23976
120.253.135.82 - - [23/Dec/2022:10:26:51 +0800] "GET /xingrg/javascript/easyui/themes/default/validatebox.css HTTP/1.1" 404 1104
120.253.135.82 - - [23/Dec/2022:10:26:51 +0800] "POST /xingrg/kc/pszx/mdps_order_operate.html HTTP/1.1" 200 2288
180.163.28.55 - - [23/Dec/2022:10:26:56 +0800] "GET /xingrg/all/function/internal_message.html?_=1671762368660&CODE_STATE=getMsg HTTP/1.1" 302 -
180.163.28.55 - - [23/Dec/2022:10:26:56 +0800] "GET /xingrg/login.html HTTP/1.1" 200 7641
180.163.29.212 - - [23/Dec/2022:10:26:56 +0800] "GET /xingrg/check_reg.html?_=1671762368632 HTTP/1.1" 302 -
116.237.77.129 - - [23/Dec/2022:10:26:56 +0800] "GET /xingrg/all/function/internal_message.html?_=1671762428660&CODE_STATE=getMsg HTTP/1.1" 200 27
180.163.29.212 - - [23/Dec/2022:10:26:56 +0800] "GET /xingrg/login.html HTTP/1.1" 200 7641
120.253.135.82 - - [23/Dec/2022:10:27:00 +0800] "GET /xingrg/javascript/easyui/themes/default/tree.css HTTP/1.1" 404 1090
120.253.135.82 - - [23/Dec/2022:10:27:00 +0800] "POST /xingrg/all/common/load_tree.html?tree=area_rest_tree_json&only_rest=1 HTTP/1.1" 200 3378
120.253.135.82 - - [23/Dec/2022:10:27:00 +0800] "GET /xingrg/javascript/easyui/themes/default/images/tree_arrows.gif HTTP/1.1" 304 -
120.253.135.82 - - [23/Dec/2022:10:27:00 +0800] "GET /xingrg/javascript/easyui/themes/default/images/tree_folder_open.gif HTTP/1.1" 304 -
120.253.135.82 - - [23/Dec/2022:10:27:00 +0800] "GET /xingrg/javascript/easyui/themes/icons/area.png HTTP/1.1" 304 -
120.253.135.82 - - [23/Dec/2022:10:27:00 +0800] "GET /xingrg/javascript/easyui/themes/icons/rest.png HTTP/1.1" 304 -
120.253.135.82 - - [23/Dec/2022:10:27:12 +0800] "POST /xingrg/kc/pszx/mdps_list_operate.html HTTP/1.1" 200 1687
120.253.135.82 - - [23/Dec/2022:10:27:14 +0800] "POST /xingrg/kc/pszx/mdps_list_operate.html HTTP/1.1" 200 208
120.253.135.82 - - [23/Dec/2022:10:27:24 +0800] "POST /xingrg/kc/pszx/mdps_list_operate.html HTTP/1.1" 200 1690
120.253.135.82 - - [23/Dec/2022:10:27:25 +0800] "POST /xingrg/kc/pszx/mdps_list_operate.html HTTP/1.1" 200 641
120.253.135.82 - - [23/Dec/2022:10:27:26 +0800] "GET /xingrg/kc/pszx/mdps_order_info.html?code=312022122300431 HTTP/1.1" 200 23978
120.253.135.82 - - [23/Dec/2022:10:27:26 +0800] "GET /xingrg/javascript/easyui/themes/default/validatebox.css HTTP/1.1" 404 1104
120.253.135.82 - - [23/Dec/2022:10:27:26 +0800] "POST /xingrg/kc/pszx/mdps_order_operate.html HTTP/1.1" 200 5325
114.84.38.109 - - [23/Dec/2022:10:27:35 +0800] "GET /xingrg/all/function/internal_message.html?_=1671762485132&CODE_STATE=getMsg HTTP/1.1" 302 -
116.238.139.35 - - [23/Dec/2022:10:27:36 +0800] "GET /xingrg/all/function/internal_message.html?_=1671762473493&CODE_STATE=getMsg HTTP/1.1" 200 27
114.84.38.109 - - [23/Dec/2022:10:27:48 +0800] "GET /xingrg/all/function/internal_message.html?_=1671762500683&CODE_STATE=getMsg HTTP/1.1" 200 27
120.253.135.82 - - [23/Dec/2022:10:27:49 +0800] "GET /xingrg/kc/pszx/mdps_order_operate.html?command=get_materiel&pszx_code=00101&rest_code=00149&base_code=0010250&code=00102002114 HTTP/1.1" 200 461
180.163.28.55 - - [23/Dec/2022:10:27:56 +0800] "GET /xingrg/all/function/internal_message.html?_=1671762428660&CODE_STATE=getMsg HTTP/1.1" 302 -
180.163.28.55 - - [23/Dec/2022:10:27:56 +0800] "GET /xingrg/login.html HTTP/1.1" 200 7641
116.237.77.129 - - [23/Dec/2022:10:27:56 +0800] "GET /xingrg/all/function/internal_message.html?_=1671762488661&CODE_STATE=getMsg HTTP/1.1" 200 27
120.253.135.82 - - [23/Dec/2022:10:28:14 +0800] "POST /xingrg/kc/pszx/mdps_order_operate.html HTTP/1.1" 200 37
120.253.135.82 - - [23/Dec/2022:10:28:15 +0800] "GET /xingrg/kc/pszx/mdps_order_info.html?code=312022122300431 HTTP/1.1" 200 23978
120.253.135.82 - - [23/Dec/2022:10:28:16 +0800] "GET /xingrg/javascript/easyui/themes/default/validatebox.css HTTP/1.1" 404 1104
120.253.135.82 - - [23/Dec/2022:10:28:16 +0800] "POST /xingrg/kc/pszx/mdps_order_operate.html HTTP/1.1" 200 5332
114.84.38.109 - - [23/Dec/2022:10:28:20 +0800] "GET /xingrg/check_reg.html?_=1671762530359 HTTP/1.1" 302 -
114.84.38.109 - - [23/Dec/2022:10:28:35 +0800] "GET /xingrg/all/function/internal_message.html?_=1671762545159&CODE_STATE=getMsg HTTP/1.1" 302 -
116.238.139.35 - - [23/Dec/2022:10:28:36 +0800] "GET /xingrg/all/function/internal_message.html?_=1671762533478&CODE_STATE=getMsg HTTP/1.1" 200 27
116.238.139.35 - - [23/Dec/2022:10:28:38 +0800] "GET /xingrg/check_reg.html?_=1671762534827 HTTP/1.1" 200 22
114.84.38.109 - - [23/Dec/2022:10:28:48 +0800] "GET /xingrg/all/function/internal_message.html?_=1671762560715&CODE_STATE=getMsg HTTP/1.1" 200 27
120.253.135.82 - - [23/Dec/2022:10:28:53 +0800] "POST /xingrg/kc/pszx/mdps_order_operate.html HTTP/1.1" 200 37
120.253.135.82 - - [23/Dec/2022:10:28:54 +0800] "GET /xingrg/kc/pszx/mdps_order_info.html?code=312022122300431 HTTP/1.1" 200 23978
120.253.135.82 - - [23/Dec/2022:10:28:54 +0800] "GET /xingrg/javascript/easyui/themes/default/validatebox.css HTTP/1.1" 404 1104
120.253.135.82 - - [23/Dec/2022:10:28:54 +0800] "POST /xingrg/kc/pszx/mdps_order_operate.html HTTP/1.1" 200 5333
180.163.29.103 - - [23/Dec/2022:10:28:56 +0800] "GET /xingrg/all/function/internal_message.html?_=1671762488661&CODE_STATE=getMsg HTTP/1.1" 302 -
180.163.29.103 - - [23/Dec/2022:10:28:56 +0800] "GET /xingrg/login.html HTTP/1.1" 200 7641
116.237.77.129 - - [23/Dec/2022:10:28:56 +0800] "GET /xingrg/all/function/internal_message.html?_=1671762548660&CODE_STATE=getMsg HTTP/1.1" 200 27
114.84.81.136 - - [23/Dec/2022:10:29:01 +0800] "GET /favicon.ico HTTP/1.1" 404 -
120.253.135.82 - - [23/Dec/2022:10:29:03 +0800] "GET /xingrg/kc/print/load_data.html?order_code=312022122300431&kc_code=mdps&condition= HTTP/1.1" 200 2148
114.84.38.109 - - [23/Dec/2022:10:29:35 +0800] "GET /xingrg/all/function/internal_message.html?_=1671762605160&CODE_STATE=getMsg HTTP/1.1" 302 -
116.238.139.35 - - [23/Dec/2022:10:29:36 +0800] "GET /xingrg/all/function/internal_message.html?_=1671762593453&CODE_STATE=getMsg HTTP/1.1" 200 27
114.84.38.109 - - [23/Dec/2022:10:29:48 +0800] "GET /xingrg/all/function/internal_message.html?_=1671762620725&CODE_STATE=getMsg HTTP/1.1" 200 27
180.163.30.27 - - [23/Dec/2022:10:29:56 +0800] "GET /xingrg/all/function/internal_message.html?_=1671762548660&CODE_STATE=getMsg HTTP/1.1" 302 -
180.163.30.27 - - [23/Dec/2022:10:29:56 +0800] "GET /xingrg/login.html HTTP/1.1" 200 7641
116.237.77.129 - - [23/Dec/2022:10:29:56 +0800] "GET /xingrg/all/function/internal_message.html?_=1671762608660&CODE_STATE=getMsg HTTP/1.1" 200 27
120.253.135.82 - - [23/Dec/2022:10:29:59 +0800] "GET /xingrg/check_reg.html?_=1671762421733 HTTP/1.1" 200 22
114.84.38.109 - - [23/Dec/2022:10:30:35 +0800] "GET /xingrg/all/function/internal_message.html?_=1671762665190&CODE_STATE=getMsg HTTP/1.1" 302 -
116.238.139.35 - - [23/Dec/2022:10:30:36 +0800] "GET /xingrg/all/function/internal_message.html?_=1671762653441&CODE_STATE=getMsg HTTP/1.1" 200 27
114.84.38.109 - - [23/Dec/2022:10:30:45 +0800] "GET /xingrg/check_reg.html?_=1671762678287 HTTP/1.1" 200 22
114.84.38.109 - - [23/Dec/2022:10:30:48 +0800] "GET /xingrg/all/function/internal_message.html?_=1671762680739&CODE_STATE=getMsg HTTP/1.1" 200 27
116.237.77.129 - - [23/Dec/2022:10:30:56 +0800] "GET /xingrg/check_reg.html?_=1671762668659 HTTP/1.1" 200 22
116.237.77.129 - - [23/Dec/2022:10:30:56 +0800] "GET /xingrg/all/function/internal_message.html?_=1671762668662&CODE_STATE=getMsg HTTP/1.1" 200 27
180.163.28.143 - - [23/Dec/2022:10:30:56 +0800] "GET /xingrg/all/function/internal_message.html?_=1671762608660&CODE_STATE=getMsg HTTP/1.1" 302 -
180.163.28.143 - - [23/Dec/2022:10:30:56 +0800] "GET /xingrg/login.html HTTP/1.1" 200 7641
114.84.38.109 - - [23/Dec/2022:10:31:35 +0800] "GET /xingrg/all/function/internal_message.html?_=1671762725202&CODE_STATE=getMsg HTTP/1.1" 302 -
116.238.139.35 - - [23/Dec/2022:10:31:36 +0800] "GET /xingrg/all/function/internal_message.html?_=1671762713414&CODE_STATE=getMsg HTTP/1.1" 200 27
58.221.95.50 - - [23/Dec/2022:10:31:37 +0800] "GET /xingrg/check_reg.html?_=1671762712518 HTTP/1.1" 302 -
114.84.38.109 - - [23/Dec/2022:10:31:48 +0800] "GET /xingrg/all/function/internal_message.html?_=1671762740752&CODE_STATE=getMsg HTTP/1.1" 200 27
180.163.29.103 - - [23/Dec/2022:10:31:55 +0800] "GET /xingrg/all/function/internal_message.html?_=1671762668662&CODE_STATE=getMsg HTTP/1.1" 302 -
180.163.29.103 - - [23/Dec/2022:10:31:55 +0800] "GET /xingrg/login.html HTTP/1.1" 200 7641
180.163.29.217 - - [23/Dec/2022:10:31:56 +0800] "GET /xingrg/check_reg.html?_=1671762668659 HTTP/1.1" 302 -
180.163.29.217 - - [23/Dec/2022:10:31:56 +0800] "GET /xingrg/login.html HTTP/1.1" 200 7641
116.237.77.129 - - [23/Dec/2022:10:31:56 +0800] "GET /xingrg/all/function/internal_message.html?_=1671762728662&CODE_STATE=getMsg HTTP/1.1" 200 27
114.84.38.109 - - [23/Dec/2022:10:32:35 +0800] "GET /xingrg/all/function/internal_message.html?_=1671762785232&CODE_STATE=getMsg HTTP/1.1" 302 -
116.238.139.35 - - [23/Dec/2022:10:32:36 +0800] "GET /xingrg/all/function/internal_message.html?_=1671762773385&CODE_STATE=getMsg HTTP/1.1" 200 27
114.84.38.109 - - [23/Dec/2022:10:32:48 +0800] "GET /xingrg/all/function/internal_message.html?_=1671762800766&CODE_STATE=getMsg HTTP/1.1" 200 27
180.163.29.234 - - [23/Dec/2022:10:32:56 +0800] "GET /xingrg/all/function/internal_message.html?_=1671762728662&CODE_STATE=getMsg HTTP/1.1" 302 -
180.163.29.234 - - [23/Dec/2022:10:32:56 +0800] "GET /xingrg/login.html HTTP/1.1" 200 7641
116.237.77.129 - - [23/Dec/2022:10:32:56 +0800] "GET /xingrg/all/function/internal_message.html?_=1671762788662&CODE_STATE=getMsg HTTP/1.1" 200 27
114.84.38.109 - - [23/Dec/2022:10:33:20 +0800] "GET /xingrg/check_reg.html?_=1671762830367 HTTP/1.1" 302 -
114.84.38.109 - - [23/Dec/2022:10:33:35 +0800] "GET /xingrg/all/function/internal_message.html?_=1671762845245&CODE_STATE=getMsg HTTP/1.1" 302 -
116.238.139.35 - - [23/Dec/2022:10:33:36 +0800] "GET /xingrg/all/function/internal_message.html?_=1671762833372&CODE_STATE=getMsg HTTP/1.1" 200 27
116.238.139.35 - - [23/Dec/2022:10:33:38 +0800] "GET /xingrg/check_reg.html?_=1671762834826 HTTP/1.1" 200 22
114.84.38.109 - - [23/Dec/2022:10:33:48 +0800] "GET /xingrg/all/function/internal_message.html?_=1671762860794&CODE_STATE=getMsg HTTP/1.1" 200 27
116.237.77.129 - - [23/Dec/2022:10:33:56 +0800] "GET /xingrg/all/function/internal_message.html?_=1671762848662&CODE_STATE=getMsg HTTP/1.1" 200 27
114.84.38.109 - - [23/Dec/2022:10:34:35 +0800] "GET /xingrg/all/function/internal_message.html?_=1671762905269&CODE_STATE=getMsg HTTP/1.1" 302 -
116.238.139.35 - - [23/Dec/2022:10:34:36 +0800] "GET /xingrg/all/function/internal_message.html?_=1671762893345&CODE_STATE=getMsg HTTP/1.1" 200 27
114.84.38.109 - - [23/Dec/2022:10:34:48 +0800] "GET /xingrg/all/function/internal_message.html?_=1671762920811&CODE_STATE=getMsg HTTP/1.1" 200 27
116.237.77.129 - - [23/Dec/2022:10:34:56 +0800] "GET /xingrg/all/function/internal_message.html?_=1671762908662&CODE_STATE=getMsg HTTP/1.1" 200 27
120.253.135.82 - - [23/Dec/2022:10:34:59 +0800] "GET /xingrg/check_reg.html?_=1671762721846 HTTP/1.1" 200 22
114.84.38.109 - - [23/Dec/2022:10:35:35 +0800] "GET /xingrg/all/function/internal_message.html?_=1671762965288&CODE_STATE=getMsg HTTP/1.1" 302 -
116.238.139.35 - - [23/Dec/2022:10:35:36 +0800] "GET /xingrg/all/function/internal_message.html?_=1671762953329&CODE_STATE=getMsg HTTP/1.1" 200 27
114.84.38.109 - - [23/Dec/2022:10:35:45 +0800] "GET /xingrg/check_reg.html?_=1671762978302 HTTP/1.1" 200 22
114.84.38.109 - - [23/Dec/2022:10:35:48 +0800] "GET /xingrg/all/function/internal_message.html?_=1671762980825&CODE_STATE=getMsg HTTP/1.1" 200 27
116.237.77.129 - - [23/Dec/2022:10:35:56 +0800] "GET /xingrg/check_reg.html?_=1671762968655 HTTP/1.1" 200 22
116.237.77.129 - - [23/Dec/2022:10:35:56 +0800] "GET /xingrg/all/function/internal_message.html?_=1671762968657&CODE_STATE=getMsg HTTP/1.1" 200 27
180.163.29.212 - - [23/Dec/2022:10:35:56 +0800] "GET /xingrg/all/function/internal_message.html?_=1671762908662&CODE_STATE=getMsg HTTP/1.1" 302 -
180.163.29.212 - - [23/Dec/2022:10:35:56 +0800] "GET /xingrg/login.html HTTP/1.1" 200 7641
116.237.77.129 - - [23/Dec/2022:10:36:03 +0800] "POST /xingrg/services/DataTransmitService HTTP/1.1" 200 524
114.84.38.109 - - [23/Dec/2022:10:36:35 +0800] "GET /xingrg/all/function/internal_message.html?_=1671763025313&CODE_STATE=getMsg HTTP/1.1" 302 -
116.238.139.35 - - [23/Dec/2022:10:36:36 +0800] "GET /xingrg/all/function/internal_message.html?_=1671763013315&CODE_STATE=getMsg HTTP/1.1" 200 27
58.221.95.50 - - [23/Dec/2022:10:36:37 +0800] "GET /xingrg/check_reg.html?_=1671763012503 HTTP/1.1" 302 -
114.84.38.109 - - [23/Dec/2022:10:36:48 +0800] "GET /xingrg/all/function/internal_message.html?_=1671763040836&CODE_STATE=getMsg HTTP/1.1" 200 27
180.163.29.219 - - [23/Dec/2022:10:36:56 +0800] "GET /xingrg/check_reg.html?_=1671762968655 HTTP/1.1" 302 -
180.163.30.85 - - [23/Dec/2022:10:36:56 +0800] "GET /xingrg/all/function/internal_message.html?_=1671762968657&CODE_STATE=getMsg HTTP/1.1" 302 -
116.237.77.129 - - [23/Dec/2022:10:36:56 +0800] "GET /xingrg/all/function/internal_message.html?_=1671763028657&CODE_STATE=getMsg HTTP/1.1" 200 27
180.163.29.219 - - [23/Dec/2022:10:36:56 +0800] "GET /xingrg/login.html HTTP/1.1" 200 7641
180.163.30.85 - - [23/Dec/2022:10:36:56 +0800] "GET /xingrg/login.html HTTP/1.1" 200 7641
116.192.124.172 - - [23/Dec/2022:10:37:14 +0800] "POST /xingrg/services/DataTransmitService HTTP/1.1" 200 524
116.228.172.94 - - [23/Dec/2022:10:37:26 +0800] "GET /xingrg/login.html HTTP/1.1" 200 7641
116.228.172.94 - - [23/Dec/2022:10:37:26 +0800] "GET /favicon.ico HTTP/1.1" 404 -
116.228.172.94 - - [23/Dec/2022:10:37:28 +0800] "POST /xingrg/login.do HTTP/1.1" 302 -
116.228.172.94 - - [23/Dec/2022:10:37:28 +0800] "GET /xingrg/index.html?sysBaseUrl=http%3A%2F%2F180.169.147.146%3A18081%2Fxingrg%2F&costTime=40×tamp=1671763048354 HTTP/1.1" 200 17417
116.228.172.94 - - [23/Dec/2022:10:37:28 +0800] "GET /favicon.ico HTTP/1.1" 404 -
116.228.172.94 - - [23/Dec/2022:10:37:28 +0800] "POST /xingrg/all/common/load_tree.html?tree=area_rest_tree_json&manage=1 HTTP/1.1" 200 348
116.228.172.94 - - [23/Dec/2022:10:37:28 +0800] "GET /xingrg/all/function/internal_message.html?_=1671762883167&CODE_STATE=count HTTP/1.1" 200 11
116.228.172.94 - - [23/Dec/2022:10:37:28 +0800] "GET /xingrg/check_reg.html?_=1671762883167 HTTP/1.1" 200 22
116.228.172.94 - - [23/Dec/2022:10:37:28 +0800] "POST /xingrg/load_menu.html HTTP/1.1" 200 9959
116.228.172.94 - - [23/Dec/2022:10:37:31 +0800] "GET /xingrg/kc/buy/buy_main.html HTTP/1.1" 200 12412
116.228.172.94 - - [23/Dec/2022:10:37:31 +0800] "GET /xingrg/css/new_ie.css HTTP/1.1" 404 1036
116.228.172.94 - - [23/Dec/2022:10:37:31 +0800] "GET /xingrg/images/yd/bt.gif HTTP/1.1" 404 1040
116.228.172.94 - - [23/Dec/2022:10:37:32 +0800] "GET /xingrg/kc/buy/cgsh_order_list.html HTTP/1.1" 200 54082
116.228.172.94 - - [23/Dec/2022:10:37:33 +0800] "POST /xingrg/kc/buy/cgsh_list_operate.html HTTP/1.1" 200 986
116.228.172.94 - - [23/Dec/2022:10:37:34 +0800] "GET /xingrg/kc/buy/cgsh_order_add.html HTTP/1.1" 200 68906
114.84.38.109 - - [23/Dec/2022:10:37:35 +0800] "GET /xingrg/all/function/internal_message.html?_=1671763085315&CODE_STATE=getMsg HTTP/1.1" 302 -
116.228.172.94 - - [23/Dec/2022:10:37:35 +0800] "POST /xingrg/kc/buy/cgsh_order_operate.html HTTP/1.1" 200 8245
116.228.172.94 - - [23/Dec/2022:10:37:35 +0800] "GET /xingrg/all/common/auto_word.html?type=employee&rest_code=00153 HTTP/1.1" 200 47
116.228.172.94 - - [23/Dec/2022:10:37:35 +0800] "GET /xingrg/javascript/easyui/themes/default/validatebox.css HTTP/1.1" 404 1104
116.228.172.94 - - [23/Dec/2022:10:37:35 +0800] "GET /xingrg/all/common/auto_word.html?type=employee&rest_code=00153 HTTP/1.1" 200 47
116.238.139.35 - - [23/Dec/2022:10:37:36 +0800] "GET /xingrg/all/function/internal_message.html?_=1671763073286&CODE_STATE=getMsg HTTP/1.1" 200 27
116.228.172.94 - - [23/Dec/2022:10:37:37 +0800] "GET /xingrg/javascript/auto/indicator.gif HTTP/1.1" 404 1066
116.228.172.94 - - [23/Dec/2022:10:37:38 +0800] "GET /xingrg/javascript/jquery_tools/images/prev.gif HTTP/1.1" 404 1086
116.228.172.94 - - [23/Dec/2022:10:37:38 +0800] "GET /xingrg/javascript/jquery_tools/images/next.gif HTTP/1.1" 404 1086
114.84.38.109 - - [23/Dec/2022:10:37:48 +0800] "GET /xingrg/all/function/internal_message.html?_=1671763100849&CODE_STATE=getMsg HTTP/1.1" 200 27
116.228.172.94 - - [23/Dec/2022:10:37:50 +0800] "GET /xingrg/kc/buy/cgsh_order_operate.html?command=get_materiel&rest_code=00153&code=00101011005&supplier_code=00100049&order_time=2022-12-23 HTTP/1.1" 200 428
180.163.29.234 - - [23/Dec/2022:10:37:56 +0800] "GET /xingrg/all/function/internal_message.html?_=1671763028657&CODE_STATE=getMsg HTTP/1.1" 302 -
180.163.29.234 - - [23/Dec/2022:10:37:56 +0800] "GET /xingrg/login.html HTTP/1.1" 200 7641
116.237.77.129 - - [23/Dec/2022:10:37:56 +0800] "GET /xingrg/all/function/internal_message.html?_=1671763088655&CODE_STATE=getMsg HTTP/1.1" 200 27
116.238.139.35 - - [23/Dec/2022:10:38:12 +0800] "POST /xingrg/services/DataTransmitService HTTP/1.1" 200 524
116.238.139.35 - - [23/Dec/2022:10:38:12 +0800] "POST /xingrg/services/DataTransmitService HTTP/1.1" 200 501
116.228.172.94 - - [23/Dec/2022:10:38:17 +0800] "POST /xingrg/kc/buy/cgsh_order_operate.html HTTP/1.1" 200 37
114.84.38.109 - - [23/Dec/2022:10:38:20 +0800] "GET /xingrg/check_reg.html?_=1671763130379 HTTP/1.1" 302 -
116.228.172.94 - - [23/Dec/2022:10:38:21 +0800] "POST /xingrg/kc/buy/cgsh_order_operate.html HTTP/1.1" 200 12
116.228.172.94 - - [23/Dec/2022:10:38:23 +0800] "GET /xingrg/kc/buy/cgsh_order_info.html?code=212022122305363 HTTP/1.1" 200 63807
116.228.172.94 - - [23/Dec/2022:10:38:23 +0800] "GET /xingrg/javascript/easyui/themes/default/validatebox.css HTTP/1.1" 404 1104
116.228.172.94 - - [23/Dec/2022:10:38:24 +0800] "POST /xingrg/kc/buy/cgsh_order_operate.html HTTP/1.1" 200 606
116.228.172.94 - - [23/Dec/2022:10:38:25 +0800] "GET /xingrg/kc/print/load_config.html?kc_code=cgsh HTTP/1.1" 200 1943
116.228.172.94 - - [23/Dec/2022:10:38:25 +0800] "GET /xingrg/kc/print/load_data.html?order_code=212022122305363&kc_code=cgsh&condition= HTTP/1.1" 200 745
116.228.172.94 - - [23/Dec/2022:10:38:28 +0800] "GET /xingrg/all/function/internal_message.html?_=1671762943267&CODE_STATE=getMsg HTTP/1.1" 200 27
116.228.172.94 - - [23/Dec/2022:10:38:34 +0800] "GET /xingrg/kc/buy/cgsh_order_add.html HTTP/1.1" 200 68906
116.228.172.94 - - [23/Dec/2022:10:38:34 +0800] "POST /xingrg/kc/buy/cgsh_order_operate.html HTTP/1.1" 200 8245
116.228.172.94 - - [23/Dec/2022:10:38:35 +0800] "GET /xingrg/javascript/easyui/themes/default/validatebox.css HTTP/1.1" 404 1104
114.84.38.109 - - [23/Dec/2022:10:38:35 +0800] "GET /xingrg/all/function/internal_message.html?_=1671763145336&CODE_STATE=getMsg HTTP/1.1" 302 -
116.238.139.35 - - [23/Dec/2022:10:38:36 +0800] "GET /xingrg/all/function/internal_message.html?_=1671763133280&CODE_STATE=getMsg HTTP/1.1" 200 27
116.238.139.35 - - [23/Dec/2022:10:38:38 +0800] "GET /xingrg/check_reg.html?_=1671763134845 HTTP/1.1" 200 22
114.84.38.109 - - [23/Dec/2022:10:38:48 +0800] "GET /xingrg/all/function/internal_message.html?_=1671763160885&CODE_STATE=getMsg HTTP/1.1" 200 27
116.228.172.94 - - [23/Dec/2022:10:38:50 +0800] "GET /xingrg/kc/buy/cgsh_order_operate.html?command=get_materiel&rest_code=00153&code=00101009053&supplier_code=00100476&order_time=2022-12-23 HTTP/1.1" 200 409
180.162.115.136 - - [23/Dec/2022:10:38:50 +0800] "GET /xingrg HTTP/1.1" 302 -
180.162.115.136 - - [23/Dec/2022:10:38:50 +0800] "GET /xingrg/ HTTP/1.1" 304 -
180.162.115.136 - - [23/Dec/2022:10:38:55 +0800] "GET /xingrg/index.html HTTP/1.1" 302 -
180.162.115.136 - - [23/Dec/2022:10:38:55 +0800] "GET /xingrg/login.html HTTP/1.1" 200 7641
180.162.115.136 - - [23/Dec/2022:10:38:55 +0800] "GET /xingrg/images/blue/jxLogo.png HTTP/1.1" 304 -
116.237.77.129 - - [23/Dec/2022:10:38:56 +0800] "GET /xingrg/all/function/internal_message.html?_=1671763148657&CODE_STATE=getMsg HTTP/1.1" 200 27
180.162.115.136 - - [23/Dec/2022:10:38:56 +0800] "GET /xingrg/images/blue/login_bg.png HTTP/1.1" 304 -
180.162.115.136 - - [23/Dec/2022:10:38:56 +0800] "GET /xingrg/images/blue/hj.png HTTP/1.1" 304 -
180.162.115.136 - - [23/Dec/2022:10:38:56 +0800] "GET /xingrg/images/blue/srbg.png HTTP/1.1" 304 -
180.162.115.136 - - [23/Dec/2022:10:38:58 +0800] "GET /favicon.ico HTTP/1.1" 404 -
116.228.172.94 - - [23/Dec/2022:10:39:06 +0800] "GET /xingrg/kc/buy/cgsh_order_operate.html?command=get_materiel&rest_code=00153&code=00101008418&supplier_code=00100476&order_time=2022-12-23 HTTP/1.1" 200 413
116.228.172.94 - - [23/Dec/2022:10:39:15 +0800] "POST /xingrg/kc/buy/cgsh_order_operate.html HTTP/1.1" 200 37
116.228.172.94 - - [23/Dec/2022:10:39:19 +0800] "POST /xingrg/kc/buy/cgsh_order_operate.html HTTP/1.1" 200 12
116.228.172.94 - - [23/Dec/2022:10:39:20 +0800] "GET /xingrg/kc/buy/cgsh_order_info.html?code=212022122305364 HTTP/1.1" 200 63807
116.228.172.94 - - [23/Dec/2022:10:39:21 +0800] "GET /xingrg/javascript/easyui/themes/default/validatebox.css HTTP/1.1" 404 1104
180.162.115.136 - - [23/Dec/2022:10:39:21 +0800] "POST /xingrg/login.do HTTP/1.1" 302 -
180.162.115.136 - - [23/Dec/2022:10:39:21 +0800] "GET /xingrg/index.html?sysBaseUrl=http%3A%2F%2F180.169.147.146%3A18081%2Fxingrg%2F&costTime=39×tamp=1671763161785 HTTP/1.1" 200 17179
180.162.115.136 - - [23/Dec/2022:10:39:22 +0800] "GET /xingrg/javascript/jquery_easy_ui/themes/default/easyui.css HTTP/1.1" 304 -
180.162.115.136 - - [23/Dec/2022:10:39:22 +0800] "GET /xingrg/javascript/jquery_easy_ui/themes/icon.css HTTP/1.1" 304 -
116.228.172.94 - - [23/Dec/2022:10:39:22 +0800] "POST /xingrg/kc/buy/cgsh_order_operate.html HTTP/1.1" 200 1198
180.162.115.136 - - [23/Dec/2022:10:39:22 +0800] "GET /xingrg/css/form.css HTTP/1.1" 304 -
180.162.115.136 - - [23/Dec/2022:10:39:22 +0800] "GET /xingrg/javascript/jquery-1.4.2.min.js HTTP/1.1" 304 -
180.162.115.136 - - [23/Dec/2022:10:39:22 +0800] "GET /xingrg/javascript/jquery_easy_ui/jquery.easyui.min.js HTTP/1.1" 304 -
180.162.115.136 - - [23/Dec/2022:10:39:22 +0800] "GET /xingrg/javascript/jquery_easy_ui/easyui-lang-zh_CN.js HTTP/1.1" 304 -
180.162.115.136 - - [23/Dec/2022:10:39:22 +0800] "GET /xingrg/javascript/jquery.form.js HTTP/1.1" 304 -
180.162.115.136 - - [23/Dec/2022:10:39:22 +0800] "GET /xingrg/javascript/jquery.utils.js HTTP/1.1" 304 -
180.162.115.136 - - [23/Dec/2022:10:39:22 +0800] "GET /xingrg/javascript/jquery.timers.js HTTP/1.1" 304 -
180.162.115.136 - - [23/Dec/2022:10:39:22 +0800] "GET /favicon.ico HTTP/1.1" 404 -
180.162.115.136 - - [23/Dec/2022:10:39:22 +0800] "GET /xingrg/javascript/jquery_easy_ui/themes/icons/settle_new.png HTTP/1.1" 304 -
180.162.115.136 - - [23/Dec/2022:10:39:22 +0800] "GET /xingrg/images/blue/navBackgound.jpg HTTP/1.1" 304 -
180.162.115.136 - - [23/Dec/2022:10:39:23 +0800] "POST /xingrg/all/common/load_tree.html?tree=area_rest_tree_json&manage=1 HTTP/1.1" 200 351
180.162.115.136 - - [23/Dec/2022:10:39:23 +0800] "GET /xingrg/check_reg.html?_=1671762180542 HTTP/1.1" 200 22
180.162.115.136 - - [23/Dec/2022:10:39:23 +0800] "GET /xingrg/all/function/internal_message.html?_=1671762180541&CODE_STATE=count HTTP/1.1" 200 11
180.162.115.136 - - [23/Dec/2022:10:39:23 +0800] "GET /xingrg/images/blue/pingpu.png HTTP/1.1" 304 -
180.162.115.136 - - [23/Dec/2022:10:39:23 +0800] "GET /xingrg/javascript/jquery_easy_ui/themes/default/images/tabs_leftarrow.png HTTP/1.1" 304 -
180.162.115.136 - - [23/Dec/2022:10:39:23 +0800] "GET /xingrg/javascript/jquery_easy_ui/themes/default/images/tabs_rightarrow.png HTTP/1.1" 304 -
180.162.115.136 - - [23/Dec/2022:10:39:23 +0800] "GET /xingrg/javascript/jquery_easy_ui/themes/default/images/panel_tool_collapse.gif HTTP/1.1" 304 -
180.162.115.136 - - [23/Dec/2022:10:39:23 +0800] "POST /xingrg/load_menu.html HTTP/1.1" 200 5138
180.162.115.136 - - [23/Dec/2022:10:39:23 +0800] "GET /xingrg/javascript/jquery_easy_ui/themes/default/images/tree_arrows.gif HTTP/1.1" 304 -
180.162.115.136 - - [23/Dec/2022:10:39:23 +0800] "GET /xingrg/javascript/jquery_easy_ui/themes/default/images/tree_folder_open.gif HTTP/1.1" 304 -
180.162.115.136 - - [23/Dec/2022:10:39:24 +0800] "GET /xingrg/javascript/jquery_easy_ui/themes/icons/search_new.png HTTP/1.1" 304 -
180.162.115.136 - - [23/Dec/2022:10:39:24 +0800] "GET /xingrg/javascript/jquery_easy_ui/themes/default/images/tree_folder.gif HTTP/1.1" 304 -
180.162.115.136 - - [23/Dec/2022:10:39:24 +0800] "GET /xingrg/javascript/jquery_easy_ui/themes/icons/storage_new.png HTTP/1.1" 304 -
116.228.172.94 - - [23/Dec/2022:10:39:24 +0800] "GET /xingrg/kc/print/load_data.html?order_code=212022122305364&kc_code=cgsh&condition= HTTP/1.1" 200 910
180.162.115.136 - - [23/Dec/2022:10:39:24 +0800] "GET /xingrg/javascript/jquery_easy_ui/themes/icons/forms_new.png HTTP/1.1" 304 -
180.162.115.136 - - [23/Dec/2022:10:39:24 +0800] "GET /xingrg/javascript/jquery_easy_ui/themes/default/images/tree_file.gif HTTP/1.1" 304 -
180.162.115.136 - - [23/Dec/2022:10:39:25 +0800] "GET /xingrg/kc/buy/buy_main.html HTTP/1.1" 200 12412
180.162.115.136 - - [23/Dec/2022:10:39:25 +0800] "GET /xingrg/javascript/jquery_easy_ui/themes/default/images/tabs_close.gif HTTP/1.1" 304 -
180.162.115.136 - - [23/Dec/2022:10:39:25 +0800] "GET /xingrg/css/blue.css HTTP/1.1" 304 -
180.162.115.136 - - [23/Dec/2022:10:39:25 +0800] "GET /xingrg/css/new_ie.css HTTP/1.1" 404 1036
180.162.115.136 - - [23/Dec/2022:10:39:25 +0800] "GET /xingrg/javascript/jquery_ui/themes/humanity/humanity.css HTTP/1.1" 304 -
180.162.115.136 - - [23/Dec/2022:10:39:25 +0800] "GET /xingrg/javascript/pic_change.js HTTP/1.1" 304 -
180.162.115.136 - - [23/Dec/2022:10:39:26 +0800] "GET /xingrg/javascript/ToolTips.js HTTP/1.1" 304 -
180.162.115.136 - - [23/Dec/2022:10:39:26 +0800] "GET /xingrg/javascript/myfunction.js HTTP/1.1" 304 -
180.162.115.136 - - [23/Dec/2022:10:39:26 +0800] "GET /xingrg/javascript/jquery_ui/jquery-ui.min.js HTTP/1.1" 304 -
180.162.115.136 - - [23/Dec/2022:10:39:26 +0800] "GET /xingrg/images/blue/button/cgxqd.gif HTTP/1.1" 304 -
180.162.115.136 - - [23/Dec/2022:10:39:26 +0800] "GET /xingrg/images/blue/button/cgydd.gif HTTP/1.1" 304 -
180.162.115.136 - - [23/Dec/2022:10:39:26 +0800] "GET /xingrg/images/blue/button/cgshd.gif HTTP/1.1" 304 -
180.162.115.136 - - [23/Dec/2022:10:39:26 +0800] "GET /xingrg/images/blue/button/cgfkd.gif HTTP/1.1" 304 -
180.162.115.136 - - [23/Dec/2022:10:39:26 +0800] "GET /xingrg/images/blue/button/kc.gif HTTP/1.1" 304 -
180.162.115.136 - - [23/Dec/2022:10:39:26 +0800] "GET /xingrg/images/blue/button/ckthd.gif HTTP/1.1" 304 -
180.162.115.136 - - [23/Dec/2022:10:39:26 +0800] "GET /xingrg/images/blue/pic_form2.gif HTTP/1.1" 304 -
180.162.115.136 - - [23/Dec/2022:10:39:26 +0800] "GET /xingrg/javascript/jquery_ui/themes/humanity/images/ui-bg_inset-soft_100_f4f0ec_1x100.png HTTP/1.1" 304 -
180.162.115.136 - - [23/Dec/2022:10:39:26 +0800] "GET /xingrg/images/blue/bg_dotted.jpg HTTP/1.1" 304 -
180.162.115.136 - - [23/Dec/2022:10:39:26 +0800] "GET /xingrg/images/blue/button/right_ah.jpg HTTP/1.1" 304 -
180.162.115.136 - - [23/Dec/2022:10:39:26 +0800] "GET /xingrg/images/blue/button/down_ah.jpg HTTP/1.1" 304 -
180.162.115.136 - - [23/Dec/2022:10:39:26 +0800] "GET /xingrg/javascript/jquery_ui/themes/humanity/images/ui-iconsnew.jpg HTTP/1.1" 304 -
180.162.115.136 - - [23/Dec/2022:10:39:26 +0800] "GET /xingrg/javascript/jquery_ui/themes/humanity/images/ui-icons_ffffff_256x240.png HTTP/1.1" 304 -
180.162.115.136 - - [23/Dec/2022:10:39:26 +0800] "GET /xingrg/javascript/jquery_ui/themes/humanity/images/ui-icons_c47a23_256x240.png HTTP/1.1" 304 -
180.162.115.136 - - [23/Dec/2022:10:39:26 +0800] "GET /xingrg/javascript/jquery_ui/themes/humanity/images/ui-bg_glass_70_ede4d4_1x400.png HTTP/1.1" 304 -
180.162.115.136 - - [23/Dec/2022:10:39:26 +0800] "GET /xingrg/images/yd/bt.gif HTTP/1.1" 404 1040
180.162.115.136 - - [23/Dec/2022:10:39:27 +0800] "GET /xingrg/kc/buy/cgsh_order_list.html HTTP/1.1" 200 54084
180.162.115.136 - - [23/Dec/2022:10:39:27 +0800] "GET /xingrg/css/base.css HTTP/1.1" 304 -
180.162.115.136 - - [23/Dec/2022:10:39:27 +0800] "GET /xingrg/css/site.css HTTP/1.1" 304 -
180.162.115.136 - - [23/Dec/2022:10:39:27 +0800] "GET /xingrg/javascript/jquery_tools/datebox.css HTTP/1.1" 304 -
180.162.115.136 - - [23/Dec/2022:10:39:27 +0800] "GET /xingrg/javascript/easyui/themes/default/easyui.css HTTP/1.1" 304 -
180.162.115.136 - - [23/Dec/2022:10:39:27 +0800] "GET /xingrg/javascript/easyui/themes/icon.css HTTP/1.1" 304 -
180.162.115.136 - - [23/Dec/2022:10:39:27 +0800] "GET /xingrg/javascript/auto/jquery.autocomplete.css HTTP/1.1" 304 -
180.162.115.136 - - [23/Dec/2022:10:39:27 +0800] "GET /xingrg/javascript/jquery_tools/fix.css HTTP/1.1" 304 -
180.162.115.136 - - [23/Dec/2022:10:39:27 +0800] "GET /xingrg/javascript/jquery_tools/table.css HTTP/1.1" 304 -
180.162.115.136 - - [23/Dec/2022:10:39:27 +0800] "GET /xingrg/javascript/jquery_tools/jquery.tools.min.js HTTP/1.1" 304 -
180.162.115.136 - - [23/Dec/2022:10:39:27 +0800] "GET /xingrg/javascript/jquery_tools/jquery.tools.extend.js HTTP/1.1" 304 -
180.162.115.136 - - [23/Dec/2022:10:39:27 +0800] "GET /xingrg/javascript/jquery_tools/jquery.tools.hotkey.js HTTP/1.1" 304 -
180.162.115.136 - - [23/Dec/2022:10:39:27 +0800] "GET /xingrg/javascript/jquery_tools/jquery.tools.table.js HTTP/1.1" 304 -
180.162.115.136 - - [23/Dec/2022:10:39:27 +0800] "GET /xingrg/javascript/jquery_tools/list_manager.js HTTP/1.1" 304 -
180.162.115.136 - - [23/Dec/2022:10:39:27 +0800] "GET /xingrg/javascript/auto/jquery.autocomplete.js HTTP/1.1" 304 -
180.162.115.136 - - [23/Dec/2022:10:39:27 +0800] "GET /xingrg/javascript/easyui/easyloader.js HTTP/1.1" 304 -
180.162.115.136 - - [23/Dec/2022:10:39:27 +0800] "GET /xingrg/javascript/jquery.cookie.js HTTP/1.1" 304 -
180.162.115.136 - - [23/Dec/2022:10:39:27 +0800] "GET /xingrg/javascript/print/LodopFuncs.js HTTP/1.1" 304 -
180.162.115.136 - - [23/Dec/2022:10:39:28 +0800] "GET /xingrg/javascript/easyui/themes/icons/check_new.png HTTP/1.1" 304 -
180.162.115.136 - - [23/Dec/2022:10:39:28 +0800] "GET /xingrg/javascript/easyui/themes/icons/cance_new.png HTTP/1.1" 304 -
180.162.115.136 - - [23/Dec/2022:10:39:28 +0800] "GET /xingrg/javascript/easyui/themes/icons/edit_add_new.png HTTP/1.1" 304 -
180.162.115.136 - - [23/Dec/2022:10:39:28 +0800] "GET /xingrg/javascript/easyui/themes/icons/field_new.png HTTP/1.1" 304 -
180.162.115.136 - - [23/Dec/2022:10:39:28 +0800] "GET /xingrg/javascript/easyui/themes/icons/import_new.png HTTP/1.1" 304 -
180.162.115.136 - - [23/Dec/2022:10:39:28 +0800] "GET /xingrg/javascript/easyui/plugins/jquery.parser.js HTTP/1.1" 304 -
180.162.115.136 - - [23/Dec/2022:10:39:28 +0800] "GET /xingrg/images/control/ajaxLoader.gif HTTP/1.1" 304 -
116.228.172.94 - - [23/Dec/2022:10:39:28 +0800] "GET /xingrg/all/function/internal_message.html?_=1671763003248&CODE_STATE=getMsg HTTP/1.1" 200 27
180.162.115.136 - - [23/Dec/2022:10:39:33 +0800] "POST /xingrg/kc/buy/cgsh_list_operate.html HTTP/1.1" 200 2757
114.84.38.109 - - [23/Dec/2022:10:39:35 +0800] "GET /xingrg/all/function/internal_message.html?_=1671763205342&CODE_STATE=getMsg HTTP/1.1" 302 -
180.162.115.136 - - [23/Dec/2022:10:39:35 +0800] "POST /xingrg/kc/buy/cgsh_list_operate.html HTTP/1.1" 200 576
180.162.115.136 - - [23/Dec/2022:10:39:36 +0800] "GET /xingrg/kc/buy/cgsh_order_info.html?code=212022121905128 HTTP/1.1" 200 68947
180.162.115.136 - - [23/Dec/2022:10:39:36 +0800] "GET /xingrg/javascript/jquery_tools/order_manager.js HTTP/1.1" 304 -
180.162.115.136 - - [23/Dec/2022:10:39:36 +0800] "GET /xingrg/javascript/convert.js HTTP/1.1" 304 -
180.162.115.136 - - [23/Dec/2022:10:39:36 +0800] "GET /xingrg/javascript/json2.js HTTP/1.1" 304 -
180.162.115.136 - - [23/Dec/2022:10:39:36 +0800] "GET /xingrg/javascript/print/kc_print.js HTTP/1.1" 304 -
180.162.115.136 - - [23/Dec/2022:10:39:36 +0800] "GET /xingrg/words/20221222132041_words.js HTTP/1.1" 200 939558
180.162.115.136 - - [23/Dec/2022:10:39:36 +0800] "GET /xingrg/javascript/easyui/themes/default/images/menu_downarrow.png HTTP/1.1" 304 -
180.162.115.136 - - [23/Dec/2022:10:39:36 +0800] "GET /xingrg/javascript/easyui/themes/icons/print.png HTTP/1.1" 304 -
180.162.115.136 - - [23/Dec/2022:10:39:36 +0800] "GET /xingrg/javascript/easyui/themes/icons/ok.png HTTP/1.1" 304 -
180.162.115.136 - - [23/Dec/2022:10:39:36 +0800] "GET /xingrg/javascript/easyui/themes/icons/template_new.png HTTP/1.1" 304 -
180.162.115.136 - - [23/Dec/2022:10:39:36 +0800] "GET /xingrg/javascript/easyui/themes/icons/copy_new.png HTTP/1.1" 304 -
180.162.115.136 - - [23/Dec/2022:10:39:36 +0800] "GET /xingrg/javascript/easyui/themes/icons/cancel.png HTTP/1.1" 304 -
116.238.139.35 - - [23/Dec/2022:10:39:36 +0800] "GET /xingrg/all/function/internal_message.html?_=1671763193255&CODE_STATE=getMsg HTTP/1.1" 200 27
180.162.115.136 - - [23/Dec/2022:10:39:37 +0800] "GET /xingrg/all/common/auto_word.html?type=employee&rest_code=00143 HTTP/1.1" 200 55
180.162.115.136 - - [23/Dec/2022:10:39:37 +0800] "GET /xingrg/all/common/auto_word.html?type=employee&rest_code=00143 HTTP/1.1" 200 55
180.162.115.136 - - [23/Dec/2022:10:39:37 +0800] "GET /xingrg/javascript/easyui/themes/default/validatebox.css HTTP/1.1" 404 1104
180.162.115.136 - - [23/Dec/2022:10:39:37 +0800] "GET /xingrg/javascript/easyui/plugins/jquery.validatebox.js HTTP/1.1" 304 -
180.162.115.136 - - [23/Dec/2022:10:39:37 +0800] "GET /xingrg/javascript/easyui/plugins/jquery.numberbox.js HTTP/1.1" 304 -
180.162.115.136 - - [23/Dec/2022:10:39:37 +0800] "POST /xingrg/kc/buy/cgsh_order_operate.html HTTP/1.1" 200 5620
180.162.115.136 - - [23/Dec/2022:10:39:38 +0800] "GET /xingrg/javascript/easyui/themes/icons/edit_remove.png HTTP/1.1" 304 -
180.162.115.136 - - [23/Dec/2022:10:39:39 +0800] "GET /xingrg/javascript/jquery_tools/images/prev.gif HTTP/1.1" 404 1086
180.162.115.136 - - [23/Dec/2022:10:39:39 +0800] "GET /xingrg/javascript/jquery_tools/images/next.gif HTTP/1.1" 404 1086
114.84.38.109 - - [23/Dec/2022:10:39:48 +0800] "GET /xingrg/all/function/internal_message.html?_=1671763220893&CODE_STATE=getMsg HTTP/1.1" 200 27
180.163.29.79 - - [23/Dec/2022:10:39:56 +0800] "GET /xingrg/all/function/internal_message.html?_=1671763148657&CODE_STATE=getMsg HTTP/1.1" 302 -
180.163.29.79 - - [23/Dec/2022:10:39:56 +0800] "GET /xingrg/login.html HTTP/1.1" 200 7641
116.237.77.129 - - [23/Dec/2022:10:39:56 +0800] "GET /xingrg/all/function/internal_message.html?_=1671763208656&CODE_STATE=getMsg HTTP/1.1" 200 27
120.253.135.82 - - [23/Dec/2022:10:39:59 +0800] "GET /xingrg/check_reg.html?_=1671763021849 HTTP/1.1" 200 22
180.162.115.136 - - [23/Dec/2022:10:40:07 +0800] "GET /xingrg/javascript/auto/indicator.gif HTTP/1.1" 404 1066
180.162.115.136 - - [23/Dec/2022:10:40:23 +0800] "GET /xingrg/all/function/internal_message.html?_=1671762240545&CODE_STATE=getMsg HTTP/1.1" 200 27
114.84.38.109 - - [23/Dec/2022:10:40:35 +0800] "GET /xingrg/all/function/internal_message.html?_=1671763265368&CODE_STATE=getMsg HTTP/1.1" 302 -
116.238.139.35 - - [23/Dec/2022:10:40:36 +0800] "GET /xingrg/all/function/internal_message.html?_=1671763253242&CODE_STATE=getMsg HTTP/1.1" 200 27
114.84.38.109 - - [23/Dec/2022:10:40:45 +0800] "GET /xingrg/check_reg.html?_=1671763278314 HTTP/1.1" 200 22
114.84.38.109 - - [23/Dec/2022:10:40:48 +0800] "GET /xingrg/all/function/internal_message.html?_=1671763280906&CODE_STATE=getMsg HTTP/1.1" 200 27
116.237.77.129 - - [23/Dec/2022:10:40:56 +0800] "GET /xingrg/check_reg.html?_=1671763268654 HTTP/1.1" 200 22
116.237.77.129 - - [23/Dec/2022:10:40:56 +0800] "GET /xingrg/all/function/internal_message.html?_=1671763268668&CODE_STATE=getMsg HTTP/1.1" 200 27
180.163.30.76 - - [23/Dec/2022:10:40:59 +0800] "GET /xingrg/all/function/internal_message.html?_=1671763208656&CODE_STATE=getMsg HTTP/1.1" 302 -
180.163.30.76 - - [23/Dec/2022:10:40:59 +0800] "GET /xingrg/login.html HTTP/1.1" 200 7641
180.162.115.136 - - [23/Dec/2022:10:41:21 +0800] "GET /xingrg/javascript/easyui/themes/default/images/button_plain_hover.png HTTP/1.1" 304 -
180.162.115.136 - - [23/Dec/2022:10:41:23 +0800] "GET /xingrg/all/function/internal_message.html?_=1671762300566&CODE_STATE=getMsg HTTP/1.1" 200 27
114.84.38.109 - - [23/Dec/2022:10:41:35 +0800] "GET /xingrg/all/function/internal_message.html?_=1671763325369&CODE_STATE=getMsg HTTP/1.1" 302 -
116.238.139.35 - - [23/Dec/2022:10:41:36 +0800] "GET /xingrg/all/function/internal_message.html?_=1671763313227&CODE_STATE=getMsg HTTP/1.1" 200 27
58.221.95.50 - - [23/Dec/2022:10:41:37 +0800] "GET /xingrg/check_reg.html?_=1671763312499 HTTP/1.1" 302 -
114.84.38.109 - - [23/Dec/2022:10:41:48 +0800] "GET /xingrg/all/function/internal_message.html?_=1671763340920&CODE_STATE=getMsg HTTP/1.1" 200 27
180.163.30.76 - - [23/Dec/2022:10:41:56 +0800] "GET /xingrg/all/function/internal_message.html?_=1671763268668&CODE_STATE=getMsg HTTP/1.1" 302 -
180.163.28.114 - - [23/Dec/2022:10:41:56 +0800] "GET /xingrg/check_reg.html?_=1671763268654 HTTP/1.1" 302 -
180.163.28.114 - - [23/Dec/2022:10:41:56 +0800] "GET /xingrg/login.html HTTP/1.1" 200 7641
180.163.30.76 - - [23/Dec/2022:10:41:56 +0800] "GET /xingrg/login.html HTTP/1.1" 200 7641
116.237.77.129 - - [23/Dec/2022:10:41:56 +0800] "GET /xingrg/all/function/internal_message.html?_=1671763328652&CODE_STATE=getMsg HTTP/1.1" 200 27
180.162.115.136 - - [23/Dec/2022:10:42:24 +0800] "GET /xingrg/all/function/internal_message.html?_=1671762361453&CODE_STATE=getMsg HTTP/1.1" 200 27
116.192.124.172 - - [23/Dec/2022:10:42:25 +0800] "GET /xingrg/login.html HTTP/1.1" 200 7641
116.192.124.172 - - [23/Dec/2022:10:42:26 +0800] "GET /favicon.ico HTTP/1.1" 404 -
116.192.124.172 - - [23/Dec/2022:10:42:27 +0800] "POST /xingrg/login.do HTTP/1.1" 302 -
116.192.124.172 - - [23/Dec/2022:10:42:27 +0800] "GET /xingrg/index.html?sysBaseUrl=http%3A%2F%2F180.169.147.146%3A18081%2Fxingrg%2F&costTime=39×tamp=1671763347412 HTTP/1.1" 200 17173
116.192.124.172 - - [23/Dec/2022:10:42:27 +0800] "POST /xingrg/all/common/load_tree.html?tree=area_rest_tree_json&manage=1 HTTP/1.1" 200 342
116.192.124.172 - - [23/Dec/2022:10:42:27 +0800] "GET /xingrg/all/function/internal_message.html?_=1671763388228&CODE_STATE=count HTTP/1.1" 200 11
116.192.124.172 - - [23/Dec/2022:10:42:27 +0800] "GET /xingrg/check_reg.html?_=1671763388231 HTTP/1.1" 200 22
116.192.124.172 - - [23/Dec/2022:10:42:27 +0800] "GET /favicon.ico HTTP/1.1" 404 -
116.192.124.172 - - [23/Dec/2022:10:42:27 +0800] "POST /xingrg/load_menu.html HTTP/1.1" 200 5138
114.84.38.109 - - [23/Dec/2022:10:42:35 +0800] "GET /xingrg/all/function/internal_message.html?_=1671763385394&CODE_STATE=getMsg HTTP/1.1" 302 -
116.238.139.35 - - [23/Dec/2022:10:42:36 +0800] "GET /xingrg/all/function/internal_message.html?_=1671763373202&CODE_STATE=getMsg HTTP/1.1" 200 27
116.192.124.172 - - [23/Dec/2022:10:42:38 +0800] "GET /xingrg/kc/buy/cgsh_order_list.html HTTP/1.1" 200 54078
