180.165.52.19 - - [22/Dec/2022:12:36:34 +0800] "GET /xingrg/kc/buy/cgsh_order_operate.html?command=get_materiel&rest_code=00108&code=00102016478&supplier_code=00100384&order_time=2022-12-22 HTTP/1.1" 200 412
58.221.95.50 - - [22/Dec/2022:12:36:40 +0800] "GET /xingrg/check_reg.html?_=1671683815665 HTTP/1.1" 302 -
180.169.147.146 - - [22/Dec/2022:12:36:45 +0800] "GET /xingrg/all/function/internal_message.html?_=1671683819816&CODE_STATE=getMsg HTTP/1.1" 200 27
114.84.38.109 - - [22/Dec/2022:12:36:46 +0800] "GET /xingrg/check_reg.html?_=1671683835435 HTTP/1.1" 200 22
180.165.52.19 - - [22/Dec/2022:12:36:49 +0800] "GET /xingrg/kc/buy/cgsh_order_operate.html?command=get_materiel&rest_code=00108&code=00102010186&supplier_code=00100384&order_time=2022-12-22 HTTP/1.1" 200 420
114.84.171.241 - - [22/Dec/2022:12:36:57 +0800] "GET /xingrg/all/function/internal_message.html?_=1671683830679&CODE_STATE=getMsg HTTP/1.1" 200 27
116.230.105.139 - - [22/Dec/2022:12:37:01 +0800] "GET /xingrg/all/function/internal_message.html?_=1671683814274&CODE_STATE=getMsg HTTP/1.1" 200 27
180.165.52.19 - - [22/Dec/2022:12:37:02 +0800] "GET /xingrg/kc/buy/cgsh_order_operate.html?command=get_materiel&rest_code=00108&code=00102010021&supplier_code=00100384&order_time=2022-12-22 HTTP/1.1" 200 416
116.238.139.35 - - [22/Dec/2022:12:37:03 +0800] "GET /xingrg/all/function/internal_message.html?_=1671683840184&CODE_STATE=getMsg HTTP/1.1" 200 27
116.192.124.172 - - [22/Dec/2022:12:37:07 +0800] "GET /xingrg/all/function/internal_message.html?_=1671683841974&CODE_STATE=getMsg HTTP/1.1" 200 27
114.84.38.109 - - [22/Dec/2022:12:37:09 +0800] "GET /xingrg/all/function/internal_message.html?_=1671683858972&CODE_STATE=getMsg HTTP/1.1" 200 27
120.253.135.82 - - [22/Dec/2022:12:37:13 +0800] "GET /xingrg/all/function/internal_message.html?_=1671683655155&CODE_STATE=getMsg HTTP/1.1" 200 27
180.165.52.19 - - [22/Dec/2022:12:37:13 +0800] "GET /xingrg/kc/buy/cgsh_order_operate.html?command=get_materiel&rest_code=00108&code=00102002130&supplier_code=00100384&order_time=2022-12-22 HTTP/1.1" 200 408
180.165.52.19 - - [22/Dec/2022:12:37:24 +0800] "GET /xingrg/kc/buy/cgsh_order_operate.html?command=get_materiel&rest_code=00108&code=00102010851&supplier_code=00100384&order_time=2022-12-22 HTTP/1.1" 200 409
180.169.147.146 - - [22/Dec/2022:12:37:45 +0800] "GET /xingrg/all/function/internal_message.html?_=1671683879829&CODE_STATE=getMsg HTTP/1.1" 200 27
114.84.171.241 - - [22/Dec/2022:12:37:57 +0800] "GET /xingrg/all/function/internal_message.html?_=1671683890679&CODE_STATE=getMsg HTTP/1.1" 200 27
116.192.124.172 - - [22/Dec/2022:12:37:59 +0800] "POST /xingrg/services/DataTransmitService HTTP/1.1" 200 524
180.165.52.19 - - [22/Dec/2022:12:37:59 +0800] "GET /xingrg/kc/buy/cgsh_order_operate.html?command=get_materiel&rest_code=00108&code=00102010718&supplier_code=00100384&order_time=2022-12-22 HTTP/1.1" 200 409
116.192.124.172 - - [22/Dec/2022:12:37:59 +0800] "POST /xingrg/services/DataTransmitService HTTP/1.1" 200 2487
116.192.124.172 - - [22/Dec/2022:12:38:00 +0800] "POST /xingrg/services/DataTransmitService HTTP/1.1" 200 166875
116.230.105.139 - - [22/Dec/2022:12:38:01 +0800] "GET /xingrg/all/function/internal_message.html?_=1671683874276&CODE_STATE=getMsg HTTP/1.1" 200 27
116.238.139.35 - - [22/Dec/2022:12:38:03 +0800] "GET /xingrg/all/function/internal_message.html?_=1671683900189&CODE_STATE=getMsg HTTP/1.1" 200 27
116.238.139.35 - - [22/Dec/2022:12:38:03 +0800] "GET /xingrg/check_reg.html?_=1671683900191 HTTP/1.1" 200 22
116.192.124.172 - - [22/Dec/2022:12:38:07 +0800] "GET /xingrg/all/function/internal_message.html?_=1671683901955&CODE_STATE=getMsg HTTP/1.1" 200 27
114.84.38.109 - - [22/Dec/2022:12:38:09 +0800] "GET /xingrg/all/function/internal_message.html?_=1671683918986&CODE_STATE=getMsg HTTP/1.1" 200 27
120.253.135.82 - - [22/Dec/2022:12:38:11 +0800] "GET /xingrg/check_reg.html?_=1671683713362 HTTP/1.1" 200 22
120.253.135.82 - - [22/Dec/2022:12:38:13 +0800] "GET /xingrg/all/function/internal_message.html?_=1671683715169&CODE_STATE=getMsg HTTP/1.1" 200 27
180.165.52.19 - - [22/Dec/2022:12:38:25 +0800] "GET /xingrg/kc/buy/cgsh_order_operate.html?command=get_materiel&rest_code=00108&code=00101016157&supplier_code=00100384&order_time=2022-12-22 HTTP/1.1" 200 398
116.230.105.139 - - [22/Dec/2022:12:38:25 +0800] "GET /favicon.ico HTTP/1.1" 404 -
116.230.105.139 - - [22/Dec/2022:12:38:27 +0800] "GET /xingrg/login.html HTTP/1.1" 200 7641
116.230.105.139 - - [22/Dec/2022:12:38:31 +0800] "GET /favicon.ico HTTP/1.1" 404 -
114.88.159.190 - - [22/Dec/2022:12:38:34 +0800] "GET /xingrg/check_reg.html?_=1671683517572 HTTP/1.1" 200 22
180.165.52.19 - - [22/Dec/2022:12:38:42 +0800] "GET /xingrg/kc/buy/cgsh_order_operate.html?command=get_materiel&rest_code=00108&code=00102010241&supplier_code=00100384&order_time=2022-12-22 HTTP/1.1" 200 408
180.169.147.146 - - [22/Dec/2022:12:38:45 +0800] "GET /xingrg/all/function/internal_message.html?_=1671683939830&CODE_STATE=getMsg HTTP/1.1" 200 27
116.230.105.139 - - [22/Dec/2022:12:38:48 +0800] "POST /xingrg/login.do HTTP/1.1" 302 -
116.230.105.139 - - [22/Dec/2022:12:38:48 +0800] "GET /xingrg/index.html?sysBaseUrl=http%3A%2F%2F180.169.147.146%3A18081%2Fxingrg%2F&costTime=40×tamp=1671683928289 HTTP/1.1" 200 17503
116.230.105.139 - - [22/Dec/2022:12:38:48 +0800] "GET /favicon.ico HTTP/1.1" 404 -
116.230.105.139 - - [22/Dec/2022:12:38:48 +0800] "POST /xingrg/all/common/load_tree.html?tree=area_rest_tree_json&manage=1 HTTP/1.1" 200 3499
116.230.105.139 - - [22/Dec/2022:12:38:48 +0800] "GET /xingrg/all/function/internal_message.html?_=1671683943650&CODE_STATE=count HTTP/1.1" 200 11
116.230.105.139 - - [22/Dec/2022:12:38:48 +0800] "GET /xingrg/check_reg.html?_=1671683943651 HTTP/1.1" 200 22
116.230.105.139 - - [22/Dec/2022:12:38:48 +0800] "POST /xingrg/load_menu.html HTTP/1.1" 200 11443
116.230.105.139 - - [22/Dec/2022:12:38:51 +0800] "GET /xingrg/kc/buy/buy_main.html HTTP/1.1" 200 12341
116.230.105.139 - - [22/Dec/2022:12:38:51 +0800] "GET /xingrg/css/new_ie.css HTTP/1.1" 404 1036
116.230.105.139 - - [22/Dec/2022:12:38:52 +0800] "GET /xingrg/images/yd/bt.gif HTTP/1.1" 404 1040
116.230.105.139 - - [22/Dec/2022:12:38:53 +0800] "GET /xingrg/kc/buy/cgsh_order_list.html HTTP/1.1" 200 54333
116.230.105.139 - - [22/Dec/2022:12:38:54 +0800] "POST /xingrg/kc/buy/cgsh_list_operate.html HTTP/1.1" 200 986
116.230.105.139 - - [22/Dec/2022:12:38:55 +0800] "GET /xingrg/kc/buy/cgsh_order_add.html HTTP/1.1" 200 68923
116.230.105.139 - - [22/Dec/2022:12:38:56 +0800] "GET /xingrg/words/20221220171942_words.js HTTP/1.1" 200 939447
116.230.105.139 - - [22/Dec/2022:12:38:56 +0800] "POST /xingrg/kc/buy/cgsh_order_operate.html HTTP/1.1" 200 8245
116.230.105.139 - - [22/Dec/2022:12:38:56 +0800] "GET /xingrg/all/common/auto_word.html?type=employee&rest_code=00101 HTTP/1.1" 200 977
116.230.105.139 - - [22/Dec/2022:12:38:56 +0800] "GET /xingrg/all/common/auto_word.html?type=employee&rest_code=00101 HTTP/1.1" 200 977
116.230.105.139 - - [22/Dec/2022:12:38:56 +0800] "GET /xingrg/javascript/easyui/themes/default/validatebox.css HTTP/1.1" 404 1104
114.84.171.241 - - [22/Dec/2022:12:38:57 +0800] "GET /xingrg/all/function/internal_message.html?_=1671683950678&CODE_STATE=getMsg HTTP/1.1" 200 27
114.84.171.241 - - [22/Dec/2022:12:38:57 +0800] "GET /xingrg/check_reg.html?_=1671683950682 HTTP/1.1" 200 22
116.230.105.139 - - [22/Dec/2022:12:38:57 +0800] "GET /xingrg/javascript/auto/indicator.gif HTTP/1.1" 404 1066
116.230.105.139 - - [22/Dec/2022:12:38:58 +0800] "GET /xingrg/javascript/easyui/plugins/jquery.draggable.js HTTP/1.1" 304 -
116.230.105.139 - - [22/Dec/2022:12:38:58 +0800] "GET /xingrg/css/images/panel_loading.gif HTTP/1.1" 304 -
116.230.105.139 - - [22/Dec/2022:12:38:58 +0800] "GET /xingrg/javascript/easyui/plugins/jquery.droppable.js HTTP/1.1" 304 -
116.230.105.139 - - [22/Dec/2022:12:38:58 +0800] "GET /xingrg/javascript/easyui/themes/default/tree.css HTTP/1.1" 404 1090
116.230.105.139 - - [22/Dec/2022:12:38:58 +0800] "GET /xingrg/javascript/easyui/plugins/jquery.tree.js HTTP/1.1" 304 -
116.230.105.139 - - [22/Dec/2022:12:38:58 +0800] "POST /xingrg/all/common/load_tree.html?tree=supplier_tree_json&isDelete=1 HTTP/1.1" 200 70864
180.165.52.19 - - [22/Dec/2022:12:38:58 +0800] "GET /xingrg/kc/buy/cgsh_order_operate.html?command=get_materiel&rest_code=00108&code=00102009859&supplier_code=00100384&order_time=2022-12-22 HTTP/1.1" 200 412
116.230.105.139 - - [22/Dec/2022:12:38:59 +0800] "GET /xingrg/javascript/easyui/themes/default/images/tree_arrows.gif HTTP/1.1" 304 -
116.230.105.139 - - [22/Dec/2022:12:38:59 +0800] "GET /xingrg/javascript/easyui/themes/default/images/tree_folder_open.gif HTTP/1.1" 304 -
116.230.105.139 - - [22/Dec/2022:12:38:59 +0800] "GET /xingrg/javascript/easyui/themes/default/images/tree_folder.gif HTTP/1.1" 304 -
116.230.105.139 - - [22/Dec/2022:12:38:59 +0800] "GET /xingrg/javascript/easyui/themes/default/images/tree_file.gif HTTP/1.1" 304 -
116.230.105.139 - - [22/Dec/2022:12:39:01 +0800] "GET /xingrg/all/function/internal_message.html?_=1671683934265&CODE_STATE=getMsg HTTP/1.1" 200 27
116.238.139.35 - - [22/Dec/2022:12:39:03 +0800] "GET /xingrg/all/function/internal_message.html?_=1671683960195&CODE_STATE=getMsg HTTP/1.1" 200 27
116.192.124.172 - - [22/Dec/2022:12:39:03 +0800] "GET /xingrg/check_reg.html?_=1671683958473 HTTP/1.1" 200 22
116.192.124.172 - - [22/Dec/2022:12:39:07 +0800] "GET /xingrg/all/function/internal_message.html?_=1671683961932&CODE_STATE=getMsg HTTP/1.1" 200 27
114.84.38.109 - - [22/Dec/2022:12:39:10 +0800] "GET /xingrg/all/function/internal_message.html?_=1671683979174&CODE_STATE=getMsg HTTP/1.1" 200 27
116.230.105.139 - - [22/Dec/2022:12:39:10 +0800] "POST /xingrg/all/common/load_combo.html?type=employee HTTP/1.1" 200 1752
120.253.135.82 - - [22/Dec/2022:12:39:13 +0800] "GET /xingrg/all/function/internal_message.html?_=1671683775182&CODE_STATE=getMsg HTTP/1.1" 200 27
180.165.52.19 - - [22/Dec/2022:12:39:21 +0800] "GET /xingrg/kc/buy/cgsh_order_operate.html?command=get_materiel&rest_code=00108&code=00102011267&supplier_code=00100384&order_time=2022-12-22 HTTP/1.1" 200 403
116.230.105.139 - - [22/Dec/2022:12:39:37 +0800] "POST /xingrg/all/common/load_combo.html?type=employee HTTP/1.1" 200 1752
180.169.147.146 - - [22/Dec/2022:12:39:45 +0800] "GET /xingrg/check_reg.html?_=1671683999819 HTTP/1.1" 200 22
180.169.147.146 - - [22/Dec/2022:12:39:45 +0800] "GET /xingrg/all/function/internal_message.html?_=1671683999821&CODE_STATE=getMsg HTTP/1.1" 200 27
180.165.52.19 - - [22/Dec/2022:12:39:45 +0800] "GET /xingrg/kc/buy/cgsh_order_operate.html?command=get_materiel&rest_code=00108&code=00102010789&supplier_code=00100384&order_time=2022-12-22 HTTP/1.1" 200 408
116.230.105.139 - - [22/Dec/2022:12:39:45 +0800] "POST /xingrg/all/user/operate.html HTTP/1.1" 200 36
116.230.105.139 - - [22/Dec/2022:12:39:45 +0800] "GET /xingrg/index.html?sysBaseUrl=http%3A%2F%2F180.169.147.146%3A18081%2Fxingrg%2F&costTime=40×tamp=1671683928289 HTTP/1.1" 200 17509
116.230.105.139 - - [22/Dec/2022:12:39:45 +0800] "GET /xingrg/javascript/jquery_easy_ui/themes/default/easyui.css HTTP/1.1" 304 -
116.230.105.139 - - [22/Dec/2022:12:39:45 +0800] "GET /xingrg/javascript/jquery_easy_ui/themes/icon.css HTTP/1.1" 304 -
116.230.105.139 - - [22/Dec/2022:12:39:45 +0800] "GET /xingrg/css/form.css HTTP/1.1" 304 -
116.230.105.139 - - [22/Dec/2022:12:39:45 +0800] "GET /xingrg/javascript/jquery-1.4.2.min.js HTTP/1.1" 304 -
116.230.105.139 - - [22/Dec/2022:12:39:45 +0800] "GET /xingrg/javascript/jquery_easy_ui/jquery.easyui.min.js HTTP/1.1" 304 -
116.230.105.139 - - [22/Dec/2022:12:39:46 +0800] "GET /xingrg/javascript/jquery_easy_ui/easyui-lang-zh_CN.js HTTP/1.1" 304 -
116.230.105.139 - - [22/Dec/2022:12:39:46 +0800] "GET /xingrg/javascript/jquery.form.js HTTP/1.1" 304 -
116.230.105.139 - - [22/Dec/2022:12:39:46 +0800] "GET /xingrg/javascript/jquery.utils.js HTTP/1.1" 304 -
116.230.105.139 - - [22/Dec/2022:12:39:46 +0800] "GET /xingrg/javascript/jquery.timers.js HTTP/1.1" 304 -
116.230.105.139 - - [22/Dec/2022:12:39:46 +0800] "GET /xingrg/images/blue/jxLogo.png HTTP/1.1" 304 -
116.230.105.139 - - [22/Dec/2022:12:39:46 +0800] "GET /xingrg/javascript/jquery_easy_ui/themes/icons/settle_new.png HTTP/1.1" 304 -
116.230.105.139 - - [22/Dec/2022:12:39:46 +0800] "GET /xingrg/images/blue/navBackgound.jpg HTTP/1.1" 304 -
116.230.105.139 - - [22/Dec/2022:12:39:46 +0800] "POST /xingrg/all/common/load_tree.html?tree=area_rest_tree_json&manage=1 HTTP/1.1" 200 3499
116.230.105.139 - - [22/Dec/2022:12:39:46 +0800] "GET /xingrg/all/function/internal_message.html?_=1671684000920&CODE_STATE=count HTTP/1.1" 200 11
116.230.105.139 - - [22/Dec/2022:12:39:46 +0800] "GET /xingrg/check_reg.html?_=1671684000921 HTTP/1.1" 200 22
116.230.105.139 - - [22/Dec/2022:12:39:46 +0800] "GET /xingrg/javascript/jquery_easy_ui/themes/default/images/tabs_rightarrow.png HTTP/1.1" 304 -
116.230.105.139 - - [22/Dec/2022:12:39:46 +0800] "GET /xingrg/javascript/jquery_easy_ui/themes/default/images/panel_tool_collapse.gif HTTP/1.1" 304 -
116.230.105.139 - - [22/Dec/2022:12:39:46 +0800] "GET /xingrg/javascript/jquery_easy_ui/themes/default/images/panel_tool_expand.gif HTTP/1.1" 304 -
116.230.105.139 - - [22/Dec/2022:12:39:46 +0800] "GET /xingrg/images/blue/pingpu.png HTTP/1.1" 304 -
116.230.105.139 - - [22/Dec/2022:12:39:46 +0800] "GET /xingrg/javascript/jquery_easy_ui/themes/default/images/tabs_leftarrow.png HTTP/1.1" 304 -
116.230.105.139 - - [22/Dec/2022:12:39:46 +0800] "POST /xingrg/load_menu.html HTTP/1.1" 200 9959
116.230.105.139 - - [22/Dec/2022:12:39:47 +0800] "GET /xingrg/kc/buy/buy_main.html HTTP/1.1" 200 12412
116.230.105.139 - - [22/Dec/2022:12:39:47 +0800] "GET /xingrg/css/new_ie.css HTTP/1.1" 404 1036
116.230.105.139 - - [22/Dec/2022:12:39:47 +0800] "GET /xingrg/images/yd/bt.gif HTTP/1.1" 404 1040
116.230.105.139 - - [22/Dec/2022:12:39:48 +0800] "GET /xingrg/kc/buy/cgsh_order_list.html HTTP/1.1" 200 54339
180.165.52.19 - - [22/Dec/2022:12:39:49 +0800] "GET /xingrg/check_reg.html?_=1671684003229 HTTP/1.1" 200 22
116.230.105.139 - - [22/Dec/2022:12:39:50 +0800] "POST /xingrg/kc/buy/cgsh_list_operate.html HTTP/1.1" 200 6154
116.230.105.139 - - [22/Dec/2022:12:39:54 +0800] "GET /xingrg/kc/buy/cgsh_order_add.html HTTP/1.1" 200 69863
116.230.105.139 - - [22/Dec/2022:12:39:54 +0800] "POST /xingrg/kc/buy/cgsh_order_operate.html HTTP/1.1" 200 8245
116.230.105.139 - - [22/Dec/2022:12:39:54 +0800] "GET /xingrg/all/common/auto_word.html?type=employee&rest_code=00147 HTTP/1.1" 200 101
116.230.105.139 - - [22/Dec/2022:12:39:54 +0800] "GET /xingrg/all/common/auto_word.html?type=employee&rest_code=00147 HTTP/1.1" 200 101
116.230.105.139 - - [22/Dec/2022:12:39:54 +0800] "GET /xingrg/javascript/easyui/themes/default/validatebox.css HTTP/1.1" 404 1104
116.230.105.139 - - [22/Dec/2022:12:39:55 +0800] "GET /xingrg/javascript/auto/indicator.gif HTTP/1.1" 404 1066
180.165.52.19 - - [22/Dec/2022:12:39:56 +0800] "GET /xingrg/kc/buy/cgsh_order_operate.html?command=get_materiel&rest_code=00108&code=00102010440&supplier_code=00100384&order_time=2022-12-22 HTTP/1.1" 200 409
114.84.171.241 - - [22/Dec/2022:12:39:57 +0800] "GET /xingrg/all/function/internal_message.html?_=1671684010681&CODE_STATE=getMsg HTTP/1.1" 200 27
116.230.105.139 - - [22/Dec/2022:12:39:59 +0800] "POST /xingrg/all/common/load_combo.html?type=employee HTTP/1.1" 200 186
116.230.105.139 - - [22/Dec/2022:12:40:01 +0800] "GET /xingrg/check_reg.html?_=1671683994283 HTTP/1.1" 200 22
116.230.105.139 - - [22/Dec/2022:12:40:01 +0800] "GET /xingrg/all/function/internal_message.html?_=1671683994282&CODE_STATE=getMsg HTTP/1.1" 200 27
116.230.105.139 - - [22/Dec/2022:12:40:02 +0800] "POST /xingrg/all/common/load_combo.html?type=employee HTTP/1.1" 200 186
116.238.139.35 - - [22/Dec/2022:12:40:03 +0800] "GET /xingrg/all/function/internal_message.html?_=1671684020202&CODE_STATE=getMsg HTTP/1.1" 200 27
116.192.124.172 - - [22/Dec/2022:12:40:07 +0800] "GET /xingrg/all/function/internal_message.html?_=1671684021914&CODE_STATE=getMsg HTTP/1.1" 200 27
114.84.38.109 - - [22/Dec/2022:12:40:10 +0800] "GET /xingrg/all/function/internal_message.html?_=1671684039184&CODE_STATE=getMsg HTTP/1.1" 200 27
114.84.38.109 - - [22/Dec/2022:12:40:10 +0800] "POST /xingrg/services/DataTransmitService HTTP/1.1" 200 524
114.84.38.109 - - [22/Dec/2022:12:40:11 +0800] "POST /xingrg/services/DataTransmitService HTTP/1.1" 200 501
114.84.38.109 - - [22/Dec/2022:12:40:11 +0800] "POST /xingrg/services/DataTransmitService HTTP/1.1" 200 501
114.84.38.109 - - [22/Dec/2022:12:40:12 +0800] "POST /xingrg/services/DataTransmitService HTTP/1.1" 200 501
114.84.38.109 - - [22/Dec/2022:12:40:12 +0800] "POST /xingrg/services/DataTransmitService HTTP/1.1" 200 501
114.84.38.109 - - [22/Dec/2022:12:40:12 +0800] "POST /xingrg/services/DataTransmitService HTTP/1.1" 200 501
114.84.38.109 - - [22/Dec/2022:12:40:12 +0800] "POST /xingrg/services/DataTransmitService HTTP/1.1" 200 501
114.84.38.109 - - [22/Dec/2022:12:40:12 +0800] "POST /xingrg/services/DataTransmitService HTTP/1.1" 200 412
120.253.135.82 - - [22/Dec/2022:12:40:13 +0800] "GET /xingrg/all/function/internal_message.html?_=1671683835196&CODE_STATE=getMsg HTTP/1.1" 200 27
180.169.147.146 - - [22/Dec/2022:12:40:45 +0800] "GET /xingrg/all/function/internal_message.html?_=1671684059820&CODE_STATE=getMsg HTTP/1.1" 200 27
116.230.105.139 - - [22/Dec/2022:12:40:46 +0800] "GET /xingrg/all/function/internal_message.html?_=1671684060932&CODE_STATE=getMsg HTTP/1.1" 200 27
116.230.105.139 - - [22/Dec/2022:12:40:48 +0800] "GET /xingrg/kc/buy/cgsh_order_operate.html?command=get_materiel&rest_code=00147&code=00101023016&supplier_code=00100508&order_time=2022-12-22 HTTP/1.1" 200 429
114.84.171.241 - - [22/Dec/2022:12:40:57 +0800] "GET /xingrg/all/function/internal_message.html?_=1671684070707&CODE_STATE=getMsg HTTP/1.1" 200 27
116.230.105.139 - - [22/Dec/2022:12:41:01 +0800] "GET /xingrg/all/function/internal_message.html?_=1671684054276&CODE_STATE=getMsg HTTP/1.1" 200 27
116.238.139.35 - - [22/Dec/2022:12:41:03 +0800] "GET /xingrg/all/function/internal_message.html?_=1671684080195&CODE_STATE=getMsg HTTP/1.1" 200 27
116.230.105.139 - - [22/Dec/2022:12:41:04 +0800] "GET /xingrg/kc/buy/cgsh_order_operate.html?command=get_materiel&rest_code=00147&code=00101034086&supplier_code=00100508&order_time=2022-12-22 HTTP/1.1" 200 445
116.192.124.172 - - [22/Dec/2022:12:41:07 +0800] "GET /xingrg/all/function/internal_message.html?_=1671684081889&CODE_STATE=getMsg HTTP/1.1" 200 27
114.84.38.109 - - [22/Dec/2022:12:41:10 +0800] "GET /xingrg/all/function/internal_message.html?_=1671684099365&CODE_STATE=getMsg HTTP/1.1" 200 27
120.253.135.82 - - [22/Dec/2022:12:41:13 +0800] "GET /xingrg/all/function/internal_message.html?_=1671683895261&CODE_STATE=getMsg HTTP/1.1" 200 27
116.230.105.139 - - [22/Dec/2022:12:41:23 +0800] "GET /xingrg/kc/buy/cgsh_order_operate.html?command=get_materiel&rest_code=00147&code=00101034085&supplier_code=00100508&order_time=2022-12-22 HTTP/1.1" 200 439
116.230.105.139 - - [22/Dec/2022:12:41:31 +0800] "POST /xingrg/kc/buy/cgsh_order_operate.html HTTP/1.1" 200 37
116.230.105.139 - - [22/Dec/2022:12:41:35 +0800] "POST /xingrg/kc/buy/cgsh_order_operate.html HTTP/1.1" 200 12
116.230.105.139 - - [22/Dec/2022:12:41:36 +0800] "GET /xingrg/kc/buy/cgsh_order_info.html?code=212022122205320 HTTP/1.1" 200 65022
116.230.105.139 - - [22/Dec/2022:12:41:36 +0800] "GET /xingrg/javascript/easyui/themes/default/validatebox.css HTTP/1.1" 404 1104
116.230.105.139 - - [22/Dec/2022:12:41:37 +0800] "POST /xingrg/kc/buy/cgsh_order_operate.html HTTP/1.1" 200 1261
58.221.95.50 - - [22/Dec/2022:12:41:40 +0800] "GET /xingrg/check_reg.html?_=1671684115662 HTTP/1.1" 302 -
180.169.147.146 - - [22/Dec/2022:12:41:45 +0800] "GET /xingrg/all/function/internal_message.html?_=1671684119821&CODE_STATE=getMsg HTTP/1.1" 200 27
116.230.105.139 - - [22/Dec/2022:12:41:46 +0800] "GET /xingrg/all/function/internal_message.html?_=1671684120934&CODE_STATE=getMsg HTTP/1.1" 200 27
114.84.38.109 - - [22/Dec/2022:12:41:46 +0800] "GET /xingrg/check_reg.html?_=1671684135437 HTTP/1.1" 200 22
114.84.171.241 - - [22/Dec/2022:12:41:57 +0800] "GET /xingrg/all/function/internal_message.html?_=1671684130705&CODE_STATE=getMsg HTTP/1.1" 200 27
116.230.105.139 - - [22/Dec/2022:12:42:01 +0800] "GET /xingrg/all/function/internal_message.html?_=1671684114277&CODE_STATE=getMsg HTTP/1.1" 200 27
61.170.235.113 - - [22/Dec/2022:12:42:01 +0800] "POST /xingrg/services/DataTransmitService HTTP/1.1" 200 524
116.238.139.35 - - [22/Dec/2022:12:42:03 +0800] "GET /xingrg/all/function/internal_message.html?_=1671684140205&CODE_STATE=getMsg HTTP/1.1" 200 27
116.192.124.172 - - [22/Dec/2022:12:42:07 +0800] "GET /xingrg/all/function/internal_message.html?_=1671684141882&CODE_STATE=getMsg HTTP/1.1" 200 27
114.84.38.109 - - [22/Dec/2022:12:42:10 +0800] "GET /xingrg/all/function/internal_message.html?_=1671684159368&CODE_STATE=getMsg HTTP/1.1" 200 27
120.253.135.82 - - [22/Dec/2022:12:42:13 +0800] "GET /xingrg/all/function/internal_message.html?_=1671683955270&CODE_STATE=getMsg HTTP/1.1" 200 27
180.169.147.146 - - [22/Dec/2022:12:42:45 +0800] "GET /xingrg/all/function/internal_message.html?_=1671684179821&CODE_STATE=getMsg HTTP/1.1" 200 27
116.230.105.139 - - [22/Dec/2022:12:42:46 +0800] "GET /xingrg/all/function/internal_message.html?_=1671684180930&CODE_STATE=getMsg HTTP/1.1" 200 27
114.84.171.241 - - [22/Dec/2022:12:42:57 +0800] "GET /xingrg/all/function/internal_message.html?_=1671684190703&CODE_STATE=getMsg HTTP/1.1" 200 27
116.230.105.139 - - [22/Dec/2022:12:43:01 +0800] "GET /xingrg/all/function/internal_message.html?_=1671684174274&CODE_STATE=getMsg HTTP/1.1" 200 27
116.238.139.35 - - [22/Dec/2022:12:43:03 +0800] "GET /xingrg/check_reg.html?_=1671684200205 HTTP/1.1" 200 22
116.238.139.35 - - [22/Dec/2022:12:43:03 +0800] "GET /xingrg/all/function/internal_message.html?_=1671684200207&CODE_STATE=getMsg HTTP/1.1" 200 27
180.165.52.19 - - [22/Dec/2022:12:43:07 +0800] "POST /xingrg/kc/buy/cgsh_order_operate.html HTTP/1.1" 200 37
180.165.52.19 - - [22/Dec/2022:12:43:09 +0800] "POST /xingrg/kc/buy/cgsh_order_operate.html HTTP/1.1" 200 11012
114.84.38.109 - - [22/Dec/2022:12:43:10 +0800] "GET /xingrg/all/function/internal_message.html?_=1671684219381&CODE_STATE=getMsg HTTP/1.1" 200 27
120.253.135.82 - - [22/Dec/2022:12:43:11 +0800] "GET /xingrg/check_reg.html?_=1671684013423 HTTP/1.1" 200 22
120.253.135.82 - - [22/Dec/2022:12:43:13 +0800] "GET /xingrg/all/function/internal_message.html?_=1671684015283&CODE_STATE=getMsg HTTP/1.1" 200 27
116.192.124.172 - - [22/Dec/2022:12:43:34 +0800] "GET /xingrg/all/function/internal_message.html?_=1671684228956&CODE_STATE=getMsg HTTP/1.1" 200 27
114.88.159.190 - - [22/Dec/2022:12:43:34 +0800] "GET /xingrg/check_reg.html?_=1671683817580 HTTP/1.1" 200 22
180.169.147.146 - - [22/Dec/2022:12:43:45 +0800] "GET /xingrg/all/function/internal_message.html?_=1671684239822&CODE_STATE=getMsg HTTP/1.1" 200 27
116.230.105.139 - - [22/Dec/2022:12:43:46 +0800] "GET /xingrg/all/function/internal_message.html?_=1671684240938&CODE_STATE=getMsg HTTP/1.1" 200 27
114.84.171.241 - - [22/Dec/2022:12:43:57 +0800] "GET /xingrg/all/function/internal_message.html?_=1671684250704&CODE_STATE=getMsg HTTP/1.1" 200 27
114.84.171.241 - - [22/Dec/2022:12:43:57 +0800] "GET /xingrg/check_reg.html?_=1671684250706 HTTP/1.1" 200 22
116.230.105.139 - - [22/Dec/2022:12:44:01 +0800] "GET /xingrg/all/function/internal_message.html?_=1671684234271&CODE_STATE=getMsg HTTP/1.1" 200 27
116.238.139.35 - - [22/Dec/2022:12:44:03 +0800] "GET /xingrg/all/function/internal_message.html?_=1671684260201&CODE_STATE=getMsg HTTP/1.1" 200 27
116.192.124.172 - - [22/Dec/2022:12:44:03 +0800] "GET /xingrg/check_reg.html?_=1671684258468 HTTP/1.1" 200 22
114.84.38.109 - - [22/Dec/2022:12:44:10 +0800] "GET /xingrg/all/function/internal_message.html?_=1671684279614&CODE_STATE=getMsg HTTP/1.1" 200 27
120.253.135.82 - - [22/Dec/2022:12:44:13 +0800] "GET /xingrg/all/function/internal_message.html?_=1671684075298&CODE_STATE=getMsg HTTP/1.1" 200 27
116.192.124.172 - - [22/Dec/2022:12:44:34 +0800] "GET /xingrg/all/function/internal_message.html?_=1671684288937&CODE_STATE=getMsg HTTP/1.1" 200 27
180.169.147.146 - - [22/Dec/2022:12:44:45 +0800] "GET /xingrg/check_reg.html?_=1671684299824 HTTP/1.1" 200 22
180.169.147.146 - - [22/Dec/2022:12:44:45 +0800] "GET /xingrg/all/function/internal_message.html?_=1671684299825&CODE_STATE=getMsg HTTP/1.1" 200 27
116.230.105.139 - - [22/Dec/2022:12:44:46 +0800] "GET /xingrg/check_reg.html?_=1671684300930 HTTP/1.1" 200 22
116.230.105.139 - - [22/Dec/2022:12:44:46 +0800] "GET /xingrg/all/function/internal_message.html?_=1671684300932&CODE_STATE=getMsg HTTP/1.1" 200 27
180.165.52.19 - - [22/Dec/2022:12:44:49 +0800] "GET /xingrg/check_reg.html?_=1671684303222 HTTP/1.1" 200 22
114.84.171.241 - - [22/Dec/2022:12:44:57 +0800] "GET /xingrg/all/function/internal_message.html?_=1671684310706&CODE_STATE=getMsg HTTP/1.1" 200 27
116.230.105.139 - - [22/Dec/2022:12:45:01 +0800] "GET /xingrg/all/function/internal_message.html?_=1671684294272&CODE_STATE=getMsg HTTP/1.1" 200 27
116.230.105.139 - - [22/Dec/2022:12:45:01 +0800] "GET /xingrg/check_reg.html?_=1671684294276 HTTP/1.1" 200 22
116.238.139.35 - - [22/Dec/2022:12:45:03 +0800] "GET /xingrg/all/function/internal_message.html?_=1671684320206&CODE_STATE=getMsg HTTP/1.1" 200 27
114.84.38.109 - - [22/Dec/2022:12:45:10 +0800] "GET /xingrg/all/function/internal_message.html?_=1671684339627&CODE_STATE=getMsg HTTP/1.1" 200 27
120.253.135.82 - - [22/Dec/2022:12:45:13 +0800] "GET /xingrg/all/function/internal_message.html?_=1671684135310&CODE_STATE=getMsg HTTP/1.1" 200 27
116.192.124.172 - - [22/Dec/2022:12:45:34 +0800] "GET /xingrg/all/function/internal_message.html?_=1671684348915&CODE_STATE=getMsg HTTP/1.1" 200 27
180.169.147.146 - - [22/Dec/2022:12:45:45 +0800] "GET /xingrg/all/function/internal_message.html?_=1671684359819&CODE_STATE=getMsg HTTP/1.1" 200 27
116.230.105.139 - - [22/Dec/2022:12:45:46 +0800] "GET /xingrg/all/function/internal_message.html?_=1671684360942&CODE_STATE=getMsg HTTP/1.1" 200 27
114.84.171.241 - - [22/Dec/2022:12:45:57 +0800] "GET /xingrg/all/function/internal_message.html?_=1671684370707&CODE_STATE=getMsg HTTP/1.1" 200 27
116.230.105.139 - - [22/Dec/2022:12:46:01 +0800] "GET /xingrg/all/function/internal_message.html?_=1671684354265&CODE_STATE=getMsg HTTP/1.1" 200 27
116.238.139.35 - - [22/Dec/2022:12:46:03 +0800] "GET /xingrg/all/function/internal_message.html?_=1671684380205&CODE_STATE=getMsg HTTP/1.1" 200 27
114.84.38.109 - - [22/Dec/2022:12:46:10 +0800] "GET /xingrg/all/function/internal_message.html?_=1671684399821&CODE_STATE=getMsg HTTP/1.1" 200 27
120.253.135.82 - - [22/Dec/2022:12:46:13 +0800] "GET /xingrg/all/function/internal_message.html?_=1671684195383&CODE_STATE=getMsg HTTP/1.1" 200 27
116.192.124.172 - - [22/Dec/2022:12:46:33 +0800] "GET /xingrg/all/function/internal_message.html?_=1671684408888&CODE_STATE=getMsg HTTP/1.1" 200 27
58.221.95.50 - - [22/Dec/2022:12:46:40 +0800] "GET /xingrg/check_reg.html?_=1671684415652 HTTP/1.1" 302 -
180.169.147.146 - - [22/Dec/2022:12:46:45 +0800] "GET /xingrg/all/function/internal_message.html?_=1671684419831&CODE_STATE=getMsg HTTP/1.1" 200 27
116.230.105.139 - - [22/Dec/2022:12:46:46 +0800] "GET /xingrg/all/function/internal_message.html?_=1671684420932&CODE_STATE=getMsg HTTP/1.1" 200 27
114.84.38.109 - - [22/Dec/2022:12:46:46 +0800] "GET /xingrg/check_reg.html?_=1671684435453 HTTP/1.1" 200 22
114.84.171.241 - - [22/Dec/2022:12:46:57 +0800] "GET /xingrg/all/function/internal_message.html?_=1671684430710&CODE_STATE=getMsg HTTP/1.1" 200 27
116.230.105.139 - - [22/Dec/2022:12:47:01 +0800] "GET /xingrg/all/function/internal_message.html?_=1671684414279&CODE_STATE=getMsg HTTP/1.1" 200 27
116.238.139.35 - - [22/Dec/2022:12:47:03 +0800] "GET /xingrg/all/function/internal_message.html?_=1671684440208&CODE_STATE=getMsg HTTP/1.1" 200 27
114.84.38.109 - - [22/Dec/2022:12:47:10 +0800] "GET /xingrg/all/function/internal_message.html?_=1671684459825&CODE_STATE=getMsg HTTP/1.1" 200 27
120.253.135.82 - - [22/Dec/2022:12:47:13 +0800] "GET /xingrg/all/function/internal_message.html?_=1671684255402&CODE_STATE=getMsg HTTP/1.1" 200 27
116.192.124.172 - - [22/Dec/2022:12:47:33 +0800] "GET /xingrg/all/function/internal_message.html?_=1671684468871&CODE_STATE=getMsg HTTP/1.1" 200 27
180.169.147.146 - - [22/Dec/2022:12:47:45 +0800] "GET /xingrg/all/function/internal_message.html?_=1671684479829&CODE_STATE=getMsg HTTP/1.1" 200 27
116.230.105.139 - - [22/Dec/2022:12:47:46 +0800] "GET /xingrg/all/function/internal_message.html?_=1671684480943&CODE_STATE=getMsg HTTP/1.1" 200 27
114.84.171.241 - - [22/Dec/2022:12:47:57 +0800] "GET /xingrg/all/function/internal_message.html?_=1671684490709&CODE_STATE=getMsg HTTP/1.1" 200 27
116.230.105.139 - - [22/Dec/2022:12:48:01 +0800] "GET /xingrg/all/function/internal_message.html?_=1671684474268&CODE_STATE=getMsg HTTP/1.1" 200 27
116.238.139.35 - - [22/Dec/2022:12:48:03 +0800] "GET /xingrg/check_reg.html?_=1671684500210 HTTP/1.1" 200 22
116.238.139.35 - - [22/Dec/2022:12:48:03 +0800] "GET /xingrg/all/function/internal_message.html?_=1671684500213&CODE_STATE=getMsg HTTP/1.1" 200 27
114.84.38.109 - - [22/Dec/2022:12:48:10 +0800] "GET /xingrg/all/function/internal_message.html?_=1671684519839&CODE_STATE=getMsg HTTP/1.1" 200 27
120.253.135.82 - - [22/Dec/2022:12:48:11 +0800] "GET /xingrg/check_reg.html?_=1671684313484 HTTP/1.1" 200 22
120.253.135.82 - - [22/Dec/2022:12:48:13 +0800] "GET /xingrg/all/function/internal_message.html?_=1671684315413&CODE_STATE=getMsg HTTP/1.1" 200 27
116.192.124.172 - - [22/Dec/2022:12:48:33 +0800] "GET /xingrg/all/function/internal_message.html?_=1671684528844&CODE_STATE=getMsg HTTP/1.1" 200 27
114.88.159.190 - - [22/Dec/2022:12:48:34 +0800] "GET /xingrg/check_reg.html?_=1671684117558 HTTP/1.1" 200 22
180.169.147.146 - - [22/Dec/2022:12:48:45 +0800] "GET /xingrg/all/function/internal_message.html?_=1671684539818&CODE_STATE=getMsg HTTP/1.1" 200 27
116.230.105.139 - - [22/Dec/2022:12:48:46 +0800] "GET /xingrg/all/function/internal_message.html?_=1671684540945&CODE_STATE=getMsg HTTP/1.1" 200 27
114.84.171.241 - - [22/Dec/2022:12:48:57 +0800] "GET /xingrg/check_reg.html?_=1671684550712 HTTP/1.1" 200 22
114.84.171.241 - - [22/Dec/2022:12:48:57 +0800] "GET /xingrg/all/function/internal_message.html?_=1671684550714&CODE_STATE=getMsg HTTP/1.1" 200 27
116.230.105.139 - - [22/Dec/2022:12:49:01 +0800] "GET /xingrg/all/function/internal_message.html?_=1671684534266&CODE_STATE=getMsg HTTP/1.1" 200 27
116.238.139.35 - - [22/Dec/2022:12:49:03 +0800] "GET /xingrg/all/function/internal_message.html?_=1671684560206&CODE_STATE=getMsg HTTP/1.1" 200 27
116.192.124.172 - - [22/Dec/2022:12:49:03 +0800] "GET /xingrg/check_reg.html?_=1671684558467 HTTP/1.1" 200 22
114.84.38.109 - - [22/Dec/2022:12:49:10 +0800] "GET /xingrg/all/function/internal_message.html?_=1671684580054&CODE_STATE=getMsg HTTP/1.1" 200 27
120.253.135.82 - - [22/Dec/2022:12:49:13 +0800] "GET /xingrg/all/function/internal_message.html?_=1671684375427&CODE_STATE=getMsg HTTP/1.1" 200 27
116.192.124.172 - - [22/Dec/2022:12:49:33 +0800] "GET /xingrg/all/function/internal_message.html?_=1671684588833&CODE_STATE=getMsg HTTP/1.1" 200 27
180.169.147.146 - - [22/Dec/2022:12:49:45 +0800] "GET /xingrg/all/function/internal_message.html?_=1671684599826&CODE_STATE=getMsg HTTP/1.1" 200 27
180.169.147.146 - - [22/Dec/2022:12:49:45 +0800] "GET /xingrg/check_reg.html?_=1671684599828 HTTP/1.1" 200 22
116.230.105.139 - - [22/Dec/2022:12:49:46 +0800] "GET /xingrg/check_reg.html?_=1671684600933 HTTP/1.1" 200 22
116.230.105.139 - - [22/Dec/2022:12:49:46 +0800] "GET /xingrg/all/function/internal_message.html?_=1671684600936&CODE_STATE=getMsg HTTP/1.1" 200 27
180.165.52.19 - - [22/Dec/2022:12:49:49 +0800] "GET /xingrg/check_reg.html?_=1671684603207 HTTP/1.1" 200 22
114.84.171.241 - - [22/Dec/2022:12:49:57 +0800] "GET /xingrg/all/function/internal_message.html?_=1671684610705&CODE_STATE=getMsg HTTP/1.1" 200 27
116.230.105.139 - - [22/Dec/2022:12:50:01 +0800] "GET /xingrg/all/function/internal_message.html?_=1671684594263&CODE_STATE=getMsg HTTP/1.1" 200 27
116.230.105.139 - - [22/Dec/2022:12:50:01 +0800] "GET /xingrg/check_reg.html?_=1671684594266 HTTP/1.1" 200 22
116.238.139.35 - - [22/Dec/2022:12:50:03 +0800] "GET /xingrg/all/function/internal_message.html?_=1671684620222&CODE_STATE=getMsg HTTP/1.1" 200 27
114.84.38.109 - - [22/Dec/2022:12:50:10 +0800] "GET /xingrg/all/function/internal_message.html?_=1671684640072&CODE_STATE=getMsg HTTP/1.1" 200 27
120.253.135.82 - - [22/Dec/2022:12:50:13 +0800] "GET /xingrg/all/function/internal_message.html?_=1671684435440&CODE_STATE=getMsg HTTP/1.1" 200 27
116.192.124.172 - - [22/Dec/2022:12:50:33 +0800] "GET /xingrg/all/function/internal_message.html?_=1671684648813&CODE_STATE=getMsg HTTP/1.1" 200 27
222.70.177.10 - - [22/Dec/2022:12:50:42 +0800] "POST /xingrg/services/DataTransmitService HTTP/1.1" 200 524
222.70.177.10 - - [22/Dec/2022:12:50:43 +0800] "POST /xingrg/services/DataTransmitService HTTP/1.1" 200 2583
222.70.177.10 - - [22/Dec/2022:12:50:44 +0800] "POST /xingrg/services/DataTransmitService HTTP/1.1" 200 193748
180.169.147.146 - - [22/Dec/2022:12:50:45 +0800] "GET /xingrg/all/function/internal_message.html?_=1671684659820&CODE_STATE=getMsg HTTP/1.1" 200 27
116.230.105.139 - - [22/Dec/2022:12:50:46 +0800] "GET /xingrg/all/function/internal_message.html?_=1671684660930&CODE_STATE=getMsg HTTP/1.1" 200 27
114.84.171.241 - - [22/Dec/2022:12:50:57 +0800] "GET /xingrg/all/function/internal_message.html?_=1671684670706&CODE_STATE=getMsg HTTP/1.1" 200 27
116.230.105.139 - - [22/Dec/2022:12:51:01 +0800] "GET /xingrg/all/function/internal_message.html?_=1671684654270&CODE_STATE=getMsg HTTP/1.1" 200 27
116.238.139.35 - - [22/Dec/2022:12:51:03 +0800] "GET /xingrg/all/function/internal_message.html?_=1671684680224&CODE_STATE=getMsg HTTP/1.1" 200 27
114.84.38.109 - - [22/Dec/2022:12:51:11 +0800] "GET /xingrg/all/function/internal_message.html?_=1671684700276&CODE_STATE=getMsg HTTP/1.1" 200 27
120.253.135.82 - - [22/Dec/2022:12:51:13 +0800] "GET /xingrg/all/function/internal_message.html?_=1671684495500&CODE_STATE=getMsg HTTP/1.1" 200 27
116.192.124.172 - - [22/Dec/2022:12:51:33 +0800] "GET /xingrg/all/function/internal_message.html?_=1671684708796&CODE_STATE=getMsg HTTP/1.1" 200 27
58.221.95.50 - - [22/Dec/2022:12:51:40 +0800] "GET /xingrg/check_reg.html?_=1671684715647 HTTP/1.1" 302 -
180.169.147.146 - - [22/Dec/2022:12:51:45 +0800] "GET /xingrg/all/function/internal_message.html?_=1671684719808&CODE_STATE=getMsg HTTP/1.1" 200 27
116.230.105.139 - - [22/Dec/2022:12:51:46 +0800] "GET /xingrg/all/function/internal_message.html?_=1671684720940&CODE_STATE=getMsg HTTP/1.1" 200 27
114.84.38.109 - - [22/Dec/2022:12:51:46 +0800] "GET /xingrg/check_reg.html?_=1671684735447 HTTP/1.1" 200 22
114.84.171.241 - - [22/Dec/2022:12:51:57 +0800] "GET /xingrg/all/function/internal_message.html?_=1671684730706&CODE_STATE=getMsg HTTP/1.1" 200 27
116.230.105.139 - - [22/Dec/2022:12:52:01 +0800] "GET /xingrg/all/function/internal_message.html?_=1671684714257&CODE_STATE=getMsg HTTP/1.1" 200 27
116.238.139.35 - - [22/Dec/2022:12:52:03 +0800] "GET /xingrg/all/function/internal_message.html?_=1671684740227&CODE_STATE=getMsg HTTP/1.1" 200 27
114.84.38.109 - - [22/Dec/2022:12:52:11 +0800] "GET /xingrg/all/function/internal_message.html?_=1671684760284&CODE_STATE=getMsg HTTP/1.1" 200 27
120.253.135.82 - - [22/Dec/2022:12:52:13 +0800] "GET /xingrg/all/function/internal_message.html?_=1671684555514&CODE_STATE=getMsg HTTP/1.1" 200 27
116.192.124.172 - - [22/Dec/2022:12:52:33 +0800] "GET /xingrg/all/function/internal_message.html?_=1671684768775&CODE_STATE=getMsg HTTP/1.1" 200 27
180.169.147.146 - - [22/Dec/2022:12:52:45 +0800] "GET /xingrg/all/function/internal_message.html?_=1671684779817&CODE_STATE=getMsg HTTP/1.1" 200 27
116.230.105.139 - - [22/Dec/2022:12:52:46 +0800] "GET /xingrg/all/function/internal_message.html?_=1671684780941&CODE_STATE=getMsg HTTP/1.1" 200 27
114.84.171.241 - - [22/Dec/2022:12:52:57 +0800] "GET /xingrg/all/function/internal_message.html?_=1671684790705&CODE_STATE=getMsg HTTP/1.1" 200 27
116.230.105.139 - - [22/Dec/2022:12:53:01 +0800] "GET /xingrg/all/function/internal_message.html?_=1671684774269&CODE_STATE=getMsg HTTP/1.1" 200 27
116.238.139.35 - - [22/Dec/2022:12:53:03 +0800] "GET /xingrg/check_reg.html?_=1671684800222 HTTP/1.1" 200 22
116.238.139.35 - - [22/Dec/2022:12:53:03 +0800] "GET /xingrg/all/function/internal_message.html?_=1671684800225&CODE_STATE=getMsg HTTP/1.1" 200 27
114.84.38.109 - - [22/Dec/2022:12:53:11 +0800] "GET /xingrg/all/function/internal_message.html?_=1671684820297&CODE_STATE=getMsg HTTP/1.1" 200 27
120.253.135.82 - - [22/Dec/2022:12:53:11 +0800] "GET /xingrg/check_reg.html?_=1671684613534 HTTP/1.1" 200 22
120.253.135.82 - - [22/Dec/2022:12:53:13 +0800] "GET /xingrg/all/function/internal_message.html?_=1671684615638&CODE_STATE=getMsg HTTP/1.1" 200 27
116.192.124.172 - - [22/Dec/2022:12:53:33 +0800] "GET /xingrg/all/function/internal_message.html?_=1671684828757&CODE_STATE=getMsg HTTP/1.1" 200 27
114.88.159.190 - - [22/Dec/2022:12:53:34 +0800] "GET /xingrg/check_reg.html?_=1671684417568 HTTP/1.1" 200 22
180.169.147.146 - - [22/Dec/2022:12:53:45 +0800] "GET /xingrg/all/function/internal_message.html?_=1671684839821&CODE_STATE=getMsg HTTP/1.1" 200 27
116.230.105.139 - - [22/Dec/2022:12:53:46 +0800] "GET /xingrg/all/function/internal_message.html?_=1671684840932&CODE_STATE=getMsg HTTP/1.1" 200 27
114.84.171.241 - - [22/Dec/2022:12:53:57 +0800] "GET /xingrg/all/function/internal_message.html?_=1671684850708&CODE_STATE=getMsg HTTP/1.1" 200 27
114.84.171.241 - - [22/Dec/2022:12:53:57 +0800] "GET /xingrg/check_reg.html?_=1671684850709 HTTP/1.1" 200 22
116.230.105.139 - - [22/Dec/2022:12:54:01 +0800] "GET /xingrg/all/function/internal_message.html?_=1671684834264&CODE_STATE=getMsg HTTP/1.1" 200 27
116.238.139.35 - - [22/Dec/2022:12:54:03 +0800] "GET /xingrg/all/function/internal_message.html?_=1671684860228&CODE_STATE=getMsg HTTP/1.1" 200 27
116.192.124.172 - - [22/Dec/2022:12:54:03 +0800] "GET /xingrg/check_reg.html?_=1671684858454 HTTP/1.1" 200 22
114.84.38.109 - - [22/Dec/2022:12:54:11 +0800] "GET /xingrg/all/function/internal_message.html?_=1671684880491&CODE_STATE=getMsg HTTP/1.1" 200 27
120.253.135.82 - - [22/Dec/2022:12:54:13 +0800] "GET /xingrg/all/function/internal_message.html?_=1671684675651&CODE_STATE=getMsg HTTP/1.1" 200 27
116.192.124.172 - - [22/Dec/2022:12:54:33 +0800] "GET /xingrg/all/function/internal_message.html?_=1671684888749&CODE_STATE=getMsg HTTP/1.1" 200 27
180.169.147.146 - - [22/Dec/2022:12:54:45 +0800] "GET /xingrg/all/function/internal_message.html?_=1671684899818&CODE_STATE=getMsg HTTP/1.1" 200 27
180.169.147.146 - - [22/Dec/2022:12:54:45 +0800] "GET /xingrg/check_reg.html?_=1671684899819 HTTP/1.1" 200 22
116.230.105.139 - - [22/Dec/2022:12:54:46 +0800] "GET /xingrg/all/function/internal_message.html?_=1671684900944&CODE_STATE=getMsg HTTP/1.1" 200 27
116.230.105.139 - - [22/Dec/2022:12:54:46 +0800] "GET /xingrg/check_reg.html?_=1671684900948 HTTP/1.1" 200 22
180.165.52.19 - - [22/Dec/2022:12:54:49 +0800] "GET /xingrg/check_reg.html?_=1671684903197 HTTP/1.1" 200 22
114.84.171.241 - - [22/Dec/2022:12:54:57 +0800] "GET /xingrg/all/function/internal_message.html?_=1671684910709&CODE_STATE=getMsg HTTP/1.1" 200 27
116.230.105.139 - - [22/Dec/2022:12:55:01 +0800] "GET /xingrg/all/function/internal_message.html?_=1671684894280&CODE_STATE=getMsg HTTP/1.1" 200 27
116.230.105.139 - - [22/Dec/2022:12:55:01 +0800] "GET /xingrg/check_reg.html?_=1671684894283 HTTP/1.1" 200 22
116.238.139.35 - - [22/Dec/2022:12:55:03 +0800] "GET /xingrg/all/function/internal_message.html?_=1671684920222&CODE_STATE=getMsg HTTP/1.1" 200 27
222.64.58.181 - - [22/Dec/2022:12:55:05 +0800] "POST /xingrg/services/DataTransmitService HTTP/1.1" 200 524
114.84.38.109 - - [22/Dec/2022:12:55:11 +0800] "GET /xingrg/all/function/internal_message.html?_=1671684940496&CODE_STATE=getMsg HTTP/1.1" 200 27
120.253.135.82 - - [22/Dec/2022:12:55:13 +0800] "GET /xingrg/all/function/internal_message.html?_=1671684735664&CODE_STATE=getMsg HTTP/1.1" 200 27
116.192.124.172 - - [22/Dec/2022:12:55:33 +0800] "GET /xingrg/all/function/internal_message.html?_=1671684948725&CODE_STATE=getMsg HTTP/1.1" 200 27
180.169.147.146 - - [22/Dec/2022:12:55:45 +0800] "GET /xingrg/all/function/internal_message.html?_=1671684959820&CODE_STATE=getMsg HTTP/1.1" 200 27
116.230.105.139 - - [22/Dec/2022:12:55:46 +0800] "GET /xingrg/all/function/internal_message.html?_=1671684960934&CODE_STATE=getMsg HTTP/1.1" 200 27
114.84.171.241 - - [22/Dec/2022:12:55:57 +0800] "GET /xingrg/all/function/internal_message.html?_=1671684970710&CODE_STATE=getMsg HTTP/1.1" 200 27
116.230.105.139 - - [22/Dec/2022:12:56:01 +0800] "GET /xingrg/all/function/internal_message.html?_=1671684954286&CODE_STATE=getMsg HTTP/1.1" 200 27
116.238.139.35 - - [22/Dec/2022:12:56:03 +0800] "GET /xingrg/all/function/internal_message.html?_=1671684980226&CODE_STATE=getMsg HTTP/1.1" 200 27
114.84.38.109 - - [22/Dec/2022:12:56:11 +0800] "GET /xingrg/all/function/internal_message.html?_=1671685000724&CODE_STATE=getMsg HTTP/1.1" 200 27
120.253.135.82 - - [22/Dec/2022:12:56:13 +0800] "GET /xingrg/all/function/internal_message.html?_=1671684795723&CODE_STATE=getMsg HTTP/1.1" 200 27
116.192.124.172 - - [22/Dec/2022:12:56:33 +0800] "GET /xingrg/all/function/internal_message.html?_=1671685008710&CODE_STATE=getMsg HTTP/1.1" 200 27
58.221.95.50 - - [22/Dec/2022:12:56:40 +0800] "GET /xingrg/check_reg.html?_=1671685015641 HTTP/1.1" 302 -
180.169.147.146 - - [22/Dec/2022:12:56:45 +0800] "GET /xingrg/all/function/internal_message.html?_=1671685019809&CODE_STATE=getMsg HTTP/1.1" 200 27
116.230.105.139 - - [22/Dec/2022:12:56:46 +0800] "GET /xingrg/all/function/internal_message.html?_=1671685020941&CODE_STATE=getMsg HTTP/1.1" 200 27
114.84.38.109 - - [22/Dec/2022:12:56:46 +0800] "GET /xingrg/check_reg.html?_=1671685035454 HTTP/1.1" 200 22
114.84.171.241 - - [22/Dec/2022:12:56:57 +0800] "GET /xingrg/all/function/internal_message.html?_=1671685030711&CODE_STATE=getMsg HTTP/1.1" 200 27
116.230.105.139 - - [22/Dec/2022:12:57:01 +0800] "GET /xingrg/all/function/internal_message.html?_=1671685014265&CODE_STATE=getMsg HTTP/1.1" 200 27
116.238.139.35 - - [22/Dec/2022:12:57:03 +0800] "GET /xingrg/all/function/internal_message.html?_=1671685040217&CODE_STATE=getMsg HTTP/1.1" 200 27
114.84.38.109 - - [22/Dec/2022:12:57:11 +0800] "GET /xingrg/all/function/internal_message.html?_=1671685060725&CODE_STATE=getMsg HTTP/1.1" 200 27
120.253.135.82 - - [22/Dec/2022:12:57:13 +0800] "GET /xingrg/all/function/internal_message.html?_=1671684855723&CODE_STATE=getMsg HTTP/1.1" 200 27
116.192.124.172 - - [22/Dec/2022:12:57:33 +0800] "GET /xingrg/all/function/internal_message.html?_=1671685068686&CODE_STATE=getMsg HTTP/1.1" 200 27
180.169.147.146 - - [22/Dec/2022:12:57:45 +0800] "GET /xingrg/all/function/internal_message.html?_=1671685079816&CODE_STATE=getMsg HTTP/1.1" 200 27
116.230.105.139 - - [22/Dec/2022:12:57:46 +0800] "GET /xingrg/all/function/internal_message.html?_=1671685080935&CODE_STATE=getMsg HTTP/1.1" 200 27
114.84.171.241 - - [22/Dec/2022:12:57:57 +0800] "GET /xingrg/all/function/internal_message.html?_=1671685090709&CODE_STATE=getMsg HTTP/1.1" 200 27
116.230.105.139 - - [22/Dec/2022:12:58:01 +0800] "GET /xingrg/all/function/internal_message.html?_=1671685074276&CODE_STATE=getMsg HTTP/1.1" 200 27
116.238.139.35 - - [22/Dec/2022:12:58:03 +0800] "GET /xingrg/check_reg.html?_=1671685100220 HTTP/1.1" 200 22
116.238.139.35 - - [22/Dec/2022:12:58:03 +0800] "GET /xingrg/all/function/internal_message.html?_=1671685100215&CODE_STATE=getMsg HTTP/1.1" 200 27
114.84.38.109 - - [22/Dec/2022:12:58:11 +0800] "GET /xingrg/all/function/internal_message.html?_=1671685120739&CODE_STATE=getMsg HTTP/1.1" 200 27
120.253.135.82 - - [22/Dec/2022:12:58:11 +0800] "GET /xingrg/check_reg.html?_=1671684913595 HTTP/1.1" 200 22
120.253.135.82 - - [22/Dec/2022:12:58:13 +0800] "GET /xingrg/all/function/internal_message.html?_=1671684915737&CODE_STATE=getMsg HTTP/1.1" 200 27
180.165.52.19 - - [22/Dec/2022:12:58:26 +0800] "GET /xingrg/kc/buy/cgsh_order_operate.html?command=get_materiel&rest_code=00108&code=00102010122&supplier_code=00100384&order_time=2022-12-22 HTTP/1.1" 200 409
116.192.124.172 - - [22/Dec/2022:12:58:33 +0800] "GET /xingrg/all/function/internal_message.html?_=1671685128658&CODE_STATE=getMsg HTTP/1.1" 200 27
114.88.159.190 - - [22/Dec/2022:12:58:34 +0800] "GET /xingrg/check_reg.html?_=1671684717537 HTTP/1.1" 200 22
180.169.147.146 - - [22/Dec/2022:12:58:45 +0800] "GET /xingrg/all/function/internal_message.html?_=1671685139827&CODE_STATE=getMsg HTTP/1.1" 200 27
116.230.105.139 - - [22/Dec/2022:12:58:46 +0800] "GET /xingrg/all/function/internal_message.html?_=1671685140943&CODE_STATE=getMsg HTTP/1.1" 200 27
114.84.171.241 - - [22/Dec/2022:12:58:57 +0800] "GET /xingrg/check_reg.html?_=1671685150710 HTTP/1.1" 200 22
114.84.171.241 - - [22/Dec/2022:12:58:57 +0800] "GET /xingrg/all/function/internal_message.html?_=1671685150712&CODE_STATE=getMsg HTTP/1.1" 200 27
116.230.105.139 - - [22/Dec/2022:12:59:01 +0800] "GET /xingrg/all/function/internal_message.html?_=1671685134274&CODE_STATE=getMsg HTTP/1.1" 200 27
116.238.139.35 - - [22/Dec/2022:12:59:03 +0800] "GET /xingrg/all/function/internal_message.html?_=1671685160228&CODE_STATE=getMsg HTTP/1.1" 200 27
116.192.124.172 - - [22/Dec/2022:12:59:03 +0800] "GET /xingrg/check_reg.html?_=1671685158470 HTTP/1.1" 200 22
114.84.38.109 - - [22/Dec/2022:12:59:11 +0800] "GET /xingrg/all/function/internal_message.html?_=1671685180926&CODE_STATE=getMsg HTTP/1.1" 200 27
120.253.135.82 - - [22/Dec/2022:12:59:13 +0800] "GET /xingrg/all/function/internal_message.html?_=1671684975750&CODE_STATE=getMsg HTTP/1.1" 200 27
222.64.58.181 - - [22/Dec/2022:12:59:17 +0800] "POST /xingrg/services/DataTransmitService HTTP/1.1" 200 524
116.192.124.172 - - [22/Dec/2022:12:59:33 +0800] "GET /xingrg/all/function/internal_message.html?_=1671685188639&CODE_STATE=getMsg HTTP/1.1" 200 27
180.169.147.146 - - [22/Dec/2022:12:59:45 +0800] "GET /xingrg/check_reg.html?_=1671685199824 HTTP/1.1" 200 22
180.169.147.146 - - [22/Dec/2022:12:59:45 +0800] "GET /xingrg/all/function/internal_message.html?_=1671685199826&CODE_STATE=getMsg HTTP/1.1" 200 27
116.230.105.139 - - [22/Dec/2022:12:59:46 +0800] "GET /xingrg/all/function/internal_message.html?_=1671685200935&CODE_STATE=getMsg HTTP/1.1" 200 27
116.230.105.139 - - [22/Dec/2022:12:59:46 +0800] "GET /xingrg/check_reg.html?_=1671685200940 HTTP/1.1" 200 22
180.165.52.19 - - [22/Dec/2022:12:59:49 +0800] "GET /xingrg/check_reg.html?_=1671685203190 HTTP/1.1" 200 22
114.84.171.241 - - [22/Dec/2022:12:59:57 +0800] "GET /xingrg/all/function/internal_message.html?_=1671685210698&CODE_STATE=getMsg HTTP/1.1" 200 27
116.230.105.139 - - [22/Dec/2022:13:00:01 +0800] "GET /xingrg/all/function/internal_message.html?_=1671685194276&CODE_STATE=getMsg HTTP/1.1" 200 27
116.230.105.139 - - [22/Dec/2022:13:00:01 +0800] "GET /xingrg/check_reg.html?_=1671685194278 HTTP/1.1" 200 22
116.238.139.35 - - [22/Dec/2022:13:00:03 +0800] "GET /xingrg/all/function/internal_message.html?_=1671685220229&CODE_STATE=getMsg HTTP/1.1" 200 27
180.165.52.19 - - [22/Dec/2022:13:00:10 +0800] "POST /xingrg/kc/buy/cgsh_order_operate.html HTTP/1.1" 200 2065
114.84.38.109 - - [22/Dec/2022:13:00:11 +0800] "GET /xingrg/all/function/internal_message.html?_=1671685240937&CODE_STATE=getMsg HTTP/1.1" 200 27
120.253.135.82 - - [22/Dec/2022:13:00:13 +0800] "GET /xingrg/all/function/internal_message.html?_=1671685035764&CODE_STATE=getMsg HTTP/1.1" 200 27
116.192.124.172 - - [22/Dec/2022:13:00:33 +0800] "GET /xingrg/all/function/internal_message.html?_=1671685248616&CODE_STATE=getMsg HTTP/1.1" 200 27
180.165.52.19 - - [22/Dec/2022:13:00:41 +0800] "GET /xingrg/kc/buy/cgsh_order_operate.html?command=get_materiel&rest_code=00108&code=00102010746&supplier_code=00100384&order_time=2022-12-22 HTTP/1.1" 200 410
180.169.147.146 - - [22/Dec/2022:13:00:45 +0800] "GET /xingrg/all/function/internal_message.html?_=1671685259812&CODE_STATE=getMsg HTTP/1.1" 200 27
116.230.105.139 - - [22/Dec/2022:13:00:46 +0800] "GET /xingrg/all/function/internal_message.html?_=1671685260931&CODE_STATE=getMsg HTTP/1.1" 200 27
114.84.171.241 - - [22/Dec/2022:13:00:57 +0800] "GET /xingrg/all/function/internal_message.html?_=1671685270712&CODE_STATE=getMsg HTTP/1.1" 200 27
116.230.105.139 - - [22/Dec/2022:13:01:01 +0800] "GET /xingrg/all/function/internal_message.html?_=1671685254267&CODE_STATE=getMsg HTTP/1.1" 200 27
180.165.52.19 - - [22/Dec/2022:13:01:02 +0800] "GET /xingrg/kc/buy/cgsh_order_operate.html?command=get_materiel&rest_code=00108&code=00102010076&supplier_code=00100384&order_time=2022-12-22 HTTP/1.1" 200 422
116.238.139.35 - - [22/Dec/2022:13:01:03 +0800] "GET /xingrg/all/function/internal_message.html?_=1671685280227&CODE_STATE=getMsg HTTP/1.1" 200 27
114.84.38.109 - - [22/Dec/2022:13:01:11 +0800] "GET /xingrg/all/function/internal_message.html?_=1671685301128&CODE_STATE=getMsg HTTP/1.1" 200 27
120.253.135.82 - - [22/Dec/2022:13:01:13 +0800] "GET /xingrg/all/function/internal_message.html?_=1671685095845&CODE_STATE=getMsg HTTP/1.1" 200 27
180.165.52.19 - - [22/Dec/2022:13:01:15 +0800] "GET /xingrg/kc/buy/cgsh_order_operate.html?command=get_materiel&rest_code=00108&code=00102010410&supplier_code=00100384&order_time=2022-12-22 HTTP/1.1" 200 414
180.165.52.19 - - [22/Dec/2022:13:01:27 +0800] "GET /xingrg/kc/buy/cgsh_order_operate.html?command=get_materiel&rest_code=00108&code=00102010436&supplier_code=00100384&order_time=2022-12-22 HTTP/1.1" 200 413
180.165.52.19 - - [22/Dec/2022:13:01:30 +0800] "POST /xingrg/kc/buy/cgsh_order_operate.html HTTP/1.1" 200 2065
