114.88.159.190 - - [22/Dec/2022:11:17:30 +0800] "GET /xingrg/kc/buy/cgsh_order_operate.html?command=get_materiel&rest_code=00141&code=00101009054&supplier_code=00100007&order_time=2022-12-22 HTTP/1.1" 200 413
114.84.81.136 - - [22/Dec/2022:11:17:31 +0800] "GET /xingrg/all/function/internal_message.html?_=1671679075405&CODE_STATE=getMsg HTTP/1.1" 200 27
114.88.159.190 - - [22/Dec/2022:11:17:39 +0800] "GET /xingrg/kc/buy/cgsh_order_operate.html?command=get_materiel&rest_code=00141&code=00101008119&supplier_code=00100007&order_time=2022-12-22 HTTP/1.1" 200 412
180.169.147.146 - - [22/Dec/2022:11:17:43 +0800] "GET /xingrg/all/function/internal_message.html?_=1671679078716&CODE_STATE=getMsg HTTP/1.1" 200 27
180.165.52.19 - - [22/Dec/2022:11:17:47 +0800] "GET /xingrg/all/function/internal_message.html?_=1671679081167&CODE_STATE=getMsg HTTP/1.1" 200 27
114.88.159.190 - - [22/Dec/2022:11:17:49 +0800] "GET /xingrg/kc/buy/cgsh_order_operate.html?command=get_materiel&rest_code=00141&code=00101008223&supplier_code=00100007&order_time=2022-12-22 HTTP/1.1" 200 412
114.88.159.190 - - [22/Dec/2022:11:17:53 +0800] "GET /xingrg/all/function/internal_message.html?_=1671678677043&CODE_STATE=getMsg HTTP/1.1" 200 27
180.165.52.19 - - [22/Dec/2022:11:17:55 +0800] "GET /xingrg/kc/buy/cgsh_order_operate.html?command=get_materiel&rest_code=00108&code=00102026001&supplier_code=00100384&order_time=2022-12-22 HTTP/1.1" 200 410
114.88.159.190 - - [22/Dec/2022:11:17:56 +0800] "GET /xingrg/kc/buy/cgsh_order_operate.html?command=get_materiel&rest_code=00141&code=00101008095&supplier_code=00100007&order_time=2022-12-22 HTTP/1.1" 200 412
114.84.171.241 - - [22/Dec/2022:11:17:56 +0800] "GET /xingrg/all/function/internal_message.html?_=1671679090608&CODE_STATE=getMsg HTTP/1.1" 200 27
114.84.38.109 - - [22/Dec/2022:11:18:03 +0800] "GET /xingrg/all/function/internal_message.html?_=1671679112064&CODE_STATE=getMsg HTTP/1.1" 200 27
114.88.159.190 - - [22/Dec/2022:11:18:04 +0800] "GET /xingrg/kc/buy/cgsh_order_operate.html?command=get_materiel&rest_code=00141&code=00101008261&supplier_code=00100007&order_time=2022-12-22 HTTP/1.1" 200 408
120.253.135.82 - - [22/Dec/2022:11:18:06 +0800] "GET /xingrg/login.html HTTP/1.1" 200 7641
120.253.135.82 - - [22/Dec/2022:11:18:07 +0800] "GET /favicon.ico HTTP/1.1" 404 -
120.253.135.82 - - [22/Dec/2022:11:18:10 +0800] "POST /xingrg/login.do HTTP/1.1" 302 -
120.253.135.82 - - [22/Dec/2022:11:18:10 +0800] "GET /xingrg/index.html?sysBaseUrl=http%3A%2F%2F180.169.147.146%3A18081%2Fxingrg%2F&costTime=39×tamp=1671679090424 HTTP/1.1" 200 17173
120.253.135.82 - - [22/Dec/2022:11:18:10 +0800] "GET /xingrg/javascript/jquery_easy_ui/themes/icon.css HTTP/1.1" 304 -
120.253.135.82 - - [22/Dec/2022:11:18:10 +0800] "GET /xingrg/javascript/jquery_easy_ui/themes/default/easyui.css HTTP/1.1" 304 -
120.253.135.82 - - [22/Dec/2022:11:18:10 +0800] "GET /xingrg/css/form.css HTTP/1.1" 304 -
120.253.135.82 - - [22/Dec/2022:11:18:10 +0800] "GET /xingrg/javascript/jquery.timers.js HTTP/1.1" 304 -
120.253.135.82 - - [22/Dec/2022:11:18:10 +0800] "GET /xingrg/javascript/jquery-1.4.2.min.js HTTP/1.1" 304 -
120.253.135.82 - - [22/Dec/2022:11:18:10 +0800] "GET /xingrg/javascript/jquery_easy_ui/easyui-lang-zh_CN.js HTTP/1.1" 304 -
120.253.135.82 - - [22/Dec/2022:11:18:10 +0800] "GET /xingrg/javascript/jquery_easy_ui/jquery.easyui.min.js HTTP/1.1" 304 -
120.253.135.82 - - [22/Dec/2022:11:18:10 +0800] "GET /xingrg/javascript/jquery.form.js HTTP/1.1" 304 -
120.253.135.82 - - [22/Dec/2022:11:18:10 +0800] "GET /xingrg/javascript/jquery.utils.js HTTP/1.1" 304 -
120.253.135.82 - - [22/Dec/2022:11:18:10 +0800] "POST /xingrg/all/common/load_tree.html?tree=area_rest_tree_json&manage=1 HTTP/1.1" 200 344
120.253.135.82 - - [22/Dec/2022:11:18:10 +0800] "GET /xingrg/check_reg.html?_=1671678912734 HTTP/1.1" 200 22
120.253.135.82 - - [22/Dec/2022:11:18:10 +0800] "GET /xingrg/all/function/internal_message.html?_=1671678912733&CODE_STATE=count HTTP/1.1" 200 11
120.253.135.82 - - [22/Dec/2022:11:18:10 +0800] "POST /xingrg/load_menu.html HTTP/1.1" 200 6743
120.253.135.82 - - [22/Dec/2022:11:18:10 +0800] "GET /favicon.ico HTTP/1.1" 404 -
120.253.135.82 - - [22/Dec/2022:11:18:14 +0800] "GET /xingrg/css/blue.css HTTP/1.1" 304 -
120.253.135.82 - - [22/Dec/2022:11:18:14 +0800] "GET /xingrg/javascript/pic_change.js HTTP/1.1" 304 -
120.253.135.82 - - [22/Dec/2022:11:18:14 +0800] "GET /xingrg/dwr/util.js HTTP/1.1" 304 -
120.253.135.82 - - [22/Dec/2022:11:18:14 +0800] "GET /xingrg/kc/pszx/mdqp_order_list.html?state=10 HTTP/1.1" 200 10275
120.253.135.82 - - [22/Dec/2022:11:18:14 +0800] "GET /xingrg/javascript/Calendar.js HTTP/1.1" 304 -
120.253.135.82 - - [22/Dec/2022:11:18:14 +0800] "GET /xingrg/javascript/myfunction.js HTTP/1.1" 304 -
114.88.159.190 - - [22/Dec/2022:11:18:14 +0800] "GET /xingrg/kc/buy/cgsh_order_operate.html?command=get_materiel&rest_code=00141&code=00101008072&supplier_code=00100007&order_time=2022-12-22 HTTP/1.1" 200 408
120.253.135.82 - - [22/Dec/2022:11:18:14 +0800] "GET /xingrg/dwr/interface/AjaxReportQueryService.js HTTP/1.1" 200 13203
120.253.135.82 - - [22/Dec/2022:11:18:14 +0800] "GET /xingrg/dwr/engine.js HTTP/1.1" 200 43631
120.253.135.82 - - [22/Dec/2022:11:18:14 +0800] "GET /xingrg/dwr/interface/AjaxQqpsService.js HTTP/1.1" 200 16326
114.84.81.136 - - [22/Dec/2022:11:18:15 +0800] "GET /xingrg/kc/buy/cgsh_order_list.html HTTP/1.1" 200 54084
120.253.135.82 - - [22/Dec/2022:11:18:16 +0800] "GET /xingrg/css/base.css HTTP/1.1" 304 -
120.253.135.82 - - [22/Dec/2022:11:18:16 +0800] "GET /xingrg/css/site.css HTTP/1.1" 304 -
120.253.135.82 - - [22/Dec/2022:11:18:16 +0800] "GET /xingrg/javascript/jquery_tools/datebox.css HTTP/1.1" 304 -
120.253.135.82 - - [22/Dec/2022:11:18:16 +0800] "GET /xingrg/javascript/easyui/themes/default/easyui.css HTTP/1.1" 304 -
120.253.135.82 - - [22/Dec/2022:11:18:16 +0800] "GET /xingrg/kc/pszx/mdps_order_list.html?orderType=0 HTTP/1.1" 200 21035
120.253.135.82 - - [22/Dec/2022:11:18:16 +0800] "GET /xingrg/javascript/jquery_tools/fix.css HTTP/1.1" 304 -
120.253.135.82 - - [22/Dec/2022:11:18:16 +0800] "GET /xingrg/javascript/auto/jquery.autocomplete.css HTTP/1.1" 304 -
120.253.135.82 - - [22/Dec/2022:11:18:16 +0800] "GET /xingrg/javascript/jquery_tools/table.css HTTP/1.1" 304 -
120.253.135.82 - - [22/Dec/2022:11:18:16 +0800] "GET /xingrg/javascript/easyui/themes/icon.css HTTP/1.1" 304 -
114.84.81.136 - - [22/Dec/2022:11:18:16 +0800] "POST /xingrg/kc/buy/cgsh_list_operate.html HTTP/1.1" 200 986
120.253.135.82 - - [22/Dec/2022:11:18:16 +0800] "GET /xingrg/javascript/jquery_tools/jquery.tools.extend.js HTTP/1.1" 304 -
120.253.135.82 - - [22/Dec/2022:11:18:16 +0800] "GET /xingrg/javascript/jquery_tools/jquery.tools.hotkey.js HTTP/1.1" 304 -
120.253.135.82 - - [22/Dec/2022:11:18:16 +0800] "GET /xingrg/javascript/auto/jquery.autocomplete.js HTTP/1.1" 304 -
120.253.135.82 - - [22/Dec/2022:11:18:16 +0800] "GET /xingrg/javascript/jquery_tools/jquery.tools.table.js HTTP/1.1" 304 -
120.253.135.82 - - [22/Dec/2022:11:18:16 +0800] "GET /xingrg/javascript/jquery_tools/list_manager.js HTTP/1.1" 304 -
120.253.135.82 - - [22/Dec/2022:11:18:16 +0800] "GET /xingrg/javascript/jquery.cookie.js HTTP/1.1" 304 -
120.253.135.82 - - [22/Dec/2022:11:18:16 +0800] "GET /xingrg/javascript/jquery_tools/jquery.tools.min.js HTTP/1.1" 304 -
120.253.135.82 - - [22/Dec/2022:11:18:16 +0800] "GET /xingrg/javascript/print/LodopFuncs.js HTTP/1.1" 304 -
120.253.135.82 - - [22/Dec/2022:11:18:16 +0800] "GET /xingrg/javascript/easyui/easyloader.js HTTP/1.1" 304 -
120.253.135.82 - - [22/Dec/2022:11:18:17 +0800] "GET /xingrg/javascript/easyui/plugins/jquery.parser.js HTTP/1.1" 304 -
120.253.135.82 - - [22/Dec/2022:11:18:17 +0800] "POST /xingrg/kc/pszx/mdps_list_operate.html HTTP/1.1" 200 5015
114.84.81.136 - - [22/Dec/2022:11:18:17 +0800] "GET /xingrg/kc/base/wldb_order_list.html HTTP/1.1" 200 19107
114.84.81.136 - - [22/Dec/2022:11:18:18 +0800] "POST /xingrg/kc/base/wldb_list_operate.html HTTP/1.1" 200 928
120.253.135.82 - - [22/Dec/2022:11:18:19 +0800] "GET /xingrg/javascript/auto/indicator.gif HTTP/1.1" 404 1066
114.84.81.136 - - [22/Dec/2022:11:18:20 +0800] "GET /xingrg/kc/base/wldb_order_list.html HTTP/1.1" 200 19107
114.84.81.136 - - [22/Dec/2022:11:18:20 +0800] "POST /xingrg/kc/base/wldb_list_operate.html HTTP/1.1" 200 928
180.165.52.19 - - [22/Dec/2022:11:18:21 +0800] "POST /xingrg/kc/buy/cgsh_order_operate.html HTTP/1.1" 200 37
114.88.159.190 - - [22/Dec/2022:11:18:23 +0800] "GET /xingrg/kc/buy/cgsh_order_operate.html?command=get_materiel&rest_code=00141&code=00101008521&supplier_code=00100007&order_time=2022-12-22 HTTP/1.1" 200 409
180.165.52.19 - - [22/Dec/2022:11:18:23 +0800] "POST /xingrg/kc/buy/cgsh_order_operate.html HTTP/1.1" 200 10496
114.84.81.136 - - [22/Dec/2022:11:18:23 +0800] "GET /xingrg/kc/mdqp/qqps_order_list.html HTTP/1.1" 200 9640
114.84.81.136 - - [22/Dec/2022:11:18:23 +0800] "GET /xingrg/dwr/engine.js HTTP/1.1" 200 43631
114.84.81.136 - - [22/Dec/2022:11:18:23 +0800] "GET /xingrg/dwr/interface/AjaxQqpsService.js HTTP/1.1" 200 16326
114.84.81.136 - - [22/Dec/2022:11:18:23 +0800] "GET /xingrg/dwr/interface/AjaxReportQueryService.js HTTP/1.1" 200 13203
180.165.52.19 - - [22/Dec/2022:11:18:24 +0800] "GET /xingrg/kc/print/load_config.html?kc_code=cgsh HTTP/1.1" 200 1943
180.165.52.19 - - [22/Dec/2022:11:18:24 +0800] "GET /xingrg/kc/print/load_data.html?order_code=212022122205304&kc_code=cgsh&condition= HTTP/1.1" 200 3725
114.84.81.136 - - [22/Dec/2022:11:18:26 +0800] "GET /xingrg/kc/mdqp/pssh_order_list.html HTTP/1.1" 200 17847
114.84.81.136 - - [22/Dec/2022:11:18:26 +0800] "POST /xingrg/kc/mdqp/pssh_list_operate.html HTTP/1.1" 200 5469
120.253.135.82 - - [22/Dec/2022:11:18:26 +0800] "POST /xingrg/kc/pszx/mdps_list_operate.html HTTP/1.1" 200 1692
120.253.135.82 - - [22/Dec/2022:11:18:28 +0800] "POST /xingrg/kc/pszx/mdps_list_operate.html HTTP/1.1" 200 213
114.84.81.136 - - [22/Dec/2022:11:18:28 +0800] "POST /xingrg/kc/mdqp/pssh_list_operate.html HTTP/1.1" 200 814
116.238.139.35 - - [22/Dec/2022:11:18:28 +0800] "GET /xingrg/all/function/internal_message.html?_=1671679126159&CODE_STATE=getMsg HTTP/1.1" 200 27
120.253.135.82 - - [22/Dec/2022:11:18:30 +0800] "GET /xingrg/kc/pszx/mdps_order_add.html HTTP/1.1" 200 29104
120.253.135.82 - - [22/Dec/2022:11:18:30 +0800] "GET /xingrg/javascript/jquery_tools/order_manager.js HTTP/1.1" 304 -
120.253.135.82 - - [22/Dec/2022:11:18:30 +0800] "GET /xingrg/javascript/json2.js HTTP/1.1" 304 -
120.253.135.82 - - [22/Dec/2022:11:18:30 +0800] "GET /xingrg/javascript/convert.js HTTP/1.1" 304 -
120.253.135.82 - - [22/Dec/2022:11:18:30 +0800] "GET /xingrg/javascript/print/kc_print.js HTTP/1.1" 304 -
120.253.135.82 - - [22/Dec/2022:11:18:30 +0800] "GET /xingrg/words/20221220171942_words.js HTTP/1.1" 304 -
120.253.135.82 - - [22/Dec/2022:11:18:30 +0800] "POST /xingrg/kc/pszx/mdps_order_operate.html HTTP/1.1" 200 7126
120.253.135.82 - - [22/Dec/2022:11:18:30 +0800] "GET /xingrg/all/common/auto_word.html?type=base&rest_code=00101 HTTP/1.1" 200 671
120.253.135.82 - - [22/Dec/2022:11:18:30 +0800] "GET /xingrg/javascript/easyui/themes/default/validatebox.css HTTP/1.1" 404 1104
120.253.135.82 - - [22/Dec/2022:11:18:30 +0800] "GET /xingrg/javascript/easyui/plugins/jquery.validatebox.js HTTP/1.1" 304 -
120.253.135.82 - - [22/Dec/2022:11:18:30 +0800] "GET /xingrg/javascript/easyui/plugins/jquery.numberbox.js HTTP/1.1" 304 -
114.84.81.136 - - [22/Dec/2022:11:18:31 +0800] "GET /xingrg/all/function/internal_message.html?_=1671679135407&CODE_STATE=getMsg HTTP/1.1" 200 27
114.88.159.190 - - [22/Dec/2022:11:18:33 +0800] "GET /xingrg/kc/buy/cgsh_order_operate.html?command=get_materiel&rest_code=00141&code=00101008199&supplier_code=00100007&order_time=2022-12-22 HTTP/1.1" 200 408
180.165.52.19 - - [22/Dec/2022:11:18:34 +0800] "GET /xingrg/kc/buy/cgsh_order_add.html HTTP/1.1" 200 69896
180.165.52.19 - - [22/Dec/2022:11:18:35 +0800] "POST /xingrg/kc/buy/cgsh_order_operate.html HTTP/1.1" 200 8245
180.165.52.19 - - [22/Dec/2022:11:18:35 +0800] "GET /xingrg/javascript/easyui/themes/default/validatebox.css HTTP/1.1" 404 1104
114.88.159.190 - - [22/Dec/2022:11:18:39 +0800] "GET /xingrg/kc/buy/cgsh_order_operate.html?command=get_materiel&rest_code=00141&code=00101008370&supplier_code=00100007&order_time=2022-12-22 HTTP/1.1" 200 412
180.169.147.146 - - [22/Dec/2022:11:18:43 +0800] "GET /xingrg/all/function/internal_message.html?_=1671679138714&CODE_STATE=getMsg HTTP/1.1" 200 27
180.169.147.146 - - [22/Dec/2022:11:18:43 +0800] "GET /xingrg/check_reg.html?_=1671679138716 HTTP/1.1" 200 22
120.253.135.82 - - [22/Dec/2022:11:18:45 +0800] "POST /xingrg/all/common/load_combo.html?type=base HTTP/1.1" 200 1169
114.88.159.190 - - [22/Dec/2022:11:18:47 +0800] "GET /xingrg/kc/buy/cgsh_order_operate.html?command=get_materiel&rest_code=00141&code=00101008087&supplier_code=00100007&order_time=2022-12-22 HTTP/1.1" 200 412
180.165.52.19 - - [22/Dec/2022:11:18:47 +0800] "GET /xingrg/all/function/internal_message.html?_=1671679141161&CODE_STATE=getMsg HTTP/1.1" 200 27
114.88.159.190 - - [22/Dec/2022:11:18:53 +0800] "GET /xingrg/check_reg.html?_=1671678737036 HTTP/1.1" 200 22
114.88.159.190 - - [22/Dec/2022:11:18:53 +0800] "GET /xingrg/all/function/internal_message.html?_=1671678737037&CODE_STATE=getMsg HTTP/1.1" 200 27
114.88.159.190 - - [22/Dec/2022:11:18:56 +0800] "GET /xingrg/kc/buy/cgsh_order_operate.html?command=get_materiel&rest_code=00141&code=00101008355&supplier_code=00100007&order_time=2022-12-22 HTTP/1.1" 200 425
114.84.171.241 - - [22/Dec/2022:11:18:56 +0800] "GET /xingrg/check_reg.html?_=1671679150608 HTTP/1.1" 200 22
114.84.171.241 - - [22/Dec/2022:11:18:57 +0800] "GET /xingrg/all/function/internal_message.html?_=1671679150611&CODE_STATE=getMsg HTTP/1.1" 200 27
120.253.135.82 - - [22/Dec/2022:11:19:02 +0800] "GET /xingrg/kc/pszx/mdps_order_operate.html?command=get_materiel&pszx_code=00101&rest_code=00150&base_code=0010250&code=00102002940 HTTP/1.1" 200 445
114.84.38.109 - - [22/Dec/2022:11:19:03 +0800] "GET /xingrg/all/function/internal_message.html?_=1671679172251&CODE_STATE=getMsg HTTP/1.1" 200 27
120.253.135.82 - - [22/Dec/2022:11:19:06 +0800] "POST /xingrg/all/common/load_select.html HTTP/1.1" 200 12
120.253.135.82 - - [22/Dec/2022:11:19:09 +0800] "GET /xingrg/kc/pszx/mdps_order_operate.html?command=get_materiel_price&pszx_code=00101&rest_code=00150&base_code=0010250&code=00102002940&unit_code=00100004&order_time=2022-12-22 HTTP/1.1" 200 34
114.88.159.190 - - [22/Dec/2022:11:19:10 +0800] "GET /xingrg/kc/buy/cgsh_order_operate.html?command=get_materiel&rest_code=00141&code=00101008372&supplier_code=00100007&order_time=2022-12-22 HTTP/1.1" 200 408
120.253.135.82 - - [22/Dec/2022:11:19:10 +0800] "GET /xingrg/all/function/internal_message.html?_=1671678972739&CODE_STATE=getMsg HTTP/1.1" 200 27
180.165.52.19 - - [22/Dec/2022:11:19:16 +0800] "GET /xingrg/kc/buy/cgsh_order_operate.html?command=get_materiel&rest_code=00108&code=00102010562&supplier_code=00100212&order_time=2022-12-22 HTTP/1.1" 200 414
116.238.139.35 - - [22/Dec/2022:11:19:29 +0800] "GET /xingrg/all/function/internal_message.html?_=1671679186160&CODE_STATE=getMsg HTTP/1.1" 200 27
120.253.135.82 - - [22/Dec/2022:11:19:29 +0800] "POST /xingrg/kc/pszx/mdps_order_operate.html HTTP/1.1" 200 37
120.253.135.82 - - [22/Dec/2022:11:19:29 +0800] "GET /xingrg/kc/pszx/mdps_order_info.html?code=312022122200427 HTTP/1.1" 200 23984
120.253.135.82 - - [22/Dec/2022:11:19:30 +0800] "GET /xingrg/javascript/easyui/themes/default/validatebox.css HTTP/1.1" 404 1104
120.253.135.82 - - [22/Dec/2022:11:19:30 +0800] "POST /xingrg/kc/pszx/mdps_order_operate.html HTTP/1.1" 200 2287
114.88.159.190 - - [22/Dec/2022:11:19:33 +0800] "GET /xingrg/kc/buy/cgsh_order_operate.html?command=get_materiel&rest_code=00141&code=00101008024&supplier_code=00100007&order_time=2022-12-22 HTTP/1.1" 200 424
120.253.135.82 - - [22/Dec/2022:11:19:37 +0800] "POST /xingrg/kc/pszx/mdps_order_operate.html HTTP/1.1" 200 37
120.253.135.82 - - [22/Dec/2022:11:19:38 +0800] "GET /xingrg/kc/pszx/mdps_order_info.html?code=312022122200427 HTTP/1.1" 200 23984
120.253.135.82 - - [22/Dec/2022:11:19:38 +0800] "GET /xingrg/javascript/easyui/themes/default/validatebox.css HTTP/1.1" 404 1104
120.253.135.82 - - [22/Dec/2022:11:19:38 +0800] "POST /xingrg/kc/pszx/mdps_order_operate.html HTTP/1.1" 200 2287
180.165.52.19 - - [22/Dec/2022:11:19:41 +0800] "POST /xingrg/kc/buy/cgsh_order_operate.html HTTP/1.1" 200 37
180.165.52.19 - - [22/Dec/2022:11:19:43 +0800] "POST /xingrg/kc/buy/cgsh_order_operate.html HTTP/1.1" 200 2665
180.169.147.146 - - [22/Dec/2022:11:19:43 +0800] "GET /xingrg/all/function/internal_message.html?_=1671679198709&CODE_STATE=getMsg HTTP/1.1" 200 27
180.165.52.19 - - [22/Dec/2022:11:19:44 +0800] "GET /xingrg/kc/print/load_data.html?order_code=212022122205305&kc_code=cgsh&condition= HTTP/1.1" 200 680
114.88.159.190 - - [22/Dec/2022:11:19:47 +0800] "GET /xingrg/kc/buy/cgsh_order_operate.html?command=get_materiel&rest_code=00141&code=00101008059&supplier_code=00100007&order_time=2022-12-22 HTTP/1.1" 200 408
120.253.135.82 - - [22/Dec/2022:11:19:47 +0800] "POST /xingrg/kc/pszx/mdps_list_operate.html HTTP/1.1" 200 2072
180.165.52.19 - - [22/Dec/2022:11:19:47 +0800] "GET /xingrg/all/function/internal_message.html?_=1671679201133&CODE_STATE=getMsg HTTP/1.1" 200 27
120.253.135.82 - - [22/Dec/2022:11:19:49 +0800] "POST /xingrg/kc/pszx/mdps_list_operate.html HTTP/1.1" 200 211
180.165.52.19 - - [22/Dec/2022:11:19:49 +0800] "GET /xingrg/kc/buy/cgsh_order_add.html HTTP/1.1" 200 69896
180.165.52.19 - - [22/Dec/2022:11:19:49 +0800] "POST /xingrg/kc/buy/cgsh_order_operate.html HTTP/1.1" 200 8245
180.165.52.19 - - [22/Dec/2022:11:19:49 +0800] "GET /xingrg/javascript/easyui/themes/default/validatebox.css HTTP/1.1" 404 1104
114.88.159.190 - - [22/Dec/2022:11:19:53 +0800] "GET /xingrg/all/function/internal_message.html?_=1671678797073&CODE_STATE=getMsg HTTP/1.1" 200 27
114.88.159.190 - - [22/Dec/2022:11:19:56 +0800] "GET /xingrg/kc/buy/cgsh_order_operate.html?command=get_materiel&rest_code=00141&code=00101008005&supplier_code=00100007&order_time=2022-12-22 HTTP/1.1" 200 412
114.84.171.241 - - [22/Dec/2022:11:19:56 +0800] "GET /xingrg/all/function/internal_message.html?_=1671679210596&CODE_STATE=getMsg HTTP/1.1" 200 27
114.84.38.109 - - [22/Dec/2022:11:20:03 +0800] "GET /xingrg/all/function/internal_message.html?_=1671679232263&CODE_STATE=getMsg HTTP/1.1" 200 27
114.88.159.190 - - [22/Dec/2022:11:20:05 +0800] "GET /xingrg/kc/buy/cgsh_order_operate.html?command=get_materiel&rest_code=00141&code=00101008353&supplier_code=00100007&order_time=2022-12-22 HTTP/1.1" 200 408
120.253.135.82 - - [22/Dec/2022:11:20:10 +0800] "GET /xingrg/all/function/internal_message.html?_=1671679032751&CODE_STATE=getMsg HTTP/1.1" 200 27
114.88.159.190 - - [22/Dec/2022:11:20:14 +0800] "POST /xingrg/kc/buy/cgsh_order_operate.html HTTP/1.1" 200 37
114.88.159.190 - - [22/Dec/2022:11:20:18 +0800] "POST /xingrg/kc/buy/cgsh_order_operate.html HTTP/1.1" 200 12
114.88.159.190 - - [22/Dec/2022:11:20:19 +0800] "GET /xingrg/kc/buy/cgsh_order_info.html?code=212022122205306 HTTP/1.1" 200 64762
114.88.159.190 - - [22/Dec/2022:11:20:19 +0800] "GET /xingrg/javascript/easyui/themes/default/validatebox.css HTTP/1.1" 404 1104
114.88.159.190 - - [22/Dec/2022:11:20:20 +0800] "POST /xingrg/kc/buy/cgsh_order_operate.html HTTP/1.1" 200 11276
114.88.159.190 - - [22/Dec/2022:11:20:21 +0800] "GET /xingrg/kc/print/load_config.html?kc_code=cgsh HTTP/1.1" 200 1943
114.88.159.190 - - [22/Dec/2022:11:20:21 +0800] "GET /xingrg/kc/print/load_data.html?order_code=212022122205306&kc_code=cgsh&condition= HTTP/1.1" 200 4807
116.238.139.35 - - [22/Dec/2022:11:20:29 +0800] "GET /xingrg/all/function/internal_message.html?_=1671679246168&CODE_STATE=getMsg HTTP/1.1" 200 27
114.88.159.190 - - [22/Dec/2022:11:20:31 +0800] "GET /xingrg/kc/buy/cgsh_order_add.html HTTP/1.1" 200 69860
114.88.159.190 - - [22/Dec/2022:11:20:31 +0800] "POST /xingrg/kc/buy/cgsh_order_operate.html HTTP/1.1" 200 8245
114.88.159.190 - - [22/Dec/2022:11:20:31 +0800] "GET /xingrg/javascript/easyui/themes/default/validatebox.css HTTP/1.1" 404 1104
180.169.147.146 - - [22/Dec/2022:11:20:43 +0800] "GET /xingrg/all/function/internal_message.html?_=1671679258700&CODE_STATE=getMsg HTTP/1.1" 200 27
180.165.52.19 - - [22/Dec/2022:11:20:47 +0800] "GET /xingrg/all/function/internal_message.html?_=1671679261131&CODE_STATE=getMsg HTTP/1.1" 200 27
114.88.159.190 - - [22/Dec/2022:11:20:48 +0800] "GET /xingrg/kc/buy/cgsh_order_operate.html?command=get_materiel&rest_code=00141&code=00101010310&supplier_code=00100314&order_time=2022-12-22 HTTP/1.1" 200 423
114.88.159.190 - - [22/Dec/2022:11:20:53 +0800] "GET /xingrg/all/function/internal_message.html?_=1671678857045&CODE_STATE=getMsg HTTP/1.1" 200 27
114.84.171.241 - - [22/Dec/2022:11:20:56 +0800] "GET /xingrg/all/function/internal_message.html?_=1671679270596&CODE_STATE=getMsg HTTP/1.1" 200 27
114.88.159.190 - - [22/Dec/2022:11:21:00 +0800] "POST /xingrg/kc/buy/cgsh_order_operate.html HTTP/1.1" 200 37
114.84.38.109 - - [22/Dec/2022:11:21:03 +0800] "GET /xingrg/all/function/internal_message.html?_=1671679292470&CODE_STATE=getMsg HTTP/1.1" 200 27
114.88.159.190 - - [22/Dec/2022:11:21:05 +0800] "POST /xingrg/kc/buy/cgsh_order_operate.html HTTP/1.1" 200 12
114.88.159.190 - - [22/Dec/2022:11:21:06 +0800] "GET /xingrg/kc/buy/cgsh_order_info.html?code=212022122205307 HTTP/1.1" 200 64764
114.88.159.190 - - [22/Dec/2022:11:21:06 +0800] "GET /xingrg/javascript/easyui/themes/default/validatebox.css HTTP/1.1" 404 1104
114.88.159.190 - - [22/Dec/2022:11:21:07 +0800] "POST /xingrg/kc/buy/cgsh_order_operate.html HTTP/1.1" 200 618
114.88.159.190 - - [22/Dec/2022:11:21:08 +0800] "GET /xingrg/kc/print/load_data.html?order_code=212022122205307&kc_code=cgsh&condition= HTTP/1.1" 200 713
120.253.135.82 - - [22/Dec/2022:11:21:10 +0800] "GET /xingrg/all/function/internal_message.html?_=1671679092765&CODE_STATE=getMsg HTTP/1.1" 200 27
114.88.159.190 - - [22/Dec/2022:11:21:12 +0800] "GET /xingrg/kc/buy/cgsh_order_add.html HTTP/1.1" 200 69860
114.88.159.190 - - [22/Dec/2022:11:21:13 +0800] "POST /xingrg/kc/buy/cgsh_order_operate.html HTTP/1.1" 200 8245
114.88.159.190 - - [22/Dec/2022:11:21:13 +0800] "GET /xingrg/javascript/easyui/themes/default/validatebox.css HTTP/1.1" 404 1104
114.88.159.190 - - [22/Dec/2022:11:21:22 +0800] "GET /xingrg/kc/buy/cgsh_order_operate.html?command=get_materiel&rest_code=00141&code=00101001140&supplier_code=00100090&order_time=2022-12-22 HTTP/1.1" 200 417
116.238.139.35 - - [22/Dec/2022:11:21:29 +0800] "GET /xingrg/check_reg.html?_=1671679306170 HTTP/1.1" 200 22
116.238.139.35 - - [22/Dec/2022:11:21:29 +0800] "GET /xingrg/all/function/internal_message.html?_=1671679306174&CODE_STATE=getMsg HTTP/1.1" 200 27
114.88.159.190 - - [22/Dec/2022:11:21:34 +0800] "GET /xingrg/kc/buy/cgsh_order_operate.html?command=get_materiel&rest_code=00141&code=00101001037&supplier_code=00100090&order_time=2022-12-22 HTTP/1.1" 200 416
58.221.95.50 - - [22/Dec/2022:11:21:40 +0800] "GET /xingrg/check_reg.html?_=1671679315843 HTTP/1.1" 302 -
180.169.147.146 - - [22/Dec/2022:11:21:43 +0800] "GET /xingrg/all/function/internal_message.html?_=1671679318713&CODE_STATE=getMsg HTTP/1.1" 200 27
114.88.159.190 - - [22/Dec/2022:11:21:44 +0800] "POST /xingrg/kc/buy/cgsh_order_operate.html HTTP/1.1" 200 37
114.84.38.109 - - [22/Dec/2022:11:21:46 +0800] "GET /xingrg/check_reg.html?_=1671679335350 HTTP/1.1" 200 22
114.88.159.190 - - [22/Dec/2022:11:21:47 +0800] "POST /xingrg/kc/buy/cgsh_order_operate.html HTTP/1.1" 200 12
180.165.52.19 - - [22/Dec/2022:11:21:47 +0800] "GET /xingrg/all/function/internal_message.html?_=1671679321142&CODE_STATE=getMsg HTTP/1.1" 200 27
180.165.52.19 - - [22/Dec/2022:11:21:47 +0800] "GET /xingrg/check_reg.html?_=1671679321144 HTTP/1.1" 200 22
114.88.159.190 - - [22/Dec/2022:11:21:48 +0800] "GET /xingrg/kc/buy/cgsh_order_info.html?code=212022122205308 HTTP/1.1" 200 64766
114.88.159.190 - - [22/Dec/2022:11:21:48 +0800] "GET /xingrg/javascript/easyui/themes/default/validatebox.css HTTP/1.1" 404 1104
114.88.159.190 - - [22/Dec/2022:11:21:49 +0800] "POST /xingrg/kc/buy/cgsh_order_operate.html HTTP/1.1" 200 1214
114.88.159.190 - - [22/Dec/2022:11:21:50 +0800] "GET /xingrg/kc/print/load_data.html?order_code=212022122205308&kc_code=cgsh&condition= HTTP/1.1" 200 1017
114.88.159.190 - - [22/Dec/2022:11:21:53 +0800] "GET /xingrg/all/function/internal_message.html?_=1671678917045&CODE_STATE=getMsg HTTP/1.1" 200 27
114.88.159.190 - - [22/Dec/2022:11:21:53 +0800] "GET /xingrg/kc/buy/cgsh_order_add.html HTTP/1.1" 200 69860
180.165.52.19 - - [22/Dec/2022:11:21:53 +0800] "GET /xingrg/kc/buy/cgsh_order_operate.html?command=get_materiel&rest_code=00108&code=00102016431&supplier_code=00100212&order_time=2022-12-22 HTTP/1.1" 200 416
114.88.159.190 - - [22/Dec/2022:11:21:54 +0800] "GET /xingrg/javascript/easyui/themes/default/validatebox.css HTTP/1.1" 404 1104
114.88.159.190 - - [22/Dec/2022:11:21:54 +0800] "POST /xingrg/kc/buy/cgsh_order_operate.html HTTP/1.1" 200 8245
114.84.171.241 - - [22/Dec/2022:11:21:56 +0800] "GET /xingrg/all/function/internal_message.html?_=1671679330604&CODE_STATE=getMsg HTTP/1.1" 200 27
114.84.38.109 - - [22/Dec/2022:11:22:03 +0800] "GET /xingrg/all/function/internal_message.html?_=1671679352479&CODE_STATE=getMsg HTTP/1.1" 200 27
120.253.135.82 - - [22/Dec/2022:11:22:10 +0800] "GET /xingrg/all/function/internal_message.html?_=1671679152805&CODE_STATE=getMsg HTTP/1.1" 200 27
180.165.52.19 - - [22/Dec/2022:11:22:12 +0800] "POST /xingrg/kc/buy/cgsh_order_operate.html HTTP/1.1" 200 37
114.88.159.190 - - [22/Dec/2022:11:22:12 +0800] "GET /xingrg/kc/buy/cgsh_order_operate.html?command=get_materiel&rest_code=00141&code=00101006348&supplier_code=00100547&order_time=2022-12-22 HTTP/1.1" 200 403
180.165.52.19 - - [22/Dec/2022:11:22:13 +0800] "POST /xingrg/kc/buy/cgsh_order_operate.html HTTP/1.1" 200 2665
180.165.52.19 - - [22/Dec/2022:11:22:14 +0800] "GET /xingrg/kc/print/load_data.html?order_code=212022122205309&kc_code=cgsh&condition= HTTP/1.1" 200 665
180.165.52.19 - - [22/Dec/2022:11:22:19 +0800] "GET /xingrg/kc/buy/cgsh_order_add.html HTTP/1.1" 200 69896
180.165.52.19 - - [22/Dec/2022:11:22:19 +0800] "POST /xingrg/kc/buy/cgsh_order_operate.html HTTP/1.1" 200 8245
180.165.52.19 - - [22/Dec/2022:11:22:19 +0800] "GET /xingrg/javascript/easyui/themes/default/validatebox.css HTTP/1.1" 404 1104
114.88.159.190 - - [22/Dec/2022:11:22:26 +0800] "POST /xingrg/kc/buy/cgsh_order_operate.html HTTP/1.1" 200 37
180.165.52.19 - - [22/Dec/2022:11:22:27 +0800] "GET /xingrg/javascript/auto/indicator.gif HTTP/1.1" 404 1066
180.165.52.19 - - [22/Dec/2022:11:22:28 +0800] "GET /xingrg/javascript/jquery_tools/images/prev.gif HTTP/1.1" 404 1086
180.165.52.19 - - [22/Dec/2022:11:22:28 +0800] "GET /xingrg/javascript/jquery_tools/images/next.gif HTTP/1.1" 404 1086
116.238.139.35 - - [22/Dec/2022:11:22:29 +0800] "GET /xingrg/all/function/internal_message.html?_=1671679366162&CODE_STATE=getMsg HTTP/1.1" 200 27
114.88.159.190 - - [22/Dec/2022:11:22:31 +0800] "POST /xingrg/kc/buy/cgsh_order_operate.html HTTP/1.1" 200 12
114.88.159.190 - - [22/Dec/2022:11:22:32 +0800] "GET /xingrg/kc/buy/cgsh_order_info.html?code=212022122205310 HTTP/1.1" 200 64754
114.88.159.190 - - [22/Dec/2022:11:22:32 +0800] "GET /xingrg/javascript/easyui/themes/default/validatebox.css HTTP/1.1" 404 1104
114.88.159.190 - - [22/Dec/2022:11:22:33 +0800] "POST /xingrg/kc/buy/cgsh_order_operate.html HTTP/1.1" 200 613
114.88.159.190 - - [22/Dec/2022:11:22:34 +0800] "GET /xingrg/kc/print/load_data.html?order_code=212022122205310&kc_code=cgsh&condition= HTTP/1.1" 200 693
114.88.159.190 - - [22/Dec/2022:11:22:38 +0800] "GET /xingrg/kc/buy/cgsh_order_add.html HTTP/1.1" 200 69860
114.88.159.190 - - [22/Dec/2022:11:22:38 +0800] "POST /xingrg/kc/buy/cgsh_order_operate.html HTTP/1.1" 200 8245
114.88.159.190 - - [22/Dec/2022:11:22:38 +0800] "GET /xingrg/javascript/easyui/themes/default/validatebox.css HTTP/1.1" 404 1104
180.169.147.146 - - [22/Dec/2022:11:22:43 +0800] "GET /xingrg/all/function/internal_message.html?_=1671679378703&CODE_STATE=getMsg HTTP/1.1" 200 27
180.165.52.19 - - [22/Dec/2022:11:22:47 +0800] "GET /xingrg/all/function/internal_message.html?_=1671679381132&CODE_STATE=getMsg HTTP/1.1" 200 27
180.165.52.19 - - [22/Dec/2022:11:22:48 +0800] "GET /xingrg/kc/buy/cgsh_order_operate.html?command=get_materiel&rest_code=00108&code=00102016361&supplier_code=00100212&order_time=2022-12-22 HTTP/1.1" 200 416
114.88.159.190 - - [22/Dec/2022:11:22:53 +0800] "GET /xingrg/all/function/internal_message.html?_=1671678977050&CODE_STATE=getMsg HTTP/1.1" 200 27
114.84.171.241 - - [22/Dec/2022:11:22:56 +0800] "GET /xingrg/all/function/internal_message.html?_=1671679390603&CODE_STATE=getMsg HTTP/1.1" 200 27
114.84.38.109 - - [22/Dec/2022:11:23:03 +0800] "GET /xingrg/all/function/internal_message.html?_=1671679412491&CODE_STATE=getMsg HTTP/1.1" 200 27
114.88.159.190 - - [22/Dec/2022:11:23:06 +0800] "GET /xingrg/kc/buy/cgsh_order_operate.html?command=get_materiel&rest_code=00141&code=00101006350&supplier_code=00100547&order_time=2022-12-22 HTTP/1.1" 200 395
120.253.135.82 - - [22/Dec/2022:11:23:10 +0800] "GET /xingrg/check_reg.html?_=1671679212731 HTTP/1.1" 200 22
120.253.135.82 - - [22/Dec/2022:11:23:10 +0800] "GET /xingrg/all/function/internal_message.html?_=1671679212896&CODE_STATE=getMsg HTTP/1.1" 200 27
114.88.159.190 - - [22/Dec/2022:11:23:20 +0800] "POST /xingrg/kc/buy/cgsh_order_operate.html HTTP/1.1" 200 37
114.88.159.190 - - [22/Dec/2022:11:23:24 +0800] "POST /xingrg/kc/buy/cgsh_order_operate.html HTTP/1.1" 200 12
114.88.159.190 - - [22/Dec/2022:11:23:25 +0800] "GET /xingrg/kc/buy/cgsh_order_info.html?code=212022122205311 HTTP/1.1" 200 64754
114.88.159.190 - - [22/Dec/2022:11:23:25 +0800] "GET /xingrg/javascript/easyui/themes/default/validatebox.css HTTP/1.1" 404 1104
114.88.159.190 - - [22/Dec/2022:11:23:26 +0800] "POST /xingrg/kc/buy/cgsh_order_operate.html HTTP/1.1" 200 604
114.88.159.190 - - [22/Dec/2022:11:23:27 +0800] "GET /xingrg/kc/print/load_data.html?order_code=212022122205311&kc_code=cgsh&condition= HTTP/1.1" 200 686
116.238.139.35 - - [22/Dec/2022:11:23:29 +0800] "GET /xingrg/all/function/internal_message.html?_=1671679426164&CODE_STATE=getMsg HTTP/1.1" 200 27
180.165.52.19 - - [22/Dec/2022:11:23:29 +0800] "POST /xingrg/kc/buy/cgsh_order_operate.html HTTP/1.1" 200 37
114.88.159.190 - - [22/Dec/2022:11:23:30 +0800] "GET /xingrg/kc/buy/cgsh_order_add.html HTTP/1.1" 200 69860
114.88.159.190 - - [22/Dec/2022:11:23:31 +0800] "POST /xingrg/kc/buy/cgsh_order_operate.html HTTP/1.1" 200 8245
114.88.159.190 - - [22/Dec/2022:11:23:31 +0800] "GET /xingrg/javascript/easyui/themes/default/validatebox.css HTTP/1.1" 404 1104
180.165.52.19 - - [22/Dec/2022:11:23:31 +0800] "POST /xingrg/kc/buy/cgsh_order_operate.html HTTP/1.1" 200 2668
180.165.52.19 - - [22/Dec/2022:11:23:32 +0800] "GET /xingrg/kc/print/load_data.html?order_code=212022122205312&kc_code=cgsh&condition= HTTP/1.1" 200 683
180.165.52.19 - - [22/Dec/2022:11:23:40 +0800] "GET /xingrg/kc/buy/cgsh_order_add.html HTTP/1.1" 200 69896
180.165.52.19 - - [22/Dec/2022:11:23:40 +0800] "POST /xingrg/kc/buy/cgsh_order_operate.html HTTP/1.1" 200 8245
180.165.52.19 - - [22/Dec/2022:11:23:40 +0800] "GET /xingrg/javascript/easyui/themes/default/validatebox.css HTTP/1.1" 404 1104
114.88.159.190 - - [22/Dec/2022:11:23:41 +0800] "GET /xingrg/kc/buy/cgsh_order_operate.html?command=get_materiel&rest_code=00141&code=00101010785&supplier_code=00100323&order_time=2022-12-22 HTTP/1.1" 200 461
180.169.147.146 - - [22/Dec/2022:11:23:43 +0800] "GET /xingrg/all/function/internal_message.html?_=1671679438710&CODE_STATE=getMsg HTTP/1.1" 200 27
180.169.147.146 - - [22/Dec/2022:11:23:43 +0800] "GET /xingrg/check_reg.html?_=1671679438716 HTTP/1.1" 200 22
180.165.52.19 - - [22/Dec/2022:11:23:47 +0800] "GET /xingrg/all/function/internal_message.html?_=1671679441152&CODE_STATE=getMsg HTTP/1.1" 200 27
114.88.159.190 - - [22/Dec/2022:11:23:55 +0800] "POST /xingrg/kc/buy/cgsh_order_operate.html HTTP/1.1" 200 37
114.84.171.241 - - [22/Dec/2022:11:23:56 +0800] "GET /xingrg/all/function/internal_message.html?_=1671679450602&CODE_STATE=getMsg HTTP/1.1" 200 27
114.84.171.241 - - [22/Dec/2022:11:23:57 +0800] "GET /xingrg/check_reg.html?_=1671679450603 HTTP/1.1" 200 22
114.88.159.190 - - [22/Dec/2022:11:23:59 +0800] "POST /xingrg/kc/buy/cgsh_order_operate.html HTTP/1.1" 200 12
114.88.159.190 - - [22/Dec/2022:11:24:00 +0800] "GET /xingrg/kc/buy/cgsh_order_info.html?code=212022122205313 HTTP/1.1" 200 64765
114.88.159.190 - - [22/Dec/2022:11:24:01 +0800] "GET /xingrg/javascript/easyui/themes/default/validatebox.css HTTP/1.1" 404 1104
114.88.159.190 - - [22/Dec/2022:11:24:01 +0800] "POST /xingrg/kc/buy/cgsh_order_operate.html HTTP/1.1" 200 648
114.88.159.190 - - [22/Dec/2022:11:24:02 +0800] "GET /xingrg/kc/print/load_data.html?order_code=212022122205313&kc_code=cgsh&condition= HTTP/1.1" 200 755
114.84.38.109 - - [22/Dec/2022:11:24:03 +0800] "GET /xingrg/all/function/internal_message.html?_=1671679472673&CODE_STATE=getMsg HTTP/1.1" 200 27
114.88.159.190 - - [22/Dec/2022:11:24:06 +0800] "GET /xingrg/kc/buy/cgsh_order_add.html HTTP/1.1" 200 69860
114.88.159.190 - - [22/Dec/2022:11:24:07 +0800] "POST /xingrg/kc/buy/cgsh_order_operate.html HTTP/1.1" 200 8245
114.88.159.190 - - [22/Dec/2022:11:24:07 +0800] "GET /xingrg/javascript/easyui/themes/default/validatebox.css HTTP/1.1" 404 1104
120.253.135.82 - - [22/Dec/2022:11:24:10 +0800] "GET /xingrg/all/function/internal_message.html?_=1671679272900&CODE_STATE=getMsg HTTP/1.1" 200 27
114.88.159.190 - - [22/Dec/2022:11:24:15 +0800] "GET /xingrg/kc/buy/cgsh_order_operate.html?command=get_materiel&rest_code=00141&code=00101006249&supplier_code=00100443&order_time=2022-12-22 HTTP/1.1" 200 417
114.88.159.190 - - [22/Dec/2022:11:24:24 +0800] "POST /xingrg/kc/buy/cgsh_order_operate.html HTTP/1.1" 200 37
116.238.139.35 - - [22/Dec/2022:11:24:29 +0800] "GET /xingrg/all/function/internal_message.html?_=1671679486165&CODE_STATE=getMsg HTTP/1.1" 200 27
114.88.159.190 - - [22/Dec/2022:11:24:30 +0800] "POST /xingrg/kc/buy/cgsh_order_operate.html HTTP/1.1" 200 12
114.88.159.190 - - [22/Dec/2022:11:24:33 +0800] "GET /xingrg/kc/buy/cgsh_order_info.html?code=212022122205314 HTTP/1.1" 200 64764
114.88.159.190 - - [22/Dec/2022:11:24:33 +0800] "GET /xingrg/javascript/easyui/themes/default/validatebox.css HTTP/1.1" 404 1104
114.88.159.190 - - [22/Dec/2022:11:24:34 +0800] "POST /xingrg/kc/buy/cgsh_order_operate.html HTTP/1.1" 200 613
114.88.159.190 - - [22/Dec/2022:11:24:35 +0800] "GET /xingrg/kc/print/load_data.html?order_code=212022122205314&kc_code=cgsh&condition= HTTP/1.1" 200 727
114.88.159.190 - - [22/Dec/2022:11:24:39 +0800] "GET /xingrg/kc/mdqp/qp_main.html HTTP/1.1" 200 10633
114.88.159.190 - - [22/Dec/2022:11:24:40 +0800] "GET /xingrg/images/yd/bt.gif HTTP/1.1" 404 1040
114.88.159.190 - - [22/Dec/2022:11:24:40 +0800] "GET /xingrg/kc/mdqp/pssh_order_list.html HTTP/1.1" 200 17847
114.88.159.190 - - [22/Dec/2022:11:24:41 +0800] "POST /xingrg/kc/mdqp/pssh_list_operate.html HTTP/1.1" 200 5341
114.88.159.190 - - [22/Dec/2022:11:24:42 +0800] "POST /xingrg/kc/mdqp/pssh_list_operate.html HTTP/1.1" 200 570
180.169.147.146 - - [22/Dec/2022:11:24:43 +0800] "GET /xingrg/all/function/internal_message.html?_=1671679498714&CODE_STATE=getMsg HTTP/1.1" 200 27
180.165.52.19 - - [22/Dec/2022:11:24:47 +0800] "GET /xingrg/all/function/internal_message.html?_=1671679501135&CODE_STATE=getMsg HTTP/1.1" 200 27
114.88.159.190 - - [22/Dec/2022:11:24:48 +0800] "POST /xingrg/kc/mdqp/pssh_list_operate.html HTTP/1.1" 200 349
114.88.159.190 - - [22/Dec/2022:11:24:53 +0800] "GET /xingrg/all/function/internal_message.html?_=1671679097058&CODE_STATE=getMsg HTTP/1.1" 200 27
114.84.171.241 - - [22/Dec/2022:11:24:57 +0800] "GET /xingrg/all/function/internal_message.html?_=1671679510611&CODE_STATE=getMsg HTTP/1.1" 200 27
114.88.159.190 - - [22/Dec/2022:11:24:57 +0800] "POST /xingrg/kc/mdqp/pssh_list_operate.html HTTP/1.1" 200 370
114.88.159.190 - - [22/Dec/2022:11:24:58 +0800] "GET /xingrg/kc/mdqp/pssh_order_info.html?code=312022122100420 HTTP/1.1" 200 17250
114.88.159.190 - - [22/Dec/2022:11:24:58 +0800] "GET /xingrg/javascript/jquery_tools/jquery-1.4.2.min.js HTTP/1.1" 404 1094
114.88.159.190 - - [22/Dec/2022:11:24:59 +0800] "GET /xingrg/all/common/auto_word.html?type=base&rest_code=00141&rest_code=00141 HTTP/1.1" 200 1799
114.88.159.190 - - [22/Dec/2022:11:24:59 +0800] "GET /xingrg/javascript/easyui/themes/default/validatebox.css HTTP/1.1" 404 1104
114.88.159.190 - - [22/Dec/2022:11:24:59 +0800] "POST /xingrg/kc/mdqp/pssh_order_operate.html HTTP/1.1" 200 1054
114.84.38.109 - - [22/Dec/2022:11:25:03 +0800] "GET /xingrg/all/function/internal_message.html?_=1671679532676&CODE_STATE=getMsg HTTP/1.1" 200 27
222.64.58.181 - - [22/Dec/2022:11:25:05 +0800] "POST /xingrg/services/DataTransmitService HTTP/1.1" 200 524
120.253.135.82 - - [22/Dec/2022:11:25:10 +0800] "GET /xingrg/all/function/internal_message.html?_=1671679332912&CODE_STATE=getMsg HTTP/1.1" 200 27
116.238.139.35 - - [22/Dec/2022:11:25:29 +0800] "GET /xingrg/all/function/internal_message.html?_=1671679546167&CODE_STATE=getMsg HTTP/1.1" 200 27
180.169.147.146 - - [22/Dec/2022:11:25:43 +0800] "GET /xingrg/all/function/internal_message.html?_=1671679558713&CODE_STATE=getMsg HTTP/1.1" 200 27
180.165.52.19 - - [22/Dec/2022:11:25:47 +0800] "GET /xingrg/all/function/internal_message.html?_=1671679561148&CODE_STATE=getMsg HTTP/1.1" 200 27
114.88.159.190 - - [22/Dec/2022:11:25:53 +0800] "GET /xingrg/all/function/internal_message.html?_=1671679157035&CODE_STATE=getMsg HTTP/1.1" 200 27
114.84.171.241 - - [22/Dec/2022:11:25:56 +0800] "GET /xingrg/all/function/internal_message.html?_=1671679570597&CODE_STATE=getMsg HTTP/1.1" 200 27
114.84.38.109 - - [22/Dec/2022:11:26:03 +0800] "GET /xingrg/all/function/internal_message.html?_=1671679592857&CODE_STATE=getMsg HTTP/1.1" 200 27
114.88.159.190 - - [22/Dec/2022:11:26:06 +0800] "POST /xingrg/kc/mdqp/pssh_list_operate.html HTTP/1.1" 200 1574
114.88.159.190 - - [22/Dec/2022:11:26:07 +0800] "GET /xingrg/kc/mdqp/qp_main.html HTTP/1.1" 200 10633
114.88.159.190 - - [22/Dec/2022:11:26:08 +0800] "GET /xingrg/images/yd/bt.gif HTTP/1.1" 404 1040
114.88.159.190 - - [22/Dec/2022:11:26:08 +0800] "GET /xingrg/kc/mdqp/pssh_order_list.html HTTP/1.1" 200 17847
114.88.159.190 - - [22/Dec/2022:11:26:08 +0800] "POST /xingrg/kc/mdqp/pssh_list_operate.html HTTP/1.1" 200 5341
114.88.159.190 - - [22/Dec/2022:11:26:10 +0800] "POST /xingrg/kc/mdqp/pssh_list_operate.html HTTP/1.1" 200 570
114.88.159.190 - - [22/Dec/2022:11:26:10 +0800] "GET /xingrg/kc/mdqp/pssh_order_info.html?code=312022121600369 HTTP/1.1" 200 17272
114.88.159.190 - - [22/Dec/2022:11:26:10 +0800] "GET /xingrg/javascript/jquery_tools/jquery-1.4.2.min.js HTTP/1.1" 404 1094
114.88.159.190 - - [22/Dec/2022:11:26:10 +0800] "POST /xingrg/kc/mdqp/pssh_order_operate.html HTTP/1.1" 200 2086
114.88.159.190 - - [22/Dec/2022:11:26:10 +0800] "GET /xingrg/javascript/easyui/themes/default/validatebox.css HTTP/1.1" 404 1104
120.253.135.82 - - [22/Dec/2022:11:26:11 +0800] "GET /xingrg/all/function/internal_message.html?_=1671679392927&CODE_STATE=getMsg HTTP/1.1" 200 27
114.88.159.190 - - [22/Dec/2022:11:26:14 +0800] "GET /xingrg/javascript/auto/indicator.gif HTTP/1.1" 404 1066
116.238.139.35 - - [22/Dec/2022:11:26:29 +0800] "GET /xingrg/all/function/internal_message.html?_=1671679606168&CODE_STATE=getMsg HTTP/1.1" 200 27
116.238.139.35 - - [22/Dec/2022:11:26:29 +0800] "GET /xingrg/check_reg.html?_=1671679606172 HTTP/1.1" 200 22
58.221.95.50 - - [22/Dec/2022:11:26:40 +0800] "GET /xingrg/check_reg.html?_=1671679615828 HTTP/1.1" 302 -
114.88.159.190 - - [22/Dec/2022:11:26:42 +0800] "POST /xingrg/kc/mdqp/pssh_list_operate.html HTTP/1.1" 200 349
114.88.159.190 - - [22/Dec/2022:11:26:42 +0800] "GET /xingrg/kc/mdqp/pssh_order_info.html?code=312022121300312 HTTP/1.1" 200 17272
114.88.159.190 - - [22/Dec/2022:11:26:42 +0800] "GET /xingrg/javascript/jquery_tools/jquery-1.4.2.min.js HTTP/1.1" 404 1094
114.88.159.190 - - [22/Dec/2022:11:26:43 +0800] "GET /xingrg/javascript/easyui/themes/default/validatebox.css HTTP/1.1" 404 1104
114.88.159.190 - - [22/Dec/2022:11:26:43 +0800] "POST /xingrg/kc/mdqp/pssh_order_operate.html HTTP/1.1" 200 1033
180.169.147.146 - - [22/Dec/2022:11:26:43 +0800] "GET /xingrg/all/function/internal_message.html?_=1671679618713&CODE_STATE=getMsg HTTP/1.1" 200 27
114.84.38.109 - - [22/Dec/2022:11:26:46 +0800] "GET /xingrg/check_reg.html?_=1671679635353 HTTP/1.1" 200 22
180.165.52.19 - - [22/Dec/2022:11:26:47 +0800] "GET /xingrg/check_reg.html?_=1671679621141 HTTP/1.1" 200 22
180.165.52.19 - - [22/Dec/2022:11:26:47 +0800] "GET /xingrg/all/function/internal_message.html?_=1671679621142&CODE_STATE=getMsg HTTP/1.1" 200 27
114.88.159.190 - - [22/Dec/2022:11:26:53 +0800] "GET /xingrg/all/function/internal_message.html?_=1671679217011&CODE_STATE=getMsg HTTP/1.1" 200 27
114.84.171.241 - - [22/Dec/2022:11:26:56 +0800] "GET /xingrg/all/function/internal_message.html?_=1671679630597&CODE_STATE=getMsg HTTP/1.1" 200 27
114.88.159.190 - - [22/Dec/2022:11:27:02 +0800] "GET /xingrg/kc/mdqp/qp_main.html HTTP/1.1" 200 10633
114.88.159.190 - - [22/Dec/2022:11:27:03 +0800] "GET /xingrg/images/yd/bt.gif HTTP/1.1" 404 1040
114.88.159.190 - - [22/Dec/2022:11:27:03 +0800] "GET /xingrg/kc/mdqp/pssh_order_list.html HTTP/1.1" 200 17847
114.88.159.190 - - [22/Dec/2022:11:27:03 +0800] "POST /xingrg/kc/mdqp/pssh_list_operate.html HTTP/1.1" 200 5341
114.84.38.109 - - [22/Dec/2022:11:27:03 +0800] "GET /xingrg/all/function/internal_message.html?_=1671679652873&CODE_STATE=getMsg HTTP/1.1" 200 27
180.165.52.19 - - [22/Dec/2022:11:27:07 +0800] "GET /xingrg/kc/buy/cgsh_order_operate.html?command=get_materiel&rest_code=00108&code=00102010436&supplier_code=00100384&order_time=2022-12-22 HTTP/1.1" 200 413
120.253.135.82 - - [22/Dec/2022:11:27:10 +0800] "GET /xingrg/all/function/internal_message.html?_=1671679452955&CODE_STATE=getMsg HTTP/1.1" 200 27
114.88.159.190 - - [22/Dec/2022:11:27:18 +0800] "POST /xingrg/kc/mdqp/pssh_list_operate.html HTTP/1.1" 200 785
114.88.159.190 - - [22/Dec/2022:11:27:18 +0800] "GET /xingrg/kc/mdqp/pssh_order_info.html?code=312022122200426 HTTP/1.1" 200 17303
114.88.159.190 - - [22/Dec/2022:11:27:18 +0800] "GET /xingrg/javascript/jquery_tools/jquery-1.4.2.min.js HTTP/1.1" 404 1094
114.88.159.190 - - [22/Dec/2022:11:27:18 +0800] "GET /xingrg/javascript/easyui/themes/default/validatebox.css HTTP/1.1" 404 1104
114.88.159.190 - - [22/Dec/2022:11:27:18 +0800] "POST /xingrg/kc/mdqp/pssh_order_operate.html HTTP/1.1" 200 5794
114.88.159.190 - - [22/Dec/2022:11:27:21 +0800] "POST /xingrg/all/common/load_combo.html?type=base&rest_code=00141 HTTP/1.1" 200 3227
116.238.139.35 - - [22/Dec/2022:11:27:29 +0800] "GET /xingrg/all/function/internal_message.html?_=1671679666173&CODE_STATE=getMsg HTTP/1.1" 200 27
180.165.52.19 - - [22/Dec/2022:11:27:41 +0800] "GET /xingrg/kc/buy/cgsh_order_operate.html?command=get_materiel&rest_code=00108&code=00102010652&supplier_code=00100384&order_time=2022-12-22 HTTP/1.1" 200 424
180.169.147.146 - - [22/Dec/2022:11:27:43 +0800] "GET /xingrg/all/function/internal_message.html?_=1671679678709&CODE_STATE=getMsg HTTP/1.1" 200 27
180.165.52.19 - - [22/Dec/2022:11:27:47 +0800] "GET /xingrg/all/function/internal_message.html?_=1671679681146&CODE_STATE=getMsg HTTP/1.1" 200 27
114.88.159.190 - - [22/Dec/2022:11:27:53 +0800] "GET /xingrg/all/function/internal_message.html?_=1671679276988&CODE_STATE=getMsg HTTP/1.1" 200 27
101.83.241.168 - - [22/Dec/2022:11:27:55 +0800] "POST /xingrg/services/DataTransmitService HTTP/1.1" 200 524
114.84.171.241 - - [22/Dec/2022:11:27:56 +0800] "GET /xingrg/all/function/internal_message.html?_=1671679690597&CODE_STATE=getMsg HTTP/1.1" 200 27
114.84.38.109 - - [22/Dec/2022:11:28:03 +0800] "GET /xingrg/all/function/internal_message.html?_=1671679712886&CODE_STATE=getMsg HTTP/1.1" 200 27
114.88.159.190 - - [22/Dec/2022:11:28:04 +0800] "GET /xingrg/javascript/jquery_tools/images/next.gif HTTP/1.1" 404 1086
114.88.159.190 - - [22/Dec/2022:11:28:04 +0800] "GET /xingrg/javascript/jquery_tools/images/prev.gif HTTP/1.1" 404 1086
114.88.159.190 - - [22/Dec/2022:11:28:06 +0800] "POST /xingrg/all/common/load_combo.html?type=employee HTTP/1.1" 200 362
180.165.52.19 - - [22/Dec/2022:11:28:10 +0800] "GET /xingrg/kc/buy/cgsh_order_operate.html?command=get_materiel&rest_code=00108&code=00102016224&supplier_code=00100384&order_time=2022-12-22 HTTP/1.1" 200 418
114.88.159.190 - - [22/Dec/2022:11:28:10 +0800] "POST /xingrg/kc/mdqp/pssh_order_operate.html HTTP/1.1" 200 37
120.253.135.82 - - [22/Dec/2022:11:28:10 +0800] "GET /xingrg/all/function/internal_message.html?_=1671679512970&CODE_STATE=getMsg HTTP/1.1" 200 27
120.253.135.82 - - [22/Dec/2022:11:28:10 +0800] "GET /xingrg/check_reg.html?_=1671679512735 HTTP/1.1" 200 22
114.88.159.190 - - [22/Dec/2022:11:28:11 +0800] "POST /xingrg/kc/mdqp/pssh_order_operate.html HTTP/1.1" 200 12
114.88.159.190 - - [22/Dec/2022:11:28:13 +0800] "GET /xingrg/kc/mdqp/pssh_order_info.html?code=312022122200426 HTTP/1.1" 200 14388
114.88.159.190 - - [22/Dec/2022:11:28:13 +0800] "GET /xingrg/javascript/jquery_tools/jquery-1.4.2.min.js HTTP/1.1" 404 1094
114.88.159.190 - - [22/Dec/2022:11:28:13 +0800] "GET /xingrg/javascript/easyui/themes/default/validatebox.css HTTP/1.1" 404 1104
114.88.159.190 - - [22/Dec/2022:11:28:13 +0800] "POST /xingrg/kc/mdqp/pssh_order_operate.html HTTP/1.1" 200 5794
114.88.159.190 - - [22/Dec/2022:11:28:20 +0800] "GET /xingrg/kc/print/load_config.html?kc_code=pssh HTTP/1.1" 200 2291
114.88.159.190 - - [22/Dec/2022:11:28:20 +0800] "GET /xingrg/kc/print/load_data.html?order_code=312022122200426&kc_code=pssh&condition= HTTP/1.1" 200 2487
116.238.139.35 - - [22/Dec/2022:11:28:29 +0800] "GET /xingrg/all/function/internal_message.html?_=1671679726182&CODE_STATE=getMsg HTTP/1.1" 200 27
180.165.52.19 - - [22/Dec/2022:11:28:31 +0800] "GET /xingrg/kc/buy/cgsh_order_operate.html?command=get_materiel&rest_code=00108&code=00102016205&supplier_code=00100384&order_time=2022-12-22 HTTP/1.1" 200 416
180.169.147.146 - - [22/Dec/2022:11:28:43 +0800] "GET /xingrg/all/function/internal_message.html?_=1671679738703&CODE_STATE=getMsg HTTP/1.1" 200 27
180.169.147.146 - - [22/Dec/2022:11:28:43 +0800] "GET /xingrg/check_reg.html?_=1671679738705 HTTP/1.1" 200 22
180.165.52.19 - - [22/Dec/2022:11:28:47 +0800] "GET /xingrg/all/function/internal_message.html?_=1671679741137&CODE_STATE=getMsg HTTP/1.1" 200 27
114.88.159.190 - - [22/Dec/2022:11:28:52 +0800] "GET /xingrg/all/function/internal_message.html?_=1671679336962&CODE_STATE=getMsg HTTP/1.1" 200 27
114.88.159.190 - - [22/Dec/2022:11:28:53 +0800] "GET /xingrg/check_reg.html?_=1671679337072 HTTP/1.1" 200 22
116.192.124.172 - - [22/Dec/2022:11:28:54 +0800] "GET /favicon.ico HTTP/1.1" 404 -
114.84.171.241 - - [22/Dec/2022:11:28:56 +0800] "GET /xingrg/all/function/internal_message.html?_=1671679750622&CODE_STATE=getMsg HTTP/1.1" 200 27
114.84.171.241 - - [22/Dec/2022:11:28:57 +0800] "GET /xingrg/check_reg.html?_=1671679750625 HTTP/1.1" 200 22
116.192.124.172 - - [22/Dec/2022:11:28:57 +0800] "GET /xingrg/login.html HTTP/1.1" 200 7641
116.192.124.172 - - [22/Dec/2022:11:28:57 +0800] "GET /xingrg/images/blue/jxLogo.png HTTP/1.1" 200 6156
116.192.124.172 - - [22/Dec/2022:11:28:57 +0800] "GET /xingrg/images/blue/srbg.png HTTP/1.1" 200 138
116.192.124.172 - - [22/Dec/2022:11:28:57 +0800] "GET /xingrg/images/blue/hj.png HTTP/1.1" 200 1014
116.192.124.172 - - [22/Dec/2022:11:28:57 +0800] "GET /xingrg/images/blue/login_bg.png HTTP/1.1" 200 22101
116.192.124.172 - - [22/Dec/2022:11:28:57 +0800] "GET /favicon.ico HTTP/1.1" 404 -
116.192.124.172 - - [22/Dec/2022:11:29:03 +0800] "POST /xingrg/login.do HTTP/1.1" 302 -
116.192.124.172 - - [22/Dec/2022:11:29:03 +0800] "GET /xingrg/index.html?sysBaseUrl=http%3A%2F%2F180.169.147.146%3A18081%2Fxingrg%2F&costTime=40×tamp=1671679743270 HTTP/1.1" 200 17173
116.192.124.172 - - [22/Dec/2022:11:29:03 +0800] "GET /xingrg/css/form.css HTTP/1.1" 200 893
116.192.124.172 - - [22/Dec/2022:11:29:03 +0800] "GET /xingrg/javascript/jquery_easy_ui/themes/icon.css HTTP/1.1" 200 3949
116.192.124.172 - - [22/Dec/2022:11:29:03 +0800] "GET /xingrg/javascript/jquery-1.4.2.min.js HTTP/1.1" 200 72205
116.192.124.172 - - [22/Dec/2022:11:29:03 +0800] "GET /xingrg/javascript/jquery_easy_ui/jquery.easyui.min.js HTTP/1.1" 200 213662
116.192.124.172 - - [22/Dec/2022:11:29:03 +0800] "GET /xingrg/javascript/jquery_easy_ui/easyui-lang-zh_CN.js HTTP/1.1" 200 1900
116.192.124.172 - - [22/Dec/2022:11:29:03 +0800] "GET /xingrg/javascript/jquery_easy_ui/themes/default/easyui.css HTTP/1.1" 200 26500
116.192.124.172 - - [22/Dec/2022:11:29:03 +0800] "GET /xingrg/javascript/jquery.timers.js HTTP/1.1" 200 3532
116.192.124.172 - - [22/Dec/2022:11:29:03 +0800] "GET /xingrg/javascript/jquery.utils.js HTTP/1.1" 200 11805
116.192.124.172 - - [22/Dec/2022:11:29:03 +0800] "GET /xingrg/javascript/jquery.form.js HTTP/1.1" 200 23110
116.192.124.172 - - [22/Dec/2022:11:29:03 +0800] "GET /favicon.ico HTTP/1.1" 404 -
116.192.124.172 - - [22/Dec/2022:11:29:03 +0800] "GET /xingrg/javascript/jquery_easy_ui/themes/icons/settle_new.png HTTP/1.1" 200 826
116.192.124.172 - - [22/Dec/2022:11:29:03 +0800] "GET /xingrg/images/blue/navBackgound.jpg HTTP/1.1" 200 12378
116.192.124.172 - - [22/Dec/2022:11:29:03 +0800] "POST /xingrg/all/common/load_tree.html?tree=area_rest_tree_json&manage=1 HTTP/1.1" 200 342
116.192.124.172 - - [22/Dec/2022:11:29:03 +0800] "GET /xingrg/all/function/internal_message.html?_=1671679758444&CODE_STATE=count HTTP/1.1" 200 11
116.192.124.172 - - [22/Dec/2022:11:29:03 +0800] "GET /xingrg/check_reg.html?_=1671679758445 HTTP/1.1" 200 22
116.192.124.172 - - [22/Dec/2022:11:29:03 +0800] "GET /xingrg/images/blue/pingpu.png HTTP/1.1" 200 231
