116.238.139.35 - - [22/Dec/2022:10:56:28 +0800] "GET /xingrg/javascript/jquery_easy_ui/themes/default/images/tabs_leftarrow.png HTTP/1.1" 304 -
116.238.139.35 - - [22/Dec/2022:10:56:28 +0800] "GET /xingrg/javascript/jquery_easy_ui/themes/default/images/tabs_rightarrow.png HTTP/1.1" 304 -
116.238.139.35 - - [22/Dec/2022:10:56:28 +0800] "GET /xingrg/javascript/jquery_easy_ui/themes/default/images/panel_tool_collapse.gif HTTP/1.1" 304 -
116.238.139.35 - - [22/Dec/2022:10:56:28 +0800] "GET /xingrg/images/blue/pingpu.png HTTP/1.1" 304 -
116.238.139.35 - - [22/Dec/2022:10:56:28 +0800] "POST /xingrg/load_menu.html HTTP/1.1" 200 5138
116.238.139.35 - - [22/Dec/2022:10:56:31 +0800] "GET /xingrg/kc/buy/cgsh_order_list.html HTTP/1.1" 200 54084
116.238.139.35 - - [22/Dec/2022:10:56:32 +0800] "POST /xingrg/kc/buy/cgsh_list_operate.html HTTP/1.1" 200 986
116.238.139.35 - - [22/Dec/2022:10:56:33 +0800] "GET /xingrg/kc/buy/cgsh_order_add.html HTTP/1.1" 200 69860
116.238.139.35 - - [22/Dec/2022:10:56:33 +0800] "POST /xingrg/kc/buy/cgsh_order_operate.html HTTP/1.1" 200 8245
116.238.139.35 - - [22/Dec/2022:10:56:33 +0800] "GET /xingrg/javascript/easyui/themes/default/validatebox.css HTTP/1.1" 404 1104
116.238.139.35 - - [22/Dec/2022:10:56:34 +0800] "GET /xingrg/javascript/auto/indicator.gif HTTP/1.1" 404 1066
58.221.95.50 - - [22/Dec/2022:10:56:40 +0800] "GET /xingrg/check_reg.html?_=1671677815926 HTTP/1.1" 302 -
180.169.147.146 - - [22/Dec/2022:10:56:43 +0800] "GET /xingrg/all/function/internal_message.html?_=1671677818704&CODE_STATE=getMsg HTTP/1.1" 200 27
116.238.139.35 - - [22/Dec/2022:10:56:44 +0800] "GET /xingrg/kc/buy/cgsh_order_operate.html?command=get_materiel&rest_code=00150&code=00101006067&supplier_code=00100330&order_time=2022-12-22 HTTP/1.1" 200 409
114.84.38.109 - - [22/Dec/2022:10:56:46 +0800] "GET /xingrg/check_reg.html?_=1671677835320 HTTP/1.1" 200 22
116.238.139.35 - - [22/Dec/2022:10:56:53 +0800] "GET /xingrg/kc/buy/cgsh_order_operate.html?command=get_materiel&rest_code=00150&code=00101018007&supplier_code=00100330&order_time=2022-12-22 HTTP/1.1" 200 409
114.84.171.241 - - [22/Dec/2022:10:56:56 +0800] "GET /xingrg/all/function/internal_message.html?_=1671677830591&CODE_STATE=getMsg HTTP/1.1" 200 27
116.238.139.35 - - [22/Dec/2022:10:56:59 +0800] "GET /xingrg/kc/buy/cgsh_order_operate.html?command=get_materiel&rest_code=00150&code=00101018011&supplier_code=00100330&order_time=2022-12-22 HTTP/1.1" 200 413
114.84.38.109 - - [22/Dec/2022:10:57:01 +0800] "GET /xingrg/all/function/internal_message.html?_=1671677850438&CODE_STATE=getMsg HTTP/1.1" 200 27
116.238.139.35 - - [22/Dec/2022:10:57:07 +0800] "POST /xingrg/kc/buy/cgsh_order_operate.html HTTP/1.1" 200 37
180.169.147.146 - - [22/Dec/2022:10:57:09 +0800] "GET /xingrg/all/function/internal_message.html?_=1671677844438&CODE_STATE=getMsg HTTP/1.1" 200 27
116.238.139.35 - - [22/Dec/2022:10:57:11 +0800] "POST /xingrg/kc/buy/cgsh_order_operate.html HTTP/1.1" 200 12
116.238.139.35 - - [22/Dec/2022:10:57:12 +0800] "GET /xingrg/kc/buy/cgsh_order_info.html?code=212022122205297 HTTP/1.1" 200 64768
116.238.139.35 - - [22/Dec/2022:10:57:12 +0800] "GET /xingrg/javascript/easyui/themes/default/validatebox.css HTTP/1.1" 404 1104
116.238.139.35 - - [22/Dec/2022:10:57:13 +0800] "POST /xingrg/kc/buy/cgsh_order_operate.html HTTP/1.1" 200 1780
116.238.139.35 - - [22/Dec/2022:10:57:14 +0800] "GET /xingrg/kc/print/load_data.html?order_code=212022122205297&kc_code=cgsh&condition= HTTP/1.1" 200 1156
116.238.139.35 - - [22/Dec/2022:10:57:18 +0800] "GET /xingrg/kc/buy/cgsh_order_add.html HTTP/1.1" 200 69860
116.238.139.35 - - [22/Dec/2022:10:57:18 +0800] "POST /xingrg/kc/buy/cgsh_order_operate.html HTTP/1.1" 200 8245
116.238.139.35 - - [22/Dec/2022:10:57:18 +0800] "GET /xingrg/javascript/easyui/themes/default/validatebox.css HTTP/1.1" 404 1104
116.238.139.35 - - [22/Dec/2022:10:57:19 +0800] "GET /xingrg/javascript/auto/indicator.gif HTTP/1.1" 404 1066
116.230.105.139 - - [22/Dec/2022:10:57:25 +0800] "GET /xingrg/check_reg.html?_=1671677838483 HTTP/1.1" 200 22
116.230.105.139 - - [22/Dec/2022:10:57:26 +0800] "GET /xingrg/all/function/internal_message.html?_=1671677839679&CODE_STATE=getMsg HTTP/1.1" 200 27
116.238.139.35 - - [22/Dec/2022:10:57:27 +0800] "GET /xingrg/kc/buy/cgsh_order_operate.html?command=get_materiel&rest_code=00150&code=00101010310&supplier_code=00100314&order_time=2022-12-22 HTTP/1.1" 200 423
116.238.139.35 - - [22/Dec/2022:10:57:28 +0800] "GET /xingrg/all/function/internal_message.html?_=1671677866135&CODE_STATE=getMsg HTTP/1.1" 200 27
116.238.139.35 - - [22/Dec/2022:10:57:35 +0800] "POST /xingrg/kc/buy/cgsh_order_operate.html HTTP/1.1" 200 37
116.238.139.35 - - [22/Dec/2022:10:57:38 +0800] "POST /xingrg/kc/buy/cgsh_order_operate.html HTTP/1.1" 200 12
116.238.139.35 - - [22/Dec/2022:10:57:39 +0800] "GET /xingrg/kc/buy/cgsh_order_info.html?code=212022122205298 HTTP/1.1" 200 64764
116.238.139.35 - - [22/Dec/2022:10:57:39 +0800] "GET /xingrg/javascript/easyui/themes/default/validatebox.css HTTP/1.1" 404 1104
116.238.139.35 - - [22/Dec/2022:10:57:40 +0800] "POST /xingrg/kc/buy/cgsh_order_operate.html HTTP/1.1" 200 618
116.238.139.35 - - [22/Dec/2022:10:57:41 +0800] "GET /xingrg/kc/print/load_data.html?order_code=212022122205298&kc_code=cgsh&condition= HTTP/1.1" 200 713
180.169.147.146 - - [22/Dec/2022:10:57:43 +0800] "GET /xingrg/all/function/internal_message.html?_=1671677878693&CODE_STATE=getMsg HTTP/1.1" 200 27
116.238.139.35 - - [22/Dec/2022:10:57:47 +0800] "GET /xingrg/kc/buy/cgsh_order_add.html HTTP/1.1" 200 69860
116.238.139.35 - - [22/Dec/2022:10:57:47 +0800] "POST /xingrg/kc/buy/cgsh_order_operate.html HTTP/1.1" 200 8245
116.238.139.35 - - [22/Dec/2022:10:57:47 +0800] "GET /xingrg/javascript/easyui/themes/default/validatebox.css HTTP/1.1" 404 1104
116.238.139.35 - - [22/Dec/2022:10:57:54 +0800] "GET /xingrg/kc/buy/cgsh_order_operate.html?command=get_materiel&rest_code=00150&code=00101010079&supplier_code=00100336&order_time=2022-12-22 HTTP/1.1" 200 413
114.84.171.241 - - [22/Dec/2022:10:57:56 +0800] "GET /xingrg/all/function/internal_message.html?_=1671677890574&CODE_STATE=getMsg HTTP/1.1" 200 27
116.238.139.35 - - [22/Dec/2022:10:58:01 +0800] "POST /xingrg/kc/buy/cgsh_order_operate.html HTTP/1.1" 200 37
114.84.38.109 - - [22/Dec/2022:10:58:01 +0800] "GET /xingrg/all/function/internal_message.html?_=1671677910451&CODE_STATE=getMsg HTTP/1.1" 200 27
116.238.139.35 - - [22/Dec/2022:10:58:04 +0800] "POST /xingrg/kc/buy/cgsh_order_operate.html HTTP/1.1" 200 12
116.238.139.35 - - [22/Dec/2022:10:58:05 +0800] "GET /xingrg/kc/buy/cgsh_order_info.html?code=212022122205299 HTTP/1.1" 200 64762
116.238.139.35 - - [22/Dec/2022:10:58:05 +0800] "GET /xingrg/javascript/easyui/themes/default/validatebox.css HTTP/1.1" 404 1104
116.238.139.35 - - [22/Dec/2022:10:58:06 +0800] "POST /xingrg/kc/buy/cgsh_order_operate.html HTTP/1.1" 200 607
116.238.139.35 - - [22/Dec/2022:10:58:07 +0800] "GET /xingrg/kc/print/load_data.html?order_code=212022122205299&kc_code=cgsh&condition= HTTP/1.1" 200 708
180.169.147.146 - - [22/Dec/2022:10:58:09 +0800] "GET /xingrg/check_reg.html?_=1671677904456 HTTP/1.1" 200 22
180.169.147.146 - - [22/Dec/2022:10:58:09 +0800] "GET /xingrg/all/function/internal_message.html?_=1671677904454&CODE_STATE=getMsg HTTP/1.1" 200 27
116.238.139.35 - - [22/Dec/2022:10:58:11 +0800] "GET /xingrg/kc/buy/cgsh_order_add.html HTTP/1.1" 200 69860
116.238.139.35 - - [22/Dec/2022:10:58:11 +0800] "POST /xingrg/kc/buy/cgsh_order_operate.html HTTP/1.1" 200 8245
116.238.139.35 - - [22/Dec/2022:10:58:11 +0800] "GET /xingrg/javascript/easyui/themes/default/validatebox.css HTTP/1.1" 404 1104
116.238.139.35 - - [22/Dec/2022:10:58:20 +0800] "GET /xingrg/kc/buy/cgsh_order_operate.html?command=get_materiel&rest_code=00150&code=00101007043&supplier_code=00100323&order_time=2022-12-22 HTTP/1.1" 200 409
116.230.105.139 - - [22/Dec/2022:10:58:26 +0800] "GET /xingrg/all/function/internal_message.html?_=1671677899654&CODE_STATE=getMsg HTTP/1.1" 200 27
116.238.139.35 - - [22/Dec/2022:10:58:28 +0800] "POST /xingrg/kc/buy/cgsh_order_operate.html HTTP/1.1" 200 37
116.238.139.35 - - [22/Dec/2022:10:58:28 +0800] "GET /xingrg/all/function/internal_message.html?_=1671677926123&CODE_STATE=getMsg HTTP/1.1" 200 27
116.238.139.35 - - [22/Dec/2022:10:58:31 +0800] "POST /xingrg/kc/buy/cgsh_order_operate.html HTTP/1.1" 200 12
116.238.139.35 - - [22/Dec/2022:10:58:32 +0800] "GET /xingrg/kc/buy/cgsh_order_info.html?code=212022122205300 HTTP/1.1" 200 64765
116.238.139.35 - - [22/Dec/2022:10:58:33 +0800] "GET /xingrg/javascript/easyui/themes/default/validatebox.css HTTP/1.1" 404 1104
116.238.139.35 - - [22/Dec/2022:10:58:34 +0800] "POST /xingrg/kc/buy/cgsh_order_operate.html HTTP/1.1" 200 607
116.238.139.35 - - [22/Dec/2022:10:58:34 +0800] "GET /xingrg/kc/print/load_data.html?order_code=212022122205300&kc_code=cgsh&condition= HTTP/1.1" 200 715
116.238.139.35 - - [22/Dec/2022:10:58:38 +0800] "GET /xingrg/kc/buy/cgsh_order_add.html HTTP/1.1" 200 69860
116.238.139.35 - - [22/Dec/2022:10:58:38 +0800] "POST /xingrg/kc/buy/cgsh_order_operate.html HTTP/1.1" 200 8245
116.238.139.35 - - [22/Dec/2022:10:58:39 +0800] "GET /xingrg/javascript/easyui/themes/default/validatebox.css HTTP/1.1" 404 1104
180.169.147.146 - - [22/Dec/2022:10:58:43 +0800] "GET /xingrg/all/function/internal_message.html?_=1671677938706&CODE_STATE=getMsg HTTP/1.1" 200 27
180.169.147.146 - - [22/Dec/2022:10:58:43 +0800] "GET /xingrg/check_reg.html?_=1671677938708 HTTP/1.1" 200 22
116.238.139.35 - - [22/Dec/2022:10:58:48 +0800] "GET /xingrg/kc/buy/cgsh_order_operate.html?command=get_materiel&rest_code=00150&code=00101006350&supplier_code=00100547&order_time=2022-12-22 HTTP/1.1" 200 395
116.238.139.35 - - [22/Dec/2022:10:58:55 +0800] "GET /xingrg/kc/buy/cgsh_order_operate.html?command=get_materiel&rest_code=00150&code=00101006036&supplier_code=00100547&order_time=2022-12-22 HTTP/1.1" 200 419
114.84.171.241 - - [22/Dec/2022:10:58:56 +0800] "GET /xingrg/all/function/internal_message.html?_=1671677950573&CODE_STATE=getMsg HTTP/1.1" 200 27
114.84.171.241 - - [22/Dec/2022:10:58:56 +0800] "GET /xingrg/check_reg.html?_=1671677950574 HTTP/1.1" 200 22
114.84.38.109 - - [22/Dec/2022:10:59:01 +0800] "GET /xingrg/all/function/internal_message.html?_=1671677970648&CODE_STATE=getMsg HTTP/1.1" 200 27
180.169.147.146 - - [22/Dec/2022:10:59:09 +0800] "GET /xingrg/all/function/internal_message.html?_=1671677964453&CODE_STATE=getMsg HTTP/1.1" 200 27
116.238.139.35 - - [22/Dec/2022:10:59:10 +0800] "GET /xingrg/kc/buy/cgsh_order_operate.html?command=get_materiel&rest_code=00150&code=00101008328&supplier_code=00100547&order_time=2022-12-22 HTTP/1.1" 200 408
116.238.139.35 - - [22/Dec/2022:10:59:24 +0800] "POST /xingrg/kc/buy/cgsh_order_operate.html HTTP/1.1" 200 37
116.230.105.139 - - [22/Dec/2022:10:59:26 +0800] "GET /xingrg/all/function/internal_message.html?_=1671677959640&CODE_STATE=getMsg HTTP/1.1" 200 27
116.238.139.35 - - [22/Dec/2022:10:59:28 +0800] "POST /xingrg/kc/buy/cgsh_order_operate.html HTTP/1.1" 200 12
116.238.139.35 - - [22/Dec/2022:10:59:29 +0800] "GET /xingrg/all/function/internal_message.html?_=1671677986200&CODE_STATE=getMsg HTTP/1.1" 200 27
116.238.139.35 - - [22/Dec/2022:10:59:29 +0800] "GET /xingrg/kc/buy/cgsh_order_info.html?code=212022122205301 HTTP/1.1" 200 64754
116.238.139.35 - - [22/Dec/2022:10:59:29 +0800] "GET /xingrg/javascript/easyui/themes/default/validatebox.css HTTP/1.1" 404 1104
116.238.139.35 - - [22/Dec/2022:10:59:30 +0800] "POST /xingrg/kc/buy/cgsh_order_operate.html HTTP/1.1" 200 1202
116.238.139.35 - - [22/Dec/2022:10:59:31 +0800] "GET /xingrg/kc/print/load_data.html?order_code=212022122205301&kc_code=cgsh&condition= HTTP/1.1" 200 916
180.169.147.146 - - [22/Dec/2022:10:59:43 +0800] "GET /xingrg/all/function/internal_message.html?_=1671677998697&CODE_STATE=getMsg HTTP/1.1" 200 27
114.84.171.241 - - [22/Dec/2022:10:59:56 +0800] "GET /xingrg/all/function/internal_message.html?_=1671678010571&CODE_STATE=getMsg HTTP/1.1" 200 27
222.70.177.10 - - [22/Dec/2022:11:00:00 +0800] "POST /xingrg/services/DataTransmitService HTTP/1.1" 200 524
222.70.177.10 - - [22/Dec/2022:11:00:01 +0800] "POST /xingrg/services/DataTransmitService HTTP/1.1" 200 412
114.84.38.109 - - [22/Dec/2022:11:00:01 +0800] "GET /xingrg/all/function/internal_message.html?_=1671678030649&CODE_STATE=getMsg HTTP/1.1" 200 27
180.169.147.146 - - [22/Dec/2022:11:00:09 +0800] "GET /xingrg/all/function/internal_message.html?_=1671678024449&CODE_STATE=getMsg HTTP/1.1" 200 27
116.230.105.139 - - [22/Dec/2022:11:00:26 +0800] "GET /xingrg/all/function/internal_message.html?_=1671678019623&CODE_STATE=getMsg HTTP/1.1" 200 27
116.238.139.35 - - [22/Dec/2022:11:00:29 +0800] "GET /xingrg/all/function/internal_message.html?_=1671678046188&CODE_STATE=getMsg HTTP/1.1" 200 27
180.169.147.146 - - [22/Dec/2022:11:00:43 +0800] "GET /xingrg/all/function/internal_message.html?_=1671678058702&CODE_STATE=getMsg HTTP/1.1" 200 27
114.84.171.241 - - [22/Dec/2022:11:00:56 +0800] "GET /xingrg/all/function/internal_message.html?_=1671678070570&CODE_STATE=getMsg HTTP/1.1" 200 27
114.84.38.109 - - [22/Dec/2022:11:01:01 +0800] "GET /xingrg/all/function/internal_message.html?_=1671678090857&CODE_STATE=getMsg HTTP/1.1" 200 27
180.169.147.146 - - [22/Dec/2022:11:01:09 +0800] "GET /xingrg/all/function/internal_message.html?_=1671678084440&CODE_STATE=getMsg HTTP/1.1" 200 27
116.230.105.139 - - [22/Dec/2022:11:01:25 +0800] "POST /xingrg/services/DataTransmitService HTTP/1.1" 200 524
116.230.105.139 - - [22/Dec/2022:11:01:26 +0800] "GET /xingrg/all/function/internal_message.html?_=1671678079594&CODE_STATE=getMsg HTTP/1.1" 200 27
116.230.105.139 - - [22/Dec/2022:11:01:26 +0800] "POST /xingrg/services/DataTransmitService HTTP/1.1" 200 412
116.238.139.35 - - [22/Dec/2022:11:01:28 +0800] "GET /xingrg/check_reg.html?_=1671678106129 HTTP/1.1" 200 22
116.238.139.35 - - [22/Dec/2022:11:01:28 +0800] "GET /xingrg/all/function/internal_message.html?_=1671678106165&CODE_STATE=getMsg HTTP/1.1" 200 27
58.221.95.50 - - [22/Dec/2022:11:01:40 +0800] "GET /xingrg/check_reg.html?_=1671678115910 HTTP/1.1" 302 -
180.169.147.146 - - [22/Dec/2022:11:01:43 +0800] "GET /xingrg/all/function/internal_message.html?_=1671678118705&CODE_STATE=getMsg HTTP/1.1" 200 27
114.84.38.109 - - [22/Dec/2022:11:01:46 +0800] "GET /xingrg/check_reg.html?_=1671678135335 HTTP/1.1" 200 22
114.84.171.241 - - [22/Dec/2022:11:01:56 +0800] "GET /xingrg/all/function/internal_message.html?_=1671678130570&CODE_STATE=getMsg HTTP/1.1" 200 27
114.84.38.109 - - [22/Dec/2022:11:02:01 +0800] "GET /xingrg/all/function/internal_message.html?_=1671678150864&CODE_STATE=getMsg HTTP/1.1" 200 27
180.169.147.146 - - [22/Dec/2022:11:02:09 +0800] "GET /xingrg/all/function/internal_message.html?_=1671678144449&CODE_STATE=getMsg HTTP/1.1" 200 27
116.230.105.139 - - [22/Dec/2022:11:02:25 +0800] "GET /xingrg/check_reg.html?_=1671678138492 HTTP/1.1" 200 22
116.230.105.139 - - [22/Dec/2022:11:02:26 +0800] "GET /xingrg/all/function/internal_message.html?_=1671678139594&CODE_STATE=getMsg HTTP/1.1" 200 27
116.238.139.35 - - [22/Dec/2022:11:02:28 +0800] "GET /xingrg/all/function/internal_message.html?_=1671678166148&CODE_STATE=getMsg HTTP/1.1" 200 27
180.169.147.146 - - [22/Dec/2022:11:02:43 +0800] "GET /xingrg/all/function/internal_message.html?_=1671678178701&CODE_STATE=getMsg HTTP/1.1" 200 27
114.84.171.241 - - [22/Dec/2022:11:02:56 +0800] "GET /xingrg/all/function/internal_message.html?_=1671678190611&CODE_STATE=getMsg HTTP/1.1" 200 27
114.84.38.109 - - [22/Dec/2022:11:03:01 +0800] "GET /xingrg/all/function/internal_message.html?_=1671678210878&CODE_STATE=getMsg HTTP/1.1" 200 27
180.169.147.146 - - [22/Dec/2022:11:03:09 +0800] "GET /xingrg/all/function/internal_message.html?_=1671678204446&CODE_STATE=getMsg HTTP/1.1" 200 27
180.169.147.146 - - [22/Dec/2022:11:03:09 +0800] "GET /xingrg/check_reg.html?_=1671678204448 HTTP/1.1" 200 22
116.230.105.139 - - [22/Dec/2022:11:03:26 +0800] "GET /xingrg/all/function/internal_message.html?_=1671678199573&CODE_STATE=getMsg HTTP/1.1" 200 27
116.238.139.35 - - [22/Dec/2022:11:03:28 +0800] "GET /xingrg/all/function/internal_message.html?_=1671678226135&CODE_STATE=getMsg HTTP/1.1" 200 27
180.169.147.146 - - [22/Dec/2022:11:03:43 +0800] "GET /xingrg/check_reg.html?_=1671678238700 HTTP/1.1" 200 22
180.169.147.146 - - [22/Dec/2022:11:03:43 +0800] "GET /xingrg/all/function/internal_message.html?_=1671678238697&CODE_STATE=getMsg HTTP/1.1" 200 27
114.84.81.136 - - [22/Dec/2022:11:03:45 +0800] "POST /xingrg/services/DataTransmitService HTTP/1.1" 200 524
114.84.81.136 - - [22/Dec/2022:11:03:49 +0800] "POST /xingrg/services/DataTransmitService HTTP/1.1" 200 412
114.84.171.241 - - [22/Dec/2022:11:03:56 +0800] "GET /xingrg/check_reg.html?_=1671678250610 HTTP/1.1" 200 22
114.84.171.241 - - [22/Dec/2022:11:03:56 +0800] "GET /xingrg/all/function/internal_message.html?_=1671678250613&CODE_STATE=getMsg HTTP/1.1" 200 27
114.84.38.109 - - [22/Dec/2022:11:04:02 +0800] "GET /xingrg/all/function/internal_message.html?_=1671678271056&CODE_STATE=getMsg HTTP/1.1" 200 27
180.169.147.146 - - [22/Dec/2022:11:04:09 +0800] "GET /xingrg/all/function/internal_message.html?_=1671678264464&CODE_STATE=getMsg HTTP/1.1" 200 27
116.230.105.139 - - [22/Dec/2022:11:04:26 +0800] "GET /xingrg/all/function/internal_message.html?_=1671678259546&CODE_STATE=getMsg HTTP/1.1" 200 27
116.238.139.35 - - [22/Dec/2022:11:04:28 +0800] "GET /xingrg/all/function/internal_message.html?_=1671678286139&CODE_STATE=getMsg HTTP/1.1" 200 27
180.169.147.146 - - [22/Dec/2022:11:04:43 +0800] "GET /xingrg/all/function/internal_message.html?_=1671678298710&CODE_STATE=getMsg HTTP/1.1" 200 27
114.84.171.241 - - [22/Dec/2022:11:04:56 +0800] "GET /xingrg/all/function/internal_message.html?_=1671678310596&CODE_STATE=getMsg HTTP/1.1" 200 27
114.84.38.109 - - [22/Dec/2022:11:05:02 +0800] "GET /xingrg/all/function/internal_message.html?_=1671678331061&CODE_STATE=getMsg HTTP/1.1" 200 27
180.169.147.146 - - [22/Dec/2022:11:05:09 +0800] "GET /xingrg/all/function/internal_message.html?_=1671678324440&CODE_STATE=getMsg HTTP/1.1" 200 27
114.84.81.136 - - [22/Dec/2022:11:05:25 +0800] "GET /xingrg/index.html?sysBaseUrl=http%3A%2F%2F180.169.147.146%3A18081%2Fxingrg%2F&costTime=44×tamp=1622098168715 HTTP/1.1" 302 -
114.84.81.136 - - [22/Dec/2022:11:05:25 +0800] "GET /xingrg/login.html HTTP/1.1" 200 7641
114.84.81.136 - - [22/Dec/2022:11:05:25 +0800] "GET /favicon.ico HTTP/1.1" 404 -
116.230.105.139 - - [22/Dec/2022:11:05:26 +0800] "GET /xingrg/all/function/internal_message.html?_=1671678319549&CODE_STATE=getMsg HTTP/1.1" 200 27
116.238.139.35 - - [22/Dec/2022:11:05:28 +0800] "GET /xingrg/all/function/internal_message.html?_=1671678346140&CODE_STATE=getMsg HTTP/1.1" 200 27
101.80.225.213 - - [22/Dec/2022:11:05:31 +0800] "GET /favicon.ico HTTP/1.1" 404 -
114.84.81.136 - - [22/Dec/2022:11:05:31 +0800] "POST /xingrg/login.do HTTP/1.1" 302 -
114.84.81.136 - - [22/Dec/2022:11:05:31 +0800] "GET /xingrg/index.html?sysBaseUrl=http%3A%2F%2F180.169.147.146%3A18081%2Fxingrg%2F&costTime=38×tamp=1671678331384 HTTP/1.1" 200 17179
114.84.81.136 - - [22/Dec/2022:11:05:31 +0800] "GET /favicon.ico HTTP/1.1" 404 -
114.84.81.136 - - [22/Dec/2022:11:05:31 +0800] "POST /xingrg/all/common/load_tree.html?tree=area_rest_tree_json&manage=1 HTTP/1.1" 200 351
114.84.81.136 - - [22/Dec/2022:11:05:31 +0800] "GET /xingrg/all/function/internal_message.html?_=1671678355363&CODE_STATE=count HTTP/1.1" 200 11
114.84.81.136 - - [22/Dec/2022:11:05:31 +0800] "GET /xingrg/check_reg.html?_=1671678355364 HTTP/1.1" 200 22
114.84.81.136 - - [22/Dec/2022:11:05:31 +0800] "POST /xingrg/load_menu.html HTTP/1.1" 200 5138
114.84.81.136 - - [22/Dec/2022:11:05:34 +0800] "GET /xingrg/kc/base/wldb_order_list.html HTTP/1.1" 200 19107
114.84.81.136 - - [22/Dec/2022:11:05:35 +0800] "POST /xingrg/kc/base/wldb_list_operate.html HTTP/1.1" 200 928
114.84.81.136 - - [22/Dec/2022:11:05:36 +0800] "GET /xingrg/kc/base/wldb_order_add.html HTTP/1.1" 200 30386
114.84.81.136 - - [22/Dec/2022:11:05:36 +0800] "POST /xingrg/kc/base/wldb_order_operate.html HTTP/1.1" 200 6806
114.84.81.136 - - [22/Dec/2022:11:05:36 +0800] "GET /xingrg/all/common/auto_word.html?type=base&rest_code=00148 HTTP/1.1" 200 1799
114.84.81.136 - - [22/Dec/2022:11:05:36 +0800] "GET /xingrg/all/common/auto_word.html?type=base&rest_code=00148 HTTP/1.1" 200 1799
114.84.81.136 - - [22/Dec/2022:11:05:36 +0800] "GET /xingrg/javascript/easyui/themes/default/validatebox.css HTTP/1.1" 404 1104
114.84.81.136 - - [22/Dec/2022:11:05:41 +0800] "GET /xingrg/kc/buy/cgsh_order_list.html HTTP/1.1" 200 54084
114.84.81.136 - - [22/Dec/2022:11:05:42 +0800] "POST /xingrg/kc/buy/cgsh_list_operate.html HTTP/1.1" 200 986
114.84.81.136 - - [22/Dec/2022:11:05:42 +0800] "GET /xingrg/kc/buy/cgsh_order_add.html HTTP/1.1" 200 69854
114.84.81.136 - - [22/Dec/2022:11:05:42 +0800] "POST /xingrg/kc/buy/cgsh_order_operate.html HTTP/1.1" 200 8245
114.84.81.136 - - [22/Dec/2022:11:05:42 +0800] "GET /xingrg/javascript/easyui/themes/default/validatebox.css HTTP/1.1" 404 1104
114.84.81.136 - - [22/Dec/2022:11:05:42 +0800] "GET /xingrg/all/common/auto_word.html?type=employee&rest_code=00148 HTTP/1.1" 200 243
114.84.81.136 - - [22/Dec/2022:11:05:42 +0800] "GET /xingrg/all/common/auto_word.html?type=employee&rest_code=00148 HTTP/1.1" 200 243
180.169.147.146 - - [22/Dec/2022:11:05:43 +0800] "GET /xingrg/all/function/internal_message.html?_=1671678358709&CODE_STATE=getMsg HTTP/1.1" 200 27
114.84.81.136 - - [22/Dec/2022:11:05:45 +0800] "GET /xingrg/javascript/auto/indicator.gif HTTP/1.1" 404 1066
114.84.81.136 - - [22/Dec/2022:11:05:46 +0800] "GET /xingrg/javascript/jquery_tools/images/next.gif HTTP/1.1" 404 1086
114.84.81.136 - - [22/Dec/2022:11:05:46 +0800] "GET /xingrg/javascript/jquery_tools/images/prev.gif HTTP/1.1" 404 1086
114.84.171.241 - - [22/Dec/2022:11:05:56 +0800] "GET /xingrg/all/function/internal_message.html?_=1671678370611&CODE_STATE=getMsg HTTP/1.1" 200 27
114.84.81.136 - - [22/Dec/2022:11:05:58 +0800] "GET /xingrg/kc/buy/cgsh_order_operate.html?command=get_materiel&rest_code=00148&code=00101010310&supplier_code=00100314&order_time=2022-12-22 HTTP/1.1" 200 423
114.84.38.109 - - [22/Dec/2022:11:06:02 +0800] "GET /xingrg/all/function/internal_message.html?_=1671678391242&CODE_STATE=getMsg HTTP/1.1" 200 27
180.169.147.146 - - [22/Dec/2022:11:06:09 +0800] "GET /xingrg/all/function/internal_message.html?_=1671678384445&CODE_STATE=getMsg HTTP/1.1" 200 27
114.84.81.136 - - [22/Dec/2022:11:06:14 +0800] "GET /xingrg/kc/buy/cgsh_order_operate.html?command=get_materiel&rest_code=00148&code=00102026001&supplier_code=00100314&order_time=2022-12-22 HTTP/1.1" 200 409
116.230.105.139 - - [22/Dec/2022:11:06:26 +0800] "GET /xingrg/all/function/internal_message.html?_=1671678379522&CODE_STATE=getMsg HTTP/1.1" 200 27
116.238.139.35 - - [22/Dec/2022:11:06:28 +0800] "GET /xingrg/check_reg.html?_=1671678406141 HTTP/1.1" 200 22
116.238.139.35 - - [22/Dec/2022:11:06:28 +0800] "GET /xingrg/all/function/internal_message.html?_=1671678406146&CODE_STATE=getMsg HTTP/1.1" 200 27
114.84.81.136 - - [22/Dec/2022:11:06:31 +0800] "GET /xingrg/all/function/internal_message.html?_=1671678415385&CODE_STATE=getMsg HTTP/1.1" 200 27
58.221.95.50 - - [22/Dec/2022:11:06:40 +0800] "GET /xingrg/check_reg.html?_=1671678415893 HTTP/1.1" 302 -
180.169.147.146 - - [22/Dec/2022:11:06:43 +0800] "GET /xingrg/all/function/internal_message.html?_=1671678418701&CODE_STATE=getMsg HTTP/1.1" 200 27
180.165.52.19 - - [22/Dec/2022:11:06:45 +0800] "GET /xingrg/login.html HTTP/1.1" 200 7641
180.165.52.19 - - [22/Dec/2022:11:06:45 +0800] "GET /favicon.ico HTTP/1.1" 404 -
114.84.38.109 - - [22/Dec/2022:11:06:46 +0800] "GET /xingrg/check_reg.html?_=1671678435336 HTTP/1.1" 200 22
180.165.52.19 - - [22/Dec/2022:11:06:47 +0800] "POST /xingrg/login.do HTTP/1.1" 302 -
180.165.52.19 - - [22/Dec/2022:11:06:47 +0800] "GET /xingrg/index.html?sysBaseUrl=http%3A%2F%2F180.169.147.146%3A18081%2Fxingrg%2F&costTime=39×tamp=1671678407228 HTTP/1.1" 200 17183
180.165.52.19 - - [22/Dec/2022:11:06:47 +0800] "GET /favicon.ico HTTP/1.1" 404 -
180.165.52.19 - - [22/Dec/2022:11:06:47 +0800] "POST /xingrg/all/common/load_tree.html?tree=area_rest_tree_json&manage=1 HTTP/1.1" 200 357
180.165.52.19 - - [22/Dec/2022:11:06:47 +0800] "GET /xingrg/all/function/internal_message.html?_=1671678421125&CODE_STATE=count HTTP/1.1" 200 11
180.165.52.19 - - [22/Dec/2022:11:06:47 +0800] "GET /xingrg/check_reg.html?_=1671678421125 HTTP/1.1" 200 22
180.165.52.19 - - [22/Dec/2022:11:06:47 +0800] "POST /xingrg/load_menu.html HTTP/1.1" 200 5138
180.165.52.19 - - [22/Dec/2022:11:06:48 +0800] "GET /xingrg/kc/buy/buy_main.html HTTP/1.1" 200 12412
180.165.52.19 - - [22/Dec/2022:11:06:48 +0800] "GET /xingrg/css/new_ie.css HTTP/1.1" 404 1036
180.165.52.19 - - [22/Dec/2022:11:06:48 +0800] "GET /xingrg/javascript/ToolTips.js HTTP/1.1" 200 5615
180.165.52.19 - - [22/Dec/2022:11:06:48 +0800] "GET /xingrg/javascript/jquery_ui/jquery-ui.min.js HTTP/1.1" 200 186181
180.165.52.19 - - [22/Dec/2022:11:06:48 +0800] "GET /xingrg/images/blue/button/cgxqd.gif HTTP/1.1" 200 2619
180.165.52.19 - - [22/Dec/2022:11:06:48 +0800] "GET /xingrg/images/blue/button/cgydd.gif HTTP/1.1" 200 2712
180.165.52.19 - - [22/Dec/2022:11:06:48 +0800] "GET /xingrg/css/blue.css HTTP/1.1" 200 15949
180.165.52.19 - - [22/Dec/2022:11:06:48 +0800] "GET /xingrg/images/blue/button/cgshd.gif HTTP/1.1" 200 2618
180.165.52.19 - - [22/Dec/2022:11:06:48 +0800] "GET /xingrg/images/blue/button/cgfkd.gif HTTP/1.1" 200 2075
180.165.52.19 - - [22/Dec/2022:11:06:48 +0800] "GET /xingrg/javascript/jquery_ui/themes/humanity/humanity.css HTTP/1.1" 200 27801
180.165.52.19 - - [22/Dec/2022:11:06:48 +0800] "GET /xingrg/images/blue/button/kc.gif HTTP/1.1" 200 2160
180.165.52.19 - - [22/Dec/2022:11:06:48 +0800] "GET /xingrg/javascript/myfunction.js HTTP/1.1" 200 24559
180.165.52.19 - - [22/Dec/2022:11:06:48 +0800] "GET /xingrg/images/blue/button/ckthd.gif HTTP/1.1" 200 2045
180.165.52.19 - - [22/Dec/2022:11:06:48 +0800] "GET /xingrg/images/blue/pic_form2.gif HTTP/1.1" 200 1853
180.165.52.19 - - [22/Dec/2022:11:06:49 +0800] "GET /xingrg/images/blue/bg_dotted.jpg HTTP/1.1" 200 319
180.165.52.19 - - [22/Dec/2022:11:06:49 +0800] "GET /xingrg/images/blue/button/down_ah.jpg HTTP/1.1" 200 1732
180.165.52.19 - - [22/Dec/2022:11:06:49 +0800] "GET /xingrg/javascript/jquery_ui/themes/humanity/images/ui-bg_inset-soft_100_f4f0ec_1x100.png HTTP/1.1" 200 141
180.165.52.19 - - [22/Dec/2022:11:06:49 +0800] "GET /xingrg/images/blue/button/right_ah.jpg HTTP/1.1" 200 1744
180.165.52.19 - - [22/Dec/2022:11:06:49 +0800] "GET /xingrg/javascript/jquery_ui/themes/humanity/images/ui-bg_glass_70_ede4d4_1x400.png HTTP/1.1" 200 161
180.165.52.19 - - [22/Dec/2022:11:06:49 +0800] "GET /xingrg/javascript/jquery_ui/themes/humanity/images/ui-iconsnew.jpg HTTP/1.1" 200 337
180.165.52.19 - - [22/Dec/2022:11:06:49 +0800] "GET /xingrg/javascript/jquery_ui/themes/humanity/images/ui-icons_ffffff_256x240.png HTTP/1.1" 200 4369
180.165.52.19 - - [22/Dec/2022:11:06:49 +0800] "GET /xingrg/javascript/jquery_ui/themes/humanity/images/ui-icons_c47a23_256x240.png HTTP/1.1" 200 5355
180.165.52.19 - - [22/Dec/2022:11:06:49 +0800] "GET /xingrg/images/yd/bt.gif HTTP/1.1" 404 1040
180.165.52.19 - - [22/Dec/2022:11:06:49 +0800] "GET /xingrg/kc/buy/cgsh_order_list.html HTTP/1.1" 200 54088
180.165.52.19 - - [22/Dec/2022:11:06:51 +0800] "POST /xingrg/kc/buy/cgsh_list_operate.html HTTP/1.1" 200 986
180.165.52.19 - - [22/Dec/2022:11:06:52 +0800] "GET /xingrg/kc/buy/cgsh_order_add.html HTTP/1.1" 200 69896
180.165.52.19 - - [22/Dec/2022:11:06:52 +0800] "POST /xingrg/kc/buy/cgsh_order_operate.html HTTP/1.1" 200 8245
180.165.52.19 - - [22/Dec/2022:11:06:52 +0800] "GET /xingrg/all/common/auto_word.html?type=employee&rest_code=00108 HTTP/1.1" 200 101
180.165.52.19 - - [22/Dec/2022:11:06:52 +0800] "GET /xingrg/javascript/easyui/themes/default/validatebox.css HTTP/1.1" 404 1104
180.165.52.19 - - [22/Dec/2022:11:06:52 +0800] "GET /xingrg/all/common/auto_word.html?type=employee&rest_code=00108 HTTP/1.1" 200 101
180.165.52.19 - - [22/Dec/2022:11:06:56 +0800] "GET /xingrg/javascript/auto/indicator.gif HTTP/1.1" 404 1066
114.84.171.241 - - [22/Dec/2022:11:06:56 +0800] "GET /xingrg/all/function/internal_message.html?_=1671678430610&CODE_STATE=getMsg HTTP/1.1" 200 27
180.165.52.19 - - [22/Dec/2022:11:06:58 +0800] "GET /xingrg/javascript/jquery_tools/images/prev.gif HTTP/1.1" 404 1086
180.165.52.19 - - [22/Dec/2022:11:06:58 +0800] "GET /xingrg/javascript/jquery_tools/images/next.gif HTTP/1.1" 404 1086
114.84.38.109 - - [22/Dec/2022:11:07:02 +0800] "GET /xingrg/all/function/internal_message.html?_=1671678451244&CODE_STATE=getMsg HTTP/1.1" 200 27
180.169.147.146 - - [22/Dec/2022:11:07:09 +0800] "GET /xingrg/all/function/internal_message.html?_=1671678444462&CODE_STATE=getMsg HTTP/1.1" 200 27
180.165.52.19 - - [22/Dec/2022:11:07:09 +0800] "GET /xingrg/kc/buy/cgsh_order_operate.html?command=get_materiel&rest_code=00108&code=00102010260&supplier_code=00100384&order_time=2022-12-22 HTTP/1.1" 200 417
116.230.105.139 - - [22/Dec/2022:11:07:25 +0800] "GET /xingrg/check_reg.html?_=1671678438500 HTTP/1.1" 200 22
180.165.52.19 - - [22/Dec/2022:11:07:25 +0800] "GET /xingrg/kc/buy/cgsh_order_operate.html?command=get_materiel&rest_code=00108&code=00102016341&supplier_code=00100384&order_time=2022-12-22 HTTP/1.1" 200 412
116.230.105.139 - - [22/Dec/2022:11:07:26 +0800] "GET /xingrg/all/function/internal_message.html?_=1671678439516&CODE_STATE=getMsg HTTP/1.1" 200 27
116.238.139.35 - - [22/Dec/2022:11:07:28 +0800] "GET /xingrg/all/function/internal_message.html?_=1671678466137&CODE_STATE=getMsg HTTP/1.1" 200 27
114.84.81.136 - - [22/Dec/2022:11:07:31 +0800] "GET /xingrg/all/function/internal_message.html?_=1671678475370&CODE_STATE=getMsg HTTP/1.1" 200 27
180.165.52.19 - - [22/Dec/2022:11:07:36 +0800] "GET /xingrg/kc/buy/cgsh_order_operate.html?command=get_materiel&rest_code=00108&code=00102009876&supplier_code=00100384&order_time=2022-12-22 HTTP/1.1" 200 412
180.169.147.146 - - [22/Dec/2022:11:07:43 +0800] "GET /xingrg/all/function/internal_message.html?_=1671678478712&CODE_STATE=getMsg HTTP/1.1" 200 27
180.165.52.19 - - [22/Dec/2022:11:07:46 +0800] "GET /xingrg/kc/buy/cgsh_order_operate.html?command=get_materiel&rest_code=00108&code=00102010887&supplier_code=00100384&order_time=2022-12-22 HTTP/1.1" 200 408
180.165.52.19 - - [22/Dec/2022:11:07:47 +0800] "GET /xingrg/all/function/internal_message.html?_=1671678481133&CODE_STATE=getMsg HTTP/1.1" 200 27
114.84.171.241 - - [22/Dec/2022:11:07:56 +0800] "GET /xingrg/all/function/internal_message.html?_=1671678490601&CODE_STATE=getMsg HTTP/1.1" 200 27
114.84.38.109 - - [22/Dec/2022:11:08:02 +0800] "GET /xingrg/all/function/internal_message.html?_=1671678511257&CODE_STATE=getMsg HTTP/1.1" 200 27
180.169.147.146 - - [22/Dec/2022:11:08:09 +0800] "GET /xingrg/check_reg.html?_=1671678504464 HTTP/1.1" 200 22
180.169.147.146 - - [22/Dec/2022:11:08:09 +0800] "GET /xingrg/all/function/internal_message.html?_=1671678504466&CODE_STATE=getMsg HTTP/1.1" 200 27
180.165.52.19 - - [22/Dec/2022:11:08:20 +0800] "GET /xingrg/kc/buy/cgsh_order_operate.html?command=get_materiel&rest_code=00108&code=00102009622&supplier_code=00100384&order_time=2022-12-22 HTTP/1.1" 200 426
116.230.105.139 - - [22/Dec/2022:11:08:26 +0800] "GET /xingrg/all/function/internal_message.html?_=1671678499497&CODE_STATE=getMsg HTTP/1.1" 200 27
116.238.139.35 - - [22/Dec/2022:11:08:28 +0800] "GET /xingrg/all/function/internal_message.html?_=1671678526138&CODE_STATE=getMsg HTTP/1.1" 200 27
114.84.81.136 - - [22/Dec/2022:11:08:31 +0800] "GET /xingrg/all/function/internal_message.html?_=1671678535368&CODE_STATE=getMsg HTTP/1.1" 200 27
180.169.147.146 - - [22/Dec/2022:11:08:43 +0800] "GET /xingrg/check_reg.html?_=1671678538707 HTTP/1.1" 200 22
180.169.147.146 - - [22/Dec/2022:11:08:43 +0800] "GET /xingrg/all/function/internal_message.html?_=1671678538708&CODE_STATE=getMsg HTTP/1.1" 200 27
180.165.52.19 - - [22/Dec/2022:11:08:47 +0800] "GET /xingrg/all/function/internal_message.html?_=1671678541143&CODE_STATE=getMsg HTTP/1.1" 200 27
114.84.171.241 - - [22/Dec/2022:11:08:56 +0800] "GET /xingrg/all/function/internal_message.html?_=1671678550599&CODE_STATE=getMsg HTTP/1.1" 200 27
114.84.171.241 - - [22/Dec/2022:11:08:56 +0800] "GET /xingrg/check_reg.html?_=1671678550602 HTTP/1.1" 200 22
114.84.38.109 - - [22/Dec/2022:11:09:02 +0800] "GET /xingrg/all/function/internal_message.html?_=1671678571439&CODE_STATE=getMsg HTTP/1.1" 200 27
180.169.147.146 - - [22/Dec/2022:11:09:09 +0800] "GET /xingrg/all/function/internal_message.html?_=1671678564456&CODE_STATE=getMsg HTTP/1.1" 200 27
116.238.139.35 - - [22/Dec/2022:11:09:28 +0800] "GET /xingrg/all/function/internal_message.html?_=1671678586139&CODE_STATE=getMsg HTTP/1.1" 200 27
114.84.81.136 - - [22/Dec/2022:11:09:31 +0800] "GET /xingrg/all/function/internal_message.html?_=1671678595383&CODE_STATE=getMsg HTTP/1.1" 200 27
180.169.147.146 - - [22/Dec/2022:11:09:43 +0800] "GET /xingrg/all/function/internal_message.html?_=1671678598713&CODE_STATE=getMsg HTTP/1.1" 200 27
180.165.52.19 - - [22/Dec/2022:11:09:47 +0800] "GET /xingrg/all/function/internal_message.html?_=1671678601159&CODE_STATE=getMsg HTTP/1.1" 200 27
114.84.171.241 - - [22/Dec/2022:11:09:56 +0800] "GET /xingrg/all/function/internal_message.html?_=1671678610601&CODE_STATE=getMsg HTTP/1.1" 200 27
114.84.38.109 - - [22/Dec/2022:11:10:02 +0800] "GET /xingrg/all/function/internal_message.html?_=1671678631443&CODE_STATE=getMsg HTTP/1.1" 200 27
114.84.38.109 - - [22/Dec/2022:11:10:06 +0800] "POST /xingrg/services/DataTransmitService HTTP/1.1" 200 524
114.84.38.109 - - [22/Dec/2022:11:10:10 +0800] "POST /xingrg/services/DataTransmitService HTTP/1.1" 200 501
58.40.7.146 - - [22/Dec/2022:11:10:27 +0800] "POST /xingrg/services/DataTransmitService HTTP/1.1" 200 524
116.238.139.35 - - [22/Dec/2022:11:10:28 +0800] "GET /xingrg/all/function/internal_message.html?_=1671678646141&CODE_STATE=getMsg HTTP/1.1" 200 27
114.84.81.136 - - [22/Dec/2022:11:10:31 +0800] "GET /xingrg/check_reg.html?_=1671678655366 HTTP/1.1" 200 22
114.84.81.136 - - [22/Dec/2022:11:10:31 +0800] "GET /xingrg/all/function/internal_message.html?_=1671678655368&CODE_STATE=getMsg HTTP/1.1" 200 27
180.169.147.146 - - [22/Dec/2022:11:10:43 +0800] "GET /xingrg/all/function/internal_message.html?_=1671678658714&CODE_STATE=getMsg HTTP/1.1" 200 27
180.165.52.19 - - [22/Dec/2022:11:10:47 +0800] "GET /xingrg/all/function/internal_message.html?_=1671678661137&CODE_STATE=getMsg HTTP/1.1" 200 27
114.84.171.241 - - [22/Dec/2022:11:10:56 +0800] "GET /xingrg/all/function/internal_message.html?_=1671678670601&CODE_STATE=getMsg HTTP/1.1" 200 27
114.84.38.109 - - [22/Dec/2022:11:11:02 +0800] "GET /xingrg/all/function/internal_message.html?_=1671678691649&CODE_STATE=getMsg HTTP/1.1" 200 27
116.238.139.35 - - [22/Dec/2022:11:11:28 +0800] "GET /xingrg/all/function/internal_message.html?_=1671678706147&CODE_STATE=getMsg HTTP/1.1" 200 27
116.238.139.35 - - [22/Dec/2022:11:11:28 +0800] "GET /xingrg/check_reg.html?_=1671678706150 HTTP/1.1" 200 22
114.84.81.136 - - [22/Dec/2022:11:11:31 +0800] "GET /xingrg/all/function/internal_message.html?_=1671678715368&CODE_STATE=getMsg HTTP/1.1" 200 27
58.221.95.50 - - [22/Dec/2022:11:11:40 +0800] "GET /xingrg/check_reg.html?_=1671678715880 HTTP/1.1" 302 -
180.169.147.146 - - [22/Dec/2022:11:11:43 +0800] "GET /xingrg/all/function/internal_message.html?_=1671678718711&CODE_STATE=getMsg HTTP/1.1" 200 27
114.84.38.109 - - [22/Dec/2022:11:11:46 +0800] "GET /xingrg/check_reg.html?_=1671678735342 HTTP/1.1" 200 22
180.165.52.19 - - [22/Dec/2022:11:11:47 +0800] "GET /xingrg/check_reg.html?_=1671678721127 HTTP/1.1" 200 22
180.165.52.19 - - [22/Dec/2022:11:11:47 +0800] "GET /xingrg/all/function/internal_message.html?_=1671678721129&CODE_STATE=getMsg HTTP/1.1" 200 27
114.84.171.241 - - [22/Dec/2022:11:11:56 +0800] "GET /xingrg/all/function/internal_message.html?_=1671678730601&CODE_STATE=getMsg HTTP/1.1" 200 27
114.84.38.109 - - [22/Dec/2022:11:12:02 +0800] "GET /xingrg/all/function/internal_message.html?_=1671678751655&CODE_STATE=getMsg HTTP/1.1" 200 27
116.238.139.35 - - [22/Dec/2022:11:12:28 +0800] "GET /xingrg/all/function/internal_message.html?_=1671678766153&CODE_STATE=getMsg HTTP/1.1" 200 27
114.84.81.136 - - [22/Dec/2022:11:12:31 +0800] "GET /xingrg/all/function/internal_message.html?_=1671678775366&CODE_STATE=getMsg HTTP/1.1" 200 27
101.80.228.88 - - [22/Dec/2022:11:12:41 +0800] "GET /favicon.ico HTTP/1.1" 404 -
114.88.159.190 - - [22/Dec/2022:11:12:42 +0800] "POST /xingrg/services/DataTransmitService HTTP/1.1" 200 524
180.169.147.146 - - [22/Dec/2022:11:12:43 +0800] "GET /xingrg/all/function/internal_message.html?_=1671678778703&CODE_STATE=getMsg HTTP/1.1" 200 27
180.165.52.19 - - [22/Dec/2022:11:12:47 +0800] "GET /xingrg/all/function/internal_message.html?_=1671678781142&CODE_STATE=getMsg HTTP/1.1" 200 27
114.84.171.241 - - [22/Dec/2022:11:12:56 +0800] "GET /xingrg/all/function/internal_message.html?_=1671678790602&CODE_STATE=getMsg HTTP/1.1" 200 27
114.84.38.109 - - [22/Dec/2022:11:13:02 +0800] "GET /xingrg/all/function/internal_message.html?_=1671678811669&CODE_STATE=getMsg HTTP/1.1" 200 27
116.238.139.35 - - [22/Dec/2022:11:13:28 +0800] "GET /xingrg/all/function/internal_message.html?_=1671678826156&CODE_STATE=getMsg HTTP/1.1" 200 27
114.84.81.136 - - [22/Dec/2022:11:13:31 +0800] "GET /xingrg/all/function/internal_message.html?_=1671678835380&CODE_STATE=getMsg HTTP/1.1" 200 27
180.169.147.146 - - [22/Dec/2022:11:13:43 +0800] "GET /xingrg/all/function/internal_message.html?_=1671678838722&CODE_STATE=getMsg HTTP/1.1" 200 27
180.169.147.146 - - [22/Dec/2022:11:13:43 +0800] "GET /xingrg/check_reg.html?_=1671678838723 HTTP/1.1" 200 22
180.165.52.19 - - [22/Dec/2022:11:13:47 +0800] "GET /xingrg/all/function/internal_message.html?_=1671678841151&CODE_STATE=getMsg HTTP/1.1" 200 27
114.88.159.190 - - [22/Dec/2022:11:13:49 +0800] "GET /xingrg/check_reg.html?_=1671678433489 HTTP/1.1" 302 -
114.88.159.190 - - [22/Dec/2022:11:13:49 +0800] "GET /xingrg/login.html HTTP/1.1" 200 7641
114.88.159.190 - - [22/Dec/2022:11:13:51 +0800] "GET /xingrg/kc/buy/buy_main.html HTTP/1.1" 302 -
114.88.159.190 - - [22/Dec/2022:11:13:51 +0800] "GET /xingrg/login.html HTTP/1.1" 200 7641
114.88.159.190 - - [22/Dec/2022:11:13:51 +0800] "GET /xingrg/login.html HTTP/1.1" 200 7641
114.88.159.190 - - [22/Dec/2022:11:13:51 +0800] "GET /favicon.ico HTTP/1.1" 404 -
114.88.159.190 - - [22/Dec/2022:11:13:52 +0800] "POST /xingrg/login.do HTTP/1.1" 302 -
114.88.159.190 - - [22/Dec/2022:11:13:52 +0800] "GET /xingrg/index.html?sysBaseUrl=http%3A%2F%2F180.169.147.146%3A18081%2Fxingrg%2F&costTime=39×tamp=1671678832785 HTTP/1.1" 200 17179
114.88.159.190 - - [22/Dec/2022:11:13:52 +0800] "POST /xingrg/all/common/load_tree.html?tree=area_rest_tree_json&manage=1 HTTP/1.1" 200 351
114.88.159.190 - - [22/Dec/2022:11:13:53 +0800] "GET /xingrg/check_reg.html?_=1671678437015 HTTP/1.1" 200 22
114.88.159.190 - - [22/Dec/2022:11:13:53 +0800] "GET /xingrg/all/function/internal_message.html?_=1671678437014&CODE_STATE=count HTTP/1.1" 200 11
114.88.159.190 - - [22/Dec/2022:11:13:53 +0800] "GET /favicon.ico HTTP/1.1" 404 -
114.88.159.190 - - [22/Dec/2022:11:13:53 +0800] "POST /xingrg/load_menu.html HTTP/1.1" 200 5138
114.88.159.190 - - [22/Dec/2022:11:13:56 +0800] "GET /xingrg/kc/buy/buy_main.html HTTP/1.1" 200 12412
114.88.159.190 - - [22/Dec/2022:11:13:56 +0800] "GET /xingrg/css/new_ie.css HTTP/1.1" 404 1036
114.84.171.241 - - [22/Dec/2022:11:13:56 +0800] "GET /xingrg/check_reg.html?_=1671678850597 HTTP/1.1" 200 22
114.84.171.241 - - [22/Dec/2022:11:13:56 +0800] "GET /xingrg/all/function/internal_message.html?_=1671678850600&CODE_STATE=getMsg HTTP/1.1" 200 27
114.84.38.109 - - [22/Dec/2022:11:14:02 +0800] "GET /xingrg/all/function/internal_message.html?_=1671678871844&CODE_STATE=getMsg HTTP/1.1" 200 27
116.238.139.35 - - [22/Dec/2022:11:14:28 +0800] "GET /xingrg/all/function/internal_message.html?_=1671678886158&CODE_STATE=getMsg HTTP/1.1" 200 27
114.84.81.136 - - [22/Dec/2022:11:14:31 +0800] "GET /xingrg/all/function/internal_message.html?_=1671678895385&CODE_STATE=getMsg HTTP/1.1" 200 27
180.169.147.146 - - [22/Dec/2022:11:14:43 +0800] "GET /xingrg/all/function/internal_message.html?_=1671678898706&CODE_STATE=getMsg HTTP/1.1" 200 27
180.165.52.19 - - [22/Dec/2022:11:14:47 +0800] "GET /xingrg/all/function/internal_message.html?_=1671678901127&CODE_STATE=getMsg HTTP/1.1" 200 27
114.88.159.190 - - [22/Dec/2022:11:14:53 +0800] "GET /xingrg/all/function/internal_message.html?_=1671678497026&CODE_STATE=getMsg HTTP/1.1" 200 27
180.165.52.19 - - [22/Dec/2022:11:14:56 +0800] "GET /xingrg/kc/buy/cgsh_order_operate.html?command=get_materiel&rest_code=00108&code=00102009896&supplier_code=00100384&order_time=2022-12-22 HTTP/1.1" 200 424
114.84.171.241 - - [22/Dec/2022:11:14:56 +0800] "GET /xingrg/all/function/internal_message.html?_=1671678910601&CODE_STATE=getMsg HTTP/1.1" 200 27
114.84.81.136 - - [22/Dec/2022:11:15:01 +0800] "POST /xingrg/kc/buy/cgsh_order_operate.html HTTP/1.1" 200 37
114.84.38.109 - - [22/Dec/2022:11:15:02 +0800] "GET /xingrg/all/function/internal_message.html?_=1671678931851&CODE_STATE=getMsg HTTP/1.1" 200 27
114.84.81.136 - - [22/Dec/2022:11:15:03 +0800] "POST /xingrg/kc/buy/cgsh_order_operate.html HTTP/1.1" 200 3267
114.84.81.136 - - [22/Dec/2022:11:15:04 +0800] "GET /xingrg/kc/print/load_config.html?kc_code=cgsh HTTP/1.1" 200 1943
114.84.81.136 - - [22/Dec/2022:11:15:04 +0800] "GET /xingrg/kc/print/load_data.html?order_code=212022122205302&kc_code=cgsh&condition= HTTP/1.1" 200 913
114.84.81.136 - - [22/Dec/2022:11:15:12 +0800] "POST /xingrg/kc/buy/cgsh_order_operate.html HTTP/1.1" 200 37
114.84.81.136 - - [22/Dec/2022:11:15:17 +0800] "POST /xingrg/kc/buy/cgsh_order_operate.html HTTP/1.1" 200 12
180.165.52.19 - - [22/Dec/2022:11:15:18 +0800] "GET /xingrg/kc/buy/cgsh_order_operate.html?command=get_materiel&rest_code=00108&code=00102009154&supplier_code=00100384&order_time=2022-12-22 HTTP/1.1" 200 412
114.84.81.136 - - [22/Dec/2022:11:15:18 +0800] "GET /xingrg/kc/buy/cgsh_order_info.html?code=212022122205302 HTTP/1.1" 200 64756
114.84.81.136 - - [22/Dec/2022:11:15:19 +0800] "GET /xingrg/javascript/easyui/themes/default/validatebox.css HTTP/1.1" 404 1104
114.84.81.136 - - [22/Dec/2022:11:15:20 +0800] "POST /xingrg/kc/buy/cgsh_order_operate.html HTTP/1.1" 200 1217
114.84.81.136 - - [22/Dec/2022:11:15:21 +0800] "GET /xingrg/kc/buy/cgsh_order_add.html HTTP/1.1" 200 69854
114.84.81.136 - - [22/Dec/2022:11:15:21 +0800] "POST /xingrg/kc/buy/cgsh_order_operate.html HTTP/1.1" 200 8245
114.84.81.136 - - [22/Dec/2022:11:15:21 +0800] "GET /xingrg/javascript/easyui/themes/default/validatebox.css HTTP/1.1" 404 1104
116.238.139.35 - - [22/Dec/2022:11:15:29 +0800] "GET /xingrg/all/function/internal_message.html?_=1671678946165&CODE_STATE=getMsg HTTP/1.1" 200 27
114.84.81.136 - - [22/Dec/2022:11:15:31 +0800] "GET /xingrg/check_reg.html?_=1671678955391 HTTP/1.1" 200 22
114.84.81.136 - - [22/Dec/2022:11:15:31 +0800] "GET /xingrg/all/function/internal_message.html?_=1671678955394&CODE_STATE=getMsg HTTP/1.1" 200 27
180.165.52.19 - - [22/Dec/2022:11:15:33 +0800] "GET /xingrg/kc/buy/cgsh_order_operate.html?command=get_materiel&rest_code=00108&code=00102010591&supplier_code=00100384&order_time=2022-12-22 HTTP/1.1" 200 423
114.84.81.136 - - [22/Dec/2022:11:15:34 +0800] "GET /xingrg/kc/buy/cgsh_order_operate.html?command=get_materiel&rest_code=00148&code=00101010908&supplier_code=00100588&order_time=2022-12-22 HTTP/1.1" 200 416
180.169.147.146 - - [22/Dec/2022:11:15:43 +0800] "GET /xingrg/all/function/internal_message.html?_=1671678958704&CODE_STATE=getMsg HTTP/1.1" 200 27
114.84.81.136 - - [22/Dec/2022:11:15:44 +0800] "POST /xingrg/kc/buy/cgsh_order_operate.html HTTP/1.1" 200 37
114.84.81.136 - - [22/Dec/2022:11:15:46 +0800] "POST /xingrg/kc/buy/cgsh_order_operate.html HTTP/1.1" 200 2669
114.88.159.190 - - [22/Dec/2022:11:15:47 +0800] "GET /xingrg/images/yd/bt.gif HTTP/1.1" 404 1040
180.165.52.19 - - [22/Dec/2022:11:15:47 +0800] "GET /xingrg/all/function/internal_message.html?_=1671678961148&CODE_STATE=getMsg HTTP/1.1" 200 27
114.84.81.136 - - [22/Dec/2022:11:15:47 +0800] "GET /xingrg/kc/print/load_data.html?order_code=212022122205303&kc_code=cgsh&condition= HTTP/1.1" 200 681
114.88.159.190 - - [22/Dec/2022:11:15:49 +0800] "GET /xingrg/kc/buy/cgsh_order_list.html HTTP/1.1" 200 54084
180.165.52.19 - - [22/Dec/2022:11:15:50 +0800] "GET /xingrg/kc/buy/cgsh_order_operate.html?command=get_materiel&rest_code=00108&code=00102009690&supplier_code=00100384&order_time=2022-12-22 HTTP/1.1" 200 424
114.88.159.190 - - [22/Dec/2022:11:15:50 +0800] "POST /xingrg/kc/buy/cgsh_list_operate.html HTTP/1.1" 200 986
114.88.159.190 - - [22/Dec/2022:11:15:53 +0800] "GET /xingrg/all/function/internal_message.html?_=1671678557031&CODE_STATE=getMsg HTTP/1.1" 200 27
114.84.171.241 - - [22/Dec/2022:11:15:56 +0800] "GET /xingrg/all/function/internal_message.html?_=1671678970601&CODE_STATE=getMsg HTTP/1.1" 200 27
114.84.38.109 - - [22/Dec/2022:11:16:03 +0800] "GET /xingrg/all/function/internal_message.html?_=1671678992038&CODE_STATE=getMsg HTTP/1.1" 200 27
114.84.81.136 - - [22/Dec/2022:11:16:21 +0800] "POST /xingrg/kc/buy/cgsh_order_operate.html HTTP/1.1" 200 37
180.165.52.19 - - [22/Dec/2022:11:16:24 +0800] "GET /xingrg/kc/buy/cgsh_order_operate.html?command=get_materiel&rest_code=00108&code=00102016078&supplier_code=00100384&order_time=2022-12-22 HTTP/1.1" 200 422
114.84.81.136 - - [22/Dec/2022:11:16:26 +0800] "POST /xingrg/kc/buy/cgsh_order_operate.html HTTP/1.1" 200 12
114.84.81.136 - - [22/Dec/2022:11:16:27 +0800] "GET /xingrg/kc/buy/cgsh_order_info.html?code=212022122205303 HTTP/1.1" 200 64760
114.84.81.136 - - [22/Dec/2022:11:16:27 +0800] "GET /xingrg/javascript/easyui/themes/default/validatebox.css HTTP/1.1" 404 1104
114.84.81.136 - - [22/Dec/2022:11:16:28 +0800] "POST /xingrg/kc/buy/cgsh_order_operate.html HTTP/1.1" 200 619
116.238.139.35 - - [22/Dec/2022:11:16:28 +0800] "GET /xingrg/check_reg.html?_=1671679006152 HTTP/1.1" 200 22
116.238.139.35 - - [22/Dec/2022:11:16:28 +0800] "GET /xingrg/all/function/internal_message.html?_=1671679006155&CODE_STATE=getMsg HTTP/1.1" 200 27
114.84.81.136 - - [22/Dec/2022:11:16:31 +0800] "GET /xingrg/all/function/internal_message.html?_=1671679015399&CODE_STATE=getMsg HTTP/1.1" 200 27
114.84.81.136 - - [22/Dec/2022:11:16:35 +0800] "POST /xingrg/kc/buy/cgsh_list_operate.html HTTP/1.1" 200 986
114.88.159.190 - - [22/Dec/2022:11:16:39 +0800] "GET /xingrg/kc/buy/cgsh_order_add.html HTTP/1.1" 200 69860
114.88.159.190 - - [22/Dec/2022:11:16:39 +0800] "GET /xingrg/words/20221220171942_words.js HTTP/1.1" 304 -
114.88.159.190 - - [22/Dec/2022:11:16:39 +0800] "GET /xingrg/all/common/auto_word.html?type=employee&rest_code=00141 HTTP/1.1" 200 201
114.88.159.190 - - [22/Dec/2022:11:16:39 +0800] "GET /xingrg/javascript/easyui/themes/default/validatebox.css HTTP/1.1" 404 1104
114.88.159.190 - - [22/Dec/2022:11:16:39 +0800] "GET /xingrg/all/common/auto_word.html?type=employee&rest_code=00141 HTTP/1.1" 200 201
114.88.159.190 - - [22/Dec/2022:11:16:39 +0800] "POST /xingrg/kc/buy/cgsh_order_operate.html HTTP/1.1" 200 8245
58.221.95.50 - - [22/Dec/2022:11:16:40 +0800] "GET /xingrg/check_reg.html?_=1671679015864 HTTP/1.1" 302 -
180.169.147.146 - - [22/Dec/2022:11:16:43 +0800] "GET /xingrg/all/function/internal_message.html?_=1671679018721&CODE_STATE=getMsg HTTP/1.1" 200 27
114.88.159.190 - - [22/Dec/2022:11:16:44 +0800] "GET /xingrg/javascript/auto/indicator.gif HTTP/1.1" 404 1066
114.88.159.190 - - [22/Dec/2022:11:16:46 +0800] "GET /xingrg/javascript/jquery_tools/images/next.gif HTTP/1.1" 404 1086
114.88.159.190 - - [22/Dec/2022:11:16:46 +0800] "GET /xingrg/javascript/jquery_tools/images/prev.gif HTTP/1.1" 404 1086
114.84.38.109 - - [22/Dec/2022:11:16:46 +0800] "GET /xingrg/check_reg.html?_=1671679035344 HTTP/1.1" 200 22
180.165.52.19 - - [22/Dec/2022:11:16:47 +0800] "GET /xingrg/check_reg.html?_=1671679021159 HTTP/1.1" 200 22
180.165.52.19 - - [22/Dec/2022:11:16:47 +0800] "GET /xingrg/all/function/internal_message.html?_=1671679021164&CODE_STATE=getMsg HTTP/1.1" 200 27
180.165.52.19 - - [22/Dec/2022:11:16:50 +0800] "GET /xingrg/kc/buy/cgsh_order_operate.html?command=get_materiel&rest_code=00108&code=00102010292&supplier_code=00100384&order_time=2022-12-22 HTTP/1.1" 200 416
114.88.159.190 - - [22/Dec/2022:11:16:53 +0800] "GET /xingrg/all/function/internal_message.html?_=1671678617040&CODE_STATE=getMsg HTTP/1.1" 200 27
114.88.159.190 - - [22/Dec/2022:11:16:54 +0800] "GET /xingrg/kc/buy/cgsh_order_operate.html?command=get_materiel&rest_code=00141&code=00101008168&supplier_code=00100007&order_time=2022-12-22 HTTP/1.1" 200 412
114.84.171.241 - - [22/Dec/2022:11:16:56 +0800] "GET /xingrg/all/function/internal_message.html?_=1671679030609&CODE_STATE=getMsg HTTP/1.1" 200 27
114.84.38.109 - - [22/Dec/2022:11:17:03 +0800] "GET /xingrg/all/function/internal_message.html?_=1671679052053&CODE_STATE=getMsg HTTP/1.1" 200 27
114.88.159.190 - - [22/Dec/2022:11:17:07 +0800] "GET /xingrg/kc/buy/cgsh_order_operate.html?command=get_materiel&rest_code=00141&code=00101009016&supplier_code=00100007&order_time=2022-12-22 HTTP/1.1" 200 412
114.88.159.190 - - [22/Dec/2022:11:17:19 +0800] "GET /xingrg/kc/buy/cgsh_order_operate.html?command=get_materiel&rest_code=00141&code=00101009013&supplier_code=00100007&order_time=2022-12-22 HTTP/1.1" 200 420
180.165.52.19 - - [22/Dec/2022:11:17:25 +0800] "GET /xingrg/kc/buy/cgsh_order_operate.html?command=get_materiel&rest_code=00108&code=00102009551&supplier_code=00100384&order_time=2022-12-22 HTTP/1.1" 200 416
116.238.139.35 - - [22/Dec/2022:11:17:28 +0800] "GET /xingrg/all/function/internal_message.html?_=1671679066157&CODE_STATE=getMsg HTTP/1.1" 200 27
