222.69.192.184 - - [20/Dec/2022:12:10:37 +0800] "POST /xingrg/kc/buy/cgsh_list_operate.html HTTP/1.1" 200 986
101.93.183.100 - - [20/Dec/2022:12:10:38 +0800] "GET /xingrg/all/function/internal_message.html?_=1671509454616&CODE_STATE=getMsg HTTP/1.1" 200 27
222.69.192.184 - - [20/Dec/2022:12:10:44 +0800] "POST /xingrg/kc/buy/cgsh_list_operate.html HTTP/1.1" 200 986
222.69.192.184 - - [20/Dec/2022:12:10:45 +0800] "GET /xingrg/all/function/internal_message.html?_=1671509309072&CODE_STATE=getMsg HTTP/1.1" 200 27
114.84.38.109 - - [20/Dec/2022:12:10:55 +0800] "GET /xingrg/all/function/internal_message.html?_=1671509477242&CODE_STATE=getMsg HTTP/1.1" 200 27
222.69.192.184 - - [20/Dec/2022:12:10:56 +0800] "GET /xingrg/kc/buy/buy_main.html HTTP/1.1" 200 12412
222.69.192.184 - - [20/Dec/2022:12:10:56 +0800] "GET /xingrg/css/new_ie.css HTTP/1.1" 404 1036
58.221.95.50 - - [20/Dec/2022:12:10:56 +0800] "GET /xingrg/all/function/internal_message.html?_=1671509473754&CODE_STATE=getMsg HTTP/1.1" 200 27
222.69.192.184 - - [20/Dec/2022:12:10:57 +0800] "GET /xingrg/images/yd/bt.gif HTTP/1.1" 404 1040
222.69.192.184 - - [20/Dec/2022:12:10:58 +0800] "GET /xingrg/kc/buy/cgsh_order_list.html HTTP/1.1" 200 54078
114.84.171.241 - - [20/Dec/2022:12:10:59 +0800] "GET /xingrg/all/function/internal_message.html?_=1671509475841&CODE_STATE=getMsg HTTP/1.1" 200 27
222.69.192.184 - - [20/Dec/2022:12:11:00 +0800] "POST /xingrg/kc/buy/cgsh_list_operate.html HTTP/1.1" 200 2691
222.69.192.184 - - [20/Dec/2022:12:11:07 +0800] "GET /xingrg/javascript/jquery_tools/images/prev.gif HTTP/1.1" 404 1086
222.69.192.184 - - [20/Dec/2022:12:11:07 +0800] "GET /xingrg/javascript/jquery_tools/images/next.gif HTTP/1.1" 404 1086
116.238.139.35 - - [20/Dec/2022:12:11:11 +0800] "GET /xingrg/all/function/internal_message.html?_=1671509489277&CODE_STATE=getMsg HTTP/1.1" 200 27
116.238.139.35 - - [20/Dec/2022:12:11:15 +0800] "GET /xingrg/check_reg.html?_=1671509493478 HTTP/1.1" 200 22
101.93.183.100 - - [20/Dec/2022:12:11:18 +0800] "GET /xingrg/check_reg.html?_=1671509494389 HTTP/1.1" 200 22
116.230.105.139 - - [20/Dec/2022:12:11:18 +0800] "GET /xingrg/all/function/internal_message.html?_=1671509477204&CODE_STATE=getMsg HTTP/1.1" 200 27
116.238.139.35 - - [20/Dec/2022:12:11:19 +0800] "GET /xingrg/all/function/internal_message.html?_=1671509425397&CODE_STATE=getMsg HTTP/1.1" 200 27
222.69.192.184 - - [20/Dec/2022:12:11:21 +0800] "POST /xingrg/kc/buy/cgsh_list_operate.html HTTP/1.1" 200 986
180.169.147.146 - - [20/Dec/2022:12:11:27 +0800] "GET /xingrg/all/function/internal_message.html?_=1671509503242&CODE_STATE=getMsg HTTP/1.1" 200 27
180.169.147.146 - - [20/Dec/2022:12:11:29 +0800] "GET /xingrg/all/function/internal_message.html?_=1671509503604&CODE_STATE=getMsg HTTP/1.1" 200 27
124.78.155.190 - - [20/Dec/2022:12:11:32 +0800] "GET /xingrg/all/function/internal_message.html?_=1671509510689&CODE_STATE=getMsg HTTP/1.1" 200 27
222.69.192.184 - - [20/Dec/2022:12:11:32 +0800] "POST /xingrg/kc/buy/cgsh_list_operate.html HTTP/1.1" 200 3658
114.84.38.109 - - [20/Dec/2022:12:11:33 +0800] "GET /xingrg/check_reg.html?_=1671509515350 HTTP/1.1" 200 22
120.253.135.82 - - [20/Dec/2022:12:11:37 +0800] "GET /xingrg/all/function/internal_message.html?_=1671509321425&CODE_STATE=getMsg HTTP/1.1" 200 27
101.93.183.100 - - [20/Dec/2022:12:11:38 +0800] "GET /xingrg/all/function/internal_message.html?_=1671509514606&CODE_STATE=getMsg HTTP/1.1" 200 27
58.221.95.50 - - [20/Dec/2022:12:11:45 +0800] "GET /xingrg/check_reg.html?_=1671509522310 HTTP/1.1" 200 22
222.69.192.184 - - [20/Dec/2022:12:11:45 +0800] "GET /xingrg/check_reg.html?_=1671509369077 HTTP/1.1" 200 22
222.69.192.184 - - [20/Dec/2022:12:11:45 +0800] "GET /xingrg/all/function/internal_message.html?_=1671509369080&CODE_STATE=getMsg HTTP/1.1" 200 27
114.84.38.109 - - [20/Dec/2022:12:11:55 +0800] "GET /xingrg/all/function/internal_message.html?_=1671509537246&CODE_STATE=getMsg HTTP/1.1" 200 27
58.221.95.50 - - [20/Dec/2022:12:11:56 +0800] "GET /xingrg/all/function/internal_message.html?_=1671509533752&CODE_STATE=getMsg HTTP/1.1" 200 27
114.84.171.241 - - [20/Dec/2022:12:11:59 +0800] "GET /xingrg/all/function/internal_message.html?_=1671509535846&CODE_STATE=getMsg HTTP/1.1" 200 27
116.238.139.35 - - [20/Dec/2022:12:12:11 +0800] "GET /xingrg/all/function/internal_message.html?_=1671509549253&CODE_STATE=getMsg HTTP/1.1" 200 27
222.69.192.184 - - [20/Dec/2022:12:12:12 +0800] "GET /xingrg/javascript/easyui/themes/default/tree.css HTTP/1.1" 404 1090
222.69.192.184 - - [20/Dec/2022:12:12:12 +0800] "POST /xingrg/all/common/load_tree.html?tree=rest_base_tree_json HTTP/1.1" 200 71040
120.253.135.82 - - [20/Dec/2022:12:12:17 +0800] "GET /xingrg/check_reg.html?_=1671509361899 HTTP/1.1" 200 22
116.230.105.139 - - [20/Dec/2022:12:12:18 +0800] "GET /xingrg/all/function/internal_message.html?_=1671509537187&CODE_STATE=getMsg HTTP/1.1" 200 27
116.238.139.35 - - [20/Dec/2022:12:12:19 +0800] "GET /xingrg/all/function/internal_message.html?_=1671509485402&CODE_STATE=getMsg HTTP/1.1" 200 27
180.169.147.146 - - [20/Dec/2022:12:12:27 +0800] "GET /xingrg/all/function/internal_message.html?_=1671509563237&CODE_STATE=getMsg HTTP/1.1" 200 27
180.169.147.146 - - [20/Dec/2022:12:12:29 +0800] "GET /xingrg/check_reg.html?_=1671509563606 HTTP/1.1" 200 22
180.169.147.146 - - [20/Dec/2022:12:12:29 +0800] "GET /xingrg/all/function/internal_message.html?_=1671509563603&CODE_STATE=getMsg HTTP/1.1" 200 27
124.78.155.190 - - [20/Dec/2022:12:12:32 +0800] "GET /xingrg/all/function/internal_message.html?_=1671509570688&CODE_STATE=getMsg HTTP/1.1" 200 27
124.78.155.190 - - [20/Dec/2022:12:12:32 +0800] "GET /xingrg/check_reg.html?_=1671509570690 HTTP/1.1" 200 22
120.253.135.82 - - [20/Dec/2022:12:12:37 +0800] "GET /xingrg/all/function/internal_message.html?_=1671509381430&CODE_STATE=getMsg HTTP/1.1" 200 27
101.93.183.100 - - [20/Dec/2022:12:12:38 +0800] "GET /xingrg/all/function/internal_message.html?_=1671509574584&CODE_STATE=getMsg HTTP/1.1" 200 27
222.69.192.184 - - [20/Dec/2022:12:12:45 +0800] "GET /xingrg/all/function/internal_message.html?_=1671509429072&CODE_STATE=getMsg HTTP/1.1" 200 27
114.84.38.109 - - [20/Dec/2022:12:12:55 +0800] "GET /xingrg/all/function/internal_message.html?_=1671509597259&CODE_STATE=getMsg HTTP/1.1" 200 27
58.221.95.50 - - [20/Dec/2022:12:12:56 +0800] "GET /xingrg/all/function/internal_message.html?_=1671509593740&CODE_STATE=getMsg HTTP/1.1" 200 27
222.69.192.184 - - [20/Dec/2022:12:12:59 +0800] "POST /xingrg/kc/buy/cgsh_list_operate.html HTTP/1.1" 200 986
114.84.171.241 - - [20/Dec/2022:12:12:59 +0800] "GET /xingrg/all/function/internal_message.html?_=1671509595846&CODE_STATE=getMsg HTTP/1.1" 200 27
114.84.171.241 - - [20/Dec/2022:12:12:59 +0800] "GET /xingrg/check_reg.html?_=1671509595848 HTTP/1.1" 200 22
222.69.192.184 - - [20/Dec/2022:12:13:02 +0800] "POST /xingrg/kc/buy/cgsh_list_operate.html HTTP/1.1" 200 986
116.238.139.35 - - [20/Dec/2022:12:13:11 +0800] "GET /xingrg/all/function/internal_message.html?_=1671509609238&CODE_STATE=getMsg HTTP/1.1" 200 27
116.230.105.139 - - [20/Dec/2022:12:13:14 +0800] "GET /xingrg/check_reg.html?_=1671509593185 HTTP/1.1" 200 22
116.230.105.139 - - [20/Dec/2022:12:13:18 +0800] "GET /xingrg/all/function/internal_message.html?_=1671509597178&CODE_STATE=getMsg HTTP/1.1" 200 27
116.238.139.35 - - [20/Dec/2022:12:13:19 +0800] "GET /xingrg/all/function/internal_message.html?_=1671509545423&CODE_STATE=getMsg HTTP/1.1" 200 27
222.69.192.184 - - [20/Dec/2022:12:13:19 +0800] "GET /xingrg/kc/base/base_main.html HTTP/1.1" 200 12142
180.169.147.146 - - [20/Dec/2022:12:13:20 +0800] "GET /xingrg/kc/buy/cgsh_order_operate.html?command=get_materiel&rest_code=00147&code=00101002016&supplier_code=00100454&order_time=2022-12-18 HTTP/1.1" 200 413
222.69.192.184 - - [20/Dec/2022:12:13:25 +0800] "GET /xingrg/kc/base/check_order_list.html HTTP/1.1" 200 16220
222.69.192.184 - - [20/Dec/2022:12:13:25 +0800] "POST /xingrg/kc/base/check_list_operate.html HTTP/1.1" 200 1560
180.169.147.146 - - [20/Dec/2022:12:13:27 +0800] "GET /xingrg/all/function/internal_message.html?_=1671509623261&CODE_STATE=getMsg HTTP/1.1" 200 27
180.169.147.146 - - [20/Dec/2022:12:13:29 +0800] "GET /xingrg/all/function/internal_message.html?_=1671509623605&CODE_STATE=getMsg HTTP/1.1" 200 27
222.69.192.184 - - [20/Dec/2022:12:13:30 +0800] "GET /xingrg/kc/base/check_order_info.html?code=452022122000035 HTTP/1.1" 200 26560
222.69.192.184 - - [20/Dec/2022:12:13:30 +0800] "GET /xingrg/dwr/interface/AjaxCheckService.js HTTP/1.1" 200 14003
222.69.192.184 - - [20/Dec/2022:12:13:30 +0800] "GET /xingrg/dwr/interface/AjaxComOrderService.js HTTP/1.1" 200 18264
222.69.192.184 - - [20/Dec/2022:12:13:30 +0800] "GET /xingrg/dwr/engine.js HTTP/1.1" 200 43631
222.69.192.184 - - [20/Dec/2022:12:13:31 +0800] "POST /xingrg/dwr/call/plaincall/AjaxCheckService.loadOrderItems.dwr HTTP/1.1" 200 53652
124.78.155.190 - - [20/Dec/2022:12:13:32 +0800] "GET /xingrg/all/function/internal_message.html?_=1671509630689&CODE_STATE=getMsg HTTP/1.1" 200 27
180.169.147.146 - - [20/Dec/2022:12:13:35 +0800] "GET /xingrg/kc/buy/cgsh_order_operate.html?command=get_materiel&rest_code=00147&code=00101006161&supplier_code=00100454&order_time=2022-12-18 HTTP/1.1" 200 409
120.253.135.82 - - [20/Dec/2022:12:13:37 +0800] "GET /xingrg/all/function/internal_message.html?_=1671509441445&CODE_STATE=getMsg HTTP/1.1" 200 27
101.93.183.100 - - [20/Dec/2022:12:13:38 +0800] "GET /xingrg/all/function/internal_message.html?_=1671509634556&CODE_STATE=getMsg HTTP/1.1" 200 27
180.169.147.146 - - [20/Dec/2022:12:13:43 +0800] "POST /xingrg/kc/buy/cgsh_order_operate.html HTTP/1.1" 200 37
180.169.147.146 - - [20/Dec/2022:12:13:44 +0800] "POST /xingrg/kc/buy/cgsh_order_operate.html HTTP/1.1" 200 3245
222.69.192.184 - - [20/Dec/2022:12:13:45 +0800] "GET /xingrg/all/function/internal_message.html?_=1671509489071&CODE_STATE=getMsg HTTP/1.1" 200 27
180.169.147.146 - - [20/Dec/2022:12:13:45 +0800] "GET /xingrg/kc/print/load_data.html?order_code=212022122005189&kc_code=cgsh&condition= HTTP/1.1" 200 900
180.169.147.146 - - [20/Dec/2022:12:13:48 +0800] "GET /xingrg/kc/buy/cgsh_order_add.html HTTP/1.1" 200 69863
180.169.147.146 - - [20/Dec/2022:12:13:48 +0800] "POST /xingrg/kc/buy/cgsh_order_operate.html HTTP/1.1" 200 8245
180.169.147.146 - - [20/Dec/2022:12:13:48 +0800] "GET /xingrg/javascript/easyui/themes/default/validatebox.css HTTP/1.1" 404 1104
114.84.38.109 - - [20/Dec/2022:12:13:55 +0800] "GET /xingrg/all/function/internal_message.html?_=1671509657303&CODE_STATE=getMsg HTTP/1.1" 200 27
58.221.95.50 - - [20/Dec/2022:12:13:56 +0800] "GET /xingrg/all/function/internal_message.html?_=1671509653748&CODE_STATE=getMsg HTTP/1.1" 200 27
114.84.171.241 - - [20/Dec/2022:12:13:59 +0800] "GET /xingrg/all/function/internal_message.html?_=1671509655849&CODE_STATE=getMsg HTTP/1.1" 200 27
116.238.139.35 - - [20/Dec/2022:12:14:03 +0800] "GET /xingrg/check_reg.html?_=1671509589494 HTTP/1.1" 200 22
114.83.219.50 - - [20/Dec/2022:12:14:09 +0800] "GET /xingrg/login.html?sysBaseUrl=http%3A%2F%2F180.169.147.146%3A18081%2Fxingrg%2F&costTime=31×tamp=1615347190560 HTTP/1.1" 200 7641
114.83.219.50 - - [20/Dec/2022:12:14:10 +0800] "GET /favicon.ico HTTP/1.1" 404 -
116.238.139.35 - - [20/Dec/2022:12:14:11 +0800] "GET /xingrg/all/function/internal_message.html?_=1671509669208&CODE_STATE=getMsg HTTP/1.1" 200 27
180.169.147.146 - - [20/Dec/2022:12:14:13 +0800] "GET /xingrg/kc/buy/cgsh_order_operate.html?command=get_materiel&rest_code=00147&code=00102006583&supplier_code=00100007&order_time=2022-12-18 HTTP/1.1" 200 414
222.69.192.184 - - [20/Dec/2022:12:14:14 +0800] "GET /xingrg/kc/base/check_order_list.html?isBack=1 HTTP/1.1" 200 16220
222.69.192.184 - - [20/Dec/2022:12:14:14 +0800] "POST /xingrg/kc/base/check_list_operate.html HTTP/1.1" 200 1560
114.83.219.50 - - [20/Dec/2022:12:14:16 +0800] "POST /xingrg/login.do HTTP/1.1" 302 -
114.83.219.50 - - [20/Dec/2022:12:14:16 +0800] "GET /xingrg/index.html?sysBaseUrl=http%3A%2F%2F180.169.147.146%3A18081%2Fxingrg%2F&costTime=53×tamp=1671509656682 HTTP/1.1" 200 17179
114.83.219.50 - - [20/Dec/2022:12:14:17 +0800] "GET /favicon.ico HTTP/1.1" 404 -
114.83.219.50 - - [20/Dec/2022:12:14:17 +0800] "POST /xingrg/all/common/load_tree.html?tree=area_rest_tree_json&manage=1 HTTP/1.1" 200 351
114.83.219.50 - - [20/Dec/2022:12:14:17 +0800] "GET /xingrg/all/function/internal_message.html?_=1671509671989&CODE_STATE=count HTTP/1.1" 200 11
114.83.219.50 - - [20/Dec/2022:12:14:17 +0800] "GET /xingrg/check_reg.html?_=1671509671990 HTTP/1.1" 200 22
114.83.219.50 - - [20/Dec/2022:12:14:17 +0800] "POST /xingrg/load_menu.html HTTP/1.1" 200 5138
116.230.105.139 - - [20/Dec/2022:12:14:18 +0800] "GET /xingrg/all/function/internal_message.html?_=1671509657158&CODE_STATE=getMsg HTTP/1.1" 200 27
116.238.139.35 - - [20/Dec/2022:12:14:19 +0800] "GET /xingrg/all/function/internal_message.html?_=1671509605429&CODE_STATE=getMsg HTTP/1.1" 200 27
180.169.147.146 - - [20/Dec/2022:12:14:22 +0800] "GET /xingrg/kc/buy/cgsh_order_operate.html?command=get_materiel&rest_code=00147&code=00101008091&supplier_code=00100007&order_time=2022-12-18 HTTP/1.1" 200 413
114.83.219.50 - - [20/Dec/2022:12:14:24 +0800] "GET /xingrg/kc/buy/cgsh_order_list.html HTTP/1.1" 200 54084
180.169.147.146 - - [20/Dec/2022:12:14:27 +0800] "GET /xingrg/check_reg.html?_=1671509683263 HTTP/1.1" 200 22
180.169.147.146 - - [20/Dec/2022:12:14:27 +0800] "GET /xingrg/all/function/internal_message.html?_=1671509683261&CODE_STATE=getMsg HTTP/1.1" 200 27
114.83.219.50 - - [20/Dec/2022:12:14:27 +0800] "POST /xingrg/kc/buy/cgsh_list_operate.html HTTP/1.1" 200 986
222.69.192.184 - - [20/Dec/2022:12:14:28 +0800] "GET /xingrg/kc/buy/buy_main.html HTTP/1.1" 200 12412
222.69.192.184 - - [20/Dec/2022:12:14:28 +0800] "GET /xingrg/css/new_ie.css HTTP/1.1" 404 1036
180.169.147.146 - - [20/Dec/2022:12:14:29 +0800] "GET /xingrg/all/function/internal_message.html?_=1671509683604&CODE_STATE=getMsg HTTP/1.1" 200 27
222.69.192.184 - - [20/Dec/2022:12:14:29 +0800] "GET /xingrg/images/yd/bt.gif HTTP/1.1" 404 1040
124.78.155.190 - - [20/Dec/2022:12:14:32 +0800] "GET /xingrg/all/function/internal_message.html?_=1671509690703&CODE_STATE=getMsg HTTP/1.1" 200 27
180.169.147.146 - - [20/Dec/2022:12:14:32 +0800] "GET /xingrg/kc/buy/cgsh_order_operate.html?command=get_materiel&rest_code=00147&code=00101016157&supplier_code=00100007&order_time=2022-12-18 HTTP/1.1" 200 398
222.69.192.184 - - [20/Dec/2022:12:14:34 +0800] "GET /xingrg/kc/buy/cgsh_order_list.html HTTP/1.1" 200 54078
222.69.192.184 - - [20/Dec/2022:12:14:37 +0800] "POST /xingrg/kc/buy/cgsh_list_operate.html HTTP/1.1" 200 2691
180.169.147.146 - - [20/Dec/2022:12:14:37 +0800] "GET /xingrg/kc/buy/cgsh_order_operate.html?command=get_materiel&rest_code=00147&code=00101010889&supplier_code=00100007&order_time=2022-12-18 HTTP/1.1" 200 399
120.253.135.82 - - [20/Dec/2022:12:14:37 +0800] "GET /xingrg/all/function/internal_message.html?_=1671509501627&CODE_STATE=getMsg HTTP/1.1" 200 27
101.93.183.100 - - [20/Dec/2022:12:14:38 +0800] "GET /xingrg/all/function/internal_message.html?_=1671509694542&CODE_STATE=getMsg HTTP/1.1" 200 27
222.69.192.184 - - [20/Dec/2022:12:14:45 +0800] "GET /xingrg/all/function/internal_message.html?_=1671509549078&CODE_STATE=getMsg HTTP/1.1" 200 27
114.83.219.50 - - [20/Dec/2022:12:14:45 +0800] "GET /xingrg/kc/buy/cgsh_order_add.html HTTP/1.1" 200 69948
114.83.219.50 - - [20/Dec/2022:12:14:45 +0800] "GET /xingrg/words/20221218162308_words.js HTTP/1.1" 304 -
114.83.219.50 - - [20/Dec/2022:12:14:46 +0800] "POST /xingrg/kc/buy/cgsh_order_operate.html HTTP/1.1" 200 8245
114.83.219.50 - - [20/Dec/2022:12:14:46 +0800] "GET /xingrg/all/common/auto_word.html?type=employee&rest_code=00149 HTTP/1.1" 200 197
114.83.219.50 - - [20/Dec/2022:12:14:46 +0800] "GET /xingrg/all/common/auto_word.html?type=employee&rest_code=00149 HTTP/1.1" 200 197
114.83.219.50 - - [20/Dec/2022:12:14:46 +0800] "GET /xingrg/javascript/easyui/themes/default/validatebox.css HTTP/1.1" 404 1104
180.169.147.146 - - [20/Dec/2022:12:14:47 +0800] "GET /xingrg/kc/buy/cgsh_order_operate.html?command=get_materiel&rest_code=00147&code=00101008061&supplier_code=00100007&order_time=2022-12-18 HTTP/1.1" 200 422
222.69.192.184 - - [20/Dec/2022:12:14:48 +0800] "GET /xingrg/javascript/jquery_tools/images/next.gif HTTP/1.1" 404 1086
222.69.192.184 - - [20/Dec/2022:12:14:48 +0800] "GET /xingrg/javascript/jquery_tools/images/prev.gif HTTP/1.1" 404 1086
114.83.219.50 - - [20/Dec/2022:12:14:53 +0800] "GET /xingrg/javascript/auto/indicator.gif HTTP/1.1" 404 1066
114.84.38.109 - - [20/Dec/2022:12:14:55 +0800] "GET /xingrg/all/function/internal_message.html?_=1671509717317&CODE_STATE=getMsg HTTP/1.1" 200 27
58.221.95.50 - - [20/Dec/2022:12:14:56 +0800] "GET /xingrg/all/function/internal_message.html?_=1671509713749&CODE_STATE=getMsg HTTP/1.1" 200 27
180.169.147.146 - - [20/Dec/2022:12:14:58 +0800] "GET /xingrg/kc/buy/cgsh_order_operate.html?command=get_materiel&rest_code=00147&code=00101008229&supplier_code=00100007&order_time=2022-12-18 HTTP/1.1" 200 420
114.83.219.50 - - [20/Dec/2022:12:14:58 +0800] "GET /xingrg/javascript/jquery_tools/images/prev.gif HTTP/1.1" 404 1086
114.83.219.50 - - [20/Dec/2022:12:14:58 +0800] "GET /xingrg/javascript/jquery_tools/images/next.gif HTTP/1.1" 404 1086
114.84.171.241 - - [20/Dec/2022:12:14:59 +0800] "GET /xingrg/all/function/internal_message.html?_=1671509715850&CODE_STATE=getMsg HTTP/1.1" 200 27
114.83.219.50 - - [20/Dec/2022:12:15:06 +0800] "GET /xingrg/kc/buy/cgsh_order_operate.html?command=get_materiel&rest_code=00149&code=00101008261&supplier_code=00100008&order_time=2022-12-20 HTTP/1.1" 200 408
180.169.147.146 - - [20/Dec/2022:12:15:08 +0800] "GET /xingrg/kc/buy/cgsh_order_operate.html?command=get_materiel&rest_code=00147&code=00101009011&supplier_code=00100007&order_time=2022-12-18 HTTP/1.1" 200 416
222.69.192.184 - - [20/Dec/2022:12:15:08 +0800] "GET /xingrg/kc/buy/buy_main.html HTTP/1.1" 200 12412
222.69.192.184 - - [20/Dec/2022:12:15:08 +0800] "GET /xingrg/css/new_ie.css HTTP/1.1" 404 1036
222.69.192.184 - - [20/Dec/2022:12:15:09 +0800] "GET /xingrg/images/yd/bt.gif HTTP/1.1" 404 1040
222.69.192.184 - - [20/Dec/2022:12:15:10 +0800] "GET /xingrg/kc/buy/cgsh_order_list.html HTTP/1.1" 200 54078
116.238.139.35 - - [20/Dec/2022:12:15:11 +0800] "GET /xingrg/all/function/internal_message.html?_=1671509729193&CODE_STATE=getMsg HTTP/1.1" 200 27
222.69.192.184 - - [20/Dec/2022:12:15:13 +0800] "POST /xingrg/kc/buy/cgsh_list_operate.html HTTP/1.1" 200 2691
180.169.147.146 - - [20/Dec/2022:12:15:14 +0800] "GET /xingrg/kc/buy/cgsh_order_operate.html?command=get_materiel&rest_code=00147&code=00101009015&supplier_code=00100007&order_time=2022-12-18 HTTP/1.1" 200 416
114.83.219.50 - - [20/Dec/2022:12:15:16 +0800] "GET /xingrg/kc/buy/cgsh_order_operate.html?command=get_materiel&rest_code=00149&code=00101008358&supplier_code=00100008&order_time=2022-12-20 HTTP/1.1" 200 412
222.69.192.184 - - [20/Dec/2022:12:15:17 +0800] "GET /xingrg/javascript/jquery_tools/images/next.gif HTTP/1.1" 404 1086
222.69.192.184 - - [20/Dec/2022:12:15:17 +0800] "GET /xingrg/javascript/jquery_tools/images/prev.gif HTTP/1.1" 404 1086
114.83.219.50 - - [20/Dec/2022:12:15:17 +0800] "GET /xingrg/all/function/internal_message.html?_=1671509731998&CODE_STATE=getMsg HTTP/1.1" 200 27
116.230.105.139 - - [20/Dec/2022:12:15:18 +0800] "GET /xingrg/all/function/internal_message.html?_=1671509717139&CODE_STATE=getMsg HTTP/1.1" 200 27
116.238.139.35 - - [20/Dec/2022:12:15:19 +0800] "GET /xingrg/all/function/internal_message.html?_=1671509665443&CODE_STATE=getMsg HTTP/1.1" 200 27
180.169.147.146 - - [20/Dec/2022:12:15:22 +0800] "GET /xingrg/kc/buy/cgsh_order_operate.html?command=get_materiel&rest_code=00147&code=00101008379&supplier_code=00100007&order_time=2022-12-18 HTTP/1.1" 200 408
114.83.219.50 - - [20/Dec/2022:12:15:26 +0800] "GET /xingrg/kc/buy/cgsh_order_operate.html?command=get_materiel&rest_code=00149&code=00101008370&supplier_code=00100008&order_time=2022-12-20 HTTP/1.1" 200 412
180.169.147.146 - - [20/Dec/2022:12:15:27 +0800] "GET /xingrg/all/function/internal_message.html?_=1671509743275&CODE_STATE=getMsg HTTP/1.1" 200 27
180.169.147.146 - - [20/Dec/2022:12:15:29 +0800] "GET /xingrg/all/function/internal_message.html?_=1671509743605&CODE_STATE=getMsg HTTP/1.1" 200 27
222.69.192.184 - - [20/Dec/2022:12:15:30 +0800] "POST /xingrg/kc/buy/cgsh_list_operate.html HTTP/1.1" 200 6558
124.78.155.190 - - [20/Dec/2022:12:15:32 +0800] "GET /xingrg/all/function/internal_message.html?_=1671509750703&CODE_STATE=getMsg HTTP/1.1" 200 27
180.169.147.146 - - [20/Dec/2022:12:15:35 +0800] "GET /xingrg/kc/buy/cgsh_order_operate.html?command=get_materiel&rest_code=00147&code=00101008300&supplier_code=00100007&order_time=2022-12-18 HTTP/1.1" 200 412
124.79.245.154 - - [20/Dec/2022:12:15:35 +0800] "POST /xingrg/services/DataTransmitService HTTP/1.1" 200 524
120.253.135.82 - - [20/Dec/2022:12:15:37 +0800] "GET /xingrg/all/function/internal_message.html?_=1671509561643&CODE_STATE=getMsg HTTP/1.1" 200 27
101.93.183.100 - - [20/Dec/2022:12:15:38 +0800] "GET /xingrg/all/function/internal_message.html?_=1671509754524&CODE_STATE=getMsg HTTP/1.1" 200 27
180.169.147.146 - - [20/Dec/2022:12:15:41 +0800] "POST /xingrg/kc/buy/cgsh_order_operate.html HTTP/1.1" 200 37
114.83.219.50 - - [20/Dec/2022:12:15:43 +0800] "GET /xingrg/kc/buy/cgsh_order_operate.html?command=get_materiel&rest_code=00149&code=00101008141&supplier_code=00100008&order_time=2022-12-20 HTTP/1.1" 200 412
222.69.192.184 - - [20/Dec/2022:12:15:45 +0800] "GET /xingrg/all/function/internal_message.html?_=1671509609093&CODE_STATE=getMsg HTTP/1.1" 200 27
180.169.147.146 - - [20/Dec/2022:12:15:55 +0800] "POST /xingrg/kc/buy/cgsh_order_operate.html HTTP/1.1" 200 6809
114.84.38.109 - - [20/Dec/2022:12:15:55 +0800] "GET /xingrg/all/function/internal_message.html?_=1671509777362&CODE_STATE=getMsg HTTP/1.1" 200 27
180.169.147.146 - - [20/Dec/2022:12:15:56 +0800] "GET /xingrg/kc/print/load_data.html?order_code=212022122005190&kc_code=cgsh&condition= HTTP/1.1" 200 2325
58.221.95.50 - - [20/Dec/2022:12:15:56 +0800] "GET /xingrg/all/function/internal_message.html?_=1671509773742&CODE_STATE=getMsg HTTP/1.1" 200 27
114.84.171.241 - - [20/Dec/2022:12:15:59 +0800] "GET /xingrg/all/function/internal_message.html?_=1671509775851&CODE_STATE=getMsg HTTP/1.1" 200 27
180.169.147.146 - - [20/Dec/2022:12:16:00 +0800] "GET /xingrg/kc/buy/cgsh_order_add.html HTTP/1.1" 200 69863
180.169.147.146 - - [20/Dec/2022:12:16:00 +0800] "POST /xingrg/kc/buy/cgsh_order_operate.html HTTP/1.1" 200 8245
180.169.147.146 - - [20/Dec/2022:12:16:00 +0800] "GET /xingrg/javascript/easyui/themes/default/validatebox.css HTTP/1.1" 404 1104
222.69.192.184 - - [20/Dec/2022:12:16:03 +0800] "POST /xingrg/kc/buy/cgsh_list_operate.html HTTP/1.1" 200 4337
114.83.219.50 - - [20/Dec/2022:12:16:05 +0800] "GET /xingrg/kc/buy/cgsh_order_operate.html?command=get_materiel&rest_code=00149&code=00101008355&supplier_code=00100008&order_time=2022-12-20 HTTP/1.1" 200 425
116.238.139.35 - - [20/Dec/2022:12:16:11 +0800] "GET /xingrg/all/function/internal_message.html?_=1671509789172&CODE_STATE=getMsg HTTP/1.1" 200 27
114.83.219.50 - - [20/Dec/2022:12:16:14 +0800] "GET /xingrg/kc/buy/cgsh_order_operate.html?command=get_materiel&rest_code=00149&code=00101015054&supplier_code=00100008&order_time=2022-12-20 HTTP/1.1" 200 423
116.238.139.35 - - [20/Dec/2022:12:16:15 +0800] "GET /xingrg/check_reg.html?_=1671509793481 HTTP/1.1" 200 22
114.83.219.50 - - [20/Dec/2022:12:16:17 +0800] "GET /xingrg/all/function/internal_message.html?_=1671509792011&CODE_STATE=getMsg HTTP/1.1" 200 27
101.93.183.100 - - [20/Dec/2022:12:16:18 +0800] "GET /xingrg/check_reg.html?_=1671509794400 HTTP/1.1" 200 22
116.230.105.139 - - [20/Dec/2022:12:16:18 +0800] "GET /xingrg/all/function/internal_message.html?_=1671509777139&CODE_STATE=getMsg HTTP/1.1" 200 27
116.238.139.35 - - [20/Dec/2022:12:16:19 +0800] "GET /xingrg/all/function/internal_message.html?_=1671509725464&CODE_STATE=getMsg HTTP/1.1" 200 27
114.83.219.50 - - [20/Dec/2022:12:16:20 +0800] "GET /xingrg/kc/buy/cgsh_order_operate.html?command=get_materiel&rest_code=00149&code=00101008059&supplier_code=00100008&order_time=2022-12-20 HTTP/1.1" 200 408
180.169.147.146 - - [20/Dec/2022:12:16:22 +0800] "GET /xingrg/kc/buy/cgsh_order_operate.html?command=get_materiel&rest_code=00147&code=00101012059&supplier_code=00100242&order_time=2022-12-18 HTTP/1.1" 200 413
180.169.147.146 - - [20/Dec/2022:12:16:27 +0800] "GET /xingrg/all/function/internal_message.html?_=1671509803277&CODE_STATE=getMsg HTTP/1.1" 200 27
180.169.147.146 - - [20/Dec/2022:12:16:29 +0800] "GET /xingrg/all/function/internal_message.html?_=1671509803604&CODE_STATE=getMsg HTTP/1.1" 200 27
124.78.155.190 - - [20/Dec/2022:12:16:32 +0800] "GET /xingrg/all/function/internal_message.html?_=1671509810726&CODE_STATE=getMsg HTTP/1.1" 200 27
114.84.38.109 - - [20/Dec/2022:12:16:33 +0800] "GET /xingrg/check_reg.html?_=1671509815353 HTTP/1.1" 200 22
114.83.219.50 - - [20/Dec/2022:12:16:35 +0800] "GET /xingrg/kc/buy/cgsh_order_operate.html?command=get_materiel&rest_code=00149&code=00101008005&supplier_code=00100008&order_time=2022-12-20 HTTP/1.1" 200 412
120.253.135.82 - - [20/Dec/2022:12:16:37 +0800] "GET /xingrg/all/function/internal_message.html?_=1671509621812&CODE_STATE=getMsg HTTP/1.1" 200 27
101.93.183.100 - - [20/Dec/2022:12:16:38 +0800] "GET /xingrg/all/function/internal_message.html?_=1671509814503&CODE_STATE=getMsg HTTP/1.1" 200 27
180.169.147.146 - - [20/Dec/2022:12:16:41 +0800] "GET /xingrg/kc/buy/cgsh_order_operate.html?command=get_materiel&rest_code=00147&code=00101011007&supplier_code=00100242&order_time=2022-12-18 HTTP/1.1" 200 414
58.221.95.50 - - [20/Dec/2022:12:16:45 +0800] "GET /xingrg/check_reg.html?_=1671509822298 HTTP/1.1" 200 22
222.69.192.184 - - [20/Dec/2022:12:16:45 +0800] "GET /xingrg/check_reg.html?_=1671509669084 HTTP/1.1" 200 22
222.69.192.184 - - [20/Dec/2022:12:16:45 +0800] "GET /xingrg/all/function/internal_message.html?_=1671509669087&CODE_STATE=getMsg HTTP/1.1" 200 27
114.83.219.50 - - [20/Dec/2022:12:16:52 +0800] "GET /xingrg/kc/buy/cgsh_order_operate.html?command=get_materiel&rest_code=00149&code=00101008353&supplier_code=00100008&order_time=2022-12-20 HTTP/1.1" 200 408
180.169.147.146 - - [20/Dec/2022:12:16:53 +0800] "GET /xingrg/kc/buy/cgsh_order_operate.html?command=get_materiel&rest_code=00147&code=00101008417&supplier_code=00100242&order_time=2022-12-18 HTTP/1.1" 200 409
114.84.38.109 - - [20/Dec/2022:12:16:55 +0800] "GET /xingrg/all/function/internal_message.html?_=1671509837377&CODE_STATE=getMsg HTTP/1.1" 200 27
58.221.95.50 - - [20/Dec/2022:12:16:56 +0800] "GET /xingrg/all/function/internal_message.html?_=1671509833740&CODE_STATE=getMsg HTTP/1.1" 200 27
114.84.171.241 - - [20/Dec/2022:12:16:59 +0800] "GET /xingrg/all/function/internal_message.html?_=1671509835851&CODE_STATE=getMsg HTTP/1.1" 200 27
180.169.147.146 - - [20/Dec/2022:12:17:01 +0800] "GET /xingrg/kc/buy/cgsh_order_operate.html?command=get_materiel&rest_code=00147&code=00101016105&supplier_code=00100242&order_time=2022-12-18 HTTP/1.1" 200 409
114.83.219.50 - - [20/Dec/2022:12:17:09 +0800] "GET /xingrg/kc/buy/cgsh_order_operate.html?command=get_materiel&rest_code=00149&code=00101008213&supplier_code=00100008&order_time=2022-12-20 HTTP/1.1" 200 412
116.238.139.35 - - [20/Dec/2022:12:17:11 +0800] "GET /xingrg/all/function/internal_message.html?_=1671509849145&CODE_STATE=getMsg HTTP/1.1" 200 27
180.169.147.146 - - [20/Dec/2022:12:17:12 +0800] "GET /xingrg/kc/buy/cgsh_order_operate.html?command=get_materiel&rest_code=00147&code=00101007109&supplier_code=00100242&order_time=2022-12-18 HTTP/1.1" 200 408
114.83.219.50 - - [20/Dec/2022:12:17:17 +0800] "GET /xingrg/all/function/internal_message.html?_=1671509852008&CODE_STATE=getMsg HTTP/1.1" 200 27
120.253.135.82 - - [20/Dec/2022:12:17:17 +0800] "GET /xingrg/check_reg.html?_=1671509661904 HTTP/1.1" 200 22
116.230.105.139 - - [20/Dec/2022:12:17:18 +0800] "GET /xingrg/all/function/internal_message.html?_=1671509837131&CODE_STATE=getMsg HTTP/1.1" 200 27
116.238.139.35 - - [20/Dec/2022:12:17:19 +0800] "GET /xingrg/all/function/internal_message.html?_=1671509785471&CODE_STATE=getMsg HTTP/1.1" 200 27
180.169.147.146 - - [20/Dec/2022:12:17:27 +0800] "GET /xingrg/all/function/internal_message.html?_=1671509863273&CODE_STATE=getMsg HTTP/1.1" 200 27
180.169.147.146 - - [20/Dec/2022:12:17:29 +0800] "GET /xingrg/all/function/internal_message.html?_=1671509863603&CODE_STATE=getMsg HTTP/1.1" 200 27
180.169.147.146 - - [20/Dec/2022:12:17:29 +0800] "GET /xingrg/check_reg.html?_=1671509863606 HTTP/1.1" 200 22
124.78.155.190 - - [20/Dec/2022:12:17:32 +0800] "GET /xingrg/check_reg.html?_=1671509870725 HTTP/1.1" 200 22
124.78.155.190 - - [20/Dec/2022:12:17:32 +0800] "GET /xingrg/all/function/internal_message.html?_=1671509870727&CODE_STATE=getMsg HTTP/1.1" 200 27
120.253.135.82 - - [20/Dec/2022:12:17:37 +0800] "GET /xingrg/all/function/internal_message.html?_=1671509681826&CODE_STATE=getMsg HTTP/1.1" 200 27
114.83.219.50 - - [20/Dec/2022:12:17:38 +0800] "GET /xingrg/kc/buy/cgsh_order_operate.html?command=get_materiel&rest_code=00149&code=00101008372&supplier_code=00100008&order_time=2022-12-20 HTTP/1.1" 200 408
101.93.183.100 - - [20/Dec/2022:12:17:38 +0800] "GET /xingrg/all/function/internal_message.html?_=1671509874480&CODE_STATE=getMsg HTTP/1.1" 200 27
222.69.192.184 - - [20/Dec/2022:12:17:45 +0800] "GET /xingrg/all/function/internal_message.html?_=1671509729074&CODE_STATE=getMsg HTTP/1.1" 200 27
114.84.38.109 - - [20/Dec/2022:12:17:55 +0800] "GET /xingrg/all/function/internal_message.html?_=1671509897390&CODE_STATE=getMsg HTTP/1.1" 200 27
180.169.147.146 - - [20/Dec/2022:12:17:55 +0800] "POST /xingrg/kc/buy/cgsh_order_operate.html HTTP/1.1" 200 64
58.221.95.50 - - [20/Dec/2022:12:17:56 +0800] "GET /xingrg/all/function/internal_message.html?_=1671509893748&CODE_STATE=getMsg HTTP/1.1" 200 27
114.83.219.50 - - [20/Dec/2022:12:17:57 +0800] "POST /xingrg/kc/buy/cgsh_order_operate.html HTTP/1.1" 200 37
114.84.171.241 - - [20/Dec/2022:12:17:59 +0800] "GET /xingrg/check_reg.html?_=1671509895851 HTTP/1.1" 200 22
114.84.171.241 - - [20/Dec/2022:12:17:59 +0800] "GET /xingrg/all/function/internal_message.html?_=1671509895853&CODE_STATE=getMsg HTTP/1.1" 200 27
180.169.147.146 - - [20/Dec/2022:12:17:59 +0800] "POST /xingrg/kc/buy/cgsh_order_operate.html HTTP/1.1" 200 37
180.169.147.146 - - [20/Dec/2022:12:18:01 +0800] "POST /xingrg/kc/buy/cgsh_order_operate.html HTTP/1.1" 200 5022
180.169.147.146 - - [20/Dec/2022:12:18:02 +0800] "GET /xingrg/kc/print/load_data.html?order_code=212022122005193&kc_code=cgsh&condition= HTTP/1.1" 200 1557
116.238.139.35 - - [20/Dec/2022:12:18:11 +0800] "GET /xingrg/all/function/internal_message.html?_=1671509909134&CODE_STATE=getMsg HTTP/1.1" 200 27
116.230.105.139 - - [20/Dec/2022:12:18:14 +0800] "GET /xingrg/check_reg.html?_=1671509893169 HTTP/1.1" 200 22
114.83.219.50 - - [20/Dec/2022:12:18:17 +0800] "GET /xingrg/all/function/internal_message.html?_=1671509912006&CODE_STATE=getMsg HTTP/1.1" 200 27
114.83.219.50 - - [20/Dec/2022:12:18:18 +0800] "POST /xingrg/kc/buy/cgsh_order_operate.html HTTP/1.1" 200 12
116.230.105.139 - - [20/Dec/2022:12:18:18 +0800] "GET /xingrg/all/function/internal_message.html?_=1671509897117&CODE_STATE=getMsg HTTP/1.1" 200 27
116.238.139.35 - - [20/Dec/2022:12:18:19 +0800] "GET /xingrg/all/function/internal_message.html?_=1671509845490&CODE_STATE=getMsg HTTP/1.1" 200 27
180.169.147.146 - - [20/Dec/2022:12:18:20 +0800] "GET /xingrg/kc/buy/cgsh_order_add.html HTTP/1.1" 200 69863
180.169.147.146 - - [20/Dec/2022:12:18:20 +0800] "POST /xingrg/kc/buy/cgsh_order_operate.html HTTP/1.1" 200 8245
180.169.147.146 - - [20/Dec/2022:12:18:20 +0800] "GET /xingrg/javascript/easyui/themes/default/validatebox.css HTTP/1.1" 404 1104
114.83.219.50 - - [20/Dec/2022:12:18:20 +0800] "GET /xingrg/kc/buy/cgsh_order_info.html?code=212022122005191 HTTP/1.1" 200 64850
114.83.219.50 - - [20/Dec/2022:12:18:21 +0800] "GET /xingrg/javascript/easyui/themes/default/validatebox.css HTTP/1.1" 404 1104
114.83.219.50 - - [20/Dec/2022:12:18:21 +0800] "POST /xingrg/kc/buy/cgsh_order_operate.html HTTP/1.1" 200 5936
114.83.219.50 - - [20/Dec/2022:12:18:25 +0800] "GET /xingrg/kc/print/load_config.html?kc_code=cgsh HTTP/1.1" 200 1943
114.83.219.50 - - [20/Dec/2022:12:18:25 +0800] "GET /xingrg/kc/print/load_data.html?order_code=212022122005191&kc_code=cgsh&condition= HTTP/1.1" 200 2757
180.169.147.146 - - [20/Dec/2022:12:18:27 +0800] "GET /xingrg/all/function/internal_message.html?_=1671509923279&CODE_STATE=getMsg HTTP/1.1" 200 27
180.169.147.146 - - [20/Dec/2022:12:18:29 +0800] "GET /xingrg/all/function/internal_message.html?_=1671509923606&CODE_STATE=getMsg HTTP/1.1" 200 27
124.78.155.190 - - [20/Dec/2022:12:18:32 +0800] "GET /xingrg/all/function/internal_message.html?_=1671509930725&CODE_STATE=getMsg HTTP/1.1" 200 27
180.169.147.146 - - [20/Dec/2022:12:18:36 +0800] "GET /xingrg/kc/buy/cgsh_order_operate.html?command=get_materiel&rest_code=00147&code=00101006284&supplier_code=00100015&order_time=2022-12-18 HTTP/1.1" 200 418
120.253.135.82 - - [20/Dec/2022:12:18:37 +0800] "GET /xingrg/all/function/internal_message.html?_=1671509741839&CODE_STATE=getMsg HTTP/1.1" 200 27
101.93.183.100 - - [20/Dec/2022:12:18:38 +0800] "GET /xingrg/all/function/internal_message.html?_=1671509934464&CODE_STATE=getMsg HTTP/1.1" 200 27
222.69.192.184 - - [20/Dec/2022:12:18:45 +0800] "GET /xingrg/all/function/internal_message.html?_=1671509789083&CODE_STATE=getMsg HTTP/1.1" 200 27
180.169.147.146 - - [20/Dec/2022:12:18:45 +0800] "GET /xingrg/kc/buy/cgsh_order_operate.html?command=get_materiel&rest_code=00147&code=00101006240&supplier_code=00100015&order_time=2022-12-18 HTTP/1.1" 200 422
114.84.38.109 - - [20/Dec/2022:12:18:55 +0800] "GET /xingrg/all/function/internal_message.html?_=1671509957424&CODE_STATE=getMsg HTTP/1.1" 200 27
58.221.95.50 - - [20/Dec/2022:12:18:56 +0800] "GET /xingrg/all/function/internal_message.html?_=1671509953753&CODE_STATE=getMsg HTTP/1.1" 200 27
180.169.147.146 - - [20/Dec/2022:12:18:59 +0800] "GET /xingrg/kc/buy/cgsh_order_operate.html?command=get_materiel&rest_code=00147&code=00101008131&supplier_code=00100015&order_time=2022-12-18 HTTP/1.1" 200 408
114.84.171.241 - - [20/Dec/2022:12:18:59 +0800] "GET /xingrg/all/function/internal_message.html?_=1671509955842&CODE_STATE=getMsg HTTP/1.1" 200 27
116.238.139.35 - - [20/Dec/2022:12:19:03 +0800] "GET /xingrg/check_reg.html?_=1671509889491 HTTP/1.1" 200 22
180.169.147.146 - - [20/Dec/2022:12:19:03 +0800] "GET /xingrg/kc/buy/cgsh_order_operate.html?command=get_materiel&rest_code=00147&code=00101006055&supplier_code=00100015&order_time=2022-12-18 HTTP/1.1" 200 429
116.238.139.35 - - [20/Dec/2022:12:19:11 +0800] "GET /xingrg/all/function/internal_message.html?_=1671509969121&CODE_STATE=getMsg HTTP/1.1" 200 27
180.169.147.146 - - [20/Dec/2022:12:19:14 +0800] "GET /xingrg/kc/buy/cgsh_order_operate.html?command=get_materiel&rest_code=00147&code=00101006194&supplier_code=00100015&order_time=2022-12-18 HTTP/1.1" 200 432
114.83.219.50 - - [20/Dec/2022:12:19:17 +0800] "GET /xingrg/all/function/internal_message.html?_=1671509972011&CODE_STATE=getMsg HTTP/1.1" 200 27
114.83.219.50 - - [20/Dec/2022:12:19:17 +0800] "GET /xingrg/check_reg.html?_=1671509972014 HTTP/1.1" 200 22
116.230.105.139 - - [20/Dec/2022:12:19:18 +0800] "GET /xingrg/all/function/internal_message.html?_=1671509957106&CODE_STATE=getMsg HTTP/1.1" 200 27
116.238.139.35 - - [20/Dec/2022:12:19:19 +0800] "GET /xingrg/all/function/internal_message.html?_=1671509905497&CODE_STATE=getMsg HTTP/1.1" 200 27
180.169.147.146 - - [20/Dec/2022:12:19:26 +0800] "POST /xingrg/kc/buy/cgsh_order_operate.html HTTP/1.1" 200 37
180.169.147.146 - - [20/Dec/2022:12:19:27 +0800] "GET /xingrg/check_reg.html?_=1671509983275 HTTP/1.1" 200 22
180.169.147.146 - - [20/Dec/2022:12:19:27 +0800] "GET /xingrg/all/function/internal_message.html?_=1671509983276&CODE_STATE=getMsg HTTP/1.1" 200 27
180.169.147.146 - - [20/Dec/2022:12:19:27 +0800] "POST /xingrg/kc/buy/cgsh_order_operate.html HTTP/1.1" 200 3853
180.169.147.146 - - [20/Dec/2022:12:19:28 +0800] "GET /xingrg/kc/print/load_data.html?order_code=212022122005194&kc_code=cgsh&condition= HTTP/1.1" 200 1235
180.169.147.146 - - [20/Dec/2022:12:19:29 +0800] "GET /xingrg/all/function/internal_message.html?_=1671509983633&CODE_STATE=getMsg HTTP/1.1" 200 27
124.78.155.190 - - [20/Dec/2022:12:19:32 +0800] "GET /xingrg/all/function/internal_message.html?_=1671509990723&CODE_STATE=getMsg HTTP/1.1" 200 27
120.253.135.82 - - [20/Dec/2022:12:19:38 +0800] "GET /xingrg/all/function/internal_message.html?_=1671509802039&CODE_STATE=getMsg HTTP/1.1" 200 27
101.93.183.100 - - [20/Dec/2022:12:19:38 +0800] "GET /xingrg/all/function/internal_message.html?_=1671509994445&CODE_STATE=getMsg HTTP/1.1" 200 27
222.69.192.184 - - [20/Dec/2022:12:19:45 +0800] "GET /xingrg/all/function/internal_message.html?_=1671509849091&CODE_STATE=getMsg HTTP/1.1" 200 27
114.83.219.50 - - [20/Dec/2022:12:19:51 +0800] "GET /xingrg/kc/buy/cgsh_order_add.html HTTP/1.1" 200 69948
114.83.219.50 - - [20/Dec/2022:12:19:52 +0800] "GET /xingrg/javascript/easyui/themes/default/validatebox.css HTTP/1.1" 404 1104
114.83.219.50 - - [20/Dec/2022:12:19:52 +0800] "POST /xingrg/kc/buy/cgsh_order_operate.html HTTP/1.1" 200 8245
124.79.245.154 - - [20/Dec/2022:12:19:54 +0800] "POST /xingrg/services/DataTransmitService HTTP/1.1" 200 524
124.79.245.154 - - [20/Dec/2022:12:19:54 +0800] "POST /xingrg/services/DataTransmitService HTTP/1.1" 200 501
114.84.38.109 - - [20/Dec/2022:12:19:55 +0800] "GET /xingrg/all/function/internal_message.html?_=1671510017433&CODE_STATE=getMsg HTTP/1.1" 200 27
58.221.95.50 - - [20/Dec/2022:12:19:56 +0800] "GET /xingrg/all/function/internal_message.html?_=1671510013751&CODE_STATE=getMsg HTTP/1.1" 200 27
114.84.171.241 - - [20/Dec/2022:12:19:59 +0800] "GET /xingrg/all/function/internal_message.html?_=1671510015844&CODE_STATE=getMsg HTTP/1.1" 200 27
116.238.139.35 - - [20/Dec/2022:12:20:10 +0800] "GET /xingrg/all/function/internal_message.html?_=1671510029091&CODE_STATE=getMsg HTTP/1.1" 200 27
114.83.219.50 - - [20/Dec/2022:12:20:12 +0800] "GET /xingrg/kc/buy/cgsh_order_operate.html?command=get_materiel&rest_code=00149&code=00102001084&supplier_code=00100073&order_time=2022-12-20 HTTP/1.1" 200 432
114.83.219.50 - - [20/Dec/2022:12:20:17 +0800] "GET /xingrg/all/function/internal_message.html?_=1671510032018&CODE_STATE=getMsg HTTP/1.1" 200 27
116.230.105.139 - - [20/Dec/2022:12:20:18 +0800] "GET /xingrg/all/function/internal_message.html?_=1671510017090&CODE_STATE=getMsg HTTP/1.1" 200 27
116.238.139.35 - - [20/Dec/2022:12:20:19 +0800] "GET /xingrg/all/function/internal_message.html?_=1671509965510&CODE_STATE=getMsg HTTP/1.1" 200 27
114.83.219.50 - - [20/Dec/2022:12:20:25 +0800] "POST /xingrg/kc/buy/cgsh_order_operate.html HTTP/1.1" 200 37
180.169.147.146 - - [20/Dec/2022:12:20:27 +0800] "GET /xingrg/all/function/internal_message.html?_=1671510043283&CODE_STATE=getMsg HTTP/1.1" 200 27
180.169.147.146 - - [20/Dec/2022:12:20:29 +0800] "GET /xingrg/all/function/internal_message.html?_=1671510043633&CODE_STATE=getMsg HTTP/1.1" 200 27
124.78.155.190 - - [20/Dec/2022:12:20:32 +0800] "GET /xingrg/all/function/internal_message.html?_=1671510050722&CODE_STATE=getMsg HTTP/1.1" 200 27
120.253.135.82 - - [20/Dec/2022:12:20:38 +0800] "GET /xingrg/all/function/internal_message.html?_=1671509862053&CODE_STATE=getMsg HTTP/1.1" 200 27
101.93.183.100 - - [20/Dec/2022:12:20:38 +0800] "GET /xingrg/all/function/internal_message.html?_=1671510054430&CODE_STATE=getMsg HTTP/1.1" 200 27
114.83.219.50 - - [20/Dec/2022:12:20:39 +0800] "POST /xingrg/kc/buy/cgsh_order_operate.html HTTP/1.1" 200 12
222.69.192.184 - - [20/Dec/2022:12:20:45 +0800] "GET /xingrg/all/function/internal_message.html?_=1671509909080&CODE_STATE=getMsg HTTP/1.1" 200 27
114.83.219.50 - - [20/Dec/2022:12:20:50 +0800] "GET /xingrg/kc/buy/cgsh_order_info.html?code=212022122005195 HTTP/1.1" 200 64852
114.83.219.50 - - [20/Dec/2022:12:20:51 +0800] "GET /xingrg/javascript/easyui/themes/default/validatebox.css HTTP/1.1" 404 1104
114.83.219.50 - - [20/Dec/2022:12:20:52 +0800] "POST /xingrg/kc/buy/cgsh_order_operate.html HTTP/1.1" 200 613
114.84.38.109 - - [20/Dec/2022:12:20:55 +0800] "GET /xingrg/all/function/internal_message.html?_=1671510077466&CODE_STATE=getMsg HTTP/1.1" 200 27
58.221.95.50 - - [20/Dec/2022:12:20:56 +0800] "GET /xingrg/all/function/internal_message.html?_=1671510073756&CODE_STATE=getMsg HTTP/1.1" 200 27
114.83.219.50 - - [20/Dec/2022:12:20:56 +0800] "GET /xingrg/kc/print/report_design.html?orderType=cgsh HTTP/1.1" 200 8625
114.83.219.50 - - [20/Dec/2022:12:20:56 +0800] "GET /xingrg/css/design.css HTTP/1.1" 200 2477
114.83.219.50 - - [20/Dec/2022:12:20:56 +0800] "GET /xingrg/javascript/easyui/jquery.easyui.min.js HTTP/1.1" 200 272531
114.83.219.50 - - [20/Dec/2022:12:20:56 +0800] "GET /xingrg/javascript/print/report.helper.js HTTP/1.1" 200 7208
114.83.219.50 - - [20/Dec/2022:12:20:57 +0800] "GET /xingrg/javascript/print/report.js HTTP/1.1" 200 10993
114.83.219.50 - - [20/Dec/2022:12:20:57 +0800] "GET /xingrg/javascript/easyui/themes/sunny/easyui.css HTTP/1.1" 200 34304
114.83.219.50 - - [20/Dec/2022:12:20:57 +0800] "GET /xingrg/kc/print/design_operate.html?_=1671510071825&command=load_config&code=cgsh HTTP/1.1" 200 2853
114.83.219.50 - - [20/Dec/2022:12:20:57 +0800] "GET /xingrg/javascript/easyui/themes/sunny/images/ui-bg_highlight-soft_100_feeebd_1x100.png HTTP/1.1" 200 108
114.83.219.50 - - [20/Dec/2022:12:20:57 +0800] "GET /xingrg/javascript/easyui/themes/sunny/images/ui-bg_gloss-wave_45_817865_500x100.png HTTP/1.1" 200 3971
114.83.219.50 - - [20/Dec/2022:12:20:57 +0800] "GET /xingrg/javascript/easyui/themes/sunny/images/blank.gif HTTP/1.1" 200 43
114.83.219.50 - - [20/Dec/2022:12:20:57 +0800] "GET /xingrg/javascript/easyui/themes/sunny/images/ui-bg_gloss-wave_70_ffdd57_500x100.png HTTP/1.1" 200 3830
114.83.219.50 - - [20/Dec/2022:12:20:57 +0800] "GET /xingrg/javascript/easyui/themes/sunny/images/ui-icons_fadc7a_256x240.png HTTP/1.1" 200 4369
114.83.219.50 - - [20/Dec/2022:12:20:57 +0800] "GET /favicon.ico HTTP/1.1" 404 -
114.83.219.50 - - [20/Dec/2022:12:20:57 +0800] "GET /xingrg/javascript/easyui/themes/sunny/images/ui-icons_bd7b00_256x240.png HTTP/1.1" 200 4369
114.83.219.50 - - [20/Dec/2022:12:20:57 +0800] "GET /xingrg/css/images/background.png HTTP/1.1" 200 137
180.169.147.146 - - [20/Dec/2022:12:20:58 +0800] "GET /xingrg/kc/buy/cgsh_order_add.html HTTP/1.1" 200 69863
180.169.147.146 - - [20/Dec/2022:12:20:58 +0800] "POST /xingrg/kc/buy/cgsh_order_operate.html HTTP/1.1" 200 8245
180.169.147.146 - - [20/Dec/2022:12:20:58 +0800] "GET /xingrg/javascript/easyui/themes/default/validatebox.css HTTP/1.1" 404 1104
114.83.219.50 - - [20/Dec/2022:12:20:59 +0800] "GET /xingrg/kc/print/load_data.html?order_code=212022122005195&kc_code=cgsh&condition= HTTP/1.1" 200 763
114.84.171.241 - - [20/Dec/2022:12:20:59 +0800] "GET /xingrg/all/function/internal_message.html?_=1671510075847&CODE_STATE=getMsg HTTP/1.1" 200 27
114.83.219.50 - - [20/Dec/2022:12:21:04 +0800] "GET /xingrg/kc/buy/cgsh_order_add.html HTTP/1.1" 200 69948
114.83.219.50 - - [20/Dec/2022:12:21:05 +0800] "POST /xingrg/kc/buy/cgsh_order_operate.html HTTP/1.1" 200 8245
114.83.219.50 - - [20/Dec/2022:12:21:05 +0800] "GET /xingrg/javascript/easyui/themes/default/validatebox.css HTTP/1.1" 404 1104
180.169.147.146 - - [20/Dec/2022:12:21:09 +0800] "GET /xingrg/kc/buy/cgsh_order_operate.html?command=get_materiel&rest_code=00147&code=00101006068&supplier_code=00100015&order_time=2022-12-19 HTTP/1.1" 200 409
116.238.139.35 - - [20/Dec/2022:12:21:10 +0800] "GET /xingrg/all/function/internal_message.html?_=1671510089079&CODE_STATE=getMsg HTTP/1.1" 200 27
116.238.139.35 - - [20/Dec/2022:12:21:15 +0800] "GET /xingrg/check_reg.html?_=1671510093498 HTTP/1.1" 200 22
114.83.219.50 - - [20/Dec/2022:12:21:17 +0800] "GET /xingrg/all/function/internal_message.html?_=1671510092031&CODE_STATE=getMsg HTTP/1.1" 200 27
101.93.183.100 - - [20/Dec/2022:12:21:18 +0800] "GET /xingrg/check_reg.html?_=1671510094401 HTTP/1.1" 200 22
116.230.105.139 - - [20/Dec/2022:12:21:18 +0800] "GET /xingrg/all/function/internal_message.html?_=1671510077063&CODE_STATE=getMsg HTTP/1.1" 200 27
116.238.139.35 - - [20/Dec/2022:12:21:19 +0800] "GET /xingrg/all/function/internal_message.html?_=1671510025532&CODE_STATE=getMsg HTTP/1.1" 200 27
180.169.147.146 - - [20/Dec/2022:12:21:22 +0800] "GET /xingrg/kc/buy/cgsh_order_operate.html?command=get_materiel&rest_code=00147&code=00101006055&supplier_code=00100015&order_time=2022-12-19 HTTP/1.1" 200 429
114.83.219.50 - - [20/Dec/2022:12:21:25 +0800] "GET /xingrg/kc/buy/cgsh_order_operate.html?command=get_materiel&rest_code=00149&code=00101006128&supplier_code=00100012&order_time=2022-12-20 HTTP/1.1" 200 427
180.169.147.146 - - [20/Dec/2022:12:21:27 +0800] "GET /xingrg/all/function/internal_message.html?_=1671510103318&CODE_STATE=getMsg HTTP/1.1" 200 27
180.169.147.146 - - [20/Dec/2022:12:21:29 +0800] "GET /xingrg/all/function/internal_message.html?_=1671510103634&CODE_STATE=getMsg HTTP/1.1" 200 27
124.78.155.190 - - [20/Dec/2022:12:21:32 +0800] "GET /xingrg/all/function/internal_message.html?_=1671510110725&CODE_STATE=getMsg HTTP/1.1" 200 27
114.84.38.109 - - [20/Dec/2022:12:21:33 +0800] "GET /xingrg/check_reg.html?_=1671510115354 HTTP/1.1" 200 22
180.169.147.146 - - [20/Dec/2022:12:21:33 +0800] "POST /xingrg/kc/buy/cgsh_order_operate.html HTTP/1.1" 200 37
180.169.147.146 - - [20/Dec/2022:12:21:35 +0800] "POST /xingrg/kc/buy/cgsh_order_operate.html HTTP/1.1" 200 3248
180.169.147.146 - - [20/Dec/2022:12:21:36 +0800] "GET /xingrg/kc/print/load_data.html?order_code=212022122005196&kc_code=cgsh&condition= HTTP/1.1" 200 994
120.253.135.82 - - [20/Dec/2022:12:21:38 +0800] "GET /xingrg/all/function/internal_message.html?_=1671509922250&CODE_STATE=getMsg HTTP/1.1" 200 27
101.93.183.100 - - [20/Dec/2022:12:21:38 +0800] "GET /xingrg/all/function/internal_message.html?_=1671510114424&CODE_STATE=getMsg HTTP/1.1" 200 27
180.169.147.146 - - [20/Dec/2022:12:21:43 +0800] "GET /xingrg/kc/buy/cgsh_order_add.html HTTP/1.1" 200 69863
180.169.147.146 - - [20/Dec/2022:12:21:43 +0800] "POST /xingrg/kc/buy/cgsh_order_operate.html HTTP/1.1" 200 8245
180.169.147.146 - - [20/Dec/2022:12:21:43 +0800] "GET /xingrg/javascript/easyui/themes/default/validatebox.css HTTP/1.1" 404 1104
58.221.95.50 - - [20/Dec/2022:12:21:45 +0800] "GET /xingrg/check_reg.html?_=1671510122283 HTTP/1.1" 200 22
222.69.192.184 - - [20/Dec/2022:12:21:45 +0800] "GET /xingrg/all/function/internal_message.html?_=1671509969089&CODE_STATE=getMsg HTTP/1.1" 200 27
222.69.192.184 - - [20/Dec/2022:12:21:45 +0800] "GET /xingrg/check_reg.html?_=1671509969092 HTTP/1.1" 200 22
114.84.38.109 - - [20/Dec/2022:12:21:55 +0800] "GET /xingrg/all/function/internal_message.html?_=1671510137474&CODE_STATE=getMsg HTTP/1.1" 200 27
58.221.95.50 - - [20/Dec/2022:12:21:56 +0800] "GET /xingrg/all/function/internal_message.html?_=1671510133744&CODE_STATE=getMsg HTTP/1.1" 200 27
180.169.147.146 - - [20/Dec/2022:12:21:58 +0800] "GET /xingrg/kc/buy/cgsh_order_operate.html?command=get_materiel&rest_code=00147&code=00101016105&supplier_code=00100242&order_time=2022-12-19 HTTP/1.1" 200 409
114.84.171.241 - - [20/Dec/2022:12:22:00 +0800] "GET /xingrg/all/function/internal_message.html?_=1671510135849&CODE_STATE=getMsg HTTP/1.1" 200 27
116.238.139.35 - - [20/Dec/2022:12:22:10 +0800] "GET /xingrg/all/function/internal_message.html?_=1671510149053&CODE_STATE=getMsg HTTP/1.1" 200 27
114.83.219.50 - - [20/Dec/2022:12:22:15 +0800] "GET /xingrg/kc/buy/cgsh_order_operate.html?command=get_materiel&rest_code=00149&code=00101006130&supplier_code=00100012&order_time=2022-12-20 HTTP/1.1" 200 427
114.83.219.50 - - [20/Dec/2022:12:22:17 +0800] "GET /xingrg/all/function/internal_message.html?_=1671510152051&CODE_STATE=getMsg HTTP/1.1" 200 27
120.253.135.82 - - [20/Dec/2022:12:22:17 +0800] "GET /xingrg/check_reg.html?_=1671509961911 HTTP/1.1" 200 22
116.230.105.139 - - [20/Dec/2022:12:22:18 +0800] "GET /xingrg/all/function/internal_message.html?_=1671510137045&CODE_STATE=getMsg HTTP/1.1" 200 27
116.238.139.35 - - [20/Dec/2022:12:22:19 +0800] "GET /xingrg/all/function/internal_message.html?_=1671510085538&CODE_STATE=getMsg HTTP/1.1" 200 27
114.83.219.50 - - [20/Dec/2022:12:22:25 +0800] "POST /xingrg/kc/buy/cgsh_order_operate.html HTTP/1.1" 200 37
180.169.147.146 - - [20/Dec/2022:12:22:27 +0800] "GET /xingrg/all/function/internal_message.html?_=1671510163296&CODE_STATE=getMsg HTTP/1.1" 200 27
180.169.147.146 - - [20/Dec/2022:12:22:29 +0800] "GET /xingrg/check_reg.html?_=1671510163634 HTTP/1.1" 200 22
180.169.147.146 - - [20/Dec/2022:12:22:29 +0800] "GET /xingrg/all/function/internal_message.html?_=1671510163637&CODE_STATE=getMsg HTTP/1.1" 200 27
114.83.219.50 - - [20/Dec/2022:12:22:29 +0800] "POST /xingrg/kc/buy/cgsh_order_operate.html HTTP/1.1" 200 12
124.78.155.190 - - [20/Dec/2022:12:22:32 +0800] "GET /xingrg/all/function/internal_message.html?_=1671510170724&CODE_STATE=getMsg HTTP/1.1" 200 27
124.78.155.190 - - [20/Dec/2022:12:22:32 +0800] "GET /xingrg/check_reg.html?_=1671510170726 HTTP/1.1" 200 22
114.83.219.50 - - [20/Dec/2022:12:22:34 +0800] "GET /xingrg/kc/buy/cgsh_order_info.html?code=212022122005197 HTTP/1.1" 200 64850
114.83.219.50 - - [20/Dec/2022:12:22:35 +0800] "GET /xingrg/javascript/easyui/themes/default/validatebox.css HTTP/1.1" 404 1104
114.83.219.50 - - [20/Dec/2022:12:22:35 +0800] "POST /xingrg/kc/buy/cgsh_order_operate.html HTTP/1.1" 200 625
120.253.135.82 - - [20/Dec/2022:12:22:38 +0800] "GET /xingrg/all/function/internal_message.html?_=1671509982423&CODE_STATE=getMsg HTTP/1.1" 200 27
