124.78.155.190 - - [20/Dec/2022:09:22:32 +0800] "GET /favicon.ico HTTP/1.1" 404 -
222.69.192.184 - - [20/Dec/2022:09:22:32 +0800] "GET /xingrg/all/function/internal_message.html?_=1671499216809&CODE_STATE=getMsg HTTP/1.1" 200 27
124.78.155.190 - - [20/Dec/2022:09:22:34 +0800] "POST /xingrg/login.do HTTP/1.1" 302 -
124.78.155.190 - - [20/Dec/2022:09:22:34 +0800] "GET /xingrg/index.html?sysBaseUrl=http%3A%2F%2F180.169.147.146%3A18081%2Fxingrg%2F&costTime=39×tamp=1671499354692 HTTP/1.1" 200 17173
124.78.155.190 - - [20/Dec/2022:09:22:34 +0800] "GET /favicon.ico HTTP/1.1" 404 -
124.78.155.190 - - [20/Dec/2022:09:22:34 +0800] "POST /xingrg/all/common/load_tree.html?tree=area_rest_tree_json&manage=1 HTTP/1.1" 200 342
124.78.155.190 - - [20/Dec/2022:09:22:34 +0800] "GET /xingrg/check_reg.html?_=1671499373358 HTTP/1.1" 200 22
124.78.155.190 - - [20/Dec/2022:09:22:34 +0800] "GET /xingrg/all/function/internal_message.html?_=1671499373357&CODE_STATE=count HTTP/1.1" 200 11
124.78.155.190 - - [20/Dec/2022:09:22:35 +0800] "POST /xingrg/load_menu.html HTTP/1.1" 200 5138
114.84.38.109 - - [20/Dec/2022:09:22:51 +0800] "GET /xingrg/all/function/internal_message.html?_=1671499393467&CODE_STATE=getMsg HTTP/1.1" 200 27
58.221.95.50 - - [20/Dec/2022:09:22:56 +0800] "GET /xingrg/all/function/internal_message.html?_=1671499393741&CODE_STATE=getMsg HTTP/1.1" 200 27
114.84.171.241 - - [20/Dec/2022:09:22:59 +0800] "GET /xingrg/all/function/internal_message.html?_=1671499395581&CODE_STATE=getMsg HTTP/1.1" 200 27
114.84.171.241 - - [20/Dec/2022:09:22:59 +0800] "GET /xingrg/check_reg.html?_=1671499395583 HTTP/1.1" 200 22
222.69.192.184 - - [20/Dec/2022:09:23:01 +0800] "GET /xingrg/kc/buy/cgsh_order_operate.html?command=get_materiel&rest_code=00105&code=00101008291&supplier_code=00100203&order_time=2022-12-20 HTTP/1.1" 200 408
124.78.155.190 - - [20/Dec/2022:09:23:06 +0800] "GET /xingrg/kc/base/base_main.html HTTP/1.1" 200 12142
124.78.155.190 - - [20/Dec/2022:09:23:07 +0800] "GET /xingrg/kc/buy/buy_main.html HTTP/1.1" 200 12412
124.78.155.190 - - [20/Dec/2022:09:23:07 +0800] "GET /xingrg/css/new_ie.css HTTP/1.1" 404 1036
116.238.139.35 - - [20/Dec/2022:09:23:14 +0800] "GET /xingrg/all/function/internal_message.html?_=1671499412967&CODE_STATE=getMsg HTTP/1.1" 200 27
124.78.155.190 - - [20/Dec/2022:09:23:15 +0800] "GET /xingrg/kc/buy/buy_main.html HTTP/1.1" 200 12412
124.78.155.190 - - [20/Dec/2022:09:23:15 +0800] "GET /xingrg/css/new_ie.css HTTP/1.1" 404 1036
124.78.155.190 - - [20/Dec/2022:09:23:16 +0800] "GET /xingrg/images/yd/bt.gif HTTP/1.1" 404 1040
116.238.139.35 - - [20/Dec/2022:09:23:16 +0800] "GET /xingrg/all/function/internal_message.html?_=1671499343084&CODE_STATE=getMsg HTTP/1.1" 200 27
124.78.155.190 - - [20/Dec/2022:09:23:18 +0800] "GET /xingrg/kc/buy/cgsh_order_list.html HTTP/1.1" 200 54078
116.192.124.172 - - [20/Dec/2022:09:23:21 +0800] "GET /xingrg/all/function/internal_message.html?_=1671499418663&CODE_STATE=getMsg HTTP/1.1" 200 27
124.78.155.190 - - [20/Dec/2022:09:23:21 +0800] "POST /xingrg/kc/buy/cgsh_list_operate.html HTTP/1.1" 200 2279
120.253.135.82 - - [20/Dec/2022:09:23:22 +0800] "GET /xingrg/all/function/internal_message.html?_=1671499226467&CODE_STATE=getMsg HTTP/1.1" 200 27
124.78.155.190 - - [20/Dec/2022:09:23:23 +0800] "GET /xingrg/kc/buy/cgsh_order_add.html HTTP/1.1" 200 69854
124.78.155.190 - - [20/Dec/2022:09:23:24 +0800] "POST /xingrg/kc/buy/cgsh_order_operate.html HTTP/1.1" 200 8245
124.78.155.190 - - [20/Dec/2022:09:23:24 +0800] "GET /xingrg/all/common/auto_word.html?type=employee&rest_code=00106 HTTP/1.1" 200 205
124.78.155.190 - - [20/Dec/2022:09:23:24 +0800] "GET /xingrg/all/common/auto_word.html?type=employee&rest_code=00106 HTTP/1.1" 200 205
124.78.155.190 - - [20/Dec/2022:09:23:24 +0800] "GET /xingrg/javascript/easyui/themes/default/validatebox.css HTTP/1.1" 404 1104
124.78.155.190 - - [20/Dec/2022:09:23:25 +0800] "GET /xingrg/javascript/easyui/themes/default/tree.css HTTP/1.1" 404 1090
222.69.192.184 - - [20/Dec/2022:09:23:26 +0800] "GET /xingrg/kc/buy/cgsh_order_operate.html?command=get_materiel&rest_code=00105&code=00101008350&supplier_code=00100203&order_time=2022-12-20 HTTP/1.1" 200 408
124.78.155.190 - - [20/Dec/2022:09:23:26 +0800] "POST /xingrg/all/common/load_tree.html?tree=supplier_tree_json&isDelete=1 HTTP/1.1" 200 70864
222.69.192.184 - - [20/Dec/2022:09:23:32 +0800] "GET /xingrg/check_reg.html?_=1671499276800 HTTP/1.1" 200 22
222.69.192.184 - - [20/Dec/2022:09:23:32 +0800] "GET /xingrg/all/function/internal_message.html?_=1671499276804&CODE_STATE=getMsg HTTP/1.1" 200 27
124.78.155.190 - - [20/Dec/2022:09:23:34 +0800] "GET /xingrg/all/function/internal_message.html?_=1671499433365&CODE_STATE=getMsg HTTP/1.1" 200 27
114.84.38.109 - - [20/Dec/2022:09:23:51 +0800] "GET /xingrg/all/function/internal_message.html?_=1671499453512&CODE_STATE=getMsg HTTP/1.1" 200 27
222.69.192.184 - - [20/Dec/2022:09:23:54 +0800] "GET /xingrg/kc/buy/cgsh_order_operate.html?command=get_materiel&rest_code=00105&code=00101008036&supplier_code=00100203&order_time=2022-12-20 HTTP/1.1" 200 408
58.221.95.50 - - [20/Dec/2022:09:23:56 +0800] "GET /xingrg/all/function/internal_message.html?_=1671499453753&CODE_STATE=getMsg HTTP/1.1" 200 27
114.84.171.241 - - [20/Dec/2022:09:23:59 +0800] "GET /xingrg/all/function/internal_message.html?_=1671499455581&CODE_STATE=getMsg HTTP/1.1" 200 27
116.238.139.35 - - [20/Dec/2022:09:24:03 +0800] "GET /xingrg/check_reg.html?_=1671499389302 HTTP/1.1" 200 22
116.238.139.35 - - [20/Dec/2022:09:24:14 +0800] "GET /xingrg/all/function/internal_message.html?_=1671499472958&CODE_STATE=getMsg HTTP/1.1" 200 27
116.238.139.35 - - [20/Dec/2022:09:24:16 +0800] "GET /xingrg/all/function/internal_message.html?_=1671499403088&CODE_STATE=getMsg HTTP/1.1" 200 27
116.192.124.172 - - [20/Dec/2022:09:24:21 +0800] "GET /xingrg/all/function/internal_message.html?_=1671499478673&CODE_STATE=getMsg HTTP/1.1" 200 27
120.253.135.82 - - [20/Dec/2022:09:24:22 +0800] "GET /xingrg/all/function/internal_message.html?_=1671499286651&CODE_STATE=getMsg HTTP/1.1" 200 27
222.69.192.184 - - [20/Dec/2022:09:24:32 +0800] "GET /xingrg/all/function/internal_message.html?_=1671499336798&CODE_STATE=getMsg HTTP/1.1" 200 27
124.78.155.190 - - [20/Dec/2022:09:24:35 +0800] "GET /xingrg/all/function/internal_message.html?_=1671499493370&CODE_STATE=getMsg HTTP/1.1" 200 27
222.69.192.184 - - [20/Dec/2022:09:24:37 +0800] "GET /xingrg/kc/buy/cgsh_order_operate.html?command=get_materiel&rest_code=00105&code=00101008332&supplier_code=00100203&order_time=2022-12-20 HTTP/1.1" 200 412
114.84.38.109 - - [20/Dec/2022:09:24:51 +0800] "GET /xingrg/all/function/internal_message.html?_=1671499513526&CODE_STATE=getMsg HTTP/1.1" 200 27
58.221.95.50 - - [20/Dec/2022:09:24:56 +0800] "GET /xingrg/all/function/internal_message.html?_=1671499513746&CODE_STATE=getMsg HTTP/1.1" 200 27
114.84.171.241 - - [20/Dec/2022:09:24:59 +0800] "GET /xingrg/all/function/internal_message.html?_=1671499515579&CODE_STATE=getMsg HTTP/1.1" 200 27
222.69.192.184 - - [20/Dec/2022:09:25:13 +0800] "GET /xingrg/kc/buy/cgsh_order_operate.html?command=get_materiel&rest_code=00105&code=00101008361&supplier_code=00100203&order_time=2022-12-20 HTTP/1.1" 200 408
116.238.139.35 - - [20/Dec/2022:09:25:14 +0800] "GET /xingrg/all/function/internal_message.html?_=1671499532927&CODE_STATE=getMsg HTTP/1.1" 200 27
116.238.139.35 - - [20/Dec/2022:09:25:16 +0800] "GET /xingrg/all/function/internal_message.html?_=1671499463102&CODE_STATE=getMsg HTTP/1.1" 200 27
116.192.124.172 - - [20/Dec/2022:09:25:21 +0800] "GET /xingrg/all/function/internal_message.html?_=1671499538667&CODE_STATE=getMsg HTTP/1.1" 200 27
120.253.135.82 - - [20/Dec/2022:09:25:22 +0800] "GET /xingrg/all/function/internal_message.html?_=1671499346666&CODE_STATE=getMsg HTTP/1.1" 200 27
222.69.192.184 - - [20/Dec/2022:09:25:32 +0800] "GET /xingrg/kc/buy/cgsh_order_operate.html?command=get_materiel&rest_code=00105&code=00101008321&supplier_code=00100203&order_time=2022-12-20 HTTP/1.1" 200 412
222.69.192.184 - - [20/Dec/2022:09:25:33 +0800] "GET /xingrg/all/function/internal_message.html?_=1671499396864&CODE_STATE=getMsg HTTP/1.1" 200 27
124.78.155.190 - - [20/Dec/2022:09:25:35 +0800] "GET /xingrg/all/function/internal_message.html?_=1671499553370&CODE_STATE=getMsg HTTP/1.1" 200 27
114.84.38.109 - - [20/Dec/2022:09:25:51 +0800] "GET /xingrg/all/function/internal_message.html?_=1671499573561&CODE_STATE=getMsg HTTP/1.1" 200 27
58.221.95.50 - - [20/Dec/2022:09:25:56 +0800] "GET /xingrg/all/function/internal_message.html?_=1671499573749&CODE_STATE=getMsg HTTP/1.1" 200 27
114.84.171.241 - - [20/Dec/2022:09:25:59 +0800] "GET /xingrg/all/function/internal_message.html?_=1671499575593&CODE_STATE=getMsg HTTP/1.1" 200 27
222.69.192.184 - - [20/Dec/2022:09:26:05 +0800] "GET /xingrg/kc/buy/cgsh_order_operate.html?command=get_materiel&rest_code=00105&code=00101008356&supplier_code=00100203&order_time=2022-12-20 HTTP/1.1" 200 423
116.238.139.35 - - [20/Dec/2022:09:26:14 +0800] "GET /xingrg/all/function/internal_message.html?_=1671499592901&CODE_STATE=getMsg HTTP/1.1" 200 27
116.238.139.35 - - [20/Dec/2022:09:26:15 +0800] "GET /xingrg/check_reg.html?_=1671499593200 HTTP/1.1" 200 22
116.238.139.35 - - [20/Dec/2022:09:26:16 +0800] "GET /xingrg/all/function/internal_message.html?_=1671499523125&CODE_STATE=getMsg HTTP/1.1" 200 27
116.192.124.172 - - [20/Dec/2022:09:26:21 +0800] "GET /xingrg/all/function/internal_message.html?_=1671499598655&CODE_STATE=getMsg HTTP/1.1" 200 27
116.192.124.172 - - [20/Dec/2022:09:26:21 +0800] "GET /xingrg/check_reg.html?_=1671499598658 HTTP/1.1" 200 22
222.69.192.184 - - [20/Dec/2022:09:26:21 +0800] "GET /xingrg/kc/buy/cgsh_order_operate.html?command=get_materiel&rest_code=00105&code=00101008270&supplier_code=00100203&order_time=2022-12-20 HTTP/1.1" 200 412
120.253.135.82 - - [20/Dec/2022:09:26:22 +0800] "GET /xingrg/all/function/internal_message.html?_=1671499406872&CODE_STATE=getMsg HTTP/1.1" 200 27
222.69.192.184 - - [20/Dec/2022:09:26:33 +0800] "GET /xingrg/all/function/internal_message.html?_=1671499456841&CODE_STATE=getMsg HTTP/1.1" 200 27
114.84.38.109 - - [20/Dec/2022:09:26:33 +0800] "GET /xingrg/check_reg.html?_=1671499615164 HTTP/1.1" 200 22
124.78.155.190 - - [20/Dec/2022:09:26:35 +0800] "GET /xingrg/all/function/internal_message.html?_=1671499613371&CODE_STATE=getMsg HTTP/1.1" 200 27
222.69.192.184 - - [20/Dec/2022:09:26:40 +0800] "GET /xingrg/kc/buy/cgsh_order_operate.html?command=get_materiel&rest_code=00105&code=00101008108&supplier_code=00100203&order_time=2022-12-20 HTTP/1.1" 200 412
58.221.95.50 - - [20/Dec/2022:09:26:45 +0800] "GET /xingrg/check_reg.html?_=1671499622768 HTTP/1.1" 200 22
114.84.38.109 - - [20/Dec/2022:09:26:51 +0800] "GET /xingrg/all/function/internal_message.html?_=1671499633569&CODE_STATE=getMsg HTTP/1.1" 200 27
58.221.95.50 - - [20/Dec/2022:09:26:56 +0800] "GET /xingrg/all/function/internal_message.html?_=1671499633748&CODE_STATE=getMsg HTTP/1.1" 200 27
114.84.171.241 - - [20/Dec/2022:09:26:59 +0800] "GET /xingrg/all/function/internal_message.html?_=1671499635591&CODE_STATE=getMsg HTTP/1.1" 200 27
222.69.192.184 - - [20/Dec/2022:09:27:01 +0800] "GET /xingrg/kc/buy/cgsh_order_operate.html?command=get_materiel&rest_code=00105&code=00101008098&supplier_code=00100203&order_time=2022-12-20 HTTP/1.1" 200 412
116.238.139.35 - - [20/Dec/2022:09:27:14 +0800] "GET /xingrg/all/function/internal_message.html?_=1671499652874&CODE_STATE=getMsg HTTP/1.1" 200 27
116.238.139.35 - - [20/Dec/2022:09:27:16 +0800] "GET /xingrg/all/function/internal_message.html?_=1671499583129&CODE_STATE=getMsg HTTP/1.1" 200 27
120.253.135.82 - - [20/Dec/2022:09:27:17 +0800] "GET /xingrg/check_reg.html?_=1671499461721 HTTP/1.1" 200 22
116.192.124.172 - - [20/Dec/2022:09:27:21 +0800] "GET /xingrg/all/function/internal_message.html?_=1671499658673&CODE_STATE=getMsg HTTP/1.1" 200 27
222.69.192.184 - - [20/Dec/2022:09:27:21 +0800] "GET /xingrg/kc/buy/cgsh_order_operate.html?command=get_materiel&rest_code=00105&code=00101008213&supplier_code=00100203&order_time=2022-12-20 HTTP/1.1" 200 412
120.253.135.82 - - [20/Dec/2022:09:27:22 +0800] "GET /xingrg/all/function/internal_message.html?_=1671499466882&CODE_STATE=getMsg HTTP/1.1" 200 27
222.69.192.184 - - [20/Dec/2022:09:27:33 +0800] "GET /xingrg/all/function/internal_message.html?_=1671499516818&CODE_STATE=getMsg HTTP/1.1" 200 27
124.78.155.190 - - [20/Dec/2022:09:27:35 +0800] "GET /xingrg/check_reg.html?_=1671499673376 HTTP/1.1" 200 22
124.78.155.190 - - [20/Dec/2022:09:27:35 +0800] "GET /xingrg/all/function/internal_message.html?_=1671499673378&CODE_STATE=getMsg HTTP/1.1" 200 27
124.78.155.190 - - [20/Dec/2022:09:27:42 +0800] "GET /xingrg/javascript/auto/indicator.gif HTTP/1.1" 404 1066
114.84.38.109 - - [20/Dec/2022:09:27:51 +0800] "GET /xingrg/all/function/internal_message.html?_=1671499693583&CODE_STATE=getMsg HTTP/1.1" 200 27
124.78.155.190 - - [20/Dec/2022:09:27:53 +0800] "GET /xingrg/kc/buy/cgsh_order_operate.html?command=get_materiel&rest_code=00106&code=00101006111&supplier_code=00100015&order_time=2022-12-20 HTTP/1.1" 200 411
58.221.95.50 - - [20/Dec/2022:09:27:56 +0800] "GET /xingrg/all/function/internal_message.html?_=1671499693740&CODE_STATE=getMsg HTTP/1.1" 200 27
114.84.171.241 - - [20/Dec/2022:09:27:59 +0800] "GET /xingrg/check_reg.html?_=1671499695590 HTTP/1.1" 200 22
114.84.171.241 - - [20/Dec/2022:09:27:59 +0800] "GET /xingrg/all/function/internal_message.html?_=1671499695591&CODE_STATE=getMsg HTTP/1.1" 200 27
116.238.139.35 - - [20/Dec/2022:09:28:14 +0800] "GET /xingrg/all/function/internal_message.html?_=1671499712851&CODE_STATE=getMsg HTTP/1.1" 200 27
116.238.139.35 - - [20/Dec/2022:09:28:16 +0800] "GET /xingrg/all/function/internal_message.html?_=1671499643152&CODE_STATE=getMsg HTTP/1.1" 200 27
124.78.155.190 - - [20/Dec/2022:09:28:18 +0800] "GET /xingrg/kc/buy/cgsh_order_operate.html?command=get_materiel&rest_code=00106&code=00101006112&supplier_code=00100015&order_time=2022-12-20 HTTP/1.1" 200 409
116.192.124.172 - - [20/Dec/2022:09:28:21 +0800] "GET /xingrg/all/function/internal_message.html?_=1671499718674&CODE_STATE=getMsg HTTP/1.1" 200 27
120.253.135.82 - - [20/Dec/2022:09:28:22 +0800] "GET /xingrg/all/function/internal_message.html?_=1671499526894&CODE_STATE=getMsg HTTP/1.1" 200 27
124.78.155.190 - - [20/Dec/2022:09:28:31 +0800] "GET /xingrg/kc/buy/cgsh_order_operate.html?command=get_materiel&rest_code=00106&code=00101006144&supplier_code=00100015&order_time=2022-12-20 HTTP/1.1" 200 409
222.69.192.184 - - [20/Dec/2022:09:28:33 +0800] "GET /xingrg/check_reg.html?_=1671499576816 HTTP/1.1" 200 22
222.69.192.184 - - [20/Dec/2022:09:28:33 +0800] "GET /xingrg/all/function/internal_message.html?_=1671499576819&CODE_STATE=getMsg HTTP/1.1" 200 27
124.78.155.190 - - [20/Dec/2022:09:28:35 +0800] "GET /xingrg/all/function/internal_message.html?_=1671499733387&CODE_STATE=getMsg HTTP/1.1" 200 27
114.84.38.109 - - [20/Dec/2022:09:28:51 +0800] "GET /xingrg/all/function/internal_message.html?_=1671499753628&CODE_STATE=getMsg HTTP/1.1" 200 27
58.221.95.50 - - [20/Dec/2022:09:28:56 +0800] "GET /xingrg/all/function/internal_message.html?_=1671499753752&CODE_STATE=getMsg HTTP/1.1" 200 27
114.84.171.241 - - [20/Dec/2022:09:28:59 +0800] "GET /xingrg/all/function/internal_message.html?_=1671499755589&CODE_STATE=getMsg HTTP/1.1" 200 27
116.238.139.35 - - [20/Dec/2022:09:29:03 +0800] "GET /xingrg/check_reg.html?_=1671499689303 HTTP/1.1" 200 22
124.78.155.190 - - [20/Dec/2022:09:29:12 +0800] "POST /xingrg/kc/buy/cgsh_order_operate.html HTTP/1.1" 200 37
124.78.155.190 - - [20/Dec/2022:09:29:14 +0800] "POST /xingrg/kc/buy/cgsh_order_operate.html HTTP/1.1" 200 3837
116.238.139.35 - - [20/Dec/2022:09:29:14 +0800] "GET /xingrg/all/function/internal_message.html?_=1671499772822&CODE_STATE=getMsg HTTP/1.1" 200 27
116.238.139.35 - - [20/Dec/2022:09:29:16 +0800] "GET /xingrg/all/function/internal_message.html?_=1671499703156&CODE_STATE=getMsg HTTP/1.1" 200 27
124.78.155.190 - - [20/Dec/2022:09:29:17 +0800] "GET /xingrg/kc/buy/buy_main.html HTTP/1.1" 200 12412
124.78.155.190 - - [20/Dec/2022:09:29:17 +0800] "GET /xingrg/css/new_ie.css HTTP/1.1" 404 1036
116.192.124.172 - - [20/Dec/2022:09:29:21 +0800] "GET /xingrg/all/function/internal_message.html?_=1671499778672&CODE_STATE=getMsg HTTP/1.1" 200 27
120.253.135.82 - - [20/Dec/2022:09:29:23 +0800] "GET /xingrg/all/function/internal_message.html?_=1671499587082&CODE_STATE=getMsg HTTP/1.1" 200 27
222.69.192.184 - - [20/Dec/2022:09:29:32 +0800] "GET /xingrg/all/function/internal_message.html?_=1671499636805&CODE_STATE=getMsg HTTP/1.1" 200 27
114.84.38.109 - - [20/Dec/2022:09:29:51 +0800] "GET /xingrg/all/function/internal_message.html?_=1671499813641&CODE_STATE=getMsg HTTP/1.1" 200 27
222.70.177.10 - - [20/Dec/2022:09:29:52 +0800] "POST /xingrg/services/DataTransmitService HTTP/1.1" 200 524
58.221.95.50 - - [20/Dec/2022:09:29:56 +0800] "GET /xingrg/all/function/internal_message.html?_=1671499813748&CODE_STATE=getMsg HTTP/1.1" 200 27
114.84.171.241 - - [20/Dec/2022:09:29:59 +0800] "GET /xingrg/all/function/internal_message.html?_=1671499815588&CODE_STATE=getMsg HTTP/1.1" 200 27
116.238.139.35 - - [20/Dec/2022:09:30:14 +0800] "GET /xingrg/all/function/internal_message.html?_=1671499832793&CODE_STATE=getMsg HTTP/1.1" 200 27
116.238.139.35 - - [20/Dec/2022:09:30:16 +0800] "GET /xingrg/all/function/internal_message.html?_=1671499763170&CODE_STATE=getMsg HTTP/1.1" 200 27
116.192.124.172 - - [20/Dec/2022:09:30:21 +0800] "GET /xingrg/all/function/internal_message.html?_=1671499838665&CODE_STATE=getMsg HTTP/1.1" 200 27
120.253.135.82 - - [20/Dec/2022:09:30:22 +0800] "GET /xingrg/all/function/internal_message.html?_=1671499647093&CODE_STATE=getMsg HTTP/1.1" 200 27
222.69.192.184 - - [20/Dec/2022:09:30:32 +0800] "GET /xingrg/all/function/internal_message.html?_=1671499696803&CODE_STATE=getMsg HTTP/1.1" 200 27
116.230.105.139 - - [20/Dec/2022:09:30:44 +0800] "POST /xingrg/services/DataTransmitService HTTP/1.1" 200 524
114.84.38.109 - - [20/Dec/2022:09:30:51 +0800] "GET /xingrg/all/function/internal_message.html?_=1671499873677&CODE_STATE=getMsg HTTP/1.1" 200 27
58.221.95.50 - - [20/Dec/2022:09:30:56 +0800] "GET /xingrg/all/function/internal_message.html?_=1671499873748&CODE_STATE=getMsg HTTP/1.1" 200 27
114.84.171.241 - - [20/Dec/2022:09:30:59 +0800] "GET /xingrg/all/function/internal_message.html?_=1671499875587&CODE_STATE=getMsg HTTP/1.1" 200 27
116.238.139.35 - - [20/Dec/2022:09:31:14 +0800] "GET /xingrg/all/function/internal_message.html?_=1671499892780&CODE_STATE=getMsg HTTP/1.1" 200 27
116.238.139.35 - - [20/Dec/2022:09:31:15 +0800] "GET /xingrg/check_reg.html?_=1671499893206 HTTP/1.1" 200 22
116.238.139.35 - - [20/Dec/2022:09:31:16 +0800] "GET /xingrg/all/function/internal_message.html?_=1671499823190&CODE_STATE=getMsg HTTP/1.1" 200 27
116.192.124.172 - - [20/Dec/2022:09:31:21 +0800] "GET /xingrg/check_reg.html?_=1671499898654 HTTP/1.1" 200 22
116.192.124.172 - - [20/Dec/2022:09:31:21 +0800] "GET /xingrg/all/function/internal_message.html?_=1671499898657&CODE_STATE=getMsg HTTP/1.1" 200 27
120.253.135.82 - - [20/Dec/2022:09:31:23 +0800] "GET /xingrg/all/function/internal_message.html?_=1671499707293&CODE_STATE=getMsg HTTP/1.1" 200 27
222.69.192.184 - - [20/Dec/2022:09:31:33 +0800] "GET /xingrg/all/function/internal_message.html?_=1671499756807&CODE_STATE=getMsg HTTP/1.1" 200 27
114.84.38.109 - - [20/Dec/2022:09:31:33 +0800] "GET /xingrg/check_reg.html?_=1671499915173 HTTP/1.1" 200 22
58.221.95.50 - - [20/Dec/2022:09:31:45 +0800] "GET /xingrg/check_reg.html?_=1671499922769 HTTP/1.1" 200 22
114.84.38.109 - - [20/Dec/2022:09:31:51 +0800] "GET /xingrg/all/function/internal_message.html?_=1671499933684&CODE_STATE=getMsg HTTP/1.1" 200 27
58.221.95.50 - - [20/Dec/2022:09:31:56 +0800] "GET /xingrg/all/function/internal_message.html?_=1671499933744&CODE_STATE=getMsg HTTP/1.1" 200 27
114.84.171.241 - - [20/Dec/2022:09:31:59 +0800] "GET /xingrg/all/function/internal_message.html?_=1671499935613&CODE_STATE=getMsg HTTP/1.1" 200 27
114.84.81.136 - - [20/Dec/2022:09:32:12 +0800] "POST /xingrg/services/DataTransmitService HTTP/1.1" 200 524
116.238.139.35 - - [20/Dec/2022:09:32:14 +0800] "GET /xingrg/all/function/internal_message.html?_=1671499952755&CODE_STATE=getMsg HTTP/1.1" 200 27
116.238.139.35 - - [20/Dec/2022:09:32:16 +0800] "GET /xingrg/all/function/internal_message.html?_=1671499883197&CODE_STATE=getMsg HTTP/1.1" 200 27
120.253.135.82 - - [20/Dec/2022:09:32:17 +0800] "GET /xingrg/check_reg.html?_=1671499761722 HTTP/1.1" 200 22
116.192.124.172 - - [20/Dec/2022:09:32:21 +0800] "GET /xingrg/all/function/internal_message.html?_=1671499958665&CODE_STATE=getMsg HTTP/1.1" 200 27
120.253.135.82 - - [20/Dec/2022:09:32:23 +0800] "GET /xingrg/all/function/internal_message.html?_=1671499767307&CODE_STATE=getMsg HTTP/1.1" 200 27
222.69.192.184 - - [20/Dec/2022:09:32:33 +0800] "GET /xingrg/all/function/internal_message.html?_=1671499816805&CODE_STATE=getMsg HTTP/1.1" 200 27
114.84.38.109 - - [20/Dec/2022:09:32:52 +0800] "GET /xingrg/all/function/internal_message.html?_=1671499993703&CODE_STATE=getMsg HTTP/1.1" 200 27
58.221.95.50 - - [20/Dec/2022:09:32:56 +0800] "GET /xingrg/all/function/internal_message.html?_=1671499993739&CODE_STATE=getMsg HTTP/1.1" 200 27
114.84.171.241 - - [20/Dec/2022:09:32:59 +0800] "GET /xingrg/all/function/internal_message.html?_=1671499995612&CODE_STATE=getMsg HTTP/1.1" 200 27
114.84.171.241 - - [20/Dec/2022:09:32:59 +0800] "GET /xingrg/check_reg.html?_=1671499995613 HTTP/1.1" 200 22
114.84.38.109 - - [20/Dec/2022:09:33:14 +0800] "GET /favicon.ico HTTP/1.1" 404 -
116.238.139.35 - - [20/Dec/2022:09:33:14 +0800] "GET /xingrg/all/function/internal_message.html?_=1671500012739&CODE_STATE=getMsg HTTP/1.1" 200 27
116.238.139.35 - - [20/Dec/2022:09:33:16 +0800] "GET /xingrg/all/function/internal_message.html?_=1671499943218&CODE_STATE=getMsg HTTP/1.1" 200 27
116.192.124.172 - - [20/Dec/2022:09:33:21 +0800] "GET /xingrg/all/function/internal_message.html?_=1671500018658&CODE_STATE=getMsg HTTP/1.1" 200 27
120.253.135.82 - - [20/Dec/2022:09:33:23 +0800] "GET /xingrg/all/function/internal_message.html?_=1671499827320&CODE_STATE=getMsg HTTP/1.1" 200 27
222.69.192.184 - - [20/Dec/2022:09:33:32 +0800] "GET /xingrg/check_reg.html?_=1671499876825 HTTP/1.1" 200 22
222.69.192.184 - - [20/Dec/2022:09:33:33 +0800] "GET /xingrg/all/function/internal_message.html?_=1671499876827&CODE_STATE=getMsg HTTP/1.1" 200 27
114.84.38.109 - - [20/Dec/2022:09:33:52 +0800] "GET /xingrg/all/function/internal_message.html?_=1671500053752&CODE_STATE=getMsg HTTP/1.1" 200 27
58.221.95.50 - - [20/Dec/2022:09:33:56 +0800] "GET /xingrg/all/function/internal_message.html?_=1671500053750&CODE_STATE=getMsg HTTP/1.1" 200 27
114.84.171.241 - - [20/Dec/2022:09:33:59 +0800] "GET /xingrg/all/function/internal_message.html?_=1671500055611&CODE_STATE=getMsg HTTP/1.1" 200 27
116.238.139.35 - - [20/Dec/2022:09:34:03 +0800] "GET /xingrg/check_reg.html?_=1671499989313 HTTP/1.1" 200 22
116.238.139.35 - - [20/Dec/2022:09:34:14 +0800] "GET /xingrg/all/function/internal_message.html?_=1671500072722&CODE_STATE=getMsg HTTP/1.1" 200 27
116.238.139.35 - - [20/Dec/2022:09:34:16 +0800] "GET /xingrg/all/function/internal_message.html?_=1671500003224&CODE_STATE=getMsg HTTP/1.1" 200 27
116.192.124.172 - - [20/Dec/2022:09:34:21 +0800] "GET /xingrg/all/function/internal_message.html?_=1671500078675&CODE_STATE=getMsg HTTP/1.1" 200 27
120.253.135.82 - - [20/Dec/2022:09:34:23 +0800] "GET /xingrg/all/function/internal_message.html?_=1671499887492&CODE_STATE=getMsg HTTP/1.1" 200 27
222.69.192.184 - - [20/Dec/2022:09:34:35 +0800] "POST /xingrg/kc/buy/cgsh_order_operate.html HTTP/1.1" 200 37
222.69.192.184 - - [20/Dec/2022:09:34:39 +0800] "POST /xingrg/kc/buy/cgsh_order_operate.html HTTP/1.1" 200 9180
222.69.192.184 - - [20/Dec/2022:09:34:42 +0800] "GET /xingrg/kc/print/load_data.html?order_code=212022122005167&kc_code=cgsh&condition= HTTP/1.1" 200 3112
114.84.38.109 - - [20/Dec/2022:09:34:52 +0800] "GET /xingrg/all/function/internal_message.html?_=1671500113755&CODE_STATE=getMsg HTTP/1.1" 200 27
58.221.95.50 - - [20/Dec/2022:09:34:56 +0800] "GET /xingrg/all/function/internal_message.html?_=1671500113740&CODE_STATE=getMsg HTTP/1.1" 200 27
114.84.171.241 - - [20/Dec/2022:09:34:59 +0800] "GET /xingrg/all/function/internal_message.html?_=1671500115610&CODE_STATE=getMsg HTTP/1.1" 200 27
116.238.139.35 - - [20/Dec/2022:09:35:14 +0800] "GET /xingrg/all/function/internal_message.html?_=1671500132710&CODE_STATE=getMsg HTTP/1.1" 200 27
116.238.139.35 - - [20/Dec/2022:09:35:15 +0800] "GET /xingrg/kc/base/yddb_order_list.html HTTP/1.1" 200 16711
116.238.139.35 - - [20/Dec/2022:09:35:15 +0800] "POST /xingrg/kc/base/yddb_list_operate.html HTTP/1.1" 200 636
116.238.139.35 - - [20/Dec/2022:09:35:16 +0800] "GET /xingrg/kc/base/yddb_order_add.html HTTP/1.1" 200 29953
116.238.139.35 - - [20/Dec/2022:09:35:16 +0800] "GET /xingrg/dwr/interface/AjaxComOrderService.js HTTP/1.1" 200 18264
116.238.139.35 - - [20/Dec/2022:09:35:16 +0800] "GET /xingrg/dwr/interface/AjaxYddbService.js HTTP/1.1" 200 13201
116.238.139.35 - - [20/Dec/2022:09:35:16 +0800] "GET /xingrg/dwr/engine.js HTTP/1.1" 200 43631
116.238.139.35 - - [20/Dec/2022:09:35:16 +0800] "GET /xingrg/all/function/internal_message.html?_=1671500063238&CODE_STATE=getMsg HTTP/1.1" 200 27
116.238.139.35 - - [20/Dec/2022:09:35:19 +0800] "POST /xingrg/dwr/call/plaincall/AjaxYddbService.getRestBases.dwr HTTP/1.1" 200 1616
116.192.124.172 - - [20/Dec/2022:09:35:21 +0800] "GET /xingrg/all/function/internal_message.html?_=1671500138662&CODE_STATE=getMsg HTTP/1.1" 200 27
120.253.135.82 - - [20/Dec/2022:09:35:23 +0800] "GET /xingrg/all/function/internal_message.html?_=1671499947505&CODE_STATE=getMsg HTTP/1.1" 200 27
116.238.139.35 - - [20/Dec/2022:09:35:24 +0800] "POST /xingrg/dwr/call/plaincall/AjaxYddbService.saveOrder.dwr HTTP/1.1" 200 78
116.238.139.35 - - [20/Dec/2022:09:35:25 +0800] "GET /xingrg/images/yd/bt.gif HTTP/1.1" 404 1040
116.238.139.35 - - [20/Dec/2022:09:35:29 +0800] "POST /xingrg/dwr/call/plaincall/AjaxComOrderService.getMaterielSearchList.dwr HTTP/1.1" 200 34715
116.238.139.35 - - [20/Dec/2022:09:35:29 +0800] "POST /xingrg/dwr/call/plaincall/AjaxComOrderService.getMaterielSearchList.dwr HTTP/1.1" 200 1735
116.238.139.35 - - [20/Dec/2022:09:35:31 +0800] "POST /xingrg/dwr/call/plaincall/AjaxYddbService.getMaterielByMap.dwr HTTP/1.1" 200 2331
116.238.139.35 - - [20/Dec/2022:09:35:32 +0800] "GET /xingrg/images/yd/bt2.gif HTTP/1.1" 404 1042
222.69.192.184 - - [20/Dec/2022:09:35:33 +0800] "GET /xingrg/all/function/internal_message.html?_=1671499996831&CODE_STATE=getMsg HTTP/1.1" 200 27
116.238.139.35 - - [20/Dec/2022:09:35:33 +0800] "POST /xingrg/dwr/call/plaincall/AjaxYddbService.saveMaterielItem.dwr HTTP/1.1" 200 78
116.238.139.35 - - [20/Dec/2022:09:35:36 +0800] "POST /xingrg/dwr/call/plaincall/AjaxComOrderService.getMaterielSearchList.dwr HTTP/1.1" 200 1149
116.238.139.35 - - [20/Dec/2022:09:35:36 +0800] "POST /xingrg/dwr/call/plaincall/AjaxComOrderService.getMaterielSearchList.dwr HTTP/1.1" 200 541109
116.238.139.35 - - [20/Dec/2022:09:35:40 +0800] "POST /xingrg/dwr/call/plaincall/AjaxComOrderService.getMaterielSearchList.dwr HTTP/1.1" 200 454
116.238.139.35 - - [20/Dec/2022:09:35:41 +0800] "POST /xingrg/dwr/call/plaincall/AjaxYddbService.getMaterielByMap.dwr HTTP/1.1" 200 2358
114.84.38.109 - - [20/Dec/2022:09:35:45 +0800] "POST /xingrg/services/DataTransmitService HTTP/1.1" 200 524
114.84.38.109 - - [20/Dec/2022:09:35:46 +0800] "POST /xingrg/services/DataTransmitService HTTP/1.1" 200 2339
116.238.139.35 - - [20/Dec/2022:09:35:48 +0800] "POST /xingrg/dwr/call/plaincall/AjaxYddbService.saveMaterielItem.dwr HTTP/1.1" 200 79
116.238.139.35 - - [20/Dec/2022:09:35:50 +0800] "POST /xingrg/dwr/call/plaincall/AjaxComOrderService.getMaterielSearchList.dwr HTTP/1.1" 200 1890
114.84.38.109 - - [20/Dec/2022:09:35:52 +0800] "GET /xingrg/all/function/internal_message.html?_=1671500173797&CODE_STATE=getMsg HTTP/1.1" 200 27
116.238.139.35 - - [20/Dec/2022:09:35:53 +0800] "POST /xingrg/dwr/call/plaincall/AjaxYddbService.getMaterielByMap.dwr HTTP/1.1" 200 2341
114.84.38.109 - - [20/Dec/2022:09:35:54 +0800] "POST /xingrg/services/DataTransmitService HTTP/1.1" 200 524
116.238.139.35 - - [20/Dec/2022:09:35:56 +0800] "POST /xingrg/dwr/call/plaincall/AjaxYddbService.saveMaterielItem.dwr HTTP/1.1" 200 79
114.84.38.109 - - [20/Dec/2022:09:35:56 +0800] "POST /xingrg/services/DataTransmitService HTTP/1.1" 200 2339
58.221.95.50 - - [20/Dec/2022:09:35:56 +0800] "GET /xingrg/all/function/internal_message.html?_=1671500173756&CODE_STATE=getMsg HTTP/1.1" 200 27
114.84.171.241 - - [20/Dec/2022:09:35:59 +0800] "GET /xingrg/all/function/internal_message.html?_=1671500175608&CODE_STATE=getMsg HTTP/1.1" 200 27
116.238.139.35 - - [20/Dec/2022:09:36:02 +0800] "POST /xingrg/dwr/call/plaincall/AjaxYddbService.checkOrder.dwr HTTP/1.1" 200 79
116.238.139.35 - - [20/Dec/2022:09:36:03 +0800] "GET /xingrg/dwr/interface/AjaxYddbService.js HTTP/1.1" 200 13201
116.238.139.35 - - [20/Dec/2022:09:36:03 +0800] "GET /xingrg/kc/base/yddb_order_info.html?code=482022122000102 HTTP/1.1" 200 31266
116.238.139.35 - - [20/Dec/2022:09:36:03 +0800] "GET /xingrg/dwr/engine.js HTTP/1.1" 200 43631
116.238.139.35 - - [20/Dec/2022:09:36:03 +0800] "POST /xingrg/dwr/call/plaincall/AjaxYddbService.loadMaterielItems.dwr HTTP/1.1" 200 1161
116.238.139.35 - - [20/Dec/2022:09:36:04 +0800] "GET /xingrg/dwr/interface/AjaxComOrderService.js HTTP/1.1" 200 18264
116.238.139.35 - - [20/Dec/2022:09:36:06 +0800] "POST /xingrg/dwr/call/plaincall/AjaxYddbService.saveOrder.dwr HTTP/1.1" 200 78
116.238.139.35 - - [20/Dec/2022:09:36:08 +0800] "POST /xingrg/dwr/call/plaincall/AjaxYddbService.objCheckOrder.dwr HTTP/1.1" 200 78
116.238.139.35 - - [20/Dec/2022:09:36:09 +0800] "GET /xingrg/dwr/interface/AjaxYddbService.js HTTP/1.1" 200 13201
116.238.139.35 - - [20/Dec/2022:09:36:09 +0800] "GET /xingrg/dwr/engine.js HTTP/1.1" 200 43631
116.238.139.35 - - [20/Dec/2022:09:36:09 +0800] "GET /xingrg/dwr/interface/AjaxComOrderService.js HTTP/1.1" 200 18264
116.238.139.35 - - [20/Dec/2022:09:36:09 +0800] "GET /xingrg/kc/base/yddb_order_info.html?code=482022122000102 HTTP/1.1" 200 31387
116.238.139.35 - - [20/Dec/2022:09:36:10 +0800] "POST /xingrg/dwr/call/plaincall/AjaxYddbService.loadMaterielItems.dwr HTTP/1.1" 200 1161
116.238.139.35 - - [20/Dec/2022:09:36:14 +0800] "GET /xingrg/all/function/internal_message.html?_=1671500192691&CODE_STATE=getMsg HTTP/1.1" 200 27
116.238.139.35 - - [20/Dec/2022:09:36:15 +0800] "GET /xingrg/check_reg.html?_=1671500193231 HTTP/1.1" 200 22
116.238.139.35 - - [20/Dec/2022:09:36:16 +0800] "GET /xingrg/all/function/internal_message.html?_=1671500123258&CODE_STATE=getMsg HTTP/1.1" 200 27
116.192.124.172 - - [20/Dec/2022:09:36:21 +0800] "GET /xingrg/check_reg.html?_=1671500198671 HTTP/1.1" 200 22
116.192.124.172 - - [20/Dec/2022:09:36:21 +0800] "GET /xingrg/all/function/internal_message.html?_=1671500198674&CODE_STATE=getMsg HTTP/1.1" 200 27
120.253.135.82 - - [20/Dec/2022:09:36:23 +0800] "GET /xingrg/all/function/internal_message.html?_=1671500007685&CODE_STATE=getMsg HTTP/1.1" 200 27
222.69.192.184 - - [20/Dec/2022:09:36:33 +0800] "GET /xingrg/all/function/internal_message.html?_=1671500056816&CODE_STATE=getMsg HTTP/1.1" 200 27
114.84.38.109 - - [20/Dec/2022:09:36:33 +0800] "GET /xingrg/check_reg.html?_=1671500215171 HTTP/1.1" 200 22
58.221.95.50 - - [20/Dec/2022:09:36:45 +0800] "GET /xingrg/check_reg.html?_=1671500222747 HTTP/1.1" 200 22
114.84.38.109 - - [20/Dec/2022:09:36:52 +0800] "GET /xingrg/all/function/internal_message.html?_=1671500233798&CODE_STATE=getMsg HTTP/1.1" 200 27
58.221.95.50 - - [20/Dec/2022:09:36:56 +0800] "GET /xingrg/all/function/internal_message.html?_=1671500233743&CODE_STATE=getMsg HTTP/1.1" 200 27
114.84.171.241 - - [20/Dec/2022:09:36:59 +0800] "GET /xingrg/all/function/internal_message.html?_=1671500235606&CODE_STATE=getMsg HTTP/1.1" 200 27
116.238.139.35 - - [20/Dec/2022:09:37:14 +0800] "GET /xingrg/all/function/internal_message.html?_=1671500252662&CODE_STATE=getMsg HTTP/1.1" 200 27
116.238.139.35 - - [20/Dec/2022:09:37:17 +0800] "GET /xingrg/all/function/internal_message.html?_=1671500183265&CODE_STATE=getMsg HTTP/1.1" 200 27
120.253.135.82 - - [20/Dec/2022:09:37:17 +0800] "GET /xingrg/check_reg.html?_=1671500061728 HTTP/1.1" 200 22
116.192.124.172 - - [20/Dec/2022:09:37:21 +0800] "GET /xingrg/all/function/internal_message.html?_=1671500258670&CODE_STATE=getMsg HTTP/1.1" 200 27
120.253.135.82 - - [20/Dec/2022:09:37:23 +0800] "GET /xingrg/all/function/internal_message.html?_=1671500067686&CODE_STATE=getMsg HTTP/1.1" 200 27
222.69.192.184 - - [20/Dec/2022:09:37:32 +0800] "GET /xingrg/all/function/internal_message.html?_=1671500116802&CODE_STATE=getMsg HTTP/1.1" 200 27
114.84.38.109 - - [20/Dec/2022:09:37:52 +0800] "GET /xingrg/all/function/internal_message.html?_=1671500293811&CODE_STATE=getMsg HTTP/1.1" 200 27
58.221.95.50 - - [20/Dec/2022:09:37:56 +0800] "GET /xingrg/all/function/internal_message.html?_=1671500293737&CODE_STATE=getMsg HTTP/1.1" 200 27
114.84.171.241 - - [20/Dec/2022:09:37:59 +0800] "GET /xingrg/check_reg.html?_=1671500295621 HTTP/1.1" 200 22
114.84.171.241 - - [20/Dec/2022:09:37:59 +0800] "GET /xingrg/all/function/internal_message.html?_=1671500295620&CODE_STATE=getMsg HTTP/1.1" 200 27
117.143.48.103 - - [20/Dec/2022:09:38:14 +0800] "GET /xingrg/index.html?sysBaseUrl=http%3A%2F%2F180.169.147.146%3A18081%2Fxingrg%2F&costTime=39×tamp=1592034574635 HTTP/1.1" 302 -
117.143.48.103 - - [20/Dec/2022:09:38:14 +0800] "GET /xingrg/login.html HTTP/1.1" 200 7641
116.238.139.35 - - [20/Dec/2022:09:38:14 +0800] "GET /xingrg/all/function/internal_message.html?_=1671500312648&CODE_STATE=getMsg HTTP/1.1" 200 27
117.143.48.103 - - [20/Dec/2022:09:38:14 +0800] "GET /favicon.ico HTTP/1.1" 404 -
117.143.48.103 - - [20/Dec/2022:09:38:15 +0800] "POST /xingrg/login.do HTTP/1.1" 302 -
117.143.48.103 - - [20/Dec/2022:09:38:15 +0800] "GET /xingrg/index.html?sysBaseUrl=http%3A%2F%2F180.169.147.146%3A18081%2Fxingrg%2F&costTime=40×tamp=1671500295884 HTTP/1.1" 200 17503
117.143.48.103 - - [20/Dec/2022:09:38:15 +0800] "GET /favicon.ico HTTP/1.1" 404 -
117.143.48.103 - - [20/Dec/2022:09:38:16 +0800] "POST /xingrg/all/common/load_tree.html?tree=area_rest_tree_json&manage=1 HTTP/1.1" 200 3499
117.143.48.103 - - [20/Dec/2022:09:38:16 +0800] "GET /xingrg/check_reg.html?_=1671500311765 HTTP/1.1" 200 22
117.143.48.103 - - [20/Dec/2022:09:38:16 +0800] "GET /xingrg/all/function/internal_message.html?_=1671500311763&CODE_STATE=count HTTP/1.1" 200 11
117.143.48.103 - - [20/Dec/2022:09:38:16 +0800] "POST /xingrg/load_menu.html HTTP/1.1" 200 11564
116.238.139.35 - - [20/Dec/2022:09:38:17 +0800] "GET /xingrg/all/function/internal_message.html?_=1671500243287&CODE_STATE=getMsg HTTP/1.1" 200 27
117.143.48.103 - - [20/Dec/2022:09:38:21 +0800] "GET /xingrg/kc/report/report_main.html HTTP/1.1" 200 8599
116.192.124.172 - - [20/Dec/2022:09:38:21 +0800] "GET /xingrg/all/function/internal_message.html?_=1671500318664&CODE_STATE=getMsg HTTP/1.1" 200 27
117.143.48.103 - - [20/Dec/2022:09:38:22 +0800] "GET /xingrg/dwr/util.js HTTP/1.1" 304 -
117.143.48.103 - - [20/Dec/2022:09:38:22 +0800] "GET /xingrg/dwr/interface/AjaxReportQueryService.js HTTP/1.1" 200 13203
117.143.48.103 - - [20/Dec/2022:09:38:22 +0800] "GET /xingrg/all/report/report_query.html?fileName=kc/buy/gys_amount_base_rest.xml HTTP/1.1" 200 51664
117.143.48.103 - - [20/Dec/2022:09:38:22 +0800] "GET /xingrg/dwr/engine.js HTTP/1.1" 200 43631
117.143.48.103 - - [20/Dec/2022:09:38:22 +0800] "POST /xingrg/dwr/call/plaincall/AjaxReportQueryService.getFixDate.dwr HTTP/1.1" 200 111
117.143.48.103 - - [20/Dec/2022:09:38:22 +0800] "POST /xingrg/all/common/load_tree.html?tree=area_rest_tree_json&manage=1 HTTP/1.1" 200 3499
117.143.48.103 - - [20/Dec/2022:09:38:22 +0800] "POST /xingrg/all/common/load_tree.html?tree=supplier_tree_json&manage=1 HTTP/1.1" 200 72190
120.253.135.82 - - [20/Dec/2022:09:38:23 +0800] "GET /xingrg/all/function/internal_message.html?_=1671500127700&CODE_STATE=getMsg HTTP/1.1" 200 27
222.69.192.184 - - [20/Dec/2022:09:38:32 +0800] "GET /xingrg/all/function/internal_message.html?_=1671500176774&CODE_STATE=getMsg HTTP/1.1" 200 27
222.69.192.184 - - [20/Dec/2022:09:38:33 +0800] "GET /xingrg/check_reg.html?_=1671500176823 HTTP/1.1" 200 22
114.84.38.109 - - [20/Dec/2022:09:38:37 +0800] "POST /xingrg/services/DataTransmitService HTTP/1.1" 200 524
114.84.38.109 - - [20/Dec/2022:09:38:39 +0800] "POST /xingrg/services/DataTransmitService HTTP/1.1" 200 501
114.84.38.109 - - [20/Dec/2022:09:38:39 +0800] "POST /xingrg/services/DataTransmitService HTTP/1.1" 200 501
114.84.38.109 - - [20/Dec/2022:09:38:39 +0800] "POST /xingrg/services/DataTransmitService HTTP/1.1" 200 501
114.84.38.109 - - [20/Dec/2022:09:38:39 +0800] "POST /xingrg/services/DataTransmitService HTTP/1.1" 200 501
114.84.38.109 - - [20/Dec/2022:09:38:39 +0800] "POST /xingrg/services/DataTransmitService HTTP/1.1" 200 501
114.84.38.109 - - [20/Dec/2022:09:38:39 +0800] "POST /xingrg/services/DataTransmitService HTTP/1.1" 200 501
114.84.38.109 - - [20/Dec/2022:09:38:40 +0800] "POST /xingrg/services/DataTransmitService HTTP/1.1" 200 501
114.84.38.109 - - [20/Dec/2022:09:38:40 +0800] "POST /xingrg/services/DataTransmitService HTTP/1.1" 200 501
114.84.38.109 - - [20/Dec/2022:09:38:40 +0800] "POST /xingrg/services/DataTransmitService HTTP/1.1" 200 412
114.84.38.109 - - [20/Dec/2022:09:38:46 +0800] "POST /xingrg/services/DataTransmitService HTTP/1.1" 200 524
114.84.38.109 - - [20/Dec/2022:09:38:46 +0800] "POST /xingrg/services/DataTransmitService HTTP/1.1" 200 501
114.84.38.109 - - [20/Dec/2022:09:38:48 +0800] "POST /xingrg/services/DataTransmitService HTTP/1.1" 200 524
114.84.38.109 - - [20/Dec/2022:09:38:52 +0800] "GET /xingrg/all/function/internal_message.html?_=1671500353854&CODE_STATE=getMsg HTTP/1.1" 200 27
58.221.95.50 - - [20/Dec/2022:09:38:56 +0800] "GET /xingrg/all/function/internal_message.html?_=1671500353752&CODE_STATE=getMsg HTTP/1.1" 200 27
114.84.171.241 - - [20/Dec/2022:09:38:59 +0800] "GET /xingrg/all/function/internal_message.html?_=1671500355619&CODE_STATE=getMsg HTTP/1.1" 200 27
117.143.48.103 - - [20/Dec/2022:09:39:00 +0800] "POST /xingrg/dwr/call/plaincall/AjaxReportQueryService.refreshCache.dwr HTTP/1.1" 200 78
117.143.48.103 - - [20/Dec/2022:09:39:01 +0800] "POST /xingrg/all/report/load_report_page.html HTTP/1.1" 200 51469
117.143.48.103 - - [20/Dec/2022:09:39:01 +0800] "GET /xingrg/servlets/image?cache=0.5974032723214234&image=px HTTP/1.1" 200 807
116.238.139.35 - - [20/Dec/2022:09:39:03 +0800] "GET /xingrg/check_reg.html?_=1671500289314 HTTP/1.1" 200 22
117.143.48.103 - - [20/Dec/2022:09:39:09 +0800] "POST /xingrg/all/report/report_print.html HTTP/1.1" 200 7168
116.238.139.35 - - [20/Dec/2022:09:39:14 +0800] "GET /xingrg/all/function/internal_message.html?_=1671500372619&CODE_STATE=getMsg HTTP/1.1" 200 27
117.143.48.103 - - [20/Dec/2022:09:39:16 +0800] "GET /xingrg/all/function/internal_message.html?_=1671500371786&CODE_STATE=getMsg HTTP/1.1" 200 27
116.238.139.35 - - [20/Dec/2022:09:39:17 +0800] "GET /xingrg/all/function/internal_message.html?_=1671500303292&CODE_STATE=getMsg HTTP/1.1" 200 27
116.192.124.172 - - [20/Dec/2022:09:39:21 +0800] "GET /xingrg/all/function/internal_message.html?_=1671500378652&CODE_STATE=getMsg HTTP/1.1" 200 27
120.253.135.82 - - [20/Dec/2022:09:39:23 +0800] "GET /xingrg/all/function/internal_message.html?_=1671500187873&CODE_STATE=getMsg HTTP/1.1" 200 27
222.69.192.184 - - [20/Dec/2022:09:39:32 +0800] "GET /xingrg/all/function/internal_message.html?_=1671500236745&CODE_STATE=getMsg HTTP/1.1" 200 27
114.84.38.109 - - [20/Dec/2022:09:39:52 +0800] "GET /xingrg/all/function/internal_message.html?_=1671500413854&CODE_STATE=getMsg HTTP/1.1" 200 27
58.221.95.50 - - [20/Dec/2022:09:39:56 +0800] "GET /xingrg/all/function/internal_message.html?_=1671500413748&CODE_STATE=getMsg HTTP/1.1" 200 27
114.84.171.241 - - [20/Dec/2022:09:39:59 +0800] "GET /xingrg/all/function/internal_message.html?_=1671500415617&CODE_STATE=getMsg HTTP/1.1" 200 27
116.238.139.35 - - [20/Dec/2022:09:40:14 +0800] "GET /xingrg/all/function/internal_message.html?_=1671500432604&CODE_STATE=getMsg HTTP/1.1" 200 27
117.143.48.103 - - [20/Dec/2022:09:40:16 +0800] "GET /xingrg/all/function/internal_message.html?_=1671500431782&CODE_STATE=getMsg HTTP/1.1" 200 27
116.238.139.35 - - [20/Dec/2022:09:40:17 +0800] "GET /xingrg/all/function/internal_message.html?_=1671500363306&CODE_STATE=getMsg HTTP/1.1" 200 27
116.192.124.172 - - [20/Dec/2022:09:40:21 +0800] "GET /xingrg/all/function/internal_message.html?_=1671500438656&CODE_STATE=getMsg HTTP/1.1" 200 27
120.253.135.82 - - [20/Dec/2022:09:40:23 +0800] "GET /xingrg/all/function/internal_message.html?_=1671500247885&CODE_STATE=getMsg HTTP/1.1" 200 27
222.69.192.184 - - [20/Dec/2022:09:40:32 +0800] "GET /xingrg/all/function/internal_message.html?_=1671500296731&CODE_STATE=getMsg HTTP/1.1" 200 27
114.84.38.109 - - [20/Dec/2022:09:40:52 +0800] "GET /xingrg/all/function/internal_message.html?_=1671500473895&CODE_STATE=getMsg HTTP/1.1" 200 27
58.221.95.50 - - [20/Dec/2022:09:40:56 +0800] "GET /xingrg/all/function/internal_message.html?_=1671500473741&CODE_STATE=getMsg HTTP/1.1" 200 27
114.84.171.241 - - [20/Dec/2022:09:40:59 +0800] "GET /xingrg/all/function/internal_message.html?_=1671500475615&CODE_STATE=getMsg HTTP/1.1" 200 27
116.238.139.35 - - [20/Dec/2022:09:41:14 +0800] "GET /xingrg/all/function/internal_message.html?_=1671500492574&CODE_STATE=getMsg HTTP/1.1" 200 27
116.238.139.35 - - [20/Dec/2022:09:41:15 +0800] "GET /xingrg/check_reg.html?_=1671500493217 HTTP/1.1" 200 22
117.143.48.103 - - [20/Dec/2022:09:41:16 +0800] "GET /xingrg/all/function/internal_message.html?_=1671500491778&CODE_STATE=getMsg HTTP/1.1" 200 27
116.238.139.35 - - [20/Dec/2022:09:41:17 +0800] "GET /xingrg/all/function/internal_message.html?_=1671500423327&CODE_STATE=getMsg HTTP/1.1" 200 27
116.192.124.172 - - [20/Dec/2022:09:41:21 +0800] "GET /xingrg/all/function/internal_message.html?_=1671500498663&CODE_STATE=getMsg HTTP/1.1" 200 27
116.192.124.172 - - [20/Dec/2022:09:41:21 +0800] "GET /xingrg/check_reg.html?_=1671500498666 HTTP/1.1" 200 22
120.253.135.82 - - [20/Dec/2022:09:41:24 +0800] "GET /xingrg/all/function/internal_message.html?_=1671500308107&CODE_STATE=getMsg HTTP/1.1" 200 27
222.69.192.184 - - [20/Dec/2022:09:41:32 +0800] "GET /xingrg/all/function/internal_message.html?_=1671500356716&CODE_STATE=getMsg HTTP/1.1" 200 27
114.84.38.109 - - [20/Dec/2022:09:41:33 +0800] "GET /xingrg/check_reg.html?_=1671500515177 HTTP/1.1" 200 22
58.221.95.50 - - [20/Dec/2022:09:41:45 +0800] "GET /xingrg/check_reg.html?_=1671500522736 HTTP/1.1" 200 22
114.84.38.109 - - [20/Dec/2022:09:41:52 +0800] "GET /xingrg/all/function/internal_message.html?_=1671500533897&CODE_STATE=getMsg HTTP/1.1" 200 27
114.84.38.109 - - [20/Dec/2022:09:41:53 +0800] "POST /xingrg/services/DataTransmitService HTTP/1.1" 200 524
58.221.95.50 - - [20/Dec/2022:09:41:56 +0800] "GET /xingrg/all/function/internal_message.html?_=1671500533752&CODE_STATE=getMsg HTTP/1.1" 200 27
114.84.171.241 - - [20/Dec/2022:09:41:59 +0800] "GET /xingrg/all/function/internal_message.html?_=1671500535617&CODE_STATE=getMsg HTTP/1.1" 200 27
116.238.139.35 - - [20/Dec/2022:09:42:14 +0800] "GET /xingrg/all/function/internal_message.html?_=1671500552554&CODE_STATE=getMsg HTTP/1.1" 200 27
117.143.48.103 - - [20/Dec/2022:09:42:16 +0800] "GET /xingrg/all/function/internal_message.html?_=1671500551782&CODE_STATE=getMsg HTTP/1.1" 200 27
116.238.139.35 - - [20/Dec/2022:09:42:17 +0800] "GET /xingrg/all/function/internal_message.html?_=1671500483333&CODE_STATE=getMsg HTTP/1.1" 200 27
120.253.135.82 - - [20/Dec/2022:09:42:17 +0800] "GET /xingrg/check_reg.html?_=1671500361733 HTTP/1.1" 200 22
116.192.124.172 - - [20/Dec/2022:09:42:21 +0800] "GET /xingrg/all/function/internal_message.html?_=1671500558665&CODE_STATE=getMsg HTTP/1.1" 200 27
120.253.135.82 - - [20/Dec/2022:09:42:23 +0800] "GET /xingrg/all/function/internal_message.html?_=1671500368115&CODE_STATE=getMsg HTTP/1.1" 200 27
222.69.192.184 - - [20/Dec/2022:09:42:32 +0800] "GET /xingrg/all/function/internal_message.html?_=1671500416701&CODE_STATE=getMsg HTTP/1.1" 200 27
114.84.38.109 - - [20/Dec/2022:09:42:52 +0800] "GET /xingrg/all/function/internal_message.html?_=1671500593911&CODE_STATE=getMsg HTTP/1.1" 200 27
58.221.95.50 - - [20/Dec/2022:09:42:56 +0800] "GET /xingrg/all/function/internal_message.html?_=1671500593743&CODE_STATE=getMsg HTTP/1.1" 200 27
114.84.171.241 - - [20/Dec/2022:09:42:59 +0800] "GET /xingrg/check_reg.html?_=1671500595618 HTTP/1.1" 200 22
114.84.171.241 - - [20/Dec/2022:09:42:59 +0800] "GET /xingrg/all/function/internal_message.html?_=1671500595617&CODE_STATE=getMsg HTTP/1.1" 200 27
116.238.139.35 - - [20/Dec/2022:09:43:14 +0800] "GET /xingrg/all/function/internal_message.html?_=1671500612526&CODE_STATE=getMsg HTTP/1.1" 200 27
117.143.48.103 - - [20/Dec/2022:09:43:16 +0800] "GET /xingrg/check_reg.html?_=1671500611780 HTTP/1.1" 200 22
117.143.48.103 - - [20/Dec/2022:09:43:16 +0800] "GET /xingrg/all/function/internal_message.html?_=1671500611781&CODE_STATE=getMsg HTTP/1.1" 200 27
116.238.139.35 - - [20/Dec/2022:09:43:17 +0800] "GET /xingrg/all/function/internal_message.html?_=1671500543355&CODE_STATE=getMsg HTTP/1.1" 200 27
116.192.124.172 - - [20/Dec/2022:09:43:21 +0800] "GET /xingrg/all/function/internal_message.html?_=1671500618658&CODE_STATE=getMsg HTTP/1.1" 200 27
120.253.135.82 - - [20/Dec/2022:09:43:23 +0800] "GET /xingrg/all/function/internal_message.html?_=1671500428127&CODE_STATE=getMsg HTTP/1.1" 200 27
222.69.192.184 - - [20/Dec/2022:09:43:32 +0800] "GET /xingrg/all/function/internal_message.html?_=1671500476687&CODE_STATE=getMsg HTTP/1.1" 200 27
222.69.192.184 - - [20/Dec/2022:09:43:33 +0800] "GET /xingrg/check_reg.html?_=1671500476831 HTTP/1.1" 200 22
114.84.38.109 - - [20/Dec/2022:09:43:52 +0800] "GET /xingrg/all/function/internal_message.html?_=1671500653949&CODE_STATE=getMsg HTTP/1.1" 200 27
58.221.95.50 - - [20/Dec/2022:09:43:56 +0800] "GET /xingrg/all/function/internal_message.html?_=1671500653741&CODE_STATE=getMsg HTTP/1.1" 200 27
114.84.171.241 - - [20/Dec/2022:09:43:59 +0800] "GET /xingrg/all/function/internal_message.html?_=1671500655617&CODE_STATE=getMsg HTTP/1.1" 200 27
116.238.139.35 - - [20/Dec/2022:09:44:03 +0800] "GET /xingrg/check_reg.html?_=1671500589324 HTTP/1.1" 200 22
116.238.139.35 - - [20/Dec/2022:09:44:14 +0800] "GET /xingrg/all/function/internal_message.html?_=1671500672496&CODE_STATE=getMsg HTTP/1.1" 200 27
117.143.48.103 - - [20/Dec/2022:09:44:16 +0800] "GET /xingrg/all/function/internal_message.html?_=1671500671774&CODE_STATE=getMsg HTTP/1.1" 200 27
116.238.139.35 - - [20/Dec/2022:09:44:17 +0800] "GET /xingrg/all/function/internal_message.html?_=1671500603360&CODE_STATE=getMsg HTTP/1.1" 200 27
116.192.124.172 - - [20/Dec/2022:09:44:21 +0800] "GET /xingrg/all/function/internal_message.html?_=1671500678667&CODE_STATE=getMsg HTTP/1.1" 200 27
120.253.135.82 - - [20/Dec/2022:09:44:24 +0800] "GET /xingrg/all/function/internal_message.html?_=1671500488309&CODE_STATE=getMsg HTTP/1.1" 200 27
222.69.192.184 - - [20/Dec/2022:09:44:32 +0800] "GET /xingrg/all/function/internal_message.html?_=1671500536661&CODE_STATE=getMsg HTTP/1.1" 200 27
114.84.38.109 - - [20/Dec/2022:09:44:52 +0800] "GET /xingrg/all/function/internal_message.html?_=1671500713954&CODE_STATE=getMsg HTTP/1.1" 200 27
58.221.95.50 - - [20/Dec/2022:09:44:56 +0800] "GET /xingrg/all/function/internal_message.html?_=1671500713749&CODE_STATE=getMsg HTTP/1.1" 200 27
114.84.171.241 - - [20/Dec/2022:09:44:59 +0800] "GET /xingrg/all/function/internal_message.html?_=1671500715616&CODE_STATE=getMsg HTTP/1.1" 200 27
117.143.48.103 - - [20/Dec/2022:09:45:03 +0800] "POST /xingrg/dwr/call/plaincall/AjaxReportQueryService.refreshCache.dwr HTTP/1.1" 200 78
117.143.48.103 - - [20/Dec/2022:09:45:04 +0800] "POST /xingrg/all/report/load_report_page.html HTTP/1.1" 200 51101
117.143.48.103 - - [20/Dec/2022:09:45:04 +0800] "GET /xingrg/servlets/image?cache=0.4089116120901545&image=px HTTP/1.1" 200 807
117.143.48.103 - - [20/Dec/2022:09:45:07 +0800] "POST /xingrg/dwr/call/plaincall/AjaxReportQueryService.refreshCache.dwr HTTP/1.1" 200 78
117.143.48.103 - - [20/Dec/2022:09:45:08 +0800] "POST /xingrg/all/report/load_report_page.html HTTP/1.1" 200 51167
117.143.48.103 - - [20/Dec/2022:09:45:08 +0800] "GET /xingrg/servlets/image?cache=0.383927201070565&image=px HTTP/1.1" 200 807
116.238.139.35 - - [20/Dec/2022:09:45:14 +0800] "GET /xingrg/all/function/internal_message.html?_=1671500732470&CODE_STATE=getMsg HTTP/1.1" 200 27
117.143.48.103 - - [20/Dec/2022:09:45:16 +0800] "GET /xingrg/all/function/internal_message.html?_=1671500731783&CODE_STATE=getMsg HTTP/1.1" 200 27
116.238.139.35 - - [20/Dec/2022:09:45:17 +0800] "GET /xingrg/all/function/internal_message.html?_=1671500663374&CODE_STATE=getMsg HTTP/1.1" 200 27
116.192.124.172 - - [20/Dec/2022:09:45:21 +0800] "GET /xingrg/all/function/internal_message.html?_=1671500738664&CODE_STATE=getMsg HTTP/1.1" 200 27
120.253.135.82 - - [20/Dec/2022:09:45:24 +0800] "GET /xingrg/all/function/internal_message.html?_=1671500548311&CODE_STATE=getMsg HTTP/1.1" 200 27
222.69.192.184 - - [20/Dec/2022:09:45:32 +0800] "GET /xingrg/all/function/internal_message.html?_=1671500596652&CODE_STATE=getMsg HTTP/1.1" 200 27
114.84.38.109 - - [20/Dec/2022:09:45:52 +0800] "GET /xingrg/all/function/internal_message.html?_=1671500773997&CODE_STATE=getMsg HTTP/1.1" 200 27
58.221.95.50 - - [20/Dec/2022:09:45:56 +0800] "GET /xingrg/all/function/internal_message.html?_=1671500773754&CODE_STATE=getMsg HTTP/1.1" 200 27
