114.83.219.50 - - [20/Dec/2022:12:22:38 +0800] "GET /xingrg/kc/print/load_data.html?order_code=212022122005197&kc_code=cgsh&condition= HTTP/1.1" 200 814
101.93.183.100 - - [20/Dec/2022:12:22:38 +0800] "GET /xingrg/all/function/internal_message.html?_=1671510174415&CODE_STATE=getMsg HTTP/1.1" 200 27
222.69.192.184 - - [20/Dec/2022:12:22:45 +0800] "GET /xingrg/all/function/internal_message.html?_=1671510029079&CODE_STATE=getMsg HTTP/1.1" 200 27
114.83.219.50 - - [20/Dec/2022:12:22:50 +0800] "GET /xingrg/kc/buy/cgsh_order_add.html HTTP/1.1" 200 69948
114.83.219.50 - - [20/Dec/2022:12:22:51 +0800] "GET /xingrg/javascript/easyui/themes/default/validatebox.css HTTP/1.1" 404 1104
114.83.219.50 - - [20/Dec/2022:12:22:51 +0800] "POST /xingrg/kc/buy/cgsh_order_operate.html HTTP/1.1" 200 8245
114.84.38.109 - - [20/Dec/2022:12:22:55 +0800] "GET /xingrg/all/function/internal_message.html?_=1671510197488&CODE_STATE=getMsg HTTP/1.1" 200 27
180.169.147.146 - - [20/Dec/2022:12:22:55 +0800] "GET /xingrg/kc/buy/cgsh_order_operate.html?command=get_materiel&rest_code=00147&code=00101012038&supplier_code=00100242&order_time=2022-12-19 HTTP/1.1" 200 412
58.221.95.50 - - [20/Dec/2022:12:22:56 +0800] "GET /xingrg/all/function/internal_message.html?_=1671510193739&CODE_STATE=getMsg HTTP/1.1" 200 27
114.84.171.241 - - [20/Dec/2022:12:22:59 +0800] "GET /xingrg/check_reg.html?_=1671510195853 HTTP/1.1" 200 22
114.84.171.241 - - [20/Dec/2022:12:22:59 +0800] "GET /xingrg/all/function/internal_message.html?_=1671510195850&CODE_STATE=getMsg HTTP/1.1" 200 27
114.83.219.50 - - [20/Dec/2022:12:23:02 +0800] "GET /xingrg/kc/buy/cgsh_order_operate.html?command=get_materiel&rest_code=00149&code=00101012051&supplier_code=00100036&order_time=2022-12-20 HTTP/1.1" 200 408
116.238.139.35 - - [20/Dec/2022:12:23:10 +0800] "GET /xingrg/all/function/internal_message.html?_=1671510209022&CODE_STATE=getMsg HTTP/1.1" 200 27
180.169.147.146 - - [20/Dec/2022:12:23:11 +0800] "GET /xingrg/kc/buy/cgsh_order_operate.html?command=get_materiel&rest_code=00147&code=00101008332&supplier_code=00100242&order_time=2022-12-19 HTTP/1.1" 200 412
116.230.105.139 - - [20/Dec/2022:12:23:14 +0800] "GET /xingrg/check_reg.html?_=1671510193180 HTTP/1.1" 200 22
114.83.219.50 - - [20/Dec/2022:12:23:17 +0800] "GET /xingrg/all/function/internal_message.html?_=1671510212036&CODE_STATE=getMsg HTTP/1.1" 200 27
116.230.105.139 - - [20/Dec/2022:12:23:18 +0800] "GET /xingrg/all/function/internal_message.html?_=1671510197043&CODE_STATE=getMsg HTTP/1.1" 200 27
114.83.219.50 - - [20/Dec/2022:12:23:19 +0800] "GET /xingrg/kc/buy/cgsh_order_operate.html?command=get_materiel&rest_code=00149&code=00101012059&supplier_code=00100036&order_time=2022-12-20 HTTP/1.1" 200 413
116.238.139.35 - - [20/Dec/2022:12:23:19 +0800] "GET /xingrg/all/function/internal_message.html?_=1671510145559&CODE_STATE=getMsg HTTP/1.1" 200 27
180.169.147.146 - - [20/Dec/2022:12:23:22 +0800] "GET /xingrg/kc/buy/cgsh_order_operate.html?command=get_materiel&rest_code=00147&code=00101011005&supplier_code=00100242&order_time=2022-12-19 HTTP/1.1" 200 430
180.169.147.146 - - [20/Dec/2022:12:23:27 +0800] "GET /xingrg/all/function/internal_message.html?_=1671510223290&CODE_STATE=getMsg HTTP/1.1" 200 27
180.169.147.146 - - [20/Dec/2022:12:23:29 +0800] "GET /xingrg/all/function/internal_message.html?_=1671510223637&CODE_STATE=getMsg HTTP/1.1" 200 27
180.169.147.146 - - [20/Dec/2022:12:23:30 +0800] "POST /xingrg/kc/buy/cgsh_order_operate.html HTTP/1.1" 200 37
114.83.219.50 - - [20/Dec/2022:12:23:30 +0800] "GET /xingrg/kc/buy/cgsh_order_operate.html?command=get_materiel&rest_code=00149&code=00101020115&supplier_code=00100036&order_time=2022-12-20 HTTP/1.1" 200 409
180.169.147.146 - - [20/Dec/2022:12:23:32 +0800] "POST /xingrg/kc/buy/cgsh_order_operate.html HTTP/1.1" 200 4430
124.78.155.190 - - [20/Dec/2022:12:23:32 +0800] "GET /xingrg/all/function/internal_message.html?_=1671510230724&CODE_STATE=getMsg HTTP/1.1" 200 27
180.169.147.146 - - [20/Dec/2022:12:23:33 +0800] "GET /xingrg/kc/print/load_data.html?order_code=212022122005198&kc_code=cgsh&condition= HTTP/1.1" 200 1333
180.169.147.146 - - [20/Dec/2022:12:23:36 +0800] "GET /xingrg/kc/buy/cgsh_order_add.html HTTP/1.1" 200 69863
180.169.147.146 - - [20/Dec/2022:12:23:37 +0800] "POST /xingrg/kc/buy/cgsh_order_operate.html HTTP/1.1" 200 8245
180.169.147.146 - - [20/Dec/2022:12:23:37 +0800] "GET /xingrg/javascript/easyui/themes/default/validatebox.css HTTP/1.1" 404 1104
120.253.135.82 - - [20/Dec/2022:12:23:38 +0800] "GET /xingrg/all/function/internal_message.html?_=1671510042438&CODE_STATE=getMsg HTTP/1.1" 200 27
101.93.183.100 - - [20/Dec/2022:12:23:38 +0800] "GET /xingrg/all/function/internal_message.html?_=1671510234404&CODE_STATE=getMsg HTTP/1.1" 200 27
222.69.192.184 - - [20/Dec/2022:12:23:45 +0800] "GET /xingrg/all/function/internal_message.html?_=1671510089087&CODE_STATE=getMsg HTTP/1.1" 200 27
114.83.219.50 - - [20/Dec/2022:12:23:46 +0800] "GET /xingrg/kc/buy/cgsh_order_operate.html?command=get_materiel&rest_code=00149&code=00101016022&supplier_code=00100036&order_time=2022-12-20 HTTP/1.1" 200 427
114.84.38.109 - - [20/Dec/2022:12:23:55 +0800] "GET /xingrg/all/function/internal_message.html?_=1671510257533&CODE_STATE=getMsg HTTP/1.1" 200 27
58.221.95.50 - - [20/Dec/2022:12:23:56 +0800] "GET /xingrg/all/function/internal_message.html?_=1671510253751&CODE_STATE=getMsg HTTP/1.1" 200 27
114.84.171.241 - - [20/Dec/2022:12:23:59 +0800] "GET /xingrg/all/function/internal_message.html?_=1671510255870&CODE_STATE=getMsg HTTP/1.1" 200 27
114.83.219.50 - - [20/Dec/2022:12:24:00 +0800] "POST /xingrg/kc/buy/cgsh_order_operate.html HTTP/1.1" 200 37
180.169.147.146 - - [20/Dec/2022:12:24:02 +0800] "GET /xingrg/kc/buy/cgsh_order_operate.html?command=get_materiel&rest_code=00147&code=00101009118&supplier_code=00100022&order_time=2022-12-19 HTTP/1.1" 200 405
116.238.139.35 - - [20/Dec/2022:12:24:03 +0800] "GET /xingrg/check_reg.html?_=1671510189497 HTTP/1.1" 200 22
114.83.219.50 - - [20/Dec/2022:12:24:03 +0800] "POST /xingrg/kc/buy/cgsh_order_operate.html HTTP/1.1" 200 12
114.83.219.50 - - [20/Dec/2022:12:24:05 +0800] "GET /xingrg/kc/buy/cgsh_order_info.html?code=212022122005199 HTTP/1.1" 200 64852
114.83.219.50 - - [20/Dec/2022:12:24:06 +0800] "GET /xingrg/javascript/easyui/themes/default/validatebox.css HTTP/1.1" 404 1104
114.83.219.50 - - [20/Dec/2022:12:24:07 +0800] "POST /xingrg/kc/buy/cgsh_order_operate.html HTTP/1.1" 200 2383
114.83.219.50 - - [20/Dec/2022:12:24:08 +0800] "GET /xingrg/kc/print/load_data.html?order_code=212022122005199&kc_code=cgsh&condition= HTTP/1.1" 200 1457
116.238.139.35 - - [20/Dec/2022:12:24:10 +0800] "GET /xingrg/all/function/internal_message.html?_=1671510269013&CODE_STATE=getMsg HTTP/1.1" 200 27
114.83.219.50 - - [20/Dec/2022:12:24:17 +0800] "GET /xingrg/check_reg.html?_=1671510272028 HTTP/1.1" 200 22
114.83.219.50 - - [20/Dec/2022:12:24:17 +0800] "GET /xingrg/all/function/internal_message.html?_=1671510272031&CODE_STATE=getMsg HTTP/1.1" 200 27
116.230.105.139 - - [20/Dec/2022:12:24:18 +0800] "GET /xingrg/all/function/internal_message.html?_=1671510257019&CODE_STATE=getMsg HTTP/1.1" 200 27
116.238.139.35 - - [20/Dec/2022:12:24:19 +0800] "GET /xingrg/all/function/internal_message.html?_=1671510205565&CODE_STATE=getMsg HTTP/1.1" 200 27
114.83.219.50 - - [20/Dec/2022:12:24:24 +0800] "GET /xingrg/kc/buy/cgsh_order_add.html HTTP/1.1" 200 69948
114.83.219.50 - - [20/Dec/2022:12:24:24 +0800] "POST /xingrg/kc/buy/cgsh_order_operate.html HTTP/1.1" 200 8245
114.83.219.50 - - [20/Dec/2022:12:24:25 +0800] "GET /xingrg/javascript/easyui/themes/default/validatebox.css HTTP/1.1" 404 1104
180.169.147.146 - - [20/Dec/2022:12:24:27 +0800] "GET /xingrg/check_reg.html?_=1671510283288 HTTP/1.1" 200 22
180.169.147.146 - - [20/Dec/2022:12:24:27 +0800] "GET /xingrg/all/function/internal_message.html?_=1671510283289&CODE_STATE=getMsg HTTP/1.1" 200 27
180.169.147.146 - - [20/Dec/2022:12:24:29 +0800] "GET /xingrg/all/function/internal_message.html?_=1671510283637&CODE_STATE=getMsg HTTP/1.1" 200 27
124.78.155.190 - - [20/Dec/2022:12:24:32 +0800] "GET /xingrg/all/function/internal_message.html?_=1671510290722&CODE_STATE=getMsg HTTP/1.1" 200 27
180.169.147.146 - - [20/Dec/2022:12:24:33 +0800] "POST /xingrg/kc/buy/cgsh_order_operate.html HTTP/1.1" 200 37
180.169.147.146 - - [20/Dec/2022:12:24:34 +0800] "POST /xingrg/kc/buy/cgsh_order_operate.html HTTP/1.1" 200 2648
180.162.115.136 - - [20/Dec/2022:12:24:35 +0800] "GET /favicon.ico HTTP/1.1" 404 -
180.169.147.146 - - [20/Dec/2022:12:24:36 +0800] "GET /xingrg/kc/print/load_data.html?order_code=212022122005200&kc_code=cgsh&condition= HTTP/1.1" 200 695
101.93.183.100 - - [20/Dec/2022:12:24:38 +0800] "GET /xingrg/all/function/internal_message.html?_=1671510294395&CODE_STATE=getMsg HTTP/1.1" 200 27
120.253.135.82 - - [20/Dec/2022:12:24:38 +0800] "GET /xingrg/all/function/internal_message.html?_=1671510102605&CODE_STATE=getMsg HTTP/1.1" 200 27
114.83.219.50 - - [20/Dec/2022:12:24:38 +0800] "GET /xingrg/kc/buy/cgsh_order_operate.html?command=get_materiel&rest_code=00149&code=00101007043&supplier_code=00100205&order_time=2022-12-20 HTTP/1.1" 200 409
180.169.147.146 - - [20/Dec/2022:12:24:39 +0800] "GET /xingrg/kc/buy/cgsh_order_add.html HTTP/1.1" 200 69863
180.169.147.146 - - [20/Dec/2022:12:24:39 +0800] "POST /xingrg/kc/buy/cgsh_order_operate.html HTTP/1.1" 200 8245
180.169.147.146 - - [20/Dec/2022:12:24:39 +0800] "GET /xingrg/javascript/easyui/themes/default/validatebox.css HTTP/1.1" 404 1104
222.69.192.184 - - [20/Dec/2022:12:24:45 +0800] "GET /xingrg/all/function/internal_message.html?_=1671510149079&CODE_STATE=getMsg HTTP/1.1" 200 27
180.162.115.136 - - [20/Dec/2022:12:24:48 +0800] "GET /xingrg HTTP/1.1" 302 -
180.162.115.136 - - [20/Dec/2022:12:24:48 +0800] "GET /xingrg/ HTTP/1.1" 304 -
114.83.219.50 - - [20/Dec/2022:12:24:49 +0800] "GET /xingrg/kc/buy/cgsh_order_operate.html?command=get_materiel&rest_code=00149&code=00101007082&supplier_code=00100205&order_time=2022-12-20 HTTP/1.1" 200 427
114.84.38.109 - - [20/Dec/2022:12:24:55 +0800] "GET /xingrg/all/function/internal_message.html?_=1671510317546&CODE_STATE=getMsg HTTP/1.1" 200 27
58.221.95.50 - - [20/Dec/2022:12:24:56 +0800] "GET /xingrg/all/function/internal_message.html?_=1671510313747&CODE_STATE=getMsg HTTP/1.1" 200 27
114.84.171.241 - - [20/Dec/2022:12:24:59 +0800] "GET /xingrg/all/function/internal_message.html?_=1671510315870&CODE_STATE=getMsg HTTP/1.1" 200 27
180.169.147.146 - - [20/Dec/2022:12:25:04 +0800] "GET /xingrg/kc/buy/cgsh_order_operate.html?command=get_materiel&rest_code=00147&code=00101008110&supplier_code=00100007&order_time=2022-12-19 HTTP/1.1" 200 408
114.83.219.50 - - [20/Dec/2022:12:25:08 +0800] "POST /xingrg/kc/buy/cgsh_order_operate.html HTTP/1.1" 200 37
116.238.139.35 - - [20/Dec/2022:12:25:10 +0800] "GET /xingrg/all/function/internal_message.html?_=1671510328984&CODE_STATE=getMsg HTTP/1.1" 200 27
222.69.192.184 - - [20/Dec/2022:12:25:11 +0800] "GET /xingrg/kc/base/base_main.html HTTP/1.1" 200 12142
222.69.192.184 - - [20/Dec/2022:12:25:12 +0800] "GET /xingrg/kc/base/wldb_order_list.html HTTP/1.1" 200 19101
114.83.219.50 - - [20/Dec/2022:12:25:12 +0800] "POST /xingrg/kc/buy/cgsh_order_operate.html HTTP/1.1" 200 12
222.69.192.184 - - [20/Dec/2022:12:25:13 +0800] "POST /xingrg/kc/base/wldb_list_operate.html HTTP/1.1" 200 928
180.162.115.136 - - [20/Dec/2022:12:25:14 +0800] "GET /xingrg/index.html HTTP/1.1" 302 -
180.162.115.136 - - [20/Dec/2022:12:25:14 +0800] "GET /favicon.ico HTTP/1.1" 404 -
180.162.115.136 - - [20/Dec/2022:12:25:14 +0800] "GET /xingrg/login.html HTTP/1.1" 200 7641
180.162.115.136 - - [20/Dec/2022:12:25:14 +0800] "GET /xingrg/images/blue/jxLogo.png HTTP/1.1" 304 -
180.169.147.146 - - [20/Dec/2022:12:25:14 +0800] "GET /xingrg/kc/buy/cgsh_order_operate.html?command=get_materiel&rest_code=00147&code=00101008038&supplier_code=00100007&order_time=2022-12-19 HTTP/1.1" 200 412
114.83.219.50 - - [20/Dec/2022:12:25:15 +0800] "GET /xingrg/kc/buy/cgsh_order_info.html?code=212022122005201 HTTP/1.1" 200 64848
114.83.219.50 - - [20/Dec/2022:12:25:15 +0800] "GET /xingrg/javascript/easyui/themes/default/validatebox.css HTTP/1.1" 404 1104
180.162.115.136 - - [20/Dec/2022:12:25:16 +0800] "GET /xingrg/images/blue/login_bg.png HTTP/1.1" 304 -
180.162.115.136 - - [20/Dec/2022:12:25:16 +0800] "GET /xingrg/images/blue/hj.png HTTP/1.1" 304 -
180.162.115.136 - - [20/Dec/2022:12:25:16 +0800] "GET /xingrg/images/blue/srbg.png HTTP/1.1" 304 -
114.83.219.50 - - [20/Dec/2022:12:25:16 +0800] "POST /xingrg/kc/buy/cgsh_order_operate.html HTTP/1.1" 200 1217
114.83.219.50 - - [20/Dec/2022:12:25:17 +0800] "GET /xingrg/kc/print/load_data.html?order_code=212022122005201&kc_code=cgsh&condition= HTTP/1.1" 200 941
180.162.115.136 - - [20/Dec/2022:12:25:17 +0800] "GET /favicon.ico HTTP/1.1" 404 -
114.83.219.50 - - [20/Dec/2022:12:25:18 +0800] "GET /xingrg/all/function/internal_message.html?_=1671510333028&CODE_STATE=getMsg HTTP/1.1" 200 27
116.230.105.139 - - [20/Dec/2022:12:25:18 +0800] "GET /xingrg/all/function/internal_message.html?_=1671510316994&CODE_STATE=getMsg HTTP/1.1" 200 27
116.238.139.35 - - [20/Dec/2022:12:25:19 +0800] "GET /xingrg/all/function/internal_message.html?_=1671510265578&CODE_STATE=getMsg HTTP/1.1" 200 27
222.69.192.184 - - [20/Dec/2022:12:25:19 +0800] "GET /xingrg/kc/base/base_main.html HTTP/1.1" 200 12142
180.169.147.146 - - [20/Dec/2022:12:25:20 +0800] "GET /xingrg/kc/buy/cgsh_order_operate.html?command=get_materiel&rest_code=00147&code=00101008190&supplier_code=00100007&order_time=2022-12-19 HTTP/1.1" 200 412
180.162.115.136 - - [20/Dec/2022:12:25:21 +0800] "POST /xingrg/login.do HTTP/1.1" 302 -
180.162.115.136 - - [20/Dec/2022:12:25:21 +0800] "GET /xingrg/index.html?sysBaseUrl=http%3A%2F%2F180.169.147.146%3A18081%2Fxingrg%2F&costTime=40×tamp=1671510321363 HTTP/1.1" 200 17179
180.162.115.136 - - [20/Dec/2022:12:25:21 +0800] "GET /xingrg/javascript/jquery_easy_ui/themes/default/easyui.css HTTP/1.1" 304 -
180.162.115.136 - - [20/Dec/2022:12:25:21 +0800] "GET /xingrg/javascript/jquery_easy_ui/themes/icon.css HTTP/1.1" 304 -
180.162.115.136 - - [20/Dec/2022:12:25:22 +0800] "GET /xingrg/css/form.css HTTP/1.1" 304 -
180.162.115.136 - - [20/Dec/2022:12:25:22 +0800] "GET /xingrg/javascript/jquery-1.4.2.min.js HTTP/1.1" 304 -
180.162.115.136 - - [20/Dec/2022:12:25:22 +0800] "GET /xingrg/javascript/jquery_easy_ui/jquery.easyui.min.js HTTP/1.1" 304 -
180.162.115.136 - - [20/Dec/2022:12:25:22 +0800] "GET /xingrg/javascript/jquery_easy_ui/easyui-lang-zh_CN.js HTTP/1.1" 304 -
180.162.115.136 - - [20/Dec/2022:12:25:22 +0800] "GET /xingrg/javascript/jquery.form.js HTTP/1.1" 304 -
180.162.115.136 - - [20/Dec/2022:12:25:22 +0800] "GET /xingrg/javascript/jquery.utils.js HTTP/1.1" 304 -
180.162.115.136 - - [20/Dec/2022:12:25:22 +0800] "GET /xingrg/javascript/jquery.timers.js HTTP/1.1" 304 -
180.162.115.136 - - [20/Dec/2022:12:25:22 +0800] "GET /favicon.ico HTTP/1.1" 404 -
180.162.115.136 - - [20/Dec/2022:12:25:22 +0800] "GET /xingrg/javascript/jquery_easy_ui/themes/icons/settle_new.png HTTP/1.1" 304 -
180.162.115.136 - - [20/Dec/2022:12:25:22 +0800] "GET /xingrg/images/blue/navBackgound.jpg HTTP/1.1" 304 -
180.162.115.136 - - [20/Dec/2022:12:25:23 +0800] "POST /xingrg/all/common/load_tree.html?tree=area_rest_tree_json&manage=1 HTTP/1.1" 200 351
180.162.115.136 - - [20/Dec/2022:12:25:24 +0800] "GET /xingrg/check_reg.html?_=1671509346713 HTTP/1.1" 200 22
180.162.115.136 - - [20/Dec/2022:12:25:24 +0800] "GET /xingrg/all/function/internal_message.html?_=1671509346712&CODE_STATE=count HTTP/1.1" 200 11
180.162.115.136 - - [20/Dec/2022:12:25:24 +0800] "GET /xingrg/images/blue/pingpu.png HTTP/1.1" 304 -
180.162.115.136 - - [20/Dec/2022:12:25:24 +0800] "GET /xingrg/javascript/jquery_easy_ui/themes/default/images/tabs_leftarrow.png HTTP/1.1" 304 -
180.162.115.136 - - [20/Dec/2022:12:25:24 +0800] "GET /xingrg/javascript/jquery_easy_ui/themes/default/images/tabs_rightarrow.png HTTP/1.1" 304 -
180.162.115.136 - - [20/Dec/2022:12:25:24 +0800] "GET /xingrg/javascript/jquery_easy_ui/themes/default/images/panel_tool_collapse.gif HTTP/1.1" 304 -
180.162.115.136 - - [20/Dec/2022:12:25:24 +0800] "POST /xingrg/load_menu.html HTTP/1.1" 200 5138
180.162.115.136 - - [20/Dec/2022:12:25:24 +0800] "GET /xingrg/javascript/jquery_easy_ui/themes/default/images/tree_arrows.gif HTTP/1.1" 304 -
180.162.115.136 - - [20/Dec/2022:12:25:24 +0800] "GET /xingrg/javascript/jquery_easy_ui/themes/default/images/tree_folder_open.gif HTTP/1.1" 304 -
180.162.115.136 - - [20/Dec/2022:12:25:25 +0800] "GET /xingrg/javascript/jquery_easy_ui/themes/icons/search_new.png HTTP/1.1" 304 -
180.162.115.136 - - [20/Dec/2022:12:25:25 +0800] "GET /xingrg/javascript/jquery_easy_ui/themes/icons/storage_new.png HTTP/1.1" 304 -
180.162.115.136 - - [20/Dec/2022:12:25:25 +0800] "GET /xingrg/javascript/jquery_easy_ui/themes/default/images/tree_folder.gif HTTP/1.1" 304 -
180.162.115.136 - - [20/Dec/2022:12:25:25 +0800] "GET /xingrg/javascript/jquery_easy_ui/themes/icons/forms_new.png HTTP/1.1" 304 -
180.162.115.136 - - [20/Dec/2022:12:25:25 +0800] "GET /xingrg/javascript/jquery_easy_ui/themes/default/images/tree_file.gif HTTP/1.1" 304 -
222.69.192.184 - - [20/Dec/2022:12:25:25 +0800] "GET /xingrg/kc/buy/buy_main.html HTTP/1.1" 200 12412
222.69.192.184 - - [20/Dec/2022:12:25:25 +0800] "GET /xingrg/css/new_ie.css HTTP/1.1" 404 1036
222.69.192.184 - - [20/Dec/2022:12:25:27 +0800] "GET /xingrg/images/yd/bt.gif HTTP/1.1" 404 1040
180.169.147.146 - - [20/Dec/2022:12:25:27 +0800] "GET /xingrg/all/function/internal_message.html?_=1671510343282&CODE_STATE=getMsg HTTP/1.1" 200 27
180.162.115.136 - - [20/Dec/2022:12:25:27 +0800] "GET /xingrg/kc/buy/buy_main.html HTTP/1.1" 200 12412
180.162.115.136 - - [20/Dec/2022:12:25:27 +0800] "GET /xingrg/javascript/jquery_easy_ui/themes/default/images/tabs_close.gif HTTP/1.1" 304 -
180.162.115.136 - - [20/Dec/2022:12:25:27 +0800] "GET /xingrg/css/blue.css HTTP/1.1" 304 -
180.162.115.136 - - [20/Dec/2022:12:25:27 +0800] "GET /xingrg/css/new_ie.css HTTP/1.1" 404 1036
180.162.115.136 - - [20/Dec/2022:12:25:27 +0800] "GET /xingrg/javascript/jquery_ui/themes/humanity/humanity.css HTTP/1.1" 304 -
180.162.115.136 - - [20/Dec/2022:12:25:27 +0800] "GET /xingrg/javascript/pic_change.js HTTP/1.1" 304 -
180.162.115.136 - - [20/Dec/2022:12:25:27 +0800] "GET /xingrg/javascript/ToolTips.js HTTP/1.1" 304 -
180.162.115.136 - - [20/Dec/2022:12:25:27 +0800] "GET /xingrg/javascript/myfunction.js HTTP/1.1" 304 -
180.162.115.136 - - [20/Dec/2022:12:25:27 +0800] "GET /xingrg/javascript/jquery_ui/jquery-ui.min.js HTTP/1.1" 304 -
180.162.115.136 - - [20/Dec/2022:12:25:27 +0800] "GET /xingrg/images/blue/button/cgxqd.gif HTTP/1.1" 304 -
180.162.115.136 - - [20/Dec/2022:12:25:27 +0800] "GET /xingrg/images/blue/button/cgydd.gif HTTP/1.1" 304 -
180.162.115.136 - - [20/Dec/2022:12:25:27 +0800] "GET /xingrg/images/blue/button/cgshd.gif HTTP/1.1" 304 -
180.162.115.136 - - [20/Dec/2022:12:25:27 +0800] "GET /xingrg/images/blue/button/cgfkd.gif HTTP/1.1" 304 -
180.162.115.136 - - [20/Dec/2022:12:25:27 +0800] "GET /xingrg/images/blue/button/kc.gif HTTP/1.1" 304 -
180.162.115.136 - - [20/Dec/2022:12:25:27 +0800] "GET /xingrg/images/blue/button/ckthd.gif HTTP/1.1" 304 -
180.162.115.136 - - [20/Dec/2022:12:25:27 +0800] "GET /xingrg/images/blue/pic_form2.gif HTTP/1.1" 304 -
180.169.147.146 - - [20/Dec/2022:12:25:27 +0800] "GET /xingrg/kc/buy/cgsh_order_operate.html?command=get_materiel&rest_code=00147&code=00101008148&supplier_code=00100007&order_time=2022-12-19 HTTP/1.1" 200 416
222.69.192.184 - - [20/Dec/2022:12:25:27 +0800] "GET /xingrg/kc/buy/cgsh_order_list.html HTTP/1.1" 200 54078
180.162.115.136 - - [20/Dec/2022:12:25:28 +0800] "GET /xingrg/javascript/jquery_ui/themes/humanity/images/ui-bg_inset-soft_100_f4f0ec_1x100.png HTTP/1.1" 304 -
180.162.115.136 - - [20/Dec/2022:12:25:28 +0800] "GET /xingrg/images/blue/button/right_ah.jpg HTTP/1.1" 304 -
180.162.115.136 - - [20/Dec/2022:12:25:28 +0800] "GET /xingrg/images/blue/bg_dotted.jpg HTTP/1.1" 304 -
180.162.115.136 - - [20/Dec/2022:12:25:28 +0800] "GET /xingrg/images/blue/button/down_ah.jpg HTTP/1.1" 304 -
180.162.115.136 - - [20/Dec/2022:12:25:29 +0800] "GET /xingrg/javascript/jquery_ui/themes/humanity/images/ui-iconsnew.jpg HTTP/1.1" 304 -
180.162.115.136 - - [20/Dec/2022:12:25:29 +0800] "GET /xingrg/javascript/jquery_ui/themes/humanity/images/ui-icons_ffffff_256x240.png HTTP/1.1" 304 -
180.162.115.136 - - [20/Dec/2022:12:25:29 +0800] "GET /xingrg/javascript/jquery_ui/themes/humanity/images/ui-icons_c47a23_256x240.png HTTP/1.1" 304 -
180.162.115.136 - - [20/Dec/2022:12:25:29 +0800] "GET /xingrg/javascript/jquery_ui/themes/humanity/images/ui-bg_glass_70_ede4d4_1x400.png HTTP/1.1" 304 -
180.162.115.136 - - [20/Dec/2022:12:25:29 +0800] "GET /xingrg/images/yd/bt.gif HTTP/1.1" 404 1040
180.169.147.146 - - [20/Dec/2022:12:25:29 +0800] "GET /xingrg/all/function/internal_message.html?_=1671510343637&CODE_STATE=getMsg HTTP/1.1" 200 27
222.69.192.184 - - [20/Dec/2022:12:25:30 +0800] "POST /xingrg/kc/buy/cgsh_list_operate.html HTTP/1.1" 200 2691
180.162.115.136 - - [20/Dec/2022:12:25:31 +0800] "GET /xingrg/kc/buy/cgsh_order_list.html HTTP/1.1" 200 54084
180.162.115.136 - - [20/Dec/2022:12:25:31 +0800] "GET /xingrg/css/base.css HTTP/1.1" 304 -
180.162.115.136 - - [20/Dec/2022:12:25:31 +0800] "GET /xingrg/css/site.css HTTP/1.1" 304 -
180.162.115.136 - - [20/Dec/2022:12:25:31 +0800] "GET /xingrg/javascript/jquery_tools/datebox.css HTTP/1.1" 304 -
180.162.115.136 - - [20/Dec/2022:12:25:31 +0800] "GET /xingrg/javascript/easyui/themes/default/easyui.css HTTP/1.1" 304 -
180.162.115.136 - - [20/Dec/2022:12:25:31 +0800] "GET /xingrg/javascript/easyui/themes/icon.css HTTP/1.1" 304 -
180.162.115.136 - - [20/Dec/2022:12:25:31 +0800] "GET /xingrg/javascript/auto/jquery.autocomplete.css HTTP/1.1" 304 -
180.162.115.136 - - [20/Dec/2022:12:25:31 +0800] "GET /xingrg/javascript/jquery_tools/fix.css HTTP/1.1" 304 -
180.162.115.136 - - [20/Dec/2022:12:25:31 +0800] "GET /xingrg/javascript/jquery_tools/table.css HTTP/1.1" 304 -
180.162.115.136 - - [20/Dec/2022:12:25:31 +0800] "GET /xingrg/javascript/jquery_tools/jquery.tools.min.js HTTP/1.1" 304 -
180.162.115.136 - - [20/Dec/2022:12:25:31 +0800] "GET /xingrg/javascript/jquery_tools/jquery.tools.extend.js HTTP/1.1" 304 -
180.162.115.136 - - [20/Dec/2022:12:25:32 +0800] "GET /xingrg/javascript/jquery_tools/jquery.tools.hotkey.js HTTP/1.1" 304 -
180.162.115.136 - - [20/Dec/2022:12:25:32 +0800] "GET /xingrg/javascript/jquery_tools/jquery.tools.table.js HTTP/1.1" 304 -
180.162.115.136 - - [20/Dec/2022:12:25:32 +0800] "GET /xingrg/javascript/jquery_tools/list_manager.js HTTP/1.1" 304 -
180.162.115.136 - - [20/Dec/2022:12:25:32 +0800] "GET /xingrg/javascript/auto/jquery.autocomplete.js HTTP/1.1" 304 -
180.162.115.136 - - [20/Dec/2022:12:25:32 +0800] "GET /xingrg/javascript/easyui/easyloader.js HTTP/1.1" 304 -
180.162.115.136 - - [20/Dec/2022:12:25:32 +0800] "GET /xingrg/javascript/jquery.cookie.js HTTP/1.1" 304 -
180.162.115.136 - - [20/Dec/2022:12:25:32 +0800] "GET /xingrg/javascript/print/LodopFuncs.js HTTP/1.1" 304 -
124.78.155.190 - - [20/Dec/2022:12:25:32 +0800] "GET /xingrg/all/function/internal_message.html?_=1671510350723&CODE_STATE=getMsg HTTP/1.1" 200 27
180.162.115.136 - - [20/Dec/2022:12:25:37 +0800] "GET /xingrg/javascript/easyui/themes/icons/import_new.png HTTP/1.1" 304 -
180.162.115.136 - - [20/Dec/2022:12:25:37 +0800] "GET /xingrg/javascript/easyui/themes/icons/field_new.png HTTP/1.1" 304 -
180.162.115.136 - - [20/Dec/2022:12:25:37 +0800] "GET /xingrg/javascript/easyui/themes/icons/check_new.png HTTP/1.1" 304 -
180.162.115.136 - - [20/Dec/2022:12:25:37 +0800] "GET /xingrg/javascript/easyui/themes/icons/cance_new.png HTTP/1.1" 304 -
180.162.115.136 - - [20/Dec/2022:12:25:37 +0800] "GET /xingrg/javascript/easyui/themes/icons/edit_add_new.png HTTP/1.1" 304 -
180.162.115.136 - - [20/Dec/2022:12:25:37 +0800] "GET /xingrg/javascript/easyui/plugins/jquery.parser.js HTTP/1.1" 304 -
180.162.115.136 - - [20/Dec/2022:12:25:37 +0800] "GET /xingrg/images/control/ajaxLoader.gif HTTP/1.1" 304 -
180.169.147.146 - - [20/Dec/2022:12:25:38 +0800] "GET /xingrg/kc/buy/cgsh_order_operate.html?command=get_materiel&rest_code=00147&code=00101015056&supplier_code=00100007&order_time=2022-12-19 HTTP/1.1" 200 413
101.93.183.100 - - [20/Dec/2022:12:25:38 +0800] "GET /xingrg/all/function/internal_message.html?_=1671510354384&CODE_STATE=getMsg HTTP/1.1" 200 27
120.253.135.82 - - [20/Dec/2022:12:25:38 +0800] "GET /xingrg/all/function/internal_message.html?_=1671510162620&CODE_STATE=getMsg HTTP/1.1" 200 27
114.83.219.50 - - [20/Dec/2022:12:25:40 +0800] "GET /xingrg/kc/buy/cgsh_order_add.html HTTP/1.1" 200 69948
114.83.219.50 - - [20/Dec/2022:12:25:41 +0800] "POST /xingrg/kc/buy/cgsh_order_operate.html HTTP/1.1" 200 8245
114.83.219.50 - - [20/Dec/2022:12:25:41 +0800] "GET /xingrg/javascript/easyui/themes/default/validatebox.css HTTP/1.1" 404 1104
180.169.147.146 - - [20/Dec/2022:12:25:45 +0800] "GET /xingrg/kc/buy/cgsh_order_operate.html?command=get_materiel&rest_code=00147&code=00101008363&supplier_code=00100007&order_time=2022-12-19 HTTP/1.1" 200 422
222.69.192.184 - - [20/Dec/2022:12:25:45 +0800] "GET /xingrg/all/function/internal_message.html?_=1671510209089&CODE_STATE=getMsg HTTP/1.1" 200 27
222.69.192.184 - - [20/Dec/2022:12:25:45 +0800] "POST /xingrg/kc/buy/cgsh_list_operate.html HTTP/1.1" 200 4
222.69.192.184 - - [20/Dec/2022:12:25:48 +0800] "POST /xingrg/kc/buy/cgsh_list_operate.html HTTP/1.1" 200 986
180.162.115.136 - - [20/Dec/2022:12:25:49 +0800] "POST /xingrg/kc/buy/cgsh_list_operate.html HTTP/1.1" 200 2756
114.83.219.50 - - [20/Dec/2022:12:25:49 +0800] "GET /xingrg/kc/buy/cgsh_order_operate.html?command=get_materiel&rest_code=00149&code=00101011005&supplier_code=00100051&order_time=2022-12-20 HTTP/1.1" 200 428
180.169.147.146 - - [20/Dec/2022:12:25:52 +0800] "GET /xingrg/kc/buy/cgsh_order_operate.html?command=get_materiel&rest_code=00147&code=00101008264&supplier_code=00100007&order_time=2022-12-19 HTTP/1.1" 200 412
180.162.115.136 - - [20/Dec/2022:12:25:53 +0800] "POST /xingrg/kc/buy/cgsh_list_operate.html HTTP/1.1" 200 356
114.84.38.109 - - [20/Dec/2022:12:25:55 +0800] "GET /xingrg/all/function/internal_message.html?_=1671510377581&CODE_STATE=getMsg HTTP/1.1" 200 27
180.162.115.136 - - [20/Dec/2022:12:25:55 +0800] "GET /xingrg/kc/buy/cgsh_order_info.html?code=212022121905128 HTTP/1.1" 200 68947
180.162.115.136 - - [20/Dec/2022:12:25:55 +0800] "GET /xingrg/javascript/jquery_tools/order_manager.js HTTP/1.1" 304 -
180.162.115.136 - - [20/Dec/2022:12:25:55 +0800] "GET /xingrg/javascript/convert.js HTTP/1.1" 304 -
180.162.115.136 - - [20/Dec/2022:12:25:55 +0800] "GET /xingrg/javascript/json2.js HTTP/1.1" 304 -
180.162.115.136 - - [20/Dec/2022:12:25:55 +0800] "GET /xingrg/javascript/print/kc_print.js HTTP/1.1" 304 -
180.162.115.136 - - [20/Dec/2022:12:25:55 +0800] "GET /xingrg/words/20221218162308_words.js HTTP/1.1" 200 938875
180.162.115.136 - - [20/Dec/2022:12:25:55 +0800] "GET /xingrg/javascript/easyui/themes/icons/ok.png HTTP/1.1" 304 -
180.162.115.136 - - [20/Dec/2022:12:25:55 +0800] "GET /xingrg/javascript/easyui/themes/icons/print.png HTTP/1.1" 304 -
180.162.115.136 - - [20/Dec/2022:12:25:55 +0800] "GET /xingrg/javascript/easyui/themes/icons/template_new.png HTTP/1.1" 304 -
180.162.115.136 - - [20/Dec/2022:12:25:55 +0800] "GET /xingrg/javascript/easyui/themes/icons/copy_new.png HTTP/1.1" 304 -
180.162.115.136 - - [20/Dec/2022:12:25:55 +0800] "GET /xingrg/javascript/easyui/themes/default/images/menu_downarrow.png HTTP/1.1" 304 -
180.162.115.136 - - [20/Dec/2022:12:25:55 +0800] "GET /xingrg/javascript/easyui/themes/icons/cancel.png HTTP/1.1" 304 -
58.221.95.50 - - [20/Dec/2022:12:25:56 +0800] "GET /xingrg/all/function/internal_message.html?_=1671510373752&CODE_STATE=getMsg HTTP/1.1" 200 27
180.162.115.136 - - [20/Dec/2022:12:25:56 +0800] "GET /xingrg/all/common/auto_word.html?type=employee&rest_code=00143 HTTP/1.1" 200 55
180.162.115.136 - - [20/Dec/2022:12:25:56 +0800] "GET /xingrg/all/common/auto_word.html?type=employee&rest_code=00143 HTTP/1.1" 200 55
180.162.115.136 - - [20/Dec/2022:12:25:56 +0800] "GET /xingrg/javascript/easyui/themes/default/validatebox.css HTTP/1.1" 404 1104
180.162.115.136 - - [20/Dec/2022:12:25:56 +0800] "GET /xingrg/javascript/easyui/plugins/jquery.validatebox.js HTTP/1.1" 304 -
180.162.115.136 - - [20/Dec/2022:12:25:56 +0800] "GET /xingrg/javascript/easyui/plugins/jquery.numberbox.js HTTP/1.1" 304 -
180.162.115.136 - - [20/Dec/2022:12:25:57 +0800] "POST /xingrg/kc/buy/cgsh_order_operate.html HTTP/1.1" 200 3853
180.162.115.136 - - [20/Dec/2022:12:25:57 +0800] "GET /xingrg/javascript/easyui/themes/icons/edit_remove.png HTTP/1.1" 304 -
114.84.171.241 - - [20/Dec/2022:12:25:59 +0800] "GET /xingrg/all/function/internal_message.html?_=1671510375870&CODE_STATE=getMsg HTTP/1.1" 200 27
114.83.219.50 - - [20/Dec/2022:12:26:00 +0800] "POST /xingrg/kc/buy/cgsh_order_operate.html HTTP/1.1" 200 37
114.83.219.50 - - [20/Dec/2022:12:26:04 +0800] "POST /xingrg/kc/buy/cgsh_order_operate.html HTTP/1.1" 200 12
180.169.147.146 - - [20/Dec/2022:12:26:04 +0800] "GET /xingrg/kc/buy/cgsh_order_operate.html?command=get_materiel&rest_code=00147&code=00101008321&supplier_code=00100007&order_time=2022-12-19 HTTP/1.1" 200 412
114.83.219.50 - - [20/Dec/2022:12:26:05 +0800] "GET /xingrg/kc/buy/cgsh_order_info.html?code=212022122005202 HTTP/1.1" 200 64850
114.83.219.50 - - [20/Dec/2022:12:26:06 +0800] "GET /xingrg/javascript/easyui/themes/default/validatebox.css HTTP/1.1" 404 1104
114.83.219.50 - - [20/Dec/2022:12:26:06 +0800] "POST /xingrg/kc/buy/cgsh_order_operate.html HTTP/1.1" 200 606
180.162.115.136 - - [20/Dec/2022:12:26:07 +0800] "GET /xingrg/javascript/easyui/themes/default/images/button_plain_hover.png HTTP/1.1" 304 -
114.83.219.50 - - [20/Dec/2022:12:26:08 +0800] "GET /xingrg/kc/print/load_data.html?order_code=212022122005202&kc_code=cgsh&condition= HTTP/1.1" 200 721
180.162.115.136 - - [20/Dec/2022:12:26:10 +0800] "GET /xingrg/javascript/auto/indicator.gif HTTP/1.1" 404 1066
116.238.139.35 - - [20/Dec/2022:12:26:10 +0800] "GET /xingrg/all/function/internal_message.html?_=1671510388957&CODE_STATE=getMsg HTTP/1.1" 200 27
180.169.147.146 - - [20/Dec/2022:12:26:12 +0800] "GET /xingrg/kc/buy/cgsh_order_operate.html?command=get_materiel&rest_code=00147&code=00101008024&supplier_code=00100007&order_time=2022-12-19 HTTP/1.1" 200 424
116.238.139.35 - - [20/Dec/2022:12:26:15 +0800] "GET /xingrg/check_reg.html?_=1671510393501 HTTP/1.1" 200 22
180.162.115.136 - - [20/Dec/2022:12:26:15 +0800] "GET /xingrg/kc/buy/cgsh_order_operate.html?command=get_materiel&rest_code=00143&code=00101003002&supplier_code=00100207&order_time=2022-12-19 HTTP/1.1" 200 409
101.93.183.100 - - [20/Dec/2022:12:26:18 +0800] "GET /xingrg/check_reg.html?_=1671510394409 HTTP/1.1" 200 22
116.230.105.139 - - [20/Dec/2022:12:26:18 +0800] "GET /xingrg/all/function/internal_message.html?_=1671510376977&CODE_STATE=getMsg HTTP/1.1" 200 27
116.238.139.35 - - [20/Dec/2022:12:26:19 +0800] "GET /xingrg/all/function/internal_message.html?_=1671510325599&CODE_STATE=getMsg HTTP/1.1" 200 27
180.169.147.146 - - [20/Dec/2022:12:26:21 +0800] "GET /xingrg/kc/buy/cgsh_order_operate.html?command=get_materiel&rest_code=00147&code=00101008251&supplier_code=00100007&order_time=2022-12-19 HTTP/1.1" 200 408
180.162.115.136 - - [20/Dec/2022:12:26:24 +0800] "GET /xingrg/all/function/internal_message.html?_=1671509406726&CODE_STATE=getMsg HTTP/1.1" 200 27
180.169.147.146 - - [20/Dec/2022:12:26:27 +0800] "GET /xingrg/all/function/internal_message.html?_=1671510403288&CODE_STATE=getMsg HTTP/1.1" 200 27
180.169.147.146 - - [20/Dec/2022:12:26:29 +0800] "GET /xingrg/all/function/internal_message.html?_=1671510403638&CODE_STATE=getMsg HTTP/1.1" 200 27
180.169.147.146 - - [20/Dec/2022:12:26:30 +0800] "GET /xingrg/kc/buy/cgsh_order_operate.html?command=get_materiel&rest_code=00147&code=00101008197&supplier_code=00100007&order_time=2022-12-19 HTTP/1.1" 200 416
124.78.155.190 - - [20/Dec/2022:12:26:32 +0800] "GET /xingrg/all/function/internal_message.html?_=1671510410722&CODE_STATE=getMsg HTTP/1.1" 200 27
114.84.38.109 - - [20/Dec/2022:12:26:33 +0800] "GET /xingrg/check_reg.html?_=1671510415364 HTTP/1.1" 200 22
101.93.183.100 - - [20/Dec/2022:12:26:38 +0800] "GET /xingrg/all/function/internal_message.html?_=1671510414382&CODE_STATE=getMsg HTTP/1.1" 200 27
120.253.135.82 - - [20/Dec/2022:12:26:38 +0800] "GET /xingrg/all/function/internal_message.html?_=1671510222816&CODE_STATE=getMsg HTTP/1.1" 200 27
58.221.95.50 - - [20/Dec/2022:12:26:45 +0800] "GET /xingrg/check_reg.html?_=1671510422264 HTTP/1.1" 200 22
222.69.192.184 - - [20/Dec/2022:12:26:45 +0800] "GET /xingrg/check_reg.html?_=1671510269093 HTTP/1.1" 200 22
222.69.192.184 - - [20/Dec/2022:12:26:45 +0800] "GET /xingrg/all/function/internal_message.html?_=1671510269090&CODE_STATE=getMsg HTTP/1.1" 200 27
114.84.38.109 - - [20/Dec/2022:12:26:55 +0800] "GET /xingrg/all/function/internal_message.html?_=1671510437589&CODE_STATE=getMsg HTTP/1.1" 200 27
58.221.95.50 - - [20/Dec/2022:12:26:56 +0800] "GET /xingrg/all/function/internal_message.html?_=1671510433751&CODE_STATE=getMsg HTTP/1.1" 200 27
114.84.171.241 - - [20/Dec/2022:12:26:59 +0800] "GET /xingrg/all/function/internal_message.html?_=1671510435871&CODE_STATE=getMsg HTTP/1.1" 200 27
180.169.147.146 - - [20/Dec/2022:12:27:04 +0800] "GET /xingrg/kc/buy/cgsh_order_operate.html?command=get_materiel&rest_code=00147&code=00101008069&supplier_code=00100007&order_time=2022-12-19 HTTP/1.1" 200 412
116.238.139.35 - - [20/Dec/2022:12:27:10 +0800] "GET /xingrg/all/function/internal_message.html?_=1671510448931&CODE_STATE=getMsg HTTP/1.1" 200 27
180.169.147.146 - - [20/Dec/2022:12:27:12 +0800] "GET /xingrg/kc/buy/cgsh_order_operate.html?command=get_materiel&rest_code=00147&code=00101008036&supplier_code=00100007&order_time=2022-12-19 HTTP/1.1" 200 408
120.253.135.82 - - [20/Dec/2022:12:27:17 +0800] "GET /xingrg/check_reg.html?_=1671510261916 HTTP/1.1" 200 22
116.230.105.139 - - [20/Dec/2022:12:27:18 +0800] "GET /xingrg/all/function/internal_message.html?_=1671510436964&CODE_STATE=getMsg HTTP/1.1" 200 27
116.238.139.35 - - [20/Dec/2022:12:27:19 +0800] "GET /xingrg/all/function/internal_message.html?_=1671510385606&CODE_STATE=getMsg HTTP/1.1" 200 27
180.169.147.146 - - [20/Dec/2022:12:27:19 +0800] "GET /xingrg/kc/buy/cgsh_order_operate.html?command=get_materiel&rest_code=00147&code=00101008131&supplier_code=00100007&order_time=2022-12-19 HTTP/1.1" 200 408
180.162.115.136 - - [20/Dec/2022:12:27:24 +0800] "GET /xingrg/all/function/internal_message.html?_=1671509466723&CODE_STATE=getMsg HTTP/1.1" 200 27
180.169.147.146 - - [20/Dec/2022:12:27:27 +0800] "GET /xingrg/all/function/internal_message.html?_=1671510463284&CODE_STATE=getMsg HTTP/1.1" 200 27
180.169.147.146 - - [20/Dec/2022:12:27:27 +0800] "GET /xingrg/kc/buy/cgsh_order_operate.html?command=get_materiel&rest_code=00147&code=00101008298&supplier_code=00100007&order_time=2022-12-19 HTTP/1.1" 200 431
180.169.147.146 - - [20/Dec/2022:12:27:29 +0800] "GET /xingrg/check_reg.html?_=1671510463637 HTTP/1.1" 200 22
180.169.147.146 - - [20/Dec/2022:12:27:29 +0800] "GET /xingrg/all/function/internal_message.html?_=1671510463638&CODE_STATE=getMsg HTTP/1.1" 200 27
124.78.155.190 - - [20/Dec/2022:12:27:32 +0800] "GET /xingrg/all/function/internal_message.html?_=1671510470746&CODE_STATE=getMsg HTTP/1.1" 200 27
124.78.155.190 - - [20/Dec/2022:12:27:32 +0800] "GET /xingrg/check_reg.html?_=1671510470748 HTTP/1.1" 200 22
101.93.183.100 - - [20/Dec/2022:12:27:38 +0800] "GET /xingrg/all/function/internal_message.html?_=1671510474380&CODE_STATE=getMsg HTTP/1.1" 200 27
120.253.135.82 - - [20/Dec/2022:12:27:38 +0800] "GET /xingrg/all/function/internal_message.html?_=1671510282821&CODE_STATE=getMsg HTTP/1.1" 200 27
222.69.192.184 - - [20/Dec/2022:12:27:45 +0800] "GET /xingrg/all/function/internal_message.html?_=1671510329092&CODE_STATE=getMsg HTTP/1.1" 200 27
114.84.38.109 - - [20/Dec/2022:12:27:55 +0800] "GET /xingrg/all/function/internal_message.html?_=1671510497605&CODE_STATE=getMsg HTTP/1.1" 200 27
58.221.95.50 - - [20/Dec/2022:12:27:56 +0800] "GET /xingrg/all/function/internal_message.html?_=1671510493752&CODE_STATE=getMsg HTTP/1.1" 200 27
180.169.147.146 - - [20/Dec/2022:12:27:58 +0800] "GET /xingrg/kc/buy/cgsh_order_operate.html?command=get_materiel&rest_code=00147&code=00101008348&supplier_code=00100007&order_time=2022-12-19 HTTP/1.1" 200 412
114.84.171.241 - - [20/Dec/2022:12:27:59 +0800] "GET /xingrg/all/function/internal_message.html?_=1671510495873&CODE_STATE=getMsg HTTP/1.1" 200 27
114.84.171.241 - - [20/Dec/2022:12:27:59 +0800] "GET /xingrg/check_reg.html?_=1671510495876 HTTP/1.1" 200 22
116.238.139.35 - - [20/Dec/2022:12:28:10 +0800] "GET /xingrg/all/function/internal_message.html?_=1671510508902&CODE_STATE=getMsg HTTP/1.1" 200 27
116.230.105.139 - - [20/Dec/2022:12:28:14 +0800] "GET /xingrg/check_reg.html?_=1671510493186 HTTP/1.1" 200 22
116.230.105.139 - - [20/Dec/2022:12:28:18 +0800] "GET /xingrg/all/function/internal_message.html?_=1671510496941&CODE_STATE=getMsg HTTP/1.1" 200 27
116.238.139.35 - - [20/Dec/2022:12:28:19 +0800] "GET /xingrg/all/function/internal_message.html?_=1671510445628&CODE_STATE=getMsg HTTP/1.1" 200 27
180.162.115.136 - - [20/Dec/2022:12:28:24 +0800] "GET /xingrg/all/function/internal_message.html?_=1671509526722&CODE_STATE=getMsg HTTP/1.1" 200 27
180.169.147.146 - - [20/Dec/2022:12:28:27 +0800] "GET /xingrg/all/function/internal_message.html?_=1671510523287&CODE_STATE=getMsg HTTP/1.1" 200 27
180.169.147.146 - - [20/Dec/2022:12:28:29 +0800] "GET /xingrg/all/function/internal_message.html?_=1671510523637&CODE_STATE=getMsg HTTP/1.1" 200 27
180.169.147.146 - - [20/Dec/2022:12:28:31 +0800] "GET /xingrg/kc/buy/cgsh_order_operate.html?command=get_materiel&rest_code=00147&code=00101008072&supplier_code=00100007&order_time=2022-12-19 HTTP/1.1" 200 408
124.78.155.190 - - [20/Dec/2022:12:28:32 +0800] "GET /xingrg/all/function/internal_message.html?_=1671510530746&CODE_STATE=getMsg HTTP/1.1" 200 27
101.93.183.100 - - [20/Dec/2022:12:28:38 +0800] "GET /xingrg/all/function/internal_message.html?_=1671510534371&CODE_STATE=getMsg HTTP/1.1" 200 27
120.253.135.82 - - [20/Dec/2022:12:28:38 +0800] "GET /xingrg/all/function/internal_message.html?_=1671510342833&CODE_STATE=getMsg HTTP/1.1" 200 27
180.169.147.146 - - [20/Dec/2022:12:28:41 +0800] "GET /xingrg/kc/buy/cgsh_order_operate.html?command=get_materiel&rest_code=00147&code=00101008261&supplier_code=00100007&order_time=2022-12-19 HTTP/1.1" 200 408
222.69.192.184 - - [20/Dec/2022:12:28:45 +0800] "GET /xingrg/all/function/internal_message.html?_=1671510389091&CODE_STATE=getMsg HTTP/1.1" 200 27
180.169.147.146 - - [20/Dec/2022:12:28:49 +0800] "GET /xingrg/kc/buy/cgsh_order_operate.html?command=get_materiel&rest_code=00147&code=00101008349&supplier_code=00100007&order_time=2022-12-19 HTTP/1.1" 200 412
114.84.38.109 - - [20/Dec/2022:12:28:55 +0800] "GET /xingrg/all/function/internal_message.html?_=1671510557639&CODE_STATE=getMsg HTTP/1.1" 200 27
58.221.95.50 - - [20/Dec/2022:12:28:56 +0800] "GET /xingrg/all/function/internal_message.html?_=1671510553741&CODE_STATE=getMsg HTTP/1.1" 200 27
114.84.171.241 - - [20/Dec/2022:12:28:59 +0800] "GET /xingrg/all/function/internal_message.html?_=1671510555868&CODE_STATE=getMsg HTTP/1.1" 200 27
180.169.147.146 - - [20/Dec/2022:12:29:00 +0800] "GET /xingrg/kc/buy/cgsh_order_operate.html?command=get_materiel&rest_code=00147&code=00101008350&supplier_code=00100007&order_time=2022-12-19 HTTP/1.1" 200 408
116.238.139.35 - - [20/Dec/2022:12:29:03 +0800] "GET /xingrg/check_reg.html?_=1671510489502 HTTP/1.1" 200 22
116.238.139.35 - - [20/Dec/2022:12:29:10 +0800] "GET /xingrg/all/function/internal_message.html?_=1671510568887&CODE_STATE=getMsg HTTP/1.1" 200 27
180.169.147.146 - - [20/Dec/2022:12:29:10 +0800] "GET /xingrg/kc/buy/cgsh_order_operate.html?command=get_materiel&rest_code=00147&code=00101008351&supplier_code=00100007&order_time=2022-12-19 HTTP/1.1" 200 408
180.169.147.146 - - [20/Dec/2022:12:29:13 +0800] "POST /xingrg/kc/buy/cgsh_order_operate.html HTTP/1.1" 200 2065
180.169.147.146 - - [20/Dec/2022:12:29:18 +0800] "GET /xingrg/kc/buy/cgsh_order_operate.html?command=get_materiel&rest_code=00147&code=00101008199&supplier_code=00100007&order_time=2022-12-19 HTTP/1.1" 200 408
116.230.105.139 - - [20/Dec/2022:12:29:18 +0800] "GET /xingrg/all/function/internal_message.html?_=1671510556915&CODE_STATE=getMsg HTTP/1.1" 200 27
116.238.139.35 - - [20/Dec/2022:12:29:19 +0800] "GET /xingrg/all/function/internal_message.html?_=1671510505633&CODE_STATE=getMsg HTTP/1.1" 200 27
180.162.115.136 - - [20/Dec/2022:12:29:24 +0800] "GET /xingrg/all/function/internal_message.html?_=1671509586718&CODE_STATE=getMsg HTTP/1.1" 200 27
180.169.147.146 - - [20/Dec/2022:12:29:27 +0800] "GET /xingrg/kc/buy/cgsh_order_operate.html?command=get_materiel&rest_code=00147&code=00101008370&supplier_code=00100007&order_time=2022-12-19 HTTP/1.1" 200 412
180.169.147.146 - - [20/Dec/2022:12:29:27 +0800] "GET /xingrg/all/function/internal_message.html?_=1671510583289&CODE_STATE=getMsg HTTP/1.1" 200 27
180.169.147.146 - - [20/Dec/2022:12:29:27 +0800] "GET /xingrg/check_reg.html?_=1671510583290 HTTP/1.1" 200 22
180.169.147.146 - - [20/Dec/2022:12:29:29 +0800] "GET /xingrg/all/function/internal_message.html?_=1671510583637&CODE_STATE=getMsg HTTP/1.1" 200 27
124.78.155.190 - - [20/Dec/2022:12:29:32 +0800] "GET /xingrg/all/function/internal_message.html?_=1671510590745&CODE_STATE=getMsg HTTP/1.1" 200 27
180.162.115.136 - - [20/Dec/2022:12:29:35 +0800] "GET /xingrg/kc/buy/cgsh_order_operate.html?command=get_materiel&rest_code=00143&code=00102009985&supplier_code=00100207&order_time=2022-12-19 HTTP/1.1" 200 412
180.169.147.146 - - [20/Dec/2022:12:29:35 +0800] "GET /xingrg/kc/buy/cgsh_order_operate.html?command=get_materiel&rest_code=00147&code=00101008141&supplier_code=00100007&order_time=2022-12-19 HTTP/1.1" 200 412
101.93.183.100 - - [20/Dec/2022:12:29:38 +0800] "GET /xingrg/all/function/internal_message.html?_=1671510594355&CODE_STATE=getMsg HTTP/1.1" 200 27
120.253.135.82 - - [20/Dec/2022:12:29:39 +0800] "GET /xingrg/all/function/internal_message.html?_=1671510403037&CODE_STATE=getMsg HTTP/1.1" 200 27
222.69.192.184 - - [20/Dec/2022:12:29:45 +0800] "GET /xingrg/all/function/internal_message.html?_=1671510449098&CODE_STATE=getMsg HTTP/1.1" 200 27
180.169.147.146 - - [20/Dec/2022:12:29:48 +0800] "GET /xingrg/kc/buy/cgsh_order_operate.html?command=get_materiel&rest_code=00147&code=00101008087&supplier_code=00100007&order_time=2022-12-19 HTTP/1.1" 200 412
222.70.177.10 - - [20/Dec/2022:12:29:53 +0800] "POST /xingrg/services/DataTransmitService HTTP/1.1" 200 524
114.84.38.109 - - [20/Dec/2022:12:29:55 +0800] "GET /xingrg/all/function/internal_message.html?_=1671510617646&CODE_STATE=getMsg HTTP/1.1" 200 27
180.169.147.146 - - [20/Dec/2022:12:29:56 +0800] "GET /xingrg/kc/buy/cgsh_order_operate.html?command=get_materiel&rest_code=00147&code=00101008372&supplier_code=00100007&order_time=2022-12-19 HTTP/1.1" 200 408
58.221.95.50 - - [20/Dec/2022:12:29:56 +0800] "GET /xingrg/all/function/internal_message.html?_=1671510613759&CODE_STATE=getMsg HTTP/1.1" 200 27
180.169.147.146 - - [20/Dec/2022:12:29:59 +0800] "POST /xingrg/kc/buy/cgsh_order_operate.html HTTP/1.1" 200 2065
114.84.171.241 - - [20/Dec/2022:12:29:59 +0800] "GET /xingrg/all/function/internal_message.html?_=1671510615868&CODE_STATE=getMsg HTTP/1.1" 200 27
180.169.147.146 - - [20/Dec/2022:12:30:04 +0800] "GET /xingrg/kc/buy/cgsh_order_operate.html?command=get_materiel&rest_code=00147&code=00101008300&supplier_code=00100007&order_time=2022-12-19 HTTP/1.1" 200 412
116.238.139.35 - - [20/Dec/2022:12:30:10 +0800] "GET /xingrg/all/function/internal_message.html?_=1671510628857&CODE_STATE=getMsg HTTP/1.1" 200 27
180.169.147.146 - - [20/Dec/2022:12:30:14 +0800] "GET /xingrg/kc/buy/cgsh_order_operate.html?command=get_materiel&rest_code=00147&code=00101008357&supplier_code=00100007&order_time=2022-12-19 HTTP/1.1" 200 408
116.230.105.139 - - [20/Dec/2022:12:30:18 +0800] "GET /xingrg/all/function/internal_message.html?_=1671510616890&CODE_STATE=getMsg HTTP/1.1" 200 27
116.238.139.35 - - [20/Dec/2022:12:30:19 +0800] "GET /xingrg/all/function/internal_message.html?_=1671510565646&CODE_STATE=getMsg HTTP/1.1" 200 27
180.169.147.146 - - [20/Dec/2022:12:30:23 +0800] "GET /xingrg/kc/buy/cgsh_order_operate.html?command=get_materiel&rest_code=00147&code=00101008169&supplier_code=00100007&order_time=2022-12-19 HTTP/1.1" 200 412
180.162.115.136 - - [20/Dec/2022:12:30:24 +0800] "GET /xingrg/check_reg.html?_=1671509647060 HTTP/1.1" 200 22
180.162.115.136 - - [20/Dec/2022:12:30:24 +0800] "GET /xingrg/all/function/internal_message.html?_=1671509647061&CODE_STATE=getMsg HTTP/1.1" 200 27
180.169.147.146 - - [20/Dec/2022:12:30:27 +0800] "GET /xingrg/all/function/internal_message.html?_=1671510643280&CODE_STATE=getMsg HTTP/1.1" 200 27
180.169.147.146 - - [20/Dec/2022:12:30:29 +0800] "GET /xingrg/all/function/internal_message.html?_=1671510643635&CODE_STATE=getMsg HTTP/1.1" 200 27
180.169.147.146 - - [20/Dec/2022:12:30:31 +0800] "POST /xingrg/kc/buy/cgsh_order_operate.html HTTP/1.1" 200 37
180.162.115.136 - - [20/Dec/2022:12:30:31 +0800] "GET /xingrg/kc/buy/cgsh_order_operate.html?command=get_materiel&rest_code=00143&code=00101010136&supplier_code=00100207&order_time=2022-12-19 HTTP/1.1" 200 408
124.78.155.190 - - [20/Dec/2022:12:30:32 +0800] "GET /xingrg/all/function/internal_message.html?_=1671510650743&CODE_STATE=getMsg HTTP/1.1" 200 27
101.93.183.100 - - [20/Dec/2022:12:30:38 +0800] "GET /xingrg/all/function/internal_message.html?_=1671510654346&CODE_STATE=getMsg HTTP/1.1" 200 27
120.253.135.82 - - [20/Dec/2022:12:30:39 +0800] "GET /xingrg/all/function/internal_message.html?_=1671510463047&CODE_STATE=getMsg HTTP/1.1" 200 27
180.169.147.146 - - [20/Dec/2022:12:30:39 +0800] "POST /xingrg/kc/buy/cgsh_order_operate.html HTTP/1.1" 200 18049
180.169.147.146 - - [20/Dec/2022:12:30:40 +0800] "GET /xingrg/kc/print/load_data.html?order_code=212022122005203&kc_code=cgsh&condition= HTTP/1.1" 200 6548
180.169.147.146 - - [20/Dec/2022:12:30:43 +0800] "GET /xingrg/kc/buy/cgsh_order_add.html HTTP/1.1" 200 69863
180.169.147.146 - - [20/Dec/2022:12:30:43 +0800] "POST /xingrg/kc/buy/cgsh_order_operate.html HTTP/1.1" 200 8245
180.169.147.146 - - [20/Dec/2022:12:30:43 +0800] "GET /xingrg/javascript/easyui/themes/default/validatebox.css HTTP/1.1" 404 1104
116.230.105.139 - - [20/Dec/2022:12:30:45 +0800] "POST /xingrg/services/DataTransmitService HTTP/1.1" 200 524
222.69.192.184 - - [20/Dec/2022:12:30:45 +0800] "GET /xingrg/all/function/internal_message.html?_=1671510509089&CODE_STATE=getMsg HTTP/1.1" 200 27
116.230.105.139 - - [20/Dec/2022:12:30:45 +0800] "POST /xingrg/services/DataTransmitService HTTP/1.1" 200 412
114.84.38.109 - - [20/Dec/2022:12:30:55 +0800] "GET /xingrg/all/function/internal_message.html?_=1671510677688&CODE_STATE=getMsg HTTP/1.1" 200 27
58.221.95.50 - - [20/Dec/2022:12:30:56 +0800] "GET /xingrg/all/function/internal_message.html?_=1671510673757&CODE_STATE=getMsg HTTP/1.1" 200 27
114.84.171.241 - - [20/Dec/2022:12:30:59 +0800] "GET /xingrg/all/function/internal_message.html?_=1671510675869&CODE_STATE=getMsg HTTP/1.1" 200 27
116.238.139.35 - - [20/Dec/2022:12:31:10 +0800] "GET /xingrg/all/function/internal_message.html?_=1671510688834&CODE_STATE=getMsg HTTP/1.1" 200 27
116.238.139.35 - - [20/Dec/2022:12:31:15 +0800] "GET /xingrg/check_reg.html?_=1671510693505 HTTP/1.1" 200 22
101.93.183.100 - - [20/Dec/2022:12:31:18 +0800] "GET /xingrg/check_reg.html?_=1671510694411 HTTP/1.1" 200 22
116.230.105.139 - - [20/Dec/2022:12:31:18 +0800] "GET /xingrg/all/function/internal_message.html?_=1671510676869&CODE_STATE=getMsg HTTP/1.1" 200 27
180.162.115.136 - - [20/Dec/2022:12:31:18 +0800] "GET /xingrg/javascript/jquery_tools/images/prev.gif HTTP/1.1" 404 1086
180.162.115.136 - - [20/Dec/2022:12:31:18 +0800] "GET /xingrg/javascript/jquery_tools/images/next.gif HTTP/1.1" 404 1086
116.238.139.35 - - [20/Dec/2022:12:31:19 +0800] "GET /xingrg/all/function/internal_message.html?_=1671510625671&CODE_STATE=getMsg HTTP/1.1" 200 27
180.162.115.136 - - [20/Dec/2022:12:31:24 +0800] "GET /xingrg/all/function/internal_message.html?_=1671509707077&CODE_STATE=getMsg HTTP/1.1" 200 27
180.169.147.146 - - [20/Dec/2022:12:31:27 +0800] "GET /xingrg/all/function/internal_message.html?_=1671510703298&CODE_STATE=getMsg HTTP/1.1" 200 27
180.162.115.136 - - [20/Dec/2022:12:31:27 +0800] "POST /xingrg/kc/buy/cgsh_order_operate.html HTTP/1.1" 200 37
180.169.147.146 - - [20/Dec/2022:12:31:28 +0800] "GET /xingrg/kc/buy/cgsh_order_operate.html?command=get_materiel&rest_code=00147&code=00101020341&supplier_code=00100004&order_time=2022-12-20 HTTP/1.1" 200 413
180.169.147.146 - - [20/Dec/2022:12:31:29 +0800] "GET /xingrg/all/function/internal_message.html?_=1671510703636&CODE_STATE=getMsg HTTP/1.1" 200 27
180.162.115.136 - - [20/Dec/2022:12:31:29 +0800] "POST /xingrg/kc/buy/cgsh_order_operate.html HTTP/1.1" 200 5620
124.78.155.190 - - [20/Dec/2022:12:31:32 +0800] "GET /xingrg/all/function/internal_message.html?_=1671510710742&CODE_STATE=getMsg HTTP/1.1" 200 27
114.84.38.109 - - [20/Dec/2022:12:31:33 +0800] "GET /xingrg/check_reg.html?_=1671510715365 HTTP/1.1" 200 22
180.162.115.136 - - [20/Dec/2022:12:31:34 +0800] "GET /xingrg/javascript/jquery_easy_ui/themes/default/images/tabs_active.png HTTP/1.1" 304 -
101.93.183.100 - - [20/Dec/2022:12:31:38 +0800] "GET /xingrg/all/function/internal_message.html?_=1671510714331&CODE_STATE=getMsg HTTP/1.1" 200 27
120.253.135.82 - - [20/Dec/2022:12:31:39 +0800] "GET /xingrg/all/function/internal_message.html?_=1671510523227&CODE_STATE=getMsg HTTP/1.1" 200 27
