120.253.135.82 - - [17/Dec/2022:08:06:39 +0800] "GET /xingrg/dwr/engine.js HTTP/1.1" 200 43631
116.238.139.35 - - [17/Dec/2022:08:06:41 +0800] "GET /xingrg/all/function/internal_message.html?_=1671235621200&CODE_STATE=getMsg HTTP/1.1" 200 27
120.253.135.82 - - [17/Dec/2022:08:06:41 +0800] "GET /xingrg/kc/pszx/mdps_order_list.html?orderType=0 HTTP/1.1" 200 21035
120.253.135.82 - - [17/Dec/2022:08:06:42 +0800] "POST /xingrg/kc/pszx/mdps_list_operate.html HTTP/1.1" 200 5338
120.253.135.82 - - [17/Dec/2022:08:06:48 +0800] "POST /xingrg/kc/pszx/mdps_list_operate.html HTTP/1.1" 200 595
120.253.135.82 - - [17/Dec/2022:08:06:50 +0800] "POST /xingrg/kc/pszx/mdps_list_operate.html HTTP/1.1" 200 596
120.253.135.82 - - [17/Dec/2022:08:06:55 +0800] "POST /xingrg/kc/pszx/mdps_list_operate.html HTTP/1.1" 200 656
58.221.95.50 - - [17/Dec/2022:08:06:56 +0800] "GET /xingrg/check_reg.html?_=1671235635211 HTTP/1.1" 200 22
58.221.95.50 - - [17/Dec/2022:08:06:56 +0800] "GET /xingrg/all/function/internal_message.html?_=1671235635213&CODE_STATE=getMsg HTTP/1.1" 200 27
120.253.135.82 - - [17/Dec/2022:08:06:58 +0800] "GET /xingrg/kc/pszx/mdps_order_info.html?code=312022121700375 HTTP/1.1" 200 23978
120.253.135.82 - - [17/Dec/2022:08:06:58 +0800] "GET /xingrg/javascript/easyui/themes/default/validatebox.css HTTP/1.1" 404 1104
120.253.135.82 - - [17/Dec/2022:08:06:58 +0800] "POST /xingrg/kc/pszx/mdps_order_operate.html HTTP/1.1" 200 5768
120.253.135.82 - - [17/Dec/2022:08:06:59 +0800] "GET /xingrg/check_reg.html?_=1671235444548 HTTP/1.1" 200 22
120.253.135.82 - - [17/Dec/2022:08:06:59 +0800] "GET /xingrg/all/function/internal_message.html?_=1671235445173&CODE_STATE=getMsg HTTP/1.1" 200 27
116.230.105.139 - - [17/Dec/2022:08:07:07 +0800] "GET /xingrg/all/function/internal_message.html?_=1671235633141&CODE_STATE=getMsg HTTP/1.1" 200 27
114.84.38.109 - - [17/Dec/2022:08:07:36 +0800] "GET /xingrg/check_reg.html?_=1671235695992 HTTP/1.1" 200 22
114.84.38.109 - - [17/Dec/2022:08:07:36 +0800] "GET /xingrg/all/function/internal_message.html?_=1671235696617&CODE_STATE=getMsg HTTP/1.1" 200 27
116.238.139.35 - - [17/Dec/2022:08:07:41 +0800] "GET /xingrg/all/function/internal_message.html?_=1671235681201&CODE_STATE=getMsg HTTP/1.1" 200 27
58.221.95.50 - - [17/Dec/2022:08:07:56 +0800] "GET /xingrg/all/function/internal_message.html?_=1671235695205&CODE_STATE=getMsg HTTP/1.1" 200 27
120.253.135.82 - - [17/Dec/2022:08:07:59 +0800] "GET /xingrg/all/function/internal_message.html?_=1671235505229&CODE_STATE=getMsg HTTP/1.1" 200 27
116.230.105.139 - - [17/Dec/2022:08:08:07 +0800] "GET /xingrg/all/function/internal_message.html?_=1671235693124&CODE_STATE=getMsg HTTP/1.1" 200 27
114.84.38.109 - - [17/Dec/2022:08:08:36 +0800] "GET /xingrg/all/function/internal_message.html?_=1671235756630&CODE_STATE=getMsg HTTP/1.1" 200 27
116.238.139.35 - - [17/Dec/2022:08:08:41 +0800] "GET /xingrg/all/function/internal_message.html?_=1671235741206&CODE_STATE=getMsg HTTP/1.1" 200 27
120.253.135.82 - - [17/Dec/2022:08:08:48 +0800] "GET /xingrg/kc/report/report_main.html HTTP/1.1" 200 8599
120.253.135.82 - - [17/Dec/2022:08:08:49 +0800] "GET /xingrg/kc/base/kc_stocks.html HTTP/1.1" 200 16506
120.253.135.82 - - [17/Dec/2022:08:08:49 +0800] "GET /xingrg/javascript/easyui/themes/default/tree.css HTTP/1.1" 404 1090
120.253.135.82 - - [17/Dec/2022:08:08:50 +0800] "POST /xingrg/all/common/load_tree.html?tree=materiel_sort_tree_json HTTP/1.1" 200 9500
120.253.135.82 - - [17/Dec/2022:08:08:51 +0800] "POST /xingrg/all/common/load_combo.html?type=base HTTP/1.1" 200 1169
58.221.95.50 - - [17/Dec/2022:08:08:56 +0800] "GET /xingrg/all/function/internal_message.html?_=1671235755196&CODE_STATE=getMsg HTTP/1.1" 200 27
120.253.135.82 - - [17/Dec/2022:08:08:59 +0800] "GET /xingrg/all/function/internal_message.html?_=1671235565230&CODE_STATE=getMsg HTTP/1.1" 200 27
120.253.135.82 - - [17/Dec/2022:08:08:59 +0800] "POST /xingrg/kc/base/stock_operate.html HTTP/1.1" 200 765
120.253.135.82 - - [17/Dec/2022:08:09:06 +0800] "POST /xingrg/kc/base/stock_operate.html HTTP/1.1" 200 1472
116.230.105.139 - - [17/Dec/2022:08:09:07 +0800] "GET /xingrg/all/function/internal_message.html?_=1671235753101&CODE_STATE=getMsg HTTP/1.1" 200 27
120.253.135.82 - - [17/Dec/2022:08:09:28 +0800] "POST /xingrg/kc/base/stock_operate.html HTTP/1.1" 200 1468
114.84.38.109 - - [17/Dec/2022:08:09:36 +0800] "GET /xingrg/all/function/internal_message.html?_=1671235816644&CODE_STATE=getMsg HTTP/1.1" 200 27
116.238.139.35 - - [17/Dec/2022:08:09:41 +0800] "GET /xingrg/check_reg.html?_=1671235801209 HTTP/1.1" 200 22
116.238.139.35 - - [17/Dec/2022:08:09:41 +0800] "GET /xingrg/all/function/internal_message.html?_=1671235801213&CODE_STATE=getMsg HTTP/1.1" 200 27
58.221.95.50 - - [17/Dec/2022:08:09:56 +0800] "GET /xingrg/all/function/internal_message.html?_=1671235815199&CODE_STATE=getMsg HTTP/1.1" 200 27
120.253.135.82 - - [17/Dec/2022:08:09:59 +0800] "GET /xingrg/all/function/internal_message.html?_=1671235625243&CODE_STATE=getMsg HTTP/1.1" 200 27
116.230.105.139 - - [17/Dec/2022:08:10:07 +0800] "GET /xingrg/all/function/internal_message.html?_=1671235813086&CODE_STATE=getMsg HTTP/1.1" 200 27
114.84.38.109 - - [17/Dec/2022:08:10:37 +0800] "GET /xingrg/all/function/internal_message.html?_=1671235877031&CODE_STATE=getMsg HTTP/1.1" 200 27
116.238.139.35 - - [17/Dec/2022:08:10:41 +0800] "GET /xingrg/all/function/internal_message.html?_=1671235861198&CODE_STATE=getMsg HTTP/1.1" 200 27
58.221.95.50 - - [17/Dec/2022:08:10:56 +0800] "GET /xingrg/all/function/internal_message.html?_=1671235875211&CODE_STATE=getMsg HTTP/1.1" 200 27
120.253.135.82 - - [17/Dec/2022:08:10:59 +0800] "GET /xingrg/all/function/internal_message.html?_=1671235685257&CODE_STATE=getMsg HTTP/1.1" 200 27
116.230.105.139 - - [17/Dec/2022:08:11:07 +0800] "GET /xingrg/all/function/internal_message.html?_=1671235873061&CODE_STATE=getMsg HTTP/1.1" 200 27
116.230.105.139 - - [17/Dec/2022:08:11:26 +0800] "GET /xingrg/check_reg.html?_=1671235891927 HTTP/1.1" 200 22
114.84.38.109 - - [17/Dec/2022:08:11:37 +0800] "GET /xingrg/all/function/internal_message.html?_=1671235937045&CODE_STATE=getMsg HTTP/1.1" 200 27
116.238.139.35 - - [17/Dec/2022:08:11:41 +0800] "GET /xingrg/all/function/internal_message.html?_=1671235921200&CODE_STATE=getMsg HTTP/1.1" 200 27
58.221.95.50 - - [17/Dec/2022:08:11:56 +0800] "GET /xingrg/check_reg.html?_=1671235935206 HTTP/1.1" 200 22
58.221.95.50 - - [17/Dec/2022:08:11:56 +0800] "GET /xingrg/all/function/internal_message.html?_=1671235935208&CODE_STATE=getMsg HTTP/1.1" 200 27
120.253.135.82 - - [17/Dec/2022:08:11:59 +0800] "GET /xingrg/check_reg.html?_=1671235744605 HTTP/1.1" 200 22
120.253.135.82 - - [17/Dec/2022:08:11:59 +0800] "GET /xingrg/all/function/internal_message.html?_=1671235745272&CODE_STATE=getMsg HTTP/1.1" 200 27
116.230.105.139 - - [17/Dec/2022:08:12:07 +0800] "GET /xingrg/all/function/internal_message.html?_=1671235933055&CODE_STATE=getMsg HTTP/1.1" 200 27
114.84.38.109 - - [17/Dec/2022:08:12:36 +0800] "GET /xingrg/check_reg.html?_=1671235996517 HTTP/1.1" 200 22
114.84.38.109 - - [17/Dec/2022:08:12:37 +0800] "GET /xingrg/all/function/internal_message.html?_=1671235997059&CODE_STATE=getMsg HTTP/1.1" 200 27
116.238.139.35 - - [17/Dec/2022:08:12:41 +0800] "GET /xingrg/all/function/internal_message.html?_=1671235981201&CODE_STATE=getMsg HTTP/1.1" 200 27
58.221.95.50 - - [17/Dec/2022:08:12:56 +0800] "GET /xingrg/all/function/internal_message.html?_=1671235995209&CODE_STATE=getMsg HTTP/1.1" 200 27
120.253.135.82 - - [17/Dec/2022:08:12:59 +0800] "GET /xingrg/all/function/internal_message.html?_=1671235805284&CODE_STATE=getMsg HTTP/1.1" 200 27
116.230.105.139 - - [17/Dec/2022:08:13:07 +0800] "GET /xingrg/all/function/internal_message.html?_=1671235993027&CODE_STATE=getMsg HTTP/1.1" 200 27
58.37.7.28 - - [17/Dec/2022:08:13:35 +0800] "POST /xingrg/services/DataTransmitService HTTP/1.1" 200 524
114.84.38.109 - - [17/Dec/2022:08:13:37 +0800] "GET /xingrg/all/function/internal_message.html?_=1671236057072&CODE_STATE=getMsg HTTP/1.1" 200 27
116.238.139.35 - - [17/Dec/2022:08:13:41 +0800] "GET /xingrg/all/function/internal_message.html?_=1671236041207&CODE_STATE=getMsg HTTP/1.1" 200 27
58.221.95.50 - - [17/Dec/2022:08:13:56 +0800] "GET /xingrg/all/function/internal_message.html?_=1671236055199&CODE_STATE=getMsg HTTP/1.1" 200 27
120.253.135.82 - - [17/Dec/2022:08:13:59 +0800] "GET /xingrg/all/function/internal_message.html?_=1671235865299&CODE_STATE=getMsg HTTP/1.1" 200 27
116.230.105.139 - - [17/Dec/2022:08:14:07 +0800] "GET /xingrg/all/function/internal_message.html?_=1671236053008&CODE_STATE=getMsg HTTP/1.1" 200 27
114.84.38.109 - - [17/Dec/2022:08:14:37 +0800] "GET /xingrg/all/function/internal_message.html?_=1671236117085&CODE_STATE=getMsg HTTP/1.1" 200 27
116.238.139.35 - - [17/Dec/2022:08:14:41 +0800] "GET /xingrg/all/function/internal_message.html?_=1671236101211&CODE_STATE=getMsg HTTP/1.1" 200 27
116.238.139.35 - - [17/Dec/2022:08:14:41 +0800] "GET /xingrg/check_reg.html?_=1671236101215 HTTP/1.1" 200 22
114.84.38.109 - - [17/Dec/2022:08:14:55 +0800] "GET /favicon.ico HTTP/1.1" 404 -
58.221.95.50 - - [17/Dec/2022:08:14:56 +0800] "GET /xingrg/all/function/internal_message.html?_=1671236115210&CODE_STATE=getMsg HTTP/1.1" 200 27
120.253.135.82 - - [17/Dec/2022:08:14:59 +0800] "GET /xingrg/all/function/internal_message.html?_=1671235925360&CODE_STATE=getMsg HTTP/1.1" 200 27
116.230.105.139 - - [17/Dec/2022:08:15:07 +0800] "GET /xingrg/all/function/internal_message.html?_=1671236112982&CODE_STATE=getMsg HTTP/1.1" 200 27
114.84.38.109 - - [17/Dec/2022:08:15:37 +0800] "GET /xingrg/all/function/internal_message.html?_=1671236177703&CODE_STATE=getMsg HTTP/1.1" 200 27
116.238.139.35 - - [17/Dec/2022:08:15:41 +0800] "GET /xingrg/all/function/internal_message.html?_=1671236161215&CODE_STATE=getMsg HTTP/1.1" 200 27
58.221.95.50 - - [17/Dec/2022:08:15:56 +0800] "GET /xingrg/all/function/internal_message.html?_=1671236175214&CODE_STATE=getMsg HTTP/1.1" 200 27
120.253.135.82 - - [17/Dec/2022:08:15:59 +0800] "GET /xingrg/all/function/internal_message.html?_=1671235985372&CODE_STATE=getMsg HTTP/1.1" 200 27
116.230.105.139 - - [17/Dec/2022:08:16:07 +0800] "GET /xingrg/all/function/internal_message.html?_=1671236172955&CODE_STATE=getMsg HTTP/1.1" 200 27
116.230.105.139 - - [17/Dec/2022:08:16:26 +0800] "GET /xingrg/check_reg.html?_=1671236191919 HTTP/1.1" 200 22
114.84.38.109 - - [17/Dec/2022:08:16:37 +0800] "GET /xingrg/all/function/internal_message.html?_=1671236237705&CODE_STATE=getMsg HTTP/1.1" 200 27
116.238.139.35 - - [17/Dec/2022:08:16:41 +0800] "GET /xingrg/all/function/internal_message.html?_=1671236221216&CODE_STATE=getMsg HTTP/1.1" 200 27
58.221.95.50 - - [17/Dec/2022:08:16:56 +0800] "GET /xingrg/check_reg.html?_=1671236235212 HTTP/1.1" 200 22
58.221.95.50 - - [17/Dec/2022:08:16:56 +0800] "GET /xingrg/all/function/internal_message.html?_=1671236235217&CODE_STATE=getMsg HTTP/1.1" 200 27
120.253.135.82 - - [17/Dec/2022:08:16:59 +0800] "GET /xingrg/check_reg.html?_=1671236044643 HTTP/1.1" 200 22
120.253.135.82 - - [17/Dec/2022:08:16:59 +0800] "GET /xingrg/all/function/internal_message.html?_=1671236045385&CODE_STATE=getMsg HTTP/1.1" 200 27
116.230.105.139 - - [17/Dec/2022:08:17:07 +0800] "GET /xingrg/all/function/internal_message.html?_=1671236232944&CODE_STATE=getMsg HTTP/1.1" 200 27
114.84.38.109 - - [17/Dec/2022:08:17:37 +0800] "GET /xingrg/check_reg.html?_=1671236297029 HTTP/1.1" 200 22
114.84.38.109 - - [17/Dec/2022:08:17:37 +0800] "GET /xingrg/all/function/internal_message.html?_=1671236297720&CODE_STATE=getMsg HTTP/1.1" 200 27
116.238.139.35 - - [17/Dec/2022:08:17:41 +0800] "GET /xingrg/all/function/internal_message.html?_=1671236281217&CODE_STATE=getMsg HTTP/1.1" 200 27
58.221.95.50 - - [17/Dec/2022:08:17:56 +0800] "GET /xingrg/all/function/internal_message.html?_=1671236295213&CODE_STATE=getMsg HTTP/1.1" 200 27
120.253.135.82 - - [17/Dec/2022:08:17:59 +0800] "GET /xingrg/all/function/internal_message.html?_=1671236105399&CODE_STATE=getMsg HTTP/1.1" 200 27
116.230.105.139 - - [17/Dec/2022:08:18:07 +0800] "GET /xingrg/all/function/internal_message.html?_=1671236292916&CODE_STATE=getMsg HTTP/1.1" 200 27
114.84.38.109 - - [17/Dec/2022:08:18:37 +0800] "GET /xingrg/all/function/internal_message.html?_=1671236357733&CODE_STATE=getMsg HTTP/1.1" 200 27
116.238.139.35 - - [17/Dec/2022:08:18:41 +0800] "GET /xingrg/all/function/internal_message.html?_=1671236341218&CODE_STATE=getMsg HTTP/1.1" 200 27
58.221.95.50 - - [17/Dec/2022:08:18:56 +0800] "GET /xingrg/all/function/internal_message.html?_=1671236355210&CODE_STATE=getMsg HTTP/1.1" 200 27
120.253.135.82 - - [17/Dec/2022:08:18:59 +0800] "GET /xingrg/all/function/internal_message.html?_=1671236165413&CODE_STATE=getMsg HTTP/1.1" 200 27
116.230.105.139 - - [17/Dec/2022:08:19:07 +0800] "GET /xingrg/all/function/internal_message.html?_=1671236352895&CODE_STATE=getMsg HTTP/1.1" 200 27
116.230.105.139 - - [17/Dec/2022:08:19:26 +0800] "GET /xingrg/index.html?sysBaseUrl=http%3A%2F%2F180.169.147.146%3A18081%2Fxingrg%2F&costTime=1277×tamp=1606817596806 HTTP/1.1" 302 -
116.230.105.139 - - [17/Dec/2022:08:19:26 +0800] "GET /xingrg/login.html HTTP/1.1" 200 7641
116.230.105.139 - - [17/Dec/2022:08:19:27 +0800] "GET /favicon.ico HTTP/1.1" 404 -
116.230.105.139 - - [17/Dec/2022:08:19:31 +0800] "POST /xingrg/login.do HTTP/1.1" 302 -
116.230.105.139 - - [17/Dec/2022:08:19:31 +0800] "GET /xingrg/index.html?sysBaseUrl=http%3A%2F%2F180.169.147.146%3A18081%2Fxingrg%2F&costTime=1207×tamp=1671236371100 HTTP/1.1" 200 17179
116.230.105.139 - - [17/Dec/2022:08:19:31 +0800] "GET /favicon.ico HTTP/1.1" 404 -
116.230.105.139 - - [17/Dec/2022:08:19:31 +0800] "POST /xingrg/all/common/load_tree.html?tree=area_rest_tree_json&manage=1 HTTP/1.1" 200 479
116.230.105.139 - - [17/Dec/2022:08:19:31 +0800] "GET /xingrg/all/function/internal_message.html?_=1671236377534&CODE_STATE=count HTTP/1.1" 200 11
116.230.105.139 - - [17/Dec/2022:08:19:31 +0800] "GET /xingrg/check_reg.html?_=1671236377535 HTTP/1.1" 200 22
116.230.105.139 - - [17/Dec/2022:08:19:31 +0800] "POST /xingrg/load_menu.html HTTP/1.1" 200 5138
116.230.105.139 - - [17/Dec/2022:08:19:33 +0800] "GET /xingrg/kc/mdqp/qqps_order_list.html HTTP/1.1" 200 9222
116.230.105.139 - - [17/Dec/2022:08:19:34 +0800] "GET /xingrg/dwr/interface/AjaxQqpsService.js HTTP/1.1" 200 16326
116.230.105.139 - - [17/Dec/2022:08:19:34 +0800] "GET /xingrg/dwr/interface/AjaxReportQueryService.js HTTP/1.1" 200 13203
116.230.105.139 - - [17/Dec/2022:08:19:34 +0800] "GET /xingrg/dwr/engine.js HTTP/1.1" 200 43631
116.230.105.139 - - [17/Dec/2022:08:19:35 +0800] "GET /xingrg/kc/mdqp/pssh_order_list.html HTTP/1.1" 200 17851
116.230.105.139 - - [17/Dec/2022:08:19:35 +0800] "POST /xingrg/kc/mdqp/pssh_list_operate.html HTTP/1.1" 200 5396
116.230.105.139 - - [17/Dec/2022:08:19:37 +0800] "POST /xingrg/kc/mdqp/pssh_list_operate.html HTTP/1.1" 200 270
114.84.38.109 - - [17/Dec/2022:08:19:37 +0800] "GET /xingrg/all/function/internal_message.html?_=1671236417746&CODE_STATE=getMsg HTTP/1.1" 200 27
116.230.105.139 - - [17/Dec/2022:08:19:41 +0800] "POST /xingrg/kc/mdqp/pssh_list_operate.html HTTP/1.1" 200 270
116.238.139.35 - - [17/Dec/2022:08:19:41 +0800] "GET /xingrg/check_reg.html?_=1671236401204 HTTP/1.1" 200 22
116.238.139.35 - - [17/Dec/2022:08:19:41 +0800] "GET /xingrg/all/function/internal_message.html?_=1671236401208&CODE_STATE=getMsg HTTP/1.1" 200 27
116.230.105.139 - - [17/Dec/2022:08:19:44 +0800] "POST /xingrg/kc/mdqp/pssh_list_operate.html HTTP/1.1" 200 764
116.230.105.139 - - [17/Dec/2022:08:19:44 +0800] "GET /xingrg/kc/mdqp/pssh_order_info.html?code=312022121700385 HTTP/1.1" 200 17285
116.230.105.139 - - [17/Dec/2022:08:19:44 +0800] "GET /xingrg/javascript/jquery_tools/jquery-1.4.2.min.js HTTP/1.1" 404 1094
116.230.105.139 - - [17/Dec/2022:08:19:44 +0800] "GET /xingrg/words/20221216164352_words.js HTTP/1.1" 304 -
116.230.105.139 - - [17/Dec/2022:08:19:45 +0800] "POST /xingrg/kc/mdqp/pssh_order_operate.html HTTP/1.1" 200 7938
116.230.105.139 - - [17/Dec/2022:08:19:45 +0800] "GET /xingrg/all/common/auto_word.html?type=base&rest_code=00155&rest_code=00155 HTTP/1.1" 200 1807
116.230.105.139 - - [17/Dec/2022:08:19:45 +0800] "GET /xingrg/all/common/auto_word.html?type=employee&rest_code=00155 HTTP/1.1" 200 205
116.230.105.139 - - [17/Dec/2022:08:19:45 +0800] "GET /xingrg/javascript/easyui/themes/default/validatebox.css HTTP/1.1" 404 1104
58.221.95.50 - - [17/Dec/2022:08:19:56 +0800] "GET /xingrg/all/function/internal_message.html?_=1671236415208&CODE_STATE=getMsg HTTP/1.1" 200 27
120.253.135.82 - - [17/Dec/2022:08:19:59 +0800] "GET /xingrg/all/function/internal_message.html?_=1671236225474&CODE_STATE=getMsg HTTP/1.1" 200 27
116.230.105.139 - - [17/Dec/2022:08:20:02 +0800] "GET /xingrg/kc/mdqp/qqps_order_list.html HTTP/1.1" 200 9222
116.230.105.139 - - [17/Dec/2022:08:20:02 +0800] "GET /xingrg/dwr/interface/AjaxReportQueryService.js HTTP/1.1" 200 13203
116.230.105.139 - - [17/Dec/2022:08:20:02 +0800] "GET /xingrg/dwr/interface/AjaxQqpsService.js HTTP/1.1" 200 16326
116.230.105.139 - - [17/Dec/2022:08:20:02 +0800] "GET /xingrg/dwr/engine.js HTTP/1.1" 200 43631
116.230.105.139 - - [17/Dec/2022:08:20:03 +0800] "GET /xingrg/kc/mdqp/qqps_order_add.html HTTP/1.1" 200 28246
116.230.105.139 - - [17/Dec/2022:08:20:03 +0800] "GET /xingrg/dwr/interface/AjaxComOrderService.js HTTP/1.1" 200 18264
116.230.105.139 - - [17/Dec/2022:08:20:03 +0800] "GET /xingrg/dwr/interface/AjaxQqpsService.js HTTP/1.1" 200 16326
116.230.105.139 - - [17/Dec/2022:08:20:03 +0800] "GET /xingrg/dwr/engine.js HTTP/1.1" 200 43631
116.230.105.139 - - [17/Dec/2022:08:20:16 +0800] "POST /xingrg/dwr/call/plaincall/AjaxQqpsService.saveOrder.dwr HTTP/1.1" 200 78
116.230.105.139 - - [17/Dec/2022:08:20:18 +0800] "GET /xingrg/javascript/auto/indicator.gif HTTP/1.1" 404 1066
116.230.105.139 - - [17/Dec/2022:08:20:20 +0800] "POST /xingrg/dwr/call/plaincall/AjaxQqpsService.getMaterielByCode.dwr HTTP/1.1" 200 2769
116.230.105.139 - - [17/Dec/2022:08:20:21 +0800] "POST /xingrg/dwr/call/plaincall/AjaxQqpsService.saveMaterielItem.dwr HTTP/1.1" 200 78
116.230.105.139 - - [17/Dec/2022:08:20:26 +0800] "POST /xingrg/dwr/call/plaincall/AjaxQqpsService.getMaterielByCode.dwr HTTP/1.1" 200 2770
116.230.105.139 - - [17/Dec/2022:08:20:31 +0800] "GET /xingrg/all/function/internal_message.html?_=1671236437554&CODE_STATE=getMsg HTTP/1.1" 200 27
116.230.105.139 - - [17/Dec/2022:08:20:35 +0800] "POST /xingrg/dwr/call/plaincall/AjaxQqpsService.saveMaterielItem.dwr HTTP/1.1" 200 78
114.84.38.109 - - [17/Dec/2022:08:20:38 +0800] "GET /xingrg/all/function/internal_message.html?_=1671236478180&CODE_STATE=getMsg HTTP/1.1" 200 27
116.230.105.139 - - [17/Dec/2022:08:20:39 +0800] "POST /xingrg/dwr/call/plaincall/AjaxQqpsService.saveMaterielItem.dwr HTTP/1.1" 200 78
116.238.139.35 - - [17/Dec/2022:08:20:41 +0800] "GET /xingrg/all/function/internal_message.html?_=1671236461208&CODE_STATE=getMsg HTTP/1.1" 200 27
116.230.105.139 - - [17/Dec/2022:08:20:42 +0800] "POST /xingrg/dwr/call/plaincall/AjaxQqpsService.checkOrder.dwr HTTP/1.1" 200 78
116.230.105.139 - - [17/Dec/2022:08:20:48 +0800] "GET /xingrg/kc/mdqp/qqps_order_info.html?code=302022121700308 HTTP/1.1" 200 26653
116.230.105.139 - - [17/Dec/2022:08:20:48 +0800] "GET /xingrg/dwr/interface/AjaxComOrderService.js HTTP/1.1" 200 18264
116.230.105.139 - - [17/Dec/2022:08:20:48 +0800] "GET /xingrg/dwr/interface/AjaxQqpsService.js HTTP/1.1" 200 16326
116.230.105.139 - - [17/Dec/2022:08:20:48 +0800] "GET /xingrg/dwr/engine.js HTTP/1.1" 200 43631
116.230.105.139 - - [17/Dec/2022:08:20:49 +0800] "POST /xingrg/dwr/call/plaincall/AjaxQqpsService.loadMaterielItems.dwr HTTP/1.1" 200 706
116.230.105.139 - - [17/Dec/2022:08:20:55 +0800] "GET /xingrg/index.html?sysBaseUrl=http%3A%2F%2F180.169.147.146%3A18081%2Fxingrg%2F&costTime=1277×tamp=1606817596806 HTTP/1.1" 302 -
116.230.105.139 - - [17/Dec/2022:08:20:55 +0800] "GET /xingrg/login.html HTTP/1.1" 200 7641
116.230.105.139 - - [17/Dec/2022:08:20:56 +0800] "GET /favicon.ico HTTP/1.1" 404 -
58.221.95.50 - - [17/Dec/2022:08:20:56 +0800] "GET /xingrg/all/function/internal_message.html?_=1671236475207&CODE_STATE=getMsg HTTP/1.1" 200 27
120.253.135.82 - - [17/Dec/2022:08:20:59 +0800] "GET /xingrg/all/function/internal_message.html?_=1671236285488&CODE_STATE=getMsg HTTP/1.1" 200 27
116.230.105.139 - - [17/Dec/2022:08:21:00 +0800] "POST /xingrg/login.do HTTP/1.1" 302 -
116.230.105.139 - - [17/Dec/2022:08:21:00 +0800] "GET /xingrg/index.html?sysBaseUrl=http%3A%2F%2F180.169.147.146%3A18081%2Fxingrg%2F&costTime=41×tamp=1671236460858 HTTP/1.1" 200 17179
116.230.105.139 - - [17/Dec/2022:08:21:00 +0800] "GET /favicon.ico HTTP/1.1" 404 -
116.230.105.139 - - [17/Dec/2022:08:21:01 +0800] "POST /xingrg/all/common/load_tree.html?tree=area_rest_tree_json&manage=1 HTTP/1.1" 200 479
116.230.105.139 - - [17/Dec/2022:08:21:01 +0800] "GET /xingrg/check_reg.html?_=1671236466960 HTTP/1.1" 200 22
116.230.105.139 - - [17/Dec/2022:08:21:01 +0800] "GET /xingrg/all/function/internal_message.html?_=1671236466960&CODE_STATE=count HTTP/1.1" 200 11
116.230.105.139 - - [17/Dec/2022:08:21:01 +0800] "POST /xingrg/load_menu.html HTTP/1.1" 200 5138
116.230.105.139 - - [17/Dec/2022:08:21:02 +0800] "GET /xingrg/kc/buy/cgsh_order_list.html HTTP/1.1" 200 54021
116.230.105.139 - - [17/Dec/2022:08:21:04 +0800] "POST /xingrg/kc/buy/cgsh_list_operate.html HTTP/1.1" 200 986
116.230.105.139 - - [17/Dec/2022:08:21:06 +0800] "GET /xingrg/kc/buy/cgsh_order_add.html HTTP/1.1" 200 69803
116.230.105.139 - - [17/Dec/2022:08:21:07 +0800] "POST /xingrg/kc/buy/cgsh_order_operate.html HTTP/1.1" 200 8245
116.230.105.139 - - [17/Dec/2022:08:21:07 +0800] "GET /xingrg/all/common/auto_word.html?type=employee&rest_code=00155 HTTP/1.1" 200 205
116.230.105.139 - - [17/Dec/2022:08:21:07 +0800] "GET /xingrg/all/common/auto_word.html?type=employee&rest_code=00155 HTTP/1.1" 200 205
116.230.105.139 - - [17/Dec/2022:08:21:07 +0800] "GET /xingrg/javascript/easyui/themes/default/validatebox.css HTTP/1.1" 404 1104
116.230.105.139 - - [17/Dec/2022:08:21:08 +0800] "GET /xingrg/javascript/auto/indicator.gif HTTP/1.1" 404 1066
116.230.105.139 - - [17/Dec/2022:08:21:09 +0800] "GET /xingrg/javascript/jquery_tools/images/prev.gif HTTP/1.1" 404 1086
116.230.105.139 - - [17/Dec/2022:08:21:09 +0800] "GET /xingrg/javascript/jquery_tools/images/next.gif HTTP/1.1" 404 1086
116.230.105.139 - - [17/Dec/2022:08:21:15 +0800] "GET /xingrg/kc/buy/cgsh_order_operate.html?command=get_materiel&rest_code=00155&code=00101008003&supplier_code=00100005&order_time=2022-12-17 HTTP/1.1" 200 408
116.230.105.139 - - [17/Dec/2022:08:21:24 +0800] "GET /xingrg/kc/buy/cgsh_order_operate.html?command=get_materiel&rest_code=00155&code=00101008361&supplier_code=00100005&order_time=2022-12-17 HTTP/1.1" 200 408
116.230.105.139 - - [17/Dec/2022:08:21:35 +0800] "GET /xingrg/kc/buy/cgsh_order_operate.html?command=get_materiel&rest_code=00155&code=00101008067&supplier_code=00100005&order_time=2022-12-17 HTTP/1.1" 200 416
114.84.38.109 - - [17/Dec/2022:08:21:38 +0800] "GET /xingrg/all/function/internal_message.html?_=1671236538194&CODE_STATE=getMsg HTTP/1.1" 200 27
116.238.139.35 - - [17/Dec/2022:08:21:41 +0800] "GET /xingrg/all/function/internal_message.html?_=1671236521218&CODE_STATE=getMsg HTTP/1.1" 200 27
58.221.95.50 - - [17/Dec/2022:08:21:56 +0800] "GET /xingrg/all/function/internal_message.html?_=1671236535200&CODE_STATE=getMsg HTTP/1.1" 200 27
58.221.95.50 - - [17/Dec/2022:08:21:56 +0800] "GET /xingrg/check_reg.html?_=1671236535206 HTTP/1.1" 200 22
120.253.135.82 - - [17/Dec/2022:08:21:59 +0800] "GET /xingrg/check_reg.html?_=1671236344715 HTTP/1.1" 200 22
116.230.105.139 - - [17/Dec/2022:08:21:59 +0800] "GET /xingrg/kc/buy/cgsh_order_operate.html?command=get_materiel&rest_code=00155&code=00101008264&supplier_code=00100005&order_time=2022-12-17 HTTP/1.1" 200 412
120.253.135.82 - - [17/Dec/2022:08:21:59 +0800] "GET /xingrg/all/function/internal_message.html?_=1671236345500&CODE_STATE=getMsg HTTP/1.1" 200 27
116.230.105.139 - - [17/Dec/2022:08:22:01 +0800] "GET /xingrg/all/function/internal_message.html?_=1671236526973&CODE_STATE=getMsg HTTP/1.1" 200 27
116.230.105.139 - - [17/Dec/2022:08:22:06 +0800] "GET /xingrg/kc/buy/cgsh_order_operate.html?command=get_materiel&rest_code=00155&code=00101008356&supplier_code=00100005&order_time=2022-12-17 HTTP/1.1" 200 423
116.230.105.139 - - [17/Dec/2022:08:22:12 +0800] "GET /xingrg/kc/buy/cgsh_order_operate.html?command=get_materiel&rest_code=00155&code=00101008205&supplier_code=00100005&order_time=2022-12-17 HTTP/1.1" 200 412
116.230.105.139 - - [17/Dec/2022:08:22:19 +0800] "GET /xingrg/kc/buy/cgsh_order_operate.html?command=get_materiel&rest_code=00155&code=00101008251&supplier_code=00100005&order_time=2022-12-17 HTTP/1.1" 200 408
116.230.105.139 - - [17/Dec/2022:08:22:26 +0800] "GET /xingrg/kc/buy/cgsh_order_operate.html?command=get_materiel&rest_code=00155&code=00101008360&supplier_code=00100005&order_time=2022-12-17 HTTP/1.1" 200 413
116.230.105.139 - - [17/Dec/2022:08:22:32 +0800] "GET /xingrg/kc/buy/cgsh_order_operate.html?command=get_materiel&rest_code=00155&code=00101008196&supplier_code=00100005&order_time=2022-12-17 HTTP/1.1" 200 416
114.84.38.109 - - [17/Dec/2022:08:22:37 +0800] "GET /xingrg/check_reg.html?_=1671236597554 HTTP/1.1" 200 22
116.230.105.139 - - [17/Dec/2022:08:22:37 +0800] "GET /xingrg/kc/buy/cgsh_order_operate.html?command=get_materiel&rest_code=00155&code=00101008197&supplier_code=00100005&order_time=2022-12-17 HTTP/1.1" 200 416
114.84.38.109 - - [17/Dec/2022:08:22:38 +0800] "GET /xingrg/all/function/internal_message.html?_=1671236598208&CODE_STATE=getMsg HTTP/1.1" 200 27
116.238.139.35 - - [17/Dec/2022:08:22:41 +0800] "GET /xingrg/all/function/internal_message.html?_=1671236581222&CODE_STATE=getMsg HTTP/1.1" 200 27
58.221.95.50 - - [17/Dec/2022:08:22:56 +0800] "GET /xingrg/all/function/internal_message.html?_=1671236595207&CODE_STATE=getMsg HTTP/1.1" 200 27
116.230.105.139 - - [17/Dec/2022:08:22:59 +0800] "GET /xingrg/kc/buy/cgsh_order_operate.html?command=get_materiel&rest_code=00155&code=00101008006&supplier_code=00100005&order_time=2022-12-17 HTTP/1.1" 200 416
120.253.135.82 - - [17/Dec/2022:08:23:00 +0800] "GET /xingrg/all/function/internal_message.html?_=1671236405514&CODE_STATE=getMsg HTTP/1.1" 200 27
116.230.105.139 - - [17/Dec/2022:08:23:01 +0800] "GET /xingrg/all/function/internal_message.html?_=1671236586970&CODE_STATE=getMsg HTTP/1.1" 200 27
116.230.105.139 - - [17/Dec/2022:08:23:06 +0800] "GET /xingrg/kc/buy/cgsh_order_operate.html?command=get_materiel&rest_code=00155&code=00101008318&supplier_code=00100005&order_time=2022-12-17 HTTP/1.1" 200 424
116.230.105.139 - - [17/Dec/2022:08:23:12 +0800] "GET /xingrg/kc/buy/cgsh_order_operate.html?command=get_materiel&rest_code=00155&code=00101008242&supplier_code=00100005&order_time=2022-12-17 HTTP/1.1" 200 408
116.230.105.139 - - [17/Dec/2022:08:23:19 +0800] "GET /xingrg/kc/buy/cgsh_order_operate.html?command=get_materiel&rest_code=00155&code=00101008283&supplier_code=00100005&order_time=2022-12-17 HTTP/1.1" 200 408
116.230.105.139 - - [17/Dec/2022:08:23:25 +0800] "GET /xingrg/kc/buy/cgsh_order_operate.html?command=get_materiel&rest_code=00155&code=00101008290&supplier_code=00100005&order_time=2022-12-17 HTTP/1.1" 200 416
116.230.105.139 - - [17/Dec/2022:08:23:34 +0800] "GET /xingrg/kc/buy/cgsh_order_operate.html?command=get_materiel&rest_code=00155&code=00101008238&supplier_code=00100005&order_time=2022-12-17 HTTP/1.1" 200 416
114.84.38.109 - - [17/Dec/2022:08:23:38 +0800] "GET /xingrg/all/function/internal_message.html?_=1671236658222&CODE_STATE=getMsg HTTP/1.1" 200 27
116.230.105.139 - - [17/Dec/2022:08:23:39 +0800] "GET /xingrg/kc/buy/cgsh_order_operate.html?command=get_materiel&rest_code=00155&code=00101008148&supplier_code=00100005&order_time=2022-12-17 HTTP/1.1" 200 416
116.238.139.35 - - [17/Dec/2022:08:23:41 +0800] "GET /xingrg/all/function/internal_message.html?_=1671236641224&CODE_STATE=getMsg HTTP/1.1" 200 27
116.230.105.139 - - [17/Dec/2022:08:23:47 +0800] "GET /xingrg/kc/buy/cgsh_order_operate.html?command=get_materiel&rest_code=00155&code=00101008271&supplier_code=00100005&order_time=2022-12-17 HTTP/1.1" 200 408
116.230.105.139 - - [17/Dec/2022:08:23:53 +0800] "GET /xingrg/kc/buy/cgsh_order_operate.html?command=get_materiel&rest_code=00155&code=00101008331&supplier_code=00100005&order_time=2022-12-17 HTTP/1.1" 200 416
58.221.95.50 - - [17/Dec/2022:08:23:56 +0800] "GET /xingrg/all/function/internal_message.html?_=1671236655208&CODE_STATE=getMsg HTTP/1.1" 200 27
120.253.135.82 - - [17/Dec/2022:08:24:00 +0800] "GET /xingrg/all/function/internal_message.html?_=1671236465529&CODE_STATE=getMsg HTTP/1.1" 200 27
116.230.105.139 - - [17/Dec/2022:08:24:01 +0800] "GET /xingrg/all/function/internal_message.html?_=1671236646988&CODE_STATE=getMsg HTTP/1.1" 200 27
116.230.105.139 - - [17/Dec/2022:08:24:01 +0800] "POST /xingrg/kc/buy/cgsh_order_operate.html HTTP/1.1" 200 37
116.230.105.139 - - [17/Dec/2022:08:24:02 +0800] "POST /xingrg/kc/buy/cgsh_order_operate.html HTTP/1.1" 200 12735
116.230.105.139 - - [17/Dec/2022:08:24:03 +0800] "GET /xingrg/kc/print/load_config.html?kc_code=cgsh HTTP/1.1" 200 1943
116.230.105.139 - - [17/Dec/2022:08:24:03 +0800] "GET /xingrg/kc/print/load_data.html?order_code=212022121704776&kc_code=cgsh&condition= HTTP/1.1" 200 4546
116.230.105.139 - - [17/Dec/2022:08:24:06 +0800] "GET /xingrg/kc/print/load_data.html?order_code=212022121704776&kc_code=cgsh HTTP/1.1" 200 4546
116.230.105.139 - - [17/Dec/2022:08:24:20 +0800] "GET /xingrg/kc/buy/cgsh_order_add.html HTTP/1.1" 200 69803
116.230.105.139 - - [17/Dec/2022:08:24:20 +0800] "POST /xingrg/kc/buy/cgsh_order_operate.html HTTP/1.1" 200 8245
116.230.105.139 - - [17/Dec/2022:08:24:20 +0800] "GET /xingrg/javascript/easyui/themes/default/validatebox.css HTTP/1.1" 404 1104
116.230.105.139 - - [17/Dec/2022:08:24:27 +0800] "GET /xingrg/kc/buy/cgsh_order_operate.html?command=get_materiel&rest_code=00155&code=00101007125&supplier_code=00100002&order_time=2022-12-17 HTTP/1.1" 200 406
116.230.105.139 - - [17/Dec/2022:08:24:35 +0800] "GET /xingrg/kc/buy/cgsh_order_operate.html?command=get_materiel&rest_code=00155&code=00101007032&supplier_code=00100002&order_time=2022-12-17 HTTP/1.1" 200 413
114.84.38.109 - - [17/Dec/2022:08:24:38 +0800] "GET /xingrg/all/function/internal_message.html?_=1671236718238&CODE_STATE=getMsg HTTP/1.1" 200 27
116.230.105.139 - - [17/Dec/2022:08:24:40 +0800] "POST /xingrg/kc/buy/cgsh_order_operate.html HTTP/1.1" 200 37
116.238.139.35 - - [17/Dec/2022:08:24:41 +0800] "GET /xingrg/check_reg.html?_=1671236701228 HTTP/1.1" 200 22
116.238.139.35 - - [17/Dec/2022:08:24:41 +0800] "GET /xingrg/all/function/internal_message.html?_=1671236701231&CODE_STATE=getMsg HTTP/1.1" 200 27
116.230.105.139 - - [17/Dec/2022:08:24:41 +0800] "POST /xingrg/kc/buy/cgsh_order_operate.html HTTP/1.1" 200 3242
116.230.105.139 - - [17/Dec/2022:08:24:42 +0800] "GET /xingrg/kc/print/load_data.html?order_code=212022121704777&kc_code=cgsh&condition= HTTP/1.1" 200 967
116.230.105.139 - - [17/Dec/2022:08:24:45 +0800] "GET /xingrg/kc/print/load_data.html?order_code=212022121704777&kc_code=cgsh HTTP/1.1" 200 967
116.230.105.139 - - [17/Dec/2022:08:24:51 +0800] "GET /xingrg/kc/buy/cgsh_order_add.html HTTP/1.1" 200 69803
116.230.105.139 - - [17/Dec/2022:08:24:51 +0800] "POST /xingrg/kc/buy/cgsh_order_operate.html HTTP/1.1" 200 8245
116.230.105.139 - - [17/Dec/2022:08:24:51 +0800] "GET /xingrg/javascript/easyui/themes/default/validatebox.css HTTP/1.1" 404 1104
58.221.95.50 - - [17/Dec/2022:08:24:56 +0800] "GET /xingrg/all/function/internal_message.html?_=1671236715204&CODE_STATE=getMsg HTTP/1.1" 200 27
116.230.105.139 - - [17/Dec/2022:08:24:59 +0800] "GET /xingrg/kc/buy/cgsh_order_operate.html?command=get_materiel&rest_code=00155&code=00101006124&supplier_code=00100012&order_time=2022-12-17 HTTP/1.1" 200 429
120.253.135.82 - - [17/Dec/2022:08:25:00 +0800] "GET /xingrg/all/function/internal_message.html?_=1671236525592&CODE_STATE=getMsg HTTP/1.1" 200 27
116.230.105.139 - - [17/Dec/2022:08:25:01 +0800] "GET /xingrg/all/function/internal_message.html?_=1671236706988&CODE_STATE=getMsg HTTP/1.1" 200 27
116.230.105.139 - - [17/Dec/2022:08:25:06 +0800] "POST /xingrg/kc/buy/cgsh_order_operate.html HTTP/1.1" 200 37
116.230.105.139 - - [17/Dec/2022:08:25:07 +0800] "POST /xingrg/kc/buy/cgsh_order_operate.html HTTP/1.1" 200 2653
116.230.105.139 - - [17/Dec/2022:08:25:08 +0800] "GET /xingrg/kc/print/load_data.html?order_code=212022121704778&kc_code=cgsh&condition= HTTP/1.1" 200 769
116.230.105.139 - - [17/Dec/2022:08:25:11 +0800] "GET /xingrg/kc/print/load_data.html?order_code=212022121704778&kc_code=cgsh HTTP/1.1" 200 769
116.230.105.139 - - [17/Dec/2022:08:25:19 +0800] "GET /xingrg/kc/buy/cgsh_order_add.html HTTP/1.1" 200 69803
116.230.105.139 - - [17/Dec/2022:08:25:19 +0800] "POST /xingrg/kc/buy/cgsh_order_operate.html HTTP/1.1" 200 8245
116.230.105.139 - - [17/Dec/2022:08:25:19 +0800] "GET /xingrg/javascript/easyui/themes/default/validatebox.css HTTP/1.1" 404 1104
116.230.105.139 - - [17/Dec/2022:08:25:27 +0800] "GET /xingrg/kc/buy/cgsh_order_operate.html?command=get_materiel&rest_code=00155&code=00101002027&supplier_code=00100199&order_time=2022-12-17 HTTP/1.1" 200 413
116.230.105.139 - - [17/Dec/2022:08:25:34 +0800] "GET /xingrg/kc/buy/cgsh_order_operate.html?command=get_materiel&rest_code=00155&code=00101002006&supplier_code=00100199&order_time=2022-12-17 HTTP/1.1" 200 414
114.84.38.109 - - [17/Dec/2022:08:25:38 +0800] "GET /xingrg/all/function/internal_message.html?_=1671236778643&CODE_STATE=getMsg HTTP/1.1" 200 27
116.238.139.35 - - [17/Dec/2022:08:25:41 +0800] "GET /xingrg/all/function/internal_message.html?_=1671236761232&CODE_STATE=getMsg HTTP/1.1" 200 27
116.230.105.139 - - [17/Dec/2022:08:25:43 +0800] "GET /xingrg/kc/buy/cgsh_order_operate.html?command=get_materiel&rest_code=00155&code=00101001125&supplier_code=00100199&order_time=2022-12-17 HTTP/1.1" 200 415
116.230.105.139 - - [17/Dec/2022:08:25:49 +0800] "GET /xingrg/kc/buy/cgsh_order_operate.html?command=get_materiel&rest_code=00155&code=00101003037&supplier_code=00100199&order_time=2022-12-17 HTTP/1.1" 200 415
58.221.95.50 - - [17/Dec/2022:08:25:56 +0800] "GET /xingrg/all/function/internal_message.html?_=1671236775200&CODE_STATE=getMsg HTTP/1.1" 200 27
116.230.105.139 - - [17/Dec/2022:08:25:57 +0800] "GET /xingrg/kc/buy/cgsh_order_operate.html?command=get_materiel&rest_code=00155&code=00101010161&supplier_code=00100199&order_time=2022-12-17 HTTP/1.1" 200 409
120.253.135.82 - - [17/Dec/2022:08:26:00 +0800] "GET /xingrg/all/function/internal_message.html?_=1671236585602&CODE_STATE=getMsg HTTP/1.1" 200 27
116.230.105.139 - - [17/Dec/2022:08:26:01 +0800] "GET /xingrg/check_reg.html?_=1671236766988 HTTP/1.1" 200 22
116.230.105.139 - - [17/Dec/2022:08:26:01 +0800] "GET /xingrg/all/function/internal_message.html?_=1671236766991&CODE_STATE=getMsg HTTP/1.1" 200 27
116.230.105.139 - - [17/Dec/2022:08:26:05 +0800] "POST /xingrg/kc/buy/cgsh_order_operate.html HTTP/1.1" 200 37
116.230.105.139 - - [17/Dec/2022:08:26:06 +0800] "POST /xingrg/kc/buy/cgsh_order_operate.html HTTP/1.1" 200 5042
116.230.105.139 - - [17/Dec/2022:08:26:06 +0800] "GET /xingrg/kc/print/load_data.html?order_code=212022121704779&kc_code=cgsh&condition= HTTP/1.1" 200 1594
114.84.38.109 - - [17/Dec/2022:08:26:38 +0800] "GET /xingrg/all/function/internal_message.html?_=1671236838652&CODE_STATE=getMsg HTTP/1.1" 200 27
116.238.139.35 - - [17/Dec/2022:08:26:41 +0800] "GET /xingrg/all/function/internal_message.html?_=1671236821233&CODE_STATE=getMsg HTTP/1.1" 200 27
58.221.95.50 - - [17/Dec/2022:08:26:56 +0800] "GET /xingrg/all/function/internal_message.html?_=1671236835213&CODE_STATE=getMsg HTTP/1.1" 200 27
58.221.95.50 - - [17/Dec/2022:08:26:56 +0800] "GET /xingrg/check_reg.html?_=1671236835218 HTTP/1.1" 200 22
120.253.135.82 - - [17/Dec/2022:08:26:59 +0800] "GET /xingrg/check_reg.html?_=1671236644760 HTTP/1.1" 200 22
120.253.135.82 - - [17/Dec/2022:08:27:00 +0800] "GET /xingrg/all/function/internal_message.html?_=1671236645615&CODE_STATE=getMsg HTTP/1.1" 200 27
116.230.105.139 - - [17/Dec/2022:08:27:01 +0800] "GET /xingrg/all/function/internal_message.html?_=1671236826980&CODE_STATE=getMsg HTTP/1.1" 200 27
114.84.38.109 - - [17/Dec/2022:08:27:38 +0800] "GET /xingrg/check_reg.html?_=1671236898157 HTTP/1.1" 200 22
114.84.38.109 - - [17/Dec/2022:08:27:38 +0800] "GET /xingrg/all/function/internal_message.html?_=1671236898666&CODE_STATE=getMsg HTTP/1.1" 200 27
116.238.139.35 - - [17/Dec/2022:08:27:41 +0800] "GET /xingrg/all/function/internal_message.html?_=1671236881220&CODE_STATE=getMsg HTTP/1.1" 200 27
58.221.95.50 - - [17/Dec/2022:08:27:56 +0800] "GET /xingrg/all/function/internal_message.html?_=1671236895203&CODE_STATE=getMsg HTTP/1.1" 200 27
120.253.135.82 - - [17/Dec/2022:08:28:00 +0800] "GET /xingrg/all/function/internal_message.html?_=1671236705629&CODE_STATE=getMsg HTTP/1.1" 200 27
116.230.105.139 - - [17/Dec/2022:08:28:01 +0800] "GET /xingrg/all/function/internal_message.html?_=1671236886981&CODE_STATE=getMsg HTTP/1.1" 200 27
114.84.38.109 - - [17/Dec/2022:08:28:38 +0800] "GET /xingrg/all/function/internal_message.html?_=1671236958683&CODE_STATE=getMsg HTTP/1.1" 200 27
116.238.139.35 - - [17/Dec/2022:08:28:41 +0800] "GET /xingrg/all/function/internal_message.html?_=1671236941221&CODE_STATE=getMsg HTTP/1.1" 200 27
58.221.95.50 - - [17/Dec/2022:08:28:56 +0800] "GET /xingrg/all/function/internal_message.html?_=1671236955206&CODE_STATE=getMsg HTTP/1.1" 200 27
120.253.135.82 - - [17/Dec/2022:08:29:00 +0800] "GET /xingrg/all/function/internal_message.html?_=1671236765642&CODE_STATE=getMsg HTTP/1.1" 200 27
116.230.105.139 - - [17/Dec/2022:08:29:01 +0800] "GET /xingrg/all/function/internal_message.html?_=1671236946975&CODE_STATE=getMsg HTTP/1.1" 200 27
114.84.38.109 - - [17/Dec/2022:08:29:38 +0800] "GET /xingrg/all/function/internal_message.html?_=1671237018694&CODE_STATE=getMsg HTTP/1.1" 200 27
116.238.139.35 - - [17/Dec/2022:08:29:41 +0800] "GET /xingrg/all/function/internal_message.html?_=1671237001245&CODE_STATE=getMsg HTTP/1.1" 200 27
116.238.139.35 - - [17/Dec/2022:08:29:41 +0800] "GET /xingrg/check_reg.html?_=1671237001248 HTTP/1.1" 200 22
101.83.146.103 - - [17/Dec/2022:08:29:46 +0800] "GET /xingrg/index.html?sysBaseUrl=http%3A%2F%2F180.169.147.146%3A18081%2Fxingrg%2F&costTime=36×tamp=1585223203754 HTTP/1.1" 302 -
101.83.146.103 - - [17/Dec/2022:08:29:46 +0800] "GET /xingrg/login.html HTTP/1.1" 200 7641
101.83.146.103 - - [17/Dec/2022:08:29:49 +0800] "GET /favicon.ico HTTP/1.1" 404 -
58.221.95.50 - - [17/Dec/2022:08:29:56 +0800] "GET /xingrg/all/function/internal_message.html?_=1671237015208&CODE_STATE=getMsg HTTP/1.1" 200 27
120.253.135.82 - - [17/Dec/2022:08:30:00 +0800] "GET /xingrg/all/function/internal_message.html?_=1671236825709&CODE_STATE=getMsg HTTP/1.1" 200 27
116.230.105.139 - - [17/Dec/2022:08:30:01 +0800] "GET /xingrg/all/function/internal_message.html?_=1671237006974&CODE_STATE=getMsg HTTP/1.1" 200 27
101.83.146.103 - - [17/Dec/2022:08:30:03 +0800] "GET /xingrg/index.html?sysBaseUrl=http%3A%2F%2F180.169.147.146%3A18081%2Fxingrg%2F&costTime=36×tamp=1585223203754 HTTP/1.1" 302 -
101.83.146.103 - - [17/Dec/2022:08:30:03 +0800] "GET /xingrg/login.html HTTP/1.1" 200 7641
101.83.146.103 - - [17/Dec/2022:08:30:03 +0800] "GET /favicon.ico HTTP/1.1" 404 -
101.83.146.103 - - [17/Dec/2022:08:30:19 +0800] "POST /xingrg/login.do HTTP/1.1" 200 2421
101.83.146.103 - - [17/Dec/2022:08:30:19 +0800] "GET /xingrg/css/blue.css HTTP/1.1" 304 -
101.83.146.103 - - [17/Dec/2022:08:30:19 +0800] "GET /xingrg/javascript/myfunction.js HTTP/1.1" 304 -
101.83.146.103 - - [17/Dec/2022:08:30:19 +0800] "GET /xingrg/images/blue/pic_notice.jpg HTTP/1.1" 304 -
101.83.146.103 - - [17/Dec/2022:08:30:19 +0800] "GET /xingrg/images/blue/pic_top.gif HTTP/1.1" 304 -
101.83.146.103 - - [17/Dec/2022:08:30:19 +0800] "GET /xingrg/images/blue/error_buttom.gif HTTP/1.1" 304 -
101.83.146.103 - - [17/Dec/2022:08:30:19 +0800] "GET /xingrg/images/blue/error_mid.gif HTTP/1.1" 304 -
101.83.146.103 - - [17/Dec/2022:08:30:19 +0800] "GET /xingrg/images/blue/error_top.gif HTTP/1.1" 304 -
101.83.146.103 - - [17/Dec/2022:08:30:20 +0800] "GET /favicon.ico HTTP/1.1" 404 -
101.83.146.103 - - [17/Dec/2022:08:30:21 +0800] "GET /xingrg/login.html HTTP/1.1" 200 7641
101.83.146.103 - - [17/Dec/2022:08:30:22 +0800] "GET /favicon.ico HTTP/1.1" 404 -
101.83.146.103 - - [17/Dec/2022:08:30:23 +0800] "POST /xingrg/login.do HTTP/1.1" 302 -
101.83.146.103 - - [17/Dec/2022:08:30:23 +0800] "GET /xingrg/index.html?sysBaseUrl=http%3A%2F%2F180.169.147.146%3A18081%2Fxingrg%2F&costTime=44×tamp=1671237023023 HTTP/1.1" 200 17173
101.83.146.103 - - [17/Dec/2022:08:30:23 +0800] "GET /xingrg/javascript/jquery_easy_ui/themes/default/easyui.css HTTP/1.1" 304 -
101.83.146.103 - - [17/Dec/2022:08:30:23 +0800] "GET /xingrg/javascript/jquery_easy_ui/themes/icon.css HTTP/1.1" 304 -
101.83.146.103 - - [17/Dec/2022:08:30:23 +0800] "GET /xingrg/css/form.css HTTP/1.1" 304 -
101.83.146.103 - - [17/Dec/2022:08:30:23 +0800] "GET /xingrg/javascript/jquery-1.4.2.min.js HTTP/1.1" 304 -
101.83.146.103 - - [17/Dec/2022:08:30:23 +0800] "GET /xingrg/javascript/jquery_easy_ui/easyui-lang-zh_CN.js HTTP/1.1" 304 -
101.83.146.103 - - [17/Dec/2022:08:30:23 +0800] "GET /xingrg/javascript/jquery_easy_ui/jquery.easyui.min.js HTTP/1.1" 304 -
101.83.146.103 - - [17/Dec/2022:08:30:23 +0800] "GET /xingrg/javascript/jquery.form.js HTTP/1.1" 304 -
101.83.146.103 - - [17/Dec/2022:08:30:23 +0800] "GET /xingrg/javascript/jquery.timers.js HTTP/1.1" 304 -
101.83.146.103 - - [17/Dec/2022:08:30:23 +0800] "GET /xingrg/javascript/jquery.utils.js HTTP/1.1" 304 -
101.83.146.103 - - [17/Dec/2022:08:30:23 +0800] "GET /favicon.ico HTTP/1.1" 404 -
101.83.146.103 - - [17/Dec/2022:08:30:23 +0800] "GET /xingrg/javascript/jquery_easy_ui/themes/icons/settle_new.png HTTP/1.1" 304 -
101.83.146.103 - - [17/Dec/2022:08:30:23 +0800] "GET /xingrg/images/blue/navBackgound.jpg HTTP/1.1" 304 -
101.83.146.103 - - [17/Dec/2022:08:30:23 +0800] "POST /xingrg/all/common/load_tree.html?tree=area_rest_tree_json&manage=1 HTTP/1.1" 200 3499
101.83.146.103 - - [17/Dec/2022:08:30:23 +0800] "GET /xingrg/check_reg.html?_=1671237042083 HTTP/1.1" 200 22
101.83.146.103 - - [17/Dec/2022:08:30:23 +0800] "GET /xingrg/all/function/internal_message.html?_=1671237042083&CODE_STATE=count HTTP/1.1" 200 11
101.83.146.103 - - [17/Dec/2022:08:30:23 +0800] "GET /xingrg/images/blue/pingpu.png HTTP/1.1" 304 -
101.83.146.103 - - [17/Dec/2022:08:30:23 +0800] "GET /xingrg/javascript/jquery_easy_ui/themes/default/images/tabs_leftarrow.png HTTP/1.1" 304 -
101.83.146.103 - - [17/Dec/2022:08:30:23 +0800] "GET /xingrg/javascript/jquery_easy_ui/themes/default/images/panel_tool_collapse.gif HTTP/1.1" 304 -
101.83.146.103 - - [17/Dec/2022:08:30:23 +0800] "GET /xingrg/javascript/jquery_easy_ui/themes/default/images/tabs_rightarrow.png HTTP/1.1" 304 -
101.83.146.103 - - [17/Dec/2022:08:30:23 +0800] "POST /xingrg/load_menu.html HTTP/1.1" 200 5138
101.83.146.103 - - [17/Dec/2022:08:30:23 +0800] "GET /xingrg/javascript/jquery_easy_ui/themes/default/images/tree_arrows.gif HTTP/1.1" 304 -
101.83.146.103 - - [17/Dec/2022:08:30:23 +0800] "GET /xingrg/javascript/jquery_easy_ui/themes/default/images/tree_folder_open.gif HTTP/1.1" 304 -
101.83.146.103 - - [17/Dec/2022:08:30:23 +0800] "GET /xingrg/javascript/jquery_easy_ui/themes/default/images/tree_folder.gif HTTP/1.1" 304 -
101.83.146.103 - - [17/Dec/2022:08:30:23 +0800] "GET /xingrg/javascript/jquery_easy_ui/themes/icons/forms_new.png HTTP/1.1" 304 -
101.83.146.103 - - [17/Dec/2022:08:30:23 +0800] "GET /xingrg/javascript/jquery_easy_ui/themes/icons/search_new.png HTTP/1.1" 304 -
101.83.146.103 - - [17/Dec/2022:08:30:23 +0800] "GET /xingrg/javascript/jquery_easy_ui/themes/icons/storage_new.png HTTP/1.1" 304 -
101.83.146.103 - - [17/Dec/2022:08:30:23 +0800] "GET /xingrg/javascript/jquery_easy_ui/themes/default/images/tree_file.gif HTTP/1.1" 304 -
114.84.38.109 - - [17/Dec/2022:08:30:39 +0800] "GET /xingrg/all/function/internal_message.html?_=1671237079397&CODE_STATE=getMsg HTTP/1.1" 200 27
116.238.139.35 - - [17/Dec/2022:08:30:41 +0800] "GET /xingrg/all/function/internal_message.html?_=1671237061233&CODE_STATE=getMsg HTTP/1.1" 200 27
58.221.95.50 - - [17/Dec/2022:08:30:56 +0800] "GET /xingrg/all/function/internal_message.html?_=1671237075208&CODE_STATE=getMsg HTTP/1.1" 200 27
120.253.135.82 - - [17/Dec/2022:08:31:00 +0800] "GET /xingrg/all/function/internal_message.html?_=1671236885716&CODE_STATE=getMsg HTTP/1.1" 200 27
116.230.105.139 - - [17/Dec/2022:08:31:01 +0800] "GET /xingrg/all/function/internal_message.html?_=1671237066978&CODE_STATE=getMsg HTTP/1.1" 200 27
116.230.105.139 - - [17/Dec/2022:08:31:01 +0800] "GET /xingrg/check_reg.html?_=1671237066988 HTTP/1.1" 200 22
101.83.146.103 - - [17/Dec/2022:08:31:23 +0800] "GET /xingrg/all/function/internal_message.html?_=1671237102099&CODE_STATE=getMsg HTTP/1.1" 200 27
116.230.105.139 - - [17/Dec/2022:08:31:27 +0800] "GET /xingrg/kc/buy/cgsh_order_add.html HTTP/1.1" 200 69803
116.230.105.139 - - [17/Dec/2022:08:31:27 +0800] "POST /xingrg/kc/buy/cgsh_order_operate.html HTTP/1.1" 200 8245
116.230.105.139 - - [17/Dec/2022:08:31:27 +0800] "GET /xingrg/javascript/easyui/themes/default/validatebox.css HTTP/1.1" 404 1104
116.230.105.139 - - [17/Dec/2022:08:31:35 +0800] "GET /xingrg/kc/buy/cgsh_order_operate.html?command=get_materiel&rest_code=00155&code=00101016105&supplier_code=00100037&order_time=2022-12-17 HTTP/1.1" 200 409
114.84.38.109 - - [17/Dec/2022:08:31:39 +0800] "GET /xingrg/all/function/internal_message.html?_=1671237139407&CODE_STATE=getMsg HTTP/1.1" 200 27
116.230.105.139 - - [17/Dec/2022:08:31:41 +0800] "GET /xingrg/kc/buy/cgsh_order_operate.html?command=get_materiel&rest_code=00155&code=00101009113&supplier_code=00100037&order_time=2022-12-17 HTTP/1.1" 200 413
116.238.139.35 - - [17/Dec/2022:08:31:41 +0800] "GET /xingrg/all/function/internal_message.html?_=1671237121220&CODE_STATE=getMsg HTTP/1.1" 200 27
116.230.105.139 - - [17/Dec/2022:08:31:48 +0800] "GET /xingrg/kc/buy/cgsh_order_operate.html?command=get_materiel&rest_code=00155&code=00101019435&supplier_code=00100037&order_time=2022-12-17 HTTP/1.1" 200 417
116.230.105.139 - - [17/Dec/2022:08:31:54 +0800] "GET /xingrg/kc/buy/cgsh_order_operate.html?command=get_materiel&rest_code=00155&code=00101011005&supplier_code=00100037&order_time=2022-12-17 HTTP/1.1" 200 428
58.221.95.50 - - [17/Dec/2022:08:31:56 +0800] "GET /xingrg/all/function/internal_message.html?_=1671237135211&CODE_STATE=getMsg HTTP/1.1" 200 27
58.221.95.50 - - [17/Dec/2022:08:31:56 +0800] "GET /xingrg/check_reg.html?_=1671237135212 HTTP/1.1" 200 22
120.253.135.82 - - [17/Dec/2022:08:31:59 +0800] "GET /xingrg/check_reg.html?_=1671236944811 HTTP/1.1" 200 22
120.253.135.82 - - [17/Dec/2022:08:32:00 +0800] "GET /xingrg/all/function/internal_message.html?_=1671236945729&CODE_STATE=getMsg HTTP/1.1" 200 27
116.230.105.139 - - [17/Dec/2022:08:32:01 +0800] "GET /xingrg/all/function/internal_message.html?_=1671237127022&CODE_STATE=getMsg HTTP/1.1" 200 27
116.230.105.139 - - [17/Dec/2022:08:32:06 +0800] "POST /xingrg/kc/buy/cgsh_order_operate.html HTTP/1.1" 200 37
116.230.105.139 - - [17/Dec/2022:08:32:07 +0800] "POST /xingrg/kc/buy/cgsh_order_operate.html HTTP/1.1" 200 4429
101.83.146.103 - - [17/Dec/2022:08:32:23 +0800] "GET /xingrg/all/function/internal_message.html?_=1671237162085&CODE_STATE=getMsg HTTP/1.1" 200 27
114.84.38.109 - - [17/Dec/2022:08:32:38 +0800] "GET /xingrg/check_reg.html?_=1671237198716 HTTP/1.1" 200 22
114.84.38.109 - - [17/Dec/2022:08:32:39 +0800] "GET /xingrg/all/function/internal_message.html?_=1671237199420&CODE_STATE=getMsg HTTP/1.1" 200 27
116.238.139.35 - - [17/Dec/2022:08:32:41 +0800] "GET /xingrg/all/function/internal_message.html?_=1671237181233&CODE_STATE=getMsg HTTP/1.1" 200 27
101.83.146.103 - - [17/Dec/2022:08:32:42 +0800] "GET /xingrg/javascript/jquery_easy_ui/themes/default/images/tabs_close.gif HTTP/1.1" 304 -
101.83.146.103 - - [17/Dec/2022:08:32:42 +0800] "GET /xingrg/css/base.css HTTP/1.1" 304 -
101.83.146.103 - - [17/Dec/2022:08:32:42 +0800] "GET /xingrg/javascript/jquery_tools/jquery.tools.extend.js HTTP/1.1" 304 -
101.83.146.103 - - [17/Dec/2022:08:32:42 +0800] "GET /xingrg/javascript/jquery_tools/fix.css HTTP/1.1" 304 -
101.83.146.103 - - [17/Dec/2022:08:32:42 +0800] "GET /xingrg/javascript/jquery_tools/datebox.css HTTP/1.1" 304 -
101.83.146.103 - - [17/Dec/2022:08:32:42 +0800] "GET /xingrg/javascript/easyui/themes/default/easyui.css HTTP/1.1" 304 -
101.83.146.103 - - [17/Dec/2022:08:32:42 +0800] "GET /xingrg/css/site.css HTTP/1.1" 304 -
101.83.146.103 - - [17/Dec/2022:08:32:42 +0800] "GET /xingrg/javascript/jquery_tools/table.css HTTP/1.1" 304 -
101.83.146.103 - - [17/Dec/2022:08:32:42 +0800] "GET /xingrg/javascript/easyui/themes/icon.css HTTP/1.1" 304 -
101.83.146.103 - - [17/Dec/2022:08:32:42 +0800] "GET /xingrg/javascript/auto/jquery.autocomplete.css HTTP/1.1" 304 -
101.83.146.103 - - [17/Dec/2022:08:32:42 +0800] "GET /xingrg/javascript/jquery_tools/jquery.tools.min.js HTTP/1.1" 304 -
101.83.146.103 - - [17/Dec/2022:08:32:42 +0800] "GET /xingrg/javascript/jquery_tools/jquery.tools.hotkey.js HTTP/1.1" 304 -
101.83.146.103 - - [17/Dec/2022:08:32:42 +0800] "GET /xingrg/javascript/jquery_tools/jquery.tools.table.js HTTP/1.1" 304 -
101.83.146.103 - - [17/Dec/2022:08:32:42 +0800] "GET /xingrg/javascript/jquery_tools/list_manager.js HTTP/1.1" 304 -
101.83.146.103 - - [17/Dec/2022:08:32:42 +0800] "GET /xingrg/javascript/auto/jquery.autocomplete.js HTTP/1.1" 304 -
101.83.146.103 - - [17/Dec/2022:08:32:42 +0800] "GET /xingrg/javascript/easyui/easyloader.js HTTP/1.1" 304 -
101.83.146.103 - - [17/Dec/2022:08:32:42 +0800] "GET /xingrg/javascript/jquery.cookie.js HTTP/1.1" 304 -
