114.83.222.182 - - [17/Dec/2022:11:48:18 +0800] "GET /xingrg/all/function/internal_message.html?_=1671248979503&CODE_STATE=getMsg HTTP/1.1" 200 27
58.37.7.28 - - [17/Dec/2022:11:48:18 +0800] "GET /xingrg/images/yd/bt.gif HTTP/1.1" 404 1040
101.83.146.103 - - [17/Dec/2022:11:48:18 +0800] "POST /xingrg/kc/base/wldb_order_operate.html HTTP/1.1" 200 4248
114.88.159.190 - - [17/Dec/2022:11:48:19 +0800] "GET /xingrg/all/function/internal_message.html?_=1671248508541&CODE_STATE=getMsg HTTP/1.1" 200 27
101.83.146.103 - - [17/Dec/2022:11:48:19 +0800] "GET /xingrg/all/function/internal_message.html?_=1671248764815&CODE_STATE=getMsg HTTP/1.1" 200 27
58.37.7.28 - - [17/Dec/2022:11:48:19 +0800] "GET /xingrg/css/base.css HTTP/1.1" 304 -
58.37.7.28 - - [17/Dec/2022:11:48:19 +0800] "GET /xingrg/css/site.css HTTP/1.1" 304 -
58.37.7.28 - - [17/Dec/2022:11:48:19 +0800] "GET /xingrg/javascript/jquery_tools/datebox.css HTTP/1.1" 304 -
58.37.7.28 - - [17/Dec/2022:11:48:19 +0800] "GET /xingrg/javascript/easyui/themes/default/easyui.css HTTP/1.1" 304 -
58.37.7.28 - - [17/Dec/2022:11:48:19 +0800] "GET /xingrg/javascript/easyui/themes/icon.css HTTP/1.1" 304 -
58.37.7.28 - - [17/Dec/2022:11:48:19 +0800] "GET /xingrg/javascript/auto/jquery.autocomplete.css HTTP/1.1" 304 -
58.37.7.28 - - [17/Dec/2022:11:48:19 +0800] "GET /xingrg/javascript/jquery_tools/fix.css HTTP/1.1" 304 -
58.37.7.28 - - [17/Dec/2022:11:48:19 +0800] "GET /xingrg/javascript/jquery_tools/table.css HTTP/1.1" 304 -
58.37.7.28 - - [17/Dec/2022:11:48:19 +0800] "GET /xingrg/javascript/jquery_tools/jquery.tools.extend.js HTTP/1.1" 304 -
58.37.7.28 - - [17/Dec/2022:11:48:19 +0800] "GET /xingrg/javascript/jquery_tools/jquery.tools.hotkey.js HTTP/1.1" 304 -
58.37.7.28 - - [17/Dec/2022:11:48:19 +0800] "GET /xingrg/javascript/jquery_tools/jquery.tools.table.js HTTP/1.1" 304 -
58.37.7.28 - - [17/Dec/2022:11:48:19 +0800] "GET /xingrg/javascript/jquery_tools/list_manager.js HTTP/1.1" 304 -
58.37.7.28 - - [17/Dec/2022:11:48:19 +0800] "GET /xingrg/javascript/auto/jquery.autocomplete.js HTTP/1.1" 304 -
58.37.7.28 - - [17/Dec/2022:11:48:19 +0800] "GET /xingrg/javascript/easyui/easyloader.js HTTP/1.1" 304 -
58.37.7.28 - - [17/Dec/2022:11:48:19 +0800] "GET /xingrg/javascript/jquery_tools/jquery.tools.min.js HTTP/1.1" 304 -
58.37.7.28 - - [17/Dec/2022:11:48:19 +0800] "GET /xingrg/javascript/jquery.cookie.js HTTP/1.1" 304 -
58.37.7.28 - - [17/Dec/2022:11:48:19 +0800] "GET /xingrg/javascript/print/LodopFuncs.js HTTP/1.1" 304 -
58.37.7.28 - - [17/Dec/2022:11:48:19 +0800] "GET /xingrg/kc/buy/cgsh_order_list.html HTTP/1.1" 200 54015
58.37.7.28 - - [17/Dec/2022:11:48:20 +0800] "GET /xingrg/javascript/easyui/themes/icons/cance_new.png HTTP/1.1" 304 -
58.37.7.28 - - [17/Dec/2022:11:48:20 +0800] "GET /xingrg/javascript/easyui/themes/icons/check_new.png HTTP/1.1" 304 -
58.37.7.28 - - [17/Dec/2022:11:48:20 +0800] "GET /xingrg/javascript/easyui/themes/icons/field_new.png HTTP/1.1" 304 -
58.37.7.28 - - [17/Dec/2022:11:48:20 +0800] "GET /xingrg/javascript/easyui/themes/icons/import_new.png HTTP/1.1" 304 -
58.37.7.28 - - [17/Dec/2022:11:48:20 +0800] "GET /xingrg/javascript/easyui/themes/icons/edit_add_new.png HTTP/1.1" 304 -
58.37.7.28 - - [17/Dec/2022:11:48:20 +0800] "GET /xingrg/javascript/easyui/plugins/jquery.parser.js HTTP/1.1" 304 -
58.37.7.28 - - [17/Dec/2022:11:48:20 +0800] "GET /xingrg/images/control/ajaxLoader.gif HTTP/1.1" 304 -
58.37.7.28 - - [17/Dec/2022:11:48:21 +0800] "POST /xingrg/kc/buy/cgsh_list_operate.html HTTP/1.1" 200 986
101.83.146.103 - - [17/Dec/2022:11:48:23 +0800] "GET /xingrg/all/function/internal_message.html?_=1671248922277&CODE_STATE=getMsg HTTP/1.1" 200 27
58.37.7.28 - - [17/Dec/2022:11:48:25 +0800] "GET /xingrg/all/function/internal_message.html?_=1671248928704&CODE_STATE=getMsg HTTP/1.1" 200 27
58.37.7.28 - - [17/Dec/2022:11:48:26 +0800] "GET /xingrg/check_reg.html?_=1671248929329 HTTP/1.1" 200 22
180.162.115.136 - - [17/Dec/2022:11:48:30 +0800] "GET /xingrg/check_reg.html?_=1671247937953 HTTP/1.1" 200 22
180.162.115.136 - - [17/Dec/2022:11:48:30 +0800] "GET /xingrg/all/function/internal_message.html?_=1671247937956&CODE_STATE=getMsg HTTP/1.1" 200 27
114.84.81.136 - - [17/Dec/2022:11:48:33 +0800] "GET /xingrg/all/function/internal_message.html?_=1671248944433&CODE_STATE=getMsg HTTP/1.1" 200 27
101.83.146.103 - - [17/Dec/2022:11:48:35 +0800] "GET /xingrg/kc/base/wldb_order_add.html HTTP/1.1" 200 30384
101.83.146.103 - - [17/Dec/2022:11:48:35 +0800] "POST /xingrg/kc/base/wldb_order_operate.html HTTP/1.1" 200 6806
101.83.146.103 - - [17/Dec/2022:11:48:35 +0800] "GET /xingrg/javascript/easyui/themes/default/validatebox.css HTTP/1.1" 404 1104
114.84.171.155 - - [17/Dec/2022:11:48:36 +0800] "GET /xingrg/all/function/internal_message.html?_=1671248932936&CODE_STATE=getMsg HTTP/1.1" 200 27
116.238.139.35 - - [17/Dec/2022:11:48:36 +0800] "GET /xingrg/all/function/internal_message.html?_=1671248936126&CODE_STATE=getMsg HTTP/1.1" 200 27
58.37.7.28 - - [17/Dec/2022:11:48:45 +0800] "GET /xingrg/login.html?r=1 HTTP/1.1" 200 7641
58.37.7.28 - - [17/Dec/2022:11:48:46 +0800] "GET /favicon.ico HTTP/1.1" 404 -
58.37.7.28 - - [17/Dec/2022:11:48:50 +0800] "POST /xingrg/login.do HTTP/1.1" 302 -
58.37.7.28 - - [17/Dec/2022:11:48:50 +0800] "GET /xingrg/index.html?sysBaseUrl=http%3A%2F%2F180.169.147.146%3A18081%2Fxingrg%2F&costTime=39×tamp=1671248930722 HTTP/1.1" 200 17173
58.37.7.28 - - [17/Dec/2022:11:48:50 +0800] "GET /favicon.ico HTTP/1.1" 404 -
58.37.7.28 - - [17/Dec/2022:11:48:50 +0800] "POST /xingrg/all/common/load_tree.html?tree=area_rest_tree_json&manage=1 HTTP/1.1" 200 342
58.37.7.28 - - [17/Dec/2022:11:48:51 +0800] "GET /xingrg/all/function/internal_message.html?_=1671248950074&CODE_STATE=count HTTP/1.1" 200 11
58.37.7.28 - - [17/Dec/2022:11:48:51 +0800] "GET /xingrg/check_reg.html?_=1671248950077 HTTP/1.1" 200 22
58.37.7.28 - - [17/Dec/2022:11:48:51 +0800] "POST /xingrg/load_menu.html HTTP/1.1" 200 5138
101.83.146.103 - - [17/Dec/2022:11:48:54 +0800] "GET /xingrg/kc/base/wldb_order_operate.html?command=get_materiel&rest_code=00105&base_code=0010507&code=00101011005 HTTP/1.1" 200 429
58.221.95.50 - - [17/Dec/2022:11:48:55 +0800] "GET /xingrg/all/function/internal_message.html?_=1671248954046&CODE_STATE=getMsg HTTP/1.1" 200 27
116.230.105.139 - - [17/Dec/2022:11:49:01 +0800] "GET /xingrg/all/function/internal_message.html?_=1671248946982&CODE_STATE=getMsg HTTP/1.1" 200 27
101.83.146.103 - - [17/Dec/2022:11:49:03 +0800] "POST /xingrg/kc/base/wldb_order_operate.html HTTP/1.1" 200 37
114.83.222.182 - - [17/Dec/2022:11:49:03 +0800] "POST /xingrg/kc/buy/cgsh_order_operate.html HTTP/1.1" 200 37
101.83.146.103 - - [17/Dec/2022:11:49:03 +0800] "POST /xingrg/kc/base/wldb_order_operate.html HTTP/1.1" 200 2179
116.192.124.172 - - [17/Dec/2022:11:49:04 +0800] "GET /xingrg/all/function/internal_message.html?_=1671248963909&CODE_STATE=getMsg HTTP/1.1" 200 27
101.83.146.103 - - [17/Dec/2022:11:49:04 +0800] "GET /xingrg/kc/base/wldb_order_info.html?code=422022121701336 HTTP/1.1" 200 30400
101.83.146.103 - - [17/Dec/2022:11:49:04 +0800] "GET /xingrg/javascript/easyui/themes/default/validatebox.css HTTP/1.1" 404 1104
101.83.146.103 - - [17/Dec/2022:11:49:05 +0800] "POST /xingrg/kc/base/wldb_order_operate.html HTTP/1.1" 200 2179
114.83.222.182 - - [17/Dec/2022:11:49:06 +0800] "POST /xingrg/kc/buy/cgsh_order_operate.html HTTP/1.1" 200 12
114.84.38.109 - - [17/Dec/2022:11:49:07 +0800] "GET /xingrg/all/function/internal_message.html?_=1671248987620&CODE_STATE=getMsg HTTP/1.1" 200 27
114.83.222.182 - - [17/Dec/2022:11:49:08 +0800] "GET /xingrg/kc/buy/cgsh_order_info.html?code=212022121704845 HTTP/1.1" 200 63905
114.83.222.182 - - [17/Dec/2022:11:49:09 +0800] "GET /xingrg/javascript/easyui/themes/default/validatebox.css HTTP/1.1" 404 1104
114.83.222.182 - - [17/Dec/2022:11:49:09 +0800] "POST /xingrg/kc/buy/cgsh_order_operate.html HTTP/1.1" 200 2366
114.83.222.182 - - [17/Dec/2022:11:49:11 +0800] "GET /xingrg/kc/print/load_data.html?order_code=212022121704845&kc_code=cgsh&condition= HTTP/1.1" 200 1361
101.83.240.58 - - [17/Dec/2022:11:49:14 +0800] "GET /xingrg/all/function/internal_message.html?_=1671248969050&CODE_STATE=getMsg HTTP/1.1" 200 27
120.253.135.82 - - [17/Dec/2022:11:49:17 +0800] "GET /xingrg/all/function/internal_message.html?_=1671248783088&CODE_STATE=getMsg HTTP/1.1" 200 27
114.83.222.182 - - [17/Dec/2022:11:49:18 +0800] "GET /xingrg/all/function/internal_message.html?_=1671249039496&CODE_STATE=getMsg HTTP/1.1" 200 27
114.88.159.190 - - [17/Dec/2022:11:49:19 +0800] "GET /xingrg/all/function/internal_message.html?_=1671248568521&CODE_STATE=getMsg HTTP/1.1" 200 27
101.83.146.103 - - [17/Dec/2022:11:49:19 +0800] "GET /xingrg/all/function/internal_message.html?_=1671248824823&CODE_STATE=getMsg HTTP/1.1" 200 27
101.83.146.103 - - [17/Dec/2022:11:49:23 +0800] "GET /xingrg/all/function/internal_message.html?_=1671248982276&CODE_STATE=getMsg HTTP/1.1" 200 27
58.37.7.28 - - [17/Dec/2022:11:49:25 +0800] "GET /xingrg/all/function/internal_message.html?_=1671248988674&CODE_STATE=getMsg HTTP/1.1" 200 27
101.83.146.103 - - [17/Dec/2022:11:49:29 +0800] "GET /xingrg/kc/base/wldb_order_add.html HTTP/1.1" 200 30384
101.83.146.103 - - [17/Dec/2022:11:49:30 +0800] "GET /xingrg/javascript/easyui/themes/default/validatebox.css HTTP/1.1" 404 1104
101.83.146.103 - - [17/Dec/2022:11:49:30 +0800] "POST /xingrg/kc/base/wldb_order_operate.html HTTP/1.1" 200 6806
180.162.115.136 - - [17/Dec/2022:11:49:30 +0800] "GET /xingrg/all/function/internal_message.html?_=1671247997944&CODE_STATE=getMsg HTTP/1.1" 200 27
114.84.81.136 - - [17/Dec/2022:11:49:33 +0800] "GET /xingrg/all/function/internal_message.html?_=1671249004432&CODE_STATE=getMsg HTTP/1.1" 200 27
114.84.171.155 - - [17/Dec/2022:11:49:36 +0800] "GET /xingrg/all/function/internal_message.html?_=1671248992924&CODE_STATE=getMsg HTTP/1.1" 200 27
116.238.139.35 - - [17/Dec/2022:11:49:36 +0800] "GET /xingrg/all/function/internal_message.html?_=1671248996113&CODE_STATE=getMsg HTTP/1.1" 200 27
58.37.7.28 - - [17/Dec/2022:11:49:51 +0800] "GET /xingrg/all/function/internal_message.html?_=1671249010112&CODE_STATE=getMsg HTTP/1.1" 200 27
58.221.95.50 - - [17/Dec/2022:11:49:55 +0800] "GET /xingrg/all/function/internal_message.html?_=1671249014024&CODE_STATE=getMsg HTTP/1.1" 200 27
101.83.146.103 - - [17/Dec/2022:11:49:56 +0800] "GET /xingrg/kc/base/wldb_order_operate.html?command=get_materiel&rest_code=00105&base_code=0010507&code=00101016019 HTTP/1.1" 200 451
116.230.105.139 - - [17/Dec/2022:11:50:01 +0800] "GET /xingrg/all/function/internal_message.html?_=1671249006974&CODE_STATE=getMsg HTTP/1.1" 200 27
116.192.124.172 - - [17/Dec/2022:11:50:04 +0800] "GET /xingrg/all/function/internal_message.html?_=1671249023886&CODE_STATE=getMsg HTTP/1.1" 200 27
58.37.7.28 - - [17/Dec/2022:11:50:07 +0800] "GET /xingrg/kc/buy/buy_main.html HTTP/1.1" 200 12412
58.37.7.28 - - [17/Dec/2022:11:50:07 +0800] "GET /xingrg/css/new_ie.css HTTP/1.1" 404 1036
114.84.38.109 - - [17/Dec/2022:11:50:07 +0800] "GET /xingrg/all/function/internal_message.html?_=1671249048066&CODE_STATE=getMsg HTTP/1.1" 200 27
58.37.7.28 - - [17/Dec/2022:11:50:08 +0800] "GET /xingrg/images/yd/bt.gif HTTP/1.1" 404 1040
101.83.146.103 - - [17/Dec/2022:11:50:09 +0800] "GET /xingrg/kc/base/wldb_order_operate.html?command=get_materiel&rest_code=00105&base_code=0010507&code=00101019142 HTTP/1.1" 200 463
58.37.7.28 - - [17/Dec/2022:11:50:09 +0800] "GET /xingrg/kc/buy/cgsh_order_list.html HTTP/1.1" 200 54015
58.37.7.28 - - [17/Dec/2022:11:50:10 +0800] "POST /xingrg/kc/buy/cgsh_list_operate.html HTTP/1.1" 200 986
58.37.7.28 - - [17/Dec/2022:11:50:12 +0800] "GET /xingrg/javascript/easyui/themes/default/images/button_plain_hover.png HTTP/1.1" 304 -
58.37.7.28 - - [17/Dec/2022:11:50:12 +0800] "GET /xingrg/javascript/convert.js HTTP/1.1" 304 -
58.37.7.28 - - [17/Dec/2022:11:50:12 +0800] "GET /xingrg/javascript/jquery_tools/order_manager.js HTTP/1.1" 304 -
58.37.7.28 - - [17/Dec/2022:11:50:12 +0800] "GET /xingrg/kc/buy/cgsh_order_add.html HTTP/1.1" 200 69791
58.37.7.28 - - [17/Dec/2022:11:50:12 +0800] "GET /xingrg/javascript/json2.js HTTP/1.1" 304 -
58.37.7.28 - - [17/Dec/2022:11:50:12 +0800] "GET /xingrg/javascript/print/kc_print.js HTTP/1.1" 304 -
58.37.7.28 - - [17/Dec/2022:11:50:12 +0800] "GET /xingrg/words/20221216164352_words.js HTTP/1.1" 200 938638
58.37.7.28 - - [17/Dec/2022:11:50:12 +0800] "GET /xingrg/javascript/easyui/themes/icons/copy_new.png HTTP/1.1" 304 -
58.37.7.28 - - [17/Dec/2022:11:50:12 +0800] "GET /xingrg/javascript/easyui/themes/icons/template_new.png HTTP/1.1" 200 3956
58.37.7.28 - - [17/Dec/2022:11:50:12 +0800] "GET /xingrg/javascript/easyui/themes/icons/ok.png HTTP/1.1" 200 883
58.37.7.28 - - [17/Dec/2022:11:50:12 +0800] "GET /xingrg/javascript/easyui/themes/icons/print.png HTTP/1.1" 304 -
58.37.7.28 - - [17/Dec/2022:11:50:12 +0800] "GET /xingrg/javascript/easyui/themes/icons/cancel.png HTTP/1.1" 304 -
58.37.7.28 - - [17/Dec/2022:11:50:12 +0800] "GET /xingrg/javascript/easyui/themes/default/images/menu_downarrow.png HTTP/1.1" 304 -
58.37.7.28 - - [17/Dec/2022:11:50:13 +0800] "GET /xingrg/all/common/auto_word.html?type=employee&rest_code=00106 HTTP/1.1" 200 205
58.37.7.28 - - [17/Dec/2022:11:50:13 +0800] "GET /xingrg/all/common/auto_word.html?type=employee&rest_code=00106 HTTP/1.1" 200 205
58.37.7.28 - - [17/Dec/2022:11:50:13 +0800] "GET /xingrg/javascript/easyui/plugins/jquery.validatebox.js HTTP/1.1" 304 -
58.37.7.28 - - [17/Dec/2022:11:50:13 +0800] "GET /xingrg/javascript/easyui/themes/default/validatebox.css HTTP/1.1" 404 1104
58.37.7.28 - - [17/Dec/2022:11:50:13 +0800] "POST /xingrg/kc/buy/cgsh_order_operate.html HTTP/1.1" 200 8245
58.37.7.28 - - [17/Dec/2022:11:50:13 +0800] "GET /xingrg/javascript/easyui/plugins/jquery.numberbox.js HTTP/1.1" 304 -
58.37.7.28 - - [17/Dec/2022:11:50:14 +0800] "GET /xingrg/javascript/easyui/themes/icons/edit_remove.png HTTP/1.1" 304 -
101.83.240.58 - - [17/Dec/2022:11:50:14 +0800] "GET /xingrg/all/function/internal_message.html?_=1671249029034&CODE_STATE=getMsg HTTP/1.1" 200 27
101.83.240.58 - - [17/Dec/2022:11:50:14 +0800] "GET /xingrg/check_reg.html?_=1671249029453 HTTP/1.1" 200 22
58.37.7.28 - - [17/Dec/2022:11:50:14 +0800] "GET /xingrg/javascript/easyui/plugins/jquery.draggable.js HTTP/1.1" 200 6121
58.37.7.28 - - [17/Dec/2022:11:50:14 +0800] "GET /xingrg/css/images/panel_loading.gif HTTP/1.1" 200 1737
58.37.7.28 - - [17/Dec/2022:11:50:14 +0800] "GET /xingrg/javascript/easyui/plugins/jquery.droppable.js HTTP/1.1" 200 1167
58.37.7.28 - - [17/Dec/2022:11:50:14 +0800] "GET /xingrg/javascript/easyui/themes/default/tree.css HTTP/1.1" 404 1090
58.37.7.28 - - [17/Dec/2022:11:50:14 +0800] "GET /xingrg/javascript/easyui/plugins/jquery.tree.js HTTP/1.1" 200 20874
58.37.7.28 - - [17/Dec/2022:11:50:14 +0800] "POST /xingrg/all/common/load_tree.html?tree=supplier_tree_json&isDelete=1 HTTP/1.1" 200 70739
58.37.7.28 - - [17/Dec/2022:11:50:16 +0800] "GET /xingrg/javascript/easyui/themes/default/images/tree_arrows.gif HTTP/1.1" 200 617
58.37.7.28 - - [17/Dec/2022:11:50:16 +0800] "GET /xingrg/javascript/easyui/themes/default/images/tree_folder.gif HTTP/1.1" 200 952
58.37.7.28 - - [17/Dec/2022:11:50:16 +0800] "GET /xingrg/javascript/easyui/themes/default/images/tree_folder_open.gif HTTP/1.1" 200 956
58.37.7.28 - - [17/Dec/2022:11:50:16 +0800] "GET /xingrg/javascript/easyui/themes/default/images/tree_file.gif HTTP/1.1" 200 118
120.253.135.82 - - [17/Dec/2022:11:50:17 +0800] "GET /xingrg/check_reg.html?_=1671248842704 HTTP/1.1" 200 22
120.253.135.82 - - [17/Dec/2022:11:50:17 +0800] "GET /xingrg/all/function/internal_message.html?_=1671248843102&CODE_STATE=getMsg HTTP/1.1" 200 27
114.83.222.182 - - [17/Dec/2022:11:50:18 +0800] "GET /xingrg/all/function/internal_message.html?_=1671249099473&CODE_STATE=getMsg HTTP/1.1" 200 27
114.88.159.190 - - [17/Dec/2022:11:50:19 +0800] "GET /xingrg/all/function/internal_message.html?_=1671248628498&CODE_STATE=getMsg HTTP/1.1" 200 27
101.83.146.103 - - [17/Dec/2022:11:50:19 +0800] "GET /xingrg/check_reg.html?_=1671248884895 HTTP/1.1" 200 22
101.83.146.103 - - [17/Dec/2022:11:50:19 +0800] "GET /xingrg/all/function/internal_message.html?_=1671248884897&CODE_STATE=getMsg HTTP/1.1" 200 27
101.83.146.103 - - [17/Dec/2022:11:50:21 +0800] "GET /xingrg/kc/base/wldb_order_operate.html?command=get_materiel&rest_code=00105&base_code=0010507&code=00101019183 HTTP/1.1" 200 448
114.83.222.182 - - [17/Dec/2022:11:50:23 +0800] "GET /xingrg/kc/buy/cgsh_order_add.html HTTP/1.1" 200 69000
114.83.222.182 - - [17/Dec/2022:11:50:23 +0800] "POST /xingrg/kc/buy/cgsh_order_operate.html HTTP/1.1" 200 8245
114.83.222.182 - - [17/Dec/2022:11:50:23 +0800] "GET /xingrg/javascript/easyui/themes/default/validatebox.css HTTP/1.1" 404 1104
101.83.146.103 - - [17/Dec/2022:11:50:23 +0800] "GET /xingrg/all/function/internal_message.html?_=1671249042278&CODE_STATE=getMsg HTTP/1.1" 200 27
101.83.146.103 - - [17/Dec/2022:11:50:23 +0800] "GET /xingrg/check_reg.html?_=1671249042281 HTTP/1.1" 200 22
58.37.7.28 - - [17/Dec/2022:11:50:25 +0800] "GET /xingrg/all/function/internal_message.html?_=1671249048646&CODE_STATE=getMsg HTTP/1.1" 200 27
180.162.115.136 - - [17/Dec/2022:11:50:30 +0800] "GET /xingrg/all/function/internal_message.html?_=1671248057953&CODE_STATE=getMsg HTTP/1.1" 200 27
101.83.146.103 - - [17/Dec/2022:11:50:32 +0800] "GET /xingrg/kc/base/wldb_order_operate.html?command=get_materiel&rest_code=00105&base_code=0010507&code=00101019258 HTTP/1.1" 200 483
114.84.81.136 - - [17/Dec/2022:11:50:33 +0800] "GET /xingrg/all/function/internal_message.html?_=1671249064446&CODE_STATE=getMsg HTTP/1.1" 200 27
114.84.171.155 - - [17/Dec/2022:11:50:36 +0800] "GET /xingrg/all/function/internal_message.html?_=1671249052924&CODE_STATE=getMsg HTTP/1.1" 200 27
114.84.171.155 - - [17/Dec/2022:11:50:36 +0800] "GET /xingrg/check_reg.html?_=1671249052926 HTTP/1.1" 200 22
116.238.139.35 - - [17/Dec/2022:11:50:36 +0800] "GET /xingrg/all/function/internal_message.html?_=1671249056082&CODE_STATE=getMsg HTTP/1.1" 200 27
58.37.7.28 - - [17/Dec/2022:11:50:36 +0800] "GET /xingrg/javascript/auto/indicator.gif HTTP/1.1" 404 1066
58.37.7.28 - - [17/Dec/2022:11:50:41 +0800] "GET /xingrg/kc/buy/cgsh_order_operate.html?command=get_materiel&rest_code=00106&code=00101004051&supplier_code=00100312&order_time=2022-12-17 HTTP/1.1" 200 408
101.83.146.103 - - [17/Dec/2022:11:50:41 +0800] "GET /xingrg/kc/base/wldb_order_operate.html?command=get_materiel&rest_code=00105&base_code=0010507&code=00101016044 HTTP/1.1" 200 464
58.37.7.28 - - [17/Dec/2022:11:50:51 +0800] "GET /xingrg/all/function/internal_message.html?_=1671249070086&CODE_STATE=getMsg HTTP/1.1" 200 27
101.83.146.103 - - [17/Dec/2022:11:50:52 +0800] "GET /xingrg/kc/base/wldb_order_operate.html?command=get_materiel&rest_code=00105&base_code=0010507&code=00101019018 HTTP/1.1" 200 465
58.221.95.50 - - [17/Dec/2022:11:50:55 +0800] "GET /xingrg/all/function/internal_message.html?_=1671249074022&CODE_STATE=getMsg HTTP/1.1" 200 27
101.83.146.103 - - [17/Dec/2022:11:50:59 +0800] "POST /xingrg/kc/base/wldb_order_operate.html HTTP/1.1" 200 37
124.79.245.154 - - [17/Dec/2022:11:50:59 +0800] "GET /xingrg/login.html HTTP/1.1" 200 7641
101.83.146.103 - - [17/Dec/2022:11:51:00 +0800] "POST /xingrg/kc/base/wldb_order_operate.html HTTP/1.1" 200 4679
101.83.146.103 - - [17/Dec/2022:11:51:01 +0800] "GET /xingrg/kc/base/wldb_order_info.html?code=422022121701337 HTTP/1.1" 200 30399
116.230.105.139 - - [17/Dec/2022:11:51:01 +0800] "GET /xingrg/all/function/internal_message.html?_=1671249066977&CODE_STATE=getMsg HTTP/1.1" 200 27
116.230.105.139 - - [17/Dec/2022:11:51:01 +0800] "GET /xingrg/check_reg.html?_=1671249066980 HTTP/1.1" 200 22
124.79.245.154 - - [17/Dec/2022:11:51:01 +0800] "GET /favicon.ico HTTP/1.1" 404 -
101.83.146.103 - - [17/Dec/2022:11:51:01 +0800] "GET /xingrg/javascript/easyui/themes/default/validatebox.css HTTP/1.1" 404 1104
101.83.146.103 - - [17/Dec/2022:11:51:02 +0800] "POST /xingrg/kc/base/wldb_order_operate.html HTTP/1.1" 200 4679
116.192.124.172 - - [17/Dec/2022:11:51:04 +0800] "GET /xingrg/all/function/internal_message.html?_=1671249083880&CODE_STATE=getMsg HTTP/1.1" 200 27
114.84.38.109 - - [17/Dec/2022:11:51:07 +0800] "GET /xingrg/all/function/internal_message.html?_=1671249108069&CODE_STATE=getMsg HTTP/1.1" 200 27
101.83.240.58 - - [17/Dec/2022:11:51:14 +0800] "GET /xingrg/all/function/internal_message.html?_=1671249089018&CODE_STATE=getMsg HTTP/1.1" 200 27
124.79.245.154 - - [17/Dec/2022:11:51:15 +0800] "POST /xingrg/login.do HTTP/1.1" 302 -
124.79.245.154 - - [17/Dec/2022:11:51:15 +0800] "GET /xingrg/index.html?sysBaseUrl=http%3A%2F%2F180.169.147.146%3A18081%2Fxingrg%2F&costTime=41×tamp=1671249075147 HTTP/1.1" 200 17179
124.79.245.154 - - [17/Dec/2022:11:51:15 +0800] "POST /xingrg/all/common/load_tree.html?tree=area_rest_tree_json&manage=1 HTTP/1.1" 200 351
124.79.245.154 - - [17/Dec/2022:11:51:16 +0800] "GET /xingrg/check_reg.html?_=1671249322171 HTTP/1.1" 200 22
124.79.245.154 - - [17/Dec/2022:11:51:16 +0800] "GET /xingrg/all/function/internal_message.html?_=1671249322170&CODE_STATE=count HTTP/1.1" 200 11
124.79.245.154 - - [17/Dec/2022:11:51:16 +0800] "GET /favicon.ico HTTP/1.1" 404 -
124.79.245.154 - - [17/Dec/2022:11:51:16 +0800] "POST /xingrg/load_menu.html HTTP/1.1" 200 5138
120.253.135.82 - - [17/Dec/2022:11:51:17 +0800] "GET /xingrg/all/function/internal_message.html?_=1671248903112&CODE_STATE=getMsg HTTP/1.1" 200 27
114.83.222.182 - - [17/Dec/2022:11:51:18 +0800] "GET /xingrg/all/function/internal_message.html?_=1671249159452&CODE_STATE=getMsg HTTP/1.1" 200 27
114.83.222.182 - - [17/Dec/2022:11:51:18 +0800] "GET /xingrg/check_reg.html?_=1671249159536 HTTP/1.1" 200 22
114.88.159.190 - - [17/Dec/2022:11:51:19 +0800] "GET /xingrg/all/function/internal_message.html?_=1671248688500&CODE_STATE=getMsg HTTP/1.1" 200 27
101.83.146.103 - - [17/Dec/2022:11:51:19 +0800] "GET /xingrg/all/function/internal_message.html?_=1671248944885&CODE_STATE=getMsg HTTP/1.1" 200 27
114.83.222.182 - - [17/Dec/2022:11:51:20 +0800] "POST /xingrg/kc/buy/cgsh_order_operate.html HTTP/1.1" 200 37
114.88.159.190 - - [17/Dec/2022:11:51:21 +0800] "GET /xingrg/check_reg.html?_=1671248690372 HTTP/1.1" 200 22
101.83.146.103 - - [17/Dec/2022:11:51:23 +0800] "GET /xingrg/all/function/internal_message.html?_=1671249102280&CODE_STATE=getMsg HTTP/1.1" 200 27
114.83.222.182 - - [17/Dec/2022:11:51:23 +0800] "POST /xingrg/kc/buy/cgsh_order_operate.html HTTP/1.1" 200 12
114.83.222.182 - - [17/Dec/2022:11:51:25 +0800] "GET /xingrg/kc/buy/cgsh_order_info.html?code=212022121704846 HTTP/1.1" 200 63905
114.83.222.182 - - [17/Dec/2022:11:51:25 +0800] "GET /xingrg/javascript/easyui/themes/default/validatebox.css HTTP/1.1" 404 1104
58.37.7.28 - - [17/Dec/2022:11:51:25 +0800] "GET /xingrg/all/function/internal_message.html?_=1671249108618&CODE_STATE=getMsg HTTP/1.1" 200 27
114.83.222.182 - - [17/Dec/2022:11:51:26 +0800] "POST /xingrg/kc/buy/cgsh_order_operate.html HTTP/1.1" 200 1778
114.83.222.182 - - [17/Dec/2022:11:51:27 +0800] "GET /xingrg/kc/print/load_data.html?order_code=212022121704846&kc_code=cgsh&condition= HTTP/1.1" 200 1131
58.37.7.28 - - [17/Dec/2022:11:51:27 +0800] "GET /xingrg/kc/buy/cgsh_order_operate.html?command=get_materiel&rest_code=00106&code=00101004061&supplier_code=00100312&order_time=2022-12-17 HTTP/1.1" 200 409
180.162.115.136 - - [17/Dec/2022:11:51:30 +0800] "GET /xingrg/all/function/internal_message.html?_=1671248117979&CODE_STATE=getMsg HTTP/1.1" 200 27
120.253.135.82 - - [17/Dec/2022:11:51:32 +0800] "GET /xingrg/kc/pszx/mdps_order_list.html?orderType=0 HTTP/1.1" 200 21035
120.253.135.82 - - [17/Dec/2022:11:51:32 +0800] "POST /xingrg/kc/pszx/mdps_list_operate.html HTTP/1.1" 200 5338
114.84.81.136 - - [17/Dec/2022:11:51:33 +0800] "GET /xingrg/all/function/internal_message.html?_=1671249124445&CODE_STATE=getMsg HTTP/1.1" 200 27
114.83.222.182 - - [17/Dec/2022:11:51:36 +0800] "GET /xingrg/kc/base/wldb_order_list.html HTTP/1.1" 200 19107
114.84.171.155 - - [17/Dec/2022:11:51:36 +0800] "GET /xingrg/all/function/internal_message.html?_=1671249112926&CODE_STATE=getMsg HTTP/1.1" 200 27
116.238.139.35 - - [17/Dec/2022:11:51:36 +0800] "GET /xingrg/all/function/internal_message.html?_=1671249116060&CODE_STATE=getMsg HTTP/1.1" 200 27
114.83.222.182 - - [17/Dec/2022:11:51:36 +0800] "POST /xingrg/kc/base/wldb_list_operate.html HTTP/1.1" 200 928
116.238.139.35 - - [17/Dec/2022:11:51:36 +0800] "GET /xingrg/check_reg.html?_=1671249116377 HTTP/1.1" 200 22
120.253.135.82 - - [17/Dec/2022:11:51:37 +0800] "POST /xingrg/kc/pszx/mdps_list_operate.html HTTP/1.1" 200 4222
114.83.222.182 - - [17/Dec/2022:11:51:38 +0800] "GET /xingrg/kc/base/wldb_order_add.html HTTP/1.1" 200 30390
114.83.222.182 - - [17/Dec/2022:11:51:38 +0800] "POST /xingrg/kc/base/wldb_order_operate.html HTTP/1.1" 200 6806
114.83.222.182 - - [17/Dec/2022:11:51:38 +0800] "GET /xingrg/javascript/easyui/themes/default/validatebox.css HTTP/1.1" 404 1104
120.253.135.82 - - [17/Dec/2022:11:51:38 +0800] "POST /xingrg/kc/buy/cgsh_list_operate.html HTTP/1.1" 200 4941
101.83.146.103 - - [17/Dec/2022:11:51:39 +0800] "GET /xingrg/javascript/jquery_easy_ui/themes/icons/rest.png HTTP/1.1" 304 -
101.83.146.103 - - [17/Dec/2022:11:51:39 +0800] "GET /xingrg/javascript/jquery_easy_ui/themes/icons/area.png HTTP/1.1" 304 -
114.83.222.182 - - [17/Dec/2022:11:51:42 +0800] "POST /xingrg/all/common/load_combo.html?type=base HTTP/1.1" 200 1491
120.253.135.82 - - [17/Dec/2022:11:51:42 +0800] "POST /xingrg/kc/pszx/mdps_list_operate.html HTTP/1.1" 200 224
120.253.135.82 - - [17/Dec/2022:11:51:43 +0800] "GET /xingrg/kc/pszx/mdps_order_info.html?code=312022121600363 HTTP/1.1" 200 23972
120.253.135.82 - - [17/Dec/2022:11:51:43 +0800] "GET /xingrg/javascript/easyui/themes/default/validatebox.css HTTP/1.1" 404 1104
120.253.135.82 - - [17/Dec/2022:11:51:43 +0800] "POST /xingrg/kc/pszx/mdps_order_operate.html HTTP/1.1" 200 2302
114.83.222.182 - - [17/Dec/2022:11:51:44 +0800] "POST /xingrg/all/common/load_combo.html?type=base HTTP/1.1" 200 1491
58.37.7.28 - - [17/Dec/2022:11:51:51 +0800] "GET /xingrg/all/function/internal_message.html?_=1671249130101&CODE_STATE=getMsg HTTP/1.1" 200 27
120.253.135.82 - - [17/Dec/2022:11:51:52 +0800] "POST /xingrg/kc/pszx/mdps_order_operate.html HTTP/1.1" 200 37
120.253.135.82 - - [17/Dec/2022:11:51:53 +0800] "GET /xingrg/kc/pszx/mdps_order_info.html?code=312022121600363 HTTP/1.1" 200 23972
120.253.135.82 - - [17/Dec/2022:11:51:53 +0800] "GET /xingrg/javascript/easyui/themes/default/validatebox.css HTTP/1.1" 404 1104
120.253.135.82 - - [17/Dec/2022:11:51:53 +0800] "POST /xingrg/kc/pszx/mdps_order_operate.html HTTP/1.1" 200 2304
58.221.95.50 - - [17/Dec/2022:11:51:55 +0800] "GET /xingrg/all/function/internal_message.html?_=1671249134003&CODE_STATE=getMsg HTTP/1.1" 200 27
58.221.95.50 - - [17/Dec/2022:11:51:56 +0800] "GET /xingrg/check_reg.html?_=1671249134986 HTTP/1.1" 200 22
120.253.135.82 - - [17/Dec/2022:11:51:56 +0800] "GET /xingrg/kc/pszx/mdps_order_info.html?code=312022121600363 HTTP/1.1" 200 23972
120.253.135.82 - - [17/Dec/2022:11:51:57 +0800] "GET /xingrg/javascript/easyui/themes/default/validatebox.css HTTP/1.1" 404 1104
120.253.135.82 - - [17/Dec/2022:11:51:57 +0800] "POST /xingrg/kc/pszx/mdps_order_operate.html HTTP/1.1" 200 2304
120.253.135.82 - - [17/Dec/2022:11:51:58 +0800] "POST /xingrg/kc/pszx/mdps_list_operate.html HTTP/1.1" 200 4222
120.253.135.82 - - [17/Dec/2022:11:52:00 +0800] "POST /xingrg/kc/pszx/mdps_list_operate.html HTTP/1.1" 200 201
116.230.105.139 - - [17/Dec/2022:11:52:01 +0800] "GET /xingrg/all/function/internal_message.html?_=1671249126972&CODE_STATE=getMsg HTTP/1.1" 200 27
120.253.135.82 - - [17/Dec/2022:11:52:01 +0800] "POST /xingrg/kc/pszx/mdps_list_operate.html HTTP/1.1" 200 224
120.253.135.82 - - [17/Dec/2022:11:52:02 +0800] "GET /xingrg/kc/pszx/mdps_order_info.html?code=312022121600363 HTTP/1.1" 200 23972
120.253.135.82 - - [17/Dec/2022:11:52:02 +0800] "GET /xingrg/javascript/easyui/themes/default/validatebox.css HTTP/1.1" 404 1104
120.253.135.82 - - [17/Dec/2022:11:52:02 +0800] "POST /xingrg/kc/pszx/mdps_order_operate.html HTTP/1.1" 200 2304
116.192.124.172 - - [17/Dec/2022:11:52:04 +0800] "GET /xingrg/all/function/internal_message.html?_=1671249143860&CODE_STATE=getMsg HTTP/1.1" 200 27
116.192.124.172 - - [17/Dec/2022:11:52:04 +0800] "GET /xingrg/check_reg.html?_=1671249144376 HTTP/1.1" 200 22
120.253.135.82 - - [17/Dec/2022:11:52:04 +0800] "GET /xingrg/kc/print/load_data.html?order_code=312022121600363&kc_code=mdps&condition= HTTP/1.1" 200 693
114.84.38.109 - - [17/Dec/2022:11:52:08 +0800] "GET /xingrg/all/function/internal_message.html?_=1671249168705&CODE_STATE=getMsg HTTP/1.1" 200 27
120.253.135.82 - - [17/Dec/2022:11:52:11 +0800] "POST /xingrg/kc/pszx/mdps_list_operate.html HTTP/1.1" 200 4222
120.253.135.82 - - [17/Dec/2022:11:52:13 +0800] "POST /xingrg/kc/pszx/mdps_list_operate.html HTTP/1.1" 200 201
120.253.135.82 - - [17/Dec/2022:11:52:13 +0800] "POST /xingrg/kc/pszx/mdps_list_operate.html HTTP/1.1" 200 224
101.83.240.58 - - [17/Dec/2022:11:52:14 +0800] "GET /xingrg/all/function/internal_message.html?_=1671249149004&CODE_STATE=getMsg HTTP/1.1" 200 27
124.79.245.154 - - [17/Dec/2022:11:52:16 +0800] "GET /xingrg/all/function/internal_message.html?_=1671249382179&CODE_STATE=getMsg HTTP/1.1" 200 27
120.253.135.82 - - [17/Dec/2022:11:52:17 +0800] "GET /xingrg/all/function/internal_message.html?_=1671248963187&CODE_STATE=getMsg HTTP/1.1" 200 27
114.83.222.182 - - [17/Dec/2022:11:52:18 +0800] "GET /xingrg/all/function/internal_message.html?_=1671249219446&CODE_STATE=getMsg HTTP/1.1" 200 27
114.88.159.190 - - [17/Dec/2022:11:52:19 +0800] "GET /xingrg/all/function/internal_message.html?_=1671248748473&CODE_STATE=getMsg HTTP/1.1" 200 27
101.83.146.103 - - [17/Dec/2022:11:52:19 +0800] "GET /xingrg/all/function/internal_message.html?_=1671249004854&CODE_STATE=getMsg HTTP/1.1" 200 27
101.83.146.103 - - [17/Dec/2022:11:52:23 +0800] "GET /xingrg/all/function/internal_message.html?_=1671249162281&CODE_STATE=getMsg HTTP/1.1" 200 27
58.37.7.28 - - [17/Dec/2022:11:52:25 +0800] "GET /xingrg/all/function/internal_message.html?_=1671249168594&CODE_STATE=getMsg HTTP/1.1" 200 27
180.163.29.234 - - [17/Dec/2022:11:52:25 +0800] "GET /xingrg/all/function/internal_message.html?_=1671249108618&CODE_STATE=getMsg HTTP/1.1" 302 -
180.163.29.234 - - [17/Dec/2022:11:52:25 +0800] "GET /xingrg/login.html HTTP/1.1" 200 7641
180.162.115.136 - - [17/Dec/2022:11:52:30 +0800] "GET /xingrg/all/function/internal_message.html?_=1671248177971&CODE_STATE=getMsg HTTP/1.1" 200 27
114.84.81.136 - - [17/Dec/2022:11:52:33 +0800] "GET /xingrg/check_reg.html?_=1671249184443 HTTP/1.1" 200 22
114.84.81.136 - - [17/Dec/2022:11:52:33 +0800] "GET /xingrg/all/function/internal_message.html?_=1671249184445&CODE_STATE=getMsg HTTP/1.1" 200 27
114.84.171.155 - - [17/Dec/2022:11:52:36 +0800] "GET /xingrg/all/function/internal_message.html?_=1671249172926&CODE_STATE=getMsg HTTP/1.1" 200 27
116.238.139.35 - - [17/Dec/2022:11:52:36 +0800] "GET /xingrg/all/function/internal_message.html?_=1671249176035&CODE_STATE=getMsg HTTP/1.1" 200 27
58.37.7.28 - - [17/Dec/2022:11:52:51 +0800] "GET /xingrg/all/function/internal_message.html?_=1671249190083&CODE_STATE=getMsg HTTP/1.1" 200 27
114.83.222.182 - - [17/Dec/2022:11:52:51 +0800] "GET /xingrg/kc/base/wldb_order_operate.html?command=get_materiel&rest_code=00154&base_code=0010724&code=00101040002 HTTP/1.1" 200 461
114.84.38.109 - - [17/Dec/2022:11:52:53 +0800] "GET /xingrg/check_reg.html?_=1671249213558 HTTP/1.1" 200 22
58.37.7.28 - - [17/Dec/2022:11:52:54 +0800] "GET /xingrg/kc/buy/cgsh_order_operate.html?command=get_materiel&rest_code=00106&code=00101004030&supplier_code=00100312&order_time=2022-12-17 HTTP/1.1" 200 408
58.221.95.50 - - [17/Dec/2022:11:52:55 +0800] "GET /xingrg/all/function/internal_message.html?_=1671249193987&CODE_STATE=getMsg HTTP/1.1" 200 27
114.83.222.182 - - [17/Dec/2022:11:52:55 +0800] "POST /xingrg/all/common/load_select.html HTTP/1.1" 200 25
114.83.222.182 - - [17/Dec/2022:11:52:57 +0800] "GET /xingrg/kc/base/wldb_order_operate.html?command=get_materiel_price&rest_code=00154&base_code=0010724&code=00101040002&unit_code=00100619 HTTP/1.1" 200 37
116.230.105.139 - - [17/Dec/2022:11:53:01 +0800] "GET /xingrg/all/function/internal_message.html?_=1671249186975&CODE_STATE=getMsg HTTP/1.1" 200 27
116.192.124.172 - - [17/Dec/2022:11:53:04 +0800] "GET /xingrg/all/function/internal_message.html?_=1671249203841&CODE_STATE=getMsg HTTP/1.1" 200 27
124.79.245.154 - - [17/Dec/2022:11:53:04 +0800] "GET /xingrg/kc/mdqp/qqps_order_list.html HTTP/1.1" 200 9222
124.79.245.154 - - [17/Dec/2022:11:53:04 +0800] "GET /xingrg/dwr/interface/AjaxQqpsService.js HTTP/1.1" 200 16326
124.79.245.154 - - [17/Dec/2022:11:53:04 +0800] "GET /xingrg/dwr/interface/AjaxReportQueryService.js HTTP/1.1" 200 13203
124.79.245.154 - - [17/Dec/2022:11:53:04 +0800] "GET /xingrg/dwr/engine.js HTTP/1.1" 200 43631
124.79.245.154 - - [17/Dec/2022:11:53:08 +0800] "GET /xingrg/kc/mdqp/qqps_order_list.html?isQuery=1&timeSelect=1&orderTime=day&startTime=2022-12-16&endTime=2022-12-17&state=all&query=%C8%B7++%B6%A8 HTTP/1.1" 200 10587
124.79.245.154 - - [17/Dec/2022:11:53:08 +0800] "GET /xingrg/dwr/interface/AjaxReportQueryService.js HTTP/1.1" 200 13203
124.79.245.154 - - [17/Dec/2022:11:53:08 +0800] "GET /xingrg/dwr/interface/AjaxQqpsService.js HTTP/1.1" 200 16326
124.79.245.154 - - [17/Dec/2022:11:53:08 +0800] "GET /xingrg/dwr/engine.js HTTP/1.1" 200 43631
114.84.38.109 - - [17/Dec/2022:11:53:08 +0800] "GET /xingrg/all/function/internal_message.html?_=1671249228720&CODE_STATE=getMsg HTTP/1.1" 200 27
114.83.222.182 - - [17/Dec/2022:11:53:13 +0800] "GET /xingrg/kc/base/wldb_order_operate.html?command=get_materiel&rest_code=00154&base_code=0010724&code=00101040025 HTTP/1.1" 200 456
101.83.240.58 - - [17/Dec/2022:11:53:14 +0800] "GET /xingrg/all/function/internal_message.html?_=1671249208975&CODE_STATE=getMsg HTTP/1.1" 200 27
124.79.245.154 - - [17/Dec/2022:11:53:16 +0800] "GET /xingrg/all/function/internal_message.html?_=1671249442188&CODE_STATE=getMsg HTTP/1.1" 200 27
120.253.135.82 - - [17/Dec/2022:11:53:17 +0800] "GET /xingrg/all/function/internal_message.html?_=1671249023187&CODE_STATE=getMsg HTTP/1.1" 200 27
114.83.222.182 - - [17/Dec/2022:11:53:18 +0800] "GET /xingrg/all/function/internal_message.html?_=1671249279434&CODE_STATE=getMsg HTTP/1.1" 200 27
114.88.159.190 - - [17/Dec/2022:11:53:19 +0800] "GET /xingrg/all/function/internal_message.html?_=1671248808448&CODE_STATE=getMsg HTTP/1.1" 200 27
101.83.146.103 - - [17/Dec/2022:11:53:19 +0800] "GET /xingrg/all/function/internal_message.html?_=1671249064839&CODE_STATE=getMsg HTTP/1.1" 200 27
58.37.7.28 - - [17/Dec/2022:11:53:19 +0800] "GET /xingrg/kc/buy/cgsh_order_operate.html?command=get_materiel&rest_code=00106&code=00101001029&supplier_code=00100312&order_time=2022-12-17 HTTP/1.1" 200 415
124.79.245.154 - - [17/Dec/2022:11:53:20 +0800] "GET /xingrg/kc/buy/cgsh_order_list.html HTTP/1.1" 200 54021
124.79.245.154 - - [17/Dec/2022:11:53:22 +0800] "POST /xingrg/kc/buy/cgsh_list_operate.html HTTP/1.1" 200 986
101.83.146.103 - - [17/Dec/2022:11:53:23 +0800] "GET /xingrg/all/function/internal_message.html?_=1671249222280&CODE_STATE=getMsg HTTP/1.1" 200 27
180.163.29.103 - - [17/Dec/2022:11:53:25 +0800] "GET /xingrg/all/function/internal_message.html?_=1671249168594&CODE_STATE=getMsg HTTP/1.1" 302 -
180.163.29.103 - - [17/Dec/2022:11:53:25 +0800] "GET /xingrg/login.html HTTP/1.1" 200 7641
58.37.7.28 - - [17/Dec/2022:11:53:25 +0800] "GET /xingrg/all/function/internal_message.html?_=1671249228576&CODE_STATE=getMsg HTTP/1.1" 200 27
58.37.7.28 - - [17/Dec/2022:11:53:26 +0800] "GET /xingrg/check_reg.html?_=1671249229309 HTTP/1.1" 200 22
180.162.115.136 - - [17/Dec/2022:11:53:30 +0800] "GET /xingrg/all/function/internal_message.html?_=1671248237976&CODE_STATE=getMsg HTTP/1.1" 200 27
180.162.115.136 - - [17/Dec/2022:11:53:30 +0800] "GET /xingrg/check_reg.html?_=1671248237980 HTTP/1.1" 200 22
114.84.81.136 - - [17/Dec/2022:11:53:33 +0800] "GET /xingrg/all/function/internal_message.html?_=1671249244436&CODE_STATE=getMsg HTTP/1.1" 200 27
114.83.222.182 - - [17/Dec/2022:11:53:35 +0800] "GET /xingrg/kc/base/wldb_order_operate.html?command=get_materiel&rest_code=00154&base_code=0010724&code=00101040004 HTTP/1.1" 200 460
114.84.171.155 - - [17/Dec/2022:11:53:36 +0800] "GET /xingrg/all/function/internal_message.html?_=1671249232925&CODE_STATE=getMsg HTTP/1.1" 200 27
116.238.139.35 - - [17/Dec/2022:11:53:36 +0800] "GET /xingrg/all/function/internal_message.html?_=1671249236005&CODE_STATE=getMsg HTTP/1.1" 200 27
120.253.135.82 - - [17/Dec/2022:11:53:39 +0800] "POST /xingrg/kc/pszx/mdps_list_operate.html HTTP/1.1" 200 3175
120.253.135.82 - - [17/Dec/2022:11:53:41 +0800] "POST /xingrg/kc/pszx/mdps_list_operate.html HTTP/1.1" 200 369
114.83.222.182 - - [17/Dec/2022:11:53:45 +0800] "GET /xingrg/kc/base/wldb_order_operate.html?command=get_materiel&rest_code=00154&base_code=0010724&code=00101019222 HTTP/1.1" 200 453
120.253.135.82 - - [17/Dec/2022:11:53:48 +0800] "GET /xingrg/kc/pszx/mdps_order_info.html?code=312022121700377 HTTP/1.1" 200 23978
120.253.135.82 - - [17/Dec/2022:11:53:48 +0800] "GET /xingrg/javascript/easyui/themes/default/validatebox.css HTTP/1.1" 404 1104
120.253.135.82 - - [17/Dec/2022:11:53:48 +0800] "POST /xingrg/kc/pszx/mdps_order_operate.html HTTP/1.1" 200 3279
58.37.7.28 - - [17/Dec/2022:11:53:51 +0800] "GET /xingrg/check_reg.html?_=1671249250087 HTTP/1.1" 200 22
58.37.7.28 - - [17/Dec/2022:11:53:51 +0800] "GET /xingrg/all/function/internal_message.html?_=1671249250089&CODE_STATE=getMsg HTTP/1.1" 200 27
58.37.7.28 - - [17/Dec/2022:11:53:52 +0800] "GET /xingrg/kc/buy/cgsh_order_operate.html?command=get_materiel&rest_code=00106&code=00101001096&supplier_code=00100312&order_time=2022-12-17 HTTP/1.1" 200 413
114.83.222.182 - - [17/Dec/2022:11:53:53 +0800] "GET /xingrg/kc/base/wldb_order_operate.html?command=get_materiel&rest_code=00154&base_code=0010724&code=00101019184 HTTP/1.1" 200 458
58.221.95.50 - - [17/Dec/2022:11:53:55 +0800] "GET /xingrg/all/function/internal_message.html?_=1671249253959&CODE_STATE=getMsg HTTP/1.1" 200 27
120.253.135.82 - - [17/Dec/2022:11:53:56 +0800] "POST /xingrg/kc/pszx/mdps_list_operate.html HTTP/1.1" 200 3175
120.253.135.82 - - [17/Dec/2022:11:53:58 +0800] "POST /xingrg/kc/pszx/mdps_list_operate.html HTTP/1.1" 200 561
120.253.135.82 - - [17/Dec/2022:11:53:59 +0800] "GET /xingrg/kc/pszx/mdps_order_info.html?code=312022121700378 HTTP/1.1" 200 23978
120.253.135.82 - - [17/Dec/2022:11:53:59 +0800] "GET /xingrg/javascript/easyui/themes/default/validatebox.css HTTP/1.1" 404 1104
120.253.135.82 - - [17/Dec/2022:11:53:59 +0800] "POST /xingrg/kc/pszx/mdps_order_operate.html HTTP/1.1" 200 6134
116.230.105.139 - - [17/Dec/2022:11:54:01 +0800] "GET /xingrg/all/function/internal_message.html?_=1671249246984&CODE_STATE=getMsg HTTP/1.1" 200 27
116.192.124.172 - - [17/Dec/2022:11:54:04 +0800] "GET /xingrg/all/function/internal_message.html?_=1671249263828&CODE_STATE=getMsg HTTP/1.1" 200 27
114.83.222.182 - - [17/Dec/2022:11:54:05 +0800] "GET /xingrg/kc/base/wldb_order_operate.html?command=get_materiel&rest_code=00154&base_code=0010724&code=00101019416 HTTP/1.1" 200 466
114.84.38.109 - - [17/Dec/2022:11:54:08 +0800] "GET /xingrg/all/function/internal_message.html?_=1671249288736&CODE_STATE=getMsg HTTP/1.1" 200 27
101.83.240.58 - - [17/Dec/2022:11:54:14 +0800] "GET /xingrg/all/function/internal_message.html?_=1671249268960&CODE_STATE=getMsg HTTP/1.1" 200 27
124.79.245.154 - - [17/Dec/2022:11:54:16 +0800] "GET /xingrg/all/function/internal_message.html?_=1671249502181&CODE_STATE=getMsg HTTP/1.1" 200 27
114.83.222.182 - - [17/Dec/2022:11:54:16 +0800] "GET /xingrg/kc/base/wldb_order_operate.html?command=get_materiel&rest_code=00154&base_code=0010724&code=00101040001 HTTP/1.1" 200 470
120.253.135.82 - - [17/Dec/2022:11:54:17 +0800] "GET /xingrg/all/function/internal_message.html?_=1671249083243&CODE_STATE=getMsg HTTP/1.1" 200 27
114.83.222.182 - - [17/Dec/2022:11:54:18 +0800] "GET /xingrg/all/function/internal_message.html?_=1671249339423&CODE_STATE=getMsg HTTP/1.1" 200 27
114.88.159.190 - - [17/Dec/2022:11:54:19 +0800] "GET /xingrg/all/function/internal_message.html?_=1671248868423&CODE_STATE=getMsg HTTP/1.1" 200 27
101.83.146.103 - - [17/Dec/2022:11:54:19 +0800] "GET /xingrg/all/function/internal_message.html?_=1671249124812&CODE_STATE=getMsg HTTP/1.1" 200 27
114.83.222.182 - - [17/Dec/2022:11:54:22 +0800] "POST /xingrg/all/common/load_select.html HTTP/1.1" 200 25
58.37.7.28 - - [17/Dec/2022:11:54:22 +0800] "POST /xingrg/kc/buy/cgsh_order_operate.html HTTP/1.1" 200 37
101.83.146.103 - - [17/Dec/2022:11:54:23 +0800] "GET /xingrg/all/function/internal_message.html?_=1671249282280&CODE_STATE=getMsg HTTP/1.1" 200 27
114.83.222.182 - - [17/Dec/2022:11:54:25 +0800] "GET /xingrg/kc/base/wldb_order_operate.html?command=get_materiel_price&rest_code=00154&base_code=0010724&code=00101040001&unit_code=00100619 HTTP/1.1" 200 37
58.37.7.28 - - [17/Dec/2022:11:54:25 +0800] "GET /xingrg/all/function/internal_message.html?_=1671249288556&CODE_STATE=getMsg HTTP/1.1" 200 27
58.37.7.28 - - [17/Dec/2022:11:54:26 +0800] "POST /xingrg/kc/buy/cgsh_order_operate.html HTTP/1.1" 200 12
180.162.115.136 - - [17/Dec/2022:11:54:30 +0800] "GET /xingrg/all/function/internal_message.html?_=1671248297976&CODE_STATE=getMsg HTTP/1.1" 200 27
58.37.7.28 - - [17/Dec/2022:11:54:32 +0800] "GET /xingrg/kc/buy/cgsh_order_info.html?code=212022121704847 HTTP/1.1" 200 64697
58.37.7.28 - - [17/Dec/2022:11:54:32 +0800] "GET /xingrg/javascript/easyui/themes/default/validatebox.css HTTP/1.1" 404 1104
114.84.81.136 - - [17/Dec/2022:11:54:33 +0800] "GET /xingrg/all/function/internal_message.html?_=1671249304438&CODE_STATE=getMsg HTTP/1.1" 200 27
58.37.7.28 - - [17/Dec/2022:11:54:33 +0800] "POST /xingrg/kc/buy/cgsh_order_operate.html HTTP/1.1" 200 2982
114.83.222.182 - - [17/Dec/2022:11:54:34 +0800] "GET /xingrg/kc/base/wldb_order_operate.html?command=get_materiel&rest_code=00154&base_code=0010724&code=00101040042 HTTP/1.1" 200 462
114.84.171.155 - - [17/Dec/2022:11:54:36 +0800] "GET /xingrg/all/function/internal_message.html?_=1671249292934&CODE_STATE=getMsg HTTP/1.1" 200 27
116.238.139.35 - - [17/Dec/2022:11:54:36 +0800] "GET /xingrg/all/function/internal_message.html?_=1671249295976&CODE_STATE=getMsg HTTP/1.1" 200 27
58.37.7.28 - - [17/Dec/2022:11:54:39 +0800] "GET /xingrg/kc/print/load_config.html?kc_code=cgsh HTTP/1.1" 200 1943
58.37.7.28 - - [17/Dec/2022:11:54:39 +0800] "GET /xingrg/kc/print/load_data.html?order_code=212022121704847&kc_code=cgsh&condition= HTTP/1.1" 200 1608
114.83.222.182 - - [17/Dec/2022:11:54:46 +0800] "GET /xingrg/kc/base/wldb_order_operate.html?command=get_materiel&rest_code=00154&base_code=0010724&code=00101040043 HTTP/1.1" 200 462
120.253.135.82 - - [17/Dec/2022:11:54:47 +0800] "POST /xingrg/kc/pszx/mdps_order_operate.html HTTP/1.1" 200 37
120.253.135.82 - - [17/Dec/2022:11:54:48 +0800] "GET /xingrg/kc/pszx/mdps_order_info.html?code=312022121700378 HTTP/1.1" 200 23978
120.253.135.82 - - [17/Dec/2022:11:54:48 +0800] "GET /xingrg/javascript/easyui/themes/default/validatebox.css HTTP/1.1" 404 1104
120.253.135.82 - - [17/Dec/2022:11:54:48 +0800] "POST /xingrg/kc/pszx/mdps_order_operate.html HTTP/1.1" 200 6134
120.253.135.82 - - [17/Dec/2022:11:54:50 +0800] "POST /xingrg/kc/pszx/mdps_list_operate.html HTTP/1.1" 200 3175
58.37.7.28 - - [17/Dec/2022:11:54:51 +0800] "GET /xingrg/all/function/internal_message.html?_=1671249310097&CODE_STATE=getMsg HTTP/1.1" 200 27
120.253.135.82 - - [17/Dec/2022:11:54:51 +0800] "POST /xingrg/kc/pszx/mdps_list_operate.html HTTP/1.1" 200 369
120.253.135.82 - - [17/Dec/2022:11:54:52 +0800] "POST /xingrg/kc/pszx/mdps_list_operate.html HTTP/1.1" 200 561
120.253.135.82 - - [17/Dec/2022:11:54:53 +0800] "POST /xingrg/kc/pszx/mdps_list_operate.html HTTP/1.1" 200 638
120.253.135.82 - - [17/Dec/2022:11:54:54 +0800] "GET /xingrg/kc/pszx/mdps_order_info.html?code=312022121700379 HTTP/1.1" 200 23978
120.253.135.82 - - [17/Dec/2022:11:54:54 +0800] "GET /xingrg/javascript/easyui/themes/default/validatebox.css HTTP/1.1" 404 1104
120.253.135.82 - - [17/Dec/2022:11:54:54 +0800] "POST /xingrg/kc/pszx/mdps_order_operate.html HTTP/1.1" 200 9539
58.221.95.50 - - [17/Dec/2022:11:54:55 +0800] "GET /xingrg/all/function/internal_message.html?_=1671249313946&CODE_STATE=getMsg HTTP/1.1" 200 27
116.230.105.139 - - [17/Dec/2022:11:55:01 +0800] "GET /xingrg/all/function/internal_message.html?_=1671249306973&CODE_STATE=getMsg HTTP/1.1" 200 27
116.192.124.172 - - [17/Dec/2022:11:55:04 +0800] "GET /xingrg/all/function/internal_message.html?_=1671249323813&CODE_STATE=getMsg HTTP/1.1" 200 27
58.37.7.28 - - [17/Dec/2022:11:55:04 +0800] "GET /xingrg/kc/buy/cgsh_order_add.html HTTP/1.1" 200 69791
114.83.222.182 - - [17/Dec/2022:11:55:04 +0800] "GET /xingrg/kc/base/wldb_order_operate.html?command=get_materiel&rest_code=00154&base_code=0010724&code=00101040030 HTTP/1.1" 200 455
58.37.7.28 - - [17/Dec/2022:11:55:04 +0800] "POST /xingrg/kc/buy/cgsh_order_operate.html HTTP/1.1" 200 8245
58.37.7.28 - - [17/Dec/2022:11:55:04 +0800] "GET /xingrg/javascript/easyui/themes/default/validatebox.css HTTP/1.1" 404 1104
58.37.7.28 - - [17/Dec/2022:11:55:06 +0800] "GET /xingrg/javascript/easyui/themes/default/tree.css HTTP/1.1" 404 1090
58.37.7.28 - - [17/Dec/2022:11:55:06 +0800] "POST /xingrg/all/common/load_tree.html?tree=supplier_tree_json&isDelete=1 HTTP/1.1" 200 70739
114.84.38.109 - - [17/Dec/2022:11:55:08 +0800] "GET /xingrg/all/function/internal_message.html?_=1671249349280&CODE_STATE=getMsg HTTP/1.1" 200 27
120.253.135.82 - - [17/Dec/2022:11:55:09 +0800] "POST /xingrg/kc/pszx/mdps_order_operate.html HTTP/1.1" 200 37
114.83.222.182 - - [17/Dec/2022:11:55:10 +0800] "POST /xingrg/all/common/load_select.html HTTP/1.1" 200 25
120.253.135.82 - - [17/Dec/2022:11:55:11 +0800] "GET /xingrg/kc/pszx/mdps_order_info.html?code=312022121700379 HTTP/1.1" 200 23978
120.253.135.82 - - [17/Dec/2022:11:55:12 +0800] "GET /xingrg/javascript/easyui/themes/default/validatebox.css HTTP/1.1" 404 1104
120.253.135.82 - - [17/Dec/2022:11:55:12 +0800] "POST /xingrg/kc/pszx/mdps_order_operate.html HTTP/1.1" 200 9029
114.83.222.182 - - [17/Dec/2022:11:55:12 +0800] "GET /xingrg/kc/base/wldb_order_operate.html?command=get_materiel_price&rest_code=00154&base_code=0010724&code=00101040030&unit_code=00100622 HTTP/1.1" 200 34
101.83.240.58 - - [17/Dec/2022:11:55:14 +0800] "GET /xingrg/all/function/internal_message.html?_=1671249328951&CODE_STATE=getMsg HTTP/1.1" 200 27
101.83.240.58 - - [17/Dec/2022:11:55:14 +0800] "GET /xingrg/check_reg.html?_=1671249329472 HTTP/1.1" 200 22
124.79.245.154 - - [17/Dec/2022:11:55:16 +0800] "GET /xingrg/all/function/internal_message.html?_=1671249562180&CODE_STATE=getMsg HTTP/1.1" 200 27
120.253.135.82 - - [17/Dec/2022:11:55:17 +0800] "GET /xingrg/check_reg.html?_=1671249142864 HTTP/1.1" 200 22
120.253.135.82 - - [17/Dec/2022:11:55:17 +0800] "GET /xingrg/all/function/internal_message.html?_=1671249143245&CODE_STATE=getMsg HTTP/1.1" 200 27
114.83.222.182 - - [17/Dec/2022:11:55:18 +0800] "GET /xingrg/all/function/internal_message.html?_=1671249399402&CODE_STATE=getMsg HTTP/1.1" 200 27
114.88.159.190 - - [17/Dec/2022:11:55:19 +0800] "GET /xingrg/all/function/internal_message.html?_=1671248928391&CODE_STATE=getMsg HTTP/1.1" 200 27
101.83.146.103 - - [17/Dec/2022:11:55:19 +0800] "GET /xingrg/all/function/internal_message.html?_=1671249184814&CODE_STATE=getMsg HTTP/1.1" 200 27
101.83.146.103 - - [17/Dec/2022:11:55:19 +0800] "GET /xingrg/check_reg.html?_=1671249184878 HTTP/1.1" 200 22
101.83.146.103 - - [17/Dec/2022:11:55:23 +0800] "GET /xingrg/all/function/internal_message.html?_=1671249342280&CODE_STATE=getMsg HTTP/1.1" 200 27
101.83.146.103 - - [17/Dec/2022:11:55:23 +0800] "GET /xingrg/check_reg.html?_=1671249342283 HTTP/1.1" 200 22
58.37.7.28 - - [17/Dec/2022:11:55:25 +0800] "GET /xingrg/all/function/internal_message.html?_=1671249348537&CODE_STATE=getMsg HTTP/1.1" 200 27
180.162.115.136 - - [17/Dec/2022:11:55:30 +0800] "GET /xingrg/all/function/internal_message.html?_=1671248357973&CODE_STATE=getMsg HTTP/1.1" 200 27
114.84.81.136 - - [17/Dec/2022:11:55:33 +0800] "GET /xingrg/all/function/internal_message.html?_=1671249364435&CODE_STATE=getMsg HTTP/1.1" 200 27
114.84.171.155 - - [17/Dec/2022:11:55:36 +0800] "GET /xingrg/check_reg.html?_=1671249352934 HTTP/1.1" 200 22
114.84.171.155 - - [17/Dec/2022:11:55:36 +0800] "GET /xingrg/all/function/internal_message.html?_=1671249352937&CODE_STATE=getMsg HTTP/1.1" 200 27
116.238.139.35 - - [17/Dec/2022:11:55:36 +0800] "GET /xingrg/all/function/internal_message.html?_=1671249355953&CODE_STATE=getMsg HTTP/1.1" 200 27
120.253.135.82 - - [17/Dec/2022:11:55:36 +0800] "POST /xingrg/kc/pszx/mdps_list_operate.html HTTP/1.1" 200 3175
120.253.135.82 - - [17/Dec/2022:11:55:37 +0800] "POST /xingrg/kc/pszx/mdps_list_operate.html HTTP/1.1" 200 300
120.253.135.82 - - [17/Dec/2022:11:55:39 +0800] "POST /xingrg/kc/pszx/mdps_list_operate.html HTTP/1.1" 200 612
120.253.135.82 - - [17/Dec/2022:11:55:41 +0800] "POST /xingrg/kc/pszx/mdps_list_operate.html HTTP/1.1" 200 369
120.253.135.82 - - [17/Dec/2022:11:55:42 +0800] "GET /xingrg/kc/pszx/mdps_order_info.html?code=312022121700377 HTTP/1.1" 200 23978
120.253.135.82 - - [17/Dec/2022:11:55:42 +0800] "GET /xingrg/javascript/easyui/themes/default/validatebox.css HTTP/1.1" 404 1104
120.253.135.82 - - [17/Dec/2022:11:55:42 +0800] "POST /xingrg/kc/pszx/mdps_order_operate.html HTTP/1.1" 200 3279
120.253.135.82 - - [17/Dec/2022:11:55:45 +0800] "GET /xingrg/kc/print/load_data.html?order_code=312022121700377&kc_code=mdps&condition= HTTP/1.1" 200 1146
58.37.7.28 - - [17/Dec/2022:11:55:51 +0800] "GET /xingrg/all/function/internal_message.html?_=1671249370101&CODE_STATE=getMsg HTTP/1.1" 200 27
