114.88.159.190 - - [17/Dec/2022:11:00:48 +0800] "GET /xingrg/kc/buy/cgsh_order_operate.html?command=get_materiel&rest_code=00141&code=00101004067&supplier_code=00100312&order_time=2022-12-17 HTTP/1.1" 200 415
114.84.171.155 - - [17/Dec/2022:11:00:51 +0800] "GET /xingrg/kc/buy/cgsh_order_operate.html?command=get_materiel&rest_code=00142&code=00101008210&supplier_code=00100161&order_time=2022-12-17 HTTP/1.1" 200 408
58.221.95.50 - - [17/Dec/2022:11:00:55 +0800] "GET /xingrg/all/function/internal_message.html?_=1671246074667&CODE_STATE=getMsg HTTP/1.1" 200 27
114.84.38.109 - - [17/Dec/2022:11:00:57 +0800] "GET /xingrg/all/function/internal_message.html?_=1671246096953&CODE_STATE=getMsg HTTP/1.1" 200 27
116.230.105.139 - - [17/Dec/2022:11:01:01 +0800] "GET /xingrg/all/function/internal_message.html?_=1671246066986&CODE_STATE=getMsg HTTP/1.1" 200 27
116.230.105.139 - - [17/Dec/2022:11:01:01 +0800] "GET /xingrg/check_reg.html?_=1671246066987 HTTP/1.1" 200 22
114.84.171.155 - - [17/Dec/2022:11:01:02 +0800] "GET /xingrg/kc/buy/cgsh_order_operate.html?command=get_materiel&rest_code=00142&code=00101008283&supplier_code=00100161&order_time=2022-12-17 HTTP/1.1" 200 408
116.192.124.172 - - [17/Dec/2022:11:01:04 +0800] "GET /xingrg/all/function/internal_message.html?_=1671246084440&CODE_STATE=getMsg HTTP/1.1" 200 27
114.88.159.190 - - [17/Dec/2022:11:01:06 +0800] "GET /xingrg/kc/buy/cgsh_order_operate.html?command=get_materiel&rest_code=00141&code=00101004071&supplier_code=00100312&order_time=2022-12-17 HTTP/1.1" 200 409
114.84.171.155 - - [17/Dec/2022:11:01:10 +0800] "GET /xingrg/kc/buy/cgsh_order_operate.html?command=get_materiel&rest_code=00142&code=00101008298&supplier_code=00100161&order_time=2022-12-17 HTTP/1.1" 200 431
114.84.81.136 - - [17/Dec/2022:11:01:10 +0800] "POST /xingrg/services/DataTransmitService HTTP/1.1" 200 524
114.84.81.136 - - [17/Dec/2022:11:01:12 +0800] "POST /xingrg/services/DataTransmitService HTTP/1.1" 200 412
101.83.240.58 - - [17/Dec/2022:11:01:15 +0800] "GET /xingrg/all/function/internal_message.html?_=1671246089939&CODE_STATE=getMsg HTTP/1.1" 200 27
114.88.159.190 - - [17/Dec/2022:11:01:15 +0800] "GET /xingrg/kc/buy/cgsh_order_operate.html?command=get_materiel&rest_code=00141&code=00101004049&supplier_code=00100312&order_time=2022-12-17 HTTP/1.1" 200 413
114.83.222.182 - - [17/Dec/2022:11:01:18 +0800] "GET /xingrg/check_reg.html?_=1671246159548 HTTP/1.1" 200 22
114.83.222.182 - - [17/Dec/2022:11:01:18 +0800] "GET /xingrg/all/function/internal_message.html?_=1671246159550&CODE_STATE=getMsg HTTP/1.1" 200 27
101.83.146.103 - - [17/Dec/2022:11:01:19 +0800] "GET /xingrg/all/function/internal_message.html?_=1671245944784&CODE_STATE=getMsg HTTP/1.1" 200 27
114.84.171.155 - - [17/Dec/2022:11:01:19 +0800] "GET /xingrg/kc/buy/cgsh_order_operate.html?command=get_materiel&rest_code=00142&code=00101008354&supplier_code=00100161&order_time=2022-12-17 HTTP/1.1" 200 412
114.88.159.190 - - [17/Dec/2022:11:01:20 +0800] "GET /xingrg/all/function/internal_message.html?_=1671245689527&CODE_STATE=getMsg HTTP/1.1" 200 27
101.82.212.222 - - [17/Dec/2022:11:01:20 +0800] "GET /xingrg/all/function/internal_message.html?_=1671246098658&CODE_STATE=getMsg HTTP/1.1" 200 27
114.88.159.190 - - [17/Dec/2022:11:01:21 +0800] "GET /xingrg/check_reg.html?_=1671245690476 HTTP/1.1" 200 22
101.83.146.103 - - [17/Dec/2022:11:01:23 +0800] "GET /xingrg/all/function/internal_message.html?_=1671246102242&CODE_STATE=getMsg HTTP/1.1" 200 27
116.192.124.172 - - [17/Dec/2022:11:01:24 +0800] "POST /xingrg/all/common/load_combo.html?type=base HTTP/1.1" 200 3321
116.238.139.35 - - [17/Dec/2022:11:01:25 +0800] "GET /xingrg/all/function/internal_message.html?_=1671246104796&CODE_STATE=getMsg HTTP/1.1" 200 27
180.163.28.143 - - [17/Dec/2022:11:01:26 +0800] "GET /xingrg/all/function/internal_message.html?_=1671246049795&CODE_STATE=getMsg HTTP/1.1" 302 -
180.163.28.143 - - [17/Dec/2022:11:01:26 +0800] "GET /xingrg/login.html HTTP/1.1" 200 7641
58.37.7.28 - - [17/Dec/2022:11:01:26 +0800] "GET /xingrg/all/function/internal_message.html?_=1671246109763&CODE_STATE=getMsg HTTP/1.1" 200 27
180.165.52.19 - - [17/Dec/2022:11:01:27 +0800] "GET /xingrg/all/function/internal_message.html?_=1671246104317&CODE_STATE=getMsg HTTP/1.1" 200 27
114.84.171.155 - - [17/Dec/2022:11:01:28 +0800] "GET /xingrg/kc/buy/cgsh_order_operate.html?command=get_materiel&rest_code=00142&code=00101008352&supplier_code=00100161&order_time=2022-12-17 HTTP/1.1" 200 412
114.84.81.136 - - [17/Dec/2022:11:01:33 +0800] "GET /xingrg/all/function/internal_message.html?_=1671246124333&CODE_STATE=getMsg HTTP/1.1" 200 27
116.192.124.172 - - [17/Dec/2022:11:01:33 +0800] "POST /xingrg/all/common/load_combo.html?type=base HTTP/1.1" 200 3321
114.84.171.155 - - [17/Dec/2022:11:01:36 +0800] "GET /xingrg/all/function/internal_message.html?_=1671246112900&CODE_STATE=getMsg HTTP/1.1" 200 27
114.84.171.155 - - [17/Dec/2022:11:01:39 +0800] "GET /xingrg/kc/buy/cgsh_order_operate.html?command=get_materiel&rest_code=00142&code=00101008323&supplier_code=00100161&order_time=2022-12-17 HTTP/1.1" 200 408
101.82.212.222 - - [17/Dec/2022:11:01:43 +0800] "POST /xingrg/dwr/call/plaincall/AjaxReportQueryService.refreshCache.dwr HTTP/1.1" 200 78
101.82.212.222 - - [17/Dec/2022:11:01:45 +0800] "POST /xingrg/all/report/load_report_page.html HTTP/1.1" 200 51159
101.82.212.222 - - [17/Dec/2022:11:01:45 +0800] "GET /xingrg/servlets/image?cache=0.05598133449450837&image=px HTTP/1.1" 200 807
114.88.159.190 - - [17/Dec/2022:11:01:48 +0800] "GET /xingrg/kc/buy/cgsh_order_operate.html?command=get_materiel&rest_code=00141&code=00101004050&supplier_code=00100312&order_time=2022-12-17 HTTP/1.1" 200 409
114.84.171.155 - - [17/Dec/2022:11:01:49 +0800] "GET /xingrg/kc/buy/cgsh_order_operate.html?command=get_materiel&rest_code=00142&code=00101008459&supplier_code=00100161&order_time=2022-12-17 HTTP/1.1" 200 409
58.221.95.50 - - [17/Dec/2022:11:01:55 +0800] "GET /xingrg/all/function/internal_message.html?_=1671246134642&CODE_STATE=getMsg HTTP/1.1" 200 27
58.221.95.50 - - [17/Dec/2022:11:01:56 +0800] "GET /xingrg/check_reg.html?_=1671246135120 HTTP/1.1" 200 22
114.84.38.109 - - [17/Dec/2022:11:01:57 +0800] "GET /xingrg/all/function/internal_message.html?_=1671246157559&CODE_STATE=getMsg HTTP/1.1" 200 27
114.84.171.155 - - [17/Dec/2022:11:01:58 +0800] "GET /xingrg/kc/buy/cgsh_order_operate.html?command=get_materiel&rest_code=00142&code=00101012029&supplier_code=00100161&order_time=2022-12-17 HTTP/1.1" 200 412
114.88.159.190 - - [17/Dec/2022:11:02:00 +0800] "GET /xingrg/kc/buy/cgsh_order_operate.html?command=get_materiel&rest_code=00141&code=00101004030&supplier_code=00100312&order_time=2022-12-17 HTTP/1.1" 200 408
116.230.105.139 - - [17/Dec/2022:11:02:01 +0800] "GET /xingrg/all/function/internal_message.html?_=1671246126988&CODE_STATE=getMsg HTTP/1.1" 200 27
114.84.171.155 - - [17/Dec/2022:11:02:02 +0800] "POST /xingrg/kc/buy/cgsh_order_operate.html HTTP/1.1" 200 2065
116.192.124.172 - - [17/Dec/2022:11:02:04 +0800] "GET /xingrg/all/function/internal_message.html?_=1671246144435&CODE_STATE=getMsg HTTP/1.1" 200 27
116.192.124.172 - - [17/Dec/2022:11:02:04 +0800] "GET /xingrg/check_reg.html?_=1671246144438 HTTP/1.1" 200 22
114.84.171.155 - - [17/Dec/2022:11:02:07 +0800] "GET /xingrg/kc/buy/cgsh_order_operate.html?command=get_materiel&rest_code=00142&code=00101012024&supplier_code=00100161&order_time=2022-12-17 HTTP/1.1" 200 408
114.88.159.190 - - [17/Dec/2022:11:02:13 +0800] "GET /xingrg/kc/buy/cgsh_order_operate.html?command=get_materiel&rest_code=00141&code=00101004020&supplier_code=00100312&order_time=2022-12-17 HTTP/1.1" 200 409
101.83.240.58 - - [17/Dec/2022:11:02:15 +0800] "GET /xingrg/all/function/internal_message.html?_=1671246149921&CODE_STATE=getMsg HTTP/1.1" 200 27
114.84.171.155 - - [17/Dec/2022:11:02:16 +0800] "GET /xingrg/kc/buy/cgsh_order_operate.html?command=get_materiel&rest_code=00142&code=00101012059&supplier_code=00100161&order_time=2022-12-17 HTTP/1.1" 200 412
114.83.222.182 - - [17/Dec/2022:11:02:18 +0800] "GET /xingrg/all/function/internal_message.html?_=1671246219545&CODE_STATE=getMsg HTTP/1.1" 200 27
101.83.146.103 - - [17/Dec/2022:11:02:19 +0800] "GET /xingrg/all/function/internal_message.html?_=1671246004784&CODE_STATE=getMsg HTTP/1.1" 200 27
114.88.159.190 - - [17/Dec/2022:11:02:20 +0800] "GET /xingrg/all/function/internal_message.html?_=1671245749508&CODE_STATE=getMsg HTTP/1.1" 200 27
101.82.212.222 - - [17/Dec/2022:11:02:20 +0800] "GET /xingrg/all/function/internal_message.html?_=1671246158644&CODE_STATE=getMsg HTTP/1.1" 200 27
101.82.212.222 - - [17/Dec/2022:11:02:20 +0800] "POST /xingrg/dwr/call/plaincall/AjaxReportQueryService.refreshCache.dwr HTTP/1.1" 200 79
101.82.212.222 - - [17/Dec/2022:11:02:22 +0800] "POST /xingrg/all/report/load_report_page.html HTTP/1.1" 200 51101
101.82.212.222 - - [17/Dec/2022:11:02:22 +0800] "GET /xingrg/servlets/image?cache=0.6896633794124356&image=px HTTP/1.1" 200 807
116.192.124.172 - - [17/Dec/2022:11:02:22 +0800] "GET /favicon.ico HTTP/1.1" 404 -
101.83.146.103 - - [17/Dec/2022:11:02:23 +0800] "GET /xingrg/all/function/internal_message.html?_=1671246162240&CODE_STATE=getMsg HTTP/1.1" 200 27
114.84.171.155 - - [17/Dec/2022:11:02:24 +0800] "GET /xingrg/kc/buy/cgsh_order_operate.html?command=get_materiel&rest_code=00142&code=00101016057&supplier_code=00100161&order_time=2022-12-17 HTTP/1.1" 200 408
116.238.139.35 - - [17/Dec/2022:11:02:25 +0800] "GET /xingrg/all/function/internal_message.html?_=1671246164797&CODE_STATE=getMsg HTTP/1.1" 200 27
58.37.7.28 - - [17/Dec/2022:11:02:26 +0800] "GET /xingrg/all/function/internal_message.html?_=1671246169735&CODE_STATE=getMsg HTTP/1.1" 200 27
180.165.52.19 - - [17/Dec/2022:11:02:27 +0800] "GET /xingrg/all/function/internal_message.html?_=1671246164304&CODE_STATE=getMsg HTTP/1.1" 200 27
114.84.171.155 - - [17/Dec/2022:11:02:32 +0800] "POST /xingrg/kc/buy/cgsh_order_operate.html HTTP/1.1" 200 37
114.84.81.136 - - [17/Dec/2022:11:02:33 +0800] "GET /xingrg/all/function/internal_message.html?_=1671246184331&CODE_STATE=getMsg HTTP/1.1" 200 27
114.84.81.136 - - [17/Dec/2022:11:02:33 +0800] "GET /xingrg/check_reg.html?_=1671246184347 HTTP/1.1" 200 22
114.88.159.190 - - [17/Dec/2022:11:02:34 +0800] "GET /xingrg/kc/buy/cgsh_order_operate.html?command=get_materiel&rest_code=00141&code=00101005022&supplier_code=00100312&order_time=2022-12-17 HTTP/1.1" 200 417
114.84.171.155 - - [17/Dec/2022:11:02:34 +0800] "POST /xingrg/kc/buy/cgsh_order_operate.html HTTP/1.1" 200 15020
114.84.171.155 - - [17/Dec/2022:11:02:36 +0800] "GET /xingrg/all/function/internal_message.html?_=1671246172924&CODE_STATE=getMsg HTTP/1.1" 200 27
101.82.212.222 - - [17/Dec/2022:11:02:38 +0800] "POST /xingrg/all/report/report_print.html HTTP/1.1" 200 7168
114.84.171.155 - - [17/Dec/2022:11:02:40 +0800] "POST /xingrg/kc/buy/cgsh_order_operate.html HTTP/1.1" 200 37
114.84.171.155 - - [17/Dec/2022:11:02:42 +0800] "POST /xingrg/kc/buy/cgsh_order_operate.html HTTP/1.1" 200 15020
114.84.171.155 - - [17/Dec/2022:11:02:47 +0800] "POST /xingrg/kc/buy/cgsh_order_operate.html HTTP/1.1" 200 37
114.88.159.190 - - [17/Dec/2022:11:02:47 +0800] "GET /xingrg/kc/buy/cgsh_order_operate.html?command=get_materiel&rest_code=00141&code=00101005072&supplier_code=00100312&order_time=2022-12-17 HTTP/1.1" 200 417
114.84.171.155 - - [17/Dec/2022:11:02:49 +0800] "POST /xingrg/kc/buy/cgsh_order_operate.html HTTP/1.1" 200 15020
114.84.38.109 - - [17/Dec/2022:11:02:53 +0800] "GET /xingrg/check_reg.html?_=1671246213501 HTTP/1.1" 200 22
114.84.171.155 - - [17/Dec/2022:11:02:54 +0800] "POST /xingrg/kc/buy/cgsh_order_operate.html HTTP/1.1" 200 37
58.221.95.50 - - [17/Dec/2022:11:02:55 +0800] "GET /xingrg/all/function/internal_message.html?_=1671246194626&CODE_STATE=getMsg HTTP/1.1" 200 27
114.84.171.155 - - [17/Dec/2022:11:02:56 +0800] "POST /xingrg/kc/buy/cgsh_order_operate.html HTTP/1.1" 200 15020
114.84.38.109 - - [17/Dec/2022:11:02:57 +0800] "GET /xingrg/all/function/internal_message.html?_=1671246217574&CODE_STATE=getMsg HTTP/1.1" 200 27
116.230.105.139 - - [17/Dec/2022:11:03:01 +0800] "GET /xingrg/all/function/internal_message.html?_=1671246186978&CODE_STATE=getMsg HTTP/1.1" 200 27
114.84.171.155 - - [17/Dec/2022:11:03:02 +0800] "POST /xingrg/kc/buy/cgsh_order_operate.html HTTP/1.1" 200 37
114.88.159.190 - - [17/Dec/2022:11:03:03 +0800] "GET /xingrg/kc/buy/cgsh_order_operate.html?command=get_materiel&rest_code=00141&code=00101004023&supplier_code=00100312&order_time=2022-12-17 HTTP/1.1" 200 428
116.192.124.172 - - [17/Dec/2022:11:03:04 +0800] "GET /xingrg/all/function/internal_message.html?_=1671246204422&CODE_STATE=getMsg HTTP/1.1" 200 27
114.84.171.155 - - [17/Dec/2022:11:03:04 +0800] "POST /xingrg/kc/buy/cgsh_order_operate.html HTTP/1.1" 200 15020
114.84.171.155 - - [17/Dec/2022:11:03:12 +0800] "POST /xingrg/kc/buy/cgsh_list_operate.html HTTP/1.1" 200 2299
114.84.81.136 - - [17/Dec/2022:11:03:13 +0800] "POST /xingrg/services/DataTransmitService HTTP/1.1" 200 524
101.83.240.58 - - [17/Dec/2022:11:03:15 +0800] "GET /xingrg/all/function/internal_message.html?_=1671246209902&CODE_STATE=getMsg HTTP/1.1" 200 27
114.83.222.182 - - [17/Dec/2022:11:03:18 +0800] "GET /xingrg/all/function/internal_message.html?_=1671246279549&CODE_STATE=getMsg HTTP/1.1" 200 27
101.83.146.103 - - [17/Dec/2022:11:03:19 +0800] "GET /xingrg/all/function/internal_message.html?_=1671246064784&CODE_STATE=getMsg HTTP/1.1" 200 27
101.82.212.222 - - [17/Dec/2022:11:03:20 +0800] "GET /xingrg/all/function/internal_message.html?_=1671246218636&CODE_STATE=getMsg HTTP/1.1" 200 27
114.88.159.190 - - [17/Dec/2022:11:03:23 +0800] "POST /xingrg/kc/buy/cgsh_order_operate.html HTTP/1.1" 200 37
101.83.146.103 - - [17/Dec/2022:11:03:23 +0800] "GET /xingrg/all/function/internal_message.html?_=1671246222240&CODE_STATE=getMsg HTTP/1.1" 200 27
114.88.159.190 - - [17/Dec/2022:11:03:25 +0800] "POST /xingrg/kc/buy/cgsh_order_operate.html HTTP/1.1" 200 8627
116.238.139.35 - - [17/Dec/2022:11:03:25 +0800] "GET /xingrg/all/function/internal_message.html?_=1671246224803&CODE_STATE=getMsg HTTP/1.1" 200 27
116.192.124.172 - - [17/Dec/2022:11:03:25 +0800] "GET /xingrg/javascript/auto/indicator.gif HTTP/1.1" 404 1066
114.88.159.190 - - [17/Dec/2022:11:03:26 +0800] "GET /xingrg/kc/print/load_data.html?order_code=212022121704827&kc_code=cgsh&condition= HTTP/1.1" 200 2956
58.37.7.28 - - [17/Dec/2022:11:03:26 +0800] "GET /xingrg/check_reg.html?_=1671246229465 HTTP/1.1" 200 22
58.37.7.28 - - [17/Dec/2022:11:03:26 +0800] "GET /xingrg/all/function/internal_message.html?_=1671246229704&CODE_STATE=getMsg HTTP/1.1" 200 27
180.165.52.19 - - [17/Dec/2022:11:03:27 +0800] "GET /xingrg/all/function/internal_message.html?_=1671246224302&CODE_STATE=getMsg HTTP/1.1" 200 27
180.165.52.19 - - [17/Dec/2022:11:03:27 +0800] "GET /xingrg/check_reg.html?_=1671246224303 HTTP/1.1" 200 22
116.192.124.172 - - [17/Dec/2022:11:03:27 +0800] "GET /xingrg/kc/base/wldb_order_operate.html?command=get_materiel&rest_code=00102&base_code=0010476&code=00101013011 HTTP/1.1" 200 451
114.84.81.136 - - [17/Dec/2022:11:03:33 +0800] "GET /xingrg/all/function/internal_message.html?_=1671246244356&CODE_STATE=getMsg HTTP/1.1" 200 27
114.88.159.190 - - [17/Dec/2022:11:03:34 +0800] "GET /xingrg/kc/buy/cgsh_order_add.html HTTP/1.1" 200 69797
114.88.159.190 - - [17/Dec/2022:11:03:34 +0800] "GET /xingrg/javascript/easyui/themes/default/validatebox.css HTTP/1.1" 404 1104
114.88.159.190 - - [17/Dec/2022:11:03:34 +0800] "POST /xingrg/kc/buy/cgsh_order_operate.html HTTP/1.1" 200 8245
114.84.171.155 - - [17/Dec/2022:11:03:36 +0800] "GET /xingrg/all/function/internal_message.html?_=1671246232905&CODE_STATE=getMsg HTTP/1.1" 200 27
116.192.124.172 - - [17/Dec/2022:11:03:36 +0800] "GET /xingrg/kc/base/wldb_order_operate.html?command=get_materiel&rest_code=00102&base_code=0010476&code=00101019405 HTTP/1.1" 200 482
116.192.124.172 - - [17/Dec/2022:11:03:41 +0800] "GET /xingrg/kc/base/wldb_order_operate.html?command=get_materiel&rest_code=00102&base_code=0010476&code=00101019438 HTTP/1.1" 200 461
114.88.159.190 - - [17/Dec/2022:11:03:46 +0800] "GET /xingrg/kc/buy/cgsh_order_operate.html?command=get_materiel&rest_code=00141&code=00101001023&supplier_code=00100430&order_time=2022-12-17 HTTP/1.1" 200 431
58.221.95.50 - - [17/Dec/2022:11:03:55 +0800] "GET /xingrg/all/function/internal_message.html?_=1671246254626&CODE_STATE=getMsg HTTP/1.1" 200 27
114.84.38.109 - - [17/Dec/2022:11:03:57 +0800] "GET /xingrg/all/function/internal_message.html?_=1671246277586&CODE_STATE=getMsg HTTP/1.1" 200 27
114.88.159.190 - - [17/Dec/2022:11:03:58 +0800] "GET /xingrg/kc/buy/cgsh_order_operate.html?command=get_materiel&rest_code=00141&code=00101001301&supplier_code=00100430&order_time=2022-12-17 HTTP/1.1" 200 406
116.230.105.139 - - [17/Dec/2022:11:04:01 +0800] "GET /xingrg/all/function/internal_message.html?_=1671246246972&CODE_STATE=getMsg HTTP/1.1" 200 27
116.192.124.172 - - [17/Dec/2022:11:04:04 +0800] "GET /xingrg/all/function/internal_message.html?_=1671246264433&CODE_STATE=getMsg HTTP/1.1" 200 27
114.88.159.190 - - [17/Dec/2022:11:04:07 +0800] "POST /xingrg/kc/buy/cgsh_order_operate.html HTTP/1.1" 200 37
114.88.159.190 - - [17/Dec/2022:11:04:09 +0800] "POST /xingrg/kc/buy/cgsh_order_operate.html HTTP/1.1" 200 2667
114.88.159.190 - - [17/Dec/2022:11:04:11 +0800] "GET /xingrg/kc/print/load_data.html?order_code=212022121704828&kc_code=cgsh&condition= HTTP/1.1" 200 671
116.192.124.172 - - [17/Dec/2022:11:04:14 +0800] "POST /xingrg/kc/base/wldb_order_operate.html HTTP/1.1" 200 37
101.83.240.58 - - [17/Dec/2022:11:04:15 +0800] "GET /xingrg/all/function/internal_message.html?_=1671246269883&CODE_STATE=getMsg HTTP/1.1" 200 27
116.192.124.172 - - [17/Dec/2022:11:04:17 +0800] "POST /xingrg/kc/base/wldb_order_operate.html HTTP/1.1" 200 12
116.192.124.172 - - [17/Dec/2022:11:04:17 +0800] "POST /xingrg/kc/base/wldb_order_operate.html HTTP/1.1" 200 3200
114.83.222.182 - - [17/Dec/2022:11:04:18 +0800] "GET /xingrg/all/function/internal_message.html?_=1671246339541&CODE_STATE=getMsg HTTP/1.1" 200 27
101.83.146.103 - - [17/Dec/2022:11:04:19 +0800] "GET /xingrg/all/function/internal_message.html?_=1671246124784&CODE_STATE=getMsg HTTP/1.1" 200 27
114.88.159.190 - - [17/Dec/2022:11:04:20 +0800] "GET /xingrg/all/function/internal_message.html?_=1671245869503&CODE_STATE=getMsg HTTP/1.1" 200 27
101.82.212.222 - - [17/Dec/2022:11:04:20 +0800] "GET /xingrg/all/function/internal_message.html?_=1671246278635&CODE_STATE=getMsg HTTP/1.1" 200 27
101.82.212.222 - - [17/Dec/2022:11:04:20 +0800] "GET /xingrg/check_reg.html?_=1671246278636 HTTP/1.1" 200 22
101.83.146.103 - - [17/Dec/2022:11:04:23 +0800] "GET /xingrg/all/function/internal_message.html?_=1671246282240&CODE_STATE=getMsg HTTP/1.1" 200 27
116.238.139.35 - - [17/Dec/2022:11:04:25 +0800] "GET /xingrg/all/function/internal_message.html?_=1671246284804&CODE_STATE=getMsg HTTP/1.1" 200 27
58.37.7.28 - - [17/Dec/2022:11:04:26 +0800] "GET /xingrg/all/function/internal_message.html?_=1671246289679&CODE_STATE=getMsg HTTP/1.1" 200 27
180.165.52.19 - - [17/Dec/2022:11:04:27 +0800] "GET /xingrg/all/function/internal_message.html?_=1671246284297&CODE_STATE=getMsg HTTP/1.1" 200 27
116.192.124.172 - - [17/Dec/2022:11:04:31 +0800] "GET /xingrg/kc/base/wldb_order_info.html?code=422022121701327 HTTP/1.1" 200 26257
116.192.124.172 - - [17/Dec/2022:11:04:31 +0800] "GET /xingrg/javascript/easyui/themes/default/validatebox.css HTTP/1.1" 404 1104
116.192.124.172 - - [17/Dec/2022:11:04:31 +0800] "POST /xingrg/kc/base/wldb_order_operate.html HTTP/1.1" 200 1472
114.84.81.136 - - [17/Dec/2022:11:04:33 +0800] "GET /xingrg/all/function/internal_message.html?_=1671246304370&CODE_STATE=getMsg HTTP/1.1" 200 27
114.84.171.155 - - [17/Dec/2022:11:04:36 +0800] "GET /xingrg/all/function/internal_message.html?_=1671246292891&CODE_STATE=getMsg HTTP/1.1" 200 27
58.221.95.50 - - [17/Dec/2022:11:04:55 +0800] "GET /xingrg/all/function/internal_message.html?_=1671246314616&CODE_STATE=getMsg HTTP/1.1" 200 27
114.84.38.109 - - [17/Dec/2022:11:04:57 +0800] "GET /xingrg/all/function/internal_message.html?_=1671246338061&CODE_STATE=getMsg HTTP/1.1" 200 27
116.230.105.139 - - [17/Dec/2022:11:05:01 +0800] "GET /xingrg/all/function/internal_message.html?_=1671246306973&CODE_STATE=getMsg HTTP/1.1" 200 27
116.192.124.172 - - [17/Dec/2022:11:05:01 +0800] "GET /xingrg/kc/base/wldb_order_add.html HTTP/1.1" 200 30380
116.192.124.172 - - [17/Dec/2022:11:05:01 +0800] "POST /xingrg/kc/base/wldb_order_operate.html HTTP/1.1" 200 6806
116.192.124.172 - - [17/Dec/2022:11:05:01 +0800] "GET /xingrg/javascript/easyui/themes/default/validatebox.css HTTP/1.1" 404 1104
116.192.124.172 - - [17/Dec/2022:11:05:04 +0800] "GET /xingrg/all/function/internal_message.html?_=1671246324463&CODE_STATE=getMsg HTTP/1.1" 200 27
116.192.124.172 - - [17/Dec/2022:11:05:08 +0800] "POST /xingrg/all/common/load_combo.html?type=base HTTP/1.1" 200 3321
101.83.240.58 - - [17/Dec/2022:11:05:14 +0800] "GET /xingrg/check_reg.html?_=1671246329267 HTTP/1.1" 200 22
101.83.240.58 - - [17/Dec/2022:11:05:15 +0800] "GET /xingrg/all/function/internal_message.html?_=1671246329857&CODE_STATE=getMsg HTTP/1.1" 200 27
116.192.124.172 - - [17/Dec/2022:11:05:16 +0800] "POST /xingrg/all/common/load_combo.html?type=base HTTP/1.1" 200 3321
114.83.222.182 - - [17/Dec/2022:11:05:18 +0800] "GET /xingrg/all/function/internal_message.html?_=1671246399544&CODE_STATE=getMsg HTTP/1.1" 200 27
101.83.146.103 - - [17/Dec/2022:11:05:19 +0800] "GET /xingrg/check_reg.html?_=1671246184785 HTTP/1.1" 200 22
101.83.146.103 - - [17/Dec/2022:11:05:19 +0800] "GET /xingrg/all/function/internal_message.html?_=1671246184788&CODE_STATE=getMsg HTTP/1.1" 200 27
114.88.159.190 - - [17/Dec/2022:11:05:20 +0800] "GET /xingrg/all/function/internal_message.html?_=1671245929485&CODE_STATE=getMsg HTTP/1.1" 200 27
114.88.159.190 - - [17/Dec/2022:11:05:20 +0800] "GET /xingrg/kc/buy/buy_main.html HTTP/1.1" 200 12412
114.88.159.190 - - [17/Dec/2022:11:05:20 +0800] "GET /xingrg/css/new_ie.css HTTP/1.1" 404 1036
101.82.212.222 - - [17/Dec/2022:11:05:20 +0800] "GET /xingrg/all/function/internal_message.html?_=1671246338633&CODE_STATE=getMsg HTTP/1.1" 200 27
114.88.159.190 - - [17/Dec/2022:11:05:20 +0800] "GET /xingrg/images/yd/bt.gif HTTP/1.1" 404 1040
114.88.159.190 - - [17/Dec/2022:11:05:21 +0800] "GET /xingrg/kc/buy/cgsh_order_list.html HTTP/1.1" 200 54021
116.192.124.172 - - [17/Dec/2022:11:05:22 +0800] "GET /xingrg/kc/base/wldb_order_operate.html?command=get_materiel&rest_code=00102&base_code=0010476&code=00101019084 HTTP/1.1" 200 473
101.83.146.103 - - [17/Dec/2022:11:05:23 +0800] "GET /xingrg/check_reg.html?_=1671246342241 HTTP/1.1" 200 22
101.83.146.103 - - [17/Dec/2022:11:05:23 +0800] "GET /xingrg/all/function/internal_message.html?_=1671246342244&CODE_STATE=getMsg HTTP/1.1" 200 27
114.88.159.190 - - [17/Dec/2022:11:05:24 +0800] "POST /xingrg/kc/buy/cgsh_list_operate.html HTTP/1.1" 200 5757
116.238.139.35 - - [17/Dec/2022:11:05:25 +0800] "GET /xingrg/all/function/internal_message.html?_=1671246344806&CODE_STATE=getMsg HTTP/1.1" 200 27
116.238.139.35 - - [17/Dec/2022:11:05:25 +0800] "GET /xingrg/check_reg.html?_=1671246344810 HTTP/1.1" 200 22
58.37.7.28 - - [17/Dec/2022:11:05:26 +0800] "GET /xingrg/all/function/internal_message.html?_=1671246349653&CODE_STATE=getMsg HTTP/1.1" 200 27
180.165.52.19 - - [17/Dec/2022:11:05:27 +0800] "GET /xingrg/all/function/internal_message.html?_=1671246344310&CODE_STATE=getMsg HTTP/1.1" 200 27
114.88.159.190 - - [17/Dec/2022:11:05:28 +0800] "POST /xingrg/kc/buy/cgsh_list_operate.html HTTP/1.1" 200 573
116.192.124.172 - - [17/Dec/2022:11:05:28 +0800] "GET /xingrg/kc/base/wldb_order_operate.html?command=get_materiel&rest_code=00102&base_code=0010476&code=00101019015 HTTP/1.1" 200 450
114.88.159.190 - - [17/Dec/2022:11:05:29 +0800] "GET /xingrg/kc/buy/cgsh_order_info.html?code=212022121704827 HTTP/1.1" 200 69810
114.88.159.190 - - [17/Dec/2022:11:05:29 +0800] "GET /xingrg/javascript/easyui/themes/default/validatebox.css HTTP/1.1" 404 1104
114.88.159.190 - - [17/Dec/2022:11:05:30 +0800] "POST /xingrg/kc/buy/cgsh_order_operate.html HTTP/1.1" 200 8627
114.84.81.136 - - [17/Dec/2022:11:05:33 +0800] "GET /xingrg/all/function/internal_message.html?_=1671246364368&CODE_STATE=getMsg HTTP/1.1" 200 27
116.192.124.172 - - [17/Dec/2022:11:05:34 +0800] "POST /xingrg/kc/base/wldb_order_operate.html HTTP/1.1" 200 37
114.84.171.155 - - [17/Dec/2022:11:05:36 +0800] "GET /xingrg/check_reg.html?_=1671246352875 HTTP/1.1" 200 22
114.84.171.155 - - [17/Dec/2022:11:05:36 +0800] "GET /xingrg/all/function/internal_message.html?_=1671246352878&CODE_STATE=getMsg HTTP/1.1" 200 27
116.192.124.172 - - [17/Dec/2022:11:05:36 +0800] "POST /xingrg/kc/base/wldb_order_operate.html HTTP/1.1" 200 12
116.192.124.172 - - [17/Dec/2022:11:05:37 +0800] "POST /xingrg/kc/base/wldb_order_operate.html HTTP/1.1" 200 2696
116.192.124.172 - - [17/Dec/2022:11:05:40 +0800] "GET /xingrg/kc/base/wldb_order_info.html?code=422022121701328 HTTP/1.1" 200 26256
116.192.124.172 - - [17/Dec/2022:11:05:40 +0800] "GET /xingrg/javascript/easyui/themes/default/validatebox.css HTTP/1.1" 404 1104
116.192.124.172 - - [17/Dec/2022:11:05:40 +0800] "POST /xingrg/kc/base/wldb_order_operate.html HTTP/1.1" 200 980
114.88.159.190 - - [17/Dec/2022:11:05:45 +0800] "POST /xingrg/kc/buy/cgsh_order_operate.html HTTP/1.1" 200 37
114.88.159.190 - - [17/Dec/2022:11:05:47 +0800] "POST /xingrg/kc/buy/cgsh_order_operate.html HTTP/1.1" 200 8624
114.88.159.190 - - [17/Dec/2022:11:05:49 +0800] "GET /xingrg/kc/buy/buy_main.html HTTP/1.1" 200 12412
114.88.159.190 - - [17/Dec/2022:11:05:49 +0800] "GET /xingrg/css/new_ie.css HTTP/1.1" 404 1036
114.88.159.190 - - [17/Dec/2022:11:05:49 +0800] "GET /xingrg/images/yd/bt.gif HTTP/1.1" 404 1040
114.88.159.190 - - [17/Dec/2022:11:05:50 +0800] "GET /xingrg/kc/buy/cgsh_order_list.html HTTP/1.1" 200 54021
114.88.159.190 - - [17/Dec/2022:11:05:53 +0800] "POST /xingrg/kc/buy/cgsh_list_operate.html HTTP/1.1" 200 5757
58.221.95.50 - - [17/Dec/2022:11:05:55 +0800] "GET /xingrg/all/function/internal_message.html?_=1671246374608&CODE_STATE=getMsg HTTP/1.1" 200 27
114.88.159.190 - - [17/Dec/2022:11:05:56 +0800] "POST /xingrg/kc/buy/cgsh_list_operate.html HTTP/1.1" 200 573
114.84.38.109 - - [17/Dec/2022:11:05:57 +0800] "GET /xingrg/all/function/internal_message.html?_=1671246398066&CODE_STATE=getMsg HTTP/1.1" 200 27
114.88.159.190 - - [17/Dec/2022:11:05:58 +0800] "GET /xingrg/kc/buy/cgsh_order_info.html?code=212022121704827 HTTP/1.1" 200 69810
114.88.159.190 - - [17/Dec/2022:11:05:58 +0800] "GET /xingrg/javascript/easyui/themes/default/validatebox.css HTTP/1.1" 404 1104
114.88.159.190 - - [17/Dec/2022:11:05:59 +0800] "POST /xingrg/kc/buy/cgsh_order_operate.html HTTP/1.1" 200 8624
116.230.105.139 - - [17/Dec/2022:11:06:01 +0800] "GET /xingrg/all/function/internal_message.html?_=1671246366967&CODE_STATE=getMsg HTTP/1.1" 200 27
116.230.105.139 - - [17/Dec/2022:11:06:01 +0800] "GET /xingrg/check_reg.html?_=1671246366977 HTTP/1.1" 200 22
116.192.124.172 - - [17/Dec/2022:11:06:01 +0800] "GET /xingrg/kc/base/wldb_order_add.html HTTP/1.1" 200 30380
116.192.124.172 - - [17/Dec/2022:11:06:01 +0800] "POST /xingrg/kc/base/wldb_order_operate.html HTTP/1.1" 200 6806
116.192.124.172 - - [17/Dec/2022:11:06:02 +0800] "GET /xingrg/javascript/easyui/themes/default/validatebox.css HTTP/1.1" 404 1104
116.192.124.172 - - [17/Dec/2022:11:06:04 +0800] "GET /xingrg/all/function/internal_message.html?_=1671246384427&CODE_STATE=getMsg HTTP/1.1" 200 27
101.83.240.58 - - [17/Dec/2022:11:06:15 +0800] "GET /xingrg/all/function/internal_message.html?_=1671246389837&CODE_STATE=getMsg HTTP/1.1" 200 27
114.83.222.182 - - [17/Dec/2022:11:06:18 +0800] "GET /xingrg/all/function/internal_message.html?_=1671246459548&CODE_STATE=getMsg HTTP/1.1" 200 27
114.83.222.182 - - [17/Dec/2022:11:06:18 +0800] "GET /xingrg/check_reg.html?_=1671246459550 HTTP/1.1" 200 22
101.83.146.103 - - [17/Dec/2022:11:06:19 +0800] "GET /xingrg/all/function/internal_message.html?_=1671246244787&CODE_STATE=getMsg HTTP/1.1" 200 27
114.88.159.190 - - [17/Dec/2022:11:06:20 +0800] "GET /xingrg/all/function/internal_message.html?_=1671245989469&CODE_STATE=getMsg HTTP/1.1" 200 27
101.82.212.222 - - [17/Dec/2022:11:06:20 +0800] "GET /xingrg/all/function/internal_message.html?_=1671246398613&CODE_STATE=getMsg HTTP/1.1" 200 27
114.88.159.190 - - [17/Dec/2022:11:06:21 +0800] "GET /xingrg/check_reg.html?_=1671245990469 HTTP/1.1" 200 22
116.192.124.172 - - [17/Dec/2022:11:06:23 +0800] "POST /xingrg/all/common/load_combo.html?type=base HTTP/1.1" 200 3321
101.83.146.103 - - [17/Dec/2022:11:06:23 +0800] "GET /xingrg/all/function/internal_message.html?_=1671246402244&CODE_STATE=getMsg HTTP/1.1" 200 27
116.238.139.35 - - [17/Dec/2022:11:06:25 +0800] "GET /xingrg/all/function/internal_message.html?_=1671246404816&CODE_STATE=getMsg HTTP/1.1" 200 27
116.192.124.172 - - [17/Dec/2022:11:06:26 +0800] "POST /xingrg/all/common/load_combo.html?type=base HTTP/1.1" 200 3321
58.37.7.28 - - [17/Dec/2022:11:06:26 +0800] "GET /xingrg/all/function/internal_message.html?_=1671246409627&CODE_STATE=getMsg HTTP/1.1" 200 27
180.165.52.19 - - [17/Dec/2022:11:06:27 +0800] "GET /xingrg/all/function/internal_message.html?_=1671246404303&CODE_STATE=getMsg HTTP/1.1" 200 27
114.84.81.136 - - [17/Dec/2022:11:06:33 +0800] "GET /xingrg/all/function/internal_message.html?_=1671246424366&CODE_STATE=getMsg HTTP/1.1" 200 27
114.84.171.155 - - [17/Dec/2022:11:06:36 +0800] "GET /xingrg/all/function/internal_message.html?_=1671246412878&CODE_STATE=getMsg HTTP/1.1" 200 27
58.221.95.50 - - [17/Dec/2022:11:06:55 +0800] "GET /xingrg/all/function/internal_message.html?_=1671246434592&CODE_STATE=getMsg HTTP/1.1" 200 27
58.221.95.50 - - [17/Dec/2022:11:06:56 +0800] "GET /xingrg/check_reg.html?_=1671246435110 HTTP/1.1" 200 22
114.84.38.109 - - [17/Dec/2022:11:06:58 +0800] "GET /xingrg/all/function/internal_message.html?_=1671246458502&CODE_STATE=getMsg HTTP/1.1" 200 27
116.230.105.139 - - [17/Dec/2022:11:07:01 +0800] "GET /xingrg/all/function/internal_message.html?_=1671246426974&CODE_STATE=getMsg HTTP/1.1" 200 27
116.192.124.172 - - [17/Dec/2022:11:07:04 +0800] "GET /xingrg/all/function/internal_message.html?_=1671246444442&CODE_STATE=getMsg HTTP/1.1" 200 27
116.192.124.172 - - [17/Dec/2022:11:07:04 +0800] "GET /xingrg/check_reg.html?_=1671246444443 HTTP/1.1" 200 22
101.83.240.58 - - [17/Dec/2022:11:07:15 +0800] "GET /xingrg/all/function/internal_message.html?_=1671246449835&CODE_STATE=getMsg HTTP/1.1" 200 27
114.83.222.182 - - [17/Dec/2022:11:07:18 +0800] "GET /xingrg/all/function/internal_message.html?_=1671246519550&CODE_STATE=getMsg HTTP/1.1" 200 27
101.83.146.103 - - [17/Dec/2022:11:07:19 +0800] "GET /xingrg/all/function/internal_message.html?_=1671246304788&CODE_STATE=getMsg HTTP/1.1" 200 27
114.88.159.190 - - [17/Dec/2022:11:07:20 +0800] "GET /xingrg/all/function/internal_message.html?_=1671246049443&CODE_STATE=getMsg HTTP/1.1" 200 27
101.83.146.103 - - [17/Dec/2022:11:07:23 +0800] "GET /xingrg/all/function/internal_message.html?_=1671246462245&CODE_STATE=getMsg HTTP/1.1" 200 27
116.238.139.35 - - [17/Dec/2022:11:07:25 +0800] "GET /xingrg/all/function/internal_message.html?_=1671246464804&CODE_STATE=getMsg HTTP/1.1" 200 27
58.37.7.28 - - [17/Dec/2022:11:07:26 +0800] "GET /xingrg/all/function/internal_message.html?_=1671246469606&CODE_STATE=getMsg HTTP/1.1" 200 27
180.165.52.19 - - [17/Dec/2022:11:07:27 +0800] "GET /xingrg/all/function/internal_message.html?_=1671246464302&CODE_STATE=getMsg HTTP/1.1" 200 27
114.84.81.136 - - [17/Dec/2022:11:07:33 +0800] "GET /xingrg/all/function/internal_message.html?_=1671246484364&CODE_STATE=getMsg HTTP/1.1" 200 27
114.84.81.136 - - [17/Dec/2022:11:07:33 +0800] "GET /xingrg/check_reg.html?_=1671246484365 HTTP/1.1" 200 22
114.84.171.155 - - [17/Dec/2022:11:07:36 +0800] "GET /xingrg/all/function/internal_message.html?_=1671246472879&CODE_STATE=getMsg HTTP/1.1" 200 27
180.165.52.19 - - [17/Dec/2022:11:07:40 +0800] "GET /xingrg/javascript/jquery_easy_ui/themes/default/images/tabs_close.gif HTTP/1.1" 200 829
180.165.52.19 - - [17/Dec/2022:11:07:40 +0800] "GET /xingrg/css/base.css HTTP/1.1" 200 2811
180.165.52.19 - - [17/Dec/2022:11:07:40 +0800] "GET /xingrg/css/site.css HTTP/1.1" 200 7541
180.165.52.19 - - [17/Dec/2022:11:07:40 +0800] "GET /xingrg/javascript/jquery_tools/datebox.css HTTP/1.1" 200 2597
180.165.52.19 - - [17/Dec/2022:11:07:40 +0800] "GET /xingrg/javascript/easyui/themes/icon.css HTTP/1.1" 200 4483
180.165.52.19 - - [17/Dec/2022:11:07:40 +0800] "GET /xingrg/javascript/auto/jquery.autocomplete.css HTTP/1.1" 200 587
180.165.52.19 - - [17/Dec/2022:11:07:40 +0800] "GET /xingrg/javascript/jquery_tools/fix.css HTTP/1.1" 200 1702
180.165.52.19 - - [17/Dec/2022:11:07:40 +0800] "GET /xingrg/javascript/jquery_tools/table.css HTTP/1.1" 200 1032
180.165.52.19 - - [17/Dec/2022:11:07:40 +0800] "GET /xingrg/javascript/jquery_tools/jquery.tools.min.js HTTP/1.1" 200 138801
180.165.52.19 - - [17/Dec/2022:11:07:40 +0800] "GET /xingrg/kc/buy/cgsh_order_list.html HTTP/1.1" 200 54025
180.165.52.19 - - [17/Dec/2022:11:07:40 +0800] "GET /xingrg/javascript/jquery_tools/jquery.tools.hotkey.js HTTP/1.1" 200 3242
180.165.52.19 - - [17/Dec/2022:11:07:40 +0800] "GET /xingrg/javascript/jquery_tools/jquery.tools.table.js HTTP/1.1" 200 6994
180.165.52.19 - - [17/Dec/2022:11:07:40 +0800] "GET /xingrg/javascript/jquery_tools/list_manager.js HTTP/1.1" 200 3652
180.165.52.19 - - [17/Dec/2022:11:07:40 +0800] "GET /xingrg/javascript/easyui/themes/default/easyui.css HTTP/1.1" 200 30432
180.165.52.19 - - [17/Dec/2022:11:07:40 +0800] "GET /xingrg/javascript/easyui/easyloader.js HTTP/1.1" 200 5975
180.165.52.19 - - [17/Dec/2022:11:07:40 +0800] "GET /xingrg/javascript/jquery.cookie.js HTTP/1.1" 200 5513
180.165.52.19 - - [17/Dec/2022:11:07:40 +0800] "GET /xingrg/javascript/jquery_tools/jquery.tools.extend.js HTTP/1.1" 200 15385
180.165.52.19 - - [17/Dec/2022:11:07:40 +0800] "GET /xingrg/javascript/print/LodopFuncs.js HTTP/1.1" 200 5121
180.165.52.19 - - [17/Dec/2022:11:07:40 +0800] "GET /xingrg/javascript/auto/jquery.autocomplete.js HTTP/1.1" 200 21624
180.165.52.19 - - [17/Dec/2022:11:07:40 +0800] "GET /xingrg/javascript/easyui/themes/icons/import_new.png HTTP/1.1" 200 1247
180.165.52.19 - - [17/Dec/2022:11:07:40 +0800] "GET /xingrg/javascript/easyui/themes/icons/edit_add_new.png HTTP/1.1" 200 2997
180.165.52.19 - - [17/Dec/2022:11:07:40 +0800] "GET /xingrg/javascript/easyui/themes/icons/cance_new.png HTTP/1.1" 200 3986
180.165.52.19 - - [17/Dec/2022:11:07:40 +0800] "GET /xingrg/javascript/easyui/themes/icons/field_new.png HTTP/1.1" 200 1097
180.165.52.19 - - [17/Dec/2022:11:07:40 +0800] "GET /xingrg/javascript/easyui/themes/icons/check_new.png HTTP/1.1" 200 3224
180.165.52.19 - - [17/Dec/2022:11:07:40 +0800] "GET /xingrg/javascript/easyui/plugins/jquery.parser.js HTTP/1.1" 200 1142
180.165.52.19 - - [17/Dec/2022:11:07:40 +0800] "GET /xingrg/images/control/ajaxLoader.gif HTTP/1.1" 200 4659
180.165.52.19 - - [17/Dec/2022:11:07:41 +0800] "POST /xingrg/kc/buy/cgsh_list_operate.html HTTP/1.1" 200 986
114.84.38.109 - - [17/Dec/2022:11:07:53 +0800] "GET /xingrg/check_reg.html?_=1671246513511 HTTP/1.1" 200 22
58.221.95.50 - - [17/Dec/2022:11:07:55 +0800] "GET /xingrg/all/function/internal_message.html?_=1671246494579&CODE_STATE=getMsg HTTP/1.1" 200 27
114.84.38.109 - - [17/Dec/2022:11:07:58 +0800] "GET /xingrg/all/function/internal_message.html?_=1671246518514&CODE_STATE=getMsg HTTP/1.1" 200 27
116.230.105.139 - - [17/Dec/2022:11:08:01 +0800] "GET /xingrg/all/function/internal_message.html?_=1671246486976&CODE_STATE=getMsg HTTP/1.1" 200 27
116.192.124.172 - - [17/Dec/2022:11:08:04 +0800] "GET /xingrg/all/function/internal_message.html?_=1671246504435&CODE_STATE=getMsg HTTP/1.1" 200 27
101.83.240.58 - - [17/Dec/2022:11:08:15 +0800] "GET /xingrg/all/function/internal_message.html?_=1671246509806&CODE_STATE=getMsg HTTP/1.1" 200 27
114.83.222.182 - - [17/Dec/2022:11:08:18 +0800] "GET /xingrg/all/function/internal_message.html?_=1671246579554&CODE_STATE=getMsg HTTP/1.1" 200 27
101.83.146.103 - - [17/Dec/2022:11:08:19 +0800] "GET /xingrg/all/function/internal_message.html?_=1671246364788&CODE_STATE=getMsg HTTP/1.1" 200 27
114.88.159.190 - - [17/Dec/2022:11:08:20 +0800] "GET /xingrg/all/function/internal_message.html?_=1671246109418&CODE_STATE=getMsg HTTP/1.1" 200 27
101.83.146.103 - - [17/Dec/2022:11:08:23 +0800] "GET /xingrg/all/function/internal_message.html?_=1671246522246&CODE_STATE=getMsg HTTP/1.1" 200 27
116.238.139.35 - - [17/Dec/2022:11:08:25 +0800] "GET /xingrg/all/function/internal_message.html?_=1671246524806&CODE_STATE=getMsg HTTP/1.1" 200 27
58.37.7.28 - - [17/Dec/2022:11:08:26 +0800] "GET /xingrg/check_reg.html?_=1671246529439 HTTP/1.1" 200 22
58.37.7.28 - - [17/Dec/2022:11:08:26 +0800] "GET /xingrg/all/function/internal_message.html?_=1671246529588&CODE_STATE=getMsg HTTP/1.1" 200 27
180.165.52.19 - - [17/Dec/2022:11:08:27 +0800] "GET /xingrg/check_reg.html?_=1671246524306 HTTP/1.1" 200 22
180.165.52.19 - - [17/Dec/2022:11:08:27 +0800] "GET /xingrg/all/function/internal_message.html?_=1671246524307&CODE_STATE=getMsg HTTP/1.1" 200 27
114.84.81.136 - - [17/Dec/2022:11:08:33 +0800] "GET /xingrg/all/function/internal_message.html?_=1671246544363&CODE_STATE=getMsg HTTP/1.1" 200 27
114.84.171.155 - - [17/Dec/2022:11:08:36 +0800] "GET /xingrg/all/function/internal_message.html?_=1671246532871&CODE_STATE=getMsg HTTP/1.1" 200 27
58.221.95.50 - - [17/Dec/2022:11:08:55 +0800] "GET /xingrg/all/function/internal_message.html?_=1671246554572&CODE_STATE=getMsg HTTP/1.1" 200 27
114.84.38.109 - - [17/Dec/2022:11:08:58 +0800] "GET /xingrg/all/function/internal_message.html?_=1671246578529&CODE_STATE=getMsg HTTP/1.1" 200 27
116.230.105.139 - - [17/Dec/2022:11:09:01 +0800] "GET /xingrg/all/function/internal_message.html?_=1671246546970&CODE_STATE=getMsg HTTP/1.1" 200 27
116.192.124.172 - - [17/Dec/2022:11:09:04 +0800] "GET /xingrg/all/function/internal_message.html?_=1671246564423&CODE_STATE=getMsg HTTP/1.1" 200 27
101.83.240.58 - - [17/Dec/2022:11:09:15 +0800] "GET /xingrg/all/function/internal_message.html?_=1671246569784&CODE_STATE=getMsg HTTP/1.1" 200 27
101.83.146.103 - - [17/Dec/2022:11:09:17 +0800] "GET /xingrg/kc/base/wldb_order_list.html HTTP/1.1" 200 19101
101.83.146.103 - - [17/Dec/2022:11:09:18 +0800] "POST /xingrg/kc/base/wldb_list_operate.html HTTP/1.1" 200 1771
114.83.222.182 - - [17/Dec/2022:11:09:18 +0800] "GET /xingrg/all/function/internal_message.html?_=1671246639546&CODE_STATE=getMsg HTTP/1.1" 200 27
101.83.146.103 - - [17/Dec/2022:11:09:19 +0800] "GET /xingrg/all/function/internal_message.html?_=1671246424788&CODE_STATE=getMsg HTTP/1.1" 200 27
101.83.146.103 - - [17/Dec/2022:11:09:19 +0800] "GET /xingrg/kc/base/wldb_order_add.html HTTP/1.1" 200 30384
101.83.146.103 - - [17/Dec/2022:11:09:19 +0800] "GET /xingrg/all/common/auto_word.html?type=base&rest_code=00105 HTTP/1.1" 200 1907
101.83.146.103 - - [17/Dec/2022:11:09:19 +0800] "GET /xingrg/all/common/auto_word.html?type=base&rest_code=00105 HTTP/1.1" 200 1907
101.83.146.103 - - [17/Dec/2022:11:09:19 +0800] "GET /xingrg/javascript/easyui/themes/default/validatebox.css HTTP/1.1" 404 1104
101.83.146.103 - - [17/Dec/2022:11:09:19 +0800] "POST /xingrg/kc/base/wldb_order_operate.html HTTP/1.1" 200 6806
114.88.159.190 - - [17/Dec/2022:11:09:20 +0800] "GET /xingrg/all/function/internal_message.html?_=1671246169394&CODE_STATE=getMsg HTTP/1.1" 200 27
101.83.146.103 - - [17/Dec/2022:11:09:20 +0800] "POST /xingrg/all/common/load_combo.html?type=base HTTP/1.1" 200 3409
101.83.146.103 - - [17/Dec/2022:11:09:20 +0800] "GET /xingrg/css/images/panel_loading.gif HTTP/1.1" 304 -
101.83.146.103 - - [17/Dec/2022:11:09:23 +0800] "GET /xingrg/all/function/internal_message.html?_=1671246582249&CODE_STATE=getMsg HTTP/1.1" 200 27
116.238.139.35 - - [17/Dec/2022:11:09:25 +0800] "GET /xingrg/all/function/internal_message.html?_=1671246584810&CODE_STATE=getMsg HTTP/1.1" 200 27
180.163.29.103 - - [17/Dec/2022:11:09:26 +0800] "GET /xingrg/all/function/internal_message.html?_=1671246529588&CODE_STATE=getMsg HTTP/1.1" 302 -
180.163.29.103 - - [17/Dec/2022:11:09:26 +0800] "GET /xingrg/login.html HTTP/1.1" 200 7641
58.37.7.28 - - [17/Dec/2022:11:09:26 +0800] "GET /xingrg/all/function/internal_message.html?_=1671246589558&CODE_STATE=getMsg HTTP/1.1" 200 27
180.165.52.19 - - [17/Dec/2022:11:09:27 +0800] "GET /xingrg/all/function/internal_message.html?_=1671246584298&CODE_STATE=getMsg HTTP/1.1" 200 27
114.83.222.182 - - [17/Dec/2022:11:09:33 +0800] "GET /xingrg/kc/buy/cgsh_order_list.html HTTP/1.1" 200 54021
114.84.81.136 - - [17/Dec/2022:11:09:33 +0800] "GET /xingrg/all/function/internal_message.html?_=1671246604361&CODE_STATE=getMsg HTTP/1.1" 200 27
114.83.222.182 - - [17/Dec/2022:11:09:34 +0800] "POST /xingrg/kc/buy/cgsh_list_operate.html HTTP/1.1" 200 986
101.83.146.103 - - [17/Dec/2022:11:09:34 +0800] "GET /xingrg/kc/base/wldb_order_operate.html?command=get_materiel&rest_code=00105&base_code=0010508&code=00102002685 HTTP/1.1" 200 459
114.83.222.182 - - [17/Dec/2022:11:09:34 +0800] "GET /xingrg/kc/buy/cgsh_order_add.html HTTP/1.1" 200 69000
114.83.222.182 - - [17/Dec/2022:11:09:34 +0800] "GET /xingrg/words/20221216164352_words.js HTTP/1.1" 304 -
114.83.222.182 - - [17/Dec/2022:11:09:35 +0800] "POST /xingrg/kc/buy/cgsh_order_operate.html HTTP/1.1" 200 8245
114.83.222.182 - - [17/Dec/2022:11:09:35 +0800] "GET /xingrg/all/common/auto_word.html?type=employee&rest_code=00154 HTTP/1.1" 200 101
114.83.222.182 - - [17/Dec/2022:11:09:35 +0800] "GET /xingrg/all/common/auto_word.html?type=employee&rest_code=00154 HTTP/1.1" 200 101
114.83.222.182 - - [17/Dec/2022:11:09:35 +0800] "GET /xingrg/javascript/easyui/themes/default/validatebox.css HTTP/1.1" 404 1104
114.84.171.155 - - [17/Dec/2022:11:09:36 +0800] "GET /xingrg/all/function/internal_message.html?_=1671246592875&CODE_STATE=getMsg HTTP/1.1" 200 27
58.221.95.50 - - [17/Dec/2022:11:09:55 +0800] "GET /xingrg/all/function/internal_message.html?_=1671246614552&CODE_STATE=getMsg HTTP/1.1" 200 27
114.84.38.109 - - [17/Dec/2022:11:09:58 +0800] "GET /xingrg/all/function/internal_message.html?_=1671246639161&CODE_STATE=getMsg HTTP/1.1" 200 27
116.230.105.139 - - [17/Dec/2022:11:10:01 +0800] "GET /xingrg/all/function/internal_message.html?_=1671246606991&CODE_STATE=getMsg HTTP/1.1" 200 27
116.192.124.172 - - [17/Dec/2022:11:10:04 +0800] "GET /xingrg/all/function/internal_message.html?_=1671246624448&CODE_STATE=getMsg HTTP/1.1" 200 27
101.83.240.58 - - [17/Dec/2022:11:10:14 +0800] "GET /xingrg/check_reg.html?_=1671246629305 HTTP/1.1" 200 22
101.83.240.58 - - [17/Dec/2022:11:10:15 +0800] "GET /xingrg/all/function/internal_message.html?_=1671246629768&CODE_STATE=getMsg HTTP/1.1" 200 27
114.83.222.182 - - [17/Dec/2022:11:10:18 +0800] "GET /xingrg/all/function/internal_message.html?_=1671246699543&CODE_STATE=getMsg HTTP/1.1" 200 27
58.40.7.146 - - [17/Dec/2022:11:10:19 +0800] "POST /xingrg/services/DataTransmitService HTTP/1.1" 200 524
101.83.146.103 - - [17/Dec/2022:11:10:19 +0800] "GET /xingrg/check_reg.html?_=1671246484789 HTTP/1.1" 200 22
101.83.146.103 - - [17/Dec/2022:11:10:19 +0800] "GET /xingrg/all/function/internal_message.html?_=1671246484792&CODE_STATE=getMsg HTTP/1.1" 200 27
114.88.159.190 - - [17/Dec/2022:11:10:20 +0800] "GET /xingrg/all/function/internal_message.html?_=1671246229365&CODE_STATE=getMsg HTTP/1.1" 200 27
101.83.146.103 - - [17/Dec/2022:11:10:23 +0800] "GET /xingrg/check_reg.html?_=1671246642245 HTTP/1.1" 200 22
101.83.146.103 - - [17/Dec/2022:11:10:23 +0800] "GET /xingrg/all/function/internal_message.html?_=1671246642248&CODE_STATE=getMsg HTTP/1.1" 200 27
116.238.139.35 - - [17/Dec/2022:11:10:25 +0800] "GET /xingrg/all/function/internal_message.html?_=1671246644811&CODE_STATE=getMsg HTTP/1.1" 200 27
116.238.139.35 - - [17/Dec/2022:11:10:25 +0800] "GET /xingrg/check_reg.html?_=1671246644815 HTTP/1.1" 200 22
58.37.7.28 - - [17/Dec/2022:11:10:26 +0800] "GET /xingrg/all/function/internal_message.html?_=1671246649531&CODE_STATE=getMsg HTTP/1.1" 200 27
180.165.52.19 - - [17/Dec/2022:11:10:27 +0800] "GET /xingrg/all/function/internal_message.html?_=1671246644309&CODE_STATE=getMsg HTTP/1.1" 200 27
114.84.81.136 - - [17/Dec/2022:11:10:33 +0800] "GET /xingrg/all/function/internal_message.html?_=1671246664359&CODE_STATE=getMsg HTTP/1.1" 200 27
101.83.146.103 - - [17/Dec/2022:11:10:34 +0800] "GET /xingrg/kc/base/wldb_order_operate.html?command=get_materiel&rest_code=00105&base_code=0010508&code=00102028010 HTTP/1.1" 200 498
114.84.171.155 - - [17/Dec/2022:11:10:36 +0800] "GET /xingrg/check_reg.html?_=1671246652882 HTTP/1.1" 200 22
114.84.171.155 - - [17/Dec/2022:11:10:36 +0800] "GET /xingrg/all/function/internal_message.html?_=1671246652883&CODE_STATE=getMsg HTTP/1.1" 200 27
114.83.222.182 - - [17/Dec/2022:11:10:52 +0800] "GET /xingrg/kc/buy/cgsh_order_operate.html?command=get_materiel&rest_code=00154&code=00101006252&supplier_code=00100501&order_time=2022-12-17 HTTP/1.1" 200 409
58.221.95.50 - - [17/Dec/2022:11:10:55 +0800] "GET /xingrg/all/function/internal_message.html?_=1671246674547&CODE_STATE=getMsg HTTP/1.1" 200 27
114.84.38.109 - - [17/Dec/2022:11:10:58 +0800] "GET /xingrg/all/function/internal_message.html?_=1671246699164&CODE_STATE=getMsg HTTP/1.1" 200 27
116.192.124.172 - - [17/Dec/2022:11:10:59 +0800] "GET /xingrg/kc/base/wldb_order_operate.html?command=get_materiel&rest_code=00102&base_code=0010476&code=00101019185 HTTP/1.1" 200 469
116.230.105.139 - - [17/Dec/2022:11:11:01 +0800] "GET /xingrg/check_reg.html?_=1671246666974 HTTP/1.1" 200 22
116.230.105.139 - - [17/Dec/2022:11:11:01 +0800] "GET /xingrg/all/function/internal_message.html?_=1671246666977&CODE_STATE=getMsg HTTP/1.1" 200 27
116.192.124.172 - - [17/Dec/2022:11:11:03 +0800] "GET /xingrg/kc/base/wldb_order_operate.html?command=get_materiel&rest_code=00102&base_code=0010476&code=00101019372 HTTP/1.1" 200 479
116.192.124.172 - - [17/Dec/2022:11:11:04 +0800] "GET /xingrg/all/function/internal_message.html?_=1671246684479&CODE_STATE=getMsg HTTP/1.1" 200 27
116.192.124.172 - - [17/Dec/2022:11:11:06 +0800] "GET /xingrg/kc/base/wldb_order_operate.html?command=get_materiel&rest_code=00102&base_code=0010476&code=00101019131 HTTP/1.1" 200 468
114.83.222.182 - - [17/Dec/2022:11:11:09 +0800] "GET /xingrg/kc/buy/cgsh_order_operate.html?command=get_materiel&rest_code=00154&code=00101006198&supplier_code=00100501&order_time=2022-12-17 HTTP/1.1" 200 410
101.83.240.58 - - [17/Dec/2022:11:11:15 +0800] "GET /xingrg/all/function/internal_message.html?_=1671246689748&CODE_STATE=getMsg HTTP/1.1" 200 27
114.83.222.182 - - [17/Dec/2022:11:11:18 +0800] "GET /xingrg/all/function/internal_message.html?_=1671246759543&CODE_STATE=getMsg HTTP/1.1" 200 27
114.83.222.182 - - [17/Dec/2022:11:11:18 +0800] "GET /xingrg/check_reg.html?_=1671246759544 HTTP/1.1" 200 22
101.83.146.103 - - [17/Dec/2022:11:11:19 +0800] "GET /xingrg/all/function/internal_message.html?_=1671246544791&CODE_STATE=getMsg HTTP/1.1" 200 27
114.88.159.190 - - [17/Dec/2022:11:11:20 +0800] "GET /xingrg/all/function/internal_message.html?_=1671246289333&CODE_STATE=getMsg HTTP/1.1" 200 27
114.88.159.190 - - [17/Dec/2022:11:11:21 +0800] "GET /xingrg/check_reg.html?_=1671246290442 HTTP/1.1" 200 22
101.83.146.103 - - [17/Dec/2022:11:11:23 +0800] "GET /xingrg/all/function/internal_message.html?_=1671246702255&CODE_STATE=getMsg HTTP/1.1" 200 27
116.238.139.35 - - [17/Dec/2022:11:11:25 +0800] "GET /xingrg/all/function/internal_message.html?_=1671246704815&CODE_STATE=getMsg HTTP/1.1" 200 27
58.37.7.28 - - [17/Dec/2022:11:11:26 +0800] "GET /xingrg/all/function/internal_message.html?_=1671246709513&CODE_STATE=getMsg HTTP/1.1" 200 27
101.83.146.103 - - [17/Dec/2022:11:11:26 +0800] "POST /xingrg/all/common/load_select.html HTTP/1.1" 200 25
180.165.52.19 - - [17/Dec/2022:11:11:27 +0800] "GET /xingrg/all/function/internal_message.html?_=1671246704303&CODE_STATE=getMsg HTTP/1.1" 200 27
101.83.146.103 - - [17/Dec/2022:11:11:28 +0800] "GET /xingrg/kc/base/wldb_order_operate.html?command=get_materiel_price&rest_code=00105&base_code=0010508&code=00102028010&unit_code=00100193 HTTP/1.1" 200 35
114.84.81.136 - - [17/Dec/2022:11:11:33 +0800] "GET /xingrg/all/function/internal_message.html?_=1671246724356&CODE_STATE=getMsg HTTP/1.1" 200 27
114.84.171.155 - - [17/Dec/2022:11:11:36 +0800] "GET /xingrg/all/function/internal_message.html?_=1671246712881&CODE_STATE=getMsg HTTP/1.1" 200 27
114.83.222.182 - - [17/Dec/2022:11:11:37 +0800] "POST /xingrg/kc/buy/cgsh_order_operate.html HTTP/1.1" 200 37
116.192.124.172 - - [17/Dec/2022:11:11:41 +0800] "GET /xingrg/kc/base/wldb_order_operate.html?command=get_materiel&rest_code=00102&base_code=0010476&code=00101016044 HTTP/1.1" 200 464
116.192.124.172 - - [17/Dec/2022:11:11:46 +0800] "GET /xingrg/kc/base/wldb_order_operate.html?command=get_materiel&rest_code=00102&base_code=0010476&code=00101019063 HTTP/1.1" 200 460
116.192.124.172 - - [17/Dec/2022:11:11:49 +0800] "GET /xingrg/kc/base/wldb_order_operate.html?command=get_materiel&rest_code=00102&base_code=0010476&code=00101019315 HTTP/1.1" 200 475
58.221.95.50 - - [17/Dec/2022:11:11:55 +0800] "GET /xingrg/all/function/internal_message.html?_=1671246734551&CODE_STATE=getMsg HTTP/1.1" 200 27
58.221.95.50 - - [17/Dec/2022:11:11:56 +0800] "GET /xingrg/check_reg.html?_=1671246735095 HTTP/1.1" 200 22
114.84.38.109 - - [17/Dec/2022:11:11:59 +0800] "GET /xingrg/all/function/internal_message.html?_=1671246759627&CODE_STATE=getMsg HTTP/1.1" 200 27
116.230.105.139 - - [17/Dec/2022:11:12:01 +0800] "GET /xingrg/all/function/internal_message.html?_=1671246726969&CODE_STATE=getMsg HTTP/1.1" 200 27
116.192.124.172 - - [17/Dec/2022:11:12:06 +0800] "POST /xingrg/kc/base/wldb_order_operate.html HTTP/1.1" 200 37
116.192.124.172 - - [17/Dec/2022:11:12:09 +0800] "POST /xingrg/kc/base/wldb_order_operate.html HTTP/1.1" 200 12
