116.238.139.35 - - [15/Dec/2022:09:56:11 +0800] "GET /xingrg/all/function/internal_message.html?_=1671069324426&CODE_STATE=getMsg HTTP/1.1" 200 27
114.84.38.109 - - [15/Dec/2022:09:56:11 +0800] "GET /xingrg/all/function/internal_message.html?_=1671069404196&CODE_STATE=getMsg HTTP/1.1" 200 27
116.238.139.35 - - [15/Dec/2022:09:56:13 +0800] "GET /xingrg/kc/buy/cgsh_order_list.html HTTP/1.1" 200 54021
116.238.139.35 - - [15/Dec/2022:09:56:14 +0800] "POST /xingrg/kc/buy/cgsh_list_operate.html HTTP/1.1" 200 986
116.238.139.35 - - [15/Dec/2022:09:56:16 +0800] "GET /xingrg/javascript/jquery_tools/images/next.gif HTTP/1.1" 404 1086
116.238.139.35 - - [15/Dec/2022:09:56:16 +0800] "GET /xingrg/javascript/jquery_tools/images/prev.gif HTTP/1.1" 404 1086
116.238.139.35 - - [15/Dec/2022:09:56:25 +0800] "POST /xingrg/kc/buy/cgsh_list_operate.html HTTP/1.1" 200 1916
114.83.220.141 - - [15/Dec/2022:09:56:28 +0800] "GET /xingrg/all/function/internal_message.html?_=1671069406186&CODE_STATE=getMsg HTTP/1.1" 200 27
120.253.135.82 - - [15/Dec/2022:09:56:28 +0800] "GET /xingrg/all/function/internal_message.html?_=1671069214359&CODE_STATE=getMsg HTTP/1.1" 200 27
116.238.139.35 - - [15/Dec/2022:09:56:28 +0800] "POST /xingrg/kc/buy/cgsh_list_operate.html HTTP/1.1" 200 198
101.83.146.103 - - [15/Dec/2022:09:56:28 +0800] "GET /xingrg/all/function/internal_message.html?_=1671069255968&CODE_STATE=getMsg HTTP/1.1" 200 27
116.238.139.35 - - [15/Dec/2022:09:56:29 +0800] "GET /xingrg/kc/buy/cgsh_order_info.html?code=212022121404177 HTTP/1.1" 200 64715
116.238.139.35 - - [15/Dec/2022:09:56:30 +0800] "GET /xingrg/javascript/easyui/themes/default/validatebox.css HTTP/1.1" 404 1104
116.238.139.35 - - [15/Dec/2022:09:56:30 +0800] "POST /xingrg/kc/buy/cgsh_order_operate.html HTTP/1.1" 200 606
116.238.139.35 - - [15/Dec/2022:09:56:31 +0800] "GET /xingrg/kc/print/load_data.html?order_code=212022121404177&kc_code=cgsh&condition= HTTP/1.1" 200 783
116.230.105.139 - - [15/Dec/2022:09:56:37 +0800] "GET /xingrg/all/function/internal_message.html?_=1671069408619&CODE_STATE=getMsg HTTP/1.1" 200 27
116.238.139.35 - - [15/Dec/2022:09:56:45 +0800] "POST /xingrg/all/user/operate.html HTTP/1.1" 200 36
116.238.139.35 - - [15/Dec/2022:09:56:45 +0800] "GET /xingrg/index.html?sysBaseUrl=http%3A%2F%2F180.169.147.146%3A18081%2Fxingrg%2F&costTime=39×tamp=1671018582334 HTTP/1.1" 200 17177
116.238.139.35 - - [15/Dec/2022:09:56:45 +0800] "GET /xingrg/javascript/jquery_easy_ui/themes/default/easyui.css HTTP/1.1" 304 -
116.238.139.35 - - [15/Dec/2022:09:56:45 +0800] "GET /xingrg/javascript/jquery_easy_ui/themes/icon.css HTTP/1.1" 304 -
116.238.139.35 - - [15/Dec/2022:09:56:45 +0800] "GET /xingrg/css/form.css HTTP/1.1" 304 -
116.238.139.35 - - [15/Dec/2022:09:56:45 +0800] "GET /xingrg/javascript/jquery-1.4.2.min.js HTTP/1.1" 304 -
116.238.139.35 - - [15/Dec/2022:09:56:45 +0800] "GET /xingrg/javascript/jquery_easy_ui/jquery.easyui.min.js HTTP/1.1" 304 -
116.238.139.35 - - [15/Dec/2022:09:56:45 +0800] "GET /xingrg/javascript/jquery_easy_ui/easyui-lang-zh_CN.js HTTP/1.1" 304 -
116.238.139.35 - - [15/Dec/2022:09:56:45 +0800] "GET /xingrg/javascript/jquery.form.js HTTP/1.1" 304 -
116.238.139.35 - - [15/Dec/2022:09:56:45 +0800] "GET /xingrg/javascript/jquery.utils.js HTTP/1.1" 304 -
116.238.139.35 - - [15/Dec/2022:09:56:45 +0800] "GET /xingrg/javascript/jquery.timers.js HTTP/1.1" 304 -
116.238.139.35 - - [15/Dec/2022:09:56:45 +0800] "GET /xingrg/images/blue/jxLogo.png HTTP/1.1" 304 -
116.238.139.35 - - [15/Dec/2022:09:56:45 +0800] "GET /xingrg/images/blue/navBackgound.jpg HTTP/1.1" 304 -
116.238.139.35 - - [15/Dec/2022:09:56:45 +0800] "GET /xingrg/javascript/jquery_easy_ui/themes/icons/settle_new.png HTTP/1.1" 304 -
116.238.139.35 - - [15/Dec/2022:09:56:45 +0800] "POST /xingrg/all/common/load_tree.html?tree=area_rest_tree_json&manage=1 HTTP/1.1" 200 476
116.238.139.35 - - [15/Dec/2022:09:56:45 +0800] "GET /xingrg/check_reg.html?_=1671069426561 HTTP/1.1" 200 22
116.238.139.35 - - [15/Dec/2022:09:56:45 +0800] "GET /xingrg/all/function/internal_message.html?_=1671069426560&CODE_STATE=count HTTP/1.1" 200 11
116.238.139.35 - - [15/Dec/2022:09:56:46 +0800] "GET /xingrg/javascript/jquery_easy_ui/themes/default/images/tabs_leftarrow.png HTTP/1.1" 304 -
116.238.139.35 - - [15/Dec/2022:09:56:46 +0800] "GET /xingrg/images/blue/pingpu.png HTTP/1.1" 304 -
116.238.139.35 - - [15/Dec/2022:09:56:46 +0800] "GET /xingrg/javascript/jquery_easy_ui/themes/default/images/panel_tool_collapse.gif HTTP/1.1" 304 -
116.238.139.35 - - [15/Dec/2022:09:56:46 +0800] "GET /xingrg/javascript/jquery_easy_ui/themes/default/images/tabs_rightarrow.png HTTP/1.1" 304 -
116.238.139.35 - - [15/Dec/2022:09:56:46 +0800] "POST /xingrg/load_menu.html HTTP/1.1" 200 5138
116.238.139.35 - - [15/Dec/2022:09:56:47 +0800] "GET /xingrg/kc/buy/cgsh_order_list.html HTTP/1.1" 200 54019
116.238.139.35 - - [15/Dec/2022:09:56:48 +0800] "POST /xingrg/kc/buy/cgsh_list_operate.html HTTP/1.1" 200 986
116.238.139.35 - - [15/Dec/2022:09:56:49 +0800] "GET /xingrg/kc/buy/cgsh_order_add.html HTTP/1.1" 200 69394
116.238.139.35 - - [15/Dec/2022:09:56:49 +0800] "POST /xingrg/kc/buy/cgsh_order_operate.html HTTP/1.1" 200 8245
116.238.139.35 - - [15/Dec/2022:09:56:49 +0800] "GET /xingrg/javascript/easyui/themes/default/validatebox.css HTTP/1.1" 404 1104
116.238.139.35 - - [15/Dec/2022:09:56:50 +0800] "GET /xingrg/javascript/auto/indicator.gif HTTP/1.1" 404 1066
116.238.139.35 - - [15/Dec/2022:09:56:58 +0800] "GET /xingrg/kc/buy/cgsh_order_operate.html?command=get_materiel&rest_code=00151&code=00101009078&supplier_code=00100022&order_time=2022-12-15 HTTP/1.1" 200 408
116.238.139.35 - - [15/Dec/2022:09:57:00 +0800] "GET /xingrg/check_reg.html?_=1671069373482 HTTP/1.1" 200 22
116.192.124.172 - - [15/Dec/2022:09:57:03 +0800] "GET /xingrg/check_reg.html?_=1671069444468 HTTP/1.1" 200 22
116.192.124.172 - - [15/Dec/2022:09:57:03 +0800] "GET /xingrg/all/function/internal_message.html?_=1671069444471&CODE_STATE=getMsg HTTP/1.1" 200 27
114.88.159.190 - - [15/Dec/2022:09:57:05 +0800] "GET /xingrg/all/function/internal_message.html?_=1671069037373&CODE_STATE=getMsg HTTP/1.1" 200 27
116.238.139.35 - - [15/Dec/2022:09:57:07 +0800] "GET /xingrg/kc/buy/cgsh_order_operate.html?command=get_materiel&rest_code=00151&code=00101009053&supplier_code=00100022&order_time=2022-12-15 HTTP/1.1" 200 408
116.237.75.219 - - [15/Dec/2022:09:57:11 +0800] "GET /xingrg/all/function/internal_message.html?_=1671069453242&CODE_STATE=getMsg HTTP/1.1" 200 27
114.84.38.109 - - [15/Dec/2022:09:57:11 +0800] "GET /xingrg/all/function/internal_message.html?_=1671069464197&CODE_STATE=getMsg HTTP/1.1" 200 27
116.238.139.35 - - [15/Dec/2022:09:57:11 +0800] "GET /xingrg/all/function/internal_message.html?_=1671069384429&CODE_STATE=getMsg HTTP/1.1" 200 27
116.238.139.35 - - [15/Dec/2022:09:57:17 +0800] "GET /xingrg/kc/buy/cgsh_order_operate.html?command=get_materiel&rest_code=00151&code=00101009016&supplier_code=00100022&order_time=2022-12-15 HTTP/1.1" 200 412
116.238.139.35 - - [15/Dec/2022:09:57:23 +0800] "GET /xingrg/kc/buy/cgsh_order_operate.html?command=get_materiel&rest_code=00151&code=00101009062&supplier_code=00100022&order_time=2022-12-15 HTTP/1.1" 200 412
114.83.220.141 - - [15/Dec/2022:09:57:28 +0800] "GET /xingrg/all/function/internal_message.html?_=1671069466199&CODE_STATE=getMsg HTTP/1.1" 200 27
114.83.220.141 - - [15/Dec/2022:09:57:28 +0800] "GET /xingrg/check_reg.html?_=1671069466193 HTTP/1.1" 200 22
120.253.135.82 - - [15/Dec/2022:09:57:28 +0800] "GET /xingrg/all/function/internal_message.html?_=1671069274620&CODE_STATE=getMsg HTTP/1.1" 200 27
101.83.146.103 - - [15/Dec/2022:09:57:28 +0800] "GET /xingrg/all/function/internal_message.html?_=1671069315968&CODE_STATE=getMsg HTTP/1.1" 200 27
101.83.146.103 - - [15/Dec/2022:09:57:28 +0800] "GET /xingrg/check_reg.html?_=1671069315971 HTTP/1.1" 200 22
116.238.139.35 - - [15/Dec/2022:09:57:33 +0800] "GET /xingrg/kc/buy/cgsh_order_operate.html?command=get_materiel&rest_code=00151&code=00101009039&supplier_code=00100022&order_time=2022-12-15 HTTP/1.1" 200 408
116.230.105.139 - - [15/Dec/2022:09:57:37 +0800] "GET /xingrg/all/function/internal_message.html?_=1671069468634&CODE_STATE=getMsg HTTP/1.1" 200 27
116.230.105.139 - - [15/Dec/2022:09:57:37 +0800] "GET /xingrg/check_reg.html?_=1671069468636 HTTP/1.1" 200 22
116.238.139.35 - - [15/Dec/2022:09:57:41 +0800] "GET /xingrg/kc/buy/cgsh_order_operate.html?command=get_materiel&rest_code=00151&code=00101009088&supplier_code=00100022&order_time=2022-12-15 HTTP/1.1" 200 405
116.238.139.35 - - [15/Dec/2022:09:57:46 +0800] "GET /xingrg/all/function/internal_message.html?_=1671069486573&CODE_STATE=getMsg HTTP/1.1" 200 27
116.238.139.35 - - [15/Dec/2022:09:57:48 +0800] "GET /xingrg/kc/buy/cgsh_order_operate.html?command=get_materiel&rest_code=00151&code=00101009011&supplier_code=00100022&order_time=2022-12-15 HTTP/1.1" 200 416
120.253.135.82 - - [15/Dec/2022:09:57:54 +0800] "GET /favicon.ico HTTP/1.1" 404 -
116.238.139.35 - - [15/Dec/2022:09:57:54 +0800] "GET /xingrg/kc/buy/cgsh_order_operate.html?command=get_materiel&rest_code=00151&code=00101009049&supplier_code=00100022&order_time=2022-12-15 HTTP/1.1" 200 416
101.83.146.103 - - [15/Dec/2022:09:57:58 +0800] "GET /xingrg/kc/buy/cgsh_order_operate.html?command=get_materiel&rest_code=00105&code=00101008261&supplier_code=00100203&order_time=2022-12-15 HTTP/1.1" 200 408
116.192.124.172 - - [15/Dec/2022:09:58:03 +0800] "GET /xingrg/all/function/internal_message.html?_=1671069504459&CODE_STATE=getMsg HTTP/1.1" 200 27
114.88.159.190 - - [15/Dec/2022:09:58:05 +0800] "GET /xingrg/all/function/internal_message.html?_=1671069097371&CODE_STATE=getMsg HTTP/1.1" 200 27
114.88.159.190 - - [15/Dec/2022:09:58:05 +0800] "GET /xingrg/check_reg.html?_=1671069097373 HTTP/1.1" 200 22
116.237.75.219 - - [15/Dec/2022:09:58:11 +0800] "GET /xingrg/all/function/internal_message.html?_=1671069513211&CODE_STATE=getMsg HTTP/1.1" 200 27
116.238.139.35 - - [15/Dec/2022:09:58:11 +0800] "GET /xingrg/all/function/internal_message.html?_=1671069444443&CODE_STATE=getMsg HTTP/1.1" 200 27
114.84.38.109 - - [15/Dec/2022:09:58:11 +0800] "GET /xingrg/all/function/internal_message.html?_=1671069524718&CODE_STATE=getMsg HTTP/1.1" 200 27
120.253.135.82 - - [15/Dec/2022:09:58:23 +0800] "GET /xingrg/check_reg.html?_=1671069328886 HTTP/1.1" 200 22
116.237.75.219 - - [15/Dec/2022:09:58:28 +0800] "GET /xingrg/check_reg.html?_=1671069530280 HTTP/1.1" 200 22
114.83.220.141 - - [15/Dec/2022:09:58:28 +0800] "GET /xingrg/all/function/internal_message.html?_=1671069526198&CODE_STATE=getMsg HTTP/1.1" 200 27
120.253.135.82 - - [15/Dec/2022:09:58:28 +0800] "GET /xingrg/all/function/internal_message.html?_=1671069334620&CODE_STATE=getMsg HTTP/1.1" 200 27
101.83.146.103 - - [15/Dec/2022:09:58:28 +0800] "GET /xingrg/all/function/internal_message.html?_=1671069375999&CODE_STATE=getMsg HTTP/1.1" 200 27
101.83.146.103 - - [15/Dec/2022:09:58:35 +0800] "GET /xingrg/kc/buy/cgsh_order_operate.html?command=get_materiel&rest_code=00105&code=00101008199&supplier_code=00100203&order_time=2022-12-15 HTTP/1.1" 200 408
116.230.105.139 - - [15/Dec/2022:09:58:37 +0800] "GET /xingrg/all/function/internal_message.html?_=1671069528615&CODE_STATE=getMsg HTTP/1.1" 200 27
114.84.38.109 - - [15/Dec/2022:09:58:42 +0800] "GET /xingrg/check_reg.html?_=1671069555270 HTTP/1.1" 200 22
116.238.139.35 - - [15/Dec/2022:09:58:48 +0800] "POST /xingrg/kc/buy/cgsh_order_operate.html HTTP/1.1" 200 37
116.192.124.172 - - [15/Dec/2022:09:59:03 +0800] "GET /xingrg/all/function/internal_message.html?_=1671069564475&CODE_STATE=getMsg HTTP/1.1" 200 27
114.88.159.190 - - [15/Dec/2022:09:59:05 +0800] "GET /xingrg/all/function/internal_message.html?_=1671069157372&CODE_STATE=getMsg HTTP/1.1" 200 27
116.238.139.35 - - [15/Dec/2022:09:59:08 +0800] "POST /xingrg/kc/buy/cgsh_order_operate.html HTTP/1.1" 200 12
116.238.139.35 - - [15/Dec/2022:09:59:09 +0800] "GET /xingrg/kc/buy/cgsh_order_info.html?code=212022121504305 HTTP/1.1" 200 64295
116.238.139.35 - - [15/Dec/2022:09:59:09 +0800] "GET /xingrg/javascript/easyui/themes/default/validatebox.css HTTP/1.1" 404 1104
116.238.139.35 - - [15/Dec/2022:09:59:10 +0800] "POST /xingrg/kc/buy/cgsh_order_operate.html HTTP/1.1" 200 4806
116.237.75.219 - - [15/Dec/2022:09:59:11 +0800] "GET /xingrg/all/function/internal_message.html?_=1671069573189&CODE_STATE=getMsg HTTP/1.1" 200 27
101.83.146.103 - - [15/Dec/2022:09:59:11 +0800] "GET /xingrg/kc/buy/cgsh_order_operate.html?command=get_materiel&rest_code=00105&code=00101008246&supplier_code=00100203&order_time=2022-12-15 HTTP/1.1" 200 408
116.238.139.35 - - [15/Dec/2022:09:59:11 +0800] "GET /xingrg/all/function/internal_message.html?_=1671069504467&CODE_STATE=getMsg HTTP/1.1" 200 27
116.238.139.35 - - [15/Dec/2022:09:59:11 +0800] "GET /xingrg/kc/print/load_data.html?order_code=212022121504305&kc_code=cgsh&condition= HTTP/1.1" 200 2370
114.84.38.109 - - [15/Dec/2022:09:59:11 +0800] "GET /xingrg/all/function/internal_message.html?_=1671069584723&CODE_STATE=getMsg HTTP/1.1" 200 27
101.83.146.103 - - [15/Dec/2022:09:59:18 +0800] "POST /xingrg/kc/buy/cgsh_order_operate.html HTTP/1.1" 200 2065
114.83.220.141 - - [15/Dec/2022:09:59:28 +0800] "GET /xingrg/all/function/internal_message.html?_=1671069586202&CODE_STATE=getMsg HTTP/1.1" 200 27
120.253.135.82 - - [15/Dec/2022:09:59:28 +0800] "GET /xingrg/all/function/internal_message.html?_=1671069394634&CODE_STATE=getMsg HTTP/1.1" 200 27
101.83.146.103 - - [15/Dec/2022:09:59:28 +0800] "GET /xingrg/all/function/internal_message.html?_=1671069435958&CODE_STATE=getMsg HTTP/1.1" 200 27
101.83.146.103 - - [15/Dec/2022:09:59:31 +0800] "GET /xingrg/kc/buy/cgsh_order_operate.html?command=get_materiel&rest_code=00105&code=00101008118&supplier_code=00100203&order_time=2022-12-15 HTTP/1.1" 200 418
116.238.139.35 - - [15/Dec/2022:09:59:31 +0800] "GET /xingrg/kc/buy/cgsh_order_add.html HTTP/1.1" 200 69394
116.238.139.35 - - [15/Dec/2022:09:59:31 +0800] "POST /xingrg/kc/buy/cgsh_order_operate.html HTTP/1.1" 200 8245
116.238.139.35 - - [15/Dec/2022:09:59:31 +0800] "GET /xingrg/javascript/easyui/themes/default/validatebox.css HTTP/1.1" 404 1104
116.230.105.139 - - [15/Dec/2022:09:59:37 +0800] "GET /xingrg/all/function/internal_message.html?_=1671069588626&CODE_STATE=getMsg HTTP/1.1" 200 27
116.238.139.35 - - [15/Dec/2022:09:59:46 +0800] "GET /xingrg/all/function/internal_message.html?_=1671069606582&CODE_STATE=getMsg HTTP/1.1" 200 27
116.238.139.35 - - [15/Dec/2022:09:59:46 +0800] "GET /xingrg/kc/buy/cgsh_order_operate.html?command=get_materiel&rest_code=00151&code=00101008323&supplier_code=00100008&order_time=2022-12-15 HTTP/1.1" 200 408
116.238.139.35 - - [15/Dec/2022:09:59:55 +0800] "GET /xingrg/kc/buy/cgsh_order_operate.html?command=get_materiel&rest_code=00151&code=00101008261&supplier_code=00100008&order_time=2022-12-15 HTTP/1.1" 200 408
116.238.139.35 - - [15/Dec/2022:10:00:02 +0800] "GET /xingrg/kc/buy/cgsh_order_operate.html?command=get_materiel&rest_code=00151&code=00101008221&supplier_code=00100008&order_time=2022-12-15 HTTP/1.1" 200 412
116.192.124.172 - - [15/Dec/2022:10:00:03 +0800] "GET /xingrg/all/function/internal_message.html?_=1671069624473&CODE_STATE=getMsg HTTP/1.1" 200 27
114.88.159.190 - - [15/Dec/2022:10:00:05 +0800] "GET /xingrg/all/function/internal_message.html?_=1671069217371&CODE_STATE=getMsg HTTP/1.1" 200 27
101.83.146.103 - - [15/Dec/2022:10:00:07 +0800] "GET /xingrg/kc/buy/cgsh_order_operate.html?command=get_materiel&rest_code=00105&code=00101008141&supplier_code=00100203&order_time=2022-12-15 HTTP/1.1" 200 412
116.238.139.35 - - [15/Dec/2022:10:00:08 +0800] "GET /xingrg/kc/buy/cgsh_order_operate.html?command=get_materiel&rest_code=00151&code=00101008084&supplier_code=00100008&order_time=2022-12-15 HTTP/1.1" 200 412
116.237.75.219 - - [15/Dec/2022:10:00:10 +0800] "GET /xingrg/all/function/internal_message.html?_=1671069633159&CODE_STATE=getMsg HTTP/1.1" 200 27
116.238.139.35 - - [15/Dec/2022:10:00:11 +0800] "GET /xingrg/all/function/internal_message.html?_=1671069564486&CODE_STATE=getMsg HTTP/1.1" 200 27
114.84.38.109 - - [15/Dec/2022:10:00:11 +0800] "GET /xingrg/all/function/internal_message.html?_=1671069644738&CODE_STATE=getMsg HTTP/1.1" 200 27
116.238.139.35 - - [15/Dec/2022:10:00:15 +0800] "GET /xingrg/kc/buy/cgsh_order_operate.html?command=get_materiel&rest_code=00151&code=00101008141&supplier_code=00100008&order_time=2022-12-15 HTTP/1.1" 200 412
116.238.139.35 - - [15/Dec/2022:10:00:22 +0800] "GET /xingrg/kc/buy/cgsh_order_operate.html?command=get_materiel&rest_code=00151&code=00101008355&supplier_code=00100008&order_time=2022-12-15 HTTP/1.1" 200 425
114.83.220.141 - - [15/Dec/2022:10:00:28 +0800] "GET /xingrg/all/function/internal_message.html?_=1671069646206&CODE_STATE=getMsg HTTP/1.1" 200 27
101.83.146.103 - - [15/Dec/2022:10:00:28 +0800] "GET /xingrg/all/function/internal_message.html?_=1671069495966&CODE_STATE=getMsg HTTP/1.1" 200 27
120.253.135.82 - - [15/Dec/2022:10:00:29 +0800] "GET /xingrg/all/function/internal_message.html?_=1671069454991&CODE_STATE=getMsg HTTP/1.1" 200 27
116.238.139.35 - - [15/Dec/2022:10:00:29 +0800] "GET /xingrg/kc/buy/cgsh_order_operate.html?command=get_materiel&rest_code=00151&code=00101008264&supplier_code=00100008&order_time=2022-12-15 HTTP/1.1" 200 412
116.238.139.35 - - [15/Dec/2022:10:00:36 +0800] "GET /xingrg/kc/buy/cgsh_order_operate.html?command=get_materiel&rest_code=00151&code=00101008209&supplier_code=00100008&order_time=2022-12-15 HTTP/1.1" 200 408
116.230.105.139 - - [15/Dec/2022:10:00:37 +0800] "GET /xingrg/all/function/internal_message.html?_=1671069648621&CODE_STATE=getMsg HTTP/1.1" 200 27
116.238.139.35 - - [15/Dec/2022:10:00:44 +0800] "GET /xingrg/kc/buy/cgsh_order_operate.html?command=get_materiel&rest_code=00151&code=00101008321&supplier_code=00100008&order_time=2022-12-15 HTTP/1.1" 200 412
116.238.139.35 - - [15/Dec/2022:10:00:46 +0800] "GET /xingrg/all/function/internal_message.html?_=1671069666573&CODE_STATE=getMsg HTTP/1.1" 200 27
101.83.146.103 - - [15/Dec/2022:10:00:49 +0800] "GET /xingrg/kc/buy/cgsh_order_operate.html?command=get_materiel&rest_code=00105&code=00101008201&supplier_code=00100203&order_time=2022-12-15 HTTP/1.1" 200 412
116.238.139.35 - - [15/Dec/2022:10:00:54 +0800] "GET /xingrg/kc/buy/cgsh_order_operate.html?command=get_materiel&rest_code=00151&code=00101008024&supplier_code=00100008&order_time=2022-12-15 HTTP/1.1" 200 424
116.192.124.172 - - [15/Dec/2022:10:01:03 +0800] "GET /xingrg/all/function/internal_message.html?_=1671069684471&CODE_STATE=getMsg HTTP/1.1" 200 27
114.88.159.190 - - [15/Dec/2022:10:01:05 +0800] "GET /xingrg/all/function/internal_message.html?_=1671069277373&CODE_STATE=getMsg HTTP/1.1" 200 27
116.238.139.35 - - [15/Dec/2022:10:01:10 +0800] "POST /xingrg/kc/buy/cgsh_order_operate.html HTTP/1.1" 200 37
116.237.75.219 - - [15/Dec/2022:10:01:10 +0800] "GET /xingrg/all/function/internal_message.html?_=1671069693136&CODE_STATE=getMsg HTTP/1.1" 200 27
116.238.139.35 - - [15/Dec/2022:10:01:11 +0800] "GET /xingrg/all/function/internal_message.html?_=1671069624510&CODE_STATE=getMsg HTTP/1.1" 200 27
101.83.146.103 - - [15/Dec/2022:10:01:11 +0800] "GET /xingrg/kc/buy/cgsh_order_operate.html?command=get_materiel&rest_code=00105&code=00101008270&supplier_code=00100203&order_time=2022-12-15 HTTP/1.1" 200 412
114.84.38.109 - - [15/Dec/2022:10:01:12 +0800] "GET /xingrg/all/function/internal_message.html?_=1671069705263&CODE_STATE=getMsg HTTP/1.1" 200 27
116.238.139.35 - - [15/Dec/2022:10:01:13 +0800] "POST /xingrg/kc/buy/cgsh_order_operate.html HTTP/1.1" 200 8043
101.83.146.103 - - [15/Dec/2022:10:01:18 +0800] "POST /xingrg/kc/buy/cgsh_order_operate.html HTTP/1.1" 200 2065
114.83.220.141 - - [15/Dec/2022:10:01:28 +0800] "GET /xingrg/all/function/internal_message.html?_=1671069706211&CODE_STATE=getMsg HTTP/1.1" 200 27
101.83.146.103 - - [15/Dec/2022:10:01:28 +0800] "GET /xingrg/all/function/internal_message.html?_=1671069556003&CODE_STATE=getMsg HTTP/1.1" 200 27
120.253.135.82 - - [15/Dec/2022:10:01:29 +0800] "GET /xingrg/all/function/internal_message.html?_=1671069515005&CODE_STATE=getMsg HTTP/1.1" 200 27
116.230.105.139 - - [15/Dec/2022:10:01:37 +0800] "GET /xingrg/all/function/internal_message.html?_=1671069708628&CODE_STATE=getMsg HTTP/1.1" 200 27
101.83.146.103 - - [15/Dec/2022:10:01:38 +0800] "GET /xingrg/kc/buy/cgsh_order_operate.html?command=get_materiel&rest_code=00105&code=00101008357&supplier_code=00100203&order_time=2022-12-15 HTTP/1.1" 200 408
116.238.139.35 - - [15/Dec/2022:10:01:45 +0800] "GET /xingrg/check_reg.html?_=1671069726557 HTTP/1.1" 200 22
116.238.139.35 - - [15/Dec/2022:10:01:46 +0800] "GET /xingrg/all/function/internal_message.html?_=1671069726561&CODE_STATE=getMsg HTTP/1.1" 200 27
116.238.139.35 - - [15/Dec/2022:10:02:00 +0800] "GET /xingrg/check_reg.html?_=1671069673483 HTTP/1.1" 200 22
116.192.124.172 - - [15/Dec/2022:10:02:03 +0800] "GET /xingrg/check_reg.html?_=1671069744470 HTTP/1.1" 200 22
116.192.124.172 - - [15/Dec/2022:10:02:03 +0800] "GET /xingrg/all/function/internal_message.html?_=1671069744471&CODE_STATE=getMsg HTTP/1.1" 200 27
114.88.159.190 - - [15/Dec/2022:10:02:05 +0800] "GET /xingrg/all/function/internal_message.html?_=1671069337372&CODE_STATE=getMsg HTTP/1.1" 200 27
116.237.75.219 - - [15/Dec/2022:10:02:10 +0800] "GET /xingrg/all/function/internal_message.html?_=1671069753115&CODE_STATE=getMsg HTTP/1.1" 200 27
116.238.139.35 - - [15/Dec/2022:10:02:11 +0800] "GET /xingrg/all/function/internal_message.html?_=1671069684512&CODE_STATE=getMsg HTTP/1.1" 200 27
180.163.30.76 - - [15/Dec/2022:10:02:11 +0800] "GET /xingrg/all/function/internal_message.html?_=1671069693136&CODE_STATE=getMsg HTTP/1.1" 302 -
180.163.30.76 - - [15/Dec/2022:10:02:11 +0800] "GET /xingrg/login.html HTTP/1.1" 200 7641
114.84.38.109 - - [15/Dec/2022:10:02:12 +0800] "GET /xingrg/all/function/internal_message.html?_=1671069765263&CODE_STATE=getMsg HTTP/1.1" 200 27
101.83.146.103 - - [15/Dec/2022:10:02:15 +0800] "GET /xingrg/kc/buy/cgsh_order_operate.html?command=get_materiel&rest_code=00105&code=00101010136&supplier_code=00100203&order_time=2022-12-15 HTTP/1.1" 200 408
114.83.220.141 - - [15/Dec/2022:10:02:28 +0800] "GET /xingrg/check_reg.html?_=1671069766213 HTTP/1.1" 200 22
114.83.220.141 - - [15/Dec/2022:10:02:28 +0800] "GET /xingrg/all/function/internal_message.html?_=1671069766216&CODE_STATE=getMsg HTTP/1.1" 200 27
101.83.146.103 - - [15/Dec/2022:10:02:28 +0800] "GET /xingrg/check_reg.html?_=1671069616003 HTTP/1.1" 200 22
101.83.146.103 - - [15/Dec/2022:10:02:28 +0800] "GET /xingrg/all/function/internal_message.html?_=1671069616007&CODE_STATE=getMsg HTTP/1.1" 200 27
120.253.135.82 - - [15/Dec/2022:10:02:29 +0800] "GET /xingrg/all/function/internal_message.html?_=1671069575281&CODE_STATE=getMsg HTTP/1.1" 200 27
116.230.105.139 - - [15/Dec/2022:10:02:37 +0800] "GET /xingrg/all/function/internal_message.html?_=1671069768626&CODE_STATE=getMsg HTTP/1.1" 200 27
116.230.105.139 - - [15/Dec/2022:10:02:37 +0800] "GET /xingrg/check_reg.html?_=1671069768629 HTTP/1.1" 200 22
101.80.228.88 - - [15/Dec/2022:10:02:44 +0800] "GET /favicon.ico HTTP/1.1" 404 -
116.238.139.35 - - [15/Dec/2022:10:02:45 +0800] "GET /xingrg/all/function/internal_message.html?_=1671069786549&CODE_STATE=getMsg HTTP/1.1" 200 27
116.192.124.172 - - [15/Dec/2022:10:03:03 +0800] "GET /xingrg/all/function/internal_message.html?_=1671069804458&CODE_STATE=getMsg HTTP/1.1" 200 27
114.88.159.190 - - [15/Dec/2022:10:03:05 +0800] "GET /xingrg/all/function/internal_message.html?_=1671069397398&CODE_STATE=getMsg HTTP/1.1" 200 27
114.88.159.190 - - [15/Dec/2022:10:03:05 +0800] "GET /xingrg/check_reg.html?_=1671069397399 HTTP/1.1" 200 22
116.237.75.219 - - [15/Dec/2022:10:03:10 +0800] "GET /xingrg/all/function/internal_message.html?_=1671069813092&CODE_STATE=getMsg HTTP/1.1" 200 27
116.238.139.35 - - [15/Dec/2022:10:03:11 +0800] "GET /xingrg/all/function/internal_message.html?_=1671069744526&CODE_STATE=getMsg HTTP/1.1" 200 27
114.84.38.109 - - [15/Dec/2022:10:03:12 +0800] "GET /xingrg/all/function/internal_message.html?_=1671069825790&CODE_STATE=getMsg HTTP/1.1" 200 27
120.253.135.82 - - [15/Dec/2022:10:03:23 +0800] "GET /xingrg/check_reg.html?_=1671069628886 HTTP/1.1" 200 22
222.70.177.10 - - [15/Dec/2022:10:03:26 +0800] "POST /xingrg/services/DataTransmitService HTTP/1.1" 200 524
116.237.75.219 - - [15/Dec/2022:10:03:28 +0800] "GET /xingrg/check_reg.html?_=1671069830287 HTTP/1.1" 200 22
114.83.220.141 - - [15/Dec/2022:10:03:28 +0800] "GET /xingrg/all/function/internal_message.html?_=1671069826202&CODE_STATE=getMsg HTTP/1.1" 200 27
101.83.146.103 - - [15/Dec/2022:10:03:28 +0800] "GET /xingrg/all/function/internal_message.html?_=1671069675993&CODE_STATE=getMsg HTTP/1.1" 200 27
120.253.135.82 - - [15/Dec/2022:10:03:29 +0800] "GET /xingrg/all/function/internal_message.html?_=1671069635298&CODE_STATE=getMsg HTTP/1.1" 200 27
116.230.105.139 - - [15/Dec/2022:10:03:37 +0800] "GET /xingrg/all/function/internal_message.html?_=1671069828630&CODE_STATE=getMsg HTTP/1.1" 200 27
114.84.38.109 - - [15/Dec/2022:10:03:42 +0800] "GET /xingrg/check_reg.html?_=1671069855276 HTTP/1.1" 200 22
120.253.135.82 - - [15/Dec/2022:10:03:43 +0800] "GET /xingrg/kc/pszx/mdqp_order_list.html?state=10 HTTP/1.1" 200 10715
120.253.135.82 - - [15/Dec/2022:10:03:43 +0800] "GET /xingrg/dwr/engine.js HTTP/1.1" 200 43631
120.253.135.82 - - [15/Dec/2022:10:03:43 +0800] "GET /xingrg/dwr/interface/AjaxReportQueryService.js HTTP/1.1" 200 13203
120.253.135.82 - - [15/Dec/2022:10:03:43 +0800] "GET /xingrg/dwr/interface/AjaxQqpsService.js HTTP/1.1" 200 16326
116.238.139.35 - - [15/Dec/2022:10:03:45 +0800] "GET /xingrg/all/function/internal_message.html?_=1671069846552&CODE_STATE=getMsg HTTP/1.1" 200 27
120.253.135.82 - - [15/Dec/2022:10:03:48 +0800] "GET /xingrg/kc/pszx/mdqp_order_info.html?code=302022121500270 HTTP/1.1" 200 13350
120.253.135.82 - - [15/Dec/2022:10:03:48 +0800] "GET /xingrg/dwr/interface/AjaxComOrderService.js HTTP/1.1" 200 18264
120.253.135.82 - - [15/Dec/2022:10:03:48 +0800] "GET /xingrg/dwr/interface/AjaxQqpsService.js HTTP/1.1" 200 16326
120.253.135.82 - - [15/Dec/2022:10:03:48 +0800] "GET /xingrg/dwr/engine.js HTTP/1.1" 200 43631
120.253.135.82 - - [15/Dec/2022:10:03:49 +0800] "POST /xingrg/dwr/call/plaincall/AjaxQqpsService.loadMaterielItems.dwr HTTP/1.1" 200 328
120.253.135.82 - - [15/Dec/2022:10:03:53 +0800] "GET /xingrg/kc/pszx/mdqp_order_list.html?isBack=1 HTTP/1.1" 302 -
120.253.135.82 - - [15/Dec/2022:10:03:53 +0800] "GET /xingrg/kc/pszx/mdqp_order_list.html?state=10 HTTP/1.1" 200 10715
120.253.135.82 - - [15/Dec/2022:10:03:53 +0800] "GET /xingrg/dwr/interface/AjaxReportQueryService.js HTTP/1.1" 200 13203
120.253.135.82 - - [15/Dec/2022:10:03:53 +0800] "GET /xingrg/dwr/interface/AjaxQqpsService.js HTTP/1.1" 200 16326
120.253.135.82 - - [15/Dec/2022:10:03:53 +0800] "GET /xingrg/dwr/engine.js HTTP/1.1" 200 43631
120.253.135.82 - - [15/Dec/2022:10:04:00 +0800] "GET /xingrg/kc/buy/cgsh_order_list.html HTTP/1.1" 200 54015
120.253.135.82 - - [15/Dec/2022:10:04:01 +0800] "POST /xingrg/kc/buy/cgsh_list_operate.html HTTP/1.1" 200 986
116.192.124.172 - - [15/Dec/2022:10:04:03 +0800] "GET /xingrg/all/function/internal_message.html?_=1671069864465&CODE_STATE=getMsg HTTP/1.1" 200 27
120.253.135.82 - - [15/Dec/2022:10:04:04 +0800] "GET /xingrg/kc/buy/cgsh_order_list.html HTTP/1.1" 200 54015
114.88.159.190 - - [15/Dec/2022:10:04:05 +0800] "GET /xingrg/all/function/internal_message.html?_=1671069457397&CODE_STATE=getMsg HTTP/1.1" 200 27
120.253.135.82 - - [15/Dec/2022:10:04:05 +0800] "POST /xingrg/kc/buy/cgsh_list_operate.html HTTP/1.1" 200 986
120.253.135.82 - - [15/Dec/2022:10:04:08 +0800] "GET /xingrg/kc/pszx/mdps_order_list.html?orderType=0 HTTP/1.1" 200 21035
120.253.135.82 - - [15/Dec/2022:10:04:08 +0800] "POST /xingrg/kc/pszx/mdps_list_operate.html HTTP/1.1" 200 5186
116.237.75.219 - - [15/Dec/2022:10:04:10 +0800] "GET /xingrg/all/function/internal_message.html?_=1671069873073&CODE_STATE=getMsg HTTP/1.1" 200 27
116.238.139.35 - - [15/Dec/2022:10:04:11 +0800] "GET /xingrg/all/function/internal_message.html?_=1671069804552&CODE_STATE=getMsg HTTP/1.1" 200 27
114.84.38.109 - - [15/Dec/2022:10:04:12 +0800] "GET /xingrg/all/function/internal_message.html?_=1671069885805&CODE_STATE=getMsg HTTP/1.1" 200 27
120.253.135.82 - - [15/Dec/2022:10:04:17 +0800] "POST /xingrg/kc/pszx/mdps_list_operate.html HTTP/1.1" 200 1689
120.253.135.82 - - [15/Dec/2022:10:04:19 +0800] "POST /xingrg/kc/pszx/mdps_list_operate.html HTTP/1.1" 200 619
120.253.135.82 - - [15/Dec/2022:10:04:19 +0800] "GET /xingrg/kc/pszx/mdps_order_info.html?code=312022121500335 HTTP/1.1" 200 23976
120.253.135.82 - - [15/Dec/2022:10:04:20 +0800] "GET /xingrg/javascript/easyui/themes/default/validatebox.css HTTP/1.1" 404 1104
120.253.135.82 - - [15/Dec/2022:10:04:20 +0800] "POST /xingrg/kc/pszx/mdps_order_operate.html HTTP/1.1" 200 7385
114.83.220.141 - - [15/Dec/2022:10:04:28 +0800] "GET /xingrg/all/function/internal_message.html?_=1671069886201&CODE_STATE=getMsg HTTP/1.1" 200 27
101.83.146.103 - - [15/Dec/2022:10:04:28 +0800] "GET /xingrg/all/function/internal_message.html?_=1671069735993&CODE_STATE=getMsg HTTP/1.1" 200 27
120.253.135.82 - - [15/Dec/2022:10:04:29 +0800] "GET /xingrg/all/function/internal_message.html?_=1671069695310&CODE_STATE=getMsg HTTP/1.1" 200 27
120.253.135.82 - - [15/Dec/2022:10:04:32 +0800] "GET /xingrg/kc/pszx/mdps_order_add.html HTTP/1.1" 200 29104
120.253.135.82 - - [15/Dec/2022:10:04:32 +0800] "POST /xingrg/kc/pszx/mdps_order_operate.html HTTP/1.1" 200 7126
120.253.135.82 - - [15/Dec/2022:10:04:33 +0800] "GET /xingrg/javascript/easyui/themes/default/validatebox.css HTTP/1.1" 404 1104
116.230.105.139 - - [15/Dec/2022:10:04:37 +0800] "GET /xingrg/all/function/internal_message.html?_=1671069888626&CODE_STATE=getMsg HTTP/1.1" 200 27
120.253.135.82 - - [15/Dec/2022:10:04:38 +0800] "POST /xingrg/all/common/load_combo.html?type=base HTTP/1.1" 200 1169
116.238.139.35 - - [15/Dec/2022:10:04:45 +0800] "GET /xingrg/all/function/internal_message.html?_=1671069906507&CODE_STATE=getMsg HTTP/1.1" 200 27
120.253.135.82 - - [15/Dec/2022:10:04:55 +0800] "GET /xingrg/kc/pszx/mdps_order_operate.html?command=get_materiel&pszx_code=00101&rest_code=00103&base_code=0010250&code=00102002315 HTTP/1.1" 200 475
120.253.135.82 - - [15/Dec/2022:10:04:58 +0800] "POST /xingrg/all/common/load_select.html HTTP/1.1" 200 25
120.253.135.82 - - [15/Dec/2022:10:04:59 +0800] "GET /xingrg/kc/pszx/mdps_order_operate.html?command=get_materiel_price&pszx_code=00101&rest_code=00103&base_code=0010250&code=00102002315&unit_code=00100367&order_time=2022-12-15 HTTP/1.1" 200 35
116.192.124.172 - - [15/Dec/2022:10:05:03 +0800] "GET /xingrg/all/function/internal_message.html?_=1671069924483&CODE_STATE=getMsg HTTP/1.1" 200 27
114.88.159.190 - - [15/Dec/2022:10:05:05 +0800] "GET /xingrg/all/function/internal_message.html?_=1671069517397&CODE_STATE=getMsg HTTP/1.1" 200 27
120.253.135.82 - - [15/Dec/2022:10:05:05 +0800] "POST /xingrg/kc/pszx/mdps_order_operate.html HTTP/1.1" 200 37
120.253.135.82 - - [15/Dec/2022:10:05:06 +0800] "GET /xingrg/kc/pszx/mdps_order_info.html?code=312022121500337 HTTP/1.1" 200 23976
120.253.135.82 - - [15/Dec/2022:10:05:07 +0800] "GET /xingrg/javascript/easyui/themes/default/validatebox.css HTTP/1.1" 404 1104
120.253.135.82 - - [15/Dec/2022:10:05:07 +0800] "POST /xingrg/kc/pszx/mdps_order_operate.html HTTP/1.1" 200 2304
120.253.135.82 - - [15/Dec/2022:10:05:08 +0800] "POST /xingrg/kc/pszx/mdps_list_operate.html HTTP/1.1" 200 2057
120.253.135.82 - - [15/Dec/2022:10:05:10 +0800] "POST /xingrg/kc/pszx/mdps_list_operate.html HTTP/1.1" 200 216
116.237.75.219 - - [15/Dec/2022:10:05:10 +0800] "GET /xingrg/all/function/internal_message.html?_=1671069933055&CODE_STATE=getMsg HTTP/1.1" 200 27
116.238.139.35 - - [15/Dec/2022:10:05:11 +0800] "GET /xingrg/all/function/internal_message.html?_=1671069864553&CODE_STATE=getMsg HTTP/1.1" 200 27
120.253.135.82 - - [15/Dec/2022:10:05:11 +0800] "GET /xingrg/kc/pszx/mdps_order_info.html?code=312022121500337 HTTP/1.1" 200 23976
120.253.135.82 - - [15/Dec/2022:10:05:11 +0800] "GET /xingrg/javascript/easyui/themes/default/validatebox.css HTTP/1.1" 404 1104
120.253.135.82 - - [15/Dec/2022:10:05:12 +0800] "POST /xingrg/kc/pszx/mdps_order_operate.html HTTP/1.1" 200 2304
114.84.38.109 - - [15/Dec/2022:10:05:12 +0800] "GET /xingrg/all/function/internal_message.html?_=1671069945822&CODE_STATE=getMsg HTTP/1.1" 200 27
120.253.135.82 - - [15/Dec/2022:10:05:18 +0800] "GET /xingrg/kc/pszx/mdps_order_operate.html?command=get_materiel&pszx_code=00101&rest_code=00103&base_code=0010250&code=00102002610 HTTP/1.1" 200 443
114.83.220.141 - - [15/Dec/2022:10:05:28 +0800] "GET /xingrg/all/function/internal_message.html?_=1671069946201&CODE_STATE=getMsg HTTP/1.1" 200 27
101.83.146.103 - - [15/Dec/2022:10:05:28 +0800] "GET /xingrg/all/function/internal_message.html?_=1671069795993&CODE_STATE=getMsg HTTP/1.1" 200 27
116.230.105.139 - - [15/Dec/2022:10:05:37 +0800] "GET /xingrg/all/function/internal_message.html?_=1671069948616&CODE_STATE=getMsg HTTP/1.1" 200 27
120.253.135.82 - - [15/Dec/2022:10:05:38 +0800] "GET /xingrg/kc/pszx/mdps_order_operate.html?command=get_materiel&pszx_code=00101&rest_code=00103&base_code=0010250&code=00102015055 HTTP/1.1" 200 436
120.253.135.82 - - [15/Dec/2022:10:05:43 +0800] "GET /xingrg/all/function/internal_message.html?_=1671069769521&CODE_STATE=getMsg HTTP/1.1" 200 27
120.253.135.82 - - [15/Dec/2022:10:05:43 +0800] "POST /xingrg/kc/pszx/mdps_order_operate.html HTTP/1.1" 200 37
120.253.135.82 - - [15/Dec/2022:10:05:44 +0800] "GET /xingrg/kc/pszx/mdps_order_info.html?code=312022121500337 HTTP/1.1" 200 23976
120.253.135.82 - - [15/Dec/2022:10:05:45 +0800] "GET /xingrg/javascript/easyui/themes/default/validatebox.css HTTP/1.1" 404 1104
120.253.135.82 - - [15/Dec/2022:10:05:45 +0800] "POST /xingrg/kc/pszx/mdps_order_operate.html HTTP/1.1" 200 2792
116.238.139.35 - - [15/Dec/2022:10:05:45 +0800] "GET /xingrg/all/function/internal_message.html?_=1671069966499&CODE_STATE=getMsg HTTP/1.1" 200 27
120.253.135.82 - - [15/Dec/2022:10:05:47 +0800] "POST /xingrg/kc/pszx/mdps_list_operate.html HTTP/1.1" 200 2057
116.238.139.35 - - [15/Dec/2022:10:05:56 +0800] "GET /xingrg/kc/buy/cgsh_order_operate.html?command=get_materiel&rest_code=00151&code=00101008356&supplier_code=00100008&order_time=2022-12-15 HTTP/1.1" 200 423
116.238.139.35 - - [15/Dec/2022:10:06:02 +0800] "GET /xingrg/kc/buy/cgsh_order_operate.html?command=get_materiel&rest_code=00151&code=00101008300&supplier_code=00100008&order_time=2022-12-15 HTTP/1.1" 200 412
116.192.124.172 - - [15/Dec/2022:10:06:03 +0800] "GET /xingrg/all/function/internal_message.html?_=1671069984469&CODE_STATE=getMsg HTTP/1.1" 200 27
114.88.159.190 - - [15/Dec/2022:10:06:05 +0800] "GET /xingrg/all/function/internal_message.html?_=1671069577411&CODE_STATE=getMsg HTTP/1.1" 200 27
120.253.135.82 - - [15/Dec/2022:10:06:08 +0800] "GET /xingrg/login.html HTTP/1.1" 200 7641
120.253.135.82 - - [15/Dec/2022:10:06:08 +0800] "GET /xingrg/images/blue/jxLogo.png HTTP/1.1" 304 -
120.253.135.82 - - [15/Dec/2022:10:06:08 +0800] "GET /xingrg/images/blue/login_bg.png HTTP/1.1" 304 -
120.253.135.82 - - [15/Dec/2022:10:06:08 +0800] "GET /xingrg/images/blue/hj.png HTTP/1.1" 304 -
120.253.135.82 - - [15/Dec/2022:10:06:09 +0800] "GET /xingrg/images/blue/srbg.png HTTP/1.1" 304 -
120.253.135.82 - - [15/Dec/2022:10:06:09 +0800] "GET /favicon.ico HTTP/1.1" 404 -
116.238.139.35 - - [15/Dec/2022:10:06:09 +0800] "GET /xingrg/kc/buy/cgsh_order_operate.html?command=get_materiel&rest_code=00151&code=00101008077&supplier_code=00100008&order_time=2022-12-15 HTTP/1.1" 200 416
116.237.75.219 - - [15/Dec/2022:10:06:10 +0800] "GET /xingrg/all/function/internal_message.html?_=1671069993034&CODE_STATE=getMsg HTTP/1.1" 200 27
116.238.139.35 - - [15/Dec/2022:10:06:11 +0800] "GET /xingrg/all/function/internal_message.html?_=1671069924578&CODE_STATE=getMsg HTTP/1.1" 200 27
120.253.135.82 - - [15/Dec/2022:10:06:12 +0800] "POST /xingrg/login.do HTTP/1.1" 302 -
120.253.135.82 - - [15/Dec/2022:10:06:13 +0800] "GET /xingrg/index.html?sysBaseUrl=http%3A%2F%2F180.169.147.146%3A18081%2Fxingrg%2F&costTime=40×tamp=1671069972883 HTTP/1.1" 200 17173
120.253.135.82 - - [15/Dec/2022:10:06:13 +0800] "GET /xingrg/javascript/jquery_easy_ui/themes/default/easyui.css HTTP/1.1" 304 -
120.253.135.82 - - [15/Dec/2022:10:06:13 +0800] "GET /xingrg/javascript/jquery_easy_ui/themes/icon.css HTTP/1.1" 304 -
120.253.135.82 - - [15/Dec/2022:10:06:13 +0800] "GET /xingrg/css/form.css HTTP/1.1" 304 -
120.253.135.82 - - [15/Dec/2022:10:06:13 +0800] "GET /xingrg/javascript/jquery-1.4.2.min.js HTTP/1.1" 304 -
120.253.135.82 - - [15/Dec/2022:10:06:13 +0800] "GET /xingrg/javascript/jquery.timers.js HTTP/1.1" 304 -
120.253.135.82 - - [15/Dec/2022:10:06:13 +0800] "GET /xingrg/javascript/jquery_easy_ui/easyui-lang-zh_CN.js HTTP/1.1" 304 -
120.253.135.82 - - [15/Dec/2022:10:06:13 +0800] "GET /xingrg/javascript/jquery_easy_ui/jquery.easyui.min.js HTTP/1.1" 304 -
120.253.135.82 - - [15/Dec/2022:10:06:13 +0800] "GET /xingrg/javascript/jquery.utils.js HTTP/1.1" 304 -
120.253.135.82 - - [15/Dec/2022:10:06:13 +0800] "GET /xingrg/javascript/jquery.form.js HTTP/1.1" 304 -
114.84.38.109 - - [15/Dec/2022:10:06:13 +0800] "GET /xingrg/all/function/internal_message.html?_=1671070006320&CODE_STATE=getMsg HTTP/1.1" 200 27
120.253.135.82 - - [15/Dec/2022:10:06:13 +0800] "GET /favicon.ico HTTP/1.1" 404 -
120.253.135.82 - - [15/Dec/2022:10:06:13 +0800] "GET /xingrg/images/blue/pingpu.png HTTP/1.1" 304 -
120.253.135.82 - - [15/Dec/2022:10:06:13 +0800] "GET /xingrg/javascript/jquery_easy_ui/themes/icons/settle_new.png HTTP/1.1" 304 -
120.253.135.82 - - [15/Dec/2022:10:06:13 +0800] "GET /xingrg/images/blue/navBackgound.jpg HTTP/1.1" 304 -
120.253.135.82 - - [15/Dec/2022:10:06:13 +0800] "GET /xingrg/javascript/jquery_easy_ui/themes/default/images/tabs_leftarrow.png HTTP/1.1" 304 -
120.253.135.82 - - [15/Dec/2022:10:06:13 +0800] "GET /xingrg/javascript/jquery_easy_ui/themes/default/images/panel_tool_collapse.gif HTTP/1.1" 304 -
120.253.135.82 - - [15/Dec/2022:10:06:13 +0800] "POST /xingrg/all/common/load_tree.html?tree=area_rest_tree_json&manage=1 HTTP/1.1" 200 344
120.253.135.82 - - [15/Dec/2022:10:06:13 +0800] "GET /xingrg/javascript/jquery_easy_ui/themes/default/images/tabs_rightarrow.png HTTP/1.1" 304 -
120.253.135.82 - - [15/Dec/2022:10:06:13 +0800] "GET /xingrg/check_reg.html?_=1671069799443 HTTP/1.1" 200 22
120.253.135.82 - - [15/Dec/2022:10:06:13 +0800] "GET /xingrg/all/function/internal_message.html?_=1671069799442&CODE_STATE=count HTTP/1.1" 200 11
120.253.135.82 - - [15/Dec/2022:10:06:13 +0800] "POST /xingrg/load_menu.html HTTP/1.1" 200 6743
120.253.135.82 - - [15/Dec/2022:10:06:13 +0800] "GET /xingrg/javascript/jquery_easy_ui/themes/default/images/tree_arrows.gif HTTP/1.1" 304 -
120.253.135.82 - - [15/Dec/2022:10:06:13 +0800] "GET /xingrg/javascript/jquery_easy_ui/themes/default/images/tree_folder_open.gif HTTP/1.1" 304 -
120.253.135.82 - - [15/Dec/2022:10:06:13 +0800] "GET /xingrg/javascript/jquery_easy_ui/themes/icons/search_new.png HTTP/1.1" 304 -
120.253.135.82 - - [15/Dec/2022:10:06:13 +0800] "GET /xingrg/javascript/jquery_easy_ui/themes/icons/delivery_new.png HTTP/1.1" 304 -
120.253.135.82 - - [15/Dec/2022:10:06:13 +0800] "GET /xingrg/javascript/jquery_easy_ui/themes/icons/storage_new.png HTTP/1.1" 304 -
120.253.135.82 - - [15/Dec/2022:10:06:13 +0800] "GET /xingrg/javascript/jquery_easy_ui/themes/icons/forms_new.png HTTP/1.1" 304 -
120.253.135.82 - - [15/Dec/2022:10:06:13 +0800] "GET /xingrg/javascript/jquery_easy_ui/themes/default/images/tree_file.gif HTTP/1.1" 304 -
120.253.135.82 - - [15/Dec/2022:10:06:14 +0800] "GET /xingrg/javascript/jquery_easy_ui/themes/default/images/tree_folder.gif HTTP/1.1" 304 -
116.238.139.35 - - [15/Dec/2022:10:06:16 +0800] "GET /xingrg/kc/buy/cgsh_order_operate.html?command=get_materiel&rest_code=00151&code=00101008357&supplier_code=00100008&order_time=2022-12-15 HTTP/1.1" 200 408
120.253.135.82 - - [15/Dec/2022:10:06:18 +0800] "GET /xingrg/javascript/jquery_easy_ui/themes/default/images/tabs_close.gif HTTP/1.1" 304 -
120.253.135.82 - - [15/Dec/2022:10:06:18 +0800] "GET /xingrg/kc/pszx/mdqp_order_list.html?state=10 HTTP/1.1" 200 10715
120.253.135.82 - - [15/Dec/2022:10:06:18 +0800] "GET /xingrg/javascript/pic_change.js HTTP/1.1" 304 -
120.253.135.82 - - [15/Dec/2022:10:06:18 +0800] "GET /xingrg/css/blue.css HTTP/1.1" 304 -
120.253.135.82 - - [15/Dec/2022:10:06:18 +0800] "GET /xingrg/javascript/Calendar.js HTTP/1.1" 304 -
120.253.135.82 - - [15/Dec/2022:10:06:18 +0800] "GET /xingrg/dwr/util.js HTTP/1.1" 304 -
120.253.135.82 - - [15/Dec/2022:10:06:18 +0800] "GET /xingrg/javascript/myfunction.js HTTP/1.1" 304 -
120.253.135.82 - - [15/Dec/2022:10:06:18 +0800] "GET /xingrg/dwr/interface/AjaxReportQueryService.js HTTP/1.1" 200 13203
120.253.135.82 - - [15/Dec/2022:10:06:18 +0800] "GET /xingrg/dwr/interface/AjaxQqpsService.js HTTP/1.1" 200 16326
120.253.135.82 - - [15/Dec/2022:10:06:18 +0800] "GET /xingrg/dwr/engine.js HTTP/1.1" 200 43631
120.253.135.82 - - [15/Dec/2022:10:06:18 +0800] "GET /xingrg/javascript/jquery_easy_ui/themes/icons/check_new.png HTTP/1.1" 304 -
120.253.135.82 - - [15/Dec/2022:10:06:18 +0800] "GET /xingrg/javascript/jquery_easy_ui/themes/icons/back_new.png HTTP/1.1" 304 -
120.253.135.82 - - [15/Dec/2022:10:06:18 +0800] "GET /xingrg/javascript/jquery_easy_ui/themes/icons/uncheck_new.png HTTP/1.1" 304 -
120.253.135.82 - - [15/Dec/2022:10:06:20 +0800] "GET /xingrg/javascript/jquery_tools/datebox.css HTTP/1.1" 304 -
120.253.135.82 - - [15/Dec/2022:10:06:20 +0800] "GET /xingrg/css/base.css HTTP/1.1" 304 -
120.253.135.82 - - [15/Dec/2022:10:06:20 +0800] "GET /xingrg/css/site.css HTTP/1.1" 304 -
120.253.135.82 - - [15/Dec/2022:10:06:20 +0800] "GET /xingrg/javascript/easyui/themes/icon.css HTTP/1.1" 304 -
120.253.135.82 - - [15/Dec/2022:10:06:20 +0800] "GET /xingrg/javascript/auto/jquery.autocomplete.css HTTP/1.1" 304 -
120.253.135.82 - - [15/Dec/2022:10:06:20 +0800] "GET /xingrg/javascript/jquery_tools/fix.css HTTP/1.1" 304 -
120.253.135.82 - - [15/Dec/2022:10:06:20 +0800] "GET /xingrg/javascript/easyui/themes/default/easyui.css HTTP/1.1" 304 -
120.253.135.82 - - [15/Dec/2022:10:06:20 +0800] "GET /xingrg/kc/pszx/mdps_order_list.html?orderType=0 HTTP/1.1" 200 21035
120.253.135.82 - - [15/Dec/2022:10:06:20 +0800] "GET /xingrg/javascript/jquery_tools/table.css HTTP/1.1" 304 -
120.253.135.82 - - [15/Dec/2022:10:06:20 +0800] "GET /xingrg/javascript/jquery_tools/jquery.tools.extend.js HTTP/1.1" 304 -
120.253.135.82 - - [15/Dec/2022:10:06:20 +0800] "GET /xingrg/javascript/jquery_tools/jquery.tools.table.js HTTP/1.1" 304 -
120.253.135.82 - - [15/Dec/2022:10:06:20 +0800] "GET /xingrg/javascript/jquery_tools/jquery.tools.hotkey.js HTTP/1.1" 304 -
120.253.135.82 - - [15/Dec/2022:10:06:20 +0800] "GET /xingrg/javascript/jquery_tools/list_manager.js HTTP/1.1" 304 -
120.253.135.82 - - [15/Dec/2022:10:06:20 +0800] "GET /xingrg/javascript/auto/jquery.autocomplete.js HTTP/1.1" 304 -
120.253.135.82 - - [15/Dec/2022:10:06:20 +0800] "GET /xingrg/javascript/easyui/easyloader.js HTTP/1.1" 304 -
120.253.135.82 - - [15/Dec/2022:10:06:20 +0800] "GET /xingrg/javascript/jquery_tools/jquery.tools.min.js HTTP/1.1" 304 -
120.253.135.82 - - [15/Dec/2022:10:06:20 +0800] "GET /xingrg/javascript/jquery.cookie.js HTTP/1.1" 304 -
120.253.135.82 - - [15/Dec/2022:10:06:20 +0800] "GET /xingrg/javascript/print/LodopFuncs.js HTTP/1.1" 304 -
120.253.135.82 - - [15/Dec/2022:10:06:20 +0800] "GET /xingrg/javascript/easyui/themes/icons/edit_add_new.png HTTP/1.1" 304 -
120.253.135.82 - - [15/Dec/2022:10:06:20 +0800] "GET /xingrg/javascript/easyui/themes/icons/cance_new.png HTTP/1.1" 304 -
120.253.135.82 - - [15/Dec/2022:10:06:20 +0800] "GET /xingrg/javascript/easyui/themes/icons/import_new.png HTTP/1.1" 304 -
120.253.135.82 - - [15/Dec/2022:10:06:20 +0800] "GET /xingrg/javascript/easyui/themes/icons/field_new.png HTTP/1.1" 304 -
120.253.135.82 - - [15/Dec/2022:10:06:20 +0800] "GET /xingrg/javascript/easyui/themes/icons/check_new.png HTTP/1.1" 304 -
120.253.135.82 - - [15/Dec/2022:10:06:20 +0800] "GET /xingrg/javascript/easyui/themes/icons/uncheck_new.png HTTP/1.1" 304 -
120.253.135.82 - - [15/Dec/2022:10:06:20 +0800] "GET /xingrg/javascript/easyui/plugins/jquery.parser.js HTTP/1.1" 304 -
120.253.135.82 - - [15/Dec/2022:10:06:20 +0800] "GET /xingrg/images/control/ajaxLoader.gif HTTP/1.1" 304 -
120.253.135.82 - - [15/Dec/2022:10:06:21 +0800] "POST /xingrg/kc/pszx/mdps_list_operate.html HTTP/1.1" 200 5184
116.238.139.35 - - [15/Dec/2022:10:06:22 +0800] "GET /xingrg/kc/buy/cgsh_order_operate.html?command=get_materiel&rest_code=00151&code=00101008286&supplier_code=00100008&order_time=2022-12-15 HTTP/1.1" 200 424
120.253.135.82 - - [15/Dec/2022:10:06:23 +0800] "GET /xingrg/javascript/auto/indicator.gif HTTP/1.1" 404 1066
116.238.139.35 - - [15/Dec/2022:10:06:23 +0800] "POST /xingrg/kc/buy/cgsh_order_operate.html HTTP/1.1" 200 2065
124.79.245.154 - - [15/Dec/2022:10:06:27 +0800] "POST /xingrg/services/DataTransmitService HTTP/1.1" 200 524
124.79.245.154 - - [15/Dec/2022:10:06:27 +0800] "POST /xingrg/services/DataTransmitService HTTP/1.1" 200 412
114.83.220.141 - - [15/Dec/2022:10:06:28 +0800] "GET /xingrg/all/function/internal_message.html?_=1671070006204&CODE_STATE=getMsg HTTP/1.1" 200 27
120.253.135.82 - - [15/Dec/2022:10:06:28 +0800] "POST /xingrg/kc/pszx/mdps_list_operate.html HTTP/1.1" 200 2057
101.83.146.103 - - [15/Dec/2022:10:06:28 +0800] "GET /xingrg/all/function/internal_message.html?_=1671069856002&CODE_STATE=getMsg HTTP/1.1" 200 27
116.238.139.35 - - [15/Dec/2022:10:06:30 +0800] "GET /xingrg/kc/buy/cgsh_order_operate.html?command=get_materiel&rest_code=00151&code=00101008169&supplier_code=00100008&order_time=2022-12-15 HTTP/1.1" 200 412
120.253.135.82 - - [15/Dec/2022:10:06:34 +0800] "POST /xingrg/kc/pszx/mdps_list_operate.html HTTP/1.1" 200 619
120.253.135.82 - - [15/Dec/2022:10:06:35 +0800] "GET /xingrg/kc/pszx/mdps_order_info.html?code=312022121500335 HTTP/1.1" 200 23976
120.253.135.82 - - [15/Dec/2022:10:06:35 +0800] "GET /xingrg/javascript/jquery_tools/order_manager.js HTTP/1.1" 304 -
120.253.135.82 - - [15/Dec/2022:10:06:35 +0800] "GET /xingrg/javascript/json2.js HTTP/1.1" 304 -
120.253.135.82 - - [15/Dec/2022:10:06:35 +0800] "GET /xingrg/javascript/convert.js HTTP/1.1" 304 -
120.253.135.82 - - [15/Dec/2022:10:06:35 +0800] "GET /xingrg/javascript/print/kc_print.js HTTP/1.1" 304 -
120.253.135.82 - - [15/Dec/2022:10:06:35 +0800] "GET /xingrg/words/20221213125614_words.js HTTP/1.1" 304 -
120.253.135.82 - - [15/Dec/2022:10:06:35 +0800] "GET /xingrg/javascript/easyui/themes/icons/copy_new.png HTTP/1.1" 304 -
120.253.135.82 - - [15/Dec/2022:10:06:35 +0800] "GET /xingrg/javascript/easyui/themes/icons/ok.png HTTP/1.1" 304 -
120.253.135.82 - - [15/Dec/2022:10:06:35 +0800] "GET /xingrg/javascript/easyui/themes/default/images/menu_downarrow.png HTTP/1.1" 304 -
120.253.135.82 - - [15/Dec/2022:10:06:35 +0800] "GET /xingrg/javascript/easyui/themes/icons/print.png HTTP/1.1" 304 -
120.253.135.82 - - [15/Dec/2022:10:06:35 +0800] "GET /xingrg/javascript/easyui/themes/icons/cancel.png HTTP/1.1" 304 -
120.253.135.82 - - [15/Dec/2022:10:06:35 +0800] "GET /xingrg/all/common/auto_word.html?type=base&rest_code=00101 HTTP/1.1" 200 671
120.253.135.82 - - [15/Dec/2022:10:06:35 +0800] "GET /xingrg/javascript/easyui/themes/default/validatebox.css HTTP/1.1" 404 1104
120.253.135.82 - - [15/Dec/2022:10:06:35 +0800] "GET /xingrg/javascript/easyui/plugins/jquery.validatebox.js HTTP/1.1" 304 -
120.253.135.82 - - [15/Dec/2022:10:06:35 +0800] "POST /xingrg/kc/pszx/mdps_order_operate.html HTTP/1.1" 200 7385
120.253.135.82 - - [15/Dec/2022:10:06:35 +0800] "GET /xingrg/javascript/easyui/plugins/jquery.numberbox.js HTTP/1.1" 304 -
120.253.135.82 - - [15/Dec/2022:10:06:35 +0800] "GET /xingrg/javascript/easyui/themes/icons/edit_remove.png HTTP/1.1" 304 -
116.230.105.139 - - [15/Dec/2022:10:06:37 +0800] "GET /xingrg/all/function/internal_message.html?_=1671070008620&CODE_STATE=getMsg HTTP/1.1" 200 27
116.238.139.35 - - [15/Dec/2022:10:06:38 +0800] "GET /xingrg/kc/buy/cgsh_order_operate.html?command=get_materiel&rest_code=00151&code=00101008318&supplier_code=00100008&order_time=2022-12-15 HTTP/1.1" 200 424
116.238.139.35 - - [15/Dec/2022:10:06:44 +0800] "GET /xingrg/kc/buy/cgsh_order_operate.html?command=get_materiel&rest_code=00151&code=00101008353&supplier_code=00100008&order_time=2022-12-15 HTTP/1.1" 200 408
116.238.139.35 - - [15/Dec/2022:10:06:45 +0800] "GET /xingrg/all/function/internal_message.html?_=1671070026526&CODE_STATE=getMsg HTTP/1.1" 200 27
116.238.139.35 - - [15/Dec/2022:10:06:46 +0800] "GET /xingrg/check_reg.html?_=1671070026585 HTTP/1.1" 200 22
116.238.139.35 - - [15/Dec/2022:10:06:51 +0800] "GET /xingrg/kc/buy/cgsh_order_operate.html?command=get_materiel&rest_code=00151&code=00101008095&supplier_code=00100008&order_time=2022-12-15 HTTP/1.1" 200 412
120.253.135.82 - - [15/Dec/2022:10:06:53 +0800] "GET /xingrg/kc/pszx/mdps_order_operate.html?command=get_materiel&pszx_code=00101&rest_code=00103&base_code=0010246&code=00101008022 HTTP/1.1" 200 466
120.253.135.82 - - [15/Dec/2022:10:06:55 +0800] "POST /xingrg/all/common/load_select.html HTTP/1.1" 200 25
120.253.135.82 - - [15/Dec/2022:10:06:56 +0800] "GET /xingrg/kc/pszx/mdps_order_operate.html?command=get_materiel_price&pszx_code=00101&rest_code=00103&base_code=0010246&code=00101008022&unit_code=00100032&order_time=2022-12-16 HTTP/1.1" 200 35
116.238.139.35 - - [15/Dec/2022:10:06:57 +0800] "GET /xingrg/kc/buy/cgsh_order_operate.html?command=get_materiel&rest_code=00151&code=00101008110&supplier_code=00100008&order_time=2022-12-15 HTTP/1.1" 200 408
116.238.139.35 - - [15/Dec/2022:10:06:59 +0800] "POST /xingrg/kc/buy/cgsh_order_operate.html HTTP/1.1" 200 2065
