116.192.124.172 - - [15/Dec/2022:11:31:04 +0800] "GET /xingrg/all/function/internal_message.html?_=1671075084465&CODE_STATE=getMsg HTTP/1.1" 200 27
180.165.52.19 - - [15/Dec/2022:11:31:04 +0800] "POST /xingrg/kc/buy/cgsh_list_operate.html HTTP/1.1" 200 986
114.88.159.190 - - [15/Dec/2022:11:31:05 +0800] "GET /xingrg/all/function/internal_message.html?_=1671074677665&CODE_STATE=getMsg HTTP/1.1" 200 27
114.84.171.155 - - [15/Dec/2022:11:31:08 +0800] "GET /xingrg/all/function/internal_message.html?_=1671075087947&CODE_STATE=getMsg HTTP/1.1" 200 27
116.237.75.219 - - [15/Dec/2022:11:31:09 +0800] "GET /xingrg/all/function/internal_message.html?_=1671075091131&CODE_STATE=getMsg HTTP/1.1" 200 27
180.169.147.146 - - [15/Dec/2022:11:31:10 +0800] "GET /xingrg/words/20221215111312_words.js HTTP/1.1" 200 938090
180.169.147.146 - - [15/Dec/2022:11:31:10 +0800] "GET /xingrg/kc/buy/cgsh_order_add.html HTTP/1.1" 200 69800
180.169.147.146 - - [15/Dec/2022:11:31:11 +0800] "POST /xingrg/kc/buy/cgsh_order_operate.html HTTP/1.1" 200 8245
180.169.147.146 - - [15/Dec/2022:11:31:11 +0800] "GET /xingrg/javascript/easyui/themes/default/validatebox.css HTTP/1.1" 404 1104
222.70.177.10 - - [15/Dec/2022:11:31:11 +0800] "GET /xingrg/kc/buy/cgsh_order_operate.html?command=get_materiel&rest_code=00111&code=00101006112&supplier_code=00100012&order_time=2022-12-15 HTTP/1.1" 200 409
114.88.159.190 - - [15/Dec/2022:11:31:11 +0800] "POST /xingrg/dwr/call/plaincall/AjaxYddbService.saveOrder.dwr HTTP/1.1" 200 78
116.238.139.35 - - [15/Dec/2022:11:31:12 +0800] "GET /xingrg/all/function/internal_message.html?_=1671075025905&CODE_STATE=getMsg HTTP/1.1" 200 27
114.83.222.182 - - [15/Dec/2022:11:31:14 +0800] "GET /xingrg/all/function/internal_message.html?_=1671075154942&CODE_STATE=getMsg HTTP/1.1" 200 27
114.88.159.190 - - [15/Dec/2022:11:31:16 +0800] "POST /xingrg/dwr/call/plaincall/AjaxComOrderService.getMaterielSearchList.dwr HTTP/1.1" 200 203
114.88.159.190 - - [15/Dec/2022:11:31:17 +0800] "POST /xingrg/dwr/call/plaincall/AjaxComOrderService.getMaterielSearchList.dwr HTTP/1.1" 200 76
114.88.159.190 - - [15/Dec/2022:11:31:18 +0800] "POST /xingrg/dwr/call/plaincall/AjaxComOrderService.getMaterielSearchList.dwr HTTP/1.1" 200 2432
114.88.159.190 - - [15/Dec/2022:11:31:18 +0800] "POST /xingrg/dwr/call/plaincall/AjaxComOrderService.getMaterielSearchList.dwr HTTP/1.1" 200 2432
116.237.75.219 - - [15/Dec/2022:11:31:19 +0800] "GET /xingrg/javascript/auto/indicator.gif HTTP/1.1" 404 1066
116.237.75.219 - - [15/Dec/2022:11:31:20 +0800] "GET /xingrg/check_reg.html?_=1671075100611 HTTP/1.1" 200 22
116.237.75.219 - - [15/Dec/2022:11:31:20 +0800] "GET /xingrg/all/function/internal_message.html?_=1671075100615&CODE_STATE=getMsg HTTP/1.1" 200 27
180.165.52.19 - - [15/Dec/2022:11:31:23 +0800] "GET /xingrg/all/function/internal_message.html?_=1671075097945&CODE_STATE=getMsg HTTP/1.1" 200 27
114.88.159.190 - - [15/Dec/2022:11:31:23 +0800] "POST /xingrg/dwr/call/plaincall/AjaxYddbService.getMaterielByMap.dwr HTTP/1.1" 200 2761
222.70.177.10 - - [15/Dec/2022:11:31:24 +0800] "GET /xingrg/kc/buy/cgsh_order_operate.html?command=get_materiel&rest_code=00111&code=00101006058&supplier_code=00100012&order_time=2022-12-15 HTTP/1.1" 200 413
58.40.7.146 - - [15/Dec/2022:11:31:25 +0800] "GET /favicon.ico HTTP/1.1" 404 -
180.169.147.146 - - [15/Dec/2022:11:31:26 +0800] "GET /xingrg/all/function/internal_message.html?_=1671075104242&CODE_STATE=getMsg HTTP/1.1" 200 27
114.83.220.141 - - [15/Dec/2022:11:31:27 +0800] "GET /xingrg/all/function/internal_message.html?_=1671075105335&CODE_STATE=getMsg HTTP/1.1" 200 27
116.237.75.219 - - [15/Dec/2022:11:31:27 +0800] "POST /xingrg/dwr/call/plaincall/AjaxQqpsService.getMaterielByCode.dwr HTTP/1.1" 200 2744
101.83.146.103 - - [15/Dec/2022:11:31:29 +0800] "GET /xingrg/all/function/internal_message.html?_=1671074956118&CODE_STATE=getMsg HTTP/1.1" 200 27
58.40.7.146 - - [15/Dec/2022:11:31:29 +0800] "GET /xingrg/login.html HTTP/1.1" 200 7641
58.40.7.146 - - [15/Dec/2022:11:31:29 +0800] "GET /xingrg/images/blue/jxLogo.png HTTP/1.1" 200 6156
58.40.7.146 - - [15/Dec/2022:11:31:29 +0800] "GET /xingrg/images/blue/hj.png HTTP/1.1" 200 1014
58.40.7.146 - - [15/Dec/2022:11:31:29 +0800] "GET /xingrg/images/blue/login_bg.png HTTP/1.1" 200 22101
58.40.7.146 - - [15/Dec/2022:11:31:29 +0800] "GET /xingrg/images/blue/srbg.png HTTP/1.1" 200 138
58.40.7.146 - - [15/Dec/2022:11:31:30 +0800] "GET /favicon.ico HTTP/1.1" 404 -
114.88.159.190 - - [15/Dec/2022:11:31:30 +0800] "POST /xingrg/dwr/call/plaincall/AjaxYddbService.saveMaterielItem.dwr HTTP/1.1" 200 78
116.237.75.219 - - [15/Dec/2022:11:31:30 +0800] "POST /xingrg/dwr/call/plaincall/AjaxQqpsService.saveMaterielItem.dwr HTTP/1.1" 200 78
114.84.38.109 - - [15/Dec/2022:11:31:31 +0800] "GET /xingrg/all/function/internal_message.html?_=1671075125261&CODE_STATE=getMsg HTTP/1.1" 200 27
114.84.81.136 - - [15/Dec/2022:11:31:32 +0800] "GET /xingrg/all/function/internal_message.html?_=1671075111534&CODE_STATE=getMsg HTTP/1.1" 200 27
58.40.7.146 - - [15/Dec/2022:11:31:36 +0800] "POST /xingrg/login.do HTTP/1.1" 302 -
58.40.7.146 - - [15/Dec/2022:11:31:36 +0800] "GET /xingrg/index.html?sysBaseUrl=http%3A%2F%2F180.169.147.146%3A18081%2Fxingrg%2F&costTime=40×tamp=1671075096816 HTTP/1.1" 200 17413
58.40.7.146 - - [15/Dec/2022:11:31:36 +0800] "GET /xingrg/javascript/jquery_easy_ui/themes/icon.css HTTP/1.1" 200 3949
58.40.7.146 - - [15/Dec/2022:11:31:36 +0800] "GET /xingrg/javascript/jquery_easy_ui/jquery.easyui.min.js HTTP/1.1" 200 213662
58.40.7.146 - - [15/Dec/2022:11:31:36 +0800] "GET /xingrg/javascript/jquery_easy_ui/easyui-lang-zh_CN.js HTTP/1.1" 200 1900
58.40.7.146 - - [15/Dec/2022:11:31:36 +0800] "GET /xingrg/javascript/jquery-1.4.2.min.js HTTP/1.1" 200 72205
58.40.7.146 - - [15/Dec/2022:11:31:36 +0800] "GET /xingrg/css/form.css HTTP/1.1" 200 893
58.40.7.146 - - [15/Dec/2022:11:31:36 +0800] "GET /xingrg/javascript/jquery.timers.js HTTP/1.1" 200 3532
58.40.7.146 - - [15/Dec/2022:11:31:37 +0800] "GET /favicon.ico HTTP/1.1" 404 -
58.40.7.146 - - [15/Dec/2022:11:31:37 +0800] "GET /xingrg/javascript/jquery_easy_ui/themes/default/easyui.css HTTP/1.1" 200 26500
58.40.7.146 - - [15/Dec/2022:11:31:37 +0800] "GET /xingrg/javascript/jquery.utils.js HTTP/1.1" 200 11805
58.40.7.146 - - [15/Dec/2022:11:31:37 +0800] "GET /xingrg/javascript/jquery.form.js HTTP/1.1" 200 23110
58.40.7.146 - - [15/Dec/2022:11:31:37 +0800] "GET /xingrg/javascript/jquery_easy_ui/themes/icons/settle_new.png HTTP/1.1" 200 826
58.40.7.146 - - [15/Dec/2022:11:31:37 +0800] "GET /xingrg/images/blue/navBackgound.jpg HTTP/1.1" 200 12378
58.40.7.146 - - [15/Dec/2022:11:31:37 +0800] "POST /xingrg/all/common/load_tree.html?tree=area_rest_tree_json&manage=1 HTTP/1.1" 200 342
58.40.7.146 - - [15/Dec/2022:11:31:37 +0800] "GET /xingrg/check_reg.html?_=1671075151799 HTTP/1.1" 200 22
58.40.7.146 - - [15/Dec/2022:11:31:37 +0800] "GET /xingrg/all/function/internal_message.html?_=1671075151797&CODE_STATE=count HTTP/1.1" 200 11
58.40.7.146 - - [15/Dec/2022:11:31:37 +0800] "GET /xingrg/images/blue/pingpu.png HTTP/1.1" 200 231
58.40.7.146 - - [15/Dec/2022:11:31:37 +0800] "GET /xingrg/javascript/jquery_easy_ui/themes/default/images/tabs_leftarrow.png HTTP/1.1" 200 389
58.40.7.146 - - [15/Dec/2022:11:31:37 +0800] "GET /xingrg/javascript/jquery_easy_ui/themes/default/images/tabs_rightarrow.png HTTP/1.1" 200 395
58.40.7.146 - - [15/Dec/2022:11:31:37 +0800] "GET /xingrg/javascript/jquery_easy_ui/themes/default/images/panel_tool_expand.gif HTTP/1.1" 200 247
58.40.7.146 - - [15/Dec/2022:11:31:37 +0800] "GET /xingrg/javascript/jquery_easy_ui/themes/default/images/panel_tool_collapse.gif HTTP/1.1" 200 246
58.40.7.146 - - [15/Dec/2022:11:31:37 +0800] "POST /xingrg/load_menu.html HTTP/1.1" 200 9959
58.40.7.146 - - [15/Dec/2022:11:31:37 +0800] "GET /xingrg/javascript/jquery_easy_ui/themes/default/images/tree_arrows.gif HTTP/1.1" 200 1043
58.40.7.146 - - [15/Dec/2022:11:31:37 +0800] "GET /xingrg/javascript/jquery_easy_ui/themes/default/images/tree_folder_open.gif HTTP/1.1" 200 956
58.40.7.146 - - [15/Dec/2022:11:31:37 +0800] "GET /xingrg/javascript/jquery_easy_ui/themes/icons/search_new.png HTTP/1.1" 200 586
58.40.7.146 - - [15/Dec/2022:11:31:37 +0800] "GET /xingrg/javascript/jquery_easy_ui/themes/default/images/tree_folder.gif HTTP/1.1" 200 952
58.40.7.146 - - [15/Dec/2022:11:31:37 +0800] "GET /xingrg/javascript/jquery_easy_ui/themes/icons/storage_new.png HTTP/1.1" 200 853
58.40.7.146 - - [15/Dec/2022:11:31:37 +0800] "GET /xingrg/javascript/jquery_easy_ui/themes/icons/checkout_new.png HTTP/1.1" 200 744
58.40.7.146 - - [15/Dec/2022:11:31:37 +0800] "GET /xingrg/javascript/jquery_easy_ui/themes/icons/forms_new.png HTTP/1.1" 200 350
58.40.7.146 - - [15/Dec/2022:11:31:37 +0800] "GET /xingrg/javascript/jquery_easy_ui/themes/icons/setting_new.png HTTP/1.1" 200 450
58.40.7.146 - - [15/Dec/2022:11:31:37 +0800] "GET /xingrg/javascript/jquery_easy_ui/themes/icons/systemset_new.png HTTP/1.1" 200 606
58.40.7.146 - - [15/Dec/2022:11:31:37 +0800] "GET /xingrg/javascript/jquery_easy_ui/themes/default/images/tree_file.gif HTTP/1.1" 200 118
116.230.105.139 - - [15/Dec/2022:11:31:37 +0800] "GET /xingrg/all/function/internal_message.html?_=1671075108611&CODE_STATE=getMsg HTTP/1.1" 200 27
58.40.7.146 - - [15/Dec/2022:11:31:39 +0800] "GET /xingrg/javascript/jquery_easy_ui/themes/default/images/tabs_close.gif HTTP/1.1" 200 829
58.40.7.146 - - [15/Dec/2022:11:31:39 +0800] "GET /xingrg/kc/report/report_main.html HTTP/1.1" 200 7340
58.40.7.146 - - [15/Dec/2022:11:31:39 +0800] "GET /xingrg/javascript/pic_change.js HTTP/1.1" 200 4739
58.40.7.146 - - [15/Dec/2022:11:31:39 +0800] "GET /xingrg/css/blue.css HTTP/1.1" 200 15949
58.40.7.146 - - [15/Dec/2022:11:31:39 +0800] "GET /xingrg/javascript/json2.js HTTP/1.1" 200 11259
58.40.7.146 - - [15/Dec/2022:11:31:39 +0800] "GET /xingrg/javascript/jquery_ui/themes/humanity/humanity.css HTTP/1.1" 200 27801
58.40.7.146 - - [15/Dec/2022:11:31:39 +0800] "GET /xingrg/javascript/myfunction.js HTTP/1.1" 200 24559
58.40.7.146 - - [15/Dec/2022:11:31:39 +0800] "GET /xingrg/javascript/jquery_easy_ui/themes/icons/back_new.png HTTP/1.1" 200 3414
58.40.7.146 - - [15/Dec/2022:11:31:40 +0800] "GET /xingrg/javascript/multi_select/jqueryMultiSelect.css HTTP/1.1" 200 951
58.40.7.146 - - [15/Dec/2022:11:31:40 +0800] "GET /xingrg/javascript/calendar/timePicker.css HTTP/1.1" 200 523
58.40.7.146 - - [15/Dec/2022:11:31:40 +0800] "GET /xingrg/javascript/bigrid/fix.css HTTP/1.1" 200 1702
58.40.7.146 - - [15/Dec/2022:11:31:40 +0800] "GET /xingrg/dwr/interface/AjaxReportQueryService.js HTTP/1.1" 200 13203
58.40.7.146 - - [15/Dec/2022:11:31:40 +0800] "GET /xingrg/javascript/calendar/jquery.timePicker.min.js HTTP/1.1" 200 2997
58.40.7.146 - - [15/Dec/2022:11:31:40 +0800] "GET /xingrg/javascript/bigrid/fix.js HTTP/1.1" 200 6439
58.40.7.146 - - [15/Dec/2022:11:31:40 +0800] "GET /xingrg/all/report/report_query.html?fileName=kc/buy/gys_amount.xml&rh=99999 HTTP/1.1" 200 52006
58.40.7.146 - - [15/Dec/2022:11:31:40 +0800] "GET /xingrg/javascript/jqueryMultiSelect.js HTTP/1.1" 200 11866
58.40.7.146 - - [15/Dec/2022:11:31:40 +0800] "GET /xingrg/javascript/Calendar.js HTTP/1.1" 200 31561
58.40.7.146 - - [15/Dec/2022:11:31:40 +0800] "GET /xingrg/dwr/util.js HTTP/1.1" 200 35990
58.40.7.146 - - [15/Dec/2022:11:31:40 +0800] "GET /xingrg/dwr/engine.js HTTP/1.1" 200 43631
58.40.7.146 - - [15/Dec/2022:11:31:40 +0800] "GET /xingrg/images/blue/button/advanceover.gif HTTP/1.1" 200 1347
58.40.7.146 - - [15/Dec/2022:11:31:40 +0800] "GET /xingrg/images/blue/button/advance2over.gif HTTP/1.1" 200 1336
58.40.7.146 - - [15/Dec/2022:11:31:40 +0800] "GET /xingrg/images/blue/button/back2over.gif HTTP/1.1" 200 1335
58.40.7.146 - - [15/Dec/2022:11:31:40 +0800] "GET /xingrg/images/control/loading.gif HTTP/1.1" 200 13463
58.40.7.146 - - [15/Dec/2022:11:31:40 +0800] "GET /xingrg/images/blue/button/backover.gif HTTP/1.1" 200 1348
58.40.7.146 - - [15/Dec/2022:11:31:40 +0800] "GET /xingrg/javascript/jquery_easy_ui/themes/icons/help.png HTTP/1.1" 200 1187
58.40.7.146 - - [15/Dec/2022:11:31:40 +0800] "GET /xingrg/javascript/jquery_easy_ui/themes/default/images/menu_downarrow.png HTTP/1.1" 200 173
58.40.7.146 - - [15/Dec/2022:11:31:40 +0800] "GET /xingrg/javascript/jquery_easy_ui/themes/default/images/button_a_bg.gif HTTP/1.1" 200 1194
58.40.7.146 - - [15/Dec/2022:11:31:40 +0800] "GET /xingrg/javascript/jquery_easy_ui/themes/default/images/menu.gif HTTP/1.1" 200 834
58.40.7.146 - - [15/Dec/2022:11:31:40 +0800] "GET /xingrg/javascript/jquery_easy_ui/themes/icons/print.png HTTP/1.1" 200 1057
58.40.7.146 - - [15/Dec/2022:11:31:40 +0800] "GET /xingrg/javascript/jquery_easy_ui/themes/icons/pencil.png HTTP/1.1" 200 713
58.40.7.146 - - [15/Dec/2022:11:31:40 +0800] "GET /xingrg/javascript/jquery_easy_ui/themes/default/images/menu_rightarrow.png HTTP/1.1" 200 3617
58.40.7.146 - - [15/Dec/2022:11:31:40 +0800] "POST /xingrg/dwr/call/plaincall/AjaxReportQueryService.getFixDate.dwr HTTP/1.1" 200 111
58.40.7.146 - - [15/Dec/2022:11:31:41 +0800] "GET /xingrg/javascript/jquery_easy_ui/themes/default/images/combo_arrow_dot.gif HTTP/1.1" 200 79
58.40.7.146 - - [15/Dec/2022:11:31:41 +0800] "POST /xingrg/all/common/load_tree.html?tree=materiel_sort_tree_json HTTP/1.1" 200 9500
58.40.7.146 - - [15/Dec/2022:11:31:41 +0800] "POST /xingrg/all/common/load_tree.html?tree=supplier_tree_json&manage=1 HTTP/1.1" 200 72065
58.40.7.146 - - [15/Dec/2022:11:31:41 +0800] "POST /xingrg/dwr/call/plaincall/AjaxReportQueryService.getInitString.dwr HTTP/1.1" 200 1035
58.40.7.146 - - [15/Dec/2022:11:31:41 +0800] "GET /xingrg/javascript/jquery_easy_ui/themes/default/images/tree_checkbox_0.gif HTTP/1.1" 200 168
58.40.7.146 - - [15/Dec/2022:11:31:42 +0800] "GET /xingrg/javascript/multi_select/dropdown.gif HTTP/1.1" 200 61
58.40.7.146 - - [15/Dec/2022:11:31:43 +0800] "POST /xingrg/dwr/call/plaincall/AjaxReportQueryService.getFixDate.dwr HTTP/1.1" 200 111
222.70.177.10 - - [15/Dec/2022:11:31:44 +0800] "POST /xingrg/kc/buy/cgsh_order_operate.html HTTP/1.1" 200 37
222.70.177.10 - - [15/Dec/2022:11:31:46 +0800] "POST /xingrg/kc/buy/cgsh_order_operate.html HTTP/1.1" 200 5623
180.169.147.146 - - [15/Dec/2022:11:31:47 +0800] "GET /xingrg/check_reg.html?_=1671075126137 HTTP/1.1" 200 22
180.169.147.146 - - [15/Dec/2022:11:31:47 +0800] "GET /xingrg/all/function/internal_message.html?_=1671075126135&CODE_STATE=getMsg HTTP/1.1" 200 27
116.237.75.219 - - [15/Dec/2022:11:31:48 +0800] "POST /xingrg/dwr/call/plaincall/AjaxQqpsService.getMaterielByCode.dwr HTTP/1.1" 200 2757
58.40.7.146 - - [15/Dec/2022:11:31:48 +0800] "GET /xingrg/javascript/jquery_easy_ui/themes/default/images/tree_checkbox_1.gif HTTP/1.1" 200 174
58.40.7.146 - - [15/Dec/2022:11:31:48 +0800] "GET /xingrg/javascript/jquery_easy_ui/themes/default/images/tree_checkbox_2.gif HTTP/1.1" 200 181
116.192.124.172 - - [15/Dec/2022:11:31:49 +0800] "GET /xingrg/all/function/internal_message.html?_=1671075147293&CODE_STATE=getMsg HTTP/1.1" 200 27
58.40.7.146 - - [15/Dec/2022:11:31:50 +0800] "POST /xingrg/dwr/call/plaincall/AjaxReportQueryService.refreshCache.dwr HTTP/1.1" 200 78
222.70.177.10 - - [15/Dec/2022:11:31:50 +0800] "GET /xingrg/kc/print/load_data.html?order_code=212022121504339&kc_code=cgsh&condition= HTTP/1.1" 200 1900
116.237.75.219 - - [15/Dec/2022:11:31:51 +0800] "POST /xingrg/dwr/call/plaincall/AjaxQqpsService.saveMaterielItem.dwr HTTP/1.1" 200 78
58.40.7.146 - - [15/Dec/2022:11:31:51 +0800] "POST /xingrg/all/report/load_report_page.html HTTP/1.1" 200 8912
58.40.7.146 - - [15/Dec/2022:11:31:51 +0800] "GET /xingrg/servlets/image?cache=0.4364334520940526&image=px HTTP/1.1" 200 807
114.88.159.190 - - [15/Dec/2022:11:31:52 +0800] "POST /xingrg/dwr/call/plaincall/AjaxYddbService.checkOrder.dwr HTTP/1.1" 200 287
58.40.7.146 - - [15/Dec/2022:11:31:53 +0800] "GET /xingrg/all/report/report_query.html?isQuery=1&fileName=kc/buy/wlcg_cate_hz.xml&queryString=(CONVERT(char(10)%252Ca.order_time%252C%2520120)%253E%253D'2022-11-01')%2520and%2520(CONVERT(char(10)%252Ca.order_time%252C%2520120)%253C%253D'2022-11-30')%2520and%2520(a.supplier_code%2520in%2520('00100018'))%2520and%2520(a.supplier_code%253D'00100018')&queryText=%25E3%2580%2590%25E9%2587%2587%25E8%25B4%25AD%25E6%2597%25A5%25E6%259C%259F%253A2022-11-01%2520%25E8%2587%25B3%25202022-11-30%25E3%2580%2591%2520%25E5%25B9%25B6%25E4%25B8%2594%2520%2520%25E3%2580%2590%25E4%25BE%259B%25E5%25BA%2594%25E5%2595%2586%2520%253D%2520%25E9%2585%2592%25E6%25B0%25B4%25EF%25BC%2588%25E9%259A%2586%25E5%259F%258E%25EF%25BC%2589%25E3%2580%2591%2520%25E5%25B9%25B6%25E4%25B8%2594%2520%25E3%2580%2590%25E4%25BE%259B%25E5%25BA%2594%25E5%2595%2586%253D%25E9%2585%2592%25E6%25B0%25B4%25EF%25BC%2588%25E9%259A%2586%25E5%259F%258E%25EF%25BC%2589%25E3%2580%2591 HTTP/1.1" 200 54457
58.40.7.146 - - [15/Dec/2022:11:31:53 +0800] "GET /xingrg/dwr/interface/AjaxReportQueryService.js HTTP/1.1" 200 13203
58.40.7.146 - - [15/Dec/2022:11:31:53 +0800] "GET /xingrg/dwr/engine.js HTTP/1.1" 200 43631
222.70.177.10 - - [15/Dec/2022:11:31:54 +0800] "GET /xingrg/all/function/internal_message.html?_=1671075131633&CODE_STATE=getMsg HTTP/1.1" 200 27
114.88.159.190 - - [15/Dec/2022:11:31:54 +0800] "GET /xingrg/all/function/internal_message.html?_=1671075129843&CODE_STATE=getMsg HTTP/1.1" 200 27
58.40.7.146 - - [15/Dec/2022:11:31:55 +0800] "POST /xingrg/all/report/load_report_page.html HTTP/1.1" 200 8717
58.40.7.146 - - [15/Dec/2022:11:31:55 +0800] "GET /xingrg/servlets/image?cache=0.3423892997587914&image=px HTTP/1.1" 200 807
222.70.177.10 - - [15/Dec/2022:11:31:56 +0800] "GET /xingrg/kc/buy/cgsh_order_add.html HTTP/1.1" 200 69753
222.70.177.10 - - [15/Dec/2022:11:31:57 +0800] "POST /xingrg/kc/buy/cgsh_order_operate.html HTTP/1.1" 200 8245
222.70.177.10 - - [15/Dec/2022:11:31:57 +0800] "GET /xingrg/javascript/easyui/themes/default/validatebox.css HTTP/1.1" 404 1104
116.238.139.35 - - [15/Dec/2022:11:32:00 +0800] "GET /xingrg/check_reg.html?_=1671075073582 HTTP/1.1" 200 22
116.238.139.35 - - [15/Dec/2022:11:32:01 +0800] "GET /xingrg/all/function/internal_message.html?_=1671075141848&CODE_STATE=getMsg HTTP/1.1" 200 27
116.237.75.219 - - [15/Dec/2022:11:32:04 +0800] "POST /xingrg/dwr/call/plaincall/AjaxQqpsService.getMaterielByCode.dwr HTTP/1.1" 200 2745
58.40.7.146 - - [15/Dec/2022:11:32:08 +0800] "GET /xingrg/javascript/jquery_easy_ui/themes/default/images/tabs_active.png HTTP/1.1" 200 2894
114.84.171.155 - - [15/Dec/2022:11:32:08 +0800] "GET /xingrg/all/function/internal_message.html?_=1671075147947&CODE_STATE=getMsg HTTP/1.1" 200 27
114.84.171.155 - - [15/Dec/2022:11:32:08 +0800] "GET /xingrg/check_reg.html?_=1671075147950 HTTP/1.1" 200 22
116.237.75.219 - - [15/Dec/2022:11:32:08 +0800] "GET /xingrg/all/function/internal_message.html?_=1671075151125&CODE_STATE=getMsg HTTP/1.1" 200 27
180.163.29.79 - - [15/Dec/2022:11:32:09 +0800] "GET /xingrg/all/function/internal_message.html?_=1671075091131&CODE_STATE=getMsg HTTP/1.1" 302 -
180.163.29.79 - - [15/Dec/2022:11:32:09 +0800] "GET /xingrg/login.html HTTP/1.1" 200 7641
116.237.75.219 - - [15/Dec/2022:11:32:10 +0800] "POST /xingrg/dwr/call/plaincall/AjaxQqpsService.saveMaterielItem.dwr HTTP/1.1" 200 78
116.238.139.35 - - [15/Dec/2022:11:32:12 +0800] "GET /xingrg/all/function/internal_message.html?_=1671075085924&CODE_STATE=getMsg HTTP/1.1" 200 27
114.83.222.182 - - [15/Dec/2022:11:32:14 +0800] "GET /xingrg/check_reg.html?_=1671075214934 HTTP/1.1" 200 22
114.83.222.182 - - [15/Dec/2022:11:32:14 +0800] "GET /xingrg/all/function/internal_message.html?_=1671075214936&CODE_STATE=getMsg HTTP/1.1" 200 27
222.70.177.10 - - [15/Dec/2022:11:32:16 +0800] "GET /xingrg/kc/buy/cgsh_order_operate.html?command=get_materiel&rest_code=00111&code=00101008176&supplier_code=00100005&order_time=2022-12-15 HTTP/1.1" 200 413
116.237.75.219 - - [15/Dec/2022:11:32:18 +0800] "POST /xingrg/dwr/call/plaincall/AjaxQqpsService.getMaterielByCode.dwr HTTP/1.1" 200 2738
116.237.75.219 - - [15/Dec/2022:11:32:20 +0800] "GET /xingrg/all/function/internal_message.html?_=1671075160603&CODE_STATE=getMsg HTTP/1.1" 200 27
116.237.75.219 - - [15/Dec/2022:11:32:21 +0800] "POST /xingrg/dwr/call/plaincall/AjaxQqpsService.saveMaterielItem.dwr HTTP/1.1" 200 78
180.165.52.19 - - [15/Dec/2022:11:32:23 +0800] "GET /xingrg/all/function/internal_message.html?_=1671075157948&CODE_STATE=getMsg HTTP/1.1" 200 27
58.40.7.146 - - [15/Dec/2022:11:32:24 +0800] "GET /xingrg/all/report/report_query.html?isQuery=1&fileName=kc/buy/wlcg_cate_hz.xml&queryString=(CONVERT(char(10)%252Ca.order_time%252C%2520120)%253E%253D'2022-11-01')%2520and%2520(CONVERT(char(10)%252Ca.order_time%252C%2520120)%253C%253D'2022-11-30')%2520and%2520(a.supplier_code%2520in%2520('00100018'))%2520and%2520(a.supplier_code%253D'00100018')&queryText=%25E3%2580%2590%25E9%2587%2587%25E8%25B4%25AD%25E6%2597%25A5%25E6%259C%259F%253A2022-11-01%2520%25E8%2587%25B3%25202022-11-30%25E3%2580%2591%2520%25E5%25B9%25B6%25E4%25B8%2594%2520%2520%25E3%2580%2590%25E4%25BE%259B%25E5%25BA%2594%25E5%2595%2586%2520%253D%2520%25E9%2585%2592%25E6%25B0%25B4%25EF%25BC%2588%25E9%259A%2586%25E5%259F%258E%25EF%25BC%2589%25E3%2580%2591%2520%25E5%25B9%25B6%25E4%25B8%2594%2520%25E3%2580%2590%25E4%25BE%259B%25E5%25BA%2594%25E5%2595%2586%253D%25E9%2585%2592%25E6%25B0%25B4%25EF%25BC%2588%25E9%259A%2586%25E5%259F%258E%25EF%25BC%2589%25E3%2580%2591 HTTP/1.1" 200 54457
58.40.7.146 - - [15/Dec/2022:11:32:24 +0800] "GET /xingrg/dwr/interface/AjaxReportQueryService.js HTTP/1.1" 200 13203
58.40.7.146 - - [15/Dec/2022:11:32:24 +0800] "GET /xingrg/dwr/engine.js HTTP/1.1" 200 43631
58.40.7.146 - - [15/Dec/2022:11:32:25 +0800] "POST /xingrg/all/report/load_report_page.html HTTP/1.1" 200 8725
58.40.7.146 - - [15/Dec/2022:11:32:25 +0800] "GET /xingrg/servlets/image?cache=0.10782306816310971&image=px HTTP/1.1" 200 807
114.88.159.190 - - [15/Dec/2022:11:32:26 +0800] "GET /xingrg/kc/mdqp/qp_main.html HTTP/1.1" 200 10633
180.169.147.146 - - [15/Dec/2022:11:32:26 +0800] "GET /xingrg/all/function/internal_message.html?_=1671075164220&CODE_STATE=getMsg HTTP/1.1" 200 27
114.83.220.141 - - [15/Dec/2022:11:32:27 +0800] "GET /xingrg/all/function/internal_message.html?_=1671075165311&CODE_STATE=getMsg HTTP/1.1" 200 27
114.88.159.190 - - [15/Dec/2022:11:32:27 +0800] "GET /xingrg/images/yd/bt.gif HTTP/1.1" 404 1040
58.40.7.146 - - [15/Dec/2022:11:32:28 +0800] "POST /xingrg/all/report/load_report_page.html HTTP/1.1" 200 84740
58.40.7.146 - - [15/Dec/2022:11:32:28 +0800] "GET /xingrg/servlets/image?cache=0.18857613891933467&image=px HTTP/1.1" 200 807
114.88.159.190 - - [15/Dec/2022:11:32:28 +0800] "GET /xingrg/kc/base/base_main.html HTTP/1.1" 200 12142
114.83.220.141 - - [15/Dec/2022:11:32:28 +0800] "GET /xingrg/check_reg.html?_=1671075166559 HTTP/1.1" 200 22
222.70.177.10 - - [15/Dec/2022:11:32:28 +0800] "GET /xingrg/kc/buy/cgsh_order_operate.html?command=get_materiel&rest_code=00111&code=00101008261&supplier_code=00100005&order_time=2022-12-15 HTTP/1.1" 200 408
101.83.146.103 - - [15/Dec/2022:11:32:29 +0800] "GET /xingrg/check_reg.html?_=1671075016108 HTTP/1.1" 200 22
101.83.146.103 - - [15/Dec/2022:11:32:29 +0800] "GET /xingrg/all/function/internal_message.html?_=1671075016111&CODE_STATE=getMsg HTTP/1.1" 200 27
114.88.159.190 - - [15/Dec/2022:11:32:29 +0800] "GET /xingrg/kc/base/wldb_order_list.html HTTP/1.1" 200 19107
114.88.159.190 - - [15/Dec/2022:11:32:30 +0800] "POST /xingrg/kc/base/wldb_list_operate.html HTTP/1.1" 200 928
114.84.38.109 - - [15/Dec/2022:11:32:31 +0800] "GET /xingrg/all/function/internal_message.html?_=1671075185269&CODE_STATE=getMsg HTTP/1.1" 200 27
114.84.81.136 - - [15/Dec/2022:11:32:32 +0800] "GET /xingrg/all/function/internal_message.html?_=1671075171544&CODE_STATE=getMsg HTTP/1.1" 200 27
114.84.81.136 - - [15/Dec/2022:11:32:32 +0800] "GET /xingrg/check_reg.html?_=1671075171547 HTTP/1.1" 200 22
114.88.159.190 - - [15/Dec/2022:11:32:32 +0800] "GET /xingrg/kc/base/wldb_order_add.html HTTP/1.1" 200 30390
114.88.159.190 - - [15/Dec/2022:11:32:32 +0800] "GET /xingrg/words/20221215111312_words.js HTTP/1.1" 200 938090
114.88.159.190 - - [15/Dec/2022:11:32:33 +0800] "POST /xingrg/kc/base/wldb_order_operate.html HTTP/1.1" 200 6806
114.88.159.190 - - [15/Dec/2022:11:32:33 +0800] "GET /xingrg/javascript/easyui/themes/default/validatebox.css HTTP/1.1" 404 1104
120.253.135.82 - - [15/Dec/2022:11:32:36 +0800] "GET /xingrg/check_reg.html?_=1671074981688 HTTP/1.1" 200 22
58.40.7.146 - - [15/Dec/2022:11:32:37 +0800] "GET /xingrg/all/function/internal_message.html?_=1671075211804&CODE_STATE=getMsg HTTP/1.1" 200 27
116.230.105.139 - - [15/Dec/2022:11:32:37 +0800] "GET /xingrg/all/function/internal_message.html?_=1671075168625&CODE_STATE=getMsg HTTP/1.1" 200 27
116.230.105.139 - - [15/Dec/2022:11:32:37 +0800] "GET /xingrg/check_reg.html?_=1671075168627 HTTP/1.1" 200 22
222.70.177.10 - - [15/Dec/2022:11:32:41 +0800] "GET /xingrg/kc/buy/cgsh_order_operate.html?command=get_materiel&rest_code=00111&code=00101008072&supplier_code=00100005&order_time=2022-12-15 HTTP/1.1" 200 408
180.169.147.146 - - [15/Dec/2022:11:32:47 +0800] "GET /xingrg/all/function/internal_message.html?_=1671075186152&CODE_STATE=getMsg HTTP/1.1" 200 27
114.88.159.190 - - [15/Dec/2022:11:32:49 +0800] "GET /xingrg/kc/mdqp/qp_main.html HTTP/1.1" 200 10633
116.192.124.172 - - [15/Dec/2022:11:32:49 +0800] "GET /xingrg/all/function/internal_message.html?_=1671075207289&CODE_STATE=getMsg HTTP/1.1" 200 27
114.88.159.190 - - [15/Dec/2022:11:32:50 +0800] "GET /xingrg/kc/base/base_main.html HTTP/1.1" 200 12142
114.88.159.190 - - [15/Dec/2022:11:32:51 +0800] "GET /xingrg/kc/base/yddb_order_list.html HTTP/1.1" 200 16713
114.88.159.190 - - [15/Dec/2022:11:32:51 +0800] "POST /xingrg/kc/base/yddb_list_operate.html HTTP/1.1" 200 1590
222.70.177.10 - - [15/Dec/2022:11:32:54 +0800] "GET /xingrg/check_reg.html?_=1671075191657 HTTP/1.1" 200 22
222.70.177.10 - - [15/Dec/2022:11:32:54 +0800] "GET /xingrg/all/function/internal_message.html?_=1671075191656&CODE_STATE=getMsg HTTP/1.1" 200 27
114.88.159.190 - - [15/Dec/2022:11:32:54 +0800] "POST /xingrg/kc/base/yddb_list_operate.html HTTP/1.1" 200 209
114.88.159.190 - - [15/Dec/2022:11:32:54 +0800] "GET /xingrg/kc/base/yddb_order_info.html?code=482022121500081 HTTP/1.1" 200 31523
114.88.159.190 - - [15/Dec/2022:11:32:54 +0800] "GET /xingrg/all/function/internal_message.html?_=1671075189859&CODE_STATE=getMsg HTTP/1.1" 200 27
114.88.159.190 - - [15/Dec/2022:11:32:54 +0800] "GET /xingrg/dwr/interface/AjaxComOrderService.js HTTP/1.1" 200 18264
114.88.159.190 - - [15/Dec/2022:11:32:54 +0800] "GET /xingrg/dwr/interface/AjaxYddbService.js HTTP/1.1" 200 13201
114.88.159.190 - - [15/Dec/2022:11:32:54 +0800] "GET /xingrg/dwr/engine.js HTTP/1.1" 200 43631
114.88.159.190 - - [15/Dec/2022:11:32:55 +0800] "POST /xingrg/dwr/call/plaincall/AjaxYddbService.loadMaterielItems.dwr HTTP/1.1" 200 406
222.70.177.10 - - [15/Dec/2022:11:32:58 +0800] "GET /xingrg/kc/buy/cgsh_order_operate.html?command=get_materiel&rest_code=00111&code=00101008131&supplier_code=00100005&order_time=2022-12-15 HTTP/1.1" 200 408
116.238.139.35 - - [15/Dec/2022:11:33:01 +0800] "GET /xingrg/check_reg.html?_=1671075201854 HTTP/1.1" 200 22
116.238.139.35 - - [15/Dec/2022:11:33:01 +0800] "GET /xingrg/all/function/internal_message.html?_=1671075201857&CODE_STATE=getMsg HTTP/1.1" 200 27
114.88.159.190 - - [15/Dec/2022:11:33:03 +0800] "POST /xingrg/dwr/call/plaincall/AjaxYddbService.removeMaterielItem.dwr HTTP/1.1" 200 78
120.253.135.82 - - [15/Dec/2022:11:33:03 +0800] "GET /xingrg/kc/pszx/mdth_order_list.html HTTP/1.1" 200 18459
120.253.135.82 - - [15/Dec/2022:11:33:03 +0800] "POST /xingrg/kc/pszx/mdth_order_new_list.html HTTP/1.1" 200 4716
114.88.159.190 - - [15/Dec/2022:11:33:04 +0800] "GET /xingrg/images/yd/bt.gif HTTP/1.1" 404 1040
114.88.159.190 - - [15/Dec/2022:11:33:05 +0800] "GET /xingrg/check_reg.html?_=1671074797661 HTTP/1.1" 200 22
114.88.159.190 - - [15/Dec/2022:11:33:05 +0800] "GET /xingrg/all/function/internal_message.html?_=1671074797676&CODE_STATE=getMsg HTTP/1.1" 200 27
120.253.135.82 - - [15/Dec/2022:11:33:07 +0800] "GET /xingrg/kc/pszx/mdps_order_list.html?orderType=0 HTTP/1.1" 200 21035
120.253.135.82 - - [15/Dec/2022:11:33:07 +0800] "POST /xingrg/kc/pszx/mdps_list_operate.html HTTP/1.1" 200 5184
222.70.177.10 - - [15/Dec/2022:11:33:08 +0800] "GET /xingrg/kc/buy/cgsh_order_operate.html?command=get_materiel&rest_code=00111&code=00101008296&supplier_code=00100005&order_time=2022-12-15 HTTP/1.1" 200 416
114.84.171.155 - - [15/Dec/2022:11:33:08 +0800] "GET /xingrg/all/function/internal_message.html?_=1671075207976&CODE_STATE=getMsg HTTP/1.1" 200 27
116.237.75.219 - - [15/Dec/2022:11:33:08 +0800] "GET /xingrg/all/function/internal_message.html?_=1671075211098&CODE_STATE=getMsg HTTP/1.1" 200 27
116.238.139.35 - - [15/Dec/2022:11:33:12 +0800] "GET /xingrg/all/function/internal_message.html?_=1671075145936&CODE_STATE=getMsg HTTP/1.1" 200 27
114.83.222.182 - - [15/Dec/2022:11:33:14 +0800] "GET /xingrg/all/function/internal_message.html?_=1671075274945&CODE_STATE=getMsg HTTP/1.1" 200 27
114.88.159.190 - - [15/Dec/2022:11:33:16 +0800] "POST /xingrg/dwr/call/plaincall/AjaxComOrderService.getMaterielSearchList.dwr HTTP/1.1" 200 1959
114.88.159.190 - - [15/Dec/2022:11:33:18 +0800] "POST /xingrg/dwr/call/plaincall/AjaxComOrderService.getMaterielSearchList.dwr HTTP/1.1" 200 76
222.70.177.10 - - [15/Dec/2022:11:33:18 +0800] "GET /xingrg/kc/buy/cgsh_order_operate.html?command=get_materiel&rest_code=00111&code=00101008169&supplier_code=00100005&order_time=2022-12-15 HTTP/1.1" 200 412
120.253.135.82 - - [15/Dec/2022:11:33:19 +0800] "POST /xingrg/kc/pszx/mdps_list_operate.html HTTP/1.1" 200 2423
114.88.159.190 - - [15/Dec/2022:11:33:19 +0800] "POST /xingrg/dwr/call/plaincall/AjaxComOrderService.getMaterielSearchList.dwr HTTP/1.1" 200 2432
116.237.75.219 - - [15/Dec/2022:11:33:20 +0800] "GET /xingrg/all/function/internal_message.html?_=1671075220612&CODE_STATE=getMsg HTTP/1.1" 200 27
120.253.135.82 - - [15/Dec/2022:11:33:21 +0800] "POST /xingrg/kc/pszx/mdps_list_operate.html HTTP/1.1" 200 606
114.88.159.190 - - [15/Dec/2022:11:33:21 +0800] "POST /xingrg/dwr/call/plaincall/AjaxYddbService.getMaterielByMap.dwr HTTP/1.1" 200 2763
180.165.52.19 - - [15/Dec/2022:11:33:23 +0800] "GET /xingrg/all/function/internal_message.html?_=1671075217945&CODE_STATE=getMsg HTTP/1.1" 200 27
114.88.159.190 - - [15/Dec/2022:11:33:26 +0800] "POST /xingrg/dwr/call/plaincall/AjaxYddbService.saveOrder.dwr HTTP/1.1" 200 78
114.88.159.190 - - [15/Dec/2022:11:33:26 +0800] "POST /xingrg/dwr/call/plaincall/AjaxYddbService.saveMaterielItem.dwr HTTP/1.1" 200 78
180.169.147.146 - - [15/Dec/2022:11:33:26 +0800] "GET /xingrg/all/function/internal_message.html?_=1671075224192&CODE_STATE=getMsg HTTP/1.1" 200 27
222.70.177.10 - - [15/Dec/2022:11:33:27 +0800] "POST /xingrg/services/DataTransmitService HTTP/1.1" 200 524
222.70.177.10 - - [15/Dec/2022:11:33:27 +0800] "POST /xingrg/services/DataTransmitService HTTP/1.1" 200 501
114.83.220.141 - - [15/Dec/2022:11:33:27 +0800] "GET /xingrg/all/function/internal_message.html?_=1671075225302&CODE_STATE=getMsg HTTP/1.1" 200 27
222.70.177.10 - - [15/Dec/2022:11:33:27 +0800] "GET /xingrg/kc/buy/cgsh_order_operate.html?command=get_materiel&rest_code=00111&code=00101008353&supplier_code=00100005&order_time=2022-12-15 HTTP/1.1" 200 408
116.237.75.219 - - [15/Dec/2022:11:33:28 +0800] "GET /xingrg/check_reg.html?_=1671075230240 HTTP/1.1" 200 22
101.83.146.103 - - [15/Dec/2022:11:33:29 +0800] "GET /xingrg/all/function/internal_message.html?_=1671075076119&CODE_STATE=getMsg HTTP/1.1" 200 27
120.253.135.82 - - [15/Dec/2022:11:33:31 +0800] "POST /xingrg/kc/pszx/mdps_list_operate.html HTTP/1.1" 200 295
114.84.81.136 - - [15/Dec/2022:11:33:32 +0800] "GET /xingrg/all/function/internal_message.html?_=1671075231540&CODE_STATE=getMsg HTTP/1.1" 200 27
114.84.38.109 - - [15/Dec/2022:11:33:32 +0800] "GET /xingrg/all/function/internal_message.html?_=1671075246014&CODE_STATE=getMsg HTTP/1.1" 200 27
120.253.135.82 - - [15/Dec/2022:11:33:33 +0800] "POST /xingrg/kc/pszx/mdps_list_operate.html HTTP/1.1" 200 305
114.88.159.190 - - [15/Dec/2022:11:33:36 +0800] "POST /xingrg/dwr/call/plaincall/AjaxYddbService.checkOrder.dwr HTTP/1.1" 200 78
114.88.159.190 - - [15/Dec/2022:11:33:37 +0800] "GET /xingrg/kc/base/yddb_order_info.html?code=482022121500081 HTTP/1.1" 200 29702
114.88.159.190 - - [15/Dec/2022:11:33:37 +0800] "GET /xingrg/dwr/interface/AjaxComOrderService.js HTTP/1.1" 200 18264
114.88.159.190 - - [15/Dec/2022:11:33:37 +0800] "GET /xingrg/dwr/interface/AjaxYddbService.js HTTP/1.1" 200 13201
114.88.159.190 - - [15/Dec/2022:11:33:37 +0800] "GET /xingrg/dwr/engine.js HTTP/1.1" 200 43631
58.40.7.146 - - [15/Dec/2022:11:33:37 +0800] "GET /xingrg/all/function/internal_message.html?_=1671075271812&CODE_STATE=getMsg HTTP/1.1" 200 27
116.230.105.139 - - [15/Dec/2022:11:33:37 +0800] "GET /xingrg/all/function/internal_message.html?_=1671075228616&CODE_STATE=getMsg HTTP/1.1" 200 27
114.88.159.190 - - [15/Dec/2022:11:33:37 +0800] "POST /xingrg/dwr/call/plaincall/AjaxYddbService.loadMaterielItems.dwr HTTP/1.1" 200 406
222.70.177.10 - - [15/Dec/2022:11:33:38 +0800] "GET /xingrg/kc/buy/cgsh_order_operate.html?command=get_materiel&rest_code=00111&code=00101008117&supplier_code=00100005&order_time=2022-12-15 HTTP/1.1" 200 414
120.253.135.82 - - [15/Dec/2022:11:33:39 +0800] "GET /xingrg/kc/pszx/mdps_order_info.html?code=312022121500338 HTTP/1.1" 200 23974
120.253.135.82 - - [15/Dec/2022:11:33:40 +0800] "GET /xingrg/words/20221215111312_words.js HTTP/1.1" 200 938090
120.253.135.82 - - [15/Dec/2022:11:33:41 +0800] "GET /xingrg/javascript/easyui/themes/default/validatebox.css HTTP/1.1" 404 1104
120.253.135.82 - - [15/Dec/2022:11:33:41 +0800] "POST /xingrg/kc/pszx/mdps_order_operate.html HTTP/1.1" 200 2821
114.88.159.190 - - [15/Dec/2022:11:33:41 +0800] "GET /xingrg/kc/base/yddb_order_report.html?fileType=servlets/rtf&code=482022121500081&reportName=ck_order_report&subName=yddb HTTP/1.1" 302 -
114.88.159.190 - - [15/Dec/2022:11:33:41 +0800] "GET /xingrg/servlets/rtf?sysBaseUrl=http%3A%2F%2F180.169.147.146%3A18081%2Fxingrg%2F&costTime=79×tamp=1671075221546 HTTP/1.1" 200 18120
114.88.159.190 - - [15/Dec/2022:11:33:41 +0800] "GET /favicon.ico HTTP/1.1" 404 -
222.70.177.10 - - [15/Dec/2022:11:33:43 +0800] "POST /xingrg/all/common/load_select.html HTTP/1.1" 200 12
114.84.38.109 - - [15/Dec/2022:11:33:44 +0800] "GET /xingrg/check_reg.html?_=1671075257452 HTTP/1.1" 200 22
180.169.147.146 - - [15/Dec/2022:11:33:47 +0800] "GET /xingrg/all/function/internal_message.html?_=1671075246168&CODE_STATE=getMsg HTTP/1.1" 200 27
116.192.124.172 - - [15/Dec/2022:11:33:49 +0800] "GET /xingrg/all/function/internal_message.html?_=1671075267278&CODE_STATE=getMsg HTTP/1.1" 200 27
222.70.177.10 - - [15/Dec/2022:11:33:50 +0800] "GET /xingrg/kc/buy/cgsh_order_operate.html?command=get_materiel_price&rest_code=00111&code=00101008117&unit_code=00100035&supplier_code=00100005&order_time=2022-12-15 HTTP/1.1" 200 29
120.253.135.82 - - [15/Dec/2022:11:33:53 +0800] "POST /xingrg/kc/pszx/mdps_order_operate.html HTTP/1.1" 200 37
222.70.177.10 - - [15/Dec/2022:11:33:54 +0800] "GET /xingrg/all/function/internal_message.html?_=1671075251632&CODE_STATE=getMsg HTTP/1.1" 200 27
120.253.135.82 - - [15/Dec/2022:11:33:54 +0800] "GET /xingrg/kc/pszx/mdps_order_info.html?code=312022121500338 HTTP/1.1" 200 23974
114.88.159.190 - - [15/Dec/2022:11:33:54 +0800] "GET /xingrg/all/function/internal_message.html?_=1671075249845&CODE_STATE=getMsg HTTP/1.1" 200 27
120.253.135.82 - - [15/Dec/2022:11:33:54 +0800] "GET /xingrg/javascript/easyui/themes/default/validatebox.css HTTP/1.1" 404 1104
120.253.135.82 - - [15/Dec/2022:11:33:54 +0800] "POST /xingrg/kc/pszx/mdps_order_operate.html HTTP/1.1" 200 2823
120.253.135.82 - - [15/Dec/2022:11:33:58 +0800] "GET /xingrg/kc/pszx/mdps_order_info.html?code=312022121500335 HTTP/1.1" 200 23976
120.253.135.82 - - [15/Dec/2022:11:33:59 +0800] "GET /xingrg/javascript/easyui/themes/default/validatebox.css HTTP/1.1" 404 1104
120.253.135.82 - - [15/Dec/2022:11:33:59 +0800] "POST /xingrg/kc/pszx/mdps_order_operate.html HTTP/1.1" 200 5322
116.238.139.35 - - [15/Dec/2022:11:34:01 +0800] "GET /xingrg/all/function/internal_message.html?_=1671075261856&CODE_STATE=getMsg HTTP/1.1" 200 27
222.70.177.10 - - [15/Dec/2022:11:34:02 +0800] "GET /xingrg/kc/buy/cgsh_order_operate.html?command=get_materiel&rest_code=00111&code=00101008115&supplier_code=00100005&order_time=2022-12-15 HTTP/1.1" 200 412
114.88.159.190 - - [15/Dec/2022:11:34:05 +0800] "GET /xingrg/all/function/internal_message.html?_=1671074857645&CODE_STATE=getMsg HTTP/1.1" 200 27
114.84.171.155 - - [15/Dec/2022:11:34:08 +0800] "GET /xingrg/all/function/internal_message.html?_=1671075267975&CODE_STATE=getMsg HTTP/1.1" 200 27
116.237.75.219 - - [15/Dec/2022:11:34:08 +0800] "GET /xingrg/all/function/internal_message.html?_=1671075271075&CODE_STATE=getMsg HTTP/1.1" 200 27
116.238.139.35 - - [15/Dec/2022:11:34:12 +0800] "GET /xingrg/all/function/internal_message.html?_=1671075205962&CODE_STATE=getMsg HTTP/1.1" 200 27
114.83.222.182 - - [15/Dec/2022:11:34:14 +0800] "GET /xingrg/all/function/internal_message.html?_=1671075334943&CODE_STATE=getMsg HTTP/1.1" 200 27
120.253.135.82 - - [15/Dec/2022:11:34:16 +0800] "POST /xingrg/kc/pszx/mdps_order_operate.html HTTP/1.1" 200 37
120.253.135.82 - - [15/Dec/2022:11:34:17 +0800] "GET /xingrg/kc/pszx/mdps_order_info.html?code=312022121500335 HTTP/1.1" 200 23976
120.253.135.82 - - [15/Dec/2022:11:34:18 +0800] "GET /xingrg/javascript/easyui/themes/default/validatebox.css HTTP/1.1" 404 1104
120.253.135.82 - - [15/Dec/2022:11:34:18 +0800] "POST /xingrg/kc/pszx/mdps_order_operate.html HTTP/1.1" 200 5324
116.237.75.219 - - [15/Dec/2022:11:34:20 +0800] "GET /xingrg/all/function/internal_message.html?_=1671075280609&CODE_STATE=getMsg HTTP/1.1" 200 27
116.237.75.219 - - [15/Dec/2022:11:34:22 +0800] "POST /xingrg/dwr/call/plaincall/AjaxQqpsService.getMaterielByCode.dwr HTTP/1.1" 200 2758
180.165.52.19 - - [15/Dec/2022:11:34:23 +0800] "GET /xingrg/all/function/internal_message.html?_=1671075277936&CODE_STATE=getMsg HTTP/1.1" 200 27
180.165.52.19 - - [15/Dec/2022:11:34:23 +0800] "GET /xingrg/check_reg.html?_=1671075277937 HTTP/1.1" 200 22
116.237.75.219 - - [15/Dec/2022:11:34:24 +0800] "POST /xingrg/dwr/call/plaincall/AjaxQqpsService.saveMaterielItem.dwr HTTP/1.1" 200 79
120.253.135.82 - - [15/Dec/2022:11:34:26 +0800] "POST /xingrg/kc/pszx/mdps_order_operate.html HTTP/1.1" 200 37
180.169.147.146 - - [15/Dec/2022:11:34:26 +0800] "GET /xingrg/all/function/internal_message.html?_=1671075284166&CODE_STATE=getMsg HTTP/1.1" 200 27
120.253.135.82 - - [15/Dec/2022:11:34:27 +0800] "GET /xingrg/kc/pszx/mdps_order_info.html?code=312022121500335 HTTP/1.1" 200 23976
114.83.220.141 - - [15/Dec/2022:11:34:27 +0800] "GET /xingrg/all/function/internal_message.html?_=1671075285287&CODE_STATE=getMsg HTTP/1.1" 200 27
180.169.147.146 - - [15/Dec/2022:11:34:27 +0800] "GET /xingrg/check_reg.html?_=1671075284777 HTTP/1.1" 200 22
120.253.135.82 - - [15/Dec/2022:11:34:27 +0800] "GET /xingrg/javascript/easyui/themes/default/validatebox.css HTTP/1.1" 404 1104
120.253.135.82 - - [15/Dec/2022:11:34:27 +0800] "POST /xingrg/kc/pszx/mdps_order_operate.html HTTP/1.1" 200 5326
101.83.146.103 - - [15/Dec/2022:11:34:29 +0800] "GET /xingrg/all/function/internal_message.html?_=1671075136108&CODE_STATE=getMsg HTTP/1.1" 200 27
114.84.81.136 - - [15/Dec/2022:11:34:32 +0800] "GET /xingrg/all/function/internal_message.html?_=1671075291530&CODE_STATE=getMsg HTTP/1.1" 200 27
114.84.38.109 - - [15/Dec/2022:11:34:32 +0800] "GET /xingrg/all/function/internal_message.html?_=1671075306029&CODE_STATE=getMsg HTTP/1.1" 200 27
116.230.105.139 - - [15/Dec/2022:11:34:37 +0800] "GET /xingrg/all/function/internal_message.html?_=1671075288623&CODE_STATE=getMsg HTTP/1.1" 200 27
120.253.135.82 - - [15/Dec/2022:11:34:38 +0800] "GET /xingrg/login.html HTTP/1.1" 200 7641
120.253.135.82 - - [15/Dec/2022:11:34:38 +0800] "GET /xingrg/images/blue/jxLogo.png HTTP/1.1" 304 -
120.253.135.82 - - [15/Dec/2022:11:34:38 +0800] "GET /xingrg/images/blue/login_bg.png HTTP/1.1" 304 -
120.253.135.82 - - [15/Dec/2022:11:34:38 +0800] "GET /xingrg/images/blue/hj.png HTTP/1.1" 304 -
120.253.135.82 - - [15/Dec/2022:11:34:38 +0800] "GET /xingrg/images/blue/srbg.png HTTP/1.1" 304 -
120.253.135.82 - - [15/Dec/2022:11:34:38 +0800] "GET /favicon.ico HTTP/1.1" 404 -
120.253.135.82 - - [15/Dec/2022:11:34:40 +0800] "POST /xingrg/login.do HTTP/1.1" 302 -
120.253.135.82 - - [15/Dec/2022:11:34:41 +0800] "GET /xingrg/index.html?sysBaseUrl=http%3A%2F%2F180.169.147.146%3A18081%2Fxingrg%2F&costTime=42×tamp=1671075280973 HTTP/1.1" 200 17173
120.253.135.82 - - [15/Dec/2022:11:34:41 +0800] "GET /xingrg/javascript/jquery_easy_ui/themes/default/easyui.css HTTP/1.1" 304 -
120.253.135.82 - - [15/Dec/2022:11:34:41 +0800] "GET /xingrg/javascript/jquery_easy_ui/themes/icon.css HTTP/1.1" 304 -
120.253.135.82 - - [15/Dec/2022:11:34:41 +0800] "GET /xingrg/css/form.css HTTP/1.1" 304 -
120.253.135.82 - - [15/Dec/2022:11:34:41 +0800] "GET /xingrg/javascript/jquery_easy_ui/easyui-lang-zh_CN.js HTTP/1.1" 304 -
120.253.135.82 - - [15/Dec/2022:11:34:41 +0800] "GET /xingrg/javascript/jquery.utils.js HTTP/1.1" 304 -
120.253.135.82 - - [15/Dec/2022:11:34:41 +0800] "GET /xingrg/javascript/jquery-1.4.2.min.js HTTP/1.1" 304 -
120.253.135.82 - - [15/Dec/2022:11:34:41 +0800] "GET /xingrg/javascript/jquery.form.js HTTP/1.1" 304 -
120.253.135.82 - - [15/Dec/2022:11:34:41 +0800] "GET /xingrg/javascript/jquery.timers.js HTTP/1.1" 304 -
120.253.135.82 - - [15/Dec/2022:11:34:41 +0800] "GET /xingrg/javascript/jquery_easy_ui/jquery.easyui.min.js HTTP/1.1" 304 -
120.253.135.82 - - [15/Dec/2022:11:34:41 +0800] "GET /favicon.ico HTTP/1.1" 404 -
120.253.135.82 - - [15/Dec/2022:11:34:41 +0800] "GET /xingrg/images/blue/navBackgound.jpg HTTP/1.1" 304 -
120.253.135.82 - - [15/Dec/2022:11:34:41 +0800] "GET /xingrg/javascript/jquery_easy_ui/themes/icons/settle_new.png HTTP/1.1" 304 -
120.253.135.82 - - [15/Dec/2022:11:34:41 +0800] "POST /xingrg/all/common/load_tree.html?tree=area_rest_tree_json&manage=1 HTTP/1.1" 200 344
120.253.135.82 - - [15/Dec/2022:11:34:41 +0800] "GET /xingrg/images/blue/pingpu.png HTTP/1.1" 304 -
120.253.135.82 - - [15/Dec/2022:11:34:41 +0800] "GET /xingrg/javascript/jquery_easy_ui/themes/default/images/tabs_rightarrow.png HTTP/1.1" 304 -
120.253.135.82 - - [15/Dec/2022:11:34:41 +0800] "GET /xingrg/javascript/jquery_easy_ui/themes/default/images/tabs_leftarrow.png HTTP/1.1" 304 -
120.253.135.82 - - [15/Dec/2022:11:34:41 +0800] "GET /xingrg/javascript/jquery_easy_ui/themes/default/images/panel_tool_collapse.gif HTTP/1.1" 304 -
120.253.135.82 - - [15/Dec/2022:11:34:41 +0800] "GET /xingrg/javascript/jquery_easy_ui/themes/default/images/tree_arrows.gif HTTP/1.1" 304 -
120.253.135.82 - - [15/Dec/2022:11:34:41 +0800] "GET /xingrg/check_reg.html?_=1671075106569 HTTP/1.1" 200 22
120.253.135.82 - - [15/Dec/2022:11:34:41 +0800] "GET /xingrg/all/function/internal_message.html?_=1671075106568&CODE_STATE=count HTTP/1.1" 200 11
120.253.135.82 - - [15/Dec/2022:11:34:41 +0800] "POST /xingrg/load_menu.html HTTP/1.1" 200 6743
120.253.135.82 - - [15/Dec/2022:11:34:42 +0800] "GET /xingrg/javascript/jquery_easy_ui/themes/icons/delivery_new.png HTTP/1.1" 304 -
120.253.135.82 - - [15/Dec/2022:11:34:42 +0800] "GET /xingrg/javascript/jquery_easy_ui/themes/icons/search_new.png HTTP/1.1" 304 -
120.253.135.82 - - [15/Dec/2022:11:34:42 +0800] "GET /xingrg/javascript/jquery_easy_ui/themes/icons/storage_new.png HTTP/1.1" 304 -
120.253.135.82 - - [15/Dec/2022:11:34:42 +0800] "GET /xingrg/javascript/jquery_easy_ui/themes/default/images/tree_folder_open.gif HTTP/1.1" 304 -
120.253.135.82 - - [15/Dec/2022:11:34:42 +0800] "GET /xingrg/javascript/jquery_easy_ui/themes/default/images/tree_file.gif HTTP/1.1" 304 -
120.253.135.82 - - [15/Dec/2022:11:34:42 +0800] "GET /xingrg/javascript/jquery_easy_ui/themes/default/images/tree_folder.gif HTTP/1.1" 304 -
120.253.135.82 - - [15/Dec/2022:11:34:42 +0800] "GET /xingrg/javascript/jquery_easy_ui/themes/icons/forms_new.png HTTP/1.1" 304 -
222.70.177.10 - - [15/Dec/2022:11:34:43 +0800] "GET /xingrg/kc/buy/cgsh_order_operate.html?command=get_materiel&rest_code=00111&code=00101008155&supplier_code=00100005&order_time=2022-12-15 HTTP/1.1" 200 408
120.253.135.82 - - [15/Dec/2022:11:34:45 +0800] "GET /xingrg/javascript/jquery_easy_ui/themes/default/images/tabs_close.gif HTTP/1.1" 304 -
120.253.135.82 - - [15/Dec/2022:11:34:45 +0800] "GET /xingrg/css/blue.css HTTP/1.1" 304 -
120.253.135.82 - - [15/Dec/2022:11:34:45 +0800] "GET /xingrg/javascript/pic_change.js HTTP/1.1" 304 -
120.253.135.82 - - [15/Dec/2022:11:34:45 +0800] "GET /xingrg/kc/pszx/mdqp_order_list.html?state=10 HTTP/1.1" 200 10715
120.253.135.82 - - [15/Dec/2022:11:34:45 +0800] "GET /xingrg/javascript/Calendar.js HTTP/1.1" 304 -
120.253.135.82 - - [15/Dec/2022:11:34:45 +0800] "GET /xingrg/dwr/util.js HTTP/1.1" 304 -
120.253.135.82 - - [15/Dec/2022:11:34:45 +0800] "GET /xingrg/javascript/myfunction.js HTTP/1.1" 304 -
120.253.135.82 - - [15/Dec/2022:11:34:45 +0800] "GET /xingrg/dwr/interface/AjaxReportQueryService.js HTTP/1.1" 200 13203
120.253.135.82 - - [15/Dec/2022:11:34:45 +0800] "GET /xingrg/dwr/interface/AjaxQqpsService.js HTTP/1.1" 200 16326
120.253.135.82 - - [15/Dec/2022:11:34:45 +0800] "GET /xingrg/dwr/engine.js HTTP/1.1" 200 43631
120.253.135.82 - - [15/Dec/2022:11:34:45 +0800] "GET /xingrg/javascript/jquery_easy_ui/themes/icons/back_new.png HTTP/1.1" 304 -
120.253.135.82 - - [15/Dec/2022:11:34:45 +0800] "GET /xingrg/javascript/jquery_easy_ui/themes/icons/check_new.png HTTP/1.1" 304 -
120.253.135.82 - - [15/Dec/2022:11:34:45 +0800] "GET /xingrg/javascript/jquery_easy_ui/themes/icons/uncheck_new.png HTTP/1.1" 304 -
180.169.147.146 - - [15/Dec/2022:11:34:47 +0800] "GET /xingrg/all/function/internal_message.html?_=1671075306169&CODE_STATE=getMsg HTTP/1.1" 200 27
120.253.135.82 - - [15/Dec/2022:11:34:47 +0800] "GET /xingrg/css/base.css HTTP/1.1" 304 -
120.253.135.82 - - [15/Dec/2022:11:34:47 +0800] "GET /xingrg/javascript/auto/jquery.autocomplete.css HTTP/1.1" 304 -
120.253.135.82 - - [15/Dec/2022:11:34:47 +0800] "GET /xingrg/javascript/jquery_tools/fix.css HTTP/1.1" 304 -
120.253.135.82 - - [15/Dec/2022:11:34:47 +0800] "GET /xingrg/javascript/easyui/themes/icon.css HTTP/1.1" 304 -
120.253.135.82 - - [15/Dec/2022:11:34:47 +0800] "GET /xingrg/javascript/jquery_tools/datebox.css HTTP/1.1" 304 -
120.253.135.82 - - [15/Dec/2022:11:34:47 +0800] "GET /xingrg/css/site.css HTTP/1.1" 304 -
120.253.135.82 - - [15/Dec/2022:11:34:47 +0800] "GET /xingrg/javascript/jquery_tools/jquery.tools.min.js HTTP/1.1" 304 -
120.253.135.82 - - [15/Dec/2022:11:34:47 +0800] "GET /xingrg/javascript/easyui/themes/default/easyui.css HTTP/1.1" 304 -
120.253.135.82 - - [15/Dec/2022:11:34:47 +0800] "GET /xingrg/kc/pszx/mdps_order_list.html?orderType=0 HTTP/1.1" 200 21035
120.253.135.82 - - [15/Dec/2022:11:34:48 +0800] "GET /xingrg/javascript/jquery_tools/table.css HTTP/1.1" 304 -
120.253.135.82 - - [15/Dec/2022:11:34:48 +0800] "GET /xingrg/javascript/jquery_tools/jquery.tools.extend.js HTTP/1.1" 304 -
120.253.135.82 - - [15/Dec/2022:11:34:48 +0800] "GET /xingrg/javascript/jquery_tools/jquery.tools.hotkey.js HTTP/1.1" 304 -
120.253.135.82 - - [15/Dec/2022:11:34:48 +0800] "GET /xingrg/javascript/jquery_tools/list_manager.js HTTP/1.1" 304 -
120.253.135.82 - - [15/Dec/2022:11:34:48 +0800] "GET /xingrg/javascript/jquery_tools/jquery.tools.table.js HTTP/1.1" 304 -
120.253.135.82 - - [15/Dec/2022:11:34:48 +0800] "GET /xingrg/javascript/auto/jquery.autocomplete.js HTTP/1.1" 304 -
120.253.135.82 - - [15/Dec/2022:11:34:48 +0800] "GET /xingrg/javascript/jquery.cookie.js HTTP/1.1" 304 -
120.253.135.82 - - [15/Dec/2022:11:34:48 +0800] "GET /xingrg/javascript/print/LodopFuncs.js HTTP/1.1" 304 -
120.253.135.82 - - [15/Dec/2022:11:34:48 +0800] "GET /xingrg/javascript/easyui/easyloader.js HTTP/1.1" 304 -
120.253.135.82 - - [15/Dec/2022:11:34:48 +0800] "GET /xingrg/javascript/easyui/themes/icons/edit_add_new.png HTTP/1.1" 304 -
120.253.135.82 - - [15/Dec/2022:11:34:48 +0800] "GET /xingrg/javascript/easyui/themes/icons/check_new.png HTTP/1.1" 304 -
120.253.135.82 - - [15/Dec/2022:11:34:48 +0800] "GET /xingrg/javascript/easyui/themes/icons/uncheck_new.png HTTP/1.1" 304 -
120.253.135.82 - - [15/Dec/2022:11:34:48 +0800] "GET /xingrg/javascript/easyui/themes/icons/field_new.png HTTP/1.1" 304 -
120.253.135.82 - - [15/Dec/2022:11:34:48 +0800] "GET /xingrg/javascript/easyui/themes/icons/import_new.png HTTP/1.1" 304 -
120.253.135.82 - - [15/Dec/2022:11:34:48 +0800] "GET /xingrg/javascript/easyui/themes/icons/cance_new.png HTTP/1.1" 304 -
120.253.135.82 - - [15/Dec/2022:11:34:48 +0800] "GET /xingrg/javascript/easyui/plugins/jquery.parser.js HTTP/1.1" 304 -
120.253.135.82 - - [15/Dec/2022:11:34:48 +0800] "GET /xingrg/images/control/ajaxLoader.gif HTTP/1.1" 304 -
120.253.135.82 - - [15/Dec/2022:11:34:48 +0800] "POST /xingrg/kc/pszx/mdps_list_operate.html HTTP/1.1" 200 5184
116.192.124.172 - - [15/Dec/2022:11:34:49 +0800] "GET /xingrg/all/function/internal_message.html?_=1671075327287&CODE_STATE=getMsg HTTP/1.1" 200 27
120.253.135.82 - - [15/Dec/2022:11:34:50 +0800] "GET /xingrg/javascript/auto/indicator.gif HTTP/1.1" 404 1066
120.253.135.82 - - [15/Dec/2022:11:34:54 +0800] "POST /xingrg/kc/pszx/mdps_list_operate.html HTTP/1.1" 200 2423
222.70.177.10 - - [15/Dec/2022:11:34:54 +0800] "GET /xingrg/all/function/internal_message.html?_=1671075311638&CODE_STATE=getMsg HTTP/1.1" 200 27
114.88.159.190 - - [15/Dec/2022:11:34:54 +0800] "GET /xingrg/all/function/internal_message.html?_=1671075309844&CODE_STATE=getMsg HTTP/1.1" 200 27
114.88.159.190 - - [15/Dec/2022:11:34:54 +0800] "GET /xingrg/check_reg.html?_=1671075309846 HTTP/1.1" 200 22
