116.230.105.139 - - [15/Dec/2022:11:55:42 +0800] "GET /xingrg/javascript/jquery_easy_ui/themes/default/images/tabs_leftarrow.png HTTP/1.1" 304 -
116.230.105.139 - - [15/Dec/2022:11:55:42 +0800] "GET /xingrg/javascript/jquery_easy_ui/themes/default/images/tabs_rightarrow.png HTTP/1.1" 304 -
116.230.105.139 - - [15/Dec/2022:11:55:42 +0800] "POST /xingrg/load_menu.html HTTP/1.1" 200 9959
114.88.159.190 - - [15/Dec/2022:11:55:45 +0800] "GET /xingrg/all/function/internal_message.html?_=1671076157439&CODE_STATE=getMsg HTTP/1.1" 200 27
180.169.147.146 - - [15/Dec/2022:11:55:47 +0800] "GET /xingrg/all/function/internal_message.html?_=1671076566404&CODE_STATE=getMsg HTTP/1.1" 200 27
222.70.177.10 - - [15/Dec/2022:11:55:48 +0800] "GET /xingrg/kc/buy/cgsh_order_operate.html?command=get_materiel&rest_code=00111&code=00101018023&supplier_code=00100312&order_time=2022-12-15 HTTP/1.1" 200 411
120.253.135.82 - - [15/Dec/2022:11:55:49 +0800] "GET /xingrg/kc/buy/cgsh_order_operate.html?command=get_materiel&rest_code=00101&code=00101019384&supplier_code=00100100&order_time=2022-12-15 HTTP/1.1" 200 471
114.84.81.136 - - [15/Dec/2022:11:55:50 +0800] "GET /xingrg/all/function/internal_message.html?_=1671076569649&CODE_STATE=getMsg HTTP/1.1" 200 27
120.253.135.82 - - [15/Dec/2022:11:55:50 +0800] "POST /xingrg/all/common/load_select.html HTTP/1.1" 200 25
101.80.228.88 - - [15/Dec/2022:11:55:50 +0800] "GET /xingrg/all/function/internal_message.html?_=1671076570126&CODE_STATE=getMsg HTTP/1.1" 200 27
116.192.124.172 - - [15/Dec/2022:11:55:51 +0800] "GET /xingrg/all/function/internal_message.html?_=1671076588949&CODE_STATE=getMsg HTTP/1.1" 200 27
116.192.124.172 - - [15/Dec/2022:11:55:51 +0800] "GET /xingrg/check_reg.html?_=1671076589190 HTTP/1.1" 200 22
116.230.105.139 - - [15/Dec/2022:11:55:51 +0800] "GET /xingrg/kc/buy/buy_main.html HTTP/1.1" 200 12412
116.230.105.139 - - [15/Dec/2022:11:55:51 +0800] "GET /xingrg/css/new_ie.css HTTP/1.1" 404 1036
116.230.105.139 - - [15/Dec/2022:11:55:53 +0800] "GET /xingrg/images/yd/bt.gif HTTP/1.1" 404 1040
116.230.105.139 - - [15/Dec/2022:11:55:54 +0800] "GET /xingrg/kc/buy/cgsh_order_list.html HTTP/1.1" 200 54276
222.70.177.10 - - [15/Dec/2022:11:55:54 +0800] "GET /xingrg/all/function/internal_message.html?_=1671076571671&CODE_STATE=getMsg HTTP/1.1" 200 27
120.253.135.82 - - [15/Dec/2022:11:55:54 +0800] "GET /xingrg/kc/buy/cgsh_order_operate.html?command=get_materiel_price&rest_code=00101&code=00101019384&unit_code=00100201&supplier_code=00100100&order_time=2022-12-15 HTTP/1.1" 200 29
116.230.105.139 - - [15/Dec/2022:11:55:57 +0800] "POST /xingrg/kc/buy/cgsh_list_operate.html HTTP/1.1" 200 3592
116.237.75.219 - - [15/Dec/2022:11:55:58 +0800] "GET /xingrg/all/function/internal_message.html?_=1671076578853&CODE_STATE=getMsg HTTP/1.1" 200 27
116.238.139.35 - - [15/Dec/2022:11:56:01 +0800] "GET /xingrg/all/function/internal_message.html?_=1671076581881&CODE_STATE=getMsg HTTP/1.1" 200 27
180.152.99.73 - - [15/Dec/2022:11:56:03 +0800] "GET /favicon.ico HTTP/1.1" 404 -
124.79.245.154 - - [15/Dec/2022:11:56:08 +0800] "GET /xingrg/check_reg.html?_=1671076814433 HTTP/1.1" 200 22
124.79.245.154 - - [15/Dec/2022:11:56:08 +0800] "GET /xingrg/all/function/internal_message.html?_=1671076814434&CODE_STATE=getMsg HTTP/1.1" 200 27
114.84.171.155 - - [15/Dec/2022:11:56:08 +0800] "GET /xingrg/all/function/internal_message.html?_=1671076588007&CODE_STATE=getMsg HTTP/1.1" 200 27
116.238.139.35 - - [15/Dec/2022:11:56:13 +0800] "GET /xingrg/all/function/internal_message.html?_=1671076526307&CODE_STATE=getMsg HTTP/1.1" 200 27
114.83.222.182 - - [15/Dec/2022:11:56:14 +0800] "GET /xingrg/all/function/internal_message.html?_=1671076654949&CODE_STATE=getMsg HTTP/1.1" 200 27
120.253.135.82 - - [15/Dec/2022:11:56:15 +0800] "GET /xingrg/kc/buy/cgsh_order_operate.html?command=get_materiel&rest_code=00101&code=00101019816&supplier_code=00100100&order_time=2022-12-15 HTTP/1.1" 200 446
120.253.135.82 - - [15/Dec/2022:11:56:18 +0800] "POST /xingrg/all/common/load_select.html HTTP/1.1" 200 25
180.165.52.19 - - [15/Dec/2022:11:56:23 +0800] "GET /xingrg/all/function/internal_message.html?_=1671076597952&CODE_STATE=getMsg HTTP/1.1" 200 27
120.253.135.82 - - [15/Dec/2022:11:56:23 +0800] "GET /xingrg/kc/buy/cgsh_order_operate.html?command=get_materiel_price&rest_code=00101&code=00101019816&unit_code=00100074&supplier_code=00100100&order_time=2022-12-15 HTTP/1.1" 200 30
180.169.147.146 - - [15/Dec/2022:11:56:26 +0800] "GET /xingrg/all/function/internal_message.html?_=1671076603946&CODE_STATE=getMsg HTTP/1.1" 200 27
120.253.135.82 - - [15/Dec/2022:11:56:26 +0800] "POST /xingrg/kc/buy/cgsh_order_operate.html HTTP/1.1" 200 2065
114.83.220.141 - - [15/Dec/2022:11:56:26 +0800] "GET /xingrg/all/function/internal_message.html?_=1671076604817&CODE_STATE=getMsg HTTP/1.1" 200 27
101.83.146.103 - - [15/Dec/2022:11:56:29 +0800] "GET /xingrg/all/function/internal_message.html?_=1671076456134&CODE_STATE=getMsg HTTP/1.1" 200 27
114.84.81.136 - - [15/Dec/2022:11:56:32 +0800] "GET /xingrg/all/function/internal_message.html?_=1671076611550&CODE_STATE=getMsg HTTP/1.1" 200 27
116.230.105.139 - - [15/Dec/2022:11:56:37 +0800] "GET /xingrg/all/function/internal_message.html?_=1671076608623&CODE_STATE=getMsg HTTP/1.1" 200 27
222.70.177.10 - - [15/Dec/2022:11:56:38 +0800] "POST /xingrg/kc/buy/cgsh_order_operate.html HTTP/1.1" 200 37
114.84.38.109 - - [15/Dec/2022:11:56:38 +0800] "GET /xingrg/all/function/internal_message.html?_=1671076632270&CODE_STATE=getMsg HTTP/1.1" 200 27
222.70.177.10 - - [15/Dec/2022:11:56:40 +0800] "POST /xingrg/kc/buy/cgsh_order_operate.html HTTP/1.1" 200 4441
116.230.105.139 - - [15/Dec/2022:11:56:41 +0800] "GET /xingrg/javascript/jquery_tools/images/next.gif HTTP/1.1" 404 1086
116.230.105.139 - - [15/Dec/2022:11:56:41 +0800] "GET /xingrg/javascript/jquery_tools/images/prev.gif HTTP/1.1" 404 1086
120.253.135.82 - - [15/Dec/2022:11:56:41 +0800] "GET /xingrg/all/function/internal_message.html?_=1671076427050&CODE_STATE=getMsg HTTP/1.1" 200 27
116.230.105.139 - - [15/Dec/2022:11:56:42 +0800] "GET /xingrg/all/function/internal_message.html?_=1671076621031&CODE_STATE=getMsg HTTP/1.1" 200 27
222.70.177.10 - - [15/Dec/2022:11:56:42 +0800] "GET /xingrg/kc/print/load_data.html?order_code=212022121504353&kc_code=cgsh&condition= HTTP/1.1" 200 1357
114.88.159.190 - - [15/Dec/2022:11:56:45 +0800] "GET /xingrg/all/function/internal_message.html?_=1671076217466&CODE_STATE=getMsg HTTP/1.1" 200 27
120.253.135.82 - - [15/Dec/2022:11:56:46 +0800] "GET /xingrg/kc/buy/cgsh_order_operate.html?command=get_materiel&rest_code=00101&code=00101019142&supplier_code=00100100&order_time=2022-12-15 HTTP/1.1" 200 464
116.230.105.139 - - [15/Dec/2022:11:56:47 +0800] "GET /xingrg/javascript/auto/indicator.gif HTTP/1.1" 404 1066
180.169.147.146 - - [15/Dec/2022:11:56:47 +0800] "GET /xingrg/check_reg.html?_=1671076626403 HTTP/1.1" 200 22
180.169.147.146 - - [15/Dec/2022:11:56:47 +0800] "GET /xingrg/all/function/internal_message.html?_=1671076626404&CODE_STATE=getMsg HTTP/1.1" 200 27
120.253.135.82 - - [15/Dec/2022:11:56:48 +0800] "POST /xingrg/all/common/load_select.html HTTP/1.1" 200 25
114.84.81.136 - - [15/Dec/2022:11:56:50 +0800] "GET /xingrg/all/function/internal_message.html?_=1671076629648&CODE_STATE=getMsg HTTP/1.1" 200 27
101.80.228.88 - - [15/Dec/2022:11:56:50 +0800] "GET /xingrg/check_reg.html?_=1671076630113 HTTP/1.1" 200 22
101.80.228.88 - - [15/Dec/2022:11:56:50 +0800] "GET /xingrg/all/function/internal_message.html?_=1671076630115&CODE_STATE=getMsg HTTP/1.1" 200 27
116.192.124.172 - - [15/Dec/2022:11:56:51 +0800] "GET /xingrg/all/function/internal_message.html?_=1671076648923&CODE_STATE=getMsg HTTP/1.1" 200 27
116.237.75.219 - - [15/Dec/2022:11:56:51 +0800] "GET /xingrg/kc/mdqp/qp_main.html HTTP/1.1" 200 10633
116.230.105.139 - - [15/Dec/2022:11:56:51 +0800] "POST /xingrg/kc/buy/cgsh_list_operate.html HTTP/1.1" 200 986
116.237.75.219 - - [15/Dec/2022:11:56:51 +0800] "GET /xingrg/images/yd/bt.gif HTTP/1.1" 404 1040
222.70.177.10 - - [15/Dec/2022:11:56:52 +0800] "GET /xingrg/kc/buy/cgsh_order_add.html HTTP/1.1" 200 69753
222.70.177.10 - - [15/Dec/2022:11:56:52 +0800] "POST /xingrg/kc/buy/cgsh_order_operate.html HTTP/1.1" 200 8245
222.70.177.10 - - [15/Dec/2022:11:56:52 +0800] "GET /xingrg/javascript/easyui/themes/default/validatebox.css HTTP/1.1" 404 1104
116.237.75.219 - - [15/Dec/2022:11:56:52 +0800] "GET /xingrg/kc/mdqp/qqps_order_list.html HTTP/1.1" 200 10027
120.253.135.82 - - [15/Dec/2022:11:56:52 +0800] "GET /xingrg/kc/buy/cgsh_order_operate.html?command=get_materiel_price&rest_code=00101&code=00101019142&unit_code=00100211&supplier_code=00100100&order_time=2022-12-15 HTTP/1.1" 200 30
116.237.75.219 - - [15/Dec/2022:11:56:52 +0800] "GET /xingrg/dwr/interface/AjaxQqpsService.js HTTP/1.1" 200 16326
116.237.75.219 - - [15/Dec/2022:11:56:52 +0800] "GET /xingrg/dwr/interface/AjaxReportQueryService.js HTTP/1.1" 200 13203
116.237.75.219 - - [15/Dec/2022:11:56:52 +0800] "GET /xingrg/dwr/engine.js HTTP/1.1" 200 43631
116.237.75.219 - - [15/Dec/2022:11:56:54 +0800] "GET /xingrg/kc/mdqp/qqps_order_add.html HTTP/1.1" 200 28236
116.237.75.219 - - [15/Dec/2022:11:56:54 +0800] "GET /xingrg/dwr/interface/AjaxComOrderService.js HTTP/1.1" 200 18264
116.237.75.219 - - [15/Dec/2022:11:56:54 +0800] "GET /xingrg/dwr/interface/AjaxQqpsService.js HTTP/1.1" 200 16326
116.237.75.219 - - [15/Dec/2022:11:56:54 +0800] "GET /xingrg/dwr/engine.js HTTP/1.1" 200 43631
222.70.177.10 - - [15/Dec/2022:11:56:54 +0800] "GET /xingrg/all/function/internal_message.html?_=1671076631671&CODE_STATE=getMsg HTTP/1.1" 200 27
116.237.75.219 - - [15/Dec/2022:11:56:58 +0800] "GET /xingrg/all/function/internal_message.html?_=1671076638887&CODE_STATE=getMsg HTTP/1.1" 200 27
116.238.139.35 - - [15/Dec/2022:11:57:00 +0800] "GET /xingrg/check_reg.html?_=1671076573610 HTTP/1.1" 200 22
116.230.105.139 - - [15/Dec/2022:11:57:00 +0800] "GET /xingrg/javascript/easyui/themes/default/tree.css HTTP/1.1" 404 1090
116.230.105.139 - - [15/Dec/2022:11:57:00 +0800] "POST /xingrg/all/common/load_tree.html?tree=supplier_tree_json&manage=1 HTTP/1.1" 200 72065
116.238.139.35 - - [15/Dec/2022:11:57:01 +0800] "GET /xingrg/all/function/internal_message.html?_=1671076641889&CODE_STATE=getMsg HTTP/1.1" 200 27
116.237.75.219 - - [15/Dec/2022:11:57:04 +0800] "POST /xingrg/dwr/call/plaincall/AjaxQqpsService.saveOrder.dwr HTTP/1.1" 200 78
124.79.245.154 - - [15/Dec/2022:11:57:08 +0800] "GET /xingrg/all/function/internal_message.html?_=1671076874432&CODE_STATE=getMsg HTTP/1.1" 200 27
114.84.171.155 - - [15/Dec/2022:11:57:08 +0800] "GET /xingrg/check_reg.html?_=1671076648007 HTTP/1.1" 200 22
114.84.171.155 - - [15/Dec/2022:11:57:09 +0800] "GET /xingrg/all/function/internal_message.html?_=1671076648009&CODE_STATE=getMsg HTTP/1.1" 200 27
116.230.105.139 - - [15/Dec/2022:11:57:11 +0800] "POST /xingrg/kc/buy/cgsh_list_operate.html HTTP/1.1" 200 6083
116.237.75.219 - - [15/Dec/2022:11:57:13 +0800] "GET /xingrg/javascript/auto/indicator.gif HTTP/1.1" 404 1066
116.238.139.35 - - [15/Dec/2022:11:57:13 +0800] "GET /xingrg/all/function/internal_message.html?_=1671076586309&CODE_STATE=getMsg HTTP/1.1" 200 27
222.70.177.10 - - [15/Dec/2022:11:57:13 +0800] "GET /xingrg/kc/buy/cgsh_order_operate.html?command=get_materiel&rest_code=00111&code=00101020225&supplier_code=00100485&order_time=2022-12-15 HTTP/1.1" 200 417
114.83.222.182 - - [15/Dec/2022:11:57:14 +0800] "GET /xingrg/check_reg.html?_=1671076714936 HTTP/1.1" 200 22
114.83.222.182 - - [15/Dec/2022:11:57:14 +0800] "GET /xingrg/all/function/internal_message.html?_=1671076714938&CODE_STATE=getMsg HTTP/1.1" 200 27
116.237.75.219 - - [15/Dec/2022:11:57:17 +0800] "POST /xingrg/dwr/call/plaincall/AjaxQqpsService.getMaterielByCode.dwr HTTP/1.1" 200 2711
116.237.75.219 - - [15/Dec/2022:11:57:20 +0800] "POST /xingrg/dwr/call/plaincall/AjaxQqpsService.saveMaterielItem.dwr HTTP/1.1" 200 78
120.253.135.82 - - [15/Dec/2022:11:57:20 +0800] "GET /xingrg/kc/buy/cgsh_order_operate.html?command=get_materiel&rest_code=00101&code=00101019513&supplier_code=00100100&order_time=2022-12-15 HTTP/1.1" 200 466
120.253.135.82 - - [15/Dec/2022:11:57:21 +0800] "POST /xingrg/all/common/load_select.html HTTP/1.1" 200 25
180.165.52.19 - - [15/Dec/2022:11:57:23 +0800] "GET /xingrg/all/function/internal_message.html?_=1671076657941&CODE_STATE=getMsg HTTP/1.1" 200 27
180.169.147.146 - - [15/Dec/2022:11:57:26 +0800] "GET /xingrg/all/function/internal_message.html?_=1671076663928&CODE_STATE=getMsg HTTP/1.1" 200 27
222.70.177.10 - - [15/Dec/2022:11:57:26 +0800] "POST /xingrg/kc/buy/cgsh_order_operate.html HTTP/1.1" 200 37
114.83.220.141 - - [15/Dec/2022:11:57:26 +0800] "GET /xingrg/all/function/internal_message.html?_=1671076664803&CODE_STATE=getMsg HTTP/1.1" 200 27
116.230.105.139 - - [15/Dec/2022:11:57:27 +0800] "POST /xingrg/all/user/operate.html HTTP/1.1" 200 36
116.230.105.139 - - [15/Dec/2022:11:57:27 +0800] "GET /xingrg/javascript/jquery_easy_ui/themes/default/easyui.css HTTP/1.1" 304 -
116.230.105.139 - - [15/Dec/2022:11:57:27 +0800] "GET /xingrg/index.html?sysBaseUrl=http%3A%2F%2F180.169.147.146%3A18081%2Fxingrg%2F&costTime=42×tamp=1671076534100 HTTP/1.1" 200 17509
116.230.105.139 - - [15/Dec/2022:11:57:27 +0800] "GET /xingrg/javascript/jquery_easy_ui/themes/icon.css HTTP/1.1" 304 -
116.230.105.139 - - [15/Dec/2022:11:57:27 +0800] "GET /xingrg/css/form.css HTTP/1.1" 304 -
116.230.105.139 - - [15/Dec/2022:11:57:27 +0800] "GET /xingrg/javascript/jquery-1.4.2.min.js HTTP/1.1" 304 -
116.230.105.139 - - [15/Dec/2022:11:57:27 +0800] "GET /xingrg/javascript/jquery_easy_ui/jquery.easyui.min.js HTTP/1.1" 304 -
116.230.105.139 - - [15/Dec/2022:11:57:27 +0800] "GET /xingrg/javascript/jquery_easy_ui/easyui-lang-zh_CN.js HTTP/1.1" 304 -
116.230.105.139 - - [15/Dec/2022:11:57:27 +0800] "GET /xingrg/javascript/jquery.form.js HTTP/1.1" 304 -
116.230.105.139 - - [15/Dec/2022:11:57:27 +0800] "GET /xingrg/javascript/jquery.utils.js HTTP/1.1" 304 -
116.230.105.139 - - [15/Dec/2022:11:57:27 +0800] "GET /xingrg/javascript/jquery.timers.js HTTP/1.1" 304 -
116.230.105.139 - - [15/Dec/2022:11:57:27 +0800] "GET /xingrg/images/blue/jxLogo.png HTTP/1.1" 304 -
116.230.105.139 - - [15/Dec/2022:11:57:27 +0800] "GET /xingrg/javascript/jquery_easy_ui/themes/icons/settle_new.png HTTP/1.1" 304 -
116.230.105.139 - - [15/Dec/2022:11:57:27 +0800] "GET /xingrg/images/blue/navBackgound.jpg HTTP/1.1" 304 -
120.253.135.82 - - [15/Dec/2022:11:57:27 +0800] "GET /xingrg/kc/buy/cgsh_order_operate.html?command=get_materiel_price&rest_code=00101&code=00101019513&unit_code=00100157&supplier_code=00100100&order_time=2022-12-15 HTTP/1.1" 200 30
116.230.105.139 - - [15/Dec/2022:11:57:27 +0800] "POST /xingrg/all/common/load_tree.html?tree=area_rest_tree_json&manage=1 HTTP/1.1" 200 3499
116.230.105.139 - - [15/Dec/2022:11:57:27 +0800] "GET /xingrg/check_reg.html?_=1671076666621 HTTP/1.1" 200 22
116.230.105.139 - - [15/Dec/2022:11:57:27 +0800] "GET /xingrg/all/function/internal_message.html?_=1671076666621&CODE_STATE=count HTTP/1.1" 200 11
116.230.105.139 - - [15/Dec/2022:11:57:27 +0800] "GET /xingrg/javascript/jquery_easy_ui/themes/default/images/panel_tool_collapse.gif HTTP/1.1" 304 -
116.230.105.139 - - [15/Dec/2022:11:57:27 +0800] "GET /xingrg/javascript/jquery_easy_ui/themes/default/images/panel_tool_expand.gif HTTP/1.1" 304 -
116.230.105.139 - - [15/Dec/2022:11:57:27 +0800] "GET /xingrg/javascript/jquery_easy_ui/themes/default/images/tabs_leftarrow.png HTTP/1.1" 304 -
116.230.105.139 - - [15/Dec/2022:11:57:27 +0800] "POST /xingrg/load_menu.html HTTP/1.1" 200 9959
116.230.105.139 - - [15/Dec/2022:11:57:27 +0800] "GET /xingrg/javascript/jquery_easy_ui/themes/default/images/tabs_rightarrow.png HTTP/1.1" 304 -
116.230.105.139 - - [15/Dec/2022:11:57:27 +0800] "GET /xingrg/images/blue/pingpu.png HTTP/1.1" 304 -
116.230.105.139 - - [15/Dec/2022:11:57:27 +0800] "GET /xingrg/javascript/jquery_easy_ui/themes/default/images/tree_file.gif HTTP/1.1" 304 -
116.230.105.139 - - [15/Dec/2022:11:57:27 +0800] "GET /xingrg/javascript/jquery_easy_ui/themes/icons/forms_new.png HTTP/1.1" 304 -
116.230.105.139 - - [15/Dec/2022:11:57:27 +0800] "GET /xingrg/javascript/jquery_easy_ui/themes/icons/systemset_new.png HTTP/1.1" 304 -
116.230.105.139 - - [15/Dec/2022:11:57:27 +0800] "GET /xingrg/javascript/jquery_easy_ui/themes/default/images/tree_folder_open.gif HTTP/1.1" 304 -
116.230.105.139 - - [15/Dec/2022:11:57:27 +0800] "GET /xingrg/javascript/jquery_easy_ui/themes/icons/storage_new.png HTTP/1.1" 304 -
116.230.105.139 - - [15/Dec/2022:11:57:27 +0800] "GET /xingrg/javascript/jquery_easy_ui/themes/icons/setting_new.png HTTP/1.1" 304 -
116.230.105.139 - - [15/Dec/2022:11:57:27 +0800] "GET /xingrg/javascript/jquery_easy_ui/themes/default/images/tree_arrows.gif HTTP/1.1" 304 -
116.230.105.139 - - [15/Dec/2022:11:57:27 +0800] "GET /xingrg/javascript/jquery_easy_ui/themes/icons/checkout_new.png HTTP/1.1" 304 -
116.230.105.139 - - [15/Dec/2022:11:57:27 +0800] "GET /xingrg/javascript/jquery_easy_ui/themes/icons/search_new.png HTTP/1.1" 304 -
116.230.105.139 - - [15/Dec/2022:11:57:27 +0800] "GET /xingrg/javascript/jquery_easy_ui/themes/default/images/tree_folder.gif HTTP/1.1" 304 -
222.70.177.10 - - [15/Dec/2022:11:57:28 +0800] "POST /xingrg/kc/buy/cgsh_order_operate.html HTTP/1.1" 200 2662
114.83.220.141 - - [15/Dec/2022:11:57:28 +0800] "GET /xingrg/check_reg.html?_=1671076666662 HTTP/1.1" 200 22
101.83.146.103 - - [15/Dec/2022:11:57:29 +0800] "GET /xingrg/check_reg.html?_=1671076516135 HTTP/1.1" 200 22
101.83.146.103 - - [15/Dec/2022:11:57:29 +0800] "GET /xingrg/all/function/internal_message.html?_=1671076516140&CODE_STATE=getMsg HTTP/1.1" 200 27
222.70.177.10 - - [15/Dec/2022:11:57:29 +0800] "GET /xingrg/kc/print/load_data.html?order_code=212022121504354&kc_code=cgsh&condition= HTTP/1.1" 200 669
116.230.105.139 - - [15/Dec/2022:11:57:30 +0800] "GET /xingrg/kc/buy/buy_main.html HTTP/1.1" 200 12412
116.230.105.139 - - [15/Dec/2022:11:57:30 +0800] "GET /xingrg/css/new_ie.css HTTP/1.1" 404 1036
116.230.105.139 - - [15/Dec/2022:11:57:31 +0800] "GET /xingrg/images/yd/bt.gif HTTP/1.1" 404 1040
116.230.105.139 - - [15/Dec/2022:11:57:31 +0800] "GET /xingrg/kc/buy/cgsh_order_list.html HTTP/1.1" 200 54276
114.84.81.136 - - [15/Dec/2022:11:57:32 +0800] "GET /xingrg/check_reg.html?_=1671076671542 HTTP/1.1" 200 22
114.84.81.136 - - [15/Dec/2022:11:57:32 +0800] "GET /xingrg/all/function/internal_message.html?_=1671076671544&CODE_STATE=getMsg HTTP/1.1" 200 27
116.230.105.139 - - [15/Dec/2022:11:57:33 +0800] "POST /xingrg/kc/buy/cgsh_list_operate.html HTTP/1.1" 200 3148
222.70.177.10 - - [15/Dec/2022:11:57:34 +0800] "GET /xingrg/kc/buy/cgsh_order_add.html HTTP/1.1" 200 69753
222.70.177.10 - - [15/Dec/2022:11:57:35 +0800] "POST /xingrg/kc/buy/cgsh_order_operate.html HTTP/1.1" 200 8245
222.70.177.10 - - [15/Dec/2022:11:57:35 +0800] "GET /xingrg/javascript/easyui/themes/default/validatebox.css HTTP/1.1" 404 1104
116.230.105.139 - - [15/Dec/2022:11:57:37 +0800] "GET /xingrg/all/function/internal_message.html?_=1671076668623&CODE_STATE=getMsg HTTP/1.1" 200 27
116.230.105.139 - - [15/Dec/2022:11:57:37 +0800] "GET /xingrg/check_reg.html?_=1671076668625 HTTP/1.1" 200 22
114.84.38.109 - - [15/Dec/2022:11:57:39 +0800] "GET /xingrg/all/function/internal_message.html?_=1671076692287&CODE_STATE=getMsg HTTP/1.1" 200 27
120.253.135.82 - - [15/Dec/2022:11:57:41 +0800] "GET /xingrg/all/function/internal_message.html?_=1671076487063&CODE_STATE=getMsg HTTP/1.1" 200 27
116.237.75.219 - - [15/Dec/2022:11:57:41 +0800] "POST /xingrg/dwr/call/plaincall/AjaxQqpsService.getMaterielByCode.dwr HTTP/1.1" 200 2725
120.253.135.82 - - [15/Dec/2022:11:57:43 +0800] "GET /xingrg/kc/buy/cgsh_order_operate.html?command=get_materiel&rest_code=00101&code=00101019514&supplier_code=00100100&order_time=2022-12-15 HTTP/1.1" 200 467
116.237.75.219 - - [15/Dec/2022:11:57:44 +0800] "POST /xingrg/dwr/call/plaincall/AjaxQqpsService.saveMaterielItem.dwr HTTP/1.1" 200 78
114.88.159.190 - - [15/Dec/2022:11:57:45 +0800] "GET /xingrg/all/function/internal_message.html?_=1671076277472&CODE_STATE=getMsg HTTP/1.1" 200 27
120.253.135.82 - - [15/Dec/2022:11:57:46 +0800] "POST /xingrg/all/common/load_select.html HTTP/1.1" 200 25
180.169.147.146 - - [15/Dec/2022:11:57:47 +0800] "GET /xingrg/all/function/internal_message.html?_=1671076686414&CODE_STATE=getMsg HTTP/1.1" 200 27
114.84.81.136 - - [15/Dec/2022:11:57:50 +0800] "GET /xingrg/all/function/internal_message.html?_=1671076689646&CODE_STATE=getMsg HTTP/1.1" 200 27
120.253.135.82 - - [15/Dec/2022:11:57:50 +0800] "GET /xingrg/kc/buy/cgsh_order_operate.html?command=get_materiel_price&rest_code=00101&code=00101019514&unit_code=00100157&supplier_code=00100100&order_time=2022-12-15 HTTP/1.1" 200 30
101.80.228.88 - - [15/Dec/2022:11:57:50 +0800] "GET /xingrg/all/function/internal_message.html?_=1671076690111&CODE_STATE=getMsg HTTP/1.1" 200 27
116.192.124.172 - - [15/Dec/2022:11:57:50 +0800] "GET /xingrg/all/function/internal_message.html?_=1671076708911&CODE_STATE=getMsg HTTP/1.1" 200 27
222.70.177.10 - - [15/Dec/2022:11:57:51 +0800] "GET /xingrg/kc/buy/cgsh_order_operate.html?command=get_materiel&rest_code=00111&code=00101010053&supplier_code=00100430&order_time=2022-12-15 HTTP/1.1" 200 416
116.237.75.219 - - [15/Dec/2022:11:57:53 +0800] "POST /xingrg/dwr/call/plaincall/AjaxQqpsService.getMaterielByCode.dwr HTTP/1.1" 200 2666
222.70.177.10 - - [15/Dec/2022:11:57:54 +0800] "GET /xingrg/all/function/internal_message.html?_=1671076691671&CODE_STATE=getMsg HTTP/1.1" 200 27
222.70.177.10 - - [15/Dec/2022:11:57:54 +0800] "GET /xingrg/check_reg.html?_=1671076691670 HTTP/1.1" 200 22
116.237.75.219 - - [15/Dec/2022:11:57:56 +0800] "POST /xingrg/dwr/call/plaincall/AjaxQqpsService.saveMaterielItem.dwr HTTP/1.1" 200 78
116.237.75.219 - - [15/Dec/2022:11:57:58 +0800] "GET /xingrg/all/function/internal_message.html?_=1671076698870&CODE_STATE=getMsg HTTP/1.1" 200 27
116.238.139.35 - - [15/Dec/2022:11:58:01 +0800] "GET /xingrg/check_reg.html?_=1671076701892 HTTP/1.1" 200 22
116.238.139.35 - - [15/Dec/2022:11:58:01 +0800] "GET /xingrg/all/function/internal_message.html?_=1671076701895&CODE_STATE=getMsg HTTP/1.1" 200 27
120.253.135.82 - - [15/Dec/2022:11:58:03 +0800] "GET /xingrg/kc/buy/cgsh_order_operate.html?command=get_materiel&rest_code=00101&code=00101019517&supplier_code=00100100&order_time=2022-12-15 HTTP/1.1" 200 471
120.253.135.82 - - [15/Dec/2022:11:58:04 +0800] "POST /xingrg/all/common/load_select.html HTTP/1.1" 200 25
124.79.245.154 - - [15/Dec/2022:11:58:08 +0800] "GET /xingrg/all/function/internal_message.html?_=1671076934431&CODE_STATE=getMsg HTTP/1.1" 200 27
120.253.135.82 - - [15/Dec/2022:11:58:08 +0800] "GET /xingrg/kc/buy/cgsh_order_operate.html?command=get_materiel_price&rest_code=00101&code=00101019517&unit_code=00100157&supplier_code=00100100&order_time=2022-12-15 HTTP/1.1" 200 30
114.84.171.155 - - [15/Dec/2022:11:58:08 +0800] "GET /xingrg/all/function/internal_message.html?_=1671076708033&CODE_STATE=getMsg HTTP/1.1" 200 27
116.238.139.35 - - [15/Dec/2022:11:58:13 +0800] "GET /xingrg/all/function/internal_message.html?_=1671076646323&CODE_STATE=getMsg HTTP/1.1" 200 27
114.83.222.182 - - [15/Dec/2022:11:58:14 +0800] "GET /xingrg/all/function/internal_message.html?_=1671076774954&CODE_STATE=getMsg HTTP/1.1" 200 27
116.237.75.219 - - [15/Dec/2022:11:58:17 +0800] "POST /xingrg/dwr/call/plaincall/AjaxQqpsService.getMaterielByCode.dwr HTTP/1.1" 200 2679
116.237.75.219 - - [15/Dec/2022:11:58:21 +0800] "POST /xingrg/dwr/call/plaincall/AjaxQqpsService.saveMaterielItem.dwr HTTP/1.1" 200 78
180.165.52.19 - - [15/Dec/2022:11:58:23 +0800] "GET /xingrg/all/function/internal_message.html?_=1671076717950&CODE_STATE=getMsg HTTP/1.1" 200 27
180.169.147.146 - - [15/Dec/2022:11:58:26 +0800] "GET /xingrg/all/function/internal_message.html?_=1671076723899&CODE_STATE=getMsg HTTP/1.1" 200 27
114.83.220.141 - - [15/Dec/2022:11:58:26 +0800] "GET /xingrg/all/function/internal_message.html?_=1671076724777&CODE_STATE=getMsg HTTP/1.1" 200 27
116.230.105.139 - - [15/Dec/2022:11:58:27 +0800] "GET /xingrg/all/function/internal_message.html?_=1671076726636&CODE_STATE=getMsg HTTP/1.1" 200 27
101.83.146.103 - - [15/Dec/2022:11:58:29 +0800] "GET /xingrg/all/function/internal_message.html?_=1671076576139&CODE_STATE=getMsg HTTP/1.1" 200 27
114.84.81.136 - - [15/Dec/2022:11:58:32 +0800] "GET /xingrg/all/function/internal_message.html?_=1671076731545&CODE_STATE=getMsg HTTP/1.1" 200 27
116.230.105.139 - - [15/Dec/2022:11:58:37 +0800] "GET /xingrg/all/function/internal_message.html?_=1671076728618&CODE_STATE=getMsg HTTP/1.1" 200 27
114.84.38.109 - - [15/Dec/2022:11:58:39 +0800] "GET /xingrg/all/function/internal_message.html?_=1671076752907&CODE_STATE=getMsg HTTP/1.1" 200 27
120.253.135.82 - - [15/Dec/2022:11:58:41 +0800] "POST /xingrg/kc/buy/cgsh_order_operate.html HTTP/1.1" 200 37
120.253.135.82 - - [15/Dec/2022:11:58:42 +0800] "POST /xingrg/kc/buy/cgsh_order_operate.html HTTP/1.1" 200 13965
120.253.135.82 - - [15/Dec/2022:11:58:44 +0800] "GET /xingrg/all/function/internal_message.html?_=1671076549869&CODE_STATE=getMsg HTTP/1.1" 200 27
120.253.135.82 - - [15/Dec/2022:11:58:44 +0800] "GET /xingrg/kc/print/load_config.html?kc_code=cgsh HTTP/1.1" 200 1943
120.253.135.82 - - [15/Dec/2022:11:58:45 +0800] "GET /xingrg/kc/print/load_data.html?order_code=212022121504348&kc_code=cgsh&condition= HTTP/1.1" 200 5370
114.88.159.190 - - [15/Dec/2022:11:58:45 +0800] "GET /xingrg/check_reg.html?_=1671076337467 HTTP/1.1" 200 22
114.88.159.190 - - [15/Dec/2022:11:58:45 +0800] "GET /xingrg/all/function/internal_message.html?_=1671076337468&CODE_STATE=getMsg HTTP/1.1" 200 27
114.84.38.109 - - [15/Dec/2022:11:58:45 +0800] "GET /xingrg/check_reg.html?_=1671076758882 HTTP/1.1" 200 22
180.169.147.146 - - [15/Dec/2022:11:58:47 +0800] "GET /xingrg/all/function/internal_message.html?_=1671076746423&CODE_STATE=getMsg HTTP/1.1" 200 27
116.237.75.219 - - [15/Dec/2022:11:58:49 +0800] "POST /xingrg/dwr/call/plaincall/AjaxQqpsService.getMaterielByCode.dwr HTTP/1.1" 200 2716
114.84.81.136 - - [15/Dec/2022:11:58:50 +0800] "GET /xingrg/check_reg.html?_=1671076749644 HTTP/1.1" 200 22
114.84.81.136 - - [15/Dec/2022:11:58:50 +0800] "GET /xingrg/all/function/internal_message.html?_=1671076749648&CODE_STATE=getMsg HTTP/1.1" 200 27
101.80.228.88 - - [15/Dec/2022:11:58:50 +0800] "GET /xingrg/all/function/internal_message.html?_=1671076750105&CODE_STATE=getMsg HTTP/1.1" 200 27
116.192.124.172 - - [15/Dec/2022:11:58:50 +0800] "GET /xingrg/all/function/internal_message.html?_=1671076768898&CODE_STATE=getMsg HTTP/1.1" 200 27
222.70.177.10 - - [15/Dec/2022:11:58:54 +0800] "GET /xingrg/all/function/internal_message.html?_=1671076751678&CODE_STATE=getMsg HTTP/1.1" 200 27
116.230.105.139 - - [15/Dec/2022:11:58:55 +0800] "GET /xingrg/javascript/jquery_tools/images/next.gif HTTP/1.1" 404 1086
116.230.105.139 - - [15/Dec/2022:11:58:55 +0800] "GET /xingrg/javascript/jquery_tools/images/prev.gif HTTP/1.1" 404 1086
116.237.75.219 - - [15/Dec/2022:11:58:56 +0800] "POST /xingrg/dwr/call/plaincall/AjaxQqpsService.removeMaterielItem.dwr HTTP/1.1" 200 79
116.237.75.219 - - [15/Dec/2022:11:58:58 +0800] "GET /xingrg/all/function/internal_message.html?_=1671076758859&CODE_STATE=getMsg HTTP/1.1" 200 27
116.238.139.35 - - [15/Dec/2022:11:59:01 +0800] "GET /xingrg/all/function/internal_message.html?_=1671076761897&CODE_STATE=getMsg HTTP/1.1" 200 27
116.230.105.139 - - [15/Dec/2022:11:59:01 +0800] "GET /xingrg/javascript/auto/indicator.gif HTTP/1.1" 404 1066
116.230.105.139 - - [15/Dec/2022:11:59:07 +0800] "POST /xingrg/kc/buy/cgsh_list_operate.html HTTP/1.1" 200 986
124.79.245.154 - - [15/Dec/2022:11:59:08 +0800] "GET /xingrg/all/function/internal_message.html?_=1671076994429&CODE_STATE=getMsg HTTP/1.1" 200 27
114.84.171.155 - - [15/Dec/2022:11:59:09 +0800] "GET /xingrg/all/function/internal_message.html?_=1671076768033&CODE_STATE=getMsg HTTP/1.1" 200 27
116.238.139.35 - - [15/Dec/2022:11:59:13 +0800] "GET /xingrg/all/function/internal_message.html?_=1671076706348&CODE_STATE=getMsg HTTP/1.1" 200 27
114.83.222.182 - - [15/Dec/2022:11:59:14 +0800] "GET /xingrg/all/function/internal_message.html?_=1671076834938&CODE_STATE=getMsg HTTP/1.1" 200 27
222.70.177.10 - - [15/Dec/2022:11:59:20 +0800] "GET /xingrg/kc/buy/cgsh_order_operate.html?command=get_materiel&rest_code=00111&code=00101001138&supplier_code=00100430&order_time=2022-12-15 HTTP/1.1" 200 415
116.237.75.219 - - [15/Dec/2022:11:59:22 +0800] "POST /xingrg/dwr/call/plaincall/AjaxQqpsService.getMaterielByCode.dwr HTTP/1.1" 200 2667
180.165.52.19 - - [15/Dec/2022:11:59:23 +0800] "GET /xingrg/all/function/internal_message.html?_=1671076777939&CODE_STATE=getMsg HTTP/1.1" 200 27
180.165.52.19 - - [15/Dec/2022:11:59:23 +0800] "GET /xingrg/check_reg.html?_=1671076777941 HTTP/1.1" 200 22
116.237.75.219 - - [15/Dec/2022:11:59:25 +0800] "POST /xingrg/dwr/call/plaincall/AjaxQqpsService.saveMaterielItem.dwr HTTP/1.1" 200 79
180.169.147.146 - - [15/Dec/2022:11:59:26 +0800] "GET /xingrg/all/function/internal_message.html?_=1671076783875&CODE_STATE=getMsg HTTP/1.1" 200 27
114.83.220.141 - - [15/Dec/2022:11:59:26 +0800] "GET /xingrg/all/function/internal_message.html?_=1671076784769&CODE_STATE=getMsg HTTP/1.1" 200 27
180.169.147.146 - - [15/Dec/2022:11:59:27 +0800] "GET /xingrg/check_reg.html?_=1671076784795 HTTP/1.1" 200 22
116.230.105.139 - - [15/Dec/2022:11:59:27 +0800] "GET /xingrg/all/function/internal_message.html?_=1671076786642&CODE_STATE=getMsg HTTP/1.1" 200 27
101.83.146.103 - - [15/Dec/2022:11:59:29 +0800] "GET /xingrg/all/function/internal_message.html?_=1671076636138&CODE_STATE=getMsg HTTP/1.1" 200 27
114.84.81.136 - - [15/Dec/2022:11:59:32 +0800] "GET /xingrg/all/function/internal_message.html?_=1671076791543&CODE_STATE=getMsg HTTP/1.1" 200 27
116.230.105.139 - - [15/Dec/2022:11:59:37 +0800] "GET /xingrg/all/function/internal_message.html?_=1671076788623&CODE_STATE=getMsg HTTP/1.1" 200 27
114.84.38.109 - - [15/Dec/2022:11:59:39 +0800] "GET /xingrg/all/function/internal_message.html?_=1671076812920&CODE_STATE=getMsg HTTP/1.1" 200 27
120.253.135.82 - - [15/Dec/2022:11:59:41 +0800] "GET /xingrg/check_reg.html?_=1671076606765 HTTP/1.1" 200 22
120.253.135.82 - - [15/Dec/2022:11:59:44 +0800] "GET /xingrg/all/function/internal_message.html?_=1671076609906&CODE_STATE=getMsg HTTP/1.1" 200 27
180.169.147.146 - - [15/Dec/2022:11:59:47 +0800] "GET /xingrg/all/function/internal_message.html?_=1671076806433&CODE_STATE=getMsg HTTP/1.1" 200 27
114.84.81.136 - - [15/Dec/2022:11:59:50 +0800] "GET /xingrg/all/function/internal_message.html?_=1671076809646&CODE_STATE=getMsg HTTP/1.1" 200 27
101.80.228.88 - - [15/Dec/2022:11:59:50 +0800] "GET /xingrg/all/function/internal_message.html?_=1671076810110&CODE_STATE=getMsg HTTP/1.1" 200 27
116.192.124.172 - - [15/Dec/2022:11:59:50 +0800] "GET /xingrg/all/function/internal_message.html?_=1671076828884&CODE_STATE=getMsg HTTP/1.1" 200 27
116.237.75.219 - - [15/Dec/2022:11:59:51 +0800] "POST /xingrg/dwr/call/plaincall/AjaxQqpsService.getMaterielByCode.dwr HTTP/1.1" 200 2743
222.70.177.10 - - [15/Dec/2022:11:59:54 +0800] "GET /xingrg/all/function/internal_message.html?_=1671076811669&CODE_STATE=getMsg HTTP/1.1" 200 27
222.70.177.10 - - [15/Dec/2022:11:59:56 +0800] "POST /xingrg/kc/buy/cgsh_order_operate.html HTTP/1.1" 200 37
116.237.75.219 - - [15/Dec/2022:11:59:57 +0800] "POST /xingrg/dwr/call/plaincall/AjaxQqpsService.saveMaterielItem.dwr HTTP/1.1" 200 79
116.237.75.219 - - [15/Dec/2022:11:59:58 +0800] "GET /xingrg/check_reg.html?_=1671076818856 HTTP/1.1" 200 22
116.237.75.219 - - [15/Dec/2022:11:59:58 +0800] "GET /xingrg/all/function/internal_message.html?_=1671076818859&CODE_STATE=getMsg HTTP/1.1" 200 27
116.238.139.35 - - [15/Dec/2022:12:00:01 +0800] "GET /xingrg/all/function/internal_message.html?_=1671076821884&CODE_STATE=getMsg HTTP/1.1" 200 27
222.70.177.10 - - [15/Dec/2022:12:00:01 +0800] "POST /xingrg/kc/buy/cgsh_order_operate.html HTTP/1.1" 200 3259
116.230.105.139 - - [15/Dec/2022:12:00:03 +0800] "POST /xingrg/kc/buy/cgsh_list_operate.html HTTP/1.1" 200 986
222.70.177.10 - - [15/Dec/2022:12:00:03 +0800] "GET /xingrg/kc/print/load_data.html?order_code=212022121504355&kc_code=cgsh&condition= HTTP/1.1" 200 885
114.88.159.190 - - [15/Dec/2022:12:00:04 +0800] "GET /xingrg/all/function/internal_message.html?_=1671076397462&CODE_STATE=getMsg HTTP/1.1" 200 27
116.230.105.139 - - [15/Dec/2022:12:00:05 +0800] "GET /xingrg/javascript/easyui/themes/default/tree.css HTTP/1.1" 404 1090
116.230.105.139 - - [15/Dec/2022:12:00:05 +0800] "POST /xingrg/all/common/load_tree.html?tree=supplier_tree_json&manage=1 HTTP/1.1" 200 72065
124.79.245.154 - - [15/Dec/2022:12:00:08 +0800] "GET /xingrg/all/function/internal_message.html?_=1671077054427&CODE_STATE=getMsg HTTP/1.1" 200 27
114.84.171.155 - - [15/Dec/2022:12:00:09 +0800] "GET /xingrg/all/function/internal_message.html?_=1671076828034&CODE_STATE=getMsg HTTP/1.1" 200 27
222.70.177.10 - - [15/Dec/2022:12:00:09 +0800] "GET /xingrg/kc/buy/cgsh_order_add.html HTTP/1.1" 200 69753
116.237.75.219 - - [15/Dec/2022:12:00:09 +0800] "POST /xingrg/dwr/call/plaincall/AjaxQqpsService.getMaterielByCode.dwr HTTP/1.1" 200 2661
222.70.177.10 - - [15/Dec/2022:12:00:10 +0800] "GET /xingrg/javascript/easyui/themes/default/validatebox.css HTTP/1.1" 404 1104
222.70.177.10 - - [15/Dec/2022:12:00:10 +0800] "POST /xingrg/kc/buy/cgsh_order_operate.html HTTP/1.1" 200 8245
116.237.75.219 - - [15/Dec/2022:12:00:12 +0800] "POST /xingrg/dwr/call/plaincall/AjaxQqpsService.saveMaterielItem.dwr HTTP/1.1" 200 79
116.238.139.35 - - [15/Dec/2022:12:00:13 +0800] "GET /xingrg/all/function/internal_message.html?_=1671076766365&CODE_STATE=getMsg HTTP/1.1" 200 27
114.83.222.182 - - [15/Dec/2022:12:00:14 +0800] "GET /xingrg/all/function/internal_message.html?_=1671076894953&CODE_STATE=getMsg HTTP/1.1" 200 27
116.230.105.139 - - [15/Dec/2022:12:00:18 +0800] "POST /xingrg/kc/buy/cgsh_list_operate.html HTTP/1.1" 200 6271
180.165.52.19 - - [15/Dec/2022:12:00:23 +0800] "GET /xingrg/all/function/internal_message.html?_=1671076837954&CODE_STATE=getMsg HTTP/1.1" 200 27
180.169.147.146 - - [15/Dec/2022:12:00:26 +0800] "GET /xingrg/all/function/internal_message.html?_=1671076843854&CODE_STATE=getMsg HTTP/1.1" 200 27
222.70.177.10 - - [15/Dec/2022:12:00:26 +0800] "GET /xingrg/kc/buy/cgsh_order_operate.html?command=get_materiel&rest_code=00111&code=00101013222&supplier_code=00100337&order_time=2022-12-15 HTTP/1.1" 200 428
114.83.220.141 - - [15/Dec/2022:12:00:26 +0800] "GET /xingrg/all/function/internal_message.html?_=1671076844758&CODE_STATE=getMsg HTTP/1.1" 200 27
116.237.75.219 - - [15/Dec/2022:12:00:27 +0800] "POST /xingrg/dwr/call/plaincall/AjaxQqpsService.saveOrder.dwr HTTP/1.1" 200 79
116.230.105.139 - - [15/Dec/2022:12:00:27 +0800] "GET /xingrg/all/function/internal_message.html?_=1671076846655&CODE_STATE=getMsg HTTP/1.1" 200 27
116.230.105.139 - - [15/Dec/2022:12:00:27 +0800] "POST /xingrg/kc/buy/cgsh_list_operate.html HTTP/1.1" 200 9819
101.83.146.103 - - [15/Dec/2022:12:00:29 +0800] "GET /xingrg/all/function/internal_message.html?_=1671076696138&CODE_STATE=getMsg HTTP/1.1" 200 27
114.84.81.136 - - [15/Dec/2022:12:00:32 +0800] "GET /xingrg/all/function/internal_message.html?_=1671076851541&CODE_STATE=getMsg HTTP/1.1" 200 27
116.237.75.219 - - [15/Dec/2022:12:00:32 +0800] "GET /xingrg/kc/mdqp/qqps_order_list.html?isBack=1 HTTP/1.1" 200 10419
116.237.75.219 - - [15/Dec/2022:12:00:32 +0800] "GET /xingrg/dwr/interface/AjaxReportQueryService.js HTTP/1.1" 200 13203
116.237.75.219 - - [15/Dec/2022:12:00:32 +0800] "GET /xingrg/dwr/interface/AjaxQqpsService.js HTTP/1.1" 200 16326
116.237.75.219 - - [15/Dec/2022:12:00:32 +0800] "GET /xingrg/dwr/engine.js HTTP/1.1" 200 43631
116.230.105.139 - - [15/Dec/2022:12:00:37 +0800] "GET /xingrg/all/function/internal_message.html?_=1671076848611&CODE_STATE=getMsg HTTP/1.1" 200 27
114.84.38.109 - - [15/Dec/2022:12:00:39 +0800] "GET /xingrg/all/function/internal_message.html?_=1671076872934&CODE_STATE=getMsg HTTP/1.1" 200 27
222.70.177.10 - - [15/Dec/2022:12:00:40 +0800] "POST /xingrg/kc/buy/cgsh_order_operate.html HTTP/1.1" 200 37
222.70.177.10 - - [15/Dec/2022:12:00:41 +0800] "POST /xingrg/kc/buy/cgsh_order_operate.html HTTP/1.1" 200 2653
222.70.177.10 - - [15/Dec/2022:12:00:43 +0800] "GET /xingrg/kc/print/load_data.html?order_code=212022121504356&kc_code=cgsh&condition= HTTP/1.1" 200 669
120.253.135.82 - - [15/Dec/2022:12:00:44 +0800] "GET /xingrg/all/function/internal_message.html?_=1671076669912&CODE_STATE=getMsg HTTP/1.1" 200 27
114.88.159.190 - - [15/Dec/2022:12:00:45 +0800] "GET /xingrg/all/function/internal_message.html?_=1671076457475&CODE_STATE=getMsg HTTP/1.1" 200 27
180.169.147.146 - - [15/Dec/2022:12:00:47 +0800] "GET /xingrg/all/function/internal_message.html?_=1671076866437&CODE_STATE=getMsg HTTP/1.1" 200 27
114.84.81.136 - - [15/Dec/2022:12:00:50 +0800] "GET /xingrg/all/function/internal_message.html?_=1671076869644&CODE_STATE=getMsg HTTP/1.1" 200 27
101.80.228.88 - - [15/Dec/2022:12:00:50 +0800] "GET /xingrg/all/function/internal_message.html?_=1671076870112&CODE_STATE=getMsg HTTP/1.1" 200 27
116.192.124.172 - - [15/Dec/2022:12:00:50 +0800] "GET /xingrg/all/function/internal_message.html?_=1671076888869&CODE_STATE=getMsg HTTP/1.1" 200 27
116.192.124.172 - - [15/Dec/2022:12:00:51 +0800] "GET /xingrg/check_reg.html?_=1671076889169 HTTP/1.1" 200 22
222.70.177.10 - - [15/Dec/2022:12:00:54 +0800] "GET /xingrg/all/function/internal_message.html?_=1671076871676&CODE_STATE=getMsg HTTP/1.1" 200 27
116.237.75.219 - - [15/Dec/2022:12:00:58 +0800] "GET /xingrg/all/function/internal_message.html?_=1671076878866&CODE_STATE=getMsg HTTP/1.1" 200 27
116.238.139.35 - - [15/Dec/2022:12:01:01 +0800] "GET /xingrg/all/function/internal_message.html?_=1671076881890&CODE_STATE=getMsg HTTP/1.1" 200 27
124.79.245.154 - - [15/Dec/2022:12:01:08 +0800] "GET /xingrg/check_reg.html?_=1671077114428 HTTP/1.1" 200 22
124.79.245.154 - - [15/Dec/2022:12:01:08 +0800] "GET /xingrg/all/function/internal_message.html?_=1671077114427&CODE_STATE=getMsg HTTP/1.1" 200 27
114.84.171.155 - - [15/Dec/2022:12:01:09 +0800] "GET /xingrg/all/function/internal_message.html?_=1671076888040&CODE_STATE=getMsg HTTP/1.1" 200 27
116.238.139.35 - - [15/Dec/2022:12:01:13 +0800] "GET /xingrg/all/function/internal_message.html?_=1671076826391&CODE_STATE=getMsg HTTP/1.1" 200 27
114.83.222.182 - - [15/Dec/2022:12:01:14 +0800] "GET /xingrg/all/function/internal_message.html?_=1671076954945&CODE_STATE=getMsg HTTP/1.1" 200 27
180.165.52.19 - - [15/Dec/2022:12:01:23 +0800] "GET /xingrg/all/function/internal_message.html?_=1671076897945&CODE_STATE=getMsg HTTP/1.1" 200 27
180.169.147.146 - - [15/Dec/2022:12:01:26 +0800] "GET /xingrg/all/function/internal_message.html?_=1671076903825&CODE_STATE=getMsg HTTP/1.1" 200 27
114.83.220.141 - - [15/Dec/2022:12:01:26 +0800] "GET /xingrg/all/function/internal_message.html?_=1671076904732&CODE_STATE=getMsg HTTP/1.1" 200 27
116.230.105.139 - - [15/Dec/2022:12:01:27 +0800] "GET /xingrg/all/function/internal_message.html?_=1671076906635&CODE_STATE=getMsg HTTP/1.1" 200 27
101.83.146.103 - - [15/Dec/2022:12:01:29 +0800] "GET /xingrg/all/function/internal_message.html?_=1671076756138&CODE_STATE=getMsg HTTP/1.1" 200 27
114.84.81.136 - - [15/Dec/2022:12:01:32 +0800] "GET /xingrg/all/function/internal_message.html?_=1671076911533&CODE_STATE=getMsg HTTP/1.1" 200 27
116.230.105.139 - - [15/Dec/2022:12:01:37 +0800] "GET /xingrg/all/function/internal_message.html?_=1671076908623&CODE_STATE=getMsg HTTP/1.1" 200 27
114.84.38.109 - - [15/Dec/2022:12:01:40 +0800] "GET /xingrg/all/function/internal_message.html?_=1671076933762&CODE_STATE=getMsg HTTP/1.1" 200 27
120.253.135.82 - - [15/Dec/2022:12:01:44 +0800] "GET /xingrg/all/function/internal_message.html?_=1671076730032&CODE_STATE=getMsg HTTP/1.1" 200 27
114.88.159.190 - - [15/Dec/2022:12:01:45 +0800] "GET /xingrg/all/function/internal_message.html?_=1671076517472&CODE_STATE=getMsg HTTP/1.1" 200 27
180.169.147.146 - - [15/Dec/2022:12:01:47 +0800] "GET /xingrg/check_reg.html?_=1671076926439 HTTP/1.1" 200 22
180.169.147.146 - - [15/Dec/2022:12:01:47 +0800] "GET /xingrg/all/function/internal_message.html?_=1671076926437&CODE_STATE=getMsg HTTP/1.1" 200 27
114.84.81.136 - - [15/Dec/2022:12:01:50 +0800] "GET /xingrg/all/function/internal_message.html?_=1671076929643&CODE_STATE=getMsg HTTP/1.1" 200 27
101.80.228.88 - - [15/Dec/2022:12:01:50 +0800] "GET /xingrg/all/function/internal_message.html?_=1671076930107&CODE_STATE=getMsg HTTP/1.1" 200 27
101.80.228.88 - - [15/Dec/2022:12:01:50 +0800] "GET /xingrg/check_reg.html?_=1671076930109 HTTP/1.1" 200 22
116.192.124.172 - - [15/Dec/2022:12:01:50 +0800] "GET /xingrg/all/function/internal_message.html?_=1671076948857&CODE_STATE=getMsg HTTP/1.1" 200 27
222.70.177.10 - - [15/Dec/2022:12:01:54 +0800] "GET /xingrg/all/function/internal_message.html?_=1671076931677&CODE_STATE=getMsg HTTP/1.1" 200 27
116.237.75.219 - - [15/Dec/2022:12:01:58 +0800] "GET /xingrg/all/function/internal_message.html?_=1671076938867&CODE_STATE=getMsg HTTP/1.1" 200 27
116.238.139.35 - - [15/Dec/2022:12:02:00 +0800] "GET /xingrg/check_reg.html?_=1671076873620 HTTP/1.1" 200 22
116.238.139.35 - - [15/Dec/2022:12:02:01 +0800] "GET /xingrg/all/function/internal_message.html?_=1671076941893&CODE_STATE=getMsg HTTP/1.1" 200 27
124.79.245.154 - - [15/Dec/2022:12:02:08 +0800] "GET /xingrg/all/function/internal_message.html?_=1671077174426&CODE_STATE=getMsg HTTP/1.1" 200 27
114.84.171.155 - - [15/Dec/2022:12:02:09 +0800] "GET /xingrg/check_reg.html?_=1671076948023 HTTP/1.1" 200 22
114.84.171.155 - - [15/Dec/2022:12:02:09 +0800] "GET /xingrg/all/function/internal_message.html?_=1671076948026&CODE_STATE=getMsg HTTP/1.1" 200 27
120.253.135.82 - - [15/Dec/2022:12:02:12 +0800] "POST /xingrg/kc/buy/cgsh_order_operate.html HTTP/1.1" 200 37
116.238.139.35 - - [15/Dec/2022:12:02:13 +0800] "GET /xingrg/all/function/internal_message.html?_=1671076886408&CODE_STATE=getMsg HTTP/1.1" 200 27
114.83.222.182 - - [15/Dec/2022:12:02:14 +0800] "GET /xingrg/check_reg.html?_=1671077014946 HTTP/1.1" 200 22
114.83.222.182 - - [15/Dec/2022:12:02:14 +0800] "GET /xingrg/all/function/internal_message.html?_=1671077014950&CODE_STATE=getMsg HTTP/1.1" 200 27
120.253.135.82 - - [15/Dec/2022:12:02:21 +0800] "POST /xingrg/kc/buy/cgsh_order_operate.html HTTP/1.1" 200 12
120.253.135.82 - - [15/Dec/2022:12:02:22 +0800] "GET /xingrg/kc/buy/cgsh_order_info.html?code=212022121504348 HTTP/1.1" 200 63767
180.165.52.19 - - [15/Dec/2022:12:02:23 +0800] "GET /xingrg/all/function/internal_message.html?_=1671076957946&CODE_STATE=getMsg HTTP/1.1" 200 27
120.253.135.82 - - [15/Dec/2022:12:02:23 +0800] "GET /xingrg/javascript/easyui/themes/default/validatebox.css HTTP/1.1" 404 1104
120.253.135.82 - - [15/Dec/2022:12:02:24 +0800] "POST /xingrg/kc/buy/cgsh_order_operate.html HTTP/1.1" 200 11909
180.169.147.146 - - [15/Dec/2022:12:02:26 +0800] "GET /xingrg/all/function/internal_message.html?_=1671076963796&CODE_STATE=getMsg HTTP/1.1" 200 27
114.83.220.141 - - [15/Dec/2022:12:02:26 +0800] "GET /xingrg/all/function/internal_message.html?_=1671076964706&CODE_STATE=getMsg HTTP/1.1" 200 27
120.253.135.82 - - [15/Dec/2022:12:02:27 +0800] "GET /xingrg/kc/buy/cgsh_order_add.html HTTP/1.1" 200 68860
116.230.105.139 - - [15/Dec/2022:12:02:27 +0800] "GET /xingrg/check_reg.html?_=1671076966644 HTTP/1.1" 200 22
116.230.105.139 - - [15/Dec/2022:12:02:27 +0800] "GET /xingrg/all/function/internal_message.html?_=1671076966648&CODE_STATE=getMsg HTTP/1.1" 200 27
120.253.135.82 - - [15/Dec/2022:12:02:27 +0800] "POST /xingrg/kc/buy/cgsh_order_operate.html HTTP/1.1" 200 8245
120.253.135.82 - - [15/Dec/2022:12:02:28 +0800] "GET /xingrg/javascript/easyui/themes/default/validatebox.css HTTP/1.1" 404 1104
114.83.220.141 - - [15/Dec/2022:12:02:28 +0800] "GET /xingrg/check_reg.html?_=1671076966681 HTTP/1.1" 200 22
101.83.146.103 - - [15/Dec/2022:12:02:29 +0800] "GET /xingrg/check_reg.html?_=1671076816138 HTTP/1.1" 200 22
101.83.146.103 - - [15/Dec/2022:12:02:29 +0800] "GET /xingrg/all/function/internal_message.html?_=1671076816141&CODE_STATE=getMsg HTTP/1.1" 200 27
114.84.81.136 - - [15/Dec/2022:12:02:32 +0800] "GET /xingrg/all/function/internal_message.html?_=1671076971551&CODE_STATE=getMsg HTTP/1.1" 200 27
114.84.81.136 - - [15/Dec/2022:12:02:32 +0800] "GET /xingrg/check_reg.html?_=1671076971554 HTTP/1.1" 200 22
120.253.135.82 - - [15/Dec/2022:12:02:35 +0800] "POST /xingrg/all/common/load_combo.html?type=employee HTTP/1.1" 200 1752
116.230.105.139 - - [15/Dec/2022:12:02:37 +0800] "GET /xingrg/all/function/internal_message.html?_=1671076968611&CODE_STATE=getMsg HTTP/1.1" 200 27
116.230.105.139 - - [15/Dec/2022:12:02:37 +0800] "GET /xingrg/check_reg.html?_=1671076968613 HTTP/1.1" 200 22
114.84.38.109 - - [15/Dec/2022:12:02:40 +0800] "GET /xingrg/all/function/internal_message.html?_=1671076993772&CODE_STATE=getMsg HTTP/1.1" 200 27
120.253.135.82 - - [15/Dec/2022:12:02:44 +0800] "GET /xingrg/all/function/internal_message.html?_=1671076790033&CODE_STATE=getMsg HTTP/1.1" 200 27
120.253.135.82 - - [15/Dec/2022:12:02:45 +0800] "GET /xingrg/kc/buy/cgsh_order_operate.html?command=get_materiel&rest_code=00101&code=00101013193&supplier_code=00100111&order_time=2022-12-15 HTTP/1.1" 200 445
114.88.159.190 - - [15/Dec/2022:12:02:45 +0800] "GET /xingrg/all/function/internal_message.html?_=1671076577472&CODE_STATE=getMsg HTTP/1.1" 200 27
180.169.147.146 - - [15/Dec/2022:12:02:47 +0800] "GET /xingrg/all/function/internal_message.html?_=1671076986459&CODE_STATE=getMsg HTTP/1.1" 200 27
114.84.81.136 - - [15/Dec/2022:12:02:50 +0800] "GET /xingrg/all/function/internal_message.html?_=1671076989641&CODE_STATE=getMsg HTTP/1.1" 200 27
116.192.124.172 - - [15/Dec/2022:12:02:50 +0800] "GET /xingrg/all/function/internal_message.html?_=1671077008830&CODE_STATE=getMsg HTTP/1.1" 200 27
101.80.228.88 - - [15/Dec/2022:12:02:50 +0800] "GET /xingrg/all/function/internal_message.html?_=1671076990115&CODE_STATE=getMsg HTTP/1.1" 200 27
222.70.177.10 - - [15/Dec/2022:12:02:54 +0800] "GET /xingrg/all/function/internal_message.html?_=1671076991681&CODE_STATE=getMsg HTTP/1.1" 200 27
222.70.177.10 - - [15/Dec/2022:12:02:54 +0800] "GET /xingrg/check_reg.html?_=1671076991678 HTTP/1.1" 200 22
116.237.75.219 - - [15/Dec/2022:12:02:58 +0800] "GET /xingrg/all/function/internal_message.html?_=1671076998868&CODE_STATE=getMsg HTTP/1.1" 200 27
116.238.139.35 - - [15/Dec/2022:12:03:01 +0800] "GET /xingrg/all/function/internal_message.html?_=1671077001892&CODE_STATE=getMsg HTTP/1.1" 200 27
116.238.139.35 - - [15/Dec/2022:12:03:01 +0800] "GET /xingrg/check_reg.html?_=1671077001895 HTTP/1.1" 200 22
120.253.135.82 - - [15/Dec/2022:12:03:01 +0800] "GET /xingrg/kc/buy/cgsh_order_operate.html?command=get_materiel&rest_code=00101&code=00101013100&supplier_code=00100111&order_time=2022-12-15 HTTP/1.1" 200 409
124.79.245.154 - - [15/Dec/2022:12:03:08 +0800] "GET /xingrg/all/function/internal_message.html?_=1671077234425&CODE_STATE=getMsg HTTP/1.1" 200 27
114.84.171.155 - - [15/Dec/2022:12:03:09 +0800] "GET /xingrg/all/function/internal_message.html?_=1671077008026&CODE_STATE=getMsg HTTP/1.1" 200 27
120.253.135.82 - - [15/Dec/2022:12:03:11 +0800] "POST /xingrg/kc/buy/cgsh_order_operate.html HTTP/1.1" 200 37
116.238.139.35 - - [15/Dec/2022:12:03:13 +0800] "GET /xingrg/all/function/internal_message.html?_=1671076946422&CODE_STATE=getMsg HTTP/1.1" 200 27
120.253.135.82 - - [15/Dec/2022:12:03:13 +0800] "POST /xingrg/kc/buy/cgsh_order_operate.html HTTP/1.1" 200 3264
114.83.222.182 - - [15/Dec/2022:12:03:14 +0800] "GET /xingrg/all/function/internal_message.html?_=1671077074937&CODE_STATE=getMsg HTTP/1.1" 200 27
120.253.135.82 - - [15/Dec/2022:12:03:15 +0800] "GET /xingrg/kc/print/load_data.html?order_code=212022121504357&kc_code=cgsh&condition= HTTP/1.1" 200 975
180.165.52.19 - - [15/Dec/2022:12:03:23 +0800] "GET /xingrg/all/function/internal_message.html?_=1671077017950&CODE_STATE=getMsg HTTP/1.1" 200 27
180.169.147.146 - - [15/Dec/2022:12:03:26 +0800] "GET /xingrg/all/function/internal_message.html?_=1671077023781&CODE_STATE=getMsg HTTP/1.1" 200 27
114.83.220.141 - - [15/Dec/2022:12:03:26 +0800] "GET /xingrg/all/function/internal_message.html?_=1671077024688&CODE_STATE=getMsg HTTP/1.1" 200 27
116.230.105.139 - - [15/Dec/2022:12:03:27 +0800] "GET /xingrg/all/function/internal_message.html?_=1671077026635&CODE_STATE=getMsg HTTP/1.1" 200 27
101.83.146.103 - - [15/Dec/2022:12:03:29 +0800] "GET /xingrg/all/function/internal_message.html?_=1671076876128&CODE_STATE=getMsg HTTP/1.1" 200 27
114.84.81.136 - - [15/Dec/2022:12:03:32 +0800] "GET /xingrg/all/function/internal_message.html?_=1671077031544&CODE_STATE=getMsg HTTP/1.1" 200 27
116.230.105.139 - - [15/Dec/2022:12:03:37 +0800] "GET /xingrg/all/function/internal_message.html?_=1671077028625&CODE_STATE=getMsg HTTP/1.1" 200 27
114.84.38.109 - - [15/Dec/2022:12:03:40 +0800] "GET /xingrg/all/function/internal_message.html?_=1671077053786&CODE_STATE=getMsg HTTP/1.1" 200 27
120.253.135.82 - - [15/Dec/2022:12:03:44 +0800] "GET /xingrg/all/function/internal_message.html?_=1671076850047&CODE_STATE=getMsg HTTP/1.1" 200 27
114.88.159.190 - - [15/Dec/2022:12:03:45 +0800] "GET /xingrg/all/function/internal_message.html?_=1671076637473&CODE_STATE=getMsg HTTP/1.1" 200 27
114.88.159.190 - - [15/Dec/2022:12:03:45 +0800] "GET /xingrg/check_reg.html?_=1671076637472 HTTP/1.1" 200 22
114.84.38.109 - - [15/Dec/2022:12:03:45 +0800] "GET /xingrg/check_reg.html?_=1671077058892 HTTP/1.1" 200 22
180.169.147.146 - - [15/Dec/2022:12:03:48 +0800] "GET /xingrg/all/function/internal_message.html?_=1671077046769&CODE_STATE=getMsg HTTP/1.1" 200 27
114.84.81.136 - - [15/Dec/2022:12:03:50 +0800] "GET /xingrg/all/function/internal_message.html?_=1671077049641&CODE_STATE=getMsg HTTP/1.1" 200 27
