114.88.159.190 - - [15/Dec/2022:12:40:02 +0800] "POST /xingrg/kc/base/wldb_order_operate.html HTTP/1.1" 200 37
120.253.135.82 - - [15/Dec/2022:12:40:02 +0800] "GET /xingrg/kc/pszx/mdps_order_info.html?code=312022121500338 HTTP/1.1" 200 19634
114.88.159.190 - - [15/Dec/2022:12:40:03 +0800] "POST /xingrg/kc/base/wldb_order_operate.html HTTP/1.1" 200 4725
120.253.135.82 - - [15/Dec/2022:12:40:03 +0800] "POST /xingrg/kc/pszx/mdps_order_operate.html HTTP/1.1" 200 1040
120.253.135.82 - - [15/Dec/2022:12:40:03 +0800] "GET /xingrg/javascript/easyui/themes/default/validatebox.css HTTP/1.1" 404 1104
116.238.139.35 - - [15/Dec/2022:12:40:03 +0800] "GET /xingrg/all/function/internal_message.html?_=1671079224009&CODE_STATE=getMsg HTTP/1.1" 200 27
114.88.159.190 - - [15/Dec/2022:12:40:03 +0800] "GET /xingrg/kc/base/wldb_order_info.html?code=422022121501211 HTTP/1.1" 200 30405
120.253.135.82 - - [15/Dec/2022:12:40:04 +0800] "POST /xingrg/kc/pszx/mdps_list_operate.html HTTP/1.1" 200 1687
114.88.159.190 - - [15/Dec/2022:12:40:04 +0800] "GET /xingrg/javascript/easyui/themes/default/validatebox.css HTTP/1.1" 404 1104
114.88.159.190 - - [15/Dec/2022:12:40:05 +0800] "POST /xingrg/kc/base/wldb_order_operate.html HTTP/1.1" 200 4725
120.253.135.82 - - [15/Dec/2022:12:40:05 +0800] "POST /xingrg/kc/pszx/mdps_list_operate.html HTTP/1.1" 200 205
120.253.135.82 - - [15/Dec/2022:12:40:05 +0800] "GET /xingrg/kc/pszx/mdps_order_info.html?code=312022121500340 HTTP/1.1" 200 23976
120.253.135.82 - - [15/Dec/2022:12:40:06 +0800] "POST /xingrg/kc/pszx/mdps_order_operate.html HTTP/1.1" 200 2279
120.253.135.82 - - [15/Dec/2022:12:40:06 +0800] "GET /xingrg/javascript/easyui/themes/default/validatebox.css HTTP/1.1" 404 1104
116.230.105.139 - - [15/Dec/2022:12:40:06 +0800] "GET /xingrg/kc/buy/cgsh_order_operate.html?command=get_materiel&rest_code=00155&code=00101009011&supplier_code=00100022&order_time=2022-12-15 HTTP/1.1" 200 416
180.162.115.136 - - [15/Dec/2022:12:40:07 +0800] "GET /xingrg/kc/base/base_main.html HTTP/1.1" 200 12142
180.162.115.136 - - [15/Dec/2022:12:40:07 +0800] "GET /xingrg/images/blue/button/wlsy.gif HTTP/1.1" 304 -
180.162.115.136 - - [15/Dec/2022:12:40:07 +0800] "GET /xingrg/images/blue/button/top_left.jpg HTTP/1.1" 304 -
180.162.115.136 - - [15/Dec/2022:12:40:07 +0800] "GET /xingrg/images/blue/button/ckpd.gif HTTP/1.1" 304 -
180.162.115.136 - - [15/Dec/2022:12:40:07 +0800] "GET /xingrg/images/blue/button/ckdb.gif HTTP/1.1" 304 -
180.162.115.136 - - [15/Dec/2022:12:40:07 +0800] "GET /xingrg/images/blue/button/yddb.gif HTTP/1.1" 304 -
180.162.115.136 - - [15/Dec/2022:12:40:07 +0800] "GET /xingrg/images/blue/button/bottom_right.jpg HTTP/1.1" 304 -
180.162.115.136 - - [15/Dec/2022:12:40:07 +0800] "GET /xingrg/images/blue/button/bottom_left.jpg HTTP/1.1" 304 -
180.162.115.136 - - [15/Dec/2022:12:40:07 +0800] "GET /xingrg/images/blue/button/down.jpg HTTP/1.1" 304 -
180.162.115.136 - - [15/Dec/2022:12:40:07 +0800] "GET /xingrg/images/blue/button/left_ah.jpg HTTP/1.1" 304 -
180.162.115.136 - - [15/Dec/2022:12:40:07 +0800] "GET /xingrg/images/blue/button/top_right.jpg HTTP/1.1" 304 -
124.79.245.154 - - [15/Dec/2022:12:40:08 +0800] "GET /xingrg/all/function/internal_message.html?_=1671079454450&CODE_STATE=getMsg HTTP/1.1" 200 27
180.162.115.136 - - [15/Dec/2022:12:40:08 +0800] "GET /xingrg/kc/base/yddb_order_list.html HTTP/1.1" 200 16713
180.162.115.136 - - [15/Dec/2022:12:40:08 +0800] "POST /xingrg/kc/buy/cgsh_list_operate.html HTTP/1.1" 200 2319
180.162.115.136 - - [15/Dec/2022:12:40:08 +0800] "POST /xingrg/kc/base/yddb_list_operate.html HTTP/1.1" 200 636
114.84.171.155 - - [15/Dec/2022:12:40:09 +0800] "GET /xingrg/all/function/internal_message.html?_=1671079228113&CODE_STATE=getMsg HTTP/1.1" 200 27
120.253.135.82 - - [15/Dec/2022:12:40:10 +0800] "POST /xingrg/kc/pszx/mdps_order_operate.html HTTP/1.1" 200 12
120.253.135.82 - - [15/Dec/2022:12:40:11 +0800] "POST /xingrg/kc/pszx/mdps_list_operate.html HTTP/1.1" 200 868
180.162.115.136 - - [15/Dec/2022:12:40:13 +0800] "POST /xingrg/kc/base/yddb_list_operate.html HTTP/1.1" 200 3188
116.238.139.35 - - [15/Dec/2022:12:40:13 +0800] "GET /xingrg/all/function/internal_message.html?_=1671079167049&CODE_STATE=getMsg HTTP/1.1" 200 27
114.83.222.182 - - [15/Dec/2022:12:40:13 +0800] "GET /xingrg/all/function/internal_message.html?_=1671079294955&CODE_STATE=getMsg HTTP/1.1" 200 27
180.162.115.136 - - [15/Dec/2022:12:40:14 +0800] "POST /xingrg/kc/base/yddb_list_operate.html HTTP/1.1" 200 617
180.162.115.136 - - [15/Dec/2022:12:40:14 +0800] "GET /xingrg/javascript/Calendar.js HTTP/1.1" 304 -
180.162.115.136 - - [15/Dec/2022:12:40:14 +0800] "GET /xingrg/javascript/checkform.js HTTP/1.1" 304 -
180.162.115.136 - - [15/Dec/2022:12:40:14 +0800] "GET /xingrg/javascript/AjaxInfoList.js HTTP/1.1" 304 -
180.162.115.136 - - [15/Dec/2022:12:40:14 +0800] "GET /xingrg/javascript/Grid.js HTTP/1.1" 304 -
180.162.115.136 - - [15/Dec/2022:12:40:14 +0800] "GET /xingrg/kc/base/yddb_order_info.html?code=482022121500077 HTTP/1.1" 200 29900
180.162.115.136 - - [15/Dec/2022:12:40:14 +0800] "GET /xingrg/dwr/interface/AjaxYddbService.js HTTP/1.1" 200 13201
180.162.115.136 - - [15/Dec/2022:12:40:14 +0800] "GET /xingrg/dwr/util.js HTTP/1.1" 200 35990
180.162.115.136 - - [15/Dec/2022:12:40:14 +0800] "GET /xingrg/dwr/interface/AjaxComOrderService.js HTTP/1.1" 200 18264
180.162.115.136 - - [15/Dec/2022:12:40:14 +0800] "GET /xingrg/dwr/engine.js HTTP/1.1" 200 43631
180.162.115.136 - - [15/Dec/2022:12:40:15 +0800] "GET /xingrg/javascript/jquery_easy_ui/themes/default/images/menu_downarrow.png HTTP/1.1" 304 -
180.162.115.136 - - [15/Dec/2022:12:40:15 +0800] "GET /xingrg/javascript/jquery_easy_ui/themes/icons/print.png HTTP/1.1" 304 -
180.162.115.136 - - [15/Dec/2022:12:40:15 +0800] "GET /xingrg/javascript/jquery_easy_ui/themes/icons/check_new.png HTTP/1.1" 304 -
180.162.115.136 - - [15/Dec/2022:12:40:15 +0800] "GET /xingrg/javascript/jquery_easy_ui/themes/icons/edit_add_new.png HTTP/1.1" 304 -
180.162.115.136 - - [15/Dec/2022:12:40:15 +0800] "GET /xingrg/javascript/jquery_easy_ui/themes/icons/back_new.png HTTP/1.1" 304 -
180.162.115.136 - - [15/Dec/2022:12:40:15 +0800] "GET /xingrg/images/blue/wait.gif HTTP/1.1" 304 -
180.162.115.136 - - [15/Dec/2022:12:40:15 +0800] "GET /xingrg/images/blue/kc_tab_right.gif HTTP/1.1" 304 -
180.162.115.136 - - [15/Dec/2022:12:40:15 +0800] "GET /xingrg/images/blue/kc_tab_mid.gif HTTP/1.1" 304 -
180.162.115.136 - - [15/Dec/2022:12:40:15 +0800] "GET /xingrg/images/blue/kc_tab_left.gif HTTP/1.1" 304 -
180.162.115.136 - - [15/Dec/2022:12:40:15 +0800] "POST /xingrg/dwr/call/plaincall/AjaxYddbService.loadMaterielItems.dwr HTTP/1.1" 200 3804
180.169.147.146 - - [15/Dec/2022:12:40:25 +0800] "GET /xingrg/all/function/internal_message.html?_=1671079242990&CODE_STATE=getMsg HTTP/1.1" 200 27
114.83.220.141 - - [15/Dec/2022:12:40:26 +0800] "GET /xingrg/all/function/internal_message.html?_=1671079243997&CODE_STATE=getMsg HTTP/1.1" 200 27
116.230.105.139 - - [15/Dec/2022:12:40:27 +0800] "GET /xingrg/all/function/internal_message.html?_=1671079246652&CODE_STATE=getMsg HTTP/1.1" 200 27
116.230.105.139 - - [15/Dec/2022:12:40:27 +0800] "POST /xingrg/kc/buy/cgsh_order_operate.html HTTP/1.1" 200 37
116.230.105.139 - - [15/Dec/2022:12:40:29 +0800] "POST /xingrg/kc/buy/cgsh_order_operate.html HTTP/1.1" 200 4439
101.83.146.103 - - [15/Dec/2022:12:40:29 +0800] "GET /xingrg/all/function/internal_message.html?_=1671079096192&CODE_STATE=getMsg HTTP/1.1" 200 27
116.230.105.139 - - [15/Dec/2022:12:40:29 +0800] "GET /xingrg/kc/print/load_data.html?order_code=212022121504392&kc_code=cgsh&condition= HTTP/1.1" 200 1398
180.162.115.136 - - [15/Dec/2022:12:40:30 +0800] "GET /xingrg/all/function/internal_message.html?_=1671078261606&CODE_STATE=getMsg HTTP/1.1" 200 27
114.84.81.136 - - [15/Dec/2022:12:40:32 +0800] "GET /xingrg/all/function/internal_message.html?_=1671079251540&CODE_STATE=getMsg HTTP/1.1" 200 27
116.230.105.139 - - [15/Dec/2022:12:40:33 +0800] "GET /xingrg/kc/print/load_data.html?order_code=212022121504392&kc_code=cgsh HTTP/1.1" 200 1398
180.162.115.136 - - [15/Dec/2022:12:40:36 +0800] "POST /xingrg/dwr/call/plaincall/AjaxYddbService.saveOrder.dwr HTTP/1.1" 200 78
116.230.105.139 - - [15/Dec/2022:12:40:38 +0800] "GET /xingrg/all/function/internal_message.html?_=1671079248620&CODE_STATE=getMsg HTTP/1.1" 200 27
180.162.115.136 - - [15/Dec/2022:12:40:40 +0800] "GET /xingrg/javascript/jquery_easy_ui/themes/default/images/button_plain_hover.png HTTP/1.1" 304 -
180.162.115.136 - - [15/Dec/2022:12:40:42 +0800] "POST /xingrg/dwr/call/plaincall/AjaxYddbService.objCheckOrder.dwr HTTP/1.1" 200 78
180.162.115.136 - - [15/Dec/2022:12:40:43 +0800] "GET /xingrg/dwr/interface/AjaxComOrderService.js HTTP/1.1" 200 18264
180.162.115.136 - - [15/Dec/2022:12:40:43 +0800] "GET /xingrg/kc/base/yddb_order_info.html?code=482022121500077 HTTP/1.1" 200 30023
180.162.115.136 - - [15/Dec/2022:12:40:43 +0800] "GET /xingrg/dwr/interface/AjaxYddbService.js HTTP/1.1" 200 13201
180.162.115.136 - - [15/Dec/2022:12:40:43 +0800] "GET /xingrg/dwr/engine.js HTTP/1.1" 200 43631
180.162.115.136 - - [15/Dec/2022:12:40:43 +0800] "POST /xingrg/dwr/call/plaincall/AjaxYddbService.loadMaterielItems.dwr HTTP/1.1" 200 3804
114.88.159.190 - - [15/Dec/2022:12:40:45 +0800] "GET /xingrg/all/function/internal_message.html?_=1671078857591&CODE_STATE=getMsg HTTP/1.1" 200 27
180.162.115.136 - - [15/Dec/2022:12:40:47 +0800] "POST /xingrg/kc/base/yddb_list_operate.html HTTP/1.1" 200 3194
180.169.147.146 - - [15/Dec/2022:12:40:47 +0800] "GET /xingrg/all/function/internal_message.html?_=1671079266644&CODE_STATE=getMsg HTTP/1.1" 200 27
114.84.38.109 - - [15/Dec/2022:12:40:49 +0800] "GET /xingrg/all/function/internal_message.html?_=1671079282869&CODE_STATE=getMsg HTTP/1.1" 200 27
101.80.228.88 - - [15/Dec/2022:12:40:50 +0800] "GET /xingrg/all/function/internal_message.html?_=1671079270115&CODE_STATE=getMsg HTTP/1.1" 200 27
116.230.105.139 - - [15/Dec/2022:12:40:52 +0800] "GET /xingrg/kc/buy/cgsh_order_add.html HTTP/1.1" 200 69803
116.230.105.139 - - [15/Dec/2022:12:40:53 +0800] "POST /xingrg/kc/buy/cgsh_order_operate.html HTTP/1.1" 200 8245
116.230.105.139 - - [15/Dec/2022:12:40:53 +0800] "GET /xingrg/javascript/easyui/themes/default/validatebox.css HTTP/1.1" 404 1104
222.70.177.10 - - [15/Dec/2022:12:40:54 +0800] "GET /xingrg/all/function/internal_message.html?_=1671079271735&CODE_STATE=getMsg HTTP/1.1" 200 27
120.253.135.82 - - [15/Dec/2022:12:40:55 +0800] "GET /xingrg/all/function/internal_message.html?_=1671079080209&CODE_STATE=getMsg HTTP/1.1" 200 27
116.230.105.139 - - [15/Dec/2022:12:41:02 +0800] "GET /xingrg/kc/buy/cgsh_order_operate.html?command=get_materiel&rest_code=00155&code=00101015038&supplier_code=00100450&order_time=2022-12-15 HTTP/1.1" 200 419
114.84.171.155 - - [15/Dec/2022:12:41:03 +0800] "POST /xingrg/kc/base/yddb_list_operate.html HTTP/1.1" 200 4387
116.238.139.35 - - [15/Dec/2022:12:41:03 +0800] "GET /xingrg/all/function/internal_message.html?_=1671079284015&CODE_STATE=getMsg HTTP/1.1" 200 27
114.84.171.155 - - [15/Dec/2022:12:41:05 +0800] "POST /xingrg/kc/base/yddb_list_operate.html HTTP/1.1" 200 4387
124.79.245.154 - - [15/Dec/2022:12:41:08 +0800] "GET /xingrg/check_reg.html?_=1671079514449 HTTP/1.1" 200 22
124.79.245.154 - - [15/Dec/2022:12:41:08 +0800] "GET /xingrg/all/function/internal_message.html?_=1671079514448&CODE_STATE=getMsg HTTP/1.1" 200 27
114.84.171.155 - - [15/Dec/2022:12:41:09 +0800] "GET /xingrg/all/function/internal_message.html?_=1671079288101&CODE_STATE=getMsg HTTP/1.1" 200 27
116.238.139.35 - - [15/Dec/2022:12:41:13 +0800] "GET /xingrg/all/function/internal_message.html?_=1671079227076&CODE_STATE=getMsg HTTP/1.1" 200 27
114.83.222.182 - - [15/Dec/2022:12:41:13 +0800] "GET /xingrg/all/function/internal_message.html?_=1671079354931&CODE_STATE=getMsg HTTP/1.1" 200 27
116.230.105.139 - - [15/Dec/2022:12:41:17 +0800] "GET /xingrg/kc/buy/cgsh_order_operate.html?command=get_materiel&rest_code=00155&code=00101015147&supplier_code=00100450&order_time=2022-12-15 HTTP/1.1" 200 409
180.169.147.146 - - [15/Dec/2022:12:41:25 +0800] "GET /xingrg/all/function/internal_message.html?_=1671079302974&CODE_STATE=getMsg HTTP/1.1" 200 27
114.83.220.141 - - [15/Dec/2022:12:41:26 +0800] "GET /xingrg/all/function/internal_message.html?_=1671079303972&CODE_STATE=getMsg HTTP/1.1" 200 27
116.230.105.139 - - [15/Dec/2022:12:41:27 +0800] "GET /xingrg/all/function/internal_message.html?_=1671079306649&CODE_STATE=getMsg HTTP/1.1" 200 27
101.83.146.103 - - [15/Dec/2022:12:41:29 +0800] "GET /xingrg/all/function/internal_message.html?_=1671079156178&CODE_STATE=getMsg HTTP/1.1" 200 27
180.162.115.136 - - [15/Dec/2022:12:41:30 +0800] "GET /xingrg/all/function/internal_message.html?_=1671078321581&CODE_STATE=getMsg HTTP/1.1" 200 27
114.84.81.136 - - [15/Dec/2022:12:41:32 +0800] "GET /xingrg/all/function/internal_message.html?_=1671079311542&CODE_STATE=getMsg HTTP/1.1" 200 27
116.230.105.139 - - [15/Dec/2022:12:41:33 +0800] "GET /xingrg/kc/buy/cgsh_order_operate.html?command=get_materiel&rest_code=00155&code=00101008600&supplier_code=00100450&order_time=2022-12-15 HTTP/1.1" 200 433
116.230.105.139 - - [15/Dec/2022:12:41:38 +0800] "GET /xingrg/all/function/internal_message.html?_=1671079308625&CODE_STATE=getMsg HTTP/1.1" 200 27
114.88.159.190 - - [15/Dec/2022:12:41:39 +0800] "GET /xingrg/kc/buy/buy_main.html HTTP/1.1" 200 12412
114.88.159.190 - - [15/Dec/2022:12:41:39 +0800] "GET /xingrg/css/new_ie.css HTTP/1.1" 404 1036
114.88.159.190 - - [15/Dec/2022:12:41:40 +0800] "GET /xingrg/images/yd/bt.gif HTTP/1.1" 404 1040
114.88.159.190 - - [15/Dec/2022:12:41:41 +0800] "GET /xingrg/kc/buy/cgsh_order_list.html HTTP/1.1" 200 54021
116.237.75.219 - - [15/Dec/2022:12:41:41 +0800] "POST /xingrg/services/DataTransmitService HTTP/1.1" 200 524
120.253.135.82 - - [15/Dec/2022:12:41:41 +0800] "GET /xingrg/kc/pszx/mdqp_order_list.html?state=10 HTTP/1.1" 200 10715
120.253.135.82 - - [15/Dec/2022:12:41:41 +0800] "GET /xingrg/dwr/interface/AjaxReportQueryService.js HTTP/1.1" 200 13203
120.253.135.82 - - [15/Dec/2022:12:41:41 +0800] "GET /xingrg/dwr/interface/AjaxQqpsService.js HTTP/1.1" 200 16326
120.253.135.82 - - [15/Dec/2022:12:41:41 +0800] "GET /xingrg/dwr/engine.js HTTP/1.1" 200 43631
116.237.75.219 - - [15/Dec/2022:12:41:42 +0800] "POST /xingrg/services/DataTransmitService HTTP/1.1" 200 501
116.237.75.219 - - [15/Dec/2022:12:41:43 +0800] "POST /xingrg/services/DataTransmitService HTTP/1.1" 200 501
116.237.75.219 - - [15/Dec/2022:12:41:43 +0800] "POST /xingrg/services/DataTransmitService HTTP/1.1" 200 501
116.237.75.219 - - [15/Dec/2022:12:41:43 +0800] "POST /xingrg/services/DataTransmitService HTTP/1.1" 200 501
116.237.75.219 - - [15/Dec/2022:12:41:43 +0800] "POST /xingrg/services/DataTransmitService HTTP/1.1" 200 501
114.88.159.190 - - [15/Dec/2022:12:41:43 +0800] "POST /xingrg/kc/buy/cgsh_list_operate.html HTTP/1.1" 200 3593
120.253.135.82 - - [15/Dec/2022:12:41:44 +0800] "GET /xingrg/kc/pszx/mdps_order_list.html?orderType=0 HTTP/1.1" 200 21035
116.237.75.219 - - [15/Dec/2022:12:41:44 +0800] "POST /xingrg/services/DataTransmitService HTTP/1.1" 200 501
120.253.135.82 - - [15/Dec/2022:12:41:44 +0800] "POST /xingrg/kc/pszx/mdps_list_operate.html HTTP/1.1" 200 5188
116.230.105.139 - - [15/Dec/2022:12:41:44 +0800] "GET /xingrg/kc/buy/cgsh_order_operate.html?command=get_materiel&rest_code=00155&code=00101009129&supplier_code=00100450&order_time=2022-12-15 HTTP/1.1" 200 413
116.237.75.219 - - [15/Dec/2022:12:41:44 +0800] "POST /xingrg/services/DataTransmitService HTTP/1.1" 200 501
116.237.75.219 - - [15/Dec/2022:12:41:45 +0800] "POST /xingrg/services/DataTransmitService HTTP/1.1" 200 501
116.237.75.219 - - [15/Dec/2022:12:41:45 +0800] "POST /xingrg/services/DataTransmitService HTTP/1.1" 200 412
114.88.159.190 - - [15/Dec/2022:12:41:45 +0800] "GET /xingrg/all/function/internal_message.html?_=1671078917598&CODE_STATE=getMsg HTTP/1.1" 200 27
180.169.147.146 - - [15/Dec/2022:12:41:47 +0800] "GET /xingrg/check_reg.html?_=1671079326639 HTTP/1.1" 200 22
180.169.147.146 - - [15/Dec/2022:12:41:47 +0800] "GET /xingrg/all/function/internal_message.html?_=1671079326641&CODE_STATE=getMsg HTTP/1.1" 200 27
114.84.38.109 - - [15/Dec/2022:12:41:50 +0800] "GET /xingrg/all/function/internal_message.html?_=1671079343990&CODE_STATE=getMsg HTTP/1.1" 200 27
101.80.228.88 - - [15/Dec/2022:12:41:50 +0800] "GET /xingrg/all/function/internal_message.html?_=1671079330110&CODE_STATE=getMsg HTTP/1.1" 200 27
101.80.228.88 - - [15/Dec/2022:12:41:50 +0800] "GET /xingrg/check_reg.html?_=1671079330111 HTTP/1.1" 200 22
120.253.135.82 - - [15/Dec/2022:12:41:51 +0800] "POST /xingrg/kc/pszx/mdps_list_operate.html HTTP/1.1" 200 2409
120.253.135.82 - - [15/Dec/2022:12:41:52 +0800] "POST /xingrg/kc/pszx/mdps_list_operate.html HTTP/1.1" 200 199
120.253.135.82 - - [15/Dec/2022:12:41:53 +0800] "GET /xingrg/kc/pszx/mdps_order_info.html?code=312022120500098 HTTP/1.1" 200 23972
120.253.135.82 - - [15/Dec/2022:12:41:54 +0800] "GET /xingrg/javascript/easyui/themes/default/validatebox.css HTTP/1.1" 404 1104
120.253.135.82 - - [15/Dec/2022:12:41:54 +0800] "POST /xingrg/kc/pszx/mdps_order_operate.html HTTP/1.1" 200 2271
222.70.177.10 - - [15/Dec/2022:12:41:54 +0800] "GET /xingrg/all/function/internal_message.html?_=1671079331736&CODE_STATE=getMsg HTTP/1.1" 200 27
120.253.135.82 - - [15/Dec/2022:12:41:55 +0800] "GET /xingrg/all/function/internal_message.html?_=1671079140219&CODE_STATE=getMsg HTTP/1.1" 200 27
116.230.105.139 - - [15/Dec/2022:12:41:56 +0800] "GET /xingrg/kc/buy/cgsh_order_operate.html?command=get_materiel&rest_code=00155&code=00101008123&supplier_code=00100450&order_time=2022-12-15 HTTP/1.1" 200 413
116.238.139.35 - - [15/Dec/2022:12:42:00 +0800] "GET /xingrg/check_reg.html?_=1671079273660 HTTP/1.1" 200 22
120.253.135.82 - - [15/Dec/2022:12:42:01 +0800] "POST /xingrg/kc/pszx/mdps_order_operate.html HTTP/1.1" 200 37
120.253.135.82 - - [15/Dec/2022:12:42:02 +0800] "GET /xingrg/kc/pszx/mdps_order_info.html?code=312022120500098 HTTP/1.1" 200 23972
116.230.105.139 - - [15/Dec/2022:12:42:03 +0800] "GET /xingrg/kc/buy/cgsh_order_operate.html?command=get_materiel&rest_code=00155&code=00101015046&supplier_code=00100450&order_time=2022-12-15 HTTP/1.1" 200 413
116.238.139.35 - - [15/Dec/2022:12:42:03 +0800] "GET /xingrg/check_reg.html?_=1671079344015 HTTP/1.1" 200 22
116.238.139.35 - - [15/Dec/2022:12:42:03 +0800] "GET /xingrg/all/function/internal_message.html?_=1671079344019&CODE_STATE=getMsg HTTP/1.1" 200 27
120.253.135.82 - - [15/Dec/2022:12:42:03 +0800] "GET /xingrg/javascript/easyui/themes/default/validatebox.css HTTP/1.1" 404 1104
120.253.135.82 - - [15/Dec/2022:12:42:03 +0800] "POST /xingrg/kc/pszx/mdps_order_operate.html HTTP/1.1" 200 2271
120.253.135.82 - - [15/Dec/2022:12:42:06 +0800] "POST /xingrg/kc/pszx/mdps_list_operate.html HTTP/1.1" 200 648
120.253.135.82 - - [15/Dec/2022:12:42:07 +0800] "GET /xingrg/kc/pszx/mdps_order_info.html?code=312022121500329 HTTP/1.1" 200 23972
120.253.135.82 - - [15/Dec/2022:12:42:07 +0800] "GET /xingrg/javascript/easyui/themes/default/validatebox.css HTTP/1.1" 404 1104
120.253.135.82 - - [15/Dec/2022:12:42:07 +0800] "POST /xingrg/kc/pszx/mdps_order_operate.html HTTP/1.1" 200 15182
124.79.245.154 - - [15/Dec/2022:12:42:08 +0800] "GET /xingrg/all/function/internal_message.html?_=1671079574447&CODE_STATE=getMsg HTTP/1.1" 200 27
114.84.171.155 - - [15/Dec/2022:12:42:09 +0800] "GET /xingrg/all/function/internal_message.html?_=1671079348114&CODE_STATE=getMsg HTTP/1.1" 200 27
114.84.171.155 - - [15/Dec/2022:12:42:09 +0800] "GET /xingrg/check_reg.html?_=1671079348117 HTTP/1.1" 200 22
116.238.139.35 - - [15/Dec/2022:12:42:13 +0800] "GET /xingrg/all/function/internal_message.html?_=1671079287092&CODE_STATE=getMsg HTTP/1.1" 200 27
114.83.222.182 - - [15/Dec/2022:12:42:13 +0800] "GET /xingrg/all/function/internal_message.html?_=1671079414939&CODE_STATE=getMsg HTTP/1.1" 200 27
114.83.222.182 - - [15/Dec/2022:12:42:13 +0800] "GET /xingrg/check_reg.html?_=1671079414941 HTTP/1.1" 200 22
180.169.147.146 - - [15/Dec/2022:12:42:25 +0800] "GET /xingrg/all/function/internal_message.html?_=1671079362959&CODE_STATE=getMsg HTTP/1.1" 200 27
114.83.220.141 - - [15/Dec/2022:12:42:26 +0800] "GET /xingrg/all/function/internal_message.html?_=1671079363973&CODE_STATE=getMsg HTTP/1.1" 200 27
116.230.105.139 - - [15/Dec/2022:12:42:27 +0800] "GET /xingrg/all/function/internal_message.html?_=1671079366637&CODE_STATE=getMsg HTTP/1.1" 200 27
116.230.105.139 - - [15/Dec/2022:12:42:27 +0800] "GET /xingrg/check_reg.html?_=1671079366639 HTTP/1.1" 200 22
114.83.220.141 - - [15/Dec/2022:12:42:28 +0800] "GET /xingrg/check_reg.html?_=1671079366836 HTTP/1.1" 200 22
101.83.146.103 - - [15/Dec/2022:12:42:29 +0800] "GET /xingrg/all/function/internal_message.html?_=1671079216179&CODE_STATE=getMsg HTTP/1.1" 200 27
101.83.146.103 - - [15/Dec/2022:12:42:29 +0800] "GET /xingrg/check_reg.html?_=1671079216182 HTTP/1.1" 200 22
180.162.115.136 - - [15/Dec/2022:12:42:30 +0800] "GET /xingrg/all/function/internal_message.html?_=1671078381566&CODE_STATE=getMsg HTTP/1.1" 200 27
114.84.81.136 - - [15/Dec/2022:12:42:32 +0800] "GET /xingrg/all/function/internal_message.html?_=1671079371538&CODE_STATE=getMsg HTTP/1.1" 200 27
114.84.81.136 - - [15/Dec/2022:12:42:32 +0800] "GET /xingrg/check_reg.html?_=1671079371540 HTTP/1.1" 200 22
116.230.105.139 - - [15/Dec/2022:12:42:37 +0800] "GET /xingrg/check_reg.html?_=1671079368608 HTTP/1.1" 200 22
116.230.105.139 - - [15/Dec/2022:12:42:38 +0800] "GET /xingrg/all/function/internal_message.html?_=1671079368610&CODE_STATE=getMsg HTTP/1.1" 200 27
114.88.159.190 - - [15/Dec/2022:12:42:45 +0800] "GET /xingrg/all/function/internal_message.html?_=1671078977609&CODE_STATE=getMsg HTTP/1.1" 200 27
180.169.147.146 - - [15/Dec/2022:12:42:47 +0800] "GET /xingrg/all/function/internal_message.html?_=1671079386654&CODE_STATE=getMsg HTTP/1.1" 200 27
120.253.135.82 - - [15/Dec/2022:12:42:48 +0800] "POST /xingrg/all/common/load_select.html HTTP/1.1" 200 25
120.253.135.82 - - [15/Dec/2022:12:42:49 +0800] "GET /xingrg/kc/pszx/mdps_order_operate.html?command=get_materiel_price&pszx_code=00101&rest_code=00111&base_code=0010246&code=00101019400&unit_code=00100111&order_time=2022-12-16 HTTP/1.1" 200 35
114.84.38.109 - - [15/Dec/2022:12:42:50 +0800] "GET /xingrg/all/function/internal_message.html?_=1671079404007&CODE_STATE=getMsg HTTP/1.1" 200 27
101.80.228.88 - - [15/Dec/2022:12:42:50 +0800] "GET /xingrg/all/function/internal_message.html?_=1671079390120&CODE_STATE=getMsg HTTP/1.1" 200 27
222.70.177.10 - - [15/Dec/2022:12:42:54 +0800] "GET /xingrg/check_reg.html?_=1671079391737 HTTP/1.1" 200 22
222.70.177.10 - - [15/Dec/2022:12:42:54 +0800] "GET /xingrg/all/function/internal_message.html?_=1671079391740&CODE_STATE=getMsg HTTP/1.1" 200 27
120.253.135.82 - - [15/Dec/2022:12:42:55 +0800] "GET /xingrg/all/function/internal_message.html?_=1671079200233&CODE_STATE=getMsg HTTP/1.1" 200 27
116.238.139.35 - - [15/Dec/2022:12:43:03 +0800] "GET /xingrg/all/function/internal_message.html?_=1671079404019&CODE_STATE=getMsg HTTP/1.1" 200 27
124.79.245.154 - - [15/Dec/2022:12:43:08 +0800] "GET /xingrg/all/function/internal_message.html?_=1671079634445&CODE_STATE=getMsg HTTP/1.1" 200 27
114.84.171.155 - - [15/Dec/2022:12:43:09 +0800] "GET /xingrg/all/function/internal_message.html?_=1671079408102&CODE_STATE=getMsg HTTP/1.1" 200 27
120.253.135.82 - - [15/Dec/2022:12:43:11 +0800] "POST /xingrg/kc/pszx/mdps_order_operate.html HTTP/1.1" 200 37
120.253.135.82 - - [15/Dec/2022:12:43:13 +0800] "GET /xingrg/kc/pszx/mdps_order_info.html?code=312022121500329 HTTP/1.1" 200 23972
120.253.135.82 - - [15/Dec/2022:12:43:13 +0800] "GET /xingrg/javascript/easyui/themes/default/validatebox.css HTTP/1.1" 404 1104
116.238.139.35 - - [15/Dec/2022:12:43:13 +0800] "GET /xingrg/all/function/internal_message.html?_=1671079347105&CODE_STATE=getMsg HTTP/1.1" 200 27
114.83.222.182 - - [15/Dec/2022:12:43:13 +0800] "GET /xingrg/all/function/internal_message.html?_=1671079474935&CODE_STATE=getMsg HTTP/1.1" 200 27
120.253.135.82 - - [15/Dec/2022:12:43:14 +0800] "POST /xingrg/kc/pszx/mdps_order_operate.html HTTP/1.1" 200 15180
180.169.147.146 - - [15/Dec/2022:12:43:25 +0800] "GET /xingrg/all/function/internal_message.html?_=1671079422942&CODE_STATE=getMsg HTTP/1.1" 200 27
114.83.220.141 - - [15/Dec/2022:12:43:26 +0800] "GET /xingrg/all/function/internal_message.html?_=1671079423957&CODE_STATE=getMsg HTTP/1.1" 200 27
116.230.105.139 - - [15/Dec/2022:12:43:27 +0800] "GET /xingrg/all/function/internal_message.html?_=1671079426640&CODE_STATE=getMsg HTTP/1.1" 200 27
116.237.75.219 - - [15/Dec/2022:12:43:28 +0800] "GET /xingrg/check_reg.html?_=1671079430123 HTTP/1.1" 200 22
101.83.146.103 - - [15/Dec/2022:12:43:29 +0800] "GET /xingrg/all/function/internal_message.html?_=1671079276208&CODE_STATE=getMsg HTTP/1.1" 200 27
180.162.115.136 - - [15/Dec/2022:12:43:30 +0800] "GET /xingrg/check_reg.html?_=1671078441504 HTTP/1.1" 200 22
180.162.115.136 - - [15/Dec/2022:12:43:30 +0800] "GET /xingrg/all/function/internal_message.html?_=1671078441538&CODE_STATE=getMsg HTTP/1.1" 200 27
114.88.159.190 - - [15/Dec/2022:12:43:31 +0800] "GET /xingrg/kc/buy/cgsh_order_add.html HTTP/1.1" 200 69797
114.88.159.190 - - [15/Dec/2022:12:43:32 +0800] "GET /xingrg/all/common/auto_word.html?type=employee&rest_code=00141 HTTP/1.1" 200 201
114.88.159.190 - - [15/Dec/2022:12:43:32 +0800] "GET /xingrg/javascript/easyui/themes/default/validatebox.css HTTP/1.1" 404 1104
114.88.159.190 - - [15/Dec/2022:12:43:32 +0800] "GET /xingrg/all/common/auto_word.html?type=employee&rest_code=00141 HTTP/1.1" 200 201
114.88.159.190 - - [15/Dec/2022:12:43:32 +0800] "POST /xingrg/kc/buy/cgsh_order_operate.html HTTP/1.1" 200 8245
114.84.81.136 - - [15/Dec/2022:12:43:32 +0800] "GET /xingrg/all/function/internal_message.html?_=1671079431528&CODE_STATE=getMsg HTTP/1.1" 200 27
116.230.105.139 - - [15/Dec/2022:12:43:38 +0800] "GET /xingrg/all/function/internal_message.html?_=1671079428623&CODE_STATE=getMsg HTTP/1.1" 200 27
114.88.159.190 - - [15/Dec/2022:12:43:45 +0800] "GET /xingrg/check_reg.html?_=1671079037609 HTTP/1.1" 200 22
114.88.159.190 - - [15/Dec/2022:12:43:45 +0800] "GET /xingrg/all/function/internal_message.html?_=1671079037610&CODE_STATE=getMsg HTTP/1.1" 200 27
114.88.159.190 - - [15/Dec/2022:12:43:45 +0800] "GET /xingrg/kc/buy/cgsh_order_operate.html?command=get_materiel&rest_code=00141&code=00101001115&supplier_code=00100089&order_time=2022-12-15 HTTP/1.1" 200 415
180.169.147.146 - - [15/Dec/2022:12:43:47 +0800] "GET /xingrg/all/function/internal_message.html?_=1671079446658&CODE_STATE=getMsg HTTP/1.1" 200 27
114.84.38.109 - - [15/Dec/2022:12:43:50 +0800] "GET /xingrg/check_reg.html?_=1671079463658 HTTP/1.1" 200 22
114.84.38.109 - - [15/Dec/2022:12:43:50 +0800] "GET /xingrg/all/function/internal_message.html?_=1671079464020&CODE_STATE=getMsg HTTP/1.1" 200 27
101.80.228.88 - - [15/Dec/2022:12:43:51 +0800] "GET /xingrg/all/function/internal_message.html?_=1671079450120&CODE_STATE=getMsg HTTP/1.1" 200 27
222.70.177.10 - - [15/Dec/2022:12:43:54 +0800] "GET /xingrg/all/function/internal_message.html?_=1671079451724&CODE_STATE=getMsg HTTP/1.1" 200 27
120.253.135.82 - - [15/Dec/2022:12:43:55 +0800] "GET /xingrg/all/function/internal_message.html?_=1671079260246&CODE_STATE=getMsg HTTP/1.1" 200 27
120.253.135.82 - - [15/Dec/2022:12:44:02 +0800] "POST /xingrg/kc/pszx/mdps_order_operate.html HTTP/1.1" 200 37
120.253.135.82 - - [15/Dec/2022:12:44:03 +0800] "GET /xingrg/kc/pszx/mdps_order_info.html?code=312022121500329 HTTP/1.1" 200 23972
116.238.139.35 - - [15/Dec/2022:12:44:03 +0800] "GET /xingrg/all/function/internal_message.html?_=1671079464011&CODE_STATE=getMsg HTTP/1.1" 200 27
120.253.135.82 - - [15/Dec/2022:12:44:04 +0800] "GET /xingrg/javascript/easyui/themes/default/validatebox.css HTTP/1.1" 404 1104
120.253.135.82 - - [15/Dec/2022:12:44:04 +0800] "POST /xingrg/kc/pszx/mdps_order_operate.html HTTP/1.1" 200 15181
114.88.159.190 - - [15/Dec/2022:12:44:04 +0800] "POST /xingrg/kc/buy/cgsh_order_operate.html HTTP/1.1" 200 37
114.88.159.190 - - [15/Dec/2022:12:44:07 +0800] "POST /xingrg/kc/buy/cgsh_order_operate.html HTTP/1.1" 200 2659
124.79.245.154 - - [15/Dec/2022:12:44:08 +0800] "GET /xingrg/all/function/internal_message.html?_=1671079694444&CODE_STATE=getMsg HTTP/1.1" 200 27
114.88.159.190 - - [15/Dec/2022:12:44:08 +0800] "GET /xingrg/kc/print/load_config.html?kc_code=cgsh HTTP/1.1" 200 1943
114.88.159.190 - - [15/Dec/2022:12:44:08 +0800] "GET /xingrg/kc/print/load_data.html?order_code=212022121504393&kc_code=cgsh&condition= HTTP/1.1" 200 757
114.84.171.155 - - [15/Dec/2022:12:44:09 +0800] "GET /xingrg/all/function/internal_message.html?_=1671079468102&CODE_STATE=getMsg HTTP/1.1" 200 27
114.83.222.182 - - [15/Dec/2022:12:44:13 +0800] "GET /xingrg/all/function/internal_message.html?_=1671079534943&CODE_STATE=getMsg HTTP/1.1" 200 27
116.238.139.35 - - [15/Dec/2022:12:44:13 +0800] "GET /xingrg/all/function/internal_message.html?_=1671079407131&CODE_STATE=getMsg HTTP/1.1" 200 27
114.88.159.190 - - [15/Dec/2022:12:44:15 +0800] "GET /xingrg/kc/buy/cgsh_order_add.html HTTP/1.1" 200 69797
114.88.159.190 - - [15/Dec/2022:12:44:15 +0800] "GET /xingrg/javascript/easyui/themes/default/validatebox.css HTTP/1.1" 404 1104
114.88.159.190 - - [15/Dec/2022:12:44:15 +0800] "POST /xingrg/kc/buy/cgsh_order_operate.html HTTP/1.1" 200 8245
120.253.135.82 - - [15/Dec/2022:12:44:23 +0800] "POST /xingrg/kc/pszx/mdps_order_operate.html HTTP/1.1" 200 37
120.253.135.82 - - [15/Dec/2022:12:44:24 +0800] "GET /xingrg/kc/pszx/mdps_order_info.html?code=312022121500329 HTTP/1.1" 200 23972
120.253.135.82 - - [15/Dec/2022:12:44:25 +0800] "GET /xingrg/javascript/easyui/themes/default/validatebox.css HTTP/1.1" 404 1104
120.253.135.82 - - [15/Dec/2022:12:44:25 +0800] "POST /xingrg/kc/pszx/mdps_order_operate.html HTTP/1.1" 200 15181
180.169.147.146 - - [15/Dec/2022:12:44:25 +0800] "GET /xingrg/all/function/internal_message.html?_=1671079482926&CODE_STATE=getMsg HTTP/1.1" 200 27
114.83.220.141 - - [15/Dec/2022:12:44:26 +0800] "GET /xingrg/all/function/internal_message.html?_=1671079483940&CODE_STATE=getMsg HTTP/1.1" 200 27
180.169.147.146 - - [15/Dec/2022:12:44:27 +0800] "GET /xingrg/check_reg.html?_=1671079484659 HTTP/1.1" 200 22
116.230.105.139 - - [15/Dec/2022:12:44:27 +0800] "GET /xingrg/all/function/internal_message.html?_=1671079486643&CODE_STATE=getMsg HTTP/1.1" 200 27
120.253.135.82 - - [15/Dec/2022:12:44:28 +0800] "POST /xingrg/kc/pszx/mdps_list_operate.html HTTP/1.1" 200 2408
101.83.146.103 - - [15/Dec/2022:12:44:29 +0800] "GET /xingrg/all/function/internal_message.html?_=1671079336213&CODE_STATE=getMsg HTTP/1.1" 200 27
120.253.135.82 - - [15/Dec/2022:12:44:29 +0800] "POST /xingrg/kc/pszx/mdps_list_operate.html HTTP/1.1" 200 382
120.253.135.82 - - [15/Dec/2022:12:44:30 +0800] "GET /xingrg/kc/pszx/mdps_order_info.html?code=312022121500330 HTTP/1.1" 200 23972
180.162.115.136 - - [15/Dec/2022:12:44:30 +0800] "GET /xingrg/all/function/internal_message.html?_=1671078501524&CODE_STATE=getMsg HTTP/1.1" 200 27
120.253.135.82 - - [15/Dec/2022:12:44:31 +0800] "GET /xingrg/javascript/easyui/themes/default/validatebox.css HTTP/1.1" 404 1104
120.253.135.82 - - [15/Dec/2022:12:44:31 +0800] "POST /xingrg/kc/pszx/mdps_order_operate.html HTTP/1.1" 200 3309
114.84.81.136 - - [15/Dec/2022:12:44:32 +0800] "GET /xingrg/all/function/internal_message.html?_=1671079491542&CODE_STATE=getMsg HTTP/1.1" 200 27
116.230.105.139 - - [15/Dec/2022:12:44:38 +0800] "GET /xingrg/all/function/internal_message.html?_=1671079488619&CODE_STATE=getMsg HTTP/1.1" 200 27
114.88.159.190 - - [15/Dec/2022:12:44:45 +0800] "GET /xingrg/all/function/internal_message.html?_=1671079097611&CODE_STATE=getMsg HTTP/1.1" 200 27
180.169.147.146 - - [15/Dec/2022:12:44:47 +0800] "GET /xingrg/all/function/internal_message.html?_=1671079506661&CODE_STATE=getMsg HTTP/1.1" 200 27
120.253.135.82 - - [15/Dec/2022:12:44:49 +0800] "GET /xingrg/check_reg.html?_=1671079315096 HTTP/1.1" 200 22
114.84.38.109 - - [15/Dec/2022:12:44:50 +0800] "GET /xingrg/all/function/internal_message.html?_=1671079524031&CODE_STATE=getMsg HTTP/1.1" 200 27
101.80.228.88 - - [15/Dec/2022:12:44:50 +0800] "GET /xingrg/all/function/internal_message.html?_=1671079510110&CODE_STATE=getMsg HTTP/1.1" 200 27
222.70.177.10 - - [15/Dec/2022:12:44:54 +0800] "GET /xingrg/all/function/internal_message.html?_=1671079511725&CODE_STATE=getMsg HTTP/1.1" 200 27
120.253.135.82 - - [15/Dec/2022:12:44:55 +0800] "GET /xingrg/all/function/internal_message.html?_=1671079320260&CODE_STATE=getMsg HTTP/1.1" 200 27
120.253.135.82 - - [15/Dec/2022:12:45:02 +0800] "POST /xingrg/kc/pszx/mdps_order_operate.html HTTP/1.1" 200 37
120.253.135.82 - - [15/Dec/2022:12:45:03 +0800] "GET /xingrg/kc/pszx/mdps_order_info.html?code=312022121500330 HTTP/1.1" 200 23972
116.238.139.35 - - [15/Dec/2022:12:45:03 +0800] "GET /xingrg/all/function/internal_message.html?_=1671079524011&CODE_STATE=getMsg HTTP/1.1" 200 27
114.88.159.190 - - [15/Dec/2022:12:45:03 +0800] "GET /xingrg/kc/buy/cgsh_order_operate.html?command=get_materiel&rest_code=00141&code=00101006005&supplier_code=00100327&order_time=2022-12-15 HTTP/1.1" 200 417
120.253.135.82 - - [15/Dec/2022:12:45:04 +0800] "POST /xingrg/kc/pszx/mdps_order_operate.html HTTP/1.1" 200 3309
120.253.135.82 - - [15/Dec/2022:12:45:04 +0800] "GET /xingrg/javascript/easyui/themes/default/validatebox.css HTTP/1.1" 404 1104
120.253.135.82 - - [15/Dec/2022:12:45:05 +0800] "POST /xingrg/kc/pszx/mdps_list_operate.html HTTP/1.1" 200 2408
120.253.135.82 - - [15/Dec/2022:12:45:07 +0800] "POST /xingrg/kc/pszx/mdps_list_operate.html HTTP/1.1" 200 199
124.79.245.154 - - [15/Dec/2022:12:45:08 +0800] "GET /xingrg/all/function/internal_message.html?_=1671079754458&CODE_STATE=getMsg HTTP/1.1" 200 27
114.84.171.155 - - [15/Dec/2022:12:45:09 +0800] "GET /xingrg/all/function/internal_message.html?_=1671079528103&CODE_STATE=getMsg HTTP/1.1" 200 27
120.253.135.82 - - [15/Dec/2022:12:45:09 +0800] "POST /xingrg/kc/pszx/mdps_list_operate.html HTTP/1.1" 200 648
120.253.135.82 - - [15/Dec/2022:12:45:10 +0800] "GET /xingrg/kc/pszx/mdps_order_info.html?code=312022121500329 HTTP/1.1" 200 23972
120.253.135.82 - - [15/Dec/2022:12:45:11 +0800] "GET /xingrg/javascript/easyui/themes/default/validatebox.css HTTP/1.1" 404 1104
120.253.135.82 - - [15/Dec/2022:12:45:11 +0800] "POST /xingrg/kc/pszx/mdps_order_operate.html HTTP/1.1" 200 15181
114.83.222.182 - - [15/Dec/2022:12:45:14 +0800] "GET /xingrg/all/function/internal_message.html?_=1671079594942&CODE_STATE=getMsg HTTP/1.1" 200 27
116.238.139.35 - - [15/Dec/2022:12:45:14 +0800] "GET /xingrg/all/function/internal_message.html?_=1671079467148&CODE_STATE=getMsg HTTP/1.1" 200 27
120.253.135.82 - - [15/Dec/2022:12:45:15 +0800] "GET /xingrg/kc/print/load_data.html?order_code=312022121500329&kc_code=mdps&condition= HTTP/1.1" 200 6753
180.169.147.146 - - [15/Dec/2022:12:45:25 +0800] "GET /xingrg/all/function/internal_message.html?_=1671079542911&CODE_STATE=getMsg HTTP/1.1" 200 27
114.83.220.141 - - [15/Dec/2022:12:45:26 +0800] "GET /xingrg/all/function/internal_message.html?_=1671079543910&CODE_STATE=getMsg HTTP/1.1" 200 27
114.88.159.190 - - [15/Dec/2022:12:45:26 +0800] "GET /xingrg/kc/buy/cgsh_order_operate.html?command=get_materiel&rest_code=00141&code=00101008145&supplier_code=00100327&order_time=2022-12-15 HTTP/1.1" 200 417
116.230.105.139 - - [15/Dec/2022:12:45:27 +0800] "GET /xingrg/all/function/internal_message.html?_=1671079546645&CODE_STATE=getMsg HTTP/1.1" 200 27
120.253.135.82 - - [15/Dec/2022:12:45:28 +0800] "POST /xingrg/kc/pszx/mdps_list_operate.html HTTP/1.1" 200 2408
101.83.146.103 - - [15/Dec/2022:12:45:29 +0800] "GET /xingrg/all/function/internal_message.html?_=1671079396213&CODE_STATE=getMsg HTTP/1.1" 200 27
120.253.135.82 - - [15/Dec/2022:12:45:30 +0800] "POST /xingrg/kc/pszx/mdps_list_operate.html HTTP/1.1" 200 382
180.162.115.136 - - [15/Dec/2022:12:45:31 +0800] "GET /xingrg/all/function/internal_message.html?_=1671078561508&CODE_STATE=getMsg HTTP/1.1" 200 27
120.253.135.82 - - [15/Dec/2022:12:45:31 +0800] "GET /xingrg/kc/pszx/mdps_order_info.html?code=312022121500330 HTTP/1.1" 200 23972
120.253.135.82 - - [15/Dec/2022:12:45:31 +0800] "GET /xingrg/javascript/easyui/themes/default/validatebox.css HTTP/1.1" 404 1104
120.253.135.82 - - [15/Dec/2022:12:45:32 +0800] "POST /xingrg/kc/pszx/mdps_order_operate.html HTTP/1.1" 200 3309
114.84.81.136 - - [15/Dec/2022:12:45:32 +0800] "GET /xingrg/all/function/internal_message.html?_=1671079551542&CODE_STATE=getMsg HTTP/1.1" 200 27
120.253.135.82 - - [15/Dec/2022:12:45:33 +0800] "GET /xingrg/kc/print/load_data.html?order_code=312022121500330&kc_code=mdps&condition= HTTP/1.1" 200 1190
116.230.105.139 - - [15/Dec/2022:12:45:38 +0800] "GET /xingrg/all/function/internal_message.html?_=1671079548623&CODE_STATE=getMsg HTTP/1.1" 200 27
114.88.159.190 - - [15/Dec/2022:12:45:40 +0800] "POST /xingrg/kc/buy/cgsh_order_operate.html HTTP/1.1" 200 37
114.88.159.190 - - [15/Dec/2022:12:45:42 +0800] "POST /xingrg/kc/buy/cgsh_order_operate.html HTTP/1.1" 200 3258
114.88.159.190 - - [15/Dec/2022:12:45:45 +0800] "GET /xingrg/kc/print/load_data.html?order_code=212022121504394&kc_code=cgsh&condition= HTTP/1.1" 200 911
114.88.159.190 - - [15/Dec/2022:12:45:45 +0800] "GET /xingrg/all/function/internal_message.html?_=1671079157979&CODE_STATE=getMsg HTTP/1.1" 200 27
180.169.147.146 - - [15/Dec/2022:12:45:47 +0800] "GET /xingrg/all/function/internal_message.html?_=1671079566660&CODE_STATE=getMsg HTTP/1.1" 200 27
114.88.159.190 - - [15/Dec/2022:12:45:50 +0800] "GET /xingrg/kc/buy/cgsh_order_add.html HTTP/1.1" 200 69797
114.84.38.109 - - [15/Dec/2022:12:45:50 +0800] "GET /xingrg/all/function/internal_message.html?_=1671079584045&CODE_STATE=getMsg HTTP/1.1" 200 27
114.88.159.190 - - [15/Dec/2022:12:45:50 +0800] "GET /xingrg/javascript/easyui/themes/default/validatebox.css HTTP/1.1" 404 1104
101.80.228.88 - - [15/Dec/2022:12:45:51 +0800] "GET /xingrg/all/function/internal_message.html?_=1671079570100&CODE_STATE=getMsg HTTP/1.1" 200 27
114.88.159.190 - - [15/Dec/2022:12:45:51 +0800] "POST /xingrg/kc/buy/cgsh_order_operate.html HTTP/1.1" 200 8245
222.70.177.10 - - [15/Dec/2022:12:45:54 +0800] "GET /xingrg/all/function/internal_message.html?_=1671079571726&CODE_STATE=getMsg HTTP/1.1" 200 27
120.253.135.82 - - [15/Dec/2022:12:45:55 +0800] "GET /xingrg/all/function/internal_message.html?_=1671079380274&CODE_STATE=getMsg HTTP/1.1" 200 27
116.238.139.35 - - [15/Dec/2022:12:46:03 +0800] "GET /xingrg/all/function/internal_message.html?_=1671079584012&CODE_STATE=getMsg HTTP/1.1" 200 27
114.88.159.190 - - [15/Dec/2022:12:46:05 +0800] "GET /xingrg/kc/buy/cgsh_order_operate.html?command=get_materiel&rest_code=00141&code=00101010658&supplier_code=00100442&order_time=2022-12-15 HTTP/1.1" 200 409
124.79.245.154 - - [15/Dec/2022:12:46:08 +0800] "GET /xingrg/all/function/internal_message.html?_=1671079814458&CODE_STATE=getMsg HTTP/1.1" 200 27
124.79.245.154 - - [15/Dec/2022:12:46:08 +0800] "GET /xingrg/check_reg.html?_=1671079814457 HTTP/1.1" 200 22
114.84.171.155 - - [15/Dec/2022:12:46:09 +0800] "GET /xingrg/all/function/internal_message.html?_=1671079588107&CODE_STATE=getMsg HTTP/1.1" 200 27
101.83.146.103 - - [15/Dec/2022:12:46:11 +0800] "GET /xingrg/kc/buy/buy_main.html HTTP/1.1" 200 12412
101.83.146.103 - - [15/Dec/2022:12:46:11 +0800] "GET /xingrg/css/new_ie.css HTTP/1.1" 404 1036
101.83.146.103 - - [15/Dec/2022:12:46:12 +0800] "GET /xingrg/images/yd/bt.gif HTTP/1.1" 404 1040
114.83.222.182 - - [15/Dec/2022:12:46:14 +0800] "GET /xingrg/all/function/internal_message.html?_=1671079654947&CODE_STATE=getMsg HTTP/1.1" 200 27
116.238.139.35 - - [15/Dec/2022:12:46:14 +0800] "GET /xingrg/all/function/internal_message.html?_=1671079527174&CODE_STATE=getMsg HTTP/1.1" 200 27
101.83.146.103 - - [15/Dec/2022:12:46:14 +0800] "GET /xingrg/kc/buy/cgsh_order_list.html HTTP/1.1" 200 54015
101.83.146.103 - - [15/Dec/2022:12:46:17 +0800] "POST /xingrg/kc/buy/cgsh_list_operate.html HTTP/1.1" 200 3962
114.88.159.190 - - [15/Dec/2022:12:46:17 +0800] "GET /xingrg/kc/buy/cgsh_order_operate.html?command=get_materiel&rest_code=00141&code=00101010719&supplier_code=00100442&order_time=2022-12-15 HTTP/1.1" 200 406
120.253.135.82 - - [15/Dec/2022:12:46:20 +0800] "POST /xingrg/kc/pszx/mdps_list_operate.html HTTP/1.1" 200 2408
101.83.146.103 - - [15/Dec/2022:12:46:20 +0800] "GET /xingrg/kc/buy/cgsh_order_add.html HTTP/1.1" 200 69879
101.83.146.103 - - [15/Dec/2022:12:46:20 +0800] "GET /xingrg/words/20221215111312_words.js HTTP/1.1" 200 938090
101.83.146.103 - - [15/Dec/2022:12:46:22 +0800] "POST /xingrg/kc/buy/cgsh_order_operate.html HTTP/1.1" 200 8245
101.83.146.103 - - [15/Dec/2022:12:46:22 +0800] "GET /xingrg/javascript/easyui/themes/default/validatebox.css HTTP/1.1" 404 1104
180.169.147.146 - - [15/Dec/2022:12:46:25 +0800] "GET /xingrg/all/function/internal_message.html?_=1671079602895&CODE_STATE=getMsg HTTP/1.1" 200 27
114.83.220.141 - - [15/Dec/2022:12:46:25 +0800] "GET /xingrg/all/function/internal_message.html?_=1671079603895&CODE_STATE=getMsg HTTP/1.1" 200 27
114.88.159.190 - - [15/Dec/2022:12:46:26 +0800] "POST /xingrg/kc/buy/cgsh_order_operate.html HTTP/1.1" 200 37
114.88.159.190 - - [15/Dec/2022:12:46:27 +0800] "POST /xingrg/kc/buy/cgsh_order_operate.html HTTP/1.1" 200 3238
116.230.105.139 - - [15/Dec/2022:12:46:27 +0800] "GET /xingrg/all/function/internal_message.html?_=1671079606647&CODE_STATE=getMsg HTTP/1.1" 200 27
101.83.146.103 - - [15/Dec/2022:12:46:29 +0800] "GET /xingrg/all/function/internal_message.html?_=1671079456207&CODE_STATE=getMsg HTTP/1.1" 200 27
114.88.159.190 - - [15/Dec/2022:12:46:29 +0800] "GET /xingrg/kc/print/load_data.html?order_code=212022121504395&kc_code=cgsh&condition= HTTP/1.1" 200 896
180.162.115.136 - - [15/Dec/2022:12:46:30 +0800] "GET /xingrg/all/function/internal_message.html?_=1671078621508&CODE_STATE=getMsg HTTP/1.1" 200 27
114.84.81.136 - - [15/Dec/2022:12:46:32 +0800] "GET /xingrg/all/function/internal_message.html?_=1671079611545&CODE_STATE=getMsg HTTP/1.1" 200 27
114.88.159.190 - - [15/Dec/2022:12:46:35 +0800] "GET /xingrg/kc/buy/cgsh_order_add.html HTTP/1.1" 200 69797
114.88.159.190 - - [15/Dec/2022:12:46:36 +0800] "POST /xingrg/kc/buy/cgsh_order_operate.html HTTP/1.1" 200 8245
114.88.159.190 - - [15/Dec/2022:12:46:36 +0800] "GET /xingrg/javascript/easyui/themes/default/validatebox.css HTTP/1.1" 404 1104
116.230.105.139 - - [15/Dec/2022:12:46:38 +0800] "GET /xingrg/all/function/internal_message.html?_=1671079608624&CODE_STATE=getMsg HTTP/1.1" 200 27
101.83.146.103 - - [15/Dec/2022:12:46:43 +0800] "GET /xingrg/kc/buy/cgsh_order_operate.html?command=get_materiel&rest_code=00105&code=00101001140&supplier_code=00100319&order_time=2022-12-15 HTTP/1.1" 200 417
114.88.159.190 - - [15/Dec/2022:12:46:45 +0800] "GET /xingrg/all/function/internal_message.html?_=1671079217952&CODE_STATE=getMsg HTTP/1.1" 200 27
114.88.159.190 - - [15/Dec/2022:12:46:47 +0800] "GET /xingrg/kc/buy/cgsh_order_operate.html?command=get_materiel&rest_code=00141&code=00101022106&supplier_code=00100337&order_time=2022-12-15 HTTP/1.1" 200 409
180.169.147.146 - - [15/Dec/2022:12:46:47 +0800] "GET /xingrg/check_reg.html?_=1671079626683 HTTP/1.1" 200 22
180.169.147.146 - - [15/Dec/2022:12:46:48 +0800] "GET /xingrg/all/function/internal_message.html?_=1671079626684&CODE_STATE=getMsg HTTP/1.1" 200 27
101.80.228.88 - - [15/Dec/2022:12:46:50 +0800] "GET /xingrg/all/function/internal_message.html?_=1671079630112&CODE_STATE=getMsg HTTP/1.1" 200 27
101.80.228.88 - - [15/Dec/2022:12:46:51 +0800] "GET /xingrg/check_reg.html?_=1671079630114 HTTP/1.1" 200 22
114.84.38.109 - - [15/Dec/2022:12:46:51 +0800] "GET /xingrg/all/function/internal_message.html?_=1671079644798&CODE_STATE=getMsg HTTP/1.1" 200 27
222.70.177.10 - - [15/Dec/2022:12:46:54 +0800] "GET /xingrg/all/function/internal_message.html?_=1671079631727&CODE_STATE=getMsg HTTP/1.1" 200 27
120.253.135.82 - - [15/Dec/2022:12:46:55 +0800] "GET /xingrg/all/function/internal_message.html?_=1671079440506&CODE_STATE=getMsg HTTP/1.1" 200 27
114.88.159.190 - - [15/Dec/2022:12:46:59 +0800] "POST /xingrg/kc/buy/cgsh_order_operate.html HTTP/1.1" 200 37
116.238.139.35 - - [15/Dec/2022:12:47:00 +0800] "GET /xingrg/check_reg.html?_=1671079573674 HTTP/1.1" 200 22
114.88.159.190 - - [15/Dec/2022:12:47:01 +0800] "POST /xingrg/kc/buy/cgsh_order_operate.html HTTP/1.1" 200 2652
114.88.159.190 - - [15/Dec/2022:12:47:02 +0800] "GET /xingrg/kc/print/load_data.html?order_code=212022121504396&kc_code=cgsh&condition= HTTP/1.1" 200 673
116.238.139.35 - - [15/Dec/2022:12:47:03 +0800] "GET /xingrg/all/function/internal_message.html?_=1671079644013&CODE_STATE=getMsg HTTP/1.1" 200 27
116.238.139.35 - - [15/Dec/2022:12:47:03 +0800] "GET /xingrg/check_reg.html?_=1671079644016 HTTP/1.1" 200 22
101.83.146.103 - - [15/Dec/2022:12:47:07 +0800] "GET /xingrg/kc/buy/cgsh_order_operate.html?command=get_materiel&rest_code=00105&code=00101001125&supplier_code=00100319&order_time=2022-12-15 HTTP/1.1" 200 415
124.79.245.154 - - [15/Dec/2022:12:47:08 +0800] "GET /xingrg/all/function/internal_message.html?_=1671079874456&CODE_STATE=getMsg HTTP/1.1" 200 27
114.84.171.155 - - [15/Dec/2022:12:47:09 +0800] "GET /xingrg/all/function/internal_message.html?_=1671079648114&CODE_STATE=getMsg HTTP/1.1" 200 27
114.84.171.155 - - [15/Dec/2022:12:47:09 +0800] "GET /xingrg/check_reg.html?_=1671079648116 HTTP/1.1" 200 22
114.88.159.190 - - [15/Dec/2022:12:47:09 +0800] "GET /xingrg/kc/buy/cgsh_order_add.html HTTP/1.1" 200 69797
114.88.159.190 - - [15/Dec/2022:12:47:09 +0800] "GET /xingrg/javascript/easyui/themes/default/validatebox.css HTTP/1.1" 404 1104
114.88.159.190 - - [15/Dec/2022:12:47:10 +0800] "POST /xingrg/kc/buy/cgsh_order_operate.html HTTP/1.1" 200 8245
114.83.222.182 - - [15/Dec/2022:12:47:13 +0800] "GET /xingrg/check_reg.html?_=1671079714937 HTTP/1.1" 200 22
114.83.222.182 - - [15/Dec/2022:12:47:14 +0800] "GET /xingrg/all/function/internal_message.html?_=1671079714939&CODE_STATE=getMsg HTTP/1.1" 200 27
116.238.139.35 - - [15/Dec/2022:12:47:14 +0800] "GET /xingrg/all/function/internal_message.html?_=1671079587191&CODE_STATE=getMsg HTTP/1.1" 200 27
180.169.147.146 - - [15/Dec/2022:12:47:25 +0800] "GET /xingrg/all/function/internal_message.html?_=1671079662878&CODE_STATE=getMsg HTTP/1.1" 200 27
114.83.220.141 - - [15/Dec/2022:12:47:25 +0800] "GET /xingrg/all/function/internal_message.html?_=1671079663866&CODE_STATE=getMsg HTTP/1.1" 200 27
116.230.105.139 - - [15/Dec/2022:12:47:27 +0800] "GET /xingrg/check_reg.html?_=1671079666637 HTTP/1.1" 200 22
116.230.105.139 - - [15/Dec/2022:12:47:27 +0800] "GET /xingrg/all/function/internal_message.html?_=1671079666639&CODE_STATE=getMsg HTTP/1.1" 200 27
114.83.220.141 - - [15/Dec/2022:12:47:28 +0800] "GET /xingrg/check_reg.html?_=1671079666852 HTTP/1.1" 200 22
101.83.146.103 - - [15/Dec/2022:12:47:29 +0800] "GET /xingrg/all/function/internal_message.html?_=1671079516215&CODE_STATE=getMsg HTTP/1.1" 200 27
101.83.146.103 - - [15/Dec/2022:12:47:29 +0800] "GET /xingrg/check_reg.html?_=1671079516219 HTTP/1.1" 200 22
180.162.115.136 - - [15/Dec/2022:12:47:30 +0800] "GET /xingrg/all/function/internal_message.html?_=1671078681503&CODE_STATE=getMsg HTTP/1.1" 200 27
114.84.81.136 - - [15/Dec/2022:12:47:32 +0800] "GET /xingrg/check_reg.html?_=1671079671544 HTTP/1.1" 200 22
114.84.81.136 - - [15/Dec/2022:12:47:32 +0800] "GET /xingrg/all/function/internal_message.html?_=1671079671546&CODE_STATE=getMsg HTTP/1.1" 200 27
116.230.105.139 - - [15/Dec/2022:12:47:38 +0800] "GET /xingrg/check_reg.html?_=1671079668626 HTTP/1.1" 200 22
116.230.105.139 - - [15/Dec/2022:12:47:38 +0800] "GET /xingrg/all/function/internal_message.html?_=1671079668628&CODE_STATE=getMsg HTTP/1.1" 200 27
120.253.135.82 - - [15/Dec/2022:12:47:39 +0800] "POST /xingrg/kc/pszx/mdps_list_operate.html HTTP/1.1" 200 1689
120.253.135.82 - - [15/Dec/2022:12:47:40 +0800] "POST /xingrg/kc/pszx/mdps_list_operate.html HTTP/1.1" 200 590
120.253.135.82 - - [15/Dec/2022:12:47:41 +0800] "GET /xingrg/kc/pszx/mdps_order_info.html?code=312022121500334 HTTP/1.1" 200 23976
120.253.135.82 - - [15/Dec/2022:12:47:41 +0800] "GET /xingrg/javascript/easyui/themes/default/validatebox.css HTTP/1.1" 404 1104
120.253.135.82 - - [15/Dec/2022:12:47:41 +0800] "POST /xingrg/kc/pszx/mdps_order_operate.html HTTP/1.1" 200 4731
114.88.159.190 - - [15/Dec/2022:12:47:46 +0800] "GET /xingrg/all/function/internal_message.html?_=1671079277933&CODE_STATE=getMsg HTTP/1.1" 200 27
114.88.159.190 - - [15/Dec/2022:12:47:46 +0800] "POST /xingrg/kc/buy/cgsh_list_operate.html HTTP/1.1" 200 5322
180.169.147.146 - - [15/Dec/2022:12:47:47 +0800] "GET /xingrg/all/function/internal_message.html?_=1671079686675&CODE_STATE=getMsg HTTP/1.1" 200 27
101.83.146.103 - - [15/Dec/2022:12:47:50 +0800] "POST /xingrg/kc/buy/cgsh_order_operate.html HTTP/1.1" 200 37
101.80.228.88 - - [15/Dec/2022:12:47:50 +0800] "GET /xingrg/all/function/internal_message.html?_=1671079690113&CODE_STATE=getMsg HTTP/1.1" 200 27
114.84.38.109 - - [15/Dec/2022:12:47:51 +0800] "GET /xingrg/all/function/internal_message.html?_=1671079704804&CODE_STATE=getMsg HTTP/1.1" 200 27
114.88.159.190 - - [15/Dec/2022:12:47:52 +0800] "POST /xingrg/kc/buy/cgsh_list_operate.html HTTP/1.1" 200 200
101.83.146.103 - - [15/Dec/2022:12:47:53 +0800] "POST /xingrg/kc/buy/cgsh_order_operate.html HTTP/1.1" 200 3261
114.88.159.190 - - [15/Dec/2022:12:47:53 +0800] "GET /xingrg/kc/buy/cgsh_order_info.html?code=212022121504396 HTTP/1.1" 200 69808
114.88.159.190 - - [15/Dec/2022:12:47:54 +0800] "GET /xingrg/javascript/easyui/themes/default/validatebox.css HTTP/1.1" 404 1104
222.70.177.10 - - [15/Dec/2022:12:47:54 +0800] "GET /xingrg/check_reg.html?_=1671079691733 HTTP/1.1" 200 22
222.70.177.10 - - [15/Dec/2022:12:47:54 +0800] "GET /xingrg/all/function/internal_message.html?_=1671079691729&CODE_STATE=getMsg HTTP/1.1" 200 27
