116.230.105.139 - - [15/Dec/2022:08:44:35 +0800] "GET /xingrg/kc/buy/cgsh_order_operate.html?command=get_materiel&rest_code=00155&code=00101007072&supplier_code=00100002&order_time=2022-12-15 HTTP/1.1" 200 413
116.238.139.35 - - [15/Dec/2022:08:44:37 +0800] "GET /xingrg/kc/buy/cgsh_order_operate.html?command=get_materiel&rest_code=00150&code=00101007081&supplier_code=00100096&order_time=2022-12-15 HTTP/1.1" 200 415
116.230.105.139 - - [15/Dec/2022:08:44:37 +0800] "GET /xingrg/all/function/internal_message.html?_=1671065088618&CODE_STATE=getMsg HTTP/1.1" 200 27
116.230.105.139 - - [15/Dec/2022:08:44:41 +0800] "GET /xingrg/kc/buy/cgsh_order_operate.html?command=get_materiel&rest_code=00155&code=00101007032&supplier_code=00100002&order_time=2022-12-15 HTTP/1.1" 200 413
116.230.105.139 - - [15/Dec/2022:08:44:49 +0800] "POST /xingrg/kc/buy/cgsh_order_operate.html HTTP/1.1" 200 37
116.230.105.139 - - [15/Dec/2022:08:44:50 +0800] "POST /xingrg/kc/buy/cgsh_order_operate.html HTTP/1.1" 200 4433
114.84.38.109 - - [15/Dec/2022:08:44:51 +0800] "GET /xingrg/all/function/internal_message.html?_=1671065124046&CODE_STATE=getMsg HTTP/1.1" 200 27
116.238.139.35 - - [15/Dec/2022:08:44:51 +0800] "GET /xingrg/kc/buy/cgsh_order_operate.html?command=get_materiel&rest_code=00150&code=00101007049&supplier_code=00100096&order_time=2022-12-15 HTTP/1.1" 200 409
116.230.105.139 - - [15/Dec/2022:08:44:51 +0800] "GET /xingrg/kc/print/load_data.html?order_code=212022121504282&kc_code=cgsh&condition= HTTP/1.1" 200 1437
116.230.105.139 - - [15/Dec/2022:08:44:54 +0800] "GET /xingrg/kc/print/load_data.html?order_code=212022121504282&kc_code=cgsh HTTP/1.1" 200 1437
116.238.139.35 - - [15/Dec/2022:08:45:01 +0800] "GET /xingrg/all/function/internal_message.html?_=1671065121790&CODE_STATE=getMsg HTTP/1.1" 200 27
116.238.139.35 - - [15/Dec/2022:08:45:07 +0800] "GET /xingrg/kc/buy/cgsh_order_operate.html?command=get_materiel&rest_code=00150&code=00101007048&supplier_code=00100096&order_time=2022-12-15 HTTP/1.1" 200 408
120.253.135.82 - - [15/Dec/2022:08:45:07 +0800] "GET /xingrg/all/function/internal_message.html?_=1671064581812&CODE_STATE=getMsg HTTP/1.1" 302 -
120.253.135.82 - - [15/Dec/2022:08:45:07 +0800] "GET /xingrg/check_reg.html?_=1671064589755 HTTP/1.1" 302 -
120.253.135.82 - - [15/Dec/2022:08:45:07 +0800] "GET /xingrg/login.html HTTP/1.1" 200 7641
120.253.135.82 - - [15/Dec/2022:08:45:07 +0800] "GET /xingrg/login.html HTTP/1.1" 200 7641
116.238.139.35 - - [15/Dec/2022:08:45:10 +0800] "GET /xingrg/all/function/internal_message.html?_=1671065063389&CODE_STATE=getMsg HTTP/1.1" 200 27
120.253.135.82 - - [15/Dec/2022:08:45:21 +0800] "GET /xingrg/all/function/internal_message.html?_=1671064947670&CODE_STATE=getMsg HTTP/1.1" 200 27
116.238.139.35 - - [15/Dec/2022:08:45:28 +0800] "GET /xingrg/kc/buy/cgsh_order_operate.html?command=get_materiel&rest_code=00150&code=00101006184&supplier_code=00100096&order_time=2022-12-15 HTTP/1.1" 200 410
101.83.146.103 - - [15/Dec/2022:08:45:28 +0800] "GET /xingrg/all/function/internal_message.html?_=1671064995905&CODE_STATE=getMsg HTTP/1.1" 200 27
116.230.105.139 - - [15/Dec/2022:08:45:35 +0800] "GET /xingrg/kc/buy/cgsh_order_add.html HTTP/1.1" 200 69803
116.230.105.139 - - [15/Dec/2022:08:45:35 +0800] "POST /xingrg/kc/buy/cgsh_order_operate.html HTTP/1.1" 200 8245
116.230.105.139 - - [15/Dec/2022:08:45:35 +0800] "GET /xingrg/javascript/easyui/themes/default/validatebox.css HTTP/1.1" 404 1104
116.230.105.139 - - [15/Dec/2022:08:45:37 +0800] "GET /xingrg/all/function/internal_message.html?_=1671065148615&CODE_STATE=getMsg HTTP/1.1" 200 27
101.83.146.103 - - [15/Dec/2022:08:45:47 +0800] "POST /xingrg/kc/buy/cgsh_order_operate.html HTTP/1.1" 200 37
101.83.146.103 - - [15/Dec/2022:08:45:49 +0800] "POST /xingrg/kc/buy/cgsh_order_operate.html HTTP/1.1" 200 3826
101.83.146.103 - - [15/Dec/2022:08:45:51 +0800] "GET /xingrg/kc/print/load_config.html?kc_code=cgsh HTTP/1.1" 200 1943
101.83.146.103 - - [15/Dec/2022:08:45:51 +0800] "GET /xingrg/kc/print/load_data.html?order_code=212022121504283&kc_code=cgsh&condition= HTTP/1.1" 200 1144
114.84.38.109 - - [15/Dec/2022:08:45:51 +0800] "GET /xingrg/all/function/internal_message.html?_=1671065184579&CODE_STATE=getMsg HTTP/1.1" 200 27
120.253.135.82 - - [15/Dec/2022:08:45:57 +0800] "GET /xingrg/all/function/internal_message.html?_=1671064641783&CODE_STATE=getMsg HTTP/1.1" 302 -
116.238.139.35 - - [15/Dec/2022:08:46:01 +0800] "GET /xingrg/all/function/internal_message.html?_=1671065181792&CODE_STATE=getMsg HTTP/1.1" 200 27
116.238.139.35 - - [15/Dec/2022:08:46:01 +0800] "GET /xingrg/check_reg.html?_=1671065181797 HTTP/1.1" 200 22
116.238.139.35 - - [15/Dec/2022:08:46:10 +0800] "GET /xingrg/all/function/internal_message.html?_=1671065123412&CODE_STATE=getMsg HTTP/1.1" 200 27
120.253.135.82 - - [15/Dec/2022:08:46:21 +0800] "GET /xingrg/all/function/internal_message.html?_=1671065007684&CODE_STATE=getMsg HTTP/1.1" 200 27
101.83.146.103 - - [15/Dec/2022:08:46:28 +0800] "GET /xingrg/all/function/internal_message.html?_=1671065055889&CODE_STATE=getMsg HTTP/1.1" 200 27
101.83.146.103 - - [15/Dec/2022:08:46:30 +0800] "GET /xingrg/kc/buy/cgsh_order_add.html HTTP/1.1" 200 69879
101.83.146.103 - - [15/Dec/2022:08:46:30 +0800] "POST /xingrg/kc/buy/cgsh_order_operate.html HTTP/1.1" 200 8245
101.83.146.103 - - [15/Dec/2022:08:46:30 +0800] "GET /xingrg/javascript/easyui/themes/default/validatebox.css HTTP/1.1" 404 1104
116.230.105.139 - - [15/Dec/2022:08:46:37 +0800] "GET /xingrg/all/function/internal_message.html?_=1671065208614&CODE_STATE=getMsg HTTP/1.1" 200 27
116.230.105.139 - - [15/Dec/2022:08:46:38 +0800] "GET /xingrg/kc/buy/cgsh_order_operate.html?command=get_materiel&rest_code=00155&code=00101006184&supplier_code=00100012&order_time=2022-12-15 HTTP/1.1" 200 408
116.230.105.139 - - [15/Dec/2022:08:46:46 +0800] "GET /xingrg/kc/buy/cgsh_order_operate.html?command=get_materiel&rest_code=00155&code=00101006062&supplier_code=00100012&order_time=2022-12-15 HTTP/1.1" 200 409
101.83.146.103 - - [15/Dec/2022:08:46:50 +0800] "GET /xingrg/kc/buy/cgsh_order_operate.html?command=get_materiel&rest_code=00105&code=00101007061&supplier_code=00100002&order_time=2022-12-15 HTTP/1.1" 200 409
114.84.38.109 - - [15/Dec/2022:08:46:51 +0800] "GET /xingrg/all/function/internal_message.html?_=1671065244588&CODE_STATE=getMsg HTTP/1.1" 200 27
116.230.105.139 - - [15/Dec/2022:08:46:54 +0800] "GET /xingrg/kc/buy/cgsh_order_operate.html?command=get_materiel&rest_code=00155&code=00101006129&supplier_code=00100012&order_time=2022-12-15 HTTP/1.1" 200 446
120.253.135.82 - - [15/Dec/2022:08:46:57 +0800] "GET /xingrg/all/function/internal_message.html?_=1671064701755&CODE_STATE=getMsg HTTP/1.1" 302 -
116.238.139.35 - - [15/Dec/2022:08:47:00 +0800] "GET /xingrg/check_reg.html?_=1671065173405 HTTP/1.1" 200 22
116.238.139.35 - - [15/Dec/2022:08:47:01 +0800] "GET /xingrg/all/function/internal_message.html?_=1671065241793&CODE_STATE=getMsg HTTP/1.1" 200 27
116.230.105.139 - - [15/Dec/2022:08:47:03 +0800] "GET /xingrg/kc/buy/cgsh_order_operate.html?command=get_materiel&rest_code=00155&code=00101006109&supplier_code=00100012&order_time=2022-12-15 HTTP/1.1" 200 409
116.238.139.35 - - [15/Dec/2022:08:47:10 +0800] "GET /xingrg/all/function/internal_message.html?_=1671065183417&CODE_STATE=getMsg HTTP/1.1" 200 27
120.253.135.82 - - [15/Dec/2022:08:47:21 +0800] "GET /xingrg/all/function/internal_message.html?_=1671065067699&CODE_STATE=getMsg HTTP/1.1" 200 27
101.83.146.103 - - [15/Dec/2022:08:47:28 +0800] "GET /xingrg/check_reg.html?_=1671065115885 HTTP/1.1" 200 22
101.83.146.103 - - [15/Dec/2022:08:47:28 +0800] "GET /xingrg/all/function/internal_message.html?_=1671065115888&CODE_STATE=getMsg HTTP/1.1" 200 27
116.230.105.139 - - [15/Dec/2022:08:47:37 +0800] "GET /xingrg/all/function/internal_message.html?_=1671065268613&CODE_STATE=getMsg HTTP/1.1" 200 27
116.230.105.139 - - [15/Dec/2022:08:47:37 +0800] "GET /xingrg/check_reg.html?_=1671065268616 HTTP/1.1" 200 22
116.230.105.139 - - [15/Dec/2022:08:47:38 +0800] "POST /xingrg/kc/buy/cgsh_order_operate.html HTTP/1.1" 200 37
116.238.139.35 - - [15/Dec/2022:08:47:39 +0800] "GET /xingrg/kc/buy/cgsh_order_operate.html?command=get_materiel&rest_code=00150&code=00101006111&supplier_code=00100096&order_time=2022-12-15 HTTP/1.1" 200 411
116.230.105.139 - - [15/Dec/2022:08:47:39 +0800] "POST /xingrg/kc/buy/cgsh_order_operate.html HTTP/1.1" 200 4446
116.230.105.139 - - [15/Dec/2022:08:47:40 +0800] "GET /xingrg/kc/print/load_data.html?order_code=212022121504284&kc_code=cgsh&condition= HTTP/1.1" 200 1462
116.230.105.139 - - [15/Dec/2022:08:47:44 +0800] "GET /xingrg/kc/print/load_data.html?order_code=212022121504284&kc_code=cgsh HTTP/1.1" 200 1462
120.253.135.82 - - [15/Dec/2022:08:47:45 +0800] "POST /xingrg/kc/buy/cgsh_order_operate.html HTTP/1.1" 200 37
120.253.135.82 - - [15/Dec/2022:08:47:49 +0800] "POST /xingrg/kc/buy/cgsh_order_operate.html HTTP/1.1" 200 12
120.253.135.82 - - [15/Dec/2022:08:47:51 +0800] "GET /xingrg/kc/buy/cgsh_order_info.html?code=212022121504280 HTTP/1.1" 200 63767
120.253.135.82 - - [15/Dec/2022:08:47:52 +0800] "GET /xingrg/javascript/easyui/themes/default/validatebox.css HTTP/1.1" 404 1104
114.84.38.109 - - [15/Dec/2022:08:47:52 +0800] "GET /xingrg/all/function/internal_message.html?_=1671065305372&CODE_STATE=getMsg HTTP/1.1" 200 27
120.253.135.82 - - [15/Dec/2022:08:47:52 +0800] "POST /xingrg/kc/buy/cgsh_order_operate.html HTTP/1.1" 200 642
120.253.135.82 - - [15/Dec/2022:08:47:56 +0800] "GET /xingrg/kc/buy/cgsh_order_add.html HTTP/1.1" 200 68860
120.253.135.82 - - [15/Dec/2022:08:47:57 +0800] "GET /xingrg/all/function/internal_message.html?_=1671064761728&CODE_STATE=getMsg HTTP/1.1" 302 -
120.253.135.82 - - [15/Dec/2022:08:47:57 +0800] "POST /xingrg/kc/buy/cgsh_order_operate.html HTTP/1.1" 200 8245
120.253.135.82 - - [15/Dec/2022:08:47:57 +0800] "GET /xingrg/javascript/easyui/themes/default/validatebox.css HTTP/1.1" 404 1104
116.238.139.35 - - [15/Dec/2022:08:47:58 +0800] "GET /xingrg/kc/buy/cgsh_order_operate.html?command=get_materiel&rest_code=00150&code=00101010711&supplier_code=00100096&order_time=2022-12-15 HTTP/1.1" 200 406
116.238.139.35 - - [15/Dec/2022:08:48:01 +0800] "GET /xingrg/all/function/internal_message.html?_=1671065301791&CODE_STATE=getMsg HTTP/1.1" 200 27
120.253.135.82 - - [15/Dec/2022:08:48:08 +0800] "POST /xingrg/all/common/load_combo.html?type=employee HTTP/1.1" 200 1752
116.238.139.35 - - [15/Dec/2022:08:48:10 +0800] "GET /xingrg/all/function/internal_message.html?_=1671065243429&CODE_STATE=getMsg HTTP/1.1" 200 27
120.253.135.82 - - [15/Dec/2022:08:48:18 +0800] "GET /xingrg/kc/buy/cgsh_order_operate.html?command=get_materiel&rest_code=00101&code=00101016097&supplier_code=00100223&order_time=2022-12-15 HTTP/1.1" 200 470
120.253.135.82 - - [15/Dec/2022:08:48:20 +0800] "POST /xingrg/all/common/load_select.html HTTP/1.1" 200 25
120.253.135.82 - - [15/Dec/2022:08:48:21 +0800] "GET /xingrg/check_reg.html?_=1671065127226 HTTP/1.1" 200 22
120.253.135.82 - - [15/Dec/2022:08:48:21 +0800] "GET /xingrg/all/function/internal_message.html?_=1671065127710&CODE_STATE=getMsg HTTP/1.1" 200 27
120.253.135.82 - - [15/Dec/2022:08:48:24 +0800] "GET /xingrg/kc/buy/cgsh_order_operate.html?command=get_materiel_price&rest_code=00101&code=00101016097&unit_code=00100163&supplier_code=00100223&order_time=2022-12-15 HTTP/1.1" 200 30
116.238.139.35 - - [15/Dec/2022:08:48:25 +0800] "GET /xingrg/kc/buy/cgsh_order_operate.html?command=get_materiel&rest_code=00150&code=00101006203&supplier_code=00100096&order_time=2022-12-15 HTTP/1.1" 200 411
101.83.146.103 - - [15/Dec/2022:08:48:28 +0800] "GET /xingrg/all/function/internal_message.html?_=1671065175885&CODE_STATE=getMsg HTTP/1.1" 200 27
120.253.135.82 - - [15/Dec/2022:08:48:37 +0800] "POST /xingrg/kc/buy/cgsh_order_operate.html HTTP/1.1" 200 37
116.230.105.139 - - [15/Dec/2022:08:48:37 +0800] "GET /xingrg/all/function/internal_message.html?_=1671065328619&CODE_STATE=getMsg HTTP/1.1" 200 27
120.253.135.82 - - [15/Dec/2022:08:48:39 +0800] "POST /xingrg/kc/buy/cgsh_order_operate.html HTTP/1.1" 200 2693
114.84.38.109 - - [15/Dec/2022:08:48:42 +0800] "GET /xingrg/check_reg.html?_=1671065355198 HTTP/1.1" 200 22
116.238.139.35 - - [15/Dec/2022:08:48:46 +0800] "GET /xingrg/kc/buy/cgsh_order_operate.html?command=get_materiel&rest_code=00150&code=00101006065&supplier_code=00100096&order_time=2022-12-15 HTTP/1.1" 200 411
114.84.38.109 - - [15/Dec/2022:08:48:52 +0800] "GET /xingrg/all/function/internal_message.html?_=1671065365380&CODE_STATE=getMsg HTTP/1.1" 200 27
120.253.135.82 - - [15/Dec/2022:08:48:57 +0800] "GET /xingrg/all/function/internal_message.html?_=1671064821715&CODE_STATE=getMsg HTTP/1.1" 302 -
116.238.139.35 - - [15/Dec/2022:08:49:01 +0800] "GET /xingrg/all/function/internal_message.html?_=1671065361818&CODE_STATE=getMsg HTTP/1.1" 200 27
120.253.135.82 - - [15/Dec/2022:08:49:01 +0800] "POST /xingrg/kc/buy/cgsh_order_operate.html HTTP/1.1" 200 37
116.238.139.35 - - [15/Dec/2022:08:49:01 +0800] "GET /xingrg/kc/buy/cgsh_order_operate.html?command=get_materiel&rest_code=00150&code=00101006055&supplier_code=00100096&order_time=2022-12-15 HTTP/1.1" 200 409
120.253.135.82 - - [15/Dec/2022:08:49:03 +0800] "POST /xingrg/kc/buy/cgsh_order_operate.html HTTP/1.1" 200 2693
116.238.139.35 - - [15/Dec/2022:08:49:10 +0800] "GET /xingrg/all/function/internal_message.html?_=1671065303449&CODE_STATE=getMsg HTTP/1.1" 200 27
120.253.135.82 - - [15/Dec/2022:08:49:21 +0800] "GET /xingrg/all/function/internal_message.html?_=1671065187724&CODE_STATE=getMsg HTTP/1.1" 200 27
116.230.105.139 - - [15/Dec/2022:08:49:22 +0800] "GET /xingrg/kc/buy/cgsh_order_add.html HTTP/1.1" 200 69803
116.230.105.139 - - [15/Dec/2022:08:49:22 +0800] "POST /xingrg/kc/buy/cgsh_order_operate.html HTTP/1.1" 200 8245
116.230.105.139 - - [15/Dec/2022:08:49:22 +0800] "GET /xingrg/javascript/easyui/themes/default/validatebox.css HTTP/1.1" 404 1104
101.83.146.103 - - [15/Dec/2022:08:49:28 +0800] "GET /xingrg/all/function/internal_message.html?_=1671065235885&CODE_STATE=getMsg HTTP/1.1" 200 27
116.238.139.35 - - [15/Dec/2022:08:49:30 +0800] "GET /xingrg/kc/buy/cgsh_order_operate.html?command=get_materiel&rest_code=00150&code=00101006109&supplier_code=00100096&order_time=2022-12-15 HTTP/1.1" 200 411
116.230.105.139 - - [15/Dec/2022:08:49:32 +0800] "GET /xingrg/kc/buy/cgsh_order_operate.html?command=get_materiel&rest_code=00155&code=00101004030&supplier_code=00100199&order_time=2022-12-15 HTTP/1.1" 200 409
116.230.105.139 - - [15/Dec/2022:08:49:37 +0800] "GET /xingrg/all/function/internal_message.html?_=1671065388618&CODE_STATE=getMsg HTTP/1.1" 200 27
120.253.135.82 - - [15/Dec/2022:08:49:39 +0800] "GET /xingrg/kc/print/load_data.html?order_code=212022121504285&kc_code=cgsh&condition= HTTP/1.1" 200 706
116.238.139.35 - - [15/Dec/2022:08:49:42 +0800] "GET /xingrg/kc/buy/cgsh_order_operate.html?command=get_materiel&rest_code=00150&code=00101006133&supplier_code=00100096&order_time=2022-12-15 HTTP/1.1" 200 415
114.84.38.109 - - [15/Dec/2022:08:49:52 +0800] "GET /xingrg/all/function/internal_message.html?_=1671065425393&CODE_STATE=getMsg HTTP/1.1" 200 27
120.253.135.82 - - [15/Dec/2022:08:49:57 +0800] "GET /xingrg/all/function/internal_message.html?_=1671064881724&CODE_STATE=getMsg HTTP/1.1" 302 -
116.238.139.35 - - [15/Dec/2022:08:50:01 +0800] "GET /xingrg/all/function/internal_message.html?_=1671065421799&CODE_STATE=getMsg HTTP/1.1" 200 27
116.192.124.172 - - [15/Dec/2022:08:50:02 +0800] "POST /xingrg/services/DataTransmitService HTTP/1.1" 200 524
120.253.135.82 - - [15/Dec/2022:08:50:05 +0800] "GET /xingrg/check_reg.html?_=1671064889754 HTTP/1.1" 302 -
116.238.139.35 - - [15/Dec/2022:08:50:10 +0800] "GET /xingrg/all/function/internal_message.html?_=1671065363457&CODE_STATE=getMsg HTTP/1.1" 200 27
120.253.135.82 - - [15/Dec/2022:08:50:21 +0800] "GET /xingrg/all/function/internal_message.html?_=1671065247738&CODE_STATE=getMsg HTTP/1.1" 200 27
101.83.146.103 - - [15/Dec/2022:08:50:28 +0800] "GET /xingrg/all/function/internal_message.html?_=1671065295885&CODE_STATE=getMsg HTTP/1.1" 200 27
116.230.105.139 - - [15/Dec/2022:08:50:37 +0800] "GET /xingrg/all/function/internal_message.html?_=1671065448630&CODE_STATE=getMsg HTTP/1.1" 200 27
114.84.38.109 - - [15/Dec/2022:08:50:53 +0800] "GET /xingrg/all/function/internal_message.html?_=1671065485925&CODE_STATE=getMsg HTTP/1.1" 200 27
116.230.105.139 - - [15/Dec/2022:08:50:56 +0800] "GET /xingrg/kc/buy/cgsh_order_operate.html?command=get_materiel&rest_code=00155&code=00101002027&supplier_code=00100199&order_time=2022-12-15 HTTP/1.1" 200 413
120.253.135.82 - - [15/Dec/2022:08:50:57 +0800] "GET /xingrg/all/function/internal_message.html?_=1671064941697&CODE_STATE=getMsg HTTP/1.1" 302 -
116.238.139.35 - - [15/Dec/2022:08:51:01 +0800] "GET /xingrg/all/function/internal_message.html?_=1671065481799&CODE_STATE=getMsg HTTP/1.1" 200 27
116.238.139.35 - - [15/Dec/2022:08:51:01 +0800] "GET /xingrg/check_reg.html?_=1671065481803 HTTP/1.1" 200 22
116.230.105.139 - - [15/Dec/2022:08:51:02 +0800] "GET /xingrg/kc/buy/cgsh_order_operate.html?command=get_materiel&rest_code=00155&code=00101001125&supplier_code=00100199&order_time=2022-12-15 HTTP/1.1" 200 415
116.238.139.35 - - [15/Dec/2022:08:51:10 +0800] "GET /xingrg/all/function/internal_message.html?_=1671065423481&CODE_STATE=getMsg HTTP/1.1" 200 27
116.238.139.35 - - [15/Dec/2022:08:51:20 +0800] "POST /xingrg/kc/buy/cgsh_order_operate.html HTTP/1.1" 200 37
120.253.135.82 - - [15/Dec/2022:08:51:21 +0800] "GET /xingrg/all/function/internal_message.html?_=1671065307751&CODE_STATE=getMsg HTTP/1.1" 200 27
116.238.139.35 - - [15/Dec/2022:08:51:23 +0800] "POST /xingrg/kc/buy/cgsh_order_operate.html HTTP/1.1" 200 12
101.83.146.103 - - [15/Dec/2022:08:51:28 +0800] "GET /xingrg/all/function/internal_message.html?_=1671065355895&CODE_STATE=getMsg HTTP/1.1" 200 27
116.238.139.35 - - [15/Dec/2022:08:51:29 +0800] "GET /xingrg/kc/buy/cgsh_order_info.html?code=212022121504286 HTTP/1.1" 200 64689
116.238.139.35 - - [15/Dec/2022:08:51:30 +0800] "GET /xingrg/javascript/easyui/themes/default/validatebox.css HTTP/1.1" 404 1104
116.238.139.35 - - [15/Dec/2022:08:51:30 +0800] "POST /xingrg/kc/buy/cgsh_order_operate.html HTTP/1.1" 200 8310
120.253.135.82 - - [15/Dec/2022:08:51:36 +0800] "POST /xingrg/kc/buy/cgsh_order_operate.html HTTP/1.1" 200 37
116.230.105.139 - - [15/Dec/2022:08:51:37 +0800] "GET /xingrg/all/function/internal_message.html?_=1671065508619&CODE_STATE=getMsg HTTP/1.1" 200 27
120.253.135.82 - - [15/Dec/2022:08:51:39 +0800] "POST /xingrg/kc/buy/cgsh_order_operate.html HTTP/1.1" 200 12
120.253.135.82 - - [15/Dec/2022:08:51:42 +0800] "GET /xingrg/kc/buy/cgsh_order_info.html?code=212022121504285 HTTP/1.1" 200 63769
120.253.135.82 - - [15/Dec/2022:08:51:43 +0800] "GET /xingrg/javascript/easyui/themes/default/validatebox.css HTTP/1.1" 404 1104
120.253.135.82 - - [15/Dec/2022:08:51:43 +0800] "POST /xingrg/kc/buy/cgsh_order_operate.html HTTP/1.1" 200 643
116.238.139.35 - - [15/Dec/2022:08:51:45 +0800] "GET /xingrg/kc/print/load_config.html?kc_code=cgsh HTTP/1.1" 200 1943
120.253.135.82 - - [15/Dec/2022:08:51:45 +0800] "POST /xingrg/kc/buy/cgsh_list_operate.html HTTP/1.1" 200 986
116.238.139.35 - - [15/Dec/2022:08:51:46 +0800] "GET /xingrg/kc/print/load_data.html?order_code=212022121504286&kc_code=cgsh&condition= HTTP/1.1" 200 3585
114.84.38.109 - - [15/Dec/2022:08:51:53 +0800] "GET /xingrg/all/function/internal_message.html?_=1671065545935&CODE_STATE=getMsg HTTP/1.1" 200 27
116.238.139.35 - - [15/Dec/2022:08:51:53 +0800] "POST /xingrg/all/user/operate.html HTTP/1.1" 200 36
116.238.139.35 - - [15/Dec/2022:08:51:53 +0800] "GET /xingrg/javascript/jquery_easy_ui/themes/default/easyui.css HTTP/1.1" 304 -
116.238.139.35 - - [15/Dec/2022:08:51:53 +0800] "GET /xingrg/index.html?sysBaseUrl=http%3A%2F%2F180.169.147.146%3A18081%2Fxingrg%2F&costTime=39×tamp=1671018582334 HTTP/1.1" 200 17177
116.238.139.35 - - [15/Dec/2022:08:51:53 +0800] "GET /xingrg/javascript/jquery_easy_ui/themes/icon.css HTTP/1.1" 304 -
116.238.139.35 - - [15/Dec/2022:08:51:53 +0800] "GET /xingrg/css/form.css HTTP/1.1" 304 -
116.238.139.35 - - [15/Dec/2022:08:51:53 +0800] "GET /xingrg/javascript/jquery-1.4.2.min.js HTTP/1.1" 304 -
116.238.139.35 - - [15/Dec/2022:08:51:53 +0800] "GET /xingrg/javascript/jquery_easy_ui/jquery.easyui.min.js HTTP/1.1" 304 -
116.238.139.35 - - [15/Dec/2022:08:51:53 +0800] "GET /xingrg/javascript/jquery_easy_ui/easyui-lang-zh_CN.js HTTP/1.1" 304 -
116.238.139.35 - - [15/Dec/2022:08:51:53 +0800] "GET /xingrg/javascript/jquery.form.js HTTP/1.1" 304 -
116.238.139.35 - - [15/Dec/2022:08:51:53 +0800] "GET /xingrg/javascript/jquery.utils.js HTTP/1.1" 304 -
116.238.139.35 - - [15/Dec/2022:08:51:53 +0800] "GET /xingrg/javascript/jquery.timers.js HTTP/1.1" 304 -
116.238.139.35 - - [15/Dec/2022:08:51:53 +0800] "GET /xingrg/images/blue/jxLogo.png HTTP/1.1" 304 -
116.238.139.35 - - [15/Dec/2022:08:51:53 +0800] "GET /xingrg/images/blue/navBackgound.jpg HTTP/1.1" 304 -
116.238.139.35 - - [15/Dec/2022:08:51:54 +0800] "GET /xingrg/javascript/jquery_easy_ui/themes/icons/settle_new.png HTTP/1.1" 304 -
116.238.139.35 - - [15/Dec/2022:08:51:54 +0800] "POST /xingrg/all/common/load_tree.html?tree=area_rest_tree_json&manage=1 HTTP/1.1" 200 476
116.238.139.35 - - [15/Dec/2022:08:51:54 +0800] "GET /xingrg/check_reg.html?_=1671065534693 HTTP/1.1" 200 22
116.238.139.35 - - [15/Dec/2022:08:51:54 +0800] "GET /xingrg/all/function/internal_message.html?_=1671065534692&CODE_STATE=count HTTP/1.1" 200 11
116.238.139.35 - - [15/Dec/2022:08:51:54 +0800] "GET /xingrg/javascript/jquery_easy_ui/themes/default/images/panel_tool_collapse.gif HTTP/1.1" 304 -
116.238.139.35 - - [15/Dec/2022:08:51:54 +0800] "GET /xingrg/javascript/jquery_easy_ui/themes/default/images/tabs_rightarrow.png HTTP/1.1" 304 -
116.238.139.35 - - [15/Dec/2022:08:51:54 +0800] "GET /xingrg/javascript/jquery_easy_ui/themes/default/images/tabs_leftarrow.png HTTP/1.1" 304 -
116.238.139.35 - - [15/Dec/2022:08:51:54 +0800] "GET /xingrg/images/blue/pingpu.png HTTP/1.1" 304 -
116.238.139.35 - - [15/Dec/2022:08:51:54 +0800] "POST /xingrg/load_menu.html HTTP/1.1" 200 5138
120.253.135.82 - - [15/Dec/2022:08:51:57 +0800] "GET /xingrg/all/function/internal_message.html?_=1671065001676&CODE_STATE=getMsg HTTP/1.1" 302 -
116.238.139.35 - - [15/Dec/2022:08:51:58 +0800] "GET /xingrg/kc/buy/cgsh_order_list.html HTTP/1.1" 200 54019
116.238.139.35 - - [15/Dec/2022:08:51:59 +0800] "POST /xingrg/kc/buy/cgsh_list_operate.html HTTP/1.1" 200 986
116.238.139.35 - - [15/Dec/2022:08:52:00 +0800] "GET /xingrg/check_reg.html?_=1671065473406 HTTP/1.1" 200 22
116.238.139.35 - - [15/Dec/2022:08:52:00 +0800] "GET /xingrg/kc/buy/cgsh_order_add.html HTTP/1.1" 200 69394
116.238.139.35 - - [15/Dec/2022:08:52:01 +0800] "POST /xingrg/kc/buy/cgsh_order_operate.html HTTP/1.1" 200 8245
116.238.139.35 - - [15/Dec/2022:08:52:01 +0800] "GET /xingrg/all/common/auto_word.html?type=employee&rest_code=00151 HTTP/1.1" 200 293
116.238.139.35 - - [15/Dec/2022:08:52:01 +0800] "GET /xingrg/all/common/auto_word.html?type=employee&rest_code=00151 HTTP/1.1" 200 293
116.238.139.35 - - [15/Dec/2022:08:52:01 +0800] "GET /xingrg/javascript/easyui/themes/default/validatebox.css HTTP/1.1" 404 1104
116.238.139.35 - - [15/Dec/2022:08:52:02 +0800] "GET /xingrg/javascript/auto/indicator.gif HTTP/1.1" 404 1066
116.238.139.35 - - [15/Dec/2022:08:52:10 +0800] "GET /xingrg/all/function/internal_message.html?_=1671065483484&CODE_STATE=getMsg HTTP/1.1" 200 27
116.238.139.35 - - [15/Dec/2022:08:52:12 +0800] "GET /xingrg/kc/buy/cgsh_order_operate.html?command=get_materiel&rest_code=00151&code=00101012060&supplier_code=00100096&order_time=2022-12-15 HTTP/1.1" 200 408
120.253.135.82 - - [15/Dec/2022:08:52:20 +0800] "POST /xingrg/kc/buy/cgsh_list_operate.html HTTP/1.1" 200 986
120.253.135.82 - - [15/Dec/2022:08:52:20 +0800] "POST /xingrg/kc/buy/cgsh_list_operate.html HTTP/1.1" 200 986
120.253.135.82 - - [15/Dec/2022:08:52:21 +0800] "GET /xingrg/all/function/internal_message.html?_=1671065367766&CODE_STATE=getMsg HTTP/1.1" 200 27
101.83.146.103 - - [15/Dec/2022:08:52:28 +0800] "GET /xingrg/check_reg.html?_=1671065415894 HTTP/1.1" 200 22
101.83.146.103 - - [15/Dec/2022:08:52:28 +0800] "GET /xingrg/all/function/internal_message.html?_=1671065415898&CODE_STATE=getMsg HTTP/1.1" 200 27
116.238.139.35 - - [15/Dec/2022:08:52:37 +0800] "GET /xingrg/kc/buy/cgsh_order_operate.html?command=get_materiel&rest_code=00151&code=00101016025&supplier_code=00100096&order_time=2022-12-15 HTTP/1.1" 200 408
116.230.105.139 - - [15/Dec/2022:08:52:37 +0800] "GET /xingrg/check_reg.html?_=1671065568631 HTTP/1.1" 200 22
116.230.105.139 - - [15/Dec/2022:08:52:37 +0800] "GET /xingrg/all/function/internal_message.html?_=1671065568633&CODE_STATE=getMsg HTTP/1.1" 200 27
116.238.139.35 - - [15/Dec/2022:08:52:45 +0800] "GET /xingrg/kc/buy/cgsh_order_operate.html?command=get_materiel&rest_code=00151&code=00101012039&supplier_code=00100096&order_time=2022-12-15 HTTP/1.1" 200 408
116.230.105.139 - - [15/Dec/2022:08:52:52 +0800] "GET /xingrg/kc/buy/cgsh_order_operate.html?command=get_materiel&rest_code=00155&code=00101003037&supplier_code=00100199&order_time=2022-12-15 HTTP/1.1" 200 415
116.238.139.35 - - [15/Dec/2022:08:52:53 +0800] "GET /xingrg/kc/buy/cgsh_order_operate.html?command=get_materiel&rest_code=00151&code=00101016038&supplier_code=00100096&order_time=2022-12-15 HTTP/1.1" 200 408
114.84.38.109 - - [15/Dec/2022:08:52:53 +0800] "GET /xingrg/all/function/internal_message.html?_=1671065606814&CODE_STATE=getMsg HTTP/1.1" 200 27
116.238.139.35 - - [15/Dec/2022:08:52:54 +0800] "GET /xingrg/all/function/internal_message.html?_=1671065594702&CODE_STATE=getMsg HTTP/1.1" 200 27
101.83.146.103 - - [15/Dec/2022:08:52:55 +0800] "GET /xingrg/kc/buy/cgsh_order_operate.html?command=get_materiel&rest_code=00105&code=00101007024&supplier_code=00100002&order_time=2022-12-15 HTTP/1.1" 200 415
120.253.135.82 - - [15/Dec/2022:08:52:57 +0800] "GET /xingrg/all/function/internal_message.html?_=1671065061645&CODE_STATE=getMsg HTTP/1.1" 302 -
116.230.105.139 - - [15/Dec/2022:08:52:57 +0800] "GET /xingrg/kc/buy/cgsh_order_operate.html?command=get_materiel&rest_code=00155&code=00101005009&supplier_code=00100199&order_time=2022-12-15 HTTP/1.1" 200 415
116.238.139.35 - - [15/Dec/2022:08:53:01 +0800] "GET /xingrg/kc/buy/cgsh_order_operate.html?command=get_materiel&rest_code=00151&code=00101016051&supplier_code=00100096&order_time=2022-12-15 HTTP/1.1" 200 408
116.230.105.139 - - [15/Dec/2022:08:53:03 +0800] "GET /xingrg/kc/buy/cgsh_order_operate.html?command=get_materiel&rest_code=00155&code=00101010161&supplier_code=00100199&order_time=2022-12-15 HTTP/1.1" 200 409
116.238.139.35 - - [15/Dec/2022:08:53:10 +0800] "GET /xingrg/all/function/internal_message.html?_=1671065543497&CODE_STATE=getMsg HTTP/1.1" 200 27
116.230.105.139 - - [15/Dec/2022:08:53:10 +0800] "POST /xingrg/kc/buy/cgsh_order_operate.html HTTP/1.1" 200 37
116.230.105.139 - - [15/Dec/2022:08:53:11 +0800] "POST /xingrg/kc/buy/cgsh_order_operate.html HTTP/1.1" 200 5632
116.230.105.139 - - [15/Dec/2022:08:53:12 +0800] "GET /xingrg/kc/print/load_data.html?order_code=212022121504287&kc_code=cgsh&condition= HTTP/1.1" 200 1818
116.238.139.35 - - [15/Dec/2022:08:53:17 +0800] "GET /xingrg/kc/buy/cgsh_order_operate.html?command=get_materiel&rest_code=00151&code=00101012019&supplier_code=00100096&order_time=2022-12-15 HTTP/1.1" 200 412
120.253.135.82 - - [15/Dec/2022:08:53:21 +0800] "GET /xingrg/check_reg.html?_=1671065427442 HTTP/1.1" 200 22
120.253.135.82 - - [15/Dec/2022:08:53:21 +0800] "GET /xingrg/all/function/internal_message.html?_=1671065427779&CODE_STATE=getMsg HTTP/1.1" 200 27
101.83.146.103 - - [15/Dec/2022:08:53:22 +0800] "GET /xingrg/kc/buy/cgsh_order_operate.html?command=get_materiel&rest_code=00105&code=00101007049&supplier_code=00100002&order_time=2022-12-15 HTTP/1.1" 200 409
101.83.146.103 - - [15/Dec/2022:08:53:28 +0800] "GET /xingrg/all/function/internal_message.html?_=1671065475894&CODE_STATE=getMsg HTTP/1.1" 200 27
116.238.139.35 - - [15/Dec/2022:08:53:34 +0800] "GET /xingrg/kc/buy/cgsh_order_operate.html?command=get_materiel&rest_code=00151&code=00101012044&supplier_code=00100096&order_time=2022-12-15 HTTP/1.1" 200 408
116.230.105.139 - - [15/Dec/2022:08:53:37 +0800] "GET /xingrg/all/function/internal_message.html?_=1671065628617&CODE_STATE=getMsg HTTP/1.1" 200 27
116.238.139.35 - - [15/Dec/2022:08:53:41 +0800] "GET /xingrg/kc/buy/cgsh_order_operate.html?command=get_materiel&rest_code=00151&code=00101012059&supplier_code=00100096&order_time=2022-12-15 HTTP/1.1" 200 412
114.84.38.109 - - [15/Dec/2022:08:53:42 +0800] "GET /xingrg/check_reg.html?_=1671065655198 HTTP/1.1" 200 22
101.83.146.103 - - [15/Dec/2022:08:53:46 +0800] "GET /xingrg/kc/buy/cgsh_order_operate.html?command=get_materiel&rest_code=00105&code=00101007030&supplier_code=00100002&order_time=2022-12-15 HTTP/1.1" 200 413
116.238.139.35 - - [15/Dec/2022:08:53:50 +0800] "GET /xingrg/kc/buy/cgsh_order_operate.html?command=get_materiel&rest_code=00151&code=00101005037&supplier_code=00100096&order_time=2022-12-15 HTTP/1.1" 200 409
114.84.38.109 - - [15/Dec/2022:08:53:53 +0800] "GET /xingrg/all/function/internal_message.html?_=1671065666820&CODE_STATE=getMsg HTTP/1.1" 200 27
116.238.139.35 - - [15/Dec/2022:08:53:54 +0800] "GET /xingrg/all/function/internal_message.html?_=1671065654703&CODE_STATE=getMsg HTTP/1.1" 200 27
120.253.135.82 - - [15/Dec/2022:08:53:57 +0800] "GET /xingrg/all/function/internal_message.html?_=1671065121613&CODE_STATE=getMsg HTTP/1.1" 302 -
116.238.139.35 - - [15/Dec/2022:08:54:04 +0800] "GET /xingrg/kc/buy/cgsh_order_operate.html?command=get_materiel&rest_code=00151&code=00101006168&supplier_code=00100096&order_time=2022-12-15 HTTP/1.1" 200 423
116.238.139.35 - - [15/Dec/2022:08:54:10 +0800] "GET /xingrg/all/function/internal_message.html?_=1671065603520&CODE_STATE=getMsg HTTP/1.1" 200 27
120.253.135.82 - - [15/Dec/2022:08:54:21 +0800] "GET /xingrg/all/function/internal_message.html?_=1671065487792&CODE_STATE=getMsg HTTP/1.1" 200 27
116.238.139.35 - - [15/Dec/2022:08:54:23 +0800] "GET /xingrg/kc/buy/cgsh_order_operate.html?command=get_materiel&rest_code=00151&code=00101006134&supplier_code=00100096&order_time=2022-12-15 HTTP/1.1" 200 419
101.83.146.103 - - [15/Dec/2022:08:54:28 +0800] "GET /xingrg/all/function/internal_message.html?_=1671065535895&CODE_STATE=getMsg HTTP/1.1" 200 27
120.253.135.82 - - [15/Dec/2022:08:54:36 +0800] "GET /xingrg/kc/buy/cgsh_order_list.html HTTP/1.1" 200 54015
116.230.105.139 - - [15/Dec/2022:08:54:37 +0800] "GET /xingrg/all/function/internal_message.html?_=1671065688614&CODE_STATE=getMsg HTTP/1.1" 200 27
120.253.135.82 - - [15/Dec/2022:08:54:37 +0800] "POST /xingrg/kc/buy/cgsh_list_operate.html HTTP/1.1" 200 986
120.253.135.82 - - [15/Dec/2022:08:54:41 +0800] "GET /xingrg/kc/report/report_main.html HTTP/1.1" 200 8599
120.253.135.82 - - [15/Dec/2022:08:54:43 +0800] "GET /xingrg/kc/base/kc_stocks.html HTTP/1.1" 200 16506
120.253.135.82 - - [15/Dec/2022:08:54:43 +0800] "GET /xingrg/javascript/easyui/themes/default/tree.css HTTP/1.1" 404 1090
120.253.135.82 - - [15/Dec/2022:08:54:43 +0800] "POST /xingrg/all/common/load_tree.html?tree=materiel_sort_tree_json HTTP/1.1" 200 9500
120.253.135.82 - - [15/Dec/2022:08:54:45 +0800] "POST /xingrg/all/common/load_combo.html?type=base HTTP/1.1" 200 1169
114.84.38.109 - - [15/Dec/2022:08:54:50 +0800] "POST /xingrg/services/DataTransmitService HTTP/1.1" 200 524
120.253.135.82 - - [15/Dec/2022:08:54:53 +0800] "POST /xingrg/kc/base/stock_operate.html HTTP/1.1" 200 1472
114.84.38.109 - - [15/Dec/2022:08:54:53 +0800] "GET /xingrg/all/function/internal_message.html?_=1671065726834&CODE_STATE=getMsg HTTP/1.1" 200 27
116.238.139.35 - - [15/Dec/2022:08:54:54 +0800] "GET /xingrg/all/function/internal_message.html?_=1671065714776&CODE_STATE=getMsg HTTP/1.1" 200 27
120.253.135.82 - - [15/Dec/2022:08:54:57 +0800] "GET /xingrg/all/function/internal_message.html?_=1671065181582&CODE_STATE=getMsg HTTP/1.1" 302 -
120.253.135.82 - - [15/Dec/2022:08:55:05 +0800] "GET /xingrg/check_reg.html?_=1671065189729 HTTP/1.1" 302 -
116.238.139.35 - - [15/Dec/2022:08:55:10 +0800] "GET /xingrg/all/function/internal_message.html?_=1671065663525&CODE_STATE=getMsg HTTP/1.1" 200 27
120.253.135.82 - - [15/Dec/2022:08:55:21 +0800] "GET /xingrg/all/function/internal_message.html?_=1671065547805&CODE_STATE=getMsg HTTP/1.1" 200 27
101.83.146.103 - - [15/Dec/2022:08:55:28 +0800] "GET /xingrg/all/function/internal_message.html?_=1671065595903&CODE_STATE=getMsg HTTP/1.1" 200 27
116.238.139.35 - - [15/Dec/2022:08:55:30 +0800] "POST /xingrg/kc/buy/cgsh_order_operate.html HTTP/1.1" 200 37
116.238.139.35 - - [15/Dec/2022:08:55:34 +0800] "POST /xingrg/kc/buy/cgsh_order_operate.html HTTP/1.1" 200 12
116.238.139.35 - - [15/Dec/2022:08:55:35 +0800] "GET /xingrg/kc/buy/cgsh_order_info.html?code=212022121504288 HTTP/1.1" 200 64287
116.238.139.35 - - [15/Dec/2022:08:55:36 +0800] "GET /xingrg/javascript/easyui/themes/default/validatebox.css HTTP/1.1" 404 1104
116.238.139.35 - - [15/Dec/2022:08:55:36 +0800] "POST /xingrg/kc/buy/cgsh_order_operate.html HTTP/1.1" 200 6601
116.230.105.139 - - [15/Dec/2022:08:55:37 +0800] "GET /xingrg/all/function/internal_message.html?_=1671065748620&CODE_STATE=getMsg HTTP/1.1" 200 27
116.238.139.35 - - [15/Dec/2022:08:55:38 +0800] "GET /xingrg/kc/print/load_data.html?order_code=212022121504288&kc_code=cgsh&condition= HTTP/1.1" 200 3004
116.238.139.35 - - [15/Dec/2022:08:55:54 +0800] "GET /xingrg/all/function/internal_message.html?_=1671065774750&CODE_STATE=getMsg HTTP/1.1" 200 27
114.84.38.109 - - [15/Dec/2022:08:55:54 +0800] "GET /xingrg/all/function/internal_message.html?_=1671065787383&CODE_STATE=getMsg HTTP/1.1" 200 27
120.253.135.82 - - [15/Dec/2022:08:55:57 +0800] "GET /xingrg/all/function/internal_message.html?_=1671065241578&CODE_STATE=getMsg HTTP/1.1" 302 -
116.238.139.35 - - [15/Dec/2022:08:56:10 +0800] "GET /xingrg/all/function/internal_message.html?_=1671065723549&CODE_STATE=getMsg HTTP/1.1" 200 27
101.83.146.103 - - [15/Dec/2022:08:56:15 +0800] "POST /xingrg/kc/buy/cgsh_order_operate.html HTTP/1.1" 200 37
101.83.146.103 - - [15/Dec/2022:08:56:17 +0800] "POST /xingrg/kc/buy/cgsh_order_operate.html HTTP/1.1" 200 4428
101.83.146.103 - - [15/Dec/2022:08:56:19 +0800] "GET /xingrg/kc/print/load_data.html?order_code=212022121504289&kc_code=cgsh&condition= HTTP/1.1" 200 1423
120.253.135.82 - - [15/Dec/2022:08:56:21 +0800] "GET /xingrg/all/function/internal_message.html?_=1671065607820&CODE_STATE=getMsg HTTP/1.1" 200 27
101.83.146.103 - - [15/Dec/2022:08:56:28 +0800] "GET /xingrg/all/function/internal_message.html?_=1671065655901&CODE_STATE=getMsg HTTP/1.1" 200 27
116.230.105.139 - - [15/Dec/2022:08:56:37 +0800] "GET /xingrg/all/function/internal_message.html?_=1671065808625&CODE_STATE=getMsg HTTP/1.1" 200 27
120.253.135.82 - - [15/Dec/2022:08:56:42 +0800] "GET /xingrg/kc/buy/cgsh_order_list.html HTTP/1.1" 200 54015
120.253.135.82 - - [15/Dec/2022:08:56:43 +0800] "POST /xingrg/kc/buy/cgsh_list_operate.html HTTP/1.1" 200 986
120.253.135.82 - - [15/Dec/2022:08:56:46 +0800] "GET /xingrg/kc/buy/cgsh_order_add.html HTTP/1.1" 200 68860
120.253.135.82 - - [15/Dec/2022:08:56:46 +0800] "POST /xingrg/kc/buy/cgsh_order_operate.html HTTP/1.1" 200 8245
120.253.135.82 - - [15/Dec/2022:08:56:46 +0800] "GET /xingrg/javascript/easyui/themes/default/validatebox.css HTTP/1.1" 404 1104
120.253.135.82 - - [15/Dec/2022:08:56:51 +0800] "POST /xingrg/all/common/load_combo.html?type=employee HTTP/1.1" 200 1752
116.238.139.35 - - [15/Dec/2022:08:56:54 +0800] "GET /xingrg/check_reg.html?_=1671065834707 HTTP/1.1" 200 22
116.238.139.35 - - [15/Dec/2022:08:56:54 +0800] "GET /xingrg/all/function/internal_message.html?_=1671065834728&CODE_STATE=getMsg HTTP/1.1" 200 27
114.84.38.109 - - [15/Dec/2022:08:56:54 +0800] "GET /xingrg/all/function/internal_message.html?_=1671065847392&CODE_STATE=getMsg HTTP/1.1" 200 27
120.253.135.82 - - [15/Dec/2022:08:56:57 +0800] "GET /xingrg/all/function/internal_message.html?_=1671065301545&CODE_STATE=getMsg HTTP/1.1" 302 -
116.238.139.35 - - [15/Dec/2022:08:57:00 +0800] "GET /xingrg/check_reg.html?_=1671065773420 HTTP/1.1" 200 22
120.253.135.82 - - [15/Dec/2022:08:57:10 +0800] "GET /xingrg/kc/buy/cgsh_order_operate.html?command=get_materiel&rest_code=00101&code=00102002296&supplier_code=00100151&order_time=2022-12-15 HTTP/1.1" 200 442
116.238.139.35 - - [15/Dec/2022:08:57:10 +0800] "GET /xingrg/all/function/internal_message.html?_=1671065783551&CODE_STATE=getMsg HTTP/1.1" 200 27
58.22.1.50 - - [15/Dec/2022:08:57:13 +0800] "GET /favicon.ico HTTP/1.1" 404 -
120.253.135.82 - - [15/Dec/2022:08:57:21 +0800] "GET /xingrg/all/function/internal_message.html?_=1671065667833&CODE_STATE=getMsg HTTP/1.1" 200 27
101.83.146.103 - - [15/Dec/2022:08:57:28 +0800] "GET /xingrg/all/function/internal_message.html?_=1671065715904&CODE_STATE=getMsg HTTP/1.1" 200 27
101.83.146.103 - - [15/Dec/2022:08:57:28 +0800] "GET /xingrg/check_reg.html?_=1671065715907 HTTP/1.1" 200 22
116.230.105.139 - - [15/Dec/2022:08:57:37 +0800] "GET /xingrg/all/function/internal_message.html?_=1671065868618&CODE_STATE=getMsg HTTP/1.1" 200 27
116.230.105.139 - - [15/Dec/2022:08:57:37 +0800] "GET /xingrg/check_reg.html?_=1671065868620 HTTP/1.1" 200 22
116.238.139.35 - - [15/Dec/2022:08:57:54 +0800] "GET /xingrg/all/function/internal_message.html?_=1671065894715&CODE_STATE=getMsg HTTP/1.1" 200 27
114.84.38.109 - - [15/Dec/2022:08:57:55 +0800] "GET /xingrg/all/function/internal_message.html?_=1671065908125&CODE_STATE=getMsg HTTP/1.1" 200 27
120.253.135.82 - - [15/Dec/2022:08:57:56 +0800] "POST /xingrg/kc/buy/cgsh_order_operate.html HTTP/1.1" 200 37
120.253.135.82 - - [15/Dec/2022:08:57:56 +0800] "GET /xingrg/all/function/internal_message.html?_=1671065361514&CODE_STATE=getMsg HTTP/1.1" 302 -
120.253.135.82 - - [15/Dec/2022:08:57:58 +0800] "POST /xingrg/kc/buy/cgsh_order_operate.html HTTP/1.1" 200 2674
116.238.139.35 - - [15/Dec/2022:08:58:10 +0800] "GET /xingrg/all/function/internal_message.html?_=1671065843565&CODE_STATE=getMsg HTTP/1.1" 200 27
120.253.135.82 - - [15/Dec/2022:08:58:21 +0800] "GET /xingrg/check_reg.html?_=1671065727447 HTTP/1.1" 200 22
120.253.135.82 - - [15/Dec/2022:08:58:21 +0800] "GET /xingrg/all/function/internal_message.html?_=1671065727845&CODE_STATE=getMsg HTTP/1.1" 200 27
101.83.146.103 - - [15/Dec/2022:08:58:28 +0800] "GET /xingrg/all/function/internal_message.html?_=1671065775915&CODE_STATE=getMsg HTTP/1.1" 200 27
116.230.105.139 - - [15/Dec/2022:08:58:37 +0800] "GET /xingrg/all/function/internal_message.html?_=1671065928633&CODE_STATE=getMsg HTTP/1.1" 200 27
114.84.38.109 - - [15/Dec/2022:08:58:42 +0800] "GET /xingrg/check_reg.html?_=1671065955204 HTTP/1.1" 200 22
120.253.135.82 - - [15/Dec/2022:08:58:42 +0800] "GET /xingrg/kc/buy/cgsh_order_operate.html?command=get_materiel&rest_code=00101&code=00102002313&supplier_code=00100151&order_time=2022-12-15 HTTP/1.1" 200 444
116.238.139.35 - - [15/Dec/2022:08:58:54 +0800] "GET /xingrg/all/function/internal_message.html?_=1671065954715&CODE_STATE=getMsg HTTP/1.1" 200 27
114.84.38.109 - - [15/Dec/2022:08:58:55 +0800] "GET /xingrg/all/function/internal_message.html?_=1671065968137&CODE_STATE=getMsg HTTP/1.1" 200 27
120.253.135.82 - - [15/Dec/2022:08:58:56 +0800] "GET /xingrg/all/function/internal_message.html?_=1671065421484&CODE_STATE=getMsg HTTP/1.1" 302 -
120.253.135.82 - - [15/Dec/2022:08:59:07 +0800] "POST /xingrg/kc/buy/cgsh_order_operate.html HTTP/1.1" 200 37
120.253.135.82 - - [15/Dec/2022:08:59:09 +0800] "POST /xingrg/kc/buy/cgsh_order_operate.html HTTP/1.1" 200 3287
116.238.139.35 - - [15/Dec/2022:08:59:10 +0800] "GET /xingrg/all/function/internal_message.html?_=1671065903584&CODE_STATE=getMsg HTTP/1.1" 200 27
120.253.135.82 - - [15/Dec/2022:08:59:22 +0800] "GET /xingrg/all/function/internal_message.html?_=1671065787860&CODE_STATE=getMsg HTTP/1.1" 200 27
101.83.146.103 - - [15/Dec/2022:08:59:28 +0800] "GET /xingrg/all/function/internal_message.html?_=1671065835905&CODE_STATE=getMsg HTTP/1.1" 200 27
116.230.105.139 - - [15/Dec/2022:08:59:37 +0800] "GET /xingrg/all/function/internal_message.html?_=1671065988622&CODE_STATE=getMsg HTTP/1.1" 200 27
101.83.146.103 - - [15/Dec/2022:08:59:49 +0800] "GET /xingrg/kc/buy/cgsh_order_add.html HTTP/1.1" 200 69879
101.83.146.103 - - [15/Dec/2022:08:59:50 +0800] "POST /xingrg/kc/buy/cgsh_order_operate.html HTTP/1.1" 200 8245
101.83.146.103 - - [15/Dec/2022:08:59:50 +0800] "GET /xingrg/javascript/easyui/themes/default/validatebox.css HTTP/1.1" 404 1104
116.238.139.35 - - [15/Dec/2022:08:59:54 +0800] "GET /xingrg/all/function/internal_message.html?_=1671066014720&CODE_STATE=getMsg HTTP/1.1" 200 27
114.84.38.109 - - [15/Dec/2022:08:59:55 +0800] "GET /xingrg/all/function/internal_message.html?_=1671066028151&CODE_STATE=getMsg HTTP/1.1" 200 27
120.253.135.82 - - [15/Dec/2022:08:59:56 +0800] "GET /xingrg/all/function/internal_message.html?_=1671065481452&CODE_STATE=getMsg HTTP/1.1" 302 -
114.84.38.109 - - [15/Dec/2022:09:00:00 +0800] "POST /xingrg/services/DataTransmitService HTTP/1.1" 200 524
120.253.135.82 - - [15/Dec/2022:09:00:05 +0800] "GET /xingrg/check_reg.html?_=1671065489731 HTTP/1.1" 302 -
101.83.146.103 - - [15/Dec/2022:09:00:08 +0800] "GET /xingrg/kc/buy/cgsh_order_operate.html?command=get_materiel&rest_code=00105&code=00101002027&supplier_code=00100397&order_time=2022-12-15 HTTP/1.1" 200 413
116.238.139.35 - - [15/Dec/2022:09:00:10 +0800] "GET /xingrg/all/function/internal_message.html?_=1671065963592&CODE_STATE=getMsg HTTP/1.1" 200 27
120.253.135.82 - - [15/Dec/2022:09:00:19 +0800] "POST /xingrg/kc/buy/cgsh_order_operate.html HTTP/1.1" 200 37
120.253.135.82 - - [15/Dec/2022:09:00:20 +0800] "POST /xingrg/kc/buy/cgsh_order_operate.html HTTP/1.1" 200 3287
120.253.135.82 - - [15/Dec/2022:09:00:22 +0800] "GET /xingrg/all/function/internal_message.html?_=1671065847873&CODE_STATE=getMsg HTTP/1.1" 200 27
101.83.146.103 - - [15/Dec/2022:09:00:28 +0800] "GET /xingrg/all/function/internal_message.html?_=1671065895910&CODE_STATE=getMsg HTTP/1.1" 200 27
116.230.105.139 - - [15/Dec/2022:09:00:37 +0800] "GET /xingrg/all/function/internal_message.html?_=1671066048622&CODE_STATE=getMsg HTTP/1.1" 200 27
116.238.139.35 - - [15/Dec/2022:09:00:54 +0800] "GET /xingrg/all/function/internal_message.html?_=1671066074721&CODE_STATE=getMsg HTTP/1.1" 200 27
114.84.38.109 - - [15/Dec/2022:09:00:55 +0800] "GET /xingrg/all/function/internal_message.html?_=1671066088678&CODE_STATE=getMsg HTTP/1.1" 200 27
120.253.135.82 - - [15/Dec/2022:09:00:56 +0800] "GET /xingrg/all/function/internal_message.html?_=1671065541422&CODE_STATE=getMsg HTTP/1.1" 302 -
116.238.139.35 - - [15/Dec/2022:09:01:10 +0800] "GET /xingrg/all/function/internal_message.html?_=1671066023617&CODE_STATE=getMsg HTTP/1.1" 200 27
120.253.135.82 - - [15/Dec/2022:09:01:22 +0800] "GET /xingrg/all/function/internal_message.html?_=1671065907888&CODE_STATE=getMsg HTTP/1.1" 200 27
101.83.146.103 - - [15/Dec/2022:09:01:28 +0800] "GET /xingrg/all/function/internal_message.html?_=1671065955912&CODE_STATE=getMsg HTTP/1.1" 200 27
116.230.105.139 - - [15/Dec/2022:09:01:37 +0800] "GET /xingrg/all/function/internal_message.html?_=1671066108609&CODE_STATE=getMsg HTTP/1.1" 200 27
120.253.135.82 - - [15/Dec/2022:09:01:37 +0800] "GET /xingrg/kc/print/load_data.html?order_code=212022121504290&kc_code=cgsh&condition= HTTP/1.1" 200 916
101.83.146.103 - - [15/Dec/2022:09:01:44 +0800] "GET /xingrg/kc/buy/cgsh_order_operate.html?command=get_materiel&rest_code=00105&code=00101001010&supplier_code=00100397&order_time=2022-12-15 HTTP/1.1" 200 409
116.238.139.35 - - [15/Dec/2022:09:01:54 +0800] "GET /xingrg/check_reg.html?_=1671066134708 HTTP/1.1" 200 22
116.238.139.35 - - [15/Dec/2022:09:01:54 +0800] "GET /xingrg/all/function/internal_message.html?_=1671066134712&CODE_STATE=getMsg HTTP/1.1" 200 27
114.84.38.109 - - [15/Dec/2022:09:01:55 +0800] "GET /xingrg/all/function/internal_message.html?_=1671066148692&CODE_STATE=getMsg HTTP/1.1" 200 27
120.253.135.82 - - [15/Dec/2022:09:01:56 +0800] "GET /xingrg/all/function/internal_message.html?_=1671065601424&CODE_STATE=getMsg HTTP/1.1" 302 -
116.238.139.35 - - [15/Dec/2022:09:02:00 +0800] "GET /xingrg/check_reg.html?_=1671066073417 HTTP/1.1" 200 22
116.238.139.35 - - [15/Dec/2022:09:02:10 +0800] "GET /xingrg/all/function/internal_message.html?_=1671066083619&CODE_STATE=getMsg HTTP/1.1" 200 27
120.253.135.82 - - [15/Dec/2022:09:02:22 +0800] "GET /xingrg/all/function/internal_message.html?_=1671065968127&CODE_STATE=getMsg HTTP/1.1" 200 27
101.83.146.103 - - [15/Dec/2022:09:02:28 +0800] "GET /xingrg/check_reg.html?_=1671066015935 HTTP/1.1" 200 22
101.83.146.103 - - [15/Dec/2022:09:02:28 +0800] "GET /xingrg/all/function/internal_message.html?_=1671066015937&CODE_STATE=getMsg HTTP/1.1" 200 27
101.83.146.103 - - [15/Dec/2022:09:02:32 +0800] "POST /xingrg/kc/buy/cgsh_order_operate.html HTTP/1.1" 200 37
101.83.146.103 - - [15/Dec/2022:09:02:33 +0800] "POST /xingrg/kc/buy/cgsh_order_operate.html HTTP/1.1" 200 3841
101.83.146.103 - - [15/Dec/2022:09:02:35 +0800] "GET /xingrg/kc/print/load_data.html?order_code=212022121504291&kc_code=cgsh&condition= HTTP/1.1" 200 1120
116.230.105.139 - - [15/Dec/2022:09:02:37 +0800] "GET /xingrg/all/function/internal_message.html?_=1671066168624&CODE_STATE=getMsg HTTP/1.1" 200 27
116.230.105.139 - - [15/Dec/2022:09:02:37 +0800] "GET /xingrg/check_reg.html?_=1671066168625 HTTP/1.1" 200 22
116.238.139.35 - - [15/Dec/2022:09:02:54 +0800] "GET /xingrg/all/function/internal_message.html?_=1671066194712&CODE_STATE=getMsg HTTP/1.1" 200 27
114.84.38.109 - - [15/Dec/2022:09:02:56 +0800] "GET /xingrg/all/function/internal_message.html?_=1671066209431&CODE_STATE=getMsg HTTP/1.1" 200 27
120.253.135.82 - - [15/Dec/2022:09:02:56 +0800] "GET /xingrg/all/function/internal_message.html?_=1671065661401&CODE_STATE=getMsg HTTP/1.1" 302 -
116.237.75.219 - - [15/Dec/2022:09:03:02 +0800] "GET /favicon.ico HTTP/1.1" 404 -
116.238.139.35 - - [15/Dec/2022:09:03:10 +0800] "GET /xingrg/all/function/internal_message.html?_=1671066143633&CODE_STATE=getMsg HTTP/1.1" 200 27
120.253.135.82 - - [15/Dec/2022:09:03:15 +0800] "POST /xingrg/kc/buy/cgsh_order_operate.html HTTP/1.1" 200 37
120.253.135.82 - - [15/Dec/2022:09:03:21 +0800] "GET /xingrg/check_reg.html?_=1671066027704 HTTP/1.1" 200 22
120.253.135.82 - - [15/Dec/2022:09:03:22 +0800] "GET /xingrg/all/function/internal_message.html?_=1671066028133&CODE_STATE=getMsg HTTP/1.1" 200 27
116.237.75.219 - - [15/Dec/2022:09:03:23 +0800] "GET /xingrg/login.html HTTP/1.1" 200 7641
101.83.146.103 - - [15/Dec/2022:09:03:24 +0800] "GET /xingrg/kc/buy/cgsh_order_add.html HTTP/1.1" 200 69879
120.253.135.82 - - [15/Dec/2022:09:03:24 +0800] "POST /xingrg/kc/buy/cgsh_order_operate.html HTTP/1.1" 200 12
101.83.146.103 - - [15/Dec/2022:09:03:24 +0800] "POST /xingrg/kc/buy/cgsh_order_operate.html HTTP/1.1" 200 8245
101.83.146.103 - - [15/Dec/2022:09:03:24 +0800] "GET /xingrg/javascript/easyui/themes/default/validatebox.css HTTP/1.1" 404 1104
116.237.75.219 - - [15/Dec/2022:09:03:25 +0800] "GET /favicon.ico HTTP/1.1" 404 -
120.253.135.82 - - [15/Dec/2022:09:03:26 +0800] "GET /xingrg/kc/buy/cgsh_order_info.html?code=212022121504290 HTTP/1.1" 200 63753
116.237.75.219 - - [15/Dec/2022:09:03:27 +0800] "POST /xingrg/login.do HTTP/1.1" 302 -
116.237.75.219 - - [15/Dec/2022:09:03:27 +0800] "GET /xingrg/index.html?sysBaseUrl=http%3A%2F%2F180.169.147.146%3A18081%2Fxingrg%2F&costTime=39×tamp=1671066207000 HTTP/1.1" 200 17173
120.253.135.82 - - [15/Dec/2022:09:03:27 +0800] "GET /xingrg/javascript/easyui/themes/default/validatebox.css HTTP/1.1" 404 1104
116.237.75.219 - - [15/Dec/2022:09:03:27 +0800] "GET /favicon.ico HTTP/1.1" 404 -
116.237.75.219 - - [15/Dec/2022:09:03:27 +0800] "POST /xingrg/all/common/load_tree.html?tree=area_rest_tree_json&manage=1 HTTP/1.1" 200 342
116.237.75.219 - - [15/Dec/2022:09:03:27 +0800] "GET /xingrg/check_reg.html?_=1671066230227 HTTP/1.1" 200 22
116.237.75.219 - - [15/Dec/2022:09:03:27 +0800] "GET /xingrg/all/function/internal_message.html?_=1671066230225&CODE_STATE=count HTTP/1.1" 200 11
116.237.75.219 - - [15/Dec/2022:09:03:28 +0800] "POST /xingrg/load_menu.html HTTP/1.1" 200 5138
120.253.135.82 - - [15/Dec/2022:09:03:28 +0800] "POST /xingrg/kc/buy/cgsh_order_operate.html HTTP/1.1" 200 1237
101.83.146.103 - - [15/Dec/2022:09:03:28 +0800] "GET /xingrg/all/function/internal_message.html?_=1671066075932&CODE_STATE=getMsg HTTP/1.1" 200 27
116.237.75.219 - - [15/Dec/2022:09:03:29 +0800] "GET /xingrg/kc/buy/buy_main.html HTTP/1.1" 200 12412
116.237.75.219 - - [15/Dec/2022:09:03:29 +0800] "GET /xingrg/css/new_ie.css HTTP/1.1" 404 1036
116.237.75.219 - - [15/Dec/2022:09:03:29 +0800] "GET /xingrg/images/yd/bt.gif HTTP/1.1" 404 1040
116.237.75.219 - - [15/Dec/2022:09:03:30 +0800] "GET /xingrg/kc/buy/cgsh_order_list.html HTTP/1.1" 200 54015
116.237.75.219 - - [15/Dec/2022:09:03:32 +0800] "POST /xingrg/kc/buy/cgsh_list_operate.html HTTP/1.1" 200 986
120.253.135.82 - - [15/Dec/2022:09:03:34 +0800] "GET /xingrg/kc/pszx/mdps_order_list.html?orderType=0 HTTP/1.1" 200 21035
120.253.135.82 - - [15/Dec/2022:09:03:34 +0800] "POST /xingrg/kc/pszx/mdps_list_operate.html HTTP/1.1" 200 5246
120.253.135.82 - - [15/Dec/2022:09:03:35 +0800] "POST /xingrg/kc/buy/cgsh_list_operate.html HTTP/1.1" 200 986
116.230.105.139 - - [15/Dec/2022:09:03:37 +0800] "GET /xingrg/all/function/internal_message.html?_=1671066228625&CODE_STATE=getMsg HTTP/1.1" 200 27
116.237.75.219 - - [15/Dec/2022:09:03:41 +0800] "GET /xingrg/kc/buy/cgsh_order_add.html HTTP/1.1" 200 69797
116.237.75.219 - - [15/Dec/2022:09:03:41 +0800] "GET /xingrg/words/20221213125614_words.js HTTP/1.1" 304 -
116.237.75.219 - - [15/Dec/2022:09:03:42 +0800] "GET /xingrg/all/common/auto_word.html?type=employee&rest_code=00106 HTTP/1.1" 200 205
