116.237.75.219 - - [15/Dec/2022:09:03:42 +0800] "GET /xingrg/javascript/easyui/themes/default/validatebox.css HTTP/1.1" 404 1104
116.237.75.219 - - [15/Dec/2022:09:03:42 +0800] "GET /xingrg/all/common/auto_word.html?type=employee&rest_code=00106 HTTP/1.1" 200 205
116.237.75.219 - - [15/Dec/2022:09:03:42 +0800] "POST /xingrg/kc/buy/cgsh_order_operate.html HTTP/1.1" 200 8245
114.84.38.109 - - [15/Dec/2022:09:03:42 +0800] "GET /xingrg/check_reg.html?_=1671066255209 HTTP/1.1" 200 22
116.237.75.219 - - [15/Dec/2022:09:03:44 +0800] "GET /xingrg/javascript/auto/indicator.gif HTTP/1.1" 404 1066
101.83.146.103 - - [15/Dec/2022:09:03:44 +0800] "GET /xingrg/kc/buy/cgsh_order_operate.html?command=get_materiel&rest_code=00105&code=00101009109&supplier_code=00100024&order_time=2022-12-15 HTTP/1.1" 200 413
120.253.135.82 - - [15/Dec/2022:09:03:49 +0800] "POST /xingrg/kc/pszx/mdps_list_operate.html HTTP/1.1" 200 3180
120.253.135.82 - - [15/Dec/2022:09:03:52 +0800] "POST /xingrg/kc/pszx/mdps_list_operate.html HTTP/1.1" 200 610
120.253.135.82 - - [15/Dec/2022:09:03:53 +0800] "GET /xingrg/kc/pszx/mdps_order_info.html?code=312022121500332 HTTP/1.1" 200 23978
116.238.139.35 - - [15/Dec/2022:09:03:54 +0800] "GET /xingrg/all/function/internal_message.html?_=1671066254720&CODE_STATE=getMsg HTTP/1.1" 200 27
120.253.135.82 - - [15/Dec/2022:09:03:54 +0800] "GET /xingrg/javascript/easyui/themes/default/validatebox.css HTTP/1.1" 404 1104
120.253.135.82 - - [15/Dec/2022:09:03:54 +0800] "POST /xingrg/kc/pszx/mdps_order_operate.html HTTP/1.1" 200 9317
114.84.38.109 - - [15/Dec/2022:09:03:56 +0800] "GET /xingrg/all/function/internal_message.html?_=1671066269437&CODE_STATE=getMsg HTTP/1.1" 200 27
120.253.135.82 - - [15/Dec/2022:09:03:56 +0800] "GET /xingrg/all/function/internal_message.html?_=1671065721370&CODE_STATE=getMsg HTTP/1.1" 302 -
101.83.146.103 - - [15/Dec/2022:09:04:04 +0800] "GET /xingrg/kc/buy/cgsh_order_operate.html?command=get_materiel&rest_code=00105&code=00101009062&supplier_code=00100024&order_time=2022-12-15 HTTP/1.1" 200 412
114.83.220.141 - - [15/Dec/2022:09:04:08 +0800] "POST /xingrg/services/DataTransmitService HTTP/1.1" 200 524
116.238.139.35 - - [15/Dec/2022:09:04:10 +0800] "GET /xingrg/all/function/internal_message.html?_=1671066203657&CODE_STATE=getMsg HTTP/1.1" 200 27
116.237.75.219 - - [15/Dec/2022:09:04:11 +0800] "GET /xingrg/javascript/easyui/themes/default/tree.css HTTP/1.1" 404 1090
116.237.75.219 - - [15/Dec/2022:09:04:11 +0800] "POST /xingrg/all/common/load_tree.html?tree=supplier_tree_json&isDelete=1 HTTP/1.1" 200 70739
120.253.135.82 - - [15/Dec/2022:09:04:18 +0800] "POST /xingrg/kc/pszx/mdps_list_operate.html HTTP/1.1" 200 2805
120.253.135.82 - - [15/Dec/2022:09:04:20 +0800] "POST /xingrg/kc/pszx/mdps_list_operate.html HTTP/1.1" 200 296
120.253.135.82 - - [15/Dec/2022:09:04:21 +0800] "GET /xingrg/kc/pszx/mdps_order_info.html?code=312022121500325 HTTP/1.1" 200 23978
120.253.135.82 - - [15/Dec/2022:09:04:21 +0800] "GET /xingrg/javascript/easyui/themes/default/validatebox.css HTTP/1.1" 404 1104
120.253.135.82 - - [15/Dec/2022:09:04:21 +0800] "POST /xingrg/kc/pszx/mdps_order_operate.html HTTP/1.1" 200 2799
116.230.105.139 - - [15/Dec/2022:09:04:22 +0800] "GET /xingrg/kc/buy/cgsh_order_add.html HTTP/1.1" 200 69803
120.253.135.82 - - [15/Dec/2022:09:04:22 +0800] "GET /xingrg/all/function/internal_message.html?_=1671066088146&CODE_STATE=getMsg HTTP/1.1" 200 27
116.230.105.139 - - [15/Dec/2022:09:04:22 +0800] "POST /xingrg/kc/buy/cgsh_order_operate.html HTTP/1.1" 200 8245
116.237.75.219 - - [15/Dec/2022:09:04:22 +0800] "GET /xingrg/kc/buy/cgsh_order_operate.html?command=get_materiel&rest_code=00106&code=00102015012&supplier_code=&order_time=2022-12-15 HTTP/1.1" 200 413
116.230.105.139 - - [15/Dec/2022:09:04:22 +0800] "GET /xingrg/javascript/easyui/themes/default/validatebox.css HTTP/1.1" 404 1104
120.253.135.82 - - [15/Dec/2022:09:04:24 +0800] "POST /xingrg/kc/pszx/mdps_order_operate.html HTTP/1.1" 200 37
120.253.135.82 - - [15/Dec/2022:09:04:26 +0800] "POST /xingrg/kc/pszx/mdps_order_operate.html HTTP/1.1" 200 12
116.237.75.219 - - [15/Dec/2022:09:04:28 +0800] "GET /xingrg/all/function/internal_message.html?_=1671066290238&CODE_STATE=getMsg HTTP/1.1" 200 27
120.253.135.82 - - [15/Dec/2022:09:04:28 +0800] "GET /xingrg/kc/pszx/mdps_order_info.html?code=312022121500325 HTTP/1.1" 200 19638
101.83.146.103 - - [15/Dec/2022:09:04:28 +0800] "GET /xingrg/all/function/internal_message.html?_=1671066135917&CODE_STATE=getMsg HTTP/1.1" 200 27
120.253.135.82 - - [15/Dec/2022:09:04:29 +0800] "GET /xingrg/javascript/easyui/themes/default/validatebox.css HTTP/1.1" 404 1104
120.253.135.82 - - [15/Dec/2022:09:04:29 +0800] "POST /xingrg/kc/pszx/mdps_order_operate.html HTTP/1.1" 200 1013
120.253.135.82 - - [15/Dec/2022:09:04:30 +0800] "POST /xingrg/kc/pszx/mdps_list_operate.html HTTP/1.1" 200 2433
116.230.105.139 - - [15/Dec/2022:09:04:31 +0800] "GET /xingrg/kc/buy/cgsh_order_operate.html?command=get_materiel&rest_code=00155&code=00101009113&supplier_code=00100037&order_time=2022-12-15 HTTP/1.1" 200 413
120.253.135.82 - - [15/Dec/2022:09:04:32 +0800] "POST /xingrg/kc/pszx/mdps_list_operate.html HTTP/1.1" 200 637
101.83.146.103 - - [15/Dec/2022:09:04:32 +0800] "GET /xingrg/kc/buy/cgsh_order_operate.html?command=get_materiel&rest_code=00105&code=00101009124&supplier_code=00100024&order_time=2022-12-15 HTTP/1.1" 200 416
120.253.135.82 - - [15/Dec/2022:09:04:33 +0800] "POST /xingrg/kc/pszx/mdps_list_operate.html HTTP/1.1" 200 213
120.253.135.82 - - [15/Dec/2022:09:04:34 +0800] "GET /xingrg/kc/pszx/mdps_order_info.html?code=312022121500336 HTTP/1.1" 200 23978
120.253.135.82 - - [15/Dec/2022:09:04:34 +0800] "GET /xingrg/javascript/easyui/themes/default/validatebox.css HTTP/1.1" 404 1104
120.253.135.82 - - [15/Dec/2022:09:04:34 +0800] "POST /xingrg/kc/pszx/mdps_order_operate.html HTTP/1.1" 200 2301
116.237.75.219 - - [15/Dec/2022:09:04:36 +0800] "GET /xingrg/kc/buy/cgsh_order_operate.html?command=get_materiel&rest_code=00106&code=00101008091&supplier_code=00100007&order_time=2022-12-15 HTTP/1.1" 200 412
116.230.105.139 - - [15/Dec/2022:09:04:37 +0800] "GET /xingrg/all/function/internal_message.html?_=1671066288611&CODE_STATE=getMsg HTTP/1.1" 200 27
120.253.135.82 - - [15/Dec/2022:09:04:38 +0800] "POST /xingrg/kc/pszx/mdps_order_operate.html HTTP/1.1" 200 37
116.230.105.139 - - [15/Dec/2022:09:04:38 +0800] "GET /xingrg/kc/buy/cgsh_order_operate.html?command=get_materiel&rest_code=00155&code=00101010287&supplier_code=00100037&order_time=2022-12-15 HTTP/1.1" 200 409
120.253.135.82 - - [15/Dec/2022:09:04:40 +0800] "POST /xingrg/kc/pszx/mdps_order_operate.html HTTP/1.1" 200 12
120.253.135.82 - - [15/Dec/2022:09:04:42 +0800] "GET /xingrg/kc/pszx/mdps_order_info.html?code=312022121500336 HTTP/1.1" 200 19638
120.253.135.82 - - [15/Dec/2022:09:04:43 +0800] "POST /xingrg/kc/pszx/mdps_order_operate.html HTTP/1.1" 200 522
120.253.135.82 - - [15/Dec/2022:09:04:43 +0800] "GET /xingrg/javascript/easyui/themes/default/validatebox.css HTTP/1.1" 404 1104
116.230.105.139 - - [15/Dec/2022:09:04:45 +0800] "GET /xingrg/kc/buy/cgsh_order_operate.html?command=get_materiel&rest_code=00155&code=00101007049&supplier_code=00100037&order_time=2022-12-15 HTTP/1.1" 200 409
116.237.75.219 - - [15/Dec/2022:09:04:47 +0800] "GET /xingrg/kc/buy/cgsh_order_operate.html?command=get_materiel&rest_code=00106&code=00101008234&supplier_code=00100007&order_time=2022-12-15 HTTP/1.1" 200 408
120.253.135.82 - - [15/Dec/2022:09:04:51 +0800] "POST /xingrg/kc/pszx/mdps_list_operate.html HTTP/1.1" 200 2062
120.253.135.82 - - [15/Dec/2022:09:04:52 +0800] "POST /xingrg/kc/pszx/mdps_list_operate.html HTTP/1.1" 200 637
120.253.135.82 - - [15/Dec/2022:09:04:53 +0800] "GET /xingrg/kc/pszx/mdps_order_info.html?code=312022121500326 HTTP/1.1" 200 23978
120.253.135.82 - - [15/Dec/2022:09:04:53 +0800] "GET /xingrg/javascript/easyui/themes/default/validatebox.css HTTP/1.1" 404 1104
120.253.135.82 - - [15/Dec/2022:09:04:53 +0800] "POST /xingrg/kc/pszx/mdps_order_operate.html HTTP/1.1" 200 6936
116.238.139.35 - - [15/Dec/2022:09:04:54 +0800] "GET /xingrg/all/function/internal_message.html?_=1671066314728&CODE_STATE=getMsg HTTP/1.1" 200 27
116.237.75.219 - - [15/Dec/2022:09:04:54 +0800] "GET /xingrg/kc/buy/cgsh_order_operate.html?command=get_materiel&rest_code=00106&code=00101008155&supplier_code=00100007&order_time=2022-12-15 HTTP/1.1" 200 408
114.84.38.109 - - [15/Dec/2022:09:04:56 +0800] "GET /xingrg/all/function/internal_message.html?_=1671066329450&CODE_STATE=getMsg HTTP/1.1" 200 27
120.253.135.82 - - [15/Dec/2022:09:04:56 +0800] "GET /xingrg/all/function/internal_message.html?_=1671065781364&CODE_STATE=getMsg HTTP/1.1" 302 -
116.237.75.219 - - [15/Dec/2022:09:05:01 +0800] "GET /xingrg/kc/buy/cgsh_order_operate.html?command=get_materiel&rest_code=00106&code=00101008349&supplier_code=00100007&order_time=2022-12-15 HTTP/1.1" 200 414
120.253.135.82 - - [15/Dec/2022:09:05:02 +0800] "POST /xingrg/kc/pszx/mdps_order_operate.html HTTP/1.1" 200 37
120.253.135.82 - - [15/Dec/2022:09:05:03 +0800] "POST /xingrg/kc/pszx/mdps_order_operate.html HTTP/1.1" 200 12
120.253.135.82 - - [15/Dec/2022:09:05:05 +0800] "GET /xingrg/check_reg.html?_=1671065789726 HTTP/1.1" 302 -
116.230.105.139 - - [15/Dec/2022:09:05:05 +0800] "GET /xingrg/kc/buy/cgsh_order_operate.html?command=get_materiel&rest_code=00155&code=00101009118&supplier_code=00100037&order_time=2022-12-15 HTTP/1.1" 200 405
101.83.146.103 - - [15/Dec/2022:09:05:05 +0800] "GET /xingrg/kc/buy/cgsh_order_operate.html?command=get_materiel&rest_code=00105&code=00101009011&supplier_code=00100024&order_time=2022-12-15 HTTP/1.1" 200 418
120.253.135.82 - - [15/Dec/2022:09:05:06 +0800] "GET /xingrg/kc/pszx/mdps_order_info.html?code=312022121500326 HTTP/1.1" 200 19638
120.253.135.82 - - [15/Dec/2022:09:05:07 +0800] "POST /xingrg/kc/pszx/mdps_order_operate.html HTTP/1.1" 200 5115
120.253.135.82 - - [15/Dec/2022:09:05:07 +0800] "GET /xingrg/javascript/easyui/themes/default/validatebox.css HTTP/1.1" 404 1104
120.253.135.82 - - [15/Dec/2022:09:05:09 +0800] "POST /xingrg/kc/pszx/mdps_list_operate.html HTTP/1.1" 200 1688
116.238.139.35 - - [15/Dec/2022:09:05:10 +0800] "GET /xingrg/all/function/internal_message.html?_=1671066263660&CODE_STATE=getMsg HTTP/1.1" 200 27
116.237.75.219 - - [15/Dec/2022:09:05:10 +0800] "GET /xingrg/kc/buy/cgsh_order_operate.html?command=get_materiel&rest_code=00106&code=00101008354&supplier_code=00100007&order_time=2022-12-15 HTTP/1.1" 200 412
120.253.135.82 - - [15/Dec/2022:09:05:11 +0800] "POST /xingrg/kc/pszx/mdps_list_operate.html HTTP/1.1" 200 204
116.230.105.139 - - [15/Dec/2022:09:05:13 +0800] "GET /xingrg/kc/buy/cgsh_order_operate.html?command=get_materiel&rest_code=00155&code=00101008333&supplier_code=00100037&order_time=2022-12-15 HTTP/1.1" 200 412
116.237.75.219 - - [15/Dec/2022:09:05:19 +0800] "GET /xingrg/kc/buy/cgsh_order_operate.html?command=get_materiel&rest_code=00106&code=00101008110&supplier_code=00100007&order_time=2022-12-15 HTTP/1.1" 200 408
116.230.105.139 - - [15/Dec/2022:09:05:21 +0800] "GET /xingrg/kc/buy/cgsh_order_operate.html?command=get_materiel&rest_code=00155&code=00101023022&supplier_code=00100037&order_time=2022-12-15 HTTP/1.1" 200 406
120.253.135.82 - - [15/Dec/2022:09:05:22 +0800] "GET /xingrg/all/function/internal_message.html?_=1671066148395&CODE_STATE=getMsg HTTP/1.1" 200 27
116.237.75.219 - - [15/Dec/2022:09:05:27 +0800] "GET /xingrg/kc/buy/cgsh_order_operate.html?command=get_materiel&rest_code=00106&code=00101008038&supplier_code=00100007&order_time=2022-12-15 HTTP/1.1" 200 412
116.237.75.219 - - [15/Dec/2022:09:05:27 +0800] "GET /xingrg/all/function/internal_message.html?_=1671066350233&CODE_STATE=getMsg HTTP/1.1" 200 27
116.230.105.139 - - [15/Dec/2022:09:05:28 +0800] "GET /xingrg/kc/buy/cgsh_order_operate.html?command=get_materiel&rest_code=00155&code=00101011005&supplier_code=00100037&order_time=2022-12-15 HTTP/1.1" 200 428
180.163.28.68 - - [15/Dec/2022:09:05:28 +0800] "GET /xingrg/all/function/internal_message.html?_=1671066290238&CODE_STATE=getMsg HTTP/1.1" 302 -
180.163.28.68 - - [15/Dec/2022:09:05:28 +0800] "GET /xingrg/login.html HTTP/1.1" 200 7641
101.83.146.103 - - [15/Dec/2022:09:05:28 +0800] "GET /xingrg/all/function/internal_message.html?_=1671066195925&CODE_STATE=getMsg HTTP/1.1" 200 27
116.230.105.139 - - [15/Dec/2022:09:05:34 +0800] "GET /xingrg/kc/buy/cgsh_order_operate.html?command=get_materiel&rest_code=00155&code=00101012032&supplier_code=00100037&order_time=2022-12-15 HTTP/1.1" 200 432
116.237.75.219 - - [15/Dec/2022:09:05:36 +0800] "GET /xingrg/kc/buy/cgsh_order_operate.html?command=get_materiel&rest_code=00106&code=00101008141&supplier_code=00100007&order_time=2022-12-15 HTTP/1.1" 200 412
116.230.105.139 - - [15/Dec/2022:09:05:37 +0800] "GET /xingrg/all/function/internal_message.html?_=1671066348620&CODE_STATE=getMsg HTTP/1.1" 200 27
116.237.75.219 - - [15/Dec/2022:09:05:43 +0800] "GET /xingrg/kc/buy/cgsh_order_operate.html?command=get_materiel&rest_code=00106&code=00101008148&supplier_code=00100007&order_time=2022-12-15 HTTP/1.1" 200 416
101.83.146.103 - - [15/Dec/2022:09:05:50 +0800] "GET /xingrg/kc/buy/cgsh_order_operate.html?command=get_materiel&rest_code=00105&code=00101009016&supplier_code=00100024&order_time=2022-12-15 HTTP/1.1" 200 412
116.237.75.219 - - [15/Dec/2022:09:05:51 +0800] "GET /xingrg/kc/buy/cgsh_order_operate.html?command=get_materiel&rest_code=00106&code=00101008264&supplier_code=00100007&order_time=2022-12-15 HTTP/1.1" 200 412
116.238.139.35 - - [15/Dec/2022:09:05:54 +0800] "GET /xingrg/all/function/internal_message.html?_=1671066374728&CODE_STATE=getMsg HTTP/1.1" 200 27
120.253.135.82 - - [15/Dec/2022:09:05:56 +0800] "GET /xingrg/all/function/internal_message.html?_=1671065841314&CODE_STATE=getMsg HTTP/1.1" 302 -
114.84.38.109 - - [15/Dec/2022:09:05:57 +0800] "GET /xingrg/all/function/internal_message.html?_=1671066389977&CODE_STATE=getMsg HTTP/1.1" 200 27
116.237.75.219 - - [15/Dec/2022:09:05:59 +0800] "GET /xingrg/kc/buy/cgsh_order_operate.html?command=get_materiel&rest_code=00106&code=00101008562&supplier_code=00100007&order_time=2022-12-15 HTTP/1.1" 200 409
116.230.105.139 - - [15/Dec/2022:09:06:06 +0800] "POST /xingrg/kc/buy/cgsh_order_operate.html HTTP/1.1" 200 37
116.230.105.139 - - [15/Dec/2022:09:06:08 +0800] "POST /xingrg/kc/buy/cgsh_order_operate.html HTTP/1.1" 200 6188
116.237.75.219 - - [15/Dec/2022:09:06:08 +0800] "GET /xingrg/kc/buy/cgsh_order_operate.html?command=get_materiel&rest_code=00106&code=00101008356&supplier_code=00100007&order_time=2022-12-15 HTTP/1.1" 200 423
101.83.146.103 - - [15/Dec/2022:09:06:09 +0800] "GET /xingrg/kc/buy/cgsh_order_operate.html?command=get_materiel&rest_code=00105&code=00101009015&supplier_code=00100024&order_time=2022-12-15 HTTP/1.1" 200 416
116.238.139.35 - - [15/Dec/2022:09:06:10 +0800] "GET /xingrg/all/function/internal_message.html?_=1671066323685&CODE_STATE=getMsg HTTP/1.1" 200 27
116.237.75.219 - - [15/Dec/2022:09:06:15 +0800] "GET /xingrg/kc/buy/cgsh_order_operate.html?command=get_materiel&rest_code=00106&code=00101008360&supplier_code=00100007&order_time=2022-12-15 HTTP/1.1" 200 413
120.253.135.82 - - [15/Dec/2022:09:06:22 +0800] "GET /xingrg/all/function/internal_message.html?_=1671066208407&CODE_STATE=getMsg HTTP/1.1" 200 27
116.237.75.219 - - [15/Dec/2022:09:06:23 +0800] "GET /xingrg/kc/buy/cgsh_order_operate.html?command=get_materiel&rest_code=00106&code=00101008069&supplier_code=00100007&order_time=2022-12-15 HTTP/1.1" 200 412
116.237.75.219 - - [15/Dec/2022:09:06:28 +0800] "GET /xingrg/all/function/internal_message.html?_=1671066410244&CODE_STATE=getMsg HTTP/1.1" 200 27
101.83.146.103 - - [15/Dec/2022:09:06:28 +0800] "GET /xingrg/all/function/internal_message.html?_=1671066255912&CODE_STATE=getMsg HTTP/1.1" 200 27
101.83.146.103 - - [15/Dec/2022:09:06:29 +0800] "POST /xingrg/kc/buy/cgsh_order_operate.html HTTP/1.1" 200 37
101.83.146.103 - - [15/Dec/2022:09:06:30 +0800] "POST /xingrg/kc/buy/cgsh_order_operate.html HTTP/1.1" 200 5622
116.237.75.219 - - [15/Dec/2022:09:06:31 +0800] "GET /xingrg/kc/buy/cgsh_order_operate.html?command=get_materiel&rest_code=00106&code=00101008286&supplier_code=00100007&order_time=2022-12-15 HTTP/1.1" 200 424
101.83.146.103 - - [15/Dec/2022:09:06:33 +0800] "GET /xingrg/kc/print/load_data.html?order_code=212022121504293&kc_code=cgsh&condition= HTTP/1.1" 200 1816
116.192.124.172 - - [15/Dec/2022:09:06:36 +0800] "POST /xingrg/services/DataTransmitService HTTP/1.1" 200 524
116.230.105.139 - - [15/Dec/2022:09:06:37 +0800] "GET /xingrg/all/function/internal_message.html?_=1671066408632&CODE_STATE=getMsg HTTP/1.1" 200 27
116.237.75.219 - - [15/Dec/2022:09:06:38 +0800] "GET /xingrg/kc/buy/cgsh_order_operate.html?command=get_materiel&rest_code=00106&code=00101008131&supplier_code=00100007&order_time=2022-12-15 HTTP/1.1" 200 408
116.237.75.219 - - [15/Dec/2022:09:06:45 +0800] "GET /xingrg/kc/buy/cgsh_order_operate.html?command=get_materiel&rest_code=00106&code=00101008318&supplier_code=00100007&order_time=2022-12-15 HTTP/1.1" 200 424
116.237.75.219 - - [15/Dec/2022:09:06:53 +0800] "GET /xingrg/kc/buy/cgsh_order_operate.html?command=get_materiel&rest_code=00106&code=00101008352&supplier_code=00100007&order_time=2022-12-15 HTTP/1.1" 200 412
114.83.220.141 - - [15/Dec/2022:09:06:54 +0800] "GET /favicon.ico HTTP/1.1" 404 -
116.238.139.35 - - [15/Dec/2022:09:06:54 +0800] "GET /xingrg/check_reg.html?_=1671066434728 HTTP/1.1" 200 22
116.238.139.35 - - [15/Dec/2022:09:06:54 +0800] "GET /xingrg/all/function/internal_message.html?_=1671066434732&CODE_STATE=getMsg HTTP/1.1" 200 27
120.253.135.82 - - [15/Dec/2022:09:06:56 +0800] "GET /xingrg/all/function/internal_message.html?_=1671065901284&CODE_STATE=getMsg HTTP/1.1" 302 -
114.84.38.109 - - [15/Dec/2022:09:06:57 +0800] "GET /xingrg/all/function/internal_message.html?_=1671066449978&CODE_STATE=getMsg HTTP/1.1" 200 27
180.163.29.79 - - [15/Dec/2022:09:06:57 +0800] "GET /xingrg/kc/buy/cgsh_order_operate.html?command=get_materiel&rest_code=00106&code=00101008562&supplier_code=00100007&order_time=2022-12-15 HTTP/1.1" 302 -
180.163.29.79 - - [15/Dec/2022:09:06:57 +0800] "GET /xingrg/login.html HTTP/1.1" 200 7641
116.238.139.35 - - [15/Dec/2022:09:07:00 +0800] "GET /xingrg/check_reg.html?_=1671066373422 HTTP/1.1" 200 22
116.237.75.219 - - [15/Dec/2022:09:07:00 +0800] "GET /xingrg/kc/buy/cgsh_order_operate.html?command=get_materiel&rest_code=00106&code=00101008005&supplier_code=00100007&order_time=2022-12-15 HTTP/1.1" 200 412
114.83.220.141 - - [15/Dec/2022:09:07:02 +0800] "GET /xingrg/login.html?sysBaseUrl=http%3A%2F%2F180.169.147.146%3A18081%2Fxingrg%2F&costTime=31×tamp=1615347190560 HTTP/1.1" 200 7641
114.83.220.141 - - [15/Dec/2022:09:07:03 +0800] "GET /favicon.ico HTTP/1.1" 404 -
116.237.75.219 - - [15/Dec/2022:09:07:03 +0800] "POST /xingrg/kc/buy/cgsh_order_operate.html HTTP/1.1" 200 2065
116.237.75.219 - - [15/Dec/2022:09:07:09 +0800] "GET /xingrg/kc/buy/cgsh_order_operate.html?command=get_materiel&rest_code=00106&code=00101008125&supplier_code=00100007&order_time=2022-12-15 HTTP/1.1" 200 413
116.238.139.35 - - [15/Dec/2022:09:07:10 +0800] "GET /xingrg/all/function/internal_message.html?_=1671066383687&CODE_STATE=getMsg HTTP/1.1" 200 27
116.237.75.219 - - [15/Dec/2022:09:07:16 +0800] "GET /xingrg/kc/buy/cgsh_order_operate.html?command=get_materiel&rest_code=00106&code=00101011001&supplier_code=00100007&order_time=2022-12-15 HTTP/1.1" 200 423
120.253.135.82 - - [15/Dec/2022:09:07:22 +0800] "GET /xingrg/all/function/internal_message.html?_=1671066268733&CODE_STATE=getMsg HTTP/1.1" 200 27
116.237.75.219 - - [15/Dec/2022:09:07:24 +0800] "GET /xingrg/kc/buy/cgsh_order_operate.html?command=get_materiel&rest_code=00106&code=00101008312&supplier_code=00100007&order_time=2022-12-15 HTTP/1.1" 200 412
114.83.220.141 - - [15/Dec/2022:09:07:27 +0800] "POST /xingrg/login.do HTTP/1.1" 302 -
114.83.220.141 - - [15/Dec/2022:09:07:27 +0800] "GET /xingrg/index.html?sysBaseUrl=http%3A%2F%2F180.169.147.146%3A18081%2Fxingrg%2F&costTime=54×tamp=1671066447396 HTTP/1.1" 200 17179
114.83.220.141 - - [15/Dec/2022:09:07:27 +0800] "GET /favicon.ico HTTP/1.1" 404 -
114.83.220.141 - - [15/Dec/2022:09:07:27 +0800] "POST /xingrg/all/common/load_tree.html?tree=area_rest_tree_json&manage=1 HTTP/1.1" 200 351
116.237.75.219 - - [15/Dec/2022:09:07:27 +0800] "GET /xingrg/all/function/internal_message.html?_=1671066470240&CODE_STATE=getMsg HTTP/1.1" 200 27
114.83.220.141 - - [15/Dec/2022:09:07:28 +0800] "GET /xingrg/all/function/internal_message.html?_=1671066465987&CODE_STATE=count HTTP/1.1" 200 11
114.83.220.141 - - [15/Dec/2022:09:07:28 +0800] "GET /xingrg/check_reg.html?_=1671066465989 HTTP/1.1" 200 22
114.83.220.141 - - [15/Dec/2022:09:07:28 +0800] "POST /xingrg/load_menu.html HTTP/1.1" 200 5138
101.83.146.103 - - [15/Dec/2022:09:07:28 +0800] "GET /xingrg/check_reg.html?_=1671066315926 HTTP/1.1" 200 22
101.83.146.103 - - [15/Dec/2022:09:07:28 +0800] "GET /xingrg/all/function/internal_message.html?_=1671066315923&CODE_STATE=getMsg HTTP/1.1" 200 27
116.237.75.219 - - [15/Dec/2022:09:07:31 +0800] "POST /xingrg/kc/buy/cgsh_order_operate.html HTTP/1.1" 200 37
180.163.28.55 - - [15/Dec/2022:09:07:35 +0800] "GET /xingrg/kc/buy/cgsh_order_operate.html?command=get_materiel&rest_code=00106&code=00101008131&supplier_code=00100007&order_time=2022-12-15 HTTP/1.1" 302 -
180.163.28.55 - - [15/Dec/2022:09:07:35 +0800] "GET /xingrg/login.html HTTP/1.1" 200 7641
116.230.105.139 - - [15/Dec/2022:09:07:37 +0800] "GET /xingrg/check_reg.html?_=1671066468628 HTTP/1.1" 200 22
116.230.105.139 - - [15/Dec/2022:09:07:37 +0800] "GET /xingrg/all/function/internal_message.html?_=1671066468629&CODE_STATE=getMsg HTTP/1.1" 200 27
180.163.28.55 - - [15/Dec/2022:09:07:51 +0800] "GET /xingrg/kc/buy/cgsh_order_operate.html?command=get_materiel&rest_code=00106&code=00101008352&supplier_code=00100007&order_time=2022-12-15 HTTP/1.1" 302 -
180.163.28.55 - - [15/Dec/2022:09:07:51 +0800] "GET /xingrg/login.html HTTP/1.1" 200 7641
116.238.139.35 - - [15/Dec/2022:09:07:54 +0800] "GET /xingrg/all/function/internal_message.html?_=1671066494718&CODE_STATE=getMsg HTTP/1.1" 200 27
120.253.135.82 - - [15/Dec/2022:09:07:56 +0800] "GET /xingrg/all/function/internal_message.html?_=1671065961286&CODE_STATE=getMsg HTTP/1.1" 302 -
180.169.147.146 - - [15/Dec/2022:09:07:56 +0800] "GET /xingrg/index.html?sysBaseUrl=http%3A%2F%2F180.169.147.146%3A18081%2Fxingrg%2F&costTime=39×tamp=1592034574635 HTTP/1.1" 302 -
180.169.147.146 - - [15/Dec/2022:09:07:56 +0800] "GET /xingrg/login.html HTTP/1.1" 200 7641
180.169.147.146 - - [15/Dec/2022:09:07:56 +0800] "GET /xingrg/images/blue/jxLogo.png HTTP/1.1" 200 6156
114.84.38.109 - - [15/Dec/2022:09:07:57 +0800] "GET /xingrg/all/function/internal_message.html?_=1671066510718&CODE_STATE=getMsg HTTP/1.1" 200 27
180.169.147.146 - - [15/Dec/2022:09:07:58 +0800] "GET /favicon.ico HTTP/1.1" 404 -
180.169.147.146 - - [15/Dec/2022:09:07:58 +0800] "GET /xingrg/images/blue/srbg.png HTTP/1.1" 200 138
180.169.147.146 - - [15/Dec/2022:09:07:58 +0800] "GET /xingrg/images/blue/hj.png HTTP/1.1" 200 1014
180.169.147.146 - - [15/Dec/2022:09:07:58 +0800] "GET /xingrg/images/blue/login_bg.png HTTP/1.1" 200 22101
114.83.220.141 - - [15/Dec/2022:09:07:59 +0800] "GET /xingrg/kc/buy/cgsh_order_list.html HTTP/1.1" 200 54021
114.83.220.141 - - [15/Dec/2022:09:08:01 +0800] "POST /xingrg/kc/buy/cgsh_list_operate.html HTTP/1.1" 200 986
114.83.220.141 - - [15/Dec/2022:09:08:02 +0800] "GET /xingrg/kc/buy/cgsh_order_add.html HTTP/1.1" 200 69885
114.83.220.141 - - [15/Dec/2022:09:08:02 +0800] "GET /xingrg/words/20221213125614_words.js HTTP/1.1" 304 -
114.83.220.141 - - [15/Dec/2022:09:08:03 +0800] "POST /xingrg/kc/buy/cgsh_order_operate.html HTTP/1.1" 200 8245
114.83.220.141 - - [15/Dec/2022:09:08:03 +0800] "GET /xingrg/all/common/auto_word.html?type=employee&rest_code=00149 HTTP/1.1" 200 197
114.83.220.141 - - [15/Dec/2022:09:08:03 +0800] "GET /xingrg/all/common/auto_word.html?type=employee&rest_code=00149 HTTP/1.1" 200 197
114.83.220.141 - - [15/Dec/2022:09:08:03 +0800] "GET /xingrg/javascript/easyui/themes/default/validatebox.css HTTP/1.1" 404 1104
116.238.139.35 - - [15/Dec/2022:09:08:10 +0800] "GET /xingrg/all/function/internal_message.html?_=1671066443701&CODE_STATE=getMsg HTTP/1.1" 200 27
101.83.146.103 - - [15/Dec/2022:09:08:16 +0800] "GET /xingrg/kc/buy/cgsh_order_add.html HTTP/1.1" 200 69879
101.83.146.103 - - [15/Dec/2022:09:08:17 +0800] "POST /xingrg/kc/buy/cgsh_order_operate.html HTTP/1.1" 200 8245
101.83.146.103 - - [15/Dec/2022:09:08:17 +0800] "GET /xingrg/javascript/easyui/themes/default/validatebox.css HTTP/1.1" 404 1104
120.253.135.82 - - [15/Dec/2022:09:08:21 +0800] "GET /xingrg/check_reg.html?_=1671066327701 HTTP/1.1" 200 22
120.253.135.82 - - [15/Dec/2022:09:08:23 +0800] "GET /xingrg/all/function/internal_message.html?_=1671066328978&CODE_STATE=getMsg HTTP/1.1" 200 27
116.237.75.219 - - [15/Dec/2022:09:08:28 +0800] "GET /xingrg/check_reg.html?_=1671066530235 HTTP/1.1" 200 22
116.237.75.219 - - [15/Dec/2022:09:08:28 +0800] "GET /xingrg/all/function/internal_message.html?_=1671066530237&CODE_STATE=getMsg HTTP/1.1" 200 27
114.83.220.141 - - [15/Dec/2022:09:08:28 +0800] "GET /xingrg/all/function/internal_message.html?_=1671066525996&CODE_STATE=getMsg HTTP/1.1" 200 27
116.237.75.219 - - [15/Dec/2022:09:08:28 +0800] "POST /xingrg/kc/buy/cgsh_order_operate.html HTTP/1.1" 200 15071
101.83.146.103 - - [15/Dec/2022:09:08:28 +0800] "GET /xingrg/all/function/internal_message.html?_=1671066375927&CODE_STATE=getMsg HTTP/1.1" 200 27
116.237.75.219 - - [15/Dec/2022:09:08:36 +0800] "GET /xingrg/kc/buy/cgsh_order_operate.html?command=get_materiel&rest_code=00106&code=00101008126&supplier_code=00100007&order_time=2022-12-15 HTTP/1.1" 200 412
116.230.105.139 - - [15/Dec/2022:09:08:37 +0800] "GET /xingrg/all/function/internal_message.html?_=1671066528617&CODE_STATE=getMsg HTTP/1.1" 200 27
114.84.38.109 - - [15/Dec/2022:09:08:42 +0800] "GET /xingrg/check_reg.html?_=1671066555215 HTTP/1.1" 200 22
101.83.146.103 - - [15/Dec/2022:09:08:42 +0800] "GET /xingrg/kc/buy/cgsh_order_operate.html?command=get_materiel&rest_code=00105&code=00101008312&supplier_code=00100203&order_time=2022-12-15 HTTP/1.1" 200 412
116.237.75.219 - - [15/Dec/2022:09:08:45 +0800] "GET /xingrg/kc/buy/cgsh_order_operate.html?command=get_materiel&rest_code=00106&code=00101011005&supplier_code=00100007&order_time=2022-12-15 HTTP/1.1" 200 428
101.80.228.88 - - [15/Dec/2022:09:08:46 +0800] "POST /xingrg/services/DataTransmitService HTTP/1.1" 200 524
101.80.228.88 - - [15/Dec/2022:09:08:47 +0800] "POST /xingrg/services/DataTransmitService HTTP/1.1" 200 412
114.83.220.141 - - [15/Dec/2022:09:08:48 +0800] "GET /xingrg/javascript/auto/indicator.gif HTTP/1.1" 404 1066
116.237.75.219 - - [15/Dec/2022:09:08:53 +0800] "GET /xingrg/kc/buy/cgsh_order_operate.html?command=get_materiel&rest_code=00106&code=00101008261&supplier_code=00100007&order_time=2022-12-15 HTTP/1.1" 200 408
116.238.139.35 - - [15/Dec/2022:09:08:54 +0800] "GET /xingrg/all/function/internal_message.html?_=1671066554719&CODE_STATE=getMsg HTTP/1.1" 200 27
120.253.135.82 - - [15/Dec/2022:09:08:56 +0800] "GET /xingrg/all/function/internal_message.html?_=1671066021255&CODE_STATE=getMsg HTTP/1.1" 302 -
114.84.38.109 - - [15/Dec/2022:09:08:57 +0800] "GET /xingrg/all/function/internal_message.html?_=1671066570721&CODE_STATE=getMsg HTTP/1.1" 200 27
114.83.220.141 - - [15/Dec/2022:09:09:00 +0800] "GET /xingrg/javascript/jquery_tools/images/prev.gif HTTP/1.1" 404 1086
114.83.220.141 - - [15/Dec/2022:09:09:00 +0800] "GET /xingrg/javascript/jquery_tools/images/next.gif HTTP/1.1" 404 1086
116.237.75.219 - - [15/Dec/2022:09:09:01 +0800] "GET /xingrg/kc/buy/cgsh_order_operate.html?command=get_materiel&rest_code=00106&code=00101008199&supplier_code=00100007&order_time=2022-12-15 HTTP/1.1" 200 408
116.237.75.219 - - [15/Dec/2022:09:09:03 +0800] "POST /xingrg/kc/buy/cgsh_order_operate.html HTTP/1.1" 200 2065
114.83.220.141 - - [15/Dec/2022:09:09:08 +0800] "GET /xingrg/kc/buy/cgsh_order_operate.html?command=get_materiel&rest_code=00149&code=00101008298&supplier_code=00100008&order_time=2022-12-15 HTTP/1.1" 200 431
116.237.75.219 - - [15/Dec/2022:09:09:09 +0800] "GET /xingrg/kc/buy/cgsh_order_operate.html?command=get_materiel&rest_code=00106&code=00101008243&supplier_code=00100007&order_time=2022-12-15 HTTP/1.1" 200 409
116.238.139.35 - - [15/Dec/2022:09:09:10 +0800] "GET /xingrg/all/function/internal_message.html?_=1671066503726&CODE_STATE=getMsg HTTP/1.1" 200 27
101.83.146.103 - - [15/Dec/2022:09:09:10 +0800] "GET /xingrg/kc/buy/cgsh_order_operate.html?command=get_materiel&rest_code=00105&code=00101008230&supplier_code=00100203&order_time=2022-12-15 HTTP/1.1" 200 408
116.237.75.219 - - [15/Dec/2022:09:09:21 +0800] "GET /xingrg/kc/buy/cgsh_order_operate.html?command=get_materiel&rest_code=00106&code=00101008251&supplier_code=00100007&order_time=2022-12-15 HTTP/1.1" 200 408
120.253.135.82 - - [15/Dec/2022:09:09:23 +0800] "GET /xingrg/all/function/internal_message.html?_=1671066388979&CODE_STATE=getMsg HTTP/1.1" 200 27
114.83.220.141 - - [15/Dec/2022:09:09:27 +0800] "GET /xingrg/kc/buy/cgsh_order_operate.html?command=get_materiel&rest_code=00149&code=00101008163&supplier_code=00100008&order_time=2022-12-15 HTTP/1.1" 200 409
116.237.75.219 - - [15/Dec/2022:09:09:28 +0800] "GET /xingrg/all/function/internal_message.html?_=1671066590240&CODE_STATE=getMsg HTTP/1.1" 200 27
114.83.220.141 - - [15/Dec/2022:09:09:28 +0800] "GET /xingrg/all/function/internal_message.html?_=1671066586006&CODE_STATE=getMsg HTTP/1.1" 200 27
101.83.146.103 - - [15/Dec/2022:09:09:28 +0800] "GET /xingrg/all/function/internal_message.html?_=1671066435923&CODE_STATE=getMsg HTTP/1.1" 200 27
116.237.75.219 - - [15/Dec/2022:09:09:33 +0800] "GET /xingrg/kc/buy/cgsh_order_operate.html?command=get_materiel&rest_code=00106&code=00101008036&supplier_code=00100007&order_time=2022-12-15 HTTP/1.1" 200 408
101.83.146.103 - - [15/Dec/2022:09:09:36 +0800] "GET /xingrg/kc/buy/cgsh_order_operate.html?command=get_materiel&rest_code=00105&code=00101008286&supplier_code=00100203&order_time=2022-12-15 HTTP/1.1" 200 424
116.230.105.139 - - [15/Dec/2022:09:09:37 +0800] "GET /xingrg/all/function/internal_message.html?_=1671066588631&CODE_STATE=getMsg HTTP/1.1" 200 27
116.237.75.219 - - [15/Dec/2022:09:09:43 +0800] "POST /xingrg/kc/buy/cgsh_order_operate.html HTTP/1.1" 200 37
116.237.75.219 - - [15/Dec/2022:09:09:45 +0800] "POST /xingrg/kc/buy/cgsh_order_operate.html HTTP/1.1" 200 19217
114.83.220.141 - - [15/Dec/2022:09:09:48 +0800] "GET /xingrg/kc/buy/cgsh_order_operate.html?command=get_materiel&rest_code=00149&code=00101008370&supplier_code=00100008&order_time=2022-12-15 HTTP/1.1" 200 412
180.163.28.55 - - [15/Dec/2022:09:09:51 +0800] "GET /xingrg/kc/buy/cgsh_order_operate.html?command=get_materiel&rest_code=00106&code=00101008261&supplier_code=00100007&order_time=2022-12-15 HTTP/1.1" 302 -
180.163.28.55 - - [15/Dec/2022:09:09:51 +0800] "GET /xingrg/login.html HTTP/1.1" 200 7641
116.238.139.35 - - [15/Dec/2022:09:09:54 +0800] "GET /xingrg/all/function/internal_message.html?_=1671066614720&CODE_STATE=getMsg HTTP/1.1" 200 27
120.253.135.82 - - [15/Dec/2022:09:09:56 +0800] "GET /xingrg/all/function/internal_message.html?_=1671066081231&CODE_STATE=getMsg HTTP/1.1" 302 -
114.84.38.109 - - [15/Dec/2022:09:09:57 +0800] "GET /xingrg/all/function/internal_message.html?_=1671066630735&CODE_STATE=getMsg HTTP/1.1" 200 27
180.163.29.206 - - [15/Dec/2022:09:09:59 +0800] "GET /xingrg/kc/buy/cgsh_order_operate.html?command=get_materiel&rest_code=00106&code=00101008199&supplier_code=00100007&order_time=2022-12-15 HTTP/1.1" 302 -
180.163.29.206 - - [15/Dec/2022:09:09:59 +0800] "GET /xingrg/login.html HTTP/1.1" 200 7641
120.253.135.82 - - [15/Dec/2022:09:10:05 +0800] "GET /xingrg/check_reg.html?_=1671066089727 HTTP/1.1" 302 -
114.83.220.141 - - [15/Dec/2022:09:10:05 +0800] "GET /xingrg/kc/buy/cgsh_order_operate.html?command=get_materiel&rest_code=00149&code=00101008355&supplier_code=00100008&order_time=2022-12-15 HTTP/1.1" 200 425
180.163.28.143 - - [15/Dec/2022:09:10:06 +0800] "GET /xingrg/kc/buy/cgsh_order_operate.html?command=get_materiel&rest_code=00106&code=00101008243&supplier_code=00100007&order_time=2022-12-15 HTTP/1.1" 302 -
180.163.28.143 - - [15/Dec/2022:09:10:06 +0800] "GET /xingrg/login.html HTTP/1.1" 200 7641
116.238.139.35 - - [15/Dec/2022:09:10:10 +0800] "GET /xingrg/all/function/internal_message.html?_=1671066563744&CODE_STATE=getMsg HTTP/1.1" 200 27
116.237.75.219 - - [15/Dec/2022:09:10:13 +0800] "GET /xingrg/kc/buy/cgsh_order_operate.html?command=get_materiel&rest_code=00106&code=00101008096&supplier_code=00100007&order_time=2022-12-15 HTTP/1.1" 200 412
101.83.146.103 - - [15/Dec/2022:09:10:18 +0800] "GET /xingrg/kc/buy/cgsh_order_operate.html?command=get_materiel&rest_code=00105&code=00101008275&supplier_code=00100203&order_time=2022-12-15 HTTP/1.1" 200 416
120.253.135.82 - - [15/Dec/2022:09:10:23 +0800] "GET /xingrg/all/function/internal_message.html?_=1671066448992&CODE_STATE=getMsg HTTP/1.1" 200 27
116.237.75.219 - - [15/Dec/2022:09:10:26 +0800] "GET /xingrg/kc/buy/cgsh_order_operate.html?command=get_materiel&rest_code=00106&code=00101008224&supplier_code=00100007&order_time=2022-12-15 HTTP/1.1" 200 416
116.237.75.219 - - [15/Dec/2022:09:10:27 +0800] "GET /xingrg/all/function/internal_message.html?_=1671066650227&CODE_STATE=getMsg HTTP/1.1" 200 27
114.83.220.141 - - [15/Dec/2022:09:10:28 +0800] "GET /xingrg/all/function/internal_message.html?_=1671066646027&CODE_STATE=getMsg HTTP/1.1" 200 27
101.83.146.103 - - [15/Dec/2022:09:10:28 +0800] "GET /xingrg/all/function/internal_message.html?_=1671066495907&CODE_STATE=getMsg HTTP/1.1" 200 27
116.237.75.219 - - [15/Dec/2022:09:10:33 +0800] "POST /xingrg/kc/buy/cgsh_order_operate.html HTTP/1.1" 200 37
116.230.105.139 - - [15/Dec/2022:09:10:37 +0800] "GET /xingrg/all/function/internal_message.html?_=1671066648631&CODE_STATE=getMsg HTTP/1.1" 200 27
101.83.146.103 - - [15/Dec/2022:09:10:48 +0800] "GET /xingrg/kc/buy/cgsh_order_operate.html?command=get_materiel&rest_code=00105&code=00101008354&supplier_code=00100203&order_time=2022-12-15 HTTP/1.1" 200 412
116.238.139.35 - - [15/Dec/2022:09:10:54 +0800] "GET /xingrg/all/function/internal_message.html?_=1671066674722&CODE_STATE=getMsg HTTP/1.1" 200 27
120.253.135.82 - - [15/Dec/2022:09:10:56 +0800] "GET /xingrg/all/function/internal_message.html?_=1671066141200&CODE_STATE=getMsg HTTP/1.1" 302 -
114.84.38.109 - - [15/Dec/2022:09:10:58 +0800] "GET /xingrg/all/function/internal_message.html?_=1671066691317&CODE_STATE=getMsg HTTP/1.1" 200 27
116.238.139.35 - - [15/Dec/2022:09:11:10 +0800] "GET /xingrg/all/function/internal_message.html?_=1671066623767&CODE_STATE=getMsg HTTP/1.1" 200 27
101.83.146.103 - - [15/Dec/2022:09:11:15 +0800] "GET /xingrg/kc/buy/cgsh_order_operate.html?command=get_materiel&rest_code=00105&code=00101008355&supplier_code=00100203&order_time=2022-12-15 HTTP/1.1" 200 425
120.253.135.82 - - [15/Dec/2022:09:11:23 +0800] "GET /xingrg/all/function/internal_message.html?_=1671066509006&CODE_STATE=getMsg HTTP/1.1" 200 27
114.83.220.141 - - [15/Dec/2022:09:11:28 +0800] "GET /xingrg/all/function/internal_message.html?_=1671066706009&CODE_STATE=getMsg HTTP/1.1" 200 27
101.83.146.103 - - [15/Dec/2022:09:11:28 +0800] "GET /xingrg/all/function/internal_message.html?_=1671066555927&CODE_STATE=getMsg HTTP/1.1" 200 27
180.169.147.146 - - [15/Dec/2022:09:11:29 +0800] "POST /xingrg/login.do HTTP/1.1" 302 -
180.169.147.146 - - [15/Dec/2022:09:11:29 +0800] "GET /xingrg/index.html?sysBaseUrl=http%3A%2F%2F180.169.147.146%3A18081%2Fxingrg%2F&costTime=45×tamp=1671066689411 HTTP/1.1" 200 17503
180.169.147.146 - - [15/Dec/2022:09:11:29 +0800] "GET /xingrg/javascript/jquery_easy_ui/themes/icon.css HTTP/1.1" 200 3949
180.169.147.146 - - [15/Dec/2022:09:11:29 +0800] "GET /xingrg/css/form.css HTTP/1.1" 200 893
180.169.147.146 - - [15/Dec/2022:09:11:29 +0800] "GET /xingrg/javascript/jquery-1.4.2.min.js HTTP/1.1" 200 72205
180.169.147.146 - - [15/Dec/2022:09:11:29 +0800] "GET /xingrg/javascript/jquery_easy_ui/easyui-lang-zh_CN.js HTTP/1.1" 200 1900
180.169.147.146 - - [15/Dec/2022:09:11:29 +0800] "GET /xingrg/javascript/jquery_easy_ui/jquery.easyui.min.js HTTP/1.1" 200 213662
180.169.147.146 - - [15/Dec/2022:09:11:29 +0800] "GET /xingrg/javascript/jquery_easy_ui/themes/default/easyui.css HTTP/1.1" 200 26500
180.169.147.146 - - [15/Dec/2022:09:11:29 +0800] "GET /favicon.ico HTTP/1.1" 404 -
180.169.147.146 - - [15/Dec/2022:09:11:29 +0800] "GET /xingrg/javascript/jquery.timers.js HTTP/1.1" 200 3532
180.169.147.146 - - [15/Dec/2022:09:11:29 +0800] "GET /xingrg/javascript/jquery.form.js HTTP/1.1" 200 23110
180.169.147.146 - - [15/Dec/2022:09:11:29 +0800] "GET /xingrg/javascript/jquery.utils.js HTTP/1.1" 200 11805
180.169.147.146 - - [15/Dec/2022:09:11:30 +0800] "GET /xingrg/javascript/jquery_easy_ui/themes/icons/settle_new.png HTTP/1.1" 200 826
180.169.147.146 - - [15/Dec/2022:09:11:30 +0800] "GET /xingrg/images/blue/navBackgound.jpg HTTP/1.1" 200 12378
180.169.147.146 - - [15/Dec/2022:09:11:30 +0800] "POST /xingrg/all/common/load_tree.html?tree=area_rest_tree_json&manage=1 HTTP/1.1" 200 3499
180.169.147.146 - - [15/Dec/2022:09:11:30 +0800] "GET /xingrg/check_reg.html?_=1671066709173 HTTP/1.1" 200 22
180.169.147.146 - - [15/Dec/2022:09:11:30 +0800] "GET /xingrg/all/function/internal_message.html?_=1671066709172&CODE_STATE=count HTTP/1.1" 200 11
180.169.147.146 - - [15/Dec/2022:09:11:30 +0800] "GET /xingrg/images/blue/pingpu.png HTTP/1.1" 200 231
180.169.147.146 - - [15/Dec/2022:09:11:30 +0800] "GET /xingrg/javascript/jquery_easy_ui/themes/default/images/tabs_leftarrow.png HTTP/1.1" 200 389
180.169.147.146 - - [15/Dec/2022:09:11:30 +0800] "GET /xingrg/javascript/jquery_easy_ui/themes/default/images/tabs_rightarrow.png HTTP/1.1" 200 395
180.169.147.146 - - [15/Dec/2022:09:11:30 +0800] "GET /xingrg/javascript/jquery_easy_ui/themes/default/images/panel_tool_expand.gif HTTP/1.1" 200 247
180.169.147.146 - - [15/Dec/2022:09:11:30 +0800] "GET /xingrg/javascript/jquery_easy_ui/themes/default/images/panel_tool_collapse.gif HTTP/1.1" 200 246
180.169.147.146 - - [15/Dec/2022:09:11:30 +0800] "POST /xingrg/load_menu.html HTTP/1.1" 200 11564
180.169.147.146 - - [15/Dec/2022:09:11:30 +0800] "GET /xingrg/javascript/jquery_easy_ui/themes/default/images/tree_arrows.gif HTTP/1.1" 200 1043
180.169.147.146 - - [15/Dec/2022:09:11:30 +0800] "GET /xingrg/javascript/jquery_easy_ui/themes/default/images/tree_folder_open.gif HTTP/1.1" 200 956
180.169.147.146 - - [15/Dec/2022:09:11:30 +0800] "GET /xingrg/javascript/jquery_easy_ui/themes/icons/search_new.png HTTP/1.1" 200 586
180.169.147.146 - - [15/Dec/2022:09:11:30 +0800] "GET /xingrg/javascript/jquery_easy_ui/themes/icons/delivery_new.png HTTP/1.1" 200 700
180.169.147.146 - - [15/Dec/2022:09:11:30 +0800] "GET /xingrg/javascript/jquery_easy_ui/themes/icons/checkout_new.png HTTP/1.1" 200 744
180.169.147.146 - - [15/Dec/2022:09:11:30 +0800] "GET /xingrg/javascript/jquery_easy_ui/themes/icons/storage_new.png HTTP/1.1" 200 853
180.169.147.146 - - [15/Dec/2022:09:11:30 +0800] "GET /xingrg/javascript/jquery_easy_ui/themes/icons/forms_new.png HTTP/1.1" 200 350
180.169.147.146 - - [15/Dec/2022:09:11:30 +0800] "GET /xingrg/javascript/jquery_easy_ui/themes/icons/setting_new.png HTTP/1.1" 200 450
180.169.147.146 - - [15/Dec/2022:09:11:30 +0800] "GET /xingrg/javascript/jquery_easy_ui/themes/default/images/tree_file.gif HTTP/1.1" 200 118
180.169.147.146 - - [15/Dec/2022:09:11:30 +0800] "GET /xingrg/javascript/jquery_easy_ui/themes/icons/systemset_new.png HTTP/1.1" 200 606
180.169.147.146 - - [15/Dec/2022:09:11:30 +0800] "GET /xingrg/javascript/jquery_easy_ui/themes/default/images/tree_folder.gif HTTP/1.1" 200 952
180.169.147.146 - - [15/Dec/2022:09:11:32 +0800] "GET /xingrg/javascript/jquery_easy_ui/themes/default/images/tabs_close.gif HTTP/1.1" 200 829
180.169.147.146 - - [15/Dec/2022:09:11:32 +0800] "GET /xingrg/css/site.css HTTP/1.1" 200 7541
180.169.147.146 - - [15/Dec/2022:09:11:32 +0800] "GET /xingrg/css/base.css HTTP/1.1" 200 2811
180.169.147.146 - - [15/Dec/2022:09:11:32 +0800] "GET /xingrg/javascript/jquery_tools/datebox.css HTTP/1.1" 200 2597
180.169.147.146 - - [15/Dec/2022:09:11:32 +0800] "GET /xingrg/javascript/easyui/themes/icon.css HTTP/1.1" 200 4483
180.169.147.146 - - [15/Dec/2022:09:11:32 +0800] "GET /xingrg/javascript/jquery_tools/fix.css HTTP/1.1" 200 1702
180.169.147.146 - - [15/Dec/2022:09:11:32 +0800] "GET /xingrg/javascript/auto/jquery.autocomplete.css HTTP/1.1" 200 587
180.169.147.146 - - [15/Dec/2022:09:11:32 +0800] "GET /xingrg/javascript/jquery_tools/table.css HTTP/1.1" 200 1032
180.169.147.146 - - [15/Dec/2022:09:11:32 +0800] "GET /xingrg/javascript/jquery_tools/jquery.tools.min.js HTTP/1.1" 200 138801
180.169.147.146 - - [15/Dec/2022:09:11:32 +0800] "GET /xingrg/kc/buy/cgsh_order_list.html HTTP/1.1" 200 54270
180.169.147.146 - - [15/Dec/2022:09:11:32 +0800] "GET /xingrg/javascript/jquery_tools/jquery.tools.hotkey.js HTTP/1.1" 200 3242
180.169.147.146 - - [15/Dec/2022:09:11:32 +0800] "GET /xingrg/javascript/easyui/themes/default/easyui.css HTTP/1.1" 200 30432
180.169.147.146 - - [15/Dec/2022:09:11:32 +0800] "GET /xingrg/javascript/jquery_tools/jquery.tools.table.js HTTP/1.1" 200 6994
180.169.147.146 - - [15/Dec/2022:09:11:32 +0800] "GET /xingrg/javascript/jquery_tools/jquery.tools.extend.js HTTP/1.1" 200 15385
180.169.147.146 - - [15/Dec/2022:09:11:32 +0800] "GET /xingrg/javascript/jquery_tools/list_manager.js HTTP/1.1" 200 3652
180.169.147.146 - - [15/Dec/2022:09:11:32 +0800] "GET /xingrg/javascript/easyui/easyloader.js HTTP/1.1" 200 5975
180.169.147.146 - - [15/Dec/2022:09:11:32 +0800] "GET /xingrg/javascript/jquery.cookie.js HTTP/1.1" 200 5513
180.169.147.146 - - [15/Dec/2022:09:11:32 +0800] "GET /xingrg/javascript/auto/jquery.autocomplete.js HTTP/1.1" 200 21624
180.169.147.146 - - [15/Dec/2022:09:11:32 +0800] "GET /xingrg/javascript/print/LodopFuncs.js HTTP/1.1" 200 5121
180.169.147.146 - - [15/Dec/2022:09:11:33 +0800] "GET /xingrg/javascript/easyui/themes/icons/edit_add_new.png HTTP/1.1" 200 2997
180.169.147.146 - - [15/Dec/2022:09:11:33 +0800] "GET /xingrg/javascript/easyui/themes/icons/check_new.png HTTP/1.1" 200 3224
180.169.147.146 - - [15/Dec/2022:09:11:33 +0800] "GET /xingrg/javascript/easyui/themes/icons/cance_new.png HTTP/1.1" 200 3986
180.169.147.146 - - [15/Dec/2022:09:11:33 +0800] "GET /xingrg/javascript/easyui/themes/icons/uncheck_new.png HTTP/1.1" 200 3197
180.169.147.146 - - [15/Dec/2022:09:11:33 +0800] "GET /xingrg/javascript/easyui/themes/icons/import_new.png HTTP/1.1" 200 1247
180.169.147.146 - - [15/Dec/2022:09:11:33 +0800] "GET /xingrg/javascript/easyui/themes/icons/field_new.png HTTP/1.1" 200 1097
180.169.147.146 - - [15/Dec/2022:09:11:33 +0800] "GET /xingrg/javascript/easyui/plugins/jquery.parser.js HTTP/1.1" 200 1142
180.169.147.146 - - [15/Dec/2022:09:11:33 +0800] "GET /xingrg/images/control/ajaxLoader.gif HTTP/1.1" 200 4659
180.169.147.146 - - [15/Dec/2022:09:11:34 +0800] "POST /xingrg/kc/buy/cgsh_list_operate.html HTTP/1.1" 200 986
101.83.146.103 - - [15/Dec/2022:09:11:36 +0800] "GET /xingrg/kc/buy/cgsh_order_operate.html?command=get_materiel&rest_code=00105&code=00101008264&supplier_code=00100203&order_time=2022-12-15 HTTP/1.1" 200 412
116.230.105.139 - - [15/Dec/2022:09:11:37 +0800] "GET /xingrg/all/function/internal_message.html?_=1671066708627&CODE_STATE=getMsg HTTP/1.1" 200 27
180.169.147.146 - - [15/Dec/2022:09:11:41 +0800] "GET /xingrg/javascript/easyui/themes/default/images/button_plain_hover.png HTTP/1.1" 200 144
116.237.75.219 - - [15/Dec/2022:09:11:50 +0800] "GET /xingrg/all/function/internal_message.html?_=1671066732609&CODE_STATE=getMsg HTTP/1.1" 200 27
101.83.146.103 - - [15/Dec/2022:09:11:50 +0800] "GET /xingrg/kc/buy/cgsh_order_operate.html?command=get_materiel&rest_code=00105&code=00101008024&supplier_code=00100203&order_time=2022-12-15 HTTP/1.1" 200 424
116.237.75.219 - - [15/Dec/2022:09:11:51 +0800] "POST /xingrg/kc/buy/cgsh_order_operate.html HTTP/1.1" 200 20403
116.238.139.35 - - [15/Dec/2022:09:11:54 +0800] "GET /xingrg/all/function/internal_message.html?_=1671066734733&CODE_STATE=getMsg HTTP/1.1" 200 27
116.238.139.35 - - [15/Dec/2022:09:11:54 +0800] "GET /xingrg/check_reg.html?_=1671066734737 HTTP/1.1" 200 22
120.253.135.82 - - [15/Dec/2022:09:11:56 +0800] "GET /xingrg/all/function/internal_message.html?_=1671066201169&CODE_STATE=getMsg HTTP/1.1" 302 -
114.84.38.109 - - [15/Dec/2022:09:11:58 +0800] "GET /xingrg/all/function/internal_message.html?_=1671066751324&CODE_STATE=getMsg HTTP/1.1" 200 27
116.238.139.35 - - [15/Dec/2022:09:12:00 +0800] "GET /xingrg/check_reg.html?_=1671066673428 HTTP/1.1" 200 22
116.238.139.35 - - [15/Dec/2022:09:12:10 +0800] "GET /xingrg/all/function/internal_message.html?_=1671066683772&CODE_STATE=getMsg HTTP/1.1" 200 27
120.253.135.82 - - [15/Dec/2022:09:12:23 +0800] "GET /xingrg/all/function/internal_message.html?_=1671066569395&CODE_STATE=getMsg HTTP/1.1" 200 27
101.83.146.103 - - [15/Dec/2022:09:12:24 +0800] "GET /xingrg/kc/buy/cgsh_order_operate.html?command=get_materiel&rest_code=00105&code=00101008131&supplier_code=00100203&order_time=2022-12-15 HTTP/1.1" 200 408
114.83.220.141 - - [15/Dec/2022:09:12:28 +0800] "GET /xingrg/check_reg.html?_=1671066766031 HTTP/1.1" 200 22
114.83.220.141 - - [15/Dec/2022:09:12:28 +0800] "GET /xingrg/all/function/internal_message.html?_=1671066766036&CODE_STATE=getMsg HTTP/1.1" 200 27
101.83.146.103 - - [15/Dec/2022:09:12:28 +0800] "GET /xingrg/all/function/internal_message.html?_=1671066615918&CODE_STATE=getMsg HTTP/1.1" 200 27
101.83.146.103 - - [15/Dec/2022:09:12:28 +0800] "GET /xingrg/check_reg.html?_=1671066615921 HTTP/1.1" 200 22
180.169.147.146 - - [15/Dec/2022:09:12:30 +0800] "GET /xingrg/all/function/internal_message.html?_=1671066769189&CODE_STATE=getMsg HTTP/1.1" 200 27
116.230.105.139 - - [15/Dec/2022:09:12:37 +0800] "GET /xingrg/check_reg.html?_=1671066768619 HTTP/1.1" 200 22
116.230.105.139 - - [15/Dec/2022:09:12:37 +0800] "GET /xingrg/all/function/internal_message.html?_=1671066768626&CODE_STATE=getMsg HTTP/1.1" 200 27
101.83.146.103 - - [15/Dec/2022:09:12:39 +0800] "GET /xingrg/kc/buy/cgsh_order_operate.html?command=get_materiel&rest_code=00105&code=00101008318&supplier_code=00100203&order_time=2022-12-15 HTTP/1.1" 200 424
180.163.30.76 - - [15/Dec/2022:09:12:50 +0800] "GET /xingrg/all/function/internal_message.html?_=1671066732609&CODE_STATE=getMsg HTTP/1.1" 302 -
180.163.30.76 - - [15/Dec/2022:09:12:50 +0800] "GET /xingrg/login.html HTTP/1.1" 200 7641
116.237.75.219 - - [15/Dec/2022:09:12:50 +0800] "GET /xingrg/all/function/internal_message.html?_=1671066792585&CODE_STATE=getMsg HTTP/1.1" 200 27
116.238.139.35 - - [15/Dec/2022:09:12:54 +0800] "GET /xingrg/all/function/internal_message.html?_=1671066794740&CODE_STATE=getMsg HTTP/1.1" 200 27
120.253.135.82 - - [15/Dec/2022:09:12:56 +0800] "GET /xingrg/all/function/internal_message.html?_=1671066261139&CODE_STATE=getMsg HTTP/1.1" 302 -
116.237.75.219 - - [15/Dec/2022:09:12:58 +0800] "GET /xingrg/kc/buy/cgsh_order_operate.html?command=get_materiel&rest_code=00106&code=00101008370&supplier_code=00100007&order_time=2022-12-15 HTTP/1.1" 200 412
114.84.38.109 - - [15/Dec/2022:09:12:59 +0800] "GET /xingrg/all/function/internal_message.html?_=1671066812178&CODE_STATE=getMsg HTTP/1.1" 200 27
116.237.75.219 - - [15/Dec/2022:09:13:06 +0800] "GET /xingrg/kc/buy/cgsh_order_operate.html?command=get_materiel&rest_code=00106&code=00101008301&supplier_code=00100007&order_time=2022-12-15 HTTP/1.1" 200 437
116.238.139.35 - - [15/Dec/2022:09:13:10 +0800] "GET /xingrg/all/function/internal_message.html?_=1671066743785&CODE_STATE=getMsg HTTP/1.1" 200 27
116.237.75.219 - - [15/Dec/2022:09:13:16 +0800] "GET /xingrg/kc/buy/cgsh_order_operate.html?command=get_materiel&rest_code=00106&code=00101008295&supplier_code=00100007&order_time=2022-12-15 HTTP/1.1" 200 412
120.253.135.82 - - [15/Dec/2022:09:13:21 +0800] "GET /xingrg/check_reg.html?_=1671066627711 HTTP/1.1" 200 22
116.237.75.219 - - [15/Dec/2022:09:13:23 +0800] "GET /xingrg/kc/buy/cgsh_order_operate.html?command=get_materiel&rest_code=00106&code=00101008213&supplier_code=00100007&order_time=2022-12-15 HTTP/1.1" 200 412
120.253.135.82 - - [15/Dec/2022:09:13:23 +0800] "GET /xingrg/all/function/internal_message.html?_=1671066629407&CODE_STATE=getMsg HTTP/1.1" 200 27
116.237.75.219 - - [15/Dec/2022:09:13:25 +0800] "POST /xingrg/kc/buy/cgsh_order_operate.html HTTP/1.1" 200 2065
116.237.75.219 - - [15/Dec/2022:09:13:28 +0800] "GET /xingrg/check_reg.html?_=1671066830341 HTTP/1.1" 200 22
114.83.220.141 - - [15/Dec/2022:09:13:28 +0800] "GET /xingrg/all/function/internal_message.html?_=1671066826011&CODE_STATE=getMsg HTTP/1.1" 200 27
101.83.146.103 - - [15/Dec/2022:09:13:28 +0800] "GET /xingrg/all/function/internal_message.html?_=1671066675935&CODE_STATE=getMsg HTTP/1.1" 200 27
180.169.147.146 - - [15/Dec/2022:09:13:30 +0800] "GET /xingrg/all/function/internal_message.html?_=1671066829183&CODE_STATE=getMsg HTTP/1.1" 200 27
116.237.75.219 - - [15/Dec/2022:09:13:32 +0800] "GET /xingrg/kc/buy/cgsh_order_operate.html?command=get_materiel&rest_code=00106&code=00101008291&supplier_code=00100007&order_time=2022-12-15 HTTP/1.1" 200 408
101.83.146.103 - - [15/Dec/2022:09:13:34 +0800] "GET /xingrg/kc/buy/cgsh_order_operate.html?command=get_materiel&rest_code=00105&code=00101008005&supplier_code=00100203&order_time=2022-12-15 HTTP/1.1" 200 412
116.230.105.139 - - [15/Dec/2022:09:13:37 +0800] "GET /xingrg/all/function/internal_message.html?_=1671066828613&CODE_STATE=getMsg HTTP/1.1" 200 27
114.84.38.109 - - [15/Dec/2022:09:13:42 +0800] "GET /xingrg/check_reg.html?_=1671066855220 HTTP/1.1" 200 22
