114.88.159.190 - - [15/Dec/2022:11:22:54 +0800] "GET /xingrg/all/function/internal_message.html?_=1671074589847&CODE_STATE=getMsg HTTP/1.1" 200 27
116.192.124.172 - - [15/Dec/2022:11:23:04 +0800] "GET /xingrg/all/function/internal_message.html?_=1671074604474&CODE_STATE=getMsg HTTP/1.1" 200 27
114.88.159.190 - - [15/Dec/2022:11:23:05 +0800] "GET /xingrg/all/function/internal_message.html?_=1671074197612&CODE_STATE=getMsg HTTP/1.1" 200 27
114.88.159.190 - - [15/Dec/2022:11:23:05 +0800] "GET /xingrg/check_reg.html?_=1671074197614 HTTP/1.1" 200 22
222.70.177.10 - - [15/Dec/2022:11:23:08 +0800] "GET /xingrg/kc/buy/cgsh_order_operate.html?command=get_materiel&rest_code=00111&code=00101009118&supplier_code=00100037&order_time=2022-12-15 HTTP/1.1" 200 405
114.84.171.155 - - [15/Dec/2022:11:23:08 +0800] "GET /xingrg/all/function/internal_message.html?_=1671074607944&CODE_STATE=getMsg HTTP/1.1" 200 27
116.237.75.219 - - [15/Dec/2022:11:23:09 +0800] "GET /xingrg/all/function/internal_message.html?_=1671074611324&CODE_STATE=getMsg HTTP/1.1" 200 27
116.238.139.35 - - [15/Dec/2022:11:23:09 +0800] "GET /xingrg/all/function/internal_message.html?_=1671074610115&CODE_STATE=getMsg HTTP/1.1" 200 27
116.238.139.35 - - [15/Dec/2022:11:23:12 +0800] "GET /xingrg/all/function/internal_message.html?_=1671074545785&CODE_STATE=getMsg HTTP/1.1" 200 27
114.83.222.182 - - [15/Dec/2022:11:23:14 +0800] "GET /xingrg/all/function/internal_message.html?_=1671074674941&CODE_STATE=getMsg HTTP/1.1" 200 27
116.237.75.219 - - [15/Dec/2022:11:23:20 +0800] "GET /xingrg/all/function/internal_message.html?_=1671074620584&CODE_STATE=getMsg HTTP/1.1" 200 27
180.165.52.19 - - [15/Dec/2022:11:23:23 +0800] "GET /xingrg/all/function/internal_message.html?_=1671074617932&CODE_STATE=getMsg HTTP/1.1" 200 27
222.70.177.10 - - [15/Dec/2022:11:23:23 +0800] "GET /xingrg/kc/buy/cgsh_order_operate.html?command=get_materiel&rest_code=00111&code=00101023022&supplier_code=00100037&order_time=2022-12-15 HTTP/1.1" 200 406
180.169.147.146 - - [15/Dec/2022:11:23:26 +0800] "GET /xingrg/all/function/internal_message.html?_=1671074624349&CODE_STATE=getMsg HTTP/1.1" 200 27
114.83.220.141 - - [15/Dec/2022:11:23:27 +0800] "GET /xingrg/all/function/internal_message.html?_=1671074625476&CODE_STATE=getMsg HTTP/1.1" 200 27
116.237.75.219 - - [15/Dec/2022:11:23:28 +0800] "GET /xingrg/check_reg.html?_=1671074630262 HTTP/1.1" 200 22
101.83.146.103 - - [15/Dec/2022:11:23:29 +0800] "GET /xingrg/all/function/internal_message.html?_=1671074476092&CODE_STATE=getMsg HTTP/1.1" 200 27
114.84.38.109 - - [15/Dec/2022:11:23:29 +0800] "GET /xingrg/all/function/internal_message.html?_=1671074642509&CODE_STATE=getMsg HTTP/1.1" 200 27
114.84.81.136 - - [15/Dec/2022:11:23:32 +0800] "GET /xingrg/all/function/internal_message.html?_=1671074631545&CODE_STATE=getMsg HTTP/1.1" 200 27
116.230.105.139 - - [15/Dec/2022:11:23:37 +0800] "GET /xingrg/all/function/internal_message.html?_=1671074628622&CODE_STATE=getMsg HTTP/1.1" 200 27
114.83.222.182 - - [15/Dec/2022:11:23:41 +0800] "GET /xingrg/kc/buy/cgsh_order_operate.html?command=get_materiel&rest_code=00154&code=00101010291&supplier_code=00100171&order_time=2022-12-15 HTTP/1.1" 200 432
114.84.38.109 - - [15/Dec/2022:11:23:43 +0800] "GET /xingrg/check_reg.html?_=1671074656518 HTTP/1.1" 200 22
180.169.147.146 - - [15/Dec/2022:11:23:47 +0800] "GET /xingrg/all/function/internal_message.html?_=1671074646031&CODE_STATE=getMsg HTTP/1.1" 200 27
222.70.177.10 - - [15/Dec/2022:11:23:54 +0800] "GET /xingrg/all/function/internal_message.html?_=1671074651625&CODE_STATE=getMsg HTTP/1.1" 200 27
114.88.159.190 - - [15/Dec/2022:11:23:54 +0800] "GET /xingrg/all/function/internal_message.html?_=1671074649846&CODE_STATE=getMsg HTTP/1.1" 200 27
116.237.75.219 - - [15/Dec/2022:11:23:55 +0800] "GET /xingrg/kc/base/yddb_order_list.html HTTP/1.1" 200 16707
116.237.75.219 - - [15/Dec/2022:11:23:55 +0800] "POST /xingrg/kc/base/yddb_list_operate.html HTTP/1.1" 200 1342
114.83.222.182 - - [15/Dec/2022:11:23:59 +0800] "GET /xingrg/kc/buy/cgsh_order_operate.html?command=get_materiel&rest_code=00154&code=00101010645&supplier_code=00100171&order_time=2022-12-15 HTTP/1.1" 200 453
116.237.75.219 - - [15/Dec/2022:11:24:00 +0800] "POST /xingrg/kc/base/yddb_list_operate.html HTTP/1.1" 200 4309
116.192.124.172 - - [15/Dec/2022:11:24:04 +0800] "GET /xingrg/all/function/internal_message.html?_=1671074664467&CODE_STATE=getMsg HTTP/1.1" 200 27
114.88.159.190 - - [15/Dec/2022:11:24:05 +0800] "GET /xingrg/all/function/internal_message.html?_=1671074257640&CODE_STATE=getMsg HTTP/1.1" 200 27
114.83.222.182 - - [15/Dec/2022:11:24:08 +0800] "POST /xingrg/all/common/load_select.html HTTP/1.1" 200 25
114.84.171.155 - - [15/Dec/2022:11:24:08 +0800] "GET /xingrg/all/function/internal_message.html?_=1671074667959&CODE_STATE=getMsg HTTP/1.1" 200 27
116.237.75.219 - - [15/Dec/2022:11:24:09 +0800] "GET /xingrg/all/function/internal_message.html?_=1671074671298&CODE_STATE=getMsg HTTP/1.1" 200 27
116.238.139.35 - - [15/Dec/2022:11:24:09 +0800] "GET /xingrg/all/function/internal_message.html?_=1671074670085&CODE_STATE=getMsg HTTP/1.1" 200 27
116.238.139.35 - - [15/Dec/2022:11:24:09 +0800] "GET /xingrg/check_reg.html?_=1671074670294 HTTP/1.1" 200 22
114.83.222.182 - - [15/Dec/2022:11:24:12 +0800] "GET /xingrg/kc/buy/cgsh_order_operate.html?command=get_materiel_price&rest_code=00154&code=00101010645&unit_code=00100007&supplier_code=00100171&order_time=2022-12-15 HTTP/1.1" 200 30
116.238.139.35 - - [15/Dec/2022:11:24:12 +0800] "GET /xingrg/all/function/internal_message.html?_=1671074605810&CODE_STATE=getMsg HTTP/1.1" 200 27
114.83.222.182 - - [15/Dec/2022:11:24:14 +0800] "GET /xingrg/all/function/internal_message.html?_=1671074734946&CODE_STATE=getMsg HTTP/1.1" 200 27
116.237.75.219 - - [15/Dec/2022:11:24:20 +0800] "GET /xingrg/all/function/internal_message.html?_=1671074680590&CODE_STATE=getMsg HTTP/1.1" 200 27
180.165.52.19 - - [15/Dec/2022:11:24:23 +0800] "GET /xingrg/all/function/internal_message.html?_=1671074677945&CODE_STATE=getMsg HTTP/1.1" 200 27
180.165.52.19 - - [15/Dec/2022:11:24:23 +0800] "GET /xingrg/check_reg.html?_=1671074677947 HTTP/1.1" 200 22
180.169.147.146 - - [15/Dec/2022:11:24:26 +0800] "GET /xingrg/all/function/internal_message.html?_=1671074684333&CODE_STATE=getMsg HTTP/1.1" 200 27
180.169.147.146 - - [15/Dec/2022:11:24:27 +0800] "GET /xingrg/check_reg.html?_=1671074684786 HTTP/1.1" 200 22
114.83.220.141 - - [15/Dec/2022:11:24:27 +0800] "GET /xingrg/all/function/internal_message.html?_=1671074685463&CODE_STATE=getMsg HTTP/1.1" 200 27
101.83.146.103 - - [15/Dec/2022:11:24:28 +0800] "GET /xingrg/all/function/internal_message.html?_=1671074536083&CODE_STATE=getMsg HTTP/1.1" 200 27
114.84.38.109 - - [15/Dec/2022:11:24:29 +0800] "GET /xingrg/all/function/internal_message.html?_=1671074702524&CODE_STATE=getMsg HTTP/1.1" 200 27
114.84.81.136 - - [15/Dec/2022:11:24:32 +0800] "GET /xingrg/all/function/internal_message.html?_=1671074691552&CODE_STATE=getMsg HTTP/1.1" 200 27
114.83.222.182 - - [15/Dec/2022:11:24:33 +0800] "GET /xingrg/kc/buy/cgsh_order_operate.html?command=get_materiel&rest_code=00154&code=00101010237&supplier_code=00100171&order_time=2022-12-15 HTTP/1.1" 200 433
116.230.105.139 - - [15/Dec/2022:11:24:37 +0800] "GET /xingrg/all/function/internal_message.html?_=1671074688618&CODE_STATE=getMsg HTTP/1.1" 200 27
180.169.147.146 - - [15/Dec/2022:11:24:47 +0800] "GET /xingrg/all/function/internal_message.html?_=1671074706038&CODE_STATE=getMsg HTTP/1.1" 200 27
222.70.177.10 - - [15/Dec/2022:11:24:54 +0800] "GET /xingrg/all/function/internal_message.html?_=1671074711616&CODE_STATE=getMsg HTTP/1.1" 200 27
114.88.159.190 - - [15/Dec/2022:11:24:54 +0800] "GET /xingrg/all/function/internal_message.html?_=1671074709847&CODE_STATE=getMsg HTTP/1.1" 200 27
114.88.159.190 - - [15/Dec/2022:11:24:54 +0800] "GET /xingrg/check_reg.html?_=1671074709848 HTTP/1.1" 200 22
114.83.222.182 - - [15/Dec/2022:11:24:56 +0800] "GET /xingrg/kc/buy/cgsh_order_operate.html?command=get_materiel&rest_code=00154&code=00101010294&supplier_code=00100171&order_time=2022-12-15 HTTP/1.1" 200 411
116.192.124.172 - - [15/Dec/2022:11:25:04 +0800] "GET /xingrg/all/function/internal_message.html?_=1671074724466&CODE_STATE=getMsg HTTP/1.1" 200 27
114.88.159.190 - - [15/Dec/2022:11:25:05 +0800] "GET /xingrg/all/function/internal_message.html?_=1671074317638&CODE_STATE=getMsg HTTP/1.1" 200 27
116.237.75.219 - - [15/Dec/2022:11:25:06 +0800] "GET /xingrg/kc/base/yddb_order_list.html HTTP/1.1" 200 16707
116.237.75.219 - - [15/Dec/2022:11:25:06 +0800] "POST /xingrg/kc/base/yddb_list_operate.html HTTP/1.1" 200 1342
114.84.171.155 - - [15/Dec/2022:11:25:08 +0800] "GET /xingrg/all/function/internal_message.html?_=1671074727944&CODE_STATE=getMsg HTTP/1.1" 200 27
116.237.75.219 - - [15/Dec/2022:11:25:09 +0800] "GET /xingrg/all/function/internal_message.html?_=1671074731275&CODE_STATE=getMsg HTTP/1.1" 200 27
116.238.139.35 - - [15/Dec/2022:11:25:09 +0800] "GET /xingrg/all/function/internal_message.html?_=1671074730064&CODE_STATE=getMsg HTTP/1.1" 200 27
116.238.139.35 - - [15/Dec/2022:11:25:12 +0800] "GET /xingrg/all/function/internal_message.html?_=1671074665812&CODE_STATE=getMsg HTTP/1.1" 200 27
114.83.222.182 - - [15/Dec/2022:11:25:14 +0800] "GET /xingrg/all/function/internal_message.html?_=1671074794939&CODE_STATE=getMsg HTTP/1.1" 200 27
116.237.75.219 - - [15/Dec/2022:11:25:15 +0800] "GET /xingrg/kc/base/yddb_order_list.html HTTP/1.1" 200 16707
116.237.75.219 - - [15/Dec/2022:11:25:15 +0800] "POST /xingrg/kc/base/yddb_list_operate.html HTTP/1.1" 200 1342
116.237.75.219 - - [15/Dec/2022:11:25:20 +0800] "GET /xingrg/all/function/internal_message.html?_=1671074740608&CODE_STATE=getMsg HTTP/1.1" 200 27
180.165.52.19 - - [15/Dec/2022:11:25:23 +0800] "GET /xingrg/all/function/internal_message.html?_=1671074737942&CODE_STATE=getMsg HTTP/1.1" 200 27
180.169.147.146 - - [15/Dec/2022:11:25:26 +0800] "GET /xingrg/all/function/internal_message.html?_=1671074744343&CODE_STATE=getMsg HTTP/1.1" 200 27
114.83.220.141 - - [15/Dec/2022:11:25:27 +0800] "GET /xingrg/all/function/internal_message.html?_=1671074745444&CODE_STATE=getMsg HTTP/1.1" 200 27
101.83.146.103 - - [15/Dec/2022:11:25:29 +0800] "GET /xingrg/all/function/internal_message.html?_=1671074596083&CODE_STATE=getMsg HTTP/1.1" 200 27
114.84.38.109 - - [15/Dec/2022:11:25:29 +0800] "GET /xingrg/all/function/internal_message.html?_=1671074762537&CODE_STATE=getMsg HTTP/1.1" 200 27
114.84.81.136 - - [15/Dec/2022:11:25:32 +0800] "GET /xingrg/all/function/internal_message.html?_=1671074751541&CODE_STATE=getMsg HTTP/1.1" 200 27
222.70.177.10 - - [15/Dec/2022:11:25:32 +0800] "GET /xingrg/kc/buy/cgsh_order_operate.html?command=get_materiel&rest_code=00111&code=00101009011&supplier_code=00100037&order_time=2022-12-15 HTTP/1.1" 200 416
114.83.222.182 - - [15/Dec/2022:11:25:36 +0800] "GET /xingrg/kc/buy/cgsh_order_operate.html?command=get_materiel&rest_code=00154&code=00101021003&supplier_code=00100171&order_time=2022-12-15 HTTP/1.1" 200 433
116.230.105.139 - - [15/Dec/2022:11:25:37 +0800] "GET /xingrg/all/function/internal_message.html?_=1671074748631&CODE_STATE=getMsg HTTP/1.1" 200 27
180.169.147.146 - - [15/Dec/2022:11:25:47 +0800] "GET /xingrg/all/function/internal_message.html?_=1671074766041&CODE_STATE=getMsg HTTP/1.1" 200 27
116.237.75.219 - - [15/Dec/2022:11:25:49 +0800] "GET /xingrg/kc/base/yddb_order_list.html HTTP/1.1" 200 16707
116.237.75.219 - - [15/Dec/2022:11:25:49 +0800] "POST /xingrg/kc/base/yddb_list_operate.html HTTP/1.1" 200 1342
222.70.177.10 - - [15/Dec/2022:11:25:50 +0800] "GET /xingrg/kc/buy/cgsh_order_operate.html?command=get_materiel&rest_code=00111&code=00101009015&supplier_code=00100037&order_time=2022-12-15 HTTP/1.1" 200 416
116.237.75.219 - - [15/Dec/2022:11:25:53 +0800] "POST /xingrg/kc/base/yddb_list_operate.html HTTP/1.1" 200 4309
222.70.177.10 - - [15/Dec/2022:11:25:54 +0800] "GET /xingrg/all/function/internal_message.html?_=1671074771619&CODE_STATE=getMsg HTTP/1.1" 200 27
114.88.159.190 - - [15/Dec/2022:11:25:54 +0800] "GET /xingrg/all/function/internal_message.html?_=1671074769847&CODE_STATE=getMsg HTTP/1.1" 200 27
222.70.177.10 - - [15/Dec/2022:11:26:03 +0800] "GET /xingrg/kc/buy/cgsh_order_operate.html?command=get_materiel&rest_code=00111&code=00101008704&supplier_code=00100037&order_time=2022-12-15 HTTP/1.1" 200 395
116.192.124.172 - - [15/Dec/2022:11:26:04 +0800] "GET /xingrg/all/function/internal_message.html?_=1671074784476&CODE_STATE=getMsg HTTP/1.1" 200 27
114.88.159.190 - - [15/Dec/2022:11:26:05 +0800] "GET /xingrg/all/function/internal_message.html?_=1671074377636&CODE_STATE=getMsg HTTP/1.1" 200 27
114.84.171.155 - - [15/Dec/2022:11:26:08 +0800] "GET /xingrg/all/function/internal_message.html?_=1671074787944&CODE_STATE=getMsg HTTP/1.1" 200 27
116.237.75.219 - - [15/Dec/2022:11:26:09 +0800] "GET /xingrg/all/function/internal_message.html?_=1671074791258&CODE_STATE=getMsg HTTP/1.1" 200 27
116.238.139.35 - - [15/Dec/2022:11:26:09 +0800] "GET /xingrg/all/function/internal_message.html?_=1671074790052&CODE_STATE=getMsg HTTP/1.1" 200 27
222.70.177.10 - - [15/Dec/2022:11:26:12 +0800] "GET /xingrg/kc/buy/cgsh_order_operate.html?command=get_materiel&rest_code=00111&code=00101008509&supplier_code=00100037&order_time=2022-12-15 HTTP/1.1" 200 409
116.238.139.35 - - [15/Dec/2022:11:26:12 +0800] "GET /xingrg/all/function/internal_message.html?_=1671074725837&CODE_STATE=getMsg HTTP/1.1" 200 27
114.83.222.182 - - [15/Dec/2022:11:26:14 +0800] "GET /xingrg/all/function/internal_message.html?_=1671074854937&CODE_STATE=getMsg HTTP/1.1" 200 27
116.237.75.219 - - [15/Dec/2022:11:26:20 +0800] "GET /xingrg/all/function/internal_message.html?_=1671074800590&CODE_STATE=getMsg HTTP/1.1" 200 27
116.237.75.219 - - [15/Dec/2022:11:26:20 +0800] "GET /xingrg/check_reg.html?_=1671074800593 HTTP/1.1" 200 22
180.165.52.19 - - [15/Dec/2022:11:26:23 +0800] "GET /xingrg/all/function/internal_message.html?_=1671074797939&CODE_STATE=getMsg HTTP/1.1" 200 27
180.169.147.146 - - [15/Dec/2022:11:26:26 +0800] "GET /xingrg/all/function/internal_message.html?_=1671074804326&CODE_STATE=getMsg HTTP/1.1" 200 27
114.83.220.141 - - [15/Dec/2022:11:26:27 +0800] "GET /xingrg/all/function/internal_message.html?_=1671074805421&CODE_STATE=getMsg HTTP/1.1" 200 27
101.83.146.103 - - [15/Dec/2022:11:26:29 +0800] "GET /xingrg/all/function/internal_message.html?_=1671074656083&CODE_STATE=getMsg HTTP/1.1" 200 27
114.84.38.109 - - [15/Dec/2022:11:26:30 +0800] "GET /xingrg/all/function/internal_message.html?_=1671074823312&CODE_STATE=getMsg HTTP/1.1" 200 27
114.84.81.136 - - [15/Dec/2022:11:26:32 +0800] "GET /xingrg/all/function/internal_message.html?_=1671074811535&CODE_STATE=getMsg HTTP/1.1" 200 27
222.70.177.10 - - [15/Dec/2022:11:26:36 +0800] "POST /xingrg/kc/buy/cgsh_order_operate.html HTTP/1.1" 200 37
116.230.105.139 - - [15/Dec/2022:11:26:37 +0800] "GET /xingrg/all/function/internal_message.html?_=1671074808621&CODE_STATE=getMsg HTTP/1.1" 200 27
222.70.177.10 - - [15/Dec/2022:11:26:38 +0800] "POST /xingrg/kc/buy/cgsh_order_operate.html HTTP/1.1" 200 7952
222.70.177.10 - - [15/Dec/2022:11:26:40 +0800] "GET /xingrg/kc/print/load_config.html?kc_code=cgsh HTTP/1.1" 200 1943
222.70.177.10 - - [15/Dec/2022:11:26:40 +0800] "GET /xingrg/kc/print/load_data.html?order_code=212022121504334&kc_code=cgsh&condition= HTTP/1.1" 200 2716
180.169.147.146 - - [15/Dec/2022:11:26:47 +0800] "GET /xingrg/all/function/internal_message.html?_=1671074826074&CODE_STATE=getMsg HTTP/1.1" 200 27
180.169.147.146 - - [15/Dec/2022:11:26:47 +0800] "GET /xingrg/check_reg.html?_=1671074826076 HTTP/1.1" 200 22
116.237.75.219 - - [15/Dec/2022:11:26:47 +0800] "GET /xingrg/kc/base/yddb_order_list.html HTTP/1.1" 200 16707
116.237.75.219 - - [15/Dec/2022:11:26:47 +0800] "POST /xingrg/kc/base/yddb_list_operate.html HTTP/1.1" 200 1342
116.237.75.219 - - [15/Dec/2022:11:26:52 +0800] "POST /xingrg/kc/base/yddb_list_operate.html HTTP/1.1" 200 4309
222.70.177.10 - - [15/Dec/2022:11:26:52 +0800] "GET /xingrg/kc/buy/cgsh_order_add.html HTTP/1.1" 200 69753
222.70.177.10 - - [15/Dec/2022:11:26:52 +0800] "POST /xingrg/kc/buy/cgsh_order_operate.html HTTP/1.1" 200 8245
222.70.177.10 - - [15/Dec/2022:11:26:52 +0800] "GET /xingrg/javascript/easyui/themes/default/validatebox.css HTTP/1.1" 404 1104
222.70.177.10 - - [15/Dec/2022:11:26:54 +0800] "GET /xingrg/all/function/internal_message.html?_=1671074831669&CODE_STATE=getMsg HTTP/1.1" 200 27
114.88.159.190 - - [15/Dec/2022:11:26:54 +0800] "GET /xingrg/all/function/internal_message.html?_=1671074829846&CODE_STATE=getMsg HTTP/1.1" 200 27
116.237.75.219 - - [15/Dec/2022:11:26:58 +0800] "GET /xingrg/kc/buy/buy_main.html HTTP/1.1" 200 12412
116.237.75.219 - - [15/Dec/2022:11:26:58 +0800] "GET /xingrg/css/new_ie.css HTTP/1.1" 404 1036
116.237.75.219 - - [15/Dec/2022:11:27:00 +0800] "GET /xingrg/images/yd/bt.gif HTTP/1.1" 404 1040
116.238.139.35 - - [15/Dec/2022:11:27:00 +0800] "GET /xingrg/check_reg.html?_=1671074773577 HTTP/1.1" 200 22
116.237.75.219 - - [15/Dec/2022:11:27:00 +0800] "GET /xingrg/kc/buy/cgsh_order_list.html HTTP/1.1" 200 54015
116.237.75.219 - - [15/Dec/2022:11:27:01 +0800] "POST /xingrg/kc/buy/cgsh_list_operate.html HTTP/1.1" 200 986
114.83.222.182 - - [15/Dec/2022:11:27:02 +0800] "GET /xingrg/kc/buy/cgsh_order_operate.html?command=get_materiel&rest_code=00154&code=00101005002&supplier_code=00100171&order_time=2022-12-15 HTTP/1.1" 200 413
116.237.75.219 - - [15/Dec/2022:11:27:03 +0800] "GET /xingrg/kc/mdqp/qp_main.html HTTP/1.1" 200 10633
116.192.124.172 - - [15/Dec/2022:11:27:04 +0800] "GET /xingrg/check_reg.html?_=1671074844476 HTTP/1.1" 200 22
116.192.124.172 - - [15/Dec/2022:11:27:04 +0800] "GET /xingrg/all/function/internal_message.html?_=1671074844479&CODE_STATE=getMsg HTTP/1.1" 200 27
180.165.52.19 - - [15/Dec/2022:11:27:04 +0800] "GET /xingrg/kc/buy/cgsh_order_operate.html?command=get_materiel&rest_code=00108&code=00102010846&supplier_code=00100151&order_time=2022-12-15 HTTP/1.1" 200 413
114.88.159.190 - - [15/Dec/2022:11:27:05 +0800] "GET /xingrg/all/function/internal_message.html?_=1671074437635&CODE_STATE=getMsg HTTP/1.1" 200 27
222.70.177.10 - - [15/Dec/2022:11:27:06 +0800] "GET /xingrg/kc/buy/cgsh_order_operate.html?command=get_materiel&rest_code=00111&code=00101002006&supplier_code=00100199&order_time=2022-12-15 HTTP/1.1" 200 414
114.84.171.155 - - [15/Dec/2022:11:27:08 +0800] "GET /xingrg/all/function/internal_message.html?_=1671074847945&CODE_STATE=getMsg HTTP/1.1" 200 27
114.84.171.155 - - [15/Dec/2022:11:27:08 +0800] "GET /xingrg/check_reg.html?_=1671074847948 HTTP/1.1" 200 22
116.237.75.219 - - [15/Dec/2022:11:27:09 +0800] "GET /xingrg/all/function/internal_message.html?_=1671074851236&CODE_STATE=getMsg HTTP/1.1" 200 27
116.238.139.35 - - [15/Dec/2022:11:27:09 +0800] "GET /xingrg/all/function/internal_message.html?_=1671074850037&CODE_STATE=getMsg HTTP/1.1" 200 27
116.237.75.219 - - [15/Dec/2022:11:27:10 +0800] "GET /xingrg/images/yd/bt.gif HTTP/1.1" 404 1040
116.237.75.219 - - [15/Dec/2022:11:27:10 +0800] "GET /xingrg/kc/mdqp/pssh_order_list.html HTTP/1.1" 200 17847
116.237.75.219 - - [15/Dec/2022:11:27:10 +0800] "POST /xingrg/kc/mdqp/pssh_list_operate.html HTTP/1.1" 200 5404
116.238.139.35 - - [15/Dec/2022:11:27:12 +0800] "GET /xingrg/all/function/internal_message.html?_=1671074785838&CODE_STATE=getMsg HTTP/1.1" 200 27
114.83.222.182 - - [15/Dec/2022:11:27:14 +0800] "GET /xingrg/check_reg.html?_=1671074914930 HTTP/1.1" 200 22
114.83.222.182 - - [15/Dec/2022:11:27:14 +0800] "GET /xingrg/all/function/internal_message.html?_=1671074914933&CODE_STATE=getMsg HTTP/1.1" 200 27
116.237.75.219 - - [15/Dec/2022:11:27:14 +0800] "GET /xingrg/kc/base/base_main.html HTTP/1.1" 200 12142
116.237.75.219 - - [15/Dec/2022:11:27:16 +0800] "GET /xingrg/kc/base/wldb_order_list.html HTTP/1.1" 200 19101
116.237.75.219 - - [15/Dec/2022:11:27:16 +0800] "POST /xingrg/kc/base/wldb_list_operate.html HTTP/1.1" 200 3356
116.237.75.219 - - [15/Dec/2022:11:27:20 +0800] "GET /xingrg/all/function/internal_message.html?_=1671074860599&CODE_STATE=getMsg HTTP/1.1" 200 27
222.70.177.10 - - [15/Dec/2022:11:27:23 +0800] "POST /xingrg/kc/buy/cgsh_order_operate.html HTTP/1.1" 200 37
180.165.52.19 - - [15/Dec/2022:11:27:23 +0800] "GET /xingrg/all/function/internal_message.html?_=1671074857947&CODE_STATE=getMsg HTTP/1.1" 200 27
180.169.147.146 - - [15/Dec/2022:11:27:26 +0800] "GET /xingrg/all/function/internal_message.html?_=1671074864310&CODE_STATE=getMsg HTTP/1.1" 200 27
114.83.220.141 - - [15/Dec/2022:11:27:27 +0800] "GET /xingrg/all/function/internal_message.html?_=1671074865391&CODE_STATE=getMsg HTTP/1.1" 200 27
222.70.177.10 - - [15/Dec/2022:11:27:28 +0800] "POST /xingrg/kc/buy/cgsh_order_operate.html HTTP/1.1" 200 2661
114.83.220.141 - - [15/Dec/2022:11:27:28 +0800] "GET /xingrg/check_reg.html?_=1671074866525 HTTP/1.1" 200 22
101.83.146.103 - - [15/Dec/2022:11:27:29 +0800] "GET /xingrg/all/function/internal_message.html?_=1671074716109&CODE_STATE=getMsg HTTP/1.1" 200 27
101.83.146.103 - - [15/Dec/2022:11:27:29 +0800] "GET /xingrg/check_reg.html?_=1671074716111 HTTP/1.1" 200 22
114.84.38.109 - - [15/Dec/2022:11:27:30 +0800] "GET /xingrg/all/function/internal_message.html?_=1671074883313&CODE_STATE=getMsg HTTP/1.1" 200 27
116.237.75.219 - - [15/Dec/2022:11:27:31 +0800] "GET /xingrg/kc/base/base_main.html HTTP/1.1" 200 12142
114.84.81.136 - - [15/Dec/2022:11:27:32 +0800] "GET /xingrg/all/function/internal_message.html?_=1671074871551&CODE_STATE=getMsg HTTP/1.1" 200 27
114.84.81.136 - - [15/Dec/2022:11:27:32 +0800] "GET /xingrg/check_reg.html?_=1671074871553 HTTP/1.1" 200 22
222.70.177.10 - - [15/Dec/2022:11:27:33 +0800] "GET /xingrg/kc/print/load_data.html?order_code=212022121504335&kc_code=cgsh&condition= HTTP/1.1" 200 668
116.237.75.219 - - [15/Dec/2022:11:27:34 +0800] "GET /xingrg/kc/mdqp/qp_main.html HTTP/1.1" 200 10633
116.237.75.219 - - [15/Dec/2022:11:27:36 +0800] "GET /xingrg/images/yd/bt.gif HTTP/1.1" 404 1040
116.237.75.219 - - [15/Dec/2022:11:27:37 +0800] "GET /xingrg/kc/mdqp/qqps_order_list.html HTTP/1.1" 200 9222
116.237.75.219 - - [15/Dec/2022:11:27:37 +0800] "GET /xingrg/dwr/interface/AjaxReportQueryService.js HTTP/1.1" 200 13203
116.237.75.219 - - [15/Dec/2022:11:27:37 +0800] "GET /xingrg/dwr/interface/AjaxQqpsService.js HTTP/1.1" 200 16326
116.237.75.219 - - [15/Dec/2022:11:27:37 +0800] "GET /xingrg/dwr/engine.js HTTP/1.1" 200 43631
116.230.105.139 - - [15/Dec/2022:11:27:37 +0800] "GET /xingrg/all/function/internal_message.html?_=1671074868619&CODE_STATE=getMsg HTTP/1.1" 200 27
116.230.105.139 - - [15/Dec/2022:11:27:37 +0800] "GET /xingrg/check_reg.html?_=1671074868620 HTTP/1.1" 200 22
222.70.177.10 - - [15/Dec/2022:11:27:38 +0800] "GET /xingrg/kc/buy/cgsh_order_add.html HTTP/1.1" 200 69753
222.70.177.10 - - [15/Dec/2022:11:27:38 +0800] "POST /xingrg/kc/buy/cgsh_order_operate.html HTTP/1.1" 200 8245
222.70.177.10 - - [15/Dec/2022:11:27:38 +0800] "GET /xingrg/javascript/easyui/themes/default/validatebox.css HTTP/1.1" 404 1104
116.237.75.219 - - [15/Dec/2022:11:27:40 +0800] "GET /xingrg/kc/mdqp/qqps_order_add.html HTTP/1.1" 200 28236
116.237.75.219 - - [15/Dec/2022:11:27:40 +0800] "GET /xingrg/dwr/interface/AjaxComOrderService.js HTTP/1.1" 200 18264
116.237.75.219 - - [15/Dec/2022:11:27:40 +0800] "GET /xingrg/dwr/interface/AjaxQqpsService.js HTTP/1.1" 200 16326
116.237.75.219 - - [15/Dec/2022:11:27:40 +0800] "GET /xingrg/dwr/engine.js HTTP/1.1" 200 43631
116.237.75.219 - - [15/Dec/2022:11:27:40 +0800] "GET /xingrg/words/20221215111312_words.js HTTP/1.1" 200 938090
180.169.147.146 - - [15/Dec/2022:11:27:47 +0800] "GET /xingrg/all/function/internal_message.html?_=1671074886084&CODE_STATE=getMsg HTTP/1.1" 200 27
222.70.177.10 - - [15/Dec/2022:11:27:54 +0800] "GET /xingrg/check_reg.html?_=1671074891629 HTTP/1.1" 200 22
222.70.177.10 - - [15/Dec/2022:11:27:54 +0800] "GET /xingrg/all/function/internal_message.html?_=1671074891650&CODE_STATE=getMsg HTTP/1.1" 200 27
114.88.159.190 - - [15/Dec/2022:11:27:54 +0800] "GET /xingrg/all/function/internal_message.html?_=1671074889846&CODE_STATE=getMsg HTTP/1.1" 200 27
116.237.75.219 - - [15/Dec/2022:11:27:56 +0800] "POST /xingrg/dwr/call/plaincall/AjaxQqpsService.saveOrder.dwr HTTP/1.1" 200 78
222.70.177.10 - - [15/Dec/2022:11:27:56 +0800] "GET /xingrg/kc/buy/cgsh_order_operate.html?command=get_materiel&rest_code=00111&code=00101007125&supplier_code=00100004&order_time=2022-12-15 HTTP/1.1" 200 406
116.238.139.35 - - [15/Dec/2022:11:28:00 +0800] "POST /xingrg/all/user/operate.html HTTP/1.1" 200 36
116.238.139.35 - - [15/Dec/2022:11:28:00 +0800] "GET /xingrg/index.html?sysBaseUrl=http%3A%2F%2F180.169.147.146%3A18081%2Fxingrg%2F&costTime=39×tamp=1671018582334 HTTP/1.1" 200 17179
116.238.139.35 - - [15/Dec/2022:11:28:00 +0800] "GET /xingrg/javascript/jquery_easy_ui/themes/default/easyui.css HTTP/1.1" 304 -
116.238.139.35 - - [15/Dec/2022:11:28:00 +0800] "GET /xingrg/javascript/jquery_easy_ui/themes/icon.css HTTP/1.1" 304 -
116.238.139.35 - - [15/Dec/2022:11:28:00 +0800] "GET /xingrg/css/form.css HTTP/1.1" 304 -
116.238.139.35 - - [15/Dec/2022:11:28:00 +0800] "GET /xingrg/javascript/jquery-1.4.2.min.js HTTP/1.1" 304 -
116.238.139.35 - - [15/Dec/2022:11:28:01 +0800] "GET /xingrg/javascript/jquery_easy_ui/jquery.easyui.min.js HTTP/1.1" 304 -
116.238.139.35 - - [15/Dec/2022:11:28:01 +0800] "GET /xingrg/javascript/jquery_easy_ui/easyui-lang-zh_CN.js HTTP/1.1" 304 -
116.238.139.35 - - [15/Dec/2022:11:28:01 +0800] "GET /xingrg/javascript/jquery.form.js HTTP/1.1" 304 -
116.238.139.35 - - [15/Dec/2022:11:28:01 +0800] "GET /xingrg/javascript/jquery.utils.js HTTP/1.1" 304 -
116.238.139.35 - - [15/Dec/2022:11:28:01 +0800] "GET /xingrg/javascript/jquery.timers.js HTTP/1.1" 304 -
116.238.139.35 - - [15/Dec/2022:11:28:01 +0800] "GET /xingrg/images/blue/jxLogo.png HTTP/1.1" 304 -
116.238.139.35 - - [15/Dec/2022:11:28:01 +0800] "GET /xingrg/images/blue/navBackgound.jpg HTTP/1.1" 304 -
116.238.139.35 - - [15/Dec/2022:11:28:01 +0800] "GET /xingrg/javascript/jquery_easy_ui/themes/icons/settle_new.png HTTP/1.1" 304 -
116.238.139.35 - - [15/Dec/2022:11:28:01 +0800] "POST /xingrg/all/common/load_tree.html?tree=area_rest_tree_json&manage=1 HTTP/1.1" 200 476
116.238.139.35 - - [15/Dec/2022:11:28:01 +0800] "GET /xingrg/check_reg.html?_=1671074901833 HTTP/1.1" 200 22
116.238.139.35 - - [15/Dec/2022:11:28:01 +0800] "GET /xingrg/all/function/internal_message.html?_=1671074901832&CODE_STATE=count HTTP/1.1" 200 11
116.238.139.35 - - [15/Dec/2022:11:28:01 +0800] "GET /xingrg/javascript/jquery_easy_ui/themes/default/images/tabs_leftarrow.png HTTP/1.1" 304 -
116.238.139.35 - - [15/Dec/2022:11:28:01 +0800] "GET /xingrg/javascript/jquery_easy_ui/themes/default/images/panel_tool_collapse.gif HTTP/1.1" 304 -
116.238.139.35 - - [15/Dec/2022:11:28:01 +0800] "GET /xingrg/images/blue/pingpu.png HTTP/1.1" 304 -
116.238.139.35 - - [15/Dec/2022:11:28:01 +0800] "GET /xingrg/javascript/jquery_easy_ui/themes/default/images/tabs_rightarrow.png HTTP/1.1" 304 -
116.238.139.35 - - [15/Dec/2022:11:28:01 +0800] "POST /xingrg/load_menu.html HTTP/1.1" 200 5138
116.237.75.219 - - [15/Dec/2022:11:28:03 +0800] "GET /xingrg/javascript/auto/indicator.gif HTTP/1.1" 404 1066
116.238.139.35 - - [15/Dec/2022:11:28:03 +0800] "GET /xingrg/kc/report/report_main.html HTTP/1.1" 200 7340
116.192.124.172 - - [15/Dec/2022:11:28:04 +0800] "GET /xingrg/all/function/internal_message.html?_=1671074904473&CODE_STATE=getMsg HTTP/1.1" 200 27
116.238.139.35 - - [15/Dec/2022:11:28:05 +0800] "GET /xingrg/all/report/report_query.html?fileName=kc/buy/gys_amount.xml&rh=99999 HTTP/1.1" 200 52006
116.238.139.35 - - [15/Dec/2022:11:28:05 +0800] "GET /xingrg/dwr/interface/AjaxReportQueryService.js HTTP/1.1" 200 13203
116.238.139.35 - - [15/Dec/2022:11:28:05 +0800] "GET /xingrg/dwr/engine.js HTTP/1.1" 200 43631
116.238.139.35 - - [15/Dec/2022:11:28:05 +0800] "POST /xingrg/dwr/call/plaincall/AjaxReportQueryService.getFixDate.dwr HTTP/1.1" 200 111
114.88.159.190 - - [15/Dec/2022:11:28:05 +0800] "GET /xingrg/check_reg.html?_=1671074497635 HTTP/1.1" 200 22
114.88.159.190 - - [15/Dec/2022:11:28:05 +0800] "GET /xingrg/all/function/internal_message.html?_=1671074497634&CODE_STATE=getMsg HTTP/1.1" 200 27
116.238.139.35 - - [15/Dec/2022:11:28:05 +0800] "POST /xingrg/all/common/load_tree.html?tree=materiel_sort_tree_json HTTP/1.1" 200 9500
116.238.139.35 - - [15/Dec/2022:11:28:05 +0800] "POST /xingrg/all/common/load_tree.html?tree=supplier_tree_json&manage=1 HTTP/1.1" 200 72065
116.238.139.35 - - [15/Dec/2022:11:28:06 +0800] "POST /xingrg/dwr/call/plaincall/AjaxReportQueryService.getInitString.dwr HTTP/1.1" 200 1584
114.83.222.182 - - [15/Dec/2022:11:28:08 +0800] "GET /xingrg/kc/buy/cgsh_order_operate.html?command=get_materiel&rest_code=00154&code=00101007137&supplier_code=00100171&order_time=2022-12-15 HTTP/1.1" 200 410
114.84.171.155 - - [15/Dec/2022:11:28:08 +0800] "GET /xingrg/all/function/internal_message.html?_=1671074907947&CODE_STATE=getMsg HTTP/1.1" 200 27
116.237.75.219 - - [15/Dec/2022:11:28:09 +0800] "GET /xingrg/all/function/internal_message.html?_=1671074911208&CODE_STATE=getMsg HTTP/1.1" 200 27
114.88.159.190 - - [15/Dec/2022:11:28:10 +0800] "GET /xingrg/images/yd/bt.gif HTTP/1.1" 404 1040
222.70.177.10 - - [15/Dec/2022:11:28:10 +0800] "GET /xingrg/kc/buy/cgsh_order_operate.html?command=get_materiel&rest_code=00111&code=00101007081&supplier_code=00100004&order_time=2022-12-15 HTTP/1.1" 200 413
114.88.159.190 - - [15/Dec/2022:11:28:12 +0800] "GET /xingrg/kc/base/base_main.html HTTP/1.1" 200 12142
116.238.139.35 - - [15/Dec/2022:11:28:12 +0800] "GET /xingrg/all/function/internal_message.html?_=1671074845852&CODE_STATE=getMsg HTTP/1.1" 200 27
114.88.159.190 - - [15/Dec/2022:11:28:13 +0800] "GET /xingrg/kc/base/yddb_order_list.html HTTP/1.1" 200 16713
114.88.159.190 - - [15/Dec/2022:11:28:13 +0800] "POST /xingrg/kc/base/yddb_list_operate.html HTTP/1.1" 200 1342
114.83.222.182 - - [15/Dec/2022:11:28:14 +0800] "GET /xingrg/all/function/internal_message.html?_=1671074974938&CODE_STATE=getMsg HTTP/1.1" 200 27
116.238.139.35 - - [15/Dec/2022:11:28:18 +0800] "POST /xingrg/dwr/call/plaincall/AjaxReportQueryService.refreshCache.dwr HTTP/1.1" 200 78
114.88.159.190 - - [15/Dec/2022:11:28:19 +0800] "POST /xingrg/kc/base/yddb_list_operate.html HTTP/1.1" 200 210
114.88.159.190 - - [15/Dec/2022:11:28:20 +0800] "GET /xingrg/kc/base/yddb_order_info.html?code=482022111600119 HTTP/1.1" 200 31523
114.88.159.190 - - [15/Dec/2022:11:28:20 +0800] "GET /xingrg/dwr/util.js HTTP/1.1" 304 -
114.88.159.190 - - [15/Dec/2022:11:28:20 +0800] "GET /xingrg/dwr/interface/AjaxComOrderService.js HTTP/1.1" 200 18264
114.88.159.190 - - [15/Dec/2022:11:28:20 +0800] "GET /xingrg/dwr/interface/AjaxYddbService.js HTTP/1.1" 200 13201
114.88.159.190 - - [15/Dec/2022:11:28:20 +0800] "GET /xingrg/dwr/engine.js HTTP/1.1" 200 43631
114.88.159.190 - - [15/Dec/2022:11:28:20 +0800] "POST /xingrg/dwr/call/plaincall/AjaxYddbService.loadMaterielItems.dwr HTTP/1.1" 200 410
116.237.75.219 - - [15/Dec/2022:11:28:20 +0800] "GET /xingrg/all/function/internal_message.html?_=1671074920605&CODE_STATE=getMsg HTTP/1.1" 200 27
116.238.139.35 - - [15/Dec/2022:11:28:22 +0800] "POST /xingrg/all/report/load_report_page.html HTTP/1.1" 200 182697
116.238.139.35 - - [15/Dec/2022:11:28:22 +0800] "GET /xingrg/servlets/image?cache=0.10759740797761841&image=px HTTP/1.1" 200 807
180.165.52.19 - - [15/Dec/2022:11:28:23 +0800] "GET /xingrg/all/function/internal_message.html?_=1671074917951&CODE_STATE=getMsg HTTP/1.1" 200 27
180.169.147.146 - - [15/Dec/2022:11:28:26 +0800] "GET /xingrg/all/function/internal_message.html?_=1671074924293&CODE_STATE=getMsg HTTP/1.1" 200 27
114.83.220.141 - - [15/Dec/2022:11:28:27 +0800] "GET /xingrg/all/function/internal_message.html?_=1671074925373&CODE_STATE=getMsg HTTP/1.1" 200 27
116.237.75.219 - - [15/Dec/2022:11:28:28 +0800] "GET /xingrg/check_reg.html?_=1671074930240 HTTP/1.1" 200 22
101.83.146.103 - - [15/Dec/2022:11:28:29 +0800] "GET /xingrg/all/function/internal_message.html?_=1671074776119&CODE_STATE=getMsg HTTP/1.1" 200 27
222.70.177.10 - - [15/Dec/2022:11:28:29 +0800] "POST /xingrg/kc/buy/cgsh_order_operate.html HTTP/1.1" 200 37
114.84.38.109 - - [15/Dec/2022:11:28:31 +0800] "GET /xingrg/all/function/internal_message.html?_=1671074944275&CODE_STATE=getMsg HTTP/1.1" 200 27
222.70.177.10 - - [15/Dec/2022:11:28:31 +0800] "POST /xingrg/kc/buy/cgsh_order_operate.html HTTP/1.1" 200 3244
114.84.81.136 - - [15/Dec/2022:11:28:32 +0800] "GET /xingrg/all/function/internal_message.html?_=1671074931553&CODE_STATE=getMsg HTTP/1.1" 200 27
116.238.139.35 - - [15/Dec/2022:11:28:33 +0800] "GET /xingrg/all/report/report_query.html?isQuery=1&fileName=kc/buy/wlcg_cate_hz.xml&queryString=(CONVERT(char(10)%252Ca.order_time%252C%2520120)%253E%253D'2022-11-01')%2520and%2520(CONVERT(char(10)%252Ca.order_time%252C%2520120)%253C%253D'2022-11-30')%2520and%2520(a.number%253E0%2520and%2520a.supplier_code%253D'00100574')&queryText=%25E3%2580%2590%25E9%2587%2587%25E8%25B4%25AD%25E6%2597%25A5%25E6%259C%259F%253A2022-11-01%2520%25E8%2587%25B3%25202022-11-30%25E3%2580%2591%2520%25E5%25B9%25B6%25E4%25B8%2594%2520%25E3%2580%2590%25E4%25BE%259B%25E5%25BA%2594%25E5%2595%2586%253D%25E4%25B8%258A%25E6%25B5%25B7%25E5%25AF%258C%25E4%25BE%25A8%25E9%25A3%259F%25E5%2593%2581%25E6%259C%2589%25E9%2599%2590%25E5%2585%25AC%25E5%258F%25B8%25E3%2580%2591 HTTP/1.1" 200 54386
222.70.177.10 - - [15/Dec/2022:11:28:33 +0800] "GET /xingrg/kc/print/load_data.html?order_code=212022121504336&kc_code=cgsh&condition= HTTP/1.1" 200 945
116.238.139.35 - - [15/Dec/2022:11:28:33 +0800] "GET /xingrg/dwr/interface/AjaxReportQueryService.js HTTP/1.1" 200 13203
116.238.139.35 - - [15/Dec/2022:11:28:33 +0800] "GET /xingrg/dwr/engine.js HTTP/1.1" 200 43631
116.238.139.35 - - [15/Dec/2022:11:28:35 +0800] "POST /xingrg/all/report/load_report_page.html HTTP/1.1" 200 8716
116.238.139.35 - - [15/Dec/2022:11:28:35 +0800] "GET /xingrg/servlets/image?cache=0.5066978148387562&image=px HTTP/1.1" 200 807
116.238.139.35 - - [15/Dec/2022:11:28:36 +0800] "POST /xingrg/all/report/load_report_page.html HTTP/1.1" 200 23186
116.238.139.35 - - [15/Dec/2022:11:28:36 +0800] "GET /xingrg/servlets/image?cache=0.9521755918961438&image=px HTTP/1.1" 200 807
116.230.105.139 - - [15/Dec/2022:11:28:37 +0800] "GET /xingrg/all/function/internal_message.html?_=1671074928615&CODE_STATE=getMsg HTTP/1.1" 200 27
116.238.139.35 - - [15/Dec/2022:11:28:39 +0800] "POST /xingrg/all/report/report_print.html HTTP/1.1" 302 -
116.238.139.35 - - [15/Dec/2022:11:28:39 +0800] "GET /xingrg/servlets/html?sysBaseUrl=http%3A%2F%2F180.169.147.146%3A18081%2Fxingrg%2F&costTime=198×tamp=1671074919172 HTTP/1.1" 200 24131
116.238.139.35 - - [15/Dec/2022:11:28:39 +0800] "GET /xingrg/servlets/image?image=px HTTP/1.1" 200 807
116.238.139.35 - - [15/Dec/2022:11:28:39 +0800] "GET /favicon.ico HTTP/1.1" 404 -
222.70.177.10 - - [15/Dec/2022:11:28:40 +0800] "GET /xingrg/kc/buy/cgsh_order_add.html HTTP/1.1" 200 69753
222.70.177.10 - - [15/Dec/2022:11:28:40 +0800] "POST /xingrg/kc/buy/cgsh_order_operate.html HTTP/1.1" 200 8245
222.70.177.10 - - [15/Dec/2022:11:28:40 +0800] "GET /xingrg/javascript/easyui/themes/default/validatebox.css HTTP/1.1" 404 1104
116.237.75.219 - - [15/Dec/2022:11:28:43 +0800] "POST /xingrg/dwr/call/plaincall/AjaxQqpsService.getMaterielByCode.dwr HTTP/1.1" 200 2728
114.84.38.109 - - [15/Dec/2022:11:28:44 +0800] "GET /xingrg/check_reg.html?_=1671074956530 HTTP/1.1" 200 22
116.237.75.219 - - [15/Dec/2022:11:28:47 +0800] "POST /xingrg/dwr/call/plaincall/AjaxQqpsService.saveMaterielItem.dwr HTTP/1.1" 200 78
180.169.147.146 - - [15/Dec/2022:11:28:47 +0800] "GET /xingrg/all/function/internal_message.html?_=1671074946097&CODE_STATE=getMsg HTTP/1.1" 200 27
222.70.177.10 - - [15/Dec/2022:11:28:54 +0800] "GET /xingrg/all/function/internal_message.html?_=1671074951629&CODE_STATE=getMsg HTTP/1.1" 200 27
114.88.159.190 - - [15/Dec/2022:11:28:54 +0800] "GET /xingrg/all/function/internal_message.html?_=1671074949845&CODE_STATE=getMsg HTTP/1.1" 200 27
116.238.139.35 - - [15/Dec/2022:11:29:01 +0800] "GET /xingrg/all/function/internal_message.html?_=1671074961858&CODE_STATE=getMsg HTTP/1.1" 200 27
116.237.75.219 - - [15/Dec/2022:11:29:01 +0800] "POST /xingrg/dwr/call/plaincall/AjaxQqpsService.getMaterielByCode.dwr HTTP/1.1" 200 2731
116.192.124.172 - - [15/Dec/2022:11:29:04 +0800] "GET /xingrg/all/function/internal_message.html?_=1671074964472&CODE_STATE=getMsg HTTP/1.1" 200 27
114.88.159.190 - - [15/Dec/2022:11:29:05 +0800] "GET /xingrg/all/function/internal_message.html?_=1671074557751&CODE_STATE=getMsg HTTP/1.1" 200 27
114.83.222.182 - - [15/Dec/2022:11:29:08 +0800] "POST /xingrg/kc/buy/cgsh_order_operate.html HTTP/1.1" 200 37
114.84.171.155 - - [15/Dec/2022:11:29:08 +0800] "GET /xingrg/all/function/internal_message.html?_=1671074967947&CODE_STATE=getMsg HTTP/1.1" 200 27
116.237.75.219 - - [15/Dec/2022:11:29:09 +0800] "GET /xingrg/all/function/internal_message.html?_=1671074971186&CODE_STATE=getMsg HTTP/1.1" 200 27
222.70.177.10 - - [15/Dec/2022:11:29:10 +0800] "GET /xingrg/kc/buy/cgsh_order_operate.html?command=get_materiel&rest_code=00111&code=00101001075&supplier_code=00100042&order_time=2022-12-15 HTTP/1.1" 200 409
116.238.139.35 - - [15/Dec/2022:11:29:12 +0800] "GET /xingrg/all/function/internal_message.html?_=1671074905877&CODE_STATE=getMsg HTTP/1.1" 200 27
114.83.222.182 - - [15/Dec/2022:11:29:14 +0800] "GET /xingrg/all/function/internal_message.html?_=1671075034927&CODE_STATE=getMsg HTTP/1.1" 200 27
180.165.52.19 - - [15/Dec/2022:11:29:15 +0800] "POST /xingrg/kc/buy/cgsh_order_operate.html HTTP/1.1" 200 205
114.83.222.182 - - [15/Dec/2022:11:29:17 +0800] "POST /xingrg/kc/buy/cgsh_order_operate.html HTTP/1.1" 200 12
116.237.75.219 - - [15/Dec/2022:11:29:19 +0800] "POST /xingrg/dwr/call/plaincall/AjaxQqpsService.saveMaterielItem.dwr HTTP/1.1" 200 78
114.83.222.182 - - [15/Dec/2022:11:29:20 +0800] "GET /xingrg/kc/buy/cgsh_order_info.html?code=212022121504337 HTTP/1.1" 200 63905
114.83.222.182 - - [15/Dec/2022:11:29:20 +0800] "GET /xingrg/words/20221215111312_words.js HTTP/1.1" 304 -
114.83.222.182 - - [15/Dec/2022:11:29:20 +0800] "GET /xingrg/javascript/easyui/themes/default/validatebox.css HTTP/1.1" 404 1104
116.237.75.219 - - [15/Dec/2022:11:29:20 +0800] "GET /xingrg/all/function/internal_message.html?_=1671074980602&CODE_STATE=getMsg HTTP/1.1" 200 27
114.83.222.182 - - [15/Dec/2022:11:29:21 +0800] "POST /xingrg/kc/buy/cgsh_order_operate.html HTTP/1.1" 200 9599
116.237.75.219 - - [15/Dec/2022:11:29:22 +0800] "POST /xingrg/dwr/call/plaincall/AjaxQqpsService.saveOrder.dwr HTTP/1.1" 200 78
114.83.222.182 - - [15/Dec/2022:11:29:22 +0800] "GET /xingrg/kc/print/load_config.html?kc_code=cgsh HTTP/1.1" 200 1943
114.83.222.182 - - [15/Dec/2022:11:29:23 +0800] "GET /xingrg/kc/print/load_data.html?order_code=212022121504337&kc_code=cgsh&condition= HTTP/1.1" 200 4198
180.165.52.19 - - [15/Dec/2022:11:29:23 +0800] "GET /xingrg/check_reg.html?_=1671074977952 HTTP/1.1" 200 22
180.165.52.19 - - [15/Dec/2022:11:29:23 +0800] "GET /xingrg/all/function/internal_message.html?_=1671074977953&CODE_STATE=getMsg HTTP/1.1" 200 27
180.169.147.146 - - [15/Dec/2022:11:29:26 +0800] "GET /xingrg/all/function/internal_message.html?_=1671074984277&CODE_STATE=getMsg HTTP/1.1" 200 27
180.169.147.146 - - [15/Dec/2022:11:29:27 +0800] "GET /xingrg/check_reg.html?_=1671074984793 HTTP/1.1" 200 22
114.83.220.141 - - [15/Dec/2022:11:29:27 +0800] "GET /xingrg/all/function/internal_message.html?_=1671074985350&CODE_STATE=getMsg HTTP/1.1" 200 27
180.165.52.19 - - [15/Dec/2022:11:29:28 +0800] "POST /xingrg/kc/buy/cgsh_order_operate.html HTTP/1.1" 200 37
101.83.146.103 - - [15/Dec/2022:11:29:29 +0800] "GET /xingrg/all/function/internal_message.html?_=1671074836108&CODE_STATE=getMsg HTTP/1.1" 200 27
180.165.52.19 - - [15/Dec/2022:11:29:30 +0800] "POST /xingrg/kc/buy/cgsh_order_operate.html HTTP/1.1" 200 9873
114.84.38.109 - - [15/Dec/2022:11:29:30 +0800] "GET /xingrg/all/function/internal_message.html?_=1671075004278&CODE_STATE=getMsg HTTP/1.1" 200 27
116.237.75.219 - - [15/Dec/2022:11:29:31 +0800] "GET /xingrg/kc/mdqp/qqps_order_list.html?isBack=1 HTTP/1.1" 200 9651
116.237.75.219 - - [15/Dec/2022:11:29:31 +0800] "GET /xingrg/dwr/interface/AjaxReportQueryService.js HTTP/1.1" 200 13203
116.237.75.219 - - [15/Dec/2022:11:29:31 +0800] "GET /xingrg/dwr/interface/AjaxQqpsService.js HTTP/1.1" 200 16326
116.237.75.219 - - [15/Dec/2022:11:29:31 +0800] "GET /xingrg/dwr/engine.js HTTP/1.1" 200 43631
114.84.81.136 - - [15/Dec/2022:11:29:32 +0800] "GET /xingrg/all/function/internal_message.html?_=1671074991548&CODE_STATE=getMsg HTTP/1.1" 200 27
180.165.52.19 - - [15/Dec/2022:11:29:34 +0800] "GET /xingrg/kc/buy/cgsh_order_list.html HTTP/1.1" 200 54025
180.165.52.19 - - [15/Dec/2022:11:29:34 +0800] "GET /xingrg/javascript/jquery_easy_ui/themes/default/images/tabs_active.png HTTP/1.1" 200 2894
222.70.177.10 - - [15/Dec/2022:11:29:35 +0800] "POST /xingrg/kc/buy/cgsh_order_operate.html HTTP/1.1" 200 37
222.70.177.10 - - [15/Dec/2022:11:29:37 +0800] "POST /xingrg/kc/buy/cgsh_order_operate.html HTTP/1.1" 200 2654
180.165.52.19 - - [15/Dec/2022:11:29:37 +0800] "POST /xingrg/kc/buy/cgsh_list_operate.html HTTP/1.1" 200 1860
116.230.105.139 - - [15/Dec/2022:11:29:37 +0800] "GET /xingrg/all/function/internal_message.html?_=1671074988628&CODE_STATE=getMsg HTTP/1.1" 200 27
222.70.177.10 - - [15/Dec/2022:11:29:39 +0800] "GET /xingrg/kc/print/load_data.html?order_code=212022121504338&kc_code=cgsh&condition= HTTP/1.1" 200 700
180.165.52.19 - - [15/Dec/2022:11:29:40 +0800] "POST /xingrg/kc/buy/cgsh_list_operate.html HTTP/1.1" 200 587
180.165.52.19 - - [15/Dec/2022:11:29:41 +0800] "GET /xingrg/kc/buy/cgsh_order_info.html?code=212022121504333 HTTP/1.1" 200 69832
180.165.52.19 - - [15/Dec/2022:11:29:41 +0800] "GET /xingrg/words/20221215111312_words.js HTTP/1.1" 200 938090
116.237.75.219 - - [15/Dec/2022:11:29:41 +0800] "GET /xingrg/kc/mdqp/qqps_order_add.html HTTP/1.1" 200 28236
116.237.75.219 - - [15/Dec/2022:11:29:41 +0800] "GET /xingrg/dwr/interface/AjaxComOrderService.js HTTP/1.1" 200 18264
116.237.75.219 - - [15/Dec/2022:11:29:41 +0800] "GET /xingrg/dwr/interface/AjaxQqpsService.js HTTP/1.1" 200 16326
116.237.75.219 - - [15/Dec/2022:11:29:41 +0800] "GET /xingrg/dwr/engine.js HTTP/1.1" 200 43631
116.237.75.219 - - [15/Dec/2022:11:29:42 +0800] "GET /xingrg/words/20221215111312_words.js HTTP/1.1" 304 -
180.165.52.19 - - [15/Dec/2022:11:29:42 +0800] "GET /xingrg/javascript/easyui/themes/default/validatebox.css HTTP/1.1" 404 1104
180.165.52.19 - - [15/Dec/2022:11:29:43 +0800] "POST /xingrg/kc/buy/cgsh_order_operate.html HTTP/1.1" 200 9873
222.70.177.10 - - [15/Dec/2022:11:29:44 +0800] "GET /xingrg/kc/buy/cgsh_order_add.html HTTP/1.1" 200 69753
222.70.177.10 - - [15/Dec/2022:11:29:44 +0800] "POST /xingrg/kc/buy/cgsh_order_operate.html HTTP/1.1" 200 8245
222.70.177.10 - - [15/Dec/2022:11:29:44 +0800] "GET /xingrg/javascript/easyui/themes/default/validatebox.css HTTP/1.1" 404 1104
180.169.147.146 - - [15/Dec/2022:11:29:47 +0800] "GET /xingrg/all/function/internal_message.html?_=1671075006106&CODE_STATE=getMsg HTTP/1.1" 200 27
116.230.105.139 - - [15/Dec/2022:11:29:48 +0800] "GET /favicon.ico HTTP/1.1" 404 -
180.165.52.19 - - [15/Dec/2022:11:29:49 +0800] "POST /xingrg/kc/buy/cgsh_order_operate.html HTTP/1.1" 200 37
180.165.52.19 - - [15/Dec/2022:11:29:52 +0800] "POST /xingrg/kc/buy/cgsh_order_operate.html HTTP/1.1" 200 9873
116.237.75.219 - - [15/Dec/2022:11:29:54 +0800] "POST /xingrg/dwr/call/plaincall/AjaxQqpsService.saveOrder.dwr HTTP/1.1" 200 78
222.70.177.10 - - [15/Dec/2022:11:29:54 +0800] "GET /xingrg/all/function/internal_message.html?_=1671075011632&CODE_STATE=getMsg HTTP/1.1" 200 27
114.88.159.190 - - [15/Dec/2022:11:29:54 +0800] "GET /xingrg/all/function/internal_message.html?_=1671075009844&CODE_STATE=getMsg HTTP/1.1" 200 27
114.88.159.190 - - [15/Dec/2022:11:29:54 +0800] "GET /xingrg/check_reg.html?_=1671075009846 HTTP/1.1" 200 22
180.165.52.19 - - [15/Dec/2022:11:29:54 +0800] "GET /xingrg/kc/print/load_config.html?kc_code=cgsh HTTP/1.1" 200 1943
180.165.52.19 - - [15/Dec/2022:11:29:55 +0800] "GET /xingrg/kc/print/load_data.html?order_code=212022121504333&kc_code=cgsh&condition= HTTP/1.1" 200 3467
116.238.139.35 - - [15/Dec/2022:11:30:01 +0800] "GET /xingrg/all/function/internal_message.html?_=1671075021840&CODE_STATE=getMsg HTTP/1.1" 200 27
116.192.124.172 - - [15/Dec/2022:11:30:04 +0800] "GET /xingrg/all/function/internal_message.html?_=1671075024469&CODE_STATE=getMsg HTTP/1.1" 200 27
222.70.177.10 - - [15/Dec/2022:11:30:04 +0800] "GET /xingrg/kc/buy/cgsh_order_operate.html?command=get_materiel&rest_code=00111&code=00101006168&supplier_code=00100012&order_time=2022-12-15 HTTP/1.1" 200 421
180.165.52.19 - - [15/Dec/2022:11:30:05 +0800] "POST /xingrg/kc/buy/cgsh_list_operate.html HTTP/1.1" 200 1860
114.88.159.190 - - [15/Dec/2022:11:30:05 +0800] "GET /xingrg/all/function/internal_message.html?_=1671074617656&CODE_STATE=getMsg HTTP/1.1" 200 27
114.84.171.155 - - [15/Dec/2022:11:30:08 +0800] "GET /xingrg/all/function/internal_message.html?_=1671075027947&CODE_STATE=getMsg HTTP/1.1" 200 27
116.237.75.219 - - [15/Dec/2022:11:30:09 +0800] "GET /xingrg/all/function/internal_message.html?_=1671075031162&CODE_STATE=getMsg HTTP/1.1" 200 27
116.238.139.35 - - [15/Dec/2022:11:30:12 +0800] "GET /xingrg/all/function/internal_message.html?_=1671074965880&CODE_STATE=getMsg HTTP/1.1" 200 27
114.83.222.182 - - [15/Dec/2022:11:30:14 +0800] "GET /xingrg/all/function/internal_message.html?_=1671075094932&CODE_STATE=getMsg HTTP/1.1" 200 27
116.237.75.219 - - [15/Dec/2022:11:30:20 +0800] "GET /xingrg/all/function/internal_message.html?_=1671075040609&CODE_STATE=getMsg HTTP/1.1" 200 27
180.165.52.19 - - [15/Dec/2022:11:30:23 +0800] "GET /xingrg/all/function/internal_message.html?_=1671075037989&CODE_STATE=getMsg HTTP/1.1" 200 27
180.169.147.146 - - [15/Dec/2022:11:30:26 +0800] "GET /xingrg/all/function/internal_message.html?_=1671075044261&CODE_STATE=getMsg HTTP/1.1" 200 27
222.70.177.10 - - [15/Dec/2022:11:30:27 +0800] "GET /xingrg/kc/buy/cgsh_order_operate.html?command=get_materiel&rest_code=00111&code=00101006111&supplier_code=00100012&order_time=2022-12-15 HTTP/1.1" 200 409
114.83.220.141 - - [15/Dec/2022:11:30:27 +0800] "GET /xingrg/all/function/internal_message.html?_=1671075045350&CODE_STATE=getMsg HTTP/1.1" 200 27
101.83.146.103 - - [15/Dec/2022:11:30:29 +0800] "GET /xingrg/all/function/internal_message.html?_=1671074896109&CODE_STATE=getMsg HTTP/1.1" 200 27
114.84.38.109 - - [15/Dec/2022:11:30:30 +0800] "GET /xingrg/all/function/internal_message.html?_=1671075064290&CODE_STATE=getMsg HTTP/1.1" 200 27
114.84.81.136 - - [15/Dec/2022:11:30:32 +0800] "GET /xingrg/all/function/internal_message.html?_=1671075051545&CODE_STATE=getMsg HTTP/1.1" 200 27
116.230.105.139 - - [15/Dec/2022:11:30:37 +0800] "GET /xingrg/all/function/internal_message.html?_=1671075048620&CODE_STATE=getMsg HTTP/1.1" 200 27
222.70.177.10 - - [15/Dec/2022:11:30:39 +0800] "GET /xingrg/kc/buy/cgsh_order_operate.html?command=get_materiel&rest_code=00111&code=00101006062&supplier_code=00100012&order_time=2022-12-15 HTTP/1.1" 200 409
114.88.159.190 - - [15/Dec/2022:11:30:40 +0800] "GET /xingrg/dwr/interface/AjaxYddbService.js HTTP/1.1" 200 13201
114.88.159.190 - - [15/Dec/2022:11:30:40 +0800] "GET /xingrg/dwr/interface/AjaxComOrderService.js HTTP/1.1" 200 18264
114.88.159.190 - - [15/Dec/2022:11:30:40 +0800] "GET /xingrg/kc/base/yddb_order_add.html HTTP/1.1" 200 29953
114.88.159.190 - - [15/Dec/2022:11:30:40 +0800] "GET /xingrg/dwr/engine.js HTTP/1.1" 200 43631
114.88.159.190 - - [15/Dec/2022:11:30:44 +0800] "POST /xingrg/dwr/call/plaincall/AjaxYddbService.getRestBases.dwr HTTP/1.1" 200 1055
116.192.124.172 - - [15/Dec/2022:11:30:46 +0800] "GET /xingrg/login.html HTTP/1.1" 200 7641
116.192.124.172 - - [15/Dec/2022:11:30:46 +0800] "GET /favicon.ico HTTP/1.1" 404 -
180.169.147.146 - - [15/Dec/2022:11:30:47 +0800] "GET /xingrg/all/function/internal_message.html?_=1671075066120&CODE_STATE=getMsg HTTP/1.1" 200 27
116.192.124.172 - - [15/Dec/2022:11:30:48 +0800] "POST /xingrg/login.do HTTP/1.1" 302 -
116.192.124.172 - - [15/Dec/2022:11:30:48 +0800] "GET /xingrg/index.html?sysBaseUrl=http%3A%2F%2F180.169.147.146%3A18081%2Fxingrg%2F&costTime=46×tamp=1671075048893 HTTP/1.1" 200 17173
116.192.124.172 - - [15/Dec/2022:11:30:49 +0800] "GET /favicon.ico HTTP/1.1" 404 -
116.192.124.172 - - [15/Dec/2022:11:30:49 +0800] "POST /xingrg/all/common/load_tree.html?tree=area_rest_tree_json&manage=1 HTTP/1.1" 200 342
116.192.124.172 - - [15/Dec/2022:11:30:49 +0800] "GET /xingrg/all/function/internal_message.html?_=1671075087269&CODE_STATE=count HTTP/1.1" 200 11
116.192.124.172 - - [15/Dec/2022:11:30:49 +0800] "GET /xingrg/check_reg.html?_=1671075087272 HTTP/1.1" 200 22
116.192.124.172 - - [15/Dec/2022:11:30:49 +0800] "POST /xingrg/load_menu.html HTTP/1.1" 200 5138
222.70.177.10 - - [15/Dec/2022:11:30:54 +0800] "GET /xingrg/all/function/internal_message.html?_=1671075071638&CODE_STATE=getMsg HTTP/1.1" 200 27
114.88.159.190 - - [15/Dec/2022:11:30:54 +0800] "GET /xingrg/all/function/internal_message.html?_=1671075069844&CODE_STATE=getMsg HTTP/1.1" 200 27
222.70.177.10 - - [15/Dec/2022:11:30:56 +0800] "GET /xingrg/kc/buy/cgsh_order_operate.html?command=get_materiel&rest_code=00111&code=00101006178&supplier_code=00100012&order_time=2022-12-15 HTTP/1.1" 200 409
180.165.52.19 - - [15/Dec/2022:11:30:56 +0800] "POST /xingrg/kc/buy/cgsh_list_operate.html HTTP/1.1" 200 587
116.238.139.35 - - [15/Dec/2022:11:31:01 +0800] "GET /xingrg/all/function/internal_message.html?_=1671075081852&CODE_STATE=getMsg HTTP/1.1" 200 27
180.165.52.19 - - [15/Dec/2022:11:31:01 +0800] "POST /xingrg/kc/buy/cgsh_list_operate.html HTTP/1.1" 200 4
