116.238.139.35 - - [15/Dec/2022:09:26:14 +0800] "GET /xingrg/kc/buy/cgsh_order_operate.html?command=get_materiel&rest_code=00150&code=00101008024&supplier_code=00100008&order_time=2022-12-15 HTTP/1.1" 200 424
116.238.139.35 - - [15/Dec/2022:09:26:21 +0800] "GET /xingrg/kc/buy/cgsh_order_operate.html?command=get_materiel&rest_code=00150&code=00101008270&supplier_code=00100008&order_time=2022-12-15 HTTP/1.1" 200 412
120.253.135.82 - - [15/Dec/2022:09:26:25 +0800] "GET /xingrg/all/function/internal_message.html?_=1671067411223&CODE_STATE=getMsg HTTP/1.1" 200 27
114.88.159.190 - - [15/Dec/2022:09:26:28 +0800] "GET /xingrg/kc/buy/cgsh_order_operate.html?command=get_materiel&rest_code=00141&code=00101006194&supplier_code=00100012&order_time=2022-12-15 HTTP/1.1" 200 413
101.83.146.103 - - [15/Dec/2022:09:26:28 +0800] "GET /xingrg/all/function/internal_message.html?_=1671067455951&CODE_STATE=getMsg HTTP/1.1" 200 27
114.83.220.141 - - [15/Dec/2022:09:26:28 +0800] "GET /xingrg/all/function/internal_message.html?_=1671067606737&CODE_STATE=getMsg HTTP/1.1" 200 27
180.169.147.146 - - [15/Dec/2022:09:26:30 +0800] "GET /xingrg/check_reg.html?_=1671067609178 HTTP/1.1" 200 22
180.169.147.146 - - [15/Dec/2022:09:26:30 +0800] "GET /xingrg/all/function/internal_message.html?_=1671067609180&CODE_STATE=getMsg HTTP/1.1" 200 27
116.230.105.139 - - [15/Dec/2022:09:26:37 +0800] "GET /xingrg/all/function/internal_message.html?_=1671067608624&CODE_STATE=getMsg HTTP/1.1" 200 27
114.88.159.190 - - [15/Dec/2022:09:26:45 +0800] "POST /xingrg/kc/buy/cgsh_order_operate.html HTTP/1.1" 200 37
114.88.159.190 - - [15/Dec/2022:09:26:47 +0800] "POST /xingrg/kc/buy/cgsh_order_operate.html HTTP/1.1" 200 3248
114.88.159.190 - - [15/Dec/2022:09:26:48 +0800] "GET /xingrg/kc/print/load_data.html?order_code=212022121504298&kc_code=cgsh&condition= HTTP/1.1" 200 997
116.238.139.35 - - [15/Dec/2022:09:26:48 +0800] "GET /xingrg/all/function/internal_message.html?_=1671067629434&CODE_STATE=getMsg HTTP/1.1" 200 27
114.88.159.190 - - [15/Dec/2022:09:26:54 +0800] "GET /xingrg/kc/buy/cgsh_order_add.html HTTP/1.1" 200 69797
114.88.159.190 - - [15/Dec/2022:09:26:54 +0800] "POST /xingrg/kc/buy/cgsh_order_operate.html HTTP/1.1" 200 8245
114.88.159.190 - - [15/Dec/2022:09:26:54 +0800] "GET /xingrg/javascript/easyui/themes/default/validatebox.css HTTP/1.1" 404 1104
120.253.135.82 - - [15/Dec/2022:09:26:56 +0800] "GET /xingrg/all/function/internal_message.html?_=1671067100850&CODE_STATE=getMsg HTTP/1.1" 302 -
116.238.139.35 - - [15/Dec/2022:09:27:00 +0800] "GET /xingrg/check_reg.html?_=1671067573444 HTTP/1.1" 200 22
114.84.38.109 - - [15/Dec/2022:09:27:02 +0800] "GET /xingrg/all/function/internal_message.html?_=1671067655335&CODE_STATE=getMsg HTTP/1.1" 200 27
114.88.159.190 - - [15/Dec/2022:09:27:05 +0800] "GET /xingrg/all/function/internal_message.html?_=1671067237307&CODE_STATE=getMsg HTTP/1.1" 200 27
116.238.139.35 - - [15/Dec/2022:09:27:10 +0800] "GET /xingrg/all/function/internal_message.html?_=1671067583990&CODE_STATE=getMsg HTTP/1.1" 200 27
180.163.29.234 - - [15/Dec/2022:09:27:11 +0800] "GET /xingrg/all/function/internal_message.html?_=1671067593936&CODE_STATE=getMsg HTTP/1.1" 302 -
180.163.29.234 - - [15/Dec/2022:09:27:11 +0800] "GET /xingrg/login.html HTTP/1.1" 200 7641
116.237.75.219 - - [15/Dec/2022:09:27:11 +0800] "GET /xingrg/all/function/internal_message.html?_=1671067653906&CODE_STATE=getMsg HTTP/1.1" 200 27
114.88.159.190 - - [15/Dec/2022:09:27:16 +0800] "GET /xingrg/kc/buy/cgsh_order_operate.html?command=get_materiel&rest_code=00141&code=00101001010&supplier_code=00100040&order_time=2022-12-15 HTTP/1.1" 200 409
116.238.139.35 - - [15/Dec/2022:09:27:21 +0800] "GET /xingrg/kc/buy/cgsh_order_operate.html?command=get_materiel&rest_code=00150&code=00101008069&supplier_code=00100008&order_time=2022-12-15 HTTP/1.1" 200 412
120.253.135.82 - - [15/Dec/2022:09:27:25 +0800] "GET /xingrg/all/function/internal_message.html?_=1671067471235&CODE_STATE=getMsg HTTP/1.1" 200 27
114.83.220.141 - - [15/Dec/2022:09:27:28 +0800] "GET /xingrg/check_reg.html?_=1671067666064 HTTP/1.1" 200 22
101.83.146.103 - - [15/Dec/2022:09:27:28 +0800] "GET /xingrg/check_reg.html?_=1671067515939 HTTP/1.1" 200 22
101.83.146.103 - - [15/Dec/2022:09:27:28 +0800] "GET /xingrg/all/function/internal_message.html?_=1671067515946&CODE_STATE=getMsg HTTP/1.1" 200 27
114.83.220.141 - - [15/Dec/2022:09:27:28 +0800] "GET /xingrg/all/function/internal_message.html?_=1671067666728&CODE_STATE=getMsg HTTP/1.1" 200 27
116.238.139.35 - - [15/Dec/2022:09:27:29 +0800] "GET /xingrg/kc/buy/cgsh_order_operate.html?command=get_materiel&rest_code=00150&code=00101008286&supplier_code=00100008&order_time=2022-12-15 HTTP/1.1" 200 424
180.169.147.146 - - [15/Dec/2022:09:27:30 +0800] "GET /xingrg/all/function/internal_message.html?_=1671067669194&CODE_STATE=getMsg HTTP/1.1" 200 27
114.88.159.190 - - [15/Dec/2022:09:27:31 +0800] "GET /xingrg/kc/buy/cgsh_order_operate.html?command=get_materiel&rest_code=00141&code=00101005037&supplier_code=00100040&order_time=2022-12-15 HTTP/1.1" 200 409
116.238.139.35 - - [15/Dec/2022:09:27:37 +0800] "GET /xingrg/kc/buy/cgsh_order_operate.html?command=get_materiel&rest_code=00150&code=00101008694&supplier_code=00100008&order_time=2022-12-15 HTTP/1.1" 200 406
116.230.105.139 - - [15/Dec/2022:09:27:37 +0800] "GET /xingrg/all/function/internal_message.html?_=1671067668621&CODE_STATE=getMsg HTTP/1.1" 200 27
116.230.105.139 - - [15/Dec/2022:09:27:37 +0800] "GET /xingrg/check_reg.html?_=1671067668623 HTTP/1.1" 200 22
114.88.159.190 - - [15/Dec/2022:09:27:44 +0800] "POST /xingrg/kc/buy/cgsh_order_operate.html HTTP/1.1" 200 37
114.88.159.190 - - [15/Dec/2022:09:27:46 +0800] "POST /xingrg/kc/buy/cgsh_order_operate.html HTTP/1.1" 200 3242
116.238.139.35 - - [15/Dec/2022:09:27:46 +0800] "GET /xingrg/kc/buy/cgsh_order_operate.html?command=get_materiel&rest_code=00150&code=00101008318&supplier_code=00100008&order_time=2022-12-15 HTTP/1.1" 200 424
101.83.146.103 - - [15/Dec/2022:09:27:46 +0800] "GET /xingrg/kc/buy/cgsh_order_operate.html?command=get_materiel&rest_code=00105&code=00101008119&supplier_code=00100203&order_time=2022-12-15 HTTP/1.1" 200 412
114.88.159.190 - - [15/Dec/2022:09:27:47 +0800] "GET /xingrg/kc/print/load_data.html?order_code=212022121504299&kc_code=cgsh&condition= HTTP/1.1" 200 977
116.238.139.35 - - [15/Dec/2022:09:27:48 +0800] "GET /xingrg/all/function/internal_message.html?_=1671067689497&CODE_STATE=getMsg HTTP/1.1" 200 27
116.238.139.35 - - [15/Dec/2022:09:27:53 +0800] "GET /xingrg/kc/buy/cgsh_order_operate.html?command=get_materiel&rest_code=00150&code=00101008371&supplier_code=00100008&order_time=2022-12-15 HTTP/1.1" 200 412
120.253.135.82 - - [15/Dec/2022:09:27:56 +0800] "GET /xingrg/all/function/internal_message.html?_=1671067160832&CODE_STATE=getMsg HTTP/1.1" 302 -
114.88.159.190 - - [15/Dec/2022:09:27:58 +0800] "GET /xingrg/kc/buy/cgsh_order_add.html HTTP/1.1" 200 69797
114.88.159.190 - - [15/Dec/2022:09:27:59 +0800] "GET /xingrg/javascript/easyui/themes/default/validatebox.css HTTP/1.1" 404 1104
114.88.159.190 - - [15/Dec/2022:09:27:59 +0800] "POST /xingrg/kc/buy/cgsh_order_operate.html HTTP/1.1" 200 8245
114.84.38.109 - - [15/Dec/2022:09:28:03 +0800] "GET /xingrg/all/function/internal_message.html?_=1671067716032&CODE_STATE=getMsg HTTP/1.1" 200 27
114.88.159.190 - - [15/Dec/2022:09:28:05 +0800] "GET /xingrg/check_reg.html?_=1671067297306 HTTP/1.1" 200 22
114.88.159.190 - - [15/Dec/2022:09:28:05 +0800] "GET /xingrg/all/function/internal_message.html?_=1671067297308&CODE_STATE=getMsg HTTP/1.1" 200 27
101.83.146.103 - - [15/Dec/2022:09:28:06 +0800] "GET /xingrg/kc/buy/cgsh_order_operate.html?command=get_materiel&rest_code=00105&code=00101008114&supplier_code=00100203&order_time=2022-12-15 HTTP/1.1" 200 412
116.238.139.35 - - [15/Dec/2022:09:28:10 +0800] "GET /xingrg/all/function/internal_message.html?_=1671067644004&CODE_STATE=getMsg HTTP/1.1" 200 27
116.237.75.219 - - [15/Dec/2022:09:28:11 +0800] "GET /xingrg/all/function/internal_message.html?_=1671067713875&CODE_STATE=getMsg HTTP/1.1" 200 27
120.253.135.82 - - [15/Dec/2022:09:28:22 +0800] "GET /xingrg/check_reg.html?_=1671067528346 HTTP/1.1" 200 22
101.83.146.103 - - [15/Dec/2022:09:28:23 +0800] "GET /xingrg/kc/buy/cgsh_order_operate.html?command=get_materiel&rest_code=00105&code=00101008150&supplier_code=00100203&order_time=2022-12-15 HTTP/1.1" 200 409
120.253.135.82 - - [15/Dec/2022:09:28:25 +0800] "GET /xingrg/all/function/internal_message.html?_=1671067531249&CODE_STATE=getMsg HTTP/1.1" 200 27
116.237.75.219 - - [15/Dec/2022:09:28:28 +0800] "GET /xingrg/check_reg.html?_=1671067730268 HTTP/1.1" 200 22
101.83.146.103 - - [15/Dec/2022:09:28:28 +0800] "GET /xingrg/all/function/internal_message.html?_=1671067575942&CODE_STATE=getMsg HTTP/1.1" 200 27
114.83.220.141 - - [15/Dec/2022:09:28:28 +0800] "GET /xingrg/all/function/internal_message.html?_=1671067726706&CODE_STATE=getMsg HTTP/1.1" 200 27
180.169.147.146 - - [15/Dec/2022:09:28:30 +0800] "GET /xingrg/all/function/internal_message.html?_=1671067729190&CODE_STATE=getMsg HTTP/1.1" 200 27
101.83.146.103 - - [15/Dec/2022:09:28:31 +0800] "POST /xingrg/kc/buy/cgsh_order_operate.html HTTP/1.1" 200 2065
116.230.105.139 - - [15/Dec/2022:09:28:37 +0800] "GET /xingrg/all/function/internal_message.html?_=1671067728619&CODE_STATE=getMsg HTTP/1.1" 200 27
114.84.38.109 - - [15/Dec/2022:09:28:42 +0800] "GET /xingrg/check_reg.html?_=1671067755242 HTTP/1.1" 200 22
101.83.146.103 - - [15/Dec/2022:09:28:47 +0800] "GET /xingrg/kc/buy/cgsh_order_operate.html?command=get_materiel&rest_code=00105&code=00101008034&supplier_code=00100203&order_time=2022-12-15 HTTP/1.1" 200 408
116.238.139.35 - - [15/Dec/2022:09:28:48 +0800] "GET /xingrg/check_reg.html?_=1671067749446 HTTP/1.1" 200 22
116.238.139.35 - - [15/Dec/2022:09:28:48 +0800] "GET /xingrg/all/function/internal_message.html?_=1671067749511&CODE_STATE=getMsg HTTP/1.1" 200 27
120.253.135.82 - - [15/Dec/2022:09:28:56 +0800] "GET /xingrg/all/function/internal_message.html?_=1671067220802&CODE_STATE=getMsg HTTP/1.1" 302 -
114.84.38.109 - - [15/Dec/2022:09:29:03 +0800] "GET /xingrg/all/function/internal_message.html?_=1671067776036&CODE_STATE=getMsg HTTP/1.1" 200 27
114.84.38.109 - - [15/Dec/2022:09:29:04 +0800] "POST /xingrg/services/DataTransmitService HTTP/1.1" 200 524
114.88.159.190 - - [15/Dec/2022:09:29:05 +0800] "GET /xingrg/all/function/internal_message.html?_=1671067357433&CODE_STATE=getMsg HTTP/1.1" 200 27
114.84.38.109 - - [15/Dec/2022:09:29:06 +0800] "POST /xingrg/services/DataTransmitService HTTP/1.1" 200 2339
116.238.139.35 - - [15/Dec/2022:09:29:09 +0800] "POST /xingrg/kc/buy/cgsh_order_operate.html HTTP/1.1" 200 37
116.238.139.35 - - [15/Dec/2022:09:29:10 +0800] "GET /xingrg/all/function/internal_message.html?_=1671067704029&CODE_STATE=getMsg HTTP/1.1" 200 27
116.238.139.35 - - [15/Dec/2022:09:29:11 +0800] "POST /xingrg/kc/buy/cgsh_order_operate.html HTTP/1.1" 200 10367
116.237.75.219 - - [15/Dec/2022:09:29:11 +0800] "GET /xingrg/all/function/internal_message.html?_=1671067773883&CODE_STATE=getMsg HTTP/1.1" 200 27
101.83.146.103 - - [15/Dec/2022:09:29:13 +0800] "GET /xingrg/kc/buy/cgsh_order_operate.html?command=get_materiel&rest_code=00105&code=00101008509&supplier_code=00100203&order_time=2022-12-15 HTTP/1.1" 200 409
114.88.159.190 - - [15/Dec/2022:09:29:15 +0800] "GET /xingrg/kc/buy/cgsh_order_operate.html?command=get_materiel&rest_code=00141&code=00101008112&supplier_code=00100007&order_time=2022-12-15 HTTP/1.1" 200 412
114.84.81.136 - - [15/Dec/2022:09:29:19 +0800] "POST /xingrg/services/DataTransmitService HTTP/1.1" 200 524
114.84.38.109 - - [15/Dec/2022:09:29:23 +0800] "POST /xingrg/services/DataTransmitService HTTP/1.1" 200 524
120.253.135.82 - - [15/Dec/2022:09:29:25 +0800] "GET /xingrg/all/function/internal_message.html?_=1671067591262&CODE_STATE=getMsg HTTP/1.1" 200 27
114.88.159.190 - - [15/Dec/2022:09:29:28 +0800] "GET /xingrg/kc/buy/cgsh_order_operate.html?command=get_materiel&rest_code=00141&code=00101008354&supplier_code=00100007&order_time=2022-12-15 HTTP/1.1" 200 412
101.83.146.103 - - [15/Dec/2022:09:29:28 +0800] "GET /xingrg/all/function/internal_message.html?_=1671067635940&CODE_STATE=getMsg HTTP/1.1" 200 27
114.83.220.141 - - [15/Dec/2022:09:29:28 +0800] "GET /xingrg/all/function/internal_message.html?_=1671067786680&CODE_STATE=getMsg HTTP/1.1" 200 27
180.169.147.146 - - [15/Dec/2022:09:29:30 +0800] "GET /xingrg/all/function/internal_message.html?_=1671067789186&CODE_STATE=getMsg HTTP/1.1" 200 27
101.83.146.103 - - [15/Dec/2022:09:29:30 +0800] "GET /xingrg/kc/buy/cgsh_order_operate.html?command=get_materiel&rest_code=00105&code=00101008688&supplier_code=00100203&order_time=2022-12-15 HTTP/1.1" 200 398
114.88.159.190 - - [15/Dec/2022:09:29:37 +0800] "GET /xingrg/kc/buy/cgsh_order_operate.html?command=get_materiel&rest_code=00141&code=00101008148&supplier_code=00100007&order_time=2022-12-15 HTTP/1.1" 200 416
116.230.105.139 - - [15/Dec/2022:09:29:37 +0800] "GET /xingrg/all/function/internal_message.html?_=1671067788637&CODE_STATE=getMsg HTTP/1.1" 200 27
114.88.159.190 - - [15/Dec/2022:09:29:45 +0800] "GET /xingrg/kc/buy/cgsh_order_operate.html?command=get_materiel&rest_code=00141&code=00101008264&supplier_code=00100007&order_time=2022-12-15 HTTP/1.1" 200 412
114.84.38.109 - - [15/Dec/2022:09:29:48 +0800] "POST /xingrg/services/DataTransmitService HTTP/1.1" 200 501
114.84.38.109 - - [15/Dec/2022:09:29:48 +0800] "POST /xingrg/services/DataTransmitService HTTP/1.1" 200 501
116.238.139.35 - - [15/Dec/2022:09:29:48 +0800] "GET /xingrg/all/function/internal_message.html?_=1671067809497&CODE_STATE=getMsg HTTP/1.1" 200 27
114.84.38.109 - - [15/Dec/2022:09:29:49 +0800] "POST /xingrg/services/DataTransmitService HTTP/1.1" 200 501
114.84.38.109 - - [15/Dec/2022:09:29:50 +0800] "POST /xingrg/services/DataTransmitService HTTP/1.1" 200 501
101.83.146.103 - - [15/Dec/2022:09:29:50 +0800] "GET /xingrg/kc/buy/cgsh_order_operate.html?command=get_materiel&rest_code=00105&code=00101008568&supplier_code=00100203&order_time=2022-12-15 HTTP/1.1" 200 412
114.84.38.109 - - [15/Dec/2022:09:29:50 +0800] "POST /xingrg/services/DataTransmitService HTTP/1.1" 200 501
114.84.38.109 - - [15/Dec/2022:09:29:51 +0800] "POST /xingrg/services/DataTransmitService HTTP/1.1" 200 501
114.84.38.109 - - [15/Dec/2022:09:29:51 +0800] "POST /xingrg/services/DataTransmitService HTTP/1.1" 200 501
114.84.38.109 - - [15/Dec/2022:09:29:51 +0800] "POST /xingrg/services/DataTransmitService HTTP/1.1" 200 501
114.84.38.109 - - [15/Dec/2022:09:29:52 +0800] "POST /xingrg/services/DataTransmitService HTTP/1.1" 200 501
114.84.38.109 - - [15/Dec/2022:09:29:54 +0800] "POST /xingrg/services/DataTransmitService HTTP/1.1" 200 412
120.253.135.82 - - [15/Dec/2022:09:29:56 +0800] "GET /xingrg/all/function/internal_message.html?_=1671067280771&CODE_STATE=getMsg HTTP/1.1" 302 -
114.88.159.190 - - [15/Dec/2022:09:30:01 +0800] "GET /xingrg/kc/buy/cgsh_order_operate.html?command=get_materiel&rest_code=00141&code=00101008077&supplier_code=00100007&order_time=2022-12-15 HTTP/1.1" 200 416
114.84.38.109 - - [15/Dec/2022:09:30:03 +0800] "GET /xingrg/all/function/internal_message.html?_=1671067836046&CODE_STATE=getMsg HTTP/1.1" 200 27
120.253.135.82 - - [15/Dec/2022:09:30:05 +0800] "GET /xingrg/check_reg.html?_=1671067289699 HTTP/1.1" 302 -
114.88.159.190 - - [15/Dec/2022:09:30:05 +0800] "GET /xingrg/all/function/internal_message.html?_=1671067417403&CODE_STATE=getMsg HTTP/1.1" 200 27
101.83.146.103 - - [15/Dec/2022:09:30:09 +0800] "POST /xingrg/kc/buy/cgsh_order_operate.html HTTP/1.1" 200 37
116.238.139.35 - - [15/Dec/2022:09:30:10 +0800] "GET /xingrg/all/function/internal_message.html?_=1671067764047&CODE_STATE=getMsg HTTP/1.1" 200 27
114.88.159.190 - - [15/Dec/2022:09:30:11 +0800] "GET /xingrg/kc/buy/cgsh_order_operate.html?command=get_materiel&rest_code=00141&code=00101008357&supplier_code=00100007&order_time=2022-12-15 HTTP/1.1" 200 408
116.237.75.219 - - [15/Dec/2022:09:30:11 +0800] "GET /xingrg/all/function/internal_message.html?_=1671067833857&CODE_STATE=getMsg HTTP/1.1" 200 27
101.83.146.103 - - [15/Dec/2022:09:30:12 +0800] "POST /xingrg/kc/buy/cgsh_order_operate.html HTTP/1.1" 200 26263
114.88.159.190 - - [15/Dec/2022:09:30:20 +0800] "GET /xingrg/kc/buy/cgsh_order_operate.html?command=get_materiel&rest_code=00141&code=00101008286&supplier_code=00100007&order_time=2022-12-15 HTTP/1.1" 200 424
120.253.135.82 - - [15/Dec/2022:09:30:25 +0800] "GET /xingrg/all/function/internal_message.html?_=1671067651276&CODE_STATE=getMsg HTTP/1.1" 200 27
101.83.146.103 - - [15/Dec/2022:09:30:28 +0800] "GET /xingrg/all/function/internal_message.html?_=1671067695952&CODE_STATE=getMsg HTTP/1.1" 200 27
114.83.220.141 - - [15/Dec/2022:09:30:28 +0800] "GET /xingrg/all/function/internal_message.html?_=1671067846659&CODE_STATE=getMsg HTTP/1.1" 200 27
180.169.147.146 - - [15/Dec/2022:09:30:30 +0800] "GET /xingrg/all/function/internal_message.html?_=1671067849190&CODE_STATE=getMsg HTTP/1.1" 200 27
116.230.105.139 - - [15/Dec/2022:09:30:37 +0800] "GET /xingrg/all/function/internal_message.html?_=1671067848614&CODE_STATE=getMsg HTTP/1.1" 200 27
114.88.159.190 - - [15/Dec/2022:09:30:38 +0800] "GET /xingrg/kc/buy/cgsh_order_operate.html?command=get_materiel&rest_code=00141&code=00101008131&supplier_code=00100007&order_time=2022-12-15 HTTP/1.1" 200 408
116.238.139.35 - - [15/Dec/2022:09:30:48 +0800] "GET /xingrg/all/function/internal_message.html?_=1671067869467&CODE_STATE=getMsg HTTP/1.1" 200 27
114.88.159.190 - - [15/Dec/2022:09:30:50 +0800] "GET /xingrg/kc/buy/cgsh_order_operate.html?command=get_materiel&rest_code=00141&code=00101008352&supplier_code=00100007&order_time=2022-12-15 HTTP/1.1" 200 414
120.253.135.82 - - [15/Dec/2022:09:30:56 +0800] "GET /xingrg/all/function/internal_message.html?_=1671067340742&CODE_STATE=getMsg HTTP/1.1" 302 -
114.84.38.109 - - [15/Dec/2022:09:31:03 +0800] "GET /xingrg/all/function/internal_message.html?_=1671067896619&CODE_STATE=getMsg HTTP/1.1" 200 27
114.88.159.190 - - [15/Dec/2022:09:31:05 +0800] "GET /xingrg/all/function/internal_message.html?_=1671067477371&CODE_STATE=getMsg HTTP/1.1" 200 27
116.238.139.35 - - [15/Dec/2022:09:31:10 +0800] "GET /xingrg/all/function/internal_message.html?_=1671067824071&CODE_STATE=getMsg HTTP/1.1" 200 27
116.237.75.219 - - [15/Dec/2022:09:31:11 +0800] "GET /xingrg/all/function/internal_message.html?_=1671067893830&CODE_STATE=getMsg HTTP/1.1" 200 27
114.88.159.190 - - [15/Dec/2022:09:31:13 +0800] "GET /xingrg/kc/buy/cgsh_order_operate.html?command=get_materiel&rest_code=00141&code=00101008098&supplier_code=00100007&order_time=2022-12-15 HTTP/1.1" 200 412
114.88.159.190 - - [15/Dec/2022:09:31:24 +0800] "GET /xingrg/kc/buy/cgsh_order_operate.html?command=get_materiel&rest_code=00141&code=00101008005&supplier_code=00100007&order_time=2022-12-15 HTTP/1.1" 200 412
120.253.135.82 - - [15/Dec/2022:09:31:25 +0800] "GET /xingrg/all/function/internal_message.html?_=1671067711537&CODE_STATE=getMsg HTTP/1.1" 200 27
101.83.146.103 - - [15/Dec/2022:09:31:28 +0800] "GET /xingrg/all/function/internal_message.html?_=1671067755941&CODE_STATE=getMsg HTTP/1.1" 200 27
114.83.220.141 - - [15/Dec/2022:09:31:28 +0800] "GET /xingrg/all/function/internal_message.html?_=1671067906642&CODE_STATE=getMsg HTTP/1.1" 200 27
180.169.147.146 - - [15/Dec/2022:09:31:30 +0800] "GET /xingrg/check_reg.html?_=1671067909184 HTTP/1.1" 200 22
180.169.147.146 - - [15/Dec/2022:09:31:30 +0800] "GET /xingrg/all/function/internal_message.html?_=1671067909186&CODE_STATE=getMsg HTTP/1.1" 200 27
114.88.159.190 - - [15/Dec/2022:09:31:33 +0800] "GET /xingrg/kc/buy/cgsh_order_operate.html?command=get_materiel&rest_code=00141&code=00101008411&supplier_code=00100007&order_time=2022-12-15 HTTP/1.1" 200 413
116.230.105.139 - - [15/Dec/2022:09:31:37 +0800] "GET /xingrg/all/function/internal_message.html?_=1671067908622&CODE_STATE=getMsg HTTP/1.1" 200 27
116.238.139.35 - - [15/Dec/2022:09:31:48 +0800] "GET /xingrg/all/function/internal_message.html?_=1671067929465&CODE_STATE=getMsg HTTP/1.1" 200 27
114.88.159.190 - - [15/Dec/2022:09:31:48 +0800] "GET /xingrg/kc/buy/cgsh_order_operate.html?command=get_materiel&rest_code=00141&code=00101008130&supplier_code=00100007&order_time=2022-12-15 HTTP/1.1" 200 432
120.253.135.82 - - [15/Dec/2022:09:31:56 +0800] "GET /xingrg/all/function/internal_message.html?_=1671067400737&CODE_STATE=getMsg HTTP/1.1" 302 -
114.88.159.190 - - [15/Dec/2022:09:31:58 +0800] "GET /xingrg/kc/buy/cgsh_order_operate.html?command=get_materiel&rest_code=00141&code=00101008134&supplier_code=00100007&order_time=2022-12-15 HTTP/1.1" 200 412
116.238.139.35 - - [15/Dec/2022:09:32:00 +0800] "GET /xingrg/check_reg.html?_=1671067873450 HTTP/1.1" 200 22
116.228.172.94 - - [15/Dec/2022:09:32:00 +0800] "GET /favicon.ico HTTP/1.1" 404 -
114.84.38.109 - - [15/Dec/2022:09:32:03 +0800] "GET /xingrg/all/function/internal_message.html?_=1671067956634&CODE_STATE=getMsg HTTP/1.1" 200 27
114.88.159.190 - - [15/Dec/2022:09:32:05 +0800] "GET /xingrg/all/function/internal_message.html?_=1671067537400&CODE_STATE=getMsg HTTP/1.1" 200 27
116.238.139.35 - - [15/Dec/2022:09:32:06 +0800] "GET /xingrg/kc/buy/cgsh_order_operate.html?command=get_materiel&rest_code=00150&code=00101008229&supplier_code=00100008&order_time=2022-12-15 HTTP/1.1" 200 420
114.88.159.190 - - [15/Dec/2022:09:32:09 +0800] "GET /xingrg/kc/buy/cgsh_order_operate.html?command=get_materiel&rest_code=00141&code=00101008323&supplier_code=00100007&order_time=2022-12-15 HTTP/1.1" 200 408
116.228.172.94 - - [15/Dec/2022:09:32:09 +0800] "GET /xingrg/login.html HTTP/1.1" 200 7641
116.228.172.94 - - [15/Dec/2022:09:32:10 +0800] "GET /favicon.ico HTTP/1.1" 404 -
116.238.139.35 - - [15/Dec/2022:09:32:10 +0800] "GET /xingrg/all/function/internal_message.html?_=1671067884074&CODE_STATE=getMsg HTTP/1.1" 200 27
116.237.75.219 - - [15/Dec/2022:09:32:11 +0800] "GET /xingrg/all/function/internal_message.html?_=1671067953813&CODE_STATE=getMsg HTTP/1.1" 200 27
116.238.139.35 - - [15/Dec/2022:09:32:16 +0800] "GET /xingrg/kc/buy/cgsh_order_operate.html?command=get_materiel&rest_code=00150&code=00101008019&supplier_code=00100008&order_time=2022-12-15 HTTP/1.1" 200 416
116.228.172.94 - - [15/Dec/2022:09:32:16 +0800] "POST /xingrg/login.do HTTP/1.1" 302 -
116.228.172.94 - - [15/Dec/2022:09:32:16 +0800] "GET /xingrg/index.html?sysBaseUrl=http%3A%2F%2F180.169.147.146%3A18081%2Fxingrg%2F&costTime=44×tamp=1671067936418 HTTP/1.1" 200 17417
116.228.172.94 - - [15/Dec/2022:09:32:16 +0800] "GET /favicon.ico HTTP/1.1" 404 -
116.228.172.94 - - [15/Dec/2022:09:32:16 +0800] "POST /xingrg/all/common/load_tree.html?tree=area_rest_tree_json&manage=1 HTTP/1.1" 200 348
116.228.172.94 - - [15/Dec/2022:09:32:17 +0800] "GET /xingrg/all/function/internal_message.html?_=1671067773489&CODE_STATE=count HTTP/1.1" 200 11
116.228.172.94 - - [15/Dec/2022:09:32:17 +0800] "GET /xingrg/check_reg.html?_=1671067773492 HTTP/1.1" 200 22
116.228.172.94 - - [15/Dec/2022:09:32:17 +0800] "POST /xingrg/load_menu.html HTTP/1.1" 200 9959
114.88.159.190 - - [15/Dec/2022:09:32:19 +0800] "GET /xingrg/kc/buy/cgsh_order_operate.html?command=get_materiel&rest_code=00141&code=00101008027&supplier_code=00100007&order_time=2022-12-15 HTTP/1.1" 200 408
116.228.172.94 - - [15/Dec/2022:09:32:22 +0800] "GET /xingrg/kc/buy/buy_main.html HTTP/1.1" 200 12412
116.228.172.94 - - [15/Dec/2022:09:32:22 +0800] "GET /xingrg/css/new_ie.css HTTP/1.1" 404 1036
116.228.172.94 - - [15/Dec/2022:09:32:23 +0800] "GET /xingrg/images/yd/bt.gif HTTP/1.1" 404 1040
116.228.172.94 - - [15/Dec/2022:09:32:24 +0800] "GET /xingrg/kc/buy/cgsh_order_list.html HTTP/1.1" 200 54019
120.253.135.82 - - [15/Dec/2022:09:32:25 +0800] "GET /xingrg/all/function/internal_message.html?_=1671067771537&CODE_STATE=getMsg HTTP/1.1" 200 27
116.228.172.94 - - [15/Dec/2022:09:32:25 +0800] "POST /xingrg/kc/buy/cgsh_list_operate.html HTTP/1.1" 200 986
116.228.172.94 - - [15/Dec/2022:09:32:26 +0800] "GET /xingrg/kc/buy/cgsh_order_add.html HTTP/1.1" 200 68843
116.228.172.94 - - [15/Dec/2022:09:32:26 +0800] "GET /xingrg/words/20221213125614_words.js HTTP/1.1" 304 -
116.228.172.94 - - [15/Dec/2022:09:32:27 +0800] "POST /xingrg/kc/buy/cgsh_order_operate.html HTTP/1.1" 200 8245
116.228.172.94 - - [15/Dec/2022:09:32:27 +0800] "GET /xingrg/all/common/auto_word.html?type=employee&rest_code=00153 HTTP/1.1" 200 47
116.228.172.94 - - [15/Dec/2022:09:32:27 +0800] "GET /xingrg/all/common/auto_word.html?type=employee&rest_code=00153 HTTP/1.1" 200 47
116.228.172.94 - - [15/Dec/2022:09:32:27 +0800] "GET /xingrg/javascript/easyui/themes/default/validatebox.css HTTP/1.1" 404 1104
116.228.172.94 - - [15/Dec/2022:09:32:28 +0800] "GET /xingrg/javascript/auto/indicator.gif HTTP/1.1" 404 1066
114.83.220.141 - - [15/Dec/2022:09:32:28 +0800] "GET /xingrg/check_reg.html?_=1671067966075 HTTP/1.1" 200 22
114.83.220.141 - - [15/Dec/2022:09:32:28 +0800] "GET /xingrg/all/function/internal_message.html?_=1671067966637&CODE_STATE=getMsg HTTP/1.1" 200 27
101.83.146.103 - - [15/Dec/2022:09:32:28 +0800] "GET /xingrg/check_reg.html?_=1671067815942 HTTP/1.1" 200 22
101.83.146.103 - - [15/Dec/2022:09:32:28 +0800] "GET /xingrg/all/function/internal_message.html?_=1671067815945&CODE_STATE=getMsg HTTP/1.1" 200 27
114.88.159.190 - - [15/Dec/2022:09:32:30 +0800] "GET /xingrg/kc/buy/cgsh_order_operate.html?command=get_materiel&rest_code=00141&code=00101008051&supplier_code=00100007&order_time=2022-12-15 HTTP/1.1" 200 409
180.169.147.146 - - [15/Dec/2022:09:32:30 +0800] "GET /xingrg/all/function/internal_message.html?_=1671067969201&CODE_STATE=getMsg HTTP/1.1" 200 27
116.228.172.94 - - [15/Dec/2022:09:32:30 +0800] "GET /xingrg/javascript/jquery_tools/images/prev.gif HTTP/1.1" 404 1086
116.228.172.94 - - [15/Dec/2022:09:32:30 +0800] "GET /xingrg/javascript/jquery_tools/images/next.gif HTTP/1.1" 404 1086
116.238.139.35 - - [15/Dec/2022:09:32:31 +0800] "GET /xingrg/kc/buy/cgsh_order_operate.html?command=get_materiel&rest_code=00150&code=00101008150&supplier_code=00100008&order_time=2022-12-15 HTTP/1.1" 200 409
116.230.105.139 - - [15/Dec/2022:09:32:37 +0800] "GET /xingrg/all/function/internal_message.html?_=1671067968614&CODE_STATE=getMsg HTTP/1.1" 200 27
116.230.105.139 - - [15/Dec/2022:09:32:37 +0800] "GET /xingrg/check_reg.html?_=1671067968616 HTTP/1.1" 200 22
116.228.172.94 - - [15/Dec/2022:09:32:39 +0800] "GET /xingrg/kc/buy/cgsh_order_operate.html?command=get_materiel&rest_code=00153&code=00101016025&supplier_code=00100199&order_time=2022-12-14 HTTP/1.1" 200 408
116.238.139.35 - - [15/Dec/2022:09:32:40 +0800] "GET /xingrg/kc/buy/cgsh_order_operate.html?command=get_materiel&rest_code=00150&code=00101008165&supplier_code=00100008&order_time=2022-12-15 HTTP/1.1" 200 416
114.88.159.190 - - [15/Dec/2022:09:32:40 +0800] "GET /xingrg/kc/buy/cgsh_order_operate.html?command=get_materiel&rest_code=00141&code=00101008370&supplier_code=00100007&order_time=2022-12-15 HTTP/1.1" 200 412
116.238.139.35 - - [15/Dec/2022:09:32:46 +0800] "GET /xingrg/kc/buy/cgsh_order_operate.html?command=get_materiel&rest_code=00150&code=00101008168&supplier_code=00100008&order_time=2022-12-15 HTTP/1.1" 200 412
116.238.139.35 - - [15/Dec/2022:09:32:47 +0800] "POST /xingrg/kc/buy/cgsh_order_operate.html HTTP/1.1" 200 2065
116.238.139.35 - - [15/Dec/2022:09:32:48 +0800] "GET /xingrg/all/function/internal_message.html?_=1671067989451&CODE_STATE=getMsg HTTP/1.1" 200 27
114.88.159.190 - - [15/Dec/2022:09:32:51 +0800] "GET /xingrg/kc/buy/cgsh_order_operate.html?command=get_materiel&rest_code=00141&code=00101008361&supplier_code=00100007&order_time=2022-12-15 HTTP/1.1" 200 408
116.228.172.94 - - [15/Dec/2022:09:32:53 +0800] "GET /xingrg/kc/buy/cgsh_order_operate.html?command=get_materiel&rest_code=00153&code=00101016053&supplier_code=00100199&order_time=2022-12-14 HTTP/1.1" 200 408
116.238.139.35 - - [15/Dec/2022:09:32:54 +0800] "GET /xingrg/kc/buy/cgsh_order_operate.html?command=get_materiel&rest_code=00150&code=00101008061&supplier_code=00100008&order_time=2022-12-15 HTTP/1.1" 200 422
114.88.159.190 - - [15/Dec/2022:09:32:54 +0800] "POST /xingrg/kc/buy/cgsh_order_operate.html HTTP/1.1" 200 2065
120.253.135.82 - - [15/Dec/2022:09:32:56 +0800] "GET /xingrg/all/function/internal_message.html?_=1671067460705&CODE_STATE=getMsg HTTP/1.1" 302 -
114.88.159.190 - - [15/Dec/2022:09:33:01 +0800] "GET /xingrg/kc/buy/cgsh_order_operate.html?command=get_materiel&rest_code=00141&code=00101008356&supplier_code=00100007&order_time=2022-12-15 HTTP/1.1" 200 423
116.238.139.35 - - [15/Dec/2022:09:33:01 +0800] "GET /xingrg/kc/buy/cgsh_order_operate.html?command=get_materiel&rest_code=00150&code=00101008095&supplier_code=00100008&order_time=2022-12-15 HTTP/1.1" 200 412
114.84.38.109 - - [15/Dec/2022:09:33:04 +0800] "GET /xingrg/all/function/internal_message.html?_=1671068017576&CODE_STATE=getMsg HTTP/1.1" 200 27
114.88.159.190 - - [15/Dec/2022:09:33:05 +0800] "GET /xingrg/check_reg.html?_=1671067597367 HTTP/1.1" 200 22
114.88.159.190 - - [15/Dec/2022:09:33:05 +0800] "GET /xingrg/all/function/internal_message.html?_=1671067597368&CODE_STATE=getMsg HTTP/1.1" 200 27
116.238.139.35 - - [15/Dec/2022:09:33:07 +0800] "GET /xingrg/kc/buy/cgsh_order_operate.html?command=get_materiel&rest_code=00150&code=00101008041&supplier_code=00100008&order_time=2022-12-15 HTTP/1.1" 200 408
114.88.159.190 - - [15/Dec/2022:09:33:09 +0800] "GET /xingrg/kc/buy/cgsh_order_operate.html?command=get_materiel&rest_code=00141&code=00101008251&supplier_code=00100007&order_time=2022-12-15 HTTP/1.1" 200 408
116.238.139.35 - - [15/Dec/2022:09:33:10 +0800] "GET /xingrg/all/function/internal_message.html?_=1671067944088&CODE_STATE=getMsg HTTP/1.1" 200 27
116.237.75.219 - - [15/Dec/2022:09:33:11 +0800] "GET /xingrg/all/function/internal_message.html?_=1671068013789&CODE_STATE=getMsg HTTP/1.1" 200 27
116.238.139.35 - - [15/Dec/2022:09:33:14 +0800] "GET /xingrg/kc/buy/cgsh_order_operate.html?command=get_materiel&rest_code=00150&code=00101008283&supplier_code=00100008&order_time=2022-12-15 HTTP/1.1" 200 408
116.228.172.94 - - [15/Dec/2022:09:33:17 +0800] "GET /xingrg/all/function/internal_message.html?_=1671067833518&CODE_STATE=getMsg HTTP/1.1" 200 27
116.228.172.94 - - [15/Dec/2022:09:33:21 +0800] "GET /xingrg/kc/buy/cgsh_order_operate.html?command=get_materiel&rest_code=00153&code=00101012082&supplier_code=00100199&order_time=2022-12-14 HTTP/1.1" 200 408
120.253.135.82 - - [15/Dec/2022:09:33:22 +0800] "GET /xingrg/check_reg.html?_=1671067828612 HTTP/1.1" 200 22
120.253.135.82 - - [15/Dec/2022:09:33:25 +0800] "GET /xingrg/all/function/internal_message.html?_=1671067831551&CODE_STATE=getMsg HTTP/1.1" 200 27
116.237.75.219 - - [15/Dec/2022:09:33:28 +0800] "GET /xingrg/check_reg.html?_=1671068030266 HTTP/1.1" 200 22
114.83.220.141 - - [15/Dec/2022:09:33:28 +0800] "GET /xingrg/all/function/internal_message.html?_=1671068026614&CODE_STATE=getMsg HTTP/1.1" 200 27
101.83.146.103 - - [15/Dec/2022:09:33:28 +0800] "GET /xingrg/all/function/internal_message.html?_=1671067875952&CODE_STATE=getMsg HTTP/1.1" 200 27
180.169.147.146 - - [15/Dec/2022:09:33:30 +0800] "GET /xingrg/all/function/internal_message.html?_=1671068029200&CODE_STATE=getMsg HTTP/1.1" 200 27
116.228.172.94 - - [15/Dec/2022:09:33:30 +0800] "GET /xingrg/kc/buy/cgsh_order_operate.html?command=get_materiel&rest_code=00153&code=00101008356&supplier_code=00100199&order_time=2022-12-14 HTTP/1.1" 200 423
116.230.105.139 - - [15/Dec/2022:09:33:37 +0800] "GET /xingrg/all/function/internal_message.html?_=1671068028624&CODE_STATE=getMsg HTTP/1.1" 200 27
114.88.159.190 - - [15/Dec/2022:09:33:38 +0800] "GET /xingrg/kc/buy/cgsh_order_operate.html?command=get_materiel&rest_code=00141&code=00101008295&supplier_code=00100007&order_time=2022-12-15 HTTP/1.1" 200 412
114.84.38.109 - - [15/Dec/2022:09:33:42 +0800] "GET /xingrg/check_reg.html?_=1671068055242 HTTP/1.1" 200 22
114.88.159.190 - - [15/Dec/2022:09:33:42 +0800] "POST /xingrg/kc/buy/cgsh_order_operate.html HTTP/1.1" 200 2065
116.228.172.94 - - [15/Dec/2022:09:33:47 +0800] "GET /xingrg/kc/buy/cgsh_order_operate.html?command=get_materiel&rest_code=00153&code=00101008300&supplier_code=00100199&order_time=2022-12-14 HTTP/1.1" 200 412
114.88.159.190 - - [15/Dec/2022:09:33:47 +0800] "GET /xingrg/kc/buy/cgsh_order_operate.html?command=get_materiel&rest_code=00141&code=00101008353&supplier_code=00100007&order_time=2022-12-15 HTTP/1.1" 200 408
116.238.139.35 - - [15/Dec/2022:09:33:48 +0800] "GET /xingrg/check_reg.html?_=1671068049472 HTTP/1.1" 200 22
116.238.139.35 - - [15/Dec/2022:09:33:48 +0800] "GET /xingrg/all/function/internal_message.html?_=1671068049468&CODE_STATE=getMsg HTTP/1.1" 200 27
116.238.139.35 - - [15/Dec/2022:09:33:50 +0800] "POST /xingrg/kc/buy/cgsh_order_operate.html HTTP/1.1" 200 37
116.238.139.35 - - [15/Dec/2022:09:33:52 +0800] "POST /xingrg/kc/buy/cgsh_order_operate.html HTTP/1.1" 200 15713
120.253.135.82 - - [15/Dec/2022:09:33:56 +0800] "GET /xingrg/all/function/internal_message.html?_=1671067520681&CODE_STATE=getMsg HTTP/1.1" 302 -
114.88.159.190 - - [15/Dec/2022:09:33:57 +0800] "GET /xingrg/kc/buy/cgsh_order_operate.html?command=get_materiel&rest_code=00141&code=00101008291&supplier_code=00100007&order_time=2022-12-15 HTTP/1.1" 200 408
116.228.172.94 - - [15/Dec/2022:09:33:58 +0800] "GET /xingrg/kc/buy/cgsh_order_operate.html?command=get_materiel&rest_code=00153&code=00101007081&supplier_code=00100199&order_time=2022-12-14 HTTP/1.1" 200 413
114.84.38.109 - - [15/Dec/2022:09:34:04 +0800] "GET /xingrg/all/function/internal_message.html?_=1671068077583&CODE_STATE=getMsg HTTP/1.1" 200 27
114.88.159.190 - - [15/Dec/2022:09:34:05 +0800] "GET /xingrg/all/function/internal_message.html?_=1671067657398&CODE_STATE=getMsg HTTP/1.1" 200 27
116.228.172.94 - - [15/Dec/2022:09:34:09 +0800] "GET /xingrg/kc/buy/cgsh_order_operate.html?command=get_materiel&rest_code=00153&code=00101008270&supplier_code=00100199&order_time=2022-12-14 HTTP/1.1" 200 412
116.238.139.35 - - [15/Dec/2022:09:34:10 +0800] "GET /xingrg/all/function/internal_message.html?_=1671068004112&CODE_STATE=getMsg HTTP/1.1" 200 27
116.237.75.219 - - [15/Dec/2022:09:34:11 +0800] "GET /xingrg/all/function/internal_message.html?_=1671068073760&CODE_STATE=getMsg HTTP/1.1" 200 27
116.228.172.94 - - [15/Dec/2022:09:34:17 +0800] "GET /xingrg/all/function/internal_message.html?_=1671067893502&CODE_STATE=getMsg HTTP/1.1" 200 27
116.228.172.94 - - [15/Dec/2022:09:34:17 +0800] "GET /xingrg/kc/buy/cgsh_order_operate.html?command=get_materiel&rest_code=00153&code=00101012069&supplier_code=00100199&order_time=2022-12-14 HTTP/1.1" 200 412
120.253.135.82 - - [15/Dec/2022:09:34:25 +0800] "GET /xingrg/all/function/internal_message.html?_=1671067891564&CODE_STATE=getMsg HTTP/1.1" 200 27
116.228.172.94 - - [15/Dec/2022:09:34:27 +0800] "GET /xingrg/kc/buy/cgsh_order_operate.html?command=get_materiel&rest_code=00153&code=00101008370&supplier_code=00100199&order_time=2022-12-14 HTTP/1.1" 200 412
114.83.220.141 - - [15/Dec/2022:09:34:28 +0800] "GET /xingrg/all/function/internal_message.html?_=1671068086599&CODE_STATE=getMsg HTTP/1.1" 200 27
101.83.146.103 - - [15/Dec/2022:09:34:28 +0800] "GET /xingrg/all/function/internal_message.html?_=1671067935941&CODE_STATE=getMsg HTTP/1.1" 200 27
180.169.147.146 - - [15/Dec/2022:09:34:30 +0800] "GET /xingrg/all/function/internal_message.html?_=1671068089194&CODE_STATE=getMsg HTTP/1.1" 200 27
116.230.105.139 - - [15/Dec/2022:09:34:37 +0800] "GET /xingrg/all/function/internal_message.html?_=1671068088618&CODE_STATE=getMsg HTTP/1.1" 200 27
116.238.139.35 - - [15/Dec/2022:09:34:48 +0800] "GET /xingrg/all/function/internal_message.html?_=1671068109450&CODE_STATE=getMsg HTTP/1.1" 200 27
116.228.172.94 - - [15/Dec/2022:09:34:55 +0800] "POST /xingrg/kc/buy/cgsh_order_operate.html HTTP/1.1" 200 37
120.253.135.82 - - [15/Dec/2022:09:34:56 +0800] "GET /xingrg/all/function/internal_message.html?_=1671067580663&CODE_STATE=getMsg HTTP/1.1" 302 -
116.228.172.94 - - [15/Dec/2022:09:35:00 +0800] "POST /xingrg/kc/buy/cgsh_order_operate.html HTTP/1.1" 200 12
221.239.154.17 - - [15/Dec/2022:09:35:02 +0800] "GET /favicon.ico HTTP/1.1" 404 -
116.228.172.94 - - [15/Dec/2022:09:35:02 +0800] "GET /xingrg/kc/buy/cgsh_order_info.html?code=212022121504301 HTTP/1.1" 200 63742
116.228.172.94 - - [15/Dec/2022:09:35:03 +0800] "GET /xingrg/javascript/easyui/themes/default/validatebox.css HTTP/1.1" 404 1104
116.228.172.94 - - [15/Dec/2022:09:35:04 +0800] "POST /xingrg/kc/buy/cgsh_order_operate.html HTTP/1.1" 200 4746
114.84.38.109 - - [15/Dec/2022:09:35:04 +0800] "GET /xingrg/all/function/internal_message.html?_=1671068137595&CODE_STATE=getMsg HTTP/1.1" 200 27
120.253.135.82 - - [15/Dec/2022:09:35:05 +0800] "GET /xingrg/check_reg.html?_=1671067589701 HTTP/1.1" 302 -
114.88.159.190 - - [15/Dec/2022:09:35:05 +0800] "GET /xingrg/all/function/internal_message.html?_=1671067717395&CODE_STATE=getMsg HTTP/1.1" 200 27
116.228.172.94 - - [15/Dec/2022:09:35:07 +0800] "GET /xingrg/kc/print/load_config.html?kc_code=cgsh HTTP/1.1" 200 1943
116.228.172.94 - - [15/Dec/2022:09:35:07 +0800] "GET /xingrg/kc/print/load_data.html?order_code=212022121504301&kc_code=cgsh&condition= HTTP/1.1" 200 2262
114.88.159.190 - - [15/Dec/2022:09:35:09 +0800] "GET /xingrg/kc/buy/cgsh_order_operate.html?command=get_materiel&rest_code=00141&code=00101008403&supplier_code=00100007&order_time=2022-12-15 HTTP/1.1" 200 412
116.238.139.35 - - [15/Dec/2022:09:35:10 +0800] "GET /xingrg/all/function/internal_message.html?_=1671068064115&CODE_STATE=getMsg HTTP/1.1" 200 27
180.163.28.114 - - [15/Dec/2022:09:35:11 +0800] "GET /xingrg/all/function/internal_message.html?_=1671068073760&CODE_STATE=getMsg HTTP/1.1" 302 -
180.163.28.114 - - [15/Dec/2022:09:35:11 +0800] "GET /xingrg/login.html HTTP/1.1" 200 7641
116.237.75.219 - - [15/Dec/2022:09:35:11 +0800] "GET /xingrg/all/function/internal_message.html?_=1671068133729&CODE_STATE=getMsg HTTP/1.1" 200 27
116.228.172.94 - - [15/Dec/2022:09:35:17 +0800] "GET /xingrg/all/function/internal_message.html?_=1671067953495&CODE_STATE=getMsg HTTP/1.1" 200 27
120.253.135.82 - - [15/Dec/2022:09:35:25 +0800] "GET /xingrg/all/function/internal_message.html?_=1671067951579&CODE_STATE=getMsg HTTP/1.1" 200 27
114.83.220.141 - - [15/Dec/2022:09:35:28 +0800] "GET /xingrg/all/function/internal_message.html?_=1671068146581&CODE_STATE=getMsg HTTP/1.1" 200 27
101.83.146.103 - - [15/Dec/2022:09:35:28 +0800] "GET /xingrg/all/function/internal_message.html?_=1671067995943&CODE_STATE=getMsg HTTP/1.1" 200 27
114.88.159.190 - - [15/Dec/2022:09:35:32 +0800] "GET /xingrg/kc/buy/cgsh_order_operate.html?command=get_materiel&rest_code=00141&code=00101008305&supplier_code=00100007&order_time=2022-12-15 HTTP/1.1" 200 412
116.230.105.139 - - [15/Dec/2022:09:35:37 +0800] "GET /xingrg/all/function/internal_message.html?_=1671068148612&CODE_STATE=getMsg HTTP/1.1" 200 27
116.238.139.35 - - [15/Dec/2022:09:35:48 +0800] "GET /xingrg/all/function/internal_message.html?_=1671068169451&CODE_STATE=getMsg HTTP/1.1" 200 27
114.88.159.190 - - [15/Dec/2022:09:35:49 +0800] "GET /xingrg/kc/buy/cgsh_order_operate.html?command=get_materiel&rest_code=00141&code=00101013179&supplier_code=00100007&order_time=2022-12-15 HTTP/1.1" 200 412
114.88.159.190 - - [15/Dec/2022:09:35:54 +0800] "POST /xingrg/kc/buy/cgsh_order_operate.html HTTP/1.1" 200 2065
114.88.159.190 - - [15/Dec/2022:09:35:59 +0800] "GET /xingrg/kc/buy/cgsh_order_operate.html?command=get_materiel&rest_code=00141&code=00101008642&supplier_code=00100007&order_time=2022-12-15 HTTP/1.1" 200 413
114.88.159.190 - - [15/Dec/2022:09:36:05 +0800] "GET /xingrg/all/function/internal_message.html?_=1671067777293&CODE_STATE=getMsg HTTP/1.1" 200 27
114.84.38.109 - - [15/Dec/2022:09:36:05 +0800] "GET /xingrg/all/function/internal_message.html?_=1671068198504&CODE_STATE=getMsg HTTP/1.1" 200 27
116.238.139.35 - - [15/Dec/2022:09:36:10 +0800] "GET /xingrg/all/function/internal_message.html?_=1671068124139&CODE_STATE=getMsg HTTP/1.1" 200 27
116.237.75.219 - - [15/Dec/2022:09:36:11 +0800] "GET /xingrg/all/function/internal_message.html?_=1671068193705&CODE_STATE=getMsg HTTP/1.1" 200 27
120.253.135.82 - - [15/Dec/2022:09:36:26 +0800] "GET /xingrg/all/function/internal_message.html?_=1671068011842&CODE_STATE=getMsg HTTP/1.1" 200 27
114.83.220.141 - - [15/Dec/2022:09:36:28 +0800] "GET /xingrg/all/function/internal_message.html?_=1671068206560&CODE_STATE=getMsg HTTP/1.1" 200 27
101.83.146.103 - - [15/Dec/2022:09:36:28 +0800] "GET /xingrg/all/function/internal_message.html?_=1671068055952&CODE_STATE=getMsg HTTP/1.1" 200 27
116.230.105.139 - - [15/Dec/2022:09:36:37 +0800] "GET /xingrg/all/function/internal_message.html?_=1671068208629&CODE_STATE=getMsg HTTP/1.1" 200 27
116.238.139.35 - - [15/Dec/2022:09:36:48 +0800] "GET /xingrg/all/function/internal_message.html?_=1671068229450&CODE_STATE=getMsg HTTP/1.1" 200 27
116.238.139.35 - - [15/Dec/2022:09:37:00 +0800] "GET /xingrg/check_reg.html?_=1671068173460 HTTP/1.1" 200 22
114.88.159.190 - - [15/Dec/2022:09:37:05 +0800] "GET /xingrg/all/function/internal_message.html?_=1671067837326&CODE_STATE=getMsg HTTP/1.1" 200 27
114.84.38.109 - - [15/Dec/2022:09:37:05 +0800] "GET /xingrg/all/function/internal_message.html?_=1671068258512&CODE_STATE=getMsg HTTP/1.1" 200 27
116.238.139.35 - - [15/Dec/2022:09:37:10 +0800] "GET /xingrg/all/function/internal_message.html?_=1671068184141&CODE_STATE=getMsg HTTP/1.1" 200 27
116.237.75.219 - - [15/Dec/2022:09:37:11 +0800] "GET /xingrg/all/function/internal_message.html?_=1671068253688&CODE_STATE=getMsg HTTP/1.1" 200 27
120.253.135.82 - - [15/Dec/2022:09:37:26 +0800] "GET /xingrg/all/function/internal_message.html?_=1671068071902&CODE_STATE=getMsg HTTP/1.1" 200 27
114.83.220.141 - - [15/Dec/2022:09:37:28 +0800] "GET /xingrg/check_reg.html?_=1671068266094 HTTP/1.1" 200 22
114.83.220.141 - - [15/Dec/2022:09:37:28 +0800] "GET /xingrg/all/function/internal_message.html?_=1671068266542&CODE_STATE=getMsg HTTP/1.1" 200 27
101.83.146.103 - - [15/Dec/2022:09:37:28 +0800] "GET /xingrg/check_reg.html?_=1671068115942 HTTP/1.1" 200 22
101.83.146.103 - - [15/Dec/2022:09:37:28 +0800] "GET /xingrg/all/function/internal_message.html?_=1671068115944&CODE_STATE=getMsg HTTP/1.1" 200 27
116.230.105.139 - - [15/Dec/2022:09:37:37 +0800] "GET /xingrg/check_reg.html?_=1671068268622 HTTP/1.1" 200 22
116.230.105.139 - - [15/Dec/2022:09:37:37 +0800] "GET /xingrg/all/function/internal_message.html?_=1671068268623&CODE_STATE=getMsg HTTP/1.1" 200 27
116.238.139.35 - - [15/Dec/2022:09:37:48 +0800] "GET /xingrg/all/function/internal_message.html?_=1671068289456&CODE_STATE=getMsg HTTP/1.1" 200 27
114.88.159.190 - - [15/Dec/2022:09:38:05 +0800] "GET /xingrg/check_reg.html?_=1671067897327 HTTP/1.1" 200 22
114.88.159.190 - - [15/Dec/2022:09:38:05 +0800] "GET /xingrg/all/function/internal_message.html?_=1671067897328&CODE_STATE=getMsg HTTP/1.1" 200 27
114.84.38.109 - - [15/Dec/2022:09:38:06 +0800] "GET /xingrg/all/function/internal_message.html?_=1671068319269&CODE_STATE=getMsg HTTP/1.1" 200 27
116.238.139.35 - - [15/Dec/2022:09:38:10 +0800] "GET /xingrg/all/function/internal_message.html?_=1671068244155&CODE_STATE=getMsg HTTP/1.1" 200 27
116.237.75.219 - - [15/Dec/2022:09:38:11 +0800] "GET /xingrg/all/function/internal_message.html?_=1671068313669&CODE_STATE=getMsg HTTP/1.1" 200 27
120.253.135.82 - - [15/Dec/2022:09:38:23 +0800] "GET /xingrg/check_reg.html?_=1671068128859 HTTP/1.1" 200 22
120.253.135.82 - - [15/Dec/2022:09:38:26 +0800] "GET /xingrg/all/function/internal_message.html?_=1671068132228&CODE_STATE=getMsg HTTP/1.1" 200 27
116.237.75.219 - - [15/Dec/2022:09:38:28 +0800] "GET /xingrg/check_reg.html?_=1671068330376 HTTP/1.1" 200 22
114.83.220.141 - - [15/Dec/2022:09:38:28 +0800] "GET /xingrg/all/function/internal_message.html?_=1671068326534&CODE_STATE=getMsg HTTP/1.1" 200 27
101.83.146.103 - - [15/Dec/2022:09:38:28 +0800] "GET /xingrg/all/function/internal_message.html?_=1671068175952&CODE_STATE=getMsg HTTP/1.1" 200 27
116.230.105.139 - - [15/Dec/2022:09:38:37 +0800] "GET /xingrg/all/function/internal_message.html?_=1671068328615&CODE_STATE=getMsg HTTP/1.1" 200 27
114.84.38.109 - - [15/Dec/2022:09:38:42 +0800] "GET /xingrg/check_reg.html?_=1671068355248 HTTP/1.1" 200 22
114.88.159.190 - - [15/Dec/2022:09:38:44 +0800] "GET /xingrg/kc/buy/cgsh_order_operate.html?command=get_materiel&rest_code=00141&code=00101008036&supplier_code=00100007&order_time=2022-12-15 HTTP/1.1" 200 408
116.238.139.35 - - [15/Dec/2022:09:38:48 +0800] "GET /xingrg/all/function/internal_message.html?_=1671068349456&CODE_STATE=getMsg HTTP/1.1" 200 27
116.238.139.35 - - [15/Dec/2022:09:38:48 +0800] "GET /xingrg/check_reg.html?_=1671068349458 HTTP/1.1" 200 22
114.88.159.190 - - [15/Dec/2022:09:39:05 +0800] "GET /xingrg/all/function/internal_message.html?_=1671067957324&CODE_STATE=getMsg HTTP/1.1" 200 27
114.84.38.109 - - [15/Dec/2022:09:39:06 +0800] "GET /xingrg/all/function/internal_message.html?_=1671068379272&CODE_STATE=getMsg HTTP/1.1" 200 27
116.238.139.35 - - [15/Dec/2022:09:39:10 +0800] "GET /xingrg/all/function/internal_message.html?_=1671068304180&CODE_STATE=getMsg HTTP/1.1" 200 27
116.237.75.219 - - [15/Dec/2022:09:39:11 +0800] "GET /xingrg/all/function/internal_message.html?_=1671068373645&CODE_STATE=getMsg HTTP/1.1" 200 27
120.253.135.82 - - [15/Dec/2022:09:39:26 +0800] "GET /xingrg/all/function/internal_message.html?_=1671068192241&CODE_STATE=getMsg HTTP/1.1" 200 27
180.163.29.212 - - [15/Dec/2022:09:39:28 +0800] "GET /xingrg/check_reg.html?_=1671068330376 HTTP/1.1" 302 -
180.163.29.212 - - [15/Dec/2022:09:39:28 +0800] "GET /xingrg/login.html HTTP/1.1" 200 7641
114.83.220.141 - - [15/Dec/2022:09:39:28 +0800] "GET /xingrg/all/function/internal_message.html?_=1671068386516&CODE_STATE=getMsg HTTP/1.1" 200 27
101.83.146.103 - - [15/Dec/2022:09:39:28 +0800] "GET /xingrg/all/function/internal_message.html?_=1671068235941&CODE_STATE=getMsg HTTP/1.1" 200 27
116.230.105.139 - - [15/Dec/2022:09:39:37 +0800] "GET /xingrg/all/function/internal_message.html?_=1671068388620&CODE_STATE=getMsg HTTP/1.1" 200 27
116.238.139.35 - - [15/Dec/2022:09:39:48 +0800] "GET /xingrg/all/function/internal_message.html?_=1671068409521&CODE_STATE=getMsg HTTP/1.1" 200 27
114.88.159.190 - - [15/Dec/2022:09:39:57 +0800] "GET /xingrg/kc/buy/cgsh_order_operate.html?command=get_materiel&rest_code=00141&code=00101008350&supplier_code=00100007&order_time=2022-12-15 HTTP/1.1" 200 408
114.88.159.190 - - [15/Dec/2022:09:40:05 +0800] "GET /xingrg/all/function/internal_message.html?_=1671068017347&CODE_STATE=getMsg HTTP/1.1" 200 27
114.84.38.109 - - [15/Dec/2022:09:40:06 +0800] "GET /xingrg/all/function/internal_message.html?_=1671068439286&CODE_STATE=getMsg HTTP/1.1" 200 27
116.238.139.35 - - [15/Dec/2022:09:40:10 +0800] "GET /xingrg/all/function/internal_message.html?_=1671068364183&CODE_STATE=getMsg HTTP/1.1" 200 27
116.237.75.219 - - [15/Dec/2022:09:40:11 +0800] "GET /xingrg/all/function/internal_message.html?_=1671068433613&CODE_STATE=getMsg HTTP/1.1" 200 27
114.88.159.190 - - [15/Dec/2022:09:40:15 +0800] "GET /xingrg/kc/buy/cgsh_order_operate.html?command=get_materiel&rest_code=00141&code=00101015183&supplier_code=00100007&order_time=2022-12-15 HTTP/1.1" 200 406
114.88.159.190 - - [15/Dec/2022:09:40:26 +0800] "GET /xingrg/kc/buy/cgsh_order_operate.html?command=get_materiel&rest_code=00141&code=00101008114&supplier_code=00100007&order_time=2022-12-15 HTTP/1.1" 200 412
120.253.135.82 - - [15/Dec/2022:09:40:26 +0800] "GET /xingrg/all/function/internal_message.html?_=1671068252712&CODE_STATE=getMsg HTTP/1.1" 200 27
114.83.220.141 - - [15/Dec/2022:09:40:28 +0800] "GET /xingrg/all/function/internal_message.html?_=1671068446499&CODE_STATE=getMsg HTTP/1.1" 200 27
101.83.146.103 - - [15/Dec/2022:09:40:28 +0800] "GET /xingrg/all/function/internal_message.html?_=1671068295942&CODE_STATE=getMsg HTTP/1.1" 200 27
116.230.105.139 - - [15/Dec/2022:09:40:37 +0800] "GET /xingrg/all/function/internal_message.html?_=1671068448630&CODE_STATE=getMsg HTTP/1.1" 200 27
116.238.139.35 - - [15/Dec/2022:09:40:46 +0800] "POST /xingrg/kc/buy/cgsh_order_operate.html HTTP/1.1" 200 37
116.238.139.35 - - [15/Dec/2022:09:40:51 +0800] "POST /xingrg/kc/buy/cgsh_order_operate.html HTTP/1.1" 200 12
116.238.139.35 - - [15/Dec/2022:09:40:52 +0800] "GET /xingrg/kc/buy/cgsh_order_info.html?code=212022121504300 HTTP/1.1" 200 64699
116.238.139.35 - - [15/Dec/2022:09:40:53 +0800] "GET /xingrg/javascript/easyui/themes/default/validatebox.css HTTP/1.1" 404 1104
116.238.139.35 - - [15/Dec/2022:09:40:53 +0800] "POST /xingrg/kc/buy/cgsh_order_operate.html HTTP/1.1" 200 13658
116.238.139.35 - - [15/Dec/2022:09:40:55 +0800] "GET /xingrg/kc/print/load_data.html?order_code=212022121504300&kc_code=cgsh&condition= HTTP/1.1" 200 5671
114.88.159.190 - - [15/Dec/2022:09:41:05 +0800] "GET /xingrg/all/function/internal_message.html?_=1671068077399&CODE_STATE=getMsg HTTP/1.1" 200 27
114.84.38.109 - - [15/Dec/2022:09:41:06 +0800] "GET /xingrg/all/function/internal_message.html?_=1671068499816&CODE_STATE=getMsg HTTP/1.1" 200 27
116.238.139.35 - - [15/Dec/2022:09:41:10 +0800] "GET /xingrg/all/function/internal_message.html?_=1671068424207&CODE_STATE=getMsg HTTP/1.1" 200 27
116.237.75.219 - - [15/Dec/2022:09:41:11 +0800] "GET /xingrg/all/function/internal_message.html?_=1671068493595&CODE_STATE=getMsg HTTP/1.1" 200 27
114.88.159.190 - - [15/Dec/2022:09:41:11 +0800] "POST /xingrg/kc/buy/cgsh_order_operate.html HTTP/1.1" 200 2065
116.238.139.35 - - [15/Dec/2022:09:41:19 +0800] "GET /xingrg/kc/base/wldb_order_list.html HTTP/1.1" 200 19107
116.238.139.35 - - [15/Dec/2022:09:41:19 +0800] "POST /xingrg/kc/base/wldb_list_operate.html HTTP/1.1" 200 928
120.253.135.82 - - [15/Dec/2022:09:41:26 +0800] "GET /xingrg/all/function/internal_message.html?_=1671068312720&CODE_STATE=getMsg HTTP/1.1" 200 27
