180.162.115.136 - - [15/Dec/2022:12:33:32 +0800] "GET /xingrg/javascript/jquery_easy_ui/themes/default/images/tabs_close.gif HTTP/1.1" 304 -
180.162.115.136 - - [15/Dec/2022:12:33:32 +0800] "GET /xingrg/kc/buy/buy_main.html HTTP/1.1" 200 12412
180.162.115.136 - - [15/Dec/2022:12:33:32 +0800] "GET /xingrg/css/blue.css HTTP/1.1" 304 -
180.162.115.136 - - [15/Dec/2022:12:33:32 +0800] "GET /xingrg/css/new_ie.css HTTP/1.1" 404 1036
180.162.115.136 - - [15/Dec/2022:12:33:32 +0800] "GET /xingrg/javascript/jquery_ui/themes/humanity/humanity.css HTTP/1.1" 304 -
180.162.115.136 - - [15/Dec/2022:12:33:32 +0800] "GET /xingrg/javascript/pic_change.js HTTP/1.1" 304 -
180.162.115.136 - - [15/Dec/2022:12:33:32 +0800] "GET /xingrg/javascript/ToolTips.js HTTP/1.1" 304 -
180.162.115.136 - - [15/Dec/2022:12:33:32 +0800] "GET /xingrg/javascript/myfunction.js HTTP/1.1" 304 -
180.162.115.136 - - [15/Dec/2022:12:33:32 +0800] "GET /xingrg/javascript/jquery_ui/jquery-ui.min.js HTTP/1.1" 304 -
180.162.115.136 - - [15/Dec/2022:12:33:32 +0800] "GET /xingrg/images/blue/button/cgxqd.gif HTTP/1.1" 304 -
180.162.115.136 - - [15/Dec/2022:12:33:32 +0800] "GET /xingrg/images/blue/button/cgydd.gif HTTP/1.1" 304 -
180.162.115.136 - - [15/Dec/2022:12:33:32 +0800] "GET /xingrg/images/blue/button/cgshd.gif HTTP/1.1" 304 -
180.162.115.136 - - [15/Dec/2022:12:33:32 +0800] "GET /xingrg/images/blue/button/cgfkd.gif HTTP/1.1" 304 -
180.162.115.136 - - [15/Dec/2022:12:33:32 +0800] "GET /xingrg/images/blue/button/ckthd.gif HTTP/1.1" 304 -
180.162.115.136 - - [15/Dec/2022:12:33:32 +0800] "GET /xingrg/images/blue/pic_form2.gif HTTP/1.1" 304 -
180.162.115.136 - - [15/Dec/2022:12:33:32 +0800] "GET /xingrg/images/blue/button/kc.gif HTTP/1.1" 304 -
180.162.115.136 - - [15/Dec/2022:12:33:32 +0800] "GET /xingrg/javascript/jquery_ui/themes/humanity/images/ui-bg_inset-soft_100_f4f0ec_1x100.png HTTP/1.1" 304 -
180.162.115.136 - - [15/Dec/2022:12:33:32 +0800] "GET /xingrg/images/blue/bg_dotted.jpg HTTP/1.1" 304 -
180.162.115.136 - - [15/Dec/2022:12:33:32 +0800] "GET /xingrg/images/blue/button/right_ah.jpg HTTP/1.1" 304 -
180.162.115.136 - - [15/Dec/2022:12:33:32 +0800] "GET /xingrg/images/blue/button/down_ah.jpg HTTP/1.1" 304 -
180.162.115.136 - - [15/Dec/2022:12:33:33 +0800] "GET /xingrg/javascript/jquery_ui/themes/humanity/images/ui-iconsnew.jpg HTTP/1.1" 304 -
180.162.115.136 - - [15/Dec/2022:12:33:33 +0800] "GET /xingrg/javascript/jquery_ui/themes/humanity/images/ui-icons_ffffff_256x240.png HTTP/1.1" 304 -
180.162.115.136 - - [15/Dec/2022:12:33:33 +0800] "GET /xingrg/javascript/jquery_ui/themes/humanity/images/ui-icons_c47a23_256x240.png HTTP/1.1" 304 -
180.162.115.136 - - [15/Dec/2022:12:33:33 +0800] "GET /xingrg/javascript/jquery_ui/themes/humanity/images/ui-bg_glass_70_ede4d4_1x400.png HTTP/1.1" 304 -
180.162.115.136 - - [15/Dec/2022:12:33:33 +0800] "GET /xingrg/images/yd/bt.gif HTTP/1.1" 404 1040
180.162.115.136 - - [15/Dec/2022:12:33:34 +0800] "GET /xingrg/kc/buy/cgsh_order_list.html HTTP/1.1" 200 54021
180.162.115.136 - - [15/Dec/2022:12:33:34 +0800] "GET /xingrg/css/base.css HTTP/1.1" 304 -
180.162.115.136 - - [15/Dec/2022:12:33:34 +0800] "GET /xingrg/css/site.css HTTP/1.1" 304 -
180.162.115.136 - - [15/Dec/2022:12:33:34 +0800] "GET /xingrg/javascript/jquery_tools/datebox.css HTTP/1.1" 304 -
180.162.115.136 - - [15/Dec/2022:12:33:34 +0800] "GET /xingrg/javascript/easyui/themes/default/easyui.css HTTP/1.1" 304 -
180.162.115.136 - - [15/Dec/2022:12:33:34 +0800] "GET /xingrg/javascript/easyui/themes/icon.css HTTP/1.1" 304 -
180.162.115.136 - - [15/Dec/2022:12:33:34 +0800] "GET /xingrg/javascript/auto/jquery.autocomplete.css HTTP/1.1" 304 -
180.162.115.136 - - [15/Dec/2022:12:33:34 +0800] "GET /xingrg/javascript/jquery_tools/fix.css HTTP/1.1" 304 -
180.162.115.136 - - [15/Dec/2022:12:33:34 +0800] "GET /xingrg/javascript/jquery_tools/table.css HTTP/1.1" 304 -
180.162.115.136 - - [15/Dec/2022:12:33:34 +0800] "GET /xingrg/javascript/jquery_tools/jquery.tools.min.js HTTP/1.1" 304 -
180.162.115.136 - - [15/Dec/2022:12:33:34 +0800] "GET /xingrg/javascript/jquery_tools/jquery.tools.extend.js HTTP/1.1" 304 -
180.162.115.136 - - [15/Dec/2022:12:33:34 +0800] "GET /xingrg/javascript/jquery_tools/jquery.tools.hotkey.js HTTP/1.1" 304 -
180.162.115.136 - - [15/Dec/2022:12:33:34 +0800] "GET /xingrg/javascript/jquery_tools/jquery.tools.table.js HTTP/1.1" 304 -
180.162.115.136 - - [15/Dec/2022:12:33:34 +0800] "GET /xingrg/javascript/jquery_tools/list_manager.js HTTP/1.1" 304 -
180.162.115.136 - - [15/Dec/2022:12:33:34 +0800] "GET /xingrg/javascript/auto/jquery.autocomplete.js HTTP/1.1" 304 -
180.162.115.136 - - [15/Dec/2022:12:33:34 +0800] "GET /xingrg/javascript/easyui/easyloader.js HTTP/1.1" 304 -
180.162.115.136 - - [15/Dec/2022:12:33:34 +0800] "GET /xingrg/javascript/jquery.cookie.js HTTP/1.1" 304 -
180.162.115.136 - - [15/Dec/2022:12:33:34 +0800] "GET /xingrg/javascript/print/LodopFuncs.js HTTP/1.1" 304 -
180.162.115.136 - - [15/Dec/2022:12:33:35 +0800] "GET /xingrg/javascript/easyui/themes/icons/check_new.png HTTP/1.1" 304 -
180.162.115.136 - - [15/Dec/2022:12:33:35 +0800] "GET /xingrg/javascript/easyui/themes/icons/cance_new.png HTTP/1.1" 304 -
180.162.115.136 - - [15/Dec/2022:12:33:35 +0800] "GET /xingrg/javascript/easyui/themes/icons/edit_add_new.png HTTP/1.1" 304 -
180.162.115.136 - - [15/Dec/2022:12:33:35 +0800] "GET /xingrg/javascript/easyui/themes/icons/field_new.png HTTP/1.1" 304 -
180.162.115.136 - - [15/Dec/2022:12:33:35 +0800] "GET /xingrg/javascript/easyui/themes/icons/import_new.png HTTP/1.1" 304 -
180.162.115.136 - - [15/Dec/2022:12:33:35 +0800] "GET /xingrg/javascript/easyui/plugins/jquery.parser.js HTTP/1.1" 304 -
180.162.115.136 - - [15/Dec/2022:12:33:35 +0800] "GET /xingrg/images/control/ajaxLoader.gif HTTP/1.1" 304 -
116.230.105.139 - - [15/Dec/2022:12:33:37 +0800] "GET /xingrg/all/function/internal_message.html?_=1671078828619&CODE_STATE=getMsg HTTP/1.1" 200 27
180.162.115.136 - - [15/Dec/2022:12:33:38 +0800] "POST /xingrg/kc/buy/cgsh_list_operate.html HTTP/1.1" 200 2319
180.162.115.136 - - [15/Dec/2022:12:33:41 +0800] "POST /xingrg/kc/buy/cgsh_list_operate.html HTTP/1.1" 200 576
180.162.115.136 - - [15/Dec/2022:12:33:41 +0800] "GET /xingrg/javascript/jquery_tools/order_manager.js HTTP/1.1" 304 -
180.162.115.136 - - [15/Dec/2022:12:33:42 +0800] "GET /xingrg/javascript/convert.js HTTP/1.1" 304 -
180.162.115.136 - - [15/Dec/2022:12:33:42 +0800] "GET /xingrg/javascript/json2.js HTTP/1.1" 304 -
180.162.115.136 - - [15/Dec/2022:12:33:42 +0800] "GET /xingrg/javascript/print/kc_print.js HTTP/1.1" 304 -
180.162.115.136 - - [15/Dec/2022:12:33:42 +0800] "GET /xingrg/kc/buy/cgsh_order_info.html?code=212022120802049 HTTP/1.1" 200 68884
180.162.115.136 - - [15/Dec/2022:12:33:42 +0800] "GET /xingrg/words/20221215111312_words.js HTTP/1.1" 200 938090
180.162.115.136 - - [15/Dec/2022:12:33:42 +0800] "GET /xingrg/javascript/easyui/themes/icons/cancel.png HTTP/1.1" 304 -
180.162.115.136 - - [15/Dec/2022:12:33:42 +0800] "GET /xingrg/javascript/easyui/themes/default/images/menu_downarrow.png HTTP/1.1" 304 -
180.162.115.136 - - [15/Dec/2022:12:33:42 +0800] "GET /xingrg/javascript/easyui/themes/icons/print.png HTTP/1.1" 304 -
180.162.115.136 - - [15/Dec/2022:12:33:42 +0800] "GET /xingrg/javascript/easyui/themes/icons/ok.png HTTP/1.1" 304 -
180.162.115.136 - - [15/Dec/2022:12:33:42 +0800] "GET /xingrg/javascript/easyui/themes/icons/template_new.png HTTP/1.1" 304 -
180.162.115.136 - - [15/Dec/2022:12:33:42 +0800] "GET /xingrg/javascript/easyui/themes/icons/copy_new.png HTTP/1.1" 304 -
180.162.115.136 - - [15/Dec/2022:12:33:43 +0800] "GET /xingrg/all/common/auto_word.html?type=employee&rest_code=00143 HTTP/1.1" 200 55
180.162.115.136 - - [15/Dec/2022:12:33:43 +0800] "GET /xingrg/all/common/auto_word.html?type=employee&rest_code=00143 HTTP/1.1" 200 55
180.162.115.136 - - [15/Dec/2022:12:33:43 +0800] "GET /xingrg/javascript/easyui/themes/default/validatebox.css HTTP/1.1" 404 1104
180.162.115.136 - - [15/Dec/2022:12:33:43 +0800] "GET /xingrg/javascript/easyui/plugins/jquery.validatebox.js HTTP/1.1" 304 -
180.162.115.136 - - [15/Dec/2022:12:33:43 +0800] "GET /xingrg/javascript/easyui/plugins/jquery.numberbox.js HTTP/1.1" 304 -
180.162.115.136 - - [15/Dec/2022:12:33:43 +0800] "POST /xingrg/kc/buy/cgsh_order_operate.html HTTP/1.1" 200 13918
180.162.115.136 - - [15/Dec/2022:12:33:44 +0800] "GET /xingrg/javascript/easyui/themes/icons/edit_remove.png HTTP/1.1" 304 -
114.88.159.190 - - [15/Dec/2022:12:33:45 +0800] "GET /xingrg/check_reg.html?_=1671078437549 HTTP/1.1" 200 22
114.88.159.190 - - [15/Dec/2022:12:33:45 +0800] "GET /xingrg/all/function/internal_message.html?_=1671078437551&CODE_STATE=getMsg HTTP/1.1" 200 27
116.238.139.35 - - [15/Dec/2022:12:33:47 +0800] "GET /xingrg/all/function/internal_message.html?_=1671078848170&CODE_STATE=getMsg HTTP/1.1" 200 27
180.169.147.146 - - [15/Dec/2022:12:33:47 +0800] "GET /xingrg/all/function/internal_message.html?_=1671078846613&CODE_STATE=getMsg HTTP/1.1" 200 27
114.84.38.109 - - [15/Dec/2022:12:33:48 +0800] "GET /xingrg/check_reg.html?_=1671078861897 HTTP/1.1" 200 22
180.162.115.136 - - [15/Dec/2022:12:33:48 +0800] "GET /xingrg/javascript/auto/indicator.gif HTTP/1.1" 404 1066
114.84.38.109 - - [15/Dec/2022:12:33:48 +0800] "GET /xingrg/all/function/internal_message.html?_=1671078861994&CODE_STATE=getMsg HTTP/1.1" 200 27
120.253.135.82 - - [15/Dec/2022:12:33:49 +0800] "GET /xingrg/kc/buy/cgsh_order_operate.html?command=get_materiel&rest_code=00101&code=00102002233&supplier_code=00100145&order_time=2022-12-15 HTTP/1.1" 200 439
101.80.228.88 - - [15/Dec/2022:12:33:50 +0800] "GET /xingrg/all/function/internal_message.html?_=1671078850122&CODE_STATE=getMsg HTTP/1.1" 200 27
120.253.135.82 - - [15/Dec/2022:12:33:52 +0800] "GET /xingrg/all/function/internal_message.html?_=1671078657381&CODE_STATE=getMsg HTTP/1.1" 200 27
222.70.177.10 - - [15/Dec/2022:12:33:54 +0800] "GET /xingrg/all/function/internal_message.html?_=1671078851723&CODE_STATE=getMsg HTTP/1.1" 200 27
180.162.115.136 - - [15/Dec/2022:12:33:54 +0800] "GET /xingrg/kc/buy/cgsh_order_operate.html?command=get_materiel&rest_code=00143&code=00101002017&supplier_code=00100207&order_time=2022-12-14 HTTP/1.1" 200 429
116.237.75.219 - - [15/Dec/2022:12:33:58 +0800] "GET /xingrg/all/function/internal_message.html?_=1671078858975&CODE_STATE=getMsg HTTP/1.1" 200 27
180.162.115.136 - - [15/Dec/2022:12:34:06 +0800] "GET /xingrg/javascript/jquery_tools/images/prev.gif HTTP/1.1" 404 1086
180.162.115.136 - - [15/Dec/2022:12:34:06 +0800] "GET /xingrg/javascript/jquery_tools/images/next.gif HTTP/1.1" 404 1086
124.79.245.154 - - [15/Dec/2022:12:34:08 +0800] "GET /xingrg/all/function/internal_message.html?_=1671079094457&CODE_STATE=getMsg HTTP/1.1" 200 27
114.84.171.155 - - [15/Dec/2022:12:34:09 +0800] "GET /xingrg/all/function/internal_message.html?_=1671078868083&CODE_STATE=getMsg HTTP/1.1" 200 27
180.162.115.136 - - [15/Dec/2022:12:34:09 +0800] "GET /xingrg/javascript/easyui/themes/default/images/button_plain_hover.png HTTP/1.1" 304 -
116.238.139.35 - - [15/Dec/2022:12:34:13 +0800] "GET /xingrg/all/function/internal_message.html?_=1671078806979&CODE_STATE=getMsg HTTP/1.1" 200 27
114.83.222.182 - - [15/Dec/2022:12:34:13 +0800] "GET /xingrg/all/function/internal_message.html?_=1671078934942&CODE_STATE=getMsg HTTP/1.1" 200 27
180.162.115.136 - - [15/Dec/2022:12:34:19 +0800] "POST /xingrg/kc/buy/cgsh_order_operate.html HTTP/1.1" 200 37
180.162.115.136 - - [15/Dec/2022:12:34:21 +0800] "POST /xingrg/kc/buy/cgsh_order_operate.html HTTP/1.1" 200 14507
180.169.147.146 - - [15/Dec/2022:12:34:26 +0800] "GET /xingrg/all/function/internal_message.html?_=1671078883084&CODE_STATE=getMsg HTTP/1.1" 200 27
114.83.220.141 - - [15/Dec/2022:12:34:26 +0800] "GET /xingrg/all/function/internal_message.html?_=1671078884122&CODE_STATE=getMsg HTTP/1.1" 200 27
116.230.105.139 - - [15/Dec/2022:12:34:27 +0800] "GET /xingrg/all/function/internal_message.html?_=1671078886641&CODE_STATE=getMsg HTTP/1.1" 200 27
180.169.147.146 - - [15/Dec/2022:12:34:27 +0800] "GET /xingrg/check_reg.html?_=1671078884693 HTTP/1.1" 200 22
101.83.146.103 - - [15/Dec/2022:12:34:29 +0800] "GET /xingrg/all/function/internal_message.html?_=1671078736190&CODE_STATE=getMsg HTTP/1.1" 200 27
180.162.115.136 - - [15/Dec/2022:12:34:31 +0800] "GET /xingrg/all/function/internal_message.html?_=1671077901712&CODE_STATE=getMsg HTTP/1.1" 200 27
114.84.81.136 - - [15/Dec/2022:12:34:32 +0800] "GET /xingrg/all/function/internal_message.html?_=1671078891542&CODE_STATE=getMsg HTTP/1.1" 200 27
120.253.135.82 - - [15/Dec/2022:12:34:33 +0800] "GET /xingrg/kc/buy/cgsh_order_operate.html?command=get_materiel&rest_code=00101&code=00102002493&supplier_code=00100145&order_time=2022-12-15 HTTP/1.1" 200 445
116.230.105.139 - - [15/Dec/2022:12:34:37 +0800] "GET /xingrg/all/function/internal_message.html?_=1671078888616&CODE_STATE=getMsg HTTP/1.1" 200 27
120.253.135.82 - - [15/Dec/2022:12:34:41 +0800] "GET /xingrg/check_reg.html?_=1671078706927 HTTP/1.1" 200 22
114.88.159.190 - - [15/Dec/2022:12:34:45 +0800] "GET /xingrg/all/function/internal_message.html?_=1671078497559&CODE_STATE=getMsg HTTP/1.1" 200 27
116.238.139.35 - - [15/Dec/2022:12:34:47 +0800] "GET /xingrg/all/function/internal_message.html?_=1671078908171&CODE_STATE=getMsg HTTP/1.1" 200 27
180.169.147.146 - - [15/Dec/2022:12:34:47 +0800] "GET /xingrg/all/function/internal_message.html?_=1671078906616&CODE_STATE=getMsg HTTP/1.1" 200 27
114.84.38.109 - - [15/Dec/2022:12:34:48 +0800] "GET /xingrg/all/function/internal_message.html?_=1671078922008&CODE_STATE=getMsg HTTP/1.1" 200 27
101.80.228.88 - - [15/Dec/2022:12:34:50 +0800] "GET /xingrg/all/function/internal_message.html?_=1671078910110&CODE_STATE=getMsg HTTP/1.1" 200 27
120.253.135.82 - - [15/Dec/2022:12:34:52 +0800] "GET /xingrg/all/function/internal_message.html?_=1671078717394&CODE_STATE=getMsg HTTP/1.1" 200 27
222.70.177.10 - - [15/Dec/2022:12:34:54 +0800] "GET /xingrg/all/function/internal_message.html?_=1671078911723&CODE_STATE=getMsg HTTP/1.1" 200 27
116.237.75.219 - - [15/Dec/2022:12:34:58 +0800] "GET /xingrg/check_reg.html?_=1671078918975 HTTP/1.1" 200 22
116.237.75.219 - - [15/Dec/2022:12:34:58 +0800] "GET /xingrg/all/function/internal_message.html?_=1671078918978&CODE_STATE=getMsg HTTP/1.1" 200 27
180.162.115.136 - - [15/Dec/2022:12:35:07 +0800] "GET /xingrg/javascript/jquery_easy_ui/themes/default/images/tabs_active.png HTTP/1.1" 304 -
124.79.245.154 - - [15/Dec/2022:12:35:08 +0800] "GET /xingrg/all/function/internal_message.html?_=1671079154455&CODE_STATE=getMsg HTTP/1.1" 200 27
114.84.171.155 - - [15/Dec/2022:12:35:09 +0800] "GET /xingrg/all/function/internal_message.html?_=1671078928088&CODE_STATE=getMsg HTTP/1.1" 200 27
116.238.139.35 - - [15/Dec/2022:12:35:13 +0800] "GET /xingrg/all/function/internal_message.html?_=1671078866981&CODE_STATE=getMsg HTTP/1.1" 200 27
114.83.222.182 - - [15/Dec/2022:12:35:13 +0800] "GET /xingrg/all/function/internal_message.html?_=1671078994928&CODE_STATE=getMsg HTTP/1.1" 200 27
180.162.115.136 - - [15/Dec/2022:12:35:14 +0800] "POST /xingrg/kc/buy/cgsh_list_operate.html HTTP/1.1" 200 2319
120.253.135.82 - - [15/Dec/2022:12:35:15 +0800] "GET /xingrg/kc/buy/cgsh_order_operate.html?command=get_materiel&rest_code=00101&code=00102015055&supplier_code=00100145&order_time=2022-12-15 HTTP/1.1" 200 436
180.162.115.136 - - [15/Dec/2022:12:35:18 +0800] "GET /xingrg/kc/buy/cgsh_order_add.html HTTP/1.1" 200 68877
180.162.115.136 - - [15/Dec/2022:12:35:18 +0800] "POST /xingrg/kc/buy/cgsh_order_operate.html HTTP/1.1" 200 8245
180.162.115.136 - - [15/Dec/2022:12:35:18 +0800] "GET /xingrg/javascript/easyui/themes/default/validatebox.css HTTP/1.1" 404 1104
180.162.115.136 - - [15/Dec/2022:12:35:19 +0800] "GET /xingrg/javascript/easyui/plugins/jquery.draggable.js HTTP/1.1" 304 -
180.162.115.136 - - [15/Dec/2022:12:35:19 +0800] "GET /xingrg/css/images/panel_loading.gif HTTP/1.1" 304 -
180.162.115.136 - - [15/Dec/2022:12:35:20 +0800] "GET /xingrg/javascript/easyui/plugins/jquery.droppable.js HTTP/1.1" 304 -
180.162.115.136 - - [15/Dec/2022:12:35:20 +0800] "GET /xingrg/javascript/easyui/themes/default/tree.css HTTP/1.1" 404 1090
180.162.115.136 - - [15/Dec/2022:12:35:20 +0800] "GET /xingrg/javascript/easyui/plugins/jquery.tree.js HTTP/1.1" 304 -
180.162.115.136 - - [15/Dec/2022:12:35:20 +0800] "POST /xingrg/all/common/load_tree.html?tree=supplier_tree_json&isDelete=1 HTTP/1.1" 200 70739
180.162.115.136 - - [15/Dec/2022:12:35:21 +0800] "GET /xingrg/javascript/easyui/themes/default/images/tree_arrows.gif HTTP/1.1" 304 -
180.162.115.136 - - [15/Dec/2022:12:35:21 +0800] "GET /xingrg/javascript/easyui/themes/default/images/tree_folder_open.gif HTTP/1.1" 304 -
180.162.115.136 - - [15/Dec/2022:12:35:21 +0800] "GET /xingrg/javascript/easyui/themes/default/images/tree_folder.gif HTTP/1.1" 304 -
180.162.115.136 - - [15/Dec/2022:12:35:21 +0800] "GET /xingrg/javascript/easyui/themes/default/images/tree_file.gif HTTP/1.1" 304 -
180.169.147.146 - - [15/Dec/2022:12:35:26 +0800] "GET /xingrg/all/function/internal_message.html?_=1671078943069&CODE_STATE=getMsg HTTP/1.1" 200 27
114.83.220.141 - - [15/Dec/2022:12:35:26 +0800] "GET /xingrg/all/function/internal_message.html?_=1671078944104&CODE_STATE=getMsg HTTP/1.1" 200 27
116.230.105.139 - - [15/Dec/2022:12:35:27 +0800] "GET /xingrg/all/function/internal_message.html?_=1671078946637&CODE_STATE=getMsg HTTP/1.1" 200 27
101.83.146.103 - - [15/Dec/2022:12:35:29 +0800] "GET /xingrg/all/function/internal_message.html?_=1671078796191&CODE_STATE=getMsg HTTP/1.1" 200 27
180.162.115.136 - - [15/Dec/2022:12:35:31 +0800] "GET /xingrg/all/function/internal_message.html?_=1671077961705&CODE_STATE=getMsg HTTP/1.1" 200 27
114.84.81.136 - - [15/Dec/2022:12:35:32 +0800] "GET /xingrg/all/function/internal_message.html?_=1671078951541&CODE_STATE=getMsg HTTP/1.1" 200 27
120.253.135.82 - - [15/Dec/2022:12:35:33 +0800] "POST /xingrg/kc/buy/cgsh_order_operate.html HTTP/1.1" 200 37
120.253.135.82 - - [15/Dec/2022:12:35:35 +0800] "POST /xingrg/kc/buy/cgsh_order_operate.html HTTP/1.1" 200 5114
116.230.105.139 - - [15/Dec/2022:12:35:38 +0800] "GET /xingrg/all/function/internal_message.html?_=1671078948633&CODE_STATE=getMsg HTTP/1.1" 200 27
114.88.159.190 - - [15/Dec/2022:12:35:45 +0800] "GET /xingrg/all/function/internal_message.html?_=1671078557587&CODE_STATE=getMsg HTTP/1.1" 200 27
180.162.115.136 - - [15/Dec/2022:12:35:47 +0800] "GET /xingrg/kc/buy/cgsh_order_operate.html?command=get_materiel&rest_code=00143&code=00101028002&supplier_code=00100156&order_time=2022-12-15 HTTP/1.1" 200 477
116.238.139.35 - - [15/Dec/2022:12:35:47 +0800] "GET /xingrg/all/function/internal_message.html?_=1671078968182&CODE_STATE=getMsg HTTP/1.1" 200 27
180.169.147.146 - - [15/Dec/2022:12:35:47 +0800] "GET /xingrg/all/function/internal_message.html?_=1671078966618&CODE_STATE=getMsg HTTP/1.1" 200 27
114.84.38.109 - - [15/Dec/2022:12:35:48 +0800] "GET /xingrg/all/function/internal_message.html?_=1671078982020&CODE_STATE=getMsg HTTP/1.1" 200 27
116.238.139.35 - - [15/Dec/2022:12:35:50 +0800] "GET /xingrg/words/20221215111312_words.js HTTP/1.1" 304 -
116.238.139.35 - - [15/Dec/2022:12:35:50 +0800] "GET /xingrg/kc/buy/cgsh_order_add.html HTTP/1.1" 200 69394
101.80.228.88 - - [15/Dec/2022:12:35:50 +0800] "GET /xingrg/all/function/internal_message.html?_=1671078970116&CODE_STATE=getMsg HTTP/1.1" 200 27
116.238.139.35 - - [15/Dec/2022:12:35:51 +0800] "GET /xingrg/javascript/easyui/themes/default/validatebox.css HTTP/1.1" 404 1104
116.238.139.35 - - [15/Dec/2022:12:35:51 +0800] "POST /xingrg/kc/buy/cgsh_order_operate.html HTTP/1.1" 200 8245
120.253.135.82 - - [15/Dec/2022:12:35:51 +0800] "POST /xingrg/kc/buy/cgsh_order_operate.html HTTP/1.1" 200 37
180.162.115.136 - - [15/Dec/2022:12:35:51 +0800] "POST /xingrg/all/common/load_select.html HTTP/1.1" 200 25
120.253.135.82 - - [15/Dec/2022:12:35:52 +0800] "GET /xingrg/all/function/internal_message.html?_=1671078777408&CODE_STATE=getMsg HTTP/1.1" 200 27
120.253.135.82 - - [15/Dec/2022:12:35:52 +0800] "POST /xingrg/kc/buy/cgsh_order_operate.html HTTP/1.1" 200 5114
120.253.135.82 - - [15/Dec/2022:12:35:54 +0800] "GET /xingrg/kc/print/load_data.html?order_code=212022121504389&kc_code=cgsh&condition= HTTP/1.1" 200 1733
222.70.177.10 - - [15/Dec/2022:12:35:54 +0800] "GET /xingrg/all/function/internal_message.html?_=1671078971738&CODE_STATE=getMsg HTTP/1.1" 200 27
180.162.115.136 - - [15/Dec/2022:12:35:55 +0800] "GET /xingrg/kc/buy/cgsh_order_operate.html?command=get_materiel_price&rest_code=00143&code=00101028002&unit_code=00100157&supplier_code=00100156&order_time=2022-12-15 HTTP/1.1" 200 29
116.237.75.219 - - [15/Dec/2022:12:35:58 +0800] "GET /xingrg/all/function/internal_message.html?_=1671078978979&CODE_STATE=getMsg HTTP/1.1" 200 27
124.79.245.154 - - [15/Dec/2022:12:36:08 +0800] "GET /xingrg/check_reg.html?_=1671079214454 HTTP/1.1" 200 22
124.79.245.154 - - [15/Dec/2022:12:36:08 +0800] "GET /xingrg/all/function/internal_message.html?_=1671079214455&CODE_STATE=getMsg HTTP/1.1" 200 27
114.84.171.155 - - [15/Dec/2022:12:36:09 +0800] "GET /xingrg/all/function/internal_message.html?_=1671078988086&CODE_STATE=getMsg HTTP/1.1" 200 27
116.238.139.35 - - [15/Dec/2022:12:36:13 +0800] "GET /xingrg/all/function/internal_message.html?_=1671078927007&CODE_STATE=getMsg HTTP/1.1" 200 27
114.83.222.182 - - [15/Dec/2022:12:36:13 +0800] "GET /xingrg/all/function/internal_message.html?_=1671079054935&CODE_STATE=getMsg HTTP/1.1" 200 27
180.162.115.136 - - [15/Dec/2022:12:36:18 +0800] "GET /xingrg/kc/buy/cgsh_order_operate.html?command=get_materiel&rest_code=00143&code=00101029002&supplier_code=00100156&order_time=2022-12-15 HTTP/1.1" 200 470
180.162.115.136 - - [15/Dec/2022:12:36:24 +0800] "POST /xingrg/all/common/load_select.html HTTP/1.1" 200 25
180.169.147.146 - - [15/Dec/2022:12:36:26 +0800] "GET /xingrg/all/function/internal_message.html?_=1671079003054&CODE_STATE=getMsg HTTP/1.1" 200 27
114.83.220.141 - - [15/Dec/2022:12:36:26 +0800] "GET /xingrg/all/function/internal_message.html?_=1671079004079&CODE_STATE=getMsg HTTP/1.1" 200 27
116.230.105.139 - - [15/Dec/2022:12:36:27 +0800] "GET /xingrg/all/function/internal_message.html?_=1671079006646&CODE_STATE=getMsg HTTP/1.1" 200 27
180.162.115.136 - - [15/Dec/2022:12:36:29 +0800] "GET /xingrg/kc/buy/cgsh_order_operate.html?command=get_materiel_price&rest_code=00143&code=00101029002&unit_code=00100157&supplier_code=00100156&order_time=2022-12-15 HTTP/1.1" 200 29
101.83.146.103 - - [15/Dec/2022:12:36:29 +0800] "GET /xingrg/all/function/internal_message.html?_=1671078856177&CODE_STATE=getMsg HTTP/1.1" 200 27
180.162.115.136 - - [15/Dec/2022:12:36:31 +0800] "GET /xingrg/all/function/internal_message.html?_=1671078021690&CODE_STATE=getMsg HTTP/1.1" 200 27
114.84.81.136 - - [15/Dec/2022:12:36:32 +0800] "GET /xingrg/all/function/internal_message.html?_=1671079011536&CODE_STATE=getMsg HTTP/1.1" 200 27
116.238.139.35 - - [15/Dec/2022:12:36:36 +0800] "GET /xingrg/kc/buy/cgsh_order_operate.html?command=get_materiel&rest_code=00151&code=00101018011&supplier_code=00100330&order_time=2022-12-15 HTTP/1.1" 200 413
116.230.105.139 - - [15/Dec/2022:12:36:38 +0800] "GET /xingrg/all/function/internal_message.html?_=1671079008626&CODE_STATE=getMsg HTTP/1.1" 200 27
114.88.159.190 - - [15/Dec/2022:12:36:45 +0800] "GET /xingrg/all/function/internal_message.html?_=1671078617588&CODE_STATE=getMsg HTTP/1.1" 200 27
116.238.139.35 - - [15/Dec/2022:12:36:47 +0800] "GET /xingrg/check_reg.html?_=1671079028176 HTTP/1.1" 200 22
116.238.139.35 - - [15/Dec/2022:12:36:47 +0800] "GET /xingrg/all/function/internal_message.html?_=1671079028179&CODE_STATE=getMsg HTTP/1.1" 200 27
180.169.147.146 - - [15/Dec/2022:12:36:47 +0800] "GET /xingrg/check_reg.html?_=1671079026625 HTTP/1.1" 200 22
180.169.147.146 - - [15/Dec/2022:12:36:47 +0800] "GET /xingrg/all/function/internal_message.html?_=1671079026624&CODE_STATE=getMsg HTTP/1.1" 200 27
116.238.139.35 - - [15/Dec/2022:12:36:48 +0800] "POST /xingrg/kc/buy/cgsh_order_operate.html HTTP/1.1" 200 37
114.84.38.109 - - [15/Dec/2022:12:36:49 +0800] "GET /xingrg/all/function/internal_message.html?_=1671079042823&CODE_STATE=getMsg HTTP/1.1" 200 27
101.80.228.88 - - [15/Dec/2022:12:36:50 +0800] "GET /xingrg/all/function/internal_message.html?_=1671079030118&CODE_STATE=getMsg HTTP/1.1" 200 27
101.80.228.88 - - [15/Dec/2022:12:36:50 +0800] "GET /xingrg/check_reg.html?_=1671079030125 HTTP/1.1" 200 22
116.238.139.35 - - [15/Dec/2022:12:36:52 +0800] "POST /xingrg/kc/buy/cgsh_order_operate.html HTTP/1.1" 200 12
120.253.135.82 - - [15/Dec/2022:12:36:52 +0800] "GET /xingrg/all/function/internal_message.html?_=1671078837602&CODE_STATE=getMsg HTTP/1.1" 200 27
116.238.139.35 - - [15/Dec/2022:12:36:54 +0800] "GET /xingrg/kc/buy/cgsh_order_info.html?code=212022121504390 HTTP/1.1" 200 64303
116.238.139.35 - - [15/Dec/2022:12:36:54 +0800] "GET /xingrg/javascript/easyui/themes/default/validatebox.css HTTP/1.1" 404 1104
222.70.177.10 - - [15/Dec/2022:12:36:54 +0800] "GET /xingrg/all/function/internal_message.html?_=1671079031723&CODE_STATE=getMsg HTTP/1.1" 200 27
116.238.139.35 - - [15/Dec/2022:12:36:55 +0800] "POST /xingrg/kc/buy/cgsh_order_operate.html HTTP/1.1" 200 615
116.238.139.35 - - [15/Dec/2022:12:36:56 +0800] "GET /xingrg/kc/print/load_data.html?order_code=212022121504390&kc_code=cgsh&condition= HTTP/1.1" 200 718
180.162.115.136 - - [15/Dec/2022:12:36:58 +0800] "GET /xingrg/kc/buy/cgsh_order_operate.html?command=get_materiel&rest_code=00143&code=00101029003&supplier_code=00100156&order_time=2022-12-15 HTTP/1.1" 200 476
116.237.75.219 - - [15/Dec/2022:12:36:58 +0800] "GET /xingrg/all/function/internal_message.html?_=1671079038980&CODE_STATE=getMsg HTTP/1.1" 200 27
180.162.115.136 - - [15/Dec/2022:12:37:00 +0800] "POST /xingrg/all/common/load_select.html HTTP/1.1" 200 25
116.238.139.35 - - [15/Dec/2022:12:37:00 +0800] "GET /xingrg/check_reg.html?_=1671078973654 HTTP/1.1" 200 22
116.238.139.35 - - [15/Dec/2022:12:37:02 +0800] "POST /xingrg/all/user/operate.html HTTP/1.1" 200 36
116.238.139.35 - - [15/Dec/2022:12:37:03 +0800] "GET /xingrg/index.html?sysBaseUrl=http%3A%2F%2F180.169.147.146%3A18081%2Fxingrg%2F&costTime=39×tamp=1671018582334 HTTP/1.1" 200 17179
116.238.139.35 - - [15/Dec/2022:12:37:03 +0800] "GET /xingrg/javascript/jquery_easy_ui/themes/default/easyui.css HTTP/1.1" 304 -
116.238.139.35 - - [15/Dec/2022:12:37:03 +0800] "GET /xingrg/javascript/jquery_easy_ui/themes/icon.css HTTP/1.1" 304 -
116.238.139.35 - - [15/Dec/2022:12:37:03 +0800] "GET /xingrg/css/form.css HTTP/1.1" 304 -
116.238.139.35 - - [15/Dec/2022:12:37:03 +0800] "GET /xingrg/javascript/jquery-1.4.2.min.js HTTP/1.1" 304 -
116.238.139.35 - - [15/Dec/2022:12:37:03 +0800] "GET /xingrg/javascript/jquery_easy_ui/jquery.easyui.min.js HTTP/1.1" 304 -
116.238.139.35 - - [15/Dec/2022:12:37:03 +0800] "GET /xingrg/javascript/jquery_easy_ui/easyui-lang-zh_CN.js HTTP/1.1" 304 -
116.238.139.35 - - [15/Dec/2022:12:37:03 +0800] "GET /xingrg/javascript/jquery.form.js HTTP/1.1" 304 -
120.253.135.82 - - [15/Dec/2022:12:37:03 +0800] "POST /xingrg/kc/buy/cgsh_order_operate.html HTTP/1.1" 200 37
116.238.139.35 - - [15/Dec/2022:12:37:03 +0800] "GET /xingrg/javascript/jquery.utils.js HTTP/1.1" 304 -
116.238.139.35 - - [15/Dec/2022:12:37:03 +0800] "GET /xingrg/javascript/jquery.timers.js HTTP/1.1" 304 -
116.238.139.35 - - [15/Dec/2022:12:37:03 +0800] "GET /xingrg/images/blue/jxLogo.png HTTP/1.1" 304 -
116.238.139.35 - - [15/Dec/2022:12:37:03 +0800] "GET /xingrg/images/blue/navBackgound.jpg HTTP/1.1" 304 -
116.238.139.35 - - [15/Dec/2022:12:37:03 +0800] "GET /xingrg/javascript/jquery_easy_ui/themes/icons/settle_new.png HTTP/1.1" 304 -
116.238.139.35 - - [15/Dec/2022:12:37:03 +0800] "POST /xingrg/all/common/load_tree.html?tree=area_rest_tree_json&manage=1 HTTP/1.1" 200 476
116.238.139.35 - - [15/Dec/2022:12:37:03 +0800] "GET /xingrg/all/function/internal_message.html?_=1671079043998&CODE_STATE=count HTTP/1.1" 200 11
116.238.139.35 - - [15/Dec/2022:12:37:03 +0800] "GET /xingrg/check_reg.html?_=1671079044000 HTTP/1.1" 200 22
116.238.139.35 - - [15/Dec/2022:12:37:03 +0800] "GET /xingrg/images/blue/pingpu.png HTTP/1.1" 304 -
116.238.139.35 - - [15/Dec/2022:12:37:03 +0800] "GET /xingrg/javascript/jquery_easy_ui/themes/default/images/tabs_rightarrow.png HTTP/1.1" 304 -
116.238.139.35 - - [15/Dec/2022:12:37:03 +0800] "GET /xingrg/javascript/jquery_easy_ui/themes/default/images/tabs_leftarrow.png HTTP/1.1" 304 -
116.238.139.35 - - [15/Dec/2022:12:37:03 +0800] "GET /xingrg/javascript/jquery_easy_ui/themes/default/images/panel_tool_collapse.gif HTTP/1.1" 304 -
116.238.139.35 - - [15/Dec/2022:12:37:03 +0800] "POST /xingrg/load_menu.html HTTP/1.1" 200 5138
180.162.115.136 - - [15/Dec/2022:12:37:04 +0800] "GET /xingrg/kc/buy/cgsh_order_operate.html?command=get_materiel_price&rest_code=00143&code=00101029003&unit_code=00100179&supplier_code=00100156&order_time=2022-12-15 HTTP/1.1" 200 29
116.238.139.35 - - [15/Dec/2022:12:37:06 +0800] "GET /xingrg/kc/buy/cgsh_order_list.html HTTP/1.1" 200 54021
116.238.139.35 - - [15/Dec/2022:12:37:07 +0800] "POST /xingrg/kc/buy/cgsh_list_operate.html HTTP/1.1" 200 986
124.79.245.154 - - [15/Dec/2022:12:37:08 +0800] "GET /xingrg/all/function/internal_message.html?_=1671079274453&CODE_STATE=getMsg HTTP/1.1" 200 27
116.238.139.35 - - [15/Dec/2022:12:37:09 +0800] "GET /xingrg/javascript/jquery_tools/images/next.gif HTTP/1.1" 404 1086
116.238.139.35 - - [15/Dec/2022:12:37:09 +0800] "GET /xingrg/javascript/jquery_tools/images/prev.gif HTTP/1.1" 404 1086
114.84.171.155 - - [15/Dec/2022:12:37:09 +0800] "GET /xingrg/check_reg.html?_=1671079048087 HTTP/1.1" 200 22
114.84.171.155 - - [15/Dec/2022:12:37:09 +0800] "GET /xingrg/all/function/internal_message.html?_=1671079048090&CODE_STATE=getMsg HTTP/1.1" 200 27
116.238.139.35 - - [15/Dec/2022:12:37:13 +0800] "GET /xingrg/all/function/internal_message.html?_=1671078987008&CODE_STATE=getMsg HTTP/1.1" 200 27
114.83.222.182 - - [15/Dec/2022:12:37:13 +0800] "GET /xingrg/all/function/internal_message.html?_=1671079114946&CODE_STATE=getMsg HTTP/1.1" 200 27
114.83.222.182 - - [15/Dec/2022:12:37:13 +0800] "GET /xingrg/check_reg.html?_=1671079114947 HTTP/1.1" 200 22
116.238.139.35 - - [15/Dec/2022:12:37:15 +0800] "GET /xingrg/javascript/auto/indicator.gif HTTP/1.1" 404 1066
116.238.139.35 - - [15/Dec/2022:12:37:20 +0800] "POST /xingrg/kc/buy/cgsh_list_operate.html HTTP/1.1" 200 1899
116.238.139.35 - - [15/Dec/2022:12:37:21 +0800] "POST /xingrg/kc/buy/cgsh_list_operate.html HTTP/1.1" 200 201
116.238.139.35 - - [15/Dec/2022:12:37:22 +0800] "GET /xingrg/kc/buy/cgsh_order_info.html?code=212022121504359 HTTP/1.1" 200 64705
116.238.139.35 - - [15/Dec/2022:12:37:23 +0800] "GET /xingrg/javascript/easyui/themes/default/validatebox.css HTTP/1.1" 404 1104
116.238.139.35 - - [15/Dec/2022:12:37:23 +0800] "POST /xingrg/kc/buy/cgsh_order_operate.html HTTP/1.1" 200 606
180.169.147.146 - - [15/Dec/2022:12:37:26 +0800] "GET /xingrg/all/function/internal_message.html?_=1671079063037&CODE_STATE=getMsg HTTP/1.1" 200 27
114.83.220.141 - - [15/Dec/2022:12:37:26 +0800] "GET /xingrg/all/function/internal_message.html?_=1671079064068&CODE_STATE=getMsg HTTP/1.1" 200 27
116.230.105.139 - - [15/Dec/2022:12:37:27 +0800] "GET /xingrg/check_reg.html?_=1671079066662 HTTP/1.1" 200 22
116.230.105.139 - - [15/Dec/2022:12:37:27 +0800] "GET /xingrg/all/function/internal_message.html?_=1671079066668&CODE_STATE=getMsg HTTP/1.1" 200 27
120.253.135.82 - - [15/Dec/2022:12:37:27 +0800] "POST /xingrg/kc/buy/cgsh_order_operate.html HTTP/1.1" 200 12
114.83.220.141 - - [15/Dec/2022:12:37:28 +0800] "GET /xingrg/check_reg.html?_=1671079066811 HTTP/1.1" 200 22
116.238.139.35 - - [15/Dec/2022:12:37:28 +0800] "POST /xingrg/kc/buy/cgsh_order_operate.html HTTP/1.1" 200 12
101.83.146.103 - - [15/Dec/2022:12:37:29 +0800] "GET /xingrg/all/function/internal_message.html?_=1671078916178&CODE_STATE=getMsg HTTP/1.1" 200 27
101.83.146.103 - - [15/Dec/2022:12:37:29 +0800] "GET /xingrg/check_reg.html?_=1671078916181 HTTP/1.1" 200 22
116.238.139.35 - - [15/Dec/2022:12:37:29 +0800] "GET /xingrg/kc/buy/cgsh_order_info.html?code=212022121504359 HTTP/1.1" 200 69812
116.238.139.35 - - [15/Dec/2022:12:37:30 +0800] "GET /xingrg/javascript/easyui/themes/default/validatebox.css HTTP/1.1" 404 1104
116.238.139.35 - - [15/Dec/2022:12:37:30 +0800] "POST /xingrg/kc/buy/cgsh_order_operate.html HTTP/1.1" 200 2656
180.162.115.136 - - [15/Dec/2022:12:37:31 +0800] "GET /xingrg/all/function/internal_message.html?_=1671078081675&CODE_STATE=getMsg HTTP/1.1" 200 27
120.253.135.82 - - [15/Dec/2022:12:37:32 +0800] "GET /xingrg/kc/buy/cgsh_order_info.html?code=212022121504389 HTTP/1.1" 200 63757
114.84.81.136 - - [15/Dec/2022:12:37:32 +0800] "GET /xingrg/check_reg.html?_=1671079071554 HTTP/1.1" 200 22
114.84.81.136 - - [15/Dec/2022:12:37:32 +0800] "GET /xingrg/all/function/internal_message.html?_=1671079071556&CODE_STATE=getMsg HTTP/1.1" 200 27
120.253.135.82 - - [15/Dec/2022:12:37:33 +0800] "GET /xingrg/javascript/easyui/themes/default/validatebox.css HTTP/1.1" 404 1104
116.238.139.35 - - [15/Dec/2022:12:37:34 +0800] "POST /xingrg/kc/buy/cgsh_order_operate.html HTTP/1.1" 200 12
120.253.135.82 - - [15/Dec/2022:12:37:34 +0800] "POST /xingrg/kc/buy/cgsh_order_operate.html HTTP/1.1" 200 3063
116.238.139.35 - - [15/Dec/2022:12:37:36 +0800] "POST /xingrg/kc/buy/cgsh_list_operate.html HTTP/1.1" 200 986
116.230.105.139 - - [15/Dec/2022:12:37:37 +0800] "GET /xingrg/check_reg.html?_=1671079068623 HTTP/1.1" 200 22
116.230.105.139 - - [15/Dec/2022:12:37:38 +0800] "GET /xingrg/all/function/internal_message.html?_=1671079068625&CODE_STATE=getMsg HTTP/1.1" 200 27
120.253.135.82 - - [15/Dec/2022:12:37:39 +0800] "POST /xingrg/kc/buy/cgsh_list_operate.html HTTP/1.1" 200 986
120.253.135.82 - - [15/Dec/2022:12:37:39 +0800] "POST /xingrg/kc/buy/cgsh_list_operate.html HTTP/1.1" 200 986
180.162.115.136 - - [15/Dec/2022:12:37:40 +0800] "GET /xingrg/kc/buy/cgsh_order_operate.html?command=get_materiel&rest_code=00143&code=00101029009&supplier_code=00100156&order_time=2022-12-15 HTTP/1.1" 200 478
120.253.135.82 - - [15/Dec/2022:12:37:41 +0800] "GET /xingrg/kc/pszx/mdqp_order_list.html?state=10 HTTP/1.1" 200 10715
120.253.135.82 - - [15/Dec/2022:12:37:41 +0800] "GET /xingrg/dwr/interface/AjaxQqpsService.js HTTP/1.1" 200 16326
120.253.135.82 - - [15/Dec/2022:12:37:41 +0800] "GET /xingrg/dwr/interface/AjaxReportQueryService.js HTTP/1.1" 200 13203
120.253.135.82 - - [15/Dec/2022:12:37:41 +0800] "GET /xingrg/dwr/engine.js HTTP/1.1" 200 43631
180.162.115.136 - - [15/Dec/2022:12:37:41 +0800] "POST /xingrg/all/common/load_select.html HTTP/1.1" 200 25
114.88.159.190 - - [15/Dec/2022:12:37:45 +0800] "GET /xingrg/all/function/internal_message.html?_=1671078677575&CODE_STATE=getMsg HTTP/1.1" 200 27
180.162.115.136 - - [15/Dec/2022:12:37:45 +0800] "GET /xingrg/kc/buy/cgsh_order_operate.html?command=get_materiel_price&rest_code=00143&code=00101029009&unit_code=00100179&supplier_code=00100156&order_time=2022-12-15 HTTP/1.1" 200 29
120.253.135.82 - - [15/Dec/2022:12:37:46 +0800] "GET /xingrg/kc/pszx/mdqp_order_list.html?state=10 HTTP/1.1" 200 10715
120.253.135.82 - - [15/Dec/2022:12:37:46 +0800] "GET /xingrg/dwr/interface/AjaxReportQueryService.js HTTP/1.1" 200 13203
120.253.135.82 - - [15/Dec/2022:12:37:46 +0800] "GET /xingrg/dwr/interface/AjaxQqpsService.js HTTP/1.1" 200 16326
120.253.135.82 - - [15/Dec/2022:12:37:46 +0800] "GET /xingrg/dwr/engine.js HTTP/1.1" 200 43631
180.169.147.146 - - [15/Dec/2022:12:37:47 +0800] "GET /xingrg/all/function/internal_message.html?_=1671079086621&CODE_STATE=getMsg HTTP/1.1" 200 27
114.84.38.109 - - [15/Dec/2022:12:37:49 +0800] "GET /xingrg/all/function/internal_message.html?_=1671079102828&CODE_STATE=getMsg HTTP/1.1" 200 27
101.80.228.88 - - [15/Dec/2022:12:37:51 +0800] "GET /xingrg/all/function/internal_message.html?_=1671079090126&CODE_STATE=getMsg HTTP/1.1" 200 27
120.253.135.82 - - [15/Dec/2022:12:37:52 +0800] "GET /xingrg/all/function/internal_message.html?_=1671078897669&CODE_STATE=getMsg HTTP/1.1" 200 27
222.70.177.10 - - [15/Dec/2022:12:37:54 +0800] "GET /xingrg/all/function/internal_message.html?_=1671079091724&CODE_STATE=getMsg HTTP/1.1" 200 27
222.70.177.10 - - [15/Dec/2022:12:37:54 +0800] "GET /xingrg/check_reg.html?_=1671079091728 HTTP/1.1" 200 22
116.237.75.219 - - [15/Dec/2022:12:37:58 +0800] "GET /xingrg/all/function/internal_message.html?_=1671079098979&CODE_STATE=getMsg HTTP/1.1" 200 27
116.238.139.35 - - [15/Dec/2022:12:38:03 +0800] "GET /xingrg/all/function/internal_message.html?_=1671079104007&CODE_STATE=getMsg HTTP/1.1" 200 27
120.253.135.82 - - [15/Dec/2022:12:38:05 +0800] "GET /xingrg/kc/buy/cgsh_order_list.html HTTP/1.1" 200 54015
120.253.135.82 - - [15/Dec/2022:12:38:06 +0800] "POST /xingrg/kc/buy/cgsh_list_operate.html HTTP/1.1" 200 986
124.79.245.154 - - [15/Dec/2022:12:38:08 +0800] "GET /xingrg/all/function/internal_message.html?_=1671079334452&CODE_STATE=getMsg HTTP/1.1" 200 27
114.84.171.155 - - [15/Dec/2022:12:38:09 +0800] "GET /xingrg/all/function/internal_message.html?_=1671079108076&CODE_STATE=getMsg HTTP/1.1" 200 27
120.253.135.82 - - [15/Dec/2022:12:38:09 +0800] "GET /xingrg/kc/pszx/mdqp_order_list.html?state=10 HTTP/1.1" 200 10715
120.253.135.82 - - [15/Dec/2022:12:38:09 +0800] "GET /xingrg/dwr/interface/AjaxReportQueryService.js HTTP/1.1" 200 13203
120.253.135.82 - - [15/Dec/2022:12:38:09 +0800] "GET /xingrg/dwr/interface/AjaxQqpsService.js HTTP/1.1" 200 16326
120.253.135.82 - - [15/Dec/2022:12:38:09 +0800] "GET /xingrg/dwr/engine.js HTTP/1.1" 200 43631
120.253.135.82 - - [15/Dec/2022:12:38:11 +0800] "GET /xingrg/kc/pszx/mdps_order_list.html?orderType=0 HTTP/1.1" 200 21035
120.253.135.82 - - [15/Dec/2022:12:38:11 +0800] "POST /xingrg/kc/pszx/mdps_list_operate.html HTTP/1.1" 200 5243
116.238.139.35 - - [15/Dec/2022:12:38:13 +0800] "GET /xingrg/all/function/internal_message.html?_=1671079047023&CODE_STATE=getMsg HTTP/1.1" 200 27
114.83.222.182 - - [15/Dec/2022:12:38:13 +0800] "GET /xingrg/all/function/internal_message.html?_=1671079174950&CODE_STATE=getMsg HTTP/1.1" 200 27
180.162.115.136 - - [15/Dec/2022:12:38:16 +0800] "POST /xingrg/kc/buy/cgsh_order_operate.html HTTP/1.1" 200 37
120.253.135.82 - - [15/Dec/2022:12:38:18 +0800] "POST /xingrg/kc/pszx/mdps_list_operate.html HTTP/1.1" 200 3159
180.162.115.136 - - [15/Dec/2022:12:38:20 +0800] "POST /xingrg/kc/buy/cgsh_order_operate.html HTTP/1.1" 200 12
180.162.115.136 - - [15/Dec/2022:12:38:22 +0800] "GET /xingrg/kc/buy/cgsh_order_info.html?code=212022121504391 HTTP/1.1" 200 63780
180.162.115.136 - - [15/Dec/2022:12:38:22 +0800] "GET /xingrg/javascript/easyui/themes/default/validatebox.css HTTP/1.1" 404 1104
120.253.135.82 - - [15/Dec/2022:12:38:22 +0800] "POST /xingrg/kc/pszx/mdps_list_operate.html HTTP/1.1" 200 208
180.162.115.136 - - [15/Dec/2022:12:38:23 +0800] "POST /xingrg/kc/buy/cgsh_order_operate.html HTTP/1.1" 200 2524
120.253.135.82 - - [15/Dec/2022:12:38:23 +0800] "GET /xingrg/kc/pszx/mdps_order_info.html?code=312022121500341 HTTP/1.1" 200 23976
120.253.135.82 - - [15/Dec/2022:12:38:23 +0800] "GET /xingrg/javascript/easyui/themes/default/validatebox.css HTTP/1.1" 404 1104
120.253.135.82 - - [15/Dec/2022:12:38:23 +0800] "POST /xingrg/kc/pszx/mdps_order_operate.html HTTP/1.1" 200 2289
180.169.147.146 - - [15/Dec/2022:12:38:26 +0800] "GET /xingrg/all/function/internal_message.html?_=1671079123021&CODE_STATE=getMsg HTTP/1.1" 200 27
114.83.220.141 - - [15/Dec/2022:12:38:26 +0800] "GET /xingrg/all/function/internal_message.html?_=1671079124055&CODE_STATE=getMsg HTTP/1.1" 200 27
180.162.115.136 - - [15/Dec/2022:12:38:26 +0800] "GET /xingrg/kc/print/load_config.html?kc_code=cgsh HTTP/1.1" 200 1943
180.162.115.136 - - [15/Dec/2022:12:38:26 +0800] "GET /xingrg/kc/print/load_data.html?order_code=212022121504391&kc_code=cgsh&condition= HTTP/1.1" 200 1601
120.253.135.82 - - [15/Dec/2022:12:38:27 +0800] "POST /xingrg/kc/pszx/mdps_order_operate.html HTTP/1.1" 200 37
116.230.105.139 - - [15/Dec/2022:12:38:27 +0800] "GET /xingrg/all/function/internal_message.html?_=1671079126661&CODE_STATE=getMsg HTTP/1.1" 200 27
116.237.75.219 - - [15/Dec/2022:12:38:28 +0800] "GET /xingrg/check_reg.html?_=1671079130148 HTTP/1.1" 200 22
120.253.135.82 - - [15/Dec/2022:12:38:29 +0800] "POST /xingrg/kc/pszx/mdps_order_operate.html HTTP/1.1" 200 12
101.83.146.103 - - [15/Dec/2022:12:38:29 +0800] "GET /xingrg/all/function/internal_message.html?_=1671078976182&CODE_STATE=getMsg HTTP/1.1" 200 27
180.162.115.136 - - [15/Dec/2022:12:38:30 +0800] "GET /xingrg/check_reg.html?_=1671078141509 HTTP/1.1" 200 22
180.162.115.136 - - [15/Dec/2022:12:38:31 +0800] "GET /xingrg/all/function/internal_message.html?_=1671078141659&CODE_STATE=getMsg HTTP/1.1" 200 27
114.84.81.136 - - [15/Dec/2022:12:38:32 +0800] "GET /xingrg/all/function/internal_message.html?_=1671079131556&CODE_STATE=getMsg HTTP/1.1" 200 27
120.253.135.82 - - [15/Dec/2022:12:38:37 +0800] "GET /xingrg/kc/pszx/mdps_order_info.html?code=312022121500341 HTTP/1.1" 200 19636
116.230.105.139 - - [15/Dec/2022:12:38:37 +0800] "GET /xingrg/all/function/internal_message.html?_=1671079128620&CODE_STATE=getMsg HTTP/1.1" 200 27
120.253.135.82 - - [15/Dec/2022:12:38:38 +0800] "POST /xingrg/kc/pszx/mdps_order_operate.html HTTP/1.1" 200 510
120.253.135.82 - - [15/Dec/2022:12:38:38 +0800] "GET /xingrg/javascript/easyui/themes/default/validatebox.css HTTP/1.1" 404 1104
120.253.135.82 - - [15/Dec/2022:12:38:45 +0800] "POST /xingrg/kc/pszx/mdps_list_operate.html HTTP/1.1" 200 608
114.88.159.190 - - [15/Dec/2022:12:38:45 +0800] "GET /xingrg/all/function/internal_message.html?_=1671078737576&CODE_STATE=getMsg HTTP/1.1" 200 27
114.88.159.190 - - [15/Dec/2022:12:38:45 +0800] "GET /xingrg/check_reg.html?_=1671078737577 HTTP/1.1" 200 22
120.253.135.82 - - [15/Dec/2022:12:38:46 +0800] "GET /xingrg/kc/pszx/mdps_order_info.html?code=312022121500335 HTTP/1.1" 200 23976
120.253.135.82 - - [15/Dec/2022:12:38:46 +0800] "GET /xingrg/javascript/easyui/themes/default/validatebox.css HTTP/1.1" 404 1104
120.253.135.82 - - [15/Dec/2022:12:38:46 +0800] "POST /xingrg/kc/pszx/mdps_order_operate.html HTTP/1.1" 200 5326
180.169.147.146 - - [15/Dec/2022:12:38:47 +0800] "GET /xingrg/all/function/internal_message.html?_=1671079146640&CODE_STATE=getMsg HTTP/1.1" 200 27
114.84.38.109 - - [15/Dec/2022:12:38:49 +0800] "GET /xingrg/check_reg.html?_=1671079162597 HTTP/1.1" 200 22
114.84.38.109 - - [15/Dec/2022:12:38:49 +0800] "GET /xingrg/all/function/internal_message.html?_=1671079162841&CODE_STATE=getMsg HTTP/1.1" 200 27
101.80.228.88 - - [15/Dec/2022:12:38:50 +0800] "GET /xingrg/all/function/internal_message.html?_=1671079150102&CODE_STATE=getMsg HTTP/1.1" 200 27
222.70.177.10 - - [15/Dec/2022:12:38:54 +0800] "GET /xingrg/all/function/internal_message.html?_=1671079151727&CODE_STATE=getMsg HTTP/1.1" 200 27
120.253.135.82 - - [15/Dec/2022:12:38:54 +0800] "POST /xingrg/kc/pszx/mdps_order_operate.html HTTP/1.1" 200 37
120.253.135.82 - - [15/Dec/2022:12:38:54 +0800] "GET /xingrg/all/function/internal_message.html?_=1671078959956&CODE_STATE=getMsg HTTP/1.1" 200 27
120.253.135.82 - - [15/Dec/2022:12:38:56 +0800] "POST /xingrg/kc/pszx/mdps_order_operate.html HTTP/1.1" 200 12
116.237.75.219 - - [15/Dec/2022:12:38:58 +0800] "GET /xingrg/all/function/internal_message.html?_=1671079158980&CODE_STATE=getMsg HTTP/1.1" 200 27
120.253.135.82 - - [15/Dec/2022:12:39:01 +0800] "GET /xingrg/kc/pszx/mdps_order_info.html?code=312022121500335 HTTP/1.1" 200 19636
120.253.135.82 - - [15/Dec/2022:12:39:01 +0800] "POST /xingrg/kc/pszx/mdps_order_operate.html HTTP/1.1" 200 3519
120.253.135.82 - - [15/Dec/2022:12:39:01 +0800] "GET /xingrg/javascript/easyui/themes/default/validatebox.css HTTP/1.1" 404 1104
116.238.139.35 - - [15/Dec/2022:12:39:03 +0800] "GET /xingrg/all/function/internal_message.html?_=1671079164008&CODE_STATE=getMsg HTTP/1.1" 200 27
120.253.135.82 - - [15/Dec/2022:12:39:03 +0800] "POST /xingrg/kc/pszx/mdps_list_operate.html HTTP/1.1" 200 2422
124.79.245.154 - - [15/Dec/2022:12:39:08 +0800] "GET /xingrg/all/function/internal_message.html?_=1671079394451&CODE_STATE=getMsg HTTP/1.1" 200 27
114.84.171.155 - - [15/Dec/2022:12:39:09 +0800] "GET /xingrg/all/function/internal_message.html?_=1671079168076&CODE_STATE=getMsg HTTP/1.1" 200 27
116.238.139.35 - - [15/Dec/2022:12:39:13 +0800] "GET /xingrg/all/function/internal_message.html?_=1671079107042&CODE_STATE=getMsg HTTP/1.1" 200 27
114.83.222.182 - - [15/Dec/2022:12:39:13 +0800] "GET /xingrg/all/function/internal_message.html?_=1671079234938&CODE_STATE=getMsg HTTP/1.1" 200 27
180.169.147.146 - - [15/Dec/2022:12:39:25 +0800] "GET /xingrg/all/function/internal_message.html?_=1671079183006&CODE_STATE=getMsg HTTP/1.1" 200 27
114.83.220.141 - - [15/Dec/2022:12:39:26 +0800] "GET /xingrg/all/function/internal_message.html?_=1671079184025&CODE_STATE=getMsg HTTP/1.1" 200 27
180.169.147.146 - - [15/Dec/2022:12:39:27 +0800] "GET /xingrg/check_reg.html?_=1671079184677 HTTP/1.1" 200 22
116.230.105.139 - - [15/Dec/2022:12:39:27 +0800] "GET /xingrg/all/function/internal_message.html?_=1671079186669&CODE_STATE=getMsg HTTP/1.1" 200 27
101.83.146.103 - - [15/Dec/2022:12:39:29 +0800] "GET /xingrg/all/function/internal_message.html?_=1671079036183&CODE_STATE=getMsg HTTP/1.1" 200 27
120.253.135.82 - - [15/Dec/2022:12:39:30 +0800] "POST /xingrg/kc/pszx/mdps_list_operate.html HTTP/1.1" 200 216
116.230.105.139 - - [15/Dec/2022:12:39:30 +0800] "GET /xingrg/kc/buy/cgsh_order_add.html HTTP/1.1" 200 69803
180.162.115.136 - - [15/Dec/2022:12:39:30 +0800] "GET /xingrg/all/function/internal_message.html?_=1671078201629&CODE_STATE=getMsg HTTP/1.1" 200 27
116.230.105.139 - - [15/Dec/2022:12:39:31 +0800] "GET /xingrg/words/20221215111312_words.js HTTP/1.1" 200 938090
120.253.135.82 - - [15/Dec/2022:12:39:31 +0800] "GET /xingrg/kc/pszx/mdps_order_info.html?code=312022121500337 HTTP/1.1" 200 23976
120.253.135.82 - - [15/Dec/2022:12:39:31 +0800] "GET /xingrg/javascript/easyui/themes/default/validatebox.css HTTP/1.1" 404 1104
120.253.135.82 - - [15/Dec/2022:12:39:31 +0800] "POST /xingrg/kc/pszx/mdps_order_operate.html HTTP/1.1" 200 2304
116.230.105.139 - - [15/Dec/2022:12:39:32 +0800] "POST /xingrg/kc/buy/cgsh_order_operate.html HTTP/1.1" 200 8245
116.230.105.139 - - [15/Dec/2022:12:39:32 +0800] "GET /xingrg/javascript/easyui/themes/default/validatebox.css HTTP/1.1" 404 1104
114.84.81.136 - - [15/Dec/2022:12:39:32 +0800] "GET /xingrg/all/function/internal_message.html?_=1671079191542&CODE_STATE=getMsg HTTP/1.1" 200 27
120.253.135.82 - - [15/Dec/2022:12:39:35 +0800] "POST /xingrg/kc/pszx/mdps_order_operate.html HTTP/1.1" 200 37
120.253.135.82 - - [15/Dec/2022:12:39:37 +0800] "POST /xingrg/kc/pszx/mdps_order_operate.html HTTP/1.1" 200 12
116.230.105.139 - - [15/Dec/2022:12:39:37 +0800] "GET /xingrg/all/function/internal_message.html?_=1671079188609&CODE_STATE=getMsg HTTP/1.1" 200 27
116.230.105.139 - - [15/Dec/2022:12:39:39 +0800] "GET /xingrg/kc/buy/cgsh_order_operate.html?command=get_materiel&rest_code=00155&code=00101009062&supplier_code=00100022&order_time=2022-12-15 HTTP/1.1" 200 412
114.88.159.190 - - [15/Dec/2022:12:39:45 +0800] "GET /xingrg/all/function/internal_message.html?_=1671078797601&CODE_STATE=getMsg HTTP/1.1" 200 27
180.169.147.146 - - [15/Dec/2022:12:39:47 +0800] "GET /xingrg/all/function/internal_message.html?_=1671079206642&CODE_STATE=getMsg HTTP/1.1" 200 27
120.253.135.82 - - [15/Dec/2022:12:39:48 +0800] "GET /xingrg/kc/pszx/mdps_order_info.html?code=312022121500337 HTTP/1.1" 200 19636
114.84.38.109 - - [15/Dec/2022:12:39:49 +0800] "GET /xingrg/all/function/internal_message.html?_=1671079222855&CODE_STATE=getMsg HTTP/1.1" 200 27
120.253.135.82 - - [15/Dec/2022:12:39:49 +0800] "POST /xingrg/kc/pszx/mdps_order_operate.html HTTP/1.1" 200 525
120.253.135.82 - - [15/Dec/2022:12:39:49 +0800] "GET /xingrg/javascript/easyui/themes/default/validatebox.css HTTP/1.1" 404 1104
120.253.135.82 - - [15/Dec/2022:12:39:49 +0800] "GET /xingrg/check_reg.html?_=1671079015090 HTTP/1.1" 200 22
116.230.105.139 - - [15/Dec/2022:12:39:50 +0800] "GET /xingrg/kc/buy/cgsh_order_operate.html?command=get_materiel&rest_code=00155&code=00101009016&supplier_code=00100022&order_time=2022-12-15 HTTP/1.1" 200 412
114.88.159.190 - - [15/Dec/2022:12:39:50 +0800] "GET /xingrg/kc/base/wldb_order_operate.html?command=get_materiel&rest_code=00141&base_code=0010382&code=00101019263 HTTP/1.1" 200 479
120.253.135.82 - - [15/Dec/2022:12:39:50 +0800] "POST /xingrg/kc/pszx/mdps_list_operate.html HTTP/1.1" 200 2054
101.80.228.88 - - [15/Dec/2022:12:39:50 +0800] "GET /xingrg/all/function/internal_message.html?_=1671079210115&CODE_STATE=getMsg HTTP/1.1" 200 27
120.253.135.82 - - [15/Dec/2022:12:39:52 +0800] "POST /xingrg/kc/pszx/mdps_list_operate.html HTTP/1.1" 200 306
120.253.135.82 - - [15/Dec/2022:12:39:54 +0800] "GET /xingrg/kc/pszx/mdps_order_info.html?code=312022121500338 HTTP/1.1" 200 23974
222.70.177.10 - - [15/Dec/2022:12:39:54 +0800] "GET /xingrg/all/function/internal_message.html?_=1671079211729&CODE_STATE=getMsg HTTP/1.1" 200 27
120.253.135.82 - - [15/Dec/2022:12:39:54 +0800] "GET /xingrg/all/function/internal_message.html?_=1671079020018&CODE_STATE=getMsg HTTP/1.1" 200 27
120.253.135.82 - - [15/Dec/2022:12:39:54 +0800] "GET /xingrg/javascript/easyui/themes/default/validatebox.css HTTP/1.1" 404 1104
120.253.135.82 - - [15/Dec/2022:12:39:54 +0800] "POST /xingrg/kc/pszx/mdps_order_operate.html HTTP/1.1" 200 2823
116.230.105.139 - - [15/Dec/2022:12:39:57 +0800] "GET /xingrg/kc/buy/cgsh_order_operate.html?command=get_materiel&rest_code=00155&code=00101009124&supplier_code=00100022&order_time=2022-12-15 HTTP/1.1" 200 416
120.253.135.82 - - [15/Dec/2022:12:39:59 +0800] "POST /xingrg/kc/pszx/mdps_order_operate.html HTTP/1.1" 200 37
120.253.135.82 - - [15/Dec/2022:12:40:01 +0800] "POST /xingrg/kc/pszx/mdps_order_operate.html HTTP/1.1" 200 12
