116.192.124.172 - - [10/Dec/2022:09:27:13 +0800] "GET /xingrg/check_reg.html?_=1670635657005 HTTP/1.1" 302 -
114.83.218.138 - - [10/Dec/2022:09:27:14 +0800] "GET /xingrg/kc/buy/cgsh_order_operate.html?command=get_materiel&rest_code=00149&code=00101008038&supplier_code=00100008&order_time=2022-12-10 HTTP/1.1" 200 412
114.95.43.237 - - [10/Dec/2022:09:27:15 +0800] "GET /xingrg/all/function/internal_message.html?_=1670635505406&CODE_STATE=getMsg HTTP/1.1" 200 27
114.84.38.109 - - [10/Dec/2022:09:27:15 +0800] "GET /xingrg/kc/print/load_data.html?order_code=212022121002698&kc_code=cgsh&condition= HTTP/1.1" 200 2037
61.170.235.152 - - [10/Dec/2022:09:27:24 +0800] "GET /xingrg/all/function/internal_message.html?_=1670635662750&CODE_STATE=getMsg HTTP/1.1" 200 27
180.163.30.85 - - [10/Dec/2022:09:27:24 +0800] "GET /xingrg/all/function/internal_message.html?_=1670635602779&CODE_STATE=getMsg HTTP/1.1" 302 -
180.163.30.85 - - [10/Dec/2022:09:27:24 +0800] "GET /xingrg/login.html HTTP/1.1" 200 7641
114.83.218.138 - - [10/Dec/2022:09:27:24 +0800] "GET /xingrg/kc/buy/cgsh_order_operate.html?command=get_materiel&rest_code=00149&code=00101008283&supplier_code=00100008&order_time=2022-12-10 HTTP/1.1" 200 408
114.88.159.190 - - [10/Dec/2022:09:27:25 +0800] "GET /xingrg/kc/buy/buy_main.html HTTP/1.1" 200 12412
114.88.159.190 - - [10/Dec/2022:09:27:25 +0800] "GET /xingrg/css/new_ie.css HTTP/1.1" 404 1036
114.88.159.190 - - [10/Dec/2022:09:27:26 +0800] "GET /xingrg/images/yd/bt.gif HTTP/1.1" 404 1040
114.83.218.138 - - [10/Dec/2022:09:27:26 +0800] "GET /xingrg/check_reg.html?_=1670635668447 HTTP/1.1" 200 22
114.83.218.138 - - [10/Dec/2022:09:27:26 +0800] "GET /xingrg/all/function/internal_message.html?_=1670635668449&CODE_STATE=getMsg HTTP/1.1" 200 27
114.88.159.190 - - [10/Dec/2022:09:27:26 +0800] "GET /xingrg/kc/buy/cgsh_order_list.html HTTP/1.1" 200 53797
222.70.177.10 - - [10/Dec/2022:09:27:27 +0800] "GET /xingrg/all/function/internal_message.html?_=1670635667932&CODE_STATE=getMsg HTTP/1.1" 200 27
114.88.159.190 - - [10/Dec/2022:09:27:27 +0800] "POST /xingrg/kc/buy/cgsh_list_operate.html HTTP/1.1" 200 986
114.88.159.190 - - [10/Dec/2022:09:27:30 +0800] "GET /xingrg/kc/buy/cgsh_order_add.html HTTP/1.1" 200 69572
114.88.159.190 - - [10/Dec/2022:09:27:30 +0800] "GET /xingrg/words/20221208122451_words.js HTTP/1.1" 304 -
114.88.159.190 - - [10/Dec/2022:09:27:30 +0800] "POST /xingrg/kc/buy/cgsh_order_operate.html HTTP/1.1" 200 8245
114.88.159.190 - - [10/Dec/2022:09:27:30 +0800] "GET /xingrg/all/common/auto_word.html?type=employee&rest_code=00141 HTTP/1.1" 200 201
114.88.159.190 - - [10/Dec/2022:09:27:30 +0800] "GET /xingrg/all/common/auto_word.html?type=employee&rest_code=00141 HTTP/1.1" 200 201
114.88.159.190 - - [10/Dec/2022:09:27:30 +0800] "GET /xingrg/javascript/easyui/themes/default/validatebox.css HTTP/1.1" 404 1104
116.230.105.139 - - [10/Dec/2022:09:27:31 +0800] "GET /xingrg/all/function/internal_message.html?_=1670635673610&CODE_STATE=getMsg HTTP/1.1" 200 27
116.238.139.35 - - [10/Dec/2022:09:27:31 +0800] "GET /xingrg/check_reg.html?_=1670635674698 HTTP/1.1" 200 22
116.238.139.35 - - [10/Dec/2022:09:27:31 +0800] "GET /xingrg/all/function/internal_message.html?_=1670635674701&CODE_STATE=getMsg HTTP/1.1" 200 27
114.88.159.190 - - [10/Dec/2022:09:27:32 +0800] "GET /xingrg/javascript/auto/indicator.gif HTTP/1.1" 404 1066
114.83.218.138 - - [10/Dec/2022:09:27:33 +0800] "GET /xingrg/kc/buy/cgsh_order_operate.html?command=get_materiel&rest_code=00149&code=00101008358&supplier_code=00100008&order_time=2022-12-10 HTTP/1.1" 200 412
120.253.135.82 - - [10/Dec/2022:09:27:33 +0800] "GET /xingrg/check_reg.html?_=1670635480242 HTTP/1.1" 200 22
120.253.135.82 - - [10/Dec/2022:09:27:34 +0800] "GET /xingrg/all/function/internal_message.html?_=1670635481254&CODE_STATE=getMsg HTTP/1.1" 200 27
114.84.38.109 - - [10/Dec/2022:09:27:35 +0800] "GET /xingrg/all/function/internal_message.html?_=1670635699892&CODE_STATE=getMsg HTTP/1.1" 200 27
114.83.218.138 - - [10/Dec/2022:09:27:37 +0800] "POST /xingrg/kc/buy/cgsh_order_operate.html HTTP/1.1" 200 2065
114.83.218.138 - - [10/Dec/2022:09:27:42 +0800] "GET /xingrg/kc/buy/cgsh_order_operate.html?command=get_materiel&rest_code=00149&code=00101008163&supplier_code=00100008&order_time=2022-12-10 HTTP/1.1" 200 409
114.88.159.190 - - [10/Dec/2022:09:27:46 +0800] "GET /xingrg/all/function/internal_message.html?_=1670635283515&CODE_STATE=getMsg HTTP/1.1" 200 27
114.88.159.190 - - [10/Dec/2022:09:27:48 +0800] "GET /xingrg/javascript/jquery_tools/images/next.gif HTTP/1.1" 404 1086
114.88.159.190 - - [10/Dec/2022:09:27:48 +0800] "GET /xingrg/javascript/jquery_tools/images/prev.gif HTTP/1.1" 404 1086
114.83.218.138 - - [10/Dec/2022:09:27:52 +0800] "GET /xingrg/kc/buy/cgsh_order_operate.html?command=get_materiel&rest_code=00149&code=00101008125&supplier_code=00100008&order_time=2022-12-10 HTTP/1.1" 200 413
114.95.43.237 - - [10/Dec/2022:09:27:56 +0800] "GET /xingrg/all/function/internal_message.html?_=1670635701748&CODE_STATE=getMsg HTTP/1.1" 200 27
114.84.38.109 - - [10/Dec/2022:09:27:56 +0800] "GET /xingrg/kc/buy/cgsh_order_add.html HTTP/1.1" 200 69572
114.84.38.109 - - [10/Dec/2022:09:27:56 +0800] "POST /xingrg/kc/buy/cgsh_order_operate.html HTTP/1.1" 200 8245
114.84.38.109 - - [10/Dec/2022:09:27:56 +0800] "GET /xingrg/javascript/easyui/themes/default/validatebox.css HTTP/1.1" 404 1104
114.88.159.190 - - [10/Dec/2022:09:27:57 +0800] "GET /xingrg/kc/buy/cgsh_order_operate.html?command=get_materiel&rest_code=00141&code=00101016030&supplier_code=00100036&order_time=2022-12-10 HTTP/1.1" 200 412
114.83.218.138 - - [10/Dec/2022:09:28:09 +0800] "GET /xingrg/kc/buy/cgsh_order_operate.html?command=get_materiel&rest_code=00149&code=00101008411&supplier_code=00100008&order_time=2022-12-10 HTTP/1.1" 200 413
116.238.139.35 - - [10/Dec/2022:09:28:10 +0800] "GET /xingrg/all/function/internal_message.html?_=1670635650590&CODE_STATE=getMsg HTTP/1.1" 200 27
114.84.38.109 - - [10/Dec/2022:09:28:11 +0800] "GET /xingrg/kc/buy/cgsh_order_operate.html?command=get_materiel&rest_code=00146&code=00101012025&supplier_code=00100033&order_time=2022-12-10 HTTP/1.1" 200 412
114.88.159.190 - - [10/Dec/2022:09:28:12 +0800] "GET /xingrg/kc/buy/cgsh_order_operate.html?command=get_materiel&rest_code=00141&code=00101010166&supplier_code=00100036&order_time=2022-12-10 HTTP/1.1" 200 417
116.192.124.172 - - [10/Dec/2022:09:28:12 +0800] "GET /xingrg/all/function/internal_message.html?_=1670635716072&CODE_STATE=getMsg HTTP/1.1" 302 -
114.95.43.237 - - [10/Dec/2022:09:28:15 +0800] "GET /xingrg/all/function/internal_message.html?_=1670635565394&CODE_STATE=getMsg HTTP/1.1" 200 27
114.83.218.138 - - [10/Dec/2022:09:28:19 +0800] "GET /xingrg/kc/buy/cgsh_order_operate.html?command=get_materiel&rest_code=00149&code=00101008304&supplier_code=00100008&order_time=2022-12-10 HTTP/1.1" 200 412
114.88.159.190 - - [10/Dec/2022:09:28:23 +0800] "GET /xingrg/kc/buy/cgsh_order_operate.html?command=get_materiel&rest_code=00141&code=00101012038&supplier_code=00100036&order_time=2022-12-10 HTTP/1.1" 200 412
61.170.235.152 - - [10/Dec/2022:09:28:23 +0800] "GET /xingrg/check_reg.html?_=1670635722449 HTTP/1.1" 200 22
61.170.235.152 - - [10/Dec/2022:09:28:23 +0800] "GET /xingrg/all/function/internal_message.html?_=1670635722745&CODE_STATE=getMsg HTTP/1.1" 200 27
114.83.218.138 - - [10/Dec/2022:09:28:26 +0800] "GET /xingrg/all/function/internal_message.html?_=1670635728449&CODE_STATE=getMsg HTTP/1.1" 200 27
222.70.177.10 - - [10/Dec/2022:09:28:27 +0800] "GET /xingrg/all/function/internal_message.html?_=1670635727916&CODE_STATE=getMsg HTTP/1.1" 200 27
114.83.218.138 - - [10/Dec/2022:09:28:29 +0800] "GET /xingrg/kc/buy/cgsh_order_operate.html?command=get_materiel&rest_code=00149&code=00101008019&supplier_code=00100008&order_time=2022-12-10 HTTP/1.1" 200 416
116.230.105.139 - - [10/Dec/2022:09:28:31 +0800] "GET /xingrg/all/function/internal_message.html?_=1670635733585&CODE_STATE=getMsg HTTP/1.1" 200 27
116.238.139.35 - - [10/Dec/2022:09:28:31 +0800] "GET /xingrg/all/function/internal_message.html?_=1670635734688&CODE_STATE=getMsg HTTP/1.1" 200 27
114.83.218.138 - - [10/Dec/2022:09:28:32 +0800] "POST /xingrg/kc/buy/cgsh_order_operate.html HTTP/1.1" 200 2065
120.253.135.82 - - [10/Dec/2022:09:28:34 +0800] "GET /xingrg/all/function/internal_message.html?_=1670635541266&CODE_STATE=getMsg HTTP/1.1" 200 27
114.84.38.109 - - [10/Dec/2022:09:28:35 +0800] "GET /xingrg/all/function/internal_message.html?_=1670635759906&CODE_STATE=getMsg HTTP/1.1" 200 27
114.83.218.138 - - [10/Dec/2022:09:28:42 +0800] "GET /xingrg/kc/buy/cgsh_order_operate.html?command=get_materiel&rest_code=00149&code=00101008370&supplier_code=00100008&order_time=2022-12-10 HTTP/1.1" 200 412
114.88.159.190 - - [10/Dec/2022:09:28:43 +0800] "GET /xingrg/kc/buy/cgsh_order_operate.html?command=get_materiel&rest_code=00141&code=00101016105&supplier_code=00100036&order_time=2022-12-10 HTTP/1.1" 200 409
114.88.159.190 - - [10/Dec/2022:09:28:46 +0800] "GET /xingrg/all/function/internal_message.html?_=1670635343499&CODE_STATE=getMsg HTTP/1.1" 200 27
114.83.218.138 - - [10/Dec/2022:09:28:55 +0800] "GET /xingrg/kc/buy/cgsh_order_operate.html?command=get_materiel&rest_code=00149&code=00101008141&supplier_code=00100008&order_time=2022-12-10 HTTP/1.1" 200 412
114.95.43.237 - - [10/Dec/2022:09:28:56 +0800] "GET /xingrg/all/function/internal_message.html?_=1670635761727&CODE_STATE=getMsg HTTP/1.1" 200 27
114.83.218.138 - - [10/Dec/2022:09:29:04 +0800] "GET /xingrg/kc/buy/cgsh_order_operate.html?command=get_materiel&rest_code=00149&code=00101008087&supplier_code=00100008&order_time=2022-12-10 HTTP/1.1" 200 412
114.88.159.190 - - [10/Dec/2022:09:29:05 +0800] "GET /xingrg/kc/buy/cgsh_order_operate.html?command=get_materiel&rest_code=00141&code=00101011010&supplier_code=00100036&order_time=2022-12-10 HTTP/1.1" 200 418
116.238.139.35 - - [10/Dec/2022:09:29:10 +0800] "GET /xingrg/all/function/internal_message.html?_=1670635710603&CODE_STATE=getMsg HTTP/1.1" 200 27
116.192.124.172 - - [10/Dec/2022:09:29:12 +0800] "GET /xingrg/all/function/internal_message.html?_=1670635776055&CODE_STATE=getMsg HTTP/1.1" 302 -
58.221.95.50 - - [10/Dec/2022:09:29:14 +0800] "GET /xingrg/check_reg.html?_=1670635777415 HTTP/1.1" 302 -
114.83.218.138 - - [10/Dec/2022:09:29:14 +0800] "GET /xingrg/kc/buy/cgsh_order_operate.html?command=get_materiel&rest_code=00149&code=00101008361&supplier_code=00100008&order_time=2022-12-10 HTTP/1.1" 200 408
114.95.43.237 - - [10/Dec/2022:09:29:15 +0800] "GET /xingrg/all/function/internal_message.html?_=1670635625382&CODE_STATE=getMsg HTTP/1.1" 200 27
114.83.218.138 - - [10/Dec/2022:09:29:22 +0800] "GET /xingrg/kc/buy/cgsh_order_operate.html?command=get_materiel&rest_code=00149&code=00101008264&supplier_code=00100008&order_time=2022-12-10 HTTP/1.1" 200 412
61.170.235.152 - - [10/Dec/2022:09:29:23 +0800] "GET /xingrg/all/function/internal_message.html?_=1670635782717&CODE_STATE=getMsg HTTP/1.1" 200 27
180.163.29.234 - - [10/Dec/2022:09:29:24 +0800] "GET /xingrg/all/function/internal_message.html?_=1670635722745&CODE_STATE=getMsg HTTP/1.1" 302 -
180.163.29.234 - - [10/Dec/2022:09:29:24 +0800] "GET /xingrg/login.html HTTP/1.1" 200 7641
114.83.218.138 - - [10/Dec/2022:09:29:25 +0800] "POST /xingrg/kc/buy/cgsh_order_operate.html HTTP/1.1" 200 2065
114.83.218.138 - - [10/Dec/2022:09:29:26 +0800] "GET /xingrg/all/function/internal_message.html?_=1670635788439&CODE_STATE=getMsg HTTP/1.1" 200 27
222.70.177.10 - - [10/Dec/2022:09:29:27 +0800] "GET /xingrg/all/function/internal_message.html?_=1670635787900&CODE_STATE=getMsg HTTP/1.1" 200 27
222.70.177.10 - - [10/Dec/2022:09:29:28 +0800] "GET /xingrg/check_reg.html?_=1670635788338 HTTP/1.1" 200 22
116.230.105.139 - - [10/Dec/2022:09:29:31 +0800] "GET /xingrg/all/function/internal_message.html?_=1670635793603&CODE_STATE=getMsg HTTP/1.1" 200 27
116.238.139.35 - - [10/Dec/2022:09:29:31 +0800] "GET /xingrg/all/function/internal_message.html?_=1670635794689&CODE_STATE=getMsg HTTP/1.1" 200 27
114.83.218.138 - - [10/Dec/2022:09:29:31 +0800] "GET /xingrg/kc/buy/cgsh_order_operate.html?command=get_materiel&rest_code=00149&code=00101008024&supplier_code=00100008&order_time=2022-12-10 HTTP/1.1" 200 408
114.88.159.190 - - [10/Dec/2022:09:29:33 +0800] "GET /xingrg/kc/buy/cgsh_order_operate.html?command=get_materiel&rest_code=00141&code=00101007109&supplier_code=00100036&order_time=2022-12-10 HTTP/1.1" 200 408
120.253.135.82 - - [10/Dec/2022:09:29:34 +0800] "GET /xingrg/all/function/internal_message.html?_=1670635601344&CODE_STATE=getMsg HTTP/1.1" 200 27
114.84.38.109 - - [10/Dec/2022:09:29:35 +0800] "GET /xingrg/all/function/internal_message.html?_=1670635819918&CODE_STATE=getMsg HTTP/1.1" 200 27
114.84.38.109 - - [10/Dec/2022:09:29:37 +0800] "GET /xingrg/kc/buy/cgsh_order_operate.html?command=get_materiel&rest_code=00146&code=00101016080&supplier_code=00100033&order_time=2022-12-10 HTTP/1.1" 200 408
114.95.43.237 - - [10/Dec/2022:09:29:38 +0800] "GET /xingrg/kc/buy/cgsh_order_operate.html?command=get_materiel&rest_code=00105&code=00101008096&supplier_code=00100203&order_time=2022-12-10 HTTP/1.1" 200 412
114.83.218.138 - - [10/Dec/2022:09:29:41 +0800] "GET /xingrg/kc/buy/cgsh_order_operate.html?command=get_materiel&rest_code=00149&code=00101008356&supplier_code=00100008&order_time=2022-12-10 HTTP/1.1" 200 408
114.88.159.190 - - [10/Dec/2022:09:29:46 +0800] "GET /xingrg/all/function/internal_message.html?_=1670635403502&CODE_STATE=getMsg HTTP/1.1" 200 27
114.84.38.109 - - [10/Dec/2022:09:29:47 +0800] "GET /xingrg/kc/buy/cgsh_order_operate.html?command=get_materiel&rest_code=00146&code=00101016105&supplier_code=00100033&order_time=2022-12-10 HTTP/1.1" 200 409
114.88.159.190 - - [10/Dec/2022:09:29:51 +0800] "GET /xingrg/kc/buy/cgsh_order_operate.html?command=get_materiel&rest_code=00141&code=00101011005&supplier_code=00100036&order_time=2022-12-10 HTTP/1.1" 200 408
114.83.218.138 - - [10/Dec/2022:09:29:55 +0800] "GET /xingrg/kc/buy/cgsh_order_operate.html?command=get_materiel&rest_code=00149&code=00101008300&supplier_code=00100008&order_time=2022-12-10 HTTP/1.1" 200 412
114.95.43.237 - - [10/Dec/2022:09:29:56 +0800] "GET /xingrg/all/function/internal_message.html?_=1670635821695&CODE_STATE=getMsg HTTP/1.1" 200 27
114.95.43.237 - - [10/Dec/2022:09:29:56 +0800] "GET /xingrg/check_reg.html?_=1670635821797 HTTP/1.1" 200 22
114.83.218.138 - - [10/Dec/2022:09:30:03 +0800] "GET /xingrg/kc/buy/cgsh_order_operate.html?command=get_materiel&rest_code=00149&code=00101008205&supplier_code=00100008&order_time=2022-12-10 HTTP/1.1" 200 412
114.88.159.190 - - [10/Dec/2022:09:30:05 +0800] "GET /xingrg/kc/buy/cgsh_order_operate.html?command=get_materiel&rest_code=00141&code=00101016025&supplier_code=00100036&order_time=2022-12-10 HTTP/1.1" 200 408
116.238.139.35 - - [10/Dec/2022:09:30:09 +0800] "GET /xingrg/check_reg.html?_=1670635769705 HTTP/1.1" 200 22
116.238.139.35 - - [10/Dec/2022:09:30:10 +0800] "GET /xingrg/all/function/internal_message.html?_=1670635770617&CODE_STATE=getMsg HTTP/1.1" 200 27
116.192.124.172 - - [10/Dec/2022:09:30:12 +0800] "GET /xingrg/all/function/internal_message.html?_=1670635836036&CODE_STATE=getMsg HTTP/1.1" 302 -
114.83.218.138 - - [10/Dec/2022:09:30:14 +0800] "GET /xingrg/kc/buy/cgsh_order_operate.html?command=get_materiel&rest_code=00149&code=00101008251&supplier_code=00100008&order_time=2022-12-10 HTTP/1.1" 200 408
114.95.43.237 - - [10/Dec/2022:09:30:15 +0800] "GET /xingrg/all/function/internal_message.html?_=1670635685370&CODE_STATE=getMsg HTTP/1.1" 200 27
114.95.43.237 - - [10/Dec/2022:09:30:15 +0800] "GET /xingrg/check_reg.html?_=1670635686020 HTTP/1.1" 200 22
114.83.218.138 - - [10/Dec/2022:09:30:18 +0800] "POST /xingrg/kc/buy/cgsh_order_operate.html HTTP/1.1" 200 2065
114.84.38.109 - - [10/Dec/2022:09:30:19 +0800] "GET /xingrg/kc/buy/cgsh_order_operate.html?command=get_materiel&rest_code=00146&code=00101016025&supplier_code=00100033&order_time=2022-12-10 HTTP/1.1" 200 408
180.163.30.85 - - [10/Dec/2022:09:30:23 +0800] "GET /xingrg/all/function/internal_message.html?_=1670635782717&CODE_STATE=getMsg HTTP/1.1" 302 -
180.163.30.85 - - [10/Dec/2022:09:30:23 +0800] "GET /xingrg/login.html HTTP/1.1" 200 7641
61.170.235.152 - - [10/Dec/2022:09:30:23 +0800] "GET /xingrg/all/function/internal_message.html?_=1670635842694&CODE_STATE=getMsg HTTP/1.1" 200 27
114.83.218.138 - - [10/Dec/2022:09:30:24 +0800] "GET /xingrg/kc/buy/cgsh_order_operate.html?command=get_materiel&rest_code=00149&code=00101008439&supplier_code=00100008&order_time=2022-12-10 HTTP/1.1" 200 412
114.83.218.138 - - [10/Dec/2022:09:30:26 +0800] "GET /xingrg/all/function/internal_message.html?_=1670635848456&CODE_STATE=getMsg HTTP/1.1" 200 27
222.70.177.10 - - [10/Dec/2022:09:30:27 +0800] "GET /xingrg/all/function/internal_message.html?_=1670635847882&CODE_STATE=getMsg HTTP/1.1" 200 27
116.230.105.139 - - [10/Dec/2022:09:30:31 +0800] "GET /xingrg/all/function/internal_message.html?_=1670635853610&CODE_STATE=getMsg HTTP/1.1" 200 27
116.238.139.35 - - [10/Dec/2022:09:30:31 +0800] "GET /xingrg/all/function/internal_message.html?_=1670635854693&CODE_STATE=getMsg HTTP/1.1" 200 27
114.83.218.138 - - [10/Dec/2022:09:30:32 +0800] "GET /xingrg/kc/buy/cgsh_order_operate.html?command=get_materiel&rest_code=00149&code=00101008360&supplier_code=00100008&order_time=2022-12-10 HTTP/1.1" 200 413
120.253.135.82 - - [10/Dec/2022:09:30:34 +0800] "GET /xingrg/all/function/internal_message.html?_=1670635661396&CODE_STATE=getMsg HTTP/1.1" 200 27
114.84.38.109 - - [10/Dec/2022:09:30:34 +0800] "GET /xingrg/kc/buy/cgsh_order_operate.html?command=get_materiel&rest_code=00146&code=00101012026&supplier_code=00100033&order_time=2022-12-10 HTTP/1.1" 200 408
114.84.38.109 - - [10/Dec/2022:09:30:35 +0800] "GET /xingrg/all/function/internal_message.html?_=1670635879933&CODE_STATE=getMsg HTTP/1.1" 200 27
114.83.218.138 - - [10/Dec/2022:09:30:42 +0800] "GET /xingrg/kc/buy/cgsh_order_operate.html?command=get_materiel&rest_code=00149&code=00101008077&supplier_code=00100008&order_time=2022-12-10 HTTP/1.1" 200 416
114.88.159.190 - - [10/Dec/2022:09:30:46 +0800] "GET /xingrg/all/function/internal_message.html?_=1670635463536&CODE_STATE=getMsg HTTP/1.1" 200 27
114.84.38.109 - - [10/Dec/2022:09:30:46 +0800] "POST /xingrg/kc/buy/cgsh_order_operate.html HTTP/1.1" 200 37
116.238.139.35 - - [10/Dec/2022:09:30:48 +0800] "POST /xingrg/kc/buy/cgsh_order_operate.html HTTP/1.1" 200 37
114.84.38.109 - - [10/Dec/2022:09:30:49 +0800] "POST /xingrg/kc/buy/cgsh_order_operate.html HTTP/1.1" 200 5597
114.84.38.109 - - [10/Dec/2022:09:30:52 +0800] "GET /xingrg/kc/print/load_data.html?order_code=212022121002699&kc_code=cgsh&condition= HTTP/1.1" 200 1824
114.95.43.237 - - [10/Dec/2022:09:30:56 +0800] "GET /xingrg/all/function/internal_message.html?_=1670635881664&CODE_STATE=getMsg HTTP/1.1" 200 27
116.238.139.35 - - [10/Dec/2022:09:30:57 +0800] "POST /xingrg/kc/buy/cgsh_order_operate.html HTTP/1.1" 200 12
116.238.139.35 - - [10/Dec/2022:09:30:58 +0800] "GET /xingrg/kc/buy/cgsh_order_info.html?code=212022121002690 HTTP/1.1" 200 64491
116.238.139.35 - - [10/Dec/2022:09:30:59 +0800] "GET /xingrg/javascript/easyui/themes/default/validatebox.css HTTP/1.1" 404 1104
116.238.139.35 - - [10/Dec/2022:09:31:00 +0800] "POST /xingrg/kc/buy/cgsh_order_operate.html HTTP/1.1" 200 31997
116.238.139.35 - - [10/Dec/2022:09:31:01 +0800] "GET /xingrg/kc/print/load_data.html?order_code=212022121002690&kc_code=cgsh&condition= HTTP/1.1" 200 12641
114.88.159.190 - - [10/Dec/2022:09:31:07 +0800] "POST /xingrg/kc/buy/cgsh_order_operate.html HTTP/1.1" 200 37
114.88.159.190 - - [10/Dec/2022:09:31:09 +0800] "POST /xingrg/kc/buy/cgsh_order_operate.html HTTP/1.1" 200 6799
116.238.139.35 - - [10/Dec/2022:09:31:10 +0800] "GET /xingrg/all/function/internal_message.html?_=1670635830631&CODE_STATE=getMsg HTTP/1.1" 200 27
114.84.38.109 - - [10/Dec/2022:09:31:11 +0800] "GET /xingrg/kc/buy/cgsh_order_add.html HTTP/1.1" 200 69572
114.88.159.190 - - [10/Dec/2022:09:31:11 +0800] "GET /xingrg/kc/print/load_config.html?kc_code=cgsh HTTP/1.1" 200 1943
114.88.159.190 - - [10/Dec/2022:09:31:11 +0800] "GET /xingrg/kc/print/load_data.html?order_code=212022121002700&kc_code=cgsh&condition= HTTP/1.1" 200 2331
114.84.38.109 - - [10/Dec/2022:09:31:11 +0800] "POST /xingrg/kc/buy/cgsh_order_operate.html HTTP/1.1" 200 8245
114.84.38.109 - - [10/Dec/2022:09:31:12 +0800] "GET /xingrg/javascript/easyui/themes/default/validatebox.css HTTP/1.1" 404 1104
116.192.124.172 - - [10/Dec/2022:09:31:12 +0800] "GET /xingrg/all/function/internal_message.html?_=1670635896014&CODE_STATE=getMsg HTTP/1.1" 302 -
114.95.43.237 - - [10/Dec/2022:09:31:15 +0800] "GET /xingrg/all/function/internal_message.html?_=1670635745359&CODE_STATE=getMsg HTTP/1.1" 200 27
61.170.235.152 - - [10/Dec/2022:09:31:23 +0800] "GET /xingrg/all/function/internal_message.html?_=1670635902668&CODE_STATE=getMsg HTTP/1.1" 200 27
114.84.38.109 - - [10/Dec/2022:09:31:26 +0800] "GET /xingrg/kc/buy/cgsh_order_operate.html?command=get_materiel&rest_code=00146&code=00101002027&supplier_code=00100199&order_time=2022-12-10 HTTP/1.1" 200 413
114.83.218.138 - - [10/Dec/2022:09:31:26 +0800] "GET /xingrg/all/function/internal_message.html?_=1670635908457&CODE_STATE=getMsg HTTP/1.1" 200 27
222.70.177.10 - - [10/Dec/2022:09:31:27 +0800] "GET /xingrg/all/function/internal_message.html?_=1670635907853&CODE_STATE=getMsg HTTP/1.1" 200 27
61.170.235.152 - - [10/Dec/2022:09:31:30 +0800] "POST /xingrg/services/DataTransmitService HTTP/1.1" 200 524
116.230.105.139 - - [10/Dec/2022:09:31:31 +0800] "GET /xingrg/check_reg.html?_=1670635913597 HTTP/1.1" 200 22
116.230.105.139 - - [10/Dec/2022:09:31:31 +0800] "GET /xingrg/all/function/internal_message.html?_=1670635913598&CODE_STATE=getMsg HTTP/1.1" 200 27
116.238.139.35 - - [10/Dec/2022:09:31:31 +0800] "GET /xingrg/all/function/internal_message.html?_=1670635914696&CODE_STATE=getMsg HTTP/1.1" 200 27
120.253.135.82 - - [10/Dec/2022:09:31:34 +0800] "GET /xingrg/all/function/internal_message.html?_=1670635721402&CODE_STATE=getMsg HTTP/1.1" 200 27
114.84.38.109 - - [10/Dec/2022:09:31:35 +0800] "GET /xingrg/check_reg.html?_=1670635939744 HTTP/1.1" 200 22
114.84.38.109 - - [10/Dec/2022:09:31:35 +0800] "GET /xingrg/all/function/internal_message.html?_=1670635939946&CODE_STATE=getMsg HTTP/1.1" 200 27
114.84.38.109 - - [10/Dec/2022:09:31:41 +0800] "GET /xingrg/kc/buy/cgsh_order_operate.html?command=get_materiel&rest_code=00146&code=00101002007&supplier_code=00100199&order_time=2022-12-10 HTTP/1.1" 200 409
114.88.159.190 - - [10/Dec/2022:09:31:46 +0800] "GET /xingrg/check_reg.html?_=1670635523534 HTTP/1.1" 200 22
114.88.159.190 - - [10/Dec/2022:09:31:46 +0800] "GET /xingrg/all/function/internal_message.html?_=1670635523535&CODE_STATE=getMsg HTTP/1.1" 200 27
114.84.38.109 - - [10/Dec/2022:09:31:52 +0800] "GET /xingrg/kc/buy/cgsh_order_operate.html?command=get_materiel&rest_code=00146&code=00101001052&supplier_code=00100199&order_time=2022-12-10 HTTP/1.1" 200 411
114.95.43.237 - - [10/Dec/2022:09:31:56 +0800] "GET /xingrg/all/function/internal_message.html?_=1670635941635&CODE_STATE=getMsg HTTP/1.1" 200 27
114.88.159.190 - - [10/Dec/2022:09:32:05 +0800] "GET /xingrg/kc/buy/cgsh_order_add.html HTTP/1.1" 200 69572
114.88.159.190 - - [10/Dec/2022:09:32:05 +0800] "POST /xingrg/kc/buy/cgsh_order_operate.html HTTP/1.1" 200 8245
114.88.159.190 - - [10/Dec/2022:09:32:06 +0800] "GET /xingrg/javascript/easyui/themes/default/validatebox.css HTTP/1.1" 404 1104
114.88.159.190 - - [10/Dec/2022:09:32:08 +0800] "GET /xingrg/kc/buy/cgsh_order_add.html HTTP/1.1" 200 69572
114.88.159.190 - - [10/Dec/2022:09:32:08 +0800] "POST /xingrg/kc/buy/cgsh_order_operate.html HTTP/1.1" 200 8245
114.88.159.190 - - [10/Dec/2022:09:32:08 +0800] "GET /xingrg/javascript/easyui/themes/default/validatebox.css HTTP/1.1" 404 1104
116.238.139.35 - - [10/Dec/2022:09:32:10 +0800] "GET /xingrg/all/function/internal_message.html?_=1670635890794&CODE_STATE=getMsg HTTP/1.1" 200 27
114.83.218.138 - - [10/Dec/2022:09:32:11 +0800] "GET /xingrg/kc/buy/cgsh_order_operate.html?command=get_materiel&rest_code=00149&code=00101008223&supplier_code=00100008&order_time=2022-12-10 HTTP/1.1" 200 412
116.192.124.172 - - [10/Dec/2022:09:32:12 +0800] "GET /xingrg/all/function/internal_message.html?_=1670635955998&CODE_STATE=getMsg HTTP/1.1" 302 -
114.83.218.138 - - [10/Dec/2022:09:32:13 +0800] "POST /xingrg/kc/buy/cgsh_order_operate.html HTTP/1.1" 200 2065
116.192.124.172 - - [10/Dec/2022:09:32:13 +0800] "GET /xingrg/check_reg.html?_=1670635956990 HTTP/1.1" 302 -
114.95.43.237 - - [10/Dec/2022:09:32:15 +0800] "GET /xingrg/all/function/internal_message.html?_=1670635805347&CODE_STATE=getMsg HTTP/1.1" 200 27
114.84.38.109 - - [10/Dec/2022:09:32:19 +0800] "GET /xingrg/kc/buy/cgsh_order_operate.html?command=get_materiel&rest_code=00146&code=00101004020&supplier_code=00100199&order_time=2022-12-10 HTTP/1.1" 200 409
114.83.218.138 - - [10/Dec/2022:09:32:21 +0800] "GET /xingrg/kc/buy/cgsh_order_operate.html?command=get_materiel&rest_code=00149&code=00101008306&supplier_code=00100008&order_time=2022-12-10 HTTP/1.1" 200 412
61.170.235.152 - - [10/Dec/2022:09:32:23 +0800] "GET /xingrg/all/function/internal_message.html?_=1670635962646&CODE_STATE=getMsg HTTP/1.1" 200 27
114.88.159.190 - - [10/Dec/2022:09:32:25 +0800] "GET /xingrg/kc/buy/cgsh_order_operate.html?command=get_materiel&rest_code=00141&code=00101006113&supplier_code=00100012&order_time=2022-12-10 HTTP/1.1" 200 413
114.83.218.138 - - [10/Dec/2022:09:32:26 +0800] "GET /xingrg/all/function/internal_message.html?_=1670635968458&CODE_STATE=getMsg HTTP/1.1" 200 27
114.83.218.138 - - [10/Dec/2022:09:32:26 +0800] "GET /xingrg/check_reg.html?_=1670635968464 HTTP/1.1" 200 22
222.70.177.10 - - [10/Dec/2022:09:32:27 +0800] "GET /xingrg/all/function/internal_message.html?_=1670635967838&CODE_STATE=getMsg HTTP/1.1" 200 27
114.83.218.138 - - [10/Dec/2022:09:32:30 +0800] "GET /xingrg/kc/buy/cgsh_order_operate.html?command=get_materiel&rest_code=00149&code=00101008312&supplier_code=00100008&order_time=2022-12-10 HTTP/1.1" 200 412
116.230.105.139 - - [10/Dec/2022:09:32:31 +0800] "GET /xingrg/all/function/internal_message.html?_=1670635973584&CODE_STATE=getMsg HTTP/1.1" 200 27
116.238.139.35 - - [10/Dec/2022:09:32:31 +0800] "GET /xingrg/all/function/internal_message.html?_=1670635974698&CODE_STATE=getMsg HTTP/1.1" 200 27
116.238.139.35 - - [10/Dec/2022:09:32:31 +0800] "GET /xingrg/check_reg.html?_=1670635974702 HTTP/1.1" 200 22
120.253.135.82 - - [10/Dec/2022:09:32:33 +0800] "GET /xingrg/check_reg.html?_=1670635780287 HTTP/1.1" 200 22
120.253.135.82 - - [10/Dec/2022:09:32:34 +0800] "GET /xingrg/all/function/internal_message.html?_=1670635781415&CODE_STATE=getMsg HTTP/1.1" 200 27
114.84.38.109 - - [10/Dec/2022:09:32:35 +0800] "GET /xingrg/all/function/internal_message.html?_=1670635999959&CODE_STATE=getMsg HTTP/1.1" 200 27
114.83.218.138 - - [10/Dec/2022:09:32:38 +0800] "GET /xingrg/kc/buy/cgsh_order_operate.html?command=get_materiel&rest_code=00149&code=00101009155&supplier_code=00100008&order_time=2022-12-10 HTTP/1.1" 200 402
114.88.159.190 - - [10/Dec/2022:09:32:39 +0800] "GET /xingrg/kc/buy/cgsh_order_operate.html?command=get_materiel&rest_code=00141&code=00101006056&supplier_code=00100012&order_time=2022-12-10 HTTP/1.1" 200 413
114.88.159.190 - - [10/Dec/2022:09:32:46 +0800] "GET /xingrg/all/function/internal_message.html?_=1670635583522&CODE_STATE=getMsg HTTP/1.1" 200 27
114.83.218.138 - - [10/Dec/2022:09:32:48 +0800] "GET /xingrg/system/info/materiel_import.html?isSelect=1&singleSelect=false HTTP/1.1" 200 5600
114.83.218.138 - - [10/Dec/2022:09:32:48 +0800] "GET /xingrg/css/xtree.css HTTP/1.1" 200 880
114.83.218.138 - - [10/Dec/2022:09:32:48 +0800] "GET /xingrg/javascript/jquery_ui/themes/base/base.css HTTP/1.1" 200 28568
114.83.218.138 - - [10/Dec/2022:09:32:48 +0800] "GET /xingrg/javascript/jquery_easy_ui/themes/default/images/button_a_bg.gif HTTP/1.1" 200 1194
114.83.218.138 - - [10/Dec/2022:09:32:48 +0800] "POST /xingrg/all/common/load_tree.html?tree=materiel_sort_tree_json HTTP/1.1" 200 9500
114.83.218.138 - - [10/Dec/2022:09:32:48 +0800] "GET /xingrg/javascript/jquery_easy_ui/themes/default/images/button_span_bg.gif HTTP/1.1" 200 2061
114.83.218.138 - - [10/Dec/2022:09:32:48 +0800] "GET /xingrg/javascript/jquery_easy_ui/themes/icons/edit_add.png HTTP/1.1" 200 1088
114.83.218.138 - - [10/Dec/2022:09:32:48 +0800] "GET /xingrg/javascript/jquery_easy_ui/themes/default/images/datagrid_header_bg.gif HTTP/1.1" 200 97
114.83.218.138 - - [10/Dec/2022:09:32:48 +0800] "GET /xingrg/javascript/jquery_easy_ui/themes/icons/search.png HTTP/1.1" 200 813
114.83.218.138 - - [10/Dec/2022:09:32:48 +0800] "GET /xingrg/javascript/jquery_easy_ui/themes/default/images/pagination_prev.gif HTTP/1.1" 200 879
114.83.218.138 - - [10/Dec/2022:09:32:48 +0800] "GET /xingrg/javascript/jquery_easy_ui/themes/default/images/pagination_next.gif HTTP/1.1" 200 875
114.83.218.138 - - [10/Dec/2022:09:32:48 +0800] "GET /xingrg/javascript/jquery_easy_ui/themes/default/images/pagination_load.png HTTP/1.1" 200 827
114.83.218.138 - - [10/Dec/2022:09:32:48 +0800] "GET /xingrg/javascript/jquery_easy_ui/themes/default/images/pagination_last.gif HTTP/1.1" 200 923
114.83.218.138 - - [10/Dec/2022:09:32:48 +0800] "GET /favicon.ico HTTP/1.1" 404 -
114.83.218.138 - - [10/Dec/2022:09:32:48 +0800] "GET /xingrg/javascript/jquery_easy_ui/themes/default/images/pagination_first.gif HTTP/1.1" 200 925
114.88.159.190 - - [10/Dec/2022:09:32:50 +0800] "GET /xingrg/kc/buy/cgsh_order_operate.html?command=get_materiel&rest_code=00141&code=00101006109&supplier_code=00100012&order_time=2022-12-10 HTTP/1.1" 200 409
114.95.43.237 - - [10/Dec/2022:09:32:56 +0800] "GET /xingrg/all/function/internal_message.html?_=1670636001609&CODE_STATE=getMsg HTTP/1.1" 200 27
114.83.218.138 - - [10/Dec/2022:09:32:57 +0800] "GET /xingrg/kc/buy/cgsh_order_operate.html?command=get_materiel&rest_code=00149&code=00101008273&supplier_code=00100008&order_time=2022-12-10 HTTP/1.1" 200 412
114.84.38.109 - - [10/Dec/2022:09:33:00 +0800] "POST /xingrg/kc/buy/cgsh_order_operate.html HTTP/1.1" 200 37
114.84.38.109 - - [10/Dec/2022:09:33:02 +0800] "POST /xingrg/kc/buy/cgsh_order_operate.html HTTP/1.1" 200 4434
114.83.218.138 - - [10/Dec/2022:09:33:06 +0800] "POST /xingrg/kc/buy/cgsh_order_operate.html HTTP/1.1" 200 37
114.84.38.109 - - [10/Dec/2022:09:33:06 +0800] "GET /xingrg/kc/print/load_data.html?order_code=212022121002701&kc_code=cgsh&condition= HTTP/1.1" 200 1350
114.83.218.138 - - [10/Dec/2022:09:33:08 +0800] "POST /xingrg/kc/buy/cgsh_order_operate.html HTTP/1.1" 200 27523
116.238.139.35 - - [10/Dec/2022:09:33:10 +0800] "GET /xingrg/all/function/internal_message.html?_=1670635950798&CODE_STATE=getMsg HTTP/1.1" 200 27
116.192.124.172 - - [10/Dec/2022:09:33:12 +0800] "GET /xingrg/all/function/internal_message.html?_=1670636015984&CODE_STATE=getMsg HTTP/1.1" 302 -
114.95.43.237 - - [10/Dec/2022:09:33:15 +0800] "GET /xingrg/all/function/internal_message.html?_=1670635865335&CODE_STATE=getMsg HTTP/1.1" 200 27
114.88.159.190 - - [10/Dec/2022:09:33:19 +0800] "GET /xingrg/kc/buy/cgsh_order_operate.html?command=get_materiel&rest_code=00141&code=00101006129&supplier_code=00100012&order_time=2022-12-10 HTTP/1.1" 200 452
114.83.218.138 - - [10/Dec/2022:09:33:19 +0800] "GET /xingrg/kc/buy/cgsh_order_operate.html?command=get_materiel&rest_code=00149&code=00101008357&supplier_code=00100008&order_time=2022-12-10 HTTP/1.1" 200 408
61.170.235.152 - - [10/Dec/2022:09:33:23 +0800] "GET /xingrg/check_reg.html?_=1670636022443 HTTP/1.1" 200 22
61.170.235.152 - - [10/Dec/2022:09:33:23 +0800] "GET /xingrg/all/function/internal_message.html?_=1670636022625&CODE_STATE=getMsg HTTP/1.1" 200 27
101.80.228.88 - - [10/Dec/2022:09:33:25 +0800] "POST /xingrg/services/DataTransmitService HTTP/1.1" 200 524
101.80.228.88 - - [10/Dec/2022:09:33:26 +0800] "POST /xingrg/services/DataTransmitService HTTP/1.1" 200 412
114.83.218.138 - - [10/Dec/2022:09:33:26 +0800] "GET /xingrg/all/function/internal_message.html?_=1670636028475&CODE_STATE=getMsg HTTP/1.1" 200 27
222.70.177.10 - - [10/Dec/2022:09:33:27 +0800] "GET /xingrg/all/function/internal_message.html?_=1670636027822&CODE_STATE=getMsg HTTP/1.1" 200 27
114.84.38.109 - - [10/Dec/2022:09:33:29 +0800] "GET /xingrg/kc/buy/cgsh_order_add.html HTTP/1.1" 200 69572
114.84.38.109 - - [10/Dec/2022:09:33:30 +0800] "POST /xingrg/kc/buy/cgsh_order_operate.html HTTP/1.1" 200 8245
114.84.38.109 - - [10/Dec/2022:09:33:30 +0800] "GET /xingrg/javascript/easyui/themes/default/validatebox.css HTTP/1.1" 404 1104
116.230.105.139 - - [10/Dec/2022:09:33:31 +0800] "GET /xingrg/all/function/internal_message.html?_=1670636033589&CODE_STATE=getMsg HTTP/1.1" 200 27
116.238.139.35 - - [10/Dec/2022:09:33:31 +0800] "GET /xingrg/all/function/internal_message.html?_=1670636034701&CODE_STATE=getMsg HTTP/1.1" 200 27
120.253.135.82 - - [10/Dec/2022:09:33:34 +0800] "GET /xingrg/all/function/internal_message.html?_=1670635841428&CODE_STATE=getMsg HTTP/1.1" 200 27
114.84.38.109 - - [10/Dec/2022:09:33:35 +0800] "GET /xingrg/all/function/internal_message.html?_=1670636059974&CODE_STATE=getMsg HTTP/1.1" 200 27
114.83.218.138 - - [10/Dec/2022:09:33:37 +0800] "GET /xingrg/kc/buy/cgsh_order_operate.html?command=get_materiel&rest_code=00149&code=00101008069&supplier_code=00100008&order_time=2022-12-10 HTTP/1.1" 200 412
114.88.159.190 - - [10/Dec/2022:09:33:41 +0800] "GET /xingrg/kc/buy/cgsh_order_operate.html?command=get_materiel&rest_code=00141&code=00101006087&supplier_code=00100012&order_time=2022-12-10 HTTP/1.1" 200 409
114.83.222.182 - - [10/Dec/2022:09:33:44 +0800] "GET /xingrg/login.html HTTP/1.1" 200 7641
114.83.222.182 - - [10/Dec/2022:09:33:45 +0800] "GET /favicon.ico HTTP/1.1" 404 -
114.88.159.190 - - [10/Dec/2022:09:33:46 +0800] "GET /xingrg/all/function/internal_message.html?_=1670635643515&CODE_STATE=getMsg HTTP/1.1" 200 27
114.84.38.109 - - [10/Dec/2022:09:33:46 +0800] "GET /xingrg/kc/buy/cgsh_order_operate.html?command=get_materiel&rest_code=00146&code=00101006007&supplier_code=00100002&order_time=2022-12-10 HTTP/1.1" 200 417
114.83.222.182 - - [10/Dec/2022:09:33:46 +0800] "POST /xingrg/login.do HTTP/1.1" 302 -
114.83.222.182 - - [10/Dec/2022:09:33:46 +0800] "GET /xingrg/index.html?sysBaseUrl=http%3A%2F%2F180.169.147.146%3A18081%2Fxingrg%2F&costTime=39×tamp=1670636026810 HTTP/1.1" 200 17179
114.83.222.182 - - [10/Dec/2022:09:33:46 +0800] "GET /favicon.ico HTTP/1.1" 404 -
114.83.222.182 - - [10/Dec/2022:09:33:47 +0800] "POST /xingrg/all/common/load_tree.html?tree=area_rest_tree_json&manage=1 HTTP/1.1" 200 351
114.83.222.182 - - [10/Dec/2022:09:33:47 +0800] "GET /xingrg/all/function/internal_message.html?_=1670636106642&CODE_STATE=count HTTP/1.1" 200 11
114.83.222.182 - - [10/Dec/2022:09:33:47 +0800] "GET /xingrg/check_reg.html?_=1670636106643 HTTP/1.1" 200 22
114.83.222.182 - - [10/Dec/2022:09:33:47 +0800] "POST /xingrg/load_menu.html HTTP/1.1" 200 5138
114.83.218.138 - - [10/Dec/2022:09:33:47 +0800] "GET /xingrg/kc/buy/cgsh_order_operate.html?command=get_materiel&rest_code=00149&code=00101008286&supplier_code=00100008&order_time=2022-12-10 HTTP/1.1" 200 408
114.83.218.138 - - [10/Dec/2022:09:33:55 +0800] "POST /xingrg/kc/buy/cgsh_order_operate.html HTTP/1.1" 200 2065
114.95.43.237 - - [10/Dec/2022:09:33:56 +0800] "GET /xingrg/all/function/internal_message.html?_=1670636061589&CODE_STATE=getMsg HTTP/1.1" 200 27
114.88.159.190 - - [10/Dec/2022:09:33:56 +0800] "POST /xingrg/kc/buy/cgsh_order_operate.html HTTP/1.1" 200 37
114.88.159.190 - - [10/Dec/2022:09:33:57 +0800] "POST /xingrg/kc/buy/cgsh_order_operate.html HTTP/1.1" 200 5627
114.88.159.190 - - [10/Dec/2022:09:33:58 +0800] "GET /xingrg/kc/print/load_data.html?order_code=212022121002703&kc_code=cgsh&condition= HTTP/1.1" 200 1913
114.84.38.109 - - [10/Dec/2022:09:34:01 +0800] "GET /xingrg/kc/buy/cgsh_order_operate.html?command=get_materiel&rest_code=00146&code=00101007081&supplier_code=00100002&order_time=2022-12-10 HTTP/1.1" 200 415
114.88.159.190 - - [10/Dec/2022:09:34:04 +0800] "GET /xingrg/kc/buy/cgsh_order_add.html HTTP/1.1" 200 69572
114.88.159.190 - - [10/Dec/2022:09:34:04 +0800] "GET /xingrg/javascript/easyui/themes/default/validatebox.css HTTP/1.1" 404 1104
114.88.159.190 - - [10/Dec/2022:09:34:04 +0800] "POST /xingrg/kc/buy/cgsh_order_operate.html HTTP/1.1" 200 8245
116.238.139.35 - - [10/Dec/2022:09:34:10 +0800] "GET /xingrg/all/function/internal_message.html?_=1670636010956&CODE_STATE=getMsg HTTP/1.1" 200 27
116.192.124.172 - - [10/Dec/2022:09:34:12 +0800] "GET /xingrg/all/function/internal_message.html?_=1670636075958&CODE_STATE=getMsg HTTP/1.1" 302 -
58.221.95.50 - - [10/Dec/2022:09:34:14 +0800] "GET /xingrg/check_reg.html?_=1670636077399 HTTP/1.1" 302 -
114.95.43.237 - - [10/Dec/2022:09:34:15 +0800] "GET /xingrg/all/function/internal_message.html?_=1670635925350&CODE_STATE=getMsg HTTP/1.1" 200 27
114.84.38.109 - - [10/Dec/2022:09:34:19 +0800] "GET /xingrg/kc/buy/cgsh_order_operate.html?command=get_materiel&rest_code=00146&code=00101007049&supplier_code=00100002&order_time=2022-12-10 HTTP/1.1" 200 409
114.88.159.190 - - [10/Dec/2022:09:34:20 +0800] "GET /xingrg/kc/buy/cgsh_order_operate.html?command=get_materiel&rest_code=00141&code=00101005037&supplier_code=00100040&order_time=2022-12-10 HTTP/1.1" 200 409
180.163.30.76 - - [10/Dec/2022:09:34:23 +0800] "GET /xingrg/check_reg.html?_=1670636022443 HTTP/1.1" 302 -
180.163.30.76 - - [10/Dec/2022:09:34:23 +0800] "GET /xingrg/login.html HTTP/1.1" 200 7641
61.170.235.152 - - [10/Dec/2022:09:34:23 +0800] "GET /xingrg/all/function/internal_message.html?_=1670636082602&CODE_STATE=getMsg HTTP/1.1" 200 27
114.83.218.138 - - [10/Dec/2022:09:34:26 +0800] "GET /xingrg/all/function/internal_message.html?_=1670636088463&CODE_STATE=getMsg HTTP/1.1" 200 27
222.70.177.10 - - [10/Dec/2022:09:34:27 +0800] "GET /xingrg/all/function/internal_message.html?_=1670636087807&CODE_STATE=getMsg HTTP/1.1" 200 27
222.70.177.10 - - [10/Dec/2022:09:34:28 +0800] "GET /xingrg/check_reg.html?_=1670636088309 HTTP/1.1" 200 22
114.83.218.138 - - [10/Dec/2022:09:34:30 +0800] "GET /xingrg/kc/buy/cgsh_order_operate.html?command=get_materiel&rest_code=00149&code=00101008036&supplier_code=00100008&order_time=2022-12-10 HTTP/1.1" 200 408
116.230.105.139 - - [10/Dec/2022:09:34:31 +0800] "GET /xingrg/all/function/internal_message.html?_=1670636093606&CODE_STATE=getMsg HTTP/1.1" 200 27
116.238.139.35 - - [10/Dec/2022:09:34:31 +0800] "GET /xingrg/all/function/internal_message.html?_=1670636094703&CODE_STATE=getMsg HTTP/1.1" 200 27
120.253.135.82 - - [10/Dec/2022:09:34:34 +0800] "GET /xingrg/all/function/internal_message.html?_=1670635901443&CODE_STATE=getMsg HTTP/1.1" 200 27
114.84.38.109 - - [10/Dec/2022:09:34:35 +0800] "GET /xingrg/all/function/internal_message.html?_=1670636119987&CODE_STATE=getMsg HTTP/1.1" 200 27
114.88.159.190 - - [10/Dec/2022:09:34:38 +0800] "GET /xingrg/kc/buy/cgsh_order_operate.html?command=get_materiel&rest_code=00141&code=00101001075&supplier_code=00100040&order_time=2022-12-10 HTTP/1.1" 200 409
114.84.38.109 - - [10/Dec/2022:09:34:41 +0800] "GET /xingrg/kc/buy/cgsh_order_operate.html?command=get_materiel&rest_code=00146&code=00101007032&supplier_code=00100002&order_time=2022-12-10 HTTP/1.1" 200 413
114.88.159.190 - - [10/Dec/2022:09:34:46 +0800] "GET /xingrg/all/function/internal_message.html?_=1670635703526&CODE_STATE=getMsg HTTP/1.1" 200 27
114.83.222.182 - - [10/Dec/2022:09:34:47 +0800] "GET /xingrg/all/function/internal_message.html?_=1670636166648&CODE_STATE=getMsg HTTP/1.1" 200 27
114.83.218.138 - - [10/Dec/2022:09:34:47 +0800] "GET /xingrg/kc/buy/cgsh_order_operate.html?command=get_materiel&rest_code=00149&code=00101008131&supplier_code=00100008&order_time=2022-12-10 HTTP/1.1" 200 408
114.95.43.237 - - [10/Dec/2022:09:34:56 +0800] "GET /xingrg/all/function/internal_message.html?_=1670636121560&CODE_STATE=getMsg HTTP/1.1" 200 27
114.95.43.237 - - [10/Dec/2022:09:34:56 +0800] "GET /xingrg/check_reg.html?_=1670636121770 HTTP/1.1" 200 22
114.83.218.138 - - [10/Dec/2022:09:34:57 +0800] "GET /xingrg/kc/buy/cgsh_order_operate.html?command=get_materiel&rest_code=00149&code=00101008296&supplier_code=00100008&order_time=2022-12-10 HTTP/1.1" 200 416
114.88.159.190 - - [10/Dec/2022:09:35:01 +0800] "POST /xingrg/kc/buy/cgsh_order_operate.html HTTP/1.1" 200 37
114.83.218.138 - - [10/Dec/2022:09:35:03 +0800] "POST /xingrg/kc/buy/cgsh_order_operate.html HTTP/1.1" 200 2065
114.88.159.190 - - [10/Dec/2022:09:35:04 +0800] "POST /xingrg/kc/buy/cgsh_order_operate.html HTTP/1.1" 200 3241
114.88.159.190 - - [10/Dec/2022:09:35:05 +0800] "GET /xingrg/kc/print/load_data.html?order_code=212022121002704&kc_code=cgsh&condition= HTTP/1.1" 200 976
116.238.139.35 - - [10/Dec/2022:09:35:09 +0800] "GET /xingrg/check_reg.html?_=1670636069706 HTTP/1.1" 200 22
114.84.38.109 - - [10/Dec/2022:09:35:10 +0800] "POST /xingrg/kc/buy/cgsh_order_operate.html HTTP/1.1" 200 37
114.83.218.138 - - [10/Dec/2022:09:35:10 +0800] "GET /xingrg/kc/buy/cgsh_order_operate.html?command=get_materiel&rest_code=00149&code=00101008169&supplier_code=00100008&order_time=2022-12-10 HTTP/1.1" 200 412
116.238.139.35 - - [10/Dec/2022:09:35:10 +0800] "GET /xingrg/all/function/internal_message.html?_=1670636071129&CODE_STATE=getMsg HTTP/1.1" 200 27
116.192.124.172 - - [10/Dec/2022:09:35:12 +0800] "GET /xingrg/all/function/internal_message.html?_=1670636135945&CODE_STATE=getMsg HTTP/1.1" 302 -
114.84.38.109 - - [10/Dec/2022:09:35:13 +0800] "POST /xingrg/kc/buy/cgsh_order_operate.html HTTP/1.1" 200 5615
114.95.43.237 - - [10/Dec/2022:09:35:15 +0800] "GET /xingrg/all/function/internal_message.html?_=1670635985338&CODE_STATE=getMsg HTTP/1.1" 200 27
114.95.43.237 - - [10/Dec/2022:09:35:15 +0800] "GET /xingrg/check_reg.html?_=1670635986048 HTTP/1.1" 200 22
114.84.38.109 - - [10/Dec/2022:09:35:18 +0800] "GET /xingrg/kc/print/load_data.html?order_code=212022121002705&kc_code=cgsh&condition= HTTP/1.1" 200 1880
114.83.218.138 - - [10/Dec/2022:09:35:19 +0800] "GET /xingrg/kc/buy/cgsh_order_operate.html?command=get_materiel&rest_code=00149&code=00101008318&supplier_code=00100008&order_time=2022-12-10 HTTP/1.1" 200 408
114.88.159.190 - - [10/Dec/2022:09:35:22 +0800] "GET /xingrg/kc/buy/cgsh_order_add.html HTTP/1.1" 200 69572
114.88.159.190 - - [10/Dec/2022:09:35:23 +0800] "GET /xingrg/javascript/easyui/themes/default/validatebox.css HTTP/1.1" 404 1104
114.88.159.190 - - [10/Dec/2022:09:35:23 +0800] "POST /xingrg/kc/buy/cgsh_order_operate.html HTTP/1.1" 200 8245
61.170.235.152 - - [10/Dec/2022:09:35:23 +0800] "GET /xingrg/all/function/internal_message.html?_=1670636142582&CODE_STATE=getMsg HTTP/1.1" 200 27
114.83.218.138 - - [10/Dec/2022:09:35:26 +0800] "GET /xingrg/all/function/internal_message.html?_=1670636148480&CODE_STATE=getMsg HTTP/1.1" 200 27
222.70.177.10 - - [10/Dec/2022:09:35:27 +0800] "GET /xingrg/all/function/internal_message.html?_=1670636147777&CODE_STATE=getMsg HTTP/1.1" 200 27
116.230.105.139 - - [10/Dec/2022:09:35:31 +0800] "GET /xingrg/all/function/internal_message.html?_=1670636153596&CODE_STATE=getMsg HTTP/1.1" 200 27
116.238.139.35 - - [10/Dec/2022:09:35:31 +0800] "GET /xingrg/all/function/internal_message.html?_=1670636154711&CODE_STATE=getMsg HTTP/1.1" 200 27
120.253.135.82 - - [10/Dec/2022:09:35:34 +0800] "GET /xingrg/all/function/internal_message.html?_=1670635961493&CODE_STATE=getMsg HTTP/1.1" 200 27
114.84.38.109 - - [10/Dec/2022:09:35:36 +0800] "GET /xingrg/all/function/internal_message.html?_=1670636180106&CODE_STATE=getMsg HTTP/1.1" 200 27
114.88.159.190 - - [10/Dec/2022:09:35:39 +0800] "GET /xingrg/kc/buy/cgsh_order_operate.html?command=get_materiel&rest_code=00141&code=00101008155&supplier_code=00100007&order_time=2022-12-10 HTTP/1.1" 200 408
114.88.159.190 - - [10/Dec/2022:09:35:46 +0800] "GET /xingrg/all/function/internal_message.html?_=1670635763551&CODE_STATE=getMsg HTTP/1.1" 200 27
114.83.222.182 - - [10/Dec/2022:09:35:47 +0800] "GET /xingrg/all/function/internal_message.html?_=1670636226660&CODE_STATE=getMsg HTTP/1.1" 200 27
114.83.218.138 - - [10/Dec/2022:09:35:49 +0800] "GET /xingrg/kc/buy/cgsh_order_operate.html?command=get_materiel&rest_code=00149&code=00101008352&supplier_code=00100008&order_time=2022-12-10 HTTP/1.1" 200 412
114.88.159.190 - - [10/Dec/2022:09:35:50 +0800] "GET /xingrg/kc/buy/cgsh_order_operate.html?command=get_materiel&rest_code=00141&code=00101008112&supplier_code=00100007&order_time=2022-12-10 HTTP/1.1" 200 412
114.95.43.237 - - [10/Dec/2022:09:35:55 +0800] "GET /xingrg/all/function/internal_message.html?_=1670636181538&CODE_STATE=getMsg HTTP/1.1" 200 27
114.88.159.190 - - [10/Dec/2022:09:36:01 +0800] "GET /xingrg/kc/buy/cgsh_order_operate.html?command=get_materiel&rest_code=00141&code=00101008354&supplier_code=00100007&order_time=2022-12-10 HTTP/1.1" 200 412
114.83.218.138 - - [10/Dec/2022:09:36:03 +0800] "GET /xingrg/kc/buy/cgsh_order_operate.html?command=get_materiel&rest_code=00149&code=00101008098&supplier_code=00100008&order_time=2022-12-10 HTTP/1.1" 200 412
114.83.218.138 - - [10/Dec/2022:09:36:08 +0800] "POST /xingrg/kc/buy/cgsh_order_operate.html HTTP/1.1" 200 2065
116.238.139.35 - - [10/Dec/2022:09:36:10 +0800] "GET /xingrg/all/function/internal_message.html?_=1670636131135&CODE_STATE=getMsg HTTP/1.1" 200 27
116.192.124.172 - - [10/Dec/2022:09:36:12 +0800] "GET /xingrg/all/function/internal_message.html?_=1670636195933&CODE_STATE=getMsg HTTP/1.1" 302 -
114.95.43.237 - - [10/Dec/2022:09:36:14 +0800] "GET /xingrg/all/function/internal_message.html?_=1670636045316&CODE_STATE=getMsg HTTP/1.1" 200 27
114.83.218.138 - - [10/Dec/2022:09:36:15 +0800] "GET /xingrg/kc/buy/cgsh_order_operate.html?command=get_materiel&rest_code=00149&code=00101008005&supplier_code=00100008&order_time=2022-12-10 HTTP/1.1" 200 412
114.88.159.190 - - [10/Dec/2022:09:36:23 +0800] "GET /xingrg/kc/buy/cgsh_order_operate.html?command=get_materiel&rest_code=00141&code=00101008148&supplier_code=00100007&order_time=2022-12-10 HTTP/1.1" 200 416
61.170.235.152 - - [10/Dec/2022:09:36:23 +0800] "GET /xingrg/all/function/internal_message.html?_=1670636202562&CODE_STATE=getMsg HTTP/1.1" 200 27
114.83.218.138 - - [10/Dec/2022:09:36:25 +0800] "GET /xingrg/kc/buy/cgsh_order_operate.html?command=get_materiel&rest_code=00149&code=00101008353&supplier_code=00100008&order_time=2022-12-10 HTTP/1.1" 200 408
114.83.218.138 - - [10/Dec/2022:09:36:26 +0800] "GET /xingrg/all/function/internal_message.html?_=1670636208476&CODE_STATE=getMsg HTTP/1.1" 200 27
222.70.177.10 - - [10/Dec/2022:09:36:27 +0800] "GET /xingrg/all/function/internal_message.html?_=1670636207761&CODE_STATE=getMsg HTTP/1.1" 200 27
116.230.105.139 - - [10/Dec/2022:09:36:31 +0800] "GET /xingrg/all/function/internal_message.html?_=1670636213594&CODE_STATE=getMsg HTTP/1.1" 200 27
116.230.105.139 - - [10/Dec/2022:09:36:31 +0800] "GET /xingrg/check_reg.html?_=1670636213595 HTTP/1.1" 200 22
116.238.139.35 - - [10/Dec/2022:09:36:31 +0800] "GET /xingrg/all/function/internal_message.html?_=1670636214699&CODE_STATE=getMsg HTTP/1.1" 200 27
114.88.159.190 - - [10/Dec/2022:09:36:33 +0800] "GET /xingrg/kc/buy/cgsh_order_operate.html?command=get_materiel&rest_code=00141&code=00101008264&supplier_code=00100007&order_time=2022-12-10 HTTP/1.1" 200 412
120.253.135.82 - - [10/Dec/2022:09:36:34 +0800] "GET /xingrg/all/function/internal_message.html?_=1670636021502&CODE_STATE=getMsg HTTP/1.1" 200 27
114.84.38.109 - - [10/Dec/2022:09:36:35 +0800] "GET /xingrg/check_reg.html?_=1670636239753 HTTP/1.1" 200 22
114.84.38.109 - - [10/Dec/2022:09:36:35 +0800] "GET /xingrg/all/function/internal_message.html?_=1670636240108&CODE_STATE=getMsg HTTP/1.1" 200 27
114.88.159.190 - - [10/Dec/2022:09:36:42 +0800] "GET /xingrg/kc/buy/cgsh_order_operate.html?command=get_materiel&rest_code=00141&code=00101015183&supplier_code=00100007&order_time=2022-12-10 HTTP/1.1" 200 406
114.88.159.190 - - [10/Dec/2022:09:36:46 +0800] "GET /xingrg/all/function/internal_message.html?_=1670635823533&CODE_STATE=getMsg HTTP/1.1" 200 27
114.88.159.190 - - [10/Dec/2022:09:36:46 +0800] "GET /xingrg/check_reg.html?_=1670635823535 HTTP/1.1" 200 22
114.83.222.182 - - [10/Dec/2022:09:36:47 +0800] "GET /xingrg/all/function/internal_message.html?_=1670636286650&CODE_STATE=getMsg HTTP/1.1" 200 27
114.88.159.190 - - [10/Dec/2022:09:36:51 +0800] "GET /xingrg/kc/buy/cgsh_order_operate.html?command=get_materiel&rest_code=00141&code=00101008137&supplier_code=00100007&order_time=2022-12-10 HTTP/1.1" 200 408
114.95.43.237 - - [10/Dec/2022:09:36:56 +0800] "GET /xingrg/all/function/internal_message.html?_=1670636241544&CODE_STATE=getMsg HTTP/1.1" 200 27
114.83.218.138 - - [10/Dec/2022:09:37:00 +0800] "GET /xingrg/kc/buy/cgsh_order_operate.html?command=get_materiel&rest_code=00149&code=00101008213&supplier_code=00100008&order_time=2022-12-10 HTTP/1.1" 200 412
114.88.159.190 - - [10/Dec/2022:09:37:05 +0800] "GET /xingrg/kc/buy/cgsh_order_operate.html?command=get_materiel&rest_code=00141&code=00101008357&supplier_code=00100007&order_time=2022-12-10 HTTP/1.1" 200 408
114.95.43.237 - - [10/Dec/2022:09:37:06 +0800] "GET /xingrg/kc/buy/cgsh_order_operate.html?command=get_materiel&rest_code=00105&code=00101008069&supplier_code=00100203&order_time=2022-12-10 HTTP/1.1" 200 412
116.238.139.35 - - [10/Dec/2022:09:37:10 +0800] "GET /xingrg/all/function/internal_message.html?_=1670636191150&CODE_STATE=getMsg HTTP/1.1" 200 27
116.192.124.172 - - [10/Dec/2022:09:37:12 +0800] "GET /xingrg/all/function/internal_message.html?_=1670636255909&CODE_STATE=getMsg HTTP/1.1" 302 -
114.83.218.138 - - [10/Dec/2022:09:37:13 +0800] "POST /xingrg/kc/buy/cgsh_order_operate.html HTTP/1.1" 200 2065
116.192.124.172 - - [10/Dec/2022:09:37:13 +0800] "GET /xingrg/check_reg.html?_=1670636256984 HTTP/1.1" 302 -
114.95.43.237 - - [10/Dec/2022:09:37:14 +0800] "GET /xingrg/all/function/internal_message.html?_=1670636105304&CODE_STATE=getMsg HTTP/1.1" 200 27
