120.253.135.82 - - [10/Dec/2022:09:16:26 +0800] "GET /xingrg/all/function/internal_message.html?_=1670634475097&CODE_STATE=getMsg HTTP/1.1" 302 -
222.70.177.10 - - [10/Dec/2022:09:16:28 +0800] "GET /xingrg/all/function/internal_message.html?_=1670635008157&CODE_STATE=getMsg HTTP/1.1" 200 27
116.230.105.139 - - [10/Dec/2022:09:16:31 +0800] "GET /xingrg/all/function/internal_message.html?_=1670635013592&CODE_STATE=getMsg HTTP/1.1" 200 27
116.230.105.139 - - [10/Dec/2022:09:16:31 +0800] "GET /xingrg/check_reg.html?_=1670635013596 HTTP/1.1" 200 22
120.253.135.82 - - [10/Dec/2022:09:16:31 +0800] "GET /xingrg/check_reg.html?_=1670634480014 HTTP/1.1" 302 -
116.238.139.35 - - [10/Dec/2022:09:16:31 +0800] "GET /xingrg/all/function/internal_message.html?_=1670635014678&CODE_STATE=getMsg HTTP/1.1" 200 27
116.238.139.35 - - [10/Dec/2022:09:16:31 +0800] "POST /xingrg/kc/buy/cgsh_order_operate.html HTTP/1.1" 200 64
114.84.38.109 - - [10/Dec/2022:09:16:33 +0800] "GET /favicon.ico HTTP/1.1" 404 -
114.95.43.237 - - [10/Dec/2022:09:16:33 +0800] "POST /xingrg/kc/buy/cgsh_order_operate.html HTTP/1.1" 200 37
114.84.38.109 - - [10/Dec/2022:09:16:33 +0800] "GET /xingrg/login.html HTTP/1.1" 200 7641
120.253.135.82 - - [10/Dec/2022:09:16:33 +0800] "GET /xingrg/all/function/internal_message.html?_=1670634820824&CODE_STATE=getMsg HTTP/1.1" 200 27
114.84.38.109 - - [10/Dec/2022:09:16:34 +0800] "GET /favicon.ico HTTP/1.1" 404 -
61.170.235.152 - - [10/Dec/2022:09:16:34 +0800] "GET /xingrg/kc/buy/cgsh_order_operate.html?command=get_materiel&rest_code=00106&code=00101008110&supplier_code=00100007&order_time=2022-12-10 HTTP/1.1" 200 408
114.84.38.109 - - [10/Dec/2022:09:16:35 +0800] "POST /xingrg/login.do HTTP/1.1" 302 -
114.84.38.109 - - [10/Dec/2022:09:16:35 +0800] "GET /xingrg/index.html?sysBaseUrl=http%3A%2F%2F180.169.147.146%3A18081%2Fxingrg%2F&costTime=40×tamp=1670634995292 HTTP/1.1" 200 17179
114.84.38.109 - - [10/Dec/2022:09:16:35 +0800] "GET /xingrg/javascript/jquery_easy_ui/themes/default/easyui.css HTTP/1.1" 304 -
114.84.38.109 - - [10/Dec/2022:09:16:35 +0800] "GET /xingrg/javascript/jquery-1.4.2.min.js HTTP/1.1" 304 -
114.84.38.109 - - [10/Dec/2022:09:16:35 +0800] "GET /xingrg/css/form.css HTTP/1.1" 304 -
114.84.38.109 - - [10/Dec/2022:09:16:35 +0800] "GET /xingrg/javascript/jquery_easy_ui/themes/icon.css HTTP/1.1" 304 -
114.84.38.109 - - [10/Dec/2022:09:16:35 +0800] "GET /xingrg/javascript/jquery_easy_ui/jquery.easyui.min.js HTTP/1.1" 304 -
114.84.38.109 - - [10/Dec/2022:09:16:35 +0800] "GET /xingrg/javascript/jquery.form.js HTTP/1.1" 304 -
114.84.38.109 - - [10/Dec/2022:09:16:35 +0800] "GET /xingrg/javascript/jquery.utils.js HTTP/1.1" 304 -
114.84.38.109 - - [10/Dec/2022:09:16:35 +0800] "GET /xingrg/javascript/jquery_easy_ui/easyui-lang-zh_CN.js HTTP/1.1" 304 -
114.84.38.109 - - [10/Dec/2022:09:16:35 +0800] "GET /xingrg/javascript/jquery.timers.js HTTP/1.1" 304 -
114.84.38.109 - - [10/Dec/2022:09:16:35 +0800] "GET /favicon.ico HTTP/1.1" 404 -
114.84.38.109 - - [10/Dec/2022:09:16:35 +0800] "POST /xingrg/all/common/load_tree.html?tree=area_rest_tree_json&manage=1 HTTP/1.1" 200 479
114.84.38.109 - - [10/Dec/2022:09:16:35 +0800] "GET /xingrg/all/function/internal_message.html?_=1670635039734&CODE_STATE=count HTTP/1.1" 200 11
114.84.38.109 - - [10/Dec/2022:09:16:35 +0800] "GET /xingrg/check_reg.html?_=1670635039735 HTTP/1.1" 200 22
114.84.38.109 - - [10/Dec/2022:09:16:35 +0800] "POST /xingrg/load_menu.html HTTP/1.1" 200 5138
116.238.139.35 - - [10/Dec/2022:09:16:38 +0800] "POST /xingrg/kc/buy/cgsh_order_operate.html HTTP/1.1" 200 37
114.84.38.109 - - [10/Dec/2022:09:16:39 +0800] "GET /xingrg/css/base.css HTTP/1.1" 304 -
114.84.38.109 - - [10/Dec/2022:09:16:39 +0800] "GET /xingrg/css/site.css HTTP/1.1" 304 -
114.84.38.109 - - [10/Dec/2022:09:16:39 +0800] "GET /xingrg/javascript/jquery_tools/datebox.css HTTP/1.1" 304 -
114.84.38.109 - - [10/Dec/2022:09:16:39 +0800] "GET /xingrg/javascript/easyui/themes/default/easyui.css HTTP/1.1" 304 -
114.84.38.109 - - [10/Dec/2022:09:16:39 +0800] "GET /xingrg/javascript/auto/jquery.autocomplete.css HTTP/1.1" 304 -
114.84.38.109 - - [10/Dec/2022:09:16:39 +0800] "GET /xingrg/javascript/easyui/themes/icon.css HTTP/1.1" 304 -
114.84.38.109 - - [10/Dec/2022:09:16:39 +0800] "GET /xingrg/javascript/jquery_tools/table.css HTTP/1.1" 304 -
114.84.38.109 - - [10/Dec/2022:09:16:39 +0800] "GET /xingrg/javascript/jquery_tools/fix.css HTTP/1.1" 304 -
114.84.38.109 - - [10/Dec/2022:09:16:39 +0800] "GET /xingrg/javascript/jquery_tools/jquery.tools.extend.js HTTP/1.1" 304 -
114.84.38.109 - - [10/Dec/2022:09:16:39 +0800] "GET /xingrg/javascript/jquery_tools/jquery.tools.hotkey.js HTTP/1.1" 304 -
114.84.38.109 - - [10/Dec/2022:09:16:39 +0800] "GET /xingrg/javascript/jquery_tools/jquery.tools.table.js HTTP/1.1" 304 -
114.84.38.109 - - [10/Dec/2022:09:16:39 +0800] "GET /xingrg/javascript/jquery_tools/list_manager.js HTTP/1.1" 304 -
114.84.38.109 - - [10/Dec/2022:09:16:39 +0800] "GET /xingrg/javascript/jquery_tools/jquery.tools.min.js HTTP/1.1" 304 -
114.84.38.109 - - [10/Dec/2022:09:16:39 +0800] "GET /xingrg/javascript/auto/jquery.autocomplete.js HTTP/1.1" 304 -
114.84.38.109 - - [10/Dec/2022:09:16:39 +0800] "GET /xingrg/javascript/easyui/easyloader.js HTTP/1.1" 304 -
114.84.38.109 - - [10/Dec/2022:09:16:39 +0800] "GET /xingrg/javascript/jquery.cookie.js HTTP/1.1" 304 -
114.84.38.109 - - [10/Dec/2022:09:16:39 +0800] "GET /xingrg/javascript/print/LodopFuncs.js HTTP/1.1" 304 -
114.84.38.109 - - [10/Dec/2022:09:16:39 +0800] "GET /xingrg/kc/buy/cgsh_order_list.html HTTP/1.1" 200 53797
114.84.38.109 - - [10/Dec/2022:09:16:39 +0800] "GET /xingrg/javascript/easyui/plugins/jquery.parser.js HTTP/1.1" 304 -
116.238.139.35 - - [10/Dec/2022:09:16:40 +0800] "POST /xingrg/kc/buy/cgsh_order_operate.html HTTP/1.1" 200 28732
114.84.38.109 - - [10/Dec/2022:09:16:42 +0800] "POST /xingrg/kc/buy/cgsh_list_operate.html HTTP/1.1" 200 1869
114.84.38.109 - - [10/Dec/2022:09:16:43 +0800] "POST /xingrg/kc/buy/cgsh_list_operate.html HTTP/1.1" 200 573
61.170.235.152 - - [10/Dec/2022:09:16:44 +0800] "GET /xingrg/kc/buy/cgsh_order_operate.html?command=get_materiel&rest_code=00106&code=00101008041&supplier_code=00100007&order_time=2022-12-10 HTTP/1.1" 200 408
114.84.38.109 - - [10/Dec/2022:09:16:44 +0800] "GET /xingrg/javascript/pic_change.js HTTP/1.1" 304 -
114.84.38.109 - - [10/Dec/2022:09:16:44 +0800] "GET /xingrg/javascript/jquery_tools/order_manager.js HTTP/1.1" 304 -
114.84.38.109 - - [10/Dec/2022:09:16:44 +0800] "GET /xingrg/javascript/json2.js HTTP/1.1" 304 -
114.84.38.109 - - [10/Dec/2022:09:16:44 +0800] "GET /xingrg/javascript/convert.js HTTP/1.1" 304 -
114.84.38.109 - - [10/Dec/2022:09:16:44 +0800] "GET /xingrg/javascript/print/kc_print.js HTTP/1.1" 304 -
114.84.38.109 - - [10/Dec/2022:09:16:44 +0800] "GET /xingrg/kc/buy/cgsh_order_info.html?code=212022121002694 HTTP/1.1" 200 69581
114.84.38.109 - - [10/Dec/2022:09:16:44 +0800] "GET /xingrg/words/20221208122451_words.js HTTP/1.1" 304 -
114.84.38.109 - - [10/Dec/2022:09:16:45 +0800] "GET /xingrg/all/common/auto_word.html?type=employee&rest_code=00146 HTTP/1.1" 200 101
114.84.38.109 - - [10/Dec/2022:09:16:45 +0800] "GET /xingrg/all/common/auto_word.html?type=employee&rest_code=00146 HTTP/1.1" 200 101
114.84.38.109 - - [10/Dec/2022:09:16:45 +0800] "GET /xingrg/javascript/easyui/themes/default/validatebox.css HTTP/1.1" 404 1104
114.84.38.109 - - [10/Dec/2022:09:16:45 +0800] "GET /xingrg/javascript/easyui/plugins/jquery.validatebox.js HTTP/1.1" 304 -
114.84.38.109 - - [10/Dec/2022:09:16:45 +0800] "GET /xingrg/javascript/easyui/plugins/jquery.numberbox.js HTTP/1.1" 304 -
114.84.38.109 - - [10/Dec/2022:09:16:46 +0800] "POST /xingrg/kc/buy/cgsh_order_operate.html HTTP/1.1" 200 35754
116.238.139.35 - - [10/Dec/2022:09:16:48 +0800] "GET /xingrg/kc/buy/cgsh_order_operate.html?command=get_materiel&rest_code=00150&code=00101008558&supplier_code=00100008&order_time=2022-12-10 HTTP/1.1" 200 409
61.170.235.152 - - [10/Dec/2022:09:16:48 +0800] "POST /xingrg/kc/buy/cgsh_order_operate.html HTTP/1.1" 200 2065
114.95.43.237 - - [10/Dec/2022:09:16:51 +0800] "POST /xingrg/kc/buy/cgsh_order_operate.html HTTP/1.1" 200 5024
61.170.235.152 - - [10/Dec/2022:09:16:53 +0800] "GET /xingrg/kc/buy/cgsh_order_operate.html?command=get_materiel&rest_code=00106&code=00101008150&supplier_code=00100007&order_time=2022-12-10 HTTP/1.1" 200 409
114.84.38.109 - - [10/Dec/2022:09:16:55 +0800] "GET /xingrg/javascript/auto/indicator.gif HTTP/1.1" 404 1066
114.95.43.237 - - [10/Dec/2022:09:16:56 +0800] "GET /xingrg/all/function/internal_message.html?_=1670635041801&CODE_STATE=getMsg HTTP/1.1" 200 27
116.238.139.35 - - [10/Dec/2022:09:16:59 +0800] "GET /xingrg/kc/buy/cgsh_order_operate.html?command=get_materiel&rest_code=00150&code=00101008150&supplier_code=00100008&order_time=2022-12-10 HTTP/1.1" 200 409
114.84.38.109 - - [10/Dec/2022:09:17:01 +0800] "GET /xingrg/kc/buy/cgsh_order_operate.html?command=get_materiel&rest_code=00146&code=00101008353&supplier_code=00100005&order_time=2022-12-10 HTTP/1.1" 200 408
61.170.235.152 - - [10/Dec/2022:09:17:01 +0800] "GET /xingrg/kc/buy/cgsh_order_operate.html?command=get_materiel&rest_code=00106&code=00101013179&supplier_code=00100007&order_time=2022-12-10 HTTP/1.1" 200 412
116.238.139.35 - - [10/Dec/2022:09:17:09 +0800] "GET /xingrg/kc/buy/cgsh_order_operate.html?command=get_materiel&rest_code=00150&code=00101008061&supplier_code=00100008&order_time=2022-12-10 HTTP/1.1" 200 422
61.170.235.152 - - [10/Dec/2022:09:17:09 +0800] "GET /xingrg/kc/buy/cgsh_order_operate.html?command=get_materiel&rest_code=00106&code=00101008168&supplier_code=00100007&order_time=2022-12-10 HTTP/1.1" 200 412
116.238.139.35 - - [10/Dec/2022:09:17:09 +0800] "GET /xingrg/all/function/internal_message.html?_=1670634989894&CODE_STATE=getMsg HTTP/1.1" 200 27
116.192.124.172 - - [10/Dec/2022:09:17:13 +0800] "GET /xingrg/all/function/internal_message.html?_=1670635056260&CODE_STATE=getMsg HTTP/1.1" 302 -
116.192.124.172 - - [10/Dec/2022:09:17:13 +0800] "GET /xingrg/check_reg.html?_=1670635057025 HTTP/1.1" 302 -
114.95.43.237 - - [10/Dec/2022:09:17:14 +0800] "POST /xingrg/kc/buy/cgsh_order_operate.html HTTP/1.1" 200 37
114.95.43.237 - - [10/Dec/2022:09:17:15 +0800] "GET /xingrg/all/function/internal_message.html?_=1670634905528&CODE_STATE=getMsg HTTP/1.1" 200 27
114.95.43.237 - - [10/Dec/2022:09:17:15 +0800] "POST /xingrg/kc/buy/cgsh_order_operate.html HTTP/1.1" 200 5024
61.170.235.152 - - [10/Dec/2022:09:17:17 +0800] "GET /xingrg/kc/buy/cgsh_order_operate.html?command=get_materiel&rest_code=00106&code=00101008114&supplier_code=00100007&order_time=2022-12-10 HTTP/1.1" 200 412
114.84.38.109 - - [10/Dec/2022:09:17:18 +0800] "GET /xingrg/kc/buy/cgsh_order_operate.html?command=get_materiel&rest_code=00146&code=00101008005&supplier_code=00100005&order_time=2022-12-10 HTTP/1.1" 200 412
116.238.139.35 - - [10/Dec/2022:09:17:18 +0800] "GET /xingrg/kc/buy/cgsh_order_operate.html?command=get_materiel&rest_code=00150&code=00101008095&supplier_code=00100008&order_time=2022-12-10 HTTP/1.1" 200 412
114.95.43.237 - - [10/Dec/2022:09:17:23 +0800] "POST /xingrg/kc/buy/cgsh_order_operate.html HTTP/1.1" 200 37
61.170.235.152 - - [10/Dec/2022:09:17:24 +0800] "GET /xingrg/all/function/internal_message.html?_=1670635062989&CODE_STATE=getMsg HTTP/1.1" 200 27
114.95.43.237 - - [10/Dec/2022:09:17:24 +0800] "POST /xingrg/kc/buy/cgsh_order_operate.html HTTP/1.1" 200 5024
114.95.43.237 - - [10/Dec/2022:09:17:25 +0800] "GET /xingrg/kc/print/load_config.html?kc_code=cgsh HTTP/1.1" 200 1943
114.95.43.237 - - [10/Dec/2022:09:17:26 +0800] "GET /xingrg/kc/print/load_data.html?order_code=212022121002695&kc_code=cgsh&condition= HTTP/1.1" 200 1578
120.253.135.82 - - [10/Dec/2022:09:17:26 +0800] "GET /xingrg/all/function/internal_message.html?_=1670634535102&CODE_STATE=getMsg HTTP/1.1" 302 -
222.70.177.10 - - [10/Dec/2022:09:17:28 +0800] "GET /xingrg/all/function/internal_message.html?_=1670635068133&CODE_STATE=getMsg HTTP/1.1" 200 27
116.230.105.139 - - [10/Dec/2022:09:17:31 +0800] "GET /xingrg/all/function/internal_message.html?_=1670635073585&CODE_STATE=getMsg HTTP/1.1" 200 27
116.238.139.35 - - [10/Dec/2022:09:17:31 +0800] "GET /xingrg/check_reg.html?_=1670635074665 HTTP/1.1" 200 22
116.238.139.35 - - [10/Dec/2022:09:17:31 +0800] "GET /xingrg/all/function/internal_message.html?_=1670635074668&CODE_STATE=getMsg HTTP/1.1" 200 27
61.170.235.152 - - [10/Dec/2022:09:17:31 +0800] "GET /xingrg/kc/buy/cgsh_order_operate.html?command=get_materiel&rest_code=00106&code=00101008079&supplier_code=00100007&order_time=2022-12-10 HTTP/1.1" 200 416
120.253.135.82 - - [10/Dec/2022:09:17:33 +0800] "GET /xingrg/check_reg.html?_=1670634880206 HTTP/1.1" 200 22
120.253.135.82 - - [10/Dec/2022:09:17:33 +0800] "GET /xingrg/all/function/internal_message.html?_=1670634880836&CODE_STATE=getMsg HTTP/1.1" 200 27
61.170.235.152 - - [10/Dec/2022:09:17:34 +0800] "POST /xingrg/kc/buy/cgsh_order_operate.html HTTP/1.1" 200 2065
114.84.38.109 - - [10/Dec/2022:09:17:35 +0800] "GET /xingrg/all/function/internal_message.html?_=1670635099740&CODE_STATE=getMsg HTTP/1.1" 200 27
222.70.177.10 - - [10/Dec/2022:09:17:35 +0800] "GET /xingrg/kc/buy/cgsh_order_operate.html?command=get_materiel&rest_code=00111&code=00101006111&supplier_code=00100012&order_time=2022-12-10 HTTP/1.1" 200 409
116.238.139.35 - - [10/Dec/2022:09:17:36 +0800] "GET /xingrg/kc/buy/cgsh_order_operate.html?command=get_materiel&rest_code=00150&code=00101008110&supplier_code=00100008&order_time=2022-12-10 HTTP/1.1" 200 408
114.84.38.109 - - [10/Dec/2022:09:17:40 +0800] "GET /xingrg/kc/buy/cgsh_order_operate.html?command=get_materiel&rest_code=00146&code=00101008036&supplier_code=00100005&order_time=2022-12-10 HTTP/1.1" 200 408
180.163.29.103 - - [10/Dec/2022:09:17:41 +0800] "GET /xingrg/kc/buy/cgsh_order_operate.html?command=get_materiel&rest_code=00106&code=00101008041&supplier_code=00100007&order_time=2022-12-10 HTTP/1.1" 302 -
180.163.29.103 - - [10/Dec/2022:09:17:41 +0800] "GET /xingrg/login.html HTTP/1.1" 200 7641
61.170.235.152 - - [10/Dec/2022:09:17:42 +0800] "GET /xingrg/kc/buy/cgsh_order_operate.html?command=get_materiel&rest_code=00106&code=00101008134&supplier_code=00100007&order_time=2022-12-10 HTTP/1.1" 200 412
116.238.139.35 - - [10/Dec/2022:09:17:46 +0800] "POST /xingrg/kc/buy/cgsh_order_operate.html HTTP/1.1" 200 37
116.238.139.35 - - [10/Dec/2022:09:17:47 +0800] "POST /xingrg/kc/buy/cgsh_order_operate.html HTTP/1.1" 200 31690
222.70.177.10 - - [10/Dec/2022:09:17:47 +0800] "GET /xingrg/kc/buy/cgsh_order_operate.html?command=get_materiel&rest_code=00111&code=00101006193&supplier_code=00100012&order_time=2022-12-10 HTTP/1.1" 200 409
180.163.30.27 - - [10/Dec/2022:09:17:51 +0800] "GET /xingrg/kc/buy/cgsh_order_operate.html?command=get_materiel&rest_code=00106&code=00101008150&supplier_code=00100007&order_time=2022-12-10 HTTP/1.1" 302 -
180.163.30.27 - - [10/Dec/2022:09:17:51 +0800] "GET /xingrg/login.html HTTP/1.1" 200 7641
114.84.38.109 - - [10/Dec/2022:09:17:55 +0800] "POST /xingrg/kc/buy/cgsh_order_operate.html HTTP/1.1" 200 2065
116.238.139.35 - - [10/Dec/2022:09:17:55 +0800] "GET /xingrg/kc/buy/cgsh_order_operate.html?command=get_materiel&rest_code=00150&code=00101008229&supplier_code=00100008&order_time=2022-12-10 HTTP/1.1" 200 420
61.170.235.152 - - [10/Dec/2022:09:17:56 +0800] "GET /xingrg/kc/buy/cgsh_order_operate.html?command=get_materiel&rest_code=00106&code=00101008036&supplier_code=00100007&order_time=2022-12-10 HTTP/1.1" 200 408
114.95.43.237 - - [10/Dec/2022:09:17:56 +0800] "GET /xingrg/all/function/internal_message.html?_=1670635101787&CODE_STATE=getMsg HTTP/1.1" 200 27
61.170.235.152 - - [10/Dec/2022:09:18:04 +0800] "POST /xingrg/kc/buy/cgsh_order_operate.html HTTP/1.1" 200 37
114.84.38.109 - - [10/Dec/2022:09:18:04 +0800] "GET /xingrg/kc/buy/cgsh_order_operate.html?command=get_materiel&rest_code=00146&code=00101015006&supplier_code=00100005&order_time=2022-12-10 HTTP/1.1" 200 412
61.170.235.152 - - [10/Dec/2022:09:18:05 +0800] "POST /xingrg/kc/buy/cgsh_order_operate.html HTTP/1.1" 200 36917
116.238.139.35 - - [10/Dec/2022:09:18:06 +0800] "GET /xingrg/kc/buy/cgsh_order_operate.html?command=get_materiel&rest_code=00150&code=00101008283&supplier_code=00100008&order_time=2022-12-10 HTTP/1.1" 200 408
116.238.139.35 - - [10/Dec/2022:09:18:09 +0800] "GET /xingrg/all/function/internal_message.html?_=1670635049939&CODE_STATE=getMsg HTTP/1.1" 200 27
114.95.43.237 - - [10/Dec/2022:09:18:12 +0800] "POST /xingrg/kc/buy/cgsh_list_operate.html HTTP/1.1" 200 562
116.192.124.172 - - [10/Dec/2022:09:18:13 +0800] "GET /xingrg/all/function/internal_message.html?_=1670635116238&CODE_STATE=getMsg HTTP/1.1" 302 -
114.95.43.237 - - [10/Dec/2022:09:18:13 +0800] "GET /xingrg/kc/buy/cgsh_order_info.html?code=212022121002684 HTTP/1.1" 200 69657
114.95.43.237 - - [10/Dec/2022:09:18:13 +0800] "GET /xingrg/javascript/easyui/themes/default/validatebox.css HTTP/1.1" 404 1104
114.95.43.237 - - [10/Dec/2022:09:18:14 +0800] "POST /xingrg/kc/buy/cgsh_order_operate.html HTTP/1.1" 200 47557
114.95.43.237 - - [10/Dec/2022:09:18:15 +0800] "GET /xingrg/all/function/internal_message.html?_=1670634965516&CODE_STATE=getMsg HTTP/1.1" 200 27
114.84.38.109 - - [10/Dec/2022:09:18:18 +0800] "POST /xingrg/kc/buy/cgsh_order_operate.html HTTP/1.1" 200 37
114.84.38.109 - - [10/Dec/2022:09:18:23 +0800] "POST /xingrg/kc/buy/cgsh_order_operate.html HTTP/1.1" 200 38697
61.170.235.152 - - [10/Dec/2022:09:18:23 +0800] "GET /xingrg/check_reg.html?_=1670635122500 HTTP/1.1" 200 22
61.170.235.152 - - [10/Dec/2022:09:18:24 +0800] "GET /xingrg/all/function/internal_message.html?_=1670635122965&CODE_STATE=getMsg HTTP/1.1" 200 27
114.84.38.109 - - [10/Dec/2022:09:18:25 +0800] "GET /xingrg/kc/print/load_config.html?kc_code=cgsh HTTP/1.1" 200 1943
114.84.38.109 - - [10/Dec/2022:09:18:26 +0800] "GET /xingrg/kc/print/load_data.html?order_code=212022121002694&kc_code=cgsh&condition= HTTP/1.1" 200 14316
120.253.135.82 - - [10/Dec/2022:09:18:26 +0800] "GET /xingrg/all/function/internal_message.html?_=1670634595079&CODE_STATE=getMsg HTTP/1.1" 302 -
222.70.177.10 - - [10/Dec/2022:09:18:28 +0800] "GET /xingrg/all/function/internal_message.html?_=1670635128112&CODE_STATE=getMsg HTTP/1.1" 200 27
116.230.105.139 - - [10/Dec/2022:09:18:31 +0800] "GET /xingrg/all/function/internal_message.html?_=1670635133591&CODE_STATE=getMsg HTTP/1.1" 200 27
116.238.139.35 - - [10/Dec/2022:09:18:31 +0800] "GET /xingrg/all/function/internal_message.html?_=1670635134667&CODE_STATE=getMsg HTTP/1.1" 200 27
120.253.135.82 - - [10/Dec/2022:09:18:33 +0800] "GET /xingrg/all/function/internal_message.html?_=1670634940851&CODE_STATE=getMsg HTTP/1.1" 200 27
114.84.38.109 - - [10/Dec/2022:09:18:35 +0800] "GET /xingrg/all/function/internal_message.html?_=1670635159753&CODE_STATE=getMsg HTTP/1.1" 200 27
180.163.30.85 - - [10/Dec/2022:09:18:39 +0800] "GET /xingrg/kc/buy/cgsh_order_operate.html?command=get_materiel&rest_code=00106&code=00101008134&supplier_code=00100007&order_time=2022-12-10 HTTP/1.1" 302 -
180.163.30.85 - - [10/Dec/2022:09:18:39 +0800] "GET /xingrg/login.html HTTP/1.1" 200 7641
222.70.177.10 - - [10/Dec/2022:09:18:44 +0800] "GET /xingrg/kc/buy/cgsh_order_operate.html?command=get_materiel&rest_code=00111&code=00101006136&supplier_code=00100012&order_time=2022-12-10 HTTP/1.1" 200 417
116.238.139.35 - - [10/Dec/2022:09:18:49 +0800] "POST /xingrg/kc/buy/cgsh_order_operate.html HTTP/1.1" 200 37
116.238.139.35 - - [10/Dec/2022:09:18:50 +0800] "POST /xingrg/kc/buy/cgsh_order_operate.html HTTP/1.1" 200 34059
114.95.43.237 - - [10/Dec/2022:09:18:56 +0800] "GET /xingrg/all/function/internal_message.html?_=1670635161793&CODE_STATE=getMsg HTTP/1.1" 200 27
222.70.177.10 - - [10/Dec/2022:09:18:57 +0800] "GET /xingrg/kc/buy/cgsh_order_operate.html?command=get_materiel&rest_code=00111&code=00101006026&supplier_code=00100012&order_time=2022-12-10 HTTP/1.1" 200 409
222.70.177.10 - - [10/Dec/2022:09:19:06 +0800] "GET /xingrg/kc/buy/cgsh_order_operate.html?command=get_materiel&rest_code=00111&code=00101016038&supplier_code=00100012&order_time=2022-12-10 HTTP/1.1" 200 408
116.238.139.35 - - [10/Dec/2022:09:19:09 +0800] "GET /xingrg/all/function/internal_message.html?_=1670635109952&CODE_STATE=getMsg HTTP/1.1" 200 27
116.192.124.172 - - [10/Dec/2022:09:19:13 +0800] "GET /xingrg/all/function/internal_message.html?_=1670635176219&CODE_STATE=getMsg HTTP/1.1" 302 -
58.221.95.50 - - [10/Dec/2022:09:19:14 +0800] "GET /xingrg/check_reg.html?_=1670635177428 HTTP/1.1" 302 -
61.170.235.152 - - [10/Dec/2022:09:19:14 +0800] "POST /xingrg/kc/buy/cgsh_order_operate.html HTTP/1.1" 200 37
114.95.43.237 - - [10/Dec/2022:09:19:15 +0800] "GET /xingrg/all/function/internal_message.html?_=1670635025505&CODE_STATE=getMsg HTTP/1.1" 200 27
61.170.235.152 - - [10/Dec/2022:09:19:15 +0800] "POST /xingrg/kc/buy/cgsh_order_operate.html HTTP/1.1" 200 36917
222.70.177.10 - - [10/Dec/2022:09:19:16 +0800] "GET /xingrg/kc/buy/cgsh_order_operate.html?command=get_materiel&rest_code=00111&code=00101006168&supplier_code=00100012&order_time=2022-12-10 HTTP/1.1" 200 421
180.163.29.79 - - [10/Dec/2022:09:19:23 +0800] "GET /xingrg/check_reg.html?_=1670635122500 HTTP/1.1" 302 -
180.163.29.79 - - [10/Dec/2022:09:19:23 +0800] "GET /xingrg/login.html HTTP/1.1" 200 7641
180.163.29.103 - - [10/Dec/2022:09:19:24 +0800] "GET /xingrg/all/function/internal_message.html?_=1670635122965&CODE_STATE=getMsg HTTP/1.1" 302 -
180.163.29.103 - - [10/Dec/2022:09:19:24 +0800] "GET /xingrg/login.html HTTP/1.1" 200 7641
61.170.235.152 - - [10/Dec/2022:09:19:24 +0800] "GET /xingrg/all/function/internal_message.html?_=1670635183039&CODE_STATE=getMsg HTTP/1.1" 200 27
120.253.135.82 - - [10/Dec/2022:09:19:26 +0800] "GET /xingrg/all/function/internal_message.html?_=1670634655070&CODE_STATE=getMsg HTTP/1.1" 302 -
222.70.177.10 - - [10/Dec/2022:09:19:27 +0800] "GET /xingrg/all/function/internal_message.html?_=1670635188085&CODE_STATE=getMsg HTTP/1.1" 200 27
222.70.177.10 - - [10/Dec/2022:09:19:28 +0800] "GET /xingrg/check_reg.html?_=1670635188383 HTTP/1.1" 200 22
120.253.135.82 - - [10/Dec/2022:09:19:31 +0800] "GET /xingrg/kc/report/report_main.html HTTP/1.1" 200 8599
116.230.105.139 - - [10/Dec/2022:09:19:31 +0800] "GET /xingrg/all/function/internal_message.html?_=1670635193599&CODE_STATE=getMsg HTTP/1.1" 200 27
116.238.139.35 - - [10/Dec/2022:09:19:31 +0800] "GET /xingrg/all/function/internal_message.html?_=1670635194676&CODE_STATE=getMsg HTTP/1.1" 200 27
120.253.135.82 - - [10/Dec/2022:09:19:32 +0800] "GET /xingrg/kc/base/kc_stocks.html HTTP/1.1" 200 16506
120.253.135.82 - - [10/Dec/2022:09:19:32 +0800] "GET /xingrg/javascript/easyui/themes/default/tree.css HTTP/1.1" 404 1090
120.253.135.82 - - [10/Dec/2022:09:19:32 +0800] "POST /xingrg/all/common/load_tree.html?tree=materiel_sort_tree_json HTTP/1.1" 200 9500
120.253.135.82 - - [10/Dec/2022:09:19:34 +0800] "POST /xingrg/all/common/load_combo.html?type=base HTTP/1.1" 200 1169
120.253.135.82 - - [10/Dec/2022:09:19:34 +0800] "GET /xingrg/all/function/internal_message.html?_=1670635001079&CODE_STATE=getMsg HTTP/1.1" 200 27
114.84.38.109 - - [10/Dec/2022:09:19:35 +0800] "GET /xingrg/all/function/internal_message.html?_=1670635219784&CODE_STATE=getMsg HTTP/1.1" 200 27
222.70.177.10 - - [10/Dec/2022:09:19:35 +0800] "GET /xingrg/kc/buy/cgsh_order_operate.html?command=get_materiel&rest_code=00111&code=00101006134&supplier_code=00100012&order_time=2022-12-10 HTTP/1.1" 200 417
120.253.135.82 - - [10/Dec/2022:09:19:41 +0800] "POST /xingrg/kc/base/stock_operate.html HTTP/1.1" 200 1476
120.253.135.82 - - [10/Dec/2022:09:19:49 +0800] "GET /xingrg/kc/pszx/mdqp_order_list.html?state=10 HTTP/1.1" 200 10709
120.253.135.82 - - [10/Dec/2022:09:19:49 +0800] "GET /xingrg/dwr/interface/AjaxReportQueryService.js HTTP/1.1" 200 13203
120.253.135.82 - - [10/Dec/2022:09:19:49 +0800] "GET /xingrg/dwr/interface/AjaxQqpsService.js HTTP/1.1" 200 16326
120.253.135.82 - - [10/Dec/2022:09:19:49 +0800] "GET /xingrg/dwr/engine.js HTTP/1.1" 200 43631
114.95.43.237 - - [10/Dec/2022:09:19:56 +0800] "GET /xingrg/check_reg.html?_=1670635221794 HTTP/1.1" 200 22
114.95.43.237 - - [10/Dec/2022:09:19:56 +0800] "GET /xingrg/all/function/internal_message.html?_=1670635221797&CODE_STATE=getMsg HTTP/1.1" 200 27
116.238.139.35 - - [10/Dec/2022:09:20:09 +0800] "GET /xingrg/check_reg.html?_=1670635169547 HTTP/1.1" 200 22
116.238.139.35 - - [10/Dec/2022:09:20:09 +0800] "GET /xingrg/all/function/internal_message.html?_=1670635169966&CODE_STATE=getMsg HTTP/1.1" 200 27
116.192.124.172 - - [10/Dec/2022:09:20:12 +0800] "GET /xingrg/all/function/internal_message.html?_=1670635236192&CODE_STATE=getMsg HTTP/1.1" 302 -
114.95.43.237 - - [10/Dec/2022:09:20:15 +0800] "GET /xingrg/all/function/internal_message.html?_=1670635085507&CODE_STATE=getMsg HTTP/1.1" 200 27
114.95.43.237 - - [10/Dec/2022:09:20:15 +0800] "GET /xingrg/check_reg.html?_=1670635086017 HTTP/1.1" 200 22
180.163.30.85 - - [10/Dec/2022:09:20:24 +0800] "GET /xingrg/all/function/internal_message.html?_=1670635183039&CODE_STATE=getMsg HTTP/1.1" 302 -
180.163.30.85 - - [10/Dec/2022:09:20:24 +0800] "GET /xingrg/login.html HTTP/1.1" 200 7641
61.170.235.152 - - [10/Dec/2022:09:20:24 +0800] "GET /xingrg/all/function/internal_message.html?_=1670635242916&CODE_STATE=getMsg HTTP/1.1" 200 27
120.253.135.82 - - [10/Dec/2022:09:20:26 +0800] "GET /xingrg/all/function/internal_message.html?_=1670634715030&CODE_STATE=getMsg HTTP/1.1" 302 -
222.70.177.10 - - [10/Dec/2022:09:20:27 +0800] "GET /xingrg/all/function/internal_message.html?_=1670635248055&CODE_STATE=getMsg HTTP/1.1" 200 27
116.230.105.139 - - [10/Dec/2022:09:20:31 +0800] "GET /xingrg/all/function/internal_message.html?_=1670635253598&CODE_STATE=getMsg HTTP/1.1" 200 27
116.238.139.35 - - [10/Dec/2022:09:20:31 +0800] "GET /xingrg/all/function/internal_message.html?_=1670635254677&CODE_STATE=getMsg HTTP/1.1" 200 27
120.253.135.82 - - [10/Dec/2022:09:20:34 +0800] "GET /xingrg/all/function/internal_message.html?_=1670635061161&CODE_STATE=getMsg HTTP/1.1" 200 27
114.84.38.109 - - [10/Dec/2022:09:20:35 +0800] "GET /xingrg/all/function/internal_message.html?_=1670635279796&CODE_STATE=getMsg HTTP/1.1" 200 27
114.95.43.237 - - [10/Dec/2022:09:20:56 +0800] "GET /xingrg/all/function/internal_message.html?_=1670635281790&CODE_STATE=getMsg HTTP/1.1" 200 27
114.84.38.109 - - [10/Dec/2022:09:21:05 +0800] "GET /xingrg/kc/buy/cgsh_order_add.html HTTP/1.1" 200 69572
114.84.38.109 - - [10/Dec/2022:09:21:05 +0800] "POST /xingrg/kc/buy/cgsh_order_operate.html HTTP/1.1" 200 8245
114.84.38.109 - - [10/Dec/2022:09:21:05 +0800] "GET /xingrg/javascript/easyui/themes/default/validatebox.css HTTP/1.1" 404 1104
116.238.139.35 - - [10/Dec/2022:09:21:09 +0800] "GET /xingrg/all/function/internal_message.html?_=1670635229980&CODE_STATE=getMsg HTTP/1.1" 200 27
114.84.38.109 - - [10/Dec/2022:09:21:12 +0800] "GET /xingrg/javascript/jquery_tools/images/next.gif HTTP/1.1" 404 1086
114.84.38.109 - - [10/Dec/2022:09:21:12 +0800] "GET /xingrg/javascript/jquery_tools/images/prev.gif HTTP/1.1" 404 1086
116.192.124.172 - - [10/Dec/2022:09:21:12 +0800] "GET /xingrg/all/function/internal_message.html?_=1670635296171&CODE_STATE=getMsg HTTP/1.1" 302 -
114.95.43.237 - - [10/Dec/2022:09:21:15 +0800] "GET /xingrg/all/function/internal_message.html?_=1670635145496&CODE_STATE=getMsg HTTP/1.1" 200 27
61.170.235.152 - - [10/Dec/2022:09:21:24 +0800] "GET /xingrg/all/function/internal_message.html?_=1670635302897&CODE_STATE=getMsg HTTP/1.1" 200 27
120.253.135.82 - - [10/Dec/2022:09:21:26 +0800] "GET /xingrg/all/function/internal_message.html?_=1670634775007&CODE_STATE=getMsg HTTP/1.1" 302 -
222.70.177.10 - - [10/Dec/2022:09:21:27 +0800] "GET /xingrg/all/function/internal_message.html?_=1670635308033&CODE_STATE=getMsg HTTP/1.1" 200 27
116.230.105.139 - - [10/Dec/2022:09:21:31 +0800] "GET /xingrg/check_reg.html?_=1670635313598 HTTP/1.1" 200 22
116.230.105.139 - - [10/Dec/2022:09:21:31 +0800] "GET /xingrg/all/function/internal_message.html?_=1670635313599&CODE_STATE=getMsg HTTP/1.1" 200 27
120.253.135.82 - - [10/Dec/2022:09:21:31 +0800] "GET /xingrg/check_reg.html?_=1670634780009 HTTP/1.1" 302 -
116.238.139.35 - - [10/Dec/2022:09:21:31 +0800] "GET /xingrg/all/function/internal_message.html?_=1670635314681&CODE_STATE=getMsg HTTP/1.1" 200 27
114.84.38.109 - - [10/Dec/2022:09:21:33 +0800] "GET /xingrg/kc/buy/cgsh_order_operate.html?command=get_materiel&rest_code=00146&code=00101006055&supplier_code=00100012&order_time=2022-12-10 HTTP/1.1" 200 409
120.253.135.82 - - [10/Dec/2022:09:21:34 +0800] "GET /xingrg/all/function/internal_message.html?_=1670635121171&CODE_STATE=getMsg HTTP/1.1" 200 27
114.84.38.109 - - [10/Dec/2022:09:21:35 +0800] "GET /xingrg/check_reg.html?_=1670635339736 HTTP/1.1" 200 22
114.84.38.109 - - [10/Dec/2022:09:21:35 +0800] "GET /xingrg/all/function/internal_message.html?_=1670635339810&CODE_STATE=getMsg HTTP/1.1" 200 27
222.70.177.10 - - [10/Dec/2022:09:21:41 +0800] "POST /xingrg/kc/buy/cgsh_order_operate.html HTTP/1.1" 200 37
222.70.177.10 - - [10/Dec/2022:09:21:45 +0800] "POST /xingrg/kc/buy/cgsh_order_operate.html HTTP/1.1" 200 7987
222.70.177.10 - - [10/Dec/2022:09:21:47 +0800] "GET /xingrg/kc/print/load_data.html?order_code=212022121002696&kc_code=cgsh&condition= HTTP/1.1" 200 2793
114.84.38.109 - - [10/Dec/2022:09:21:49 +0800] "GET /xingrg/kc/buy/cgsh_order_operate.html?command=get_materiel&rest_code=00146&code=00101006065&supplier_code=00100012&order_time=2022-12-10 HTTP/1.1" 200 409
114.95.43.237 - - [10/Dec/2022:09:21:56 +0800] "GET /xingrg/all/function/internal_message.html?_=1670635341783&CODE_STATE=getMsg HTTP/1.1" 200 27
114.84.38.109 - - [10/Dec/2022:09:22:06 +0800] "GET /xingrg/kc/buy/cgsh_order_operate.html?command=get_materiel&rest_code=00146&code=00101006025&supplier_code=00100012&order_time=2022-12-10 HTTP/1.1" 200 417
116.238.139.35 - - [10/Dec/2022:09:22:09 +0800] "GET /xingrg/all/function/internal_message.html?_=1670635289993&CODE_STATE=getMsg HTTP/1.1" 200 27
116.192.124.172 - - [10/Dec/2022:09:22:12 +0800] "GET /xingrg/all/function/internal_message.html?_=1670635356167&CODE_STATE=getMsg HTTP/1.1" 302 -
116.192.124.172 - - [10/Dec/2022:09:22:13 +0800] "GET /xingrg/check_reg.html?_=1670635357007 HTTP/1.1" 302 -
114.95.43.237 - - [10/Dec/2022:09:22:15 +0800] "GET /xingrg/all/function/internal_message.html?_=1670635205484&CODE_STATE=getMsg HTTP/1.1" 200 27
114.83.218.138 - - [10/Dec/2022:09:22:23 +0800] "GET /xingrg/login.html?sysBaseUrl=http%3A%2F%2F180.169.147.146%3A18081%2Fxingrg%2F&costTime=31×tamp=1615347190560 HTTP/1.1" 200 7641
180.163.29.234 - - [10/Dec/2022:09:22:23 +0800] "GET /xingrg/all/function/internal_message.html?_=1670635302897&CODE_STATE=getMsg HTTP/1.1" 302 -
114.83.218.138 - - [10/Dec/2022:09:22:23 +0800] "GET /favicon.ico HTTP/1.1" 404 -
61.170.235.152 - - [10/Dec/2022:09:22:24 +0800] "GET /xingrg/all/function/internal_message.html?_=1670635362871&CODE_STATE=getMsg HTTP/1.1" 200 27
114.83.218.138 - - [10/Dec/2022:09:22:26 +0800] "POST /xingrg/login.do HTTP/1.1" 302 -
114.83.218.138 - - [10/Dec/2022:09:22:26 +0800] "GET /xingrg/index.html?sysBaseUrl=http%3A%2F%2F180.169.147.146%3A18081%2Fxingrg%2F&costTime=54×tamp=1670635346074 HTTP/1.1" 200 17179
114.83.218.138 - - [10/Dec/2022:09:22:26 +0800] "GET /favicon.ico HTTP/1.1" 404 -
114.83.218.138 - - [10/Dec/2022:09:22:26 +0800] "POST /xingrg/all/common/load_tree.html?tree=area_rest_tree_json&manage=1 HTTP/1.1" 200 351
114.83.218.138 - - [10/Dec/2022:09:22:26 +0800] "GET /xingrg/all/function/internal_message.html?_=1670635368411&CODE_STATE=count HTTP/1.1" 200 11
114.83.218.138 - - [10/Dec/2022:09:22:26 +0800] "GET /xingrg/check_reg.html?_=1670635368413 HTTP/1.1" 200 22
114.83.218.138 - - [10/Dec/2022:09:22:26 +0800] "POST /xingrg/load_menu.html HTTP/1.1" 200 5138
180.163.29.234 - - [10/Dec/2022:09:22:27 +0800] "GET /xingrg/login.html HTTP/1.1" 200 7641
222.70.177.10 - - [10/Dec/2022:09:22:27 +0800] "GET /xingrg/all/function/internal_message.html?_=1670635368021&CODE_STATE=getMsg HTTP/1.1" 200 27
116.230.105.139 - - [10/Dec/2022:09:22:31 +0800] "GET /xingrg/all/function/internal_message.html?_=1670635373588&CODE_STATE=getMsg HTTP/1.1" 200 27
116.238.139.35 - - [10/Dec/2022:09:22:31 +0800] "GET /xingrg/check_reg.html?_=1670635374684 HTTP/1.1" 200 22
116.238.139.35 - - [10/Dec/2022:09:22:31 +0800] "GET /xingrg/all/function/internal_message.html?_=1670635374688&CODE_STATE=getMsg HTTP/1.1" 200 27
120.253.135.82 - - [10/Dec/2022:09:22:33 +0800] "GET /xingrg/check_reg.html?_=1670635180240 HTTP/1.1" 200 22
120.253.135.82 - - [10/Dec/2022:09:22:34 +0800] "GET /xingrg/all/function/internal_message.html?_=1670635181186&CODE_STATE=getMsg HTTP/1.1" 200 27
114.84.38.109 - - [10/Dec/2022:09:22:35 +0800] "GET /xingrg/all/function/internal_message.html?_=1670635399823&CODE_STATE=getMsg HTTP/1.1" 200 27
114.84.38.109 - - [10/Dec/2022:09:22:46 +0800] "GET /xingrg/kc/buy/cgsh_order_operate.html?command=get_materiel&rest_code=00146&code=00101006299&supplier_code=00100012&order_time=2022-12-10 HTTP/1.1" 200 418
114.95.43.237 - - [10/Dec/2022:09:22:56 +0800] "GET /xingrg/all/function/internal_message.html?_=1670635401781&CODE_STATE=getMsg HTTP/1.1" 200 27
116.238.139.35 - - [10/Dec/2022:09:23:06 +0800] "POST /xingrg/services/DataTransmitService HTTP/1.1" 200 524
116.238.139.35 - - [10/Dec/2022:09:23:09 +0800] "GET /xingrg/all/function/internal_message.html?_=1670635350151&CODE_STATE=getMsg HTTP/1.1" 200 27
116.192.124.172 - - [10/Dec/2022:09:23:12 +0800] "GET /xingrg/all/function/internal_message.html?_=1670635416165&CODE_STATE=getMsg HTTP/1.1" 302 -
114.95.43.237 - - [10/Dec/2022:09:23:15 +0800] "GET /xingrg/all/function/internal_message.html?_=1670635265472&CODE_STATE=getMsg HTTP/1.1" 200 27
114.84.38.109 - - [10/Dec/2022:09:23:22 +0800] "GET /xingrg/kc/buy/cgsh_order_operate.html?command=get_materiel&rest_code=00146&code=00101006174&supplier_code=00100012&order_time=2022-12-10 HTTP/1.1" 200 414
61.170.235.152 - - [10/Dec/2022:09:23:23 +0800] "GET /xingrg/check_reg.html?_=1670635422423 HTTP/1.1" 200 22
61.170.235.152 - - [10/Dec/2022:09:23:24 +0800] "GET /xingrg/all/function/internal_message.html?_=1670635422843&CODE_STATE=getMsg HTTP/1.1" 200 27
114.83.218.138 - - [10/Dec/2022:09:23:26 +0800] "GET /xingrg/all/function/internal_message.html?_=1670635428422&CODE_STATE=getMsg HTTP/1.1" 200 27
222.70.177.10 - - [10/Dec/2022:09:23:27 +0800] "GET /xingrg/all/function/internal_message.html?_=1670635428006&CODE_STATE=getMsg HTTP/1.1" 200 27
114.83.218.138 - - [10/Dec/2022:09:23:30 +0800] "GET /xingrg/kc/buy/cgsh_order_list.html HTTP/1.1" 200 53797
116.230.105.139 - - [10/Dec/2022:09:23:31 +0800] "GET /xingrg/all/function/internal_message.html?_=1670635433604&CODE_STATE=getMsg HTTP/1.1" 200 27
116.238.139.35 - - [10/Dec/2022:09:23:31 +0800] "GET /xingrg/all/function/internal_message.html?_=1670635434688&CODE_STATE=getMsg HTTP/1.1" 200 27
114.83.218.138 - - [10/Dec/2022:09:23:31 +0800] "POST /xingrg/kc/buy/cgsh_list_operate.html HTTP/1.1" 200 986
120.253.135.82 - - [10/Dec/2022:09:23:34 +0800] "GET /xingrg/all/function/internal_message.html?_=1670635241200&CODE_STATE=getMsg HTTP/1.1" 200 27
114.84.38.109 - - [10/Dec/2022:09:23:35 +0800] "GET /xingrg/all/function/internal_message.html?_=1670635459837&CODE_STATE=getMsg HTTP/1.1" 200 27
114.84.38.109 - - [10/Dec/2022:09:23:36 +0800] "GET /xingrg/kc/buy/cgsh_order_operate.html?command=get_materiel&rest_code=00146&code=00101006184&supplier_code=00100012&order_time=2022-12-10 HTTP/1.1" 200 408
114.83.218.138 - - [10/Dec/2022:09:23:41 +0800] "GET /xingrg/kc/buy/cgsh_order_add.html HTTP/1.1" 200 69660
114.83.218.138 - - [10/Dec/2022:09:23:41 +0800] "GET /xingrg/words/20221208122451_words.js HTTP/1.1" 304 -
114.83.218.138 - - [10/Dec/2022:09:23:41 +0800] "POST /xingrg/kc/buy/cgsh_order_operate.html HTTP/1.1" 200 8245
114.83.218.138 - - [10/Dec/2022:09:23:41 +0800] "GET /xingrg/all/common/auto_word.html?type=employee&rest_code=00149 HTTP/1.1" 200 197
114.83.218.138 - - [10/Dec/2022:09:23:41 +0800] "GET /xingrg/javascript/easyui/themes/default/validatebox.css HTTP/1.1" 404 1104
114.83.218.138 - - [10/Dec/2022:09:23:41 +0800] "GET /xingrg/all/common/auto_word.html?type=employee&rest_code=00149 HTTP/1.1" 200 197
114.83.218.138 - - [10/Dec/2022:09:23:44 +0800] "GET /xingrg/javascript/auto/indicator.gif HTTP/1.1" 404 1066
114.83.218.138 - - [10/Dec/2022:09:23:45 +0800] "GET /xingrg/javascript/jquery_tools/images/prev.gif HTTP/1.1" 404 1086
114.83.218.138 - - [10/Dec/2022:09:23:45 +0800] "GET /xingrg/javascript/jquery_tools/images/next.gif HTTP/1.1" 404 1086
114.83.218.138 - - [10/Dec/2022:09:23:53 +0800] "GET /xingrg/kc/buy/cgsh_order_operate.html?command=get_materiel&rest_code=00149&code=00101008323&supplier_code=00100008&order_time=2022-12-10 HTTP/1.1" 200 408
114.95.43.237 - - [10/Dec/2022:09:23:56 +0800] "GET /xingrg/all/function/internal_message.html?_=1670635461780&CODE_STATE=getMsg HTTP/1.1" 200 27
114.83.218.138 - - [10/Dec/2022:09:24:04 +0800] "GET /xingrg/kc/buy/cgsh_order_operate.html?command=get_materiel&rest_code=00149&code=00101008091&supplier_code=00100008&order_time=2022-12-10 HTTP/1.1" 200 412
116.238.139.35 - - [10/Dec/2022:09:24:09 +0800] "GET /xingrg/all/function/internal_message.html?_=1670635410161&CODE_STATE=getMsg HTTP/1.1" 200 27
114.84.38.109 - - [10/Dec/2022:09:24:09 +0800] "GET /xingrg/kc/buy/cgsh_order_operate.html?command=get_materiel&rest_code=00146&code=00101006111&supplier_code=00100012&order_time=2022-12-10 HTTP/1.1" 200 409
116.192.124.172 - - [10/Dec/2022:09:24:12 +0800] "GET /xingrg/all/function/internal_message.html?_=1670635476139&CODE_STATE=getMsg HTTP/1.1" 302 -
58.221.95.50 - - [10/Dec/2022:09:24:14 +0800] "GET /xingrg/check_reg.html?_=1670635477421 HTTP/1.1" 302 -
114.95.43.237 - - [10/Dec/2022:09:24:15 +0800] "GET /xingrg/all/function/internal_message.html?_=1670635325452&CODE_STATE=getMsg HTTP/1.1" 200 27
114.83.218.138 - - [10/Dec/2022:09:24:19 +0800] "GET /xingrg/kc/buy/cgsh_order_operate.html?command=get_materiel&rest_code=00149&code=00101008072&supplier_code=00100008&order_time=2022-12-10 HTTP/1.1" 200 408
61.170.235.152 - - [10/Dec/2022:09:24:24 +0800] "GET /xingrg/all/function/internal_message.html?_=1670635482825&CODE_STATE=getMsg HTTP/1.1" 200 27
114.83.218.138 - - [10/Dec/2022:09:24:26 +0800] "GET /xingrg/all/function/internal_message.html?_=1670635488430&CODE_STATE=getMsg HTTP/1.1" 200 27
222.70.177.10 - - [10/Dec/2022:09:24:27 +0800] "GET /xingrg/all/function/internal_message.html?_=1670635487990&CODE_STATE=getMsg HTTP/1.1" 200 27
222.70.177.10 - - [10/Dec/2022:09:24:28 +0800] "GET /xingrg/check_reg.html?_=1670635488368 HTTP/1.1" 200 22
114.84.38.109 - - [10/Dec/2022:09:24:28 +0800] "POST /xingrg/kc/buy/cgsh_order_operate.html HTTP/1.1" 200 37
116.230.105.139 - - [10/Dec/2022:09:24:31 +0800] "GET /xingrg/all/function/internal_message.html?_=1670635493597&CODE_STATE=getMsg HTTP/1.1" 200 27
116.238.139.35 - - [10/Dec/2022:09:24:31 +0800] "GET /xingrg/all/function/internal_message.html?_=1670635494688&CODE_STATE=getMsg HTTP/1.1" 200 27
114.84.38.109 - - [10/Dec/2022:09:24:31 +0800] "POST /xingrg/kc/buy/cgsh_order_operate.html HTTP/1.1" 200 6793
114.83.218.138 - - [10/Dec/2022:09:24:32 +0800] "GET /xingrg/kc/buy/cgsh_order_operate.html?command=get_materiel&rest_code=00149&code=00101008027&supplier_code=00100008&order_time=2022-12-10 HTTP/1.1" 200 408
114.84.38.109 - - [10/Dec/2022:09:24:34 +0800] "GET /xingrg/kc/print/load_data.html?order_code=212022121002697&kc_code=cgsh&condition= HTTP/1.1" 200 2340
120.253.135.82 - - [10/Dec/2022:09:24:34 +0800] "GET /xingrg/all/function/internal_message.html?_=1670635301213&CODE_STATE=getMsg HTTP/1.1" 200 27
114.84.38.109 - - [10/Dec/2022:09:24:35 +0800] "GET /xingrg/all/function/internal_message.html?_=1670635519851&CODE_STATE=getMsg HTTP/1.1" 200 27
114.83.218.138 - - [10/Dec/2022:09:24:45 +0800] "GET /xingrg/kc/buy/cgsh_order_operate.html?command=get_materiel&rest_code=00149&code=00101008055&supplier_code=00100008&order_time=2022-12-10 HTTP/1.1" 200 411
114.84.38.109 - - [10/Dec/2022:09:24:46 +0800] "GET /xingrg/kc/buy/cgsh_order_add.html HTTP/1.1" 200 69572
114.84.38.109 - - [10/Dec/2022:09:24:46 +0800] "POST /xingrg/kc/buy/cgsh_order_operate.html HTTP/1.1" 200 8245
114.84.38.109 - - [10/Dec/2022:09:24:46 +0800] "GET /xingrg/javascript/easyui/themes/default/validatebox.css HTTP/1.1" 404 1104
114.83.218.138 - - [10/Dec/2022:09:24:57 +0800] "GET /xingrg/kc/buy/cgsh_order_operate.html?command=get_materiel&rest_code=00149&code=00101008257&supplier_code=00100008&order_time=2022-12-10 HTTP/1.1" 200 416
114.95.43.237 - - [10/Dec/2022:09:25:00 +0800] "POST /xingrg/kc/buy/cgsh_order_operate.html HTTP/1.1" 200 37
114.95.43.237 - - [10/Dec/2022:09:25:02 +0800] "POST /xingrg/kc/buy/cgsh_order_operate.html HTTP/1.1" 200 47557
114.84.38.109 - - [10/Dec/2022:09:25:04 +0800] "GET /xingrg/kc/buy/cgsh_order_operate.html?command=get_materiel&rest_code=00146&code=00101001111&supplier_code=00100041&order_time=2022-12-10 HTTP/1.1" 200 409
116.238.139.35 - - [10/Dec/2022:09:25:09 +0800] "GET /xingrg/check_reg.html?_=1670635469550 HTTP/1.1" 200 22
116.238.139.35 - - [10/Dec/2022:09:25:09 +0800] "GET /xingrg/all/function/internal_message.html?_=1670635470271&CODE_STATE=getMsg HTTP/1.1" 200 27
114.83.218.138 - - [10/Dec/2022:09:25:11 +0800] "GET /xingrg/kc/buy/cgsh_order_operate.html?command=get_materiel&rest_code=00149&code=00101008155&supplier_code=00100008&order_time=2022-12-10 HTTP/1.1" 200 408
116.192.124.172 - - [10/Dec/2022:09:25:12 +0800] "GET /xingrg/all/function/internal_message.html?_=1670635536123&CODE_STATE=getMsg HTTP/1.1" 302 -
114.95.43.237 - - [10/Dec/2022:09:25:15 +0800] "GET /xingrg/all/function/internal_message.html?_=1670635385441&CODE_STATE=getMsg HTTP/1.1" 200 27
114.95.43.237 - - [10/Dec/2022:09:25:15 +0800] "GET /xingrg/check_reg.html?_=1670635386009 HTTP/1.1" 200 22
114.84.38.109 - - [10/Dec/2022:09:25:20 +0800] "GET /xingrg/kc/buy/cgsh_order_operate.html?command=get_materiel&rest_code=00146&code=00101010161&supplier_code=00100041&order_time=2022-12-10 HTTP/1.1" 200 409
61.170.235.152 - - [10/Dec/2022:09:25:24 +0800] "GET /xingrg/all/function/internal_message.html?_=1670635542796&CODE_STATE=getMsg HTTP/1.1" 200 27
114.83.218.138 - - [10/Dec/2022:09:25:24 +0800] "GET /xingrg/kc/buy/cgsh_order_operate.html?command=get_materiel&rest_code=00149&code=00101008349&supplier_code=00100008&order_time=2022-12-10 HTTP/1.1" 200 414
114.84.81.136 - - [10/Dec/2022:09:25:26 +0800] "POST /xingrg/services/DataTransmitService HTTP/1.1" 200 524
114.83.218.138 - - [10/Dec/2022:09:25:26 +0800] "GET /xingrg/all/function/internal_message.html?_=1670635548443&CODE_STATE=getMsg HTTP/1.1" 200 27
222.70.177.10 - - [10/Dec/2022:09:25:27 +0800] "GET /xingrg/all/function/internal_message.html?_=1670635547963&CODE_STATE=getMsg HTTP/1.1" 200 27
116.230.105.139 - - [10/Dec/2022:09:25:31 +0800] "GET /xingrg/all/function/internal_message.html?_=1670635553606&CODE_STATE=getMsg HTTP/1.1" 200 27
116.238.139.35 - - [10/Dec/2022:09:25:31 +0800] "GET /xingrg/all/function/internal_message.html?_=1670635554689&CODE_STATE=getMsg HTTP/1.1" 200 27
120.253.135.82 - - [10/Dec/2022:09:25:34 +0800] "GET /xingrg/all/function/internal_message.html?_=1670635361227&CODE_STATE=getMsg HTTP/1.1" 200 27
114.84.38.109 - - [10/Dec/2022:09:25:34 +0800] "GET /xingrg/kc/buy/cgsh_order_operate.html?command=get_materiel&rest_code=00146&code=00101001032&supplier_code=00100041&order_time=2022-12-10 HTTP/1.1" 200 413
114.84.38.109 - - [10/Dec/2022:09:25:35 +0800] "GET /xingrg/all/function/internal_message.html?_=1670635579865&CODE_STATE=getMsg HTTP/1.1" 200 27
114.83.218.138 - - [10/Dec/2022:09:25:37 +0800] "GET /xingrg/kc/buy/cgsh_order_operate.html?command=get_materiel&rest_code=00149&code=00101008350&supplier_code=00100008&order_time=2022-12-10 HTTP/1.1" 200 408
114.84.38.109 - - [10/Dec/2022:09:25:49 +0800] "GET /xingrg/kc/buy/cgsh_order_operate.html?command=get_materiel&rest_code=00146&code=00101005037&supplier_code=00100041&order_time=2022-12-10 HTTP/1.1" 200 409
114.83.218.138 - - [10/Dec/2022:09:25:52 +0800] "GET /xingrg/kc/buy/cgsh_order_operate.html?command=get_materiel&rest_code=00149&code=00101008646&supplier_code=00100008&order_time=2022-12-10 HTTP/1.1" 200 413
114.95.43.237 - - [10/Dec/2022:09:25:56 +0800] "GET /xingrg/all/function/internal_message.html?_=1670635581795&CODE_STATE=getMsg HTTP/1.1" 200 27
114.84.38.109 - - [10/Dec/2022:09:26:01 +0800] "GET /xingrg/kc/buy/cgsh_order_operate.html?command=get_materiel&rest_code=00146&code=00101018019&supplier_code=00100041&order_time=2022-12-10 HTTP/1.1" 200 421
114.83.218.138 - - [10/Dec/2022:09:26:08 +0800] "GET /xingrg/kc/buy/cgsh_order_operate.html?command=get_materiel&rest_code=00149&code=00101008351&supplier_code=00100008&order_time=2022-12-10 HTTP/1.1" 200 408
116.238.139.35 - - [10/Dec/2022:09:26:09 +0800] "GET /xingrg/all/function/internal_message.html?_=1670635530422&CODE_STATE=getMsg HTTP/1.1" 200 27
114.84.38.109 - - [10/Dec/2022:09:26:12 +0800] "GET /xingrg/kc/buy/cgsh_order_operate.html?command=get_materiel&rest_code=00146&code=00101018007&supplier_code=00100041&order_time=2022-12-10 HTTP/1.1" 200 409
116.192.124.172 - - [10/Dec/2022:09:26:12 +0800] "GET /xingrg/all/function/internal_message.html?_=1670635596111&CODE_STATE=getMsg HTTP/1.1" 302 -
114.95.43.237 - - [10/Dec/2022:09:26:15 +0800] "GET /xingrg/all/function/internal_message.html?_=1670635445418&CODE_STATE=getMsg HTTP/1.1" 200 27
114.88.159.190 - - [10/Dec/2022:09:26:22 +0800] "GET /xingrg/check_reg.html?_=1670635193526 HTTP/1.1" 302 -
114.88.159.190 - - [10/Dec/2022:09:26:22 +0800] "GET /xingrg/login.html HTTP/1.1" 200 7641
61.170.235.152 - - [10/Dec/2022:09:26:24 +0800] "GET /xingrg/all/function/internal_message.html?_=1670635602779&CODE_STATE=getMsg HTTP/1.1" 200 27
180.163.28.68 - - [10/Dec/2022:09:26:24 +0800] "GET /xingrg/all/function/internal_message.html?_=1670635542796&CODE_STATE=getMsg HTTP/1.1" 302 -
180.163.28.68 - - [10/Dec/2022:09:26:24 +0800] "GET /xingrg/login.html HTTP/1.1" 200 7641
114.84.38.109 - - [10/Dec/2022:09:26:26 +0800] "GET /xingrg/kc/buy/cgsh_order_operate.html?command=get_materiel&rest_code=00146&code=00101001075&supplier_code=00100041&order_time=2022-12-10 HTTP/1.1" 200 409
114.83.218.138 - - [10/Dec/2022:09:26:26 +0800] "GET /xingrg/all/function/internal_message.html?_=1670635608446&CODE_STATE=getMsg HTTP/1.1" 200 27
222.70.177.10 - - [10/Dec/2022:09:26:27 +0800] "GET /xingrg/all/function/internal_message.html?_=1670635607947&CODE_STATE=getMsg HTTP/1.1" 200 27
116.230.105.139 - - [10/Dec/2022:09:26:31 +0800] "GET /xingrg/check_reg.html?_=1670635613591 HTTP/1.1" 200 22
116.230.105.139 - - [10/Dec/2022:09:26:31 +0800] "GET /xingrg/all/function/internal_message.html?_=1670635613594&CODE_STATE=getMsg HTTP/1.1" 200 27
116.238.139.35 - - [10/Dec/2022:09:26:31 +0800] "GET /xingrg/all/function/internal_message.html?_=1670635614690&CODE_STATE=getMsg HTTP/1.1" 200 27
120.253.135.82 - - [10/Dec/2022:09:26:34 +0800] "GET /xingrg/all/function/internal_message.html?_=1670635421239&CODE_STATE=getMsg HTTP/1.1" 200 27
114.84.38.109 - - [10/Dec/2022:09:26:35 +0800] "GET /xingrg/check_reg.html?_=1670635639739 HTTP/1.1" 200 22
114.84.38.109 - - [10/Dec/2022:09:26:35 +0800] "GET /xingrg/all/function/internal_message.html?_=1670635639878&CODE_STATE=getMsg HTTP/1.1" 200 27
114.83.218.138 - - [10/Dec/2022:09:26:39 +0800] "GET /xingrg/kc/buy/cgsh_order_operate.html?command=get_materiel&rest_code=00149&code=00101008026&supplier_code=00100008&order_time=2022-12-10 HTTP/1.1" 200 409
114.88.159.190 - - [10/Dec/2022:09:26:44 +0800] "GET /xingrg/kc/buy/buy_main.html HTTP/1.1" 302 -
114.88.159.190 - - [10/Dec/2022:09:26:44 +0800] "GET /xingrg/login.html HTTP/1.1" 200 7641
114.88.159.190 - - [10/Dec/2022:09:26:44 +0800] "GET /xingrg/login.html HTTP/1.1" 200 7641
114.88.159.190 - - [10/Dec/2022:09:26:44 +0800] "GET /favicon.ico HTTP/1.1" 404 -
114.88.159.190 - - [10/Dec/2022:09:26:45 +0800] "POST /xingrg/login.do HTTP/1.1" 302 -
114.88.159.190 - - [10/Dec/2022:09:26:45 +0800] "GET /xingrg/index.html?sysBaseUrl=http%3A%2F%2F180.169.147.146%3A18081%2Fxingrg%2F&costTime=40×tamp=1670635605854 HTTP/1.1" 200 17179
114.88.159.190 - - [10/Dec/2022:09:26:45 +0800] "GET /favicon.ico HTTP/1.1" 404 -
114.88.159.190 - - [10/Dec/2022:09:26:46 +0800] "POST /xingrg/all/common/load_tree.html?tree=area_rest_tree_json&manage=1 HTTP/1.1" 200 351
114.88.159.190 - - [10/Dec/2022:09:26:46 +0800] "GET /xingrg/check_reg.html?_=1670635223495 HTTP/1.1" 200 22
114.88.159.190 - - [10/Dec/2022:09:26:46 +0800] "GET /xingrg/all/function/internal_message.html?_=1670635223494&CODE_STATE=count HTTP/1.1" 200 11
114.88.159.190 - - [10/Dec/2022:09:26:46 +0800] "POST /xingrg/load_menu.html HTTP/1.1" 200 5138
114.83.218.138 - - [10/Dec/2022:09:26:48 +0800] "GET /xingrg/kc/buy/cgsh_order_operate.html?command=get_materiel&rest_code=00149&code=00101008674&supplier_code=00100008&order_time=2022-12-10 HTTP/1.1" 200 398
114.95.43.237 - - [10/Dec/2022:09:26:56 +0800] "GET /xingrg/all/function/internal_message.html?_=1670635641777&CODE_STATE=getMsg HTTP/1.1" 200 27
114.83.218.138 - - [10/Dec/2022:09:26:57 +0800] "GET /xingrg/kc/buy/cgsh_order_operate.html?command=get_materiel&rest_code=00149&code=00101008096&supplier_code=00100008&order_time=2022-12-10 HTTP/1.1" 200 412
114.84.38.109 - - [10/Dec/2022:09:27:08 +0800] "POST /xingrg/kc/buy/cgsh_order_operate.html HTTP/1.1" 200 37
116.238.139.35 - - [10/Dec/2022:09:27:10 +0800] "GET /xingrg/all/function/internal_message.html?_=1670635590585&CODE_STATE=getMsg HTTP/1.1" 200 27
114.84.38.109 - - [10/Dec/2022:09:27:11 +0800] "POST /xingrg/kc/buy/cgsh_order_operate.html HTTP/1.1" 200 6202
116.192.124.172 - - [10/Dec/2022:09:27:12 +0800] "GET /xingrg/all/function/internal_message.html?_=1670635656086&CODE_STATE=getMsg HTTP/1.1" 302 -
