120.253.135.82 - - [10/Dec/2022:09:01:12 +0800] "GET /xingrg/dwr/engine.js HTTP/1.1" 200 43631
120.253.135.82 - - [10/Dec/2022:09:01:12 +0800] "POST /xingrg/all/report/load_report_page.html HTTP/1.1" 200 20170
120.253.135.82 - - [10/Dec/2022:09:01:12 +0800] "GET /xingrg/servlets/image?cache=0.19207413890903857&image=px HTTP/1.1" 200 807
116.192.124.172 - - [10/Dec/2022:09:01:13 +0800] "GET /xingrg/all/function/internal_message.html?_=1670634096557&CODE_STATE=getMsg HTTP/1.1" 302 -
114.95.43.237 - - [10/Dec/2022:09:01:15 +0800] "GET /xingrg/all/function/internal_message.html?_=1670633945874&CODE_STATE=getMsg HTTP/1.1" 200 27
116.238.139.35 - - [10/Dec/2022:09:01:17 +0800] "GET /xingrg/kc/buy/cgsh_order_operate.html?command=get_materiel&rest_code=00151&code=00101008085&supplier_code=00100008&order_time=2022-12-10 HTTP/1.1" 200 412
120.253.135.82 - - [10/Dec/2022:09:01:21 +0800] "GET /xingrg/kc/base/stock_operate.html?_=1670633908738&command=get_report_file&start_day=20221101 HTTP/1.1" 200 53
120.253.135.82 - - [10/Dec/2022:09:01:21 +0800] "GET /xingrg/all/report/report_query.html?isQuery=1&onlyBody=1&rh=2000&fileName=kc/base/kc_stock_detail_new.xml&queryString=(1=1)&queryText=&tableQueryString=init_table$sp1$$sp$crk_table$sp1$order_day%20between%2020221101%20and%2020221231&varString=start_day:20221101,materiel_code:00101013140,cost_id:4020,end_date:20221031 HTTP/1.1" 200 48701
120.253.135.82 - - [10/Dec/2022:09:01:21 +0800] "GET /xingrg/dwr/interface/AjaxReportQueryService.js HTTP/1.1" 200 13203
120.253.135.82 - - [10/Dec/2022:09:01:21 +0800] "GET /xingrg/dwr/engine.js HTTP/1.1" 200 43631
120.253.135.82 - - [10/Dec/2022:09:01:22 +0800] "POST /xingrg/all/report/load_report_page.html HTTP/1.1" 200 20142
120.253.135.82 - - [10/Dec/2022:09:01:22 +0800] "GET /xingrg/servlets/image?cache=0.7247749288007886&image=px HTTP/1.1" 200 807
61.170.235.152 - - [10/Dec/2022:09:01:22 +0800] "GET /xingrg/all/function/internal_message.html?_=1670634101738&CODE_STATE=getMsg HTTP/1.1" 200 27
222.70.177.10 - - [10/Dec/2022:09:01:26 +0800] "GET /xingrg/kc/buy/cgsh_order_operate.html?command=get_materiel&rest_code=00111&code=00101002027&supplier_code=00100199&order_time=2022-12-10 HTTP/1.1" 200 413
120.253.135.82 - - [10/Dec/2022:09:01:26 +0800] "GET /xingrg/all/function/internal_message.html?_=1670633575444&CODE_STATE=getMsg HTTP/1.1" 302 -
222.70.177.10 - - [10/Dec/2022:09:01:28 +0800] "GET /xingrg/all/function/internal_message.html?_=1670634108422&CODE_STATE=getMsg HTTP/1.1" 200 27
61.170.235.152 - - [10/Dec/2022:09:01:30 +0800] "GET /xingrg/kc/buy/cgsh_order_operate.html?command=get_materiel&rest_code=00106&code=00101008361&supplier_code=00100007&order_time=2022-12-10 HTTP/1.1" 200 408
120.253.135.82 - - [10/Dec/2022:09:01:30 +0800] "GET /xingrg/kc/base/stock_operate.html?_=1670633917754&command=get_report_file&start_day=20221001 HTTP/1.1" 200 53
120.253.135.82 - - [10/Dec/2022:09:01:30 +0800] "GET /xingrg/all/report/report_query.html?isQuery=1&onlyBody=1&rh=2000&fileName=kc/base/kc_stock_detail_new.xml&queryString=(1=1)&queryText=&tableQueryString=init_table$sp1$$sp$crk_table$sp1$order_day%20between%2020221001%20and%2020221231&varString=start_day:20221001,materiel_code:00101013140,cost_id:4019,end_date:20220930 HTTP/1.1" 200 48701
120.253.135.82 - - [10/Dec/2022:09:01:30 +0800] "GET /xingrg/dwr/interface/AjaxReportQueryService.js HTTP/1.1" 200 13203
120.253.135.82 - - [10/Dec/2022:09:01:30 +0800] "GET /xingrg/dwr/engine.js HTTP/1.1" 200 43631
116.230.105.139 - - [10/Dec/2022:09:01:31 +0800] "GET /xingrg/check_reg.html?_=1670634108484 HTTP/1.1" 200 22
116.230.105.139 - - [10/Dec/2022:09:01:31 +0800] "GET /xingrg/all/function/internal_message.html?_=1670634108488&CODE_STATE=getMsg HTTP/1.1" 200 27
120.253.135.82 - - [10/Dec/2022:09:01:31 +0800] "POST /xingrg/all/report/load_report_page.html HTTP/1.1" 200 20142
120.253.135.82 - - [10/Dec/2022:09:01:31 +0800] "GET /xingrg/servlets/image?cache=0.9231916801114203&image=px HTTP/1.1" 200 807
120.253.135.82 - - [10/Dec/2022:09:01:31 +0800] "GET /xingrg/check_reg.html?_=1670633580038 HTTP/1.1" 302 -
116.238.139.35 - - [10/Dec/2022:09:01:31 +0800] "GET /xingrg/all/function/internal_message.html?_=1670634114647&CODE_STATE=getMsg HTTP/1.1" 200 27
120.253.135.82 - - [10/Dec/2022:09:01:33 +0800] "GET /xingrg/all/function/internal_message.html?_=1670633920494&CODE_STATE=getMsg HTTP/1.1" 200 27
116.238.139.35 - - [10/Dec/2022:09:01:36 +0800] "GET /xingrg/kc/buy/cgsh_order_operate.html?command=get_materiel&rest_code=00151&code=00101008017&supplier_code=00100008&order_time=2022-12-10 HTTP/1.1" 200 416
120.253.135.82 - - [10/Dec/2022:09:01:38 +0800] "GET /xingrg/kc/base/stock_operate.html?_=1670633925537&command=get_report_file&start_day=20220901 HTTP/1.1" 200 53
120.253.135.82 - - [10/Dec/2022:09:01:38 +0800] "GET /xingrg/dwr/interface/AjaxReportQueryService.js HTTP/1.1" 200 13203
120.253.135.82 - - [10/Dec/2022:09:01:38 +0800] "GET /xingrg/all/report/report_query.html?isQuery=1&onlyBody=1&rh=2000&fileName=kc/base/kc_stock_detail_new.xml&queryString=(1=1)&queryText=&tableQueryString=init_table$sp1$$sp$crk_table$sp1$order_day%20between%2020220901%20and%2020221231&varString=start_day:20220901,materiel_code:00101013140,cost_id:3929,end_date:20220831 HTTP/1.1" 200 48701
120.253.135.82 - - [10/Dec/2022:09:01:38 +0800] "GET /xingrg/dwr/engine.js HTTP/1.1" 200 43631
120.253.135.82 - - [10/Dec/2022:09:01:39 +0800] "POST /xingrg/all/report/load_report_page.html HTTP/1.1" 200 20170
120.253.135.82 - - [10/Dec/2022:09:01:39 +0800] "GET /xingrg/servlets/image?cache=0.07088418026355003&image=px HTTP/1.1" 200 807
114.95.43.237 - - [10/Dec/2022:09:01:40 +0800] "GET /xingrg/all/function/internal_message.html?_=1670634126028&CODE_STATE=getMsg HTTP/1.1" 200 27
116.238.139.35 - - [10/Dec/2022:09:01:43 +0800] "GET /xingrg/check_reg.html?_=1670634064255 HTTP/1.1" 200 22
222.70.177.10 - - [10/Dec/2022:09:01:46 +0800] "GET /xingrg/kc/buy/cgsh_order_operate.html?command=get_materiel&rest_code=00111&code=00101002007&supplier_code=00100199&order_time=2022-12-10 HTTP/1.1" 200 409
116.238.139.35 - - [10/Dec/2022:09:01:47 +0800] "GET /xingrg/kc/buy/cgsh_order_operate.html?command=get_materiel&rest_code=00151&code=00101008257&supplier_code=00100008&order_time=2022-12-10 HTTP/1.1" 200 416
61.170.235.152 - - [10/Dec/2022:09:01:49 +0800] "GET /xingrg/kc/buy/cgsh_order_operate.html?command=get_materiel&rest_code=00106&code=00101008148&supplier_code=00100007&order_time=2022-12-10 HTTP/1.1" 200 416
120.253.135.82 - - [10/Dec/2022:09:01:49 +0800] "GET /xingrg/kc/base/stock_operate.html?_=1670633936090&command=get_report_file&start_day=20220401 HTTP/1.1" 200 53
120.253.135.82 - - [10/Dec/2022:09:01:49 +0800] "GET /xingrg/dwr/interface/AjaxReportQueryService.js HTTP/1.1" 200 13203
120.253.135.82 - - [10/Dec/2022:09:01:49 +0800] "GET /xingrg/all/report/report_query.html?isQuery=1&onlyBody=1&rh=2000&fileName=kc/base/kc_stock_detail_new.xml&queryString=(1=1)&queryText=&tableQueryString=init_table$sp1$$sp$crk_table$sp1$order_day%20between%2020220401%20and%2020221231&varString=start_day:20220401,materiel_code:00101013140,cost_id:3647,end_date:20220331 HTTP/1.1" 200 48701
120.253.135.82 - - [10/Dec/2022:09:01:49 +0800] "GET /xingrg/dwr/engine.js HTTP/1.1" 200 43631
120.253.135.82 - - [10/Dec/2022:09:01:50 +0800] "POST /xingrg/all/report/load_report_page.html HTTP/1.1" 200 20170
120.253.135.82 - - [10/Dec/2022:09:01:50 +0800] "GET /xingrg/servlets/image?cache=0.16404229951620863&image=px HTTP/1.1" 200 807
116.238.139.35 - - [10/Dec/2022:09:01:54 +0800] "POST /xingrg/kc/buy/cgsh_order_operate.html HTTP/1.1" 200 37
114.95.43.237 - - [10/Dec/2022:09:01:55 +0800] "GET /xingrg/javascript/jquery_easy_ui/themes/default/images/tabs_active.png HTTP/1.1" 304 -
116.238.139.35 - - [10/Dec/2022:09:01:55 +0800] "POST /xingrg/kc/buy/cgsh_order_operate.html HTTP/1.1" 200 22984
61.170.235.152 - - [10/Dec/2022:09:01:56 +0800] "GET /xingrg/kc/buy/cgsh_order_operate.html?command=get_materiel&rest_code=00106&code=00101008264&supplier_code=00100007&order_time=2022-12-10 HTTP/1.1" 200 412
114.84.38.109 - - [10/Dec/2022:09:01:57 +0800] "GET /xingrg/all/function/internal_message.html?_=1670634162018&CODE_STATE=getMsg HTTP/1.1" 200 27
61.170.235.152 - - [10/Dec/2022:09:02:00 +0800] "POST /xingrg/kc/buy/cgsh_order_operate.html HTTP/1.1" 200 2065
222.70.177.10 - - [10/Dec/2022:09:02:00 +0800] "GET /xingrg/kc/buy/cgsh_order_operate.html?command=get_materiel&rest_code=00111&code=00101002006&supplier_code=00100199&order_time=2022-12-10 HTTP/1.1" 200 414
116.238.139.35 - - [10/Dec/2022:09:02:02 +0800] "GET /xingrg/kc/buy/cgsh_order_operate.html?command=get_materiel&rest_code=00151&code=00101008213&supplier_code=00100008&order_time=2022-12-10 HTTP/1.1" 200 412
120.253.135.82 - - [10/Dec/2022:09:02:03 +0800] "GET /xingrg/kc/base/stock_operate.html?_=1670633950866&command=get_report_file&start_day=20220101 HTTP/1.1" 200 53
120.253.135.82 - - [10/Dec/2022:09:02:04 +0800] "GET /xingrg/all/report/report_query.html?isQuery=1&onlyBody=1&rh=2000&fileName=kc/base/kc_stock_detail_new.xml&queryString=(1=1)&queryText=&tableQueryString=init_table$sp1$$sp$crk_table$sp1$order_day%20between%2020220101%20and%2020221231&varString=start_day:20220101,materiel_code:00101013140,cost_id:3598,end_date:20211231 HTTP/1.1" 200 48701
120.253.135.82 - - [10/Dec/2022:09:02:04 +0800] "GET /xingrg/dwr/interface/AjaxReportQueryService.js HTTP/1.1" 200 13203
120.253.135.82 - - [10/Dec/2022:09:02:04 +0800] "GET /xingrg/dwr/engine.js HTTP/1.1" 200 43631
120.253.135.82 - - [10/Dec/2022:09:02:04 +0800] "POST /xingrg/all/report/load_report_page.html HTTP/1.1" 200 20142
120.253.135.82 - - [10/Dec/2022:09:02:04 +0800] "GET /xingrg/servlets/image?cache=0.3443996025674926&image=px HTTP/1.1" 200 807
61.170.235.152 - - [10/Dec/2022:09:02:06 +0800] "GET /xingrg/kc/buy/cgsh_order_operate.html?command=get_materiel&rest_code=00106&code=00101008562&supplier_code=00100007&order_time=2022-12-10 HTTP/1.1" 200 409
61.170.235.152 - - [10/Dec/2022:09:02:06 +0800] "GET /xingrg/check_reg.html?_=1670634144991 HTTP/1.1" 200 22
116.238.139.35 - - [10/Dec/2022:09:02:06 +0800] "GET /xingrg/all/function/internal_message.html?_=1670634087054&CODE_STATE=getMsg HTTP/1.1" 200 27
116.238.139.35 - - [10/Dec/2022:09:02:08 +0800] "POST /xingrg/kc/buy/cgsh_order_operate.html HTTP/1.1" 200 37
222.70.177.10 - - [10/Dec/2022:09:02:11 +0800] "GET /xingrg/kc/buy/cgsh_order_operate.html?command=get_materiel&rest_code=00111&code=00101001125&supplier_code=00100199&order_time=2022-12-10 HTTP/1.1" 200 417
116.238.139.35 - - [10/Dec/2022:09:02:11 +0800] "POST /xingrg/kc/buy/cgsh_order_operate.html HTTP/1.1" 200 23583
114.84.38.109 - - [10/Dec/2022:09:02:12 +0800] "GET /xingrg/javascript/pic_change.js HTTP/1.1" 304 -
114.84.38.109 - - [10/Dec/2022:09:02:12 +0800] "GET /xingrg/javascript/convert.js HTTP/1.1" 304 -
114.84.38.109 - - [10/Dec/2022:09:02:12 +0800] "GET /xingrg/javascript/jquery_tools/order_manager.js HTTP/1.1" 304 -
114.84.38.109 - - [10/Dec/2022:09:02:12 +0800] "GET /xingrg/javascript/json2.js HTTP/1.1" 304 -
114.84.38.109 - - [10/Dec/2022:09:02:12 +0800] "GET /xingrg/javascript/print/kc_print.js HTTP/1.1" 304 -
114.84.38.109 - - [10/Dec/2022:09:02:12 +0800] "GET /xingrg/kc/buy/cgsh_order_add.html HTTP/1.1" 200 69572
114.84.38.109 - - [10/Dec/2022:09:02:12 +0800] "GET /xingrg/words/20221208122451_words.js HTTP/1.1" 304 -
114.84.38.109 - - [10/Dec/2022:09:02:12 +0800] "POST /xingrg/kc/buy/cgsh_order_operate.html HTTP/1.1" 200 8245
114.84.38.109 - - [10/Dec/2022:09:02:12 +0800] "GET /xingrg/all/common/auto_word.html?type=employee&rest_code=00146 HTTP/1.1" 200 101
114.84.38.109 - - [10/Dec/2022:09:02:12 +0800] "GET /xingrg/all/common/auto_word.html?type=employee&rest_code=00146 HTTP/1.1" 200 101
114.84.38.109 - - [10/Dec/2022:09:02:12 +0800] "GET /xingrg/javascript/easyui/themes/default/validatebox.css HTTP/1.1" 404 1104
114.84.38.109 - - [10/Dec/2022:09:02:12 +0800] "GET /xingrg/javascript/easyui/plugins/jquery.validatebox.js HTTP/1.1" 304 -
114.84.38.109 - - [10/Dec/2022:09:02:12 +0800] "GET /xingrg/javascript/easyui/plugins/jquery.numberbox.js HTTP/1.1" 304 -
116.192.124.172 - - [10/Dec/2022:09:02:13 +0800] "GET /xingrg/all/function/internal_message.html?_=1670634156533&CODE_STATE=getMsg HTTP/1.1" 302 -
116.192.124.172 - - [10/Dec/2022:09:02:13 +0800] "GET /xingrg/check_reg.html?_=1670634157063 HTTP/1.1" 302 -
120.253.135.82 - - [10/Dec/2022:09:02:15 +0800] "GET /xingrg/kc/base/stock_operate.html?_=1670633962314&command=get_report_file&start_day=20211101 HTTP/1.1" 200 53
120.253.135.82 - - [10/Dec/2022:09:02:15 +0800] "GET /xingrg/all/report/report_query.html?isQuery=1&onlyBody=1&rh=2000&fileName=kc/base/kc_stock_detail_new.xml&queryString=(1=1)&queryText=&tableQueryString=init_table$sp1$$sp$crk_table$sp1$order_day%20between%2020211101%20and%2020221231&varString=start_day:20211101,materiel_code:00101013140,cost_id:3531,end_date:20211031 HTTP/1.1" 200 48701
114.95.43.237 - - [10/Dec/2022:09:02:15 +0800] "GET /xingrg/all/function/internal_message.html?_=1670634005852&CODE_STATE=getMsg HTTP/1.1" 200 27
120.253.135.82 - - [10/Dec/2022:09:02:15 +0800] "GET /xingrg/dwr/interface/AjaxReportQueryService.js HTTP/1.1" 200 13203
120.253.135.82 - - [10/Dec/2022:09:02:15 +0800] "GET /xingrg/dwr/engine.js HTTP/1.1" 200 43631
120.253.135.82 - - [10/Dec/2022:09:02:16 +0800] "POST /xingrg/all/report/load_report_page.html HTTP/1.1" 200 20142
120.253.135.82 - - [10/Dec/2022:09:02:16 +0800] "GET /xingrg/servlets/image?cache=0.9966772457742803&image=px HTTP/1.1" 200 807
61.170.235.152 - - [10/Dec/2022:09:02:22 +0800] "GET /xingrg/all/function/internal_message.html?_=1670634161695&CODE_STATE=getMsg HTTP/1.1" 200 27
222.70.177.10 - - [10/Dec/2022:09:02:23 +0800] "POST /xingrg/kc/buy/cgsh_order_operate.html HTTP/1.1" 200 37
120.253.135.82 - - [10/Dec/2022:09:02:26 +0800] "GET /xingrg/all/function/internal_message.html?_=1670633635423&CODE_STATE=getMsg HTTP/1.1" 302 -
222.70.177.10 - - [10/Dec/2022:09:02:27 +0800] "POST /xingrg/kc/buy/cgsh_order_operate.html HTTP/1.1" 200 4450
222.70.177.10 - - [10/Dec/2022:09:02:28 +0800] "GET /xingrg/all/function/internal_message.html?_=1670634168404&CODE_STATE=getMsg HTTP/1.1" 200 27
222.70.177.10 - - [10/Dec/2022:09:02:28 +0800] "GET /xingrg/kc/print/report_design.html?orderType=cgsh HTTP/1.1" 200 8625
222.70.177.10 - - [10/Dec/2022:09:02:28 +0800] "GET /xingrg/css/design.css HTTP/1.1" 200 2477
222.70.177.10 - - [10/Dec/2022:09:02:28 +0800] "GET /xingrg/javascript/print/report.helper.js HTTP/1.1" 200 7208
222.70.177.10 - - [10/Dec/2022:09:02:28 +0800] "GET /xingrg/javascript/easyui/jquery.easyui.min.js HTTP/1.1" 200 272531
222.70.177.10 - - [10/Dec/2022:09:02:28 +0800] "GET /xingrg/javascript/print/report.js HTTP/1.1" 200 10993
222.70.177.10 - - [10/Dec/2022:09:02:29 +0800] "GET /xingrg/kc/print/design_operate.html?_=1670634169178&command=load_config&code=cgsh HTTP/1.1" 200 2853
222.70.177.10 - - [10/Dec/2022:09:02:29 +0800] "GET /xingrg/javascript/easyui/themes/sunny/images/ui-bg_highlight-soft_100_feeebd_1x100.png HTTP/1.1" 200 108
222.70.177.10 - - [10/Dec/2022:09:02:29 +0800] "GET /xingrg/javascript/easyui/themes/sunny/images/ui-bg_gloss-wave_45_817865_500x100.png HTTP/1.1" 200 3971
222.70.177.10 - - [10/Dec/2022:09:02:29 +0800] "GET /xingrg/javascript/easyui/themes/sunny/images/blank.gif HTTP/1.1" 200 43
222.70.177.10 - - [10/Dec/2022:09:02:29 +0800] "GET /xingrg/javascript/easyui/themes/sunny/images/ui-icons_fadc7a_256x240.png HTTP/1.1" 200 4369
222.70.177.10 - - [10/Dec/2022:09:02:29 +0800] "GET /xingrg/javascript/easyui/themes/sunny/images/ui-icons_bd7b00_256x240.png HTTP/1.1" 200 4369
222.70.177.10 - - [10/Dec/2022:09:02:29 +0800] "GET /favicon.ico HTTP/1.1" 404 -
222.70.177.10 - - [10/Dec/2022:09:02:29 +0800] "GET /xingrg/css/images/background.png HTTP/1.1" 200 137
116.230.105.139 - - [10/Dec/2022:09:02:31 +0800] "GET /xingrg/all/function/internal_message.html?_=1670634168481&CODE_STATE=getMsg HTTP/1.1" 200 27
116.238.139.35 - - [10/Dec/2022:09:02:31 +0800] "GET /xingrg/all/function/internal_message.html?_=1670634174650&CODE_STATE=getMsg HTTP/1.1" 200 27
116.238.139.35 - - [10/Dec/2022:09:02:31 +0800] "GET /xingrg/check_reg.html?_=1670634174654 HTTP/1.1" 200 22
222.70.177.10 - - [10/Dec/2022:09:02:31 +0800] "GET /xingrg/kc/print/load_data.html?order_code=212022121002688&kc_code=cgsh&condition= HTTP/1.1" 200 1360
120.253.135.82 - - [10/Dec/2022:09:02:32 +0800] "GET /xingrg/kc/base/stock_operate.html?_=1670633979666&command=get_report_file&start_day=20210801 HTTP/1.1" 200 53
120.253.135.82 - - [10/Dec/2022:09:02:32 +0800] "GET /xingrg/all/report/report_query.html?isQuery=1&onlyBody=1&rh=2000&fileName=kc/base/kc_stock_detail_new.xml&queryString=(1=1)&queryText=&tableQueryString=init_table$sp1$$sp$crk_table$sp1$order_day%20between%2020210801%20and%2020221231&varString=start_day:20210801,materiel_code:00101013140,cost_id:3271,end_date:20210731 HTTP/1.1" 200 48701
120.253.135.82 - - [10/Dec/2022:09:02:32 +0800] "GET /xingrg/dwr/interface/AjaxReportQueryService.js HTTP/1.1" 200 13203
120.253.135.82 - - [10/Dec/2022:09:02:32 +0800] "GET /xingrg/dwr/engine.js HTTP/1.1" 200 43631
120.253.135.82 - - [10/Dec/2022:09:02:33 +0800] "GET /xingrg/check_reg.html?_=1670633980083 HTTP/1.1" 200 22
120.253.135.82 - - [10/Dec/2022:09:02:33 +0800] "GET /xingrg/all/function/internal_message.html?_=1670633980510&CODE_STATE=getMsg HTTP/1.1" 200 27
120.253.135.82 - - [10/Dec/2022:09:02:33 +0800] "POST /xingrg/all/report/load_report_page.html HTTP/1.1" 200 20170
120.253.135.82 - - [10/Dec/2022:09:02:33 +0800] "GET /xingrg/servlets/image?cache=0.24454041200439947&image=px HTTP/1.1" 200 807
222.70.177.10 - - [10/Dec/2022:09:02:38 +0800] "GET /xingrg/kc/buy/cgsh_order_add.html HTTP/1.1" 200 69528
222.70.177.10 - - [10/Dec/2022:09:02:39 +0800] "POST /xingrg/kc/buy/cgsh_order_operate.html HTTP/1.1" 200 8245
222.70.177.10 - - [10/Dec/2022:09:02:39 +0800] "GET /xingrg/javascript/easyui/themes/default/validatebox.css HTTP/1.1" 404 1104
120.253.135.82 - - [10/Dec/2022:09:02:39 +0800] "GET /xingrg/kc/pszx/mdqp_order_list.html?state=10 HTTP/1.1" 200 10709
120.253.135.82 - - [10/Dec/2022:09:02:40 +0800] "GET /xingrg/dwr/interface/AjaxQqpsService.js HTTP/1.1" 200 16326
120.253.135.82 - - [10/Dec/2022:09:02:40 +0800] "GET /xingrg/dwr/interface/AjaxReportQueryService.js HTTP/1.1" 200 13203
120.253.135.82 - - [10/Dec/2022:09:02:40 +0800] "GET /xingrg/dwr/engine.js HTTP/1.1" 200 43631
114.95.43.237 - - [10/Dec/2022:09:02:40 +0800] "GET /xingrg/all/function/internal_message.html?_=1670634186038&CODE_STATE=getMsg HTTP/1.1" 200 27
120.253.135.82 - - [10/Dec/2022:09:02:43 +0800] "GET /xingrg/kc/pszx/mdqp_order_info.html?code=302022121000190 HTTP/1.1" 200 13338
120.253.135.82 - - [10/Dec/2022:09:02:43 +0800] "GET /xingrg/dwr/interface/AjaxComOrderService.js HTTP/1.1" 200 18264
120.253.135.82 - - [10/Dec/2022:09:02:43 +0800] "GET /xingrg/dwr/interface/AjaxQqpsService.js HTTP/1.1" 200 16326
120.253.135.82 - - [10/Dec/2022:09:02:43 +0800] "GET /xingrg/dwr/engine.js HTTP/1.1" 200 43631
120.253.135.82 - - [10/Dec/2022:09:02:43 +0800] "POST /xingrg/dwr/call/plaincall/AjaxQqpsService.loadMaterielItems.dwr HTTP/1.1" 200 695
61.170.235.152 - - [10/Dec/2022:09:02:44 +0800] "GET /xingrg/kc/buy/cgsh_order_operate.html?command=get_materiel&rest_code=00106&code=00101008439&supplier_code=00100007&order_time=2022-12-10 HTTP/1.1" 200 412
180.163.29.212 - - [10/Dec/2022:09:02:46 +0800] "GET /xingrg/kc/buy/cgsh_order_operate.html?command=get_materiel&rest_code=00106&code=00101008148&supplier_code=00100007&order_time=2022-12-10 HTTP/1.1" 302 -
180.163.29.212 - - [10/Dec/2022:09:02:46 +0800] "GET /xingrg/login.html HTTP/1.1" 200 7641
222.70.177.10 - - [10/Dec/2022:09:02:51 +0800] "GET /xingrg/kc/buy/cgsh_order_operate.html?command=get_materiel&rest_code=00111&code=00101007061&supplier_code=00100004&order_time=2022-12-10 HTTP/1.1" 200 409
180.163.28.55 - - [10/Dec/2022:09:02:53 +0800] "GET /xingrg/kc/buy/cgsh_order_operate.html?command=get_materiel&rest_code=00106&code=00101008264&supplier_code=00100007&order_time=2022-12-10 HTTP/1.1" 302 -
180.163.28.55 - - [10/Dec/2022:09:02:53 +0800] "GET /xingrg/login.html HTTP/1.1" 200 7641
114.84.38.109 - - [10/Dec/2022:09:02:58 +0800] "GET /xingrg/all/function/internal_message.html?_=1670634222031&CODE_STATE=getMsg HTTP/1.1" 200 27
61.170.235.152 - - [10/Dec/2022:09:02:58 +0800] "GET /xingrg/kc/buy/cgsh_order_operate.html?command=get_materiel&rest_code=00106&code=00101008357&supplier_code=00100007&order_time=2022-12-10 HTTP/1.1" 200 408
222.70.177.10 - - [10/Dec/2022:09:03:05 +0800] "GET /xingrg/kc/buy/cgsh_order_operate.html?command=get_materiel&rest_code=00111&code=00101007125&supplier_code=00100004&order_time=2022-12-10 HTTP/1.1" 200 406
116.238.139.35 - - [10/Dec/2022:09:03:06 +0800] "GET /xingrg/all/function/internal_message.html?_=1670634147194&CODE_STATE=getMsg HTTP/1.1" 200 27
61.170.235.152 - - [10/Dec/2022:09:03:07 +0800] "GET /xingrg/kc/buy/cgsh_order_operate.html?command=get_materiel&rest_code=00106&code=00101008069&supplier_code=00100007&order_time=2022-12-10 HTTP/1.1" 200 412
222.70.177.10 - - [10/Dec/2022:09:03:12 +0800] "GET /xingrg/kc/buy/cgsh_order_operate.html?command=get_materiel&rest_code=00111&code=00101007076&supplier_code=00100004&order_time=2022-12-10 HTTP/1.1" 200 410
116.192.124.172 - - [10/Dec/2022:09:03:13 +0800] "GET /xingrg/all/function/internal_message.html?_=1670634216522&CODE_STATE=getMsg HTTP/1.1" 302 -
114.95.43.237 - - [10/Dec/2022:09:03:15 +0800] "GET /xingrg/all/function/internal_message.html?_=1670634065822&CODE_STATE=getMsg HTTP/1.1" 200 27
61.170.235.152 - - [10/Dec/2022:09:03:16 +0800] "GET /xingrg/kc/buy/cgsh_order_operate.html?command=get_materiel&rest_code=00106&code=00101008286&supplier_code=00100007&order_time=2022-12-10 HTTP/1.1" 200 408
61.170.235.152 - - [10/Dec/2022:09:03:21 +0800] "POST /xingrg/kc/buy/cgsh_order_operate.html HTTP/1.1" 200 2065
114.84.38.109 - - [10/Dec/2022:09:03:22 +0800] "GET /xingrg/kc/buy/cgsh_order_operate.html?command=get_materiel&rest_code=00146&code=00101008502&supplier_code=00100005&order_time=2022-12-10 HTTP/1.1" 200 412
61.170.235.152 - - [10/Dec/2022:09:03:22 +0800] "GET /xingrg/all/function/internal_message.html?_=1670634221654&CODE_STATE=getMsg HTTP/1.1" 200 27
120.253.135.82 - - [10/Dec/2022:09:03:26 +0800] "GET /xingrg/all/function/internal_message.html?_=1670633695394&CODE_STATE=getMsg HTTP/1.1" 302 -
222.70.177.10 - - [10/Dec/2022:09:03:28 +0800] "GET /xingrg/all/function/internal_message.html?_=1670634228378&CODE_STATE=getMsg HTTP/1.1" 200 27
116.192.124.172 - - [10/Dec/2022:09:03:29 +0800] "POST /xingrg/services/DataTransmitService HTTP/1.1" 200 524
61.170.235.152 - - [10/Dec/2022:09:03:29 +0800] "GET /xingrg/kc/buy/cgsh_order_operate.html?command=get_materiel&rest_code=00106&code=00101008036&supplier_code=00100007&order_time=2022-12-10 HTTP/1.1" 200 408
222.70.177.10 - - [10/Dec/2022:09:03:31 +0800] "GET /xingrg/kc/buy/cgsh_order_operate.html?command=get_materiel&rest_code=00111&code=00101007072&supplier_code=00100004&order_time=2022-12-10 HTTP/1.1" 200 413
116.230.105.139 - - [10/Dec/2022:09:03:31 +0800] "GET /xingrg/all/function/internal_message.html?_=1670634228480&CODE_STATE=getMsg HTTP/1.1" 200 27
116.238.139.35 - - [10/Dec/2022:09:03:31 +0800] "GET /xingrg/all/function/internal_message.html?_=1670634234654&CODE_STATE=getMsg HTTP/1.1" 200 27
120.253.135.82 - - [10/Dec/2022:09:03:33 +0800] "GET /xingrg/all/function/internal_message.html?_=1670634040521&CODE_STATE=getMsg HTTP/1.1" 200 27
114.84.38.109 - - [10/Dec/2022:09:03:38 +0800] "GET /xingrg/kc/buy/cgsh_order_operate.html?command=get_materiel&rest_code=00146&code=00101008290&supplier_code=00100005&order_time=2022-12-10 HTTP/1.1" 200 416
61.170.235.152 - - [10/Dec/2022:09:03:40 +0800] "POST /xingrg/kc/buy/cgsh_order_operate.html HTTP/1.1" 200 75
114.95.43.237 - - [10/Dec/2022:09:03:40 +0800] "GET /xingrg/all/function/internal_message.html?_=1670634246038&CODE_STATE=getMsg HTTP/1.1" 200 27
222.70.177.10 - - [10/Dec/2022:09:03:46 +0800] "GET /xingrg/kc/buy/cgsh_order_operate.html?command=get_materiel&rest_code=00111&code=00101007048&supplier_code=00100004&order_time=2022-12-10 HTTP/1.1" 200 408
114.84.38.109 - - [10/Dec/2022:09:03:52 +0800] "GET /xingrg/kc/buy/cgsh_order_operate.html?command=get_materiel&rest_code=00146&code=00101008087&supplier_code=00100005&order_time=2022-12-10 HTTP/1.1" 200 412
114.84.38.109 - - [10/Dec/2022:09:03:58 +0800] "GET /xingrg/all/function/internal_message.html?_=1670634282045&CODE_STATE=getMsg HTTP/1.1" 200 27
222.70.177.10 - - [10/Dec/2022:09:03:59 +0800] "GET /xingrg/kc/buy/cgsh_order_operate.html?command=get_materiel&rest_code=00111&code=00101006259&supplier_code=00100004&order_time=2022-12-10 HTTP/1.1" 200 409
114.84.38.109 - - [10/Dec/2022:09:04:03 +0800] "GET /xingrg/kc/buy/cgsh_order_operate.html?command=get_materiel&rest_code=00146&code=00101008321&supplier_code=00100005&order_time=2022-12-10 HTTP/1.1" 200 412
180.163.29.206 - - [10/Dec/2022:09:04:04 +0800] "GET /xingrg/kc/buy/cgsh_order_operate.html?command=get_materiel&rest_code=00106&code=00101008069&supplier_code=00100007&order_time=2022-12-10 HTTP/1.1" 302 -
180.163.29.206 - - [10/Dec/2022:09:04:04 +0800] "GET /xingrg/login.html HTTP/1.1" 200 7641
116.238.139.35 - - [10/Dec/2022:09:04:06 +0800] "GET /xingrg/all/function/internal_message.html?_=1670634207206&CODE_STATE=getMsg HTTP/1.1" 200 27
116.192.124.172 - - [10/Dec/2022:09:04:13 +0800] "GET /xingrg/all/function/internal_message.html?_=1670634276498&CODE_STATE=getMsg HTTP/1.1" 302 -
58.221.95.50 - - [10/Dec/2022:09:04:14 +0800] "GET /xingrg/check_reg.html?_=1670634277471 HTTP/1.1" 302 -
114.95.43.237 - - [10/Dec/2022:09:04:15 +0800] "GET /xingrg/all/function/internal_message.html?_=1670634125806&CODE_STATE=getMsg HTTP/1.1" 200 27
222.70.177.10 - - [10/Dec/2022:09:04:15 +0800] "GET /xingrg/kc/buy/cgsh_order_operate.html?command=get_materiel&rest_code=00111&code=00101007085&supplier_code=00100004&order_time=2022-12-10 HTTP/1.1" 200 413
114.84.38.109 - - [10/Dec/2022:09:04:16 +0800] "GET /xingrg/kc/buy/cgsh_order_operate.html?command=get_materiel&rest_code=00146&code=00101008137&supplier_code=00100005&order_time=2022-12-10 HTTP/1.1" 200 408
120.253.135.82 - - [10/Dec/2022:09:04:26 +0800] "GET /xingrg/all/function/internal_message.html?_=1670633755362&CODE_STATE=getMsg HTTP/1.1" 302 -
116.238.139.35 - - [10/Dec/2022:09:04:27 +0800] "POST /xingrg/kc/buy/cgsh_order_operate.html HTTP/1.1" 200 37
114.84.38.109 - - [10/Dec/2022:09:04:27 +0800] "GET /xingrg/kc/buy/cgsh_order_operate.html?command=get_materiel&rest_code=00146&code=00101008270&supplier_code=00100005&order_time=2022-12-10 HTTP/1.1" 200 412
222.70.177.10 - - [10/Dec/2022:09:04:28 +0800] "GET /xingrg/all/function/internal_message.html?_=1670634288361&CODE_STATE=getMsg HTTP/1.1" 200 27
222.70.177.10 - - [10/Dec/2022:09:04:28 +0800] "GET /xingrg/check_reg.html?_=1670634288438 HTTP/1.1" 200 22
222.70.177.10 - - [10/Dec/2022:09:04:28 +0800] "GET /xingrg/kc/buy/cgsh_order_operate.html?command=get_materiel&rest_code=00111&code=00101007038&supplier_code=00100004&order_time=2022-12-10 HTTP/1.1" 200 422
116.230.105.139 - - [10/Dec/2022:09:04:31 +0800] "GET /xingrg/all/function/internal_message.html?_=1670634293610&CODE_STATE=getMsg HTTP/1.1" 200 27
116.238.139.35 - - [10/Dec/2022:09:04:31 +0800] "GET /xingrg/all/function/internal_message.html?_=1670634294654&CODE_STATE=getMsg HTTP/1.1" 200 27
116.238.139.35 - - [10/Dec/2022:09:04:31 +0800] "POST /xingrg/kc/buy/cgsh_order_operate.html HTTP/1.1" 200 12
116.238.139.35 - - [10/Dec/2022:09:04:32 +0800] "GET /xingrg/kc/buy/cgsh_order_info.html?code=212022121002687 HTTP/1.1" 200 64089
116.238.139.35 - - [10/Dec/2022:09:04:32 +0800] "GET /xingrg/javascript/easyui/themes/icon.css HTTP/1.1" 304 -
116.238.139.35 - - [10/Dec/2022:09:04:32 +0800] "GET /xingrg/javascript/auto/jquery.autocomplete.css HTTP/1.1" 304 -
116.238.139.35 - - [10/Dec/2022:09:04:33 +0800] "GET /xingrg/javascript/easyui/themes/default/validatebox.css HTTP/1.1" 404 1104
120.253.135.82 - - [10/Dec/2022:09:04:33 +0800] "GET /xingrg/all/function/internal_message.html?_=1670634100537&CODE_STATE=getMsg HTTP/1.1" 200 27
116.238.139.35 - - [10/Dec/2022:09:04:33 +0800] "POST /xingrg/kc/buy/cgsh_order_operate.html HTTP/1.1" 200 21528
116.238.139.35 - - [10/Dec/2022:09:04:35 +0800] "GET /xingrg/kc/print/load_config.html?kc_code=cgsh HTTP/1.1" 200 1943
116.238.139.35 - - [10/Dec/2022:09:04:36 +0800] "GET /xingrg/kc/print/load_data.html?order_code=212022121002687&kc_code=cgsh&condition= HTTP/1.1" 200 8793
114.84.38.109 - - [10/Dec/2022:09:04:38 +0800] "GET /xingrg/kc/buy/cgsh_order_operate.html?command=get_materiel&rest_code=00146&code=00101008055&supplier_code=00100005&order_time=2022-12-10 HTTP/1.1" 200 411
114.95.43.237 - - [10/Dec/2022:09:04:40 +0800] "GET /xingrg/check_reg.html?_=1670634306039 HTTP/1.1" 200 22
114.95.43.237 - - [10/Dec/2022:09:04:40 +0800] "GET /xingrg/all/function/internal_message.html?_=1670634306042&CODE_STATE=getMsg HTTP/1.1" 200 27
114.84.38.109 - - [10/Dec/2022:09:04:53 +0800] "GET /xingrg/kc/buy/cgsh_order_operate.html?command=get_materiel&rest_code=00146&code=00101008354&supplier_code=00100005&order_time=2022-12-10 HTTP/1.1" 200 412
114.84.38.109 - - [10/Dec/2022:09:04:58 +0800] "GET /xingrg/all/function/internal_message.html?_=1670634342058&CODE_STATE=getMsg HTTP/1.1" 200 27
116.238.139.35 - - [10/Dec/2022:09:05:06 +0800] "GET /xingrg/all/function/internal_message.html?_=1670634267220&CODE_STATE=getMsg HTTP/1.1" 200 27
116.238.139.35 - - [10/Dec/2022:09:05:07 +0800] "POST /xingrg/all/user/operate.html HTTP/1.1" 200 36
116.238.139.35 - - [10/Dec/2022:09:05:08 +0800] "GET /xingrg/javascript/jquery_easy_ui/themes/default/easyui.css HTTP/1.1" 304 -
116.238.139.35 - - [10/Dec/2022:09:05:08 +0800] "GET /xingrg/index.html?sysBaseUrl=http%3A%2F%2F180.169.147.146%3A18081%2Fxingrg%2F&costTime=43×tamp=1670546437090 HTTP/1.1" 200 17179
116.238.139.35 - - [10/Dec/2022:09:05:08 +0800] "GET /xingrg/javascript/jquery_easy_ui/themes/icon.css HTTP/1.1" 304 -
116.238.139.35 - - [10/Dec/2022:09:05:08 +0800] "GET /xingrg/css/form.css HTTP/1.1" 304 -
116.238.139.35 - - [10/Dec/2022:09:05:08 +0800] "GET /xingrg/javascript/jquery-1.4.2.min.js HTTP/1.1" 304 -
116.238.139.35 - - [10/Dec/2022:09:05:08 +0800] "GET /xingrg/javascript/jquery_easy_ui/jquery.easyui.min.js HTTP/1.1" 304 -
116.238.139.35 - - [10/Dec/2022:09:05:08 +0800] "GET /xingrg/javascript/jquery_easy_ui/easyui-lang-zh_CN.js HTTP/1.1" 304 -
116.238.139.35 - - [10/Dec/2022:09:05:08 +0800] "GET /xingrg/javascript/jquery.form.js HTTP/1.1" 304 -
116.238.139.35 - - [10/Dec/2022:09:05:08 +0800] "GET /xingrg/javascript/jquery.utils.js HTTP/1.1" 304 -
116.238.139.35 - - [10/Dec/2022:09:05:08 +0800] "GET /xingrg/javascript/jquery.timers.js HTTP/1.1" 304 -
116.238.139.35 - - [10/Dec/2022:09:05:08 +0800] "GET /xingrg/images/blue/jxLogo.png HTTP/1.1" 304 -
116.238.139.35 - - [10/Dec/2022:09:05:08 +0800] "GET /xingrg/images/blue/navBackgound.jpg HTTP/1.1" 304 -
116.238.139.35 - - [10/Dec/2022:09:05:08 +0800] "GET /xingrg/javascript/jquery_easy_ui/themes/icons/settle_new.png HTTP/1.1" 304 -
114.84.38.109 - - [10/Dec/2022:09:05:08 +0800] "GET /xingrg/kc/buy/cgsh_order_operate.html?command=get_materiel&rest_code=00146&code=00101008403&supplier_code=00100005&order_time=2022-12-10 HTTP/1.1" 200 412
116.238.139.35 - - [10/Dec/2022:09:05:08 +0800] "GET /xingrg/images/blue/pingpu.png HTTP/1.1" 304 -
116.238.139.35 - - [10/Dec/2022:09:05:08 +0800] "POST /xingrg/all/common/load_tree.html?tree=area_rest_tree_json&manage=1 HTTP/1.1" 200 476
116.238.139.35 - - [10/Dec/2022:09:05:08 +0800] "GET /xingrg/javascript/jquery_easy_ui/themes/default/images/tabs_leftarrow.png HTTP/1.1" 304 -
116.238.139.35 - - [10/Dec/2022:09:05:09 +0800] "GET /xingrg/javascript/jquery_easy_ui/themes/default/images/tabs_rightarrow.png HTTP/1.1" 304 -
116.238.139.35 - - [10/Dec/2022:09:05:09 +0800] "GET /xingrg/javascript/jquery_easy_ui/themes/default/images/panel_tool_collapse.gif HTTP/1.1" 304 -
116.238.139.35 - - [10/Dec/2022:09:05:09 +0800] "GET /xingrg/check_reg.html?_=1670634269542 HTTP/1.1" 200 22
116.238.139.35 - - [10/Dec/2022:09:05:09 +0800] "GET /xingrg/all/function/internal_message.html?_=1670634269541&CODE_STATE=count HTTP/1.1" 200 11
116.238.139.35 - - [10/Dec/2022:09:05:09 +0800] "POST /xingrg/load_menu.html HTTP/1.1" 200 5138
116.238.139.35 - - [10/Dec/2022:09:05:12 +0800] "GET /xingrg/javascript/jquery_tools/list_manager.js HTTP/1.1" 304 -
116.238.139.35 - - [10/Dec/2022:09:05:12 +0800] "GET /xingrg/kc/buy/cgsh_order_list.html HTTP/1.1" 200 53797
116.192.124.172 - - [10/Dec/2022:09:05:13 +0800] "GET /xingrg/all/function/internal_message.html?_=1670634336477&CODE_STATE=getMsg HTTP/1.1" 302 -
116.238.139.35 - - [10/Dec/2022:09:05:13 +0800] "POST /xingrg/kc/buy/cgsh_list_operate.html HTTP/1.1" 200 986
116.238.139.35 - - [10/Dec/2022:09:05:15 +0800] "GET /xingrg/kc/buy/cgsh_order_add.html HTTP/1.1" 200 69584
114.95.43.237 - - [10/Dec/2022:09:05:15 +0800] "GET /xingrg/all/function/internal_message.html?_=1670634185791&CODE_STATE=getMsg HTTP/1.1" 200 27
114.95.43.237 - - [10/Dec/2022:09:05:15 +0800] "GET /xingrg/check_reg.html?_=1670634185965 HTTP/1.1" 200 22
116.238.139.35 - - [10/Dec/2022:09:05:15 +0800] "POST /xingrg/kc/buy/cgsh_order_operate.html HTTP/1.1" 200 8245
116.238.139.35 - - [10/Dec/2022:09:05:15 +0800] "GET /xingrg/all/common/auto_word.html?type=employee&rest_code=00150 HTTP/1.1" 200 159
116.238.139.35 - - [10/Dec/2022:09:05:15 +0800] "GET /xingrg/all/common/auto_word.html?type=employee&rest_code=00150 HTTP/1.1" 200 159
116.238.139.35 - - [10/Dec/2022:09:05:15 +0800] "GET /xingrg/javascript/easyui/themes/default/validatebox.css HTTP/1.1" 404 1104
116.238.139.35 - - [10/Dec/2022:09:05:17 +0800] "GET /xingrg/javascript/auto/indicator.gif HTTP/1.1" 404 1066
114.84.38.109 - - [10/Dec/2022:09:05:19 +0800] "GET /xingrg/kc/buy/cgsh_order_operate.html?command=get_materiel&rest_code=00146&code=00101008113&supplier_code=00100005&order_time=2022-12-10 HTTP/1.1" 200 413
114.84.38.109 - - [10/Dec/2022:09:05:19 +0800] "GET /xingrg/check_reg.html?_=1670634363592 HTTP/1.1" 200 22
222.70.177.10 - - [10/Dec/2022:09:05:22 +0800] "POST /xingrg/kc/buy/cgsh_order_operate.html HTTP/1.1" 200 37
222.70.177.10 - - [10/Dec/2022:09:05:23 +0800] "POST /xingrg/kc/buy/cgsh_order_operate.html HTTP/1.1" 200 6787
222.70.177.10 - - [10/Dec/2022:09:05:25 +0800] "GET /xingrg/kc/print/load_data.html?order_code=212022121002689&kc_code=cgsh&condition= HTTP/1.1" 200 2291
120.253.135.82 - - [10/Dec/2022:09:05:26 +0800] "GET /xingrg/all/function/internal_message.html?_=1670633815358&CODE_STATE=getMsg HTTP/1.1" 302 -
222.70.177.10 - - [10/Dec/2022:09:05:28 +0800] "GET /xingrg/all/function/internal_message.html?_=1670634348379&CODE_STATE=getMsg HTTP/1.1" 200 27
116.238.139.35 - - [10/Dec/2022:09:05:29 +0800] "GET /xingrg/kc/buy/cgsh_order_operate.html?command=get_materiel&rest_code=00150&code=00101008091&supplier_code=00100008&order_time=2022-12-10 HTTP/1.1" 200 412
116.230.105.139 - - [10/Dec/2022:09:05:31 +0800] "GET /xingrg/all/function/internal_message.html?_=1670634353595&CODE_STATE=getMsg HTTP/1.1" 200 27
116.238.139.35 - - [10/Dec/2022:09:05:31 +0800] "GET /xingrg/all/function/internal_message.html?_=1670634354656&CODE_STATE=getMsg HTTP/1.1" 200 27
120.253.135.82 - - [10/Dec/2022:09:05:33 +0800] "GET /xingrg/all/function/internal_message.html?_=1670634160588&CODE_STATE=getMsg HTTP/1.1" 200 27
114.84.38.109 - - [10/Dec/2022:09:05:40 +0800] "GET /xingrg/kc/buy/cgsh_order_operate.html?command=get_materiel&rest_code=00146&code=00101008038&supplier_code=00100005&order_time=2022-12-10 HTTP/1.1" 200 412
114.95.43.237 - - [10/Dec/2022:09:05:40 +0800] "GET /xingrg/all/function/internal_message.html?_=1670634366026&CODE_STATE=getMsg HTTP/1.1" 200 27
116.238.139.35 - - [10/Dec/2022:09:05:41 +0800] "GET /xingrg/kc/buy/cgsh_order_operate.html?command=get_materiel&rest_code=00150&code=00101008650&supplier_code=00100008&order_time=2022-12-10 HTTP/1.1" 200 412
116.238.139.35 - - [10/Dec/2022:09:05:51 +0800] "GET /xingrg/kc/buy/cgsh_order_operate.html?command=get_materiel&rest_code=00150&code=00101008072&supplier_code=00100008&order_time=2022-12-10 HTTP/1.1" 200 408
114.84.38.109 - - [10/Dec/2022:09:05:51 +0800] "GET /xingrg/kc/buy/cgsh_order_operate.html?command=get_materiel&rest_code=00146&code=00101008163&supplier_code=00100005&order_time=2022-12-10 HTTP/1.1" 200 409
114.84.38.109 - - [10/Dec/2022:09:05:58 +0800] "GET /xingrg/all/function/internal_message.html?_=1670634402073&CODE_STATE=getMsg HTTP/1.1" 200 27
114.84.38.109 - - [10/Dec/2022:09:06:03 +0800] "GET /xingrg/kc/buy/cgsh_order_operate.html?command=get_materiel&rest_code=00146&code=00101008361&supplier_code=00100005&order_time=2022-12-10 HTTP/1.1" 200 408
116.238.139.35 - - [10/Dec/2022:09:06:06 +0800] "GET /xingrg/kc/buy/cgsh_order_operate.html?command=get_materiel&rest_code=00150&code=00101008019&supplier_code=00100008&order_time=2022-12-10 HTTP/1.1" 200 416
116.238.139.35 - - [10/Dec/2022:09:06:09 +0800] "GET /xingrg/all/function/internal_message.html?_=1670634329542&CODE_STATE=getMsg HTTP/1.1" 200 27
116.192.124.172 - - [10/Dec/2022:09:06:13 +0800] "GET /xingrg/all/function/internal_message.html?_=1670634396449&CODE_STATE=getMsg HTTP/1.1" 302 -
114.95.43.237 - - [10/Dec/2022:09:06:15 +0800] "GET /xingrg/all/function/internal_message.html?_=1670634245763&CODE_STATE=getMsg HTTP/1.1" 200 27
116.238.139.35 - - [10/Dec/2022:09:06:17 +0800] "GET /xingrg/kc/buy/cgsh_order_operate.html?command=get_materiel&rest_code=00150&code=00101008037&supplier_code=00100008&order_time=2022-12-10 HTTP/1.1" 200 415
114.84.38.109 - - [10/Dec/2022:09:06:20 +0800] "GET /xingrg/kc/buy/cgsh_order_operate.html?command=get_materiel&rest_code=00146&code=00101008148&supplier_code=00100005&order_time=2022-12-10 HTTP/1.1" 200 416
120.253.135.82 - - [10/Dec/2022:09:06:26 +0800] "GET /xingrg/all/function/internal_message.html?_=1670633875331&CODE_STATE=getMsg HTTP/1.1" 302 -
222.70.177.10 - - [10/Dec/2022:09:06:28 +0800] "GET /xingrg/all/function/internal_message.html?_=1670634408350&CODE_STATE=getMsg HTTP/1.1" 200 27
116.238.139.35 - - [10/Dec/2022:09:06:29 +0800] "GET /xingrg/kc/buy/cgsh_order_operate.html?command=get_materiel&rest_code=00150&code=00101008156&supplier_code=00100008&order_time=2022-12-10 HTTP/1.1" 200 414
116.230.105.139 - - [10/Dec/2022:09:06:31 +0800] "GET /xingrg/all/function/internal_message.html?_=1670634413607&CODE_STATE=getMsg HTTP/1.1" 200 27
116.230.105.139 - - [10/Dec/2022:09:06:31 +0800] "GET /xingrg/check_reg.html?_=1670634413612 HTTP/1.1" 200 22
120.253.135.82 - - [10/Dec/2022:09:06:31 +0800] "GET /xingrg/check_reg.html?_=1670633880042 HTTP/1.1" 302 -
116.238.139.35 - - [10/Dec/2022:09:06:31 +0800] "GET /xingrg/all/function/internal_message.html?_=1670634414664&CODE_STATE=getMsg HTTP/1.1" 200 27
114.84.38.109 - - [10/Dec/2022:09:06:32 +0800] "GET /xingrg/kc/buy/cgsh_order_operate.html?command=get_materiel&rest_code=00146&code=00101008264&supplier_code=00100005&order_time=2022-12-10 HTTP/1.1" 200 412
120.253.135.82 - - [10/Dec/2022:09:06:33 +0800] "GET /xingrg/all/function/internal_message.html?_=1670634220594&CODE_STATE=getMsg HTTP/1.1" 200 27
114.95.43.237 - - [10/Dec/2022:09:06:39 +0800] "POST /xingrg/kc/buy/cgsh_list_operate.html HTTP/1.1" 200 6210
114.95.43.237 - - [10/Dec/2022:09:06:40 +0800] "GET /xingrg/all/function/internal_message.html?_=1670634426026&CODE_STATE=getMsg HTTP/1.1" 200 27
116.238.139.35 - - [10/Dec/2022:09:06:40 +0800] "GET /xingrg/kc/buy/cgsh_order_operate.html?command=get_materiel&rest_code=00150&code=00101008331&supplier_code=00100008&order_time=2022-12-10 HTTP/1.1" 200 416
116.238.139.35 - - [10/Dec/2022:09:06:50 +0800] "GET /xingrg/kc/buy/cgsh_order_operate.html?command=get_materiel&rest_code=00150&code=00101008350&supplier_code=00100008&order_time=2022-12-10 HTTP/1.1" 200 408
114.84.38.109 - - [10/Dec/2022:09:06:58 +0800] "GET /xingrg/all/function/internal_message.html?_=1670634462086&CODE_STATE=getMsg HTTP/1.1" 200 27
114.84.38.109 - - [10/Dec/2022:09:06:58 +0800] "GET /xingrg/kc/buy/cgsh_order_operate.html?command=get_materiel&rest_code=00146&code=00101008196&supplier_code=00100005&order_time=2022-12-10 HTTP/1.1" 200 416
116.238.139.35 - - [10/Dec/2022:09:07:04 +0800] "GET /xingrg/kc/buy/cgsh_order_operate.html?command=get_materiel&rest_code=00150&code=00101013168&supplier_code=00100008&order_time=2022-12-10 HTTP/1.1" 200 413
116.238.139.35 - - [10/Dec/2022:09:07:09 +0800] "GET /xingrg/all/function/internal_message.html?_=1670634389555&CODE_STATE=getMsg HTTP/1.1" 200 27
116.192.124.172 - - [10/Dec/2022:09:07:13 +0800] "GET /xingrg/all/function/internal_message.html?_=1670634456428&CODE_STATE=getMsg HTTP/1.1" 302 -
116.192.124.172 - - [10/Dec/2022:09:07:13 +0800] "GET /xingrg/check_reg.html?_=1670634457051 HTTP/1.1" 302 -
114.95.43.237 - - [10/Dec/2022:09:07:15 +0800] "GET /xingrg/all/function/internal_message.html?_=1670634305733&CODE_STATE=getMsg HTTP/1.1" 200 27
114.84.38.109 - - [10/Dec/2022:09:07:16 +0800] "GET /xingrg/kc/buy/cgsh_order_operate.html?command=get_materiel&rest_code=00146&code=00101008197&supplier_code=00100005&order_time=2022-12-10 HTTP/1.1" 200 416
116.238.139.35 - - [10/Dec/2022:09:07:17 +0800] "GET /xingrg/kc/buy/cgsh_order_operate.html?command=get_materiel&rest_code=00150&code=00101008010&supplier_code=00100008&order_time=2022-12-10 HTTP/1.1" 200 412
120.253.135.82 - - [10/Dec/2022:09:07:26 +0800] "GET /xingrg/all/function/internal_message.html?_=1670633935301&CODE_STATE=getMsg HTTP/1.1" 302 -
116.238.139.35 - - [10/Dec/2022:09:07:26 +0800] "GET /xingrg/kc/buy/cgsh_order_operate.html?command=get_materiel&rest_code=00150&code=00101008612&supplier_code=00100008&order_time=2022-12-10 HTTP/1.1" 200 420
114.84.38.109 - - [10/Dec/2022:09:07:28 +0800] "GET /xingrg/kc/buy/cgsh_order_operate.html?command=get_materiel&rest_code=00146&code=00101008357&supplier_code=00100005&order_time=2022-12-10 HTTP/1.1" 200 408
222.70.177.10 - - [10/Dec/2022:09:07:28 +0800] "GET /xingrg/all/function/internal_message.html?_=1670634468335&CODE_STATE=getMsg HTTP/1.1" 200 27
116.230.105.139 - - [10/Dec/2022:09:07:31 +0800] "GET /xingrg/all/function/internal_message.html?_=1670634473588&CODE_STATE=getMsg HTTP/1.1" 200 27
116.238.139.35 - - [10/Dec/2022:09:07:31 +0800] "GET /xingrg/check_reg.html?_=1670634474665 HTTP/1.1" 200 22
116.238.139.35 - - [10/Dec/2022:09:07:31 +0800] "GET /xingrg/all/function/internal_message.html?_=1670634474668&CODE_STATE=getMsg HTTP/1.1" 200 27
114.95.43.237 - - [10/Dec/2022:09:07:31 +0800] "POST /xingrg/kc/buy/cgsh_list_operate.html HTTP/1.1" 200 5462
120.253.135.82 - - [10/Dec/2022:09:07:33 +0800] "GET /xingrg/check_reg.html?_=1670634280114 HTTP/1.1" 200 22
120.253.135.82 - - [10/Dec/2022:09:07:33 +0800] "GET /xingrg/all/function/internal_message.html?_=1670634280607&CODE_STATE=getMsg HTTP/1.1" 200 27
116.238.139.35 - - [10/Dec/2022:09:07:35 +0800] "GET /xingrg/kc/buy/cgsh_order_operate.html?command=get_materiel&rest_code=00150&code=00101008308&supplier_code=00100008&order_time=2022-12-10 HTTP/1.1" 200 420
114.84.38.109 - - [10/Dec/2022:09:07:39 +0800] "GET /xingrg/kc/buy/cgsh_order_operate.html?command=get_materiel&rest_code=00146&code=00101008069&supplier_code=00100005&order_time=2022-12-10 HTTP/1.1" 200 412
114.95.43.237 - - [10/Dec/2022:09:07:40 +0800] "GET /xingrg/all/function/internal_message.html?_=1670634486044&CODE_STATE=getMsg HTTP/1.1" 200 27
114.84.38.109 - - [10/Dec/2022:09:07:43 +0800] "POST /xingrg/kc/buy/cgsh_order_operate.html HTTP/1.1" 200 2065
116.238.139.35 - - [10/Dec/2022:09:07:47 +0800] "GET /xingrg/kc/buy/cgsh_order_operate.html?command=get_materiel&rest_code=00150&code=00101008026&supplier_code=00100008&order_time=2022-12-10 HTTP/1.1" 200 409
114.84.38.109 - - [10/Dec/2022:09:07:52 +0800] "GET /xingrg/kc/buy/cgsh_order_operate.html?command=get_materiel&rest_code=00146&code=00101008286&supplier_code=00100005&order_time=2022-12-10 HTTP/1.1" 200 408
116.238.139.35 - - [10/Dec/2022:09:07:56 +0800] "GET /xingrg/kc/buy/cgsh_order_operate.html?command=get_materiel&rest_code=00150&code=00101008338&supplier_code=00100008&order_time=2022-12-10 HTTP/1.1" 200 409
114.84.38.109 - - [10/Dec/2022:09:07:58 +0800] "GET /xingrg/all/function/internal_message.html?_=1670634522099&CODE_STATE=getMsg HTTP/1.1" 200 27
114.95.43.237 - - [10/Dec/2022:09:08:02 +0800] "POST /xingrg/kc/buy/cgsh_list_operate.html HTTP/1.1" 200 6125
114.84.38.109 - - [10/Dec/2022:09:08:04 +0800] "GET /xingrg/kc/buy/cgsh_order_operate.html?command=get_materiel&rest_code=00146&code=00101008131&supplier_code=00100005&order_time=2022-12-10 HTTP/1.1" 200 408
116.238.139.35 - - [10/Dec/2022:09:08:06 +0800] "GET /xingrg/kc/buy/cgsh_order_operate.html?command=get_materiel&rest_code=00150&code=00101008163&supplier_code=00100008&order_time=2022-12-10 HTTP/1.1" 200 409
116.238.139.35 - - [10/Dec/2022:09:08:09 +0800] "GET /xingrg/all/function/internal_message.html?_=1670634449569&CODE_STATE=getMsg HTTP/1.1" 200 27
116.192.124.172 - - [10/Dec/2022:09:08:13 +0800] "GET /xingrg/all/function/internal_message.html?_=1670634516425&CODE_STATE=getMsg HTTP/1.1" 302 -
114.84.38.109 - - [10/Dec/2022:09:08:15 +0800] "GET /xingrg/kc/buy/cgsh_order_operate.html?command=get_materiel&rest_code=00146&code=00101008318&supplier_code=00100005&order_time=2022-12-10 HTTP/1.1" 200 408
114.95.43.237 - - [10/Dec/2022:09:08:15 +0800] "GET /xingrg/all/function/internal_message.html?_=1670634365730&CODE_STATE=getMsg HTTP/1.1" 200 27
116.238.139.35 - - [10/Dec/2022:09:08:16 +0800] "GET /xingrg/kc/buy/cgsh_order_operate.html?command=get_materiel&rest_code=00150&code=00101008224&supplier_code=00100008&order_time=2022-12-10 HTTP/1.1" 200 416
114.95.43.237 - - [10/Dec/2022:09:08:25 +0800] "GET /xingrg/kc/buy/buy_main.html HTTP/1.1" 200 12412
114.95.43.237 - - [10/Dec/2022:09:08:25 +0800] "GET /xingrg/css/new_ie.css HTTP/1.1" 404 1036
116.238.139.35 - - [10/Dec/2022:09:08:25 +0800] "GET /xingrg/kc/buy/cgsh_order_operate.html?command=get_materiel&rest_code=00150&code=00101008370&supplier_code=00100008&order_time=2022-12-10 HTTP/1.1" 200 412
114.95.43.237 - - [10/Dec/2022:09:08:26 +0800] "GET /xingrg/images/yd/bt.gif HTTP/1.1" 404 1040
120.253.135.82 - - [10/Dec/2022:09:08:26 +0800] "GET /xingrg/all/function/internal_message.html?_=1670633995278&CODE_STATE=getMsg HTTP/1.1" 302 -
114.95.43.237 - - [10/Dec/2022:09:08:27 +0800] "GET /xingrg/kc/buy/cgsh_order_list.html HTTP/1.1" 200 53791
61.170.235.152 - - [10/Dec/2022:09:08:27 +0800] "GET /xingrg/check_reg.html?_=1670634526006 HTTP/1.1" 200 22
61.170.235.152 - - [10/Dec/2022:09:08:27 +0800] "GET /xingrg/all/function/internal_message.html?_=1670634526005&CODE_STATE=getMsg HTTP/1.1" 200 27
114.84.38.109 - - [10/Dec/2022:09:08:28 +0800] "GET /xingrg/kc/buy/cgsh_order_operate.html?command=get_materiel&rest_code=00146&code=00101008352&supplier_code=00100005&order_time=2022-12-10 HTTP/1.1" 200 412
222.70.177.10 - - [10/Dec/2022:09:08:28 +0800] "GET /xingrg/all/function/internal_message.html?_=1670634528320&CODE_STATE=getMsg HTTP/1.1" 200 27
114.95.43.237 - - [10/Dec/2022:09:08:29 +0800] "POST /xingrg/kc/buy/cgsh_list_operate.html HTTP/1.1" 200 2260
116.230.105.139 - - [10/Dec/2022:09:08:31 +0800] "GET /xingrg/all/function/internal_message.html?_=1670634533589&CODE_STATE=getMsg HTTP/1.1" 200 27
116.238.139.35 - - [10/Dec/2022:09:08:31 +0800] "GET /xingrg/all/function/internal_message.html?_=1670634534655&CODE_STATE=getMsg HTTP/1.1" 200 27
120.253.135.82 - - [10/Dec/2022:09:08:33 +0800] "GET /xingrg/all/function/internal_message.html?_=1670634340621&CODE_STATE=getMsg HTTP/1.1" 200 27
116.238.139.35 - - [10/Dec/2022:09:08:37 +0800] "GET /xingrg/kc/buy/cgsh_order_operate.html?command=get_materiel&rest_code=00150&code=00101008141&supplier_code=00100008&order_time=2022-12-10 HTTP/1.1" 200 412
114.84.38.109 - - [10/Dec/2022:09:08:40 +0800] "GET /xingrg/kc/buy/cgsh_order_operate.html?command=get_materiel&rest_code=00146&code=00101008098&supplier_code=00100005&order_time=2022-12-10 HTTP/1.1" 200 412
114.95.43.237 - - [10/Dec/2022:09:08:40 +0800] "GET /xingrg/all/function/internal_message.html?_=1670634546034&CODE_STATE=getMsg HTTP/1.1" 200 27
61.170.235.152 - - [10/Dec/2022:09:08:41 +0800] "GET /xingrg/kc/buy/cgsh_order_operate.html?command=get_materiel&rest_code=00106&code=00101008131&supplier_code=00100007&order_time=2022-12-10 HTTP/1.1" 200 408
114.95.43.237 - - [10/Dec/2022:09:08:42 +0800] "POST /xingrg/kc/buy/cgsh_list_operate.html HTTP/1.1" 200 562
114.84.38.109 - - [10/Dec/2022:09:08:42 +0800] "POST /xingrg/kc/buy/cgsh_order_operate.html HTTP/1.1" 200 2065
114.95.43.237 - - [10/Dec/2022:09:08:44 +0800] "GET /xingrg/kc/buy/cgsh_order_info.html?code=212022121002684 HTTP/1.1" 200 69657
114.95.43.237 - - [10/Dec/2022:09:08:45 +0800] "GET /xingrg/javascript/easyui/themes/default/validatebox.css HTTP/1.1" 404 1104
114.95.43.237 - - [10/Dec/2022:09:08:45 +0800] "POST /xingrg/kc/buy/cgsh_order_operate.html HTTP/1.1" 200 47557
114.84.38.109 - - [10/Dec/2022:09:08:52 +0800] "GET /xingrg/kc/buy/cgsh_order_operate.html?command=get_materiel&rest_code=00146&code=00101008005&supplier_code=00100005&order_time=2022-12-10 HTTP/1.1" 200 412
61.170.235.152 - - [10/Dec/2022:09:08:52 +0800] "GET /xingrg/kc/buy/cgsh_order_operate.html?command=get_materiel&rest_code=00106&code=00101008233&supplier_code=00100007&order_time=2022-12-10 HTTP/1.1" 200 408
114.95.43.237 - - [10/Dec/2022:09:08:56 +0800] "POST /xingrg/kc/buy/cgsh_list_operate.html HTTP/1.1" 200 201
114.84.38.109 - - [10/Dec/2022:09:08:58 +0800] "GET /xingrg/all/function/internal_message.html?_=1670634582113&CODE_STATE=getMsg HTTP/1.1" 200 27
114.95.43.237 - - [10/Dec/2022:09:08:58 +0800] "GET /xingrg/kc/buy/cgsh_order_info.html?code=212022121002678 HTTP/1.1" 200 69655
