116.238.139.35 - - [10/Dec/2022:11:29:31 +0800] "GET /xingrg/all/function/internal_message.html?_=1670642994880&CODE_STATE=getMsg HTTP/1.1" 200 27
180.162.115.136 - - [10/Dec/2022:11:29:32 +0800] "POST /xingrg/kc/buy/cgsh_list_operate.html HTTP/1.1" 200 576
180.162.115.136 - - [10/Dec/2022:11:29:32 +0800] "GET /xingrg/kc/buy/cgsh_order_info.html?code=212022120802049 HTTP/1.1" 200 68723
180.162.115.136 - - [10/Dec/2022:11:29:32 +0800] "GET /xingrg/javascript/convert.js HTTP/1.1" 200 1239
180.162.115.136 - - [10/Dec/2022:11:29:32 +0800] "GET /xingrg/javascript/jquery_tools/order_manager.js HTTP/1.1" 200 11183
180.162.115.136 - - [10/Dec/2022:11:29:32 +0800] "GET /xingrg/javascript/json2.js HTTP/1.1" 200 11259
180.162.115.136 - - [10/Dec/2022:11:29:32 +0800] "GET /xingrg/javascript/print/kc_print.js HTTP/1.1" 200 11415
180.162.115.136 - - [10/Dec/2022:11:29:33 +0800] "GET /xingrg/words/20221210105303_words.js HTTP/1.1" 200 937396
180.162.115.136 - - [10/Dec/2022:11:29:33 +0800] "GET /xingrg/javascript/easyui/themes/default/images/menu_downarrow.png HTTP/1.1" 200 173
180.162.115.136 - - [10/Dec/2022:11:29:33 +0800] "GET /xingrg/javascript/easyui/themes/icons/print.png HTTP/1.1" 200 1057
180.162.115.136 - - [10/Dec/2022:11:29:33 +0800] "GET /xingrg/javascript/easyui/themes/icons/ok.png HTTP/1.1" 200 883
180.162.115.136 - - [10/Dec/2022:11:29:33 +0800] "GET /xingrg/javascript/easyui/themes/icons/template_new.png HTTP/1.1" 200 3956
180.162.115.136 - - [10/Dec/2022:11:29:33 +0800] "GET /xingrg/javascript/easyui/themes/icons/copy_new.png HTTP/1.1" 200 815
180.162.115.136 - - [10/Dec/2022:11:29:33 +0800] "GET /xingrg/javascript/easyui/themes/icons/cancel.png HTTP/1.1" 200 1133
180.162.115.136 - - [10/Dec/2022:11:29:33 +0800] "GET /xingrg/javascript/easyui/themes/default/validatebox.css HTTP/1.1" 404 1104
180.162.115.136 - - [10/Dec/2022:11:29:33 +0800] "GET /xingrg/all/common/auto_word.html?type=employee&rest_code=00143 HTTP/1.1" 200 55
180.162.115.136 - - [10/Dec/2022:11:29:33 +0800] "GET /xingrg/javascript/easyui/plugins/jquery.validatebox.js HTTP/1.1" 200 6103
180.162.115.136 - - [10/Dec/2022:11:29:33 +0800] "GET /xingrg/all/common/auto_word.html?type=employee&rest_code=00143 HTTP/1.1" 200 55
180.162.115.136 - - [10/Dec/2022:11:29:33 +0800] "GET /xingrg/javascript/easyui/plugins/jquery.numberbox.js HTTP/1.1" 200 5213
180.162.115.136 - - [10/Dec/2022:11:29:34 +0800] "POST /xingrg/kc/buy/cgsh_order_operate.html HTTP/1.1" 200 6214
180.162.115.136 - - [10/Dec/2022:11:29:34 +0800] "GET /xingrg/javascript/easyui/themes/icons/edit_remove.png HTTP/1.1" 200 625
101.85.106.255 - - [10/Dec/2022:11:29:34 +0800] "GET /xingrg/all/function/internal_message.html?_=1670642997107&CODE_STATE=getMsg HTTP/1.1" 200 27
114.84.38.109 - - [10/Dec/2022:11:29:36 +0800] "GET /xingrg/check_reg.html?_=1670643017517 HTTP/1.1" 200 22
114.84.38.109 - - [10/Dec/2022:11:29:36 +0800] "GET /xingrg/all/function/internal_message.html?_=1670643017778&CODE_STATE=getMsg HTTP/1.1" 200 27
114.95.43.237 - - [10/Dec/2022:11:29:38 +0800] "GET /xingrg/all/function/internal_message.html?_=1670643004329&CODE_STATE=getMsg HTTP/1.1" 200 27
114.95.43.237 - - [10/Dec/2022:11:29:39 +0800] "GET /xingrg/check_reg.html?_=1670643005346 HTTP/1.1" 200 22
221.239.170.112 - - [10/Dec/2022:11:29:40 +0800] "GET /xingrg/kc/buy/cgsh_order_operate.html?command=get_materiel&rest_code=00145&code=00101002027&supplier_code=00100185&order_time=2022-12-02 HTTP/1.1" 200 413
114.84.38.109 - - [10/Dec/2022:11:29:41 +0800] "GET /xingrg/all/function/internal_message.html?_=1670643026358&CODE_STATE=getMsg HTTP/1.1" 302 -
114.83.218.138 - - [10/Dec/2022:11:29:42 +0800] "GET /xingrg/all/function/internal_message.html?_=1670643004337&CODE_STATE=getMsg HTTP/1.1" 200 27
114.88.159.190 - - [10/Dec/2022:11:29:46 +0800] "GET /xingrg/all/function/internal_message.html?_=1670642603852&CODE_STATE=getMsg HTTP/1.1" 200 27
58.221.95.50 - - [10/Dec/2022:11:29:47 +0800] "GET /xingrg/all/function/internal_message.html?_=1670643010722&CODE_STATE=getMsg HTTP/1.1" 200 27
180.169.147.146 - - [10/Dec/2022:11:29:49 +0800] "GET /xingrg/all/function/internal_message.html?_=1670643007624&CODE_STATE=getMsg HTTP/1.1" 200 27
180.169.147.146 - - [10/Dec/2022:11:29:50 +0800] "GET /xingrg/check_reg.html?_=1670643008374 HTTP/1.1" 200 22
116.192.124.172 - - [10/Dec/2022:11:29:58 +0800] "GET /xingrg/all/function/internal_message.html?_=1670643021257&CODE_STATE=getMsg HTTP/1.1" 200 27
61.170.235.152 - - [10/Dec/2022:11:30:00 +0800] "GET /xingrg/check_reg.html?_=1670643028722 HTTP/1.1" 200 22
61.170.235.152 - - [10/Dec/2022:11:30:00 +0800] "GET /xingrg/all/function/internal_message.html?_=1670643028725&CODE_STATE=getMsg HTTP/1.1" 200 27
180.162.115.136 - - [10/Dec/2022:11:30:03 +0800] "GET /xingrg/all/function/internal_message.html?_=1670642043124&CODE_STATE=getMsg HTTP/1.1" 200 27
124.79.74.72 - - [10/Dec/2022:11:30:05 +0800] "GET /xingrg/all/function/internal_message.html?_=1670643029810&CODE_STATE=getMsg HTTP/1.1" 200 27
61.170.235.152 - - [10/Dec/2022:11:30:06 +0800] "GET /xingrg/all/function/internal_message.html?_=1670643029094&CODE_STATE=getMsg HTTP/1.1" 200 27
61.170.235.152 - - [10/Dec/2022:11:30:06 +0800] "GET /xingrg/check_reg.html?_=1670643029096 HTTP/1.1" 200 22
221.239.170.112 - - [10/Dec/2022:11:30:11 +0800] "GET /xingrg/kc/buy/cgsh_order_operate.html?command=get_materiel&rest_code=00145&code=00101001111&supplier_code=00100185&order_time=2022-12-02 HTTP/1.1" 200 408
114.95.43.237 - - [10/Dec/2022:11:30:13 +0800] "GET /xingrg/all/function/internal_message.html?_=1670642883856&CODE_STATE=getMsg HTTP/1.1" 200 27
116.238.139.35 - - [10/Dec/2022:11:30:16 +0800] "GET /xingrg/all/function/internal_message.html?_=1670642976365&CODE_STATE=getMsg HTTP/1.1" 200 27
114.95.43.237 - - [10/Dec/2022:11:30:16 +0800] "GET /xingrg/check_reg.html?_=1670642886261 HTTP/1.1" 200 22
114.95.43.237 - - [10/Dec/2022:11:30:17 +0800] "GET /xingrg/kc/buy/cgsh_order_list.html HTTP/1.1" 200 53854
221.239.170.112 - - [10/Dec/2022:11:30:19 +0800] "POST /xingrg/kc/buy/cgsh_order_operate.html HTTP/1.1" 200 37
221.239.170.112 - - [10/Dec/2022:11:30:21 +0800] "POST /xingrg/kc/buy/cgsh_order_operate.html HTTP/1.1" 200 3245
114.95.43.237 - - [10/Dec/2022:11:30:22 +0800] "POST /xingrg/kc/buy/cgsh_list_operate.html HTTP/1.1" 200 4781
221.239.170.112 - - [10/Dec/2022:11:30:22 +0800] "GET /xingrg/kc/print/load_data.html?order_code=212022121002766&kc_code=cgsh&condition= HTTP/1.1" 200 916
61.170.235.152 - - [10/Dec/2022:11:30:23 +0800] "GET /xingrg/all/function/internal_message.html?_=1670643042515&CODE_STATE=getMsg HTTP/1.1" 200 27
180.163.29.217 - - [10/Dec/2022:11:30:23 +0800] "GET /xingrg/all/function/internal_message.html?_=1670642982539&CODE_STATE=getMsg HTTP/1.1" 302 -
180.163.29.217 - - [10/Dec/2022:11:30:23 +0800] "GET /xingrg/login.html HTTP/1.1" 200 7641
222.70.177.10 - - [10/Dec/2022:11:30:25 +0800] "GET /xingrg/all/function/internal_message.html?_=1670643045956&CODE_STATE=getMsg HTTP/1.1" 200 27
221.239.170.112 - - [10/Dec/2022:11:30:27 +0800] "GET /xingrg/kc/buy/cgsh_order_add.html HTTP/1.1" 200 68830
221.239.170.112 - - [10/Dec/2022:11:30:27 +0800] "POST /xingrg/kc/buy/cgsh_order_operate.html HTTP/1.1" 200 8245
221.239.170.112 - - [10/Dec/2022:11:30:28 +0800] "GET /xingrg/javascript/easyui/themes/default/validatebox.css HTTP/1.1" 404 1104
221.239.170.112 - - [10/Dec/2022:11:30:29 +0800] "GET /xingrg/all/function/internal_message.html?_=1670643039147&CODE_STATE=getMsg HTTP/1.1" 200 27
116.230.105.139 - - [10/Dec/2022:11:30:31 +0800] "GET /xingrg/all/function/internal_message.html?_=1670643053608&CODE_STATE=getMsg HTTP/1.1" 200 27
116.238.139.35 - - [10/Dec/2022:11:30:31 +0800] "GET /xingrg/all/function/internal_message.html?_=1670643054887&CODE_STATE=getMsg HTTP/1.1" 200 27
101.85.106.255 - - [10/Dec/2022:11:30:34 +0800] "GET /xingrg/all/function/internal_message.html?_=1670643057091&CODE_STATE=getMsg HTTP/1.1" 200 27
114.84.38.109 - - [10/Dec/2022:11:30:36 +0800] "GET /xingrg/all/function/internal_message.html?_=1670643077792&CODE_STATE=getMsg HTTP/1.1" 200 27
114.95.43.237 - - [10/Dec/2022:11:30:38 +0800] "GET /xingrg/all/function/internal_message.html?_=1670643064277&CODE_STATE=getMsg HTTP/1.1" 200 27
114.95.43.237 - - [10/Dec/2022:11:30:40 +0800] "POST /xingrg/kc/buy/cgsh_list_operate.html HTTP/1.1" 200 4024
221.239.170.112 - - [10/Dec/2022:11:30:41 +0800] "GET /xingrg/kc/buy/cgsh_order_operate.html?command=get_materiel&rest_code=00145&code=00101011005&supplier_code=00100047&order_time=2022-12-02 HTTP/1.1" 200 428
114.84.38.109 - - [10/Dec/2022:11:30:41 +0800] "GET /xingrg/all/function/internal_message.html?_=1670643086367&CODE_STATE=getMsg HTTP/1.1" 302 -
114.83.218.138 - - [10/Dec/2022:11:30:42 +0800] "GET /xingrg/all/function/internal_message.html?_=1670643064309&CODE_STATE=getMsg HTTP/1.1" 200 27
114.88.159.190 - - [10/Dec/2022:11:30:46 +0800] "GET /xingrg/all/function/internal_message.html?_=1670642663852&CODE_STATE=getMsg HTTP/1.1" 200 27
58.221.95.50 - - [10/Dec/2022:11:30:47 +0800] "GET /xingrg/all/function/internal_message.html?_=1670643070708&CODE_STATE=getMsg HTTP/1.1" 200 27
180.169.147.146 - - [10/Dec/2022:11:30:49 +0800] "GET /xingrg/all/function/internal_message.html?_=1670643067608&CODE_STATE=getMsg HTTP/1.1" 200 27
114.95.43.237 - - [10/Dec/2022:11:30:49 +0800] "POST /xingrg/kc/buy/cgsh_list_operate.html HTTP/1.1" 200 448
221.239.170.112 - - [10/Dec/2022:11:30:50 +0800] "GET /xingrg/kc/buy/cgsh_order_operate.html?command=get_materiel&rest_code=00145&code=00101011001&supplier_code=00100047&order_time=2022-12-02 HTTP/1.1" 200 423
116.192.124.172 - - [10/Dec/2022:11:30:58 +0800] "GET /xingrg/all/function/internal_message.html?_=1670643081251&CODE_STATE=getMsg HTTP/1.1" 200 27
221.239.170.112 - - [10/Dec/2022:11:30:58 +0800] "POST /xingrg/kc/buy/cgsh_order_operate.html HTTP/1.1" 200 37
221.239.170.112 - - [10/Dec/2022:11:30:59 +0800] "POST /xingrg/kc/buy/cgsh_order_operate.html HTTP/1.1" 200 3256
61.170.235.152 - - [10/Dec/2022:11:31:00 +0800] "GET /xingrg/all/function/internal_message.html?_=1670643088725&CODE_STATE=getMsg HTTP/1.1" 200 27
180.162.115.136 - - [10/Dec/2022:11:31:03 +0800] "GET /xingrg/all/function/internal_message.html?_=1670642103128&CODE_STATE=getMsg HTTP/1.1" 200 27
124.79.74.72 - - [10/Dec/2022:11:31:05 +0800] "GET /xingrg/all/function/internal_message.html?_=1670643089811&CODE_STATE=getMsg HTTP/1.1" 200 27
124.79.74.72 - - [10/Dec/2022:11:31:05 +0800] "GET /xingrg/check_reg.html?_=1670643089813 HTTP/1.1" 200 22
180.162.115.136 - - [10/Dec/2022:11:31:06 +0800] "GET /xingrg/javascript/auto/indicator.gif HTTP/1.1" 404 1066
61.170.235.152 - - [10/Dec/2022:11:31:06 +0800] "GET /xingrg/all/function/internal_message.html?_=1670643089096&CODE_STATE=getMsg HTTP/1.1" 200 27
221.239.170.112 - - [10/Dec/2022:11:31:07 +0800] "GET /xingrg/kc/print/load_data.html?order_code=212022121002767&kc_code=cgsh&condition= HTTP/1.1" 200 963
114.95.43.237 - - [10/Dec/2022:11:31:07 +0800] "POST /xingrg/kc/buy/cgsh_list_operate.html HTTP/1.1" 200 278
114.84.38.109 - - [10/Dec/2022:11:31:08 +0800] "POST /xingrg/kc/buy/cgsh_list_operate.html HTTP/1.1" 200 3512
221.239.170.112 - - [10/Dec/2022:11:31:10 +0800] "GET /xingrg/kc/buy/cgsh_order_add.html HTTP/1.1" 200 68830
221.239.170.112 - - [10/Dec/2022:11:31:11 +0800] "POST /xingrg/kc/buy/cgsh_order_operate.html HTTP/1.1" 200 8245
221.239.170.112 - - [10/Dec/2022:11:31:11 +0800] "GET /xingrg/javascript/easyui/themes/default/validatebox.css HTTP/1.1" 404 1104
114.95.43.237 - - [10/Dec/2022:11:31:13 +0800] "GET /xingrg/all/function/internal_message.html?_=1670642943859&CODE_STATE=getMsg HTTP/1.1" 200 27
180.162.115.136 - - [10/Dec/2022:11:31:14 +0800] "GET /xingrg/kc/buy/cgsh_order_operate.html?command=get_materiel&rest_code=00143&code=00101002017&supplier_code=00100207&order_time=2022-12-09 HTTP/1.1" 200 409
116.238.139.35 - - [10/Dec/2022:11:31:16 +0800] "GET /xingrg/all/function/internal_message.html?_=1670643036379&CODE_STATE=getMsg HTTP/1.1" 200 27
221.239.170.112 - - [10/Dec/2022:11:31:22 +0800] "GET /xingrg/kc/buy/cgsh_order_operate.html?command=get_materiel&rest_code=00145&code=00101012029&supplier_code=00100554&order_time=2022-12-02 HTTP/1.1" 200 412
61.170.235.152 - - [10/Dec/2022:11:31:23 +0800] "GET /xingrg/all/function/internal_message.html?_=1670643102484&CODE_STATE=getMsg HTTP/1.1" 200 27
222.70.177.10 - - [10/Dec/2022:11:31:25 +0800] "GET /xingrg/all/function/internal_message.html?_=1670643105939&CODE_STATE=getMsg HTTP/1.1" 200 27
180.162.115.136 - - [10/Dec/2022:11:31:26 +0800] "GET /xingrg/javascript/jquery_tools/images/next.gif HTTP/1.1" 404 1086
180.162.115.136 - - [10/Dec/2022:11:31:26 +0800] "GET /xingrg/javascript/jquery_tools/images/prev.gif HTTP/1.1" 404 1086
221.239.170.112 - - [10/Dec/2022:11:31:29 +0800] "GET /xingrg/all/function/internal_message.html?_=1670643099156&CODE_STATE=getMsg HTTP/1.1" 200 27
221.239.170.112 - - [10/Dec/2022:11:31:30 +0800] "POST /xingrg/kc/buy/cgsh_order_operate.html HTTP/1.1" 200 37
116.230.105.139 - - [10/Dec/2022:11:31:31 +0800] "GET /xingrg/check_reg.html?_=1670643113606 HTTP/1.1" 200 22
116.230.105.139 - - [10/Dec/2022:11:31:31 +0800] "GET /xingrg/all/function/internal_message.html?_=1670643113609&CODE_STATE=getMsg HTTP/1.1" 200 27
116.238.139.35 - - [10/Dec/2022:11:31:31 +0800] "GET /xingrg/all/function/internal_message.html?_=1670643114889&CODE_STATE=getMsg HTTP/1.1" 200 27
221.239.170.112 - - [10/Dec/2022:11:31:32 +0800] "POST /xingrg/kc/buy/cgsh_order_operate.html HTTP/1.1" 200 2656
114.84.38.109 - - [10/Dec/2022:11:31:34 +0800] "GET /xingrg/kc/buy/cgsh_order_list.html HTTP/1.1" 200 53860
101.85.106.255 - - [10/Dec/2022:11:31:34 +0800] "GET /xingrg/all/function/internal_message.html?_=1670643117091&CODE_STATE=getMsg HTTP/1.1" 200 27
101.85.106.255 - - [10/Dec/2022:11:31:35 +0800] "GET /xingrg/check_reg.html?_=1670643117827 HTTP/1.1" 200 22
114.84.38.109 - - [10/Dec/2022:11:31:36 +0800] "POST /xingrg/kc/buy/cgsh_list_operate.html HTTP/1.1" 200 4449
114.84.38.109 - - [10/Dec/2022:11:31:36 +0800] "GET /xingrg/all/function/internal_message.html?_=1670643137805&CODE_STATE=getMsg HTTP/1.1" 200 27
180.162.115.136 - - [10/Dec/2022:11:31:37 +0800] "GET /xingrg/kc/buy/cgsh_order_operate.html?command=get_materiel&rest_code=00143&code=00101006028&supplier_code=00100207&order_time=2022-12-10 HTTP/1.1" 200 415
114.84.38.109 - - [10/Dec/2022:11:31:38 +0800] "GET /xingrg/check_reg.html?_=1670643142309 HTTP/1.1" 302 -
114.95.43.237 - - [10/Dec/2022:11:31:38 +0800] "GET /xingrg/all/function/internal_message.html?_=1670643124248&CODE_STATE=getMsg HTTP/1.1" 200 27
114.84.38.109 - - [10/Dec/2022:11:31:41 +0800] "GET /xingrg/all/function/internal_message.html?_=1670643146380&CODE_STATE=getMsg HTTP/1.1" 302 -
114.83.218.138 - - [10/Dec/2022:11:31:42 +0800] "GET /xingrg/all/function/internal_message.html?_=1670643124300&CODE_STATE=getMsg HTTP/1.1" 200 27
221.239.170.112 - - [10/Dec/2022:11:31:44 +0800] "GET /xingrg/kc/print/load_data.html?order_code=212022121002768&kc_code=cgsh&condition= HTTP/1.1" 200 671
114.88.159.190 - - [10/Dec/2022:11:31:46 +0800] "GET /xingrg/all/function/internal_message.html?_=1670642723851&CODE_STATE=getMsg HTTP/1.1" 200 27
114.88.159.190 - - [10/Dec/2022:11:31:46 +0800] "GET /xingrg/check_reg.html?_=1670642723853 HTTP/1.1" 200 22
58.221.95.50 - - [10/Dec/2022:11:31:47 +0800] "GET /xingrg/all/function/internal_message.html?_=1670643130681&CODE_STATE=getMsg HTTP/1.1" 200 27
180.169.147.146 - - [10/Dec/2022:11:31:49 +0800] "GET /xingrg/all/function/internal_message.html?_=1670643127591&CODE_STATE=getMsg HTTP/1.1" 200 27
221.239.170.112 - - [10/Dec/2022:11:31:53 +0800] "GET /xingrg/kc/buy/cgsh_order_add.html HTTP/1.1" 200 68830
221.239.170.112 - - [10/Dec/2022:11:31:53 +0800] "POST /xingrg/kc/buy/cgsh_order_operate.html HTTP/1.1" 200 8245
221.239.170.112 - - [10/Dec/2022:11:31:53 +0800] "GET /xingrg/javascript/easyui/themes/default/validatebox.css HTTP/1.1" 404 1104
180.162.115.136 - - [10/Dec/2022:11:31:54 +0800] "GET /xingrg/javascript/easyui/themes/default/images/button_plain_hover.png HTTP/1.1" 200 144
116.192.124.172 - - [10/Dec/2022:11:31:58 +0800] "GET /xingrg/all/function/internal_message.html?_=1670643141236&CODE_STATE=getMsg HTTP/1.1" 200 27
61.170.235.152 - - [10/Dec/2022:11:32:00 +0800] "GET /xingrg/all/function/internal_message.html?_=1670643148752&CODE_STATE=getMsg HTTP/1.1" 200 27
180.162.115.136 - - [10/Dec/2022:11:32:00 +0800] "POST /xingrg/kc/buy/cgsh_order_operate.html HTTP/1.1" 200 37
180.162.115.136 - - [10/Dec/2022:11:32:02 +0800] "POST /xingrg/kc/buy/cgsh_order_operate.html HTTP/1.1" 200 7400
180.162.115.136 - - [10/Dec/2022:11:32:03 +0800] "GET /xingrg/all/function/internal_message.html?_=1670642163136&CODE_STATE=getMsg HTTP/1.1" 200 27
124.79.74.72 - - [10/Dec/2022:11:32:05 +0800] "GET /xingrg/all/function/internal_message.html?_=1670643149823&CODE_STATE=getMsg HTTP/1.1" 200 27
61.170.235.152 - - [10/Dec/2022:11:32:06 +0800] "GET /xingrg/all/function/internal_message.html?_=1670643149100&CODE_STATE=getMsg HTTP/1.1" 200 27
114.84.38.109 - - [10/Dec/2022:11:32:11 +0800] "POST /xingrg/kc/buy/cgsh_list_operate.html HTTP/1.1" 200 6674
114.95.43.237 - - [10/Dec/2022:11:32:13 +0800] "GET /xingrg/all/function/internal_message.html?_=1670643003851&CODE_STATE=getMsg HTTP/1.1" 200 27
116.238.139.35 - - [10/Dec/2022:11:32:16 +0800] "GET /xingrg/all/function/internal_message.html?_=1670643096416&CODE_STATE=getMsg HTTP/1.1" 200 27
221.239.170.112 - - [10/Dec/2022:11:32:16 +0800] "GET /xingrg/kc/buy/cgsh_order_operate.html?command=get_materiel&rest_code=00145&code=00101006201&supplier_code=00100176&order_time=2022-12-02 HTTP/1.1" 200 405
221.239.170.112 - - [10/Dec/2022:11:32:22 +0800] "POST /xingrg/kc/buy/cgsh_order_operate.html HTTP/1.1" 200 37
61.170.235.152 - - [10/Dec/2022:11:32:23 +0800] "GET /xingrg/all/function/internal_message.html?_=1670643162486&CODE_STATE=getMsg HTTP/1.1" 200 27
221.239.170.112 - - [10/Dec/2022:11:32:23 +0800] "POST /xingrg/kc/buy/cgsh_order_operate.html HTTP/1.1" 200 2652
221.239.170.112 - - [10/Dec/2022:11:32:25 +0800] "GET /xingrg/kc/print/load_data.html?order_code=212022121002769&kc_code=cgsh&condition= HTTP/1.1" 200 695
222.70.177.10 - - [10/Dec/2022:11:32:25 +0800] "GET /xingrg/all/function/internal_message.html?_=1670643165948&CODE_STATE=getMsg HTTP/1.1" 200 27
221.239.170.112 - - [10/Dec/2022:11:32:29 +0800] "GET /xingrg/kc/buy/cgsh_order_add.html HTTP/1.1" 200 68830
221.239.170.112 - - [10/Dec/2022:11:32:29 +0800] "GET /xingrg/words/20221210105303_words.js HTTP/1.1" 304 -
221.239.170.112 - - [10/Dec/2022:11:32:29 +0800] "POST /xingrg/kc/buy/cgsh_order_operate.html HTTP/1.1" 200 8245
221.239.170.112 - - [10/Dec/2022:11:32:29 +0800] "GET /xingrg/javascript/easyui/themes/default/validatebox.css HTTP/1.1" 404 1104
221.239.170.112 - - [10/Dec/2022:11:32:29 +0800] "GET /xingrg/all/function/internal_message.html?_=1670643159158&CODE_STATE=getMsg HTTP/1.1" 200 27
221.239.170.112 - - [10/Dec/2022:11:32:29 +0800] "GET /xingrg/check_reg.html?_=1670643159164 HTTP/1.1" 200 22
114.84.38.109 - - [10/Dec/2022:11:32:30 +0800] "POST /xingrg/kc/buy/cgsh_list_operate.html HTTP/1.1" 200 6256
116.230.105.139 - - [10/Dec/2022:11:32:31 +0800] "GET /xingrg/all/function/internal_message.html?_=1670643173609&CODE_STATE=getMsg HTTP/1.1" 200 27
116.238.139.35 - - [10/Dec/2022:11:32:31 +0800] "GET /xingrg/all/function/internal_message.html?_=1670643174893&CODE_STATE=getMsg HTTP/1.1" 200 27
116.238.139.35 - - [10/Dec/2022:11:32:31 +0800] "GET /xingrg/check_reg.html?_=1670643174897 HTTP/1.1" 200 22
101.85.106.255 - - [10/Dec/2022:11:32:34 +0800] "GET /xingrg/all/function/internal_message.html?_=1670643177093&CODE_STATE=getMsg HTTP/1.1" 200 27
114.84.38.109 - - [10/Dec/2022:11:32:36 +0800] "GET /xingrg/all/function/internal_message.html?_=1670643197818&CODE_STATE=getMsg HTTP/1.1" 200 27
124.79.245.154 - - [10/Dec/2022:11:32:37 +0800] "POST /xingrg/services/DataTransmitService HTTP/1.1" 200 524
124.79.245.154 - - [10/Dec/2022:11:32:37 +0800] "POST /xingrg/services/DataTransmitService HTTP/1.1" 200 501
124.79.245.154 - - [10/Dec/2022:11:32:37 +0800] "POST /xingrg/services/DataTransmitService HTTP/1.1" 200 501
124.79.245.154 - - [10/Dec/2022:11:32:38 +0800] "POST /xingrg/services/DataTransmitService HTTP/1.1" 200 501
124.79.245.154 - - [10/Dec/2022:11:32:38 +0800] "POST /xingrg/services/DataTransmitService HTTP/1.1" 200 501
124.79.245.154 - - [10/Dec/2022:11:32:38 +0800] "POST /xingrg/services/DataTransmitService HTTP/1.1" 200 501
114.95.43.237 - - [10/Dec/2022:11:32:38 +0800] "GET /xingrg/all/function/internal_message.html?_=1670643184227&CODE_STATE=getMsg HTTP/1.1" 200 27
124.79.245.154 - - [10/Dec/2022:11:32:39 +0800] "POST /xingrg/services/DataTransmitService HTTP/1.1" 200 501
124.79.245.154 - - [10/Dec/2022:11:32:39 +0800] "POST /xingrg/services/DataTransmitService HTTP/1.1" 200 412
124.79.74.72 - - [10/Dec/2022:11:32:41 +0800] "GET /xingrg/kc/base/base_main.html HTTP/1.1" 200 12142
114.83.218.138 - - [10/Dec/2022:11:32:42 +0800] "GET /xingrg/all/function/internal_message.html?_=1670643184273&CODE_STATE=getMsg HTTP/1.1" 200 27
114.84.38.109 - - [10/Dec/2022:11:32:42 +0800] "GET /xingrg/all/function/internal_message.html?_=1670643206706&CODE_STATE=getMsg HTTP/1.1" 302 -
114.83.218.138 - - [10/Dec/2022:11:32:42 +0800] "GET /xingrg/check_reg.html?_=1670643184833 HTTP/1.1" 200 22
124.79.74.72 - - [10/Dec/2022:11:32:43 +0800] "GET /xingrg/kc/buy/buy_main.html HTTP/1.1" 200 12412
124.79.74.72 - - [10/Dec/2022:11:32:43 +0800] "GET /xingrg/css/new_ie.css HTTP/1.1" 404 1036
124.79.74.72 - - [10/Dec/2022:11:32:44 +0800] "GET /xingrg/images/yd/bt.gif HTTP/1.1" 404 1040
124.79.74.72 - - [10/Dec/2022:11:32:44 +0800] "GET /xingrg/kc/buy/cgsh_order_list.html HTTP/1.1" 200 53860
124.79.74.72 - - [10/Dec/2022:11:32:45 +0800] "POST /xingrg/kc/buy/cgsh_list_operate.html HTTP/1.1" 200 986
114.88.159.190 - - [10/Dec/2022:11:32:46 +0800] "GET /xingrg/all/function/internal_message.html?_=1670642783852&CODE_STATE=getMsg HTTP/1.1" 200 27
58.221.95.50 - - [10/Dec/2022:11:32:47 +0800] "GET /xingrg/all/function/internal_message.html?_=1670643190666&CODE_STATE=getMsg HTTP/1.1" 200 27
58.221.95.50 - - [10/Dec/2022:11:32:48 +0800] "GET /xingrg/check_reg.html?_=1670643191625 HTTP/1.1" 200 22
180.169.147.146 - - [10/Dec/2022:11:32:49 +0800] "GET /xingrg/all/function/internal_message.html?_=1670643187575&CODE_STATE=getMsg HTTP/1.1" 200 27
116.192.124.172 - - [10/Dec/2022:11:32:58 +0800] "GET /xingrg/all/function/internal_message.html?_=1670643201222&CODE_STATE=getMsg HTTP/1.1" 200 27
61.170.235.152 - - [10/Dec/2022:11:33:00 +0800] "GET /xingrg/all/function/internal_message.html?_=1670643208752&CODE_STATE=getMsg HTTP/1.1" 200 27
180.162.115.136 - - [10/Dec/2022:11:33:03 +0800] "GET /xingrg/all/function/internal_message.html?_=1670642223122&CODE_STATE=getMsg HTTP/1.1" 200 27
221.239.170.112 - - [10/Dec/2022:11:33:05 +0800] "GET /xingrg/kc/buy/cgsh_order_operate.html?command=get_materiel&rest_code=00145&code=00101008323&supplier_code=00100556&order_time=2022-12-02 HTTP/1.1" 200 408
124.79.74.72 - - [10/Dec/2022:11:33:05 +0800] "GET /xingrg/all/function/internal_message.html?_=1670643209852&CODE_STATE=getMsg HTTP/1.1" 200 27
61.170.235.152 - - [10/Dec/2022:11:33:06 +0800] "GET /xingrg/all/function/internal_message.html?_=1670643209102&CODE_STATE=getMsg HTTP/1.1" 200 27
114.95.43.237 - - [10/Dec/2022:11:33:13 +0800] "GET /xingrg/all/function/internal_message.html?_=1670643063843&CODE_STATE=getMsg HTTP/1.1" 200 27
116.238.139.35 - - [10/Dec/2022:11:33:16 +0800] "GET /xingrg/all/function/internal_message.html?_=1670643156422&CODE_STATE=getMsg HTTP/1.1" 200 27
114.84.38.109 - - [10/Dec/2022:11:33:18 +0800] "POST /xingrg/kc/buy/cgsh_list_operate.html HTTP/1.1" 200 567
114.84.38.109 - - [10/Dec/2022:11:33:19 +0800] "GET /xingrg/kc/buy/cgsh_order_info.html?code=212022120902347 HTTP/1.1" 200 64538
114.84.38.109 - - [10/Dec/2022:11:33:19 +0800] "GET /xingrg/javascript/easyui/themes/default/validatebox.css HTTP/1.1" 404 1104
114.84.38.109 - - [10/Dec/2022:11:33:20 +0800] "POST /xingrg/kc/buy/cgsh_order_operate.html HTTP/1.1" 200 49035
114.84.38.109 - - [10/Dec/2022:11:33:23 +0800] "GET /xingrg/kc/print/load_data.html?order_code=212022120902347&kc_code=cgsh HTTP/1.1" 200 19005
61.170.235.152 - - [10/Dec/2022:11:33:23 +0800] "GET /xingrg/all/function/internal_message.html?_=1670643222461&CODE_STATE=getMsg HTTP/1.1" 200 27
61.170.235.152 - - [10/Dec/2022:11:33:24 +0800] "GET /xingrg/check_reg.html?_=1670643222665 HTTP/1.1" 200 22
116.238.139.35 - - [10/Dec/2022:11:33:25 +0800] "GET /xingrg/kc/buy/cgsh_order_add.html HTTP/1.1" 200 69647
116.238.139.35 - - [10/Dec/2022:11:33:25 +0800] "GET /xingrg/words/20221210105303_words.js HTTP/1.1" 200 937396
222.70.177.10 - - [10/Dec/2022:11:33:25 +0800] "GET /xingrg/all/function/internal_message.html?_=1670643225931&CODE_STATE=getMsg HTTP/1.1" 200 27
116.238.139.35 - - [10/Dec/2022:11:33:26 +0800] "POST /xingrg/kc/buy/cgsh_order_operate.html HTTP/1.1" 200 8245
116.238.139.35 - - [10/Dec/2022:11:33:26 +0800] "GET /xingrg/javascript/easyui/themes/default/validatebox.css HTTP/1.1" 404 1104
221.239.170.112 - - [10/Dec/2022:11:33:29 +0800] "GET /xingrg/all/function/internal_message.html?_=1670643219139&CODE_STATE=getMsg HTTP/1.1" 200 27
221.239.170.112 - - [10/Dec/2022:11:33:30 +0800] "GET /xingrg/kc/buy/cgsh_order_operate.html?command=get_materiel&rest_code=00145&code=00101008024&supplier_code=00100556&order_time=2022-12-02 HTTP/1.1" 200 408
116.230.105.139 - - [10/Dec/2022:11:33:31 +0800] "GET /xingrg/all/function/internal_message.html?_=1670643233600&CODE_STATE=getMsg HTTP/1.1" 200 27
116.238.139.35 - - [10/Dec/2022:11:33:31 +0800] "GET /xingrg/all/function/internal_message.html?_=1670643234897&CODE_STATE=getMsg HTTP/1.1" 200 27
101.85.106.255 - - [10/Dec/2022:11:33:34 +0800] "GET /xingrg/all/function/internal_message.html?_=1670643237093&CODE_STATE=getMsg HTTP/1.1" 200 27
114.84.38.109 - - [10/Dec/2022:11:33:36 +0800] "GET /xingrg/all/function/internal_message.html?_=1670643257832&CODE_STATE=getMsg HTTP/1.1" 200 27
114.95.43.237 - - [10/Dec/2022:11:33:38 +0800] "GET /xingrg/all/function/internal_message.html?_=1670643244198&CODE_STATE=getMsg HTTP/1.1" 200 27
114.83.218.138 - - [10/Dec/2022:11:33:42 +0800] "GET /xingrg/all/function/internal_message.html?_=1670643244259&CODE_STATE=getMsg HTTP/1.1" 200 27
114.84.38.109 - - [10/Dec/2022:11:33:42 +0800] "GET /xingrg/all/function/internal_message.html?_=1670643266752&CODE_STATE=getMsg HTTP/1.1" 302 -
114.88.159.190 - - [10/Dec/2022:11:33:46 +0800] "GET /xingrg/all/function/internal_message.html?_=1670642843878&CODE_STATE=getMsg HTTP/1.1" 200 27
58.221.95.50 - - [10/Dec/2022:11:33:47 +0800] "GET /xingrg/all/function/internal_message.html?_=1670643250651&CODE_STATE=getMsg HTTP/1.1" 200 27
180.169.147.146 - - [10/Dec/2022:11:33:49 +0800] "GET /xingrg/all/function/internal_message.html?_=1670643247559&CODE_STATE=getMsg HTTP/1.1" 200 27
116.238.139.35 - - [10/Dec/2022:11:33:49 +0800] "GET /xingrg/kc/buy/cgsh_order_operate.html?command=get_materiel&rest_code=00150&code=00101029011&supplier_code=00100017&order_time=2022-12-10 HTTP/1.1" 200 459
221.239.170.112 - - [10/Dec/2022:11:33:50 +0800] "GET /xingrg/kc/buy/cgsh_order_operate.html?command=get_materiel&rest_code=00145&code=00101008268&supplier_code=00100556&order_time=2022-12-02 HTTP/1.1" 200 408
116.192.124.172 - - [10/Dec/2022:11:33:58 +0800] "GET /xingrg/all/function/internal_message.html?_=1670643261195&CODE_STATE=getMsg HTTP/1.1" 200 27
116.192.124.172 - - [10/Dec/2022:11:33:58 +0800] "GET /xingrg/check_reg.html?_=1670643261444 HTTP/1.1" 200 22
61.170.235.152 - - [10/Dec/2022:11:34:00 +0800] "GET /xingrg/all/function/internal_message.html?_=1670643268752&CODE_STATE=getMsg HTTP/1.1" 200 27
180.162.115.136 - - [10/Dec/2022:11:34:03 +0800] "GET /xingrg/check_reg.html?_=1670642283125 HTTP/1.1" 200 22
180.162.115.136 - - [10/Dec/2022:11:34:03 +0800] "GET /xingrg/all/function/internal_message.html?_=1670642283128&CODE_STATE=getMsg HTTP/1.1" 200 27
124.79.74.72 - - [10/Dec/2022:11:34:05 +0800] "GET /xingrg/all/function/internal_message.html?_=1670643269838&CODE_STATE=getMsg HTTP/1.1" 200 27
61.170.235.152 - - [10/Dec/2022:11:34:06 +0800] "GET /xingrg/all/function/internal_message.html?_=1670643269102&CODE_STATE=getMsg HTTP/1.1" 200 27
116.238.139.35 - - [10/Dec/2022:11:34:11 +0800] "GET /xingrg/kc/buy/cgsh_order_operate.html?command=get_materiel&rest_code=00150&code=00101029005&supplier_code=00100017&order_time=2022-12-10 HTTP/1.1" 200 435
114.95.43.237 - - [10/Dec/2022:11:34:13 +0800] "GET /xingrg/all/function/internal_message.html?_=1670643123829&CODE_STATE=getMsg HTTP/1.1" 200 27
58.221.95.50 - - [10/Dec/2022:11:34:13 +0800] "GET /xingrg/check_reg.html?_=1670643277099 HTTP/1.1" 200 22
116.238.139.35 - - [10/Dec/2022:11:34:15 +0800] "GET /xingrg/check_reg.html?_=1670643215882 HTTP/1.1" 200 22
116.238.139.35 - - [10/Dec/2022:11:34:16 +0800] "GET /xingrg/all/function/internal_message.html?_=1670643216435&CODE_STATE=getMsg HTTP/1.1" 200 27
61.170.235.152 - - [10/Dec/2022:11:34:23 +0800] "GET /xingrg/all/function/internal_message.html?_=1670643282431&CODE_STATE=getMsg HTTP/1.1" 200 27
221.239.170.112 - - [10/Dec/2022:11:34:23 +0800] "GET /xingrg/kc/buy/cgsh_order_operate.html?command=get_materiel&rest_code=00145&code=00101008205&supplier_code=00100556&order_time=2022-12-02 HTTP/1.1" 200 412
180.163.29.103 - - [10/Dec/2022:11:34:24 +0800] "GET /xingrg/check_reg.html?_=1670643222665 HTTP/1.1" 302 -
180.163.29.103 - - [10/Dec/2022:11:34:24 +0800] "GET /xingrg/login.html HTTP/1.1" 200 7641
222.70.177.10 - - [10/Dec/2022:11:34:25 +0800] "GET /xingrg/all/function/internal_message.html?_=1670643285915&CODE_STATE=getMsg HTTP/1.1" 200 27
222.70.177.10 - - [10/Dec/2022:11:34:27 +0800] "GET /xingrg/check_reg.html?_=1670643287958 HTTP/1.1" 200 22
221.239.170.112 - - [10/Dec/2022:11:34:29 +0800] "GET /xingrg/all/function/internal_message.html?_=1670643279161&CODE_STATE=getMsg HTTP/1.1" 200 27
116.230.105.139 - - [10/Dec/2022:11:34:31 +0800] "GET /xingrg/all/function/internal_message.html?_=1670643293598&CODE_STATE=getMsg HTTP/1.1" 200 27
116.238.139.35 - - [10/Dec/2022:11:34:31 +0800] "GET /xingrg/all/function/internal_message.html?_=1670643294900&CODE_STATE=getMsg HTTP/1.1" 200 27
101.85.106.255 - - [10/Dec/2022:11:34:34 +0800] "GET /xingrg/all/function/internal_message.html?_=1670643297092&CODE_STATE=getMsg HTTP/1.1" 200 27
116.238.139.35 - - [10/Dec/2022:11:34:35 +0800] "POST /xingrg/kc/buy/cgsh_order_operate.html HTTP/1.1" 200 37
124.79.74.72 - - [10/Dec/2022:11:34:35 +0800] "POST /xingrg/kc/buy/cgsh_list_operate.html HTTP/1.1" 200 986
114.84.38.109 - - [10/Dec/2022:11:34:36 +0800] "GET /xingrg/check_reg.html?_=1670643317518 HTTP/1.1" 200 22
114.84.38.109 - - [10/Dec/2022:11:34:36 +0800] "GET /xingrg/all/function/internal_message.html?_=1670643317908&CODE_STATE=getMsg HTTP/1.1" 200 27
124.79.74.72 - - [10/Dec/2022:11:34:38 +0800] "GET /xingrg/kc/buy/cgsh_order_add.html HTTP/1.1" 200 69715
124.79.74.72 - - [10/Dec/2022:11:34:38 +0800] "GET /xingrg/words/20221210105303_words.js HTTP/1.1" 200 937396
124.79.74.72 - - [10/Dec/2022:11:34:38 +0800] "GET /xingrg/javascript/easyui/themes/icons/template_new.png HTTP/1.1" 200 3956
114.95.43.237 - - [10/Dec/2022:11:34:38 +0800] "GET /xingrg/all/function/internal_message.html?_=1670643304168&CODE_STATE=getMsg HTTP/1.1" 200 27
124.79.74.72 - - [10/Dec/2022:11:34:38 +0800] "POST /xingrg/kc/buy/cgsh_order_operate.html HTTP/1.1" 200 8245
124.79.74.72 - - [10/Dec/2022:11:34:38 +0800] "GET /xingrg/javascript/easyui/themes/default/validatebox.css HTTP/1.1" 404 1104
221.239.170.112 - - [10/Dec/2022:11:34:39 +0800] "GET /xingrg/kc/buy/cgsh_order_operate.html?command=get_materiel&rest_code=00145&code=00101008355&supplier_code=00100556&order_time=2022-12-02 HTTP/1.1" 200 408
114.83.222.182 - - [10/Dec/2022:11:34:39 +0800] "GET /xingrg/login.html HTTP/1.1" 200 7641
114.95.43.237 - - [10/Dec/2022:11:34:39 +0800] "GET /xingrg/check_reg.html?_=1670643305356 HTTP/1.1" 200 22
114.83.222.182 - - [10/Dec/2022:11:34:40 +0800] "GET /favicon.ico HTTP/1.1" 404 -
116.238.139.35 - - [10/Dec/2022:11:34:40 +0800] "POST /xingrg/kc/buy/cgsh_order_operate.html HTTP/1.1" 200 12
114.83.218.138 - - [10/Dec/2022:11:34:42 +0800] "GET /xingrg/all/function/internal_message.html?_=1670643304244&CODE_STATE=getMsg HTTP/1.1" 200 27
116.238.139.35 - - [10/Dec/2022:11:34:42 +0800] "GET /xingrg/kc/buy/cgsh_order_info.html?code=212022121002770 HTTP/1.1" 200 64552
114.84.38.109 - - [10/Dec/2022:11:34:42 +0800] "GET /xingrg/all/function/internal_message.html?_=1670643326900&CODE_STATE=getMsg HTTP/1.1" 302 -
116.238.139.35 - - [10/Dec/2022:11:34:42 +0800] "GET /xingrg/javascript/easyui/themes/default/validatebox.css HTTP/1.1" 404 1104
116.238.139.35 - - [10/Dec/2022:11:34:43 +0800] "POST /xingrg/kc/buy/cgsh_order_operate.html HTTP/1.1" 200 1260
114.88.159.190 - - [10/Dec/2022:11:34:46 +0800] "GET /xingrg/all/function/internal_message.html?_=1670642903876&CODE_STATE=getMsg HTTP/1.1" 200 27
116.238.139.35 - - [10/Dec/2022:11:34:46 +0800] "GET /xingrg/kc/print/load_data.html?order_code=212022121002770&kc_code=cgsh&condition= HTTP/1.1" 200 1082
58.221.95.50 - - [10/Dec/2022:11:34:47 +0800] "GET /xingrg/all/function/internal_message.html?_=1670643310637&CODE_STATE=getMsg HTTP/1.1" 200 27
124.79.74.72 - - [10/Dec/2022:11:34:48 +0800] "GET /xingrg/javascript/auto/indicator.gif HTTP/1.1" 404 1066
124.79.74.72 - - [10/Dec/2022:11:34:49 +0800] "GET /xingrg/javascript/jquery_tools/images/prev.gif HTTP/1.1" 404 1086
124.79.74.72 - - [10/Dec/2022:11:34:49 +0800] "GET /xingrg/javascript/jquery_tools/images/next.gif HTTP/1.1" 404 1086
114.83.222.182 - - [10/Dec/2022:11:34:49 +0800] "POST /xingrg/login.do HTTP/1.1" 302 -
114.83.222.182 - - [10/Dec/2022:11:34:49 +0800] "GET /xingrg/index.html?sysBaseUrl=http%3A%2F%2F180.169.147.146%3A18081%2Fxingrg%2F&costTime=40×tamp=1670643289815 HTTP/1.1" 200 17179
114.83.222.182 - - [10/Dec/2022:11:34:49 +0800] "GET /favicon.ico HTTP/1.1" 404 -
114.83.222.182 - - [10/Dec/2022:11:34:50 +0800] "POST /xingrg/all/common/load_tree.html?tree=area_rest_tree_json&manage=1 HTTP/1.1" 200 351
114.83.222.182 - - [10/Dec/2022:11:34:50 +0800] "GET /xingrg/check_reg.html?_=1670643369721 HTTP/1.1" 200 22
114.83.222.182 - - [10/Dec/2022:11:34:50 +0800] "GET /xingrg/all/function/internal_message.html?_=1670643369721&CODE_STATE=count HTTP/1.1" 200 11
114.83.222.182 - - [10/Dec/2022:11:34:50 +0800] "POST /xingrg/load_menu.html HTTP/1.1" 200 5138
221.239.170.112 - - [10/Dec/2022:11:34:51 +0800] "GET /xingrg/kc/buy/cgsh_order_operate.html?command=get_materiel&rest_code=00145&code=00101016057&supplier_code=00100556&order_time=2022-12-02 HTTP/1.1" 200 408
124.79.74.72 - - [10/Dec/2022:11:34:52 +0800] "GET /xingrg/index.html?sysBaseUrl=http%3A%2F%2F180.169.147.146%3A18081%2Fxingrg%2F&costTime=42×tamp=1670640365589 HTTP/1.1" 200 17179
124.79.74.72 - - [10/Dec/2022:11:34:52 +0800] "POST /xingrg/all/common/load_tree.html?tree=area_rest_tree_json&manage=1 HTTP/1.1" 200 351
124.79.74.72 - - [10/Dec/2022:11:34:52 +0800] "GET /xingrg/all/function/internal_message.html?_=1670643316644&CODE_STATE=count HTTP/1.1" 200 11
124.79.74.72 - - [10/Dec/2022:11:34:52 +0800] "GET /xingrg/check_reg.html?_=1670643316645 HTTP/1.1" 200 22
124.79.74.72 - - [10/Dec/2022:11:34:52 +0800] "POST /xingrg/load_menu.html HTTP/1.1" 200 5138
124.79.74.72 - - [10/Dec/2022:11:34:52 +0800] "GET /favicon.ico HTTP/1.1" 404 -
114.83.222.182 - - [10/Dec/2022:11:34:54 +0800] "GET /xingrg/kc/base/yddb_order_list.html HTTP/1.1" 200 16713
124.79.74.72 - - [10/Dec/2022:11:34:54 +0800] "GET /xingrg/kc/buy/buy_main.html HTTP/1.1" 200 12412
124.79.74.72 - - [10/Dec/2022:11:34:54 +0800] "GET /xingrg/css/new_ie.css HTTP/1.1" 404 1036
114.83.222.182 - - [10/Dec/2022:11:34:54 +0800] "POST /xingrg/kc/base/yddb_list_operate.html HTTP/1.1" 200 636
124.79.74.72 - - [10/Dec/2022:11:34:55 +0800] "GET /xingrg/kc/buy/cgsh_order_list.html HTTP/1.1" 200 53860
124.79.74.72 - - [10/Dec/2022:11:34:56 +0800] "POST /xingrg/kc/buy/cgsh_list_operate.html HTTP/1.1" 200 986
124.79.74.72 - - [10/Dec/2022:11:34:57 +0800] "GET /xingrg/kc/buy/cgsh_order_add.html HTTP/1.1" 200 69715
124.79.74.72 - - [10/Dec/2022:11:34:57 +0800] "GET /xingrg/words/20221210105303_words.js HTTP/1.1" 200 937396
124.79.74.72 - - [10/Dec/2022:11:34:57 +0800] "POST /xingrg/kc/buy/cgsh_order_operate.html HTTP/1.1" 200 8245
124.79.74.72 - - [10/Dec/2022:11:34:57 +0800] "GET /xingrg/all/common/auto_word.html?type=employee&rest_code=00156 HTTP/1.1" 200 97
124.79.74.72 - - [10/Dec/2022:11:34:57 +0800] "GET /xingrg/javascript/easyui/themes/default/validatebox.css HTTP/1.1" 404 1104
124.79.74.72 - - [10/Dec/2022:11:34:57 +0800] "GET /xingrg/all/common/auto_word.html?type=employee&rest_code=00156 HTTP/1.1" 200 97
116.192.124.172 - - [10/Dec/2022:11:34:58 +0800] "GET /xingrg/all/function/internal_message.html?_=1670643321168&CODE_STATE=getMsg HTTP/1.1" 200 27
61.170.235.152 - - [10/Dec/2022:11:35:00 +0800] "GET /xingrg/check_reg.html?_=1670643328752 HTTP/1.1" 200 22
61.170.235.152 - - [10/Dec/2022:11:35:00 +0800] "GET /xingrg/all/function/internal_message.html?_=1670643328755&CODE_STATE=getMsg HTTP/1.1" 200 27
124.79.74.72 - - [10/Dec/2022:11:35:00 +0800] "GET /xingrg/javascript/jquery_tools/images/next.gif HTTP/1.1" 404 1086
124.79.74.72 - - [10/Dec/2022:11:35:00 +0800] "GET /xingrg/javascript/jquery_tools/images/prev.gif HTTP/1.1" 404 1086
180.162.115.136 - - [10/Dec/2022:11:35:03 +0800] "GET /xingrg/all/function/internal_message.html?_=1670642343122&CODE_STATE=getMsg HTTP/1.1" 200 27
114.83.222.182 - - [10/Dec/2022:11:35:04 +0800] "POST /xingrg/kc/base/yddb_list_operate.html HTTP/1.1" 200 4287
61.170.235.152 - - [10/Dec/2022:11:35:06 +0800] "GET /xingrg/check_reg.html?_=1670643329106 HTTP/1.1" 200 22
61.170.235.152 - - [10/Dec/2022:11:35:06 +0800] "GET /xingrg/all/function/internal_message.html?_=1670643329108&CODE_STATE=getMsg HTTP/1.1" 200 27
124.79.74.72 - - [10/Dec/2022:11:35:08 +0800] "GET /xingrg/kc/buy/cgsh_order_operate.html?command=get_materiel&rest_code=00156&code=00101009124&supplier_code=00100562&order_time=2022-12-10 HTTP/1.1" 200 417
114.83.222.182 - - [10/Dec/2022:11:35:11 +0800] "POST /xingrg/kc/base/yddb_list_operate.html HTTP/1.1" 200 221
114.83.222.182 - - [10/Dec/2022:11:35:11 +0800] "GET /xingrg/kc/base/yddb_order_info.html?code=482022112500184 HTTP/1.1" 200 30043
114.83.222.182 - - [10/Dec/2022:11:35:11 +0800] "GET /xingrg/dwr/util.js HTTP/1.1" 304 -
114.83.222.182 - - [10/Dec/2022:11:35:11 +0800] "GET /xingrg/dwr/interface/AjaxYddbService.js HTTP/1.1" 200 13201
114.83.222.182 - - [10/Dec/2022:11:35:11 +0800] "GET /xingrg/dwr/interface/AjaxComOrderService.js HTTP/1.1" 200 18264
114.83.222.182 - - [10/Dec/2022:11:35:11 +0800] "GET /xingrg/javascript/checkform.js HTTP/1.1" 200 18351
114.83.222.182 - - [10/Dec/2022:11:35:11 +0800] "GET /xingrg/dwr/engine.js HTTP/1.1" 200 43631
114.83.222.182 - - [10/Dec/2022:11:35:11 +0800] "POST /xingrg/dwr/call/plaincall/AjaxYddbService.loadMaterielItems.dwr HTTP/1.1" 200 422
114.95.43.237 - - [10/Dec/2022:11:35:13 +0800] "GET /xingrg/all/function/internal_message.html?_=1670643183806&CODE_STATE=getMsg HTTP/1.1" 200 27
114.95.43.237 - - [10/Dec/2022:11:35:16 +0800] "GET /xingrg/check_reg.html?_=1670643186265 HTTP/1.1" 200 22
116.238.139.35 - - [10/Dec/2022:11:35:16 +0800] "GET /xingrg/all/function/internal_message.html?_=1670643276449&CODE_STATE=getMsg HTTP/1.1" 200 27
116.238.139.35 - - [10/Dec/2022:11:35:20 +0800] "GET /xingrg/kc/base/wldb_order_list.html HTTP/1.1" 200 19107
116.238.139.35 - - [10/Dec/2022:11:35:20 +0800] "POST /xingrg/kc/base/wldb_list_operate.html HTTP/1.1" 200 928
61.170.235.152 - - [10/Dec/2022:11:35:23 +0800] "GET /xingrg/all/function/internal_message.html?_=1670643342404&CODE_STATE=getMsg HTTP/1.1" 200 27
222.70.177.10 - - [10/Dec/2022:11:35:25 +0800] "GET /xingrg/all/function/internal_message.html?_=1670643345898&CODE_STATE=getMsg HTTP/1.1" 200 27
221.239.170.112 - - [10/Dec/2022:11:35:27 +0800] "GET /xingrg/kc/buy/cgsh_order_operate.html?command=get_materiel&rest_code=00145&code=00101008036&supplier_code=00100556&order_time=2022-12-02 HTTP/1.1" 200 408
114.83.222.182 - - [10/Dec/2022:11:35:27 +0800] "GET /xingrg/kc/base/yddb_order_list.html HTTP/1.1" 200 16713
114.83.222.182 - - [10/Dec/2022:11:35:27 +0800] "POST /xingrg/kc/base/yddb_list_operate.html HTTP/1.1" 200 636
116.238.139.35 - - [10/Dec/2022:11:35:28 +0800] "GET /xingrg/kc/base/wldb_order_add.html HTTP/1.1" 200 30398
116.238.139.35 - - [10/Dec/2022:11:35:28 +0800] "POST /xingrg/kc/base/wldb_order_operate.html HTTP/1.1" 200 6806
116.238.139.35 - - [10/Dec/2022:11:35:28 +0800] "GET /xingrg/all/common/auto_word.html?type=base&rest_code=00150 HTTP/1.1" 200 1799
116.238.139.35 - - [10/Dec/2022:11:35:28 +0800] "GET /xingrg/all/common/auto_word.html?type=base&rest_code=00150 HTTP/1.1" 200 1799
116.238.139.35 - - [10/Dec/2022:11:35:28 +0800] "GET /xingrg/javascript/easyui/themes/default/validatebox.css HTTP/1.1" 404 1104
114.83.222.182 - - [10/Dec/2022:11:35:29 +0800] "GET /xingrg/kc/base/yddb_order_add.html HTTP/1.1" 200 29865
114.83.222.182 - - [10/Dec/2022:11:35:29 +0800] "GET /xingrg/dwr/interface/AjaxYddbService.js HTTP/1.1" 200 13201
114.83.222.182 - - [10/Dec/2022:11:35:29 +0800] "GET /xingrg/dwr/interface/AjaxComOrderService.js HTTP/1.1" 200 18264
114.83.222.182 - - [10/Dec/2022:11:35:29 +0800] "GET /xingrg/dwr/engine.js HTTP/1.1" 200 43631
221.239.170.112 - - [10/Dec/2022:11:35:29 +0800] "GET /xingrg/all/function/internal_message.html?_=1670643339147&CODE_STATE=getMsg HTTP/1.1" 200 27
116.238.139.35 - - [10/Dec/2022:11:35:30 +0800] "POST /xingrg/all/common/load_combo.html?type=base HTTP/1.1" 200 3227
116.230.105.139 - - [10/Dec/2022:11:35:31 +0800] "GET /xingrg/all/function/internal_message.html?_=1670643353588&CODE_STATE=getMsg HTTP/1.1" 200 27
116.238.139.35 - - [10/Dec/2022:11:35:31 +0800] "GET /xingrg/all/function/internal_message.html?_=1670643354902&CODE_STATE=getMsg HTTP/1.1" 200 27
114.83.222.182 - - [10/Dec/2022:11:35:34 +0800] "POST /xingrg/dwr/call/plaincall/AjaxYddbService.getRestBases.dwr HTTP/1.1" 200 536
101.85.106.255 - - [10/Dec/2022:11:35:34 +0800] "GET /xingrg/all/function/internal_message.html?_=1670643357093&CODE_STATE=getMsg HTTP/1.1" 200 27
114.84.38.109 - - [10/Dec/2022:11:35:36 +0800] "GET /xingrg/all/function/internal_message.html?_=1670643377922&CODE_STATE=getMsg HTTP/1.1" 200 27
114.95.43.237 - - [10/Dec/2022:11:35:38 +0800] "GET /xingrg/all/function/internal_message.html?_=1670643364140&CODE_STATE=getMsg HTTP/1.1" 200 27
114.83.218.138 - - [10/Dec/2022:11:35:42 +0800] "GET /xingrg/all/function/internal_message.html?_=1670643364217&CODE_STATE=getMsg HTTP/1.1" 200 27
114.84.38.109 - - [10/Dec/2022:11:35:42 +0800] "GET /xingrg/all/function/internal_message.html?_=1670643386903&CODE_STATE=getMsg HTTP/1.1" 302 -
116.238.139.35 - - [10/Dec/2022:11:35:45 +0800] "GET /xingrg/kc/base/wldb_order_operate.html?command=get_materiel&rest_code=00150&base_code=0010445&code=00101019390 HTTP/1.1" 200 470
114.88.159.190 - - [10/Dec/2022:11:35:46 +0800] "GET /xingrg/all/function/internal_message.html?_=1670642963875&CODE_STATE=getMsg HTTP/1.1" 200 27
58.221.95.50 - - [10/Dec/2022:11:35:47 +0800] "GET /xingrg/all/function/internal_message.html?_=1670643370622&CODE_STATE=getMsg HTTP/1.1" 200 27
114.83.222.182 - - [10/Dec/2022:11:35:47 +0800] "POST /xingrg/dwr/call/plaincall/AjaxYddbService.saveOrder.dwr HTTP/1.1" 200 78
114.83.222.182 - - [10/Dec/2022:11:35:48 +0800] "GET /xingrg/images/yd/bt.gif HTTP/1.1" 404 1040
114.83.222.182 - - [10/Dec/2022:11:35:50 +0800] "GET /xingrg/all/function/internal_message.html?_=1670643429752&CODE_STATE=getMsg HTTP/1.1" 200 27
124.79.74.72 - - [10/Dec/2022:11:35:52 +0800] "GET /xingrg/all/function/internal_message.html?_=1670643376649&CODE_STATE=getMsg HTTP/1.1" 200 27
116.238.139.35 - - [10/Dec/2022:11:35:53 +0800] "GET /xingrg/kc/base/wldb_order_operate.html?command=get_materiel&rest_code=00150&base_code=0010445&code=00101019258 HTTP/1.1" 200 482
114.83.222.182 - - [10/Dec/2022:11:35:55 +0800] "POST /xingrg/dwr/call/plaincall/AjaxComOrderService.getMaterielSearchList.dwr HTTP/1.1" 200 76
114.83.222.182 - - [10/Dec/2022:11:35:55 +0800] "POST /xingrg/dwr/call/plaincall/AjaxComOrderService.getMaterielSearchList.dwr HTTP/1.1" 200 76
114.83.222.182 - - [10/Dec/2022:11:35:56 +0800] "POST /xingrg/dwr/call/plaincall/AjaxComOrderService.getMaterielSearchList.dwr HTTP/1.1" 200 439
116.192.124.172 - - [10/Dec/2022:11:35:58 +0800] "GET /xingrg/all/function/internal_message.html?_=1670643381150&CODE_STATE=getMsg HTTP/1.1" 200 27
114.83.222.182 - - [10/Dec/2022:11:35:59 +0800] "POST /xingrg/dwr/call/plaincall/AjaxYddbService.getMaterielByMap.dwr HTTP/1.1" 200 1744
221.239.170.112 - - [10/Dec/2022:11:36:00 +0800] "GET /xingrg/kc/buy/cgsh_order_operate.html?command=get_materiel&rest_code=00145&code=00101008361&supplier_code=00100556&order_time=2022-12-02 HTTP/1.1" 200 408
61.170.235.152 - - [10/Dec/2022:11:36:00 +0800] "GET /xingrg/all/function/internal_message.html?_=1670643388741&CODE_STATE=getMsg HTTP/1.1" 200 27
116.238.139.35 - - [10/Dec/2022:11:36:02 +0800] "GET /xingrg/kc/base/wldb_order_operate.html?command=get_materiel&rest_code=00150&base_code=0010445&code=00101019551 HTTP/1.1" 200 465
180.162.115.136 - - [10/Dec/2022:11:36:03 +0800] "GET /xingrg/all/function/internal_message.html?_=1670642403137&CODE_STATE=getMsg HTTP/1.1" 200 27
61.170.235.152 - - [10/Dec/2022:11:36:06 +0800] "GET /xingrg/all/function/internal_message.html?_=1670643389094&CODE_STATE=getMsg HTTP/1.1" 200 27
116.238.139.35 - - [10/Dec/2022:11:36:12 +0800] "GET /xingrg/kc/base/wldb_order_operate.html?command=get_materiel&rest_code=00150&base_code=0010445&code=00101019450 HTTP/1.1" 200 482
114.95.43.237 - - [10/Dec/2022:11:36:13 +0800] "GET /xingrg/all/function/internal_message.html?_=1670643243793&CODE_STATE=getMsg HTTP/1.1" 200 27
116.238.139.35 - - [10/Dec/2022:11:36:16 +0800] "GET /xingrg/all/function/internal_message.html?_=1670643336462&CODE_STATE=getMsg HTTP/1.1" 200 27
114.83.222.182 - - [10/Dec/2022:11:36:21 +0800] "GET /xingrg/kc/base/yddb_order_list.html HTTP/1.1" 200 16713
114.83.222.182 - - [10/Dec/2022:11:36:21 +0800] "POST /xingrg/kc/base/yddb_list_operate.html HTTP/1.1" 200 1342
61.170.235.152 - - [10/Dec/2022:11:36:23 +0800] "GET /xingrg/all/function/internal_message.html?_=1670643402375&CODE_STATE=getMsg HTTP/1.1" 200 27
221.239.170.112 - - [10/Dec/2022:11:36:25 +0800] "GET /xingrg/kc/buy/cgsh_order_operate.html?command=get_materiel&rest_code=00145&code=00101008108&supplier_code=00100556&order_time=2022-12-02 HTTP/1.1" 200 412
222.70.177.10 - - [10/Dec/2022:11:36:25 +0800] "GET /xingrg/all/function/internal_message.html?_=1670643405881&CODE_STATE=getMsg HTTP/1.1" 200 27
221.239.170.112 - - [10/Dec/2022:11:36:29 +0800] "GET /xingrg/all/function/internal_message.html?_=1670643399143&CODE_STATE=getMsg HTTP/1.1" 200 27
114.83.222.182 - - [10/Dec/2022:11:36:30 +0800] "POST /xingrg/kc/base/yddb_list_operate.html HTTP/1.1" 200 4287
116.230.105.139 - - [10/Dec/2022:11:36:31 +0800] "GET /xingrg/all/function/internal_message.html?_=1670643413608&CODE_STATE=getMsg HTTP/1.1" 200 27
116.230.105.139 - - [10/Dec/2022:11:36:31 +0800] "GET /xingrg/check_reg.html?_=1670643413612 HTTP/1.1" 200 22
116.238.139.35 - - [10/Dec/2022:11:36:31 +0800] "GET /xingrg/all/function/internal_message.html?_=1670643414904&CODE_STATE=getMsg HTTP/1.1" 200 27
116.238.139.35 - - [10/Dec/2022:11:36:32 +0800] "POST /xingrg/kc/base/wldb_order_operate.html HTTP/1.1" 200 37
114.83.222.182 - - [10/Dec/2022:11:36:33 +0800] "POST /xingrg/kc/base/yddb_list_operate.html HTTP/1.1" 200 221
114.83.222.182 - - [10/Dec/2022:11:36:33 +0800] "GET /xingrg/kc/base/yddb_order_info.html?code=482022112500184 HTTP/1.1" 200 30043
114.83.222.182 - - [10/Dec/2022:11:36:33 +0800] "GET /xingrg/dwr/interface/AjaxYddbService.js HTTP/1.1" 200 13201
114.83.222.182 - - [10/Dec/2022:11:36:33 +0800] "GET /xingrg/dwr/interface/AjaxComOrderService.js HTTP/1.1" 200 18264
114.83.222.182 - - [10/Dec/2022:11:36:33 +0800] "GET /xingrg/dwr/engine.js HTTP/1.1" 200 43631
114.83.222.182 - - [10/Dec/2022:11:36:33 +0800] "POST /xingrg/dwr/call/plaincall/AjaxYddbService.loadMaterielItems.dwr HTTP/1.1" 200 422
101.85.106.255 - - [10/Dec/2022:11:36:34 +0800] "GET /xingrg/all/function/internal_message.html?_=1670643417093&CODE_STATE=getMsg HTTP/1.1" 200 27
116.238.139.35 - - [10/Dec/2022:11:36:35 +0800] "POST /xingrg/kc/base/wldb_order_operate.html HTTP/1.1" 200 12
101.85.106.255 - - [10/Dec/2022:11:36:35 +0800] "GET /xingrg/check_reg.html?_=1670643417800 HTTP/1.1" 200 22
116.238.139.35 - - [10/Dec/2022:11:36:35 +0800] "POST /xingrg/kc/base/wldb_order_operate.html HTTP/1.1" 200 3739
221.239.170.112 - - [10/Dec/2022:11:36:36 +0800] "GET /xingrg/kc/buy/cgsh_order_operate.html?command=get_materiel&rest_code=00145&code=00101008356&supplier_code=00100556&order_time=2022-12-02 HTTP/1.1" 200 408
116.238.139.35 - - [10/Dec/2022:11:36:36 +0800] "GET /xingrg/kc/base/wldb_order_info.html?code=422022121000762 HTTP/1.1" 200 26281
116.238.139.35 - - [10/Dec/2022:11:36:36 +0800] "GET /xingrg/javascript/easyui/themes/default/validatebox.css HTTP/1.1" 404 1104
116.238.139.35 - - [10/Dec/2022:11:36:36 +0800] "POST /xingrg/kc/base/wldb_order_operate.html HTTP/1.1" 200 2003
114.84.38.109 - - [10/Dec/2022:11:36:36 +0800] "GET /xingrg/all/function/internal_message.html?_=1670643437944&CODE_STATE=getMsg HTTP/1.1" 200 27
114.84.38.109 - - [10/Dec/2022:11:36:38 +0800] "GET /xingrg/check_reg.html?_=1670643442457 HTTP/1.1" 302 -
114.95.43.237 - - [10/Dec/2022:11:36:38 +0800] "GET /xingrg/all/function/internal_message.html?_=1670643424113&CODE_STATE=getMsg HTTP/1.1" 200 27
116.238.139.35 - - [10/Dec/2022:11:36:40 +0800] "GET /xingrg/kc/base/wldb_order_add.html HTTP/1.1" 200 30398
