114.95.43.237 - - [10/Dec/2022:10:16:39 +0800] "GET /xingrg/all/function/internal_message.html?_=1670638625242&CODE_STATE=getMsg HTTP/1.1" 200 27
221.239.170.112 - - [10/Dec/2022:10:16:41 +0800] "GET /xingrg/kc/buy/cgsh_order_operate.html?command=get_materiel&rest_code=00145&code=00101028025&supplier_code=00100585&order_time=2022-12-10 HTTP/1.1" 200 454
114.83.218.138 - - [10/Dec/2022:10:16:42 +0800] "GET /xingrg/all/function/internal_message.html?_=1670638624553&CODE_STATE=getMsg HTTP/1.1" 200 27
221.239.170.112 - - [10/Dec/2022:10:16:44 +0800] "POST /xingrg/all/common/load_select.html HTTP/1.1" 200 25
116.238.139.35 - - [10/Dec/2022:10:16:45 +0800] "GET /xingrg/kc/buy/cgsh_order_operate.html?command=get_materiel&rest_code=00150&code=00101009062&supplier_code=00100022&order_time=2022-12-10 HTTP/1.1" 200 412
114.88.159.190 - - [10/Dec/2022:10:16:46 +0800] "GET /xingrg/all/function/internal_message.html?_=1670638223637&CODE_STATE=getMsg HTTP/1.1" 200 27
114.88.159.190 - - [10/Dec/2022:10:16:46 +0800] "GET /xingrg/check_reg.html?_=1670638223639 HTTP/1.1" 200 22
114.83.222.182 - - [10/Dec/2022:10:16:47 +0800] "GET /xingrg/all/function/internal_message.html?_=1670638686669&CODE_STATE=getMsg HTTP/1.1" 200 27
58.221.95.50 - - [10/Dec/2022:10:16:48 +0800] "GET /xingrg/all/function/internal_message.html?_=1670638631780&CODE_STATE=getMsg HTTP/1.1" 200 27
221.239.170.112 - - [10/Dec/2022:10:16:50 +0800] "GET /xingrg/kc/buy/cgsh_order_operate.html?command=get_materiel_price&rest_code=00145&code=00101028025&unit_code=00100157&supplier_code=00100585&order_time=2022-12-10 HTTP/1.1" 200 29
116.238.139.35 - - [10/Dec/2022:10:16:57 +0800] "GET /xingrg/kc/buy/cgsh_order_operate.html?command=get_materiel&rest_code=00150&code=00101009011&supplier_code=00100022&order_time=2022-12-10 HTTP/1.1" 200 416
116.192.124.172 - - [10/Dec/2022:10:16:58 +0800] "GET /xingrg/all/function/internal_message.html?_=1670638641437&CODE_STATE=getMsg HTTP/1.1" 200 27
222.70.177.10 - - [10/Dec/2022:10:16:59 +0800] "GET /xingrg/kc/mdqp/qqps_order_list.html HTTP/1.1" 200 9668
222.70.177.10 - - [10/Dec/2022:10:16:59 +0800] "GET /xingrg/dwr/interface/AjaxQqpsService.js HTTP/1.1" 200 16326
222.70.177.10 - - [10/Dec/2022:10:16:59 +0800] "GET /xingrg/dwr/engine.js HTTP/1.1" 200 43631
222.70.177.10 - - [10/Dec/2022:10:16:59 +0800] "GET /xingrg/dwr/interface/AjaxReportQueryService.js HTTP/1.1" 200 13203
222.70.177.10 - - [10/Dec/2022:10:17:06 +0800] "POST /xingrg/dwr/call/plaincall/AjaxReportQueryService.getFixDate.dwr HTTP/1.1" 200 111
61.170.235.152 - - [10/Dec/2022:10:17:06 +0800] "GET /xingrg/all/function/internal_message.html?_=1670638652632&CODE_STATE=getMsg HTTP/1.1" 200 27
116.238.139.35 - - [10/Dec/2022:10:17:08 +0800] "GET /xingrg/kc/buy/cgsh_order_operate.html?command=get_materiel&rest_code=00150&code=00101009045&supplier_code=00100022&order_time=2022-12-10 HTTP/1.1" 200 413
222.70.177.10 - - [10/Dec/2022:10:17:09 +0800] "POST /xingrg/dwr/call/plaincall/AjaxReportQueryService.getFixDate.dwr HTTP/1.1" 200 111
116.238.139.35 - - [10/Dec/2022:10:17:12 +0800] "GET /xingrg/all/function/internal_message.html?_=1670638592987&CODE_STATE=getMsg HTTP/1.1" 200 27
222.70.177.10 - - [10/Dec/2022:10:17:13 +0800] "GET /xingrg/kc/mdqp/qqps_order_list.html?isQuery=1&timeSelect=1&orderTime=day&startTime=2022-12-10&endTime=2022-12-10&state=all&query=%C8%B7++%B6%A8 HTTP/1.1" 200 9767
222.70.177.10 - - [10/Dec/2022:10:17:13 +0800] "GET /xingrg/dwr/interface/AjaxQqpsService.js HTTP/1.1" 200 16326
222.70.177.10 - - [10/Dec/2022:10:17:13 +0800] "GET /xingrg/dwr/interface/AjaxReportQueryService.js HTTP/1.1" 200 13203
222.70.177.10 - - [10/Dec/2022:10:17:13 +0800] "GET /xingrg/dwr/engine.js HTTP/1.1" 200 43631
221.239.170.112 - - [10/Dec/2022:10:17:14 +0800] "GET /xingrg/all/function/internal_message.html?_=1670638643628&CODE_STATE=getMsg HTTP/1.1" 200 27
114.95.43.237 - - [10/Dec/2022:10:17:14 +0800] "GET /xingrg/all/function/internal_message.html?_=1670638504802&CODE_STATE=getMsg HTTP/1.1" 200 27
222.70.177.10 - - [10/Dec/2022:10:17:19 +0800] "GET /xingrg/kc/mdqp/qqps_order_list.html?isQuery=1&timeSelect=1&orderTime=day&startTime=2022-12-09&endTime=2022-12-09&state=all&query=%C8%B7++%B6%A8 HTTP/1.1" 200 10998
222.70.177.10 - - [10/Dec/2022:10:17:19 +0800] "GET /xingrg/dwr/interface/AjaxReportQueryService.js HTTP/1.1" 200 13203
222.70.177.10 - - [10/Dec/2022:10:17:19 +0800] "GET /xingrg/dwr/interface/AjaxQqpsService.js HTTP/1.1" 200 16326
222.70.177.10 - - [10/Dec/2022:10:17:19 +0800] "GET /xingrg/dwr/engine.js HTTP/1.1" 200 43631
116.238.139.35 - - [10/Dec/2022:10:17:21 +0800] "GET /xingrg/kc/buy/cgsh_order_operate.html?command=get_materiel&rest_code=00150&code=00101009158&supplier_code=00100022&order_time=2022-12-10 HTTP/1.1" 200 399
222.70.177.10 - - [10/Dec/2022:10:17:21 +0800] "GET /xingrg/kc/mdqp/qqps_order_info.html?code=302022120900180 HTTP/1.1" 200 26482
222.70.177.10 - - [10/Dec/2022:10:17:21 +0800] "GET /xingrg/dwr/interface/AjaxComOrderService.js HTTP/1.1" 200 18264
222.70.177.10 - - [10/Dec/2022:10:17:21 +0800] "GET /xingrg/dwr/interface/AjaxQqpsService.js HTTP/1.1" 200 16326
222.70.177.10 - - [10/Dec/2022:10:17:21 +0800] "GET /xingrg/dwr/engine.js HTTP/1.1" 200 43631
222.70.177.10 - - [10/Dec/2022:10:17:22 +0800] "POST /xingrg/dwr/call/plaincall/AjaxQqpsService.loadMaterielItems.dwr HTTP/1.1" 200 7211
180.163.28.114 - - [10/Dec/2022:10:17:23 +0800] "GET /xingrg/all/function/internal_message.html?_=1670638602510&CODE_STATE=getMsg HTTP/1.1" 302 -
61.170.235.152 - - [10/Dec/2022:10:17:23 +0800] "GET /xingrg/all/function/internal_message.html?_=1670638662512&CODE_STATE=getMsg HTTP/1.1" 200 27
180.163.28.114 - - [10/Dec/2022:10:17:23 +0800] "GET /xingrg/login.html HTTP/1.1" 200 7641
222.70.177.10 - - [10/Dec/2022:10:17:27 +0800] "GET /xingrg/all/function/internal_message.html?_=1670638667145&CODE_STATE=getMsg HTTP/1.1" 200 27
116.230.105.139 - - [10/Dec/2022:10:17:31 +0800] "GET /xingrg/all/function/internal_message.html?_=1670638673603&CODE_STATE=getMsg HTTP/1.1" 200 27
116.238.139.35 - - [10/Dec/2022:10:17:31 +0800] "GET /xingrg/check_reg.html?_=1670638674774 HTTP/1.1" 200 22
116.238.139.35 - - [10/Dec/2022:10:17:31 +0800] "GET /xingrg/all/function/internal_message.html?_=1670638674777&CODE_STATE=getMsg HTTP/1.1" 200 27
101.85.106.255 - - [10/Dec/2022:10:17:34 +0800] "GET /xingrg/all/function/internal_message.html?_=1670638676999&CODE_STATE=getMsg HTTP/1.1" 200 27
221.239.170.112 - - [10/Dec/2022:10:17:36 +0800] "POST /xingrg/kc/buy/cgsh_order_operate.html HTTP/1.1" 200 37
222.70.177.10 - - [10/Dec/2022:10:17:36 +0800] "GET /xingrg/kc/mdqp/qqps_order_add.html HTTP/1.1" 200 28079
222.70.177.10 - - [10/Dec/2022:10:17:36 +0800] "GET /xingrg/dwr/interface/AjaxComOrderService.js HTTP/1.1" 200 18264
222.70.177.10 - - [10/Dec/2022:10:17:36 +0800] "GET /xingrg/dwr/interface/AjaxQqpsService.js HTTP/1.1" 200 16326
222.70.177.10 - - [10/Dec/2022:10:17:36 +0800] "GET /xingrg/dwr/engine.js HTTP/1.1" 200 43631
114.84.38.109 - - [10/Dec/2022:10:17:38 +0800] "GET /xingrg/all/function/internal_message.html?_=1670638702302&CODE_STATE=getMsg HTTP/1.1" 200 27
221.239.170.112 - - [10/Dec/2022:10:17:38 +0800] "POST /xingrg/kc/buy/cgsh_order_operate.html HTTP/1.1" 200 2695
114.95.43.237 - - [10/Dec/2022:10:17:39 +0800] "GET /xingrg/all/function/internal_message.html?_=1670638685242&CODE_STATE=getMsg HTTP/1.1" 200 27
116.238.139.35 - - [10/Dec/2022:10:17:39 +0800] "GET /xingrg/kc/buy/cgsh_order_operate.html?command=get_materiel&rest_code=00150&code=00101009031&supplier_code=00100022&order_time=2022-12-10 HTTP/1.1" 200 408
221.239.170.112 - - [10/Dec/2022:10:17:39 +0800] "GET /xingrg/kc/buy/cgsh_order_add.html HTTP/1.1" 200 68830
221.239.170.112 - - [10/Dec/2022:10:17:40 +0800] "POST /xingrg/kc/buy/cgsh_order_operate.html HTTP/1.1" 200 8245
221.239.170.112 - - [10/Dec/2022:10:17:40 +0800] "GET /xingrg/javascript/easyui/themes/default/validatebox.css HTTP/1.1" 404 1104
114.83.218.138 - - [10/Dec/2022:10:17:42 +0800] "GET /xingrg/all/function/internal_message.html?_=1670638684551&CODE_STATE=getMsg HTTP/1.1" 200 27
114.83.218.138 - - [10/Dec/2022:10:17:42 +0800] "GET /xingrg/check_reg.html?_=1670638684553 HTTP/1.1" 200 22
114.95.43.237 - - [10/Dec/2022:10:17:44 +0800] "POST /xingrg/kc/buy/cgsh_list_operate.html HTTP/1.1" 200 497
114.95.43.237 - - [10/Dec/2022:10:17:45 +0800] "GET /xingrg/kc/buy/cgsh_order_info.html?code=212022121002695 HTTP/1.1" 200 69729
114.88.159.190 - - [10/Dec/2022:10:17:46 +0800] "GET /xingrg/all/function/internal_message.html?_=1670638283632&CODE_STATE=getMsg HTTP/1.1" 200 27
114.95.43.237 - - [10/Dec/2022:10:17:46 +0800] "GET /xingrg/javascript/easyui/themes/default/validatebox.css HTTP/1.1" 404 1104
222.70.177.10 - - [10/Dec/2022:10:17:46 +0800] "POST /xingrg/dwr/call/plaincall/AjaxQqpsService.saveOrder.dwr HTTP/1.1" 200 78
114.83.222.182 - - [10/Dec/2022:10:17:47 +0800] "GET /xingrg/all/function/internal_message.html?_=1670638746664&CODE_STATE=getMsg HTTP/1.1" 200 27
114.95.43.237 - - [10/Dec/2022:10:17:47 +0800] "POST /xingrg/kc/buy/cgsh_order_operate.html HTTP/1.1" 200 5024
58.221.95.50 - - [10/Dec/2022:10:17:48 +0800] "GET /xingrg/check_reg.html?_=1670638691764 HTTP/1.1" 200 22
58.221.95.50 - - [10/Dec/2022:10:17:48 +0800] "GET /xingrg/all/function/internal_message.html?_=1670638691766&CODE_STATE=getMsg HTTP/1.1" 200 27
222.70.177.10 - - [10/Dec/2022:10:17:51 +0800] "POST /xingrg/dwr/call/plaincall/AjaxQqpsService.getMaterielByCode.dwr HTTP/1.1" 200 2716
222.70.177.10 - - [10/Dec/2022:10:17:55 +0800] "POST /xingrg/dwr/call/plaincall/AjaxQqpsService.saveMaterielItem.dwr HTTP/1.1" 200 78
116.192.124.172 - - [10/Dec/2022:10:17:58 +0800] "GET /xingrg/all/function/internal_message.html?_=1670638701434&CODE_STATE=getMsg HTTP/1.1" 200 27
116.238.139.35 - - [10/Dec/2022:10:17:58 +0800] "GET /xingrg/kc/buy/cgsh_order_operate.html?command=get_materiel&rest_code=00150&code=00101009121&supplier_code=00100022&order_time=2022-12-10 HTTP/1.1" 200 425
61.170.235.152 - - [10/Dec/2022:10:18:06 +0800] "GET /xingrg/all/function/internal_message.html?_=1670638712634&CODE_STATE=getMsg HTTP/1.1" 200 27
116.238.139.35 - - [10/Dec/2022:10:18:07 +0800] "POST /xingrg/kc/buy/cgsh_order_operate.html HTTP/1.1" 200 37
222.70.177.10 - - [10/Dec/2022:10:18:07 +0800] "POST /xingrg/dwr/call/plaincall/AjaxQqpsService.getMaterielByCode.dwr HTTP/1.1" 200 2703
222.70.177.10 - - [10/Dec/2022:10:18:10 +0800] "POST /xingrg/dwr/call/plaincall/AjaxQqpsService.saveOrder.dwr HTTP/1.1" 200 78
222.70.177.10 - - [10/Dec/2022:10:18:10 +0800] "POST /xingrg/dwr/call/plaincall/AjaxQqpsService.saveMaterielItem.dwr HTTP/1.1" 200 78
116.238.139.35 - - [10/Dec/2022:10:18:12 +0800] "GET /xingrg/all/function/internal_message.html?_=1670638653000&CODE_STATE=getMsg HTTP/1.1" 200 27
222.70.177.10 - - [10/Dec/2022:10:18:13 +0800] "POST /xingrg/dwr/call/plaincall/AjaxQqpsService.checkOrder.dwr HTTP/1.1" 200 78
221.239.170.112 - - [10/Dec/2022:10:18:14 +0800] "GET /xingrg/all/function/internal_message.html?_=1670638703633&CODE_STATE=getMsg HTTP/1.1" 200 27
114.95.43.237 - - [10/Dec/2022:10:18:14 +0800] "GET /xingrg/all/function/internal_message.html?_=1670638564810&CODE_STATE=getMsg HTTP/1.1" 200 27
222.70.177.10 - - [10/Dec/2022:10:18:14 +0800] "GET /xingrg/kc/mdqp/qqps_order_info.html?code=302022121000191 HTTP/1.1" 200 26482
222.70.177.10 - - [10/Dec/2022:10:18:14 +0800] "GET /xingrg/dwr/interface/AjaxComOrderService.js HTTP/1.1" 200 18264
222.70.177.10 - - [10/Dec/2022:10:18:14 +0800] "GET /xingrg/dwr/interface/AjaxQqpsService.js HTTP/1.1" 200 16326
222.70.177.10 - - [10/Dec/2022:10:18:14 +0800] "GET /xingrg/dwr/engine.js HTTP/1.1" 200 43631
222.70.177.10 - - [10/Dec/2022:10:18:15 +0800] "POST /xingrg/dwr/call/plaincall/AjaxQqpsService.loadMaterielItems.dwr HTTP/1.1" 200 722
116.238.139.35 - - [10/Dec/2022:10:18:16 +0800] "POST /xingrg/kc/buy/cgsh_order_operate.html HTTP/1.1" 200 12
116.238.139.35 - - [10/Dec/2022:10:18:21 +0800] "GET /xingrg/kc/buy/cgsh_order_info.html?code=212022121002716 HTTP/1.1" 200 64552
116.238.139.35 - - [10/Dec/2022:10:18:22 +0800] "GET /xingrg/javascript/easyui/themes/default/validatebox.css HTTP/1.1" 404 1104
116.238.139.35 - - [10/Dec/2022:10:18:23 +0800] "POST /xingrg/kc/buy/cgsh_order_operate.html HTTP/1.1" 200 4171
61.170.235.152 - - [10/Dec/2022:10:18:23 +0800] "GET /xingrg/check_reg.html?_=1670638722513 HTTP/1.1" 200 22
61.170.235.152 - - [10/Dec/2022:10:18:23 +0800] "GET /xingrg/all/function/internal_message.html?_=1670638722514&CODE_STATE=getMsg HTTP/1.1" 200 27
180.163.29.212 - - [10/Dec/2022:10:18:24 +0800] "GET /xingrg/all/function/internal_message.html?_=1670638662512&CODE_STATE=getMsg HTTP/1.1" 302 -
180.163.29.212 - - [10/Dec/2022:10:18:24 +0800] "GET /xingrg/login.html HTTP/1.1" 200 7641
116.238.139.35 - - [10/Dec/2022:10:18:24 +0800] "GET /xingrg/kc/print/load_data.html?order_code=212022121002716&kc_code=cgsh&condition= HTTP/1.1" 200 2140
222.70.177.10 - - [10/Dec/2022:10:18:27 +0800] "GET /xingrg/all/function/internal_message.html?_=1670638727124&CODE_STATE=getMsg HTTP/1.1" 200 27
221.239.170.112 - - [10/Dec/2022:10:18:30 +0800] "GET /xingrg/kc/buy/cgsh_order_operate.html?command=get_materiel&rest_code=00145&code=00101006201&supplier_code=00100176&order_time=2022-12-01 HTTP/1.1" 200 405
116.230.105.139 - - [10/Dec/2022:10:18:31 +0800] "GET /xingrg/all/function/internal_message.html?_=1670638733606&CODE_STATE=getMsg HTTP/1.1" 200 27
116.238.139.35 - - [10/Dec/2022:10:18:31 +0800] "GET /xingrg/all/function/internal_message.html?_=1670638734782&CODE_STATE=getMsg HTTP/1.1" 200 27
101.85.106.255 - - [10/Dec/2022:10:18:34 +0800] "GET /xingrg/all/function/internal_message.html?_=1670638736999&CODE_STATE=getMsg HTTP/1.1" 200 27
114.84.38.109 - - [10/Dec/2022:10:18:38 +0800] "GET /xingrg/all/function/internal_message.html?_=1670638762315&CODE_STATE=getMsg HTTP/1.1" 200 27
114.95.43.237 - - [10/Dec/2022:10:18:39 +0800] "GET /xingrg/all/function/internal_message.html?_=1670638745244&CODE_STATE=getMsg HTTP/1.1" 200 27
221.239.170.112 - - [10/Dec/2022:10:18:42 +0800] "POST /xingrg/kc/buy/cgsh_order_operate.html HTTP/1.1" 200 37
114.83.218.138 - - [10/Dec/2022:10:18:42 +0800] "GET /xingrg/all/function/internal_message.html?_=1670638744560&CODE_STATE=getMsg HTTP/1.1" 200 27
221.239.170.112 - - [10/Dec/2022:10:18:45 +0800] "POST /xingrg/kc/buy/cgsh_order_operate.html HTTP/1.1" 200 2652
114.88.159.190 - - [10/Dec/2022:10:18:46 +0800] "GET /xingrg/all/function/internal_message.html?_=1670638343638&CODE_STATE=getMsg HTTP/1.1" 200 27
221.239.170.112 - - [10/Dec/2022:10:18:47 +0800] "GET /xingrg/kc/print/load_config.html?kc_code=cgsh HTTP/1.1" 200 1943
114.83.222.182 - - [10/Dec/2022:10:18:47 +0800] "GET /xingrg/check_reg.html?_=1670638806662 HTTP/1.1" 200 22
114.83.222.182 - - [10/Dec/2022:10:18:47 +0800] "GET /xingrg/all/function/internal_message.html?_=1670638806664&CODE_STATE=getMsg HTTP/1.1" 200 27
221.239.170.112 - - [10/Dec/2022:10:18:47 +0800] "GET /xingrg/kc/print/load_data.html?order_code=212022121002717&kc_code=cgsh&condition= HTTP/1.1" 200 689
58.221.95.50 - - [10/Dec/2022:10:18:48 +0800] "GET /xingrg/all/function/internal_message.html?_=1670638751756&CODE_STATE=getMsg HTTP/1.1" 200 27
58.221.95.50 - - [10/Dec/2022:10:18:52 +0800] "GET /xingrg/kc/buy/cgsh_order_add.html HTTP/1.1" 200 68565
58.221.95.50 - - [10/Dec/2022:10:18:52 +0800] "POST /xingrg/kc/buy/cgsh_order_operate.html HTTP/1.1" 200 8245
58.221.95.50 - - [10/Dec/2022:10:18:52 +0800] "GET /xingrg/javascript/easyui/themes/default/validatebox.css HTTP/1.1" 404 1104
221.239.170.112 - - [10/Dec/2022:10:18:54 +0800] "GET /xingrg/kc/buy/cgsh_order_add.html HTTP/1.1" 200 68830
221.239.170.112 - - [10/Dec/2022:10:18:55 +0800] "GET /xingrg/javascript/easyui/themes/default/validatebox.css HTTP/1.1" 404 1104
221.239.170.112 - - [10/Dec/2022:10:18:55 +0800] "POST /xingrg/kc/buy/cgsh_order_operate.html HTTP/1.1" 200 8245
116.238.139.35 - - [10/Dec/2022:10:18:57 +0800] "GET /xingrg/kc/buy/cgsh_order_add.html HTTP/1.1" 200 69647
116.192.124.172 - - [10/Dec/2022:10:18:58 +0800] "GET /xingrg/check_reg.html?_=1670638761440 HTTP/1.1" 200 22
116.192.124.172 - - [10/Dec/2022:10:18:58 +0800] "GET /xingrg/all/function/internal_message.html?_=1670638761442&CODE_STATE=getMsg HTTP/1.1" 200 27
116.238.139.35 - - [10/Dec/2022:10:18:58 +0800] "POST /xingrg/kc/buy/cgsh_order_operate.html HTTP/1.1" 200 8245
116.238.139.35 - - [10/Dec/2022:10:18:58 +0800] "GET /xingrg/javascript/easyui/themes/default/validatebox.css HTTP/1.1" 404 1104
61.170.235.152 - - [10/Dec/2022:10:19:06 +0800] "GET /xingrg/all/function/internal_message.html?_=1670638772636&CODE_STATE=getMsg HTTP/1.1" 200 27
58.221.95.50 - - [10/Dec/2022:10:19:09 +0800] "GET /xingrg/kc/buy/cgsh_order_operate.html?command=get_materiel&rest_code=00152&code=00102015033&supplier_code=00100151&order_time=2022-12-03 HTTP/1.1" 200 408
221.239.170.112 - - [10/Dec/2022:10:19:10 +0800] "GET /xingrg/kc/buy/cgsh_order_operate.html?command=get_materiel&rest_code=00145&code=00101010161&supplier_code=00100185&order_time=2022-12-01 HTTP/1.1" 200 409
116.238.139.35 - - [10/Dec/2022:10:19:12 +0800] "GET /xingrg/all/function/internal_message.html?_=1670638713014&CODE_STATE=getMsg HTTP/1.1" 200 27
221.239.170.112 - - [10/Dec/2022:10:19:14 +0800] "GET /xingrg/all/function/internal_message.html?_=1670638763651&CODE_STATE=getMsg HTTP/1.1" 200 27
58.221.95.50 - - [10/Dec/2022:10:19:14 +0800] "GET /xingrg/check_reg.html?_=1670638777279 HTTP/1.1" 200 22
114.95.43.237 - - [10/Dec/2022:10:19:14 +0800] "GET /xingrg/all/function/internal_message.html?_=1670638624798&CODE_STATE=getMsg HTTP/1.1" 200 27
116.238.139.35 - - [10/Dec/2022:10:19:14 +0800] "GET /xingrg/kc/buy/cgsh_order_operate.html?command=get_materiel&rest_code=00150&code=00101011005&supplier_code=00100047&order_time=2022-12-10 HTTP/1.1" 200 408
58.221.95.50 - - [10/Dec/2022:10:19:22 +0800] "POST /xingrg/kc/buy/cgsh_order_operate.html HTTP/1.1" 200 37
61.170.235.152 - - [10/Dec/2022:10:19:23 +0800] "GET /xingrg/all/function/internal_message.html?_=1670638782513&CODE_STATE=getMsg HTTP/1.1" 200 27
116.238.139.35 - - [10/Dec/2022:10:19:25 +0800] "POST /xingrg/kc/buy/cgsh_order_operate.html HTTP/1.1" 200 37
58.221.95.50 - - [10/Dec/2022:10:19:25 +0800] "POST /xingrg/kc/buy/cgsh_order_operate.html HTTP/1.1" 200 2656
222.70.177.10 - - [10/Dec/2022:10:19:27 +0800] "GET /xingrg/all/function/internal_message.html?_=1670638787107&CODE_STATE=getMsg HTTP/1.1" 200 27
222.70.177.10 - - [10/Dec/2022:10:19:28 +0800] "GET /xingrg/check_reg.html?_=1670638788202 HTTP/1.1" 200 22
116.238.139.35 - - [10/Dec/2022:10:19:29 +0800] "POST /xingrg/kc/buy/cgsh_order_operate.html HTTP/1.1" 200 12
116.238.139.35 - - [10/Dec/2022:10:19:30 +0800] "GET /xingrg/kc/buy/cgsh_order_info.html?code=212022121002719 HTTP/1.1" 200 64554
116.230.105.139 - - [10/Dec/2022:10:19:31 +0800] "GET /xingrg/all/function/internal_message.html?_=1670638793609&CODE_STATE=getMsg HTTP/1.1" 200 27
116.238.139.35 - - [10/Dec/2022:10:19:31 +0800] "GET /xingrg/javascript/easyui/themes/default/validatebox.css HTTP/1.1" 404 1104
116.238.139.35 - - [10/Dec/2022:10:19:31 +0800] "GET /xingrg/all/function/internal_message.html?_=1670638794783&CODE_STATE=getMsg HTTP/1.1" 200 27
116.238.139.35 - - [10/Dec/2022:10:19:32 +0800] "POST /xingrg/kc/buy/cgsh_order_operate.html HTTP/1.1" 200 606
116.238.139.35 - - [10/Dec/2022:10:19:34 +0800] "GET /xingrg/kc/print/load_data.html?order_code=212022121002719&kc_code=cgsh&condition= HTTP/1.1" 200 783
101.85.106.255 - - [10/Dec/2022:10:19:34 +0800] "GET /xingrg/all/function/internal_message.html?_=1670638796998&CODE_STATE=getMsg HTTP/1.1" 200 27
58.221.95.50 - - [10/Dec/2022:10:19:35 +0800] "GET /xingrg/kc/print/load_data.html?order_code=212022121002718&kc_code=cgsh&condition= HTTP/1.1" 200 645
114.84.38.109 - - [10/Dec/2022:10:19:38 +0800] "GET /xingrg/all/function/internal_message.html?_=1670638822450&CODE_STATE=getMsg HTTP/1.1" 200 27
114.95.43.237 - - [10/Dec/2022:10:19:39 +0800] "GET /xingrg/check_reg.html?_=1670638805246 HTTP/1.1" 200 22
114.95.43.237 - - [10/Dec/2022:10:19:39 +0800] "GET /xingrg/all/function/internal_message.html?_=1670638805249&CODE_STATE=getMsg HTTP/1.1" 200 27
116.238.139.35 - - [10/Dec/2022:10:19:41 +0800] "GET /xingrg/kc/buy/cgsh_order_add.html HTTP/1.1" 200 69647
116.238.139.35 - - [10/Dec/2022:10:19:42 +0800] "POST /xingrg/kc/buy/cgsh_order_operate.html HTTP/1.1" 200 8245
116.238.139.35 - - [10/Dec/2022:10:19:42 +0800] "GET /xingrg/javascript/easyui/themes/default/validatebox.css HTTP/1.1" 404 1104
114.83.218.138 - - [10/Dec/2022:10:19:42 +0800] "GET /xingrg/all/function/internal_message.html?_=1670638804559&CODE_STATE=getMsg HTTP/1.1" 200 27
116.238.139.35 - - [10/Dec/2022:10:19:43 +0800] "GET /xingrg/javascript/jquery_easy_ui/themes/default/images/button_a_bg.gif HTTP/1.1" 304 -
116.238.139.35 - - [10/Dec/2022:10:19:43 +0800] "GET /xingrg/javascript/jquery_easy_ui/themes/icons/ok.png HTTP/1.1" 304 -
116.238.139.35 - - [10/Dec/2022:10:19:43 +0800] "GET /xingrg/javascript/jquery_easy_ui/themes/default/images/button_span_bg.gif HTTP/1.1" 304 -
116.238.139.35 - - [10/Dec/2022:10:19:43 +0800] "GET /xingrg/javascript/jquery_easy_ui/themes/default/images/panel_tools.gif HTTP/1.1" 304 -
116.238.139.35 - - [10/Dec/2022:10:19:43 +0800] "GET /xingrg/javascript/jquery_easy_ui/themes/default/images/panel_title.png HTTP/1.1" 304 -
116.238.139.35 - - [10/Dec/2022:10:19:45 +0800] "POST /xingrg/all/user/operate.html HTTP/1.1" 200 36
114.88.159.190 - - [10/Dec/2022:10:19:46 +0800] "GET /xingrg/all/function/internal_message.html?_=1670638403664&CODE_STATE=getMsg HTTP/1.1" 200 27
114.83.222.182 - - [10/Dec/2022:10:19:47 +0800] "GET /xingrg/all/function/internal_message.html?_=1670638866650&CODE_STATE=getMsg HTTP/1.1" 200 27
116.238.139.35 - - [10/Dec/2022:10:19:47 +0800] "GET /xingrg/javascript/jquery_easy_ui/themes/default/easyui.css HTTP/1.1" 304 -
116.238.139.35 - - [10/Dec/2022:10:19:47 +0800] "GET /xingrg/index.html?sysBaseUrl=http%3A%2F%2F180.169.147.146%3A18081%2Fxingrg%2F&costTime=43×tamp=1670546437090 HTTP/1.1" 200 17177
116.238.139.35 - - [10/Dec/2022:10:19:47 +0800] "GET /xingrg/javascript/jquery_easy_ui/themes/icon.css HTTP/1.1" 304 -
116.238.139.35 - - [10/Dec/2022:10:19:47 +0800] "GET /xingrg/css/form.css HTTP/1.1" 304 -
116.238.139.35 - - [10/Dec/2022:10:19:47 +0800] "GET /xingrg/javascript/jquery-1.4.2.min.js HTTP/1.1" 304 -
116.238.139.35 - - [10/Dec/2022:10:19:47 +0800] "GET /xingrg/javascript/jquery_easy_ui/jquery.easyui.min.js HTTP/1.1" 304 -
116.238.139.35 - - [10/Dec/2022:10:19:47 +0800] "GET /xingrg/javascript/jquery_easy_ui/easyui-lang-zh_CN.js HTTP/1.1" 304 -
116.238.139.35 - - [10/Dec/2022:10:19:47 +0800] "GET /xingrg/javascript/jquery.form.js HTTP/1.1" 304 -
116.238.139.35 - - [10/Dec/2022:10:19:47 +0800] "GET /xingrg/javascript/jquery.utils.js HTTP/1.1" 304 -
116.238.139.35 - - [10/Dec/2022:10:19:47 +0800] "GET /xingrg/javascript/jquery.timers.js HTTP/1.1" 304 -
116.238.139.35 - - [10/Dec/2022:10:19:47 +0800] "GET /xingrg/images/blue/jxLogo.png HTTP/1.1" 304 -
116.238.139.35 - - [10/Dec/2022:10:19:47 +0800] "GET /xingrg/images/blue/navBackgound.jpg HTTP/1.1" 304 -
116.238.139.35 - - [10/Dec/2022:10:19:47 +0800] "GET /xingrg/javascript/jquery_easy_ui/themes/icons/settle_new.png HTTP/1.1" 304 -
116.238.139.35 - - [10/Dec/2022:10:19:47 +0800] "POST /xingrg/all/common/load_tree.html?tree=area_rest_tree_json&manage=1 HTTP/1.1" 200 476
116.238.139.35 - - [10/Dec/2022:10:19:47 +0800] "GET /xingrg/images/blue/pingpu.png HTTP/1.1" 304 -
116.238.139.35 - - [10/Dec/2022:10:19:47 +0800] "GET /xingrg/javascript/jquery_easy_ui/themes/default/images/tabs_leftarrow.png HTTP/1.1" 304 -
116.238.139.35 - - [10/Dec/2022:10:19:47 +0800] "GET /xingrg/javascript/jquery_easy_ui/themes/default/images/tabs_rightarrow.png HTTP/1.1" 304 -
116.238.139.35 - - [10/Dec/2022:10:19:47 +0800] "GET /xingrg/javascript/jquery_easy_ui/themes/default/images/panel_tool_collapse.gif HTTP/1.1" 304 -
116.238.139.35 - - [10/Dec/2022:10:19:47 +0800] "GET /xingrg/check_reg.html?_=1670638748024 HTTP/1.1" 200 22
116.238.139.35 - - [10/Dec/2022:10:19:47 +0800] "GET /xingrg/all/function/internal_message.html?_=1670638748023&CODE_STATE=count HTTP/1.1" 200 11
116.238.139.35 - - [10/Dec/2022:10:19:47 +0800] "POST /xingrg/load_menu.html HTTP/1.1" 200 5138
58.221.95.50 - - [10/Dec/2022:10:19:48 +0800] "GET /xingrg/all/function/internal_message.html?_=1670638811738&CODE_STATE=getMsg HTTP/1.1" 200 27
116.238.139.35 - - [10/Dec/2022:10:19:49 +0800] "GET /xingrg/kc/buy/cgsh_order_list.html HTTP/1.1" 200 53858
221.239.170.112 - - [10/Dec/2022:10:19:50 +0800] "GET /xingrg/kc/buy/cgsh_order_operate.html?command=get_materiel&rest_code=00145&code=00101005032&supplier_code=00100185&order_time=2022-12-01 HTTP/1.1" 200 409
116.238.139.35 - - [10/Dec/2022:10:19:51 +0800] "POST /xingrg/kc/buy/cgsh_list_operate.html HTTP/1.1" 200 986
116.238.139.35 - - [10/Dec/2022:10:19:51 +0800] "GET /xingrg/kc/buy/cgsh_order_add.html HTTP/1.1" 200 69245
116.238.139.35 - - [10/Dec/2022:10:19:52 +0800] "POST /xingrg/kc/buy/cgsh_order_operate.html HTTP/1.1" 200 8245
116.238.139.35 - - [10/Dec/2022:10:19:52 +0800] "GET /xingrg/javascript/easyui/themes/default/validatebox.css HTTP/1.1" 404 1104
116.238.139.35 - - [10/Dec/2022:10:19:53 +0800] "GET /xingrg/javascript/auto/indicator.gif HTTP/1.1" 404 1066
116.192.124.172 - - [10/Dec/2022:10:19:58 +0800] "GET /xingrg/all/function/internal_message.html?_=1670638821441&CODE_STATE=getMsg HTTP/1.1" 200 27
221.239.170.112 - - [10/Dec/2022:10:20:03 +0800] "POST /xingrg/kc/buy/cgsh_order_operate.html HTTP/1.1" 200 37
116.238.139.35 - - [10/Dec/2022:10:20:05 +0800] "GET /xingrg/kc/buy/cgsh_order_operate.html?command=get_materiel&rest_code=00151&code=00101009078&supplier_code=00100022&order_time=2022-12-10 HTTP/1.1" 200 408
61.170.235.152 - - [10/Dec/2022:10:20:06 +0800] "GET /xingrg/check_reg.html?_=1670638832644 HTTP/1.1" 200 22
61.170.235.152 - - [10/Dec/2022:10:20:06 +0800] "GET /xingrg/all/function/internal_message.html?_=1670638832648&CODE_STATE=getMsg HTTP/1.1" 200 27
114.95.43.237 - - [10/Dec/2022:10:20:14 +0800] "GET /xingrg/all/function/internal_message.html?_=1670638684790&CODE_STATE=getMsg HTTP/1.1" 200 27
114.95.43.237 - - [10/Dec/2022:10:20:15 +0800] "GET /xingrg/check_reg.html?_=1670638686120 HTTP/1.1" 200 22
116.238.139.35 - - [10/Dec/2022:10:20:18 +0800] "GET /xingrg/kc/buy/cgsh_order_operate.html?command=get_materiel&rest_code=00151&code=00101009124&supplier_code=00100022&order_time=2022-12-10 HTTP/1.1" 200 416
61.170.235.152 - - [10/Dec/2022:10:20:23 +0800] "GET /xingrg/all/function/internal_message.html?_=1670638842514&CODE_STATE=getMsg HTTP/1.1" 200 27
222.70.177.10 - - [10/Dec/2022:10:20:27 +0800] "GET /xingrg/all/function/internal_message.html?_=1670638847078&CODE_STATE=getMsg HTTP/1.1" 200 27
116.238.139.35 - - [10/Dec/2022:10:20:27 +0800] "GET /xingrg/kc/buy/cgsh_order_operate.html?command=get_materiel&rest_code=00151&code=00101009053&supplier_code=00100022&order_time=2022-12-10 HTTP/1.1" 200 408
116.230.105.139 - - [10/Dec/2022:10:20:31 +0800] "GET /xingrg/all/function/internal_message.html?_=1670638853609&CODE_STATE=getMsg HTTP/1.1" 200 27
116.238.139.35 - - [10/Dec/2022:10:20:31 +0800] "GET /xingrg/all/function/internal_message.html?_=1670638854772&CODE_STATE=getMsg HTTP/1.1" 200 27
101.85.106.255 - - [10/Dec/2022:10:20:34 +0800] "GET /xingrg/all/function/internal_message.html?_=1670638856998&CODE_STATE=getMsg HTTP/1.1" 200 27
116.238.139.35 - - [10/Dec/2022:10:20:35 +0800] "GET /xingrg/kc/buy/cgsh_order_operate.html?command=get_materiel&rest_code=00151&code=00101009062&supplier_code=00100022&order_time=2022-12-10 HTTP/1.1" 200 412
58.221.95.50 - - [10/Dec/2022:10:20:37 +0800] "POST /xingrg/kc/buy/cgsh_order_operate.html HTTP/1.1" 200 37
114.84.38.109 - - [10/Dec/2022:10:20:38 +0800] "GET /xingrg/all/function/internal_message.html?_=1670638882453&CODE_STATE=getMsg HTTP/1.1" 200 27
114.95.43.237 - - [10/Dec/2022:10:20:39 +0800] "GET /xingrg/all/function/internal_message.html?_=1670638865234&CODE_STATE=getMsg HTTP/1.1" 200 27
58.221.95.50 - - [10/Dec/2022:10:20:41 +0800] "POST /xingrg/kc/buy/cgsh_order_operate.html HTTP/1.1" 200 12
114.83.218.138 - - [10/Dec/2022:10:20:42 +0800] "GET /xingrg/all/function/internal_message.html?_=1670638864557&CODE_STATE=getMsg HTTP/1.1" 200 27
58.221.95.50 - - [10/Dec/2022:10:20:43 +0800] "GET /xingrg/kc/buy/cgsh_order_info.html?code=212022121002718 HTTP/1.1" 200 63458
58.221.95.50 - - [10/Dec/2022:10:20:43 +0800] "GET /xingrg/javascript/easyui/themes/default/validatebox.css HTTP/1.1" 404 1104
58.221.95.50 - - [10/Dec/2022:10:20:44 +0800] "POST /xingrg/kc/buy/cgsh_order_operate.html HTTP/1.1" 200 606
114.88.159.190 - - [10/Dec/2022:10:20:46 +0800] "GET /xingrg/all/function/internal_message.html?_=1670638463655&CODE_STATE=getMsg HTTP/1.1" 200 27
116.238.139.35 - - [10/Dec/2022:10:20:46 +0800] "GET /xingrg/kc/buy/cgsh_order_operate.html?command=get_materiel&rest_code=00151&code=00101009088&supplier_code=00100022&order_time=2022-12-10 HTTP/1.1" 200 405
114.83.222.182 - - [10/Dec/2022:10:20:47 +0800] "GET /xingrg/all/function/internal_message.html?_=1670638926664&CODE_STATE=getMsg HTTP/1.1" 200 27
116.238.139.35 - - [10/Dec/2022:10:20:47 +0800] "GET /xingrg/all/function/internal_message.html?_=1670638808034&CODE_STATE=getMsg HTTP/1.1" 200 27
58.221.95.50 - - [10/Dec/2022:10:20:48 +0800] "GET /xingrg/all/function/internal_message.html?_=1670638871716&CODE_STATE=getMsg HTTP/1.1" 200 27
58.221.95.50 - - [10/Dec/2022:10:20:50 +0800] "GET /xingrg/kc/buy/cgsh_order_add.html HTTP/1.1" 200 68565
58.221.95.50 - - [10/Dec/2022:10:20:51 +0800] "POST /xingrg/kc/buy/cgsh_order_operate.html HTTP/1.1" 200 8245
58.221.95.50 - - [10/Dec/2022:10:20:51 +0800] "GET /xingrg/javascript/easyui/themes/default/validatebox.css HTTP/1.1" 404 1104
116.192.124.172 - - [10/Dec/2022:10:20:58 +0800] "GET /xingrg/all/function/internal_message.html?_=1670638881445&CODE_STATE=getMsg HTTP/1.1" 200 27
116.238.139.35 - - [10/Dec/2022:10:20:59 +0800] "GET /xingrg/kc/buy/cgsh_order_operate.html?command=get_materiel&rest_code=00151&code=00101009011&supplier_code=00100022&order_time=2022-12-10 HTTP/1.1" 200 416
61.170.235.152 - - [10/Dec/2022:10:21:06 +0800] "GET /xingrg/all/function/internal_message.html?_=1670638892642&CODE_STATE=getMsg HTTP/1.1" 200 27
58.221.95.50 - - [10/Dec/2022:10:21:11 +0800] "GET /xingrg/kc/buy/cgsh_order_operate.html?command=get_materiel&rest_code=00152&code=00102002691&supplier_code=00100151&order_time=2022-12-06 HTTP/1.1" 200 423
114.95.43.237 - - [10/Dec/2022:10:21:14 +0800] "GET /xingrg/all/function/internal_message.html?_=1670638744765&CODE_STATE=getMsg HTTP/1.1" 200 27
114.88.159.190 - - [10/Dec/2022:10:21:22 +0800] "GET /xingrg/kc/buy/cgsh_order_operate.html?command=get_materiel&rest_code=00141&code=00101009016&supplier_code=00100007&order_time=2022-12-10 HTTP/1.1" 200 412
61.170.235.152 - - [10/Dec/2022:10:21:23 +0800] "GET /xingrg/all/function/internal_message.html?_=1670638902512&CODE_STATE=getMsg HTTP/1.1" 200 27
180.163.29.234 - - [10/Dec/2022:10:21:24 +0800] "GET /xingrg/all/function/internal_message.html?_=1670638842514&CODE_STATE=getMsg HTTP/1.1" 302 -
180.163.29.234 - - [10/Dec/2022:10:21:24 +0800] "GET /xingrg/login.html HTTP/1.1" 200 7641
222.70.177.10 - - [10/Dec/2022:10:21:27 +0800] "GET /xingrg/all/function/internal_message.html?_=1670638907062&CODE_STATE=getMsg HTTP/1.1" 200 27
116.230.105.139 - - [10/Dec/2022:10:21:31 +0800] "GET /xingrg/check_reg.html?_=1670638913602 HTTP/1.1" 200 22
116.230.105.139 - - [10/Dec/2022:10:21:31 +0800] "GET /xingrg/all/function/internal_message.html?_=1670638913605&CODE_STATE=getMsg HTTP/1.1" 200 27
116.238.139.35 - - [10/Dec/2022:10:21:31 +0800] "GET /xingrg/all/function/internal_message.html?_=1670638914774&CODE_STATE=getMsg HTTP/1.1" 200 27
116.238.139.35 - - [10/Dec/2022:10:21:33 +0800] "POST /xingrg/kc/buy/cgsh_order_operate.html HTTP/1.1" 200 37
58.221.95.50 - - [10/Dec/2022:10:21:33 +0800] "GET /xingrg/kc/buy/cgsh_order_operate.html?command=get_materiel&rest_code=00152&code=00102002690&supplier_code=00100151&order_time=2022-12-06 HTTP/1.1" 200 419
101.85.106.255 - - [10/Dec/2022:10:21:34 +0800] "GET /xingrg/check_reg.html?_=1670638916998 HTTP/1.1" 200 22
101.85.106.255 - - [10/Dec/2022:10:21:34 +0800] "GET /xingrg/all/function/internal_message.html?_=1670638917001&CODE_STATE=getMsg HTTP/1.1" 200 27
114.84.38.109 - - [10/Dec/2022:10:21:36 +0800] "GET /xingrg/check_reg.html?_=1670638940939 HTTP/1.1" 200 22
116.238.139.35 - - [10/Dec/2022:10:21:37 +0800] "POST /xingrg/kc/buy/cgsh_order_operate.html HTTP/1.1" 200 12
114.84.38.109 - - [10/Dec/2022:10:21:38 +0800] "GET /xingrg/all/function/internal_message.html?_=1670638942466&CODE_STATE=getMsg HTTP/1.1" 200 27
116.238.139.35 - - [10/Dec/2022:10:21:38 +0800] "GET /xingrg/kc/buy/cgsh_order_info.html?code=212022121002721 HTTP/1.1" 200 64150
114.88.159.190 - - [10/Dec/2022:10:21:38 +0800] "GET /xingrg/kc/buy/cgsh_order_operate.html?command=get_materiel&rest_code=00141&code=00101009013&supplier_code=00100007&order_time=2022-12-10 HTTP/1.1" 200 422
116.238.139.35 - - [10/Dec/2022:10:21:38 +0800] "GET /xingrg/javascript/easyui/themes/default/validatebox.css HTTP/1.1" 404 1104
116.238.139.35 - - [10/Dec/2022:10:21:39 +0800] "POST /xingrg/kc/buy/cgsh_order_operate.html HTTP/1.1" 200 3608
114.95.43.237 - - [10/Dec/2022:10:21:39 +0800] "GET /xingrg/all/function/internal_message.html?_=1670638925234&CODE_STATE=getMsg HTTP/1.1" 200 27
116.238.139.35 - - [10/Dec/2022:10:21:41 +0800] "GET /xingrg/kc/print/load_data.html?order_code=212022121002721&kc_code=cgsh&condition= HTTP/1.1" 200 1934
114.83.218.138 - - [10/Dec/2022:10:21:42 +0800] "GET /xingrg/all/function/internal_message.html?_=1670638924567&CODE_STATE=getMsg HTTP/1.1" 200 27
114.88.159.190 - - [10/Dec/2022:10:21:46 +0800] "GET /xingrg/all/function/internal_message.html?_=1670638523664&CODE_STATE=getMsg HTTP/1.1" 200 27
114.88.159.190 - - [10/Dec/2022:10:21:46 +0800] "GET /xingrg/check_reg.html?_=1670638523665 HTTP/1.1" 200 22
114.83.222.182 - - [10/Dec/2022:10:21:47 +0800] "GET /xingrg/all/function/internal_message.html?_=1670638986655&CODE_STATE=getMsg HTTP/1.1" 200 27
116.238.139.35 - - [10/Dec/2022:10:21:47 +0800] "GET /xingrg/all/function/internal_message.html?_=1670638868048&CODE_STATE=getMsg HTTP/1.1" 200 27
58.221.95.50 - - [10/Dec/2022:10:21:48 +0800] "GET /xingrg/all/function/internal_message.html?_=1670638931702&CODE_STATE=getMsg HTTP/1.1" 200 27
116.192.124.172 - - [10/Dec/2022:10:21:58 +0800] "GET /xingrg/all/function/internal_message.html?_=1670638941443&CODE_STATE=getMsg HTTP/1.1" 200 27
58.221.95.50 - - [10/Dec/2022:10:22:01 +0800] "POST /xingrg/kc/buy/cgsh_order_operate.html HTTP/1.1" 200 37
114.88.159.190 - - [10/Dec/2022:10:22:01 +0800] "POST /xingrg/kc/buy/cgsh_order_operate.html HTTP/1.1" 200 2065
58.221.95.50 - - [10/Dec/2022:10:22:04 +0800] "POST /xingrg/kc/buy/cgsh_order_operate.html HTTP/1.1" 200 3282
61.170.235.152 - - [10/Dec/2022:10:22:06 +0800] "GET /xingrg/all/function/internal_message.html?_=1670638952640&CODE_STATE=getMsg HTTP/1.1" 200 27
114.88.159.190 - - [10/Dec/2022:10:22:09 +0800] "GET /xingrg/kc/buy/cgsh_order_operate.html?command=get_materiel&rest_code=00141&code=00101009031&supplier_code=00100007&order_time=2022-12-10 HTTP/1.1" 200 409
58.221.95.50 - - [10/Dec/2022:10:22:09 +0800] "GET /xingrg/kc/print/load_data.html?order_code=212022121002722&kc_code=cgsh&condition= HTTP/1.1" 200 924
114.95.43.237 - - [10/Dec/2022:10:22:14 +0800] "GET /xingrg/all/function/internal_message.html?_=1670638804756&CODE_STATE=getMsg HTTP/1.1" 200 27
61.170.235.152 - - [10/Dec/2022:10:22:23 +0800] "GET /xingrg/all/function/internal_message.html?_=1670638962511&CODE_STATE=getMsg HTTP/1.1" 200 27
180.163.29.103 - - [10/Dec/2022:10:22:24 +0800] "GET /xingrg/all/function/internal_message.html?_=1670638902512&CODE_STATE=getMsg HTTP/1.1" 302 -
180.163.29.103 - - [10/Dec/2022:10:22:24 +0800] "GET /xingrg/login.html HTTP/1.1" 200 7641
222.70.177.10 - - [10/Dec/2022:10:22:26 +0800] "GET /xingrg/all/function/internal_message.html?_=1670638967046&CODE_STATE=getMsg HTTP/1.1" 200 27
116.230.105.139 - - [10/Dec/2022:10:22:31 +0800] "GET /xingrg/all/function/internal_message.html?_=1670638973595&CODE_STATE=getMsg HTTP/1.1" 200 27
116.238.139.35 - - [10/Dec/2022:10:22:31 +0800] "GET /xingrg/all/function/internal_message.html?_=1670638974777&CODE_STATE=getMsg HTTP/1.1" 200 27
116.238.139.35 - - [10/Dec/2022:10:22:31 +0800] "GET /xingrg/check_reg.html?_=1670638974780 HTTP/1.1" 200 22
101.85.106.255 - - [10/Dec/2022:10:22:34 +0800] "GET /xingrg/all/function/internal_message.html?_=1670638977000&CODE_STATE=getMsg HTTP/1.1" 200 27
114.84.38.109 - - [10/Dec/2022:10:22:38 +0800] "GET /xingrg/all/function/internal_message.html?_=1670639002479&CODE_STATE=getMsg HTTP/1.1" 200 27
114.95.43.237 - - [10/Dec/2022:10:22:39 +0800] "GET /xingrg/all/function/internal_message.html?_=1670638985235&CODE_STATE=getMsg HTTP/1.1" 200 27
116.238.139.35 - - [10/Dec/2022:10:22:41 +0800] "GET /xingrg/kc/buy/cgsh_order_add.html HTTP/1.1" 200 69245
116.238.139.35 - - [10/Dec/2022:10:22:41 +0800] "POST /xingrg/kc/buy/cgsh_order_operate.html HTTP/1.1" 200 8245
116.238.139.35 - - [10/Dec/2022:10:22:41 +0800] "GET /xingrg/javascript/easyui/themes/default/validatebox.css HTTP/1.1" 404 1104
114.83.218.138 - - [10/Dec/2022:10:22:42 +0800] "GET /xingrg/all/function/internal_message.html?_=1670638984571&CODE_STATE=getMsg HTTP/1.1" 200 27
114.83.218.138 - - [10/Dec/2022:10:22:42 +0800] "GET /xingrg/check_reg.html?_=1670638984576 HTTP/1.1" 200 22
114.88.159.190 - - [10/Dec/2022:10:22:46 +0800] "GET /xingrg/all/function/internal_message.html?_=1670638583660&CODE_STATE=getMsg HTTP/1.1" 200 27
114.83.222.182 - - [10/Dec/2022:10:22:47 +0800] "GET /xingrg/all/function/internal_message.html?_=1670639046662&CODE_STATE=getMsg HTTP/1.1" 200 27
116.238.139.35 - - [10/Dec/2022:10:22:47 +0800] "GET /xingrg/all/function/internal_message.html?_=1670638928090&CODE_STATE=getMsg HTTP/1.1" 200 27
58.221.95.50 - - [10/Dec/2022:10:22:48 +0800] "GET /xingrg/all/function/internal_message.html?_=1670638991683&CODE_STATE=getMsg HTTP/1.1" 200 27
58.221.95.50 - - [10/Dec/2022:10:22:48 +0800] "GET /xingrg/check_reg.html?_=1670638991753 HTTP/1.1" 200 22
116.192.124.172 - - [10/Dec/2022:10:22:58 +0800] "GET /xingrg/all/function/internal_message.html?_=1670639001440&CODE_STATE=getMsg HTTP/1.1" 200 27
114.88.159.190 - - [10/Dec/2022:10:23:03 +0800] "GET /xingrg/kc/buy/cgsh_order_operate.html?command=get_materiel&rest_code=00141&code=00101008437&supplier_code=00100007&order_time=2022-12-10 HTTP/1.1" 200 410
116.238.139.35 - - [10/Dec/2022:10:23:06 +0800] "GET /xingrg/kc/buy/cgsh_order_operate.html?command=get_materiel&rest_code=00151&code=00101011005&supplier_code=00100047&order_time=2022-12-10 HTTP/1.1" 200 408
61.170.235.152 - - [10/Dec/2022:10:23:06 +0800] "GET /xingrg/all/function/internal_message.html?_=1670639012636&CODE_STATE=getMsg HTTP/1.1" 200 27
114.95.43.237 - - [10/Dec/2022:10:23:14 +0800] "GET /xingrg/all/function/internal_message.html?_=1670638864748&CODE_STATE=getMsg HTTP/1.1" 200 27
114.88.159.190 - - [10/Dec/2022:10:23:15 +0800] "GET /xingrg/kc/buy/cgsh_order_operate.html?command=get_materiel&rest_code=00141&code=00101008072&supplier_code=00100007&order_time=2022-12-10 HTTP/1.1" 200 408
61.170.235.152 - - [10/Dec/2022:10:23:23 +0800] "GET /xingrg/all/function/internal_message.html?_=1670639022511&CODE_STATE=getMsg HTTP/1.1" 200 27
61.170.235.152 - - [10/Dec/2022:10:23:23 +0800] "GET /xingrg/check_reg.html?_=1670639022513 HTTP/1.1" 200 22
116.238.139.35 - - [10/Dec/2022:10:23:25 +0800] "GET /xingrg/kc/buy/cgsh_order_operate.html?command=get_materiel&rest_code=00151&code=00101011007&supplier_code=00100047&order_time=2022-12-10 HTTP/1.1" 200 414
180.163.29.234 - - [10/Dec/2022:10:23:26 +0800] "GET /xingrg/all/function/internal_message.html?_=1670638962511&CODE_STATE=getMsg HTTP/1.1" 302 -
222.70.177.10 - - [10/Dec/2022:10:23:26 +0800] "GET /xingrg/all/function/internal_message.html?_=1670639027029&CODE_STATE=getMsg HTTP/1.1" 200 27
180.163.29.234 - - [10/Dec/2022:10:23:27 +0800] "GET /xingrg/login.html HTTP/1.1" 200 7641
114.88.159.190 - - [10/Dec/2022:10:23:30 +0800] "GET /xingrg/kc/buy/cgsh_order_operate.html?command=get_materiel&rest_code=00141&code=00101008210&supplier_code=00100007&order_time=2022-12-10 HTTP/1.1" 200 408
116.230.105.139 - - [10/Dec/2022:10:23:31 +0800] "GET /xingrg/all/function/internal_message.html?_=1670639033594&CODE_STATE=getMsg HTTP/1.1" 200 27
116.238.139.35 - - [10/Dec/2022:10:23:31 +0800] "GET /xingrg/all/function/internal_message.html?_=1670639034780&CODE_STATE=getMsg HTTP/1.1" 200 27
101.85.106.255 - - [10/Dec/2022:10:23:34 +0800] "GET /xingrg/all/function/internal_message.html?_=1670639037000&CODE_STATE=getMsg HTTP/1.1" 200 27
114.88.159.190 - - [10/Dec/2022:10:23:35 +0800] "POST /xingrg/kc/buy/cgsh_order_operate.html HTTP/1.1" 200 2065
116.238.139.35 - - [10/Dec/2022:10:23:35 +0800] "POST /xingrg/kc/buy/cgsh_order_operate.html HTTP/1.1" 200 37
114.84.38.109 - - [10/Dec/2022:10:23:38 +0800] "GET /xingrg/all/function/internal_message.html?_=1670639062496&CODE_STATE=getMsg HTTP/1.1" 200 27
116.238.139.35 - - [10/Dec/2022:10:23:38 +0800] "POST /xingrg/kc/buy/cgsh_order_operate.html HTTP/1.1" 200 12
114.95.43.237 - - [10/Dec/2022:10:23:39 +0800] "GET /xingrg/all/function/internal_message.html?_=1670639045235&CODE_STATE=getMsg HTTP/1.1" 200 27
116.238.139.35 - - [10/Dec/2022:10:23:39 +0800] "GET /xingrg/kc/buy/cgsh_order_info.html?code=212022121002723 HTTP/1.1" 200 64152
116.238.139.35 - - [10/Dec/2022:10:23:40 +0800] "GET /xingrg/javascript/easyui/themes/default/validatebox.css HTTP/1.1" 404 1104
116.238.139.35 - - [10/Dec/2022:10:23:41 +0800] "POST /xingrg/kc/buy/cgsh_order_operate.html HTTP/1.1" 200 1214
116.238.139.35 - - [10/Dec/2022:10:23:42 +0800] "GET /xingrg/kc/print/load_data.html?order_code=212022121002723&kc_code=cgsh&condition= HTTP/1.1" 200 1021
114.83.218.138 - - [10/Dec/2022:10:23:42 +0800] "GET /xingrg/all/function/internal_message.html?_=1670639044575&CODE_STATE=getMsg HTTP/1.1" 200 27
114.88.159.190 - - [10/Dec/2022:10:23:42 +0800] "GET /xingrg/kc/buy/cgsh_order_operate.html?command=get_materiel&rest_code=00141&code=00101008049&supplier_code=00100007&order_time=2022-12-10 HTTP/1.1" 200 408
116.230.105.139 - - [10/Dec/2022:10:23:43 +0800] "POST /xingrg/services/DataTransmitService HTTP/1.1" 200 524
114.88.159.190 - - [10/Dec/2022:10:23:46 +0800] "GET /xingrg/all/function/internal_message.html?_=1670638643744&CODE_STATE=getMsg HTTP/1.1" 200 27
114.83.222.182 - - [10/Dec/2022:10:23:47 +0800] "GET /xingrg/check_reg.html?_=1670639106660 HTTP/1.1" 200 22
114.83.222.182 - - [10/Dec/2022:10:23:47 +0800] "GET /xingrg/all/function/internal_message.html?_=1670639106661&CODE_STATE=getMsg HTTP/1.1" 200 27
116.238.139.35 - - [10/Dec/2022:10:23:47 +0800] "GET /xingrg/all/function/internal_message.html?_=1670638988091&CODE_STATE=getMsg HTTP/1.1" 200 27
58.221.95.50 - - [10/Dec/2022:10:23:48 +0800] "GET /xingrg/all/function/internal_message.html?_=1670639051663&CODE_STATE=getMsg HTTP/1.1" 200 27
114.88.159.190 - - [10/Dec/2022:10:23:53 +0800] "GET /xingrg/kc/buy/cgsh_order_operate.html?command=get_materiel&rest_code=00141&code=00101008087&supplier_code=00100007&order_time=2022-12-10 HTTP/1.1" 200 412
116.192.124.172 - - [10/Dec/2022:10:23:58 +0800] "GET /xingrg/check_reg.html?_=1670639061427 HTTP/1.1" 200 22
116.192.124.172 - - [10/Dec/2022:10:23:58 +0800] "GET /xingrg/all/function/internal_message.html?_=1670639061430&CODE_STATE=getMsg HTTP/1.1" 200 27
221.239.170.112 - - [10/Dec/2022:10:24:01 +0800] "POST /xingrg/kc/buy/cgsh_order_operate.html HTTP/1.1" 200 3239
61.170.235.152 - - [10/Dec/2022:10:24:06 +0800] "GET /xingrg/all/function/internal_message.html?_=1670639072646&CODE_STATE=getMsg HTTP/1.1" 200 27
58.221.95.50 - - [10/Dec/2022:10:24:14 +0800] "GET /xingrg/check_reg.html?_=1670639077259 HTTP/1.1" 200 22
114.95.43.237 - - [10/Dec/2022:10:24:14 +0800] "GET /xingrg/all/function/internal_message.html?_=1670638924735&CODE_STATE=getMsg HTTP/1.1" 200 27
61.170.235.152 - - [10/Dec/2022:10:24:23 +0800] "GET /xingrg/all/function/internal_message.html?_=1670639082538&CODE_STATE=getMsg HTTP/1.1" 200 27
114.88.159.190 - - [10/Dec/2022:10:24:26 +0800] "GET /xingrg/kc/buy/cgsh_order_operate.html?command=get_materiel&rest_code=00141&code=00101009044&supplier_code=00100007&order_time=2022-12-10 HTTP/1.1" 200 412
222.70.177.10 - - [10/Dec/2022:10:24:26 +0800] "GET /xingrg/all/function/internal_message.html?_=1670639087016&CODE_STATE=getMsg HTTP/1.1" 200 27
222.70.177.10 - - [10/Dec/2022:10:24:28 +0800] "GET /xingrg/check_reg.html?_=1670639088173 HTTP/1.1" 200 22
114.88.159.190 - - [10/Dec/2022:10:24:30 +0800] "POST /xingrg/kc/buy/cgsh_order_operate.html HTTP/1.1" 200 2065
116.230.105.139 - - [10/Dec/2022:10:24:31 +0800] "GET /xingrg/all/function/internal_message.html?_=1670639093596&CODE_STATE=getMsg HTTP/1.1" 200 27
116.238.139.35 - - [10/Dec/2022:10:24:31 +0800] "GET /xingrg/all/function/internal_message.html?_=1670639094781&CODE_STATE=getMsg HTTP/1.1" 200 27
101.85.106.255 - - [10/Dec/2022:10:24:34 +0800] "GET /xingrg/all/function/internal_message.html?_=1670639097001&CODE_STATE=getMsg HTTP/1.1" 200 27
114.84.38.109 - - [10/Dec/2022:10:24:38 +0800] "GET /xingrg/all/function/internal_message.html?_=1670639122507&CODE_STATE=getMsg HTTP/1.1" 200 27
114.95.43.237 - - [10/Dec/2022:10:24:39 +0800] "GET /xingrg/all/function/internal_message.html?_=1670639105236&CODE_STATE=getMsg HTTP/1.1" 200 27
114.95.43.237 - - [10/Dec/2022:10:24:39 +0800] "GET /xingrg/check_reg.html?_=1670639105240 HTTP/1.1" 200 22
114.83.218.138 - - [10/Dec/2022:10:24:42 +0800] "GET /xingrg/all/function/internal_message.html?_=1670639104582&CODE_STATE=getMsg HTTP/1.1" 200 27
114.88.159.190 - - [10/Dec/2022:10:24:46 +0800] "GET /xingrg/all/function/internal_message.html?_=1670638703773&CODE_STATE=getMsg HTTP/1.1" 200 27
114.83.222.182 - - [10/Dec/2022:10:24:47 +0800] "GET /xingrg/all/function/internal_message.html?_=1670639166652&CODE_STATE=getMsg HTTP/1.1" 200 27
116.238.139.35 - - [10/Dec/2022:10:24:47 +0800] "GET /xingrg/check_reg.html?_=1670639048071 HTTP/1.1" 200 22
116.238.139.35 - - [10/Dec/2022:10:24:47 +0800] "GET /xingrg/all/function/internal_message.html?_=1670639048104&CODE_STATE=getMsg HTTP/1.1" 200 27
58.221.95.50 - - [10/Dec/2022:10:24:48 +0800] "GET /xingrg/all/function/internal_message.html?_=1670639111643&CODE_STATE=getMsg HTTP/1.1" 200 27
114.88.159.190 - - [10/Dec/2022:10:24:53 +0800] "GET /xingrg/kc/buy/cgsh_order_operate.html?command=get_materiel&rest_code=00141&code=00101009118&supplier_code=00100007&order_time=2022-12-10 HTTP/1.1" 200 405
116.192.124.172 - - [10/Dec/2022:10:24:58 +0800] "GET /xingrg/all/function/internal_message.html?_=1670639121424&CODE_STATE=getMsg HTTP/1.1" 200 27
61.170.235.152 - - [10/Dec/2022:10:25:06 +0800] "GET /xingrg/check_reg.html?_=1670639132634 HTTP/1.1" 200 22
61.170.235.152 - - [10/Dec/2022:10:25:06 +0800] "GET /xingrg/all/function/internal_message.html?_=1670639132636&CODE_STATE=getMsg HTTP/1.1" 200 27
114.88.159.190 - - [10/Dec/2022:10:25:11 +0800] "GET /xingrg/kc/buy/cgsh_order_operate.html?command=get_materiel&rest_code=00141&code=00101009056&supplier_code=00100007&order_time=2022-12-10 HTTP/1.1" 200 412
114.95.43.237 - - [10/Dec/2022:10:25:14 +0800] "GET /xingrg/all/function/internal_message.html?_=1670638984720&CODE_STATE=getMsg HTTP/1.1" 200 27
114.95.43.237 - - [10/Dec/2022:10:25:15 +0800] "GET /xingrg/check_reg.html?_=1670638986120 HTTP/1.1" 200 22
61.170.235.152 - - [10/Dec/2022:10:25:23 +0800] "GET /xingrg/all/function/internal_message.html?_=1670639142539&CODE_STATE=getMsg HTTP/1.1" 200 27
222.70.177.10 - - [10/Dec/2022:10:25:26 +0800] "GET /xingrg/all/function/internal_message.html?_=1670639146986&CODE_STATE=getMsg HTTP/1.1" 200 27
116.230.105.139 - - [10/Dec/2022:10:25:31 +0800] "GET /xingrg/all/function/internal_message.html?_=1670639153597&CODE_STATE=getMsg HTTP/1.1" 200 27
116.238.139.35 - - [10/Dec/2022:10:25:31 +0800] "GET /xingrg/all/function/internal_message.html?_=1670639154786&CODE_STATE=getMsg HTTP/1.1" 200 27
101.85.106.255 - - [10/Dec/2022:10:25:34 +0800] "GET /xingrg/all/function/internal_message.html?_=1670639157009&CODE_STATE=getMsg HTTP/1.1" 200 27
114.88.159.190 - - [10/Dec/2022:10:25:36 +0800] "GET /xingrg/kc/buy/cgsh_order_operate.html?command=get_materiel&rest_code=00141&code=00101009122&supplier_code=00100007&order_time=2022-12-10 HTTP/1.1" 200 405
114.84.38.109 - - [10/Dec/2022:10:25:38 +0800] "GET /xingrg/all/function/internal_message.html?_=1670639182522&CODE_STATE=getMsg HTTP/1.1" 200 27
114.95.43.237 - - [10/Dec/2022:10:25:39 +0800] "GET /xingrg/all/function/internal_message.html?_=1670639165240&CODE_STATE=getMsg HTTP/1.1" 200 27
114.83.218.138 - - [10/Dec/2022:10:25:42 +0800] "GET /xingrg/all/function/internal_message.html?_=1670639164581&CODE_STATE=getMsg HTTP/1.1" 200 27
114.88.159.190 - - [10/Dec/2022:10:25:46 +0800] "GET /xingrg/all/function/internal_message.html?_=1670638763655&CODE_STATE=getMsg HTTP/1.1" 200 27
114.83.222.182 - - [10/Dec/2022:10:25:47 +0800] "GET /xingrg/all/function/internal_message.html?_=1670639226665&CODE_STATE=getMsg HTTP/1.1" 200 27
116.238.139.35 - - [10/Dec/2022:10:25:47 +0800] "GET /xingrg/all/function/internal_message.html?_=1670639108119&CODE_STATE=getMsg HTTP/1.1" 200 27
58.221.95.50 - - [10/Dec/2022:10:25:48 +0800] "GET /xingrg/all/function/internal_message.html?_=1670639171625&CODE_STATE=getMsg HTTP/1.1" 200 27
58.221.95.50 - - [10/Dec/2022:10:25:55 +0800] "POST /xingrg/kc/buy/cgsh_order_operate.html HTTP/1.1" 200 37
116.192.124.172 - - [10/Dec/2022:10:25:58 +0800] "GET /xingrg/all/function/internal_message.html?_=1670639181445&CODE_STATE=getMsg HTTP/1.1" 200 27
58.221.95.50 - - [10/Dec/2022:10:25:59 +0800] "POST /xingrg/kc/buy/cgsh_order_operate.html HTTP/1.1" 200 12
