172.20.0.100 - - [10/Dec/2022:09:56:28 +0800] "GET /xingrg/javascript/jquery_easy_ui/themes/icons/forms_new.png HTTP/1.1" 200 350
172.20.0.100 - - [10/Dec/2022:09:56:28 +0800] "GET /xingrg/javascript/jquery_easy_ui/themes/icons/setting_new.png HTTP/1.1" 200 450
172.20.0.100 - - [10/Dec/2022:09:56:28 +0800] "GET /xingrg/javascript/jquery_easy_ui/themes/icons/systemset_new.png HTTP/1.1" 200 606
172.20.0.100 - - [10/Dec/2022:09:56:28 +0800] "GET /xingrg/javascript/jquery_easy_ui/themes/default/images/tree_file.gif HTTP/1.1" 200 118
172.20.0.100 - - [10/Dec/2022:09:56:28 +0800] "GET /xingrg/javascript/jquery_easy_ui/themes/default/images/tree_folder.gif HTTP/1.1" 200 952
116.230.105.139 - - [10/Dec/2022:09:56:31 +0800] "GET /xingrg/all/function/internal_message.html?_=1670637413596&CODE_STATE=getMsg HTTP/1.1" 200 27
116.230.105.139 - - [10/Dec/2022:09:56:31 +0800] "GET /xingrg/check_reg.html?_=1670637413594 HTTP/1.1" 200 22
116.238.139.35 - - [10/Dec/2022:09:56:31 +0800] "GET /xingrg/all/function/internal_message.html?_=1670637414744&CODE_STATE=getMsg HTTP/1.1" 200 27
116.192.124.172 - - [10/Dec/2022:09:56:33 +0800] "POST /xingrg/kc/buy/cgsh_order_operate.html HTTP/1.1" 200 37
172.20.0.100 - - [10/Dec/2022:09:56:34 +0800] "GET /xingrg/system/info/materiel_manager.html HTTP/1.1" 200 19442
172.20.0.100 - - [10/Dec/2022:09:56:34 +0800] "GET /xingrg/javascript/jquery_easy_ui/themes/default/images/tabs_close.gif HTTP/1.1" 200 829
172.20.0.100 - - [10/Dec/2022:09:56:34 +0800] "GET /xingrg/css/blue.css HTTP/1.1" 200 15949
172.20.0.100 - - [10/Dec/2022:09:56:34 +0800] "GET /xingrg/css/xtree.css HTTP/1.1" 200 880
172.20.0.100 - - [10/Dec/2022:09:56:34 +0800] "GET /xingrg/javascript/jquery_ui/themes/base/base.css HTTP/1.1" 200 28568
172.20.0.100 - - [10/Dec/2022:09:56:34 +0800] "GET /xingrg/javascript/pic_change.js HTTP/1.1" 200 4739
172.20.0.100 - - [10/Dec/2022:09:56:34 +0800] "GET /xingrg/dwr/interface/AjaxBaseInfoService.js HTTP/1.1" 200 21363
172.20.0.100 - - [10/Dec/2022:09:56:34 +0800] "GET /xingrg/dwr/interface/AjaxComOrderService.js HTTP/1.1" 200 18264
172.20.0.100 - - [10/Dec/2022:09:56:34 +0800] "GET /xingrg/dwr/engine.js HTTP/1.1" 200 43631
172.20.0.100 - - [10/Dec/2022:09:56:34 +0800] "GET /xingrg/dwr/util.js HTTP/1.1" 200 35990
172.20.0.100 - - [10/Dec/2022:09:56:34 +0800] "GET /xingrg/javascript/Calendar.js HTTP/1.1" 200 31561
172.20.0.100 - - [10/Dec/2022:09:56:34 +0800] "GET /xingrg/javascript/myfunction.js HTTP/1.1" 200 24559
172.20.0.100 - - [10/Dec/2022:09:56:34 +0800] "GET /xingrg/javascript/Grid.js HTTP/1.1" 200 58908
172.20.0.100 - - [10/Dec/2022:09:56:34 +0800] "GET /xingrg/javascript/ToolTips.js HTTP/1.1" 200 5615
172.20.0.100 - - [10/Dec/2022:09:56:34 +0800] "GET /xingrg/javascript/xtree.js HTTP/1.1" 200 26582
172.20.0.100 - - [10/Dec/2022:09:56:34 +0800] "GET /xingrg/javascript/print/LodopFuncs.js HTTP/1.1" 200 5121
120.253.135.82 - - [10/Dec/2022:09:56:35 +0800] "GET /xingrg/all/function/internal_message.html?_=1670637221928&CODE_STATE=getMsg HTTP/1.1" 200 27
172.20.0.100 - - [10/Dec/2022:09:56:35 +0800] "GET /xingrg/images/xtree/openfoldericon.png HTTP/1.1" 200 232
172.20.0.100 - - [10/Dec/2022:09:56:35 +0800] "GET /xingrg/javascript/jquery_easy_ui/themes/icons/import_new.png HTTP/1.1" 200 1247
172.20.0.100 - - [10/Dec/2022:09:56:35 +0800] "GET /xingrg/javascript/jquery_easy_ui/themes/icons/print_new.png HTTP/1.1" 200 3580
172.20.0.100 - - [10/Dec/2022:09:56:35 +0800] "GET /xingrg/javascript/jquery_easy_ui/themes/icons/back_new.png HTTP/1.1" 200 3414
172.20.0.100 - - [10/Dec/2022:09:56:35 +0800] "GET /xingrg/images/blue/wait.gif HTTP/1.1" 200 1100
172.20.0.100 - - [10/Dec/2022:09:56:35 +0800] "POST /xingrg/dwr/call/plaincall/AjaxBaseInfoService.getSubMaterielSorts.dwr HTTP/1.1" 200 219
172.20.0.100 - - [10/Dec/2022:09:56:35 +0800] "GET /xingrg/images/xtree/Lplus.png HTTP/1.1" 200 224
172.20.0.100 - - [10/Dec/2022:09:56:35 +0800] "GET /xingrg/images/xtree/foldericon.png HTTP/1.1" 200 229
172.20.0.100 - - [10/Dec/2022:09:56:36 +0800] "GET /xingrg/images/xtree/Tplus.png HTTP/1.1" 200 222
114.84.38.109 - - [10/Dec/2022:09:56:36 +0800] "GET /xingrg/check_reg.html?_=1670637440309 HTTP/1.1" 200 22
172.20.0.100 - - [10/Dec/2022:09:56:36 +0800] "POST /xingrg/dwr/call/plaincall/AjaxBaseInfoService.getMateriels.dwr HTTP/1.1" 200 2930
114.84.38.109 - - [10/Dec/2022:09:56:37 +0800] "GET /xingrg/all/function/internal_message.html?_=1670637441252&CODE_STATE=getMsg HTTP/1.1" 200 27
116.192.124.172 - - [10/Dec/2022:09:56:37 +0800] "POST /xingrg/kc/buy/cgsh_order_operate.html HTTP/1.1" 200 12
221.239.170.112 - - [10/Dec/2022:09:56:38 +0800] "GET /xingrg/all/function/internal_message.html?_=1670637407740&CODE_STATE=getMsg HTTP/1.1" 200 27
116.192.124.172 - - [10/Dec/2022:09:56:38 +0800] "GET /xingrg/kc/buy/cgsh_order_info.html?code=212022121002710 HTTP/1.1" 200 64506
116.192.124.172 - - [10/Dec/2022:09:56:38 +0800] "GET /xingrg/javascript/easyui/themes/default/validatebox.css HTTP/1.1" 404 1104
116.192.124.172 - - [10/Dec/2022:09:56:39 +0800] "POST /xingrg/kc/buy/cgsh_order_operate.html HTTP/1.1" 200 602
116.192.124.172 - - [10/Dec/2022:09:56:41 +0800] "GET /xingrg/kc/print/load_data.html?order_code=212022121002710&kc_code=cgsh&condition= HTTP/1.1" 200 672
172.20.0.100 - - [10/Dec/2022:09:56:41 +0800] "POST /xingrg/dwr/call/plaincall/AjaxBaseInfoService.searchMateriels.dwr HTTP/1.1" 200 2906
114.83.218.138 - - [10/Dec/2022:09:56:42 +0800] "GET /xingrg/all/function/internal_message.html?_=1670637424467&CODE_STATE=getMsg HTTP/1.1" 200 27
114.88.159.190 - - [10/Dec/2022:09:56:46 +0800] "GET /xingrg/check_reg.html?_=1670637023574 HTTP/1.1" 200 22
114.88.159.190 - - [10/Dec/2022:09:56:46 +0800] "GET /xingrg/all/function/internal_message.html?_=1670637023710&CODE_STATE=getMsg HTTP/1.1" 200 27
114.83.222.182 - - [10/Dec/2022:09:56:47 +0800] "GET /xingrg/all/function/internal_message.html?_=1670637486659&CODE_STATE=getMsg HTTP/1.1" 200 27
116.192.124.172 - - [10/Dec/2022:09:56:47 +0800] "GET /xingrg/kc/buy/cgsh_order_add.html HTTP/1.1" 200 69607
116.192.124.172 - - [10/Dec/2022:09:56:47 +0800] "POST /xingrg/kc/buy/cgsh_order_operate.html HTTP/1.1" 200 8245
116.192.124.172 - - [10/Dec/2022:09:56:47 +0800] "GET /xingrg/javascript/easyui/themes/default/validatebox.css HTTP/1.1" 404 1104
172.20.0.100 - - [10/Dec/2022:09:56:50 +0800] "POST /xingrg/dwr/call/plaincall/AjaxBaseInfoService.searchMateriels.dwr HTTP/1.1" 200 152
114.95.43.237 - - [10/Dec/2022:09:56:55 +0800] "GET /xingrg/all/function/internal_message.html?_=1670637441016&CODE_STATE=getMsg HTTP/1.1" 200 27
116.192.124.172 - - [10/Dec/2022:09:56:58 +0800] "GET /xingrg/all/function/internal_message.html?_=1670637441506&CODE_STATE=getMsg HTTP/1.1" 200 27
116.192.124.172 - - [10/Dec/2022:09:57:00 +0800] "GET /xingrg/javascript/easyui/themes/default/tree.css HTTP/1.1" 404 1090
116.192.124.172 - - [10/Dec/2022:09:57:00 +0800] "POST /xingrg/all/common/load_tree.html?tree=supplier_tree_json&isDelete=1 HTTP/1.1" 200 70269
172.20.0.100 - - [10/Dec/2022:09:57:04 +0800] "POST /xingrg/dwr/call/plaincall/AjaxBaseInfoService.searchMateriels.dwr HTTP/1.1" 200 152
172.20.0.100 - - [10/Dec/2022:09:57:09 +0800] "POST /xingrg/dwr/call/plaincall/AjaxBaseInfoService.searchMateriels.dwr HTTP/1.1" 200 152
116.238.139.35 - - [10/Dec/2022:09:57:11 +0800] "GET /xingrg/all/function/internal_message.html?_=1670637392061&CODE_STATE=getMsg HTTP/1.1" 200 27
172.20.0.100 - - [10/Dec/2022:09:57:12 +0800] "POST /xingrg/dwr/call/plaincall/AjaxBaseInfoService.getSubMaterielSorts.dwr HTTP/1.1" 200 4044
172.20.0.100 - - [10/Dec/2022:09:57:12 +0800] "GET /xingrg/images/xtree/I.png HTTP/1.1" 200 148
172.20.0.100 - - [10/Dec/2022:09:57:12 +0800] "GET /xingrg/images/xtree/L.png HTTP/1.1" 200 153
172.20.0.100 - - [10/Dec/2022:09:57:12 +0800] "GET /xingrg/images/xtree/file.png HTTP/1.1" 200 251
172.20.0.100 - - [10/Dec/2022:09:57:12 +0800] "GET /xingrg/images/xtree/T.png HTTP/1.1" 200 152
172.20.0.100 - - [10/Dec/2022:09:57:12 +0800] "POST /xingrg/dwr/call/plaincall/AjaxBaseInfoService.searchMateriels.dwr HTTP/1.1" 200 2727
172.20.0.100 - - [10/Dec/2022:09:57:12 +0800] "GET /xingrg/images/xtree/Tminus.png HTTP/1.1" 200 207
116.192.124.172 - - [10/Dec/2022:09:57:13 +0800] "GET /xingrg/kc/buy/cgsh_order_operate.html?command=get_materiel&rest_code=00102&code=00101031001&supplier_code=00100064&order_time=2022-12-10 HTTP/1.1" 200 419
114.95.43.237 - - [10/Dec/2022:09:57:14 +0800] "GET /xingrg/all/function/internal_message.html?_=1670637305034&CODE_STATE=getMsg HTTP/1.1" 200 27
172.20.0.100 - - [10/Dec/2022:09:57:15 +0800] "POST /xingrg/dwr/call/plaincall/AjaxBaseInfoService.getMateriels.dwr HTTP/1.1" 200 3543
172.20.0.100 - - [10/Dec/2022:09:57:18 +0800] "POST /xingrg/dwr/call/plaincall/AjaxBaseInfoService.getMateriels.dwr HTTP/1.1" 200 3479
172.20.0.100 - - [10/Dec/2022:09:57:23 +0800] "POST /xingrg/dwr/call/plaincall/AjaxBaseInfoService.getMateriels.dwr HTTP/1.1" 200 3524
116.192.124.172 - - [10/Dec/2022:09:57:23 +0800] "POST /xingrg/kc/buy/cgsh_order_operate.html HTTP/1.1" 200 37
61.170.235.152 - - [10/Dec/2022:09:57:23 +0800] "GET /xingrg/all/function/internal_message.html?_=1670637462489&CODE_STATE=getMsg HTTP/1.1" 200 27
172.20.0.100 - - [10/Dec/2022:09:57:26 +0800] "POST /xingrg/dwr/call/plaincall/AjaxBaseInfoService.getMateriels.dwr HTTP/1.1" 200 3303
222.70.177.10 - - [10/Dec/2022:09:57:27 +0800] "GET /xingrg/all/function/internal_message.html?_=1670637467503&CODE_STATE=getMsg HTTP/1.1" 200 27
172.20.0.100 - - [10/Dec/2022:09:57:27 +0800] "GET /xingrg/all/function/internal_message.html?_=1670637468804&CODE_STATE=getMsg HTTP/1.1" 200 27
116.192.124.172 - - [10/Dec/2022:09:57:27 +0800] "POST /xingrg/kc/buy/cgsh_order_operate.html HTTP/1.1" 200 12
116.192.124.172 - - [10/Dec/2022:09:57:29 +0800] "GET /xingrg/kc/buy/cgsh_order_info.html?code=212022121002711 HTTP/1.1" 200 64508
116.192.124.172 - - [10/Dec/2022:09:57:29 +0800] "GET /xingrg/javascript/easyui/themes/default/validatebox.css HTTP/1.1" 404 1104
172.20.0.100 - - [10/Dec/2022:09:57:29 +0800] "POST /xingrg/dwr/call/plaincall/AjaxBaseInfoService.getMateriels.dwr HTTP/1.1" 200 1766
116.192.124.172 - - [10/Dec/2022:09:57:30 +0800] "POST /xingrg/kc/buy/cgsh_order_operate.html HTTP/1.1" 200 612
116.230.105.139 - - [10/Dec/2022:09:57:31 +0800] "GET /xingrg/all/function/internal_message.html?_=1670637473591&CODE_STATE=getMsg HTTP/1.1" 200 27
116.238.139.35 - - [10/Dec/2022:09:57:31 +0800] "GET /xingrg/check_reg.html?_=1670637474745 HTTP/1.1" 200 22
116.238.139.35 - - [10/Dec/2022:09:57:31 +0800] "GET /xingrg/all/function/internal_message.html?_=1670637474748&CODE_STATE=getMsg HTTP/1.1" 200 27
116.192.124.172 - - [10/Dec/2022:09:57:32 +0800] "GET /xingrg/kc/print/load_data.html?order_code=212022121002711&kc_code=cgsh&condition= HTTP/1.1" 200 727
120.253.135.82 - - [10/Dec/2022:09:57:33 +0800] "GET /xingrg/check_reg.html?_=1670637280373 HTTP/1.1" 200 22
172.20.0.100 - - [10/Dec/2022:09:57:34 +0800] "GET /xingrg/system/info/materiel_info.html?code=00101028&isAdd=1 HTTP/1.1" 200 36881
172.20.0.100 - - [10/Dec/2022:09:57:34 +0800] "GET /xingrg/dwr/interface/AjaxGetFirstChart.js HTTP/1.1" 200 631
172.20.0.100 - - [10/Dec/2022:09:57:34 +0800] "GET /xingrg/dwr/engine.js HTTP/1.1" 200 43631
172.20.0.100 - - [10/Dec/2022:09:57:34 +0800] "GET /xingrg/javascript/checkform.js HTTP/1.1" 200 18351
172.20.0.100 - - [10/Dec/2022:09:57:34 +0800] "GET /favicon.ico HTTP/1.1" 404 -
172.20.0.100 - - [10/Dec/2022:09:57:34 +0800] "POST /xingrg/dwr/call/plaincall/AjaxBaseInfoService.getMaterielInfo.dwr HTTP/1.1" 200 230
120.253.135.82 - - [10/Dec/2022:09:57:35 +0800] "GET /xingrg/all/function/internal_message.html?_=1670637281942&CODE_STATE=getMsg HTTP/1.1" 200 27
114.84.38.109 - - [10/Dec/2022:09:57:37 +0800] "GET /xingrg/all/function/internal_message.html?_=1670637501267&CODE_STATE=getMsg HTTP/1.1" 200 27
221.239.170.112 - - [10/Dec/2022:09:57:38 +0800] "GET /xingrg/all/function/internal_message.html?_=1670637467731&CODE_STATE=getMsg HTTP/1.1" 200 27
116.192.124.172 - - [10/Dec/2022:09:57:42 +0800] "GET /xingrg/kc/buy/cgsh_order_add.html HTTP/1.1" 200 69607
116.192.124.172 - - [10/Dec/2022:09:57:42 +0800] "POST /xingrg/kc/buy/cgsh_order_operate.html HTTP/1.1" 200 8245
116.192.124.172 - - [10/Dec/2022:09:57:42 +0800] "GET /xingrg/javascript/easyui/themes/default/validatebox.css HTTP/1.1" 404 1104
114.83.218.138 - - [10/Dec/2022:09:57:42 +0800] "GET /xingrg/all/function/internal_message.html?_=1670637484472&CODE_STATE=getMsg HTTP/1.1" 200 27
114.83.218.138 - - [10/Dec/2022:09:57:42 +0800] "GET /xingrg/check_reg.html?_=1670637484479 HTTP/1.1" 200 22
172.20.0.100 - - [10/Dec/2022:09:57:44 +0800] "GET /xingrg/system/info/materiel_info.html?sortName=&sortCode=00101028&isAdd=1&code=&sortNo=&name=&spec=&py=&unitGroup=&mainUnitName=&price=&isSemi=0&buyType=0&isDelete=0&restType=0&pastDay=&itCode=&convertRate=&isConvert=0 HTTP/1.1" 200 2379
172.20.0.100 - - [10/Dec/2022:09:57:44 +0800] "GET /xingrg/javascript/jquery_easy_ui/themes/default/images/button_plain_hover.png HTTP/1.1" 200 252
114.88.159.190 - - [10/Dec/2022:09:57:46 +0800] "GET /xingrg/all/function/internal_message.html?_=1670637083689&CODE_STATE=getMsg HTTP/1.1" 200 27
114.83.222.182 - - [10/Dec/2022:09:57:47 +0800] "GET /xingrg/all/function/internal_message.html?_=1670637546658&CODE_STATE=getMsg HTTP/1.1" 200 27
114.95.43.237 - - [10/Dec/2022:09:57:55 +0800] "GET /xingrg/all/function/internal_message.html?_=1670637501018&CODE_STATE=getMsg HTTP/1.1" 200 27
116.192.124.172 - - [10/Dec/2022:09:57:58 +0800] "GET /xingrg/all/function/internal_message.html?_=1670637501505&CODE_STATE=getMsg HTTP/1.1" 200 27
172.20.0.100 - - [10/Dec/2022:09:57:58 +0800] "GET /xingrg/index.html?sysBaseUrl=http%3A%2F%2F172.20.0.8%3A18081%2Fxingrg%2F&costTime=41×tamp=1670637387209 HTTP/1.1" 302 -
172.20.0.100 - - [10/Dec/2022:09:57:58 +0800] "GET /xingrg/login.html HTTP/1.1" 200 7636
172.20.0.100 - - [10/Dec/2022:09:57:58 +0800] "GET /xingrg/images/blue/jxLogo.png HTTP/1.1" 200 6156
172.20.0.100 - - [10/Dec/2022:09:57:58 +0800] "GET /xingrg/images/blue/hj.png HTTP/1.1" 200 1014
172.20.0.100 - - [10/Dec/2022:09:57:58 +0800] "GET /xingrg/images/blue/srbg.png HTTP/1.1" 200 138
172.20.0.100 - - [10/Dec/2022:09:57:58 +0800] "GET /xingrg/images/blue/login_bg.png HTTP/1.1" 200 22101
172.20.0.100 - - [10/Dec/2022:09:57:58 +0800] "GET /favicon.ico HTTP/1.1" 404 -
172.20.0.100 - - [10/Dec/2022:09:58:01 +0800] "POST /xingrg/login.do HTTP/1.1" 302 -
172.20.0.100 - - [10/Dec/2022:09:58:01 +0800] "GET /xingrg/index.html?sysBaseUrl=http%3A%2F%2F172.20.0.8%3A18081%2Fxingrg%2F&costTime=41×tamp=1670637481670 HTTP/1.1" 200 17448
172.20.0.100 - - [10/Dec/2022:09:58:01 +0800] "GET /xingrg/javascript/jquery_easy_ui/themes/icon.css HTTP/1.1" 200 3949
172.20.0.100 - - [10/Dec/2022:09:58:01 +0800] "GET /xingrg/javascript/jquery_easy_ui/themes/default/easyui.css HTTP/1.1" 200 26500
172.20.0.100 - - [10/Dec/2022:09:58:01 +0800] "GET /xingrg/css/form.css HTTP/1.1" 200 893
172.20.0.100 - - [10/Dec/2022:09:58:01 +0800] "GET /xingrg/javascript/jquery-1.4.2.min.js HTTP/1.1" 200 72205
172.20.0.100 - - [10/Dec/2022:09:58:01 +0800] "GET /xingrg/javascript/jquery_easy_ui/jquery.easyui.min.js HTTP/1.1" 200 213662
172.20.0.100 - - [10/Dec/2022:09:58:01 +0800] "GET /xingrg/javascript/jquery_easy_ui/easyui-lang-zh_CN.js HTTP/1.1" 200 1900
172.20.0.100 - - [10/Dec/2022:09:58:01 +0800] "GET /xingrg/javascript/jquery.timers.js HTTP/1.1" 200 3532
172.20.0.100 - - [10/Dec/2022:09:58:01 +0800] "GET /xingrg/javascript/jquery.form.js HTTP/1.1" 200 23110
172.20.0.100 - - [10/Dec/2022:09:58:01 +0800] "GET /xingrg/javascript/jquery.utils.js HTTP/1.1" 200 11805
172.20.0.100 - - [10/Dec/2022:09:58:01 +0800] "GET /xingrg/javascript/jquery_easy_ui/themes/icons/settle_new.png HTTP/1.1" 200 826
172.20.0.100 - - [10/Dec/2022:09:58:01 +0800] "GET /xingrg/images/blue/navBackgound.jpg HTTP/1.1" 200 12378
172.20.0.100 - - [10/Dec/2022:09:58:01 +0800] "GET /xingrg/images/blue/pingpu.png HTTP/1.1" 200 231
172.20.0.100 - - [10/Dec/2022:09:58:01 +0800] "POST /xingrg/all/common/load_tree.html?tree=area_rest_tree_json&manage=1 HTTP/1.1" 200 3499
172.20.0.100 - - [10/Dec/2022:09:58:01 +0800] "GET /xingrg/javascript/jquery_easy_ui/themes/default/images/panel_tool_collapse.gif HTTP/1.1" 200 246
172.20.0.100 - - [10/Dec/2022:09:58:01 +0800] "GET /xingrg/javascript/jquery_easy_ui/themes/default/images/panel_tool_expand.gif HTTP/1.1" 200 247
172.20.0.100 - - [10/Dec/2022:09:58:01 +0800] "GET /xingrg/check_reg.html?_=1670637502993 HTTP/1.1" 200 22
172.20.0.100 - - [10/Dec/2022:09:58:01 +0800] "GET /xingrg/all/function/internal_message.html?_=1670637502993&CODE_STATE=count HTTP/1.1" 200 11
172.20.0.100 - - [10/Dec/2022:09:58:01 +0800] "POST /xingrg/load_menu.html HTTP/1.1" 200 11529
172.20.0.100 - - [10/Dec/2022:09:58:01 +0800] "GET /xingrg/javascript/jquery_easy_ui/themes/default/images/tree_arrows.gif HTTP/1.1" 200 1043
172.20.0.100 - - [10/Dec/2022:09:58:01 +0800] "GET /xingrg/javascript/jquery_easy_ui/themes/default/images/tree_folder_open.gif HTTP/1.1" 200 956
172.20.0.100 - - [10/Dec/2022:09:58:01 +0800] "GET /xingrg/javascript/jquery_easy_ui/themes/icons/search_new.png HTTP/1.1" 200 586
172.20.0.100 - - [10/Dec/2022:09:58:01 +0800] "GET /xingrg/javascript/jquery_easy_ui/themes/icons/delivery_new.png HTTP/1.1" 200 700
172.20.0.100 - - [10/Dec/2022:09:58:01 +0800] "GET /xingrg/javascript/jquery_easy_ui/themes/icons/storage_new.png HTTP/1.1" 200 853
172.20.0.100 - - [10/Dec/2022:09:58:01 +0800] "GET /xingrg/javascript/jquery_easy_ui/themes/icons/checkout_new.png HTTP/1.1" 200 744
172.20.0.100 - - [10/Dec/2022:09:58:01 +0800] "GET /xingrg/javascript/jquery_easy_ui/themes/icons/forms_new.png HTTP/1.1" 200 350
172.20.0.100 - - [10/Dec/2022:09:58:01 +0800] "GET /xingrg/javascript/jquery_easy_ui/themes/icons/setting_new.png HTTP/1.1" 200 450
172.20.0.100 - - [10/Dec/2022:09:58:01 +0800] "GET /xingrg/javascript/jquery_easy_ui/themes/icons/systemset_new.png HTTP/1.1" 200 606
172.20.0.100 - - [10/Dec/2022:09:58:04 +0800] "GET /xingrg/javascript/jquery_easy_ui/themes/default/images/tree_file.gif HTTP/1.1" 200 118
172.20.0.100 - - [10/Dec/2022:09:58:04 +0800] "GET /xingrg/javascript/jquery_easy_ui/themes/default/images/tree_folder.gif HTTP/1.1" 200 952
172.20.0.100 - - [10/Dec/2022:09:58:05 +0800] "GET /xingrg/javascript/jquery_easy_ui/themes/default/images/tabs_close.gif HTTP/1.1" 200 829
172.20.0.100 - - [10/Dec/2022:09:58:05 +0800] "GET /xingrg/system/info/materiel_manager.html HTTP/1.1" 200 19442
172.20.0.100 - - [10/Dec/2022:09:58:05 +0800] "GET /xingrg/css/blue.css HTTP/1.1" 200 15949
172.20.0.100 - - [10/Dec/2022:09:58:05 +0800] "GET /xingrg/css/xtree.css HTTP/1.1" 200 880
172.20.0.100 - - [10/Dec/2022:09:58:05 +0800] "GET /xingrg/javascript/pic_change.js HTTP/1.1" 200 4739
172.20.0.100 - - [10/Dec/2022:09:58:05 +0800] "GET /xingrg/javascript/jquery_ui/themes/base/base.css HTTP/1.1" 200 28568
172.20.0.100 - - [10/Dec/2022:09:58:05 +0800] "GET /xingrg/dwr/interface/AjaxComOrderService.js HTTP/1.1" 200 18264
172.20.0.100 - - [10/Dec/2022:09:58:05 +0800] "GET /xingrg/dwr/interface/AjaxBaseInfoService.js HTTP/1.1" 200 21363
172.20.0.100 - - [10/Dec/2022:09:58:05 +0800] "GET /xingrg/javascript/Grid.js HTTP/1.1" 200 58908
172.20.0.100 - - [10/Dec/2022:09:58:05 +0800] "GET /xingrg/javascript/ToolTips.js HTTP/1.1" 200 5615
172.20.0.100 - - [10/Dec/2022:09:58:05 +0800] "GET /xingrg/dwr/util.js HTTP/1.1" 200 35990
172.20.0.100 - - [10/Dec/2022:09:58:05 +0800] "GET /xingrg/javascript/myfunction.js HTTP/1.1" 200 24559
172.20.0.100 - - [10/Dec/2022:09:58:05 +0800] "GET /xingrg/javascript/Calendar.js HTTP/1.1" 200 31561
172.20.0.100 - - [10/Dec/2022:09:58:05 +0800] "GET /xingrg/dwr/engine.js HTTP/1.1" 200 43631
172.20.0.100 - - [10/Dec/2022:09:58:06 +0800] "GET /xingrg/javascript/print/LodopFuncs.js HTTP/1.1" 200 5121
172.20.0.100 - - [10/Dec/2022:09:58:06 +0800] "GET /xingrg/javascript/xtree.js HTTP/1.1" 200 26582
172.20.0.100 - - [10/Dec/2022:09:58:06 +0800] "GET /xingrg/javascript/jquery_easy_ui/themes/icons/import_new.png HTTP/1.1" 200 1247
172.20.0.100 - - [10/Dec/2022:09:58:06 +0800] "GET /xingrg/javascript/jquery_easy_ui/themes/icons/print_new.png HTTP/1.1" 200 3580
172.20.0.100 - - [10/Dec/2022:09:58:06 +0800] "GET /xingrg/javascript/jquery_easy_ui/themes/icons/back_new.png HTTP/1.1" 200 3414
116.238.139.35 - - [10/Dec/2022:09:58:11 +0800] "GET /xingrg/all/function/internal_message.html?_=1670637452261&CODE_STATE=getMsg HTTP/1.1" 200 27
114.95.43.237 - - [10/Dec/2022:09:58:14 +0800] "GET /xingrg/all/function/internal_message.html?_=1670637365022&CODE_STATE=getMsg HTTP/1.1" 200 27
61.170.235.152 - - [10/Dec/2022:09:58:23 +0800] "GET /xingrg/check_reg.html?_=1670637522490 HTTP/1.1" 200 22
61.170.235.152 - - [10/Dec/2022:09:58:23 +0800] "GET /xingrg/all/function/internal_message.html?_=1670637522490&CODE_STATE=getMsg HTTP/1.1" 200 27
222.70.177.10 - - [10/Dec/2022:09:58:27 +0800] "GET /xingrg/all/function/internal_message.html?_=1670637527486&CODE_STATE=getMsg HTTP/1.1" 200 27
172.20.0.100 - - [10/Dec/2022:09:58:27 +0800] "GET /xingrg/all/function/internal_message.html?_=1670637528812&CODE_STATE=getMsg HTTP/1.1" 302 -
172.20.0.100 - - [10/Dec/2022:09:58:28 +0800] "GET /xingrg/system/info/materiel_manager.html HTTP/1.1" 200 19442
172.20.0.100 - - [10/Dec/2022:09:58:28 +0800] "GET /xingrg/dwr/interface/AjaxBaseInfoService.js HTTP/1.1" 200 21363
172.20.0.100 - - [10/Dec/2022:09:58:28 +0800] "GET /xingrg/dwr/interface/AjaxComOrderService.js HTTP/1.1" 200 18264
116.230.105.139 - - [10/Dec/2022:09:58:31 +0800] "GET /xingrg/all/function/internal_message.html?_=1670637533592&CODE_STATE=getMsg HTTP/1.1" 200 27
116.238.139.35 - - [10/Dec/2022:09:58:31 +0800] "GET /xingrg/all/function/internal_message.html?_=1670637534742&CODE_STATE=getMsg HTTP/1.1" 200 27
172.20.0.100 - - [10/Dec/2022:09:58:33 +0800] "GET /xingrg/javascript/jquery_easy_ui/themes/default/images/button_plain_hover.png HTTP/1.1" 200 252
120.253.135.82 - - [10/Dec/2022:09:58:35 +0800] "GET /xingrg/all/function/internal_message.html?_=1670637341957&CODE_STATE=getMsg HTTP/1.1" 200 27
172.20.0.100 - - [10/Dec/2022:09:58:35 +0800] "GET /xingrg/kc/info/info_main.html HTTP/1.1" 200 5880
172.20.0.100 - - [10/Dec/2022:09:58:35 +0800] "GET /xingrg/images/blue/cldwgl.gif HTTP/1.1" 200 2487
172.20.0.100 - - [10/Dec/2022:09:58:35 +0800] "GET /xingrg/images/blue/clxx.gif HTTP/1.1" 200 1916
172.20.0.100 - - [10/Dec/2022:09:58:35 +0800] "GET /xingrg/images/blue/ckxx.gif HTTP/1.1" 200 2041
172.20.0.100 - - [10/Dec/2022:09:58:35 +0800] "GET /xingrg/images/blue/gysxxgl.gif HTTP/1.1" 200 1945
172.20.0.100 - - [10/Dec/2022:09:58:35 +0800] "GET /xingrg/images/blue/gyscljg.gif HTTP/1.1" 200 2081
172.20.0.100 - - [10/Dec/2022:09:58:35 +0800] "GET /xingrg/images/blue/gyslbgl.gif HTTP/1.1" 200 1480
172.20.0.100 - - [10/Dec/2022:09:58:35 +0800] "GET /xingrg/images/blue/button/cgxqd.gif HTTP/1.1" 200 2619
114.84.38.109 - - [10/Dec/2022:09:58:37 +0800] "GET /xingrg/all/function/internal_message.html?_=1670637561280&CODE_STATE=getMsg HTTP/1.1" 200 27
221.239.170.112 - - [10/Dec/2022:09:58:38 +0800] "GET /xingrg/all/function/internal_message.html?_=1670637527719&CODE_STATE=getMsg HTTP/1.1" 200 27
114.83.218.138 - - [10/Dec/2022:09:58:42 +0800] "GET /xingrg/all/function/internal_message.html?_=1670637544498&CODE_STATE=getMsg HTTP/1.1" 200 27
114.88.159.190 - - [10/Dec/2022:09:58:46 +0800] "GET /xingrg/all/function/internal_message.html?_=1670637143666&CODE_STATE=getMsg HTTP/1.1" 200 27
114.83.222.182 - - [10/Dec/2022:09:58:47 +0800] "GET /xingrg/all/function/internal_message.html?_=1670637606663&CODE_STATE=getMsg HTTP/1.1" 200 27
114.83.222.182 - - [10/Dec/2022:09:58:47 +0800] "GET /xingrg/check_reg.html?_=1670637606664 HTTP/1.1" 200 22
114.95.43.237 - - [10/Dec/2022:09:58:55 +0800] "GET /xingrg/all/function/internal_message.html?_=1670637560998&CODE_STATE=getMsg HTTP/1.1" 200 27
116.192.124.172 - - [10/Dec/2022:09:58:58 +0800] "GET /xingrg/check_reg.html?_=1670637561425 HTTP/1.1" 200 22
116.192.124.172 - - [10/Dec/2022:09:58:58 +0800] "GET /xingrg/all/function/internal_message.html?_=1670637561485&CODE_STATE=getMsg HTTP/1.1" 200 27
172.20.0.100 - - [10/Dec/2022:09:59:02 +0800] "GET /xingrg/all/function/internal_message.html?_=1670637563760&CODE_STATE=getMsg HTTP/1.1" 200 27
114.95.43.237 - - [10/Dec/2022:09:59:07 +0800] "POST /xingrg/kc/buy/cgsh_list_operate.html HTTP/1.1" 200 6123
116.238.139.35 - - [10/Dec/2022:09:59:11 +0800] "GET /xingrg/all/function/internal_message.html?_=1670637512274&CODE_STATE=getMsg HTTP/1.1" 200 27
58.221.95.50 - - [10/Dec/2022:09:59:14 +0800] "GET /xingrg/check_reg.html?_=1670637577329 HTTP/1.1" 302 -
114.95.43.237 - - [10/Dec/2022:09:59:14 +0800] "GET /xingrg/all/function/internal_message.html?_=1670637425012&CODE_STATE=getMsg HTTP/1.1" 200 27
61.170.235.152 - - [10/Dec/2022:09:59:23 +0800] "GET /xingrg/all/function/internal_message.html?_=1670637582489&CODE_STATE=getMsg HTTP/1.1" 200 27
180.163.28.114 - - [10/Dec/2022:09:59:24 +0800] "GET /xingrg/check_reg.html?_=1670637522490 HTTP/1.1" 302 -
180.163.28.114 - - [10/Dec/2022:09:59:24 +0800] "GET /xingrg/login.html HTTP/1.1" 200 7641
222.70.177.10 - - [10/Dec/2022:09:59:27 +0800] "GET /xingrg/all/function/internal_message.html?_=1670637587471&CODE_STATE=getMsg HTTP/1.1" 200 27
172.20.0.100 - - [10/Dec/2022:09:59:27 +0800] "GET /xingrg/all/function/internal_message.html?_=1670637588814&CODE_STATE=getMsg HTTP/1.1" 302 -
222.70.177.10 - - [10/Dec/2022:09:59:28 +0800] "GET /xingrg/check_reg.html?_=1670637588253 HTTP/1.1" 200 22
116.230.105.139 - - [10/Dec/2022:09:59:31 +0800] "GET /xingrg/all/function/internal_message.html?_=1670637593585&CODE_STATE=getMsg HTTP/1.1" 200 27
116.238.139.35 - - [10/Dec/2022:09:59:31 +0800] "GET /xingrg/all/function/internal_message.html?_=1670637594744&CODE_STATE=getMsg HTTP/1.1" 200 27
120.253.135.82 - - [10/Dec/2022:09:59:35 +0800] "GET /xingrg/all/function/internal_message.html?_=1670637402094&CODE_STATE=getMsg HTTP/1.1" 200 27
114.95.43.237 - - [10/Dec/2022:09:59:36 +0800] "GET /xingrg/index.html?sysBaseUrl=http%3A%2F%2F180.169.147.146%3A18081%2Fxingrg%2F&costTime=36×tamp=1585223203754 HTTP/1.1" 302 -
114.95.43.237 - - [10/Dec/2022:09:59:36 +0800] "GET /xingrg/login.html HTTP/1.1" 200 7641
114.95.43.237 - - [10/Dec/2022:09:59:37 +0800] "GET /favicon.ico HTTP/1.1" 404 -
114.84.38.109 - - [10/Dec/2022:09:59:37 +0800] "GET /xingrg/all/function/internal_message.html?_=1670637621509&CODE_STATE=getMsg HTTP/1.1" 200 27
114.95.43.237 - - [10/Dec/2022:09:59:37 +0800] "POST /xingrg/login.do HTTP/1.1" 200 2421
114.95.43.237 - - [10/Dec/2022:09:59:37 +0800] "GET /favicon.ico HTTP/1.1" 404 -
221.239.170.112 - - [10/Dec/2022:09:59:38 +0800] "GET /xingrg/all/function/internal_message.html?_=1670637587715&CODE_STATE=getMsg HTTP/1.1" 200 27
114.95.43.237 - - [10/Dec/2022:09:59:38 +0800] "GET /xingrg/login.html HTTP/1.1" 200 7641
114.95.43.237 - - [10/Dec/2022:09:59:38 +0800] "GET /favicon.ico HTTP/1.1" 404 -
114.95.43.237 - - [10/Dec/2022:09:59:39 +0800] "POST /xingrg/login.do HTTP/1.1" 302 -
114.95.43.237 - - [10/Dec/2022:09:59:39 +0800] "GET /xingrg/index.html?sysBaseUrl=http%3A%2F%2F180.169.147.146%3A18081%2Fxingrg%2F&costTime=45×tamp=1670637579456 HTTP/1.1" 200 17173
114.95.43.237 - - [10/Dec/2022:09:59:39 +0800] "GET /favicon.ico HTTP/1.1" 404 -
114.95.43.237 - - [10/Dec/2022:09:59:39 +0800] "POST /xingrg/all/common/load_tree.html?tree=area_rest_tree_json&manage=1 HTTP/1.1" 200 3499
114.95.43.237 - - [10/Dec/2022:09:59:39 +0800] "GET /xingrg/check_reg.html?_=1670637605218 HTTP/1.1" 200 22
114.95.43.237 - - [10/Dec/2022:09:59:39 +0800] "GET /xingrg/all/function/internal_message.html?_=1670637605217&CODE_STATE=count HTTP/1.1" 200 11
114.95.43.237 - - [10/Dec/2022:09:59:39 +0800] "POST /xingrg/load_menu.html HTTP/1.1" 200 5138
114.83.218.138 - - [10/Dec/2022:09:59:42 +0800] "GET /xingrg/all/function/internal_message.html?_=1670637604487&CODE_STATE=getMsg HTTP/1.1" 200 27
114.88.159.190 - - [10/Dec/2022:09:59:46 +0800] "GET /xingrg/all/function/internal_message.html?_=1670637203649&CODE_STATE=getMsg HTTP/1.1" 200 27
114.83.222.182 - - [10/Dec/2022:09:59:47 +0800] "GET /xingrg/all/function/internal_message.html?_=1670637666664&CODE_STATE=getMsg HTTP/1.1" 200 27
114.95.43.237 - - [10/Dec/2022:09:59:57 +0800] "GET /xingrg/kc/buy/cgsh_order_list.html HTTP/1.1" 200 53791
116.192.124.172 - - [10/Dec/2022:09:59:58 +0800] "GET /xingrg/all/function/internal_message.html?_=1670637621476&CODE_STATE=getMsg HTTP/1.1" 200 27
114.95.43.237 - - [10/Dec/2022:10:00:00 +0800] "POST /xingrg/kc/buy/cgsh_list_operate.html HTTP/1.1" 200 3524
114.95.43.237 - - [10/Dec/2022:10:00:01 +0800] "GET /xingrg/kc/buy/cgsh_order_add.html HTTP/1.1" 200 69654
114.95.43.237 - - [10/Dec/2022:10:00:01 +0800] "POST /xingrg/kc/buy/cgsh_order_operate.html HTTP/1.1" 200 8245
114.95.43.237 - - [10/Dec/2022:10:00:01 +0800] "GET /xingrg/all/common/auto_word.html?type=employee&rest_code=00105 HTTP/1.1" 200 193
114.95.43.237 - - [10/Dec/2022:10:00:01 +0800] "GET /xingrg/all/common/auto_word.html?type=employee&rest_code=00105 HTTP/1.1" 200 193
114.95.43.237 - - [10/Dec/2022:10:00:01 +0800] "GET /xingrg/javascript/easyui/themes/default/validatebox.css HTTP/1.1" 404 1104
124.79.245.154 - - [10/Dec/2022:10:00:01 +0800] "GET /xingrg/login.html HTTP/1.1" 200 7641
114.95.43.237 - - [10/Dec/2022:10:00:02 +0800] "GET /xingrg/javascript/auto/indicator.gif HTTP/1.1" 404 1066
221.239.170.112 - - [10/Dec/2022:10:00:08 +0800] "GET /xingrg/login.html HTTP/1.1" 200 7641
221.239.170.112 - - [10/Dec/2022:10:00:09 +0800] "GET /favicon.ico HTTP/1.1" 404 -
116.238.139.35 - - [10/Dec/2022:10:00:09 +0800] "GET /xingrg/check_reg.html?_=1670637570257 HTTP/1.1" 200 22
116.238.139.35 - - [10/Dec/2022:10:00:11 +0800] "GET /xingrg/all/function/internal_message.html?_=1670637572288&CODE_STATE=getMsg HTTP/1.1" 200 27
124.79.245.154 - - [10/Dec/2022:10:00:13 +0800] "GET /favicon.ico HTTP/1.1" 404 -
114.95.43.237 - - [10/Dec/2022:10:00:14 +0800] "GET /xingrg/all/function/internal_message.html?_=1670637485000&CODE_STATE=getMsg HTTP/1.1" 200 27
114.95.43.237 - - [10/Dec/2022:10:00:15 +0800] "GET /xingrg/check_reg.html?_=1670637486070 HTTP/1.1" 200 22
221.239.170.112 - - [10/Dec/2022:10:00:15 +0800] "POST /xingrg/login.do HTTP/1.1" 302 -
221.239.170.112 - - [10/Dec/2022:10:00:16 +0800] "GET /xingrg/index.html?sysBaseUrl=http%3A%2F%2F180.169.147.146%3A18081%2Fxingrg%2F&costTime=40×tamp=1670637615977 HTTP/1.1" 200 17179
221.239.170.112 - - [10/Dec/2022:10:00:16 +0800] "GET /favicon.ico HTTP/1.1" 404 -
221.239.170.112 - - [10/Dec/2022:10:00:16 +0800] "POST /xingrg/all/common/load_tree.html?tree=area_rest_tree_json&manage=1 HTTP/1.1" 200 476
221.239.170.112 - - [10/Dec/2022:10:00:16 +0800] "GET /xingrg/check_reg.html?_=1670637626027 HTTP/1.1" 200 22
221.239.170.112 - - [10/Dec/2022:10:00:16 +0800] "GET /xingrg/all/function/internal_message.html?_=1670637626023&CODE_STATE=count HTTP/1.1" 200 11
221.239.170.112 - - [10/Dec/2022:10:00:16 +0800] "POST /xingrg/load_menu.html HTTP/1.1" 200 5138
61.170.235.152 - - [10/Dec/2022:10:00:23 +0800] "GET /xingrg/all/function/internal_message.html?_=1670637642489&CODE_STATE=getMsg HTTP/1.1" 200 27
180.163.29.206 - - [10/Dec/2022:10:00:23 +0800] "GET /xingrg/all/function/internal_message.html?_=1670637582489&CODE_STATE=getMsg HTTP/1.1" 302 -
180.163.29.206 - - [10/Dec/2022:10:00:23 +0800] "GET /xingrg/login.html HTTP/1.1" 200 7641
222.70.177.10 - - [10/Dec/2022:10:00:27 +0800] "GET /xingrg/all/function/internal_message.html?_=1670637647440&CODE_STATE=getMsg HTTP/1.1" 200 27
172.20.0.100 - - [10/Dec/2022:10:00:27 +0800] "GET /xingrg/all/function/internal_message.html?_=1670637648805&CODE_STATE=getMsg HTTP/1.1" 302 -
114.95.43.237 - - [10/Dec/2022:10:00:28 +0800] "GET /xingrg/kc/buy/cgsh_order_operate.html?command=get_materiel&rest_code=00105&code=00101006129&supplier_code=00100012&order_time=2022-12-10 HTTP/1.1" 200 452
116.230.105.139 - - [10/Dec/2022:10:00:31 +0800] "GET /xingrg/all/function/internal_message.html?_=1670637653601&CODE_STATE=getMsg HTTP/1.1" 200 27
124.79.245.154 - - [10/Dec/2022:10:00:31 +0800] "GET /xingrg/login.html HTTP/1.1" 200 7641
116.238.139.35 - - [10/Dec/2022:10:00:31 +0800] "GET /xingrg/all/function/internal_message.html?_=1670637654745&CODE_STATE=getMsg HTTP/1.1" 200 27
124.79.245.154 - - [10/Dec/2022:10:00:33 +0800] "GET /favicon.ico HTTP/1.1" 404 -
120.253.135.82 - - [10/Dec/2022:10:00:35 +0800] "GET /xingrg/all/function/internal_message.html?_=1670637462149&CODE_STATE=getMsg HTTP/1.1" 200 27
114.84.38.109 - - [10/Dec/2022:10:00:37 +0800] "GET /xingrg/all/function/internal_message.html?_=1670637681511&CODE_STATE=getMsg HTTP/1.1" 200 27
221.239.170.112 - - [10/Dec/2022:10:00:39 +0800] "GET /xingrg/kc/buy/buy_main.html HTTP/1.1" 200 12412
221.239.170.112 - - [10/Dec/2022:10:00:39 +0800] "GET /xingrg/css/new_ie.css HTTP/1.1" 404 1036
114.95.43.237 - - [10/Dec/2022:10:00:39 +0800] "GET /xingrg/all/function/internal_message.html?_=1670637665228&CODE_STATE=getMsg HTTP/1.1" 200 27
221.239.170.112 - - [10/Dec/2022:10:00:40 +0800] "GET /xingrg/images/yd/bt.gif HTTP/1.1" 404 1040
221.239.170.112 - - [10/Dec/2022:10:00:41 +0800] "GET /xingrg/kc/buy/cgsh_order_list.html HTTP/1.1" 200 53797
114.83.218.138 - - [10/Dec/2022:10:00:42 +0800] "GET /xingrg/all/function/internal_message.html?_=1670637664492&CODE_STATE=getMsg HTTP/1.1" 200 27
221.239.170.112 - - [10/Dec/2022:10:00:42 +0800] "POST /xingrg/kc/buy/cgsh_list_operate.html HTTP/1.1" 200 986
114.88.159.190 - - [10/Dec/2022:10:00:46 +0800] "GET /xingrg/all/function/internal_message.html?_=1670637263619&CODE_STATE=getMsg HTTP/1.1" 200 27
114.83.222.182 - - [10/Dec/2022:10:00:47 +0800] "GET /xingrg/all/function/internal_message.html?_=1670637726661&CODE_STATE=getMsg HTTP/1.1" 200 27
114.95.43.237 - - [10/Dec/2022:10:00:50 +0800] "GET /xingrg/kc/buy/cgsh_order_operate.html?command=get_materiel&rest_code=00105&code=00101006068&supplier_code=00100012&order_time=2022-12-10 HTTP/1.1" 200 409
116.192.124.172 - - [10/Dec/2022:10:00:58 +0800] "GET /xingrg/all/function/internal_message.html?_=1670637681451&CODE_STATE=getMsg HTTP/1.1" 200 27
114.95.43.237 - - [10/Dec/2022:10:01:04 +0800] "GET /xingrg/kc/buy/cgsh_order_operate.html?command=get_materiel&rest_code=00105&code=00101006177&supplier_code=00100012&order_time=2022-12-10 HTTP/1.1" 200 409
116.238.139.35 - - [10/Dec/2022:10:01:11 +0800] "GET /xingrg/all/function/internal_message.html?_=1670637632301&CODE_STATE=getMsg HTTP/1.1" 200 27
114.95.43.237 - - [10/Dec/2022:10:01:14 +0800] "GET /xingrg/all/function/internal_message.html?_=1670637544978&CODE_STATE=getMsg HTTP/1.1" 200 27
114.95.43.237 - - [10/Dec/2022:10:01:15 +0800] "GET /xingrg/kc/buy/cgsh_order_operate.html?command=get_materiel&rest_code=00105&code=00101006065&supplier_code=00100012&order_time=2022-12-10 HTTP/1.1" 200 409
221.239.170.112 - - [10/Dec/2022:10:01:16 +0800] "GET /xingrg/all/function/internal_message.html?_=1670637686046&CODE_STATE=getMsg HTTP/1.1" 200 27
61.170.235.152 - - [10/Dec/2022:10:01:23 +0800] "GET /xingrg/all/function/internal_message.html?_=1670637702488&CODE_STATE=getMsg HTTP/1.1" 200 27
180.163.29.212 - - [10/Dec/2022:10:01:23 +0800] "GET /xingrg/all/function/internal_message.html?_=1670637642489&CODE_STATE=getMsg HTTP/1.1" 302 -
180.163.29.212 - - [10/Dec/2022:10:01:23 +0800] "GET /xingrg/login.html HTTP/1.1" 200 7641
172.20.0.100 - - [10/Dec/2022:10:01:26 +0800] "GET /favicon.ico HTTP/1.1" 404 -
172.20.0.100 - - [10/Dec/2022:10:01:26 +0800] "GET /xingrg/index.html?sysBaseUrl=http%3A%2F%2F172.20.0.8%3A18081%2Fxingrg%2F&costTime=41×tamp=1670637387209 HTTP/1.1" 302 -
172.20.0.100 - - [10/Dec/2022:10:01:26 +0800] "GET /xingrg/login.html HTTP/1.1" 200 7636
172.20.0.100 - - [10/Dec/2022:10:01:26 +0800] "GET /xingrg/images/blue/jxLogo.png HTTP/1.1" 200 6156
172.20.0.100 - - [10/Dec/2022:10:01:26 +0800] "GET /xingrg/images/blue/hj.png HTTP/1.1" 200 1014
172.20.0.100 - - [10/Dec/2022:10:01:26 +0800] "GET /xingrg/images/blue/srbg.png HTTP/1.1" 200 138
172.20.0.100 - - [10/Dec/2022:10:01:26 +0800] "GET /xingrg/images/blue/login_bg.png HTTP/1.1" 200 22101
172.20.0.100 - - [10/Dec/2022:10:01:26 +0800] "GET /favicon.ico HTTP/1.1" 404 -
222.70.177.10 - - [10/Dec/2022:10:01:27 +0800] "GET /xingrg/all/function/internal_message.html?_=1670637707423&CODE_STATE=getMsg HTTP/1.1" 200 27
172.20.0.100 - - [10/Dec/2022:10:01:27 +0800] "GET /xingrg/check_reg.html?_=1670637708811 HTTP/1.1" 302 -
172.20.0.100 - - [10/Dec/2022:10:01:27 +0800] "GET /xingrg/all/function/internal_message.html?_=1670637708814&CODE_STATE=getMsg HTTP/1.1" 302 -
114.95.43.237 - - [10/Dec/2022:10:01:31 +0800] "GET /xingrg/kc/buy/cgsh_order_operate.html?command=get_materiel&rest_code=00105&code=00101010248&supplier_code=00100012&order_time=2022-12-10 HTTP/1.1" 200 430
116.230.105.139 - - [10/Dec/2022:10:01:31 +0800] "GET /xingrg/check_reg.html?_=1670637713596 HTTP/1.1" 200 22
116.230.105.139 - - [10/Dec/2022:10:01:31 +0800] "GET /xingrg/all/function/internal_message.html?_=1670637713600&CODE_STATE=getMsg HTTP/1.1" 200 27
116.238.139.35 - - [10/Dec/2022:10:01:31 +0800] "GET /xingrg/all/function/internal_message.html?_=1670637714746&CODE_STATE=getMsg HTTP/1.1" 200 27
114.95.43.237 - - [10/Dec/2022:10:01:31 +0800] "POST /xingrg/all/common/load_select.html HTTP/1.1" 200 25
172.20.0.100 - - [10/Dec/2022:10:01:32 +0800] "GET /xingrg/login.html HTTP/1.1" 200 7636
114.95.43.237 - - [10/Dec/2022:10:01:35 +0800] "GET /xingrg/kc/buy/cgsh_order_operate.html?command=get_materiel_price&rest_code=00105&code=00101010248&unit_code=00100043&supplier_code=00100012&order_time=2022-12-10 HTTP/1.1" 200 29
120.253.135.82 - - [10/Dec/2022:10:01:35 +0800] "GET /xingrg/all/function/internal_message.html?_=1670637522151&CODE_STATE=getMsg HTTP/1.1" 200 27
114.84.38.109 - - [10/Dec/2022:10:01:36 +0800] "GET /xingrg/check_reg.html?_=1670637740529 HTTP/1.1" 200 22
114.84.38.109 - - [10/Dec/2022:10:01:37 +0800] "GET /xingrg/all/function/internal_message.html?_=1670637741523&CODE_STATE=getMsg HTTP/1.1" 200 27
172.20.0.100 - - [10/Dec/2022:10:01:38 +0800] "POST /xingrg/login.do HTTP/1.1" 302 -
172.20.0.100 - - [10/Dec/2022:10:01:38 +0800] "GET /xingrg/index.html?sysBaseUrl=http%3A%2F%2F172.20.0.8%3A18081%2Fxingrg%2F&costTime=41×tamp=1670637698021 HTTP/1.1" 200 17448
172.20.0.100 - - [10/Dec/2022:10:01:38 +0800] "POST /xingrg/all/common/load_tree.html?tree=area_rest_tree_json&manage=1 HTTP/1.1" 200 3499
172.20.0.100 - - [10/Dec/2022:10:01:38 +0800] "GET /xingrg/all/function/internal_message.html?_=1670637719615&CODE_STATE=count HTTP/1.1" 200 11
172.20.0.100 - - [10/Dec/2022:10:01:38 +0800] "GET /xingrg/check_reg.html?_=1670637719624 HTTP/1.1" 200 22
172.20.0.100 - - [10/Dec/2022:10:01:38 +0800] "POST /xingrg/load_menu.html HTTP/1.1" 200 11529
172.20.0.100 - - [10/Dec/2022:10:01:38 +0800] "GET /xingrg/javascript/jquery_easy_ui/themes/icons/area.png HTTP/1.1" 200 262
172.20.0.100 - - [10/Dec/2022:10:01:38 +0800] "GET /xingrg/javascript/jquery_easy_ui/themes/icons/manage.png HTTP/1.1" 200 696
172.20.0.100 - - [10/Dec/2022:10:01:38 +0800] "GET /xingrg/javascript/jquery_easy_ui/themes/icons/rest.png HTTP/1.1" 200 695
114.95.43.237 - - [10/Dec/2022:10:01:39 +0800] "GET /xingrg/all/function/internal_message.html?_=1670637725228&CODE_STATE=getMsg HTTP/1.1" 200 27
114.95.43.237 - - [10/Dec/2022:10:01:41 +0800] "POST /xingrg/kc/buy/cgsh_order_operate.html HTTP/1.1" 200 37
172.20.0.100 - - [10/Dec/2022:10:01:41 +0800] "GET /xingrg/system/info/materiel_manager.html HTTP/1.1" 200 19442
172.20.0.100 - - [10/Dec/2022:10:01:41 +0800] "GET /xingrg/dwr/interface/AjaxBaseInfoService.js HTTP/1.1" 200 21363
172.20.0.100 - - [10/Dec/2022:10:01:41 +0800] "GET /xingrg/dwr/interface/AjaxComOrderService.js HTTP/1.1" 200 18264
172.20.0.100 - - [10/Dec/2022:10:01:41 +0800] "GET /xingrg/dwr/engine.js HTTP/1.1" 200 43631
114.83.218.138 - - [10/Dec/2022:10:01:42 +0800] "GET /xingrg/all/function/internal_message.html?_=1670637724490&CODE_STATE=getMsg HTTP/1.1" 200 27
114.88.159.190 - - [10/Dec/2022:10:01:46 +0800] "GET /xingrg/check_reg.html?_=1670637323609 HTTP/1.1" 200 22
114.88.159.190 - - [10/Dec/2022:10:01:46 +0800] "GET /xingrg/all/function/internal_message.html?_=1670637323625&CODE_STATE=getMsg HTTP/1.1" 200 27
114.83.222.182 - - [10/Dec/2022:10:01:47 +0800] "GET /xingrg/all/function/internal_message.html?_=1670637786661&CODE_STATE=getMsg HTTP/1.1" 200 27
114.95.43.237 - - [10/Dec/2022:10:01:47 +0800] "POST /xingrg/kc/buy/cgsh_order_operate.html HTTP/1.1" 200 5044
172.20.0.100 - - [10/Dec/2022:10:01:48 +0800] "GET /xingrg/index.html?sysBaseUrl=http%3A%2F%2F172.20.0.8%3A18081%2Fxingrg%2F&costTime=41×tamp=1670637698021 HTTP/1.1" 200 17448
172.20.0.100 - - [10/Dec/2022:10:01:48 +0800] "GET /xingrg/javascript/jquery_easy_ui/themes/default/easyui.css HTTP/1.1" 200 26500
172.20.0.100 - - [10/Dec/2022:10:01:48 +0800] "GET /xingrg/javascript/jquery_easy_ui/themes/icon.css HTTP/1.1" 200 3949
172.20.0.100 - - [10/Dec/2022:10:01:48 +0800] "GET /xingrg/css/form.css HTTP/1.1" 200 893
172.20.0.100 - - [10/Dec/2022:10:01:48 +0800] "GET /xingrg/javascript/jquery-1.4.2.min.js HTTP/1.1" 200 72205
172.20.0.100 - - [10/Dec/2022:10:01:48 +0800] "GET /xingrg/javascript/jquery_easy_ui/jquery.easyui.min.js HTTP/1.1" 200 213662
172.20.0.100 - - [10/Dec/2022:10:01:48 +0800] "GET /xingrg/javascript/jquery_easy_ui/easyui-lang-zh_CN.js HTTP/1.1" 200 1900
172.20.0.100 - - [10/Dec/2022:10:01:48 +0800] "GET /xingrg/javascript/jquery.form.js HTTP/1.1" 200 23110
172.20.0.100 - - [10/Dec/2022:10:01:48 +0800] "GET /xingrg/javascript/jquery.timers.js HTTP/1.1" 200 3532
172.20.0.100 - - [10/Dec/2022:10:01:48 +0800] "GET /xingrg/javascript/jquery.utils.js HTTP/1.1" 200 11805
172.20.0.100 - - [10/Dec/2022:10:01:48 +0800] "GET /xingrg/images/blue/navBackgound.jpg HTTP/1.1" 200 12378
172.20.0.100 - - [10/Dec/2022:10:01:48 +0800] "GET /xingrg/javascript/jquery_easy_ui/themes/icons/settle_new.png HTTP/1.1" 200 826
172.20.0.100 - - [10/Dec/2022:10:01:48 +0800] "GET /xingrg/images/blue/pingpu.png HTTP/1.1" 200 231
172.20.0.100 - - [10/Dec/2022:10:01:48 +0800] "POST /xingrg/all/common/load_tree.html?tree=area_rest_tree_json&manage=1 HTTP/1.1" 200 3499
172.20.0.100 - - [10/Dec/2022:10:01:48 +0800] "GET /xingrg/javascript/jquery_easy_ui/themes/default/images/panel_tool_collapse.gif HTTP/1.1" 200 246
172.20.0.100 - - [10/Dec/2022:10:01:48 +0800] "GET /xingrg/javascript/jquery_easy_ui/themes/default/images/panel_tool_expand.gif HTTP/1.1" 200 247
172.20.0.100 - - [10/Dec/2022:10:01:48 +0800] "GET /xingrg/check_reg.html?_=1670637729792 HTTP/1.1" 200 22
172.20.0.100 - - [10/Dec/2022:10:01:48 +0800] "GET /xingrg/all/function/internal_message.html?_=1670637729790&CODE_STATE=count HTTP/1.1" 200 11
172.20.0.100 - - [10/Dec/2022:10:01:48 +0800] "POST /xingrg/load_menu.html HTTP/1.1" 200 11529
172.20.0.100 - - [10/Dec/2022:10:01:48 +0800] "GET /xingrg/javascript/jquery_easy_ui/themes/default/images/tree_arrows.gif HTTP/1.1" 200 1043
172.20.0.100 - - [10/Dec/2022:10:01:48 +0800] "GET /xingrg/javascript/jquery_easy_ui/themes/default/images/tree_folder_open.gif HTTP/1.1" 200 956
172.20.0.100 - - [10/Dec/2022:10:01:48 +0800] "GET /xingrg/javascript/jquery_easy_ui/themes/icons/search_new.png HTTP/1.1" 200 586
172.20.0.100 - - [10/Dec/2022:10:01:48 +0800] "GET /xingrg/javascript/jquery_easy_ui/themes/icons/delivery_new.png HTTP/1.1" 200 700
172.20.0.100 - - [10/Dec/2022:10:01:48 +0800] "GET /xingrg/javascript/jquery_easy_ui/themes/icons/storage_new.png HTTP/1.1" 200 853
172.20.0.100 - - [10/Dec/2022:10:01:48 +0800] "GET /xingrg/javascript/jquery_easy_ui/themes/icons/checkout_new.png HTTP/1.1" 200 744
172.20.0.100 - - [10/Dec/2022:10:01:48 +0800] "GET /xingrg/javascript/jquery_easy_ui/themes/icons/forms_new.png HTTP/1.1" 200 350
172.20.0.100 - - [10/Dec/2022:10:01:48 +0800] "GET /xingrg/javascript/jquery_easy_ui/themes/icons/setting_new.png HTTP/1.1" 200 450
172.20.0.100 - - [10/Dec/2022:10:01:48 +0800] "GET /xingrg/javascript/jquery_easy_ui/themes/icons/systemset_new.png HTTP/1.1" 200 606
172.20.0.100 - - [10/Dec/2022:10:01:50 +0800] "GET /xingrg/javascript/jquery_easy_ui/themes/default/images/tree_file.gif HTTP/1.1" 200 118
172.20.0.100 - - [10/Dec/2022:10:01:50 +0800] "GET /xingrg/javascript/jquery_easy_ui/themes/default/images/tree_folder.gif HTTP/1.1" 200 952
172.20.0.100 - - [10/Dec/2022:10:01:51 +0800] "GET /xingrg/javascript/jquery_easy_ui/themes/default/images/tabs_close.gif HTTP/1.1" 200 829
172.20.0.100 - - [10/Dec/2022:10:01:51 +0800] "GET /xingrg/css/xtree.css HTTP/1.1" 200 880
172.20.0.100 - - [10/Dec/2022:10:01:51 +0800] "GET /xingrg/system/info/materiel_manager.html HTTP/1.1" 200 19442
172.20.0.100 - - [10/Dec/2022:10:01:51 +0800] "GET /xingrg/css/blue.css HTTP/1.1" 200 15949
172.20.0.100 - - [10/Dec/2022:10:01:51 +0800] "GET /xingrg/javascript/pic_change.js HTTP/1.1" 200 4739
172.20.0.100 - - [10/Dec/2022:10:01:51 +0800] "GET /xingrg/dwr/interface/AjaxBaseInfoService.js HTTP/1.1" 200 21363
172.20.0.100 - - [10/Dec/2022:10:01:51 +0800] "GET /xingrg/dwr/interface/AjaxComOrderService.js HTTP/1.1" 200 18264
172.20.0.100 - - [10/Dec/2022:10:01:51 +0800] "GET /xingrg/javascript/jquery_ui/themes/base/base.css HTTP/1.1" 200 28568
172.20.0.100 - - [10/Dec/2022:10:01:51 +0800] "GET /xingrg/javascript/Grid.js HTTP/1.1" 200 58908
172.20.0.100 - - [10/Dec/2022:10:01:51 +0800] "GET /xingrg/javascript/Calendar.js HTTP/1.1" 200 31561
172.20.0.100 - - [10/Dec/2022:10:01:51 +0800] "GET /xingrg/javascript/ToolTips.js HTTP/1.1" 200 5615
172.20.0.100 - - [10/Dec/2022:10:01:51 +0800] "GET /xingrg/dwr/engine.js HTTP/1.1" 200 43631
172.20.0.100 - - [10/Dec/2022:10:01:51 +0800] "GET /xingrg/dwr/util.js HTTP/1.1" 200 35990
172.20.0.100 - - [10/Dec/2022:10:01:51 +0800] "GET /xingrg/javascript/myfunction.js HTTP/1.1" 200 24559
172.20.0.100 - - [10/Dec/2022:10:01:51 +0800] "GET /xingrg/javascript/print/LodopFuncs.js HTTP/1.1" 200 5121
172.20.0.100 - - [10/Dec/2022:10:01:51 +0800] "GET /xingrg/javascript/xtree.js HTTP/1.1" 200 26582
172.20.0.100 - - [10/Dec/2022:10:01:51 +0800] "GET /xingrg/javascript/jquery_easy_ui/themes/icons/import_new.png HTTP/1.1" 200 1247
172.20.0.100 - - [10/Dec/2022:10:01:51 +0800] "GET /xingrg/javascript/jquery_easy_ui/themes/icons/print_new.png HTTP/1.1" 200 3580
172.20.0.100 - - [10/Dec/2022:10:01:51 +0800] "GET /xingrg/javascript/jquery_easy_ui/themes/icons/back_new.png HTTP/1.1" 200 3414
221.239.170.112 - - [10/Dec/2022:10:01:58 +0800] "GET /xingrg/kc/buy/cgsh_order_add.html HTTP/1.1" 200 68767
116.192.124.172 - - [10/Dec/2022:10:01:58 +0800] "GET /xingrg/all/function/internal_message.html?_=1670637741445&CODE_STATE=getMsg HTTP/1.1" 200 27
221.239.170.112 - - [10/Dec/2022:10:01:58 +0800] "GET /xingrg/all/common/auto_word.html?type=employee&rest_code=00145 HTTP/1.1" 200 155
221.239.170.112 - - [10/Dec/2022:10:01:58 +0800] "GET /xingrg/all/common/auto_word.html?type=employee&rest_code=00145 HTTP/1.1" 200 155
221.239.170.112 - - [10/Dec/2022:10:01:58 +0800] "GET /xingrg/javascript/easyui/themes/default/validatebox.css HTTP/1.1" 404 1104
221.239.170.112 - - [10/Dec/2022:10:01:58 +0800] "POST /xingrg/kc/buy/cgsh_order_operate.html HTTP/1.1" 200 8245
221.239.170.112 - - [10/Dec/2022:10:02:00 +0800] "GET /xingrg/javascript/auto/indicator.gif HTTP/1.1" 404 1066
116.238.139.35 - - [10/Dec/2022:10:02:11 +0800] "GET /xingrg/all/function/internal_message.html?_=1670637692315&CODE_STATE=getMsg HTTP/1.1" 200 27
114.84.38.109 - - [10/Dec/2022:10:02:13 +0800] "POST /xingrg/services/DataTransmitService HTTP/1.1" 200 524
114.95.43.237 - - [10/Dec/2022:10:02:14 +0800] "GET /xingrg/all/function/internal_message.html?_=1670637604993&CODE_STATE=getMsg HTTP/1.1" 200 27
221.239.170.112 - - [10/Dec/2022:10:02:16 +0800] "GET /xingrg/all/function/internal_message.html?_=1670637746033&CODE_STATE=getMsg HTTP/1.1" 200 27
172.20.0.100 - - [10/Dec/2022:10:02:21 +0800] "GET /xingrg/javascript/jquery_easy_ui/themes/default/images/button_plain_hover.png HTTP/1.1" 200 252
61.170.235.152 - - [10/Dec/2022:10:02:23 +0800] "GET /xingrg/all/function/internal_message.html?_=1670637762488&CODE_STATE=getMsg HTTP/1.1" 200 27
180.163.29.103 - - [10/Dec/2022:10:02:23 +0800] "GET /xingrg/all/function/internal_message.html?_=1670637702488&CODE_STATE=getMsg HTTP/1.1" 302 -
180.163.29.103 - - [10/Dec/2022:10:02:26 +0800] "GET /xingrg/login.html HTTP/1.1" 200 7641
222.70.177.10 - - [10/Dec/2022:10:02:27 +0800] "GET /xingrg/all/function/internal_message.html?_=1670637767406&CODE_STATE=getMsg HTTP/1.1" 200 27
172.20.0.100 - - [10/Dec/2022:10:02:27 +0800] "GET /xingrg/all/function/internal_message.html?_=1670637768800&CODE_STATE=getMsg HTTP/1.1" 302 -
116.230.105.139 - - [10/Dec/2022:10:02:31 +0800] "GET /xingrg/all/function/internal_message.html?_=1670637773590&CODE_STATE=getMsg HTTP/1.1" 200 27
116.238.139.35 - - [10/Dec/2022:10:02:31 +0800] "GET /xingrg/all/function/internal_message.html?_=1670637774745&CODE_STATE=getMsg HTTP/1.1" 200 27
116.238.139.35 - - [10/Dec/2022:10:02:31 +0800] "GET /xingrg/check_reg.html?_=1670637774749 HTTP/1.1" 200 22
120.253.135.82 - - [10/Dec/2022:10:02:33 +0800] "GET /xingrg/check_reg.html?_=1670637580408 HTTP/1.1" 200 22
120.253.135.82 - - [10/Dec/2022:10:02:35 +0800] "GET /xingrg/all/function/internal_message.html?_=1670637582165&CODE_STATE=getMsg HTTP/1.1" 200 27
124.79.245.154 - - [10/Dec/2022:10:02:37 +0800] "POST /xingrg/services/DataTransmitService HTTP/1.1" 200 524
114.84.38.109 - - [10/Dec/2022:10:02:37 +0800] "GET /xingrg/all/function/internal_message.html?_=1670637801536&CODE_STATE=getMsg HTTP/1.1" 200 27
114.95.43.237 - - [10/Dec/2022:10:02:39 +0800] "GET /xingrg/all/function/internal_message.html?_=1670637785269&CODE_STATE=getMsg HTTP/1.1" 200 27
114.83.218.138 - - [10/Dec/2022:10:02:42 +0800] "GET /xingrg/all/function/internal_message.html?_=1670637784498&CODE_STATE=getMsg HTTP/1.1" 200 27
