116.192.124.172 - - [10/Dec/2022:11:22:23 +0800] "POST /xingrg/all/common/load_combo.html?type=base HTTP/1.1" 200 3321
61.170.235.152 - - [10/Dec/2022:11:22:24 +0800] "GET /xingrg/all/function/internal_message.html?_=1670642562719&CODE_STATE=getMsg HTTP/1.1" 200 27
180.163.29.234 - - [10/Dec/2022:11:22:24 +0800] "GET /xingrg/all/function/internal_message.html?_=1670642502744&CODE_STATE=getMsg HTTP/1.1" 302 -
180.163.29.234 - - [10/Dec/2022:11:22:24 +0800] "GET /xingrg/login.html HTTP/1.1" 200 7641
116.192.124.172 - - [10/Dec/2022:11:22:25 +0800] "POST /xingrg/all/common/load_combo.html?type=base HTTP/1.1" 200 3321
222.70.177.10 - - [10/Dec/2022:11:22:26 +0800] "GET /xingrg/all/function/internal_message.html?_=1670642566100&CODE_STATE=getMsg HTTP/1.1" 200 27
172.20.0.100 - - [10/Dec/2022:11:22:27 +0800] "GET /xingrg/system/rest/list_page.html?p=cuxiao HTTP/1.1" 200 26810
172.20.0.100 - - [10/Dec/2022:11:22:27 +0800] "GET /xingrg/javascript/jquery_easy_ui/themes/icons/search.png HTTP/1.1" 200 813
172.20.0.100 - - [10/Dec/2022:11:22:27 +0800] "GET /xingrg/javascript/jquery_easy_ui/themes/icons/edit_add.png HTTP/1.1" 200 1088
172.20.0.100 - - [10/Dec/2022:11:22:27 +0800] "GET /xingrg/javascript/jquery_easy_ui/themes/icons/pencil.png HTTP/1.1" 200 713
172.20.0.100 - - [10/Dec/2022:11:22:27 +0800] "GET /xingrg/javascript/jquery_easy_ui/themes/icons/edit_remove.png HTTP/1.1" 200 625
172.20.0.100 - - [10/Dec/2022:11:22:27 +0800] "GET /xingrg/javascript/jquery_easy_ui/themes/default/images/datagrid_header_bg.gif HTTP/1.1" 200 97
172.20.0.100 - - [10/Dec/2022:11:22:27 +0800] "GET /xingrg/javascript/jquery_easy_ui/themes/default/images/pagination_first.gif HTTP/1.1" 200 925
172.20.0.100 - - [10/Dec/2022:11:22:27 +0800] "GET /xingrg/javascript/jquery_easy_ui/themes/default/images/pagination_prev.gif HTTP/1.1" 200 879
172.20.0.100 - - [10/Dec/2022:11:22:27 +0800] "GET /xingrg/javascript/jquery_easy_ui/themes/default/images/pagination_next.gif HTTP/1.1" 200 875
172.20.0.100 - - [10/Dec/2022:11:22:27 +0800] "GET /xingrg/javascript/jquery_easy_ui/themes/default/images/pagination_last.gif HTTP/1.1" 200 923
172.20.0.100 - - [10/Dec/2022:11:22:27 +0800] "GET /xingrg/javascript/jquery_easy_ui/themes/default/images/pagination_load.png HTTP/1.1" 200 827
172.20.0.100 - - [10/Dec/2022:11:22:28 +0800] "GET /xingrg/javascript/jquery_easy_ui/themes/default/images/pagination_loading.gif HTTP/1.1" 200 1737
172.20.0.100 - - [10/Dec/2022:11:22:28 +0800] "GET /xingrg/system/rest/query_items.html?_=1670642569129&table=cuxiao&page=1&rows=10&key=&status=1 HTTP/1.1" 200 562
172.20.0.100 - - [10/Dec/2022:11:22:29 +0800] "GET /xingrg/system/rest/get_item.html?table=cuxiao&code=27d2fbe40c0c4badbf9ab33542c2a8c7&_=1670642570370 HTTP/1.1" 200 303
172.20.0.100 - - [10/Dec/2022:11:22:29 +0800] "POST /xingrg/system/rest/edit_item.html HTTP/1.1" 200 43468
221.239.170.112 - - [10/Dec/2022:11:22:29 +0800] "GET /xingrg/check_reg.html?_=1670642559144 HTTP/1.1" 200 22
221.239.170.112 - - [10/Dec/2022:11:22:29 +0800] "GET /xingrg/all/function/internal_message.html?_=1670642559147&CODE_STATE=getMsg HTTP/1.1" 200 27
116.230.105.139 - - [10/Dec/2022:11:22:31 +0800] "GET /xingrg/all/function/internal_message.html?_=1670642573588&CODE_STATE=getMsg HTTP/1.1" 200 27
116.238.139.35 - - [10/Dec/2022:11:22:31 +0800] "GET /xingrg/all/function/internal_message.html?_=1670642574877&CODE_STATE=getMsg HTTP/1.1" 200 27
116.238.139.35 - - [10/Dec/2022:11:22:31 +0800] "GET /xingrg/check_reg.html?_=1670642574881 HTTP/1.1" 200 22
116.192.124.172 - - [10/Dec/2022:11:22:31 +0800] "GET /xingrg/kc/base/wldb_order_operate.html?command=get_materiel&rest_code=00102&base_code=0010476&code=00101013011 HTTP/1.1" 200 451
101.85.106.255 - - [10/Dec/2022:11:22:35 +0800] "GET /xingrg/all/function/internal_message.html?_=1670642577226&CODE_STATE=getMsg HTTP/1.1" 200 27
172.20.0.100 - - [10/Dec/2022:11:22:36 +0800] "GET /xingrg/system/rest/get_item.html?table=cuxiao&code=b3c15a48118d42cea7330a488dcbe8d7&_=1670642577349 HTTP/1.1" 200 309
172.20.0.100 - - [10/Dec/2022:11:22:36 +0800] "POST /xingrg/system/rest/edit_item.html HTTP/1.1" 200 43468
114.84.38.109 - - [10/Dec/2022:11:22:36 +0800] "GET /xingrg/all/function/internal_message.html?_=1670642597667&CODE_STATE=getMsg HTTP/1.1" 200 27
114.95.43.237 - - [10/Dec/2022:11:22:38 +0800] "GET /xingrg/all/function/internal_message.html?_=1670642584476&CODE_STATE=getMsg HTTP/1.1" 200 27
114.84.38.109 - - [10/Dec/2022:11:22:41 +0800] "GET /xingrg/all/function/internal_message.html?_=1670642605792&CODE_STATE=getMsg HTTP/1.1" 302 -
114.83.218.138 - - [10/Dec/2022:11:22:42 +0800] "GET /xingrg/all/function/internal_message.html?_=1670642584480&CODE_STATE=getMsg HTTP/1.1" 200 27
114.83.218.138 - - [10/Dec/2022:11:22:42 +0800] "GET /xingrg/check_reg.html?_=1670642584798 HTTP/1.1" 200 22
116.192.124.172 - - [10/Dec/2022:11:22:44 +0800] "POST /xingrg/kc/base/wldb_order_operate.html HTTP/1.1" 200 37
221.239.170.112 - - [10/Dec/2022:11:22:45 +0800] "GET /xingrg/kc/buy/cgsh_order_operate.html?command=get_materiel&rest_code=00145&code=00101008205&supplier_code=00100556&order_time=2022-12-01 HTTP/1.1" 200 412
114.88.159.190 - - [10/Dec/2022:11:22:46 +0800] "GET /xingrg/all/function/internal_message.html?_=1670642183828&CODE_STATE=getMsg HTTP/1.1" 200 27
116.192.124.172 - - [10/Dec/2022:11:22:46 +0800] "POST /xingrg/kc/base/wldb_order_operate.html HTTP/1.1" 200 12
116.192.124.172 - - [10/Dec/2022:11:22:46 +0800] "POST /xingrg/kc/base/wldb_order_operate.html HTTP/1.1" 200 2192
58.221.95.50 - - [10/Dec/2022:11:22:47 +0800] "GET /xingrg/all/function/internal_message.html?_=1670642590831&CODE_STATE=getMsg HTTP/1.1" 200 27
116.192.124.172 - - [10/Dec/2022:11:22:47 +0800] "GET /xingrg/kc/base/wldb_order_info.html?code=422022121000761 HTTP/1.1" 200 26258
116.192.124.172 - - [10/Dec/2022:11:22:47 +0800] "GET /xingrg/javascript/easyui/themes/default/validatebox.css HTTP/1.1" 404 1104
116.192.124.172 - - [10/Dec/2022:11:22:48 +0800] "POST /xingrg/kc/base/wldb_order_operate.html HTTP/1.1" 200 486
58.221.95.50 - - [10/Dec/2022:11:22:48 +0800] "GET /xingrg/check_reg.html?_=1670642591656 HTTP/1.1" 200 22
180.169.147.146 - - [10/Dec/2022:11:22:49 +0800] "GET /xingrg/all/function/internal_message.html?_=1670642587711&CODE_STATE=getMsg HTTP/1.1" 200 27
116.192.124.172 - - [10/Dec/2022:11:22:58 +0800] "GET /xingrg/all/function/internal_message.html?_=1670642601395&CODE_STATE=getMsg HTTP/1.1" 200 27
61.170.235.152 - - [10/Dec/2022:11:23:00 +0800] "GET /xingrg/all/function/internal_message.html?_=1670642608690&CODE_STATE=getMsg HTTP/1.1" 200 27
124.79.74.72 - - [10/Dec/2022:11:23:05 +0800] "GET /xingrg/all/function/internal_message.html?_=1670642609810&CODE_STATE=getMsg HTTP/1.1" 200 27
61.170.235.152 - - [10/Dec/2022:11:23:06 +0800] "GET /xingrg/all/function/internal_message.html?_=1670642609106&CODE_STATE=getMsg HTTP/1.1" 200 27
114.95.43.237 - - [10/Dec/2022:11:23:11 +0800] "GET /xingrg/kc/buy/cgsh_order_list.html HTTP/1.1" 200 53854
114.95.43.237 - - [10/Dec/2022:11:23:13 +0800] "POST /xingrg/kc/buy/cgsh_list_operate.html HTTP/1.1" 200 4366
114.95.43.237 - - [10/Dec/2022:11:23:13 +0800] "GET /xingrg/all/function/internal_message.html?_=1670642463956&CODE_STATE=getMsg HTTP/1.1" 200 27
114.95.43.237 - - [10/Dec/2022:11:23:14 +0800] "GET /xingrg/kc/buy/cgsh_order_add.html HTTP/1.1" 200 69718
114.95.43.237 - - [10/Dec/2022:11:23:14 +0800] "GET /xingrg/words/20221210105303_words.js HTTP/1.1" 200 937396
114.95.43.237 - - [10/Dec/2022:11:23:15 +0800] "POST /xingrg/kc/buy/cgsh_order_operate.html HTTP/1.1" 200 8245
114.95.43.237 - - [10/Dec/2022:11:23:15 +0800] "GET /xingrg/javascript/easyui/themes/default/validatebox.css HTTP/1.1" 404 1104
116.238.139.35 - - [10/Dec/2022:11:23:15 +0800] "GET /xingrg/all/function/internal_message.html?_=1670642556255&CODE_STATE=getMsg HTTP/1.1" 200 27
61.170.235.152 - - [10/Dec/2022:11:23:24 +0800] "GET /xingrg/check_reg.html?_=1670642622654 HTTP/1.1" 200 22
61.170.235.152 - - [10/Dec/2022:11:23:24 +0800] "GET /xingrg/all/function/internal_message.html?_=1670642622698&CODE_STATE=getMsg HTTP/1.1" 200 27
222.70.177.10 - - [10/Dec/2022:11:23:26 +0800] "GET /xingrg/all/function/internal_message.html?_=1670642626084&CODE_STATE=getMsg HTTP/1.1" 200 27
114.95.43.237 - - [10/Dec/2022:11:23:26 +0800] "GET /xingrg/kc/buy/cgsh_order_operate.html?command=get_materiel&rest_code=00105&code=00101001168&supplier_code=00100313&order_time=2022-12-10 HTTP/1.1" 200 414
221.239.170.112 - - [10/Dec/2022:11:23:29 +0800] "GET /xingrg/all/function/internal_message.html?_=1670642619125&CODE_STATE=getMsg HTTP/1.1" 200 27
116.230.105.139 - - [10/Dec/2022:11:23:31 +0800] "GET /xingrg/all/function/internal_message.html?_=1670642633608&CODE_STATE=getMsg HTTP/1.1" 200 27
116.238.139.35 - - [10/Dec/2022:11:23:31 +0800] "GET /xingrg/all/function/internal_message.html?_=1670642634884&CODE_STATE=getMsg HTTP/1.1" 200 27
101.85.106.255 - - [10/Dec/2022:11:23:35 +0800] "GET /xingrg/all/function/internal_message.html?_=1670642637211&CODE_STATE=getMsg HTTP/1.1" 200 27
114.84.38.109 - - [10/Dec/2022:11:23:36 +0800] "GET /xingrg/all/function/internal_message.html?_=1670642657688&CODE_STATE=getMsg HTTP/1.1" 200 27
114.95.43.237 - - [10/Dec/2022:11:23:38 +0800] "GET /xingrg/all/function/internal_message.html?_=1670642644467&CODE_STATE=getMsg HTTP/1.1" 200 27
114.95.43.237 - - [10/Dec/2022:11:23:40 +0800] "GET /xingrg/kc/buy/cgsh_order_operate.html?command=get_materiel&rest_code=00105&code=00101001101&supplier_code=00100313&order_time=2022-12-10 HTTP/1.1" 200 415
114.84.38.109 - - [10/Dec/2022:11:23:41 +0800] "GET /xingrg/all/function/internal_message.html?_=1670642665804&CODE_STATE=getMsg HTTP/1.1" 302 -
114.83.218.138 - - [10/Dec/2022:11:23:42 +0800] "GET /xingrg/all/function/internal_message.html?_=1670642644458&CODE_STATE=getMsg HTTP/1.1" 200 27
114.83.218.138 - - [10/Dec/2022:11:23:42 +0800] "GET /favicon.ico HTTP/1.1" 404 -
114.88.159.190 - - [10/Dec/2022:11:23:46 +0800] "GET /xingrg/all/function/internal_message.html?_=1670642243827&CODE_STATE=getMsg HTTP/1.1" 200 27
58.221.95.50 - - [10/Dec/2022:11:23:47 +0800] "GET /xingrg/all/function/internal_message.html?_=1670642650831&CODE_STATE=getMsg HTTP/1.1" 200 27
114.95.43.237 - - [10/Dec/2022:11:23:48 +0800] "GET /xingrg/kc/buy/cgsh_order_operate.html?command=get_materiel&rest_code=00105&code=00101010672&supplier_code=00100313&order_time=2022-12-10 HTTP/1.1" 200 411
180.169.147.146 - - [10/Dec/2022:11:23:49 +0800] "GET /xingrg/all/function/internal_message.html?_=1670642647696&CODE_STATE=getMsg HTTP/1.1" 200 27
221.239.170.112 - - [10/Dec/2022:11:23:54 +0800] "GET /xingrg/kc/buy/cgsh_order_operate.html?command=get_materiel&rest_code=00145&code=00101008264&supplier_code=00100556&order_time=2022-12-01 HTTP/1.1" 200 412
116.192.124.172 - - [10/Dec/2022:11:23:58 +0800] "GET /xingrg/all/function/internal_message.html?_=1670642661387&CODE_STATE=getMsg HTTP/1.1" 200 27
116.192.124.172 - - [10/Dec/2022:11:23:58 +0800] "GET /xingrg/check_reg.html?_=1670642661434 HTTP/1.1" 200 22
61.170.235.152 - - [10/Dec/2022:11:24:00 +0800] "GET /xingrg/all/function/internal_message.html?_=1670642668718&CODE_STATE=getMsg HTTP/1.1" 200 27
114.95.43.237 - - [10/Dec/2022:11:24:02 +0800] "GET /xingrg/kc/buy/cgsh_order_operate.html?command=get_materiel&rest_code=00105&code=00101001096&supplier_code=00100313&order_time=2022-12-10 HTTP/1.1" 200 413
124.79.74.72 - - [10/Dec/2022:11:24:05 +0800] "GET /xingrg/all/function/internal_message.html?_=1670642669807&CODE_STATE=getMsg HTTP/1.1" 200 27
61.170.235.152 - - [10/Dec/2022:11:24:06 +0800] "GET /xingrg/all/function/internal_message.html?_=1670642669094&CODE_STATE=getMsg HTTP/1.1" 200 27
114.95.43.237 - - [10/Dec/2022:11:24:10 +0800] "GET /xingrg/kc/buy/cgsh_order_operate.html?command=get_materiel&rest_code=00105&code=00101001092&supplier_code=00100313&order_time=2022-12-10 HTTP/1.1" 200 411
114.95.43.237 - - [10/Dec/2022:11:24:13 +0800] "GET /xingrg/all/function/internal_message.html?_=1670642523947&CODE_STATE=getMsg HTTP/1.1" 200 27
58.221.95.50 - - [10/Dec/2022:11:24:13 +0800] "GET /xingrg/check_reg.html?_=1670642677107 HTTP/1.1" 200 22
116.238.139.35 - - [10/Dec/2022:11:24:15 +0800] "GET /xingrg/check_reg.html?_=1670642615844 HTTP/1.1" 200 22
116.238.139.35 - - [10/Dec/2022:11:24:15 +0800] "GET /xingrg/all/function/internal_message.html?_=1670642616268&CODE_STATE=getMsg HTTP/1.1" 200 27
114.95.43.237 - - [10/Dec/2022:11:24:22 +0800] "GET /xingrg/kc/buy/cgsh_order_operate.html?command=get_materiel&rest_code=00105&code=00101005043&supplier_code=00100313&order_time=2022-12-10 HTTP/1.1" 200 417
61.170.235.152 - - [10/Dec/2022:11:24:24 +0800] "GET /xingrg/all/function/internal_message.html?_=1670642682675&CODE_STATE=getMsg HTTP/1.1" 200 27
222.70.177.10 - - [10/Dec/2022:11:24:26 +0800] "GET /xingrg/all/function/internal_message.html?_=1670642686068&CODE_STATE=getMsg HTTP/1.1" 200 27
222.70.177.10 - - [10/Dec/2022:11:24:27 +0800] "GET /xingrg/check_reg.html?_=1670642687972 HTTP/1.1" 200 22
221.239.170.112 - - [10/Dec/2022:11:24:29 +0800] "GET /xingrg/all/function/internal_message.html?_=1670642679138&CODE_STATE=getMsg HTTP/1.1" 200 27
116.230.105.139 - - [10/Dec/2022:11:24:31 +0800] "GET /xingrg/all/function/internal_message.html?_=1670642693602&CODE_STATE=getMsg HTTP/1.1" 200 27
116.238.139.35 - - [10/Dec/2022:11:24:31 +0800] "GET /xingrg/all/function/internal_message.html?_=1670642694886&CODE_STATE=getMsg HTTP/1.1" 200 27
114.95.43.237 - - [10/Dec/2022:11:24:34 +0800] "GET /xingrg/kc/buy/cgsh_order_operate.html?command=get_materiel&rest_code=00105&code=00101005024&supplier_code=00100313&order_time=2022-12-10 HTTP/1.1" 200 428
221.239.170.112 - - [10/Dec/2022:11:24:34 +0800] "GET /xingrg/kc/buy/cgsh_order_operate.html?command=get_materiel&rest_code=00145&code=00101008092&supplier_code=00100556&order_time=2022-12-01 HTTP/1.1" 200 412
101.85.106.255 - - [10/Dec/2022:11:24:35 +0800] "GET /xingrg/all/function/internal_message.html?_=1670642697195&CODE_STATE=getMsg HTTP/1.1" 200 27
114.84.38.109 - - [10/Dec/2022:11:24:36 +0800] "GET /xingrg/check_reg.html?_=1670642717507 HTTP/1.1" 200 22
114.84.38.109 - - [10/Dec/2022:11:24:36 +0800] "GET /xingrg/all/function/internal_message.html?_=1670642717700&CODE_STATE=getMsg HTTP/1.1" 200 27
114.95.43.237 - - [10/Dec/2022:11:24:38 +0800] "GET /xingrg/all/function/internal_message.html?_=1670642704438&CODE_STATE=getMsg HTTP/1.1" 200 27
114.95.43.237 - - [10/Dec/2022:11:24:39 +0800] "GET /xingrg/check_reg.html?_=1670642705338 HTTP/1.1" 200 22
114.95.43.237 - - [10/Dec/2022:11:24:40 +0800] "GET /xingrg/kc/buy/cgsh_order_operate.html?command=get_materiel&rest_code=00105&code=00101004061&supplier_code=00100313&order_time=2022-12-10 HTTP/1.1" 200 409
114.84.38.109 - - [10/Dec/2022:11:24:41 +0800] "GET /xingrg/all/function/internal_message.html?_=1670642725955&CODE_STATE=getMsg HTTP/1.1" 302 -
114.83.218.138 - - [10/Dec/2022:11:24:42 +0800] "GET /xingrg/all/function/internal_message.html?_=1670642704436&CODE_STATE=getMsg HTTP/1.1" 200 27
114.88.159.190 - - [10/Dec/2022:11:24:46 +0800] "GET /xingrg/all/function/internal_message.html?_=1670642303854&CODE_STATE=getMsg HTTP/1.1" 200 27
58.221.95.50 - - [10/Dec/2022:11:24:47 +0800] "GET /xingrg/all/function/internal_message.html?_=1670642710811&CODE_STATE=getMsg HTTP/1.1" 200 27
114.95.43.237 - - [10/Dec/2022:11:24:48 +0800] "GET /xingrg/kc/buy/cgsh_order_operate.html?command=get_materiel&rest_code=00105&code=00102026001&supplier_code=00100313&order_time=2022-12-10 HTTP/1.1" 200 409
180.169.147.146 - - [10/Dec/2022:11:24:49 +0800] "GET /xingrg/all/function/internal_message.html?_=1670642707706&CODE_STATE=getMsg HTTP/1.1" 200 27
180.169.147.146 - - [10/Dec/2022:11:24:50 +0800] "GET /xingrg/check_reg.html?_=1670642708376 HTTP/1.1" 200 22
116.192.124.172 - - [10/Dec/2022:11:24:50 +0800] "GET /xingrg/login.html HTTP/1.1" 200 7641
116.192.124.172 - - [10/Dec/2022:11:24:51 +0800] "GET /favicon.ico HTTP/1.1" 404 -
116.192.124.172 - - [10/Dec/2022:11:24:58 +0800] "GET /xingrg/all/function/internal_message.html?_=1670642721369&CODE_STATE=getMsg HTTP/1.1" 200 27
114.95.43.237 - - [10/Dec/2022:11:24:58 +0800] "POST /xingrg/kc/buy/cgsh_order_operate.html HTTP/1.1" 200 37
61.170.235.152 - - [10/Dec/2022:11:25:00 +0800] "GET /xingrg/check_reg.html?_=1670642728717 HTTP/1.1" 200 22
61.170.235.152 - - [10/Dec/2022:11:25:00 +0800] "GET /xingrg/all/function/internal_message.html?_=1670642728721&CODE_STATE=getMsg HTTP/1.1" 200 27
114.95.43.237 - - [10/Dec/2022:11:25:00 +0800] "POST /xingrg/kc/buy/cgsh_order_operate.html HTTP/1.1" 200 7410
114.95.43.237 - - [10/Dec/2022:11:25:02 +0800] "GET /xingrg/kc/print/load_data.html?order_code=212022121002763&kc_code=cgsh&condition= HTTP/1.1" 200 2491
124.79.74.72 - - [10/Dec/2022:11:25:05 +0800] "GET /xingrg/all/function/internal_message.html?_=1670642729818&CODE_STATE=getMsg HTTP/1.1" 200 27
61.170.235.152 - - [10/Dec/2022:11:25:06 +0800] "GET /xingrg/all/function/internal_message.html?_=1670642729098&CODE_STATE=getMsg HTTP/1.1" 200 27
61.170.235.152 - - [10/Dec/2022:11:25:06 +0800] "GET /xingrg/check_reg.html?_=1670642729100 HTTP/1.1" 200 22
114.95.43.237 - - [10/Dec/2022:11:25:09 +0800] "POST /xingrg/kc/buy/cgsh_list_operate.html HTTP/1.1" 200 4794
114.95.43.237 - - [10/Dec/2022:11:25:13 +0800] "GET /xingrg/all/function/internal_message.html?_=1670642583935&CODE_STATE=getMsg HTTP/1.1" 200 27
116.238.139.35 - - [10/Dec/2022:11:25:15 +0800] "GET /xingrg/all/function/internal_message.html?_=1670642676282&CODE_STATE=getMsg HTTP/1.1" 200 27
114.95.43.237 - - [10/Dec/2022:11:25:16 +0800] "GET /xingrg/check_reg.html?_=1670642586235 HTTP/1.1" 200 22
61.170.235.152 - - [10/Dec/2022:11:25:24 +0800] "GET /xingrg/all/function/internal_message.html?_=1670642742643&CODE_STATE=getMsg HTTP/1.1" 200 27
114.95.43.237 - - [10/Dec/2022:11:25:24 +0800] "POST /xingrg/kc/buy/cgsh_list_operate.html HTTP/1.1" 200 3224
222.70.177.10 - - [10/Dec/2022:11:25:26 +0800] "GET /xingrg/all/function/internal_message.html?_=1670642746051&CODE_STATE=getMsg HTTP/1.1" 200 27
114.95.43.237 - - [10/Dec/2022:11:25:26 +0800] "POST /xingrg/kc/buy/cgsh_list_operate.html HTTP/1.1" 200 574
221.239.170.112 - - [10/Dec/2022:11:25:29 +0800] "GET /xingrg/all/function/internal_message.html?_=1670642739157&CODE_STATE=getMsg HTTP/1.1" 200 27
221.239.170.112 - - [10/Dec/2022:11:25:31 +0800] "GET /xingrg/kc/buy/cgsh_order_operate.html?command=get_materiel&rest_code=00145&code=00101008077&supplier_code=00100556&order_time=2022-12-01 HTTP/1.1" 200 416
116.230.105.139 - - [10/Dec/2022:11:25:31 +0800] "GET /xingrg/all/function/internal_message.html?_=1670642753590&CODE_STATE=getMsg HTTP/1.1" 200 27
116.238.139.35 - - [10/Dec/2022:11:25:31 +0800] "GET /xingrg/all/function/internal_message.html?_=1670642754889&CODE_STATE=getMsg HTTP/1.1" 200 27
101.85.106.255 - - [10/Dec/2022:11:25:35 +0800] "GET /xingrg/all/function/internal_message.html?_=1670642757180&CODE_STATE=getMsg HTTP/1.1" 200 27
114.84.38.109 - - [10/Dec/2022:11:25:36 +0800] "GET /xingrg/all/function/internal_message.html?_=1670642777723&CODE_STATE=getMsg HTTP/1.1" 200 27
114.95.43.237 - - [10/Dec/2022:11:25:38 +0800] "GET /xingrg/all/function/internal_message.html?_=1670642764429&CODE_STATE=getMsg HTTP/1.1" 200 27
114.84.38.109 - - [10/Dec/2022:11:25:41 +0800] "GET /xingrg/all/function/internal_message.html?_=1670642785971&CODE_STATE=getMsg HTTP/1.1" 302 -
114.83.218.138 - - [10/Dec/2022:11:25:42 +0800] "GET /xingrg/all/function/internal_message.html?_=1670642764409&CODE_STATE=getMsg HTTP/1.1" 200 27
114.88.159.190 - - [10/Dec/2022:11:25:46 +0800] "GET /xingrg/all/function/internal_message.html?_=1670642363853&CODE_STATE=getMsg HTTP/1.1" 200 27
58.221.95.50 - - [10/Dec/2022:11:25:47 +0800] "GET /xingrg/all/function/internal_message.html?_=1670642770786&CODE_STATE=getMsg HTTP/1.1" 200 27
180.169.147.146 - - [10/Dec/2022:11:25:49 +0800] "GET /xingrg/all/function/internal_message.html?_=1670642767689&CODE_STATE=getMsg HTTP/1.1" 200 27
221.239.170.112 - - [10/Dec/2022:11:25:52 +0800] "GET /xingrg/kc/buy/cgsh_order_operate.html?command=get_materiel&rest_code=00145&code=00101008283&supplier_code=00100556&order_time=2022-12-01 HTTP/1.1" 200 408
114.95.43.237 - - [10/Dec/2022:11:25:56 +0800] "POST /xingrg/kc/buy/cgsh_list_operate.html HTTP/1.1" 200 574
114.95.43.237 - - [10/Dec/2022:11:25:56 +0800] "GET /xingrg/kc/buy/cgsh_order_info.html?code=212022121002763 HTTP/1.1" 200 69731
114.95.43.237 - - [10/Dec/2022:11:25:57 +0800] "GET /xingrg/javascript/easyui/themes/default/validatebox.css HTTP/1.1" 404 1104
114.95.43.237 - - [10/Dec/2022:11:25:58 +0800] "POST /xingrg/kc/buy/cgsh_order_operate.html HTTP/1.1" 200 7410
116.192.124.172 - - [10/Dec/2022:11:25:58 +0800] "GET /xingrg/all/function/internal_message.html?_=1670642781342&CODE_STATE=getMsg HTTP/1.1" 200 27
61.170.235.152 - - [10/Dec/2022:11:26:00 +0800] "GET /xingrg/all/function/internal_message.html?_=1670642788721&CODE_STATE=getMsg HTTP/1.1" 200 27
114.95.43.237 - - [10/Dec/2022:11:26:01 +0800] "POST /xingrg/kc/buy/cgsh_order_operate.html HTTP/1.1" 200 12
114.95.43.237 - - [10/Dec/2022:11:26:04 +0800] "POST /xingrg/kc/buy/cgsh_list_operate.html HTTP/1.1" 200 2796
124.79.74.72 - - [10/Dec/2022:11:26:05 +0800] "GET /xingrg/check_reg.html?_=1670642789828 HTTP/1.1" 200 22
124.79.74.72 - - [10/Dec/2022:11:26:05 +0800] "GET /xingrg/all/function/internal_message.html?_=1670642789831&CODE_STATE=getMsg HTTP/1.1" 200 27
114.95.43.237 - - [10/Dec/2022:11:26:05 +0800] "POST /xingrg/kc/buy/cgsh_list_operate.html HTTP/1.1" 200 2796
61.170.235.152 - - [10/Dec/2022:11:26:06 +0800] "GET /xingrg/all/function/internal_message.html?_=1670642789100&CODE_STATE=getMsg HTTP/1.1" 200 27
114.95.43.237 - - [10/Dec/2022:11:26:07 +0800] "POST /xingrg/services/DataTransmitService HTTP/1.1" 200 524
114.95.43.237 - - [10/Dec/2022:11:26:08 +0800] "POST /xingrg/services/DataTransmitService HTTP/1.1" 200 501
114.95.43.237 - - [10/Dec/2022:11:26:08 +0800] "POST /xingrg/services/DataTransmitService HTTP/1.1" 200 501
114.95.43.237 - - [10/Dec/2022:11:26:09 +0800] "POST /xingrg/services/DataTransmitService HTTP/1.1" 200 412
114.95.43.237 - - [10/Dec/2022:11:26:13 +0800] "GET /xingrg/all/function/internal_message.html?_=1670642643910&CODE_STATE=getMsg HTTP/1.1" 200 27
116.238.139.35 - - [10/Dec/2022:11:26:16 +0800] "GET /xingrg/all/function/internal_message.html?_=1670642736295&CODE_STATE=getMsg HTTP/1.1" 200 27
221.239.170.112 - - [10/Dec/2022:11:26:19 +0800] "GET /xingrg/kc/buy/cgsh_order_operate.html?command=get_materiel&rest_code=00145&code=00101008352&supplier_code=00100556&order_time=2022-12-01 HTTP/1.1" 200 412
61.170.235.152 - - [10/Dec/2022:11:26:23 +0800] "GET /xingrg/all/function/internal_message.html?_=1670642802615&CODE_STATE=getMsg HTTP/1.1" 200 27
222.70.177.10 - - [10/Dec/2022:11:26:26 +0800] "GET /xingrg/all/function/internal_message.html?_=1670642806035&CODE_STATE=getMsg HTTP/1.1" 200 27
221.239.170.112 - - [10/Dec/2022:11:26:29 +0800] "GET /xingrg/all/function/internal_message.html?_=1670642799140&CODE_STATE=getMsg HTTP/1.1" 200 27
116.230.105.139 - - [10/Dec/2022:11:26:31 +0800] "GET /xingrg/all/function/internal_message.html?_=1670642813600&CODE_STATE=getMsg HTTP/1.1" 200 27
116.230.105.139 - - [10/Dec/2022:11:26:31 +0800] "GET /xingrg/check_reg.html?_=1670642813604 HTTP/1.1" 200 22
116.238.139.35 - - [10/Dec/2022:11:26:31 +0800] "GET /xingrg/all/function/internal_message.html?_=1670642814891&CODE_STATE=getMsg HTTP/1.1" 200 27
101.85.106.255 - - [10/Dec/2022:11:26:34 +0800] "GET /xingrg/all/function/internal_message.html?_=1670642817165&CODE_STATE=getMsg HTTP/1.1" 200 27
101.85.106.255 - - [10/Dec/2022:11:26:35 +0800] "GET /xingrg/check_reg.html?_=1670642817854 HTTP/1.1" 200 22
114.84.38.109 - - [10/Dec/2022:11:26:36 +0800] "GET /xingrg/all/function/internal_message.html?_=1670642837743&CODE_STATE=getMsg HTTP/1.1" 200 27
114.84.38.109 - - [10/Dec/2022:11:26:37 +0800] "GET /xingrg/check_reg.html?_=1670642842150 HTTP/1.1" 302 -
114.95.43.237 - - [10/Dec/2022:11:26:38 +0800] "GET /xingrg/all/function/internal_message.html?_=1670642824401&CODE_STATE=getMsg HTTP/1.1" 200 27
114.84.38.109 - - [10/Dec/2022:11:26:41 +0800] "GET /xingrg/all/function/internal_message.html?_=1670642845985&CODE_STATE=getMsg HTTP/1.1" 302 -
114.83.218.138 - - [10/Dec/2022:11:26:42 +0800] "GET /xingrg/all/function/internal_message.html?_=1670642824382&CODE_STATE=getMsg HTTP/1.1" 200 27
114.88.159.190 - - [10/Dec/2022:11:26:46 +0800] "GET /xingrg/all/function/internal_message.html?_=1670642423852&CODE_STATE=getMsg HTTP/1.1" 200 27
114.88.159.190 - - [10/Dec/2022:11:26:46 +0800] "GET /xingrg/check_reg.html?_=1670642423854 HTTP/1.1" 200 22
58.221.95.50 - - [10/Dec/2022:11:26:47 +0800] "GET /xingrg/all/function/internal_message.html?_=1670642830768&CODE_STATE=getMsg HTTP/1.1" 200 27
180.169.147.146 - - [10/Dec/2022:11:26:49 +0800] "GET /xingrg/all/function/internal_message.html?_=1670642827673&CODE_STATE=getMsg HTTP/1.1" 200 27
116.192.124.172 - - [10/Dec/2022:11:26:58 +0800] "GET /xingrg/all/function/internal_message.html?_=1670642841316&CODE_STATE=getMsg HTTP/1.1" 200 27
61.170.235.152 - - [10/Dec/2022:11:27:00 +0800] "GET /xingrg/all/function/internal_message.html?_=1670642848721&CODE_STATE=getMsg HTTP/1.1" 200 27
221.239.170.112 - - [10/Dec/2022:11:27:03 +0800] "GET /xingrg/kc/buy/cgsh_order_operate.html?command=get_materiel&rest_code=00145&code=00101008059&supplier_code=00100556&order_time=2022-12-01 HTTP/1.1" 200 408
124.79.74.72 - - [10/Dec/2022:11:27:05 +0800] "GET /xingrg/all/function/internal_message.html?_=1670642849823&CODE_STATE=getMsg HTTP/1.1" 200 27
61.170.235.152 - - [10/Dec/2022:11:27:06 +0800] "GET /xingrg/all/function/internal_message.html?_=1670642849102&CODE_STATE=getMsg HTTP/1.1" 200 27
114.95.43.237 - - [10/Dec/2022:11:27:13 +0800] "GET /xingrg/all/function/internal_message.html?_=1670642703898&CODE_STATE=getMsg HTTP/1.1" 200 27
116.238.139.35 - - [10/Dec/2022:11:27:15 +0800] "GET /xingrg/all/function/internal_message.html?_=1670642796332&CODE_STATE=getMsg HTTP/1.1" 200 27
114.95.43.237 - - [10/Dec/2022:11:27:17 +0800] "POST /xingrg/kc/buy/cgsh_list_operate.html HTTP/1.1" 200 574
114.95.43.237 - - [10/Dec/2022:11:27:18 +0800] "GET /xingrg/kc/buy/cgsh_order_info.html?code=212022120701848 HTTP/1.1" 200 64624
221.239.170.112 - - [10/Dec/2022:11:27:18 +0800] "GET /xingrg/kc/buy/cgsh_order_operate.html?command=get_materiel&rest_code=00145&code=00101008459&supplier_code=00100556&order_time=2022-12-01 HTTP/1.1" 200 409
114.95.43.237 - - [10/Dec/2022:11:27:18 +0800] "GET /xingrg/javascript/easyui/themes/default/validatebox.css HTTP/1.1" 404 1104
114.95.43.237 - - [10/Dec/2022:11:27:19 +0800] "POST /xingrg/kc/buy/cgsh_order_operate.html HTTP/1.1" 200 5355
61.170.235.152 - - [10/Dec/2022:11:27:23 +0800] "GET /xingrg/all/function/internal_message.html?_=1670642862586&CODE_STATE=getMsg HTTP/1.1" 200 27
222.70.177.10 - - [10/Dec/2022:11:27:26 +0800] "GET /xingrg/all/function/internal_message.html?_=1670642866019&CODE_STATE=getMsg HTTP/1.1" 200 27
221.239.170.112 - - [10/Dec/2022:11:27:29 +0800] "GET /xingrg/all/function/internal_message.html?_=1670642859163&CODE_STATE=getMsg HTTP/1.1" 200 27
221.239.170.112 - - [10/Dec/2022:11:27:29 +0800] "GET /xingrg/check_reg.html?_=1670642859166 HTTP/1.1" 200 22
116.230.105.139 - - [10/Dec/2022:11:27:31 +0800] "GET /xingrg/all/function/internal_message.html?_=1670642873602&CODE_STATE=getMsg HTTP/1.1" 200 27
116.238.139.35 - - [10/Dec/2022:11:27:31 +0800] "GET /xingrg/check_reg.html?_=1670642874892 HTTP/1.1" 200 22
116.238.139.35 - - [10/Dec/2022:11:27:31 +0800] "GET /xingrg/all/function/internal_message.html?_=1670642874895&CODE_STATE=getMsg HTTP/1.1" 200 27
221.239.170.112 - - [10/Dec/2022:11:27:32 +0800] "GET /xingrg/kc/buy/cgsh_order_operate.html?command=get_materiel&rest_code=00145&code=00101008312&supplier_code=00100556&order_time=2022-12-01 HTTP/1.1" 200 412
101.85.106.255 - - [10/Dec/2022:11:27:34 +0800] "GET /xingrg/all/function/internal_message.html?_=1670642877136&CODE_STATE=getMsg HTTP/1.1" 200 27
114.84.38.109 - - [10/Dec/2022:11:27:36 +0800] "GET /xingrg/all/function/internal_message.html?_=1670642897751&CODE_STATE=getMsg HTTP/1.1" 200 27
114.95.43.237 - - [10/Dec/2022:11:27:38 +0800] "GET /xingrg/all/function/internal_message.html?_=1670642884350&CODE_STATE=getMsg HTTP/1.1" 200 27
221.239.170.112 - - [10/Dec/2022:11:27:41 +0800] "GET /xingrg/kc/buy/cgsh_order_operate.html?command=get_materiel&rest_code=00145&code=00101008354&supplier_code=00100556&order_time=2022-12-01 HTTP/1.1" 200 412
114.84.38.109 - - [10/Dec/2022:11:27:41 +0800] "GET /xingrg/all/function/internal_message.html?_=1670642906185&CODE_STATE=getMsg HTTP/1.1" 302 -
114.83.218.138 - - [10/Dec/2022:11:27:42 +0800] "GET /xingrg/all/function/internal_message.html?_=1670642884372&CODE_STATE=getMsg HTTP/1.1" 200 27
114.83.218.138 - - [10/Dec/2022:11:27:42 +0800] "GET /xingrg/check_reg.html?_=1670642884814 HTTP/1.1" 200 22
114.88.159.190 - - [10/Dec/2022:11:27:46 +0800] "GET /xingrg/all/function/internal_message.html?_=1670642483853&CODE_STATE=getMsg HTTP/1.1" 200 27
58.221.95.50 - - [10/Dec/2022:11:27:47 +0800] "GET /xingrg/all/function/internal_message.html?_=1670642890751&CODE_STATE=getMsg HTTP/1.1" 200 27
58.221.95.50 - - [10/Dec/2022:11:27:48 +0800] "GET /xingrg/check_reg.html?_=1670642891638 HTTP/1.1" 200 22
180.169.147.146 - - [10/Dec/2022:11:27:49 +0800] "GET /xingrg/all/function/internal_message.html?_=1670642887657&CODE_STATE=getMsg HTTP/1.1" 200 27
114.84.38.109 - - [10/Dec/2022:11:27:50 +0800] "POST /xingrg/kc/buy/cgsh_list_operate.html HTTP/1.1" 200 6406
114.84.38.109 - - [10/Dec/2022:11:27:55 +0800] "POST /xingrg/kc/buy/cgsh_list_operate.html HTTP/1.1" 200 580
116.192.124.172 - - [10/Dec/2022:11:27:58 +0800] "GET /xingrg/all/function/internal_message.html?_=1670642901292&CODE_STATE=getMsg HTTP/1.1" 200 27
114.84.38.109 - - [10/Dec/2022:11:27:59 +0800] "GET /xingrg/kc/buy/cgsh_order_info.html?code=212022120801984 HTTP/1.1" 200 64538
114.84.38.109 - - [10/Dec/2022:11:27:59 +0800] "GET /xingrg/javascript/easyui/themes/default/validatebox.css HTTP/1.1" 404 1104
61.170.235.152 - - [10/Dec/2022:11:28:00 +0800] "GET /xingrg/all/function/internal_message.html?_=1670642908722&CODE_STATE=getMsg HTTP/1.1" 200 27
114.84.38.109 - - [10/Dec/2022:11:28:00 +0800] "POST /xingrg/kc/buy/cgsh_order_operate.html HTTP/1.1" 200 28361
124.79.74.72 - - [10/Dec/2022:11:28:05 +0800] "GET /xingrg/all/function/internal_message.html?_=1670642909821&CODE_STATE=getMsg HTTP/1.1" 200 27
61.170.235.152 - - [10/Dec/2022:11:28:06 +0800] "GET /xingrg/all/function/internal_message.html?_=1670642909104&CODE_STATE=getMsg HTTP/1.1" 200 27
114.95.43.237 - - [10/Dec/2022:11:28:13 +0800] "GET /xingrg/all/function/internal_message.html?_=1670642763883&CODE_STATE=getMsg HTTP/1.1" 200 27
116.238.139.35 - - [10/Dec/2022:11:28:15 +0800] "GET /xingrg/all/function/internal_message.html?_=1670642856338&CODE_STATE=getMsg HTTP/1.1" 200 27
61.170.235.152 - - [10/Dec/2022:11:28:23 +0800] "GET /xingrg/all/function/internal_message.html?_=1670642922568&CODE_STATE=getMsg HTTP/1.1" 200 27
61.170.235.152 - - [10/Dec/2022:11:28:23 +0800] "GET /xingrg/check_reg.html?_=1670642922633 HTTP/1.1" 200 22
180.163.30.27 - - [10/Dec/2022:11:28:24 +0800] "GET /xingrg/all/function/internal_message.html?_=1670642862586&CODE_STATE=getMsg HTTP/1.1" 302 -
180.163.30.27 - - [10/Dec/2022:11:28:24 +0800] "GET /xingrg/login.html HTTP/1.1" 200 7641
222.70.177.10 - - [10/Dec/2022:11:28:26 +0800] "GET /xingrg/all/function/internal_message.html?_=1670642926003&CODE_STATE=getMsg HTTP/1.1" 200 27
221.239.170.112 - - [10/Dec/2022:11:28:29 +0800] "GET /xingrg/all/function/internal_message.html?_=1670642919132&CODE_STATE=getMsg HTTP/1.1" 200 27
114.95.43.237 - - [10/Dec/2022:11:28:30 +0800] "GET /xingrg/kc/buy/cgsh_order_list.html HTTP/1.1" 200 53854
221.239.170.112 - - [10/Dec/2022:11:28:30 +0800] "POST /xingrg/kc/buy/cgsh_order_operate.html HTTP/1.1" 200 37
116.230.105.139 - - [10/Dec/2022:11:28:31 +0800] "GET /xingrg/all/function/internal_message.html?_=1670642933601&CODE_STATE=getMsg HTTP/1.1" 200 27
116.238.139.35 - - [10/Dec/2022:11:28:31 +0800] "GET /xingrg/all/function/internal_message.html?_=1670642934879&CODE_STATE=getMsg HTTP/1.1" 200 27
221.239.170.112 - - [10/Dec/2022:11:28:32 +0800] "POST /xingrg/kc/buy/cgsh_order_operate.html HTTP/1.1" 200 12695
114.95.43.237 - - [10/Dec/2022:11:28:32 +0800] "POST /xingrg/kc/buy/cgsh_list_operate.html HTTP/1.1" 200 4366
221.239.170.112 - - [10/Dec/2022:11:28:33 +0800] "GET /xingrg/kc/print/load_data.html?order_code=212022121002764&kc_code=cgsh&condition= HTTP/1.1" 200 4445
101.85.106.255 - - [10/Dec/2022:11:28:34 +0800] "GET /xingrg/all/function/internal_message.html?_=1670642937122&CODE_STATE=getMsg HTTP/1.1" 200 27
114.84.38.109 - - [10/Dec/2022:11:28:36 +0800] "GET /xingrg/all/function/internal_message.html?_=1670642957770&CODE_STATE=getMsg HTTP/1.1" 200 27
114.95.43.237 - - [10/Dec/2022:11:28:38 +0800] "GET /xingrg/all/function/internal_message.html?_=1670642944333&CODE_STATE=getMsg HTTP/1.1" 200 27
114.95.43.237 - - [10/Dec/2022:11:28:39 +0800] "GET /xingrg/kc/buy/cgsh_order_add.html HTTP/1.1" 200 69718
114.95.43.237 - - [10/Dec/2022:11:28:39 +0800] "POST /xingrg/kc/buy/cgsh_order_operate.html HTTP/1.1" 200 8245
114.95.43.237 - - [10/Dec/2022:11:28:39 +0800] "GET /xingrg/javascript/easyui/themes/default/validatebox.css HTTP/1.1" 404 1104
221.239.170.112 - - [10/Dec/2022:11:28:41 +0800] "POST /xingrg/kc/buy/cgsh_list_operate.html HTTP/1.1" 200 4035
114.84.38.109 - - [10/Dec/2022:11:28:41 +0800] "GET /xingrg/all/function/internal_message.html?_=1670642966200&CODE_STATE=getMsg HTTP/1.1" 302 -
114.83.218.138 - - [10/Dec/2022:11:28:42 +0800] "GET /xingrg/all/function/internal_message.html?_=1670642944363&CODE_STATE=getMsg HTTP/1.1" 200 27
221.239.170.112 - - [10/Dec/2022:11:28:43 +0800] "POST /xingrg/kc/buy/cgsh_list_operate.html HTTP/1.1" 200 666
221.239.170.112 - - [10/Dec/2022:11:28:44 +0800] "GET /xingrg/kc/buy/cgsh_order_info.html?code=212022121002715 HTTP/1.1" 200 68845
221.239.170.112 - - [10/Dec/2022:11:28:44 +0800] "GET /xingrg/words/20221210105303_words.js HTTP/1.1" 304 -
221.239.170.112 - - [10/Dec/2022:11:28:44 +0800] "GET /xingrg/javascript/easyui/themes/default/validatebox.css HTTP/1.1" 404 1104
221.239.170.112 - - [10/Dec/2022:11:28:45 +0800] "POST /xingrg/kc/buy/cgsh_order_operate.html HTTP/1.1" 200 5833
114.88.159.190 - - [10/Dec/2022:11:28:46 +0800] "GET /xingrg/all/function/internal_message.html?_=1670642543853&CODE_STATE=getMsg HTTP/1.1" 200 27
180.162.115.136 - - [10/Dec/2022:11:28:46 +0800] "GET /xingrg HTTP/1.1" 302 -
180.162.115.136 - - [10/Dec/2022:11:28:46 +0800] "GET /xingrg/ HTTP/1.1" 200 292
180.162.115.136 - - [10/Dec/2022:11:28:47 +0800] "GET /favicon.ico HTTP/1.1" 404 -
114.84.38.109 - - [10/Dec/2022:11:28:47 +0800] "POST /xingrg/kc/buy/cgsh_list_operate.html HTTP/1.1" 200 6406
58.221.95.50 - - [10/Dec/2022:11:28:47 +0800] "GET /xingrg/all/function/internal_message.html?_=1670642950737&CODE_STATE=getMsg HTTP/1.1" 200 27
180.162.115.136 - - [10/Dec/2022:11:28:47 +0800] "GET /xingrg/index.html HTTP/1.1" 302 -
180.162.115.136 - - [10/Dec/2022:11:28:47 +0800] "GET /xingrg/login.html HTTP/1.1" 200 7641
180.162.115.136 - - [10/Dec/2022:11:28:47 +0800] "GET /xingrg/images/blue/jxLogo.png HTTP/1.1" 200 6156
180.162.115.136 - - [10/Dec/2022:11:28:48 +0800] "GET /xingrg/images/blue/login_bg.png HTTP/1.1" 200 22101
180.162.115.136 - - [10/Dec/2022:11:28:48 +0800] "GET /xingrg/images/blue/srbg.png HTTP/1.1" 200 138
180.162.115.136 - - [10/Dec/2022:11:28:48 +0800] "GET /xingrg/images/blue/hj.png HTTP/1.1" 200 1014
180.169.147.146 - - [10/Dec/2022:11:28:49 +0800] "GET /xingrg/all/function/internal_message.html?_=1670642947640&CODE_STATE=getMsg HTTP/1.1" 200 27
180.162.115.136 - - [10/Dec/2022:11:28:49 +0800] "GET /favicon.ico HTTP/1.1" 404 -
221.239.170.112 - - [10/Dec/2022:11:28:50 +0800] "POST /xingrg/kc/buy/cgsh_order_operate.html HTTP/1.1" 200 37
114.95.43.237 - - [10/Dec/2022:11:28:51 +0800] "GET /xingrg/kc/buy/cgsh_order_operate.html?command=get_materiel&rest_code=00105&code=00101031002&supplier_code=00100204&order_time=2022-12-10 HTTP/1.1" 200 420
221.239.170.112 - - [10/Dec/2022:11:28:52 +0800] "POST /xingrg/kc/buy/cgsh_order_operate.html HTTP/1.1" 200 5833
114.84.38.109 - - [10/Dec/2022:11:28:53 +0800] "POST /xingrg/kc/buy/cgsh_list_operate.html HTTP/1.1" 200 3512
221.239.170.112 - - [10/Dec/2022:11:28:56 +0800] "POST /xingrg/kc/buy/cgsh_list_operate.html HTTP/1.1" 200 4035
114.84.38.109 - - [10/Dec/2022:11:28:58 +0800] "POST /xingrg/kc/buy/cgsh_list_operate.html HTTP/1.1" 200 278
116.192.124.172 - - [10/Dec/2022:11:28:58 +0800] "GET /xingrg/all/function/internal_message.html?_=1670642961265&CODE_STATE=getMsg HTTP/1.1" 200 27
116.192.124.172 - - [10/Dec/2022:11:28:58 +0800] "GET /xingrg/check_reg.html?_=1670642961436 HTTP/1.1" 200 22
114.84.38.109 - - [10/Dec/2022:11:28:59 +0800] "GET /xingrg/kc/buy/cgsh_order_info.html?code=212022120802041 HTTP/1.1" 200 64538
114.84.38.109 - - [10/Dec/2022:11:29:00 +0800] "GET /xingrg/javascript/easyui/themes/default/validatebox.css HTTP/1.1" 404 1104
61.170.235.152 - - [10/Dec/2022:11:29:00 +0800] "GET /xingrg/all/function/internal_message.html?_=1670642968722&CODE_STATE=getMsg HTTP/1.1" 200 27
114.84.38.109 - - [10/Dec/2022:11:29:00 +0800] "POST /xingrg/kc/buy/cgsh_order_operate.html HTTP/1.1" 200 1202
180.162.115.136 - - [10/Dec/2022:11:29:02 +0800] "POST /xingrg/login.do HTTP/1.1" 302 -
180.162.115.136 - - [10/Dec/2022:11:29:03 +0800] "GET /xingrg/javascript/jquery_easy_ui/themes/icon.css HTTP/1.1" 200 3949
180.162.115.136 - - [10/Dec/2022:11:29:03 +0800] "GET /xingrg/css/form.css HTTP/1.1" 200 893
180.162.115.136 - - [10/Dec/2022:11:29:03 +0800] "GET /xingrg/javascript/jquery_easy_ui/jquery.easyui.min.js HTTP/1.1" 200 213662
180.162.115.136 - - [10/Dec/2022:11:29:03 +0800] "GET /xingrg/javascript/jquery-1.4.2.min.js HTTP/1.1" 200 72205
180.162.115.136 - - [10/Dec/2022:11:29:03 +0800] "GET /xingrg/javascript/jquery_easy_ui/easyui-lang-zh_CN.js HTTP/1.1" 200 1900
180.162.115.136 - - [10/Dec/2022:11:29:03 +0800] "GET /xingrg/index.html?sysBaseUrl=http%3A%2F%2F180.169.147.146%3A18081%2Fxingrg%2F&costTime=64×tamp=1670642942984 HTTP/1.1" 200 17179
180.162.115.136 - - [10/Dec/2022:11:29:03 +0800] "GET /xingrg/javascript/jquery.timers.js HTTP/1.1" 200 3532
180.162.115.136 - - [10/Dec/2022:11:29:03 +0800] "GET /xingrg/javascript/jquery_easy_ui/themes/default/easyui.css HTTP/1.1" 200 26500
180.162.115.136 - - [10/Dec/2022:11:29:03 +0800] "GET /xingrg/javascript/jquery.utils.js HTTP/1.1" 200 11805
180.162.115.136 - - [10/Dec/2022:11:29:03 +0800] "GET /xingrg/javascript/jquery.form.js HTTP/1.1" 200 23110
180.162.115.136 - - [10/Dec/2022:11:29:03 +0800] "GET /favicon.ico HTTP/1.1" 404 -
180.162.115.136 - - [10/Dec/2022:11:29:03 +0800] "GET /xingrg/javascript/jquery_easy_ui/themes/icons/settle_new.png HTTP/1.1" 200 826
180.162.115.136 - - [10/Dec/2022:11:29:03 +0800] "GET /xingrg/images/blue/navBackgound.jpg HTTP/1.1" 200 12378
180.162.115.136 - - [10/Dec/2022:11:29:03 +0800] "POST /xingrg/all/common/load_tree.html?tree=area_rest_tree_json&manage=1 HTTP/1.1" 200 351
180.162.115.136 - - [10/Dec/2022:11:29:03 +0800] "GET /xingrg/check_reg.html?_=1670641983120 HTTP/1.1" 200 22
180.162.115.136 - - [10/Dec/2022:11:29:03 +0800] "GET /xingrg/all/function/internal_message.html?_=1670641983118&CODE_STATE=count HTTP/1.1" 200 11
180.162.115.136 - - [10/Dec/2022:11:29:03 +0800] "GET /xingrg/images/blue/pingpu.png HTTP/1.1" 200 231
180.162.115.136 - - [10/Dec/2022:11:29:03 +0800] "GET /xingrg/javascript/jquery_easy_ui/themes/default/images/tabs_leftarrow.png HTTP/1.1" 200 389
180.162.115.136 - - [10/Dec/2022:11:29:03 +0800] "GET /xingrg/javascript/jquery_easy_ui/themes/default/images/tabs_rightarrow.png HTTP/1.1" 200 395
180.162.115.136 - - [10/Dec/2022:11:29:03 +0800] "GET /xingrg/javascript/jquery_easy_ui/themes/default/images/panel_tool_collapse.gif HTTP/1.1" 200 246
180.162.115.136 - - [10/Dec/2022:11:29:03 +0800] "POST /xingrg/load_menu.html HTTP/1.1" 200 5138
180.162.115.136 - - [10/Dec/2022:11:29:03 +0800] "GET /xingrg/javascript/jquery_easy_ui/themes/default/images/tree_arrows.gif HTTP/1.1" 200 1043
180.162.115.136 - - [10/Dec/2022:11:29:03 +0800] "GET /xingrg/javascript/jquery_easy_ui/themes/default/images/tree_folder_open.gif HTTP/1.1" 200 956
180.162.115.136 - - [10/Dec/2022:11:29:03 +0800] "GET /xingrg/javascript/jquery_easy_ui/themes/icons/search_new.png HTTP/1.1" 200 586
180.162.115.136 - - [10/Dec/2022:11:29:03 +0800] "GET /xingrg/javascript/jquery_easy_ui/themes/default/images/tree_folder.gif HTTP/1.1" 200 952
180.162.115.136 - - [10/Dec/2022:11:29:03 +0800] "GET /xingrg/javascript/jquery_easy_ui/themes/icons/storage_new.png HTTP/1.1" 200 853
180.162.115.136 - - [10/Dec/2022:11:29:03 +0800] "GET /xingrg/javascript/jquery_easy_ui/themes/icons/forms_new.png HTTP/1.1" 200 350
180.162.115.136 - - [10/Dec/2022:11:29:03 +0800] "GET /xingrg/javascript/jquery_easy_ui/themes/default/images/tree_file.gif HTTP/1.1" 200 118
180.162.115.136 - - [10/Dec/2022:11:29:05 +0800] "GET /xingrg/kc/buy/buy_main.html HTTP/1.1" 200 12412
180.162.115.136 - - [10/Dec/2022:11:29:05 +0800] "GET /xingrg/javascript/jquery_easy_ui/themes/default/images/tabs_close.gif HTTP/1.1" 200 829
180.162.115.136 - - [10/Dec/2022:11:29:05 +0800] "GET /xingrg/javascript/pic_change.js HTTP/1.1" 200 4739
180.162.115.136 - - [10/Dec/2022:11:29:05 +0800] "GET /xingrg/css/new_ie.css HTTP/1.1" 404 1036
180.162.115.136 - - [10/Dec/2022:11:29:05 +0800] "GET /xingrg/javascript/ToolTips.js HTTP/1.1" 200 5615
180.162.115.136 - - [10/Dec/2022:11:29:05 +0800] "GET /xingrg/javascript/jquery_ui/jquery-ui.min.js HTTP/1.1" 200 186181
180.162.115.136 - - [10/Dec/2022:11:29:05 +0800] "GET /xingrg/javascript/jquery_ui/themes/humanity/humanity.css HTTP/1.1" 200 27801
180.162.115.136 - - [10/Dec/2022:11:29:05 +0800] "GET /xingrg/images/blue/button/cgxqd.gif HTTP/1.1" 200 2619
180.162.115.136 - - [10/Dec/2022:11:29:05 +0800] "GET /xingrg/css/blue.css HTTP/1.1" 200 15949
180.162.115.136 - - [10/Dec/2022:11:29:05 +0800] "GET /xingrg/images/blue/button/cgydd.gif HTTP/1.1" 200 2712
180.162.115.136 - - [10/Dec/2022:11:29:05 +0800] "GET /xingrg/images/blue/button/cgshd.gif HTTP/1.1" 200 2618
180.162.115.136 - - [10/Dec/2022:11:29:05 +0800] "GET /xingrg/images/blue/button/cgfkd.gif HTTP/1.1" 200 2075
180.162.115.136 - - [10/Dec/2022:11:29:05 +0800] "GET /xingrg/images/blue/button/kc.gif HTTP/1.1" 200 2160
180.162.115.136 - - [10/Dec/2022:11:29:05 +0800] "GET /xingrg/images/blue/button/ckthd.gif HTTP/1.1" 200 2045
180.162.115.136 - - [10/Dec/2022:11:29:05 +0800] "GET /xingrg/images/blue/pic_form2.gif HTTP/1.1" 200 1853
180.162.115.136 - - [10/Dec/2022:11:29:05 +0800] "GET /xingrg/javascript/myfunction.js HTTP/1.1" 200 24559
124.79.74.72 - - [10/Dec/2022:11:29:05 +0800] "GET /xingrg/all/function/internal_message.html?_=1670642969808&CODE_STATE=getMsg HTTP/1.1" 200 27
180.162.115.136 - - [10/Dec/2022:11:29:05 +0800] "GET /xingrg/images/blue/bg_dotted.jpg HTTP/1.1" 200 319
180.162.115.136 - - [10/Dec/2022:11:29:05 +0800] "GET /xingrg/javascript/jquery_ui/themes/humanity/images/ui-bg_inset-soft_100_f4f0ec_1x100.png HTTP/1.1" 200 141
180.162.115.136 - - [10/Dec/2022:11:29:05 +0800] "GET /xingrg/images/blue/button/right_ah.jpg HTTP/1.1" 200 1744
180.162.115.136 - - [10/Dec/2022:11:29:05 +0800] "GET /xingrg/images/blue/button/down_ah.jpg HTTP/1.1" 200 1732
180.162.115.136 - - [10/Dec/2022:11:29:05 +0800] "GET /xingrg/javascript/jquery_ui/themes/humanity/images/ui-iconsnew.jpg HTTP/1.1" 200 337
180.162.115.136 - - [10/Dec/2022:11:29:05 +0800] "GET /xingrg/javascript/jquery_ui/themes/humanity/images/ui-icons_ffffff_256x240.png HTTP/1.1" 200 4369
180.162.115.136 - - [10/Dec/2022:11:29:05 +0800] "GET /xingrg/javascript/jquery_ui/themes/humanity/images/ui-icons_c47a23_256x240.png HTTP/1.1" 200 5355
180.162.115.136 - - [10/Dec/2022:11:29:05 +0800] "GET /xingrg/javascript/jquery_ui/themes/humanity/images/ui-bg_glass_70_ede4d4_1x400.png HTTP/1.1" 200 161
180.162.115.136 - - [10/Dec/2022:11:29:06 +0800] "GET /xingrg/images/yd/bt.gif HTTP/1.1" 404 1040
114.84.38.109 - - [10/Dec/2022:11:29:06 +0800] "GET /xingrg/kc/print/load_data.html?order_code=212022120802041&kc_code=cgsh HTTP/1.1" 200 1010
61.170.235.152 - - [10/Dec/2022:11:29:06 +0800] "GET /xingrg/all/function/internal_message.html?_=1670642969092&CODE_STATE=getMsg HTTP/1.1" 200 27
180.162.115.136 - - [10/Dec/2022:11:29:07 +0800] "GET /xingrg/css/base.css HTTP/1.1" 200 2811
180.162.115.136 - - [10/Dec/2022:11:29:07 +0800] "GET /xingrg/kc/buy/cgsh_order_list.html HTTP/1.1" 200 53860
180.162.115.136 - - [10/Dec/2022:11:29:07 +0800] "GET /xingrg/javascript/jquery_tools/datebox.css HTTP/1.1" 200 2597
180.162.115.136 - - [10/Dec/2022:11:29:07 +0800] "GET /xingrg/css/site.css HTTP/1.1" 200 7541
180.162.115.136 - - [10/Dec/2022:11:29:07 +0800] "GET /xingrg/javascript/easyui/themes/icon.css HTTP/1.1" 200 4483
180.162.115.136 - - [10/Dec/2022:11:29:07 +0800] "GET /xingrg/javascript/auto/jquery.autocomplete.css HTTP/1.1" 200 587
180.162.115.136 - - [10/Dec/2022:11:29:07 +0800] "GET /xingrg/javascript/jquery_tools/fix.css HTTP/1.1" 200 1702
180.162.115.136 - - [10/Dec/2022:11:29:07 +0800] "GET /xingrg/javascript/jquery_tools/table.css HTTP/1.1" 200 1032
180.162.115.136 - - [10/Dec/2022:11:29:07 +0800] "GET /xingrg/javascript/jquery_tools/jquery.tools.min.js HTTP/1.1" 200 138801
180.162.115.136 - - [10/Dec/2022:11:29:07 +0800] "GET /xingrg/javascript/easyui/themes/default/easyui.css HTTP/1.1" 200 30432
180.162.115.136 - - [10/Dec/2022:11:29:07 +0800] "GET /xingrg/javascript/jquery_tools/jquery.tools.hotkey.js HTTP/1.1" 200 3242
180.162.115.136 - - [10/Dec/2022:11:29:07 +0800] "GET /xingrg/javascript/jquery_tools/jquery.tools.extend.js HTTP/1.1" 200 15385
180.162.115.136 - - [10/Dec/2022:11:29:07 +0800] "GET /xingrg/javascript/jquery_tools/jquery.tools.table.js HTTP/1.1" 200 6994
180.162.115.136 - - [10/Dec/2022:11:29:07 +0800] "GET /xingrg/javascript/jquery_tools/list_manager.js HTTP/1.1" 200 3652
180.162.115.136 - - [10/Dec/2022:11:29:07 +0800] "GET /xingrg/javascript/easyui/easyloader.js HTTP/1.1" 200 5975
180.162.115.136 - - [10/Dec/2022:11:29:07 +0800] "GET /xingrg/javascript/jquery.cookie.js HTTP/1.1" 200 5513
180.162.115.136 - - [10/Dec/2022:11:29:07 +0800] "GET /xingrg/javascript/print/LodopFuncs.js HTTP/1.1" 200 5121
180.162.115.136 - - [10/Dec/2022:11:29:07 +0800] "GET /xingrg/javascript/auto/jquery.autocomplete.js HTTP/1.1" 200 21624
180.162.115.136 - - [10/Dec/2022:11:29:07 +0800] "GET /xingrg/javascript/easyui/themes/icons/field_new.png HTTP/1.1" 200 1097
180.162.115.136 - - [10/Dec/2022:11:29:07 +0800] "GET /xingrg/javascript/easyui/themes/icons/check_new.png HTTP/1.1" 200 3224
180.162.115.136 - - [10/Dec/2022:11:29:07 +0800] "GET /xingrg/javascript/easyui/themes/icons/cance_new.png HTTP/1.1" 200 3986
180.162.115.136 - - [10/Dec/2022:11:29:07 +0800] "GET /xingrg/javascript/easyui/themes/icons/edit_add_new.png HTTP/1.1" 200 2997
180.162.115.136 - - [10/Dec/2022:11:29:07 +0800] "GET /xingrg/javascript/easyui/themes/icons/import_new.png HTTP/1.1" 200 1247
180.162.115.136 - - [10/Dec/2022:11:29:07 +0800] "GET /xingrg/javascript/easyui/plugins/jquery.parser.js HTTP/1.1" 200 1142
180.162.115.136 - - [10/Dec/2022:11:29:07 +0800] "GET /xingrg/images/control/ajaxLoader.gif HTTP/1.1" 200 4659
114.95.43.237 - - [10/Dec/2022:11:29:09 +0800] "GET /xingrg/kc/buy/cgsh_order_operate.html?command=get_materiel&rest_code=00105&code=00101031001&supplier_code=00100204&order_time=2022-12-10 HTTP/1.1" 200 420
114.95.43.237 - - [10/Dec/2022:11:29:13 +0800] "GET /xingrg/all/function/internal_message.html?_=1670642823870&CODE_STATE=getMsg HTTP/1.1" 200 27
58.221.95.50 - - [10/Dec/2022:11:29:13 +0800] "GET /xingrg/check_reg.html?_=1670642977104 HTTP/1.1" 200 22
116.238.139.35 - - [10/Dec/2022:11:29:15 +0800] "GET /xingrg/check_reg.html?_=1670642915880 HTTP/1.1" 200 22
116.238.139.35 - - [10/Dec/2022:11:29:15 +0800] "GET /xingrg/all/function/internal_message.html?_=1670642916352&CODE_STATE=getMsg HTTP/1.1" 200 27
114.95.43.237 - - [10/Dec/2022:11:29:20 +0800] "POST /xingrg/kc/buy/cgsh_order_operate.html HTTP/1.1" 200 37
221.239.170.112 - - [10/Dec/2022:11:29:21 +0800] "POST /xingrg/kc/buy/cgsh_list_operate.html HTTP/1.1" 200 4
180.162.115.136 - - [10/Dec/2022:11:29:22 +0800] "POST /xingrg/kc/buy/cgsh_list_operate.html HTTP/1.1" 200 1875
114.95.43.237 - - [10/Dec/2022:11:29:22 +0800] "POST /xingrg/kc/buy/cgsh_order_operate.html HTTP/1.1" 200 3269
114.95.43.237 - - [10/Dec/2022:11:29:23 +0800] "GET /xingrg/kc/print/load_data.html?order_code=212022121002765&kc_code=cgsh&condition= HTTP/1.1" 200 900
61.170.235.152 - - [10/Dec/2022:11:29:23 +0800] "GET /xingrg/all/function/internal_message.html?_=1670642982539&CODE_STATE=getMsg HTTP/1.1" 200 27
221.239.170.112 - - [10/Dec/2022:11:29:24 +0800] "POST /xingrg/kc/buy/cgsh_list_operate.html HTTP/1.1" 200 986
222.70.177.10 - - [10/Dec/2022:11:29:26 +0800] "GET /xingrg/all/function/internal_message.html?_=1670642985987&CODE_STATE=getMsg HTTP/1.1" 200 27
222.70.177.10 - - [10/Dec/2022:11:29:27 +0800] "GET /xingrg/check_reg.html?_=1670642987955 HTTP/1.1" 200 22
221.239.170.112 - - [10/Dec/2022:11:29:28 +0800] "GET /xingrg/kc/buy/cgsh_order_add.html HTTP/1.1" 200 68830
221.239.170.112 - - [10/Dec/2022:11:29:29 +0800] "POST /xingrg/kc/buy/cgsh_order_operate.html HTTP/1.1" 200 8245
221.239.170.112 - - [10/Dec/2022:11:29:29 +0800] "GET /xingrg/javascript/easyui/themes/default/validatebox.css HTTP/1.1" 404 1104
221.239.170.112 - - [10/Dec/2022:11:29:29 +0800] "GET /xingrg/all/function/internal_message.html?_=1670642979155&CODE_STATE=getMsg HTTP/1.1" 200 27
116.230.105.139 - - [10/Dec/2022:11:29:31 +0800] "GET /xingrg/all/function/internal_message.html?_=1670642993592&CODE_STATE=getMsg HTTP/1.1" 200 27
