114.84.81.136 - - [10/Dec/2022:10:39:53 +0800] "GET /xingrg/javascript/easyui/themes/default/validatebox.css HTTP/1.1" 404 1104
116.238.139.35 - - [10/Dec/2022:10:39:53 +0800] "GET /xingrg/all/function/internal_message.html?_=1670639953643&CODE_STATE=getMsg HTTP/1.1" 200 27
114.84.81.136 - - [10/Dec/2022:10:39:54 +0800] "POST /xingrg/all/common/load_combo.html?type=employee HTTP/1.1" 200 444
61.170.235.152 - - [10/Dec/2022:10:39:55 +0800] "GET /xingrg/login.html?r=1 HTTP/1.1" 200 7641
180.169.147.146 - - [10/Dec/2022:10:39:55 +0800] "POST /xingrg/kc/buy/cgsh_list_operate.html HTTP/1.1" 200 6068
61.170.235.152 - - [10/Dec/2022:10:39:55 +0800] "GET /favicon.ico HTTP/1.1" 404 -
116.192.124.172 - - [10/Dec/2022:10:39:58 +0800] "GET /xingrg/all/function/internal_message.html?_=1670640021446&CODE_STATE=getMsg HTTP/1.1" 200 27
114.84.81.136 - - [10/Dec/2022:10:39:58 +0800] "POST /xingrg/kc/mdqp/pssh_order_operate.html HTTP/1.1" 200 37
114.84.81.136 - - [10/Dec/2022:10:39:59 +0800] "POST /xingrg/kc/mdqp/pssh_order_operate.html HTTP/1.1" 200 12
114.84.81.136 - - [10/Dec/2022:10:39:59 +0800] "GET /xingrg/kc/mdqp/pssh_order_info.html?code=312022120800189 HTTP/1.1" 200 14388
114.84.81.136 - - [10/Dec/2022:10:39:59 +0800] "GET /xingrg/javascript/jquery_tools/jquery-1.4.2.min.js HTTP/1.1" 404 1094
61.170.235.152 - - [10/Dec/2022:10:39:59 +0800] "POST /xingrg/login.do HTTP/1.1" 302 -
61.170.235.152 - - [10/Dec/2022:10:39:59 +0800] "GET /xingrg/index.html?sysBaseUrl=http%3A%2F%2F180.169.147.146%3A18081%2Fxingrg%2F&costTime=40×tamp=1670639999653 HTTP/1.1" 200 17173
61.170.235.152 - - [10/Dec/2022:10:39:59 +0800] "GET /favicon.ico HTTP/1.1" 404 -
61.170.235.152 - - [10/Dec/2022:10:39:59 +0800] "POST /xingrg/all/common/load_tree.html?tree=area_rest_tree_json&manage=1 HTTP/1.1" 200 342
114.84.81.136 - - [10/Dec/2022:10:39:59 +0800] "GET /xingrg/javascript/easyui/themes/default/validatebox.css HTTP/1.1" 404 1104
114.84.81.136 - - [10/Dec/2022:10:39:59 +0800] "POST /xingrg/kc/mdqp/pssh_order_operate.html HTTP/1.1" 200 6867
61.170.235.152 - - [10/Dec/2022:10:39:59 +0800] "GET /xingrg/all/function/internal_message.html?_=1670640028567&CODE_STATE=count HTTP/1.1" 200 11
61.170.235.152 - - [10/Dec/2022:10:39:59 +0800] "GET /xingrg/check_reg.html?_=1670640028568 HTTP/1.1" 200 22
61.170.235.152 - - [10/Dec/2022:10:39:59 +0800] "POST /xingrg/load_menu.html HTTP/1.1" 200 5138
114.84.81.136 - - [10/Dec/2022:10:40:01 +0800] "GET /xingrg/kc/print/load_data.html?order_code=312022120800189&kc_code=pssh&condition= HTTP/1.1" 200 2856
101.85.106.255 - - [10/Dec/2022:10:40:02 +0800] "GET /xingrg/kc/buy/cgsh_order_operate.html?command=get_materiel&rest_code=00142&code=00101008459&supplier_code=00100161&order_time=2022-12-10 HTTP/1.1" 200 409
120.253.135.82 - - [10/Dec/2022:10:40:03 +0800] "GET /xingrg/all/function/internal_message.html?_=1670640142620&CODE_STATE=getMsg HTTP/1.1" 200 27
114.84.81.136 - - [10/Dec/2022:10:40:04 +0800] "GET /xingrg/kc/mdqp/pssh_order_list.html?isBack=1 HTTP/1.1" 200 17847
101.85.106.255 - - [10/Dec/2022:10:40:04 +0800] "POST /xingrg/kc/buy/cgsh_order_operate.html HTTP/1.1" 200 2065
114.84.81.136 - - [10/Dec/2022:10:40:05 +0800] "POST /xingrg/kc/mdqp/pssh_list_operate.html HTTP/1.1" 200 5320
114.84.81.136 - - [10/Dec/2022:10:40:05 +0800] "POST /xingrg/kc/mdqp/pssh_list_operate.html HTTP/1.1" 200 770
61.170.235.152 - - [10/Dec/2022:10:40:06 +0800] "GET /xingrg/check_reg.html?_=1670640032630 HTTP/1.1" 200 22
61.170.235.152 - - [10/Dec/2022:10:40:06 +0800] "GET /xingrg/all/function/internal_message.html?_=1670640032634&CODE_STATE=getMsg HTTP/1.1" 200 27
114.84.81.136 - - [10/Dec/2022:10:40:07 +0800] "GET /xingrg/kc/mdqp/pssh_order_info.html?code=312022120800191 HTTP/1.1" 200 17303
114.84.81.136 - - [10/Dec/2022:10:40:07 +0800] "POST /xingrg/kc/mdqp/pssh_list_operate.html HTTP/1.1" 200 1580
114.84.81.136 - - [10/Dec/2022:10:40:07 +0800] "GET /xingrg/javascript/jquery_tools/jquery-1.4.2.min.js HTTP/1.1" 404 1094
114.84.81.136 - - [10/Dec/2022:10:40:07 +0800] "POST /xingrg/kc/mdqp/pssh_order_operate.html HTTP/1.1" 200 3150
114.84.81.136 - - [10/Dec/2022:10:40:07 +0800] "GET /xingrg/javascript/easyui/themes/default/validatebox.css HTTP/1.1" 404 1104
114.84.81.136 - - [10/Dec/2022:10:40:08 +0800] "POST /xingrg/all/common/load_combo.html?type=employee HTTP/1.1" 200 444
101.85.106.255 - - [10/Dec/2022:10:40:11 +0800] "GET /xingrg/kc/buy/cgsh_order_operate.html?command=get_materiel&rest_code=00142&code=00101012029&supplier_code=00100161&order_time=2022-12-10 HTTP/1.1" 200 412
114.84.81.136 - - [10/Dec/2022:10:40:11 +0800] "POST /xingrg/kc/mdqp/pssh_order_operate.html HTTP/1.1" 200 37
114.84.81.136 - - [10/Dec/2022:10:40:11 +0800] "POST /xingrg/kc/mdqp/pssh_order_operate.html HTTP/1.1" 200 12
114.84.81.136 - - [10/Dec/2022:10:40:12 +0800] "GET /xingrg/kc/mdqp/pssh_order_info.html?code=312022120800191 HTTP/1.1" 200 14388
114.84.81.136 - - [10/Dec/2022:10:40:12 +0800] "GET /xingrg/javascript/jquery_tools/jquery-1.4.2.min.js HTTP/1.1" 404 1094
114.84.81.136 - - [10/Dec/2022:10:40:12 +0800] "POST /xingrg/kc/mdqp/pssh_order_operate.html HTTP/1.1" 200 3150
114.84.81.136 - - [10/Dec/2022:10:40:12 +0800] "GET /xingrg/javascript/easyui/themes/default/validatebox.css HTTP/1.1" 404 1104
114.84.81.136 - - [10/Dec/2022:10:40:13 +0800] "GET /xingrg/kc/print/load_data.html?order_code=312022120800191&kc_code=pssh&condition= HTTP/1.1" 200 1563
114.95.43.237 - - [10/Dec/2022:10:40:14 +0800] "GET /xingrg/all/function/internal_message.html?_=1670639884548&CODE_STATE=getMsg HTTP/1.1" 200 27
114.95.43.237 - - [10/Dec/2022:10:40:15 +0800] "GET /xingrg/check_reg.html?_=1670639886158 HTTP/1.1" 200 22
101.85.106.255 - - [10/Dec/2022:10:40:20 +0800] "GET /xingrg/kc/buy/cgsh_order_operate.html?command=get_materiel&rest_code=00142&code=00101012024&supplier_code=00100161&order_time=2022-12-10 HTTP/1.1" 200 408
61.170.235.152 - - [10/Dec/2022:10:40:23 +0800] "GET /xingrg/all/function/internal_message.html?_=1670640042561&CODE_STATE=getMsg HTTP/1.1" 200 27
58.221.95.50 - - [10/Dec/2022:10:40:24 +0800] "POST /xingrg/kc/buy/cgsh_order_operate.html HTTP/1.1" 200 37
58.221.95.50 - - [10/Dec/2022:10:40:26 +0800] "POST /xingrg/kc/buy/cgsh_order_operate.html HTTP/1.1" 200 3279
222.70.177.10 - - [10/Dec/2022:10:40:26 +0800] "GET /xingrg/all/function/internal_message.html?_=1670640046788&CODE_STATE=getMsg HTTP/1.1" 200 27
101.85.106.255 - - [10/Dec/2022:10:40:29 +0800] "GET /xingrg/kc/buy/cgsh_order_operate.html?command=get_materiel&rest_code=00142&code=00101012059&supplier_code=00100161&order_time=2022-12-10 HTTP/1.1" 200 412
116.230.105.139 - - [10/Dec/2022:10:40:31 +0800] "GET /xingrg/all/function/internal_message.html?_=1670640053600&CODE_STATE=getMsg HTTP/1.1" 200 27
116.238.139.35 - - [10/Dec/2022:10:40:31 +0800] "GET /xingrg/all/function/internal_message.html?_=1670640054806&CODE_STATE=getMsg HTTP/1.1" 200 27
58.221.95.50 - - [10/Dec/2022:10:40:32 +0800] "POST /xingrg/kc/buy/cgsh_order_operate.html HTTP/1.1" 200 37
101.85.106.255 - - [10/Dec/2022:10:40:34 +0800] "GET /xingrg/all/function/internal_message.html?_=1670640057031&CODE_STATE=getMsg HTTP/1.1" 200 27
116.230.105.139 - - [10/Dec/2022:10:40:37 +0800] "GET /favicon.ico HTTP/1.1" 404 -
58.221.95.50 - - [10/Dec/2022:10:40:38 +0800] "POST /xingrg/kc/buy/cgsh_order_operate.html HTTP/1.1" 200 12
114.84.38.109 - - [10/Dec/2022:10:40:38 +0800] "GET /xingrg/all/function/internal_message.html?_=1670640083254&CODE_STATE=getMsg HTTP/1.1" 200 27
114.95.43.237 - - [10/Dec/2022:10:40:39 +0800] "GET /xingrg/all/function/internal_message.html?_=1670640065270&CODE_STATE=getMsg HTTP/1.1" 200 27
114.83.218.138 - - [10/Dec/2022:10:40:42 +0800] "GET /xingrg/all/function/internal_message.html?_=1670640064629&CODE_STATE=getMsg HTTP/1.1" 200 27
114.84.81.136 - - [10/Dec/2022:10:40:44 +0800] "GET /xingrg/all/function/internal_message.html?_=1670640073001&CODE_STATE=getMsg HTTP/1.1" 200 27
114.88.159.190 - - [10/Dec/2022:10:40:46 +0800] "GET /xingrg/all/function/internal_message.html?_=1670639663719&CODE_STATE=getMsg HTTP/1.1" 200 27
114.83.222.182 - - [10/Dec/2022:10:40:47 +0800] "GET /xingrg/all/function/internal_message.html?_=1670640126665&CODE_STATE=getMsg HTTP/1.1" 200 27
180.169.147.146 - - [10/Dec/2022:10:40:49 +0800] "GET /xingrg/all/function/internal_message.html?_=1670640068297&CODE_STATE=getMsg HTTP/1.1" 200 27
222.70.177.10 - - [10/Dec/2022:10:40:52 +0800] "GET /xingrg/kc/buy/cgsh_order_operate.html?command=get_materiel&rest_code=00111&code=00101008257&supplier_code=00100037&order_time=2022-12-10 HTTP/1.1" 200 416
116.238.139.35 - - [10/Dec/2022:10:40:53 +0800] "GET /xingrg/all/function/internal_message.html?_=1670640013657&CODE_STATE=getMsg HTTP/1.1" 200 27
120.253.135.82 - - [10/Dec/2022:10:40:54 +0800] "POST /xingrg/kc/pszx/mdps_list_operate.html HTTP/1.1" 200 5247
120.253.135.82 - - [10/Dec/2022:10:40:56 +0800] "POST /xingrg/kc/pszx/mdps_list_operate.html HTTP/1.1" 200 622
120.253.135.82 - - [10/Dec/2022:10:40:56 +0800] "GET /xingrg/kc/pszx/mdps_order_info.html?code=312022121000220 HTTP/1.1" 200 23972
120.253.135.82 - - [10/Dec/2022:10:40:56 +0800] "GET /xingrg/javascript/easyui/themes/default/validatebox.css HTTP/1.1" 404 1104
120.253.135.82 - - [10/Dec/2022:10:40:56 +0800] "POST /xingrg/kc/pszx/mdps_order_operate.html HTTP/1.1" 200 11018
116.192.124.172 - - [10/Dec/2022:10:40:58 +0800] "GET /xingrg/all/function/internal_message.html?_=1670640081444&CODE_STATE=getMsg HTTP/1.1" 200 27
61.170.235.152 - - [10/Dec/2022:10:40:59 +0800] "GET /xingrg/all/function/internal_message.html?_=1670640088585&CODE_STATE=getMsg HTTP/1.1" 200 27
61.170.235.152 - - [10/Dec/2022:10:41:00 +0800] "GET /xingrg/kc/base/base_main.html HTTP/1.1" 200 12142
101.85.106.255 - - [10/Dec/2022:10:41:00 +0800] "GET /xingrg/kc/buy/cgsh_order_operate.html?command=get_materiel&rest_code=00142&code=00101016057&supplier_code=00100161&order_time=2022-12-10 HTTP/1.1" 200 408
61.170.235.152 - - [10/Dec/2022:10:41:02 +0800] "GET /xingrg/kc/base/wldb_order_list.html HTTP/1.1" 200 19101
61.170.235.152 - - [10/Dec/2022:10:41:02 +0800] "POST /xingrg/kc/base/wldb_list_operate.html HTTP/1.1" 200 928
120.253.135.82 - - [10/Dec/2022:10:41:03 +0800] "GET /xingrg/all/function/internal_message.html?_=1670640202622&CODE_STATE=getMsg HTTP/1.1" 200 27
61.170.235.152 - - [10/Dec/2022:10:41:04 +0800] "GET /xingrg/kc/base/wldb_order_add.html HTTP/1.1" 200 30384
61.170.235.152 - - [10/Dec/2022:10:41:04 +0800] "GET /xingrg/words/20221208122451_words.js HTTP/1.1" 304 -
61.170.235.152 - - [10/Dec/2022:10:41:05 +0800] "POST /xingrg/kc/base/wldb_order_operate.html HTTP/1.1" 200 6806
61.170.235.152 - - [10/Dec/2022:10:41:05 +0800] "GET /xingrg/all/common/auto_word.html?type=base&rest_code=00106 HTTP/1.1" 200 1799
61.170.235.152 - - [10/Dec/2022:10:41:05 +0800] "GET /xingrg/all/common/auto_word.html?type=base&rest_code=00106 HTTP/1.1" 200 1799
61.170.235.152 - - [10/Dec/2022:10:41:05 +0800] "GET /xingrg/javascript/easyui/themes/default/validatebox.css HTTP/1.1" 404 1104
61.170.235.152 - - [10/Dec/2022:10:41:06 +0800] "GET /xingrg/all/function/internal_message.html?_=1670640092636&CODE_STATE=getMsg HTTP/1.1" 200 27
61.170.235.152 - - [10/Dec/2022:10:41:11 +0800] "POST /xingrg/all/common/load_combo.html?type=base HTTP/1.1" 200 3227
120.253.135.82 - - [10/Dec/2022:10:41:12 +0800] "POST /xingrg/kc/pszx/mdps_list_operate.html HTTP/1.1" 200 5247
114.95.43.237 - - [10/Dec/2022:10:41:14 +0800] "GET /xingrg/all/function/internal_message.html?_=1670639944525&CODE_STATE=getMsg HTTP/1.1" 200 27
61.170.235.152 - - [10/Dec/2022:10:41:15 +0800] "POST /xingrg/all/common/load_combo.html?type=base HTTP/1.1" 200 3227
120.253.135.82 - - [10/Dec/2022:10:41:15 +0800] "POST /xingrg/kc/pszx/mdps_list_operate.html HTTP/1.1" 200 202
101.85.106.255 - - [10/Dec/2022:10:41:17 +0800] "POST /xingrg/kc/buy/cgsh_order_operate.html HTTP/1.1" 200 205
180.169.147.146 - - [10/Dec/2022:10:41:17 +0800] "POST /xingrg/kc/buy/cgsh_list_operate.html HTTP/1.1" 200 4
120.253.135.82 - - [10/Dec/2022:10:41:18 +0800] "POST /xingrg/kc/pszx/mdps_list_operate.html HTTP/1.1" 200 603
120.253.135.82 - - [10/Dec/2022:10:41:20 +0800] "GET /xingrg/kc/pszx/mdps_order_info.html?code=312022121000222 HTTP/1.1" 200 23972
120.253.135.82 - - [10/Dec/2022:10:41:20 +0800] "GET /xingrg/javascript/easyui/themes/default/validatebox.css HTTP/1.1" 404 1104
120.253.135.82 - - [10/Dec/2022:10:41:20 +0800] "POST /xingrg/kc/pszx/mdps_order_operate.html HTTP/1.1" 200 5295
61.170.235.152 - - [10/Dec/2022:10:41:23 +0800] "GET /xingrg/all/function/internal_message.html?_=1670640102575&CODE_STATE=getMsg HTTP/1.1" 200 27
101.85.106.255 - - [10/Dec/2022:10:41:24 +0800] "POST /xingrg/kc/buy/cgsh_order_operate.html HTTP/1.1" 200 37
222.70.177.10 - - [10/Dec/2022:10:41:26 +0800] "GET /xingrg/kc/buy/cgsh_order_operate.html?command=get_materiel&rest_code=00111&code=00101008360&supplier_code=00100037&order_time=2022-12-10 HTTP/1.1" 200 413
101.85.106.255 - - [10/Dec/2022:10:41:26 +0800] "POST /xingrg/kc/buy/cgsh_order_operate.html HTTP/1.1" 200 16209
222.70.177.10 - - [10/Dec/2022:10:41:26 +0800] "GET /xingrg/all/function/internal_message.html?_=1670640106769&CODE_STATE=getMsg HTTP/1.1" 200 27
58.221.95.50 - - [10/Dec/2022:10:41:28 +0800] "GET /xingrg/kc/buy/cgsh_order_info.html?code=212022121002729 HTTP/1.1" 200 63458
58.221.95.50 - - [10/Dec/2022:10:41:28 +0800] "GET /xingrg/javascript/easyui/themes/default/validatebox.css HTTP/1.1" 404 1104
58.221.95.50 - - [10/Dec/2022:10:41:29 +0800] "POST /xingrg/kc/buy/cgsh_order_operate.html HTTP/1.1" 200 1229
101.85.106.255 - - [10/Dec/2022:10:41:31 +0800] "POST /xingrg/kc/buy/cgsh_order_operate.html HTTP/1.1" 200 37
116.230.105.139 - - [10/Dec/2022:10:41:31 +0800] "GET /xingrg/check_reg.html?_=1670640113594 HTTP/1.1" 200 22
116.230.105.139 - - [10/Dec/2022:10:41:31 +0800] "GET /xingrg/all/function/internal_message.html?_=1670640113597&CODE_STATE=getMsg HTTP/1.1" 200 27
116.238.139.35 - - [10/Dec/2022:10:41:31 +0800] "GET /xingrg/all/function/internal_message.html?_=1670640114808&CODE_STATE=getMsg HTTP/1.1" 200 27
101.85.106.255 - - [10/Dec/2022:10:41:33 +0800] "POST /xingrg/kc/buy/cgsh_order_operate.html HTTP/1.1" 200 16209
101.85.106.255 - - [10/Dec/2022:10:41:35 +0800] "GET /xingrg/check_reg.html?_=1670640117977 HTTP/1.1" 200 22
101.85.106.255 - - [10/Dec/2022:10:41:35 +0800] "GET /xingrg/all/function/internal_message.html?_=1670640117975&CODE_STATE=getMsg HTTP/1.1" 200 27
114.84.38.109 - - [10/Dec/2022:10:41:37 +0800] "GET /xingrg/check_reg.html?_=1670640141421 HTTP/1.1" 200 22
101.85.106.255 - - [10/Dec/2022:10:41:38 +0800] "POST /xingrg/kc/buy/cgsh_order_operate.html HTTP/1.1" 200 37
114.84.38.109 - - [10/Dec/2022:10:41:39 +0800] "GET /xingrg/all/function/internal_message.html?_=1670640143267&CODE_STATE=getMsg HTTP/1.1" 200 27
222.70.177.10 - - [10/Dec/2022:10:41:39 +0800] "GET /xingrg/kc/buy/cgsh_order_operate.html?command=get_materiel&rest_code=00111&code=00101008003&supplier_code=00100037&order_time=2022-12-10 HTTP/1.1" 200 408
114.95.43.237 - - [10/Dec/2022:10:41:39 +0800] "GET /xingrg/all/function/internal_message.html?_=1670640125280&CODE_STATE=getMsg HTTP/1.1" 200 27
120.253.135.82 - - [10/Dec/2022:10:41:39 +0800] "POST /xingrg/kc/pszx/mdps_list_operate.html HTTP/1.1" 200 5247
101.85.106.255 - - [10/Dec/2022:10:41:40 +0800] "POST /xingrg/kc/buy/cgsh_order_operate.html HTTP/1.1" 200 16209
114.83.218.138 - - [10/Dec/2022:10:41:42 +0800] "GET /xingrg/all/function/internal_message.html?_=1670640124629&CODE_STATE=getMsg HTTP/1.1" 200 27
120.253.135.82 - - [10/Dec/2022:10:41:42 +0800] "POST /xingrg/kc/pszx/mdps_list_operate.html HTTP/1.1" 200 5382
114.84.81.136 - - [10/Dec/2022:10:41:44 +0800] "GET /xingrg/all/function/internal_message.html?_=1670640132983&CODE_STATE=getMsg HTTP/1.1" 200 27
114.88.159.190 - - [10/Dec/2022:10:41:46 +0800] "GET /xingrg/all/function/internal_message.html?_=1670639723718&CODE_STATE=getMsg HTTP/1.1" 200 27
114.88.159.190 - - [10/Dec/2022:10:41:46 +0800] "GET /xingrg/check_reg.html?_=1670639723765 HTTP/1.1" 200 22
180.169.147.146 - - [10/Dec/2022:10:41:46 +0800] "POST /xingrg/kc/buy/cgsh_list_operate.html HTTP/1.1" 200 6024
120.253.135.82 - - [10/Dec/2022:10:41:46 +0800] "POST /xingrg/kc/pszx/mdps_list_operate.html HTTP/1.1" 200 202
114.83.222.182 - - [10/Dec/2022:10:41:47 +0800] "GET /xingrg/all/function/internal_message.html?_=1670640186655&CODE_STATE=getMsg HTTP/1.1" 200 27
101.85.106.255 - - [10/Dec/2022:10:41:47 +0800] "POST /xingrg/kc/buy/cgsh_list_operate.html HTTP/1.1" 200 2306
58.221.95.50 - - [10/Dec/2022:10:41:48 +0800] "GET /xingrg/all/function/internal_message.html?_=1670640131482&CODE_STATE=getMsg HTTP/1.1" 200 27
120.253.135.82 - - [10/Dec/2022:10:41:50 +0800] "POST /xingrg/kc/pszx/mdps_list_operate.html HTTP/1.1" 200 653
120.253.135.82 - - [10/Dec/2022:10:41:51 +0800] "GET /xingrg/kc/pszx/mdps_order_info.html?code=312022121000225 HTTP/1.1" 200 23972
120.253.135.82 - - [10/Dec/2022:10:41:52 +0800] "GET /xingrg/javascript/easyui/themes/default/validatebox.css HTTP/1.1" 404 1104
120.253.135.82 - - [10/Dec/2022:10:41:53 +0800] "POST /xingrg/kc/pszx/mdps_order_operate.html HTTP/1.1" 200 13587
116.238.139.35 - - [10/Dec/2022:10:41:53 +0800] "GET /xingrg/all/function/internal_message.html?_=1670640073717&CODE_STATE=getMsg HTTP/1.1" 200 27
61.170.235.152 - - [10/Dec/2022:10:41:56 +0800] "GET /xingrg/javascript/auto/indicator.gif HTTP/1.1" 404 1066
222.70.177.10 - - [10/Dec/2022:10:41:58 +0800] "GET /xingrg/kc/buy/cgsh_order_operate.html?command=get_materiel&rest_code=00111&code=00101008131&supplier_code=00100037&order_time=2022-12-10 HTTP/1.1" 200 408
116.192.124.172 - - [10/Dec/2022:10:41:58 +0800] "GET /xingrg/all/function/internal_message.html?_=1670640141444&CODE_STATE=getMsg HTTP/1.1" 200 27
61.170.235.152 - - [10/Dec/2022:10:41:59 +0800] "GET /xingrg/all/function/internal_message.html?_=1670640148578&CODE_STATE=getMsg HTTP/1.1" 200 27
120.253.135.82 - - [10/Dec/2022:10:42:03 +0800] "GET /xingrg/all/function/internal_message.html?_=1670640262624&CODE_STATE=getMsg HTTP/1.1" 200 27
61.170.235.152 - - [10/Dec/2022:10:42:04 +0800] "GET /xingrg/kc/base/wldb_order_operate.html?command=get_materiel&rest_code=00106&base_code=0010396&code=00101019724 HTTP/1.1" 200 447
61.170.235.152 - - [10/Dec/2022:10:42:06 +0800] "GET /xingrg/all/function/internal_message.html?_=1670640152634&CODE_STATE=getMsg HTTP/1.1" 200 27
222.70.177.10 - - [10/Dec/2022:10:42:11 +0800] "POST /xingrg/kc/buy/cgsh_order_operate.html HTTP/1.1" 200 37
222.70.177.10 - - [10/Dec/2022:10:42:13 +0800] "POST /xingrg/kc/buy/cgsh_order_operate.html HTTP/1.1" 200 15696
114.95.43.237 - - [10/Dec/2022:10:42:14 +0800] "GET /xingrg/all/function/internal_message.html?_=1670640004510&CODE_STATE=getMsg HTTP/1.1" 200 27
222.70.177.10 - - [10/Dec/2022:10:42:14 +0800] "GET /xingrg/kc/print/load_data.html?order_code=212022121002730&kc_code=cgsh&condition= HTTP/1.1" 200 5647
120.253.135.82 - - [10/Dec/2022:10:42:17 +0800] "POST /xingrg/kc/pszx/mdps_list_operate.html HTTP/1.1" 200 5382
180.169.147.146 - - [10/Dec/2022:10:42:21 +0800] "POST /xingrg/kc/buy/cgsh_list_operate.html HTTP/1.1" 200 4
120.253.135.82 - - [10/Dec/2022:10:42:22 +0800] "POST /xingrg/kc/pszx/mdps_list_operate.html HTTP/1.1" 200 619
120.253.135.82 - - [10/Dec/2022:10:42:22 +0800] "GET /xingrg/kc/pszx/mdps_order_info.html?code=312022121000226 HTTP/1.1" 200 23978
120.253.135.82 - - [10/Dec/2022:10:42:22 +0800] "GET /xingrg/javascript/easyui/themes/default/validatebox.css HTTP/1.1" 404 1104
120.253.135.82 - - [10/Dec/2022:10:42:22 +0800] "POST /xingrg/kc/pszx/mdps_order_operate.html HTTP/1.1" 200 5334
61.170.235.152 - - [10/Dec/2022:10:42:23 +0800] "GET /xingrg/all/function/internal_message.html?_=1670640162561&CODE_STATE=getMsg HTTP/1.1" 200 27
180.163.28.114 - - [10/Dec/2022:10:42:24 +0800] "GET /xingrg/all/function/internal_message.html?_=1670640102575&CODE_STATE=getMsg HTTP/1.1" 302 -
180.163.28.114 - - [10/Dec/2022:10:42:24 +0800] "GET /xingrg/login.html HTTP/1.1" 200 7641
61.170.235.152 - - [10/Dec/2022:10:42:25 +0800] "GET /xingrg/kc/base/wldb_order_operate.html?command=get_materiel&rest_code=00106&base_code=0010396&code=00101019127 HTTP/1.1" 200 480
120.253.135.82 - - [10/Dec/2022:10:42:25 +0800] "POST /xingrg/kc/pszx/mdps_list_operate.html HTTP/1.1" 200 5382
222.70.177.10 - - [10/Dec/2022:10:42:26 +0800] "GET /xingrg/all/function/internal_message.html?_=1670640166754&CODE_STATE=getMsg HTTP/1.1" 200 27
120.253.135.82 - - [10/Dec/2022:10:42:27 +0800] "POST /xingrg/kc/pszx/mdps_list_operate.html HTTP/1.1" 200 641
120.253.135.82 - - [10/Dec/2022:10:42:27 +0800] "GET /xingrg/kc/pszx/mdps_order_info.html?code=312022121000227 HTTP/1.1" 200 23978
120.253.135.82 - - [10/Dec/2022:10:42:27 +0800] "GET /xingrg/javascript/easyui/themes/default/validatebox.css HTTP/1.1" 404 1104
120.253.135.82 - - [10/Dec/2022:10:42:27 +0800] "POST /xingrg/kc/pszx/mdps_order_operate.html HTTP/1.1" 200 13473
116.230.105.139 - - [10/Dec/2022:10:42:31 +0800] "GET /xingrg/all/function/internal_message.html?_=1670640173588&CODE_STATE=getMsg HTTP/1.1" 200 27
180.169.147.146 - - [10/Dec/2022:10:42:31 +0800] "POST /xingrg/kc/buy/cgsh_list_operate.html HTTP/1.1" 200 5977
116.238.139.35 - - [10/Dec/2022:10:42:31 +0800] "GET /xingrg/check_reg.html?_=1670640174813 HTTP/1.1" 200 22
116.238.139.35 - - [10/Dec/2022:10:42:31 +0800] "GET /xingrg/all/function/internal_message.html?_=1670640174816&CODE_STATE=getMsg HTTP/1.1" 200 27
101.85.106.255 - - [10/Dec/2022:10:42:35 +0800] "GET /xingrg/all/function/internal_message.html?_=1670640177952&CODE_STATE=getMsg HTTP/1.1" 200 27
120.253.135.82 - - [10/Dec/2022:10:42:38 +0800] "GET /xingrg/javascript/jquery_easy_ui/themes/default/images/tabs_active.png HTTP/1.1" 200 2894
114.84.38.109 - - [10/Dec/2022:10:42:39 +0800] "GET /xingrg/all/function/internal_message.html?_=1670640203282&CODE_STATE=getMsg HTTP/1.1" 200 27
114.95.43.237 - - [10/Dec/2022:10:42:39 +0800] "GET /xingrg/all/function/internal_message.html?_=1670640185272&CODE_STATE=getMsg HTTP/1.1" 200 27
114.83.218.138 - - [10/Dec/2022:10:42:42 +0800] "GET /xingrg/all/function/internal_message.html?_=1670640184627&CODE_STATE=getMsg HTTP/1.1" 200 27
114.83.218.138 - - [10/Dec/2022:10:42:42 +0800] "GET /xingrg/check_reg.html?_=1670640184630 HTTP/1.1" 200 22
114.84.81.136 - - [10/Dec/2022:10:42:44 +0800] "GET /xingrg/check_reg.html?_=1670640192716 HTTP/1.1" 200 22
114.84.81.136 - - [10/Dec/2022:10:42:44 +0800] "GET /xingrg/all/function/internal_message.html?_=1670640192967&CODE_STATE=getMsg HTTP/1.1" 200 27
114.88.159.190 - - [10/Dec/2022:10:42:46 +0800] "GET /xingrg/all/function/internal_message.html?_=1670639783716&CODE_STATE=getMsg HTTP/1.1" 200 27
114.83.222.182 - - [10/Dec/2022:10:42:47 +0800] "GET /xingrg/all/function/internal_message.html?_=1670640246660&CODE_STATE=getMsg HTTP/1.1" 200 27
58.221.95.50 - - [10/Dec/2022:10:42:48 +0800] "GET /xingrg/all/function/internal_message.html?_=1670640191467&CODE_STATE=getMsg HTTP/1.1" 200 27
58.221.95.50 - - [10/Dec/2022:10:42:48 +0800] "GET /xingrg/check_reg.html?_=1670640191732 HTTP/1.1" 200 22
180.169.147.146 - - [10/Dec/2022:10:42:49 +0800] "GET /xingrg/all/function/internal_message.html?_=1670640188302&CODE_STATE=getMsg HTTP/1.1" 200 27
116.238.139.35 - - [10/Dec/2022:10:42:53 +0800] "GET /xingrg/all/function/internal_message.html?_=1670640133731&CODE_STATE=getMsg HTTP/1.1" 200 27
116.192.124.172 - - [10/Dec/2022:10:42:58 +0800] "GET /xingrg/all/function/internal_message.html?_=1670640201444&CODE_STATE=getMsg HTTP/1.1" 200 27
61.170.235.152 - - [10/Dec/2022:10:42:59 +0800] "GET /xingrg/all/function/internal_message.html?_=1670640208578&CODE_STATE=getMsg HTTP/1.1" 200 27
180.169.147.146 - - [10/Dec/2022:10:43:05 +0800] "POST /xingrg/kc/buy/cgsh_list_operate.html HTTP/1.1" 200 4
61.170.235.152 - - [10/Dec/2022:10:43:06 +0800] "GET /xingrg/all/function/internal_message.html?_=1670640212634&CODE_STATE=getMsg HTTP/1.1" 200 27
114.88.159.190 - - [10/Dec/2022:10:43:08 +0800] "POST /xingrg/services/DataTransmitService HTTP/1.1" 200 524
114.88.159.190 - - [10/Dec/2022:10:43:08 +0800] "POST /xingrg/services/DataTransmitService HTTP/1.1" 200 501
114.95.43.237 - - [10/Dec/2022:10:43:14 +0800] "GET /xingrg/all/function/internal_message.html?_=1670640064497&CODE_STATE=getMsg HTTP/1.1" 200 27
61.170.235.152 - - [10/Dec/2022:10:43:23 +0800] "GET /xingrg/check_reg.html?_=1670640222563 HTTP/1.1" 200 22
61.170.235.152 - - [10/Dec/2022:10:43:23 +0800] "GET /xingrg/all/function/internal_message.html?_=1670640222561&CODE_STATE=getMsg HTTP/1.1" 200 27
222.70.177.10 - - [10/Dec/2022:10:43:26 +0800] "GET /xingrg/all/function/internal_message.html?_=1670640226733&CODE_STATE=getMsg HTTP/1.1" 200 27
61.170.235.152 - - [10/Dec/2022:10:43:27 +0800] "GET /xingrg/kc/base/wldb_order_operate.html?command=get_materiel&rest_code=00106&base_code=0010396&code=00101019492 HTTP/1.1" 200 459
116.230.105.139 - - [10/Dec/2022:10:43:31 +0800] "GET /xingrg/all/function/internal_message.html?_=1670640233600&CODE_STATE=getMsg HTTP/1.1" 200 27
116.238.139.35 - - [10/Dec/2022:10:43:31 +0800] "GET /xingrg/all/function/internal_message.html?_=1670640234818&CODE_STATE=getMsg HTTP/1.1" 200 27
101.85.106.255 - - [10/Dec/2022:10:43:35 +0800] "GET /xingrg/all/function/internal_message.html?_=1670640237938&CODE_STATE=getMsg HTTP/1.1" 200 27
114.84.38.109 - - [10/Dec/2022:10:43:39 +0800] "GET /xingrg/all/function/internal_message.html?_=1670640263422&CODE_STATE=getMsg HTTP/1.1" 200 27
114.95.43.237 - - [10/Dec/2022:10:43:39 +0800] "GET /xingrg/all/function/internal_message.html?_=1670640245281&CODE_STATE=getMsg HTTP/1.1" 200 27
114.83.218.138 - - [10/Dec/2022:10:43:42 +0800] "GET /xingrg/all/function/internal_message.html?_=1670640244630&CODE_STATE=getMsg HTTP/1.1" 200 27
61.170.235.152 - - [10/Dec/2022:10:43:43 +0800] "GET /xingrg/kc/base/wldb_order_operate.html?command=get_materiel&rest_code=00106&base_code=0010396&code=00101019187 HTTP/1.1" 200 479
221.239.170.112 - - [10/Dec/2022:10:43:43 +0800] "GET /xingrg/login.html HTTP/1.1" 200 7641
221.239.170.112 - - [10/Dec/2022:10:43:44 +0800] "GET /favicon.ico HTTP/1.1" 404 -
114.84.81.136 - - [10/Dec/2022:10:43:44 +0800] "GET /xingrg/all/function/internal_message.html?_=1670640252950&CODE_STATE=getMsg HTTP/1.1" 200 27
114.88.159.190 - - [10/Dec/2022:10:43:46 +0800] "GET /xingrg/all/function/internal_message.html?_=1670639843715&CODE_STATE=getMsg HTTP/1.1" 200 27
114.83.222.182 - - [10/Dec/2022:10:43:47 +0800] "GET /xingrg/all/function/internal_message.html?_=1670640306647&CODE_STATE=getMsg HTTP/1.1" 200 27
114.83.222.182 - - [10/Dec/2022:10:43:47 +0800] "GET /xingrg/check_reg.html?_=1670640306649 HTTP/1.1" 200 22
58.221.95.50 - - [10/Dec/2022:10:43:48 +0800] "GET /xingrg/all/function/internal_message.html?_=1670640251453&CODE_STATE=getMsg HTTP/1.1" 200 27
221.239.170.112 - - [10/Dec/2022:10:43:49 +0800] "POST /xingrg/login.do HTTP/1.1" 302 -
221.239.170.112 - - [10/Dec/2022:10:43:49 +0800] "GET /xingrg/index.html?sysBaseUrl=http%3A%2F%2F180.169.147.146%3A18081%2Fxingrg%2F&costTime=41×tamp=1670640229246 HTTP/1.1" 200 17179
221.239.170.112 - - [10/Dec/2022:10:43:49 +0800] "GET /favicon.ico HTTP/1.1" 404 -
221.239.170.112 - - [10/Dec/2022:10:43:49 +0800] "POST /xingrg/all/common/load_tree.html?tree=area_rest_tree_json&manage=1 HTTP/1.1" 200 476
221.239.170.112 - - [10/Dec/2022:10:43:49 +0800] "GET /xingrg/all/function/internal_message.html?_=1670640239278&CODE_STATE=count HTTP/1.1" 200 11
221.239.170.112 - - [10/Dec/2022:10:43:49 +0800] "GET /xingrg/check_reg.html?_=1670640239287 HTTP/1.1" 200 22
221.239.170.112 - - [10/Dec/2022:10:43:49 +0800] "POST /xingrg/load_menu.html HTTP/1.1" 200 5138
221.239.170.112 - - [10/Dec/2022:10:43:51 +0800] "GET /xingrg/kc/buy/buy_main.html HTTP/1.1" 200 12412
221.239.170.112 - - [10/Dec/2022:10:43:51 +0800] "GET /xingrg/css/new_ie.css HTTP/1.1" 404 1036
221.239.170.112 - - [10/Dec/2022:10:43:51 +0800] "GET /xingrg/images/yd/bt.gif HTTP/1.1" 404 1040
221.239.170.112 - - [10/Dec/2022:10:43:52 +0800] "GET /xingrg/kc/buy/cgsh_order_list.html HTTP/1.1" 200 53860
116.238.139.35 - - [10/Dec/2022:10:43:53 +0800] "GET /xingrg/all/function/internal_message.html?_=1670640193796&CODE_STATE=getMsg HTTP/1.1" 200 27
61.170.235.152 - - [10/Dec/2022:10:43:54 +0800] "GET /xingrg/kc/base/wldb_order_operate.html?command=get_materiel&rest_code=00106&base_code=0010396&code=00101019184 HTTP/1.1" 200 458
221.239.170.112 - - [10/Dec/2022:10:43:54 +0800] "POST /xingrg/kc/buy/cgsh_list_operate.html HTTP/1.1" 200 2735
116.192.124.172 - - [10/Dec/2022:10:43:58 +0800] "GET /xingrg/check_reg.html?_=1670640261427 HTTP/1.1" 200 22
116.192.124.172 - - [10/Dec/2022:10:43:58 +0800] "GET /xingrg/all/function/internal_message.html?_=1670640261430&CODE_STATE=getMsg HTTP/1.1" 200 27
221.239.170.112 - - [10/Dec/2022:10:43:59 +0800] "GET /xingrg/javascript/jquery_tools/images/next.gif HTTP/1.1" 404 1086
221.239.170.112 - - [10/Dec/2022:10:43:59 +0800] "GET /xingrg/javascript/jquery_tools/images/prev.gif HTTP/1.1" 404 1086
61.170.235.152 - - [10/Dec/2022:10:43:59 +0800] "GET /xingrg/all/function/internal_message.html?_=1670640268581&CODE_STATE=getMsg HTTP/1.1" 200 27
116.230.105.139 - - [10/Dec/2022:10:44:03 +0800] "POST /xingrg/services/DataTransmitService HTTP/1.1" 200 524
116.230.105.139 - - [10/Dec/2022:10:44:03 +0800] "POST /xingrg/services/DataTransmitService HTTP/1.1" 200 412
61.170.235.152 - - [10/Dec/2022:10:44:06 +0800] "GET /xingrg/kc/base/wldb_order_operate.html?command=get_materiel&rest_code=00106&base_code=0010396&code=00101019400 HTTP/1.1" 200 463
61.170.235.152 - - [10/Dec/2022:10:44:06 +0800] "GET /xingrg/all/function/internal_message.html?_=1670640272636&CODE_STATE=getMsg HTTP/1.1" 200 27
221.239.170.112 - - [10/Dec/2022:10:44:07 +0800] "GET /xingrg/javascript/auto/indicator.gif HTTP/1.1" 404 1066
58.221.95.50 - - [10/Dec/2022:10:44:14 +0800] "GET /xingrg/check_reg.html?_=1670640277222 HTTP/1.1" 200 22
114.95.43.237 - - [10/Dec/2022:10:44:14 +0800] "GET /xingrg/all/function/internal_message.html?_=1670640124483&CODE_STATE=getMsg HTTP/1.1" 200 27
221.239.170.112 - - [10/Dec/2022:10:44:15 +0800] "POST /xingrg/kc/buy/cgsh_list_operate.html HTTP/1.1" 200 6230
61.170.235.152 - - [10/Dec/2022:10:44:15 +0800] "GET /xingrg/kc/base/wldb_order_operate.html?command=get_materiel&rest_code=00106&base_code=0010396&code=00101016094 HTTP/1.1" 200 470
61.170.235.152 - - [10/Dec/2022:10:44:23 +0800] "GET /xingrg/all/function/internal_message.html?_=1670640282563&CODE_STATE=getMsg HTTP/1.1" 200 27
222.70.177.10 - - [10/Dec/2022:10:44:26 +0800] "GET /xingrg/all/function/internal_message.html?_=1670640286712&CODE_STATE=getMsg HTTP/1.1" 200 27
222.70.177.10 - - [10/Dec/2022:10:44:28 +0800] "GET /xingrg/check_reg.html?_=1670640288116 HTTP/1.1" 200 22
61.170.235.152 - - [10/Dec/2022:10:44:29 +0800] "GET /xingrg/kc/base/wldb_order_operate.html?command=get_materiel&rest_code=00106&base_code=0010396&code=00101013052 HTTP/1.1" 200 441
116.230.105.139 - - [10/Dec/2022:10:44:31 +0800] "GET /xingrg/all/function/internal_message.html?_=1670640293606&CODE_STATE=getMsg HTTP/1.1" 200 27
116.238.139.35 - - [10/Dec/2022:10:44:31 +0800] "GET /xingrg/all/function/internal_message.html?_=1670640294818&CODE_STATE=getMsg HTTP/1.1" 200 27
101.85.106.255 - - [10/Dec/2022:10:44:35 +0800] "GET /xingrg/all/function/internal_message.html?_=1670640297908&CODE_STATE=getMsg HTTP/1.1" 200 27
114.84.38.109 - - [10/Dec/2022:10:44:39 +0800] "GET /xingrg/all/function/internal_message.html?_=1670640323433&CODE_STATE=getMsg HTTP/1.1" 200 27
114.95.43.237 - - [10/Dec/2022:10:44:39 +0800] "GET /xingrg/check_reg.html?_=1670640305278 HTTP/1.1" 200 22
114.95.43.237 - - [10/Dec/2022:10:44:39 +0800] "GET /xingrg/all/function/internal_message.html?_=1670640305281&CODE_STATE=getMsg HTTP/1.1" 200 27
114.83.218.138 - - [10/Dec/2022:10:44:42 +0800] "GET /xingrg/all/function/internal_message.html?_=1670640304654&CODE_STATE=getMsg HTTP/1.1" 200 27
116.192.124.172 - - [10/Dec/2022:10:44:43 +0800] "GET /xingrg/login.html HTTP/1.1" 200 7641
116.192.124.172 - - [10/Dec/2022:10:44:43 +0800] "GET /favicon.ico HTTP/1.1" 404 -
180.169.147.146 - - [10/Dec/2022:10:44:44 +0800] "POST /xingrg/kc/buy/cgsh_list_operate.html HTTP/1.1" 200 2304
116.192.124.172 - - [10/Dec/2022:10:44:44 +0800] "POST /xingrg/login.do HTTP/1.1" 302 -
116.192.124.172 - - [10/Dec/2022:10:44:44 +0800] "GET /xingrg/index.html?sysBaseUrl=http%3A%2F%2F180.169.147.146%3A18081%2Fxingrg%2F&costTime=40×tamp=1670640284526 HTTP/1.1" 200 17173
116.192.124.172 - - [10/Dec/2022:10:44:44 +0800] "GET /favicon.ico HTTP/1.1" 404 -
114.84.81.136 - - [10/Dec/2022:10:44:44 +0800] "GET /xingrg/all/function/internal_message.html?_=1670640312933&CODE_STATE=getMsg HTTP/1.1" 200 27
116.192.124.172 - - [10/Dec/2022:10:44:44 +0800] "POST /xingrg/all/common/load_tree.html?tree=area_rest_tree_json&manage=1 HTTP/1.1" 200 342
116.192.124.172 - - [10/Dec/2022:10:44:45 +0800] "GET /xingrg/check_reg.html?_=1670640336617 HTTP/1.1" 200 22
116.192.124.172 - - [10/Dec/2022:10:44:45 +0800] "GET /xingrg/all/function/internal_message.html?_=1670640336615&CODE_STATE=count HTTP/1.1" 200 11
116.192.124.172 - - [10/Dec/2022:10:44:45 +0800] "POST /xingrg/load_menu.html HTTP/1.1" 200 5138
114.95.43.237 - - [10/Dec/2022:10:44:45 +0800] "GET /xingrg/kc/buy/cgsh_order_operate.html?command=get_materiel&rest_code=00105&code=00101009109&supplier_code=00100024&order_time=2022-12-10 HTTP/1.1" 200 413
114.88.159.190 - - [10/Dec/2022:10:44:46 +0800] "GET /xingrg/all/function/internal_message.html?_=1670639903713&CODE_STATE=getMsg HTTP/1.1" 200 27
116.192.124.172 - - [10/Dec/2022:10:44:46 +0800] "GET /xingrg/kc/buy/cgsh_order_list.html HTTP/1.1" 200 53854
114.83.222.182 - - [10/Dec/2022:10:44:47 +0800] "GET /xingrg/all/function/internal_message.html?_=1670640366661&CODE_STATE=getMsg HTTP/1.1" 200 27
116.238.139.35 - - [10/Dec/2022:10:44:47 +0800] "GET /xingrg/check_reg.html?_=1670640248177 HTTP/1.1" 200 22
61.170.235.152 - - [10/Dec/2022:10:44:47 +0800] "GET /xingrg/kc/base/wldb_order_operate.html?command=get_materiel&rest_code=00106&base_code=0010396&code=00101019359 HTTP/1.1" 200 462
58.221.95.50 - - [10/Dec/2022:10:44:48 +0800] "GET /xingrg/all/function/internal_message.html?_=1670640311432&CODE_STATE=getMsg HTTP/1.1" 200 27
116.192.124.172 - - [10/Dec/2022:10:44:49 +0800] "POST /xingrg/kc/buy/cgsh_list_operate.html HTTP/1.1" 200 2249
221.239.170.112 - - [10/Dec/2022:10:44:49 +0800] "GET /xingrg/all/function/internal_message.html?_=1670640299320&CODE_STATE=getMsg HTTP/1.1" 200 27
180.169.147.146 - - [10/Dec/2022:10:44:49 +0800] "GET /xingrg/check_reg.html?_=1670640308307 HTTP/1.1" 200 22
180.169.147.146 - - [10/Dec/2022:10:44:49 +0800] "GET /xingrg/all/function/internal_message.html?_=1670640308308&CODE_STATE=getMsg HTTP/1.1" 200 27
116.238.139.35 - - [10/Dec/2022:10:44:53 +0800] "GET /xingrg/all/function/internal_message.html?_=1670640253805&CODE_STATE=getMsg HTTP/1.1" 200 27
114.95.43.237 - - [10/Dec/2022:10:44:56 +0800] "GET /xingrg/kc/buy/cgsh_order_operate.html?command=get_materiel&rest_code=00105&code=00101009062&supplier_code=00100024&order_time=2022-12-10 HTTP/1.1" 200 413
116.192.124.172 - - [10/Dec/2022:10:44:57 +0800] "GET /xingrg/kc/buy/cgsh_order_add.html HTTP/1.1" 200 69676
116.192.124.172 - - [10/Dec/2022:10:44:57 +0800] "GET /xingrg/words/20221208122451_words.js HTTP/1.1" 304 -
116.192.124.172 - - [10/Dec/2022:10:44:57 +0800] "POST /xingrg/kc/buy/cgsh_order_operate.html HTTP/1.1" 200 8245
116.192.124.172 - - [10/Dec/2022:10:44:57 +0800] "GET /xingrg/all/common/auto_word.html?type=employee&rest_code=00102 HTTP/1.1" 200 189
116.192.124.172 - - [10/Dec/2022:10:44:57 +0800] "GET /xingrg/javascript/easyui/themes/default/validatebox.css HTTP/1.1" 404 1104
116.192.124.172 - - [10/Dec/2022:10:44:57 +0800] "GET /xingrg/all/common/auto_word.html?type=employee&rest_code=00102 HTTP/1.1" 200 189
116.192.124.172 - - [10/Dec/2022:10:44:58 +0800] "GET /xingrg/all/function/internal_message.html?_=1670640321436&CODE_STATE=getMsg HTTP/1.1" 200 27
116.192.124.172 - - [10/Dec/2022:10:44:58 +0800] "GET /xingrg/javascript/auto/indicator.gif HTTP/1.1" 404 1066
116.192.124.172 - - [10/Dec/2022:10:44:59 +0800] "GET /xingrg/javascript/jquery_tools/images/prev.gif HTTP/1.1" 404 1086
116.192.124.172 - - [10/Dec/2022:10:44:59 +0800] "GET /xingrg/javascript/jquery_tools/images/next.gif HTTP/1.1" 404 1086
61.170.235.152 - - [10/Dec/2022:10:44:59 +0800] "GET /xingrg/check_reg.html?_=1670640328587 HTTP/1.1" 200 22
61.170.235.152 - - [10/Dec/2022:10:44:59 +0800] "GET /xingrg/all/function/internal_message.html?_=1670640328591&CODE_STATE=getMsg HTTP/1.1" 200 27
114.95.43.237 - - [10/Dec/2022:10:45:03 +0800] "GET /xingrg/kc/buy/cgsh_order_operate.html?command=get_materiel&rest_code=00105&code=00101009124&supplier_code=00100024&order_time=2022-12-10 HTTP/1.1" 200 416
180.169.147.146 - - [10/Dec/2022:10:45:05 +0800] "POST /xingrg/kc/buy/cgsh_list_operate.html HTTP/1.1" 200 4
61.170.235.152 - - [10/Dec/2022:10:45:06 +0800] "GET /xingrg/kc/base/wldb_order_operate.html?command=get_materiel&rest_code=00106&base_code=0010396&code=00101019297 HTTP/1.1" 200 477
61.170.235.152 - - [10/Dec/2022:10:45:06 +0800] "GET /xingrg/check_reg.html?_=1670640332654 HTTP/1.1" 200 22
61.170.235.152 - - [10/Dec/2022:10:45:06 +0800] "GET /xingrg/all/function/internal_message.html?_=1670640332656&CODE_STATE=getMsg HTTP/1.1" 200 27
180.169.147.146 - - [10/Dec/2022:10:45:09 +0800] "POST /xingrg/kc/buy/cgsh_list_operate.html HTTP/1.1" 200 986
116.192.124.172 - - [10/Dec/2022:10:45:12 +0800] "GET /xingrg/kc/buy/cgsh_order_operate.html?command=get_materiel&rest_code=00102&code=00102026010&supplier_code=00100151&order_time=2022-12-10 HTTP/1.1" 200 422
114.95.43.237 - - [10/Dec/2022:10:45:14 +0800] "GET /xingrg/all/function/internal_message.html?_=1670640184471&CODE_STATE=getMsg HTTP/1.1" 200 27
114.95.43.237 - - [10/Dec/2022:10:45:15 +0800] "GET /xingrg/check_reg.html?_=1670640186161 HTTP/1.1" 200 22
61.170.235.152 - - [10/Dec/2022:10:45:18 +0800] "GET /xingrg/kc/base/wldb_order_operate.html?command=get_materiel&rest_code=00106&base_code=0010396&code=00101019529 HTTP/1.1" 200 474
61.170.235.152 - - [10/Dec/2022:10:45:23 +0800] "GET /xingrg/all/function/internal_message.html?_=1670640342564&CODE_STATE=getMsg HTTP/1.1" 200 27
222.70.177.10 - - [10/Dec/2022:10:45:26 +0800] "GET /xingrg/all/function/internal_message.html?_=1670640346687&CODE_STATE=getMsg HTTP/1.1" 200 27
116.192.124.172 - - [10/Dec/2022:10:45:27 +0800] "GET /xingrg/kc/buy/cgsh_order_operate.html?command=get_materiel&rest_code=00102&code=00102032033&supplier_code=00100151&order_time=2022-12-10 HTTP/1.1" 200 425
61.170.235.152 - - [10/Dec/2022:10:45:31 +0800] "GET /xingrg/kc/base/wldb_order_operate.html?command=get_materiel&rest_code=00106&base_code=0010396&code=00101027001 HTTP/1.1" 200 471
116.230.105.139 - - [10/Dec/2022:10:45:31 +0800] "GET /xingrg/all/function/internal_message.html?_=1670640353595&CODE_STATE=getMsg HTTP/1.1" 200 27
116.238.139.35 - - [10/Dec/2022:10:45:31 +0800] "GET /xingrg/all/function/internal_message.html?_=1670640354821&CODE_STATE=getMsg HTTP/1.1" 200 27
101.85.106.255 - - [10/Dec/2022:10:45:35 +0800] "GET /xingrg/all/function/internal_message.html?_=1670640357893&CODE_STATE=getMsg HTTP/1.1" 200 27
114.84.38.109 - - [10/Dec/2022:10:45:39 +0800] "GET /xingrg/all/function/internal_message.html?_=1670640383583&CODE_STATE=getMsg HTTP/1.1" 200 27
114.95.43.237 - - [10/Dec/2022:10:45:39 +0800] "GET /xingrg/all/function/internal_message.html?_=1670640365298&CODE_STATE=getMsg HTTP/1.1" 200 27
114.83.218.138 - - [10/Dec/2022:10:45:42 +0800] "GET /xingrg/all/function/internal_message.html?_=1670640364653&CODE_STATE=getMsg HTTP/1.1" 200 27
114.95.43.237 - - [10/Dec/2022:10:45:43 +0800] "GET /xingrg/kc/buy/cgsh_order_operate.html?command=get_materiel&rest_code=00105&code=00101009016&supplier_code=00100024&order_time=2022-12-10 HTTP/1.1" 200 412
114.84.81.136 - - [10/Dec/2022:10:45:44 +0800] "GET /xingrg/all/function/internal_message.html?_=1670640372917&CODE_STATE=getMsg HTTP/1.1" 200 27
116.192.124.172 - - [10/Dec/2022:10:45:45 +0800] "GET /xingrg/all/function/internal_message.html?_=1670640396622&CODE_STATE=getMsg HTTP/1.1" 200 27
114.88.159.190 - - [10/Dec/2022:10:45:46 +0800] "GET /xingrg/all/function/internal_message.html?_=1670639963712&CODE_STATE=getMsg HTTP/1.1" 200 27
114.83.222.182 - - [10/Dec/2022:10:45:47 +0800] "GET /xingrg/all/function/internal_message.html?_=1670640426651&CODE_STATE=getMsg HTTP/1.1" 200 27
58.221.95.50 - - [10/Dec/2022:10:45:48 +0800] "GET /xingrg/all/function/internal_message.html?_=1670640371418&CODE_STATE=getMsg HTTP/1.1" 200 27
114.84.81.136 - - [10/Dec/2022:10:45:49 +0800] "GET /xingrg/kc/mdqp/qqps_order_list.html HTTP/1.1" 200 9640
114.84.81.136 - - [10/Dec/2022:10:45:49 +0800] "GET /xingrg/dwr/interface/AjaxReportQueryService.js HTTP/1.1" 200 13203
114.84.81.136 - - [10/Dec/2022:10:45:49 +0800] "GET /xingrg/dwr/interface/AjaxQqpsService.js HTTP/1.1" 200 16326
114.84.81.136 - - [10/Dec/2022:10:45:49 +0800] "GET /xingrg/dwr/engine.js HTTP/1.1" 200 43631
221.239.170.112 - - [10/Dec/2022:10:45:49 +0800] "GET /xingrg/all/function/internal_message.html?_=1670640359313&CODE_STATE=getMsg HTTP/1.1" 200 27
180.169.147.146 - - [10/Dec/2022:10:45:49 +0800] "GET /xingrg/all/function/internal_message.html?_=1670640368280&CODE_STATE=getMsg HTTP/1.1" 200 27
114.84.81.136 - - [10/Dec/2022:10:45:50 +0800] "GET /xingrg/kc/mdqp/pssh_order_list.html HTTP/1.1" 200 17847
114.84.81.136 - - [10/Dec/2022:10:45:50 +0800] "POST /xingrg/kc/mdqp/pssh_list_operate.html HTTP/1.1" 200 5342
116.238.139.35 - - [10/Dec/2022:10:45:53 +0800] "GET /xingrg/all/function/internal_message.html?_=1670640313818&CODE_STATE=getMsg HTTP/1.1" 200 27
114.84.81.136 - - [10/Dec/2022:10:45:54 +0800] "GET /xingrg/kc/mdqp/psth_order_list1.html HTTP/1.1" 200 17955
114.95.43.237 - - [10/Dec/2022:10:45:54 +0800] "GET /xingrg/kc/buy/cgsh_order_operate.html?command=get_materiel&rest_code=00105&code=00101009013&supplier_code=00100024&order_time=2022-12-10 HTTP/1.1" 200 420
114.84.81.136 - - [10/Dec/2022:10:45:54 +0800] "POST /xingrg/kc/mdqp/psth_list_operate.html HTTP/1.1" 200 749
114.84.81.136 - - [10/Dec/2022:10:45:55 +0800] "GET /xingrg/javascript/jquery_tools/jquery-1.4.2.min.js HTTP/1.1" 404 1094
114.84.81.136 - - [10/Dec/2022:10:45:55 +0800] "GET /xingrg/kc/mdqp/psth_order_add1.html HTTP/1.1" 200 25316
114.84.81.136 - - [10/Dec/2022:10:45:55 +0800] "POST /xingrg/kc/mdqp/psth_order_operate.html HTTP/1.1" 200 6806
114.84.81.136 - - [10/Dec/2022:10:45:55 +0800] "GET /xingrg/all/common/auto_word.html?type=base&rest_code=00148&rest_code=00101 HTTP/1.1" 200 1799
114.84.81.136 - - [10/Dec/2022:10:45:55 +0800] "GET /xingrg/javascript/easyui/themes/default/validatebox.css HTTP/1.1" 404 1104
124.79.74.72 - - [10/Dec/2022:10:45:56 +0800] "GET /xingrg/login.html HTTP/1.1" 200 7641
124.79.74.72 - - [10/Dec/2022:10:45:56 +0800] "GET /xingrg/images/blue/hj.png HTTP/1.1" 200 1014
124.79.74.72 - - [10/Dec/2022:10:45:56 +0800] "GET /xingrg/images/blue/srbg.png HTTP/1.1" 200 138
124.79.74.72 - - [10/Dec/2022:10:45:56 +0800] "GET /xingrg/images/blue/login_bg.png HTTP/1.1" 200 22101
124.79.74.72 - - [10/Dec/2022:10:45:57 +0800] "GET /favicon.ico HTTP/1.1" 404 -
116.192.124.172 - - [10/Dec/2022:10:45:58 +0800] "GET /xingrg/all/function/internal_message.html?_=1670640381441&CODE_STATE=getMsg HTTP/1.1" 200 27
61.170.235.152 - - [10/Dec/2022:10:45:59 +0800] "POST /xingrg/kc/base/wldb_order_operate.html HTTP/1.1" 200 37
114.84.81.136 - - [10/Dec/2022:10:45:59 +0800] "GET /xingrg/javascript/auto/indicator.gif HTTP/1.1" 404 1066
61.170.235.152 - - [10/Dec/2022:10:45:59 +0800] "POST /xingrg/kc/base/wldb_order_operate.html HTTP/1.1" 200 7702
114.84.81.136 - - [10/Dec/2022:10:46:00 +0800] "GET /xingrg/javascript/jquery_tools/images/prev.gif HTTP/1.1" 404 1086
114.84.81.136 - - [10/Dec/2022:10:46:00 +0800] "GET /xingrg/javascript/jquery_tools/images/next.gif HTTP/1.1" 404 1086
61.170.235.152 - - [10/Dec/2022:10:46:00 +0800] "GET /xingrg/kc/base/wldb_order_info.html?code=422022121000746 HTTP/1.1" 200 30399
61.170.235.152 - - [10/Dec/2022:10:46:00 +0800] "GET /xingrg/all/function/internal_message.html?_=1670640389240&CODE_STATE=getMsg HTTP/1.1" 200 27
61.170.235.152 - - [10/Dec/2022:10:46:01 +0800] "GET /xingrg/javascript/easyui/themes/default/validatebox.css HTTP/1.1" 404 1104
61.170.235.152 - - [10/Dec/2022:10:46:01 +0800] "POST /xingrg/kc/base/wldb_order_operate.html HTTP/1.1" 200 7702
221.239.170.112 - - [10/Dec/2022:10:46:02 +0800] "GET /xingrg/login.html HTTP/1.1" 200 7641
221.239.170.112 - - [10/Dec/2022:10:46:02 +0800] "GET /favicon.ico HTTP/1.1" 404 -
61.170.235.152 - - [10/Dec/2022:10:46:05 +0800] "GET /xingrg/kc/base/wldb_order_add.html HTTP/1.1" 200 30384
61.170.235.152 - - [10/Dec/2022:10:46:05 +0800] "POST /xingrg/kc/base/wldb_order_operate.html HTTP/1.1" 200 6806
61.170.235.152 - - [10/Dec/2022:10:46:05 +0800] "GET /xingrg/javascript/easyui/themes/default/validatebox.css HTTP/1.1" 404 1104
124.79.74.72 - - [10/Dec/2022:10:46:05 +0800] "POST /xingrg/login.do HTTP/1.1" 302 -
124.79.74.72 - - [10/Dec/2022:10:46:05 +0800] "GET /xingrg/index.html?sysBaseUrl=http%3A%2F%2F180.169.147.146%3A18081%2Fxingrg%2F&costTime=42×tamp=1670640365589 HTTP/1.1" 200 17179
124.79.74.72 - - [10/Dec/2022:10:46:05 +0800] "GET /favicon.ico HTTP/1.1" 404 -
124.79.74.72 - - [10/Dec/2022:10:46:05 +0800] "POST /xingrg/all/common/load_tree.html?tree=area_rest_tree_json&manage=1 HTTP/1.1" 200 351
124.79.74.72 - - [10/Dec/2022:10:46:05 +0800] "GET /xingrg/check_reg.html?_=1670640389728 HTTP/1.1" 200 22
124.79.74.72 - - [10/Dec/2022:10:46:05 +0800] "GET /xingrg/all/function/internal_message.html?_=1670640389728&CODE_STATE=count HTTP/1.1" 200 11
124.79.74.72 - - [10/Dec/2022:10:46:05 +0800] "POST /xingrg/load_menu.html HTTP/1.1" 200 5138
114.95.43.237 - - [10/Dec/2022:10:46:06 +0800] "GET /xingrg/kc/buy/cgsh_order_operate.html?command=get_materiel&rest_code=00105&code=00101009031&supplier_code=00100024&order_time=2022-12-10 HTTP/1.1" 200 409
61.170.235.152 - - [10/Dec/2022:10:46:06 +0800] "GET /xingrg/all/function/internal_message.html?_=1670640392640&CODE_STATE=getMsg HTTP/1.1" 200 27
61.170.235.152 - - [10/Dec/2022:10:46:07 +0800] "POST /xingrg/all/common/load_combo.html?type=base HTTP/1.1" 200 3227
124.79.74.72 - - [10/Dec/2022:10:46:07 +0800] "GET /xingrg/kc/mdqp/qp_main.html HTTP/1.1" 200 10633
124.79.74.72 - - [10/Dec/2022:10:46:07 +0800] "GET /xingrg/images/blue/button/qqpsd.gif HTTP/1.1" 200 2548
124.79.74.72 - - [10/Dec/2022:10:46:07 +0800] "GET /xingrg/images/blue/button/pszx.gif HTTP/1.1" 200 2648
124.79.74.72 - - [10/Dec/2022:10:46:07 +0800] "GET /xingrg/images/blue/button/psshd.gif HTTP/1.1" 200 2692
124.79.74.72 - - [10/Dec/2022:10:46:08 +0800] "GET /xingrg/images/yd/bt.gif HTTP/1.1" 404 1040
124.79.74.72 - - [10/Dec/2022:10:46:08 +0800] "GET /xingrg/kc/mdqp/pssh_order_list.html HTTP/1.1" 200 17929
124.79.74.72 - - [10/Dec/2022:10:46:09 +0800] "POST /xingrg/kc/mdqp/pssh_list_operate.html HTTP/1.1" 200 5348
116.192.124.172 - - [10/Dec/2022:10:46:10 +0800] "POST /xingrg/kc/buy/cgsh_order_operate.html HTTP/1.1" 200 37
124.79.74.72 - - [10/Dec/2022:10:46:10 +0800] "POST /xingrg/kc/mdqp/pssh_list_operate.html HTTP/1.1" 200 265
61.170.235.152 - - [10/Dec/2022:10:46:10 +0800] "POST /xingrg/all/common/load_combo.html?type=base HTTP/1.1" 200 3227
124.79.74.72 - - [10/Dec/2022:10:46:12 +0800] "POST /xingrg/kc/mdqp/pssh_list_operate.html HTTP/1.1" 200 769
114.84.81.136 - - [10/Dec/2022:10:46:12 +0800] "GET /xingrg/kc/mdqp/psth_order_operate.html?command=get_materiel&base_code=0010001&rest_code=00148&code=00101019514 HTTP/1.1" 200 454
124.79.74.72 - - [10/Dec/2022:10:46:13 +0800] "GET /xingrg/kc/mdqp/pssh_order_info.html?code=312022120300068 HTTP/1.1" 200 17303
124.79.74.72 - - [10/Dec/2022:10:46:13 +0800] "GET /xingrg/javascript/jquery_tools/jquery-1.4.2.min.js HTTP/1.1" 404 1094
124.79.74.72 - - [10/Dec/2022:10:46:13 +0800] "GET /xingrg/words/20221208122451_words.js HTTP/1.1" 304 -
124.79.74.72 - - [10/Dec/2022:10:46:13 +0800] "GET /xingrg/javascript/easyui/themes/icons/back_new.png HTTP/1.1" 200 3414
124.79.74.72 - - [10/Dec/2022:10:46:13 +0800] "GET /xingrg/javascript/easyui/themes/icons/ok.png HTTP/1.1" 200 883
116.192.124.172 - - [10/Dec/2022:10:46:13 +0800] "POST /xingrg/kc/buy/cgsh_order_operate.html HTTP/1.1" 200 12
124.79.74.72 - - [10/Dec/2022:10:46:13 +0800] "POST /xingrg/kc/mdqp/pssh_order_operate.html HTTP/1.1" 200 9007
124.79.74.72 - - [10/Dec/2022:10:46:13 +0800] "GET /xingrg/all/common/auto_word.html?type=base&rest_code=00156&rest_code=00156 HTTP/1.1" 200 1903
124.79.74.72 - - [10/Dec/2022:10:46:13 +0800] "GET /xingrg/all/common/auto_word.html?type=employee&rest_code=00156 HTTP/1.1" 200 97
124.79.74.72 - - [10/Dec/2022:10:46:13 +0800] "GET /xingrg/javascript/easyui/themes/default/validatebox.css HTTP/1.1" 404 1104
114.95.43.237 - - [10/Dec/2022:10:46:14 +0800] "GET /xingrg/all/function/internal_message.html?_=1670640244445&CODE_STATE=getMsg HTTP/1.1" 200 27
221.239.170.112 - - [10/Dec/2022:10:46:14 +0800] "POST /xingrg/login.do HTTP/1.1" 302 -
221.239.170.112 - - [10/Dec/2022:10:46:14 +0800] "GET /xingrg/index.html?sysBaseUrl=http%3A%2F%2F180.169.147.146%3A18081%2Fxingrg%2F&costTime=41×tamp=1670640374213 HTTP/1.1" 200 17179
116.192.124.172 - - [10/Dec/2022:10:46:14 +0800] "GET /xingrg/kc/buy/cgsh_order_info.html?code=212022121002731 HTTP/1.1" 200 64569
221.239.170.112 - - [10/Dec/2022:10:46:14 +0800] "GET /favicon.ico HTTP/1.1" 404 -
221.239.170.112 - - [10/Dec/2022:10:46:14 +0800] "POST /xingrg/all/common/load_tree.html?tree=area_rest_tree_json&manage=1 HTTP/1.1" 200 476
116.192.124.172 - - [10/Dec/2022:10:46:14 +0800] "GET /xingrg/javascript/easyui/themes/default/validatebox.css HTTP/1.1" 404 1104
221.239.170.112 - - [10/Dec/2022:10:46:14 +0800] "GET /xingrg/all/function/internal_message.html?_=1670640384262&CODE_STATE=count HTTP/1.1" 200 11
