116.230.105.139 - - [07/Dec/2022:08:43:04 +0800] "GET /xingrg/javascript/auto/indicator.gif HTTP/1.1" 404 1066
116.230.105.139 - - [07/Dec/2022:08:43:06 +0800] "GET /xingrg/javascript/jquery_tools/images/prev.gif HTTP/1.1" 404 1086
116.230.105.139 - - [07/Dec/2022:08:43:06 +0800] "GET /xingrg/javascript/jquery_tools/images/next.gif HTTP/1.1" 404 1086
58.40.7.146 - - [07/Dec/2022:08:43:06 +0800] "GET /xingrg/all/function/internal_message.html?_=1670373775626&CODE_STATE=getMsg HTTP/1.1" 200 27
114.95.43.237 - - [07/Dec/2022:08:43:15 +0800] "GET /xingrg/check_reg.html?_=1670373786357 HTTP/1.1" 200 22
114.95.43.237 - - [07/Dec/2022:08:43:15 +0800] "GET /xingrg/all/function/internal_message.html?_=1670373786353&CODE_STATE=getMsg HTTP/1.1" 200 27
116.230.105.139 - - [07/Dec/2022:08:43:18 +0800] "GET /xingrg/kc/buy/cgsh_order_operate.html?command=get_materiel&rest_code=00155&code=00101008350&supplier_code=00100005&order_time=2022-12-07 HTTP/1.1" 200 408
101.83.241.19 - - [07/Dec/2022:08:43:19 +0800] "GET /xingrg/all/function/internal_message.html?_=1670373786934&CODE_STATE=getMsg HTTP/1.1" 200 27
116.238.139.35 - - [07/Dec/2022:08:43:22 +0800] "GET /xingrg/all/function/internal_message.html?_=1670373733042&CODE_STATE=getMsg HTTP/1.1" 200 27
116.230.105.139 - - [07/Dec/2022:08:43:27 +0800] "GET /xingrg/kc/buy/cgsh_order_operate.html?command=get_materiel&rest_code=00155&code=00101008049&supplier_code=00100005&order_time=2022-12-07 HTTP/1.1" 200 408
222.70.177.10 - - [07/Dec/2022:08:43:28 +0800] "GET /xingrg/all/function/internal_message.html?_=1670373834164&CODE_STATE=getMsg HTTP/1.1" 200 27
120.253.135.82 - - [07/Dec/2022:08:43:29 +0800] "GET /xingrg/all/function/internal_message.html?_=1670373602006&CODE_STATE=getMsg HTTP/1.1" 200 27
116.238.139.35 - - [07/Dec/2022:08:43:29 +0800] "GET /xingrg/check_reg.html?_=1670373799405 HTTP/1.1" 200 22
116.238.139.35 - - [07/Dec/2022:08:43:29 +0800] "GET /xingrg/all/function/internal_message.html?_=1670373799644&CODE_STATE=getMsg HTTP/1.1" 200 27
114.95.43.237 - - [07/Dec/2022:08:43:34 +0800] "POST /xingrg/kc/buy/cgsh_order_operate.html HTTP/1.1" 200 37
116.230.105.139 - - [07/Dec/2022:08:43:35 +0800] "GET /xingrg/kc/buy/cgsh_order_operate.html?command=get_materiel&rest_code=00155&code=00101008126&supplier_code=00100005&order_time=2022-12-07 HTTP/1.1" 200 412
114.95.43.237 - - [07/Dec/2022:08:43:36 +0800] "POST /xingrg/kc/buy/cgsh_order_operate.html HTTP/1.1" 200 23938
114.95.43.237 - - [07/Dec/2022:08:43:37 +0800] "GET /xingrg/kc/buy/cgsh_order_add.html HTTP/1.1" 200 69654
114.95.43.237 - - [07/Dec/2022:08:43:38 +0800] "POST /xingrg/kc/buy/cgsh_order_operate.html HTTP/1.1" 200 8245
114.95.43.237 - - [07/Dec/2022:08:43:38 +0800] "GET /xingrg/javascript/easyui/themes/default/validatebox.css HTTP/1.1" 404 1104
116.230.105.139 - - [07/Dec/2022:08:43:41 +0800] "GET /xingrg/kc/buy/cgsh_order_operate.html?command=get_materiel&rest_code=00155&code=00101008357&supplier_code=00100005&order_time=2022-12-07 HTTP/1.1" 200 408
116.230.105.139 - - [07/Dec/2022:08:43:48 +0800] "GET /xingrg/kc/buy/cgsh_order_operate.html?command=get_materiel&rest_code=00155&code=00101008005&supplier_code=00100005&order_time=2022-12-07 HTTP/1.1" 200 412
114.95.43.237 - - [07/Dec/2022:08:43:48 +0800] "GET /xingrg/kc/buy/cgsh_order_operate.html?command=get_materiel&rest_code=00105&code=00101002027&supplier_code=00100397&order_time=2022-12-07 HTTP/1.1" 200 413
114.95.43.237 - - [07/Dec/2022:08:43:48 +0800] "GET /xingrg/all/function/internal_message.html?_=1670373665823&CODE_STATE=getMsg HTTP/1.1" 200 27
116.230.105.139 - - [07/Dec/2022:08:43:54 +0800] "GET /xingrg/kc/buy/cgsh_order_operate.html?command=get_materiel&rest_code=00155&code=00101008132&supplier_code=00100005&order_time=2022-12-07 HTTP/1.1" 200 408
116.230.105.139 - - [07/Dec/2022:08:43:56 +0800] "GET /xingrg/all/function/internal_message.html?_=1670373824001&CODE_STATE=getMsg HTTP/1.1" 200 27
114.84.38.109 - - [07/Dec/2022:08:43:56 +0800] "GET /xingrg/all/function/internal_message.html?_=1670373835084&CODE_STATE=getMsg HTTP/1.1" 200 27
114.84.38.109 - - [07/Dec/2022:08:43:59 +0800] "GET /xingrg/kc/buy/cgsh_order_list.html HTTP/1.1" 200 53797
114.84.38.109 - - [07/Dec/2022:08:44:00 +0800] "POST /xingrg/kc/buy/cgsh_list_operate.html HTTP/1.1" 200 986
114.95.43.237 - - [07/Dec/2022:08:44:01 +0800] "GET /xingrg/kc/buy/cgsh_order_operate.html?command=get_materiel&rest_code=00105&code=00101001010&supplier_code=00100397&order_time=2022-12-07 HTTP/1.1" 200 409
114.84.38.109 - - [07/Dec/2022:08:44:02 +0800] "GET /xingrg/javascript/pic_change.js HTTP/1.1" 304 -
114.84.38.109 - - [07/Dec/2022:08:44:02 +0800] "GET /xingrg/javascript/jquery_tools/order_manager.js HTTP/1.1" 304 -
114.84.38.109 - - [07/Dec/2022:08:44:02 +0800] "GET /xingrg/kc/buy/cgsh_order_add.html HTTP/1.1" 200 69572
114.84.38.109 - - [07/Dec/2022:08:44:02 +0800] "GET /xingrg/javascript/convert.js HTTP/1.1" 304 -
114.84.38.109 - - [07/Dec/2022:08:44:02 +0800] "GET /xingrg/javascript/json2.js HTTP/1.1" 304 -
114.84.38.109 - - [07/Dec/2022:08:44:02 +0800] "GET /xingrg/javascript/print/kc_print.js HTTP/1.1" 304 -
116.230.105.139 - - [07/Dec/2022:08:44:02 +0800] "GET /xingrg/kc/buy/cgsh_order_operate.html?command=get_materiel&rest_code=00155&code=00101008331&supplier_code=00100005&order_time=2022-12-07 HTTP/1.1" 200 416
114.84.38.109 - - [07/Dec/2022:08:44:02 +0800] "GET /xingrg/words/20221206173512_words.js HTTP/1.1" 304 -
114.84.38.109 - - [07/Dec/2022:08:44:02 +0800] "POST /xingrg/kc/buy/cgsh_order_operate.html HTTP/1.1" 200 8245
114.84.38.109 - - [07/Dec/2022:08:44:02 +0800] "GET /xingrg/all/common/auto_word.html?type=employee&rest_code=00146 HTTP/1.1" 200 101
114.84.38.109 - - [07/Dec/2022:08:44:02 +0800] "GET /xingrg/all/common/auto_word.html?type=employee&rest_code=00146 HTTP/1.1" 200 101
114.84.38.109 - - [07/Dec/2022:08:44:03 +0800] "GET /xingrg/javascript/easyui/themes/default/validatebox.css HTTP/1.1" 404 1104
114.84.38.109 - - [07/Dec/2022:08:44:03 +0800] "GET /xingrg/javascript/easyui/plugins/jquery.validatebox.js HTTP/1.1" 304 -
114.84.38.109 - - [07/Dec/2022:08:44:03 +0800] "GET /xingrg/javascript/easyui/plugins/jquery.numberbox.js HTTP/1.1" 304 -
58.40.7.146 - - [07/Dec/2022:08:44:06 +0800] "GET /xingrg/all/function/internal_message.html?_=1670373835627&CODE_STATE=getMsg HTTP/1.1" 200 27
116.230.105.139 - - [07/Dec/2022:08:44:09 +0800] "GET /xingrg/kc/buy/cgsh_order_operate.html?command=get_materiel&rest_code=00155&code=00101008010&supplier_code=00100005&order_time=2022-12-07 HTTP/1.1" 200 412
116.230.105.139 - - [07/Dec/2022:08:44:15 +0800] "GET /xingrg/kc/buy/cgsh_order_operate.html?command=get_materiel&rest_code=00155&code=00101008559&supplier_code=00100005&order_time=2022-12-07 HTTP/1.1" 200 413
114.95.43.237 - - [07/Dec/2022:08:44:15 +0800] "GET /xingrg/all/function/internal_message.html?_=1670373846394&CODE_STATE=getMsg HTTP/1.1" 200 27
114.95.43.237 - - [07/Dec/2022:08:44:16 +0800] "GET /xingrg/kc/buy/cgsh_order_operate.html?command=get_materiel&rest_code=00105&code=00101003025&supplier_code=00100397&order_time=2022-12-07 HTTP/1.1" 200 409
114.84.38.109 - - [07/Dec/2022:08:44:18 +0800] "GET /xingrg/kc/buy/cgsh_order_operate.html?command=get_materiel&rest_code=00146&code=00101008261&supplier_code=00100005&order_time=2022-12-07 HTTP/1.1" 200 408
101.83.241.19 - - [07/Dec/2022:08:44:19 +0800] "GET /xingrg/all/function/internal_message.html?_=1670373846944&CODE_STATE=getMsg HTTP/1.1" 200 27
116.230.105.139 - - [07/Dec/2022:08:44:22 +0800] "GET /xingrg/kc/buy/cgsh_order_operate.html?command=get_materiel&rest_code=00155&code=00101008096&supplier_code=00100005&order_time=2022-12-07 HTTP/1.1" 200 412
116.238.139.35 - - [07/Dec/2022:08:44:23 +0800] "GET /xingrg/all/function/internal_message.html?_=1670373793052&CODE_STATE=getMsg HTTP/1.1" 200 27
114.95.43.237 - - [07/Dec/2022:08:44:26 +0800] "POST /xingrg/kc/buy/cgsh_order_operate.html HTTP/1.1" 200 37
114.95.43.237 - - [07/Dec/2022:08:44:27 +0800] "POST /xingrg/kc/buy/cgsh_order_operate.html HTTP/1.1" 200 3836
222.70.177.10 - - [07/Dec/2022:08:44:28 +0800] "GET /xingrg/all/function/internal_message.html?_=1670373894143&CODE_STATE=getMsg HTTP/1.1" 200 27
120.253.135.82 - - [07/Dec/2022:08:44:29 +0800] "GET /xingrg/all/function/internal_message.html?_=1670373662014&CODE_STATE=getMsg HTTP/1.1" 200 27
116.230.105.139 - - [07/Dec/2022:08:44:29 +0800] "GET /xingrg/kc/buy/cgsh_order_operate.html?command=get_materiel&rest_code=00155&code=00101008264&supplier_code=00100005&order_time=2022-12-07 HTTP/1.1" 200 412
116.238.139.35 - - [07/Dec/2022:08:44:29 +0800] "GET /xingrg/all/function/internal_message.html?_=1670373859629&CODE_STATE=getMsg HTTP/1.1" 200 27
116.230.105.139 - - [07/Dec/2022:08:44:30 +0800] "POST /xingrg/services/DataTransmitService HTTP/1.1" 200 524
114.84.38.109 - - [07/Dec/2022:08:44:34 +0800] "GET /xingrg/kc/buy/cgsh_order_operate.html?command=get_materiel&rest_code=00146&code=00101008210&supplier_code=00100005&order_time=2022-12-07 HTTP/1.1" 200 408
116.230.105.139 - - [07/Dec/2022:08:44:36 +0800] "GET /xingrg/kc/buy/cgsh_order_operate.html?command=get_materiel&rest_code=00155&code=00101008024&supplier_code=00100005&order_time=2022-12-07 HTTP/1.1" 200 408
114.95.43.237 - - [07/Dec/2022:08:44:37 +0800] "GET /xingrg/index.html?sysBaseUrl=http%3A%2F%2F180.169.147.146%3A18081%2Fxingrg%2F&costTime=36×tamp=1585223203754 HTTP/1.1" 302 -
114.95.43.237 - - [07/Dec/2022:08:44:37 +0800] "GET /xingrg/login.html HTTP/1.1" 200 7641
114.95.43.237 - - [07/Dec/2022:08:44:37 +0800] "GET /favicon.ico HTTP/1.1" 404 -
116.230.105.139 - - [07/Dec/2022:08:44:44 +0800] "GET /xingrg/kc/buy/cgsh_order_operate.html?command=get_materiel&rest_code=00155&code=00101008356&supplier_code=00100005&order_time=2022-12-07 HTTP/1.1" 200 408
114.95.43.237 - - [07/Dec/2022:08:44:48 +0800] "GET /xingrg/all/function/internal_message.html?_=1670373725824&CODE_STATE=getMsg HTTP/1.1" 200 27
114.84.38.109 - - [07/Dec/2022:08:44:50 +0800] "GET /xingrg/kc/buy/cgsh_order_operate.html?command=get_materiel&rest_code=00146&code=00101008502&supplier_code=00100005&order_time=2022-12-07 HTTP/1.1" 200 412
116.230.105.139 - - [07/Dec/2022:08:44:54 +0800] "GET /xingrg/kc/buy/cgsh_order_operate.html?command=get_materiel&rest_code=00155&code=00101008205&supplier_code=00100005&order_time=2022-12-07 HTTP/1.1" 200 412
116.230.105.139 - - [07/Dec/2022:08:44:56 +0800] "GET /xingrg/all/function/internal_message.html?_=1670373884020&CODE_STATE=getMsg HTTP/1.1" 200 27
114.84.38.109 - - [07/Dec/2022:08:44:56 +0800] "GET /xingrg/all/function/internal_message.html?_=1670373895098&CODE_STATE=getMsg HTTP/1.1" 200 27
114.84.38.109 - - [07/Dec/2022:08:45:00 +0800] "GET /xingrg/kc/buy/cgsh_order_operate.html?command=get_materiel&rest_code=00146&code=00101008003&supplier_code=00100005&order_time=2022-12-07 HTTP/1.1" 200 408
116.230.105.139 - - [07/Dec/2022:08:45:01 +0800] "GET /xingrg/kc/buy/cgsh_order_operate.html?command=get_materiel&rest_code=00155&code=00101008251&supplier_code=00100005&order_time=2022-12-07 HTTP/1.1" 200 408
58.40.7.146 - - [07/Dec/2022:08:45:06 +0800] "GET /xingrg/check_reg.html?_=1670373895614 HTTP/1.1" 200 22
58.40.7.146 - - [07/Dec/2022:08:45:06 +0800] "GET /xingrg/all/function/internal_message.html?_=1670373895615&CODE_STATE=getMsg HTTP/1.1" 200 27
116.230.105.139 - - [07/Dec/2022:08:45:09 +0800] "GET /xingrg/kc/buy/cgsh_order_operate.html?command=get_materiel&rest_code=00155&code=00101008196&supplier_code=00100005&order_time=2022-12-07 HTTP/1.1" 200 416
114.84.38.109 - - [07/Dec/2022:08:45:15 +0800] "GET /xingrg/kc/buy/cgsh_order_operate.html?command=get_materiel&rest_code=00146&code=00101008137&supplier_code=00100005&order_time=2022-12-07 HTTP/1.1" 200 408
116.230.105.139 - - [07/Dec/2022:08:45:15 +0800] "GET /xingrg/kc/buy/cgsh_order_operate.html?command=get_materiel&rest_code=00155&code=00101008197&supplier_code=00100005&order_time=2022-12-07 HTTP/1.1" 200 416
101.83.241.19 - - [07/Dec/2022:08:45:19 +0800] "GET /xingrg/all/function/internal_message.html?_=1670373906938&CODE_STATE=getMsg HTTP/1.1" 200 27
116.230.105.139 - - [07/Dec/2022:08:45:21 +0800] "GET /xingrg/kc/buy/cgsh_order_operate.html?command=get_materiel&rest_code=00155&code=00101008006&supplier_code=00100005&order_time=2022-12-07 HTTP/1.1" 200 416
116.238.139.35 - - [07/Dec/2022:08:45:23 +0800] "GET /xingrg/all/function/internal_message.html?_=1670373853085&CODE_STATE=getMsg HTTP/1.1" 200 27
116.230.105.139 - - [07/Dec/2022:08:45:27 +0800] "GET /xingrg/kc/buy/cgsh_order_operate.html?command=get_materiel&rest_code=00155&code=00101008131&supplier_code=00100005&order_time=2022-12-07 HTTP/1.1" 200 408
222.70.177.10 - - [07/Dec/2022:08:45:28 +0800] "GET /xingrg/all/function/internal_message.html?_=1670373954122&CODE_STATE=getMsg HTTP/1.1" 200 27
114.84.38.109 - - [07/Dec/2022:08:45:28 +0800] "GET /xingrg/kc/buy/cgsh_order_operate.html?command=get_materiel&rest_code=00146&code=00101008270&supplier_code=00100005&order_time=2022-12-07 HTTP/1.1" 200 412
120.253.135.82 - - [07/Dec/2022:08:45:29 +0800] "GET /xingrg/all/function/internal_message.html?_=1670373722232&CODE_STATE=getMsg HTTP/1.1" 200 27
116.230.105.139 - - [07/Dec/2022:08:45:29 +0800] "POST /xingrg/kc/buy/cgsh_order_operate.html HTTP/1.1" 200 2065
116.238.139.35 - - [07/Dec/2022:08:45:29 +0800] "GET /xingrg/all/function/internal_message.html?_=1670373919602&CODE_STATE=getMsg HTTP/1.1" 200 27
116.230.105.139 - - [07/Dec/2022:08:45:34 +0800] "GET /xingrg/kc/buy/cgsh_order_operate.html?command=get_materiel&rest_code=00155&code=00101008108&supplier_code=00100005&order_time=2022-12-07 HTTP/1.1" 200 412
114.84.38.109 - - [07/Dec/2022:08:45:38 +0800] "GET /xingrg/kc/buy/cgsh_order_operate.html?command=get_materiel&rest_code=00146&code=00101008169&supplier_code=00100005&order_time=2022-12-07 HTTP/1.1" 200 412
114.95.43.237 - - [07/Dec/2022:08:45:40 +0800] "POST /xingrg/login.do HTTP/1.1" 200 2421
114.95.43.237 - - [07/Dec/2022:08:45:40 +0800] "GET /xingrg/images/blue/pic_top.gif HTTP/1.1" 304 -
114.95.43.237 - - [07/Dec/2022:08:45:40 +0800] "GET /xingrg/images/blue/pic_notice.jpg HTTP/1.1" 304 -
114.95.43.237 - - [07/Dec/2022:08:45:40 +0800] "GET /xingrg/images/blue/error_top.gif HTTP/1.1" 304 -
114.95.43.237 - - [07/Dec/2022:08:45:40 +0800] "GET /xingrg/images/blue/error_buttom.gif HTTP/1.1" 304 -
114.95.43.237 - - [07/Dec/2022:08:45:40 +0800] "GET /xingrg/images/blue/error_mid.gif HTTP/1.1" 304 -
114.95.43.237 - - [07/Dec/2022:08:45:40 +0800] "GET /favicon.ico HTTP/1.1" 404 -
116.230.105.139 - - [07/Dec/2022:08:45:41 +0800] "GET /xingrg/kc/buy/cgsh_order_operate.html?command=get_materiel&rest_code=00155&code=00101008318&supplier_code=00100005&order_time=2022-12-07 HTTP/1.1" 200 408
114.95.43.237 - - [07/Dec/2022:08:45:43 +0800] "GET /xingrg/login.html HTTP/1.1" 200 7641
114.95.43.237 - - [07/Dec/2022:08:45:43 +0800] "GET /favicon.ico HTTP/1.1" 404 -
114.95.43.237 - - [07/Dec/2022:08:45:44 +0800] "POST /xingrg/login.do HTTP/1.1" 302 -
114.95.43.237 - - [07/Dec/2022:08:45:44 +0800] "GET /xingrg/index.html?sysBaseUrl=http%3A%2F%2F180.169.147.146%3A18081%2Fxingrg%2F&costTime=46×tamp=1670373944781 HTTP/1.1" 200 17173
114.95.43.237 - - [07/Dec/2022:08:45:44 +0800] "GET /favicon.ico HTTP/1.1" 404 -
114.95.43.237 - - [07/Dec/2022:08:45:45 +0800] "POST /xingrg/all/common/load_tree.html?tree=area_rest_tree_json&manage=1 HTTP/1.1" 200 3499
114.95.43.237 - - [07/Dec/2022:08:45:45 +0800] "GET /xingrg/check_reg.html?_=1670373935633 HTTP/1.1" 200 22
114.95.43.237 - - [07/Dec/2022:08:45:45 +0800] "GET /xingrg/all/function/internal_message.html?_=1670373935633&CODE_STATE=count HTTP/1.1" 200 11
114.95.43.237 - - [07/Dec/2022:08:45:45 +0800] "POST /xingrg/load_menu.html HTTP/1.1" 200 5138
114.95.43.237 - - [07/Dec/2022:08:45:47 +0800] "GET /xingrg/kc/mdqp/pssh_order_list.html HTTP/1.1" 200 17931
114.95.43.237 - - [07/Dec/2022:08:45:48 +0800] "POST /xingrg/kc/mdqp/pssh_list_operate.html HTTP/1.1" 200 5237
114.95.43.237 - - [07/Dec/2022:08:45:48 +0800] "GET /xingrg/check_reg.html?_=1670373785810 HTTP/1.1" 200 22
114.95.43.237 - - [07/Dec/2022:08:45:48 +0800] "GET /xingrg/all/function/internal_message.html?_=1670373785813&CODE_STATE=getMsg HTTP/1.1" 200 27
116.230.105.139 - - [07/Dec/2022:08:45:49 +0800] "GET /xingrg/kc/buy/cgsh_order_operate.html?command=get_materiel&rest_code=00155&code=00101008353&supplier_code=00100005&order_time=2022-12-07 HTTP/1.1" 200 408
114.95.43.237 - - [07/Dec/2022:08:45:50 +0800] "POST /xingrg/kc/mdqp/pssh_list_operate.html HTTP/1.1" 200 654
114.84.38.109 - - [07/Dec/2022:08:45:51 +0800] "GET /xingrg/kc/buy/cgsh_order_operate.html?command=get_materiel&rest_code=00146&code=00101008331&supplier_code=00100005&order_time=2022-12-07 HTTP/1.1" 200 416
114.84.38.109 - - [07/Dec/2022:08:45:55 +0800] "GET /xingrg/check_reg.html?_=1670373953867 HTTP/1.1" 200 22
114.95.43.237 - - [07/Dec/2022:08:45:55 +0800] "GET /xingrg/javascript/jquery_tools/jquery-1.4.2.min.js HTTP/1.1" 404 1094
114.95.43.237 - - [07/Dec/2022:08:45:55 +0800] "GET /xingrg/kc/mdqp/pssh_order_info.html?code=312022120500127 HTTP/1.1" 200 17266
114.95.43.237 - - [07/Dec/2022:08:45:56 +0800] "GET /xingrg/javascript/easyui/themes/icons/back_new.png HTTP/1.1" 304 -
116.230.105.139 - - [07/Dec/2022:08:45:56 +0800] "GET /xingrg/all/function/internal_message.html?_=1670373944001&CODE_STATE=getMsg HTTP/1.1" 200 27
114.95.43.237 - - [07/Dec/2022:08:45:56 +0800] "GET /xingrg/all/common/auto_word.html?type=base&rest_code=00105&rest_code=00105 HTTP/1.1" 200 1907
114.95.43.237 - - [07/Dec/2022:08:45:56 +0800] "GET /xingrg/all/common/auto_word.html?type=employee&rest_code=00105 HTTP/1.1" 200 193
114.95.43.237 - - [07/Dec/2022:08:45:56 +0800] "GET /xingrg/javascript/easyui/themes/default/validatebox.css HTTP/1.1" 404 1104
114.95.43.237 - - [07/Dec/2022:08:45:56 +0800] "POST /xingrg/kc/mdqp/pssh_order_operate.html HTTP/1.1" 200 2581
114.84.38.109 - - [07/Dec/2022:08:45:56 +0800] "GET /xingrg/all/function/internal_message.html?_=1670373955111&CODE_STATE=getMsg HTTP/1.1" 200 27
116.230.105.139 - - [07/Dec/2022:08:45:59 +0800] "GET /xingrg/kc/buy/cgsh_order_operate.html?command=get_materiel&rest_code=00155&code=00101008103&supplier_code=00100005&order_time=2022-12-07 HTTP/1.1" 200 417
116.230.105.139 - - [07/Dec/2022:08:46:05 +0800] "GET /xingrg/kc/buy/cgsh_order_operate.html?command=get_materiel&rest_code=00155&code=00101008095&supplier_code=00100005&order_time=2022-12-07 HTTP/1.1" 200 412
58.40.7.146 - - [07/Dec/2022:08:46:06 +0800] "GET /xingrg/all/function/internal_message.html?_=1670373955618&CODE_STATE=getMsg HTTP/1.1" 200 27
116.230.105.139 - - [07/Dec/2022:08:46:07 +0800] "POST /xingrg/kc/buy/cgsh_order_operate.html HTTP/1.1" 200 2065
116.238.139.35 - - [07/Dec/2022:08:46:08 +0800] "GET /xingrg/check_reg.html?_=1670373898134 HTTP/1.1" 200 22
116.230.105.139 - - [07/Dec/2022:08:46:12 +0800] "GET /xingrg/kc/buy/cgsh_order_operate.html?command=get_materiel&rest_code=00155&code=00101008242&supplier_code=00100005&order_time=2022-12-07 HTTP/1.1" 200 408
114.84.38.109 - - [07/Dec/2022:08:46:13 +0800] "GET /xingrg/kc/buy/cgsh_order_operate.html?command=get_materiel&rest_code=00146&code=00101008354&supplier_code=00100005&order_time=2022-12-07 HTTP/1.1" 200 412
101.83.241.19 - - [07/Dec/2022:08:46:19 +0800] "GET /xingrg/check_reg.html?_=1670373966934 HTTP/1.1" 200 22
101.83.241.19 - - [07/Dec/2022:08:46:19 +0800] "GET /xingrg/all/function/internal_message.html?_=1670373966951&CODE_STATE=getMsg HTTP/1.1" 200 27
116.230.105.139 - - [07/Dec/2022:08:46:19 +0800] "GET /xingrg/kc/buy/cgsh_order_operate.html?command=get_materiel&rest_code=00155&code=00101008283&supplier_code=00100005&order_time=2022-12-07 HTTP/1.1" 200 408
116.238.139.35 - - [07/Dec/2022:08:46:23 +0800] "GET /xingrg/all/function/internal_message.html?_=1670373913095&CODE_STATE=getMsg HTTP/1.1" 200 27
114.95.43.237 - - [07/Dec/2022:08:46:23 +0800] "POST /xingrg/kc/mdqp/pssh_list_operate.html HTTP/1.1" 200 496
116.230.105.139 - - [07/Dec/2022:08:46:26 +0800] "GET /xingrg/kc/buy/cgsh_order_operate.html?command=get_materiel&rest_code=00155&code=00101008360&supplier_code=00100005&order_time=2022-12-07 HTTP/1.1" 200 413
222.70.177.10 - - [07/Dec/2022:08:46:28 +0800] "GET /xingrg/all/function/internal_message.html?_=1670374014093&CODE_STATE=getMsg HTTP/1.1" 200 27
114.95.43.237 - - [07/Dec/2022:08:46:28 +0800] "GET /xingrg/kc/mdqp/pssh_order_info.html?code=312022120500118 HTTP/1.1" 200 17266
114.95.43.237 - - [07/Dec/2022:08:46:28 +0800] "GET /xingrg/javascript/jquery_tools/jquery-1.4.2.min.js HTTP/1.1" 404 1094
114.95.43.237 - - [07/Dec/2022:08:46:28 +0800] "POST /xingrg/kc/mdqp/pssh_order_operate.html HTTP/1.1" 200 1599
114.95.43.237 - - [07/Dec/2022:08:46:28 +0800] "GET /xingrg/javascript/easyui/themes/default/validatebox.css HTTP/1.1" 404 1104
120.253.135.82 - - [07/Dec/2022:08:46:29 +0800] "GET /xingrg/all/function/internal_message.html?_=1670373782244&CODE_STATE=getMsg HTTP/1.1" 200 27
116.238.139.35 - - [07/Dec/2022:08:46:29 +0800] "GET /xingrg/all/function/internal_message.html?_=1670373979571&CODE_STATE=getMsg HTTP/1.1" 200 27
120.253.135.82 - - [07/Dec/2022:08:46:31 +0800] "POST /xingrg/kc/base/stock_operate.html HTTP/1.1" 200 1470
114.95.43.237 - - [07/Dec/2022:08:46:33 +0800] "POST /xingrg/kc/mdqp/pssh_list_operate.html HTTP/1.1" 200 2542
114.95.43.237 - - [07/Dec/2022:08:46:35 +0800] "GET /xingrg/kc/mdqp/pssh_order_list.html HTTP/1.1" 200 17931
114.95.43.237 - - [07/Dec/2022:08:46:35 +0800] "POST /xingrg/kc/mdqp/pssh_list_operate.html HTTP/1.1" 200 5237
114.95.43.237 - - [07/Dec/2022:08:46:36 +0800] "POST /xingrg/kc/mdqp/pssh_list_operate.html HTTP/1.1" 200 764
116.230.105.139 - - [07/Dec/2022:08:46:37 +0800] "GET /xingrg/kc/buy/cgsh_order_operate.html?command=get_materiel&rest_code=00155&code=00101008399&supplier_code=00100005&order_time=2022-12-07 HTTP/1.1" 200 409
114.95.43.237 - - [07/Dec/2022:08:46:39 +0800] "GET /xingrg/kc/mdqp/pssh_order_info.html?code=312022120500102 HTTP/1.1" 200 17266
114.95.43.237 - - [07/Dec/2022:08:46:39 +0800] "GET /xingrg/javascript/jquery_tools/jquery-1.4.2.min.js HTTP/1.1" 404 1094
114.95.43.237 - - [07/Dec/2022:08:46:40 +0800] "GET /xingrg/javascript/easyui/themes/default/validatebox.css HTTP/1.1" 404 1104
114.95.43.237 - - [07/Dec/2022:08:46:40 +0800] "POST /xingrg/kc/mdqp/pssh_order_operate.html HTTP/1.1" 200 9258
222.70.177.10 - - [07/Dec/2022:08:46:41 +0800] "GET /xingrg/check_reg.html?_=1670374027501 HTTP/1.1" 200 22
114.95.43.237 - - [07/Dec/2022:08:46:45 +0800] "GET /xingrg/all/function/internal_message.html?_=1670373995657&CODE_STATE=getMsg HTTP/1.1" 200 27
114.95.43.237 - - [07/Dec/2022:08:46:48 +0800] "GET /xingrg/all/function/internal_message.html?_=1670373845812&CODE_STATE=getMsg HTTP/1.1" 200 27
116.230.105.139 - - [07/Dec/2022:08:46:50 +0800] "GET /xingrg/kc/buy/cgsh_order_operate.html?command=get_materiel&rest_code=00155&code=00101008036&supplier_code=00100005&order_time=2022-12-07 HTTP/1.1" 200 408
114.84.38.109 - - [07/Dec/2022:08:46:51 +0800] "GET /xingrg/kc/buy/cgsh_order_operate.html?command=get_materiel&rest_code=00146&code=00101008125&supplier_code=00100005&order_time=2022-12-07 HTTP/1.1" 200 413
116.230.105.139 - - [07/Dec/2022:08:46:54 +0800] "POST /xingrg/kc/buy/cgsh_order_operate.html HTTP/1.1" 200 2065
116.230.105.139 - - [07/Dec/2022:08:46:56 +0800] "GET /xingrg/all/function/internal_message.html?_=1670374004038&CODE_STATE=getMsg HTTP/1.1" 200 27
114.84.38.109 - - [07/Dec/2022:08:46:56 +0800] "GET /xingrg/all/function/internal_message.html?_=1670374015125&CODE_STATE=getMsg HTTP/1.1" 200 27
120.253.135.82 - - [07/Dec/2022:08:46:57 +0800] "POST /xingrg/kc/base/stock_operate.html HTTP/1.1" 200 1464
120.253.135.82 - - [07/Dec/2022:08:46:58 +0800] "GET /xingrg/check_reg.html?_=1670373811088 HTTP/1.1" 200 22
114.84.38.109 - - [07/Dec/2022:08:47:05 +0800] "GET /xingrg/kc/buy/cgsh_order_operate.html?command=get_materiel&rest_code=00146&code=00101008096&supplier_code=00100005&order_time=2022-12-07 HTTP/1.1" 200 412
58.40.7.146 - - [07/Dec/2022:08:47:06 +0800] "GET /xingrg/all/function/internal_message.html?_=1670374015628&CODE_STATE=getMsg HTTP/1.1" 200 27
116.230.105.139 - - [07/Dec/2022:08:47:11 +0800] "GET /xingrg/kc/buy/cgsh_order_operate.html?command=get_materiel&rest_code=00155&code=00101008114&supplier_code=00100005&order_time=2022-12-07 HTTP/1.1" 200 412
116.230.105.139 - - [07/Dec/2022:08:47:18 +0800] "GET /xingrg/kc/buy/cgsh_order_operate.html?command=get_materiel&rest_code=00155&code=00101008223&supplier_code=00100005&order_time=2022-12-07 HTTP/1.1" 200 412
114.84.38.109 - - [07/Dec/2022:08:47:19 +0800] "GET /xingrg/kc/buy/cgsh_order_operate.html?command=get_materiel&rest_code=00146&code=00101008148&supplier_code=00100005&order_time=2022-12-07 HTTP/1.1" 200 416
116.238.139.35 - - [07/Dec/2022:08:47:23 +0800] "GET /xingrg/all/function/internal_message.html?_=1670373973108&CODE_STATE=getMsg HTTP/1.1" 200 27
116.230.105.139 - - [07/Dec/2022:08:47:26 +0800] "GET /xingrg/kc/buy/cgsh_order_operate.html?command=get_materiel&rest_code=00155&code=00101008061&supplier_code=00100005&order_time=2022-12-07 HTTP/1.1" 200 422
222.70.177.10 - - [07/Dec/2022:08:47:28 +0800] "GET /xingrg/all/function/internal_message.html?_=1670374074074&CODE_STATE=getMsg HTTP/1.1" 200 27
120.253.135.82 - - [07/Dec/2022:08:47:29 +0800] "GET /xingrg/all/function/internal_message.html?_=1670373842257&CODE_STATE=getMsg HTTP/1.1" 200 27
116.238.139.35 - - [07/Dec/2022:08:47:29 +0800] "GET /xingrg/all/function/internal_message.html?_=1670374039557&CODE_STATE=getMsg HTTP/1.1" 200 27
116.230.105.139 - - [07/Dec/2022:08:47:31 +0800] "POST /xingrg/kc/buy/cgsh_order_operate.html HTTP/1.1" 200 2065
116.230.105.139 - - [07/Dec/2022:08:47:37 +0800] "GET /xingrg/kc/buy/cgsh_order_operate.html?command=get_materiel&rest_code=00155&code=00101008229&supplier_code=00100005&order_time=2022-12-07 HTTP/1.1" 200 420
114.95.43.237 - - [07/Dec/2022:08:47:45 +0800] "GET /xingrg/all/function/internal_message.html?_=1670374055639&CODE_STATE=getMsg HTTP/1.1" 200 27
114.95.43.237 - - [07/Dec/2022:08:47:48 +0800] "GET /xingrg/all/function/internal_message.html?_=1670373905812&CODE_STATE=getMsg HTTP/1.1" 200 27
116.230.105.139 - - [07/Dec/2022:08:47:49 +0800] "GET /xingrg/kc/buy/cgsh_order_operate.html?command=get_materiel&rest_code=00155&code=00101008298&supplier_code=00100005&order_time=2022-12-07 HTTP/1.1" 200 412
116.230.105.139 - - [07/Dec/2022:08:47:56 +0800] "GET /xingrg/check_reg.html?_=1670374064015 HTTP/1.1" 200 22
116.230.105.139 - - [07/Dec/2022:08:47:56 +0800] "GET /xingrg/all/function/internal_message.html?_=1670374064019&CODE_STATE=getMsg HTTP/1.1" 200 27
114.84.38.109 - - [07/Dec/2022:08:47:56 +0800] "GET /xingrg/all/function/internal_message.html?_=1670374075139&CODE_STATE=getMsg HTTP/1.1" 200 27
120.253.135.82 - - [07/Dec/2022:08:48:00 +0800] "POST /xingrg/kc/base/stock_operate.html HTTP/1.1" 200 1704
58.40.7.146 - - [07/Dec/2022:08:48:06 +0800] "GET /xingrg/all/function/internal_message.html?_=1670374075628&CODE_STATE=getMsg HTTP/1.1" 200 27
116.230.105.139 - - [07/Dec/2022:08:48:07 +0800] "POST /xingrg/kc/buy/cgsh_order_operate.html HTTP/1.1" 200 37
116.230.105.139 - - [07/Dec/2022:08:48:08 +0800] "POST /xingrg/kc/buy/cgsh_order_operate.html HTTP/1.1" 200 23954
116.230.105.139 - - [07/Dec/2022:08:48:09 +0800] "GET /xingrg/kc/print/load_config.html?kc_code=cgsh HTTP/1.1" 200 1943
116.230.105.139 - - [07/Dec/2022:08:48:09 +0800] "GET /xingrg/kc/print/load_data.html?order_code=212022120701688&kc_code=cgsh&condition= HTTP/1.1" 200 8784
116.230.105.139 - - [07/Dec/2022:08:48:15 +0800] "GET /xingrg/kc/print/load_data.html?order_code=212022120701688&kc_code=cgsh HTTP/1.1" 200 8784
116.238.139.35 - - [07/Dec/2022:08:48:23 +0800] "GET /xingrg/all/function/internal_message.html?_=1670374033141&CODE_STATE=getMsg HTTP/1.1" 200 27
116.230.105.139 - - [07/Dec/2022:08:48:28 +0800] "GET /xingrg/kc/buy/cgsh_order_add.html HTTP/1.1" 200 69578
222.70.177.10 - - [07/Dec/2022:08:48:28 +0800] "GET /xingrg/all/function/internal_message.html?_=1670374134067&CODE_STATE=getMsg HTTP/1.1" 200 27
116.230.105.139 - - [07/Dec/2022:08:48:28 +0800] "POST /xingrg/kc/buy/cgsh_order_operate.html HTTP/1.1" 200 8245
116.230.105.139 - - [07/Dec/2022:08:48:28 +0800] "GET /xingrg/javascript/easyui/themes/default/validatebox.css HTTP/1.1" 404 1104
120.253.135.82 - - [07/Dec/2022:08:48:29 +0800] "GET /xingrg/all/function/internal_message.html?_=1670373902271&CODE_STATE=getMsg HTTP/1.1" 200 27
116.238.139.35 - - [07/Dec/2022:08:48:29 +0800] "GET /xingrg/check_reg.html?_=1670374099407 HTTP/1.1" 200 22
116.238.139.35 - - [07/Dec/2022:08:48:29 +0800] "GET /xingrg/all/function/internal_message.html?_=1670374099535&CODE_STATE=getMsg HTTP/1.1" 200 27
116.230.105.139 - - [07/Dec/2022:08:48:37 +0800] "GET /xingrg/kc/buy/cgsh_order_operate.html?command=get_materiel&rest_code=00155&code=00101007072&supplier_code=00100002&order_time=2022-12-07 HTTP/1.1" 200 413
114.95.43.237 - - [07/Dec/2022:08:48:45 +0800] "GET /xingrg/all/function/internal_message.html?_=1670374115647&CODE_STATE=getMsg HTTP/1.1" 200 27
114.84.38.109 - - [07/Dec/2022:08:48:45 +0800] "GET /xingrg/kc/buy/cgsh_order_operate.html?command=get_materiel&rest_code=00146&code=00101008264&supplier_code=00100005&order_time=2022-12-07 HTTP/1.1" 200 412
116.230.105.139 - - [07/Dec/2022:08:48:47 +0800] "GET /xingrg/kc/buy/cgsh_order_operate.html?command=get_materiel&rest_code=00155&code=00101007032&supplier_code=00100002&order_time=2022-12-07 HTTP/1.1" 200 413
114.95.43.237 - - [07/Dec/2022:08:48:48 +0800] "GET /xingrg/all/function/internal_message.html?_=1670373965812&CODE_STATE=getMsg HTTP/1.1" 200 27
116.230.105.139 - - [07/Dec/2022:08:48:52 +0800] "POST /xingrg/kc/buy/cgsh_order_operate.html HTTP/1.1" 200 37
116.230.105.139 - - [07/Dec/2022:08:48:54 +0800] "POST /xingrg/kc/buy/cgsh_order_operate.html HTTP/1.1" 200 3249
116.230.105.139 - - [07/Dec/2022:08:48:55 +0800] "GET /xingrg/kc/print/load_data.html?order_code=212022120701689&kc_code=cgsh&condition= HTTP/1.1" 200 974
116.230.105.139 - - [07/Dec/2022:08:48:56 +0800] "GET /xingrg/all/function/internal_message.html?_=1670374124048&CODE_STATE=getMsg HTTP/1.1" 200 27
114.84.38.109 - - [07/Dec/2022:08:48:56 +0800] "GET /xingrg/all/function/internal_message.html?_=1670374135151&CODE_STATE=getMsg HTTP/1.1" 200 27
116.230.105.139 - - [07/Dec/2022:08:48:59 +0800] "GET /xingrg/kc/print/load_data.html?order_code=212022120701689&kc_code=cgsh HTTP/1.1" 200 974
58.40.7.146 - - [07/Dec/2022:08:49:06 +0800] "GET /xingrg/all/function/internal_message.html?_=1670374135630&CODE_STATE=getMsg HTTP/1.1" 200 27
116.230.105.139 - - [07/Dec/2022:08:49:07 +0800] "GET /xingrg/kc/buy/cgsh_order_add.html HTTP/1.1" 200 69578
116.230.105.139 - - [07/Dec/2022:08:49:07 +0800] "POST /xingrg/kc/buy/cgsh_order_operate.html HTTP/1.1" 200 8245
116.230.105.139 - - [07/Dec/2022:08:49:08 +0800] "GET /xingrg/javascript/easyui/themes/default/validatebox.css HTTP/1.1" 404 1104
114.84.38.109 - - [07/Dec/2022:08:49:11 +0800] "GET /xingrg/kc/buy/cgsh_order_operate.html?command=get_materiel&rest_code=00146&code=00101008196&supplier_code=00100005&order_time=2022-12-07 HTTP/1.1" 200 416
116.230.105.139 - - [07/Dec/2022:08:49:16 +0800] "GET /xingrg/kc/buy/cgsh_order_operate.html?command=get_materiel&rest_code=00155&code=00101006057&supplier_code=00100012&order_time=2022-12-07 HTTP/1.1" 200 413
116.238.139.35 - - [07/Dec/2022:08:49:23 +0800] "GET /xingrg/all/function/internal_message.html?_=1670374093151&CODE_STATE=getMsg HTTP/1.1" 200 27
116.230.105.139 - - [07/Dec/2022:08:49:25 +0800] "GET /xingrg/kc/buy/cgsh_order_operate.html?command=get_materiel&rest_code=00155&code=00101006056&supplier_code=00100012&order_time=2022-12-07 HTTP/1.1" 200 413
114.84.38.109 - - [07/Dec/2022:08:49:25 +0800] "GET /xingrg/kc/buy/cgsh_order_operate.html?command=get_materiel&rest_code=00146&code=00101008013&supplier_code=00100005&order_time=2022-12-07 HTTP/1.1" 200 408
222.70.177.10 - - [07/Dec/2022:08:49:28 +0800] "GET /xingrg/all/function/internal_message.html?_=1670374194055&CODE_STATE=getMsg HTTP/1.1" 200 27
120.253.135.82 - - [07/Dec/2022:08:49:29 +0800] "GET /xingrg/all/function/internal_message.html?_=1670373962481&CODE_STATE=getMsg HTTP/1.1" 200 27
116.238.139.35 - - [07/Dec/2022:08:49:29 +0800] "GET /xingrg/all/function/internal_message.html?_=1670374159507&CODE_STATE=getMsg HTTP/1.1" 200 27
116.230.105.139 - - [07/Dec/2022:08:49:31 +0800] "GET /xingrg/kc/buy/cgsh_order_operate.html?command=get_materiel&rest_code=00155&code=00101006109&supplier_code=00100012&order_time=2022-12-07 HTTP/1.1" 200 409
116.230.105.139 - - [07/Dec/2022:08:49:36 +0800] "POST /xingrg/kc/buy/cgsh_order_operate.html HTTP/1.1" 200 37
116.230.105.139 - - [07/Dec/2022:08:49:38 +0800] "POST /xingrg/kc/buy/cgsh_order_operate.html HTTP/1.1" 200 3841
114.84.38.109 - - [07/Dec/2022:08:49:38 +0800] "GET /xingrg/kc/buy/cgsh_order_operate.html?command=get_materiel&rest_code=00146&code=00101008069&supplier_code=00100005&order_time=2022-12-07 HTTP/1.1" 200 412
116.230.105.139 - - [07/Dec/2022:08:49:38 +0800] "GET /xingrg/kc/print/load_data.html?order_code=212022120701690&kc_code=cgsh&condition= HTTP/1.1" 200 1223
116.230.105.139 - - [07/Dec/2022:08:49:41 +0800] "GET /xingrg/kc/print/load_data.html?order_code=212022120701690&kc_code=cgsh HTTP/1.1" 200 1223
114.95.43.237 - - [07/Dec/2022:08:49:45 +0800] "GET /xingrg/all/function/internal_message.html?_=1670374175645&CODE_STATE=getMsg HTTP/1.1" 200 27
116.230.105.139 - - [07/Dec/2022:08:49:48 +0800] "GET /xingrg/kc/buy/cgsh_order_add.html HTTP/1.1" 200 69578
114.95.43.237 - - [07/Dec/2022:08:49:48 +0800] "GET /xingrg/all/function/internal_message.html?_=1670374025813&CODE_STATE=getMsg HTTP/1.1" 200 27
116.230.105.139 - - [07/Dec/2022:08:49:48 +0800] "POST /xingrg/kc/buy/cgsh_order_operate.html HTTP/1.1" 200 8245
116.230.105.139 - - [07/Dec/2022:08:49:48 +0800] "GET /xingrg/javascript/easyui/themes/default/validatebox.css HTTP/1.1" 404 1104
114.84.38.109 - - [07/Dec/2022:08:49:50 +0800] "GET /xingrg/kc/buy/cgsh_order_operate.html?command=get_materiel&rest_code=00146&code=00101008352&supplier_code=00100005&order_time=2022-12-07 HTTP/1.1" 200 412
116.230.105.139 - - [07/Dec/2022:08:49:56 +0800] "GET /xingrg/all/function/internal_message.html?_=1670374184033&CODE_STATE=getMsg HTTP/1.1" 200 27
114.84.38.109 - - [07/Dec/2022:08:49:56 +0800] "GET /xingrg/all/function/internal_message.html?_=1670374195166&CODE_STATE=getMsg HTTP/1.1" 200 27
116.230.105.139 - - [07/Dec/2022:08:49:56 +0800] "GET /xingrg/kc/buy/cgsh_order_operate.html?command=get_materiel&rest_code=00155&code=00101002027&supplier_code=00100199&order_time=2022-12-07 HTTP/1.1" 200 413
116.230.105.139 - - [07/Dec/2022:08:50:04 +0800] "GET /xingrg/kc/buy/cgsh_order_operate.html?command=get_materiel&rest_code=00155&code=00101001060&supplier_code=00100199&order_time=2022-12-07 HTTP/1.1" 200 419
114.84.38.109 - - [07/Dec/2022:08:50:04 +0800] "GET /xingrg/kc/buy/cgsh_order_operate.html?command=get_materiel&rest_code=00146&code=00101008005&supplier_code=00100005&order_time=2022-12-07 HTTP/1.1" 200 412
58.40.7.146 - - [07/Dec/2022:08:50:06 +0800] "GET /xingrg/check_reg.html?_=1670374195617 HTTP/1.1" 200 22
58.40.7.146 - - [07/Dec/2022:08:50:06 +0800] "GET /xingrg/all/function/internal_message.html?_=1670374195618&CODE_STATE=getMsg HTTP/1.1" 200 27
116.230.105.139 - - [07/Dec/2022:08:50:12 +0800] "GET /xingrg/kc/buy/cgsh_order_operate.html?command=get_materiel&rest_code=00155&code=00101002034&supplier_code=00100199&order_time=2022-12-07 HTTP/1.1" 200 409
114.84.38.109 - - [07/Dec/2022:08:50:19 +0800] "GET /xingrg/kc/buy/cgsh_order_operate.html?command=get_materiel&rest_code=00146&code=00101008353&supplier_code=00100005&order_time=2022-12-07 HTTP/1.1" 200 408
116.230.105.139 - - [07/Dec/2022:08:50:20 +0800] "GET /xingrg/kc/buy/cgsh_order_operate.html?command=get_materiel&rest_code=00155&code=00101003037&supplier_code=00100199&order_time=2022-12-07 HTTP/1.1" 200 415
114.84.38.109 - - [07/Dec/2022:08:50:22 +0800] "POST /xingrg/kc/buy/cgsh_order_operate.html HTTP/1.1" 200 2065
116.238.139.35 - - [07/Dec/2022:08:50:23 +0800] "GET /xingrg/all/function/internal_message.html?_=1670374153184&CODE_STATE=getMsg HTTP/1.1" 200 27
222.70.177.10 - - [07/Dec/2022:08:50:28 +0800] "GET /xingrg/all/function/internal_message.html?_=1670374254037&CODE_STATE=getMsg HTTP/1.1" 200 27
116.238.139.35 - - [07/Dec/2022:08:50:29 +0800] "GET /xingrg/all/function/internal_message.html?_=1670374219492&CODE_STATE=getMsg HTTP/1.1" 200 27
120.253.135.82 - - [07/Dec/2022:08:50:29 +0800] "GET /xingrg/all/function/internal_message.html?_=1670374022662&CODE_STATE=getMsg HTTP/1.1" 200 27
116.230.105.139 - - [07/Dec/2022:08:50:30 +0800] "GET /xingrg/kc/buy/cgsh_order_operate.html?command=get_materiel&rest_code=00155&code=00101001125&supplier_code=00100199&order_time=2022-12-07 HTTP/1.1" 200 415
114.84.38.109 - - [07/Dec/2022:08:50:33 +0800] "GET /xingrg/kc/buy/cgsh_order_operate.html?command=get_materiel&rest_code=00146&code=00101008091&supplier_code=00100005&order_time=2022-12-07 HTTP/1.1" 200 412
116.230.105.139 - - [07/Dec/2022:08:50:38 +0800] "GET /xingrg/kc/buy/cgsh_order_operate.html?command=get_materiel&rest_code=00155&code=00101006161&supplier_code=00100199&order_time=2022-12-07 HTTP/1.1" 200 411
114.95.43.237 - - [07/Dec/2022:08:50:45 +0800] "GET /xingrg/check_reg.html?_=1670374235645 HTTP/1.1" 200 22
114.95.43.237 - - [07/Dec/2022:08:50:45 +0800] "GET /xingrg/all/function/internal_message.html?_=1670374235648&CODE_STATE=getMsg HTTP/1.1" 200 27
116.230.105.139 - - [07/Dec/2022:08:50:47 +0800] "POST /xingrg/kc/buy/cgsh_order_operate.html HTTP/1.1" 200 37
114.95.43.237 - - [07/Dec/2022:08:50:48 +0800] "GET /xingrg/check_reg.html?_=1670374085819 HTTP/1.1" 200 22
116.230.105.139 - - [07/Dec/2022:08:50:48 +0800] "POST /xingrg/kc/buy/cgsh_order_operate.html HTTP/1.1" 200 5639
114.95.43.237 - - [07/Dec/2022:08:50:48 +0800] "GET /xingrg/all/function/internal_message.html?_=1670374085823&CODE_STATE=getMsg HTTP/1.1" 200 27
116.230.105.139 - - [07/Dec/2022:08:50:49 +0800] "GET /xingrg/kc/print/load_data.html?order_code=212022120701691&kc_code=cgsh&condition= HTTP/1.1" 200 1826
114.84.38.109 - - [07/Dec/2022:08:50:52 +0800] "GET /xingrg/kc/buy/cgsh_order_operate.html?command=get_materiel&rest_code=00146&code=00101008027&supplier_code=00100005&order_time=2022-12-07 HTTP/1.1" 200 408
120.253.135.82 - - [07/Dec/2022:08:50:52 +0800] "GET /xingrg/javascript/easyui/themes/sunny/images/ui-bg_gloss-wave_60_fece2f_500x100.png HTTP/1.1" 200 3512
114.84.38.109 - - [07/Dec/2022:08:50:55 +0800] "GET /xingrg/check_reg.html?_=1670374253872 HTTP/1.1" 200 22
116.230.105.139 - - [07/Dec/2022:08:50:56 +0800] "GET /xingrg/all/function/internal_message.html?_=1670374244026&CODE_STATE=getMsg HTTP/1.1" 200 27
114.84.38.109 - - [07/Dec/2022:08:50:56 +0800] "GET /xingrg/all/function/internal_message.html?_=1670374255179&CODE_STATE=getMsg HTTP/1.1" 200 27
58.40.7.146 - - [07/Dec/2022:08:51:06 +0800] "GET /xingrg/all/function/internal_message.html?_=1670374255619&CODE_STATE=getMsg HTTP/1.1" 200 27
116.238.139.35 - - [07/Dec/2022:08:51:08 +0800] "GET /xingrg/check_reg.html?_=1670374198144 HTTP/1.1" 200 22
120.253.135.82 - - [07/Dec/2022:08:51:12 +0800] "POST /xingrg/kc/base/stock_operate.html HTTP/1.1" 200 1472
114.84.38.109 - - [07/Dec/2022:08:51:14 +0800] "GET /xingrg/kc/buy/cgsh_order_operate.html?command=get_materiel&rest_code=00146&code=00101008112&supplier_code=00100005&order_time=2022-12-07 HTTP/1.1" 200 412
116.238.139.35 - - [07/Dec/2022:08:51:23 +0800] "GET /xingrg/all/function/internal_message.html?_=1670374213194&CODE_STATE=getMsg HTTP/1.1" 200 27
222.70.177.10 - - [07/Dec/2022:08:51:28 +0800] "GET /xingrg/all/function/internal_message.html?_=1670374314028&CODE_STATE=getMsg HTTP/1.1" 200 27
116.238.139.35 - - [07/Dec/2022:08:51:29 +0800] "GET /xingrg/all/function/internal_message.html?_=1670374279481&CODE_STATE=getMsg HTTP/1.1" 200 27
120.253.135.82 - - [07/Dec/2022:08:51:29 +0800] "GET /xingrg/all/function/internal_message.html?_=1670374082671&CODE_STATE=getMsg HTTP/1.1" 200 27
222.70.177.10 - - [07/Dec/2022:08:51:41 +0800] "GET /xingrg/check_reg.html?_=1670374327498 HTTP/1.1" 200 22
114.95.43.237 - - [07/Dec/2022:08:51:45 +0800] "GET /xingrg/all/function/internal_message.html?_=1670374295647&CODE_STATE=getMsg HTTP/1.1" 200 27
114.84.38.109 - - [07/Dec/2022:08:51:46 +0800] "GET /xingrg/kc/buy/cgsh_order_operate.html?command=get_materiel&rest_code=00146&code=00101008038&supplier_code=00100005&order_time=2022-12-07 HTTP/1.1" 200 412
114.95.43.237 - - [07/Dec/2022:08:51:48 +0800] "GET /xingrg/all/function/internal_message.html?_=1670374145823&CODE_STATE=getMsg HTTP/1.1" 200 27
120.253.135.82 - - [07/Dec/2022:08:51:49 +0800] "POST /xingrg/kc/base/stock_operate.html HTTP/1.1" 200 1725
116.230.105.139 - - [07/Dec/2022:08:51:56 +0800] "GET /xingrg/all/function/internal_message.html?_=1670374303997&CODE_STATE=getMsg HTTP/1.1" 200 27
114.84.38.109 - - [07/Dec/2022:08:51:56 +0800] "GET /xingrg/all/function/internal_message.html?_=1670374315192&CODE_STATE=getMsg HTTP/1.1" 200 27
120.253.135.82 - - [07/Dec/2022:08:51:58 +0800] "GET /xingrg/check_reg.html?_=1670374111109 HTTP/1.1" 200 22
58.40.7.146 - - [07/Dec/2022:08:52:06 +0800] "GET /xingrg/all/function/internal_message.html?_=1670374315623&CODE_STATE=getMsg HTTP/1.1" 200 27
120.253.135.82 - - [07/Dec/2022:08:52:20 +0800] "POST /xingrg/kc/base/stock_operate.html HTTP/1.1" 200 2260
116.238.139.35 - - [07/Dec/2022:08:52:20 +0800] "GET /xingrg/css/base.css HTTP/1.1" 304 -
116.238.139.35 - - [07/Dec/2022:08:52:20 +0800] "GET /xingrg/css/site.css HTTP/1.1" 304 -
116.238.139.35 - - [07/Dec/2022:08:52:20 +0800] "GET /xingrg/javascript/jquery_tools/jquery.tools.min.js HTTP/1.1" 304 -
116.238.139.35 - - [07/Dec/2022:08:52:20 +0800] "GET /xingrg/kc/buy/cgsh_order_add.html HTTP/1.1" 200 69584
116.238.139.35 - - [07/Dec/2022:08:52:20 +0800] "GET /xingrg/javascript/jquery_tools/jquery.tools.extend.js HTTP/1.1" 304 -
116.238.139.35 - - [07/Dec/2022:08:52:20 +0800] "GET /xingrg/javascript/jquery_tools/jquery.tools.hotkey.js HTTP/1.1" 304 -
116.238.139.35 - - [07/Dec/2022:08:52:20 +0800] "GET /xingrg/javascript/jquery_tools/jquery.tools.table.js HTTP/1.1" 304 -
116.238.139.35 - - [07/Dec/2022:08:52:20 +0800] "GET /xingrg/javascript/auto/jquery.autocomplete.js HTTP/1.1" 304 -
116.238.139.35 - - [07/Dec/2022:08:52:20 +0800] "GET /xingrg/javascript/jquery.utils.js HTTP/1.1" 304 -
116.238.139.35 - - [07/Dec/2022:08:52:20 +0800] "GET /xingrg/javascript/convert.js HTTP/1.1" 304 -
116.238.139.35 - - [07/Dec/2022:08:52:20 +0800] "GET /xingrg/javascript/json2.js HTTP/1.1" 304 -
116.238.139.35 - - [07/Dec/2022:08:52:20 +0800] "GET /xingrg/javascript/easyui/easyloader.js HTTP/1.1" 304 -
116.238.139.35 - - [07/Dec/2022:08:52:20 +0800] "GET /xingrg/javascript/jquery_tools/order_manager.js HTTP/1.1" 304 -
116.238.139.35 - - [07/Dec/2022:08:52:20 +0800] "GET /xingrg/javascript/print/kc_print.js HTTP/1.1" 304 -
116.238.139.35 - - [07/Dec/2022:08:52:20 +0800] "GET /xingrg/javascript/print/LodopFuncs.js HTTP/1.1" 304 -
116.238.139.35 - - [07/Dec/2022:08:52:20 +0800] "GET /xingrg/javascript/jquery.cookie.js HTTP/1.1" 304 -
116.238.139.35 - - [07/Dec/2022:08:52:21 +0800] "GET /xingrg/javascript/easyui/themes/icon.css HTTP/1.1" 304 -
116.238.139.35 - - [07/Dec/2022:08:52:21 +0800] "GET /xingrg/javascript/jquery_tools/datebox.css HTTP/1.1" 304 -
116.238.139.35 - - [07/Dec/2022:08:52:21 +0800] "GET /xingrg/javascript/easyui/themes/default/easyui.css HTTP/1.1" 304 -
116.238.139.35 - - [07/Dec/2022:08:52:21 +0800] "GET /xingrg/javascript/auto/jquery.autocomplete.css HTTP/1.1" 304 -
116.238.139.35 - - [07/Dec/2022:08:52:21 +0800] "GET /xingrg/javascript/pic_change.js HTTP/1.1" 304 -
116.238.139.35 - - [07/Dec/2022:08:52:21 +0800] "GET /xingrg/javascript/jquery_tools/table.css HTTP/1.1" 304 -
116.238.139.35 - - [07/Dec/2022:08:52:21 +0800] "GET /xingrg/words/20221206173512_words.js HTTP/1.1" 304 -
116.238.139.35 - - [07/Dec/2022:08:52:21 +0800] "GET /xingrg/javascript/jquery_tools/fix.css HTTP/1.1" 304 -
116.238.139.35 - - [07/Dec/2022:08:52:21 +0800] "GET /xingrg/javascript/easyui/plugins/jquery.parser.js HTTP/1.1" 304 -
116.238.139.35 - - [07/Dec/2022:08:52:21 +0800] "POST /xingrg/kc/buy/cgsh_order_operate.html HTTP/1.1" 200 8245
116.238.139.35 - - [07/Dec/2022:08:52:21 +0800] "GET /xingrg/all/common/auto_word.html?type=employee&rest_code=00150 HTTP/1.1" 200 159
116.238.139.35 - - [07/Dec/2022:08:52:21 +0800] "GET /xingrg/all/common/auto_word.html?type=employee&rest_code=00150 HTTP/1.1" 200 159
116.238.139.35 - - [07/Dec/2022:08:52:21 +0800] "GET /xingrg/javascript/easyui/plugins/jquery.validatebox.js HTTP/1.1" 304 -
116.238.139.35 - - [07/Dec/2022:08:52:21 +0800] "GET /xingrg/javascript/easyui/themes/default/validatebox.css HTTP/1.1" 404 1104
116.238.139.35 - - [07/Dec/2022:08:52:21 +0800] "GET /xingrg/javascript/easyui/plugins/jquery.numberbox.js HTTP/1.1" 304 -
116.238.139.35 - - [07/Dec/2022:08:52:23 +0800] "GET /xingrg/all/function/internal_message.html?_=1670374273208&CODE_STATE=getMsg HTTP/1.1" 200 27
222.70.177.10 - - [07/Dec/2022:08:52:27 +0800] "GET /xingrg/all/function/internal_message.html?_=1670374374002&CODE_STATE=getMsg HTTP/1.1" 200 27
116.238.139.35 - - [07/Dec/2022:08:52:29 +0800] "GET /xingrg/all/function/internal_message.html?_=1670374339451&CODE_STATE=getMsg HTTP/1.1" 200 27
120.253.135.82 - - [07/Dec/2022:08:52:29 +0800] "GET /xingrg/all/function/internal_message.html?_=1670374142684&CODE_STATE=getMsg HTTP/1.1" 200 27
114.84.38.109 - - [07/Dec/2022:08:52:30 +0800] "GET /xingrg/kc/buy/cgsh_order_operate.html?command=get_materiel&rest_code=00146&code=00101008300&supplier_code=00100005&order_time=2022-12-07 HTTP/1.1" 200 412
116.238.139.35 - - [07/Dec/2022:08:52:35 +0800] "GET /xingrg/kc/buy/cgsh_order_operate.html?command=get_materiel&rest_code=00150&code=00101008091&supplier_code=00100008&order_time=2022-12-07 HTTP/1.1" 200 412
114.84.38.109 - - [07/Dec/2022:08:52:35 +0800] "POST /xingrg/kc/buy/cgsh_order_operate.html HTTP/1.1" 200 2065
114.95.43.237 - - [07/Dec/2022:08:52:45 +0800] "GET /xingrg/all/function/internal_message.html?_=1670374355648&CODE_STATE=getMsg HTTP/1.1" 200 27
116.238.139.35 - - [07/Dec/2022:08:52:47 +0800] "GET /xingrg/kc/buy/cgsh_order_operate.html?command=get_materiel&rest_code=00150&code=00101008612&supplier_code=00100008&order_time=2022-12-07 HTTP/1.1" 200 420
114.84.38.109 - - [07/Dec/2022:08:52:47 +0800] "GET /xingrg/kc/buy/cgsh_order_operate.html?command=get_materiel&rest_code=00146&code=00101008251&supplier_code=00100005&order_time=2022-12-07 HTTP/1.1" 200 408
114.95.43.237 - - [07/Dec/2022:08:52:48 +0800] "GET /xingrg/all/function/internal_message.html?_=1670374205823&CODE_STATE=getMsg HTTP/1.1" 200 27
116.230.105.139 - - [07/Dec/2022:08:52:56 +0800] "GET /xingrg/all/function/internal_message.html?_=1670374364004&CODE_STATE=getMsg HTTP/1.1" 200 27
116.230.105.139 - - [07/Dec/2022:08:52:56 +0800] "GET /xingrg/check_reg.html?_=1670374364006 HTTP/1.1" 200 22
114.84.38.109 - - [07/Dec/2022:08:52:56 +0800] "GET /xingrg/all/function/internal_message.html?_=1670374375207&CODE_STATE=getMsg HTTP/1.1" 200 27
116.238.139.35 - - [07/Dec/2022:08:53:02 +0800] "GET /xingrg/kc/buy/cgsh_order_operate.html?command=get_materiel&rest_code=00150&code=00101008211&supplier_code=00100008&order_time=2022-12-07 HTTP/1.1" 200 412
58.40.7.146 - - [07/Dec/2022:08:53:06 +0800] "GET /xingrg/all/function/internal_message.html?_=1670374375626&CODE_STATE=getMsg HTTP/1.1" 200 27
114.84.38.109 - - [07/Dec/2022:08:53:07 +0800] "GET /xingrg/kc/buy/cgsh_order_operate.html?command=get_materiel&rest_code=00146&code=00101008286&supplier_code=00100005&order_time=2022-12-07 HTTP/1.1" 200 408
116.238.139.35 - - [07/Dec/2022:08:53:14 +0800] "GET /xingrg/kc/buy/cgsh_order_operate.html?command=get_materiel&rest_code=00150&code=00101008370&supplier_code=00100008&order_time=2022-12-07 HTTP/1.1" 200 412
114.84.38.109 - - [07/Dec/2022:08:53:21 +0800] "GET /xingrg/kc/buy/cgsh_order_operate.html?command=get_materiel&rest_code=00146&code=00101008296&supplier_code=00100005&order_time=2022-12-07 HTTP/1.1" 200 416
116.238.139.35 - - [07/Dec/2022:08:53:23 +0800] "GET /xingrg/all/function/internal_message.html?_=1670374333271&CODE_STATE=getMsg HTTP/1.1" 200 27
116.238.139.35 - - [07/Dec/2022:08:53:26 +0800] "GET /xingrg/kc/buy/cgsh_order_operate.html?command=get_materiel&rest_code=00150&code=00101008087&supplier_code=00100008&order_time=2022-12-07 HTTP/1.1" 200 412
222.70.177.10 - - [07/Dec/2022:08:53:27 +0800] "GET /xingrg/all/function/internal_message.html?_=1670374433982&CODE_STATE=getMsg HTTP/1.1" 200 27
116.238.139.35 - - [07/Dec/2022:08:53:29 +0800] "GET /xingrg/check_reg.html?_=1670374399406 HTTP/1.1" 200 22
116.238.139.35 - - [07/Dec/2022:08:53:29 +0800] "GET /xingrg/all/function/internal_message.html?_=1670374399424&CODE_STATE=getMsg HTTP/1.1" 200 27
120.253.135.82 - - [07/Dec/2022:08:53:29 +0800] "GET /xingrg/all/function/internal_message.html?_=1670374202697&CODE_STATE=getMsg HTTP/1.1" 200 27
116.238.139.35 - - [07/Dec/2022:08:53:37 +0800] "GET /xingrg/kc/buy/cgsh_order_operate.html?command=get_materiel&rest_code=00150&code=00101008372&supplier_code=00100008&order_time=2022-12-07 HTTP/1.1" 200 408
114.84.38.109 - - [07/Dec/2022:08:53:41 +0800] "GET /xingrg/kc/buy/cgsh_order_operate.html?command=get_materiel&rest_code=00146&code=00101008098&supplier_code=00100005&order_time=2022-12-07 HTTP/1.1" 200 412
114.95.43.237 - - [07/Dec/2022:08:53:45 +0800] "GET /xingrg/all/function/internal_message.html?_=1670374415648&CODE_STATE=getMsg HTTP/1.1" 200 27
116.238.139.35 - - [07/Dec/2022:08:53:46 +0800] "GET /xingrg/kc/buy/cgsh_order_operate.html?command=get_materiel&rest_code=00150&code=00101008411&supplier_code=00100008&order_time=2022-12-07 HTTP/1.1" 200 413
