116.230.105.139 - - [07/Dec/2022:10:37:56 +0800] "GET /xingrg/check_reg.html?_=1670380664005 HTTP/1.1" 200 22
58.37.5.178 - - [07/Dec/2022:10:37:57 +0800] "GET /xingrg/all/function/internal_message.html?_=1670380671311&CODE_STATE=getMsg HTTP/1.1" 200 27
58.221.95.50 - - [07/Dec/2022:10:37:58 +0800] "POST /xingrg/kc/base/check_list_operate.html HTTP/1.1" 200 2241
101.83.241.19 - - [07/Dec/2022:10:37:59 +0800] "GET /xingrg/all/function/internal_message.html?_=1670380666345&CODE_STATE=getMsg HTTP/1.1" 200 27
101.83.241.19 - - [07/Dec/2022:10:37:59 +0800] "GET /xingrg/check_reg.html?_=1670380666349 HTTP/1.1" 200 22
114.88.159.190 - - [07/Dec/2022:10:38:00 +0800] "GET /xingrg/all/function/internal_message.html?_=1670380666937&CODE_STATE=getMsg HTTP/1.1" 200 27
58.221.95.50 - - [07/Dec/2022:10:38:00 +0800] "GET /xingrg/dwr/interface/AjaxCheckService.js HTTP/1.1" 200 14003
58.221.95.50 - - [07/Dec/2022:10:38:01 +0800] "GET /xingrg/dwr/interface/AjaxComOrderService.js HTTP/1.1" 200 18264
58.221.95.50 - - [07/Dec/2022:10:38:01 +0800] "GET /xingrg/dwr/engine.js HTTP/1.1" 200 43631
58.221.95.50 - - [07/Dec/2022:10:38:01 +0800] "GET /xingrg/kc/base/check_order_info.html?code=452022120700029 HTTP/1.1" 200 25306
58.221.95.50 - - [07/Dec/2022:10:38:02 +0800] "POST /xingrg/dwr/call/plaincall/AjaxCheckService.loadOrderItems.dwr HTTP/1.1" 200 17209
222.69.129.44 - - [07/Dec/2022:10:38:02 +0800] "GET /xingrg/all/function/internal_message.html?_=1670380727261&CODE_STATE=getMsg HTTP/1.1" 200 27
114.84.38.109 - - [07/Dec/2022:10:38:02 +0800] "GET /xingrg/all/function/internal_message.html?_=1670380681876&CODE_STATE=getMsg HTTP/1.1" 302 -
58.221.95.50 - - [07/Dec/2022:10:38:05 +0800] "GET /xingrg/dwr/interface/AjaxComOrderService.js HTTP/1.1" 200 18264
58.221.95.50 - - [07/Dec/2022:10:38:05 +0800] "GET /xingrg/dwr/interface/AjaxCheckService.js HTTP/1.1" 200 14003
58.221.95.50 - - [07/Dec/2022:10:38:05 +0800] "GET /xingrg/dwr/engine.js HTTP/1.1" 200 43631
58.221.95.50 - - [07/Dec/2022:10:38:06 +0800] "GET /xingrg/kc/base/check_order_info.html?code=452022120700028 HTTP/1.1" 200 25306
58.40.7.146 - - [07/Dec/2022:10:38:06 +0800] "GET /xingrg/all/function/internal_message.html?_=1670380675665&CODE_STATE=getMsg HTTP/1.1" 200 27
58.37.5.178 - - [07/Dec/2022:10:38:07 +0800] "GET /xingrg/kc/base/wldb_order_operate.html?command=get_materiel&rest_code=00106&base_code=0010396&code=00101019258 HTTP/1.1" 200 483
58.221.95.50 - - [07/Dec/2022:10:38:07 +0800] "POST /xingrg/dwr/call/plaincall/AjaxCheckService.loadOrderItems.dwr HTTP/1.1" 200 72918
114.88.159.190 - - [07/Dec/2022:10:38:10 +0800] "GET /xingrg/all/function/internal_message.html?_=1670380276313&CODE_STATE=getMsg HTTP/1.1" 200 27
114.84.81.136 - - [07/Dec/2022:10:38:14 +0800] "GET /xingrg/all/function/internal_message.html?_=1670380685573&CODE_STATE=getMsg HTTP/1.1" 200 27
114.88.159.190 - - [07/Dec/2022:10:38:15 +0800] "GET /xingrg/check_reg.html?_=1670380281051 HTTP/1.1" 200 22
124.79.245.154 - - [07/Dec/2022:10:38:16 +0800] "GET /xingrg/all/function/internal_message.html?_=1670380909159&CODE_STATE=getMsg HTTP/1.1" 200 27
116.230.105.139 - - [07/Dec/2022:10:38:17 +0800] "GET /xingrg/kc/info/info_main.html HTTP/1.1" 200 6010
116.230.105.139 - - [07/Dec/2022:10:38:17 +0800] "GET /xingrg/javascript/ToolTips.js HTTP/1.1" 304 -
116.230.105.139 - - [07/Dec/2022:10:38:17 +0800] "GET /xingrg/images/blue/gyscljg.gif HTTP/1.1" 304 -
116.230.105.139 - - [07/Dec/2022:10:38:17 +0800] "GET /xingrg/images/blue/clxx.gif HTTP/1.1" 304 -
116.230.105.139 - - [07/Dec/2022:10:38:17 +0800] "GET /xingrg/images/blue/button/cgxqd.gif HTTP/1.1" 304 -
116.230.105.139 - - [07/Dec/2022:10:38:17 +0800] "GET /xingrg/images/blue/cldwgl.gif HTTP/1.1" 304 -
116.230.105.139 - - [07/Dec/2022:10:38:17 +0800] "GET /xingrg/images/blue/ckxx.gif HTTP/1.1" 304 -
116.230.105.139 - - [07/Dec/2022:10:38:17 +0800] "GET /xingrg/images/blue/gysxxgl.gif HTTP/1.1" 304 -
116.230.105.139 - - [07/Dec/2022:10:38:18 +0800] "GET /xingrg/images/blue/gyslbgl.gif HTTP/1.1" 304 -
124.79.245.154 - - [07/Dec/2022:10:38:19 +0800] "GET /xingrg/check_reg.html?_=1670380687282 HTTP/1.1" 200 22
124.79.245.154 - - [07/Dec/2022:10:38:19 +0800] "GET /xingrg/all/function/internal_message.html?_=1670380687285&CODE_STATE=getMsg HTTP/1.1" 200 27
58.37.5.178 - - [07/Dec/2022:10:38:20 +0800] "GET /xingrg/kc/base/wldb_order_operate.html?command=get_materiel&rest_code=00106&base_code=0010396&code=00101019079 HTTP/1.1" 200 479
116.230.105.139 - - [07/Dec/2022:10:38:21 +0800] "GET /xingrg/kc/report/report_main.html HTTP/1.1" 200 7340
116.230.105.139 - - [07/Dec/2022:10:38:21 +0800] "GET /xingrg/javascript/jquery_ui/themes/humanity/humanity.css HTTP/1.1" 304 -
116.230.105.139 - - [07/Dec/2022:10:38:21 +0800] "GET /xingrg/javascript/json2.js HTTP/1.1" 304 -
114.84.38.109 - - [07/Dec/2022:10:38:21 +0800] "GET /xingrg/all/function/internal_message.html?_=1670380699168&CODE_STATE=getMsg HTTP/1.1" 200 27
172.20.0.100 - - [07/Dec/2022:10:38:22 +0800] "GET /xingrg/all/function/internal_message.html?_=1670380691426&CODE_STATE=getMsg HTTP/1.1" 200 27
58.221.95.50 - - [07/Dec/2022:10:38:22 +0800] "GET /xingrg/all/function/internal_message.html?_=1670380692703&CODE_STATE=getMsg HTTP/1.1" 200 27
180.163.28.114 - - [07/Dec/2022:10:38:23 +0800] "GET /xingrg/all/function/internal_message.html?_=1670380629521&CODE_STATE=getMsg HTTP/1.1" 302 -
180.163.28.114 - - [07/Dec/2022:10:38:23 +0800] "GET /xingrg/login.html HTTP/1.1" 200 7641
58.37.5.178 - - [07/Dec/2022:10:38:25 +0800] "GET /xingrg/all/function/internal_message.html?_=1670380692874&CODE_STATE=getMsg HTTP/1.1" 200 27
222.70.177.10 - - [07/Dec/2022:10:38:26 +0800] "GET /xingrg/all/function/internal_message.html?_=1670380732259&CODE_STATE=getMsg HTTP/1.1" 302 -
116.230.105.139 - - [07/Dec/2022:10:38:29 +0800] "GET /xingrg/all/report/report_query.html?fileName=kc/buy/wlcg_mx.xml HTTP/1.1" 200 51648
116.230.105.139 - - [07/Dec/2022:10:38:29 +0800] "GET /xingrg/javascript/multi_select/jqueryMultiSelect.css HTTP/1.1" 304 -
116.230.105.139 - - [07/Dec/2022:10:38:29 +0800] "GET /xingrg/javascript/calendar/timePicker.css HTTP/1.1" 304 -
116.230.105.139 - - [07/Dec/2022:10:38:29 +0800] "GET /xingrg/javascript/bigrid/fix.css HTTP/1.1" 304 -
116.230.105.139 - - [07/Dec/2022:10:38:29 +0800] "GET /xingrg/dwr/interface/AjaxReportQueryService.js HTTP/1.1" 200 13203
116.230.105.139 - - [07/Dec/2022:10:38:29 +0800] "GET /xingrg/javascript/jqueryMultiSelect.js HTTP/1.1" 304 -
116.230.105.139 - - [07/Dec/2022:10:38:29 +0800] "GET /xingrg/javascript/calendar/jquery.timePicker.min.js HTTP/1.1" 304 -
116.230.105.139 - - [07/Dec/2022:10:38:29 +0800] "GET /xingrg/javascript/bigrid/fix.js HTTP/1.1" 304 -
116.230.105.139 - - [07/Dec/2022:10:38:29 +0800] "GET /xingrg/dwr/engine.js HTTP/1.1" 200 43631
116.230.105.139 - - [07/Dec/2022:10:38:29 +0800] "GET /xingrg/images/control/loading.gif HTTP/1.1" 304 -
116.230.105.139 - - [07/Dec/2022:10:38:29 +0800] "GET /xingrg/images/blue/button/advanceover.gif HTTP/1.1" 304 -
116.230.105.139 - - [07/Dec/2022:10:38:29 +0800] "GET /xingrg/images/blue/button/advance2over.gif HTTP/1.1" 304 -
116.230.105.139 - - [07/Dec/2022:10:38:29 +0800] "GET /xingrg/images/blue/button/back2over.gif HTTP/1.1" 304 -
116.230.105.139 - - [07/Dec/2022:10:38:29 +0800] "GET /xingrg/images/blue/button/backover.gif HTTP/1.1" 304 -
116.230.105.139 - - [07/Dec/2022:10:38:29 +0800] "GET /xingrg/javascript/jquery_easy_ui/themes/icons/help.png HTTP/1.1" 304 -
116.238.139.35 - - [07/Dec/2022:10:38:29 +0800] "GET /xingrg/check_reg.html?_=1670380699588 HTTP/1.1" 200 22
116.230.105.139 - - [07/Dec/2022:10:38:29 +0800] "GET /xingrg/javascript/jquery_easy_ui/themes/default/images/menu.gif HTTP/1.1" 304 -
116.230.105.139 - - [07/Dec/2022:10:38:29 +0800] "GET /xingrg/javascript/jquery_easy_ui/themes/default/images/menu_rightarrow.png HTTP/1.1" 304 -
116.230.105.139 - - [07/Dec/2022:10:38:29 +0800] "POST /xingrg/dwr/call/plaincall/AjaxReportQueryService.getFixDate.dwr HTTP/1.1" 200 111
116.230.105.139 - - [07/Dec/2022:10:38:29 +0800] "GET /xingrg/javascript/jquery_easy_ui/themes/icons/pencil.png HTTP/1.1" 304 -
116.238.139.35 - - [07/Dec/2022:10:38:29 +0800] "GET /xingrg/all/function/internal_message.html?_=1670380699591&CODE_STATE=getMsg HTTP/1.1" 200 27
116.230.105.139 - - [07/Dec/2022:10:38:29 +0800] "POST /xingrg/dwr/call/plaincall/AjaxReportQueryService.getInitString.dwr HTTP/1.1" 200 1428
116.230.105.139 - - [07/Dec/2022:10:38:30 +0800] "POST /xingrg/dwr/call/plaincall/AjaxReportQueryService.getInitString.dwr HTTP/1.1" 200 32721
116.230.105.139 - - [07/Dec/2022:10:38:30 +0800] "GET /xingrg/javascript/multi_select/dropdown.gif HTTP/1.1" 304 -
116.230.105.139 - - [07/Dec/2022:10:38:30 +0800] "POST /xingrg/dwr/call/plaincall/AjaxReportQueryService.getInitString.dwr HTTP/1.1" 200 125
116.238.139.35 - - [07/Dec/2022:10:38:31 +0800] "GET /xingrg/all/function/internal_message.html?_=1670380641839&CODE_STATE=getMsg HTTP/1.1" 200 27
116.230.105.139 - - [07/Dec/2022:10:38:32 +0800] "GET /xingrg/check_reg.html?_=1670380701229 HTTP/1.1" 200 22
116.230.105.139 - - [07/Dec/2022:10:38:32 +0800] "GET /xingrg/all/function/internal_message.html?_=1670380701232&CODE_STATE=getMsg HTTP/1.1" 200 27
116.230.105.139 - - [07/Dec/2022:10:38:33 +0800] "POST /xingrg/dwr/call/plaincall/AjaxReportQueryService.getFixDate.dwr HTTP/1.1" 200 111
222.70.177.10 - - [07/Dec/2022:10:38:37 +0800] "GET /xingrg/all/function/internal_message.html?_=1670380705632&CODE_STATE=getMsg HTTP/1.1" 200 27
222.70.177.10 - - [07/Dec/2022:10:38:38 +0800] "GET /xingrg/check_reg.html?_=1670380707428 HTTP/1.1" 200 22
116.230.105.139 - - [07/Dec/2022:10:38:40 +0800] "POST /xingrg/dwr/call/plaincall/AjaxReportQueryService.refreshCache.dwr HTTP/1.1" 200 78
114.95.43.237 - - [07/Dec/2022:10:38:44 +0800] "GET /xingrg/all/function/internal_message.html?_=1670380715008&CODE_STATE=getMsg HTTP/1.1" 200 27
116.230.105.139 - - [07/Dec/2022:10:38:44 +0800] "POST /xingrg/all/report/load_report_page.html HTTP/1.1" 200 89
218.82.185.243 - - [07/Dec/2022:10:38:45 +0800] "GET /xingrg/check_reg.html?_=1670380713984 HTTP/1.1" 302 -
180.162.229.95 - - [07/Dec/2022:10:38:46 +0800] "GET /xingrg/all/function/internal_message.html?_=1670380716361&CODE_STATE=getMsg HTTP/1.1" 200 27
180.162.229.95 - - [07/Dec/2022:10:38:46 +0800] "GET /xingrg/check_reg.html?_=1670380716364 HTTP/1.1" 200 22
114.95.43.237 - - [07/Dec/2022:10:38:48 +0800] "GET /xingrg/all/function/internal_message.html?_=1670380565949&CODE_STATE=getMsg HTTP/1.1" 200 27
221.239.170.112 - - [07/Dec/2022:10:38:52 +0800] "GET /xingrg/all/function/internal_message.html?_=1670380715959&CODE_STATE=getMsg HTTP/1.1" 200 27
116.230.105.139 - - [07/Dec/2022:10:38:56 +0800] "GET /xingrg/all/function/internal_message.html?_=1670380724022&CODE_STATE=getMsg HTTP/1.1" 200 27
58.37.5.178 - - [07/Dec/2022:10:38:57 +0800] "GET /xingrg/check_reg.html?_=1670380731318 HTTP/1.1" 200 22
58.37.5.178 - - [07/Dec/2022:10:38:57 +0800] "GET /xingrg/all/function/internal_message.html?_=1670380731322&CODE_STATE=getMsg HTTP/1.1" 200 27
116.230.105.139 - - [07/Dec/2022:10:38:57 +0800] "POST /xingrg/dwr/call/plaincall/AjaxReportQueryService.refreshCache.dwr HTTP/1.1" 200 78
101.83.241.19 - - [07/Dec/2022:10:38:59 +0800] "GET /xingrg/all/function/internal_message.html?_=1670380726332&CODE_STATE=getMsg HTTP/1.1" 200 27
114.88.159.190 - - [07/Dec/2022:10:39:00 +0800] "GET /xingrg/all/function/internal_message.html?_=1670380726936&CODE_STATE=getMsg HTTP/1.1" 200 27
116.230.105.139 - - [07/Dec/2022:10:39:00 +0800] "POST /xingrg/all/report/load_report_page.html HTTP/1.1" 200 89
58.37.5.178 - - [07/Dec/2022:10:39:01 +0800] "POST /xingrg/kc/base/wldb_order_operate.html HTTP/1.1" 200 37
58.37.5.178 - - [07/Dec/2022:10:39:02 +0800] "POST /xingrg/kc/base/wldb_order_operate.html HTTP/1.1" 200 4262
222.69.129.44 - - [07/Dec/2022:10:39:02 +0800] "GET /xingrg/all/function/internal_message.html?_=1670380787255&CODE_STATE=getMsg HTTP/1.1" 200 27
58.37.5.178 - - [07/Dec/2022:10:39:02 +0800] "GET /xingrg/kc/base/wldb_order_info.html?code=422022120700467 HTTP/1.1" 200 30399
58.37.5.178 - - [07/Dec/2022:10:39:02 +0800] "GET /xingrg/javascript/easyui/themes/default/validatebox.css HTTP/1.1" 404 1104
114.84.38.109 - - [07/Dec/2022:10:39:03 +0800] "GET /xingrg/all/function/internal_message.html?_=1670380742212&CODE_STATE=getMsg HTTP/1.1" 302 -
58.37.5.178 - - [07/Dec/2022:10:39:03 +0800] "POST /xingrg/kc/base/wldb_order_operate.html HTTP/1.1" 200 4262
114.84.38.109 - - [07/Dec/2022:10:39:04 +0800] "POST /xingrg/kc/buy/cgsh_list_operate.html HTTP/1.1" 200 6272
58.37.5.178 - - [07/Dec/2022:10:39:06 +0800] "GET /xingrg/kc/base/base_main.html HTTP/1.1" 200 12142
58.40.7.146 - - [07/Dec/2022:10:39:06 +0800] "GET /xingrg/all/function/internal_message.html?_=1670380735668&CODE_STATE=getMsg HTTP/1.1" 200 27
116.230.105.139 - - [07/Dec/2022:10:39:07 +0800] "POST /xingrg/dwr/call/plaincall/AjaxReportQueryService.getFixDate.dwr HTTP/1.1" 200 111
58.37.5.178 - - [07/Dec/2022:10:39:07 +0800] "GET /xingrg/kc/base/wldb_order_list.html HTTP/1.1" 200 19101
58.37.5.178 - - [07/Dec/2022:10:39:08 +0800] "POST /xingrg/kc/base/wldb_list_operate.html HTTP/1.1" 200 2166
116.230.105.139 - - [07/Dec/2022:10:39:08 +0800] "POST /xingrg/dwr/call/plaincall/AjaxReportQueryService.refreshCache.dwr HTTP/1.1" 200 78
114.88.159.190 - - [07/Dec/2022:10:39:10 +0800] "GET /xingrg/all/function/internal_message.html?_=1670380336320&CODE_STATE=getMsg HTTP/1.1" 200 27
116.230.105.139 - - [07/Dec/2022:10:39:11 +0800] "POST /xingrg/all/report/load_report_page.html HTTP/1.1" 200 89
114.84.38.109 - - [07/Dec/2022:10:39:12 +0800] "POST /xingrg/kc/buy/cgsh_list_operate.html HTTP/1.1" 200 6395
114.84.81.136 - - [07/Dec/2022:10:39:14 +0800] "GET /xingrg/all/function/internal_message.html?_=1670380745598&CODE_STATE=getMsg HTTP/1.1" 200 27
114.84.38.109 - - [07/Dec/2022:10:39:16 +0800] "POST /xingrg/kc/buy/cgsh_list_operate.html HTTP/1.1" 200 569
124.79.245.154 - - [07/Dec/2022:10:39:16 +0800] "GET /xingrg/check_reg.html?_=1670380969157 HTTP/1.1" 200 22
124.79.245.154 - - [07/Dec/2022:10:39:16 +0800] "GET /xingrg/all/function/internal_message.html?_=1670380969156&CODE_STATE=getMsg HTTP/1.1" 200 27
114.84.38.109 - - [07/Dec/2022:10:39:17 +0800] "GET /xingrg/kc/buy/cgsh_order_info.html?code=212022120300597 HTTP/1.1" 200 64475
114.84.38.109 - - [07/Dec/2022:10:39:17 +0800] "GET /xingrg/javascript/easyui/themes/default/validatebox.css HTTP/1.1" 404 1104
114.84.38.109 - - [07/Dec/2022:10:39:18 +0800] "POST /xingrg/kc/buy/cgsh_order_operate.html HTTP/1.1" 200 4156
124.79.245.154 - - [07/Dec/2022:10:39:19 +0800] "GET /xingrg/all/function/internal_message.html?_=1670380747271&CODE_STATE=getMsg HTTP/1.1" 200 27
116.230.105.139 - - [07/Dec/2022:10:39:19 +0800] "GET /xingrg/javascript/multi_select/dropdown_hover.gif HTTP/1.1" 304 -
114.84.38.109 - - [07/Dec/2022:10:39:20 +0800] "GET /xingrg/kc/print/load_data.html?order_code=212022120300597&kc_code=cgsh HTTP/1.1" 200 2129
114.84.38.109 - - [07/Dec/2022:10:39:21 +0800] "GET /xingrg/all/function/internal_message.html?_=1670380759178&CODE_STATE=getMsg HTTP/1.1" 200 27
172.20.0.100 - - [07/Dec/2022:10:39:22 +0800] "GET /xingrg/all/function/internal_message.html?_=1670380751429&CODE_STATE=getMsg HTTP/1.1" 200 27
58.221.95.50 - - [07/Dec/2022:10:39:22 +0800] "GET /xingrg/all/function/internal_message.html?_=1670380752689&CODE_STATE=getMsg HTTP/1.1" 200 27
58.37.5.178 - - [07/Dec/2022:10:39:25 +0800] "GET /xingrg/all/function/internal_message.html?_=1670380752845&CODE_STATE=getMsg HTTP/1.1" 200 27
222.70.177.10 - - [07/Dec/2022:10:39:26 +0800] "GET /xingrg/all/function/internal_message.html?_=1670380792245&CODE_STATE=getMsg HTTP/1.1" 302 -
116.238.139.35 - - [07/Dec/2022:10:39:29 +0800] "GET /xingrg/all/function/internal_message.html?_=1670380759579&CODE_STATE=getMsg HTTP/1.1" 200 27
116.230.105.139 - - [07/Dec/2022:10:39:30 +0800] "POST /xingrg/dwr/call/plaincall/AjaxReportQueryService.refreshCache.dwr HTTP/1.1" 200 78
180.169.147.146 - - [07/Dec/2022:10:39:32 +0800] "GET /xingrg/check_reg.html?_=1670380758695 HTTP/1.1" 200 22
180.169.147.146 - - [07/Dec/2022:10:39:32 +0800] "GET /xingrg/all/function/internal_message.html?_=1670380758694&CODE_STATE=getMsg HTTP/1.1" 200 27
116.230.105.139 - - [07/Dec/2022:10:39:33 +0800] "GET /xingrg/all/function/internal_message.html?_=1670380761222&CODE_STATE=getMsg HTTP/1.1" 200 27
116.238.139.35 - - [07/Dec/2022:10:39:33 +0800] "GET /xingrg/all/function/internal_message.html?_=1670380701869&CODE_STATE=getMsg HTTP/1.1" 200 27
180.169.147.146 - - [07/Dec/2022:10:39:34 +0800] "POST /xingrg/kc/buy/cgsh_list_operate.html HTTP/1.1" 200 986
116.230.105.139 - - [07/Dec/2022:10:39:34 +0800] "POST /xingrg/all/report/load_report_page.html HTTP/1.1" 200 89
222.70.177.10 - - [07/Dec/2022:10:39:37 +0800] "GET /xingrg/all/function/internal_message.html?_=1670380765611&CODE_STATE=getMsg HTTP/1.1" 200 27
124.79.245.154 - - [07/Dec/2022:10:39:40 +0800] "GET /xingrg/login.html HTTP/1.1" 200 7641
124.79.245.154 - - [07/Dec/2022:10:39:41 +0800] "GET /favicon.ico HTTP/1.1" 404 -
116.230.105.139 - - [07/Dec/2022:10:39:41 +0800] "POST /xingrg/dwr/call/plaincall/AjaxReportQueryService.refreshCache.dwr HTTP/1.1" 200 79
124.79.245.154 - - [07/Dec/2022:10:39:42 +0800] "POST /xingrg/login.do HTTP/1.1" 302 -
124.79.245.154 - - [07/Dec/2022:10:39:43 +0800] "GET /xingrg/index.html?sysBaseUrl=http%3A%2F%2F180.169.147.146%3A18081%2Fxingrg%2F&costTime=57×tamp=1670380782837 HTTP/1.1" 200 17503
124.79.245.154 - - [07/Dec/2022:10:39:43 +0800] "GET /favicon.ico HTTP/1.1" 404 -
124.79.245.154 - - [07/Dec/2022:10:39:43 +0800] "POST /xingrg/all/common/load_tree.html?tree=area_rest_tree_json&manage=1 HTTP/1.1" 200 591
124.79.245.154 - - [07/Dec/2022:10:39:43 +0800] "GET /xingrg/check_reg.html?_=1670380771611 HTTP/1.1" 200 22
124.79.245.154 - - [07/Dec/2022:10:39:43 +0800] "GET /xingrg/all/function/internal_message.html?_=1670380771608&CODE_STATE=count HTTP/1.1" 200 11
124.79.245.154 - - [07/Dec/2022:10:39:44 +0800] "POST /xingrg/load_menu.html HTTP/1.1" 200 11564
114.95.43.237 - - [07/Dec/2022:10:39:44 +0800] "GET /xingrg/all/function/internal_message.html?_=1670380774978&CODE_STATE=getMsg HTTP/1.1" 200 27
116.230.105.139 - - [07/Dec/2022:10:39:44 +0800] "POST /xingrg/all/report/load_report_page.html HTTP/1.1" 200 18895
116.230.105.139 - - [07/Dec/2022:10:39:45 +0800] "GET /xingrg/servlets/image?cache=0.018925251325009662&image=px HTTP/1.1" 200 807
180.162.229.95 - - [07/Dec/2022:10:39:46 +0800] "GET /xingrg/all/function/internal_message.html?_=1670380776354&CODE_STATE=getMsg HTTP/1.1" 200 27
124.79.245.154 - - [07/Dec/2022:10:39:47 +0800] "GET /xingrg/login.html HTTP/1.1" 200 7641
116.230.105.139 - - [07/Dec/2022:10:39:47 +0800] "GET /favicon.ico HTTP/1.1" 404 -
124.79.245.154 - - [07/Dec/2022:10:39:47 +0800] "GET /favicon.ico HTTP/1.1" 404 -
114.95.43.237 - - [07/Dec/2022:10:39:49 +0800] "GET /xingrg/all/function/internal_message.html?_=1670380625948&CODE_STATE=getMsg HTTP/1.1" 200 27
221.239.170.112 - - [07/Dec/2022:10:39:52 +0800] "GET /xingrg/all/function/internal_message.html?_=1670380775960&CODE_STATE=getMsg HTTP/1.1" 200 27
116.230.105.139 - - [07/Dec/2022:10:39:56 +0800] "GET /xingrg/all/function/internal_message.html?_=1670380784022&CODE_STATE=getMsg HTTP/1.1" 200 27
58.37.5.178 - - [07/Dec/2022:10:39:57 +0800] "GET /xingrg/all/function/internal_message.html?_=1670380791315&CODE_STATE=getMsg HTTP/1.1" 200 27
101.83.241.19 - - [07/Dec/2022:10:39:59 +0800] "GET /xingrg/all/function/internal_message.html?_=1670380786332&CODE_STATE=getMsg HTTP/1.1" 200 27
116.230.105.139 - - [07/Dec/2022:10:39:59 +0800] "GET /xingrg/javascript/jquery_easy_ui/themes/default/images/button_plain_hover.png HTTP/1.1" 304 -
114.88.159.190 - - [07/Dec/2022:10:40:00 +0800] "GET /xingrg/all/function/internal_message.html?_=1670380786935&CODE_STATE=getMsg HTTP/1.1" 200 27
124.79.245.154 - - [07/Dec/2022:10:40:00 +0800] "GET /xingrg/kc/pszx/ps_main.html HTTP/1.1" 200 13401
124.79.245.154 - - [07/Dec/2022:10:40:00 +0800] "GET /xingrg/images/blue/button/fdqpd.gif HTTP/1.1" 200 2116
124.79.245.154 - - [07/Dec/2022:10:40:00 +0800] "GET /xingrg/images/blue/button/pszx.gif HTTP/1.1" 200 2648
124.79.245.154 - - [07/Dec/2022:10:40:00 +0800] "GET /xingrg/images/blue/button/jzcgd.gif HTTP/1.1" 200 1976
124.79.245.154 - - [07/Dec/2022:10:40:00 +0800] "GET /xingrg/images/blue/button/fdps2.gif HTTP/1.1" 200 2548
124.79.245.154 - - [07/Dec/2022:10:40:00 +0800] "GET /xingrg/images/blue/button/cgydd.gif HTTP/1.1" 200 2712
124.79.245.154 - - [07/Dec/2022:10:40:00 +0800] "GET /xingrg/images/blue/button/line.jpg HTTP/1.1" 200 1397
124.79.245.154 - - [07/Dec/2022:10:40:00 +0800] "GET /xingrg/images/blue/button/right_down_ah.jpg HTTP/1.1" 200 1842
124.79.245.154 - - [07/Dec/2022:10:40:00 +0800] "GET /xingrg/images/blue/button/left_down_ah.jpg HTTP/1.1" 200 1848
124.79.245.154 - - [07/Dec/2022:10:40:01 +0800] "GET /xingrg/images/blue/button/down_ah.jpg HTTP/1.1" 200 1732
222.69.129.44 - - [07/Dec/2022:10:40:02 +0800] "GET /xingrg/all/function/internal_message.html?_=1670380847269&CODE_STATE=getMsg HTTP/1.1" 200 27
124.79.245.154 - - [07/Dec/2022:10:40:02 +0800] "GET /xingrg/kc/base/base_main.html HTTP/1.1" 200 12142
114.84.38.109 - - [07/Dec/2022:10:40:03 +0800] "GET /xingrg/all/function/internal_message.html?_=1670380802230&CODE_STATE=getMsg HTTP/1.1" 302 -
58.40.7.146 - - [07/Dec/2022:10:40:06 +0800] "GET /xingrg/check_reg.html?_=1670380795672 HTTP/1.1" 200 22
58.40.7.146 - - [07/Dec/2022:10:40:06 +0800] "GET /xingrg/all/function/internal_message.html?_=1670380795673&CODE_STATE=getMsg HTTP/1.1" 200 27
114.88.159.190 - - [07/Dec/2022:10:40:10 +0800] "GET /xingrg/all/function/internal_message.html?_=1670380396290&CODE_STATE=getMsg HTTP/1.1" 200 27
116.230.105.139 - - [07/Dec/2022:10:40:12 +0800] "POST /xingrg/dwr/call/plaincall/AjaxReportQueryService.refreshCache.dwr HTTP/1.1" 200 79
114.84.81.136 - - [07/Dec/2022:10:40:14 +0800] "GET /xingrg/all/function/internal_message.html?_=1670380805595&CODE_STATE=getMsg HTTP/1.1" 200 27
116.230.105.139 - - [07/Dec/2022:10:40:15 +0800] "POST /xingrg/all/report/load_report_page.html HTTP/1.1" 200 89
124.79.245.154 - - [07/Dec/2022:10:40:16 +0800] "GET /xingrg/all/function/internal_message.html?_=1670381029156&CODE_STATE=getMsg HTTP/1.1" 200 27
124.79.245.154 - - [07/Dec/2022:10:40:17 +0800] "POST /xingrg/all/user/operate.html HTTP/1.1" 200 36
124.79.245.154 - - [07/Dec/2022:10:40:17 +0800] "GET /xingrg/index.html?sysBaseUrl=http%3A%2F%2F180.169.147.146%3A18081%2Fxingrg%2F&costTime=57×tamp=1670380782837 HTTP/1.1" 200 17509
124.79.245.154 - - [07/Dec/2022:10:40:17 +0800] "GET /xingrg/javascript/jquery_easy_ui/themes/default/easyui.css HTTP/1.1" 304 -
114.84.38.109 - - [07/Dec/2022:10:40:17 +0800] "GET /xingrg/check_reg.html?_=1670380815057 HTTP/1.1" 200 22
124.79.245.154 - - [07/Dec/2022:10:40:17 +0800] "GET /xingrg/javascript/jquery_easy_ui/themes/icon.css HTTP/1.1" 304 -
124.79.245.154 - - [07/Dec/2022:10:40:17 +0800] "GET /xingrg/css/form.css HTTP/1.1" 304 -
124.79.245.154 - - [07/Dec/2022:10:40:17 +0800] "GET /xingrg/javascript/jquery-1.4.2.min.js HTTP/1.1" 304 -
124.79.245.154 - - [07/Dec/2022:10:40:17 +0800] "GET /xingrg/javascript/jquery_easy_ui/jquery.easyui.min.js HTTP/1.1" 304 -
124.79.245.154 - - [07/Dec/2022:10:40:17 +0800] "GET /xingrg/javascript/jquery_easy_ui/easyui-lang-zh_CN.js HTTP/1.1" 304 -
124.79.245.154 - - [07/Dec/2022:10:40:17 +0800] "GET /xingrg/javascript/jquery.form.js HTTP/1.1" 304 -
124.79.245.154 - - [07/Dec/2022:10:40:17 +0800] "GET /xingrg/javascript/jquery.utils.js HTTP/1.1" 304 -
124.79.245.154 - - [07/Dec/2022:10:40:17 +0800] "GET /xingrg/javascript/jquery.timers.js HTTP/1.1" 304 -
124.79.245.154 - - [07/Dec/2022:10:40:17 +0800] "GET /xingrg/images/blue/jxLogo.png HTTP/1.1" 304 -
124.79.245.154 - - [07/Dec/2022:10:40:17 +0800] "POST /xingrg/all/common/load_tree.html?tree=area_rest_tree_json&manage=1 HTTP/1.1" 200 591
124.79.245.154 - - [07/Dec/2022:10:40:18 +0800] "GET /xingrg/all/function/internal_message.html?_=1670380806190&CODE_STATE=count HTTP/1.1" 200 11
124.79.245.154 - - [07/Dec/2022:10:40:18 +0800] "GET /xingrg/check_reg.html?_=1670380806192 HTTP/1.1" 200 22
124.79.245.154 - - [07/Dec/2022:10:40:18 +0800] "GET /xingrg/javascript/jquery_easy_ui/themes/default/images/panel_tool_expand.gif HTTP/1.1" 304 -
124.79.245.154 - - [07/Dec/2022:10:40:18 +0800] "GET /xingrg/javascript/jquery_easy_ui/themes/default/images/panel_tool_collapse.gif HTTP/1.1" 304 -
124.79.245.154 - - [07/Dec/2022:10:40:18 +0800] "GET /xingrg/javascript/jquery_easy_ui/themes/default/images/tabs_rightarrow.png HTTP/1.1" 304 -
124.79.245.154 - - [07/Dec/2022:10:40:18 +0800] "GET /xingrg/javascript/jquery_easy_ui/themes/default/images/tabs_leftarrow.png HTTP/1.1" 304 -
124.79.245.154 - - [07/Dec/2022:10:40:18 +0800] "GET /xingrg/images/blue/pingpu.png HTTP/1.1" 304 -
124.79.245.154 - - [07/Dec/2022:10:40:18 +0800] "GET /xingrg/javascript/jquery_easy_ui/themes/icons/settle_new.png HTTP/1.1" 304 -
124.79.245.154 - - [07/Dec/2022:10:40:18 +0800] "GET /xingrg/javascript/jquery_easy_ui/themes/default/images/tree_arrows.gif HTTP/1.1" 304 -
124.79.245.154 - - [07/Dec/2022:10:40:18 +0800] "GET /xingrg/javascript/jquery_easy_ui/themes/default/images/tree_folder_open.gif HTTP/1.1" 304 -
124.79.245.154 - - [07/Dec/2022:10:40:18 +0800] "GET /xingrg/javascript/jquery_easy_ui/themes/icons/rest.png HTTP/1.1" 304 -
124.79.245.154 - - [07/Dec/2022:10:40:18 +0800] "GET /xingrg/javascript/jquery_easy_ui/themes/icons/area.png HTTP/1.1" 304 -
124.79.245.154 - - [07/Dec/2022:10:40:18 +0800] "GET /xingrg/javascript/jquery_easy_ui/themes/icons/manage.png HTTP/1.1" 304 -
124.79.245.154 - - [07/Dec/2022:10:40:18 +0800] "GET /xingrg/images/blue/navBackgound.jpg HTTP/1.1" 304 -
124.79.245.154 - - [07/Dec/2022:10:40:18 +0800] "POST /xingrg/load_menu.html HTTP/1.1" 200 9959
124.79.245.154 - - [07/Dec/2022:10:40:19 +0800] "GET /xingrg/all/function/internal_message.html?_=1670380807277&CODE_STATE=getMsg HTTP/1.1" 200 27
116.230.105.139 - - [07/Dec/2022:10:40:20 +0800] "POST /xingrg/dwr/call/plaincall/AjaxReportQueryService.refreshCache.dwr HTTP/1.1" 200 79
114.84.38.109 - - [07/Dec/2022:10:40:21 +0800] "GET /xingrg/all/function/internal_message.html?_=1670380819191&CODE_STATE=getMsg HTTP/1.1" 200 27
124.79.245.154 - - [07/Dec/2022:10:40:21 +0800] "GET /xingrg/kc/base/wlsy_order_list.html?syType=0 HTTP/1.1" 200 17476
124.79.245.154 - - [07/Dec/2022:10:40:22 +0800] "POST /xingrg/kc/base/wlsy_list_operate.html?syType=0 HTTP/1.1" 200 862
172.20.0.100 - - [07/Dec/2022:10:40:22 +0800] "GET /xingrg/all/function/internal_message.html?_=1670380811432&CODE_STATE=getMsg HTTP/1.1" 200 27
58.221.95.50 - - [07/Dec/2022:10:40:22 +0800] "GET /xingrg/all/function/internal_message.html?_=1670380812678&CODE_STATE=getMsg HTTP/1.1" 200 27
116.230.105.139 - - [07/Dec/2022:10:40:23 +0800] "POST /xingrg/all/report/load_report_page.html HTTP/1.1" 200 89
124.79.245.154 - - [07/Dec/2022:10:40:24 +0800] "POST /xingrg/kc/base/wlsy_list_operate.html?syType=0 HTTP/1.1" 200 9355
58.37.5.178 - - [07/Dec/2022:10:40:25 +0800] "GET /xingrg/all/function/internal_message.html?_=1670380812816&CODE_STATE=getMsg HTTP/1.1" 200 27
222.70.177.10 - - [07/Dec/2022:10:40:26 +0800] "GET /xingrg/all/function/internal_message.html?_=1670380852237&CODE_STATE=getMsg HTTP/1.1" 302 -
124.79.245.154 - - [07/Dec/2022:10:40:27 +0800] "POST /xingrg/kc/base/wlsy_list_operate.html?syType=0 HTTP/1.1" 200 210
124.79.245.154 - - [07/Dec/2022:10:40:29 +0800] "GET /xingrg/kc/base/wlsy_order_info.html?code=412022080600005 HTTP/1.1" 200 25489
124.79.245.154 - - [07/Dec/2022:10:40:29 +0800] "POST /xingrg/kc/base/wlsy_order_operate.html HTTP/1.1" 200 469
124.79.245.154 - - [07/Dec/2022:10:40:29 +0800] "GET /xingrg/javascript/easyui/themes/default/validatebox.css HTTP/1.1" 404 1104
116.238.139.35 - - [07/Dec/2022:10:40:29 +0800] "GET /xingrg/all/function/internal_message.html?_=1670380819596&CODE_STATE=getMsg HTTP/1.1" 200 27
180.162.229.95 - - [07/Dec/2022:10:40:30 +0800] "GET /xingrg/kc/buy/cgsh_order_list.html HTTP/1.1" 200 53791
180.169.147.146 - - [07/Dec/2022:10:40:31 +0800] "GET /xingrg/all/function/internal_message.html?_=1670380818667&CODE_STATE=getMsg HTTP/1.1" 200 27
180.162.229.95 - - [07/Dec/2022:10:40:32 +0800] "POST /xingrg/kc/buy/cgsh_list_operate.html HTTP/1.1" 200 986
116.238.139.35 - - [07/Dec/2022:10:40:32 +0800] "GET /xingrg/all/function/internal_message.html?_=1670380761882&CODE_STATE=getMsg HTTP/1.1" 200 27
116.230.105.139 - - [07/Dec/2022:10:40:32 +0800] "GET /xingrg/all/function/internal_message.html?_=1670380821239&CODE_STATE=getMsg HTTP/1.1" 200 27
180.162.229.95 - - [07/Dec/2022:10:40:33 +0800] "GET /xingrg/kc/buy/cgsh_order_add.html HTTP/1.1" 200 69607
180.162.229.95 - - [07/Dec/2022:10:40:33 +0800] "POST /xingrg/kc/buy/cgsh_order_operate.html HTTP/1.1" 200 8245
180.162.229.95 - - [07/Dec/2022:10:40:33 +0800] "GET /xingrg/javascript/easyui/themes/default/validatebox.css HTTP/1.1" 404 1104
180.162.229.95 - - [07/Dec/2022:10:40:34 +0800] "GET /xingrg/javascript/easyui/themes/default/tree.css HTTP/1.1" 404 1090
116.230.105.139 - - [07/Dec/2022:10:40:34 +0800] "POST /xingrg/dwr/call/plaincall/AjaxReportQueryService.refreshCache.dwr HTTP/1.1" 200 79
180.162.229.95 - - [07/Dec/2022:10:40:35 +0800] "POST /xingrg/all/common/load_tree.html?tree=supplier_tree_json&isDelete=1 HTTP/1.1" 200 70269
222.70.177.10 - - [07/Dec/2022:10:40:37 +0800] "GET /xingrg/all/function/internal_message.html?_=1670380825580&CODE_STATE=getMsg HTTP/1.1" 200 27
116.230.105.139 - - [07/Dec/2022:10:40:39 +0800] "POST /xingrg/all/report/load_report_page.html HTTP/1.1" 200 89
116.230.105.139 - - [07/Dec/2022:10:40:41 +0800] "GET /xingrg/kc/base/crk_hz.html HTTP/1.1" 200 11247
116.230.105.139 - - [07/Dec/2022:10:40:41 +0800] "POST /xingrg/kc/cost/cost_operate.html?command=get_base_tree HTTP/1.1" 200 3276
116.230.105.139 - - [07/Dec/2022:10:40:41 +0800] "GET /xingrg/javascript/jquery_easy_ui/themes/default/images/tree_checkbox_0.gif HTTP/1.1" 304 -
124.79.245.154 - - [07/Dec/2022:10:40:42 +0800] "GET /xingrg/kc/base/check_order_list.html HTTP/1.1" 200 16487
116.230.105.139 - - [07/Dec/2022:10:40:42 +0800] "GET /xingrg/javascript/jquery_easy_ui/themes/default/images/combo_arrow_dot.gif HTTP/1.1" 304 -
116.230.105.139 - - [07/Dec/2022:10:40:42 +0800] "POST /xingrg/all/common/load_tree.html?tree=materiel_sort_tree_json HTTP/1.1" 200 9500
124.79.245.154 - - [07/Dec/2022:10:40:42 +0800] "POST /xingrg/kc/base/check_list_operate.html HTTP/1.1" 200 781
116.230.105.139 - - [07/Dec/2022:10:40:43 +0800] "GET /xingrg/all/common/get_data_part.html?part=currentYear&_=1670380832362 HTTP/1.1" 200 41
114.95.43.237 - - [07/Dec/2022:10:40:44 +0800] "GET /xingrg/all/function/internal_message.html?_=1670380834954&CODE_STATE=getMsg HTTP/1.1" 200 27
124.79.245.154 - - [07/Dec/2022:10:40:44 +0800] "POST /xingrg/kc/base/check_list_operate.html HTTP/1.1" 200 9186
114.95.43.237 - - [07/Dec/2022:10:40:45 +0800] "GET /xingrg/check_reg.html?_=1670380835783 HTTP/1.1" 200 22
180.162.229.95 - - [07/Dec/2022:10:40:46 +0800] "GET /xingrg/all/function/internal_message.html?_=1670380836359&CODE_STATE=getMsg HTTP/1.1" 200 27
124.79.245.154 - - [07/Dec/2022:10:40:47 +0800] "GET /xingrg/kc/base/check_order_info.html?code=452022113000266 HTTP/1.1" 200 23124
124.79.245.154 - - [07/Dec/2022:10:40:47 +0800] "GET /xingrg/dwr/interface/AjaxCheckService.js HTTP/1.1" 200 14003
124.79.245.154 - - [07/Dec/2022:10:40:47 +0800] "GET /xingrg/dwr/interface/AjaxComOrderService.js HTTP/1.1" 200 18264
124.79.245.154 - - [07/Dec/2022:10:40:47 +0800] "GET /xingrg/dwr/util.js HTTP/1.1" 200 35990
124.79.245.154 - - [07/Dec/2022:10:40:47 +0800] "GET /xingrg/dwr/engine.js HTTP/1.1" 200 43631
180.162.229.95 - - [07/Dec/2022:10:40:48 +0800] "GET /xingrg/javascript/auto/indicator.gif HTTP/1.1" 404 1066
114.95.43.237 - - [07/Dec/2022:10:40:48 +0800] "GET /xingrg/check_reg.html?_=1670380685946 HTTP/1.1" 200 22
114.95.43.237 - - [07/Dec/2022:10:40:49 +0800] "GET /xingrg/all/function/internal_message.html?_=1670380685949&CODE_STATE=getMsg HTTP/1.1" 200 27
124.79.245.154 - - [07/Dec/2022:10:40:49 +0800] "POST /xingrg/dwr/call/plaincall/AjaxCheckService.loadOrderItems.dwr HTTP/1.1" 200 3468
221.239.170.112 - - [07/Dec/2022:10:40:52 +0800] "GET /xingrg/all/function/internal_message.html?_=1670380835945&CODE_STATE=getMsg HTTP/1.1" 200 27
116.230.105.139 - - [07/Dec/2022:10:40:52 +0800] "GET /xingrg/javascript/jquery_easy_ui/themes/default/images/tree_checkbox_1.gif HTTP/1.1" 304 -
116.230.105.139 - - [07/Dec/2022:10:40:52 +0800] "GET /xingrg/javascript/jquery_easy_ui/themes/default/images/tree_checkbox_2.gif HTTP/1.1" 304 -
116.230.105.139 - - [07/Dec/2022:10:40:53 +0800] "GET /xingrg/kc/base/crk_hz.html?_=1670380842292&command=get_cost_id&end_date=2022-12-31&start_date=2022-01-01 HTTP/1.1" 200 51
116.230.105.139 - - [07/Dec/2022:10:40:54 +0800] "GET /xingrg/dwr/interface/AjaxReportQueryService.js HTTP/1.1" 200 13203
116.230.105.139 - - [07/Dec/2022:10:40:54 +0800] "GET /xingrg/all/report/report_query.html?isQuery=1&onlyBody=1&rh=99999&rw=1800&varString=start:20220101,cost_id:3869,mid:20220101&fileName=kc/base/crk_hz_type_by_base.xml&queryString=%20a.base_code%20in%20('0010238')%20&queryText=ÈÕÆÚ£º2022-01-01ÖÁ2022-12-31%20²Ö¿â£º°Ę́&tableQueryString=materiel_table$sp1$$sp$before_table$sp1$$sp$crk_table$sp1$order_day%20between%2020220101%20and%2020221231 HTTP/1.1" 200 49398
116.230.105.139 - - [07/Dec/2022:10:40:54 +0800] "GET /xingrg/dwr/engine.js HTTP/1.1" 200 43631
180.162.229.95 - - [07/Dec/2022:10:40:54 +0800] "GET /xingrg/kc/buy/cgsh_order_operate.html?command=get_materiel&rest_code=00102&code=00101001075&supplier_code=00100400&order_time=2022-12-07 HTTP/1.1" 200 431
116.230.105.139 - - [07/Dec/2022:10:40:56 +0800] "GET /xingrg/all/function/internal_message.html?_=1670380844011&CODE_STATE=getMsg HTTP/1.1" 200 27
58.37.5.178 - - [07/Dec/2022:10:40:57 +0800] "GET /xingrg/all/function/internal_message.html?_=1670380851315&CODE_STATE=getMsg HTTP/1.1" 200 27
101.83.241.19 - - [07/Dec/2022:10:40:59 +0800] "GET /xingrg/all/function/internal_message.html?_=1670380846358&CODE_STATE=getMsg HTTP/1.1" 200 27
114.84.38.109 - - [07/Dec/2022:10:40:59 +0800] "GET /xingrg/check_reg.html?_=1670380858363 HTTP/1.1" 302 -
114.88.159.190 - - [07/Dec/2022:10:41:00 +0800] "GET /xingrg/all/function/internal_message.html?_=1670380846935&CODE_STATE=getMsg HTTP/1.1" 200 27
114.88.159.190 - - [07/Dec/2022:10:41:00 +0800] "GET /xingrg/check_reg.html?_=1670380846936 HTTP/1.1" 200 22
116.230.105.139 - - [07/Dec/2022:10:41:00 +0800] "POST /xingrg/all/report/load_report_page.html HTTP/1.1" 200 94612
116.230.105.139 - - [07/Dec/2022:10:41:00 +0800] "GET /xingrg/servlets/image?cache=0.48353527146555064&image=px HTTP/1.1" 200 807
222.69.129.44 - - [07/Dec/2022:10:41:02 +0800] "GET /xingrg/all/function/internal_message.html?_=1670380907271&CODE_STATE=getMsg HTTP/1.1" 200 27
222.69.129.44 - - [07/Dec/2022:10:41:02 +0800] "GET /xingrg/check_reg.html?_=1670380907270 HTTP/1.1" 200 22
114.84.38.109 - - [07/Dec/2022:10:41:03 +0800] "GET /xingrg/all/function/internal_message.html?_=1670380862247&CODE_STATE=getMsg HTTP/1.1" 302 -
116.230.105.139 - - [07/Dec/2022:10:41:05 +0800] "GET /xingrg/all/report/report_query.html?isQuery=1&fileName=kc/base/crk_detail_by_small.xml&rh=99999&queryString=&queryText=%25E3%2580%2590%25E4%25BB%2593%25E5%25BA%2593%25E5%2590%258D%25E7%25A7%25B0%253A%25E5%2590%25A7%25E5%258F%25B0%25E3%2580%2591%25E3%2580%2590%25E4%25B8%259A%25E5%258A%25A1%25E7%25B1%25BB%25E5%259E%258B%25EF%25BC%259A%25E6%2580%25BB%25E9%2583%25A8%25E9%2585%258D%25E9%2580%2581%25E3%2580%2591%2520%253F%253F%253F%253F%253F2022-01-01%253F%253F2022-12-31%2520%253F%253F%253F%253F%253F%253F&tableQueryString=crk_table%2524sp1%2524order_day%2520between%252020220101%2520and%252020221231%2520and%2520(base_code%253D'0010238')%2520and%2520(src_order_type%2520in%2520(31))%2520and%2520(is_rk%2520in%2520(1)) HTTP/1.1" 200 53776
116.230.105.139 - - [07/Dec/2022:10:41:05 +0800] "GET /xingrg/dwr/interface/AjaxReportQueryService.js HTTP/1.1" 200 13203
116.230.105.139 - - [07/Dec/2022:10:41:05 +0800] "GET /xingrg/dwr/engine.js HTTP/1.1" 200 43631
116.230.105.139 - - [07/Dec/2022:10:41:06 +0800] "POST /xingrg/all/report/load_report_page.html HTTP/1.1" 200 20422
116.230.105.139 - - [07/Dec/2022:10:41:06 +0800] "GET /xingrg/servlets/image?cache=0.5296433491953528&image=px HTTP/1.1" 200 807
58.40.7.146 - - [07/Dec/2022:10:41:06 +0800] "GET /xingrg/all/function/internal_message.html?_=1670380855658&CODE_STATE=getMsg HTTP/1.1" 200 27
116.230.105.139 - - [07/Dec/2022:10:41:08 +0800] "GET /xingrg/dwr/interface/AjaxReportQueryService.js HTTP/1.1" 200 13203
116.230.105.139 - - [07/Dec/2022:10:41:08 +0800] "GET /xingrg/all/report/report_query.html?isQuery=1&fileName=kc/base/crk_detail_by_materiel.xml&queryString=&queryText=%25E3%2580%2590%25E4%25BB%2593%25E5%25BA%2593%25E5%2590%258D%25E7%25A7%25B0%253A%25E5%2590%25A7%25E5%258F%25B0%25E3%2580%2591%25E3%2580%2590%25E4%25B8%259A%25E5%258A%25A1%25E7%25B1%25BB%25E5%259E%258B%25EF%25BC%259A%25E6%2580%25BB%25E9%2583%25A8%25E9%2585%258D%25E9%2580%2581%25E3%2580%2591%2520%253F%253F%253F%253F%253F2022-01-01%253F%253F2022-12-31%2520%253F%253F%253F%253F%253F%253F&tableQueryString=crk_table%2524sp1%2524order_day%2520between%252020220101%2520and%252020221231%2520and%2520(base_code%253D'0010238')%2520and%2520(src_order_type%2520in%2520(31))%2520and%2520(is_rk%2520in%2520(1))%2520and%2520(m.sort_code%253D'00101026') HTTP/1.1" 200 53803
116.230.105.139 - - [07/Dec/2022:10:41:08 +0800] "GET /xingrg/dwr/engine.js HTTP/1.1" 200 43631
116.230.105.139 - - [07/Dec/2022:10:41:09 +0800] "POST /xingrg/all/report/load_report_page.html HTTP/1.1" 200 16040
116.230.105.139 - - [07/Dec/2022:10:41:09 +0800] "GET /xingrg/servlets/image?cache=0.5994057448753959&image=px HTTP/1.1" 200 807
180.162.229.95 - - [07/Dec/2022:10:41:10 +0800] "GET /xingrg/kc/buy/cgsh_order_operate.html?command=get_materiel&rest_code=00102&code=00101005037&supplier_code=00100400&order_time=2022-12-07 HTTP/1.1" 200 409
114.88.159.190 - - [07/Dec/2022:10:41:10 +0800] "GET /xingrg/all/function/internal_message.html?_=1670380456264&CODE_STATE=getMsg HTTP/1.1" 200 27
114.84.81.136 - - [07/Dec/2022:10:41:14 +0800] "GET /xingrg/all/function/internal_message.html?_=1670380865592&CODE_STATE=getMsg HTTP/1.1" 200 27
114.84.81.136 - - [07/Dec/2022:10:41:15 +0800] "GET /xingrg/check_reg.html?_=1670380865593 HTTP/1.1" 200 22
124.79.245.154 - - [07/Dec/2022:10:41:16 +0800] "GET /xingrg/all/function/internal_message.html?_=1670381089154&CODE_STATE=getMsg HTTP/1.1" 200 27
124.79.245.154 - - [07/Dec/2022:10:41:18 +0800] "GET /xingrg/all/function/internal_message.html?_=1670380866201&CODE_STATE=getMsg HTTP/1.1" 200 27
124.79.245.154 - - [07/Dec/2022:10:41:19 +0800] "GET /xingrg/all/function/internal_message.html?_=1670380867283&CODE_STATE=getMsg HTTP/1.1" 200 27
114.84.38.109 - - [07/Dec/2022:10:41:21 +0800] "GET /xingrg/all/function/internal_message.html?_=1670380879205&CODE_STATE=getMsg HTTP/1.1" 200 27
172.20.0.100 - - [07/Dec/2022:10:41:22 +0800] "GET /xingrg/all/function/internal_message.html?_=1670380871434&CODE_STATE=getMsg HTTP/1.1" 200 27
58.221.95.50 - - [07/Dec/2022:10:41:22 +0800] "GET /xingrg/all/function/internal_message.html?_=1670380872676&CODE_STATE=getMsg HTTP/1.1" 200 27
58.221.95.50 - - [07/Dec/2022:10:41:23 +0800] "GET /xingrg/check_reg.html?_=1670380873748 HTTP/1.1" 200 22
58.37.5.178 - - [07/Dec/2022:10:41:24 +0800] "GET /xingrg/check_reg.html?_=1670380871224 HTTP/1.1" 200 22
180.162.229.95 - - [07/Dec/2022:10:41:24 +0800] "GET /xingrg/kc/buy/cgsh_order_operate.html?command=get_materiel&rest_code=00102&code=00101001053&supplier_code=00100400&order_time=2022-12-07 HTTP/1.1" 200 409
58.37.5.178 - - [07/Dec/2022:10:41:25 +0800] "GET /xingrg/all/function/internal_message.html?_=1670380872793&CODE_STATE=getMsg HTTP/1.1" 200 27
222.70.177.10 - - [07/Dec/2022:10:41:26 +0800] "GET /xingrg/all/function/internal_message.html?_=1670380912213&CODE_STATE=getMsg HTTP/1.1" 302 -
116.230.105.139 - - [07/Dec/2022:10:41:27 +0800] "GET /xingrg/dwr/interface/AjaxReportQueryService.js HTTP/1.1" 200 13203
116.230.105.139 - - [07/Dec/2022:10:41:28 +0800] "GET /xingrg/all/report/report_query.html?isQuery=1&fileName=kc/base/crk_detail_by_materiel.xml&queryString=&queryText=%25E3%2580%2590%25E4%25BB%2593%25E5%25BA%2593%25E5%2590%258D%25E7%25A7%25B0%253A%25E5%2590%25A7%25E5%258F%25B0%25E3%2580%2591%25E3%2580%2590%25E4%25B8%259A%25E5%258A%25A1%25E7%25B1%25BB%25E5%259E%258B%25EF%25BC%259A%25E6%2580%25BB%25E9%2583%25A8%25E9%2585%258D%25E9%2580%2581%25E3%2580%2591%2520%253F%253F%253F%253F%253F2022-01-01%253F%253F2022-12-31%2520%253F%253F%253F%253F%253F%253F&tableQueryString=crk_table%2524sp1%2524order_day%2520between%252020220101%2520and%252020221231%2520and%2520(base_code%253D'0010238')%2520and%2520(src_order_type%2520in%2520(31))%2520and%2520(is_rk%2520in%2520(1))%2520and%2520(m.sort_code%253D'00101027') HTTP/1.1" 200 53803
116.230.105.139 - - [07/Dec/2022:10:41:28 +0800] "GET /xingrg/dwr/engine.js HTTP/1.1" 200 43631
116.230.105.139 - - [07/Dec/2022:10:41:29 +0800] "POST /xingrg/all/report/load_report_page.html HTTP/1.1" 200 16024
116.230.105.139 - - [07/Dec/2022:10:41:29 +0800] "GET /xingrg/servlets/image?cache=0.4746072633743743&image=px HTTP/1.1" 200 807
116.238.139.35 - - [07/Dec/2022:10:41:29 +0800] "GET /xingrg/all/function/internal_message.html?_=1670380879583&CODE_STATE=getMsg HTTP/1.1" 200 27
58.37.5.178 - - [07/Dec/2022:10:41:31 +0800] "GET /xingrg/css/new_ie.css HTTP/1.1" 404 1036
58.37.5.178 - - [07/Dec/2022:10:41:31 +0800] "GET /xingrg/kc/buy/buy_main.html HTTP/1.1" 200 12412
180.169.147.146 - - [07/Dec/2022:10:41:31 +0800] "GET /xingrg/all/function/internal_message.html?_=1670380878677&CODE_STATE=getMsg HTTP/1.1" 200 27
116.238.139.35 - - [07/Dec/2022:10:41:32 +0800] "GET /xingrg/check_reg.html?_=1670380821395 HTTP/1.1" 200 22
116.230.105.139 - - [07/Dec/2022:10:41:32 +0800] "GET /xingrg/all/function/internal_message.html?_=1670380881231&CODE_STATE=getMsg HTTP/1.1" 200 27
116.238.139.35 - - [07/Dec/2022:10:41:33 +0800] "GET /xingrg/all/function/internal_message.html?_=1670380821896&CODE_STATE=getMsg HTTP/1.1" 200 27
222.70.177.10 - - [07/Dec/2022:10:41:37 +0800] "GET /xingrg/all/function/internal_message.html?_=1670380885564&CODE_STATE=getMsg HTTP/1.1" 200 27
58.37.5.178 - - [07/Dec/2022:10:41:38 +0800] "GET /xingrg/images/yd/bt.gif HTTP/1.1" 404 1040
58.37.5.178 - - [07/Dec/2022:10:41:39 +0800] "GET /xingrg/kc/buy/cgsh_order_list.html HTTP/1.1" 200 53791
58.37.5.178 - - [07/Dec/2022:10:41:40 +0800] "POST /xingrg/kc/buy/cgsh_list_operate.html HTTP/1.1" 200 986
222.70.177.10 - - [07/Dec/2022:10:41:41 +0800] "GET /xingrg/check_reg.html?_=1670380927491 HTTP/1.1" 302 -
114.95.43.237 - - [07/Dec/2022:10:41:44 +0800] "GET /xingrg/all/function/internal_message.html?_=1670380894925&CODE_STATE=getMsg HTTP/1.1" 200 27
180.162.229.95 - - [07/Dec/2022:10:41:46 +0800] "GET /xingrg/all/function/internal_message.html?_=1670380896360&CODE_STATE=getMsg HTTP/1.1" 200 27
116.230.105.139 - - [07/Dec/2022:10:41:48 +0800] "GET /xingrg/all/report/report_query.html?isQuery=1&fileName=kc/base/crk_detail_by_materiel.xml&queryString=&queryText=%25E3%2580%2590%25E4%25BB%2593%25E5%25BA%2593%25E5%2590%258D%25E7%25A7%25B0%253A%25E5%2590%25A7%25E5%258F%25B0%25E3%2580%2591%25E3%2580%2590%25E4%25B8%259A%25E5%258A%25A1%25E7%25B1%25BB%25E5%259E%258B%25EF%25BC%259A%25E6%2580%25BB%25E9%2583%25A8%25E9%2585%258D%25E9%2580%2581%25E3%2580%2591%2520%253F%253F%253F%253F%253F2022-01-01%253F%253F2022-12-31%2520%253F%253F%253F%253F%253F%253F&tableQueryString=crk_table%2524sp1%2524order_day%2520between%252020220101%2520and%252020221231%2520and%2520(base_code%253D'0010238')%2520and%2520(src_order_type%2520in%2520(31))%2520and%2520(is_rk%2520in%2520(1))%2520and%2520(m.sort_code%253D'00101028') HTTP/1.1" 200 53803
116.230.105.139 - - [07/Dec/2022:10:41:48 +0800] "GET /xingrg/dwr/interface/AjaxReportQueryService.js HTTP/1.1" 200 13203
116.230.105.139 - - [07/Dec/2022:10:41:48 +0800] "GET /xingrg/dwr/engine.js HTTP/1.1" 200 43631
114.95.43.237 - - [07/Dec/2022:10:41:48 +0800] "GET /xingrg/all/function/internal_message.html?_=1670380745947&CODE_STATE=getMsg HTTP/1.1" 200 27
116.230.105.139 - - [07/Dec/2022:10:41:49 +0800] "POST /xingrg/all/report/load_report_page.html HTTP/1.1" 200 16001
116.230.105.139 - - [07/Dec/2022:10:41:49 +0800] "GET /xingrg/servlets/image?cache=0.5959676939631452&image=px HTTP/1.1" 200 807
221.239.170.112 - - [07/Dec/2022:10:41:52 +0800] "GET /xingrg/all/function/internal_message.html?_=1670380895945&CODE_STATE=getMsg HTTP/1.1" 200 27
221.239.170.112 - - [07/Dec/2022:10:41:52 +0800] "GET /xingrg/check_reg.html?_=1670380895963 HTTP/1.1" 200 22
116.230.105.139 - - [07/Dec/2022:10:41:56 +0800] "GET /xingrg/all/function/internal_message.html?_=1670380904001&CODE_STATE=getMsg HTTP/1.1" 200 27
58.37.5.178 - - [07/Dec/2022:10:41:57 +0800] "GET /xingrg/all/function/internal_message.html?_=1670380911316&CODE_STATE=getMsg HTTP/1.1" 200 27
101.83.241.19 - - [07/Dec/2022:10:41:59 +0800] "GET /xingrg/all/function/internal_message.html?_=1670380906358&CODE_STATE=getMsg HTTP/1.1" 200 27
114.88.159.190 - - [07/Dec/2022:10:42:00 +0800] "GET /xingrg/all/function/internal_message.html?_=1670380906935&CODE_STATE=getMsg HTTP/1.1" 200 27
222.69.129.44 - - [07/Dec/2022:10:42:02 +0800] "GET /xingrg/all/function/internal_message.html?_=1670380967271&CODE_STATE=getMsg HTTP/1.1" 200 27
114.84.38.109 - - [07/Dec/2022:10:42:03 +0800] "GET /xingrg/all/function/internal_message.html?_=1670380922571&CODE_STATE=getMsg HTTP/1.1" 302 -
58.40.7.146 - - [07/Dec/2022:10:42:06 +0800] "GET /xingrg/all/function/internal_message.html?_=1670380915661&CODE_STATE=getMsg HTTP/1.1" 200 27
58.37.5.178 - - [07/Dec/2022:10:42:07 +0800] "GET /xingrg/kc/buy/cgsh_order_add.html HTTP/1.1" 200 69572
58.37.5.178 - - [07/Dec/2022:10:42:07 +0800] "POST /xingrg/kc/buy/cgsh_order_operate.html HTTP/1.1" 200 8245
114.88.159.190 - - [07/Dec/2022:10:42:07 +0800] "POST /xingrg/services/DataTransmitService HTTP/1.1" 200 524
58.37.5.178 - - [07/Dec/2022:10:42:08 +0800] "GET /xingrg/javascript/easyui/themes/default/validatebox.css HTTP/1.1" 404 1104
114.88.159.190 - - [07/Dec/2022:10:42:08 +0800] "POST /xingrg/services/DataTransmitService HTTP/1.1" 200 501
114.88.159.190 - - [07/Dec/2022:10:42:10 +0800] "GET /xingrg/all/function/internal_message.html?_=1670380516238&CODE_STATE=getMsg HTTP/1.1" 200 27
114.84.81.136 - - [07/Dec/2022:10:42:14 +0800] "GET /xingrg/all/function/internal_message.html?_=1670380925591&CODE_STATE=getMsg HTTP/1.1" 200 27
124.79.245.154 - - [07/Dec/2022:10:42:16 +0800] "GET /xingrg/all/function/internal_message.html?_=1670381149168&CODE_STATE=getMsg HTTP/1.1" 200 27
124.79.245.154 - - [07/Dec/2022:10:42:18 +0800] "GET /xingrg/all/function/internal_message.html?_=1670380926200&CODE_STATE=getMsg HTTP/1.1" 200 27
124.79.245.154 - - [07/Dec/2022:10:42:19 +0800] "GET /xingrg/all/function/internal_message.html?_=1670380927285&CODE_STATE=getMsg HTTP/1.1" 200 27
114.84.38.109 - - [07/Dec/2022:10:42:21 +0800] "GET /xingrg/all/function/internal_message.html?_=1670380939218&CODE_STATE=getMsg HTTP/1.1" 200 27
172.20.0.100 - - [07/Dec/2022:10:42:22 +0800] "GET /xingrg/check_reg.html?_=1670380931423 HTTP/1.1" 200 22
172.20.0.100 - - [07/Dec/2022:10:42:22 +0800] "GET /xingrg/all/function/internal_message.html?_=1670380931426&CODE_STATE=getMsg HTTP/1.1" 200 27
58.221.95.50 - - [07/Dec/2022:10:42:22 +0800] "GET /xingrg/all/function/internal_message.html?_=1670380932662&CODE_STATE=getMsg HTTP/1.1" 200 27
58.37.5.178 - - [07/Dec/2022:10:42:25 +0800] "GET /xingrg/all/function/internal_message.html?_=1670380932782&CODE_STATE=getMsg HTTP/1.1" 200 27
222.70.177.10 - - [07/Dec/2022:10:42:26 +0800] "GET /xingrg/all/function/internal_message.html?_=1670380972212&CODE_STATE=getMsg HTTP/1.1" 302 -
116.238.139.35 - - [07/Dec/2022:10:42:29 +0800] "GET /xingrg/all/function/internal_message.html?_=1670380939583&CODE_STATE=getMsg HTTP/1.1" 200 27
180.169.147.146 - - [07/Dec/2022:10:42:31 +0800] "GET /xingrg/all/function/internal_message.html?_=1670380938660&CODE_STATE=getMsg HTTP/1.1" 200 27
116.238.139.35 - - [07/Dec/2022:10:42:32 +0800] "GET /xingrg/all/function/internal_message.html?_=1670380881909&CODE_STATE=getMsg HTTP/1.1" 200 27
116.230.105.139 - - [07/Dec/2022:10:42:32 +0800] "GET /xingrg/all/function/internal_message.html?_=1670380941228&CODE_STATE=getMsg HTTP/1.1" 200 27
222.70.177.10 - - [07/Dec/2022:10:42:37 +0800] "GET /xingrg/all/function/internal_message.html?_=1670380945535&CODE_STATE=getMsg HTTP/1.1" 200 27
114.95.43.237 - - [07/Dec/2022:10:42:44 +0800] "GET /xingrg/all/function/internal_message.html?_=1670380954897&CODE_STATE=getMsg HTTP/1.1" 200 27
58.37.5.178 - - [07/Dec/2022:10:42:44 +0800] "GET /xingrg/javascript/easyui/themes/default/tree.css HTTP/1.1" 404 1090
58.37.5.178 - - [07/Dec/2022:10:42:44 +0800] "POST /xingrg/all/common/load_tree.html?tree=supplier_tree_json&isDelete=1 HTTP/1.1" 200 70269
180.162.229.95 - - [07/Dec/2022:10:42:46 +0800] "GET /xingrg/all/function/internal_message.html?_=1670380956365&CODE_STATE=getMsg HTTP/1.1" 200 27
114.95.43.237 - - [07/Dec/2022:10:42:48 +0800] "GET /xingrg/all/function/internal_message.html?_=1670380805946&CODE_STATE=getMsg HTTP/1.1" 200 27
221.239.170.112 - - [07/Dec/2022:10:42:52 +0800] "GET /xingrg/all/function/internal_message.html?_=1670380955950&CODE_STATE=getMsg HTTP/1.1" 200 27
