114.95.43.237 - - [07/Dec/2022:08:53:48 +0800] "GET /xingrg/all/function/internal_message.html?_=1670374265824&CODE_STATE=getMsg HTTP/1.1" 200 27
114.84.38.109 - - [07/Dec/2022:08:53:53 +0800] "GET /xingrg/kc/buy/cgsh_order_operate.html?command=get_materiel&rest_code=00146&code=00101008242&supplier_code=00100005&order_time=2022-12-07 HTTP/1.1" 200 408
114.84.38.109 - - [07/Dec/2022:08:53:56 +0800] "POST /xingrg/kc/buy/cgsh_order_operate.html HTTP/1.1" 200 2065
116.230.105.139 - - [07/Dec/2022:08:53:56 +0800] "GET /xingrg/all/function/internal_message.html?_=1670374424012&CODE_STATE=getMsg HTTP/1.1" 200 27
114.84.38.109 - - [07/Dec/2022:08:53:56 +0800] "GET /xingrg/all/function/internal_message.html?_=1670374435220&CODE_STATE=getMsg HTTP/1.1" 200 27
114.84.38.109 - - [07/Dec/2022:08:54:03 +0800] "GET /xingrg/kc/buy/cgsh_order_operate.html?command=get_materiel&rest_code=00146&code=00101008586&supplier_code=00100005&order_time=2022-12-07 HTTP/1.1" 200 409
58.40.7.146 - - [07/Dec/2022:08:54:06 +0800] "GET /xingrg/all/function/internal_message.html?_=1670374435628&CODE_STATE=getMsg HTTP/1.1" 200 27
114.84.38.109 - - [07/Dec/2022:08:54:17 +0800] "GET /xingrg/kc/buy/cgsh_order_operate.html?command=get_materiel&rest_code=00146&code=00101008225&supplier_code=00100005&order_time=2022-12-07 HTTP/1.1" 200 416
116.238.139.35 - - [07/Dec/2022:08:54:23 +0800] "GET /xingrg/all/function/internal_message.html?_=1670374393282&CODE_STATE=getMsg HTTP/1.1" 200 27
116.238.139.35 - - [07/Dec/2022:08:54:26 +0800] "GET /xingrg/kc/buy/cgsh_order_operate.html?command=get_materiel&rest_code=00150&code=00101008270&supplier_code=00100008&order_time=2022-12-07 HTTP/1.1" 200 412
222.70.177.10 - - [07/Dec/2022:08:54:27 +0800] "GET /xingrg/all/function/internal_message.html?_=1670374493958&CODE_STATE=getMsg HTTP/1.1" 200 27
116.238.139.35 - - [07/Dec/2022:08:54:29 +0800] "GET /xingrg/all/function/internal_message.html?_=1670374459410&CODE_STATE=getMsg HTTP/1.1" 200 27
120.253.135.82 - - [07/Dec/2022:08:54:29 +0800] "GET /xingrg/all/function/internal_message.html?_=1670374262916&CODE_STATE=getMsg HTTP/1.1" 200 27
116.238.139.35 - - [07/Dec/2022:08:54:37 +0800] "GET /xingrg/kc/buy/cgsh_order_operate.html?command=get_materiel&rest_code=00150&code=00101008077&supplier_code=00100008&order_time=2022-12-07 HTTP/1.1" 200 416
116.238.139.35 - - [07/Dec/2022:08:54:44 +0800] "GET /xingrg/kc/buy/cgsh_order_operate.html?command=get_materiel&rest_code=00150&code=00101008223&supplier_code=00100008&order_time=2022-12-07 HTTP/1.1" 200 412
114.95.43.237 - - [07/Dec/2022:08:54:45 +0800] "GET /xingrg/all/function/internal_message.html?_=1670374475649&CODE_STATE=getMsg HTTP/1.1" 200 27
114.95.43.237 - - [07/Dec/2022:08:54:48 +0800] "GET /xingrg/all/function/internal_message.html?_=1670374325810&CODE_STATE=getMsg HTTP/1.1" 200 27
116.230.105.139 - - [07/Dec/2022:08:54:56 +0800] "GET /xingrg/all/function/internal_message.html?_=1670374484011&CODE_STATE=getMsg HTTP/1.1" 200 27
114.84.38.109 - - [07/Dec/2022:08:54:56 +0800] "GET /xingrg/all/function/internal_message.html?_=1670374495292&CODE_STATE=getMsg HTTP/1.1" 200 27
114.84.38.109 - - [07/Dec/2022:08:55:02 +0800] "GET /xingrg/kc/buy/cgsh_order_operate.html?command=get_materiel&rest_code=00146&code=00101008350&supplier_code=00100005&order_time=2022-12-07 HTTP/1.1" 200 408
58.40.7.146 - - [07/Dec/2022:08:55:06 +0800] "GET /xingrg/all/function/internal_message.html?_=1670374495632&CODE_STATE=getMsg HTTP/1.1" 200 27
58.40.7.146 - - [07/Dec/2022:08:55:06 +0800] "GET /xingrg/check_reg.html?_=1670374495631 HTTP/1.1" 200 22
116.238.139.35 - - [07/Dec/2022:08:55:08 +0800] "GET /xingrg/kc/buy/cgsh_order_operate.html?command=get_materiel&rest_code=00150&code=00101008069&supplier_code=00100008&order_time=2022-12-07 HTTP/1.1" 200 412
114.84.38.109 - - [07/Dec/2022:08:55:17 +0800] "GET /xingrg/kc/buy/cgsh_order_operate.html?command=get_materiel&rest_code=00146&code=00101008134&supplier_code=00100005&order_time=2022-12-07 HTTP/1.1" 200 412
116.238.139.35 - - [07/Dec/2022:08:55:19 +0800] "GET /xingrg/kc/buy/cgsh_order_operate.html?command=get_materiel&rest_code=00150&code=00101008286&supplier_code=00100008&order_time=2022-12-07 HTTP/1.1" 200 408
114.84.38.109 - - [07/Dec/2022:08:55:22 +0800] "POST /xingrg/kc/buy/cgsh_order_operate.html HTTP/1.1" 200 2065
116.238.139.35 - - [07/Dec/2022:08:55:23 +0800] "GET /xingrg/all/function/internal_message.html?_=1670374453295&CODE_STATE=getMsg HTTP/1.1" 200 27
222.70.177.10 - - [07/Dec/2022:08:55:28 +0800] "GET /xingrg/all/function/internal_message.html?_=1670374553952&CODE_STATE=getMsg HTTP/1.1" 200 27
116.238.139.35 - - [07/Dec/2022:08:55:28 +0800] "GET /xingrg/kc/buy/cgsh_order_operate.html?command=get_materiel&rest_code=00150&code=00101008296&supplier_code=00100008&order_time=2022-12-07 HTTP/1.1" 200 416
116.238.139.35 - - [07/Dec/2022:08:55:29 +0800] "GET /xingrg/all/function/internal_message.html?_=1670374519411&CODE_STATE=getMsg HTTP/1.1" 200 27
114.84.38.109 - - [07/Dec/2022:08:55:29 +0800] "GET /xingrg/kc/buy/cgsh_order_operate.html?command=get_materiel&rest_code=00146&code=00101015004&supplier_code=00100005&order_time=2022-12-07 HTTP/1.1" 200 408
120.253.135.82 - - [07/Dec/2022:08:55:29 +0800] "GET /xingrg/all/function/internal_message.html?_=1670374322927&CODE_STATE=getMsg HTTP/1.1" 200 27
114.84.38.109 - - [07/Dec/2022:08:55:40 +0800] "GET /xingrg/kc/buy/cgsh_order_operate.html?command=get_materiel&rest_code=00146&code=00101008223&supplier_code=00100005&order_time=2022-12-07 HTTP/1.1" 200 412
114.95.43.237 - - [07/Dec/2022:08:55:45 +0800] "GET /xingrg/check_reg.html?_=1670374535649 HTTP/1.1" 200 22
114.95.43.237 - - [07/Dec/2022:08:55:45 +0800] "GET /xingrg/all/function/internal_message.html?_=1670374535652&CODE_STATE=getMsg HTTP/1.1" 200 27
114.95.43.237 - - [07/Dec/2022:08:55:48 +0800] "GET /xingrg/all/function/internal_message.html?_=1670374385811&CODE_STATE=getMsg HTTP/1.1" 200 27
114.95.43.237 - - [07/Dec/2022:08:55:48 +0800] "GET /xingrg/check_reg.html?_=1670374385814 HTTP/1.1" 200 22
116.238.139.35 - - [07/Dec/2022:08:55:54 +0800] "GET /xingrg/kc/buy/cgsh_order_operate.html?command=get_materiel&rest_code=00150&code=00101008165&supplier_code=00100008&order_time=2022-12-07 HTTP/1.1" 200 416
114.84.38.109 - - [07/Dec/2022:08:55:55 +0800] "GET /xingrg/check_reg.html?_=1670374553878 HTTP/1.1" 200 22
116.230.105.139 - - [07/Dec/2022:08:55:56 +0800] "GET /xingrg/all/function/internal_message.html?_=1670374544016&CODE_STATE=getMsg HTTP/1.1" 200 27
114.84.38.109 - - [07/Dec/2022:08:55:56 +0800] "GET /xingrg/all/function/internal_message.html?_=1670374555293&CODE_STATE=getMsg HTTP/1.1" 200 27
114.84.38.109 - - [07/Dec/2022:08:55:59 +0800] "GET /xingrg/kc/buy/cgsh_order_operate.html?command=get_materiel&rest_code=00146&code=00101008323&supplier_code=00100005&order_time=2022-12-07 HTTP/1.1" 200 408
116.238.139.35 - - [07/Dec/2022:08:56:02 +0800] "GET /xingrg/kc/buy/cgsh_order_operate.html?command=get_materiel&rest_code=00150&code=00101008168&supplier_code=00100008&order_time=2022-12-07 HTTP/1.1" 200 412
114.95.43.237 - - [07/Dec/2022:08:56:04 +0800] "GET /xingrg/kc/buy/cgsh_order_list.html HTTP/1.1" 200 53791
58.40.7.146 - - [07/Dec/2022:08:56:06 +0800] "GET /xingrg/all/function/internal_message.html?_=1670374555633&CODE_STATE=getMsg HTTP/1.1" 200 27
114.95.43.237 - - [07/Dec/2022:08:56:07 +0800] "POST /xingrg/kc/buy/cgsh_list_operate.html HTTP/1.1" 200 2692
116.238.139.35 - - [07/Dec/2022:08:56:08 +0800] "GET /xingrg/check_reg.html?_=1670374498145 HTTP/1.1" 200 22
114.95.43.237 - - [07/Dec/2022:08:56:08 +0800] "GET /xingrg/kc/buy/cgsh_order_add.html HTTP/1.1" 200 69654
114.95.43.237 - - [07/Dec/2022:08:56:08 +0800] "POST /xingrg/kc/buy/cgsh_order_operate.html HTTP/1.1" 200 8245
114.95.43.237 - - [07/Dec/2022:08:56:08 +0800] "GET /xingrg/javascript/easyui/themes/default/validatebox.css HTTP/1.1" 404 1104
114.95.43.237 - - [07/Dec/2022:08:56:10 +0800] "GET /xingrg/javascript/auto/indicator.gif HTTP/1.1" 404 1066
114.84.38.109 - - [07/Dec/2022:08:56:10 +0800] "GET /xingrg/kc/buy/cgsh_order_operate.html?command=get_materiel&rest_code=00146&code=00101008123&supplier_code=00100005&order_time=2022-12-07 HTTP/1.1" 200 412
114.95.43.237 - - [07/Dec/2022:08:56:21 +0800] "GET /xingrg/kc/buy/cgsh_order_operate.html?command=get_materiel&rest_code=00105&code=00101012049&supplier_code=&order_time=2022-12-07 HTTP/1.1" 200 432
114.95.43.237 - - [07/Dec/2022:08:56:22 +0800] "POST /xingrg/all/common/load_select.html HTTP/1.1" 200 25
116.238.139.35 - - [07/Dec/2022:08:56:23 +0800] "GET /xingrg/all/function/internal_message.html?_=1670374513309&CODE_STATE=getMsg HTTP/1.1" 200 27
116.238.139.35 - - [07/Dec/2022:08:56:23 +0800] "GET /xingrg/kc/buy/cgsh_order_operate.html?command=get_materiel&rest_code=00150&code=00101008291&supplier_code=00100008&order_time=2022-12-07 HTTP/1.1" 200 410
114.95.43.237 - - [07/Dec/2022:08:56:26 +0800] "GET /xingrg/kc/buy/cgsh_order_operate.html?command=get_materiel_price&rest_code=00105&code=00101012049&unit_code=00100086&supplier_code=&order_time=2022-12-07 HTTP/1.1" 200 31
222.70.177.10 - - [07/Dec/2022:08:56:27 +0800] "GET /xingrg/all/function/internal_message.html?_=1670374613927&CODE_STATE=getMsg HTTP/1.1" 200 27
116.238.139.35 - - [07/Dec/2022:08:56:29 +0800] "GET /xingrg/all/function/internal_message.html?_=1670374579417&CODE_STATE=getMsg HTTP/1.1" 200 27
120.253.135.82 - - [07/Dec/2022:08:56:30 +0800] "GET /xingrg/all/function/internal_message.html?_=1670374383142&CODE_STATE=getMsg HTTP/1.1" 200 27
116.238.139.35 - - [07/Dec/2022:08:56:37 +0800] "GET /xingrg/kc/buy/cgsh_order_operate.html?command=get_materiel&rest_code=00150&code=00101008312&supplier_code=00100008&order_time=2022-12-07 HTTP/1.1" 200 412
114.84.38.109 - - [07/Dec/2022:08:56:38 +0800] "GET /xingrg/kc/buy/cgsh_order_operate.html?command=get_materiel&rest_code=00146&code=00101040048&supplier_code=00100005&order_time=2022-12-07 HTTP/1.1" 200 398
222.70.177.10 - - [07/Dec/2022:08:56:41 +0800] "GET /xingrg/check_reg.html?_=1670374627489 HTTP/1.1" 200 22
114.95.43.237 - - [07/Dec/2022:08:56:45 +0800] "GET /xingrg/all/function/internal_message.html?_=1670374595655&CODE_STATE=getMsg HTTP/1.1" 200 27
116.238.139.35 - - [07/Dec/2022:08:56:48 +0800] "GET /xingrg/kc/buy/cgsh_order_operate.html?command=get_materiel&rest_code=00150&code=00101008061&supplier_code=00100008&order_time=2022-12-07 HTTP/1.1" 200 422
114.95.43.237 - - [07/Dec/2022:08:56:48 +0800] "GET /xingrg/all/function/internal_message.html?_=1670374445814&CODE_STATE=getMsg HTTP/1.1" 200 27
116.230.105.139 - - [07/Dec/2022:08:56:56 +0800] "GET /xingrg/all/function/internal_message.html?_=1670374604006&CODE_STATE=getMsg HTTP/1.1" 200 27
114.84.38.109 - - [07/Dec/2022:08:56:56 +0800] "GET /xingrg/all/function/internal_message.html?_=1670374615410&CODE_STATE=getMsg HTTP/1.1" 200 27
120.253.135.82 - - [07/Dec/2022:08:56:58 +0800] "GET /xingrg/check_reg.html?_=1670374411114 HTTP/1.1" 200 22
114.84.38.109 - - [07/Dec/2022:08:57:00 +0800] "GET /xingrg/kc/buy/cgsh_order_operate.html?command=get_materiel&rest_code=00146&code=00101015038&supplier_code=00100005&order_time=2022-12-07 HTTP/1.1" 200 418
116.238.139.35 - - [07/Dec/2022:08:57:00 +0800] "GET /xingrg/kc/buy/cgsh_order_operate.html?command=get_materiel&rest_code=00150&code=00101008095&supplier_code=00100008&order_time=2022-12-07 HTTP/1.1" 200 412
116.238.139.35 - - [07/Dec/2022:08:57:06 +0800] "POST /xingrg/kc/buy/cgsh_order_operate.html HTTP/1.1" 200 37
58.40.7.146 - - [07/Dec/2022:08:57:06 +0800] "GET /xingrg/all/function/internal_message.html?_=1670374615618&CODE_STATE=getMsg HTTP/1.1" 200 27
116.238.139.35 - - [07/Dec/2022:08:57:08 +0800] "POST /xingrg/kc/buy/cgsh_order_operate.html HTTP/1.1" 200 13955
116.238.139.35 - - [07/Dec/2022:08:57:15 +0800] "GET /xingrg/kc/buy/cgsh_order_operate.html?command=get_materiel&rest_code=00150&code=00101008110&supplier_code=00100008&order_time=2022-12-07 HTTP/1.1" 200 408
114.84.38.109 - - [07/Dec/2022:08:57:17 +0800] "POST /xingrg/kc/buy/cgsh_order_operate.html HTTP/1.1" 200 2065
116.238.139.35 - - [07/Dec/2022:08:57:23 +0800] "GET /xingrg/all/function/internal_message.html?_=1670374573322&CODE_STATE=getMsg HTTP/1.1" 200 27
116.238.139.35 - - [07/Dec/2022:08:57:26 +0800] "GET /xingrg/kc/buy/cgsh_order_operate.html?command=get_materiel&rest_code=00150&code=00101008283&supplier_code=00100008&order_time=2022-12-07 HTTP/1.1" 200 408
222.70.177.10 - - [07/Dec/2022:08:57:27 +0800] "GET /xingrg/all/function/internal_message.html?_=1670374673903&CODE_STATE=getMsg HTTP/1.1" 200 27
116.238.139.35 - - [07/Dec/2022:08:57:29 +0800] "GET /xingrg/all/function/internal_message.html?_=1670374639418&CODE_STATE=getMsg HTTP/1.1" 200 27
120.253.135.82 - - [07/Dec/2022:08:57:30 +0800] "GET /xingrg/all/function/internal_message.html?_=1670374443189&CODE_STATE=getMsg HTTP/1.1" 200 27
116.238.139.35 - - [07/Dec/2022:08:57:40 +0800] "GET /xingrg/kc/buy/cgsh_order_operate.html?command=get_materiel&rest_code=00150&code=00101008064&supplier_code=00100008&order_time=2022-12-07 HTTP/1.1" 200 412
114.95.43.237 - - [07/Dec/2022:08:57:45 +0800] "GET /xingrg/all/function/internal_message.html?_=1670374655663&CODE_STATE=getMsg HTTP/1.1" 200 27
116.238.139.35 - - [07/Dec/2022:08:57:48 +0800] "POST /xingrg/kc/buy/cgsh_order_operate.html HTTP/1.1" 200 37
114.95.43.237 - - [07/Dec/2022:08:57:48 +0800] "GET /xingrg/all/function/internal_message.html?_=1670374505814&CODE_STATE=getMsg HTTP/1.1" 200 27
114.84.38.109 - - [07/Dec/2022:08:57:49 +0800] "GET /xingrg/kc/buy/cgsh_order_operate.html?command=get_materiel&rest_code=00146&code=00101008704&supplier_code=00100005&order_time=2022-12-07 HTTP/1.1" 200 395
116.238.139.35 - - [07/Dec/2022:08:57:55 +0800] "POST /xingrg/kc/buy/cgsh_order_operate.html HTTP/1.1" 200 15719
116.230.105.139 - - [07/Dec/2022:08:57:56 +0800] "GET /xingrg/check_reg.html?_=1670374664010 HTTP/1.1" 200 22
116.230.105.139 - - [07/Dec/2022:08:57:56 +0800] "GET /xingrg/all/function/internal_message.html?_=1670374664011&CODE_STATE=getMsg HTTP/1.1" 200 27
114.84.38.109 - - [07/Dec/2022:08:57:56 +0800] "GET /xingrg/all/function/internal_message.html?_=1670374675415&CODE_STATE=getMsg HTTP/1.1" 200 27
58.40.7.146 - - [07/Dec/2022:08:58:06 +0800] "GET /xingrg/all/function/internal_message.html?_=1670374675621&CODE_STATE=getMsg HTTP/1.1" 200 27
114.84.38.109 - - [07/Dec/2022:08:58:22 +0800] "GET /xingrg/kc/buy/cgsh_order_operate.html?command=get_materiel&rest_code=00146&code=00101008679&supplier_code=00100005&order_time=2022-12-07 HTTP/1.1" 200 399
116.238.139.35 - - [07/Dec/2022:08:58:23 +0800] "GET /xingrg/all/function/internal_message.html?_=1670374633336&CODE_STATE=getMsg HTTP/1.1" 200 27
222.70.177.10 - - [07/Dec/2022:08:58:27 +0800] "GET /xingrg/all/function/internal_message.html?_=1670374733882&CODE_STATE=getMsg HTTP/1.1" 200 27
116.238.139.35 - - [07/Dec/2022:08:58:29 +0800] "GET /xingrg/check_reg.html?_=1670374699419 HTTP/1.1" 200 22
116.238.139.35 - - [07/Dec/2022:08:58:29 +0800] "GET /xingrg/all/function/internal_message.html?_=1670374699427&CODE_STATE=getMsg HTTP/1.1" 200 27
120.253.135.82 - - [07/Dec/2022:08:58:30 +0800] "GET /xingrg/all/function/internal_message.html?_=1670374503204&CODE_STATE=getMsg HTTP/1.1" 200 27
114.84.38.109 - - [07/Dec/2022:08:58:42 +0800] "GET /xingrg/kc/buy/cgsh_order_operate.html?command=get_materiel&rest_code=00146&code=00101008041&supplier_code=00100005&order_time=2022-12-07 HTTP/1.1" 200 408
114.95.43.237 - - [07/Dec/2022:08:58:45 +0800] "GET /xingrg/all/function/internal_message.html?_=1670374715651&CODE_STATE=getMsg HTTP/1.1" 200 27
114.95.43.237 - - [07/Dec/2022:08:58:48 +0800] "GET /xingrg/all/function/internal_message.html?_=1670374565816&CODE_STATE=getMsg HTTP/1.1" 200 27
116.230.105.139 - - [07/Dec/2022:08:58:56 +0800] "GET /xingrg/all/function/internal_message.html?_=1670374724015&CODE_STATE=getMsg HTTP/1.1" 200 27
114.84.38.109 - - [07/Dec/2022:08:58:56 +0800] "GET /xingrg/all/function/internal_message.html?_=1670374735430&CODE_STATE=getMsg HTTP/1.1" 200 27
120.253.135.82 - - [07/Dec/2022:08:58:59 +0800] "GET /xingrg/javascript/easyui/themes/sunny/images/ui-bg_gloss-wave_70_ffdd57_500x100.png HTTP/1.1" 200 3830
120.253.135.82 - - [07/Dec/2022:08:59:04 +0800] "GET /xingrg/kc/buy/cgsh_order_list.html HTTP/1.1" 200 53791
120.253.135.82 - - [07/Dec/2022:08:59:05 +0800] "POST /xingrg/kc/buy/cgsh_list_operate.html HTTP/1.1" 200 986
58.40.7.146 - - [07/Dec/2022:08:59:06 +0800] "GET /xingrg/all/function/internal_message.html?_=1670374735624&CODE_STATE=getMsg HTTP/1.1" 200 27
120.253.135.82 - - [07/Dec/2022:08:59:07 +0800] "GET /xingrg/kc/buy/cgsh_order_add.html HTTP/1.1" 200 68636
120.253.135.82 - - [07/Dec/2022:08:59:08 +0800] "POST /xingrg/kc/buy/cgsh_order_operate.html HTTP/1.1" 200 8245
120.253.135.82 - - [07/Dec/2022:08:59:08 +0800] "GET /xingrg/javascript/easyui/themes/default/validatebox.css HTTP/1.1" 404 1104
116.238.139.35 - - [07/Dec/2022:08:59:20 +0800] "POST /xingrg/kc/buy/cgsh_order_operate.html HTTP/1.1" 200 37
120.253.135.82 - - [07/Dec/2022:08:59:21 +0800] "POST /xingrg/all/common/load_combo.html?type=employee HTTP/1.1" 200 1752
116.238.139.35 - - [07/Dec/2022:08:59:22 +0800] "POST /xingrg/kc/buy/cgsh_order_operate.html HTTP/1.1" 200 15719
116.238.139.35 - - [07/Dec/2022:08:59:23 +0800] "GET /xingrg/all/function/internal_message.html?_=1670374693350&CODE_STATE=getMsg HTTP/1.1" 200 27
222.70.177.10 - - [07/Dec/2022:08:59:27 +0800] "GET /xingrg/all/function/internal_message.html?_=1670374793860&CODE_STATE=getMsg HTTP/1.1" 200 27
116.238.139.35 - - [07/Dec/2022:08:59:29 +0800] "GET /xingrg/all/function/internal_message.html?_=1670374759428&CODE_STATE=getMsg HTTP/1.1" 200 27
120.253.135.82 - - [07/Dec/2022:08:59:30 +0800] "GET /xingrg/all/function/internal_message.html?_=1670374563216&CODE_STATE=getMsg HTTP/1.1" 200 27
114.84.38.109 - - [07/Dec/2022:08:59:30 +0800] "GET /xingrg/kc/buy/cgsh_order_operate.html?command=get_materiel&rest_code=00146&code=00101008036&supplier_code=00100005&order_time=2022-12-07 HTTP/1.1" 200 408
120.253.135.82 - - [07/Dec/2022:08:59:36 +0800] "GET /xingrg/kc/buy/cgsh_order_operate.html?command=get_materiel&rest_code=00101&code=00101019184&supplier_code=00100100&order_time=2022-12-07 HTTP/1.1" 200 456
120.253.135.82 - - [07/Dec/2022:08:59:37 +0800] "POST /xingrg/all/common/load_select.html HTTP/1.1" 200 25
120.253.135.82 - - [07/Dec/2022:08:59:42 +0800] "GET /xingrg/kc/buy/cgsh_order_operate.html?command=get_materiel_price&rest_code=00101&code=00101019184&unit_code=00100037&supplier_code=00100100&order_time=2022-12-07 HTTP/1.1" 200 30
114.95.43.237 - - [07/Dec/2022:08:59:45 +0800] "GET /xingrg/all/function/internal_message.html?_=1670374775659&CODE_STATE=getMsg HTTP/1.1" 200 27
114.84.38.109 - - [07/Dec/2022:08:59:48 +0800] "POST /xingrg/kc/buy/cgsh_order_operate.html HTTP/1.1" 200 37
114.95.43.237 - - [07/Dec/2022:08:59:48 +0800] "GET /xingrg/all/function/internal_message.html?_=1670374625817&CODE_STATE=getMsg HTTP/1.1" 200 27
114.84.38.109 - - [07/Dec/2022:08:59:50 +0800] "POST /xingrg/kc/buy/cgsh_order_operate.html HTTP/1.1" 200 28069
114.84.38.109 - - [07/Dec/2022:08:59:52 +0800] "GET /xingrg/kc/print/load_config.html?kc_code=cgsh HTTP/1.1" 200 1943
114.84.38.109 - - [07/Dec/2022:08:59:53 +0800] "GET /xingrg/kc/print/load_data.html?order_code=212022120701693&kc_code=cgsh&condition= HTTP/1.1" 200 10319
116.230.105.139 - - [07/Dec/2022:08:59:56 +0800] "GET /xingrg/all/function/internal_message.html?_=1670374784014&CODE_STATE=getMsg HTTP/1.1" 200 27
114.84.38.109 - - [07/Dec/2022:08:59:56 +0800] "GET /xingrg/all/function/internal_message.html?_=1670374795442&CODE_STATE=getMsg HTTP/1.1" 200 27
58.40.7.146 - - [07/Dec/2022:09:00:06 +0800] "GET /xingrg/all/function/internal_message.html?_=1670374795627&CODE_STATE=getMsg HTTP/1.1" 200 27
58.40.7.146 - - [07/Dec/2022:09:00:06 +0800] "GET /xingrg/check_reg.html?_=1670374795628 HTTP/1.1" 200 22
120.253.135.82 - - [07/Dec/2022:09:00:10 +0800] "GET /xingrg/kc/buy/cgsh_order_operate.html?command=get_materiel&rest_code=00101&code=00101019185&supplier_code=00100100&order_time=2022-12-07 HTTP/1.1" 200 469
120.253.135.82 - - [07/Dec/2022:09:00:12 +0800] "POST /xingrg/all/common/load_select.html HTTP/1.1" 200 25
120.253.135.82 - - [07/Dec/2022:09:00:16 +0800] "GET /xingrg/kc/buy/cgsh_order_operate.html?command=get_materiel_price&rest_code=00101&code=00101019185&unit_code=00100189&supplier_code=00100100&order_time=2022-12-07 HTTP/1.1" 200 31
116.238.139.35 - - [07/Dec/2022:09:00:23 +0800] "GET /xingrg/all/function/internal_message.html?_=1670374753363&CODE_STATE=getMsg HTTP/1.1" 200 27
222.70.177.10 - - [07/Dec/2022:09:00:27 +0800] "GET /xingrg/all/function/internal_message.html?_=1670374853853&CODE_STATE=getMsg HTTP/1.1" 200 27
116.238.139.35 - - [07/Dec/2022:09:00:29 +0800] "GET /xingrg/all/function/internal_message.html?_=1670374819421&CODE_STATE=getMsg HTTP/1.1" 200 27
116.238.139.35 - - [07/Dec/2022:09:00:29 +0800] "GET /xingrg/kc/buy/cgsh_order_add.html HTTP/1.1" 200 69170
116.238.139.35 - - [07/Dec/2022:09:00:30 +0800] "GET /xingrg/javascript/easyui/themes/default/validatebox.css HTTP/1.1" 404 1104
116.238.139.35 - - [07/Dec/2022:09:00:30 +0800] "POST /xingrg/kc/buy/cgsh_order_operate.html HTTP/1.1" 200 8245
120.253.135.82 - - [07/Dec/2022:09:00:30 +0800] "GET /xingrg/all/function/internal_message.html?_=1670374623230&CODE_STATE=getMsg HTTP/1.1" 200 27
116.238.139.35 - - [07/Dec/2022:09:00:39 +0800] "GET /xingrg/kc/buy/cgsh_order_operate.html?command=get_materiel&rest_code=00151&code=00101008132&supplier_code=00100008&order_time=2022-12-07 HTTP/1.1" 200 408
120.253.135.82 - - [07/Dec/2022:09:00:43 +0800] "GET /xingrg/kc/buy/cgsh_order_operate.html?command=get_materiel&rest_code=00101&code=00101019183&supplier_code=00100100&order_time=2022-12-07 HTTP/1.1" 200 449
114.95.43.237 - - [07/Dec/2022:09:00:45 +0800] "GET /xingrg/all/function/internal_message.html?_=1670374835658&CODE_STATE=getMsg HTTP/1.1" 200 27
114.95.43.237 - - [07/Dec/2022:09:00:45 +0800] "GET /xingrg/check_reg.html?_=1670374835661 HTTP/1.1" 200 22
120.253.135.82 - - [07/Dec/2022:09:00:46 +0800] "POST /xingrg/all/common/load_select.html HTTP/1.1" 200 25
114.95.43.237 - - [07/Dec/2022:09:00:48 +0800] "GET /xingrg/check_reg.html?_=1670374685842 HTTP/1.1" 200 22
114.95.43.237 - - [07/Dec/2022:09:00:48 +0800] "GET /xingrg/all/function/internal_message.html?_=1670374685846&CODE_STATE=getMsg HTTP/1.1" 200 27
116.238.139.35 - - [07/Dec/2022:09:00:48 +0800] "GET /xingrg/kc/buy/cgsh_order_operate.html?command=get_materiel&rest_code=00151&code=00101008350&supplier_code=00100008&order_time=2022-12-07 HTTP/1.1" 200 408
120.253.135.82 - - [07/Dec/2022:09:00:50 +0800] "GET /xingrg/kc/buy/cgsh_order_operate.html?command=get_materiel_price&rest_code=00101&code=00101019183&unit_code=00100142&supplier_code=00100100&order_time=2022-12-07 HTTP/1.1" 200 29
114.84.38.109 - - [07/Dec/2022:09:00:55 +0800] "GET /xingrg/check_reg.html?_=1670374853879 HTTP/1.1" 200 22
116.230.105.139 - - [07/Dec/2022:09:00:56 +0800] "GET /xingrg/all/function/internal_message.html?_=1670374844016&CODE_STATE=getMsg HTTP/1.1" 200 27
114.84.38.109 - - [07/Dec/2022:09:00:56 +0800] "GET /xingrg/all/function/internal_message.html?_=1670374855455&CODE_STATE=getMsg HTTP/1.1" 200 27
58.37.5.178 - - [07/Dec/2022:09:00:58 +0800] "GET /xingrg/login.html HTTP/1.1" 200 7641
58.37.5.178 - - [07/Dec/2022:09:01:04 +0800] "GET /favicon.ico HTTP/1.1" 404 -
120.253.135.82 - - [07/Dec/2022:09:01:05 +0800] "POST /xingrg/kc/buy/cgsh_order_operate.html HTTP/1.1" 200 37
58.40.7.146 - - [07/Dec/2022:09:01:06 +0800] "GET /xingrg/all/function/internal_message.html?_=1670374855629&CODE_STATE=getMsg HTTP/1.1" 200 27
116.238.139.35 - - [07/Dec/2022:09:01:08 +0800] "GET /xingrg/check_reg.html?_=1670374798153 HTTP/1.1" 200 22
120.253.135.82 - - [07/Dec/2022:09:01:10 +0800] "POST /xingrg/kc/buy/cgsh_order_operate.html HTTP/1.1" 200 3927
58.37.5.178 - - [07/Dec/2022:09:01:10 +0800] "POST /xingrg/login.do HTTP/1.1" 302 -
58.37.5.178 - - [07/Dec/2022:09:01:10 +0800] "GET /xingrg/index.html?sysBaseUrl=http%3A%2F%2F180.169.147.146%3A18081%2Fxingrg%2F&costTime=46×tamp=1670374870148 HTTP/1.1" 200 17173
58.37.5.178 - - [07/Dec/2022:09:01:11 +0800] "POST /xingrg/all/common/load_tree.html?tree=area_rest_tree_json&manage=1 HTTP/1.1" 200 342
58.37.5.178 - - [07/Dec/2022:09:01:11 +0800] "GET /xingrg/all/function/internal_message.html?_=1670374859134&CODE_STATE=count HTTP/1.1" 200 11
58.37.5.178 - - [07/Dec/2022:09:01:11 +0800] "GET /xingrg/check_reg.html?_=1670374859135 HTTP/1.1" 200 22
58.37.5.178 - - [07/Dec/2022:09:01:11 +0800] "GET /favicon.ico HTTP/1.1" 404 -
58.37.5.178 - - [07/Dec/2022:09:01:11 +0800] "POST /xingrg/load_menu.html HTTP/1.1" 200 5138
120.253.135.82 - - [07/Dec/2022:09:01:12 +0800] "GET /xingrg/kc/print/load_config.html?kc_code=cgsh HTTP/1.1" 200 1943
120.253.135.82 - - [07/Dec/2022:09:01:12 +0800] "GET /xingrg/kc/print/load_data.html?order_code=212022120701694&kc_code=cgsh&condition= HTTP/1.1" 200 1249
116.238.139.35 - - [07/Dec/2022:09:01:17 +0800] "GET /xingrg/kc/buy/cgsh_order_operate.html?command=get_materiel&rest_code=00151&code=00101008351&supplier_code=00100008&order_time=2022-12-07 HTTP/1.1" 200 408
116.238.139.35 - - [07/Dec/2022:09:01:23 +0800] "GET /xingrg/all/function/internal_message.html?_=1670374813393&CODE_STATE=getMsg HTTP/1.1" 200 27
116.238.139.35 - - [07/Dec/2022:09:01:26 +0800] "POST /xingrg/kc/buy/cgsh_order_operate.html HTTP/1.1" 200 37
116.238.139.35 - - [07/Dec/2022:09:01:27 +0800] "GET /xingrg/kc/buy/cgsh_order_operate.html?command=get_materiel&rest_code=00151&code=00101008096&supplier_code=00100008&order_time=2022-12-07 HTTP/1.1" 200 412
222.70.177.10 - - [07/Dec/2022:09:01:27 +0800] "GET /xingrg/all/function/internal_message.html?_=1670374913840&CODE_STATE=getMsg HTTP/1.1" 200 27
116.238.139.35 - - [07/Dec/2022:09:01:29 +0800] "GET /xingrg/all/function/internal_message.html?_=1670374879420&CODE_STATE=getMsg HTTP/1.1" 200 27
116.238.139.35 - - [07/Dec/2022:09:01:30 +0800] "POST /xingrg/kc/buy/cgsh_order_operate.html HTTP/1.1" 200 12
120.253.135.82 - - [07/Dec/2022:09:01:30 +0800] "GET /xingrg/all/function/internal_message.html?_=1670374683244&CODE_STATE=getMsg HTTP/1.1" 200 27
114.84.38.109 - - [07/Dec/2022:09:01:30 +0800] "GET /xingrg/kc/buy/cgsh_order_add.html HTTP/1.1" 200 69572
120.253.135.82 - - [07/Dec/2022:09:01:30 +0800] "POST /xingrg/kc/buy/cgsh_order_operate.html HTTP/1.1" 200 37
114.84.38.109 - - [07/Dec/2022:09:01:31 +0800] "POST /xingrg/kc/buy/cgsh_order_operate.html HTTP/1.1" 200 8245
114.84.38.109 - - [07/Dec/2022:09:01:31 +0800] "GET /xingrg/javascript/easyui/themes/default/validatebox.css HTTP/1.1" 404 1104
58.37.5.178 - - [07/Dec/2022:09:01:35 +0800] "GET /xingrg/kc/buy/buy_main.html HTTP/1.1" 200 12412
58.37.5.178 - - [07/Dec/2022:09:01:35 +0800] "GET /xingrg/css/new_ie.css HTTP/1.1" 404 1036
120.253.135.82 - - [07/Dec/2022:09:01:35 +0800] "POST /xingrg/kc/buy/cgsh_order_operate.html HTTP/1.1" 200 12
58.37.5.178 - - [07/Dec/2022:09:01:35 +0800] "GET /xingrg/images/yd/bt.gif HTTP/1.1" 404 1040
58.37.5.178 - - [07/Dec/2022:09:01:36 +0800] "GET /xingrg/kc/buy/cgsh_order_list.html HTTP/1.1" 200 53791
58.37.5.178 - - [07/Dec/2022:09:01:39 +0800] "POST /xingrg/kc/buy/cgsh_list_operate.html HTTP/1.1" 200 986
120.253.135.82 - - [07/Dec/2022:09:01:39 +0800] "GET /xingrg/kc/buy/cgsh_order_info.html?code=212022120701694 HTTP/1.1" 200 63543
120.253.135.82 - - [07/Dec/2022:09:01:40 +0800] "GET /xingrg/javascript/easyui/themes/default/validatebox.css HTTP/1.1" 404 1104
222.70.177.10 - - [07/Dec/2022:09:01:41 +0800] "GET /xingrg/check_reg.html?_=1670374927484 HTTP/1.1" 200 22
120.253.135.82 - - [07/Dec/2022:09:01:41 +0800] "POST /xingrg/kc/buy/cgsh_order_operate.html HTTP/1.1" 200 1877
58.37.5.178 - - [07/Dec/2022:09:01:43 +0800] "GET /xingrg/kc/buy/cgsh_order_add.html HTTP/1.1" 200 69572
58.37.5.178 - - [07/Dec/2022:09:01:43 +0800] "GET /xingrg/words/20221206173512_words.js HTTP/1.1" 200 936840
58.37.5.178 - - [07/Dec/2022:09:01:45 +0800] "POST /xingrg/kc/buy/cgsh_order_operate.html HTTP/1.1" 200 8245
114.95.43.237 - - [07/Dec/2022:09:01:45 +0800] "GET /xingrg/all/function/internal_message.html?_=1670374895647&CODE_STATE=getMsg HTTP/1.1" 200 27
58.37.5.178 - - [07/Dec/2022:09:01:45 +0800] "GET /xingrg/all/common/auto_word.html?type=employee&rest_code=00106 HTTP/1.1" 200 205
58.37.5.178 - - [07/Dec/2022:09:01:45 +0800] "GET /xingrg/all/common/auto_word.html?type=employee&rest_code=00106 HTTP/1.1" 200 205
58.37.5.178 - - [07/Dec/2022:09:01:45 +0800] "GET /xingrg/javascript/easyui/themes/default/validatebox.css HTTP/1.1" 404 1104
58.37.5.178 - - [07/Dec/2022:09:01:45 +0800] "GET /xingrg/javascript/easyui/themes/default/tree.css HTTP/1.1" 404 1090
58.37.5.178 - - [07/Dec/2022:09:01:46 +0800] "POST /xingrg/all/common/load_tree.html?tree=supplier_tree_json&isDelete=1 HTTP/1.1" 200 70269
114.95.43.237 - - [07/Dec/2022:09:01:48 +0800] "GET /xingrg/all/function/internal_message.html?_=1670374745845&CODE_STATE=getMsg HTTP/1.1" 200 27
180.162.229.95 - - [07/Dec/2022:09:01:49 +0800] "GET /favicon.ico HTTP/1.1" 404 -
58.37.5.178 - - [07/Dec/2022:09:01:53 +0800] "GET /xingrg/javascript/auto/indicator.gif HTTP/1.1" 404 1066
116.230.105.139 - - [07/Dec/2022:09:01:56 +0800] "GET /xingrg/all/function/internal_message.html?_=1670374904003&CODE_STATE=getMsg HTTP/1.1" 200 27
114.84.38.109 - - [07/Dec/2022:09:01:56 +0800] "GET /xingrg/kc/buy/cgsh_order_operate.html?command=get_materiel&rest_code=00146&code=00101002027&supplier_code=00100199&order_time=2022-12-07 HTTP/1.1" 200 413
114.84.38.109 - - [07/Dec/2022:09:01:56 +0800] "GET /xingrg/all/function/internal_message.html?_=1670374915468&CODE_STATE=getMsg HTTP/1.1" 200 27
58.37.5.178 - - [07/Dec/2022:09:01:57 +0800] "GET /xingrg/kc/buy/cgsh_order_operate.html?command=get_materiel&rest_code=00106&code=00101008091&supplier_code=00100007&order_time=2022-12-07 HTTP/1.1" 200 412
120.253.135.82 - - [07/Dec/2022:09:01:58 +0800] "GET /xingrg/check_reg.html?_=1670374711120 HTTP/1.1" 200 22
58.40.7.146 - - [07/Dec/2022:09:02:06 +0800] "GET /xingrg/all/function/internal_message.html?_=1670374915631&CODE_STATE=getMsg HTTP/1.1" 200 27
180.163.28.55 - - [07/Dec/2022:09:02:10 +0800] "GET /xingrg/index.html?sysBaseUrl=http://180.169.147.146:18081/xingrg/&costTime=46×tamp=1670374870148 HTTP/1.1" 302 -
180.163.28.55 - - [07/Dec/2022:09:02:10 +0800] "GET /xingrg/login.html HTTP/1.1" 200 7641
58.37.5.178 - - [07/Dec/2022:09:02:11 +0800] "GET /xingrg/all/function/internal_message.html?_=1670374919136&CODE_STATE=getMsg HTTP/1.1" 200 27
58.37.5.178 - - [07/Dec/2022:09:02:13 +0800] "GET /xingrg/kc/buy/cgsh_order_operate.html?command=get_materiel&rest_code=00106&code=00101008331&supplier_code=00100007&order_time=2022-12-07 HTTP/1.1" 200 416
114.84.38.109 - - [07/Dec/2022:09:02:21 +0800] "GET /xingrg/kc/buy/cgsh_order_operate.html?command=get_materiel&rest_code=00146&code=00101002007&supplier_code=00100199&order_time=2022-12-07 HTTP/1.1" 200 429
58.37.5.178 - - [07/Dec/2022:09:02:22 +0800] "GET /xingrg/kc/buy/cgsh_order_operate.html?command=get_materiel&rest_code=00106&code=00101008110&supplier_code=00100007&order_time=2022-12-07 HTTP/1.1" 200 408
222.70.177.10 - - [07/Dec/2022:09:02:27 +0800] "GET /xingrg/all/function/internal_message.html?_=1670374973816&CODE_STATE=getMsg HTTP/1.1" 200 27
116.238.139.35 - - [07/Dec/2022:09:02:29 +0800] "GET /xingrg/all/function/internal_message.html?_=1670374939425&CODE_STATE=getMsg HTTP/1.1" 200 27
120.253.135.82 - - [07/Dec/2022:09:02:30 +0800] "GET /xingrg/all/function/internal_message.html?_=1670374743257&CODE_STATE=getMsg HTTP/1.1" 200 27
58.37.5.178 - - [07/Dec/2022:09:02:31 +0800] "GET /xingrg/kc/buy/cgsh_order_operate.html?command=get_materiel&rest_code=00106&code=00101008096&supplier_code=00100007&order_time=2022-12-07 HTTP/1.1" 200 412
58.37.5.178 - - [07/Dec/2022:09:02:33 +0800] "GET /xingrg/check_reg.html?_=1670374940473 HTTP/1.1" 200 22
58.37.5.178 - - [07/Dec/2022:09:02:38 +0800] "GET /xingrg/kc/buy/cgsh_order_operate.html?command=get_materiel&rest_code=00106&code=00101008038&supplier_code=00100007&order_time=2022-12-07 HTTP/1.1" 200 412
114.84.38.109 - - [07/Dec/2022:09:02:44 +0800] "GET /xingrg/kc/buy/cgsh_order_operate.html?command=get_materiel&rest_code=00146&code=00101004030&supplier_code=00100199&order_time=2022-12-07 HTTP/1.1" 200 409
114.95.43.237 - - [07/Dec/2022:09:02:45 +0800] "GET /xingrg/all/function/internal_message.html?_=1670374955661&CODE_STATE=getMsg HTTP/1.1" 200 27
58.37.5.178 - - [07/Dec/2022:09:02:46 +0800] "GET /xingrg/kc/buy/cgsh_order_operate.html?command=get_materiel&rest_code=00106&code=00101008199&supplier_code=00100007&order_time=2022-12-07 HTTP/1.1" 200 408
114.95.43.237 - - [07/Dec/2022:09:02:48 +0800] "GET /xingrg/all/function/internal_message.html?_=1670374805846&CODE_STATE=getMsg HTTP/1.1" 200 27
114.84.38.109 - - [07/Dec/2022:09:02:54 +0800] "POST /xingrg/services/DataTransmitService HTTP/1.1" 200 524
116.230.105.139 - - [07/Dec/2022:09:02:56 +0800] "GET /xingrg/all/function/internal_message.html?_=1670374964010&CODE_STATE=getMsg HTTP/1.1" 200 27
116.238.139.35 - - [07/Dec/2022:09:02:56 +0800] "GET /xingrg/kc/buy/cgsh_order_info.html?code=212022120701692 HTTP/1.1" 200 64491
116.230.105.139 - - [07/Dec/2022:09:02:56 +0800] "GET /xingrg/check_reg.html?_=1670374964011 HTTP/1.1" 200 22
116.238.139.35 - - [07/Dec/2022:09:02:56 +0800] "GET /xingrg/javascript/easyui/themes/default/validatebox.css HTTP/1.1" 404 1104
114.84.38.109 - - [07/Dec/2022:09:02:56 +0800] "GET /xingrg/all/function/internal_message.html?_=1670374975482&CODE_STATE=getMsg HTTP/1.1" 200 27
116.238.139.35 - - [07/Dec/2022:09:02:56 +0800] "GET /xingrg/all/function/internal_message.html?_=1670374906961&CODE_STATE=getMsg HTTP/1.1" 200 27
116.238.139.35 - - [07/Dec/2022:09:02:57 +0800] "POST /xingrg/kc/buy/cgsh_order_operate.html HTTP/1.1" 200 13663
180.163.29.212 - - [07/Dec/2022:09:02:58 +0800] "GET /xingrg/kc/buy/cgsh_order_operate.html?command=get_materiel&rest_code=00106&code=00101008091&supplier_code=00100007&order_time=2022-12-07 HTTP/1.1" 302 -
180.163.29.212 - - [07/Dec/2022:09:02:58 +0800] "GET /xingrg/login.html HTTP/1.1" 200 7641
58.37.5.178 - - [07/Dec/2022:09:02:59 +0800] "GET /xingrg/kc/buy/cgsh_order_operate.html?command=get_materiel&rest_code=00106&code=00101008361&supplier_code=00100007&order_time=2022-12-07 HTTP/1.1" 200 408
58.40.7.146 - - [07/Dec/2022:09:03:06 +0800] "GET /xingrg/all/function/internal_message.html?_=1670374975634&CODE_STATE=getMsg HTTP/1.1" 200 27
180.163.29.212 - - [07/Dec/2022:09:03:11 +0800] "GET /xingrg/kc/buy/cgsh_order_operate.html?command=get_materiel&rest_code=00106&code=00101008331&supplier_code=00100007&order_time=2022-12-07 HTTP/1.1" 302 -
180.163.29.212 - - [07/Dec/2022:09:03:11 +0800] "GET /xingrg/login.html HTTP/1.1" 200 7641
120.253.135.82 - - [07/Dec/2022:09:03:11 +0800] "GET /xingrg/kc/pszx/mdqp_order_list.html?state=10 HTTP/1.1" 200 10275
120.253.135.82 - - [07/Dec/2022:09:03:11 +0800] "GET /xingrg/dwr/engine.js HTTP/1.1" 200 43631
120.253.135.82 - - [07/Dec/2022:09:03:11 +0800] "GET /xingrg/dwr/interface/AjaxQqpsService.js HTTP/1.1" 200 16326
120.253.135.82 - - [07/Dec/2022:09:03:11 +0800] "GET /xingrg/dwr/interface/AjaxReportQueryService.js HTTP/1.1" 200 13203
58.37.5.178 - - [07/Dec/2022:09:03:11 +0800] "GET /xingrg/all/function/internal_message.html?_=1670374979195&CODE_STATE=getMsg HTTP/1.1" 200 27
114.84.38.109 - - [07/Dec/2022:09:03:13 +0800] "POST /xingrg/kc/buy/cgsh_order_operate.html HTTP/1.1" 200 37
120.253.135.82 - - [07/Dec/2022:09:03:13 +0800] "POST /xingrg/kc/buy/cgsh_list_operate.html HTTP/1.1" 200 986
114.84.38.109 - - [07/Dec/2022:09:03:15 +0800] "POST /xingrg/kc/buy/cgsh_order_operate.html HTTP/1.1" 200 3841
58.37.5.178 - - [07/Dec/2022:09:03:16 +0800] "GET /xingrg/kc/buy/cgsh_order_operate.html?command=get_materiel&rest_code=00106&code=00101008148&supplier_code=00100007&order_time=2022-12-07 HTTP/1.1" 200 416
114.84.38.109 - - [07/Dec/2022:09:03:18 +0800] "GET /xingrg/kc/print/load_data.html?order_code=212022120701695&kc_code=cgsh&condition= HTTP/1.1" 200 1126
180.163.29.79 - - [07/Dec/2022:09:03:20 +0800] "GET /xingrg/kc/buy/cgsh_order_operate.html?command=get_materiel&rest_code=00106&code=00101008110&supplier_code=00100007&order_time=2022-12-07 HTTP/1.1" 302 -
180.163.29.79 - - [07/Dec/2022:09:03:20 +0800] "GET /xingrg/login.html HTTP/1.1" 200 7641
120.253.135.82 - - [07/Dec/2022:09:03:22 +0800] "GET /xingrg/kc/base/wlsy_order_list.html?syType=1 HTTP/1.1" 200 17221
120.253.135.82 - - [07/Dec/2022:09:03:22 +0800] "POST /xingrg/kc/base/wlsy_list_operate.html?syType=1 HTTP/1.1" 200 862
58.37.5.178 - - [07/Dec/2022:09:03:24 +0800] "GET /xingrg/kc/buy/cgsh_order_operate.html?command=get_materiel&rest_code=00106&code=00101008264&supplier_code=00100007&order_time=2022-12-07 HTTP/1.1" 200 412
222.70.177.10 - - [07/Dec/2022:09:03:27 +0800] "GET /xingrg/all/function/internal_message.html?_=1670375033808&CODE_STATE=getMsg HTTP/1.1" 200 27
180.163.28.109 - - [07/Dec/2022:09:03:28 +0800] "GET /xingrg/kc/buy/cgsh_order_operate.html?command=get_materiel&rest_code=00106&code=00101008096&supplier_code=00100007&order_time=2022-12-07 HTTP/1.1" 302 -
180.163.28.109 - - [07/Dec/2022:09:03:28 +0800] "GET /xingrg/login.html HTTP/1.1" 200 7641
116.238.139.35 - - [07/Dec/2022:09:03:29 +0800] "GET /xingrg/kc/print/load_config.html?kc_code=cgsh HTTP/1.1" 200 1943
116.238.139.35 - - [07/Dec/2022:09:03:29 +0800] "GET /xingrg/all/function/internal_message.html?_=1670374999431&CODE_STATE=getMsg HTTP/1.1" 200 27
116.238.139.35 - - [07/Dec/2022:09:03:29 +0800] "GET /xingrg/check_reg.html?_=1670374999435 HTTP/1.1" 200 22
116.238.139.35 - - [07/Dec/2022:09:03:29 +0800] "GET /xingrg/kc/print/load_data.html?order_code=212022120701692&kc_code=cgsh&condition= HTTP/1.1" 200 5705
120.253.135.82 - - [07/Dec/2022:09:03:30 +0800] "GET /xingrg/all/function/internal_message.html?_=1670374803271&CODE_STATE=getMsg HTTP/1.1" 200 27
120.253.135.82 - - [07/Dec/2022:09:03:31 +0800] "POST /xingrg/kc/base/wlsy_list_operate.html?syType=1 HTTP/1.1" 200 5565
180.163.28.68 - - [07/Dec/2022:09:03:33 +0800] "GET /xingrg/check_reg.html?_=1670374940473 HTTP/1.1" 302 -
180.163.28.68 - - [07/Dec/2022:09:03:33 +0800] "GET /xingrg/login.html HTTP/1.1" 200 7641
120.253.135.82 - - [07/Dec/2022:09:03:35 +0800] "POST /xingrg/kc/base/wlsy_list_operate.html?syType=1 HTTP/1.1" 200 205
58.37.5.178 - - [07/Dec/2022:09:03:36 +0800] "GET /xingrg/kc/buy/cgsh_order_operate.html?command=get_materiel&rest_code=00106&code=00101008356&supplier_code=00100007&order_time=2022-12-07 HTTP/1.1" 200 408
116.238.139.35 - - [07/Dec/2022:09:03:38 +0800] "GET /xingrg/kc/buy/cgsh_order_operate.html?command=get_materiel&rest_code=00151&code=00101008358&supplier_code=00100008&order_time=2022-12-07 HTTP/1.1" 200 412
120.253.135.82 - - [07/Dec/2022:09:03:40 +0800] "POST /xingrg/kc/base/wlsy_list_operate.html?syType=1 HTTP/1.1" 200 4
120.253.135.82 - - [07/Dec/2022:09:03:41 +0800] "POST /xingrg/kc/base/wlsy_list_operate.html?syType=1 HTTP/1.1" 200 5564
114.95.43.237 - - [07/Dec/2022:09:03:45 +0800] "GET /xingrg/all/function/internal_message.html?_=1670375015662&CODE_STATE=getMsg HTTP/1.1" 200 27
120.253.135.82 - - [07/Dec/2022:09:03:46 +0800] "POST /xingrg/kc/base/wlsy_list_operate.html?syType=1 HTTP/1.1" 200 208
58.37.5.178 - - [07/Dec/2022:09:03:48 +0800] "GET /xingrg/kc/buy/cgsh_order_operate.html?command=get_materiel&rest_code=00106&code=00101008059&supplier_code=00100007&order_time=2022-12-07 HTTP/1.1" 200 408
114.95.43.237 - - [07/Dec/2022:09:03:48 +0800] "GET /xingrg/all/function/internal_message.html?_=1670374865846&CODE_STATE=getMsg HTTP/1.1" 200 27
120.253.135.82 - - [07/Dec/2022:09:03:53 +0800] "GET /xingrg/kc/base/wlsy_order_list.html?syType=1 HTTP/1.1" 200 17221
120.253.135.82 - - [07/Dec/2022:09:03:54 +0800] "POST /xingrg/kc/base/wlsy_list_operate.html?syType=1 HTTP/1.1" 200 1675
120.253.135.82 - - [07/Dec/2022:09:03:56 +0800] "POST /xingrg/kc/base/wlsy_list_operate.html?syType=1 HTTP/1.1" 200 205
116.230.105.139 - - [07/Dec/2022:09:03:56 +0800] "GET /xingrg/all/function/internal_message.html?_=1670375023998&CODE_STATE=getMsg HTTP/1.1" 200 27
114.84.38.109 - - [07/Dec/2022:09:03:56 +0800] "GET /xingrg/all/function/internal_message.html?_=1670375035615&CODE_STATE=getMsg HTTP/1.1" 200 27
116.238.139.35 - - [07/Dec/2022:09:03:57 +0800] "GET /xingrg/all/function/internal_message.html?_=1670374966975&CODE_STATE=getMsg HTTP/1.1" 200 27
120.253.135.82 - - [07/Dec/2022:09:03:57 +0800] "GET /xingrg/kc/base/wlsy_order_info.html?code=412022120600003 HTTP/1.1" 200 28684
58.37.5.178 - - [07/Dec/2022:09:03:57 +0800] "GET /xingrg/kc/buy/cgsh_order_operate.html?command=get_materiel&rest_code=00106&code=00101008134&supplier_code=00100007&order_time=2022-12-07 HTTP/1.1" 200 412
120.253.135.82 - - [07/Dec/2022:09:03:57 +0800] "POST /xingrg/kc/base/wlsy_order_operate.html HTTP/1.1" 200 2174
120.253.135.82 - - [07/Dec/2022:09:03:57 +0800] "GET /xingrg/javascript/easyui/themes/default/validatebox.css HTTP/1.1" 404 1104
116.238.139.35 - - [07/Dec/2022:09:03:59 +0800] "GET /xingrg/kc/buy/cgsh_order_operate.html?command=get_materiel&rest_code=00151&code=00101015006&supplier_code=00100008&order_time=2022-12-07 HTTP/1.1" 200 413
120.253.135.82 - - [07/Dec/2022:09:04:02 +0800] "POST /xingrg/kc/base/wlsy_order_operate.html HTTP/1.1" 200 12
120.253.135.82 - - [07/Dec/2022:09:04:04 +0800] "POST /xingrg/kc/base/wlsy_list_operate.html?syType=1 HTTP/1.1" 200 862
58.37.5.178 - - [07/Dec/2022:09:04:05 +0800] "GET /xingrg/kc/buy/cgsh_order_operate.html?command=get_materiel&rest_code=00106&code=00101008357&supplier_code=00100007&order_time=2022-12-07 HTTP/1.1" 200 408
58.40.7.146 - - [07/Dec/2022:09:04:06 +0800] "GET /xingrg/all/function/internal_message.html?_=1670375035636&CODE_STATE=getMsg HTTP/1.1" 200 27
120.253.135.82 - - [07/Dec/2022:09:04:08 +0800] "GET /xingrg/kc/pszx/mdqp_order_list.html?state=10 HTTP/1.1" 200 10275
120.253.135.82 - - [07/Dec/2022:09:04:08 +0800] "GET /xingrg/dwr/interface/AjaxQqpsService.js HTTP/1.1" 200 16326
120.253.135.82 - - [07/Dec/2022:09:04:08 +0800] "GET /xingrg/dwr/interface/AjaxReportQueryService.js HTTP/1.1" 200 13203
120.253.135.82 - - [07/Dec/2022:09:04:08 +0800] "GET /xingrg/dwr/engine.js HTTP/1.1" 200 43631
116.238.139.35 - - [07/Dec/2022:09:04:08 +0800] "GET /xingrg/kc/buy/cgsh_order_operate.html?command=get_materiel&rest_code=00151&code=00101008036&supplier_code=00100008&order_time=2022-12-07 HTTP/1.1" 200 408
58.37.5.178 - - [07/Dec/2022:09:04:11 +0800] "GET /xingrg/all/function/internal_message.html?_=1670375039178&CODE_STATE=getMsg HTTP/1.1" 200 27
58.37.5.178 - - [07/Dec/2022:09:04:15 +0800] "GET /xingrg/kc/buy/cgsh_order_operate.html?command=get_materiel&rest_code=00106&code=00101008230&supplier_code=00100007&order_time=2022-12-07 HTTP/1.1" 200 408
120.253.135.82 - - [07/Dec/2022:09:04:17 +0800] "GET /xingrg/kc/buy/cgsh_order_list.html HTTP/1.1" 200 53791
120.253.135.82 - - [07/Dec/2022:09:04:18 +0800] "POST /xingrg/kc/buy/cgsh_list_operate.html HTTP/1.1" 200 986
120.253.135.82 - - [07/Dec/2022:09:04:20 +0800] "GET /favicon.ico HTTP/1.1" 404 -
58.37.5.178 - - [07/Dec/2022:09:04:23 +0800] "GET /xingrg/kc/buy/cgsh_order_operate.html?command=get_materiel&rest_code=00106&code=00101008286&supplier_code=00100007&order_time=2022-12-07 HTTP/1.1" 200 408
222.70.177.10 - - [07/Dec/2022:09:04:27 +0800] "GET /xingrg/all/function/internal_message.html?_=1670375093781&CODE_STATE=getMsg HTTP/1.1" 200 27
120.253.135.82 - - [07/Dec/2022:09:04:27 +0800] "GET /xingrg/kc/report/report_main.html HTTP/1.1" 200 8599
120.253.135.82 - - [07/Dec/2022:09:04:29 +0800] "GET /xingrg/kc/base/kc_stocks.html HTTP/1.1" 200 16506
120.253.135.82 - - [07/Dec/2022:09:04:29 +0800] "GET /xingrg/javascript/easyui/themes/default/tree.css HTTP/1.1" 404 1090
120.253.135.82 - - [07/Dec/2022:09:04:29 +0800] "POST /xingrg/all/common/load_tree.html?tree=materiel_sort_tree_json HTTP/1.1" 200 9500
116.238.139.35 - - [07/Dec/2022:09:04:29 +0800] "GET /xingrg/all/function/internal_message.html?_=1670375059421&CODE_STATE=getMsg HTTP/1.1" 200 27
120.253.135.82 - - [07/Dec/2022:09:04:30 +0800] "GET /xingrg/all/function/internal_message.html?_=1670374863284&CODE_STATE=getMsg HTTP/1.1" 200 27
120.253.135.82 - - [07/Dec/2022:09:04:31 +0800] "POST /xingrg/all/common/load_combo.html?type=base HTTP/1.1" 200 1169
58.37.5.178 - - [07/Dec/2022:09:04:38 +0800] "GET /xingrg/kc/buy/cgsh_order_operate.html?command=get_materiel&rest_code=00106&code=00101008131&supplier_code=00100007&order_time=2022-12-07 HTTP/1.1" 200 408
120.253.135.82 - - [07/Dec/2022:09:04:39 +0800] "POST /xingrg/kc/base/stock_operate.html HTTP/1.1" 200 2518
58.40.7.146 - - [07/Dec/2022:09:04:43 +0800] "GET /favicon.ico HTTP/1.1" 404 -
114.95.43.237 - - [07/Dec/2022:09:04:45 +0800] "GET /xingrg/all/function/internal_message.html?_=1670375075655&CODE_STATE=getMsg HTTP/1.1" 200 27
114.95.43.237 - - [07/Dec/2022:09:04:48 +0800] "GET /xingrg/all/function/internal_message.html?_=1670374925847&CODE_STATE=getMsg HTTP/1.1" 200 27
58.37.5.178 - - [07/Dec/2022:09:04:50 +0800] "GET /xingrg/kc/buy/cgsh_order_operate.html?command=get_materiel&rest_code=00106&code=00101008318&supplier_code=00100007&order_time=2022-12-07 HTTP/1.1" 200 408
116.230.105.139 - - [07/Dec/2022:09:04:56 +0800] "GET /xingrg/all/function/internal_message.html?_=1670375084009&CODE_STATE=getMsg HTTP/1.1" 200 27
114.84.38.109 - - [07/Dec/2022:09:04:56 +0800] "GET /xingrg/all/function/internal_message.html?_=1670375095618&CODE_STATE=getMsg HTTP/1.1" 200 27
116.238.139.35 - - [07/Dec/2022:09:04:57 +0800] "GET /xingrg/all/function/internal_message.html?_=1670375027067&CODE_STATE=getMsg HTTP/1.1" 200 27
58.37.5.178 - - [07/Dec/2022:09:04:57 +0800] "GET /xingrg/kc/buy/cgsh_order_operate.html?command=get_materiel&rest_code=00106&code=00101008213&supplier_code=00100007&order_time=2022-12-07 HTTP/1.1" 200 412
58.37.5.178 - - [07/Dec/2022:09:05:05 +0800] "GET /xingrg/kc/buy/cgsh_order_operate.html?command=get_materiel&rest_code=00106&code=00102016091&supplier_code=00100007&order_time=2022-12-07 HTTP/1.1" 200 416
58.40.7.146 - - [07/Dec/2022:09:05:06 +0800] "GET /xingrg/check_reg.html?_=1670375095621 HTTP/1.1" 200 22
58.40.7.146 - - [07/Dec/2022:09:05:06 +0800] "GET /xingrg/all/function/internal_message.html?_=1670375095623&CODE_STATE=getMsg HTTP/1.1" 200 27
120.253.135.82 - - [07/Dec/2022:09:05:10 +0800] "POST /xingrg/kc/base/stock_operate.html HTTP/1.1" 200 1738
58.37.5.178 - - [07/Dec/2022:09:05:11 +0800] "GET /xingrg/all/function/internal_message.html?_=1670375099143&CODE_STATE=getMsg HTTP/1.1" 200 27
58.37.5.178 - - [07/Dec/2022:09:05:14 +0800] "GET /xingrg/kc/buy/cgsh_order_operate.html?command=get_materiel&rest_code=00106&code=00101008114&supplier_code=00100007&order_time=2022-12-07 HTTP/1.1" 200 412
58.37.5.178 - - [07/Dec/2022:09:05:17 +0800] "POST /xingrg/kc/buy/cgsh_order_operate.html HTTP/1.1" 200 2065
58.37.5.178 - - [07/Dec/2022:09:05:23 +0800] "GET /xingrg/kc/buy/cgsh_order_operate.html?command=get_materiel&rest_code=00106&code=00101008005&supplier_code=00100007&order_time=2022-12-07 HTTP/1.1" 200 412
116.238.139.35 - - [07/Dec/2022:09:05:25 +0800] "GET /xingrg/kc/buy/cgsh_order_operate.html?command=get_materiel&rest_code=00151&code=00101008355&supplier_code=00100008&order_time=2022-12-07 HTTP/1.1" 200 408
222.70.177.10 - - [07/Dec/2022:09:05:27 +0800] "GET /xingrg/all/function/internal_message.html?_=1670375153774&CODE_STATE=getMsg HTTP/1.1" 200 27
116.238.139.35 - - [07/Dec/2022:09:05:29 +0800] "GET /xingrg/all/function/internal_message.html?_=1670375119435&CODE_STATE=getMsg HTTP/1.1" 200 27
120.253.135.82 - - [07/Dec/2022:09:05:30 +0800] "GET /xingrg/all/function/internal_message.html?_=1670374923298&CODE_STATE=getMsg HTTP/1.1" 200 27
116.238.139.35 - - [07/Dec/2022:09:05:32 +0800] "GET /xingrg/kc/buy/cgsh_order_operate.html?command=get_materiel&rest_code=00151&code=00101008356&supplier_code=00100008&order_time=2022-12-07 HTTP/1.1" 200 408
58.37.5.178 - - [07/Dec/2022:09:05:39 +0800] "POST /xingrg/kc/buy/cgsh_order_operate.html HTTP/1.1" 200 37
116.238.139.35 - - [07/Dec/2022:09:05:42 +0800] "GET /xingrg/kc/buy/cgsh_order_operate.html?command=get_materiel&rest_code=00151&code=00101008077&supplier_code=00100008&order_time=2022-12-07 HTTP/1.1" 200 416
114.95.43.237 - - [07/Dec/2022:09:05:45 +0800] "GET /xingrg/all/function/internal_message.html?_=1670375135650&CODE_STATE=getMsg HTTP/1.1" 200 27
114.95.43.237 - - [07/Dec/2022:09:05:45 +0800] "GET /xingrg/check_reg.html?_=1670375135653 HTTP/1.1" 200 22
114.95.43.237 - - [07/Dec/2022:09:05:48 +0800] "GET /xingrg/check_reg.html?_=1670374985847 HTTP/1.1" 200 22
114.95.43.237 - - [07/Dec/2022:09:05:48 +0800] "GET /xingrg/all/function/internal_message.html?_=1670374985850&CODE_STATE=getMsg HTTP/1.1" 200 27
116.238.139.35 - - [07/Dec/2022:09:05:53 +0800] "GET /xingrg/kc/buy/cgsh_order_operate.html?command=get_materiel&rest_code=00151&code=00101008286&supplier_code=00100008&order_time=2022-12-07 HTTP/1.1" 200 408
114.84.38.109 - - [07/Dec/2022:09:05:55 +0800] "GET /xingrg/check_reg.html?_=1670375154020 HTTP/1.1" 200 22
116.230.105.139 - - [07/Dec/2022:09:05:56 +0800] "GET /xingrg/all/function/internal_message.html?_=1670375144002&CODE_STATE=getMsg HTTP/1.1" 200 27
114.84.38.109 - - [07/Dec/2022:09:05:56 +0800] "GET /xingrg/all/function/internal_message.html?_=1670375155633&CODE_STATE=getMsg HTTP/1.1" 200 27
116.238.139.35 - - [07/Dec/2022:09:05:57 +0800] "GET /xingrg/all/function/internal_message.html?_=1670375087080&CODE_STATE=getMsg HTTP/1.1" 200 27
116.238.139.35 - - [07/Dec/2022:09:06:02 +0800] "GET /xingrg/kc/buy/cgsh_order_operate.html?command=get_materiel&rest_code=00151&code=00101008131&supplier_code=00100008&order_time=2022-12-07 HTTP/1.1" 200 408
114.84.38.109 - - [07/Dec/2022:09:06:06 +0800] "GET /xingrg/kc/buy/cgsh_order_add.html HTTP/1.1" 200 69572
