180.163.28.143 - - [07/Dec/2022:09:13:33 +0800] "GET /xingrg/check_reg.html?_=1670375540414 HTTP/1.1" 302 -
116.238.139.35 - - [07/Dec/2022:09:13:33 +0800] "POST /xingrg/kc/buy/cgsh_order_operate.html HTTP/1.1" 200 37
180.163.28.143 - - [07/Dec/2022:09:13:33 +0800] "GET /xingrg/login.html HTTP/1.1" 200 7641
58.37.5.178 - - [07/Dec/2022:09:13:35 +0800] "POST /xingrg/kc/buy/cgsh_order_operate.html HTTP/1.1" 200 37
58.37.5.178 - - [07/Dec/2022:09:13:37 +0800] "POST /xingrg/kc/buy/cgsh_order_operate.html HTTP/1.1" 200 26294
222.70.177.10 - - [07/Dec/2022:09:13:38 +0800] "GET /xingrg/all/function/internal_message.html?_=1670375607295&CODE_STATE=getMsg HTTP/1.1" 200 27
222.70.177.10 - - [07/Dec/2022:09:13:38 +0800] "GET /xingrg/check_reg.html?_=1670375607290 HTTP/1.1" 200 22
120.253.135.82 - - [07/Dec/2022:09:13:38 +0800] "POST /xingrg/kc/pszx/mdps_list_operate.html HTTP/1.1" 200 2062
120.253.135.82 - - [07/Dec/2022:09:13:40 +0800] "POST /xingrg/kc/pszx/mdps_list_operate.html HTTP/1.1" 200 201
114.84.38.109 - - [07/Dec/2022:09:13:41 +0800] "POST /xingrg/kc/buy/cgsh_order_operate.html HTTP/1.1" 200 37
120.253.135.82 - - [07/Dec/2022:09:13:41 +0800] "POST /xingrg/kc/pszx/mdps_list_operate.html HTTP/1.1" 200 202
120.253.135.82 - - [07/Dec/2022:09:13:42 +0800] "GET /xingrg/kc/pszx/mdps_order_info.html?code=312022120700160 HTTP/1.1" 200 23978
120.253.135.82 - - [07/Dec/2022:09:13:42 +0800] "GET /xingrg/javascript/easyui/themes/default/validatebox.css HTTP/1.1" 404 1104
120.253.135.82 - - [07/Dec/2022:09:13:42 +0800] "POST /xingrg/kc/pszx/mdps_order_operate.html HTTP/1.1" 200 2278
58.37.5.178 - - [07/Dec/2022:09:13:43 +0800] "GET /xingrg/kc/buy/cgsh_order_operate.html?command=get_materiel&rest_code=00106&code=00101008323&supplier_code=00100007&order_time=2022-12-07 HTTP/1.1" 200 408
116.238.139.35 - - [07/Dec/2022:09:13:44 +0800] "POST /xingrg/kc/buy/cgsh_order_operate.html HTTP/1.1" 200 12
114.95.43.237 - - [07/Dec/2022:09:13:45 +0800] "GET /xingrg/all/function/internal_message.html?_=1670375615652&CODE_STATE=getMsg HTTP/1.1" 200 27
120.253.135.82 - - [07/Dec/2022:09:13:45 +0800] "GET /xingrg/kc/print/load_data.html?order_code=312022120700160&kc_code=mdps&condition= HTTP/1.1" 200 684
222.70.177.10 - - [07/Dec/2022:09:13:45 +0800] "GET /xingrg/kc/buy/cgsh_order_operate.html?command=get_materiel&rest_code=00111&code=00101006025&supplier_code=00100012&order_time=2022-12-07 HTTP/1.1" 200 417
116.238.139.35 - - [07/Dec/2022:09:13:46 +0800] "GET /xingrg/kc/buy/cgsh_order_info.html?code=212022120701701 HTTP/1.1" 200 64087
116.238.139.35 - - [07/Dec/2022:09:13:46 +0800] "GET /xingrg/javascript/easyui/themes/default/validatebox.css HTTP/1.1" 404 1104
116.238.139.35 - - [07/Dec/2022:09:13:47 +0800] "POST /xingrg/kc/buy/cgsh_order_operate.html HTTP/1.1" 200 1210
114.84.38.109 - - [07/Dec/2022:09:13:48 +0800] "POST /xingrg/kc/buy/cgsh_order_operate.html HTTP/1.1" 200 5022
114.95.43.237 - - [07/Dec/2022:09:13:48 +0800] "GET /xingrg/all/function/internal_message.html?_=1670375465848&CODE_STATE=getMsg HTTP/1.1" 200 27
116.238.139.35 - - [07/Dec/2022:09:13:49 +0800] "GET /xingrg/kc/print/load_data.html?order_code=212022120701701&kc_code=cgsh&condition= HTTP/1.1" 200 1003
114.84.38.109 - - [07/Dec/2022:09:13:51 +0800] "GET /xingrg/kc/print/load_data.html?order_code=212022120701702&kc_code=cgsh&condition= HTTP/1.1" 200 1652
116.230.105.139 - - [07/Dec/2022:09:13:56 +0800] "GET /xingrg/all/function/internal_message.html?_=1670375624011&CODE_STATE=getMsg HTTP/1.1" 200 27
114.84.38.109 - - [07/Dec/2022:09:13:56 +0800] "GET /xingrg/all/function/internal_message.html?_=1670375635741&CODE_STATE=getMsg HTTP/1.1" 200 27
58.37.5.178 - - [07/Dec/2022:09:13:57 +0800] "GET /xingrg/kc/buy/cgsh_order_operate.html?command=get_materiel&rest_code=00106&code=00101008350&supplier_code=00100007&order_time=2022-12-07 HTTP/1.1" 200 408
114.88.159.190 - - [07/Dec/2022:09:13:58 +0800] "GET /xingrg/all/function/internal_message.html?_=1670375223517&CODE_STATE=getMsg HTTP/1.1" 200 27
101.83.241.19 - - [07/Dec/2022:09:13:58 +0800] "GET /xingrg/all/function/internal_message.html?_=1670375626040&CODE_STATE=getMsg HTTP/1.1" 200 27
58.40.7.146 - - [07/Dec/2022:09:14:06 +0800] "GET /xingrg/all/function/internal_message.html?_=1670375635627&CODE_STATE=getMsg HTTP/1.1" 200 27
58.37.5.178 - - [07/Dec/2022:09:14:08 +0800] "GET /xingrg/kc/buy/cgsh_order_operate.html?command=get_materiel&rest_code=00106&code=00101008223&supplier_code=00100007&order_time=2022-12-07 HTTP/1.1" 200 412
58.37.5.178 - - [07/Dec/2022:09:14:15 +0800] "GET /xingrg/kc/buy/cgsh_order_operate.html?command=get_materiel&rest_code=00106&code=00101008069&supplier_code=00100007&order_time=2022-12-07 HTTP/1.1" 200 412
58.37.5.178 - - [07/Dec/2022:09:14:18 +0800] "POST /xingrg/kc/buy/cgsh_order_operate.html HTTP/1.1" 200 2065
116.238.139.35 - - [07/Dec/2022:09:14:19 +0800] "GET /xingrg/all/function/internal_message.html?_=1670375589326&CODE_STATE=getMsg HTTP/1.1" 200 27
222.70.177.10 - - [07/Dec/2022:09:14:22 +0800] "POST /xingrg/kc/buy/cgsh_order_operate.html HTTP/1.1" 200 37
58.37.5.178 - - [07/Dec/2022:09:14:24 +0800] "GET /xingrg/all/function/internal_message.html?_=1670375651257&CODE_STATE=getMsg HTTP/1.1" 200 27
180.163.29.217 - - [07/Dec/2022:09:14:24 +0800] "GET /xingrg/all/function/internal_message.html?_=1670375591325&CODE_STATE=getMsg HTTP/1.1" 302 -
180.163.29.217 - - [07/Dec/2022:09:14:24 +0800] "GET /xingrg/login.html HTTP/1.1" 200 7641
222.70.177.10 - - [07/Dec/2022:09:14:27 +0800] "GET /xingrg/all/function/internal_message.html?_=1670375693641&CODE_STATE=getMsg HTTP/1.1" 200 27
222.70.177.10 - - [07/Dec/2022:09:14:29 +0800] "POST /xingrg/kc/buy/cgsh_order_operate.html HTTP/1.1" 200 8016
116.238.139.35 - - [07/Dec/2022:09:14:29 +0800] "GET /xingrg/all/function/internal_message.html?_=1670375659632&CODE_STATE=getMsg HTTP/1.1" 200 27
120.253.135.82 - - [07/Dec/2022:09:14:30 +0800] "GET /xingrg/all/function/internal_message.html?_=1670375463857&CODE_STATE=getMsg HTTP/1.1" 200 27
222.70.177.10 - - [07/Dec/2022:09:14:32 +0800] "GET /xingrg/kc/print/load_data.html?order_code=212022120701703&kc_code=cgsh&condition= HTTP/1.1" 200 2822
222.70.177.10 - - [07/Dec/2022:09:14:38 +0800] "GET /xingrg/kc/buy/cgsh_order_add.html HTTP/1.1" 200 69528
222.70.177.10 - - [07/Dec/2022:09:14:38 +0800] "POST /xingrg/kc/buy/cgsh_order_operate.html HTTP/1.1" 200 8245
222.70.177.10 - - [07/Dec/2022:09:14:38 +0800] "GET /xingrg/javascript/easyui/themes/default/validatebox.css HTTP/1.1" 404 1104
222.70.177.10 - - [07/Dec/2022:09:14:38 +0800] "GET /xingrg/all/function/internal_message.html?_=1670375667290&CODE_STATE=getMsg HTTP/1.1" 200 27
58.37.5.178 - - [07/Dec/2022:09:14:38 +0800] "GET /xingrg/kc/buy/cgsh_order_operate.html?command=get_materiel&rest_code=00106&code=00101008095&supplier_code=00100007&order_time=2022-12-07 HTTP/1.1" 200 412
114.95.43.237 - - [07/Dec/2022:09:14:45 +0800] "GET /xingrg/all/function/internal_message.html?_=1670375675678&CODE_STATE=getMsg HTTP/1.1" 200 27
114.95.43.237 - - [07/Dec/2022:09:14:48 +0800] "GET /xingrg/all/function/internal_message.html?_=1670375525849&CODE_STATE=getMsg HTTP/1.1" 200 27
222.70.177.10 - - [07/Dec/2022:09:14:50 +0800] "GET /xingrg/kc/buy/cgsh_order_operate.html?command=get_materiel&rest_code=00111&code=00101001010&supplier_code=00100042&order_time=2022-12-07 HTTP/1.1" 200 409
120.253.135.82 - - [07/Dec/2022:09:14:51 +0800] "POST /xingrg/kc/pszx/mdps_list_operate.html HTTP/1.1" 200 4221
116.230.105.139 - - [07/Dec/2022:09:14:56 +0800] "GET /xingrg/all/function/internal_message.html?_=1670375684008&CODE_STATE=getMsg HTTP/1.1" 200 27
114.84.38.109 - - [07/Dec/2022:09:14:57 +0800] "GET /xingrg/all/function/internal_message.html?_=1670375695986&CODE_STATE=getMsg HTTP/1.1" 200 27
114.88.159.190 - - [07/Dec/2022:09:14:58 +0800] "GET /xingrg/all/function/internal_message.html?_=1670375283516&CODE_STATE=getMsg HTTP/1.1" 200 27
101.83.241.19 - - [07/Dec/2022:09:14:58 +0800] "GET /xingrg/all/function/internal_message.html?_=1670375686045&CODE_STATE=getMsg HTTP/1.1" 200 27
120.253.135.82 - - [07/Dec/2022:09:15:02 +0800] "POST /xingrg/kc/pszx/mdps_list_operate.html HTTP/1.1" 200 4291
120.253.135.82 - - [07/Dec/2022:09:15:05 +0800] "POST /xingrg/kc/pszx/mdps_list_operate.html HTTP/1.1" 200 291
58.40.7.146 - - [07/Dec/2022:09:15:06 +0800] "GET /xingrg/all/function/internal_message.html?_=1670375695629&CODE_STATE=getMsg HTTP/1.1" 200 27
58.40.7.146 - - [07/Dec/2022:09:15:06 +0800] "GET /xingrg/check_reg.html?_=1670375695631 HTTP/1.1" 200 22
222.70.177.10 - - [07/Dec/2022:09:15:08 +0800] "POST /xingrg/kc/buy/cgsh_order_operate.html HTTP/1.1" 200 37
222.70.177.10 - - [07/Dec/2022:09:15:10 +0800] "POST /xingrg/kc/buy/cgsh_order_operate.html HTTP/1.1" 200 2657
222.70.177.10 - - [07/Dec/2022:09:15:13 +0800] "GET /xingrg/kc/print/load_data.html?order_code=212022120701704&kc_code=cgsh&condition= HTTP/1.1" 200 706
116.238.139.35 - - [07/Dec/2022:09:15:19 +0800] "GET /xingrg/all/function/internal_message.html?_=1670375649361&CODE_STATE=getMsg HTTP/1.1" 200 27
222.70.177.10 - - [07/Dec/2022:09:15:20 +0800] "GET /xingrg/kc/buy/cgsh_order_add.html HTTP/1.1" 200 69528
222.70.177.10 - - [07/Dec/2022:09:15:20 +0800] "POST /xingrg/kc/buy/cgsh_order_operate.html HTTP/1.1" 200 8245
222.70.177.10 - - [07/Dec/2022:09:15:20 +0800] "GET /xingrg/javascript/easyui/themes/default/validatebox.css HTTP/1.1" 404 1104
58.37.5.178 - - [07/Dec/2022:09:15:24 +0800] "GET /xingrg/all/function/internal_message.html?_=1670375711259&CODE_STATE=getMsg HTTP/1.1" 200 27
222.70.177.10 - - [07/Dec/2022:09:15:27 +0800] "GET /xingrg/all/function/internal_message.html?_=1670375753636&CODE_STATE=getMsg HTTP/1.1" 200 27
116.238.139.35 - - [07/Dec/2022:09:15:29 +0800] "GET /xingrg/all/function/internal_message.html?_=1670375719605&CODE_STATE=getMsg HTTP/1.1" 200 27
120.253.135.82 - - [07/Dec/2022:09:15:31 +0800] "GET /xingrg/all/function/internal_message.html?_=1670375524072&CODE_STATE=getMsg HTTP/1.1" 200 27
58.37.5.178 - - [07/Dec/2022:09:15:35 +0800] "POST /xingrg/kc/buy/cgsh_order_operate.html HTTP/1.1" 200 2065
222.70.177.10 - - [07/Dec/2022:09:15:38 +0800] "GET /xingrg/all/function/internal_message.html?_=1670375727320&CODE_STATE=getMsg HTTP/1.1" 200 27
58.37.5.178 - - [07/Dec/2022:09:15:43 +0800] "POST /xingrg/kc/buy/cgsh_order_operate.html HTTP/1.1" 200 37
114.95.43.237 - - [07/Dec/2022:09:15:45 +0800] "GET /xingrg/check_reg.html?_=1670375735678 HTTP/1.1" 200 22
114.95.43.237 - - [07/Dec/2022:09:15:45 +0800] "GET /xingrg/all/function/internal_message.html?_=1670375735681&CODE_STATE=getMsg HTTP/1.1" 200 27
222.70.177.10 - - [07/Dec/2022:09:15:45 +0800] "GET /xingrg/kc/buy/cgsh_order_operate.html?command=get_materiel&rest_code=00111&code=00101007085&supplier_code=00100004&order_time=2022-12-07 HTTP/1.1" 200 413
114.95.43.237 - - [07/Dec/2022:09:15:48 +0800] "GET /xingrg/check_reg.html?_=1670375585837 HTTP/1.1" 200 22
114.95.43.237 - - [07/Dec/2022:09:15:48 +0800] "GET /xingrg/all/function/internal_message.html?_=1670375585840&CODE_STATE=getMsg HTTP/1.1" 200 27
58.37.5.178 - - [07/Dec/2022:09:15:52 +0800] "POST /xingrg/kc/buy/cgsh_order_operate.html HTTP/1.1" 200 31594
120.253.135.82 - - [07/Dec/2022:09:15:53 +0800] "POST /xingrg/kc/pszx/mdps_list_operate.html HTTP/1.1" 200 3180
114.84.38.109 - - [07/Dec/2022:09:15:55 +0800] "GET /xingrg/check_reg.html?_=1670375754024 HTTP/1.1" 200 22
116.230.105.139 - - [07/Dec/2022:09:15:56 +0800] "GET /xingrg/all/function/internal_message.html?_=1670375744024&CODE_STATE=getMsg HTTP/1.1" 200 27
114.84.38.109 - - [07/Dec/2022:09:15:57 +0800] "GET /xingrg/all/function/internal_message.html?_=1670375755986&CODE_STATE=getMsg HTTP/1.1" 200 27
222.70.177.10 - - [07/Dec/2022:09:15:57 +0800] "GET /xingrg/kc/buy/cgsh_order_operate.html?command=get_materiel&rest_code=00111&code=00101007061&supplier_code=00100004&order_time=2022-12-07 HTTP/1.1" 200 409
114.88.159.190 - - [07/Dec/2022:09:15:58 +0800] "GET /xingrg/all/function/internal_message.html?_=1670375343516&CODE_STATE=getMsg HTTP/1.1" 200 27
101.83.241.19 - - [07/Dec/2022:09:15:58 +0800] "GET /xingrg/all/function/internal_message.html?_=1670375746049&CODE_STATE=getMsg HTTP/1.1" 200 27
120.253.135.82 - - [07/Dec/2022:09:15:59 +0800] "POST /xingrg/kc/pszx/mdps_list_operate.html HTTP/1.1" 200 202
58.40.7.146 - - [07/Dec/2022:09:16:06 +0800] "GET /xingrg/all/function/internal_message.html?_=1670375755633&CODE_STATE=getMsg HTTP/1.1" 200 27
58.37.5.178 - - [07/Dec/2022:09:16:11 +0800] "GET /xingrg/kc/buy/cgsh_order_operate.html?command=get_materiel&rest_code=00106&code=00101008077&supplier_code=00100007&order_time=2022-12-07 HTTP/1.1" 200 416
58.221.95.50 - - [07/Dec/2022:09:16:13 +0800] "GET /xingrg/check_reg.html?_=1670375763684 HTTP/1.1" 302 -
58.221.95.50 - - [07/Dec/2022:09:16:13 +0800] "GET /xingrg/login.html HTTP/1.1" 200 7641
222.70.177.10 - - [07/Dec/2022:09:16:14 +0800] "GET /xingrg/kc/buy/cgsh_order_operate.html?command=get_materiel&rest_code=00111&code=00101007081&supplier_code=00100004&order_time=2022-12-07 HTTP/1.1" 200 413
116.238.139.35 - - [07/Dec/2022:09:16:19 +0800] "GET /xingrg/all/function/internal_message.html?_=1670375709368&CODE_STATE=getMsg HTTP/1.1" 200 27
58.37.5.178 - - [07/Dec/2022:09:16:24 +0800] "GET /xingrg/all/function/internal_message.html?_=1670375771234&CODE_STATE=getMsg HTTP/1.1" 200 27
58.37.5.178 - - [07/Dec/2022:09:16:24 +0800] "GET /xingrg/check_reg.html?_=1670375771484 HTTP/1.1" 200 22
58.37.5.178 - - [07/Dec/2022:09:16:25 +0800] "GET /xingrg/kc/buy/cgsh_order_operate.html?command=get_materiel&rest_code=00106&code=00101008061&supplier_code=00100007&order_time=2022-12-07 HTTP/1.1" 200 422
222.70.177.10 - - [07/Dec/2022:09:16:27 +0800] "GET /xingrg/all/function/internal_message.html?_=1670375813620&CODE_STATE=getMsg HTTP/1.1" 200 27
116.238.139.35 - - [07/Dec/2022:09:16:29 +0800] "GET /xingrg/all/function/internal_message.html?_=1670375779583&CODE_STATE=getMsg HTTP/1.1" 200 27
120.253.135.82 - - [07/Dec/2022:09:16:31 +0800] "GET /xingrg/all/function/internal_message.html?_=1670375584308&CODE_STATE=getMsg HTTP/1.1" 200 27
114.88.159.190 - - [07/Dec/2022:09:16:33 +0800] "GET /xingrg/kc/buy/buy_main.html HTTP/1.1" 200 12412
114.88.159.190 - - [07/Dec/2022:09:16:33 +0800] "GET /xingrg/css/new_ie.css HTTP/1.1" 404 1036
114.88.159.190 - - [07/Dec/2022:09:16:35 +0800] "GET /xingrg/images/yd/bt.gif HTTP/1.1" 404 1040
114.88.159.190 - - [07/Dec/2022:09:16:35 +0800] "GET /xingrg/kc/buy/cgsh_order_list.html HTTP/1.1" 200 53797
114.88.159.190 - - [07/Dec/2022:09:16:37 +0800] "POST /xingrg/kc/buy/cgsh_list_operate.html HTTP/1.1" 200 986
222.70.177.10 - - [07/Dec/2022:09:16:41 +0800] "GET /xingrg/check_reg.html?_=1670375827483 HTTP/1.1" 200 22
222.70.177.10 - - [07/Dec/2022:09:16:41 +0800] "POST /xingrg/kc/buy/cgsh_order_operate.html HTTP/1.1" 200 37
58.37.5.178 - - [07/Dec/2022:09:16:41 +0800] "GET /xingrg/kc/buy/cgsh_order_operate.html?command=get_materiel&rest_code=00106&code=00101008150&supplier_code=00100007&order_time=2022-12-07 HTTP/1.1" 200 409
114.95.43.237 - - [07/Dec/2022:09:16:45 +0800] "GET /xingrg/all/function/internal_message.html?_=1670375795680&CODE_STATE=getMsg HTTP/1.1" 200 27
222.70.177.10 - - [07/Dec/2022:09:16:48 +0800] "POST /xingrg/kc/buy/cgsh_order_operate.html HTTP/1.1" 200 3841
114.95.43.237 - - [07/Dec/2022:09:16:48 +0800] "GET /xingrg/all/function/internal_message.html?_=1670375645840&CODE_STATE=getMsg HTTP/1.1" 200 27
222.70.177.10 - - [07/Dec/2022:09:16:50 +0800] "GET /xingrg/kc/print/load_data.html?order_code=212022120701705&kc_code=cgsh&condition= HTTP/1.1" 200 1174
116.230.105.139 - - [07/Dec/2022:09:16:56 +0800] "GET /xingrg/all/function/internal_message.html?_=1670375804015&CODE_STATE=getMsg HTTP/1.1" 200 27
114.84.38.109 - - [07/Dec/2022:09:16:57 +0800] "GET /xingrg/all/function/internal_message.html?_=1670375816001&CODE_STATE=getMsg HTTP/1.1" 200 27
120.253.135.82 - - [07/Dec/2022:09:16:58 +0800] "GET /xingrg/check_reg.html?_=1670375611139 HTTP/1.1" 200 22
114.88.159.190 - - [07/Dec/2022:09:16:58 +0800] "GET /xingrg/all/function/internal_message.html?_=1670375403532&CODE_STATE=getMsg HTTP/1.1" 200 27
101.83.241.19 - - [07/Dec/2022:09:16:58 +0800] "GET /xingrg/all/function/internal_message.html?_=1670375806050&CODE_STATE=getMsg HTTP/1.1" 200 27
58.37.5.178 - - [07/Dec/2022:09:17:05 +0800] "GET /xingrg/kc/buy/cgsh_order_operate.html?command=get_materiel&rest_code=00106&code=00101008041&supplier_code=00100007&order_time=2022-12-07 HTTP/1.1" 200 408
58.40.7.146 - - [07/Dec/2022:09:17:06 +0800] "GET /xingrg/all/function/internal_message.html?_=1670375815635&CODE_STATE=getMsg HTTP/1.1" 200 27
114.88.159.190 - - [07/Dec/2022:09:17:10 +0800] "GET /xingrg/kc/buy/cgsh_order_add.html HTTP/1.1" 200 69572
114.88.159.190 - - [07/Dec/2022:09:17:10 +0800] "GET /xingrg/words/20221206173512_words.js HTTP/1.1" 304 -
114.88.159.190 - - [07/Dec/2022:09:17:10 +0800] "POST /xingrg/kc/buy/cgsh_order_operate.html HTTP/1.1" 200 8245
114.88.159.190 - - [07/Dec/2022:09:17:10 +0800] "GET /xingrg/all/common/auto_word.html?type=employee&rest_code=00141 HTTP/1.1" 200 201
114.88.159.190 - - [07/Dec/2022:09:17:10 +0800] "GET /xingrg/all/common/auto_word.html?type=employee&rest_code=00141 HTTP/1.1" 200 201
114.88.159.190 - - [07/Dec/2022:09:17:10 +0800] "GET /xingrg/javascript/easyui/themes/default/validatebox.css HTTP/1.1" 404 1104
114.88.159.190 - - [07/Dec/2022:09:17:11 +0800] "GET /xingrg/javascript/auto/indicator.gif HTTP/1.1" 404 1066
58.37.5.178 - - [07/Dec/2022:09:17:12 +0800] "POST /xingrg/kc/buy/cgsh_order_operate.html HTTP/1.1" 200 2065
58.37.5.178 - - [07/Dec/2022:09:17:18 +0800] "GET /xingrg/kc/buy/cgsh_order_operate.html?command=get_materiel&rest_code=00106&code=00101008137&supplier_code=00100007&order_time=2022-12-07 HTTP/1.1" 200 408
116.238.139.35 - - [07/Dec/2022:09:17:19 +0800] "GET /xingrg/check_reg.html?_=1670375769327 HTTP/1.1" 200 22
116.238.139.35 - - [07/Dec/2022:09:17:19 +0800] "GET /xingrg/all/function/internal_message.html?_=1670375769383&CODE_STATE=getMsg HTTP/1.1" 200 27
114.88.159.190 - - [07/Dec/2022:09:17:20 +0800] "GET /xingrg/javascript/jquery_tools/images/next.gif HTTP/1.1" 404 1086
114.88.159.190 - - [07/Dec/2022:09:17:20 +0800] "GET /xingrg/javascript/jquery_tools/images/prev.gif HTTP/1.1" 404 1086
120.253.135.82 - - [07/Dec/2022:09:17:22 +0800] "POST /xingrg/kc/pszx/mdps_list_operate.html HTTP/1.1" 200 4221
58.37.5.178 - - [07/Dec/2022:09:17:24 +0800] "GET /xingrg/all/function/internal_message.html?_=1670375831298&CODE_STATE=getMsg HTTP/1.1" 200 27
120.253.135.82 - - [07/Dec/2022:09:17:27 +0800] "POST /xingrg/kc/pszx/mdps_list_operate.html HTTP/1.1" 200 202
222.70.177.10 - - [07/Dec/2022:09:17:27 +0800] "GET /xingrg/all/function/internal_message.html?_=1670375873609&CODE_STATE=getMsg HTTP/1.1" 200 27
116.238.139.35 - - [07/Dec/2022:09:17:29 +0800] "GET /xingrg/all/function/internal_message.html?_=1670375839576&CODE_STATE=getMsg HTTP/1.1" 200 27
120.253.135.82 - - [07/Dec/2022:09:17:31 +0800] "GET /xingrg/all/function/internal_message.html?_=1670375644318&CODE_STATE=getMsg HTTP/1.1" 200 27
114.88.159.190 - - [07/Dec/2022:09:17:34 +0800] "GET /xingrg/kc/buy/cgsh_order_operate.html?command=get_materiel&rest_code=00141&code=00101007109&supplier_code=00100036&order_time=2022-12-07 HTTP/1.1" 200 408
120.253.135.82 - - [07/Dec/2022:09:17:34 +0800] "GET /xingrg/kc/pszx/mdps_order_info.html?code=312022120100027 HTTP/1.1" 200 23972
120.253.135.82 - - [07/Dec/2022:09:17:34 +0800] "POST /xingrg/kc/pszx/mdps_order_operate.html HTTP/1.1" 200 2276
120.253.135.82 - - [07/Dec/2022:09:17:34 +0800] "GET /xingrg/javascript/easyui/themes/default/validatebox.css HTTP/1.1" 404 1104
222.70.177.10 - - [07/Dec/2022:09:17:38 +0800] "GET /xingrg/all/function/internal_message.html?_=1670375847338&CODE_STATE=getMsg HTTP/1.1" 200 27
120.253.135.82 - - [07/Dec/2022:09:17:39 +0800] "POST /xingrg/kc/pszx/mdps_list_operate.html HTTP/1.1" 200 4221
58.37.5.178 - - [07/Dec/2022:09:17:42 +0800] "POST /xingrg/kc/buy/cgsh_order_operate.html HTTP/1.1" 200 37
114.95.43.237 - - [07/Dec/2022:09:17:45 +0800] "GET /xingrg/all/function/internal_message.html?_=1670375855681&CODE_STATE=getMsg HTTP/1.1" 200 27
180.152.99.73 - - [07/Dec/2022:09:17:47 +0800] "GET /favicon.ico HTTP/1.1" 404 -
114.95.43.237 - - [07/Dec/2022:09:17:48 +0800] "GET /xingrg/all/function/internal_message.html?_=1670375705840&CODE_STATE=getMsg HTTP/1.1" 200 27
124.79.245.154 - - [07/Dec/2022:09:17:49 +0800] "GET /xingrg/login.html HTTP/1.1" 200 7641
124.79.245.154 - - [07/Dec/2022:09:17:49 +0800] "GET /favicon.ico HTTP/1.1" 404 -
124.79.245.154 - - [07/Dec/2022:09:17:51 +0800] "POST /xingrg/login.do HTTP/1.1" 302 -
124.79.245.154 - - [07/Dec/2022:09:17:51 +0800] "GET /xingrg/index.html?sysBaseUrl=http%3A%2F%2F180.169.147.146%3A18081%2Fxingrg%2F&costTime=46×tamp=1670375871531 HTTP/1.1" 200 17503
124.79.245.154 - - [07/Dec/2022:09:17:51 +0800] "POST /xingrg/all/common/load_tree.html?tree=area_rest_tree_json&manage=1 HTTP/1.1" 200 591
124.79.245.154 - - [07/Dec/2022:09:17:51 +0800] "GET /xingrg/all/function/internal_message.html?_=1670375860102&CODE_STATE=count HTTP/1.1" 200 11
124.79.245.154 - - [07/Dec/2022:09:17:51 +0800] "GET /favicon.ico HTTP/1.1" 404 -
124.79.245.154 - - [07/Dec/2022:09:17:51 +0800] "POST /xingrg/load_menu.html HTTP/1.1" 200 11564
124.79.245.154 - - [07/Dec/2022:09:17:51 +0800] "GET /xingrg/check_reg.html?_=1670375860104 HTTP/1.1" 200 22
58.37.5.178 - - [07/Dec/2022:09:17:52 +0800] "POST /xingrg/kc/buy/cgsh_order_operate.html HTTP/1.1" 200 34556
114.88.159.190 - - [07/Dec/2022:09:17:52 +0800] "GET /xingrg/kc/buy/cgsh_order_operate.html?command=get_materiel&rest_code=00141&code=00101011001&supplier_code=00100036&order_time=2022-12-07 HTTP/1.1" 200 423
116.230.105.139 - - [07/Dec/2022:09:17:56 +0800] "GET /xingrg/check_reg.html?_=1670375864013 HTTP/1.1" 200 22
116.230.105.139 - - [07/Dec/2022:09:17:56 +0800] "GET /xingrg/all/function/internal_message.html?_=1670375864014&CODE_STATE=getMsg HTTP/1.1" 200 27
114.84.38.109 - - [07/Dec/2022:09:17:57 +0800] "GET /xingrg/all/function/internal_message.html?_=1670375876015&CODE_STATE=getMsg HTTP/1.1" 200 27
114.88.159.190 - - [07/Dec/2022:09:17:58 +0800] "GET /xingrg/check_reg.html?_=1670375463566 HTTP/1.1" 200 22
114.88.159.190 - - [07/Dec/2022:09:17:58 +0800] "GET /xingrg/all/function/internal_message.html?_=1670375463567&CODE_STATE=getMsg HTTP/1.1" 200 27
101.83.241.19 - - [07/Dec/2022:09:17:58 +0800] "GET /xingrg/check_reg.html?_=1670375866038 HTTP/1.1" 200 22
101.83.241.19 - - [07/Dec/2022:09:17:58 +0800] "GET /xingrg/all/function/internal_message.html?_=1670375866042&CODE_STATE=getMsg HTTP/1.1" 200 27
114.88.159.190 - - [07/Dec/2022:09:18:03 +0800] "GET /xingrg/kc/buy/cgsh_order_operate.html?command=get_materiel&rest_code=00141&code=00101012025&supplier_code=00100036&order_time=2022-12-07 HTTP/1.1" 200 412
58.40.7.146 - - [07/Dec/2022:09:18:06 +0800] "GET /xingrg/all/function/internal_message.html?_=1670375875638&CODE_STATE=getMsg HTTP/1.1" 200 27
124.79.245.154 - - [07/Dec/2022:09:18:18 +0800] "POST /xingrg/all/user/operate.html HTTP/1.1" 200 36
124.79.245.154 - - [07/Dec/2022:09:18:18 +0800] "GET /xingrg/index.html?sysBaseUrl=http%3A%2F%2F180.169.147.146%3A18081%2Fxingrg%2F&costTime=46×tamp=1670375871531 HTTP/1.1" 200 17509
124.79.245.154 - - [07/Dec/2022:09:18:18 +0800] "GET /xingrg/javascript/jquery_easy_ui/themes/default/easyui.css HTTP/1.1" 304 -
124.79.245.154 - - [07/Dec/2022:09:18:18 +0800] "GET /xingrg/javascript/jquery_easy_ui/themes/icon.css HTTP/1.1" 304 -
124.79.245.154 - - [07/Dec/2022:09:18:18 +0800] "GET /xingrg/css/form.css HTTP/1.1" 304 -
124.79.245.154 - - [07/Dec/2022:09:18:18 +0800] "GET /xingrg/javascript/jquery-1.4.2.min.js HTTP/1.1" 304 -
124.79.245.154 - - [07/Dec/2022:09:18:18 +0800] "GET /xingrg/javascript/jquery_easy_ui/jquery.easyui.min.js HTTP/1.1" 304 -
124.79.245.154 - - [07/Dec/2022:09:18:18 +0800] "GET /xingrg/javascript/jquery_easy_ui/easyui-lang-zh_CN.js HTTP/1.1" 304 -
124.79.245.154 - - [07/Dec/2022:09:18:18 +0800] "GET /xingrg/javascript/jquery.form.js HTTP/1.1" 304 -
124.79.245.154 - - [07/Dec/2022:09:18:18 +0800] "GET /xingrg/javascript/jquery.utils.js HTTP/1.1" 304 -
124.79.245.154 - - [07/Dec/2022:09:18:18 +0800] "GET /xingrg/javascript/jquery.timers.js HTTP/1.1" 304 -
124.79.245.154 - - [07/Dec/2022:09:18:18 +0800] "GET /xingrg/images/blue/jxLogo.png HTTP/1.1" 304 -
124.79.245.154 - - [07/Dec/2022:09:18:18 +0800] "POST /xingrg/all/common/load_tree.html?tree=area_rest_tree_json&manage=1 HTTP/1.1" 200 591
124.79.245.154 - - [07/Dec/2022:09:18:19 +0800] "GET /xingrg/check_reg.html?_=1670375887268 HTTP/1.1" 200 22
124.79.245.154 - - [07/Dec/2022:09:18:19 +0800] "GET /xingrg/all/function/internal_message.html?_=1670375887267&CODE_STATE=count HTTP/1.1" 200 11
124.79.245.154 - - [07/Dec/2022:09:18:19 +0800] "GET /xingrg/javascript/jquery_easy_ui/themes/default/images/panel_tool_expand.gif HTTP/1.1" 304 -
124.79.245.154 - - [07/Dec/2022:09:18:19 +0800] "GET /xingrg/javascript/jquery_easy_ui/themes/default/images/tree_folder_open.gif HTTP/1.1" 304 -
124.79.245.154 - - [07/Dec/2022:09:18:19 +0800] "GET /xingrg/javascript/jquery_easy_ui/themes/default/images/tree_arrows.gif HTTP/1.1" 304 -
124.79.245.154 - - [07/Dec/2022:09:18:19 +0800] "GET /xingrg/javascript/jquery_easy_ui/themes/icons/manage.png HTTP/1.1" 304 -
124.79.245.154 - - [07/Dec/2022:09:18:19 +0800] "GET /xingrg/javascript/jquery_easy_ui/themes/default/images/panel_tool_collapse.gif HTTP/1.1" 304 -
124.79.245.154 - - [07/Dec/2022:09:18:19 +0800] "GET /xingrg/javascript/jquery_easy_ui/themes/icons/area.png HTTP/1.1" 304 -
124.79.245.154 - - [07/Dec/2022:09:18:19 +0800] "GET /xingrg/javascript/jquery_easy_ui/themes/icons/rest.png HTTP/1.1" 304 -
124.79.245.154 - - [07/Dec/2022:09:18:19 +0800] "GET /xingrg/javascript/jquery_easy_ui/themes/default/images/tabs_rightarrow.png HTTP/1.1" 304 -
124.79.245.154 - - [07/Dec/2022:09:18:19 +0800] "POST /xingrg/load_menu.html HTTP/1.1" 200 9959
124.79.245.154 - - [07/Dec/2022:09:18:19 +0800] "GET /xingrg/javascript/jquery_easy_ui/themes/icons/storage_new.png HTTP/1.1" 304 -
124.79.245.154 - - [07/Dec/2022:09:18:19 +0800] "GET /xingrg/javascript/jquery_easy_ui/themes/default/images/tree_folder.gif HTTP/1.1" 304 -
124.79.245.154 - - [07/Dec/2022:09:18:19 +0800] "GET /xingrg/javascript/jquery_easy_ui/themes/icons/search_new.png HTTP/1.1" 304 -
124.79.245.154 - - [07/Dec/2022:09:18:19 +0800] "GET /xingrg/javascript/jquery_easy_ui/themes/icons/checkout_new.png HTTP/1.1" 304 -
124.79.245.154 - - [07/Dec/2022:09:18:19 +0800] "GET /xingrg/javascript/jquery_easy_ui/themes/icons/forms_new.png HTTP/1.1" 304 -
124.79.245.154 - - [07/Dec/2022:09:18:19 +0800] "GET /xingrg/javascript/jquery_easy_ui/themes/icons/setting_new.png HTTP/1.1" 304 -
124.79.245.154 - - [07/Dec/2022:09:18:19 +0800] "GET /xingrg/javascript/jquery_easy_ui/themes/icons/systemset_new.png HTTP/1.1" 304 -
124.79.245.154 - - [07/Dec/2022:09:18:19 +0800] "GET /xingrg/javascript/jquery_easy_ui/themes/default/images/tree_file.gif HTTP/1.1" 304 -
124.79.245.154 - - [07/Dec/2022:09:18:19 +0800] "GET /xingrg/javascript/jquery_easy_ui/themes/default/images/tabs_leftarrow.png HTTP/1.1" 304 -
124.79.245.154 - - [07/Dec/2022:09:18:19 +0800] "GET /xingrg/images/blue/navBackgound.jpg HTTP/1.1" 304 -
124.79.245.154 - - [07/Dec/2022:09:18:19 +0800] "GET /xingrg/images/blue/pingpu.png HTTP/1.1" 304 -
124.79.245.154 - - [07/Dec/2022:09:18:19 +0800] "GET /xingrg/javascript/jquery_easy_ui/themes/icons/settle_new.png HTTP/1.1" 304 -
116.238.139.35 - - [07/Dec/2022:09:18:19 +0800] "GET /xingrg/all/function/internal_message.html?_=1670375829396&CODE_STATE=getMsg HTTP/1.1" 200 27
124.79.245.154 - - [07/Dec/2022:09:18:22 +0800] "GET /xingrg/kc/buy/cgsh_order_list.html HTTP/1.1" 200 54052
222.70.177.10 - - [07/Dec/2022:09:18:23 +0800] "GET /xingrg/kc/buy/cgsh_order_operate.html?command=get_materiel&rest_code=00111&code=00101008213&supplier_code=00100004&order_time=2022-12-07 HTTP/1.1" 200 412
180.163.28.55 - - [07/Dec/2022:09:18:23 +0800] "GET /xingrg/all/function/internal_message.html?_=1670375831298&CODE_STATE=getMsg HTTP/1.1" 302 -
180.163.28.55 - - [07/Dec/2022:09:18:23 +0800] "GET /xingrg/login.html HTTP/1.1" 200 7641
58.37.5.178 - - [07/Dec/2022:09:18:24 +0800] "GET /xingrg/all/function/internal_message.html?_=1670375891270&CODE_STATE=getMsg HTTP/1.1" 200 27
124.79.245.154 - - [07/Dec/2022:09:18:24 +0800] "POST /xingrg/kc/buy/cgsh_list_operate.html HTTP/1.1" 200 986
222.70.177.10 - - [07/Dec/2022:09:18:27 +0800] "GET /xingrg/all/function/internal_message.html?_=1670375933589&CODE_STATE=getMsg HTTP/1.1" 302 -
222.70.177.10 - - [07/Dec/2022:09:18:27 +0800] "GET /xingrg/login.html HTTP/1.1" 200 7641
116.238.139.35 - - [07/Dec/2022:09:18:29 +0800] "GET /xingrg/check_reg.html?_=1670375899454 HTTP/1.1" 200 22
116.238.139.35 - - [07/Dec/2022:09:18:29 +0800] "GET /xingrg/all/function/internal_message.html?_=1670375899551&CODE_STATE=getMsg HTTP/1.1" 200 27
120.253.135.82 - - [07/Dec/2022:09:18:31 +0800] "GET /xingrg/all/function/internal_message.html?_=1670375704557&CODE_STATE=getMsg HTTP/1.1" 200 27
222.70.177.10 - - [07/Dec/2022:09:18:38 +0800] "GET /xingrg/check_reg.html?_=1670375907299 HTTP/1.1" 200 22
222.70.177.10 - - [07/Dec/2022:09:18:38 +0800] "GET /xingrg/all/function/internal_message.html?_=1670375907318&CODE_STATE=getMsg HTTP/1.1" 200 27
124.79.245.154 - - [07/Dec/2022:09:18:41 +0800] "POST /xingrg/kc/buy/cgsh_list_operate.html HTTP/1.1" 200 6693
114.95.43.237 - - [07/Dec/2022:09:18:45 +0800] "GET /xingrg/all/function/internal_message.html?_=1670375915682&CODE_STATE=getMsg HTTP/1.1" 200 27
114.95.43.237 - - [07/Dec/2022:09:18:48 +0800] "GET /xingrg/all/function/internal_message.html?_=1670375765840&CODE_STATE=getMsg HTTP/1.1" 200 27
114.95.43.237 - - [07/Dec/2022:09:18:51 +0800] "GET /xingrg/kc/buy/cgsh_order_list.html HTTP/1.1" 200 53791
114.95.43.237 - - [07/Dec/2022:09:18:53 +0800] "POST /xingrg/kc/buy/cgsh_list_operate.html HTTP/1.1" 200 2692
116.230.105.139 - - [07/Dec/2022:09:18:56 +0800] "GET /xingrg/all/function/internal_message.html?_=1670375924014&CODE_STATE=getMsg HTTP/1.1" 200 27
114.84.38.109 - - [07/Dec/2022:09:18:57 +0800] "GET /xingrg/all/function/internal_message.html?_=1670375936204&CODE_STATE=getMsg HTTP/1.1" 200 27
124.79.245.154 - - [07/Dec/2022:09:18:57 +0800] "GET /xingrg/login.html HTTP/1.1" 200 7641
114.95.43.237 - - [07/Dec/2022:09:18:58 +0800] "POST /xingrg/kc/buy/cgsh_list_operate.html HTTP/1.1" 200 346
114.88.159.190 - - [07/Dec/2022:09:18:58 +0800] "GET /xingrg/all/function/internal_message.html?_=1670375523559&CODE_STATE=getMsg HTTP/1.1" 200 27
124.79.245.154 - - [07/Dec/2022:09:18:58 +0800] "GET /favicon.ico HTTP/1.1" 404 -
114.95.43.237 - - [07/Dec/2022:09:18:58 +0800] "GET /xingrg/kc/buy/cgsh_order_info.html?code=212022120701687 HTTP/1.1" 200 69665
101.83.241.19 - - [07/Dec/2022:09:18:58 +0800] "GET /xingrg/all/function/internal_message.html?_=1670375926066&CODE_STATE=getMsg HTTP/1.1" 200 27
114.95.43.237 - - [07/Dec/2022:09:18:59 +0800] "GET /xingrg/javascript/easyui/themes/default/validatebox.css HTTP/1.1" 404 1104
114.95.43.237 - - [07/Dec/2022:09:18:59 +0800] "POST /xingrg/kc/buy/cgsh_order_operate.html HTTP/1.1" 200 3836
114.95.43.237 - - [07/Dec/2022:09:19:00 +0800] "GET /xingrg/kc/print/load_config.html?kc_code=cgsh HTTP/1.1" 200 1943
114.95.43.237 - - [07/Dec/2022:09:19:00 +0800] "GET /xingrg/kc/print/load_data.html?order_code=212022120701687&kc_code=cgsh&condition= HTTP/1.1" 200 1118
58.40.7.146 - - [07/Dec/2022:09:19:06 +0800] "GET /xingrg/all/function/internal_message.html?_=1670375935639&CODE_STATE=getMsg HTTP/1.1" 200 27
124.79.245.154 - - [07/Dec/2022:09:19:08 +0800] "POST /xingrg/login.do HTTP/1.1" 200 2421
124.79.245.154 - - [07/Dec/2022:09:19:08 +0800] "GET /xingrg/images/blue/pic_top.gif HTTP/1.1" 200 3656
124.79.245.154 - - [07/Dec/2022:09:19:08 +0800] "GET /xingrg/images/blue/pic_notice.jpg HTTP/1.1" 200 3583
124.79.245.154 - - [07/Dec/2022:09:19:08 +0800] "GET /xingrg/images/blue/error_buttom.gif HTTP/1.1" 200 1750
124.79.245.154 - - [07/Dec/2022:09:19:08 +0800] "GET /xingrg/images/blue/error_mid.gif HTTP/1.1" 200 215
124.79.245.154 - - [07/Dec/2022:09:19:08 +0800] "GET /xingrg/images/blue/error_top.gif HTTP/1.1" 200 1790
124.79.245.154 - - [07/Dec/2022:09:19:08 +0800] "GET /favicon.ico HTTP/1.1" 404 -
124.79.245.154 - - [07/Dec/2022:09:19:09 +0800] "GET /xingrg/login.html HTTP/1.1" 200 7641
124.79.245.154 - - [07/Dec/2022:09:19:09 +0800] "GET /favicon.ico HTTP/1.1" 404 -
114.95.43.237 - - [07/Dec/2022:09:19:15 +0800] "POST /xingrg/kc/buy/cgsh_list_operate.html HTTP/1.1" 200 564
114.95.43.237 - - [07/Dec/2022:09:19:15 +0800] "GET /xingrg/kc/buy/cgsh_order_info.html?code=212022120701686 HTTP/1.1" 200 69657
124.79.245.154 - - [07/Dec/2022:09:19:15 +0800] "POST /xingrg/login.do HTTP/1.1" 302 -
124.79.245.154 - - [07/Dec/2022:09:19:15 +0800] "GET /xingrg/index.html?sysBaseUrl=http%3A%2F%2F180.169.147.146%3A18081%2Fxingrg%2F&costTime=42×tamp=1670375955719 HTTP/1.1" 200 17179
124.79.245.154 - - [07/Dec/2022:09:19:15 +0800] "GET /favicon.ico HTTP/1.1" 404 -
124.79.245.154 - - [07/Dec/2022:09:19:16 +0800] "POST /xingrg/all/common/load_tree.html?tree=area_rest_tree_json&manage=1 HTTP/1.1" 200 351
114.95.43.237 - - [07/Dec/2022:09:19:16 +0800] "GET /xingrg/javascript/easyui/themes/default/validatebox.css HTTP/1.1" 404 1104
124.79.245.154 - - [07/Dec/2022:09:19:16 +0800] "GET /xingrg/check_reg.html?_=1670376169079 HTTP/1.1" 200 22
124.79.245.154 - - [07/Dec/2022:09:19:16 +0800] "GET /xingrg/all/function/internal_message.html?_=1670376169078&CODE_STATE=count HTTP/1.1" 200 11
124.79.245.154 - - [07/Dec/2022:09:19:16 +0800] "POST /xingrg/load_menu.html HTTP/1.1" 200 5138
114.95.43.237 - - [07/Dec/2022:09:19:16 +0800] "POST /xingrg/kc/buy/cgsh_order_operate.html HTTP/1.1" 200 23938
114.95.43.237 - - [07/Dec/2022:09:19:17 +0800] "GET /xingrg/kc/print/load_data.html?order_code=212022120701686&kc_code=cgsh&condition= HTTP/1.1" 200 8686
124.79.245.154 - - [07/Dec/2022:09:19:19 +0800] "GET /xingrg/all/function/internal_message.html?_=1670375947286&CODE_STATE=getMsg HTTP/1.1" 200 27
116.238.139.35 - - [07/Dec/2022:09:19:19 +0800] "GET /xingrg/all/function/internal_message.html?_=1670375889409&CODE_STATE=getMsg HTTP/1.1" 200 27
124.79.245.154 - - [07/Dec/2022:09:19:19 +0800] "GET /xingrg/kc/buy/cgsh_order_list.html HTTP/1.1" 200 53797
124.79.245.154 - - [07/Dec/2022:09:19:21 +0800] "POST /xingrg/kc/buy/cgsh_list_operate.html HTTP/1.1" 200 986
58.37.5.178 - - [07/Dec/2022:09:19:24 +0800] "GET /xingrg/all/function/internal_message.html?_=1670375951243&CODE_STATE=getMsg HTTP/1.1" 200 27
124.79.245.154 - - [07/Dec/2022:09:19:25 +0800] "POST /xingrg/kc/buy/cgsh_list_operate.html HTTP/1.1" 200 11297
222.70.177.10 - - [07/Dec/2022:09:19:27 +0800] "GET /xingrg/all/function/internal_message.html?_=1670375993576&CODE_STATE=getMsg HTTP/1.1" 302 -
116.238.139.35 - - [07/Dec/2022:09:19:29 +0800] "GET /xingrg/all/function/internal_message.html?_=1670375959541&CODE_STATE=getMsg HTTP/1.1" 200 27
120.253.135.82 - - [07/Dec/2022:09:19:31 +0800] "GET /xingrg/all/function/internal_message.html?_=1670375764565&CODE_STATE=getMsg HTTP/1.1" 200 27
124.79.245.154 - - [07/Dec/2022:09:19:37 +0800] "POST /xingrg/kc/buy/cgsh_list_operate.html HTTP/1.1" 200 203
222.70.177.10 - - [07/Dec/2022:09:19:38 +0800] "GET /xingrg/all/function/internal_message.html?_=1670375967306&CODE_STATE=getMsg HTTP/1.1" 200 27
114.95.43.237 - - [07/Dec/2022:09:19:43 +0800] "GET /xingrg/kc/buy/cgsh_order_add.html HTTP/1.1" 200 69654
114.95.43.237 - - [07/Dec/2022:09:19:43 +0800] "POST /xingrg/kc/buy/cgsh_order_operate.html HTTP/1.1" 200 8245
114.95.43.237 - - [07/Dec/2022:09:19:43 +0800] "GET /xingrg/javascript/easyui/themes/default/validatebox.css HTTP/1.1" 404 1104
114.95.43.237 - - [07/Dec/2022:09:19:45 +0800] "GET /xingrg/all/function/internal_message.html?_=1670375975688&CODE_STATE=getMsg HTTP/1.1" 200 27
124.79.245.154 - - [07/Dec/2022:09:19:45 +0800] "POST /xingrg/kc/buy/cgsh_list_operate.html HTTP/1.1" 200 4
114.95.43.237 - - [07/Dec/2022:09:19:48 +0800] "GET /xingrg/all/function/internal_message.html?_=1670375825840&CODE_STATE=getMsg HTTP/1.1" 200 27
124.79.245.154 - - [07/Dec/2022:09:19:49 +0800] "POST /xingrg/kc/buy/cgsh_list_operate.html HTTP/1.1" 200 11272
58.221.95.50 - - [07/Dec/2022:09:19:54 +0800] "GET /xingrg/kc/base/wldb_order_list.html HTTP/1.1" 302 -
58.221.95.50 - - [07/Dec/2022:09:19:54 +0800] "GET /xingrg/login.html HTTP/1.1" 200 7641
116.230.105.139 - - [07/Dec/2022:09:19:56 +0800] "GET /xingrg/all/function/internal_message.html?_=1670375984003&CODE_STATE=getMsg HTTP/1.1" 200 27
58.221.95.50 - - [07/Dec/2022:09:19:56 +0800] "GET /xingrg/login.html HTTP/1.1" 200 7641
114.84.38.109 - - [07/Dec/2022:09:19:57 +0800] "GET /xingrg/all/function/internal_message.html?_=1670375996212&CODE_STATE=getMsg HTTP/1.1" 200 27
114.88.159.190 - - [07/Dec/2022:09:19:58 +0800] "GET /xingrg/all/function/internal_message.html?_=1670375583537&CODE_STATE=getMsg HTTP/1.1" 200 27
101.83.241.19 - - [07/Dec/2022:09:19:58 +0800] "GET /xingrg/all/function/internal_message.html?_=1670375986069&CODE_STATE=getMsg HTTP/1.1" 200 27
114.95.43.237 - - [07/Dec/2022:09:20:02 +0800] "GET /xingrg/kc/buy/cgsh_order_operate.html?command=get_materiel&rest_code=00105&code=00101012025&supplier_code=00100034&order_time=2022-12-07 HTTP/1.1" 200 412
58.40.7.146 - - [07/Dec/2022:09:20:06 +0800] "GET /xingrg/check_reg.html?_=1670375995641 HTTP/1.1" 200 22
58.40.7.146 - - [07/Dec/2022:09:20:06 +0800] "GET /xingrg/all/function/internal_message.html?_=1670375995642&CODE_STATE=getMsg HTTP/1.1" 200 27
114.88.159.190 - - [07/Dec/2022:09:20:14 +0800] "GET /xingrg/kc/buy/cgsh_order_operate.html?command=get_materiel&rest_code=00141&code=00101012059&supplier_code=00100036&order_time=2022-12-07 HTTP/1.1" 200 413
114.95.43.237 - - [07/Dec/2022:09:20:15 +0800] "GET /xingrg/kc/buy/cgsh_order_operate.html?command=get_materiel&rest_code=00105&code=00101016030&supplier_code=00100034&order_time=2022-12-07 HTTP/1.1" 200 412
124.79.245.154 - - [07/Dec/2022:09:20:16 +0800] "GET /xingrg/all/function/internal_message.html?_=1670376229096&CODE_STATE=getMsg HTTP/1.1" 200 27
124.79.245.154 - - [07/Dec/2022:09:20:19 +0800] "GET /xingrg/all/function/internal_message.html?_=1670376007293&CODE_STATE=getMsg HTTP/1.1" 200 27
116.238.139.35 - - [07/Dec/2022:09:20:19 +0800] "GET /xingrg/all/function/internal_message.html?_=1670375949438&CODE_STATE=getMsg HTTP/1.1" 200 27
58.37.5.178 - - [07/Dec/2022:09:20:24 +0800] "GET /xingrg/all/function/internal_message.html?_=1670376011219&CODE_STATE=getMsg HTTP/1.1" 200 27
114.95.43.237 - - [07/Dec/2022:09:20:24 +0800] "POST /xingrg/kc/buy/cgsh_order_operate.html HTTP/1.1" 200 37
114.95.43.237 - - [07/Dec/2022:09:20:26 +0800] "POST /xingrg/kc/buy/cgsh_order_operate.html HTTP/1.1" 200 3245
114.95.43.237 - - [07/Dec/2022:09:20:27 +0800] "GET /xingrg/kc/print/load_data.html?order_code=212022120701706&kc_code=cgsh&condition= HTTP/1.1" 200 936
222.70.177.10 - - [07/Dec/2022:09:20:27 +0800] "GET /xingrg/all/function/internal_message.html?_=1670376053555&CODE_STATE=getMsg HTTP/1.1" 302 -
116.238.139.35 - - [07/Dec/2022:09:20:29 +0800] "GET /xingrg/all/function/internal_message.html?_=1670376019526&CODE_STATE=getMsg HTTP/1.1" 200 27
120.253.135.82 - - [07/Dec/2022:09:20:31 +0800] "GET /xingrg/all/function/internal_message.html?_=1670375824805&CODE_STATE=getMsg HTTP/1.1" 200 27
114.88.159.190 - - [07/Dec/2022:09:20:36 +0800] "GET /xingrg/kc/buy/cgsh_order_operate.html?command=get_materiel&rest_code=00141&code=00101012029&supplier_code=00100036&order_time=2022-12-07 HTTP/1.1" 200 412
124.79.245.154 - - [07/Dec/2022:09:20:36 +0800] "GET /xingrg/kc/buy/cgsh_order_list.html HTTP/1.1" 200 53797
222.70.177.10 - - [07/Dec/2022:09:20:38 +0800] "GET /xingrg/all/function/internal_message.html?_=1670376027279&CODE_STATE=getMsg HTTP/1.1" 200 27
124.79.245.154 - - [07/Dec/2022:09:20:38 +0800] "POST /xingrg/kc/buy/cgsh_list_operate.html HTTP/1.1" 200 1873
222.70.177.10 - - [07/Dec/2022:09:20:42 +0800] "GET /xingrg/kc/buy/cgsh_order_operate.html?command=get_materiel&rest_code=00111&code=00101011005&supplier_code=00100004&order_time=2022-12-07 HTTP/1.1" 200 428
124.79.245.154 - - [07/Dec/2022:09:20:42 +0800] "POST /xingrg/kc/buy/cgsh_list_operate.html HTTP/1.1" 200 203
124.79.245.154 - - [07/Dec/2022:09:20:43 +0800] "GET /xingrg/kc/buy/cgsh_order_info.html?code=212022120501424 HTTP/1.1" 200 69626
124.79.245.154 - - [07/Dec/2022:09:20:43 +0800] "GET /xingrg/words/20221206173512_words.js HTTP/1.1" 304 -
124.79.245.154 - - [07/Dec/2022:09:20:44 +0800] "GET /xingrg/all/common/auto_word.html?type=employee&rest_code=00104 HTTP/1.1" 200 245
124.79.245.154 - - [07/Dec/2022:09:20:44 +0800] "GET /xingrg/all/common/auto_word.html?type=employee&rest_code=00104 HTTP/1.1" 200 245
124.79.245.154 - - [07/Dec/2022:09:20:44 +0800] "GET /xingrg/javascript/easyui/themes/default/validatebox.css HTTP/1.1" 404 1104
124.79.245.154 - - [07/Dec/2022:09:20:44 +0800] "POST /xingrg/kc/buy/cgsh_order_operate.html HTTP/1.1" 200 2663
114.95.43.237 - - [07/Dec/2022:09:20:45 +0800] "GET /xingrg/check_reg.html?_=1670376035689 HTTP/1.1" 200 22
114.95.43.237 - - [07/Dec/2022:09:20:45 +0800] "GET /xingrg/all/function/internal_message.html?_=1670376035691&CODE_STATE=getMsg HTTP/1.1" 200 27
114.95.43.237 - - [07/Dec/2022:09:20:48 +0800] "GET /xingrg/check_reg.html?_=1670375885840 HTTP/1.1" 200 22
114.95.43.237 - - [07/Dec/2022:09:20:48 +0800] "GET /xingrg/all/function/internal_message.html?_=1670375885845&CODE_STATE=getMsg HTTP/1.1" 200 27
114.88.159.190 - - [07/Dec/2022:09:20:52 +0800] "GET /xingrg/kc/buy/cgsh_order_operate.html?command=get_materiel&rest_code=00141&code=00101011005&supplier_code=00100036&order_time=2022-12-07 HTTP/1.1" 200 428
180.169.147.146 - - [07/Dec/2022:09:20:53 +0800] "GET /favicon.ico HTTP/1.1" 404 -
180.169.147.146 - - [07/Dec/2022:09:20:55 +0800] "GET /xingrg/index.html?sysBaseUrl=http%3A%2F%2F180.169.147.146%3A18081%2Fxingrg%2F&costTime=39×tamp=1592034574635 HTTP/1.1" 302 -
180.169.147.146 - - [07/Dec/2022:09:20:55 +0800] "GET /xingrg/login.html HTTP/1.1" 200 7641
180.169.147.146 - - [07/Dec/2022:09:20:55 +0800] "GET /xingrg/images/blue/jxLogo.png HTTP/1.1" 200 6156
114.84.38.109 - - [07/Dec/2022:09:20:55 +0800] "GET /xingrg/check_reg.html?_=1670376054027 HTTP/1.1" 200 22
180.169.147.146 - - [07/Dec/2022:09:20:55 +0800] "GET /xingrg/images/blue/srbg.png HTTP/1.1" 200 138
180.169.147.146 - - [07/Dec/2022:09:20:55 +0800] "GET /favicon.ico HTTP/1.1" 404 -
180.169.147.146 - - [07/Dec/2022:09:20:55 +0800] "GET /xingrg/images/blue/login_bg.png HTTP/1.1" 200 22101
180.169.147.146 - - [07/Dec/2022:09:20:55 +0800] "GET /xingrg/images/blue/hj.png HTTP/1.1" 200 1014
116.230.105.139 - - [07/Dec/2022:09:20:56 +0800] "GET /xingrg/all/function/internal_message.html?_=1670376044016&CODE_STATE=getMsg HTTP/1.1" 200 27
180.163.30.76 - - [07/Dec/2022:09:20:56 +0800] "GET /xingrg/kc/base/wlsy_order_list.html?syType=0 HTTP/1.1" 302 -
180.169.147.146 - - [07/Dec/2022:09:20:56 +0800] "POST /xingrg/login.do HTTP/1.1" 302 -
180.163.30.76 - - [07/Dec/2022:09:20:56 +0800] "GET /xingrg/login.html HTTP/1.1" 200 7641
180.169.147.146 - - [07/Dec/2022:09:20:56 +0800] "GET /xingrg/index.html?sysBaseUrl=http%3A%2F%2F180.169.147.146%3A18081%2Fxingrg%2F&costTime=44×tamp=1670376056853 HTTP/1.1" 200 17503
180.169.147.146 - - [07/Dec/2022:09:20:57 +0800] "GET /xingrg/javascript/jquery_easy_ui/themes/icon.css HTTP/1.1" 200 3949
180.169.147.146 - - [07/Dec/2022:09:20:57 +0800] "GET /xingrg/css/form.css HTTP/1.1" 200 893
180.169.147.146 - - [07/Dec/2022:09:20:57 +0800] "GET /xingrg/javascript/jquery_easy_ui/easyui-lang-zh_CN.js HTTP/1.1" 200 1900
180.169.147.146 - - [07/Dec/2022:09:20:57 +0800] "GET /xingrg/javascript/jquery.form.js HTTP/1.1" 200 23110
180.169.147.146 - - [07/Dec/2022:09:20:57 +0800] "GET /xingrg/javascript/jquery_easy_ui/themes/default/easyui.css HTTP/1.1" 200 26500
180.169.147.146 - - [07/Dec/2022:09:20:57 +0800] "GET /xingrg/javascript/jquery-1.4.2.min.js HTTP/1.1" 200 72205
180.169.147.146 - - [07/Dec/2022:09:20:57 +0800] "GET /favicon.ico HTTP/1.1" 404 -
180.169.147.146 - - [07/Dec/2022:09:20:57 +0800] "GET /xingrg/javascript/jquery.timers.js HTTP/1.1" 200 3532
180.169.147.146 - - [07/Dec/2022:09:20:57 +0800] "GET /xingrg/javascript/jquery.utils.js HTTP/1.1" 200 11805
180.169.147.146 - - [07/Dec/2022:09:20:57 +0800] "GET /xingrg/javascript/jquery_easy_ui/jquery.easyui.min.js HTTP/1.1" 200 213662
114.84.38.109 - - [07/Dec/2022:09:20:57 +0800] "GET /xingrg/all/function/internal_message.html?_=1670376056227&CODE_STATE=getMsg HTTP/1.1" 200 27
180.169.147.146 - - [07/Dec/2022:09:20:57 +0800] "GET /xingrg/javascript/jquery_easy_ui/themes/icons/settle_new.png HTTP/1.1" 200 826
180.169.147.146 - - [07/Dec/2022:09:20:57 +0800] "GET /xingrg/images/blue/navBackgound.jpg HTTP/1.1" 200 12378
180.169.147.146 - - [07/Dec/2022:09:20:58 +0800] "POST /xingrg/all/common/load_tree.html?tree=area_rest_tree_json&manage=1 HTTP/1.1" 200 3499
180.169.147.146 - - [07/Dec/2022:09:20:58 +0800] "GET /xingrg/check_reg.html?_=1670376047286 HTTP/1.1" 200 22
180.169.147.146 - - [07/Dec/2022:09:20:58 +0800] "GET /xingrg/all/function/internal_message.html?_=1670376047285&CODE_STATE=count HTTP/1.1" 200 11
180.169.147.146 - - [07/Dec/2022:09:20:58 +0800] "GET /xingrg/javascript/jquery_easy_ui/themes/default/images/tabs_leftarrow.png HTTP/1.1" 200 389
180.169.147.146 - - [07/Dec/2022:09:20:58 +0800] "GET /xingrg/images/blue/pingpu.png HTTP/1.1" 200 231
180.169.147.146 - - [07/Dec/2022:09:20:58 +0800] "GET /xingrg/javascript/jquery_easy_ui/themes/default/images/tabs_rightarrow.png HTTP/1.1" 200 395
180.169.147.146 - - [07/Dec/2022:09:20:58 +0800] "GET /xingrg/javascript/jquery_easy_ui/themes/default/images/panel_tool_expand.gif HTTP/1.1" 200 247
180.169.147.146 - - [07/Dec/2022:09:20:58 +0800] "GET /xingrg/javascript/jquery_easy_ui/themes/default/images/panel_tool_collapse.gif HTTP/1.1" 200 246
180.169.147.146 - - [07/Dec/2022:09:20:58 +0800] "POST /xingrg/load_menu.html HTTP/1.1" 200 11564
114.88.159.190 - - [07/Dec/2022:09:20:58 +0800] "GET /xingrg/all/function/internal_message.html?_=1670375643580&CODE_STATE=getMsg HTTP/1.1" 200 27
180.169.147.146 - - [07/Dec/2022:09:20:58 +0800] "GET /xingrg/javascript/jquery_easy_ui/themes/default/images/tree_arrows.gif HTTP/1.1" 200 1043
180.169.147.146 - - [07/Dec/2022:09:20:58 +0800] "GET /xingrg/javascript/jquery_easy_ui/themes/default/images/tree_folder_open.gif HTTP/1.1" 200 956
180.169.147.146 - - [07/Dec/2022:09:20:58 +0800] "GET /xingrg/javascript/jquery_easy_ui/themes/icons/search_new.png HTTP/1.1" 200 586
180.169.147.146 - - [07/Dec/2022:09:20:58 +0800] "GET /xingrg/javascript/jquery_easy_ui/themes/icons/storage_new.png HTTP/1.1" 200 853
180.169.147.146 - - [07/Dec/2022:09:20:58 +0800] "GET /xingrg/javascript/jquery_easy_ui/themes/icons/delivery_new.png HTTP/1.1" 200 700
180.169.147.146 - - [07/Dec/2022:09:20:58 +0800] "GET /xingrg/javascript/jquery_easy_ui/themes/icons/forms_new.png HTTP/1.1" 200 350
180.169.147.146 - - [07/Dec/2022:09:20:58 +0800] "GET /xingrg/javascript/jquery_easy_ui/themes/icons/systemset_new.png HTTP/1.1" 200 606
180.169.147.146 - - [07/Dec/2022:09:20:58 +0800] "GET /xingrg/javascript/jquery_easy_ui/themes/default/images/tree_folder.gif HTTP/1.1" 200 952
180.169.147.146 - - [07/Dec/2022:09:20:58 +0800] "GET /xingrg/javascript/jquery_easy_ui/themes/icons/setting_new.png HTTP/1.1" 200 450
180.169.147.146 - - [07/Dec/2022:09:20:58 +0800] "GET /xingrg/javascript/jquery_easy_ui/themes/icons/checkout_new.png HTTP/1.1" 200 744
180.169.147.146 - - [07/Dec/2022:09:20:58 +0800] "GET /xingrg/javascript/jquery_easy_ui/themes/default/images/tree_file.gif HTTP/1.1" 200 118
101.83.241.19 - - [07/Dec/2022:09:20:58 +0800] "GET /xingrg/all/function/internal_message.html?_=1670376046074&CODE_STATE=getMsg HTTP/1.1" 200 27
180.169.147.146 - - [07/Dec/2022:09:20:59 +0800] "GET /xingrg/javascript/jquery_easy_ui/themes/icons/manage.png HTTP/1.1" 200 696
180.169.147.146 - - [07/Dec/2022:09:20:59 +0800] "GET /xingrg/javascript/jquery_easy_ui/themes/icons/area.png HTTP/1.1" 200 262
180.169.147.146 - - [07/Dec/2022:09:20:59 +0800] "GET /xingrg/javascript/jquery_easy_ui/themes/icons/rest.png HTTP/1.1" 200 695
180.169.147.146 - - [07/Dec/2022:09:20:59 +0800] "GET /xingrg/javascript/jquery_easy_ui/themes/default/images/button_a_bg.gif HTTP/1.1" 200 1194
180.169.147.146 - - [07/Dec/2022:09:20:59 +0800] "GET /xingrg/javascript/jquery_easy_ui/themes/default/images/button_span_bg.gif HTTP/1.1" 200 2061
180.169.147.146 - - [07/Dec/2022:09:20:59 +0800] "GET /xingrg/javascript/jquery_easy_ui/themes/default/images/panel_title.png HTTP/1.1" 200 266
180.169.147.146 - - [07/Dec/2022:09:20:59 +0800] "GET /xingrg/javascript/jquery_easy_ui/themes/icons/ok.png HTTP/1.1" 200 883
180.169.147.146 - - [07/Dec/2022:09:20:59 +0800] "GET /xingrg/javascript/jquery_easy_ui/themes/default/images/panel_tools.gif HTTP/1.1" 200 737
114.88.159.190 - - [07/Dec/2022:09:21:03 +0800] "POST /xingrg/kc/buy/cgsh_order_operate.html HTTP/1.1" 200 37
114.95.43.237 - - [07/Dec/2022:09:21:05 +0800] "GET /xingrg/kc/buy/cgsh_order_add.html HTTP/1.1" 200 69654
114.95.43.237 - - [07/Dec/2022:09:21:05 +0800] "POST /xingrg/kc/buy/cgsh_order_operate.html HTTP/1.1" 200 8245
114.95.43.237 - - [07/Dec/2022:09:21:05 +0800] "GET /xingrg/javascript/easyui/themes/default/validatebox.css HTTP/1.1" 404 1104
114.88.159.190 - - [07/Dec/2022:09:21:05 +0800] "POST /xingrg/kc/buy/cgsh_order_operate.html HTTP/1.1" 200 5031
58.40.7.146 - - [07/Dec/2022:09:21:06 +0800] "GET /xingrg/all/function/internal_message.html?_=1670376055628&CODE_STATE=getMsg HTTP/1.1" 200 27
114.88.159.190 - - [07/Dec/2022:09:21:06 +0800] "GET /xingrg/kc/print/load_config.html?kc_code=cgsh HTTP/1.1" 200 1943
