116.238.139.35 - - [07/Dec/2022:06:56:02 +0800] "GET /xingrg/all/function/internal_message.html?_=1670367352635&CODE_STATE=getMsg HTTP/1.1" 200 27
120.253.135.82 - - [07/Dec/2022:06:56:04 +0800] "GET /xingrg/kc/pszx/mdps_order_operate.html?command=get_materiel_price&pszx_code=00101&rest_code=00149&base_code=0010246&code=00101019133&unit_code=00100189&order_time=2022-12-08 HTTP/1.1" 200 35
58.40.7.146 - - [07/Dec/2022:06:56:06 +0800] "GET /xingrg/all/function/internal_message.html?_=1670367355577&CODE_STATE=getMsg HTTP/1.1" 200 27
116.238.139.35 - - [07/Dec/2022:06:56:07 +0800] "GET /xingrg/check_reg.html?_=1670367298013 HTTP/1.1" 200 22
114.84.38.109 - - [07/Dec/2022:06:56:08 +0800] "GET /xingrg/check_reg.html?_=1670367366881 HTTP/1.1" 200 22
114.84.38.109 - - [07/Dec/2022:06:56:10 +0800] "GET /xingrg/all/function/internal_message.html?_=1670367368767&CODE_STATE=getMsg HTTP/1.1" 200 27
120.253.135.82 - - [07/Dec/2022:06:56:11 +0800] "POST /xingrg/all/common/load_select.html HTTP/1.1" 200 25
120.253.135.82 - - [07/Dec/2022:06:56:13 +0800] "GET /xingrg/kc/pszx/mdps_order_operate.html?command=get_materiel_price&pszx_code=00101&rest_code=00149&base_code=0010246&code=00101019222&unit_code=00100130&order_time=2022-12-08 HTTP/1.1" 200 35
116.238.139.35 - - [07/Dec/2022:06:56:20 +0800] "GET /xingrg/all/function/internal_message.html?_=1670367310914&CODE_STATE=getMsg HTTP/1.1" 200 27
120.253.135.82 - - [07/Dec/2022:06:56:20 +0800] "POST /xingrg/all/common/load_select.html HTTP/1.1" 200 25
120.253.135.82 - - [07/Dec/2022:06:56:23 +0800] "GET /xingrg/kc/pszx/mdps_order_operate.html?command=get_materiel_price&pszx_code=00101&rest_code=00149&base_code=0010246&code=00101027001&unit_code=00100157&order_time=2022-12-08 HTTP/1.1" 200 35
222.70.177.10 - - [07/Dec/2022:06:56:29 +0800] "GET /xingrg/all/function/internal_message.html?_=1670367415889&CODE_STATE=getMsg HTTP/1.1" 200 27
120.253.135.82 - - [07/Dec/2022:06:56:31 +0800] "POST /xingrg/kc/pszx/mdps_order_operate.html HTTP/1.1" 200 37
116.230.105.139 - - [07/Dec/2022:06:56:32 +0800] "GET /xingrg/check_reg.html?_=1670367380282 HTTP/1.1" 200 22
116.230.105.139 - - [07/Dec/2022:06:56:32 +0800] "GET /xingrg/all/function/internal_message.html?_=1670367380284&CODE_STATE=getMsg HTTP/1.1" 200 27
120.253.135.82 - - [07/Dec/2022:06:56:32 +0800] "GET /xingrg/kc/pszx/mdps_order_info.html?code=312022120700182 HTTP/1.1" 200 23978
120.253.135.82 - - [07/Dec/2022:06:56:33 +0800] "GET /xingrg/javascript/easyui/themes/default/validatebox.css HTTP/1.1" 404 1104
120.253.135.82 - - [07/Dec/2022:06:56:33 +0800] "POST /xingrg/kc/pszx/mdps_order_operate.html HTTP/1.1" 200 20244
222.70.177.10 - - [07/Dec/2022:06:56:41 +0800] "GET /xingrg/check_reg.html?_=1670367427499 HTTP/1.1" 200 22
114.95.43.237 - - [07/Dec/2022:06:56:54 +0800] "GET /xingrg/check_reg.html?_=1670367404709 HTTP/1.1" 302 -
120.253.135.82 - - [07/Dec/2022:06:56:56 +0800] "GET /xingrg/check_reg.html?_=1670367210202 HTTP/1.1" 200 22
120.253.135.82 - - [07/Dec/2022:06:56:58 +0800] "GET /xingrg/all/function/internal_message.html?_=1670367211574&CODE_STATE=getMsg HTTP/1.1" 200 27
116.237.75.74 - - [07/Dec/2022:06:56:59 +0800] "GET /xingrg/all/function/internal_message.html?_=1670367406630&CODE_STATE=getMsg HTTP/1.1" 200 27
116.238.139.35 - - [07/Dec/2022:06:57:02 +0800] "GET /xingrg/all/function/internal_message.html?_=1670367412638&CODE_STATE=getMsg HTTP/1.1" 200 27
116.238.139.35 - - [07/Dec/2022:06:57:02 +0800] "GET /xingrg/check_reg.html?_=1670367412641 HTTP/1.1" 200 22
58.40.7.146 - - [07/Dec/2022:06:57:06 +0800] "GET /xingrg/all/function/internal_message.html?_=1670367415581&CODE_STATE=getMsg HTTP/1.1" 200 27
114.84.38.109 - - [07/Dec/2022:06:57:10 +0800] "GET /xingrg/all/function/internal_message.html?_=1670367428779&CODE_STATE=getMsg HTTP/1.1" 200 27
120.253.135.82 - - [07/Dec/2022:06:57:14 +0800] "POST /xingrg/kc/pszx/mdps_order_operate.html HTTP/1.1" 200 37
120.253.135.82 - - [07/Dec/2022:06:57:15 +0800] "GET /xingrg/kc/pszx/mdps_order_info.html?code=312022120700182 HTTP/1.1" 200 23978
120.253.135.82 - - [07/Dec/2022:06:57:15 +0800] "GET /xingrg/javascript/easyui/themes/default/validatebox.css HTTP/1.1" 404 1104
120.253.135.82 - - [07/Dec/2022:06:57:15 +0800] "POST /xingrg/kc/pszx/mdps_order_operate.html HTTP/1.1" 200 20244
120.253.135.82 - - [07/Dec/2022:06:57:16 +0800] "POST /xingrg/kc/pszx/mdps_list_operate.html HTTP/1.1" 200 2811
120.253.135.82 - - [07/Dec/2022:06:57:18 +0800] "POST /xingrg/kc/pszx/mdps_list_operate.html HTTP/1.1" 200 203
120.253.135.82 - - [07/Dec/2022:06:57:19 +0800] "GET /xingrg/kc/pszx/mdps_order_info.html?code=312022120700183 HTTP/1.1" 200 23978
120.253.135.82 - - [07/Dec/2022:06:57:19 +0800] "POST /xingrg/kc/pszx/mdps_order_operate.html HTTP/1.1" 200 2274
120.253.135.82 - - [07/Dec/2022:06:57:20 +0800] "GET /xingrg/javascript/easyui/themes/default/validatebox.css HTTP/1.1" 404 1104
116.238.139.35 - - [07/Dec/2022:06:57:20 +0800] "GET /xingrg/all/function/internal_message.html?_=1670367370927&CODE_STATE=getMsg HTTP/1.1" 200 27
120.253.135.82 - - [07/Dec/2022:06:57:24 +0800] "POST /xingrg/all/common/load_combo.html?type=base HTTP/1.1" 200 1169
120.253.135.82 - - [07/Dec/2022:06:57:28 +0800] "POST /xingrg/kc/pszx/mdps_order_operate.html HTTP/1.1" 200 37
120.253.135.82 - - [07/Dec/2022:06:57:29 +0800] "GET /xingrg/kc/pszx/mdps_order_info.html?code=312022120700183 HTTP/1.1" 200 23978
222.70.177.10 - - [07/Dec/2022:06:57:29 +0800] "GET /xingrg/all/function/internal_message.html?_=1670367475874&CODE_STATE=getMsg HTTP/1.1" 200 27
120.253.135.82 - - [07/Dec/2022:06:57:30 +0800] "POST /xingrg/kc/pszx/mdps_order_operate.html HTTP/1.1" 200 2282
120.253.135.82 - - [07/Dec/2022:06:57:30 +0800] "GET /xingrg/javascript/easyui/themes/default/validatebox.css HTTP/1.1" 404 1104
116.230.105.139 - - [07/Dec/2022:06:57:32 +0800] "GET /xingrg/all/function/internal_message.html?_=1670367440277&CODE_STATE=getMsg HTTP/1.1" 200 27
116.237.75.74 - - [07/Dec/2022:06:57:32 +0800] "GET /xingrg/check_reg.html?_=1670367440234 HTTP/1.1" 200 22
120.253.135.82 - - [07/Dec/2022:06:57:58 +0800] "GET /xingrg/all/function/internal_message.html?_=1670367271589&CODE_STATE=getMsg HTTP/1.1" 200 27
180.163.30.100 - - [07/Dec/2022:06:57:58 +0800] "GET /xingrg/all/function/internal_message.html?_=1670367406630&CODE_STATE=getMsg HTTP/1.1" 302 -
180.163.30.100 - - [07/Dec/2022:06:57:59 +0800] "GET /xingrg/login.html HTTP/1.1" 200 7641
116.237.75.74 - - [07/Dec/2022:06:57:59 +0800] "GET /xingrg/all/function/internal_message.html?_=1670367466609&CODE_STATE=getMsg HTTP/1.1" 200 27
120.253.135.82 - - [07/Dec/2022:06:58:01 +0800] "POST /xingrg/kc/pszx/mdps_order_operate.html HTTP/1.1" 200 37
120.253.135.82 - - [07/Dec/2022:06:58:02 +0800] "GET /xingrg/kc/pszx/mdps_order_info.html?code=312022120700183 HTTP/1.1" 200 23978
116.238.139.35 - - [07/Dec/2022:06:58:02 +0800] "GET /xingrg/all/function/internal_message.html?_=1670367472642&CODE_STATE=getMsg HTTP/1.1" 200 27
120.253.135.82 - - [07/Dec/2022:06:58:02 +0800] "GET /xingrg/javascript/easyui/themes/default/validatebox.css HTTP/1.1" 404 1104
120.253.135.82 - - [07/Dec/2022:06:58:02 +0800] "POST /xingrg/kc/pszx/mdps_order_operate.html HTTP/1.1" 200 2282
120.253.135.82 - - [07/Dec/2022:06:58:04 +0800] "POST /xingrg/kc/pszx/mdps_list_operate.html HTTP/1.1" 200 2811
58.40.7.146 - - [07/Dec/2022:06:58:06 +0800] "GET /xingrg/all/function/internal_message.html?_=1670367475583&CODE_STATE=getMsg HTTP/1.1" 200 27
120.253.135.82 - - [07/Dec/2022:06:58:06 +0800] "POST /xingrg/kc/pszx/mdps_list_operate.html HTTP/1.1" 200 203
120.253.135.82 - - [07/Dec/2022:06:58:08 +0800] "GET /xingrg/kc/pszx/mdqp_order_list.html?state=10 HTTP/1.1" 200 10275
120.253.135.82 - - [07/Dec/2022:06:58:08 +0800] "GET /xingrg/dwr/interface/AjaxReportQueryService.js HTTP/1.1" 200 13203
120.253.135.82 - - [07/Dec/2022:06:58:08 +0800] "GET /xingrg/dwr/interface/AjaxQqpsService.js HTTP/1.1" 200 16326
120.253.135.82 - - [07/Dec/2022:06:58:08 +0800] "GET /xingrg/dwr/engine.js HTTP/1.1" 200 43631
114.84.38.109 - - [07/Dec/2022:06:58:10 +0800] "GET /xingrg/all/function/internal_message.html?_=1670367488791&CODE_STATE=getMsg HTTP/1.1" 200 27
120.253.135.82 - - [07/Dec/2022:06:58:12 +0800] "GET /xingrg/kc/report/report_main.html HTTP/1.1" 200 8599
120.253.135.82 - - [07/Dec/2022:06:58:12 +0800] "GET /xingrg/javascript/jquery_ui/themes/humanity/humanity.css HTTP/1.1" 200 27801
116.238.139.35 - - [07/Dec/2022:06:58:20 +0800] "GET /xingrg/all/function/internal_message.html?_=1670367430960&CODE_STATE=getMsg HTTP/1.1" 200 27
120.253.135.82 - - [07/Dec/2022:06:58:22 +0800] "GET /xingrg/kc/pszx/mdth_order_list.html HTTP/1.1" 200 18459
120.253.135.82 - - [07/Dec/2022:06:58:22 +0800] "POST /xingrg/kc/pszx/mdth_order_new_list.html HTTP/1.1" 200 4730
120.253.135.82 - - [07/Dec/2022:06:58:24 +0800] "POST /xingrg/kc/pszx/mdth_order_new_list.html HTTP/1.1" 200 202
120.253.135.82 - - [07/Dec/2022:06:58:26 +0800] "POST /xingrg/kc/pszx/mdth_order_new_list.html HTTP/1.1" 200 212
120.253.135.82 - - [07/Dec/2022:06:58:28 +0800] "POST /xingrg/kc/pszx/mdth_order_new_list.html HTTP/1.1" 200 312
222.70.177.10 - - [07/Dec/2022:06:58:29 +0800] "GET /xingrg/all/function/internal_message.html?_=1670367535848&CODE_STATE=getMsg HTTP/1.1" 200 27
120.253.135.82 - - [07/Dec/2022:06:58:29 +0800] "POST /xingrg/kc/pszx/mdth_order_new_list.html HTTP/1.1" 200 205
120.253.135.82 - - [07/Dec/2022:06:58:31 +0800] "POST /xingrg/kc/pszx/mdth_order_new_list.html HTTP/1.1" 200 202
116.230.105.139 - - [07/Dec/2022:06:58:32 +0800] "GET /xingrg/all/function/internal_message.html?_=1670367500277&CODE_STATE=getMsg HTTP/1.1" 200 27
120.253.135.82 - - [07/Dec/2022:06:58:33 +0800] "POST /xingrg/kc/pszx/mdth_order_new_list.html HTTP/1.1" 200 482
120.253.135.82 - - [07/Dec/2022:06:58:34 +0800] "POST /xingrg/kc/pszx/mdth_order_new_list.html HTTP/1.1" 200 402
120.253.135.82 - - [07/Dec/2022:06:58:36 +0800] "POST /xingrg/kc/pszx/mdth_order_new_list.html HTTP/1.1" 200 287
120.253.135.82 - - [07/Dec/2022:06:58:39 +0800] "GET /xingrg/kc/pszx/mdth_order_info.html?code=322022111400007 HTTP/1.1" 200 22213
120.253.135.82 - - [07/Dec/2022:06:58:39 +0800] "GET /xingrg/all/common/auto_word.html?type=employee&rest_code=00101 HTTP/1.1" 200 977
120.253.135.82 - - [07/Dec/2022:06:58:39 +0800] "GET /xingrg/javascript/easyui/themes/default/validatebox.css HTTP/1.1" 404 1104
120.253.135.82 - - [07/Dec/2022:06:58:39 +0800] "POST /xingrg/kc/pszx/mdth_order_new_info.html HTTP/1.1" 200 272
120.253.135.82 - - [07/Dec/2022:06:58:58 +0800] "GET /xingrg/all/function/internal_message.html?_=1670367331602&CODE_STATE=getMsg HTTP/1.1" 200 27
116.237.75.74 - - [07/Dec/2022:06:58:59 +0800] "GET /xingrg/all/function/internal_message.html?_=1670367526583&CODE_STATE=getMsg HTTP/1.1" 200 27
116.238.139.35 - - [07/Dec/2022:06:59:02 +0800] "GET /xingrg/all/function/internal_message.html?_=1670367532642&CODE_STATE=getMsg HTTP/1.1" 200 27
58.40.7.146 - - [07/Dec/2022:06:59:06 +0800] "GET /xingrg/all/function/internal_message.html?_=1670367535585&CODE_STATE=getMsg HTTP/1.1" 200 27
114.84.38.109 - - [07/Dec/2022:06:59:11 +0800] "GET /xingrg/all/function/internal_message.html?_=1670367549614&CODE_STATE=getMsg HTTP/1.1" 200 27
116.238.139.35 - - [07/Dec/2022:06:59:20 +0800] "GET /xingrg/all/function/internal_message.html?_=1670367490970&CODE_STATE=getMsg HTTP/1.1" 200 27
222.70.177.10 - - [07/Dec/2022:06:59:29 +0800] "GET /xingrg/all/function/internal_message.html?_=1670367595824&CODE_STATE=getMsg HTTP/1.1" 200 27
116.230.105.139 - - [07/Dec/2022:06:59:32 +0800] "GET /xingrg/all/function/internal_message.html?_=1670367560274&CODE_STATE=getMsg HTTP/1.1" 200 27
120.253.135.82 - - [07/Dec/2022:06:59:58 +0800] "GET /xingrg/all/function/internal_message.html?_=1670367391616&CODE_STATE=getMsg HTTP/1.1" 200 27
116.237.75.74 - - [07/Dec/2022:06:59:59 +0800] "GET /xingrg/all/function/internal_message.html?_=1670367586561&CODE_STATE=getMsg HTTP/1.1" 200 27
116.238.139.35 - - [07/Dec/2022:07:00:02 +0800] "GET /xingrg/all/function/internal_message.html?_=1670367592643&CODE_STATE=getMsg HTTP/1.1" 200 27
58.40.7.146 - - [07/Dec/2022:07:00:06 +0800] "GET /xingrg/check_reg.html?_=1670367595588 HTTP/1.1" 200 22
58.40.7.146 - - [07/Dec/2022:07:00:06 +0800] "GET /xingrg/all/function/internal_message.html?_=1670367595589&CODE_STATE=getMsg HTTP/1.1" 200 27
114.84.38.109 - - [07/Dec/2022:07:00:11 +0800] "GET /xingrg/all/function/internal_message.html?_=1670367609631&CODE_STATE=getMsg HTTP/1.1" 200 27
116.238.139.35 - - [07/Dec/2022:07:00:20 +0800] "GET /xingrg/all/function/internal_message.html?_=1670367551004&CODE_STATE=getMsg HTTP/1.1" 200 27
222.70.177.10 - - [07/Dec/2022:07:00:29 +0800] "GET /xingrg/all/function/internal_message.html?_=1670367655812&CODE_STATE=getMsg HTTP/1.1" 200 27
116.230.105.139 - - [07/Dec/2022:07:00:32 +0800] "GET /xingrg/all/function/internal_message.html?_=1670367620270&CODE_STATE=getMsg HTTP/1.1" 200 27
120.253.135.82 - - [07/Dec/2022:07:00:52 +0800] "POST /xingrg/all/common/load_combo.html?type=employee HTTP/1.1" 200 1752
120.253.135.82 - - [07/Dec/2022:07:00:58 +0800] "GET /xingrg/all/function/internal_message.html?_=1670367451670&CODE_STATE=getMsg HTTP/1.1" 200 27
180.163.29.103 - - [07/Dec/2022:07:00:58 +0800] "GET /xingrg/all/function/internal_message.html?_=1670367586561&CODE_STATE=getMsg HTTP/1.1" 302 -
180.163.29.103 - - [07/Dec/2022:07:00:59 +0800] "GET /xingrg/login.html HTTP/1.1" 200 7641
120.253.135.82 - - [07/Dec/2022:07:00:59 +0800] "POST /xingrg/all/common/load_combo.html?type=base HTTP/1.1" 200 1169
116.238.139.35 - - [07/Dec/2022:07:01:02 +0800] "GET /xingrg/all/function/internal_message.html?_=1670367652644&CODE_STATE=getMsg HTTP/1.1" 200 27
58.40.7.146 - - [07/Dec/2022:07:01:06 +0800] "GET /xingrg/all/function/internal_message.html?_=1670367655573&CODE_STATE=getMsg HTTP/1.1" 200 27
116.238.139.35 - - [07/Dec/2022:07:01:07 +0800] "GET /xingrg/check_reg.html?_=1670367598018 HTTP/1.1" 200 22
120.253.135.82 - - [07/Dec/2022:07:01:08 +0800] "POST /xingrg/kc/pszx/mdth_order_new_info.html HTTP/1.1" 200 840
114.84.38.109 - - [07/Dec/2022:07:01:09 +0800] "GET /xingrg/check_reg.html?_=1670367667885 HTTP/1.1" 200 22
120.253.135.82 - - [07/Dec/2022:07:01:12 +0800] "POST /xingrg/kc/pszx/mdth_order_new_info.html HTTP/1.1" 200 37
120.253.135.82 - - [07/Dec/2022:07:01:13 +0800] "POST /xingrg/kc/pszx/mdth_order_new_info.html HTTP/1.1" 200 278
120.253.135.82 - - [07/Dec/2022:07:01:17 +0800] "POST /xingrg/kc/pszx/mdth_order_new_info.html HTTP/1.1" 200 37
120.253.135.82 - - [07/Dec/2022:07:01:18 +0800] "POST /xingrg/kc/pszx/mdth_order_new_info.html HTTP/1.1" 200 278
116.238.139.35 - - [07/Dec/2022:07:01:20 +0800] "GET /xingrg/all/function/internal_message.html?_=1670367611013&CODE_STATE=getMsg HTTP/1.1" 200 27
120.253.135.82 - - [07/Dec/2022:07:01:23 +0800] "GET /xingrg/kc/print/load_config.html?kc_code=mdth HTTP/1.1" 200 3088
120.253.135.82 - - [07/Dec/2022:07:01:23 +0800] "GET /xingrg/kc/print/load_data.html?order_code=322022111400007&kc_code=mdth&condition= HTTP/1.1" 200 606
222.70.177.10 - - [07/Dec/2022:07:01:29 +0800] "GET /xingrg/all/function/internal_message.html?_=1670367715811&CODE_STATE=getMsg HTTP/1.1" 200 27
116.230.105.139 - - [07/Dec/2022:07:01:32 +0800] "GET /xingrg/all/function/internal_message.html?_=1670367680285&CODE_STATE=getMsg HTTP/1.1" 200 27
116.230.105.139 - - [07/Dec/2022:07:01:32 +0800] "GET /xingrg/check_reg.html?_=1670367680287 HTTP/1.1" 200 22
222.70.177.10 - - [07/Dec/2022:07:01:41 +0800] "GET /xingrg/check_reg.html?_=1670367727485 HTTP/1.1" 200 22
114.95.43.237 - - [07/Dec/2022:07:01:54 +0800] "GET /xingrg/check_reg.html?_=1670367704681 HTTP/1.1" 302 -
120.253.135.82 - - [07/Dec/2022:07:01:56 +0800] "GET /xingrg/check_reg.html?_=1670367510210 HTTP/1.1" 200 22
120.253.135.82 - - [07/Dec/2022:07:01:58 +0800] "GET /xingrg/all/function/internal_message.html?_=1670367511674&CODE_STATE=getMsg HTTP/1.1" 200 27
116.238.139.35 - - [07/Dec/2022:07:02:02 +0800] "GET /xingrg/check_reg.html?_=1670367712645 HTTP/1.1" 200 22
116.238.139.35 - - [07/Dec/2022:07:02:02 +0800] "GET /xingrg/all/function/internal_message.html?_=1670367712648&CODE_STATE=getMsg HTTP/1.1" 200 27
58.40.7.146 - - [07/Dec/2022:07:02:06 +0800] "GET /xingrg/all/function/internal_message.html?_=1670367715574&CODE_STATE=getMsg HTTP/1.1" 200 27
116.238.139.35 - - [07/Dec/2022:07:02:20 +0800] "GET /xingrg/all/function/internal_message.html?_=1670367671027&CODE_STATE=getMsg HTTP/1.1" 200 27
222.70.177.10 - - [07/Dec/2022:07:02:29 +0800] "GET /xingrg/all/function/internal_message.html?_=1670367775799&CODE_STATE=getMsg HTTP/1.1" 200 27
116.230.105.139 - - [07/Dec/2022:07:02:32 +0800] "GET /xingrg/all/function/internal_message.html?_=1670367740285&CODE_STATE=getMsg HTTP/1.1" 200 27
120.253.135.82 - - [07/Dec/2022:07:02:59 +0800] "POST /xingrg/kc/pszx/mdth_order_new_info.html HTTP/1.1" 200 37
120.253.135.82 - - [07/Dec/2022:07:03:01 +0800] "POST /xingrg/kc/pszx/mdth_order_new_info.html HTTP/1.1" 200 278
120.253.135.82 - - [07/Dec/2022:07:03:01 +0800] "POST /xingrg/kc/pszx/mdth_order_new_info.html HTTP/1.1" 200 12
116.238.139.35 - - [07/Dec/2022:07:03:02 +0800] "GET /xingrg/all/function/internal_message.html?_=1670367772649&CODE_STATE=getMsg HTTP/1.1" 200 27
120.253.135.82 - - [07/Dec/2022:07:03:03 +0800] "GET /xingrg/kc/pszx/mdth_order_info.html?code=322022111400007 HTTP/1.1" 200 20273
120.253.135.82 - - [07/Dec/2022:07:03:04 +0800] "POST /xingrg/kc/pszx/mdth_order_new_info.html HTTP/1.1" 200 278
120.253.135.82 - - [07/Dec/2022:07:03:04 +0800] "GET /xingrg/javascript/easyui/themes/default/validatebox.css HTTP/1.1" 404 1104
120.253.135.82 - - [07/Dec/2022:07:03:04 +0800] "GET /xingrg/all/function/internal_message.html?_=1670367577402&CODE_STATE=getMsg HTTP/1.1" 200 27
58.40.7.146 - - [07/Dec/2022:07:03:06 +0800] "GET /xingrg/all/function/internal_message.html?_=1670367775578&CODE_STATE=getMsg HTTP/1.1" 200 27
120.253.135.82 - - [07/Dec/2022:07:03:08 +0800] "GET /xingrg/kc/pszx/mdth_order_info.html?code=322022111400007 HTTP/1.1" 200 20273
120.253.135.82 - - [07/Dec/2022:07:03:08 +0800] "POST /xingrg/kc/pszx/mdth_order_new_info.html HTTP/1.1" 200 278
120.253.135.82 - - [07/Dec/2022:07:03:08 +0800] "GET /xingrg/javascript/easyui/themes/default/validatebox.css HTTP/1.1" 404 1104
120.253.135.82 - - [07/Dec/2022:07:03:11 +0800] "POST /xingrg/kc/pszx/mdth_order_new_list.html HTTP/1.1" 200 4720
120.253.135.82 - - [07/Dec/2022:07:03:15 +0800] "GET /xingrg/kc/pszx/mdps_order_list.html?orderType=0 HTTP/1.1" 200 21035
120.253.135.82 - - [07/Dec/2022:07:03:15 +0800] "POST /xingrg/kc/pszx/mdps_list_operate.html HTTP/1.1" 200 5491
116.238.139.35 - - [07/Dec/2022:07:03:20 +0800] "GET /xingrg/all/function/internal_message.html?_=1670367731060&CODE_STATE=getMsg HTTP/1.1" 200 27
120.253.135.82 - - [07/Dec/2022:07:03:22 +0800] "POST /xingrg/kc/pszx/mdps_list_operate.html HTTP/1.1" 200 2062
120.253.135.82 - - [07/Dec/2022:07:03:24 +0800] "POST /xingrg/kc/pszx/mdps_list_operate.html HTTP/1.1" 200 202
120.253.135.82 - - [07/Dec/2022:07:03:25 +0800] "GET /xingrg/kc/pszx/mdps_order_info.html?code=312022120700160 HTTP/1.1" 200 23978
120.253.135.82 - - [07/Dec/2022:07:03:25 +0800] "POST /xingrg/kc/pszx/mdps_order_operate.html HTTP/1.1" 200 2278
120.253.135.82 - - [07/Dec/2022:07:03:25 +0800] "GET /xingrg/javascript/easyui/themes/default/validatebox.css HTTP/1.1" 404 1104
222.70.177.10 - - [07/Dec/2022:07:03:29 +0800] "GET /xingrg/all/function/internal_message.html?_=1670367835774&CODE_STATE=getMsg HTTP/1.1" 200 27
116.230.105.139 - - [07/Dec/2022:07:03:32 +0800] "GET /xingrg/all/function/internal_message.html?_=1670367800276&CODE_STATE=getMsg HTTP/1.1" 200 27
120.253.135.82 - - [07/Dec/2022:07:03:33 +0800] "POST /xingrg/kc/pszx/mdps_order_operate.html HTTP/1.1" 200 37
120.253.135.82 - - [07/Dec/2022:07:03:34 +0800] "GET /xingrg/kc/pszx/mdps_order_info.html?code=312022120700160 HTTP/1.1" 200 23978
120.253.135.82 - - [07/Dec/2022:07:03:34 +0800] "POST /xingrg/kc/pszx/mdps_order_operate.html HTTP/1.1" 200 2278
120.253.135.82 - - [07/Dec/2022:07:03:34 +0800] "GET /xingrg/javascript/easyui/themes/default/validatebox.css HTTP/1.1" 404 1104
120.253.135.82 - - [07/Dec/2022:07:03:41 +0800] "GET /xingrg/kc/report/report_main.html HTTP/1.1" 200 8599
120.253.135.82 - - [07/Dec/2022:07:03:42 +0800] "GET /xingrg/kc/base/kc_stocks.html HTTP/1.1" 200 16506
120.253.135.82 - - [07/Dec/2022:07:03:42 +0800] "GET /xingrg/javascript/easyui/themes/sunny/easyui.css HTTP/1.1" 200 34304
120.253.135.82 - - [07/Dec/2022:07:03:42 +0800] "GET /xingrg/javascript/easyui/themes/icons/print_new.png HTTP/1.1" 200 3580
120.253.135.82 - - [07/Dec/2022:07:03:42 +0800] "GET /xingrg/javascript/easyui/themes/icons/filter_new.png HTTP/1.1" 200 795
120.253.135.82 - - [07/Dec/2022:07:03:43 +0800] "GET /xingrg/javascript/easyui/plugins/jquery.draggable.js HTTP/1.1" 200 6121
120.253.135.82 - - [07/Dec/2022:07:03:43 +0800] "GET /xingrg/javascript/easyui/themes/icons/refresh_new.png HTTP/1.1" 200 685
120.253.135.82 - - [07/Dec/2022:07:03:43 +0800] "GET /xingrg/javascript/easyui/plugins/jquery.droppable.js HTTP/1.1" 200 1167
120.253.135.82 - - [07/Dec/2022:07:03:43 +0800] "GET /xingrg/javascript/easyui/themes/default/tree.css HTTP/1.1" 404 1090
120.253.135.82 - - [07/Dec/2022:07:03:43 +0800] "GET /xingrg/javascript/easyui/plugins/jquery.tree.js HTTP/1.1" 200 20874
120.253.135.82 - - [07/Dec/2022:07:03:43 +0800] "POST /xingrg/all/common/load_tree.html?tree=materiel_sort_tree_json HTTP/1.1" 200 9500
120.253.135.82 - - [07/Dec/2022:07:03:43 +0800] "GET /xingrg/javascript/easyui/themes/sunny/images/tree_arrows.gif HTTP/1.1" 200 617
120.253.135.82 - - [07/Dec/2022:07:03:43 +0800] "GET /xingrg/javascript/easyui/themes/sunny/images/tree_folder_open.gif HTTP/1.1" 200 956
120.253.135.82 - - [07/Dec/2022:07:03:43 +0800] "GET /xingrg/javascript/easyui/themes/sunny/images/tree_file.gif HTTP/1.1" 200 118
120.253.135.82 - - [07/Dec/2022:07:03:43 +0800] "GET /xingrg/javascript/easyui/themes/sunny/images/tree_folder.gif HTTP/1.1" 200 952
120.253.135.82 - - [07/Dec/2022:07:03:44 +0800] "POST /xingrg/all/common/load_combo.html?type=base HTTP/1.1" 200 1169
116.238.139.35 - - [07/Dec/2022:07:04:02 +0800] "GET /xingrg/all/function/internal_message.html?_=1670367832650&CODE_STATE=getMsg HTTP/1.1" 200 27
120.253.135.82 - - [07/Dec/2022:07:04:03 +0800] "POST /xingrg/kc/base/stock_operate.html HTTP/1.1" 200 1457
120.253.135.82 - - [07/Dec/2022:07:04:03 +0800] "GET /xingrg/javascript/jquery_tools/fix_table.js HTTP/1.1" 200 6528
120.253.135.82 - - [07/Dec/2022:07:04:04 +0800] "GET /xingrg/all/function/internal_message.html?_=1670367637411&CODE_STATE=getMsg HTTP/1.1" 200 27
58.40.7.146 - - [07/Dec/2022:07:04:06 +0800] "GET /xingrg/all/function/internal_message.html?_=1670367835581&CODE_STATE=getMsg HTTP/1.1" 200 27
120.253.135.82 - - [07/Dec/2022:07:04:12 +0800] "POST /xingrg/kc/base/stock_operate.html HTTP/1.1" 200 1476
116.238.139.35 - - [07/Dec/2022:07:04:20 +0800] "GET /xingrg/all/function/internal_message.html?_=1670367791070&CODE_STATE=getMsg HTTP/1.1" 200 27
222.70.177.10 - - [07/Dec/2022:07:04:29 +0800] "GET /xingrg/all/function/internal_message.html?_=1670367895745&CODE_STATE=getMsg HTTP/1.1" 200 27
116.230.105.139 - - [07/Dec/2022:07:04:32 +0800] "GET /xingrg/all/function/internal_message.html?_=1670367860275&CODE_STATE=getMsg HTTP/1.1" 200 27
222.64.58.116 - - [07/Dec/2022:07:04:55 +0800] "POST /xingrg/services/DataTransmitService HTTP/1.1" 200 524
116.238.139.35 - - [07/Dec/2022:07:05:02 +0800] "GET /xingrg/all/function/internal_message.html?_=1670367892651&CODE_STATE=getMsg HTTP/1.1" 200 27
120.253.135.82 - - [07/Dec/2022:07:05:04 +0800] "GET /xingrg/all/function/internal_message.html?_=1670367697425&CODE_STATE=getMsg HTTP/1.1" 200 27
58.40.7.146 - - [07/Dec/2022:07:05:06 +0800] "GET /xingrg/check_reg.html?_=1670367895585 HTTP/1.1" 200 22
58.40.7.146 - - [07/Dec/2022:07:05:06 +0800] "GET /xingrg/all/function/internal_message.html?_=1670367895583&CODE_STATE=getMsg HTTP/1.1" 200 27
116.238.139.35 - - [07/Dec/2022:07:05:20 +0800] "GET /xingrg/all/function/internal_message.html?_=1670367851101&CODE_STATE=getMsg HTTP/1.1" 200 27
222.70.177.10 - - [07/Dec/2022:07:05:29 +0800] "GET /xingrg/all/function/internal_message.html?_=1670367955716&CODE_STATE=getMsg HTTP/1.1" 200 27
116.230.105.139 - - [07/Dec/2022:07:05:32 +0800] "GET /xingrg/all/function/internal_message.html?_=1670367920275&CODE_STATE=getMsg HTTP/1.1" 200 27
114.84.38.109 - - [07/Dec/2022:07:05:51 +0800] "GET /favicon.ico HTTP/1.1" 404 -
114.84.38.109 - - [07/Dec/2022:07:05:52 +0800] "GET /xingrg/login.html HTTP/1.1" 200 7641
114.84.38.109 - - [07/Dec/2022:07:05:52 +0800] "GET /favicon.ico HTTP/1.1" 404 -
114.84.38.109 - - [07/Dec/2022:07:05:54 +0800] "POST /xingrg/login.do HTTP/1.1" 302 -
114.84.38.109 - - [07/Dec/2022:07:05:54 +0800] "GET /xingrg/index.html?sysBaseUrl=http%3A%2F%2F180.169.147.146%3A18081%2Fxingrg%2F&costTime=47×tamp=1670367954636 HTTP/1.1" 200 17179
114.84.38.109 - - [07/Dec/2022:07:05:54 +0800] "GET /favicon.ico HTTP/1.1" 404 -
114.84.38.109 - - [07/Dec/2022:07:05:54 +0800] "GET /xingrg/javascript/jquery_easy_ui/themes/default/easyui.css HTTP/1.1" 304 -
114.84.38.109 - - [07/Dec/2022:07:05:54 +0800] "GET /xingrg/javascript/jquery_easy_ui/themes/icon.css HTTP/1.1" 304 -
114.84.38.109 - - [07/Dec/2022:07:05:54 +0800] "GET /xingrg/css/form.css HTTP/1.1" 304 -
114.84.38.109 - - [07/Dec/2022:07:05:54 +0800] "GET /xingrg/javascript/jquery-1.4.2.min.js HTTP/1.1" 304 -
114.84.38.109 - - [07/Dec/2022:07:05:54 +0800] "GET /xingrg/javascript/jquery_easy_ui/jquery.easyui.min.js HTTP/1.1" 304 -
114.84.38.109 - - [07/Dec/2022:07:05:54 +0800] "GET /xingrg/javascript/jquery_easy_ui/easyui-lang-zh_CN.js HTTP/1.1" 304 -
114.84.38.109 - - [07/Dec/2022:07:05:54 +0800] "GET /xingrg/javascript/jquery.form.js HTTP/1.1" 304 -
114.84.38.109 - - [07/Dec/2022:07:05:55 +0800] "GET /xingrg/javascript/jquery.utils.js HTTP/1.1" 304 -
114.84.38.109 - - [07/Dec/2022:07:05:55 +0800] "GET /xingrg/javascript/jquery.timers.js HTTP/1.1" 304 -
114.84.38.109 - - [07/Dec/2022:07:05:55 +0800] "POST /xingrg/all/common/load_tree.html?tree=area_rest_tree_json&manage=1 HTTP/1.1" 200 479
114.84.38.109 - - [07/Dec/2022:07:05:55 +0800] "GET /xingrg/check_reg.html?_=1670367953766 HTTP/1.1" 200 22
114.84.38.109 - - [07/Dec/2022:07:05:55 +0800] "GET /xingrg/all/function/internal_message.html?_=1670367953765&CODE_STATE=count HTTP/1.1" 200 11
114.84.38.109 - - [07/Dec/2022:07:05:55 +0800] "POST /xingrg/load_menu.html HTTP/1.1" 200 5138
114.84.38.109 - - [07/Dec/2022:07:06:00 +0800] "GET /xingrg/css/base.css HTTP/1.1" 304 -
114.84.38.109 - - [07/Dec/2022:07:06:00 +0800] "GET /xingrg/css/site.css HTTP/1.1" 304 -
114.84.38.109 - - [07/Dec/2022:07:06:00 +0800] "GET /xingrg/javascript/jquery_tools/datebox.css HTTP/1.1" 304 -
114.84.38.109 - - [07/Dec/2022:07:06:00 +0800] "GET /xingrg/javascript/easyui/themes/icon.css HTTP/1.1" 304 -
114.84.38.109 - - [07/Dec/2022:07:06:00 +0800] "GET /xingrg/javascript/easyui/themes/default/easyui.css HTTP/1.1" 304 -
114.84.38.109 - - [07/Dec/2022:07:06:00 +0800] "GET /xingrg/javascript/jquery_tools/fix.css HTTP/1.1" 304 -
114.84.38.109 - - [07/Dec/2022:07:06:00 +0800] "GET /xingrg/javascript/auto/jquery.autocomplete.css HTTP/1.1" 304 -
114.84.38.109 - - [07/Dec/2022:07:06:00 +0800] "GET /xingrg/javascript/jquery_tools/jquery.tools.min.js HTTP/1.1" 304 -
114.84.38.109 - - [07/Dec/2022:07:06:00 +0800] "GET /xingrg/javascript/jquery_tools/table.css HTTP/1.1" 304 -
114.84.38.109 - - [07/Dec/2022:07:06:01 +0800] "GET /xingrg/javascript/jquery_tools/jquery.tools.extend.js HTTP/1.1" 304 -
114.84.38.109 - - [07/Dec/2022:07:06:01 +0800] "GET /xingrg/javascript/jquery_tools/jquery.tools.hotkey.js HTTP/1.1" 304 -
114.84.38.109 - - [07/Dec/2022:07:06:01 +0800] "GET /xingrg/javascript/jquery_tools/jquery.tools.table.js HTTP/1.1" 304 -
114.84.38.109 - - [07/Dec/2022:07:06:01 +0800] "GET /xingrg/javascript/jquery_tools/list_manager.js HTTP/1.1" 304 -
114.84.38.109 - - [07/Dec/2022:07:06:01 +0800] "GET /xingrg/javascript/auto/jquery.autocomplete.js HTTP/1.1" 304 -
114.84.38.109 - - [07/Dec/2022:07:06:01 +0800] "GET /xingrg/javascript/easyui/easyloader.js HTTP/1.1" 304 -
114.84.38.109 - - [07/Dec/2022:07:06:01 +0800] "GET /xingrg/javascript/jquery.cookie.js HTTP/1.1" 304 -
114.84.38.109 - - [07/Dec/2022:07:06:01 +0800] "GET /xingrg/javascript/print/LodopFuncs.js HTTP/1.1" 304 -
114.84.38.109 - - [07/Dec/2022:07:06:01 +0800] "GET /xingrg/kc/buy/cgsh_order_list.html HTTP/1.1" 200 53797
114.84.38.109 - - [07/Dec/2022:07:06:01 +0800] "GET /xingrg/javascript/easyui/plugins/jquery.parser.js HTTP/1.1" 304 -
114.84.38.109 - - [07/Dec/2022:07:06:02 +0800] "POST /xingrg/kc/buy/cgsh_list_operate.html HTTP/1.1" 200 986
116.238.139.35 - - [07/Dec/2022:07:06:02 +0800] "GET /xingrg/all/function/internal_message.html?_=1670367952651&CODE_STATE=getMsg HTTP/1.1" 200 27
120.253.135.82 - - [07/Dec/2022:07:06:04 +0800] "GET /xingrg/all/function/internal_message.html?_=1670367757658&CODE_STATE=getMsg HTTP/1.1" 200 27
120.253.135.82 - - [07/Dec/2022:07:06:04 +0800] "POST /xingrg/kc/base/stock_operate.html HTTP/1.1" 200 1472
58.40.7.146 - - [07/Dec/2022:07:06:06 +0800] "GET /xingrg/all/function/internal_message.html?_=1670367955586&CODE_STATE=getMsg HTTP/1.1" 200 27
116.238.139.35 - - [07/Dec/2022:07:06:07 +0800] "GET /xingrg/check_reg.html?_=1670367898024 HTTP/1.1" 200 22
114.84.38.109 - - [07/Dec/2022:07:06:09 +0800] "GET /xingrg/javascript/jquery_tools/images/prev.gif HTTP/1.1" 404 1086
114.84.38.109 - - [07/Dec/2022:07:06:09 +0800] "GET /xingrg/javascript/jquery_tools/images/next.gif HTTP/1.1" 404 1086
116.238.139.35 - - [07/Dec/2022:07:06:20 +0800] "GET /xingrg/all/function/internal_message.html?_=1670367911112&CODE_STATE=getMsg HTTP/1.1" 200 27
114.84.38.109 - - [07/Dec/2022:07:06:26 +0800] "GET /xingrg/javascript/auto/indicator.gif HTTP/1.1" 404 1066
222.70.177.10 - - [07/Dec/2022:07:06:29 +0800] "GET /xingrg/all/function/internal_message.html?_=1670368015695&CODE_STATE=getMsg HTTP/1.1" 200 27
116.230.105.139 - - [07/Dec/2022:07:06:32 +0800] "GET /xingrg/all/function/internal_message.html?_=1670367980266&CODE_STATE=getMsg HTTP/1.1" 200 27
116.230.105.139 - - [07/Dec/2022:07:06:32 +0800] "GET /xingrg/check_reg.html?_=1670367980268 HTTP/1.1" 200 22
114.84.38.109 - - [07/Dec/2022:07:06:33 +0800] "POST /xingrg/kc/buy/cgsh_list_operate.html HTTP/1.1" 200 6241
222.70.177.10 - - [07/Dec/2022:07:06:41 +0800] "GET /xingrg/check_reg.html?_=1670368027482 HTTP/1.1" 200 22
114.95.43.237 - - [07/Dec/2022:07:06:54 +0800] "GET /xingrg/check_reg.html?_=1670368004689 HTTP/1.1" 302 -
114.84.38.109 - - [07/Dec/2022:07:06:55 +0800] "GET /xingrg/all/function/internal_message.html?_=1670368013766&CODE_STATE=getMsg HTTP/1.1" 200 27
120.253.135.82 - - [07/Dec/2022:07:06:56 +0800] "GET /xingrg/check_reg.html?_=1670367810213 HTTP/1.1" 200 22
116.238.139.35 - - [07/Dec/2022:07:07:02 +0800] "GET /xingrg/check_reg.html?_=1670368012638 HTTP/1.1" 200 22
116.238.139.35 - - [07/Dec/2022:07:07:02 +0800] "GET /xingrg/all/function/internal_message.html?_=1670368012659&CODE_STATE=getMsg HTTP/1.1" 200 27
120.253.135.82 - - [07/Dec/2022:07:07:04 +0800] "GET /xingrg/all/function/internal_message.html?_=1670367817670&CODE_STATE=getMsg HTTP/1.1" 200 27
58.40.7.146 - - [07/Dec/2022:07:07:06 +0800] "GET /xingrg/all/function/internal_message.html?_=1670368015588&CODE_STATE=getMsg HTTP/1.1" 200 27
116.238.139.35 - - [07/Dec/2022:07:07:20 +0800] "GET /xingrg/all/function/internal_message.html?_=1670367971126&CODE_STATE=getMsg HTTP/1.1" 200 27
222.70.177.10 - - [07/Dec/2022:07:07:29 +0800] "GET /xingrg/all/function/internal_message.html?_=1670368075674&CODE_STATE=getMsg HTTP/1.1" 200 27
116.230.105.139 - - [07/Dec/2022:07:07:32 +0800] "GET /xingrg/all/function/internal_message.html?_=1670368040277&CODE_STATE=getMsg HTTP/1.1" 200 27
180.163.29.79 - - [07/Dec/2022:07:07:32 +0800] "GET /xingrg/all/function/internal_message.html?_=1670361468872&CODE_STATE=getMsg HTTP/1.1" 302 -
180.163.29.79 - - [07/Dec/2022:07:07:35 +0800] "GET /xingrg/login.html HTTP/1.1" 200 7641
114.84.38.109 - - [07/Dec/2022:07:07:55 +0800] "GET /xingrg/all/function/internal_message.html?_=1670368073779&CODE_STATE=getMsg HTTP/1.1" 200 27
116.238.139.35 - - [07/Dec/2022:07:08:02 +0800] "GET /xingrg/all/function/internal_message.html?_=1670368072659&CODE_STATE=getMsg HTTP/1.1" 200 27
120.253.135.82 - - [07/Dec/2022:07:08:04 +0800] "GET /xingrg/all/function/internal_message.html?_=1670367877684&CODE_STATE=getMsg HTTP/1.1" 200 27
120.253.135.82 - - [07/Dec/2022:07:08:05 +0800] "POST /xingrg/kc/base/stock_operate.html HTTP/1.1" 200 1481
58.40.7.146 - - [07/Dec/2022:07:08:06 +0800] "GET /xingrg/all/function/internal_message.html?_=1670368075590&CODE_STATE=getMsg HTTP/1.1" 200 27
116.238.139.35 - - [07/Dec/2022:07:08:21 +0800] "GET /xingrg/all/function/internal_message.html?_=1670368031160&CODE_STATE=getMsg HTTP/1.1" 200 27
222.70.177.10 - - [07/Dec/2022:07:08:29 +0800] "GET /xingrg/all/function/internal_message.html?_=1670368135648&CODE_STATE=getMsg HTTP/1.1" 200 27
116.230.105.139 - - [07/Dec/2022:07:08:32 +0800] "GET /xingrg/all/function/internal_message.html?_=1670368100267&CODE_STATE=getMsg HTTP/1.1" 200 27
114.84.38.109 - - [07/Dec/2022:07:08:55 +0800] "GET /xingrg/all/function/internal_message.html?_=1670368133795&CODE_STATE=getMsg HTTP/1.1" 200 27
116.238.139.35 - - [07/Dec/2022:07:09:02 +0800] "GET /xingrg/all/function/internal_message.html?_=1670368132660&CODE_STATE=getMsg HTTP/1.1" 200 27
120.253.135.82 - - [07/Dec/2022:07:09:04 +0800] "GET /xingrg/all/function/internal_message.html?_=1670367937697&CODE_STATE=getMsg HTTP/1.1" 200 27
58.40.7.146 - - [07/Dec/2022:07:09:06 +0800] "GET /xingrg/all/function/internal_message.html?_=1670368135592&CODE_STATE=getMsg HTTP/1.1" 200 27
116.238.139.35 - - [07/Dec/2022:07:09:21 +0800] "GET /xingrg/all/function/internal_message.html?_=1670368091169&CODE_STATE=getMsg HTTP/1.1" 200 27
222.70.177.10 - - [07/Dec/2022:07:09:29 +0800] "GET /xingrg/all/function/internal_message.html?_=1670368195630&CODE_STATE=getMsg HTTP/1.1" 200 27
116.230.105.139 - - [07/Dec/2022:07:09:32 +0800] "GET /xingrg/all/function/internal_message.html?_=1670368160272&CODE_STATE=getMsg HTTP/1.1" 200 27
114.84.38.109 - - [07/Dec/2022:07:09:55 +0800] "GET /xingrg/all/function/internal_message.html?_=1670368193808&CODE_STATE=getMsg HTTP/1.1" 200 27
116.238.139.35 - - [07/Dec/2022:07:10:02 +0800] "GET /xingrg/all/function/internal_message.html?_=1670368192664&CODE_STATE=getMsg HTTP/1.1" 200 27
120.253.135.82 - - [07/Dec/2022:07:10:04 +0800] "GET /xingrg/all/function/internal_message.html?_=1670367997712&CODE_STATE=getMsg HTTP/1.1" 200 27
58.40.7.146 - - [07/Dec/2022:07:10:06 +0800] "GET /xingrg/check_reg.html?_=1670368195577 HTTP/1.1" 200 22
58.40.7.146 - - [07/Dec/2022:07:10:06 +0800] "GET /xingrg/all/function/internal_message.html?_=1670368195579&CODE_STATE=getMsg HTTP/1.1" 200 27
58.40.7.146 - - [07/Dec/2022:07:10:19 +0800] "POST /xingrg/services/DataTransmitService HTTP/1.1" 200 524
116.238.139.35 - - [07/Dec/2022:07:10:21 +0800] "GET /xingrg/all/function/internal_message.html?_=1670368151201&CODE_STATE=getMsg HTTP/1.1" 200 27
222.70.177.10 - - [07/Dec/2022:07:10:29 +0800] "GET /xingrg/all/function/internal_message.html?_=1670368255629&CODE_STATE=getMsg HTTP/1.1" 200 27
116.230.105.139 - - [07/Dec/2022:07:10:32 +0800] "GET /xingrg/all/function/internal_message.html?_=1670368220265&CODE_STATE=getMsg HTTP/1.1" 200 27
114.84.38.109 - - [07/Dec/2022:07:10:55 +0800] "GET /xingrg/check_reg.html?_=1670368253761 HTTP/1.1" 200 22
114.84.38.109 - - [07/Dec/2022:07:10:55 +0800] "GET /xingrg/all/function/internal_message.html?_=1670368253821&CODE_STATE=getMsg HTTP/1.1" 200 27
116.238.139.35 - - [07/Dec/2022:07:11:02 +0800] "GET /xingrg/all/function/internal_message.html?_=1670368252667&CODE_STATE=getMsg HTTP/1.1" 200 27
120.253.135.82 - - [07/Dec/2022:07:11:04 +0800] "GET /xingrg/all/function/internal_message.html?_=1670368057921&CODE_STATE=getMsg HTTP/1.1" 200 27
58.40.7.146 - - [07/Dec/2022:07:11:06 +0800] "GET /xingrg/all/function/internal_message.html?_=1670368255581&CODE_STATE=getMsg HTTP/1.1" 200 27
116.238.139.35 - - [07/Dec/2022:07:11:07 +0800] "GET /xingrg/check_reg.html?_=1670368198029 HTTP/1.1" 200 22
116.238.139.35 - - [07/Dec/2022:07:11:21 +0800] "GET /xingrg/all/function/internal_message.html?_=1670368211212&CODE_STATE=getMsg HTTP/1.1" 200 27
222.70.177.10 - - [07/Dec/2022:07:11:29 +0800] "GET /xingrg/all/function/internal_message.html?_=1670368315619&CODE_STATE=getMsg HTTP/1.1" 200 27
116.230.105.139 - - [07/Dec/2022:07:11:32 +0800] "GET /xingrg/all/function/internal_message.html?_=1670368280282&CODE_STATE=getMsg HTTP/1.1" 200 27
116.230.105.139 - - [07/Dec/2022:07:11:32 +0800] "GET /xingrg/check_reg.html?_=1670368280285 HTTP/1.1" 200 22
222.70.177.10 - - [07/Dec/2022:07:11:41 +0800] "GET /xingrg/check_reg.html?_=1670368327485 HTTP/1.1" 200 22
114.95.43.237 - - [07/Dec/2022:07:11:54 +0800] "GET /xingrg/check_reg.html?_=1670368304667 HTTP/1.1" 302 -
114.84.38.109 - - [07/Dec/2022:07:11:55 +0800] "GET /xingrg/all/function/internal_message.html?_=1670368313835&CODE_STATE=getMsg HTTP/1.1" 200 27
120.253.135.82 - - [07/Dec/2022:07:11:56 +0800] "GET /xingrg/check_reg.html?_=1670368110220 HTTP/1.1" 200 22
116.238.139.35 - - [07/Dec/2022:07:12:02 +0800] "GET /xingrg/check_reg.html?_=1670368312668 HTTP/1.1" 200 22
116.238.139.35 - - [07/Dec/2022:07:12:02 +0800] "GET /xingrg/all/function/internal_message.html?_=1670368312671&CODE_STATE=getMsg HTTP/1.1" 200 27
120.253.135.82 - - [07/Dec/2022:07:12:04 +0800] "GET /xingrg/all/function/internal_message.html?_=1670368117926&CODE_STATE=getMsg HTTP/1.1" 200 27
58.40.7.146 - - [07/Dec/2022:07:12:06 +0800] "GET /xingrg/all/function/internal_message.html?_=1670368315584&CODE_STATE=getMsg HTTP/1.1" 200 27
116.238.139.35 - - [07/Dec/2022:07:12:21 +0800] "GET /xingrg/all/function/internal_message.html?_=1670368271225&CODE_STATE=getMsg HTTP/1.1" 200 27
222.70.177.10 - - [07/Dec/2022:07:12:29 +0800] "GET /xingrg/all/function/internal_message.html?_=1670368375598&CODE_STATE=getMsg HTTP/1.1" 200 27
120.253.135.82 - - [07/Dec/2022:07:12:29 +0800] "POST /xingrg/kc/base/stock_operate.html HTTP/1.1" 200 1733
116.230.105.139 - - [07/Dec/2022:07:12:32 +0800] "GET /xingrg/all/function/internal_message.html?_=1670368340287&CODE_STATE=getMsg HTTP/1.1" 200 27
120.253.135.82 - - [07/Dec/2022:07:12:47 +0800] "POST /xingrg/kc/base/stock_operate.html HTTP/1.1" 200 1740
114.84.38.109 - - [07/Dec/2022:07:12:55 +0800] "GET /xingrg/all/function/internal_message.html?_=1670368373848&CODE_STATE=getMsg HTTP/1.1" 200 27
116.238.139.35 - - [07/Dec/2022:07:13:02 +0800] "GET /xingrg/all/function/internal_message.html?_=1670368372672&CODE_STATE=getMsg HTTP/1.1" 200 27
120.253.135.82 - - [07/Dec/2022:07:13:04 +0800] "GET /xingrg/all/function/internal_message.html?_=1670368177939&CODE_STATE=getMsg HTTP/1.1" 200 27
58.40.7.146 - - [07/Dec/2022:07:13:06 +0800] "GET /xingrg/all/function/internal_message.html?_=1670368375589&CODE_STATE=getMsg HTTP/1.1" 200 27
116.238.139.35 - - [07/Dec/2022:07:13:21 +0800] "GET /xingrg/all/function/internal_message.html?_=1670368331256&CODE_STATE=getMsg HTTP/1.1" 200 27
222.70.177.10 - - [07/Dec/2022:07:13:29 +0800] "GET /xingrg/all/function/internal_message.html?_=1670368435584&CODE_STATE=getMsg HTTP/1.1" 200 27
116.230.105.139 - - [07/Dec/2022:07:13:32 +0800] "GET /xingrg/all/function/internal_message.html?_=1670368400283&CODE_STATE=getMsg HTTP/1.1" 200 27
120.253.135.82 - - [07/Dec/2022:07:13:47 +0800] "GET /xingrg/kc/buy/cgsh_order_list.html HTTP/1.1" 200 53791
120.253.135.82 - - [07/Dec/2022:07:13:50 +0800] "POST /xingrg/kc/buy/cgsh_list_operate.html HTTP/1.1" 200 1860
120.253.135.82 - - [07/Dec/2022:07:13:52 +0800] "POST /xingrg/kc/buy/cgsh_list_operate.html HTTP/1.1" 200 209
120.253.135.82 - - [07/Dec/2022:07:13:53 +0800] "GET /xingrg/kc/buy/cgsh_order_info.html?code=212022120601593 HTTP/1.1" 200 68645
120.253.135.82 - - [07/Dec/2022:07:13:53 +0800] "GET /xingrg/javascript/easyui/themes/icons/template_new.png HTTP/1.1" 200 3956
120.253.135.82 - - [07/Dec/2022:07:13:53 +0800] "GET /xingrg/javascript/easyui/themes/default/validatebox.css HTTP/1.1" 404 1104
120.253.135.82 - - [07/Dec/2022:07:13:54 +0800] "POST /xingrg/kc/buy/cgsh_order_operate.html HTTP/1.1" 200 2683
114.84.38.109 - - [07/Dec/2022:07:13:55 +0800] "GET /xingrg/all/function/internal_message.html?_=1670368433862&CODE_STATE=getMsg HTTP/1.1" 200 27
120.253.135.82 - - [07/Dec/2022:07:14:00 +0800] "POST /xingrg/kc/buy/cgsh_order_operate.html HTTP/1.1" 200 37
116.238.139.35 - - [07/Dec/2022:07:14:02 +0800] "GET /xingrg/all/function/internal_message.html?_=1670368432672&CODE_STATE=getMsg HTTP/1.1" 200 27
58.40.7.146 - - [07/Dec/2022:07:14:06 +0800] "GET /xingrg/all/function/internal_message.html?_=1670368435590&CODE_STATE=getMsg HTTP/1.1" 200 27
120.253.135.82 - - [07/Dec/2022:07:14:07 +0800] "POST /xingrg/kc/buy/cgsh_order_operate.html HTTP/1.1" 200 12
120.253.135.82 - - [07/Dec/2022:07:14:18 +0800] "GET /xingrg/kc/buy/cgsh_order_info.html?code=212022120601593 HTTP/1.1" 200 63539
120.253.135.82 - - [07/Dec/2022:07:14:18 +0800] "GET /xingrg/javascript/easyui/themes/default/validatebox.css HTTP/1.1" 404 1104
120.253.135.82 - - [07/Dec/2022:07:14:18 +0800] "GET /xingrg/all/function/internal_message.html?_=1670368252196&CODE_STATE=getMsg HTTP/1.1" 200 27
120.253.135.82 - - [07/Dec/2022:07:14:19 +0800] "POST /xingrg/kc/buy/cgsh_order_operate.html HTTP/1.1" 200 633
116.238.139.35 - - [07/Dec/2022:07:14:21 +0800] "GET /xingrg/all/function/internal_message.html?_=1670368391268&CODE_STATE=getMsg HTTP/1.1" 200 27
120.253.135.82 - - [07/Dec/2022:07:14:24 +0800] "GET /xingrg/kc/buy/cgsh_order_info.html?code=212022120601593 HTTP/1.1" 200 63539
120.253.135.82 - - [07/Dec/2022:07:14:24 +0800] "GET /xingrg/javascript/easyui/themes/default/validatebox.css HTTP/1.1" 404 1104
120.253.135.82 - - [07/Dec/2022:07:14:25 +0800] "POST /xingrg/kc/buy/cgsh_order_operate.html HTTP/1.1" 200 633
120.253.135.82 - - [07/Dec/2022:07:14:28 +0800] "POST /xingrg/kc/buy/cgsh_list_operate.html HTTP/1.1" 200 986
222.70.177.10 - - [07/Dec/2022:07:14:29 +0800] "GET /xingrg/all/function/internal_message.html?_=1670368495563&CODE_STATE=getMsg HTTP/1.1" 200 27
116.230.105.139 - - [07/Dec/2022:07:14:30 +0800] "POST /xingrg/services/DataTransmitService HTTP/1.1" 200 524
116.230.105.139 - - [07/Dec/2022:07:14:32 +0800] "GET /xingrg/all/function/internal_message.html?_=1670368460278&CODE_STATE=getMsg HTTP/1.1" 200 27
120.253.135.82 - - [07/Dec/2022:07:14:42 +0800] "GET /xingrg/kc/pszx/mdps_order_list.html?orderType=0 HTTP/1.1" 200 21035
120.253.135.82 - - [07/Dec/2022:07:14:42 +0800] "POST /xingrg/kc/pszx/mdps_list_operate.html HTTP/1.1" 200 5491
120.253.135.82 - - [07/Dec/2022:07:14:42 +0800] "POST /xingrg/kc/buy/cgsh_list_operate.html HTTP/1.1" 200 986
120.253.135.82 - - [07/Dec/2022:07:14:49 +0800] "POST /xingrg/kc/pszx/mdps_list_operate.html HTTP/1.1" 200 4221
120.253.135.82 - - [07/Dec/2022:07:14:51 +0800] "POST /xingrg/kc/pszx/mdps_list_operate.html HTTP/1.1" 200 202
120.253.135.82 - - [07/Dec/2022:07:14:54 +0800] "POST /xingrg/kc/pszx/mdps_list_operate.html HTTP/1.1" 200 589
114.84.38.109 - - [07/Dec/2022:07:14:55 +0800] "GET /xingrg/all/function/internal_message.html?_=1670368493875&CODE_STATE=getMsg HTTP/1.1" 200 27
120.253.135.82 - - [07/Dec/2022:07:14:56 +0800] "POST /xingrg/kc/pszx/mdps_list_operate.html HTTP/1.1" 200 623
120.253.135.82 - - [07/Dec/2022:07:14:57 +0800] "POST /xingrg/kc/pszx/mdps_list_operate.html HTTP/1.1" 200 208
120.253.135.82 - - [07/Dec/2022:07:14:58 +0800] "POST /xingrg/kc/pszx/mdps_list_operate.html HTTP/1.1" 200 607
120.253.135.82 - - [07/Dec/2022:07:14:58 +0800] "POST /xingrg/kc/pszx/mdps_list_operate.html HTTP/1.1" 200 673
120.253.135.82 - - [07/Dec/2022:07:14:59 +0800] "POST /xingrg/kc/pszx/mdps_list_operate.html HTTP/1.1" 200 277
120.253.135.82 - - [07/Dec/2022:07:15:00 +0800] "POST /xingrg/kc/pszx/mdps_list_operate.html HTTP/1.1" 200 371
116.238.139.35 - - [07/Dec/2022:07:15:02 +0800] "GET /xingrg/all/function/internal_message.html?_=1670368492673&CODE_STATE=getMsg HTTP/1.1" 200 27
58.40.7.146 - - [07/Dec/2022:07:15:06 +0800] "GET /xingrg/all/function/internal_message.html?_=1670368495593&CODE_STATE=getMsg HTTP/1.1" 200 27
58.40.7.146 - - [07/Dec/2022:07:15:06 +0800] "GET /xingrg/check_reg.html?_=1670368495592 HTTP/1.1" 200 22
120.253.135.82 - - [07/Dec/2022:07:15:18 +0800] "GET /xingrg/all/function/internal_message.html?_=1670368312210&CODE_STATE=getMsg HTTP/1.1" 200 27
116.238.139.35 - - [07/Dec/2022:07:15:21 +0800] "GET /xingrg/all/function/internal_message.html?_=1670368451303&CODE_STATE=getMsg HTTP/1.1" 200 27
180.162.229.95 - - [07/Dec/2022:07:15:23 +0800] "POST /xingrg/services/DataTransmitService HTTP/1.1" 200 524
222.70.177.10 - - [07/Dec/2022:07:15:29 +0800] "GET /xingrg/all/function/internal_message.html?_=1670368555553&CODE_STATE=getMsg HTTP/1.1" 200 27
116.230.105.139 - - [07/Dec/2022:07:15:32 +0800] "GET /xingrg/all/function/internal_message.html?_=1670368520277&CODE_STATE=getMsg HTTP/1.1" 200 27
114.84.38.109 - - [07/Dec/2022:07:15:55 +0800] "GET /xingrg/check_reg.html?_=1670368553765 HTTP/1.1" 200 22
114.84.38.109 - - [07/Dec/2022:07:15:55 +0800] "GET /xingrg/all/function/internal_message.html?_=1670368553889&CODE_STATE=getMsg HTTP/1.1" 200 27
116.238.139.35 - - [07/Dec/2022:07:16:02 +0800] "GET /xingrg/all/function/internal_message.html?_=1670368552674&CODE_STATE=getMsg HTTP/1.1" 200 27
58.40.7.146 - - [07/Dec/2022:07:16:06 +0800] "GET /xingrg/all/function/internal_message.html?_=1670368555595&CODE_STATE=getMsg HTTP/1.1" 200 27
116.238.139.35 - - [07/Dec/2022:07:16:07 +0800] "GET /xingrg/check_reg.html?_=1670368498039 HTTP/1.1" 200 22
120.253.135.82 - - [07/Dec/2022:07:16:14 +0800] "GET /xingrg/kc/pszx/mdps_order_info.html?code=312022120600148 HTTP/1.1" 200 23972
120.253.135.82 - - [07/Dec/2022:07:16:15 +0800] "POST /xingrg/kc/pszx/mdps_order_operate.html HTTP/1.1" 200 4790
120.253.135.82 - - [07/Dec/2022:07:16:15 +0800] "GET /xingrg/javascript/easyui/themes/default/validatebox.css HTTP/1.1" 404 1104
120.253.135.82 - - [07/Dec/2022:07:16:18 +0800] "GET /xingrg/all/function/internal_message.html?_=1670368372223&CODE_STATE=getMsg HTTP/1.1" 200 27
116.238.139.35 - - [07/Dec/2022:07:16:21 +0800] "GET /xingrg/all/function/internal_message.html?_=1670368511311&CODE_STATE=getMsg HTTP/1.1" 200 27
222.70.177.10 - - [07/Dec/2022:07:16:29 +0800] "GET /xingrg/all/function/internal_message.html?_=1670368615532&CODE_STATE=getMsg HTTP/1.1" 200 27
116.230.105.139 - - [07/Dec/2022:07:16:32 +0800] "GET /xingrg/all/function/internal_message.html?_=1670368580272&CODE_STATE=getMsg HTTP/1.1" 200 27
116.230.105.139 - - [07/Dec/2022:07:16:32 +0800] "GET /xingrg/check_reg.html?_=1670368580274 HTTP/1.1" 200 22
120.253.135.82 - - [07/Dec/2022:07:16:40 +0800] "GET /xingrg/kc/print/load_data.html?order_code=312022120600148&kc_code=mdps&condition= HTTP/1.1" 200 1847
222.70.177.10 - - [07/Dec/2022:07:16:41 +0800] "GET /xingrg/check_reg.html?_=1670368627499 HTTP/1.1" 200 22
114.95.43.237 - - [07/Dec/2022:07:16:54 +0800] "GET /xingrg/check_reg.html?_=1670368604643 HTTP/1.1" 302 -
114.84.38.109 - - [07/Dec/2022:07:16:55 +0800] "GET /xingrg/all/function/internal_message.html?_=1670368613902&CODE_STATE=getMsg HTTP/1.1" 200 27
120.253.135.82 - - [07/Dec/2022:07:16:57 +0800] "GET /xingrg/check_reg.html?_=1670368410414 HTTP/1.1" 200 22
116.238.139.35 - - [07/Dec/2022:07:17:02 +0800] "GET /xingrg/check_reg.html?_=1670368612684 HTTP/1.1" 200 22
116.238.139.35 - - [07/Dec/2022:07:17:02 +0800] "GET /xingrg/all/function/internal_message.html?_=1670368612688&CODE_STATE=getMsg HTTP/1.1" 200 27
58.40.7.146 - - [07/Dec/2022:07:17:06 +0800] "GET /xingrg/all/function/internal_message.html?_=1670368615581&CODE_STATE=getMsg HTTP/1.1" 200 27
120.253.135.82 - - [07/Dec/2022:07:17:18 +0800] "GET /xingrg/all/function/internal_message.html?_=1670368432236&CODE_STATE=getMsg HTTP/1.1" 200 27
116.238.139.35 - - [07/Dec/2022:07:17:21 +0800] "GET /xingrg/all/function/internal_message.html?_=1670368571324&CODE_STATE=getMsg HTTP/1.1" 200 27
222.70.177.10 - - [07/Dec/2022:07:17:29 +0800] "GET /xingrg/all/function/internal_message.html?_=1670368675527&CODE_STATE=getMsg HTTP/1.1" 200 27
116.230.105.139 - - [07/Dec/2022:07:17:32 +0800] "GET /xingrg/all/function/internal_message.html?_=1670368640265&CODE_STATE=getMsg HTTP/1.1" 200 27
114.84.38.109 - - [07/Dec/2022:07:17:55 +0800] "GET /xingrg/all/function/internal_message.html?_=1670368673917&CODE_STATE=getMsg HTTP/1.1" 200 27
116.238.139.35 - - [07/Dec/2022:07:18:02 +0800] "GET /xingrg/all/function/internal_message.html?_=1670368672674&CODE_STATE=getMsg HTTP/1.1" 200 27
58.40.7.146 - - [07/Dec/2022:07:18:06 +0800] "GET /xingrg/all/function/internal_message.html?_=1670368675582&CODE_STATE=getMsg HTTP/1.1" 200 27
120.253.135.82 - - [07/Dec/2022:07:18:18 +0800] "GET /xingrg/all/function/internal_message.html?_=1670368492250&CODE_STATE=getMsg HTTP/1.1" 200 27
116.238.139.35 - - [07/Dec/2022:07:18:21 +0800] "GET /xingrg/all/function/internal_message.html?_=1670368631357&CODE_STATE=getMsg HTTP/1.1" 200 27
222.70.177.10 - - [07/Dec/2022:07:18:29 +0800] "GET /xingrg/all/function/internal_message.html?_=1670368735513&CODE_STATE=getMsg HTTP/1.1" 200 27
116.230.105.139 - - [07/Dec/2022:07:18:32 +0800] "GET /xingrg/all/function/internal_message.html?_=1670368700277&CODE_STATE=getMsg HTTP/1.1" 200 27
114.84.38.109 - - [07/Dec/2022:07:18:55 +0800] "GET /xingrg/all/function/internal_message.html?_=1670368733930&CODE_STATE=getMsg HTTP/1.1" 200 27
120.253.135.82 - - [07/Dec/2022:07:19:00 +0800] "POST /xingrg/kc/pszx/mdps_list_operate.html HTTP/1.1" 200 2772
120.253.135.82 - - [07/Dec/2022:07:19:02 +0800] "POST /xingrg/kc/pszx/mdps_list_operate.html HTTP/1.1" 200 202
