116.238.139.35 - - [03/Dec/2022:08:50:17 +0800] "GET /xingrg/kc/buy/cgsh_order_operate.html?command=get_materiel&rest_code=00150&code=00101006111&supplier_code=00100096&order_time=2022-12-03 HTTP/1.1" 200 409
116.237.74.223 - - [03/Dec/2022:08:50:23 +0800] "GET /xingrg/kc/buy/cgsh_order_operate.html?command=get_materiel&rest_code=00106&code=00101008059&supplier_code=00100007&order_time=2022-12-03 HTTP/1.1" 200 408
114.84.38.109 - - [03/Dec/2022:08:50:24 +0800] "GET /xingrg/all/function/internal_message.html?_=1670028634923&CODE_STATE=getMsg HTTP/1.1" 200 27
114.95.43.237 - - [03/Dec/2022:08:50:25 +0800] "GET /xingrg/check_reg.html?_=1670028465295 HTTP/1.1" 200 22
114.95.43.237 - - [03/Dec/2022:08:50:25 +0800] "GET /xingrg/all/function/internal_message.html?_=1670028465298&CODE_STATE=getMsg HTTP/1.1" 200 27
116.238.139.35 - - [03/Dec/2022:08:50:33 +0800] "GET /xingrg/kc/buy/cgsh_order_operate.html?command=get_materiel&rest_code=00150&code=00101007049&supplier_code=00100096&order_time=2022-12-03 HTTP/1.1" 200 409
116.238.139.35 - - [03/Dec/2022:08:50:37 +0800] "GET /xingrg/check_reg.html?_=1670028573650 HTTP/1.1" 200 22
116.238.139.35 - - [03/Dec/2022:08:50:37 +0800] "GET /xingrg/all/function/internal_message.html?_=1670028573712&CODE_STATE=getMsg HTTP/1.1" 200 27
114.95.43.237 - - [03/Dec/2022:08:50:39 +0800] "GET /xingrg/javascript/jquery_easy_ui/themes/icons/rest.png HTTP/1.1" 304 -
114.95.43.237 - - [03/Dec/2022:08:50:39 +0800] "GET /xingrg/javascript/jquery_easy_ui/themes/icons/area.png HTTP/1.1" 304 -
116.237.74.223 - - [03/Dec/2022:08:50:44 +0800] "GET /xingrg/kc/buy/cgsh_order_operate.html?command=get_materiel&rest_code=00106&code=00101008295&supplier_code=00100007&order_time=2022-12-03 HTTP/1.1" 200 412
116.238.139.35 - - [03/Dec/2022:08:50:45 +0800] "GET /xingrg/all/function/internal_message.html?_=1670028637066&CODE_STATE=getMsg HTTP/1.1" 200 27
180.162.229.95 - - [03/Dec/2022:08:50:48 +0800] "GET /xingrg/check_reg.html?_=1670028640409 HTTP/1.1" 302 -
180.162.229.95 - - [03/Dec/2022:08:50:48 +0800] "GET /xingrg/login.html HTTP/1.1" 200 7641
180.163.28.114 - - [03/Dec/2022:08:50:48 +0800] "GET /xingrg/kc/buy/cgsh_order_operate.html?command=get_materiel&rest_code=00106&code=00101008246&supplier_code=00100007&order_time=2022-12-03 HTTP/1.1" 302 -
180.163.28.114 - - [03/Dec/2022:08:50:48 +0800] "GET /xingrg/login.html HTTP/1.1" 200 7641
124.79.245.154 - - [03/Dec/2022:08:50:52 +0800] "GET /xingrg/all/function/internal_message.html?_=1670028642951&CODE_STATE=getMsg HTTP/1.1" 302 -
116.230.105.139 - - [03/Dec/2022:08:50:55 +0800] "GET /xingrg/all/function/internal_message.html?_=1670028609962&CODE_STATE=getMsg HTTP/1.1" 200 27
116.237.74.223 - - [03/Dec/2022:08:50:55 +0800] "GET /xingrg/kc/buy/cgsh_order_operate.html?command=get_materiel&rest_code=00106&code=00101008332&supplier_code=00100007&order_time=2022-12-03 HTTP/1.1" 200 412
116.238.139.35 - - [03/Dec/2022:08:50:56 +0800] "GET /xingrg/all/function/internal_message.html?_=1670028592978&CODE_STATE=getMsg HTTP/1.1" 200 27
116.238.139.35 - - [03/Dec/2022:08:50:57 +0800] "GET /xingrg/kc/buy/cgsh_order_operate.html?command=get_materiel&rest_code=00150&code=00101007095&supplier_code=00100096&order_time=2022-12-03 HTTP/1.1" 200 415
116.237.74.223 - - [03/Dec/2022:08:50:59 +0800] "POST /xingrg/kc/buy/cgsh_order_operate.html HTTP/1.1" 200 2065
58.40.7.146 - - [03/Dec/2022:08:51:02 +0800] "GET /xingrg/all/function/internal_message.html?_=1670028653759&CODE_STATE=getMsg HTTP/1.1" 302 -
116.237.74.223 - - [03/Dec/2022:08:51:04 +0800] "GET /xingrg/kc/buy/cgsh_order_operate.html?command=get_materiel&rest_code=00106&code=00101011007&supplier_code=00100007&order_time=2022-12-03 HTTP/1.1" 200 414
114.95.43.237 - - [03/Dec/2022:08:51:05 +0800] "GET /xingrg/all/function/internal_message.html?_=1670028657821&CODE_STATE=getMsg HTTP/1.1" 200 27
114.95.43.237 - - [03/Dec/2022:08:51:05 +0800] "GET /xingrg/check_reg.html?_=1670028657823 HTTP/1.1" 200 22
114.95.43.237 - - [03/Dec/2022:08:51:06 +0800] "POST /xingrg/kc/buy/cgsh_order_operate.html HTTP/1.1" 200 10347
180.163.29.234 - - [03/Dec/2022:08:51:08 +0800] "GET /xingrg/kc/buy/cgsh_order_operate.html?command=get_materiel&rest_code=00106&code=00101008126&supplier_code=00100007&order_time=2022-12-03 HTTP/1.1" 302 -
180.163.29.234 - - [03/Dec/2022:08:51:08 +0800] "GET /xingrg/login.html HTTP/1.1" 200 7641
180.163.30.100 - - [03/Dec/2022:08:51:09 +0800] "GET /xingrg/all/function/internal_message.html?_=1670028604977&CODE_STATE=getMsg HTTP/1.1" 302 -
116.237.74.223 - - [03/Dec/2022:08:51:09 +0800] "GET /xingrg/all/function/internal_message.html?_=1670028665024&CODE_STATE=getMsg HTTP/1.1" 200 27
180.163.30.100 - - [03/Dec/2022:08:51:09 +0800] "GET /xingrg/login.html HTTP/1.1" 200 7641
114.84.38.109 - - [03/Dec/2022:08:51:11 +0800] "GET /xingrg/check_reg.html?_=1670028684621 HTTP/1.1" 200 22
114.84.38.109 - - [03/Dec/2022:08:51:14 +0800] "GET /xingrg/all/function/internal_message.html?_=1670028687364&CODE_STATE=getMsg HTTP/1.1" 200 27
116.238.139.35 - - [03/Dec/2022:08:51:14 +0800] "GET /xingrg/kc/buy/cgsh_order_operate.html?command=get_materiel&rest_code=00150&code=00101007006&supplier_code=00100096&order_time=2022-12-03 HTTP/1.1" 200 414
116.238.139.35 - - [03/Dec/2022:08:51:17 +0800] "GET /xingrg/check_reg.html?_=1670028613040 HTTP/1.1" 200 22
114.84.38.109 - - [03/Dec/2022:08:51:24 +0800] "GET /xingrg/check_reg.html?_=1670028694809 HTTP/1.1" 200 22
114.84.38.109 - - [03/Dec/2022:08:51:24 +0800] "GET /xingrg/all/function/internal_message.html?_=1670028694934&CODE_STATE=getMsg HTTP/1.1" 200 27
114.95.43.237 - - [03/Dec/2022:08:51:25 +0800] "GET /xingrg/all/function/internal_message.html?_=1670028525310&CODE_STATE=getMsg HTTP/1.1" 200 27
116.237.74.223 - - [03/Dec/2022:08:51:27 +0800] "GET /xingrg/kc/buy/cgsh_order_operate.html?command=get_materiel&rest_code=00106&code=00101008137&supplier_code=00100007&order_time=2022-12-03 HTTP/1.1" 200 408
116.238.139.35 - - [03/Dec/2022:08:51:37 +0800] "GET /xingrg/all/function/internal_message.html?_=1670028633726&CODE_STATE=getMsg HTTP/1.1" 200 27
116.238.139.35 - - [03/Dec/2022:08:51:45 +0800] "GET /xingrg/all/function/internal_message.html?_=1670028697059&CODE_STATE=getMsg HTTP/1.1" 200 27
116.237.74.223 - - [03/Dec/2022:08:51:46 +0800] "GET /xingrg/kc/buy/cgsh_order_operate.html?command=get_materiel&rest_code=00106&code=00101008027&supplier_code=00100007&order_time=2022-12-03 HTTP/1.1" 200 408
124.79.245.154 - - [03/Dec/2022:08:51:52 +0800] "GET /xingrg/check_reg.html?_=1670028702738 HTTP/1.1" 302 -
124.79.245.154 - - [03/Dec/2022:08:51:52 +0800] "GET /xingrg/all/function/internal_message.html?_=1670028702940&CODE_STATE=getMsg HTTP/1.1" 302 -
180.163.29.217 - - [03/Dec/2022:08:51:52 +0800] "GET /xingrg/kc/buy/cgsh_order_operate.html?command=get_materiel&rest_code=00106&code=00101008332&supplier_code=00100007&order_time=2022-12-03 HTTP/1.1" 302 -
180.163.29.217 - - [03/Dec/2022:08:51:52 +0800] "GET /xingrg/login.html HTTP/1.1" 200 7641
116.230.105.139 - - [03/Dec/2022:08:51:55 +0800] "GET /xingrg/all/function/internal_message.html?_=1670028669938&CODE_STATE=getMsg HTTP/1.1" 200 27
116.238.139.35 - - [03/Dec/2022:08:51:56 +0800] "GET /xingrg/all/function/internal_message.html?_=1670028652993&CODE_STATE=getMsg HTTP/1.1" 200 27
116.237.74.223 - - [03/Dec/2022:08:52:01 +0800] "POST /xingrg/kc/buy/cgsh_order_operate.html HTTP/1.1" 200 37
116.238.139.35 - - [03/Dec/2022:08:52:01 +0800] "GET /xingrg/check_reg.html?_=1670028714002 HTTP/1.1" 200 22
58.40.7.146 - - [03/Dec/2022:08:52:02 +0800] "GET /xingrg/all/function/internal_message.html?_=1670028713743&CODE_STATE=getMsg HTTP/1.1" 302 -
180.163.28.143 - - [03/Dec/2022:08:52:02 +0800] "GET /xingrg/kc/buy/cgsh_order_operate.html?command=get_materiel&rest_code=00106&code=00101011007&supplier_code=00100007&order_time=2022-12-03 HTTP/1.1" 302 -
180.163.28.143 - - [03/Dec/2022:08:52:02 +0800] "GET /xingrg/login.html HTTP/1.1" 200 7641
116.237.74.223 - - [03/Dec/2022:08:52:03 +0800] "POST /xingrg/kc/buy/cgsh_order_operate.html HTTP/1.1" 200 18018
116.230.105.139 - - [03/Dec/2022:08:52:04 +0800] "GET /xingrg/kc/buy/cgsh_order_add.html HTTP/1.1" 200 69578
114.95.43.237 - - [03/Dec/2022:08:52:05 +0800] "GET /xingrg/all/function/internal_message.html?_=1670028717859&CODE_STATE=getMsg HTTP/1.1" 200 27
116.230.105.139 - - [03/Dec/2022:08:52:05 +0800] "POST /xingrg/kc/buy/cgsh_order_operate.html HTTP/1.1" 200 8245
116.230.105.139 - - [03/Dec/2022:08:52:05 +0800] "GET /xingrg/javascript/easyui/themes/default/validatebox.css HTTP/1.1" 404 1104
180.163.29.206 - - [03/Dec/2022:08:52:09 +0800] "GET /xingrg/all/function/internal_message.html?_=1670028665024&CODE_STATE=getMsg HTTP/1.1" 302 -
116.237.74.223 - - [03/Dec/2022:08:52:09 +0800] "GET /xingrg/all/function/internal_message.html?_=1670028724992&CODE_STATE=getMsg HTTP/1.1" 200 27
116.237.74.223 - - [03/Dec/2022:08:52:10 +0800] "GET /xingrg/kc/buy/cgsh_order_operate.html?command=get_materiel&rest_code=00106&code=00101008080&supplier_code=00100007&order_time=2022-12-03 HTTP/1.1" 200 416
180.163.29.206 - - [03/Dec/2022:08:52:12 +0800] "GET /xingrg/login.html HTTP/1.1" 200 7641
58.40.7.146 - - [03/Dec/2022:08:52:13 +0800] "GET /xingrg/check_reg.html?_=1670028724962 HTTP/1.1" 302 -
114.84.38.109 - - [03/Dec/2022:08:52:14 +0800] "GET /xingrg/all/function/internal_message.html?_=1670028747378&CODE_STATE=getMsg HTTP/1.1" 200 27
116.230.105.139 - - [03/Dec/2022:08:52:17 +0800] "GET /xingrg/kc/buy/cgsh_order_operate.html?command=get_materiel&rest_code=00155&code=00101002027&supplier_code=00100199&order_time=2022-12-03 HTTP/1.1" 200 413
180.163.29.79 - - [03/Dec/2022:08:52:24 +0800] "GET /xingrg/kc/buy/cgsh_order_operate.html?command=get_materiel&rest_code=00106&code=00101008137&supplier_code=00100007&order_time=2022-12-03 HTTP/1.1" 302 -
180.163.29.79 - - [03/Dec/2022:08:52:24 +0800] "GET /xingrg/login.html HTTP/1.1" 200 7641
116.238.139.35 - - [03/Dec/2022:08:52:24 +0800] "POST /xingrg/kc/buy/cgsh_order_operate.html HTTP/1.1" 200 37
114.84.38.109 - - [03/Dec/2022:08:52:24 +0800] "GET /xingrg/all/function/internal_message.html?_=1670028754948&CODE_STATE=getMsg HTTP/1.1" 200 27
114.95.43.237 - - [03/Dec/2022:08:52:25 +0800] "GET /xingrg/all/function/internal_message.html?_=1670028585299&CODE_STATE=getMsg HTTP/1.1" 200 27
116.238.139.35 - - [03/Dec/2022:08:52:32 +0800] "POST /xingrg/kc/buy/cgsh_order_operate.html HTTP/1.1" 200 12
116.238.139.35 - - [03/Dec/2022:08:52:35 +0800] "GET /xingrg/kc/buy/cgsh_order_info.html?code=212022120300536 HTTP/1.1" 200 64481
116.230.105.139 - - [03/Dec/2022:08:52:35 +0800] "GET /xingrg/kc/buy/cgsh_order_operate.html?command=get_materiel&rest_code=00155&code=00101002006&supplier_code=00100199&order_time=2022-12-03 HTTP/1.1" 200 414
116.238.139.35 - - [03/Dec/2022:08:52:35 +0800] "GET /xingrg/javascript/easyui/themes/default/validatebox.css HTTP/1.1" 404 1104
116.238.139.35 - - [03/Dec/2022:08:52:36 +0800] "POST /xingrg/kc/buy/cgsh_order_operate.html HTTP/1.1" 200 10108
116.238.139.35 - - [03/Dec/2022:08:52:37 +0800] "GET /xingrg/all/function/internal_message.html?_=1670028693740&CODE_STATE=getMsg HTTP/1.1" 200 27
116.230.105.139 - - [03/Dec/2022:08:52:42 +0800] "GET /xingrg/kc/buy/cgsh_order_operate.html?command=get_materiel&rest_code=00155&code=00101001125&supplier_code=00100199&order_time=2022-12-03 HTTP/1.1" 200 415
116.238.139.35 - - [03/Dec/2022:08:52:45 +0800] "GET /xingrg/all/function/internal_message.html?_=1670028757031&CODE_STATE=getMsg HTTP/1.1" 200 27
116.238.139.35 - - [03/Dec/2022:08:52:45 +0800] "POST /xingrg/kc/buy/cgsh_order_operate.html HTTP/1.1" 200 12
116.237.74.223 - - [03/Dec/2022:08:52:45 +0800] "GET /xingrg/kc/buy/cgsh_order_operate.html?command=get_materiel&rest_code=00106&code=00101008186&supplier_code=00100007&order_time=2022-12-03 HTTP/1.1" 200 408
116.238.139.35 - - [03/Dec/2022:08:52:47 +0800] "GET /xingrg/kc/buy/cgsh_order_info.html?code=212022120300536 HTTP/1.1" 200 69583
116.238.139.35 - - [03/Dec/2022:08:52:47 +0800] "GET /xingrg/javascript/easyui/themes/default/validatebox.css HTTP/1.1" 404 1104
116.238.139.35 - - [03/Dec/2022:08:52:48 +0800] "POST /xingrg/kc/buy/cgsh_order_operate.html HTTP/1.1" 200 12163
114.84.38.109 - - [03/Dec/2022:08:52:49 +0800] "POST /xingrg/kc/buy/cgsh_list_operate.html HTTP/1.1" 200 562
114.84.38.109 - - [03/Dec/2022:08:52:52 +0800] "GET /xingrg/kc/buy/cgsh_order_info.html?code=212022120100047 HTTP/1.1" 200 64475
116.230.105.139 - - [03/Dec/2022:08:52:52 +0800] "POST /xingrg/kc/buy/cgsh_order_operate.html HTTP/1.1" 200 37
124.79.245.154 - - [03/Dec/2022:08:52:52 +0800] "GET /xingrg/all/function/internal_message.html?_=1670028762930&CODE_STATE=getMsg HTTP/1.1" 302 -
114.84.38.109 - - [03/Dec/2022:08:52:52 +0800] "GET /xingrg/javascript/easyui/themes/default/validatebox.css HTTP/1.1" 404 1104
114.84.38.109 - - [03/Dec/2022:08:52:53 +0800] "POST /xingrg/kc/buy/cgsh_order_operate.html HTTP/1.1" 200 4140
116.230.105.139 - - [03/Dec/2022:08:52:53 +0800] "POST /xingrg/kc/buy/cgsh_order_operate.html HTTP/1.1" 200 3855
116.230.105.139 - - [03/Dec/2022:08:52:54 +0800] "GET /xingrg/kc/print/load_data.html?order_code=212022120300537&kc_code=cgsh&condition= HTTP/1.1" 200 1138
116.238.139.35 - - [03/Dec/2022:08:52:56 +0800] "GET /xingrg/all/function/internal_message.html?_=1670028713005&CODE_STATE=getMsg HTTP/1.1" 200 27
116.230.105.139 - - [03/Dec/2022:08:52:57 +0800] "GET /xingrg/all/function/internal_message.html?_=1670028732337&CODE_STATE=getMsg HTTP/1.1" 200 27
58.40.7.146 - - [03/Dec/2022:08:53:02 +0800] "GET /xingrg/all/function/internal_message.html?_=1670028773734&CODE_STATE=getMsg HTTP/1.1" 302 -
116.238.139.35 - - [03/Dec/2022:08:53:03 +0800] "POST /xingrg/kc/buy/cgsh_order_operate.html HTTP/1.1" 200 37
114.95.43.237 - - [03/Dec/2022:08:53:05 +0800] "GET /xingrg/all/function/internal_message.html?_=1670028777765&CODE_STATE=getMsg HTTP/1.1" 200 27
114.84.38.109 - - [03/Dec/2022:08:53:07 +0800] "GET /xingrg/kc/print/load_data.html?order_code=212022120100047&kc_code=cgsh HTTP/1.1" 200 2278
180.163.28.68 - - [03/Dec/2022:08:53:09 +0800] "GET /xingrg/all/function/internal_message.html?_=1670028724992&CODE_STATE=getMsg HTTP/1.1" 302 -
180.163.28.68 - - [03/Dec/2022:08:53:09 +0800] "GET /xingrg/login.html HTTP/1.1" 200 7641
116.237.74.223 - - [03/Dec/2022:08:53:09 +0800] "GET /xingrg/all/function/internal_message.html?_=1670028785020&CODE_STATE=getMsg HTTP/1.1" 200 27
116.237.74.223 - - [03/Dec/2022:08:53:13 +0800] "GET /xingrg/kc/buy/cgsh_order_operate.html?command=get_materiel&rest_code=00106&code=00101008224&supplier_code=00100007&order_time=2022-12-03 HTTP/1.1" 200 416
114.84.38.109 - - [03/Dec/2022:08:53:14 +0800] "GET /xingrg/all/function/internal_message.html?_=1670028807392&CODE_STATE=getMsg HTTP/1.1" 200 27
116.238.139.35 - - [03/Dec/2022:08:53:14 +0800] "POST /xingrg/kc/buy/cgsh_order_operate.html HTTP/1.1" 200 12
116.237.74.223 - - [03/Dec/2022:08:53:17 +0800] "POST /xingrg/kc/buy/cgsh_order_operate.html HTTP/1.1" 200 2065
116.238.139.35 - - [03/Dec/2022:08:53:24 +0800] "GET /xingrg/kc/buy/cgsh_order_info.html?code=212022120300536 HTTP/1.1" 200 64481
116.237.74.223 - - [03/Dec/2022:08:53:24 +0800] "GET /xingrg/kc/buy/cgsh_order_operate.html?command=get_materiel&rest_code=00106&code=00101008370&supplier_code=00100007&order_time=2022-12-03 HTTP/1.1" 200 412
116.238.139.35 - - [03/Dec/2022:08:53:25 +0800] "GET /xingrg/javascript/easyui/themes/default/validatebox.css HTTP/1.1" 404 1104
114.95.43.237 - - [03/Dec/2022:08:53:25 +0800] "GET /xingrg/all/function/internal_message.html?_=1670028645305&CODE_STATE=getMsg HTTP/1.1" 200 27
116.238.139.35 - - [03/Dec/2022:08:53:25 +0800] "POST /xingrg/kc/buy/cgsh_order_operate.html HTTP/1.1" 200 10111
116.238.139.35 - - [03/Dec/2022:08:53:27 +0800] "GET /xingrg/kc/print/load_config.html?kc_code=cgsh HTTP/1.1" 200 1943
116.238.139.35 - - [03/Dec/2022:08:53:27 +0800] "GET /xingrg/kc/print/load_data.html?order_code=212022120300536&kc_code=cgsh&condition= HTTP/1.1" 200 4310
116.230.105.139 - - [03/Dec/2022:08:53:33 +0800] "GET /xingrg/kc/buy/cgsh_order_add.html HTTP/1.1" 200 69578
116.230.105.139 - - [03/Dec/2022:08:53:33 +0800] "POST /xingrg/kc/buy/cgsh_order_operate.html HTTP/1.1" 200 8245
116.230.105.139 - - [03/Dec/2022:08:53:33 +0800] "GET /xingrg/javascript/easyui/themes/default/validatebox.css HTTP/1.1" 404 1104
116.237.74.223 - - [03/Dec/2022:08:53:34 +0800] "GET /xingrg/kc/buy/cgsh_order_operate.html?command=get_materiel&rest_code=00106&code=00101008357&supplier_code=00100007&order_time=2022-12-03 HTTP/1.1" 200 408
116.238.139.35 - - [03/Dec/2022:08:53:37 +0800] "GET /xingrg/all/function/internal_message.html?_=1670028753825&CODE_STATE=getMsg HTTP/1.1" 200 27
114.84.38.109 - - [03/Dec/2022:08:53:40 +0800] "GET /xingrg/login.html HTTP/1.1" 200 7641
114.84.38.109 - - [03/Dec/2022:08:53:41 +0800] "GET /favicon.ico HTTP/1.1" 404 -
116.230.105.139 - - [03/Dec/2022:08:53:41 +0800] "GET /xingrg/kc/buy/cgsh_order_operate.html?command=get_materiel&rest_code=00155&code=00101006124&supplier_code=00100012&order_time=2022-12-03 HTTP/1.1" 200 409
180.163.28.109 - - [03/Dec/2022:08:53:43 +0800] "GET /xingrg/kc/buy/cgsh_order_operate.html?command=get_materiel&rest_code=00106&code=00101008186&supplier_code=00100007&order_time=2022-12-03 HTTP/1.1" 302 -
180.163.28.109 - - [03/Dec/2022:08:53:43 +0800] "GET /xingrg/login.html HTTP/1.1" 200 7641
116.230.105.139 - - [03/Dec/2022:08:53:43 +0800] "GET /xingrg/check_reg.html?_=1670028778594 HTTP/1.1" 200 22
116.238.139.35 - - [03/Dec/2022:08:53:44 +0800] "GET /xingrg/all/function/internal_message.html?_=1670028817021&CODE_STATE=getMsg HTTP/1.1" 200 27
114.84.38.109 - - [03/Dec/2022:08:53:45 +0800] "POST /xingrg/login.do HTTP/1.1" 302 -
114.84.38.109 - - [03/Dec/2022:08:53:45 +0800] "GET /xingrg/index.html?sysBaseUrl=http%3A%2F%2F180.169.147.146%3A18081%2Fxingrg%2F&costTime=2097×tamp=1670028825163 HTTP/1.1" 200 17179
114.84.38.109 - - [03/Dec/2022:08:53:45 +0800] "GET /xingrg/javascript/jquery_easy_ui/themes/icon.css HTTP/1.1" 304 -
114.84.38.109 - - [03/Dec/2022:08:53:45 +0800] "GET /xingrg/javascript/jquery_easy_ui/themes/default/easyui.css HTTP/1.1" 304 -
114.84.38.109 - - [03/Dec/2022:08:53:45 +0800] "GET /xingrg/css/form.css HTTP/1.1" 304 -
114.84.38.109 - - [03/Dec/2022:08:53:45 +0800] "GET /xingrg/javascript/jquery_easy_ui/jquery.easyui.min.js HTTP/1.1" 304 -
114.84.38.109 - - [03/Dec/2022:08:53:45 +0800] "GET /favicon.ico HTTP/1.1" 404 -
114.84.38.109 - - [03/Dec/2022:08:53:45 +0800] "GET /xingrg/javascript/jquery-1.4.2.min.js HTTP/1.1" 304 -
114.84.38.109 - - [03/Dec/2022:08:53:45 +0800] "GET /xingrg/javascript/jquery_easy_ui/easyui-lang-zh_CN.js HTTP/1.1" 304 -
114.84.38.109 - - [03/Dec/2022:08:53:45 +0800] "GET /xingrg/javascript/jquery.form.js HTTP/1.1" 304 -
114.84.38.109 - - [03/Dec/2022:08:53:45 +0800] "GET /xingrg/javascript/jquery.utils.js HTTP/1.1" 304 -
114.84.38.109 - - [03/Dec/2022:08:53:45 +0800] "GET /xingrg/javascript/jquery.timers.js HTTP/1.1" 304 -
114.84.38.109 - - [03/Dec/2022:08:53:45 +0800] "GET /xingrg/check_reg.html?_=1670028835746 HTTP/1.1" 200 22
114.84.38.109 - - [03/Dec/2022:08:53:45 +0800] "GET /xingrg/all/function/internal_message.html?_=1670028835744&CODE_STATE=count HTTP/1.1" 200 11
114.84.38.109 - - [03/Dec/2022:08:53:45 +0800] "POST /xingrg/load_menu.html HTTP/1.1" 200 5138
114.84.38.109 - - [03/Dec/2022:08:53:46 +0800] "POST /xingrg/all/common/load_tree.html?tree=area_rest_tree_json&manage=1 HTTP/1.1" 200 479
116.237.74.223 - - [03/Dec/2022:08:53:49 +0800] "POST /xingrg/kc/buy/cgsh_order_operate.html HTTP/1.1" 200 37
116.230.105.139 - - [03/Dec/2022:08:53:51 +0800] "GET /xingrg/kc/buy/cgsh_order_operate.html?command=get_materiel&rest_code=00155&code=00101006299&supplier_code=00100012&order_time=2022-12-03 HTTP/1.1" 200 418
114.84.38.109 - - [03/Dec/2022:08:53:51 +0800] "GET /xingrg/css/base.css HTTP/1.1" 304 -
114.84.38.109 - - [03/Dec/2022:08:53:51 +0800] "GET /xingrg/css/site.css HTTP/1.1" 304 -
114.84.38.109 - - [03/Dec/2022:08:53:51 +0800] "GET /xingrg/javascript/jquery_tools/datebox.css HTTP/1.1" 304 -
114.84.38.109 - - [03/Dec/2022:08:53:51 +0800] "GET /xingrg/javascript/easyui/themes/default/easyui.css HTTP/1.1" 304 -
114.84.38.109 - - [03/Dec/2022:08:53:51 +0800] "GET /xingrg/javascript/easyui/themes/icon.css HTTP/1.1" 304 -
114.84.38.109 - - [03/Dec/2022:08:53:51 +0800] "GET /xingrg/javascript/auto/jquery.autocomplete.css HTTP/1.1" 304 -
114.84.38.109 - - [03/Dec/2022:08:53:51 +0800] "GET /xingrg/javascript/jquery_tools/fix.css HTTP/1.1" 304 -
114.84.38.109 - - [03/Dec/2022:08:53:51 +0800] "GET /xingrg/javascript/jquery_tools/table.css HTTP/1.1" 304 -
114.84.38.109 - - [03/Dec/2022:08:53:51 +0800] "GET /xingrg/javascript/jquery_tools/jquery.tools.min.js HTTP/1.1" 304 -
114.84.38.109 - - [03/Dec/2022:08:53:51 +0800] "GET /xingrg/javascript/jquery_tools/jquery.tools.extend.js HTTP/1.1" 304 -
114.84.38.109 - - [03/Dec/2022:08:53:51 +0800] "GET /xingrg/javascript/jquery_tools/jquery.tools.hotkey.js HTTP/1.1" 304 -
114.84.38.109 - - [03/Dec/2022:08:53:51 +0800] "GET /xingrg/javascript/jquery_tools/jquery.tools.table.js HTTP/1.1" 304 -
114.84.38.109 - - [03/Dec/2022:08:53:51 +0800] "GET /xingrg/javascript/jquery_tools/list_manager.js HTTP/1.1" 304 -
114.84.38.109 - - [03/Dec/2022:08:53:51 +0800] "GET /xingrg/javascript/auto/jquery.autocomplete.js HTTP/1.1" 304 -
114.84.38.109 - - [03/Dec/2022:08:53:51 +0800] "GET /xingrg/javascript/easyui/easyloader.js HTTP/1.1" 304 -
114.84.38.109 - - [03/Dec/2022:08:53:51 +0800] "GET /xingrg/javascript/jquery.cookie.js HTTP/1.1" 304 -
114.84.38.109 - - [03/Dec/2022:08:53:51 +0800] "GET /xingrg/javascript/print/LodopFuncs.js HTTP/1.1" 304 -
114.84.38.109 - - [03/Dec/2022:08:53:51 +0800] "GET /xingrg/kc/buy/cgsh_order_list.html HTTP/1.1" 200 53797
114.84.38.109 - - [03/Dec/2022:08:53:52 +0800] "GET /xingrg/javascript/easyui/plugins/jquery.parser.js HTTP/1.1" 304 -
124.79.245.154 - - [03/Dec/2022:08:53:52 +0800] "GET /xingrg/all/function/internal_message.html?_=1670028822919&CODE_STATE=getMsg HTTP/1.1" 302 -
114.84.38.109 - - [03/Dec/2022:08:53:54 +0800] "POST /xingrg/kc/buy/cgsh_list_operate.html HTTP/1.1" 200 986
116.237.74.223 - - [03/Dec/2022:08:53:54 +0800] "POST /xingrg/kc/buy/cgsh_order_operate.html HTTP/1.1" 200 21564
116.238.139.35 - - [03/Dec/2022:08:53:57 +0800] "GET /xingrg/all/function/internal_message.html?_=1670028773061&CODE_STATE=getMsg HTTP/1.1" 200 27
116.230.105.139 - - [03/Dec/2022:08:53:57 +0800] "GET /xingrg/all/function/internal_message.html?_=1670028792316&CODE_STATE=getMsg HTTP/1.1" 200 27
116.230.105.139 - - [03/Dec/2022:08:53:58 +0800] "GET /xingrg/kc/buy/cgsh_order_operate.html?command=get_materiel&rest_code=00155&code=00101006065&supplier_code=00100012&order_time=2022-12-03 HTTP/1.1" 200 409
58.40.7.146 - - [03/Dec/2022:08:54:02 +0800] "GET /xingrg/all/function/internal_message.html?_=1670028833716&CODE_STATE=getMsg HTTP/1.1" 302 -
114.84.38.109 - - [03/Dec/2022:08:54:02 +0800] "GET /xingrg/javascript/jquery_tools/images/prev.gif HTTP/1.1" 404 1086
114.84.38.109 - - [03/Dec/2022:08:54:02 +0800] "GET /xingrg/javascript/jquery_tools/images/next.gif HTTP/1.1" 404 1086
114.95.43.237 - - [03/Dec/2022:08:54:05 +0800] "GET /xingrg/all/function/internal_message.html?_=1670028837747&CODE_STATE=getMsg HTTP/1.1" 200 27
116.230.105.139 - - [03/Dec/2022:08:54:07 +0800] "GET /xingrg/kc/buy/cgsh_order_operate.html?command=get_materiel&rest_code=00155&code=00101006168&supplier_code=00100012&order_time=2022-12-03 HTTP/1.1" 200 421
180.163.29.79 - - [03/Dec/2022:08:54:09 +0800] "GET /xingrg/all/function/internal_message.html?_=1670028785020&CODE_STATE=getMsg HTTP/1.1" 302 -
180.163.29.79 - - [03/Dec/2022:08:54:09 +0800] "GET /xingrg/login.html HTTP/1.1" 200 7641
116.237.74.223 - - [03/Dec/2022:08:54:09 +0800] "GET /xingrg/check_reg.html?_=1670028845027 HTTP/1.1" 200 22
116.237.74.223 - - [03/Dec/2022:08:54:09 +0800] "GET /xingrg/all/function/internal_message.html?_=1670028845028&CODE_STATE=getMsg HTTP/1.1" 200 27
114.84.38.109 - - [03/Dec/2022:08:54:13 +0800] "POST /xingrg/kc/buy/cgsh_list_operate.html HTTP/1.1" 200 6213
114.84.38.109 - - [03/Dec/2022:08:54:14 +0800] "GET /xingrg/all/function/internal_message.html?_=1670028867725&CODE_STATE=getMsg HTTP/1.1" 200 27
114.84.38.109 - - [03/Dec/2022:08:54:22 +0800] "POST /xingrg/kc/buy/cgsh_list_operate.html HTTP/1.1" 200 562
114.84.38.109 - - [03/Dec/2022:08:54:24 +0800] "GET /xingrg/javascript/pic_change.js HTTP/1.1" 304 -
114.84.38.109 - - [03/Dec/2022:08:54:24 +0800] "GET /xingrg/javascript/jquery_tools/order_manager.js HTTP/1.1" 304 -
114.84.38.109 - - [03/Dec/2022:08:54:24 +0800] "GET /xingrg/javascript/convert.js HTTP/1.1" 304 -
114.84.38.109 - - [03/Dec/2022:08:54:24 +0800] "GET /xingrg/javascript/json2.js HTTP/1.1" 304 -
114.84.38.109 - - [03/Dec/2022:08:54:24 +0800] "GET /xingrg/javascript/print/kc_print.js HTTP/1.1" 304 -
114.84.38.109 - - [03/Dec/2022:08:54:24 +0800] "GET /xingrg/kc/buy/cgsh_order_info.html?code=212022120100047 HTTP/1.1" 200 64475
114.84.38.109 - - [03/Dec/2022:08:54:24 +0800] "GET /xingrg/words/20221202164707_words.js HTTP/1.1" 304 -
114.95.43.237 - - [03/Dec/2022:08:54:25 +0800] "GET /xingrg/all/function/internal_message.html?_=1670028705294&CODE_STATE=getMsg HTTP/1.1" 200 27
114.84.38.109 - - [03/Dec/2022:08:54:25 +0800] "GET /xingrg/javascript/easyui/themes/default/validatebox.css HTTP/1.1" 404 1104
114.84.38.109 - - [03/Dec/2022:08:54:25 +0800] "GET /xingrg/javascript/easyui/plugins/jquery.validatebox.js HTTP/1.1" 304 -
114.84.38.109 - - [03/Dec/2022:08:54:25 +0800] "GET /xingrg/javascript/easyui/plugins/jquery.numberbox.js HTTP/1.1" 304 -
114.84.38.109 - - [03/Dec/2022:08:54:26 +0800] "POST /xingrg/kc/buy/cgsh_order_operate.html HTTP/1.1" 200 4140
114.84.38.109 - - [03/Dec/2022:08:54:29 +0800] "GET /xingrg/kc/print/load_config.html?kc_code=cgsh HTTP/1.1" 200 1943
114.84.38.109 - - [03/Dec/2022:08:54:30 +0800] "GET /xingrg/kc/print/load_data.html?order_code=212022120100047&kc_code=cgsh HTTP/1.1" 200 2133
180.163.28.55 - - [03/Dec/2022:08:54:34 +0800] "GET /xingrg/kc/buy/cgsh_order_operate.html?command=get_materiel&rest_code=00106&code=00101008357&supplier_code=00100007&order_time=2022-12-03 HTTP/1.1" 302 -
180.163.28.55 - - [03/Dec/2022:08:54:34 +0800] "GET /xingrg/login.html HTTP/1.1" 200 7641
116.238.139.35 - - [03/Dec/2022:08:54:37 +0800] "GET /xingrg/all/function/internal_message.html?_=1670028813885&CODE_STATE=getMsg HTTP/1.1" 200 27
116.238.139.35 - - [03/Dec/2022:08:54:44 +0800] "GET /xingrg/all/function/internal_message.html?_=1670028877006&CODE_STATE=getMsg HTTP/1.1" 200 27
114.84.38.109 - - [03/Dec/2022:08:54:45 +0800] "GET /xingrg/all/function/internal_message.html?_=1670028895754&CODE_STATE=getMsg HTTP/1.1" 200 27
124.79.245.154 - - [03/Dec/2022:08:54:52 +0800] "GET /xingrg/all/function/internal_message.html?_=1670028882935&CODE_STATE=getMsg HTTP/1.1" 302 -
116.238.139.35 - - [03/Dec/2022:08:54:57 +0800] "GET /xingrg/all/function/internal_message.html?_=1670028833064&CODE_STATE=getMsg HTTP/1.1" 200 27
116.230.105.139 - - [03/Dec/2022:08:54:57 +0800] "GET /xingrg/all/function/internal_message.html?_=1670028852299&CODE_STATE=getMsg HTTP/1.1" 200 27
58.40.7.146 - - [03/Dec/2022:08:55:02 +0800] "GET /xingrg/all/function/internal_message.html?_=1670028893704&CODE_STATE=getMsg HTTP/1.1" 302 -
114.95.43.237 - - [03/Dec/2022:08:55:05 +0800] "GET /xingrg/all/function/internal_message.html?_=1670028897725&CODE_STATE=getMsg HTTP/1.1" 200 27
116.230.105.139 - - [03/Dec/2022:08:55:05 +0800] "POST /xingrg/kc/buy/cgsh_order_operate.html HTTP/1.1" 200 37
116.230.105.139 - - [03/Dec/2022:08:55:06 +0800] "POST /xingrg/kc/buy/cgsh_order_operate.html HTTP/1.1" 200 4440
116.230.105.139 - - [03/Dec/2022:08:55:08 +0800] "GET /xingrg/kc/print/load_data.html?order_code=212022120300538&kc_code=cgsh&condition= HTTP/1.1" 200 1462
180.163.29.79 - - [03/Dec/2022:08:55:09 +0800] "GET /xingrg/check_reg.html?_=1670028845027 HTTP/1.1" 302 -
180.163.29.79 - - [03/Dec/2022:08:55:09 +0800] "GET /xingrg/login.html HTTP/1.1" 200 7641
116.237.74.223 - - [03/Dec/2022:08:55:09 +0800] "GET /xingrg/all/function/internal_message.html?_=1670028905010&CODE_STATE=getMsg HTTP/1.1" 200 27
180.163.30.85 - - [03/Dec/2022:08:55:09 +0800] "GET /xingrg/all/function/internal_message.html?_=1670028845028&CODE_STATE=getMsg HTTP/1.1" 302 -
180.163.30.85 - - [03/Dec/2022:08:55:10 +0800] "GET /xingrg/login.html HTTP/1.1" 200 7641
114.84.38.109 - - [03/Dec/2022:08:55:14 +0800] "GET /xingrg/all/function/internal_message.html?_=1670028927731&CODE_STATE=getMsg HTTP/1.1" 200 27
116.230.105.139 - - [03/Dec/2022:08:55:18 +0800] "GET /xingrg/kc/print/load_data.html?order_code=212022120300538&kc_code=cgsh HTTP/1.1" 200 1462
114.95.43.237 - - [03/Dec/2022:08:55:25 +0800] "GET /xingrg/check_reg.html?_=1670028765304 HTTP/1.1" 200 22
114.95.43.237 - - [03/Dec/2022:08:55:25 +0800] "GET /xingrg/all/function/internal_message.html?_=1670028765307&CODE_STATE=getMsg HTTP/1.1" 200 27
116.238.139.35 - - [03/Dec/2022:08:55:37 +0800] "GET /xingrg/check_reg.html?_=1670028873657 HTTP/1.1" 200 22
116.238.139.35 - - [03/Dec/2022:08:55:37 +0800] "GET /xingrg/all/function/internal_message.html?_=1670028873890&CODE_STATE=getMsg HTTP/1.1" 200 27
116.238.139.35 - - [03/Dec/2022:08:55:44 +0800] "GET /xingrg/all/function/internal_message.html?_=1670028936976&CODE_STATE=getMsg HTTP/1.1" 200 27
114.84.38.109 - - [03/Dec/2022:08:55:45 +0800] "GET /xingrg/all/function/internal_message.html?_=1670028955768&CODE_STATE=getMsg HTTP/1.1" 200 27
180.162.229.95 - - [03/Dec/2022:08:55:48 +0800] "GET /xingrg/check_reg.html?_=1670028940383 HTTP/1.1" 302 -
124.79.245.154 - - [03/Dec/2022:08:55:52 +0800] "GET /xingrg/all/function/internal_message.html?_=1670028942921&CODE_STATE=getMsg HTTP/1.1" 302 -
116.238.139.35 - - [03/Dec/2022:08:55:57 +0800] "GET /xingrg/all/function/internal_message.html?_=1670028893122&CODE_STATE=getMsg HTTP/1.1" 200 27
116.230.105.139 - - [03/Dec/2022:08:55:57 +0800] "GET /xingrg/all/function/internal_message.html?_=1670028912281&CODE_STATE=getMsg HTTP/1.1" 200 27
114.95.43.237 - - [03/Dec/2022:08:55:59 +0800] "GET /xingrg/kc/buy/cgsh_order_operate.html?command=get_materiel&rest_code=00105&code=00101008005&supplier_code=00100203&order_time=2022-12-03 HTTP/1.1" 200 412
58.40.7.146 - - [03/Dec/2022:08:56:01 +0800] "GET /xingrg/all/function/internal_message.html?_=1670028953689&CODE_STATE=getMsg HTTP/1.1" 302 -
114.95.43.237 - - [03/Dec/2022:08:56:05 +0800] "GET /xingrg/all/function/internal_message.html?_=1670028957706&CODE_STATE=getMsg HTTP/1.1" 200 27
114.95.43.237 - - [03/Dec/2022:08:56:05 +0800] "GET /xingrg/check_reg.html?_=1670028957793 HTTP/1.1" 200 22
180.163.29.234 - - [03/Dec/2022:08:56:09 +0800] "GET /xingrg/all/function/internal_message.html?_=1670028905010&CODE_STATE=getMsg HTTP/1.1" 302 -
116.237.74.223 - - [03/Dec/2022:08:56:09 +0800] "GET /xingrg/all/function/internal_message.html?_=1670028964985&CODE_STATE=getMsg HTTP/1.1" 200 27
180.163.29.234 - - [03/Dec/2022:08:56:09 +0800] "GET /xingrg/login.html HTTP/1.1" 200 7641
114.95.43.237 - - [03/Dec/2022:08:56:11 +0800] "GET /xingrg/kc/buy/cgsh_order_operate.html?command=get_materiel&rest_code=00105&code=00101008298&supplier_code=00100203&order_time=2022-12-03 HTTP/1.1" 200 412
114.84.38.109 - - [03/Dec/2022:08:56:11 +0800] "GET /xingrg/check_reg.html?_=1670028984913 HTTP/1.1" 200 22
114.84.38.109 - - [03/Dec/2022:08:56:14 +0800] "GET /xingrg/all/function/internal_message.html?_=1670028987745&CODE_STATE=getMsg HTTP/1.1" 200 27
116.238.139.35 - - [03/Dec/2022:08:56:17 +0800] "GET /xingrg/check_reg.html?_=1670028913045 HTTP/1.1" 200 22
114.95.43.237 - - [03/Dec/2022:08:56:18 +0800] "GET /xingrg/kc/buy/cgsh_order_operate.html?command=get_materiel&rest_code=00105&code=00101008119&supplier_code=00100203&order_time=2022-12-03 HTTP/1.1" 200 412
114.95.43.237 - - [03/Dec/2022:08:56:25 +0800] "GET /xingrg/all/function/internal_message.html?_=1670028825300&CODE_STATE=getMsg HTTP/1.1" 200 27
116.238.139.35 - - [03/Dec/2022:08:56:37 +0800] "GET /xingrg/all/function/internal_message.html?_=1670028933903&CODE_STATE=getMsg HTTP/1.1" 200 27
116.238.139.35 - - [03/Dec/2022:08:56:44 +0800] "GET /xingrg/all/function/internal_message.html?_=1670028996961&CODE_STATE=getMsg HTTP/1.1" 200 27
114.84.38.109 - - [03/Dec/2022:08:56:45 +0800] "GET /xingrg/all/function/internal_message.html?_=1670029015785&CODE_STATE=getMsg HTTP/1.1" 200 27
124.79.245.154 - - [03/Dec/2022:08:56:52 +0800] "GET /xingrg/check_reg.html?_=1670029002743 HTTP/1.1" 302 -
124.79.245.154 - - [03/Dec/2022:08:56:52 +0800] "GET /xingrg/all/function/internal_message.html?_=1670029002901&CODE_STATE=getMsg HTTP/1.1" 302 -
116.238.139.35 - - [03/Dec/2022:08:56:57 +0800] "GET /xingrg/all/function/internal_message.html?_=1670028953122&CODE_STATE=getMsg HTTP/1.1" 200 27
116.230.105.139 - - [03/Dec/2022:08:56:57 +0800] "GET /xingrg/all/function/internal_message.html?_=1670028972270&CODE_STATE=getMsg HTTP/1.1" 200 27
116.238.139.35 - - [03/Dec/2022:08:57:01 +0800] "GET /xingrg/check_reg.html?_=1670029013985 HTTP/1.1" 200 22
58.40.7.146 - - [03/Dec/2022:08:57:01 +0800] "GET /xingrg/all/function/internal_message.html?_=1670029013683&CODE_STATE=getMsg HTTP/1.1" 302 -
114.95.43.237 - - [03/Dec/2022:08:57:04 +0800] "GET /xingrg/kc/buy/cgsh_order_operate.html?command=get_materiel&rest_code=00105&code=00101008330&supplier_code=00100203&order_time=2022-12-03 HTTP/1.1" 200 408
114.95.43.237 - - [03/Dec/2022:08:57:04 +0800] "GET /xingrg/all/function/internal_message.html?_=1670029017678&CODE_STATE=getMsg HTTP/1.1" 200 27
116.237.74.223 - - [03/Dec/2022:08:57:09 +0800] "GET /xingrg/all/function/internal_message.html?_=1670029024952&CODE_STATE=getMsg HTTP/1.1" 200 27
180.163.29.212 - - [03/Dec/2022:08:57:09 +0800] "GET /xingrg/all/function/internal_message.html?_=1670028964985&CODE_STATE=getMsg HTTP/1.1" 302 -
180.163.29.212 - - [03/Dec/2022:08:57:10 +0800] "GET /xingrg/login.html HTTP/1.1" 200 7641
58.40.7.146 - - [03/Dec/2022:08:57:13 +0800] "GET /xingrg/check_reg.html?_=1670029024948 HTTP/1.1" 302 -
114.84.38.109 - - [03/Dec/2022:08:57:14 +0800] "GET /xingrg/all/function/internal_message.html?_=1670029047758&CODE_STATE=getMsg HTTP/1.1" 200 27
114.95.43.237 - - [03/Dec/2022:08:57:25 +0800] "GET /xingrg/all/function/internal_message.html?_=1670028885309&CODE_STATE=getMsg HTTP/1.1" 200 27
114.95.43.237 - - [03/Dec/2022:08:57:27 +0800] "GET /xingrg/kc/buy/cgsh_order_operate.html?command=get_materiel&rest_code=00105&code=00101008027&supplier_code=00100203&order_time=2022-12-03 HTTP/1.1" 200 408
114.95.43.237 - - [03/Dec/2022:08:57:31 +0800] "POST /xingrg/kc/buy/cgsh_order_operate.html HTTP/1.1" 200 2065
114.95.43.237 - - [03/Dec/2022:08:57:33 +0800] "POST /xingrg/kc/buy/cgsh_order_operate.html HTTP/1.1" 200 2065
114.95.43.237 - - [03/Dec/2022:08:57:35 +0800] "POST /xingrg/kc/buy/cgsh_order_operate.html HTTP/1.1" 200 2065
116.238.139.35 - - [03/Dec/2022:08:57:37 +0800] "GET /xingrg/all/function/internal_message.html?_=1670028993916&CODE_STATE=getMsg HTTP/1.1" 200 27
116.230.105.139 - - [03/Dec/2022:08:57:40 +0800] "GET /xingrg/kc/buy/cgsh_order_add.html HTTP/1.1" 200 69578
116.230.105.139 - - [03/Dec/2022:08:57:41 +0800] "POST /xingrg/kc/buy/cgsh_order_operate.html HTTP/1.1" 200 8245
116.230.105.139 - - [03/Dec/2022:08:57:41 +0800] "GET /xingrg/javascript/easyui/themes/default/validatebox.css HTTP/1.1" 404 1104
116.238.139.35 - - [03/Dec/2022:08:57:44 +0800] "GET /xingrg/all/function/internal_message.html?_=1670029056935&CODE_STATE=getMsg HTTP/1.1" 200 27
114.84.38.109 - - [03/Dec/2022:08:57:45 +0800] "GET /xingrg/all/function/internal_message.html?_=1670029075795&CODE_STATE=getMsg HTTP/1.1" 200 27
116.230.105.139 - - [03/Dec/2022:08:57:49 +0800] "GET /xingrg/kc/buy/cgsh_order_operate.html?command=get_materiel&rest_code=00155&code=00101007109&supplier_code=00100037&order_time=2022-12-03 HTTP/1.1" 200 408
124.79.245.154 - - [03/Dec/2022:08:57:52 +0800] "GET /xingrg/all/function/internal_message.html?_=1670029062878&CODE_STATE=getMsg HTTP/1.1" 302 -
114.95.43.237 - - [03/Dec/2022:08:57:53 +0800] "GET /xingrg/kc/buy/cgsh_order_operate.html?command=get_materiel&rest_code=00105&code=00101008055&supplier_code=00100203&order_time=2022-12-03 HTTP/1.1" 200 409
116.238.139.35 - - [03/Dec/2022:08:57:57 +0800] "GET /xingrg/all/function/internal_message.html?_=1670029013136&CODE_STATE=getMsg HTTP/1.1" 200 27
116.230.105.139 - - [03/Dec/2022:08:57:57 +0800] "GET /xingrg/all/function/internal_message.html?_=1670029032262&CODE_STATE=getMsg HTTP/1.1" 200 27
58.40.7.146 - - [03/Dec/2022:08:58:01 +0800] "GET /xingrg/all/function/internal_message.html?_=1670029073667&CODE_STATE=getMsg HTTP/1.1" 302 -
114.95.43.237 - - [03/Dec/2022:08:58:05 +0800] "GET /xingrg/all/function/internal_message.html?_=1670029077750&CODE_STATE=getMsg HTTP/1.1" 200 27
114.95.43.237 - - [03/Dec/2022:08:58:05 +0800] "GET /xingrg/kc/buy/cgsh_order_operate.html?command=get_materiel&rest_code=00105&code=00101008155&supplier_code=00100203&order_time=2022-12-03 HTTP/1.1" 200 408
180.163.30.27 - - [03/Dec/2022:08:58:09 +0800] "GET /xingrg/all/function/internal_message.html?_=1670029024952&CODE_STATE=getMsg HTTP/1.1" 302 -
180.163.30.27 - - [03/Dec/2022:08:58:09 +0800] "GET /xingrg/login.html HTTP/1.1" 200 7641
116.237.74.223 - - [03/Dec/2022:08:58:09 +0800] "GET /xingrg/all/function/internal_message.html?_=1670029084959&CODE_STATE=getMsg HTTP/1.1" 200 27
114.84.38.109 - - [03/Dec/2022:08:58:14 +0800] "GET /xingrg/all/function/internal_message.html?_=1670029107772&CODE_STATE=getMsg HTTP/1.1" 200 27
114.95.43.237 - - [03/Dec/2022:08:58:25 +0800] "GET /xingrg/all/function/internal_message.html?_=1670028945304&CODE_STATE=getMsg HTTP/1.1" 200 27
116.230.105.139 - - [03/Dec/2022:08:58:26 +0800] "GET /xingrg/kc/buy/cgsh_order_operate.html?command=get_materiel&rest_code=00155&code=00101020103&supplier_code=00100037&order_time=2022-12-03 HTTP/1.1" 200 408
116.230.105.139 - - [03/Dec/2022:08:58:35 +0800] "GET /xingrg/kc/buy/cgsh_order_operate.html?command=get_materiel&rest_code=00155&code=00101011005&supplier_code=00100037&order_time=2022-12-03 HTTP/1.1" 200 408
116.238.139.35 - - [03/Dec/2022:08:58:38 +0800] "GET /xingrg/all/function/internal_message.html?_=1670029053982&CODE_STATE=getMsg HTTP/1.1" 200 27
114.95.43.237 - - [03/Dec/2022:08:58:43 +0800] "GET /xingrg/kc/buy/cgsh_order_operate.html?command=get_materiel&rest_code=00105&code=00101008244&supplier_code=00100203&order_time=2022-12-03 HTTP/1.1" 200 408
116.230.105.139 - - [03/Dec/2022:08:58:43 +0800] "GET /xingrg/check_reg.html?_=1670029078614 HTTP/1.1" 200 22
116.238.139.35 - - [03/Dec/2022:08:58:44 +0800] "GET /xingrg/all/function/internal_message.html?_=1670029116912&CODE_STATE=getMsg HTTP/1.1" 200 27
114.84.38.109 - - [03/Dec/2022:08:58:45 +0800] "GET /xingrg/check_reg.html?_=1670029135750 HTTP/1.1" 200 22
114.84.38.109 - - [03/Dec/2022:08:58:45 +0800] "GET /xingrg/all/function/internal_message.html?_=1670029135809&CODE_STATE=getMsg HTTP/1.1" 200 27
116.230.105.139 - - [03/Dec/2022:08:58:48 +0800] "GET /xingrg/kc/buy/cgsh_order_operate.html?command=get_materiel&rest_code=00155&code=00101019435&supplier_code=00100037&order_time=2022-12-03 HTTP/1.1" 200 417
124.79.245.154 - - [03/Dec/2022:08:58:52 +0800] "GET /xingrg/all/function/internal_message.html?_=1670029122864&CODE_STATE=getMsg HTTP/1.1" 302 -
116.238.139.35 - - [03/Dec/2022:08:58:57 +0800] "GET /xingrg/all/function/internal_message.html?_=1670029073201&CODE_STATE=getMsg HTTP/1.1" 200 27
116.230.105.139 - - [03/Dec/2022:08:58:57 +0800] "GET /xingrg/all/function/internal_message.html?_=1670029092233&CODE_STATE=getMsg HTTP/1.1" 200 27
114.84.38.109 - - [03/Dec/2022:08:58:59 +0800] "POST /xingrg/kc/buy/cgsh_list_operate.html HTTP/1.1" 200 499
58.40.7.146 - - [03/Dec/2022:08:59:01 +0800] "GET /xingrg/all/function/internal_message.html?_=1670029133652&CODE_STATE=getMsg HTTP/1.1" 302 -
114.84.38.109 - - [03/Dec/2022:08:59:02 +0800] "GET /xingrg/kc/buy/cgsh_order_info.html?code=212022120100053 HTTP/1.1" 200 64475
114.84.38.109 - - [03/Dec/2022:08:59:03 +0800] "GET /xingrg/javascript/easyui/themes/default/validatebox.css HTTP/1.1" 404 1104
114.84.38.109 - - [03/Dec/2022:08:59:03 +0800] "POST /xingrg/kc/buy/cgsh_order_operate.html HTTP/1.1" 200 2975
114.95.43.237 - - [03/Dec/2022:08:59:04 +0800] "GET /xingrg/all/function/internal_message.html?_=1670029137650&CODE_STATE=getMsg HTTP/1.1" 200 27
114.95.43.237 - - [03/Dec/2022:08:59:05 +0800] "GET /xingrg/kc/buy/cgsh_order_operate.html?command=get_materiel&rest_code=00105&code=00101008351&supplier_code=00100203&order_time=2022-12-03 HTTP/1.1" 200 408
114.84.38.109 - - [03/Dec/2022:08:59:07 +0800] "GET /xingrg/kc/print/load_data.html?order_code=212022120100053&kc_code=cgsh HTTP/1.1" 200 1676
180.163.28.143 - - [03/Dec/2022:08:59:09 +0800] "GET /xingrg/all/function/internal_message.html?_=1670029084959&CODE_STATE=getMsg HTTP/1.1" 302 -
116.237.74.223 - - [03/Dec/2022:08:59:09 +0800] "GET /xingrg/check_reg.html?_=1670029144959 HTTP/1.1" 200 22
180.163.28.143 - - [03/Dec/2022:08:59:09 +0800] "GET /xingrg/login.html HTTP/1.1" 200 7641
116.237.74.223 - - [03/Dec/2022:08:59:09 +0800] "GET /xingrg/all/function/internal_message.html?_=1670029144958&CODE_STATE=getMsg HTTP/1.1" 200 27
116.230.105.139 - - [03/Dec/2022:08:59:13 +0800] "GET /xingrg/kc/buy/cgsh_order_operate.html?command=get_materiel&rest_code=00155&code=00101009039&supplier_code=00100037&order_time=2022-12-03 HTTP/1.1" 200 408
114.84.38.109 - - [03/Dec/2022:08:59:14 +0800] "GET /xingrg/all/function/internal_message.html?_=1670029168046&CODE_STATE=getMsg HTTP/1.1" 200 27
114.95.43.237 - - [03/Dec/2022:08:59:15 +0800] "GET /xingrg/kc/buy/cgsh_order_operate.html?command=get_materiel&rest_code=00105&code=00101008186&supplier_code=00100203&order_time=2022-12-03 HTTP/1.1" 200 408
180.162.229.95 - - [03/Dec/2022:08:59:22 +0800] "GET /xingrg/kc/mdqp/pssh_order_list.html HTTP/1.1" 302 -
180.162.229.95 - - [03/Dec/2022:08:59:22 +0800] "GET /xingrg/login.html HTTP/1.1" 200 7641
180.162.229.95 - - [03/Dec/2022:08:59:22 +0800] "GET /xingrg/login.html HTTP/1.1" 200 7641
180.162.229.95 - - [03/Dec/2022:08:59:22 +0800] "GET /xingrg/images/blue/jxLogo.png HTTP/1.1" 200 6156
180.162.229.95 - - [03/Dec/2022:08:59:22 +0800] "GET /xingrg/images/blue/login_bg.png HTTP/1.1" 200 22101
180.162.229.95 - - [03/Dec/2022:08:59:22 +0800] "GET /xingrg/images/blue/srbg.png HTTP/1.1" 200 138
180.162.229.95 - - [03/Dec/2022:08:59:22 +0800] "GET /xingrg/images/blue/hj.png HTTP/1.1" 200 1014
180.162.229.95 - - [03/Dec/2022:08:59:22 +0800] "GET /favicon.ico HTTP/1.1" 404 -
114.95.43.237 - - [03/Dec/2022:08:59:25 +0800] "GET /xingrg/all/function/internal_message.html?_=1670029005290&CODE_STATE=getMsg HTTP/1.1" 200 27
114.95.43.237 - - [03/Dec/2022:08:59:25 +0800] "GET /xingrg/kc/buy/cgsh_order_operate.html?command=get_materiel&rest_code=00105&code=00101008096&supplier_code=00100203&order_time=2022-12-03 HTTP/1.1" 200 412
180.162.229.95 - - [03/Dec/2022:08:59:25 +0800] "POST /xingrg/login.do HTTP/1.1" 302 -
180.162.229.95 - - [03/Dec/2022:08:59:25 +0800] "GET /xingrg/index.html?sysBaseUrl=http%3A%2F%2F180.169.147.146%3A18081%2Fxingrg%2F&costTime=1140×tamp=1670029165711 HTTP/1.1" 200 17173
180.162.229.95 - - [03/Dec/2022:08:59:25 +0800] "GET /xingrg/javascript/jquery_easy_ui/themes/icon.css HTTP/1.1" 200 3949
180.162.229.95 - - [03/Dec/2022:08:59:25 +0800] "GET /xingrg/javascript/jquery_easy_ui/themes/default/easyui.css HTTP/1.1" 200 8192
180.162.229.95 - - [03/Dec/2022:08:59:28 +0800] "POST /xingrg/login.do HTTP/1.1" 302 -
180.162.229.95 - - [03/Dec/2022:08:59:28 +0800] "POST /xingrg/login.do HTTP/1.1" 302 -
180.162.229.95 - - [03/Dec/2022:08:59:29 +0800] "POST /xingrg/login.do HTTP/1.1" 302 -
180.162.229.95 - - [03/Dec/2022:08:59:29 +0800] "GET /xingrg/index.html?sysBaseUrl=http%3A%2F%2F180.169.147.146%3A18081%2Fxingrg%2F&costTime=2196×tamp=1670029169198 HTTP/1.1" 200 17173
180.162.229.95 - - [03/Dec/2022:08:59:29 +0800] "GET /xingrg/javascript/jquery_easy_ui/easyui-lang-zh_CN.js HTTP/1.1" 200 1900
180.162.229.95 - - [03/Dec/2022:08:59:29 +0800] "GET /xingrg/javascript/jquery_easy_ui/themes/icon.css HTTP/1.1" 200 3949
180.162.229.95 - - [03/Dec/2022:08:59:29 +0800] "GET /xingrg/javascript/jquery.form.js HTTP/1.1" 200 23110
180.162.229.95 - - [03/Dec/2022:08:59:29 +0800] "GET /xingrg/javascript/jquery.timers.js HTTP/1.1" 200 3532
180.162.229.95 - - [03/Dec/2022:08:59:29 +0800] "GET /xingrg/javascript/jquery.utils.js HTTP/1.1" 200 11805
180.162.229.95 - - [03/Dec/2022:08:59:29 +0800] "GET /favicon.ico HTTP/1.1" 404 -
180.162.229.95 - - [03/Dec/2022:08:59:29 +0800] "GET /xingrg/css/form.css HTTP/1.1" 200 893
180.162.229.95 - - [03/Dec/2022:08:59:29 +0800] "GET /xingrg/javascript/jquery_easy_ui/themes/default/easyui.css HTTP/1.1" 200 26500
180.162.229.95 - - [03/Dec/2022:08:59:29 +0800] "GET /xingrg/javascript/jquery_easy_ui/jquery.easyui.min.js HTTP/1.1" 200 213662
180.162.229.95 - - [03/Dec/2022:08:59:29 +0800] "GET /xingrg/javascript/jquery-1.4.2.min.js HTTP/1.1" 200 72205
180.162.229.95 - - [03/Dec/2022:08:59:29 +0800] "GET /xingrg/javascript/jquery_easy_ui/themes/icons/settle_new.png HTTP/1.1" 200 826
180.162.229.95 - - [03/Dec/2022:08:59:29 +0800] "GET /xingrg/images/blue/navBackgound.jpg HTTP/1.1" 200 12378
180.162.229.95 - - [03/Dec/2022:08:59:29 +0800] "GET /xingrg/check_reg.html?_=1670029162081 HTTP/1.1" 200 22
180.162.229.95 - - [03/Dec/2022:08:59:29 +0800] "GET /xingrg/javascript/jquery_easy_ui/themes/default/images/panel_tool_collapse.gif HTTP/1.1" 200 246
180.162.229.95 - - [03/Dec/2022:08:59:29 +0800] "GET /xingrg/images/blue/pingpu.png HTTP/1.1" 200 231
180.162.229.95 - - [03/Dec/2022:08:59:29 +0800] "GET /xingrg/javascript/jquery_easy_ui/themes/default/images/tabs_rightarrow.png HTTP/1.1" 200 395
180.162.229.95 - - [03/Dec/2022:08:59:29 +0800] "GET /xingrg/javascript/jquery_easy_ui/themes/default/images/tabs_leftarrow.png HTTP/1.1" 200 389
180.162.229.95 - - [03/Dec/2022:08:59:29 +0800] "GET /xingrg/all/function/internal_message.html?_=1670029162081&CODE_STATE=count HTTP/1.1" 200 11
180.162.229.95 - - [03/Dec/2022:08:59:29 +0800] "POST /xingrg/load_menu.html HTTP/1.1" 200 5138
180.162.229.95 - - [03/Dec/2022:08:59:29 +0800] "POST /xingrg/all/common/load_tree.html?tree=area_rest_tree_json&manage=1 HTTP/1.1" 200 342
180.162.229.95 - - [03/Dec/2022:08:59:29 +0800] "GET /xingrg/javascript/jquery_easy_ui/themes/default/images/tree_folder.gif HTTP/1.1" 200 952
180.162.229.95 - - [03/Dec/2022:08:59:29 +0800] "GET /xingrg/javascript/jquery_easy_ui/themes/icons/forms_new.png HTTP/1.1" 200 350
180.162.229.95 - - [03/Dec/2022:08:59:29 +0800] "GET /xingrg/javascript/jquery_easy_ui/themes/default/images/tree_arrows.gif HTTP/1.1" 200 1043
180.162.229.95 - - [03/Dec/2022:08:59:29 +0800] "GET /xingrg/javascript/jquery_easy_ui/themes/default/images/tree_file.gif HTTP/1.1" 200 118
180.162.229.95 - - [03/Dec/2022:08:59:29 +0800] "GET /xingrg/javascript/jquery_easy_ui/themes/default/images/tree_folder_open.gif HTTP/1.1" 200 956
180.162.229.95 - - [03/Dec/2022:08:59:29 +0800] "GET /xingrg/javascript/jquery_easy_ui/themes/icons/search_new.png HTTP/1.1" 200 586
180.162.229.95 - - [03/Dec/2022:08:59:29 +0800] "GET /xingrg/javascript/jquery_easy_ui/themes/icons/storage_new.png HTTP/1.1" 200 853
114.95.43.237 - - [03/Dec/2022:08:59:33 +0800] "GET /xingrg/kc/buy/cgsh_order_operate.html?command=get_materiel&rest_code=00105&code=00101008038&supplier_code=00100203&order_time=2022-12-03 HTTP/1.1" 200 412
116.238.139.35 - - [03/Dec/2022:08:59:38 +0800] "GET /xingrg/all/function/internal_message.html?_=1670029113991&CODE_STATE=getMsg HTTP/1.1" 200 27
116.238.139.35 - - [03/Dec/2022:08:59:44 +0800] "GET /xingrg/all/function/internal_message.html?_=1670029176900&CODE_STATE=getMsg HTTP/1.1" 200 27
114.84.38.109 - - [03/Dec/2022:08:59:45 +0800] "GET /xingrg/all/function/internal_message.html?_=1670029195822&CODE_STATE=getMsg HTTP/1.1" 200 27
114.95.43.237 - - [03/Dec/2022:08:59:47 +0800] "GET /xingrg/kc/buy/cgsh_order_operate.html?command=get_materiel&rest_code=00105&code=00101008224&supplier_code=00100203&order_time=2022-12-03 HTTP/1.1" 200 416
124.79.245.154 - - [03/Dec/2022:08:59:52 +0800] "GET /xingrg/all/function/internal_message.html?_=1670029182848&CODE_STATE=getMsg HTTP/1.1" 302 -
114.95.43.237 - - [03/Dec/2022:08:59:56 +0800] "GET /xingrg/kc/buy/cgsh_order_operate.html?command=get_materiel&rest_code=00105&code=00101008003&supplier_code=00100203&order_time=2022-12-03 HTTP/1.1" 200 408
116.238.139.35 - - [03/Dec/2022:08:59:57 +0800] "GET /xingrg/all/function/internal_message.html?_=1670029133210&CODE_STATE=getMsg HTTP/1.1" 200 27
116.230.105.139 - - [03/Dec/2022:08:59:57 +0800] "GET /xingrg/all/function/internal_message.html?_=1670029152219&CODE_STATE=getMsg HTTP/1.1" 200 27
180.162.229.95 - - [03/Dec/2022:08:59:59 +0800] "GET /xingrg/javascript/jquery_easy_ui/themes/default/images/tabs_close.gif HTTP/1.1" 200 829
180.162.229.95 - - [03/Dec/2022:09:00:00 +0800] "GET /xingrg/kc/mdqp/pssh_order_list.html HTTP/1.1" 200 17891
180.162.229.95 - - [03/Dec/2022:09:00:00 +0800] "GET /xingrg/css/base.css HTTP/1.1" 200 2811
180.162.229.95 - - [03/Dec/2022:09:00:00 +0800] "GET /xingrg/css/site.css HTTP/1.1" 200 7541
180.162.229.95 - - [03/Dec/2022:09:00:00 +0800] "GET /xingrg/javascript/jquery_tools/datebox.css HTTP/1.1" 200 2597
180.162.229.95 - - [03/Dec/2022:09:00:00 +0800] "GET /xingrg/javascript/easyui/themes/icon.css HTTP/1.1" 200 4483
180.162.229.95 - - [03/Dec/2022:09:00:00 +0800] "GET /xingrg/javascript/auto/jquery.autocomplete.css HTTP/1.1" 200 587
180.162.229.95 - - [03/Dec/2022:09:00:00 +0800] "GET /xingrg/javascript/jquery_tools/fix.css HTTP/1.1" 200 1702
180.162.229.95 - - [03/Dec/2022:09:00:00 +0800] "GET /xingrg/javascript/jquery_tools/table.css HTTP/1.1" 200 1032
180.162.229.95 - - [03/Dec/2022:09:00:00 +0800] "GET /xingrg/javascript/jquery_tools/jquery.tools.min.js HTTP/1.1" 200 138801
