114.95.43.237 - - [03/Dec/2022:10:18:16 +0800] "GET /xingrg/kc/buy/cgsh_order_operate.html?command=get_materiel_price&rest_code=00105&code=00101010248&unit_code=00100043&supplier_code=00100012&order_time=2022-12-03 HTTP/1.1" 200 29
180.158.0.157 - - [03/Dec/2022:10:18:16 +0800] "GET /xingrg/javascript/multi_select/dropdown_hover.gif HTTP/1.1" 200 61
114.84.38.109 - - [03/Dec/2022:10:18:21 +0800] "GET /xingrg/all/function/internal_message.html?_=1670033914880&CODE_STATE=getMsg HTTP/1.1" 200 27
180.158.0.157 - - [03/Dec/2022:10:18:22 +0800] "GET /xingrg/all/report/report_query.html?isQuery=1&fileName=kc/buy/wlcg_cate_hz.xml&queryString=(CONVERT(char(10)%252Ca.order_time%252C%2520120)%253E%253D'2021-01-01')%2520and%2520(CONVERT(char(10)%252Ca.order_time%252C%2520120)%253C%253D'2021-01-31')%2520and%2520(a.supplier_code%2520in%2520('00100017'))%2520and%2520(a.number%253E0%2520and%2520a.supplier_code%253D'00100017')&queryText=%25E3%2580%2590%25E9%2587%2587%25E8%25B4%25AD%25E6%2597%25A5%25E6%259C%259F%253A2021-01-01%2520%25E8%2587%25B3%25202021-01-31%25E3%2580%2591%2520%25E5%25B9%25B6%25E4%25B8%2594%2520%2520%25E3%2580%2590%25E4%25BE%259B%25E5%25BA%2594%25E5%2595%2586%2520%253D%2520%25E9%2585%2592%25E6%25B0%25B4%25EF%25BC%2588%25E9%25BE%2599%25E5%25B7%259D%25EF%25BC%2589%25E3%2580%2591%2520%25E5%25B9%25B6%25E4%25B8%2594%2520%25E3%2580%2590%25E4%25BE%259B%25E5%25BA%2594%25E5%2595%2586%253D%25E9%2585%2592%25E6%25B0%25B4%25EF%25BC%2588%25E9%25BE%2599%25E5%25B7%259D%25EF%25BC%2589%25E3%2580%2591 HTTP/1.1" 200 54472
180.158.0.157 - - [03/Dec/2022:10:18:22 +0800] "GET /xingrg/dwr/interface/AjaxReportQueryService.js HTTP/1.1" 200 13203
180.158.0.157 - - [03/Dec/2022:10:18:22 +0800] "GET /xingrg/dwr/engine.js HTTP/1.1" 200 43631
114.95.43.237 - - [03/Dec/2022:10:18:25 +0800] "GET /xingrg/all/function/internal_message.html?_=1670033745382&CODE_STATE=getMsg HTTP/1.1" 200 27
180.158.0.157 - - [03/Dec/2022:10:18:26 +0800] "POST /xingrg/all/report/load_report_page.html HTTP/1.1" 200 8724
180.158.0.157 - - [03/Dec/2022:10:18:26 +0800] "GET /xingrg/servlets/image?cache=0.15770339975981273&image=px HTTP/1.1" 200 807
114.95.43.237 - - [03/Dec/2022:10:18:26 +0800] "GET /xingrg/kc/buy/cgsh_order_operate.html?command=get_materiel&rest_code=00105&code=00101006166&supplier_code=00100012&order_time=2022-12-03 HTTP/1.1" 200 423
180.163.30.27 - - [03/Dec/2022:10:18:27 +0800] "GET /xingrg/servlets/image?cache=0.48989789401582173&image=px HTTP/1.1" 200 807
58.40.7.146 - - [03/Dec/2022:10:18:28 +0800] "GET /xingrg/all/function/internal_message.html?_=1670033900296&CODE_STATE=getMsg HTTP/1.1" 200 27
180.162.229.95 - - [03/Dec/2022:10:18:29 +0800] "GET /xingrg/all/function/internal_message.html?_=1670033902107&CODE_STATE=getMsg HTTP/1.1" 200 27
180.162.229.95 - - [03/Dec/2022:10:18:30 +0800] "GET /xingrg/all/function/internal_message.html?_=1670033894498&CODE_STATE=getMsg HTTP/1.1" 200 27
114.88.159.190 - - [03/Dec/2022:10:18:31 +0800] "GET /xingrg/all/function/internal_message.html?_=1670033501290&CODE_STATE=getMsg HTTP/1.1" 200 27
180.158.0.157 - - [03/Dec/2022:10:18:33 +0800] "POST /xingrg/all/report/load_report_page.html HTTP/1.1" 200 88109
180.163.28.143 - - [03/Dec/2022:10:18:33 +0800] "GET /xingrg/servlets/image?cache=0.5425789877766302&image=px HTTP/1.1" 200 807
180.158.0.157 - - [03/Dec/2022:10:18:33 +0800] "GET /xingrg/servlets/image?cache=0.6950345796510933&image=px HTTP/1.1" 200 807
180.163.29.79 - - [03/Dec/2022:10:18:39 +0800] "GET /xingrg/servlets/image?cache=0.37267533723178603&image=px HTTP/1.1" 200 807
116.238.139.35 - - [03/Dec/2022:10:18:41 +0800] "GET /xingrg/all/function/internal_message.html?_=1670033857029&CODE_STATE=getMsg HTTP/1.1" 200 27
116.238.139.35 - - [03/Dec/2022:10:18:43 +0800] "GET /xingrg/all/function/internal_message.html?_=1670033915263&CODE_STATE=getMsg HTTP/1.1" 200 27
116.230.105.139 - - [03/Dec/2022:10:18:43 +0800] "GET /xingrg/check_reg.html?_=1670033915612 HTTP/1.1" 200 22
114.84.38.109 - - [03/Dec/2022:10:18:45 +0800] "GET /xingrg/check_reg.html?_=1670033935912 HTTP/1.1" 200 22
114.83.219.57 - - [03/Dec/2022:10:18:45 +0800] "GET /xingrg/check_reg.html?_=1670033969413 HTTP/1.1" 200 22
114.83.219.57 - - [03/Dec/2022:10:18:45 +0800] "GET /xingrg/all/function/internal_message.html?_=1670033969414&CODE_STATE=getMsg HTTP/1.1" 200 27
116.237.74.223 - - [03/Dec/2022:10:18:46 +0800] "GET /xingrg/all/function/internal_message.html?_=1670033921521&CODE_STATE=getMsg HTTP/1.1" 200 27
114.84.38.109 - - [03/Dec/2022:10:18:46 +0800] "GET /xingrg/all/function/internal_message.html?_=1670033936926&CODE_STATE=getMsg HTTP/1.1" 200 27
116.237.74.223 - - [03/Dec/2022:10:18:47 +0800] "POST /xingrg/kc/buy/cgsh_order_operate.html HTTP/1.1" 200 36317
114.95.43.237 - - [03/Dec/2022:10:18:51 +0800] "GET /xingrg/kc/buy/cgsh_order_operate.html?command=get_materiel&rest_code=00105&code=00101006112&supplier_code=00100012&order_time=2022-12-03 HTTP/1.1" 200 409
124.79.245.154 - - [03/Dec/2022:10:18:52 +0800] "GET /xingrg/all/function/internal_message.html?_=1670033922746&CODE_STATE=getMsg HTTP/1.1" 302 -
120.253.135.82 - - [03/Dec/2022:10:18:52 +0800] "GET /xingrg/all/function/internal_message.html?_=1670033726702&CODE_STATE=getMsg HTTP/1.1" 200 27
180.158.0.157 - - [03/Dec/2022:10:18:54 +0800] "GET /xingrg/all/function/internal_message.html?_=1670033929157&CODE_STATE=getMsg HTTP/1.1" 200 27
116.230.105.139 - - [03/Dec/2022:10:18:56 +0800] "GET /xingrg/all/function/internal_message.html?_=1670033928132&CODE_STATE=getMsg HTTP/1.1" 200 27
114.88.159.190 - - [03/Dec/2022:10:18:59 +0800] "GET /xingrg/all/function/internal_message.html?_=1670033926490&CODE_STATE=getMsg HTTP/1.1" 200 27
116.238.139.35 - - [03/Dec/2022:10:18:59 +0800] "GET /xingrg/all/function/internal_message.html?_=1670033875527&CODE_STATE=getMsg HTTP/1.1" 200 27
58.40.7.146 - - [03/Dec/2022:10:19:00 +0800] "GET /xingrg/all/function/internal_message.html?_=1670033932028&CODE_STATE=getMsg HTTP/1.1" 302 -
114.84.81.136 - - [03/Dec/2022:10:19:02 +0800] "GET /xingrg/all/function/internal_message.html?_=1670033939430&CODE_STATE=getMsg HTTP/1.1" 200 27
180.163.29.217 - - [03/Dec/2022:10:19:05 +0800] "GET /xingrg/servlets/image?cache=0.7631213977607564&image=px HTTP/1.1" 200 807
114.95.43.237 - - [03/Dec/2022:10:19:08 +0800] "GET /xingrg/all/function/internal_message.html?_=1670033941111&CODE_STATE=getMsg HTTP/1.1" 200 27
101.85.106.255 - - [03/Dec/2022:10:19:10 +0800] "GET /xingrg/all/function/internal_message.html?_=1670033940727&CODE_STATE=getMsg HTTP/1.1" 200 27
222.70.177.10 - - [03/Dec/2022:10:19:12 +0800] "GET /xingrg/all/function/internal_message.html?_=1670033941938&CODE_STATE=getMsg HTTP/1.1" 200 27
114.84.38.109 - - [03/Dec/2022:10:19:21 +0800] "GET /xingrg/all/function/internal_message.html?_=1670033974894&CODE_STATE=getMsg HTTP/1.1" 200 27
114.95.43.237 - - [03/Dec/2022:10:19:25 +0800] "GET /xingrg/all/function/internal_message.html?_=1670033805371&CODE_STATE=getMsg HTTP/1.1" 200 27
180.163.28.109 - - [03/Dec/2022:10:19:26 +0800] "GET /xingrg/servlets/image?cache=0.15770339975981273&image=px HTTP/1.1" 200 807
58.40.7.146 - - [03/Dec/2022:10:19:28 +0800] "GET /xingrg/all/function/internal_message.html?_=1670033960303&CODE_STATE=getMsg HTTP/1.1" 200 27
180.162.229.95 - - [03/Dec/2022:10:19:29 +0800] "GET /xingrg/check_reg.html?_=1670033962098 HTTP/1.1" 200 22
180.162.229.95 - - [03/Dec/2022:10:19:29 +0800] "GET /xingrg/all/function/internal_message.html?_=1670033962101&CODE_STATE=getMsg HTTP/1.1" 200 27
180.162.229.95 - - [03/Dec/2022:10:19:30 +0800] "GET /xingrg/all/function/internal_message.html?_=1670033954500&CODE_STATE=getMsg HTTP/1.1" 200 27
114.88.159.190 - - [03/Dec/2022:10:19:31 +0800] "GET /xingrg/all/function/internal_message.html?_=1670033561293&CODE_STATE=getMsg HTTP/1.1" 200 27
180.163.28.114 - - [03/Dec/2022:10:19:33 +0800] "GET /xingrg/servlets/image?cache=0.6950345796510933&image=px HTTP/1.1" 200 807
116.238.139.35 - - [03/Dec/2022:10:19:41 +0800] "GET /xingrg/check_reg.html?_=1670033916953 HTTP/1.1" 200 22
116.238.139.35 - - [03/Dec/2022:10:19:41 +0800] "GET /xingrg/all/function/internal_message.html?_=1670033917043&CODE_STATE=getMsg HTTP/1.1" 200 27
116.238.139.35 - - [03/Dec/2022:10:19:43 +0800] "GET /xingrg/all/function/internal_message.html?_=1670033975249&CODE_STATE=getMsg HTTP/1.1" 200 27
114.83.219.57 - - [03/Dec/2022:10:19:45 +0800] "GET /xingrg/all/function/internal_message.html?_=1670034029411&CODE_STATE=getMsg HTTP/1.1" 200 27
180.163.29.206 - - [03/Dec/2022:10:19:46 +0800] "GET /xingrg/all/function/internal_message.html?_=1670033921521&CODE_STATE=getMsg HTTP/1.1" 302 -
180.163.29.206 - - [03/Dec/2022:10:19:46 +0800] "GET /xingrg/login.html HTTP/1.1" 200 7641
116.237.74.223 - - [03/Dec/2022:10:19:46 +0800] "GET /xingrg/all/function/internal_message.html?_=1670033981676&CODE_STATE=getMsg HTTP/1.1" 200 27
114.84.38.109 - - [03/Dec/2022:10:19:46 +0800] "GET /xingrg/all/function/internal_message.html?_=1670033996940&CODE_STATE=getMsg HTTP/1.1" 200 27
124.79.245.154 - - [03/Dec/2022:10:19:52 +0800] "GET /xingrg/all/function/internal_message.html?_=1670033982734&CODE_STATE=getMsg HTTP/1.1" 302 -
120.253.135.82 - - [03/Dec/2022:10:19:52 +0800] "GET /xingrg/all/function/internal_message.html?_=1670033786716&CODE_STATE=getMsg HTTP/1.1" 200 27
180.158.0.157 - - [03/Dec/2022:10:19:54 +0800] "GET /xingrg/all/function/internal_message.html?_=1670033989140&CODE_STATE=getMsg HTTP/1.1" 200 27
116.230.105.139 - - [03/Dec/2022:10:19:56 +0800] "GET /xingrg/all/function/internal_message.html?_=1670033988117&CODE_STATE=getMsg HTTP/1.1" 200 27
114.88.159.190 - - [03/Dec/2022:10:19:59 +0800] "GET /xingrg/all/function/internal_message.html?_=1670033986488&CODE_STATE=getMsg HTTP/1.1" 200 27
116.238.139.35 - - [03/Dec/2022:10:19:59 +0800] "GET /xingrg/all/function/internal_message.html?_=1670033935529&CODE_STATE=getMsg HTTP/1.1" 200 27
58.40.7.146 - - [03/Dec/2022:10:20:00 +0800] "GET /xingrg/all/function/internal_message.html?_=1670033992000&CODE_STATE=getMsg HTTP/1.1" 302 -
114.84.81.136 - - [03/Dec/2022:10:20:02 +0800] "GET /xingrg/all/function/internal_message.html?_=1670033999427&CODE_STATE=getMsg HTTP/1.1" 200 27
114.95.43.237 - - [03/Dec/2022:10:20:08 +0800] "GET /xingrg/all/function/internal_message.html?_=1670034001084&CODE_STATE=getMsg HTTP/1.1" 200 27
101.85.106.255 - - [03/Dec/2022:10:20:10 +0800] "GET /xingrg/all/function/internal_message.html?_=1670034000712&CODE_STATE=getMsg HTTP/1.1" 200 27
222.70.177.10 - - [03/Dec/2022:10:20:12 +0800] "GET /xingrg/all/function/internal_message.html?_=1670034001938&CODE_STATE=getMsg HTTP/1.1" 200 27
114.84.38.109 - - [03/Dec/2022:10:20:21 +0800] "GET /xingrg/all/function/internal_message.html?_=1670034035138&CODE_STATE=getMsg HTTP/1.1" 200 27
114.95.43.237 - - [03/Dec/2022:10:20:25 +0800] "GET /xingrg/all/function/internal_message.html?_=1670033865380&CODE_STATE=getMsg HTTP/1.1" 200 27
114.95.43.237 - - [03/Dec/2022:10:20:25 +0800] "GET /xingrg/check_reg.html?_=1670033865383 HTTP/1.1" 200 22
58.40.7.146 - - [03/Dec/2022:10:20:28 +0800] "GET /xingrg/all/function/internal_message.html?_=1670034020304&CODE_STATE=getMsg HTTP/1.1" 200 27
58.40.7.146 - - [03/Dec/2022:10:20:28 +0800] "GET /xingrg/check_reg.html?_=1670034020305 HTTP/1.1" 200 22
180.162.229.95 - - [03/Dec/2022:10:20:29 +0800] "GET /xingrg/all/function/internal_message.html?_=1670034022095&CODE_STATE=getMsg HTTP/1.1" 200 27
180.162.229.95 - - [03/Dec/2022:10:20:30 +0800] "GET /xingrg/all/function/internal_message.html?_=1670034014505&CODE_STATE=getMsg HTTP/1.1" 200 27
180.162.229.95 - - [03/Dec/2022:10:20:30 +0800] "GET /xingrg/check_reg.html?_=1670034014509 HTTP/1.1" 200 22
114.88.159.190 - - [03/Dec/2022:10:20:31 +0800] "GET /xingrg/all/function/internal_message.html?_=1670033621279&CODE_STATE=getMsg HTTP/1.1" 200 27
114.95.43.237 - - [03/Dec/2022:10:20:35 +0800] "GET /xingrg/kc/buy/cgsh_order_operate.html?command=get_materiel&rest_code=00105&code=00101006058&supplier_code=00100012&order_time=2022-12-03 HTTP/1.1" 200 412
114.83.219.57 - - [03/Dec/2022:10:20:40 +0800] "GET /xingrg/kc/base/yddb_order_list.html HTTP/1.1" 200 16713
114.83.219.57 - - [03/Dec/2022:10:20:40 +0800] "POST /xingrg/kc/base/yddb_list_operate.html HTTP/1.1" 200 636
116.238.139.35 - - [03/Dec/2022:10:20:41 +0800] "GET /xingrg/all/function/internal_message.html?_=1670033977058&CODE_STATE=getMsg HTTP/1.1" 200 27
116.238.139.35 - - [03/Dec/2022:10:20:43 +0800] "GET /xingrg/all/function/internal_message.html?_=1670034035234&CODE_STATE=getMsg HTTP/1.1" 200 27
114.83.219.57 - - [03/Dec/2022:10:20:43 +0800] "GET /xingrg/kc/base/yddb_order_add.html HTTP/1.1" 200 29865
114.83.219.57 - - [03/Dec/2022:10:20:43 +0800] "GET /xingrg/dwr/engine.js HTTP/1.1" 200 43631
114.83.219.57 - - [03/Dec/2022:10:20:43 +0800] "GET /xingrg/dwr/interface/AjaxComOrderService.js HTTP/1.1" 200 18264
114.83.219.57 - - [03/Dec/2022:10:20:43 +0800] "GET /xingrg/dwr/interface/AjaxYddbService.js HTTP/1.1" 200 13201
114.83.219.57 - - [03/Dec/2022:10:20:43 +0800] "GET /xingrg/javascript/AjaxInfoList.js HTTP/1.1" 200 3774
114.83.219.57 - - [03/Dec/2022:10:20:43 +0800] "GET /xingrg/javascript/checkform.js HTTP/1.1" 200 18351
114.83.219.57 - - [03/Dec/2022:10:20:43 +0800] "GET /xingrg/javascript/Grid.js HTTP/1.1" 200 58908
114.83.219.57 - - [03/Dec/2022:10:20:43 +0800] "GET /xingrg/javascript/ToolTips.js HTTP/1.1" 200 5615
114.83.219.57 - - [03/Dec/2022:10:20:43 +0800] "GET /xingrg/javascript/jquery_easy_ui/themes/icons/check_new.png HTTP/1.1" 200 3224
114.83.219.57 - - [03/Dec/2022:10:20:43 +0800] "GET /xingrg/javascript/jquery_easy_ui/themes/icons/edit_add_new.png HTTP/1.1" 200 2997
114.83.219.57 - - [03/Dec/2022:10:20:43 +0800] "GET /xingrg/javascript/jquery_easy_ui/themes/icons/cance_new.png HTTP/1.1" 200 3986
114.83.219.57 - - [03/Dec/2022:10:20:43 +0800] "GET /xingrg/images/blue/button/kc_tab_add.gif HTTP/1.1" 200 375
114.83.219.57 - - [03/Dec/2022:10:20:43 +0800] "GET /xingrg/images/blue/button/kc_tab_edit.gif HTTP/1.1" 200 551
114.83.219.57 - - [03/Dec/2022:10:20:43 +0800] "GET /xingrg/images/blue/button/kc_tab_save.gif HTTP/1.1" 200 777
114.83.219.57 - - [03/Dec/2022:10:20:43 +0800] "GET /xingrg/images/blue/button/kc_tab_del.gif HTTP/1.1" 200 383
114.83.219.57 - - [03/Dec/2022:10:20:43 +0800] "GET /xingrg/images/blue/kc_tab2_left.gif HTTP/1.1" 200 625
114.83.219.57 - - [03/Dec/2022:10:20:43 +0800] "GET /xingrg/images/blue/kc_tab2_right.gif HTTP/1.1" 200 192
114.83.219.57 - - [03/Dec/2022:10:20:43 +0800] "GET /xingrg/images/blue/kc_tab_mid.gif HTTP/1.1" 200 44
114.83.219.57 - - [03/Dec/2022:10:20:43 +0800] "GET /xingrg/images/blue/kc_tab_left.gif HTTP/1.1" 200 188
114.83.219.57 - - [03/Dec/2022:10:20:43 +0800] "GET /xingrg/images/blue/kc_tab_right.gif HTTP/1.1" 200 643
114.83.219.57 - - [03/Dec/2022:10:20:45 +0800] "GET /xingrg/all/function/internal_message.html?_=1670034089415&CODE_STATE=getMsg HTTP/1.1" 200 27
116.237.74.223 - - [03/Dec/2022:10:20:46 +0800] "GET /xingrg/all/function/internal_message.html?_=1670034041468&CODE_STATE=getMsg HTTP/1.1" 200 27
114.84.38.109 - - [03/Dec/2022:10:20:46 +0800] "GET /xingrg/all/function/internal_message.html?_=1670034056954&CODE_STATE=getMsg HTTP/1.1" 200 27
114.83.219.57 - - [03/Dec/2022:10:20:50 +0800] "GET /xingrg/images/blue/wait.gif HTTP/1.1" 200 1100
114.83.219.57 - - [03/Dec/2022:10:20:50 +0800] "POST /xingrg/dwr/call/plaincall/AjaxYddbService.getRestBases.dwr HTTP/1.1" 200 536
124.79.245.154 - - [03/Dec/2022:10:20:52 +0800] "GET /xingrg/all/function/internal_message.html?_=1670034042751&CODE_STATE=getMsg HTTP/1.1" 302 -
120.253.135.82 - - [03/Dec/2022:10:20:52 +0800] "GET /xingrg/all/function/internal_message.html?_=1670033846733&CODE_STATE=getMsg HTTP/1.1" 200 27
180.163.29.217 - - [03/Dec/2022:10:20:54 +0800] "GET /xingrg/all/function/internal_message.html?_=1670033989140&CODE_STATE=getMsg HTTP/1.1" 302 -
180.163.29.217 - - [03/Dec/2022:10:20:54 +0800] "GET /xingrg/login.html HTTP/1.1" 200 7641
180.158.0.157 - - [03/Dec/2022:10:20:54 +0800] "GET /xingrg/all/function/internal_message.html?_=1670034049153&CODE_STATE=getMsg HTTP/1.1" 200 27
180.158.0.157 - - [03/Dec/2022:10:20:54 +0800] "GET /xingrg/check_reg.html?_=1670034049157 HTTP/1.1" 200 22
116.230.105.139 - - [03/Dec/2022:10:20:56 +0800] "GET /xingrg/all/function/internal_message.html?_=1670034048105&CODE_STATE=getMsg HTTP/1.1" 200 27
116.237.74.223 - - [03/Dec/2022:10:20:57 +0800] "GET /xingrg/check_reg.html?_=1670034052606 HTTP/1.1" 200 22
114.95.43.237 - - [03/Dec/2022:10:20:58 +0800] "GET /xingrg/kc/buy/cgsh_order_operate.html?command=get_materiel&rest_code=00105&code=00101007199&supplier_code=00100012&order_time=2022-12-03 HTTP/1.1" 200 435
114.88.159.190 - - [03/Dec/2022:10:20:59 +0800] "GET /xingrg/all/function/internal_message.html?_=1670034046488&CODE_STATE=getMsg HTTP/1.1" 200 27
114.88.159.190 - - [03/Dec/2022:10:20:59 +0800] "GET /xingrg/check_reg.html?_=1670034046487 HTTP/1.1" 200 22
116.238.139.35 - - [03/Dec/2022:10:20:59 +0800] "GET /xingrg/all/function/internal_message.html?_=1670033995603&CODE_STATE=getMsg HTTP/1.1" 200 27
58.40.7.146 - - [03/Dec/2022:10:21:00 +0800] "GET /xingrg/all/function/internal_message.html?_=1670034051972&CODE_STATE=getMsg HTTP/1.1" 302 -
114.84.81.136 - - [03/Dec/2022:10:21:02 +0800] "GET /xingrg/check_reg.html?_=1670034059426 HTTP/1.1" 200 22
114.84.81.136 - - [03/Dec/2022:10:21:02 +0800] "GET /xingrg/all/function/internal_message.html?_=1670034059427&CODE_STATE=getMsg HTTP/1.1" 200 27
114.95.43.237 - - [03/Dec/2022:10:21:08 +0800] "GET /xingrg/all/function/internal_message.html?_=1670034061056&CODE_STATE=getMsg HTTP/1.1" 200 27
114.95.43.237 - - [03/Dec/2022:10:21:09 +0800] "GET /xingrg/kc/buy/cgsh_order_operate.html?command=get_materiel&rest_code=00105&code=00101006087&supplier_code=00100012&order_time=2022-12-03 HTTP/1.1" 200 409
101.85.106.255 - - [03/Dec/2022:10:21:10 +0800] "GET /xingrg/all/function/internal_message.html?_=1670034060697&CODE_STATE=getMsg HTTP/1.1" 200 27
180.158.0.157 - - [03/Dec/2022:10:21:10 +0800] "GET /xingrg/all/report/report_query.html?fileName=kc/buy/yfk_hz_supplier.xml HTTP/1.1" 200 53943
180.158.0.157 - - [03/Dec/2022:10:21:10 +0800] "GET /xingrg/dwr/interface/AjaxReportQueryService.js HTTP/1.1" 200 13203
180.158.0.157 - - [03/Dec/2022:10:21:10 +0800] "GET /xingrg/dwr/engine.js HTTP/1.1" 200 43631
101.85.106.255 - - [03/Dec/2022:10:21:10 +0800] "GET /xingrg/check_reg.html?_=1670034061121 HTTP/1.1" 200 22
180.158.0.157 - - [03/Dec/2022:10:21:10 +0800] "POST /xingrg/dwr/call/plaincall/AjaxReportQueryService.getFixDate.dwr HTTP/1.1" 200 111
180.158.0.157 - - [03/Dec/2022:10:21:11 +0800] "POST /xingrg/all/common/load_tree.html?tree=supplier_tree_json&manage=1 HTTP/1.1" 200 71711
114.83.219.57 - - [03/Dec/2022:10:21:11 +0800] "GET /xingrg/javascript/jquery_easy_ui/themes/default/images/button_plain_hover.png HTTP/1.1" 200 252
222.70.177.10 - - [03/Dec/2022:10:21:12 +0800] "GET /xingrg/all/function/internal_message.html?_=1670034061937&CODE_STATE=getMsg HTTP/1.1" 200 27
114.84.38.109 - - [03/Dec/2022:10:21:12 +0800] "GET /xingrg/check_reg.html?_=1670034085857 HTTP/1.1" 200 22
114.83.219.57 - - [03/Dec/2022:10:21:17 +0800] "POST /xingrg/dwr/call/plaincall/AjaxYddbService.saveOrder.dwr HTTP/1.1" 200 78
116.238.139.35 - - [03/Dec/2022:10:21:17 +0800] "GET /xingrg/check_reg.html?_=1670034013139 HTTP/1.1" 200 22
114.84.81.136 - - [03/Dec/2022:10:21:17 +0800] "GET /xingrg/check_reg.html?_=1670034071688 HTTP/1.1" 200 22
114.84.38.109 - - [03/Dec/2022:10:21:21 +0800] "GET /xingrg/all/function/internal_message.html?_=1670034095139&CODE_STATE=getMsg HTTP/1.1" 200 27
114.95.43.237 - - [03/Dec/2022:10:21:25 +0800] "GET /xingrg/all/function/internal_message.html?_=1670033925369&CODE_STATE=getMsg HTTP/1.1" 200 27
114.95.43.237 - - [03/Dec/2022:10:21:25 +0800] "GET /xingrg/kc/buy/cgsh_order_operate.html?command=get_materiel&rest_code=00105&code=00101007122&supplier_code=00100012&order_time=2022-12-03 HTTP/1.1" 200 435
114.83.219.57 - - [03/Dec/2022:10:21:26 +0800] "GET /xingrg/images/yd/bt.gif HTTP/1.1" 404 1040
58.40.7.146 - - [03/Dec/2022:10:21:28 +0800] "GET /xingrg/all/function/internal_message.html?_=1670034080308&CODE_STATE=getMsg HTTP/1.1" 200 27
180.162.229.95 - - [03/Dec/2022:10:21:29 +0800] "GET /xingrg/all/function/internal_message.html?_=1670034082112&CODE_STATE=getMsg HTTP/1.1" 200 27
180.162.229.95 - - [03/Dec/2022:10:21:30 +0800] "GET /xingrg/all/function/internal_message.html?_=1670034074512&CODE_STATE=getMsg HTTP/1.1" 200 27
114.83.219.57 - - [03/Dec/2022:10:21:30 +0800] "POST /xingrg/dwr/call/plaincall/AjaxComOrderService.getMaterielSearchList.dwr HTTP/1.1" 200 76
114.88.159.190 - - [03/Dec/2022:10:21:31 +0800] "GET /xingrg/all/function/internal_message.html?_=1670033681317&CODE_STATE=getMsg HTTP/1.1" 200 27
114.83.219.57 - - [03/Dec/2022:10:21:33 +0800] "POST /xingrg/dwr/call/plaincall/AjaxComOrderService.getMaterielSearchList.dwr HTTP/1.1" 200 15622
114.83.219.57 - - [03/Dec/2022:10:21:33 +0800] "POST /xingrg/dwr/call/plaincall/AjaxComOrderService.getMaterielSearchList.dwr HTTP/1.1" 200 15622
114.83.219.57 - - [03/Dec/2022:10:21:35 +0800] "POST /xingrg/dwr/call/plaincall/AjaxComOrderService.getMaterielSearchList.dwr HTTP/1.1" 200 414
114.83.219.57 - - [03/Dec/2022:10:21:38 +0800] "POST /xingrg/dwr/call/plaincall/AjaxYddbService.getMaterielByMap.dwr HTTP/1.1" 200 1697
116.238.139.35 - - [03/Dec/2022:10:21:41 +0800] "GET /xingrg/all/function/internal_message.html?_=1670034037071&CODE_STATE=getMsg HTTP/1.1" 200 27
116.238.139.35 - - [03/Dec/2022:10:21:43 +0800] "GET /xingrg/all/function/internal_message.html?_=1670034095210&CODE_STATE=getMsg HTTP/1.1" 200 27
180.158.0.157 - - [03/Dec/2022:10:21:44 +0800] "POST /xingrg/dwr/call/plaincall/AjaxReportQueryService.refreshCache.dwr HTTP/1.1" 200 78
114.83.219.57 - - [03/Dec/2022:10:21:45 +0800] "GET /xingrg/all/function/internal_message.html?_=1670034149413&CODE_STATE=getMsg HTTP/1.1" 200 27
180.163.29.79 - - [03/Dec/2022:10:21:46 +0800] "GET /xingrg/all/function/internal_message.html?_=1670034041468&CODE_STATE=getMsg HTTP/1.1" 302 -
180.163.29.79 - - [03/Dec/2022:10:21:46 +0800] "GET /xingrg/login.html HTTP/1.1" 200 7641
180.158.0.157 - - [03/Dec/2022:10:21:46 +0800] "POST /xingrg/all/report/load_report_page.html HTTP/1.1" 200 10347
180.158.0.157 - - [03/Dec/2022:10:21:46 +0800] "GET /xingrg/servlets/image?cache=0.7512683818556491&image=px HTTP/1.1" 200 807
116.237.74.223 - - [03/Dec/2022:10:21:46 +0800] "GET /xingrg/all/function/internal_message.html?_=1670034101445&CODE_STATE=getMsg HTTP/1.1" 200 27
114.84.38.109 - - [03/Dec/2022:10:21:46 +0800] "GET /xingrg/all/function/internal_message.html?_=1670034116974&CODE_STATE=getMsg HTTP/1.1" 200 27
180.158.0.157 - - [03/Dec/2022:10:21:48 +0800] "GET /xingrg/all/report/report_query.html?isQuery=1&fileName=kc/buy/gys_order.xml&queryString=(a.supplier_code%3D'00100017')%20and%20(CONVERT(char(10)%2Ca.order_time%2C%20120)%3E%3D'2021-01-01')%20and%20('2021-12-31'%3E%3DCONVERT(char(10)%2Ca.order_time%2C%20120))&queryText=%E3%80%90%E6%9F%A5%E8%AF%A2%E6%97%A5%E6%9C%9F%3A2021-01-01%20%E8%87%B3%202021-12-31%E3%80%91%20%E5%B9%B6%E4%B8%94%20%20%E3%80%90%E4%BE%9B%E5%BA%94%E5%95%86%20%3D%20%E9%85%92%E6%B0%B4%EF%BC%88%E9%BE%99%E5%B7%9D%EF%BC%89%E3%80%91%20%E3%80%90%E4%BE%9B%E5%BA%94%E5%95%86%20%3D%20%E9%85%92%E6%B0%B4%EF%BC%88%E9%BE%99%E5%B7%9D%EF%BC%89%E3%80%91&rand=0.03520455443624798 HTTP/1.1" 200 51510
180.158.0.157 - - [03/Dec/2022:10:21:48 +0800] "GET /xingrg/all/report/report_query.html?isQuery=1&fileName=kc/buy/gys_order.xml&queryString=(a.supplier_code%3D'00100017')%20and%20(CONVERT(char(10)%2Ca.order_time%2C%20120)%3E%3D'2021-01-01')%20and%20('2021-12-31'%3E%3DCONVERT(char(10)%2Ca.order_time%2C%20120))&queryText=%E3%80%90%E6%9F%A5%E8%AF%A2%E6%97%A5%E6%9C%9F%3A2021-01-01%20%E8%87%B3%202021-12-31%E3%80%91%20%E5%B9%B6%E4%B8%94%20%20%E3%80%90%E4%BE%9B%E5%BA%94%E5%95%86%20%3D%20%E9%85%92%E6%B0%B4%EF%BC%88%E9%BE%99%E5%B7%9D%EF%BC%89%E3%80%91%20%E3%80%90%E4%BE%9B%E5%BA%94%E5%95%86%20%3D%20%E9%85%92%E6%B0%B4%EF%BC%88%E9%BE%99%E5%B7%9D%EF%BC%89%E3%80%91&rand=0.03520455443624798 HTTP/1.1" 200 51510
180.158.0.157 - - [03/Dec/2022:10:21:48 +0800] "GET /xingrg/dwr/interface/AjaxReportQueryService.js HTTP/1.1" 200 13203
180.158.0.157 - - [03/Dec/2022:10:21:48 +0800] "GET /xingrg/dwr/engine.js HTTP/1.1" 200 43631
180.158.0.157 - - [03/Dec/2022:10:21:50 +0800] "POST /xingrg/all/report/load_report_page.html HTTP/1.1" 200 132224
180.158.0.157 - - [03/Dec/2022:10:21:50 +0800] "GET /xingrg/servlets/image?cache=0.40292231302737513&image=px HTTP/1.1" 200 807
124.79.245.154 - - [03/Dec/2022:10:21:52 +0800] "GET /xingrg/all/function/internal_message.html?_=1670034102751&CODE_STATE=getMsg HTTP/1.1" 302 -
124.79.245.154 - - [03/Dec/2022:10:21:52 +0800] "GET /xingrg/check_reg.html?_=1670034102753 HTTP/1.1" 302 -
120.253.135.82 - - [03/Dec/2022:10:21:52 +0800] "GET /xingrg/all/function/internal_message.html?_=1670033906744&CODE_STATE=getMsg HTTP/1.1" 200 27
180.163.29.206 - - [03/Dec/2022:10:21:54 +0800] "GET /xingrg/check_reg.html?_=1670034049157 HTTP/1.1" 302 -
180.163.29.206 - - [03/Dec/2022:10:21:54 +0800] "GET /xingrg/login.html HTTP/1.1" 200 7641
114.83.219.57 - - [03/Dec/2022:10:21:54 +0800] "POST /xingrg/dwr/call/plaincall/AjaxYddbService.saveMaterielItem.dwr HTTP/1.1" 200 78
180.158.0.157 - - [03/Dec/2022:10:21:54 +0800] "GET /xingrg/all/function/internal_message.html?_=1670034109144&CODE_STATE=getMsg HTTP/1.1" 200 27
116.230.105.139 - - [03/Dec/2022:10:21:56 +0800] "GET /xingrg/all/function/internal_message.html?_=1670034108089&CODE_STATE=getMsg HTTP/1.1" 200 27
180.163.29.219 - - [03/Dec/2022:10:21:57 +0800] "GET /xingrg/check_reg.html?_=1670034052606 HTTP/1.1" 302 -
180.163.29.219 - - [03/Dec/2022:10:21:57 +0800] "GET /xingrg/login.html HTTP/1.1" 200 7641
114.95.43.237 - - [03/Dec/2022:10:21:59 +0800] "POST /xingrg/kc/buy/cgsh_order_operate.html HTTP/1.1" 200 37
114.88.159.190 - - [03/Dec/2022:10:21:59 +0800] "GET /xingrg/all/function/internal_message.html?_=1670034106487&CODE_STATE=getMsg HTTP/1.1" 200 27
116.238.139.35 - - [03/Dec/2022:10:21:59 +0800] "GET /xingrg/all/function/internal_message.html?_=1670034055604&CODE_STATE=getMsg HTTP/1.1" 200 27
58.40.7.146 - - [03/Dec/2022:10:22:00 +0800] "GET /xingrg/all/function/internal_message.html?_=1670034111945&CODE_STATE=getMsg HTTP/1.1" 302 -
116.238.139.35 - - [03/Dec/2022:10:22:01 +0800] "GET /xingrg/check_reg.html?_=1670034113761 HTTP/1.1" 200 22
114.84.81.136 - - [03/Dec/2022:10:22:02 +0800] "GET /xingrg/all/function/internal_message.html?_=1670034119425&CODE_STATE=getMsg HTTP/1.1" 200 27
114.83.219.57 - - [03/Dec/2022:10:22:05 +0800] "POST /xingrg/dwr/call/plaincall/AjaxYddbService.checkOrder.dwr HTTP/1.1" 200 269
114.95.43.237 - - [03/Dec/2022:10:22:08 +0800] "GET /xingrg/all/function/internal_message.html?_=1670034121039&CODE_STATE=getMsg HTTP/1.1" 200 27
114.95.43.237 - - [03/Dec/2022:10:22:09 +0800] "POST /xingrg/kc/buy/cgsh_order_operate.html HTTP/1.1" 200 6293
101.85.106.255 - - [03/Dec/2022:10:22:10 +0800] "GET /xingrg/all/function/internal_message.html?_=1670034120672&CODE_STATE=getMsg HTTP/1.1" 200 27
222.70.177.10 - - [03/Dec/2022:10:22:12 +0800] "GET /xingrg/all/function/internal_message.html?_=1670034121936&CODE_STATE=getMsg HTTP/1.1" 200 27
58.40.7.146 - - [03/Dec/2022:10:22:13 +0800] "GET /xingrg/check_reg.html?_=1670034124784 HTTP/1.1" 302 -
114.95.43.237 - - [03/Dec/2022:10:22:14 +0800] "GET /xingrg/kc/print/load_data.html?order_code=212022120300554&kc_code=cgsh&condition= HTTP/1.1" 200 2203
114.83.219.57 - - [03/Dec/2022:10:22:19 +0800] "POST /xingrg/dwr/call/plaincall/AjaxYddbService.saveOrder.dwr HTTP/1.1" 200 78
114.84.38.109 - - [03/Dec/2022:10:22:21 +0800] "GET /xingrg/all/function/internal_message.html?_=1670034155155&CODE_STATE=getMsg HTTP/1.1" 200 27
180.158.0.157 - - [03/Dec/2022:10:22:23 +0800] "GET /xingrg/javascript/jquery_easy_ui/themes/default/images/button_plain_hover.png HTTP/1.1" 200 252
180.158.0.157 - - [03/Dec/2022:10:22:23 +0800] "POST /xingrg/dwr/call/plaincall/AjaxReportQueryService.refreshCache.dwr HTTP/1.1" 200 78
101.85.106.255 - - [03/Dec/2022:10:22:23 +0800] "POST /xingrg/kc/buy/cgsh_list_operate.html HTTP/1.1" 200 564
114.95.43.237 - - [03/Dec/2022:10:22:25 +0800] "GET /xingrg/all/function/internal_message.html?_=1670033985379&CODE_STATE=getMsg HTTP/1.1" 200 27
180.158.0.157 - - [03/Dec/2022:10:22:25 +0800] "POST /xingrg/all/report/load_report_page.html HTTP/1.1" 200 10345
180.158.0.157 - - [03/Dec/2022:10:22:25 +0800] "GET /xingrg/servlets/image?cache=0.4766539626400499&image=px HTTP/1.1" 200 807
101.80.228.88 - - [03/Dec/2022:10:22:26 +0800] "POST /xingrg/services/DataTransmitService HTTP/1.1" 200 524
101.85.106.255 - - [03/Dec/2022:10:22:27 +0800] "GET /xingrg/kc/buy/cgsh_order_info.html?code=212022120300548 HTTP/1.1" 200 68696
101.80.228.88 - - [03/Dec/2022:10:22:27 +0800] "POST /xingrg/services/DataTransmitService HTTP/1.1" 200 2147
101.80.228.88 - - [03/Dec/2022:10:22:27 +0800] "POST /xingrg/services/DataTransmitService HTTP/1.1" 200 524
101.85.106.255 - - [03/Dec/2022:10:22:27 +0800] "GET /xingrg/javascript/easyui/themes/default/validatebox.css HTTP/1.1" 404 1104
101.80.228.88 - - [03/Dec/2022:10:22:28 +0800] "POST /xingrg/services/DataTransmitService HTTP/1.1" 200 2147
101.85.106.255 - - [03/Dec/2022:10:22:28 +0800] "POST /xingrg/kc/buy/cgsh_order_operate.html HTTP/1.1" 200 16810
101.80.228.88 - - [03/Dec/2022:10:22:28 +0800] "POST /xingrg/services/DataTransmitService HTTP/1.1" 200 524
58.40.7.146 - - [03/Dec/2022:10:22:28 +0800] "GET /xingrg/all/function/internal_message.html?_=1670034140309&CODE_STATE=getMsg HTTP/1.1" 200 27
101.80.228.88 - - [03/Dec/2022:10:22:29 +0800] "POST /xingrg/services/DataTransmitService HTTP/1.1" 200 2147
101.80.228.88 - - [03/Dec/2022:10:22:29 +0800] "POST /xingrg/services/DataTransmitService HTTP/1.1" 200 524
180.162.229.95 - - [03/Dec/2022:10:22:29 +0800] "GET /xingrg/all/function/internal_message.html?_=1670034142109&CODE_STATE=getMsg HTTP/1.1" 200 27
101.80.228.88 - - [03/Dec/2022:10:22:29 +0800] "POST /xingrg/services/DataTransmitService HTTP/1.1" 200 2147
101.80.228.88 - - [03/Dec/2022:10:22:30 +0800] "POST /xingrg/services/DataTransmitService HTTP/1.1" 200 524
180.162.229.95 - - [03/Dec/2022:10:22:30 +0800] "GET /xingrg/all/function/internal_message.html?_=1670034134512&CODE_STATE=getMsg HTTP/1.1" 200 27
114.83.219.57 - - [03/Dec/2022:10:22:30 +0800] "POST /xingrg/dwr/call/plaincall/AjaxYddbService.checkOrder.dwr HTTP/1.1" 200 79
101.80.228.88 - - [03/Dec/2022:10:22:30 +0800] "POST /xingrg/services/DataTransmitService HTTP/1.1" 200 2147
114.88.159.190 - - [03/Dec/2022:10:22:31 +0800] "GET /xingrg/check_reg.html?_=1670033741312 HTTP/1.1" 200 22
114.88.159.190 - - [03/Dec/2022:10:22:31 +0800] "GET /xingrg/all/function/internal_message.html?_=1670033741313&CODE_STATE=getMsg HTTP/1.1" 200 27
101.80.228.88 - - [03/Dec/2022:10:22:31 +0800] "POST /xingrg/services/DataTransmitService HTTP/1.1" 200 524
101.80.228.88 - - [03/Dec/2022:10:22:32 +0800] "POST /xingrg/services/DataTransmitService HTTP/1.1" 200 2147
101.80.228.88 - - [03/Dec/2022:10:22:32 +0800] "POST /xingrg/services/DataTransmitService HTTP/1.1" 200 524
114.83.219.57 - - [03/Dec/2022:10:22:32 +0800] "GET /xingrg/kc/base/yddb_order_info.html?code=482022120300010 HTTP/1.1" 200 28828
114.83.219.57 - - [03/Dec/2022:10:22:32 +0800] "GET /xingrg/dwr/engine.js HTTP/1.1" 200 43631
114.83.219.57 - - [03/Dec/2022:10:22:32 +0800] "GET /xingrg/dwr/interface/AjaxComOrderService.js HTTP/1.1" 200 18264
114.83.219.57 - - [03/Dec/2022:10:22:32 +0800] "GET /xingrg/dwr/interface/AjaxYddbService.js HTTP/1.1" 200 13201
101.80.228.88 - - [03/Dec/2022:10:22:33 +0800] "POST /xingrg/services/DataTransmitService HTTP/1.1" 200 2147
101.80.228.88 - - [03/Dec/2022:10:22:33 +0800] "POST /xingrg/services/DataTransmitService HTTP/1.1" 200 524
114.83.219.57 - - [03/Dec/2022:10:22:33 +0800] "POST /xingrg/dwr/call/plaincall/AjaxYddbService.loadMaterielItems.dwr HTTP/1.1" 200 387
101.80.228.88 - - [03/Dec/2022:10:22:34 +0800] "POST /xingrg/services/DataTransmitService HTTP/1.1" 200 2147
101.80.228.88 - - [03/Dec/2022:10:22:34 +0800] "POST /xingrg/services/DataTransmitService HTTP/1.1" 200 524
101.80.228.88 - - [03/Dec/2022:10:22:35 +0800] "POST /xingrg/services/DataTransmitService HTTP/1.1" 200 2147
101.80.228.88 - - [03/Dec/2022:10:22:35 +0800] "POST /xingrg/services/DataTransmitService HTTP/1.1" 200 524
101.80.228.88 - - [03/Dec/2022:10:22:36 +0800] "POST /xingrg/services/DataTransmitService HTTP/1.1" 200 2147
114.83.219.57 - - [03/Dec/2022:10:22:36 +0800] "GET /xingrg/kc/base/yddb_order_report.html?fileType=servlets/html&code=482022120300010&reportName=ck_order_report&subName=yddb HTTP/1.1" 302 -
114.83.219.57 - - [03/Dec/2022:10:22:36 +0800] "GET /xingrg/servlets/html?sysBaseUrl=http%3A%2F%2F180.169.147.146%3A18081%2Fxingrg%2F&costTime=779×tamp=1670034156142 HTTP/1.1" 200 14761
114.83.219.57 - - [03/Dec/2022:10:22:36 +0800] "GET /xingrg/servlets/image?image=px HTTP/1.1" 200 807
114.83.219.57 - - [03/Dec/2022:10:22:36 +0800] "GET /favicon.ico HTTP/1.1" 404 -
101.80.228.88 - - [03/Dec/2022:10:22:36 +0800] "POST /xingrg/services/DataTransmitService HTTP/1.1" 200 524
101.80.228.88 - - [03/Dec/2022:10:22:36 +0800] "POST /xingrg/services/DataTransmitService HTTP/1.1" 200 2147
116.238.139.35 - - [03/Dec/2022:10:22:41 +0800] "GET /xingrg/all/function/internal_message.html?_=1670034097120&CODE_STATE=getMsg HTTP/1.1" 200 27
116.238.139.35 - - [03/Dec/2022:10:22:43 +0800] "GET /xingrg/all/function/internal_message.html?_=1670034155195&CODE_STATE=getMsg HTTP/1.1" 200 27
101.85.106.255 - - [03/Dec/2022:10:22:43 +0800] "GET /xingrg/kc/buy/cgsh_order_operate.html?command=get_materiel&rest_code=00142&code=00101012029&supplier_code=00100161&order_time=2022-12-03 HTTP/1.1" 200 412
114.83.219.57 - - [03/Dec/2022:10:22:45 +0800] "GET /xingrg/all/function/internal_message.html?_=1670034209423&CODE_STATE=getMsg HTTP/1.1" 200 27
180.163.29.103 - - [03/Dec/2022:10:22:45 +0800] "GET /xingrg/all/function/internal_message.html?_=1670034101445&CODE_STATE=getMsg HTTP/1.1" 302 -
180.163.29.103 - - [03/Dec/2022:10:22:45 +0800] "GET /xingrg/login.html HTTP/1.1" 200 7641
116.237.74.223 - - [03/Dec/2022:10:22:46 +0800] "GET /xingrg/all/function/internal_message.html?_=1670034161425&CODE_STATE=getMsg HTTP/1.1" 200 27
114.84.38.109 - - [03/Dec/2022:10:22:46 +0800] "GET /xingrg/all/function/internal_message.html?_=1670034176981&CODE_STATE=getMsg HTTP/1.1" 200 27
42.236.10.75 - - [03/Dec/2022:10:22:47 +0800] "GET /xingrg/servlets/html HTTP/1.1" 200 2933
42.236.10.75 - - [03/Dec/2022:10:22:48 +0800] "GET /xingrg/stylesheet.css HTTP/1.1" 404 1036
183.193.130.222 - - [03/Dec/2022:10:22:48 +0800] "GET /favicon.ico HTTP/1.1" 404 -
180.163.29.217 - - [03/Dec/2022:10:22:48 +0800] "GET /xingrg/all/report/report_query.html?isQuery=1&fileName=kc/buy/gys_order.xml&queryString=(a.supplier_code='00100017')and(CONVERT(char(10),a.order_time,120)>='2021-01-01')and('2021-12-31'>=CONVERT(char(10),a.order_time,120))&queryText=?????£¤¨¨¡¥¡é??£¤???:2021-01-01¨¨?32021-12-31????1???????????o????=¨¦???¡ã¡ä???¨¦???¡¤??????????????o????=¨¦???¡ã¡ä???¨¦???¡¤???????&rand=0.03520455443624798 HTTP/1.1" 302 -
180.163.29.217 - - [03/Dec/2022:10:22:48 +0800] "GET /xingrg/login.html HTTP/1.1" 200 7641
101.80.228.88 - - [03/Dec/2022:10:22:49 +0800] "POST /xingrg/services/DataTransmitService HTTP/1.1" 200 524
101.80.228.88 - - [03/Dec/2022:10:22:50 +0800] "POST /xingrg/services/DataTransmitService HTTP/1.1" 200 2147
101.80.228.88 - - [03/Dec/2022:10:22:50 +0800] "POST /xingrg/services/DataTransmitService HTTP/1.1" 200 524
101.80.228.88 - - [03/Dec/2022:10:22:50 +0800] "POST /xingrg/services/DataTransmitService HTTP/1.1" 200 2147
101.80.228.88 - - [03/Dec/2022:10:22:51 +0800] "POST /xingrg/services/DataTransmitService HTTP/1.1" 200 524
101.80.228.88 - - [03/Dec/2022:10:22:51 +0800] "POST /xingrg/services/DataTransmitService HTTP/1.1" 200 2147
120.253.135.82 - - [03/Dec/2022:10:22:52 +0800] "GET /xingrg/check_reg.html?_=1670033966223 HTTP/1.1" 200 22
101.80.228.88 - - [03/Dec/2022:10:22:52 +0800] "POST /xingrg/services/DataTransmitService HTTP/1.1" 200 524
124.79.245.154 - - [03/Dec/2022:10:22:52 +0800] "GET /xingrg/all/function/internal_message.html?_=1670034162753&CODE_STATE=getMsg HTTP/1.1" 302 -
120.253.135.82 - - [03/Dec/2022:10:22:52 +0800] "GET /xingrg/all/function/internal_message.html?_=1670033966756&CODE_STATE=getMsg HTTP/1.1" 200 27
101.80.228.88 - - [03/Dec/2022:10:22:52 +0800] "POST /xingrg/services/DataTransmitService HTTP/1.1" 200 2147
101.80.228.88 - - [03/Dec/2022:10:22:53 +0800] "POST /xingrg/services/DataTransmitService HTTP/1.1" 200 524
114.83.219.57 - - [03/Dec/2022:10:22:53 +0800] "GET /xingrg/dwr/interface/AjaxYddbService.js HTTP/1.1" 200 13201
114.83.219.57 - - [03/Dec/2022:10:22:53 +0800] "GET /xingrg/dwr/interface/AjaxComOrderService.js HTTP/1.1" 200 18264
114.83.219.57 - - [03/Dec/2022:10:22:53 +0800] "GET /xingrg/kc/base/yddb_order_add.html HTTP/1.1" 200 29865
114.83.219.57 - - [03/Dec/2022:10:22:53 +0800] "GET /xingrg/dwr/engine.js HTTP/1.1" 200 43631
101.80.228.88 - - [03/Dec/2022:10:22:53 +0800] "POST /xingrg/services/DataTransmitService HTTP/1.1" 200 2147
180.158.0.157 - - [03/Dec/2022:10:22:54 +0800] "GET /xingrg/all/function/internal_message.html?_=1670034169156&CODE_STATE=getMsg HTTP/1.1" 200 27
116.230.105.139 - - [03/Dec/2022:10:22:56 +0800] "GET /xingrg/all/function/internal_message.html?_=1670034168064&CODE_STATE=getMsg HTTP/1.1" 200 27
101.80.228.88 - - [03/Dec/2022:10:22:56 +0800] "POST /xingrg/services/DataTransmitService HTTP/1.1" 200 524
101.80.228.88 - - [03/Dec/2022:10:22:57 +0800] "POST /xingrg/services/DataTransmitService HTTP/1.1" 200 2147
101.80.228.88 - - [03/Dec/2022:10:22:57 +0800] "POST /xingrg/services/DataTransmitService HTTP/1.1" 200 524
101.80.228.88 - - [03/Dec/2022:10:22:58 +0800] "POST /xingrg/services/DataTransmitService HTTP/1.1" 200 2147
114.88.159.190 - - [03/Dec/2022:10:22:59 +0800] "GET /xingrg/all/function/internal_message.html?_=1670034166486&CODE_STATE=getMsg HTTP/1.1" 200 27
116.238.139.35 - - [03/Dec/2022:10:22:59 +0800] "GET /xingrg/all/function/internal_message.html?_=1670034115616&CODE_STATE=getMsg HTTP/1.1" 200 27
58.40.7.146 - - [03/Dec/2022:10:23:00 +0800] "GET /xingrg/all/function/internal_message.html?_=1670034171930&CODE_STATE=getMsg HTTP/1.1" 302 -
114.84.81.136 - - [03/Dec/2022:10:23:02 +0800] "GET /xingrg/all/function/internal_message.html?_=1670034179422&CODE_STATE=getMsg HTTP/1.1" 200 27
101.85.106.255 - - [03/Dec/2022:10:23:03 +0800] "GET /xingrg/kc/buy/cgsh_order_operate.html?command=get_materiel&rest_code=00142&code=00101012024&supplier_code=00100161&order_time=2022-12-03 HTTP/1.1" 200 408
180.158.0.157 - - [03/Dec/2022:10:23:04 +0800] "GET /xingrg/all/report/report_query.html?isQuery=1&fileName=kc/buy/gys_order.xml&queryString=(a.supplier_code%3D'00100017')%20and%20(CONVERT(char(10)%2Ca.order_time%2C%20120)%3E%3D'2021-02-01')%20and%20('2021-02-28'%3E%3DCONVERT(char(10)%2Ca.order_time%2C%20120))&queryText=%E3%80%90%E6%9F%A5%E8%AF%A2%E6%97%A5%E6%9C%9F%3A2021-02-01%20%E8%87%B3%202021-02-28%E3%80%91%20%E5%B9%B6%E4%B8%94%20%20%E3%80%90%E4%BE%9B%E5%BA%94%E5%95%86%20%3D%20%E9%85%92%E6%B0%B4%EF%BC%88%E9%BE%99%E5%B7%9D%EF%BC%89%E3%80%91%20%E3%80%90%E4%BE%9B%E5%BA%94%E5%95%86%20%3D%20%E9%85%92%E6%B0%B4%EF%BC%88%E9%BE%99%E5%B7%9D%EF%BC%89%E3%80%91&rand=0.8101663777651408 HTTP/1.1" 200 51510
180.158.0.157 - - [03/Dec/2022:10:23:04 +0800] "GET /xingrg/all/report/report_query.html?isQuery=1&fileName=kc/buy/gys_order.xml&queryString=(a.supplier_code%3D'00100017')%20and%20(CONVERT(char(10)%2Ca.order_time%2C%20120)%3E%3D'2021-02-01')%20and%20('2021-02-28'%3E%3DCONVERT(char(10)%2Ca.order_time%2C%20120))&queryText=%E3%80%90%E6%9F%A5%E8%AF%A2%E6%97%A5%E6%9C%9F%3A2021-02-01%20%E8%87%B3%202021-02-28%E3%80%91%20%E5%B9%B6%E4%B8%94%20%20%E3%80%90%E4%BE%9B%E5%BA%94%E5%95%86%20%3D%20%E9%85%92%E6%B0%B4%EF%BC%88%E9%BE%99%E5%B7%9D%EF%BC%89%E3%80%91%20%E3%80%90%E4%BE%9B%E5%BA%94%E5%95%86%20%3D%20%E9%85%92%E6%B0%B4%EF%BC%88%E9%BE%99%E5%B7%9D%EF%BC%89%E3%80%91&rand=0.8101663777651408 HTTP/1.1" 200 51510
180.158.0.157 - - [03/Dec/2022:10:23:04 +0800] "GET /xingrg/dwr/interface/AjaxReportQueryService.js HTTP/1.1" 200 13203
180.158.0.157 - - [03/Dec/2022:10:23:05 +0800] "GET /xingrg/dwr/engine.js HTTP/1.1" 200 43631
180.158.0.157 - - [03/Dec/2022:10:23:06 +0800] "POST /xingrg/all/report/load_report_page.html HTTP/1.1" 200 79281
180.158.0.157 - - [03/Dec/2022:10:23:06 +0800] "GET /xingrg/servlets/image?cache=0.3147467762766071&image=px HTTP/1.1" 200 807
114.95.43.237 - - [03/Dec/2022:10:23:08 +0800] "GET /xingrg/all/function/internal_message.html?_=1670034181028&CODE_STATE=getMsg HTTP/1.1" 200 27
114.95.43.237 - - [03/Dec/2022:10:23:08 +0800] "GET /xingrg/check_reg.html?_=1670034181268 HTTP/1.1" 200 22
101.85.106.255 - - [03/Dec/2022:10:23:10 +0800] "GET /xingrg/all/function/internal_message.html?_=1670034180662&CODE_STATE=getMsg HTTP/1.1" 200 27
222.70.177.10 - - [03/Dec/2022:10:23:12 +0800] "GET /xingrg/all/function/internal_message.html?_=1670034181936&CODE_STATE=getMsg HTTP/1.1" 200 27
222.70.177.10 - - [03/Dec/2022:10:23:12 +0800] "GET /xingrg/check_reg.html?_=1670034181938 HTTP/1.1" 200 22
101.85.106.255 - - [03/Dec/2022:10:23:12 +0800] "GET /xingrg/kc/buy/cgsh_order_operate.html?command=get_materiel&rest_code=00142&code=00101012059&supplier_code=00100161&order_time=2022-12-03 HTTP/1.1" 200 412
101.85.106.255 - - [03/Dec/2022:10:23:20 +0800] "GET /xingrg/kc/buy/cgsh_order_operate.html?command=get_materiel&rest_code=00142&code=00101016057&supplier_code=00100161&order_time=2022-12-03 HTTP/1.1" 200 408
114.84.38.109 - - [03/Dec/2022:10:23:22 +0800] "GET /xingrg/all/function/internal_message.html?_=1670034215764&CODE_STATE=getMsg HTTP/1.1" 200 27
114.95.43.237 - - [03/Dec/2022:10:23:25 +0800] "GET /xingrg/all/function/internal_message.html?_=1670034045368&CODE_STATE=getMsg HTTP/1.1" 200 27
180.163.28.109 - - [03/Dec/2022:10:23:25 +0800] "GET /xingrg/servlets/image?cache=0.4766539626400499&image=px HTTP/1.1" 200 807
58.40.7.146 - - [03/Dec/2022:10:23:28 +0800] "GET /xingrg/all/function/internal_message.html?_=1670034200311&CODE_STATE=getMsg HTTP/1.1" 200 27
180.162.229.95 - - [03/Dec/2022:10:23:29 +0800] "GET /xingrg/all/function/internal_message.html?_=1670034202111&CODE_STATE=getMsg HTTP/1.1" 200 27
180.162.229.95 - - [03/Dec/2022:10:23:30 +0800] "GET /xingrg/all/function/internal_message.html?_=1670034194514&CODE_STATE=getMsg HTTP/1.1" 200 27
114.88.159.190 - - [03/Dec/2022:10:23:31 +0800] "GET /xingrg/all/function/internal_message.html?_=1670033801311&CODE_STATE=getMsg HTTP/1.1" 200 27
101.85.106.255 - - [03/Dec/2022:10:23:37 +0800] "POST /xingrg/kc/buy/cgsh_order_operate.html HTTP/1.1" 200 37
101.85.106.255 - - [03/Dec/2022:10:23:39 +0800] "POST /xingrg/kc/buy/cgsh_order_operate.html HTTP/1.1" 200 19169
116.238.139.35 - - [03/Dec/2022:10:23:41 +0800] "GET /xingrg/all/function/internal_message.html?_=1670034157129&CODE_STATE=getMsg HTTP/1.1" 200 27
116.238.139.35 - - [03/Dec/2022:10:23:43 +0800] "GET /xingrg/all/function/internal_message.html?_=1670034215165&CODE_STATE=getMsg HTTP/1.1" 200 27
116.230.105.139 - - [03/Dec/2022:10:23:44 +0800] "GET /xingrg/check_reg.html?_=1670034215616 HTTP/1.1" 200 22
101.85.106.255 - - [03/Dec/2022:10:23:45 +0800] "POST /xingrg/kc/buy/cgsh_order_operate.html HTTP/1.1" 200 37
180.163.28.114 - - [03/Dec/2022:10:23:45 +0800] "GET /xingrg/all/function/internal_message.html?_=1670034161425&CODE_STATE=getMsg HTTP/1.1" 302 -
114.84.38.109 - - [03/Dec/2022:10:23:45 +0800] "GET /xingrg/check_reg.html?_=1670034235930 HTTP/1.1" 200 22
114.83.219.57 - - [03/Dec/2022:10:23:45 +0800] "GET /xingrg/check_reg.html?_=1670034269427 HTTP/1.1" 200 22
114.83.219.57 - - [03/Dec/2022:10:23:45 +0800] "GET /xingrg/all/function/internal_message.html?_=1670034269428&CODE_STATE=getMsg HTTP/1.1" 200 27
180.163.28.114 - - [03/Dec/2022:10:23:45 +0800] "GET /xingrg/login.html HTTP/1.1" 200 7641
116.237.74.223 - - [03/Dec/2022:10:23:46 +0800] "GET /xingrg/all/function/internal_message.html?_=1670034221405&CODE_STATE=getMsg HTTP/1.1" 200 27
114.84.38.109 - - [03/Dec/2022:10:23:46 +0800] "GET /xingrg/all/function/internal_message.html?_=1670034236994&CODE_STATE=getMsg HTTP/1.1" 200 27
101.85.106.255 - - [03/Dec/2022:10:23:51 +0800] "POST /xingrg/kc/buy/cgsh_order_operate.html HTTP/1.1" 200 19169
180.158.0.157 - - [03/Dec/2022:10:23:52 +0800] "GET /xingrg/kc/buy/cgsh_order_info.html?isLook=1&code=212021021907251 HTTP/1.1" 200 64476
124.79.245.154 - - [03/Dec/2022:10:23:52 +0800] "GET /xingrg/all/function/internal_message.html?_=1670034222763&CODE_STATE=getMsg HTTP/1.1" 302 -
180.158.0.157 - - [03/Dec/2022:10:23:52 +0800] "GET /favicon.ico HTTP/1.1" 404 -
120.253.135.82 - - [03/Dec/2022:10:23:52 +0800] "GET /xingrg/all/function/internal_message.html?_=1670034026769&CODE_STATE=getMsg HTTP/1.1" 200 27
180.158.0.157 - - [03/Dec/2022:10:23:52 +0800] "GET /xingrg/javascript/easyui/themes/default/validatebox.css HTTP/1.1" 404 1104
180.158.0.157 - - [03/Dec/2022:10:23:53 +0800] "POST /xingrg/kc/buy/cgsh_order_operate.html HTTP/1.1" 200 2499
180.158.0.157 - - [03/Dec/2022:10:23:54 +0800] "GET /xingrg/all/function/internal_message.html?_=1670034229150&CODE_STATE=getMsg HTTP/1.1" 200 27
116.230.105.139 - - [03/Dec/2022:10:23:56 +0800] "GET /xingrg/all/function/internal_message.html?_=1670034228043&CODE_STATE=getMsg HTTP/1.1" 200 27
101.85.106.255 - - [03/Dec/2022:10:23:57 +0800] "POST /xingrg/kc/buy/cgsh_order_operate.html HTTP/1.1" 200 37
114.88.159.190 - - [03/Dec/2022:10:23:59 +0800] "GET /xingrg/all/function/internal_message.html?_=1670034226486&CODE_STATE=getMsg HTTP/1.1" 200 27
101.85.106.255 - - [03/Dec/2022:10:23:59 +0800] "POST /xingrg/kc/buy/cgsh_order_operate.html HTTP/1.1" 200 19169
116.238.139.35 - - [03/Dec/2022:10:23:59 +0800] "GET /xingrg/all/function/internal_message.html?_=1670034175690&CODE_STATE=getMsg HTTP/1.1" 200 27
58.40.7.146 - - [03/Dec/2022:10:24:00 +0800] "GET /xingrg/all/function/internal_message.html?_=1670034231903&CODE_STATE=getMsg HTTP/1.1" 302 -
114.84.81.136 - - [03/Dec/2022:10:24:02 +0800] "GET /xingrg/all/function/internal_message.html?_=1670034239421&CODE_STATE=getMsg HTTP/1.1" 200 27
180.163.29.212 - - [03/Dec/2022:10:24:04 +0800] "GET /xingrg/all/report/report_query.html?isQuery=1&fileName=kc/buy/gys_order.xml&queryString=(a.supplier_code='00100017')and(CONVERT(char(10),a.order_time,120)>='2021-02-01')and('2021-02-28'>=CONVERT(char(10),a.order_time,120))&queryText=?????£¤¨¨¡¥¡é??£¤???:2021-02-01¨¨?32021-02-28????1???????????o????=¨¦???¡ã¡ä???¨¦???¡¤??????????????o????=¨¦???¡ã¡ä???¨¦???¡¤???????&rand=0.8101663777651408 HTTP/1.1" 302 -
180.163.29.212 - - [03/Dec/2022:10:24:04 +0800] "GET /xingrg/login.html HTTP/1.1" 200 7641
101.85.106.255 - - [03/Dec/2022:10:24:04 +0800] "POST /xingrg/kc/buy/cgsh_list_operate.html HTTP/1.1" 200 1869
180.163.29.103 - - [03/Dec/2022:10:24:05 +0800] "GET /xingrg/servlets/image?cache=0.3147467762766071&image=px HTTP/1.1" 200 807
114.95.43.237 - - [03/Dec/2022:10:24:08 +0800] "GET /xingrg/all/function/internal_message.html?_=1670034240996&CODE_STATE=getMsg HTTP/1.1" 200 27
101.85.106.255 - - [03/Dec/2022:10:24:10 +0800] "GET /xingrg/all/function/internal_message.html?_=1670034240635&CODE_STATE=getMsg HTTP/1.1" 200 27
180.169.147.146 - - [03/Dec/2022:10:24:12 +0800] "GET /xingrg/login.html HTTP/1.1" 200 7641
222.70.177.10 - - [03/Dec/2022:10:24:12 +0800] "GET /xingrg/all/function/internal_message.html?_=1670034241937&CODE_STATE=getMsg HTTP/1.1" 200 27
180.169.147.146 - - [03/Dec/2022:10:24:13 +0800] "GET /favicon.ico HTTP/1.1" 404 -
180.158.0.157 - - [03/Dec/2022:10:24:15 +0800] "GET /xingrg/all/report/report_query.html?isQuery=1&fileName=kc/buy/gys_order.xml&queryString=(a.supplier_code%3D'00100017')%20and%20(CONVERT(char(10)%2Ca.order_time%2C%20120)%3E%3D'2021-02-01')%20and%20('2021-02-28'%3E%3DCONVERT(char(10)%2Ca.order_time%2C%20120))&queryText=%E3%80%90%E6%9F%A5%E8%AF%A2%E6%97%A5%E6%9C%9F%3A2021-02-01%20%E8%87%B3%202021-02-28%E3%80%91%20%E5%B9%B6%E4%B8%94%20%20%E3%80%90%E4%BE%9B%E5%BA%94%E5%95%86%20%3D%20%E9%85%92%E6%B0%B4%EF%BC%88%E9%BE%99%E5%B7%9D%EF%BC%89%E3%80%91%20%E3%80%90%E4%BE%9B%E5%BA%94%E5%95%86%20%3D%20%E9%85%92%E6%B0%B4%EF%BC%88%E9%BE%99%E5%B7%9D%EF%BC%89%E3%80%91&rand=0.8579374629404382 HTTP/1.1" 200 51510
180.158.0.157 - - [03/Dec/2022:10:24:16 +0800] "GET /xingrg/all/report/report_query.html?isQuery=1&fileName=kc/buy/gys_order.xml&queryString=(a.supplier_code%3D'00100017')%20and%20(CONVERT(char(10)%2Ca.order_time%2C%20120)%3E%3D'2021-02-01')%20and%20('2021-02-28'%3E%3DCONVERT(char(10)%2Ca.order_time%2C%20120))&queryText=%E3%80%90%E6%9F%A5%E8%AF%A2%E6%97%A5%E6%9C%9F%3A2021-02-01%20%E8%87%B3%202021-02-28%E3%80%91%20%E5%B9%B6%E4%B8%94%20%20%E3%80%90%E4%BE%9B%E5%BA%94%E5%95%86%20%3D%20%E9%85%92%E6%B0%B4%EF%BC%88%E9%BE%99%E5%B7%9D%EF%BC%89%E3%80%91%20%E3%80%90%E4%BE%9B%E5%BA%94%E5%95%86%20%3D%20%E9%85%92%E6%B0%B4%EF%BC%88%E9%BE%99%E5%B7%9D%EF%BC%89%E3%80%91&rand=0.8579374629404382 HTTP/1.1" 200 51510
180.158.0.157 - - [03/Dec/2022:10:24:16 +0800] "GET /xingrg/dwr/interface/AjaxReportQueryService.js HTTP/1.1" 200 13203
180.158.0.157 - - [03/Dec/2022:10:24:16 +0800] "GET /xingrg/dwr/engine.js HTTP/1.1" 200 43631
180.158.0.157 - - [03/Dec/2022:10:24:17 +0800] "POST /xingrg/all/report/load_report_page.html HTTP/1.1" 200 79315
180.158.0.157 - - [03/Dec/2022:10:24:17 +0800] "GET /xingrg/servlets/image?cache=0.005630275207674895&image=px HTTP/1.1" 200 807
114.84.38.109 - - [03/Dec/2022:10:24:22 +0800] "GET /xingrg/all/function/internal_message.html?_=1670034275804&CODE_STATE=getMsg HTTP/1.1" 200 27
114.95.43.237 - - [03/Dec/2022:10:24:25 +0800] "GET /xingrg/all/function/internal_message.html?_=1670034105368&CODE_STATE=getMsg HTTP/1.1" 200 27
58.40.7.146 - - [03/Dec/2022:10:24:28 +0800] "GET /xingrg/all/function/internal_message.html?_=1670034260298&CODE_STATE=getMsg HTTP/1.1" 200 27
