180.169.147.146 - - [03/Dec/2022:10:38:59 +0800] "GET /xingrg/all/function/internal_message.html?_=1670035127037&CODE_STATE=getMsg HTTP/1.1" 200 27
58.40.7.146 - - [03/Dec/2022:10:38:59 +0800] "GET /xingrg/all/function/internal_message.html?_=1670035131534&CODE_STATE=getMsg HTTP/1.1" 302 -
116.238.139.35 - - [03/Dec/2022:10:39:00 +0800] "GET /xingrg/all/function/internal_message.html?_=1670035076206&CODE_STATE=getMsg HTTP/1.1" 200 27
114.84.81.136 - - [03/Dec/2022:10:39:02 +0800] "GET /xingrg/all/function/internal_message.html?_=1670035139448&CODE_STATE=getMsg HTTP/1.1" 200 27
114.83.219.57 - - [03/Dec/2022:10:39:05 +0800] "GET /xingrg/all/function/internal_message.html?_=1670035189205&CODE_STATE=getMsg HTTP/1.1" 200 27
180.162.229.95 - - [03/Dec/2022:10:39:07 +0800] "GET /xingrg/kc/buy/cgsh_order_operate.html?command=get_materiel&rest_code=00102&code=00101012051&supplier_code=00100096&order_time=2022-12-03 HTTP/1.1" 200 408
114.95.43.237 - - [03/Dec/2022:10:39:08 +0800] "GET /xingrg/all/function/internal_message.html?_=1670035140753&CODE_STATE=getMsg HTTP/1.1" 200 27
222.70.177.10 - - [03/Dec/2022:10:39:12 +0800] "GET /xingrg/all/function/internal_message.html?_=1670035141964&CODE_STATE=getMsg HTTP/1.1" 200 27
116.237.74.223 - - [03/Dec/2022:10:39:20 +0800] "GET /xingrg/kc/base/base_main.html HTTP/1.1" 200 12142
116.237.74.223 - - [03/Dec/2022:10:39:23 +0800] "GET /xingrg/all/function/internal_message.html?_=1670035157678&CODE_STATE=getMsg HTTP/1.1" 200 27
114.84.38.109 - - [03/Dec/2022:10:39:24 +0800] "GET /xingrg/all/function/internal_message.html?_=1670035178302&CODE_STATE=getMsg HTTP/1.1" 200 27
116.237.74.223 - - [03/Dec/2022:10:39:25 +0800] "GET /xingrg/kc/base/wldb_order_list.html HTTP/1.1" 200 19101
114.95.43.237 - - [03/Dec/2022:10:39:25 +0800] "GET /xingrg/all/function/internal_message.html?_=1670035005397&CODE_STATE=getMsg HTTP/1.1" 200 27
116.237.74.223 - - [03/Dec/2022:10:39:25 +0800] "POST /xingrg/kc/base/wldb_list_operate.html HTTP/1.1" 200 928
116.237.74.223 - - [03/Dec/2022:10:39:28 +0800] "GET /xingrg/kc/base/wldb_order_add.html HTTP/1.1" 200 30384
116.237.74.223 - - [03/Dec/2022:10:39:28 +0800] "POST /xingrg/kc/base/wldb_order_operate.html HTTP/1.1" 200 6806
116.237.74.223 - - [03/Dec/2022:10:39:28 +0800] "GET /xingrg/all/common/auto_word.html?type=base&rest_code=00106 HTTP/1.1" 200 1799
116.237.74.223 - - [03/Dec/2022:10:39:28 +0800] "GET /xingrg/javascript/easyui/themes/default/validatebox.css HTTP/1.1" 404 1104
58.40.7.146 - - [03/Dec/2022:10:39:28 +0800] "GET /xingrg/all/function/internal_message.html?_=1670035160313&CODE_STATE=getMsg HTTP/1.1" 200 27
116.237.74.223 - - [03/Dec/2022:10:39:28 +0800] "GET /xingrg/all/common/auto_word.html?type=base&rest_code=00106 HTTP/1.1" 200 1799
180.162.229.95 - - [03/Dec/2022:10:39:29 +0800] "GET /xingrg/all/function/internal_message.html?_=1670035162090&CODE_STATE=getMsg HTTP/1.1" 200 27
180.162.229.95 - - [03/Dec/2022:10:39:29 +0800] "GET /xingrg/check_reg.html?_=1670035162094 HTTP/1.1" 200 22
180.162.229.95 - - [03/Dec/2022:10:39:30 +0800] "GET /xingrg/all/function/internal_message.html?_=1670035154558&CODE_STATE=getMsg HTTP/1.1" 200 27
116.237.74.223 - - [03/Dec/2022:10:39:30 +0800] "POST /xingrg/all/common/load_combo.html?type=base HTTP/1.1" 200 3227
116.237.74.223 - - [03/Dec/2022:10:39:34 +0800] "POST /xingrg/all/common/load_combo.html?type=base HTTP/1.1" 200 3227
114.84.81.136 - - [03/Dec/2022:10:39:35 +0800] "GET /favicon.ico HTTP/1.1" 404 -
114.88.159.190 - - [03/Dec/2022:10:39:36 +0800] "GET /xingrg/all/function/internal_message.html?_=1670035163822&CODE_STATE=getMsg HTTP/1.1" 200 27
114.84.81.136 - - [03/Dec/2022:10:39:40 +0800] "GET /favicon.ico HTTP/1.1" 404 -
116.238.139.35 - - [03/Dec/2022:10:39:41 +0800] "GET /xingrg/check_reg.html?_=1670035117150 HTTP/1.1" 200 22
116.238.139.35 - - [03/Dec/2022:10:39:41 +0800] "GET /xingrg/all/function/internal_message.html?_=1670035117455&CODE_STATE=getMsg HTTP/1.1" 200 27
180.162.229.95 - - [03/Dec/2022:10:39:42 +0800] "GET /xingrg/check_reg.html?_=1670035185006 HTTP/1.1" 200 22
180.162.229.95 - - [03/Dec/2022:10:39:42 +0800] "GET /xingrg/all/function/internal_message.html?_=1670035185010&CODE_STATE=getMsg HTTP/1.1" 200 27
116.238.139.35 - - [03/Dec/2022:10:39:42 +0800] "GET /xingrg/all/function/internal_message.html?_=1670035174829&CODE_STATE=getMsg HTTP/1.1" 200 27
180.163.28.143 - - [03/Dec/2022:10:39:45 +0800] "GET /xingrg/all/function/internal_message.html?_=1670035121055&CODE_STATE=getMsg HTTP/1.1" 302 -
116.237.74.223 - - [03/Dec/2022:10:39:45 +0800] "GET /xingrg/all/function/internal_message.html?_=1670035181033&CODE_STATE=getMsg HTTP/1.1" 200 27
114.84.38.109 - - [03/Dec/2022:10:39:46 +0800] "GET /xingrg/all/function/internal_message.html?_=1670035197227&CODE_STATE=getMsg HTTP/1.1" 200 27
124.79.245.154 - - [03/Dec/2022:10:39:52 +0800] "GET /xingrg/all/function/internal_message.html?_=1670035182746&CODE_STATE=getMsg HTTP/1.1" 302 -
116.237.74.223 - - [03/Dec/2022:10:39:52 +0800] "GET /xingrg/javascript/auto/indicator.gif HTTP/1.1" 404 1066
180.163.28.143 - - [03/Dec/2022:10:39:54 +0800] "GET /xingrg/login.html HTTP/1.1" 200 7641
180.163.28.109 - - [03/Dec/2022:10:39:54 +0800] "GET /xingrg/all/function/internal_message.html?_=1670035129371&CODE_STATE=getMsg HTTP/1.1" 302 -
180.163.28.109 - - [03/Dec/2022:10:39:54 +0800] "GET /xingrg/login.html HTTP/1.1" 200 7641
180.158.0.157 - - [03/Dec/2022:10:39:55 +0800] "GET /xingrg/all/function/internal_message.html?_=1670035189345&CODE_STATE=getMsg HTTP/1.1" 200 27
116.230.105.139 - - [03/Dec/2022:10:39:56 +0800] "GET /xingrg/all/function/internal_message.html?_=1670035187808&CODE_STATE=getMsg HTTP/1.1" 200 27
180.169.147.146 - - [03/Dec/2022:10:39:59 +0800] "GET /xingrg/all/function/internal_message.html?_=1670035187037&CODE_STATE=getMsg HTTP/1.1" 200 27
58.40.7.146 - - [03/Dec/2022:10:39:59 +0800] "GET /xingrg/all/function/internal_message.html?_=1670035191504&CODE_STATE=getMsg HTTP/1.1" 302 -
116.238.139.35 - - [03/Dec/2022:10:40:00 +0800] "GET /xingrg/all/function/internal_message.html?_=1670035136206&CODE_STATE=getMsg HTTP/1.1" 200 27
114.84.81.136 - - [03/Dec/2022:10:40:02 +0800] "GET /xingrg/all/function/internal_message.html?_=1670035199447&CODE_STATE=getMsg HTTP/1.1" 200 27
114.83.219.57 - - [03/Dec/2022:10:40:05 +0800] "GET /xingrg/all/function/internal_message.html?_=1670035249208&CODE_STATE=getMsg HTTP/1.1" 200 27
116.237.74.223 - - [03/Dec/2022:10:40:06 +0800] "GET /xingrg/kc/base/wldb_order_operate.html?command=get_materiel&rest_code=00106&base_code=0010396&code=00101019492 HTTP/1.1" 200 458
114.95.43.237 - - [03/Dec/2022:10:40:08 +0800] "GET /xingrg/all/function/internal_message.html?_=1670035200727&CODE_STATE=getMsg HTTP/1.1" 200 27
222.70.177.10 - - [03/Dec/2022:10:40:12 +0800] "GET /xingrg/all/function/internal_message.html?_=1670035201962&CODE_STATE=getMsg HTTP/1.1" 200 27
116.237.74.223 - - [03/Dec/2022:10:40:21 +0800] "GET /xingrg/kc/base/wldb_order_operate.html?command=get_materiel&rest_code=00106&base_code=0010396&code=00101019405 HTTP/1.1" 200 482
116.237.74.223 - - [03/Dec/2022:10:40:23 +0800] "GET /xingrg/check_reg.html?_=1670035217672 HTTP/1.1" 200 22
116.237.74.223 - - [03/Dec/2022:10:40:23 +0800] "GET /xingrg/all/function/internal_message.html?_=1670035217671&CODE_STATE=getMsg HTTP/1.1" 200 27
114.84.38.109 - - [03/Dec/2022:10:40:25 +0800] "GET /xingrg/all/function/internal_message.html?_=1670035238687&CODE_STATE=getMsg HTTP/1.1" 200 27
114.95.43.237 - - [03/Dec/2022:10:40:25 +0800] "GET /xingrg/check_reg.html?_=1670035065404 HTTP/1.1" 200 22
114.95.43.237 - - [03/Dec/2022:10:40:25 +0800] "GET /xingrg/all/function/internal_message.html?_=1670035065407&CODE_STATE=getMsg HTTP/1.1" 200 27
58.40.7.146 - - [03/Dec/2022:10:40:28 +0800] "GET /xingrg/all/function/internal_message.html?_=1670035220316&CODE_STATE=getMsg HTTP/1.1" 200 27
58.40.7.146 - - [03/Dec/2022:10:40:28 +0800] "GET /xingrg/check_reg.html?_=1670035220317 HTTP/1.1" 200 22
180.162.229.95 - - [03/Dec/2022:10:40:29 +0800] "GET /xingrg/all/function/internal_message.html?_=1670035222103&CODE_STATE=getMsg HTTP/1.1" 200 27
116.237.74.223 - - [03/Dec/2022:10:40:29 +0800] "POST /xingrg/services/DataTransmitService HTTP/1.1" 200 524
114.84.38.109 - - [03/Dec/2022:10:40:29 +0800] "POST /xingrg/services/DataTransmitService HTTP/1.1" 200 524
180.162.229.95 - - [03/Dec/2022:10:40:30 +0800] "GET /xingrg/all/function/internal_message.html?_=1670035214562&CODE_STATE=getMsg HTTP/1.1" 200 27
180.162.229.95 - - [03/Dec/2022:10:40:30 +0800] "GET /xingrg/check_reg.html?_=1670035214568 HTTP/1.1" 200 22
114.84.38.109 - - [03/Dec/2022:10:40:30 +0800] "POST /xingrg/services/DataTransmitService HTTP/1.1" 200 501
116.237.74.223 - - [03/Dec/2022:10:40:31 +0800] "POST /xingrg/services/DataTransmitService HTTP/1.1" 200 412
116.237.74.223 - - [03/Dec/2022:10:40:33 +0800] "GET /xingrg/kc/base/wldb_order_operate.html?command=get_materiel&rest_code=00106&base_code=0010396&code=00101019222 HTTP/1.1" 200 454
114.88.159.190 - - [03/Dec/2022:10:40:36 +0800] "GET /xingrg/all/function/internal_message.html?_=1670035223795&CODE_STATE=getMsg HTTP/1.1" 200 27
116.238.139.35 - - [03/Dec/2022:10:40:41 +0800] "GET /xingrg/all/function/internal_message.html?_=1670035177468&CODE_STATE=getMsg HTTP/1.1" 200 27
180.162.229.95 - - [03/Dec/2022:10:40:42 +0800] "GET /xingrg/all/function/internal_message.html?_=1670035245004&CODE_STATE=getMsg HTTP/1.1" 200 27
116.238.139.35 - - [03/Dec/2022:10:40:42 +0800] "GET /xingrg/all/function/internal_message.html?_=1670035234802&CODE_STATE=getMsg HTTP/1.1" 200 27
180.163.28.109 - - [03/Dec/2022:10:40:45 +0800] "GET /xingrg/all/function/internal_message.html?_=1670035181033&CODE_STATE=getMsg HTTP/1.1" 302 -
180.163.28.109 - - [03/Dec/2022:10:40:45 +0800] "GET /xingrg/login.html HTTP/1.1" 200 7641
116.237.74.223 - - [03/Dec/2022:10:40:45 +0800] "GET /xingrg/all/function/internal_message.html?_=1670035241015&CODE_STATE=getMsg HTTP/1.1" 200 27
116.237.74.223 - - [03/Dec/2022:10:40:46 +0800] "GET /xingrg/kc/base/wldb_order_operate.html?command=get_materiel&rest_code=00106&base_code=0010396&code=00101019184 HTTP/1.1" 200 458
114.84.38.109 - - [03/Dec/2022:10:40:47 +0800] "GET /xingrg/all/function/internal_message.html?_=1670035257241&CODE_STATE=getMsg HTTP/1.1" 200 27
124.79.245.154 - - [03/Dec/2022:10:40:52 +0800] "GET /xingrg/all/function/internal_message.html?_=1670035242740&CODE_STATE=getMsg HTTP/1.1" 302 -
180.158.0.157 - - [03/Dec/2022:10:40:54 +0800] "GET /xingrg/check_reg.html?_=1670035249138 HTTP/1.1" 200 22
180.158.0.157 - - [03/Dec/2022:10:40:55 +0800] "GET /xingrg/all/function/internal_message.html?_=1670035249326&CODE_STATE=getMsg HTTP/1.1" 200 27
116.230.105.139 - - [03/Dec/2022:10:40:56 +0800] "GET /xingrg/all/function/internal_message.html?_=1670035247790&CODE_STATE=getMsg HTTP/1.1" 200 27
116.237.74.223 - - [03/Dec/2022:10:40:57 +0800] "GET /xingrg/check_reg.html?_=1670035252541 HTTP/1.1" 200 22
180.169.147.146 - - [03/Dec/2022:10:40:59 +0800] "GET /xingrg/check_reg.html?_=1670035247062 HTTP/1.1" 200 22
180.169.147.146 - - [03/Dec/2022:10:40:59 +0800] "GET /xingrg/all/function/internal_message.html?_=1670035247064&CODE_STATE=getMsg HTTP/1.1" 200 27
58.40.7.146 - - [03/Dec/2022:10:40:59 +0800] "GET /xingrg/all/function/internal_message.html?_=1670035251476&CODE_STATE=getMsg HTTP/1.1" 302 -
116.238.139.35 - - [03/Dec/2022:10:41:00 +0800] "GET /xingrg/all/function/internal_message.html?_=1670035196278&CODE_STATE=getMsg HTTP/1.1" 200 27
116.237.74.223 - - [03/Dec/2022:10:41:01 +0800] "GET /xingrg/kc/base/wldb_order_operate.html?command=get_materiel&rest_code=00106&base_code=0010396&code=00101019243 HTTP/1.1" 200 466
114.84.81.136 - - [03/Dec/2022:10:41:02 +0800] "GET /xingrg/all/function/internal_message.html?_=1670035259445&CODE_STATE=getMsg HTTP/1.1" 200 27
114.84.81.136 - - [03/Dec/2022:10:41:02 +0800] "GET /xingrg/check_reg.html?_=1670035259446 HTTP/1.1" 200 22
114.83.219.57 - - [03/Dec/2022:10:41:05 +0800] "GET /xingrg/all/function/internal_message.html?_=1670035309195&CODE_STATE=getMsg HTTP/1.1" 200 27
114.95.43.237 - - [03/Dec/2022:10:41:08 +0800] "GET /xingrg/all/function/internal_message.html?_=1670035260697&CODE_STATE=getMsg HTTP/1.1" 200 27
222.70.177.10 - - [03/Dec/2022:10:41:12 +0800] "GET /xingrg/all/function/internal_message.html?_=1670035261961&CODE_STATE=getMsg HTTP/1.1" 200 27
114.84.38.109 - - [03/Dec/2022:10:41:12 +0800] "GET /xingrg/check_reg.html?_=1670035285879 HTTP/1.1" 200 22
116.237.74.223 - - [03/Dec/2022:10:41:12 +0800] "POST /xingrg/kc/base/wldb_order_operate.html HTTP/1.1" 200 37
116.237.74.223 - - [03/Dec/2022:10:41:13 +0800] "POST /xingrg/kc/base/wldb_order_operate.html HTTP/1.1" 200 4189
116.237.74.223 - - [03/Dec/2022:10:41:13 +0800] "GET /xingrg/kc/base/wldb_order_info.html?code=422022120300159 HTTP/1.1" 200 30399
116.237.74.223 - - [03/Dec/2022:10:41:14 +0800] "GET /xingrg/javascript/easyui/themes/default/validatebox.css HTTP/1.1" 404 1104
116.237.74.223 - - [03/Dec/2022:10:41:14 +0800] "POST /xingrg/kc/base/wldb_order_operate.html HTTP/1.1" 200 4189
116.238.139.35 - - [03/Dec/2022:10:41:17 +0800] "GET /xingrg/check_reg.html?_=1670035213161 HTTP/1.1" 200 22
116.237.74.223 - - [03/Dec/2022:10:41:17 +0800] "GET /xingrg/kc/base/wldb_order_add.html HTTP/1.1" 200 30384
114.84.81.136 - - [03/Dec/2022:10:41:17 +0800] "GET /xingrg/check_reg.html?_=1670035271611 HTTP/1.1" 200 22
116.237.74.223 - - [03/Dec/2022:10:41:17 +0800] "POST /xingrg/kc/base/wldb_order_operate.html HTTP/1.1" 200 6806
116.237.74.223 - - [03/Dec/2022:10:41:17 +0800] "GET /xingrg/javascript/easyui/themes/default/validatebox.css HTTP/1.1" 404 1104
116.237.74.223 - - [03/Dec/2022:10:41:19 +0800] "POST /xingrg/all/common/load_combo.html?type=base HTTP/1.1" 200 3227
116.237.74.223 - - [03/Dec/2022:10:41:23 +0800] "POST /xingrg/all/common/load_combo.html?type=base HTTP/1.1" 200 3227
116.237.74.223 - - [03/Dec/2022:10:41:23 +0800] "GET /xingrg/all/function/internal_message.html?_=1670035277684&CODE_STATE=getMsg HTTP/1.1" 200 27
114.84.38.109 - - [03/Dec/2022:10:41:25 +0800] "GET /xingrg/all/function/internal_message.html?_=1670035298702&CODE_STATE=getMsg HTTP/1.1" 200 27
114.95.43.237 - - [03/Dec/2022:10:41:25 +0800] "GET /xingrg/all/function/internal_message.html?_=1670035125399&CODE_STATE=getMsg HTTP/1.1" 200 27
114.95.43.237 - - [03/Dec/2022:10:41:27 +0800] "GET /xingrg/kc/base/wldb_order_add.html HTTP/1.1" 200 30384
114.95.43.237 - - [03/Dec/2022:10:41:27 +0800] "POST /xingrg/kc/base/wldb_order_operate.html HTTP/1.1" 200 6806
114.95.43.237 - - [03/Dec/2022:10:41:27 +0800] "GET /xingrg/javascript/easyui/themes/default/validatebox.css HTTP/1.1" 404 1104
58.40.7.146 - - [03/Dec/2022:10:41:28 +0800] "GET /xingrg/all/function/internal_message.html?_=1670035280318&CODE_STATE=getMsg HTTP/1.1" 200 27
114.95.43.237 - - [03/Dec/2022:10:41:28 +0800] "POST /xingrg/all/common/load_combo.html?type=base HTTP/1.1" 200 3409
180.162.229.95 - - [03/Dec/2022:10:41:29 +0800] "GET /xingrg/all/function/internal_message.html?_=1670035282105&CODE_STATE=getMsg HTTP/1.1" 200 27
180.162.229.95 - - [03/Dec/2022:10:41:30 +0800] "GET /xingrg/all/function/internal_message.html?_=1670035274569&CODE_STATE=getMsg HTTP/1.1" 200 27
116.237.74.223 - - [03/Dec/2022:10:41:36 +0800] "GET /xingrg/kc/base/wldb_order_operate.html?command=get_materiel&rest_code=00106&base_code=0010396&code=00101016006 HTTP/1.1" 200 460
114.88.159.190 - - [03/Dec/2022:10:41:36 +0800] "GET /xingrg/all/function/internal_message.html?_=1670035283775&CODE_STATE=getMsg HTTP/1.1" 200 27
114.95.43.237 - - [03/Dec/2022:10:41:37 +0800] "GET /xingrg/kc/base/wldb_order_operate.html?command=get_materiel&rest_code=00105&base_code=0010508&code=00102002204 HTTP/1.1" 200 448
116.238.139.35 - - [03/Dec/2022:10:41:41 +0800] "GET /xingrg/all/function/internal_message.html?_=1670035237482&CODE_STATE=getMsg HTTP/1.1" 200 27
180.162.229.95 - - [03/Dec/2022:10:41:42 +0800] "GET /xingrg/all/function/internal_message.html?_=1670035304991&CODE_STATE=getMsg HTTP/1.1" 200 27
116.238.139.35 - - [03/Dec/2022:10:41:42 +0800] "GET /xingrg/all/function/internal_message.html?_=1670035294789&CODE_STATE=getMsg HTTP/1.1" 200 27
114.95.43.237 - - [03/Dec/2022:10:41:44 +0800] "GET /xingrg/kc/base/wldb_order_operate.html?command=get_materiel&rest_code=00105&base_code=0010508&code=00102002304 HTTP/1.1" 200 464
116.237.74.223 - - [03/Dec/2022:10:41:45 +0800] "POST /xingrg/kc/base/wldb_order_operate.html HTTP/1.1" 200 37
180.163.29.103 - - [03/Dec/2022:10:41:45 +0800] "GET /xingrg/all/function/internal_message.html?_=1670035241015&CODE_STATE=getMsg HTTP/1.1" 302 -
116.237.74.223 - - [03/Dec/2022:10:41:45 +0800] "GET /xingrg/all/function/internal_message.html?_=1670035300991&CODE_STATE=getMsg HTTP/1.1" 200 27
180.163.29.103 - - [03/Dec/2022:10:41:45 +0800] "GET /xingrg/login.html HTTP/1.1" 200 7641
116.237.74.223 - - [03/Dec/2022:10:41:46 +0800] "POST /xingrg/kc/base/wldb_order_operate.html HTTP/1.1" 200 2204
114.84.38.109 - - [03/Dec/2022:10:41:47 +0800] "GET /xingrg/all/function/internal_message.html?_=1670035317263&CODE_STATE=getMsg HTTP/1.1" 200 27
116.237.74.223 - - [03/Dec/2022:10:41:47 +0800] "GET /xingrg/kc/base/wldb_order_info.html?code=422022120300160 HTTP/1.1" 200 30398
116.237.74.223 - - [03/Dec/2022:10:41:47 +0800] "GET /xingrg/javascript/easyui/themes/default/validatebox.css HTTP/1.1" 404 1104
116.237.74.223 - - [03/Dec/2022:10:41:48 +0800] "POST /xingrg/kc/base/wldb_order_operate.html HTTP/1.1" 200 2204
114.95.43.237 - - [03/Dec/2022:10:41:50 +0800] "GET /xingrg/kc/base/wldb_order_operate.html?command=get_materiel&rest_code=00105&base_code=0010508&code=00102004006 HTTP/1.1" 200 442
124.79.245.154 - - [03/Dec/2022:10:41:52 +0800] "GET /xingrg/all/function/internal_message.html?_=1670035302746&CODE_STATE=getMsg HTTP/1.1" 302 -
124.79.245.154 - - [03/Dec/2022:10:41:52 +0800] "GET /xingrg/check_reg.html?_=1670035302748 HTTP/1.1" 302 -
116.237.74.223 - - [03/Dec/2022:10:41:52 +0800] "GET /xingrg/kc/base/base_main.html HTTP/1.1" 200 12142
116.237.74.223 - - [03/Dec/2022:10:41:54 +0800] "GET /xingrg/kc/base/wldb_order_list.html HTTP/1.1" 200 19101
116.237.74.223 - - [03/Dec/2022:10:41:54 +0800] "POST /xingrg/kc/base/wldb_list_operate.html HTTP/1.1" 200 2165
180.163.29.212 - - [03/Dec/2022:10:41:54 +0800] "GET /xingrg/check_reg.html?_=1670035249138 HTTP/1.1" 302 -
180.163.29.212 - - [03/Dec/2022:10:41:55 +0800] "GET /xingrg/login.html HTTP/1.1" 200 7641
180.158.0.157 - - [03/Dec/2022:10:41:55 +0800] "GET /xingrg/all/function/internal_message.html?_=1670035309310&CODE_STATE=getMsg HTTP/1.1" 200 27
116.230.105.139 - - [03/Dec/2022:10:41:56 +0800] "GET /xingrg/all/function/internal_message.html?_=1670035307777&CODE_STATE=getMsg HTTP/1.1" 200 27
114.95.43.237 - - [03/Dec/2022:10:41:58 +0800] "GET /xingrg/kc/base/wldb_order_operate.html?command=get_materiel&rest_code=00105&base_code=0010508&code=00102015103 HTTP/1.1" 200 439
180.169.147.146 - - [03/Dec/2022:10:41:59 +0800] "GET /xingrg/all/function/internal_message.html?_=1670035307059&CODE_STATE=getMsg HTTP/1.1" 200 27
58.40.7.146 - - [03/Dec/2022:10:41:59 +0800] "GET /xingrg/all/function/internal_message.html?_=1670035311447&CODE_STATE=getMsg HTTP/1.1" 302 -
116.238.139.35 - - [03/Dec/2022:10:42:00 +0800] "GET /xingrg/all/function/internal_message.html?_=1670035256280&CODE_STATE=getMsg HTTP/1.1" 200 27
116.238.139.35 - - [03/Dec/2022:10:42:01 +0800] "GET /xingrg/check_reg.html?_=1670035313685 HTTP/1.1" 200 22
114.84.81.136 - - [03/Dec/2022:10:42:02 +0800] "GET /xingrg/all/function/internal_message.html?_=1670035319444&CODE_STATE=getMsg HTTP/1.1" 200 27
114.83.219.57 - - [03/Dec/2022:10:42:05 +0800] "GET /xingrg/all/function/internal_message.html?_=1670035369189&CODE_STATE=getMsg HTTP/1.1" 200 27
114.95.43.237 - - [03/Dec/2022:10:42:07 +0800] "GET /xingrg/kc/base/wldb_order_operate.html?command=get_materiel&rest_code=00105&base_code=0010508&code=00102002610 HTTP/1.1" 200 444
114.95.43.237 - - [03/Dec/2022:10:42:07 +0800] "GET /xingrg/all/function/internal_message.html?_=1670035320686&CODE_STATE=getMsg HTTP/1.1" 200 27
180.169.147.146 - - [03/Dec/2022:10:42:11 +0800] "GET /xingrg/login.html HTTP/1.1" 200 7641
180.169.147.146 - - [03/Dec/2022:10:42:11 +0800] "GET /xingrg/images/blue/jxLogo.png HTTP/1.1" 200 6156
180.169.147.146 - - [03/Dec/2022:10:42:11 +0800] "GET /xingrg/images/blue/login_bg.png HTTP/1.1" 200 22101
180.169.147.146 - - [03/Dec/2022:10:42:11 +0800] "GET /xingrg/images/blue/hj.png HTTP/1.1" 200 1014
180.169.147.146 - - [03/Dec/2022:10:42:11 +0800] "GET /xingrg/images/blue/srbg.png HTTP/1.1" 200 138
180.169.147.146 - - [03/Dec/2022:10:42:11 +0800] "GET /favicon.ico HTTP/1.1" 404 -
222.70.177.10 - - [03/Dec/2022:10:42:12 +0800] "GET /xingrg/all/function/internal_message.html?_=1670035321961&CODE_STATE=getMsg HTTP/1.1" 200 27
58.40.7.146 - - [03/Dec/2022:10:42:13 +0800] "GET /xingrg/check_reg.html?_=1670035324715 HTTP/1.1" 302 -
114.95.43.237 - - [03/Dec/2022:10:42:13 +0800] "POST /xingrg/kc/base/wldb_order_operate.html HTTP/1.1" 200 37
114.95.43.237 - - [03/Dec/2022:10:42:14 +0800] "POST /xingrg/kc/base/wldb_order_operate.html HTTP/1.1" 200 4133
180.169.147.146 - - [03/Dec/2022:10:42:18 +0800] "POST /xingrg/login.do HTTP/1.1" 302 -
180.169.147.146 - - [03/Dec/2022:10:42:19 +0800] "GET /xingrg/index.html?sysBaseUrl=http%3A%2F%2F180.169.147.146%3A18081%2Fxingrg%2F&costTime=1219×tamp=1670035338947 HTTP/1.1" 200 17503
180.169.147.146 - - [03/Dec/2022:10:42:19 +0800] "GET /xingrg/javascript/jquery_easy_ui/themes/icon.css HTTP/1.1" 200 3949
180.169.147.146 - - [03/Dec/2022:10:42:19 +0800] "GET /xingrg/javascript/jquery-1.4.2.min.js HTTP/1.1" 200 72205
180.169.147.146 - - [03/Dec/2022:10:42:19 +0800] "GET /xingrg/javascript/jquery_easy_ui/easyui-lang-zh_CN.js HTTP/1.1" 200 1900
180.169.147.146 - - [03/Dec/2022:10:42:19 +0800] "GET /xingrg/javascript/jquery_easy_ui/themes/default/easyui.css HTTP/1.1" 200 26500
180.169.147.146 - - [03/Dec/2022:10:42:19 +0800] "GET /xingrg/css/form.css HTTP/1.1" 200 893
180.169.147.146 - - [03/Dec/2022:10:42:19 +0800] "GET /xingrg/javascript/jquery_easy_ui/jquery.easyui.min.js HTTP/1.1" 200 213662
180.169.147.146 - - [03/Dec/2022:10:42:19 +0800] "GET /favicon.ico HTTP/1.1" 404 -
180.169.147.146 - - [03/Dec/2022:10:42:19 +0800] "GET /xingrg/javascript/jquery.form.js HTTP/1.1" 200 23110
180.169.147.146 - - [03/Dec/2022:10:42:19 +0800] "GET /xingrg/javascript/jquery.utils.js HTTP/1.1" 200 11805
180.169.147.146 - - [03/Dec/2022:10:42:19 +0800] "GET /xingrg/javascript/jquery.timers.js HTTP/1.1" 200 3532
180.169.147.146 - - [03/Dec/2022:10:42:19 +0800] "GET /xingrg/javascript/jquery_easy_ui/themes/icons/settle_new.png HTTP/1.1" 200 826
180.169.147.146 - - [03/Dec/2022:10:42:19 +0800] "GET /xingrg/images/blue/navBackgound.jpg HTTP/1.1" 200 12378
180.169.147.146 - - [03/Dec/2022:10:42:19 +0800] "GET /xingrg/check_reg.html?_=1670035330344 HTTP/1.1" 200 22
180.169.147.146 - - [03/Dec/2022:10:42:19 +0800] "GET /xingrg/all/function/internal_message.html?_=1670035330342&CODE_STATE=count HTTP/1.1" 200 11
180.169.147.146 - - [03/Dec/2022:10:42:19 +0800] "GET /xingrg/images/blue/pingpu.png HTTP/1.1" 200 231
180.169.147.146 - - [03/Dec/2022:10:42:19 +0800] "GET /xingrg/javascript/jquery_easy_ui/themes/default/images/tabs_leftarrow.png HTTP/1.1" 200 389
180.169.147.146 - - [03/Dec/2022:10:42:19 +0800] "GET /xingrg/javascript/jquery_easy_ui/themes/default/images/tabs_rightarrow.png HTTP/1.1" 200 395
180.169.147.146 - - [03/Dec/2022:10:42:19 +0800] "POST /xingrg/all/common/load_tree.html?tree=area_rest_tree_json&manage=1 HTTP/1.1" 200 1972
180.169.147.146 - - [03/Dec/2022:10:42:19 +0800] "GET /xingrg/javascript/jquery_easy_ui/themes/default/images/panel_tool_expand.gif HTTP/1.1" 200 247
180.169.147.146 - - [03/Dec/2022:10:42:19 +0800] "GET /xingrg/javascript/jquery_easy_ui/themes/default/images/panel_tool_collapse.gif HTTP/1.1" 200 246
180.169.147.146 - - [03/Dec/2022:10:42:19 +0800] "POST /xingrg/load_menu.html HTTP/1.1" 200 11564
180.169.147.146 - - [03/Dec/2022:10:42:19 +0800] "GET /xingrg/javascript/jquery_easy_ui/themes/default/images/tree_arrows.gif HTTP/1.1" 200 1043
180.169.147.146 - - [03/Dec/2022:10:42:19 +0800] "GET /xingrg/javascript/jquery_easy_ui/themes/default/images/tree_folder_open.gif HTTP/1.1" 200 956
180.169.147.146 - - [03/Dec/2022:10:42:19 +0800] "GET /xingrg/javascript/jquery_easy_ui/themes/icons/search_new.png HTTP/1.1" 200 586
180.169.147.146 - - [03/Dec/2022:10:42:19 +0800] "GET /xingrg/javascript/jquery_easy_ui/themes/icons/delivery_new.png HTTP/1.1" 200 700
180.169.147.146 - - [03/Dec/2022:10:42:19 +0800] "GET /xingrg/javascript/jquery_easy_ui/themes/icons/storage_new.png HTTP/1.1" 200 853
180.169.147.146 - - [03/Dec/2022:10:42:19 +0800] "GET /xingrg/javascript/jquery_easy_ui/themes/icons/checkout_new.png HTTP/1.1" 200 744
180.169.147.146 - - [03/Dec/2022:10:42:19 +0800] "GET /xingrg/javascript/jquery_easy_ui/themes/icons/forms_new.png HTTP/1.1" 200 350
180.169.147.146 - - [03/Dec/2022:10:42:19 +0800] "GET /xingrg/javascript/jquery_easy_ui/themes/icons/setting_new.png HTTP/1.1" 200 450
180.169.147.146 - - [03/Dec/2022:10:42:19 +0800] "GET /xingrg/javascript/jquery_easy_ui/themes/icons/systemset_new.png HTTP/1.1" 200 606
180.169.147.146 - - [03/Dec/2022:10:42:19 +0800] "GET /xingrg/javascript/jquery_easy_ui/themes/default/images/tree_file.gif HTTP/1.1" 200 118
180.169.147.146 - - [03/Dec/2022:10:42:19 +0800] "GET /xingrg/javascript/jquery_easy_ui/themes/default/images/tree_folder.gif HTTP/1.1" 200 952
180.169.147.146 - - [03/Dec/2022:10:42:20 +0800] "GET /xingrg/javascript/jquery_easy_ui/themes/icons/area.png HTTP/1.1" 200 262
180.169.147.146 - - [03/Dec/2022:10:42:20 +0800] "GET /xingrg/javascript/jquery_easy_ui/themes/icons/manage.png HTTP/1.1" 200 696
180.169.147.146 - - [03/Dec/2022:10:42:20 +0800] "GET /xingrg/javascript/jquery_easy_ui/themes/icons/rest.png HTTP/1.1" 200 695
180.169.147.146 - - [03/Dec/2022:10:42:20 +0800] "GET /xingrg/javascript/jquery_easy_ui/themes/default/images/button_a_bg.gif HTTP/1.1" 200 1194
180.169.147.146 - - [03/Dec/2022:10:42:20 +0800] "GET /xingrg/javascript/jquery_easy_ui/themes/default/images/button_span_bg.gif HTTP/1.1" 200 2061
180.169.147.146 - - [03/Dec/2022:10:42:20 +0800] "GET /xingrg/javascript/jquery_easy_ui/themes/icons/ok.png HTTP/1.1" 200 883
180.169.147.146 - - [03/Dec/2022:10:42:20 +0800] "GET /xingrg/javascript/jquery_easy_ui/themes/default/images/panel_title.png HTTP/1.1" 200 266
180.169.147.146 - - [03/Dec/2022:10:42:20 +0800] "GET /xingrg/javascript/jquery_easy_ui/themes/default/images/panel_tools.gif HTTP/1.1" 200 737
180.169.147.146 - - [03/Dec/2022:10:42:22 +0800] "GET /xingrg/images/control/ajaxLoader.gif HTTP/1.1" 200 4659
180.169.147.146 - - [03/Dec/2022:10:42:23 +0800] "POST /xingrg/all/user/operate.html HTTP/1.1" 200 36
180.169.147.146 - - [03/Dec/2022:10:42:23 +0800] "GET /xingrg/index.html?sysBaseUrl=http%3A%2F%2F180.169.147.146%3A18081%2Fxingrg%2F&costTime=1219×tamp=1670035338947 HTTP/1.1" 200 17503
180.169.147.146 - - [03/Dec/2022:10:42:23 +0800] "GET /xingrg/javascript/jquery_easy_ui/themes/default/easyui.css HTTP/1.1" 304 -
180.169.147.146 - - [03/Dec/2022:10:42:23 +0800] "GET /xingrg/javascript/jquery_easy_ui/themes/icon.css HTTP/1.1" 304 -
180.169.147.146 - - [03/Dec/2022:10:42:23 +0800] "GET /xingrg/css/form.css HTTP/1.1" 304 -
180.169.147.146 - - [03/Dec/2022:10:42:23 +0800] "GET /xingrg/javascript/jquery-1.4.2.min.js HTTP/1.1" 304 -
180.169.147.146 - - [03/Dec/2022:10:42:23 +0800] "GET /xingrg/javascript/jquery_easy_ui/jquery.easyui.min.js HTTP/1.1" 304 -
180.169.147.146 - - [03/Dec/2022:10:42:23 +0800] "GET /xingrg/javascript/jquery_easy_ui/easyui-lang-zh_CN.js HTTP/1.1" 304 -
180.169.147.146 - - [03/Dec/2022:10:42:23 +0800] "GET /xingrg/javascript/jquery.form.js HTTP/1.1" 304 -
180.169.147.146 - - [03/Dec/2022:10:42:23 +0800] "GET /xingrg/javascript/jquery.utils.js HTTP/1.1" 304 -
180.169.147.146 - - [03/Dec/2022:10:42:23 +0800] "GET /xingrg/javascript/jquery.timers.js HTTP/1.1" 304 -
180.169.147.146 - - [03/Dec/2022:10:42:23 +0800] "GET /xingrg/images/blue/jxLogo.png HTTP/1.1" 304 -
180.169.147.146 - - [03/Dec/2022:10:42:23 +0800] "GET /xingrg/images/blue/navBackgound.jpg HTTP/1.1" 304 -
180.169.147.146 - - [03/Dec/2022:10:42:23 +0800] "GET /xingrg/javascript/jquery_easy_ui/themes/icons/settle_new.png HTTP/1.1" 304 -
180.169.147.146 - - [03/Dec/2022:10:42:23 +0800] "GET /xingrg/check_reg.html?_=1670035334121 HTTP/1.1" 200 22
180.169.147.146 - - [03/Dec/2022:10:42:23 +0800] "GET /xingrg/all/function/internal_message.html?_=1670035334120&CODE_STATE=count HTTP/1.1" 200 11
180.169.147.146 - - [03/Dec/2022:10:42:23 +0800] "GET /xingrg/javascript/jquery_easy_ui/themes/default/images/tabs_leftarrow.png HTTP/1.1" 304 -
180.169.147.146 - - [03/Dec/2022:10:42:23 +0800] "GET /xingrg/javascript/jquery_easy_ui/themes/default/images/panel_tool_collapse.gif HTTP/1.1" 304 -
180.169.147.146 - - [03/Dec/2022:10:42:23 +0800] "GET /xingrg/javascript/jquery_easy_ui/themes/default/images/panel_tool_expand.gif HTTP/1.1" 304 -
180.169.147.146 - - [03/Dec/2022:10:42:23 +0800] "GET /xingrg/javascript/jquery_easy_ui/themes/default/images/tabs_rightarrow.png HTTP/1.1" 304 -
180.169.147.146 - - [03/Dec/2022:10:42:23 +0800] "GET /xingrg/images/blue/pingpu.png HTTP/1.1" 304 -
116.237.74.223 - - [03/Dec/2022:10:42:23 +0800] "GET /xingrg/all/function/internal_message.html?_=1670035337681&CODE_STATE=getMsg HTTP/1.1" 200 27
180.169.147.146 - - [03/Dec/2022:10:42:23 +0800] "POST /xingrg/all/common/load_tree.html?tree=area_rest_tree_json&manage=1 HTTP/1.1" 200 1972
180.169.147.146 - - [03/Dec/2022:10:42:23 +0800] "POST /xingrg/load_menu.html HTTP/1.1" 200 9959
114.84.38.109 - - [03/Dec/2022:10:42:25 +0800] "GET /xingrg/all/function/internal_message.html?_=1670035358717&CODE_STATE=getMsg HTTP/1.1" 200 27
114.95.43.237 - - [03/Dec/2022:10:42:25 +0800] "GET /xingrg/all/function/internal_message.html?_=1670035185406&CODE_STATE=getMsg HTTP/1.1" 200 27
180.169.147.146 - - [03/Dec/2022:10:42:25 +0800] "GET /xingrg/javascript/jquery_easy_ui/themes/default/images/tabs_close.gif HTTP/1.1" 200 829
180.169.147.146 - - [03/Dec/2022:10:42:25 +0800] "GET /xingrg/kc/report/report_main.html HTTP/1.1" 200 7340
180.169.147.146 - - [03/Dec/2022:10:42:25 +0800] "GET /xingrg/css/blue.css HTTP/1.1" 200 15949
180.169.147.146 - - [03/Dec/2022:10:42:25 +0800] "GET /xingrg/javascript/pic_change.js HTTP/1.1" 200 4739
180.169.147.146 - - [03/Dec/2022:10:42:25 +0800] "GET /xingrg/javascript/jquery_ui/themes/humanity/humanity.css HTTP/1.1" 200 27801
180.169.147.146 - - [03/Dec/2022:10:42:25 +0800] "GET /xingrg/javascript/json2.js HTTP/1.1" 200 11259
180.169.147.146 - - [03/Dec/2022:10:42:25 +0800] "GET /xingrg/javascript/myfunction.js HTTP/1.1" 200 24559
114.95.43.237 - - [03/Dec/2022:10:42:25 +0800] "GET /xingrg/kc/base/wldb_order_info.html?code=422022120300161 HTTP/1.1" 200 30398
180.169.147.146 - - [03/Dec/2022:10:42:25 +0800] "GET /xingrg/javascript/jquery_easy_ui/themes/icons/back_new.png HTTP/1.1" 200 3414
114.95.43.237 - - [03/Dec/2022:10:42:26 +0800] "GET /xingrg/javascript/easyui/themes/default/validatebox.css HTTP/1.1" 404 1104
180.169.147.146 - - [03/Dec/2022:10:42:26 +0800] "GET /xingrg/kc/base/crk_hz.html HTTP/1.1" 200 11247
180.169.147.146 - - [03/Dec/2022:10:42:26 +0800] "GET /xingrg/javascript/step/step.css HTTP/1.1" 200 999
180.169.147.146 - - [03/Dec/2022:10:42:26 +0800] "GET /xingrg/css/table.css HTTP/1.1" 200 3684
114.95.43.237 - - [03/Dec/2022:10:42:27 +0800] "POST /xingrg/kc/base/wldb_order_operate.html HTTP/1.1" 200 4133
180.169.147.146 - - [03/Dec/2022:10:42:27 +0800] "POST /xingrg/kc/cost/cost_operate.html?command=get_base_tree HTTP/1.1" 200 2657
180.169.147.146 - - [03/Dec/2022:10:42:27 +0800] "POST /xingrg/all/common/load_tree.html?tree=materiel_sort_tree_json HTTP/1.1" 200 9500
180.169.147.146 - - [03/Dec/2022:10:42:27 +0800] "GET /xingrg/javascript/jquery_easy_ui/themes/default/images/combo_arrow_dot.gif HTTP/1.1" 200 79
180.169.147.146 - - [03/Dec/2022:10:42:27 +0800] "GET /xingrg/javascript/jquery_easy_ui/themes/icons/search.png HTTP/1.1" 200 813
180.169.147.146 - - [03/Dec/2022:10:42:27 +0800] "GET /xingrg/javascript/jquery_easy_ui/themes/icons/print.png HTTP/1.1" 200 1057
180.169.147.146 - - [03/Dec/2022:10:42:27 +0800] "GET /xingrg/javascript/jquery_easy_ui/themes/default/images/menu_downarrow.png HTTP/1.1" 200 173
180.169.147.146 - - [03/Dec/2022:10:42:27 +0800] "GET /xingrg/javascript/jquery_easy_ui/themes/default/images/menu.gif HTTP/1.1" 200 834
180.169.147.146 - - [03/Dec/2022:10:42:27 +0800] "GET /xingrg/javascript/jquery_easy_ui/themes/default/images/calendar_prevmonth.gif HTTP/1.1" 200 66
180.169.147.146 - - [03/Dec/2022:10:42:27 +0800] "GET /xingrg/javascript/jquery_easy_ui/themes/default/images/calendar_nextmonth.gif HTTP/1.1" 200 64
180.169.147.146 - - [03/Dec/2022:10:42:27 +0800] "GET /xingrg/javascript/jquery_easy_ui/themes/default/images/calendar_prevyear.gif HTTP/1.1" 200 76
180.169.147.146 - - [03/Dec/2022:10:42:27 +0800] "GET /xingrg/javascript/jquery_easy_ui/themes/default/images/calendar_nextyear.gif HTTP/1.1" 200 75
180.169.147.146 - - [03/Dec/2022:10:42:27 +0800] "GET /xingrg/javascript/jquery_easy_ui/themes/default/images/tree_checkbox_0.gif HTTP/1.1" 200 168
58.40.7.146 - - [03/Dec/2022:10:42:28 +0800] "GET /xingrg/all/function/internal_message.html?_=1670035340303&CODE_STATE=getMsg HTTP/1.1" 200 27
114.95.43.237 - - [03/Dec/2022:10:42:28 +0800] "GET /xingrg/kc/base/wldb_order_add.html HTTP/1.1" 200 30384
180.169.147.146 - - [03/Dec/2022:10:42:29 +0800] "GET /xingrg/javascript/jquery_easy_ui/themes/default/images/tabs_active.png HTTP/1.1" 200 2894
114.95.43.237 - - [03/Dec/2022:10:42:29 +0800] "POST /xingrg/kc/base/wldb_order_operate.html HTTP/1.1" 200 6806
114.95.43.237 - - [03/Dec/2022:10:42:29 +0800] "GET /xingrg/javascript/easyui/themes/default/validatebox.css HTTP/1.1" 404 1104
180.162.229.95 - - [03/Dec/2022:10:42:29 +0800] "GET /xingrg/all/function/internal_message.html?_=1670035342104&CODE_STATE=getMsg HTTP/1.1" 200 27
114.95.43.237 - - [03/Dec/2022:10:42:30 +0800] "POST /xingrg/all/common/load_combo.html?type=base HTTP/1.1" 200 3409
180.162.229.95 - - [03/Dec/2022:10:42:30 +0800] "GET /xingrg/all/function/internal_message.html?_=1670035334568&CODE_STATE=getMsg HTTP/1.1" 200 27
180.169.147.146 - - [03/Dec/2022:10:42:32 +0800] "GET /xingrg/all/report/report_query.html?fileName=kc/buy/gys_amount_base.xml&rh=99999 HTTP/1.1" 200 51871
180.169.147.146 - - [03/Dec/2022:10:42:32 +0800] "GET /xingrg/javascript/calendar/timePicker.css HTTP/1.1" 200 523
180.169.147.146 - - [03/Dec/2022:10:42:32 +0800] "GET /xingrg/javascript/multi_select/jqueryMultiSelect.css HTTP/1.1" 200 951
180.169.147.146 - - [03/Dec/2022:10:42:32 +0800] "GET /xingrg/javascript/bigrid/fix.css HTTP/1.1" 200 1702
180.169.147.146 - - [03/Dec/2022:10:42:32 +0800] "GET /xingrg/dwr/interface/AjaxReportQueryService.js HTTP/1.1" 200 13203
180.169.147.146 - - [03/Dec/2022:10:42:32 +0800] "GET /xingrg/javascript/jqueryMultiSelect.js HTTP/1.1" 200 11866
180.169.147.146 - - [03/Dec/2022:10:42:32 +0800] "GET /xingrg/javascript/calendar/jquery.timePicker.min.js HTTP/1.1" 200 2997
180.169.147.146 - - [03/Dec/2022:10:42:32 +0800] "GET /xingrg/javascript/bigrid/fix.js HTTP/1.1" 200 6439
180.169.147.146 - - [03/Dec/2022:10:42:32 +0800] "GET /xingrg/javascript/Calendar.js HTTP/1.1" 200 31561
180.169.147.146 - - [03/Dec/2022:10:42:32 +0800] "GET /xingrg/dwr/util.js HTTP/1.1" 200 35990
180.169.147.146 - - [03/Dec/2022:10:42:32 +0800] "GET /xingrg/dwr/engine.js HTTP/1.1" 200 43631
180.169.147.146 - - [03/Dec/2022:10:42:32 +0800] "GET /xingrg/images/blue/button/advanceover.gif HTTP/1.1" 200 1347
180.169.147.146 - - [03/Dec/2022:10:42:32 +0800] "GET /xingrg/images/blue/button/advance2over.gif HTTP/1.1" 200 1336
180.169.147.146 - - [03/Dec/2022:10:42:32 +0800] "GET /xingrg/images/control/loading.gif HTTP/1.1" 200 13463
180.169.147.146 - - [03/Dec/2022:10:42:32 +0800] "GET /xingrg/images/blue/button/back2over.gif HTTP/1.1" 200 1335
180.169.147.146 - - [03/Dec/2022:10:42:32 +0800] "GET /xingrg/images/blue/button/backover.gif HTTP/1.1" 200 1348
180.169.147.146 - - [03/Dec/2022:10:42:32 +0800] "GET /xingrg/javascript/jquery_easy_ui/themes/icons/help.png HTTP/1.1" 200 1187
180.169.147.146 - - [03/Dec/2022:10:42:32 +0800] "POST /xingrg/dwr/call/plaincall/AjaxReportQueryService.getFixDate.dwr HTTP/1.1" 200 111
180.169.147.146 - - [03/Dec/2022:10:42:32 +0800] "GET /xingrg/javascript/jquery_easy_ui/themes/default/images/menu_rightarrow.png HTTP/1.1" 200 3617
180.169.147.146 - - [03/Dec/2022:10:42:32 +0800] "GET /xingrg/javascript/jquery_easy_ui/themes/icons/pencil.png HTTP/1.1" 200 713
180.169.147.146 - - [03/Dec/2022:10:42:32 +0800] "POST /xingrg/dwr/call/plaincall/AjaxReportQueryService.getInitString.dwr HTTP/1.1" 200 1062
180.169.147.146 - - [03/Dec/2022:10:42:32 +0800] "GET /xingrg/javascript/multi_select/dropdown.gif HTTP/1.1" 200 61
180.169.147.146 - - [03/Dec/2022:10:42:33 +0800] "POST /xingrg/all/common/load_tree.html?tree=supplier_tree_json&manage=1 HTTP/1.1" 200 71711
180.169.147.146 - - [03/Dec/2022:10:42:33 +0800] "POST /xingrg/all/common/load_tree.html?tree=materiel_sort_tree_json HTTP/1.1" 200 9500
180.169.147.146 - - [03/Dec/2022:10:42:35 +0800] "POST /xingrg/dwr/call/plaincall/AjaxReportQueryService.getFixDate.dwr HTTP/1.1" 200 111
180.169.147.146 - - [03/Dec/2022:10:42:35 +0800] "GET /xingrg/javascript/multi_select/dropdown_hover.gif HTTP/1.1" 200 61
114.88.159.190 - - [03/Dec/2022:10:42:36 +0800] "GET /xingrg/all/function/internal_message.html?_=1670035343750&CODE_STATE=getMsg HTTP/1.1" 200 27
180.169.147.146 - - [03/Dec/2022:10:42:39 +0800] "GET /xingrg/javascript/jquery_easy_ui/themes/default/images/tree_checkbox_1.gif HTTP/1.1" 200 174
180.169.147.146 - - [03/Dec/2022:10:42:39 +0800] "GET /xingrg/javascript/jquery_easy_ui/themes/default/images/tree_checkbox_2.gif HTTP/1.1" 200 181
180.169.147.146 - - [03/Dec/2022:10:42:39 +0800] "GET /xingrg/javascript/jquery_easy_ui/themes/default/images/button_plain_hover.png HTTP/1.1" 200 252
180.169.147.146 - - [03/Dec/2022:10:42:41 +0800] "POST /xingrg/dwr/call/plaincall/AjaxReportQueryService.refreshCache.dwr HTTP/1.1" 200 78
116.238.139.35 - - [03/Dec/2022:10:42:41 +0800] "GET /xingrg/all/function/internal_message.html?_=1670035297535&CODE_STATE=getMsg HTTP/1.1" 200 27
180.162.229.95 - - [03/Dec/2022:10:42:42 +0800] "GET /xingrg/all/function/internal_message.html?_=1670035365000&CODE_STATE=getMsg HTTP/1.1" 200 27
116.238.139.35 - - [03/Dec/2022:10:42:42 +0800] "GET /xingrg/all/function/internal_message.html?_=1670035354764&CODE_STATE=getMsg HTTP/1.1" 200 27
180.163.28.55 - - [03/Dec/2022:10:42:45 +0800] "GET /xingrg/all/function/internal_message.html?_=1670035300991&CODE_STATE=getMsg HTTP/1.1" 302 -
180.163.28.55 - - [03/Dec/2022:10:42:45 +0800] "GET /xingrg/login.html HTTP/1.1" 200 7641
116.237.74.223 - - [03/Dec/2022:10:42:45 +0800] "GET /xingrg/all/function/internal_message.html?_=1670035360965&CODE_STATE=getMsg HTTP/1.1" 200 27
114.84.38.109 - - [03/Dec/2022:10:42:47 +0800] "GET /xingrg/all/function/internal_message.html?_=1670035377268&CODE_STATE=getMsg HTTP/1.1" 200 27
180.169.147.146 - - [03/Dec/2022:10:42:50 +0800] "POST /xingrg/all/report/load_report_page.html HTTP/1.1" 200 295355
180.169.147.146 - - [03/Dec/2022:10:42:50 +0800] "GET /xingrg/servlets/image?cache=0.2307058523992772&image=px HTTP/1.1" 200 807
124.79.245.154 - - [03/Dec/2022:10:42:52 +0800] "GET /xingrg/all/function/internal_message.html?_=1670035362740&CODE_STATE=getMsg HTTP/1.1" 302 -
180.158.0.157 - - [03/Dec/2022:10:42:55 +0800] "GET /xingrg/all/function/internal_message.html?_=1670035369295&CODE_STATE=getMsg HTTP/1.1" 200 27
114.95.43.237 - - [03/Dec/2022:10:42:55 +0800] "GET /xingrg/kc/base/wldb_order_operate.html?command=get_materiel&rest_code=00105&base_code=0010508&code=00102021018 HTTP/1.1" 200 446
116.230.105.139 - - [03/Dec/2022:10:42:56 +0800] "GET /xingrg/all/function/internal_message.html?_=1670035367748&CODE_STATE=getMsg HTTP/1.1" 200 27
180.169.147.146 - - [03/Dec/2022:10:42:59 +0800] "GET /xingrg/all/function/internal_message.html?_=1670035367059&CODE_STATE=getMsg HTTP/1.1" 200 27
58.40.7.146 - - [03/Dec/2022:10:42:59 +0800] "GET /xingrg/all/function/internal_message.html?_=1670035371421&CODE_STATE=getMsg HTTP/1.1" 302 -
116.238.139.35 - - [03/Dec/2022:10:43:00 +0800] "GET /xingrg/all/function/internal_message.html?_=1670035316294&CODE_STATE=getMsg HTTP/1.1" 200 27
114.95.43.237 - - [03/Dec/2022:10:43:00 +0800] "GET /xingrg/kc/base/wldb_order_operate.html?command=get_materiel&rest_code=00105&base_code=0010508&code=00102002258 HTTP/1.1" 200 447
114.84.81.136 - - [03/Dec/2022:10:43:02 +0800] "GET /xingrg/all/function/internal_message.html?_=1670035379484&CODE_STATE=getMsg HTTP/1.1" 200 27
116.230.105.139 - - [03/Dec/2022:10:43:04 +0800] "GET /favicon.ico HTTP/1.1" 404 -
114.95.43.237 - - [03/Dec/2022:10:43:05 +0800] "GET /xingrg/kc/base/wldb_order_operate.html?command=get_materiel&rest_code=00105&base_code=0010508&code=00102002041 HTTP/1.1" 200 435
114.83.219.57 - - [03/Dec/2022:10:43:05 +0800] "GET /xingrg/check_reg.html?_=1670035429196 HTTP/1.1" 200 22
114.83.219.57 - - [03/Dec/2022:10:43:05 +0800] "GET /xingrg/all/function/internal_message.html?_=1670035429198&CODE_STATE=getMsg HTTP/1.1" 200 27
114.95.43.237 - - [03/Dec/2022:10:43:08 +0800] "GET /xingrg/check_reg.html?_=1670035381246 HTTP/1.1" 200 22
114.95.43.237 - - [03/Dec/2022:10:43:10 +0800] "POST /xingrg/kc/base/wldb_order_operate.html HTTP/1.1" 200 37
114.95.43.237 - - [03/Dec/2022:10:43:11 +0800] "POST /xingrg/kc/base/wldb_order_operate.html HTTP/1.1" 200 3144
222.70.177.10 - - [03/Dec/2022:10:43:12 +0800] "GET /xingrg/all/function/internal_message.html?_=1670035381961&CODE_STATE=getMsg HTTP/1.1" 200 27
222.70.177.10 - - [03/Dec/2022:10:43:12 +0800] "GET /xingrg/check_reg.html?_=1670035381963 HTTP/1.1" 200 22
114.95.43.237 - - [03/Dec/2022:10:43:19 +0800] "GET /xingrg/kc/base/wldb_order_info.html?code=422022120300162 HTTP/1.1" 200 30398
114.95.43.237 - - [03/Dec/2022:10:43:19 +0800] "GET /xingrg/javascript/easyui/themes/default/validatebox.css HTTP/1.1" 404 1104
114.95.43.237 - - [03/Dec/2022:10:43:20 +0800] "POST /xingrg/kc/base/wldb_order_operate.html HTTP/1.1" 200 3144
114.84.81.136 - - [03/Dec/2022:10:43:20 +0800] "GET /xingrg/kc/buy/cgsh_order_list.html HTTP/1.1" 200 53797
114.95.43.237 - - [03/Dec/2022:10:43:22 +0800] "GET /xingrg/kc/base/wldb_order_add.html HTTP/1.1" 200 30384
114.95.43.237 - - [03/Dec/2022:10:43:22 +0800] "POST /xingrg/kc/base/wldb_order_operate.html HTTP/1.1" 200 6806
114.95.43.237 - - [03/Dec/2022:10:43:22 +0800] "GET /xingrg/javascript/easyui/themes/default/validatebox.css HTTP/1.1" 404 1104
180.169.147.146 - - [03/Dec/2022:10:43:23 +0800] "GET /xingrg/all/function/internal_message.html?_=1670035394137&CODE_STATE=getMsg HTTP/1.1" 200 27
116.237.74.223 - - [03/Dec/2022:10:43:23 +0800] "GET /xingrg/all/function/internal_message.html?_=1670035397682&CODE_STATE=getMsg HTTP/1.1" 200 27
114.95.43.237 - - [03/Dec/2022:10:43:23 +0800] "POST /xingrg/all/common/load_combo.html?type=base HTTP/1.1" 200 3409
114.84.81.136 - - [03/Dec/2022:10:43:23 +0800] "POST /xingrg/kc/buy/cgsh_list_operate.html HTTP/1.1" 200 986
114.95.43.237 - - [03/Dec/2022:10:43:25 +0800] "GET /xingrg/all/function/internal_message.html?_=1670035245400&CODE_STATE=getMsg HTTP/1.1" 200 27
114.84.38.109 - - [03/Dec/2022:10:43:25 +0800] "GET /xingrg/all/function/internal_message.html?_=1670035419100&CODE_STATE=getMsg HTTP/1.1" 200 27
116.237.74.223 - - [03/Dec/2022:10:43:27 +0800] "POST /xingrg/kc/buy/cgsh_order_operate.html HTTP/1.1" 200 37
58.40.7.146 - - [03/Dec/2022:10:43:28 +0800] "GET /xingrg/all/function/internal_message.html?_=1670035400306&CODE_STATE=getMsg HTTP/1.1" 200 27
180.162.229.95 - - [03/Dec/2022:10:43:29 +0800] "GET /xingrg/all/function/internal_message.html?_=1670035402086&CODE_STATE=getMsg HTTP/1.1" 200 27
180.162.229.95 - - [03/Dec/2022:10:43:30 +0800] "GET /xingrg/all/function/internal_message.html?_=1670035394568&CODE_STATE=getMsg HTTP/1.1" 200 27
114.84.81.136 - - [03/Dec/2022:10:43:33 +0800] "GET /xingrg/kc/buy/cgsh_order_list.html HTTP/1.1" 200 53797
114.84.81.136 - - [03/Dec/2022:10:43:36 +0800] "POST /xingrg/kc/buy/cgsh_list_operate.html HTTP/1.1" 200 986
114.88.159.190 - - [03/Dec/2022:10:43:36 +0800] "GET /xingrg/all/function/internal_message.html?_=1670035403723&CODE_STATE=getMsg HTTP/1.1" 200 27
114.88.159.190 - - [03/Dec/2022:10:43:36 +0800] "GET /xingrg/check_reg.html?_=1670035403827 HTTP/1.1" 200 22
114.84.81.136 - - [03/Dec/2022:10:43:37 +0800] "GET /xingrg/kc/buy/cgsh_order_add.html HTTP/1.1" 200 69566
114.84.81.136 - - [03/Dec/2022:10:43:37 +0800] "GET /xingrg/words/20221202164707_words.js HTTP/1.1" 304 -
114.84.81.136 - - [03/Dec/2022:10:43:37 +0800] "POST /xingrg/kc/buy/cgsh_order_operate.html HTTP/1.1" 200 8245
114.84.81.136 - - [03/Dec/2022:10:43:38 +0800] "GET /xingrg/javascript/easyui/themes/default/validatebox.css HTTP/1.1" 404 1104
114.84.81.136 - - [03/Dec/2022:10:43:38 +0800] "GET /xingrg/all/common/auto_word.html?type=employee&rest_code=00148 HTTP/1.1" 200 243
114.84.81.136 - - [03/Dec/2022:10:43:38 +0800] "GET /xingrg/all/common/auto_word.html?type=employee&rest_code=00148 HTTP/1.1" 200 243
114.95.43.237 - - [03/Dec/2022:10:43:40 +0800] "GET /xingrg/kc/base/wldb_order_operate.html?command=get_materiel&rest_code=00105&base_code=0010508&code=00102002439 HTTP/1.1" 200 471
116.238.139.35 - - [03/Dec/2022:10:43:41 +0800] "GET /xingrg/all/function/internal_message.html?_=1670035357540&CODE_STATE=getMsg HTTP/1.1" 200 27
180.162.229.95 - - [03/Dec/2022:10:43:42 +0800] "GET /xingrg/all/function/internal_message.html?_=1670035425001&CODE_STATE=getMsg HTTP/1.1" 200 27
116.238.139.35 - - [03/Dec/2022:10:43:42 +0800] "GET /xingrg/all/function/internal_message.html?_=1670035414749&CODE_STATE=getMsg HTTP/1.1" 200 27
116.230.105.139 - - [03/Dec/2022:10:43:44 +0800] "GET /xingrg/check_reg.html?_=1670035415623 HTTP/1.1" 200 22
114.84.38.109 - - [03/Dec/2022:10:43:45 +0800] "GET /xingrg/check_reg.html?_=1670035435978 HTTP/1.1" 200 22
180.163.30.100 - - [03/Dec/2022:10:43:45 +0800] "GET /xingrg/all/function/internal_message.html?_=1670035360965&CODE_STATE=getMsg HTTP/1.1" 302 -
180.163.30.100 - - [03/Dec/2022:10:43:45 +0800] "GET /xingrg/login.html HTTP/1.1" 200 7641
114.84.38.109 - - [03/Dec/2022:10:43:47 +0800] "GET /xingrg/all/function/internal_message.html?_=1670035437282&CODE_STATE=getMsg HTTP/1.1" 200 27
180.158.0.157 - - [03/Dec/2022:10:43:48 +0800] "POST /xingrg/dwr/call/plaincall/AjaxReportQueryService.refreshCache.dwr HTTP/1.1" 200 79
116.237.74.223 - - [03/Dec/2022:10:43:49 +0800] "GET /xingrg/all/function/internal_message.html?_=1670035425017&CODE_STATE=getMsg HTTP/1.1" 200 27
180.158.0.157 - - [03/Dec/2022:10:43:50 +0800] "POST /xingrg/all/report/load_report_page.html HTTP/1.1" 200 10345
180.158.0.157 - - [03/Dec/2022:10:43:50 +0800] "GET /xingrg/servlets/image?cache=0.7590373615197142&image=px HTTP/1.1" 200 807
124.79.245.154 - - [03/Dec/2022:10:43:52 +0800] "GET /xingrg/all/function/internal_message.html?_=1670035422755&CODE_STATE=getMsg HTTP/1.1" 302 -
180.163.29.79 - - [03/Dec/2022:10:43:54 +0800] "GET /xingrg/all/function/internal_message.html?_=1670035369295&CODE_STATE=getMsg HTTP/1.1" 302 -
180.163.29.79 - - [03/Dec/2022:10:43:54 +0800] "GET /xingrg/login.html HTTP/1.1" 200 7641
180.158.0.157 - - [03/Dec/2022:10:43:55 +0800] "GET /xingrg/all/function/internal_message.html?_=1670035429272&CODE_STATE=getMsg HTTP/1.1" 200 27
116.230.105.139 - - [03/Dec/2022:10:43:56 +0800] "GET /xingrg/all/function/internal_message.html?_=1670035427721&CODE_STATE=getMsg HTTP/1.1" 200 27
180.169.147.146 - - [03/Dec/2022:10:43:59 +0800] "GET /xingrg/all/function/internal_message.html?_=1670035427057&CODE_STATE=getMsg HTTP/1.1" 200 27
58.40.7.146 - - [03/Dec/2022:10:43:59 +0800] "GET /xingrg/all/function/internal_message.html?_=1670035431394&CODE_STATE=getMsg HTTP/1.1" 302 -
116.238.139.35 - - [03/Dec/2022:10:44:00 +0800] "GET /xingrg/all/function/internal_message.html?_=1670035376364&CODE_STATE=getMsg HTTP/1.1" 200 27
116.237.74.223 - - [03/Dec/2022:10:44:01 +0800] "POST /xingrg/kc/buy/cgsh_order_operate.html HTTP/1.1" 200 12
180.158.0.157 - - [03/Dec/2022:10:44:01 +0800] "POST /xingrg/dwr/call/plaincall/AjaxReportQueryService.refreshCache.dwr HTTP/1.1" 200 79
114.84.81.136 - - [03/Dec/2022:10:44:02 +0800] "GET /xingrg/all/function/internal_message.html?_=1670035439473&CODE_STATE=getMsg HTTP/1.1" 200 27
114.95.43.237 - - [03/Dec/2022:10:44:03 +0800] "GET /xingrg/kc/base/wldb_order_operate.html?command=get_materiel&rest_code=00105&base_code=0010508&code=00102002238 HTTP/1.1" 200 434
180.158.0.157 - - [03/Dec/2022:10:44:03 +0800] "POST /xingrg/all/report/load_report_page.html HTTP/1.1" 200 10336
180.158.0.157 - - [03/Dec/2022:10:44:03 +0800] "GET /xingrg/servlets/image?cache=0.435210133791861&image=px HTTP/1.1" 200 807
114.83.219.57 - - [03/Dec/2022:10:44:05 +0800] "GET /xingrg/all/function/internal_message.html?_=1670035489191&CODE_STATE=getMsg HTTP/1.1" 200 27
114.95.43.237 - - [03/Dec/2022:10:44:07 +0800] "POST /xingrg/kc/base/wldb_order_operate.html HTTP/1.1" 200 37
114.95.43.237 - - [03/Dec/2022:10:44:07 +0800] "POST /xingrg/kc/base/wldb_order_operate.html HTTP/1.1" 200 2663
180.169.147.146 - - [03/Dec/2022:10:44:10 +0800] "GET /xingrg/all/report/report_query.html?fileName=kc/buy/gys_amount_category.xml&rh=99999 HTTP/1.1" 200 51878
180.169.147.146 - - [03/Dec/2022:10:44:10 +0800] "GET /xingrg/dwr/interface/AjaxReportQueryService.js HTTP/1.1" 200 13203
180.169.147.146 - - [03/Dec/2022:10:44:10 +0800] "GET /xingrg/dwr/engine.js HTTP/1.1" 200 43631
180.169.147.146 - - [03/Dec/2022:10:44:10 +0800] "POST /xingrg/dwr/call/plaincall/AjaxReportQueryService.getFixDate.dwr HTTP/1.1" 200 111
