58.40.7.146 - - [03/Dec/2022:10:28:28 +0800] "GET /xingrg/all/function/internal_message.html?_=1670034500311&CODE_STATE=getMsg HTTP/1.1" 200 27
180.162.229.95 - - [03/Dec/2022:10:28:29 +0800] "GET /xingrg/all/function/internal_message.html?_=1670034502095&CODE_STATE=getMsg HTTP/1.1" 200 27
180.162.229.95 - - [03/Dec/2022:10:28:30 +0800] "GET /xingrg/all/function/internal_message.html?_=1670034494516&CODE_STATE=getMsg HTTP/1.1" 200 27
114.88.159.190 - - [03/Dec/2022:10:28:31 +0800] "GET /xingrg/all/function/internal_message.html?_=1670034101314&CODE_STATE=getMsg HTTP/1.1" 200 27
114.88.159.190 - - [03/Dec/2022:10:28:34 +0800] "GET /xingrg/all/function/internal_message.html?_=1670034501821&CODE_STATE=getMsg HTTP/1.1" 200 27
101.85.106.255 - - [03/Dec/2022:10:28:36 +0800] "GET /xingrg/kc/base/wldb_order_operate.html?command=get_materiel&rest_code=00142&base_code=0010193&code=00102010338 HTTP/1.1" 200 438
114.95.43.237 - - [03/Dec/2022:10:28:39 +0800] "POST /xingrg/all/common/load_combo.html?type=employee HTTP/1.1" 200 356
116.238.139.35 - - [03/Dec/2022:10:28:41 +0800] "GET /xingrg/all/function/internal_message.html?_=1670034457243&CODE_STATE=getMsg HTTP/1.1" 200 27
116.238.139.35 - - [03/Dec/2022:10:28:43 +0800] "GET /xingrg/all/function/internal_message.html?_=1670034515058&CODE_STATE=getMsg HTTP/1.1" 200 27
180.162.229.95 - - [03/Dec/2022:10:28:43 +0800] "POST /xingrg/kc/mdqp/pssh_list_operate.html HTTP/1.1" 200 555
116.230.105.139 - - [03/Dec/2022:10:28:44 +0800] "GET /xingrg/check_reg.html?_=1670034515620 HTTP/1.1" 200 22
180.162.229.95 - - [03/Dec/2022:10:28:44 +0800] "POST /xingrg/kc/mdqp/pssh_list_operate.html HTTP/1.1" 200 260
180.162.229.95 - - [03/Dec/2022:10:28:45 +0800] "POST /xingrg/kc/mdqp/pssh_list_operate.html HTTP/1.1" 200 753
114.84.38.109 - - [03/Dec/2022:10:28:45 +0800] "GET /xingrg/check_reg.html?_=1670034535937 HTTP/1.1" 200 22
114.83.219.57 - - [03/Dec/2022:10:28:45 +0800] "GET /xingrg/all/function/internal_message.html?_=1670034569424&CODE_STATE=getMsg HTTP/1.1" 200 27
114.83.219.57 - - [03/Dec/2022:10:28:45 +0800] "GET /xingrg/check_reg.html?_=1670034569425 HTTP/1.1" 200 22
180.163.28.55 - - [03/Dec/2022:10:28:45 +0800] "GET /xingrg/all/function/internal_message.html?_=1670034461321&CODE_STATE=getMsg HTTP/1.1" 302 -
180.163.28.55 - - [03/Dec/2022:10:28:45 +0800] "GET /xingrg/login.html HTTP/1.1" 200 7641
116.237.74.223 - - [03/Dec/2022:10:28:46 +0800] "GET /xingrg/all/function/internal_message.html?_=1670034521293&CODE_STATE=getMsg HTTP/1.1" 200 27
180.162.229.95 - - [03/Dec/2022:10:28:46 +0800] "POST /xingrg/kc/mdqp/pssh_list_operate.html HTTP/1.1" 200 799
114.84.38.109 - - [03/Dec/2022:10:28:46 +0800] "GET /xingrg/all/function/internal_message.html?_=1670034537062&CODE_STATE=getMsg HTTP/1.1" 200 27
180.162.229.95 - - [03/Dec/2022:10:28:47 +0800] "POST /xingrg/kc/mdqp/pssh_list_operate.html HTTP/1.1" 200 774
180.162.229.95 - - [03/Dec/2022:10:28:47 +0800] "POST /xingrg/kc/mdqp/pssh_list_operate.html HTTP/1.1" 200 668
101.85.106.255 - - [03/Dec/2022:10:28:47 +0800] "GET /xingrg/kc/base/wldb_order_operate.html?command=get_materiel&rest_code=00142&base_code=0010193&code=00102010458 HTTP/1.1" 200 438
180.162.229.95 - - [03/Dec/2022:10:28:47 +0800] "POST /xingrg/kc/mdqp/pssh_list_operate.html HTTP/1.1" 200 260
180.162.229.95 - - [03/Dec/2022:10:28:48 +0800] "POST /xingrg/kc/mdqp/pssh_list_operate.html HTTP/1.1" 200 256
180.162.229.95 - - [03/Dec/2022:10:28:49 +0800] "GET /xingrg/all/function/internal_message.html?_=1670034532007&CODE_STATE=getMsg HTTP/1.1" 200 27
114.95.43.237 - - [03/Dec/2022:10:28:50 +0800] "POST /xingrg/kc/mdqp/pssh_order_operate.html HTTP/1.1" 200 37
114.95.43.237 - - [03/Dec/2022:10:28:50 +0800] "POST /xingrg/kc/mdqp/pssh_order_operate.html HTTP/1.1" 200 1121
124.79.245.154 - - [03/Dec/2022:10:28:52 +0800] "GET /xingrg/all/function/internal_message.html?_=1670034522833&CODE_STATE=getMsg HTTP/1.1" 302 -
120.253.135.82 - - [03/Dec/2022:10:28:52 +0800] "GET /xingrg/all/function/internal_message.html?_=1670034326838&CODE_STATE=getMsg HTTP/1.1" 200 27
180.163.30.85 - - [03/Dec/2022:10:28:54 +0800] "GET /xingrg/all/function/internal_message.html?_=1670034469139&CODE_STATE=getMsg HTTP/1.1" 302 -
180.163.30.85 - - [03/Dec/2022:10:28:54 +0800] "GET /xingrg/login.html HTTP/1.1" 200 7641
180.158.0.157 - - [03/Dec/2022:10:28:54 +0800] "GET /xingrg/all/function/internal_message.html?_=1670034529135&CODE_STATE=getMsg HTTP/1.1" 200 27
116.230.105.139 - - [03/Dec/2022:10:28:56 +0800] "GET /xingrg/all/function/internal_message.html?_=1670034527985&CODE_STATE=getMsg HTTP/1.1" 200 27
114.95.43.237 - - [03/Dec/2022:10:28:57 +0800] "POST /xingrg/kc/mdqp/pssh_order_operate.html HTTP/1.1" 200 37
180.169.147.146 - - [03/Dec/2022:10:28:59 +0800] "GET /xingrg/all/function/internal_message.html?_=1670034527050&CODE_STATE=getMsg HTTP/1.1" 200 27
116.238.139.35 - - [03/Dec/2022:10:29:00 +0800] "GET /xingrg/all/function/internal_message.html?_=1670034475879&CODE_STATE=getMsg HTTP/1.1" 200 27
114.95.43.237 - - [03/Dec/2022:10:29:00 +0800] "POST /xingrg/kc/mdqp/pssh_order_operate.html HTTP/1.1" 200 100
58.40.7.146 - - [03/Dec/2022:10:29:00 +0800] "GET /xingrg/all/function/internal_message.html?_=1670034531780&CODE_STATE=getMsg HTTP/1.1" 302 -
114.84.81.136 - - [03/Dec/2022:10:29:02 +0800] "GET /xingrg/all/function/internal_message.html?_=1670034539454&CODE_STATE=getMsg HTTP/1.1" 200 27
114.95.43.237 - - [03/Dec/2022:10:29:06 +0800] "POST /xingrg/kc/mdqp/pssh_order_operate.html HTTP/1.1" 200 37
101.85.106.255 - - [03/Dec/2022:10:29:07 +0800] "GET /xingrg/kc/base/wldb_order_operate.html?command=get_materiel&rest_code=00142&base_code=0010193&code=00102010455 HTTP/1.1" 200 436
114.95.43.237 - - [03/Dec/2022:10:29:08 +0800] "POST /xingrg/kc/mdqp/pssh_order_operate.html HTTP/1.1" 200 1121
101.85.106.255 - - [03/Dec/2022:10:29:10 +0800] "GET /xingrg/all/function/internal_message.html?_=1670034540517&CODE_STATE=getMsg HTTP/1.1" 200 27
180.158.0.157 - - [03/Dec/2022:10:29:11 +0800] "POST /xingrg/dwr/call/plaincall/AjaxReportQueryService.refreshCache.dwr HTTP/1.1" 200 78
114.95.43.237 - - [03/Dec/2022:10:29:11 +0800] "POST /xingrg/kc/mdqp/pssh_order_operate.html HTTP/1.1" 200 37
222.70.177.10 - - [03/Dec/2022:10:29:12 +0800] "GET /xingrg/all/function/internal_message.html?_=1670034541934&CODE_STATE=getMsg HTTP/1.1" 200 27
180.158.0.157 - - [03/Dec/2022:10:29:13 +0800] "POST /xingrg/all/report/load_report_page.html HTTP/1.1" 200 10345
180.158.0.157 - - [03/Dec/2022:10:29:13 +0800] "GET /xingrg/servlets/image?cache=0.2922779723035607&image=px HTTP/1.1" 200 807
114.95.43.237 - - [03/Dec/2022:10:29:15 +0800] "POST /xingrg/kc/mdqp/pssh_order_operate.html HTTP/1.1" 200 100
116.237.74.223 - - [03/Dec/2022:10:29:20 +0800] "GET /xingrg/login.html?r=1 HTTP/1.1" 200 7641
116.237.74.223 - - [03/Dec/2022:10:29:20 +0800] "GET /favicon.ico HTTP/1.1" 404 -
114.84.38.109 - - [03/Dec/2022:10:29:22 +0800] "GET /xingrg/all/function/internal_message.html?_=1670034576512&CODE_STATE=getMsg HTTP/1.1" 200 27
114.95.43.237 - - [03/Dec/2022:10:29:25 +0800] "GET /xingrg/all/function/internal_message.html?_=1670034405398&CODE_STATE=getMsg HTTP/1.1" 200 27
114.95.43.237 - - [03/Dec/2022:10:29:25 +0800] "POST /xingrg/kc/mdqp/pssh_order_operate.html HTTP/1.1" 200 37
116.237.74.223 - - [03/Dec/2022:10:29:26 +0800] "POST /xingrg/login.do HTTP/1.1" 302 -
116.237.74.223 - - [03/Dec/2022:10:29:26 +0800] "GET /xingrg/index.html?sysBaseUrl=http%3A%2F%2F180.169.147.146%3A18081%2Fxingrg%2F&costTime=2973×tamp=1670034566062 HTTP/1.1" 200 17173
116.237.74.223 - - [03/Dec/2022:10:29:26 +0800] "GET /favicon.ico HTTP/1.1" 404 -
116.237.74.223 - - [03/Dec/2022:10:29:26 +0800] "GET /xingrg/all/function/internal_message.html?_=1670034561163&CODE_STATE=count HTTP/1.1" 200 11
116.237.74.223 - - [03/Dec/2022:10:29:26 +0800] "GET /xingrg/check_reg.html?_=1670034561165 HTTP/1.1" 200 22
116.237.74.223 - - [03/Dec/2022:10:29:27 +0800] "POST /xingrg/load_menu.html HTTP/1.1" 200 5138
116.237.74.223 - - [03/Dec/2022:10:29:27 +0800] "POST /xingrg/all/common/load_tree.html?tree=area_rest_tree_json&manage=1 HTTP/1.1" 200 342
114.95.43.237 - - [03/Dec/2022:10:29:28 +0800] "POST /xingrg/kc/mdqp/pssh_order_operate.html HTTP/1.1" 200 100
58.40.7.146 - - [03/Dec/2022:10:29:28 +0800] "GET /xingrg/all/function/internal_message.html?_=1670034560312&CODE_STATE=getMsg HTTP/1.1" 200 27
116.237.74.223 - - [03/Dec/2022:10:29:29 +0800] "GET /xingrg/kc/mdqp/qp_main.html HTTP/1.1" 200 10633
180.162.229.95 - - [03/Dec/2022:10:29:29 +0800] "GET /xingrg/all/function/internal_message.html?_=1670034562110&CODE_STATE=getMsg HTTP/1.1" 200 27
180.162.229.95 - - [03/Dec/2022:10:29:29 +0800] "GET /xingrg/check_reg.html?_=1670034562113 HTTP/1.1" 200 22
180.162.229.95 - - [03/Dec/2022:10:29:30 +0800] "GET /xingrg/all/function/internal_message.html?_=1670034554517&CODE_STATE=getMsg HTTP/1.1" 200 27
116.237.74.223 - - [03/Dec/2022:10:29:30 +0800] "GET /xingrg/images/yd/bt.gif HTTP/1.1" 404 1040
114.88.159.190 - - [03/Dec/2022:10:29:31 +0800] "GET /xingrg/all/function/internal_message.html?_=1670034161315&CODE_STATE=getMsg HTTP/1.1" 200 27
116.237.74.223 - - [03/Dec/2022:10:29:31 +0800] "GET /xingrg/kc/mdqp/pssh_order_list.html HTTP/1.1" 200 17847
116.237.74.223 - - [03/Dec/2022:10:29:32 +0800] "POST /xingrg/kc/mdqp/pssh_list_operate.html HTTP/1.1" 200 5270
114.95.43.237 - - [03/Dec/2022:10:29:34 +0800] "GET /xingrg/kc/base/wldb_order_list.html HTTP/1.1" 200 19101
114.88.159.190 - - [03/Dec/2022:10:29:34 +0800] "GET /xingrg/all/function/internal_message.html?_=1670034561816&CODE_STATE=getMsg HTTP/1.1" 200 27
180.158.0.157 - - [03/Dec/2022:10:29:34 +0800] "POST /xingrg/dwr/call/plaincall/AjaxReportQueryService.refreshCache.dwr HTTP/1.1" 200 78
114.95.43.237 - - [03/Dec/2022:10:29:34 +0800] "POST /xingrg/kc/base/wldb_list_operate.html HTTP/1.1" 200 928
180.162.229.95 - - [03/Dec/2022:10:29:35 +0800] "GET /xingrg/login.html HTTP/1.1" 200 7641
180.162.229.95 - - [03/Dec/2022:10:29:36 +0800] "GET /favicon.ico HTTP/1.1" 404 -
180.158.0.157 - - [03/Dec/2022:10:29:36 +0800] "POST /xingrg/all/report/load_report_page.html HTTP/1.1" 200 10345
180.158.0.157 - - [03/Dec/2022:10:29:36 +0800] "GET /xingrg/servlets/image?cache=0.8812116353855922&image=px HTTP/1.1" 200 807
114.95.43.237 - - [03/Dec/2022:10:29:37 +0800] "GET /xingrg/kc/base/wldb_order_add.html HTTP/1.1" 200 30384
116.237.74.223 - - [03/Dec/2022:10:29:37 +0800] "POST /xingrg/kc/mdqp/pssh_list_operate.html HTTP/1.1" 200 813
114.95.43.237 - - [03/Dec/2022:10:29:37 +0800] "POST /xingrg/kc/base/wldb_order_operate.html HTTP/1.1" 200 6806
114.95.43.237 - - [03/Dec/2022:10:29:37 +0800] "GET /xingrg/javascript/easyui/themes/default/validatebox.css HTTP/1.1" 404 1104
114.95.43.237 - - [03/Dec/2022:10:29:37 +0800] "GET /xingrg/all/common/auto_word.html?type=base&rest_code=00105 HTTP/1.1" 200 1907
114.95.43.237 - - [03/Dec/2022:10:29:37 +0800] "GET /xingrg/all/common/auto_word.html?type=base&rest_code=00105 HTTP/1.1" 200 1907
116.237.74.223 - - [03/Dec/2022:10:29:38 +0800] "GET /xingrg/kc/mdqp/pssh_order_info.html?code=312022120100012 HTTP/1.1" 200 17297
116.237.74.223 - - [03/Dec/2022:10:29:38 +0800] "GET /xingrg/javascript/jquery_tools/jquery-1.4.2.min.js HTTP/1.1" 404 1094
116.237.74.223 - - [03/Dec/2022:10:29:38 +0800] "GET /xingrg/words/20221202164707_words.js HTTP/1.1" 304 -
116.237.74.223 - - [03/Dec/2022:10:29:38 +0800] "GET /xingrg/javascript/easyui/themes/default/validatebox.css HTTP/1.1" 404 1104
116.237.74.223 - - [03/Dec/2022:10:29:39 +0800] "GET /xingrg/all/common/auto_word.html?type=employee&rest_code=00106 HTTP/1.1" 200 205
116.237.74.223 - - [03/Dec/2022:10:29:39 +0800] "GET /xingrg/all/common/auto_word.html?type=base&rest_code=00106&rest_code=00106 HTTP/1.1" 200 1799
116.237.74.223 - - [03/Dec/2022:10:29:39 +0800] "POST /xingrg/kc/mdqp/pssh_order_operate.html HTTP/1.1" 200 14348
116.238.139.35 - - [03/Dec/2022:10:29:41 +0800] "GET /xingrg/check_reg.html?_=1670034517079 HTTP/1.1" 200 22
116.238.139.35 - - [03/Dec/2022:10:29:41 +0800] "GET /xingrg/all/function/internal_message.html?_=1670034517257&CODE_STATE=getMsg HTTP/1.1" 200 27
180.162.229.95 - - [03/Dec/2022:10:29:41 +0800] "POST /xingrg/login.do HTTP/1.1" 302 -
180.162.229.95 - - [03/Dec/2022:10:29:41 +0800] "GET /xingrg/index.html?sysBaseUrl=http%3A%2F%2F180.169.147.146%3A18081%2Fxingrg%2F&costTime=1958×tamp=1670034581560 HTTP/1.1" 200 17173
180.162.229.95 - - [03/Dec/2022:10:29:42 +0800] "GET /favicon.ico HTTP/1.1" 404 -
116.237.74.223 - - [03/Dec/2022:10:29:42 +0800] "POST /xingrg/all/common/load_combo.html?type=employee HTTP/1.1" 200 365
180.162.229.95 - - [03/Dec/2022:10:29:42 +0800] "GET /xingrg/check_reg.html?_=1670034584984 HTTP/1.1" 200 22
180.162.229.95 - - [03/Dec/2022:10:29:42 +0800] "GET /xingrg/all/function/internal_message.html?_=1670034584981&CODE_STATE=count HTTP/1.1" 200 11
180.162.229.95 - - [03/Dec/2022:10:29:42 +0800] "POST /xingrg/all/common/load_tree.html?tree=area_rest_tree_json&manage=1 HTTP/1.1" 200 342
180.162.229.95 - - [03/Dec/2022:10:29:42 +0800] "POST /xingrg/load_menu.html HTTP/1.1" 200 5138
116.238.139.35 - - [03/Dec/2022:10:29:43 +0800] "GET /xingrg/all/function/internal_message.html?_=1670034575028&CODE_STATE=getMsg HTTP/1.1" 200 27
114.83.219.57 - - [03/Dec/2022:10:29:45 +0800] "GET /xingrg/all/function/internal_message.html?_=1670034629418&CODE_STATE=getMsg HTTP/1.1" 200 27
180.163.28.143 - - [03/Dec/2022:10:29:45 +0800] "GET /xingrg/all/function/internal_message.html?_=1670034521293&CODE_STATE=getMsg HTTP/1.1" 302 -
180.163.28.143 - - [03/Dec/2022:10:29:45 +0800] "GET /xingrg/login.html HTTP/1.1" 200 7641
180.162.229.95 - - [03/Dec/2022:10:29:45 +0800] "GET /xingrg/kc/buy/cgsh_order_list.html HTTP/1.1" 200 53791
116.237.74.223 - - [03/Dec/2022:10:29:46 +0800] "GET /xingrg/all/function/internal_message.html?_=1670034581266&CODE_STATE=getMsg HTTP/1.1" 200 27
114.84.38.109 - - [03/Dec/2022:10:29:46 +0800] "GET /xingrg/all/function/internal_message.html?_=1670034597076&CODE_STATE=getMsg HTTP/1.1" 200 27
180.162.229.95 - - [03/Dec/2022:10:29:48 +0800] "POST /xingrg/kc/buy/cgsh_list_operate.html HTTP/1.1" 200 986
116.237.74.223 - - [03/Dec/2022:10:29:48 +0800] "POST /xingrg/kc/mdqp/pssh_order_operate.html HTTP/1.1" 200 37
124.79.245.154 - - [03/Dec/2022:10:29:52 +0800] "GET /xingrg/all/function/internal_message.html?_=1670034582807&CODE_STATE=getMsg HTTP/1.1" 302 -
120.253.135.82 - - [03/Dec/2022:10:29:52 +0800] "GET /xingrg/all/function/internal_message.html?_=1670034386851&CODE_STATE=getMsg HTTP/1.1" 200 27
116.237.74.223 - - [03/Dec/2022:10:29:54 +0800] "POST /xingrg/kc/mdqp/pssh_order_operate.html HTTP/1.1" 200 100
180.163.29.219 - - [03/Dec/2022:10:29:54 +0800] "GET /xingrg/all/function/internal_message.html?_=1670034529135&CODE_STATE=getMsg HTTP/1.1" 302 -
180.163.29.219 - - [03/Dec/2022:10:29:54 +0800] "GET /xingrg/login.html HTTP/1.1" 200 7641
180.158.0.157 - - [03/Dec/2022:10:29:54 +0800] "GET /xingrg/all/function/internal_message.html?_=1670034589137&CODE_STATE=getMsg HTTP/1.1" 200 27
116.230.105.139 - - [03/Dec/2022:10:29:56 +0800] "GET /xingrg/all/function/internal_message.html?_=1670034587972&CODE_STATE=getMsg HTTP/1.1" 200 27
180.158.0.157 - - [03/Dec/2022:10:29:57 +0800] "POST /xingrg/dwr/call/plaincall/AjaxReportQueryService.refreshCache.dwr HTTP/1.1" 200 78
180.169.147.146 - - [03/Dec/2022:10:29:59 +0800] "GET /xingrg/all/function/internal_message.html?_=1670034587033&CODE_STATE=getMsg HTTP/1.1" 200 27
180.158.0.157 - - [03/Dec/2022:10:29:59 +0800] "POST /xingrg/all/report/load_report_page.html HTTP/1.1" 200 10345
180.158.0.157 - - [03/Dec/2022:10:29:59 +0800] "GET /xingrg/servlets/image?cache=0.5609799509060509&image=px HTTP/1.1" 200 807
116.238.139.35 - - [03/Dec/2022:10:29:59 +0800] "GET /xingrg/all/function/internal_message.html?_=1670034535883&CODE_STATE=getMsg HTTP/1.1" 200 27
58.40.7.146 - - [03/Dec/2022:10:30:00 +0800] "GET /xingrg/all/function/internal_message.html?_=1670034591763&CODE_STATE=getMsg HTTP/1.1" 302 -
114.95.43.237 - - [03/Dec/2022:10:30:01 +0800] "GET /xingrg/kc/base/wldb_order_operate.html?command=get_materiel&rest_code=00105&base_code=0010524&code=00101020351 HTTP/1.1" 200 453
114.84.81.136 - - [03/Dec/2022:10:30:02 +0800] "GET /xingrg/all/function/internal_message.html?_=1670034599452&CODE_STATE=getMsg HTTP/1.1" 200 27
114.95.43.237 - - [03/Dec/2022:10:30:05 +0800] "POST /xingrg/all/common/load_select.html HTTP/1.1" 200 25
116.237.74.223 - - [03/Dec/2022:10:30:06 +0800] "GET /xingrg/kc/mdqp/qp_main.html HTTP/1.1" 200 10633
114.95.43.237 - - [03/Dec/2022:10:30:06 +0800] "GET /xingrg/kc/base/wldb_order_operate.html?command=get_materiel_price&rest_code=00105&base_code=0010524&code=00101020351&unit_code=00100041 HTTP/1.1" 200 34
114.95.43.237 - - [03/Dec/2022:10:30:08 +0800] "GET /xingrg/all/function/internal_message.html?_=1670034600979&CODE_STATE=getMsg HTTP/1.1" 200 27
101.85.106.255 - - [03/Dec/2022:10:30:10 +0800] "GET /xingrg/all/function/internal_message.html?_=1670034600495&CODE_STATE=getMsg HTTP/1.1" 200 27
222.70.177.10 - - [03/Dec/2022:10:30:12 +0800] "GET /xingrg/all/function/internal_message.html?_=1670034601958&CODE_STATE=getMsg HTTP/1.1" 200 27
180.163.28.55 - - [03/Dec/2022:10:30:13 +0800] "GET /xingrg/servlets/image?cache=0.2922779723035607&image=px HTTP/1.1" 200 807
116.237.74.223 - - [03/Dec/2022:10:30:18 +0800] "GET /xingrg/login.html?r=1 HTTP/1.1" 200 7641
116.237.74.223 - - [03/Dec/2022:10:30:18 +0800] "GET /favicon.ico HTTP/1.1" 404 -
180.158.0.157 - - [03/Dec/2022:10:30:19 +0800] "POST /xingrg/dwr/call/plaincall/AjaxReportQueryService.refreshCache.dwr HTTP/1.1" 200 78
114.95.43.237 - - [03/Dec/2022:10:30:20 +0800] "POST /xingrg/kc/base/wldb_order_operate.html HTTP/1.1" 200 37
180.158.0.157 - - [03/Dec/2022:10:30:21 +0800] "POST /xingrg/all/report/load_report_page.html HTTP/1.1" 200 10345
180.158.0.157 - - [03/Dec/2022:10:30:22 +0800] "GET /xingrg/servlets/image?cache=0.6470956403481091&image=px HTTP/1.1" 200 807
114.95.43.237 - - [03/Dec/2022:10:30:22 +0800] "POST /xingrg/kc/base/wldb_order_operate.html HTTP/1.1" 200 2196
101.85.106.255 - - [03/Dec/2022:10:30:22 +0800] "GET /xingrg/kc/base/wldb_order_operate.html?command=get_materiel&rest_code=00142&base_code=0010193&code=00102011110 HTTP/1.1" 200 435
116.237.74.223 - - [03/Dec/2022:10:30:22 +0800] "POST /xingrg/login.do HTTP/1.1" 302 -
116.237.74.223 - - [03/Dec/2022:10:30:23 +0800] "GET /xingrg/index.html?sysBaseUrl=http%3A%2F%2F180.169.147.146%3A18081%2Fxingrg%2F&costTime=2307×tamp=1670034622993 HTTP/1.1" 200 17173
116.237.74.223 - - [03/Dec/2022:10:30:23 +0800] "GET /favicon.ico HTTP/1.1" 404 -
114.84.38.109 - - [03/Dec/2022:10:30:23 +0800] "GET /xingrg/all/function/internal_message.html?_=1670034636840&CODE_STATE=getMsg HTTP/1.1" 200 27
116.237.74.223 - - [03/Dec/2022:10:30:23 +0800] "GET /xingrg/check_reg.html?_=1670034617640 HTTP/1.1" 200 22
116.237.74.223 - - [03/Dec/2022:10:30:23 +0800] "GET /xingrg/all/function/internal_message.html?_=1670034617639&CODE_STATE=count HTTP/1.1" 200 11
116.237.74.223 - - [03/Dec/2022:10:30:23 +0800] "POST /xingrg/all/common/load_tree.html?tree=area_rest_tree_json&manage=1 HTTP/1.1" 200 342
116.237.74.223 - - [03/Dec/2022:10:30:23 +0800] "POST /xingrg/load_menu.html HTTP/1.1" 200 5138
114.88.159.190 - - [03/Dec/2022:10:30:24 +0800] "POST /xingrg/kc/cost/cost_operate.html HTTP/1.1" 200 4
114.95.43.237 - - [03/Dec/2022:10:30:24 +0800] "GET /xingrg/kc/base/wldb_order_info.html?code=422022120300157 HTTP/1.1" 200 30396
114.95.43.237 - - [03/Dec/2022:10:30:24 +0800] "GET /xingrg/javascript/easyui/themes/default/validatebox.css HTTP/1.1" 404 1104
114.95.43.237 - - [03/Dec/2022:10:30:25 +0800] "POST /xingrg/kc/base/wldb_order_operate.html HTTP/1.1" 200 2196
116.237.74.223 - - [03/Dec/2022:10:30:25 +0800] "GET /xingrg/kc/mdqp/qp_main.html HTTP/1.1" 200 10633
114.95.43.237 - - [03/Dec/2022:10:30:25 +0800] "GET /xingrg/all/function/internal_message.html?_=1670034465405&CODE_STATE=getMsg HTTP/1.1" 200 27
114.95.43.237 - - [03/Dec/2022:10:30:25 +0800] "GET /xingrg/check_reg.html?_=1670034465408 HTTP/1.1" 200 22
116.237.74.223 - - [03/Dec/2022:10:30:26 +0800] "GET /xingrg/images/yd/bt.gif HTTP/1.1" 404 1040
116.237.74.223 - - [03/Dec/2022:10:30:27 +0800] "GET /xingrg/kc/mdqp/pssh_order_list.html HTTP/1.1" 200 17847
116.237.74.223 - - [03/Dec/2022:10:30:27 +0800] "POST /xingrg/kc/mdqp/pssh_list_operate.html HTTP/1.1" 200 5279
114.95.43.237 - - [03/Dec/2022:10:30:28 +0800] "GET /xingrg/kc/mdqp/pssh_order_list.html HTTP/1.1" 200 17931
58.40.7.146 - - [03/Dec/2022:10:30:28 +0800] "GET /xingrg/check_reg.html?_=1670034620314 HTTP/1.1" 200 22
114.95.43.237 - - [03/Dec/2022:10:30:28 +0800] "POST /xingrg/kc/mdqp/pssh_list_operate.html HTTP/1.1" 200 5381
58.40.7.146 - - [03/Dec/2022:10:30:28 +0800] "GET /xingrg/all/function/internal_message.html?_=1670034620315&CODE_STATE=getMsg HTTP/1.1" 200 27
116.237.74.223 - - [03/Dec/2022:10:30:29 +0800] "POST /xingrg/kc/mdqp/pssh_list_operate.html HTTP/1.1" 200 813
180.162.229.95 - - [03/Dec/2022:10:30:29 +0800] "GET /xingrg/all/function/internal_message.html?_=1670034622085&CODE_STATE=getMsg HTTP/1.1" 200 27
180.162.229.95 - - [03/Dec/2022:10:30:30 +0800] "GET /xingrg/all/function/internal_message.html?_=1670034614534&CODE_STATE=getMsg HTTP/1.1" 200 27
180.162.229.95 - - [03/Dec/2022:10:30:30 +0800] "GET /xingrg/check_reg.html?_=1670034614539 HTTP/1.1" 200 22
116.237.74.223 - - [03/Dec/2022:10:30:30 +0800] "GET /xingrg/kc/mdqp/pssh_order_info.html?code=312022120100012 HTTP/1.1" 200 17310
116.237.74.223 - - [03/Dec/2022:10:30:30 +0800] "GET /xingrg/javascript/jquery_tools/jquery-1.4.2.min.js HTTP/1.1" 404 1094
116.237.74.223 - - [03/Dec/2022:10:30:30 +0800] "GET /xingrg/javascript/easyui/themes/default/validatebox.css HTTP/1.1" 404 1104
116.237.74.223 - - [03/Dec/2022:10:30:30 +0800] "GET /xingrg/all/common/auto_word.html?type=employee&rest_code=00106 HTTP/1.1" 200 205
116.237.74.223 - - [03/Dec/2022:10:30:30 +0800] "GET /xingrg/all/common/auto_word.html?type=base&rest_code=00106&rest_code=00106 HTTP/1.1" 200 1799
116.237.74.223 - - [03/Dec/2022:10:30:30 +0800] "POST /xingrg/kc/mdqp/pssh_order_operate.html HTTP/1.1" 200 14348
114.88.159.190 - - [03/Dec/2022:10:30:31 +0800] "GET /xingrg/all/function/internal_message.html?_=1670034221345&CODE_STATE=getMsg HTTP/1.1" 200 27
101.85.106.255 - - [03/Dec/2022:10:30:32 +0800] "GET /xingrg/kc/base/wldb_order_operate.html?command=get_materiel&rest_code=00142&base_code=0010193&code=00102002117 HTTP/1.1" 200 434
114.95.43.237 - - [03/Dec/2022:10:30:33 +0800] "POST /xingrg/kc/mdqp/pssh_list_operate.html HTTP/1.1" 200 390
114.95.43.237 - - [03/Dec/2022:10:30:34 +0800] "GET /xingrg/kc/mdqp/pssh_order_info.html?code=312022120100008 HTTP/1.1" 200 17306
114.95.43.237 - - [03/Dec/2022:10:30:34 +0800] "GET /xingrg/javascript/jquery_tools/jquery-1.4.2.min.js HTTP/1.1" 404 1094
114.95.43.237 - - [03/Dec/2022:10:30:34 +0800] "GET /xingrg/javascript/easyui/themes/default/validatebox.css HTTP/1.1" 404 1104
114.95.43.237 - - [03/Dec/2022:10:30:34 +0800] "POST /xingrg/kc/mdqp/pssh_order_operate.html HTTP/1.1" 200 1121
116.237.74.223 - - [03/Dec/2022:10:30:36 +0800] "POST /xingrg/kc/mdqp/pssh_order_operate.html HTTP/1.1" 200 37
180.163.29.234 - - [03/Dec/2022:10:30:36 +0800] "GET /xingrg/servlets/image?cache=0.8812116353855922&image=px HTTP/1.1" 200 807
114.95.43.237 - - [03/Dec/2022:10:30:38 +0800] "POST /xingrg/kc/mdqp/pssh_order_operate.html HTTP/1.1" 200 37
116.238.139.35 - - [03/Dec/2022:10:30:41 +0800] "GET /xingrg/all/function/internal_message.html?_=1670034577271&CODE_STATE=getMsg HTTP/1.1" 200 27
180.162.229.95 - - [03/Dec/2022:10:30:42 +0800] "GET /xingrg/all/function/internal_message.html?_=1670034645001&CODE_STATE=getMsg HTTP/1.1" 200 27
116.238.139.35 - - [03/Dec/2022:10:30:43 +0800] "GET /xingrg/all/function/internal_message.html?_=1670034634998&CODE_STATE=getMsg HTTP/1.1" 200 27
101.85.106.255 - - [03/Dec/2022:10:30:43 +0800] "GET /xingrg/kc/base/wldb_order_operate.html?command=get_materiel&rest_code=00142&base_code=0010193&code=00102002204 HTTP/1.1" 200 447
180.158.0.157 - - [03/Dec/2022:10:30:43 +0800] "POST /xingrg/dwr/call/plaincall/AjaxReportQueryService.refreshCache.dwr HTTP/1.1" 200 78
116.237.74.223 - - [03/Dec/2022:10:30:43 +0800] "POST /xingrg/kc/mdqp/pssh_order_operate.html HTTP/1.1" 200 12
180.158.0.157 - - [03/Dec/2022:10:30:44 +0800] "POST /xingrg/all/report/load_report_page.html HTTP/1.1" 200 10363
180.158.0.157 - - [03/Dec/2022:10:30:44 +0800] "GET /xingrg/servlets/image?cache=0.019728829138652038&image=px HTTP/1.1" 200 807
180.163.29.212 - - [03/Dec/2022:10:30:45 +0800] "GET /xingrg/all/function/internal_message.html?_=1670034581266&CODE_STATE=getMsg HTTP/1.1" 302 -
114.83.219.57 - - [03/Dec/2022:10:30:45 +0800] "GET /xingrg/all/function/internal_message.html?_=1670034689415&CODE_STATE=getMsg HTTP/1.1" 200 27
180.163.29.212 - - [03/Dec/2022:10:30:45 +0800] "GET /xingrg/login.html HTTP/1.1" 200 7641
116.237.74.223 - - [03/Dec/2022:10:30:46 +0800] "GET /xingrg/all/function/internal_message.html?_=1670034641265&CODE_STATE=getMsg HTTP/1.1" 200 27
116.237.74.223 - - [03/Dec/2022:10:30:46 +0800] "GET /xingrg/kc/mdqp/pssh_order_info.html?code=312022120100012 HTTP/1.1" 200 14386
116.237.74.223 - - [03/Dec/2022:10:30:46 +0800] "GET /xingrg/javascript/jquery_tools/jquery-1.4.2.min.js HTTP/1.1" 404 1094
114.84.38.109 - - [03/Dec/2022:10:30:46 +0800] "GET /xingrg/all/function/internal_message.html?_=1670034657090&CODE_STATE=getMsg HTTP/1.1" 200 27
116.237.74.223 - - [03/Dec/2022:10:30:46 +0800] "GET /xingrg/javascript/easyui/themes/icons/uncheck_new.png HTTP/1.1" 200 3197
116.237.74.223 - - [03/Dec/2022:10:30:47 +0800] "GET /xingrg/javascript/easyui/themes/default/validatebox.css HTTP/1.1" 404 1104
116.237.74.223 - - [03/Dec/2022:10:30:47 +0800] "POST /xingrg/kc/mdqp/pssh_order_operate.html HTTP/1.1" 200 14348
114.95.43.237 - - [03/Dec/2022:10:30:48 +0800] "POST /xingrg/kc/mdqp/pssh_order_operate.html HTTP/1.1" 200 12
116.237.74.223 - - [03/Dec/2022:10:30:50 +0800] "GET /xingrg/kc/print/load_config.html?kc_code=pssh HTTP/1.1" 200 2291
114.95.43.237 - - [03/Dec/2022:10:30:50 +0800] "GET /xingrg/kc/mdqp/pssh_order_info.html?code=312022120100008 HTTP/1.1" 200 14382
114.95.43.237 - - [03/Dec/2022:10:30:50 +0800] "GET /xingrg/javascript/jquery_tools/jquery-1.4.2.min.js HTTP/1.1" 404 1094
116.237.74.223 - - [03/Dec/2022:10:30:50 +0800] "GET /xingrg/kc/print/load_data.html?order_code=312022120100012&kc_code=pssh&condition= HTTP/1.1" 200 5469
114.95.43.237 - - [03/Dec/2022:10:30:50 +0800] "GET /xingrg/javascript/easyui/themes/default/validatebox.css HTTP/1.1" 404 1104
114.95.43.237 - - [03/Dec/2022:10:30:50 +0800] "POST /xingrg/kc/mdqp/pssh_order_operate.html HTTP/1.1" 200 1121
124.79.245.154 - - [03/Dec/2022:10:30:52 +0800] "GET /xingrg/all/function/internal_message.html?_=1670034642799&CODE_STATE=getMsg HTTP/1.1" 302 -
120.253.135.82 - - [03/Dec/2022:10:30:52 +0800] "GET /xingrg/all/function/internal_message.html?_=1670034446871&CODE_STATE=getMsg HTTP/1.1" 200 27
114.95.43.237 - - [03/Dec/2022:10:30:52 +0800] "GET /xingrg/kc/print/load_data.html?order_code=312022120100008&kc_code=pssh&condition= HTTP/1.1" 200 900
180.158.0.157 - - [03/Dec/2022:10:30:54 +0800] "GET /xingrg/check_reg.html?_=1670034649156 HTTP/1.1" 200 22
180.158.0.157 - - [03/Dec/2022:10:30:54 +0800] "GET /xingrg/all/function/internal_message.html?_=1670034649160&CODE_STATE=getMsg HTTP/1.1" 200 27
116.230.105.139 - - [03/Dec/2022:10:30:56 +0800] "GET /xingrg/all/function/internal_message.html?_=1670034647951&CODE_STATE=getMsg HTTP/1.1" 200 27
101.85.106.255 - - [03/Dec/2022:10:30:57 +0800] "GET /xingrg/kc/base/wldb_order_operate.html?command=get_materiel&rest_code=00142&base_code=0010193&code=00102002358 HTTP/1.1" 200 429
116.237.74.223 - - [03/Dec/2022:10:30:57 +0800] "GET /xingrg/check_reg.html?_=1670034652583 HTTP/1.1" 200 22
114.95.43.237 - - [03/Dec/2022:10:30:57 +0800] "GET /xingrg/kc/base/wldb_order_list.html HTTP/1.1" 200 19101
114.95.43.237 - - [03/Dec/2022:10:30:58 +0800] "POST /xingrg/kc/base/wldb_list_operate.html HTTP/1.1" 200 1769
180.169.147.146 - - [03/Dec/2022:10:30:59 +0800] "GET /xingrg/check_reg.html?_=1670034647034 HTTP/1.1" 200 22
180.169.147.146 - - [03/Dec/2022:10:30:59 +0800] "GET /xingrg/all/function/internal_message.html?_=1670034647037&CODE_STATE=getMsg HTTP/1.1" 200 27
180.163.29.103 - - [03/Dec/2022:10:30:59 +0800] "GET /xingrg/servlets/image?cache=0.5609799509060509&image=px HTTP/1.1" 200 807
114.95.43.237 - - [03/Dec/2022:10:31:00 +0800] "POST /xingrg/kc/base/wldb_list_operate.html HTTP/1.1" 200 208
58.40.7.146 - - [03/Dec/2022:10:31:00 +0800] "GET /xingrg/all/function/internal_message.html?_=1670034651740&CODE_STATE=getMsg HTTP/1.1" 302 -
116.238.139.35 - - [03/Dec/2022:10:31:00 +0800] "GET /xingrg/all/function/internal_message.html?_=1670034595951&CODE_STATE=getMsg HTTP/1.1" 200 27
114.95.43.237 - - [03/Dec/2022:10:31:01 +0800] "GET /xingrg/kc/base/wldb_order_info.html?code=422022120300157 HTTP/1.1" 200 30396
114.95.43.237 - - [03/Dec/2022:10:31:01 +0800] "GET /xingrg/javascript/easyui/themes/default/validatebox.css HTTP/1.1" 404 1104
114.95.43.237 - - [03/Dec/2022:10:31:02 +0800] "POST /xingrg/kc/base/wldb_order_operate.html HTTP/1.1" 200 2196
114.84.81.136 - - [03/Dec/2022:10:31:02 +0800] "GET /xingrg/all/function/internal_message.html?_=1670034659449&CODE_STATE=getMsg HTTP/1.1" 200 27
114.84.81.136 - - [03/Dec/2022:10:31:02 +0800] "GET /xingrg/check_reg.html?_=1670034659450 HTTP/1.1" 200 22
101.85.106.255 - - [03/Dec/2022:10:31:07 +0800] "GET /xingrg/kc/base/wldb_order_operate.html?command=get_materiel&rest_code=00142&base_code=0010193&code=00102002118 HTTP/1.1" 200 466
180.158.0.157 - - [03/Dec/2022:10:31:07 +0800] "POST /xingrg/dwr/call/plaincall/AjaxReportQueryService.refreshCache.dwr HTTP/1.1" 200 78
114.95.43.237 - - [03/Dec/2022:10:31:08 +0800] "GET /xingrg/all/function/internal_message.html?_=1670034660953&CODE_STATE=getMsg HTTP/1.1" 200 27
180.158.0.157 - - [03/Dec/2022:10:31:09 +0800] "POST /xingrg/all/report/load_report_page.html HTTP/1.1" 200 10345
180.158.0.157 - - [03/Dec/2022:10:31:09 +0800] "GET /xingrg/servlets/image?cache=0.9124572631053036&image=px HTTP/1.1" 200 807
101.85.106.255 - - [03/Dec/2022:10:31:10 +0800] "GET /xingrg/all/function/internal_message.html?_=1670034660463&CODE_STATE=getMsg HTTP/1.1" 200 27
101.85.106.255 - - [03/Dec/2022:10:31:10 +0800] "POST /xingrg/all/common/load_select.html HTTP/1.1" 200 38
101.85.106.255 - - [03/Dec/2022:10:31:10 +0800] "GET /xingrg/check_reg.html?_=1670034661128 HTTP/1.1" 200 22
222.70.177.10 - - [03/Dec/2022:10:31:12 +0800] "GET /xingrg/all/function/internal_message.html?_=1670034661961&CODE_STATE=getMsg HTTP/1.1" 200 27
114.84.38.109 - - [03/Dec/2022:10:31:12 +0800] "GET /xingrg/check_reg.html?_=1670034685876 HTTP/1.1" 200 22
101.85.106.255 - - [03/Dec/2022:10:31:13 +0800] "GET /xingrg/kc/base/wldb_order_operate.html?command=get_materiel_price&rest_code=00142&base_code=0010193&code=00102002118&unit_code=00100339 HTTP/1.1" 200 35
116.237.74.223 - - [03/Dec/2022:10:31:15 +0800] "GET /xingrg/kc/mdqp/pssh_order_list.html?isBack=1 HTTP/1.1" 200 17847
116.237.74.223 - - [03/Dec/2022:10:31:15 +0800] "POST /xingrg/kc/mdqp/pssh_list_operate.html HTTP/1.1" 200 5295
116.238.139.35 - - [03/Dec/2022:10:31:17 +0800] "GET /xingrg/check_reg.html?_=1670034613150 HTTP/1.1" 200 22
114.84.81.136 - - [03/Dec/2022:10:31:17 +0800] "GET /xingrg/check_reg.html?_=1670034671649 HTTP/1.1" 200 22
116.237.74.223 - - [03/Dec/2022:10:31:21 +0800] "POST /xingrg/kc/mdqp/pssh_list_operate.html HTTP/1.1" 200 259
180.163.28.68 - - [03/Dec/2022:10:31:21 +0800] "GET /xingrg/servlets/image?cache=0.6470956403481091&image=px HTTP/1.1" 200 807
116.237.74.223 - - [03/Dec/2022:10:31:22 +0800] "GET /xingrg/kc/mdqp/pssh_order_info.html?code=312022120200029 HTTP/1.1" 200 17293
116.237.74.223 - - [03/Dec/2022:10:31:22 +0800] "GET /xingrg/javascript/jquery_tools/jquery-1.4.2.min.js HTTP/1.1" 404 1094
116.237.74.223 - - [03/Dec/2022:10:31:22 +0800] "GET /xingrg/javascript/easyui/themes/default/validatebox.css HTTP/1.1" 404 1104
116.237.74.223 - - [03/Dec/2022:10:31:23 +0800] "POST /xingrg/kc/mdqp/pssh_order_operate.html HTTP/1.1" 200 545
114.84.38.109 - - [03/Dec/2022:10:31:23 +0800] "GET /xingrg/all/function/internal_message.html?_=1670034696851&CODE_STATE=getMsg HTTP/1.1" 200 27
116.237.74.223 - - [03/Dec/2022:10:31:23 +0800] "GET /xingrg/all/function/internal_message.html?_=1670034677646&CODE_STATE=getMsg HTTP/1.1" 200 27
101.85.106.255 - - [03/Dec/2022:10:31:24 +0800] "GET /xingrg/kc/base/wldb_order_operate.html?command=get_materiel&rest_code=00142&base_code=0010193&code=00102002455 HTTP/1.1" 200 441
114.95.43.237 - - [03/Dec/2022:10:31:25 +0800] "GET /xingrg/all/function/internal_message.html?_=1670034525399&CODE_STATE=getMsg HTTP/1.1" 200 27
116.237.74.223 - - [03/Dec/2022:10:31:26 +0800] "POST /xingrg/all/common/load_combo.html?type=employee HTTP/1.1" 200 365
58.40.7.146 - - [03/Dec/2022:10:31:28 +0800] "GET /xingrg/all/function/internal_message.html?_=1670034680300&CODE_STATE=getMsg HTTP/1.1" 200 27
180.162.229.95 - - [03/Dec/2022:10:31:29 +0800] "GET /xingrg/all/function/internal_message.html?_=1670034682104&CODE_STATE=getMsg HTTP/1.1" 200 27
180.162.229.95 - - [03/Dec/2022:10:31:30 +0800] "GET /xingrg/all/function/internal_message.html?_=1670034674540&CODE_STATE=getMsg HTTP/1.1" 200 27
114.88.159.190 - - [03/Dec/2022:10:31:31 +0800] "GET /xingrg/all/function/internal_message.html?_=1670034281340&CODE_STATE=getMsg HTTP/1.1" 200 27
116.237.74.223 - - [03/Dec/2022:10:31:31 +0800] "POST /xingrg/kc/mdqp/pssh_order_operate.html HTTP/1.1" 200 37
180.158.0.157 - - [03/Dec/2022:10:31:33 +0800] "POST /xingrg/dwr/call/plaincall/AjaxReportQueryService.refreshCache.dwr HTTP/1.1" 200 79
180.158.0.157 - - [03/Dec/2022:10:31:35 +0800] "POST /xingrg/all/report/load_report_page.html HTTP/1.1" 200 10345
101.85.106.255 - - [03/Dec/2022:10:31:35 +0800] "GET /xingrg/kc/base/wldb_order_operate.html?command=get_materiel&rest_code=00142&base_code=0010193&code=00102002286 HTTP/1.1" 200 432
180.158.0.157 - - [03/Dec/2022:10:31:35 +0800] "GET /xingrg/servlets/image?cache=0.7063549793994932&image=px HTTP/1.1" 200 807
116.237.74.223 - - [03/Dec/2022:10:31:36 +0800] "POST /xingrg/kc/mdqp/pssh_order_operate.html HTTP/1.1" 200 12
116.237.74.223 - - [03/Dec/2022:10:31:37 +0800] "GET /xingrg/kc/mdqp/pssh_order_info.html?code=312022120200029 HTTP/1.1" 200 14382
116.237.74.223 - - [03/Dec/2022:10:31:37 +0800] "GET /xingrg/javascript/jquery_tools/jquery-1.4.2.min.js HTTP/1.1" 404 1094
116.237.74.223 - - [03/Dec/2022:10:31:38 +0800] "GET /xingrg/javascript/easyui/themes/default/validatebox.css HTTP/1.1" 404 1104
116.237.74.223 - - [03/Dec/2022:10:31:38 +0800] "POST /xingrg/kc/mdqp/pssh_order_operate.html HTTP/1.1" 200 545
116.238.139.35 - - [03/Dec/2022:10:31:41 +0800] "GET /xingrg/all/function/internal_message.html?_=1670034637284&CODE_STATE=getMsg HTTP/1.1" 200 27
116.237.74.223 - - [03/Dec/2022:10:31:42 +0800] "GET /xingrg/kc/print/load_data.html?order_code=312022120200029&kc_code=pssh&condition= HTTP/1.1" 200 662
180.162.229.95 - - [03/Dec/2022:10:31:42 +0800] "GET /xingrg/all/function/internal_message.html?_=1670034704993&CODE_STATE=getMsg HTTP/1.1" 200 27
116.238.139.35 - - [03/Dec/2022:10:31:43 +0800] "GET /xingrg/all/function/internal_message.html?_=1670034694983&CODE_STATE=getMsg HTTP/1.1" 200 27
114.83.219.57 - - [03/Dec/2022:10:31:45 +0800] "GET /xingrg/all/function/internal_message.html?_=1670034749415&CODE_STATE=getMsg HTTP/1.1" 200 27
116.237.74.223 - - [03/Dec/2022:10:31:46 +0800] "GET /xingrg/all/function/internal_message.html?_=1670034701240&CODE_STATE=getMsg HTTP/1.1" 200 27
114.84.38.109 - - [03/Dec/2022:10:31:46 +0800] "GET /xingrg/all/function/internal_message.html?_=1670034717111&CODE_STATE=getMsg HTTP/1.1" 200 27
101.85.106.255 - - [03/Dec/2022:10:31:49 +0800] "POST /xingrg/kc/base/wldb_order_operate.html HTTP/1.1" 200 37
101.85.106.255 - - [03/Dec/2022:10:31:50 +0800] "POST /xingrg/kc/base/wldb_order_operate.html HTTP/1.1" 200 9412
101.85.106.255 - - [03/Dec/2022:10:31:50 +0800] "GET /xingrg/kc/base/wldb_order_info.html?code=422022120300158 HTTP/1.1" 200 30407
101.85.106.255 - - [03/Dec/2022:10:31:51 +0800] "GET /xingrg/javascript/easyui/themes/default/validatebox.css HTTP/1.1" 404 1104
101.85.106.255 - - [03/Dec/2022:10:31:51 +0800] "POST /xingrg/kc/base/wldb_order_operate.html HTTP/1.1" 200 9412
124.79.245.154 - - [03/Dec/2022:10:31:52 +0800] "GET /xingrg/check_reg.html?_=1670034702754 HTTP/1.1" 302 -
124.79.245.154 - - [03/Dec/2022:10:31:52 +0800] "GET /xingrg/all/function/internal_message.html?_=1670034702773&CODE_STATE=getMsg HTTP/1.1" 302 -
120.253.135.82 - - [03/Dec/2022:10:31:52 +0800] "GET /xingrg/all/function/internal_message.html?_=1670034506878&CODE_STATE=getMsg HTTP/1.1" 200 27
180.158.0.157 - - [03/Dec/2022:10:31:54 +0800] "GET /xingrg/all/function/internal_message.html?_=1670034709135&CODE_STATE=getMsg HTTP/1.1" 200 27
116.230.105.139 - - [03/Dec/2022:10:31:56 +0800] "GET /xingrg/all/function/internal_message.html?_=1670034707937&CODE_STATE=getMsg HTTP/1.1" 200 27
101.85.106.255 - - [03/Dec/2022:10:31:56 +0800] "POST /xingrg/kc/base/wldb_order_operate.html HTTP/1.1" 200 37
180.158.0.157 - - [03/Dec/2022:10:31:57 +0800] "POST /xingrg/dwr/call/plaincall/AjaxReportQueryService.refreshCache.dwr HTTP/1.1" 200 79
180.163.30.100 - - [03/Dec/2022:10:31:57 +0800] "GET /xingrg/check_reg.html?_=1670034652583 HTTP/1.1" 302 -
180.163.30.100 - - [03/Dec/2022:10:31:57 +0800] "GET /xingrg/login.html HTTP/1.1" 200 7641
101.85.106.255 - - [03/Dec/2022:10:31:57 +0800] "POST /xingrg/kc/base/wldb_order_operate.html HTTP/1.1" 200 9412
180.169.147.146 - - [03/Dec/2022:10:31:59 +0800] "GET /xingrg/all/function/internal_message.html?_=1670034707036&CODE_STATE=getMsg HTTP/1.1" 200 27
180.158.0.157 - - [03/Dec/2022:10:31:59 +0800] "POST /xingrg/all/report/load_report_page.html HTTP/1.1" 200 10345
180.158.0.157 - - [03/Dec/2022:10:31:59 +0800] "GET /xingrg/servlets/image?cache=0.8878891157507768&image=px HTTP/1.1" 200 807
101.85.106.255 - - [03/Dec/2022:10:31:59 +0800] "GET /xingrg/kc/base/wldb_order_info.html?code=422022120300158 HTTP/1.1" 200 30407
101.85.106.255 - - [03/Dec/2022:10:31:59 +0800] "GET /xingrg/javascript/easyui/themes/default/validatebox.css HTTP/1.1" 404 1104
58.40.7.146 - - [03/Dec/2022:10:32:00 +0800] "GET /xingrg/all/function/internal_message.html?_=1670034711724&CODE_STATE=getMsg HTTP/1.1" 302 -
116.238.139.35 - - [03/Dec/2022:10:32:00 +0800] "GET /xingrg/all/function/internal_message.html?_=1670034655957&CODE_STATE=getMsg HTTP/1.1" 200 27
101.85.106.255 - - [03/Dec/2022:10:32:00 +0800] "POST /xingrg/kc/base/wldb_order_operate.html HTTP/1.1" 200 9412
116.238.139.35 - - [03/Dec/2022:10:32:01 +0800] "GET /xingrg/check_reg.html?_=1670034713708 HTTP/1.1" 200 22
114.84.81.136 - - [03/Dec/2022:10:32:02 +0800] "GET /xingrg/all/function/internal_message.html?_=1670034719448&CODE_STATE=getMsg HTTP/1.1" 200 27
116.237.74.223 - - [03/Dec/2022:10:32:04 +0800] "GET /xingrg/kc/mdqp/pssh_order_list.html?isBack=1 HTTP/1.1" 200 17847
116.237.74.223 - - [03/Dec/2022:10:32:05 +0800] "POST /xingrg/kc/mdqp/pssh_list_operate.html HTTP/1.1" 200 5320
114.95.43.237 - - [03/Dec/2022:10:32:08 +0800] "GET /xingrg/all/function/internal_message.html?_=1670034720961&CODE_STATE=getMsg HTTP/1.1" 200 27
116.237.74.223 - - [03/Dec/2022:10:32:08 +0800] "POST /xingrg/kc/mdqp/pssh_list_operate.html HTTP/1.1" 200 473
180.163.29.217 - - [03/Dec/2022:10:32:09 +0800] "GET /xingrg/servlets/image?cache=0.9124572631053036&image=px HTTP/1.1" 200 807
101.85.106.255 - - [03/Dec/2022:10:32:10 +0800] "GET /xingrg/all/function/internal_message.html?_=1670034720449&CODE_STATE=getMsg HTTP/1.1" 200 27
116.237.74.223 - - [03/Dec/2022:10:32:10 +0800] "POST /xingrg/kc/mdqp/pssh_list_operate.html HTTP/1.1" 200 1890
116.237.74.223 - - [03/Dec/2022:10:32:11 +0800] "GET /xingrg/kc/mdqp/pssh_order_info.html?code=312022120100013 HTTP/1.1" 200 17293
116.237.74.223 - - [03/Dec/2022:10:32:11 +0800] "GET /xingrg/javascript/jquery_tools/jquery-1.4.2.min.js HTTP/1.1" 404 1094
116.237.74.223 - - [03/Dec/2022:10:32:11 +0800] "GET /xingrg/javascript/easyui/themes/default/validatebox.css HTTP/1.1" 404 1104
116.237.74.223 - - [03/Dec/2022:10:32:11 +0800] "POST /xingrg/kc/mdqp/pssh_order_operate.html HTTP/1.1" 200 1614
222.70.177.10 - - [03/Dec/2022:10:32:12 +0800] "GET /xingrg/all/function/internal_message.html?_=1670034721960&CODE_STATE=getMsg HTTP/1.1" 200 27
58.40.7.146 - - [03/Dec/2022:10:32:13 +0800] "GET /xingrg/check_reg.html?_=1670034724769 HTTP/1.1" 302 -
116.237.74.223 - - [03/Dec/2022:10:32:14 +0800] "POST /xingrg/all/common/load_combo.html?type=employee HTTP/1.1" 200 365
180.162.229.95 - - [03/Dec/2022:10:32:15 +0800] "POST /xingrg/services/DataTransmitService HTTP/1.1" 200 524
180.162.229.95 - - [03/Dec/2022:10:32:16 +0800] "POST /xingrg/services/DataTransmitService HTTP/1.1" 200 2487
114.88.159.190 - - [03/Dec/2022:10:32:17 +0800] "GET /xingrg/all/function/internal_message.html?_=1670034724939&CODE_STATE=getMsg HTTP/1.1" 200 27
114.88.159.190 - - [03/Dec/2022:10:32:17 +0800] "GET /xingrg/kc/cost/cost_page.html HTTP/1.1" 200 4089
114.88.159.190 - - [03/Dec/2022:10:32:17 +0800] "GET /xingrg/css/blue.css HTTP/1.1" 304 -
114.88.159.190 - - [03/Dec/2022:10:32:17 +0800] "GET /xingrg/javascript/jquery_easy_ui/themes/icon.css HTTP/1.1" 304 -
114.88.159.190 - - [03/Dec/2022:10:32:17 +0800] "GET /xingrg/javascript/jquery-1.4.2.min.js HTTP/1.1" 304 -
114.88.159.190 - - [03/Dec/2022:10:32:17 +0800] "GET /xingrg/javascript/jquery_easy_ui/jquery.easyui.min.js HTTP/1.1" 304 -
114.88.159.190 - - [03/Dec/2022:10:32:18 +0800] "GET /xingrg/javascript/jquery_easy_ui/themes/default/easyui.css HTTP/1.1" 304 -
114.88.159.190 - - [03/Dec/2022:10:32:18 +0800] "GET /xingrg/javascript/step/step.css HTTP/1.1" 304 -
114.88.159.190 - - [03/Dec/2022:10:32:18 +0800] "GET /xingrg/css/table.css HTTP/1.1" 304 -
180.162.229.95 - - [03/Dec/2022:10:32:18 +0800] "POST /xingrg/services/DataTransmitService HTTP/1.1" 200 185436
114.88.159.190 - - [03/Dec/2022:10:32:18 +0800] "GET /xingrg/dwr/engine.js HTTP/1.1" 200 43631
114.88.159.190 - - [03/Dec/2022:10:32:18 +0800] "GET /xingrg/dwr/interface/AjaxReportQueryService.js HTTP/1.1" 200 13203
114.88.159.190 - - [03/Dec/2022:10:32:18 +0800] "GET /xingrg/dwr/util.js HTTP/1.1" 304 -
114.88.159.190 - - [03/Dec/2022:10:32:18 +0800] "GET /xingrg/javascript/jquery.utils.js HTTP/1.1" 304 -
114.88.159.190 - - [03/Dec/2022:10:32:18 +0800] "GET /xingrg/javascript/jquery_easy_ui/easyui-lang-zh_CN.js HTTP/1.1" 304 -
114.88.159.190 - - [03/Dec/2022:10:32:18 +0800] "GET /xingrg/images/control/ajaxLoader.gif HTTP/1.1" 304 -
116.237.74.223 - - [03/Dec/2022:10:32:21 +0800] "POST /xingrg/kc/mdqp/pssh_order_operate.html HTTP/1.1" 200 37
114.88.159.190 - - [03/Dec/2022:10:32:22 +0800] "POST /xingrg/all/user/operate.html HTTP/1.1" 200 36
114.88.159.190 - - [03/Dec/2022:10:32:22 +0800] "GET /xingrg/javascript/jquery_easy_ui/themes/default/easyui.css HTTP/1.1" 304 -
114.88.159.190 - - [03/Dec/2022:10:32:22 +0800] "GET /xingrg/index.html?sysBaseUrl=http%3A%2F%2F180.169.147.146%3A18081%2Fxingrg%2F&costTime=1180×tamp=1670033753335 HTTP/1.1" 200 17503
114.88.159.190 - - [03/Dec/2022:10:32:22 +0800] "GET /xingrg/javascript/jquery_easy_ui/themes/icon.css HTTP/1.1" 304 -
114.88.159.190 - - [03/Dec/2022:10:32:22 +0800] "GET /xingrg/css/form.css HTTP/1.1" 304 -
114.88.159.190 - - [03/Dec/2022:10:32:22 +0800] "GET /xingrg/javascript/jquery-1.4.2.min.js HTTP/1.1" 304 -
114.88.159.190 - - [03/Dec/2022:10:32:22 +0800] "GET /xingrg/javascript/jquery_easy_ui/jquery.easyui.min.js HTTP/1.1" 304 -
114.88.159.190 - - [03/Dec/2022:10:32:22 +0800] "GET /xingrg/javascript/jquery_easy_ui/easyui-lang-zh_CN.js HTTP/1.1" 304 -
114.88.159.190 - - [03/Dec/2022:10:32:22 +0800] "GET /xingrg/javascript/jquery.form.js HTTP/1.1" 304 -
114.88.159.190 - - [03/Dec/2022:10:32:22 +0800] "GET /xingrg/javascript/jquery.utils.js HTTP/1.1" 304 -
114.88.159.190 - - [03/Dec/2022:10:32:23 +0800] "GET /xingrg/javascript/jquery.timers.js HTTP/1.1" 304 -
114.88.159.190 - - [03/Dec/2022:10:32:23 +0800] "GET /xingrg/images/blue/jxLogo.png HTTP/1.1" 304 -
114.88.159.190 - - [03/Dec/2022:10:32:23 +0800] "GET /xingrg/images/blue/navBackgound.jpg HTTP/1.1" 304 -
114.88.159.190 - - [03/Dec/2022:10:32:23 +0800] "GET /xingrg/javascript/jquery_easy_ui/themes/icons/settle_new.png HTTP/1.1" 304 -
114.88.159.190 - - [03/Dec/2022:10:32:23 +0800] "GET /xingrg/all/function/internal_message.html?_=1670034730320&CODE_STATE=count HTTP/1.1" 200 11
114.88.159.190 - - [03/Dec/2022:10:32:23 +0800] "GET /xingrg/check_reg.html?_=1670034730321 HTTP/1.1" 200 22
114.88.159.190 - - [03/Dec/2022:10:32:23 +0800] "GET /xingrg/javascript/jquery_easy_ui/themes/default/images/panel_tool_expand.gif HTTP/1.1" 304 -
114.88.159.190 - - [03/Dec/2022:10:32:23 +0800] "GET /xingrg/javascript/jquery_easy_ui/themes/default/images/panel_tool_collapse.gif HTTP/1.1" 304 -
114.88.159.190 - - [03/Dec/2022:10:32:23 +0800] "GET /xingrg/javascript/jquery_easy_ui/themes/default/images/tabs_rightarrow.png HTTP/1.1" 304 -
114.88.159.190 - - [03/Dec/2022:10:32:23 +0800] "GET /xingrg/javascript/jquery_easy_ui/themes/default/images/tabs_leftarrow.png HTTP/1.1" 304 -
114.88.159.190 - - [03/Dec/2022:10:32:23 +0800] "GET /xingrg/images/blue/pingpu.png HTTP/1.1" 304 -
114.84.38.109 - - [03/Dec/2022:10:32:23 +0800] "GET /xingrg/all/function/internal_message.html?_=1670034756867&CODE_STATE=getMsg HTTP/1.1" 200 27
114.88.159.190 - - [03/Dec/2022:10:32:23 +0800] "POST /xingrg/all/common/load_tree.html?tree=area_rest_tree_json&manage=1 HTTP/1.1" 200 3499
116.237.74.223 - - [03/Dec/2022:10:32:23 +0800] "GET /xingrg/all/function/internal_message.html?_=1670034737650&CODE_STATE=getMsg HTTP/1.1" 200 27
114.88.159.190 - - [03/Dec/2022:10:32:23 +0800] "POST /xingrg/load_menu.html HTTP/1.1" 200 9959
116.237.74.223 - - [03/Dec/2022:10:32:25 +0800] "POST /xingrg/kc/mdqp/pssh_order_operate.html HTTP/1.1" 200 12
114.95.43.237 - - [03/Dec/2022:10:32:25 +0800] "GET /xingrg/all/function/internal_message.html?_=1670034585407&CODE_STATE=getMsg HTTP/1.1" 200 27
114.88.159.190 - - [03/Dec/2022:10:32:27 +0800] "GET /xingrg/kc/base/check_order_list.html HTTP/1.1" 200 16481
116.237.74.223 - - [03/Dec/2022:10:32:27 +0800] "GET /xingrg/kc/mdqp/pssh_order_info.html?code=312022120100013 HTTP/1.1" 200 14382
116.237.74.223 - - [03/Dec/2022:10:32:27 +0800] "GET /xingrg/javascript/jquery_tools/jquery-1.4.2.min.js HTTP/1.1" 404 1094
116.237.74.223 - - [03/Dec/2022:10:32:27 +0800] "GET /xingrg/javascript/easyui/themes/default/validatebox.css HTTP/1.1" 404 1104
114.88.159.190 - - [03/Dec/2022:10:32:27 +0800] "POST /xingrg/kc/base/check_list_operate.html HTTP/1.1" 200 781
116.237.74.223 - - [03/Dec/2022:10:32:27 +0800] "POST /xingrg/kc/mdqp/pssh_order_operate.html HTTP/1.1" 200 1614
58.40.7.146 - - [03/Dec/2022:10:32:28 +0800] "GET /xingrg/all/function/internal_message.html?_=1670034740304&CODE_STATE=getMsg HTTP/1.1" 200 27
180.162.229.95 - - [03/Dec/2022:10:32:29 +0800] "GET /xingrg/all/function/internal_message.html?_=1670034742100&CODE_STATE=getMsg HTTP/1.1" 200 27
180.162.229.95 - - [03/Dec/2022:10:32:30 +0800] "GET /xingrg/all/function/internal_message.html?_=1670034734540&CODE_STATE=getMsg HTTP/1.1" 200 27
116.237.74.223 - - [03/Dec/2022:10:32:30 +0800] "GET /xingrg/kc/print/load_data.html?order_code=312022120100013&kc_code=pssh&condition= HTTP/1.1" 200 1050
114.88.159.190 - - [03/Dec/2022:10:32:31 +0800] "GET /xingrg/check_reg.html?_=1670034341333 HTTP/1.1" 200 22
114.88.159.190 - - [03/Dec/2022:10:32:31 +0800] "GET /xingrg/all/function/internal_message.html?_=1670034341335&CODE_STATE=getMsg HTTP/1.1" 200 27
114.88.159.190 - - [03/Dec/2022:10:32:32 +0800] "GET /xingrg/kc/cost/cost_list.html HTTP/1.1" 200 6093
114.88.159.190 - - [03/Dec/2022:10:32:32 +0800] "GET /xingrg/dwr/interface/AjaxReportQueryService.js HTTP/1.1" 200 13203
114.88.159.190 - - [03/Dec/2022:10:32:32 +0800] "GET /xingrg/dwr/engine.js HTTP/1.1" 200 43631
114.88.159.190 - - [03/Dec/2022:10:32:32 +0800] "GET /xingrg/kc/cost/cost_operate.html?_=1670034739801&command=load_cost_list HTTP/1.1" 200 8758
180.163.29.219 - - [03/Dec/2022:10:32:34 +0800] "GET /xingrg/servlets/image?cache=0.7063549793994932&image=px HTTP/1.1" 200 807
114.88.159.190 - - [03/Dec/2022:10:32:34 +0800] "GET /xingrg/kc/cost/cost_page.html HTTP/1.1" 200 4089
114.88.159.190 - - [03/Dec/2022:10:32:34 +0800] "GET /xingrg/dwr/interface/AjaxReportQueryService.js HTTP/1.1" 200 13203
114.88.159.190 - - [03/Dec/2022:10:32:34 +0800] "GET /xingrg/dwr/engine.js HTTP/1.1" 200 43631
114.88.159.190 - - [03/Dec/2022:10:32:37 +0800] "POST /xingrg/kc/cost/cost_operate.html HTTP/1.1" 200 4
114.88.159.190 - - [03/Dec/2022:10:32:38 +0800] "GET /xingrg/kc/cost/cost_page.html HTTP/1.1" 200 4364
114.88.159.190 - - [03/Dec/2022:10:32:38 +0800] "GET /xingrg/css/blue.css HTTP/1.1" 304 -
114.88.159.190 - - [03/Dec/2022:10:32:38 +0800] "GET /xingrg/javascript/jquery_easy_ui/themes/default/easyui.css HTTP/1.1" 304 -
114.88.159.190 - - [03/Dec/2022:10:32:38 +0800] "GET /xingrg/javascript/step/step.css HTTP/1.1" 304 -
114.88.159.190 - - [03/Dec/2022:10:32:38 +0800] "GET /xingrg/javascript/jquery_easy_ui/themes/icon.css HTTP/1.1" 304 -
114.88.159.190 - - [03/Dec/2022:10:32:38 +0800] "GET /xingrg/css/table.css HTTP/1.1" 304 -
114.88.159.190 - - [03/Dec/2022:10:32:38 +0800] "GET /xingrg/javascript/jquery_easy_ui/jquery.easyui.min.js HTTP/1.1" 304 -
114.88.159.190 - - [03/Dec/2022:10:32:38 +0800] "GET /xingrg/javascript/jquery-1.4.2.min.js HTTP/1.1" 304 -
114.88.159.190 - - [03/Dec/2022:10:32:38 +0800] "GET /xingrg/javascript/jquery_easy_ui/easyui-lang-zh_CN.js HTTP/1.1" 304 -
114.88.159.190 - - [03/Dec/2022:10:32:38 +0800] "GET /xingrg/dwr/util.js HTTP/1.1" 304 -
114.88.159.190 - - [03/Dec/2022:10:32:38 +0800] "GET /xingrg/javascript/jquery.utils.js HTTP/1.1" 304 -
