120.253.135.82 - - [03/Dec/2022:06:37:47 +0800] "GET /xingrg/kc/pszx/mdps_order_info.html?code=312022120300068 HTTP/1.1" 200 23978
116.238.139.35 - - [03/Dec/2022:06:37:47 +0800] "GET /xingrg/all/function/internal_message.html?_=1670020659943&CODE_STATE=getMsg HTTP/1.1" 200 27
120.253.135.82 - - [03/Dec/2022:06:37:47 +0800] "GET /xingrg/javascript/easyui/themes/default/validatebox.css HTTP/1.1" 404 1104
120.253.135.82 - - [03/Dec/2022:06:37:48 +0800] "POST /xingrg/kc/pszx/mdps_order_operate.html HTTP/1.1" 200 10265
116.238.139.35 - - [03/Dec/2022:06:37:51 +0800] "GET /xingrg/all/function/internal_message.html?_=1670020607973&CODE_STATE=getMsg HTTP/1.1" 302 -
124.79.245.154 - - [03/Dec/2022:06:37:51 +0800] "GET /xingrg/all/function/internal_message.html?_=1670020662750&CODE_STATE=getMsg HTTP/1.1" 302 -
120.253.135.82 - - [03/Dec/2022:06:37:52 +0800] "POST /xingrg/kc/pszx/mdps_order_operate.html HTTP/1.1" 200 37
120.253.135.82 - - [03/Dec/2022:06:37:54 +0800] "GET /xingrg/kc/pszx/mdps_order_info.html?code=312022120300068 HTTP/1.1" 200 23978
120.253.135.82 - - [03/Dec/2022:06:37:54 +0800] "GET /xingrg/javascript/easyui/themes/default/validatebox.css HTTP/1.1" 404 1104
120.253.135.82 - - [03/Dec/2022:06:37:55 +0800] "POST /xingrg/kc/pszx/mdps_order_operate.html HTTP/1.1" 200 10397
58.40.7.146 - - [03/Dec/2022:06:38:04 +0800] "GET /xingrg/all/function/internal_message.html?_=1670020676121&CODE_STATE=getMsg HTTP/1.1" 302 -
114.84.38.109 - - [03/Dec/2022:06:38:06 +0800] "GET /xingrg/all/function/internal_message.html?_=1670020699334&CODE_STATE=getMsg HTTP/1.1" 200 27
120.253.135.82 - - [03/Dec/2022:06:38:31 +0800] "POST /xingrg/kc/pszx/mdps_order_operate.html HTTP/1.1" 200 37
120.253.135.82 - - [03/Dec/2022:06:38:32 +0800] "GET /xingrg/kc/pszx/mdps_order_info.html?code=312022120300068 HTTP/1.1" 200 23978
120.253.135.82 - - [03/Dec/2022:06:38:33 +0800] "GET /xingrg/javascript/easyui/themes/default/validatebox.css HTTP/1.1" 404 1104
120.253.135.82 - - [03/Dec/2022:06:38:33 +0800] "POST /xingrg/kc/pszx/mdps_order_operate.html HTTP/1.1" 200 10398
120.253.135.82 - - [03/Dec/2022:06:38:36 +0800] "GET /xingrg/all/function/internal_message.html?_=1670020510906&CODE_STATE=getMsg HTTP/1.1" 200 27
120.253.135.82 - - [03/Dec/2022:06:38:37 +0800] "POST /xingrg/kc/pszx/mdps_list_operate.html HTTP/1.1" 200 374
120.253.135.82 - - [03/Dec/2022:06:38:39 +0800] "GET /xingrg/kc/pszx/mdps_order_info.html?code=312022120300069 HTTP/1.1" 200 23978
120.253.135.82 - - [03/Dec/2022:06:38:39 +0800] "GET /xingrg/javascript/easyui/themes/default/validatebox.css HTTP/1.1" 404 1104
120.253.135.82 - - [03/Dec/2022:06:38:40 +0800] "POST /xingrg/kc/pszx/mdps_order_operate.html HTTP/1.1" 200 3276
120.253.135.82 - - [03/Dec/2022:06:38:40 +0800] "POST /xingrg/all/common/load_combo.html?type=base HTTP/1.1" 200 1169
120.253.135.82 - - [03/Dec/2022:06:38:45 +0800] "POST /xingrg/kc/pszx/mdps_order_operate.html HTTP/1.1" 200 37
120.253.135.82 - - [03/Dec/2022:06:38:46 +0800] "GET /xingrg/kc/pszx/mdps_order_info.html?code=312022120300069 HTTP/1.1" 200 23978
120.253.135.82 - - [03/Dec/2022:06:38:47 +0800] "GET /xingrg/javascript/easyui/themes/default/validatebox.css HTTP/1.1" 404 1104
120.253.135.82 - - [03/Dec/2022:06:38:47 +0800] "POST /xingrg/kc/pszx/mdps_order_operate.html HTTP/1.1" 200 3301
116.238.139.35 - - [03/Dec/2022:06:38:47 +0800] "GET /xingrg/all/function/internal_message.html?_=1670020719916&CODE_STATE=getMsg HTTP/1.1" 200 27
120.253.135.82 - - [03/Dec/2022:06:38:50 +0800] "POST /xingrg/kc/pszx/mdps_list_operate.html HTTP/1.1" 200 2437
120.253.135.82 - - [03/Dec/2022:06:38:51 +0800] "POST /xingrg/kc/pszx/mdps_list_operate.html HTTP/1.1" 200 294
116.238.139.35 - - [03/Dec/2022:06:38:51 +0800] "GET /xingrg/all/function/internal_message.html?_=1670020668045&CODE_STATE=getMsg HTTP/1.1" 302 -
124.79.245.154 - - [03/Dec/2022:06:38:51 +0800] "GET /xingrg/all/function/internal_message.html?_=1670020722758&CODE_STATE=getMsg HTTP/1.1" 302 -
120.253.135.82 - - [03/Dec/2022:06:38:52 +0800] "GET /xingrg/kc/pszx/mdps_order_info.html?code=312022120300070 HTTP/1.1" 200 23978
120.253.135.82 - - [03/Dec/2022:06:38:53 +0800] "GET /xingrg/javascript/easyui/themes/default/validatebox.css HTTP/1.1" 404 1104
120.253.135.82 - - [03/Dec/2022:06:38:53 +0800] "POST /xingrg/kc/pszx/mdps_order_operate.html HTTP/1.1" 200 2789
120.253.135.82 - - [03/Dec/2022:06:38:54 +0800] "POST /xingrg/all/common/load_combo.html?type=base HTTP/1.1" 200 1169
120.253.135.82 - - [03/Dec/2022:06:38:59 +0800] "POST /xingrg/kc/pszx/mdps_order_operate.html HTTP/1.1" 200 37
120.253.135.82 - - [03/Dec/2022:06:39:01 +0800] "GET /xingrg/kc/pszx/mdps_order_info.html?code=312022120300070 HTTP/1.1" 200 23978
120.253.135.82 - - [03/Dec/2022:06:39:01 +0800] "GET /xingrg/javascript/easyui/themes/default/validatebox.css HTTP/1.1" 404 1104
120.253.135.82 - - [03/Dec/2022:06:39:02 +0800] "POST /xingrg/kc/pszx/mdps_order_operate.html HTTP/1.1" 200 2803
58.40.7.146 - - [03/Dec/2022:06:39:04 +0800] "GET /xingrg/all/function/internal_message.html?_=1670020736106&CODE_STATE=getMsg HTTP/1.1" 302 -
114.84.38.109 - - [03/Dec/2022:06:39:06 +0800] "GET /xingrg/all/function/internal_message.html?_=1670020759564&CODE_STATE=getMsg HTTP/1.1" 200 27
120.253.135.82 - - [03/Dec/2022:06:39:09 +0800] "POST /xingrg/kc/pszx/mdps_list_operate.html HTTP/1.1" 200 2437
120.253.135.82 - - [03/Dec/2022:06:39:11 +0800] "GET /xingrg/kc/pszx/mdqp_order_list.html?state=10 HTTP/1.1" 200 11517
120.253.135.82 - - [03/Dec/2022:06:39:12 +0800] "GET /xingrg/dwr/interface/AjaxReportQueryService.js HTTP/1.1" 200 13203
120.253.135.82 - - [03/Dec/2022:06:39:12 +0800] "GET /xingrg/dwr/interface/AjaxQqpsService.js HTTP/1.1" 200 16326
120.253.135.82 - - [03/Dec/2022:06:39:12 +0800] "GET /xingrg/dwr/engine.js HTTP/1.1" 200 43631
120.253.135.82 - - [03/Dec/2022:06:39:14 +0800] "GET /xingrg/kc/pszx/mdqp_order_info.html?code=302022120200043 HTTP/1.1" 200 13350
120.253.135.82 - - [03/Dec/2022:06:39:14 +0800] "GET /xingrg/dwr/interface/AjaxComOrderService.js HTTP/1.1" 200 18264
120.253.135.82 - - [03/Dec/2022:06:39:14 +0800] "GET /xingrg/dwr/interface/AjaxQqpsService.js HTTP/1.1" 200 16326
120.253.135.82 - - [03/Dec/2022:06:39:14 +0800] "GET /xingrg/dwr/engine.js HTTP/1.1" 200 43631
120.253.135.82 - - [03/Dec/2022:06:39:15 +0800] "POST /xingrg/dwr/call/plaincall/AjaxQqpsService.loadMaterielItems.dwr HTTP/1.1" 200 6797
120.253.135.82 - - [03/Dec/2022:06:39:17 +0800] "GET /xingrg/images/yd/bt.gif HTTP/1.1" 404 1040
120.253.135.82 - - [03/Dec/2022:06:39:17 +0800] "GET /xingrg/images/yd/bt2.gif HTTP/1.1" 404 1042
120.253.135.82 - - [03/Dec/2022:06:39:27 +0800] "GET /xingrg/kc/pszx/mdqp_order_list.html?isBack=1 HTTP/1.1" 302 -
120.253.135.82 - - [03/Dec/2022:06:39:28 +0800] "GET /xingrg/kc/pszx/mdqp_order_list.html?state=10 HTTP/1.1" 200 11517
120.253.135.82 - - [03/Dec/2022:06:39:28 +0800] "GET /xingrg/dwr/interface/AjaxReportQueryService.js HTTP/1.1" 200 13203
120.253.135.82 - - [03/Dec/2022:06:39:28 +0800] "GET /xingrg/dwr/interface/AjaxQqpsService.js HTTP/1.1" 200 16326
120.253.135.82 - - [03/Dec/2022:06:39:28 +0800] "GET /xingrg/dwr/engine.js HTTP/1.1" 200 43631
120.253.135.82 - - [03/Dec/2022:06:39:30 +0800] "GET /xingrg/kc/pszx/mdqp_order_info.html?code=302022120200045 HTTP/1.1" 200 13350
120.253.135.82 - - [03/Dec/2022:06:39:30 +0800] "GET /xingrg/dwr/interface/AjaxComOrderService.js HTTP/1.1" 200 18264
120.253.135.82 - - [03/Dec/2022:06:39:30 +0800] "GET /xingrg/dwr/interface/AjaxQqpsService.js HTTP/1.1" 200 16326
120.253.135.82 - - [03/Dec/2022:06:39:30 +0800] "GET /xingrg/dwr/engine.js HTTP/1.1" 200 43631
120.253.135.82 - - [03/Dec/2022:06:39:31 +0800] "POST /xingrg/dwr/call/plaincall/AjaxQqpsService.loadMaterielItems.dwr HTTP/1.1" 200 1898
120.253.135.82 - - [03/Dec/2022:06:39:36 +0800] "GET /xingrg/all/function/internal_message.html?_=1670020570919&CODE_STATE=getMsg HTTP/1.1" 200 27
120.253.135.82 - - [03/Dec/2022:06:39:43 +0800] "GET /xingrg/kc/pszx/mdqp_order_list.html?isBack=1 HTTP/1.1" 302 -
120.253.135.82 - - [03/Dec/2022:06:39:43 +0800] "GET /xingrg/images/yd/bt.gif HTTP/1.1" 404 1040
120.253.135.82 - - [03/Dec/2022:06:39:43 +0800] "GET /xingrg/images/yd/bt2.gif HTTP/1.1" 404 1042
120.253.135.82 - - [03/Dec/2022:06:39:44 +0800] "GET /xingrg/kc/pszx/mdqp_order_list.html?state=10 HTTP/1.1" 200 11517
120.253.135.82 - - [03/Dec/2022:06:39:44 +0800] "GET /xingrg/dwr/interface/AjaxReportQueryService.js HTTP/1.1" 200 13203
120.253.135.82 - - [03/Dec/2022:06:39:44 +0800] "GET /xingrg/dwr/interface/AjaxQqpsService.js HTTP/1.1" 200 16326
120.253.135.82 - - [03/Dec/2022:06:39:44 +0800] "GET /xingrg/dwr/engine.js HTTP/1.1" 200 43631
120.253.135.82 - - [03/Dec/2022:06:39:46 +0800] "GET /xingrg/kc/pszx/mdqp_order_info.html?code=302022120200046 HTTP/1.1" 200 13350
120.253.135.82 - - [03/Dec/2022:06:39:46 +0800] "GET /xingrg/dwr/interface/AjaxComOrderService.js HTTP/1.1" 200 18264
120.253.135.82 - - [03/Dec/2022:06:39:46 +0800] "GET /xingrg/dwr/interface/AjaxQqpsService.js HTTP/1.1" 200 16326
120.253.135.82 - - [03/Dec/2022:06:39:46 +0800] "GET /xingrg/dwr/engine.js HTTP/1.1" 200 43631
120.253.135.82 - - [03/Dec/2022:06:39:46 +0800] "POST /xingrg/dwr/call/plaincall/AjaxQqpsService.loadMaterielItems.dwr HTTP/1.1" 200 635
116.238.139.35 - - [03/Dec/2022:06:39:47 +0800] "GET /xingrg/all/function/internal_message.html?_=1670020779901&CODE_STATE=getMsg HTTP/1.1" 200 27
120.253.135.82 - - [03/Dec/2022:06:39:49 +0800] "GET /xingrg/kc/pszx/mdqp_order_list.html?isBack=1 HTTP/1.1" 302 -
120.253.135.82 - - [03/Dec/2022:06:39:50 +0800] "GET /xingrg/kc/pszx/mdqp_order_list.html?state=10 HTTP/1.1" 200 11517
120.253.135.82 - - [03/Dec/2022:06:39:50 +0800] "GET /xingrg/dwr/interface/AjaxQqpsService.js HTTP/1.1" 200 16326
120.253.135.82 - - [03/Dec/2022:06:39:50 +0800] "GET /xingrg/dwr/interface/AjaxReportQueryService.js HTTP/1.1" 200 13203
120.253.135.82 - - [03/Dec/2022:06:39:50 +0800] "GET /xingrg/dwr/engine.js HTTP/1.1" 200 43631
116.238.139.35 - - [03/Dec/2022:06:39:51 +0800] "GET /xingrg/all/function/internal_message.html?_=1670020728047&CODE_STATE=getMsg HTTP/1.1" 302 -
124.79.245.154 - - [03/Dec/2022:06:39:51 +0800] "GET /xingrg/all/function/internal_message.html?_=1670020782747&CODE_STATE=getMsg HTTP/1.1" 302 -
120.253.135.82 - - [03/Dec/2022:06:39:52 +0800] "GET /xingrg/kc/pszx/jzcl_ps.html HTTP/1.1" 200 7683
120.253.135.82 - - [03/Dec/2022:06:39:53 +0800] "POST /xingrg/all/common/load_tree.html?tree=area_rest_tree_json HTTP/1.1" 200 3499
120.253.135.82 - - [03/Dec/2022:06:39:53 +0800] "POST /xingrg/kc/pszx/jzcl_ps_operate.html HTTP/1.1" 200 1319
120.253.135.82 - - [03/Dec/2022:06:39:53 +0800] "POST /xingrg/kc/pszx/jzcl_ps_operate.html HTTP/1.1" 200 1319
58.40.7.146 - - [03/Dec/2022:06:40:04 +0800] "GET /xingrg/all/function/internal_message.html?_=1670020796094&CODE_STATE=getMsg HTTP/1.1" 302 -
114.84.38.109 - - [03/Dec/2022:06:40:06 +0800] "GET /xingrg/all/function/internal_message.html?_=1670020819579&CODE_STATE=getMsg HTTP/1.1" 200 27
120.253.135.82 - - [03/Dec/2022:06:40:20 +0800] "POST /xingrg/kc/pszx/jzcl_ps_operate.html HTTP/1.1" 200 4
120.253.135.82 - - [03/Dec/2022:06:40:24 +0800] "GET /xingrg/kc/pszx/mdps_order_list.html HTTP/1.1" 200 21035
120.253.135.82 - - [03/Dec/2022:06:40:24 +0800] "POST /xingrg/kc/pszx/jzcl_ps_operate.html HTTP/1.1" 200 21
120.253.135.82 - - [03/Dec/2022:06:40:25 +0800] "POST /xingrg/kc/pszx/mdps_list_operate.html HTTP/1.1" 200 5406
120.253.135.82 - - [03/Dec/2022:06:40:32 +0800] "GET /xingrg/check_reg.html?_=1670020626346 HTTP/1.1" 200 22
120.253.135.82 - - [03/Dec/2022:06:40:36 +0800] "GET /xingrg/all/function/internal_message.html?_=1670020630933&CODE_STATE=getMsg HTTP/1.1" 200 27
116.238.139.35 - - [03/Dec/2022:06:40:47 +0800] "GET /xingrg/all/function/internal_message.html?_=1670020839871&CODE_STATE=getMsg HTTP/1.1" 200 27
116.238.139.35 - - [03/Dec/2022:06:40:52 +0800] "GET /xingrg/all/function/internal_message.html?_=1670020788123&CODE_STATE=getMsg HTTP/1.1" 302 -
124.79.245.154 - - [03/Dec/2022:06:40:52 +0800] "GET /xingrg/all/function/internal_message.html?_=1670020842789&CODE_STATE=getMsg HTTP/1.1" 302 -
58.40.7.146 - - [03/Dec/2022:06:41:04 +0800] "GET /xingrg/all/function/internal_message.html?_=1670020856068&CODE_STATE=getMsg HTTP/1.1" 302 -
114.84.38.109 - - [03/Dec/2022:06:41:05 +0800] "GET /xingrg/check_reg.html?_=1670020878360 HTTP/1.1" 200 22
114.84.38.109 - - [03/Dec/2022:06:41:06 +0800] "GET /xingrg/all/function/internal_message.html?_=1670020879592&CODE_STATE=getMsg HTTP/1.1" 200 27
116.238.139.35 - - [03/Dec/2022:06:41:16 +0800] "GET /xingrg/check_reg.html?_=1670020812297 HTTP/1.1" 302 -
120.253.135.82 - - [03/Dec/2022:06:41:36 +0800] "GET /xingrg/all/function/internal_message.html?_=1670020690947&CODE_STATE=getMsg HTTP/1.1" 200 27
116.238.139.35 - - [03/Dec/2022:06:41:47 +0800] "GET /xingrg/all/function/internal_message.html?_=1670020899856&CODE_STATE=getMsg HTTP/1.1" 200 27
124.79.245.154 - - [03/Dec/2022:06:41:51 +0800] "GET /xingrg/check_reg.html?_=1670020902743 HTTP/1.1" 302 -
124.79.245.154 - - [03/Dec/2022:06:41:52 +0800] "GET /xingrg/all/function/internal_message.html?_=1670020902765&CODE_STATE=getMsg HTTP/1.1" 302 -
116.238.139.35 - - [03/Dec/2022:06:41:52 +0800] "GET /xingrg/all/function/internal_message.html?_=1670020848137&CODE_STATE=getMsg HTTP/1.1" 302 -
116.238.139.35 - - [03/Dec/2022:06:42:02 +0800] "GET /xingrg/check_reg.html?_=1670020914367 HTTP/1.1" 200 22
58.40.7.146 - - [03/Dec/2022:06:42:04 +0800] "GET /xingrg/all/function/internal_message.html?_=1670020916054&CODE_STATE=getMsg HTTP/1.1" 302 -
114.84.38.109 - - [03/Dec/2022:06:42:06 +0800] "GET /xingrg/all/function/internal_message.html?_=1670020939607&CODE_STATE=getMsg HTTP/1.1" 200 27
58.40.7.146 - - [03/Dec/2022:06:42:13 +0800] "GET /xingrg/check_reg.html?_=1670020925260 HTTP/1.1" 302 -
120.253.135.82 - - [03/Dec/2022:06:42:36 +0800] "GET /xingrg/all/function/internal_message.html?_=1670020751053&CODE_STATE=getMsg HTTP/1.1" 200 27
116.238.139.35 - - [03/Dec/2022:06:42:47 +0800] "GET /xingrg/all/function/internal_message.html?_=1670020959836&CODE_STATE=getMsg HTTP/1.1" 200 27
124.79.245.154 - - [03/Dec/2022:06:42:51 +0800] "GET /xingrg/all/function/internal_message.html?_=1670020962763&CODE_STATE=getMsg HTTP/1.1" 302 -
116.238.139.35 - - [03/Dec/2022:06:42:52 +0800] "GET /xingrg/all/function/internal_message.html?_=1670020908203&CODE_STATE=getMsg HTTP/1.1" 302 -
58.40.7.146 - - [03/Dec/2022:06:43:04 +0800] "GET /xingrg/all/function/internal_message.html?_=1670020976031&CODE_STATE=getMsg HTTP/1.1" 302 -
114.84.38.109 - - [03/Dec/2022:06:43:06 +0800] "GET /xingrg/all/function/internal_message.html?_=1670020999621&CODE_STATE=getMsg HTTP/1.1" 200 27
120.253.135.82 - - [03/Dec/2022:06:43:36 +0800] "GET /xingrg/all/function/internal_message.html?_=1670020811067&CODE_STATE=getMsg HTTP/1.1" 200 27
116.238.139.35 - - [03/Dec/2022:06:43:47 +0800] "GET /xingrg/all/function/internal_message.html?_=1670021019823&CODE_STATE=getMsg HTTP/1.1" 200 27
124.79.245.154 - - [03/Dec/2022:06:43:51 +0800] "GET /xingrg/all/function/internal_message.html?_=1670021022747&CODE_STATE=getMsg HTTP/1.1" 302 -
116.238.139.35 - - [03/Dec/2022:06:43:52 +0800] "GET /xingrg/all/function/internal_message.html?_=1670020968212&CODE_STATE=getMsg HTTP/1.1" 302 -
58.40.7.146 - - [03/Dec/2022:06:44:04 +0800] "GET /xingrg/all/function/internal_message.html?_=1670021036016&CODE_STATE=getMsg HTTP/1.1" 302 -
114.84.38.109 - - [03/Dec/2022:06:44:06 +0800] "GET /xingrg/all/function/internal_message.html?_=1670021059860&CODE_STATE=getMsg HTTP/1.1" 200 27
120.253.135.82 - - [03/Dec/2022:06:44:19 +0800] "GET /xingrg/kc/pszx/mdqp_order_list.html?state=10 HTTP/1.1" 200 10275
120.253.135.82 - - [03/Dec/2022:06:44:19 +0800] "GET /xingrg/dwr/interface/AjaxQqpsService.js HTTP/1.1" 200 16326
120.253.135.82 - - [03/Dec/2022:06:44:19 +0800] "GET /xingrg/dwr/interface/AjaxReportQueryService.js HTTP/1.1" 200 13203
120.253.135.82 - - [03/Dec/2022:06:44:19 +0800] "GET /xingrg/dwr/engine.js HTTP/1.1" 200 43631
120.253.135.82 - - [03/Dec/2022:06:44:22 +0800] "GET /xingrg/kc/pszx/mdps_order_list.html?orderType=0 HTTP/1.1" 200 21035
120.253.135.82 - - [03/Dec/2022:06:44:23 +0800] "POST /xingrg/kc/pszx/mdps_list_operate.html HTTP/1.1" 200 5406
120.253.135.82 - - [03/Dec/2022:06:44:36 +0800] "GET /xingrg/all/function/internal_message.html?_=1670020871097&CODE_STATE=getMsg HTTP/1.1" 200 27
120.253.135.82 - - [03/Dec/2022:06:44:45 +0800] "POST /xingrg/kc/pszx/mdps_list_operate.html HTTP/1.1" 200 2809
120.253.135.82 - - [03/Dec/2022:06:44:47 +0800] "POST /xingrg/kc/pszx/mdps_list_operate.html HTTP/1.1" 200 205
116.238.139.35 - - [03/Dec/2022:06:44:47 +0800] "GET /xingrg/all/function/internal_message.html?_=1670021079808&CODE_STATE=getMsg HTTP/1.1" 200 27
120.253.135.82 - - [03/Dec/2022:06:44:49 +0800] "POST /xingrg/kc/pszx/mdps_list_operate.html HTTP/1.1" 200 583
120.253.135.82 - - [03/Dec/2022:06:44:51 +0800] "GET /xingrg/kc/pszx/mdps_order_info.html?code=312022120300071 HTTP/1.1" 200 23978
120.253.135.82 - - [03/Dec/2022:06:44:51 +0800] "GET /xingrg/javascript/easyui/themes/default/validatebox.css HTTP/1.1" 404 1104
124.79.245.154 - - [03/Dec/2022:06:44:51 +0800] "GET /xingrg/all/function/internal_message.html?_=1670021082740&CODE_STATE=getMsg HTTP/1.1" 302 -
116.238.139.35 - - [03/Dec/2022:06:44:52 +0800] "GET /xingrg/all/function/internal_message.html?_=1670021028282&CODE_STATE=getMsg HTTP/1.1" 302 -
120.253.135.82 - - [03/Dec/2022:06:44:52 +0800] "POST /xingrg/kc/pszx/mdps_order_operate.html HTTP/1.1" 200 5171
120.253.135.82 - - [03/Dec/2022:06:44:55 +0800] "POST /xingrg/kc/pszx/mdps_order_operate.html HTTP/1.1" 200 37
120.253.135.82 - - [03/Dec/2022:06:44:56 +0800] "GET /xingrg/kc/pszx/mdps_order_info.html?code=312022120300071 HTTP/1.1" 200 23978
120.253.135.82 - - [03/Dec/2022:06:44:57 +0800] "GET /xingrg/javascript/easyui/themes/default/validatebox.css HTTP/1.1" 404 1104
120.253.135.82 - - [03/Dec/2022:06:44:57 +0800] "POST /xingrg/kc/pszx/mdps_order_operate.html HTTP/1.1" 200 5223
58.40.7.146 - - [03/Dec/2022:06:45:04 +0800] "GET /xingrg/all/function/internal_message.html?_=1670021095993&CODE_STATE=getMsg HTTP/1.1" 302 -
120.253.135.82 - - [03/Dec/2022:06:45:04 +0800] "GET /xingrg/kc/pszx/mdps_order_add.html HTTP/1.1" 200 29104
120.253.135.82 - - [03/Dec/2022:06:45:05 +0800] "POST /xingrg/kc/pszx/mdps_order_operate.html HTTP/1.1" 200 7126
120.253.135.82 - - [03/Dec/2022:06:45:05 +0800] "GET /xingrg/javascript/easyui/themes/default/validatebox.css HTTP/1.1" 404 1104
114.84.38.109 - - [03/Dec/2022:06:45:06 +0800] "GET /xingrg/all/function/internal_message.html?_=1670021119866&CODE_STATE=getMsg HTTP/1.1" 200 27
120.253.135.82 - - [03/Dec/2022:06:45:16 +0800] "POST /xingrg/all/common/load_combo.html?type=base HTTP/1.1" 200 1169
120.253.135.82 - - [03/Dec/2022:06:45:23 +0800] "GET /xingrg/kc/pszx/mdps_order_operate.html?command=get_materiel&pszx_code=00101&rest_code=00148&base_code=0010252&code=00101014041 HTTP/1.1" 200 434
120.253.135.82 - - [03/Dec/2022:06:45:30 +0800] "GET /xingrg/kc/pszx/mdps_order_operate.html?command=get_materiel&pszx_code=00101&rest_code=00148&base_code=0010252&code=00101014040 HTTP/1.1" 200 421
120.253.135.82 - - [03/Dec/2022:06:45:32 +0800] "GET /xingrg/check_reg.html?_=1670020926355 HTTP/1.1" 200 22
180.162.229.95 - - [03/Dec/2022:06:45:36 +0800] "POST /xingrg/services/DataTransmitService HTTP/1.1" 200 524
120.253.135.82 - - [03/Dec/2022:06:45:37 +0800] "GET /xingrg/all/function/internal_message.html?_=1670020931110&CODE_STATE=getMsg HTTP/1.1" 200 27
120.253.135.82 - - [03/Dec/2022:06:45:37 +0800] "POST /xingrg/kc/pszx/mdps_order_operate.html HTTP/1.1" 200 37
120.253.135.82 - - [03/Dec/2022:06:45:39 +0800] "GET /xingrg/kc/pszx/mdps_order_info.html?code=312022120300074 HTTP/1.1" 200 23978
120.253.135.82 - - [03/Dec/2022:06:45:40 +0800] "GET /xingrg/javascript/easyui/themes/default/validatebox.css HTTP/1.1" 404 1104
120.253.135.82 - - [03/Dec/2022:06:45:41 +0800] "POST /xingrg/kc/pszx/mdps_order_operate.html HTTP/1.1" 200 2762
116.238.139.35 - - [03/Dec/2022:06:45:47 +0800] "GET /xingrg/all/function/internal_message.html?_=1670021139778&CODE_STATE=getMsg HTTP/1.1" 200 27
124.79.245.154 - - [03/Dec/2022:06:45:51 +0800] "GET /xingrg/all/function/internal_message.html?_=1670021142749&CODE_STATE=getMsg HTTP/1.1" 302 -
116.238.139.35 - - [03/Dec/2022:06:45:52 +0800] "GET /xingrg/all/function/internal_message.html?_=1670021088286&CODE_STATE=getMsg HTTP/1.1" 302 -
58.40.7.146 - - [03/Dec/2022:06:46:04 +0800] "GET /xingrg/all/function/internal_message.html?_=1670021155979&CODE_STATE=getMsg HTTP/1.1" 302 -
114.84.38.109 - - [03/Dec/2022:06:46:05 +0800] "GET /xingrg/check_reg.html?_=1670021178595 HTTP/1.1" 200 22
114.84.38.109 - - [03/Dec/2022:06:46:06 +0800] "GET /xingrg/all/function/internal_message.html?_=1670021179879&CODE_STATE=getMsg HTTP/1.1" 200 27
114.95.43.237 - - [03/Dec/2022:06:46:13 +0800] "POST /xingrg/services/DataTransmitService HTTP/1.1" 200 524
116.238.139.35 - - [03/Dec/2022:06:46:16 +0800] "GET /xingrg/check_reg.html?_=1670021112349 HTTP/1.1" 302 -
101.229.170.33 - - [03/Dec/2022:06:46:23 +0800] "GET /favicon.ico HTTP/1.1" 404 -
120.253.135.82 - - [03/Dec/2022:06:46:37 +0800] "POST /xingrg/kc/pszx/mdps_order_operate.html HTTP/1.1" 200 37
120.253.135.82 - - [03/Dec/2022:06:46:39 +0800] "GET /xingrg/kc/pszx/mdps_order_info.html?code=312022120300074 HTTP/1.1" 200 23978
120.253.135.82 - - [03/Dec/2022:06:46:39 +0800] "GET /xingrg/all/function/internal_message.html?_=1670020993776&CODE_STATE=getMsg HTTP/1.1" 200 27
120.253.135.82 - - [03/Dec/2022:06:46:39 +0800] "GET /xingrg/javascript/easyui/themes/default/validatebox.css HTTP/1.1" 404 1104
120.253.135.82 - - [03/Dec/2022:06:46:40 +0800] "POST /xingrg/kc/pszx/mdps_order_operate.html HTTP/1.1" 200 2762
120.253.135.82 - - [03/Dec/2022:06:46:41 +0800] "POST /xingrg/kc/pszx/mdps_list_operate.html HTTP/1.1" 200 3181
120.253.135.82 - - [03/Dec/2022:06:46:44 +0800] "POST /xingrg/kc/pszx/mdps_list_operate.html HTTP/1.1" 200 583
120.253.135.82 - - [03/Dec/2022:06:46:46 +0800] "GET /xingrg/kc/pszx/mdps_order_info.html?code=312022120300071 HTTP/1.1" 200 23978
120.253.135.82 - - [03/Dec/2022:06:46:46 +0800] "GET /xingrg/javascript/easyui/themes/default/validatebox.css HTTP/1.1" 404 1104
120.253.135.82 - - [03/Dec/2022:06:46:47 +0800] "POST /xingrg/kc/pszx/mdps_order_operate.html HTTP/1.1" 200 5223
116.238.139.35 - - [03/Dec/2022:06:46:47 +0800] "GET /xingrg/all/function/internal_message.html?_=1670021199764&CODE_STATE=getMsg HTTP/1.1" 200 27
124.79.245.154 - - [03/Dec/2022:06:46:51 +0800] "GET /xingrg/check_reg.html?_=1670021202744 HTTP/1.1" 302 -
124.79.245.154 - - [03/Dec/2022:06:46:52 +0800] "GET /xingrg/all/function/internal_message.html?_=1670021202749&CODE_STATE=getMsg HTTP/1.1" 302 -
116.238.139.35 - - [03/Dec/2022:06:46:52 +0800] "GET /xingrg/all/function/internal_message.html?_=1670021148353&CODE_STATE=getMsg HTTP/1.1" 302 -
120.253.135.82 - - [03/Dec/2022:06:46:55 +0800] "GET /xingrg/kc/pszx/mdps_order_operate.html?command=get_materiel&pszx_code=00101&rest_code=00148&base_code=0010246&code=00101020351 HTTP/1.1" 200 442
116.238.139.35 - - [03/Dec/2022:06:47:02 +0800] "GET /xingrg/check_reg.html?_=1670021214354 HTTP/1.1" 200 22
58.40.7.146 - - [03/Dec/2022:06:47:04 +0800] "GET /xingrg/all/function/internal_message.html?_=1670021215964&CODE_STATE=getMsg HTTP/1.1" 302 -
114.84.38.109 - - [03/Dec/2022:06:47:06 +0800] "GET /xingrg/all/function/internal_message.html?_=1670021239892&CODE_STATE=getMsg HTTP/1.1" 200 27
58.40.7.146 - - [03/Dec/2022:06:47:13 +0800] "GET /xingrg/check_reg.html?_=1670021225245 HTTP/1.1" 302 -
120.253.135.82 - - [03/Dec/2022:06:47:16 +0800] "POST /xingrg/kc/pszx/mdps_order_operate.html HTTP/1.1" 200 37
120.253.135.82 - - [03/Dec/2022:06:47:17 +0800] "GET /xingrg/kc/pszx/mdps_order_info.html?code=312022120300071 HTTP/1.1" 200 23978
120.253.135.82 - - [03/Dec/2022:06:47:18 +0800] "GET /xingrg/javascript/easyui/themes/default/validatebox.css HTTP/1.1" 404 1104
120.253.135.82 - - [03/Dec/2022:06:47:19 +0800] "POST /xingrg/kc/pszx/mdps_order_operate.html HTTP/1.1" 200 4245
120.253.135.82 - - [03/Dec/2022:06:47:39 +0800] "GET /xingrg/all/function/internal_message.html?_=1670021053789&CODE_STATE=getMsg HTTP/1.1" 200 27
116.238.139.35 - - [03/Dec/2022:06:47:47 +0800] "GET /xingrg/all/function/internal_message.html?_=1670021259737&CODE_STATE=getMsg HTTP/1.1" 200 27
124.79.245.154 - - [03/Dec/2022:06:47:51 +0800] "GET /xingrg/all/function/internal_message.html?_=1670021262748&CODE_STATE=getMsg HTTP/1.1" 302 -
116.238.139.35 - - [03/Dec/2022:06:47:52 +0800] "GET /xingrg/all/function/internal_message.html?_=1670021208360&CODE_STATE=getMsg HTTP/1.1" 302 -
58.40.7.146 - - [03/Dec/2022:06:48:04 +0800] "GET /xingrg/all/function/internal_message.html?_=1670021275942&CODE_STATE=getMsg HTTP/1.1" 302 -
114.84.38.109 - - [03/Dec/2022:06:48:06 +0800] "GET /xingrg/all/function/internal_message.html?_=1670021299907&CODE_STATE=getMsg HTTP/1.1" 200 27
120.253.135.82 - - [03/Dec/2022:06:48:35 +0800] "POST /xingrg/kc/pszx/mdps_order_operate.html HTTP/1.1" 200 37
120.253.135.82 - - [03/Dec/2022:06:48:37 +0800] "GET /xingrg/kc/pszx/mdps_order_info.html?code=312022120300071 HTTP/1.1" 200 23978
120.253.135.82 - - [03/Dec/2022:06:48:38 +0800] "GET /xingrg/javascript/easyui/themes/default/validatebox.css HTTP/1.1" 404 1104
120.253.135.82 - - [03/Dec/2022:06:48:38 +0800] "POST /xingrg/kc/pszx/mdps_order_operate.html HTTP/1.1" 200 4245
120.253.135.82 - - [03/Dec/2022:06:48:39 +0800] "GET /xingrg/all/function/internal_message.html?_=1670021113802&CODE_STATE=getMsg HTTP/1.1" 200 27
120.253.135.82 - - [03/Dec/2022:06:48:42 +0800] "POST /xingrg/kc/pszx/mdps_list_operate.html HTTP/1.1" 200 3180
120.253.135.82 - - [03/Dec/2022:06:48:44 +0800] "POST /xingrg/kc/pszx/mdps_list_operate.html HTTP/1.1" 200 510
120.253.135.82 - - [03/Dec/2022:06:48:45 +0800] "POST /xingrg/kc/pszx/mdps_list_operate.html HTTP/1.1" 200 278
120.253.135.82 - - [03/Dec/2022:06:48:47 +0800] "GET /xingrg/kc/pszx/mdps_order_info.html?code=312022120300072 HTTP/1.1" 200 23978
116.238.139.35 - - [03/Dec/2022:06:48:47 +0800] "GET /xingrg/all/function/internal_message.html?_=1670021319708&CODE_STATE=getMsg HTTP/1.1" 200 27
120.253.135.82 - - [03/Dec/2022:06:48:47 +0800] "GET /xingrg/javascript/easyui/themes/default/validatebox.css HTTP/1.1" 404 1104
120.253.135.82 - - [03/Dec/2022:06:48:48 +0800] "POST /xingrg/kc/pszx/mdps_order_operate.html HTTP/1.1" 200 2763
120.253.135.82 - - [03/Dec/2022:06:48:49 +0800] "POST /xingrg/all/common/load_combo.html?type=base HTTP/1.1" 200 1169
124.79.245.154 - - [03/Dec/2022:06:48:52 +0800] "GET /xingrg/all/function/internal_message.html?_=1670021322750&CODE_STATE=getMsg HTTP/1.1" 302 -
116.238.139.35 - - [03/Dec/2022:06:48:52 +0800] "GET /xingrg/all/function/internal_message.html?_=1670021268424&CODE_STATE=getMsg HTTP/1.1" 302 -
120.253.135.82 - - [03/Dec/2022:06:48:55 +0800] "POST /xingrg/kc/pszx/mdps_order_operate.html HTTP/1.1" 200 37
120.253.135.82 - - [03/Dec/2022:06:48:58 +0800] "GET /xingrg/kc/pszx/mdps_order_info.html?code=312022120300072 HTTP/1.1" 200 23976
120.253.135.82 - - [03/Dec/2022:06:48:58 +0800] "GET /xingrg/javascript/easyui/themes/default/validatebox.css HTTP/1.1" 404 1104
120.253.135.82 - - [03/Dec/2022:06:48:59 +0800] "POST /xingrg/kc/pszx/mdps_order_operate.html HTTP/1.1" 200 2779
58.40.7.146 - - [03/Dec/2022:06:49:04 +0800] "GET /xingrg/all/function/internal_message.html?_=1670021335944&CODE_STATE=getMsg HTTP/1.1" 302 -
120.253.135.82 - - [03/Dec/2022:06:49:04 +0800] "POST /xingrg/kc/pszx/mdps_list_operate.html HTTP/1.1" 200 3177
120.253.135.82 - - [03/Dec/2022:06:49:05 +0800] "POST /xingrg/kc/pszx/mdps_list_operate.html HTTP/1.1" 200 677
114.84.38.109 - - [03/Dec/2022:06:49:07 +0800] "GET /xingrg/all/function/internal_message.html?_=1670021360135&CODE_STATE=getMsg HTTP/1.1" 200 27
120.253.135.82 - - [03/Dec/2022:06:49:07 +0800] "GET /xingrg/kc/pszx/mdps_order_info.html?code=312022120300073 HTTP/1.1" 200 23978
120.253.135.82 - - [03/Dec/2022:06:49:07 +0800] "GET /xingrg/javascript/easyui/themes/default/validatebox.css HTTP/1.1" 404 1104
120.253.135.82 - - [03/Dec/2022:06:49:08 +0800] "POST /xingrg/kc/pszx/mdps_order_operate.html HTTP/1.1" 200 12457
120.253.135.82 - - [03/Dec/2022:06:49:11 +0800] "POST /xingrg/kc/pszx/mdps_order_operate.html HTTP/1.1" 200 37
120.253.135.82 - - [03/Dec/2022:06:49:12 +0800] "GET /xingrg/kc/pszx/mdps_order_info.html?code=312022120300073 HTTP/1.1" 200 23978
120.253.135.82 - - [03/Dec/2022:06:49:13 +0800] "GET /xingrg/javascript/easyui/themes/default/validatebox.css HTTP/1.1" 404 1104
120.253.135.82 - - [03/Dec/2022:06:49:13 +0800] "POST /xingrg/kc/pszx/mdps_order_operate.html HTTP/1.1" 200 12626
120.253.135.82 - - [03/Dec/2022:06:49:39 +0800] "GET /xingrg/all/function/internal_message.html?_=1670021173816&CODE_STATE=getMsg HTTP/1.1" 200 27
116.238.139.35 - - [03/Dec/2022:06:49:47 +0800] "GET /xingrg/all/function/internal_message.html?_=1670021379694&CODE_STATE=getMsg HTTP/1.1" 200 27
124.79.245.154 - - [03/Dec/2022:06:49:52 +0800] "GET /xingrg/all/function/internal_message.html?_=1670021382767&CODE_STATE=getMsg HTTP/1.1" 302 -
116.238.139.35 - - [03/Dec/2022:06:49:52 +0800] "GET /xingrg/all/function/internal_message.html?_=1670021328434&CODE_STATE=getMsg HTTP/1.1" 302 -
58.40.7.146 - - [03/Dec/2022:06:50:04 +0800] "GET /xingrg/all/function/internal_message.html?_=1670021395930&CODE_STATE=getMsg HTTP/1.1" 302 -
114.84.38.109 - - [03/Dec/2022:06:50:07 +0800] "GET /xingrg/all/function/internal_message.html?_=1670021420136&CODE_STATE=getMsg HTTP/1.1" 200 27
120.253.135.82 - - [03/Dec/2022:06:50:20 +0800] "POST /xingrg/kc/pszx/mdps_order_operate.html HTTP/1.1" 200 37
120.253.135.82 - - [03/Dec/2022:06:50:21 +0800] "GET /xingrg/kc/pszx/mdps_order_info.html?code=312022120300073 HTTP/1.1" 200 23978
120.253.135.82 - - [03/Dec/2022:06:50:22 +0800] "GET /xingrg/javascript/easyui/themes/default/validatebox.css HTTP/1.1" 404 1104
120.253.135.82 - - [03/Dec/2022:06:50:23 +0800] "POST /xingrg/kc/pszx/mdps_order_operate.html HTTP/1.1" 200 12624
120.253.135.82 - - [03/Dec/2022:06:50:28 +0800] "POST /xingrg/kc/pszx/mdps_list_operate.html HTTP/1.1" 200 3177
120.253.135.82 - - [03/Dec/2022:06:50:31 +0800] "POST /xingrg/kc/pszx/mdps_list_operate.html HTTP/1.1" 200 278
120.253.135.82 - - [03/Dec/2022:06:50:32 +0800] "GET /xingrg/check_reg.html?_=1670021226357 HTTP/1.1" 200 22
120.253.135.82 - - [03/Dec/2022:06:50:35 +0800] "GET /xingrg/kc/pszx/mdqp_order_list.html?state=10 HTTP/1.1" 200 10275
120.253.135.82 - - [03/Dec/2022:06:50:35 +0800] "GET /xingrg/dwr/interface/AjaxQqpsService.js HTTP/1.1" 200 16326
120.253.135.82 - - [03/Dec/2022:06:50:35 +0800] "GET /xingrg/dwr/interface/AjaxReportQueryService.js HTTP/1.1" 200 13203
120.253.135.82 - - [03/Dec/2022:06:50:35 +0800] "GET /xingrg/dwr/engine.js HTTP/1.1" 200 43631
120.253.135.82 - - [03/Dec/2022:06:50:39 +0800] "GET /xingrg/all/function/internal_message.html?_=1670021233830&CODE_STATE=getMsg HTTP/1.1" 200 27
116.238.139.35 - - [03/Dec/2022:06:50:47 +0800] "GET /xingrg/all/function/internal_message.html?_=1670021439676&CODE_STATE=getMsg HTTP/1.1" 200 27
124.79.245.154 - - [03/Dec/2022:06:50:52 +0800] "GET /xingrg/all/function/internal_message.html?_=1670021442763&CODE_STATE=getMsg HTTP/1.1" 302 -
116.238.139.35 - - [03/Dec/2022:06:50:52 +0800] "GET /xingrg/all/function/internal_message.html?_=1670021388499&CODE_STATE=getMsg HTTP/1.1" 302 -
120.253.135.82 - - [03/Dec/2022:06:50:54 +0800] "GET /xingrg/kc/pszx/mdqp_order_list.html?state=10 HTTP/1.1" 200 10275
120.253.135.82 - - [03/Dec/2022:06:50:54 +0800] "GET /xingrg/dwr/interface/AjaxReportQueryService.js HTTP/1.1" 200 13203
120.253.135.82 - - [03/Dec/2022:06:50:54 +0800] "GET /xingrg/dwr/interface/AjaxQqpsService.js HTTP/1.1" 200 16326
120.253.135.82 - - [03/Dec/2022:06:50:54 +0800] "GET /xingrg/dwr/engine.js HTTP/1.1" 200 43631
120.253.135.82 - - [03/Dec/2022:06:50:58 +0800] "GET /xingrg/kc/report/report_main.html HTTP/1.1" 200 8599
120.253.135.82 - - [03/Dec/2022:06:50:58 +0800] "GET /xingrg/javascript/jquery_ui/themes/humanity/humanity.css HTTP/1.1" 200 27801
120.253.135.82 - - [03/Dec/2022:06:50:59 +0800] "GET /xingrg/kc/base/kc_stocks.html HTTP/1.1" 200 16506
120.253.135.82 - - [03/Dec/2022:06:50:59 +0800] "GET /xingrg/javascript/easyui/themes/sunny/easyui.css HTTP/1.1" 200 34304
120.253.135.82 - - [03/Dec/2022:06:50:59 +0800] "GET /xingrg/javascript/easyui/themes/icons/print_new.png HTTP/1.1" 200 3580
120.253.135.82 - - [03/Dec/2022:06:50:59 +0800] "GET /xingrg/javascript/easyui/themes/icons/refresh_new.png HTTP/1.1" 200 685
120.253.135.82 - - [03/Dec/2022:06:50:59 +0800] "GET /xingrg/javascript/easyui/themes/icons/filter_new.png HTTP/1.1" 200 795
120.253.135.82 - - [03/Dec/2022:06:50:59 +0800] "GET /xingrg/javascript/easyui/plugins/jquery.draggable.js HTTP/1.1" 200 6121
120.253.135.82 - - [03/Dec/2022:06:50:59 +0800] "GET /xingrg/javascript/easyui/plugins/jquery.droppable.js HTTP/1.1" 200 1167
120.253.135.82 - - [03/Dec/2022:06:50:59 +0800] "GET /xingrg/javascript/easyui/themes/default/tree.css HTTP/1.1" 404 1090
120.253.135.82 - - [03/Dec/2022:06:50:59 +0800] "GET /xingrg/javascript/easyui/plugins/jquery.tree.js HTTP/1.1" 200 20874
120.253.135.82 - - [03/Dec/2022:06:51:00 +0800] "POST /xingrg/all/common/load_tree.html?tree=materiel_sort_tree_json HTTP/1.1" 200 9500
120.253.135.82 - - [03/Dec/2022:06:51:00 +0800] "GET /xingrg/javascript/easyui/themes/sunny/images/tree_arrows.gif HTTP/1.1" 200 617
120.253.135.82 - - [03/Dec/2022:06:51:00 +0800] "GET /xingrg/javascript/easyui/themes/sunny/images/tree_folder_open.gif HTTP/1.1" 200 956
120.253.135.82 - - [03/Dec/2022:06:51:00 +0800] "GET /xingrg/javascript/easyui/themes/sunny/images/tree_folder.gif HTTP/1.1" 200 952
120.253.135.82 - - [03/Dec/2022:06:51:00 +0800] "GET /xingrg/javascript/easyui/themes/sunny/images/tree_file.gif HTTP/1.1" 200 118
120.253.135.82 - - [03/Dec/2022:06:51:01 +0800] "POST /xingrg/all/common/load_combo.html?type=base HTTP/1.1" 200 1169
58.40.7.146 - - [03/Dec/2022:06:51:04 +0800] "GET /xingrg/all/function/internal_message.html?_=1670021455915&CODE_STATE=getMsg HTTP/1.1" 302 -
114.84.38.109 - - [03/Dec/2022:06:51:05 +0800] "GET /xingrg/check_reg.html?_=1670021478817 HTTP/1.1" 200 22
114.84.38.109 - - [03/Dec/2022:06:51:07 +0800] "GET /xingrg/all/function/internal_message.html?_=1670021480150&CODE_STATE=getMsg HTTP/1.1" 200 27
116.238.139.35 - - [03/Dec/2022:06:51:16 +0800] "GET /xingrg/check_reg.html?_=1670021412355 HTTP/1.1" 302 -
120.253.135.82 - - [03/Dec/2022:06:51:16 +0800] "POST /xingrg/kc/base/stock_operate.html HTTP/1.1" 200 1460
120.253.135.82 - - [03/Dec/2022:06:51:16 +0800] "GET /xingrg/javascript/jquery_tools/fix_table.js HTTP/1.1" 200 6528
120.253.135.82 - - [03/Dec/2022:06:51:39 +0800] "GET /xingrg/all/function/internal_message.html?_=1670021293843&CODE_STATE=getMsg HTTP/1.1" 200 27
116.238.139.35 - - [03/Dec/2022:06:51:47 +0800] "GET /xingrg/all/function/internal_message.html?_=1670021499647&CODE_STATE=getMsg HTTP/1.1" 200 27
124.79.245.154 - - [03/Dec/2022:06:51:52 +0800] "GET /xingrg/check_reg.html?_=1670021502747 HTTP/1.1" 302 -
124.79.245.154 - - [03/Dec/2022:06:51:52 +0800] "GET /xingrg/all/function/internal_message.html?_=1670021502749&CODE_STATE=getMsg HTTP/1.1" 302 -
116.238.139.35 - - [03/Dec/2022:06:51:52 +0800] "GET /xingrg/all/function/internal_message.html?_=1670021448508&CODE_STATE=getMsg HTTP/1.1" 302 -
116.238.139.35 - - [03/Dec/2022:06:52:02 +0800] "GET /xingrg/check_reg.html?_=1670021514344 HTTP/1.1" 200 22
58.40.7.146 - - [03/Dec/2022:06:52:04 +0800] "GET /xingrg/all/function/internal_message.html?_=1670021515904&CODE_STATE=getMsg HTTP/1.1" 302 -
114.84.38.109 - - [03/Dec/2022:06:52:07 +0800] "GET /xingrg/all/function/internal_message.html?_=1670021540166&CODE_STATE=getMsg HTTP/1.1" 200 27
120.253.135.82 - - [03/Dec/2022:06:52:09 +0800] "GET /xingrg/kc/pszx/mdqp_order_list.html?state=10 HTTP/1.1" 200 10275
120.253.135.82 - - [03/Dec/2022:06:52:10 +0800] "GET /xingrg/dwr/interface/AjaxReportQueryService.js HTTP/1.1" 200 13203
120.253.135.82 - - [03/Dec/2022:06:52:10 +0800] "GET /xingrg/dwr/interface/AjaxQqpsService.js HTTP/1.1" 200 16326
120.253.135.82 - - [03/Dec/2022:06:52:10 +0800] "GET /xingrg/dwr/engine.js HTTP/1.1" 200 43631
58.40.7.146 - - [03/Dec/2022:06:52:13 +0800] "GET /xingrg/check_reg.html?_=1670021525219 HTTP/1.1" 302 -
120.253.135.82 - - [03/Dec/2022:06:52:26 +0800] "GET /xingrg/kc/report/report_main.html HTTP/1.1" 200 8599
120.253.135.82 - - [03/Dec/2022:06:52:28 +0800] "GET /xingrg/kc/base/kc_stocks.html HTTP/1.1" 200 16506
120.253.135.82 - - [03/Dec/2022:06:52:28 +0800] "GET /xingrg/javascript/easyui/themes/default/tree.css HTTP/1.1" 404 1090
120.253.135.82 - - [03/Dec/2022:06:52:28 +0800] "POST /xingrg/all/common/load_tree.html?tree=materiel_sort_tree_json HTTP/1.1" 200 9500
120.253.135.82 - - [03/Dec/2022:06:52:30 +0800] "POST /xingrg/all/common/load_combo.html?type=base HTTP/1.1" 200 1169
120.253.135.82 - - [03/Dec/2022:06:52:39 +0800] "GET /xingrg/all/function/internal_message.html?_=1670021353857&CODE_STATE=getMsg HTTP/1.1" 200 27
120.253.135.82 - - [03/Dec/2022:06:52:39 +0800] "POST /xingrg/kc/base/stock_operate.html HTTP/1.1" 200 1467
116.238.139.35 - - [03/Dec/2022:06:52:47 +0800] "GET /xingrg/all/function/internal_message.html?_=1670021559621&CODE_STATE=getMsg HTTP/1.1" 200 27
124.79.245.154 - - [03/Dec/2022:06:52:52 +0800] "GET /xingrg/all/function/internal_message.html?_=1670021562751&CODE_STATE=getMsg HTTP/1.1" 302 -
116.238.139.35 - - [03/Dec/2022:06:52:52 +0800] "GET /xingrg/all/function/internal_message.html?_=1670021508580&CODE_STATE=getMsg HTTP/1.1" 302 -
120.253.135.82 - - [03/Dec/2022:06:53:01 +0800] "POST /xingrg/kc/base/stock_operate.html HTTP/1.1" 200 1480
58.40.7.146 - - [03/Dec/2022:06:53:04 +0800] "GET /xingrg/all/function/internal_message.html?_=1670021575889&CODE_STATE=getMsg HTTP/1.1" 302 -
114.84.38.109 - - [03/Dec/2022:06:53:07 +0800] "GET /xingrg/all/function/internal_message.html?_=1670021600179&CODE_STATE=getMsg HTTP/1.1" 200 27
120.253.135.82 - - [03/Dec/2022:06:53:07 +0800] "POST /xingrg/kc/base/stock_operate.html HTTP/1.1" 200 1482
120.253.135.82 - - [03/Dec/2022:06:53:39 +0800] "GET /xingrg/all/function/internal_message.html?_=1670021413871&CODE_STATE=getMsg HTTP/1.1" 200 27
116.238.139.35 - - [03/Dec/2022:06:53:47 +0800] "GET /xingrg/all/function/internal_message.html?_=1670021619605&CODE_STATE=getMsg HTTP/1.1" 200 27
124.79.245.154 - - [03/Dec/2022:06:53:52 +0800] "GET /xingrg/all/function/internal_message.html?_=1670021622766&CODE_STATE=getMsg HTTP/1.1" 302 -
116.238.139.35 - - [03/Dec/2022:06:53:52 +0800] "GET /xingrg/all/function/internal_message.html?_=1670021568582&CODE_STATE=getMsg HTTP/1.1" 302 -
58.40.7.146 - - [03/Dec/2022:06:54:04 +0800] "GET /xingrg/all/function/internal_message.html?_=1670021635863&CODE_STATE=getMsg HTTP/1.1" 302 -
120.253.135.82 - - [03/Dec/2022:06:54:07 +0800] "POST /xingrg/kc/base/stock_operate.html HTTP/1.1" 200 1739
114.84.38.109 - - [03/Dec/2022:06:54:07 +0800] "GET /xingrg/all/function/internal_message.html?_=1670021660480&CODE_STATE=getMsg HTTP/1.1" 200 27
120.253.135.82 - - [03/Dec/2022:06:54:32 +0800] "POST /xingrg/kc/base/stock_operate.html HTTP/1.1" 200 1471
120.253.135.82 - - [03/Dec/2022:06:54:39 +0800] "POST /xingrg/kc/base/stock_operate.html HTTP/1.1" 200 1467
120.253.135.82 - - [03/Dec/2022:06:54:39 +0800] "GET /xingrg/all/function/internal_message.html?_=1670021473884&CODE_STATE=getMsg HTTP/1.1" 200 27
116.238.139.35 - - [03/Dec/2022:06:54:47 +0800] "GET /xingrg/all/function/internal_message.html?_=1670021679592&CODE_STATE=getMsg HTTP/1.1" 200 27
124.79.245.154 - - [03/Dec/2022:06:54:52 +0800] "GET /xingrg/all/function/internal_message.html?_=1670021682762&CODE_STATE=getMsg HTTP/1.1" 302 -
116.238.139.35 - - [03/Dec/2022:06:54:52 +0800] "GET /xingrg/all/function/internal_message.html?_=1670021628647&CODE_STATE=getMsg HTTP/1.1" 302 -
58.40.7.146 - - [03/Dec/2022:06:55:04 +0800] "GET /xingrg/all/function/internal_message.html?_=1670021695837&CODE_STATE=getMsg HTTP/1.1" 302 -
114.84.38.109 - - [03/Dec/2022:06:55:07 +0800] "GET /xingrg/all/function/internal_message.html?_=1670021720486&CODE_STATE=getMsg HTTP/1.1" 200 27
120.253.135.82 - - [03/Dec/2022:06:55:32 +0800] "GET /xingrg/check_reg.html?_=1670021526365 HTTP/1.1" 200 22
120.253.135.82 - - [03/Dec/2022:06:55:39 +0800] "GET /xingrg/all/function/internal_message.html?_=1670021533898&CODE_STATE=getMsg HTTP/1.1" 200 27
124.79.245.154 - - [03/Dec/2022:06:55:46 +0800] "POST /xingrg/services/DataTransmitService HTTP/1.1" 200 524
116.238.139.35 - - [03/Dec/2022:06:55:47 +0800] "GET /xingrg/all/function/internal_message.html?_=1670021739577&CODE_STATE=getMsg HTTP/1.1" 200 27
124.79.245.154 - - [03/Dec/2022:06:55:51 +0800] "GET /xingrg/all/function/internal_message.html?_=1670021742744&CODE_STATE=getMsg HTTP/1.1" 302 -
116.238.139.35 - - [03/Dec/2022:06:55:52 +0800] "GET /xingrg/all/function/internal_message.html?_=1670021688655&CODE_STATE=getMsg HTTP/1.1" 302 -
58.40.7.146 - - [03/Dec/2022:06:56:04 +0800] "GET /xingrg/all/function/internal_message.html?_=1670021755809&CODE_STATE=getMsg HTTP/1.1" 302 -
114.84.38.109 - - [03/Dec/2022:06:56:05 +0800] "GET /xingrg/check_reg.html?_=1670021779029 HTTP/1.1" 200 22
114.84.38.109 - - [03/Dec/2022:06:56:07 +0800] "GET /xingrg/all/function/internal_message.html?_=1670021780498&CODE_STATE=getMsg HTTP/1.1" 200 27
116.238.139.35 - - [03/Dec/2022:06:56:16 +0800] "GET /xingrg/check_reg.html?_=1670021712408 HTTP/1.1" 302 -
120.253.135.82 - - [03/Dec/2022:06:56:39 +0800] "GET /xingrg/all/function/internal_message.html?_=1670021593911&CODE_STATE=getMsg HTTP/1.1" 200 27
116.238.139.35 - - [03/Dec/2022:06:56:47 +0800] "GET /xingrg/all/function/internal_message.html?_=1670021799547&CODE_STATE=getMsg HTTP/1.1" 200 27
124.79.245.154 - - [03/Dec/2022:06:56:52 +0800] "GET /xingrg/all/function/internal_message.html?_=1670021802764&CODE_STATE=getMsg HTTP/1.1" 302 -
124.79.245.154 - - [03/Dec/2022:06:56:52 +0800] "GET /xingrg/check_reg.html?_=1670021802767 HTTP/1.1" 302 -
116.238.139.35 - - [03/Dec/2022:06:56:52 +0800] "GET /xingrg/all/function/internal_message.html?_=1670021748721&CODE_STATE=getMsg HTTP/1.1" 302 -
116.238.139.35 - - [03/Dec/2022:06:57:02 +0800] "GET /xingrg/check_reg.html?_=1670021814324 HTTP/1.1" 200 22
58.40.7.146 - - [03/Dec/2022:06:57:04 +0800] "GET /xingrg/all/function/internal_message.html?_=1670021815785&CODE_STATE=getMsg HTTP/1.1" 302 -
114.84.38.109 - - [03/Dec/2022:06:57:07 +0800] "GET /xingrg/all/function/internal_message.html?_=1670021840512&CODE_STATE=getMsg HTTP/1.1" 200 27
58.40.7.146 - - [03/Dec/2022:06:57:13 +0800] "GET /xingrg/check_reg.html?_=1670021825195 HTTP/1.1" 302 -
120.253.135.82 - - [03/Dec/2022:06:57:39 +0800] "GET /xingrg/all/function/internal_message.html?_=1670021654068&CODE_STATE=getMsg HTTP/1.1" 200 27
116.238.139.35 - - [03/Dec/2022:06:57:47 +0800] "GET /xingrg/all/function/internal_message.html?_=1670021859521&CODE_STATE=getMsg HTTP/1.1" 200 27
124.79.245.154 - - [03/Dec/2022:06:57:52 +0800] "GET /xingrg/all/function/internal_message.html?_=1670021862751&CODE_STATE=getMsg HTTP/1.1" 302 -
116.238.139.35 - - [03/Dec/2022:06:57:52 +0800] "GET /xingrg/all/function/internal_message.html?_=1670021808729&CODE_STATE=getMsg HTTP/1.1" 302 -
116.232.34.231 - - [03/Dec/2022:06:57:56 +0800] "POST /xingrg/services/DataTransmitService HTTP/1.1" 200 524
58.40.7.146 - - [03/Dec/2022:06:58:04 +0800] "GET /xingrg/all/function/internal_message.html?_=1670021875759&CODE_STATE=getMsg HTTP/1.1" 302 -
114.84.38.109 - - [03/Dec/2022:06:58:07 +0800] "GET /xingrg/all/function/internal_message.html?_=1670021900526&CODE_STATE=getMsg HTTP/1.1" 200 27
114.84.38.109 - - [03/Dec/2022:06:58:26 +0800] "GET /xingrg/kc/mdqp/qqps_order_list.html HTTP/1.1" 200 9222
114.84.38.109 - - [03/Dec/2022:06:58:26 +0800] "GET /xingrg/javascript/jquery_easy_ui/themes/default/easyui.css HTTP/1.1" 304 -
114.84.38.109 - - [03/Dec/2022:06:58:26 +0800] "GET /xingrg/css/blue.css HTTP/1.1" 304 -
114.84.38.109 - - [03/Dec/2022:06:58:26 +0800] "GET /xingrg/javascript/jquery_easy_ui/themes/icon.css HTTP/1.1" 304 -
114.84.38.109 - - [03/Dec/2022:06:58:26 +0800] "GET /xingrg/javascript/pic_change.js HTTP/1.1" 304 -
114.84.38.109 - - [03/Dec/2022:06:58:26 +0800] "GET /xingrg/dwr/interface/AjaxQqpsService.js HTTP/1.1" 200 16326
114.84.38.109 - - [03/Dec/2022:06:58:26 +0800] "GET /xingrg/javascript/ToolTips.js HTTP/1.1" 304 -
114.84.38.109 - - [03/Dec/2022:06:58:26 +0800] "GET /xingrg/dwr/engine.js HTTP/1.1" 200 43631
114.84.38.109 - - [03/Dec/2022:06:58:26 +0800] "GET /xingrg/javascript/Calendar.js HTTP/1.1" 304 -
114.84.38.109 - - [03/Dec/2022:06:58:26 +0800] "GET /xingrg/dwr/util.js HTTP/1.1" 200 35990
114.84.38.109 - - [03/Dec/2022:06:58:26 +0800] "GET /xingrg/javascript/myfunction.js HTTP/1.1" 304 -
114.84.38.109 - - [03/Dec/2022:06:58:26 +0800] "GET /xingrg/dwr/interface/AjaxReportQueryService.js HTTP/1.1" 200 13203
114.84.38.109 - - [03/Dec/2022:06:58:28 +0800] "GET /xingrg/css/base.css HTTP/1.1" 304 -
114.84.38.109 - - [03/Dec/2022:06:58:28 +0800] "GET /xingrg/javascript/jquery_tools/datebox.css HTTP/1.1" 304 -
114.84.38.109 - - [03/Dec/2022:06:58:28 +0800] "GET /xingrg/javascript/easyui/themes/default/easyui.css HTTP/1.1" 304 -
114.84.38.109 - - [03/Dec/2022:06:58:28 +0800] "GET /xingrg/javascript/easyui/themes/icon.css HTTP/1.1" 304 -
114.84.38.109 - - [03/Dec/2022:06:58:28 +0800] "GET /xingrg/javascript/auto/jquery.autocomplete.css HTTP/1.1" 304 -
114.84.38.109 - - [03/Dec/2022:06:58:28 +0800] "GET /xingrg/javascript/jquery_tools/fix.css HTTP/1.1" 304 -
114.84.38.109 - - [03/Dec/2022:06:58:28 +0800] "GET /xingrg/css/site.css HTTP/1.1" 304 -
114.84.38.109 - - [03/Dec/2022:06:58:28 +0800] "GET /xingrg/javascript/jquery_tools/table.css HTTP/1.1" 304 -
114.84.38.109 - - [03/Dec/2022:06:58:28 +0800] "GET /xingrg/javascript/jquery_tools/jquery.tools.min.js HTTP/1.1" 304 -
114.84.38.109 - - [03/Dec/2022:06:58:28 +0800] "GET /xingrg/javascript/jquery_tools/jquery.tools.hotkey.js HTTP/1.1" 304 -
114.84.38.109 - - [03/Dec/2022:06:58:28 +0800] "GET /xingrg/javascript/jquery_tools/jquery.tools.table.js HTTP/1.1" 304 -
114.84.38.109 - - [03/Dec/2022:06:58:28 +0800] "GET /xingrg/javascript/jquery_tools/list_manager.js HTTP/1.1" 304 -
114.84.38.109 - - [03/Dec/2022:06:58:28 +0800] "GET /xingrg/javascript/jquery_tools/jquery.tools.extend.js HTTP/1.1" 304 -
114.84.38.109 - - [03/Dec/2022:06:58:28 +0800] "GET /xingrg/javascript/auto/jquery.autocomplete.js HTTP/1.1" 304 -
114.84.38.109 - - [03/Dec/2022:06:58:28 +0800] "GET /xingrg/javascript/jquery.utils.js HTTP/1.1" 304 -
114.84.38.109 - - [03/Dec/2022:06:58:28 +0800] "GET /xingrg/kc/mdqp/pssh_order_list.html HTTP/1.1" 200 17847
114.84.38.109 - - [03/Dec/2022:06:58:28 +0800] "GET /xingrg/javascript/jquery.cookie.js HTTP/1.1" 304 -
114.84.38.109 - - [03/Dec/2022:06:58:28 +0800] "GET /xingrg/javascript/easyui/easyloader.js HTTP/1.1" 304 -
114.84.38.109 - - [03/Dec/2022:06:58:28 +0800] "GET /xingrg/javascript/easyui/plugins/jquery.parser.js HTTP/1.1" 304 -
114.84.38.109 - - [03/Dec/2022:06:58:28 +0800] "POST /xingrg/kc/mdqp/pssh_list_operate.html HTTP/1.1" 200 5464
120.253.135.82 - - [03/Dec/2022:06:58:39 +0800] "GET /xingrg/all/function/internal_message.html?_=1670021714078&CODE_STATE=getMsg HTTP/1.1" 200 27
114.84.38.109 - - [03/Dec/2022:06:58:40 +0800] "POST /xingrg/kc/mdqp/pssh_list_operate.html HTTP/1.1" 200 1574
114.84.38.109 - - [03/Dec/2022:06:58:44 +0800] "POST /xingrg/kc/mdqp/pssh_list_operate.html HTTP/1.1" 200 1574
116.238.139.35 - - [03/Dec/2022:06:58:47 +0800] "GET /xingrg/all/function/internal_message.html?_=1670021919519&CODE_STATE=getMsg HTTP/1.1" 200 27
114.84.38.109 - - [03/Dec/2022:06:58:49 +0800] "POST /xingrg/kc/mdqp/pssh_list_operate.html HTTP/1.1" 200 1574
114.84.38.109 - - [03/Dec/2022:06:58:50 +0800] "GET /xingrg/kc/mdqp/pssh_order_list.html HTTP/1.1" 200 17847
114.84.38.109 - - [03/Dec/2022:06:58:51 +0800] "POST /xingrg/kc/mdqp/pssh_list_operate.html HTTP/1.1" 200 8988
124.79.245.154 - - [03/Dec/2022:06:58:52 +0800] "GET /xingrg/all/function/internal_message.html?_=1670021922746&CODE_STATE=getMsg HTTP/1.1" 302 -
116.238.139.35 - - [03/Dec/2022:06:58:52 +0800] "GET /xingrg/all/function/internal_message.html?_=1670021868797&CODE_STATE=getMsg HTTP/1.1" 302 -
114.84.38.109 - - [03/Dec/2022:06:58:54 +0800] "POST /xingrg/kc/mdqp/pssh_list_operate.html HTTP/1.1" 200 257
114.84.38.109 - - [03/Dec/2022:06:58:55 +0800] "GET /xingrg/javascript/jquery_tools/jquery-1.4.2.min.js HTTP/1.1" 404 1094
114.84.38.109 - - [03/Dec/2022:06:58:55 +0800] "GET /xingrg/javascript/jquery_tools/order_manager.js HTTP/1.1" 304 -
114.84.38.109 - - [03/Dec/2022:06:58:55 +0800] "GET /xingrg/javascript/convert.js HTTP/1.1" 304 -
114.84.38.109 - - [03/Dec/2022:06:58:55 +0800] "GET /xingrg/javascript/json2.js HTTP/1.1" 304 -
114.84.38.109 - - [03/Dec/2022:06:58:55 +0800] "GET /xingrg/javascript/print/LodopFuncs.js HTTP/1.1" 304 -
114.84.38.109 - - [03/Dec/2022:06:58:55 +0800] "GET /xingrg/kc/mdqp/pssh_order_info.html?code=312022112200483 HTTP/1.1" 200 17272
114.84.38.109 - - [03/Dec/2022:06:58:55 +0800] "GET /xingrg/javascript/print/kc_print.js HTTP/1.1" 304 -
114.84.38.109 - - [03/Dec/2022:06:58:55 +0800] "GET /xingrg/words/20221202164707_words.js HTTP/1.1" 304 -
114.84.38.109 - - [03/Dec/2022:06:58:55 +0800] "GET /xingrg/javascript/easyui/themes/default/validatebox.css HTTP/1.1" 404 1104
114.84.38.109 - - [03/Dec/2022:06:58:55 +0800] "GET /xingrg/javascript/easyui/plugins/jquery.validatebox.js HTTP/1.1" 304 -
114.84.38.109 - - [03/Dec/2022:06:58:56 +0800] "GET /xingrg/javascript/easyui/plugins/jquery.numberbox.js HTTP/1.1" 304 -
114.84.38.109 - - [03/Dec/2022:06:58:56 +0800] "GET /xingrg/all/common/auto_word.html?type=employee&rest_code=00146 HTTP/1.1" 200 101
