114.84.81.136 - - [03/Dec/2022:11:07:24 +0800] "GET /xingrg/kc/buy/cgsh_order_add.html HTTP/1.1" 200 69566
114.84.81.136 - - [03/Dec/2022:11:07:24 +0800] "POST /xingrg/kc/buy/cgsh_order_operate.html HTTP/1.1" 200 8245
114.84.81.136 - - [03/Dec/2022:11:07:25 +0800] "GET /xingrg/javascript/easyui/themes/default/validatebox.css HTTP/1.1" 404 1104
180.169.147.146 - - [03/Dec/2022:11:07:25 +0800] "GET /xingrg/all/function/internal_message.html?_=1670036835724&CODE_STATE=getMsg HTTP/1.1" 200 27
116.237.74.223 - - [03/Dec/2022:11:07:25 +0800] "GET /xingrg/kc/base/wldb_order_add.html HTTP/1.1" 200 30384
116.237.74.223 - - [03/Dec/2022:11:07:25 +0800] "POST /xingrg/kc/base/wldb_order_operate.html HTTP/1.1" 200 6806
114.95.43.237 - - [03/Dec/2022:11:07:25 +0800] "GET /xingrg/all/function/internal_message.html?_=1670036685428&CODE_STATE=getMsg HTTP/1.1" 200 27
116.237.74.223 - - [03/Dec/2022:11:07:25 +0800] "GET /xingrg/javascript/easyui/themes/default/validatebox.css HTTP/1.1" 404 1104
120.253.135.82 - - [03/Dec/2022:11:07:26 +0800] "POST /xingrg/kc/buy/cgsh_order_operate.html HTTP/1.1" 200 37
222.70.177.10 - - [03/Dec/2022:11:07:26 +0800] "POST /xingrg/kc/buy/cgsh_order_operate.html HTTP/1.1" 200 2065
116.237.74.223 - - [03/Dec/2022:11:07:26 +0800] "POST /xingrg/all/common/load_combo.html?type=base HTTP/1.1" 200 3227
180.162.229.95 - - [03/Dec/2022:11:07:26 +0800] "GET /xingrg/kc/base/wldb_order_operate.html?command=get_materiel&rest_code=00102&base_code=0010476&code=00101019056 HTTP/1.1" 200 477
114.88.159.190 - - [03/Dec/2022:11:07:27 +0800] "GET /xingrg/all/function/internal_message.html?_=1670036438105&CODE_STATE=getMsg HTTP/1.1" 200 27
114.84.38.109 - - [03/Dec/2022:11:07:28 +0800] "GET /xingrg/all/function/internal_message.html?_=1670036861817&CODE_STATE=getMsg HTTP/1.1" 200 27
120.253.135.82 - - [03/Dec/2022:11:07:28 +0800] "POST /xingrg/kc/buy/cgsh_order_operate.html HTTP/1.1" 200 2679
58.40.7.146 - - [03/Dec/2022:11:07:28 +0800] "GET /xingrg/all/function/internal_message.html?_=1670036840319&CODE_STATE=getMsg HTTP/1.1" 200 27
180.162.229.95 - - [03/Dec/2022:11:07:29 +0800] "GET /xingrg/all/function/internal_message.html?_=1670036842016&CODE_STATE=getMsg HTTP/1.1" 200 27
180.162.229.95 - - [03/Dec/2022:11:07:30 +0800] "GET /xingrg/all/function/internal_message.html?_=1670036834631&CODE_STATE=getMsg HTTP/1.1" 200 27
116.237.74.223 - - [03/Dec/2022:11:07:32 +0800] "POST /xingrg/all/common/load_combo.html?type=base HTTP/1.1" 200 3227
222.70.177.10 - - [03/Dec/2022:11:07:32 +0800] "GET /xingrg/kc/buy/cgsh_order_operate.html?command=get_materiel&rest_code=00111&code=00101008114&supplier_code=00100005&order_time=2022-12-03 HTTP/1.1" 200 412
180.162.229.95 - - [03/Dec/2022:11:07:34 +0800] "GET /xingrg/kc/base/wldb_order_operate.html?command=get_materiel&rest_code=00102&base_code=0010476&code=00101019306 HTTP/1.1" 200 478
116.238.139.35 - - [03/Dec/2022:11:07:42 +0800] "GET /xingrg/all/function/internal_message.html?_=1670036798047&CODE_STATE=getMsg HTTP/1.1" 200 27
116.238.139.35 - - [03/Dec/2022:11:07:42 +0800] "GET /xingrg/all/function/internal_message.html?_=1670036854257&CODE_STATE=getMsg HTTP/1.1" 200 27
180.162.229.95 - - [03/Dec/2022:11:07:42 +0800] "GET /xingrg/all/function/internal_message.html?_=1670036865003&CODE_STATE=getMsg HTTP/1.1" 200 27
180.162.229.95 - - [03/Dec/2022:11:07:42 +0800] "GET /xingrg/kc/base/wldb_order_operate.html?command=get_materiel&rest_code=00102&base_code=0010476&code=00101019071 HTTP/1.1" 200 471
114.84.81.136 - - [03/Dec/2022:11:07:46 +0800] "GET /xingrg/kc/buy/cgsh_order_operate.html?command=get_materiel&rest_code=00148&code=00101001010&supplier_code=00100036&order_time=2022-12-03 HTTP/1.1" 200 409
114.84.38.109 - - [03/Dec/2022:11:07:47 +0800] "GET /xingrg/all/function/internal_message.html?_=1670036877608&CODE_STATE=getMsg HTTP/1.1" 200 27
116.237.74.223 - - [03/Dec/2022:11:07:50 +0800] "GET /xingrg/kc/base/wldb_order_operate.html?command=get_materiel&rest_code=00106&base_code=0010408&code=00101020144 HTTP/1.1" 200 447
124.79.245.154 - - [03/Dec/2022:11:07:52 +0800] "GET /xingrg/all/function/internal_message.html?_=1670036862740&CODE_STATE=getMsg HTTP/1.1" 302 -
180.158.0.157 - - [03/Dec/2022:11:07:54 +0800] "GET /xingrg/all/function/internal_message.html?_=1670036869144&CODE_STATE=getMsg HTTP/1.1" 200 27
116.230.105.139 - - [03/Dec/2022:11:07:55 +0800] "GET /xingrg/all/function/internal_message.html?_=1670036867228&CODE_STATE=getMsg HTTP/1.1" 200 27
120.253.135.82 - - [03/Dec/2022:11:07:56 +0800] "GET /xingrg/all/function/internal_message.html?_=1670036671174&CODE_STATE=getMsg HTTP/1.1" 200 27
180.169.147.146 - - [03/Dec/2022:11:07:59 +0800] "GET /xingrg/all/function/internal_message.html?_=1670036867106&CODE_STATE=getMsg HTTP/1.1" 200 27
58.40.7.146 - - [03/Dec/2022:11:07:59 +0800] "GET /xingrg/all/function/internal_message.html?_=1670036870778&CODE_STATE=getMsg HTTP/1.1" 302 -
124.79.74.72 - - [03/Dec/2022:11:07:59 +0800] "GET /xingrg/all/function/internal_message.html?_=1670036873353&CODE_STATE=getMsg HTTP/1.1" 200 27
116.238.139.35 - - [03/Dec/2022:11:08:01 +0800] "GET /xingrg/all/function/internal_message.html?_=1670036817118&CODE_STATE=getMsg HTTP/1.1" 200 27
180.162.229.95 - - [03/Dec/2022:11:08:02 +0800] "GET /xingrg/kc/base/wldb_order_operate.html?command=get_materiel&rest_code=00102&base_code=0010476&code=00101027001 HTTP/1.1" 200 471
114.84.81.136 - - [03/Dec/2022:11:08:02 +0800] "GET /xingrg/all/function/internal_message.html?_=1670036879514&CODE_STATE=getMsg HTTP/1.1" 200 27
114.83.219.57 - - [03/Dec/2022:11:08:05 +0800] "GET /xingrg/all/function/internal_message.html?_=1670036929195&CODE_STATE=getMsg HTTP/1.1" 200 27
114.83.219.57 - - [03/Dec/2022:11:08:05 +0800] "GET /xingrg/check_reg.html?_=1670036929197 HTTP/1.1" 200 22
114.84.81.136 - - [03/Dec/2022:11:08:06 +0800] "GET /xingrg/kc/buy/cgsh_order_operate.html?command=get_materiel&rest_code=00148&code=00101011013&supplier_code=00100036&order_time=2022-12-03 HTTP/1.1" 200 413
120.253.135.82 - - [03/Dec/2022:11:08:06 +0800] "GET /xingrg/kc/buy/cgsh_order_list.html HTTP/1.1" 200 53791
116.237.74.223 - - [03/Dec/2022:11:08:06 +0800] "GET /xingrg/kc/base/wldb_order_operate.html?command=get_materiel&rest_code=00106&base_code=0010408&code=00101019169 HTTP/1.1" 200 479
114.95.43.237 - - [03/Dec/2022:11:08:07 +0800] "GET /xingrg/all/function/internal_message.html?_=1670036880187&CODE_STATE=getMsg HTTP/1.1" 200 27
114.95.43.237 - - [03/Dec/2022:11:08:08 +0800] "GET /xingrg/check_reg.html?_=1670036881147 HTTP/1.1" 200 22
101.85.106.255 - - [03/Dec/2022:11:08:09 +0800] "GET /xingrg/all/function/internal_message.html?_=1670036879991&CODE_STATE=getMsg HTTP/1.1" 200 27
180.162.229.95 - - [03/Dec/2022:11:08:10 +0800] "GET /xingrg/kc/base/wldb_order_operate.html?command=get_materiel&rest_code=00102&base_code=0010476&code=00101019185 HTTP/1.1" 200 469
120.253.135.82 - - [03/Dec/2022:11:08:10 +0800] "POST /xingrg/kc/buy/cgsh_list_operate.html HTTP/1.1" 200 1863
222.70.177.10 - - [03/Dec/2022:11:08:12 +0800] "GET /xingrg/all/function/internal_message.html?_=1670036881978&CODE_STATE=getMsg HTTP/1.1" 200 27
222.70.177.10 - - [03/Dec/2022:11:08:12 +0800] "GET /xingrg/check_reg.html?_=1670036881976 HTTP/1.1" 200 22
120.253.135.82 - - [03/Dec/2022:11:08:13 +0800] "GET /xingrg/kc/buy/cgsh_order_add.html HTTP/1.1" 200 68636
120.253.135.82 - - [03/Dec/2022:11:08:13 +0800] "POST /xingrg/kc/buy/cgsh_order_operate.html HTTP/1.1" 200 8245
120.253.135.82 - - [03/Dec/2022:11:08:13 +0800] "GET /xingrg/javascript/easyui/themes/default/validatebox.css HTTP/1.1" 404 1104
180.162.229.95 - - [03/Dec/2022:11:08:15 +0800] "GET /xingrg/kc/base/wldb_order_operate.html?command=get_materiel&rest_code=00102&base_code=0010476&code=00101019127 HTTP/1.1" 200 479
116.237.74.223 - - [03/Dec/2022:11:08:17 +0800] "POST /xingrg/kc/base/wldb_order_operate.html HTTP/1.1" 200 37
114.88.159.190 - - [03/Dec/2022:11:08:17 +0800] "GET /xingrg/all/function/internal_message.html?_=1670036884871&CODE_STATE=getMsg HTTP/1.1" 200 27
116.237.74.223 - - [03/Dec/2022:11:08:18 +0800] "POST /xingrg/kc/base/wldb_order_operate.html HTTP/1.1" 200 2702
116.237.74.223 - - [03/Dec/2022:11:08:19 +0800] "GET /xingrg/kc/base/wldb_order_info.html?code=422022120300167 HTTP/1.1" 200 30395
114.84.81.136 - - [03/Dec/2022:11:08:19 +0800] "GET /xingrg/kc/buy/cgsh_order_operate.html?command=get_materiel&rest_code=00148&code=00101012025&supplier_code=00100036&order_time=2022-12-03 HTTP/1.1" 200 412
116.237.74.223 - - [03/Dec/2022:11:08:19 +0800] "GET /xingrg/javascript/easyui/themes/default/validatebox.css HTTP/1.1" 404 1104
116.237.74.223 - - [03/Dec/2022:11:08:20 +0800] "POST /xingrg/kc/base/wldb_order_operate.html HTTP/1.1" 200 2702
114.84.81.136 - - [03/Dec/2022:11:08:20 +0800] "GET /xingrg/login.html HTTP/1.1" 200 7641
114.84.81.136 - - [03/Dec/2022:11:08:20 +0800] "GET /favicon.ico HTTP/1.1" 404 -
120.253.135.82 - - [03/Dec/2022:11:08:22 +0800] "POST /xingrg/all/common/load_combo.html?type=employee HTTP/1.1" 200 1752
116.237.74.223 - - [03/Dec/2022:11:08:23 +0800] "GET /xingrg/all/function/internal_message.html?_=1670036897790&CODE_STATE=getMsg HTTP/1.1" 200 27
114.84.81.136 - - [03/Dec/2022:11:08:24 +0800] "POST /xingrg/login.do HTTP/1.1" 302 -
114.84.81.136 - - [03/Dec/2022:11:08:24 +0800] "GET /xingrg/index.html?sysBaseUrl=http%3A%2F%2F180.169.147.146%3A18081%2Fxingrg%2F&costTime=1165×tamp=1670036904406 HTTP/1.1" 200 17503
114.84.81.136 - - [03/Dec/2022:11:08:24 +0800] "GET /favicon.ico HTTP/1.1" 404 -
114.84.81.136 - - [03/Dec/2022:11:08:24 +0800] "GET /xingrg/all/function/internal_message.html?_=1670036896050&CODE_STATE=count HTTP/1.1" 200 11
114.84.81.136 - - [03/Dec/2022:11:08:24 +0800] "GET /xingrg/check_reg.html?_=1670036896051 HTTP/1.1" 200 22
114.84.81.136 - - [03/Dec/2022:11:08:24 +0800] "POST /xingrg/all/common/load_tree.html?tree=area_rest_tree_json&manage=1 HTTP/1.1" 200 3499
114.84.81.136 - - [03/Dec/2022:11:08:24 +0800] "POST /xingrg/load_menu.html HTTP/1.1" 200 11564
180.169.147.146 - - [03/Dec/2022:11:08:25 +0800] "GET /xingrg/all/function/internal_message.html?_=1670036895709&CODE_STATE=getMsg HTTP/1.1" 200 27
114.95.43.237 - - [03/Dec/2022:11:08:25 +0800] "GET /xingrg/all/function/internal_message.html?_=1670036745437&CODE_STATE=getMsg HTTP/1.1" 200 27
114.84.81.136 - - [03/Dec/2022:11:08:27 +0800] "GET /xingrg/kc/buy/cgsh_order_operate.html?command=get_materiel&rest_code=00148&code=00101016057&supplier_code=00100036&order_time=2022-12-03 HTTP/1.1" 200 408
114.88.159.190 - - [03/Dec/2022:11:08:27 +0800] "GET /xingrg/all/function/internal_message.html?_=1670036498130&CODE_STATE=getMsg HTTP/1.1" 200 27
114.84.81.136 - - [03/Dec/2022:11:08:28 +0800] "POST /xingrg/all/user/operate.html HTTP/1.1" 200 36
114.84.81.136 - - [03/Dec/2022:11:08:28 +0800] "GET /xingrg/javascript/jquery_easy_ui/themes/default/easyui.css HTTP/1.1" 304 -
114.84.81.136 - - [03/Dec/2022:11:08:28 +0800] "GET /xingrg/index.html?sysBaseUrl=http%3A%2F%2F180.169.147.146%3A18081%2Fxingrg%2F&costTime=1165×tamp=1670036904406 HTTP/1.1" 200 17509
114.84.81.136 - - [03/Dec/2022:11:08:28 +0800] "GET /xingrg/javascript/jquery_easy_ui/themes/icon.css HTTP/1.1" 304 -
114.84.81.136 - - [03/Dec/2022:11:08:28 +0800] "GET /xingrg/css/form.css HTTP/1.1" 304 -
114.84.38.109 - - [03/Dec/2022:11:08:28 +0800] "GET /xingrg/all/function/internal_message.html?_=1670036922146&CODE_STATE=getMsg HTTP/1.1" 200 27
114.84.81.136 - - [03/Dec/2022:11:08:28 +0800] "GET /xingrg/javascript/jquery-1.4.2.min.js HTTP/1.1" 304 -
114.84.81.136 - - [03/Dec/2022:11:08:28 +0800] "GET /xingrg/javascript/jquery_easy_ui/jquery.easyui.min.js HTTP/1.1" 304 -
114.84.81.136 - - [03/Dec/2022:11:08:28 +0800] "GET /xingrg/javascript/jquery_easy_ui/easyui-lang-zh_CN.js HTTP/1.1" 304 -
114.84.81.136 - - [03/Dec/2022:11:08:28 +0800] "GET /xingrg/javascript/jquery.form.js HTTP/1.1" 304 -
114.84.81.136 - - [03/Dec/2022:11:08:28 +0800] "GET /xingrg/javascript/jquery.utils.js HTTP/1.1" 304 -
114.84.81.136 - - [03/Dec/2022:11:08:28 +0800] "GET /xingrg/javascript/jquery.timers.js HTTP/1.1" 304 -
114.84.81.136 - - [03/Dec/2022:11:08:28 +0800] "GET /xingrg/images/blue/jxLogo.png HTTP/1.1" 304 -
114.84.81.136 - - [03/Dec/2022:11:08:28 +0800] "GET /xingrg/images/blue/navBackgound.jpg HTTP/1.1" 304 -
114.84.81.136 - - [03/Dec/2022:11:08:28 +0800] "GET /xingrg/javascript/jquery_easy_ui/themes/icons/settle_new.png HTTP/1.1" 304 -
58.40.7.146 - - [03/Dec/2022:11:08:28 +0800] "GET /xingrg/all/function/internal_message.html?_=1670036900322&CODE_STATE=getMsg HTTP/1.1" 200 27
114.84.81.136 - - [03/Dec/2022:11:08:28 +0800] "GET /xingrg/check_reg.html?_=1670036900129 HTTP/1.1" 200 22
114.84.81.136 - - [03/Dec/2022:11:08:28 +0800] "GET /xingrg/all/function/internal_message.html?_=1670036900128&CODE_STATE=count HTTP/1.1" 200 11
114.84.81.136 - - [03/Dec/2022:11:08:28 +0800] "GET /xingrg/javascript/jquery_easy_ui/themes/default/images/panel_tool_collapse.gif HTTP/1.1" 304 -
114.84.81.136 - - [03/Dec/2022:11:08:28 +0800] "GET /xingrg/images/blue/pingpu.png HTTP/1.1" 304 -
114.84.81.136 - - [03/Dec/2022:11:08:28 +0800] "GET /xingrg/javascript/jquery_easy_ui/themes/default/images/tabs_leftarrow.png HTTP/1.1" 304 -
114.84.81.136 - - [03/Dec/2022:11:08:28 +0800] "GET /xingrg/javascript/jquery_easy_ui/themes/default/images/tabs_rightarrow.png HTTP/1.1" 304 -
114.84.81.136 - - [03/Dec/2022:11:08:28 +0800] "GET /xingrg/javascript/jquery_easy_ui/themes/default/images/panel_tool_expand.gif HTTP/1.1" 304 -
114.84.81.136 - - [03/Dec/2022:11:08:28 +0800] "POST /xingrg/all/common/load_tree.html?tree=area_rest_tree_json&manage=1 HTTP/1.1" 200 3499
114.84.81.136 - - [03/Dec/2022:11:08:28 +0800] "POST /xingrg/load_menu.html HTTP/1.1" 200 9959
180.162.229.95 - - [03/Dec/2022:11:08:29 +0800] "GET /xingrg/kc/base/wldb_order_operate.html?command=get_materiel&rest_code=00102&base_code=0010476&code=00101019527 HTTP/1.1" 200 474
180.162.229.95 - - [03/Dec/2022:11:08:29 +0800] "GET /xingrg/all/function/internal_message.html?_=1670036902002&CODE_STATE=getMsg HTTP/1.1" 200 27
114.84.81.136 - - [03/Dec/2022:11:08:30 +0800] "GET /xingrg/kc/base/base_main.html HTTP/1.1" 200 12142
180.162.229.95 - - [03/Dec/2022:11:08:30 +0800] "GET /xingrg/all/function/internal_message.html?_=1670036894631&CODE_STATE=getMsg HTTP/1.1" 200 27
114.84.81.136 - - [03/Dec/2022:11:08:31 +0800] "GET /xingrg/kc/base/check_order_list.html HTTP/1.1" 200 16487
114.84.81.136 - - [03/Dec/2022:11:08:31 +0800] "POST /xingrg/kc/base/check_list_operate.html HTTP/1.1" 200 781
114.84.81.136 - - [03/Dec/2022:11:08:33 +0800] "POST /xingrg/kc/base/check_list_operate.html HTTP/1.1" 200 5385
114.84.81.136 - - [03/Dec/2022:11:08:34 +0800] "GET /xingrg/kc/buy/cgsh_order_operate.html?command=get_materiel&rest_code=00148&code=00101006202&supplier_code=00100036&order_time=2022-12-03 HTTP/1.1" 200 411
114.84.81.136 - - [03/Dec/2022:11:08:35 +0800] "GET /xingrg/kc/base/check_order_info.html?code=452022113000096 HTTP/1.1" 200 23114
114.84.81.136 - - [03/Dec/2022:11:08:35 +0800] "GET /xingrg/dwr/interface/AjaxComOrderService.js HTTP/1.1" 200 18264
114.84.81.136 - - [03/Dec/2022:11:08:35 +0800] "GET /xingrg/dwr/interface/AjaxCheckService.js HTTP/1.1" 200 14003
114.84.81.136 - - [03/Dec/2022:11:08:35 +0800] "GET /xingrg/dwr/engine.js HTTP/1.1" 200 43631
114.84.81.136 - - [03/Dec/2022:11:08:35 +0800] "GET /xingrg/dwr/util.js HTTP/1.1" 200 35990
114.84.81.136 - - [03/Dec/2022:11:08:36 +0800] "POST /xingrg/dwr/call/plaincall/AjaxCheckService.loadOrderItems.dwr HTTP/1.1" 200 2751
180.169.147.146 - - [03/Dec/2022:11:08:37 +0800] "GET /xingrg/kc/report/report_main.html HTTP/1.1" 200 7340
120.253.135.82 - - [03/Dec/2022:11:08:37 +0800] "GET /xingrg/kc/buy/cgsh_order_operate.html?command=get_materiel&rest_code=00101&code=00101029097&supplier_code=00100151&order_time=2022-12-03 HTTP/1.1" 200 451
180.162.229.95 - - [03/Dec/2022:11:08:38 +0800] "GET /xingrg/kc/base/wldb_order_operate.html?command=get_materiel&rest_code=00102&base_code=0010476&code=00101019249 HTTP/1.1" 200 470
180.169.147.146 - - [03/Dec/2022:11:08:39 +0800] "POST /xingrg/load_menu.html HTTP/1.1" 200 10483
120.253.135.82 - - [03/Dec/2022:11:08:40 +0800] "POST /xingrg/all/common/load_select.html HTTP/1.1" 200 25
180.169.147.146 - - [03/Dec/2022:11:08:41 +0800] "GET /xingrg/all/report/report_query.html?fileName=dma/new_5.0/menu/menu_category_hz.xml HTTP/1.1" 200 53064
180.169.147.146 - - [03/Dec/2022:11:08:41 +0800] "GET /xingrg/dwr/engine.js HTTP/1.1" 200 43631
180.169.147.146 - - [03/Dec/2022:11:08:41 +0800] "GET /xingrg/dwr/interface/AjaxReportQueryService.js HTTP/1.1" 200 13203
114.84.81.136 - - [03/Dec/2022:11:08:41 +0800] "GET /xingrg/kc/base/check_order_list.html?isBack=1 HTTP/1.1" 200 16487
180.169.147.146 - - [03/Dec/2022:11:08:42 +0800] "POST /xingrg/dwr/call/plaincall/AjaxReportQueryService.getFixDate.dwr HTTP/1.1" 200 111
114.84.81.136 - - [03/Dec/2022:11:08:42 +0800] "GET /xingrg/kc/buy/cgsh_order_operate.html?command=get_materiel&rest_code=00148&code=00101010248&supplier_code=00100036&order_time=2022-12-03 HTTP/1.1" 200 430
116.238.139.35 - - [03/Dec/2022:11:08:42 +0800] "GET /xingrg/all/function/internal_message.html?_=1670036858052&CODE_STATE=getMsg HTTP/1.1" 200 27
116.238.139.35 - - [03/Dec/2022:11:08:42 +0800] "GET /xingrg/all/function/internal_message.html?_=1670036914226&CODE_STATE=getMsg HTTP/1.1" 200 27
114.84.81.136 - - [03/Dec/2022:11:08:42 +0800] "POST /xingrg/kc/base/check_list_operate.html HTTP/1.1" 200 781
180.162.229.95 - - [03/Dec/2022:11:08:42 +0800] "GET /xingrg/all/function/internal_message.html?_=1670036925000&CODE_STATE=getMsg HTTP/1.1" 200 27
180.169.147.146 - - [03/Dec/2022:11:08:42 +0800] "POST /xingrg/all/common/load_tree.html?tree=area_station_tree_json&manage=1 HTTP/1.1" 200 1906
180.169.147.146 - - [03/Dec/2022:11:08:44 +0800] "GET /xingrg/all/report/report_query.html?fileName=dma/new_5.0/menu/menu_hz.xml HTTP/1.1" 200 53697
180.169.147.146 - - [03/Dec/2022:11:08:44 +0800] "GET /xingrg/dwr/interface/AjaxReportQueryService.js HTTP/1.1" 200 13203
180.169.147.146 - - [03/Dec/2022:11:08:44 +0800] "GET /xingrg/dwr/engine.js HTTP/1.1" 200 43631
116.230.105.139 - - [03/Dec/2022:11:08:44 +0800] "GET /xingrg/check_reg.html?_=1670036915608 HTTP/1.1" 200 22
180.169.147.146 - - [03/Dec/2022:11:08:44 +0800] "POST /xingrg/dwr/call/plaincall/AjaxReportQueryService.getFixDate.dwr HTTP/1.1" 200 111
180.169.147.146 - - [03/Dec/2022:11:08:44 +0800] "POST /xingrg/all/common/load_tree.html?tree=area_station_tree_json&manage=1 HTTP/1.1" 200 1906
114.84.81.136 - - [03/Dec/2022:11:08:44 +0800] "GET /xingrg/kc/base/base_main.html HTTP/1.1" 200 12142
120.253.135.82 - - [03/Dec/2022:11:08:45 +0800] "GET /xingrg/kc/buy/cgsh_order_operate.html?command=get_materiel_price&rest_code=00101&code=00101029097&unit_code=00100157&supplier_code=00100151&order_time=2022-12-03 HTTP/1.1" 200 30
180.169.147.146 - - [03/Dec/2022:11:08:45 +0800] "POST /xingrg/dwr/call/plaincall/AjaxReportQueryService.getFixDate.dwr HTTP/1.1" 200 111
114.84.38.109 - - [03/Dec/2022:11:08:45 +0800] "GET /xingrg/check_reg.html?_=1670036936029 HTTP/1.1" 200 22
114.84.38.109 - - [03/Dec/2022:11:08:47 +0800] "GET /xingrg/all/function/internal_message.html?_=1670036937621&CODE_STATE=getMsg HTTP/1.1" 200 27
114.84.81.136 - - [03/Dec/2022:11:08:51 +0800] "POST /xingrg/load_menu.html HTTP/1.1" 200 10797
114.84.81.136 - - [03/Dec/2022:11:08:52 +0800] "GET /xingrg/all/report/report_query.html?fileName=dma/new_5.0/menu/menu_category_hz.xml HTTP/1.1" 200 53064
114.84.81.136 - - [03/Dec/2022:11:08:52 +0800] "GET /xingrg/dwr/interface/AjaxReportQueryService.js HTTP/1.1" 200 13203
114.84.81.136 - - [03/Dec/2022:11:08:52 +0800] "GET /xingrg/dwr/engine.js HTTP/1.1" 200 43631
124.79.245.154 - - [03/Dec/2022:11:08:52 +0800] "GET /xingrg/all/function/internal_message.html?_=1670036922735&CODE_STATE=getMsg HTTP/1.1" 302 -
114.84.81.136 - - [03/Dec/2022:11:08:52 +0800] "POST /xingrg/dwr/call/plaincall/AjaxReportQueryService.getFixDate.dwr HTTP/1.1" 200 111
114.84.81.136 - - [03/Dec/2022:11:08:52 +0800] "POST /xingrg/all/common/load_tree.html?tree=area_station_tree_json&manage=1 HTTP/1.1" 200 3391
180.162.229.95 - - [03/Dec/2022:11:08:53 +0800] "GET /xingrg/kc/base/wldb_order_operate.html?command=get_materiel&rest_code=00102&base_code=0010476&code=00101013044 HTTP/1.1" 200 450
114.84.81.136 - - [03/Dec/2022:11:08:54 +0800] "GET /xingrg/all/report/report_query.html?fileName=dma/new_5.0/menu/menu_stca_hz.xml HTTP/1.1" 200 51418
114.84.81.136 - - [03/Dec/2022:11:08:54 +0800] "GET /xingrg/dwr/interface/AjaxReportQueryService.js HTTP/1.1" 200 13203
114.84.81.136 - - [03/Dec/2022:11:08:54 +0800] "GET /xingrg/dwr/engine.js HTTP/1.1" 200 43631
114.84.81.136 - - [03/Dec/2022:11:08:54 +0800] "POST /xingrg/dwr/call/plaincall/AjaxReportQueryService.getFixDate.dwr HTTP/1.1" 200 111
114.84.81.136 - - [03/Dec/2022:11:08:54 +0800] "POST /xingrg/all/common/load_tree.html?tree=area_station_tree_json&manage=1 HTTP/1.1" 200 3391
114.84.81.136 - - [03/Dec/2022:11:08:54 +0800] "GET /xingrg/kc/buy/cgsh_order_operate.html?command=get_materiel&rest_code=00148&code=00101016053&supplier_code=00100036&order_time=2022-12-03 HTTP/1.1" 200 408
180.163.29.206 - - [03/Dec/2022:11:08:54 +0800] "GET /xingrg/all/function/internal_message.html?_=1670036869144&CODE_STATE=getMsg HTTP/1.1" 302 -
180.163.29.206 - - [03/Dec/2022:11:08:54 +0800] "GET /xingrg/login.html HTTP/1.1" 200 7641
180.158.0.157 - - [03/Dec/2022:11:08:54 +0800] "GET /xingrg/all/function/internal_message.html?_=1670036929144&CODE_STATE=getMsg HTTP/1.1" 200 27
116.230.105.139 - - [03/Dec/2022:11:08:55 +0800] "GET /xingrg/all/function/internal_message.html?_=1670036927206&CODE_STATE=getMsg HTTP/1.1" 200 27
114.84.81.136 - - [03/Dec/2022:11:08:55 +0800] "POST /xingrg/dwr/call/plaincall/AjaxReportQueryService.getFixDate.dwr HTTP/1.1" 200 111
120.253.135.82 - - [03/Dec/2022:11:08:56 +0800] "GET /xingrg/all/function/internal_message.html?_=1670036731188&CODE_STATE=getMsg HTTP/1.1" 200 27
180.169.147.146 - - [03/Dec/2022:11:08:57 +0800] "POST /xingrg/dwr/call/plaincall/AjaxReportQueryService.queryInitializeString.dwr HTTP/1.1" 200 1091
180.169.147.146 - - [03/Dec/2022:11:08:58 +0800] "POST /xingrg/dwr/call/plaincall/AjaxReportQueryService.refreshCache.dwr HTTP/1.1" 200 78
180.169.147.146 - - [03/Dec/2022:11:08:59 +0800] "GET /xingrg/all/function/internal_message.html?_=1670036927106&CODE_STATE=getMsg HTTP/1.1" 200 27
58.40.7.146 - - [03/Dec/2022:11:08:59 +0800] "GET /xingrg/all/function/internal_message.html?_=1670036930759&CODE_STATE=getMsg HTTP/1.1" 302 -
180.169.147.146 - - [03/Dec/2022:11:08:59 +0800] "POST /xingrg/all/report/load_report_page.html HTTP/1.1" 200 26775
180.169.147.146 - - [03/Dec/2022:11:08:59 +0800] "GET /xingrg/servlets/image?cache=0.17429121256509084&image=px HTTP/1.1" 200 807
114.84.81.136 - - [03/Dec/2022:11:08:59 +0800] "POST /xingrg/dwr/call/plaincall/AjaxReportQueryService.refreshCache.dwr HTTP/1.1" 200 78
124.79.74.72 - - [03/Dec/2022:11:08:59 +0800] "GET /xingrg/all/function/internal_message.html?_=1670036933337&CODE_STATE=getMsg HTTP/1.1" 200 27
114.84.81.136 - - [03/Dec/2022:11:08:59 +0800] "POST /xingrg/all/report/load_report_page.html HTTP/1.1" 200 59050
114.84.81.136 - - [03/Dec/2022:11:08:59 +0800] "GET /xingrg/servlets/image?cache=0.48970548208110476&image=px HTTP/1.1" 200 807
180.162.229.95 - - [03/Dec/2022:11:08:59 +0800] "GET /xingrg/kc/base/wldb_order_operate.html?command=get_materiel&rest_code=00102&base_code=0010476&code=00101020144 HTTP/1.1" 200 449
116.238.139.35 - - [03/Dec/2022:11:09:01 +0800] "GET /xingrg/all/function/internal_message.html?_=1670036877190&CODE_STATE=getMsg HTTP/1.1" 200 27
114.84.81.136 - - [03/Dec/2022:11:09:02 +0800] "GET /xingrg/all/function/internal_message.html?_=1670036939512&CODE_STATE=getMsg HTTP/1.1" 200 27
114.84.81.136 - - [03/Dec/2022:11:09:02 +0800] "GET /xingrg/all/report/report_query.html?isQuery=1&fileName=dma/new_5.0/menu/menu_hz.xml&queryString=(a.sale_day%2520between%252020221101%2520and%252020221130)%2520and%2520(a.sid%2520in%2520(14))%2520and%2520(a.tj_code%253D14)&queryText=%25E3%2580%2590%25E8%2590%25A5%25E4%25B8%259A%25E6%2597%25A5%25E6%259C%259F%253A2022-11-01%2520%25E8%2587%25B3%25202022-11-30%25E3%2580%2591%2520%25E5%25B9%25B6%25E4%25B8%2594%2520%2520%25E3%2580%2590%25E9%2597%25A8%25E5%25BA%2597%25E5%2590%258D%25E7%25A7%25B0%2520%253D%2520%25E6%25B7%25B1%25E6%25B5%25B7%25E6%25B8%2594%25E6%25B8%25AF%25E4%25B8%2583%25E5%25AE%259D%25E5%25BA%2597%25E3%2580%2591%2520%25E5%25B9%25B6%25E4%25B8%2594%2520%25E3%2580%2590%25E7%25BB%259F%25E8%25AE%25A1%25E7%25B1%25BB%25E5%2588%25AB%2520%253D%2520%25E7%25A4%25BC%25E7%259B%2592%25E3%2580%2591 HTTP/1.1" 200 54116
114.84.81.136 - - [03/Dec/2022:11:09:02 +0800] "GET /xingrg/dwr/engine.js HTTP/1.1" 200 43631
114.84.81.136 - - [03/Dec/2022:11:09:02 +0800] "GET /favicon.ico HTTP/1.1" 404 -
114.84.81.136 - - [03/Dec/2022:11:09:03 +0800] "POST /xingrg/all/report/load_report_page.html HTTP/1.1" 200 26874
114.84.81.136 - - [03/Dec/2022:11:09:03 +0800] "GET /xingrg/servlets/image?cache=0.017849604491554705&image=px HTTP/1.1" 200 807
114.83.219.57 - - [03/Dec/2022:11:09:05 +0800] "GET /xingrg/all/function/internal_message.html?_=1670036989191&CODE_STATE=getMsg HTTP/1.1" 200 27
180.162.229.95 - - [03/Dec/2022:11:09:06 +0800] "GET /xingrg/kc/base/wldb_order_operate.html?command=get_materiel&rest_code=00102&base_code=0010476&code=00101016020 HTTP/1.1" 200 447
114.95.43.237 - - [03/Dec/2022:11:09:07 +0800] "GET /xingrg/all/function/internal_message.html?_=1670036940186&CODE_STATE=getMsg HTTP/1.1" 200 27
120.253.135.82 - - [03/Dec/2022:11:09:09 +0800] "GET /xingrg/kc/buy/cgsh_order_operate.html?command=get_materiel&rest_code=00101&code=00101029070&supplier_code=00100151&order_time=2022-12-03 HTTP/1.1" 200 456
101.85.106.255 - - [03/Dec/2022:11:09:09 +0800] "GET /xingrg/all/function/internal_message.html?_=1670036940003&CODE_STATE=getMsg HTTP/1.1" 200 27
114.84.81.136 - - [03/Dec/2022:11:09:09 +0800] "GET /xingrg/kc/cost/cost_list.html HTTP/1.1" 200 6093
114.84.81.136 - - [03/Dec/2022:11:09:10 +0800] "GET /xingrg/dwr/interface/AjaxReportQueryService.js HTTP/1.1" 200 13203
114.84.81.136 - - [03/Dec/2022:11:09:10 +0800] "GET /xingrg/dwr/engine.js HTTP/1.1" 200 43631
114.84.81.136 - - [03/Dec/2022:11:09:10 +0800] "GET /xingrg/kc/cost/cost_operate.html?_=1670036941584&command=load_cost_list HTTP/1.1" 200 8859
114.84.81.136 - - [03/Dec/2022:11:09:11 +0800] "GET /xingrg/kc/cost/cost_page.html HTTP/1.1" 200 4089
114.84.81.136 - - [03/Dec/2022:11:09:11 +0800] "GET /xingrg/dwr/interface/AjaxReportQueryService.js HTTP/1.1" 200 13203
114.84.81.136 - - [03/Dec/2022:11:09:12 +0800] "GET /xingrg/dwr/engine.js HTTP/1.1" 200 43631
222.70.177.10 - - [03/Dec/2022:11:09:12 +0800] "GET /xingrg/all/function/internal_message.html?_=1670036941977&CODE_STATE=getMsg HTTP/1.1" 200 27
180.162.229.95 - - [03/Dec/2022:11:09:12 +0800] "GET /xingrg/kc/base/wldb_order_operate.html?command=get_materiel&rest_code=00102&base_code=0010476&code=00101016049 HTTP/1.1" 200 447
116.237.74.223 - - [03/Dec/2022:11:09:14 +0800] "GET /xingrg/kc/base/base_main.html HTTP/1.1" 200 12142
114.84.81.136 - - [03/Dec/2022:11:09:15 +0800] "POST /xingrg/kc/cost/cost_operate.html HTTP/1.1" 200 4
116.237.74.223 - - [03/Dec/2022:11:09:16 +0800] "GET /xingrg/kc/base/wldb_order_list.html HTTP/1.1" 200 19101
114.84.81.136 - - [03/Dec/2022:11:09:16 +0800] "GET /xingrg/kc/cost/cost_page.html HTTP/1.1" 200 4364
114.84.81.136 - - [03/Dec/2022:11:09:16 +0800] "GET /xingrg/css/blue.css HTTP/1.1" 304 -
114.84.81.136 - - [03/Dec/2022:11:09:16 +0800] "GET /xingrg/javascript/jquery_easy_ui/themes/default/easyui.css HTTP/1.1" 304 -
114.84.81.136 - - [03/Dec/2022:11:09:16 +0800] "GET /xingrg/javascript/jquery_easy_ui/themes/icon.css HTTP/1.1" 304 -
114.84.81.136 - - [03/Dec/2022:11:09:16 +0800] "GET /xingrg/javascript/step/step.css HTTP/1.1" 304 -
114.84.81.136 - - [03/Dec/2022:11:09:16 +0800] "GET /xingrg/css/table.css HTTP/1.1" 304 -
114.84.81.136 - - [03/Dec/2022:11:09:16 +0800] "GET /xingrg/dwr/interface/AjaxReportQueryService.js HTTP/1.1" 200 13203
114.84.81.136 - - [03/Dec/2022:11:09:16 +0800] "GET /xingrg/dwr/engine.js HTTP/1.1" 200 43631
114.84.81.136 - - [03/Dec/2022:11:09:16 +0800] "GET /xingrg/dwr/util.js HTTP/1.1" 304 -
114.84.81.136 - - [03/Dec/2022:11:09:16 +0800] "GET /xingrg/javascript/jquery-1.4.2.min.js HTTP/1.1" 304 -
114.84.81.136 - - [03/Dec/2022:11:09:16 +0800] "GET /xingrg/javascript/jquery_easy_ui/jquery.easyui.min.js HTTP/1.1" 304 -
114.84.81.136 - - [03/Dec/2022:11:09:16 +0800] "GET /xingrg/javascript/jquery_easy_ui/easyui-lang-zh_CN.js HTTP/1.1" 304 -
114.84.81.136 - - [03/Dec/2022:11:09:16 +0800] "GET /xingrg/javascript/jquery.utils.js HTTP/1.1" 304 -
114.84.81.136 - - [03/Dec/2022:11:09:16 +0800] "GET /xingrg/images/control/ajaxLoader.gif HTTP/1.1" 304 -
116.237.74.223 - - [03/Dec/2022:11:09:16 +0800] "POST /xingrg/kc/base/wldb_list_operate.html HTTP/1.1" 200 2947
114.84.81.136 - - [03/Dec/2022:11:09:17 +0800] "POST /xingrg/kc/buy/cgsh_order_operate.html HTTP/1.1" 200 37
114.88.159.190 - - [03/Dec/2022:11:09:17 +0800] "GET /xingrg/all/function/internal_message.html?_=1670036944870&CODE_STATE=getMsg HTTP/1.1" 200 27
114.84.81.136 - - [03/Dec/2022:11:09:18 +0800] "POST /xingrg/kc/buy/cgsh_order_operate.html HTTP/1.1" 200 5613
114.84.81.136 - - [03/Dec/2022:11:09:19 +0800] "GET /xingrg/kc/print/load_data.html?order_code=212022120300569&kc_code=cgsh&condition= HTTP/1.1" 200 1872
116.237.74.223 - - [03/Dec/2022:11:09:23 +0800] "GET /xingrg/all/function/internal_message.html?_=1670036957776&CODE_STATE=getMsg HTTP/1.1" 200 27
120.253.135.82 - - [03/Dec/2022:11:09:24 +0800] "GET /xingrg/kc/buy/cgsh_order_operate.html?command=get_materiel&rest_code=00101&code=00101029096&supplier_code=00100151&order_time=2022-12-03 HTTP/1.1" 200 463
180.169.147.146 - - [03/Dec/2022:11:09:25 +0800] "GET /xingrg/all/function/internal_message.html?_=1670036955702&CODE_STATE=getMsg HTTP/1.1" 200 27
114.84.81.136 - - [03/Dec/2022:11:09:25 +0800] "GET /xingrg/kc/buy/cgsh_order_add.html HTTP/1.1" 200 69566
114.95.43.237 - - [03/Dec/2022:11:09:25 +0800] "GET /xingrg/all/function/internal_message.html?_=1670036805426&CODE_STATE=getMsg HTTP/1.1" 200 27
114.84.81.136 - - [03/Dec/2022:11:09:25 +0800] "POST /xingrg/kc/buy/cgsh_order_operate.html HTTP/1.1" 200 8245
114.84.81.136 - - [03/Dec/2022:11:09:25 +0800] "GET /xingrg/javascript/easyui/themes/default/validatebox.css HTTP/1.1" 404 1104
120.253.135.82 - - [03/Dec/2022:11:09:26 +0800] "POST /xingrg/all/common/load_select.html HTTP/1.1" 200 25
114.88.159.190 - - [03/Dec/2022:11:09:27 +0800] "GET /xingrg/all/function/internal_message.html?_=1670036558129&CODE_STATE=getMsg HTTP/1.1" 200 27
114.88.159.190 - - [03/Dec/2022:11:09:27 +0800] "GET /xingrg/check_reg.html?_=1670036558130 HTTP/1.1" 200 22
114.84.38.109 - - [03/Dec/2022:11:09:28 +0800] "GET /xingrg/all/function/internal_message.html?_=1670036982157&CODE_STATE=getMsg HTTP/1.1" 200 27
58.40.7.146 - - [03/Dec/2022:11:09:28 +0800] "GET /xingrg/all/function/internal_message.html?_=1670036960325&CODE_STATE=getMsg HTTP/1.1" 200 27
114.84.81.136 - - [03/Dec/2022:11:09:28 +0800] "GET /xingrg/all/function/internal_message.html?_=1670036960146&CODE_STATE=getMsg HTTP/1.1" 200 27
114.84.81.136 - - [03/Dec/2022:11:09:29 +0800] "POST /xingrg/all/common/load_combo.html?type=employee HTTP/1.1" 200 444
180.162.229.95 - - [03/Dec/2022:11:09:29 +0800] "GET /xingrg/all/function/internal_message.html?_=1670036961971&CODE_STATE=getMsg HTTP/1.1" 200 27
180.162.229.95 - - [03/Dec/2022:11:09:29 +0800] "GET /xingrg/check_reg.html?_=1670036962115 HTTP/1.1" 200 22
180.162.229.95 - - [03/Dec/2022:11:09:30 +0800] "GET /xingrg/all/function/internal_message.html?_=1670036954636&CODE_STATE=getMsg HTTP/1.1" 200 27
120.253.135.82 - - [03/Dec/2022:11:09:33 +0800] "GET /xingrg/kc/buy/cgsh_order_operate.html?command=get_materiel_price&rest_code=00101&code=00101029096&unit_code=00100157&supplier_code=00100151&order_time=2022-12-03 HTTP/1.1" 200 30
116.238.139.35 - - [03/Dec/2022:11:09:41 +0800] "GET /xingrg/check_reg.html?_=1670036917411 HTTP/1.1" 200 22
116.238.139.35 - - [03/Dec/2022:11:09:42 +0800] "GET /xingrg/all/function/internal_message.html?_=1670036918066&CODE_STATE=getMsg HTTP/1.1" 200 27
116.238.139.35 - - [03/Dec/2022:11:09:42 +0800] "GET /xingrg/all/function/internal_message.html?_=1670036974215&CODE_STATE=getMsg HTTP/1.1" 200 27
180.162.229.95 - - [03/Dec/2022:11:09:42 +0800] "GET /xingrg/all/function/internal_message.html?_=1670036984997&CODE_STATE=getMsg HTTP/1.1" 200 27
180.162.229.95 - - [03/Dec/2022:11:09:42 +0800] "GET /xingrg/check_reg.html?_=1670036985001 HTTP/1.1" 200 22
114.84.38.109 - - [03/Dec/2022:11:09:47 +0800] "GET /xingrg/all/function/internal_message.html?_=1670036997636&CODE_STATE=getMsg HTTP/1.1" 200 27
120.253.135.82 - - [03/Dec/2022:11:09:47 +0800] "POST /xingrg/kc/buy/cgsh_order_operate.html HTTP/1.1" 200 37
124.79.245.154 - - [03/Dec/2022:11:09:52 +0800] "GET /xingrg/all/function/internal_message.html?_=1670036982742&CODE_STATE=getMsg HTTP/1.1" 302 -
180.158.0.157 - - [03/Dec/2022:11:09:54 +0800] "GET /xingrg/all/function/internal_message.html?_=1670036989144&CODE_STATE=getMsg HTTP/1.1" 200 27
116.230.105.139 - - [03/Dec/2022:11:09:55 +0800] "GET /xingrg/all/function/internal_message.html?_=1670036987205&CODE_STATE=getMsg HTTP/1.1" 200 27
114.83.219.57 - - [03/Dec/2022:11:09:58 +0800] "GET /xingrg/kc/buy/cgsh_order_list.html HTTP/1.1" 200 53797
58.40.7.146 - - [03/Dec/2022:11:09:59 +0800] "GET /xingrg/all/function/internal_message.html?_=1670036990743&CODE_STATE=getMsg HTTP/1.1" 302 -
180.169.147.146 - - [03/Dec/2022:11:09:59 +0800] "GET /xingrg/all/function/internal_message.html?_=1670036987107&CODE_STATE=getMsg HTTP/1.1" 200 27
124.79.74.72 - - [03/Dec/2022:11:09:59 +0800] "GET /xingrg/all/function/internal_message.html?_=1670036993322&CODE_STATE=getMsg HTTP/1.1" 200 27
222.70.177.10 - - [03/Dec/2022:11:10:00 +0800] "POST /xingrg/kc/buy/cgsh_order_operate.html HTTP/1.1" 200 37
116.238.139.35 - - [03/Dec/2022:11:10:01 +0800] "GET /xingrg/all/function/internal_message.html?_=1670036937192&CODE_STATE=getMsg HTTP/1.1" 200 27
114.83.219.57 - - [03/Dec/2022:11:10:01 +0800] "POST /xingrg/kc/buy/cgsh_list_operate.html HTTP/1.1" 200 986
114.84.81.136 - - [03/Dec/2022:11:10:02 +0800] "GET /xingrg/all/function/internal_message.html?_=1670036999513&CODE_STATE=getMsg HTTP/1.1" 200 27
120.253.135.82 - - [03/Dec/2022:11:10:02 +0800] "POST /xingrg/kc/buy/cgsh_order_operate.html HTTP/1.1" 200 3343
222.70.177.10 - - [03/Dec/2022:11:10:03 +0800] "POST /xingrg/kc/buy/cgsh_order_operate.html HTTP/1.1" 200 28713
58.40.7.146 - - [03/Dec/2022:11:10:03 +0800] "POST /xingrg/services/DataTransmitService HTTP/1.1" 200 524
114.83.219.57 - - [03/Dec/2022:11:10:05 +0800] "GET /xingrg/all/function/internal_message.html?_=1670037049193&CODE_STATE=getMsg HTTP/1.1" 200 27
120.253.135.82 - - [03/Dec/2022:11:10:05 +0800] "GET /xingrg/all/function/internal_message.html?_=1670036800280&CODE_STATE=getMsg HTTP/1.1" 200 27
120.253.135.82 - - [03/Dec/2022:11:10:06 +0800] "GET /xingrg/kc/print/load_config.html?kc_code=cgsh HTTP/1.1" 200 1943
120.253.135.82 - - [03/Dec/2022:11:10:06 +0800] "GET /xingrg/kc/print/load_data.html?order_code=212022120300570&kc_code=cgsh&condition= HTTP/1.1" 200 972
114.95.43.237 - - [03/Dec/2022:11:10:07 +0800] "GET /xingrg/all/function/internal_message.html?_=1670037000157&CODE_STATE=getMsg HTTP/1.1" 200 27
101.85.106.255 - - [03/Dec/2022:11:10:09 +0800] "GET /xingrg/all/function/internal_message.html?_=1670036999987&CODE_STATE=getMsg HTTP/1.1" 200 27
114.83.219.57 - - [03/Dec/2022:11:10:11 +0800] "POST /xingrg/kc/buy/cgsh_list_operate.html HTTP/1.1" 200 3707
222.70.177.10 - - [03/Dec/2022:11:10:12 +0800] "GET /xingrg/all/function/internal_message.html?_=1670037001981&CODE_STATE=getMsg HTTP/1.1" 200 27
114.83.219.57 - - [03/Dec/2022:11:10:14 +0800] "POST /xingrg/kc/buy/cgsh_list_operate.html HTTP/1.1" 200 591
180.169.147.146 - - [03/Dec/2022:11:10:15 +0800] "GET /xingrg/javascript/multi_select/dropdown_active.gif HTTP/1.1" 200 61
114.88.159.190 - - [03/Dec/2022:11:10:17 +0800] "GET /xingrg/all/function/internal_message.html?_=1670037004869&CODE_STATE=getMsg HTTP/1.1" 200 27
114.83.219.57 - - [03/Dec/2022:11:10:18 +0800] "GET /xingrg/kc/buy/cgsh_order_info.html?code=212022120200329 HTTP/1.1" 200 63681
114.83.219.57 - - [03/Dec/2022:11:10:18 +0800] "GET /xingrg/words/20221202164707_words.js HTTP/1.1" 304 -
114.83.219.57 - - [03/Dec/2022:11:10:18 +0800] "GET /xingrg/javascript/easyui/themes/default/validatebox.css HTTP/1.1" 404 1104
114.83.219.57 - - [03/Dec/2022:11:10:20 +0800] "POST /xingrg/kc/buy/cgsh_order_operate.html HTTP/1.1" 200 5392
180.169.147.146 - - [03/Dec/2022:11:10:21 +0800] "POST /xingrg/dwr/call/plaincall/AjaxReportQueryService.refreshCache.dwr HTTP/1.1" 200 78
180.169.147.146 - - [03/Dec/2022:11:10:21 +0800] "POST /xingrg/all/report/load_report_page.html HTTP/1.1" 200 22154
180.169.147.146 - - [03/Dec/2022:11:10:21 +0800] "GET /xingrg/servlets/image?cache=0.022134521136300433&image=px HTTP/1.1" 200 807
116.237.74.223 - - [03/Dec/2022:11:10:23 +0800] "POST /xingrg/kc/buy/cgsh_order_operate.html HTTP/1.1" 200 5041
116.237.74.223 - - [03/Dec/2022:11:10:23 +0800] "GET /xingrg/all/function/internal_message.html?_=1670037017748&CODE_STATE=getMsg HTTP/1.1" 200 27
116.237.74.223 - - [03/Dec/2022:11:10:23 +0800] "GET /xingrg/check_reg.html?_=1670037017782 HTTP/1.1" 200 22
180.169.147.146 - - [03/Dec/2022:11:10:24 +0800] "GET /xingrg/all/function/internal_message.html?_=1670037015681&CODE_STATE=getMsg HTTP/1.1" 200 27
114.95.43.237 - - [03/Dec/2022:11:10:25 +0800] "GET /xingrg/all/function/internal_message.html?_=1670036865435&CODE_STATE=getMsg HTTP/1.1" 200 27
114.95.43.237 - - [03/Dec/2022:11:10:25 +0800] "GET /xingrg/check_reg.html?_=1670036865438 HTTP/1.1" 200 22
114.88.159.190 - - [03/Dec/2022:11:10:27 +0800] "GET /xingrg/all/function/internal_message.html?_=1670036618129&CODE_STATE=getMsg HTTP/1.1" 200 27
58.40.7.146 - - [03/Dec/2022:11:10:28 +0800] "GET /xingrg/check_reg.html?_=1670037020327 HTTP/1.1" 200 22
58.40.7.146 - - [03/Dec/2022:11:10:28 +0800] "GET /xingrg/all/function/internal_message.html?_=1670037020328&CODE_STATE=getMsg HTTP/1.1" 200 27
114.84.81.136 - - [03/Dec/2022:11:10:28 +0800] "GET /xingrg/all/function/internal_message.html?_=1670037020143&CODE_STATE=getMsg HTTP/1.1" 200 27
114.84.38.109 - - [03/Dec/2022:11:10:28 +0800] "GET /xingrg/all/function/internal_message.html?_=1670037042479&CODE_STATE=getMsg HTTP/1.1" 200 27
180.162.229.95 - - [03/Dec/2022:11:10:29 +0800] "GET /xingrg/all/function/internal_message.html?_=1670037021957&CODE_STATE=getMsg HTTP/1.1" 200 27
180.162.229.95 - - [03/Dec/2022:11:10:30 +0800] "GET /xingrg/check_reg.html?_=1670037014638 HTTP/1.1" 200 22
180.162.229.95 - - [03/Dec/2022:11:10:30 +0800] "GET /xingrg/all/function/internal_message.html?_=1670037014645&CODE_STATE=getMsg HTTP/1.1" 200 27
120.253.135.82 - - [03/Dec/2022:11:10:31 +0800] "GET /xingrg/login.html HTTP/1.1" 200 7641
120.253.135.82 - - [03/Dec/2022:11:10:31 +0800] "GET /xingrg/images/blue/jxLogo.png HTTP/1.1" 200 6156
120.253.135.82 - - [03/Dec/2022:11:10:31 +0800] "GET /xingrg/images/blue/hj.png HTTP/1.1" 200 1014
120.253.135.82 - - [03/Dec/2022:11:10:31 +0800] "GET /xingrg/images/blue/login_bg.png HTTP/1.1" 200 22101
120.253.135.82 - - [03/Dec/2022:11:10:31 +0800] "GET /xingrg/images/blue/srbg.png HTTP/1.1" 200 138
120.253.135.82 - - [03/Dec/2022:11:10:32 +0800] "GET /favicon.ico HTTP/1.1" 404 -
120.253.135.82 - - [03/Dec/2022:11:10:35 +0800] "POST /xingrg/login.do HTTP/1.1" 302 -
120.253.135.82 - - [03/Dec/2022:11:10:35 +0800] "GET /xingrg/index.html?sysBaseUrl=http%3A%2F%2F180.169.147.146%3A18081%2Fxingrg%2F&costTime=1861×tamp=1670037035716 HTTP/1.1" 200 17173
120.253.135.82 - - [03/Dec/2022:11:10:36 +0800] "GET /xingrg/css/form.css HTTP/1.1" 200 893
120.253.135.82 - - [03/Dec/2022:11:10:36 +0800] "GET /xingrg/javascript/jquery_easy_ui/themes/icon.css HTTP/1.1" 200 3949
120.253.135.82 - - [03/Dec/2022:11:10:36 +0800] "GET /xingrg/javascript/jquery_easy_ui/jquery.easyui.min.js HTTP/1.1" 200 213662
120.253.135.82 - - [03/Dec/2022:11:10:36 +0800] "GET /favicon.ico HTTP/1.1" 404 -
120.253.135.82 - - [03/Dec/2022:11:10:36 +0800] "GET /xingrg/javascript/jquery.timers.js HTTP/1.1" 200 3532
120.253.135.82 - - [03/Dec/2022:11:10:36 +0800] "GET /xingrg/javascript/jquery_easy_ui/themes/default/easyui.css HTTP/1.1" 200 26500
120.253.135.82 - - [03/Dec/2022:11:10:36 +0800] "GET /xingrg/javascript/jquery.form.js HTTP/1.1" 200 23110
120.253.135.82 - - [03/Dec/2022:11:10:36 +0800] "GET /xingrg/javascript/jquery_easy_ui/easyui-lang-zh_CN.js HTTP/1.1" 200 1900
120.253.135.82 - - [03/Dec/2022:11:10:36 +0800] "GET /xingrg/javascript/jquery.utils.js HTTP/1.1" 200 11805
120.253.135.82 - - [03/Dec/2022:11:10:36 +0800] "GET /xingrg/javascript/jquery-1.4.2.min.js HTTP/1.1" 200 72205
120.253.135.82 - - [03/Dec/2022:11:10:36 +0800] "GET /xingrg/images/blue/navBackgound.jpg HTTP/1.1" 200 12378
120.253.135.82 - - [03/Dec/2022:11:10:36 +0800] "GET /xingrg/javascript/jquery_easy_ui/themes/icons/settle_new.png HTTP/1.1" 200 826
120.253.135.82 - - [03/Dec/2022:11:10:36 +0800] "GET /xingrg/images/blue/pingpu.png HTTP/1.1" 200 231
120.253.135.82 - - [03/Dec/2022:11:10:36 +0800] "GET /xingrg/javascript/jquery_easy_ui/themes/default/images/tabs_leftarrow.png HTTP/1.1" 200 389
120.253.135.82 - - [03/Dec/2022:11:10:36 +0800] "GET /xingrg/javascript/jquery_easy_ui/themes/default/images/tabs_rightarrow.png HTTP/1.1" 200 395
120.253.135.82 - - [03/Dec/2022:11:10:36 +0800] "GET /xingrg/javascript/jquery_easy_ui/themes/default/images/panel_tool_collapse.gif HTTP/1.1" 200 246
120.253.135.82 - - [03/Dec/2022:11:10:36 +0800] "POST /xingrg/all/common/load_tree.html?tree=area_rest_tree_json&manage=1 HTTP/1.1" 200 344
120.253.135.82 - - [03/Dec/2022:11:10:36 +0800] "GET /xingrg/check_reg.html?_=1670037144818 HTTP/1.1" 200 22
120.253.135.82 - - [03/Dec/2022:11:10:36 +0800] "GET /xingrg/javascript/jquery_easy_ui/themes/default/images/tree_arrows.gif HTTP/1.1" 200 1043
120.253.135.82 - - [03/Dec/2022:11:10:36 +0800] "GET /xingrg/all/function/internal_message.html?_=1670037144817&CODE_STATE=count HTTP/1.1" 200 11
114.83.219.57 - - [03/Dec/2022:11:10:37 +0800] "GET /xingrg/javascript/jquery_easy_ui/themes/icons/rest.png HTTP/1.1" 200 695
120.253.135.82 - - [03/Dec/2022:11:10:37 +0800] "POST /xingrg/load_menu.html HTTP/1.1" 200 6743
114.83.219.57 - - [03/Dec/2022:11:10:37 +0800] "GET /xingrg/javascript/jquery_easy_ui/themes/icons/area.png HTTP/1.1" 200 262
120.253.135.82 - - [03/Dec/2022:11:10:37 +0800] "GET /xingrg/javascript/jquery_easy_ui/themes/default/images/tree_folder_open.gif HTTP/1.1" 200 956
120.253.135.82 - - [03/Dec/2022:11:10:37 +0800] "GET /xingrg/javascript/jquery_easy_ui/themes/icons/search_new.png HTTP/1.1" 200 586
120.253.135.82 - - [03/Dec/2022:11:10:37 +0800] "GET /xingrg/javascript/jquery_easy_ui/themes/icons/delivery_new.png HTTP/1.1" 200 700
120.253.135.82 - - [03/Dec/2022:11:10:37 +0800] "GET /xingrg/javascript/jquery_easy_ui/themes/icons/forms_new.png HTTP/1.1" 200 350
120.253.135.82 - - [03/Dec/2022:11:10:37 +0800] "GET /xingrg/javascript/jquery_easy_ui/themes/icons/storage_new.png HTTP/1.1" 200 853
120.253.135.82 - - [03/Dec/2022:11:10:37 +0800] "GET /xingrg/javascript/jquery_easy_ui/themes/default/images/tree_folder.gif HTTP/1.1" 200 952
120.253.135.82 - - [03/Dec/2022:11:10:37 +0800] "GET /xingrg/javascript/jquery_easy_ui/themes/default/images/tree_file.gif HTTP/1.1" 200 118
116.238.139.35 - - [03/Dec/2022:11:10:42 +0800] "GET /xingrg/all/function/internal_message.html?_=1670037034202&CODE_STATE=getMsg HTTP/1.1" 200 27
116.238.139.35 - - [03/Dec/2022:11:10:42 +0800] "GET /xingrg/all/function/internal_message.html?_=1670036978079&CODE_STATE=getMsg HTTP/1.1" 200 27
180.162.229.95 - - [03/Dec/2022:11:10:42 +0800] "GET /xingrg/all/function/internal_message.html?_=1670037044995&CODE_STATE=getMsg HTTP/1.1" 200 27
120.253.135.82 - - [03/Dec/2022:11:10:43 +0800] "GET /xingrg/javascript/jquery_easy_ui/themes/default/images/tabs_close.gif HTTP/1.1" 200 829
120.253.135.82 - - [03/Dec/2022:11:10:44 +0800] "GET /xingrg/css/base.css HTTP/1.1" 200 2811
120.253.135.82 - - [03/Dec/2022:11:10:44 +0800] "GET /xingrg/kc/pszx/mdps_order_list.html?orderType=0 HTTP/1.1" 200 21035
120.253.135.82 - - [03/Dec/2022:11:10:44 +0800] "GET /xingrg/javascript/jquery_tools/datebox.css HTTP/1.1" 200 2597
120.253.135.82 - - [03/Dec/2022:11:10:44 +0800] "GET /xingrg/javascript/jquery_tools/jquery.tools.hotkey.js HTTP/1.1" 200 3242
120.253.135.82 - - [03/Dec/2022:11:10:44 +0800] "GET /xingrg/javascript/jquery_tools/jquery.tools.extend.js HTTP/1.1" 200 15385
120.253.135.82 - - [03/Dec/2022:11:10:44 +0800] "GET /xingrg/javascript/jquery_tools/jquery.tools.min.js HTTP/1.1" 200 138801
120.253.135.82 - - [03/Dec/2022:11:10:44 +0800] "GET /xingrg/javascript/jquery_tools/jquery.tools.table.js HTTP/1.1" 200 6994
120.253.135.82 - - [03/Dec/2022:11:10:44 +0800] "GET /xingrg/javascript/jquery_tools/list_manager.js HTTP/1.1" 200 3652
120.253.135.82 - - [03/Dec/2022:11:10:44 +0800] "GET /xingrg/javascript/auto/jquery.autocomplete.js HTTP/1.1" 200 21624
120.253.135.82 - - [03/Dec/2022:11:10:44 +0800] "GET /xingrg/css/site.css HTTP/1.1" 200 7541
120.253.135.82 - - [03/Dec/2022:11:10:44 +0800] "GET /xingrg/javascript/easyui/easyloader.js HTTP/1.1" 200 5975
120.253.135.82 - - [03/Dec/2022:11:10:44 +0800] "GET /xingrg/javascript/jquery.cookie.js HTTP/1.1" 200 5513
120.253.135.82 - - [03/Dec/2022:11:10:44 +0800] "GET /xingrg/javascript/print/LodopFuncs.js HTTP/1.1" 200 5121
120.253.135.82 - - [03/Dec/2022:11:10:44 +0800] "GET /xingrg/javascript/jquery_tools/fix.css HTTP/1.1" 200 1702
120.253.135.82 - - [03/Dec/2022:11:10:44 +0800] "GET /xingrg/javascript/easyui/themes/default/easyui.css HTTP/1.1" 200 30432
120.253.135.82 - - [03/Dec/2022:11:10:44 +0800] "GET /xingrg/javascript/jquery_tools/table.css HTTP/1.1" 200 1032
120.253.135.82 - - [03/Dec/2022:11:10:44 +0800] "GET /xingrg/javascript/easyui/themes/icon.css HTTP/1.1" 200 4483
120.253.135.82 - - [03/Dec/2022:11:10:44 +0800] "GET /xingrg/javascript/auto/jquery.autocomplete.css HTTP/1.1" 200 587
120.253.135.82 - - [03/Dec/2022:11:10:44 +0800] "GET /xingrg/javascript/auto/jquery.autocomplete.css HTTP/1.1" 200 587
120.253.135.82 - - [03/Dec/2022:11:10:44 +0800] "GET /xingrg/javascript/easyui/themes/icon.css HTTP/1.1" 200 4483
120.253.135.82 - - [03/Dec/2022:11:10:44 +0800] "GET /xingrg/kc/pszx/mdps_order_list.html?orderType=0 HTTP/1.1" 200 21035
120.253.135.82 - - [03/Dec/2022:11:10:44 +0800] "GET /xingrg/javascript/jquery_tools/table.css HTTP/1.1" 200 1032
120.253.135.82 - - [03/Dec/2022:11:10:44 +0800] "GET /xingrg/javascript/jquery_tools/jquery.tools.min.js HTTP/1.1" 200 138801
120.253.135.82 - - [03/Dec/2022:11:10:46 +0800] "GET /xingrg/javascript/easyui/themes/icons/cance_new.png HTTP/1.1" 200 3986
120.253.135.82 - - [03/Dec/2022:11:10:46 +0800] "GET /xingrg/javascript/easyui/themes/icons/check_new.png HTTP/1.1" 200 3224
120.253.135.82 - - [03/Dec/2022:11:10:46 +0800] "GET /xingrg/javascript/easyui/themes/icons/edit_add_new.png HTTP/1.1" 200 2997
120.253.135.82 - - [03/Dec/2022:11:10:46 +0800] "GET /xingrg/javascript/easyui/themes/icons/field_new.png HTTP/1.1" 200 1097
120.253.135.82 - - [03/Dec/2022:11:10:46 +0800] "GET /xingrg/javascript/easyui/themes/icons/uncheck_new.png HTTP/1.1" 200 3197
120.253.135.82 - - [03/Dec/2022:11:10:46 +0800] "GET /xingrg/javascript/easyui/themes/icons/import_new.png HTTP/1.1" 200 1247
120.253.135.82 - - [03/Dec/2022:11:10:46 +0800] "GET /xingrg/javascript/easyui/plugins/jquery.parser.js HTTP/1.1" 200 1142
120.253.135.82 - - [03/Dec/2022:11:10:46 +0800] "GET /xingrg/images/control/ajaxLoader.gif HTTP/1.1" 200 4659
120.253.135.82 - - [03/Dec/2022:11:10:46 +0800] "GET /xingrg/javascript/jquery_easy_ui/themes/icons/area.png HTTP/1.1" 200 262
120.253.135.82 - - [03/Dec/2022:11:10:46 +0800] "GET /xingrg/javascript/jquery_easy_ui/themes/icons/manage.png HTTP/1.1" 200 696
120.253.135.82 - - [03/Dec/2022:11:10:46 +0800] "POST /xingrg/kc/pszx/mdps_list_operate.html HTTP/1.1" 200 5402
120.253.135.82 - - [03/Dec/2022:11:10:46 +0800] "GET /xingrg/kc/pszx/mdps_order_list.html?orderType=0 HTTP/1.1" 200 21035
120.253.135.82 - - [03/Dec/2022:11:10:47 +0800] "POST /xingrg/kc/pszx/mdps_list_operate.html HTTP/1.1" 200 5402
114.84.38.109 - - [03/Dec/2022:11:10:47 +0800] "GET /xingrg/all/function/internal_message.html?_=1670037057650&CODE_STATE=getMsg HTTP/1.1" 200 27
116.237.74.223 - - [03/Dec/2022:11:10:49 +0800] "GET /xingrg/all/function/internal_message.html?_=1670037044875&CODE_STATE=getMsg HTTP/1.1" 200 27
124.79.245.154 - - [03/Dec/2022:11:10:52 +0800] "GET /xingrg/all/function/internal_message.html?_=1670037042754&CODE_STATE=getMsg HTTP/1.1" 302 -
114.83.219.57 - - [03/Dec/2022:11:10:53 +0800] "GET /xingrg/kc/base/check_order_list.html HTTP/1.1" 200 16226
114.83.219.57 - - [03/Dec/2022:11:10:53 +0800] "POST /xingrg/kc/base/check_list_operate.html HTTP/1.1" 200 781
180.163.30.27 - - [03/Dec/2022:11:10:54 +0800] "GET /xingrg/all/function/internal_message.html?_=1670036989144&CODE_STATE=getMsg HTTP/1.1" 302 -
180.163.30.27 - - [03/Dec/2022:11:10:54 +0800] "GET /xingrg/login.html HTTP/1.1" 200 7641
180.158.0.157 - - [03/Dec/2022:11:10:54 +0800] "GET /xingrg/check_reg.html?_=1670037049142 HTTP/1.1" 200 22
180.158.0.157 - - [03/Dec/2022:11:10:55 +0800] "GET /xingrg/all/function/internal_message.html?_=1670037049150&CODE_STATE=getMsg HTTP/1.1" 200 27
116.230.105.139 - - [03/Dec/2022:11:10:55 +0800] "GET /xingrg/all/function/internal_message.html?_=1670037047189&CODE_STATE=getMsg HTTP/1.1" 200 27
116.237.74.223 - - [03/Dec/2022:11:10:57 +0800] "GET /xingrg/check_reg.html?_=1670037052541 HTTP/1.1" 200 22
