222.70.177.10 - - [30/Nov/2022:09:21:56 +0800] "GET /xingrg/kc/buy/cgsh_order_operate.html?command=get_materiel&rest_code=00111&code=00101008114&supplier_code=00100005&order_time=2022-11-30 HTTP/1.1" 200 412
114.95.43.237 - - [30/Nov/2022:09:21:57 +0800] "GET /xingrg/all/function/internal_message.html?_=1669771159094&CODE_STATE=getMsg HTTP/1.1" 200 27
124.78.159.199 - - [30/Nov/2022:09:22:00 +0800] "GET /xingrg/all/function/internal_message.html?_=1669771318604&CODE_STATE=getMsg HTTP/1.1" 200 27
58.40.7.146 - - [30/Nov/2022:09:22:05 +0800] "GET /xingrg/all/function/internal_message.html?_=1669771318801&CODE_STATE=getMsg HTTP/1.1" 200 27
114.84.38.109 - - [30/Nov/2022:09:22:07 +0800] "GET /xingrg/all/function/internal_message.html?_=1669771330691&CODE_STATE=getMsg HTTP/1.1" 200 27
114.84.38.109 - - [30/Nov/2022:09:22:11 +0800] "GET /xingrg/kc/buy/cgsh_order_operate.html?command=get_materiel&rest_code=00146&code=00101016105&supplier_code=00100033&order_time=2022-11-30 HTTP/1.1" 200 409
116.238.139.35 - - [30/Nov/2022:09:22:12 +0800] "GET /xingrg/all/function/internal_message.html?_=1669771325967&CODE_STATE=getMsg HTTP/1.1" 200 27
114.83.219.57 - - [30/Nov/2022:09:22:15 +0800] "GET /xingrg/kc/base/wldb_order_operate.html?command=get_materiel_price&rest_code=00154&base_code=0010724&code=00101013074&unit_code=00100001 HTTP/1.1" 200 36
222.70.177.10 - - [30/Nov/2022:09:22:20 +0800] "POST /xingrg/kc/buy/cgsh_order_operate.html HTTP/1.1" 200 37
116.238.139.35 - - [30/Nov/2022:09:22:21 +0800] "GET /xingrg/all/function/internal_message.html?_=1669771282147&CODE_STATE=getMsg HTTP/1.1" 200 27
114.83.219.57 - - [30/Nov/2022:09:22:23 +0800] "GET /xingrg/all/function/internal_message.html?_=1669771466853&CODE_STATE=getMsg HTTP/1.1" 200 27
114.83.219.57 - - [30/Nov/2022:09:22:23 +0800] "GET /xingrg/check_reg.html?_=1669771467060 HTTP/1.1" 200 22
222.70.177.10 - - [30/Nov/2022:09:22:24 +0800] "POST /xingrg/kc/buy/cgsh_order_operate.html HTTP/1.1" 200 15677
222.70.177.10 - - [30/Nov/2022:09:22:26 +0800] "GET /xingrg/kc/print/load_data.html?order_code=212022113010244&kc_code=cgsh&condition= HTTP/1.1" 200 5641
116.238.139.35 - - [30/Nov/2022:09:22:26 +0800] "GET /xingrg/kc/buy/cgsh_order_operate.html?command=get_materiel&rest_code=00150&code=00101008224&supplier_code=00100008&order_time=2022-11-30 HTTP/1.1" 200 416
222.70.177.10 - - [30/Nov/2022:09:22:30 +0800] "GET /xingrg/kc/buy/cgsh_order_add.html HTTP/1.1" 200 69517
222.70.177.10 - - [30/Nov/2022:09:22:30 +0800] "POST /xingrg/kc/buy/cgsh_order_operate.html HTTP/1.1" 200 8245
222.70.177.10 - - [30/Nov/2022:09:22:30 +0800] "GET /xingrg/javascript/easyui/themes/default/validatebox.css HTTP/1.1" 404 1104
222.70.177.10 - - [30/Nov/2022:09:22:31 +0800] "GET /xingrg/all/function/internal_message.html?_=1669771345097&CODE_STATE=getMsg HTTP/1.1" 200 27
114.84.38.109 - - [30/Nov/2022:09:22:33 +0800] "GET /xingrg/kc/buy/cgsh_order_operate.html?command=get_materiel&rest_code=00146&code=00101011010&supplier_code=00100033&order_time=2022-11-30 HTTP/1.1" 200 418
124.79.245.154 - - [30/Nov/2022:09:22:33 +0800] "GET /xingrg/login.html HTTP/1.1" 200 7641
116.238.139.35 - - [30/Nov/2022:09:22:37 +0800] "GET /xingrg/kc/buy/cgsh_order_operate.html?command=get_materiel&rest_code=00150&code=00101008190&supplier_code=00100008&order_time=2022-11-30 HTTP/1.1" 200 412
114.84.81.136 - - [30/Nov/2022:09:22:42 +0800] "GET /xingrg/check_reg.html?_=1669771357018 HTTP/1.1" 200 22
222.70.177.10 - - [30/Nov/2022:09:22:43 +0800] "GET /xingrg/kc/buy/cgsh_order_operate.html?command=get_materiel&rest_code=00111&code=00101006111&supplier_code=00100012&order_time=2022-11-30 HTTP/1.1" 200 409
116.230.105.139 - - [30/Nov/2022:09:22:43 +0800] "GET /xingrg/all/function/internal_message.html?_=1669771326174&CODE_STATE=getMsg HTTP/1.1" 200 27
124.79.245.154 - - [30/Nov/2022:09:22:43 +0800] "GET /xingrg/login.html HTTP/1.1" 200 7641
116.238.139.35 - - [30/Nov/2022:09:22:45 +0800] "GET /xingrg/kc/buy/cgsh_order_operate.html?command=get_materiel&rest_code=00150&code=00101008370&supplier_code=00100008&order_time=2022-11-30 HTTP/1.1" 200 412
124.79.245.154 - - [30/Nov/2022:09:22:49 +0800] "GET /favicon.ico HTTP/1.1" 404 -
124.79.245.154 - - [30/Nov/2022:09:22:50 +0800] "GET /favicon.ico HTTP/1.1" 404 -
222.70.177.10 - - [30/Nov/2022:09:22:52 +0800] "GET /xingrg/kc/buy/cgsh_order_operate.html?command=get_materiel&rest_code=00111&code=00101006006&supplier_code=00100012&order_time=2022-11-30 HTTP/1.1" 200 409
114.95.43.237 - - [30/Nov/2022:09:22:52 +0800] "POST /xingrg/login.do HTTP/1.1" 200 2421
114.95.43.237 - - [30/Nov/2022:09:22:52 +0800] "GET /xingrg/css/blue.css HTTP/1.1" 304 -
114.95.43.237 - - [30/Nov/2022:09:22:52 +0800] "GET /xingrg/images/blue/pic_top.gif HTTP/1.1" 304 -
114.95.43.237 - - [30/Nov/2022:09:22:53 +0800] "GET /xingrg/images/blue/pic_notice.jpg HTTP/1.1" 304 -
114.95.43.237 - - [30/Nov/2022:09:22:53 +0800] "GET /xingrg/javascript/myfunction.js HTTP/1.1" 304 -
114.95.43.237 - - [30/Nov/2022:09:22:53 +0800] "GET /xingrg/images/blue/error_buttom.gif HTTP/1.1" 304 -
114.95.43.237 - - [30/Nov/2022:09:22:53 +0800] "GET /xingrg/images/blue/error_mid.gif HTTP/1.1" 304 -
114.95.43.237 - - [30/Nov/2022:09:22:53 +0800] "GET /xingrg/images/blue/error_top.gif HTTP/1.1" 304 -
114.95.43.237 - - [30/Nov/2022:09:22:53 +0800] "GET /favicon.ico HTTP/1.1" 404 -
114.84.38.109 - - [30/Nov/2022:09:22:53 +0800] "GET /xingrg/kc/buy/cgsh_order_operate.html?command=get_materiel&rest_code=00146&code=00101012025&supplier_code=00100033&order_time=2022-11-30 HTTP/1.1" 200 412
114.95.43.237 - - [30/Nov/2022:09:22:53 +0800] "GET /xingrg/login.html HTTP/1.1" 200 7641
114.95.43.237 - - [30/Nov/2022:09:22:53 +0800] "GET /favicon.ico HTTP/1.1" 404 -
114.95.43.237 - - [30/Nov/2022:09:22:54 +0800] "POST /xingrg/login.do HTTP/1.1" 302 -
114.95.43.237 - - [30/Nov/2022:09:22:54 +0800] "GET /xingrg/index.html?sysBaseUrl=http%3A%2F%2F180.169.147.146%3A18081%2Fxingrg%2F&costTime=47×tamp=1669771374819 HTTP/1.1" 200 17173
114.95.43.237 - - [30/Nov/2022:09:22:54 +0800] "GET /favicon.ico HTTP/1.1" 404 -
114.95.43.237 - - [30/Nov/2022:09:22:54 +0800] "POST /xingrg/all/common/load_tree.html?tree=area_rest_tree_json&manage=1 HTTP/1.1" 200 3499
114.95.43.237 - - [30/Nov/2022:09:22:55 +0800] "GET /xingrg/check_reg.html?_=1669771370252 HTTP/1.1" 200 22
114.95.43.237 - - [30/Nov/2022:09:22:55 +0800] "GET /xingrg/all/function/internal_message.html?_=1669771370251&CODE_STATE=count HTTP/1.1" 200 11
114.95.43.237 - - [30/Nov/2022:09:22:55 +0800] "POST /xingrg/load_menu.html HTTP/1.1" 200 5138
114.95.43.237 - - [30/Nov/2022:09:22:57 +0800] "GET /xingrg/kc/buy/cgsh_order_list.html HTTP/1.1" 200 53780
114.95.43.237 - - [30/Nov/2022:09:22:57 +0800] "GET /xingrg/all/function/internal_message.html?_=1669771219084&CODE_STATE=getMsg HTTP/1.1" 200 27
116.238.139.35 - - [30/Nov/2022:09:22:57 +0800] "POST /xingrg/kc/buy/cgsh_list_operate.html HTTP/1.1" 200 2384
114.95.43.237 - - [30/Nov/2022:09:22:59 +0800] "POST /xingrg/kc/buy/cgsh_list_operate.html HTTP/1.1" 200 2694
180.163.29.79 - - [30/Nov/2022:09:23:00 +0800] "GET /xingrg/all/function/internal_message.html?_=1669771318604&CODE_STATE=getMsg HTTP/1.1" 302 -
180.163.29.79 - - [30/Nov/2022:09:23:00 +0800] "GET /xingrg/login.html HTTP/1.1" 200 7641
124.78.159.199 - - [30/Nov/2022:09:23:00 +0800] "GET /xingrg/all/function/internal_message.html?_=1669771378584&CODE_STATE=getMsg HTTP/1.1" 200 27
222.70.177.10 - - [30/Nov/2022:09:23:01 +0800] "GET /xingrg/kc/buy/cgsh_order_operate.html?command=get_materiel&rest_code=00111&code=00101016080&supplier_code=00100012&order_time=2022-11-30 HTTP/1.1" 200 408
58.40.7.146 - - [30/Nov/2022:09:23:05 +0800] "GET /xingrg/check_reg.html?_=1669771378806 HTTP/1.1" 200 22
58.40.7.146 - - [30/Nov/2022:09:23:05 +0800] "GET /xingrg/all/function/internal_message.html?_=1669771378804&CODE_STATE=getMsg HTTP/1.1" 200 27
116.238.139.35 - - [30/Nov/2022:09:23:06 +0800] "GET /xingrg/kc/buy/cgsh_order_operate.html?command=get_materiel&rest_code=00150&code=00101008087&supplier_code=00100008&order_time=2022-11-30 HTTP/1.1" 200 412
114.84.38.109 - - [30/Nov/2022:09:23:07 +0800] "GET /xingrg/all/function/internal_message.html?_=1669771390704&CODE_STATE=getMsg HTTP/1.1" 200 27
222.70.177.10 - - [30/Nov/2022:09:23:10 +0800] "POST /xingrg/kc/buy/cgsh_order_operate.html HTTP/1.1" 200 37
114.84.38.109 - - [30/Nov/2022:09:23:11 +0800] "GET /xingrg/kc/buy/cgsh_order_operate.html?command=get_materiel&rest_code=00146&code=00101016025&supplier_code=00100033&order_time=2022-11-30 HTTP/1.1" 200 408
116.238.139.35 - - [30/Nov/2022:09:23:12 +0800] "GET /xingrg/all/function/internal_message.html?_=1669771385968&CODE_STATE=getMsg HTTP/1.1" 200 27
114.95.43.237 - - [30/Nov/2022:09:23:12 +0800] "GET /xingrg/javascript/auto/indicator.gif HTTP/1.1" 404 1066
116.238.139.35 - - [30/Nov/2022:09:23:14 +0800] "GET /xingrg/kc/buy/cgsh_order_operate.html?command=get_materiel&rest_code=00150&code=00101008024&supplier_code=00100008&order_time=2022-11-30 HTTP/1.1" 200 408
222.70.177.10 - - [30/Nov/2022:09:23:16 +0800] "POST /xingrg/kc/buy/cgsh_order_operate.html HTTP/1.1" 200 3831
222.70.177.10 - - [30/Nov/2022:09:23:17 +0800] "GET /xingrg/kc/print/load_data.html?order_code=212022113010245&kc_code=cgsh&condition= HTTP/1.1" 200 1201
114.83.219.57 - - [30/Nov/2022:09:23:23 +0800] "GET /xingrg/all/function/internal_message.html?_=1669771526826&CODE_STATE=getMsg HTTP/1.1" 200 27
116.238.139.35 - - [30/Nov/2022:09:23:25 +0800] "POST /xingrg/kc/buy/cgsh_order_operate.html HTTP/1.1" 200 37
222.70.177.10 - - [30/Nov/2022:09:23:27 +0800] "GET /xingrg/kc/buy/cgsh_order_add.html HTTP/1.1" 200 69517
222.70.177.10 - - [30/Nov/2022:09:23:27 +0800] "POST /xingrg/kc/buy/cgsh_order_operate.html HTTP/1.1" 200 8245
222.70.177.10 - - [30/Nov/2022:09:23:27 +0800] "GET /xingrg/javascript/easyui/themes/default/validatebox.css HTTP/1.1" 404 1104
114.84.38.109 - - [30/Nov/2022:09:23:28 +0800] "POST /xingrg/kc/buy/cgsh_order_operate.html HTTP/1.1" 200 37
116.238.139.35 - - [30/Nov/2022:09:23:29 +0800] "POST /xingrg/kc/buy/cgsh_order_operate.html HTTP/1.1" 200 8596
114.95.43.237 - - [30/Nov/2022:09:23:29 +0800] "POST /xingrg/kc/buy/cgsh_list_operate.html HTTP/1.1" 200 6178
114.84.38.109 - - [30/Nov/2022:09:23:30 +0800] "POST /xingrg/kc/buy/cgsh_order_operate.html HTTP/1.1" 200 4429
222.70.177.10 - - [30/Nov/2022:09:23:31 +0800] "GET /xingrg/all/function/internal_message.html?_=1669771405086&CODE_STATE=getMsg HTTP/1.1" 200 27
114.84.38.109 - - [30/Nov/2022:09:23:34 +0800] "GET /xingrg/kc/print/load_data.html?order_code=212022113010246&kc_code=cgsh&condition= HTTP/1.1" 200 1392
116.238.139.35 - - [30/Nov/2022:09:23:38 +0800] "GET /xingrg/kc/buy/cgsh_order_operate.html?command=get_materiel&rest_code=00150&code=00101008077&supplier_code=00100008&order_time=2022-11-30 HTTP/1.1" 200 416
222.70.177.10 - - [30/Nov/2022:09:23:39 +0800] "GET /xingrg/kc/buy/cgsh_order_operate.html?command=get_materiel&rest_code=00111&code=00101008041&supplier_code=00100037&order_time=2022-11-30 HTTP/1.1" 200 408
116.230.105.139 - - [30/Nov/2022:09:23:43 +0800] "GET /xingrg/all/function/internal_message.html?_=1669771386165&CODE_STATE=getMsg HTTP/1.1" 200 27
116.238.139.35 - - [30/Nov/2022:09:23:47 +0800] "GET /xingrg/kc/buy/cgsh_order_operate.html?command=get_materiel&rest_code=00150&code=00101008223&supplier_code=00100008&order_time=2022-11-30 HTTP/1.1" 200 412
222.70.177.10 - - [30/Nov/2022:09:23:50 +0800] "GET /xingrg/kc/buy/cgsh_order_operate.html?command=get_materiel&rest_code=00111&code=00101009122&supplier_code=00100037&order_time=2022-11-30 HTTP/1.1" 200 405
114.95.43.237 - - [30/Nov/2022:09:23:55 +0800] "GET /xingrg/all/function/internal_message.html?_=1669771430258&CODE_STATE=getMsg HTTP/1.1" 200 27
114.95.43.237 - - [30/Nov/2022:09:23:57 +0800] "GET /xingrg/check_reg.html?_=1669771279085 HTTP/1.1" 200 22
114.95.43.237 - - [30/Nov/2022:09:23:57 +0800] "GET /xingrg/all/function/internal_message.html?_=1669771279089&CODE_STATE=getMsg HTTP/1.1" 200 27
114.95.43.237 - - [30/Nov/2022:09:23:59 +0800] "GET /xingrg/javascript/easyui/plugins/jquery.draggable.js HTTP/1.1" 304 -
114.95.43.237 - - [30/Nov/2022:09:23:59 +0800] "GET /xingrg/css/images/panel_loading.gif HTTP/1.1" 304 -
114.95.43.237 - - [30/Nov/2022:09:23:59 +0800] "GET /xingrg/javascript/easyui/plugins/jquery.droppable.js HTTP/1.1" 304 -
114.95.43.237 - - [30/Nov/2022:09:23:59 +0800] "GET /xingrg/javascript/easyui/themes/default/tree.css HTTP/1.1" 404 1090
114.95.43.237 - - [30/Nov/2022:09:23:59 +0800] "GET /xingrg/javascript/easyui/plugins/jquery.tree.js HTTP/1.1" 304 -
114.95.43.237 - - [30/Nov/2022:09:23:59 +0800] "POST /xingrg/all/common/load_tree.html?tree=supplier_tree_json&manage=1 HTTP/1.1" 200 71595
180.163.30.100 - - [30/Nov/2022:09:23:59 +0800] "GET /xingrg/all/function/internal_message.html?_=1669771378584&CODE_STATE=getMsg HTTP/1.1" 302 -
116.238.139.35 - - [30/Nov/2022:09:23:59 +0800] "GET /xingrg/kc/buy/cgsh_order_operate.html?command=get_materiel&rest_code=00150&code=00101008286&supplier_code=00100008&order_time=2022-11-30 HTTP/1.1" 200 408
180.163.30.100 - - [30/Nov/2022:09:23:59 +0800] "GET /xingrg/login.html HTTP/1.1" 200 7641
124.78.159.199 - - [30/Nov/2022:09:24:00 +0800] "GET /xingrg/all/function/internal_message.html?_=1669771438590&CODE_STATE=getMsg HTTP/1.1" 200 27
114.95.43.237 - - [30/Nov/2022:09:24:00 +0800] "GET /xingrg/javascript/easyui/themes/default/images/tree_arrows.gif HTTP/1.1" 304 -
114.95.43.237 - - [30/Nov/2022:09:24:00 +0800] "GET /xingrg/javascript/easyui/themes/default/images/tree_checkbox_0.gif HTTP/1.1" 304 -
114.95.43.237 - - [30/Nov/2022:09:24:00 +0800] "GET /xingrg/javascript/easyui/themes/default/images/tree_folder_open.gif HTTP/1.1" 304 -
114.95.43.237 - - [30/Nov/2022:09:24:00 +0800] "GET /xingrg/javascript/easyui/themes/default/images/tree_folder.gif HTTP/1.1" 304 -
114.95.43.237 - - [30/Nov/2022:09:24:00 +0800] "GET /xingrg/javascript/easyui/themes/default/images/tree_file.gif HTTP/1.1" 304 -
222.70.177.10 - - [30/Nov/2022:09:24:01 +0800] "GET /xingrg/kc/buy/cgsh_order_operate.html?command=get_materiel&rest_code=00111&code=00101016105&supplier_code=00100037&order_time=2022-11-30 HTTP/1.1" 200 409
58.40.7.146 - - [30/Nov/2022:09:24:05 +0800] "GET /xingrg/all/function/internal_message.html?_=1669771438877&CODE_STATE=getMsg HTTP/1.1" 200 27
114.84.38.109 - - [30/Nov/2022:09:24:07 +0800] "GET /xingrg/all/function/internal_message.html?_=1669771450883&CODE_STATE=getMsg HTTP/1.1" 200 27
114.95.43.237 - - [30/Nov/2022:09:24:09 +0800] "POST /xingrg/kc/buy/cgsh_list_operate.html HTTP/1.1" 200 6036
222.70.177.10 - - [30/Nov/2022:09:24:10 +0800] "GET /xingrg/kc/buy/cgsh_order_operate.html?command=get_materiel&rest_code=00111&code=00101019435&supplier_code=00100037&order_time=2022-11-30 HTTP/1.1" 200 417
116.238.139.35 - - [30/Nov/2022:09:24:11 +0800] "GET /xingrg/kc/buy/cgsh_order_operate.html?command=get_materiel&rest_code=00150&code=00101008131&supplier_code=00100008&order_time=2022-11-30 HTTP/1.1" 200 408
116.238.139.35 - - [30/Nov/2022:09:24:12 +0800] "GET /xingrg/all/function/internal_message.html?_=1669771445967&CODE_STATE=getMsg HTTP/1.1" 200 27
222.70.177.10 - - [30/Nov/2022:09:24:19 +0800] "GET /xingrg/kc/buy/cgsh_order_operate.html?command=get_materiel&rest_code=00111&code=00101007081&supplier_code=00100037&order_time=2022-11-30 HTTP/1.1" 200 413
116.238.139.35 - - [30/Nov/2022:09:24:20 +0800] "GET /xingrg/kc/buy/cgsh_order_operate.html?command=get_materiel&rest_code=00150&code=00101008318&supplier_code=00100008&order_time=2022-11-30 HTTP/1.1" 200 408
116.238.139.35 - - [30/Nov/2022:09:24:21 +0800] "GET /xingrg/all/function/internal_message.html?_=1669771402164&CODE_STATE=getMsg HTTP/1.1" 200 27
114.83.219.57 - - [30/Nov/2022:09:24:23 +0800] "GET /xingrg/all/function/internal_message.html?_=1669771586819&CODE_STATE=getMsg HTTP/1.1" 200 27
116.238.139.35 - - [30/Nov/2022:09:24:24 +0800] "POST /xingrg/kc/buy/cgsh_list_operate.html HTTP/1.1" 200 6301
116.238.139.35 - - [30/Nov/2022:09:24:26 +0800] "POST /xingrg/kc/buy/cgsh_order_operate.html HTTP/1.1" 200 37
116.238.139.35 - - [30/Nov/2022:09:24:28 +0800] "POST /xingrg/kc/buy/cgsh_order_operate.html HTTP/1.1" 200 11544
222.70.177.10 - - [30/Nov/2022:09:24:31 +0800] "GET /xingrg/all/function/internal_message.html?_=1669771465088&CODE_STATE=getMsg HTTP/1.1" 200 27
222.70.177.10 - - [30/Nov/2022:09:24:33 +0800] "GET /xingrg/kc/buy/cgsh_order_operate.html?command=get_materiel&rest_code=00111&code=00101012029&supplier_code=00100037&order_time=2022-11-30 HTTP/1.1" 200 412
116.238.139.35 - - [30/Nov/2022:09:24:34 +0800] "GET /xingrg/kc/buy/cgsh_order_operate.html?command=get_materiel&rest_code=00150&code=00101008005&supplier_code=00100008&order_time=2022-11-30 HTTP/1.1" 200 433
124.79.245.154 - - [30/Nov/2022:09:24:35 +0800] "POST /xingrg/login.do HTTP/1.1" 302 -
124.79.245.154 - - [30/Nov/2022:09:24:35 +0800] "GET /xingrg/index.html?sysBaseUrl=http%3A%2F%2F180.169.147.146%3A18081%2Fxingrg%2F&costTime=45×tamp=1669771475536 HTTP/1.1" 200 17179
124.79.245.154 - - [30/Nov/2022:09:24:35 +0800] "GET /favicon.ico HTTP/1.1" 404 -
124.79.245.154 - - [30/Nov/2022:09:24:35 +0800] "POST /xingrg/all/common/load_tree.html?tree=area_rest_tree_json&manage=1 HTTP/1.1" 200 351
124.79.245.154 - - [30/Nov/2022:09:24:36 +0800] "GET /xingrg/all/function/internal_message.html?_=1669771690671&CODE_STATE=count HTTP/1.1" 200 11
124.79.245.154 - - [30/Nov/2022:09:24:36 +0800] "POST /xingrg/load_menu.html HTTP/1.1" 200 5138
124.79.245.154 - - [30/Nov/2022:09:24:36 +0800] "GET /xingrg/check_reg.html?_=1669771690671 HTTP/1.1" 200 22
116.238.139.35 - - [30/Nov/2022:09:24:42 +0800] "GET /xingrg/kc/buy/cgsh_order_operate.html?command=get_materiel&rest_code=00150&code=00101008353&supplier_code=00100008&order_time=2022-11-30 HTTP/1.1" 200 408
116.230.105.139 - - [30/Nov/2022:09:24:43 +0800] "GET /xingrg/all/function/internal_message.html?_=1669771446167&CODE_STATE=getMsg HTTP/1.1" 200 27
116.230.105.139 - - [30/Nov/2022:09:24:43 +0800] "GET /xingrg/check_reg.html?_=1669771446170 HTTP/1.1" 200 22
114.84.38.109 - - [30/Nov/2022:09:24:43 +0800] "GET /xingrg/kc/buy/cgsh_order_add.html HTTP/1.1" 200 69561
114.84.38.109 - - [30/Nov/2022:09:24:44 +0800] "POST /xingrg/kc/buy/cgsh_order_operate.html HTTP/1.1" 200 8245
114.84.38.109 - - [30/Nov/2022:09:24:45 +0800] "GET /xingrg/javascript/easyui/themes/default/validatebox.css HTTP/1.1" 404 1104
116.238.139.35 - - [30/Nov/2022:09:24:52 +0800] "GET /xingrg/kc/buy/cgsh_order_operate.html?command=get_materiel&rest_code=00150&code=00101008291&supplier_code=00100008&order_time=2022-11-30 HTTP/1.1" 200 408
222.70.177.10 - - [30/Nov/2022:09:24:53 +0800] "GET /xingrg/kc/buy/cgsh_order_operate.html?command=get_materiel&rest_code=00111&code=00101016010&supplier_code=00100037&order_time=2022-11-30 HTTP/1.1" 200 408
114.95.43.237 - - [30/Nov/2022:09:24:55 +0800] "GET /xingrg/all/function/internal_message.html?_=1669771490267&CODE_STATE=getMsg HTTP/1.1" 200 27
114.95.43.237 - - [30/Nov/2022:09:24:57 +0800] "GET /xingrg/all/function/internal_message.html?_=1669771339099&CODE_STATE=getMsg HTTP/1.1" 200 27
180.163.29.212 - - [30/Nov/2022:09:25:00 +0800] "GET /xingrg/all/function/internal_message.html?_=1669771438590&CODE_STATE=getMsg HTTP/1.1" 302 -
124.78.159.199 - - [30/Nov/2022:09:25:00 +0800] "GET /xingrg/all/function/internal_message.html?_=1669771498560&CODE_STATE=getMsg HTTP/1.1" 200 27
124.78.159.199 - - [30/Nov/2022:09:25:00 +0800] "GET /xingrg/check_reg.html?_=1669771498656 HTTP/1.1" 200 22
222.70.177.10 - - [30/Nov/2022:09:25:03 +0800] "POST /xingrg/kc/buy/cgsh_order_operate.html HTTP/1.1" 200 37
58.40.7.146 - - [30/Nov/2022:09:25:05 +0800] "GET /xingrg/all/function/internal_message.html?_=1669771498847&CODE_STATE=getMsg HTTP/1.1" 200 27
116.238.139.35 - - [30/Nov/2022:09:25:06 +0800] "GET /xingrg/kc/buy/cgsh_order_operate.html?command=get_materiel&rest_code=00150&code=00101008312&supplier_code=00100008&order_time=2022-11-30 HTTP/1.1" 200 412
114.84.38.109 - - [30/Nov/2022:09:25:08 +0800] "GET /xingrg/all/function/internal_message.html?_=1669771510886&CODE_STATE=getMsg HTTP/1.1" 200 27
180.163.29.212 - - [30/Nov/2022:09:25:09 +0800] "GET /xingrg/login.html HTTP/1.1" 200 7641
116.238.139.35 - - [30/Nov/2022:09:25:12 +0800] "GET /xingrg/all/function/internal_message.html?_=1669771505967&CODE_STATE=getMsg HTTP/1.1" 200 27
116.238.139.35 - - [30/Nov/2022:09:25:12 +0800] "GET /xingrg/check_reg.html?_=1669771505971 HTTP/1.1" 200 22
114.84.38.109 - - [30/Nov/2022:09:25:16 +0800] "GET /xingrg/kc/buy/cgsh_order_operate.html?command=get_materiel&rest_code=00146&code=00101006127&supplier_code=00100012&order_time=2022-11-30 HTTP/1.1" 200 423
116.238.139.35 - - [30/Nov/2022:09:25:17 +0800] "GET /xingrg/kc/buy/cgsh_order_operate.html?command=get_materiel&rest_code=00150&code=00101008344&supplier_code=00100008&order_time=2022-11-30 HTTP/1.1" 200 433
58.40.7.146 - - [30/Nov/2022:09:25:18 +0800] "GET /favicon.ico HTTP/1.1" 404 -
116.238.139.35 - - [30/Nov/2022:09:25:21 +0800] "GET /xingrg/all/function/internal_message.html?_=1669771462177&CODE_STATE=getMsg HTTP/1.1" 200 27
114.83.219.57 - - [30/Nov/2022:09:25:23 +0800] "GET /xingrg/all/function/internal_message.html?_=1669771646804&CODE_STATE=getMsg HTTP/1.1" 200 27
116.238.139.35 - - [30/Nov/2022:09:25:27 +0800] "POST /xingrg/kc/buy/cgsh_list_operate.html HTTP/1.1" 200 6454
116.238.139.35 - - [30/Nov/2022:09:25:30 +0800] "POST /xingrg/kc/buy/cgsh_order_operate.html HTTP/1.1" 200 37
116.238.139.35 - - [30/Nov/2022:09:25:32 +0800] "POST /xingrg/kc/buy/cgsh_order_operate.html HTTP/1.1" 200 14501
58.40.7.146 - - [30/Nov/2022:09:25:35 +0800] "GET /xingrg/javascript/jquery_easy_ui/themes/default/images/tabs_active.png HTTP/1.1" 200 2894
124.79.245.154 - - [30/Nov/2022:09:25:36 +0800] "GET /xingrg/all/function/internal_message.html?_=1669771750692&CODE_STATE=getMsg HTTP/1.1" 200 27
114.84.38.109 - - [30/Nov/2022:09:25:38 +0800] "GET /xingrg/kc/buy/cgsh_order_operate.html?command=get_materiel&rest_code=00146&code=00101006109&supplier_code=00100012&order_time=2022-11-30 HTTP/1.1" 200 409
116.238.139.35 - - [30/Nov/2022:09:25:40 +0800] "GET /xingrg/kc/buy/cgsh_order_operate.html?command=get_materiel&rest_code=00150&code=00101015128&supplier_code=00100008&order_time=2022-11-30 HTTP/1.1" 200 421
116.230.105.139 - - [30/Nov/2022:09:25:43 +0800] "GET /xingrg/all/function/internal_message.html?_=1669771506165&CODE_STATE=getMsg HTTP/1.1" 200 27
222.70.177.10 - - [30/Nov/2022:09:25:48 +0800] "POST /xingrg/kc/buy/cgsh_order_operate.html HTTP/1.1" 200 6198
222.70.177.10 - - [30/Nov/2022:09:25:50 +0800] "GET /xingrg/kc/print/load_data.html?order_code=212022113010247&kc_code=cgsh&condition= HTTP/1.1" 200 2060
116.238.139.35 - - [30/Nov/2022:09:25:53 +0800] "GET /xingrg/kc/buy/cgsh_order_operate.html?command=get_materiel&rest_code=00150&code=00101008165&supplier_code=00100008&order_time=2022-11-30 HTTP/1.1" 200 416
114.95.43.237 - - [30/Nov/2022:09:25:55 +0800] "GET /xingrg/all/function/internal_message.html?_=1669771550255&CODE_STATE=getMsg HTTP/1.1" 200 27
114.95.43.237 - - [30/Nov/2022:09:25:57 +0800] "GET /xingrg/all/function/internal_message.html?_=1669771399094&CODE_STATE=getMsg HTTP/1.1" 200 27
180.163.29.217 - - [30/Nov/2022:09:25:59 +0800] "GET /xingrg/all/function/internal_message.html?_=1669771498560&CODE_STATE=getMsg HTTP/1.1" 302 -
180.163.29.217 - - [30/Nov/2022:09:26:00 +0800] "GET /xingrg/login.html HTTP/1.1" 200 7641
124.78.159.199 - - [30/Nov/2022:09:26:00 +0800] "GET /xingrg/all/function/internal_message.html?_=1669771558535&CODE_STATE=getMsg HTTP/1.1" 200 27
180.163.29.103 - - [30/Nov/2022:09:26:00 +0800] "GET /xingrg/check_reg.html?_=1669771498656 HTTP/1.1" 302 -
180.163.29.103 - - [30/Nov/2022:09:26:00 +0800] "GET /xingrg/login.html HTTP/1.1" 200 7641
116.238.139.35 - - [30/Nov/2022:09:26:00 +0800] "GET /xingrg/kc/buy/cgsh_order_operate.html?command=get_materiel&rest_code=00150&code=00101008150&supplier_code=00100008&order_time=2022-11-30 HTTP/1.1" 200 409
114.84.38.109 - - [30/Nov/2022:09:26:00 +0800] "GET /xingrg/kc/buy/cgsh_order_operate.html?command=get_materiel&rest_code=00146&code=00101006111&supplier_code=00100012&order_time=2022-11-30 HTTP/1.1" 200 409
116.238.139.35 - - [30/Nov/2022:09:26:01 +0800] "POST /xingrg/kc/buy/cgsh_list_operate.html HTTP/1.1" 200 2138
58.40.7.146 - - [30/Nov/2022:09:26:05 +0800] "GET /xingrg/all/function/internal_message.html?_=1669771558831&CODE_STATE=getMsg HTTP/1.1" 200 27
114.84.38.109 - - [30/Nov/2022:09:26:07 +0800] "GET /xingrg/all/function/internal_message.html?_=1669771570901&CODE_STATE=getMsg HTTP/1.1" 200 27
116.238.139.35 - - [30/Nov/2022:09:26:09 +0800] "GET /xingrg/kc/buy/cgsh_order_operate.html?command=get_materiel&rest_code=00150&code=00101008019&supplier_code=00100008&order_time=2022-11-30 HTTP/1.1" 200 416
116.238.139.35 - - [30/Nov/2022:09:26:12 +0800] "GET /xingrg/all/function/internal_message.html?_=1669771565974&CODE_STATE=getMsg HTTP/1.1" 200 27
114.84.38.109 - - [30/Nov/2022:09:26:18 +0800] "POST /xingrg/kc/buy/cgsh_order_operate.html HTTP/1.1" 200 37
116.238.139.35 - - [30/Nov/2022:09:26:20 +0800] "GET /xingrg/kc/buy/cgsh_order_operate.html?command=get_materiel&rest_code=00150&code=00101008095&supplier_code=00100008&order_time=2022-11-30 HTTP/1.1" 200 412
114.84.38.109 - - [30/Nov/2022:09:26:20 +0800] "POST /xingrg/kc/buy/cgsh_order_operate.html HTTP/1.1" 200 3848
116.238.139.35 - - [30/Nov/2022:09:26:21 +0800] "GET /xingrg/check_reg.html?_=1669771521854 HTTP/1.1" 200 22
116.238.139.35 - - [30/Nov/2022:09:26:21 +0800] "GET /xingrg/all/function/internal_message.html?_=1669771522191&CODE_STATE=getMsg HTTP/1.1" 200 27
114.83.219.57 - - [30/Nov/2022:09:26:23 +0800] "GET /xingrg/all/function/internal_message.html?_=1669771706803&CODE_STATE=getMsg HTTP/1.1" 200 27
114.84.38.109 - - [30/Nov/2022:09:26:25 +0800] "GET /xingrg/kc/print/load_data.html?order_code=212022113010248&kc_code=cgsh&condition= HTTP/1.1" 200 1230
116.238.139.35 - - [30/Nov/2022:09:26:31 +0800] "POST /xingrg/kc/buy/cgsh_order_operate.html HTTP/1.1" 200 37
222.70.177.10 - - [30/Nov/2022:09:26:31 +0800] "GET /xingrg/all/function/internal_message.html?_=1669771585093&CODE_STATE=getMsg HTTP/1.1" 200 27
222.70.177.10 - - [30/Nov/2022:09:26:31 +0800] "GET /xingrg/check_reg.html?_=1669771585096 HTTP/1.1" 200 22
116.238.139.35 - - [30/Nov/2022:09:26:33 +0800] "POST /xingrg/kc/buy/cgsh_order_operate.html HTTP/1.1" 200 17477
124.79.245.154 - - [30/Nov/2022:09:26:36 +0800] "GET /xingrg/all/function/internal_message.html?_=1669771810679&CODE_STATE=getMsg HTTP/1.1" 200 27
116.238.139.35 - - [30/Nov/2022:09:26:39 +0800] "GET /xingrg/kc/buy/cgsh_order_operate.html?command=get_materiel&rest_code=00150&code=00101008041&supplier_code=00100008&order_time=2022-11-30 HTTP/1.1" 200 408
114.84.38.109 - - [30/Nov/2022:09:26:40 +0800] "GET /xingrg/check_reg.html?_=1669771603307 HTTP/1.1" 200 22
116.230.105.139 - - [30/Nov/2022:09:26:43 +0800] "GET /xingrg/all/function/internal_message.html?_=1669771566176&CODE_STATE=getMsg HTTP/1.1" 200 27
114.84.38.109 - - [30/Nov/2022:09:26:48 +0800] "GET /xingrg/kc/buy/cgsh_order_add.html HTTP/1.1" 200 69561
116.238.139.35 - - [30/Nov/2022:09:26:48 +0800] "GET /xingrg/kc/buy/cgsh_order_operate.html?command=get_materiel&rest_code=00150&code=00101008283&supplier_code=00100008&order_time=2022-11-30 HTTP/1.1" 200 408
114.84.38.109 - - [30/Nov/2022:09:26:49 +0800] "POST /xingrg/kc/buy/cgsh_order_operate.html HTTP/1.1" 200 8245
114.84.38.109 - - [30/Nov/2022:09:26:49 +0800] "GET /xingrg/javascript/easyui/themes/default/validatebox.css HTTP/1.1" 404 1104
116.230.105.139 - - [30/Nov/2022:09:26:49 +0800] "GET /xingrg/kc/base/yddb_order_list.html HTTP/1.1" 200 16713
116.230.105.139 - - [30/Nov/2022:09:26:49 +0800] "POST /xingrg/kc/base/yddb_list_operate.html HTTP/1.1" 200 636
116.230.105.139 - - [30/Nov/2022:09:26:51 +0800] "POST /xingrg/kc/base/yddb_list_operate.html HTTP/1.1" 200 4403
116.230.105.139 - - [30/Nov/2022:09:26:53 +0800] "POST /xingrg/kc/base/yddb_list_operate.html HTTP/1.1" 200 7044
114.95.43.237 - - [30/Nov/2022:09:26:55 +0800] "GET /xingrg/all/function/internal_message.html?_=1669771610266&CODE_STATE=getMsg HTTP/1.1" 200 27
116.230.105.139 - - [30/Nov/2022:09:26:55 +0800] "POST /xingrg/kc/base/yddb_list_operate.html HTTP/1.1" 200 203
114.95.43.237 - - [30/Nov/2022:09:26:57 +0800] "GET /xingrg/all/function/internal_message.html?_=1669771459084&CODE_STATE=getMsg HTTP/1.1" 200 27
116.238.139.35 - - [30/Nov/2022:09:26:57 +0800] "GET /xingrg/kc/buy/cgsh_order_operate.html?command=get_materiel&rest_code=00150&code=00101008298&supplier_code=00100008&order_time=2022-11-30 HTTP/1.1" 200 431
124.78.159.199 - - [30/Nov/2022:09:27:00 +0800] "GET /xingrg/all/function/internal_message.html?_=1669771618516&CODE_STATE=getMsg HTTP/1.1" 200 27
116.230.105.139 - - [30/Nov/2022:09:27:03 +0800] "POST /xingrg/kc/base/yddb_list_operate.html HTTP/1.1" 200 364
58.40.7.146 - - [30/Nov/2022:09:27:05 +0800] "GET /xingrg/all/function/internal_message.html?_=1669771618819&CODE_STATE=getMsg HTTP/1.1" 200 27
114.84.38.109 - - [30/Nov/2022:09:27:07 +0800] "GET /xingrg/all/function/internal_message.html?_=1669771630914&CODE_STATE=getMsg HTTP/1.1" 200 27
116.238.139.35 - - [30/Nov/2022:09:27:08 +0800] "POST /xingrg/kc/buy/cgsh_order_operate.html HTTP/1.1" 200 37
114.84.38.109 - - [30/Nov/2022:09:27:08 +0800] "GET /xingrg/kc/buy/cgsh_order_operate.html?command=get_materiel&rest_code=00146&code=00101002027&supplier_code=00100199&order_time=2022-11-30 HTTP/1.1" 200 23
116.238.139.35 - - [30/Nov/2022:09:27:12 +0800] "GET /xingrg/all/function/internal_message.html?_=1669771625986&CODE_STATE=getMsg HTTP/1.1" 200 27
116.230.105.139 - - [30/Nov/2022:09:27:13 +0800] "GET /xingrg/kc/base/yddb_order_info.html?code=482022110700049 HTTP/1.1" 200 31737
116.230.105.139 - - [30/Nov/2022:09:27:13 +0800] "GET /xingrg/dwr/interface/AjaxComOrderService.js HTTP/1.1" 200 18264
116.230.105.139 - - [30/Nov/2022:09:27:13 +0800] "GET /xingrg/dwr/interface/AjaxYddbService.js HTTP/1.1" 200 13201
116.230.105.139 - - [30/Nov/2022:09:27:13 +0800] "GET /xingrg/dwr/engine.js HTTP/1.1" 200 43631
116.230.105.139 - - [30/Nov/2022:09:27:13 +0800] "POST /xingrg/dwr/call/plaincall/AjaxYddbService.loadMaterielItems.dwr HTTP/1.1" 200 1060
116.230.105.139 - - [30/Nov/2022:09:27:14 +0800] "GET /xingrg/kc/base/yddb_order_report.html?fileType=servlets/html&code=482022110700049&reportName=ck_order_report&subName=yddb HTTP/1.1" 302 -
116.230.105.139 - - [30/Nov/2022:09:27:14 +0800] "GET /xingrg/servlets/html?sysBaseUrl=http%3A%2F%2F180.169.147.146%3A18081%2Fxingrg%2F&costTime=99×tamp=1669771634957 HTTP/1.1" 200 20272
116.230.105.139 - - [30/Nov/2022:09:27:15 +0800] "GET /xingrg/servlets/image?image=px HTTP/1.1" 200 807
116.230.105.139 - - [30/Nov/2022:09:27:15 +0800] "GET /favicon.ico HTTP/1.1" 404 -
114.84.38.109 - - [30/Nov/2022:09:27:17 +0800] "GET /xingrg/login.html HTTP/1.1" 200 7641
114.84.38.109 - - [30/Nov/2022:09:27:17 +0800] "GET /favicon.ico HTTP/1.1" 404 -
101.83.241.19 - - [30/Nov/2022:09:27:19 +0800] "POST /xingrg/services/DataTransmitService HTTP/1.1" 200 524
114.84.38.109 - - [30/Nov/2022:09:27:19 +0800] "POST /xingrg/login.do HTTP/1.1" 302 -
114.84.38.109 - - [30/Nov/2022:09:27:19 +0800] "GET /xingrg/index.html?sysBaseUrl=http%3A%2F%2F180.169.147.146%3A18081%2Fxingrg%2F&costTime=282×tamp=1669771639575 HTTP/1.1" 200 17179
114.84.38.109 - - [30/Nov/2022:09:27:19 +0800] "GET /xingrg/javascript/jquery_easy_ui/themes/icon.css HTTP/1.1" 304 -
114.84.38.109 - - [30/Nov/2022:09:27:19 +0800] "GET /favicon.ico HTTP/1.1" 404 -
114.84.38.109 - - [30/Nov/2022:09:27:19 +0800] "GET /xingrg/javascript/jquery_easy_ui/themes/default/easyui.css HTTP/1.1" 304 -
114.84.38.109 - - [30/Nov/2022:09:27:19 +0800] "GET /xingrg/css/form.css HTTP/1.1" 304 -
114.84.38.109 - - [30/Nov/2022:09:27:19 +0800] "GET /xingrg/javascript/jquery_easy_ui/jquery.easyui.min.js HTTP/1.1" 304 -
114.84.38.109 - - [30/Nov/2022:09:27:19 +0800] "GET /xingrg/javascript/jquery.form.js HTTP/1.1" 304 -
114.84.38.109 - - [30/Nov/2022:09:27:19 +0800] "GET /xingrg/javascript/jquery-1.4.2.min.js HTTP/1.1" 304 -
114.84.38.109 - - [30/Nov/2022:09:27:19 +0800] "GET /xingrg/javascript/jquery_easy_ui/easyui-lang-zh_CN.js HTTP/1.1" 304 -
114.84.38.109 - - [30/Nov/2022:09:27:19 +0800] "GET /xingrg/javascript/jquery.timers.js HTTP/1.1" 304 -
114.84.38.109 - - [30/Nov/2022:09:27:19 +0800] "GET /xingrg/javascript/jquery.utils.js HTTP/1.1" 304 -
114.84.38.109 - - [30/Nov/2022:09:27:19 +0800] "POST /xingrg/all/common/load_tree.html?tree=area_rest_tree_json&manage=1 HTTP/1.1" 200 479
114.84.38.109 - - [30/Nov/2022:09:27:20 +0800] "GET /xingrg/check_reg.html?_=1669771642995 HTTP/1.1" 200 22
114.84.38.109 - - [30/Nov/2022:09:27:20 +0800] "GET /xingrg/all/function/internal_message.html?_=1669771642993&CODE_STATE=count HTTP/1.1" 200 11
114.84.38.109 - - [30/Nov/2022:09:27:20 +0800] "POST /xingrg/load_menu.html HTTP/1.1" 200 5138
114.83.219.57 - - [30/Nov/2022:09:27:23 +0800] "GET /xingrg/all/function/internal_message.html?_=1669771766800&CODE_STATE=getMsg HTTP/1.1" 200 27
114.83.219.57 - - [30/Nov/2022:09:27:23 +0800] "GET /xingrg/check_reg.html?_=1669771767072 HTTP/1.1" 200 22
114.84.38.109 - - [30/Nov/2022:09:27:25 +0800] "GET /xingrg/css/base.css HTTP/1.1" 304 -
114.84.38.109 - - [30/Nov/2022:09:27:25 +0800] "GET /xingrg/css/site.css HTTP/1.1" 304 -
114.84.38.109 - - [30/Nov/2022:09:27:25 +0800] "GET /xingrg/javascript/jquery_tools/datebox.css HTTP/1.1" 304 -
114.84.38.109 - - [30/Nov/2022:09:27:25 +0800] "GET /xingrg/javascript/easyui/themes/default/easyui.css HTTP/1.1" 304 -
114.84.38.109 - - [30/Nov/2022:09:27:25 +0800] "GET /xingrg/javascript/jquery_tools/fix.css HTTP/1.1" 304 -
114.84.38.109 - - [30/Nov/2022:09:27:25 +0800] "GET /xingrg/javascript/jquery_tools/table.css HTTP/1.1" 304 -
114.84.38.109 - - [30/Nov/2022:09:27:25 +0800] "GET /xingrg/javascript/jquery_tools/jquery.tools.min.js HTTP/1.1" 304 -
114.84.38.109 - - [30/Nov/2022:09:27:25 +0800] "GET /xingrg/javascript/auto/jquery.autocomplete.css HTTP/1.1" 304 -
114.84.38.109 - - [30/Nov/2022:09:27:25 +0800] "GET /xingrg/javascript/easyui/themes/icon.css HTTP/1.1" 304 -
114.84.38.109 - - [30/Nov/2022:09:27:25 +0800] "GET /xingrg/javascript/jquery_tools/jquery.tools.extend.js HTTP/1.1" 304 -
114.84.38.109 - - [30/Nov/2022:09:27:25 +0800] "GET /xingrg/javascript/jquery_tools/jquery.tools.hotkey.js HTTP/1.1" 304 -
114.84.38.109 - - [30/Nov/2022:09:27:25 +0800] "GET /xingrg/javascript/easyui/easyloader.js HTTP/1.1" 304 -
114.84.38.109 - - [30/Nov/2022:09:27:25 +0800] "GET /xingrg/javascript/jquery_tools/jquery.tools.table.js HTTP/1.1" 304 -
114.84.38.109 - - [30/Nov/2022:09:27:25 +0800] "GET /xingrg/javascript/jquery.cookie.js HTTP/1.1" 304 -
114.84.38.109 - - [30/Nov/2022:09:27:25 +0800] "GET /xingrg/javascript/print/LodopFuncs.js HTTP/1.1" 304 -
114.84.38.109 - - [30/Nov/2022:09:27:25 +0800] "GET /xingrg/javascript/auto/jquery.autocomplete.js HTTP/1.1" 304 -
114.84.38.109 - - [30/Nov/2022:09:27:25 +0800] "GET /xingrg/javascript/jquery_tools/list_manager.js HTTP/1.1" 304 -
114.84.38.109 - - [30/Nov/2022:09:27:25 +0800] "GET /xingrg/kc/buy/cgsh_order_list.html HTTP/1.1" 200 53786
114.84.38.109 - - [30/Nov/2022:09:27:25 +0800] "GET /xingrg/javascript/easyui/plugins/jquery.parser.js HTTP/1.1" 304 -
114.84.38.109 - - [30/Nov/2022:09:27:28 +0800] "POST /xingrg/kc/buy/cgsh_list_operate.html HTTP/1.1" 200 3588
114.84.38.109 - - [30/Nov/2022:09:27:29 +0800] "GET /xingrg/javascript/json2.js HTTP/1.1" 304 -
114.84.38.109 - - [30/Nov/2022:09:27:29 +0800] "GET /xingrg/javascript/print/kc_print.js HTTP/1.1" 304 -
114.84.38.109 - - [30/Nov/2022:09:27:29 +0800] "GET /xingrg/javascript/pic_change.js HTTP/1.1" 304 -
114.84.38.109 - - [30/Nov/2022:09:27:29 +0800] "GET /xingrg/javascript/convert.js HTTP/1.1" 304 -
114.84.38.109 - - [30/Nov/2022:09:27:29 +0800] "GET /xingrg/javascript/jquery_tools/order_manager.js HTTP/1.1" 304 -
114.84.38.109 - - [30/Nov/2022:09:27:29 +0800] "GET /xingrg/kc/buy/cgsh_order_add.html HTTP/1.1" 200 69561
114.84.38.109 - - [30/Nov/2022:09:27:29 +0800] "GET /xingrg/words/20221128154100_words.js HTTP/1.1" 304 -
114.84.38.109 - - [30/Nov/2022:09:27:29 +0800] "POST /xingrg/kc/buy/cgsh_order_operate.html HTTP/1.1" 200 8245
114.84.38.109 - - [30/Nov/2022:09:27:30 +0800] "GET /xingrg/all/common/auto_word.html?type=employee&rest_code=00146 HTTP/1.1" 200 101
114.84.38.109 - - [30/Nov/2022:09:27:30 +0800] "GET /xingrg/all/common/auto_word.html?type=employee&rest_code=00146 HTTP/1.1" 200 101
114.84.38.109 - - [30/Nov/2022:09:27:30 +0800] "GET /xingrg/javascript/easyui/themes/default/validatebox.css HTTP/1.1" 404 1104
114.84.38.109 - - [30/Nov/2022:09:27:30 +0800] "GET /xingrg/javascript/easyui/plugins/jquery.validatebox.js HTTP/1.1" 304 -
114.84.38.109 - - [30/Nov/2022:09:27:30 +0800] "GET /xingrg/javascript/easyui/plugins/jquery.numberbox.js HTTP/1.1" 304 -
222.70.177.10 - - [30/Nov/2022:09:27:31 +0800] "GET /xingrg/all/function/internal_message.html?_=1669771645064&CODE_STATE=getMsg HTTP/1.1" 200 27
114.84.38.109 - - [30/Nov/2022:09:27:35 +0800] "GET /xingrg/javascript/auto/indicator.gif HTTP/1.1" 404 1066
124.79.245.154 - - [30/Nov/2022:09:27:36 +0800] "GET /xingrg/all/function/internal_message.html?_=1669771870682&CODE_STATE=getMsg HTTP/1.1" 200 27
116.230.105.139 - - [30/Nov/2022:09:27:36 +0800] "POST /xingrg/kc/base/yddb_list_operate.html HTTP/1.1" 200 374
116.238.139.35 - - [30/Nov/2022:09:27:39 +0800] "GET /xingrg/kc/report/report_main.html HTTP/1.1" 200 7340
116.238.139.35 - - [30/Nov/2022:09:27:40 +0800] "GET /xingrg/all/report/report_query.html?fileName=kc/buy/gys_amount.xml&rh=99999 HTTP/1.1" 200 52006
116.238.139.35 - - [30/Nov/2022:09:27:40 +0800] "GET /xingrg/javascript/jqueryMultiSelect.js HTTP/1.1" 304 -
116.238.139.35 - - [30/Nov/2022:09:27:40 +0800] "GET /xingrg/javascript/calendar/timePicker.css HTTP/1.1" 304 -
116.238.139.35 - - [30/Nov/2022:09:27:40 +0800] "GET /xingrg/dwr/interface/AjaxReportQueryService.js HTTP/1.1" 200 13203
116.238.139.35 - - [30/Nov/2022:09:27:40 +0800] "GET /xingrg/javascript/multi_select/jqueryMultiSelect.css HTTP/1.1" 304 -
116.238.139.35 - - [30/Nov/2022:09:27:40 +0800] "GET /xingrg/javascript/bigrid/fix.css HTTP/1.1" 304 -
116.238.139.35 - - [30/Nov/2022:09:27:40 +0800] "GET /xingrg/dwr/engine.js HTTP/1.1" 200 43631
116.238.139.35 - - [30/Nov/2022:09:27:40 +0800] "GET /xingrg/javascript/calendar/jquery.timePicker.min.js HTTP/1.1" 304 -
116.238.139.35 - - [30/Nov/2022:09:27:40 +0800] "GET /xingrg/javascript/bigrid/fix.js HTTP/1.1" 304 -
116.238.139.35 - - [30/Nov/2022:09:27:40 +0800] "GET /xingrg/images/blue/button/advanceover.gif HTTP/1.1" 200 1347
116.238.139.35 - - [30/Nov/2022:09:27:40 +0800] "GET /xingrg/images/blue/button/advance2over.gif HTTP/1.1" 200 1336
116.238.139.35 - - [30/Nov/2022:09:27:40 +0800] "GET /xingrg/images/blue/button/back2over.gif HTTP/1.1" 200 1335
116.238.139.35 - - [30/Nov/2022:09:27:40 +0800] "GET /xingrg/images/blue/button/backover.gif HTTP/1.1" 200 1348
116.238.139.35 - - [30/Nov/2022:09:27:41 +0800] "GET /xingrg/javascript/jquery_easy_ui/themes/icons/help.png HTTP/1.1" 200 1187
116.238.139.35 - - [30/Nov/2022:09:27:41 +0800] "GET /xingrg/images/control/loading.gif HTTP/1.1" 200 13463
116.238.139.35 - - [30/Nov/2022:09:27:41 +0800] "GET /xingrg/javascript/jquery_easy_ui/themes/icons/pencil.png HTTP/1.1" 200 713
116.238.139.35 - - [30/Nov/2022:09:27:41 +0800] "GET /xingrg/javascript/jquery_easy_ui/themes/default/images/menu.gif HTTP/1.1" 200 834
116.238.139.35 - - [30/Nov/2022:09:27:41 +0800] "GET /xingrg/javascript/jquery_easy_ui/themes/default/images/menu_rightarrow.png HTTP/1.1" 200 3617
116.238.139.35 - - [30/Nov/2022:09:27:41 +0800] "POST /xingrg/dwr/call/plaincall/AjaxReportQueryService.getFixDate.dwr HTTP/1.1" 200 111
116.238.139.35 - - [30/Nov/2022:09:27:41 +0800] "POST /xingrg/all/common/load_tree.html?tree=supplier_tree_json&manage=1 HTTP/1.1" 200 71595
116.238.139.35 - - [30/Nov/2022:09:27:41 +0800] "POST /xingrg/all/common/load_tree.html?tree=materiel_sort_tree_json HTTP/1.1" 200 9500
114.84.81.136 - - [30/Nov/2022:09:27:42 +0800] "GET /xingrg/check_reg.html?_=1669771657029 HTTP/1.1" 200 22
114.84.38.109 - - [30/Nov/2022:09:27:42 +0800] "GET /xingrg/javascript/jquery_tools/images/prev.gif HTTP/1.1" 404 1086
114.84.38.109 - - [30/Nov/2022:09:27:42 +0800] "GET /xingrg/javascript/jquery_tools/images/next.gif HTTP/1.1" 404 1086
116.230.105.139 - - [30/Nov/2022:09:27:42 +0800] "GET /xingrg/kc/base/yddb_order_info.html?code=482022112900213 HTTP/1.1" 200 30401
116.230.105.139 - - [30/Nov/2022:09:27:43 +0800] "GET /xingrg/dwr/interface/AjaxComOrderService.js HTTP/1.1" 200 18264
116.230.105.139 - - [30/Nov/2022:09:27:43 +0800] "GET /xingrg/dwr/interface/AjaxYddbService.js HTTP/1.1" 200 13201
116.230.105.139 - - [30/Nov/2022:09:27:43 +0800] "GET /xingrg/dwr/engine.js HTTP/1.1" 200 43631
116.238.139.35 - - [30/Nov/2022:09:27:43 +0800] "GET /xingrg/javascript/jquery_easy_ui/themes/default/images/tree_checkbox_0.gif HTTP/1.1" 304 -
116.238.139.35 - - [30/Nov/2022:09:27:43 +0800] "POST /xingrg/dwr/call/plaincall/AjaxReportQueryService.getInitString.dwr HTTP/1.1" 200 792
116.230.105.139 - - [30/Nov/2022:09:27:43 +0800] "POST /xingrg/dwr/call/plaincall/AjaxYddbService.loadMaterielItems.dwr HTTP/1.1" 200 1153
116.238.139.35 - - [30/Nov/2022:09:27:43 +0800] "GET /xingrg/javascript/multi_select/dropdown.gif HTTP/1.1" 200 61
116.230.105.139 - - [30/Nov/2022:09:27:43 +0800] "GET /xingrg/all/function/internal_message.html?_=1669771626186&CODE_STATE=getMsg HTTP/1.1" 200 27
116.238.139.35 - - [30/Nov/2022:09:27:44 +0800] "POST /xingrg/dwr/call/plaincall/AjaxReportQueryService.refreshCache.dwr HTTP/1.1" 200 78
116.230.105.139 - - [30/Nov/2022:09:27:45 +0800] "GET /xingrg/kc/base/yddb_order_report.html?fileType=servlets/html&code=482022112900213&reportName=ck_order_report&subName=yddb HTTP/1.1" 302 -
116.230.105.139 - - [30/Nov/2022:09:27:45 +0800] "GET /xingrg/servlets/html?sysBaseUrl=http%3A%2F%2F180.169.147.146%3A18081%2Fxingrg%2F&costTime=95×tamp=1669771665666 HTTP/1.1" 200 20308
116.230.105.139 - - [30/Nov/2022:09:27:45 +0800] "GET /favicon.ico HTTP/1.1" 404 -
116.238.139.35 - - [30/Nov/2022:09:27:47 +0800] "POST /xingrg/all/report/load_report_page.html HTTP/1.1" 200 81550
116.238.139.35 - - [30/Nov/2022:09:27:47 +0800] "GET /xingrg/servlets/image?cache=0.03348574907631219&image=px HTTP/1.1" 200 807
116.238.139.35 - - [30/Nov/2022:09:27:50 +0800] "GET /xingrg/all/report/report_query.html?isQuery=1&fileName=kc/buy/wlcg_cate_hz.xml&queryString=(CONVERT(char(10)%252Ca.order_time%252C%2520120)%253E%253D'2022-11-01')%2520and%2520(CONVERT(char(10)%252Ca.order_time%252C%2520120)%253C%253D'2022-11-30')%2520and%2520(a.number%253E0%2520and%2520a.supplier_code%253D'00100075')&queryText=%25E3%2580%2590%25E9%2587%2587%25E8%25B4%25AD%25E6%2597%25A5%25E6%259C%259F%253A2022-11-01%2520%25E8%2587%25B3%25202022-11-30%25E3%2580%2591%2520%25E5%25B9%25B6%25E4%25B8%2594%2520%25E3%2580%2590%25E4%25BE%259B%25E5%25BA%2594%25E5%2595%2586%253D%25E8%2589%25BA%25E6%2589%25AC%25E5%25B9%25BF%25E5%2591%258A%25EF%25BC%2588%25E5%25BC%25A0%25E5%25B0%25A4%25E5%2582%25B2%25EF%25BC%2589%25E3%2580%2591 HTTP/1.1" 200 54382
116.238.139.35 - - [30/Nov/2022:09:27:50 +0800] "GET /xingrg/dwr/interface/AjaxReportQueryService.js HTTP/1.1" 200 13203
116.238.139.35 - - [30/Nov/2022:09:27:50 +0800] "GET /xingrg/dwr/engine.js HTTP/1.1" 200 43631
114.84.38.109 - - [30/Nov/2022:09:27:51 +0800] "GET /xingrg/kc/buy/cgsh_order_operate.html?command=get_materiel&rest_code=00146&code=00101002027&supplier_code=00100199&order_time=2022-11-30 HTTP/1.1" 200 434
116.238.139.35 - - [30/Nov/2022:09:27:52 +0800] "POST /xingrg/all/report/load_report_page.html HTTP/1.1" 200 8714
116.238.139.35 - - [30/Nov/2022:09:27:52 +0800] "GET /xingrg/servlets/image?cache=0.5479233836850769&image=px HTTP/1.1" 200 807
116.230.105.139 - - [30/Nov/2022:09:27:52 +0800] "POST /xingrg/kc/base/yddb_list_operate.html HTTP/1.1" 200 217
116.230.105.139 - - [30/Nov/2022:09:27:52 +0800] "GET /xingrg/kc/base/yddb_order_info.html?code=482022112900214 HTTP/1.1" 200 30401
116.230.105.139 - - [30/Nov/2022:09:27:52 +0800] "GET /xingrg/dwr/interface/AjaxYddbService.js HTTP/1.1" 200 13201
116.230.105.139 - - [30/Nov/2022:09:27:52 +0800] "GET /xingrg/dwr/interface/AjaxComOrderService.js HTTP/1.1" 200 18264
116.230.105.139 - - [30/Nov/2022:09:27:52 +0800] "GET /xingrg/dwr/engine.js HTTP/1.1" 200 43631
116.230.105.139 - - [30/Nov/2022:09:27:52 +0800] "POST /xingrg/dwr/call/plaincall/AjaxYddbService.loadMaterielItems.dwr HTTP/1.1" 200 446
116.238.139.35 - - [30/Nov/2022:09:27:53 +0800] "POST /xingrg/all/report/load_report_page.html HTTP/1.1" 200 29939
116.238.139.35 - - [30/Nov/2022:09:27:53 +0800] "GET /xingrg/servlets/image?cache=0.8200932049831254&image=px HTTP/1.1" 200 807
116.230.105.139 - - [30/Nov/2022:09:27:54 +0800] "GET /xingrg/kc/base/yddb_order_report.html?fileType=servlets/html&code=482022112900214&reportName=ck_order_report&subName=yddb HTTP/1.1" 302 -
116.230.105.139 - - [30/Nov/2022:09:27:55 +0800] "GET /xingrg/servlets/html?sysBaseUrl=http%3A%2F%2F180.169.147.146%3A18081%2Fxingrg%2F&costTime=58×tamp=1669771674993 HTTP/1.1" 200 14781
114.95.43.237 - - [30/Nov/2022:09:27:55 +0800] "GET /xingrg/check_reg.html?_=1669771670261 HTTP/1.1" 200 22
114.95.43.237 - - [30/Nov/2022:09:27:55 +0800] "GET /xingrg/all/function/internal_message.html?_=1669771670264&CODE_STATE=getMsg HTTP/1.1" 200 27
116.230.105.139 - - [30/Nov/2022:09:27:55 +0800] "GET /favicon.ico HTTP/1.1" 404 -
114.95.43.237 - - [30/Nov/2022:09:27:57 +0800] "GET /xingrg/all/function/internal_message.html?_=1669771519083&CODE_STATE=getMsg HTTP/1.1" 200 27
116.238.139.35 - - [30/Nov/2022:09:27:58 +0800] "POST /xingrg/all/report/report_print.html HTTP/1.1" 302 -
116.238.139.35 - - [30/Nov/2022:09:27:58 +0800] "GET /xingrg/servlets/html?sysBaseUrl=http%3A%2F%2F180.169.147.146%3A18081%2Fxingrg%2F&costTime=334×tamp=1669771678056 HTTP/1.1" 200 30394
116.238.139.35 - - [30/Nov/2022:09:27:58 +0800] "GET /xingrg/servlets/image?image=px HTTP/1.1" 200 807
116.238.139.35 - - [30/Nov/2022:09:27:58 +0800] "GET /favicon.ico HTTP/1.1" 404 -
180.163.30.100 - - [30/Nov/2022:09:27:59 +0800] "GET /xingrg/all/function/internal_message.html?_=1669771618516&CODE_STATE=getMsg HTTP/1.1" 302 -
180.163.30.100 - - [30/Nov/2022:09:27:59 +0800] "GET /xingrg/login.html HTTP/1.1" 200 7641
124.78.159.199 - - [30/Nov/2022:09:28:00 +0800] "GET /xingrg/all/function/internal_message.html?_=1669771678498&CODE_STATE=getMsg HTTP/1.1" 200 27
116.230.105.139 - - [30/Nov/2022:09:28:03 +0800] "POST /xingrg/kc/base/yddb_list_operate.html HTTP/1.1" 200 201
116.230.105.139 - - [30/Nov/2022:09:28:03 +0800] "GET /xingrg/kc/base/yddb_order_info.html?code=482022113000217 HTTP/1.1" 200 30401
116.230.105.139 - - [30/Nov/2022:09:28:03 +0800] "GET /xingrg/dwr/interface/AjaxYddbService.js HTTP/1.1" 200 13201
116.230.105.139 - - [30/Nov/2022:09:28:03 +0800] "GET /xingrg/dwr/interface/AjaxComOrderService.js HTTP/1.1" 200 18264
116.230.105.139 - - [30/Nov/2022:09:28:03 +0800] "GET /xingrg/dwr/engine.js HTTP/1.1" 200 43631
116.230.105.139 - - [30/Nov/2022:09:28:03 +0800] "POST /xingrg/dwr/call/plaincall/AjaxYddbService.loadMaterielItems.dwr HTTP/1.1" 200 389
58.40.7.146 - - [30/Nov/2022:09:28:05 +0800] "GET /xingrg/check_reg.html?_=1669771678806 HTTP/1.1" 200 22
58.40.7.146 - - [30/Nov/2022:09:28:05 +0800] "GET /xingrg/all/function/internal_message.html?_=1669771678807&CODE_STATE=getMsg HTTP/1.1" 200 27
116.230.105.139 - - [30/Nov/2022:09:28:06 +0800] "GET /xingrg/kc/base/yddb_order_report.html?fileType=servlets/html&code=482022113000217&reportName=ck_order_report&subName=yddb HTTP/1.1" 302 -
116.230.105.139 - - [30/Nov/2022:09:28:06 +0800] "GET /xingrg/servlets/html?sysBaseUrl=http%3A%2F%2F180.169.147.146%3A18081%2Fxingrg%2F&costTime=62×tamp=1669771686099 HTTP/1.1" 200 14771
116.230.105.139 - - [30/Nov/2022:09:28:06 +0800] "GET /favicon.ico HTTP/1.1" 404 -
116.238.139.35 - - [30/Nov/2022:09:28:12 +0800] "GET /xingrg/all/function/internal_message.html?_=1669771685971&CODE_STATE=getMsg HTTP/1.1" 200 27
114.84.38.109 - - [30/Nov/2022:09:28:17 +0800] "GET /xingrg/kc/buy/cgsh_order_operate.html?command=get_materiel&rest_code=00146&code=00101002007&supplier_code=00100199&order_time=2022-11-30 HTTP/1.1" 200 427
114.84.81.136 - - [30/Nov/2022:09:28:19 +0800] "GET /xingrg/login.html HTTP/1.1" 200 7641
114.84.81.136 - - [30/Nov/2022:09:28:19 +0800] "GET /favicon.ico HTTP/1.1" 404 -
114.84.81.136 - - [30/Nov/2022:09:28:19 +0800] "GET /favicon.ico HTTP/1.1" 404 -
114.84.38.109 - - [30/Nov/2022:09:28:20 +0800] "GET /xingrg/all/function/internal_message.html?_=1669771703002&CODE_STATE=getMsg HTTP/1.1" 200 27
114.84.81.136 - - [30/Nov/2022:09:28:20 +0800] "POST /xingrg/login.do HTTP/1.1" 302 -
114.84.81.136 - - [30/Nov/2022:09:28:20 +0800] "GET /xingrg/index.html?sysBaseUrl=http%3A%2F%2F180.169.147.146%3A18081%2Fxingrg%2F&costTime=46×tamp=1669771700935 HTTP/1.1" 200 17503
114.84.81.136 - - [30/Nov/2022:09:28:21 +0800] "GET /favicon.ico HTTP/1.1" 404 -
114.84.81.136 - - [30/Nov/2022:09:28:21 +0800] "POST /xingrg/all/common/load_tree.html?tree=area_rest_tree_json&manage=1 HTTP/1.1" 200 3499
114.84.81.136 - - [30/Nov/2022:09:28:21 +0800] "GET /xingrg/all/function/internal_message.html?_=1669771693958&CODE_STATE=count HTTP/1.1" 200 11
114.84.81.136 - - [30/Nov/2022:09:28:21 +0800] "GET /xingrg/check_reg.html?_=1669771693960 HTTP/1.1" 200 22
114.84.81.136 - - [30/Nov/2022:09:28:21 +0800] "POST /xingrg/load_menu.html HTTP/1.1" 200 11564
114.83.219.57 - - [30/Nov/2022:09:28:23 +0800] "GET /xingrg/all/function/internal_message.html?_=1669771826776&CODE_STATE=getMsg HTTP/1.1" 200 27
114.84.81.136 - - [30/Nov/2022:09:28:25 +0800] "POST /xingrg/all/user/operate.html HTTP/1.1" 200 36
