114.84.38.109 - - [30/Nov/2022:10:46:47 +0800] "POST /xingrg/kc/buy/cgsh_list_operate.html HTTP/1.1" 200 350
180.169.147.146 - - [30/Nov/2022:10:46:48 +0800] "GET /xingrg/kc/buy/cgsh_order_operate.html?command=get_materiel&rest_code=00147&code=00101008036&supplier_code=00100007&order_time=2022-11-30 HTTP/1.1" 200 408
1.85.125.46 - - [30/Nov/2022:10:46:49 +0800] "GET /xingrg/kc/buy/cgsh_order_operate.html?command=get_materiel&rest_code=00149&code=00101008361&supplier_code=00100008&order_time=2022-11-30 HTTP/1.1" 200 408
58.40.7.146 - - [30/Nov/2022:10:46:49 +0800] "GET /xingrg/all/function/internal_message.html?_=1669776403275&CODE_STATE=getMsg HTTP/1.1" 302 -
114.84.38.109 - - [30/Nov/2022:10:46:50 +0800] "POST /xingrg/kc/buy/cgsh_list_operate.html HTTP/1.1" 200 502
114.95.43.237 - - [30/Nov/2022:10:46:51 +0800] "GET /xingrg/kc/base/wldb_order_operate.html?command=get_materiel&rest_code=00105&base_code=0010507&code=00101016096 HTTP/1.1" 200 451
114.84.38.109 - - [30/Nov/2022:10:46:53 +0800] "POST /xingrg/kc/buy/cgsh_list_operate.html HTTP/1.1" 200 352
58.40.7.146 - - [30/Nov/2022:10:46:56 +0800] "GET /xingrg/all/function/internal_message.html?_=1669776409802&CODE_STATE=getMsg HTTP/1.1" 200 27
58.40.7.146 - - [30/Nov/2022:10:46:56 +0800] "GET /xingrg/check_reg.html?_=1669776409896 HTTP/1.1" 200 22
114.84.38.109 - - [30/Nov/2022:10:46:56 +0800] "POST /xingrg/kc/buy/cgsh_list_operate.html HTTP/1.1" 200 430
114.95.43.237 - - [30/Nov/2022:10:46:57 +0800] "GET /xingrg/all/function/internal_message.html?_=1669776259178&CODE_STATE=getMsg HTTP/1.1" 200 27
180.169.147.146 - - [30/Nov/2022:10:46:58 +0800] "GET /xingrg/kc/buy/cgsh_order_operate.html?command=get_materiel&rest_code=00147&code=00101008152&supplier_code=00100007&order_time=2022-11-30 HTTP/1.1" 200 408
124.78.159.199 - - [30/Nov/2022:10:47:00 +0800] "GET /xingrg/all/function/internal_message.html?_=1669776418218&CODE_STATE=getMsg HTTP/1.1" 200 27
180.163.28.114 - - [30/Nov/2022:10:47:00 +0800] "GET /xingrg/all/function/internal_message.html?_=1669776358242&CODE_STATE=getMsg HTTP/1.1" 302 -
180.169.147.146 - - [30/Nov/2022:10:47:00 +0800] "GET /xingrg/all/function/internal_message.html?_=1669776411848&CODE_STATE=getMsg HTTP/1.1" 200 27
180.163.28.114 - - [30/Nov/2022:10:47:00 +0800] "GET /xingrg/login.html HTTP/1.1" 200 7641
1.85.125.46 - - [30/Nov/2022:10:47:01 +0800] "GET /xingrg/kc/buy/cgsh_order_operate.html?command=get_materiel&rest_code=00149&code=00101008355&supplier_code=00100008&order_time=2022-11-30 HTTP/1.1" 200 408
116.238.139.35 - - [30/Nov/2022:10:47:01 +0800] "GET /xingrg/all/report/report_query.html?isQuery=1&fileName=kc/base/crk_detail_by_small.xml&rh=99999&queryString=&queryText=%25E3%2580%2590%25E4%25BB%2593%25E5%25BA%2593%25E5%2590%258D%25E7%25A7%25B0%253A%25E9%25A4%2590%25E9%25A5%25AE%25E5%258E%25A8%25E6%2588%25BF%25E9%2583%25A8%25E3%2580%2591%25E3%2580%2590%25E4%25B8%259A%25E5%258A%25A1%25E7%25B1%25BB%25E5%259E%258B%25EF%25BC%259A%25E6%2580%25BB%25E9%2583%25A8%25E9%2585%258D%25E9%2580%2581%25E3%2580%2591%2520%253F%253F%253F%253F%253F2022-11-01%253F%253F2022-11-30%2520%253F%253F%253F%253F%253F%253F%253F%253F%253F%253F%253F%253F%253F&tableQueryString=crk_table%2524sp1%2524order_day%2520between%252020221101%2520and%252020221130%2520and%2520(base_code%253D'0010610')%2520and%2520(src_order_type%2520in%2520(31))%2520and%2520(is_rk%2520in%2520(1)) HTTP/1.1" 200 53802
116.238.139.35 - - [30/Nov/2022:10:47:01 +0800] "GET /xingrg/dwr/interface/AjaxReportQueryService.js HTTP/1.1" 200 13203
116.238.139.35 - - [30/Nov/2022:10:47:02 +0800] "GET /xingrg/dwr/engine.js HTTP/1.1" 200 43631
114.84.38.109 - - [30/Nov/2022:10:47:02 +0800] "POST /xingrg/kc/buy/cgsh_list_operate.html HTTP/1.1" 200 6362
116.238.139.35 - - [30/Nov/2022:10:47:02 +0800] "POST /xingrg/all/report/load_report_page.html HTTP/1.1" 200 41174
116.238.139.35 - - [30/Nov/2022:10:47:02 +0800] "GET /xingrg/servlets/image?cache=0.9251004846043254&image=px HTTP/1.1" 200 807
114.88.159.190 - - [30/Nov/2022:10:47:03 +0800] "GET /xingrg/all/function/internal_message.html?_=1669776017099&CODE_STATE=getMsg HTTP/1.1" 200 27
116.238.139.35 - - [30/Nov/2022:10:47:04 +0800] "POST /xingrg/all/report/load_report_page.html HTTP/1.1" 200 195143
116.238.139.35 - - [30/Nov/2022:10:47:05 +0800] "GET /xingrg/servlets/image?cache=0.7543952752188438&image=px HTTP/1.1" 200 807
1.85.125.46 - - [30/Nov/2022:10:47:07 +0800] "GET /xingrg/all/function/internal_message.html?_=1669776452815&CODE_STATE=getMsg HTTP/1.1" 200 27
222.70.177.10 - - [30/Nov/2022:10:47:08 +0800] "GET /xingrg/all/function/internal_message.html?_=1669776424530&CODE_STATE=getMsg HTTP/1.1" 200 27
116.238.139.35 - - [30/Nov/2022:10:47:08 +0800] "POST /xingrg/all/report/report_print.html HTTP/1.1" 302 -
116.238.139.35 - - [30/Nov/2022:10:47:09 +0800] "GET /xingrg/servlets/image?image=px HTTP/1.1" 200 807
180.169.147.146 - - [30/Nov/2022:10:47:09 +0800] "GET /xingrg/kc/buy/cgsh_order_operate.html?command=get_materiel&rest_code=00147&code=00101008296&supplier_code=00100007&order_time=2022-11-30 HTTP/1.1" 200 416
116.238.139.35 - - [30/Nov/2022:10:47:09 +0800] "GET /xingrg/servlets/html?sysBaseUrl=http%3A%2F%2F180.169.147.146%3A18081%2Fxingrg%2F&costTime=64×tamp=1669776428927 HTTP/1.1" 200 192175
116.238.139.35 - - [30/Nov/2022:10:47:09 +0800] "GET /favicon.ico HTTP/1.1" 404 -
180.162.229.95 - - [30/Nov/2022:10:47:09 +0800] "GET /xingrg/kc/base/wldb_order_add.html HTTP/1.1" 200 30380
180.162.229.95 - - [30/Nov/2022:10:47:09 +0800] "GET /xingrg/words/20221130103024_words.js HTTP/1.1" 200 935702
180.162.229.95 - - [30/Nov/2022:10:47:10 +0800] "POST /xingrg/kc/base/wldb_order_operate.html HTTP/1.1" 200 6806
221.239.170.112 - - [30/Nov/2022:10:47:10 +0800] "GET /xingrg/all/function/internal_message.html?_=1669776422372&CODE_STATE=getMsg HTTP/1.1" 200 27
180.162.229.95 - - [30/Nov/2022:10:47:10 +0800] "GET /xingrg/javascript/easyui/themes/default/validatebox.css HTTP/1.1" 404 1104
114.84.38.109 - - [30/Nov/2022:10:47:10 +0800] "POST /xingrg/kc/buy/cgsh_list_operate.html HTTP/1.1" 200 351
180.162.229.95 - - [30/Nov/2022:10:47:11 +0800] "POST /xingrg/all/common/load_combo.html?type=base HTTP/1.1" 200 3321
180.162.229.95 - - [30/Nov/2022:10:47:12 +0800] "POST /xingrg/all/common/load_combo.html?type=base HTTP/1.1" 200 3321
222.70.177.10 - - [30/Nov/2022:10:47:13 +0800] "GET /xingrg/all/report/report_query.html?isQuery=1&fileName=kc/base/crk_detail_by_small.xml&rh=99999&queryString=&queryText=%25E3%2580%2590%25E4%25BB%2593%25E5%25BA%2593%25E5%2590%258D%25E7%25A7%25B0%253A%25E5%2588%25BA%25E8%25BA%25AB%25E3%2580%2591%25E3%2580%2590%25E4%25B8%259A%25E5%258A%25A1%25E7%25B1%25BB%25E5%259E%258B%25EF%25BC%259A%25E9%2587%2587%25E8%25B4%25AD%25E5%2585%25A5%25E5%25BA%2593%25E3%2580%2591%2520%25E3%2580%2590%25E6%259F%25A5%25E8%25AF%25A2%25E6%2597%25A5%25E6%259C%259F%253A2022-11-01%2520%25E8%2587%25B3%25202022-11-30%25E3%2580%2591%2520%25E5%25B9%25B6%25E4%25B8%2594%2520%2520%25E3%2580%2590%25E4%25BB%2593%25E5%25BA%2593%25E5%2590%258D%25E7%25A7%25B0%2520%253D%2520%25E5%2588%25BA%25E8%25BA%25AB%25E3%2580%2591&tableQueryString=crk_table%2524sp1%2524(a.order_day%2520between%252020221101%2520and%252020221130)%2520and%2520(base_code%253D'0010295')%2520and%2520(src_order_type%2520in%2520(21%252C23))%2520and%2520(is_rk%2520in%2520(0%252C1)) HTTP/1.1" 200 53843
222.70.177.10 - - [30/Nov/2022:10:47:13 +0800] "GET /xingrg/dwr/interface/AjaxReportQueryService.js HTTP/1.1" 200 13203
222.70.177.10 - - [30/Nov/2022:10:47:13 +0800] "GET /xingrg/dwr/engine.js HTTP/1.1" 200 43631
222.70.177.10 - - [30/Nov/2022:10:47:14 +0800] "POST /xingrg/all/report/load_report_page.html HTTP/1.1" 200 26980
222.70.177.10 - - [30/Nov/2022:10:47:14 +0800] "GET /xingrg/servlets/image?cache=0.6612271523728488&image=px HTTP/1.1" 200 807
114.84.38.109 - - [30/Nov/2022:10:47:14 +0800] "POST /xingrg/kc/buy/cgsh_list_operate.html HTTP/1.1" 200 417
222.70.177.10 - - [30/Nov/2022:10:47:17 +0800] "POST /xingrg/all/report/load_report_page.html HTTP/1.1" 200 103102
222.70.177.10 - - [30/Nov/2022:10:47:17 +0800] "GET /xingrg/servlets/image?cache=0.7472623422275887&image=px HTTP/1.1" 200 807
114.84.38.109 - - [30/Nov/2022:10:47:17 +0800] "POST /xingrg/kc/buy/cgsh_list_operate.html HTTP/1.1" 200 424
114.84.81.136 - - [30/Nov/2022:10:47:18 +0800] "GET /xingrg/all/function/internal_message.html?_=1669776430316&CODE_STATE=getMsg HTTP/1.1" 200 27
180.169.147.146 - - [30/Nov/2022:10:47:18 +0800] "GET /xingrg/kc/buy/cgsh_order_operate.html?command=get_materiel&rest_code=00147&code=00101008318&supplier_code=00100007&order_time=2022-11-30 HTTP/1.1" 200 408
114.84.81.136 - - [30/Nov/2022:10:47:19 +0800] "GET /xingrg/all/function/internal_message.html?_=1669776432054&CODE_STATE=getMsg HTTP/1.1" 200 27
114.84.38.109 - - [30/Nov/2022:10:47:19 +0800] "GET /xingrg/check_reg.html?_=1669776443128 HTTP/1.1" 200 22
1.85.125.46 - - [30/Nov/2022:10:47:20 +0800] "GET /xingrg/kc/buy/cgsh_order_operate.html?command=get_materiel&rest_code=00149&code=00101008356&supplier_code=00100008&order_time=2022-11-30 HTTP/1.1" 200 408
114.83.219.57 - - [30/Nov/2022:10:47:22 +0800] "GET /xingrg/all/function/internal_message.html?_=1669776565656&CODE_STATE=getMsg HTTP/1.1" 200 27
114.84.38.109 - - [30/Nov/2022:10:47:22 +0800] "POST /xingrg/kc/buy/cgsh_list_operate.html HTTP/1.1" 200 417
114.95.43.237 - - [30/Nov/2022:10:47:22 +0800] "GET /xingrg/check_reg.html?_=1669776438159 HTTP/1.1" 200 22
114.95.43.237 - - [30/Nov/2022:10:47:22 +0800] "GET /xingrg/all/function/internal_message.html?_=1669776438162&CODE_STATE=getMsg HTTP/1.1" 200 27
116.238.139.35 - - [30/Nov/2022:10:47:23 +0800] "GET /xingrg/all/function/internal_message.html?_=1669776383416&CODE_STATE=getMsg HTTP/1.1" 200 27
114.84.38.109 - - [30/Nov/2022:10:47:23 +0800] "GET /xingrg/all/function/internal_message.html?_=1669776446806&CODE_STATE=getMsg HTTP/1.1" 200 27
114.83.219.57 - - [30/Nov/2022:10:47:23 +0800] "GET /xingrg/check_reg.html?_=1669776567083 HTTP/1.1" 200 22
101.85.106.255 - - [30/Nov/2022:10:47:26 +0800] "GET /xingrg/all/function/internal_message.html?_=1669776438478&CODE_STATE=getMsg HTTP/1.1" 200 27
114.84.38.109 - - [30/Nov/2022:10:47:26 +0800] "POST /xingrg/kc/buy/cgsh_list_operate.html HTTP/1.1" 200 586
180.169.147.146 - - [30/Nov/2022:10:47:26 +0800] "GET /xingrg/kc/buy/cgsh_order_operate.html?command=get_materiel&rest_code=00147&code=00101008353&supplier_code=00100007&order_time=2022-11-30 HTTP/1.1" 200 408
114.84.81.136 - - [30/Nov/2022:10:47:27 +0800] "GET /xingrg/all/report/report_query.html?isQuery=1&fileName=kc/base/crk_detail_by_small.xml&rh=99999&queryString=&queryText=%25E3%2580%2590%25E4%25BB%2593%25E5%25BA%2593%25E5%2590%258D%25E7%25A7%25B0%253A%25E7%2582%25B9%25E5%25BF%2583%25E3%2580%2591%25E3%2580%2590%25E4%25B8%259A%25E5%258A%25A1%25E7%25B1%25BB%25E5%259E%258B%25EF%25BC%259A%25E5%2586%2585%25E9%2583%25A8%25E8%25B0%2583%25E5%2585%25A5%25E3%2580%2591%2520%253F%253F%253F%253F%253F2022-11-01%253F%253F2022-11-30%2520%253F%253F%253F%253F%253F%253F%253F&tableQueryString=crk_table%2524sp1%2524order_day%2520between%252020221101%2520and%252020221130%2520and%2520(base_code%253D'0010012')%2520and%2520(src_order_type%2520in%2520(42))%2520and%2520(is_rk%2520in%2520(1)) HTTP/1.1" 200 53778
114.84.81.136 - - [30/Nov/2022:10:47:28 +0800] "GET /xingrg/dwr/interface/AjaxReportQueryService.js HTTP/1.1" 200 13203
114.84.81.136 - - [30/Nov/2022:10:47:28 +0800] "GET /xingrg/dwr/engine.js HTTP/1.1" 200 43631
114.84.81.136 - - [30/Nov/2022:10:47:29 +0800] "POST /xingrg/all/report/load_report_page.html HTTP/1.1" 200 28082
114.84.81.136 - - [30/Nov/2022:10:47:29 +0800] "GET /xingrg/servlets/image?cache=0.21154867254168264&image=px HTTP/1.1" 200 807
114.84.38.109 - - [30/Nov/2022:10:47:29 +0800] "POST /xingrg/kc/buy/cgsh_list_operate.html HTTP/1.1" 200 417
222.70.177.10 - - [30/Nov/2022:10:47:30 +0800] "GET /xingrg/all/function/internal_message.html?_=1669776443576&CODE_STATE=getMsg HTTP/1.1" 200 27
116.230.105.139 - - [30/Nov/2022:10:47:30 +0800] "GET /xingrg/check_reg.html?_=1669776412973 HTTP/1.1" 200 22
116.230.105.139 - - [30/Nov/2022:10:47:30 +0800] "GET /xingrg/all/function/internal_message.html?_=1669776412975&CODE_STATE=getMsg HTTP/1.1" 200 27
114.84.81.136 - - [30/Nov/2022:10:47:30 +0800] "POST /xingrg/all/report/load_report_page.html HTTP/1.1" 200 139032
114.84.81.136 - - [30/Nov/2022:10:47:30 +0800] "GET /xingrg/servlets/image?cache=0.5996496379610706&image=px HTTP/1.1" 200 807
114.84.38.109 - - [30/Nov/2022:10:47:32 +0800] "POST /xingrg/kc/buy/cgsh_list_operate.html HTTP/1.1" 200 273
180.169.147.146 - - [30/Nov/2022:10:47:32 +0800] "GET /xingrg/kc/buy/cgsh_order_operate.html?command=get_materiel&rest_code=00147&code=00101008213&supplier_code=00100007&order_time=2022-11-30 HTTP/1.1" 200 412
1.85.125.46 - - [30/Nov/2022:10:47:32 +0800] "GET /xingrg/kc/buy/cgsh_order_operate.html?command=get_materiel&rest_code=00149&code=00101008059&supplier_code=00100008&order_time=2022-11-30 HTTP/1.1" 200 408
114.84.38.109 - - [30/Nov/2022:10:47:35 +0800] "POST /xingrg/kc/buy/cgsh_list_operate.html HTTP/1.1" 200 350
124.79.245.154 - - [30/Nov/2022:10:47:36 +0800] "GET /xingrg/all/function/internal_message.html?_=1669776670746&CODE_STATE=getMsg HTTP/1.1" 200 27
180.162.229.95 - - [30/Nov/2022:10:47:37 +0800] "GET /xingrg/kc/base/wldb_order_operate.html?command=get_materiel&rest_code=00102&base_code=0010476&code=00101011005 HTTP/1.1" 200 431
114.84.38.109 - - [30/Nov/2022:10:47:38 +0800] "POST /xingrg/kc/buy/cgsh_list_operate.html HTTP/1.1" 200 275
116.238.139.35 - - [30/Nov/2022:10:47:38 +0800] "GET /xingrg/all/function/internal_message.html?_=1669776452050&CODE_STATE=getMsg HTTP/1.1" 200 27
180.169.147.146 - - [30/Nov/2022:10:47:39 +0800] "GET /xingrg/kc/buy/cgsh_order_operate.html?command=get_materiel&rest_code=00147&code=00101008242&supplier_code=00100007&order_time=2022-11-30 HTTP/1.1" 200 408
222.70.177.10 - - [30/Nov/2022:10:47:41 +0800] "GET /xingrg/all/function/internal_message.html?_=1669776457333&CODE_STATE=getMsg HTTP/1.1" 200 27
114.84.38.109 - - [30/Nov/2022:10:47:41 +0800] "POST /xingrg/kc/buy/cgsh_list_operate.html HTTP/1.1" 200 499
114.84.81.136 - - [30/Nov/2022:10:47:41 +0800] "GET /xingrg/check_reg.html?_=1669776456762 HTTP/1.1" 200 22
114.84.81.136 - - [30/Nov/2022:10:47:43 +0800] "GET /xingrg/all/function/internal_message.html?_=1669776461905&CODE_STATE=getMsg HTTP/1.1" 200 27
114.84.38.109 - - [30/Nov/2022:10:47:48 +0800] "POST /xingrg/kc/buy/cgsh_list_operate.html HTTP/1.1" 200 4415
180.169.147.146 - - [30/Nov/2022:10:47:48 +0800] "GET /xingrg/kc/buy/cgsh_order_operate.html?command=get_materiel&rest_code=00147&code=00101008411&supplier_code=00100007&order_time=2022-11-30 HTTP/1.1" 200 413
58.40.7.146 - - [30/Nov/2022:10:47:49 +0800] "GET /xingrg/all/function/internal_message.html?_=1669776463249&CODE_STATE=getMsg HTTP/1.1" 302 -
1.85.125.46 - - [30/Nov/2022:10:47:51 +0800] "GET /xingrg/kc/buy/cgsh_order_operate.html?command=get_materiel&rest_code=00149&code=00101008273&supplier_code=00100008&order_time=2022-11-30 HTTP/1.1" 200 412
58.40.7.146 - - [30/Nov/2022:10:47:56 +0800] "GET /xingrg/all/function/internal_message.html?_=1669776469773&CODE_STATE=getMsg HTTP/1.1" 200 27
114.95.43.237 - - [30/Nov/2022:10:47:57 +0800] "GET /xingrg/all/function/internal_message.html?_=1669776319190&CODE_STATE=getMsg HTTP/1.1" 200 27
114.84.38.109 - - [30/Nov/2022:10:47:58 +0800] "POST /xingrg/kc/buy/cgsh_list_operate.html HTTP/1.1" 200 273
180.169.147.146 - - [30/Nov/2022:10:47:58 +0800] "GET /xingrg/kc/buy/cgsh_order_operate.html?command=get_materiel&rest_code=00147&code=00101008182&supplier_code=00100007&order_time=2022-11-30 HTTP/1.1" 200 432
124.78.159.199 - - [30/Nov/2022:10:47:59 +0800] "GET /xingrg/all/function/internal_message.html?_=1669776478198&CODE_STATE=getMsg HTTP/1.1" 200 27
180.169.147.146 - - [30/Nov/2022:10:48:00 +0800] "GET /xingrg/all/function/internal_message.html?_=1669776471819&CODE_STATE=getMsg HTTP/1.1" 200 27
180.169.147.146 - - [30/Nov/2022:10:48:00 +0800] "GET /xingrg/check_reg.html?_=1669776472100 HTTP/1.1" 200 22
114.84.38.109 - - [30/Nov/2022:10:48:02 +0800] "POST /xingrg/kc/buy/cgsh_list_operate.html HTTP/1.1" 200 422
114.88.159.190 - - [30/Nov/2022:10:48:03 +0800] "GET /xingrg/all/function/internal_message.html?_=1669776077098&CODE_STATE=getMsg HTTP/1.1" 200 27
114.88.159.190 - - [30/Nov/2022:10:48:03 +0800] "GET /xingrg/check_reg.html?_=1669776077099 HTTP/1.1" 200 22
114.84.38.109 - - [30/Nov/2022:10:48:05 +0800] "POST /xingrg/kc/buy/cgsh_list_operate.html HTTP/1.1" 200 494
1.85.125.46 - - [30/Nov/2022:10:48:06 +0800] "GET /xingrg/kc/buy/cgsh_order_operate.html?command=get_materiel&rest_code=00149&code=00101008069&supplier_code=00100008&order_time=2022-11-30 HTTP/1.1" 200 412
1.85.125.46 - - [30/Nov/2022:10:48:07 +0800] "GET /xingrg/all/function/internal_message.html?_=1669776512793&CODE_STATE=getMsg HTTP/1.1" 200 27
222.70.177.10 - - [30/Nov/2022:10:48:08 +0800] "GET /xingrg/all/function/internal_message.html?_=1669776484527&CODE_STATE=getMsg HTTP/1.1" 200 27
221.239.170.112 - - [30/Nov/2022:10:48:10 +0800] "GET /xingrg/all/function/internal_message.html?_=1669776482377&CODE_STATE=getMsg HTTP/1.1" 200 27
116.238.139.35 - - [30/Nov/2022:10:48:10 +0800] "GET /xingrg/all/report/report_query.html?isQuery=1&fileName=kc/base/crk_detail_by_small.xml&rh=99999&queryString=&queryText=%25E3%2580%2590%25E4%25BB%2593%25E5%25BA%2593%25E5%2590%258D%25E7%25A7%25B0%253A%25E9%25A4%2590%25E9%25A5%25AE%25E5%258E%25A8%25E6%2588%25BF%25E9%2583%25A8%25E3%2580%2591%25E3%2580%2590%25E4%25B8%259A%25E5%258A%25A1%25E7%25B1%25BB%25E5%259E%258B%25EF%25BC%259A%25E5%25BC%2582%25E5%25BA%2597%25E8%25B0%2583%25E5%2585%25A5%25E3%2580%2591%2520%253F%253F%253F%253F%253F2022-11-01%253F%253F2022-11-30%2520%253F%253F%253F%253F%253F%253F%253F%253F%253F%253F%253F%253F%253F&tableQueryString=crk_table%2524sp1%2524order_day%2520between%252020221101%2520and%252020221130%2520and%2520(base_code%253D'0010610')%2520and%2520(src_order_type%2520in%2520(48))%2520and%2520(is_rk%2520in%2520(1)) HTTP/1.1" 200 53802
116.238.139.35 - - [30/Nov/2022:10:48:10 +0800] "GET /xingrg/dwr/interface/AjaxReportQueryService.js HTTP/1.1" 200 13203
114.84.38.109 - - [30/Nov/2022:10:48:10 +0800] "POST /xingrg/kc/buy/cgsh_list_operate.html HTTP/1.1" 200 573
116.238.139.35 - - [30/Nov/2022:10:48:10 +0800] "GET /xingrg/dwr/engine.js HTTP/1.1" 200 43631
116.238.139.35 - - [30/Nov/2022:10:48:11 +0800] "POST /xingrg/all/report/load_report_page.html HTTP/1.1" 200 36833
116.238.139.35 - - [30/Nov/2022:10:48:11 +0800] "GET /xingrg/servlets/image?cache=0.3966348627523135&image=px HTTP/1.1" 200 807
116.238.139.35 - - [30/Nov/2022:10:48:12 +0800] "POST /xingrg/all/report/load_report_page.html HTTP/1.1" 200 239624
116.238.139.35 - - [30/Nov/2022:10:48:12 +0800] "GET /xingrg/servlets/image?cache=0.34759498475531325&image=px HTTP/1.1" 200 807
114.84.38.109 - - [30/Nov/2022:10:48:13 +0800] "POST /xingrg/kc/buy/cgsh_list_operate.html HTTP/1.1" 200 506
114.84.38.109 - - [30/Nov/2022:10:48:16 +0800] "POST /xingrg/kc/buy/cgsh_list_operate.html HTTP/1.1" 200 270
116.238.139.35 - - [30/Nov/2022:10:48:16 +0800] "POST /xingrg/all/report/report_print.html HTTP/1.1" 302 -
116.238.139.35 - - [30/Nov/2022:10:48:16 +0800] "GET /xingrg/servlets/image?image=px HTTP/1.1" 200 807
116.238.139.35 - - [30/Nov/2022:10:48:16 +0800] "GET /xingrg/servlets/html?sysBaseUrl=http%3A%2F%2F180.169.147.146%3A18081%2Fxingrg%2F&costTime=70×tamp=1669776496294 HTTP/1.1" 200 232659
116.238.139.35 - - [30/Nov/2022:10:48:16 +0800] "GET /favicon.ico HTTP/1.1" 404 -
114.84.81.136 - - [30/Nov/2022:10:48:18 +0800] "GET /xingrg/all/function/internal_message.html?_=1669776490309&CODE_STATE=getMsg HTTP/1.1" 200 27
114.84.81.136 - - [30/Nov/2022:10:48:18 +0800] "GET /xingrg/check_reg.html?_=1669776491201 HTTP/1.1" 200 22
114.84.81.136 - - [30/Nov/2022:10:48:19 +0800] "GET /xingrg/all/function/internal_message.html?_=1669776492045&CODE_STATE=getMsg HTTP/1.1" 200 27
180.169.147.146 - - [30/Nov/2022:10:48:21 +0800] "GET /xingrg/kc/buy/cgsh_order_operate.html?command=get_materiel&rest_code=00147&code=00101008034&supplier_code=00100007&order_time=2022-11-30 HTTP/1.1" 200 408
1.85.125.46 - - [30/Nov/2022:10:48:22 +0800] "GET /xingrg/kc/buy/cgsh_order_operate.html?command=get_materiel&rest_code=00149&code=00101008036&supplier_code=00100008&order_time=2022-11-30 HTTP/1.1" 200 408
114.83.219.57 - - [30/Nov/2022:10:48:22 +0800] "GET /xingrg/all/function/internal_message.html?_=1669776625643&CODE_STATE=getMsg HTTP/1.1" 200 27
114.95.43.237 - - [30/Nov/2022:10:48:22 +0800] "GET /xingrg/all/function/internal_message.html?_=1669776498161&CODE_STATE=getMsg HTTP/1.1" 200 27
116.238.139.35 - - [30/Nov/2022:10:48:23 +0800] "GET /xingrg/all/function/internal_message.html?_=1669776443433&CODE_STATE=getMsg HTTP/1.1" 200 27
114.84.38.109 - - [30/Nov/2022:10:48:23 +0800] "GET /xingrg/all/function/internal_message.html?_=1669776506818&CODE_STATE=getMsg HTTP/1.1" 200 27
101.85.106.255 - - [30/Nov/2022:10:48:26 +0800] "GET /xingrg/all/function/internal_message.html?_=1669776498480&CODE_STATE=getMsg HTTP/1.1" 200 27
114.84.38.109 - - [30/Nov/2022:10:48:28 +0800] "POST /xingrg/kc/buy/cgsh_list_operate.html HTTP/1.1" 200 6209
222.70.177.10 - - [30/Nov/2022:10:48:30 +0800] "GET /xingrg/all/function/internal_message.html?_=1669776503560&CODE_STATE=getMsg HTTP/1.1" 200 27
116.230.105.139 - - [30/Nov/2022:10:48:30 +0800] "GET /xingrg/all/function/internal_message.html?_=1669776472984&CODE_STATE=getMsg HTTP/1.1" 200 27
124.79.245.154 - - [30/Nov/2022:10:48:36 +0800] "GET /xingrg/all/function/internal_message.html?_=1669776730745&CODE_STATE=getMsg HTTP/1.1" 200 27
1.85.125.46 - - [30/Nov/2022:10:48:37 +0800] "GET /xingrg/kc/buy/cgsh_order_operate.html?command=get_materiel&rest_code=00149&code=00101008352&supplier_code=00100008&order_time=2022-11-30 HTTP/1.1" 200 412
116.238.139.35 - - [30/Nov/2022:10:48:38 +0800] "GET /xingrg/all/function/internal_message.html?_=1669776512057&CODE_STATE=getMsg HTTP/1.1" 200 27
114.84.38.109 - - [30/Nov/2022:10:48:41 +0800] "POST /xingrg/kc/buy/cgsh_list_operate.html HTTP/1.1" 200 274
222.70.177.10 - - [30/Nov/2022:10:48:41 +0800] "GET /xingrg/all/function/internal_message.html?_=1669776517333&CODE_STATE=getMsg HTTP/1.1" 200 27
180.169.147.146 - - [30/Nov/2022:10:48:42 +0800] "GET /xingrg/kc/buy/cgsh_order_operate.html?command=get_materiel&rest_code=00147&code=00101008097&supplier_code=00100007&order_time=2022-11-30 HTTP/1.1" 200 409
114.84.81.136 - - [30/Nov/2022:10:48:43 +0800] "GET /xingrg/all/function/internal_message.html?_=1669776521903&CODE_STATE=getMsg HTTP/1.1" 200 27
101.85.106.255 - - [30/Nov/2022:10:48:43 +0800] "POST /xingrg/kc/buy/cgsh_list_operate.html HTTP/1.1" 200 555
101.85.106.255 - - [30/Nov/2022:10:48:44 +0800] "GET /xingrg/kc/buy/cgsh_order_info.html?code=212022113010268 HTTP/1.1" 200 68685
101.85.106.255 - - [30/Nov/2022:10:48:44 +0800] "GET /xingrg/javascript/easyui/themes/default/validatebox.css HTTP/1.1" 404 1104
101.85.106.255 - - [30/Nov/2022:10:48:45 +0800] "POST /xingrg/kc/buy/cgsh_order_operate.html HTTP/1.1" 200 10325
114.84.38.109 - - [30/Nov/2022:10:48:45 +0800] "POST /xingrg/kc/buy/cgsh_list_operate.html HTTP/1.1" 200 342
58.40.7.146 - - [30/Nov/2022:10:48:49 +0800] "GET /xingrg/all/function/internal_message.html?_=1669776523221&CODE_STATE=getMsg HTTP/1.1" 302 -
114.84.38.109 - - [30/Nov/2022:10:48:52 +0800] "POST /xingrg/kc/buy/cgsh_list_operate.html HTTP/1.1" 200 567
180.169.147.146 - - [30/Nov/2022:10:48:54 +0800] "GET /xingrg/kc/buy/cgsh_order_operate.html?command=get_materiel&rest_code=00147&code=00101008096&supplier_code=00100007&order_time=2022-11-30 HTTP/1.1" 200 412
1.85.125.46 - - [30/Nov/2022:10:48:54 +0800] "GET /xingrg/kc/buy/cgsh_order_operate.html?command=get_materiel&rest_code=00149&code=00101008005&supplier_code=00100008&order_time=2022-11-30 HTTP/1.1" 200 433
114.84.38.109 - - [30/Nov/2022:10:48:55 +0800] "POST /xingrg/kc/buy/cgsh_list_operate.html HTTP/1.1" 200 418
180.169.147.146 - - [30/Nov/2022:10:48:56 +0800] "POST /xingrg/kc/buy/cgsh_order_operate.html HTTP/1.1" 200 2065
58.40.7.146 - - [30/Nov/2022:10:48:56 +0800] "GET /xingrg/all/function/internal_message.html?_=1669776529758&CODE_STATE=getMsg HTTP/1.1" 200 27
101.85.106.255 - - [30/Nov/2022:10:48:56 +0800] "GET /xingrg/kc/buy/cgsh_order_operate.html?command=get_materiel&rest_code=00142&code=00101008115&supplier_code=00100161&order_time=2022-11-30 HTTP/1.1" 200 412
114.95.43.237 - - [30/Nov/2022:10:48:57 +0800] "GET /xingrg/check_reg.html?_=1669776379186 HTTP/1.1" 200 22
114.95.43.237 - - [30/Nov/2022:10:48:57 +0800] "GET /xingrg/all/function/internal_message.html?_=1669776379189&CODE_STATE=getMsg HTTP/1.1" 200 27
114.84.38.109 - - [30/Nov/2022:10:48:58 +0800] "POST /xingrg/kc/buy/cgsh_list_operate.html HTTP/1.1" 200 490
180.163.29.217 - - [30/Nov/2022:10:48:59 +0800] "GET /xingrg/all/function/internal_message.html?_=1669776478198&CODE_STATE=getMsg HTTP/1.1" 302 -
180.163.29.217 - - [30/Nov/2022:10:48:59 +0800] "GET /xingrg/login.html HTTP/1.1" 200 7641
180.169.147.146 - - [30/Nov/2022:10:49:00 +0800] "GET /xingrg/all/function/internal_message.html?_=1669776531797&CODE_STATE=getMsg HTTP/1.1" 200 27
124.78.159.199 - - [30/Nov/2022:10:49:00 +0800] "GET /xingrg/all/function/internal_message.html?_=1669776538669&CODE_STATE=getMsg HTTP/1.1" 200 27
114.84.38.109 - - [30/Nov/2022:10:49:01 +0800] "POST /xingrg/kc/buy/cgsh_list_operate.html HTTP/1.1" 200 342
116.238.139.35 - - [30/Nov/2022:10:49:01 +0800] "GET /xingrg/all/report/report_query.html?isQuery=1&fileName=kc/base/crk_detail_by_small.xml&rh=99999&queryString=&queryText=%25E3%2580%2590%25E4%25BB%2593%25E5%25BA%2593%25E5%2590%258D%25E7%25A7%25B0%253A%25E9%25A4%2590%25E9%25A5%25AE%25E5%258E%25A8%25E6%2588%25BF%25E9%2583%25A8%25E3%2580%2591%25E3%2580%2590%25E4%25B8%259A%25E5%258A%25A1%25E7%25B1%25BB%25E5%259E%258B%25EF%25BC%259A%25E5%2586%2585%25E9%2583%25A8%25E8%25B0%2583%25E5%2587%25BA%25E3%2580%2591%2520%253F%253F%253F%253F%253F2022-11-01%253F%253F2022-11-30%2520%253F%253F%253F%253F%253F%253F%253F%253F%253F%253F%253F%253F%253F&tableQueryString=crk_table%2524sp1%2524order_day%2520between%252020221101%2520and%252020221130%2520and%2520(base_code%253D'0010610')%2520and%2520(src_order_type%2520in%2520(42))%2520and%2520(is_rk%2520in%2520(0)) HTTP/1.1" 200 53802
116.238.139.35 - - [30/Nov/2022:10:49:01 +0800] "GET /xingrg/dwr/interface/AjaxReportQueryService.js HTTP/1.1" 200 13203
116.238.139.35 - - [30/Nov/2022:10:49:01 +0800] "GET /xingrg/dwr/engine.js HTTP/1.1" 200 43631
116.238.139.35 - - [30/Nov/2022:10:49:02 +0800] "POST /xingrg/all/report/load_report_page.html HTTP/1.1" 200 31401
116.238.139.35 - - [30/Nov/2022:10:49:02 +0800] "GET /xingrg/servlets/image?cache=0.10218336992546251&image=px HTTP/1.1" 200 807
114.88.159.190 - - [30/Nov/2022:10:49:03 +0800] "GET /xingrg/all/function/internal_message.html?_=1669776137098&CODE_STATE=getMsg HTTP/1.1" 200 27
180.169.147.146 - - [30/Nov/2022:10:49:03 +0800] "GET /xingrg/kc/buy/cgsh_order_operate.html?command=get_materiel&rest_code=00147&code=00101008110&supplier_code=00100007&order_time=2022-11-30 HTTP/1.1" 200 408
114.84.38.109 - - [30/Nov/2022:10:49:04 +0800] "POST /xingrg/kc/buy/cgsh_list_operate.html HTTP/1.1" 200 491
116.238.139.35 - - [30/Nov/2022:10:49:05 +0800] "POST /xingrg/all/report/load_report_page.html HTTP/1.1" 200 101809
116.238.139.35 - - [30/Nov/2022:10:49:05 +0800] "GET /xingrg/servlets/image?cache=0.3658012236200706&image=px HTTP/1.1" 200 807
1.85.125.46 - - [30/Nov/2022:10:49:07 +0800] "GET /xingrg/all/function/internal_message.html?_=1669776572819&CODE_STATE=getMsg HTTP/1.1" 200 27
114.84.38.109 - - [30/Nov/2022:10:49:07 +0800] "POST /xingrg/kc/buy/cgsh_list_operate.html HTTP/1.1" 200 498
101.85.106.255 - - [30/Nov/2022:10:49:07 +0800] "GET /xingrg/kc/buy/cgsh_order_operate.html?command=get_materiel&rest_code=00142&code=00101008354&supplier_code=00100161&order_time=2022-11-30 HTTP/1.1" 200 412
124.78.159.199 - - [30/Nov/2022:10:49:08 +0800] "GET /xingrg/javascript/jquery_easy_ui/themes/icons/rest.png HTTP/1.1" 200 695
124.78.159.199 - - [30/Nov/2022:10:49:08 +0800] "GET /xingrg/javascript/jquery_easy_ui/themes/icons/area.png HTTP/1.1" 200 262
222.70.177.10 - - [30/Nov/2022:10:49:08 +0800] "GET /xingrg/all/function/internal_message.html?_=1669776544523&CODE_STATE=getMsg HTTP/1.1" 200 27
221.239.170.112 - - [30/Nov/2022:10:49:10 +0800] "GET /xingrg/check_reg.html?_=1669776542364 HTTP/1.1" 200 22
114.84.38.109 - - [30/Nov/2022:10:49:10 +0800] "POST /xingrg/kc/buy/cgsh_list_operate.html HTTP/1.1" 200 492
221.239.170.112 - - [30/Nov/2022:10:49:10 +0800] "GET /xingrg/all/function/internal_message.html?_=1669776542368&CODE_STATE=getMsg HTTP/1.1" 200 27
180.162.229.95 - - [30/Nov/2022:10:49:12 +0800] "POST /xingrg/kc/base/wldb_order_operate.html HTTP/1.1" 200 37
114.84.38.109 - - [30/Nov/2022:10:49:13 +0800] "POST /xingrg/kc/buy/cgsh_list_operate.html HTTP/1.1" 200 499
1.85.125.46 - - [30/Nov/2022:10:49:13 +0800] "GET /xingrg/kc/buy/cgsh_order_operate.html?command=get_materiel&rest_code=00149&code=00101008353&supplier_code=00100008&order_time=2022-11-30 HTTP/1.1" 200 408
180.162.229.95 - - [30/Nov/2022:10:49:15 +0800] "POST /xingrg/kc/base/wldb_order_operate.html HTTP/1.1" 200 12
180.162.229.95 - - [30/Nov/2022:10:49:15 +0800] "POST /xingrg/kc/base/wldb_order_operate.html HTTP/1.1" 200 2689
101.85.106.255 - - [30/Nov/2022:10:49:16 +0800] "GET /xingrg/kc/buy/cgsh_order_operate.html?command=get_materiel&rest_code=00142&code=00101008024&supplier_code=00100161&order_time=2022-11-30 HTTP/1.1" 200 408
114.84.81.136 - - [30/Nov/2022:10:49:18 +0800] "GET /xingrg/all/function/internal_message.html?_=1669776550327&CODE_STATE=getMsg HTTP/1.1" 200 27
114.95.43.237 - - [30/Nov/2022:10:49:18 +0800] "POST /xingrg/services/DataTransmitService HTTP/1.1" 200 524
180.169.147.146 - - [30/Nov/2022:10:49:19 +0800] "GET /xingrg/kc/buy/cgsh_order_operate.html?command=get_materiel&rest_code=00147&code=00101008072&supplier_code=00100007&order_time=2022-11-30 HTTP/1.1" 200 408
114.84.81.136 - - [30/Nov/2022:10:49:19 +0800] "GET /xingrg/all/function/internal_message.html?_=1669776552037&CODE_STATE=getMsg HTTP/1.1" 200 27
114.84.38.109 - - [30/Nov/2022:10:49:21 +0800] "POST /xingrg/kc/buy/cgsh_list_operate.html HTTP/1.1" 200 6337
114.83.219.57 - - [30/Nov/2022:10:49:22 +0800] "GET /xingrg/all/function/internal_message.html?_=1669776685625&CODE_STATE=getMsg HTTP/1.1" 200 27
114.95.43.237 - - [30/Nov/2022:10:49:22 +0800] "GET /xingrg/all/function/internal_message.html?_=1669776558162&CODE_STATE=getMsg HTTP/1.1" 200 27
116.238.139.35 - - [30/Nov/2022:10:49:23 +0800] "GET /xingrg/all/function/internal_message.html?_=1669776503443&CODE_STATE=getMsg HTTP/1.1" 200 27
114.84.38.109 - - [30/Nov/2022:10:49:23 +0800] "GET /xingrg/all/function/internal_message.html?_=1669776566832&CODE_STATE=getMsg HTTP/1.1" 200 27
114.95.43.237 - - [30/Nov/2022:10:49:24 +0800] "POST /xingrg/services/DataTransmitService HTTP/1.1" 200 501
101.85.106.255 - - [30/Nov/2022:10:49:24 +0800] "POST /xingrg/kc/buy/cgsh_order_operate.html HTTP/1.1" 200 37
114.84.38.109 - - [30/Nov/2022:10:49:24 +0800] "POST /xingrg/kc/buy/cgsh_list_operate.html HTTP/1.1" 200 563
101.85.106.255 - - [30/Nov/2022:10:49:25 +0800] "POST /xingrg/kc/buy/cgsh_order_operate.html HTTP/1.1" 200 12093
101.85.106.255 - - [30/Nov/2022:10:49:26 +0800] "GET /xingrg/all/function/internal_message.html?_=1669776558518&CODE_STATE=getMsg HTTP/1.1" 200 27
101.85.106.255 - - [30/Nov/2022:10:49:26 +0800] "GET /xingrg/check_reg.html?_=1669776558519 HTTP/1.1" 200 22
114.84.38.109 - - [30/Nov/2022:10:49:27 +0800] "POST /xingrg/kc/buy/cgsh_list_operate.html HTTP/1.1" 200 270
180.162.229.95 - - [30/Nov/2022:10:49:28 +0800] "GET /xingrg/kc/base/wldb_order_info.html?code=422022113002560 HTTP/1.1" 200 26259
180.162.229.95 - - [30/Nov/2022:10:49:29 +0800] "GET /xingrg/words/20221130103024_words.js HTTP/1.1" 304 -
180.162.229.95 - - [30/Nov/2022:10:49:29 +0800] "GET /xingrg/javascript/easyui/themes/default/validatebox.css HTTP/1.1" 404 1104
180.162.229.95 - - [30/Nov/2022:10:49:29 +0800] "POST /xingrg/kc/base/wldb_order_operate.html HTTP/1.1" 200 971
1.85.125.46 - - [30/Nov/2022:10:49:29 +0800] "GET /xingrg/kc/buy/cgsh_order_operate.html?command=get_materiel&rest_code=00149&code=00101008359&supplier_code=00100008&order_time=2022-11-30 HTTP/1.1" 200 408
180.169.147.146 - - [30/Nov/2022:10:49:29 +0800] "GET /xingrg/kc/buy/cgsh_order_operate.html?command=get_materiel&rest_code=00147&code=00101008210&supplier_code=00100007&order_time=2022-11-30 HTTP/1.1" 200 408
101.85.106.255 - - [30/Nov/2022:10:49:30 +0800] "POST /xingrg/kc/buy/cgsh_order_operate.html HTTP/1.1" 200 37
114.84.38.109 - - [30/Nov/2022:10:49:30 +0800] "POST /xingrg/kc/buy/cgsh_list_operate.html HTTP/1.1" 200 419
222.70.177.10 - - [30/Nov/2022:10:49:30 +0800] "GET /xingrg/all/function/internal_message.html?_=1669776563537&CODE_STATE=getMsg HTTP/1.1" 200 27
116.230.105.139 - - [30/Nov/2022:10:49:30 +0800] "GET /xingrg/all/function/internal_message.html?_=1669776532986&CODE_STATE=getMsg HTTP/1.1" 200 27
101.85.106.255 - - [30/Nov/2022:10:49:31 +0800] "POST /xingrg/kc/buy/cgsh_order_operate.html HTTP/1.1" 200 12093
180.162.229.95 - - [30/Nov/2022:10:49:31 +0800] "GET /xingrg/kc/base/wldb_order_add.html HTTP/1.1" 200 30380
180.162.229.95 - - [30/Nov/2022:10:49:31 +0800] "POST /xingrg/kc/base/wldb_order_operate.html HTTP/1.1" 200 6806
180.162.229.95 - - [30/Nov/2022:10:49:31 +0800] "GET /xingrg/javascript/easyui/themes/default/validatebox.css HTTP/1.1" 404 1104
180.162.229.95 - - [30/Nov/2022:10:49:32 +0800] "POST /xingrg/all/common/load_combo.html?type=base HTTP/1.1" 200 3321
124.79.245.154 - - [30/Nov/2022:10:49:36 +0800] "GET /xingrg/all/function/internal_message.html?_=1669776790785&CODE_STATE=getMsg HTTP/1.1" 200 27
124.79.245.154 - - [30/Nov/2022:10:49:36 +0800] "GET /xingrg/check_reg.html?_=1669776790786 HTTP/1.1" 200 22
116.238.139.35 - - [30/Nov/2022:10:49:38 +0800] "GET /xingrg/check_reg.html?_=1669776572054 HTTP/1.1" 200 22
116.238.139.35 - - [30/Nov/2022:10:49:38 +0800] "GET /xingrg/all/function/internal_message.html?_=1669776572059&CODE_STATE=getMsg HTTP/1.1" 200 27
180.162.229.95 - - [30/Nov/2022:10:49:38 +0800] "GET /xingrg/kc/report/report_main.html HTTP/1.1" 200 7340
114.84.38.109 - - [30/Nov/2022:10:49:40 +0800] "POST /xingrg/kc/buy/cgsh_list_operate.html HTTP/1.1" 200 492
180.169.147.146 - - [30/Nov/2022:10:49:40 +0800] "GET /xingrg/kc/buy/cgsh_order_operate.html?command=get_materiel&rest_code=00147&code=00101008370&supplier_code=00100007&order_time=2022-11-30 HTTP/1.1" 200 412
101.85.106.255 - - [30/Nov/2022:10:49:40 +0800] "POST /xingrg/kc/buy/cgsh_list_operate.html HTTP/1.1" 200 2737
222.70.177.10 - - [30/Nov/2022:10:49:41 +0800] "GET /xingrg/all/function/internal_message.html?_=1669776577325&CODE_STATE=getMsg HTTP/1.1" 200 27
124.78.159.199 - - [30/Nov/2022:10:49:42 +0800] "GET /xingrg/kc/buy/cgsh_order_add.html HTTP/1.1" 200 69561
124.78.159.199 - - [30/Nov/2022:10:49:42 +0800] "GET /xingrg/css/base.css HTTP/1.1" 200 2811
124.78.159.199 - - [30/Nov/2022:10:49:42 +0800] "GET /xingrg/javascript/jquery_tools/jquery.tools.hotkey.js HTTP/1.1" 200 3242
124.78.159.199 - - [30/Nov/2022:10:49:42 +0800] "GET /xingrg/javascript/easyui/themes/icon.css HTTP/1.1" 200 4483
124.78.159.199 - - [30/Nov/2022:10:49:42 +0800] "GET /xingrg/javascript/jquery_tools/datebox.css HTTP/1.1" 200 2597
124.78.159.199 - - [30/Nov/2022:10:49:42 +0800] "GET /xingrg/javascript/auto/jquery.autocomplete.js HTTP/1.1" 200 21624
124.78.159.199 - - [30/Nov/2022:10:49:42 +0800] "GET /xingrg/javascript/pic_change.js HTTP/1.1" 200 4739
124.78.159.199 - - [30/Nov/2022:10:49:42 +0800] "GET /xingrg/javascript/easyui/themes/default/easyui.css HTTP/1.1" 200 30432
124.78.159.199 - - [30/Nov/2022:10:49:42 +0800] "GET /xingrg/javascript/easyui/easyloader.js HTTP/1.1" 200 5975
124.78.159.199 - - [30/Nov/2022:10:49:42 +0800] "GET /xingrg/javascript/jquery_tools/fix.css HTTP/1.1" 200 1702
124.78.159.199 - - [30/Nov/2022:10:49:42 +0800] "GET /xingrg/javascript/jquery.utils.js HTTP/1.1" 200 11805
124.78.159.199 - - [30/Nov/2022:10:49:42 +0800] "GET /xingrg/javascript/jquery_tools/order_manager.js HTTP/1.1" 200 11183
124.78.159.199 - - [30/Nov/2022:10:49:42 +0800] "GET /xingrg/javascript/jquery_tools/table.css HTTP/1.1" 200 1032
124.78.159.199 - - [30/Nov/2022:10:49:42 +0800] "GET /xingrg/javascript/jquery_tools/jquery.tools.table.js HTTP/1.1" 200 6994
124.78.159.199 - - [30/Nov/2022:10:49:42 +0800] "GET /xingrg/css/site.css HTTP/1.1" 200 7541
124.78.159.199 - - [30/Nov/2022:10:49:42 +0800] "GET /xingrg/javascript/convert.js HTTP/1.1" 200 1239
124.78.159.199 - - [30/Nov/2022:10:49:42 +0800] "GET /xingrg/javascript/jquery.cookie.js HTTP/1.1" 200 5513
124.78.159.199 - - [30/Nov/2022:10:49:42 +0800] "GET /xingrg/javascript/print/LodopFuncs.js HTTP/1.1" 200 5121
124.78.159.199 - - [30/Nov/2022:10:49:42 +0800] "GET /xingrg/javascript/auto/jquery.autocomplete.css HTTP/1.1" 200 587
124.78.159.199 - - [30/Nov/2022:10:49:42 +0800] "GET /xingrg/javascript/print/kc_print.js HTTP/1.1" 200 11415
124.78.159.199 - - [30/Nov/2022:10:49:42 +0800] "GET /xingrg/javascript/json2.js HTTP/1.1" 200 11259
124.78.159.199 - - [30/Nov/2022:10:49:42 +0800] "GET /xingrg/javascript/jquery_tools/jquery.tools.min.js HTTP/1.1" 200 138801
124.78.159.199 - - [30/Nov/2022:10:49:42 +0800] "GET /xingrg/javascript/jquery_tools/jquery.tools.extend.js HTTP/1.1" 200 15385
114.84.81.136 - - [30/Nov/2022:10:49:43 +0800] "GET /xingrg/all/function/internal_message.html?_=1669776581927&CODE_STATE=getMsg HTTP/1.1" 200 27
114.84.38.109 - - [30/Nov/2022:10:49:43 +0800] "POST /xingrg/kc/buy/cgsh_list_operate.html HTTP/1.1" 200 427
124.78.159.199 - - [30/Nov/2022:10:49:44 +0800] "GET /xingrg/words/20221130103024_words.js HTTP/1.1" 200 935702
124.78.159.199 - - [30/Nov/2022:10:49:45 +0800] "GET /xingrg/javascript/easyui/plugins/jquery.parser.js HTTP/1.1" 200 1142
124.78.159.199 - - [30/Nov/2022:10:49:45 +0800] "GET /xingrg/javascript/easyui/themes/default/validatebox.css HTTP/1.1" 404 1104
124.78.159.199 - - [30/Nov/2022:10:49:45 +0800] "GET /xingrg/all/common/auto_word.html?type=employee&rest_code=00106 HTTP/1.1" 200 205
124.78.159.199 - - [30/Nov/2022:10:49:45 +0800] "GET /xingrg/javascript/easyui/plugins/jquery.validatebox.js HTTP/1.1" 200 6103
124.78.159.199 - - [30/Nov/2022:10:49:45 +0800] "GET /xingrg/all/common/auto_word.html?type=employee&rest_code=00106 HTTP/1.1" 200 205
124.78.159.199 - - [30/Nov/2022:10:49:45 +0800] "GET /xingrg/javascript/easyui/plugins/jquery.numberbox.js HTTP/1.1" 200 5213
124.78.159.199 - - [30/Nov/2022:10:49:45 +0800] "POST /xingrg/kc/buy/cgsh_order_operate.html HTTP/1.1" 200 8245
114.84.38.109 - - [30/Nov/2022:10:49:46 +0800] "POST /xingrg/kc/buy/cgsh_list_operate.html HTTP/1.1" 200 270
124.78.159.199 - - [30/Nov/2022:10:49:48 +0800] "GET /xingrg/javascript/easyui/plugins/jquery.draggable.js HTTP/1.1" 200 6121
124.78.159.199 - - [30/Nov/2022:10:49:48 +0800] "GET /xingrg/javascript/easyui/plugins/jquery.droppable.js HTTP/1.1" 200 1167
124.78.159.199 - - [30/Nov/2022:10:49:48 +0800] "GET /xingrg/javascript/easyui/themes/default/tree.css HTTP/1.1" 404 1090
124.78.159.199 - - [30/Nov/2022:10:49:48 +0800] "GET /xingrg/javascript/easyui/plugins/jquery.tree.js HTTP/1.1" 200 20874
124.78.159.199 - - [30/Nov/2022:10:49:48 +0800] "POST /xingrg/all/common/load_tree.html?tree=supplier_tree_json&isDelete=1 HTTP/1.1" 200 70260
180.169.147.146 - - [30/Nov/2022:10:49:48 +0800] "GET /xingrg/kc/buy/cgsh_order_operate.html?command=get_materiel&rest_code=00147&code=00101008087&supplier_code=00100007&order_time=2022-11-30 HTTP/1.1" 200 412
1.85.125.46 - - [30/Nov/2022:10:49:49 +0800] "GET /xingrg/kc/buy/cgsh_order_operate.html?command=get_materiel&rest_code=00149&code=00101008019&supplier_code=00100008&order_time=2022-11-30 HTTP/1.1" 200 416
58.40.7.146 - - [30/Nov/2022:10:49:49 +0800] "GET /xingrg/all/function/internal_message.html?_=1669776583191&CODE_STATE=getMsg HTTP/1.1" 302 -
180.162.229.95 - - [30/Nov/2022:10:49:49 +0800] "GET /xingrg/all/report/report_query.html?fileName=kc/buy/wlcg_hz_day.xml&rw=1600 HTTP/1.1" 200 51683
180.162.229.95 - - [30/Nov/2022:10:49:49 +0800] "GET /xingrg/dwr/interface/AjaxReportQueryService.js HTTP/1.1" 200 13203
180.162.229.95 - - [30/Nov/2022:10:49:49 +0800] "GET /xingrg/dwr/engine.js HTTP/1.1" 200 43631
180.162.229.95 - - [30/Nov/2022:10:49:50 +0800] "GET /xingrg/javascript/jquery_easy_ui/themes/default/images/menu_rightarrow.png HTTP/1.1" 200 3617
180.162.229.95 - - [30/Nov/2022:10:49:50 +0800] "POST /xingrg/dwr/call/plaincall/AjaxReportQueryService.getFixDate.dwr HTTP/1.1" 200 111
180.162.229.95 - - [30/Nov/2022:10:49:50 +0800] "GET /xingrg/javascript/jquery_easy_ui/themes/icons/pencil.png HTTP/1.1" 200 713
180.162.229.95 - - [30/Nov/2022:10:49:50 +0800] "POST /xingrg/all/common/load_tree.html?tree=supplier_tree_json&manage=1 HTTP/1.1" 200 71595
180.162.229.95 - - [30/Nov/2022:10:49:50 +0800] "POST /xingrg/all/common/load_tree.html?tree=materiel_sort_tree_json HTTP/1.1" 200 9500
58.40.7.146 - - [30/Nov/2022:10:49:50 +0800] "GET /xingrg/check_reg.html?_=1669776584365 HTTP/1.1" 302 -
180.169.147.146 - - [30/Nov/2022:10:49:51 +0800] "POST /xingrg/kc/buy/cgsh_order_operate.html HTTP/1.1" 200 2065
114.84.38.109 - - [30/Nov/2022:10:49:53 +0800] "POST /xingrg/kc/buy/cgsh_list_operate.html HTTP/1.1" 200 487
114.84.38.109 - - [30/Nov/2022:10:49:55 +0800] "POST /xingrg/kc/buy/cgsh_list_operate.html HTTP/1.1" 200 562
180.162.229.95 - - [30/Nov/2022:10:49:56 +0800] "GET /xingrg/check_reg.html?_=1669776589948 HTTP/1.1" 200 22
58.40.7.146 - - [30/Nov/2022:10:49:56 +0800] "GET /xingrg/all/function/internal_message.html?_=1669776589729&CODE_STATE=getMsg HTTP/1.1" 200 27
180.169.147.146 - - [30/Nov/2022:10:49:57 +0800] "GET /xingrg/kc/buy/cgsh_order_operate.html?command=get_materiel&rest_code=00147&code=00101008300&supplier_code=00100007&order_time=2022-11-30 HTTP/1.1" 200 412
114.95.43.237 - - [30/Nov/2022:10:49:57 +0800] "GET /xingrg/all/function/internal_message.html?_=1669776439181&CODE_STATE=getMsg HTTP/1.1" 200 27
114.84.38.109 - - [30/Nov/2022:10:49:58 +0800] "POST /xingrg/kc/buy/cgsh_list_operate.html HTTP/1.1" 200 566
180.169.147.146 - - [30/Nov/2022:10:50:00 +0800] "GET /xingrg/all/function/internal_message.html?_=1669776591776&CODE_STATE=getMsg HTTP/1.1" 200 27
124.78.159.199 - - [30/Nov/2022:10:50:00 +0800] "GET /xingrg/all/function/internal_message.html?_=1669776598694&CODE_STATE=getMsg HTTP/1.1" 200 27
124.78.159.199 - - [30/Nov/2022:10:50:00 +0800] "GET /xingrg/check_reg.html?_=1669776598826 HTTP/1.1" 200 22
114.84.38.109 - - [30/Nov/2022:10:50:00 +0800] "POST /xingrg/kc/buy/cgsh_list_operate.html HTTP/1.1" 200 497
180.163.28.109 - - [30/Nov/2022:10:50:00 +0800] "GET /xingrg/all/function/internal_message.html?_=1669776538669&CODE_STATE=getMsg HTTP/1.1" 302 -
180.163.28.109 - - [30/Nov/2022:10:50:00 +0800] "GET /xingrg/login.html HTTP/1.1" 200 7641
1.85.125.46 - - [30/Nov/2022:10:50:00 +0800] "GET /xingrg/kc/buy/cgsh_order_operate.html?command=get_materiel&rest_code=00149&code=00101009155&supplier_code=00100008&order_time=2022-11-30 HTTP/1.1" 200 402
114.88.159.190 - - [30/Nov/2022:10:50:03 +0800] "GET /xingrg/all/function/internal_message.html?_=1669776197113&CODE_STATE=getMsg HTTP/1.1" 200 27
124.78.159.199 - - [30/Nov/2022:10:50:03 +0800] "GET /xingrg/kc/buy/cgsh_order_operate.html?command=get_materiel&rest_code=00106&code=00101006109&supplier_code=00100015&order_time=2022-11-30 HTTP/1.1" 200 411
114.84.38.109 - - [30/Nov/2022:10:50:06 +0800] "POST /xingrg/kc/buy/cgsh_list_operate.html HTTP/1.1" 200 5302
1.85.125.46 - - [30/Nov/2022:10:50:07 +0800] "GET /xingrg/check_reg.html?_=1669776632801 HTTP/1.1" 200 22
1.85.125.46 - - [30/Nov/2022:10:50:07 +0800] "GET /xingrg/all/function/internal_message.html?_=1669776632806&CODE_STATE=getMsg HTTP/1.1" 200 27
180.169.147.146 - - [30/Nov/2022:10:50:07 +0800] "GET /xingrg/kc/buy/cgsh_order_operate.html?command=get_materiel&rest_code=00147&code=00101008059&supplier_code=00100007&order_time=2022-11-30 HTTP/1.1" 200 408
222.70.177.10 - - [30/Nov/2022:10:50:08 +0800] "GET /xingrg/all/function/internal_message.html?_=1669776604511&CODE_STATE=getMsg HTTP/1.1" 200 27
222.70.177.10 - - [30/Nov/2022:10:50:08 +0800] "GET /xingrg/check_reg.html?_=1669776604513 HTTP/1.1" 200 22
221.239.170.112 - - [30/Nov/2022:10:50:10 +0800] "GET /xingrg/all/function/internal_message.html?_=1669776602402&CODE_STATE=getMsg HTTP/1.1" 200 27
180.162.229.95 - - [30/Nov/2022:10:50:11 +0800] "GET /xingrg/all/report/report_query.html?fileName=kc/buy/gys_amount_base.xml&rh=99999 HTTP/1.1" 200 51871
180.162.229.95 - - [30/Nov/2022:10:50:11 +0800] "GET /xingrg/dwr/interface/AjaxReportQueryService.js HTTP/1.1" 200 13203
180.162.229.95 - - [30/Nov/2022:10:50:11 +0800] "GET /xingrg/dwr/engine.js HTTP/1.1" 200 43631
180.162.229.95 - - [30/Nov/2022:10:50:11 +0800] "POST /xingrg/dwr/call/plaincall/AjaxReportQueryService.getFixDate.dwr HTTP/1.1" 200 111
180.162.229.95 - - [30/Nov/2022:10:50:11 +0800] "POST /xingrg/dwr/call/plaincall/AjaxReportQueryService.getInitString.dwr HTTP/1.1" 200 1035
180.162.229.95 - - [30/Nov/2022:10:50:11 +0800] "GET /xingrg/javascript/multi_select/dropdown.gif HTTP/1.1" 200 61
180.162.229.95 - - [30/Nov/2022:10:50:11 +0800] "POST /xingrg/all/common/load_tree.html?tree=supplier_tree_json&manage=1 HTTP/1.1" 200 71595
180.162.229.95 - - [30/Nov/2022:10:50:11 +0800] "POST /xingrg/all/common/load_tree.html?tree=materiel_sort_tree_json HTTP/1.1" 200 9500
1.85.125.46 - - [30/Nov/2022:10:50:14 +0800] "GET /xingrg/kc/buy/cgsh_order_operate.html?command=get_materiel&rest_code=00149&code=00101008298&supplier_code=00100008&order_time=2022-11-30 HTTP/1.1" 200 431
180.162.229.95 - - [30/Nov/2022:10:50:14 +0800] "GET /xingrg/javascript/multi_select/dropdown_hover.gif HTTP/1.1" 200 61
124.78.159.199 - - [30/Nov/2022:10:50:15 +0800] "GET /xingrg/kc/buy/cgsh_order_operate.html?command=get_materiel&rest_code=00106&code=00101006058&supplier_code=00100015&order_time=2022-11-30 HTTP/1.1" 200 413
180.169.147.146 - - [30/Nov/2022:10:50:15 +0800] "GET /xingrg/kc/buy/cgsh_order_operate.html?command=get_materiel&rest_code=00147&code=00101008357&supplier_code=00100007&order_time=2022-11-30 HTTP/1.1" 200 408
114.84.81.136 - - [30/Nov/2022:10:50:18 +0800] "GET /xingrg/all/function/internal_message.html?_=1669776610325&CODE_STATE=getMsg HTTP/1.1" 200 27
180.162.229.95 - - [30/Nov/2022:10:50:19 +0800] "GET /xingrg/javascript/multi_select/dropdown_active.gif HTTP/1.1" 200 61
114.84.81.136 - - [30/Nov/2022:10:50:19 +0800] "GET /xingrg/all/function/internal_message.html?_=1669776612023&CODE_STATE=getMsg HTTP/1.1" 200 27
114.84.38.109 - - [30/Nov/2022:10:50:19 +0800] "POST /xingrg/kc/buy/cgsh_list_operate.html HTTP/1.1" 200 270
114.83.219.57 - - [30/Nov/2022:10:50:22 +0800] "GET /xingrg/all/function/internal_message.html?_=1669776745608&CODE_STATE=getMsg HTTP/1.1" 200 27
116.238.139.35 - - [30/Nov/2022:10:50:22 +0800] "GET /xingrg/check_reg.html?_=1669776563085 HTTP/1.1" 200 22
114.95.43.237 - - [30/Nov/2022:10:50:22 +0800] "GET /xingrg/all/function/internal_message.html?_=1669776618147&CODE_STATE=getMsg HTTP/1.1" 200 27
116.238.139.35 - - [30/Nov/2022:10:50:23 +0800] "GET /xingrg/all/function/internal_message.html?_=1669776563457&CODE_STATE=getMsg HTTP/1.1" 200 27
114.84.38.109 - - [30/Nov/2022:10:50:23 +0800] "POST /xingrg/kc/buy/cgsh_list_operate.html HTTP/1.1" 200 274
124.78.159.199 - - [30/Nov/2022:10:50:23 +0800] "GET /xingrg/kc/buy/cgsh_order_operate.html?command=get_materiel&rest_code=00106&code=00101006111&supplier_code=00100015&order_time=2022-11-30 HTTP/1.1" 200 409
114.84.38.109 - - [30/Nov/2022:10:50:23 +0800] "GET /xingrg/all/function/internal_message.html?_=1669776626846&CODE_STATE=getMsg HTTP/1.1" 200 27
114.84.38.109 - - [30/Nov/2022:10:50:25 +0800] "POST /xingrg/kc/buy/cgsh_list_operate.html HTTP/1.1" 200 274
101.85.106.255 - - [30/Nov/2022:10:50:26 +0800] "GET /xingrg/all/function/internal_message.html?_=1669776618490&CODE_STATE=getMsg HTTP/1.1" 200 27
180.169.147.146 - - [30/Nov/2022:10:50:28 +0800] "GET /xingrg/kc/buy/cgsh_order_operate.html?command=get_materiel&rest_code=00147&code=00101008371&supplier_code=00100007&order_time=2022-11-30 HTTP/1.1" 200 412
222.70.177.10 - - [30/Nov/2022:10:50:30 +0800] "GET /xingrg/all/function/internal_message.html?_=1669776623518&CODE_STATE=getMsg HTTP/1.1" 200 27
116.230.105.139 - - [30/Nov/2022:10:50:30 +0800] "GET /xingrg/all/function/internal_message.html?_=1669776592985&CODE_STATE=getMsg HTTP/1.1" 200 27
1.85.125.46 - - [30/Nov/2022:10:50:30 +0800] "POST /xingrg/kc/buy/cgsh_order_operate.html HTTP/1.1" 200 37
114.84.38.109 - - [30/Nov/2022:10:50:30 +0800] "POST /xingrg/kc/buy/cgsh_list_operate.html HTTP/1.1" 200 487
114.84.38.109 - - [30/Nov/2022:10:50:33 +0800] "POST /xingrg/kc/buy/cgsh_list_operate.html HTTP/1.1" 200 562
124.78.159.199 - - [30/Nov/2022:10:50:33 +0800] "POST /xingrg/kc/buy/cgsh_order_operate.html HTTP/1.1" 200 37
124.78.159.199 - - [30/Nov/2022:10:50:35 +0800] "POST /xingrg/kc/buy/cgsh_order_operate.html HTTP/1.1" 200 3835
124.78.159.199 - - [30/Nov/2022:10:50:36 +0800] "GET /xingrg/kc/buy/cgsh_order_add.html HTTP/1.1" 200 69561
1.85.125.46 - - [30/Nov/2022:10:50:36 +0800] "POST /xingrg/kc/buy/cgsh_order_operate.html HTTP/1.1" 200 12723
114.84.38.109 - - [30/Nov/2022:10:50:36 +0800] "POST /xingrg/kc/buy/cgsh_list_operate.html HTTP/1.1" 200 566
124.79.245.154 - - [30/Nov/2022:10:50:36 +0800] "GET /xingrg/all/function/internal_message.html?_=1669776850783&CODE_STATE=getMsg HTTP/1.1" 200 27
124.78.159.199 - - [30/Nov/2022:10:50:36 +0800] "POST /xingrg/kc/buy/cgsh_order_operate.html HTTP/1.1" 200 8245
124.78.159.199 - - [30/Nov/2022:10:50:36 +0800] "GET /xingrg/javascript/easyui/themes/default/validatebox.css HTTP/1.1" 404 1104
