180.163.29.103 - - [30/Nov/2022:10:32:59 +0800] "GET /xingrg/login.html HTTP/1.1" 200 7641
124.78.159.199 - - [30/Nov/2022:10:33:00 +0800] "GET /xingrg/all/function/internal_message.html?_=1669775578557&CODE_STATE=getMsg HTTP/1.1" 200 27
180.169.147.146 - - [30/Nov/2022:10:33:00 +0800] "GET /xingrg/check_reg.html?_=1669775572089 HTTP/1.1" 200 22
180.169.147.146 - - [30/Nov/2022:10:33:00 +0800] "GET /xingrg/all/function/internal_message.html?_=1669775572087&CODE_STATE=getMsg HTTP/1.1" 200 27
116.238.139.35 - - [30/Nov/2022:10:33:01 +0800] "GET /xingrg/all/function/internal_message.html?_=1669775575257&CODE_STATE=getMsg HTTP/1.1" 200 27
114.84.81.136 - - [30/Nov/2022:10:33:03 +0800] "POST /xingrg/dwr/call/plaincall/AjaxBaseInfoService.modifyAllBase.dwr HTTP/1.1" 200 76
114.84.81.136 - - [30/Nov/2022:10:33:03 +0800] "POST /xingrg/dwr/call/plaincall/AjaxBaseInfoService.modifyAllBase.dwr HTTP/1.1" 200 2327
114.88.159.190 - - [30/Nov/2022:10:33:03 +0800] "GET /xingrg/check_reg.html?_=1669775177086 HTTP/1.1" 200 22
114.88.159.190 - - [30/Nov/2022:10:33:03 +0800] "GET /xingrg/all/function/internal_message.html?_=1669775177087&CODE_STATE=getMsg HTTP/1.1" 200 27
114.88.159.190 - - [30/Nov/2022:10:33:06 +0800] "GET /xingrg/kc/buy/cgsh_order_operate.html?command=get_materiel&rest_code=00141&code=00102009637&supplier_code=00100075&order_time=2022-11-30 HTTP/1.1" 200 420
120.253.135.82 - - [30/Nov/2022:10:33:07 +0800] "GET /xingrg/check_reg.html?_=1669775382401 HTTP/1.1" 200 22
120.253.135.82 - - [30/Nov/2022:10:33:08 +0800] "GET /xingrg/all/function/internal_message.html?_=1669775383317&CODE_STATE=getMsg HTTP/1.1" 200 27
222.70.177.10 - - [30/Nov/2022:10:33:08 +0800] "GET /xingrg/all/function/internal_message.html?_=1669775584524&CODE_STATE=getMsg HTTP/1.1" 200 27
114.84.81.136 - - [30/Nov/2022:10:33:10 +0800] "GET /xingrg/system/info/base_info.html?code=0552 HTTP/1.1" 200 8214
114.84.81.136 - - [30/Nov/2022:10:33:10 +0800] "GET /xingrg/dwr/engine.js HTTP/1.1" 200 43631
114.84.81.136 - - [30/Nov/2022:10:33:10 +0800] "POST /xingrg/dwr/call/plaincall/AjaxBaseInfoService.modifyAllBase.dwr HTTP/1.1" 200 320
114.84.81.136 - - [30/Nov/2022:10:33:10 +0800] "GET /favicon.ico HTTP/1.1" 404 -
180.169.147.146 - - [30/Nov/2022:10:33:14 +0800] "GET /xingrg/javascript/auto/indicator.gif HTTP/1.1" 404 1066
180.169.147.146 - - [30/Nov/2022:10:33:14 +0800] "GET /xingrg/javascript/jquery_tools/images/next.gif HTTP/1.1" 404 1086
180.169.147.146 - - [30/Nov/2022:10:33:14 +0800] "GET /xingrg/javascript/jquery_tools/images/prev.gif HTTP/1.1" 404 1086
114.84.81.136 - - [30/Nov/2022:10:33:18 +0800] "GET /xingrg/all/function/internal_message.html?_=1669775590321&CODE_STATE=getMsg HTTP/1.1" 200 27
114.84.81.136 - - [30/Nov/2022:10:33:18 +0800] "GET /xingrg/check_reg.html?_=1669775591202 HTTP/1.1" 200 22
114.84.81.136 - - [30/Nov/2022:10:33:18 +0800] "GET /xingrg/all/function/internal_message.html?_=1669775591729&CODE_STATE=getMsg HTTP/1.1" 200 27
114.84.81.136 - - [30/Nov/2022:10:33:21 +0800] "POST /xingrg/dwr/call/plaincall/AjaxBaseInfoService.modifyAllBase.dwr HTTP/1.1" 200 76
114.84.81.136 - - [30/Nov/2022:10:33:21 +0800] "POST /xingrg/dwr/call/plaincall/AjaxBaseInfoService.modifyAllBase.dwr HTTP/1.1" 200 2321
114.83.219.57 - - [30/Nov/2022:10:33:22 +0800] "GET /xingrg/all/function/internal_message.html?_=1669775725863&CODE_STATE=getMsg HTTP/1.1" 200 27
114.95.43.237 - - [30/Nov/2022:10:33:22 +0800] "GET /xingrg/all/function/internal_message.html?_=1669775598123&CODE_STATE=getMsg HTTP/1.1" 200 27
116.238.139.35 - - [30/Nov/2022:10:33:22 +0800] "GET /xingrg/all/function/internal_message.html?_=1669775543229&CODE_STATE=getMsg HTTP/1.1" 200 27
180.169.147.146 - - [30/Nov/2022:10:33:23 +0800] "GET /xingrg/kc/buy/cgsh_order_operate.html?command=get_materiel&rest_code=00147&code=00101012019&supplier_code=00100242&order_time=2022-11-30 HTTP/1.1" 200 412
114.84.38.109 - - [30/Nov/2022:10:33:23 +0800] "GET /xingrg/all/function/internal_message.html?_=1669775606585&CODE_STATE=getMsg HTTP/1.1" 200 27
101.85.106.255 - - [30/Nov/2022:10:33:25 +0800] "GET /xingrg/all/function/internal_message.html?_=1669775598465&CODE_STATE=getMsg HTTP/1.1" 200 27
114.88.159.190 - - [30/Nov/2022:10:33:27 +0800] "POST /xingrg/kc/buy/cgsh_order_operate.html HTTP/1.1" 200 37
222.70.177.10 - - [30/Nov/2022:10:33:30 +0800] "GET /xingrg/all/function/internal_message.html?_=1669775603850&CODE_STATE=getMsg HTTP/1.1" 200 27
114.84.81.136 - - [30/Nov/2022:10:33:30 +0800] "GET /xingrg/system/info/base_info.html?code=0552 HTTP/1.1" 200 8214
114.84.81.136 - - [30/Nov/2022:10:33:30 +0800] "GET /xingrg/dwr/engine.js HTTP/1.1" 200 43631
114.84.81.136 - - [30/Nov/2022:10:33:30 +0800] "GET /favicon.ico HTTP/1.1" 404 -
114.84.81.136 - - [30/Nov/2022:10:33:30 +0800] "POST /xingrg/dwr/call/plaincall/AjaxBaseInfoService.modifyAllBase.dwr HTTP/1.1" 200 314
114.84.38.109 - - [30/Nov/2022:10:33:31 +0800] "GET /xingrg/check_reg.html?_=1669775605641 HTTP/1.1" 200 22
114.84.38.109 - - [30/Nov/2022:10:33:31 +0800] "GET /xingrg/all/function/internal_message.html?_=1669775605644&CODE_STATE=getMsg HTTP/1.1" 200 27
114.88.159.190 - - [30/Nov/2022:10:33:32 +0800] "POST /xingrg/kc/buy/cgsh_order_operate.html HTTP/1.1" 200 12
114.84.81.136 - - [30/Nov/2022:10:33:32 +0800] "POST /xingrg/dwr/call/plaincall/AjaxBaseInfoService.modifyAllBase.dwr HTTP/1.1" 200 76
114.84.81.136 - - [30/Nov/2022:10:33:32 +0800] "POST /xingrg/dwr/call/plaincall/AjaxBaseInfoService.modifyAllBase.dwr HTTP/1.1" 200 2321
114.88.159.190 - - [30/Nov/2022:10:33:33 +0800] "GET /xingrg/kc/buy/cgsh_order_info.html?code=212022113010263 HTTP/1.1" 200 64468
114.88.159.190 - - [30/Nov/2022:10:33:33 +0800] "GET /xingrg/javascript/easyui/themes/default/validatebox.css HTTP/1.1" 404 1104
114.88.159.190 - - [30/Nov/2022:10:33:34 +0800] "POST /xingrg/kc/buy/cgsh_order_operate.html HTTP/1.1" 200 1205
180.169.147.146 - - [30/Nov/2022:10:33:34 +0800] "GET /xingrg/kc/buy/cgsh_order_operate.html?command=get_materiel&rest_code=00147&code=00101012051&supplier_code=00100242&order_time=2022-11-30 HTTP/1.1" 200 409
114.88.159.190 - - [30/Nov/2022:10:33:35 +0800] "GET /xingrg/kc/print/load_data.html?order_code=212022113010263&kc_code=cgsh&condition= HTTP/1.1" 200 957
124.79.245.154 - - [30/Nov/2022:10:33:36 +0800] "GET /xingrg/all/function/internal_message.html?_=1669775830749&CODE_STATE=getMsg HTTP/1.1" 200 27
222.70.177.10 - - [30/Nov/2022:10:33:41 +0800] "GET /xingrg/all/function/internal_message.html?_=1669775617338&CODE_STATE=getMsg HTTP/1.1" 200 27
114.84.81.136 - - [30/Nov/2022:10:33:43 +0800] "GET /xingrg/all/function/internal_message.html?_=1669775621912&CODE_STATE=getMsg HTTP/1.1" 200 27
114.84.81.136 - - [30/Nov/2022:10:33:49 +0800] "POST /xingrg/dwr/call/plaincall/AjaxBaseInfoService.modifyAllBase.dwr HTTP/1.1" 200 2321
58.40.7.146 - - [30/Nov/2022:10:33:50 +0800] "GET /xingrg/all/function/internal_message.html?_=1669775623634&CODE_STATE=getMsg HTTP/1.1" 302 -
114.84.81.136 - - [30/Nov/2022:10:33:56 +0800] "GET /xingrg/system/info/base_info.html?code=0566 HTTP/1.1" 200 8214
114.84.81.136 - - [30/Nov/2022:10:33:56 +0800] "GET /xingrg/dwr/engine.js HTTP/1.1" 200 43631
114.84.81.136 - - [30/Nov/2022:10:33:56 +0800] "GET /favicon.ico HTTP/1.1" 404 -
114.84.81.136 - - [30/Nov/2022:10:33:56 +0800] "POST /xingrg/dwr/call/plaincall/AjaxBaseInfoService.modifyAllBase.dwr HTTP/1.1" 200 314
114.95.43.237 - - [30/Nov/2022:10:33:57 +0800] "GET /xingrg/check_reg.html?_=1669775479167 HTTP/1.1" 200 22
114.95.43.237 - - [30/Nov/2022:10:33:57 +0800] "GET /xingrg/all/function/internal_message.html?_=1669775479168&CODE_STATE=getMsg HTTP/1.1" 200 27
180.163.30.27 - - [30/Nov/2022:10:33:59 +0800] "GET /xingrg/all/function/internal_message.html?_=1669775578557&CODE_STATE=getMsg HTTP/1.1" 302 -
180.163.30.27 - - [30/Nov/2022:10:33:59 +0800] "GET /xingrg/login.html HTTP/1.1" 200 7641
124.78.159.199 - - [30/Nov/2022:10:34:00 +0800] "GET /xingrg/all/function/internal_message.html?_=1669775638538&CODE_STATE=getMsg HTTP/1.1" 200 27
180.169.147.146 - - [30/Nov/2022:10:34:00 +0800] "GET /xingrg/all/function/internal_message.html?_=1669775632085&CODE_STATE=getMsg HTTP/1.1" 200 27
180.169.147.146 - - [30/Nov/2022:10:34:00 +0800] "GET /xingrg/kc/buy/cgsh_order_operate.html?command=get_materiel&rest_code=00147&code=00101008332&supplier_code=00100242&order_time=2022-11-30 HTTP/1.1" 200 412
116.238.139.35 - - [30/Nov/2022:10:34:01 +0800] "GET /xingrg/all/function/internal_message.html?_=1669775635259&CODE_STATE=getMsg HTTP/1.1" 200 27
114.84.81.136 - - [30/Nov/2022:10:34:02 +0800] "POST /xingrg/dwr/call/plaincall/AjaxBaseInfoService.modifyAllBase.dwr HTTP/1.1" 200 76
114.84.81.136 - - [30/Nov/2022:10:34:02 +0800] "POST /xingrg/dwr/call/plaincall/AjaxBaseInfoService.modifyAllBase.dwr HTTP/1.1" 200 2321
114.88.159.190 - - [30/Nov/2022:10:34:03 +0800] "GET /xingrg/all/function/internal_message.html?_=1669775237083&CODE_STATE=getMsg HTTP/1.1" 200 27
114.84.81.136 - - [30/Nov/2022:10:34:04 +0800] "POST /xingrg/dwr/call/plaincall/AjaxBaseInfoService.modifyAllBase.dwr HTTP/1.1" 200 76
114.84.81.136 - - [30/Nov/2022:10:34:04 +0800] "POST /xingrg/dwr/call/plaincall/AjaxBaseInfoService.modifyAllBase.dwr HTTP/1.1" 200 2321
120.253.135.82 - - [30/Nov/2022:10:34:08 +0800] "GET /xingrg/all/function/internal_message.html?_=1669775443332&CODE_STATE=getMsg HTTP/1.1" 200 27
114.84.81.136 - - [30/Nov/2022:10:34:08 +0800] "POST /xingrg/dwr/call/plaincall/AjaxBaseInfoService.modifyAllBase.dwr HTTP/1.1" 200 1170
222.70.177.10 - - [30/Nov/2022:10:34:08 +0800] "GET /xingrg/all/function/internal_message.html?_=1669775644509&CODE_STATE=getMsg HTTP/1.1" 200 27
180.169.147.146 - - [30/Nov/2022:10:34:10 +0800] "GET /xingrg/kc/buy/cgsh_order_operate.html?command=get_materiel&rest_code=00147&code=00101020082&supplier_code=00100242&order_time=2022-11-30 HTTP/1.1" 200 409
114.84.81.136 - - [30/Nov/2022:10:34:18 +0800] "GET /xingrg/all/function/internal_message.html?_=1669775650321&CODE_STATE=getMsg HTTP/1.1" 200 27
114.84.81.136 - - [30/Nov/2022:10:34:18 +0800] "GET /xingrg/all/function/internal_message.html?_=1669775651715&CODE_STATE=getMsg HTTP/1.1" 200 27
180.169.147.146 - - [30/Nov/2022:10:34:20 +0800] "GET /xingrg/kc/buy/cgsh_order_operate.html?command=get_materiel&rest_code=00147&code=00101011005&supplier_code=00100242&order_time=2022-11-30 HTTP/1.1" 200 430
114.83.219.57 - - [30/Nov/2022:10:34:22 +0800] "GET /xingrg/all/function/internal_message.html?_=1669775785842&CODE_STATE=getMsg HTTP/1.1" 200 27
114.95.43.237 - - [30/Nov/2022:10:34:22 +0800] "GET /xingrg/all/function/internal_message.html?_=1669775658122&CODE_STATE=getMsg HTTP/1.1" 200 27
116.238.139.35 - - [30/Nov/2022:10:34:23 +0800] "GET /xingrg/all/function/internal_message.html?_=1669775603239&CODE_STATE=getMsg HTTP/1.1" 200 27
114.84.38.109 - - [30/Nov/2022:10:34:23 +0800] "GET /xingrg/all/function/internal_message.html?_=1669775666614&CODE_STATE=getMsg HTTP/1.1" 200 27
114.84.81.136 - - [30/Nov/2022:10:34:24 +0800] "POST /xingrg/dwr/call/plaincall/AjaxBaseInfoService.modifyAllBase.dwr HTTP/1.1" 200 2321
101.85.106.255 - - [30/Nov/2022:10:34:26 +0800] "GET /xingrg/check_reg.html?_=1669775658470 HTTP/1.1" 200 22
101.85.106.255 - - [30/Nov/2022:10:34:26 +0800] "GET /xingrg/all/function/internal_message.html?_=1669775658466&CODE_STATE=getMsg HTTP/1.1" 200 27
222.70.177.10 - - [30/Nov/2022:10:34:30 +0800] "GET /xingrg/all/function/internal_message.html?_=1669775663831&CODE_STATE=getMsg HTTP/1.1" 200 27
114.84.38.109 - - [30/Nov/2022:10:34:31 +0800] "GET /xingrg/all/function/internal_message.html?_=1669775665644&CODE_STATE=getMsg HTTP/1.1" 200 27
124.79.245.154 - - [30/Nov/2022:10:34:36 +0800] "GET /xingrg/all/function/internal_message.html?_=1669775890747&CODE_STATE=getMsg HTTP/1.1" 200 27
124.79.245.154 - - [30/Nov/2022:10:34:36 +0800] "GET /xingrg/check_reg.html?_=1669775890748 HTTP/1.1" 200 22
114.84.81.136 - - [30/Nov/2022:10:34:36 +0800] "POST /xingrg/dwr/call/plaincall/AjaxBaseInfoService.modifyAllBase.dwr HTTP/1.1" 200 2321
222.70.177.10 - - [30/Nov/2022:10:34:41 +0800] "GET /xingrg/all/function/internal_message.html?_=1669775677338&CODE_STATE=getMsg HTTP/1.1" 200 27
114.84.81.136 - - [30/Nov/2022:10:34:43 +0800] "GET /xingrg/all/function/internal_message.html?_=1669775681912&CODE_STATE=getMsg HTTP/1.1" 200 27
114.84.81.136 - - [30/Nov/2022:10:34:46 +0800] "POST /xingrg/dwr/call/plaincall/AjaxBaseInfoService.modifyAllBase.dwr HTTP/1.1" 200 1170
180.169.147.146 - - [30/Nov/2022:10:34:48 +0800] "POST /xingrg/kc/buy/cgsh_order_operate.html HTTP/1.1" 200 37
58.40.7.146 - - [30/Nov/2022:10:34:50 +0800] "GET /xingrg/all/function/internal_message.html?_=1669775683606&CODE_STATE=getMsg HTTP/1.1" 302 -
58.40.7.146 - - [30/Nov/2022:10:34:50 +0800] "GET /xingrg/check_reg.html?_=1669775684439 HTTP/1.1" 302 -
114.84.81.136 - - [30/Nov/2022:10:34:53 +0800] "GET /xingrg/system/info/base_info.html?code=0777 HTTP/1.1" 200 8214
114.84.81.136 - - [30/Nov/2022:10:34:53 +0800] "GET /xingrg/dwr/engine.js HTTP/1.1" 200 43631
114.84.81.136 - - [30/Nov/2022:10:34:53 +0800] "GET /favicon.ico HTTP/1.1" 404 -
114.84.81.136 - - [30/Nov/2022:10:34:53 +0800] "POST /xingrg/dwr/call/plaincall/AjaxBaseInfoService.modifyAllBase.dwr HTTP/1.1" 200 314
180.162.229.95 - - [30/Nov/2022:10:34:56 +0800] "GET /xingrg/check_reg.html?_=1669775690012 HTTP/1.1" 200 22
114.95.43.237 - - [30/Nov/2022:10:34:57 +0800] "GET /xingrg/all/function/internal_message.html?_=1669775539166&CODE_STATE=getMsg HTTP/1.1" 200 27
124.78.9.54 - - [30/Nov/2022:10:34:58 +0800] "GET /favicon.ico HTTP/1.1" 404 -
124.78.159.199 - - [30/Nov/2022:10:35:00 +0800] "GET /xingrg/all/function/internal_message.html?_=1669775698508&CODE_STATE=getMsg HTTP/1.1" 200 27
124.78.159.199 - - [30/Nov/2022:10:35:00 +0800] "GET /xingrg/check_reg.html?_=1669775698775 HTTP/1.1" 200 22
114.84.81.136 - - [30/Nov/2022:10:35:01 +0800] "GET /xingrg/system/info/base_info.html?isAdd=1 HTTP/1.1" 200 8204
114.84.81.136 - - [30/Nov/2022:10:35:01 +0800] "GET /xingrg/dwr/engine.js HTTP/1.1" 200 43631
114.84.81.136 - - [30/Nov/2022:10:35:01 +0800] "GET /favicon.ico HTTP/1.1" 404 -
114.84.81.136 - - [30/Nov/2022:10:35:01 +0800] "POST /xingrg/dwr/call/plaincall/AjaxBaseInfoService.modifyAllBase.dwr HTTP/1.1" 200 87
116.238.139.35 - - [30/Nov/2022:10:35:01 +0800] "GET /xingrg/all/function/internal_message.html?_=1669775695262&CODE_STATE=getMsg HTTP/1.1" 200 27
114.88.159.190 - - [30/Nov/2022:10:35:03 +0800] "GET /xingrg/all/function/internal_message.html?_=1669775297079&CODE_STATE=getMsg HTTP/1.1" 200 27
114.84.81.136 - - [30/Nov/2022:10:35:05 +0800] "POST /xingrg/dwr/call/plaincall/AjaxBaseInfoService.modifyAllBase.dwr HTTP/1.1" 200 76
114.84.81.136 - - [30/Nov/2022:10:35:05 +0800] "POST /xingrg/dwr/call/plaincall/AjaxBaseInfoService.modifyAllBase.dwr HTTP/1.1" 200 1314
120.253.135.82 - - [30/Nov/2022:10:35:08 +0800] "GET /xingrg/all/function/internal_message.html?_=1669775503348&CODE_STATE=getMsg HTTP/1.1" 200 27
222.70.177.10 - - [30/Nov/2022:10:35:08 +0800] "GET /xingrg/check_reg.html?_=1669775704525 HTTP/1.1" 200 22
222.70.177.10 - - [30/Nov/2022:10:35:08 +0800] "GET /xingrg/all/function/internal_message.html?_=1669775704527&CODE_STATE=getMsg HTTP/1.1" 200 27
180.169.147.146 - - [30/Nov/2022:10:35:09 +0800] "POST /xingrg/kc/buy/cgsh_order_operate.html HTTP/1.1" 200 5017
180.169.147.146 - - [30/Nov/2022:10:35:10 +0800] "GET /xingrg/kc/print/load_config.html?kc_code=cgsh HTTP/1.1" 200 1943
180.169.147.146 - - [30/Nov/2022:10:35:10 +0800] "GET /xingrg/kc/print/load_data.html?order_code=212022113010264&kc_code=cgsh&condition= HTTP/1.1" 200 1547
114.84.81.136 - - [30/Nov/2022:10:35:13 +0800] "GET /xingrg/kc/base/base_main.html HTTP/1.1" 200 12142
114.84.81.136 - - [30/Nov/2022:10:35:14 +0800] "GET /xingrg/kc/base/check_order_list.html HTTP/1.1" 200 16491
114.84.81.136 - - [30/Nov/2022:10:35:14 +0800] "POST /xingrg/kc/base/check_list_operate.html HTTP/1.1" 200 781
114.84.81.136 - - [30/Nov/2022:10:35:16 +0800] "GET /xingrg/kc/base/check_order_add.html HTTP/1.1" 200 26352
114.84.81.136 - - [30/Nov/2022:10:35:16 +0800] "GET /xingrg/dwr/interface/AjaxComOrderService.js HTTP/1.1" 200 18264
114.84.81.136 - - [30/Nov/2022:10:35:16 +0800] "GET /xingrg/dwr/interface/AjaxCheckService.js HTTP/1.1" 200 14003
114.84.81.136 - - [30/Nov/2022:10:35:16 +0800] "GET /xingrg/dwr/engine.js HTTP/1.1" 200 43631
114.84.81.136 - - [30/Nov/2022:10:35:18 +0800] "GET /xingrg/all/function/internal_message.html?_=1669775710316&CODE_STATE=getMsg HTTP/1.1" 200 27
114.84.81.136 - - [30/Nov/2022:10:35:18 +0800] "GET /xingrg/all/function/internal_message.html?_=1669775711702&CODE_STATE=getMsg HTTP/1.1" 200 27
114.84.81.136 - - [30/Nov/2022:10:35:21 +0800] "POST /xingrg/dwr/call/plaincall/AjaxCheckService.saveOrder.dwr HTTP/1.1" 200 78
114.84.81.136 - - [30/Nov/2022:10:35:22 +0800] "POST /xingrg/dwr/call/plaincall/AjaxCheckService.loadOrderItems.dwr HTTP/1.1" 200 367
114.83.219.57 - - [30/Nov/2022:10:35:22 +0800] "GET /xingrg/all/function/internal_message.html?_=1669775845833&CODE_STATE=getMsg HTTP/1.1" 200 27
116.238.139.35 - - [30/Nov/2022:10:35:22 +0800] "GET /xingrg/check_reg.html?_=1669775663071 HTTP/1.1" 200 22
114.95.43.237 - - [30/Nov/2022:10:35:22 +0800] "GET /xingrg/all/function/internal_message.html?_=1669775718123&CODE_STATE=getMsg HTTP/1.1" 200 27
116.238.139.35 - - [30/Nov/2022:10:35:22 +0800] "GET /xingrg/all/function/internal_message.html?_=1669775663253&CODE_STATE=getMsg HTTP/1.1" 200 27
114.84.38.109 - - [30/Nov/2022:10:35:23 +0800] "GET /xingrg/all/function/internal_message.html?_=1669775726628&CODE_STATE=getMsg HTTP/1.1" 200 27
58.40.7.146 - - [30/Nov/2022:10:35:24 +0800] "GET /xingrg/index.html?sysBaseUrl=http%3A%2F%2F180.169.147.146%3A18081%2Fxingrg%2F&costTime=41×tamp=1619763327895 HTTP/1.1" 200 17503
58.40.7.146 - - [30/Nov/2022:10:35:24 +0800] "GET /xingrg/javascript/jquery_easy_ui/easyui-lang-zh_CN.js HTTP/1.1" 200 1900
58.40.7.146 - - [30/Nov/2022:10:35:24 +0800] "GET /xingrg/javascript/jquery.form.js HTTP/1.1" 200 23110
58.40.7.146 - - [30/Nov/2022:10:35:24 +0800] "GET /xingrg/javascript/jquery.timers.js HTTP/1.1" 200 3532
58.40.7.146 - - [30/Nov/2022:10:35:25 +0800] "GET /xingrg/images/blue/jxLogo.png HTTP/1.1" 200 6156
58.40.7.146 - - [30/Nov/2022:10:35:25 +0800] "GET /xingrg/javascript/jquery_easy_ui/themes/icons/settle_new.png HTTP/1.1" 200 826
58.40.7.146 - - [30/Nov/2022:10:35:25 +0800] "GET /xingrg/images/blue/navBackgound.jpg HTTP/1.1" 200 12378
58.40.7.146 - - [30/Nov/2022:10:35:25 +0800] "POST /xingrg/all/common/load_tree.html?tree=area_rest_tree_json&manage=1 HTTP/1.1" 200 597
58.40.7.146 - - [30/Nov/2022:10:35:25 +0800] "GET /xingrg/images/blue/pingpu.png HTTP/1.1" 200 231
58.40.7.146 - - [30/Nov/2022:10:35:25 +0800] "GET /xingrg/check_reg.html?_=1669775719061 HTTP/1.1" 200 22
58.40.7.146 - - [30/Nov/2022:10:35:25 +0800] "GET /xingrg/all/function/internal_message.html?_=1669775719060&CODE_STATE=count HTTP/1.1" 200 11
58.40.7.146 - - [30/Nov/2022:10:35:25 +0800] "GET /xingrg/javascript/jquery_easy_ui/themes/default/images/panel_tool_expand.gif HTTP/1.1" 200 247
58.40.7.146 - - [30/Nov/2022:10:35:25 +0800] "GET /xingrg/javascript/jquery_easy_ui/themes/default/images/tabs_leftarrow.png HTTP/1.1" 200 389
58.40.7.146 - - [30/Nov/2022:10:35:25 +0800] "GET /xingrg/javascript/jquery_easy_ui/themes/default/images/tabs_rightarrow.png HTTP/1.1" 200 395
58.40.7.146 - - [30/Nov/2022:10:35:25 +0800] "GET /xingrg/javascript/jquery_easy_ui/themes/default/images/panel_tool_collapse.gif HTTP/1.1" 200 246
58.40.7.146 - - [30/Nov/2022:10:35:25 +0800] "GET /favicon.ico HTTP/1.1" 404 -
101.85.106.255 - - [30/Nov/2022:10:35:26 +0800] "GET /xingrg/all/function/internal_message.html?_=1669775718470&CODE_STATE=getMsg HTTP/1.1" 200 27
58.40.7.146 - - [30/Nov/2022:10:35:26 +0800] "POST /xingrg/load_menu.html HTTP/1.1" 200 11564
58.40.7.146 - - [30/Nov/2022:10:35:27 +0800] "GET /xingrg/javascript/jquery_easy_ui/themes/default/images/tree_folder_open.gif HTTP/1.1" 200 956
58.40.7.146 - - [30/Nov/2022:10:35:27 +0800] "GET /xingrg/javascript/jquery_easy_ui/themes/default/images/tree_arrows.gif HTTP/1.1" 200 1043
58.40.7.146 - - [30/Nov/2022:10:35:27 +0800] "GET /xingrg/javascript/jquery_easy_ui/themes/icons/search_new.png HTTP/1.1" 200 586
58.40.7.146 - - [30/Nov/2022:10:35:27 +0800] "GET /xingrg/javascript/jquery_easy_ui/themes/icons/delivery_new.png HTTP/1.1" 200 700
58.40.7.146 - - [30/Nov/2022:10:35:27 +0800] "GET /xingrg/javascript/jquery_easy_ui/themes/icons/storage_new.png HTTP/1.1" 200 853
58.40.7.146 - - [30/Nov/2022:10:35:27 +0800] "GET /xingrg/javascript/jquery_easy_ui/themes/icons/checkout_new.png HTTP/1.1" 200 744
58.40.7.146 - - [30/Nov/2022:10:35:27 +0800] "GET /xingrg/javascript/jquery_easy_ui/themes/icons/forms_new.png HTTP/1.1" 200 350
58.40.7.146 - - [30/Nov/2022:10:35:27 +0800] "GET /xingrg/javascript/jquery_easy_ui/themes/icons/setting_new.png HTTP/1.1" 200 450
58.40.7.146 - - [30/Nov/2022:10:35:27 +0800] "GET /xingrg/javascript/jquery_easy_ui/themes/default/images/tree_folder.gif HTTP/1.1" 200 952
58.40.7.146 - - [30/Nov/2022:10:35:27 +0800] "GET /xingrg/javascript/jquery_easy_ui/themes/icons/systemset_new.png HTTP/1.1" 200 606
58.40.7.146 - - [30/Nov/2022:10:35:27 +0800] "GET /xingrg/javascript/jquery_easy_ui/themes/default/images/tree_file.gif HTTP/1.1" 200 118
58.40.7.146 - - [30/Nov/2022:10:35:28 +0800] "GET /xingrg/javascript/jquery_easy_ui/themes/default/images/tabs_close.gif HTTP/1.1" 200 829
58.40.7.146 - - [30/Nov/2022:10:35:28 +0800] "GET /xingrg/kc/report/report_main.html HTTP/1.1" 200 8599
58.40.7.146 - - [30/Nov/2022:10:35:28 +0800] "GET /xingrg/javascript/jquery_easy_ui/themes/icons/back_new.png HTTP/1.1" 200 3414
114.84.81.136 - - [30/Nov/2022:10:35:28 +0800] "POST /xingrg/dwr/call/plaincall/AjaxCheckService.importOrderItems.dwr HTTP/1.1" 200 78
114.84.81.136 - - [30/Nov/2022:10:35:30 +0800] "POST /xingrg/dwr/call/plaincall/AjaxCheckService.loadOrderItems.dwr HTTP/1.1" 200 367
222.70.177.10 - - [30/Nov/2022:10:35:30 +0800] "GET /xingrg/all/function/internal_message.html?_=1669775723806&CODE_STATE=getMsg HTTP/1.1" 200 27
114.84.38.109 - - [30/Nov/2022:10:35:31 +0800] "GET /xingrg/all/function/internal_message.html?_=1669775725651&CODE_STATE=getMsg HTTP/1.1" 200 27
58.40.7.146 - - [30/Nov/2022:10:35:32 +0800] "GET /xingrg/kc/base/check_order_list.html HTTP/1.1" 200 16481
58.40.7.146 - - [30/Nov/2022:10:35:32 +0800] "GET /xingrg/css/base.css HTTP/1.1" 200 2811
58.40.7.146 - - [30/Nov/2022:10:35:32 +0800] "GET /xingrg/css/site.css HTTP/1.1" 200 7541
58.40.7.146 - - [30/Nov/2022:10:35:32 +0800] "GET /xingrg/javascript/jquery_tools/datebox.css HTTP/1.1" 200 2597
58.40.7.146 - - [30/Nov/2022:10:35:32 +0800] "GET /xingrg/javascript/easyui/themes/icon.css HTTP/1.1" 200 4483
58.40.7.146 - - [30/Nov/2022:10:35:32 +0800] "GET /xingrg/javascript/auto/jquery.autocomplete.css HTTP/1.1" 200 587
58.40.7.146 - - [30/Nov/2022:10:35:32 +0800] "GET /xingrg/javascript/jquery_tools/fix.css HTTP/1.1" 200 1702
58.40.7.146 - - [30/Nov/2022:10:35:32 +0800] "GET /xingrg/javascript/jquery_tools/table.css HTTP/1.1" 200 1032
58.40.7.146 - - [30/Nov/2022:10:35:32 +0800] "GET /xingrg/javascript/jquery_tools/jquery.tools.min.js HTTP/1.1" 200 138801
58.40.7.146 - - [30/Nov/2022:10:35:32 +0800] "GET /xingrg/javascript/jquery_tools/jquery.tools.hotkey.js HTTP/1.1" 200 3242
58.40.7.146 - - [30/Nov/2022:10:35:32 +0800] "GET /xingrg/javascript/jquery_tools/list_manager.js HTTP/1.1" 200 3652
58.40.7.146 - - [30/Nov/2022:10:35:32 +0800] "GET /xingrg/javascript/jquery_tools/jquery.tools.table.js HTTP/1.1" 200 6994
58.40.7.146 - - [30/Nov/2022:10:35:32 +0800] "GET /xingrg/javascript/easyui/easyloader.js HTTP/1.1" 200 5975
58.40.7.146 - - [30/Nov/2022:10:35:32 +0800] "GET /xingrg/javascript/easyui/themes/default/easyui.css HTTP/1.1" 200 30432
58.40.7.146 - - [30/Nov/2022:10:35:32 +0800] "GET /xingrg/javascript/jquery.cookie.js HTTP/1.1" 200 5513
58.40.7.146 - - [30/Nov/2022:10:35:32 +0800] "GET /xingrg/javascript/jquery_tools/jquery.tools.extend.js HTTP/1.1" 200 15385
58.40.7.146 - - [30/Nov/2022:10:35:32 +0800] "GET /xingrg/javascript/auto/jquery.autocomplete.js HTTP/1.1" 200 21624
58.40.7.146 - - [30/Nov/2022:10:35:32 +0800] "GET /xingrg/javascript/easyui/themes/icons/edit_add_new.png HTTP/1.1" 200 2997
58.40.7.146 - - [30/Nov/2022:10:35:32 +0800] "GET /xingrg/javascript/easyui/themes/icons/cance_new.png HTTP/1.1" 200 3986
58.40.7.146 - - [30/Nov/2022:10:35:32 +0800] "GET /xingrg/javascript/easyui/themes/icons/check_new.png HTTP/1.1" 200 3224
58.40.7.146 - - [30/Nov/2022:10:35:32 +0800] "GET /xingrg/javascript/easyui/themes/icons/uncheck_new.png HTTP/1.1" 200 3197
58.40.7.146 - - [30/Nov/2022:10:35:32 +0800] "GET /xingrg/javascript/easyui/themes/icons/field_new.png HTTP/1.1" 200 1097
58.40.7.146 - - [30/Nov/2022:10:35:32 +0800] "GET /xingrg/javascript/easyui/plugins/jquery.parser.js HTTP/1.1" 200 1142
58.40.7.146 - - [30/Nov/2022:10:35:32 +0800] "GET /xingrg/images/control/ajaxLoader.gif HTTP/1.1" 200 4659
58.40.7.146 - - [30/Nov/2022:10:35:32 +0800] "POST /xingrg/kc/base/check_list_operate.html HTTP/1.1" 200 3222
114.84.81.136 - - [30/Nov/2022:10:35:33 +0800] "POST /xingrg/dwr/call/plaincall/AjaxCheckService.saveOrder.dwr HTTP/1.1" 200 78
58.40.7.146 - - [30/Nov/2022:10:35:34 +0800] "GET /xingrg/javascript/jquery_easy_ui/themes/default/images/button_span_bg.gif HTTP/1.1" 200 2061
58.40.7.146 - - [30/Nov/2022:10:35:34 +0800] "GET /xingrg/javascript/jquery_easy_ui/themes/icons/ok.png HTTP/1.1" 200 883
58.40.7.146 - - [30/Nov/2022:10:35:34 +0800] "GET /xingrg/javascript/jquery_easy_ui/themes/default/images/panel_title.png HTTP/1.1" 200 266
58.40.7.146 - - [30/Nov/2022:10:35:34 +0800] "GET /xingrg/javascript/jquery_easy_ui/themes/default/images/panel_tools.gif HTTP/1.1" 200 737
114.84.81.136 - - [30/Nov/2022:10:35:34 +0800] "POST /xingrg/dwr/call/plaincall/AjaxCheckService.loadOrderItems.dwr HTTP/1.1" 200 367
124.79.245.154 - - [30/Nov/2022:10:35:36 +0800] "GET /xingrg/all/function/internal_message.html?_=1669775950746&CODE_STATE=getMsg HTTP/1.1" 200 27
58.40.7.146 - - [30/Nov/2022:10:35:36 +0800] "POST /xingrg/all/user/operate.html HTTP/1.1" 200 36
58.40.7.146 - - [30/Nov/2022:10:35:36 +0800] "GET /xingrg/index.html?sysBaseUrl=http%3A%2F%2F180.169.147.146%3A18081%2Fxingrg%2F&costTime=41×tamp=1619763327895 HTTP/1.1" 200 17507
58.40.7.146 - - [30/Nov/2022:10:35:36 +0800] "GET /xingrg/javascript/jquery_easy_ui/themes/default/easyui.css HTTP/1.1" 304 -
58.40.7.146 - - [30/Nov/2022:10:35:36 +0800] "GET /xingrg/javascript/jquery_easy_ui/themes/icon.css HTTP/1.1" 304 -
58.40.7.146 - - [30/Nov/2022:10:35:36 +0800] "GET /xingrg/css/form.css HTTP/1.1" 304 -
58.40.7.146 - - [30/Nov/2022:10:35:36 +0800] "GET /xingrg/javascript/jquery-1.4.2.min.js HTTP/1.1" 304 -
58.40.7.146 - - [30/Nov/2022:10:35:36 +0800] "GET /xingrg/javascript/jquery_easy_ui/jquery.easyui.min.js HTTP/1.1" 304 -
58.40.7.146 - - [30/Nov/2022:10:35:36 +0800] "GET /xingrg/javascript/jquery_easy_ui/easyui-lang-zh_CN.js HTTP/1.1" 304 -
58.40.7.146 - - [30/Nov/2022:10:35:36 +0800] "GET /xingrg/javascript/jquery.form.js HTTP/1.1" 304 -
58.40.7.146 - - [30/Nov/2022:10:35:36 +0800] "GET /xingrg/javascript/jquery.utils.js HTTP/1.1" 304 -
58.40.7.146 - - [30/Nov/2022:10:35:36 +0800] "GET /xingrg/javascript/jquery.timers.js HTTP/1.1" 304 -
58.40.7.146 - - [30/Nov/2022:10:35:36 +0800] "GET /xingrg/images/blue/jxLogo.png HTTP/1.1" 304 -
58.40.7.146 - - [30/Nov/2022:10:35:36 +0800] "GET /xingrg/images/blue/navBackgound.jpg HTTP/1.1" 304 -
58.40.7.146 - - [30/Nov/2022:10:35:36 +0800] "GET /xingrg/javascript/jquery_easy_ui/themes/icons/settle_new.png HTTP/1.1" 304 -
58.40.7.146 - - [30/Nov/2022:10:35:36 +0800] "POST /xingrg/all/common/load_tree.html?tree=area_rest_tree_json&manage=1 HTTP/1.1" 200 597
58.40.7.146 - - [30/Nov/2022:10:35:36 +0800] "GET /xingrg/check_reg.html?_=1669775730218 HTTP/1.1" 200 22
58.40.7.146 - - [30/Nov/2022:10:35:36 +0800] "GET /xingrg/all/function/internal_message.html?_=1669775730218&CODE_STATE=count HTTP/1.1" 200 11
58.40.7.146 - - [30/Nov/2022:10:35:36 +0800] "GET /xingrg/javascript/jquery_easy_ui/themes/default/images/tabs_rightarrow.png HTTP/1.1" 304 -
58.40.7.146 - - [30/Nov/2022:10:35:36 +0800] "GET /xingrg/javascript/jquery_easy_ui/themes/default/images/panel_tool_collapse.gif HTTP/1.1" 304 -
58.40.7.146 - - [30/Nov/2022:10:35:36 +0800] "GET /xingrg/javascript/jquery_easy_ui/themes/default/images/panel_tool_expand.gif HTTP/1.1" 304 -
58.40.7.146 - - [30/Nov/2022:10:35:36 +0800] "GET /xingrg/images/blue/pingpu.png HTTP/1.1" 304 -
58.40.7.146 - - [30/Nov/2022:10:35:36 +0800] "GET /xingrg/javascript/jquery_easy_ui/themes/default/images/tabs_leftarrow.png HTTP/1.1" 304 -
58.40.7.146 - - [30/Nov/2022:10:35:36 +0800] "POST /xingrg/load_menu.html HTTP/1.1" 200 9959
180.169.147.146 - - [30/Nov/2022:10:35:36 +0800] "GET /xingrg/check_reg.html?_=1669775731183 HTTP/1.1" 302 -
58.40.7.146 - - [30/Nov/2022:10:35:37 +0800] "GET /xingrg/kc/report/report_main.html HTTP/1.1" 200 7340
114.84.81.136 - - [30/Nov/2022:10:35:38 +0800] "POST /xingrg/dwr/call/plaincall/AjaxCheckService.importOrderItems.dwr HTTP/1.1" 200 78
114.84.81.136 - - [30/Nov/2022:10:35:39 +0800] "POST /xingrg/dwr/call/plaincall/AjaxCheckService.loadOrderItems.dwr HTTP/1.1" 200 367
222.70.177.10 - - [30/Nov/2022:10:35:41 +0800] "GET /xingrg/all/function/internal_message.html?_=1669775737334&CODE_STATE=getMsg HTTP/1.1" 200 27
222.70.177.10 - - [30/Nov/2022:10:35:41 +0800] "GET /xingrg/check_reg.html?_=1669775737337 HTTP/1.1" 200 22
114.84.81.136 - - [30/Nov/2022:10:35:42 +0800] "POST /xingrg/kc/base/check_list_operate.html HTTP/1.1" 200 1560
114.84.81.136 - - [30/Nov/2022:10:35:43 +0800] "GET /xingrg/all/function/internal_message.html?_=1669775741911&CODE_STATE=getMsg HTTP/1.1" 200 27
58.40.7.146 - - [30/Nov/2022:10:35:43 +0800] "GET /xingrg/kc/base/check_order_list.html HTTP/1.1" 200 16485
58.40.7.146 - - [30/Nov/2022:10:35:43 +0800] "POST /xingrg/kc/base/check_list_operate.html HTTP/1.1" 200 781
58.40.7.146 - - [30/Nov/2022:10:35:44 +0800] "GET /xingrg/javascript/easyui/themes/default/images/button_plain_hover.png HTTP/1.1" 200 144
58.40.7.146 - - [30/Nov/2022:10:35:45 +0800] "GET /xingrg/kc/base/check_order_add.html HTTP/1.1" 200 26107
58.40.7.146 - - [30/Nov/2022:10:35:45 +0800] "GET /xingrg/css/table.css HTTP/1.1" 200 3684
58.40.7.146 - - [30/Nov/2022:10:35:45 +0800] "GET /xingrg/dwr/interface/AjaxComOrderService.js HTTP/1.1" 200 18264
58.40.7.146 - - [30/Nov/2022:10:35:45 +0800] "GET /xingrg/javascript/AjaxInfoList.js HTTP/1.1" 200 3774
58.40.7.146 - - [30/Nov/2022:10:35:45 +0800] "GET /xingrg/dwr/interface/AjaxCheckService.js HTTP/1.1" 200 14003
58.40.7.146 - - [30/Nov/2022:10:35:45 +0800] "GET /xingrg/javascript/convert.js HTTP/1.1" 200 1239
58.40.7.146 - - [30/Nov/2022:10:35:45 +0800] "GET /xingrg/javascript/print/LodopFuncs.js HTTP/1.1" 200 5121
58.40.7.146 - - [30/Nov/2022:10:35:45 +0800] "GET /xingrg/dwr/engine.js HTTP/1.1" 200 43631
58.40.7.146 - - [30/Nov/2022:10:35:45 +0800] "GET /xingrg/javascript/print/kc_print.js HTTP/1.1" 200 11415
114.84.81.136 - - [30/Nov/2022:10:35:46 +0800] "POST /xingrg/kc/base/check_list_operate.html HTTP/1.1" 200 4
58.40.7.146 - - [30/Nov/2022:10:35:47 +0800] "GET /xingrg/javascript/jquery_easy_ui/themes/icons/check_new.png HTTP/1.1" 200 3224
58.40.7.146 - - [30/Nov/2022:10:35:47 +0800] "GET /xingrg/javascript/jquery_easy_ui/themes/icons/cance_new.png HTTP/1.1" 200 3986
114.84.81.136 - - [30/Nov/2022:10:35:47 +0800] "POST /xingrg/kc/base/check_list_operate.html HTTP/1.1" 200 781
58.40.7.146 - - [30/Nov/2022:10:35:50 +0800] "GET /xingrg/all/function/internal_message.html?_=1669775743582&CODE_STATE=getMsg HTTP/1.1" 302 -
114.84.81.136 - - [30/Nov/2022:10:35:50 +0800] "GET /xingrg/kc/report/report_main.html HTTP/1.1" 200 7340
114.84.81.136 - - [30/Nov/2022:10:35:52 +0800] "GET /xingrg/kc/base/crk_hz.html HTTP/1.1" 200 11247
114.84.81.136 - - [30/Nov/2022:10:35:52 +0800] "POST /xingrg/kc/cost/cost_operate.html?command=get_base_tree HTTP/1.1" 200 2580
114.84.81.136 - - [30/Nov/2022:10:35:52 +0800] "POST /xingrg/all/common/load_tree.html?tree=materiel_sort_tree_json HTTP/1.1" 200 9500
180.169.147.146 - - [30/Nov/2022:10:35:52 +0800] "GET /xingrg/kc/buy/cgsh_order_add.html HTTP/1.1" 200 69564
180.169.147.146 - - [30/Nov/2022:10:35:53 +0800] "GET /xingrg/words/20221130103024_words.js HTTP/1.1" 304 -
180.169.147.146 - - [30/Nov/2022:10:35:53 +0800] "POST /xingrg/kc/buy/cgsh_order_operate.html HTTP/1.1" 200 8245
180.169.147.146 - - [30/Nov/2022:10:35:53 +0800] "GET /xingrg/javascript/easyui/themes/default/validatebox.css HTTP/1.1" 404 1104
114.84.81.136 - - [30/Nov/2022:10:35:55 +0800] "GET /xingrg/kc/base/crk_hz.html?_=1669775748303&command=get_cost_id&end_date=2022-11-30&start_date=2022-11-01 HTTP/1.1" 200 51
114.84.81.136 - - [30/Nov/2022:10:35:55 +0800] "GET /xingrg/all/report/report_query.html?isQuery=1&onlyBody=1&rh=99999&rw=1800&varString=start:20221101,cost_id:3383,mid:20211001&fileName=kc/base/crk_hz_type_by_base.xml&queryString=&queryText=ÈÕÆÚ£º2022-11-01ÖÁ2022-11-30&tableQueryString=materiel_table$sp1$$sp$before_table$sp1$$sp$crk_table$sp1$order_day%20between%2020221101%20and%2020221130 HTTP/1.1" 200 49363
114.84.81.136 - - [30/Nov/2022:10:35:55 +0800] "GET /xingrg/dwr/interface/AjaxReportQueryService.js HTTP/1.1" 200 13203
114.84.81.136 - - [30/Nov/2022:10:35:55 +0800] "GET /xingrg/dwr/engine.js HTTP/1.1" 200 43631
114.84.81.136 - - [30/Nov/2022:10:35:57 +0800] "POST /xingrg/all/report/load_report_page.html HTTP/1.1" 200 662989
114.84.81.136 - - [30/Nov/2022:10:35:57 +0800] "GET /xingrg/servlets/image?cache=0.3345539300155409&image=px HTTP/1.1" 200 807
114.95.43.237 - - [30/Nov/2022:10:35:57 +0800] "GET /xingrg/all/function/internal_message.html?_=1669775599164&CODE_STATE=getMsg HTTP/1.1" 200 27
180.163.29.103 - - [30/Nov/2022:10:36:00 +0800] "GET /xingrg/all/function/internal_message.html?_=1669775698508&CODE_STATE=getMsg HTTP/1.1" 302 -
180.163.29.103 - - [30/Nov/2022:10:36:00 +0800] "GET /xingrg/login.html HTTP/1.1" 200 7641
180.169.147.146 - - [30/Nov/2022:10:36:00 +0800] "GET /xingrg/all/function/internal_message.html?_=1669775752097&CODE_STATE=getMsg HTTP/1.1" 200 27
116.238.139.35 - - [30/Nov/2022:10:36:01 +0800] "GET /xingrg/all/function/internal_message.html?_=1669775755263&CODE_STATE=getMsg HTTP/1.1" 200 27
124.78.159.199 - - [30/Nov/2022:10:36:02 +0800] "GET /xingrg/all/function/internal_message.html?_=1669775758475&CODE_STATE=getMsg HTTP/1.1" 200 27
180.163.29.206 - - [30/Nov/2022:10:36:02 +0800] "GET /xingrg/check_reg.html?_=1669775698775 HTTP/1.1" 302 -
180.163.29.206 - - [30/Nov/2022:10:36:02 +0800] "GET /xingrg/login.html HTTP/1.1" 200 7641
180.169.147.146 - - [30/Nov/2022:10:36:03 +0800] "GET /xingrg/kc/buy/cgsh_order_operate.html?command=get_materiel&rest_code=00147&code=00101007072&supplier_code=00100004&order_time=2022-11-30 HTTP/1.1" 200 413
114.88.159.190 - - [30/Nov/2022:10:36:03 +0800] "GET /xingrg/all/function/internal_message.html?_=1669775357086&CODE_STATE=getMsg HTTP/1.1" 200 27
222.70.177.10 - - [30/Nov/2022:10:36:08 +0800] "GET /xingrg/all/function/internal_message.html?_=1669775764512&CODE_STATE=getMsg HTTP/1.1" 200 27
101.80.228.88 - - [30/Nov/2022:10:36:12 +0800] "POST /xingrg/services/DataTransmitService HTTP/1.1" 200 524
101.80.228.88 - - [30/Nov/2022:10:36:13 +0800] "POST /xingrg/services/DataTransmitService HTTP/1.1" 200 2147
101.80.228.88 - - [30/Nov/2022:10:36:13 +0800] "POST /xingrg/services/DataTransmitService HTTP/1.1" 200 117167
114.84.81.136 - - [30/Nov/2022:10:36:18 +0800] "GET /xingrg/all/function/internal_message.html?_=1669775770305&CODE_STATE=getMsg HTTP/1.1" 200 27
114.84.81.136 - - [30/Nov/2022:10:36:18 +0800] "GET /xingrg/check_reg.html?_=1669775770307 HTTP/1.1" 200 22
114.84.81.136 - - [30/Nov/2022:10:36:18 +0800] "GET /xingrg/all/function/internal_message.html?_=1669775771754&CODE_STATE=getMsg HTTP/1.1" 200 27
114.83.219.57 - - [30/Nov/2022:10:36:22 +0800] "GET /xingrg/all/function/internal_message.html?_=1669775905808&CODE_STATE=getMsg HTTP/1.1" 200 27
114.95.43.237 - - [30/Nov/2022:10:36:22 +0800] "GET /xingrg/all/function/internal_message.html?_=1669775778123&CODE_STATE=getMsg HTTP/1.1" 200 27
116.238.139.35 - - [30/Nov/2022:10:36:23 +0800] "GET /xingrg/all/function/internal_message.html?_=1669775723266&CODE_STATE=getMsg HTTP/1.1" 200 27
101.80.228.88 - - [30/Nov/2022:10:36:23 +0800] "POST /xingrg/services/DataTransmitService HTTP/1.1" 200 524
101.80.228.88 - - [30/Nov/2022:10:36:23 +0800] "POST /xingrg/services/DataTransmitService HTTP/1.1" 200 2147
114.84.38.109 - - [30/Nov/2022:10:36:23 +0800] "GET /xingrg/all/function/internal_message.html?_=1669775786659&CODE_STATE=getMsg HTTP/1.1" 200 27
101.80.228.88 - - [30/Nov/2022:10:36:23 +0800] "POST /xingrg/services/DataTransmitService HTTP/1.1" 200 524
101.80.228.88 - - [30/Nov/2022:10:36:24 +0800] "POST /xingrg/services/DataTransmitService HTTP/1.1" 200 2147
101.80.228.88 - - [30/Nov/2022:10:36:24 +0800] "POST /xingrg/services/DataTransmitService HTTP/1.1" 200 524
101.80.228.88 - - [30/Nov/2022:10:36:24 +0800] "POST /xingrg/services/DataTransmitService HTTP/1.1" 200 2147
101.80.228.88 - - [30/Nov/2022:10:36:24 +0800] "POST /xingrg/services/DataTransmitService HTTP/1.1" 200 524
101.80.228.88 - - [30/Nov/2022:10:36:25 +0800] "POST /xingrg/services/DataTransmitService HTTP/1.1" 200 2147
101.80.228.88 - - [30/Nov/2022:10:36:25 +0800] "POST /xingrg/services/DataTransmitService HTTP/1.1" 200 524
101.80.228.88 - - [30/Nov/2022:10:36:25 +0800] "POST /xingrg/services/DataTransmitService HTTP/1.1" 200 2147
101.80.228.88 - - [30/Nov/2022:10:36:25 +0800] "POST /xingrg/services/DataTransmitService HTTP/1.1" 200 524
101.85.106.255 - - [30/Nov/2022:10:36:26 +0800] "GET /xingrg/all/function/internal_message.html?_=1669775778471&CODE_STATE=getMsg HTTP/1.1" 200 27
101.80.228.88 - - [30/Nov/2022:10:36:26 +0800] "POST /xingrg/services/DataTransmitService HTTP/1.1" 200 2147
101.80.228.88 - - [30/Nov/2022:10:36:26 +0800] "POST /xingrg/services/DataTransmitService HTTP/1.1" 200 524
101.80.228.88 - - [30/Nov/2022:10:36:26 +0800] "POST /xingrg/services/DataTransmitService HTTP/1.1" 200 2147
222.70.177.10 - - [30/Nov/2022:10:36:30 +0800] "GET /xingrg/all/function/internal_message.html?_=1669775783791&CODE_STATE=getMsg HTTP/1.1" 200 27
114.84.81.136 - - [30/Nov/2022:10:36:31 +0800] "POST /xingrg/kc/base/yddb_list_operate.html HTTP/1.1" 200 219
114.84.38.109 - - [30/Nov/2022:10:36:31 +0800] "GET /xingrg/all/function/internal_message.html?_=1669775785650&CODE_STATE=getMsg HTTP/1.1" 200 27
222.70.177.10 - - [30/Nov/2022:10:36:32 +0800] "GET /xingrg/check_reg.html?_=1669775785257 HTTP/1.1" 200 22
124.79.245.154 - - [30/Nov/2022:10:36:36 +0800] "GET /xingrg/all/function/internal_message.html?_=1669776010745&CODE_STATE=getMsg HTTP/1.1" 200 27
58.40.7.146 - - [30/Nov/2022:10:36:36 +0800] "GET /xingrg/all/function/internal_message.html?_=1669775790228&CODE_STATE=getMsg HTTP/1.1" 200 27
101.85.106.255 - - [30/Nov/2022:10:36:38 +0800] "POST /xingrg/kc/buy/cgsh_list_operate.html HTTP/1.1" 200 2305
222.70.177.10 - - [30/Nov/2022:10:36:41 +0800] "GET /xingrg/all/function/internal_message.html?_=1669775797338&CODE_STATE=getMsg HTTP/1.1" 200 27
114.84.81.136 - - [30/Nov/2022:10:36:43 +0800] "GET /xingrg/check_reg.html?_=1669775801909 HTTP/1.1" 200 22
114.84.81.136 - - [30/Nov/2022:10:36:43 +0800] "GET /xingrg/all/function/internal_message.html?_=1669775801910&CODE_STATE=getMsg HTTP/1.1" 200 27
101.85.106.255 - - [30/Nov/2022:10:36:44 +0800] "GET /xingrg/kc/buy/cgsh_order_add.html HTTP/1.1" 200 68680
101.85.106.255 - - [30/Nov/2022:10:36:44 +0800] "GET /xingrg/words/20221130103024_words.js HTTP/1.1" 200 935702
101.85.106.255 - - [30/Nov/2022:10:36:45 +0800] "POST /xingrg/kc/buy/cgsh_order_operate.html HTTP/1.1" 200 8245
101.85.106.255 - - [30/Nov/2022:10:36:46 +0800] "GET /xingrg/javascript/easyui/themes/default/validatebox.css HTTP/1.1" 404 1104
58.40.7.146 - - [30/Nov/2022:10:36:50 +0800] "GET /xingrg/all/function/internal_message.html?_=1669775803552&CODE_STATE=getMsg HTTP/1.1" 302 -
114.95.43.237 - - [30/Nov/2022:10:36:57 +0800] "GET /xingrg/all/function/internal_message.html?_=1669775659165&CODE_STATE=getMsg HTTP/1.1" 200 27
124.78.159.199 - - [30/Nov/2022:10:37:00 +0800] "GET /xingrg/all/function/internal_message.html?_=1669775818451&CODE_STATE=getMsg HTTP/1.1" 200 27
180.169.147.146 - - [30/Nov/2022:10:37:00 +0800] "GET /xingrg/all/function/internal_message.html?_=1669775812071&CODE_STATE=getMsg HTTP/1.1" 200 27
116.238.139.35 - - [30/Nov/2022:10:37:01 +0800] "GET /xingrg/check_reg.html?_=1669775815267 HTTP/1.1" 200 22
116.238.139.35 - - [30/Nov/2022:10:37:01 +0800] "GET /xingrg/all/function/internal_message.html?_=1669775815271&CODE_STATE=getMsg HTTP/1.1" 200 27
114.88.159.190 - - [30/Nov/2022:10:37:03 +0800] "GET /xingrg/all/function/internal_message.html?_=1669775417073&CODE_STATE=getMsg HTTP/1.1" 200 27
101.85.106.255 - - [30/Nov/2022:10:37:07 +0800] "GET /xingrg/kc/buy/cgsh_order_operate.html?command=get_materiel&rest_code=00142&code=00101011001&supplier_code=00100311&order_time=2022-11-30 HTTP/1.1" 200 423
222.70.177.10 - - [30/Nov/2022:10:37:08 +0800] "GET /xingrg/all/function/internal_message.html?_=1669775824524&CODE_STATE=getMsg HTTP/1.1" 200 27
114.84.81.136 - - [30/Nov/2022:10:37:18 +0800] "GET /xingrg/all/function/internal_message.html?_=1669775830311&CODE_STATE=getMsg HTTP/1.1" 200 27
114.84.81.136 - - [30/Nov/2022:10:37:19 +0800] "GET /xingrg/all/function/internal_message.html?_=1669775832140&CODE_STATE=getMsg HTTP/1.1" 200 27
101.85.106.255 - - [30/Nov/2022:10:37:19 +0800] "GET /xingrg/kc/buy/cgsh_order_operate.html?command=get_materiel&rest_code=00142&code=00101011005&supplier_code=00100311&order_time=2022-11-30 HTTP/1.1" 200 428
114.84.38.109 - - [30/Nov/2022:10:37:19 +0800] "GET /xingrg/check_reg.html?_=1669775843112 HTTP/1.1" 200 22
114.84.81.136 - - [30/Nov/2022:10:37:21 +0800] "GET /xingrg/all/report/report_query.html?isQuery=1&fileName=kc/base/crk_detail_by_small.xml&rh=99999&queryString=&queryText=%25E3%2580%2590%25E4%25BB%2593%25E5%25BA%2593%25E5%2590%258D%25E7%25A7%25B0%253A%25E8%258C%25B6%25E6%25B0%25B4%25E5%25BA%2593%25E3%2580%2591%25E3%2580%2590%25E4%25B8%259A%25E5%258A%25A1%25E7%25B1%25BB%25E5%259E%258B%25EF%25BC%259A%25E9%2587%2587%25E8%25B4%25AD%25E5%2585%25A5%25E5%25BA%2593%25E3%2580%2591%2520%253F%253F%253F%253F%253F2022-11-01%253F%253F2022-11-30&tableQueryString=crk_table%2524sp1%2524order_day%2520between%252020221101%2520and%252020221130%2520and%2520(base_code%253D'0010566')%2520and%2520(src_order_type%2520in%2520(21))%2520and%2520(is_rk%2520in%2520(1)) HTTP/1.1" 200 53766
114.84.81.136 - - [30/Nov/2022:10:37:22 +0800] "GET /xingrg/dwr/interface/AjaxReportQueryService.js HTTP/1.1" 200 13203
114.84.81.136 - - [30/Nov/2022:10:37:22 +0800] "GET /xingrg/dwr/engine.js HTTP/1.1" 200 43631
114.83.219.57 - - [30/Nov/2022:10:37:22 +0800] "GET /xingrg/all/function/internal_message.html?_=1669775965792&CODE_STATE=getMsg HTTP/1.1" 200 27
114.84.81.136 - - [30/Nov/2022:10:37:22 +0800] "POST /xingrg/all/report/load_report_page.html HTTP/1.1" 200 44608
114.95.43.237 - - [30/Nov/2022:10:37:22 +0800] "GET /xingrg/all/function/internal_message.html?_=1669775838124&CODE_STATE=getMsg HTTP/1.1" 200 27
114.84.81.136 - - [30/Nov/2022:10:37:22 +0800] "GET /xingrg/servlets/image?cache=0.6909643355860414&image=px HTTP/1.1" 200 807
114.95.43.237 - - [30/Nov/2022:10:37:22 +0800] "GET /xingrg/check_reg.html?_=1669775838127 HTTP/1.1" 200 22
116.238.139.35 - - [30/Nov/2022:10:37:23 +0800] "GET /xingrg/all/function/internal_message.html?_=1669775783280&CODE_STATE=getMsg HTTP/1.1" 200 27
114.84.38.109 - - [30/Nov/2022:10:37:23 +0800] "GET /xingrg/all/function/internal_message.html?_=1669775846669&CODE_STATE=getMsg HTTP/1.1" 200 27
114.83.219.57 - - [30/Nov/2022:10:37:23 +0800] "GET /xingrg/check_reg.html?_=1669775967061 HTTP/1.1" 200 22
101.85.106.255 - - [30/Nov/2022:10:37:26 +0800] "GET /xingrg/all/function/internal_message.html?_=1669775838477&CODE_STATE=getMsg HTTP/1.1" 200 27
116.230.105.139 - - [30/Nov/2022:10:37:28 +0800] "GET /xingrg/index.html?sysBaseUrl=http%3A%2F%2F180.169.147.146%3A18081%2Fxingrg%2F&costTime=48×tamp=1669767303249 HTTP/1.1" 200 17179
116.230.105.139 - - [30/Nov/2022:10:37:29 +0800] "POST /xingrg/all/common/load_tree.html?tree=area_rest_tree_json&manage=1 HTTP/1.1" 200 479
116.230.105.139 - - [30/Nov/2022:10:37:30 +0800] "GET /favicon.ico HTTP/1.1" 404 -
116.230.105.139 - - [30/Nov/2022:10:37:30 +0800] "POST /xingrg/load_menu.html HTTP/1.1" 200 5138
116.230.105.139 - - [30/Nov/2022:10:37:30 +0800] "GET /xingrg/all/function/internal_message.html?_=1669775812960&CODE_STATE=count HTTP/1.1" 200 11
116.230.105.139 - - [30/Nov/2022:10:37:30 +0800] "GET /xingrg/check_reg.html?_=1669775812962 HTTP/1.1" 200 22
222.70.177.10 - - [30/Nov/2022:10:37:30 +0800] "GET /xingrg/all/function/internal_message.html?_=1669775843774&CODE_STATE=getMsg HTTP/1.1" 200 27
114.84.38.109 - - [30/Nov/2022:10:37:31 +0800] "GET /xingrg/all/function/internal_message.html?_=1669775845650&CODE_STATE=getMsg HTTP/1.1" 200 27
180.162.229.95 - - [30/Nov/2022:10:37:33 +0800] "POST /xingrg/services/DataTransmitService HTTP/1.1" 200 524
116.230.105.139 - - [30/Nov/2022:10:37:33 +0800] "GET /xingrg/kc/base/wldb_order_list.html HTTP/1.1" 200 19107
116.230.105.139 - - [30/Nov/2022:10:37:36 +0800] "POST /xingrg/kc/base/wldb_list_operate.html HTTP/1.1" 200 4605
124.79.245.154 - - [30/Nov/2022:10:37:36 +0800] "GET /xingrg/all/function/internal_message.html?_=1669776070759&CODE_STATE=getMsg HTTP/1.1" 200 27
58.40.7.146 - - [30/Nov/2022:10:37:36 +0800] "GET /xingrg/all/function/internal_message.html?_=1669775850234&CODE_STATE=getMsg HTTP/1.1" 200 27
116.230.105.139 - - [30/Nov/2022:10:37:37 +0800] "GET /xingrg/kc/base/wldb_order_add.html HTTP/1.1" 200 30390
116.230.105.139 - - [30/Nov/2022:10:37:38 +0800] "GET /xingrg/words/20221130103024_words.js HTTP/1.1" 200 935702
116.230.105.139 - - [30/Nov/2022:10:37:38 +0800] "POST /xingrg/kc/base/wldb_order_operate.html HTTP/1.1" 200 6806
116.230.105.139 - - [30/Nov/2022:10:37:38 +0800] "GET /xingrg/all/common/auto_word.html?type=base&rest_code=00155 HTTP/1.1" 200 1807
116.230.105.139 - - [30/Nov/2022:10:37:38 +0800] "GET /xingrg/all/common/auto_word.html?type=base&rest_code=00155 HTTP/1.1" 200 1807
116.230.105.139 - - [30/Nov/2022:10:37:38 +0800] "GET /xingrg/javascript/easyui/themes/default/validatebox.css HTTP/1.1" 404 1104
101.85.106.255 - - [30/Nov/2022:10:37:40 +0800] "POST /xingrg/kc/buy/cgsh_order_operate.html HTTP/1.1" 200 37
222.70.177.10 - - [30/Nov/2022:10:37:41 +0800] "GET /xingrg/all/function/internal_message.html?_=1669775857329&CODE_STATE=getMsg HTTP/1.1" 200 27
114.84.81.136 - - [30/Nov/2022:10:37:42 +0800] "GET /xingrg/check_reg.html?_=1669775856794 HTTP/1.1" 200 22
114.84.81.136 - - [30/Nov/2022:10:37:43 +0800] "GET /xingrg/all/function/internal_message.html?_=1669775861908&CODE_STATE=getMsg HTTP/1.1" 200 27
101.85.106.255 - - [30/Nov/2022:10:37:43 +0800] "POST /xingrg/kc/buy/cgsh_order_operate.html HTTP/1.1" 200 12
114.84.81.136 - - [30/Nov/2022:10:37:45 +0800] "GET /xingrg/system/info/base.html HTTP/1.1" 200 5755
101.85.106.255 - - [30/Nov/2022:10:37:45 +0800] "GET /xingrg/kc/buy/cgsh_order_info.html?code=212022113010265 HTTP/1.1" 200 63587
101.85.106.255 - - [30/Nov/2022:10:37:45 +0800] "GET /xingrg/javascript/easyui/themes/default/validatebox.css HTTP/1.1" 404 1104
114.84.81.136 - - [30/Nov/2022:10:37:45 +0800] "GET /xingrg/dwr/interface/AjaxBaseInfoService.js HTTP/1.1" 200 21363
114.84.81.136 - - [30/Nov/2022:10:37:45 +0800] "GET /xingrg/dwr/engine.js HTTP/1.1" 200 43631
114.84.81.136 - - [30/Nov/2022:10:37:45 +0800] "POST /xingrg/dwr/call/plaincall/AjaxBaseInfoService.modifyAllBase.dwr HTTP/1.1" 200 2320
58.40.7.146 - - [30/Nov/2022:10:37:46 +0800] "POST /xingrg/dwr/call/plaincall/AjaxCheckService.saveOrder.dwr HTTP/1.1" 200 78
101.85.106.255 - - [30/Nov/2022:10:37:46 +0800] "POST /xingrg/kc/buy/cgsh_order_operate.html HTTP/1.1" 200 1202
58.40.7.146 - - [30/Nov/2022:10:37:47 +0800] "POST /xingrg/dwr/call/plaincall/AjaxCheckService.loadOrderItems.dwr HTTP/1.1" 200 367
101.85.106.255 - - [30/Nov/2022:10:37:48 +0800] "GET /xingrg/kc/print/load_data.html?order_code=212022113010265&kc_code=cgsh&condition= HTTP/1.1" 200 938
58.40.7.146 - - [30/Nov/2022:10:37:50 +0800] "GET /xingrg/all/function/internal_message.html?_=1669775863520&CODE_STATE=getMsg HTTP/1.1" 302 -
58.40.7.146 - - [30/Nov/2022:10:37:50 +0800] "POST /xingrg/kc/report/common_data.html?type=materiel_category_tree HTTP/1.1" 200 3921
114.84.81.136 - - [30/Nov/2022:10:37:55 +0800] "POST /xingrg/dwr/call/plaincall/AjaxBaseInfoService.modifyAllBase.dwr HTTP/1.1" 200 2320
58.40.7.146 - - [30/Nov/2022:10:37:55 +0800] "POST /xingrg/dwr/call/plaincall/AjaxCheckService.importOrderItems.dwr HTTP/1.1" 200 78
101.85.106.255 - - [30/Nov/2022:10:37:56 +0800] "POST /xingrg/kc/buy/cgsh_list_operate.html HTTP/1.1" 200 2305
58.40.7.146 - - [30/Nov/2022:10:37:57 +0800] "POST /xingrg/dwr/call/plaincall/AjaxCheckService.loadOrderItems.dwr HTTP/1.1" 200 246787
114.95.43.237 - - [30/Nov/2022:10:37:57 +0800] "GET /xingrg/all/function/internal_message.html?_=1669775719165&CODE_STATE=getMsg HTTP/1.1" 200 27
58.40.7.146 - - [30/Nov/2022:10:37:58 +0800] "GET /xingrg/javascript/jquery_easy_ui/themes/icons/no.png HTTP/1.1" 200 922
114.84.81.136 - - [30/Nov/2022:10:37:59 +0800] "GET /xingrg/system/info/base_info.html?code=0566 HTTP/1.1" 200 8214
114.84.81.136 - - [30/Nov/2022:10:37:59 +0800] "GET /xingrg/dwr/engine.js HTTP/1.1" 200 43631
114.84.81.136 - - [30/Nov/2022:10:37:59 +0800] "GET /favicon.ico HTTP/1.1" 404 -
114.84.81.136 - - [30/Nov/2022:10:37:59 +0800] "POST /xingrg/dwr/call/plaincall/AjaxBaseInfoService.modifyAllBase.dwr HTTP/1.1" 200 314
124.78.159.199 - - [30/Nov/2022:10:38:00 +0800] "GET /xingrg/all/function/internal_message.html?_=1669775878421&CODE_STATE=getMsg HTTP/1.1" 200 27
