114.95.43.237 - - [30/Nov/2022:08:43:55 +0800] "GET /xingrg/javascript/jquery_easy_ui/jquery.easyui.min.js HTTP/1.1" 304 -
114.95.43.237 - - [30/Nov/2022:08:43:55 +0800] "GET /xingrg/javascript/jquery_easy_ui/easyui-lang-zh_CN.js HTTP/1.1" 304 -
114.95.43.237 - - [30/Nov/2022:08:43:55 +0800] "GET /xingrg/javascript/jquery.form.js HTTP/1.1" 304 -
114.95.43.237 - - [30/Nov/2022:08:43:55 +0800] "GET /xingrg/javascript/jquery.utils.js HTTP/1.1" 304 -
114.95.43.237 - - [30/Nov/2022:08:43:55 +0800] "GET /xingrg/javascript/jquery.timers.js HTTP/1.1" 304 -
114.95.43.237 - - [30/Nov/2022:08:43:55 +0800] "GET /favicon.ico HTTP/1.1" 404 -
114.95.43.237 - - [30/Nov/2022:08:43:55 +0800] "GET /xingrg/javascript/jquery_easy_ui/themes/icons/settle_new.png HTTP/1.1" 304 -
114.95.43.237 - - [30/Nov/2022:08:43:56 +0800] "GET /xingrg/images/blue/navBackgound.jpg HTTP/1.1" 304 -
114.95.43.237 - - [30/Nov/2022:08:43:56 +0800] "POST /xingrg/all/common/load_tree.html?tree=area_rest_tree_json&manage=1 HTTP/1.1" 200 342
114.95.43.237 - - [30/Nov/2022:08:43:57 +0800] "GET /xingrg/all/function/internal_message.html?_=1669768879046&CODE_STATE=count HTTP/1.1" 200 11
114.95.43.237 - - [30/Nov/2022:08:43:57 +0800] "GET /xingrg/check_reg.html?_=1669768879049 HTTP/1.1" 200 22
114.95.43.237 - - [30/Nov/2022:08:43:57 +0800] "GET /xingrg/images/blue/pingpu.png HTTP/1.1" 304 -
114.95.43.237 - - [30/Nov/2022:08:43:57 +0800] "GET /xingrg/javascript/jquery_easy_ui/themes/default/images/tabs_leftarrow.png HTTP/1.1" 304 -
114.95.43.237 - - [30/Nov/2022:08:43:57 +0800] "GET /xingrg/javascript/jquery_easy_ui/themes/default/images/panel_tool_collapse.gif HTTP/1.1" 304 -
114.95.43.237 - - [30/Nov/2022:08:43:57 +0800] "GET /xingrg/javascript/jquery_easy_ui/themes/default/images/tabs_rightarrow.png HTTP/1.1" 304 -
114.95.43.237 - - [30/Nov/2022:08:43:57 +0800] "POST /xingrg/load_menu.html HTTP/1.1" 200 5138
114.95.43.237 - - [30/Nov/2022:08:43:58 +0800] "GET /xingrg/javascript/jquery_easy_ui/themes/default/images/tree_arrows.gif HTTP/1.1" 304 -
114.95.43.237 - - [30/Nov/2022:08:43:58 +0800] "GET /xingrg/javascript/jquery_easy_ui/themes/default/images/tree_folder_open.gif HTTP/1.1" 304 -
114.95.43.237 - - [30/Nov/2022:08:43:58 +0800] "GET /xingrg/javascript/jquery_easy_ui/themes/icons/search_new.png HTTP/1.1" 304 -
114.95.43.237 - - [30/Nov/2022:08:43:58 +0800] "GET /xingrg/javascript/jquery_easy_ui/themes/default/images/tree_folder.gif HTTP/1.1" 304 -
114.95.43.237 - - [30/Nov/2022:08:43:58 +0800] "GET /xingrg/javascript/jquery_easy_ui/themes/icons/storage_new.png HTTP/1.1" 304 -
114.95.43.237 - - [30/Nov/2022:08:43:58 +0800] "GET /xingrg/javascript/jquery_easy_ui/themes/icons/forms_new.png HTTP/1.1" 304 -
114.95.43.237 - - [30/Nov/2022:08:43:58 +0800] "GET /xingrg/javascript/jquery_easy_ui/themes/default/images/tree_file.gif HTTP/1.1" 304 -
116.230.105.139 - - [30/Nov/2022:08:43:59 +0800] "GET /xingrg/kc/buy/cgsh_order_operate.html?command=get_materiel&rest_code=00155&code=00101001111&supplier_code=00100199&order_time=2022-11-30 HTTP/1.1" 200 410
114.83.219.57 - - [30/Nov/2022:08:44:02 +0800] "GET /xingrg/kc/base/wldb_order_operate.html?command=get_materiel&rest_code=00154&base_code=0010725&code=00102002022 HTTP/1.1" 200 471
116.230.105.139 - - [30/Nov/2022:08:44:03 +0800] "GET /xingrg/all/function/internal_message.html?_=1669769006714&CODE_STATE=getMsg HTTP/1.1" 200 27
58.40.7.146 - - [30/Nov/2022:08:44:05 +0800] "GET /xingrg/all/function/internal_message.html?_=1669769038788&CODE_STATE=getMsg HTTP/1.1" 200 27
114.84.38.109 - - [30/Nov/2022:08:44:06 +0800] "GET /xingrg/all/function/internal_message.html?_=1669769049309&CODE_STATE=getMsg HTTP/1.1" 200 27
114.95.43.237 - - [30/Nov/2022:08:44:07 +0800] "GET /xingrg/kc/buy/cgsh_order_operate.html?command=get_materiel&rest_code=00105&code=00101008067&supplier_code=00100203&order_time=2022-11-30 HTTP/1.1" 200 416
116.230.105.139 - - [30/Nov/2022:08:44:07 +0800] "GET /xingrg/kc/buy/cgsh_order_operate.html?command=get_materiel&rest_code=00155&code=00101001075&supplier_code=00100199&order_time=2022-11-30 HTTP/1.1" 200 409
116.230.105.139 - - [30/Nov/2022:08:44:14 +0800] "GET /xingrg/kc/buy/cgsh_order_operate.html?command=get_materiel&rest_code=00155&code=00101002016&supplier_code=00100199&order_time=2022-11-30 HTTP/1.1" 200 415
114.83.219.57 - - [30/Nov/2022:08:44:19 +0800] "GET /xingrg/kc/base/wldb_order_operate.html?command=get_materiel&rest_code=00154&base_code=0010725&code=00102001031 HTTP/1.1" 200 440
114.83.219.57 - - [30/Nov/2022:08:44:23 +0800] "GET /xingrg/all/function/internal_message.html?_=1669769187058&CODE_STATE=getMsg HTTP/1.1" 200 27
116.230.105.139 - - [30/Nov/2022:08:44:24 +0800] "POST /xingrg/kc/buy/cgsh_order_operate.html HTTP/1.1" 200 37
116.238.139.35 - - [30/Nov/2022:08:44:24 +0800] "GET /xingrg/all/function/internal_message.html?_=1669769058443&CODE_STATE=getMsg HTTP/1.1" 200 27
116.230.105.139 - - [30/Nov/2022:08:44:25 +0800] "POST /xingrg/kc/buy/cgsh_order_operate.html HTTP/1.1" 200 5626
116.230.105.139 - - [30/Nov/2022:08:44:26 +0800] "GET /xingrg/kc/print/load_data.html?order_code=212022113010232&kc_code=cgsh&condition= HTTP/1.1" 200 1813
116.230.105.139 - - [30/Nov/2022:08:44:33 +0800] "GET /xingrg/kc/buy/cgsh_order_add.html HTTP/1.1" 200 69567
116.230.105.139 - - [30/Nov/2022:08:44:34 +0800] "POST /xingrg/kc/buy/cgsh_order_operate.html HTTP/1.1" 200 8245
116.230.105.139 - - [30/Nov/2022:08:44:34 +0800] "GET /xingrg/javascript/easyui/themes/default/validatebox.css HTTP/1.1" 404 1104
114.83.219.57 - - [30/Nov/2022:08:44:35 +0800] "GET /xingrg/kc/base/wldb_order_operate.html?command=get_materiel&rest_code=00154&base_code=0010725&code=00102001073 HTTP/1.1" 200 432
116.238.139.35 - - [30/Nov/2022:08:44:35 +0800] "GET /xingrg/all/function/internal_message.html?_=1669769016154&CODE_STATE=getMsg HTTP/1.1" 200 27
114.95.43.237 - - [30/Nov/2022:08:44:36 +0800] "GET /xingrg/all/function/internal_message.html?_=1669769071889&CODE_STATE=getMsg HTTP/1.1" 200 27
180.162.229.95 - - [30/Nov/2022:08:44:37 +0800] "GET /xingrg/all/function/internal_message.html?_=1669769072227&CODE_STATE=getMsg HTTP/1.1" 200 27
114.95.43.237 - - [30/Nov/2022:08:44:38 +0800] "POST /xingrg/kc/buy/cgsh_order_operate.html HTTP/1.1" 200 37
114.95.43.237 - - [30/Nov/2022:08:44:40 +0800] "POST /xingrg/kc/buy/cgsh_order_operate.html HTTP/1.1" 200 29842
116.230.105.139 - - [30/Nov/2022:08:44:42 +0800] "GET /xingrg/kc/buy/cgsh_order_operate.html?command=get_materiel&rest_code=00155&code=00101009079&supplier_code=00100037&order_time=2022-11-30 HTTP/1.1" 200 409
114.83.219.57 - - [30/Nov/2022:08:44:50 +0800] "GET /xingrg/kc/base/wldb_order_operate.html?command=get_materiel&rest_code=00154&base_code=0010725&code=00102001128 HTTP/1.1" 200 428
116.230.105.139 - - [30/Nov/2022:08:44:56 +0800] "GET /xingrg/kc/buy/cgsh_order_operate.html?command=get_materiel&rest_code=00155&code=00101012051&supplier_code=00100037&order_time=2022-11-30 HTTP/1.1" 200 408
114.95.43.237 - - [30/Nov/2022:08:44:57 +0800] "GET /xingrg/all/function/internal_message.html?_=1669768939093&CODE_STATE=getMsg HTTP/1.1" 200 27
116.230.105.139 - - [30/Nov/2022:08:45:03 +0800] "GET /xingrg/kc/buy/cgsh_order_operate.html?command=get_materiel&rest_code=00155&code=00101011001&supplier_code=00100037&order_time=2022-11-30 HTTP/1.1" 200 423
116.230.105.139 - - [30/Nov/2022:08:45:03 +0800] "GET /xingrg/all/function/internal_message.html?_=1669769066748&CODE_STATE=getMsg HTTP/1.1" 200 27
116.230.105.139 - - [30/Nov/2022:08:45:04 +0800] "GET /xingrg/check_reg.html?_=1669769066749 HTTP/1.1" 200 22
58.40.7.146 - - [30/Nov/2022:08:45:05 +0800] "GET /xingrg/all/function/internal_message.html?_=1669769098791&CODE_STATE=getMsg HTTP/1.1" 200 27
114.84.38.109 - - [30/Nov/2022:08:45:06 +0800] "GET /xingrg/all/function/internal_message.html?_=1669769109314&CODE_STATE=getMsg HTTP/1.1" 200 27
114.83.219.57 - - [30/Nov/2022:08:45:08 +0800] "GET /xingrg/kc/base/wldb_order_operate.html?command=get_materiel&rest_code=00154&base_code=0010725&code=00102002028 HTTP/1.1" 200 467
116.230.105.139 - - [30/Nov/2022:08:45:10 +0800] "GET /xingrg/kc/buy/cgsh_order_operate.html?command=get_materiel&rest_code=00155&code=00101010136&supplier_code=00100037&order_time=2022-11-30 HTTP/1.1" 200 408
116.238.139.35 - - [30/Nov/2022:08:45:11 +0800] "POST /xingrg/all/user/operate.html HTTP/1.1" 200 36
116.238.139.35 - - [30/Nov/2022:08:45:11 +0800] "GET /xingrg/index.html?sysBaseUrl=http%3A%2F%2F180.169.147.146%3A18081%2Fxingrg%2F&costTime=41×tamp=1669541968894 HTTP/1.1" 200 17177
116.238.139.35 - - [30/Nov/2022:08:45:11 +0800] "GET /xingrg/javascript/jquery_easy_ui/themes/default/easyui.css HTTP/1.1" 304 -
116.238.139.35 - - [30/Nov/2022:08:45:11 +0800] "GET /xingrg/javascript/jquery_easy_ui/themes/icon.css HTTP/1.1" 304 -
116.238.139.35 - - [30/Nov/2022:08:45:12 +0800] "GET /xingrg/css/form.css HTTP/1.1" 304 -
116.238.139.35 - - [30/Nov/2022:08:45:12 +0800] "GET /xingrg/javascript/jquery-1.4.2.min.js HTTP/1.1" 304 -
116.238.139.35 - - [30/Nov/2022:08:45:12 +0800] "GET /xingrg/javascript/jquery_easy_ui/jquery.easyui.min.js HTTP/1.1" 304 -
116.238.139.35 - - [30/Nov/2022:08:45:12 +0800] "GET /xingrg/javascript/jquery_easy_ui/easyui-lang-zh_CN.js HTTP/1.1" 304 -
116.238.139.35 - - [30/Nov/2022:08:45:12 +0800] "GET /xingrg/javascript/jquery.form.js HTTP/1.1" 304 -
116.238.139.35 - - [30/Nov/2022:08:45:12 +0800] "GET /xingrg/javascript/jquery.utils.js HTTP/1.1" 304 -
116.238.139.35 - - [30/Nov/2022:08:45:12 +0800] "GET /xingrg/javascript/jquery.timers.js HTTP/1.1" 304 -
116.238.139.35 - - [30/Nov/2022:08:45:12 +0800] "GET /xingrg/images/blue/jxLogo.png HTTP/1.1" 304 -
116.238.139.35 - - [30/Nov/2022:08:45:12 +0800] "GET /xingrg/javascript/jquery_easy_ui/themes/icons/settle_new.png HTTP/1.1" 304 -
116.238.139.35 - - [30/Nov/2022:08:45:12 +0800] "GET /xingrg/images/blue/navBackgound.jpg HTTP/1.1" 304 -
116.238.139.35 - - [30/Nov/2022:08:45:12 +0800] "POST /xingrg/all/common/load_tree.html?tree=area_rest_tree_json&manage=1 HTTP/1.1" 200 476
116.238.139.35 - - [30/Nov/2022:08:45:12 +0800] "GET /xingrg/check_reg.html?_=1669769105896 HTTP/1.1" 200 22
116.238.139.35 - - [30/Nov/2022:08:45:12 +0800] "GET /xingrg/all/function/internal_message.html?_=1669769105895&CODE_STATE=count HTTP/1.1" 200 11
116.238.139.35 - - [30/Nov/2022:08:45:12 +0800] "GET /xingrg/javascript/jquery_easy_ui/themes/default/images/panel_tool_collapse.gif HTTP/1.1" 304 -
116.238.139.35 - - [30/Nov/2022:08:45:12 +0800] "GET /xingrg/javascript/jquery_easy_ui/themes/default/images/tabs_rightarrow.png HTTP/1.1" 304 -
116.238.139.35 - - [30/Nov/2022:08:45:12 +0800] "POST /xingrg/load_menu.html HTTP/1.1" 200 5138
116.238.139.35 - - [30/Nov/2022:08:45:12 +0800] "GET /xingrg/javascript/jquery_easy_ui/themes/default/images/tabs_leftarrow.png HTTP/1.1" 304 -
116.238.139.35 - - [30/Nov/2022:08:45:12 +0800] "GET /xingrg/images/blue/pingpu.png HTTP/1.1" 304 -
116.238.139.35 - - [30/Nov/2022:08:45:12 +0800] "GET /xingrg/javascript/jquery_easy_ui/themes/default/images/tree_file.gif HTTP/1.1" 304 -
116.238.139.35 - - [30/Nov/2022:08:45:12 +0800] "GET /xingrg/javascript/jquery_easy_ui/themes/default/images/tree_arrows.gif HTTP/1.1" 304 -
116.238.139.35 - - [30/Nov/2022:08:45:12 +0800] "GET /xingrg/javascript/jquery_easy_ui/themes/icons/storage_new.png HTTP/1.1" 304 -
116.238.139.35 - - [30/Nov/2022:08:45:12 +0800] "GET /xingrg/javascript/jquery_easy_ui/themes/icons/forms_new.png HTTP/1.1" 304 -
116.238.139.35 - - [30/Nov/2022:08:45:12 +0800] "GET /xingrg/javascript/jquery_easy_ui/themes/default/images/tree_folder_open.gif HTTP/1.1" 304 -
116.238.139.35 - - [30/Nov/2022:08:45:12 +0800] "GET /xingrg/javascript/jquery_easy_ui/themes/icons/search_new.png HTTP/1.1" 304 -
116.238.139.35 - - [30/Nov/2022:08:45:12 +0800] "GET /xingrg/javascript/jquery_easy_ui/themes/default/images/tree_folder.gif HTTP/1.1" 304 -
114.95.43.237 - - [30/Nov/2022:08:45:13 +0800] "POST /xingrg/kc/buy/cgsh_order_operate.html HTTP/1.1" 200 37
114.95.43.237 - - [30/Nov/2022:08:45:14 +0800] "POST /xingrg/kc/buy/cgsh_order_operate.html HTTP/1.1" 200 29842
116.230.105.139 - - [30/Nov/2022:08:45:17 +0800] "GET /xingrg/kc/buy/cgsh_order_operate.html?command=get_materiel&rest_code=00155&code=00101011005&supplier_code=00100037&order_time=2022-11-30 HTTP/1.1" 200 428
114.83.219.57 - - [30/Nov/2022:08:45:19 +0800] "GET /xingrg/kc/base/wldb_order_operate.html?command=get_materiel&rest_code=00154&base_code=0010725&code=00102002976 HTTP/1.1" 200 437
114.83.219.57 - - [30/Nov/2022:08:45:24 +0800] "GET /xingrg/all/function/internal_message.html?_=1669769247079&CODE_STATE=getMsg HTTP/1.1" 200 27
116.230.105.139 - - [30/Nov/2022:08:45:24 +0800] "GET /xingrg/kc/buy/cgsh_order_operate.html?command=get_materiel&rest_code=00155&code=00101016105&supplier_code=00100037&order_time=2022-11-30 HTTP/1.1" 200 409
116.238.139.35 - - [30/Nov/2022:08:45:24 +0800] "GET /xingrg/kc/base/yddb_order_list.html HTTP/1.1" 200 16711
116.238.139.35 - - [30/Nov/2022:08:45:25 +0800] "POST /xingrg/kc/base/yddb_list_operate.html HTTP/1.1" 200 636
116.238.139.35 - - [30/Nov/2022:08:45:26 +0800] "GET /xingrg/kc/base/yddb_order_add.html HTTP/1.1" 200 29865
116.238.139.35 - - [30/Nov/2022:08:45:26 +0800] "GET /xingrg/dwr/util.js HTTP/1.1" 304 -
116.238.139.35 - - [30/Nov/2022:08:45:26 +0800] "GET /xingrg/dwr/interface/AjaxComOrderService.js HTTP/1.1" 200 18264
116.238.139.35 - - [30/Nov/2022:08:45:26 +0800] "GET /xingrg/dwr/interface/AjaxYddbService.js HTTP/1.1" 200 13201
116.238.139.35 - - [30/Nov/2022:08:45:26 +0800] "GET /xingrg/dwr/engine.js HTTP/1.1" 200 43631
114.83.219.57 - - [30/Nov/2022:08:45:27 +0800] "GET /xingrg/kc/base/wldb_order_operate.html?command=get_materiel&rest_code=00154&base_code=0010725&code=00102002685 HTTP/1.1" 200 458
116.238.139.35 - - [30/Nov/2022:08:45:28 +0800] "POST /xingrg/dwr/call/plaincall/AjaxYddbService.getRestBases.dwr HTTP/1.1" 200 1616
124.78.159.199 - - [30/Nov/2022:08:45:33 +0800] "GET /xingrg/login.html HTTP/1.1" 200 7641
116.238.139.35 - - [30/Nov/2022:08:45:35 +0800] "GET /xingrg/all/function/internal_message.html?_=1669769076158&CODE_STATE=getMsg HTTP/1.1" 200 27
124.78.159.199 - - [30/Nov/2022:08:45:36 +0800] "GET /favicon.ico HTTP/1.1" 404 -
116.238.139.35 - - [30/Nov/2022:08:45:36 +0800] "POST /xingrg/dwr/call/plaincall/AjaxYddbService.saveOrder.dwr HTTP/1.1" 200 78
114.95.43.237 - - [30/Nov/2022:08:45:36 +0800] "GET /xingrg/all/function/internal_message.html?_=1669769132019&CODE_STATE=getMsg HTTP/1.1" 200 27
116.238.139.35 - - [30/Nov/2022:08:45:37 +0800] "GET /xingrg/images/yd/bt.gif HTTP/1.1" 404 1040
114.83.219.57 - - [30/Nov/2022:08:45:37 +0800] "POST /xingrg/kc/base/wldb_order_operate.html HTTP/1.1" 200 37
180.162.229.95 - - [30/Nov/2022:08:45:37 +0800] "GET /xingrg/all/function/internal_message.html?_=1669769132231&CODE_STATE=getMsg HTTP/1.1" 200 27
114.83.219.57 - - [30/Nov/2022:08:45:40 +0800] "POST /xingrg/kc/base/wldb_order_operate.html HTTP/1.1" 200 12
114.83.219.57 - - [30/Nov/2022:08:45:40 +0800] "POST /xingrg/kc/base/wldb_order_operate.html HTTP/1.1" 200 5605
116.238.139.35 - - [30/Nov/2022:08:45:40 +0800] "POST /xingrg/dwr/call/plaincall/AjaxComOrderService.getMaterielSearchList.dwr HTTP/1.1" 200 5289
116.238.139.35 - - [30/Nov/2022:08:45:41 +0800] "POST /xingrg/dwr/call/plaincall/AjaxComOrderService.getMaterielSearchList.dwr HTTP/1.1" 200 5289
124.78.159.199 - - [30/Nov/2022:08:45:41 +0800] "POST /xingrg/login.do HTTP/1.1" 302 -
124.78.159.199 - - [30/Nov/2022:08:45:42 +0800] "GET /xingrg/index.html?sysBaseUrl=http%3A%2F%2F180.169.147.146%3A18081%2Fxingrg%2F&costTime=47×tamp=1669769141941 HTTP/1.1" 200 17173
116.238.139.35 - - [30/Nov/2022:08:45:42 +0800] "POST /xingrg/dwr/call/plaincall/AjaxYddbService.getMaterielByMap.dwr HTTP/1.1" 200 2373
124.78.159.199 - - [30/Nov/2022:08:45:42 +0800] "GET /favicon.ico HTTP/1.1" 404 -
124.78.159.199 - - [30/Nov/2022:08:45:42 +0800] "POST /xingrg/all/common/load_tree.html?tree=area_rest_tree_json&manage=1 HTTP/1.1" 200 342
124.78.159.199 - - [30/Nov/2022:08:45:42 +0800] "GET /xingrg/check_reg.html?_=1669769141071 HTTP/1.1" 200 22
124.78.159.199 - - [30/Nov/2022:08:45:42 +0800] "GET /xingrg/all/function/internal_message.html?_=1669769141071&CODE_STATE=count HTTP/1.1" 200 11
124.78.159.199 - - [30/Nov/2022:08:45:42 +0800] "POST /xingrg/load_menu.html HTTP/1.1" 200 5138
116.238.139.35 - - [30/Nov/2022:08:45:43 +0800] "POST /xingrg/dwr/call/plaincall/AjaxYddbService.saveMaterielItem.dwr HTTP/1.1" 200 78
114.83.219.57 - - [30/Nov/2022:08:45:47 +0800] "GET /xingrg/kc/base/wldb_order_info.html?code=422022113002542 HTTP/1.1" 200 26269
114.83.219.57 - - [30/Nov/2022:08:45:48 +0800] "GET /xingrg/javascript/easyui/themes/default/validatebox.css HTTP/1.1" 404 1104
114.83.219.57 - - [30/Nov/2022:08:45:48 +0800] "POST /xingrg/kc/base/wldb_order_operate.html HTTP/1.1" 200 3822
116.238.139.35 - - [30/Nov/2022:08:45:49 +0800] "POST /xingrg/dwr/call/plaincall/AjaxYddbService.checkOrder.dwr HTTP/1.1" 200 78
124.78.159.199 - - [30/Nov/2022:08:45:50 +0800] "GET /xingrg/kc/base/base_main.html HTTP/1.1" 200 12142
116.238.139.35 - - [30/Nov/2022:08:45:51 +0800] "GET /xingrg/kc/base/yddb_order_info.html?code=482022113000216 HTTP/1.1" 200 31178
116.238.139.35 - - [30/Nov/2022:08:45:51 +0800] "GET /xingrg/dwr/interface/AjaxComOrderService.js HTTP/1.1" 200 18264
116.238.139.35 - - [30/Nov/2022:08:45:51 +0800] "GET /xingrg/dwr/interface/AjaxYddbService.js HTTP/1.1" 200 13201
116.238.139.35 - - [30/Nov/2022:08:45:51 +0800] "GET /xingrg/dwr/engine.js HTTP/1.1" 200 43631
116.238.139.35 - - [30/Nov/2022:08:45:51 +0800] "POST /xingrg/dwr/call/plaincall/AjaxYddbService.loadMaterielItems.dwr HTTP/1.1" 200 454
124.78.159.199 - - [30/Nov/2022:08:45:52 +0800] "GET /xingrg/kc/base/yddb_order_list.html HTTP/1.1" 200 16707
124.78.159.199 - - [30/Nov/2022:08:45:54 +0800] "POST /xingrg/kc/base/yddb_list_operate.html HTTP/1.1" 200 636
124.78.159.199 - - [30/Nov/2022:08:45:56 +0800] "POST /xingrg/kc/base/yddb_list_operate.html HTTP/1.1" 200 4300
114.95.43.237 - - [30/Nov/2022:08:45:57 +0800] "GET /xingrg/all/function/internal_message.html?_=1669768999068&CODE_STATE=getMsg HTTP/1.1" 200 27
124.78.159.199 - - [30/Nov/2022:08:45:58 +0800] "GET /xingrg/kc/base/base_main.html HTTP/1.1" 200 12142
116.230.105.139 - - [30/Nov/2022:08:45:58 +0800] "POST /xingrg/kc/buy/cgsh_order_operate.html HTTP/1.1" 200 37
124.78.159.199 - - [30/Nov/2022:08:45:59 +0800] "GET /xingrg/kc/base/kc_stocks.html HTTP/1.1" 200 16506
124.78.159.199 - - [30/Nov/2022:08:45:59 +0800] "GET /xingrg/all/common/auto_word.html?type=base&rest_code=00106 HTTP/1.1" 200 1799
116.230.105.139 - - [30/Nov/2022:08:45:59 +0800] "POST /xingrg/kc/buy/cgsh_order_operate.html HTTP/1.1" 200 5609
124.78.159.199 - - [30/Nov/2022:08:45:59 +0800] "POST /xingrg/all/common/load_tree.html?tree=materiel_sort_tree_json HTTP/1.1" 200 9500
124.78.159.199 - - [30/Nov/2022:08:45:59 +0800] "GET /xingrg/javascript/easyui/themes/default/tree.css HTTP/1.1" 404 1090
124.78.159.199 - - [30/Nov/2022:08:45:59 +0800] "POST /xingrg/all/common/load_tree.html?tree=materiel_sort_tree_json HTTP/1.1" 200 9500
116.230.105.139 - - [30/Nov/2022:08:46:00 +0800] "GET /xingrg/kc/print/load_data.html?order_code=212022113010233&kc_code=cgsh&condition= HTTP/1.1" 200 1853
124.78.159.199 - - [30/Nov/2022:08:46:00 +0800] "POST /xingrg/all/common/load_combo.html?type=base HTTP/1.1" 200 3227
116.238.139.35 - - [30/Nov/2022:08:46:03 +0800] "POST /xingrg/dwr/call/plaincall/AjaxYddbService.saveOrder.dwr HTTP/1.1" 200 78
124.78.159.199 - - [30/Nov/2022:08:46:03 +0800] "POST /xingrg/kc/base/stock_operate.html HTTP/1.1" 200 4347
116.230.105.139 - - [30/Nov/2022:08:46:03 +0800] "GET /xingrg/all/function/internal_message.html?_=1669769126733&CODE_STATE=getMsg HTTP/1.1" 200 27
58.40.7.146 - - [30/Nov/2022:08:46:05 +0800] "GET /xingrg/all/function/internal_message.html?_=1669769158793&CODE_STATE=getMsg HTTP/1.1" 200 27
114.84.38.109 - - [30/Nov/2022:08:46:06 +0800] "GET /xingrg/all/function/internal_message.html?_=1669769169387&CODE_STATE=getMsg HTTP/1.1" 200 27
116.238.139.35 - - [30/Nov/2022:08:46:06 +0800] "POST /xingrg/dwr/call/plaincall/AjaxYddbService.objCheckOrder.dwr HTTP/1.1" 200 78
124.78.159.199 - - [30/Nov/2022:08:46:06 +0800] "GET /xingrg/javascript/easyui/themes/sunny/images/ui-bg_gloss-wave_70_ffdd57_500x100.png HTTP/1.1" 200 3830
116.238.139.35 - - [30/Nov/2022:08:46:07 +0800] "GET /xingrg/kc/base/yddb_order_info.html?code=482022113000216 HTTP/1.1" 200 31299
116.238.139.35 - - [30/Nov/2022:08:46:07 +0800] "GET /xingrg/dwr/interface/AjaxComOrderService.js HTTP/1.1" 200 18264
116.238.139.35 - - [30/Nov/2022:08:46:07 +0800] "GET /xingrg/dwr/interface/AjaxYddbService.js HTTP/1.1" 200 13201
116.238.139.35 - - [30/Nov/2022:08:46:07 +0800] "GET /xingrg/dwr/engine.js HTTP/1.1" 200 43631
116.238.139.35 - - [30/Nov/2022:08:46:08 +0800] "POST /xingrg/dwr/call/plaincall/AjaxYddbService.loadMaterielItems.dwr HTTP/1.1" 200 454
116.238.139.35 - - [30/Nov/2022:08:46:12 +0800] "GET /xingrg/all/function/internal_message.html?_=1669769165915&CODE_STATE=getMsg HTTP/1.1" 200 27
114.83.219.57 - - [30/Nov/2022:08:46:24 +0800] "GET /xingrg/all/function/internal_message.html?_=1669769307077&CODE_STATE=getMsg HTTP/1.1" 200 27
116.238.139.35 - - [30/Nov/2022:08:46:35 +0800] "GET /xingrg/all/function/internal_message.html?_=1669769136181&CODE_STATE=getMsg HTTP/1.1" 200 27
114.95.43.237 - - [30/Nov/2022:08:46:36 +0800] "GET /xingrg/check_reg.html?_=1669769192016 HTTP/1.1" 200 22
114.95.43.237 - - [30/Nov/2022:08:46:36 +0800] "GET /xingrg/all/function/internal_message.html?_=1669769192015&CODE_STATE=getMsg HTTP/1.1" 200 27
180.162.229.95 - - [30/Nov/2022:08:46:37 +0800] "GET /xingrg/all/function/internal_message.html?_=1669769192230&CODE_STATE=getMsg HTTP/1.1" 200 27
114.84.38.109 - - [30/Nov/2022:08:46:40 +0800] "GET /xingrg/check_reg.html?_=1669769203105 HTTP/1.1" 200 22
124.78.159.199 - - [30/Nov/2022:08:46:42 +0800] "GET /xingrg/all/function/internal_message.html?_=1669769201085&CODE_STATE=getMsg HTTP/1.1" 200 27
180.163.30.27 - - [30/Nov/2022:08:46:49 +0800] "GET /xingrg/kc/base/base_main.html HTTP/1.1" 302 -
180.163.30.27 - - [30/Nov/2022:08:46:49 +0800] "GET /xingrg/login.html HTTP/1.1" 200 7641
124.78.159.199 - - [30/Nov/2022:08:46:50 +0800] "GET /xingrg/login.html HTTP/1.1" 200 7641
124.78.159.199 - - [30/Nov/2022:08:46:51 +0800] "GET /favicon.ico HTTP/1.1" 404 -
180.163.28.143 - - [30/Nov/2022:08:46:51 +0800] "GET /xingrg/kc/base/yddb_order_list.html HTTP/1.1" 302 -
180.163.28.143 - - [30/Nov/2022:08:46:51 +0800] "GET /xingrg/login.html HTTP/1.1" 200 7641
116.238.139.35 - - [30/Nov/2022:08:46:52 +0800] "GET /xingrg/images/yd/bt.gif HTTP/1.1" 404 1040
114.95.43.237 - - [30/Nov/2022:08:46:57 +0800] "GET /xingrg/all/function/internal_message.html?_=1669769059057&CODE_STATE=getMsg HTTP/1.1" 200 27
180.163.28.114 - - [30/Nov/2022:08:46:58 +0800] "GET /xingrg/kc/base/kc_stocks.html HTTP/1.1" 302 -
180.163.28.114 - - [30/Nov/2022:08:46:59 +0800] "GET /xingrg/login.html HTTP/1.1" 200 7641
180.163.30.76 - - [30/Nov/2022:08:46:59 +0800] "GET /xingrg/all/common/auto_word.html?type=base&rest_code=00106 HTTP/1.1" 302 -
180.163.30.76 - - [30/Nov/2022:08:46:59 +0800] "GET /xingrg/login.html HTTP/1.1" 200 7641
116.238.139.35 - - [30/Nov/2022:08:47:02 +0800] "GET /xingrg/kc/buy/cgsh_order_list.html HTTP/1.1" 200 53784
116.238.139.35 - - [30/Nov/2022:08:47:03 +0800] "POST /xingrg/kc/buy/cgsh_list_operate.html HTTP/1.1" 200 986
116.230.105.139 - - [30/Nov/2022:08:47:03 +0800] "GET /xingrg/all/function/internal_message.html?_=1669769186718&CODE_STATE=getMsg HTTP/1.1" 200 27
58.40.7.146 - - [30/Nov/2022:08:47:05 +0800] "GET /xingrg/all/function/internal_message.html?_=1669769218794&CODE_STATE=getMsg HTTP/1.1" 200 27
114.84.38.109 - - [30/Nov/2022:08:47:06 +0800] "GET /xingrg/all/function/internal_message.html?_=1669769229403&CODE_STATE=getMsg HTTP/1.1" 200 27
116.238.139.35 - - [30/Nov/2022:08:47:12 +0800] "GET /xingrg/all/function/internal_message.html?_=1669769225907&CODE_STATE=getMsg HTTP/1.1" 200 27
116.238.139.35 - - [30/Nov/2022:08:47:14 +0800] "GET /xingrg/kc/buy/cgsh_order_add.html HTTP/1.1" 200 69159
116.238.139.35 - - [30/Nov/2022:08:47:14 +0800] "POST /xingrg/kc/buy/cgsh_order_operate.html HTTP/1.1" 200 8245
116.238.139.35 - - [30/Nov/2022:08:47:14 +0800] "GET /xingrg/javascript/easyui/themes/default/validatebox.css HTTP/1.1" 404 1104
116.238.139.35 - - [30/Nov/2022:08:47:16 +0800] "GET /xingrg/javascript/auto/indicator.gif HTTP/1.1" 404 1066
116.238.139.35 - - [30/Nov/2022:08:47:17 +0800] "GET /xingrg/all/common/auto_word.html?type=employee&rest_code=00151 HTTP/1.1" 200 293
116.238.139.35 - - [30/Nov/2022:08:47:17 +0800] "GET /xingrg/all/common/auto_word.html?type=employee&rest_code=00151 HTTP/1.1" 200 293
114.83.219.57 - - [30/Nov/2022:08:47:24 +0800] "GET /xingrg/all/function/internal_message.html?_=1669769367069&CODE_STATE=getMsg HTTP/1.1" 200 27
114.83.219.57 - - [30/Nov/2022:08:47:24 +0800] "GET /xingrg/check_reg.html?_=1669769367071 HTTP/1.1" 200 22
116.238.139.35 - - [30/Nov/2022:08:47:26 +0800] "GET /xingrg/kc/buy/cgsh_order_operate.html?command=get_materiel&rest_code=00151&code=00101016025&supplier_code=00100096&order_time=2022-11-30 HTTP/1.1" 200 408
116.238.139.35 - - [30/Nov/2022:08:47:26 +0800] "GET /xingrg/check_reg.html?_=1669769186811 HTTP/1.1" 200 22
116.238.139.35 - - [30/Nov/2022:08:47:35 +0800] "GET /xingrg/all/function/internal_message.html?_=1669769196185&CODE_STATE=getMsg HTTP/1.1" 200 27
114.95.43.237 - - [30/Nov/2022:08:47:36 +0800] "GET /xingrg/all/function/internal_message.html?_=1669769251897&CODE_STATE=getMsg HTTP/1.1" 200 27
180.162.229.95 - - [30/Nov/2022:08:47:37 +0800] "GET /xingrg/all/function/internal_message.html?_=1669769252216&CODE_STATE=getMsg HTTP/1.1" 200 27
180.162.229.95 - - [30/Nov/2022:08:47:37 +0800] "GET /xingrg/check_reg.html?_=1669769252219 HTTP/1.1" 200 22
114.84.81.136 - - [30/Nov/2022:08:47:42 +0800] "GET /xingrg/check_reg.html?_=1669769257109 HTTP/1.1" 200 22
180.163.30.85 - - [30/Nov/2022:08:47:42 +0800] "GET /xingrg/all/function/internal_message.html?_=1669769201085&CODE_STATE=getMsg HTTP/1.1" 302 -
180.163.30.85 - - [30/Nov/2022:08:47:42 +0800] "GET /xingrg/login.html HTTP/1.1" 200 7641
116.238.139.35 - - [30/Nov/2022:08:47:48 +0800] "GET /xingrg/kc/buy/cgsh_order_operate.html?command=get_materiel&rest_code=00151&code=00101016105&supplier_code=00100096&order_time=2022-11-30 HTTP/1.1" 200 409
114.95.43.237 - - [30/Nov/2022:08:47:54 +0800] "GET /xingrg/kc/buy/cgsh_order_add.html HTTP/1.1" 200 69643
114.95.43.237 - - [30/Nov/2022:08:47:55 +0800] "POST /xingrg/kc/buy/cgsh_order_operate.html HTTP/1.1" 200 8245
114.95.43.237 - - [30/Nov/2022:08:47:55 +0800] "GET /xingrg/javascript/easyui/themes/default/validatebox.css HTTP/1.1" 404 1104
116.238.139.35 - - [30/Nov/2022:08:47:56 +0800] "GET /xingrg/kc/buy/cgsh_order_operate.html?command=get_materiel&rest_code=00151&code=00101012064&supplier_code=00100096&order_time=2022-11-30 HTTP/1.1" 200 428
114.95.43.237 - - [30/Nov/2022:08:47:57 +0800] "GET /xingrg/all/function/internal_message.html?_=1669769119067&CODE_STATE=getMsg HTTP/1.1" 200 27
116.238.139.35 - - [30/Nov/2022:08:47:58 +0800] "POST /xingrg/all/common/load_select.html HTTP/1.1" 200 25
116.238.139.35 - - [30/Nov/2022:08:48:00 +0800] "GET /xingrg/javascript/jquery_tools/images/prev.gif HTTP/1.1" 404 1086
116.238.139.35 - - [30/Nov/2022:08:48:00 +0800] "GET /xingrg/javascript/jquery_tools/images/next.gif HTTP/1.1" 404 1086
116.238.139.35 - - [30/Nov/2022:08:48:02 +0800] "GET /xingrg/kc/buy/cgsh_order_operate.html?command=get_materiel_price&rest_code=00151&code=00101012064&unit_code=00100040&supplier_code=00100096&order_time=2022-11-30 HTTP/1.1" 200 27
116.230.105.139 - - [30/Nov/2022:08:48:03 +0800] "GET /xingrg/all/function/internal_message.html?_=1669769246710&CODE_STATE=getMsg HTTP/1.1" 200 27
58.40.7.146 - - [30/Nov/2022:08:48:05 +0800] "GET /xingrg/check_reg.html?_=1669769278799 HTTP/1.1" 200 22
58.40.7.146 - - [30/Nov/2022:08:48:05 +0800] "GET /xingrg/all/function/internal_message.html?_=1669769278799&CODE_STATE=getMsg HTTP/1.1" 200 27
114.84.38.109 - - [30/Nov/2022:08:48:06 +0800] "GET /xingrg/all/function/internal_message.html?_=1669769289416&CODE_STATE=getMsg HTTP/1.1" 200 27
116.238.139.35 - - [30/Nov/2022:08:48:12 +0800] "GET /xingrg/all/function/internal_message.html?_=1669769285920&CODE_STATE=getMsg HTTP/1.1" 200 27
116.238.139.35 - - [30/Nov/2022:08:48:19 +0800] "GET /xingrg/kc/buy/cgsh_order_operate.html?command=get_materiel&rest_code=00151&code=00101012051&supplier_code=00100096&order_time=2022-11-30 HTTP/1.1" 200 408
114.95.43.237 - - [30/Nov/2022:08:48:20 +0800] "GET /xingrg/kc/buy/cgsh_order_operate.html?command=get_materiel&rest_code=00105&code=00101016030&supplier_code=00100034&order_time=2022-11-30 HTTP/1.1" 200 412
114.83.219.57 - - [30/Nov/2022:08:48:23 +0800] "GET /xingrg/all/function/internal_message.html?_=1669769427060&CODE_STATE=getMsg HTTP/1.1" 200 27
124.78.159.199 - - [30/Nov/2022:08:48:30 +0800] "POST /xingrg/login.do HTTP/1.1" 302 -
124.78.159.199 - - [30/Nov/2022:08:48:31 +0800] "GET /xingrg/index.html?sysBaseUrl=http%3A%2F%2F180.169.147.146%3A18081%2Fxingrg%2F&costTime=42×tamp=1669769310264 HTTP/1.1" 200 17173
116.238.139.35 - - [30/Nov/2022:08:48:31 +0800] "GET /xingrg/kc/buy/cgsh_order_operate.html?command=get_materiel&rest_code=00151&code=00101010711&supplier_code=00100096&order_time=2022-11-30 HTTP/1.1" 200 408
124.78.159.199 - - [30/Nov/2022:08:48:33 +0800] "GET /favicon.ico HTTP/1.1" 404 -
124.78.159.199 - - [30/Nov/2022:08:48:34 +0800] "POST /xingrg/all/common/load_tree.html?tree=area_rest_tree_json&manage=1 HTTP/1.1" 200 342
124.78.159.199 - - [30/Nov/2022:08:48:35 +0800] "GET /xingrg/check_reg.html?_=1669769313391 HTTP/1.1" 200 22
124.78.159.199 - - [30/Nov/2022:08:48:35 +0800] "GET /xingrg/all/function/internal_message.html?_=1669769313390&CODE_STATE=count HTTP/1.1" 200 11
124.78.159.199 - - [30/Nov/2022:08:48:35 +0800] "POST /xingrg/load_menu.html HTTP/1.1" 200 5138
116.238.139.35 - - [30/Nov/2022:08:48:35 +0800] "GET /xingrg/all/function/internal_message.html?_=1669769256198&CODE_STATE=getMsg HTTP/1.1" 200 27
114.95.43.237 - - [30/Nov/2022:08:48:36 +0800] "GET /xingrg/all/function/internal_message.html?_=1669769311900&CODE_STATE=getMsg HTTP/1.1" 200 27
114.95.43.237 - - [30/Nov/2022:08:48:37 +0800] "GET /xingrg/kc/buy/cgsh_order_operate.html?command=get_materiel&rest_code=00105&code=00101012051&supplier_code=00100034&order_time=2022-11-30 HTTP/1.1" 200 408
180.162.229.95 - - [30/Nov/2022:08:48:37 +0800] "GET /xingrg/all/function/internal_message.html?_=1669769312214&CODE_STATE=getMsg HTTP/1.1" 200 27
114.95.43.237 - - [30/Nov/2022:08:48:45 +0800] "POST /xingrg/kc/buy/cgsh_order_operate.html HTTP/1.1" 200 37
124.78.159.199 - - [30/Nov/2022:08:48:46 +0800] "GET /xingrg/login.html HTTP/1.1" 200 7641
114.95.43.237 - - [30/Nov/2022:08:48:46 +0800] "POST /xingrg/kc/buy/cgsh_order_operate.html HTTP/1.1" 200 3244
114.95.43.237 - - [30/Nov/2022:08:48:47 +0800] "GET /xingrg/kc/print/load_config.html?kc_code=cgsh HTTP/1.1" 200 1943
114.95.43.237 - - [30/Nov/2022:08:48:47 +0800] "GET /xingrg/kc/print/load_data.html?order_code=212022113010234&kc_code=cgsh&condition= HTTP/1.1" 200 935
116.238.139.35 - - [30/Nov/2022:08:48:47 +0800] "GET /xingrg/kc/buy/cgsh_order_operate.html?command=get_materiel&rest_code=00151&code=00101006109&supplier_code=00100096&order_time=2022-11-30 HTTP/1.1" 200 409
114.95.43.237 - - [30/Nov/2022:08:48:50 +0800] "GET /xingrg/kc/buy/cgsh_order_add.html HTTP/1.1" 200 69643
114.95.43.237 - - [30/Nov/2022:08:48:51 +0800] "GET /xingrg/javascript/easyui/themes/default/validatebox.css HTTP/1.1" 404 1104
114.95.43.237 - - [30/Nov/2022:08:48:51 +0800] "POST /xingrg/kc/buy/cgsh_order_operate.html HTTP/1.1" 200 8245
114.95.43.237 - - [30/Nov/2022:08:48:57 +0800] "GET /xingrg/check_reg.html?_=1669769179057 HTTP/1.1" 200 22
114.95.43.237 - - [30/Nov/2022:08:48:57 +0800] "GET /xingrg/all/function/internal_message.html?_=1669769179060&CODE_STATE=getMsg HTTP/1.1" 200 27
124.78.159.199 - - [30/Nov/2022:08:49:00 +0800] "GET /xingrg/images/blue/jxLogo.png HTTP/1.1" 200 6156
116.230.105.139 - - [30/Nov/2022:08:49:03 +0800] "GET /xingrg/all/function/internal_message.html?_=1669769306715&CODE_STATE=getMsg HTTP/1.1" 200 27
58.40.7.146 - - [30/Nov/2022:08:49:05 +0800] "GET /xingrg/all/function/internal_message.html?_=1669769338802&CODE_STATE=getMsg HTTP/1.1" 200 27
114.84.38.109 - - [30/Nov/2022:08:49:06 +0800] "GET /xingrg/all/function/internal_message.html?_=1669769349519&CODE_STATE=getMsg HTTP/1.1" 200 27
124.78.159.199 - - [30/Nov/2022:08:49:07 +0800] "GET /xingrg/images/blue/login_bg.png HTTP/1.1" 200 22101
124.78.159.199 - - [30/Nov/2022:08:49:07 +0800] "GET /xingrg/images/blue/hj.png HTTP/1.1" 200 1014
124.78.159.199 - - [30/Nov/2022:08:49:07 +0800] "GET /xingrg/images/blue/srbg.png HTTP/1.1" 200 138
114.95.43.237 - - [30/Nov/2022:08:49:08 +0800] "GET /xingrg/javascript/jquery_easy_ui/themes/default/images/tabs_active.png HTTP/1.1" 304 -
116.238.139.35 - - [30/Nov/2022:08:49:12 +0800] "GET /xingrg/all/function/internal_message.html?_=1669769345913&CODE_STATE=getMsg HTTP/1.1" 200 27
124.78.159.199 - - [30/Nov/2022:08:49:20 +0800] "GET /xingrg/login.html HTTP/1.1" 200 7641
114.83.219.57 - - [30/Nov/2022:08:49:23 +0800] "GET /xingrg/all/function/internal_message.html?_=1669769487065&CODE_STATE=getMsg HTTP/1.1" 200 27
124.78.159.199 - - [30/Nov/2022:08:49:28 +0800] "GET /favicon.ico HTTP/1.1" 404 -
180.163.30.76 - - [30/Nov/2022:08:49:30 +0800] "GET /xingrg/index.html?sysBaseUrl=http://180.169.147.146:18081/xingrg/&costTime=42×tamp=1669769310264 HTTP/1.1" 302 -
180.163.30.76 - - [30/Nov/2022:08:49:30 +0800] "GET /xingrg/login.html HTTP/1.1" 200 7641
180.163.30.27 - - [30/Nov/2022:08:49:34 +0800] "GET /xingrg/check_reg.html?_=1669769313391 HTTP/1.1" 302 -
180.163.30.27 - - [30/Nov/2022:08:49:34 +0800] "GET /xingrg/login.html HTTP/1.1" 200 7641
180.163.30.27 - - [30/Nov/2022:08:49:34 +0800] "GET /xingrg/all/function/internal_message.html?_=1669769313390&CODE_STATE=count HTTP/1.1" 302 -
180.163.30.27 - - [30/Nov/2022:08:49:34 +0800] "GET /xingrg/login.html HTTP/1.1" 200 7641
116.238.139.35 - - [30/Nov/2022:08:49:35 +0800] "GET /xingrg/all/function/internal_message.html?_=1669769316212&CODE_STATE=getMsg HTTP/1.1" 200 27
114.95.43.237 - - [30/Nov/2022:08:49:36 +0800] "GET /xingrg/all/function/internal_message.html?_=1669769371928&CODE_STATE=getMsg HTTP/1.1" 200 27
180.162.229.95 - - [30/Nov/2022:08:49:37 +0800] "GET /xingrg/all/function/internal_message.html?_=1669769372222&CODE_STATE=getMsg HTTP/1.1" 200 27
124.78.159.199 - - [30/Nov/2022:08:49:39 +0800] "GET /favicon.ico HTTP/1.1" 404 -
116.238.139.35 - - [30/Nov/2022:08:49:44 +0800] "POST /xingrg/kc/buy/cgsh_order_operate.html HTTP/1.1" 200 37
116.238.139.35 - - [30/Nov/2022:08:49:47 +0800] "POST /xingrg/kc/buy/cgsh_order_operate.html HTTP/1.1" 200 12
116.238.139.35 - - [30/Nov/2022:08:49:48 +0800] "GET /xingrg/kc/buy/cgsh_order_info.html?code=212022113010235 HTTP/1.1" 200 64052
116.238.139.35 - - [30/Nov/2022:08:49:48 +0800] "GET /xingrg/javascript/easyui/themes/default/validatebox.css HTTP/1.1" 404 1104
116.238.139.35 - - [30/Nov/2022:08:49:49 +0800] "POST /xingrg/kc/buy/cgsh_order_operate.html HTTP/1.1" 200 3589
116.238.139.35 - - [30/Nov/2022:08:49:50 +0800] "GET /xingrg/kc/print/load_data.html?order_code=212022113010235&kc_code=cgsh&condition= HTTP/1.1" 200 1828
124.78.159.199 - - [30/Nov/2022:08:49:51 +0800] "POST /xingrg/login.do HTTP/1.1" 302 -
124.78.159.199 - - [30/Nov/2022:08:49:53 +0800] "GET /xingrg/index.html?sysBaseUrl=http%3A%2F%2F180.169.147.146%3A18081%2Fxingrg%2F&costTime=43×tamp=1669769391667 HTTP/1.1" 200 17173
124.78.159.199 - - [30/Nov/2022:08:49:56 +0800] "GET /favicon.ico HTTP/1.1" 404 -
114.95.43.237 - - [30/Nov/2022:08:49:57 +0800] "GET /xingrg/all/function/internal_message.html?_=1669769239063&CODE_STATE=getMsg HTTP/1.1" 200 27
124.78.159.199 - - [30/Nov/2022:08:49:57 +0800] "POST /xingrg/all/common/load_tree.html?tree=area_rest_tree_json&manage=1 HTTP/1.1" 200 342
124.78.159.199 - - [30/Nov/2022:08:50:00 +0800] "GET /xingrg/all/function/internal_message.html?_=1669769398583&CODE_STATE=count HTTP/1.1" 200 11
124.78.159.199 - - [30/Nov/2022:08:50:00 +0800] "POST /xingrg/load_menu.html HTTP/1.1" 200 5138
124.78.159.199 - - [30/Nov/2022:08:50:00 +0800] "GET /xingrg/check_reg.html?_=1669769398584 HTTP/1.1" 200 22
116.230.105.139 - - [30/Nov/2022:08:50:03 +0800] "GET /xingrg/all/function/internal_message.html?_=1669769366706&CODE_STATE=getMsg HTTP/1.1" 200 27
116.230.105.139 - - [30/Nov/2022:08:50:03 +0800] "GET /xingrg/check_reg.html?_=1669769366724 HTTP/1.1" 200 22
58.40.7.146 - - [30/Nov/2022:08:50:05 +0800] "GET /xingrg/all/function/internal_message.html?_=1669769398789&CODE_STATE=getMsg HTTP/1.1" 200 27
114.84.38.109 - - [30/Nov/2022:08:50:06 +0800] "GET /xingrg/all/function/internal_message.html?_=1669769409538&CODE_STATE=getMsg HTTP/1.1" 200 27
116.238.139.35 - - [30/Nov/2022:08:50:12 +0800] "GET /xingrg/check_reg.html?_=1669769405914 HTTP/1.1" 200 22
116.238.139.35 - - [30/Nov/2022:08:50:12 +0800] "GET /xingrg/all/function/internal_message.html?_=1669769405921&CODE_STATE=getMsg HTTP/1.1" 200 27
180.163.28.55 - - [30/Nov/2022:08:50:23 +0800] "GET /xingrg/login.html HTTP/1.1" 200 7641
114.83.219.57 - - [30/Nov/2022:08:50:24 +0800] "GET /xingrg/all/function/internal_message.html?_=1669769547080&CODE_STATE=getMsg HTTP/1.1" 200 27
116.238.139.35 - - [30/Nov/2022:08:50:35 +0800] "GET /xingrg/all/function/internal_message.html?_=1669769376236&CODE_STATE=getMsg HTTP/1.1" 200 27
114.95.43.237 - - [30/Nov/2022:08:50:36 +0800] "GET /xingrg/all/function/internal_message.html?_=1669769431894&CODE_STATE=getMsg HTTP/1.1" 200 27
180.162.229.95 - - [30/Nov/2022:08:50:37 +0800] "GET /xingrg/all/function/internal_message.html?_=1669769432224&CODE_STATE=getMsg HTTP/1.1" 200 27
124.78.159.199 - - [30/Nov/2022:08:50:43 +0800] "GET /xingrg/kc/base/base_main.html HTTP/1.1" 200 12142
114.83.219.57 - - [30/Nov/2022:08:50:44 +0800] "GET /xingrg/kc/base/check_order_add.html HTTP/1.1" 200 25574
114.83.219.57 - - [30/Nov/2022:08:50:44 +0800] "GET /xingrg/dwr/interface/AjaxComOrderService.js HTTP/1.1" 200 18264
114.83.219.57 - - [30/Nov/2022:08:50:44 +0800] "GET /xingrg/dwr/interface/AjaxCheckService.js HTTP/1.1" 200 14003
114.83.219.57 - - [30/Nov/2022:08:50:44 +0800] "GET /xingrg/dwr/engine.js HTTP/1.1" 200 43631
124.78.159.199 - - [30/Nov/2022:08:50:48 +0800] "GET /xingrg/kc/base/base_main.html HTTP/1.1" 200 12142
114.83.219.57 - - [30/Nov/2022:08:50:50 +0800] "POST /xingrg/dwr/call/plaincall/AjaxCheckService.saveOrder.dwr HTTP/1.1" 200 78
114.83.219.57 - - [30/Nov/2022:08:50:51 +0800] "POST /xingrg/dwr/call/plaincall/AjaxCheckService.loadOrderItems.dwr HTTP/1.1" 200 367
180.163.29.212 - - [30/Nov/2022:08:50:52 +0800] "GET /xingrg/index.html?sysBaseUrl=http://180.169.147.146:18081/xingrg/&costTime=43×tamp=1669769391667 HTTP/1.1" 302 -
180.163.29.212 - - [30/Nov/2022:08:50:52 +0800] "GET /xingrg/login.html HTTP/1.1" 200 7641
114.95.43.237 - - [30/Nov/2022:08:50:57 +0800] "GET /xingrg/all/function/internal_message.html?_=1669769299068&CODE_STATE=getMsg HTTP/1.1" 200 27
180.163.29.103 - - [30/Nov/2022:08:50:59 +0800] "GET /xingrg/check_reg.html?_=1669769398584 HTTP/1.1" 302 -
180.163.29.103 - - [30/Nov/2022:08:50:59 +0800] "GET /xingrg/all/function/internal_message.html?_=1669769398583&CODE_STATE=count HTTP/1.1" 302 -
180.163.29.103 - - [30/Nov/2022:08:50:59 +0800] "GET /xingrg/login.html HTTP/1.1" 200 7641
180.163.29.103 - - [30/Nov/2022:08:50:59 +0800] "GET /xingrg/login.html HTTP/1.1" 200 7641
124.78.159.199 - - [30/Nov/2022:08:51:01 +0800] "GET /xingrg/all/function/internal_message.html?_=1669769459271&CODE_STATE=getMsg HTTP/1.1" 200 27
114.83.219.57 - - [30/Nov/2022:08:51:01 +0800] "POST /xingrg/dwr/call/plaincall/AjaxCheckService.importOrderItems.dwr HTTP/1.1" 200 78
124.78.159.199 - - [30/Nov/2022:08:51:02 +0800] "GET /xingrg/kc/base/kc_stocks.html HTTP/1.1" 200 16506
116.230.105.139 - - [30/Nov/2022:08:51:03 +0800] "GET /xingrg/all/function/internal_message.html?_=1669769426707&CODE_STATE=getMsg HTTP/1.1" 200 27
58.40.7.146 - - [30/Nov/2022:08:51:05 +0800] "GET /xingrg/all/function/internal_message.html?_=1669769458791&CODE_STATE=getMsg HTTP/1.1" 200 27
114.83.219.57 - - [30/Nov/2022:08:51:06 +0800] "POST /xingrg/dwr/call/plaincall/AjaxCheckService.loadOrderItems.dwr HTTP/1.1" 200 16454
114.84.38.109 - - [30/Nov/2022:08:51:06 +0800] "GET /xingrg/all/function/internal_message.html?_=1669769469641&CODE_STATE=getMsg HTTP/1.1" 200 27
116.238.139.35 - - [30/Nov/2022:08:51:12 +0800] "GET /xingrg/all/function/internal_message.html?_=1669769465920&CODE_STATE=getMsg HTTP/1.1" 200 27
222.70.177.10 - - [30/Nov/2022:08:51:12 +0800] "POST /xingrg/services/DataTransmitService HTTP/1.1" 200 524
114.95.43.237 - - [30/Nov/2022:08:51:16 +0800] "GET /xingrg/kc/buy/cgsh_order_list.html HTTP/1.1" 200 53780
114.95.43.237 - - [30/Nov/2022:08:51:19 +0800] "POST /xingrg/kc/buy/cgsh_list_operate.html HTTP/1.1" 200 2272
114.83.219.57 - - [30/Nov/2022:08:51:19 +0800] "GET /xingrg/kc/print/load_config.html?_=1669769602662&kc_code=check HTTP/1.1" 200 2243
114.83.219.57 - - [30/Nov/2022:08:51:19 +0800] "GET /xingrg/kc/print/load_data.html?_=1669769602691&order_code=452022113000094&kc_code=check&condition= HTTP/1.1" 200 4777
114.95.43.237 - - [30/Nov/2022:08:51:21 +0800] "POST /xingrg/kc/buy/cgsh_list_operate.html HTTP/1.1" 200 567
114.95.43.237 - - [30/Nov/2022:08:51:23 +0800] "GET /xingrg/kc/buy/cgsh_order_info.html?code=212022113010228 HTTP/1.1" 200 69646
114.83.219.57 - - [30/Nov/2022:08:51:24 +0800] "GET /xingrg/all/function/internal_message.html?_=1669769607072&CODE_STATE=getMsg HTTP/1.1" 200 27
114.95.43.237 - - [30/Nov/2022:08:51:24 +0800] "GET /xingrg/javascript/easyui/themes/default/validatebox.css HTTP/1.1" 404 1104
124.78.159.199 - - [30/Nov/2022:08:51:24 +0800] "GET /xingrg/all/common/auto_word.html?type=base&rest_code=00106 HTTP/1.1" 200 1799
124.78.159.199 - - [30/Nov/2022:08:51:24 +0800] "GET /xingrg/javascript/easyui/themes/default/tree.css HTTP/1.1" 404 1090
114.95.43.237 - - [30/Nov/2022:08:51:24 +0800] "POST /xingrg/kc/buy/cgsh_order_operate.html HTTP/1.1" 200 29842
124.78.159.199 - - [30/Nov/2022:08:51:24 +0800] "POST /xingrg/all/common/load_tree.html?tree=materiel_sort_tree_json HTTP/1.1" 200 9500
124.78.159.199 - - [30/Nov/2022:08:51:27 +0800] "POST /xingrg/all/common/load_combo.html?type=base HTTP/1.1" 200 3227
124.78.159.199 - - [30/Nov/2022:08:51:30 +0800] "POST /xingrg/kc/base/stock_operate.html HTTP/1.1" 200 4347
116.238.139.35 - - [30/Nov/2022:08:51:35 +0800] "GET /xingrg/all/function/internal_message.html?_=1669769436239&CODE_STATE=getMsg HTTP/1.1" 200 27
114.95.43.237 - - [30/Nov/2022:08:51:36 +0800] "GET /xingrg/all/function/internal_message.html?_=1669769491896&CODE_STATE=getMsg HTTP/1.1" 200 27
114.95.43.237 - - [30/Nov/2022:08:51:36 +0800] "GET /xingrg/check_reg.html?_=1669769492003 HTTP/1.1" 200 22
180.162.229.95 - - [30/Nov/2022:08:51:37 +0800] "GET /xingrg/all/function/internal_message.html?_=1669769492221&CODE_STATE=getMsg HTTP/1.1" 200 27
114.84.38.109 - - [30/Nov/2022:08:51:40 +0800] "GET /xingrg/check_reg.html?_=1669769503118 HTTP/1.1" 200 22
114.95.43.237 - - [30/Nov/2022:08:51:57 +0800] "GET /xingrg/all/function/internal_message.html?_=1669769359057&CODE_STATE=getMsg HTTP/1.1" 200 27
180.163.28.68 - - [30/Nov/2022:08:52:00 +0800] "GET /xingrg/all/function/internal_message.html?_=1669769459271&CODE_STATE=getMsg HTTP/1.1" 302 -
180.163.28.68 - - [30/Nov/2022:08:52:00 +0800] "GET /xingrg/login.html HTTP/1.1" 200 7641
124.78.159.199 - - [30/Nov/2022:08:52:01 +0800] "GET /xingrg/all/function/internal_message.html?_=1669769519259&CODE_STATE=getMsg HTTP/1.1" 200 27
116.230.105.139 - - [30/Nov/2022:08:52:03 +0800] "GET /xingrg/all/function/internal_message.html?_=1669769486704&CODE_STATE=getMsg HTTP/1.1" 200 27
58.40.7.146 - - [30/Nov/2022:08:52:05 +0800] "GET /xingrg/all/function/internal_message.html?_=1669769518792&CODE_STATE=getMsg HTTP/1.1" 200 27
114.84.38.109 - - [30/Nov/2022:08:52:06 +0800] "GET /xingrg/all/function/internal_message.html?_=1669769529663&CODE_STATE=getMsg HTTP/1.1" 200 27
116.238.139.35 - - [30/Nov/2022:08:52:12 +0800] "GET /xingrg/all/function/internal_message.html?_=1669769525921&CODE_STATE=getMsg HTTP/1.1" 200 27
114.83.219.57 - - [30/Nov/2022:08:52:23 +0800] "GET /xingrg/check_reg.html?_=1669769667070 HTTP/1.1" 200 22
114.83.219.57 - - [30/Nov/2022:08:52:24 +0800] "GET /xingrg/all/function/internal_message.html?_=1669769667071&CODE_STATE=getMsg HTTP/1.1" 200 27
116.238.139.35 - - [30/Nov/2022:08:52:26 +0800] "GET /xingrg/check_reg.html?_=1669769486823 HTTP/1.1" 200 22
116.238.139.35 - - [30/Nov/2022:08:52:35 +0800] "GET /xingrg/all/function/internal_message.html?_=1669769496253&CODE_STATE=getMsg HTTP/1.1" 200 27
114.95.43.237 - - [30/Nov/2022:08:52:36 +0800] "GET /xingrg/all/function/internal_message.html?_=1669769551906&CODE_STATE=getMsg HTTP/1.1" 200 27
180.162.229.95 - - [30/Nov/2022:08:52:37 +0800] "GET /xingrg/check_reg.html?_=1669769552223 HTTP/1.1" 200 22
180.162.229.95 - - [30/Nov/2022:08:52:37 +0800] "GET /xingrg/all/function/internal_message.html?_=1669769552227&CODE_STATE=getMsg HTTP/1.1" 200 27
114.84.81.136 - - [30/Nov/2022:08:52:42 +0800] "GET /xingrg/check_reg.html?_=1669769557088 HTTP/1.1" 200 22
114.95.43.237 - - [30/Nov/2022:08:52:57 +0800] "GET /xingrg/all/function/internal_message.html?_=1669769419057&CODE_STATE=getMsg HTTP/1.1" 200 27
180.163.28.109 - - [30/Nov/2022:08:53:00 +0800] "GET /xingrg/all/function/internal_message.html?_=1669769519259&CODE_STATE=getMsg HTTP/1.1" 302 -
180.163.28.109 - - [30/Nov/2022:08:53:00 +0800] "GET /xingrg/login.html HTTP/1.1" 200 7641
124.78.159.199 - - [30/Nov/2022:08:53:00 +0800] "GET /xingrg/all/function/internal_message.html?_=1669769579228&CODE_STATE=getMsg HTTP/1.1" 200 27
116.230.105.139 - - [30/Nov/2022:08:53:03 +0800] "GET /xingrg/all/function/internal_message.html?_=1669769546701&CODE_STATE=getMsg HTTP/1.1" 200 27
58.40.7.146 - - [30/Nov/2022:08:53:05 +0800] "GET /xingrg/all/function/internal_message.html?_=1669769578794&CODE_STATE=getMsg HTTP/1.1" 200 27
58.40.7.146 - - [30/Nov/2022:08:53:05 +0800] "GET /xingrg/check_reg.html?_=1669769578795 HTTP/1.1" 200 22
114.84.38.109 - - [30/Nov/2022:08:53:06 +0800] "GET /xingrg/all/function/internal_message.html?_=1669769589673&CODE_STATE=getMsg HTTP/1.1" 200 27
116.238.139.35 - - [30/Nov/2022:08:53:12 +0800] "GET /xingrg/all/function/internal_message.html?_=1669769585910&CODE_STATE=getMsg HTTP/1.1" 200 27
124.78.159.199 - - [30/Nov/2022:08:53:21 +0800] "POST /xingrg/kc/base/stock_operate.html HTTP/1.1" 200 18146
114.83.219.57 - - [30/Nov/2022:08:53:23 +0800] "GET /xingrg/all/function/internal_message.html?_=1669769727071&CODE_STATE=getMsg HTTP/1.1" 200 27
116.238.139.35 - - [30/Nov/2022:08:53:35 +0800] "GET /xingrg/all/function/internal_message.html?_=1669769556266&CODE_STATE=getMsg HTTP/1.1" 200 27
114.95.43.237 - - [30/Nov/2022:08:53:36 +0800] "GET /xingrg/all/function/internal_message.html?_=1669769611906&CODE_STATE=getMsg HTTP/1.1" 200 27
180.162.229.95 - - [30/Nov/2022:08:53:37 +0800] "GET /xingrg/all/function/internal_message.html?_=1669769612222&CODE_STATE=getMsg HTTP/1.1" 200 27
124.78.159.199 - - [30/Nov/2022:08:53:52 +0800] "GET /xingrg/javascript/easyui/themes/sunny/images/ui-bg_gloss-wave_60_fece2f_500x100.png HTTP/1.1" 200 3512
124.78.159.199 - - [30/Nov/2022:08:53:53 +0800] "GET /xingrg/kc/buy/buy_main.html HTTP/1.1" 200 12412
124.78.159.199 - - [30/Nov/2022:08:53:53 +0800] "GET /xingrg/css/new_ie.css HTTP/1.1" 404 1036
124.78.159.199 - - [30/Nov/2022:08:53:54 +0800] "GET /xingrg/javascript/jquery_ui/themes/humanity/humanity.css HTTP/1.1" 200 27801
124.78.159.199 - - [30/Nov/2022:08:53:54 +0800] "GET /xingrg/javascript/ToolTips.js HTTP/1.1" 200 5615
124.78.159.199 - - [30/Nov/2022:08:53:54 +0800] "GET /xingrg/javascript/jquery_ui/jquery-ui.min.js HTTP/1.1" 200 186181
124.78.159.199 - - [30/Nov/2022:08:53:54 +0800] "GET /xingrg/images/blue/button/cgydd.gif HTTP/1.1" 200 2712
124.78.159.199 - - [30/Nov/2022:08:53:54 +0800] "GET /xingrg/images/blue/button/cgshd.gif HTTP/1.1" 200 2618
124.78.159.199 - - [30/Nov/2022:08:53:54 +0800] "GET /xingrg/images/blue/button/cgxqd.gif HTTP/1.1" 200 2619
124.78.159.199 - - [30/Nov/2022:08:53:54 +0800] "GET /xingrg/images/blue/button/ckthd.gif HTTP/1.1" 200 2045
124.78.159.199 - - [30/Nov/2022:08:53:54 +0800] "GET /xingrg/images/blue/button/cgfkd.gif HTTP/1.1" 200 2075
124.78.159.199 - - [30/Nov/2022:08:53:54 +0800] "GET /xingrg/javascript/jquery_ui/themes/humanity/images/ui-bg_inset-soft_100_f4f0ec_1x100.png HTTP/1.1" 200 141
124.78.159.199 - - [30/Nov/2022:08:53:54 +0800] "GET /xingrg/images/blue/button/down_ah.jpg HTTP/1.1" 200 1732
124.78.159.199 - - [30/Nov/2022:08:53:54 +0800] "GET /xingrg/javascript/jquery_ui/themes/humanity/images/ui-bg_glass_70_ede4d4_1x400.png HTTP/1.1" 200 161
124.78.159.199 - - [30/Nov/2022:08:53:54 +0800] "GET /xingrg/javascript/jquery_ui/themes/humanity/images/ui-icons_c47a23_256x240.png HTTP/1.1" 200 5355
124.78.159.199 - - [30/Nov/2022:08:53:54 +0800] "GET /xingrg/javascript/jquery_ui/themes/humanity/images/ui-icons_ffffff_256x240.png HTTP/1.1" 200 4369
124.78.159.199 - - [30/Nov/2022:08:53:54 +0800] "GET /xingrg/javascript/jquery_ui/themes/humanity/images/ui-iconsnew.jpg HTTP/1.1" 200 337
124.78.159.199 - - [30/Nov/2022:08:53:55 +0800] "GET /xingrg/images/yd/bt.gif HTTP/1.1" 404 1040
124.78.159.199 - - [30/Nov/2022:08:53:56 +0800] "GET /xingrg/kc/buy/cgsh_order_list.html HTTP/1.1" 200 53780
124.78.159.199 - - [30/Nov/2022:08:53:56 +0800] "GET /xingrg/javascript/easyui/themes/icons/cance_new.png HTTP/1.1" 200 3986
124.78.159.199 - - [30/Nov/2022:08:53:56 +0800] "GET /xingrg/javascript/easyui/themes/icons/check_new.png HTTP/1.1" 200 3224
