114.84.38.109 - - [30/Nov/2022:10:22:14 +0800] "GET /xingrg/javascript/easyui/themes/default/images/button_plain_hover.png HTTP/1.1" 200 144
114.84.81.136 - - [30/Nov/2022:10:22:18 +0800] "GET /xingrg/all/function/internal_message.html?_=1669774930328&CODE_STATE=getMsg HTTP/1.1" 200 27
114.84.38.109 - - [30/Nov/2022:10:22:19 +0800] "GET /xingrg/check_reg.html?_=1669774943096 HTTP/1.1" 200 22
114.84.38.109 - - [30/Nov/2022:10:22:20 +0800] "GET /xingrg/dwr/interface/AjaxReportQueryService.js HTTP/1.1" 200 13203
114.84.38.109 - - [30/Nov/2022:10:22:20 +0800] "GET /xingrg/all/report/report_query.html?isQuery=1&fileName=kc/base/crk_detail_by_list.xml&queryString=&queryText=%25E3%2580%2590%25E4%25BB%2593%25E5%25BA%2593%25E5%2590%258D%25E7%25A7%25B0%253A%25E5%2590%25A7%25E5%258F%25B0%25E3%2580%2591%25E3%2580%2590%25E4%25B8%259A%25E5%258A%25A1%25E7%25B1%25BB%25E5%259E%258B%25EF%25BC%259A%25E6%2580%25BB%25E9%2583%25A8%25E9%2585%258D%25E9%2580%2581%25E3%2580%2591%2520%253F%253F%253F%253F%253F2022-11-01%253F%253F2022-11-30&tableQueryString=crk_table%2524sp1%2524order_day%2520between%252020221101%2520and%252020221130%2520and%2520(base_code%253D%270010332%27)%2520and%2520(src_order_type%2520in%2520(31))%2520and%2520(is_rk%2520in%2520(1))%2520and%2520(a.materiel_code%253D%2700101025093%27) HTTP/1.1" 200 51001
114.84.38.109 - - [30/Nov/2022:10:22:21 +0800] "POST /xingrg/all/report/load_report_page.html HTTP/1.1" 200 16026
114.84.38.109 - - [30/Nov/2022:10:22:21 +0800] "GET /xingrg/servlets/image?cache=0.22396048475357522&image=px HTTP/1.1" 200 807
222.70.177.10 - - [30/Nov/2022:10:22:22 +0800] "GET /xingrg/kc/base/stock_detail.html?m=00101028032 HTTP/1.1" 200 7318
116.238.139.35 - - [30/Nov/2022:10:22:22 +0800] "GET /xingrg/all/function/internal_message.html?_=1669774883076&CODE_STATE=getMsg HTTP/1.1" 200 27
114.95.43.237 - - [30/Nov/2022:10:22:22 +0800] "GET /xingrg/all/function/internal_message.html?_=1669774938132&CODE_STATE=getMsg HTTP/1.1" 200 27
114.83.219.57 - - [30/Nov/2022:10:22:22 +0800] "GET /xingrg/all/function/internal_message.html?_=1669775066070&CODE_STATE=getMsg HTTP/1.1" 200 27
114.95.43.237 - - [30/Nov/2022:10:22:22 +0800] "GET /xingrg/check_reg.html?_=1669774938129 HTTP/1.1" 200 22
222.70.177.10 - - [30/Nov/2022:10:22:22 +0800] "GET /xingrg/javascript/jquery_easy_ui/themes/icons/search.png HTTP/1.1" 200 813
222.70.177.10 - - [30/Nov/2022:10:22:22 +0800] "GET /xingrg/javascript/jquery_easy_ui/themes/default/images/calendar_prevmonth.gif HTTP/1.1" 200 66
222.70.177.10 - - [30/Nov/2022:10:22:22 +0800] "GET /xingrg/javascript/jquery_easy_ui/themes/default/images/calendar_nextmonth.gif HTTP/1.1" 200 64
222.70.177.10 - - [30/Nov/2022:10:22:22 +0800] "GET /xingrg/javascript/jquery_easy_ui/themes/default/images/calendar_prevyear.gif HTTP/1.1" 200 76
222.70.177.10 - - [30/Nov/2022:10:22:23 +0800] "GET /xingrg/javascript/jquery_easy_ui/themes/default/images/calendar_nextyear.gif HTTP/1.1" 200 75
114.84.38.109 - - [30/Nov/2022:10:22:23 +0800] "GET /xingrg/all/function/internal_message.html?_=1669774946403&CODE_STATE=getMsg HTTP/1.1" 200 27
114.84.38.109 - - [30/Nov/2022:10:22:23 +0800] "GET /xingrg/all/function/internal_message.html?_=1669774937338&CODE_STATE=getMsg HTTP/1.1" 200 27
114.83.219.57 - - [30/Nov/2022:10:22:23 +0800] "GET /xingrg/check_reg.html?_=1669775067071 HTTP/1.1" 200 22
101.85.106.255 - - [30/Nov/2022:10:22:25 +0800] "GET /xingrg/all/function/internal_message.html?_=1669774938439&CODE_STATE=getMsg HTTP/1.1" 200 27
222.70.177.10 - - [30/Nov/2022:10:22:27 +0800] "GET /xingrg/kc/base/stock_operate.html?_=1669774940271&command=get_report_file&start_day=20221101 HTTP/1.1" 200 53
222.70.177.10 - - [30/Nov/2022:10:22:27 +0800] "GET /xingrg/all/report/report_query.html?isQuery=1&onlyBody=1&rh=2000&fileName=kc/base/kc_stock_detail_new.xml&queryString=(1=1)&queryText=&tableQueryString=init_table$sp1$$sp$crk_table$sp1$order_day%20between%2020221101%20and%2020221130&varString=start_day:20221101,materiel_code:00101028032,cost_id:4023,end_date:20221031 HTTP/1.1" 200 48701
222.70.177.10 - - [30/Nov/2022:10:22:27 +0800] "GET /xingrg/dwr/interface/AjaxReportQueryService.js HTTP/1.1" 200 13203
222.70.177.10 - - [30/Nov/2022:10:22:27 +0800] "GET /xingrg/dwr/engine.js HTTP/1.1" 200 43631
222.70.177.10 - - [30/Nov/2022:10:22:27 +0800] "POST /xingrg/all/report/load_report_page.html HTTP/1.1" 200 34924
222.70.177.10 - - [30/Nov/2022:10:22:27 +0800] "GET /xingrg/servlets/image?cache=0.3890692753396201&image=px HTTP/1.1" 200 807
222.70.177.10 - - [30/Nov/2022:10:22:30 +0800] "GET /xingrg/all/function/internal_message.html?_=1669774944096&CODE_STATE=getMsg HTTP/1.1" 200 27
124.79.245.154 - - [30/Nov/2022:10:22:36 +0800] "GET /xingrg/all/function/internal_message.html?_=1669775170743&CODE_STATE=getMsg HTTP/1.1" 200 27
114.88.159.190 - - [30/Nov/2022:10:22:40 +0800] "POST /xingrg/kc/buy/cgsh_order_operate.html HTTP/1.1" 200 37
222.70.177.10 - - [30/Nov/2022:10:22:41 +0800] "GET /xingrg/all/function/internal_message.html?_=1669774957337&CODE_STATE=getMsg HTTP/1.1" 200 27
114.84.81.136 - - [30/Nov/2022:10:22:42 +0800] "GET /xingrg/check_reg.html?_=1669774956854 HTTP/1.1" 200 22
114.84.81.136 - - [30/Nov/2022:10:22:43 +0800] "GET /xingrg/all/function/internal_message.html?_=1669774961886&CODE_STATE=getMsg HTTP/1.1" 200 27
116.230.105.139 - - [30/Nov/2022:10:22:43 +0800] "GET /xingrg/all/function/internal_message.html?_=1669774926177&CODE_STATE=getMsg HTTP/1.1" 200 27
124.79.245.154 - - [30/Nov/2022:10:22:45 +0800] "GET /xingrg/kc/buy/cgsh_order_operate.html?command=get_materiel&rest_code=00104&code=00101011007&supplier_code=00100048&order_time=2022-11-30 HTTP/1.1" 200 414
114.88.159.190 - - [30/Nov/2022:10:22:46 +0800] "POST /xingrg/kc/buy/cgsh_order_operate.html HTTP/1.1" 200 12
114.88.159.190 - - [30/Nov/2022:10:22:48 +0800] "GET /xingrg/kc/buy/cgsh_order_info.html?code=212022113010260 HTTP/1.1" 200 64464
114.88.159.190 - - [30/Nov/2022:10:22:48 +0800] "GET /xingrg/javascript/easyui/themes/default/validatebox.css HTTP/1.1" 404 1104
114.88.159.190 - - [30/Nov/2022:10:22:49 +0800] "POST /xingrg/kc/buy/cgsh_order_operate.html HTTP/1.1" 200 2385
58.40.7.146 - - [30/Nov/2022:10:22:50 +0800] "GET /xingrg/all/function/internal_message.html?_=1669774963934&CODE_STATE=getMsg HTTP/1.1" 302 -
114.83.219.57 - - [30/Nov/2022:10:22:51 +0800] "GET /xingrg/kc/base/wldb_order_operate.html?command=get_materiel&rest_code=00154&base_code=0010724&code=00101040002 HTTP/1.1" 200 461
114.88.159.190 - - [30/Nov/2022:10:22:54 +0800] "GET /xingrg/kc/print/load_data.html?order_code=212022113010260&kc_code=cgsh&condition= HTTP/1.1" 200 1449
114.83.219.57 - - [30/Nov/2022:10:22:54 +0800] "POST /xingrg/all/common/load_select.html HTTP/1.1" 200 25
114.83.219.57 - - [30/Nov/2022:10:22:56 +0800] "GET /xingrg/kc/base/wldb_order_operate.html?command=get_materiel_price&rest_code=00154&base_code=0010724&code=00101040002&unit_code=00100619 HTTP/1.1" 200 37
114.95.43.237 - - [30/Nov/2022:10:22:57 +0800] "GET /xingrg/all/function/internal_message.html?_=1669774819131&CODE_STATE=getMsg HTTP/1.1" 200 27
180.169.147.146 - - [30/Nov/2022:10:22:58 +0800] "GET /xingrg/kc/buy/buy_main.html HTTP/1.1" 302 -
180.169.147.146 - - [30/Nov/2022:10:22:58 +0800] "GET /xingrg/login.html HTTP/1.1" 200 7641
180.169.147.146 - - [30/Nov/2022:10:22:58 +0800] "GET /xingrg/login.html HTTP/1.1" 200 7641
180.163.29.206 - - [30/Nov/2022:10:22:58 +0800] "GET /xingrg/all/function/internal_message.html?_=1669774917287&CODE_STATE=getMsg HTTP/1.1" 302 -
180.169.147.146 - - [30/Nov/2022:10:22:58 +0800] "GET /favicon.ico HTTP/1.1" 404 -
180.163.29.206 - - [30/Nov/2022:10:22:58 +0800] "GET /xingrg/login.html HTTP/1.1" 200 7641
124.78.159.199 - - [30/Nov/2022:10:22:59 +0800] "GET /xingrg/all/function/internal_message.html?_=1669774977281&CODE_STATE=getMsg HTTP/1.1" 200 27
180.169.147.146 - - [30/Nov/2022:10:23:00 +0800] "POST /xingrg/login.do HTTP/1.1" 302 -
180.169.147.146 - - [30/Nov/2022:10:23:00 +0800] "GET /xingrg/index.html?sysBaseUrl=http%3A%2F%2F180.169.147.146%3A18081%2Fxingrg%2F&costTime=231×tamp=1669774980237 HTTP/1.1" 200 17179
180.169.147.146 - - [30/Nov/2022:10:23:00 +0800] "GET /favicon.ico HTTP/1.1" 404 -
114.88.159.190 - - [30/Nov/2022:10:23:00 +0800] "GET /xingrg/kc/buy/cgsh_order_add.html HTTP/1.1" 200 69561
180.169.147.146 - - [30/Nov/2022:10:23:00 +0800] "POST /xingrg/all/common/load_tree.html?tree=area_rest_tree_json&manage=1 HTTP/1.1" 200 351
180.169.147.146 - - [30/Nov/2022:10:23:00 +0800] "GET /xingrg/all/function/internal_message.html?_=1669774972064&CODE_STATE=count HTTP/1.1" 200 11
180.169.147.146 - - [30/Nov/2022:10:23:00 +0800] "POST /xingrg/load_menu.html HTTP/1.1" 200 5138
180.169.147.146 - - [30/Nov/2022:10:23:00 +0800] "GET /xingrg/check_reg.html?_=1669774972065 HTTP/1.1" 200 22
114.88.159.190 - - [30/Nov/2022:10:23:00 +0800] "POST /xingrg/kc/buy/cgsh_order_operate.html HTTP/1.1" 200 8245
114.88.159.190 - - [30/Nov/2022:10:23:00 +0800] "GET /xingrg/javascript/easyui/themes/default/validatebox.css HTTP/1.1" 404 1104
180.169.147.146 - - [30/Nov/2022:10:23:01 +0800] "GET /xingrg/kc/buy/buy_main.html HTTP/1.1" 200 12412
180.169.147.146 - - [30/Nov/2022:10:23:01 +0800] "GET /xingrg/css/new_ie.css HTTP/1.1" 404 1036
180.169.147.146 - - [30/Nov/2022:10:23:01 +0800] "GET /xingrg/images/yd/bt.gif HTTP/1.1" 404 1040
116.238.139.35 - - [30/Nov/2022:10:23:01 +0800] "GET /xingrg/all/function/internal_message.html?_=1669774975240&CODE_STATE=getMsg HTTP/1.1" 200 27
180.169.147.146 - - [30/Nov/2022:10:23:01 +0800] "GET /xingrg/kc/buy/cgsh_order_list.html HTTP/1.1" 200 53786
222.70.177.10 - - [30/Nov/2022:10:23:03 +0800] "POST /xingrg/kc/base/stock_operate.html HTTP/1.1" 200 4059
114.88.159.190 - - [30/Nov/2022:10:23:03 +0800] "GET /xingrg/all/function/internal_message.html?_=1669774577048&CODE_STATE=getMsg HTTP/1.1" 200 27
114.88.159.190 - - [30/Nov/2022:10:23:03 +0800] "GET /xingrg/check_reg.html?_=1669774577049 HTTP/1.1" 200 22
58.40.7.146 - - [30/Nov/2022:10:23:05 +0800] "GET /xingrg/all/function/internal_message.html?_=1669774978826&CODE_STATE=getMsg HTTP/1.1" 200 27
58.40.7.146 - - [30/Nov/2022:10:23:05 +0800] "GET /xingrg/check_reg.html?_=1669774978828 HTTP/1.1" 200 22
120.253.135.82 - - [30/Nov/2022:10:23:06 +0800] "GET /xingrg/check_reg.html?_=1669774782005 HTTP/1.1" 200 22
180.169.147.146 - - [30/Nov/2022:10:23:07 +0800] "POST /xingrg/kc/buy/cgsh_list_operate.html HTTP/1.1" 200 5923
120.253.135.82 - - [30/Nov/2022:10:23:07 +0800] "GET /xingrg/all/function/internal_message.html?_=1669774782604&CODE_STATE=getMsg HTTP/1.1" 200 27
222.70.177.10 - - [30/Nov/2022:10:23:08 +0800] "GET /xingrg/all/function/internal_message.html?_=1669774984528&CODE_STATE=getMsg HTTP/1.1" 200 27
222.70.177.10 - - [30/Nov/2022:10:23:12 +0800] "GET /xingrg/kc/base/stock_detail.html?m=00101027007 HTTP/1.1" 200 7326
222.70.177.10 - - [30/Nov/2022:10:23:14 +0800] "GET /xingrg/kc/base/stock_operate.html?_=1669774988092&command=get_report_file&start_day=20221101 HTTP/1.1" 200 53
222.70.177.10 - - [30/Nov/2022:10:23:14 +0800] "GET /xingrg/all/report/report_query.html?isQuery=1&onlyBody=1&rh=2000&fileName=kc/base/kc_stock_detail_new.xml&queryString=(1=1)&queryText=&tableQueryString=init_table$sp1$$sp$crk_table$sp1$order_day%20between%2020221101%20and%2020221130&varString=start_day:20221101,materiel_code:00101027007,cost_id:4023,end_date:20221031 HTTP/1.1" 200 48701
222.70.177.10 - - [30/Nov/2022:10:23:14 +0800] "GET /xingrg/dwr/interface/AjaxReportQueryService.js HTTP/1.1" 200 13203
222.70.177.10 - - [30/Nov/2022:10:23:14 +0800] "GET /xingrg/dwr/engine.js HTTP/1.1" 200 43631
222.70.177.10 - - [30/Nov/2022:10:23:15 +0800] "POST /xingrg/all/report/load_report_page.html HTTP/1.1" 200 20240
222.70.177.10 - - [30/Nov/2022:10:23:15 +0800] "GET /xingrg/servlets/image?cache=0.0723097054333206&image=px HTTP/1.1" 200 807
114.84.81.136 - - [30/Nov/2022:10:23:18 +0800] "GET /xingrg/all/function/internal_message.html?_=1669774990320&CODE_STATE=getMsg HTTP/1.1" 200 27
114.88.159.190 - - [30/Nov/2022:10:23:22 +0800] "GET /xingrg/kc/buy/cgsh_order_operate.html?command=get_materiel&rest_code=00141&code=00102013004&supplier_code=00100075&order_time=2022-11-30 HTTP/1.1" 200 408
116.238.139.35 - - [30/Nov/2022:10:23:22 +0800] "GET /xingrg/all/function/internal_message.html?_=1669774943093&CODE_STATE=getMsg HTTP/1.1" 200 27
114.83.219.57 - - [30/Nov/2022:10:23:22 +0800] "GET /xingrg/all/function/internal_message.html?_=1669775126054&CODE_STATE=getMsg HTTP/1.1" 200 27
114.95.43.237 - - [30/Nov/2022:10:23:22 +0800] "GET /xingrg/all/function/internal_message.html?_=1669774998132&CODE_STATE=getMsg HTTP/1.1" 200 27
114.84.38.109 - - [30/Nov/2022:10:23:23 +0800] "GET /xingrg/all/function/internal_message.html?_=1669775006416&CODE_STATE=getMsg HTTP/1.1" 200 27
114.84.38.109 - - [30/Nov/2022:10:23:23 +0800] "GET /xingrg/all/function/internal_message.html?_=1669774997340&CODE_STATE=getMsg HTTP/1.1" 200 27
101.85.106.255 - - [30/Nov/2022:10:23:25 +0800] "GET /xingrg/all/function/internal_message.html?_=1669774998438&CODE_STATE=getMsg HTTP/1.1" 200 27
114.84.38.109 - - [30/Nov/2022:10:23:28 +0800] "GET /xingrg/all/report/report_query.html?isQuery=1&fileName=kc/base/crk_detail_by_small.xml&rh=99999&queryString=&queryText=%25E3%2580%2590%25E4%25BB%2593%25E5%25BA%2593%25E5%2590%258D%25E7%25A7%25B0%253A%25E5%2590%25A7%25E5%258F%25B0%25E3%2580%2591%25E3%2580%2590%25E4%25B8%259A%25E5%258A%25A1%25E7%25B1%25BB%25E5%259E%258B%25EF%25BC%259A%25E9%2587%2587%25E8%25B4%25AD%25E5%2585%25A5%25E5%25BA%2593%25E3%2580%2591%2520%253F%253F%253F%253F%253F2022-11-01%253F%253F2022-11-30&tableQueryString=crk_table%2524sp1%2524order_day%2520between%252020221101%2520and%252020221130%2520and%2520(base_code%253D%270010332%27)%2520and%2520(src_order_type%2520in%2520(21))%2520and%2520(is_rk%2520in%2520(1)) HTTP/1.1" 200 53762
114.84.38.109 - - [30/Nov/2022:10:23:28 +0800] "GET /xingrg/dwr/interface/AjaxReportQueryService.js HTTP/1.1" 200 13203
114.84.38.109 - - [30/Nov/2022:10:23:30 +0800] "POST /xingrg/all/report/load_report_page.html HTTP/1.1" 200 18244
114.84.38.109 - - [30/Nov/2022:10:23:30 +0800] "GET /xingrg/servlets/image?cache=0.6324795716345142&image=px HTTP/1.1" 200 807
222.70.177.10 - - [30/Nov/2022:10:23:30 +0800] "GET /xingrg/all/function/internal_message.html?_=1669775004067&CODE_STATE=getMsg HTTP/1.1" 200 27
114.84.38.109 - - [30/Nov/2022:10:23:31 +0800] "POST /xingrg/all/report/load_report_page.html HTTP/1.1" 200 82278
114.84.38.109 - - [30/Nov/2022:10:23:31 +0800] "GET /xingrg/servlets/image?cache=0.4933686042602984&image=px HTTP/1.1" 200 807
222.70.177.10 - - [30/Nov/2022:10:23:35 +0800] "GET /xingrg/kc/base/stock_operate.html?_=1669775009144&command=get_report_file&start_day=20221001 HTTP/1.1" 200 53
222.70.177.10 - - [30/Nov/2022:10:23:35 +0800] "GET /xingrg/all/report/report_query.html?isQuery=1&onlyBody=1&rh=2000&fileName=kc/base/kc_stock_detail_new.xml&queryString=(1=1)&queryText=&tableQueryString=init_table$sp1$$sp$crk_table$sp1$order_day%20between%2020221001%20and%2020221130&varString=start_day:20221001,materiel_code:00101027007,cost_id:3932,end_date:20220930 HTTP/1.1" 200 48701
222.70.177.10 - - [30/Nov/2022:10:23:35 +0800] "GET /xingrg/dwr/interface/AjaxReportQueryService.js HTTP/1.1" 200 13203
222.70.177.10 - - [30/Nov/2022:10:23:36 +0800] "GET /xingrg/dwr/engine.js HTTP/1.1" 200 43631
124.79.245.154 - - [30/Nov/2022:10:23:36 +0800] "GET /xingrg/all/function/internal_message.html?_=1669775230738&CODE_STATE=getMsg HTTP/1.1" 200 27
222.70.177.10 - - [30/Nov/2022:10:23:36 +0800] "POST /xingrg/all/report/load_report_page.html HTTP/1.1" 200 20240
222.70.177.10 - - [30/Nov/2022:10:23:36 +0800] "GET /xingrg/servlets/image?cache=0.8109577859654383&image=px HTTP/1.1" 200 807
222.70.177.10 - - [30/Nov/2022:10:23:41 +0800] "GET /xingrg/all/function/internal_message.html?_=1669775017335&CODE_STATE=getMsg HTTP/1.1" 200 27
180.169.147.146 - - [30/Nov/2022:10:23:42 +0800] "POST /xingrg/kc/buy/cgsh_list_operate.html HTTP/1.1" 200 4
114.84.81.136 - - [30/Nov/2022:10:23:43 +0800] "GET /xingrg/all/function/internal_message.html?_=1669775021884&CODE_STATE=getMsg HTTP/1.1" 200 27
116.230.105.139 - - [30/Nov/2022:10:23:43 +0800] "GET /xingrg/all/function/internal_message.html?_=1669774986177&CODE_STATE=getMsg HTTP/1.1" 200 27
114.84.38.109 - - [30/Nov/2022:10:23:43 +0800] "GET /xingrg/all/report/report_query.html?isQuery=1&fileName=kc/base/crk_detail_by_list.xml&queryString=&queryText=%25E3%2580%2590%25E4%25BB%2593%25E5%25BA%2593%25E5%2590%258D%25E7%25A7%25B0%253A%25E5%2590%25A7%25E5%258F%25B0%25E3%2580%2591%25E3%2580%2590%25E4%25B8%259A%25E5%258A%25A1%25E7%25B1%25BB%25E5%259E%258B%25EF%25BC%259A%25E9%2587%2587%25E8%25B4%25AD%25E5%2585%25A5%25E5%25BA%2593%25E3%2580%2591%2520%253F%253F%253F%253F%253F2022-11-01%253F%253F2022-11-30&tableQueryString=crk_table%2524sp1%2524order_day%2520between%252020221101%2520and%252020221130%2520and%2520(base_code%253D%270010332%27)%2520and%2520(src_order_type%2520in%2520(21))%2520and%2520(is_rk%2520in%2520(1))%2520and%2520(a.materiel_code%253D%2700101029078%27) HTTP/1.1" 200 51001
114.84.38.109 - - [30/Nov/2022:10:23:43 +0800] "GET /xingrg/dwr/interface/AjaxReportQueryService.js HTTP/1.1" 200 13203
114.84.38.109 - - [30/Nov/2022:10:23:44 +0800] "POST /xingrg/all/report/load_report_page.html HTTP/1.1" 200 15995
114.84.38.109 - - [30/Nov/2022:10:23:44 +0800] "GET /xingrg/servlets/image?cache=0.4952849476116349&image=px HTTP/1.1" 200 807
114.84.81.136 - - [30/Nov/2022:10:23:44 +0800] "GET /xingrg/kc/mdqp/qp_main.html HTTP/1.1" 200 10633
114.84.81.136 - - [30/Nov/2022:10:23:45 +0800] "GET /xingrg/kc/base/base_main.html HTTP/1.1" 200 12142
114.84.38.109 - - [30/Nov/2022:10:23:46 +0800] "GET /xingrg/kc/guide/show_order.html?code=212022110702295&type=21 HTTP/1.1" 302 -
180.169.147.146 - - [30/Nov/2022:10:23:46 +0800] "POST /xingrg/kc/buy/cgsh_list_operate.html HTTP/1.1" 200 5333
114.84.38.109 - - [30/Nov/2022:10:23:46 +0800] "GET /xingrg/kc/buy/cgsh_order_info.html?code=212022110702295&sysBaseUrl=http%3A%2F%2F180.169.147.146%3A18081%2Fxingrg%2F&costTime=1×tamp=1669775026167 HTTP/1.1" 200 64719
114.84.38.109 - - [30/Nov/2022:10:23:46 +0800] "GET /xingrg/javascript/jquery.cookie.js HTTP/1.1" 200 5513
114.84.38.109 - - [30/Nov/2022:10:23:46 +0800] "GET /xingrg/words/20221130093238_words.js HTTP/1.1" 304 -
114.84.81.136 - - [30/Nov/2022:10:23:46 +0800] "GET /xingrg/kc/base/wldb_order_list.html HTTP/1.1" 200 19107
114.84.38.109 - - [30/Nov/2022:10:23:46 +0800] "GET /xingrg/javascript/easyui/themes/icons/copy_new.png HTTP/1.1" 200 815
114.84.38.109 - - [30/Nov/2022:10:23:46 +0800] "GET /xingrg/javascript/easyui/themes/default/validatebox.css HTTP/1.1" 404 1104
114.84.38.109 - - [30/Nov/2022:10:23:47 +0800] "POST /xingrg/kc/buy/cgsh_order_operate.html HTTP/1.1" 200 3115
114.84.81.136 - - [30/Nov/2022:10:23:47 +0800] "POST /xingrg/kc/base/wldb_list_operate.html HTTP/1.1" 200 928
58.40.7.146 - - [30/Nov/2022:10:23:50 +0800] "GET /xingrg/all/function/internal_message.html?_=1669775023904&CODE_STATE=getMsg HTTP/1.1" 302 -
114.95.43.237 - - [30/Nov/2022:10:23:57 +0800] "GET /xingrg/all/function/internal_message.html?_=1669774879131&CODE_STATE=getMsg HTTP/1.1" 200 27
114.95.43.237 - - [30/Nov/2022:10:23:57 +0800] "GET /xingrg/check_reg.html?_=1669774879134 HTTP/1.1" 200 22
222.70.177.10 - - [30/Nov/2022:10:23:58 +0800] "POST /xingrg/kc/base/stock_operate.html HTTP/1.1" 200 3443
180.163.29.217 - - [30/Nov/2022:10:23:58 +0800] "GET /xingrg/all/function/internal_message.html?_=1669774977281&CODE_STATE=getMsg HTTP/1.1" 302 -
180.163.29.217 - - [30/Nov/2022:10:23:58 +0800] "GET /xingrg/login.html HTTP/1.1" 200 7641
124.78.159.199 - - [30/Nov/2022:10:23:59 +0800] "GET /xingrg/all/function/internal_message.html?_=1669775037259&CODE_STATE=getMsg HTTP/1.1" 200 27
180.169.147.146 - - [30/Nov/2022:10:24:00 +0800] "GET /xingrg/all/function/internal_message.html?_=1669775032072&CODE_STATE=getMsg HTTP/1.1" 200 27
116.238.139.35 - - [30/Nov/2022:10:24:01 +0800] "GET /xingrg/all/function/internal_message.html?_=1669775035244&CODE_STATE=getMsg HTTP/1.1" 200 27
114.88.159.190 - - [30/Nov/2022:10:24:03 +0800] "GET /xingrg/all/function/internal_message.html?_=1669774637050&CODE_STATE=getMsg HTTP/1.1" 200 27
222.70.177.10 - - [30/Nov/2022:10:24:04 +0800] "GET /xingrg/kc/base/stock_detail.html?m=00101029017 HTTP/1.1" 200 7323
58.40.7.146 - - [30/Nov/2022:10:24:05 +0800] "GET /xingrg/all/function/internal_message.html?_=1669775038833&CODE_STATE=getMsg HTTP/1.1" 200 27
222.70.177.10 - - [30/Nov/2022:10:24:06 +0800] "GET /xingrg/kc/base/stock_operate.html?_=1669775039643&command=get_report_file&start_day=20221101 HTTP/1.1" 200 53
222.70.177.10 - - [30/Nov/2022:10:24:06 +0800] "GET /xingrg/all/report/report_query.html?isQuery=1&onlyBody=1&rh=2000&fileName=kc/base/kc_stock_detail_new.xml&queryString=(1=1)&queryText=&tableQueryString=init_table$sp1$$sp$crk_table$sp1$order_day%20between%2020221101%20and%2020221130&varString=start_day:20221101,materiel_code:00101029017,cost_id:4023,end_date:20221031 HTTP/1.1" 200 48701
222.70.177.10 - - [30/Nov/2022:10:24:06 +0800] "GET /xingrg/dwr/interface/AjaxReportQueryService.js HTTP/1.1" 200 13203
222.70.177.10 - - [30/Nov/2022:10:24:06 +0800] "GET /xingrg/dwr/engine.js HTTP/1.1" 200 43631
120.253.135.82 - - [30/Nov/2022:10:24:07 +0800] "GET /xingrg/all/function/internal_message.html?_=1669774842619&CODE_STATE=getMsg HTTP/1.1" 200 27
222.70.177.10 - - [30/Nov/2022:10:24:08 +0800] "POST /xingrg/all/report/load_report_page.html HTTP/1.1" 200 30035
222.70.177.10 - - [30/Nov/2022:10:24:08 +0800] "GET /xingrg/servlets/image?cache=0.7205044780583844&image=px HTTP/1.1" 200 807
222.70.177.10 - - [30/Nov/2022:10:24:08 +0800] "GET /xingrg/all/function/internal_message.html?_=1669775044525&CODE_STATE=getMsg HTTP/1.1" 200 27
124.79.245.154 - - [30/Nov/2022:10:24:17 +0800] "POST /xingrg/kc/buy/cgsh_order_operate.html HTTP/1.1" 200 37
180.169.147.146 - - [30/Nov/2022:10:24:18 +0800] "POST /xingrg/kc/buy/cgsh_list_operate.html HTTP/1.1" 200 4
114.84.81.136 - - [30/Nov/2022:10:24:18 +0800] "GET /xingrg/all/function/internal_message.html?_=1669775050328&CODE_STATE=getMsg HTTP/1.1" 200 27
124.79.245.154 - - [30/Nov/2022:10:24:19 +0800] "POST /xingrg/kc/buy/cgsh_order_operate.html HTTP/1.1" 200 4440
124.79.245.154 - - [30/Nov/2022:10:24:20 +0800] "GET /xingrg/kc/print/load_config.html?kc_code=cgsh HTTP/1.1" 200 1943
124.79.245.154 - - [30/Nov/2022:10:24:20 +0800] "GET /xingrg/kc/print/load_data.html?order_code=212022113010261&kc_code=cgsh&condition= HTTP/1.1" 200 1416
114.83.219.57 - - [30/Nov/2022:10:24:22 +0800] "GET /xingrg/all/function/internal_message.html?_=1669775186037&CODE_STATE=getMsg HTTP/1.1" 200 27
116.238.139.35 - - [30/Nov/2022:10:24:22 +0800] "GET /xingrg/all/function/internal_message.html?_=1669775003104&CODE_STATE=getMsg HTTP/1.1" 200 27
114.95.43.237 - - [30/Nov/2022:10:24:22 +0800] "GET /xingrg/all/function/internal_message.html?_=1669775058132&CODE_STATE=getMsg HTTP/1.1" 200 27
114.84.38.109 - - [30/Nov/2022:10:24:23 +0800] "GET /xingrg/all/function/internal_message.html?_=1669775066444&CODE_STATE=getMsg HTTP/1.1" 200 27
114.84.38.109 - - [30/Nov/2022:10:24:23 +0800] "GET /xingrg/all/function/internal_message.html?_=1669775057345&CODE_STATE=getMsg HTTP/1.1" 200 27
114.84.38.109 - - [30/Nov/2022:10:24:23 +0800] "GET /xingrg/check_reg.html?_=1669775057347 HTTP/1.1" 200 22
114.84.81.136 - - [30/Nov/2022:10:24:24 +0800] "GET /xingrg/kc/base/base_main.html HTTP/1.1" 200 12142
114.84.81.136 - - [30/Nov/2022:10:24:25 +0800] "GET /xingrg/kc/base/wldb_order_list.html HTTP/1.1" 200 19107
101.85.106.255 - - [30/Nov/2022:10:24:25 +0800] "GET /xingrg/check_reg.html?_=1669775058454 HTTP/1.1" 200 22
101.85.106.255 - - [30/Nov/2022:10:24:26 +0800] "GET /xingrg/all/function/internal_message.html?_=1669775058453&CODE_STATE=getMsg HTTP/1.1" 200 27
114.84.81.136 - - [30/Nov/2022:10:24:26 +0800] "POST /xingrg/kc/base/wldb_list_operate.html HTTP/1.1" 200 928
114.84.81.136 - - [30/Nov/2022:10:24:27 +0800] "GET /xingrg/kc/base/wldb_order_add.html HTTP/1.1" 200 30386
114.84.81.136 - - [30/Nov/2022:10:24:28 +0800] "POST /xingrg/kc/base/wldb_order_operate.html HTTP/1.1" 200 6806
114.84.81.136 - - [30/Nov/2022:10:24:28 +0800] "GET /xingrg/all/common/auto_word.html?type=base&rest_code=00148 HTTP/1.1" 200 1799
114.84.81.136 - - [30/Nov/2022:10:24:28 +0800] "GET /xingrg/all/common/auto_word.html?type=base&rest_code=00148 HTTP/1.1" 200 1799
114.84.81.136 - - [30/Nov/2022:10:24:28 +0800] "GET /xingrg/javascript/easyui/themes/default/validatebox.css HTTP/1.1" 404 1104
222.70.177.10 - - [30/Nov/2022:10:24:30 +0800] "GET /xingrg/all/function/internal_message.html?_=1669775064045&CODE_STATE=getMsg HTTP/1.1" 200 27
114.84.81.136 - - [30/Nov/2022:10:24:32 +0800] "GET /xingrg/kc/base/wldb_order_operate.html?command=get_materiel&rest_code=00148&base_code=&code=00101019816 HTTP/1.1" 200 446
180.169.147.146 - - [30/Nov/2022:10:24:34 +0800] "POST /xingrg/kc/buy/cgsh_list_operate.html HTTP/1.1" 200 986
124.79.245.154 - - [30/Nov/2022:10:24:36 +0800] "GET /xingrg/all/function/internal_message.html?_=1669775290742&CODE_STATE=getMsg HTTP/1.1" 200 27
124.79.245.154 - - [30/Nov/2022:10:24:36 +0800] "GET /xingrg/check_reg.html?_=1669775290743 HTTP/1.1" 200 22
222.70.177.10 - - [30/Nov/2022:10:24:41 +0800] "GET /xingrg/all/function/internal_message.html?_=1669775077331&CODE_STATE=getMsg HTTP/1.1" 200 27
114.84.81.136 - - [30/Nov/2022:10:24:43 +0800] "GET /xingrg/all/function/internal_message.html?_=1669775081881&CODE_STATE=getMsg HTTP/1.1" 200 27
114.84.81.136 - - [30/Nov/2022:10:24:43 +0800] "GET /xingrg/kc/base/wldb_order_operate.html?command=get_materiel&rest_code=00148&base_code=&code=00101019216 HTTP/1.1" 200 478
114.84.81.136 - - [30/Nov/2022:10:24:47 +0800] "GET /xingrg/kc/report/report_main.html HTTP/1.1" 200 7340
58.40.7.146 - - [30/Nov/2022:10:24:50 +0800] "GET /xingrg/all/function/internal_message.html?_=1669775083874&CODE_STATE=getMsg HTTP/1.1" 302 -
58.40.7.146 - - [30/Nov/2022:10:24:51 +0800] "GET /xingrg/check_reg.html?_=1669775084487 HTTP/1.1" 302 -
114.84.81.136 - - [30/Nov/2022:10:24:53 +0800] "GET /xingrg/kc/mdqp/qp_main.html HTTP/1.1" 200 10633
114.84.81.136 - - [30/Nov/2022:10:24:54 +0800] "GET /xingrg/kc/mdqp/pssh_order_list.html HTTP/1.1" 200 17847
114.84.81.136 - - [30/Nov/2022:10:24:54 +0800] "POST /xingrg/kc/mdqp/pssh_list_operate.html HTTP/1.1" 200 5473
180.162.229.95 - - [30/Nov/2022:10:24:56 +0800] "GET /xingrg/check_reg.html?_=1669775090040 HTTP/1.1" 200 22
114.84.81.136 - - [30/Nov/2022:10:24:56 +0800] "GET /xingrg/kc/report/report_main.html HTTP/1.1" 200 7340
114.95.43.237 - - [30/Nov/2022:10:24:57 +0800] "GET /xingrg/all/function/internal_message.html?_=1669774939135&CODE_STATE=getMsg HTTP/1.1" 200 27
114.84.81.136 - - [30/Nov/2022:10:24:57 +0800] "GET /xingrg/all/report/report_query.html?fileName=kc/buy/wlcg_mx.xml HTTP/1.1" 200 51648
114.84.81.136 - - [30/Nov/2022:10:24:57 +0800] "GET /xingrg/dwr/interface/AjaxReportQueryService.js HTTP/1.1" 200 13203
114.84.81.136 - - [30/Nov/2022:10:24:58 +0800] "GET /xingrg/dwr/engine.js HTTP/1.1" 200 43631
114.84.81.136 - - [30/Nov/2022:10:24:58 +0800] "POST /xingrg/dwr/call/plaincall/AjaxReportQueryService.getFixDate.dwr HTTP/1.1" 200 111
114.84.81.136 - - [30/Nov/2022:10:24:58 +0800] "POST /xingrg/dwr/call/plaincall/AjaxReportQueryService.getInitString.dwr HTTP/1.1" 200 32669
180.163.29.217 - - [30/Nov/2022:10:24:58 +0800] "GET /xingrg/all/function/internal_message.html?_=1669775037259&CODE_STATE=getMsg HTTP/1.1" 302 -
124.78.159.199 - - [30/Nov/2022:10:24:58 +0800] "GET /xingrg/all/function/internal_message.html?_=1669775097211&CODE_STATE=getMsg HTTP/1.1" 200 27
180.163.29.217 - - [30/Nov/2022:10:24:59 +0800] "GET /xingrg/login.html HTTP/1.1" 200 7641
114.84.81.136 - - [30/Nov/2022:10:25:00 +0800] "POST /xingrg/dwr/call/plaincall/AjaxReportQueryService.getInitString.dwr HTTP/1.1" 200 1023
180.169.147.146 - - [30/Nov/2022:10:25:00 +0800] "GET /xingrg/all/function/internal_message.html?_=1669775092077&CODE_STATE=getMsg HTTP/1.1" 200 27
124.78.159.199 - - [30/Nov/2022:10:25:00 +0800] "GET /xingrg/check_reg.html?_=1669775098800 HTTP/1.1" 200 22
114.84.81.136 - - [30/Nov/2022:10:25:00 +0800] "POST /xingrg/dwr/call/plaincall/AjaxReportQueryService.getInitString.dwr HTTP/1.1" 200 125
114.84.81.136 - - [30/Nov/2022:10:25:01 +0800] "GET /xingrg/kc/report/report_main.html HTTP/1.1" 200 7340
116.238.139.35 - - [30/Nov/2022:10:25:01 +0800] "GET /xingrg/all/function/internal_message.html?_=1669775095244&CODE_STATE=getMsg HTTP/1.1" 200 27
124.79.245.154 - - [30/Nov/2022:10:25:02 +0800] "POST /xingrg/kc/buy/cgsh_list_operate.html HTTP/1.1" 200 1869
114.84.81.136 - - [30/Nov/2022:10:25:02 +0800] "GET /xingrg/all/report/report_query.html?fileName=kc/mdqp/qp_report_mdps_mx_report.xml HTTP/1.1" 200 51366
114.84.81.136 - - [30/Nov/2022:10:25:02 +0800] "GET /xingrg/dwr/interface/AjaxReportQueryService.js HTTP/1.1" 200 13203
114.84.81.136 - - [30/Nov/2022:10:25:02 +0800] "GET /xingrg/dwr/engine.js HTTP/1.1" 200 43631
114.84.81.136 - - [30/Nov/2022:10:25:02 +0800] "POST /xingrg/dwr/call/plaincall/AjaxReportQueryService.getFixDate.dwr HTTP/1.1" 200 111
114.84.81.136 - - [30/Nov/2022:10:25:02 +0800] "POST /xingrg/dwr/call/plaincall/AjaxReportQueryService.getInitString.dwr HTTP/1.1" 200 106
114.84.81.136 - - [30/Nov/2022:10:25:02 +0800] "POST /xingrg/dwr/call/plaincall/AjaxReportQueryService.getInitString.dwr HTTP/1.1" 200 125
114.88.159.190 - - [30/Nov/2022:10:25:03 +0800] "GET /xingrg/all/function/internal_message.html?_=1669774697066&CODE_STATE=getMsg HTTP/1.1" 200 27
222.70.177.10 - - [30/Nov/2022:10:25:03 +0800] "GET /xingrg/kc/mdqp/qqps_order_list.html HTTP/1.1" 200 9222
222.70.177.10 - - [30/Nov/2022:10:25:03 +0800] "GET /xingrg/dwr/interface/AjaxReportQueryService.js HTTP/1.1" 200 13203
222.70.177.10 - - [30/Nov/2022:10:25:03 +0800] "GET /xingrg/dwr/interface/AjaxQqpsService.js HTTP/1.1" 200 16326
222.70.177.10 - - [30/Nov/2022:10:25:03 +0800] "GET /xingrg/dwr/engine.js HTTP/1.1" 200 43631
222.70.177.10 - - [30/Nov/2022:10:25:05 +0800] "GET /xingrg/kc/mdqp/qqps_order_add.html HTTP/1.1" 200 28079
222.70.177.10 - - [30/Nov/2022:10:25:05 +0800] "GET /xingrg/dwr/interface/AjaxComOrderService.js HTTP/1.1" 200 18264
222.70.177.10 - - [30/Nov/2022:10:25:05 +0800] "GET /xingrg/dwr/interface/AjaxQqpsService.js HTTP/1.1" 200 16326
222.70.177.10 - - [30/Nov/2022:10:25:05 +0800] "GET /xingrg/dwr/engine.js HTTP/1.1" 200 43631
222.70.177.10 - - [30/Nov/2022:10:25:05 +0800] "GET /xingrg/words/20221130093238_words.js HTTP/1.1" 200 935702
120.253.135.82 - - [30/Nov/2022:10:25:07 +0800] "GET /xingrg/all/function/internal_message.html?_=1669774902741&CODE_STATE=getMsg HTTP/1.1" 200 27
222.70.177.10 - - [30/Nov/2022:10:25:08 +0800] "GET /xingrg/check_reg.html?_=1669775104529 HTTP/1.1" 200 22
222.70.177.10 - - [30/Nov/2022:10:25:08 +0800] "GET /xingrg/all/function/internal_message.html?_=1669775104529&CODE_STATE=getMsg HTTP/1.1" 200 27
114.84.81.136 - - [30/Nov/2022:10:25:09 +0800] "POST /xingrg/dwr/call/plaincall/AjaxReportQueryService.refreshCache.dwr HTTP/1.1" 200 78
114.84.81.136 - - [30/Nov/2022:10:25:10 +0800] "POST /xingrg/all/report/load_report_page.html HTTP/1.1" 200 49737
114.84.81.136 - - [30/Nov/2022:10:25:10 +0800] "GET /xingrg/servlets/image?cache=0.6161739525570554&image=px HTTP/1.1" 200 807
124.79.245.154 - - [30/Nov/2022:10:25:10 +0800] "POST /xingrg/kc/buy/cgsh_list_operate.html HTTP/1.1" 200 4
124.79.245.154 - - [30/Nov/2022:10:25:12 +0800] "POST /xingrg/kc/buy/cgsh_list_operate.html HTTP/1.1" 200 986
124.79.245.154 - - [30/Nov/2022:10:25:13 +0800] "GET /xingrg/kc/base/wldb_order_list.html HTTP/1.1" 200 19107
124.79.245.154 - - [30/Nov/2022:10:25:13 +0800] "POST /xingrg/kc/base/wldb_list_operate.html HTTP/1.1" 200 3396
222.70.177.10 - - [30/Nov/2022:10:25:16 +0800] "POST /xingrg/dwr/call/plaincall/AjaxQqpsService.saveOrder.dwr HTTP/1.1" 200 78
114.84.81.136 - - [30/Nov/2022:10:25:18 +0800] "GET /xingrg/all/function/internal_message.html?_=1669775110321&CODE_STATE=getMsg HTTP/1.1" 200 27
114.83.219.57 - - [30/Nov/2022:10:25:22 +0800] "GET /xingrg/all/function/internal_message.html?_=1669775246010&CODE_STATE=getMsg HTTP/1.1" 200 27
116.238.139.35 - - [30/Nov/2022:10:25:22 +0800] "GET /xingrg/check_reg.html?_=1669775063066 HTTP/1.1" 200 22
116.238.139.35 - - [30/Nov/2022:10:25:22 +0800] "GET /xingrg/all/function/internal_message.html?_=1669775063117&CODE_STATE=getMsg HTTP/1.1" 200 27
114.95.43.237 - - [30/Nov/2022:10:25:22 +0800] "GET /xingrg/all/function/internal_message.html?_=1669775118131&CODE_STATE=getMsg HTTP/1.1" 200 27
114.84.38.109 - - [30/Nov/2022:10:25:23 +0800] "GET /xingrg/all/function/internal_message.html?_=1669775126444&CODE_STATE=getMsg HTTP/1.1" 200 27
114.84.38.109 - - [30/Nov/2022:10:25:23 +0800] "GET /xingrg/all/function/internal_message.html?_=1669775117344&CODE_STATE=getMsg HTTP/1.1" 200 27
101.85.106.255 - - [30/Nov/2022:10:25:25 +0800] "GET /xingrg/all/function/internal_message.html?_=1669775118443&CODE_STATE=getMsg HTTP/1.1" 200 27
222.70.177.10 - - [30/Nov/2022:10:25:30 +0800] "GET /xingrg/all/function/internal_message.html?_=1669775124018&CODE_STATE=getMsg HTTP/1.1" 200 27
124.79.245.154 - - [30/Nov/2022:10:25:36 +0800] "GET /xingrg/all/function/internal_message.html?_=1669775350749&CODE_STATE=getMsg HTTP/1.1" 200 27
180.169.147.146 - - [30/Nov/2022:10:25:36 +0800] "GET /xingrg/check_reg.html?_=1669775131200 HTTP/1.1" 302 -
222.70.177.10 - - [30/Nov/2022:10:25:41 +0800] "GET /xingrg/all/function/internal_message.html?_=1669775137331&CODE_STATE=getMsg HTTP/1.1" 200 27
222.70.177.10 - - [30/Nov/2022:10:25:41 +0800] "GET /xingrg/check_reg.html?_=1669775137332 HTTP/1.1" 200 22
222.70.177.10 - - [30/Nov/2022:10:25:42 +0800] "POST /xingrg/dwr/call/plaincall/AjaxQqpsService.getMaterielByCode.dwr HTTP/1.1" 200 2686
114.84.81.136 - - [30/Nov/2022:10:25:43 +0800] "GET /xingrg/all/function/internal_message.html?_=1669775141884&CODE_STATE=getMsg HTTP/1.1" 200 27
222.70.177.10 - - [30/Nov/2022:10:25:45 +0800] "POST /xingrg/dwr/call/plaincall/AjaxQqpsService.saveMaterielItem.dwr HTTP/1.1" 200 78
222.70.177.10 - - [30/Nov/2022:10:25:48 +0800] "POST /xingrg/dwr/call/plaincall/AjaxQqpsService.getMaterielByCode.dwr HTTP/1.1" 200 2662
114.84.81.136 - - [30/Nov/2022:10:25:50 +0800] "GET /xingrg/kc/report/report_main.html HTTP/1.1" 200 7340
58.40.7.146 - - [30/Nov/2022:10:25:50 +0800] "GET /xingrg/all/function/internal_message.html?_=1669775143848&CODE_STATE=getMsg HTTP/1.1" 302 -
222.70.177.10 - - [30/Nov/2022:10:25:50 +0800] "POST /xingrg/dwr/call/plaincall/AjaxQqpsService.saveMaterielItem.dwr HTTP/1.1" 200 78
222.70.177.10 - - [30/Nov/2022:10:25:52 +0800] "POST /xingrg/dwr/call/plaincall/AjaxQqpsService.saveOrder.dwr HTTP/1.1" 200 78
114.84.81.136 - - [30/Nov/2022:10:25:52 +0800] "GET /xingrg/all/report/report_query.html?fileName=kc/base/kc_ck_db_cate.xml HTTP/1.1" 200 54156
114.84.81.136 - - [30/Nov/2022:10:25:53 +0800] "GET /xingrg/dwr/interface/AjaxReportQueryService.js HTTP/1.1" 200 13203
114.84.81.136 - - [30/Nov/2022:10:25:53 +0800] "GET /xingrg/dwr/engine.js HTTP/1.1" 200 43631
114.84.81.136 - - [30/Nov/2022:10:25:53 +0800] "POST /xingrg/dwr/call/plaincall/AjaxReportQueryService.getFixDate.dwr HTTP/1.1" 200 111
114.84.81.136 - - [30/Nov/2022:10:25:53 +0800] "POST /xingrg/dwr/call/plaincall/AjaxReportQueryService.getInitString.dwr HTTP/1.1" 200 1023
114.84.81.136 - - [30/Nov/2022:10:25:53 +0800] "POST /xingrg/dwr/call/plaincall/AjaxReportQueryService.getInitString.dwr HTTP/1.1" 200 1023
114.84.81.136 - - [30/Nov/2022:10:25:54 +0800] "POST /xingrg/all/common/load_tree.html?tree=materiel_sort_tree_json HTTP/1.1" 200 9500
222.70.177.10 - - [30/Nov/2022:10:25:56 +0800] "POST /xingrg/dwr/call/plaincall/AjaxQqpsService.checkOrder.dwr HTTP/1.1" 200 78
222.70.177.10 - - [30/Nov/2022:10:25:57 +0800] "GET /xingrg/kc/mdqp/qqps_order_info.html?code=302022113000502 HTTP/1.1" 200 26482
222.70.177.10 - - [30/Nov/2022:10:25:57 +0800] "GET /xingrg/dwr/interface/AjaxComOrderService.js HTTP/1.1" 200 18264
222.70.177.10 - - [30/Nov/2022:10:25:57 +0800] "GET /xingrg/dwr/engine.js HTTP/1.1" 200 43631
222.70.177.10 - - [30/Nov/2022:10:25:57 +0800] "GET /xingrg/dwr/interface/AjaxQqpsService.js HTTP/1.1" 200 16326
114.95.43.237 - - [30/Nov/2022:10:25:57 +0800] "GET /xingrg/all/function/internal_message.html?_=1669774999134&CODE_STATE=getMsg HTTP/1.1" 200 27
222.70.177.10 - - [30/Nov/2022:10:25:57 +0800] "POST /xingrg/dwr/call/plaincall/AjaxQqpsService.loadMaterielItems.dwr HTTP/1.1" 200 653
124.78.159.199 - - [30/Nov/2022:10:25:59 +0800] "GET /xingrg/all/function/internal_message.html?_=1669775157197&CODE_STATE=getMsg HTTP/1.1" 200 27
180.169.147.146 - - [30/Nov/2022:10:26:00 +0800] "GET /xingrg/all/function/internal_message.html?_=1669775152076&CODE_STATE=getMsg HTTP/1.1" 200 27
180.163.29.206 - - [30/Nov/2022:10:26:00 +0800] "GET /xingrg/check_reg.html?_=1669775098800 HTTP/1.1" 302 -
180.163.29.206 - - [30/Nov/2022:10:26:00 +0800] "GET /xingrg/login.html HTTP/1.1" 200 7641
116.238.139.35 - - [30/Nov/2022:10:26:01 +0800] "GET /xingrg/all/function/internal_message.html?_=1669775155247&CODE_STATE=getMsg HTTP/1.1" 200 27
222.70.177.10 - - [30/Nov/2022:10:26:01 +0800] "GET /xingrg/kc/base/wldb_order_list.html HTTP/1.1" 200 19101
222.70.177.10 - - [30/Nov/2022:10:26:02 +0800] "POST /xingrg/kc/base/wldb_list_operate.html HTTP/1.1" 200 928
222.70.177.10 - - [30/Nov/2022:10:26:03 +0800] "GET /xingrg/kc/base/wldb_order_add.html HTTP/1.1" 200 30384
222.70.177.10 - - [30/Nov/2022:10:26:03 +0800] "POST /xingrg/kc/base/wldb_order_operate.html HTTP/1.1" 200 6806
114.88.159.190 - - [30/Nov/2022:10:26:03 +0800] "GET /xingrg/all/function/internal_message.html?_=1669774757042&CODE_STATE=getMsg HTTP/1.1" 200 27
222.70.177.10 - - [30/Nov/2022:10:26:03 +0800] "GET /xingrg/javascript/easyui/themes/default/validatebox.css HTTP/1.1" 404 1104
114.84.81.136 - - [30/Nov/2022:10:26:03 +0800] "POST /xingrg/dwr/call/plaincall/AjaxReportQueryService.refreshCache.dwr HTTP/1.1" 200 78
114.84.81.136 - - [30/Nov/2022:10:26:04 +0800] "POST /xingrg/all/report/load_report_page.html HTTP/1.1" 200 89
120.253.135.82 - - [30/Nov/2022:10:26:07 +0800] "GET /xingrg/all/function/internal_message.html?_=1669774963009&CODE_STATE=getMsg HTTP/1.1" 200 27
222.70.177.10 - - [30/Nov/2022:10:26:08 +0800] "GET /xingrg/all/function/internal_message.html?_=1669775164505&CODE_STATE=getMsg HTTP/1.1" 200 27
114.84.81.136 - - [30/Nov/2022:10:26:13 +0800] "POST /xingrg/dwr/call/plaincall/AjaxReportQueryService.refreshCache.dwr HTTP/1.1" 200 78
114.84.81.136 - - [30/Nov/2022:10:26:14 +0800] "POST /xingrg/all/report/load_report_page.html HTTP/1.1" 200 7104
114.84.81.136 - - [30/Nov/2022:10:26:14 +0800] "GET /xingrg/servlets/image?cache=0.5456181695122014&image=px HTTP/1.1" 200 807
114.84.81.136 - - [30/Nov/2022:10:26:18 +0800] "GET /xingrg/all/function/internal_message.html?_=1669775170320&CODE_STATE=getMsg HTTP/1.1" 200 27
114.84.81.136 - - [30/Nov/2022:10:26:18 +0800] "GET /xingrg/check_reg.html?_=1669775170324 HTTP/1.1" 200 22
114.84.81.136 - - [30/Nov/2022:10:26:19 +0800] "POST /xingrg/all/report/load_report_page.html HTTP/1.1" 200 95446
114.84.81.136 - - [30/Nov/2022:10:26:19 +0800] "GET /xingrg/servlets/image?cache=0.2533208270371322&image=px HTTP/1.1" 200 807
114.83.219.57 - - [30/Nov/2022:10:26:22 +0800] "GET /xingrg/all/function/internal_message.html?_=1669775305996&CODE_STATE=getMsg HTTP/1.1" 200 27
114.95.43.237 - - [30/Nov/2022:10:26:22 +0800] "GET /xingrg/all/function/internal_message.html?_=1669775178132&CODE_STATE=getMsg HTTP/1.1" 200 27
116.238.139.35 - - [30/Nov/2022:10:26:22 +0800] "GET /xingrg/all/function/internal_message.html?_=1669775123131&CODE_STATE=getMsg HTTP/1.1" 200 27
114.84.38.109 - - [30/Nov/2022:10:26:23 +0800] "GET /xingrg/all/function/internal_message.html?_=1669775186474&CODE_STATE=getMsg HTTP/1.1" 200 27
114.84.38.109 - - [30/Nov/2022:10:26:23 +0800] "GET /xingrg/all/function/internal_message.html?_=1669775177347&CODE_STATE=getMsg HTTP/1.1" 200 27
124.79.245.154 - - [30/Nov/2022:10:26:24 +0800] "POST /xingrg/kc/base/wldb_list_operate.html HTTP/1.1" 200 83
101.85.106.255 - - [30/Nov/2022:10:26:25 +0800] "GET /xingrg/all/function/internal_message.html?_=1669775178445&CODE_STATE=getMsg HTTP/1.1" 200 27
222.70.177.10 - - [30/Nov/2022:10:26:27 +0800] "GET /xingrg/javascript/jquery_tools/images/next.gif HTTP/1.1" 404 1086
222.70.177.10 - - [30/Nov/2022:10:26:27 +0800] "GET /xingrg/javascript/jquery_tools/images/prev.gif HTTP/1.1" 404 1086
114.84.81.136 - - [30/Nov/2022:10:26:27 +0800] "POST /xingrg/all/report/load_report_page.html HTTP/1.1" 200 73933
114.84.81.136 - - [30/Nov/2022:10:26:28 +0800] "GET /xingrg/servlets/image?cache=0.47410056257016253&image=px HTTP/1.1" 200 807
124.79.245.154 - - [30/Nov/2022:10:26:30 +0800] "POST /xingrg/kc/base/wldb_list_operate.html HTTP/1.1" 200 204
222.70.177.10 - - [30/Nov/2022:10:26:30 +0800] "GET /xingrg/all/function/internal_message.html?_=1669775183990&CODE_STATE=getMsg HTTP/1.1" 200 27
222.70.177.10 - - [30/Nov/2022:10:26:32 +0800] "GET /xingrg/check_reg.html?_=1669775185363 HTTP/1.1" 200 22
222.70.177.10 - - [30/Nov/2022:10:26:33 +0800] "GET /xingrg/kc/base/wldb_order_operate.html?command=get_materiel&rest_code=00111&base_code=0010292&code=00101007085 HTTP/1.1" 200 434
124.79.245.154 - - [30/Nov/2022:10:26:33 +0800] "POST /xingrg/kc/base/wldb_list_operate.html HTTP/1.1" 200 207
124.79.245.154 - - [30/Nov/2022:10:26:34 +0800] "GET /xingrg/kc/base/wldb_order_info.html?code=422022112802379 HTTP/1.1" 200 30406
124.79.245.154 - - [30/Nov/2022:10:26:35 +0800] "GET /xingrg/all/common/auto_word.html?type=base&rest_code=00104 HTTP/1.1" 200 1849
124.79.245.154 - - [30/Nov/2022:10:26:35 +0800] "GET /xingrg/all/common/auto_word.html?type=base&rest_code=00104 HTTP/1.1" 200 1849
124.79.245.154 - - [30/Nov/2022:10:26:35 +0800] "GET /xingrg/javascript/easyui/themes/default/validatebox.css HTTP/1.1" 404 1104
124.79.245.154 - - [30/Nov/2022:10:26:35 +0800] "POST /xingrg/kc/base/wldb_order_operate.html HTTP/1.1" 200 2204
124.79.245.154 - - [30/Nov/2022:10:26:36 +0800] "GET /xingrg/all/function/internal_message.html?_=1669775410754&CODE_STATE=getMsg HTTP/1.1" 200 27
222.70.177.10 - - [30/Nov/2022:10:26:39 +0800] "POST /xingrg/kc/base/wldb_order_operate.html HTTP/1.1" 200 37
222.70.177.10 - - [30/Nov/2022:10:26:39 +0800] "POST /xingrg/kc/base/wldb_order_operate.html HTTP/1.1" 200 2183
101.80.228.88 - - [30/Nov/2022:10:26:40 +0800] "GET /favicon.ico HTTP/1.1" 404 -
222.70.177.10 - - [30/Nov/2022:10:26:40 +0800] "GET /xingrg/kc/base/wldb_order_info.html?code=422022113002554 HTTP/1.1" 200 30392
124.78.159.199 - - [30/Nov/2022:10:26:40 +0800] "GET /xingrg/kc/buy/cgsh_order_add.html HTTP/1.1" 200 69561
222.70.177.10 - - [30/Nov/2022:10:26:41 +0800] "GET /xingrg/javascript/easyui/themes/default/validatebox.css HTTP/1.1" 404 1104
222.70.177.10 - - [30/Nov/2022:10:26:41 +0800] "POST /xingrg/kc/base/wldb_order_operate.html HTTP/1.1" 200 2183
222.70.177.10 - - [30/Nov/2022:10:26:41 +0800] "GET /xingrg/all/function/internal_message.html?_=1669775197321&CODE_STATE=getMsg HTTP/1.1" 200 27
114.84.81.136 - - [30/Nov/2022:10:26:43 +0800] "GET /xingrg/all/function/internal_message.html?_=1669775201882&CODE_STATE=getMsg HTTP/1.1" 200 27
114.84.81.136 - - [30/Nov/2022:10:26:43 +0800] "GET /xingrg/check_reg.html?_=1669775201883 HTTP/1.1" 200 22
124.79.245.154 - - [30/Nov/2022:10:26:44 +0800] "GET /xingrg/kc/base/wldb_order_operate.html?command=get_materiel&rest_code=00104&base_code=0010033&code=00102002143 HTTP/1.1" 200 441
222.70.177.10 - - [30/Nov/2022:10:26:44 +0800] "GET /xingrg/kc/print/load_config.html?kc_code=wldb HTTP/1.1" 200 2173
222.70.177.10 - - [30/Nov/2022:10:26:44 +0800] "GET /xingrg/kc/print/load_data.html?order_code=422022113002554&kc_code=wldb&condition= HTTP/1.1" 200 506
124.78.159.199 - - [30/Nov/2022:10:26:46 +0800] "GET /xingrg/css/base.css HTTP/1.1" 200 2811
124.78.159.199 - - [30/Nov/2022:10:26:46 +0800] "GET /xingrg/javascript/auto/jquery.autocomplete.css HTTP/1.1" 200 587
124.78.159.199 - - [30/Nov/2022:10:26:46 +0800] "GET /xingrg/css/site.css HTTP/1.1" 200 7541
124.78.159.199 - - [30/Nov/2022:10:26:47 +0800] "GET /xingrg/javascript/easyui/themes/icon.css HTTP/1.1" 200 4483
124.78.159.199 - - [30/Nov/2022:10:26:47 +0800] "GET /xingrg/javascript/easyui/themes/default/easyui.css HTTP/1.1" 200 30432
124.78.159.199 - - [30/Nov/2022:10:26:47 +0800] "GET /xingrg/javascript/jquery_tools/datebox.css HTTP/1.1" 200 2597
124.78.159.199 - - [30/Nov/2022:10:26:47 +0800] "GET /xingrg/javascript/pic_change.js HTTP/1.1" 200 4739
124.78.159.199 - - [30/Nov/2022:10:26:47 +0800] "GET /xingrg/javascript/jquery_tools/table.css HTTP/1.1" 200 1032
124.78.159.199 - - [30/Nov/2022:10:26:47 +0800] "GET /xingrg/javascript/jquery_tools/jquery.tools.hotkey.js HTTP/1.1" 200 3242
124.78.159.199 - - [30/Nov/2022:10:26:47 +0800] "GET /xingrg/javascript/jquery_tools/jquery.tools.table.js HTTP/1.1" 200 6994
124.78.159.199 - - [30/Nov/2022:10:26:47 +0800] "GET /xingrg/javascript/jquery_tools/fix.css HTTP/1.1" 200 1702
124.78.159.199 - - [30/Nov/2022:10:26:47 +0800] "GET /xingrg/javascript/easyui/easyloader.js HTTP/1.1" 200 5975
124.78.159.199 - - [30/Nov/2022:10:26:47 +0800] "GET /xingrg/javascript/jquery.utils.js HTTP/1.1" 200 11805
124.78.159.199 - - [30/Nov/2022:10:26:47 +0800] "GET /xingrg/javascript/jquery_tools/jquery.tools.min.js HTTP/1.1" 200 138801
124.78.159.199 - - [30/Nov/2022:10:26:47 +0800] "GET /xingrg/javascript/auto/jquery.autocomplete.js HTTP/1.1" 200 21624
124.78.159.199 - - [30/Nov/2022:10:26:47 +0800] "GET /xingrg/javascript/jquery_tools/jquery.tools.extend.js HTTP/1.1" 200 15385
124.78.159.199 - - [30/Nov/2022:10:26:47 +0800] "GET /xingrg/javascript/json2.js HTTP/1.1" 200 11259
124.78.159.199 - - [30/Nov/2022:10:26:47 +0800] "GET /xingrg/javascript/jquery.cookie.js HTTP/1.1" 200 5513
124.78.159.199 - - [30/Nov/2022:10:26:47 +0800] "GET /xingrg/javascript/print/LodopFuncs.js HTTP/1.1" 200 5121
124.78.159.199 - - [30/Nov/2022:10:26:47 +0800] "GET /xingrg/javascript/jquery_tools/order_manager.js HTTP/1.1" 200 11183
124.78.159.199 - - [30/Nov/2022:10:26:47 +0800] "GET /xingrg/javascript/print/kc_print.js HTTP/1.1" 200 11415
124.78.159.199 - - [30/Nov/2022:10:26:47 +0800] "GET /xingrg/javascript/convert.js HTTP/1.1" 200 1239
58.40.7.146 - - [30/Nov/2022:10:26:50 +0800] "GET /xingrg/all/function/internal_message.html?_=1669775203822&CODE_STATE=getMsg HTTP/1.1" 302 -
222.70.177.10 - - [30/Nov/2022:10:26:52 +0800] "POST /xingrg/services/DataTransmitService HTTP/1.1" 200 524
114.84.81.136 - - [30/Nov/2022:10:26:52 +0800] "GET /xingrg/kc/base/wldb_order_list.html HTTP/1.1" 200 19107
124.78.159.199 - - [30/Nov/2022:10:26:53 +0800] "GET /xingrg/words/20221130093238_words.js HTTP/1.1" 200 935702
114.84.81.136 - - [30/Nov/2022:10:26:53 +0800] "POST /xingrg/kc/base/wldb_list_operate.html HTTP/1.1" 200 928
114.84.81.136 - - [30/Nov/2022:10:26:53 +0800] "GET /xingrg/kc/base/base_main.html HTTP/1.1" 200 12142
222.70.177.10 - - [30/Nov/2022:10:26:54 +0800] "POST /xingrg/services/DataTransmitService HTTP/1.1" 200 2583
114.84.81.136 - - [30/Nov/2022:10:26:55 +0800] "GET /xingrg/kc/base/check_order_list.html HTTP/1.1" 200 16226
222.70.177.10 - - [30/Nov/2022:10:26:55 +0800] "POST /xingrg/services/DataTransmitService HTTP/1.1" 200 209796
114.84.81.136 - - [30/Nov/2022:10:26:55 +0800] "POST /xingrg/kc/base/check_list_operate.html HTTP/1.1" 200 1557
124.79.245.154 - - [30/Nov/2022:10:26:56 +0800] "POST /xingrg/kc/base/wldb_order_operate.html HTTP/1.1" 200 37
114.84.81.136 - - [30/Nov/2022:10:26:56 +0800] "GET /xingrg/kc/base/check_order_add.html HTTP/1.1" 200 26472
114.84.81.136 - - [30/Nov/2022:10:26:56 +0800] "GET /xingrg/dwr/interface/AjaxComOrderService.js HTTP/1.1" 200 18264
114.84.81.136 - - [30/Nov/2022:10:26:56 +0800] "GET /xingrg/dwr/interface/AjaxCheckService.js HTTP/1.1" 200 14003
114.84.81.136 - - [30/Nov/2022:10:26:56 +0800] "GET /xingrg/dwr/engine.js HTTP/1.1" 200 43631
124.79.245.154 - - [30/Nov/2022:10:26:57 +0800] "POST /xingrg/kc/base/wldb_order_operate.html HTTP/1.1" 200 2188
114.95.43.237 - - [30/Nov/2022:10:26:57 +0800] "GET /xingrg/all/function/internal_message.html?_=1669775059135&CODE_STATE=getMsg HTTP/1.1" 200 27
124.78.159.199 - - [30/Nov/2022:10:26:58 +0800] "GET /xingrg/javascript/easyui/plugins/jquery.parser.js HTTP/1.1" 200 1142
180.163.30.100 - - [30/Nov/2022:10:26:58 +0800] "GET /xingrg/all/function/internal_message.html?_=1669775157197&CODE_STATE=getMsg HTTP/1.1" 302 -
180.163.30.100 - - [30/Nov/2022:10:26:58 +0800] "GET /xingrg/login.html HTTP/1.1" 200 7641
114.84.81.136 - - [30/Nov/2022:10:27:00 +0800] "POST /xingrg/dwr/call/plaincall/AjaxCheckService.saveOrder.dwr HTTP/1.1" 200 78
124.78.159.199 - - [30/Nov/2022:10:27:00 +0800] "GET /xingrg/all/function/internal_message.html?_=1669775218715&CODE_STATE=getMsg HTTP/1.1" 200 27
180.169.147.146 - - [30/Nov/2022:10:27:00 +0800] "GET /xingrg/all/function/internal_message.html?_=1669775212075&CODE_STATE=getMsg HTTP/1.1" 200 27
114.84.81.136 - - [30/Nov/2022:10:27:00 +0800] "GET /xingrg/kc/base/wldb_order_list.html HTTP/1.1" 200 19107
124.78.159.199 - - [30/Nov/2022:10:27:00 +0800] "GET /xingrg/all/common/auto_word.html?type=employee&rest_code=00106 HTTP/1.1" 200 205
124.78.159.199 - - [30/Nov/2022:10:27:00 +0800] "GET /xingrg/all/common/auto_word.html?type=employee&rest_code=00106 HTTP/1.1" 200 205
124.78.159.199 - - [30/Nov/2022:10:27:00 +0800] "GET /xingrg/javascript/easyui/themes/default/validatebox.css HTTP/1.1" 404 1104
124.78.159.199 - - [30/Nov/2022:10:27:00 +0800] "GET /xingrg/javascript/easyui/plugins/jquery.validatebox.js HTTP/1.1" 200 6103
114.84.81.136 - - [30/Nov/2022:10:27:01 +0800] "POST /xingrg/kc/base/wldb_list_operate.html HTTP/1.1" 200 928
124.78.159.199 - - [30/Nov/2022:10:27:01 +0800] "GET /xingrg/javascript/easyui/plugins/jquery.numberbox.js HTTP/1.1" 200 5213
