116.238.139.35 - - [30/Nov/2022:08:07:24 +0800] "GET /xingrg/all/function/internal_message.html?_=1669766838391&CODE_STATE=getMsg HTTP/1.1" 200 27
116.238.139.35 - - [30/Nov/2022:08:07:26 +0800] "GET /xingrg/check_reg.html?_=1669766786767 HTTP/1.1" 200 22
116.238.139.35 - - [30/Nov/2022:08:07:35 +0800] "GET /xingrg/all/function/internal_message.html?_=1669766795641&CODE_STATE=getMsg HTTP/1.1" 200 27
120.253.135.82 - - [30/Nov/2022:08:07:36 +0800] "GET /xingrg/all/function/internal_message.html?_=1669766651863&CODE_STATE=getMsg HTTP/1.1" 200 27
180.162.229.95 - - [30/Nov/2022:08:07:37 +0800] "GET /xingrg/all/function/internal_message.html?_=1669766852218&CODE_STATE=getMsg HTTP/1.1" 200 27
180.162.229.95 - - [30/Nov/2022:08:07:37 +0800] "GET /xingrg/check_reg.html?_=1669766852222 HTTP/1.1" 200 22
114.84.38.109 - - [30/Nov/2022:08:08:05 +0800] "GET /xingrg/all/function/internal_message.html?_=1669766887815&CODE_STATE=getMsg HTTP/1.1" 200 27
58.40.7.146 - - [30/Nov/2022:08:08:05 +0800] "GET /xingrg/check_reg.html?_=1669766878777 HTTP/1.1" 200 22
58.40.7.146 - - [30/Nov/2022:08:08:05 +0800] "GET /xingrg/all/function/internal_message.html?_=1669766878775&CODE_STATE=getMsg HTTP/1.1" 200 27
116.238.139.35 - - [30/Nov/2022:08:08:24 +0800] "GET /xingrg/all/function/internal_message.html?_=1669766898391&CODE_STATE=getMsg HTTP/1.1" 200 27
116.238.139.35 - - [30/Nov/2022:08:08:35 +0800] "GET /xingrg/all/function/internal_message.html?_=1669766855655&CODE_STATE=getMsg HTTP/1.1" 200 27
120.253.135.82 - - [30/Nov/2022:08:08:36 +0800] "GET /xingrg/all/function/internal_message.html?_=1669766711996&CODE_STATE=getMsg HTTP/1.1" 200 27
180.162.229.95 - - [30/Nov/2022:08:08:37 +0800] "GET /xingrg/all/function/internal_message.html?_=1669766912212&CODE_STATE=getMsg HTTP/1.1" 200 27
114.84.38.109 - - [30/Nov/2022:08:09:05 +0800] "GET /xingrg/all/function/internal_message.html?_=1669766947901&CODE_STATE=getMsg HTTP/1.1" 200 27
58.40.7.146 - - [30/Nov/2022:08:09:05 +0800] "GET /xingrg/all/function/internal_message.html?_=1669766938778&CODE_STATE=getMsg HTTP/1.1" 200 27
116.238.139.35 - - [30/Nov/2022:08:09:24 +0800] "GET /xingrg/all/function/internal_message.html?_=1669766958394&CODE_STATE=getMsg HTTP/1.1" 200 27
120.253.135.82 - - [30/Nov/2022:08:09:30 +0800] "GET /xingrg/check_reg.html?_=1669766766320 HTTP/1.1" 200 22
116.238.139.35 - - [30/Nov/2022:08:09:35 +0800] "GET /xingrg/all/function/internal_message.html?_=1669766915678&CODE_STATE=getMsg HTTP/1.1" 200 27
120.253.135.82 - - [30/Nov/2022:08:09:36 +0800] "GET /xingrg/all/function/internal_message.html?_=1669766772000&CODE_STATE=getMsg HTTP/1.1" 200 27
180.162.229.95 - - [30/Nov/2022:08:09:37 +0800] "GET /xingrg/all/function/internal_message.html?_=1669766972227&CODE_STATE=getMsg HTTP/1.1" 200 27
114.84.38.109 - - [30/Nov/2022:08:10:05 +0800] "GET /xingrg/all/function/internal_message.html?_=1669767007904&CODE_STATE=getMsg HTTP/1.1" 200 27
58.40.7.146 - - [30/Nov/2022:08:10:05 +0800] "GET /xingrg/all/function/internal_message.html?_=1669766998779&CODE_STATE=getMsg HTTP/1.1" 200 27
116.238.139.35 - - [30/Nov/2022:08:10:24 +0800] "GET /xingrg/all/function/internal_message.html?_=1669767018399&CODE_STATE=getMsg HTTP/1.1" 200 27
116.238.139.35 - - [30/Nov/2022:08:10:35 +0800] "GET /xingrg/all/function/internal_message.html?_=1669766975682&CODE_STATE=getMsg HTTP/1.1" 200 27
120.253.135.82 - - [30/Nov/2022:08:10:36 +0800] "GET /xingrg/all/function/internal_message.html?_=1669766832013&CODE_STATE=getMsg HTTP/1.1" 200 27
180.162.229.95 - - [30/Nov/2022:08:10:37 +0800] "GET /xingrg/all/function/internal_message.html?_=1669767032229&CODE_STATE=getMsg HTTP/1.1" 200 27
58.40.7.146 - - [30/Nov/2022:08:11:05 +0800] "GET /xingrg/all/function/internal_message.html?_=1669767058782&CODE_STATE=getMsg HTTP/1.1" 200 27
114.84.38.109 - - [30/Nov/2022:08:11:05 +0800] "GET /xingrg/all/function/internal_message.html?_=1669767067985&CODE_STATE=getMsg HTTP/1.1" 200 27
116.238.139.35 - - [30/Nov/2022:08:11:24 +0800] "GET /xingrg/check_reg.html?_=1669767078401 HTTP/1.1" 200 22
116.238.139.35 - - [30/Nov/2022:08:11:24 +0800] "GET /xingrg/all/function/internal_message.html?_=1669767078404&CODE_STATE=getMsg HTTP/1.1" 200 27
116.238.139.35 - - [30/Nov/2022:08:11:35 +0800] "GET /xingrg/all/function/internal_message.html?_=1669767035705&CODE_STATE=getMsg HTTP/1.1" 200 27
120.253.135.82 - - [30/Nov/2022:08:11:36 +0800] "GET /xingrg/all/function/internal_message.html?_=1669766892240&CODE_STATE=getMsg HTTP/1.1" 200 27
180.162.229.95 - - [30/Nov/2022:08:11:37 +0800] "GET /xingrg/all/function/internal_message.html?_=1669767092225&CODE_STATE=getMsg HTTP/1.1" 200 27
114.84.38.109 - - [30/Nov/2022:08:11:40 +0800] "GET /xingrg/check_reg.html?_=1669767103062 HTTP/1.1" 200 22
114.84.38.109 - - [30/Nov/2022:08:12:05 +0800] "GET /xingrg/all/function/internal_message.html?_=1669767127993&CODE_STATE=getMsg HTTP/1.1" 200 27
58.40.7.146 - - [30/Nov/2022:08:12:05 +0800] "GET /xingrg/all/function/internal_message.html?_=1669767118787&CODE_STATE=getMsg HTTP/1.1" 200 27
116.238.139.35 - - [30/Nov/2022:08:12:24 +0800] "GET /xingrg/all/function/internal_message.html?_=1669767138389&CODE_STATE=getMsg HTTP/1.1" 200 27
116.238.139.35 - - [30/Nov/2022:08:12:26 +0800] "GET /xingrg/check_reg.html?_=1669767086770 HTTP/1.1" 200 22
116.238.139.35 - - [30/Nov/2022:08:12:35 +0800] "GET /xingrg/all/function/internal_message.html?_=1669767095709&CODE_STATE=getMsg HTTP/1.1" 200 27
120.253.135.82 - - [30/Nov/2022:08:12:36 +0800] "GET /xingrg/all/function/internal_message.html?_=1669766952244&CODE_STATE=getMsg HTTP/1.1" 200 27
180.162.229.95 - - [30/Nov/2022:08:12:37 +0800] "GET /xingrg/check_reg.html?_=1669767152219 HTTP/1.1" 200 22
180.162.229.95 - - [30/Nov/2022:08:12:37 +0800] "GET /xingrg/all/function/internal_message.html?_=1669767152223&CODE_STATE=getMsg HTTP/1.1" 200 27
114.84.38.109 - - [30/Nov/2022:08:13:05 +0800] "GET /xingrg/all/function/internal_message.html?_=1669767188006&CODE_STATE=getMsg HTTP/1.1" 200 27
58.40.7.146 - - [30/Nov/2022:08:13:05 +0800] "GET /xingrg/check_reg.html?_=1669767178789 HTTP/1.1" 200 22
58.40.7.146 - - [30/Nov/2022:08:13:05 +0800] "GET /xingrg/all/function/internal_message.html?_=1669767178790&CODE_STATE=getMsg HTTP/1.1" 200 27
116.238.139.35 - - [30/Nov/2022:08:13:24 +0800] "GET /xingrg/all/function/internal_message.html?_=1669767198393&CODE_STATE=getMsg HTTP/1.1" 200 27
116.238.139.35 - - [30/Nov/2022:08:13:35 +0800] "GET /xingrg/all/function/internal_message.html?_=1669767155723&CODE_STATE=getMsg HTTP/1.1" 200 27
120.253.135.82 - - [30/Nov/2022:08:13:36 +0800] "GET /xingrg/all/function/internal_message.html?_=1669767012373&CODE_STATE=getMsg HTTP/1.1" 200 27
180.162.229.95 - - [30/Nov/2022:08:13:37 +0800] "GET /xingrg/all/function/internal_message.html?_=1669767212211&CODE_STATE=getMsg HTTP/1.1" 200 27
58.40.7.146 - - [30/Nov/2022:08:14:05 +0800] "GET /xingrg/all/function/internal_message.html?_=1669767238776&CODE_STATE=getMsg HTTP/1.1" 200 27
114.84.38.109 - - [30/Nov/2022:08:14:05 +0800] "GET /xingrg/all/function/internal_message.html?_=1669767248086&CODE_STATE=getMsg HTTP/1.1" 200 27
116.238.139.35 - - [30/Nov/2022:08:14:24 +0800] "GET /xingrg/all/function/internal_message.html?_=1669767258393&CODE_STATE=getMsg HTTP/1.1" 200 27
120.253.135.82 - - [30/Nov/2022:08:14:30 +0800] "GET /xingrg/check_reg.html?_=1669767066333 HTTP/1.1" 200 22
180.162.229.95 - - [30/Nov/2022:08:14:34 +0800] "GET /xingrg/kc/report/report_main.html HTTP/1.1" 200 7340
180.162.229.95 - - [30/Nov/2022:08:14:34 +0800] "GET /xingrg/javascript/jquery_ui/themes/humanity/humanity.css HTTP/1.1" 200 27801
116.238.139.35 - - [30/Nov/2022:08:14:35 +0800] "GET /xingrg/all/function/internal_message.html?_=1669767215746&CODE_STATE=getMsg HTTP/1.1" 200 27
180.162.229.95 - - [30/Nov/2022:08:14:35 +0800] "GET /xingrg/kc/base/crk_hz.html HTTP/1.1" 200 11247
180.162.229.95 - - [30/Nov/2022:08:14:36 +0800] "GET /xingrg/javascript/step/step.css HTTP/1.1" 200 999
180.162.229.95 - - [30/Nov/2022:08:14:36 +0800] "GET /xingrg/css/table.css HTTP/1.1" 200 3684
180.162.229.95 - - [30/Nov/2022:08:14:36 +0800] "POST /xingrg/kc/cost/cost_operate.html?command=get_base_tree HTTP/1.1" 200 2589
180.162.229.95 - - [30/Nov/2022:08:14:36 +0800] "POST /xingrg/all/common/load_tree.html?tree=materiel_sort_tree_json HTTP/1.1" 200 9500
180.162.229.95 - - [30/Nov/2022:08:14:36 +0800] "GET /xingrg/javascript/jquery_easy_ui/themes/default/images/menu.gif HTTP/1.1" 200 834
180.162.229.95 - - [30/Nov/2022:08:14:36 +0800] "GET /xingrg/javascript/jquery_easy_ui/themes/default/images/combo_arrow_dot.gif HTTP/1.1" 200 79
180.162.229.95 - - [30/Nov/2022:08:14:36 +0800] "GET /xingrg/javascript/jquery_easy_ui/themes/default/images/calendar_prevmonth.gif HTTP/1.1" 200 66
180.162.229.95 - - [30/Nov/2022:08:14:36 +0800] "GET /xingrg/javascript/jquery_easy_ui/themes/default/images/calendar_nextyear.gif HTTP/1.1" 200 75
180.162.229.95 - - [30/Nov/2022:08:14:36 +0800] "GET /xingrg/javascript/jquery_easy_ui/themes/default/images/calendar_nextmonth.gif HTTP/1.1" 200 64
180.162.229.95 - - [30/Nov/2022:08:14:36 +0800] "GET /xingrg/javascript/jquery_easy_ui/themes/default/images/calendar_prevyear.gif HTTP/1.1" 200 76
180.162.229.95 - - [30/Nov/2022:08:14:36 +0800] "GET /xingrg/javascript/jquery_easy_ui/themes/default/images/tree_checkbox_0.gif HTTP/1.1" 200 168
120.253.135.82 - - [30/Nov/2022:08:14:36 +0800] "GET /xingrg/all/function/internal_message.html?_=1669767072379&CODE_STATE=getMsg HTTP/1.1" 200 27
180.162.229.95 - - [30/Nov/2022:08:14:37 +0800] "GET /xingrg/all/function/internal_message.html?_=1669767272217&CODE_STATE=getMsg HTTP/1.1" 200 27
180.162.229.95 - - [30/Nov/2022:08:14:41 +0800] "GET /xingrg/javascript/jquery_easy_ui/themes/default/images/tree_checkbox_2.gif HTTP/1.1" 200 181
180.162.229.95 - - [30/Nov/2022:08:14:41 +0800] "GET /xingrg/javascript/jquery_easy_ui/themes/default/images/tree_checkbox_1.gif HTTP/1.1" 200 174
180.162.229.95 - - [30/Nov/2022:08:14:44 +0800] "GET /xingrg/kc/base/crk_hz.html?_=1669767278845&command=get_cost_id&end_date=2022-11-30&start_date=2022-11-01 HTTP/1.1" 200 51
180.162.229.95 - - [30/Nov/2022:08:14:44 +0800] "GET /xingrg/javascript/calendar/timePicker.css HTTP/1.1" 200 523
180.162.229.95 - - [30/Nov/2022:08:14:44 +0800] "GET /xingrg/javascript/bigrid/fix.css HTTP/1.1" 200 1702
180.162.229.95 - - [30/Nov/2022:08:14:44 +0800] "GET /xingrg/javascript/multi_select/jqueryMultiSelect.css HTTP/1.1" 200 951
180.162.229.95 - - [30/Nov/2022:08:14:44 +0800] "GET /xingrg/javascript/calendar/jquery.timePicker.min.js HTTP/1.1" 200 2997
180.162.229.95 - - [30/Nov/2022:08:14:44 +0800] "GET /xingrg/dwr/interface/AjaxReportQueryService.js HTTP/1.1" 200 13203
180.162.229.95 - - [30/Nov/2022:08:14:44 +0800] "GET /xingrg/javascript/bigrid/fix.js HTTP/1.1" 200 6439
180.162.229.95 - - [30/Nov/2022:08:14:44 +0800] "GET /xingrg/javascript/jqueryMultiSelect.js HTTP/1.1" 200 11866
180.162.229.95 - - [30/Nov/2022:08:14:44 +0800] "GET /xingrg/all/report/report_query.html?isQuery=1&onlyBody=1&rh=99999&rw=1800&varString=start:20221101,cost_id:4013,mid:20221101&fileName=kc/base/crk_hz_type_by_base.xml&queryString=%20a.base_code%20in%20('0010490')%20%20and%20m.sort_code%20in%20('00101001','00101002','00101003','00101004','00101005','00101006','00101007','00101008','00101009','00101010','00101011','00101012','00101013','00101014','00101015','00101016','00101017','00101018','00101019','00101020','00101021','00101022','00101023','00101024','00101025','00101026','00101027','00101028','00101029','00101030','00101031','00101032','00101033','00101034','00101036','00101037','00101038','00101039','00101040','00101041','00101042','00101043')%20&queryText=ÈÕÆÚ£º2022-11-01ÖÁ2022-11-30%20²Ö¿â£ºÔ±¹¤²Í&tableQueryString=materiel_table$sp1$$sp$before_table$sp1$$sp$crk_table$sp1$order_day%20between%2020221101%20and%2020221130 HTTP/1.1" 200 49885
180.162.229.95 - - [30/Nov/2022:08:14:44 +0800] "GET /xingrg/dwr/engine.js HTTP/1.1" 200 43631
180.162.229.95 - - [30/Nov/2022:08:14:44 +0800] "GET /xingrg/images/blue/button/advanceover.gif HTTP/1.1" 200 1347
180.162.229.95 - - [30/Nov/2022:08:14:44 +0800] "GET /xingrg/images/blue/button/advance2over.gif HTTP/1.1" 200 1336
180.162.229.95 - - [30/Nov/2022:08:14:44 +0800] "GET /xingrg/images/blue/button/back2over.gif HTTP/1.1" 200 1335
180.162.229.95 - - [30/Nov/2022:08:14:44 +0800] "GET /xingrg/images/blue/button/backover.gif HTTP/1.1" 200 1348
180.162.229.95 - - [30/Nov/2022:08:14:44 +0800] "GET /xingrg/images/control/loading.gif HTTP/1.1" 200 13463
180.162.229.95 - - [30/Nov/2022:08:14:44 +0800] "GET /xingrg/javascript/jquery_easy_ui/themes/icons/help.png HTTP/1.1" 200 1187
180.162.229.95 - - [30/Nov/2022:08:14:45 +0800] "POST /xingrg/all/report/load_report_page.html HTTP/1.1" 200 94569
180.162.229.95 - - [30/Nov/2022:08:14:45 +0800] "GET /xingrg/servlets/image?cache=0.2536404514952293&image=px HTTP/1.1" 200 807
116.230.105.139 - - [30/Nov/2022:08:14:58 +0800] "GET /xingrg/index.html?sysBaseUrl=http%3A%2F%2F180.169.147.146%3A18081%2Fxingrg%2F&costTime=1277×tamp=1606817596806 HTTP/1.1" 302 -
116.230.105.139 - - [30/Nov/2022:08:14:58 +0800] "GET /xingrg/login.html HTTP/1.1" 200 7641
116.230.105.139 - - [30/Nov/2022:08:14:59 +0800] "GET /favicon.ico HTTP/1.1" 404 -
116.230.105.139 - - [30/Nov/2022:08:15:03 +0800] "POST /xingrg/login.do HTTP/1.1" 302 -
116.230.105.139 - - [30/Nov/2022:08:15:03 +0800] "GET /xingrg/index.html?sysBaseUrl=http%3A%2F%2F180.169.147.146%3A18081%2Fxingrg%2F&costTime=48×tamp=1669767303249 HTTP/1.1" 200 17179
116.230.105.139 - - [30/Nov/2022:08:15:03 +0800] "GET /favicon.ico HTTP/1.1" 404 -
116.230.105.139 - - [30/Nov/2022:08:15:03 +0800] "POST /xingrg/all/common/load_tree.html?tree=area_rest_tree_json&manage=1 HTTP/1.1" 200 479
116.230.105.139 - - [30/Nov/2022:08:15:03 +0800] "POST /xingrg/load_menu.html HTTP/1.1" 200 5138
116.230.105.139 - - [30/Nov/2022:08:15:03 +0800] "GET /xingrg/all/function/internal_message.html?_=1669767266687&CODE_STATE=count HTTP/1.1" 200 11
116.230.105.139 - - [30/Nov/2022:08:15:03 +0800] "GET /xingrg/check_reg.html?_=1669767266687 HTTP/1.1" 200 22
58.40.7.146 - - [30/Nov/2022:08:15:05 +0800] "GET /xingrg/all/function/internal_message.html?_=1669767298777&CODE_STATE=getMsg HTTP/1.1" 200 27
114.84.38.109 - - [30/Nov/2022:08:15:05 +0800] "GET /xingrg/all/function/internal_message.html?_=1669767308096&CODE_STATE=getMsg HTTP/1.1" 200 27
116.230.105.139 - - [30/Nov/2022:08:15:05 +0800] "GET /xingrg/kc/buy/cgsh_order_list.html HTTP/1.1" 200 53786
116.230.105.139 - - [30/Nov/2022:08:15:08 +0800] "POST /xingrg/kc/buy/cgsh_list_operate.html HTTP/1.1" 200 986
116.238.139.35 - - [30/Nov/2022:08:15:24 +0800] "GET /xingrg/all/function/internal_message.html?_=1669767318394&CODE_STATE=getMsg HTTP/1.1" 200 27
116.238.139.35 - - [30/Nov/2022:08:15:35 +0800] "GET /xingrg/all/function/internal_message.html?_=1669767275750&CODE_STATE=getMsg HTTP/1.1" 200 27
120.253.135.82 - - [30/Nov/2022:08:15:36 +0800] "GET /xingrg/all/function/internal_message.html?_=1669767132392&CODE_STATE=getMsg HTTP/1.1" 200 27
180.162.229.95 - - [30/Nov/2022:08:15:37 +0800] "GET /xingrg/all/function/internal_message.html?_=1669767332214&CODE_STATE=getMsg HTTP/1.1" 200 27
116.230.105.139 - - [30/Nov/2022:08:15:57 +0800] "GET /xingrg/kc/buy/cgsh_order_add.html HTTP/1.1" 200 69567
116.230.105.139 - - [30/Nov/2022:08:15:57 +0800] "GET /xingrg/words/20221128154100_words.js HTTP/1.1" 304 -
116.230.105.139 - - [30/Nov/2022:08:15:58 +0800] "POST /xingrg/kc/buy/cgsh_order_operate.html HTTP/1.1" 200 8245
116.230.105.139 - - [30/Nov/2022:08:15:58 +0800] "GET /xingrg/all/common/auto_word.html?type=employee&rest_code=00155 HTTP/1.1" 200 205
116.230.105.139 - - [30/Nov/2022:08:15:58 +0800] "GET /xingrg/all/common/auto_word.html?type=employee&rest_code=00155 HTTP/1.1" 200 205
116.230.105.139 - - [30/Nov/2022:08:15:58 +0800] "GET /xingrg/javascript/easyui/themes/default/validatebox.css HTTP/1.1" 404 1104
116.230.105.139 - - [30/Nov/2022:08:16:00 +0800] "GET /xingrg/javascript/auto/indicator.gif HTTP/1.1" 404 1066
116.230.105.139 - - [30/Nov/2022:08:16:02 +0800] "GET /xingrg/javascript/jquery_tools/images/prev.gif HTTP/1.1" 404 1086
116.230.105.139 - - [30/Nov/2022:08:16:02 +0800] "GET /xingrg/javascript/jquery_tools/images/next.gif HTTP/1.1" 404 1086
116.230.105.139 - - [30/Nov/2022:08:16:03 +0800] "GET /xingrg/all/function/internal_message.html?_=1669767326697&CODE_STATE=getMsg HTTP/1.1" 200 27
58.40.7.146 - - [30/Nov/2022:08:16:05 +0800] "GET /xingrg/all/function/internal_message.html?_=1669767358779&CODE_STATE=getMsg HTTP/1.1" 200 27
114.84.38.109 - - [30/Nov/2022:08:16:05 +0800] "GET /xingrg/all/function/internal_message.html?_=1669767368173&CODE_STATE=getMsg HTTP/1.1" 200 27
116.230.105.139 - - [30/Nov/2022:08:16:08 +0800] "GET /xingrg/kc/buy/cgsh_order_operate.html?command=get_materiel&rest_code=00155&code=00101007072&supplier_code=00100002&order_time=2022-11-30 HTTP/1.1" 200 413
114.95.43.237 - - [30/Nov/2022:08:16:16 +0800] "GET /xingrg/index.html?sysBaseUrl=http%3A%2F%2F180.169.147.146%3A18081%2Fxingrg%2F&costTime=36×tamp=1585223203754 HTTP/1.1" 302 -
114.95.43.237 - - [30/Nov/2022:08:16:16 +0800] "GET /xingrg/login.html HTTP/1.1" 200 7641
114.95.43.237 - - [30/Nov/2022:08:16:16 +0800] "GET /favicon.ico HTTP/1.1" 404 -
116.230.105.139 - - [30/Nov/2022:08:16:18 +0800] "GET /xingrg/kc/buy/cgsh_order_operate.html?command=get_materiel&rest_code=00155&code=00101007032&supplier_code=00100002&order_time=2022-11-30 HTTP/1.1" 200 413
116.238.139.35 - - [30/Nov/2022:08:16:24 +0800] "GET /xingrg/all/function/internal_message.html?_=1669767378394&CODE_STATE=getMsg HTTP/1.1" 200 27
116.238.139.35 - - [30/Nov/2022:08:16:24 +0800] "GET /xingrg/check_reg.html?_=1669767378397 HTTP/1.1" 200 22
114.95.43.237 - - [30/Nov/2022:08:16:25 +0800] "GET /xingrg/images/blue/jxLogo.png HTTP/1.1" 304 -
116.230.105.139 - - [30/Nov/2022:08:16:25 +0800] "POST /xingrg/kc/buy/cgsh_order_operate.html HTTP/1.1" 200 37
116.230.105.139 - - [30/Nov/2022:08:16:26 +0800] "POST /xingrg/kc/buy/cgsh_order_operate.html HTTP/1.1" 200 3249
116.230.105.139 - - [30/Nov/2022:08:16:27 +0800] "GET /xingrg/kc/print/load_config.html?kc_code=cgsh HTTP/1.1" 200 1943
116.230.105.139 - - [30/Nov/2022:08:16:27 +0800] "GET /xingrg/kc/print/load_data.html?order_code=212022113010226&kc_code=cgsh&condition= HTTP/1.1" 200 980
114.95.43.237 - - [30/Nov/2022:08:16:30 +0800] "GET /xingrg/images/blue/login_bg.png HTTP/1.1" 304 -
114.95.43.237 - - [30/Nov/2022:08:16:30 +0800] "GET /xingrg/images/blue/hj.png HTTP/1.1" 304 -
114.95.43.237 - - [30/Nov/2022:08:16:30 +0800] "GET /xingrg/images/blue/srbg.png HTTP/1.1" 304 -
116.230.105.139 - - [30/Nov/2022:08:16:31 +0800] "GET /xingrg/kc/print/load_data.html?order_code=212022113010226&kc_code=cgsh HTTP/1.1" 200 980
114.95.43.237 - - [30/Nov/2022:08:16:32 +0800] "GET /favicon.ico HTTP/1.1" 404 -
114.95.43.237 - - [30/Nov/2022:08:16:34 +0800] "POST /xingrg/login.do HTTP/1.1" 302 -
114.95.43.237 - - [30/Nov/2022:08:16:34 +0800] "GET /xingrg/index.html?sysBaseUrl=http%3A%2F%2F180.169.147.146%3A18081%2Fxingrg%2F&costTime=55×tamp=1669767394021 HTTP/1.1" 200 17173
114.95.43.237 - - [30/Nov/2022:08:16:34 +0800] "GET /xingrg/javascript/jquery_easy_ui/themes/default/easyui.css HTTP/1.1" 304 -
114.95.43.237 - - [30/Nov/2022:08:16:34 +0800] "GET /xingrg/javascript/jquery_easy_ui/themes/icon.css HTTP/1.1" 304 -
114.95.43.237 - - [30/Nov/2022:08:16:34 +0800] "GET /xingrg/css/form.css HTTP/1.1" 304 -
114.95.43.237 - - [30/Nov/2022:08:16:34 +0800] "GET /xingrg/javascript/jquery-1.4.2.min.js HTTP/1.1" 304 -
114.95.43.237 - - [30/Nov/2022:08:16:34 +0800] "GET /xingrg/javascript/jquery_easy_ui/jquery.easyui.min.js HTTP/1.1" 304 -
114.95.43.237 - - [30/Nov/2022:08:16:34 +0800] "GET /xingrg/javascript/jquery_easy_ui/easyui-lang-zh_CN.js HTTP/1.1" 304 -
114.95.43.237 - - [30/Nov/2022:08:16:34 +0800] "GET /xingrg/javascript/jquery.form.js HTTP/1.1" 304 -
114.95.43.237 - - [30/Nov/2022:08:16:34 +0800] "GET /xingrg/javascript/jquery.utils.js HTTP/1.1" 304 -
114.95.43.237 - - [30/Nov/2022:08:16:34 +0800] "GET /xingrg/javascript/jquery.timers.js HTTP/1.1" 304 -
114.95.43.237 - - [30/Nov/2022:08:16:35 +0800] "GET /favicon.ico HTTP/1.1" 404 -
116.238.139.35 - - [30/Nov/2022:08:16:35 +0800] "GET /xingrg/all/function/internal_message.html?_=1669767335774&CODE_STATE=getMsg HTTP/1.1" 200 27
114.95.43.237 - - [30/Nov/2022:08:16:35 +0800] "GET /xingrg/javascript/jquery_easy_ui/themes/icons/settle_new.png HTTP/1.1" 304 -
114.95.43.237 - - [30/Nov/2022:08:16:35 +0800] "GET /xingrg/images/blue/navBackgound.jpg HTTP/1.1" 304 -
114.95.43.237 - - [30/Nov/2022:08:16:35 +0800] "POST /xingrg/all/common/load_tree.html?tree=area_rest_tree_json&manage=1 HTTP/1.1" 200 3499
114.95.43.237 - - [30/Nov/2022:08:16:36 +0800] "GET /xingrg/all/function/internal_message.html?_=1669767391860&CODE_STATE=count HTTP/1.1" 200 11
114.95.43.237 - - [30/Nov/2022:08:16:36 +0800] "GET /xingrg/check_reg.html?_=1669767391861 HTTP/1.1" 200 22
114.95.43.237 - - [30/Nov/2022:08:16:36 +0800] "GET /xingrg/images/blue/pingpu.png HTTP/1.1" 304 -
120.253.135.82 - - [30/Nov/2022:08:16:36 +0800] "GET /xingrg/all/function/internal_message.html?_=1669767192621&CODE_STATE=getMsg HTTP/1.1" 200 27
114.95.43.237 - - [30/Nov/2022:08:16:37 +0800] "GET /xingrg/javascript/jquery_easy_ui/themes/default/images/tabs_leftarrow.png HTTP/1.1" 304 -
114.95.43.237 - - [30/Nov/2022:08:16:37 +0800] "GET /xingrg/javascript/jquery_easy_ui/themes/default/images/tabs_rightarrow.png HTTP/1.1" 304 -
114.95.43.237 - - [30/Nov/2022:08:16:37 +0800] "GET /xingrg/javascript/jquery_easy_ui/themes/default/images/panel_tool_collapse.gif HTTP/1.1" 304 -
114.95.43.237 - - [30/Nov/2022:08:16:37 +0800] "POST /xingrg/load_menu.html HTTP/1.1" 200 5138
114.95.43.237 - - [30/Nov/2022:08:16:37 +0800] "GET /xingrg/javascript/jquery_easy_ui/themes/default/images/tree_arrows.gif HTTP/1.1" 304 -
114.95.43.237 - - [30/Nov/2022:08:16:37 +0800] "GET /xingrg/javascript/jquery_easy_ui/themes/default/images/tree_folder_open.gif HTTP/1.1" 304 -
114.95.43.237 - - [30/Nov/2022:08:16:37 +0800] "GET /xingrg/javascript/jquery_easy_ui/themes/icons/search_new.png HTTP/1.1" 304 -
114.95.43.237 - - [30/Nov/2022:08:16:37 +0800] "GET /xingrg/javascript/jquery_easy_ui/themes/default/images/tree_folder.gif HTTP/1.1" 304 -
114.95.43.237 - - [30/Nov/2022:08:16:37 +0800] "GET /xingrg/javascript/jquery_easy_ui/themes/icons/storage_new.png HTTP/1.1" 304 -
114.95.43.237 - - [30/Nov/2022:08:16:37 +0800] "GET /xingrg/javascript/jquery_easy_ui/themes/icons/forms_new.png HTTP/1.1" 304 -
180.162.229.95 - - [30/Nov/2022:08:16:37 +0800] "GET /xingrg/all/function/internal_message.html?_=1669767392208&CODE_STATE=getMsg HTTP/1.1" 200 27
114.95.43.237 - - [30/Nov/2022:08:16:37 +0800] "GET /xingrg/javascript/jquery_easy_ui/themes/default/images/tree_file.gif HTTP/1.1" 304 -
114.84.38.109 - - [30/Nov/2022:08:16:40 +0800] "GET /xingrg/check_reg.html?_=1669767403068 HTTP/1.1" 200 22
114.95.43.237 - - [30/Nov/2022:08:16:40 +0800] "GET /xingrg/kc/buy/cgsh_order_list.html HTTP/1.1" 200 53780
114.95.43.237 - - [30/Nov/2022:08:16:40 +0800] "GET /xingrg/javascript/jquery_easy_ui/themes/default/images/tabs_close.gif HTTP/1.1" 304 -
114.95.43.237 - - [30/Nov/2022:08:16:40 +0800] "GET /xingrg/css/base.css HTTP/1.1" 304 -
114.95.43.237 - - [30/Nov/2022:08:16:40 +0800] "GET /xingrg/css/site.css HTTP/1.1" 304 -
114.95.43.237 - - [30/Nov/2022:08:16:40 +0800] "GET /xingrg/javascript/jquery_tools/datebox.css HTTP/1.1" 304 -
114.95.43.237 - - [30/Nov/2022:08:16:40 +0800] "GET /xingrg/javascript/easyui/themes/default/easyui.css HTTP/1.1" 304 -
114.95.43.237 - - [30/Nov/2022:08:16:40 +0800] "GET /xingrg/javascript/easyui/themes/icon.css HTTP/1.1" 304 -
114.95.43.237 - - [30/Nov/2022:08:16:40 +0800] "GET /xingrg/javascript/auto/jquery.autocomplete.css HTTP/1.1" 304 -
114.95.43.237 - - [30/Nov/2022:08:16:40 +0800] "GET /xingrg/javascript/jquery_tools/fix.css HTTP/1.1" 304 -
114.95.43.237 - - [30/Nov/2022:08:16:41 +0800] "GET /xingrg/javascript/jquery_tools/table.css HTTP/1.1" 304 -
114.95.43.237 - - [30/Nov/2022:08:16:41 +0800] "GET /xingrg/javascript/jquery_tools/jquery.tools.min.js HTTP/1.1" 304 -
114.95.43.237 - - [30/Nov/2022:08:16:41 +0800] "GET /xingrg/javascript/jquery_tools/jquery.tools.extend.js HTTP/1.1" 304 -
114.95.43.237 - - [30/Nov/2022:08:16:41 +0800] "GET /xingrg/javascript/jquery_tools/jquery.tools.hotkey.js HTTP/1.1" 304 -
114.95.43.237 - - [30/Nov/2022:08:16:41 +0800] "GET /xingrg/javascript/jquery_tools/jquery.tools.table.js HTTP/1.1" 304 -
114.95.43.237 - - [30/Nov/2022:08:16:41 +0800] "GET /xingrg/javascript/jquery_tools/list_manager.js HTTP/1.1" 304 -
114.95.43.237 - - [30/Nov/2022:08:16:41 +0800] "GET /xingrg/javascript/auto/jquery.autocomplete.js HTTP/1.1" 304 -
114.95.43.237 - - [30/Nov/2022:08:16:41 +0800] "GET /xingrg/javascript/easyui/easyloader.js HTTP/1.1" 304 -
114.95.43.237 - - [30/Nov/2022:08:16:41 +0800] "GET /xingrg/javascript/jquery.cookie.js HTTP/1.1" 304 -
114.95.43.237 - - [30/Nov/2022:08:16:41 +0800] "GET /xingrg/javascript/print/LodopFuncs.js HTTP/1.1" 304 -
114.95.43.237 - - [30/Nov/2022:08:16:43 +0800] "GET /xingrg/javascript/easyui/plugins/jquery.parser.js HTTP/1.1" 304 -
114.95.43.237 - - [30/Nov/2022:08:16:43 +0800] "GET /xingrg/images/control/ajaxLoader.gif HTTP/1.1" 304 -
114.95.43.237 - - [30/Nov/2022:08:16:43 +0800] "GET /xingrg/javascript/easyui/themes/icons/edit_add_new.png HTTP/1.1" 304 -
114.95.43.237 - - [30/Nov/2022:08:16:43 +0800] "GET /xingrg/javascript/easyui/themes/icons/cance_new.png HTTP/1.1" 304 -
114.95.43.237 - - [30/Nov/2022:08:16:43 +0800] "GET /xingrg/javascript/easyui/themes/icons/check_new.png HTTP/1.1" 304 -
114.95.43.237 - - [30/Nov/2022:08:16:43 +0800] "GET /xingrg/javascript/easyui/themes/icons/field_new.png HTTP/1.1" 304 -
114.95.43.237 - - [30/Nov/2022:08:16:43 +0800] "GET /xingrg/javascript/easyui/themes/icons/import_new.png HTTP/1.1" 304 -
114.95.43.237 - - [30/Nov/2022:08:16:44 +0800] "POST /xingrg/kc/buy/cgsh_list_operate.html HTTP/1.1" 200 986
114.95.43.237 - - [30/Nov/2022:08:16:44 +0800] "GET /xingrg/javascript/easyui/themes/default/images/button_plain_hover.png HTTP/1.1" 304 -
114.95.43.237 - - [30/Nov/2022:08:16:45 +0800] "GET /xingrg/kc/buy/cgsh_order_add.html HTTP/1.1" 200 69643
114.95.43.237 - - [30/Nov/2022:08:16:45 +0800] "GET /xingrg/javascript/pic_change.js HTTP/1.1" 304 -
114.95.43.237 - - [30/Nov/2022:08:16:45 +0800] "GET /xingrg/javascript/jquery_tools/order_manager.js HTTP/1.1" 304 -
114.95.43.237 - - [30/Nov/2022:08:16:45 +0800] "GET /xingrg/javascript/convert.js HTTP/1.1" 304 -
114.95.43.237 - - [30/Nov/2022:08:16:45 +0800] "GET /xingrg/javascript/json2.js HTTP/1.1" 304 -
114.95.43.237 - - [30/Nov/2022:08:16:45 +0800] "GET /xingrg/javascript/print/kc_print.js HTTP/1.1" 304 -
114.95.43.237 - - [30/Nov/2022:08:16:45 +0800] "GET /xingrg/words/20221128154100_words.js HTTP/1.1" 200 935702
114.95.43.237 - - [30/Nov/2022:08:16:45 +0800] "GET /xingrg/javascript/easyui/themes/icons/copy_new.png HTTP/1.1" 304 -
114.95.43.237 - - [30/Nov/2022:08:16:45 +0800] "GET /xingrg/javascript/easyui/themes/icons/template_new.png HTTP/1.1" 304 -
114.95.43.237 - - [30/Nov/2022:08:16:45 +0800] "GET /xingrg/javascript/easyui/themes/icons/ok.png HTTP/1.1" 304 -
114.95.43.237 - - [30/Nov/2022:08:16:45 +0800] "GET /xingrg/javascript/easyui/themes/icons/print.png HTTP/1.1" 304 -
114.95.43.237 - - [30/Nov/2022:08:16:45 +0800] "GET /xingrg/javascript/easyui/themes/default/images/menu_downarrow.png HTTP/1.1" 304 -
114.95.43.237 - - [30/Nov/2022:08:16:45 +0800] "GET /xingrg/javascript/easyui/themes/icons/cancel.png HTTP/1.1" 304 -
114.95.43.237 - - [30/Nov/2022:08:16:46 +0800] "POST /xingrg/kc/buy/cgsh_order_operate.html HTTP/1.1" 200 8245
114.95.43.237 - - [30/Nov/2022:08:16:46 +0800] "GET /xingrg/all/common/auto_word.html?type=employee&rest_code=00105 HTTP/1.1" 200 193
114.95.43.237 - - [30/Nov/2022:08:16:46 +0800] "GET /xingrg/javascript/easyui/themes/default/validatebox.css HTTP/1.1" 404 1104
114.95.43.237 - - [30/Nov/2022:08:16:46 +0800] "GET /xingrg/all/common/auto_word.html?type=employee&rest_code=00105 HTTP/1.1" 200 193
114.95.43.237 - - [30/Nov/2022:08:16:46 +0800] "GET /xingrg/javascript/easyui/plugins/jquery.validatebox.js HTTP/1.1" 304 -
114.95.43.237 - - [30/Nov/2022:08:16:46 +0800] "GET /xingrg/javascript/easyui/themes/icons/edit_remove.png HTTP/1.1" 304 -
114.95.43.237 - - [30/Nov/2022:08:16:46 +0800] "GET /xingrg/javascript/easyui/plugins/jquery.numberbox.js HTTP/1.1" 304 -
114.95.43.237 - - [30/Nov/2022:08:16:49 +0800] "GET /xingrg/javascript/auto/indicator.gif HTTP/1.1" 404 1066
116.230.105.139 - - [30/Nov/2022:08:16:53 +0800] "GET /xingrg/kc/buy/cgsh_order_add.html HTTP/1.1" 200 69567
116.230.105.139 - - [30/Nov/2022:08:16:54 +0800] "POST /xingrg/kc/buy/cgsh_order_operate.html HTTP/1.1" 200 8245
116.230.105.139 - - [30/Nov/2022:08:16:54 +0800] "GET /xingrg/javascript/easyui/themes/default/validatebox.css HTTP/1.1" 404 1104
116.230.105.139 - - [30/Nov/2022:08:17:01 +0800] "GET /xingrg/kc/buy/cgsh_order_operate.html?command=get_materiel&rest_code=00155&code=00101006109&supplier_code=00100012&order_time=2022-11-30 HTTP/1.1" 200 409
116.230.105.139 - - [30/Nov/2022:08:17:03 +0800] "GET /xingrg/all/function/internal_message.html?_=1669767386691&CODE_STATE=getMsg HTTP/1.1" 200 27
114.95.43.237 - - [30/Nov/2022:08:17:04 +0800] "GET /xingrg/kc/buy/cgsh_order_operate.html?command=get_materiel&rest_code=00105&code=00101008331&supplier_code=00100203&order_time=2022-11-30 HTTP/1.1" 200 416
58.40.7.146 - - [30/Nov/2022:08:17:05 +0800] "GET /xingrg/all/function/internal_message.html?_=1669767418781&CODE_STATE=getMsg HTTP/1.1" 200 27
114.84.38.109 - - [30/Nov/2022:08:17:05 +0800] "GET /xingrg/all/function/internal_message.html?_=1669767428184&CODE_STATE=getMsg HTTP/1.1" 200 27
116.230.105.139 - - [30/Nov/2022:08:17:08 +0800] "POST /xingrg/kc/buy/cgsh_order_operate.html HTTP/1.1" 200 37
116.230.105.139 - - [30/Nov/2022:08:17:09 +0800] "POST /xingrg/kc/buy/cgsh_order_operate.html HTTP/1.1" 200 2655
116.230.105.139 - - [30/Nov/2022:08:17:10 +0800] "GET /xingrg/kc/print/load_data.html?order_code=212022113010227&kc_code=cgsh&condition= HTTP/1.1" 200 758
116.230.105.139 - - [30/Nov/2022:08:17:13 +0800] "GET /xingrg/kc/print/load_data.html?order_code=212022113010227&kc_code=cgsh HTTP/1.1" 200 758
116.238.139.35 - - [30/Nov/2022:08:17:24 +0800] "GET /xingrg/all/function/internal_message.html?_=1669767438405&CODE_STATE=getMsg HTTP/1.1" 200 27
114.95.43.237 - - [30/Nov/2022:08:17:26 +0800] "GET /xingrg/kc/buy/cgsh_order_operate.html?command=get_materiel&rest_code=00105&code=00101008283&supplier_code=00100203&order_time=2022-11-30 HTTP/1.1" 200 408
116.238.139.35 - - [30/Nov/2022:08:17:26 +0800] "GET /xingrg/check_reg.html?_=1669767386780 HTTP/1.1" 200 22
116.238.139.35 - - [30/Nov/2022:08:17:35 +0800] "GET /xingrg/all/function/internal_message.html?_=1669767395777&CODE_STATE=getMsg HTTP/1.1" 200 27
114.95.43.237 - - [30/Nov/2022:08:17:36 +0800] "GET /xingrg/all/function/internal_message.html?_=1669767451864&CODE_STATE=getMsg HTTP/1.1" 200 27
120.253.135.82 - - [30/Nov/2022:08:17:36 +0800] "GET /xingrg/all/function/internal_message.html?_=1669767252623&CODE_STATE=getMsg HTTP/1.1" 200 27
180.162.229.95 - - [30/Nov/2022:08:17:37 +0800] "GET /xingrg/all/function/internal_message.html?_=1669767452213&CODE_STATE=getMsg HTTP/1.1" 200 27
180.162.229.95 - - [30/Nov/2022:08:17:37 +0800] "GET /xingrg/check_reg.html?_=1669767452215 HTTP/1.1" 200 22
114.95.43.237 - - [30/Nov/2022:08:17:39 +0800] "GET /xingrg/kc/buy/cgsh_order_operate.html?command=get_materiel&rest_code=00105&code=00101008211&supplier_code=00100203&order_time=2022-11-30 HTTP/1.1" 200 412
114.95.43.237 - - [30/Nov/2022:08:17:48 +0800] "GET /xingrg/kc/buy/cgsh_order_operate.html?command=get_materiel&rest_code=00105&code=00101008059&supplier_code=00100203&order_time=2022-11-30 HTTP/1.1" 200 408
116.230.105.139 - - [30/Nov/2022:08:18:03 +0800] "GET /xingrg/all/function/internal_message.html?_=1669767446705&CODE_STATE=getMsg HTTP/1.1" 200 27
114.95.43.237 - - [30/Nov/2022:08:18:04 +0800] "GET /xingrg/kc/buy/cgsh_order_operate.html?command=get_materiel&rest_code=00105&code=00101008197&supplier_code=00100203&order_time=2022-11-30 HTTP/1.1" 200 416
58.40.7.146 - - [30/Nov/2022:08:18:05 +0800] "GET /xingrg/check_reg.html?_=1669767478784 HTTP/1.1" 200 22
58.40.7.146 - - [30/Nov/2022:08:18:05 +0800] "GET /xingrg/all/function/internal_message.html?_=1669767478783&CODE_STATE=getMsg HTTP/1.1" 200 27
114.84.38.109 - - [30/Nov/2022:08:18:05 +0800] "GET /xingrg/all/function/internal_message.html?_=1669767488198&CODE_STATE=getMsg HTTP/1.1" 200 27
114.95.43.237 - - [30/Nov/2022:08:18:14 +0800] "GET /xingrg/kc/buy/cgsh_order_operate.html?command=get_materiel&rest_code=00105&code=00101008357&supplier_code=00100203&order_time=2022-11-30 HTTP/1.1" 200 408
116.238.139.35 - - [30/Nov/2022:08:18:24 +0800] "GET /xingrg/all/function/internal_message.html?_=1669767498405&CODE_STATE=getMsg HTTP/1.1" 200 27
114.95.43.237 - - [30/Nov/2022:08:18:28 +0800] "GET /xingrg/kc/buy/cgsh_order_operate.html?command=get_materiel&rest_code=00105&code=00101008318&supplier_code=00100203&order_time=2022-11-30 HTTP/1.1" 200 408
116.238.139.35 - - [30/Nov/2022:08:18:35 +0800] "GET /xingrg/all/function/internal_message.html?_=1669767455791&CODE_STATE=getMsg HTTP/1.1" 200 27
114.95.43.237 - - [30/Nov/2022:08:18:36 +0800] "GET /xingrg/all/function/internal_message.html?_=1669767511910&CODE_STATE=getMsg HTTP/1.1" 200 27
120.253.135.82 - - [30/Nov/2022:08:18:37 +0800] "GET /xingrg/all/function/internal_message.html?_=1669767312840&CODE_STATE=getMsg HTTP/1.1" 200 27
114.95.43.237 - - [30/Nov/2022:08:18:37 +0800] "GET /xingrg/kc/buy/cgsh_order_operate.html?command=get_materiel&rest_code=00105&code=00101008352&supplier_code=00100203&order_time=2022-11-30 HTTP/1.1" 200 412
180.162.229.95 - - [30/Nov/2022:08:18:37 +0800] "GET /xingrg/all/function/internal_message.html?_=1669767512221&CODE_STATE=getMsg HTTP/1.1" 200 27
114.95.43.237 - - [30/Nov/2022:08:18:45 +0800] "GET /xingrg/kc/buy/cgsh_order_operate.html?command=get_materiel&rest_code=00105&code=00101008271&supplier_code=00100203&order_time=2022-11-30 HTTP/1.1" 200 408
114.95.43.237 - - [30/Nov/2022:08:18:55 +0800] "GET /xingrg/kc/buy/cgsh_order_operate.html?command=get_materiel&rest_code=00105&code=00101008353&supplier_code=00100203&order_time=2022-11-30 HTTP/1.1" 200 408
116.230.105.139 - - [30/Nov/2022:08:19:03 +0800] "GET /xingrg/all/function/internal_message.html?_=1669767506699&CODE_STATE=getMsg HTTP/1.1" 200 27
58.40.7.146 - - [30/Nov/2022:08:19:05 +0800] "GET /xingrg/all/function/internal_message.html?_=1669767538788&CODE_STATE=getMsg HTTP/1.1" 200 27
114.84.38.109 - - [30/Nov/2022:08:19:05 +0800] "GET /xingrg/all/function/internal_message.html?_=1669767548284&CODE_STATE=getMsg HTTP/1.1" 200 27
114.95.43.237 - - [30/Nov/2022:08:19:14 +0800] "GET /xingrg/kc/buy/cgsh_order_operate.html?command=get_materiel&rest_code=00105&code=00101015074&supplier_code=00100203&order_time=2022-11-30 HTTP/1.1" 200 408
114.95.43.237 - - [30/Nov/2022:08:19:21 +0800] "GET /xingrg/kc/buy/cgsh_order_operate.html?command=get_materiel&rest_code=00105&code=00101015136&supplier_code=00100203&order_time=2022-11-30 HTTP/1.1" 200 413
116.238.139.35 - - [30/Nov/2022:08:19:24 +0800] "GET /xingrg/all/function/internal_message.html?_=1669767558408&CODE_STATE=getMsg HTTP/1.1" 200 27
114.95.43.237 - - [30/Nov/2022:08:19:29 +0800] "GET /xingrg/kc/buy/cgsh_order_operate.html?command=get_materiel&rest_code=00105&code=00101015066&supplier_code=00100203&order_time=2022-11-30 HTTP/1.1" 200 413
120.253.135.82 - - [30/Nov/2022:08:19:30 +0800] "GET /xingrg/check_reg.html?_=1669767366332 HTTP/1.1" 200 22
114.95.43.237 - - [30/Nov/2022:08:19:34 +0800] "POST /xingrg/kc/buy/cgsh_order_operate.html HTTP/1.1" 200 2065
116.238.139.35 - - [30/Nov/2022:08:19:35 +0800] "GET /xingrg/all/function/internal_message.html?_=1669767515814&CODE_STATE=getMsg HTTP/1.1" 200 27
114.95.43.237 - - [30/Nov/2022:08:19:36 +0800] "GET /xingrg/all/function/internal_message.html?_=1669767571913&CODE_STATE=getMsg HTTP/1.1" 200 27
120.253.135.82 - - [30/Nov/2022:08:19:37 +0800] "GET /xingrg/all/function/internal_message.html?_=1669767372853&CODE_STATE=getMsg HTTP/1.1" 200 27
114.95.43.237 - - [30/Nov/2022:08:19:37 +0800] "POST /xingrg/kc/buy/cgsh_order_operate.html HTTP/1.1" 200 2065
180.162.229.95 - - [30/Nov/2022:08:19:37 +0800] "GET /xingrg/all/function/internal_message.html?_=1669767572205&CODE_STATE=getMsg HTTP/1.1" 200 27
114.95.43.237 - - [30/Nov/2022:08:19:53 +0800] "GET /xingrg/kc/buy/cgsh_order_operate.html?command=get_materiel&rest_code=00105&code=00101008330&supplier_code=00100203&order_time=2022-11-30 HTTP/1.1" 200 408
116.230.105.139 - - [30/Nov/2022:08:20:03 +0800] "GET /xingrg/check_reg.html?_=1669767566695 HTTP/1.1" 200 22
116.230.105.139 - - [30/Nov/2022:08:20:03 +0800] "GET /xingrg/all/function/internal_message.html?_=1669767566699&CODE_STATE=getMsg HTTP/1.1" 200 27
58.40.7.146 - - [30/Nov/2022:08:20:05 +0800] "GET /xingrg/all/function/internal_message.html?_=1669767598790&CODE_STATE=getMsg HTTP/1.1" 200 27
114.84.38.109 - - [30/Nov/2022:08:20:05 +0800] "GET /xingrg/all/function/internal_message.html?_=1669767608287&CODE_STATE=getMsg HTTP/1.1" 200 27
116.230.105.139 - - [30/Nov/2022:08:20:20 +0800] "GET /xingrg/kc/buy/cgsh_order_add.html HTTP/1.1" 200 69567
116.230.105.139 - - [30/Nov/2022:08:20:21 +0800] "POST /xingrg/kc/buy/cgsh_order_operate.html HTTP/1.1" 200 8245
116.230.105.139 - - [30/Nov/2022:08:20:21 +0800] "GET /xingrg/javascript/easyui/themes/default/validatebox.css HTTP/1.1" 404 1104
114.95.43.237 - - [30/Nov/2022:08:20:22 +0800] "GET /xingrg/kc/buy/cgsh_order_operate.html?command=get_materiel&rest_code=00105&code=00101008027&supplier_code=00100203&order_time=2022-11-30 HTTP/1.1" 200 408
116.238.139.35 - - [30/Nov/2022:08:20:24 +0800] "GET /xingrg/all/function/internal_message.html?_=1669767618412&CODE_STATE=getMsg HTTP/1.1" 200 27
114.95.43.237 - - [30/Nov/2022:08:20:28 +0800] "GET /xingrg/kc/buy/cgsh_order_operate.html?command=get_materiel&rest_code=00105&code=00101008055&supplier_code=00100203&order_time=2022-11-30 HTTP/1.1" 200 409
116.230.105.139 - - [30/Nov/2022:08:20:30 +0800] "GET /xingrg/kc/buy/cgsh_order_operate.html?command=get_materiel&rest_code=00155&code=00101008072&supplier_code=00100005&order_time=2022-11-30 HTTP/1.1" 200 408
116.238.139.35 - - [30/Nov/2022:08:20:35 +0800] "GET /xingrg/all/function/internal_message.html?_=1669767575818&CODE_STATE=getMsg HTTP/1.1" 200 27
114.95.43.237 - - [30/Nov/2022:08:20:36 +0800] "GET /xingrg/all/function/internal_message.html?_=1669767631889&CODE_STATE=getMsg HTTP/1.1" 200 27
120.253.135.82 - - [30/Nov/2022:08:20:37 +0800] "GET /xingrg/all/function/internal_message.html?_=1669767432867&CODE_STATE=getMsg HTTP/1.1" 200 27
116.230.105.139 - - [30/Nov/2022:08:20:37 +0800] "GET /xingrg/kc/buy/cgsh_order_operate.html?command=get_materiel&rest_code=00155&code=00101008350&supplier_code=00100005&order_time=2022-11-30 HTTP/1.1" 200 408
180.162.229.95 - - [30/Nov/2022:08:20:37 +0800] "GET /xingrg/all/function/internal_message.html?_=1669767632216&CODE_STATE=getMsg HTTP/1.1" 200 27
114.95.43.237 - - [30/Nov/2022:08:20:38 +0800] "GET /xingrg/kc/buy/cgsh_order_operate.html?command=get_materiel&rest_code=00105&code=00101008244&supplier_code=00100203&order_time=2022-11-30 HTTP/1.1" 200 408
116.230.105.139 - - [30/Nov/2022:08:20:43 +0800] "GET /xingrg/kc/buy/cgsh_order_operate.html?command=get_materiel&rest_code=00155&code=00101008087&supplier_code=00100005&order_time=2022-11-30 HTTP/1.1" 200 412
114.95.43.237 - - [30/Nov/2022:08:20:48 +0800] "GET /xingrg/kc/buy/cgsh_order_operate.html?command=get_materiel&rest_code=00105&code=00101008038&supplier_code=00100203&order_time=2022-11-30 HTTP/1.1" 200 412
116.230.105.139 - - [30/Nov/2022:08:20:50 +0800] "GET /xingrg/kc/buy/cgsh_order_operate.html?command=get_materiel&rest_code=00155&code=00101008055&supplier_code=00100005&order_time=2022-11-30 HTTP/1.1" 200 409
116.230.105.139 - - [30/Nov/2022:08:20:57 +0800] "GET /xingrg/kc/buy/cgsh_order_operate.html?command=get_materiel&rest_code=00155&code=00101008010&supplier_code=00100005&order_time=2022-11-30 HTTP/1.1" 200 412
114.95.43.237 - - [30/Nov/2022:08:21:02 +0800] "GET /xingrg/kc/buy/cgsh_order_operate.html?command=get_materiel&rest_code=00105&code=00101008286&supplier_code=00100203&order_time=2022-11-30 HTTP/1.1" 200 408
116.230.105.139 - - [30/Nov/2022:08:21:03 +0800] "GET /xingrg/all/function/internal_message.html?_=1669767626712&CODE_STATE=getMsg HTTP/1.1" 200 27
116.230.105.139 - - [30/Nov/2022:08:21:04 +0800] "GET /xingrg/kc/buy/cgsh_order_operate.html?command=get_materiel&rest_code=00155&code=00101008646&supplier_code=00100005&order_time=2022-11-30 HTTP/1.1" 200 413
58.40.7.146 - - [30/Nov/2022:08:21:05 +0800] "GET /xingrg/all/function/internal_message.html?_=1669767658794&CODE_STATE=getMsg HTTP/1.1" 200 27
114.84.38.109 - - [30/Nov/2022:08:21:05 +0800] "GET /xingrg/all/function/internal_message.html?_=1669767668375&CODE_STATE=getMsg HTTP/1.1" 200 27
222.64.56.167 - - [30/Nov/2022:08:21:11 +0800] "POST /xingrg/services/DataTransmitService HTTP/1.1" 200 524
114.95.43.237 - - [30/Nov/2022:08:21:11 +0800] "GET /xingrg/kc/buy/cgsh_order_operate.html?command=get_materiel&rest_code=00105&code=00101008350&supplier_code=00100203&order_time=2022-11-30 HTTP/1.1" 200 408
116.230.105.139 - - [30/Nov/2022:08:21:11 +0800] "GET /xingrg/kc/buy/cgsh_order_operate.html?command=get_materiel&rest_code=00155&code=00101008125&supplier_code=00100005&order_time=2022-11-30 HTTP/1.1" 200 413
116.230.105.139 - - [30/Nov/2022:08:21:18 +0800] "GET /xingrg/kc/buy/cgsh_order_operate.html?command=get_materiel&rest_code=00155&code=00101008096&supplier_code=00100005&order_time=2022-11-30 HTTP/1.1" 200 412
116.238.139.35 - - [30/Nov/2022:08:21:24 +0800] "GET /xingrg/check_reg.html?_=1669767678414 HTTP/1.1" 200 22
116.238.139.35 - - [30/Nov/2022:08:21:24 +0800] "GET /xingrg/all/function/internal_message.html?_=1669767678417&CODE_STATE=getMsg HTTP/1.1" 200 27
116.230.105.139 - - [30/Nov/2022:08:21:25 +0800] "GET /xingrg/kc/buy/cgsh_order_operate.html?command=get_materiel&rest_code=00155&code=00101008038&supplier_code=00100005&order_time=2022-11-30 HTTP/1.1" 200 412
114.95.43.237 - - [30/Nov/2022:08:21:30 +0800] "GET /xingrg/kc/buy/cgsh_order_operate.html?command=get_materiel&rest_code=00105&code=00101008036&supplier_code=00100203&order_time=2022-11-30 HTTP/1.1" 200 408
116.230.105.139 - - [30/Nov/2022:08:21:32 +0800] "GET /xingrg/kc/buy/cgsh_order_operate.html?command=get_materiel&rest_code=00155&code=00101008358&supplier_code=00100005&order_time=2022-11-30 HTTP/1.1" 200 412
116.238.139.35 - - [30/Nov/2022:08:21:35 +0800] "GET /xingrg/all/function/internal_message.html?_=1669767635841&CODE_STATE=getMsg HTTP/1.1" 200 27
114.95.43.237 - - [30/Nov/2022:08:21:36 +0800] "GET /xingrg/check_reg.html?_=1669767691868 HTTP/1.1" 200 22
114.95.43.237 - - [30/Nov/2022:08:21:36 +0800] "GET /xingrg/all/function/internal_message.html?_=1669767691869&CODE_STATE=getMsg HTTP/1.1" 200 27
120.253.135.82 - - [30/Nov/2022:08:21:37 +0800] "GET /xingrg/all/function/internal_message.html?_=1669767493010&CODE_STATE=getMsg HTTP/1.1" 200 27
180.162.229.95 - - [30/Nov/2022:08:21:37 +0800] "GET /xingrg/all/function/internal_message.html?_=1669767692222&CODE_STATE=getMsg HTTP/1.1" 200 27
116.230.105.139 - - [30/Nov/2022:08:21:37 +0800] "GET /xingrg/kc/buy/cgsh_order_operate.html?command=get_materiel&rest_code=00155&code=00101008095&supplier_code=00100005&order_time=2022-11-30 HTTP/1.1" 200 412
114.84.38.109 - - [30/Nov/2022:08:21:40 +0800] "GET /xingrg/check_reg.html?_=1669767703076 HTTP/1.1" 200 22
114.95.43.237 - - [30/Nov/2022:08:21:41 +0800] "GET /xingrg/kc/buy/cgsh_order_operate.html?command=get_materiel&rest_code=00105&code=00101008005&supplier_code=00100203&order_time=2022-11-30 HTTP/1.1" 200 433
116.230.105.139 - - [30/Nov/2022:08:21:45 +0800] "GET /xingrg/kc/buy/cgsh_order_operate.html?command=get_materiel&rest_code=00155&code=00101008361&supplier_code=00100005&order_time=2022-11-30 HTTP/1.1" 200 408
114.95.43.237 - - [30/Nov/2022:08:21:54 +0800] "GET /xingrg/kc/buy/cgsh_order_operate.html?command=get_materiel&rest_code=00105&code=00101008041&supplier_code=00100203&order_time=2022-11-30 HTTP/1.1" 200 408
114.95.43.237 - - [30/Nov/2022:08:22:02 +0800] "GET /xingrg/kc/buy/cgsh_order_operate.html?command=get_materiel&rest_code=00105&code=00101008323&supplier_code=00100203&order_time=2022-11-30 HTTP/1.1" 200 429
116.230.105.139 - - [30/Nov/2022:08:22:03 +0800] "GET /xingrg/all/function/internal_message.html?_=1669767686703&CODE_STATE=getMsg HTTP/1.1" 200 27
58.40.7.146 - - [30/Nov/2022:08:22:05 +0800] "GET /xingrg/all/function/internal_message.html?_=1669767718779&CODE_STATE=getMsg HTTP/1.1" 200 27
114.84.38.109 - - [30/Nov/2022:08:22:05 +0800] "GET /xingrg/all/function/internal_message.html?_=1669767728377&CODE_STATE=getMsg HTTP/1.1" 200 27
114.95.43.237 - - [30/Nov/2022:08:22:09 +0800] "POST /xingrg/kc/buy/cgsh_order_operate.html HTTP/1.1" 200 2065
114.95.43.237 - - [30/Nov/2022:08:22:11 +0800] "POST /xingrg/kc/buy/cgsh_order_operate.html HTTP/1.1" 200 2065
116.230.105.139 - - [30/Nov/2022:08:22:12 +0800] "GET /xingrg/kc/buy/cgsh_order_operate.html?command=get_materiel&rest_code=00155&code=00101008148&supplier_code=00100005&order_time=2022-11-30 HTTP/1.1" 200 416
116.230.105.139 - - [30/Nov/2022:08:22:18 +0800] "GET /xingrg/kc/buy/cgsh_order_operate.html?command=get_materiel&rest_code=00155&code=00101008356&supplier_code=00100005&order_time=2022-11-30 HTTP/1.1" 200 408
116.238.139.35 - - [30/Nov/2022:08:22:24 +0800] "GET /xingrg/all/function/internal_message.html?_=1669767738417&CODE_STATE=getMsg HTTP/1.1" 200 27
116.238.139.35 - - [30/Nov/2022:08:22:26 +0800] "GET /xingrg/check_reg.html?_=1669767686781 HTTP/1.1" 200 22
116.230.105.139 - - [30/Nov/2022:08:22:27 +0800] "GET /xingrg/kc/buy/cgsh_order_operate.html?command=get_materiel&rest_code=00155&code=00101008205&supplier_code=00100005&order_time=2022-11-30 HTTP/1.1" 200 412
116.230.105.139 - - [30/Nov/2022:08:22:34 +0800] "GET /xingrg/kc/buy/cgsh_order_operate.html?command=get_materiel&rest_code=00155&code=00101008251&supplier_code=00100005&order_time=2022-11-30 HTTP/1.1" 200 408
116.238.139.35 - - [30/Nov/2022:08:22:35 +0800] "GET /xingrg/all/function/internal_message.html?_=1669767695845&CODE_STATE=getMsg HTTP/1.1" 200 27
114.95.43.237 - - [30/Nov/2022:08:22:36 +0800] "GET /xingrg/all/function/internal_message.html?_=1669767751915&CODE_STATE=getMsg HTTP/1.1" 200 27
120.253.135.82 - - [30/Nov/2022:08:22:37 +0800] "GET /xingrg/all/function/internal_message.html?_=1669767553020&CODE_STATE=getMsg HTTP/1.1" 200 27
180.162.229.95 - - [30/Nov/2022:08:22:37 +0800] "GET /xingrg/check_reg.html?_=1669767752217 HTTP/1.1" 200 22
180.162.229.95 - - [30/Nov/2022:08:22:37 +0800] "GET /xingrg/all/function/internal_message.html?_=1669767752220&CODE_STATE=getMsg HTTP/1.1" 200 27
116.230.105.139 - - [30/Nov/2022:08:22:40 +0800] "GET /xingrg/kc/buy/cgsh_order_operate.html?command=get_materiel&rest_code=00155&code=00101008196&supplier_code=00100005&order_time=2022-11-30 HTTP/1.1" 200 416
116.230.105.139 - - [30/Nov/2022:08:22:49 +0800] "GET /xingrg/kc/buy/cgsh_order_operate.html?command=get_materiel&rest_code=00155&code=00101008197&supplier_code=00100005&order_time=2022-11-30 HTTP/1.1" 200 416
114.95.43.237 - - [30/Nov/2022:08:22:51 +0800] "GET /xingrg/kc/buy/cgsh_order_operate.html?command=get_materiel&rest_code=00105&code=00101008112&supplier_code=00100203&order_time=2022-11-30 HTTP/1.1" 200 412
116.230.105.139 - - [30/Nov/2022:08:22:55 +0800] "GET /xingrg/kc/buy/cgsh_order_operate.html?command=get_materiel&rest_code=00155&code=00101008357&supplier_code=00100005&order_time=2022-11-30 HTTP/1.1" 200 408
116.230.105.139 - - [30/Nov/2022:08:22:57 +0800] "POST /xingrg/kc/buy/cgsh_order_operate.html HTTP/1.1" 200 2065
124.79.245.154 - - [30/Nov/2022:08:23:01 +0800] "POST /xingrg/services/DataTransmitService HTTP/1.1" 200 524
116.230.105.139 - - [30/Nov/2022:08:23:01 +0800] "GET /xingrg/kc/buy/cgsh_order_operate.html?command=get_materiel&rest_code=00155&code=00101008006&supplier_code=00100005&order_time=2022-11-30 HTTP/1.1" 200 416
116.230.105.139 - - [30/Nov/2022:08:23:03 +0800] "GET /xingrg/all/function/internal_message.html?_=1669767746691&CODE_STATE=getMsg HTTP/1.1" 200 27
58.40.7.146 - - [30/Nov/2022:08:23:05 +0800] "GET /xingrg/all/function/internal_message.html?_=1669767778781&CODE_STATE=getMsg HTTP/1.1" 200 27
58.40.7.146 - - [30/Nov/2022:08:23:05 +0800] "GET /xingrg/check_reg.html?_=1669767778782 HTTP/1.1" 200 22
114.84.38.109 - - [30/Nov/2022:08:23:05 +0800] "GET /xingrg/all/function/internal_message.html?_=1669767788390&CODE_STATE=getMsg HTTP/1.1" 200 27
114.95.43.237 - - [30/Nov/2022:08:23:06 +0800] "GET /xingrg/kc/buy/cgsh_order_operate.html?command=get_materiel&rest_code=00105&code=00101008223&supplier_code=00100203&order_time=2022-11-30 HTTP/1.1" 200 412
116.230.105.139 - - [30/Nov/2022:08:23:09 +0800] "GET /xingrg/kc/buy/cgsh_order_operate.html?command=get_materiel&rest_code=00155&code=00101008131&supplier_code=00100005&order_time=2022-11-30 HTTP/1.1" 200 408
116.230.105.139 - - [30/Nov/2022:08:23:16 +0800] "GET /xingrg/kc/buy/cgsh_order_operate.html?command=get_materiel&rest_code=00155&code=00101008279&supplier_code=00100005&order_time=2022-11-30 HTTP/1.1" 200 412
116.230.105.139 - - [30/Nov/2022:08:23:23 +0800] "GET /xingrg/kc/buy/cgsh_order_operate.html?command=get_materiel&rest_code=00155&code=00101008108&supplier_code=00100005&order_time=2022-11-30 HTTP/1.1" 200 412
116.238.139.35 - - [30/Nov/2022:08:23:24 +0800] "GET /xingrg/all/function/internal_message.html?_=1669767798404&CODE_STATE=getMsg HTTP/1.1" 200 27
