101.85.106.255 - - [27/Nov/2022:09:46:29 +0800] "GET /xingrg/all/function/internal_message.html?_=1669513583144&CODE_STATE=getMsg HTTP/1.1" 200 27
58.40.7.146 - - [27/Nov/2022:09:46:30 +0800] "GET /xingrg/all/function/internal_message.html?_=1669513585765&CODE_STATE=getMsg HTTP/1.1" 302 -
114.83.219.57 - - [27/Nov/2022:09:46:30 +0800] "GET /xingrg/kc/base/wldb_order_operate.html?command=get_materiel&rest_code=00154&base_code=0010724&code=00101020335 HTTP/1.1" 200 456
180.162.229.95 - - [27/Nov/2022:09:46:35 +0800] "GET /xingrg/all/function/internal_message.html?_=1669513590953&CODE_STATE=getMsg HTTP/1.1" 200 27
124.79.245.154 - - [27/Nov/2022:09:46:43 +0800] "GET /xingrg/all/function/internal_message.html?_=1669513598994&CODE_STATE=getMsg HTTP/1.1" 200 27
114.95.46.117 - - [27/Nov/2022:09:46:44 +0800] "GET /xingrg/check_reg.html?_=1669513448139 HTTP/1.1" 200 22
114.95.46.117 - - [27/Nov/2022:09:46:44 +0800] "GET /xingrg/all/function/internal_message.html?_=1669513448140&CODE_STATE=getMsg HTTP/1.1" 200 27
114.83.219.57 - - [27/Nov/2022:09:46:47 +0800] "GET /xingrg/kc/base/wldb_order_operate.html?command=get_materiel&rest_code=00154&base_code=0010724&code=00101019416 HTTP/1.1" 200 466
114.84.38.109 - - [27/Nov/2022:09:46:57 +0800] "GET /xingrg/all/function/internal_message.html?_=1669513638448&CODE_STATE=getMsg HTTP/1.1" 200 27
120.253.135.82 - - [27/Nov/2022:09:47:08 +0800] "GET /xingrg/all/function/internal_message.html?_=1669513425159&CODE_STATE=getMsg HTTP/1.1" 200 27
116.230.105.139 - - [27/Nov/2022:09:47:09 +0800] "GET /xingrg/all/function/internal_message.html?_=1669513600541&CODE_STATE=getMsg HTTP/1.1" 200 27
114.83.219.57 - - [27/Nov/2022:09:47:12 +0800] "GET /xingrg/kc/base/wldb_order_operate.html?command=get_materiel&rest_code=00154&base_code=0010724&code=00101019469 HTTP/1.1" 200 456
114.95.46.117 - - [27/Nov/2022:09:47:18 +0800] "GET /xingrg/all/function/internal_message.html?_=1669513634645&CODE_STATE=getMsg HTTP/1.1" 200 27
116.238.139.35 - - [27/Nov/2022:09:47:20 +0800] "GET /xingrg/check_reg.html?_=1669513636650 HTTP/1.1" 200 22
116.238.139.35 - - [27/Nov/2022:09:47:21 +0800] "GET /xingrg/all/function/internal_message.html?_=1669513637355&CODE_STATE=getMsg HTTP/1.1" 200 27
114.83.219.57 - - [27/Nov/2022:09:47:26 +0800] "POST /xingrg/kc/base/wldb_order_operate.html HTTP/1.1" 200 37
114.83.219.57 - - [27/Nov/2022:09:47:26 +0800] "GET /xingrg/all/function/internal_message.html?_=1669513770686&CODE_STATE=getMsg HTTP/1.1" 200 27
114.83.219.57 - - [27/Nov/2022:09:47:29 +0800] "POST /xingrg/kc/base/wldb_order_operate.html HTTP/1.1" 200 12
114.83.219.57 - - [27/Nov/2022:09:47:29 +0800] "POST /xingrg/kc/base/wldb_order_operate.html HTTP/1.1" 200 6661
101.85.106.255 - - [27/Nov/2022:09:47:29 +0800] "GET /xingrg/all/function/internal_message.html?_=1669513643145&CODE_STATE=getMsg HTTP/1.1" 200 27
114.83.219.57 - - [27/Nov/2022:09:47:30 +0800] "GET /xingrg/kc/base/wldb_order_info.html?code=422022112702187 HTTP/1.1" 200 26266
58.40.7.146 - - [27/Nov/2022:09:47:30 +0800] "GET /xingrg/all/function/internal_message.html?_=1669513645752&CODE_STATE=getMsg HTTP/1.1" 302 -
114.83.219.57 - - [27/Nov/2022:09:47:30 +0800] "GET /xingrg/javascript/easyui/themes/default/validatebox.css HTTP/1.1" 404 1104
114.83.219.57 - - [27/Nov/2022:09:47:30 +0800] "POST /xingrg/kc/base/wldb_order_operate.html HTTP/1.1" 200 4853
180.162.229.95 - - [27/Nov/2022:09:47:35 +0800] "GET /xingrg/check_reg.html?_=1669513650936 HTTP/1.1" 200 22
180.162.229.95 - - [27/Nov/2022:09:47:35 +0800] "GET /xingrg/all/function/internal_message.html?_=1669513650937&CODE_STATE=getMsg HTTP/1.1" 200 27
124.79.245.154 - - [27/Nov/2022:09:47:43 +0800] "GET /xingrg/all/function/internal_message.html?_=1669513658999&CODE_STATE=getMsg HTTP/1.1" 200 27
114.95.46.117 - - [27/Nov/2022:09:47:44 +0800] "GET /xingrg/all/function/internal_message.html?_=1669513508125&CODE_STATE=getMsg HTTP/1.1" 200 27
124.79.245.154 - - [27/Nov/2022:09:47:49 +0800] "GET /xingrg/login.html HTTP/1.1" 200 7641
124.79.245.154 - - [27/Nov/2022:09:47:50 +0800] "GET /favicon.ico HTTP/1.1" 404 -
114.83.219.57 - - [27/Nov/2022:09:47:51 +0800] "GET /xingrg/kc/base/wldb_order_add.html HTTP/1.1" 200 30390
114.83.219.57 - - [27/Nov/2022:09:47:51 +0800] "POST /xingrg/kc/base/wldb_order_operate.html HTTP/1.1" 200 6806
114.83.219.57 - - [27/Nov/2022:09:47:51 +0800] "GET /xingrg/javascript/easyui/themes/default/validatebox.css HTTP/1.1" 404 1104
114.84.38.109 - - [27/Nov/2022:09:47:57 +0800] "GET /xingrg/all/function/internal_message.html?_=1669513698462&CODE_STATE=getMsg HTTP/1.1" 200 27
114.83.219.57 - - [27/Nov/2022:09:47:58 +0800] "POST /xingrg/all/common/load_combo.html?type=base HTTP/1.1" 200 1491
114.83.219.57 - - [27/Nov/2022:09:48:02 +0800] "POST /xingrg/all/common/load_combo.html?type=base HTTP/1.1" 200 1491
120.253.135.82 - - [27/Nov/2022:09:48:08 +0800] "GET /xingrg/all/function/internal_message.html?_=1669513485187&CODE_STATE=getMsg HTTP/1.1" 200 27
116.230.105.139 - - [27/Nov/2022:09:48:09 +0800] "GET /xingrg/all/function/internal_message.html?_=1669513660514&CODE_STATE=getMsg HTTP/1.1" 200 27
114.95.46.117 - - [27/Nov/2022:09:48:18 +0800] "GET /xingrg/all/function/internal_message.html?_=1669513694620&CODE_STATE=getMsg HTTP/1.1" 200 27
116.238.139.35 - - [27/Nov/2022:09:48:21 +0800] "GET /xingrg/all/function/internal_message.html?_=1669513697337&CODE_STATE=getMsg HTTP/1.1" 200 27
114.83.219.57 - - [27/Nov/2022:09:48:26 +0800] "GET /xingrg/all/function/internal_message.html?_=1669513830683&CODE_STATE=getMsg HTTP/1.1" 200 27
114.83.219.57 - - [27/Nov/2022:09:48:26 +0800] "GET /xingrg/check_reg.html?_=1669513830685 HTTP/1.1" 200 22
101.85.106.255 - - [27/Nov/2022:09:48:29 +0800] "GET /xingrg/all/function/internal_message.html?_=1669513703146&CODE_STATE=getMsg HTTP/1.1" 200 27
114.83.219.57 - - [27/Nov/2022:09:48:30 +0800] "GET /xingrg/kc/base/wldb_order_operate.html?command=get_materiel&rest_code=00154&base_code=0010726&code=00101028012 HTTP/1.1" 200 477
58.40.7.146 - - [27/Nov/2022:09:48:30 +0800] "GET /xingrg/all/function/internal_message.html?_=1669513705732&CODE_STATE=getMsg HTTP/1.1" 302 -
58.40.7.146 - - [27/Nov/2022:09:48:30 +0800] "GET /xingrg/check_reg.html?_=1669513706061 HTTP/1.1" 302 -
114.83.219.57 - - [27/Nov/2022:09:48:34 +0800] "POST /xingrg/all/common/load_select.html HTTP/1.1" 200 25
180.162.229.95 - - [27/Nov/2022:09:48:35 +0800] "GET /xingrg/all/function/internal_message.html?_=1669513710925&CODE_STATE=getMsg HTTP/1.1" 200 27
114.83.219.57 - - [27/Nov/2022:09:48:36 +0800] "GET /xingrg/kc/base/wldb_order_operate.html?command=get_materiel_price&rest_code=00154&base_code=0010726&code=00101028012&unit_code=00100157 HTTP/1.1" 200 36
114.83.219.57 - - [27/Nov/2022:09:48:40 +0800] "GET /xingrg/kc/base/wldb_order_operate.html?command=get_materiel&rest_code=00154&base_code=0010726&code=00101028002 HTTP/1.1" 200 477
124.79.245.154 - - [27/Nov/2022:09:48:43 +0800] "GET /xingrg/all/function/internal_message.html?_=1669513718995&CODE_STATE=getMsg HTTP/1.1" 200 27
114.83.219.57 - - [27/Nov/2022:09:48:43 +0800] "POST /xingrg/all/common/load_select.html HTTP/1.1" 200 25
114.95.46.117 - - [27/Nov/2022:09:48:44 +0800] "GET /xingrg/all/function/internal_message.html?_=1669513568139&CODE_STATE=getMsg HTTP/1.1" 200 27
180.171.131.43 - - [27/Nov/2022:09:48:46 +0800] "POST /xingrg/services/DataTransmitService HTTP/1.1" 200 524
114.83.219.57 - - [27/Nov/2022:09:48:46 +0800] "GET /xingrg/kc/base/wldb_order_operate.html?command=get_materiel_price&rest_code=00154&base_code=0010726&code=00101028002&unit_code=00100157 HTTP/1.1" 200 36
114.83.219.57 - - [27/Nov/2022:09:48:54 +0800] "GET /xingrg/kc/base/wldb_order_operate.html?command=get_materiel&rest_code=00154&base_code=0010726&code=00101029009 HTTP/1.1" 200 478
114.84.38.109 - - [27/Nov/2022:09:48:57 +0800] "GET /xingrg/all/function/internal_message.html?_=1669513758475&CODE_STATE=getMsg HTTP/1.1" 200 27
114.83.219.57 - - [27/Nov/2022:09:48:58 +0800] "POST /xingrg/all/common/load_select.html HTTP/1.1" 200 25
114.83.219.57 - - [27/Nov/2022:09:49:01 +0800] "GET /xingrg/kc/base/wldb_order_operate.html?command=get_materiel_price&rest_code=00154&base_code=0010726&code=00101029009&unit_code=00100179 HTTP/1.1" 200 35
114.83.219.57 - - [27/Nov/2022:09:49:08 +0800] "GET /xingrg/kc/base/wldb_order_operate.html?command=get_materiel&rest_code=00154&base_code=0010726&code=00101029003 HTTP/1.1" 200 474
120.253.135.82 - - [27/Nov/2022:09:49:08 +0800] "GET /xingrg/all/function/internal_message.html?_=1669513545308&CODE_STATE=getMsg HTTP/1.1" 200 27
116.230.105.139 - - [27/Nov/2022:09:49:09 +0800] "GET /xingrg/all/function/internal_message.html?_=1669513720488&CODE_STATE=getMsg HTTP/1.1" 200 27
114.83.219.57 - - [27/Nov/2022:09:49:12 +0800] "POST /xingrg/all/common/load_select.html HTTP/1.1" 200 25
114.83.219.57 - - [27/Nov/2022:09:49:14 +0800] "GET /xingrg/kc/base/wldb_order_operate.html?command=get_materiel_price&rest_code=00154&base_code=0010726&code=00101029003&unit_code=00100179 HTTP/1.1" 200 35
114.95.46.117 - - [27/Nov/2022:09:49:18 +0800] "GET /xingrg/all/function/internal_message.html?_=1669513754594&CODE_STATE=getMsg HTTP/1.1" 200 27
114.95.46.117 - - [27/Nov/2022:09:49:19 +0800] "GET /xingrg/check_reg.html?_=1669513755133 HTTP/1.1" 200 22
114.83.219.57 - - [27/Nov/2022:09:49:20 +0800] "GET /xingrg/kc/base/wldb_order_operate.html?command=get_materiel&rest_code=00154&base_code=0010726&code=00101029023 HTTP/1.1" 200 477
116.238.139.35 - - [27/Nov/2022:09:49:21 +0800] "GET /xingrg/all/function/internal_message.html?_=1669513757309&CODE_STATE=getMsg HTTP/1.1" 200 27
114.83.219.57 - - [27/Nov/2022:09:49:23 +0800] "POST /xingrg/all/common/load_select.html HTTP/1.1" 200 25
114.83.219.57 - - [27/Nov/2022:09:49:25 +0800] "GET /xingrg/kc/base/wldb_order_operate.html?command=get_materiel_price&rest_code=00154&base_code=0010726&code=00101029023&unit_code=00100179 HTTP/1.1" 200 35
114.83.219.57 - - [27/Nov/2022:09:49:26 +0800] "GET /xingrg/all/function/internal_message.html?_=1669513890688&CODE_STATE=getMsg HTTP/1.1" 200 27
101.85.106.255 - - [27/Nov/2022:09:49:29 +0800] "GET /xingrg/all/function/internal_message.html?_=1669513763148&CODE_STATE=getMsg HTTP/1.1" 200 27
116.230.105.139 - - [27/Nov/2022:09:49:30 +0800] "GET /xingrg/kc/buy/cgsh_order_add.html HTTP/1.1" 200 69567
58.40.7.146 - - [27/Nov/2022:09:49:30 +0800] "GET /xingrg/all/function/internal_message.html?_=1669513765710&CODE_STATE=getMsg HTTP/1.1" 302 -
116.230.105.139 - - [27/Nov/2022:09:49:30 +0800] "POST /xingrg/kc/buy/cgsh_order_operate.html HTTP/1.1" 200 8245
116.230.105.139 - - [27/Nov/2022:09:49:30 +0800] "GET /xingrg/javascript/easyui/themes/default/validatebox.css HTTP/1.1" 404 1104
180.162.229.95 - - [27/Nov/2022:09:49:35 +0800] "GET /xingrg/all/function/internal_message.html?_=1669513770921&CODE_STATE=getMsg HTTP/1.1" 200 27
116.230.105.139 - - [27/Nov/2022:09:49:38 +0800] "GET /xingrg/kc/buy/cgsh_order_operate.html?command=get_materiel&rest_code=00155&code=00101006109&supplier_code=00100012&order_time=2022-11-27 HTTP/1.1" 200 409
114.83.219.57 - - [27/Nov/2022:09:49:40 +0800] "GET /xingrg/kc/base/wldb_order_operate.html?command=get_materiel&rest_code=00154&base_code=0010726&code=00101028050 HTTP/1.1" 200 452
114.83.219.57 - - [27/Nov/2022:09:49:43 +0800] "POST /xingrg/all/common/load_select.html HTTP/1.1" 200 12
124.79.245.154 - - [27/Nov/2022:09:49:43 +0800] "GET /xingrg/all/function/internal_message.html?_=1669513779033&CODE_STATE=getMsg HTTP/1.1" 200 27
124.79.245.154 - - [27/Nov/2022:09:49:43 +0800] "GET /xingrg/check_reg.html?_=1669513779030 HTTP/1.1" 200 22
114.95.46.117 - - [27/Nov/2022:09:49:44 +0800] "GET /xingrg/all/function/internal_message.html?_=1669513628137&CODE_STATE=getMsg HTTP/1.1" 200 27
116.230.105.139 - - [27/Nov/2022:09:49:47 +0800] "GET /xingrg/kc/buy/cgsh_order_operate.html?command=get_materiel&rest_code=00155&code=00101006057&supplier_code=00100012&order_time=2022-11-27 HTTP/1.1" 200 413
114.83.219.57 - - [27/Nov/2022:09:49:49 +0800] "GET /xingrg/kc/base/wldb_order_operate.html?command=get_materiel_price&rest_code=00154&base_code=0010726&code=00101028050&unit_code=00100016 HTTP/1.1" 200 35
114.88.159.190 - - [27/Nov/2022:09:49:51 +0800] "GET /xingrg/check_reg.html?_=1669513388505 HTTP/1.1" 200 22
116.230.105.139 - - [27/Nov/2022:09:49:54 +0800] "POST /xingrg/kc/buy/cgsh_order_operate.html HTTP/1.1" 200 37
114.84.38.109 - - [27/Nov/2022:09:49:57 +0800] "GET /xingrg/check_reg.html?_=1669513818303 HTTP/1.1" 200 22
114.84.38.109 - - [27/Nov/2022:09:49:57 +0800] "GET /xingrg/all/function/internal_message.html?_=1669513818489&CODE_STATE=getMsg HTTP/1.1" 200 27
114.83.219.57 - - [27/Nov/2022:09:50:01 +0800] "GET /xingrg/kc/base/wldb_order_operate.html?command=get_materiel&rest_code=00154&base_code=0010726&code=00101028016 HTTP/1.1" 200 468
114.83.219.57 - - [27/Nov/2022:09:50:02 +0800] "POST /xingrg/all/common/load_select.html HTTP/1.1" 200 25
114.83.219.57 - - [27/Nov/2022:09:50:04 +0800] "GET /xingrg/kc/base/wldb_order_operate.html?command=get_materiel_price&rest_code=00154&base_code=0010726&code=00101028016&unit_code=00100157 HTTP/1.1" 200 35
120.253.135.82 - - [27/Nov/2022:09:50:08 +0800] "GET /xingrg/all/function/internal_message.html?_=1669513605322&CODE_STATE=getMsg HTTP/1.1" 200 27
116.230.105.139 - - [27/Nov/2022:09:50:11 +0800] "POST /xingrg/kc/buy/cgsh_order_operate.html HTTP/1.1" 200 3251
116.230.105.139 - - [27/Nov/2022:09:50:14 +0800] "GET /xingrg/kc/print/load_data.html?order_code=212022112709288&kc_code=cgsh&condition= HTTP/1.1" 200 1000
114.95.46.117 - - [27/Nov/2022:09:50:18 +0800] "GET /xingrg/all/function/internal_message.html?_=1669513814573&CODE_STATE=getMsg HTTP/1.1" 200 27
116.230.105.139 - - [27/Nov/2022:09:50:20 +0800] "GET /xingrg/kc/print/load_data.html?order_code=212022112709288&kc_code=cgsh HTTP/1.1" 200 1000
116.238.139.35 - - [27/Nov/2022:09:50:21 +0800] "GET /xingrg/all/function/internal_message.html?_=1669513817286&CODE_STATE=getMsg HTTP/1.1" 200 27
124.78.159.196 - - [27/Nov/2022:09:50:25 +0800] "POST /xingrg/services/DataTransmitService HTTP/1.1" 200 524
114.83.219.57 - - [27/Nov/2022:09:50:26 +0800] "GET /xingrg/all/function/internal_message.html?_=1669513950690&CODE_STATE=getMsg HTTP/1.1" 200 27
101.85.106.255 - - [27/Nov/2022:09:50:29 +0800] "GET /xingrg/check_reg.html?_=1669513823152 HTTP/1.1" 200 22
101.85.106.255 - - [27/Nov/2022:09:50:29 +0800] "GET /xingrg/all/function/internal_message.html?_=1669513823154&CODE_STATE=getMsg HTTP/1.1" 200 27
58.40.7.146 - - [27/Nov/2022:09:50:30 +0800] "GET /xingrg/all/function/internal_message.html?_=1669513825705&CODE_STATE=getMsg HTTP/1.1" 302 -
180.162.229.95 - - [27/Nov/2022:09:50:35 +0800] "GET /xingrg/all/function/internal_message.html?_=1669513830899&CODE_STATE=getMsg HTTP/1.1" 200 27
124.79.245.154 - - [27/Nov/2022:09:50:43 +0800] "GET /xingrg/all/function/internal_message.html?_=1669513839050&CODE_STATE=getMsg HTTP/1.1" 200 27
114.95.46.117 - - [27/Nov/2022:09:50:44 +0800] "GET /xingrg/all/function/internal_message.html?_=1669513688136&CODE_STATE=getMsg HTTP/1.1" 200 27
114.84.38.109 - - [27/Nov/2022:09:50:57 +0800] "GET /xingrg/all/function/internal_message.html?_=1669513878502&CODE_STATE=getMsg HTTP/1.1" 200 27
120.253.135.82 - - [27/Nov/2022:09:51:08 +0800] "GET /xingrg/all/function/internal_message.html?_=1669513665465&CODE_STATE=getMsg HTTP/1.1" 200 27
116.230.105.139 - - [27/Nov/2022:09:51:09 +0800] "GET /xingrg/all/function/internal_message.html?_=1669513840497&CODE_STATE=getMsg HTTP/1.1" 200 27
114.95.46.117 - - [27/Nov/2022:09:51:18 +0800] "GET /xingrg/all/function/internal_message.html?_=1669513874547&CODE_STATE=getMsg HTTP/1.1" 200 27
116.238.139.35 - - [27/Nov/2022:09:51:21 +0800] "GET /xingrg/all/function/internal_message.html?_=1669513877274&CODE_STATE=getMsg HTTP/1.1" 200 27
120.253.135.82 - - [27/Nov/2022:09:51:23 +0800] "GET /xingrg/check_reg.html?_=1669513679876 HTTP/1.1" 200 22
114.83.219.57 - - [27/Nov/2022:09:51:26 +0800] "GET /xingrg/all/function/internal_message.html?_=1669514010687&CODE_STATE=getMsg HTTP/1.1" 200 27
101.85.106.255 - - [27/Nov/2022:09:51:29 +0800] "GET /xingrg/all/function/internal_message.html?_=1669513883147&CODE_STATE=getMsg HTTP/1.1" 200 27
58.40.7.146 - - [27/Nov/2022:09:51:30 +0800] "GET /xingrg/all/function/internal_message.html?_=1669513885687&CODE_STATE=getMsg HTTP/1.1" 302 -
180.162.229.95 - - [27/Nov/2022:09:51:35 +0800] "GET /xingrg/all/function/internal_message.html?_=1669513890897&CODE_STATE=getMsg HTTP/1.1" 200 27
124.79.245.154 - - [27/Nov/2022:09:51:37 +0800] "POST /xingrg/services/DataTransmitService HTTP/1.1" 200 524
114.83.219.57 - - [27/Nov/2022:09:51:43 +0800] "GET /xingrg/kc/base/wldb_order_operate.html?command=get_materiel&rest_code=00154&base_code=0010726&code=00101020383 HTTP/1.1" 200 455
124.79.245.154 - - [27/Nov/2022:09:51:44 +0800] "GET /xingrg/all/function/internal_message.html?_=1669513899070&CODE_STATE=getMsg HTTP/1.1" 200 27
114.95.46.117 - - [27/Nov/2022:09:51:44 +0800] "GET /xingrg/all/function/internal_message.html?_=1669513748135&CODE_STATE=getMsg HTTP/1.1" 200 27
114.95.46.117 - - [27/Nov/2022:09:51:44 +0800] "GET /xingrg/check_reg.html?_=1669513748136 HTTP/1.1" 200 22
114.84.38.109 - - [27/Nov/2022:09:51:57 +0800] "GET /xingrg/all/function/internal_message.html?_=1669513938517&CODE_STATE=getMsg HTTP/1.1" 200 27
116.238.139.35 - - [27/Nov/2022:09:51:59 +0800] "POST /xingrg/all/user/operate.html HTTP/1.1" 200 36
116.238.139.35 - - [27/Nov/2022:09:51:59 +0800] "GET /xingrg/index.html?sysBaseUrl=http%3A%2F%2F180.169.147.146%3A18081%2Fxingrg%2F&costTime=42×tamp=1669510177247 HTTP/1.1" 200 17177
116.238.139.35 - - [27/Nov/2022:09:51:59 +0800] "GET /xingrg/javascript/jquery_easy_ui/themes/default/easyui.css HTTP/1.1" 304 -
116.238.139.35 - - [27/Nov/2022:09:51:59 +0800] "GET /xingrg/javascript/jquery_easy_ui/themes/icon.css HTTP/1.1" 304 -
116.238.139.35 - - [27/Nov/2022:09:51:59 +0800] "GET /xingrg/css/form.css HTTP/1.1" 304 -
116.238.139.35 - - [27/Nov/2022:09:51:59 +0800] "GET /xingrg/javascript/jquery-1.4.2.min.js HTTP/1.1" 304 -
116.238.139.35 - - [27/Nov/2022:09:52:00 +0800] "GET /xingrg/javascript/jquery_easy_ui/jquery.easyui.min.js HTTP/1.1" 304 -
116.238.139.35 - - [27/Nov/2022:09:52:00 +0800] "GET /xingrg/javascript/jquery_easy_ui/easyui-lang-zh_CN.js HTTP/1.1" 304 -
116.238.139.35 - - [27/Nov/2022:09:52:00 +0800] "GET /xingrg/javascript/jquery.form.js HTTP/1.1" 304 -
116.238.139.35 - - [27/Nov/2022:09:52:00 +0800] "GET /xingrg/javascript/jquery.utils.js HTTP/1.1" 304 -
116.238.139.35 - - [27/Nov/2022:09:52:00 +0800] "GET /xingrg/javascript/jquery.timers.js HTTP/1.1" 304 -
116.238.139.35 - - [27/Nov/2022:09:52:00 +0800] "GET /xingrg/images/blue/jxLogo.png HTTP/1.1" 304 -
116.238.139.35 - - [27/Nov/2022:09:52:00 +0800] "GET /xingrg/images/blue/navBackgound.jpg HTTP/1.1" 304 -
116.238.139.35 - - [27/Nov/2022:09:52:00 +0800] "GET /xingrg/javascript/jquery_easy_ui/themes/icons/settle_new.png HTTP/1.1" 304 -
116.238.139.35 - - [27/Nov/2022:09:52:00 +0800] "POST /xingrg/all/common/load_tree.html?tree=area_rest_tree_json&manage=1 HTTP/1.1" 200 476
116.238.139.35 - - [27/Nov/2022:09:52:00 +0800] "GET /xingrg/all/function/internal_message.html?_=1669513916212&CODE_STATE=count HTTP/1.1" 200 11
116.238.139.35 - - [27/Nov/2022:09:52:00 +0800] "GET /xingrg/check_reg.html?_=1669513916214 HTTP/1.1" 200 22
116.238.139.35 - - [27/Nov/2022:09:52:00 +0800] "GET /xingrg/images/blue/pingpu.png HTTP/1.1" 304 -
116.238.139.35 - - [27/Nov/2022:09:52:00 +0800] "GET /xingrg/javascript/jquery_easy_ui/themes/default/images/tabs_leftarrow.png HTTP/1.1" 304 -
116.238.139.35 - - [27/Nov/2022:09:52:00 +0800] "POST /xingrg/load_menu.html HTTP/1.1" 200 5138
116.238.139.35 - - [27/Nov/2022:09:52:00 +0800] "GET /xingrg/javascript/jquery_easy_ui/themes/default/images/tabs_rightarrow.png HTTP/1.1" 304 -
116.238.139.35 - - [27/Nov/2022:09:52:00 +0800] "GET /xingrg/javascript/jquery_easy_ui/themes/default/images/panel_tool_collapse.gif HTTP/1.1" 304 -
116.238.139.35 - - [27/Nov/2022:09:52:00 +0800] "GET /xingrg/javascript/jquery_easy_ui/themes/default/images/tree_folder.gif HTTP/1.1" 304 -
116.238.139.35 - - [27/Nov/2022:09:52:00 +0800] "GET /xingrg/javascript/jquery_easy_ui/themes/default/images/tree_file.gif HTTP/1.1" 304 -
116.238.139.35 - - [27/Nov/2022:09:52:00 +0800] "GET /xingrg/javascript/jquery_easy_ui/themes/icons/search_new.png HTTP/1.1" 304 -
116.238.139.35 - - [27/Nov/2022:09:52:00 +0800] "GET /xingrg/javascript/jquery_easy_ui/themes/icons/storage_new.png HTTP/1.1" 304 -
116.238.139.35 - - [27/Nov/2022:09:52:00 +0800] "GET /xingrg/javascript/jquery_easy_ui/themes/default/images/tree_folder_open.gif HTTP/1.1" 304 -
116.238.139.35 - - [27/Nov/2022:09:52:00 +0800] "GET /xingrg/javascript/jquery_easy_ui/themes/default/images/tree_arrows.gif HTTP/1.1" 304 -
116.238.139.35 - - [27/Nov/2022:09:52:00 +0800] "GET /xingrg/javascript/jquery_easy_ui/themes/icons/forms_new.png HTTP/1.1" 304 -
116.238.139.35 - - [27/Nov/2022:09:52:01 +0800] "GET /xingrg/kc/buy/cgsh_order_list.html HTTP/1.1" 200 53784
116.238.139.35 - - [27/Nov/2022:09:52:03 +0800] "POST /xingrg/kc/buy/cgsh_list_operate.html HTTP/1.1" 200 986
116.238.139.35 - - [27/Nov/2022:09:52:03 +0800] "GET /xingrg/kc/buy/cgsh_order_add.html HTTP/1.1" 200 69159
116.238.139.35 - - [27/Nov/2022:09:52:04 +0800] "POST /xingrg/kc/buy/cgsh_order_operate.html HTTP/1.1" 200 8245
116.238.139.35 - - [27/Nov/2022:09:52:04 +0800] "GET /xingrg/javascript/easyui/themes/default/validatebox.css HTTP/1.1" 404 1104
116.238.139.35 - - [27/Nov/2022:09:52:05 +0800] "GET /xingrg/javascript/auto/indicator.gif HTTP/1.1" 404 1066
120.253.135.82 - - [27/Nov/2022:09:52:08 +0800] "GET /xingrg/all/function/internal_message.html?_=1669513725474&CODE_STATE=getMsg HTTP/1.1" 200 27
116.230.105.139 - - [27/Nov/2022:09:52:09 +0800] "GET /xingrg/all/function/internal_message.html?_=1669513900472&CODE_STATE=getMsg HTTP/1.1" 200 27
114.95.46.117 - - [27/Nov/2022:09:52:18 +0800] "GET /xingrg/all/function/internal_message.html?_=1669513934520&CODE_STATE=getMsg HTTP/1.1" 200 27
114.83.219.57 - - [27/Nov/2022:09:52:26 +0800] "GET /xingrg/all/function/internal_message.html?_=1669514070679&CODE_STATE=getMsg HTTP/1.1" 200 27
101.85.106.255 - - [27/Nov/2022:09:52:29 +0800] "GET /xingrg/all/function/internal_message.html?_=1669513943153&CODE_STATE=getMsg HTTP/1.1" 200 27
58.40.7.146 - - [27/Nov/2022:09:52:30 +0800] "GET /xingrg/all/function/internal_message.html?_=1669513945666&CODE_STATE=getMsg HTTP/1.1" 302 -
180.162.229.95 - - [27/Nov/2022:09:52:35 +0800] "GET /xingrg/all/function/internal_message.html?_=1669513950870&CODE_STATE=getMsg HTTP/1.1" 200 27
180.162.229.95 - - [27/Nov/2022:09:52:35 +0800] "GET /xingrg/check_reg.html?_=1669513950936 HTTP/1.1" 200 22
124.79.245.154 - - [27/Nov/2022:09:52:43 +0800] "GET /xingrg/all/function/internal_message.html?_=1669513959049&CODE_STATE=getMsg HTTP/1.1" 200 27
114.95.46.117 - - [27/Nov/2022:09:52:44 +0800] "GET /xingrg/all/function/internal_message.html?_=1669513808135&CODE_STATE=getMsg HTTP/1.1" 200 27
114.84.38.109 - - [27/Nov/2022:09:52:57 +0800] "GET /xingrg/all/function/internal_message.html?_=1669513998532&CODE_STATE=getMsg HTTP/1.1" 200 27
116.238.139.35 - - [27/Nov/2022:09:53:00 +0800] "GET /xingrg/all/function/internal_message.html?_=1669513976219&CODE_STATE=getMsg HTTP/1.1" 200 27
120.253.135.82 - - [27/Nov/2022:09:53:08 +0800] "GET /xingrg/all/function/internal_message.html?_=1669513785490&CODE_STATE=getMsg HTTP/1.1" 200 27
116.230.105.139 - - [27/Nov/2022:09:53:09 +0800] "GET /xingrg/all/function/internal_message.html?_=1669513960451&CODE_STATE=getMsg HTTP/1.1" 200 27
114.95.46.117 - - [27/Nov/2022:09:53:18 +0800] "GET /xingrg/all/function/internal_message.html?_=1669513994490&CODE_STATE=getMsg HTTP/1.1" 200 27
114.83.219.57 - - [27/Nov/2022:09:53:26 +0800] "GET /xingrg/all/function/internal_message.html?_=1669514130688&CODE_STATE=getMsg HTTP/1.1" 200 27
114.83.219.57 - - [27/Nov/2022:09:53:26 +0800] "GET /xingrg/check_reg.html?_=1669514130688 HTTP/1.1" 200 22
101.85.106.255 - - [27/Nov/2022:09:53:29 +0800] "GET /xingrg/all/function/internal_message.html?_=1669514003142&CODE_STATE=getMsg HTTP/1.1" 200 27
58.40.7.146 - - [27/Nov/2022:09:53:30 +0800] "GET /xingrg/all/function/internal_message.html?_=1669514005655&CODE_STATE=getMsg HTTP/1.1" 302 -
58.40.7.146 - - [27/Nov/2022:09:53:30 +0800] "GET /xingrg/check_reg.html?_=1669514006063 HTTP/1.1" 302 -
116.238.139.35 - - [27/Nov/2022:09:53:31 +0800] "GET /xingrg/kc/buy/cgsh_order_operate.html?command=get_materiel&rest_code=00151&code=00102002523&supplier_code=00100097&order_time=2022-11-27 HTTP/1.1" 200 422
180.162.229.95 - - [27/Nov/2022:09:53:35 +0800] "GET /xingrg/all/function/internal_message.html?_=1669514010853&CODE_STATE=getMsg HTTP/1.1" 200 27
114.83.219.57 - - [27/Nov/2022:09:53:39 +0800] "GET /xingrg/kc/base/wldb_order_operate.html?command=get_materiel&rest_code=00154&base_code=0010726&code=00101029002 HTTP/1.1" 200 470
114.83.219.57 - - [27/Nov/2022:09:53:41 +0800] "POST /xingrg/all/common/load_select.html HTTP/1.1" 200 25
114.83.219.57 - - [27/Nov/2022:09:53:42 +0800] "GET /xingrg/kc/base/wldb_order_operate.html?command=get_materiel_price&rest_code=00154&base_code=0010726&code=00101029002&unit_code=00100157 HTTP/1.1" 200 34
124.79.245.154 - - [27/Nov/2022:09:53:43 +0800] "GET /xingrg/all/function/internal_message.html?_=1669514019057&CODE_STATE=getMsg HTTP/1.1" 200 27
114.95.46.117 - - [27/Nov/2022:09:53:44 +0800] "GET /xingrg/all/function/internal_message.html?_=1669513868160&CODE_STATE=getMsg HTTP/1.1" 200 27
116.238.139.35 - - [27/Nov/2022:09:53:45 +0800] "POST /xingrg/kc/buy/cgsh_order_operate.html HTTP/1.1" 200 37
116.238.139.35 - - [27/Nov/2022:09:53:48 +0800] "POST /xingrg/kc/buy/cgsh_order_operate.html HTTP/1.1" 200 12
116.238.139.35 - - [27/Nov/2022:09:53:49 +0800] "GET /xingrg/kc/buy/cgsh_order_info.html?code=212022112709289 HTTP/1.1" 200 64054
116.238.139.35 - - [27/Nov/2022:09:53:49 +0800] "GET /xingrg/javascript/easyui/themes/default/validatebox.css HTTP/1.1" 404 1104
116.238.139.35 - - [27/Nov/2022:09:53:50 +0800] "POST /xingrg/kc/buy/cgsh_order_operate.html HTTP/1.1" 200 618
116.238.139.35 - - [27/Nov/2022:09:53:51 +0800] "GET /xingrg/kc/print/load_data.html?order_code=212022112709289&kc_code=cgsh&condition= HTTP/1.1" 200 698
114.83.219.57 - - [27/Nov/2022:09:53:54 +0800] "GET /xingrg/kc/base/wldb_order_operate.html?command=get_materiel&rest_code=00154&base_code=0010726&code=00101029022 HTTP/1.1" 200 472
114.84.38.109 - - [27/Nov/2022:09:53:57 +0800] "GET /xingrg/all/function/internal_message.html?_=1669514058543&CODE_STATE=getMsg HTTP/1.1" 200 27
114.83.219.57 - - [27/Nov/2022:09:53:58 +0800] "POST /xingrg/all/common/load_select.html HTTP/1.1" 200 25
116.238.139.35 - - [27/Nov/2022:09:54:00 +0800] "GET /xingrg/all/function/internal_message.html?_=1669514036223&CODE_STATE=getMsg HTTP/1.1" 200 27
114.83.219.57 - - [27/Nov/2022:09:54:00 +0800] "GET /xingrg/kc/base/wldb_order_operate.html?command=get_materiel_price&rest_code=00154&base_code=0010726&code=00101029022&unit_code=00100157 HTTP/1.1" 200 35
120.253.135.82 - - [27/Nov/2022:09:54:08 +0800] "GET /xingrg/all/function/internal_message.html?_=1669513845629&CODE_STATE=getMsg HTTP/1.1" 200 27
116.230.105.139 - - [27/Nov/2022:09:54:09 +0800] "GET /xingrg/all/function/internal_message.html?_=1669514020438&CODE_STATE=getMsg HTTP/1.1" 200 27
114.95.46.117 - - [27/Nov/2022:09:54:18 +0800] "GET /xingrg/all/function/internal_message.html?_=1669514054468&CODE_STATE=getMsg HTTP/1.1" 200 27
114.95.46.117 - - [27/Nov/2022:09:54:19 +0800] "GET /xingrg/check_reg.html?_=1669514055113 HTTP/1.1" 200 22
114.83.219.57 - - [27/Nov/2022:09:54:26 +0800] "GET /xingrg/all/function/internal_message.html?_=1669514190695&CODE_STATE=getMsg HTTP/1.1" 200 27
101.85.106.255 - - [27/Nov/2022:09:54:29 +0800] "GET /xingrg/all/function/internal_message.html?_=1669514063140&CODE_STATE=getMsg HTTP/1.1" 200 27
58.40.7.146 - - [27/Nov/2022:09:54:30 +0800] "GET /xingrg/all/function/internal_message.html?_=1669514065643&CODE_STATE=getMsg HTTP/1.1" 302 -
180.162.229.95 - - [27/Nov/2022:09:54:35 +0800] "GET /xingrg/all/function/internal_message.html?_=1669514070828&CODE_STATE=getMsg HTTP/1.1" 200 27
114.83.219.57 - - [27/Nov/2022:09:54:36 +0800] "GET /xingrg/kc/base/wldb_order_operate.html?command=get_materiel&rest_code=00154&base_code=0010726&code=00101028013 HTTP/1.1" 200 466
114.83.219.57 - - [27/Nov/2022:09:54:37 +0800] "POST /xingrg/all/common/load_select.html HTTP/1.1" 200 25
114.83.219.57 - - [27/Nov/2022:09:54:39 +0800] "GET /xingrg/kc/base/wldb_order_operate.html?command=get_materiel_price&rest_code=00154&base_code=0010726&code=00101028013&unit_code=00100156 HTTP/1.1" 200 33
114.83.219.57 - - [27/Nov/2022:09:54:43 +0800] "GET /xingrg/kc/base/wldb_order_operate.html?command=get_materiel_price&rest_code=00154&base_code=0010726&code=00101028013&unit_code=00100157 HTTP/1.1" 200 33
124.79.245.154 - - [27/Nov/2022:09:54:43 +0800] "GET /xingrg/check_reg.html?_=1669514079044 HTTP/1.1" 200 22
124.79.245.154 - - [27/Nov/2022:09:54:43 +0800] "GET /xingrg/all/function/internal_message.html?_=1669514079046&CODE_STATE=getMsg HTTP/1.1" 200 27
114.95.46.117 - - [27/Nov/2022:09:54:44 +0800] "GET /xingrg/all/function/internal_message.html?_=1669513928159&CODE_STATE=getMsg HTTP/1.1" 200 27
114.88.159.190 - - [27/Nov/2022:09:54:51 +0800] "GET /xingrg/check_reg.html?_=1669513688483 HTTP/1.1" 200 22
114.84.38.109 - - [27/Nov/2022:09:54:57 +0800] "GET /xingrg/check_reg.html?_=1669514118311 HTTP/1.1" 200 22
114.84.38.109 - - [27/Nov/2022:09:54:57 +0800] "GET /xingrg/all/function/internal_message.html?_=1669514118557&CODE_STATE=getMsg HTTP/1.1" 200 27
116.238.139.35 - - [27/Nov/2022:09:55:00 +0800] "GET /xingrg/all/function/internal_message.html?_=1669514096221&CODE_STATE=getMsg HTTP/1.1" 200 27
116.230.105.139 - - [27/Nov/2022:09:55:05 +0800] "GET /xingrg/check_reg.html?_=1669514076850 HTTP/1.1" 200 22
120.253.135.82 - - [27/Nov/2022:09:55:08 +0800] "GET /xingrg/all/function/internal_message.html?_=1669513905641&CODE_STATE=getMsg HTTP/1.1" 200 27
116.230.105.139 - - [27/Nov/2022:09:55:09 +0800] "GET /xingrg/all/function/internal_message.html?_=1669514080426&CODE_STATE=getMsg HTTP/1.1" 200 27
114.83.219.57 - - [27/Nov/2022:09:55:15 +0800] "GET /xingrg/kc/base/wldb_order_operate.html?command=get_materiel&rest_code=00154&base_code=0010726&code=00101027072 HTTP/1.1" 200 457
114.95.46.117 - - [27/Nov/2022:09:55:18 +0800] "GET /xingrg/all/function/internal_message.html?_=1669514114441&CODE_STATE=getMsg HTTP/1.1" 200 27
114.83.219.57 - - [27/Nov/2022:09:55:19 +0800] "POST /xingrg/all/common/load_select.html HTTP/1.1" 200 25
114.83.219.57 - - [27/Nov/2022:09:55:21 +0800] "GET /xingrg/kc/base/wldb_order_operate.html?command=get_materiel_price&rest_code=00154&base_code=0010726&code=00101027072&unit_code=00100189 HTTP/1.1" 200 35
58.22.0.1 - - [27/Nov/2022:09:55:22 +0800] "GET /favicon.ico HTTP/1.1" 404 -
114.83.219.57 - - [27/Nov/2022:09:55:26 +0800] "GET /xingrg/all/function/internal_message.html?_=1669514250680&CODE_STATE=getMsg HTTP/1.1" 200 27
101.85.106.255 - - [27/Nov/2022:09:55:29 +0800] "GET /xingrg/all/function/internal_message.html?_=1669514123155&CODE_STATE=getMsg HTTP/1.1" 200 27
101.85.106.255 - - [27/Nov/2022:09:55:29 +0800] "GET /xingrg/check_reg.html?_=1669514123160 HTTP/1.1" 200 22
58.40.7.146 - - [27/Nov/2022:09:55:30 +0800] "GET /xingrg/all/function/internal_message.html?_=1669514125626&CODE_STATE=getMsg HTTP/1.1" 302 -
180.162.229.95 - - [27/Nov/2022:09:55:35 +0800] "GET /xingrg/all/function/internal_message.html?_=1669514130816&CODE_STATE=getMsg HTTP/1.1" 200 27
124.79.245.154 - - [27/Nov/2022:09:55:43 +0800] "GET /xingrg/all/function/internal_message.html?_=1669514139080&CODE_STATE=getMsg HTTP/1.1" 200 27
114.95.46.117 - - [27/Nov/2022:09:55:44 +0800] "GET /xingrg/all/function/internal_message.html?_=1669513988157&CODE_STATE=getMsg HTTP/1.1" 200 27
114.84.38.109 - - [27/Nov/2022:09:55:57 +0800] "GET /xingrg/all/function/internal_message.html?_=1669514178570&CODE_STATE=getMsg HTTP/1.1" 200 27
116.238.139.35 - - [27/Nov/2022:09:56:00 +0800] "GET /xingrg/all/function/internal_message.html?_=1669514156222&CODE_STATE=getMsg HTTP/1.1" 200 27
120.253.135.82 - - [27/Nov/2022:09:56:09 +0800] "GET /xingrg/all/function/internal_message.html?_=1669513965771&CODE_STATE=getMsg HTTP/1.1" 200 27
116.230.105.139 - - [27/Nov/2022:09:56:09 +0800] "GET /xingrg/all/function/internal_message.html?_=1669514140407&CODE_STATE=getMsg HTTP/1.1" 200 27
114.95.46.117 - - [27/Nov/2022:09:56:18 +0800] "GET /xingrg/all/function/internal_message.html?_=1669514174412&CODE_STATE=getMsg HTTP/1.1" 200 27
120.253.135.82 - - [27/Nov/2022:09:56:23 +0800] "GET /xingrg/check_reg.html?_=1669513979882 HTTP/1.1" 200 22
114.83.219.57 - - [27/Nov/2022:09:56:26 +0800] "GET /xingrg/all/function/internal_message.html?_=1669514310690&CODE_STATE=getMsg HTTP/1.1" 200 27
101.85.106.255 - - [27/Nov/2022:09:56:29 +0800] "GET /xingrg/all/function/internal_message.html?_=1669514183145&CODE_STATE=getMsg HTTP/1.1" 200 27
58.40.7.146 - - [27/Nov/2022:09:56:30 +0800] "GET /xingrg/all/function/internal_message.html?_=1669514185609&CODE_STATE=getMsg HTTP/1.1" 302 -
180.162.229.95 - - [27/Nov/2022:09:56:35 +0800] "GET /xingrg/all/function/internal_message.html?_=1669514190811&CODE_STATE=getMsg HTTP/1.1" 200 27
124.79.245.154 - - [27/Nov/2022:09:56:43 +0800] "GET /xingrg/all/function/internal_message.html?_=1669514199082&CODE_STATE=getMsg HTTP/1.1" 200 27
114.95.46.117 - - [27/Nov/2022:09:56:44 +0800] "GET /xingrg/all/function/internal_message.html?_=1669514048155&CODE_STATE=getMsg HTTP/1.1" 200 27
114.95.46.117 - - [27/Nov/2022:09:56:44 +0800] "GET /xingrg/check_reg.html?_=1669514048157 HTTP/1.1" 200 22
114.84.38.109 - - [27/Nov/2022:09:56:57 +0800] "GET /xingrg/all/function/internal_message.html?_=1669514238587&CODE_STATE=getMsg HTTP/1.1" 200 27
116.238.139.35 - - [27/Nov/2022:09:57:00 +0800] "GET /xingrg/check_reg.html?_=1669514216227 HTTP/1.1" 200 22
116.238.139.35 - - [27/Nov/2022:09:57:00 +0800] "GET /xingrg/all/function/internal_message.html?_=1669514216230&CODE_STATE=getMsg HTTP/1.1" 200 27
120.253.135.82 - - [27/Nov/2022:09:57:09 +0800] "GET /xingrg/all/function/internal_message.html?_=1669514025795&CODE_STATE=getMsg HTTP/1.1" 200 27
116.230.105.139 - - [27/Nov/2022:09:57:09 +0800] "GET /xingrg/all/function/internal_message.html?_=1669514200389&CODE_STATE=getMsg HTTP/1.1" 200 27
114.95.46.117 - - [27/Nov/2022:09:57:18 +0800] "GET /xingrg/all/function/internal_message.html?_=1669514234386&CODE_STATE=getMsg HTTP/1.1" 200 27
114.83.219.57 - - [27/Nov/2022:09:57:26 +0800] "GET /xingrg/all/function/internal_message.html?_=1669514370690&CODE_STATE=getMsg HTTP/1.1" 200 27
101.85.106.255 - - [27/Nov/2022:09:57:29 +0800] "GET /xingrg/all/function/internal_message.html?_=1669514243146&CODE_STATE=getMsg HTTP/1.1" 200 27
58.40.7.146 - - [27/Nov/2022:09:57:30 +0800] "GET /xingrg/all/function/internal_message.html?_=1669514245589&CODE_STATE=getMsg HTTP/1.1" 302 -
180.162.229.95 - - [27/Nov/2022:09:57:35 +0800] "GET /xingrg/all/function/internal_message.html?_=1669514250805&CODE_STATE=getMsg HTTP/1.1" 200 27
180.162.229.95 - - [27/Nov/2022:09:57:35 +0800] "GET /xingrg/check_reg.html?_=1669514250944 HTTP/1.1" 200 22
124.79.245.154 - - [27/Nov/2022:09:57:43 +0800] "GET /xingrg/all/function/internal_message.html?_=1669514259066&CODE_STATE=getMsg HTTP/1.1" 200 27
114.95.46.117 - - [27/Nov/2022:09:57:44 +0800] "GET /xingrg/all/function/internal_message.html?_=1669514108156&CODE_STATE=getMsg HTTP/1.1" 200 27
114.84.38.109 - - [27/Nov/2022:09:57:57 +0800] "GET /xingrg/all/function/internal_message.html?_=1669514298600&CODE_STATE=getMsg HTTP/1.1" 200 27
116.238.139.35 - - [27/Nov/2022:09:58:00 +0800] "GET /xingrg/all/function/internal_message.html?_=1669514276231&CODE_STATE=getMsg HTTP/1.1" 200 27
120.253.135.82 - - [27/Nov/2022:09:58:09 +0800] "GET /xingrg/all/function/internal_message.html?_=1669514085805&CODE_STATE=getMsg HTTP/1.1" 200 27
116.230.105.139 - - [27/Nov/2022:09:58:09 +0800] "GET /xingrg/all/function/internal_message.html?_=1669514260374&CODE_STATE=getMsg HTTP/1.1" 200 27
116.238.139.35 - - [27/Nov/2022:09:58:12 +0800] "POST /xingrg/services/DataTransmitService HTTP/1.1" 200 524
101.80.228.88 - - [27/Nov/2022:09:58:16 +0800] "POST /xingrg/services/DataTransmitService HTTP/1.1" 200 524
101.80.228.88 - - [27/Nov/2022:09:58:16 +0800] "POST /xingrg/services/DataTransmitService HTTP/1.1" 200 412
114.95.46.117 - - [27/Nov/2022:09:58:18 +0800] "GET /xingrg/all/function/internal_message.html?_=1669514294358&CODE_STATE=getMsg HTTP/1.1" 200 27
114.83.219.57 - - [27/Nov/2022:09:58:26 +0800] "GET /xingrg/check_reg.html?_=1669514430686 HTTP/1.1" 200 22
114.83.219.57 - - [27/Nov/2022:09:58:26 +0800] "GET /xingrg/all/function/internal_message.html?_=1669514430687&CODE_STATE=getMsg HTTP/1.1" 200 27
101.85.106.255 - - [27/Nov/2022:09:58:29 +0800] "GET /xingrg/all/function/internal_message.html?_=1669514303173&CODE_STATE=getMsg HTTP/1.1" 200 27
58.40.7.146 - - [27/Nov/2022:09:58:30 +0800] "GET /xingrg/all/function/internal_message.html?_=1669514305571&CODE_STATE=getMsg HTTP/1.1" 302 -
58.40.7.146 - - [27/Nov/2022:09:58:30 +0800] "GET /xingrg/check_reg.html?_=1669514306055 HTTP/1.1" 302 -
180.162.229.95 - - [27/Nov/2022:09:58:35 +0800] "GET /xingrg/all/function/internal_message.html?_=1669514310802&CODE_STATE=getMsg HTTP/1.1" 200 27
124.79.245.154 - - [27/Nov/2022:09:58:43 +0800] "GET /xingrg/all/function/internal_message.html?_=1669514319051&CODE_STATE=getMsg HTTP/1.1" 200 27
114.95.46.117 - - [27/Nov/2022:09:58:44 +0800] "GET /xingrg/all/function/internal_message.html?_=1669514168155&CODE_STATE=getMsg HTTP/1.1" 200 27
114.84.38.109 - - [27/Nov/2022:09:58:57 +0800] "GET /xingrg/all/function/internal_message.html?_=1669514358612&CODE_STATE=getMsg HTTP/1.1" 200 27
116.238.139.35 - - [27/Nov/2022:09:58:59 +0800] "GET /xingrg/kc/mdqp/qqps_order_list.html HTTP/1.1" 200 9222
116.238.139.35 - - [27/Nov/2022:09:58:59 +0800] "GET /xingrg/dwr/util.js HTTP/1.1" 304 -
116.238.139.35 - - [27/Nov/2022:09:58:59 +0800] "GET /xingrg/dwr/interface/AjaxQqpsService.js HTTP/1.1" 200 16326
116.238.139.35 - - [27/Nov/2022:09:58:59 +0800] "GET /xingrg/dwr/interface/AjaxReportQueryService.js HTTP/1.1" 200 13203
116.238.139.35 - - [27/Nov/2022:09:58:59 +0800] "GET /xingrg/dwr/engine.js HTTP/1.1" 200 43631
116.238.139.35 - - [27/Nov/2022:09:59:00 +0800] "GET /xingrg/all/function/internal_message.html?_=1669514336239&CODE_STATE=getMsg HTTP/1.1" 200 27
116.238.139.35 - - [27/Nov/2022:09:59:00 +0800] "GET /xingrg/kc/mdqp/qqps_order_add.html HTTP/1.1" 200 27576
116.238.139.35 - - [27/Nov/2022:09:59:00 +0800] "GET /xingrg/dwr/interface/AjaxComOrderService.js HTTP/1.1" 200 18264
116.238.139.35 - - [27/Nov/2022:09:59:00 +0800] "GET /xingrg/dwr/interface/AjaxQqpsService.js HTTP/1.1" 200 16326
116.238.139.35 - - [27/Nov/2022:09:59:00 +0800] "GET /xingrg/dwr/engine.js HTTP/1.1" 200 43631
120.253.135.82 - - [27/Nov/2022:09:59:09 +0800] "GET /xingrg/all/function/internal_message.html?_=1669514145932&CODE_STATE=getMsg HTTP/1.1" 200 27
116.230.105.139 - - [27/Nov/2022:09:59:09 +0800] "GET /xingrg/all/function/internal_message.html?_=1669514320352&CODE_STATE=getMsg HTTP/1.1" 200 27
116.238.139.35 - - [27/Nov/2022:09:59:09 +0800] "POST /xingrg/dwr/call/plaincall/AjaxQqpsService.saveOrder.dwr HTTP/1.1" 200 78
116.238.139.35 - - [27/Nov/2022:09:59:14 +0800] "POST /xingrg/dwr/call/plaincall/AjaxQqpsService.getMaterielByCode.dwr HTTP/1.1" 200 2287
116.238.139.35 - - [27/Nov/2022:09:59:16 +0800] "POST /xingrg/dwr/call/plaincall/AjaxQqpsService.saveMaterielItem.dwr HTTP/1.1" 200 78
114.95.46.117 - - [27/Nov/2022:09:59:18 +0800] "GET /xingrg/all/function/internal_message.html?_=1669514354331&CODE_STATE=getMsg HTTP/1.1" 200 27
114.95.46.117 - - [27/Nov/2022:09:59:19 +0800] "GET /xingrg/check_reg.html?_=1669514355092 HTTP/1.1" 200 22
114.83.219.57 - - [27/Nov/2022:09:59:26 +0800] "GET /xingrg/all/function/internal_message.html?_=1669514490694&CODE_STATE=getMsg HTTP/1.1" 200 27
101.85.106.255 - - [27/Nov/2022:09:59:29 +0800] "GET /xingrg/all/function/internal_message.html?_=1669514363175&CODE_STATE=getMsg HTTP/1.1" 200 27
58.40.7.146 - - [27/Nov/2022:09:59:30 +0800] "GET /xingrg/all/function/internal_message.html?_=1669514365559&CODE_STATE=getMsg HTTP/1.1" 302 -
180.162.229.95 - - [27/Nov/2022:09:59:35 +0800] "GET /xingrg/all/function/internal_message.html?_=1669514370800&CODE_STATE=getMsg HTTP/1.1" 200 27
124.79.245.154 - - [27/Nov/2022:09:59:43 +0800] "GET /xingrg/check_reg.html?_=1669514379024 HTTP/1.1" 200 22
124.79.245.154 - - [27/Nov/2022:09:59:43 +0800] "GET /xingrg/all/function/internal_message.html?_=1669514379025&CODE_STATE=getMsg HTTP/1.1" 200 27
114.95.46.117 - - [27/Nov/2022:09:59:44 +0800] "GET /xingrg/all/function/internal_message.html?_=1669514228153&CODE_STATE=getMsg HTTP/1.1" 200 27
114.88.159.190 - - [27/Nov/2022:09:59:51 +0800] "GET /xingrg/check_reg.html?_=1669513988494 HTTP/1.1" 200 22
114.84.38.109 - - [27/Nov/2022:09:59:57 +0800] "GET /xingrg/check_reg.html?_=1669514418315 HTTP/1.1" 200 22
114.84.38.109 - - [27/Nov/2022:09:59:57 +0800] "GET /xingrg/all/function/internal_message.html?_=1669514418625&CODE_STATE=getMsg HTTP/1.1" 200 27
116.238.139.35 - - [27/Nov/2022:10:00:00 +0800] "GET /xingrg/all/function/internal_message.html?_=1669514396228&CODE_STATE=getMsg HTTP/1.1" 200 27
116.238.139.35 - - [27/Nov/2022:10:00:03 +0800] "POST /xingrg/dwr/call/plaincall/AjaxQqpsService.getMaterielByCode.dwr HTTP/1.1" 200 2252
116.230.105.139 - - [27/Nov/2022:10:00:05 +0800] "GET /xingrg/check_reg.html?_=1669514376831 HTTP/1.1" 200 22
116.238.139.35 - - [27/Nov/2022:10:00:06 +0800] "POST /xingrg/dwr/call/plaincall/AjaxQqpsService.saveMaterielItem.dwr HTTP/1.1" 200 78
120.253.135.82 - - [27/Nov/2022:10:00:09 +0800] "GET /xingrg/all/function/internal_message.html?_=1669514205942&CODE_STATE=getMsg HTTP/1.1" 200 27
116.230.105.139 - - [27/Nov/2022:10:00:09 +0800] "GET /xingrg/all/function/internal_message.html?_=1669514380350&CODE_STATE=getMsg HTTP/1.1" 200 27
116.238.139.35 - - [27/Nov/2022:10:00:15 +0800] "POST /xingrg/dwr/call/plaincall/AjaxQqpsService.getMaterielByCode.dwr HTTP/1.1" 200 2251
114.95.46.117 - - [27/Nov/2022:10:00:18 +0800] "GET /xingrg/all/function/internal_message.html?_=1669514414309&CODE_STATE=getMsg HTTP/1.1" 200 27
116.238.139.35 - - [27/Nov/2022:10:00:19 +0800] "POST /xingrg/dwr/call/plaincall/AjaxQqpsService.saveMaterielItem.dwr HTTP/1.1" 200 78
116.238.139.35 - - [27/Nov/2022:10:00:26 +0800] "POST /xingrg/dwr/call/plaincall/AjaxQqpsService.getMaterielByCode.dwr HTTP/1.1" 200 2251
114.83.219.57 - - [27/Nov/2022:10:00:26 +0800] "GET /xingrg/all/function/internal_message.html?_=1669514550685&CODE_STATE=getMsg HTTP/1.1" 200 27
101.85.106.255 - - [27/Nov/2022:10:00:29 +0800] "GET /xingrg/check_reg.html?_=1669514423180 HTTP/1.1" 200 22
101.85.106.255 - - [27/Nov/2022:10:00:29 +0800] "GET /xingrg/all/function/internal_message.html?_=1669514423176&CODE_STATE=getMsg HTTP/1.1" 200 27
116.238.139.35 - - [27/Nov/2022:10:00:30 +0800] "POST /xingrg/dwr/call/plaincall/AjaxQqpsService.saveMaterielItem.dwr HTTP/1.1" 200 78
58.40.7.146 - - [27/Nov/2022:10:00:30 +0800] "GET /xingrg/all/function/internal_message.html?_=1669514425535&CODE_STATE=getMsg HTTP/1.1" 302 -
114.95.46.117 - - [27/Nov/2022:10:00:32 +0800] "GET /xingrg/kc/buy/cgsh_order_add.html HTTP/1.1" 200 69643
114.95.46.117 - - [27/Nov/2022:10:00:32 +0800] "POST /xingrg/kc/buy/cgsh_order_operate.html HTTP/1.1" 200 8245
114.95.46.117 - - [27/Nov/2022:10:00:32 +0800] "GET /xingrg/javascript/easyui/themes/default/validatebox.css HTTP/1.1" 404 1104
180.162.229.95 - - [27/Nov/2022:10:00:35 +0800] "GET /xingrg/all/function/internal_message.html?_=1669514430783&CODE_STATE=getMsg HTTP/1.1" 200 27
116.238.139.35 - - [27/Nov/2022:10:00:38 +0800] "POST /xingrg/dwr/call/plaincall/AjaxQqpsService.checkOrder.dwr HTTP/1.1" 200 78
116.238.139.35 - - [27/Nov/2022:10:00:39 +0800] "GET /xingrg/kc/mdqp/qqps_order_info.html?code=302022112700464 HTTP/1.1" 200 25979
116.238.139.35 - - [27/Nov/2022:10:00:39 +0800] "GET /xingrg/dwr/interface/AjaxComOrderService.js HTTP/1.1" 200 18264
116.238.139.35 - - [27/Nov/2022:10:00:39 +0800] "GET /xingrg/dwr/engine.js HTTP/1.1" 200 43631
116.238.139.35 - - [27/Nov/2022:10:00:39 +0800] "GET /xingrg/dwr/interface/AjaxQqpsService.js HTTP/1.1" 200 16326
116.238.139.35 - - [27/Nov/2022:10:00:40 +0800] "POST /xingrg/dwr/call/plaincall/AjaxQqpsService.loadMaterielItems.dwr HTTP/1.1" 200 1257
124.79.245.154 - - [27/Nov/2022:10:00:43 +0800] "GET /xingrg/all/function/internal_message.html?_=1669514439013&CODE_STATE=getMsg HTTP/1.1" 200 27
114.95.46.117 - - [27/Nov/2022:10:00:44 +0800] "GET /xingrg/all/function/internal_message.html?_=1669514288153&CODE_STATE=getMsg HTTP/1.1" 200 27
114.95.46.117 - - [27/Nov/2022:10:00:49 +0800] "GET /xingrg/kc/buy/cgsh_order_operate.html?command=get_materiel&rest_code=00105&code=00102034018&supplier_code=00100075&order_time=2022-11-27 HTTP/1.1" 200 421
114.84.38.109 - - [27/Nov/2022:10:00:57 +0800] "GET /xingrg/all/function/internal_message.html?_=1669514478638&CODE_STATE=getMsg HTTP/1.1" 200 27
116.238.139.35 - - [27/Nov/2022:10:01:00 +0800] "GET /xingrg/all/function/internal_message.html?_=1669514456242&CODE_STATE=getMsg HTTP/1.1" 200 27
120.253.135.82 - - [27/Nov/2022:10:01:09 +0800] "GET /xingrg/all/function/internal_message.html?_=1669514266068&CODE_STATE=getMsg HTTP/1.1" 200 27
116.230.105.139 - - [27/Nov/2022:10:01:09 +0800] "GET /xingrg/all/function/internal_message.html?_=1669514440331&CODE_STATE=getMsg HTTP/1.1" 200 27
116.238.139.35 - - [27/Nov/2022:10:01:13 +0800] "GET /xingrg/images/yd/bt.gif HTTP/1.1" 404 1040
114.95.46.117 - - [27/Nov/2022:10:01:18 +0800] "GET /xingrg/all/function/internal_message.html?_=1669514474297&CODE_STATE=getMsg HTTP/1.1" 200 27
120.253.135.82 - - [27/Nov/2022:10:01:23 +0800] "GET /xingrg/check_reg.html?_=1669514279887 HTTP/1.1" 200 22
114.95.46.117 - - [27/Nov/2022:10:01:24 +0800] "GET /xingrg/kc/buy/cgsh_order_operate.html?command=get_materiel&rest_code=00105&code=00102013003&supplier_code=00100075&order_time=2022-11-27 HTTP/1.1" 200 409
114.83.219.57 - - [27/Nov/2022:10:01:26 +0800] "GET /xingrg/all/function/internal_message.html?_=1669514610694&CODE_STATE=getMsg HTTP/1.1" 200 27
101.85.106.255 - - [27/Nov/2022:10:01:29 +0800] "GET /xingrg/all/function/internal_message.html?_=1669514483179&CODE_STATE=getMsg HTTP/1.1" 200 27
58.40.7.146 - - [27/Nov/2022:10:01:30 +0800] "GET /xingrg/all/function/internal_message.html?_=1669514485508&CODE_STATE=getMsg HTTP/1.1" 302 -
180.162.229.95 - - [27/Nov/2022:10:01:35 +0800] "GET /xingrg/all/function/internal_message.html?_=1669514490779&CODE_STATE=getMsg HTTP/1.1" 200 27
124.79.245.154 - - [27/Nov/2022:10:01:43 +0800] "GET /xingrg/all/function/internal_message.html?_=1669514499008&CODE_STATE=getMsg HTTP/1.1" 200 27
114.95.46.117 - - [27/Nov/2022:10:01:44 +0800] "GET /xingrg/all/function/internal_message.html?_=1669514348151&CODE_STATE=getMsg HTTP/1.1" 200 27
114.95.46.117 - - [27/Nov/2022:10:01:44 +0800] "GET /xingrg/check_reg.html?_=1669514348154 HTTP/1.1" 200 22
114.84.38.109 - - [27/Nov/2022:10:01:57 +0800] "GET /xingrg/all/function/internal_message.html?_=1669514538652&CODE_STATE=getMsg HTTP/1.1" 200 27
116.238.139.35 - - [27/Nov/2022:10:02:00 +0800] "GET /xingrg/check_reg.html?_=1669514516236 HTTP/1.1" 200 22
116.238.139.35 - - [27/Nov/2022:10:02:00 +0800] "GET /xingrg/all/function/internal_message.html?_=1669514516239&CODE_STATE=getMsg HTTP/1.1" 200 27
120.253.135.82 - - [27/Nov/2022:10:02:09 +0800] "GET /xingrg/all/function/internal_message.html?_=1669514326078&CODE_STATE=getMsg HTTP/1.1" 200 27
116.230.105.139 - - [27/Nov/2022:10:02:09 +0800] "GET /xingrg/all/function/internal_message.html?_=1669514500316&CODE_STATE=getMsg HTTP/1.1" 200 27
114.95.46.117 - - [27/Nov/2022:10:02:15 +0800] "GET /xingrg/kc/buy/cgsh_order_operate.html?command=get_materiel&rest_code=00105&code=00102013004&supplier_code=00100075&order_time=2022-11-27 HTTP/1.1" 200 408
114.95.46.117 - - [27/Nov/2022:10:02:18 +0800] "GET /xingrg/all/function/internal_message.html?_=1669514534275&CODE_STATE=getMsg HTTP/1.1" 200 27
114.83.219.57 - - [27/Nov/2022:10:02:26 +0800] "GET /xingrg/all/function/internal_message.html?_=1669514670684&CODE_STATE=getMsg HTTP/1.1" 200 27
101.85.106.255 - - [27/Nov/2022:10:02:29 +0800] "GET /xingrg/all/function/internal_message.html?_=1669514543179&CODE_STATE=getMsg HTTP/1.1" 200 27
58.40.7.146 - - [27/Nov/2022:10:02:30 +0800] "GET /xingrg/all/function/internal_message.html?_=1669514545490&CODE_STATE=getMsg HTTP/1.1" 302 -
180.162.229.95 - - [27/Nov/2022:10:02:35 +0800] "GET /xingrg/all/function/internal_message.html?_=1669514550773&CODE_STATE=getMsg HTTP/1.1" 200 27
180.162.229.95 - - [27/Nov/2022:10:02:35 +0800] "GET /xingrg/check_reg.html?_=1669514550929 HTTP/1.1" 200 22
124.79.245.154 - - [27/Nov/2022:10:02:43 +0800] "GET /xingrg/all/function/internal_message.html?_=1669514559006&CODE_STATE=getMsg HTTP/1.1" 200 27
114.95.46.117 - - [27/Nov/2022:10:02:44 +0800] "GET /xingrg/all/function/internal_message.html?_=1669514408152&CODE_STATE=getMsg HTTP/1.1" 200 27
114.95.46.117 - - [27/Nov/2022:10:02:48 +0800] "POST /xingrg/kc/buy/cgsh_order_operate.html HTTP/1.1" 200 37
114.95.46.117 - - [27/Nov/2022:10:02:49 +0800] "POST /xingrg/kc/buy/cgsh_order_operate.html HTTP/1.1" 200 4454
114.84.38.109 - - [27/Nov/2022:10:02:57 +0800] "GET /xingrg/all/function/internal_message.html?_=1669514598668&CODE_STATE=getMsg HTTP/1.1" 200 27
116.238.139.35 - - [27/Nov/2022:10:03:00 +0800] "GET /xingrg/all/function/internal_message.html?_=1669514576239&CODE_STATE=getMsg HTTP/1.1" 200 27
120.253.135.82 - - [27/Nov/2022:10:03:09 +0800] "GET /xingrg/all/function/internal_message.html?_=1669514386092&CODE_STATE=getMsg HTTP/1.1" 200 27
