124.79.245.154 - - [27/Nov/2022:09:24:43 +0800] "GET /xingrg/images/blue/pingpu.png HTTP/1.1" 304 -
116.238.139.35 - - [27/Nov/2022:09:24:43 +0800] "GET /xingrg/check_reg.html?_=1669512279933 HTTP/1.1" 200 22
116.238.139.35 - - [27/Nov/2022:09:24:43 +0800] "GET /xingrg/all/function/internal_message.html?_=1669512279957&CODE_STATE=getMsg HTTP/1.1" 200 27
114.95.46.117 - - [27/Nov/2022:09:24:44 +0800] "GET /xingrg/all/function/internal_message.html?_=1669512128105&CODE_STATE=getMsg HTTP/1.1" 200 27
124.79.245.154 - - [27/Nov/2022:09:24:47 +0800] "GET /xingrg/kc/buy/cgsh_order_list.html HTTP/1.1" 200 54041
124.79.245.154 - - [27/Nov/2022:09:24:49 +0800] "POST /xingrg/kc/buy/cgsh_list_operate.html HTTP/1.1" 200 1853
124.79.245.154 - - [27/Nov/2022:09:24:58 +0800] "POST /xingrg/kc/buy/cgsh_list_operate.html HTTP/1.1" 200 6703
116.238.139.35 - - [27/Nov/2022:09:25:01 +0800] "GET /xingrg/kc/buy/cgsh_order_operate.html?command=get_materiel&rest_code=00150&code=00101031006&supplier_code=00100064&order_time=2022-11-27 HTTP/1.1" 200 417
114.84.38.109 - - [27/Nov/2022:09:25:02 +0800] "GET /xingrg/kc/buy/cgsh_order_operate.html?command=get_materiel&rest_code=00146&code=00101008145&supplier_code=00100005&order_time=2022-11-27 HTTP/1.1" 200 417
116.230.105.139 - - [27/Nov/2022:09:25:05 +0800] "GET /xingrg/check_reg.html?_=1669512276836 HTTP/1.1" 200 22
114.84.38.109 - - [27/Nov/2022:09:25:08 +0800] "GET /xingrg/all/function/internal_message.html?_=1669512329440&CODE_STATE=getMsg HTTP/1.1" 200 27
116.238.139.35 - - [27/Nov/2022:09:25:08 +0800] "POST /xingrg/kc/buy/cgsh_order_operate.html HTTP/1.1" 200 37
116.230.105.139 - - [27/Nov/2022:09:25:09 +0800] "GET /xingrg/all/function/internal_message.html?_=1669512280948&CODE_STATE=getMsg HTTP/1.1" 200 27
116.238.139.35 - - [27/Nov/2022:09:25:12 +0800] "POST /xingrg/kc/buy/cgsh_order_operate.html HTTP/1.1" 200 12
116.238.139.35 - - [27/Nov/2022:09:25:12 +0800] "GET /xingrg/kc/buy/cgsh_order_info.html?code=212022112709278 HTTP/1.1" 200 64464
116.238.139.35 - - [27/Nov/2022:09:25:13 +0800] "GET /xingrg/javascript/easyui/themes/default/validatebox.css HTTP/1.1" 404 1104
116.238.139.35 - - [27/Nov/2022:09:25:13 +0800] "POST /xingrg/kc/buy/cgsh_order_operate.html HTTP/1.1" 200 613
116.238.139.35 - - [27/Nov/2022:09:25:14 +0800] "GET /xingrg/kc/print/load_data.html?order_code=212022112709278&kc_code=cgsh&condition= HTTP/1.1" 200 752
124.79.245.154 - - [27/Nov/2022:09:25:14 +0800] "POST /xingrg/kc/buy/cgsh_list_operate.html HTTP/1.1" 200 11321
116.238.139.35 - - [27/Nov/2022:09:25:18 +0800] "GET /xingrg/kc/buy/cgsh_order_add.html HTTP/1.1" 200 69561
116.238.139.35 - - [27/Nov/2022:09:25:18 +0800] "POST /xingrg/kc/buy/cgsh_order_operate.html HTTP/1.1" 200 8245
116.238.139.35 - - [27/Nov/2022:09:25:18 +0800] "GET /xingrg/javascript/easyui/themes/default/validatebox.css HTTP/1.1" 404 1104
180.162.229.95 - - [27/Nov/2022:09:25:19 +0800] "GET /xingrg/check_reg.html?_=1669512314802 HTTP/1.1" 200 22
114.95.46.117 - - [27/Nov/2022:09:25:19 +0800] "GET /xingrg/all/function/internal_message.html?_=1669512315116&CODE_STATE=getMsg HTTP/1.1" 200 27
180.162.229.95 - - [27/Nov/2022:09:25:19 +0800] "GET /xingrg/all/function/internal_message.html?_=1669512315237&CODE_STATE=getMsg HTTP/1.1" 200 27
114.84.38.109 - - [27/Nov/2022:09:25:22 +0800] "GET /xingrg/kc/buy/cgsh_order_operate.html?command=get_materiel&rest_code=00146&code=00101008439&supplier_code=00100005&order_time=2022-11-27 HTTP/1.1" 200 412
124.79.245.154 - - [27/Nov/2022:09:25:23 +0800] "POST /xingrg/kc/buy/cgsh_list_operate.html HTTP/1.1" 200 11393
116.238.139.35 - - [27/Nov/2022:09:25:26 +0800] "GET /xingrg/kc/buy/cgsh_order_operate.html?command=get_materiel&rest_code=00150&code=00101031012&supplier_code=00100054&order_time=2022-11-27 HTTP/1.1" 200 417
114.83.219.57 - - [27/Nov/2022:09:25:26 +0800] "GET /xingrg/all/function/internal_message.html?_=1669512450690&CODE_STATE=getMsg HTTP/1.1" 200 27
101.85.106.255 - - [27/Nov/2022:09:25:29 +0800] "GET /xingrg/all/function/internal_message.html?_=1669512323088&CODE_STATE=getMsg HTTP/1.1" 200 27
101.85.106.255 - - [27/Nov/2022:09:25:29 +0800] "GET /xingrg/check_reg.html?_=1669512323090 HTTP/1.1" 200 22
180.162.229.95 - - [27/Nov/2022:09:25:32 +0800] "GET /favicon.ico HTTP/1.1" 404 -
116.238.139.35 - - [27/Nov/2022:09:25:33 +0800] "POST /xingrg/kc/buy/cgsh_order_operate.html HTTP/1.1" 200 37
124.79.245.154 - - [27/Nov/2022:09:25:34 +0800] "POST /xingrg/kc/buy/cgsh_list_operate.html HTTP/1.1" 200 11398
116.238.139.35 - - [27/Nov/2022:09:25:36 +0800] "POST /xingrg/kc/buy/cgsh_order_operate.html HTTP/1.1" 200 12
116.238.139.35 - - [27/Nov/2022:09:25:37 +0800] "GET /xingrg/kc/buy/cgsh_order_info.html?code=212022112709279 HTTP/1.1" 200 64462
116.238.139.35 - - [27/Nov/2022:09:25:38 +0800] "GET /xingrg/javascript/easyui/themes/default/validatebox.css HTTP/1.1" 404 1104
116.238.139.35 - - [27/Nov/2022:09:25:38 +0800] "POST /xingrg/kc/buy/cgsh_order_operate.html HTTP/1.1" 200 613
116.238.139.35 - - [27/Nov/2022:09:25:39 +0800] "GET /xingrg/kc/print/load_data.html?order_code=212022112709279&kc_code=cgsh&condition= HTTP/1.1" 200 704
180.162.229.95 - - [27/Nov/2022:09:25:39 +0800] "GET /xingrg/login.html HTTP/1.1" 200 7641
180.162.229.95 - - [27/Nov/2022:09:25:40 +0800] "GET /favicon.ico HTTP/1.1" 404 -
180.162.229.95 - - [27/Nov/2022:09:25:42 +0800] "POST /xingrg/login.do HTTP/1.1" 302 -
180.162.229.95 - - [27/Nov/2022:09:25:42 +0800] "GET /xingrg/index.html?sysBaseUrl=http%3A%2F%2F180.169.147.146%3A18081%2Fxingrg%2F&costTime=46×tamp=1669512342020 HTTP/1.1" 200 17503
180.162.229.95 - - [27/Nov/2022:09:25:42 +0800] "GET /favicon.ico HTTP/1.1" 404 -
180.162.229.95 - - [27/Nov/2022:09:25:42 +0800] "POST /xingrg/all/common/load_tree.html?tree=area_rest_tree_json&manage=1 HTTP/1.1" 200 3499
124.79.245.154 - - [27/Nov/2022:09:25:42 +0800] "POST /xingrg/kc/buy/cgsh_list_operate.html HTTP/1.1" 200 11393
180.162.229.95 - - [27/Nov/2022:09:25:43 +0800] "GET /xingrg/all/function/internal_message.html?_=1669512335884&CODE_STATE=count HTTP/1.1" 200 11
180.162.229.95 - - [27/Nov/2022:09:25:43 +0800] "GET /xingrg/check_reg.html?_=1669512335884 HTTP/1.1" 200 22
180.162.229.95 - - [27/Nov/2022:09:25:43 +0800] "POST /xingrg/load_menu.html HTTP/1.1" 200 11443
124.79.245.154 - - [27/Nov/2022:09:25:43 +0800] "GET /xingrg/all/function/internal_message.html?_=1669512338985&CODE_STATE=getMsg HTTP/1.1" 200 27
116.238.139.35 - - [27/Nov/2022:09:25:43 +0800] "GET /xingrg/all/function/internal_message.html?_=1669512339943&CODE_STATE=getMsg HTTP/1.1" 200 27
114.95.46.117 - - [27/Nov/2022:09:25:44 +0800] "GET /xingrg/all/function/internal_message.html?_=1669512188105&CODE_STATE=getMsg HTTP/1.1" 200 27
180.169.147.146 - - [27/Nov/2022:09:25:44 +0800] "GET /xingrg/index.html?sysBaseUrl=http%3A%2F%2F180.169.147.146%3A18081%2Fxingrg%2F&costTime=39×tamp=1592034574635 HTTP/1.1" 302 -
180.169.147.146 - - [27/Nov/2022:09:25:44 +0800] "GET /xingrg/login.html HTTP/1.1" 200 7641
180.169.147.146 - - [27/Nov/2022:09:25:45 +0800] "GET /favicon.ico HTTP/1.1" 404 -
124.79.245.154 - - [27/Nov/2022:09:25:46 +0800] "POST /xingrg/kc/buy/cgsh_list_operate.html HTTP/1.1" 200 202
180.162.229.95 - - [27/Nov/2022:09:25:46 +0800] "POST /xingrg/all/user/operate.html HTTP/1.1" 200 36
180.162.229.95 - - [27/Nov/2022:09:25:46 +0800] "GET /xingrg/javascript/jquery_easy_ui/themes/default/easyui.css HTTP/1.1" 304 -
180.162.229.95 - - [27/Nov/2022:09:25:46 +0800] "GET /xingrg/index.html?sysBaseUrl=http%3A%2F%2F180.169.147.146%3A18081%2Fxingrg%2F&costTime=46×tamp=1669512342020 HTTP/1.1" 200 17503
180.162.229.95 - - [27/Nov/2022:09:25:46 +0800] "GET /xingrg/javascript/jquery_easy_ui/themes/icon.css HTTP/1.1" 304 -
180.162.229.95 - - [27/Nov/2022:09:25:46 +0800] "GET /xingrg/css/form.css HTTP/1.1" 304 -
180.162.229.95 - - [27/Nov/2022:09:25:46 +0800] "GET /xingrg/javascript/jquery-1.4.2.min.js HTTP/1.1" 304 -
180.162.229.95 - - [27/Nov/2022:09:25:46 +0800] "GET /xingrg/javascript/jquery_easy_ui/jquery.easyui.min.js HTTP/1.1" 304 -
180.162.229.95 - - [27/Nov/2022:09:25:46 +0800] "GET /xingrg/javascript/jquery_easy_ui/easyui-lang-zh_CN.js HTTP/1.1" 304 -
180.162.229.95 - - [27/Nov/2022:09:25:47 +0800] "GET /xingrg/javascript/jquery.form.js HTTP/1.1" 304 -
180.162.229.95 - - [27/Nov/2022:09:25:47 +0800] "GET /xingrg/javascript/jquery.utils.js HTTP/1.1" 304 -
180.162.229.95 - - [27/Nov/2022:09:25:47 +0800] "GET /xingrg/javascript/jquery.timers.js HTTP/1.1" 304 -
180.162.229.95 - - [27/Nov/2022:09:25:47 +0800] "GET /xingrg/images/blue/jxLogo.png HTTP/1.1" 304 -
180.162.229.95 - - [27/Nov/2022:09:25:47 +0800] "GET /xingrg/images/blue/navBackgound.jpg HTTP/1.1" 304 -
180.162.229.95 - - [27/Nov/2022:09:25:47 +0800] "GET /xingrg/javascript/jquery_easy_ui/themes/icons/settle_new.png HTTP/1.1" 304 -
180.162.229.95 - - [27/Nov/2022:09:25:47 +0800] "POST /xingrg/all/common/load_tree.html?tree=area_rest_tree_json&manage=1 HTTP/1.1" 200 3499
180.162.229.95 - - [27/Nov/2022:09:25:47 +0800] "GET /xingrg/all/function/internal_message.html?_=1669512339921&CODE_STATE=count HTTP/1.1" 200 11
180.162.229.95 - - [27/Nov/2022:09:25:47 +0800] "GET /xingrg/check_reg.html?_=1669512339923 HTTP/1.1" 200 22
180.162.229.95 - - [27/Nov/2022:09:25:47 +0800] "GET /xingrg/javascript/jquery_easy_ui/themes/default/images/tabs_rightarrow.png HTTP/1.1" 304 -
180.162.229.95 - - [27/Nov/2022:09:25:47 +0800] "POST /xingrg/load_menu.html HTTP/1.1" 200 9959
180.162.229.95 - - [27/Nov/2022:09:25:47 +0800] "GET /xingrg/javascript/jquery_easy_ui/themes/default/images/panel_tool_expand.gif HTTP/1.1" 304 -
180.162.229.95 - - [27/Nov/2022:09:25:47 +0800] "GET /xingrg/javascript/jquery_easy_ui/themes/default/images/panel_tool_collapse.gif HTTP/1.1" 304 -
180.162.229.95 - - [27/Nov/2022:09:25:47 +0800] "GET /xingrg/javascript/jquery_easy_ui/themes/default/images/tabs_leftarrow.png HTTP/1.1" 304 -
180.162.229.95 - - [27/Nov/2022:09:25:47 +0800] "GET /xingrg/images/blue/pingpu.png HTTP/1.1" 304 -
180.162.229.95 - - [27/Nov/2022:09:25:47 +0800] "GET /xingrg/javascript/jquery_easy_ui/themes/icons/checkout_new.png HTTP/1.1" 304 -
180.162.229.95 - - [27/Nov/2022:09:25:47 +0800] "GET /xingrg/javascript/jquery_easy_ui/themes/icons/storage_new.png HTTP/1.1" 304 -
180.162.229.95 - - [27/Nov/2022:09:25:47 +0800] "GET /xingrg/javascript/jquery_easy_ui/themes/default/images/tree_folder.gif HTTP/1.1" 304 -
180.162.229.95 - - [27/Nov/2022:09:25:47 +0800] "GET /xingrg/javascript/jquery_easy_ui/themes/default/images/tree_arrows.gif HTTP/1.1" 304 -
180.162.229.95 - - [27/Nov/2022:09:25:47 +0800] "GET /xingrg/javascript/jquery_easy_ui/themes/default/images/tree_folder_open.gif HTTP/1.1" 304 -
180.162.229.95 - - [27/Nov/2022:09:25:47 +0800] "GET /xingrg/javascript/jquery_easy_ui/themes/icons/search_new.png HTTP/1.1" 304 -
180.162.229.95 - - [27/Nov/2022:09:25:47 +0800] "GET /xingrg/javascript/jquery_easy_ui/themes/icons/forms_new.png HTTP/1.1" 304 -
180.162.229.95 - - [27/Nov/2022:09:25:47 +0800] "GET /xingrg/javascript/jquery_easy_ui/themes/icons/systemset_new.png HTTP/1.1" 304 -
180.162.229.95 - - [27/Nov/2022:09:25:47 +0800] "GET /xingrg/javascript/jquery_easy_ui/themes/icons/setting_new.png HTTP/1.1" 304 -
180.162.229.95 - - [27/Nov/2022:09:25:47 +0800] "GET /xingrg/javascript/jquery_easy_ui/themes/default/images/tree_file.gif HTTP/1.1" 304 -
180.162.229.95 - - [27/Nov/2022:09:25:51 +0800] "GET /xingrg/kc/buy/cgsh_order_list.html HTTP/1.1" 200 54035
116.238.139.35 - - [27/Nov/2022:09:25:52 +0800] "POST /xingrg/all/user/operate.html HTTP/1.1" 200 36
116.238.139.35 - - [27/Nov/2022:09:25:52 +0800] "GET /xingrg/index.html?sysBaseUrl=http%3A%2F%2F180.169.147.146%3A18081%2Fxingrg%2F&costTime=42×tamp=1669510177247 HTTP/1.1" 200 17177
116.238.139.35 - - [27/Nov/2022:09:25:52 +0800] "GET /xingrg/javascript/jquery_easy_ui/themes/default/easyui.css HTTP/1.1" 304 -
116.238.139.35 - - [27/Nov/2022:09:25:52 +0800] "GET /xingrg/javascript/jquery_easy_ui/themes/icon.css HTTP/1.1" 304 -
116.238.139.35 - - [27/Nov/2022:09:25:52 +0800] "GET /xingrg/css/form.css HTTP/1.1" 304 -
116.238.139.35 - - [27/Nov/2022:09:25:52 +0800] "GET /xingrg/javascript/jquery-1.4.2.min.js HTTP/1.1" 304 -
116.238.139.35 - - [27/Nov/2022:09:25:52 +0800] "GET /xingrg/javascript/jquery_easy_ui/jquery.easyui.min.js HTTP/1.1" 304 -
116.238.139.35 - - [27/Nov/2022:09:25:52 +0800] "GET /xingrg/javascript/jquery_easy_ui/easyui-lang-zh_CN.js HTTP/1.1" 304 -
116.238.139.35 - - [27/Nov/2022:09:25:52 +0800] "GET /xingrg/javascript/jquery.form.js HTTP/1.1" 304 -
116.238.139.35 - - [27/Nov/2022:09:25:52 +0800] "GET /xingrg/javascript/jquery.utils.js HTTP/1.1" 304 -
116.238.139.35 - - [27/Nov/2022:09:25:52 +0800] "GET /xingrg/javascript/jquery.timers.js HTTP/1.1" 304 -
116.238.139.35 - - [27/Nov/2022:09:25:52 +0800] "GET /xingrg/images/blue/jxLogo.png HTTP/1.1" 304 -
116.238.139.35 - - [27/Nov/2022:09:25:52 +0800] "GET /xingrg/images/blue/navBackgound.jpg HTTP/1.1" 304 -
116.238.139.35 - - [27/Nov/2022:09:25:52 +0800] "GET /xingrg/javascript/jquery_easy_ui/themes/icons/settle_new.png HTTP/1.1" 304 -
116.238.139.35 - - [27/Nov/2022:09:25:52 +0800] "POST /xingrg/all/common/load_tree.html?tree=area_rest_tree_json&manage=1 HTTP/1.1" 200 476
116.238.139.35 - - [27/Nov/2022:09:25:52 +0800] "GET /xingrg/all/function/internal_message.html?_=1669512348889&CODE_STATE=count HTTP/1.1" 200 11
116.238.139.35 - - [27/Nov/2022:09:25:52 +0800] "GET /xingrg/check_reg.html?_=1669512348891 HTTP/1.1" 200 22
116.238.139.35 - - [27/Nov/2022:09:25:52 +0800] "GET /xingrg/javascript/jquery_easy_ui/themes/default/images/tabs_rightarrow.png HTTP/1.1" 304 -
116.238.139.35 - - [27/Nov/2022:09:25:52 +0800] "POST /xingrg/load_menu.html HTTP/1.1" 200 5138
116.238.139.35 - - [27/Nov/2022:09:25:52 +0800] "GET /xingrg/images/blue/pingpu.png HTTP/1.1" 304 -
116.238.139.35 - - [27/Nov/2022:09:25:52 +0800] "GET /xingrg/javascript/jquery_easy_ui/themes/default/images/panel_tool_collapse.gif HTTP/1.1" 304 -
116.238.139.35 - - [27/Nov/2022:09:25:52 +0800] "GET /xingrg/javascript/jquery_easy_ui/themes/default/images/tabs_leftarrow.png HTTP/1.1" 304 -
116.238.139.35 - - [27/Nov/2022:09:25:53 +0800] "GET /xingrg/javascript/jquery_easy_ui/themes/default/images/tree_file.gif HTTP/1.1" 304 -
116.238.139.35 - - [27/Nov/2022:09:25:53 +0800] "GET /xingrg/javascript/jquery_easy_ui/themes/default/images/tree_folder_open.gif HTTP/1.1" 304 -
116.238.139.35 - - [27/Nov/2022:09:25:53 +0800] "GET /xingrg/javascript/jquery_easy_ui/themes/icons/storage_new.png HTTP/1.1" 304 -
116.238.139.35 - - [27/Nov/2022:09:25:53 +0800] "GET /xingrg/javascript/jquery_easy_ui/themes/default/images/tree_arrows.gif HTTP/1.1" 304 -
116.238.139.35 - - [27/Nov/2022:09:25:53 +0800] "GET /xingrg/javascript/jquery_easy_ui/themes/icons/search_new.png HTTP/1.1" 304 -
116.238.139.35 - - [27/Nov/2022:09:25:53 +0800] "GET /xingrg/javascript/jquery_easy_ui/themes/default/images/tree_folder.gif HTTP/1.1" 304 -
116.238.139.35 - - [27/Nov/2022:09:25:53 +0800] "GET /xingrg/javascript/jquery_easy_ui/themes/icons/forms_new.png HTTP/1.1" 304 -
114.84.38.109 - - [27/Nov/2022:09:25:53 +0800] "GET /xingrg/kc/buy/cgsh_order_operate.html?command=get_materiel&rest_code=00146&code=00101008114&supplier_code=00100005&order_time=2022-11-27 HTTP/1.1" 200 412
180.162.229.95 - - [27/Nov/2022:09:25:54 +0800] "POST /xingrg/kc/buy/cgsh_list_operate.html HTTP/1.1" 200 1834
124.79.245.154 - - [27/Nov/2022:09:25:54 +0800] "GET /xingrg/kc/buy/cgsh_order_info.html?code=212022112508684 HTTP/1.1" 200 64768
124.79.245.154 - - [27/Nov/2022:09:25:54 +0800] "GET /xingrg/javascript/jquery_tools/order_manager.js HTTP/1.1" 200 11183
124.79.245.154 - - [27/Nov/2022:09:25:54 +0800] "GET /xingrg/words/20221125140633_words.js HTTP/1.1" 200 935010
124.79.245.154 - - [27/Nov/2022:09:25:54 +0800] "GET /xingrg/javascript/pic_change.js HTTP/1.1" 200 4739
124.79.245.154 - - [27/Nov/2022:09:25:54 +0800] "GET /xingrg/javascript/json2.js HTTP/1.1" 200 11259
124.79.245.154 - - [27/Nov/2022:09:25:54 +0800] "GET /xingrg/javascript/convert.js HTTP/1.1" 200 1239
124.79.245.154 - - [27/Nov/2022:09:25:54 +0800] "GET /xingrg/javascript/print/kc_print.js HTTP/1.1" 200 11415
124.79.245.154 - - [27/Nov/2022:09:25:54 +0800] "GET /xingrg/javascript/easyui/themes/icons/copy_new.png HTTP/1.1" 200 815
124.79.245.154 - - [27/Nov/2022:09:25:54 +0800] "GET /xingrg/javascript/easyui/themes/icons/print.png HTTP/1.1" 200 1057
124.79.245.154 - - [27/Nov/2022:09:25:54 +0800] "GET /xingrg/javascript/easyui/themes/default/images/menu_downarrow.png HTTP/1.1" 200 173
124.79.245.154 - - [27/Nov/2022:09:25:54 +0800] "GET /xingrg/javascript/easyui/themes/icons/cancel.png HTTP/1.1" 200 1133
116.238.139.35 - - [27/Nov/2022:09:25:55 +0800] "GET /xingrg/kc/buy/cgsh_order_list.html HTTP/1.1" 200 53784
124.79.245.154 - - [27/Nov/2022:09:25:55 +0800] "GET /xingrg/javascript/easyui/themes/default/validatebox.css HTTP/1.1" 404 1104
124.79.245.154 - - [27/Nov/2022:09:25:55 +0800] "GET /xingrg/javascript/easyui/plugins/jquery.validatebox.js HTTP/1.1" 200 6103
124.79.245.154 - - [27/Nov/2022:09:25:55 +0800] "GET /xingrg/javascript/easyui/plugins/jquery.numberbox.js HTTP/1.1" 200 5213
124.79.245.154 - - [27/Nov/2022:09:25:55 +0800] "POST /xingrg/kc/buy/cgsh_order_operate.html HTTP/1.1" 200 610
124.79.245.154 - - [27/Nov/2022:09:25:55 +0800] "GET /xingrg/javascript/easyui/themes/icons/edit_remove.png HTTP/1.1" 200 625
116.238.139.35 - - [27/Nov/2022:09:25:56 +0800] "POST /xingrg/kc/buy/cgsh_list_operate.html HTTP/1.1" 200 986
116.238.139.35 - - [27/Nov/2022:09:25:57 +0800] "GET /xingrg/kc/buy/cgsh_order_add.html HTTP/1.1" 200 69159
116.238.139.35 - - [27/Nov/2022:09:25:58 +0800] "POST /xingrg/kc/buy/cgsh_order_operate.html HTTP/1.1" 200 8245
116.238.139.35 - - [27/Nov/2022:09:25:58 +0800] "GET /xingrg/all/common/auto_word.html?type=employee&rest_code=00151 HTTP/1.1" 200 293
116.238.139.35 - - [27/Nov/2022:09:25:58 +0800] "GET /xingrg/javascript/easyui/themes/default/validatebox.css HTTP/1.1" 404 1104
116.238.139.35 - - [27/Nov/2022:09:25:58 +0800] "GET /xingrg/all/common/auto_word.html?type=employee&rest_code=00151 HTTP/1.1" 200 293
116.238.139.35 - - [27/Nov/2022:09:25:59 +0800] "GET /xingrg/javascript/auto/indicator.gif HTTP/1.1" 404 1066
180.169.147.146 - - [27/Nov/2022:09:26:01 +0800] "POST /xingrg/login.do HTTP/1.1" 302 -
180.169.147.146 - - [27/Nov/2022:09:26:01 +0800] "GET /xingrg/index.html?sysBaseUrl=http%3A%2F%2F180.169.147.146%3A18081%2Fxingrg%2F&costTime=41×tamp=1669512361237 HTTP/1.1" 200 17503
180.169.147.146 - - [27/Nov/2022:09:26:01 +0800] "GET /favicon.ico HTTP/1.1" 404 -
180.169.147.146 - - [27/Nov/2022:09:26:01 +0800] "POST /xingrg/all/common/load_tree.html?tree=area_rest_tree_json&manage=1 HTTP/1.1" 200 3499
180.169.147.146 - - [27/Nov/2022:09:26:01 +0800] "GET /xingrg/check_reg.html?_=1669512356813 HTTP/1.1" 200 22
180.169.147.146 - - [27/Nov/2022:09:26:01 +0800] "GET /xingrg/all/function/internal_message.html?_=1669512356812&CODE_STATE=count HTTP/1.1" 200 11
180.169.147.146 - - [27/Nov/2022:09:26:01 +0800] "POST /xingrg/load_menu.html HTTP/1.1" 200 11564
180.169.147.146 - - [27/Nov/2022:09:26:03 +0800] "GET /xingrg/kc/report/report_main.html HTTP/1.1" 200 8599
180.169.147.146 - - [27/Nov/2022:09:26:05 +0800] "GET /xingrg/all/report/report_query.html?fileName=kc/buy/gys_amount_base_rest.xml HTTP/1.1" 200 51664
180.169.147.146 - - [27/Nov/2022:09:26:05 +0800] "GET /xingrg/dwr/interface/AjaxReportQueryService.js HTTP/1.1" 200 13203
180.169.147.146 - - [27/Nov/2022:09:26:05 +0800] "GET /xingrg/dwr/engine.js HTTP/1.1" 200 43631
180.169.147.146 - - [27/Nov/2022:09:26:05 +0800] "POST /xingrg/dwr/call/plaincall/AjaxReportQueryService.getFixDate.dwr HTTP/1.1" 200 111
180.169.147.146 - - [27/Nov/2022:09:26:06 +0800] "POST /xingrg/all/common/load_tree.html?tree=area_rest_tree_json&manage=1 HTTP/1.1" 200 3499
120.253.135.82 - - [27/Nov/2022:09:26:06 +0800] "GET /xingrg/kc/pszx/mdps_order_info.html?code=312022112600544 HTTP/1.1" 200 19644
180.169.147.146 - - [27/Nov/2022:09:26:06 +0800] "POST /xingrg/all/common/load_tree.html?tree=supplier_tree_json&manage=1 HTTP/1.1" 200 71595
116.238.139.35 - - [27/Nov/2022:09:26:06 +0800] "GET /xingrg/kc/buy/cgsh_order_operate.html?command=get_materiel&rest_code=00151&code=00101012083&supplier_code=00100097&order_time=2022-11-27 HTTP/1.1" 200 412
120.253.135.82 - - [27/Nov/2022:09:26:06 +0800] "POST /xingrg/kc/pszx/mdps_order_operate.html HTTP/1.1" 200 503
120.253.135.82 - - [27/Nov/2022:09:26:06 +0800] "GET /xingrg/javascript/easyui/themes/default/validatebox.css HTTP/1.1" 404 1104
120.253.135.82 - - [27/Nov/2022:09:26:07 +0800] "GET /xingrg/all/function/internal_message.html?_=1669512163919&CODE_STATE=getMsg HTTP/1.1" 200 27
114.84.38.109 - - [27/Nov/2022:09:26:08 +0800] "GET /xingrg/all/function/internal_message.html?_=1669512389442&CODE_STATE=getMsg HTTP/1.1" 200 27
120.253.135.82 - - [27/Nov/2022:09:26:08 +0800] "POST /xingrg/kc/pszx/mdps_list_operate.html HTTP/1.1" 200 868
116.230.105.139 - - [27/Nov/2022:09:26:09 +0800] "GET /xingrg/all/function/internal_message.html?_=1669512340930&CODE_STATE=getMsg HTTP/1.1" 200 27
180.162.229.95 - - [27/Nov/2022:09:26:11 +0800] "POST /xingrg/kc/buy/cgsh_list_operate.html HTTP/1.1" 200 6483
116.238.139.35 - - [27/Nov/2022:09:26:15 +0800] "POST /xingrg/kc/buy/cgsh_order_operate.html HTTP/1.1" 200 37
180.162.229.95 - - [27/Nov/2022:09:26:15 +0800] "POST /xingrg/kc/buy/cgsh_list_operate.html HTTP/1.1" 200 211
114.84.38.109 - - [27/Nov/2022:09:26:17 +0800] "GET /xingrg/kc/buy/cgsh_order_operate.html?command=get_materiel&rest_code=00146&code=00101008123&supplier_code=00100005&order_time=2022-11-27 HTTP/1.1" 200 412
114.95.46.117 - - [27/Nov/2022:09:26:19 +0800] "GET /xingrg/all/function/internal_message.html?_=1669512375254&CODE_STATE=getMsg HTTP/1.1" 200 27
180.162.229.95 - - [27/Nov/2022:09:26:19 +0800] "GET /xingrg/all/function/internal_message.html?_=1669512375210&CODE_STATE=getMsg HTTP/1.1" 200 27
180.162.229.95 - - [27/Nov/2022:09:26:19 +0800] "POST /xingrg/kc/buy/cgsh_list_operate.html HTTP/1.1" 200 4
114.84.38.109 - - [27/Nov/2022:09:26:20 +0800] "POST /xingrg/kc/buy/cgsh_order_operate.html HTTP/1.1" 200 2065
120.253.135.82 - - [27/Nov/2022:09:26:22 +0800] "GET /xingrg/check_reg.html?_=1669512179419 HTTP/1.1" 200 22
180.169.147.146 - - [27/Nov/2022:09:26:22 +0800] "GET /xingrg/javascript/jquery_easy_ui/themes/default/images/tree_checkbox_1.gif HTTP/1.1" 200 174
180.169.147.146 - - [27/Nov/2022:09:26:22 +0800] "GET /xingrg/javascript/jquery_easy_ui/themes/default/images/tree_checkbox_2.gif HTTP/1.1" 200 181
180.169.147.146 - - [27/Nov/2022:09:26:23 +0800] "POST /xingrg/dwr/call/plaincall/AjaxReportQueryService.refreshCache.dwr HTTP/1.1" 200 78
180.169.147.146 - - [27/Nov/2022:09:26:24 +0800] "POST /xingrg/all/report/load_report_page.html HTTP/1.1" 200 51159
180.169.147.146 - - [27/Nov/2022:09:26:24 +0800] "GET /xingrg/servlets/image?cache=0.051296182246385214&image=px HTTP/1.1" 200 807
114.83.219.57 - - [27/Nov/2022:09:26:26 +0800] "GET /xingrg/all/function/internal_message.html?_=1669512510676&CODE_STATE=getMsg HTTP/1.1" 200 27
101.85.106.255 - - [27/Nov/2022:09:26:29 +0800] "GET /xingrg/all/function/internal_message.html?_=1669512383088&CODE_STATE=getMsg HTTP/1.1" 200 27
116.238.139.35 - - [27/Nov/2022:09:26:30 +0800] "POST /xingrg/kc/buy/cgsh_order_operate.html HTTP/1.1" 200 12
116.238.139.35 - - [27/Nov/2022:09:26:30 +0800] "GET /xingrg/kc/buy/cgsh_order_info.html?code=212022112709280 HTTP/1.1" 200 64054
114.84.38.109 - - [27/Nov/2022:09:26:31 +0800] "GET /xingrg/kc/buy/cgsh_order_operate.html?command=get_materiel&rest_code=00146&code=00101015038&supplier_code=00100005&order_time=2022-11-27 HTTP/1.1" 200 418
116.238.139.35 - - [27/Nov/2022:09:26:31 +0800] "GET /xingrg/javascript/easyui/themes/default/validatebox.css HTTP/1.1" 404 1104
116.238.139.35 - - [27/Nov/2022:09:26:31 +0800] "POST /xingrg/kc/buy/cgsh_order_operate.html HTTP/1.1" 200 618
116.238.139.35 - - [27/Nov/2022:09:26:34 +0800] "GET /xingrg/kc/print/load_data.html?order_code=212022112709280&kc_code=cgsh&condition= HTTP/1.1" 200 702
116.238.139.35 - - [27/Nov/2022:09:26:40 +0800] "GET /xingrg/kc/buy/cgsh_order_add.html HTTP/1.1" 200 69159
116.238.139.35 - - [27/Nov/2022:09:26:40 +0800] "GET /xingrg/javascript/easyui/themes/default/validatebox.css HTTP/1.1" 404 1104
116.238.139.35 - - [27/Nov/2022:09:26:41 +0800] "POST /xingrg/kc/buy/cgsh_order_operate.html HTTP/1.1" 200 8245
124.79.245.154 - - [27/Nov/2022:09:26:43 +0800] "GET /xingrg/all/function/internal_message.html?_=1669512399003&CODE_STATE=getMsg HTTP/1.1" 200 27
114.95.46.117 - - [27/Nov/2022:09:26:44 +0800] "GET /xingrg/check_reg.html?_=1669512248104 HTTP/1.1" 200 22
114.95.46.117 - - [27/Nov/2022:09:26:44 +0800] "GET /xingrg/all/function/internal_message.html?_=1669512248105&CODE_STATE=getMsg HTTP/1.1" 200 27
114.84.38.109 - - [27/Nov/2022:09:26:45 +0800] "GET /xingrg/kc/buy/cgsh_order_operate.html?command=get_materiel&rest_code=00146&code=00101008679&supplier_code=00100005&order_time=2022-11-27 HTTP/1.1" 200 399
116.238.139.35 - - [27/Nov/2022:09:26:50 +0800] "GET /xingrg/kc/buy/cgsh_order_operate.html?command=get_materiel&rest_code=00151&code=00101006087&supplier_code=00100096&order_time=2022-11-27 HTTP/1.1" 200 411
116.238.139.35 - - [27/Nov/2022:09:26:52 +0800] "GET /xingrg/all/function/internal_message.html?_=1669512408897&CODE_STATE=getMsg HTTP/1.1" 200 27
180.169.147.146 - - [27/Nov/2022:09:27:01 +0800] "GET /xingrg/all/function/internal_message.html?_=1669512416836&CODE_STATE=getMsg HTTP/1.1" 200 27
116.238.139.35 - - [27/Nov/2022:09:27:05 +0800] "GET /xingrg/kc/buy/cgsh_order_operate.html?command=get_materiel&rest_code=00151&code=00101001010&supplier_code=00100096&order_time=2022-11-27 HTTP/1.1" 200 409
120.253.135.82 - - [27/Nov/2022:09:27:07 +0800] "GET /xingrg/all/function/internal_message.html?_=1669512223934&CODE_STATE=getMsg HTTP/1.1" 200 27
114.84.38.109 - - [27/Nov/2022:09:27:08 +0800] "GET /xingrg/all/function/internal_message.html?_=1669512449456&CODE_STATE=getMsg HTTP/1.1" 200 27
116.230.105.139 - - [27/Nov/2022:09:27:09 +0800] "GET /xingrg/all/function/internal_message.html?_=1669512400906&CODE_STATE=getMsg HTTP/1.1" 200 27
180.169.147.146 - - [27/Nov/2022:09:27:13 +0800] "GET /xingrg/javascript/jquery_easy_ui/themes/icons/ok.png HTTP/1.1" 200 883
180.169.147.146 - - [27/Nov/2022:09:27:13 +0800] "GET /xingrg/javascript/jquery_easy_ui/themes/default/images/panel_title.png HTTP/1.1" 200 266
180.169.147.146 - - [27/Nov/2022:09:27:13 +0800] "GET /xingrg/javascript/jquery_easy_ui/themes/default/images/panel_tools.gif HTTP/1.1" 200 737
116.238.139.35 - - [27/Nov/2022:09:27:16 +0800] "GET /xingrg/kc/buy/cgsh_order_operate.html?command=get_materiel&rest_code=00151&code=00101016025&supplier_code=00100096&order_time=2022-11-27 HTTP/1.1" 200 408
114.95.46.117 - - [27/Nov/2022:09:27:19 +0800] "GET /xingrg/all/function/internal_message.html?_=1669512435073&CODE_STATE=getMsg HTTP/1.1" 200 27
180.162.229.95 - - [27/Nov/2022:09:27:19 +0800] "GET /xingrg/all/function/internal_message.html?_=1669512435180&CODE_STATE=getMsg HTTP/1.1" 200 27
120.253.135.82 - - [27/Nov/2022:09:27:20 +0800] "GET /xingrg/kc/pszx/mdqp_order_list.html?state=10 HTTP/1.1" 200 10275
120.253.135.82 - - [27/Nov/2022:09:27:20 +0800] "POST /xingrg/kc/pszx/mdps_list_operate.html HTTP/1.1" 200 868
120.253.135.82 - - [27/Nov/2022:09:27:20 +0800] "GET /xingrg/dwr/engine.js HTTP/1.1" 200 43631
120.253.135.82 - - [27/Nov/2022:09:27:20 +0800] "GET /xingrg/dwr/interface/AjaxReportQueryService.js HTTP/1.1" 200 13203
120.253.135.82 - - [27/Nov/2022:09:27:20 +0800] "GET /xingrg/dwr/interface/AjaxQqpsService.js HTTP/1.1" 200 16326
120.253.135.82 - - [27/Nov/2022:09:27:22 +0800] "GET /xingrg/kc/buy/cgsh_order_list.html HTTP/1.1" 200 53780
116.238.139.35 - - [27/Nov/2022:09:27:22 +0800] "GET /xingrg/kc/buy/cgsh_order_operate.html?command=get_materiel&rest_code=00151&code=00101012039&supplier_code=00100096&order_time=2022-11-27 HTTP/1.1" 200 408
120.253.135.82 - - [27/Nov/2022:09:27:23 +0800] "POST /xingrg/kc/buy/cgsh_list_operate.html HTTP/1.1" 200 986
114.84.38.109 - - [27/Nov/2022:09:27:25 +0800] "GET /xingrg/kc/buy/cgsh_order_operate.html?command=get_materiel&rest_code=00146&code=00101008036&supplier_code=00100005&order_time=2022-11-27 HTTP/1.1" 200 408
114.83.219.57 - - [27/Nov/2022:09:27:26 +0800] "GET /xingrg/all/function/internal_message.html?_=1669512570685&CODE_STATE=getMsg HTTP/1.1" 200 27
120.253.135.82 - - [27/Nov/2022:09:27:26 +0800] "GET /xingrg/kc/pszx/mdqp_order_list.html?state=10 HTTP/1.1" 200 10275
120.253.135.82 - - [27/Nov/2022:09:27:26 +0800] "GET /xingrg/dwr/interface/AjaxQqpsService.js HTTP/1.1" 200 16326
120.253.135.82 - - [27/Nov/2022:09:27:26 +0800] "GET /xingrg/dwr/interface/AjaxReportQueryService.js HTTP/1.1" 200 13203
120.253.135.82 - - [27/Nov/2022:09:27:26 +0800] "GET /xingrg/dwr/engine.js HTTP/1.1" 200 43631
116.238.139.35 - - [27/Nov/2022:09:27:28 +0800] "GET /xingrg/kc/buy/cgsh_order_operate.html?command=get_materiel&rest_code=00151&code=00101016038&supplier_code=00100096&order_time=2022-11-27 HTTP/1.1" 200 408
101.85.106.255 - - [27/Nov/2022:09:27:29 +0800] "GET /xingrg/all/function/internal_message.html?_=1669512443098&CODE_STATE=getMsg HTTP/1.1" 200 27
120.253.135.82 - - [27/Nov/2022:09:27:30 +0800] "GET /xingrg/kc/pszx/mdth_order_list.html HTTP/1.1" 200 18459
120.253.135.82 - - [27/Nov/2022:09:27:30 +0800] "POST /xingrg/kc/pszx/mdth_order_new_list.html HTTP/1.1" 200 4730
180.169.147.146 - - [27/Nov/2022:09:27:30 +0800] "POST /xingrg/dwr/call/plaincall/AjaxReportQueryService.refreshCache.dwr HTTP/1.1" 200 78
180.169.147.146 - - [27/Nov/2022:09:27:31 +0800] "POST /xingrg/all/report/load_report_page.html HTTP/1.1" 200 51008
180.169.147.146 - - [27/Nov/2022:09:27:31 +0800] "GET /xingrg/servlets/image?cache=0.5588131831013362&image=px HTTP/1.1" 200 807
120.253.135.82 - - [27/Nov/2022:09:27:32 +0800] "POST /xingrg/kc/pszx/mdth_order_new_list.html HTTP/1.1" 200 313
120.253.135.82 - - [27/Nov/2022:09:27:33 +0800] "GET /xingrg/kc/pszx/mdth_order_info.html?code=322022112300008 HTTP/1.1" 200 22207
120.253.135.82 - - [27/Nov/2022:09:27:33 +0800] "GET /xingrg/javascript/easyui/themes/default/validatebox.css HTTP/1.1" 404 1104
120.253.135.82 - - [27/Nov/2022:09:27:33 +0800] "POST /xingrg/kc/pszx/mdth_order_new_info.html HTTP/1.1" 200 609
116.238.139.35 - - [27/Nov/2022:09:27:35 +0800] "GET /xingrg/kc/buy/cgsh_order_operate.html?command=get_materiel&rest_code=00151&code=00101016051&supplier_code=00100096&order_time=2022-11-27 HTTP/1.1" 200 408
120.253.135.82 - - [27/Nov/2022:09:27:37 +0800] "POST /xingrg/all/common/load_combo.html?type=employee HTTP/1.1" 200 1752
116.238.139.35 - - [27/Nov/2022:09:27:42 +0800] "GET /xingrg/kc/buy/cgsh_order_operate.html?command=get_materiel&rest_code=00151&code=00101012019&supplier_code=00100096&order_time=2022-11-27 HTTP/1.1" 200 412
120.253.135.82 - - [27/Nov/2022:09:27:43 +0800] "POST /xingrg/all/common/load_combo.html?type=base HTTP/1.1" 200 1169
124.79.245.154 - - [27/Nov/2022:09:27:43 +0800] "GET /xingrg/all/function/internal_message.html?_=1669512458997&CODE_STATE=getMsg HTTP/1.1" 200 27
114.95.46.117 - - [27/Nov/2022:09:27:44 +0800] "GET /xingrg/all/function/internal_message.html?_=1669512308104&CODE_STATE=getMsg HTTP/1.1" 200 27
120.253.135.82 - - [27/Nov/2022:09:27:47 +0800] "POST /xingrg/kc/pszx/mdth_order_new_info.html HTTP/1.1" 200 37
120.253.135.82 - - [27/Nov/2022:09:27:48 +0800] "POST /xingrg/kc/pszx/mdth_order_new_info.html HTTP/1.1" 200 623
120.253.135.82 - - [27/Nov/2022:09:27:51 +0800] "GET /xingrg/kc/print/load_config.html?kc_code=mdth HTTP/1.1" 200 3088
120.253.135.82 - - [27/Nov/2022:09:27:51 +0800] "GET /xingrg/kc/print/load_data.html?order_code=322022112300008&kc_code=mdth&condition= HTTP/1.1" 200 852
116.238.139.35 - - [27/Nov/2022:09:27:52 +0800] "GET /xingrg/all/function/internal_message.html?_=1669512468899&CODE_STATE=getMsg HTTP/1.1" 200 27
116.238.139.35 - - [27/Nov/2022:09:27:53 +0800] "GET /xingrg/kc/buy/cgsh_order_operate.html?command=get_materiel&rest_code=00151&code=00101006168&supplier_code=00100096&order_time=2022-11-27 HTTP/1.1" 200 423
120.253.135.82 - - [27/Nov/2022:09:28:00 +0800] "POST /xingrg/kc/pszx/mdth_order_new_info.html HTTP/1.1" 200 37
120.253.135.82 - - [27/Nov/2022:09:28:01 +0800] "POST /xingrg/kc/pszx/mdth_order_new_info.html HTTP/1.1" 200 623
180.169.147.146 - - [27/Nov/2022:09:28:01 +0800] "GET /xingrg/all/function/internal_message.html?_=1669512476836&CODE_STATE=getMsg HTTP/1.1" 200 27
120.253.135.82 - - [27/Nov/2022:09:28:01 +0800] "POST /xingrg/kc/pszx/mdth_order_new_info.html HTTP/1.1" 200 12
120.253.135.82 - - [27/Nov/2022:09:28:03 +0800] "GET /xingrg/kc/pszx/mdth_order_info.html?code=322022112300008 HTTP/1.1" 200 20267
180.169.147.146 - - [27/Nov/2022:09:28:03 +0800] "POST /xingrg/all/user/operate.html HTTP/1.1" 200 36
120.253.135.82 - - [27/Nov/2022:09:28:03 +0800] "POST /xingrg/kc/pszx/mdth_order_new_info.html HTTP/1.1" 200 623
180.169.147.146 - - [27/Nov/2022:09:28:03 +0800] "GET /xingrg/index.html?sysBaseUrl=http%3A%2F%2F180.169.147.146%3A18081%2Fxingrg%2F&costTime=41×tamp=1669512361237 HTTP/1.1" 200 17503
180.169.147.146 - - [27/Nov/2022:09:28:03 +0800] "GET /xingrg/javascript/jquery_easy_ui/themes/default/easyui.css HTTP/1.1" 304 -
120.253.135.82 - - [27/Nov/2022:09:28:03 +0800] "GET /xingrg/javascript/easyui/themes/default/validatebox.css HTTP/1.1" 404 1104
180.169.147.146 - - [27/Nov/2022:09:28:03 +0800] "GET /xingrg/javascript/jquery_easy_ui/themes/icon.css HTTP/1.1" 304 -
180.169.147.146 - - [27/Nov/2022:09:28:03 +0800] "GET /xingrg/css/form.css HTTP/1.1" 304 -
180.169.147.146 - - [27/Nov/2022:09:28:03 +0800] "GET /xingrg/javascript/jquery-1.4.2.min.js HTTP/1.1" 304 -
180.169.147.146 - - [27/Nov/2022:09:28:03 +0800] "GET /xingrg/javascript/jquery_easy_ui/jquery.easyui.min.js HTTP/1.1" 304 -
180.169.147.146 - - [27/Nov/2022:09:28:03 +0800] "GET /xingrg/javascript/jquery_easy_ui/easyui-lang-zh_CN.js HTTP/1.1" 304 -
180.169.147.146 - - [27/Nov/2022:09:28:03 +0800] "GET /xingrg/javascript/jquery.form.js HTTP/1.1" 304 -
180.169.147.146 - - [27/Nov/2022:09:28:03 +0800] "GET /xingrg/javascript/jquery.utils.js HTTP/1.1" 304 -
180.169.147.146 - - [27/Nov/2022:09:28:03 +0800] "GET /xingrg/javascript/jquery.timers.js HTTP/1.1" 304 -
180.169.147.146 - - [27/Nov/2022:09:28:03 +0800] "GET /xingrg/images/blue/jxLogo.png HTTP/1.1" 304 -
180.169.147.146 - - [27/Nov/2022:09:28:03 +0800] "GET /xingrg/images/blue/navBackgound.jpg HTTP/1.1" 304 -
180.169.147.146 - - [27/Nov/2022:09:28:03 +0800] "GET /xingrg/javascript/jquery_easy_ui/themes/icons/settle_new.png HTTP/1.1" 304 -
180.169.147.146 - - [27/Nov/2022:09:28:04 +0800] "POST /xingrg/all/common/load_tree.html?tree=area_rest_tree_json&manage=1 HTTP/1.1" 200 3499
180.169.147.146 - - [27/Nov/2022:09:28:04 +0800] "GET /xingrg/all/function/internal_message.html?_=1669512479423&CODE_STATE=count HTTP/1.1" 200 11
180.169.147.146 - - [27/Nov/2022:09:28:04 +0800] "GET /xingrg/javascript/jquery_easy_ui/themes/default/images/panel_tool_expand.gif HTTP/1.1" 304 -
180.169.147.146 - - [27/Nov/2022:09:28:04 +0800] "GET /xingrg/images/blue/pingpu.png HTTP/1.1" 304 -
180.169.147.146 - - [27/Nov/2022:09:28:04 +0800] "GET /xingrg/javascript/jquery_easy_ui/themes/default/images/tabs_leftarrow.png HTTP/1.1" 304 -
180.169.147.146 - - [27/Nov/2022:09:28:04 +0800] "GET /xingrg/check_reg.html?_=1669512479424 HTTP/1.1" 200 22
180.169.147.146 - - [27/Nov/2022:09:28:04 +0800] "POST /xingrg/load_menu.html HTTP/1.1" 200 9959
180.169.147.146 - - [27/Nov/2022:09:28:04 +0800] "GET /xingrg/javascript/jquery_easy_ui/themes/default/images/tabs_rightarrow.png HTTP/1.1" 304 -
180.169.147.146 - - [27/Nov/2022:09:28:04 +0800] "GET /xingrg/javascript/jquery_easy_ui/themes/default/images/panel_tool_collapse.gif HTTP/1.1" 304 -
116.238.139.35 - - [27/Nov/2022:09:28:05 +0800] "GET /xingrg/kc/buy/cgsh_order_operate.html?command=get_materiel&rest_code=00151&code=00101010711&supplier_code=00100096&order_time=2022-11-27 HTTP/1.1" 200 406
180.169.147.146 - - [27/Nov/2022:09:28:06 +0800] "GET /xingrg/kc/buy/cgsh_order_list.html HTTP/1.1" 200 54035
180.169.147.146 - - [27/Nov/2022:09:28:06 +0800] "GET /xingrg/css/base.css HTTP/1.1" 200 2811
180.169.147.146 - - [27/Nov/2022:09:28:06 +0800] "GET /xingrg/css/site.css HTTP/1.1" 200 7541
180.169.147.146 - - [27/Nov/2022:09:28:06 +0800] "GET /xingrg/javascript/jquery_tools/datebox.css HTTP/1.1" 200 2597
180.169.147.146 - - [27/Nov/2022:09:28:06 +0800] "GET /xingrg/javascript/easyui/themes/icon.css HTTP/1.1" 200 4483
180.169.147.146 - - [27/Nov/2022:09:28:06 +0800] "GET /xingrg/javascript/auto/jquery.autocomplete.css HTTP/1.1" 200 587
180.169.147.146 - - [27/Nov/2022:09:28:06 +0800] "GET /xingrg/javascript/easyui/themes/default/easyui.css HTTP/1.1" 200 30432
180.169.147.146 - - [27/Nov/2022:09:28:06 +0800] "GET /xingrg/javascript/jquery_tools/fix.css HTTP/1.1" 200 1702
180.169.147.146 - - [27/Nov/2022:09:28:06 +0800] "GET /xingrg/javascript/jquery_tools/table.css HTTP/1.1" 200 1032
180.169.147.146 - - [27/Nov/2022:09:28:06 +0800] "GET /xingrg/javascript/jquery_tools/jquery.tools.hotkey.js HTTP/1.1" 200 3242
180.169.147.146 - - [27/Nov/2022:09:28:06 +0800] "GET /xingrg/javascript/jquery_tools/list_manager.js HTTP/1.1" 200 3652
180.169.147.146 - - [27/Nov/2022:09:28:06 +0800] "GET /xingrg/javascript/jquery_tools/jquery.tools.table.js HTTP/1.1" 200 6994
180.169.147.146 - - [27/Nov/2022:09:28:06 +0800] "GET /xingrg/javascript/jquery.cookie.js HTTP/1.1" 200 5513
180.169.147.146 - - [27/Nov/2022:09:28:06 +0800] "GET /xingrg/javascript/auto/jquery.autocomplete.js HTTP/1.1" 200 21624
180.169.147.146 - - [27/Nov/2022:09:28:06 +0800] "GET /xingrg/javascript/jquery_tools/jquery.tools.extend.js HTTP/1.1" 200 15385
180.169.147.146 - - [27/Nov/2022:09:28:06 +0800] "GET /xingrg/javascript/easyui/easyloader.js HTTP/1.1" 200 5975
180.169.147.146 - - [27/Nov/2022:09:28:06 +0800] "GET /xingrg/javascript/jquery_tools/jquery.tools.min.js HTTP/1.1" 200 138801
180.169.147.146 - - [27/Nov/2022:09:28:06 +0800] "GET /xingrg/javascript/print/LodopFuncs.js HTTP/1.1" 200 5121
180.169.147.146 - - [27/Nov/2022:09:28:06 +0800] "GET /xingrg/javascript/easyui/themes/icons/uncheck_new.png HTTP/1.1" 200 3197
180.169.147.146 - - [27/Nov/2022:09:28:06 +0800] "GET /xingrg/javascript/easyui/themes/icons/check_new.png HTTP/1.1" 200 3224
180.169.147.146 - - [27/Nov/2022:09:28:06 +0800] "GET /xingrg/javascript/easyui/themes/icons/cance_new.png HTTP/1.1" 200 3986
180.169.147.146 - - [27/Nov/2022:09:28:06 +0800] "GET /xingrg/javascript/easyui/themes/icons/edit_add_new.png HTTP/1.1" 200 2997
180.169.147.146 - - [27/Nov/2022:09:28:06 +0800] "GET /xingrg/javascript/easyui/themes/icons/import_new.png HTTP/1.1" 200 1247
180.169.147.146 - - [27/Nov/2022:09:28:06 +0800] "GET /xingrg/javascript/easyui/themes/icons/field_new.png HTTP/1.1" 200 1097
180.169.147.146 - - [27/Nov/2022:09:28:06 +0800] "GET /xingrg/javascript/easyui/plugins/jquery.parser.js HTTP/1.1" 200 1142
120.253.135.82 - - [27/Nov/2022:09:28:07 +0800] "GET /xingrg/all/function/internal_message.html?_=1669512283947&CODE_STATE=getMsg HTTP/1.1" 200 27
114.84.38.109 - - [27/Nov/2022:09:28:08 +0800] "GET /xingrg/all/function/internal_message.html?_=1669512509469&CODE_STATE=getMsg HTTP/1.1" 200 27
180.169.147.146 - - [27/Nov/2022:09:28:09 +0800] "POST /xingrg/kc/buy/cgsh_list_operate.html HTTP/1.1" 200 2255
116.230.105.139 - - [27/Nov/2022:09:28:09 +0800] "GET /xingrg/all/function/internal_message.html?_=1669512460882&CODE_STATE=getMsg HTTP/1.1" 200 27
180.169.147.146 - - [27/Nov/2022:09:28:11 +0800] "GET /xingrg/javascript/easyui/themes/default/images/button_plain_hover.png HTTP/1.1" 200 144
180.169.147.146 - - [27/Nov/2022:09:28:15 +0800] "GET /xingrg/kc/report/report_main.html HTTP/1.1" 200 7340
116.238.139.35 - - [27/Nov/2022:09:28:18 +0800] "GET /xingrg/kc/buy/cgsh_order_operate.html?command=get_materiel&rest_code=00151&code=00101006109&supplier_code=00100096&order_time=2022-11-27 HTTP/1.1" 200 411
114.95.46.117 - - [27/Nov/2022:09:28:19 +0800] "GET /xingrg/all/function/internal_message.html?_=1669512495052&CODE_STATE=getMsg HTTP/1.1" 200 27
180.162.229.95 - - [27/Nov/2022:09:28:19 +0800] "GET /xingrg/all/function/internal_message.html?_=1669512495152&CODE_STATE=getMsg HTTP/1.1" 200 27
180.169.147.146 - - [27/Nov/2022:09:28:23 +0800] "POST /xingrg/all/user/operate.html HTTP/1.1" 200 36
180.169.147.146 - - [27/Nov/2022:09:28:23 +0800] "GET /xingrg/index.html?sysBaseUrl=http%3A%2F%2F180.169.147.146%3A18081%2Fxingrg%2F&costTime=41×tamp=1669512361237 HTTP/1.1" 200 17503
180.169.147.146 - - [27/Nov/2022:09:28:23 +0800] "GET /xingrg/javascript/jquery_easy_ui/themes/default/easyui.css HTTP/1.1" 304 -
180.169.147.146 - - [27/Nov/2022:09:28:23 +0800] "GET /xingrg/javascript/jquery_easy_ui/themes/icon.css HTTP/1.1" 304 -
180.169.147.146 - - [27/Nov/2022:09:28:23 +0800] "GET /xingrg/css/form.css HTTP/1.1" 304 -
180.169.147.146 - - [27/Nov/2022:09:28:23 +0800] "GET /xingrg/javascript/jquery-1.4.2.min.js HTTP/1.1" 304 -
180.169.147.146 - - [27/Nov/2022:09:28:23 +0800] "GET /xingrg/javascript/jquery_easy_ui/jquery.easyui.min.js HTTP/1.1" 304 -
180.169.147.146 - - [27/Nov/2022:09:28:23 +0800] "GET /xingrg/javascript/jquery_easy_ui/easyui-lang-zh_CN.js HTTP/1.1" 304 -
180.169.147.146 - - [27/Nov/2022:09:28:23 +0800] "GET /xingrg/javascript/jquery.form.js HTTP/1.1" 304 -
180.169.147.146 - - [27/Nov/2022:09:28:23 +0800] "GET /xingrg/javascript/jquery.utils.js HTTP/1.1" 304 -
180.169.147.146 - - [27/Nov/2022:09:28:23 +0800] "GET /xingrg/javascript/jquery.timers.js HTTP/1.1" 304 -
180.169.147.146 - - [27/Nov/2022:09:28:23 +0800] "GET /xingrg/images/blue/jxLogo.png HTTP/1.1" 304 -
180.169.147.146 - - [27/Nov/2022:09:28:23 +0800] "GET /xingrg/images/blue/navBackgound.jpg HTTP/1.1" 304 -
180.169.147.146 - - [27/Nov/2022:09:28:23 +0800] "GET /xingrg/javascript/jquery_easy_ui/themes/icons/settle_new.png HTTP/1.1" 304 -
180.169.147.146 - - [27/Nov/2022:09:28:23 +0800] "POST /xingrg/all/common/load_tree.html?tree=area_rest_tree_json&manage=1 HTTP/1.1" 200 3499
180.169.147.146 - - [27/Nov/2022:09:28:23 +0800] "GET /xingrg/check_reg.html?_=1669512498865 HTTP/1.1" 200 22
180.169.147.146 - - [27/Nov/2022:09:28:23 +0800] "GET /xingrg/all/function/internal_message.html?_=1669512498864&CODE_STATE=count HTTP/1.1" 200 11
180.169.147.146 - - [27/Nov/2022:09:28:23 +0800] "GET /xingrg/javascript/jquery_easy_ui/themes/default/images/tabs_leftarrow.png HTTP/1.1" 304 -
180.169.147.146 - - [27/Nov/2022:09:28:23 +0800] "GET /xingrg/images/blue/pingpu.png HTTP/1.1" 304 -
180.169.147.146 - - [27/Nov/2022:09:28:23 +0800] "GET /xingrg/javascript/jquery_easy_ui/themes/default/images/tabs_rightarrow.png HTTP/1.1" 304 -
180.169.147.146 - - [27/Nov/2022:09:28:23 +0800] "GET /xingrg/javascript/jquery_easy_ui/themes/default/images/panel_tool_expand.gif HTTP/1.1" 304 -
180.169.147.146 - - [27/Nov/2022:09:28:23 +0800] "GET /xingrg/javascript/jquery_easy_ui/themes/default/images/panel_tool_collapse.gif HTTP/1.1" 304 -
180.169.147.146 - - [27/Nov/2022:09:28:23 +0800] "POST /xingrg/load_menu.html HTTP/1.1" 200 11564
180.169.147.146 - - [27/Nov/2022:09:28:24 +0800] "GET /xingrg/kc/report/report_main.html HTTP/1.1" 200 8599
180.169.147.146 - - [27/Nov/2022:09:28:25 +0800] "GET /xingrg/all/report/report_query.html?fileName=kc/buy/gys_amount_base_rest.xml HTTP/1.1" 200 51664
180.169.147.146 - - [27/Nov/2022:09:28:26 +0800] "GET /xingrg/dwr/interface/AjaxReportQueryService.js HTTP/1.1" 200 13203
180.169.147.146 - - [27/Nov/2022:09:28:26 +0800] "GET /xingrg/dwr/engine.js HTTP/1.1" 200 43631
180.169.147.146 - - [27/Nov/2022:09:28:26 +0800] "POST /xingrg/dwr/call/plaincall/AjaxReportQueryService.getFixDate.dwr HTTP/1.1" 200 111
180.169.147.146 - - [27/Nov/2022:09:28:26 +0800] "POST /xingrg/all/common/load_tree.html?tree=area_rest_tree_json&manage=1 HTTP/1.1" 200 3499
180.169.147.146 - - [27/Nov/2022:09:28:26 +0800] "POST /xingrg/all/common/load_tree.html?tree=supplier_tree_json&manage=1 HTTP/1.1" 200 71595
114.83.219.57 - - [27/Nov/2022:09:28:26 +0800] "GET /xingrg/check_reg.html?_=1669512630701 HTTP/1.1" 200 22
114.83.219.57 - - [27/Nov/2022:09:28:26 +0800] "GET /xingrg/all/function/internal_message.html?_=1669512630702&CODE_STATE=getMsg HTTP/1.1" 200 27
180.169.147.146 - - [27/Nov/2022:09:28:29 +0800] "POST /xingrg/dwr/call/plaincall/AjaxReportQueryService.getFixDate.dwr HTTP/1.1" 200 111
101.85.106.255 - - [27/Nov/2022:09:28:29 +0800] "GET /xingrg/all/function/internal_message.html?_=1669512503126&CODE_STATE=getMsg HTTP/1.1" 200 27
58.40.7.146 - - [27/Nov/2022:09:28:30 +0800] "GET /xingrg/all/function/internal_message.html?_=1669512505634&CODE_STATE=getMsg HTTP/1.1" 302 -
58.40.7.146 - - [27/Nov/2022:09:28:30 +0800] "GET /xingrg/check_reg.html?_=1669512505655 HTTP/1.1" 302 -
58.40.7.146 - - [27/Nov/2022:09:28:30 +0800] "GET /xingrg/login.html HTTP/1.1" 200 7641
58.40.7.146 - - [27/Nov/2022:09:28:30 +0800] "GET /xingrg/login.html HTTP/1.1" 200 7641
116.238.139.35 - - [27/Nov/2022:09:28:32 +0800] "GET /xingrg/kc/buy/cgsh_order_operate.html?command=get_materiel&rest_code=00151&code=00101006112&supplier_code=00100096&order_time=2022-11-27 HTTP/1.1" 200 411
116.238.139.35 - - [27/Nov/2022:09:28:43 +0800] "GET /xingrg/kc/buy/cgsh_order_operate.html?command=get_materiel&rest_code=00151&code=00101006013&supplier_code=00100096&order_time=2022-11-27 HTTP/1.1" 200 409
124.79.245.154 - - [27/Nov/2022:09:28:43 +0800] "GET /xingrg/all/function/internal_message.html?_=1669512518984&CODE_STATE=getMsg HTTP/1.1" 200 27
114.95.46.117 - - [27/Nov/2022:09:28:44 +0800] "GET /xingrg/all/function/internal_message.html?_=1669512368102&CODE_STATE=getMsg HTTP/1.1" 200 27
116.238.139.35 - - [27/Nov/2022:09:28:52 +0800] "GET /xingrg/all/function/internal_message.html?_=1669512528899&CODE_STATE=getMsg HTTP/1.1" 200 27
114.84.38.109 - - [27/Nov/2022:09:28:59 +0800] "GET /xingrg/check_reg.html?_=1669512560233 HTTP/1.1" 200 22
180.169.147.146 - - [27/Nov/2022:09:29:02 +0800] "POST /xingrg/dwr/call/plaincall/AjaxReportQueryService.getFixDate.dwr HTTP/1.1" 200 111
120.253.135.82 - - [27/Nov/2022:09:29:07 +0800] "GET /xingrg/all/function/internal_message.html?_=1669512343962&CODE_STATE=getMsg HTTP/1.1" 200 27
114.84.38.109 - - [27/Nov/2022:09:29:08 +0800] "GET /xingrg/all/function/internal_message.html?_=1669512569482&CODE_STATE=getMsg HTTP/1.1" 200 27
116.230.105.139 - - [27/Nov/2022:09:29:09 +0800] "GET /xingrg/all/function/internal_message.html?_=1669512520865&CODE_STATE=getMsg HTTP/1.1" 200 27
180.169.147.146 - - [27/Nov/2022:09:29:15 +0800] "GET /xingrg/javascript/jquery_easy_ui/themes/default/images/button_plain_hover.png HTTP/1.1" 200 252
180.169.147.146 - - [27/Nov/2022:09:29:15 +0800] "POST /xingrg/dwr/call/plaincall/AjaxReportQueryService.refreshCache.dwr HTTP/1.1" 200 78
180.169.147.146 - - [27/Nov/2022:09:29:16 +0800] "POST /xingrg/all/report/load_report_page.html HTTP/1.1" 200 51465
180.169.147.146 - - [27/Nov/2022:09:29:16 +0800] "GET /xingrg/servlets/image?cache=0.8918793132603752&image=px HTTP/1.1" 200 807
114.95.46.117 - - [27/Nov/2022:09:29:19 +0800] "GET /xingrg/all/function/internal_message.html?_=1669512555025&CODE_STATE=getMsg HTTP/1.1" 200 27
180.169.147.146 - - [27/Nov/2022:09:29:19 +0800] "POST /xingrg/all/report/report_print.html HTTP/1.1" 200 7168
114.95.46.117 - - [27/Nov/2022:09:29:19 +0800] "GET /xingrg/check_reg.html?_=1669512555214 HTTP/1.1" 200 22
180.162.229.95 - - [27/Nov/2022:09:29:19 +0800] "GET /xingrg/all/function/internal_message.html?_=1669512555132&CODE_STATE=getMsg HTTP/1.1" 200 27
180.169.147.146 - - [27/Nov/2022:09:29:23 +0800] "GET /xingrg/all/function/internal_message.html?_=1669512558887&CODE_STATE=getMsg HTTP/1.1" 200 27
123.138.95.146 - - [27/Nov/2022:09:29:26 +0800] "GET /xingrg/login.html?sysBaseUrl=http%3A%2F%2F180.169.147.146%3A18081%2Fxingrg%2F&costTime=31×tamp=1615347190560 HTTP/1.1" 200 7641
114.83.219.57 - - [27/Nov/2022:09:29:26 +0800] "GET /xingrg/all/function/internal_message.html?_=1669512690696&CODE_STATE=getMsg HTTP/1.1" 200 27
120.253.135.82 - - [27/Nov/2022:09:29:27 +0800] "GET /xingrg/kc/pszx/mdth_order_info.html?code=322022112300008 HTTP/1.1" 200 20267
120.253.135.82 - - [27/Nov/2022:09:29:27 +0800] "POST /xingrg/kc/pszx/mdth_order_new_info.html HTTP/1.1" 200 623
120.253.135.82 - - [27/Nov/2022:09:29:27 +0800] "GET /xingrg/javascript/easyui/themes/default/validatebox.css HTTP/1.1" 404 1104
123.138.95.146 - - [27/Nov/2022:09:29:27 +0800] "GET /favicon.ico HTTP/1.1" 404 -
101.85.106.255 - - [27/Nov/2022:09:29:29 +0800] "GET /xingrg/all/function/internal_message.html?_=1669512563127&CODE_STATE=getMsg HTTP/1.1" 200 27
120.253.135.82 - - [27/Nov/2022:09:29:29 +0800] "POST /xingrg/kc/pszx/mdth_order_new_list.html HTTP/1.1" 200 4730
58.40.7.146 - - [27/Nov/2022:09:29:30 +0800] "GET /xingrg/all/function/internal_message.html?_=1669512565620&CODE_STATE=getMsg HTTP/1.1" 302 -
120.253.135.82 - - [27/Nov/2022:09:29:31 +0800] "POST /xingrg/kc/pszx/mdth_order_new_list.html HTTP/1.1" 200 202
120.253.135.82 - - [27/Nov/2022:09:29:34 +0800] "POST /xingrg/kc/pszx/mdth_order_new_list.html HTTP/1.1" 200 4730
120.253.135.82 - - [27/Nov/2022:09:29:34 +0800] "GET /xingrg/kc/report/report_main.html HTTP/1.1" 200 8599
120.253.135.82 - - [27/Nov/2022:09:29:36 +0800] "GET /xingrg/kc/base/kc_stocks.html HTTP/1.1" 200 16506
120.253.135.82 - - [27/Nov/2022:09:29:36 +0800] "GET /xingrg/javascript/easyui/themes/default/tree.css HTTP/1.1" 404 1090
120.253.135.82 - - [27/Nov/2022:09:29:36 +0800] "POST /xingrg/all/common/load_tree.html?tree=materiel_sort_tree_json HTTP/1.1" 200 9500
120.253.135.82 - - [27/Nov/2022:09:29:37 +0800] "POST /xingrg/all/common/load_combo.html?type=base HTTP/1.1" 200 1169
123.138.95.146 - - [27/Nov/2022:09:29:43 +0800] "POST /xingrg/login.do HTTP/1.1" 302 -
