180.162.229.95 - - [27/Nov/2022:08:31:14 +0800] "GET /xingrg/all/function/internal_message.html?_=1669509069923&CODE_STATE=getMsg HTTP/1.1" 302 -
116.230.105.139 - - [27/Nov/2022:08:31:16 +0800] "GET /xingrg/kc/buy/cgsh_order_operate.html?command=get_materiel&rest_code=00155&code=00101008478&supplier_code=00100005&order_time=2022-11-27 HTTP/1.1" 200 413
114.95.46.117 - - [27/Nov/2022:08:31:19 +0800] "GET /xingrg/all/function/internal_message.html?_=1669509075036&CODE_STATE=getMsg HTTP/1.1" 200 27
116.230.105.139 - - [27/Nov/2022:08:31:23 +0800] "GET /xingrg/kc/buy/cgsh_order_operate.html?command=get_materiel&rest_code=00155&code=00101008006&supplier_code=00100005&order_time=2022-11-27 HTTP/1.1" 200 416
116.230.105.139 - - [27/Nov/2022:08:31:30 +0800] "GET /xingrg/kc/buy/cgsh_order_operate.html?command=get_materiel&rest_code=00155&code=00101008108&supplier_code=00100005&order_time=2022-11-27 HTTP/1.1" 200 412
116.230.105.139 - - [27/Nov/2022:08:31:36 +0800] "GET /xingrg/kc/buy/cgsh_order_operate.html?command=get_materiel&rest_code=00155&code=00101008242&supplier_code=00100005&order_time=2022-11-27 HTTP/1.1" 200 408
116.230.105.139 - - [27/Nov/2022:08:31:42 +0800] "GET /xingrg/kc/buy/cgsh_order_operate.html?command=get_materiel&rest_code=00155&code=00101008706&supplier_code=00100005&order_time=2022-11-27 HTTP/1.1" 200 399
116.230.105.139 - - [27/Nov/2022:08:31:48 +0800] "GET /xingrg/kc/buy/cgsh_order_operate.html?command=get_materiel&rest_code=00155&code=00101008331&supplier_code=00100005&order_time=2022-11-27 HTTP/1.1" 200 418
116.230.105.139 - - [27/Nov/2022:08:31:56 +0800] "GET /xingrg/kc/buy/cgsh_order_operate.html?command=get_materiel&rest_code=00155&code=00101008061&supplier_code=00100005&order_time=2022-11-27 HTTP/1.1" 200 422
116.230.105.139 - - [27/Nov/2022:08:32:05 +0800] "POST /xingrg/kc/buy/cgsh_order_operate.html HTTP/1.1" 200 37
114.84.38.109 - - [27/Nov/2022:08:32:06 +0800] "GET /xingrg/all/function/internal_message.html?_=1669509147102&CODE_STATE=getMsg HTTP/1.1" 200 27
116.230.105.139 - - [27/Nov/2022:08:32:07 +0800] "GET /xingrg/all/function/internal_message.html?_=1669509098289&CODE_STATE=getMsg HTTP/1.1" 200 27
116.230.105.139 - - [27/Nov/2022:08:32:07 +0800] "POST /xingrg/kc/buy/cgsh_order_operate.html HTTP/1.1" 200 10368
116.230.105.139 - - [27/Nov/2022:08:32:10 +0800] "GET /xingrg/kc/print/load_config.html?kc_code=cgsh HTTP/1.1" 200 1943
116.230.105.139 - - [27/Nov/2022:08:32:10 +0800] "GET /xingrg/kc/print/load_data.html?order_code=212022112709260&kc_code=cgsh&condition= HTTP/1.1" 200 3645
180.162.229.95 - - [27/Nov/2022:08:32:14 +0800] "GET /xingrg/all/function/internal_message.html?_=1669509129894&CODE_STATE=getMsg HTTP/1.1" 302 -
114.95.46.117 - - [27/Nov/2022:08:32:19 +0800] "GET /xingrg/all/function/internal_message.html?_=1669509134989&CODE_STATE=getMsg HTTP/1.1" 200 27
116.230.105.139 - - [27/Nov/2022:08:32:20 +0800] "GET /xingrg/kc/buy/cgsh_order_add.html HTTP/1.1" 200 69567
116.230.105.139 - - [27/Nov/2022:08:32:21 +0800] "POST /xingrg/kc/buy/cgsh_order_operate.html HTTP/1.1" 200 8245
116.230.105.139 - - [27/Nov/2022:08:32:21 +0800] "GET /xingrg/javascript/easyui/themes/default/validatebox.css HTTP/1.1" 404 1104
116.230.105.139 - - [27/Nov/2022:08:32:30 +0800] "GET /xingrg/kc/buy/cgsh_order_operate.html?command=get_materiel&rest_code=00155&code=00101007090&supplier_code=00100002&order_time=2022-11-27 HTTP/1.1" 200 413
116.230.105.139 - - [27/Nov/2022:08:32:38 +0800] "GET /xingrg/kc/buy/cgsh_order_operate.html?command=get_materiel&rest_code=00155&code=00101007072&supplier_code=00100002&order_time=2022-11-27 HTTP/1.1" 200 413
116.230.105.139 - - [27/Nov/2022:08:32:46 +0800] "GET /xingrg/kc/buy/cgsh_order_operate.html?command=get_materiel&rest_code=00155&code=00101007032&supplier_code=00100002&order_time=2022-11-27 HTTP/1.1" 200 413
116.230.105.139 - - [27/Nov/2022:08:32:52 +0800] "POST /xingrg/kc/buy/cgsh_order_operate.html HTTP/1.1" 200 37
116.230.105.139 - - [27/Nov/2022:08:32:53 +0800] "POST /xingrg/kc/buy/cgsh_order_operate.html HTTP/1.1" 200 3844
116.230.105.139 - - [27/Nov/2022:08:32:54 +0800] "GET /xingrg/kc/print/load_data.html?order_code=212022112709261&kc_code=cgsh&condition= HTTP/1.1" 200 1208
116.230.105.139 - - [27/Nov/2022:08:32:57 +0800] "GET /xingrg/kc/print/load_data.html?order_code=212022112709261&kc_code=cgsh HTTP/1.1" 200 1208
114.84.38.109 - - [27/Nov/2022:08:33:06 +0800] "GET /xingrg/all/function/internal_message.html?_=1669509207200&CODE_STATE=getMsg HTTP/1.1" 200 27
116.230.105.139 - - [27/Nov/2022:08:33:10 +0800] "GET /xingrg/all/function/internal_message.html?_=1669509161812&CODE_STATE=getMsg HTTP/1.1" 200 27
116.230.105.139 - - [27/Nov/2022:08:33:12 +0800] "GET /xingrg/kc/buy/cgsh_order_list.html HTTP/1.1" 200 53786
180.162.229.95 - - [27/Nov/2022:08:33:14 +0800] "GET /xingrg/all/function/internal_message.html?_=1669509189881&CODE_STATE=getMsg HTTP/1.1" 302 -
116.230.105.139 - - [27/Nov/2022:08:33:15 +0800] "POST /xingrg/kc/buy/cgsh_list_operate.html HTTP/1.1" 200 2297
116.230.105.139 - - [27/Nov/2022:08:33:17 +0800] "POST /xingrg/kc/buy/cgsh_list_operate.html HTTP/1.1" 200 565
116.230.105.139 - - [27/Nov/2022:08:33:18 +0800] "GET /xingrg/kc/buy/cgsh_order_info.html?code=212022112709260 HTTP/1.1" 200 69576
116.230.105.139 - - [27/Nov/2022:08:33:18 +0800] "GET /xingrg/javascript/easyui/themes/default/validatebox.css HTTP/1.1" 404 1104
114.95.46.117 - - [27/Nov/2022:08:33:19 +0800] "GET /xingrg/all/function/internal_message.html?_=1669509194989&CODE_STATE=getMsg HTTP/1.1" 200 27
116.230.105.139 - - [27/Nov/2022:08:33:19 +0800] "POST /xingrg/kc/buy/cgsh_order_operate.html HTTP/1.1" 200 10368
116.230.105.139 - - [27/Nov/2022:08:33:19 +0800] "GET /xingrg/kc/print/load_data.html?order_code=212022112709260&kc_code=cgsh HTTP/1.1" 200 3645
116.230.105.139 - - [27/Nov/2022:08:33:32 +0800] "GET /xingrg/kc/buy/cgsh_order_add.html HTTP/1.1" 200 69567
116.230.105.139 - - [27/Nov/2022:08:33:32 +0800] "POST /xingrg/kc/buy/cgsh_order_operate.html HTTP/1.1" 200 8245
116.230.105.139 - - [27/Nov/2022:08:33:32 +0800] "GET /xingrg/javascript/easyui/themes/default/validatebox.css HTTP/1.1" 404 1104
116.230.105.139 - - [27/Nov/2022:08:33:41 +0800] "GET /xingrg/kc/buy/cgsh_order_operate.html?command=get_materiel&rest_code=00155&code=00101016040&supplier_code=00100028&order_time=2022-11-27 HTTP/1.1" 200 457
116.230.105.139 - - [27/Nov/2022:08:33:53 +0800] "GET /xingrg/kc/buy/cgsh_order_operate.html?command=get_materiel&rest_code=00155&code=00101016097&supplier_code=00100028&order_time=2022-11-27 HTTP/1.1" 200 469
114.84.38.109 - - [27/Nov/2022:08:33:59 +0800] "GET /xingrg/check_reg.html?_=1669509259983 HTTP/1.1" 200 22
116.230.105.139 - - [27/Nov/2022:08:34:00 +0800] "GET /xingrg/kc/buy/cgsh_order_operate.html?command=get_materiel&rest_code=00155&code=00101016037&supplier_code=00100028&order_time=2022-11-27 HTTP/1.1" 200 450
114.84.38.109 - - [27/Nov/2022:08:34:06 +0800] "GET /xingrg/all/function/internal_message.html?_=1669509267206&CODE_STATE=getMsg HTTP/1.1" 200 27
116.230.105.139 - - [27/Nov/2022:08:34:10 +0800] "GET /xingrg/all/function/internal_message.html?_=1669509221783&CODE_STATE=getMsg HTTP/1.1" 200 27
116.230.105.139 - - [27/Nov/2022:08:34:12 +0800] "POST /xingrg/kc/buy/cgsh_order_operate.html HTTP/1.1" 200 37
116.230.105.139 - - [27/Nov/2022:08:34:13 +0800] "POST /xingrg/kc/buy/cgsh_order_operate.html HTTP/1.1" 200 3918
180.162.229.95 - - [27/Nov/2022:08:34:14 +0800] "GET /xingrg/all/function/internal_message.html?_=1669509249861&CODE_STATE=getMsg HTTP/1.1" 302 -
116.230.105.139 - - [27/Nov/2022:08:34:14 +0800] "GET /xingrg/kc/print/load_data.html?order_code=212022112709262&kc_code=cgsh&condition= HTTP/1.1" 200 1273
114.95.46.117 - - [27/Nov/2022:08:34:19 +0800] "GET /xingrg/check_reg.html?_=1669509254989 HTTP/1.1" 200 22
114.95.46.117 - - [27/Nov/2022:08:34:19 +0800] "GET /xingrg/all/function/internal_message.html?_=1669509254992&CODE_STATE=getMsg HTTP/1.1" 200 27
116.230.105.139 - - [27/Nov/2022:08:34:28 +0800] "GET /xingrg/kc/buy/cgsh_order_add.html HTTP/1.1" 200 69567
116.230.105.139 - - [27/Nov/2022:08:34:28 +0800] "POST /xingrg/kc/buy/cgsh_order_operate.html HTTP/1.1" 200 8245
116.230.105.139 - - [27/Nov/2022:08:34:28 +0800] "GET /xingrg/javascript/easyui/themes/default/validatebox.css HTTP/1.1" 404 1104
116.230.105.139 - - [27/Nov/2022:08:34:37 +0800] "GET /xingrg/kc/buy/cgsh_order_operate.html?command=get_materiel&rest_code=00155&code=00101009118&supplier_code=00100037&order_time=2022-11-27 HTTP/1.1" 200 405
116.230.105.139 - - [27/Nov/2022:08:34:43 +0800] "GET /xingrg/kc/buy/cgsh_order_operate.html?command=get_materiel&rest_code=00155&code=00101009044&supplier_code=00100037&order_time=2022-11-27 HTTP/1.1" 200 412
116.230.105.139 - - [27/Nov/2022:08:35:05 +0800] "GET /xingrg/check_reg.html?_=1669509276830 HTTP/1.1" 200 22
114.84.38.109 - - [27/Nov/2022:08:35:06 +0800] "GET /xingrg/all/function/internal_message.html?_=1669509327220&CODE_STATE=getMsg HTTP/1.1" 200 27
116.230.105.139 - - [27/Nov/2022:08:35:10 +0800] "GET /xingrg/all/function/internal_message.html?_=1669509281765&CODE_STATE=getMsg HTTP/1.1" 200 27
180.162.229.95 - - [27/Nov/2022:08:35:14 +0800] "GET /xingrg/all/function/internal_message.html?_=1669509309845&CODE_STATE=getMsg HTTP/1.1" 302 -
180.162.229.95 - - [27/Nov/2022:08:35:14 +0800] "GET /xingrg/check_reg.html?_=1669509310187 HTTP/1.1" 302 -
114.95.46.117 - - [27/Nov/2022:08:35:19 +0800] "GET /xingrg/all/function/internal_message.html?_=1669509314992&CODE_STATE=getMsg HTTP/1.1" 200 27
116.230.105.139 - - [27/Nov/2022:08:35:21 +0800] "GET /xingrg/kc/buy/cgsh_order_operate.html?command=get_materiel&rest_code=00155&code=00101015107&supplier_code=00100037&order_time=2022-11-27 HTTP/1.1" 200 411
116.230.105.139 - - [27/Nov/2022:08:35:32 +0800] "GET /xingrg/kc/buy/cgsh_order_operate.html?command=get_materiel&rest_code=00155&code=00101015012&supplier_code=00100037&order_time=2022-11-27 HTTP/1.1" 200 412
116.230.105.139 - - [27/Nov/2022:08:35:41 +0800] "GET /xingrg/kc/buy/cgsh_order_operate.html?command=get_materiel&rest_code=00155&code=00101009113&supplier_code=00100037&order_time=2022-11-27 HTTP/1.1" 200 413
116.230.105.139 - - [27/Nov/2022:08:35:50 +0800] "GET /xingrg/kc/buy/cgsh_order_operate.html?command=get_materiel&rest_code=00155&code=00101016030&supplier_code=00100037&order_time=2022-11-27 HTTP/1.1" 200 412
116.230.105.139 - - [27/Nov/2022:08:36:00 +0800] "GET /xingrg/kc/buy/cgsh_order_operate.html?command=get_materiel&rest_code=00155&code=00101011005&supplier_code=00100037&order_time=2022-11-27 HTTP/1.1" 200 428
114.84.38.109 - - [27/Nov/2022:08:36:06 +0800] "GET /xingrg/all/function/internal_message.html?_=1669509387340&CODE_STATE=getMsg HTTP/1.1" 200 27
116.230.105.139 - - [27/Nov/2022:08:36:10 +0800] "GET /xingrg/all/function/internal_message.html?_=1669509341754&CODE_STATE=getMsg HTTP/1.1" 200 27
116.230.105.139 - - [27/Nov/2022:08:36:10 +0800] "GET /xingrg/kc/buy/cgsh_order_operate.html?command=get_materiel&rest_code=00155&code=00101012032&supplier_code=00100037&order_time=2022-11-27 HTTP/1.1" 200 416
180.162.229.95 - - [27/Nov/2022:08:36:14 +0800] "GET /xingrg/all/function/internal_message.html?_=1669509369827&CODE_STATE=getMsg HTTP/1.1" 302 -
114.95.46.117 - - [27/Nov/2022:08:36:19 +0800] "GET /xingrg/all/function/internal_message.html?_=1669509374992&CODE_STATE=getMsg HTTP/1.1" 200 27
116.230.105.139 - - [27/Nov/2022:08:36:19 +0800] "GET /xingrg/kc/buy/cgsh_order_operate.html?command=get_materiel&rest_code=00155&code=00101007109&supplier_code=00100037&order_time=2022-11-27 HTTP/1.1" 200 408
116.230.105.139 - - [27/Nov/2022:08:36:39 +0800] "GET /xingrg/kc/buy/cgsh_order_operate.html?command=get_materiel&rest_code=00155&code=00101009011&supplier_code=00100037&order_time=2022-11-27 HTTP/1.1" 200 416
116.230.105.139 - - [27/Nov/2022:08:36:52 +0800] "GET /xingrg/kc/buy/cgsh_order_operate.html?command=get_materiel&rest_code=00155&code=00102002565&supplier_code=00100037&order_time=2022-11-27 HTTP/1.1" 200 410
116.230.105.139 - - [27/Nov/2022:08:37:02 +0800] "POST /xingrg/kc/buy/cgsh_order_operate.html HTTP/1.1" 200 37
116.230.105.139 - - [27/Nov/2022:08:37:03 +0800] "POST /xingrg/kc/buy/cgsh_order_operate.html HTTP/1.1" 200 9173
114.84.38.109 - - [27/Nov/2022:08:37:06 +0800] "GET /xingrg/all/function/internal_message.html?_=1669509447341&CODE_STATE=getMsg HTTP/1.1" 200 27
116.230.105.139 - - [27/Nov/2022:08:37:10 +0800] "GET /xingrg/all/function/internal_message.html?_=1669509401751&CODE_STATE=getMsg HTTP/1.1" 200 27
180.162.229.95 - - [27/Nov/2022:08:37:13 +0800] "GET /xingrg/all/function/internal_message.html?_=1669509429804&CODE_STATE=getMsg HTTP/1.1" 302 -
114.95.46.117 - - [27/Nov/2022:08:37:19 +0800] "GET /xingrg/all/function/internal_message.html?_=1669509434992&CODE_STATE=getMsg HTTP/1.1" 200 27
116.238.139.35 - - [27/Nov/2022:08:37:50 +0800] "GET /xingrg/check_reg.html?_=1669509466485 HTTP/1.1" 302 -
116.238.139.35 - - [27/Nov/2022:08:37:50 +0800] "GET /xingrg/login.html HTTP/1.1" 200 7641
114.84.38.109 - - [27/Nov/2022:08:38:06 +0800] "GET /xingrg/all/function/internal_message.html?_=1669509507438&CODE_STATE=getMsg HTTP/1.1" 200 27
116.230.105.139 - - [27/Nov/2022:08:38:10 +0800] "GET /xingrg/all/function/internal_message.html?_=1669509461735&CODE_STATE=getMsg HTTP/1.1" 200 27
180.162.229.95 - - [27/Nov/2022:08:38:13 +0800] "GET /xingrg/all/function/internal_message.html?_=1669509489782&CODE_STATE=getMsg HTTP/1.1" 302 -
114.95.46.117 - - [27/Nov/2022:08:38:19 +0800] "GET /xingrg/all/function/internal_message.html?_=1669509494992&CODE_STATE=getMsg HTTP/1.1" 200 27
114.84.38.109 - - [27/Nov/2022:08:38:59 +0800] "GET /xingrg/check_reg.html?_=1669509559995 HTTP/1.1" 200 22
114.84.38.109 - - [27/Nov/2022:08:39:06 +0800] "GET /xingrg/all/function/internal_message.html?_=1669509567447&CODE_STATE=getMsg HTTP/1.1" 200 27
116.230.105.139 - - [27/Nov/2022:08:39:10 +0800] "GET /xingrg/all/function/internal_message.html?_=1669509521713&CODE_STATE=getMsg HTTP/1.1" 200 27
180.162.229.95 - - [27/Nov/2022:08:39:13 +0800] "GET /xingrg/all/function/internal_message.html?_=1669509549755&CODE_STATE=getMsg HTTP/1.1" 302 -
114.95.46.117 - - [27/Nov/2022:08:39:19 +0800] "GET /xingrg/check_reg.html?_=1669509554993 HTTP/1.1" 200 22
114.95.46.117 - - [27/Nov/2022:08:39:19 +0800] "GET /xingrg/all/function/internal_message.html?_=1669509554996&CODE_STATE=getMsg HTTP/1.1" 200 27
114.95.46.117 - - [27/Nov/2022:08:39:40 +0800] "GET /xingrg/kc/buy/cgsh_order_list.html HTTP/1.1" 200 53780
114.95.46.117 - - [27/Nov/2022:08:39:40 +0800] "GET /xingrg/javascript/easyui/themes/icons/import_new.png HTTP/1.1" 304 -
114.95.46.117 - - [27/Nov/2022:08:39:40 +0800] "GET /xingrg/javascript/easyui/themes/icons/edit_add_new.png HTTP/1.1" 304 -
114.95.46.117 - - [27/Nov/2022:08:39:41 +0800] "POST /xingrg/kc/buy/cgsh_list_operate.html HTTP/1.1" 200 986
114.95.46.117 - - [27/Nov/2022:08:39:42 +0800] "GET /xingrg/kc/buy/cgsh_order_add.html HTTP/1.1" 200 69643
114.95.46.117 - - [27/Nov/2022:08:39:42 +0800] "GET /xingrg/javascript/easyui/themes/icons/template_new.png HTTP/1.1" 304 -
114.95.46.117 - - [27/Nov/2022:08:39:42 +0800] "GET /xingrg/javascript/easyui/themes/icons/cancel.png HTTP/1.1" 304 -
114.95.46.117 - - [27/Nov/2022:08:39:42 +0800] "GET /xingrg/javascript/easyui/themes/icons/copy_new.png HTTP/1.1" 304 -
114.95.46.117 - - [27/Nov/2022:08:39:42 +0800] "GET /xingrg/javascript/easyui/themes/default/validatebox.css HTTP/1.1" 404 1104
114.95.46.117 - - [27/Nov/2022:08:39:42 +0800] "POST /xingrg/kc/buy/cgsh_order_operate.html HTTP/1.1" 200 8245
114.95.46.117 - - [27/Nov/2022:08:39:42 +0800] "GET /xingrg/javascript/easyui/themes/icons/edit_remove.png HTTP/1.1" 304 -
114.95.46.117 - - [27/Nov/2022:08:39:43 +0800] "GET /xingrg/javascript/auto/indicator.gif HTTP/1.1" 404 1066
114.95.46.117 - - [27/Nov/2022:08:40:01 +0800] "GET /xingrg/kc/buy/cgsh_order_operate.html?command=get_materiel&rest_code=00105&code=00101002027&supplier_code=00100397&order_time=2022-11-27 HTTP/1.1" 200 413
116.230.105.139 - - [27/Nov/2022:08:40:05 +0800] "GET /xingrg/check_reg.html?_=1669509576849 HTTP/1.1" 200 22
114.84.38.109 - - [27/Nov/2022:08:40:06 +0800] "GET /xingrg/all/function/internal_message.html?_=1669509627460&CODE_STATE=getMsg HTTP/1.1" 200 27
116.230.105.139 - - [27/Nov/2022:08:40:10 +0800] "GET /xingrg/all/function/internal_message.html?_=1669509581704&CODE_STATE=getMsg HTTP/1.1" 200 27
180.162.229.95 - - [27/Nov/2022:08:40:13 +0800] "GET /xingrg/all/function/internal_message.html?_=1669509609742&CODE_STATE=getMsg HTTP/1.1" 302 -
180.162.229.95 - - [27/Nov/2022:08:40:14 +0800] "GET /xingrg/check_reg.html?_=1669509610175 HTTP/1.1" 302 -
114.95.46.117 - - [27/Nov/2022:08:40:19 +0800] "GET /xingrg/all/function/internal_message.html?_=1669509615020&CODE_STATE=getMsg HTTP/1.1" 200 27
114.95.46.117 - - [27/Nov/2022:08:40:19 +0800] "GET /xingrg/kc/buy/cgsh_order_operate.html?command=get_materiel&rest_code=00105&code=00101001023&supplier_code=00100397&order_time=2022-11-27 HTTP/1.1" 200 413
114.95.46.117 - - [27/Nov/2022:08:40:31 +0800] "GET /xingrg/kc/buy/cgsh_order_operate.html?command=get_materiel&rest_code=00105&code=00101001010&supplier_code=00100397&order_time=2022-11-27 HTTP/1.1" 200 409
114.84.38.109 - - [27/Nov/2022:08:41:06 +0800] "GET /xingrg/all/function/internal_message.html?_=1669509687555&CODE_STATE=getMsg HTTP/1.1" 200 27
114.95.46.117 - - [27/Nov/2022:08:41:10 +0800] "GET /xingrg/kc/buy/cgsh_order_operate.html?command=get_materiel&rest_code=00105&code=00101003025&supplier_code=00100397&order_time=2022-11-27 HTTP/1.1" 200 409
116.230.105.139 - - [27/Nov/2022:08:41:10 +0800] "GET /xingrg/all/function/internal_message.html?_=1669509641678&CODE_STATE=getMsg HTTP/1.1" 200 27
114.84.38.109 - - [27/Nov/2022:08:41:13 +0800] "POST /xingrg/services/DataTransmitService HTTP/1.1" 200 524
180.162.229.95 - - [27/Nov/2022:08:41:13 +0800] "GET /xingrg/all/function/internal_message.html?_=1669509669727&CODE_STATE=getMsg HTTP/1.1" 302 -
114.95.46.117 - - [27/Nov/2022:08:41:19 +0800] "GET /xingrg/all/function/internal_message.html?_=1669509674998&CODE_STATE=getMsg HTTP/1.1" 200 27
114.95.46.117 - - [27/Nov/2022:08:41:31 +0800] "POST /xingrg/kc/buy/cgsh_order_operate.html HTTP/1.1" 200 37
114.95.46.117 - - [27/Nov/2022:08:41:33 +0800] "POST /xingrg/kc/buy/cgsh_order_operate.html HTTP/1.1" 200 5612
114.95.46.117 - - [27/Nov/2022:08:41:33 +0800] "GET /xingrg/kc/print/load_config.html?kc_code=cgsh HTTP/1.1" 200 1943
114.95.46.117 - - [27/Nov/2022:08:41:33 +0800] "GET /xingrg/kc/print/load_data.html?order_code=212022112709264&kc_code=cgsh&condition= HTTP/1.1" 200 1791
114.95.46.117 - - [27/Nov/2022:08:41:37 +0800] "GET /xingrg/kc/buy/cgsh_order_add.html HTTP/1.1" 200 69643
114.95.46.117 - - [27/Nov/2022:08:41:38 +0800] "POST /xingrg/kc/buy/cgsh_order_operate.html HTTP/1.1" 200 8245
114.95.46.117 - - [27/Nov/2022:08:41:38 +0800] "GET /xingrg/javascript/easyui/themes/default/validatebox.css HTTP/1.1" 404 1104
114.84.38.109 - - [27/Nov/2022:08:42:06 +0800] "GET /xingrg/all/function/internal_message.html?_=1669509747565&CODE_STATE=getMsg HTTP/1.1" 200 27
116.230.105.139 - - [27/Nov/2022:08:42:10 +0800] "GET /xingrg/all/function/internal_message.html?_=1669509701661&CODE_STATE=getMsg HTTP/1.1" 200 27
180.162.229.95 - - [27/Nov/2022:08:42:13 +0800] "GET /xingrg/all/function/internal_message.html?_=1669509729721&CODE_STATE=getMsg HTTP/1.1" 302 -
114.95.46.117 - - [27/Nov/2022:08:42:19 +0800] "GET /xingrg/all/function/internal_message.html?_=1669509735005&CODE_STATE=getMsg HTTP/1.1" 200 27
116.238.139.35 - - [27/Nov/2022:08:42:50 +0800] "GET /xingrg/check_reg.html?_=1669509766465 HTTP/1.1" 302 -
114.84.38.109 - - [27/Nov/2022:08:43:07 +0800] "GET /xingrg/all/function/internal_message.html?_=1669509807664&CODE_STATE=getMsg HTTP/1.1" 200 27
116.230.105.139 - - [27/Nov/2022:08:43:10 +0800] "GET /xingrg/all/function/internal_message.html?_=1669509761657&CODE_STATE=getMsg HTTP/1.1" 200 27
180.162.229.95 - - [27/Nov/2022:08:43:13 +0800] "GET /xingrg/all/function/internal_message.html?_=1669509789696&CODE_STATE=getMsg HTTP/1.1" 302 -
114.95.46.117 - - [27/Nov/2022:08:43:19 +0800] "GET /xingrg/all/function/internal_message.html?_=1669509795009&CODE_STATE=getMsg HTTP/1.1" 200 27
114.84.38.109 - - [27/Nov/2022:08:43:59 +0800] "GET /xingrg/check_reg.html?_=1669509859995 HTTP/1.1" 200 22
114.84.38.109 - - [27/Nov/2022:08:44:06 +0800] "GET /xingrg/all/function/internal_message.html?_=1669509867673&CODE_STATE=getMsg HTTP/1.1" 200 27
116.230.105.139 - - [27/Nov/2022:08:44:10 +0800] "GET /xingrg/all/function/internal_message.html?_=1669509821653&CODE_STATE=getMsg HTTP/1.1" 200 27
180.162.229.95 - - [27/Nov/2022:08:44:13 +0800] "GET /xingrg/all/function/internal_message.html?_=1669509849676&CODE_STATE=getMsg HTTP/1.1" 302 -
114.95.46.117 - - [27/Nov/2022:08:44:19 +0800] "GET /xingrg/check_reg.html?_=1669509854996 HTTP/1.1" 200 22
114.95.46.117 - - [27/Nov/2022:08:44:19 +0800] "GET /xingrg/all/function/internal_message.html?_=1669509854999&CODE_STATE=getMsg HTTP/1.1" 200 27
116.230.105.139 - - [27/Nov/2022:08:45:05 +0800] "GET /xingrg/check_reg.html?_=1669509876847 HTTP/1.1" 200 22
114.84.38.109 - - [27/Nov/2022:08:45:06 +0800] "GET /xingrg/all/function/internal_message.html?_=1669509927685&CODE_STATE=getMsg HTTP/1.1" 200 27
116.230.105.139 - - [27/Nov/2022:08:45:10 +0800] "GET /xingrg/all/function/internal_message.html?_=1669509881640&CODE_STATE=getMsg HTTP/1.1" 200 27
180.162.229.95 - - [27/Nov/2022:08:45:13 +0800] "GET /xingrg/all/function/internal_message.html?_=1669509909651&CODE_STATE=getMsg HTTP/1.1" 302 -
114.95.46.117 - - [27/Nov/2022:08:45:14 +0800] "GET /xingrg/kc/buy/cgsh_order_operate.html?command=get_materiel&rest_code=00105&code=00101008312&supplier_code=00100203&order_time=2022-11-27 HTTP/1.1" 200 412
180.162.229.95 - - [27/Nov/2022:08:45:14 +0800] "GET /xingrg/check_reg.html?_=1669509910162 HTTP/1.1" 302 -
180.162.229.95 - - [27/Nov/2022:08:45:16 +0800] "GET /xingrg/login.html HTTP/1.1" 200 7641
180.162.229.95 - - [27/Nov/2022:08:45:17 +0800] "GET /xingrg/images/blue/jxLogo.png HTTP/1.1" 200 6156
180.162.229.95 - - [27/Nov/2022:08:45:17 +0800] "GET /xingrg/images/blue/login_bg.png HTTP/1.1" 200 22101
180.162.229.95 - - [27/Nov/2022:08:45:17 +0800] "GET /xingrg/images/blue/hj.png HTTP/1.1" 200 1014
180.162.229.95 - - [27/Nov/2022:08:45:17 +0800] "GET /favicon.ico HTTP/1.1" 404 -
180.162.229.95 - - [27/Nov/2022:08:45:17 +0800] "GET /xingrg/images/blue/srbg.png HTTP/1.1" 200 138
180.162.229.95 - - [27/Nov/2022:08:45:18 +0800] "POST /xingrg/login.do HTTP/1.1" 302 -
180.162.229.95 - - [27/Nov/2022:08:45:18 +0800] "GET /xingrg/javascript/jquery_easy_ui/themes/icon.css HTTP/1.1" 200 3949
180.162.229.95 - - [27/Nov/2022:08:45:18 +0800] "GET /xingrg/index.html?sysBaseUrl=http%3A%2F%2F180.169.147.146%3A18081%2Fxingrg%2F&costTime=42×tamp=1669509918603 HTTP/1.1" 200 17173
180.162.229.95 - - [27/Nov/2022:08:45:18 +0800] "GET /xingrg/javascript/jquery_easy_ui/easyui-lang-zh_CN.js HTTP/1.1" 200 1900
180.162.229.95 - - [27/Nov/2022:08:45:18 +0800] "GET /xingrg/javascript/jquery.form.js HTTP/1.1" 200 23110
180.162.229.95 - - [27/Nov/2022:08:45:18 +0800] "GET /xingrg/javascript/jquery.timers.js HTTP/1.1" 200 3532
180.162.229.95 - - [27/Nov/2022:08:45:18 +0800] "GET /xingrg/javascript/jquery_easy_ui/themes/default/easyui.css HTTP/1.1" 200 26500
180.162.229.95 - - [27/Nov/2022:08:45:18 +0800] "GET /xingrg/javascript/jquery.utils.js HTTP/1.1" 200 11805
180.162.229.95 - - [27/Nov/2022:08:45:18 +0800] "GET /xingrg/javascript/jquery-1.4.2.min.js HTTP/1.1" 200 72205
180.162.229.95 - - [27/Nov/2022:08:45:18 +0800] "GET /xingrg/css/form.css HTTP/1.1" 200 893
180.162.229.95 - - [27/Nov/2022:08:45:18 +0800] "GET /favicon.ico HTTP/1.1" 404 -
180.162.229.95 - - [27/Nov/2022:08:45:18 +0800] "GET /xingrg/javascript/jquery_easy_ui/jquery.easyui.min.js HTTP/1.1" 200 213662
180.162.229.95 - - [27/Nov/2022:08:45:18 +0800] "GET /xingrg/javascript/jquery_easy_ui/themes/icons/settle_new.png HTTP/1.1" 200 826
180.162.229.95 - - [27/Nov/2022:08:45:18 +0800] "GET /xingrg/images/blue/navBackgound.jpg HTTP/1.1" 200 12378
180.162.229.95 - - [27/Nov/2022:08:45:18 +0800] "POST /xingrg/all/common/load_tree.html?tree=area_rest_tree_json&manage=1 HTTP/1.1" 200 342
180.162.229.95 - - [27/Nov/2022:08:45:19 +0800] "GET /xingrg/all/function/internal_message.html?_=1669509914793&CODE_STATE=count HTTP/1.1" 200 11
180.162.229.95 - - [27/Nov/2022:08:45:19 +0800] "GET /xingrg/images/blue/pingpu.png HTTP/1.1" 200 231
180.162.229.95 - - [27/Nov/2022:08:45:19 +0800] "GET /xingrg/check_reg.html?_=1669509914794 HTTP/1.1" 200 22
180.162.229.95 - - [27/Nov/2022:08:45:19 +0800] "GET /xingrg/javascript/jquery_easy_ui/themes/default/images/tabs_leftarrow.png HTTP/1.1" 200 389
180.162.229.95 - - [27/Nov/2022:08:45:19 +0800] "GET /xingrg/javascript/jquery_easy_ui/themes/default/images/tabs_rightarrow.png HTTP/1.1" 200 395
180.162.229.95 - - [27/Nov/2022:08:45:19 +0800] "GET /xingrg/javascript/jquery_easy_ui/themes/default/images/panel_tool_collapse.gif HTTP/1.1" 200 246
114.95.46.117 - - [27/Nov/2022:08:45:19 +0800] "GET /xingrg/all/function/internal_message.html?_=1669509914996&CODE_STATE=getMsg HTTP/1.1" 200 27
180.162.229.95 - - [27/Nov/2022:08:45:19 +0800] "POST /xingrg/load_menu.html HTTP/1.1" 200 5138
180.162.229.95 - - [27/Nov/2022:08:45:19 +0800] "GET /xingrg/javascript/jquery_easy_ui/themes/default/images/tree_arrows.gif HTTP/1.1" 200 1043
180.162.229.95 - - [27/Nov/2022:08:45:19 +0800] "GET /xingrg/javascript/jquery_easy_ui/themes/default/images/tree_folder_open.gif HTTP/1.1" 200 956
180.162.229.95 - - [27/Nov/2022:08:45:19 +0800] "GET /xingrg/javascript/jquery_easy_ui/themes/icons/search_new.png HTTP/1.1" 200 586
180.162.229.95 - - [27/Nov/2022:08:45:19 +0800] "GET /xingrg/javascript/jquery_easy_ui/themes/default/images/tree_folder.gif HTTP/1.1" 200 952
180.162.229.95 - - [27/Nov/2022:08:45:19 +0800] "GET /xingrg/javascript/jquery_easy_ui/themes/icons/storage_new.png HTTP/1.1" 200 853
180.162.229.95 - - [27/Nov/2022:08:45:19 +0800] "GET /xingrg/javascript/jquery_easy_ui/themes/icons/forms_new.png HTTP/1.1" 200 350
180.162.229.95 - - [27/Nov/2022:08:45:19 +0800] "GET /xingrg/javascript/jquery_easy_ui/themes/default/images/tree_file.gif HTTP/1.1" 200 118
180.162.229.95 - - [27/Nov/2022:08:45:20 +0800] "GET /xingrg/javascript/jquery_easy_ui/themes/default/images/tabs_close.gif HTTP/1.1" 200 829
180.162.229.95 - - [27/Nov/2022:08:45:20 +0800] "GET /xingrg/kc/buy/cgsh_order_list.html HTTP/1.1" 200 53780
180.162.229.95 - - [27/Nov/2022:08:45:20 +0800] "GET /xingrg/css/base.css HTTP/1.1" 200 2811
180.162.229.95 - - [27/Nov/2022:08:45:20 +0800] "GET /xingrg/css/site.css HTTP/1.1" 200 7541
180.162.229.95 - - [27/Nov/2022:08:45:20 +0800] "GET /xingrg/javascript/jquery_tools/datebox.css HTTP/1.1" 200 2597
180.162.229.95 - - [27/Nov/2022:08:45:20 +0800] "GET /xingrg/javascript/easyui/themes/icon.css HTTP/1.1" 200 4483
180.162.229.95 - - [27/Nov/2022:08:45:20 +0800] "GET /xingrg/javascript/auto/jquery.autocomplete.css HTTP/1.1" 200 587
180.162.229.95 - - [27/Nov/2022:08:45:20 +0800] "GET /xingrg/javascript/jquery_tools/fix.css HTTP/1.1" 200 1702
180.162.229.95 - - [27/Nov/2022:08:45:20 +0800] "GET /xingrg/javascript/jquery_tools/table.css HTTP/1.1" 200 1032
180.162.229.95 - - [27/Nov/2022:08:45:20 +0800] "GET /xingrg/javascript/jquery_tools/jquery.tools.min.js HTTP/1.1" 200 138801
180.162.229.95 - - [27/Nov/2022:08:45:20 +0800] "GET /xingrg/javascript/jquery_tools/jquery.tools.hotkey.js HTTP/1.1" 200 3242
180.162.229.95 - - [27/Nov/2022:08:45:20 +0800] "GET /xingrg/javascript/jquery_tools/jquery.tools.table.js HTTP/1.1" 200 6994
180.162.229.95 - - [27/Nov/2022:08:45:20 +0800] "GET /xingrg/javascript/easyui/themes/default/easyui.css HTTP/1.1" 200 30432
180.162.229.95 - - [27/Nov/2022:08:45:20 +0800] "GET /xingrg/javascript/jquery_tools/jquery.tools.extend.js HTTP/1.1" 200 15385
180.162.229.95 - - [27/Nov/2022:08:45:20 +0800] "GET /xingrg/javascript/jquery_tools/list_manager.js HTTP/1.1" 200 3652
180.162.229.95 - - [27/Nov/2022:08:45:20 +0800] "GET /xingrg/javascript/easyui/easyloader.js HTTP/1.1" 200 5975
180.162.229.95 - - [27/Nov/2022:08:45:20 +0800] "GET /xingrg/javascript/jquery.cookie.js HTTP/1.1" 200 5513
180.162.229.95 - - [27/Nov/2022:08:45:20 +0800] "GET /xingrg/javascript/print/LodopFuncs.js HTTP/1.1" 200 5121
180.162.229.95 - - [27/Nov/2022:08:45:21 +0800] "GET /xingrg/javascript/auto/jquery.autocomplete.js HTTP/1.1" 200 21624
180.162.229.95 - - [27/Nov/2022:08:45:21 +0800] "GET /xingrg/javascript/easyui/themes/icons/edit_add_new.png HTTP/1.1" 200 2997
180.162.229.95 - - [27/Nov/2022:08:45:21 +0800] "GET /xingrg/javascript/easyui/themes/icons/cance_new.png HTTP/1.1" 200 3986
180.162.229.95 - - [27/Nov/2022:08:45:21 +0800] "GET /xingrg/javascript/easyui/themes/icons/check_new.png HTTP/1.1" 200 3224
180.162.229.95 - - [27/Nov/2022:08:45:21 +0800] "GET /xingrg/javascript/easyui/themes/icons/field_new.png HTTP/1.1" 200 1097
180.162.229.95 - - [27/Nov/2022:08:45:21 +0800] "GET /xingrg/javascript/easyui/themes/icons/import_new.png HTTP/1.1" 200 1247
180.162.229.95 - - [27/Nov/2022:08:45:21 +0800] "GET /xingrg/javascript/easyui/plugins/jquery.parser.js HTTP/1.1" 200 1142
180.162.229.95 - - [27/Nov/2022:08:45:21 +0800] "GET /xingrg/images/control/ajaxLoader.gif HTTP/1.1" 200 4659
180.162.229.95 - - [27/Nov/2022:08:45:22 +0800] "POST /xingrg/kc/buy/cgsh_list_operate.html HTTP/1.1" 200 986
180.162.229.95 - - [27/Nov/2022:08:45:22 +0800] "GET /xingrg/javascript/easyui/themes/default/images/button_plain_hover.png HTTP/1.1" 200 144
114.95.46.117 - - [27/Nov/2022:08:45:29 +0800] "GET /xingrg/kc/buy/cgsh_order_operate.html?command=get_materiel&rest_code=00105&code=00101008230&supplier_code=00100203&order_time=2022-11-27 HTTP/1.1" 200 408
114.95.46.117 - - [27/Nov/2022:08:45:38 +0800] "GET /xingrg/kc/buy/cgsh_order_operate.html?command=get_materiel&rest_code=00105&code=00101008286&supplier_code=00100203&order_time=2022-11-27 HTTP/1.1" 200 408
114.95.46.117 - - [27/Nov/2022:08:45:46 +0800] "GET /xingrg/kc/buy/cgsh_order_operate.html?command=get_materiel&rest_code=00105&code=00101008275&supplier_code=00100203&order_time=2022-11-27 HTTP/1.1" 200 416
180.162.229.95 - - [27/Nov/2022:08:45:51 +0800] "GET /xingrg/javascript/pic_change.js HTTP/1.1" 200 4739
180.162.229.95 - - [27/Nov/2022:08:45:51 +0800] "GET /xingrg/kc/buy/cgsh_order_add.html HTTP/1.1" 200 69596
180.162.229.95 - - [27/Nov/2022:08:45:51 +0800] "GET /xingrg/javascript/convert.js HTTP/1.1" 200 1239
180.162.229.95 - - [27/Nov/2022:08:45:51 +0800] "GET /xingrg/javascript/json2.js HTTP/1.1" 200 11259
180.162.229.95 - - [27/Nov/2022:08:45:51 +0800] "GET /xingrg/javascript/print/kc_print.js HTTP/1.1" 200 11415
180.162.229.95 - - [27/Nov/2022:08:45:51 +0800] "GET /xingrg/javascript/jquery_tools/order_manager.js HTTP/1.1" 200 11183
180.162.229.95 - - [27/Nov/2022:08:45:51 +0800] "GET /xingrg/words/20221125140633_words.js HTTP/1.1" 200 935010
180.162.229.95 - - [27/Nov/2022:08:45:51 +0800] "GET /xingrg/javascript/easyui/themes/icons/copy_new.png HTTP/1.1" 200 815
180.162.229.95 - - [27/Nov/2022:08:45:51 +0800] "GET /xingrg/javascript/easyui/themes/icons/template_new.png HTTP/1.1" 200 3956
180.162.229.95 - - [27/Nov/2022:08:45:51 +0800] "GET /xingrg/javascript/easyui/themes/icons/ok.png HTTP/1.1" 200 883
180.162.229.95 - - [27/Nov/2022:08:45:51 +0800] "GET /xingrg/javascript/easyui/themes/icons/print.png HTTP/1.1" 200 1057
180.162.229.95 - - [27/Nov/2022:08:45:51 +0800] "GET /xingrg/javascript/easyui/themes/default/images/menu_downarrow.png HTTP/1.1" 200 173
180.162.229.95 - - [27/Nov/2022:08:45:51 +0800] "GET /xingrg/javascript/easyui/themes/icons/cancel.png HTTP/1.1" 200 1133
180.162.229.95 - - [27/Nov/2022:08:45:51 +0800] "POST /xingrg/kc/buy/cgsh_order_operate.html HTTP/1.1" 200 8245
180.162.229.95 - - [27/Nov/2022:08:45:51 +0800] "GET /xingrg/all/common/auto_word.html?type=employee&rest_code=00102 HTTP/1.1" 200 189
180.162.229.95 - - [27/Nov/2022:08:45:51 +0800] "GET /xingrg/all/common/auto_word.html?type=employee&rest_code=00102 HTTP/1.1" 200 189
180.162.229.95 - - [27/Nov/2022:08:45:51 +0800] "GET /xingrg/javascript/easyui/themes/default/validatebox.css HTTP/1.1" 404 1104
180.162.229.95 - - [27/Nov/2022:08:45:51 +0800] "GET /xingrg/javascript/easyui/plugins/jquery.validatebox.js HTTP/1.1" 200 6103
180.162.229.95 - - [27/Nov/2022:08:45:51 +0800] "GET /xingrg/javascript/easyui/themes/icons/edit_remove.png HTTP/1.1" 200 625
180.162.229.95 - - [27/Nov/2022:08:45:51 +0800] "GET /xingrg/javascript/easyui/plugins/jquery.numberbox.js HTTP/1.1" 200 5213
180.162.229.95 - - [27/Nov/2022:08:45:51 +0800] "GET /xingrg/javascript/auto/indicator.gif HTTP/1.1" 404 1066
114.95.46.117 - - [27/Nov/2022:08:46:03 +0800] "GET /xingrg/kc/buy/cgsh_order_operate.html?command=get_materiel&rest_code=00105&code=00101008091&supplier_code=00100203&order_time=2022-11-27 HTTP/1.1" 200 413
180.162.229.95 - - [27/Nov/2022:08:46:04 +0800] "GET /xingrg/kc/buy/cgsh_order_operate.html?command=get_materiel&rest_code=00102&code=00101012025&supplier_code=00100096&order_time=2022-11-27 HTTP/1.1" 200 412
114.84.38.109 - - [27/Nov/2022:08:46:07 +0800] "GET /xingrg/all/function/internal_message.html?_=1669509987804&CODE_STATE=getMsg HTTP/1.1" 200 27
116.230.105.139 - - [27/Nov/2022:08:46:10 +0800] "GET /xingrg/all/function/internal_message.html?_=1669509941639&CODE_STATE=getMsg HTTP/1.1" 200 27
180.162.229.95 - - [27/Nov/2022:08:46:14 +0800] "GET /xingrg/kc/buy/cgsh_order_operate.html?command=get_materiel&rest_code=00102&code=00101012030&supplier_code=00100096&order_time=2022-11-27 HTTP/1.1" 200 416
114.95.46.117 - - [27/Nov/2022:08:46:18 +0800] "GET /xingrg/kc/buy/cgsh_order_operate.html?command=get_materiel&rest_code=00105&code=00101008256&supplier_code=00100203&order_time=2022-11-27 HTTP/1.1" 200 412
180.162.229.95 - - [27/Nov/2022:08:46:19 +0800] "GET /xingrg/all/function/internal_message.html?_=1669509974798&CODE_STATE=getMsg HTTP/1.1" 200 27
114.95.46.117 - - [27/Nov/2022:08:46:19 +0800] "GET /xingrg/all/function/internal_message.html?_=1669509975011&CODE_STATE=getMsg HTTP/1.1" 200 27
114.95.46.117 - - [27/Nov/2022:08:46:27 +0800] "GET /xingrg/kc/buy/cgsh_order_operate.html?command=get_materiel&rest_code=00105&code=00101008045&supplier_code=00100203&order_time=2022-11-27 HTTP/1.1" 200 412
180.162.229.95 - - [27/Nov/2022:08:46:27 +0800] "GET /xingrg/kc/buy/cgsh_order_operate.html?command=get_materiel&rest_code=00102&code=00101006111&supplier_code=00100096&order_time=2022-11-27 HTTP/1.1" 200 411
114.95.46.117 - - [27/Nov/2022:08:46:29 +0800] "GET /xingrg/index.html?sysBaseUrl=http%3A%2F%2F180.169.147.146%3A18081%2Fxingrg%2F&costTime=32×tamp=1585224308505 HTTP/1.1" 302 -
114.95.46.117 - - [27/Nov/2022:08:46:29 +0800] "GET /xingrg/login.html HTTP/1.1" 200 7641
114.95.46.117 - - [27/Nov/2022:08:46:30 +0800] "GET /xingrg/images/blue/jxLogo.png HTTP/1.1" 304 -
114.95.46.117 - - [27/Nov/2022:08:46:31 +0800] "GET /xingrg/images/blue/login_bg.png HTTP/1.1" 304 -
114.95.46.117 - - [27/Nov/2022:08:46:31 +0800] "GET /xingrg/images/blue/hj.png HTTP/1.1" 304 -
114.95.46.117 - - [27/Nov/2022:08:46:31 +0800] "GET /xingrg/images/blue/srbg.png HTTP/1.1" 304 -
114.95.46.117 - - [27/Nov/2022:08:46:31 +0800] "GET /favicon.ico HTTP/1.1" 404 -
114.95.46.117 - - [27/Nov/2022:08:46:36 +0800] "GET /xingrg/kc/buy/cgsh_order_operate.html?command=get_materiel&rest_code=00105&code=00101008096&supplier_code=00100203&order_time=2022-11-27 HTTP/1.1" 200 412
180.162.229.95 - - [27/Nov/2022:08:46:41 +0800] "GET /xingrg/kc/buy/cgsh_order_operate.html?command=get_materiel&rest_code=00102&code=00101007076&supplier_code=00100096&order_time=2022-11-27 HTTP/1.1" 200 410
114.95.46.117 - - [27/Nov/2022:08:46:43 +0800] "POST /xingrg/login.do HTTP/1.1" 302 -
114.95.46.117 - - [27/Nov/2022:08:46:43 +0800] "GET /xingrg/index.html?sysBaseUrl=http%3A%2F%2F180.169.147.146%3A18081%2Fxingrg%2F&costTime=40×tamp=1669510003335 HTTP/1.1" 200 17173
114.95.46.117 - - [27/Nov/2022:08:46:43 +0800] "GET /xingrg/javascript/jquery_easy_ui/themes/default/easyui.css HTTP/1.1" 304 -
114.95.46.117 - - [27/Nov/2022:08:46:43 +0800] "GET /xingrg/javascript/jquery_easy_ui/themes/icon.css HTTP/1.1" 304 -
114.95.46.117 - - [27/Nov/2022:08:46:43 +0800] "GET /xingrg/javascript/jquery-1.4.2.min.js HTTP/1.1" 304 -
114.95.46.117 - - [27/Nov/2022:08:46:43 +0800] "GET /xingrg/javascript/jquery_easy_ui/jquery.easyui.min.js HTTP/1.1" 304 -
114.95.46.117 - - [27/Nov/2022:08:46:43 +0800] "GET /xingrg/css/form.css HTTP/1.1" 304 -
114.95.46.117 - - [27/Nov/2022:08:46:43 +0800] "GET /xingrg/javascript/jquery_easy_ui/easyui-lang-zh_CN.js HTTP/1.1" 304 -
114.95.46.117 - - [27/Nov/2022:08:46:43 +0800] "GET /xingrg/javascript/jquery.form.js HTTP/1.1" 304 -
114.95.46.117 - - [27/Nov/2022:08:46:43 +0800] "GET /xingrg/javascript/jquery.utils.js HTTP/1.1" 304 -
114.95.46.117 - - [27/Nov/2022:08:46:43 +0800] "GET /xingrg/javascript/jquery.timers.js HTTP/1.1" 304 -
114.95.46.117 - - [27/Nov/2022:08:46:43 +0800] "GET /favicon.ico HTTP/1.1" 404 -
114.95.46.117 - - [27/Nov/2022:08:46:43 +0800] "GET /xingrg/javascript/jquery_easy_ui/themes/icons/settle_new.png HTTP/1.1" 304 -
114.95.46.117 - - [27/Nov/2022:08:46:43 +0800] "GET /xingrg/images/blue/navBackgound.jpg HTTP/1.1" 304 -
114.95.46.117 - - [27/Nov/2022:08:46:43 +0800] "POST /xingrg/all/common/load_tree.html?tree=area_rest_tree_json&manage=1 HTTP/1.1" 200 342
114.95.46.117 - - [27/Nov/2022:08:46:44 +0800] "GET /xingrg/all/function/internal_message.html?_=1669509848070&CODE_STATE=count HTTP/1.1" 200 11
114.95.46.117 - - [27/Nov/2022:08:46:44 +0800] "GET /xingrg/check_reg.html?_=1669509848071 HTTP/1.1" 200 22
114.95.46.117 - - [27/Nov/2022:08:46:44 +0800] "GET /xingrg/images/blue/pingpu.png HTTP/1.1" 304 -
114.95.46.117 - - [27/Nov/2022:08:46:44 +0800] "POST /xingrg/load_menu.html HTTP/1.1" 200 5138
114.95.46.117 - - [27/Nov/2022:08:46:44 +0800] "GET /xingrg/javascript/jquery_easy_ui/themes/default/images/tabs_leftarrow.png HTTP/1.1" 304 -
114.95.46.117 - - [27/Nov/2022:08:46:44 +0800] "GET /xingrg/javascript/jquery_easy_ui/themes/default/images/tabs_rightarrow.png HTTP/1.1" 304 -
114.95.46.117 - - [27/Nov/2022:08:46:44 +0800] "GET /xingrg/javascript/jquery_easy_ui/themes/default/images/panel_tool_collapse.gif HTTP/1.1" 304 -
114.95.46.117 - - [27/Nov/2022:08:46:44 +0800] "GET /xingrg/javascript/jquery_easy_ui/themes/default/images/tree_arrows.gif HTTP/1.1" 304 -
114.95.46.117 - - [27/Nov/2022:08:46:44 +0800] "GET /xingrg/javascript/jquery_easy_ui/themes/default/images/tree_folder_open.gif HTTP/1.1" 304 -
114.95.46.117 - - [27/Nov/2022:08:46:44 +0800] "GET /xingrg/javascript/jquery_easy_ui/themes/icons/search_new.png HTTP/1.1" 304 -
114.95.46.117 - - [27/Nov/2022:08:46:44 +0800] "GET /xingrg/javascript/jquery_easy_ui/themes/default/images/tree_folder.gif HTTP/1.1" 304 -
114.95.46.117 - - [27/Nov/2022:08:46:44 +0800] "GET /xingrg/javascript/jquery_easy_ui/themes/icons/storage_new.png HTTP/1.1" 304 -
114.95.46.117 - - [27/Nov/2022:08:46:44 +0800] "GET /xingrg/javascript/jquery_easy_ui/themes/icons/forms_new.png HTTP/1.1" 304 -
114.95.46.117 - - [27/Nov/2022:08:46:44 +0800] "GET /xingrg/javascript/jquery_easy_ui/themes/default/images/tree_file.gif HTTP/1.1" 304 -
114.95.46.117 - - [27/Nov/2022:08:46:53 +0800] "GET /xingrg/kc/buy/cgsh_order_operate.html?command=get_materiel&rest_code=00105&code=00101008003&supplier_code=00100203&order_time=2022-11-27 HTTP/1.1" 200 408
180.162.229.95 - - [27/Nov/2022:08:46:56 +0800] "GET /xingrg/kc/buy/cgsh_order_operate.html?command=get_materiel&rest_code=00102&code=00101007061&supplier_code=00100096&order_time=2022-11-27 HTTP/1.1" 200 411
114.95.46.117 - - [27/Nov/2022:08:47:00 +0800] "GET /xingrg/kc/buy/cgsh_order_operate.html?command=get_materiel&rest_code=00105&code=00101008024&supplier_code=00100203&order_time=2022-11-27 HTTP/1.1" 200 408
114.84.38.109 - - [27/Nov/2022:08:47:07 +0800] "GET /xingrg/all/function/internal_message.html?_=1669510047805&CODE_STATE=getMsg HTTP/1.1" 200 27
180.162.229.95 - - [27/Nov/2022:08:47:08 +0800] "GET /xingrg/kc/buy/cgsh_order_operate.html?command=get_materiel&rest_code=00102&code=00101007049&supplier_code=00100096&order_time=2022-11-27 HTTP/1.1" 200 409
116.230.105.139 - - [27/Nov/2022:08:47:10 +0800] "GET /xingrg/all/function/internal_message.html?_=1669510001617&CODE_STATE=getMsg HTTP/1.1" 200 27
114.95.46.117 - - [27/Nov/2022:08:47:18 +0800] "GET /xingrg/kc/buy/cgsh_order_operate.html?command=get_materiel&rest_code=00105&code=00101008197&supplier_code=00100203&order_time=2022-11-27 HTTP/1.1" 200 416
180.162.229.95 - - [27/Nov/2022:08:47:19 +0800] "GET /xingrg/all/function/internal_message.html?_=1669510034798&CODE_STATE=getMsg HTTP/1.1" 200 27
114.95.46.117 - - [27/Nov/2022:08:47:19 +0800] "GET /xingrg/all/function/internal_message.html?_=1669510034998&CODE_STATE=getMsg HTTP/1.1" 200 27
114.95.46.117 - - [27/Nov/2022:08:47:29 +0800] "GET /xingrg/kc/buy/cgsh_order_operate.html?command=get_materiel&rest_code=00105&code=00101008069&supplier_code=00100203&order_time=2022-11-27 HTTP/1.1" 200 412
180.162.229.95 - - [27/Nov/2022:08:47:34 +0800] "POST /xingrg/kc/buy/cgsh_order_operate.html HTTP/1.1" 200 37
114.95.46.117 - - [27/Nov/2022:08:47:38 +0800] "GET /xingrg/kc/buy/cgsh_order_operate.html?command=get_materiel&rest_code=00105&code=00101008131&supplier_code=00100203&order_time=2022-11-27 HTTP/1.1" 200 408
114.95.46.117 - - [27/Nov/2022:08:47:44 +0800] "GET /xingrg/all/function/internal_message.html?_=1669509908086&CODE_STATE=getMsg HTTP/1.1" 200 27
114.95.46.117 - - [27/Nov/2022:08:47:47 +0800] "GET /xingrg/kc/buy/cgsh_order_operate.html?command=get_materiel&rest_code=00105&code=00101008318&supplier_code=00100203&order_time=2022-11-27 HTTP/1.1" 200 408
116.238.139.35 - - [27/Nov/2022:08:47:50 +0800] "GET /xingrg/check_reg.html?_=1669510066440 HTTP/1.1" 302 -
180.162.229.95 - - [27/Nov/2022:08:47:50 +0800] "POST /xingrg/kc/buy/cgsh_order_operate.html HTTP/1.1" 200 12
114.95.46.117 - - [27/Nov/2022:08:47:55 +0800] "GET /xingrg/kc/buy/cgsh_order_operate.html?command=get_materiel&rest_code=00105&code=00101008352&supplier_code=00100203&order_time=2022-11-27 HTTP/1.1" 200 412
180.162.229.95 - - [27/Nov/2022:08:48:02 +0800] "GET /xingrg/kc/buy/cgsh_order_info.html?code=212022112709265 HTTP/1.1" 200 64487
180.162.229.95 - - [27/Nov/2022:08:48:03 +0800] "GET /xingrg/javascript/easyui/themes/default/validatebox.css HTTP/1.1" 404 1104
180.162.229.95 - - [27/Nov/2022:08:48:03 +0800] "POST /xingrg/kc/buy/cgsh_order_operate.html HTTP/1.1" 200 3566
114.84.38.109 - - [27/Nov/2022:08:48:07 +0800] "GET /xingrg/all/function/internal_message.html?_=1669510107902&CODE_STATE=getMsg HTTP/1.1" 200 27
114.95.46.117 - - [27/Nov/2022:08:48:07 +0800] "GET /xingrg/kc/buy/cgsh_order_operate.html?command=get_materiel&rest_code=00105&code=00101008005&supplier_code=00100203&order_time=2022-11-27 HTTP/1.1" 200 412
116.230.105.139 - - [27/Nov/2022:08:48:10 +0800] "GET /xingrg/all/function/internal_message.html?_=1669510061609&CODE_STATE=getMsg HTTP/1.1" 200 27
114.95.46.117 - - [27/Nov/2022:08:48:18 +0800] "GET /xingrg/kc/buy/cgsh_order_operate.html?command=get_materiel&rest_code=00105&code=00101008271&supplier_code=00100203&order_time=2022-11-27 HTTP/1.1" 200 408
114.95.46.117 - - [27/Nov/2022:08:48:19 +0800] "GET /xingrg/all/function/internal_message.html?_=1669510094997&CODE_STATE=getMsg HTTP/1.1" 200 27
180.162.229.95 - - [27/Nov/2022:08:48:19 +0800] "GET /xingrg/all/function/internal_message.html?_=1669510094813&CODE_STATE=getMsg HTTP/1.1" 200 27
114.95.46.117 - - [27/Nov/2022:08:48:30 +0800] "GET /xingrg/kc/buy/cgsh_order_operate.html?command=get_materiel&rest_code=00105&code=00101008353&supplier_code=00100203&order_time=2022-11-27 HTTP/1.1" 200 408
114.95.46.117 - - [27/Nov/2022:08:48:42 +0800] "GET /xingrg/kc/buy/cgsh_order_operate.html?command=get_materiel&rest_code=00105&code=00101008298&supplier_code=00100203&order_time=2022-11-27 HTTP/1.1" 200 431
114.95.46.117 - - [27/Nov/2022:08:48:44 +0800] "GET /xingrg/all/function/internal_message.html?_=1669509968089&CODE_STATE=getMsg HTTP/1.1" 200 27
114.95.46.117 - - [27/Nov/2022:08:48:50 +0800] "GET /xingrg/kc/buy/cgsh_order_operate.html?command=get_materiel&rest_code=00105&code=00101008105&supplier_code=00100203&order_time=2022-11-27 HTTP/1.1" 200 412
180.162.229.95 - - [27/Nov/2022:08:48:50 +0800] "GET /xingrg/kc/print/load_config.html?kc_code=cgsh HTTP/1.1" 200 1943
180.162.229.95 - - [27/Nov/2022:08:48:50 +0800] "GET /xingrg/kc/print/load_data.html?order_code=212022112709265&kc_code=cgsh&condition= HTTP/1.1" 200 1784
114.95.46.117 - - [27/Nov/2022:08:48:57 +0800] "GET /xingrg/kc/buy/cgsh_order_operate.html?command=get_materiel&rest_code=00105&code=00101008119&supplier_code=00100203&order_time=2022-11-27 HTTP/1.1" 200 412
114.84.38.109 - - [27/Nov/2022:08:48:59 +0800] "GET /xingrg/check_reg.html?_=1669510160002 HTTP/1.1" 200 22
180.162.229.95 - - [27/Nov/2022:08:48:59 +0800] "GET /xingrg/kc/buy/cgsh_order_add.html HTTP/1.1" 200 69596
180.162.229.95 - - [27/Nov/2022:08:49:00 +0800] "POST /xingrg/kc/buy/cgsh_order_operate.html HTTP/1.1" 200 8245
180.162.229.95 - - [27/Nov/2022:08:49:00 +0800] "GET /xingrg/javascript/easyui/themes/default/validatebox.css HTTP/1.1" 404 1104
180.162.229.95 - - [27/Nov/2022:08:49:01 +0800] "GET /xingrg/javascript/easyui/plugins/jquery.draggable.js HTTP/1.1" 200 6121
180.162.229.95 - - [27/Nov/2022:08:49:01 +0800] "GET /xingrg/css/images/panel_loading.gif HTTP/1.1" 200 1737
180.162.229.95 - - [27/Nov/2022:08:49:01 +0800] "GET /xingrg/javascript/easyui/plugins/jquery.droppable.js HTTP/1.1" 200 1167
180.162.229.95 - - [27/Nov/2022:08:49:01 +0800] "GET /xingrg/javascript/easyui/themes/default/tree.css HTTP/1.1" 404 1090
180.162.229.95 - - [27/Nov/2022:08:49:01 +0800] "GET /xingrg/javascript/easyui/plugins/jquery.tree.js HTTP/1.1" 200 20874
180.162.229.95 - - [27/Nov/2022:08:49:01 +0800] "POST /xingrg/all/common/load_tree.html?tree=supplier_tree_json&isDelete=1 HTTP/1.1" 200 70260
114.95.46.117 - - [27/Nov/2022:08:49:01 +0800] "POST /xingrg/kc/buy/cgsh_order_operate.html HTTP/1.1" 200 2065
180.162.229.95 - - [27/Nov/2022:08:49:02 +0800] "GET /xingrg/javascript/easyui/themes/default/images/tree_arrows.gif HTTP/1.1" 200 617
180.162.229.95 - - [27/Nov/2022:08:49:02 +0800] "GET /xingrg/javascript/easyui/themes/default/images/tree_folder_open.gif HTTP/1.1" 200 956
180.162.229.95 - - [27/Nov/2022:08:49:02 +0800] "GET /xingrg/javascript/easyui/themes/default/images/tree_file.gif HTTP/1.1" 200 118
180.162.229.95 - - [27/Nov/2022:08:49:02 +0800] "GET /xingrg/javascript/easyui/themes/default/images/tree_folder.gif HTTP/1.1" 200 952
114.95.46.117 - - [27/Nov/2022:08:49:03 +0800] "POST /xingrg/kc/buy/cgsh_order_operate.html HTTP/1.1" 200 2065
114.95.46.117 - - [27/Nov/2022:08:49:04 +0800] "POST /xingrg/kc/buy/cgsh_order_operate.html HTTP/1.1" 200 2065
114.84.38.109 - - [27/Nov/2022:08:49:07 +0800] "GET /xingrg/all/function/internal_message.html?_=1669510167909&CODE_STATE=getMsg HTTP/1.1" 200 27
116.230.105.139 - - [27/Nov/2022:08:49:10 +0800] "GET /xingrg/all/function/internal_message.html?_=1669510121607&CODE_STATE=getMsg HTTP/1.1" 200 27
180.162.229.95 - - [27/Nov/2022:08:49:19 +0800] "GET /xingrg/all/function/internal_message.html?_=1669510154798&CODE_STATE=getMsg HTTP/1.1" 200 27
114.95.46.117 - - [27/Nov/2022:08:49:19 +0800] "GET /xingrg/check_reg.html?_=1669510155078 HTTP/1.1" 200 22
114.95.46.117 - - [27/Nov/2022:08:49:19 +0800] "GET /xingrg/all/function/internal_message.html?_=1669510155079&CODE_STATE=getMsg HTTP/1.1" 200 27
180.162.229.95 - - [27/Nov/2022:08:49:23 +0800] "GET /xingrg/kc/buy/cgsh_order_operate.html?command=get_materiel&rest_code=00102&code=00101029085&supplier_code=00100406&order_time=2022-11-27 HTTP/1.1" 200 447
114.95.46.117 - - [27/Nov/2022:08:49:23 +0800] "GET /xingrg/kc/buy/cgsh_order_operate.html?command=get_materiel&rest_code=00105&code=00101015066&supplier_code=00100203&order_time=2022-11-27 HTTP/1.1" 200 413
180.162.229.95 - - [27/Nov/2022:08:49:32 +0800] "POST /xingrg/kc/buy/cgsh_order_operate.html HTTP/1.1" 200 37
116.238.139.35 - - [27/Nov/2022:08:49:35 +0800] "GET /xingrg/kc/buy/cgsh_order_list.html HTTP/1.1" 302 -
116.238.139.35 - - [27/Nov/2022:08:49:35 +0800] "GET /xingrg/login.html HTTP/1.1" 200 7641
116.238.139.35 - - [27/Nov/2022:08:49:35 +0800] "GET /xingrg/login.html HTTP/1.1" 200 7641
116.238.139.35 - - [27/Nov/2022:08:49:36 +0800] "GET /favicon.ico HTTP/1.1" 404 -
180.162.229.95 - - [27/Nov/2022:08:49:37 +0800] "POST /xingrg/kc/buy/cgsh_order_operate.html HTTP/1.1" 200 12
116.238.139.35 - - [27/Nov/2022:08:49:37 +0800] "POST /xingrg/login.do HTTP/1.1" 302 -
116.238.139.35 - - [27/Nov/2022:08:49:37 +0800] "GET /xingrg/index.html?sysBaseUrl=http%3A%2F%2F180.169.147.146%3A18081%2Fxingrg%2F&costTime=42×tamp=1669510177247 HTTP/1.1" 200 17177
116.238.139.35 - - [27/Nov/2022:08:49:37 +0800] "GET /favicon.ico HTTP/1.1" 404 -
116.238.139.35 - - [27/Nov/2022:08:49:37 +0800] "POST /xingrg/all/common/load_tree.html?tree=area_rest_tree_json&manage=1 HTTP/1.1" 200 476
116.238.139.35 - - [27/Nov/2022:08:49:37 +0800] "POST /xingrg/load_menu.html HTTP/1.1" 200 5138
116.238.139.35 - - [27/Nov/2022:08:49:37 +0800] "GET /xingrg/all/function/internal_message.html?_=1669510173618&CODE_STATE=count HTTP/1.1" 200 11
116.238.139.35 - - [27/Nov/2022:08:49:37 +0800] "GET /xingrg/check_reg.html?_=1669510173619 HTTP/1.1" 200 22
180.162.229.95 - - [27/Nov/2022:08:49:38 +0800] "GET /xingrg/kc/buy/cgsh_order_info.html?code=212022112709266 HTTP/1.1" 200 64503
114.95.46.117 - - [27/Nov/2022:08:49:38 +0800] "GET /xingrg/kc/buy/cgsh_order_operate.html?command=get_materiel&rest_code=00105&code=00101008027&supplier_code=00100203&order_time=2022-11-27 HTTP/1.1" 200 408
180.162.229.95 - - [27/Nov/2022:08:49:38 +0800] "GET /xingrg/javascript/easyui/themes/default/validatebox.css HTTP/1.1" 404 1104
