116.238.139.35 - - [27/Nov/2022:10:19:18 +0800] "POST /xingrg/dwr/call/plaincall/AjaxComOrderService.getMaterielSearchList.dwr HTTP/1.1" 200 1736
116.230.105.139 - - [27/Nov/2022:10:19:19 +0800] "GET /xingrg/kc/base/base_main.html HTTP/1.1" 200 12142
114.95.46.117 - - [27/Nov/2022:10:19:19 +0800] "GET /xingrg/check_reg.html?_=1669515555015 HTTP/1.1" 200 22
116.230.105.139 - - [27/Nov/2022:10:19:20 +0800] "GET /xingrg/kc/base/check_order_list.html HTTP/1.1" 200 16487
116.238.139.35 - - [27/Nov/2022:10:19:20 +0800] "POST /xingrg/dwr/call/plaincall/AjaxYddbService.getMaterielByMap.dwr HTTP/1.1" 200 2332
116.230.105.139 - - [27/Nov/2022:10:19:20 +0800] "POST /xingrg/kc/base/check_list_operate.html HTTP/1.1" 200 1572
116.238.139.35 - - [27/Nov/2022:10:19:23 +0800] "POST /xingrg/dwr/call/plaincall/AjaxYddbService.saveMaterielItem.dwr HTTP/1.1" 200 79
180.162.229.95 - - [27/Nov/2022:10:19:24 +0800] "POST /xingrg/kc/buy/cgsh_order_operate.html HTTP/1.1" 200 37
116.230.105.139 - - [27/Nov/2022:10:19:25 +0800] "GET /xingrg/kc/buy/buy_main.html HTTP/1.1" 200 12412
116.230.105.139 - - [27/Nov/2022:10:19:25 +0800] "GET /xingrg/css/new_ie.css HTTP/1.1" 404 1036
116.238.139.35 - - [27/Nov/2022:10:19:26 +0800] "POST /xingrg/dwr/call/plaincall/AjaxComOrderService.getMaterielSearchList.dwr HTTP/1.1" 200 8635
116.230.105.139 - - [27/Nov/2022:10:19:26 +0800] "GET /xingrg/images/yd/bt.gif HTTP/1.1" 404 1040
114.83.219.57 - - [27/Nov/2022:10:19:26 +0800] "GET /xingrg/all/function/internal_message.html?_=1669515690694&CODE_STATE=getMsg HTTP/1.1" 200 27
116.238.139.35 - - [27/Nov/2022:10:19:26 +0800] "POST /xingrg/dwr/call/plaincall/AjaxComOrderService.getMaterielSearchList.dwr HTTP/1.1" 200 699
116.230.105.139 - - [27/Nov/2022:10:19:27 +0800] "GET /xingrg/kc/buy/cgsh_order_list.html HTTP/1.1" 200 54041
116.238.139.35 - - [27/Nov/2022:10:19:28 +0800] "POST /xingrg/dwr/call/plaincall/AjaxYddbService.getMaterielByMap.dwr HTTP/1.1" 200 2334
116.230.105.139 - - [27/Nov/2022:10:19:29 +0800] "POST /xingrg/kc/buy/cgsh_list_operate.html HTTP/1.1" 200 6011
101.85.106.255 - - [27/Nov/2022:10:19:29 +0800] "GET /xingrg/all/function/internal_message.html?_=1669515563193&CODE_STATE=getMsg HTTP/1.1" 200 27
58.40.7.146 - - [27/Nov/2022:10:19:29 +0800] "GET /xingrg/all/function/internal_message.html?_=1669515565181&CODE_STATE=getMsg HTTP/1.1" 302 -
116.238.139.35 - - [27/Nov/2022:10:19:31 +0800] "POST /xingrg/dwr/call/plaincall/AjaxYddbService.saveMaterielItem.dwr HTTP/1.1" 200 79
116.230.105.139 - - [27/Nov/2022:10:19:32 +0800] "GET /xingrg/javascript/jquery_tools/images/next.gif HTTP/1.1" 404 1086
116.230.105.139 - - [27/Nov/2022:10:19:32 +0800] "GET /xingrg/javascript/jquery_tools/images/prev.gif HTTP/1.1" 404 1086
116.238.139.35 - - [27/Nov/2022:10:19:33 +0800] "POST /xingrg/dwr/call/plaincall/AjaxComOrderService.getMaterielSearchList.dwr HTTP/1.1" 200 42023
116.238.139.35 - - [27/Nov/2022:10:19:34 +0800] "POST /xingrg/dwr/call/plaincall/AjaxComOrderService.getMaterielSearchList.dwr HTTP/1.1" 200 1967
116.238.139.35 - - [27/Nov/2022:10:19:35 +0800] "POST /xingrg/dwr/call/plaincall/AjaxYddbService.getMaterielByMap.dwr HTTP/1.1" 200 2283
120.253.135.82 - - [27/Nov/2022:10:19:36 +0800] "GET /xingrg/all/function/internal_message.html?_=1669515687030&CODE_STATE=getMsg HTTP/1.1" 200 27
116.238.139.35 - - [27/Nov/2022:10:19:36 +0800] "POST /xingrg/dwr/call/plaincall/AjaxYddbService.saveMaterielItem.dwr HTTP/1.1" 200 79
123.138.95.146 - - [27/Nov/2022:10:19:36 +0800] "GET /xingrg/kc/base/wldb_order_operate.html?command=get_materiel&rest_code=00149&base_code=0010395&code=00102002118 HTTP/1.1" 200 466
116.238.139.35 - - [27/Nov/2022:10:19:38 +0800] "POST /xingrg/dwr/call/plaincall/AjaxComOrderService.getMaterielSearchList.dwr HTTP/1.1" 200 1110
116.238.139.35 - - [27/Nov/2022:10:19:39 +0800] "POST /xingrg/dwr/call/plaincall/AjaxComOrderService.getMaterielSearchList.dwr HTTP/1.1" 200 1110
114.95.46.117 - - [27/Nov/2022:10:19:39 +0800] "POST /xingrg/services/DataTransmitService HTTP/1.1" 401 565
114.95.46.117 - - [27/Nov/2022:10:19:39 +0800] "POST /xingrg/services/DataTransmitService HTTP/1.1" 200 478
114.95.46.117 - - [27/Nov/2022:10:19:39 +0800] "POST /xingrg/services/DataTransmitService HTTP/1.1" 200 1319
114.95.46.117 - - [27/Nov/2022:10:19:39 +0800] "POST /xingrg/services/DataTransmitService HTTP/1.1" 200 478
114.95.46.117 - - [27/Nov/2022:10:19:39 +0800] "POST /xingrg/services/DataTransmitService HTTP/1.1" 200 1319
114.95.46.117 - - [27/Nov/2022:10:19:40 +0800] "POST /xingrg/services/DataTransmitService HTTP/1.1" 200 524
114.95.46.117 - - [27/Nov/2022:10:19:40 +0800] "POST /xingrg/services/DataTransmitService HTTP/1.1" 200 2407
116.238.139.35 - - [27/Nov/2022:10:19:41 +0800] "GET /xingrg/all/function/internal_message.html?_=1669515577069&CODE_STATE=getMsg HTTP/1.1" 200 27
116.238.139.35 - - [27/Nov/2022:10:19:41 +0800] "POST /xingrg/dwr/call/plaincall/AjaxYddbService.getMaterielByMap.dwr HTTP/1.1" 200 2330
114.95.46.117 - - [27/Nov/2022:10:19:41 +0800] "POST /xingrg/services/DataTransmitService HTTP/1.1" 200 193208
116.230.105.139 - - [27/Nov/2022:10:19:41 +0800] "GET /xingrg/javascript/auto/indicator.gif HTTP/1.1" 404 1066
116.238.139.35 - - [27/Nov/2022:10:19:43 +0800] "POST /xingrg/dwr/call/plaincall/AjaxYddbService.saveMaterielItem.dwr HTTP/1.1" 200 79
124.79.245.154 - - [27/Nov/2022:10:19:43 +0800] "GET /xingrg/check_reg.html?_=1669515579002 HTTP/1.1" 200 22
124.79.245.154 - - [27/Nov/2022:10:19:43 +0800] "GET /xingrg/all/function/internal_message.html?_=1669515579003&CODE_STATE=getMsg HTTP/1.1" 200 27
114.95.46.117 - - [27/Nov/2022:10:19:44 +0800] "GET /xingrg/all/function/internal_message.html?_=1669515428182&CODE_STATE=getMsg HTTP/1.1" 200 27
123.138.95.146 - - [27/Nov/2022:10:19:45 +0800] "GET /xingrg/kc/base/wldb_order_operate.html?command=get_materiel&rest_code=00149&base_code=0010395&code=00102015103 HTTP/1.1" 200 435
116.230.105.139 - - [27/Nov/2022:10:19:46 +0800] "POST /xingrg/kc/buy/cgsh_list_operate.html HTTP/1.1" 200 1898
116.230.105.139 - - [27/Nov/2022:10:19:48 +0800] "POST /xingrg/kc/buy/cgsh_list_operate.html HTTP/1.1" 200 211
116.230.105.139 - - [27/Nov/2022:10:19:50 +0800] "POST /xingrg/kc/buy/cgsh_list_operate.html HTTP/1.1" 200 4
114.88.159.190 - - [27/Nov/2022:10:19:51 +0800] "GET /xingrg/check_reg.html?_=1669515188443 HTTP/1.1" 200 22
180.162.229.95 - - [27/Nov/2022:10:19:52 +0800] "POST /xingrg/kc/buy/cgsh_order_operate.html HTTP/1.1" 200 11657
116.238.139.35 - - [27/Nov/2022:10:19:52 +0800] "POST /xingrg/dwr/call/plaincall/AjaxYddbService.checkOrder.dwr HTTP/1.1" 200 79
180.169.147.146 - - [27/Nov/2022:10:19:53 +0800] "GET /xingrg/all/function/internal_message.html?_=1669515589232&CODE_STATE=getMsg HTTP/1.1" 200 27
116.230.105.139 - - [27/Nov/2022:10:19:54 +0800] "POST /xingrg/kc/buy/cgsh_list_operate.html HTTP/1.1" 200 1873
123.138.95.146 - - [27/Nov/2022:10:19:55 +0800] "GET /xingrg/kc/base/wldb_order_operate.html?command=get_materiel&rest_code=00149&base_code=0010395&code=00102002098 HTTP/1.1" 200 438
116.230.105.139 - - [27/Nov/2022:10:19:56 +0800] "POST /xingrg/kc/buy/cgsh_list_operate.html HTTP/1.1" 200 211
116.230.105.139 - - [27/Nov/2022:10:19:57 +0800] "GET /xingrg/kc/buy/cgsh_order_info.html?code=212022112508732 HTTP/1.1" 200 69577
114.84.38.109 - - [27/Nov/2022:10:19:57 +0800] "GET /xingrg/check_reg.html?_=1669515618340 HTTP/1.1" 200 22
116.230.105.139 - - [27/Nov/2022:10:19:57 +0800] "GET /xingrg/words/20221125140633_words.js HTTP/1.1" 200 935010
114.84.38.109 - - [27/Nov/2022:10:19:57 +0800] "GET /xingrg/all/function/internal_message.html?_=1669515618896&CODE_STATE=getMsg HTTP/1.1" 200 27
116.230.105.139 - - [27/Nov/2022:10:19:57 +0800] "GET /xingrg/all/common/auto_word.html?type=employee&rest_code=00147 HTTP/1.1" 200 101
116.230.105.139 - - [27/Nov/2022:10:19:57 +0800] "GET /xingrg/javascript/easyui/themes/default/validatebox.css HTTP/1.1" 404 1104
116.230.105.139 - - [27/Nov/2022:10:19:57 +0800] "GET /xingrg/all/common/auto_word.html?type=employee&rest_code=00147 HTTP/1.1" 200 101
116.230.105.139 - - [27/Nov/2022:10:19:58 +0800] "POST /xingrg/kc/buy/cgsh_order_operate.html HTTP/1.1" 200 2671
116.238.139.35 - - [27/Nov/2022:10:19:59 +0800] "GET /xingrg/kc/base/yddb_order_info.html?code=482022112700194 HTTP/1.1" 200 31179
116.238.139.35 - - [27/Nov/2022:10:19:59 +0800] "GET /xingrg/dwr/interface/AjaxYddbService.js HTTP/1.1" 200 13201
116.238.139.35 - - [27/Nov/2022:10:19:59 +0800] "GET /xingrg/dwr/engine.js HTTP/1.1" 200 43631
116.238.139.35 - - [27/Nov/2022:10:19:59 +0800] "GET /xingrg/dwr/interface/AjaxComOrderService.js HTTP/1.1" 200 18264
116.238.139.35 - - [27/Nov/2022:10:20:00 +0800] "POST /xingrg/dwr/call/plaincall/AjaxYddbService.loadMaterielItems.dwr HTTP/1.1" 200 3352
123.138.95.146 - - [27/Nov/2022:10:20:01 +0800] "GET /xingrg/kc/base/wldb_order_operate.html?command=get_materiel&rest_code=00149&base_code=0010395&code=00102002497 HTTP/1.1" 200 439
114.95.46.117 - - [27/Nov/2022:10:20:02 +0800] "GET /xingrg/kc/buy/cgsh_order_operate.html?command=get_materiel&rest_code=00105&code=00101009044&supplier_code=00100024&order_time=2022-11-27 HTTP/1.1" 200 412
123.138.95.146 - - [27/Nov/2022:10:20:04 +0800] "GET /xingrg/all/function/internal_message.html?_=1669515630910&CODE_STATE=getMsg HTTP/1.1" 200 27
116.230.105.139 - - [27/Nov/2022:10:20:05 +0800] "GET /xingrg/check_reg.html?_=1669515576760 HTTP/1.1" 200 22
116.238.139.35 - - [27/Nov/2022:10:20:06 +0800] "POST /xingrg/all/user/operate.html HTTP/1.1" 200 36
116.238.139.35 - - [27/Nov/2022:10:20:06 +0800] "GET /xingrg/javascript/jquery_easy_ui/themes/default/easyui.css HTTP/1.1" 304 -
116.238.139.35 - - [27/Nov/2022:10:20:06 +0800] "GET /xingrg/index.html?sysBaseUrl=http%3A%2F%2F180.169.147.146%3A18081%2Fxingrg%2F&costTime=42×tamp=1669510177247 HTTP/1.1" 200 17179
116.238.139.35 - - [27/Nov/2022:10:20:06 +0800] "GET /xingrg/javascript/jquery_easy_ui/themes/icon.css HTTP/1.1" 304 -
116.238.139.35 - - [27/Nov/2022:10:20:06 +0800] "GET /xingrg/css/form.css HTTP/1.1" 304 -
116.238.139.35 - - [27/Nov/2022:10:20:06 +0800] "GET /xingrg/javascript/jquery-1.4.2.min.js HTTP/1.1" 304 -
116.238.139.35 - - [27/Nov/2022:10:20:06 +0800] "GET /xingrg/javascript/jquery_easy_ui/jquery.easyui.min.js HTTP/1.1" 304 -
116.238.139.35 - - [27/Nov/2022:10:20:06 +0800] "GET /xingrg/javascript/jquery_easy_ui/easyui-lang-zh_CN.js HTTP/1.1" 304 -
116.238.139.35 - - [27/Nov/2022:10:20:06 +0800] "GET /xingrg/javascript/jquery.form.js HTTP/1.1" 304 -
116.238.139.35 - - [27/Nov/2022:10:20:06 +0800] "GET /xingrg/javascript/jquery.utils.js HTTP/1.1" 304 -
116.238.139.35 - - [27/Nov/2022:10:20:06 +0800] "GET /xingrg/javascript/jquery.timers.js HTTP/1.1" 304 -
116.238.139.35 - - [27/Nov/2022:10:20:06 +0800] "GET /xingrg/images/blue/jxLogo.png HTTP/1.1" 304 -
116.238.139.35 - - [27/Nov/2022:10:20:06 +0800] "GET /xingrg/images/blue/navBackgound.jpg HTTP/1.1" 304 -
116.238.139.35 - - [27/Nov/2022:10:20:06 +0800] "GET /xingrg/javascript/jquery_easy_ui/themes/icons/settle_new.png HTTP/1.1" 304 -
116.238.139.35 - - [27/Nov/2022:10:20:06 +0800] "POST /xingrg/all/common/load_tree.html?tree=area_rest_tree_json&manage=1 HTTP/1.1" 200 476
116.238.139.35 - - [27/Nov/2022:10:20:06 +0800] "GET /xingrg/all/function/internal_message.html?_=1669515602452&CODE_STATE=count HTTP/1.1" 200 11
116.238.139.35 - - [27/Nov/2022:10:20:06 +0800] "GET /xingrg/check_reg.html?_=1669515602452 HTTP/1.1" 200 22
116.238.139.35 - - [27/Nov/2022:10:20:06 +0800] "POST /xingrg/load_menu.html HTTP/1.1" 200 5138
116.238.139.35 - - [27/Nov/2022:10:20:06 +0800] "GET /xingrg/javascript/jquery_easy_ui/themes/icons/search_new.png HTTP/1.1" 304 -
116.238.139.35 - - [27/Nov/2022:10:20:06 +0800] "GET /xingrg/javascript/jquery_easy_ui/themes/default/images/tree_folder_open.gif HTTP/1.1" 304 -
116.238.139.35 - - [27/Nov/2022:10:20:06 +0800] "GET /xingrg/javascript/jquery_easy_ui/themes/default/images/tree_file.gif HTTP/1.1" 304 -
116.238.139.35 - - [27/Nov/2022:10:20:06 +0800] "GET /xingrg/javascript/jquery_easy_ui/themes/default/images/tree_folder.gif HTTP/1.1" 304 -
116.238.139.35 - - [27/Nov/2022:10:20:06 +0800] "GET /xingrg/javascript/jquery_easy_ui/themes/icons/forms_new.png HTTP/1.1" 304 -
116.238.139.35 - - [27/Nov/2022:10:20:06 +0800] "GET /xingrg/javascript/jquery_easy_ui/themes/default/images/tree_arrows.gif HTTP/1.1" 304 -
116.238.139.35 - - [27/Nov/2022:10:20:06 +0800] "GET /xingrg/javascript/jquery_easy_ui/themes/icons/storage_new.png HTTP/1.1" 304 -
116.238.139.35 - - [27/Nov/2022:10:20:06 +0800] "GET /xingrg/javascript/jquery_easy_ui/themes/default/images/tabs_leftarrow.png HTTP/1.1" 304 -
116.238.139.35 - - [27/Nov/2022:10:20:06 +0800] "GET /xingrg/javascript/jquery_easy_ui/themes/default/images/tabs_rightarrow.png HTTP/1.1" 304 -
116.238.139.35 - - [27/Nov/2022:10:20:06 +0800] "GET /xingrg/images/blue/pingpu.png HTTP/1.1" 304 -
116.238.139.35 - - [27/Nov/2022:10:20:06 +0800] "GET /xingrg/javascript/jquery_easy_ui/themes/default/images/panel_tool_collapse.gif HTTP/1.1" 304 -
116.238.139.35 - - [27/Nov/2022:10:20:08 +0800] "GET /xingrg/kc/base/wldb_order_list.html HTTP/1.1" 200 19107
116.230.105.139 - - [27/Nov/2022:10:20:08 +0800] "POST /xingrg/kc/buy/cgsh_order_operate.html HTTP/1.1" 200 37
116.238.139.35 - - [27/Nov/2022:10:20:08 +0800] "POST /xingrg/kc/base/wldb_list_operate.html HTTP/1.1" 200 928
116.230.105.139 - - [27/Nov/2022:10:20:09 +0800] "GET /xingrg/all/function/internal_message.html?_=1669515580002&CODE_STATE=getMsg HTTP/1.1" 200 27
116.238.139.35 - - [27/Nov/2022:10:20:09 +0800] "GET /xingrg/kc/base/wldb_order_add.html HTTP/1.1" 200 30390
116.238.139.35 - - [27/Nov/2022:10:20:09 +0800] "POST /xingrg/kc/base/wldb_order_operate.html HTTP/1.1" 200 6806
116.238.139.35 - - [27/Nov/2022:10:20:09 +0800] "GET /xingrg/all/common/auto_word.html?type=base&rest_code=00150 HTTP/1.1" 200 1799
116.238.139.35 - - [27/Nov/2022:10:20:09 +0800] "GET /xingrg/all/common/auto_word.html?type=base&rest_code=00150 HTTP/1.1" 200 1799
116.238.139.35 - - [27/Nov/2022:10:20:10 +0800] "GET /xingrg/javascript/easyui/themes/default/validatebox.css HTTP/1.1" 404 1104
116.238.139.35 - - [27/Nov/2022:10:20:11 +0800] "GET /xingrg/javascript/auto/indicator.gif HTTP/1.1" 404 1066
120.253.135.82 - - [27/Nov/2022:10:20:11 +0800] "GET /xingrg/all/function/internal_message.html?_=1669515408305&CODE_STATE=getMsg HTTP/1.1" 200 27
116.230.105.139 - - [27/Nov/2022:10:20:12 +0800] "POST /xingrg/kc/buy/cgsh_order_operate.html HTTP/1.1" 200 12
123.138.95.146 - - [27/Nov/2022:10:20:13 +0800] "GET /xingrg/kc/base/wldb_order_operate.html?command=get_materiel&rest_code=00149&base_code=0010395&code=00102004030 HTTP/1.1" 200 442
116.230.105.139 - - [27/Nov/2022:10:20:13 +0800] "GET /xingrg/kc/buy/cgsh_order_info.html?code=212022112508732 HTTP/1.1" 200 64728
116.230.105.139 - - [27/Nov/2022:10:20:13 +0800] "GET /xingrg/javascript/easyui/themes/default/validatebox.css HTTP/1.1" 404 1104
116.230.105.139 - - [27/Nov/2022:10:20:14 +0800] "POST /xingrg/kc/buy/cgsh_order_operate.html HTTP/1.1" 200 621
114.84.81.136 - - [27/Nov/2022:10:20:14 +0800] "GET /xingrg/check_reg.html?_=1669515611292 HTTP/1.1" 200 22
116.238.139.35 - - [27/Nov/2022:10:20:16 +0800] "GET /xingrg/kc/base/wldb_order_operate.html?command=get_materiel&rest_code=00150&base_code=0010446&code=00102002238 HTTP/1.1" 200 434
114.83.219.57 - - [27/Nov/2022:10:20:16 +0800] "POST /xingrg/kc/base/wldb_order_operate.html HTTP/1.1" 200 37
116.230.105.139 - - [27/Nov/2022:10:20:17 +0800] "GET /xingrg/all/function/internal_message.html?_=1669515613069&CODE_STATE=getMsg HTTP/1.1" 200 27
114.95.46.117 - - [27/Nov/2022:10:20:17 +0800] "GET /xingrg/all/function/internal_message.html?_=1669515613797&CODE_STATE=getMsg HTTP/1.1" 200 27
114.83.219.57 - - [27/Nov/2022:10:20:20 +0800] "POST /xingrg/kc/base/wldb_order_operate.html HTTP/1.1" 200 12
114.83.219.57 - - [27/Nov/2022:10:20:20 +0800] "POST /xingrg/kc/base/wldb_order_operate.html HTTP/1.1" 200 5250
116.238.139.35 - - [27/Nov/2022:10:20:21 +0800] "POST /xingrg/kc/base/wldb_order_operate.html HTTP/1.1" 200 37
114.95.46.117 - - [27/Nov/2022:10:20:21 +0800] "POST /xingrg/services/DataTransmitService HTTP/1.1" 200 45454
114.95.46.117 - - [27/Nov/2022:10:20:21 +0800] "POST /xingrg/services/DataTransmitService HTTP/1.1" 200 19237
120.253.135.82 - - [27/Nov/2022:10:20:22 +0800] "POST /xingrg/kc/pszx/mdps_order_operate.html HTTP/1.1" 200 37
116.238.139.35 - - [27/Nov/2022:10:20:24 +0800] "POST /xingrg/kc/base/wldb_order_operate.html HTTP/1.1" 200 12
114.83.219.57 - - [27/Nov/2022:10:20:24 +0800] "GET /xingrg/kc/base/wldb_order_info.html?code=422022112702188 HTTP/1.1" 200 26266
116.238.139.35 - - [27/Nov/2022:10:20:24 +0800] "POST /xingrg/kc/base/wldb_order_operate.html HTTP/1.1" 200 2182
114.83.219.57 - - [27/Nov/2022:10:20:24 +0800] "GET /xingrg/javascript/easyui/themes/default/validatebox.css HTTP/1.1" 404 1104
123.138.95.146 - - [27/Nov/2022:10:20:25 +0800] "POST /xingrg/kc/base/wldb_order_operate.html HTTP/1.1" 200 37
114.83.219.57 - - [27/Nov/2022:10:20:25 +0800] "POST /xingrg/kc/base/wldb_order_operate.html HTTP/1.1" 200 3480
116.238.139.35 - - [27/Nov/2022:10:20:26 +0800] "GET /xingrg/kc/base/wldb_order_info.html?code=422022112702189 HTTP/1.1" 200 26268
116.238.139.35 - - [27/Nov/2022:10:20:26 +0800] "GET /xingrg/javascript/easyui/themes/default/validatebox.css HTTP/1.1" 404 1104
120.253.135.82 - - [27/Nov/2022:10:20:26 +0800] "POST /xingrg/kc/pszx/mdps_order_operate.html HTTP/1.1" 200 12
123.138.95.146 - - [27/Nov/2022:10:20:26 +0800] "POST /xingrg/kc/base/wldb_order_operate.html HTTP/1.1" 200 3654
116.238.139.35 - - [27/Nov/2022:10:20:26 +0800] "POST /xingrg/kc/base/wldb_order_operate.html HTTP/1.1" 200 476
114.83.219.57 - - [27/Nov/2022:10:20:26 +0800] "GET /xingrg/all/function/internal_message.html?_=1669515750691&CODE_STATE=getMsg HTTP/1.1" 200 27
123.138.95.146 - - [27/Nov/2022:10:20:27 +0800] "GET /xingrg/kc/base/wldb_order_info.html?code=422022112702190 HTTP/1.1" 200 30404
123.138.95.146 - - [27/Nov/2022:10:20:27 +0800] "GET /xingrg/javascript/easyui/themes/default/validatebox.css HTTP/1.1" 404 1104
120.253.135.82 - - [27/Nov/2022:10:20:27 +0800] "GET /xingrg/kc/pszx/mdps_order_info.html?code=312022112700567 HTTP/1.1" 200 19636
123.138.95.146 - - [27/Nov/2022:10:20:27 +0800] "POST /xingrg/kc/base/wldb_order_operate.html HTTP/1.1" 200 3654
120.253.135.82 - - [27/Nov/2022:10:20:28 +0800] "POST /xingrg/kc/pszx/mdps_order_operate.html HTTP/1.1" 200 2018
120.253.135.82 - - [27/Nov/2022:10:20:28 +0800] "GET /xingrg/javascript/easyui/themes/default/validatebox.css HTTP/1.1" 404 1104
116.238.139.35 - - [27/Nov/2022:10:20:28 +0800] "GET /xingrg/kc/base/wldb_order_add.html HTTP/1.1" 200 30390
116.238.139.35 - - [27/Nov/2022:10:20:28 +0800] "GET /xingrg/javascript/easyui/themes/default/validatebox.css HTTP/1.1" 404 1104
116.238.139.35 - - [27/Nov/2022:10:20:28 +0800] "POST /xingrg/kc/base/wldb_order_operate.html HTTP/1.1" 200 6806
101.85.106.255 - - [27/Nov/2022:10:20:29 +0800] "GET /xingrg/check_reg.html?_=1669515623198 HTTP/1.1" 200 22
101.85.106.255 - - [27/Nov/2022:10:20:29 +0800] "GET /xingrg/all/function/internal_message.html?_=1669515623194&CODE_STATE=getMsg HTTP/1.1" 200 27
120.253.135.82 - - [27/Nov/2022:10:20:29 +0800] "POST /xingrg/kc/pszx/mdps_list_operate.html HTTP/1.1" 200 868
58.40.7.146 - - [27/Nov/2022:10:20:29 +0800] "GET /xingrg/all/function/internal_message.html?_=1669515625168&CODE_STATE=getMsg HTTP/1.1" 302 -
123.138.95.146 - - [27/Nov/2022:10:20:30 +0800] "GET /xingrg/kc/base/wldb_order_add.html HTTP/1.1" 200 30390
123.138.95.146 - - [27/Nov/2022:10:20:30 +0800] "POST /xingrg/kc/base/wldb_order_operate.html HTTP/1.1" 200 6806
114.95.46.117 - - [27/Nov/2022:10:20:30 +0800] "GET /xingrg/kc/buy/cgsh_order_operate.html?command=get_materiel&rest_code=00105&code=00101009112&supplier_code=00100024&order_time=2022-11-27 HTTP/1.1" 200 425
123.138.95.146 - - [27/Nov/2022:10:20:30 +0800] "GET /xingrg/javascript/easyui/themes/default/validatebox.css HTTP/1.1" 404 1104
180.162.229.95 - - [27/Nov/2022:10:20:34 +0800] "GET /xingrg/all/function/internal_message.html?_=1669515630533&CODE_STATE=getMsg HTTP/1.1" 200 27
116.238.139.35 - - [27/Nov/2022:10:20:36 +0800] "GET /xingrg/kc/base/wldb_order_operate.html?command=get_materiel&rest_code=00150&base_code=0010445&code=00101019425 HTTP/1.1" 200 458
120.253.135.82 - - [27/Nov/2022:10:20:36 +0800] "GET /xingrg/all/function/internal_message.html?_=1669515747045&CODE_STATE=getMsg HTTP/1.1" 200 27
116.238.139.35 - - [27/Nov/2022:10:20:40 +0800] "GET /xingrg/kc/base/wldb_order_operate.html?command=get_materiel&rest_code=00150&base_code=0010445&code=00101019637 HTTP/1.1" 200 449
124.79.245.154 - - [27/Nov/2022:10:20:43 +0800] "GET /xingrg/all/function/internal_message.html?_=1669515638998&CODE_STATE=getMsg HTTP/1.1" 200 27
114.95.46.117 - - [27/Nov/2022:10:20:44 +0800] "GET /xingrg/all/function/internal_message.html?_=1669515488182&CODE_STATE=getMsg HTTP/1.1" 200 27
116.238.139.35 - - [27/Nov/2022:10:20:46 +0800] "GET /xingrg/kc/base/wldb_order_operate.html?command=get_materiel&rest_code=00150&base_code=0010445&code=00101016029 HTTP/1.1" 200 462
123.138.95.146 - - [27/Nov/2022:10:20:49 +0800] "GET /xingrg/kc/base/wldb_order_operate.html?command=get_materiel&rest_code=00149&base_code=0010395&code=00102002339 HTTP/1.1" 200 466
116.238.139.35 - - [27/Nov/2022:10:20:52 +0800] "POST /xingrg/kc/base/wldb_order_operate.html HTTP/1.1" 200 37
180.169.147.146 - - [27/Nov/2022:10:20:53 +0800] "GET /xingrg/all/function/internal_message.html?_=1669515649235&CODE_STATE=getMsg HTTP/1.1" 200 27
116.238.139.35 - - [27/Nov/2022:10:20:55 +0800] "POST /xingrg/kc/base/wldb_order_operate.html HTTP/1.1" 200 12
116.238.139.35 - - [27/Nov/2022:10:20:55 +0800] "POST /xingrg/kc/base/wldb_order_operate.html HTTP/1.1" 200 3177
114.95.46.117 - - [27/Nov/2022:10:20:56 +0800] "POST /xingrg/kc/buy/cgsh_order_operate.html HTTP/1.1" 200 37
123.138.95.146 - - [27/Nov/2022:10:20:57 +0800] "GET /xingrg/kc/base/wldb_order_operate.html?command=get_materiel&rest_code=00149&base_code=0010395&code=00102002537 HTTP/1.1" 200 439
114.95.46.117 - - [27/Nov/2022:10:20:57 +0800] "POST /xingrg/kc/buy/cgsh_order_operate.html HTTP/1.1" 200 7401
114.84.38.109 - - [27/Nov/2022:10:20:57 +0800] "GET /xingrg/all/function/internal_message.html?_=1669515678911&CODE_STATE=getMsg HTTP/1.1" 200 27
114.95.46.117 - - [27/Nov/2022:10:20:59 +0800] "GET /xingrg/kc/print/load_data.html?order_code=212022112709297&kc_code=cgsh&condition= HTTP/1.1" 200 2494
116.238.139.35 - - [27/Nov/2022:10:21:00 +0800] "GET /xingrg/kc/base/wldb_order_info.html?code=422022112702191 HTTP/1.1" 200 26269
116.238.139.35 - - [27/Nov/2022:10:21:01 +0800] "GET /xingrg/javascript/easyui/themes/default/validatebox.css HTTP/1.1" 404 1104
116.238.139.35 - - [27/Nov/2022:10:21:01 +0800] "POST /xingrg/kc/base/wldb_order_operate.html HTTP/1.1" 200 1451
114.83.219.57 - - [27/Nov/2022:10:21:02 +0800] "GET /xingrg/kc/base/wldb_order_add.html HTTP/1.1" 200 30390
114.83.219.57 - - [27/Nov/2022:10:21:02 +0800] "POST /xingrg/kc/base/wldb_order_operate.html HTTP/1.1" 200 6806
114.83.219.57 - - [27/Nov/2022:10:21:02 +0800] "GET /xingrg/javascript/easyui/themes/default/validatebox.css HTTP/1.1" 404 1104
180.162.229.95 - - [27/Nov/2022:10:21:04 +0800] "POST /xingrg/kc/buy/cgsh_order_operate.html HTTP/1.1" 200 37
123.138.95.146 - - [27/Nov/2022:10:21:04 +0800] "GET /xingrg/all/function/internal_message.html?_=1669515690909&CODE_STATE=getMsg HTTP/1.1" 200 27
123.138.95.146 - - [27/Nov/2022:10:21:04 +0800] "GET /xingrg/kc/base/wldb_order_operate.html?command=get_materiel&rest_code=00149&base_code=0010395&code=00102002685 HTTP/1.1" 200 458
116.238.139.35 - - [27/Nov/2022:10:21:06 +0800] "GET /xingrg/all/function/internal_message.html?_=1669515662460&CODE_STATE=getMsg HTTP/1.1" 200 27
114.83.219.57 - - [27/Nov/2022:10:21:07 +0800] "POST /xingrg/all/common/load_combo.html?type=base HTTP/1.1" 200 1491
116.230.105.139 - - [27/Nov/2022:10:21:09 +0800] "GET /xingrg/all/function/internal_message.html?_=1669515639975&CODE_STATE=getMsg HTTP/1.1" 200 27
114.83.219.57 - - [27/Nov/2022:10:21:10 +0800] "POST /xingrg/all/common/load_combo.html?type=base HTTP/1.1" 200 1491
120.253.135.82 - - [27/Nov/2022:10:21:11 +0800] "GET /xingrg/all/function/internal_message.html?_=1669515468317&CODE_STATE=getMsg HTTP/1.1" 200 27
120.253.135.82 - - [27/Nov/2022:10:21:12 +0800] "GET /xingrg/kc/pszx/mdqp_order_list.html?state=10 HTTP/1.1" 200 10715
120.253.135.82 - - [27/Nov/2022:10:21:12 +0800] "POST /xingrg/kc/pszx/mdps_list_operate.html HTTP/1.1" 200 868
120.253.135.82 - - [27/Nov/2022:10:21:12 +0800] "GET /xingrg/dwr/engine.js HTTP/1.1" 200 43631
120.253.135.82 - - [27/Nov/2022:10:21:12 +0800] "GET /xingrg/dwr/interface/AjaxReportQueryService.js HTTP/1.1" 200 13203
120.253.135.82 - - [27/Nov/2022:10:21:12 +0800] "GET /xingrg/dwr/interface/AjaxQqpsService.js HTTP/1.1" 200 16326
124.78.159.196 - - [27/Nov/2022:10:21:13 +0800] "POST /xingrg/services/DataTransmitService HTTP/1.1" 401 565
124.78.159.196 - - [27/Nov/2022:10:21:13 +0800] "POST /xingrg/services/DataTransmitService HTTP/1.1" 200 478
124.78.159.196 - - [27/Nov/2022:10:21:13 +0800] "POST /xingrg/services/DataTransmitService HTTP/1.1" 200 1319
124.78.159.196 - - [27/Nov/2022:10:21:13 +0800] "POST /xingrg/services/DataTransmitService HTTP/1.1" 200 478
124.78.159.196 - - [27/Nov/2022:10:21:13 +0800] "POST /xingrg/services/DataTransmitService HTTP/1.1" 200 1319
124.78.159.196 - - [27/Nov/2022:10:21:13 +0800] "POST /xingrg/services/DataTransmitService HTTP/1.1" 200 524
124.78.159.196 - - [27/Nov/2022:10:21:14 +0800] "POST /xingrg/services/DataTransmitService HTTP/1.1" 200 2667
124.78.159.196 - - [27/Nov/2022:10:21:14 +0800] "POST /xingrg/services/DataTransmitService HTTP/1.1" 200 45454
124.78.159.196 - - [27/Nov/2022:10:21:14 +0800] "POST /xingrg/services/DataTransmitService HTTP/1.1" 200 19237
120.253.135.82 - - [27/Nov/2022:10:21:16 +0800] "GET /xingrg/kc/pszx/jzcl_ps.html HTTP/1.1" 200 7683
120.253.135.82 - - [27/Nov/2022:10:21:16 +0800] "POST /xingrg/all/common/load_tree.html?tree=area_rest_tree_json HTTP/1.1" 200 3499
120.253.135.82 - - [27/Nov/2022:10:21:16 +0800] "POST /xingrg/kc/pszx/jzcl_ps_operate.html HTTP/1.1" 200 411
120.253.135.82 - - [27/Nov/2022:10:21:16 +0800] "POST /xingrg/kc/pszx/jzcl_ps_operate.html HTTP/1.1" 200 411
116.230.105.139 - - [27/Nov/2022:10:21:17 +0800] "GET /xingrg/all/function/internal_message.html?_=1669515673065&CODE_STATE=getMsg HTTP/1.1" 200 27
114.95.46.117 - - [27/Nov/2022:10:21:17 +0800] "GET /xingrg/all/function/internal_message.html?_=1669515673783&CODE_STATE=getMsg HTTP/1.1" 200 27
123.138.95.146 - - [27/Nov/2022:10:21:19 +0800] "GET /xingrg/kc/base/wldb_order_operate.html?command=get_materiel&rest_code=00149&base_code=0010395&code=00102002198 HTTP/1.1" 200 451
114.83.219.57 - - [27/Nov/2022:10:21:19 +0800] "GET /xingrg/kc/base/wldb_order_operate.html?command=get_materiel&rest_code=00154&base_code=0010724&code=00101019164 HTTP/1.1" 200 466
116.238.139.35 - - [27/Nov/2022:10:21:21 +0800] "GET /xingrg/kc/base/wldb_order_add.html HTTP/1.1" 200 30390
116.238.139.35 - - [27/Nov/2022:10:21:21 +0800] "POST /xingrg/kc/base/wldb_order_operate.html HTTP/1.1" 200 6806
116.238.139.35 - - [27/Nov/2022:10:21:21 +0800] "GET /xingrg/javascript/easyui/themes/default/validatebox.css HTTP/1.1" 404 1104
120.253.135.82 - - [27/Nov/2022:10:21:23 +0800] "GET /xingrg/check_reg.html?_=1669515479908 HTTP/1.1" 200 22
114.83.219.57 - - [27/Nov/2022:10:21:26 +0800] "GET /xingrg/all/function/internal_message.html?_=1669515810687&CODE_STATE=getMsg HTTP/1.1" 200 27
114.83.219.57 - - [27/Nov/2022:10:21:26 +0800] "GET /xingrg/kc/base/wldb_order_operate.html?command=get_materiel&rest_code=00154&base_code=0010724&code=00101019811 HTTP/1.1" 200 441
116.238.139.35 - - [27/Nov/2022:10:21:27 +0800] "GET /xingrg/kc/base/wldb_order_operate.html?command=get_materiel&rest_code=00150&base_code=0010446&code=00102002315 HTTP/1.1" 200 462
123.138.95.146 - - [27/Nov/2022:10:21:28 +0800] "GET /xingrg/kc/base/wldb_order_operate.html?command=get_materiel&rest_code=00149&base_code=0010395&code=00102002197 HTTP/1.1" 200 460
180.162.229.95 - - [27/Nov/2022:10:21:28 +0800] "POST /xingrg/kc/buy/cgsh_order_operate.html HTTP/1.1" 200 11657
101.85.106.255 - - [27/Nov/2022:10:21:29 +0800] "GET /xingrg/all/function/internal_message.html?_=1669515683197&CODE_STATE=getMsg HTTP/1.1" 200 27
58.40.7.146 - - [27/Nov/2022:10:21:29 +0800] "GET /xingrg/all/function/internal_message.html?_=1669515685156&CODE_STATE=getMsg HTTP/1.1" 302 -
116.238.139.35 - - [27/Nov/2022:10:21:31 +0800] "POST /xingrg/kc/base/wldb_order_operate.html HTTP/1.1" 200 37
180.162.229.95 - - [27/Nov/2022:10:21:34 +0800] "GET /xingrg/all/function/internal_message.html?_=1669515690521&CODE_STATE=getMsg HTTP/1.1" 200 27
120.253.135.82 - - [27/Nov/2022:10:21:36 +0800] "GET /xingrg/all/function/internal_message.html?_=1669515807054&CODE_STATE=getMsg HTTP/1.1" 200 27
116.238.139.35 - - [27/Nov/2022:10:21:36 +0800] "POST /xingrg/kc/base/wldb_order_operate.html HTTP/1.1" 200 12
116.238.139.35 - - [27/Nov/2022:10:21:36 +0800] "POST /xingrg/kc/base/wldb_order_operate.html HTTP/1.1" 200 2213
116.238.139.35 - - [27/Nov/2022:10:21:37 +0800] "GET /xingrg/kc/base/wldb_order_info.html?code=422022112702192 HTTP/1.1" 200 26268
116.238.139.35 - - [27/Nov/2022:10:21:37 +0800] "GET /xingrg/javascript/easyui/themes/default/validatebox.css HTTP/1.1" 404 1104
116.238.139.35 - - [27/Nov/2022:10:21:38 +0800] "POST /xingrg/kc/base/wldb_order_operate.html HTTP/1.1" 200 507
116.238.139.35 - - [27/Nov/2022:10:21:39 +0800] "GET /xingrg/kc/base/wldb_order_add.html HTTP/1.1" 200 30390
116.238.139.35 - - [27/Nov/2022:10:21:40 +0800] "POST /xingrg/kc/base/wldb_order_operate.html HTTP/1.1" 200 6806
116.238.139.35 - - [27/Nov/2022:10:21:40 +0800] "GET /xingrg/javascript/easyui/themes/default/validatebox.css HTTP/1.1" 404 1104
123.138.95.146 - - [27/Nov/2022:10:21:42 +0800] "GET /xingrg/kc/base/wldb_order_operate.html?command=get_materiel&rest_code=00149&base_code=0010395&code=00102002143 HTTP/1.1" 200 442
114.83.219.57 - - [27/Nov/2022:10:21:43 +0800] "GET /xingrg/kc/base/wldb_order_operate.html?command=get_materiel&rest_code=00154&base_code=0010724&code=00101022110 HTTP/1.1" 200 442
124.79.245.154 - - [27/Nov/2022:10:21:43 +0800] "GET /xingrg/all/function/internal_message.html?_=1669515698997&CODE_STATE=getMsg HTTP/1.1" 200 27
114.95.46.117 - - [27/Nov/2022:10:21:44 +0800] "GET /xingrg/check_reg.html?_=1669515548182 HTTP/1.1" 200 22
114.95.46.117 - - [27/Nov/2022:10:21:44 +0800] "GET /xingrg/all/function/internal_message.html?_=1669515548185&CODE_STATE=getMsg HTTP/1.1" 200 27
116.238.139.35 - - [27/Nov/2022:10:21:47 +0800] "GET /xingrg/kc/base/wldb_order_operate.html?command=get_materiel&rest_code=00150&base_code=0010445&code=00101020131 HTTP/1.1" 200 438
123.138.95.146 - - [27/Nov/2022:10:21:48 +0800] "GET /xingrg/kc/base/wldb_order_operate.html?command=get_materiel&rest_code=00149&base_code=0010395&code=00102002025 HTTP/1.1" 200 453
114.83.219.57 - - [27/Nov/2022:10:21:52 +0800] "GET /xingrg/kc/base/wldb_order_operate.html?command=get_materiel&rest_code=00154&base_code=0010724&code=00101040040 HTTP/1.1" 200 459
180.169.147.146 - - [27/Nov/2022:10:21:53 +0800] "GET /xingrg/check_reg.html?_=1669515709237 HTTP/1.1" 200 22
180.169.147.146 - - [27/Nov/2022:10:21:54 +0800] "GET /xingrg/all/function/internal_message.html?_=1669515709241&CODE_STATE=getMsg HTTP/1.1" 200 27
114.84.38.109 - - [27/Nov/2022:10:21:58 +0800] "GET /xingrg/all/function/internal_message.html?_=1669515738923&CODE_STATE=getMsg HTTP/1.1" 200 27
123.138.95.146 - - [27/Nov/2022:10:22:00 +0800] "POST /xingrg/kc/base/wldb_order_operate.html HTTP/1.1" 200 37
123.138.95.146 - - [27/Nov/2022:10:22:01 +0800] "POST /xingrg/kc/base/wldb_order_operate.html HTTP/1.1" 200 4186
123.138.95.146 - - [27/Nov/2022:10:22:03 +0800] "GET /xingrg/kc/base/wldb_order_info.html?code=422022112702193 HTTP/1.1" 200 30409
123.138.95.146 - - [27/Nov/2022:10:22:03 +0800] "GET /xingrg/javascript/easyui/themes/default/validatebox.css HTTP/1.1" 404 1104
123.138.95.146 - - [27/Nov/2022:10:22:04 +0800] "GET /xingrg/all/function/internal_message.html?_=1669515750896&CODE_STATE=getMsg HTTP/1.1" 200 27
123.138.95.146 - - [27/Nov/2022:10:22:04 +0800] "POST /xingrg/kc/base/wldb_order_operate.html HTTP/1.1" 200 4186
114.83.219.57 - - [27/Nov/2022:10:22:04 +0800] "GET /xingrg/kc/base/wldb_order_operate.html?command=get_materiel&rest_code=00154&base_code=0010724&code=00101019249 HTTP/1.1" 200 470
124.78.159.196 - - [27/Nov/2022:10:22:06 +0800] "GET /xingrg/login.html HTTP/1.1" 200 7641
116.238.139.35 - - [27/Nov/2022:10:22:06 +0800] "GET /xingrg/all/function/internal_message.html?_=1669515722470&CODE_STATE=getMsg HTTP/1.1" 200 27
116.230.105.139 - - [27/Nov/2022:10:22:09 +0800] "GET /xingrg/all/function/internal_message.html?_=1669515699952&CODE_STATE=getMsg HTTP/1.1" 200 27
124.78.159.196 - - [27/Nov/2022:10:22:09 +0800] "GET /favicon.ico HTTP/1.1" 404 -
124.78.159.196 - - [27/Nov/2022:10:22:11 +0800] "POST /xingrg/login.do HTTP/1.1" 302 -
124.78.159.196 - - [27/Nov/2022:10:22:11 +0800] "GET /xingrg/index.html?sysBaseUrl=http%3A%2F%2F180.169.147.146%3A18081%2Fxingrg%2F&costTime=70×tamp=1669515731237 HTTP/1.1" 200 17173
120.253.135.82 - - [27/Nov/2022:10:22:11 +0800] "GET /xingrg/all/function/internal_message.html?_=1669515528331&CODE_STATE=getMsg HTTP/1.1" 200 27
124.78.159.196 - - [27/Nov/2022:10:22:11 +0800] "GET /favicon.ico HTTP/1.1" 404 -
124.78.159.196 - - [27/Nov/2022:10:22:12 +0800] "POST /xingrg/all/common/load_tree.html?tree=area_rest_tree_json&manage=1 HTTP/1.1" 200 342
124.78.159.196 - - [27/Nov/2022:10:22:12 +0800] "POST /xingrg/load_menu.html HTTP/1.1" 200 5138
124.78.159.196 - - [27/Nov/2022:10:22:12 +0800] "GET /xingrg/check_reg.html?_=1669515727458 HTTP/1.1" 200 22
124.78.159.196 - - [27/Nov/2022:10:22:12 +0800] "GET /xingrg/all/function/internal_message.html?_=1669515727457&CODE_STATE=count HTTP/1.1" 200 11
123.138.95.146 - - [27/Nov/2022:10:22:13 +0800] "GET /xingrg/kc/base/wldb_order_add.html HTTP/1.1" 200 30390
124.78.159.196 - - [27/Nov/2022:10:22:13 +0800] "GET /xingrg/kc/buy/buy_main.html HTTP/1.1" 200 12412
124.78.159.196 - - [27/Nov/2022:10:22:13 +0800] "GET /xingrg/css/new_ie.css HTTP/1.1" 404 1036
123.138.95.146 - - [27/Nov/2022:10:22:14 +0800] "POST /xingrg/kc/base/wldb_order_operate.html HTTP/1.1" 200 6806
123.138.95.146 - - [27/Nov/2022:10:22:14 +0800] "GET /xingrg/javascript/easyui/themes/default/validatebox.css HTTP/1.1" 404 1104
124.78.159.196 - - [27/Nov/2022:10:22:14 +0800] "GET /xingrg/images/yd/bt.gif HTTP/1.1" 404 1040
124.78.159.196 - - [27/Nov/2022:10:22:15 +0800] "GET /xingrg/kc/buy/cgsh_order_list.html HTTP/1.1" 200 53780
116.230.105.139 - - [27/Nov/2022:10:22:17 +0800] "GET /xingrg/all/function/internal_message.html?_=1669515733057&CODE_STATE=getMsg HTTP/1.1" 200 27
114.95.46.117 - - [27/Nov/2022:10:22:17 +0800] "GET /xingrg/all/function/internal_message.html?_=1669515733755&CODE_STATE=getMsg HTTP/1.1" 200 27
124.78.159.196 - - [27/Nov/2022:10:22:17 +0800] "POST /xingrg/kc/buy/cgsh_list_operate.html HTTP/1.1" 200 986
116.238.139.35 - - [27/Nov/2022:10:22:22 +0800] "GET /xingrg/kc/base/wldb_order_operate.html?command=get_materiel&rest_code=00150&base_code=0010445&code=00101019295 HTTP/1.1" 200 477
114.83.219.57 - - [27/Nov/2022:10:22:22 +0800] "GET /xingrg/kc/base/wldb_order_operate.html?command=get_materiel&rest_code=00154&base_code=0010724&code=00101019536 HTTP/1.1" 200 471
114.83.219.57 - - [27/Nov/2022:10:22:26 +0800] "GET /xingrg/all/function/internal_message.html?_=1669515870669&CODE_STATE=getMsg HTTP/1.1" 200 27
116.238.139.35 - - [27/Nov/2022:10:22:27 +0800] "POST /xingrg/kc/base/wldb_order_operate.html HTTP/1.1" 200 37
101.85.106.255 - - [27/Nov/2022:10:22:29 +0800] "GET /xingrg/all/function/internal_message.html?_=1669515743197&CODE_STATE=getMsg HTTP/1.1" 200 27
116.238.139.35 - - [27/Nov/2022:10:22:29 +0800] "POST /xingrg/kc/base/wldb_order_operate.html HTTP/1.1" 200 12
58.40.7.146 - - [27/Nov/2022:10:22:29 +0800] "GET /xingrg/all/function/internal_message.html?_=1669515745141&CODE_STATE=getMsg HTTP/1.1" 302 -
116.238.139.35 - - [27/Nov/2022:10:22:29 +0800] "POST /xingrg/kc/base/wldb_order_operate.html HTTP/1.1" 200 2697
116.238.139.35 - - [27/Nov/2022:10:22:34 +0800] "GET /xingrg/kc/base/wldb_order_info.html?code=422022112702194 HTTP/1.1" 200 26269
180.162.229.95 - - [27/Nov/2022:10:22:34 +0800] "GET /xingrg/all/function/internal_message.html?_=1669515750507&CODE_STATE=getMsg HTTP/1.1" 200 27
116.238.139.35 - - [27/Nov/2022:10:22:34 +0800] "GET /xingrg/javascript/easyui/themes/default/validatebox.css HTTP/1.1" 404 1104
116.238.139.35 - - [27/Nov/2022:10:22:35 +0800] "POST /xingrg/kc/base/wldb_order_operate.html HTTP/1.1" 200 979
180.162.229.95 - - [27/Nov/2022:10:22:35 +0800] "GET /xingrg/check_reg.html?_=1669515750930 HTTP/1.1" 200 22
123.138.95.146 - - [27/Nov/2022:10:22:35 +0800] "GET /xingrg/kc/base/wldb_order_operate.html?command=get_materiel&rest_code=00149&base_code=0010398&code=00101036002 HTTP/1.1" 200 441
120.253.135.82 - - [27/Nov/2022:10:22:36 +0800] "GET /xingrg/check_reg.html?_=1669515866897 HTTP/1.1" 200 22
120.253.135.82 - - [27/Nov/2022:10:22:36 +0800] "GET /xingrg/all/function/internal_message.html?_=1669515867067&CODE_STATE=getMsg HTTP/1.1" 200 27
116.238.139.35 - - [27/Nov/2022:10:22:41 +0800] "GET /xingrg/kc/base/wldb_order_add.html HTTP/1.1" 200 30390
116.238.139.35 - - [27/Nov/2022:10:22:41 +0800] "POST /xingrg/kc/base/wldb_order_operate.html HTTP/1.1" 200 6806
116.238.139.35 - - [27/Nov/2022:10:22:41 +0800] "GET /xingrg/javascript/easyui/themes/default/validatebox.css HTTP/1.1" 404 1104
114.83.219.57 - - [27/Nov/2022:10:22:43 +0800] "GET /xingrg/kc/base/wldb_order_operate.html?command=get_materiel&rest_code=00154&base_code=0010724&code=00101019074 HTTP/1.1" 200 471
124.79.245.154 - - [27/Nov/2022:10:22:43 +0800] "GET /xingrg/all/function/internal_message.html?_=1669515758999&CODE_STATE=getMsg HTTP/1.1" 200 27
114.95.46.117 - - [27/Nov/2022:10:22:44 +0800] "GET /xingrg/all/function/internal_message.html?_=1669515608185&CODE_STATE=getMsg HTTP/1.1" 200 27
123.138.95.146 - - [27/Nov/2022:10:22:45 +0800] "POST /xingrg/kc/base/wldb_order_operate.html HTTP/1.1" 200 37
180.162.229.95 - - [27/Nov/2022:10:22:46 +0800] "GET /xingrg/kc/buy/cgsh_order_add.html HTTP/1.1" 200 69596
123.138.95.146 - - [27/Nov/2022:10:22:46 +0800] "POST /xingrg/kc/base/wldb_order_operate.html HTTP/1.1" 200 2194
180.162.229.95 - - [27/Nov/2022:10:22:46 +0800] "POST /xingrg/kc/buy/cgsh_order_operate.html HTTP/1.1" 200 8245
180.162.229.95 - - [27/Nov/2022:10:22:46 +0800] "GET /xingrg/javascript/easyui/themes/default/validatebox.css HTTP/1.1" 404 1104
180.162.229.95 - - [27/Nov/2022:10:22:47 +0800] "GET /xingrg/javascript/auto/indicator.gif HTTP/1.1" 404 1066
123.138.95.146 - - [27/Nov/2022:10:22:47 +0800] "GET /xingrg/kc/base/wldb_order_info.html?code=422022112702195 HTTP/1.1" 200 30404
123.138.95.146 - - [27/Nov/2022:10:22:48 +0800] "GET /xingrg/javascript/easyui/themes/default/validatebox.css HTTP/1.1" 404 1104
123.138.95.146 - - [27/Nov/2022:10:22:48 +0800] "POST /xingrg/kc/base/wldb_order_operate.html HTTP/1.1" 200 2194
123.138.95.146 - - [27/Nov/2022:10:22:50 +0800] "GET /xingrg/kc/base/wldb_order_add.html HTTP/1.1" 200 30390
123.138.95.146 - - [27/Nov/2022:10:22:50 +0800] "POST /xingrg/kc/base/wldb_order_operate.html HTTP/1.1" 200 6806
123.138.95.146 - - [27/Nov/2022:10:22:50 +0800] "GET /xingrg/javascript/easyui/themes/default/validatebox.css HTTP/1.1" 404 1104
180.169.147.146 - - [27/Nov/2022:10:22:53 +0800] "GET /xingrg/all/function/internal_message.html?_=1669515769236&CODE_STATE=getMsg HTTP/1.1" 200 27
114.84.38.109 - - [27/Nov/2022:10:22:58 +0800] "GET /xingrg/all/function/internal_message.html?_=1669515798939&CODE_STATE=getMsg HTTP/1.1" 200 27
123.138.95.146 - - [27/Nov/2022:10:23:02 +0800] "GET /xingrg/kc/base/wldb_order_operate.html?command=get_materiel&rest_code=00149&base_code=0010400&code=00101004103 HTTP/1.1" 200 435
123.138.95.146 - - [27/Nov/2022:10:23:04 +0800] "GET /xingrg/check_reg.html?_=1669515810908 HTTP/1.1" 200 22
123.138.95.146 - - [27/Nov/2022:10:23:04 +0800] "GET /xingrg/all/function/internal_message.html?_=1669515810911&CODE_STATE=getMsg HTTP/1.1" 200 27
116.238.139.35 - - [27/Nov/2022:10:23:06 +0800] "GET /xingrg/all/function/internal_message.html?_=1669515782460&CODE_STATE=getMsg HTTP/1.1" 200 27
116.230.105.139 - - [27/Nov/2022:10:23:09 +0800] "GET /xingrg/all/function/internal_message.html?_=1669515759925&CODE_STATE=getMsg HTTP/1.1" 200 27
120.253.135.82 - - [27/Nov/2022:10:23:11 +0800] "GET /xingrg/all/function/internal_message.html?_=1669515588345&CODE_STATE=getMsg HTTP/1.1" 200 27
180.163.29.103 - - [27/Nov/2022:10:23:11 +0800] "GET /xingrg/index.html?sysBaseUrl=http://180.169.147.146:18081/xingrg/&costTime=70×tamp=1669515731237 HTTP/1.1" 302 -
180.163.29.103 - - [27/Nov/2022:10:23:11 +0800] "GET /xingrg/login.html HTTP/1.1" 200 7641
124.78.159.196 - - [27/Nov/2022:10:23:12 +0800] "GET /xingrg/all/function/internal_message.html?_=1669515787468&CODE_STATE=getMsg HTTP/1.1" 200 27
114.83.219.57 - - [27/Nov/2022:10:23:15 +0800] "POST /xingrg/kc/base/wldb_order_operate.html HTTP/1.1" 200 37
116.230.105.139 - - [27/Nov/2022:10:23:17 +0800] "GET /xingrg/all/function/internal_message.html?_=1669515793072&CODE_STATE=getMsg HTTP/1.1" 200 27
114.95.46.117 - - [27/Nov/2022:10:23:17 +0800] "GET /xingrg/all/function/internal_message.html?_=1669515793727&CODE_STATE=getMsg HTTP/1.1" 200 27
114.83.219.57 - - [27/Nov/2022:10:23:18 +0800] "POST /xingrg/kc/base/wldb_order_operate.html HTTP/1.1" 200 12
114.83.219.57 - - [27/Nov/2022:10:23:18 +0800] "POST /xingrg/kc/base/wldb_order_operate.html HTTP/1.1" 200 6177
124.78.159.196 - - [27/Nov/2022:10:23:18 +0800] "GET /favicon.ico HTTP/1.1" 404 -
116.228.172.94 - - [27/Nov/2022:10:23:24 +0800] "GET /xingrg/login.html HTTP/1.1" 200 7641
116.228.172.94 - - [27/Nov/2022:10:23:25 +0800] "GET /favicon.ico HTTP/1.1" 404 -
116.228.172.94 - - [27/Nov/2022:10:23:26 +0800] "POST /xingrg/login.do HTTP/1.1" 302 -
116.228.172.94 - - [27/Nov/2022:10:23:26 +0800] "GET /xingrg/index.html?sysBaseUrl=http%3A%2F%2F180.169.147.146%3A18081%2Fxingrg%2F&costTime=72×tamp=1669515806708 HTTP/1.1" 200 17417
116.228.172.94 - - [27/Nov/2022:10:23:26 +0800] "GET /favicon.ico HTTP/1.1" 404 -
116.228.172.94 - - [27/Nov/2022:10:23:27 +0800] "POST /xingrg/all/common/load_tree.html?tree=area_rest_tree_json&manage=1 HTTP/1.1" 200 348
116.228.172.94 - - [27/Nov/2022:10:23:27 +0800] "GET /xingrg/all/function/internal_message.html?_=1669515693653&CODE_STATE=count HTTP/1.1" 200 11
116.228.172.94 - - [27/Nov/2022:10:23:27 +0800] "GET /xingrg/check_reg.html?_=1669515693656 HTTP/1.1" 200 22
116.228.172.94 - - [27/Nov/2022:10:23:27 +0800] "POST /xingrg/load_menu.html HTTP/1.1" 200 9959
101.85.106.255 - - [27/Nov/2022:10:23:29 +0800] "GET /xingrg/all/function/internal_message.html?_=1669515803196&CODE_STATE=getMsg HTTP/1.1" 200 27
58.40.7.146 - - [27/Nov/2022:10:23:29 +0800] "GET /xingrg/all/function/internal_message.html?_=1669515805125&CODE_STATE=getMsg HTTP/1.1" 302 -
58.40.7.146 - - [27/Nov/2022:10:23:30 +0800] "GET /xingrg/check_reg.html?_=1669515806017 HTTP/1.1" 302 -
180.162.229.95 - - [27/Nov/2022:10:23:34 +0800] "GET /xingrg/all/function/internal_message.html?_=1669515810486&CODE_STATE=getMsg HTTP/1.1" 200 27
114.83.219.57 - - [27/Nov/2022:10:23:34 +0800] "GET /xingrg/kc/base/wldb_order_info.html?code=422022112702196 HTTP/1.1" 200 26267
114.83.219.57 - - [27/Nov/2022:10:23:34 +0800] "GET /xingrg/all/function/internal_message.html?_=1669515938743&CODE_STATE=getMsg HTTP/1.1" 200 27
114.83.219.57 - - [27/Nov/2022:10:23:34 +0800] "GET /xingrg/check_reg.html?_=1669515938744 HTTP/1.1" 200 22
114.83.219.57 - - [27/Nov/2022:10:23:35 +0800] "GET /xingrg/javascript/easyui/themes/default/validatebox.css HTTP/1.1" 404 1104
114.83.219.57 - - [27/Nov/2022:10:23:35 +0800] "POST /xingrg/kc/base/wldb_order_operate.html HTTP/1.1" 200 4376
123.138.95.146 - - [27/Nov/2022:10:23:36 +0800] "GET /xingrg/kc/base/wldb_order_operate.html?command=get_materiel&rest_code=00149&base_code=0010400&code=00101004011 HTTP/1.1" 200 438
120.253.135.82 - - [27/Nov/2022:10:23:36 +0800] "GET /xingrg/all/function/internal_message.html?_=1669515927082&CODE_STATE=getMsg HTTP/1.1" 200 27
116.228.172.94 - - [27/Nov/2022:10:23:39 +0800] "GET /xingrg/kc/buy/buy_main.html HTTP/1.1" 200 12412
116.228.172.94 - - [27/Nov/2022:10:23:39 +0800] "GET /xingrg/css/new_ie.css HTTP/1.1" 404 1036
116.228.172.94 - - [27/Nov/2022:10:23:40 +0800] "GET /xingrg/images/yd/bt.gif HTTP/1.1" 404 1040
116.228.172.94 - - [27/Nov/2022:10:23:41 +0800] "GET /xingrg/kc/buy/cgsh_order_list.html HTTP/1.1" 200 53784
116.228.172.94 - - [27/Nov/2022:10:23:42 +0800] "POST /xingrg/kc/buy/cgsh_list_operate.html HTTP/1.1" 200 986
114.83.219.57 - - [27/Nov/2022:10:23:42 +0800] "GET /xingrg/kc/base/wldb_order_add.html HTTP/1.1" 200 30390
116.228.172.94 - - [27/Nov/2022:10:23:43 +0800] "GET /xingrg/kc/buy/cgsh_order_add.html HTTP/1.1" 200 68608
116.228.172.94 - - [27/Nov/2022:10:23:43 +0800] "GET /xingrg/words/20221125140633_words.js HTTP/1.1" 304 -
114.83.219.57 - - [27/Nov/2022:10:23:43 +0800] "POST /xingrg/kc/base/wldb_order_operate.html HTTP/1.1" 200 6806
114.83.219.57 - - [27/Nov/2022:10:23:43 +0800] "GET /xingrg/javascript/easyui/themes/default/validatebox.css HTTP/1.1" 404 1104
116.228.172.94 - - [27/Nov/2022:10:23:43 +0800] "POST /xingrg/kc/buy/cgsh_order_operate.html HTTP/1.1" 200 8245
116.228.172.94 - - [27/Nov/2022:10:23:43 +0800] "GET /xingrg/all/common/auto_word.html?type=employee&rest_code=00153 HTTP/1.1" 200 47
116.228.172.94 - - [27/Nov/2022:10:23:43 +0800] "GET /xingrg/javascript/easyui/themes/default/validatebox.css HTTP/1.1" 404 1104
116.228.172.94 - - [27/Nov/2022:10:23:43 +0800] "GET /xingrg/all/common/auto_word.html?type=employee&rest_code=00153 HTTP/1.1" 200 47
124.79.245.154 - - [27/Nov/2022:10:23:43 +0800] "GET /xingrg/all/function/internal_message.html?_=1669515819000&CODE_STATE=getMsg HTTP/1.1" 200 27
114.95.46.117 - - [27/Nov/2022:10:23:44 +0800] "GET /xingrg/all/function/internal_message.html?_=1669515668184&CODE_STATE=getMsg HTTP/1.1" 200 27
123.138.95.146 - - [27/Nov/2022:10:23:44 +0800] "POST /xingrg/kc/base/wldb_order_operate.html HTTP/1.1" 200 37
116.228.172.94 - - [27/Nov/2022:10:23:45 +0800] "GET /xingrg/javascript/auto/indicator.gif HTTP/1.1" 404 1066
123.138.95.146 - - [27/Nov/2022:10:23:45 +0800] "POST /xingrg/kc/base/wldb_order_operate.html HTTP/1.1" 200 2661
114.83.219.57 - - [27/Nov/2022:10:23:46 +0800] "GET /xingrg/login.html HTTP/1.1" 200 7641
123.138.95.146 - - [27/Nov/2022:10:23:46 +0800] "GET /xingrg/kc/base/wldb_order_info.html?code=422022112702197 HTTP/1.1" 200 30402
114.83.219.57 - - [27/Nov/2022:10:23:46 +0800] "GET /favicon.ico HTTP/1.1" 404 -
123.138.95.146 - - [27/Nov/2022:10:23:47 +0800] "GET /xingrg/javascript/easyui/themes/default/validatebox.css HTTP/1.1" 404 1104
123.138.95.146 - - [27/Nov/2022:10:23:47 +0800] "POST /xingrg/kc/base/wldb_order_operate.html HTTP/1.1" 200 2661
114.83.219.57 - - [27/Nov/2022:10:23:48 +0800] "POST /xingrg/login.do HTTP/1.1" 302 -
114.83.219.57 - - [27/Nov/2022:10:23:48 +0800] "GET /xingrg/index.html?sysBaseUrl=http%3A%2F%2F180.169.147.146%3A18081%2Fxingrg%2F&costTime=42×tamp=1669515828123 HTTP/1.1" 200 17179
114.83.219.57 - - [27/Nov/2022:10:23:48 +0800] "GET /favicon.ico HTTP/1.1" 404 -
114.83.219.57 - - [27/Nov/2022:10:23:48 +0800] "POST /xingrg/all/common/load_tree.html?tree=area_rest_tree_json&manage=1 HTTP/1.1" 200 351
114.83.219.57 - - [27/Nov/2022:10:23:48 +0800] "GET /xingrg/all/function/internal_message.html?_=1669515952189&CODE_STATE=count HTTP/1.1" 200 11
114.83.219.57 - - [27/Nov/2022:10:23:48 +0800] "POST /xingrg/load_menu.html HTTP/1.1" 200 5138
114.83.219.57 - - [27/Nov/2022:10:23:48 +0800] "GET /xingrg/check_reg.html?_=1669515952190 HTTP/1.1" 200 22
116.228.172.94 - - [27/Nov/2022:10:23:49 +0800] "GET /xingrg/javascript/jquery_tools/images/prev.gif HTTP/1.1" 404 1086
116.228.172.94 - - [27/Nov/2022:10:23:49 +0800] "GET /xingrg/javascript/jquery_tools/images/next.gif HTTP/1.1" 404 1086
180.162.229.95 - - [27/Nov/2022:10:23:49 +0800] "GET /xingrg/kc/buy/cgsh_order_operate.html?command=get_materiel&rest_code=00102&code=00101008036&supplier_code=00100151&order_time=2022-11-27 HTTP/1.1" 200 408
123.138.95.146 - - [27/Nov/2022:10:23:50 +0800] "GET /xingrg/kc/base/wldb_order_add.html HTTP/1.1" 200 30390
123.138.95.146 - - [27/Nov/2022:10:23:50 +0800] "POST /xingrg/kc/base/wldb_order_operate.html HTTP/1.1" 200 6806
123.138.95.146 - - [27/Nov/2022:10:23:51 +0800] "GET /xingrg/javascript/easyui/themes/default/validatebox.css HTTP/1.1" 404 1104
114.83.219.57 - - [27/Nov/2022:10:23:53 +0800] "GET /xingrg/kc/base/wldb_order_list.html HTTP/1.1" 200 19107
114.83.219.57 - - [27/Nov/2022:10:23:53 +0800] "POST /xingrg/kc/base/wldb_list_operate.html HTTP/1.1" 200 928
180.169.147.146 - - [27/Nov/2022:10:23:53 +0800] "GET /xingrg/all/function/internal_message.html?_=1669515829234&CODE_STATE=getMsg HTTP/1.1" 200 27
114.83.219.57 - - [27/Nov/2022:10:23:54 +0800] "GET /xingrg/kc/base/wldb_order_add.html HTTP/1.1" 200 30390
114.83.219.57 - - [27/Nov/2022:10:23:54 +0800] "POST /xingrg/kc/base/wldb_order_operate.html HTTP/1.1" 200 6806
114.83.219.57 - - [27/Nov/2022:10:23:54 +0800] "GET /xingrg/all/common/auto_word.html?type=base&rest_code=00154 HTTP/1.1" 200 831
114.83.219.57 - - [27/Nov/2022:10:23:54 +0800] "GET /xingrg/all/common/auto_word.html?type=base&rest_code=00154 HTTP/1.1" 200 831
114.83.219.57 - - [27/Nov/2022:10:23:54 +0800] "GET /xingrg/javascript/easyui/themes/default/validatebox.css HTTP/1.1" 404 1104
114.83.219.57 - - [27/Nov/2022:10:23:56 +0800] "POST /xingrg/all/common/load_combo.html?type=base HTTP/1.1" 200 1491
