101.83.241.181 - - [27/Nov/2022:11:00:47 +0800] "GET /xingrg/dwr/interface/AjaxQqpsService.js HTTP/1.1" 200 16326
101.83.241.181 - - [27/Nov/2022:11:00:47 +0800] "GET /xingrg/dwr/engine.js HTTP/1.1" 200 43631
114.83.219.57 - - [27/Nov/2022:11:00:48 +0800] "GET /xingrg/all/function/internal_message.html?_=1669518172208&CODE_STATE=getMsg HTTP/1.1" 200 27
180.162.229.95 - - [27/Nov/2022:11:00:52 +0800] "POST /xingrg/kc/buy/cgsh_order_operate.html HTTP/1.1" 200 37
114.95.46.117 - - [27/Nov/2022:11:00:52 +0800] "GET /xingrg/all/function/internal_message.html?_=1669518048897&CODE_STATE=getMsg HTTP/1.1" 200 27
180.162.229.95 - - [27/Nov/2022:11:00:56 +0800] "POST /xingrg/kc/buy/cgsh_order_operate.html HTTP/1.1" 200 12
101.83.241.181 - - [27/Nov/2022:11:00:56 +0800] "POST /xingrg/dwr/call/plaincall/AjaxQqpsService.saveOrder.dwr HTTP/1.1" 200 78
101.83.241.181 - - [27/Nov/2022:11:00:58 +0800] "GET /xingrg/javascript/auto/indicator.gif HTTP/1.1" 404 1066
114.84.38.109 - - [27/Nov/2022:11:00:58 +0800] "GET /xingrg/all/function/internal_message.html?_=1669518079719&CODE_STATE=getMsg HTTP/1.1" 200 27
180.162.229.95 - - [27/Nov/2022:11:00:58 +0800] "GET /xingrg/kc/buy/cgsh_order_info.html?code=212022112709320 HTTP/1.1" 200 64487
180.162.229.95 - - [27/Nov/2022:11:00:58 +0800] "GET /xingrg/javascript/easyui/themes/default/validatebox.css HTTP/1.1" 404 1104
180.162.229.95 - - [27/Nov/2022:11:00:59 +0800] "POST /xingrg/kc/buy/cgsh_order_operate.html HTTP/1.1" 200 1226
101.83.241.181 - - [27/Nov/2022:11:01:01 +0800] "POST /xingrg/dwr/call/plaincall/AjaxQqpsService.getMaterielByCode.dwr HTTP/1.1" 200 2783
180.162.229.95 - - [27/Nov/2022:11:01:02 +0800] "GET /xingrg/kc/print/load_data.html?order_code=212022112709320&kc_code=cgsh&condition= HTTP/1.1" 200 914
101.83.241.181 - - [27/Nov/2022:11:01:05 +0800] "POST /xingrg/dwr/call/plaincall/AjaxQqpsService.saveMaterielItem.dwr HTTP/1.1" 200 78
114.84.81.136 - - [27/Nov/2022:11:01:06 +0800] "POST /xingrg/services/DataTransmitService HTTP/1.1" 200 524
222.70.183.113 - - [27/Nov/2022:11:01:07 +0800] "GET /xingrg/kc/buy/cgsh_order_operate.html?command=get_materiel&rest_code=00111&code=00101006259&supplier_code=00100004&order_time=2022-11-27 HTTP/1.1" 200 409
114.84.81.136 - - [27/Nov/2022:11:01:07 +0800] "POST /xingrg/services/DataTransmitService HTTP/1.1" 200 412
180.162.229.95 - - [27/Nov/2022:11:01:08 +0800] "GET /xingrg/all/function/internal_message.html?_=1669518061158&CODE_STATE=getMsg HTTP/1.1" 200 27
116.230.105.139 - - [27/Nov/2022:11:01:08 +0800] "GET /xingrg/all/function/internal_message.html?_=1669518039258&CODE_STATE=getMsg HTTP/1.1" 200 27
101.83.241.181 - - [27/Nov/2022:11:01:10 +0800] "POST /xingrg/dwr/call/plaincall/AjaxQqpsService.getMaterielByCode.dwr HTTP/1.1" 200 2783
101.83.241.181 - - [27/Nov/2022:11:01:13 +0800] "POST /xingrg/dwr/call/plaincall/AjaxQqpsService.saveMaterielItem.dwr HTTP/1.1" 200 78
120.253.135.82 - - [27/Nov/2022:11:01:13 +0800] "GET /xingrg/all/function/internal_message.html?_=1669517869975&CODE_STATE=getMsg HTTP/1.1" 200 27
180.163.28.109 - - [27/Nov/2022:11:01:14 +0800] "GET /xingrg/all/function/internal_message.html?_=1669518009505&CODE_STATE=getMsg HTTP/1.1" 302 -
180.163.28.109 - - [27/Nov/2022:11:01:14 +0800] "GET /xingrg/login.html HTTP/1.1" 200 7641
124.78.159.196 - - [27/Nov/2022:11:01:14 +0800] "GET /xingrg/all/function/internal_message.html?_=1669518069477&CODE_STATE=getMsg HTTP/1.1" 200 27
124.78.159.196 - - [27/Nov/2022:11:01:14 +0800] "POST /xingrg/kc/buy/cgsh_order_operate.html HTTP/1.1" 200 37
101.83.241.181 - - [27/Nov/2022:11:01:15 +0800] "POST /xingrg/dwr/call/plaincall/AjaxQqpsService.checkOrder.dwr HTTP/1.1" 200 78
116.238.139.35 - - [27/Nov/2022:11:01:16 +0800] "GET /xingrg/all/function/internal_message.html?_=1669518072593&CODE_STATE=getMsg HTTP/1.1" 200 27
101.83.241.181 - - [27/Nov/2022:11:01:16 +0800] "GET /xingrg/kc/mdqp/qqps_order_info.html?code=302022112700466 HTTP/1.1" 200 26801
101.83.241.181 - - [27/Nov/2022:11:01:16 +0800] "GET /xingrg/dwr/interface/AjaxComOrderService.js HTTP/1.1" 200 18264
101.83.241.181 - - [27/Nov/2022:11:01:16 +0800] "GET /xingrg/dwr/interface/AjaxQqpsService.js HTTP/1.1" 200 16326
101.83.241.181 - - [27/Nov/2022:11:01:16 +0800] "GET /xingrg/dwr/engine.js HTTP/1.1" 200 43631
116.230.105.139 - - [27/Nov/2022:11:01:17 +0800] "GET /xingrg/all/function/internal_message.html?_=1669518073072&CODE_STATE=getMsg HTTP/1.1" 200 27
101.83.241.181 - - [27/Nov/2022:11:01:17 +0800] "POST /xingrg/dwr/call/plaincall/AjaxQqpsService.loadMaterielItems.dwr HTTP/1.1" 200 637
124.78.159.196 - - [27/Nov/2022:11:01:17 +0800] "POST /xingrg/kc/buy/cgsh_order_operate.html HTTP/1.1" 200 12
124.78.159.196 - - [27/Nov/2022:11:01:18 +0800] "GET /xingrg/kc/buy/cgsh_order_info.html?code=212022112709334 HTTP/1.1" 200 64470
124.78.159.196 - - [27/Nov/2022:11:01:19 +0800] "GET /xingrg/javascript/easyui/themes/default/validatebox.css HTTP/1.1" 404 1104
124.78.159.196 - - [27/Nov/2022:11:01:20 +0800] "POST /xingrg/kc/buy/cgsh_order_operate.html HTTP/1.1" 200 1799
101.83.241.181 - - [27/Nov/2022:11:01:20 +0800] "GET /xingrg/images/yd/bt.gif HTTP/1.1" 404 1040
101.83.241.181 - - [27/Nov/2022:11:01:20 +0800] "GET /xingrg/images/yd/bt2.gif HTTP/1.1" 404 1042
124.78.159.196 - - [27/Nov/2022:11:01:20 +0800] "GET /xingrg/kc/print/load_data.html?order_code=212022112709334&kc_code=cgsh&condition= HTTP/1.1" 200 1236
101.83.241.181 - - [27/Nov/2022:11:01:21 +0800] "GET /xingrg/kc/mdqp/qqps_order_list.html?isBack=1 HTTP/1.1" 200 10088
101.83.241.181 - - [27/Nov/2022:11:01:21 +0800] "GET /xingrg/dwr/interface/AjaxQqpsService.js HTTP/1.1" 200 16326
101.83.241.181 - - [27/Nov/2022:11:01:21 +0800] "GET /xingrg/dwr/engine.js HTTP/1.1" 200 43631
101.83.241.181 - - [27/Nov/2022:11:01:21 +0800] "GET /xingrg/dwr/interface/AjaxReportQueryService.js HTTP/1.1" 200 13203
222.70.183.113 - - [27/Nov/2022:11:01:21 +0800] "GET /xingrg/kc/buy/cgsh_order_operate.html?command=get_materiel&rest_code=00111&code=00101007085&supplier_code=00100004&order_time=2022-11-27 HTTP/1.1" 200 413
124.79.245.154 - - [27/Nov/2022:11:01:22 +0800] "GET /xingrg/all/function/internal_message.html?_=1669518298159&CODE_STATE=getMsg HTTP/1.1" 200 27
120.253.135.82 - - [27/Nov/2022:11:01:23 +0800] "GET /xingrg/check_reg.html?_=1669517880248 HTTP/1.1" 200 22
124.78.159.196 - - [27/Nov/2022:11:01:25 +0800] "GET /xingrg/kc/print/load_data.html?order_code=212022112709334&kc_code=cgsh HTTP/1.1" 200 1236
58.40.7.146 - - [27/Nov/2022:11:01:29 +0800] "GET /xingrg/all/function/internal_message.html?_=1669518084351&CODE_STATE=getMsg HTTP/1.1" 302 -
101.85.106.255 - - [27/Nov/2022:11:01:29 +0800] "GET /xingrg/all/function/internal_message.html?_=1669518083273&CODE_STATE=getMsg HTTP/1.1" 200 27
120.253.135.82 - - [27/Nov/2022:11:01:31 +0800] "GET /xingrg/kc/pszx/mdqp_order_list.html?state=10 HTTP/1.1" 200 10715
120.253.135.82 - - [27/Nov/2022:11:01:31 +0800] "GET /xingrg/dwr/interface/AjaxQqpsService.js HTTP/1.1" 200 16326
120.253.135.82 - - [27/Nov/2022:11:01:31 +0800] "GET /xingrg/dwr/interface/AjaxReportQueryService.js HTTP/1.1" 200 13203
120.253.135.82 - - [27/Nov/2022:11:01:31 +0800] "GET /xingrg/dwr/engine.js HTTP/1.1" 200 43631
101.83.241.181 - - [27/Nov/2022:11:01:32 +0800] "GET /xingrg/css/base.css HTTP/1.1" 200 2811
101.83.241.181 - - [27/Nov/2022:11:01:32 +0800] "GET /xingrg/css/site.css HTTP/1.1" 200 7541
101.83.241.181 - - [27/Nov/2022:11:01:32 +0800] "GET /xingrg/javascript/jquery_tools/jquery.tools.hotkey.js HTTP/1.1" 200 3242
101.83.241.181 - - [27/Nov/2022:11:01:32 +0800] "GET /xingrg/javascript/jquery_tools/jquery.tools.table.js HTTP/1.1" 200 6994
101.83.241.181 - - [27/Nov/2022:11:01:32 +0800] "GET /xingrg/kc/buy/cgsh_order_list.html HTTP/1.1" 200 53786
101.83.241.181 - - [27/Nov/2022:11:01:32 +0800] "GET /xingrg/javascript/jquery_tools/datebox.css HTTP/1.1" 200 2597
101.83.241.181 - - [27/Nov/2022:11:01:32 +0800] "GET /xingrg/javascript/jquery_tools/list_manager.js HTTP/1.1" 200 3652
101.83.241.181 - - [27/Nov/2022:11:01:32 +0800] "GET /xingrg/javascript/easyui/easyloader.js HTTP/1.1" 200 5975
101.83.241.181 - - [27/Nov/2022:11:01:32 +0800] "GET /xingrg/javascript/jquery.cookie.js HTTP/1.1" 200 5513
101.83.241.181 - - [27/Nov/2022:11:01:32 +0800] "GET /xingrg/javascript/easyui/themes/icon.css HTTP/1.1" 200 4483
101.83.241.181 - - [27/Nov/2022:11:01:32 +0800] "GET /xingrg/javascript/easyui/themes/default/easyui.css HTTP/1.1" 200 30432
101.83.241.181 - - [27/Nov/2022:11:01:32 +0800] "GET /xingrg/javascript/jquery_tools/fix.css HTTP/1.1" 200 1702
101.83.241.181 - - [27/Nov/2022:11:01:32 +0800] "GET /xingrg/javascript/jquery_tools/table.css HTTP/1.1" 200 1032
101.83.241.181 - - [27/Nov/2022:11:01:32 +0800] "GET /xingrg/javascript/jquery_tools/jquery.tools.extend.js HTTP/1.1" 200 15385
101.83.241.181 - - [27/Nov/2022:11:01:32 +0800] "GET /xingrg/javascript/jquery_tools/jquery.tools.min.js HTTP/1.1" 200 138801
101.83.241.181 - - [27/Nov/2022:11:01:32 +0800] "GET /xingrg/javascript/easyui/themes/icons/cance_new.png HTTP/1.1" 200 3986
101.83.241.181 - - [27/Nov/2022:11:01:32 +0800] "GET /xingrg/javascript/easyui/themes/icons/import_new.png HTTP/1.1" 200 1247
101.83.241.181 - - [27/Nov/2022:11:01:32 +0800] "GET /xingrg/javascript/easyui/themes/icons/field_new.png HTTP/1.1" 200 1097
101.83.241.181 - - [27/Nov/2022:11:01:32 +0800] "GET /xingrg/javascript/easyui/themes/icons/check_new.png HTTP/1.1" 200 3224
101.83.241.181 - - [27/Nov/2022:11:01:32 +0800] "GET /xingrg/javascript/easyui/themes/icons/edit_add_new.png HTTP/1.1" 200 2997
101.83.241.181 - - [27/Nov/2022:11:01:32 +0800] "GET /xingrg/javascript/easyui/plugins/jquery.parser.js HTTP/1.1" 200 1142
101.83.241.181 - - [27/Nov/2022:11:01:32 +0800] "GET /xingrg/images/control/ajaxLoader.gif HTTP/1.1" 200 4659
222.70.183.113 - - [27/Nov/2022:11:01:33 +0800] "POST /xingrg/kc/buy/cgsh_order_operate.html HTTP/1.1" 200 37
120.253.135.82 - - [27/Nov/2022:11:01:34 +0800] "GET /xingrg/kc/pszx/mdqp_order_info.html?code=302022112700466 HTTP/1.1" 200 13350
120.253.135.82 - - [27/Nov/2022:11:01:34 +0800] "GET /xingrg/dwr/interface/AjaxComOrderService.js HTTP/1.1" 200 18264
120.253.135.82 - - [27/Nov/2022:11:01:34 +0800] "GET /xingrg/dwr/interface/AjaxQqpsService.js HTTP/1.1" 200 16326
120.253.135.82 - - [27/Nov/2022:11:01:34 +0800] "GET /xingrg/dwr/engine.js HTTP/1.1" 200 43631
180.162.229.95 - - [27/Nov/2022:11:01:34 +0800] "GET /xingrg/all/function/internal_message.html?_=1669518089882&CODE_STATE=getMsg HTTP/1.1" 200 27
120.253.135.82 - - [27/Nov/2022:11:01:34 +0800] "POST /xingrg/dwr/call/plaincall/AjaxQqpsService.loadMaterielItems.dwr HTTP/1.1" 200 637
101.83.241.181 - - [27/Nov/2022:11:01:35 +0800] "POST /xingrg/kc/buy/cgsh_list_operate.html HTTP/1.1" 200 5318
222.70.183.113 - - [27/Nov/2022:11:01:35 +0800] "POST /xingrg/kc/buy/cgsh_order_operate.html HTTP/1.1" 200 5604
120.253.135.82 - - [27/Nov/2022:11:01:37 +0800] "GET /xingrg/kc/pszx/mdqp_order_list.html?isBack=1 HTTP/1.1" 302 -
120.253.135.82 - - [27/Nov/2022:11:01:37 +0800] "GET /xingrg/kc/pszx/mdqp_order_list.html?state=10 HTTP/1.1" 200 10715
120.253.135.82 - - [27/Nov/2022:11:01:37 +0800] "GET /xingrg/dwr/interface/AjaxReportQueryService.js HTTP/1.1" 200 13203
120.253.135.82 - - [27/Nov/2022:11:01:37 +0800] "GET /xingrg/dwr/interface/AjaxQqpsService.js HTTP/1.1" 200 16326
120.253.135.82 - - [27/Nov/2022:11:01:37 +0800] "GET /xingrg/dwr/engine.js HTTP/1.1" 200 43631
222.70.183.113 - - [27/Nov/2022:11:01:38 +0800] "GET /xingrg/kc/print/load_data.html?order_code=212022112709335&kc_code=cgsh&condition= HTTP/1.1" 200 1844
120.253.135.82 - - [27/Nov/2022:11:01:39 +0800] "GET /xingrg/javascript/jquery_easy_ui/themes/default/images/tabs_active.png HTTP/1.1" 200 2894
124.79.74.72 - - [27/Nov/2022:11:01:39 +0800] "GET /xingrg/all/function/internal_message.html?_=1669518095070&CODE_STATE=getMsg HTTP/1.1" 200 27
120.253.135.82 - - [27/Nov/2022:11:01:41 +0800] "GET /xingrg/kc/pszx/mdps_order_list.html?orderType=0 HTTP/1.1" 200 21035
120.253.135.82 - - [27/Nov/2022:11:01:41 +0800] "POST /xingrg/kc/pszx/mdps_list_operate.html HTTP/1.1" 200 5341
101.83.241.181 - - [27/Nov/2022:11:01:41 +0800] "GET /xingrg/all/function/internal_message.html?_=1669518096634&CODE_STATE=getMsg HTTP/1.1" 200 27
222.70.183.113 - - [27/Nov/2022:11:01:43 +0800] "GET /xingrg/all/function/internal_message.html?_=1669518099179&CODE_STATE=getMsg HTTP/1.1" 200 27
124.79.245.154 - - [27/Nov/2022:11:01:43 +0800] "GET /xingrg/all/function/internal_message.html?_=1669518098995&CODE_STATE=getMsg HTTP/1.1" 200 27
114.95.46.117 - - [27/Nov/2022:11:01:44 +0800] "GET /xingrg/all/function/internal_message.html?_=1669517948230&CODE_STATE=getMsg HTTP/1.1" 200 27
114.95.46.117 - - [27/Nov/2022:11:01:44 +0800] "GET /xingrg/check_reg.html?_=1669517948231 HTTP/1.1" 200 22
114.83.219.57 - - [27/Nov/2022:11:01:48 +0800] "GET /xingrg/all/function/internal_message.html?_=1669518232209&CODE_STATE=getMsg HTTP/1.1" 200 27
120.253.135.82 - - [27/Nov/2022:11:01:48 +0800] "POST /xingrg/kc/pszx/mdps_list_operate.html HTTP/1.1" 200 3921
120.253.135.82 - - [27/Nov/2022:11:01:50 +0800] "POST /xingrg/kc/pszx/mdps_list_operate.html HTTP/1.1" 200 209
114.95.46.117 - - [27/Nov/2022:11:01:52 +0800] "GET /xingrg/all/function/internal_message.html?_=1669518108888&CODE_STATE=getMsg HTTP/1.1" 200 27
101.83.241.181 - - [27/Nov/2022:11:01:53 +0800] "POST /xingrg/kc/buy/cgsh_list_operate.html HTTP/1.1" 200 568
114.83.219.57 - - [27/Nov/2022:11:01:54 +0800] "GET /xingrg/javascript/easyui/plugins/jquery.draggable.js HTTP/1.1" 200 6121
114.83.219.57 - - [27/Nov/2022:11:01:54 +0800] "GET /xingrg/javascript/easyui/plugins/jquery.droppable.js HTTP/1.1" 200 1167
114.83.219.57 - - [27/Nov/2022:11:01:54 +0800] "GET /xingrg/javascript/easyui/themes/default/tree.css HTTP/1.1" 404 1090
114.83.219.57 - - [27/Nov/2022:11:01:54 +0800] "GET /xingrg/javascript/easyui/plugins/jquery.tree.js HTTP/1.1" 200 20874
114.83.219.57 - - [27/Nov/2022:11:01:54 +0800] "POST /xingrg/all/common/load_tree.html?tree=supplier_tree_json&isDelete=1 HTTP/1.1" 200 70260
101.83.241.181 - - [27/Nov/2022:11:01:54 +0800] "GET /xingrg/kc/buy/cgsh_order_info.html?code=212022112709326 HTTP/1.1" 200 69656
101.83.241.181 - - [27/Nov/2022:11:01:54 +0800] "GET /xingrg/javascript/convert.js HTTP/1.1" 200 1239
101.83.241.181 - - [27/Nov/2022:11:01:54 +0800] "GET /xingrg/javascript/jquery_tools/order_manager.js HTTP/1.1" 200 11183
101.83.241.181 - - [27/Nov/2022:11:01:54 +0800] "GET /xingrg/javascript/json2.js HTTP/1.1" 200 11259
101.83.241.181 - - [27/Nov/2022:11:01:54 +0800] "GET /xingrg/javascript/easyui/themes/icons/copy_new.png HTTP/1.1" 200 815
101.83.241.181 - - [27/Nov/2022:11:01:54 +0800] "GET /xingrg/javascript/easyui/themes/icons/template_new.png HTTP/1.1" 200 3956
101.83.241.181 - - [27/Nov/2022:11:01:54 +0800] "GET /xingrg/javascript/easyui/themes/icons/ok.png HTTP/1.1" 200 883
101.83.241.181 - - [27/Nov/2022:11:01:54 +0800] "GET /xingrg/javascript/easyui/themes/icons/print.png HTTP/1.1" 200 1057
101.83.241.181 - - [27/Nov/2022:11:01:54 +0800] "GET /xingrg/javascript/easyui/themes/default/images/menu_downarrow.png HTTP/1.1" 200 173
101.83.241.181 - - [27/Nov/2022:11:01:54 +0800] "GET /xingrg/javascript/easyui/themes/icons/cancel.png HTTP/1.1" 200 1133
101.83.241.181 - - [27/Nov/2022:11:01:55 +0800] "GET /xingrg/all/common/auto_word.html?type=employee&rest_code=00149 HTTP/1.1" 200 197
101.83.241.181 - - [27/Nov/2022:11:01:55 +0800] "GET /xingrg/javascript/easyui/themes/default/validatebox.css HTTP/1.1" 404 1104
101.83.241.181 - - [27/Nov/2022:11:01:55 +0800] "GET /xingrg/javascript/easyui/plugins/jquery.validatebox.js HTTP/1.1" 200 6103
101.83.241.181 - - [27/Nov/2022:11:01:55 +0800] "GET /xingrg/all/common/auto_word.html?type=employee&rest_code=00149 HTTP/1.1" 200 197
101.83.241.181 - - [27/Nov/2022:11:01:55 +0800] "GET /xingrg/javascript/easyui/plugins/jquery.numberbox.js HTTP/1.1" 200 5213
222.70.183.113 - - [27/Nov/2022:11:01:55 +0800] "GET /xingrg/kc/buy/cgsh_order_add.html HTTP/1.1" 200 69517
101.83.241.181 - - [27/Nov/2022:11:01:55 +0800] "POST /xingrg/kc/buy/cgsh_order_operate.html HTTP/1.1" 200 5623
101.83.241.181 - - [27/Nov/2022:11:01:55 +0800] "GET /xingrg/javascript/easyui/themes/icons/edit_remove.png HTTP/1.1" 200 625
222.70.183.113 - - [27/Nov/2022:11:01:55 +0800] "POST /xingrg/kc/buy/cgsh_order_operate.html HTTP/1.1" 200 8245
222.70.183.113 - - [27/Nov/2022:11:01:55 +0800] "GET /xingrg/javascript/easyui/themes/default/validatebox.css HTTP/1.1" 404 1104
114.83.219.57 - - [27/Nov/2022:11:01:56 +0800] "GET /xingrg/javascript/easyui/themes/default/images/tree_arrows.gif HTTP/1.1" 200 617
114.83.219.57 - - [27/Nov/2022:11:01:56 +0800] "GET /xingrg/javascript/easyui/themes/default/images/tree_folder_open.gif HTTP/1.1" 200 956
114.83.219.57 - - [27/Nov/2022:11:01:56 +0800] "GET /xingrg/javascript/easyui/themes/default/images/tree_folder.gif HTTP/1.1" 200 952
114.83.219.57 - - [27/Nov/2022:11:01:56 +0800] "GET /xingrg/javascript/easyui/themes/default/images/tree_file.gif HTTP/1.1" 200 118
101.83.241.181 - - [27/Nov/2022:11:01:56 +0800] "GET /xingrg/javascript/easyui/themes/default/images/button_plain_hover.png HTTP/1.1" 200 144
120.253.135.82 - - [27/Nov/2022:11:01:56 +0800] "POST /xingrg/kc/pszx/mdps_list_operate.html HTTP/1.1" 200 663
120.253.135.82 - - [27/Nov/2022:11:01:57 +0800] "GET /xingrg/kc/pszx/mdps_order_info.html?code=312022112700549 HTTP/1.1" 200 23978
120.253.135.82 - - [27/Nov/2022:11:01:58 +0800] "GET /xingrg/javascript/easyui/themes/default/validatebox.css HTTP/1.1" 404 1104
120.253.135.82 - - [27/Nov/2022:11:01:58 +0800] "POST /xingrg/kc/pszx/mdps_order_operate.html HTTP/1.1" 200 6980
114.84.38.109 - - [27/Nov/2022:11:01:58 +0800] "GET /xingrg/all/function/internal_message.html?_=1669518139733&CODE_STATE=getMsg HTTP/1.1" 200 27
124.78.159.196 - - [27/Nov/2022:11:02:03 +0800] "GET /xingrg/kc/buy/cgsh_order_add.html HTTP/1.1" 200 69561
114.84.38.109 - - [27/Nov/2022:11:02:03 +0800] "GET /favicon.ico HTTP/1.1" 404 -
124.78.159.196 - - [27/Nov/2022:11:02:04 +0800] "POST /xingrg/kc/buy/cgsh_order_operate.html HTTP/1.1" 200 8245
124.78.159.196 - - [27/Nov/2022:11:02:04 +0800] "GET /xingrg/javascript/easyui/themes/default/validatebox.css HTTP/1.1" 404 1104
124.78.159.196 - - [27/Nov/2022:11:02:04 +0800] "GET /xingrg/javascript/easyui/themes/default/tree.css HTTP/1.1" 404 1090
124.78.159.196 - - [27/Nov/2022:11:02:05 +0800] "POST /xingrg/all/common/load_tree.html?tree=supplier_tree_json&isDelete=1 HTTP/1.1" 200 70260
120.253.135.82 - - [27/Nov/2022:11:02:08 +0800] "GET /xingrg/kc/pszx/mdps_order_operate.html?command=get_materiel&pszx_code=00101&rest_code=00104&base_code=0010246&code=00101019400 HTTP/1.1" 200 464
180.162.229.95 - - [27/Nov/2022:11:02:08 +0800] "GET /xingrg/all/function/internal_message.html?_=1669518121144&CODE_STATE=getMsg HTTP/1.1" 200 27
116.230.105.139 - - [27/Nov/2022:11:02:08 +0800] "GET /xingrg/all/function/internal_message.html?_=1669518099237&CODE_STATE=getMsg HTTP/1.1" 200 27
101.83.241.181 - - [27/Nov/2022:11:02:09 +0800] "POST /xingrg/kc/buy/cgsh_order_operate.html HTTP/1.1" 200 37
120.253.135.82 - - [27/Nov/2022:11:02:09 +0800] "POST /xingrg/all/common/load_select.html HTTP/1.1" 200 25
120.253.135.82 - - [27/Nov/2022:11:02:11 +0800] "GET /xingrg/kc/pszx/mdps_order_operate.html?command=get_materiel_price&pszx_code=00101&rest_code=00104&base_code=0010246&code=00101019400&unit_code=00100111&order_time=2022-11-28 HTTP/1.1" 200 36
124.78.159.196 - - [27/Nov/2022:11:02:12 +0800] "GET /xingrg/check_reg.html?_=1669518127477 HTTP/1.1" 200 22
120.253.135.82 - - [27/Nov/2022:11:02:13 +0800] "GET /xingrg/all/function/internal_message.html?_=1669517929982&CODE_STATE=getMsg HTTP/1.1" 200 27
101.83.241.181 - - [27/Nov/2022:11:02:13 +0800] "POST /xingrg/kc/buy/cgsh_order_operate.html HTTP/1.1" 200 12
180.163.29.219 - - [27/Nov/2022:11:02:14 +0800] "GET /xingrg/all/function/internal_message.html?_=1669518069477&CODE_STATE=getMsg HTTP/1.1" 302 -
180.163.29.219 - - [27/Nov/2022:11:02:14 +0800] "GET /xingrg/login.html HTTP/1.1" 200 7641
124.78.159.196 - - [27/Nov/2022:11:02:14 +0800] "GET /xingrg/all/function/internal_message.html?_=1669518129448&CODE_STATE=getMsg HTTP/1.1" 200 27
101.83.241.181 - - [27/Nov/2022:11:02:14 +0800] "GET /xingrg/kc/buy/cgsh_order_info.html?code=212022112709326 HTTP/1.1" 200 64550
222.70.183.113 - - [27/Nov/2022:11:02:14 +0800] "GET /xingrg/kc/buy/cgsh_order_operate.html?command=get_materiel&rest_code=00111&code=00101008049&supplier_code=00100005&order_time=2022-11-27 HTTP/1.1" 200 408
101.83.241.181 - - [27/Nov/2022:11:02:15 +0800] "GET /xingrg/javascript/easyui/themes/default/validatebox.css HTTP/1.1" 404 1104
101.83.241.181 - - [27/Nov/2022:11:02:15 +0800] "POST /xingrg/kc/buy/cgsh_order_operate.html HTTP/1.1" 200 3571
116.238.139.35 - - [27/Nov/2022:11:02:16 +0800] "GET /xingrg/check_reg.html?_=1669518132596 HTTP/1.1" 200 22
116.238.139.35 - - [27/Nov/2022:11:02:16 +0800] "GET /xingrg/all/function/internal_message.html?_=1669518132600&CODE_STATE=getMsg HTTP/1.1" 200 27
116.230.105.139 - - [27/Nov/2022:11:02:17 +0800] "GET /xingrg/all/function/internal_message.html?_=1669518133071&CODE_STATE=getMsg HTTP/1.1" 200 27
120.253.135.82 - - [27/Nov/2022:11:02:17 +0800] "POST /xingrg/kc/pszx/mdps_order_operate.html HTTP/1.1" 200 37
120.253.135.82 - - [27/Nov/2022:11:02:18 +0800] "GET /xingrg/kc/pszx/mdps_order_info.html?code=312022112700549 HTTP/1.1" 200 23978
101.83.241.181 - - [27/Nov/2022:11:02:18 +0800] "GET /xingrg/kc/print/load_config.html?kc_code=cgsh HTTP/1.1" 200 1943
101.83.241.181 - - [27/Nov/2022:11:02:18 +0800] "GET /xingrg/kc/print/load_data.html?order_code=212022112709326&kc_code=cgsh&condition= HTTP/1.1" 200 1851
120.253.135.82 - - [27/Nov/2022:11:02:18 +0800] "GET /xingrg/javascript/easyui/themes/default/validatebox.css HTTP/1.1" 404 1104
120.253.135.82 - - [27/Nov/2022:11:02:18 +0800] "POST /xingrg/kc/pszx/mdps_order_operate.html HTTP/1.1" 200 7492
180.163.29.206 - - [27/Nov/2022:11:02:20 +0800] "GET /xingrg/kc/buy/cgsh_order_info.html?code=212022112709334 HTTP/1.1" 302 -
180.163.29.206 - - [27/Nov/2022:11:02:20 +0800] "GET /xingrg/login.html HTTP/1.1" 200 7641
124.79.245.154 - - [27/Nov/2022:11:02:22 +0800] "GET /xingrg/all/function/internal_message.html?_=1669518358173&CODE_STATE=getMsg HTTP/1.1" 200 27
124.78.159.196 - - [27/Nov/2022:11:02:23 +0800] "GET /xingrg/kc/buy/cgsh_order_operate.html?command=get_materiel&rest_code=00106&code=00101006113&supplier_code=00100015&order_time=2022-11-27 HTTP/1.1" 200 415
180.163.29.219 - - [27/Nov/2022:11:02:24 +0800] "GET /xingrg/kc/print/load_data.html?order_code=212022112709334&kc_code=cgsh HTTP/1.1" 302 -
180.163.29.219 - - [27/Nov/2022:11:02:24 +0800] "GET /xingrg/login.html HTTP/1.1" 200 7641
120.253.135.82 - - [27/Nov/2022:11:02:28 +0800] "POST /xingrg/kc/pszx/mdps_order_operate.html HTTP/1.1" 200 37
58.40.7.146 - - [27/Nov/2022:11:02:29 +0800] "GET /xingrg/all/function/internal_message.html?_=1669518144340&CODE_STATE=getMsg HTTP/1.1" 302 -
120.253.135.82 - - [27/Nov/2022:11:02:29 +0800] "GET /xingrg/kc/pszx/mdps_order_info.html?code=312022112700549 HTTP/1.1" 200 23978
222.70.183.113 - - [27/Nov/2022:11:02:29 +0800] "GET /xingrg/kc/buy/cgsh_order_operate.html?command=get_materiel&rest_code=00111&code=00101008358&supplier_code=00100005&order_time=2022-11-27 HTTP/1.1" 200 412
101.85.106.255 - - [27/Nov/2022:11:02:29 +0800] "GET /xingrg/all/function/internal_message.html?_=1669518143274&CODE_STATE=getMsg HTTP/1.1" 200 27
120.253.135.82 - - [27/Nov/2022:11:02:29 +0800] "GET /xingrg/javascript/easyui/themes/default/validatebox.css HTTP/1.1" 404 1104
120.253.135.82 - - [27/Nov/2022:11:02:30 +0800] "POST /xingrg/kc/pszx/mdps_order_operate.html HTTP/1.1" 200 7492
120.253.135.82 - - [27/Nov/2022:11:02:33 +0800] "GET /xingrg/kc/pszx/mdps_order_info.html?code=312022112700568 HTTP/1.1" 200 23978
120.253.135.82 - - [27/Nov/2022:11:02:33 +0800] "GET /xingrg/javascript/easyui/themes/default/validatebox.css HTTP/1.1" 404 1104
120.253.135.82 - - [27/Nov/2022:11:02:33 +0800] "POST /xingrg/kc/pszx/mdps_order_operate.html HTTP/1.1" 200 2294
180.162.229.95 - - [27/Nov/2022:11:02:34 +0800] "GET /xingrg/all/function/internal_message.html?_=1669518149876&CODE_STATE=getMsg HTTP/1.1" 200 27
101.83.241.181 - - [27/Nov/2022:11:02:34 +0800] "POST /xingrg/kc/buy/cgsh_list_operate.html HTTP/1.1" 200 4889
180.162.229.95 - - [27/Nov/2022:11:02:35 +0800] "GET /xingrg/check_reg.html?_=1669518150933 HTTP/1.1" 200 22
101.83.241.181 - - [27/Nov/2022:11:02:36 +0800] "POST /xingrg/kc/buy/cgsh_list_operate.html HTTP/1.1" 200 425
101.83.241.181 - - [27/Nov/2022:11:02:37 +0800] "GET /xingrg/kc/buy/cgsh_order_info.html?code=212022112709331 HTTP/1.1" 200 69660
101.83.241.181 - - [27/Nov/2022:11:02:37 +0800] "GET /xingrg/javascript/easyui/themes/default/validatebox.css HTTP/1.1" 404 1104
101.83.241.181 - - [27/Nov/2022:11:02:38 +0800] "POST /xingrg/kc/buy/cgsh_order_operate.html HTTP/1.1" 200 4431
222.70.183.113 - - [27/Nov/2022:11:02:38 +0800] "GET /xingrg/kc/buy/cgsh_order_operate.html?command=get_materiel&rest_code=00111&code=00101008003&supplier_code=00100005&order_time=2022-11-27 HTTP/1.1" 200 408
101.83.241.181 - - [27/Nov/2022:11:02:39 +0800] "POST /xingrg/kc/buy/cgsh_list_operate.html HTTP/1.1" 200 4889
124.79.74.72 - - [27/Nov/2022:11:02:39 +0800] "GET /xingrg/all/function/internal_message.html?_=1669518155072&CODE_STATE=getMsg HTTP/1.1" 200 27
101.83.241.181 - - [27/Nov/2022:11:02:41 +0800] "GET /xingrg/all/function/internal_message.html?_=1669518156636&CODE_STATE=getMsg HTTP/1.1" 200 27
222.70.183.113 - - [27/Nov/2022:11:02:43 +0800] "GET /xingrg/all/function/internal_message.html?_=1669518159158&CODE_STATE=getMsg HTTP/1.1" 200 27
124.79.245.154 - - [27/Nov/2022:11:02:43 +0800] "GET /xingrg/all/function/internal_message.html?_=1669518158993&CODE_STATE=getMsg HTTP/1.1" 200 27
101.83.241.181 - - [27/Nov/2022:11:02:44 +0800] "POST /xingrg/kc/buy/cgsh_order_operate.html HTTP/1.1" 200 37
114.95.46.117 - - [27/Nov/2022:11:02:44 +0800] "GET /xingrg/all/function/internal_message.html?_=1669518008229&CODE_STATE=getMsg HTTP/1.1" 200 27
120.253.135.82 - - [27/Nov/2022:11:02:44 +0800] "POST /xingrg/kc/pszx/mdps_order_operate.html HTTP/1.1" 200 12
120.253.135.82 - - [27/Nov/2022:11:02:45 +0800] "POST /xingrg/kc/pszx/mdps_list_operate.html HTTP/1.1" 200 3550
120.253.135.82 - - [27/Nov/2022:11:02:47 +0800] "POST /xingrg/kc/pszx/mdps_list_operate.html HTTP/1.1" 200 537
114.83.219.57 - - [27/Nov/2022:11:02:48 +0800] "GET /xingrg/all/function/internal_message.html?_=1669518292205&CODE_STATE=getMsg HTTP/1.1" 200 27
120.253.135.82 - - [27/Nov/2022:11:02:48 +0800] "GET /xingrg/kc/pszx/mdps_order_info.html?code=312022112700554 HTTP/1.1" 200 23978
120.253.135.82 - - [27/Nov/2022:11:02:49 +0800] "GET /xingrg/javascript/easyui/themes/default/validatebox.css HTTP/1.1" 404 1104
120.253.135.82 - - [27/Nov/2022:11:02:49 +0800] "POST /xingrg/kc/pszx/mdps_order_operate.html HTTP/1.1" 200 4312
124.78.159.196 - - [27/Nov/2022:11:02:52 +0800] "GET /xingrg/kc/buy/cgsh_order_operate.html?command=get_materiel&rest_code=00106&code=00101006109&supplier_code=00100015&order_time=2022-11-27 HTTP/1.1" 200 409
222.70.183.113 - - [27/Nov/2022:11:02:52 +0800] "GET /xingrg/kc/buy/cgsh_order_operate.html?command=get_materiel&rest_code=00111&code=00101008270&supplier_code=00100005&order_time=2022-11-27 HTTP/1.1" 200 412
114.95.46.117 - - [27/Nov/2022:11:02:52 +0800] "GET /xingrg/all/function/internal_message.html?_=1669518168898&CODE_STATE=getMsg HTTP/1.1" 200 27
101.83.241.181 - - [27/Nov/2022:11:02:53 +0800] "POST /xingrg/kc/buy/cgsh_order_operate.html HTTP/1.1" 200 12
180.162.229.95 - - [27/Nov/2022:11:02:56 +0800] "POST /xingrg/kc/buy/cgsh_list_operate.html HTTP/1.1" 200 986
101.83.241.181 - - [27/Nov/2022:11:02:57 +0800] "GET /xingrg/kc/buy/cgsh_order_info.html?code=212022112709331 HTTP/1.1" 200 64554
101.83.241.181 - - [27/Nov/2022:11:02:57 +0800] "GET /xingrg/javascript/easyui/themes/default/validatebox.css HTTP/1.1" 404 1104
101.83.241.181 - - [27/Nov/2022:11:02:58 +0800] "POST /xingrg/kc/buy/cgsh_order_operate.html HTTP/1.1" 200 2381
114.84.38.109 - - [27/Nov/2022:11:02:58 +0800] "GET /xingrg/all/function/internal_message.html?_=1669518199819&CODE_STATE=getMsg HTTP/1.1" 200 27
101.83.241.181 - - [27/Nov/2022:11:03:01 +0800] "GET /xingrg/kc/print/load_data.html?order_code=212022112709331&kc_code=cgsh&condition= HTTP/1.1" 200 1455
124.78.159.196 - - [27/Nov/2022:11:03:02 +0800] "GET /xingrg/kc/buy/cgsh_order_operate.html?command=get_materiel&rest_code=00106&code=00101006031&supplier_code=00100015&order_time=2022-11-27 HTTP/1.1" 200 409
120.253.135.82 - - [27/Nov/2022:11:03:03 +0800] "POST /xingrg/kc/pszx/mdps_list_operate.html HTTP/1.1" 200 3550
120.253.135.82 - - [27/Nov/2022:11:03:04 +0800] "POST /xingrg/kc/pszx/mdps_list_operate.html HTTP/1.1" 200 323
120.253.135.82 - - [27/Nov/2022:11:03:05 +0800] "GET /xingrg/kc/pszx/mdps_order_info.html?code=312022112700553 HTTP/1.1" 200 23978
120.253.135.82 - - [27/Nov/2022:11:03:06 +0800] "GET /xingrg/javascript/easyui/themes/default/validatebox.css HTTP/1.1" 404 1104
120.253.135.82 - - [27/Nov/2022:11:03:06 +0800] "POST /xingrg/kc/pszx/mdps_order_operate.html HTTP/1.1" 200 2855
222.70.183.113 - - [27/Nov/2022:11:03:06 +0800] "GET /xingrg/kc/buy/cgsh_order_operate.html?command=get_materiel&rest_code=00111&code=00101008261&supplier_code=00100005&order_time=2022-11-27 HTTP/1.1" 200 408
180.162.229.95 - - [27/Nov/2022:11:03:08 +0800] "GET /xingrg/all/function/internal_message.html?_=1669518181128&CODE_STATE=getMsg HTTP/1.1" 200 27
116.230.105.139 - - [27/Nov/2022:11:03:08 +0800] "GET /xingrg/all/function/internal_message.html?_=1669518159222&CODE_STATE=getMsg HTTP/1.1" 200 27
180.162.229.95 - - [27/Nov/2022:11:03:08 +0800] "GET /xingrg/check_reg.html?_=1669518181506 HTTP/1.1" 200 22
180.162.229.95 - - [27/Nov/2022:11:03:09 +0800] "GET /xingrg/kc/report/report_main.html HTTP/1.1" 200 7340
180.162.229.95 - - [27/Nov/2022:11:03:09 +0800] "GET /xingrg/css/blue.css HTTP/1.1" 200 15949
180.162.229.95 - - [27/Nov/2022:11:03:09 +0800] "GET /xingrg/javascript/jquery_ui/themes/humanity/humanity.css HTTP/1.1" 200 27801
180.162.229.95 - - [27/Nov/2022:11:03:09 +0800] "GET /xingrg/javascript/myfunction.js HTTP/1.1" 200 24559
180.162.229.95 - - [27/Nov/2022:11:03:09 +0800] "GET /xingrg/javascript/jquery_easy_ui/themes/icons/back_new.png HTTP/1.1" 200 3414
101.83.241.181 - - [27/Nov/2022:11:03:09 +0800] "POST /xingrg/kc/buy/cgsh_list_operate.html HTTP/1.1" 200 4456
180.162.229.95 - - [27/Nov/2022:11:03:11 +0800] "GET /xingrg/kc/base/crk_hz.html HTTP/1.1" 200 11247
180.162.229.95 - - [27/Nov/2022:11:03:11 +0800] "GET /xingrg/javascript/step/step.css HTTP/1.1" 200 999
180.162.229.95 - - [27/Nov/2022:11:03:11 +0800] "GET /xingrg/css/table.css HTTP/1.1" 200 3684
180.162.229.95 - - [27/Nov/2022:11:03:11 +0800] "POST /xingrg/kc/cost/cost_operate.html?command=get_base_tree HTTP/1.1" 200 2589
180.162.229.95 - - [27/Nov/2022:11:03:11 +0800] "POST /xingrg/all/common/load_tree.html?tree=materiel_sort_tree_json HTTP/1.1" 200 9500
180.162.229.95 - - [27/Nov/2022:11:03:11 +0800] "GET /xingrg/javascript/jquery_easy_ui/themes/default/images/menu_downarrow.png HTTP/1.1" 200 173
180.162.229.95 - - [27/Nov/2022:11:03:11 +0800] "GET /xingrg/javascript/jquery_easy_ui/themes/default/images/calendar_prevmonth.gif HTTP/1.1" 200 66
180.162.229.95 - - [27/Nov/2022:11:03:11 +0800] "GET /xingrg/javascript/jquery_easy_ui/themes/icons/print.png HTTP/1.1" 200 1057
180.162.229.95 - - [27/Nov/2022:11:03:11 +0800] "GET /xingrg/javascript/jquery_easy_ui/themes/default/images/button_span_bg.gif HTTP/1.1" 200 2061
180.162.229.95 - - [27/Nov/2022:11:03:11 +0800] "GET /xingrg/javascript/jquery_easy_ui/themes/default/images/menu.gif HTTP/1.1" 200 834
180.162.229.95 - - [27/Nov/2022:11:03:11 +0800] "GET /xingrg/javascript/jquery_easy_ui/themes/default/images/combo_arrow_dot.gif HTTP/1.1" 200 79
180.162.229.95 - - [27/Nov/2022:11:03:11 +0800] "GET /xingrg/javascript/jquery_easy_ui/themes/default/images/calendar_nextmonth.gif HTTP/1.1" 200 64
180.162.229.95 - - [27/Nov/2022:11:03:11 +0800] "GET /xingrg/javascript/jquery_easy_ui/themes/default/images/calendar_nextyear.gif HTTP/1.1" 200 75
180.162.229.95 - - [27/Nov/2022:11:03:11 +0800] "GET /xingrg/javascript/jquery_easy_ui/themes/icons/search.png HTTP/1.1" 200 813
180.162.229.95 - - [27/Nov/2022:11:03:11 +0800] "GET /xingrg/javascript/jquery_easy_ui/themes/default/images/button_a_bg.gif HTTP/1.1" 200 1194
180.162.229.95 - - [27/Nov/2022:11:03:11 +0800] "GET /xingrg/javascript/jquery_easy_ui/themes/default/images/calendar_prevyear.gif HTTP/1.1" 200 76
180.162.229.95 - - [27/Nov/2022:11:03:11 +0800] "GET /xingrg/javascript/jquery_easy_ui/themes/default/images/tree_checkbox_0.gif HTTP/1.1" 200 168
101.83.241.181 - - [27/Nov/2022:11:03:11 +0800] "POST /xingrg/kc/buy/cgsh_list_operate.html HTTP/1.1" 200 358
180.163.29.234 - - [27/Nov/2022:11:03:12 +0800] "GET /xingrg/check_reg.html?_=1669518127477 HTTP/1.1" 302 -
180.163.29.234 - - [27/Nov/2022:11:03:12 +0800] "GET /xingrg/login.html HTTP/1.1" 200 7641
101.83.241.181 - - [27/Nov/2022:11:03:13 +0800] "GET /xingrg/kc/buy/cgsh_order_info.html?code=212022112709330 HTTP/1.1" 200 69658
120.253.135.82 - - [27/Nov/2022:11:03:13 +0800] "GET /xingrg/all/function/internal_message.html?_=1669517990089&CODE_STATE=getMsg HTTP/1.1" 200 27
101.83.241.181 - - [27/Nov/2022:11:03:13 +0800] "GET /xingrg/javascript/easyui/themes/default/validatebox.css HTTP/1.1" 404 1104
101.83.241.181 - - [27/Nov/2022:11:03:14 +0800] "POST /xingrg/kc/buy/cgsh_order_operate.html HTTP/1.1" 200 3856
124.78.159.196 - - [27/Nov/2022:11:03:14 +0800] "GET /xingrg/all/function/internal_message.html?_=1669518189419&CODE_STATE=getMsg HTTP/1.1" 200 27
101.83.241.181 - - [27/Nov/2022:11:03:15 +0800] "POST /xingrg/kc/buy/cgsh_list_operate.html HTTP/1.1" 200 4456
120.253.135.82 - - [27/Nov/2022:11:03:15 +0800] "POST /xingrg/kc/pszx/mdps_list_operate.html HTTP/1.1" 200 3550
116.238.139.35 - - [27/Nov/2022:11:03:16 +0800] "GET /xingrg/all/function/internal_message.html?_=1669518192585&CODE_STATE=getMsg HTTP/1.1" 200 27
120.253.135.82 - - [27/Nov/2022:11:03:16 +0800] "POST /xingrg/kc/pszx/mdps_list_operate.html HTTP/1.1" 200 663
222.70.183.113 - - [27/Nov/2022:11:03:16 +0800] "GET /xingrg/kc/buy/cgsh_order_operate.html?command=get_materiel&rest_code=00111&code=00101008350&supplier_code=00100005&order_time=2022-11-27 HTTP/1.1" 200 408
116.230.105.139 - - [27/Nov/2022:11:03:17 +0800] "GET /xingrg/all/function/internal_message.html?_=1669518193064&CODE_STATE=getMsg HTTP/1.1" 200 27
120.253.135.82 - - [27/Nov/2022:11:03:17 +0800] "GET /xingrg/kc/pszx/mdps_order_info.html?code=312022112700549 HTTP/1.1" 200 23978
120.253.135.82 - - [27/Nov/2022:11:03:18 +0800] "POST /xingrg/kc/pszx/mdps_order_operate.html HTTP/1.1" 200 7492
120.253.135.82 - - [27/Nov/2022:11:03:18 +0800] "GET /xingrg/javascript/easyui/themes/default/validatebox.css HTTP/1.1" 404 1104
180.162.229.95 - - [27/Nov/2022:11:03:18 +0800] "GET /xingrg/javascript/jquery_easy_ui/themes/default/images/tree_checkbox_2.gif HTTP/1.1" 200 181
180.162.229.95 - - [27/Nov/2022:11:03:18 +0800] "GET /xingrg/javascript/jquery_easy_ui/themes/default/images/tree_checkbox_1.gif HTTP/1.1" 200 174
101.83.241.181 - - [27/Nov/2022:11:03:19 +0800] "POST /xingrg/kc/buy/cgsh_order_operate.html HTTP/1.1" 200 37
114.95.46.117 - - [27/Nov/2022:11:03:19 +0800] "GET /xingrg/kc/buy/buy_main.html HTTP/1.1" 200 12412
114.95.46.117 - - [27/Nov/2022:11:03:19 +0800] "GET /xingrg/css/blue.css HTTP/1.1" 304 -
114.95.46.117 - - [27/Nov/2022:11:03:19 +0800] "GET /xingrg/javascript/jquery_easy_ui/themes/default/images/tabs_close.gif HTTP/1.1" 304 -
114.95.46.117 - - [27/Nov/2022:11:03:19 +0800] "GET /xingrg/javascript/jquery_ui/themes/humanity/humanity.css HTTP/1.1" 304 -
114.95.46.117 - - [27/Nov/2022:11:03:19 +0800] "GET /xingrg/css/new_ie.css HTTP/1.1" 404 1036
114.95.46.117 - - [27/Nov/2022:11:03:19 +0800] "GET /xingrg/javascript/pic_change.js HTTP/1.1" 304 -
114.95.46.117 - - [27/Nov/2022:11:03:19 +0800] "GET /xingrg/javascript/ToolTips.js HTTP/1.1" 304 -
114.95.46.117 - - [27/Nov/2022:11:03:19 +0800] "GET /xingrg/javascript/myfunction.js HTTP/1.1" 304 -
114.95.46.117 - - [27/Nov/2022:11:03:19 +0800] "GET /xingrg/javascript/jquery_ui/jquery-ui.min.js HTTP/1.1" 304 -
114.95.46.117 - - [27/Nov/2022:11:03:19 +0800] "GET /xingrg/images/blue/button/cgxqd.gif HTTP/1.1" 304 -
114.95.46.117 - - [27/Nov/2022:11:03:19 +0800] "GET /xingrg/images/blue/button/cgydd.gif HTTP/1.1" 304 -
114.95.46.117 - - [27/Nov/2022:11:03:19 +0800] "GET /xingrg/images/blue/button/kc.gif HTTP/1.1" 304 -
114.95.46.117 - - [27/Nov/2022:11:03:19 +0800] "GET /xingrg/images/blue/button/ckthd.gif HTTP/1.1" 304 -
114.95.46.117 - - [27/Nov/2022:11:03:19 +0800] "GET /xingrg/images/blue/button/cgshd.gif HTTP/1.1" 304 -
114.95.46.117 - - [27/Nov/2022:11:03:19 +0800] "GET /xingrg/images/blue/pic_form2.gif HTTP/1.1" 304 -
114.95.46.117 - - [27/Nov/2022:11:03:19 +0800] "GET /xingrg/images/blue/button/cgfkd.gif HTTP/1.1" 304 -
114.95.46.117 - - [27/Nov/2022:11:03:20 +0800] "GET /xingrg/javascript/jquery_ui/themes/humanity/images/ui-bg_inset-soft_100_f4f0ec_1x100.png HTTP/1.1" 304 -
114.95.46.117 - - [27/Nov/2022:11:03:20 +0800] "GET /xingrg/images/blue/bg_dotted.jpg HTTP/1.1" 304 -
114.95.46.117 - - [27/Nov/2022:11:03:20 +0800] "GET /xingrg/images/blue/button/right_ah.jpg HTTP/1.1" 304 -
114.95.46.117 - - [27/Nov/2022:11:03:20 +0800] "GET /xingrg/images/blue/button/down_ah.jpg HTTP/1.1" 304 -
114.95.46.117 - - [27/Nov/2022:11:03:20 +0800] "GET /xingrg/javascript/jquery_ui/themes/humanity/images/ui-iconsnew.jpg HTTP/1.1" 304 -
114.95.46.117 - - [27/Nov/2022:11:03:20 +0800] "GET /xingrg/javascript/jquery_ui/themes/humanity/images/ui-icons_ffffff_256x240.png HTTP/1.1" 304 -
114.95.46.117 - - [27/Nov/2022:11:03:20 +0800] "GET /xingrg/javascript/jquery_ui/themes/humanity/images/ui-icons_c47a23_256x240.png HTTP/1.1" 304 -
114.95.46.117 - - [27/Nov/2022:11:03:20 +0800] "GET /xingrg/javascript/jquery_ui/themes/humanity/images/ui-bg_glass_70_ede4d4_1x400.png HTTP/1.1" 304 -
114.95.46.117 - - [27/Nov/2022:11:03:21 +0800] "GET /xingrg/images/yd/bt.gif HTTP/1.1" 404 1040
180.162.229.95 - - [27/Nov/2022:11:03:21 +0800] "GET /xingrg/kc/base/crk_hz.html?_=1669518197250&command=get_cost_id&end_date=2022-11-27&start_date=2022-11-01 HTTP/1.1" 200 51
180.162.229.95 - - [27/Nov/2022:11:03:21 +0800] "GET /xingrg/javascript/calendar/timePicker.css HTTP/1.1" 200 523
180.162.229.95 - - [27/Nov/2022:11:03:21 +0800] "GET /xingrg/javascript/bigrid/fix.css HTTP/1.1" 200 1702
180.162.229.95 - - [27/Nov/2022:11:03:21 +0800] "GET /xingrg/javascript/multi_select/jqueryMultiSelect.css HTTP/1.1" 200 951
180.162.229.95 - - [27/Nov/2022:11:03:21 +0800] "GET /xingrg/dwr/interface/AjaxReportQueryService.js HTTP/1.1" 200 13203
180.162.229.95 - - [27/Nov/2022:11:03:21 +0800] "GET /xingrg/all/report/report_query.html?isQuery=1&onlyBody=1&rh=99999&rw=1800&varString=start:20221101,cost_id:4013,mid:20221101&fileName=kc/base/crk_hz_type_by_base.xml&queryString=%20a.base_code%20in%20('0010490')%20%20and%20m.sort_code%20in%20('00101001','00101002','00101003','00101004','00101005','00101006','00101007','00101008','00101009','00101010','00101011','00101012','00101013','00101014','00101015','00101016','00101017','00101018','00101019','00101020','00101021','00101022','00101023','00101024','00101025','00101026','00101027','00101028','00101029','00101030','00101031','00101032','00101033','00101034','00101036','00101037','00101038','00101039','00101040','00101041','00101042','00101043')%20&queryText=ÈÕÆÚ£º2022-11-01ÖÁ2022-11-27%20²Ö¿â£ºÔ±¹¤²Í&tableQueryString=materiel_table$sp1$$sp$before_table$sp1$$sp$crk_table$sp1$order_day%20between%2020221101%20and%2020221127 HTTP/1.1" 200 49885
180.162.229.95 - - [27/Nov/2022:11:03:21 +0800] "GET /xingrg/javascript/calendar/jquery.timePicker.min.js HTTP/1.1" 200 2997
180.162.229.95 - - [27/Nov/2022:11:03:21 +0800] "GET /xingrg/javascript/jqueryMultiSelect.js HTTP/1.1" 200 11866
180.162.229.95 - - [27/Nov/2022:11:03:21 +0800] "GET /xingrg/javascript/bigrid/fix.js HTTP/1.1" 200 6439
180.162.229.95 - - [27/Nov/2022:11:03:21 +0800] "GET /xingrg/javascript/Calendar.js HTTP/1.1" 200 31561
180.162.229.95 - - [27/Nov/2022:11:03:21 +0800] "GET /xingrg/dwr/engine.js HTTP/1.1" 200 43631
180.162.229.95 - - [27/Nov/2022:11:03:21 +0800] "GET /xingrg/dwr/util.js HTTP/1.1" 200 35990
180.162.229.95 - - [27/Nov/2022:11:03:21 +0800] "GET /xingrg/images/blue/button/advanceover.gif HTTP/1.1" 200 1347
180.162.229.95 - - [27/Nov/2022:11:03:21 +0800] "GET /xingrg/images/blue/button/advance2over.gif HTTP/1.1" 200 1336
180.162.229.95 - - [27/Nov/2022:11:03:21 +0800] "GET /xingrg/images/blue/button/back2over.gif HTTP/1.1" 200 1335
180.162.229.95 - - [27/Nov/2022:11:03:21 +0800] "GET /xingrg/images/blue/button/backover.gif HTTP/1.1" 200 1348
180.162.229.95 - - [27/Nov/2022:11:03:21 +0800] "GET /xingrg/images/control/loading.gif HTTP/1.1" 200 13463
180.162.229.95 - - [27/Nov/2022:11:03:21 +0800] "GET /xingrg/javascript/jquery_easy_ui/themes/icons/help.png HTTP/1.1" 200 1187
114.95.46.117 - - [27/Nov/2022:11:03:21 +0800] "GET /xingrg/kc/buy/cgsh_order_list.html HTTP/1.1" 200 53780
114.95.46.117 - - [27/Nov/2022:11:03:21 +0800] "GET /xingrg/css/base.css HTTP/1.1" 304 -
114.95.46.117 - - [27/Nov/2022:11:03:21 +0800] "GET /xingrg/css/site.css HTTP/1.1" 304 -
114.95.46.117 - - [27/Nov/2022:11:03:21 +0800] "GET /xingrg/javascript/jquery_tools/datebox.css HTTP/1.1" 304 -
114.95.46.117 - - [27/Nov/2022:11:03:21 +0800] "GET /xingrg/javascript/easyui/themes/default/easyui.css HTTP/1.1" 304 -
114.95.46.117 - - [27/Nov/2022:11:03:21 +0800] "GET /xingrg/javascript/easyui/themes/icon.css HTTP/1.1" 304 -
114.95.46.117 - - [27/Nov/2022:11:03:21 +0800] "GET /xingrg/javascript/auto/jquery.autocomplete.css HTTP/1.1" 304 -
114.95.46.117 - - [27/Nov/2022:11:03:21 +0800] "GET /xingrg/javascript/jquery_tools/fix.css HTTP/1.1" 304 -
114.95.46.117 - - [27/Nov/2022:11:03:21 +0800] "GET /xingrg/javascript/jquery_tools/table.css HTTP/1.1" 304 -
114.95.46.117 - - [27/Nov/2022:11:03:21 +0800] "GET /xingrg/javascript/jquery_tools/jquery.tools.min.js HTTP/1.1" 304 -
114.95.46.117 - - [27/Nov/2022:11:03:21 +0800] "GET /xingrg/javascript/jquery_tools/jquery.tools.extend.js HTTP/1.1" 304 -
114.95.46.117 - - [27/Nov/2022:11:03:21 +0800] "GET /xingrg/javascript/jquery_tools/jquery.tools.hotkey.js HTTP/1.1" 304 -
114.95.46.117 - - [27/Nov/2022:11:03:21 +0800] "GET /xingrg/javascript/jquery_tools/jquery.tools.table.js HTTP/1.1" 304 -
114.95.46.117 - - [27/Nov/2022:11:03:21 +0800] "GET /xingrg/javascript/jquery_tools/list_manager.js HTTP/1.1" 304 -
114.95.46.117 - - [27/Nov/2022:11:03:21 +0800] "GET /xingrg/javascript/auto/jquery.autocomplete.js HTTP/1.1" 304 -
114.95.46.117 - - [27/Nov/2022:11:03:21 +0800] "GET /xingrg/javascript/jquery.cookie.js HTTP/1.1" 304 -
114.95.46.117 - - [27/Nov/2022:11:03:21 +0800] "GET /xingrg/javascript/easyui/easyloader.js HTTP/1.1" 304 -
114.95.46.117 - - [27/Nov/2022:11:03:21 +0800] "GET /xingrg/javascript/print/LodopFuncs.js HTTP/1.1" 304 -
101.83.241.181 - - [27/Nov/2022:11:03:22 +0800] "POST /xingrg/kc/buy/cgsh_order_operate.html HTTP/1.1" 200 12
124.79.245.154 - - [27/Nov/2022:11:03:22 +0800] "GET /xingrg/all/function/internal_message.html?_=1669518418171&CODE_STATE=getMsg HTTP/1.1" 200 27
180.162.229.95 - - [27/Nov/2022:11:03:22 +0800] "POST /xingrg/all/report/load_report_page.html HTTP/1.1" 200 94667
180.162.229.95 - - [27/Nov/2022:11:03:22 +0800] "GET /xingrg/servlets/image?cache=0.20000373971923346&image=px HTTP/1.1" 200 807
114.95.46.117 - - [27/Nov/2022:11:03:23 +0800] "GET /xingrg/javascript/easyui/themes/icons/edit_add_new.png HTTP/1.1" 304 -
114.95.46.117 - - [27/Nov/2022:11:03:23 +0800] "GET /xingrg/javascript/easyui/themes/icons/cance_new.png HTTP/1.1" 304 -
114.95.46.117 - - [27/Nov/2022:11:03:23 +0800] "GET /xingrg/javascript/easyui/themes/icons/check_new.png HTTP/1.1" 304 -
114.95.46.117 - - [27/Nov/2022:11:03:23 +0800] "GET /xingrg/javascript/easyui/themes/icons/field_new.png HTTP/1.1" 304 -
114.95.46.117 - - [27/Nov/2022:11:03:23 +0800] "GET /xingrg/javascript/easyui/themes/icons/import_new.png HTTP/1.1" 304 -
114.95.46.117 - - [27/Nov/2022:11:03:23 +0800] "GET /xingrg/javascript/easyui/plugins/jquery.parser.js HTTP/1.1" 304 -
114.95.46.117 - - [27/Nov/2022:11:03:23 +0800] "GET /xingrg/images/control/ajaxLoader.gif HTTP/1.1" 304 -
101.83.241.181 - - [27/Nov/2022:11:03:23 +0800] "GET /xingrg/kc/buy/cgsh_order_info.html?code=212022112709330 HTTP/1.1" 200 64552
101.83.241.181 - - [27/Nov/2022:11:03:24 +0800] "GET /xingrg/javascript/easyui/themes/default/validatebox.css HTTP/1.1" 404 1104
101.83.241.181 - - [27/Nov/2022:11:03:24 +0800] "POST /xingrg/kc/buy/cgsh_order_operate.html HTTP/1.1" 200 1806
114.95.46.117 - - [27/Nov/2022:11:03:25 +0800] "POST /xingrg/kc/buy/cgsh_list_operate.html HTTP/1.1" 200 4389
101.83.241.181 - - [27/Nov/2022:11:03:26 +0800] "GET /xingrg/kc/print/load_data.html?order_code=212022112709330&kc_code=cgsh&condition= HTTP/1.1" 200 1261
114.95.46.117 - - [27/Nov/2022:11:03:26 +0800] "GET /xingrg/javascript/easyui/themes/default/images/button_plain_hover.png HTTP/1.1" 304 -
120.253.135.82 - - [27/Nov/2022:11:03:27 +0800] "GET /xingrg/kc/pszx/mdps_order_operate.html?command=get_materiel&pszx_code=00101&rest_code=00104&base_code=0010246&code=00101029073 HTTP/1.1" 200 492
124.78.159.196 - - [27/Nov/2022:11:03:28 +0800] "GET /xingrg/kc/buy/cgsh_order_operate.html?command=get_materiel&rest_code=00106&code=00101006130&supplier_code=00100015&order_time=2022-11-27 HTTP/1.1" 200 429
58.40.7.146 - - [27/Nov/2022:11:03:29 +0800] "GET /xingrg/all/function/internal_message.html?_=1669518204317&CODE_STATE=getMsg HTTP/1.1" 302 -
222.70.183.113 - - [27/Nov/2022:11:03:29 +0800] "GET /xingrg/kc/buy/cgsh_order_operate.html?command=get_materiel&rest_code=00111&code=00101008036&supplier_code=00100005&order_time=2022-11-27 HTTP/1.1" 200 408
120.253.135.82 - - [27/Nov/2022:11:03:29 +0800] "POST /xingrg/all/common/load_select.html HTTP/1.1" 200 25
101.85.106.255 - - [27/Nov/2022:11:03:29 +0800] "GET /xingrg/all/function/internal_message.html?_=1669518203277&CODE_STATE=getMsg HTTP/1.1" 200 27
58.40.7.146 - - [27/Nov/2022:11:03:30 +0800] "GET /xingrg/check_reg.html?_=1669518205927 HTTP/1.1" 302 -
120.253.135.82 - - [27/Nov/2022:11:03:31 +0800] "GET /xingrg/kc/pszx/mdps_order_operate.html?command=get_materiel_price&pszx_code=00101&rest_code=00104&base_code=0010246&code=00101029073&unit_code=00100179&order_time=2022-11-28 HTTP/1.1" 200 35
180.162.229.95 - - [27/Nov/2022:11:03:34 +0800] "GET /xingrg/all/function/internal_message.html?_=1669518209935&CODE_STATE=getMsg HTTP/1.1" 200 27
101.80.228.88 - - [27/Nov/2022:11:03:36 +0800] "POST /xingrg/services/DataTransmitService HTTP/1.1" 200 524
101.83.241.181 - - [27/Nov/2022:11:03:36 +0800] "POST /xingrg/kc/buy/cgsh_list_operate.html HTTP/1.1" 200 4026
101.80.228.88 - - [27/Nov/2022:11:03:36 +0800] "POST /xingrg/services/DataTransmitService HTTP/1.1" 200 2147
101.80.228.88 - - [27/Nov/2022:11:03:36 +0800] "POST /xingrg/services/DataTransmitService HTTP/1.1" 200 524
101.80.228.88 - - [27/Nov/2022:11:03:36 +0800] "POST /xingrg/services/DataTransmitService HTTP/1.1" 200 2147
120.253.135.82 - - [27/Nov/2022:11:03:37 +0800] "POST /xingrg/kc/pszx/mdps_order_operate.html HTTP/1.1" 200 37
101.83.241.181 - - [27/Nov/2022:11:03:38 +0800] "POST /xingrg/kc/buy/cgsh_list_operate.html HTTP/1.1" 200 357
101.80.228.88 - - [27/Nov/2022:11:03:38 +0800] "POST /xingrg/services/DataTransmitService HTTP/1.1" 200 524
120.253.135.82 - - [27/Nov/2022:11:03:38 +0800] "GET /xingrg/kc/pszx/mdps_order_info.html?code=312022112700549 HTTP/1.1" 200 23978
101.80.228.88 - - [27/Nov/2022:11:03:38 +0800] "POST /xingrg/services/DataTransmitService HTTP/1.1" 200 2147
124.78.159.196 - - [27/Nov/2022:11:03:38 +0800] "GET /xingrg/kc/buy/cgsh_order_operate.html?command=get_materiel&rest_code=00106&code=00101006177&supplier_code=00100015&order_time=2022-11-27 HTTP/1.1" 200 409
120.253.135.82 - - [27/Nov/2022:11:03:39 +0800] "GET /xingrg/javascript/easyui/themes/default/validatebox.css HTTP/1.1" 404 1104
120.253.135.82 - - [27/Nov/2022:11:03:39 +0800] "POST /xingrg/kc/pszx/mdps_order_operate.html HTTP/1.1" 200 8031
101.80.228.88 - - [27/Nov/2022:11:03:39 +0800] "POST /xingrg/services/DataTransmitService HTTP/1.1" 200 524
101.83.241.181 - - [27/Nov/2022:11:03:39 +0800] "GET /xingrg/kc/buy/cgsh_order_info.html?code=212022112709328 HTTP/1.1" 200 69656
124.79.74.72 - - [27/Nov/2022:11:03:39 +0800] "GET /xingrg/all/function/internal_message.html?_=1669518215076&CODE_STATE=getMsg HTTP/1.1" 200 27
101.80.228.88 - - [27/Nov/2022:11:03:39 +0800] "POST /xingrg/services/DataTransmitService HTTP/1.1" 200 2147
101.83.241.181 - - [27/Nov/2022:11:03:39 +0800] "GET /xingrg/javascript/easyui/themes/default/validatebox.css HTTP/1.1" 404 1104
222.70.183.113 - - [27/Nov/2022:11:03:39 +0800] "GET /xingrg/kc/buy/cgsh_order_operate.html?command=get_materiel&rest_code=00111&code=00101008115&supplier_code=00100005&order_time=2022-11-27 HTTP/1.1" 200 412
101.83.241.181 - - [27/Nov/2022:11:03:40 +0800] "POST /xingrg/kc/buy/cgsh_order_operate.html HTTP/1.1" 200 3853
120.253.135.82 - - [27/Nov/2022:11:03:40 +0800] "POST /xingrg/kc/pszx/mdps_list_operate.html HTTP/1.1" 200 3550
101.83.241.181 - - [27/Nov/2022:11:03:41 +0800] "POST /xingrg/kc/buy/cgsh_list_operate.html HTTP/1.1" 200 4026
101.80.228.88 - - [27/Nov/2022:11:03:42 +0800] "POST /xingrg/services/DataTransmitService HTTP/1.1" 200 524
101.80.228.88 - - [27/Nov/2022:11:03:42 +0800] "POST /xingrg/services/DataTransmitService HTTP/1.1" 200 2147
120.253.135.82 - - [27/Nov/2022:11:03:42 +0800] "POST /xingrg/kc/pszx/mdps_list_operate.html HTTP/1.1" 200 663
222.70.183.113 - - [27/Nov/2022:11:03:43 +0800] "GET /xingrg/all/function/internal_message.html?_=1669518219148&CODE_STATE=getMsg HTTP/1.1" 200 27
