114.95.46.117 - - [26/Nov/2022:10:08:15 +0800] "GET /xingrg/all/function/internal_message.html?_=1669428340597&CODE_STATE=getMsg HTTP/1.1" 200 27
120.253.135.82 - - [26/Nov/2022:10:08:21 +0800] "GET /xingrg/kc/buy/cgsh_order_operate.html?command=get_materiel&rest_code=00101&code=00101017003&supplier_code=00100403&order_time=2022-11-26 HTTP/1.1" 200 447
120.253.135.82 - - [26/Nov/2022:10:08:23 +0800] "GET /xingrg/all/function/internal_message.html?_=1669428300044&CODE_STATE=getMsg HTTP/1.1" 200 27
180.165.156.114 - - [26/Nov/2022:10:08:25 +0800] "GET /xingrg/all/function/internal_message.html?_=1669428501097&CODE_STATE=getMsg HTTP/1.1" 200 27
114.84.38.109 - - [26/Nov/2022:10:08:28 +0800] "POST /xingrg/services/DataTransmitService HTTP/1.1" 200 501
114.84.38.109 - - [26/Nov/2022:10:08:28 +0800] "POST /xingrg/services/DataTransmitService HTTP/1.1" 200 501
114.84.38.109 - - [26/Nov/2022:10:08:29 +0800] "POST /xingrg/services/DataTransmitService HTTP/1.1" 200 501
58.40.7.146 - - [26/Nov/2022:10:08:30 +0800] "GET /xingrg/all/function/internal_message.html?_=1669428506042&CODE_STATE=getMsg HTTP/1.1" 200 27
114.84.38.109 - - [26/Nov/2022:10:08:31 +0800] "POST /xingrg/services/DataTransmitService HTTP/1.1" 200 501
114.84.38.109 - - [26/Nov/2022:10:08:31 +0800] "POST /xingrg/services/DataTransmitService HTTP/1.1" 200 501
114.84.38.109 - - [26/Nov/2022:10:08:31 +0800] "POST /xingrg/services/DataTransmitService HTTP/1.1" 200 501
114.84.38.109 - - [26/Nov/2022:10:08:32 +0800] "POST /xingrg/services/DataTransmitService HTTP/1.1" 200 501
114.84.38.109 - - [26/Nov/2022:10:08:33 +0800] "POST /xingrg/services/DataTransmitService HTTP/1.1" 200 501
114.84.38.109 - - [26/Nov/2022:10:08:33 +0800] "POST /xingrg/services/DataTransmitService HTTP/1.1" 200 501
114.84.38.109 - - [26/Nov/2022:10:08:33 +0800] "POST /xingrg/services/DataTransmitService HTTP/1.1" 200 412
180.162.229.95 - - [26/Nov/2022:10:08:33 +0800] "GET /xingrg/all/function/internal_message.html?_=1669428510123&CODE_STATE=getMsg HTTP/1.1" 200 27
114.84.38.109 - - [26/Nov/2022:10:08:34 +0800] "GET /xingrg/all/function/internal_message.html?_=1669428532336&CODE_STATE=getMsg HTTP/1.1" 302 -
120.253.135.82 - - [26/Nov/2022:10:08:35 +0800] "POST /xingrg/kc/buy/cgsh_order_operate.html HTTP/1.1" 200 37
120.253.135.82 - - [26/Nov/2022:10:08:37 +0800] "POST /xingrg/kc/buy/cgsh_order_operate.html HTTP/1.1" 200 2681
114.84.81.136 - - [26/Nov/2022:10:08:40 +0800] "GET /xingrg/all/function/internal_message.html?_=1669428516903&CODE_STATE=getMsg HTTP/1.1" 200 27
116.230.105.139 - - [26/Nov/2022:10:08:43 +0800] "GET /xingrg/all/function/internal_message.html?_=1669428496750&CODE_STATE=getMsg HTTP/1.1" 200 27
120.253.135.82 - - [26/Nov/2022:10:08:43 +0800] "POST /xingrg/kc/buy/cgsh_order_operate.html HTTP/1.1" 200 37
114.84.38.109 - - [26/Nov/2022:10:08:44 +0800] "GET /xingrg/all/function/internal_message.html?_=1669428538892&CODE_STATE=getMsg HTTP/1.1" 200 27
120.253.135.82 - - [26/Nov/2022:10:08:44 +0800] "POST /xingrg/kc/buy/cgsh_order_operate.html HTTP/1.1" 200 2671
114.88.159.190 - - [26/Nov/2022:10:08:48 +0800] "POST /xingrg/kc/buy/cgsh_order_operate.html HTTP/1.1" 200 37
114.95.46.117 - - [26/Nov/2022:10:08:51 +0800] "GET /xingrg/kc/buy/cgsh_order_operate.html?command=get_materiel&rest_code=00105&code=00101029023&supplier_code=00100017&order_time=2022-11-26 HTTP/1.1" 200 456
101.85.106.255 - - [26/Nov/2022:10:08:56 +0800] "GET /xingrg/javascript/jquery_easy_ui/themes/default/images/tabs_close.gif HTTP/1.1" 304 -
101.85.106.255 - - [26/Nov/2022:10:08:56 +0800] "GET /xingrg/css/base.css HTTP/1.1" 304 -
101.85.106.255 - - [26/Nov/2022:10:08:56 +0800] "GET /xingrg/javascript/auto/jquery.autocomplete.css HTTP/1.1" 304 -
101.85.106.255 - - [26/Nov/2022:10:08:56 +0800] "GET /xingrg/kc/buy/cgsh_order_list.html HTTP/1.1" 200 53786
101.85.106.255 - - [26/Nov/2022:10:08:56 +0800] "GET /xingrg/javascript/jquery_tools/fix.css HTTP/1.1" 304 -
101.85.106.255 - - [26/Nov/2022:10:08:56 +0800] "GET /xingrg/javascript/jquery_tools/table.css HTTP/1.1" 304 -
101.85.106.255 - - [26/Nov/2022:10:08:56 +0800] "GET /xingrg/javascript/easyui/themes/default/easyui.css HTTP/1.1" 304 -
101.85.106.255 - - [26/Nov/2022:10:08:56 +0800] "GET /xingrg/javascript/jquery_tools/jquery.tools.min.js HTTP/1.1" 304 -
101.85.106.255 - - [26/Nov/2022:10:08:56 +0800] "GET /xingrg/javascript/jquery_tools/jquery.tools.extend.js HTTP/1.1" 304 -
101.85.106.255 - - [26/Nov/2022:10:08:56 +0800] "GET /xingrg/javascript/jquery_tools/jquery.tools.hotkey.js HTTP/1.1" 304 -
101.85.106.255 - - [26/Nov/2022:10:08:56 +0800] "GET /xingrg/javascript/jquery_tools/jquery.tools.table.js HTTP/1.1" 304 -
101.85.106.255 - - [26/Nov/2022:10:08:56 +0800] "GET /xingrg/javascript/jquery_tools/list_manager.js HTTP/1.1" 304 -
101.85.106.255 - - [26/Nov/2022:10:08:56 +0800] "GET /xingrg/javascript/auto/jquery.autocomplete.js HTTP/1.1" 304 -
101.85.106.255 - - [26/Nov/2022:10:08:56 +0800] "GET /xingrg/css/site.css HTTP/1.1" 304 -
101.85.106.255 - - [26/Nov/2022:10:08:56 +0800] "GET /xingrg/javascript/easyui/easyloader.js HTTP/1.1" 304 -
101.85.106.255 - - [26/Nov/2022:10:08:56 +0800] "GET /xingrg/javascript/print/LodopFuncs.js HTTP/1.1" 304 -
101.85.106.255 - - [26/Nov/2022:10:08:56 +0800] "GET /xingrg/javascript/jquery.cookie.js HTTP/1.1" 304 -
101.85.106.255 - - [26/Nov/2022:10:08:56 +0800] "GET /xingrg/javascript/easyui/themes/icon.css HTTP/1.1" 304 -
101.85.106.255 - - [26/Nov/2022:10:08:56 +0800] "GET /xingrg/javascript/jquery_tools/datebox.css HTTP/1.1" 304 -
101.85.106.255 - - [26/Nov/2022:10:08:57 +0800] "GET /xingrg/javascript/easyui/themes/icons/edit_add_new.png HTTP/1.1" 304 -
101.85.106.255 - - [26/Nov/2022:10:08:57 +0800] "GET /xingrg/javascript/easyui/themes/icons/check_new.png HTTP/1.1" 304 -
101.85.106.255 - - [26/Nov/2022:10:08:57 +0800] "GET /xingrg/javascript/easyui/themes/icons/cance_new.png HTTP/1.1" 304 -
101.85.106.255 - - [26/Nov/2022:10:08:57 +0800] "GET /xingrg/javascript/easyui/themes/icons/field_new.png HTTP/1.1" 304 -
101.85.106.255 - - [26/Nov/2022:10:08:57 +0800] "GET /xingrg/javascript/easyui/themes/icons/import_new.png HTTP/1.1" 304 -
101.85.106.255 - - [26/Nov/2022:10:08:57 +0800] "GET /xingrg/javascript/easyui/plugins/jquery.parser.js HTTP/1.1" 304 -
101.85.106.255 - - [26/Nov/2022:10:08:57 +0800] "GET /xingrg/images/control/ajaxLoader.gif HTTP/1.1" 304 -
114.88.159.190 - - [26/Nov/2022:10:08:57 +0800] "POST /xingrg/kc/buy/cgsh_order_operate.html HTTP/1.1" 200 12
101.85.106.255 - - [26/Nov/2022:10:08:58 +0800] "POST /xingrg/kc/buy/cgsh_list_operate.html HTTP/1.1" 200 986
101.85.106.255 - - [26/Nov/2022:10:08:59 +0800] "GET /xingrg/javascript/easyui/themes/default/images/button_plain_hover.png HTTP/1.1" 304 -
101.85.106.255 - - [26/Nov/2022:10:08:59 +0800] "GET /xingrg/javascript/pic_change.js HTTP/1.1" 304 -
101.85.106.255 - - [26/Nov/2022:10:08:59 +0800] "GET /xingrg/javascript/jquery_tools/order_manager.js HTTP/1.1" 304 -
101.85.106.255 - - [26/Nov/2022:10:08:59 +0800] "GET /xingrg/javascript/convert.js HTTP/1.1" 304 -
101.85.106.255 - - [26/Nov/2022:10:08:59 +0800] "GET /xingrg/javascript/json2.js HTTP/1.1" 304 -
101.85.106.255 - - [26/Nov/2022:10:08:59 +0800] "GET /xingrg/javascript/print/kc_print.js HTTP/1.1" 304 -
101.85.106.255 - - [26/Nov/2022:10:08:59 +0800] "GET /xingrg/kc/buy/cgsh_order_add.html HTTP/1.1" 200 68680
101.85.106.255 - - [26/Nov/2022:10:08:59 +0800] "GET /xingrg/words/20221125140633_words.js HTTP/1.1" 200 935010
101.85.106.255 - - [26/Nov/2022:10:09:00 +0800] "GET /xingrg/javascript/easyui/themes/icons/copy_new.png HTTP/1.1" 304 -
101.85.106.255 - - [26/Nov/2022:10:09:00 +0800] "GET /xingrg/javascript/easyui/themes/icons/template_new.png HTTP/1.1" 304 -
101.85.106.255 - - [26/Nov/2022:10:09:00 +0800] "GET /xingrg/javascript/easyui/themes/icons/ok.png HTTP/1.1" 304 -
101.85.106.255 - - [26/Nov/2022:10:09:00 +0800] "GET /xingrg/javascript/easyui/themes/default/images/menu_downarrow.png HTTP/1.1" 304 -
101.85.106.255 - - [26/Nov/2022:10:09:00 +0800] "GET /xingrg/javascript/easyui/themes/icons/cancel.png HTTP/1.1" 304 -
101.85.106.255 - - [26/Nov/2022:10:09:00 +0800] "GET /xingrg/javascript/easyui/themes/icons/print.png HTTP/1.1" 304 -
101.85.106.255 - - [26/Nov/2022:10:09:00 +0800] "GET /xingrg/javascript/easyui/themes/default/validatebox.css HTTP/1.1" 404 1104
101.85.106.255 - - [26/Nov/2022:10:09:00 +0800] "GET /xingrg/javascript/easyui/plugins/jquery.validatebox.js HTTP/1.1" 304 -
101.85.106.255 - - [26/Nov/2022:10:09:00 +0800] "GET /xingrg/all/common/auto_word.html?type=employee&rest_code=00142 HTTP/1.1" 200 105
101.85.106.255 - - [26/Nov/2022:10:09:00 +0800] "GET /xingrg/all/common/auto_word.html?type=employee&rest_code=00142 HTTP/1.1" 200 105
101.85.106.255 - - [26/Nov/2022:10:09:00 +0800] "POST /xingrg/kc/buy/cgsh_order_operate.html HTTP/1.1" 200 8245
101.85.106.255 - - [26/Nov/2022:10:09:00 +0800] "GET /xingrg/javascript/easyui/plugins/jquery.numberbox.js HTTP/1.1" 304 -
101.85.106.255 - - [26/Nov/2022:10:09:00 +0800] "GET /xingrg/javascript/easyui/themes/icons/edit_remove.png HTTP/1.1" 304 -
114.88.159.190 - - [26/Nov/2022:10:09:01 +0800] "GET /xingrg/kc/buy/cgsh_order_info.html?code=212022112608889 HTTP/1.1" 200 64464
114.95.46.117 - - [26/Nov/2022:10:09:01 +0800] "GET /xingrg/all/function/internal_message.html?_=1669428537378&CODE_STATE=getMsg HTTP/1.1" 200 27
114.88.159.190 - - [26/Nov/2022:10:09:01 +0800] "GET /xingrg/javascript/easyui/themes/default/validatebox.css HTTP/1.1" 404 1104
124.79.245.154 - - [26/Nov/2022:10:09:02 +0800] "GET /xingrg/all/function/internal_message.html?_=1669428757978&CODE_STATE=getMsg HTTP/1.1" 200 27
114.88.159.190 - - [26/Nov/2022:10:09:02 +0800] "POST /xingrg/kc/buy/cgsh_order_operate.html HTTP/1.1" 200 44315
120.253.135.82 - - [26/Nov/2022:10:09:02 +0800] "POST /xingrg/kc/buy/cgsh_order_operate.html HTTP/1.1" 200 37
101.85.106.255 - - [26/Nov/2022:10:09:03 +0800] "GET /xingrg/javascript/auto/indicator.gif HTTP/1.1" 404 1066
101.85.106.255 - - [26/Nov/2022:10:09:05 +0800] "GET /xingrg/javascript/jquery_tools/images/prev.gif HTTP/1.1" 404 1086
101.85.106.255 - - [26/Nov/2022:10:09:05 +0800] "GET /xingrg/javascript/jquery_tools/images/next.gif HTTP/1.1" 404 1086
114.88.159.190 - - [26/Nov/2022:10:09:06 +0800] "GET /xingrg/kc/print/load_config.html?kc_code=cgsh HTTP/1.1" 200 1943
114.88.159.190 - - [26/Nov/2022:10:09:06 +0800] "GET /xingrg/kc/print/load_data.html?order_code=212022112608889&kc_code=cgsh&condition= HTTP/1.1" 200 17247
101.85.106.255 - - [26/Nov/2022:10:09:08 +0800] "GET /xingrg/all/function/internal_message.html?_=1669428543944&CODE_STATE=getMsg HTTP/1.1" 200 27
120.253.135.82 - - [26/Nov/2022:10:09:08 +0800] "POST /xingrg/kc/buy/cgsh_order_operate.html HTTP/1.1" 200 2671
114.88.159.190 - - [26/Nov/2022:10:09:10 +0800] "GET /xingrg/all/function/internal_message.html?_=1669428148690&CODE_STATE=getMsg HTTP/1.1" 200 27
116.238.139.35 - - [26/Nov/2022:10:09:11 +0800] "GET /xingrg/all/function/internal_message.html?_=1669428450976&CODE_STATE=getMsg HTTP/1.1" 200 27
101.85.106.255 - - [26/Nov/2022:10:09:13 +0800] "GET /xingrg/kc/buy/cgsh_order_operate.html?command=get_materiel&rest_code=00142&code=00101008126&supplier_code=00100161&order_time=2022-11-26 HTTP/1.1" 200 412
114.95.46.117 - - [26/Nov/2022:10:09:15 +0800] "GET /xingrg/check_reg.html?_=1669428400594 HTTP/1.1" 200 22
114.95.46.117 - - [26/Nov/2022:10:09:15 +0800] "GET /xingrg/all/function/internal_message.html?_=1669428400597&CODE_STATE=getMsg HTTP/1.1" 200 27
120.253.135.82 - - [26/Nov/2022:10:09:22 +0800] "GET /xingrg/check_reg.html?_=1669428359280 HTTP/1.1" 200 22
120.253.135.82 - - [26/Nov/2022:10:09:23 +0800] "GET /xingrg/all/function/internal_message.html?_=1669428360058&CODE_STATE=getMsg HTTP/1.1" 200 27
101.85.106.255 - - [26/Nov/2022:10:09:23 +0800] "GET /xingrg/kc/buy/cgsh_order_operate.html?command=get_materiel&rest_code=00142&code=00101008108&supplier_code=00100161&order_time=2022-11-26 HTTP/1.1" 200 412
114.95.46.117 - - [26/Nov/2022:10:09:24 +0800] "GET /xingrg/kc/buy/cgsh_order_operate.html?command=get_materiel&rest_code=00105&code=00101029022&supplier_code=00100017&order_time=2022-11-26 HTTP/1.1" 200 472
180.165.156.114 - - [26/Nov/2022:10:09:25 +0800] "GET /xingrg/all/function/internal_message.html?_=1669428561099&CODE_STATE=getMsg HTTP/1.1" 200 27
120.253.135.82 - - [26/Nov/2022:10:09:26 +0800] "POST /xingrg/kc/buy/cgsh_order_operate.html HTTP/1.1" 200 37
120.253.135.82 - - [26/Nov/2022:10:09:27 +0800] "POST /xingrg/kc/buy/cgsh_order_operate.html HTTP/1.1" 200 2671
120.253.135.82 - - [26/Nov/2022:10:09:29 +0800] "GET /xingrg/kc/print/load_config.html?kc_code=cgsh HTTP/1.1" 200 1943
120.253.135.82 - - [26/Nov/2022:10:09:29 +0800] "GET /xingrg/kc/print/load_data.html?order_code=212022112608894&kc_code=cgsh&condition= HTTP/1.1" 200 668
58.40.7.146 - - [26/Nov/2022:10:09:30 +0800] "GET /xingrg/all/function/internal_message.html?_=1669428566014&CODE_STATE=getMsg HTTP/1.1" 200 27
101.85.106.255 - - [26/Nov/2022:10:09:31 +0800] "GET /xingrg/kc/buy/cgsh_order_operate.html?command=get_materiel&rest_code=00142&code=00101008368&supplier_code=00100161&order_time=2022-11-26 HTTP/1.1" 200 408
180.162.229.95 - - [26/Nov/2022:10:09:33 +0800] "GET /xingrg/all/function/internal_message.html?_=1669428570138&CODE_STATE=getMsg HTTP/1.1" 200 27
180.162.229.95 - - [26/Nov/2022:10:09:33 +0800] "GET /xingrg/check_reg.html?_=1669428570294 HTTP/1.1" 200 22
114.84.38.109 - - [26/Nov/2022:10:09:35 +0800] "GET /xingrg/all/function/internal_message.html?_=1669428592483&CODE_STATE=getMsg HTTP/1.1" 302 -
101.85.106.255 - - [26/Nov/2022:10:09:39 +0800] "GET /xingrg/kc/buy/cgsh_order_operate.html?command=get_materiel&rest_code=00142&code=00101008005&supplier_code=00100161&order_time=2022-11-26 HTTP/1.1" 200 412
114.84.81.136 - - [26/Nov/2022:10:09:40 +0800] "GET /xingrg/check_reg.html?_=1669428576903 HTTP/1.1" 200 22
114.84.81.136 - - [26/Nov/2022:10:09:40 +0800] "GET /xingrg/all/function/internal_message.html?_=1669428576905&CODE_STATE=getMsg HTTP/1.1" 200 27
116.230.105.139 - - [26/Nov/2022:10:09:43 +0800] "GET /xingrg/all/function/internal_message.html?_=1669428556760&CODE_STATE=getMsg HTTP/1.1" 200 27
114.84.38.109 - - [26/Nov/2022:10:09:44 +0800] "GET /xingrg/all/function/internal_message.html?_=1669428598907&CODE_STATE=getMsg HTTP/1.1" 200 27
101.85.106.255 - - [26/Nov/2022:10:09:48 +0800] "GET /xingrg/kc/buy/cgsh_order_operate.html?command=get_materiel&rest_code=00142&code=00101008268&supplier_code=00100161&order_time=2022-11-26 HTTP/1.1" 200 408
58.40.7.146 - - [26/Nov/2022:10:09:50 +0800] "GET /xingrg/check_reg.html?_=1669428586000 HTTP/1.1" 200 22
114.84.38.109 - - [26/Nov/2022:10:09:50 +0800] "GET /xingrg/check_reg.html?_=1669428608454 HTTP/1.1" 302 -
101.85.106.255 - - [26/Nov/2022:10:09:56 +0800] "GET /xingrg/kc/buy/cgsh_order_operate.html?command=get_materiel&rest_code=00142&code=00101008059&supplier_code=00100161&order_time=2022-11-26 HTTP/1.1" 200 408
116.238.139.35 - - [26/Nov/2022:10:10:00 +0800] "GET /xingrg/check_reg.html?_=1669428500681 HTTP/1.1" 200 22
114.95.46.117 - - [26/Nov/2022:10:10:01 +0800] "GET /xingrg/all/function/internal_message.html?_=1669428597380&CODE_STATE=getMsg HTTP/1.1" 200 27
124.79.245.154 - - [26/Nov/2022:10:10:02 +0800] "GET /xingrg/all/function/internal_message.html?_=1669428817978&CODE_STATE=getMsg HTTP/1.1" 200 27
124.79.245.154 - - [26/Nov/2022:10:10:02 +0800] "GET /xingrg/check_reg.html?_=1669428817979 HTTP/1.1" 200 22
101.85.106.255 - - [26/Nov/2022:10:10:05 +0800] "GET /xingrg/kc/buy/cgsh_order_operate.html?command=get_materiel&rest_code=00142&code=00101008370&supplier_code=00100161&order_time=2022-11-26 HTTP/1.1" 200 412
101.85.106.255 - - [26/Nov/2022:10:10:08 +0800] "GET /xingrg/all/function/internal_message.html?_=1669428603931&CODE_STATE=getMsg HTTP/1.1" 200 27
114.88.159.190 - - [26/Nov/2022:10:10:09 +0800] "GET /xingrg/check_reg.html?_=1669428208540 HTTP/1.1" 200 22
114.88.159.190 - - [26/Nov/2022:10:10:09 +0800] "GET /xingrg/all/function/internal_message.html?_=1669428208661&CODE_STATE=getMsg HTTP/1.1" 200 27
116.238.139.35 - - [26/Nov/2022:10:10:11 +0800] "GET /xingrg/all/function/internal_message.html?_=1669428510991&CODE_STATE=getMsg HTTP/1.1" 200 27
101.85.106.255 - - [26/Nov/2022:10:10:12 +0800] "GET /xingrg/kc/buy/cgsh_order_operate.html?command=get_materiel&rest_code=00142&code=00101008155&supplier_code=00100161&order_time=2022-11-26 HTTP/1.1" 200 408
114.95.46.117 - - [26/Nov/2022:10:10:15 +0800] "GET /xingrg/all/function/internal_message.html?_=1669428460600&CODE_STATE=getMsg HTTP/1.1" 200 27
114.95.46.117 - - [26/Nov/2022:10:10:16 +0800] "GET /xingrg/kc/buy/cgsh_order_operate.html?command=get_materiel&rest_code=00105&code=00101029002&supplier_code=00100017&order_time=2022-11-26 HTTP/1.1" 200 450
120.253.135.82 - - [26/Nov/2022:10:10:23 +0800] "GET /xingrg/all/function/internal_message.html?_=1669428420071&CODE_STATE=getMsg HTTP/1.1" 200 27
180.165.156.114 - - [26/Nov/2022:10:10:25 +0800] "GET /xingrg/all/function/internal_message.html?_=1669428621101&CODE_STATE=getMsg HTTP/1.1" 200 27
101.85.106.255 - - [26/Nov/2022:10:10:28 +0800] "GET /xingrg/kc/buy/cgsh_order_operate.html?command=get_materiel&rest_code=00142&code=00101008371&supplier_code=00100161&order_time=2022-11-26 HTTP/1.1" 200 412
58.40.7.146 - - [26/Nov/2022:10:10:30 +0800] "GET /xingrg/all/function/internal_message.html?_=1669428626001&CODE_STATE=getMsg HTTP/1.1" 200 27
180.162.229.95 - - [26/Nov/2022:10:10:33 +0800] "GET /xingrg/all/function/internal_message.html?_=1669428630130&CODE_STATE=getMsg HTTP/1.1" 200 27
114.84.38.109 - - [26/Nov/2022:10:10:35 +0800] "GET /xingrg/all/function/internal_message.html?_=1669428652489&CODE_STATE=getMsg HTTP/1.1" 302 -
101.85.106.255 - - [26/Nov/2022:10:10:38 +0800] "GET /xingrg/kc/buy/cgsh_order_operate.html?command=get_materiel&rest_code=00142&code=00101008355&supplier_code=00100161&order_time=2022-11-26 HTTP/1.1" 200 408
114.84.81.136 - - [26/Nov/2022:10:10:40 +0800] "GET /xingrg/all/function/internal_message.html?_=1669428636905&CODE_STATE=getMsg HTTP/1.1" 200 27
116.230.105.139 - - [26/Nov/2022:10:10:43 +0800] "GET /xingrg/all/function/internal_message.html?_=1669428616753&CODE_STATE=getMsg HTTP/1.1" 200 27
114.84.38.109 - - [26/Nov/2022:10:10:44 +0800] "GET /xingrg/all/function/internal_message.html?_=1669428658926&CODE_STATE=getMsg HTTP/1.1" 200 27
114.84.81.136 - - [26/Nov/2022:10:10:46 +0800] "GET /xingrg/check_reg.html?_=1669428643133 HTTP/1.1" 200 22
101.85.106.255 - - [26/Nov/2022:10:10:47 +0800] "GET /xingrg/kc/buy/cgsh_order_operate.html?command=get_materiel&rest_code=00142&code=00101008024&supplier_code=00100161&order_time=2022-11-26 HTTP/1.1" 200 408
120.253.135.82 - - [26/Nov/2022:10:10:49 +0800] "GET /xingrg/javascript/jquery_easy_ui/themes/default/images/tabs_active.png HTTP/1.1" 304 -
101.85.106.255 - - [26/Nov/2022:10:10:55 +0800] "GET /xingrg/kc/buy/cgsh_order_operate.html?command=get_materiel&rest_code=00142&code=00101008356&supplier_code=00100161&order_time=2022-11-26 HTTP/1.1" 200 408
120.253.135.82 - - [26/Nov/2022:10:10:56 +0800] "POST /xingrg/kc/buy/cgsh_order_operate.html HTTP/1.1" 200 37
120.253.135.82 - - [26/Nov/2022:10:11:00 +0800] "POST /xingrg/kc/buy/cgsh_order_operate.html HTTP/1.1" 200 12
114.95.46.117 - - [26/Nov/2022:10:11:01 +0800] "GET /xingrg/check_reg.html?_=1669428657381 HTTP/1.1" 200 22
114.95.46.117 - - [26/Nov/2022:10:11:01 +0800] "GET /xingrg/all/function/internal_message.html?_=1669428657384&CODE_STATE=getMsg HTTP/1.1" 200 27
120.253.135.82 - - [26/Nov/2022:10:11:02 +0800] "GET /xingrg/kc/buy/cgsh_order_info.html?code=212022112608894 HTTP/1.1" 200 63516
124.79.245.154 - - [26/Nov/2022:10:11:02 +0800] "GET /xingrg/all/function/internal_message.html?_=1669428877976&CODE_STATE=getMsg HTTP/1.1" 200 27
120.253.135.82 - - [26/Nov/2022:10:11:02 +0800] "GET /xingrg/javascript/easyui/themes/default/validatebox.css HTTP/1.1" 404 1104
120.253.135.82 - - [26/Nov/2022:10:11:03 +0800] "POST /xingrg/kc/buy/cgsh_order_operate.html HTTP/1.1" 200 621
101.85.106.255 - - [26/Nov/2022:10:11:03 +0800] "GET /xingrg/kc/buy/cgsh_order_operate.html?command=get_materiel&rest_code=00142&code=00101008286&supplier_code=00100161&order_time=2022-11-26 HTTP/1.1" 200 408
120.253.135.82 - - [26/Nov/2022:10:11:06 +0800] "GET /xingrg/kc/buy/cgsh_order_list.html HTTP/1.1" 200 53780
101.85.106.255 - - [26/Nov/2022:10:11:08 +0800] "GET /xingrg/all/function/internal_message.html?_=1669428664002&CODE_STATE=getMsg HTTP/1.1" 200 27
120.253.135.82 - - [26/Nov/2022:10:11:09 +0800] "POST /xingrg/kc/buy/cgsh_list_operate.html HTTP/1.1" 200 1865
114.88.159.190 - - [26/Nov/2022:10:11:09 +0800] "GET /xingrg/all/function/internal_message.html?_=1669428268641&CODE_STATE=getMsg HTTP/1.1" 200 27
101.85.106.255 - - [26/Nov/2022:10:11:10 +0800] "GET /xingrg/kc/buy/cgsh_order_operate.html?command=get_materiel&rest_code=00142&code=00101008353&supplier_code=00100161&order_time=2022-11-26 HTTP/1.1" 200 408
116.238.139.35 - - [26/Nov/2022:10:11:11 +0800] "GET /xingrg/all/function/internal_message.html?_=1669428571004&CODE_STATE=getMsg HTTP/1.1" 200 27
120.253.135.82 - - [26/Nov/2022:10:11:11 +0800] "POST /xingrg/kc/buy/cgsh_list_operate.html HTTP/1.1" 200 213
120.253.135.82 - - [26/Nov/2022:10:11:12 +0800] "GET /xingrg/kc/buy/cgsh_order_info.html?code=212022112608893 HTTP/1.1" 200 68636
120.253.135.82 - - [26/Nov/2022:10:11:12 +0800] "GET /xingrg/javascript/easyui/themes/default/validatebox.css HTTP/1.1" 404 1104
120.253.135.82 - - [26/Nov/2022:10:11:13 +0800] "POST /xingrg/kc/buy/cgsh_order_operate.html HTTP/1.1" 200 2681
114.95.46.117 - - [26/Nov/2022:10:11:15 +0800] "GET /xingrg/all/function/internal_message.html?_=1669428520597&CODE_STATE=getMsg HTTP/1.1" 200 27
120.253.135.82 - - [26/Nov/2022:10:11:18 +0800] "GET /xingrg/kc/print/load_data.html?order_code=212022112608893&kc_code=cgsh&condition= HTTP/1.1" 200 695
101.85.106.255 - - [26/Nov/2022:10:11:21 +0800] "GET /xingrg/kc/buy/cgsh_order_operate.html?command=get_materiel&rest_code=00142&code=00101008351&supplier_code=00100161&order_time=2022-11-26 HTTP/1.1" 200 427
120.253.135.82 - - [26/Nov/2022:10:11:23 +0800] "GET /xingrg/all/function/internal_message.html?_=1669428480116&CODE_STATE=getMsg HTTP/1.1" 200 27
180.165.156.114 - - [26/Nov/2022:10:11:25 +0800] "GET /xingrg/all/function/internal_message.html?_=1669428681086&CODE_STATE=getMsg HTTP/1.1" 200 27
101.85.106.255 - - [26/Nov/2022:10:11:29 +0800] "POST /xingrg/kc/buy/cgsh_order_operate.html HTTP/1.1" 200 37
58.40.7.146 - - [26/Nov/2022:10:11:30 +0800] "GET /xingrg/all/function/internal_message.html?_=1669428685977&CODE_STATE=getMsg HTTP/1.1" 200 27
101.85.106.255 - - [26/Nov/2022:10:11:30 +0800] "POST /xingrg/kc/buy/cgsh_order_operate.html HTTP/1.1" 200 10903
180.162.229.95 - - [26/Nov/2022:10:11:33 +0800] "GET /xingrg/all/function/internal_message.html?_=1669428690122&CODE_STATE=getMsg HTTP/1.1" 200 27
114.84.38.109 - - [26/Nov/2022:10:11:35 +0800] "GET /xingrg/all/function/internal_message.html?_=1669428712668&CODE_STATE=getMsg HTTP/1.1" 302 -
114.95.46.117 - - [26/Nov/2022:10:11:37 +0800] "POST /xingrg/kc/buy/cgsh_order_operate.html HTTP/1.1" 200 37
114.84.81.136 - - [26/Nov/2022:10:11:40 +0800] "GET /xingrg/all/function/internal_message.html?_=1669428696905&CODE_STATE=getMsg HTTP/1.1" 200 27
114.95.46.117 - - [26/Nov/2022:10:11:40 +0800] "POST /xingrg/kc/buy/cgsh_order_operate.html HTTP/1.1" 200 6430
101.85.106.255 - - [26/Nov/2022:10:11:41 +0800] "GET /xingrg/kc/buy/cgsh_order_operate.html?command=get_materiel&rest_code=00142&code=00101008350&supplier_code=00100161&order_time=2022-11-26 HTTP/1.1" 200 408
116.230.105.139 - - [26/Nov/2022:10:11:43 +0800] "GET /xingrg/all/function/internal_message.html?_=1669428676765&CODE_STATE=getMsg HTTP/1.1" 200 27
116.230.105.139 - - [26/Nov/2022:10:11:43 +0800] "GET /xingrg/check_reg.html?_=1669428676766 HTTP/1.1" 200 22
114.84.38.109 - - [26/Nov/2022:10:11:44 +0800] "GET /xingrg/all/function/internal_message.html?_=1669428718948&CODE_STATE=getMsg HTTP/1.1" 200 27
114.95.46.117 - - [26/Nov/2022:10:11:45 +0800] "GET /xingrg/kc/print/load_config.html?kc_code=cgsh HTTP/1.1" 200 1943
114.95.46.117 - - [26/Nov/2022:10:11:45 +0800] "GET /xingrg/kc/print/load_data.html?order_code=212022112608896&kc_code=cgsh&condition= HTTP/1.1" 200 2306
114.83.219.57 - - [26/Nov/2022:10:11:49 +0800] "GET /xingrg/check_reg.html?_=1669428834189 HTTP/1.1" 200 22
101.85.106.255 - - [26/Nov/2022:10:11:52 +0800] "GET /xingrg/kc/buy/cgsh_order_operate.html?command=get_materiel&rest_code=00142&code=00101008234&supplier_code=00100161&order_time=2022-11-26 HTTP/1.1" 200 408
180.162.229.95 - - [26/Nov/2022:10:11:58 +0800] "GET /xingrg/javascript/easyui/themes/default/tree.css HTTP/1.1" 404 1090
180.162.229.95 - - [26/Nov/2022:10:11:58 +0800] "POST /xingrg/all/common/load_tree.html?tree=supplier_tree_json&isDelete=1 HTTP/1.1" 200 70260
116.238.139.35 - - [26/Nov/2022:10:12:00 +0800] "GET /xingrg/kc/buy/cgsh_order_add.html HTTP/1.1" 200 69573
116.238.139.35 - - [26/Nov/2022:10:12:01 +0800] "POST /xingrg/kc/buy/cgsh_order_operate.html HTTP/1.1" 200 8245
101.85.106.255 - - [26/Nov/2022:10:12:01 +0800] "GET /xingrg/kc/buy/cgsh_order_operate.html?command=get_materiel&rest_code=00142&code=00101008312&supplier_code=00100161&order_time=2022-11-26 HTTP/1.1" 200 412
116.238.139.35 - - [26/Nov/2022:10:12:01 +0800] "GET /xingrg/javascript/easyui/themes/default/validatebox.css HTTP/1.1" 404 1104
114.95.46.117 - - [26/Nov/2022:10:12:01 +0800] "GET /xingrg/all/function/internal_message.html?_=1669428717383&CODE_STATE=getMsg HTTP/1.1" 200 27
124.79.245.154 - - [26/Nov/2022:10:12:02 +0800] "GET /xingrg/all/function/internal_message.html?_=1669428937974&CODE_STATE=getMsg HTTP/1.1" 200 27
101.85.106.255 - - [26/Nov/2022:10:12:08 +0800] "GET /xingrg/check_reg.html?_=1669428723937 HTTP/1.1" 200 22
101.85.106.255 - - [26/Nov/2022:10:12:08 +0800] "GET /xingrg/all/function/internal_message.html?_=1669428723982&CODE_STATE=getMsg HTTP/1.1" 200 27
101.85.106.255 - - [26/Nov/2022:10:12:08 +0800] "GET /xingrg/kc/buy/cgsh_order_operate.html?command=get_materiel&rest_code=00142&code=00101008264&supplier_code=00100161&order_time=2022-11-26 HTTP/1.1" 200 412
114.88.159.190 - - [26/Nov/2022:10:12:09 +0800] "GET /xingrg/all/function/internal_message.html?_=1669428328613&CODE_STATE=getMsg HTTP/1.1" 200 27
101.85.106.255 - - [26/Nov/2022:10:12:10 +0800] "POST /xingrg/kc/buy/cgsh_order_operate.html HTTP/1.1" 200 2065
116.238.139.35 - - [26/Nov/2022:10:12:11 +0800] "GET /xingrg/all/function/internal_message.html?_=1669428631018&CODE_STATE=getMsg HTTP/1.1" 200 27
116.238.139.35 - - [26/Nov/2022:10:12:11 +0800] "GET /xingrg/kc/buy/cgsh_order_operate.html?command=get_materiel&rest_code=00150&code=00101009109&supplier_code=00100022&order_time=2022-11-26 HTTP/1.1" 200 413
114.95.46.117 - - [26/Nov/2022:10:12:15 +0800] "GET /xingrg/all/function/internal_message.html?_=1669428580598&CODE_STATE=getMsg HTTP/1.1" 200 27
101.85.106.255 - - [26/Nov/2022:10:12:17 +0800] "GET /xingrg/kc/buy/cgsh_order_operate.html?command=get_materiel&rest_code=00142&code=00101008354&supplier_code=00100161&order_time=2022-11-26 HTTP/1.1" 200 412
116.238.139.35 - - [26/Nov/2022:10:12:22 +0800] "GET /xingrg/kc/buy/cgsh_order_operate.html?command=get_materiel&rest_code=00150&code=00101009045&supplier_code=00100022&order_time=2022-11-26 HTTP/1.1" 200 413
120.253.135.82 - - [26/Nov/2022:10:12:23 +0800] "GET /xingrg/all/function/internal_message.html?_=1669428540150&CODE_STATE=getMsg HTTP/1.1" 200 27
101.85.106.255 - - [26/Nov/2022:10:12:24 +0800] "GET /xingrg/kc/buy/cgsh_order_operate.html?command=get_materiel&rest_code=00142&code=00101008352&supplier_code=00100161&order_time=2022-11-26 HTTP/1.1" 200 412
180.165.156.114 - - [26/Nov/2022:10:12:25 +0800] "GET /xingrg/check_reg.html?_=1669428741088 HTTP/1.1" 200 22
180.165.156.114 - - [26/Nov/2022:10:12:25 +0800] "GET /xingrg/all/function/internal_message.html?_=1669428741089&CODE_STATE=getMsg HTTP/1.1" 200 27
58.40.7.146 - - [26/Nov/2022:10:12:30 +0800] "GET /xingrg/all/function/internal_message.html?_=1669428745965&CODE_STATE=getMsg HTTP/1.1" 200 27
116.238.139.35 - - [26/Nov/2022:10:12:31 +0800] "GET /xingrg/kc/buy/cgsh_order_operate.html?command=get_materiel&rest_code=00150&code=00101009011&supplier_code=00100022&order_time=2022-11-26 HTTP/1.1" 200 416
101.85.106.255 - - [26/Nov/2022:10:12:32 +0800] "GET /xingrg/kc/buy/cgsh_order_operate.html?command=get_materiel&rest_code=00142&code=00101008275&supplier_code=00100161&order_time=2022-11-26 HTTP/1.1" 200 417
180.162.229.95 - - [26/Nov/2022:10:12:33 +0800] "GET /xingrg/all/function/internal_message.html?_=1669428750095&CODE_STATE=getMsg HTTP/1.1" 200 27
114.84.38.109 - - [26/Nov/2022:10:12:35 +0800] "GET /xingrg/all/function/internal_message.html?_=1669428772673&CODE_STATE=getMsg HTTP/1.1" 302 -
116.238.139.35 - - [26/Nov/2022:10:12:39 +0800] "GET /xingrg/kc/buy/cgsh_order_operate.html?command=get_materiel&rest_code=00150&code=00101009062&supplier_code=00100022&order_time=2022-11-26 HTTP/1.1" 200 412
114.84.81.136 - - [26/Nov/2022:10:12:40 +0800] "GET /xingrg/all/function/internal_message.html?_=1669428756905&CODE_STATE=getMsg HTTP/1.1" 200 27
101.85.106.255 - - [26/Nov/2022:10:12:41 +0800] "GET /xingrg/kc/buy/cgsh_order_operate.html?command=get_materiel&rest_code=00142&code=00101008114&supplier_code=00100161&order_time=2022-11-26 HTTP/1.1" 200 412
116.230.105.139 - - [26/Nov/2022:10:12:43 +0800] "GET /xingrg/all/function/internal_message.html?_=1669428736764&CODE_STATE=getMsg HTTP/1.1" 200 27
114.84.38.109 - - [26/Nov/2022:10:12:43 +0800] "GET /xingrg/check_reg.html?_=1669428777802 HTTP/1.1" 200 22
114.84.38.109 - - [26/Nov/2022:10:12:44 +0800] "GET /xingrg/all/function/internal_message.html?_=1669428778963&CODE_STATE=getMsg HTTP/1.1" 200 27
116.238.139.35 - - [26/Nov/2022:10:12:48 +0800] "GET /xingrg/kc/buy/cgsh_order_operate.html?command=get_materiel&rest_code=00150&code=00101009124&supplier_code=00100022&order_time=2022-11-26 HTTP/1.1" 200 416
101.85.106.255 - - [26/Nov/2022:10:12:52 +0800] "GET /xingrg/kc/buy/cgsh_order_operate.html?command=get_materiel&rest_code=00142&code=00101008323&supplier_code=00100161&order_time=2022-11-26 HTTP/1.1" 200 408
101.85.106.255 - - [26/Nov/2022:10:12:56 +0800] "POST /xingrg/kc/buy/cgsh_order_operate.html HTTP/1.1" 200 2065
114.95.46.117 - - [26/Nov/2022:10:13:01 +0800] "GET /xingrg/all/function/internal_message.html?_=1669428777384&CODE_STATE=getMsg HTTP/1.1" 200 27
116.238.139.35 - - [26/Nov/2022:10:13:02 +0800] "GET /xingrg/kc/buy/cgsh_order_operate.html?command=get_materiel&rest_code=00150&code=00101009039&supplier_code=00100022&order_time=2022-11-26 HTTP/1.1" 200 408
124.79.245.154 - - [26/Nov/2022:10:13:02 +0800] "GET /xingrg/all/function/internal_message.html?_=1669428997972&CODE_STATE=getMsg HTTP/1.1" 200 27
101.85.106.255 - - [26/Nov/2022:10:13:02 +0800] "GET /xingrg/kc/buy/cgsh_order_operate.html?command=get_materiel&rest_code=00142&code=00101008092&supplier_code=00100161&order_time=2022-11-26 HTTP/1.1" 200 412
101.85.106.255 - - [26/Nov/2022:10:13:08 +0800] "GET /xingrg/all/function/internal_message.html?_=1669428783961&CODE_STATE=getMsg HTTP/1.1" 200 27
114.88.159.190 - - [26/Nov/2022:10:13:09 +0800] "GET /xingrg/all/function/internal_message.html?_=1669428388594&CODE_STATE=getMsg HTTP/1.1" 200 27
116.238.139.35 - - [26/Nov/2022:10:13:11 +0800] "GET /xingrg/all/function/internal_message.html?_=1669428691060&CODE_STATE=getMsg HTTP/1.1" 200 27
101.85.106.255 - - [26/Nov/2022:10:13:13 +0800] "GET /xingrg/kc/buy/cgsh_order_operate.html?command=get_materiel&rest_code=00142&code=00101008459&supplier_code=00100161&order_time=2022-11-26 HTTP/1.1" 200 409
116.238.139.35 - - [26/Nov/2022:10:13:14 +0800] "GET /xingrg/kc/buy/cgsh_order_operate.html?command=get_materiel&rest_code=00150&code=00101009063&supplier_code=00100022&order_time=2022-11-26 HTTP/1.1" 200 409
114.95.46.117 - - [26/Nov/2022:10:13:15 +0800] "GET /xingrg/all/function/internal_message.html?_=1669428640605&CODE_STATE=getMsg HTTP/1.1" 200 27
101.85.106.255 - - [26/Nov/2022:10:13:21 +0800] "GET /xingrg/kc/buy/cgsh_order_operate.html?command=get_materiel&rest_code=00142&code=00101012029&supplier_code=00100161&order_time=2022-11-26 HTTP/1.1" 200 412
58.37.5.145 - - [26/Nov/2022:10:13:22 +0800] "POST /xingrg/kc/buy/cgsh_order_operate.html HTTP/1.1" 200 13283
120.253.135.82 - - [26/Nov/2022:10:13:23 +0800] "GET /xingrg/all/function/internal_message.html?_=1669428600159&CODE_STATE=getMsg HTTP/1.1" 200 27
180.165.156.114 - - [26/Nov/2022:10:13:25 +0800] "GET /xingrg/all/function/internal_message.html?_=1669428801087&CODE_STATE=getMsg HTTP/1.1" 200 27
101.85.106.255 - - [26/Nov/2022:10:13:29 +0800] "GET /xingrg/kc/buy/cgsh_order_operate.html?command=get_materiel&rest_code=00142&code=00101012024&supplier_code=00100161&order_time=2022-11-26 HTTP/1.1" 200 408
58.40.7.146 - - [26/Nov/2022:10:13:30 +0800] "GET /xingrg/all/function/internal_message.html?_=1669428805952&CODE_STATE=getMsg HTTP/1.1" 200 27
58.37.5.145 - - [26/Nov/2022:10:13:30 +0800] "GET /xingrg/kc/buy/cgsh_order_operate.html?command=get_materiel&rest_code=00106&code=00101008010&supplier_code=00100007&order_time=2022-11-26 HTTP/1.1" 200 412
180.162.229.95 - - [26/Nov/2022:10:13:33 +0800] "GET /xingrg/all/function/internal_message.html?_=1669428810073&CODE_STATE=getMsg HTTP/1.1" 200 27
120.253.135.82 - - [26/Nov/2022:10:13:33 +0800] "POST /xingrg/kc/buy/cgsh_order_operate.html HTTP/1.1" 200 37
114.84.38.109 - - [26/Nov/2022:10:13:35 +0800] "GET /xingrg/all/function/internal_message.html?_=1669428832822&CODE_STATE=getMsg HTTP/1.1" 302 -
101.85.106.255 - - [26/Nov/2022:10:13:36 +0800] "GET /xingrg/kc/buy/cgsh_order_operate.html?command=get_materiel&rest_code=00142&code=00101012059&supplier_code=00100161&order_time=2022-11-26 HTTP/1.1" 200 412
116.238.139.35 - - [26/Nov/2022:10:13:37 +0800] "GET /xingrg/kc/buy/cgsh_order_operate.html?command=get_materiel&rest_code=00150&code=00101009004&supplier_code=00100022&order_time=2022-11-26 HTTP/1.1" 200 409
58.37.5.145 - - [26/Nov/2022:10:13:38 +0800] "GET /xingrg/kc/buy/cgsh_order_operate.html?command=get_materiel&rest_code=00106&code=00101008622&supplier_code=00100007&order_time=2022-11-26 HTTP/1.1" 200 417
101.85.106.255 - - [26/Nov/2022:10:13:39 +0800] "POST /xingrg/kc/buy/cgsh_order_operate.html HTTP/1.1" 200 2065
114.84.81.136 - - [26/Nov/2022:10:13:40 +0800] "GET /xingrg/all/function/internal_message.html?_=1669428816905&CODE_STATE=getMsg HTTP/1.1" 200 27
116.230.105.139 - - [26/Nov/2022:10:13:43 +0800] "GET /xingrg/all/function/internal_message.html?_=1669428796757&CODE_STATE=getMsg HTTP/1.1" 200 27
101.85.106.255 - - [26/Nov/2022:10:13:43 +0800] "GET /xingrg/kc/buy/cgsh_order_operate.html?command=get_materiel&rest_code=00142&code=00101016057&supplier_code=00100161&order_time=2022-11-26 HTTP/1.1" 200 408
114.84.38.109 - - [26/Nov/2022:10:13:44 +0800] "GET /xingrg/all/function/internal_message.html?_=1669428838976&CODE_STATE=getMsg HTTP/1.1" 200 27
101.85.106.255 - - [26/Nov/2022:10:13:51 +0800] "POST /xingrg/kc/buy/cgsh_order_operate.html HTTP/1.1" 200 37
58.37.5.145 - - [26/Nov/2022:10:13:52 +0800] "GET /xingrg/all/function/internal_message.html?_=1669428830496&CODE_STATE=getMsg HTTP/1.1" 200 27
101.85.106.255 - - [26/Nov/2022:10:13:52 +0800] "POST /xingrg/kc/buy/cgsh_order_operate.html HTTP/1.1" 200 19756
120.253.135.82 - - [26/Nov/2022:10:13:54 +0800] "POST /xingrg/kc/buy/cgsh_order_operate.html HTTP/1.1" 200 12
124.79.245.154 - - [26/Nov/2022:10:13:54 +0800] "POST /xingrg/services/DataTransmitService HTTP/1.1" 200 524
120.253.135.82 - - [26/Nov/2022:10:13:57 +0800] "GET /xingrg/kc/buy/cgsh_order_info.html?code=212022112608893 HTTP/1.1" 200 63530
58.37.5.145 - - [26/Nov/2022:10:13:57 +0800] "GET /xingrg/kc/buy/cgsh_order_operate.html?command=get_materiel&rest_code=00106&code=00101008041&supplier_code=00100007&order_time=2022-11-26 HTTP/1.1" 200 408
101.85.106.255 - - [26/Nov/2022:10:13:57 +0800] "POST /xingrg/kc/buy/cgsh_order_operate.html HTTP/1.1" 200 37
120.253.135.82 - - [26/Nov/2022:10:13:57 +0800] "GET /xingrg/javascript/easyui/themes/default/validatebox.css HTTP/1.1" 404 1104
120.253.135.82 - - [26/Nov/2022:10:13:58 +0800] "POST /xingrg/kc/buy/cgsh_order_operate.html HTTP/1.1" 200 631
101.85.106.255 - - [26/Nov/2022:10:14:00 +0800] "POST /xingrg/kc/buy/cgsh_order_operate.html HTTP/1.1" 200 19756
101.85.106.255 - - [26/Nov/2022:10:14:00 +0800] "GET /xingrg/javascript/jquery_easy_ui/themes/default/images/tabs_active.png HTTP/1.1" 304 -
114.95.46.117 - - [26/Nov/2022:10:14:01 +0800] "GET /xingrg/all/function/internal_message.html?_=1669428837383&CODE_STATE=getMsg HTTP/1.1" 200 27
124.79.245.154 - - [26/Nov/2022:10:14:02 +0800] "GET /xingrg/all/function/internal_message.html?_=1669429057971&CODE_STATE=getMsg HTTP/1.1" 200 27
101.85.106.255 - - [26/Nov/2022:10:14:04 +0800] "POST /xingrg/kc/buy/cgsh_list_operate.html HTTP/1.1" 200 1869
58.37.5.145 - - [26/Nov/2022:10:14:07 +0800] "GET /xingrg/kc/buy/cgsh_order_operate.html?command=get_materiel&rest_code=00106&code=00101008034&supplier_code=00100007&order_time=2022-11-26 HTTP/1.1" 200 408
101.85.106.255 - - [26/Nov/2022:10:14:08 +0800] "GET /xingrg/all/function/internal_message.html?_=1669428843942&CODE_STATE=getMsg HTTP/1.1" 200 27
114.88.159.190 - - [26/Nov/2022:10:14:09 +0800] "GET /xingrg/all/function/internal_message.html?_=1669428448576&CODE_STATE=getMsg HTTP/1.1" 200 27
116.238.139.35 - - [26/Nov/2022:10:14:11 +0800] "GET /xingrg/all/function/internal_message.html?_=1669428751060&CODE_STATE=getMsg HTTP/1.1" 200 27
58.37.5.145 - - [26/Nov/2022:10:14:14 +0800] "POST /xingrg/kc/buy/cgsh_order_operate.html HTTP/1.1" 200 2065
114.95.46.117 - - [26/Nov/2022:10:14:15 +0800] "GET /xingrg/check_reg.html?_=1669428700595 HTTP/1.1" 200 22
114.95.46.117 - - [26/Nov/2022:10:14:15 +0800] "GET /xingrg/all/function/internal_message.html?_=1669428700598&CODE_STATE=getMsg HTTP/1.1" 200 27
180.162.229.95 - - [26/Nov/2022:10:14:16 +0800] "GET /xingrg/kc/buy/cgsh_order_operate.html?command=get_materiel&rest_code=00102&code=00101001069&supplier_code=00100400&order_time=2022-11-26 HTTP/1.1" 200 411
58.37.5.145 - - [26/Nov/2022:10:14:20 +0800] "GET /xingrg/kc/buy/cgsh_order_operate.html?command=get_materiel&rest_code=00106&code=00101008134&supplier_code=00100007&order_time=2022-11-26 HTTP/1.1" 200 412
120.253.135.82 - - [26/Nov/2022:10:14:22 +0800] "GET /xingrg/check_reg.html?_=1669428659283 HTTP/1.1" 200 22
120.253.135.82 - - [26/Nov/2022:10:14:23 +0800] "GET /xingrg/all/function/internal_message.html?_=1669428660173&CODE_STATE=getMsg HTTP/1.1" 200 27
180.165.156.114 - - [26/Nov/2022:10:14:25 +0800] "GET /xingrg/all/function/internal_message.html?_=1669428861077&CODE_STATE=getMsg HTTP/1.1" 200 27
58.40.7.146 - - [26/Nov/2022:10:14:30 +0800] "GET /xingrg/all/function/internal_message.html?_=1669428865940&CODE_STATE=getMsg HTTP/1.1" 200 27
116.238.139.35 - - [26/Nov/2022:10:14:31 +0800] "POST /xingrg/kc/buy/cgsh_order_operate.html HTTP/1.1" 200 37
180.162.229.95 - - [26/Nov/2022:10:14:32 +0800] "GET /xingrg/kc/buy/cgsh_order_operate.html?command=get_materiel&rest_code=00102&code=00101001075&supplier_code=00100400&order_time=2022-11-26 HTTP/1.1" 200 411
58.37.5.145 - - [26/Nov/2022:10:14:32 +0800] "GET /xingrg/kc/buy/cgsh_order_operate.html?command=get_materiel&rest_code=00106&code=00101008114&supplier_code=00100007&order_time=2022-11-26 HTTP/1.1" 200 412
180.162.229.95 - - [26/Nov/2022:10:14:33 +0800] "GET /xingrg/all/function/internal_message.html?_=1669428870065&CODE_STATE=getMsg HTTP/1.1" 200 27
180.162.229.95 - - [26/Nov/2022:10:14:33 +0800] "GET /xingrg/check_reg.html?_=1669428870272 HTTP/1.1" 200 22
116.238.139.35 - - [26/Nov/2022:10:14:34 +0800] "POST /xingrg/kc/buy/cgsh_order_operate.html HTTP/1.1" 200 12
114.84.38.109 - - [26/Nov/2022:10:14:35 +0800] "GET /xingrg/all/function/internal_message.html?_=1669428892825&CODE_STATE=getMsg HTTP/1.1" 302 -
116.238.139.35 - - [26/Nov/2022:10:14:35 +0800] "GET /xingrg/kc/buy/cgsh_order_info.html?code=212022112608897 HTTP/1.1" 200 64478
116.238.139.35 - - [26/Nov/2022:10:14:36 +0800] "GET /xingrg/javascript/easyui/themes/default/validatebox.css HTTP/1.1" 404 1104
116.238.139.35 - - [26/Nov/2022:10:14:38 +0800] "POST /xingrg/kc/buy/cgsh_order_operate.html HTTP/1.1" 200 5336
116.238.139.35 - - [26/Nov/2022:10:14:39 +0800] "GET /xingrg/kc/print/load_data.html?order_code=212022112608897&kc_code=cgsh&condition= HTTP/1.1" 200 2572
114.84.81.136 - - [26/Nov/2022:10:14:40 +0800] "GET /xingrg/check_reg.html?_=1669428876905 HTTP/1.1" 200 22
114.84.81.136 - - [26/Nov/2022:10:14:40 +0800] "GET /xingrg/all/function/internal_message.html?_=1669428876907&CODE_STATE=getMsg HTTP/1.1" 200 27
116.230.105.139 - - [26/Nov/2022:10:14:43 +0800] "GET /xingrg/all/function/internal_message.html?_=1669428856749&CODE_STATE=getMsg HTTP/1.1" 200 27
114.84.38.109 - - [26/Nov/2022:10:14:44 +0800] "GET /xingrg/all/function/internal_message.html?_=1669428898990&CODE_STATE=getMsg HTTP/1.1" 200 27
58.37.5.145 - - [26/Nov/2022:10:14:46 +0800] "GET /xingrg/kc/buy/cgsh_order_operate.html?command=get_materiel&rest_code=00106&code=00101008312&supplier_code=00100007&order_time=2022-11-26 HTTP/1.1" 200 412
58.40.7.146 - - [26/Nov/2022:10:14:50 +0800] "GET /xingrg/check_reg.html?_=1669428885988 HTTP/1.1" 200 22
114.84.38.109 - - [26/Nov/2022:10:14:51 +0800] "GET /xingrg/check_reg.html?_=1669428908588 HTTP/1.1" 302 -
58.37.5.145 - - [26/Nov/2022:10:14:52 +0800] "GET /xingrg/all/function/internal_message.html?_=1669428890466&CODE_STATE=getMsg HTTP/1.1" 200 27
120.253.135.82 - - [26/Nov/2022:10:14:56 +0800] "GET /xingrg/kc/buy/cgsh_order_info.html?code=212022112608893 HTTP/1.1" 200 63530
120.253.135.82 - - [26/Nov/2022:10:14:57 +0800] "GET /xingrg/javascript/easyui/themes/default/validatebox.css HTTP/1.1" 404 1104
120.253.135.82 - - [26/Nov/2022:10:14:57 +0800] "POST /xingrg/kc/buy/cgsh_order_operate.html HTTP/1.1" 200 631
120.253.135.82 - - [26/Nov/2022:10:15:00 +0800] "POST /xingrg/kc/buy/cgsh_list_operate.html HTTP/1.1" 200 986
116.238.139.35 - - [26/Nov/2022:10:15:00 +0800] "GET /xingrg/check_reg.html?_=1669428800868 HTTP/1.1" 200 22
114.95.46.117 - - [26/Nov/2022:10:15:01 +0800] "GET /xingrg/all/function/internal_message.html?_=1669428897384&CODE_STATE=getMsg HTTP/1.1" 200 27
124.79.245.154 - - [26/Nov/2022:10:15:02 +0800] "GET /xingrg/all/function/internal_message.html?_=1669429117985&CODE_STATE=getMsg HTTP/1.1" 200 27
124.79.245.154 - - [26/Nov/2022:10:15:02 +0800] "GET /xingrg/check_reg.html?_=1669429117987 HTTP/1.1" 200 22
120.253.135.82 - - [26/Nov/2022:10:15:05 +0800] "GET /xingrg/kc/pszx/mdps_order_list.html?orderType=0 HTTP/1.1" 200 21035
120.253.135.82 - - [26/Nov/2022:10:15:05 +0800] "POST /xingrg/kc/pszx/mdps_list_operate.html HTTP/1.1" 200 5280
58.37.5.145 - - [26/Nov/2022:10:15:05 +0800] "GET /xingrg/kc/buy/cgsh_order_operate.html?command=get_materiel&rest_code=00106&code=00101008027&supplier_code=00100007&order_time=2022-11-26 HTTP/1.1" 200 408
101.85.106.255 - - [26/Nov/2022:10:15:08 +0800] "GET /xingrg/all/function/internal_message.html?_=1669428903928&CODE_STATE=getMsg HTTP/1.1" 200 27
114.88.159.190 - - [26/Nov/2022:10:15:09 +0800] "GET /xingrg/check_reg.html?_=1669428508544 HTTP/1.1" 200 22
114.88.159.190 - - [26/Nov/2022:10:15:09 +0800] "GET /xingrg/all/function/internal_message.html?_=1669428508545&CODE_STATE=getMsg HTTP/1.1" 200 27
116.238.139.35 - - [26/Nov/2022:10:15:11 +0800] "GET /xingrg/all/function/internal_message.html?_=1669428811074&CODE_STATE=getMsg HTTP/1.1" 200 27
120.253.135.82 - - [26/Nov/2022:10:15:12 +0800] "POST /xingrg/kc/pszx/mdps_list_operate.html HTTP/1.1" 200 2425
58.37.5.145 - - [26/Nov/2022:10:15:15 +0800] "GET /xingrg/kc/buy/cgsh_order_operate.html?command=get_materiel&rest_code=00106&code=00101008080&supplier_code=00100007&order_time=2022-11-26 HTTP/1.1" 200 416
114.95.46.117 - - [26/Nov/2022:10:15:15 +0800] "GET /xingrg/all/function/internal_message.html?_=1669428760596&CODE_STATE=getMsg HTTP/1.1" 200 27
58.37.5.145 - - [26/Nov/2022:10:15:17 +0800] "POST /xingrg/kc/buy/cgsh_order_operate.html HTTP/1.1" 200 2065
180.162.229.95 - - [26/Nov/2022:10:15:21 +0800] "GET /xingrg/kc/buy/cgsh_order_operate.html?command=get_materiel&rest_code=00102&code=00101006161&supplier_code=00100400&order_time=2022-11-26 HTTP/1.1" 200 411
120.253.135.82 - - [26/Nov/2022:10:15:23 +0800] "GET /xingrg/all/function/internal_message.html?_=1669428720186&CODE_STATE=getMsg HTTP/1.1" 200 27
114.95.46.117 - - [26/Nov/2022:10:15:25 +0800] "POST /xingrg/kc/buy/cgsh_list_operate.html HTTP/1.1" 200 3961
180.165.156.114 - - [26/Nov/2022:10:15:25 +0800] "GET /xingrg/all/function/internal_message.html?_=1669428921091&CODE_STATE=getMsg HTTP/1.1" 200 27
114.95.46.117 - - [26/Nov/2022:10:15:26 +0800] "GET /xingrg/kc/base/base_main.html HTTP/1.1" 200 12142
114.95.46.117 - - [26/Nov/2022:10:15:26 +0800] "GET /xingrg/images/blue/button/wlsy.gif HTTP/1.1" 304 -
114.95.46.117 - - [26/Nov/2022:10:15:26 +0800] "GET /xingrg/images/blue/button/yddb.gif HTTP/1.1" 304 -
114.95.46.117 - - [26/Nov/2022:10:15:27 +0800] "GET /xingrg/images/blue/button/ckpd.gif HTTP/1.1" 304 -
114.95.46.117 - - [26/Nov/2022:10:15:27 +0800] "GET /xingrg/images/blue/button/left_ah.jpg HTTP/1.1" 304 -
114.95.46.117 - - [26/Nov/2022:10:15:27 +0800] "GET /xingrg/images/blue/button/top_right.jpg HTTP/1.1" 304 -
114.95.46.117 - - [26/Nov/2022:10:15:27 +0800] "GET /xingrg/images/blue/button/ckdb.gif HTTP/1.1" 304 -
114.95.46.117 - - [26/Nov/2022:10:15:27 +0800] "GET /xingrg/images/blue/button/down.jpg HTTP/1.1" 304 -
114.95.46.117 - - [26/Nov/2022:10:15:27 +0800] "GET /xingrg/images/blue/button/top_left.jpg HTTP/1.1" 304 -
114.95.46.117 - - [26/Nov/2022:10:15:27 +0800] "GET /xingrg/images/blue/button/bottom_left.jpg HTTP/1.1" 304 -
114.95.46.117 - - [26/Nov/2022:10:15:27 +0800] "GET /xingrg/images/blue/button/bottom_right.jpg HTTP/1.1" 304 -
114.95.46.117 - - [26/Nov/2022:10:15:28 +0800] "GET /xingrg/kc/base/wldb_order_list.html HTTP/1.1" 200 19101
120.253.135.82 - - [26/Nov/2022:10:15:28 +0800] "POST /xingrg/kc/pszx/mdps_list_operate.html HTTP/1.1" 200 623
114.95.46.117 - - [26/Nov/2022:10:15:28 +0800] "POST /xingrg/kc/base/wldb_list_operate.html HTTP/1.1" 200 928
120.253.135.82 - - [26/Nov/2022:10:15:29 +0800] "GET /xingrg/kc/pszx/mdps_order_info.html?code=312022112500516 HTTP/1.1" 200 23976
120.253.135.82 - - [26/Nov/2022:10:15:29 +0800] "GET /xingrg/javascript/easyui/themes/default/validatebox.css HTTP/1.1" 404 1104
120.253.135.82 - - [26/Nov/2022:10:15:29 +0800] "POST /xingrg/kc/pszx/mdps_order_operate.html HTTP/1.1" 200 11154
58.40.7.146 - - [26/Nov/2022:10:15:30 +0800] "GET /xingrg/all/function/internal_message.html?_=1669428925929&CODE_STATE=getMsg HTTP/1.1" 200 27
116.238.139.35 - - [26/Nov/2022:10:15:33 +0800] "POST /xingrg/all/user/operate.html HTTP/1.1" 200 36
180.162.229.95 - - [26/Nov/2022:10:15:33 +0800] "GET /xingrg/all/function/internal_message.html?_=1669428930038&CODE_STATE=getMsg HTTP/1.1" 200 27
120.253.135.82 - - [26/Nov/2022:10:15:33 +0800] "POST /xingrg/kc/pszx/mdps_order_operate.html HTTP/1.1" 200 37
116.238.139.35 - - [26/Nov/2022:10:15:35 +0800] "GET /xingrg/index.html?sysBaseUrl=http%3A%2F%2F180.169.147.146%3A18081%2Fxingrg%2F&costTime=41×tamp=1669368180366 HTTP/1.1" 200 17177
116.238.139.35 - - [26/Nov/2022:10:15:35 +0800] "GET /xingrg/javascript/jquery_easy_ui/themes/default/easyui.css HTTP/1.1" 304 -
116.238.139.35 - - [26/Nov/2022:10:15:35 +0800] "GET /xingrg/javascript/jquery_easy_ui/themes/icon.css HTTP/1.1" 304 -
114.84.38.109 - - [26/Nov/2022:10:15:35 +0800] "GET /xingrg/all/function/internal_message.html?_=1669428952957&CODE_STATE=getMsg HTTP/1.1" 302 -
116.238.139.35 - - [26/Nov/2022:10:15:35 +0800] "GET /xingrg/css/form.css HTTP/1.1" 304 -
116.238.139.35 - - [26/Nov/2022:10:15:35 +0800] "GET /xingrg/javascript/jquery-1.4.2.min.js HTTP/1.1" 304 -
116.238.139.35 - - [26/Nov/2022:10:15:35 +0800] "GET /xingrg/javascript/jquery_easy_ui/jquery.easyui.min.js HTTP/1.1" 304 -
116.238.139.35 - - [26/Nov/2022:10:15:35 +0800] "GET /xingrg/javascript/jquery_easy_ui/easyui-lang-zh_CN.js HTTP/1.1" 304 -
116.238.139.35 - - [26/Nov/2022:10:15:35 +0800] "GET /xingrg/javascript/jquery.form.js HTTP/1.1" 304 -
116.238.139.35 - - [26/Nov/2022:10:15:35 +0800] "GET /xingrg/javascript/jquery.utils.js HTTP/1.1" 304 -
116.238.139.35 - - [26/Nov/2022:10:15:35 +0800] "GET /xingrg/javascript/jquery.timers.js HTTP/1.1" 304 -
116.238.139.35 - - [26/Nov/2022:10:15:35 +0800] "GET /xingrg/images/blue/jxLogo.png HTTP/1.1" 304 -
116.238.139.35 - - [26/Nov/2022:10:15:35 +0800] "GET /xingrg/images/blue/navBackgound.jpg HTTP/1.1" 304 -
116.238.139.35 - - [26/Nov/2022:10:15:35 +0800] "GET /xingrg/javascript/jquery_easy_ui/themes/icons/settle_new.png HTTP/1.1" 304 -
116.238.139.35 - - [26/Nov/2022:10:15:35 +0800] "POST /xingrg/all/common/load_tree.html?tree=area_rest_tree_json&manage=1 HTTP/1.1" 200 476
116.238.139.35 - - [26/Nov/2022:10:15:35 +0800] "GET /xingrg/images/blue/pingpu.png HTTP/1.1" 304 -
116.238.139.35 - - [26/Nov/2022:10:15:35 +0800] "GET /xingrg/javascript/jquery_easy_ui/themes/default/images/tabs_leftarrow.png HTTP/1.1" 304 -
116.238.139.35 - - [26/Nov/2022:10:15:35 +0800] "GET /xingrg/javascript/jquery_easy_ui/themes/default/images/panel_tool_collapse.gif HTTP/1.1" 304 -
116.238.139.35 - - [26/Nov/2022:10:15:35 +0800] "GET /xingrg/check_reg.html?_=1669428835628 HTTP/1.1" 200 22
116.238.139.35 - - [26/Nov/2022:10:15:35 +0800] "GET /xingrg/all/function/internal_message.html?_=1669428835627&CODE_STATE=count HTTP/1.1" 200 11
116.238.139.35 - - [26/Nov/2022:10:15:35 +0800] "GET /xingrg/javascript/jquery_easy_ui/themes/default/images/tabs_rightarrow.png HTTP/1.1" 304 -
116.238.139.35 - - [26/Nov/2022:10:15:35 +0800] "GET /xingrg/javascript/jquery_easy_ui/themes/default/images/tree_arrows.gif HTTP/1.1" 304 -
116.238.139.35 - - [26/Nov/2022:10:15:35 +0800] "POST /xingrg/load_menu.html HTTP/1.1" 200 5138
