114.95.46.117 - - [26/Nov/2022:10:02:41 +0800] "GET /xingrg/javascript/jquery_easy_ui/themes/default/images/tabs_close.gif HTTP/1.1" 304 -
114.95.46.117 - - [26/Nov/2022:10:02:41 +0800] "GET /xingrg/javascript/jquery_ui/themes/humanity/humanity.css HTTP/1.1" 304 -
114.95.46.117 - - [26/Nov/2022:10:02:41 +0800] "GET /xingrg/images/blue/button/cgxqd.gif HTTP/1.1" 304 -
114.95.46.117 - - [26/Nov/2022:10:02:41 +0800] "GET /xingrg/images/blue/button/cgfkd.gif HTTP/1.1" 304 -
114.95.46.117 - - [26/Nov/2022:10:02:41 +0800] "GET /xingrg/images/blue/button/kc.gif HTTP/1.1" 304 -
114.95.46.117 - - [26/Nov/2022:10:02:41 +0800] "GET /xingrg/images/blue/button/ckthd.gif HTTP/1.1" 304 -
114.95.46.117 - - [26/Nov/2022:10:02:41 +0800] "GET /xingrg/javascript/pic_change.js HTTP/1.1" 304 -
114.95.46.117 - - [26/Nov/2022:10:02:41 +0800] "GET /xingrg/images/blue/pic_form2.gif HTTP/1.1" 304 -
114.95.46.117 - - [26/Nov/2022:10:02:41 +0800] "GET /xingrg/javascript/ToolTips.js HTTP/1.1" 304 -
114.95.46.117 - - [26/Nov/2022:10:02:41 +0800] "GET /xingrg/javascript/jquery_ui/jquery-ui.min.js HTTP/1.1" 304 -
114.95.46.117 - - [26/Nov/2022:10:02:41 +0800] "GET /xingrg/images/blue/button/cgydd.gif HTTP/1.1" 304 -
114.95.46.117 - - [26/Nov/2022:10:02:41 +0800] "GET /xingrg/images/blue/button/cgshd.gif HTTP/1.1" 304 -
114.95.46.117 - - [26/Nov/2022:10:02:41 +0800] "GET /xingrg/javascript/jquery_ui/themes/humanity/images/ui-bg_inset-soft_100_f4f0ec_1x100.png HTTP/1.1" 304 -
114.95.46.117 - - [26/Nov/2022:10:02:41 +0800] "GET /xingrg/images/blue/bg_dotted.jpg HTTP/1.1" 304 -
114.95.46.117 - - [26/Nov/2022:10:02:41 +0800] "GET /xingrg/images/blue/button/right_ah.jpg HTTP/1.1" 304 -
114.95.46.117 - - [26/Nov/2022:10:02:41 +0800] "GET /xingrg/images/blue/button/down_ah.jpg HTTP/1.1" 304 -
114.95.46.117 - - [26/Nov/2022:10:02:41 +0800] "GET /xingrg/javascript/jquery_ui/themes/humanity/images/ui-iconsnew.jpg HTTP/1.1" 304 -
114.95.46.117 - - [26/Nov/2022:10:02:41 +0800] "GET /xingrg/javascript/jquery_ui/themes/humanity/images/ui-icons_ffffff_256x240.png HTTP/1.1" 304 -
114.95.46.117 - - [26/Nov/2022:10:02:41 +0800] "GET /xingrg/javascript/jquery_ui/themes/humanity/images/ui-icons_c47a23_256x240.png HTTP/1.1" 304 -
114.95.46.117 - - [26/Nov/2022:10:02:41 +0800] "GET /xingrg/javascript/jquery_ui/themes/humanity/images/ui-bg_glass_70_ede4d4_1x400.png HTTP/1.1" 304 -
114.95.46.117 - - [26/Nov/2022:10:02:41 +0800] "GET /xingrg/images/yd/bt.gif HTTP/1.1" 404 1040
114.88.159.190 - - [26/Nov/2022:10:02:42 +0800] "GET /xingrg/kc/buy/cgsh_order_operate.html?command=get_materiel&rest_code=00141&code=00101008186&supplier_code=00100007&order_time=2022-11-26 HTTP/1.1" 200 408
114.95.46.117 - - [26/Nov/2022:10:02:42 +0800] "GET /xingrg/css/base.css HTTP/1.1" 304 -
114.95.46.117 - - [26/Nov/2022:10:02:42 +0800] "GET /xingrg/css/site.css HTTP/1.1" 304 -
114.95.46.117 - - [26/Nov/2022:10:02:42 +0800] "GET /xingrg/kc/buy/cgsh_order_list.html HTTP/1.1" 200 53780
114.95.46.117 - - [26/Nov/2022:10:02:42 +0800] "GET /xingrg/javascript/jquery_tools/datebox.css HTTP/1.1" 304 -
114.95.46.117 - - [26/Nov/2022:10:02:42 +0800] "GET /xingrg/javascript/easyui/themes/default/easyui.css HTTP/1.1" 304 -
114.95.46.117 - - [26/Nov/2022:10:02:42 +0800] "GET /xingrg/javascript/easyui/themes/icon.css HTTP/1.1" 304 -
114.95.46.117 - - [26/Nov/2022:10:02:42 +0800] "GET /xingrg/javascript/auto/jquery.autocomplete.css HTTP/1.1" 304 -
114.95.46.117 - - [26/Nov/2022:10:02:42 +0800] "GET /xingrg/javascript/jquery_tools/fix.css HTTP/1.1" 304 -
114.95.46.117 - - [26/Nov/2022:10:02:43 +0800] "GET /xingrg/javascript/jquery_tools/table.css HTTP/1.1" 304 -
114.95.46.117 - - [26/Nov/2022:10:02:43 +0800] "GET /xingrg/javascript/jquery_tools/jquery.tools.min.js HTTP/1.1" 304 -
114.95.46.117 - - [26/Nov/2022:10:02:43 +0800] "GET /xingrg/javascript/jquery_tools/jquery.tools.extend.js HTTP/1.1" 304 -
114.95.46.117 - - [26/Nov/2022:10:02:43 +0800] "GET /xingrg/javascript/jquery_tools/jquery.tools.hotkey.js HTTP/1.1" 304 -
116.230.105.139 - - [26/Nov/2022:10:02:43 +0800] "GET /xingrg/all/function/internal_message.html?_=1669428136768&CODE_STATE=getMsg HTTP/1.1" 200 27
114.95.46.117 - - [26/Nov/2022:10:02:43 +0800] "GET /xingrg/javascript/jquery_tools/jquery.tools.table.js HTTP/1.1" 304 -
114.95.46.117 - - [26/Nov/2022:10:02:43 +0800] "GET /xingrg/javascript/auto/jquery.autocomplete.js HTTP/1.1" 304 -
114.95.46.117 - - [26/Nov/2022:10:02:43 +0800] "GET /xingrg/javascript/jquery_tools/list_manager.js HTTP/1.1" 304 -
114.95.46.117 - - [26/Nov/2022:10:02:43 +0800] "GET /xingrg/javascript/easyui/easyloader.js HTTP/1.1" 304 -
114.95.46.117 - - [26/Nov/2022:10:02:43 +0800] "GET /xingrg/javascript/jquery.cookie.js HTTP/1.1" 304 -
114.95.46.117 - - [26/Nov/2022:10:02:43 +0800] "GET /xingrg/javascript/print/LodopFuncs.js HTTP/1.1" 304 -
114.84.38.109 - - [26/Nov/2022:10:02:43 +0800] "GET /xingrg/check_reg.html?_=1669428177790 HTTP/1.1" 200 22
114.95.46.117 - - [26/Nov/2022:10:02:44 +0800] "GET /xingrg/javascript/easyui/themes/icons/edit_add_new.png HTTP/1.1" 304 -
114.95.46.117 - - [26/Nov/2022:10:02:44 +0800] "GET /xingrg/javascript/easyui/themes/icons/cance_new.png HTTP/1.1" 304 -
114.95.46.117 - - [26/Nov/2022:10:02:44 +0800] "GET /xingrg/javascript/easyui/themes/icons/check_new.png HTTP/1.1" 304 -
114.95.46.117 - - [26/Nov/2022:10:02:44 +0800] "GET /xingrg/javascript/easyui/themes/icons/field_new.png HTTP/1.1" 304 -
114.95.46.117 - - [26/Nov/2022:10:02:44 +0800] "GET /xingrg/javascript/easyui/themes/icons/import_new.png HTTP/1.1" 304 -
114.95.46.117 - - [26/Nov/2022:10:02:44 +0800] "GET /xingrg/javascript/easyui/plugins/jquery.parser.js HTTP/1.1" 304 -
114.95.46.117 - - [26/Nov/2022:10:02:44 +0800] "GET /xingrg/images/control/ajaxLoader.gif HTTP/1.1" 304 -
114.84.38.109 - - [26/Nov/2022:10:02:44 +0800] "GET /xingrg/all/function/internal_message.html?_=1669428178812&CODE_STATE=getMsg HTTP/1.1" 200 27
114.95.46.117 - - [26/Nov/2022:10:02:47 +0800] "POST /xingrg/kc/buy/cgsh_list_operate.html HTTP/1.1" 200 3542
116.238.139.35 - - [26/Nov/2022:10:02:48 +0800] "GET /xingrg/kc/buy/cgsh_order_operate.html?command=get_materiel&rest_code=00150&code=00101002027&supplier_code=00100400&order_time=2022-11-26 HTTP/1.1" 200 413
114.88.159.190 - - [26/Nov/2022:10:02:52 +0800] "GET /xingrg/kc/buy/cgsh_order_operate.html?command=get_materiel&rest_code=00141&code=00101008277&supplier_code=00100007&order_time=2022-11-26 HTTP/1.1" 200 412
116.238.139.35 - - [26/Nov/2022:10:03:01 +0800] "POST /xingrg/kc/buy/cgsh_order_operate.html HTTP/1.1" 200 37
114.95.46.117 - - [26/Nov/2022:10:03:01 +0800] "GET /xingrg/all/function/internal_message.html?_=1669428177376&CODE_STATE=getMsg HTTP/1.1" 200 27
124.79.245.154 - - [26/Nov/2022:10:03:02 +0800] "GET /xingrg/all/function/internal_message.html?_=1669428397982&CODE_STATE=getMsg HTTP/1.1" 200 27
114.88.159.190 - - [26/Nov/2022:10:03:06 +0800] "GET /xingrg/kc/buy/cgsh_order_operate.html?command=get_materiel&rest_code=00141&code=00101008016&supplier_code=00100007&order_time=2022-11-26 HTTP/1.1" 200 418
116.238.139.35 - - [26/Nov/2022:10:03:07 +0800] "POST /xingrg/kc/buy/cgsh_order_operate.html HTTP/1.1" 200 12
116.238.139.35 - - [26/Nov/2022:10:03:09 +0800] "GET /xingrg/kc/buy/cgsh_order_info.html?code=212022112608891 HTTP/1.1" 200 64478
114.88.159.190 - - [26/Nov/2022:10:03:09 +0800] "GET /xingrg/all/function/internal_message.html?_=1669427788525&CODE_STATE=getMsg HTTP/1.1" 200 27
116.238.139.35 - - [26/Nov/2022:10:03:10 +0800] "GET /xingrg/javascript/easyui/themes/default/validatebox.css HTTP/1.1" 404 1104
116.238.139.35 - - [26/Nov/2022:10:03:10 +0800] "GET /xingrg/all/function/internal_message.html?_=1669428090427&CODE_STATE=getMsg HTTP/1.1" 200 27
116.238.139.35 - - [26/Nov/2022:10:03:11 +0800] "POST /xingrg/kc/buy/cgsh_order_operate.html HTTP/1.1" 200 610
116.238.139.35 - - [26/Nov/2022:10:03:12 +0800] "GET /xingrg/kc/print/load_data.html?order_code=212022112608891&kc_code=cgsh&condition= HTTP/1.1" 200 726
114.88.159.190 - - [26/Nov/2022:10:03:15 +0800] "GET /xingrg/kc/buy/cgsh_order_operate.html?command=get_materiel&rest_code=00141&code=00101008096&supplier_code=00100007&order_time=2022-11-26 HTTP/1.1" 200 412
114.95.46.117 - - [26/Nov/2022:10:03:15 +0800] "GET /xingrg/all/function/internal_message.html?_=1669428040589&CODE_STATE=getMsg HTTP/1.1" 200 27
114.95.46.117 - - [26/Nov/2022:10:03:20 +0800] "POST /xingrg/kc/buy/cgsh_list_operate.html HTTP/1.1" 200 277
120.253.135.82 - - [26/Nov/2022:10:03:23 +0800] "GET /xingrg/all/function/internal_message.html?_=1669427999976&CODE_STATE=getMsg HTTP/1.1" 200 27
101.85.106.255 - - [26/Nov/2022:10:03:23 +0800] "GET /favicon.ico HTTP/1.1" 404 -
114.88.159.190 - - [26/Nov/2022:10:03:23 +0800] "GET /xingrg/kc/buy/cgsh_order_operate.html?command=get_materiel&rest_code=00141&code=00101008038&supplier_code=00100007&order_time=2022-11-26 HTTP/1.1" 200 412
101.85.106.255 - - [26/Nov/2022:10:03:24 +0800] "GET /xingrg/login.html HTTP/1.1" 200 7641
114.95.46.117 - - [26/Nov/2022:10:03:24 +0800] "POST /xingrg/kc/buy/cgsh_list_operate.html HTTP/1.1" 200 564
101.85.106.255 - - [26/Nov/2022:10:03:25 +0800] "GET /xingrg/images/blue/jxLogo.png HTTP/1.1" 304 -
101.85.106.255 - - [26/Nov/2022:10:03:25 +0800] "GET /xingrg/images/blue/login_bg.png HTTP/1.1" 304 -
101.85.106.255 - - [26/Nov/2022:10:03:26 +0800] "GET /xingrg/images/blue/srbg.png HTTP/1.1" 304 -
101.85.106.255 - - [26/Nov/2022:10:03:26 +0800] "GET /xingrg/images/blue/hj.png HTTP/1.1" 304 -
114.95.46.117 - - [26/Nov/2022:10:03:26 +0800] "GET /xingrg/kc/buy/cgsh_order_info.html?code=212022112608878 HTTP/1.1" 200 69646
114.95.46.117 - - [26/Nov/2022:10:03:26 +0800] "GET /xingrg/javascript/convert.js HTTP/1.1" 304 -
114.95.46.117 - - [26/Nov/2022:10:03:26 +0800] "GET /xingrg/javascript/jquery_tools/order_manager.js HTTP/1.1" 304 -
114.95.46.117 - - [26/Nov/2022:10:03:26 +0800] "GET /xingrg/javascript/json2.js HTTP/1.1" 304 -
114.95.46.117 - - [26/Nov/2022:10:03:26 +0800] "GET /xingrg/javascript/print/kc_print.js HTTP/1.1" 304 -
114.95.46.117 - - [26/Nov/2022:10:03:26 +0800] "GET /xingrg/words/20221125140633_words.js HTTP/1.1" 200 935010
114.95.46.117 - - [26/Nov/2022:10:03:26 +0800] "GET /xingrg/javascript/easyui/themes/icons/copy_new.png HTTP/1.1" 304 -
114.95.46.117 - - [26/Nov/2022:10:03:26 +0800] "GET /xingrg/javascript/easyui/themes/icons/template_new.png HTTP/1.1" 304 -
114.95.46.117 - - [26/Nov/2022:10:03:26 +0800] "GET /xingrg/javascript/easyui/themes/icons/ok.png HTTP/1.1" 304 -
114.95.46.117 - - [26/Nov/2022:10:03:26 +0800] "GET /xingrg/javascript/easyui/themes/icons/print.png HTTP/1.1" 304 -
114.95.46.117 - - [26/Nov/2022:10:03:26 +0800] "GET /xingrg/javascript/easyui/themes/default/images/menu_downarrow.png HTTP/1.1" 304 -
114.95.46.117 - - [26/Nov/2022:10:03:26 +0800] "GET /xingrg/javascript/easyui/themes/icons/cancel.png HTTP/1.1" 304 -
101.85.106.255 - - [26/Nov/2022:10:03:26 +0800] "GET /favicon.ico HTTP/1.1" 404 -
114.88.159.190 - - [26/Nov/2022:10:03:27 +0800] "POST /xingrg/kc/buy/cgsh_order_operate.html HTTP/1.1" 200 2065
114.95.46.117 - - [26/Nov/2022:10:03:27 +0800] "GET /xingrg/all/common/auto_word.html?type=employee&rest_code=00105 HTTP/1.1" 200 193
114.95.46.117 - - [26/Nov/2022:10:03:27 +0800] "GET /xingrg/javascript/easyui/themes/default/validatebox.css HTTP/1.1" 404 1104
114.95.46.117 - - [26/Nov/2022:10:03:27 +0800] "GET /xingrg/all/common/auto_word.html?type=employee&rest_code=00105 HTTP/1.1" 200 193
114.95.46.117 - - [26/Nov/2022:10:03:27 +0800] "GET /xingrg/javascript/easyui/plugins/jquery.validatebox.js HTTP/1.1" 304 -
114.95.46.117 - - [26/Nov/2022:10:03:27 +0800] "GET /xingrg/javascript/easyui/plugins/jquery.numberbox.js HTTP/1.1" 304 -
114.95.46.117 - - [26/Nov/2022:10:03:28 +0800] "POST /xingrg/kc/buy/cgsh_order_operate.html HTTP/1.1" 200 49339
114.95.46.117 - - [26/Nov/2022:10:03:28 +0800] "GET /xingrg/javascript/easyui/themes/icons/edit_remove.png HTTP/1.1" 304 -
58.40.7.146 - - [26/Nov/2022:10:03:30 +0800] "GET /xingrg/all/function/internal_message.html?_=1669428206119&CODE_STATE=getMsg HTTP/1.1" 200 27
114.88.159.190 - - [26/Nov/2022:10:03:33 +0800] "GET /xingrg/kc/buy/cgsh_order_operate.html?command=get_materiel&rest_code=00141&code=00101008199&supplier_code=00100007&order_time=2022-11-26 HTTP/1.1" 200 408
180.162.229.95 - - [26/Nov/2022:10:03:33 +0800] "GET /xingrg/all/function/internal_message.html?_=1669428210211&CODE_STATE=getMsg HTTP/1.1" 200 27
114.84.38.109 - - [26/Nov/2022:10:03:34 +0800] "GET /xingrg/all/function/internal_message.html?_=1669428232019&CODE_STATE=getMsg HTTP/1.1" 302 -
114.84.81.136 - - [26/Nov/2022:10:03:40 +0800] "GET /xingrg/all/function/internal_message.html?_=1669428216901&CODE_STATE=getMsg HTTP/1.1" 200 27
116.230.105.139 - - [26/Nov/2022:10:03:43 +0800] "GET /xingrg/all/function/internal_message.html?_=1669428196770&CODE_STATE=getMsg HTTP/1.1" 200 27
114.84.38.109 - - [26/Nov/2022:10:03:44 +0800] "GET /xingrg/all/function/internal_message.html?_=1669428238826&CODE_STATE=getMsg HTTP/1.1" 200 27
114.88.159.190 - - [26/Nov/2022:10:03:52 +0800] "GET /xingrg/kc/buy/cgsh_order_operate.html?command=get_materiel&rest_code=00141&code=00101008223&supplier_code=00100007&order_time=2022-11-26 HTTP/1.1" 200 412
114.95.46.117 - - [26/Nov/2022:10:03:59 +0800] "GET /xingrg/javascript/jquery_easy_ui/themes/icons/rest.png HTTP/1.1" 304 -
114.95.46.117 - - [26/Nov/2022:10:03:59 +0800] "GET /xingrg/javascript/jquery_easy_ui/themes/icons/area.png HTTP/1.1" 304 -
114.95.46.117 - - [26/Nov/2022:10:03:59 +0800] "GET /xingrg/javascript/jquery_easy_ui/themes/default/images/tabs_active.png HTTP/1.1" 304 -
114.95.46.117 - - [26/Nov/2022:10:04:01 +0800] "GET /xingrg/all/function/internal_message.html?_=1669428237376&CODE_STATE=getMsg HTTP/1.1" 200 27
124.79.245.154 - - [26/Nov/2022:10:04:02 +0800] "GET /xingrg/all/function/internal_message.html?_=1669428457981&CODE_STATE=getMsg HTTP/1.1" 200 27
114.95.46.117 - - [26/Nov/2022:10:04:02 +0800] "GET /xingrg/javascript/easyui/themes/default/images/button_plain_hover.png HTTP/1.1" 304 -
114.95.46.117 - - [26/Nov/2022:10:04:03 +0800] "GET /xingrg/kc/buy/cgsh_order_add.html HTTP/1.1" 200 69643
114.95.46.117 - - [26/Nov/2022:10:04:03 +0800] "POST /xingrg/kc/buy/cgsh_order_operate.html HTTP/1.1" 200 8245
114.95.46.117 - - [26/Nov/2022:10:04:03 +0800] "GET /xingrg/javascript/easyui/themes/default/validatebox.css HTTP/1.1" 404 1104
114.88.159.190 - - [26/Nov/2022:10:04:08 +0800] "POST /xingrg/kc/buy/cgsh_order_operate.html HTTP/1.1" 200 2065
114.88.159.190 - - [26/Nov/2022:10:04:09 +0800] "GET /xingrg/all/function/internal_message.html?_=1669427848520&CODE_STATE=getMsg HTTP/1.1" 200 27
116.238.139.35 - - [26/Nov/2022:10:04:10 +0800] "GET /xingrg/all/function/internal_message.html?_=1669428150441&CODE_STATE=getMsg HTTP/1.1" 200 27
114.95.46.117 - - [26/Nov/2022:10:04:15 +0800] "GET /xingrg/check_reg.html?_=1669428100593 HTTP/1.1" 200 22
114.95.46.117 - - [26/Nov/2022:10:04:15 +0800] "GET /xingrg/all/function/internal_message.html?_=1669428100589&CODE_STATE=getMsg HTTP/1.1" 200 27
114.88.159.190 - - [26/Nov/2022:10:04:18 +0800] "GET /xingrg/kc/buy/cgsh_order_operate.html?command=get_materiel&rest_code=00141&code=00101008271&supplier_code=00100007&order_time=2022-11-26 HTTP/1.1" 200 408
120.253.135.82 - - [26/Nov/2022:10:04:22 +0800] "GET /xingrg/check_reg.html?_=1669428059271 HTTP/1.1" 200 22
120.253.135.82 - - [26/Nov/2022:10:04:23 +0800] "GET /xingrg/all/function/internal_message.html?_=1669428059990&CODE_STATE=getMsg HTTP/1.1" 200 27
114.88.159.190 - - [26/Nov/2022:10:04:26 +0800] "GET /xingrg/kc/buy/cgsh_order_operate.html?command=get_materiel&rest_code=00141&code=00101008353&supplier_code=00100007&order_time=2022-11-26 HTTP/1.1" 200 408
114.83.219.57 - - [26/Nov/2022:10:04:30 +0800] "GET /xingrg/kc/buy/cgsh_order_operate.html?command=get_materiel&rest_code=00154&code=00101019875&supplier_code=00100151&order_time=2022-11-26 HTTP/1.1" 200 440
58.40.7.146 - - [26/Nov/2022:10:04:30 +0800] "GET /xingrg/all/function/internal_message.html?_=1669428266106&CODE_STATE=getMsg HTTP/1.1" 200 27
180.162.229.95 - - [26/Nov/2022:10:04:33 +0800] "GET /xingrg/all/function/internal_message.html?_=1669428270205&CODE_STATE=getMsg HTTP/1.1" 200 27
180.162.229.95 - - [26/Nov/2022:10:04:33 +0800] "GET /xingrg/check_reg.html?_=1669428270289 HTTP/1.1" 200 22
114.88.159.190 - - [26/Nov/2022:10:04:34 +0800] "GET /xingrg/kc/buy/cgsh_order_operate.html?command=get_materiel&rest_code=00141&code=00101008114&supplier_code=00100007&order_time=2022-11-26 HTTP/1.1" 200 412
114.84.38.109 - - [26/Nov/2022:10:04:34 +0800] "GET /xingrg/all/function/internal_message.html?_=1669428292033&CODE_STATE=getMsg HTTP/1.1" 302 -
114.84.81.136 - - [26/Nov/2022:10:04:40 +0800] "GET /xingrg/check_reg.html?_=1669428276901 HTTP/1.1" 200 22
114.84.81.136 - - [26/Nov/2022:10:04:40 +0800] "GET /xingrg/all/function/internal_message.html?_=1669428276903&CODE_STATE=getMsg HTTP/1.1" 200 27
114.95.46.117 - - [26/Nov/2022:10:04:41 +0800] "GET /xingrg/javascript/auto/indicator.gif HTTP/1.1" 404 1066
116.230.105.139 - - [26/Nov/2022:10:04:43 +0800] "GET /xingrg/all/function/internal_message.html?_=1669428256766&CODE_STATE=getMsg HTTP/1.1" 200 27
114.88.159.190 - - [26/Nov/2022:10:04:43 +0800] "GET /xingrg/kc/buy/cgsh_order_operate.html?command=get_materiel&rest_code=00141&code=00101008150&supplier_code=00100007&order_time=2022-11-26 HTTP/1.1" 200 409
114.84.38.109 - - [26/Nov/2022:10:04:44 +0800] "GET /xingrg/all/function/internal_message.html?_=1669428298838&CODE_STATE=getMsg HTTP/1.1" 200 27
114.88.159.190 - - [26/Nov/2022:10:04:45 +0800] "POST /xingrg/kc/buy/cgsh_order_operate.html HTTP/1.1" 200 2065
58.40.7.146 - - [26/Nov/2022:10:04:50 +0800] "GET /xingrg/check_reg.html?_=1669428285999 HTTP/1.1" 200 22
114.84.38.109 - - [26/Nov/2022:10:04:50 +0800] "GET /xingrg/check_reg.html?_=1669428308451 HTTP/1.1" 302 -
114.88.159.190 - - [26/Nov/2022:10:04:51 +0800] "GET /xingrg/kc/buy/cgsh_order_operate.html?command=get_materiel&rest_code=00141&code=00101008134&supplier_code=00100007&order_time=2022-11-26 HTTP/1.1" 200 412
114.88.159.190 - - [26/Nov/2022:10:05:00 +0800] "GET /xingrg/kc/buy/cgsh_order_operate.html?command=get_materiel&rest_code=00141&code=00101008165&supplier_code=00100007&order_time=2022-11-26 HTTP/1.1" 200 417
116.238.139.35 - - [26/Nov/2022:10:05:00 +0800] "GET /xingrg/check_reg.html?_=1669428200673 HTTP/1.1" 200 22
114.95.46.117 - - [26/Nov/2022:10:05:01 +0800] "GET /xingrg/all/function/internal_message.html?_=1669428297375&CODE_STATE=getMsg HTTP/1.1" 200 27
124.79.245.154 - - [26/Nov/2022:10:05:02 +0800] "GET /xingrg/check_reg.html?_=1669428517979 HTTP/1.1" 200 22
124.79.245.154 - - [26/Nov/2022:10:05:02 +0800] "GET /xingrg/all/function/internal_message.html?_=1669428517980&CODE_STATE=getMsg HTTP/1.1" 200 27
114.88.159.190 - - [26/Nov/2022:10:05:09 +0800] "GET /xingrg/check_reg.html?_=1669427908591 HTTP/1.1" 200 22
114.88.159.190 - - [26/Nov/2022:10:05:09 +0800] "GET /xingrg/all/function/internal_message.html?_=1669427908591&CODE_STATE=getMsg HTTP/1.1" 200 27
116.238.139.35 - - [26/Nov/2022:10:05:10 +0800] "GET /xingrg/all/function/internal_message.html?_=1669428210612&CODE_STATE=getMsg HTTP/1.1" 200 27
114.88.159.190 - - [26/Nov/2022:10:05:14 +0800] "GET /xingrg/kc/buy/cgsh_order_operate.html?command=get_materiel&rest_code=00141&code=00101009031&supplier_code=00100007&order_time=2022-11-26 HTTP/1.1" 200 409
114.95.46.117 - - [26/Nov/2022:10:05:15 +0800] "GET /xingrg/all/function/internal_message.html?_=1669428160597&CODE_STATE=getMsg HTTP/1.1" 200 27
120.253.135.82 - - [26/Nov/2022:10:05:23 +0800] "GET /xingrg/all/function/internal_message.html?_=1669428120004&CODE_STATE=getMsg HTTP/1.1" 200 27
114.88.159.190 - - [26/Nov/2022:10:05:25 +0800] "GET /xingrg/kc/buy/cgsh_order_operate.html?command=get_materiel&rest_code=00141&code=00101009013&supplier_code=00100007&order_time=2022-11-26 HTTP/1.1" 200 422
58.40.7.146 - - [26/Nov/2022:10:05:30 +0800] "GET /xingrg/all/function/internal_message.html?_=1669428326092&CODE_STATE=getMsg HTTP/1.1" 200 27
180.162.229.95 - - [26/Nov/2022:10:05:33 +0800] "GET /xingrg/all/function/internal_message.html?_=1669428330190&CODE_STATE=getMsg HTTP/1.1" 200 27
114.84.38.109 - - [26/Nov/2022:10:05:34 +0800] "GET /xingrg/all/function/internal_message.html?_=1669428352181&CODE_STATE=getMsg HTTP/1.1" 302 -
114.88.159.190 - - [26/Nov/2022:10:05:35 +0800] "GET /xingrg/kc/buy/cgsh_order_operate.html?command=get_materiel&rest_code=00141&code=00101009016&supplier_code=00100007&order_time=2022-11-26 HTTP/1.1" 200 412
114.88.159.190 - - [26/Nov/2022:10:05:38 +0800] "POST /xingrg/kc/buy/cgsh_order_operate.html HTTP/1.1" 200 2065
114.84.81.136 - - [26/Nov/2022:10:05:40 +0800] "GET /xingrg/all/function/internal_message.html?_=1669428336903&CODE_STATE=getMsg HTTP/1.1" 200 27
114.83.219.57 - - [26/Nov/2022:10:05:40 +0800] "GET /xingrg/kc/buy/cgsh_order_operate.html?command=get_materiel&rest_code=00154&code=00101019869&supplier_code=00100151&order_time=2022-11-26 HTTP/1.1" 200 431
116.230.105.139 - - [26/Nov/2022:10:05:43 +0800] "GET /xingrg/all/function/internal_message.html?_=1669428316768&CODE_STATE=getMsg HTTP/1.1" 200 27
114.88.159.190 - - [26/Nov/2022:10:05:43 +0800] "GET /xingrg/kc/buy/cgsh_order_operate.html?command=get_materiel&rest_code=00141&code=00101009054&supplier_code=00100007&order_time=2022-11-26 HTTP/1.1" 200 412
180.162.229.95 - - [26/Nov/2022:10:05:44 +0800] "GET /favicon.ico HTTP/1.1" 404 -
114.84.38.109 - - [26/Nov/2022:10:05:44 +0800] "GET /xingrg/all/function/internal_message.html?_=1669428358859&CODE_STATE=getMsg HTTP/1.1" 200 27
114.83.219.57 - - [26/Nov/2022:10:05:45 +0800] "POST /xingrg/all/common/load_select.html HTTP/1.1" 200 25
114.84.81.136 - - [26/Nov/2022:10:05:46 +0800] "GET /xingrg/check_reg.html?_=1669428343156 HTTP/1.1" 200 22
114.83.219.57 - - [26/Nov/2022:10:05:50 +0800] "GET /xingrg/kc/buy/cgsh_order_operate.html?command=get_materiel_price&rest_code=00154&code=00101019869&unit_code=00100074&supplier_code=00100151&order_time=2022-11-26 HTTP/1.1" 200 30
114.88.159.190 - - [26/Nov/2022:10:05:57 +0800] "GET /xingrg/kc/buy/cgsh_order_operate.html?command=get_materiel&rest_code=00141&code=00101008261&supplier_code=00100007&order_time=2022-11-26 HTTP/1.1" 200 408
114.95.46.117 - - [26/Nov/2022:10:06:01 +0800] "GET /xingrg/kc/buy/cgsh_order_operate.html?command=get_materiel&rest_code=00105&code=00101029010&supplier_code=00100017&order_time=2022-11-26 HTTP/1.1" 200 440
114.95.46.117 - - [26/Nov/2022:10:06:01 +0800] "GET /xingrg/all/function/internal_message.html?_=1669428357376&CODE_STATE=getMsg HTTP/1.1" 200 27
114.95.46.117 - - [26/Nov/2022:10:06:01 +0800] "GET /xingrg/check_reg.html?_=1669428357378 HTTP/1.1" 200 22
124.79.245.154 - - [26/Nov/2022:10:06:02 +0800] "GET /xingrg/all/function/internal_message.html?_=1669428577978&CODE_STATE=getMsg HTTP/1.1" 200 27
114.88.159.190 - - [26/Nov/2022:10:06:07 +0800] "GET /xingrg/kc/buy/cgsh_order_operate.html?command=get_materiel&rest_code=00141&code=00101008210&supplier_code=00100007&order_time=2022-11-26 HTTP/1.1" 200 408
114.88.159.190 - - [26/Nov/2022:10:06:09 +0800] "GET /xingrg/all/function/internal_message.html?_=1669427968661&CODE_STATE=getMsg HTTP/1.1" 200 27
116.238.139.35 - - [26/Nov/2022:10:06:10 +0800] "GET /xingrg/all/function/internal_message.html?_=1669428270624&CODE_STATE=getMsg HTTP/1.1" 200 27
114.95.46.117 - - [26/Nov/2022:10:06:15 +0800] "GET /xingrg/all/function/internal_message.html?_=1669428220596&CODE_STATE=getMsg HTTP/1.1" 200 27
120.253.135.82 - - [26/Nov/2022:10:06:23 +0800] "GET /xingrg/all/function/internal_message.html?_=1669428180017&CODE_STATE=getMsg HTTP/1.1" 200 27
114.83.219.57 - - [26/Nov/2022:10:06:23 +0800] "POST /xingrg/kc/buy/cgsh_order_operate.html HTTP/1.1" 200 37
114.88.159.190 - - [26/Nov/2022:10:06:25 +0800] "GET /xingrg/kc/buy/cgsh_order_operate.html?command=get_materiel&rest_code=00141&code=00101008361&supplier_code=00100007&order_time=2022-11-26 HTTP/1.1" 200 408
120.253.135.82 - - [26/Nov/2022:10:06:26 +0800] "GET /favicon.ico HTTP/1.1" 404 -
114.83.219.57 - - [26/Nov/2022:10:06:27 +0800] "POST /xingrg/kc/buy/cgsh_order_operate.html HTTP/1.1" 200 12
114.88.159.190 - - [26/Nov/2022:10:06:28 +0800] "POST /xingrg/kc/buy/cgsh_order_operate.html HTTP/1.1" 200 2065
114.83.219.57 - - [26/Nov/2022:10:06:28 +0800] "GET /xingrg/kc/buy/cgsh_order_info.html?code=212022112608892 HTTP/1.1" 200 63658
114.83.219.57 - - [26/Nov/2022:10:06:29 +0800] "GET /xingrg/javascript/easyui/themes/default/validatebox.css HTTP/1.1" 404 1104
114.83.219.57 - - [26/Nov/2022:10:06:29 +0800] "POST /xingrg/kc/buy/cgsh_order_operate.html HTTP/1.1" 200 5485
58.40.7.146 - - [26/Nov/2022:10:06:30 +0800] "GET /xingrg/all/function/internal_message.html?_=1669428386083&CODE_STATE=getMsg HTTP/1.1" 200 27
114.83.219.57 - - [26/Nov/2022:10:06:33 +0800] "GET /xingrg/kc/print/load_config.html?kc_code=cgsh HTTP/1.1" 200 1943
114.83.219.57 - - [26/Nov/2022:10:06:33 +0800] "GET /xingrg/kc/print/load_data.html?order_code=212022112608892&kc_code=cgsh&condition= HTTP/1.1" 200 2643
180.162.229.95 - - [26/Nov/2022:10:06:33 +0800] "GET /xingrg/all/function/internal_message.html?_=1669428390176&CODE_STATE=getMsg HTTP/1.1" 200 27
114.84.38.109 - - [26/Nov/2022:10:06:34 +0800] "GET /xingrg/all/function/internal_message.html?_=1669428412185&CODE_STATE=getMsg HTTP/1.1" 302 -
114.88.159.190 - - [26/Nov/2022:10:06:38 +0800] "GET /xingrg/kc/buy/cgsh_order_operate.html?command=get_materiel&rest_code=00141&code=00101008355&supplier_code=00100007&order_time=2022-11-26 HTTP/1.1" 200 408
114.84.81.136 - - [26/Nov/2022:10:06:40 +0800] "GET /xingrg/all/function/internal_message.html?_=1669428396903&CODE_STATE=getMsg HTTP/1.1" 200 27
116.230.105.139 - - [26/Nov/2022:10:06:43 +0800] "GET /xingrg/check_reg.html?_=1669428376765 HTTP/1.1" 200 22
116.230.105.139 - - [26/Nov/2022:10:06:43 +0800] "GET /xingrg/all/function/internal_message.html?_=1669428376767&CODE_STATE=getMsg HTTP/1.1" 200 27
114.84.38.109 - - [26/Nov/2022:10:06:44 +0800] "GET /xingrg/all/function/internal_message.html?_=1669428418865&CODE_STATE=getMsg HTTP/1.1" 200 27
114.88.159.190 - - [26/Nov/2022:10:06:46 +0800] "GET /xingrg/kc/buy/cgsh_order_operate.html?command=get_materiel&rest_code=00141&code=00101008137&supplier_code=00100007&order_time=2022-11-26 HTTP/1.1" 200 408
114.83.219.57 - - [26/Nov/2022:10:06:49 +0800] "GET /xingrg/check_reg.html?_=1669428534195 HTTP/1.1" 200 22
114.84.38.109 - - [26/Nov/2022:10:06:53 +0800] "POST /xingrg/services/DataTransmitService HTTP/1.1" 200 524
114.88.159.190 - - [26/Nov/2022:10:06:54 +0800] "GET /xingrg/kc/buy/cgsh_order_operate.html?command=get_materiel&rest_code=00141&code=00101008059&supplier_code=00100007&order_time=2022-11-26 HTTP/1.1" 200 408
114.84.38.109 - - [26/Nov/2022:10:06:54 +0800] "POST /xingrg/services/DataTransmitService HTTP/1.1" 200 2339
114.95.46.117 - - [26/Nov/2022:10:07:01 +0800] "GET /xingrg/all/function/internal_message.html?_=1669428417378&CODE_STATE=getMsg HTTP/1.1" 200 27
114.84.38.109 - - [26/Nov/2022:10:07:01 +0800] "POST /xingrg/services/DataTransmitService HTTP/1.1" 200 524
124.79.245.154 - - [26/Nov/2022:10:07:02 +0800] "GET /xingrg/all/function/internal_message.html?_=1669428637976&CODE_STATE=getMsg HTTP/1.1" 200 27
120.253.135.82 - - [26/Nov/2022:10:07:02 +0800] "GET /xingrg/index.html?sysBaseUrl=http%3A%2F%2F180.169.147.146%3A18081%2Fxingrg%2F&costTime=34×tamp=1585631483848 HTTP/1.1" 302 -
114.84.38.109 - - [26/Nov/2022:10:07:03 +0800] "POST /xingrg/services/DataTransmitService HTTP/1.1" 200 2339
120.253.135.82 - - [26/Nov/2022:10:07:03 +0800] "GET /xingrg/login.html HTTP/1.1" 200 7641
114.88.159.190 - - [26/Nov/2022:10:07:03 +0800] "GET /xingrg/kc/buy/cgsh_order_operate.html?command=get_materiel&rest_code=00141&code=00101008169&supplier_code=00100007&order_time=2022-11-26 HTTP/1.1" 200 412
120.253.135.82 - - [26/Nov/2022:10:07:04 +0800] "GET /xingrg/images/blue/jxLogo.png HTTP/1.1" 200 6156
120.253.135.82 - - [26/Nov/2022:10:07:04 +0800] "GET /xingrg/images/blue/login_bg.png HTTP/1.1" 200 22101
120.253.135.82 - - [26/Nov/2022:10:07:04 +0800] "GET /xingrg/images/blue/hj.png HTTP/1.1" 200 1014
120.253.135.82 - - [26/Nov/2022:10:07:04 +0800] "GET /xingrg/images/blue/srbg.png HTTP/1.1" 200 138
120.253.135.82 - - [26/Nov/2022:10:07:05 +0800] "GET /favicon.ico HTTP/1.1" 404 -
101.85.106.255 - - [26/Nov/2022:10:07:07 +0800] "POST /xingrg/login.do HTTP/1.1" 302 -
101.85.106.255 - - [26/Nov/2022:10:07:07 +0800] "GET /xingrg/index.html?sysBaseUrl=http%3A%2F%2F180.169.147.146%3A18081%2Fxingrg%2F&costTime=42×tamp=1669428427493 HTTP/1.1" 200 17179
101.85.106.255 - - [26/Nov/2022:10:07:07 +0800] "GET /xingrg/javascript/jquery_easy_ui/themes/default/easyui.css HTTP/1.1" 304 -
101.85.106.255 - - [26/Nov/2022:10:07:07 +0800] "GET /xingrg/javascript/jquery_easy_ui/easyui-lang-zh_CN.js HTTP/1.1" 304 -
101.85.106.255 - - [26/Nov/2022:10:07:07 +0800] "GET /xingrg/javascript/jquery.form.js HTTP/1.1" 304 -
101.85.106.255 - - [26/Nov/2022:10:07:07 +0800] "GET /xingrg/javascript/jquery_easy_ui/themes/icon.css HTTP/1.1" 304 -
101.85.106.255 - - [26/Nov/2022:10:07:07 +0800] "GET /xingrg/javascript/jquery.utils.js HTTP/1.1" 304 -
101.85.106.255 - - [26/Nov/2022:10:07:07 +0800] "GET /xingrg/javascript/jquery.timers.js HTTP/1.1" 304 -
101.85.106.255 - - [26/Nov/2022:10:07:07 +0800] "GET /xingrg/javascript/jquery-1.4.2.min.js HTTP/1.1" 304 -
101.85.106.255 - - [26/Nov/2022:10:07:07 +0800] "GET /xingrg/javascript/jquery_easy_ui/jquery.easyui.min.js HTTP/1.1" 304 -
101.85.106.255 - - [26/Nov/2022:10:07:07 +0800] "GET /favicon.ico HTTP/1.1" 404 -
101.85.106.255 - - [26/Nov/2022:10:07:07 +0800] "GET /xingrg/css/form.css HTTP/1.1" 304 -
101.85.106.255 - - [26/Nov/2022:10:07:07 +0800] "GET /xingrg/images/blue/navBackgound.jpg HTTP/1.1" 304 -
101.85.106.255 - - [26/Nov/2022:10:07:07 +0800] "GET /xingrg/javascript/jquery_easy_ui/themes/icons/settle_new.png HTTP/1.1" 304 -
120.253.135.82 - - [26/Nov/2022:10:07:07 +0800] "POST /xingrg/login.do HTTP/1.1" 302 -
120.253.135.82 - - [26/Nov/2022:10:07:07 +0800] "GET /xingrg/javascript/jquery_easy_ui/themes/icon.css HTTP/1.1" 200 3949
120.253.135.82 - - [26/Nov/2022:10:07:07 +0800] "GET /xingrg/index.html?sysBaseUrl=http%3A%2F%2F180.169.147.146%3A18081%2Fxingrg%2F&costTime=41×tamp=1669428427893 HTTP/1.1" 200 17173
101.85.106.255 - - [26/Nov/2022:10:07:07 +0800] "POST /xingrg/all/common/load_tree.html?tree=area_rest_tree_json&manage=1 HTTP/1.1" 200 351
120.253.135.82 - - [26/Nov/2022:10:07:07 +0800] "GET /xingrg/javascript/jquery_easy_ui/themes/default/easyui.css HTTP/1.1" 200 26500
120.253.135.82 - - [26/Nov/2022:10:07:07 +0800] "GET /xingrg/javascript/jquery_easy_ui/easyui-lang-zh_CN.js HTTP/1.1" 200 1900
120.253.135.82 - - [26/Nov/2022:10:07:07 +0800] "GET /xingrg/javascript/jquery_easy_ui/jquery.easyui.min.js HTTP/1.1" 200 213662
120.253.135.82 - - [26/Nov/2022:10:07:08 +0800] "GET /xingrg/javascript/jquery.form.js HTTP/1.1" 200 23110
120.253.135.82 - - [26/Nov/2022:10:07:08 +0800] "GET /xingrg/javascript/jquery-1.4.2.min.js HTTP/1.1" 200 72205
120.253.135.82 - - [26/Nov/2022:10:07:08 +0800] "GET /xingrg/css/form.css HTTP/1.1" 200 893
101.85.106.255 - - [26/Nov/2022:10:07:08 +0800] "GET /xingrg/images/blue/pingpu.png HTTP/1.1" 304 -
101.85.106.255 - - [26/Nov/2022:10:07:08 +0800] "GET /xingrg/all/function/internal_message.html?_=1669428423920&CODE_STATE=count HTTP/1.1" 200 11
101.85.106.255 - - [26/Nov/2022:10:07:08 +0800] "GET /xingrg/check_reg.html?_=1669428423921 HTTP/1.1" 200 22
101.85.106.255 - - [26/Nov/2022:10:07:08 +0800] "GET /xingrg/javascript/jquery_easy_ui/themes/default/images/tabs_leftarrow.png HTTP/1.1" 304 -
101.85.106.255 - - [26/Nov/2022:10:07:08 +0800] "GET /xingrg/javascript/jquery_easy_ui/themes/default/images/tabs_rightarrow.png HTTP/1.1" 304 -
101.85.106.255 - - [26/Nov/2022:10:07:08 +0800] "GET /xingrg/javascript/jquery_easy_ui/themes/default/images/panel_tool_collapse.gif HTTP/1.1" 304 -
101.85.106.255 - - [26/Nov/2022:10:07:08 +0800] "POST /xingrg/load_menu.html HTTP/1.1" 200 5138
114.95.46.117 - - [26/Nov/2022:10:07:08 +0800] "GET /xingrg/kc/buy/cgsh_order_operate.html?command=get_materiel&rest_code=00105&code=00101029011&supplier_code=00100017&order_time=2022-11-26 HTTP/1.1" 200 460
120.253.135.82 - - [26/Nov/2022:10:07:08 +0800] "GET /xingrg/javascript/jquery.utils.js HTTP/1.1" 200 11805
120.253.135.82 - - [26/Nov/2022:10:07:08 +0800] "GET /xingrg/javascript/jquery.timers.js HTTP/1.1" 200 3532
101.85.106.255 - - [26/Nov/2022:10:07:08 +0800] "GET /xingrg/javascript/jquery_easy_ui/themes/default/images/tree_arrows.gif HTTP/1.1" 304 -
101.85.106.255 - - [26/Nov/2022:10:07:08 +0800] "GET /xingrg/javascript/jquery_easy_ui/themes/default/images/tree_folder_open.gif HTTP/1.1" 304 -
101.85.106.255 - - [26/Nov/2022:10:07:08 +0800] "GET /xingrg/javascript/jquery_easy_ui/themes/icons/search_new.png HTTP/1.1" 304 -
101.85.106.255 - - [26/Nov/2022:10:07:08 +0800] "GET /xingrg/javascript/jquery_easy_ui/themes/icons/storage_new.png HTTP/1.1" 304 -
101.85.106.255 - - [26/Nov/2022:10:07:08 +0800] "GET /xingrg/javascript/jquery_easy_ui/themes/default/images/tree_folder.gif HTTP/1.1" 304 -
101.85.106.255 - - [26/Nov/2022:10:07:08 +0800] "GET /xingrg/javascript/jquery_easy_ui/themes/icons/forms_new.png HTTP/1.1" 304 -
101.85.106.255 - - [26/Nov/2022:10:07:08 +0800] "GET /xingrg/javascript/jquery_easy_ui/themes/default/images/tree_file.gif HTTP/1.1" 304 -
120.253.135.82 - - [26/Nov/2022:10:07:08 +0800] "GET /favicon.ico HTTP/1.1" 404 -
120.253.135.82 - - [26/Nov/2022:10:07:08 +0800] "GET /xingrg/javascript/jquery_easy_ui/themes/icons/settle_new.png HTTP/1.1" 200 826
120.253.135.82 - - [26/Nov/2022:10:07:08 +0800] "POST /xingrg/all/common/load_tree.html?tree=area_rest_tree_json&manage=1 HTTP/1.1" 200 344
120.253.135.82 - - [26/Nov/2022:10:07:08 +0800] "GET /xingrg/images/blue/pingpu.png HTTP/1.1" 200 231
120.253.135.82 - - [26/Nov/2022:10:07:08 +0800] "GET /xingrg/javascript/jquery_easy_ui/themes/default/images/tabs_leftarrow.png HTTP/1.1" 200 389
120.253.135.82 - - [26/Nov/2022:10:07:08 +0800] "GET /xingrg/javascript/jquery_easy_ui/themes/default/images/tabs_rightarrow.png HTTP/1.1" 200 395
120.253.135.82 - - [26/Nov/2022:10:07:08 +0800] "GET /xingrg/javascript/jquery_easy_ui/themes/default/images/panel_tool_collapse.gif HTTP/1.1" 200 246
120.253.135.82 - - [26/Nov/2022:10:07:09 +0800] "GET /xingrg/images/blue/navBackgound.jpg HTTP/1.1" 200 12378
114.88.159.190 - - [26/Nov/2022:10:07:10 +0800] "GET /xingrg/all/function/internal_message.html?_=1669428028691&CODE_STATE=getMsg HTTP/1.1" 200 27
116.238.139.35 - - [26/Nov/2022:10:07:10 +0800] "GET /xingrg/all/function/internal_message.html?_=1669428330792&CODE_STATE=getMsg HTTP/1.1" 200 27
120.253.135.82 - - [26/Nov/2022:10:07:10 +0800] "GET /xingrg/check_reg.html?_=1669428296944 HTTP/1.1" 200 22
120.253.135.82 - - [26/Nov/2022:10:07:10 +0800] "GET /xingrg/all/function/internal_message.html?_=1669428296942&CODE_STATE=count HTTP/1.1" 200 11
120.253.135.82 - - [26/Nov/2022:10:07:11 +0800] "POST /xingrg/load_menu.html HTTP/1.1" 200 6743
120.253.135.82 - - [26/Nov/2022:10:07:11 +0800] "GET /xingrg/javascript/jquery_easy_ui/themes/default/images/tree_arrows.gif HTTP/1.1" 200 1043
120.253.135.82 - - [26/Nov/2022:10:07:11 +0800] "GET /xingrg/javascript/jquery_easy_ui/themes/default/images/tree_folder_open.gif HTTP/1.1" 200 956
120.253.135.82 - - [26/Nov/2022:10:07:11 +0800] "GET /xingrg/javascript/jquery_easy_ui/themes/icons/search_new.png HTTP/1.1" 200 586
120.253.135.82 - - [26/Nov/2022:10:07:11 +0800] "GET /xingrg/javascript/jquery_easy_ui/themes/icons/delivery_new.png HTTP/1.1" 200 700
120.253.135.82 - - [26/Nov/2022:10:07:11 +0800] "GET /xingrg/javascript/jquery_easy_ui/themes/icons/storage_new.png HTTP/1.1" 200 853
120.253.135.82 - - [26/Nov/2022:10:07:11 +0800] "GET /xingrg/javascript/jquery_easy_ui/themes/icons/forms_new.png HTTP/1.1" 200 350
120.253.135.82 - - [26/Nov/2022:10:07:11 +0800] "GET /xingrg/javascript/jquery_easy_ui/themes/default/images/tree_file.gif HTTP/1.1" 200 118
120.253.135.82 - - [26/Nov/2022:10:07:11 +0800] "GET /xingrg/javascript/jquery_easy_ui/themes/default/images/tree_folder.gif HTTP/1.1" 200 952
114.88.159.190 - - [26/Nov/2022:10:07:12 +0800] "GET /xingrg/kc/buy/cgsh_order_operate.html?command=get_materiel&rest_code=00141&code=00101019738&supplier_code=00100007&order_time=2022-11-26 HTTP/1.1" 200 448
101.85.106.255 - - [26/Nov/2022:10:07:13 +0800] "GET /xingrg/javascript/jquery_easy_ui/themes/icons/area.png HTTP/1.1" 304 -
101.85.106.255 - - [26/Nov/2022:10:07:13 +0800] "GET /xingrg/javascript/jquery_easy_ui/themes/icons/rest.png HTTP/1.1" 304 -
114.95.46.117 - - [26/Nov/2022:10:07:15 +0800] "GET /xingrg/all/function/internal_message.html?_=1669428280589&CODE_STATE=getMsg HTTP/1.1" 200 27
114.88.159.190 - - [26/Nov/2022:10:07:16 +0800] "POST /xingrg/kc/buy/cgsh_order_operate.html HTTP/1.1" 200 2065
180.165.156.114 - - [26/Nov/2022:10:07:16 +0800] "GET /favicon.ico HTTP/1.1" 404 -
114.88.159.190 - - [26/Nov/2022:10:07:22 +0800] "GET /xingrg/kc/buy/cgsh_order_operate.html?command=get_materiel&rest_code=00141&code=00101008005&supplier_code=00100007&order_time=2022-11-26 HTTP/1.1" 200 412
180.165.156.114 - - [26/Nov/2022:10:07:23 +0800] "GET /xingrg/login.html HTTP/1.1" 200 7641
120.253.135.82 - - [26/Nov/2022:10:07:23 +0800] "GET /xingrg/all/function/internal_message.html?_=1669428240042&CODE_STATE=getMsg HTTP/1.1" 200 27
180.165.156.114 - - [26/Nov/2022:10:07:23 +0800] "GET /favicon.ico HTTP/1.1" 404 -
120.253.135.82 - - [26/Nov/2022:10:07:24 +0800] "GET /xingrg/javascript/jquery_easy_ui/themes/default/images/tabs_close.gif HTTP/1.1" 200 829
120.253.135.82 - - [26/Nov/2022:10:07:24 +0800] "GET /xingrg/css/base.css HTTP/1.1" 200 2811
120.253.135.82 - - [26/Nov/2022:10:07:24 +0800] "GET /xingrg/kc/buy/cgsh_order_list.html HTTP/1.1" 200 53780
120.253.135.82 - - [26/Nov/2022:10:07:24 +0800] "GET /xingrg/javascript/jquery_tools/jquery.tools.extend.js HTTP/1.1" 200 15385
120.253.135.82 - - [26/Nov/2022:10:07:24 +0800] "GET /xingrg/javascript/jquery_tools/jquery.tools.table.js HTTP/1.1" 200 6994
120.253.135.82 - - [26/Nov/2022:10:07:24 +0800] "GET /xingrg/javascript/jquery_tools/jquery.tools.hotkey.js HTTP/1.1" 200 3242
120.253.135.82 - - [26/Nov/2022:10:07:24 +0800] "GET /xingrg/css/site.css HTTP/1.1" 200 7541
120.253.135.82 - - [26/Nov/2022:10:07:24 +0800] "GET /xingrg/javascript/jquery_tools/list_manager.js HTTP/1.1" 200 3652
120.253.135.82 - - [26/Nov/2022:10:07:24 +0800] "GET /xingrg/javascript/auto/jquery.autocomplete.js HTTP/1.1" 200 21624
120.253.135.82 - - [26/Nov/2022:10:07:24 +0800] "GET /xingrg/javascript/jquery.cookie.js HTTP/1.1" 200 5513
120.253.135.82 - - [26/Nov/2022:10:07:24 +0800] "GET /xingrg/javascript/jquery_tools/datebox.css HTTP/1.1" 200 2597
120.253.135.82 - - [26/Nov/2022:10:07:24 +0800] "GET /xingrg/javascript/print/LodopFuncs.js HTTP/1.1" 200 5121
120.253.135.82 - - [26/Nov/2022:10:07:24 +0800] "GET /xingrg/javascript/easyui/easyloader.js HTTP/1.1" 200 5975
120.253.135.82 - - [26/Nov/2022:10:07:24 +0800] "GET /xingrg/javascript/easyui/themes/default/easyui.css HTTP/1.1" 200 30432
120.253.135.82 - - [26/Nov/2022:10:07:24 +0800] "GET /xingrg/javascript/easyui/themes/icon.css HTTP/1.1" 200 4483
120.253.135.82 - - [26/Nov/2022:10:07:24 +0800] "GET /xingrg/javascript/auto/jquery.autocomplete.css HTTP/1.1" 200 587
120.253.135.82 - - [26/Nov/2022:10:07:24 +0800] "GET /xingrg/javascript/jquery_tools/fix.css HTTP/1.1" 200 1702
120.253.135.82 - - [26/Nov/2022:10:07:24 +0800] "GET /xingrg/javascript/jquery_tools/jquery.tools.min.js HTTP/1.1" 200 138801
120.253.135.82 - - [26/Nov/2022:10:07:24 +0800] "GET /xingrg/javascript/jquery_tools/table.css HTTP/1.1" 200 1032
180.165.156.114 - - [26/Nov/2022:10:07:25 +0800] "POST /xingrg/login.do HTTP/1.1" 302 -
180.165.156.114 - - [26/Nov/2022:10:07:25 +0800] "GET /xingrg/index.html?sysBaseUrl=http%3A%2F%2F180.169.147.146%3A18081%2Fxingrg%2F&costTime=44×tamp=1669428445374 HTTP/1.1" 200 17183
180.165.156.114 - - [26/Nov/2022:10:07:25 +0800] "POST /xingrg/all/common/load_tree.html?tree=area_rest_tree_json&manage=1 HTTP/1.1" 200 357
180.165.156.114 - - [26/Nov/2022:10:07:25 +0800] "GET /xingrg/all/function/internal_message.html?_=1669428441070&CODE_STATE=count HTTP/1.1" 200 11
180.165.156.114 - - [26/Nov/2022:10:07:25 +0800] "GET /xingrg/check_reg.html?_=1669428441071 HTTP/1.1" 200 22
180.165.156.114 - - [26/Nov/2022:10:07:25 +0800] "GET /favicon.ico HTTP/1.1" 404 -
180.165.156.114 - - [26/Nov/2022:10:07:25 +0800] "POST /xingrg/load_menu.html HTTP/1.1" 200 5138
120.253.135.82 - - [26/Nov/2022:10:07:28 +0800] "GET /xingrg/javascript/easyui/themes/icons/edit_add_new.png HTTP/1.1" 200 2997
120.253.135.82 - - [26/Nov/2022:10:07:28 +0800] "GET /xingrg/javascript/easyui/themes/icons/check_new.png HTTP/1.1" 200 3224
120.253.135.82 - - [26/Nov/2022:10:07:28 +0800] "GET /xingrg/javascript/easyui/themes/icons/cance_new.png HTTP/1.1" 200 3986
120.253.135.82 - - [26/Nov/2022:10:07:28 +0800] "GET /xingrg/javascript/easyui/themes/icons/field_new.png HTTP/1.1" 200 1097
120.253.135.82 - - [26/Nov/2022:10:07:28 +0800] "GET /xingrg/javascript/easyui/themes/icons/import_new.png HTTP/1.1" 200 1247
120.253.135.82 - - [26/Nov/2022:10:07:28 +0800] "GET /xingrg/javascript/jquery_easy_ui/themes/icons/area.png HTTP/1.1" 200 262
120.253.135.82 - - [26/Nov/2022:10:07:28 +0800] "GET /xingrg/javascript/jquery_easy_ui/themes/icons/manage.png HTTP/1.1" 200 696
120.253.135.82 - - [26/Nov/2022:10:07:28 +0800] "GET /xingrg/javascript/easyui/plugins/jquery.parser.js HTTP/1.1" 200 1142
180.165.156.114 - - [26/Nov/2022:10:07:28 +0800] "GET /xingrg/kc/buy/cgsh_order_list.html HTTP/1.1" 200 53790
120.253.135.82 - - [26/Nov/2022:10:07:28 +0800] "GET /xingrg/images/control/ajaxLoader.gif HTTP/1.1" 200 4659
180.165.156.114 - - [26/Nov/2022:10:07:28 +0800] "GET /xingrg/javascript/jquery_easy_ui/themes/default/images/tabs_active.png HTTP/1.1" 200 2894
180.165.156.114 - - [26/Nov/2022:10:07:29 +0800] "POST /xingrg/kc/buy/cgsh_list_operate.html HTTP/1.1" 200 986
120.253.135.82 - - [26/Nov/2022:10:07:29 +0800] "POST /xingrg/kc/buy/cgsh_list_operate.html HTTP/1.1" 200 986
58.40.7.146 - - [26/Nov/2022:10:07:30 +0800] "GET /xingrg/all/function/internal_message.html?_=1669428446067&CODE_STATE=getMsg HTTP/1.1" 200 27
180.162.229.95 - - [26/Nov/2022:10:07:33 +0800] "GET /xingrg/all/function/internal_message.html?_=1669428450152&CODE_STATE=getMsg HTTP/1.1" 200 27
114.84.38.109 - - [26/Nov/2022:10:07:34 +0800] "GET /xingrg/all/function/internal_message.html?_=1669428472331&CODE_STATE=getMsg HTTP/1.1" 302 -
114.95.46.117 - - [26/Nov/2022:10:07:35 +0800] "GET /xingrg/kc/buy/cgsh_order_operate.html?command=get_materiel&rest_code=00105&code=00101029005&supplier_code=00100017&order_time=2022-11-26 HTTP/1.1" 200 436
120.253.135.82 - - [26/Nov/2022:10:07:38 +0800] "GET /xingrg/kc/buy/cgsh_order_list.html HTTP/1.1" 200 53780
120.253.135.82 - - [26/Nov/2022:10:07:38 +0800] "GET /xingrg/javascript/easyui/themes/default/images/button_plain_hover.png HTTP/1.1" 200 144
120.253.135.82 - - [26/Nov/2022:10:07:39 +0800] "POST /xingrg/kc/buy/cgsh_list_operate.html HTTP/1.1" 200 986
120.253.135.82 - - [26/Nov/2022:10:07:39 +0800] "GET /xingrg/kc/buy/cgsh_order_add.html HTTP/1.1" 200 68625
120.253.135.82 - - [26/Nov/2022:10:07:39 +0800] "GET /xingrg/javascript/pic_change.js HTTP/1.1" 200 4739
120.253.135.82 - - [26/Nov/2022:10:07:39 +0800] "GET /xingrg/javascript/jquery_tools/order_manager.js HTTP/1.1" 200 11183
120.253.135.82 - - [26/Nov/2022:10:07:39 +0800] "GET /xingrg/javascript/convert.js HTTP/1.1" 200 1239
120.253.135.82 - - [26/Nov/2022:10:07:39 +0800] "GET /xingrg/javascript/json2.js HTTP/1.1" 200 11259
120.253.135.82 - - [26/Nov/2022:10:07:39 +0800] "GET /xingrg/javascript/print/kc_print.js HTTP/1.1" 200 11415
120.253.135.82 - - [26/Nov/2022:10:07:39 +0800] "GET /xingrg/words/20221125140633_words.js HTTP/1.1" 200 935010
120.253.135.82 - - [26/Nov/2022:10:07:39 +0800] "GET /xingrg/javascript/easyui/themes/icons/copy_new.png HTTP/1.1" 200 815
120.253.135.82 - - [26/Nov/2022:10:07:39 +0800] "GET /xingrg/javascript/easyui/themes/icons/template_new.png HTTP/1.1" 200 3956
120.253.135.82 - - [26/Nov/2022:10:07:39 +0800] "GET /xingrg/javascript/easyui/themes/icons/print.png HTTP/1.1" 200 1057
120.253.135.82 - - [26/Nov/2022:10:07:39 +0800] "GET /xingrg/javascript/easyui/themes/default/images/menu_downarrow.png HTTP/1.1" 200 173
120.253.135.82 - - [26/Nov/2022:10:07:39 +0800] "GET /xingrg/javascript/easyui/themes/icons/ok.png HTTP/1.1" 200 883
120.253.135.82 - - [26/Nov/2022:10:07:39 +0800] "GET /xingrg/javascript/easyui/themes/icons/cancel.png HTTP/1.1" 200 1133
114.84.81.136 - - [26/Nov/2022:10:07:40 +0800] "GET /xingrg/all/function/internal_message.html?_=1669428456903&CODE_STATE=getMsg HTTP/1.1" 200 27
120.253.135.82 - - [26/Nov/2022:10:07:40 +0800] "GET /xingrg/all/common/auto_word.html?type=employee&rest_code=00101 HTTP/1.1" 200 977
120.253.135.82 - - [26/Nov/2022:10:07:40 +0800] "GET /xingrg/all/common/auto_word.html?type=employee&rest_code=00101 HTTP/1.1" 200 977
120.253.135.82 - - [26/Nov/2022:10:07:40 +0800] "GET /xingrg/javascript/easyui/themes/default/validatebox.css HTTP/1.1" 404 1104
120.253.135.82 - - [26/Nov/2022:10:07:40 +0800] "GET /xingrg/javascript/easyui/plugins/jquery.validatebox.js HTTP/1.1" 200 6103
120.253.135.82 - - [26/Nov/2022:10:07:40 +0800] "GET /xingrg/javascript/easyui/plugins/jquery.numberbox.js HTTP/1.1" 200 5213
120.253.135.82 - - [26/Nov/2022:10:07:40 +0800] "POST /xingrg/kc/buy/cgsh_order_operate.html HTTP/1.1" 200 8245
120.253.135.82 - - [26/Nov/2022:10:07:41 +0800] "GET /xingrg/javascript/easyui/themes/icons/edit_remove.png HTTP/1.1" 200 625
116.230.105.139 - - [26/Nov/2022:10:07:43 +0800] "GET /xingrg/all/function/internal_message.html?_=1669428436760&CODE_STATE=getMsg HTTP/1.1" 200 27
114.84.38.109 - - [26/Nov/2022:10:07:43 +0800] "GET /xingrg/check_reg.html?_=1669428477793 HTTP/1.1" 200 22
114.84.38.109 - - [26/Nov/2022:10:07:44 +0800] "GET /xingrg/all/function/internal_message.html?_=1669428478879&CODE_STATE=getMsg HTTP/1.1" 200 27
120.253.135.82 - - [26/Nov/2022:10:07:44 +0800] "GET /xingrg/kc/buy/cgsh_order_add.html HTTP/1.1" 200 68625
120.253.135.82 - - [26/Nov/2022:10:07:45 +0800] "GET /xingrg/javascript/easyui/themes/icons/template_new.png HTTP/1.1" 304 -
120.253.135.82 - - [26/Nov/2022:10:07:45 +0800] "POST /xingrg/kc/buy/cgsh_order_operate.html HTTP/1.1" 200 8245
120.253.135.82 - - [26/Nov/2022:10:07:45 +0800] "GET /xingrg/all/common/auto_word.html?type=employee&rest_code=00101 HTTP/1.1" 200 977
120.253.135.82 - - [26/Nov/2022:10:07:45 +0800] "GET /xingrg/all/common/auto_word.html?type=employee&rest_code=00101 HTTP/1.1" 200 977
120.253.135.82 - - [26/Nov/2022:10:07:45 +0800] "GET /xingrg/javascript/easyui/themes/default/validatebox.css HTTP/1.1" 404 1104
120.253.135.82 - - [26/Nov/2022:10:07:46 +0800] "GET /xingrg/javascript/auto/indicator.gif HTTP/1.1" 404 1066
120.253.135.82 - - [26/Nov/2022:10:07:46 +0800] "GET /xingrg/javascript/auto/indicator.gif HTTP/1.1" 404 1066
114.88.159.190 - - [26/Nov/2022:10:07:52 +0800] "GET /xingrg/kc/buy/cgsh_order_operate.html?command=get_materiel&rest_code=00141&code=00101019816&supplier_code=00100007&order_time=2022-11-26 HTTP/1.1" 200 447
114.84.38.109 - - [26/Nov/2022:10:07:52 +0800] "POST /xingrg/services/DataTransmitService HTTP/1.1" 200 524
120.253.135.82 - - [26/Nov/2022:10:07:53 +0800] "GET /xingrg/css/images/panel_loading.gif HTTP/1.1" 304 -
120.253.135.82 - - [26/Nov/2022:10:07:53 +0800] "POST /xingrg/all/common/load_combo.html?type=employee HTTP/1.1" 200 1752
120.253.135.82 - - [26/Nov/2022:10:07:55 +0800] "GET /xingrg/css/images/panel_loading.gif HTTP/1.1" 200 1737
120.253.135.82 - - [26/Nov/2022:10:07:55 +0800] "POST /xingrg/all/common/load_combo.html?type=employee HTTP/1.1" 200 1752
114.88.159.190 - - [26/Nov/2022:10:08:01 +0800] "GET /xingrg/kc/buy/cgsh_order_operate.html?command=get_materiel&rest_code=00141&code=00101008155&supplier_code=00100007&order_time=2022-11-26 HTTP/1.1" 200 408
114.95.46.117 - - [26/Nov/2022:10:08:01 +0800] "GET /xingrg/all/function/internal_message.html?_=1669428477379&CODE_STATE=getMsg HTTP/1.1" 200 27
124.79.245.154 - - [26/Nov/2022:10:08:02 +0800] "GET /xingrg/all/function/internal_message.html?_=1669428697975&CODE_STATE=getMsg HTTP/1.1" 200 27
120.253.135.82 - - [26/Nov/2022:10:08:04 +0800] "GET /xingrg/kc/buy/cgsh_order_operate.html?command=get_materiel&rest_code=00101&code=00101013262&supplier_code=00100151&order_time=2022-11-26 HTTP/1.1" 200 424
120.253.135.82 - - [26/Nov/2022:10:08:06 +0800] "POST /xingrg/all/common/load_select.html HTTP/1.1" 200 25
114.88.159.190 - - [26/Nov/2022:10:08:06 +0800] "POST /xingrg/kc/buy/cgsh_order_operate.html HTTP/1.1" 200 2065
101.85.106.255 - - [26/Nov/2022:10:08:08 +0800] "GET /xingrg/all/function/internal_message.html?_=1669428483926&CODE_STATE=getMsg HTTP/1.1" 200 27
114.88.159.190 - - [26/Nov/2022:10:08:10 +0800] "GET /xingrg/all/function/internal_message.html?_=1669428088667&CODE_STATE=getMsg HTTP/1.1" 200 27
116.238.139.35 - - [26/Nov/2022:10:08:10 +0800] "GET /xingrg/all/function/internal_message.html?_=1669428390792&CODE_STATE=getMsg HTTP/1.1" 200 27
120.253.135.82 - - [26/Nov/2022:10:08:11 +0800] "GET /xingrg/all/function/internal_message.html?_=1669428356956&CODE_STATE=getMsg HTTP/1.1" 200 27
120.253.135.82 - - [26/Nov/2022:10:08:11 +0800] "GET /xingrg/kc/buy/cgsh_order_operate.html?command=get_materiel_price&rest_code=00101&code=00101013262&unit_code=00100059&supplier_code=00100151&order_time=2022-11-26 HTTP/1.1" 200 28
114.95.46.117 - - [26/Nov/2022:10:08:13 +0800] "GET /xingrg/kc/buy/cgsh_order_operate.html?command=get_materiel&rest_code=00105&code=00101028011&supplier_code=00100017&order_time=2022-11-26 HTTP/1.1" 200 452
