101.85.106.255 - - [26/Nov/2022:11:54:08 +0800] "GET /xingrg/all/function/internal_message.html?_=1669434844067&CODE_STATE=getMsg HTTP/1.1" 200 27
114.84.38.109 - - [26/Nov/2022:11:54:11 +0800] "GET /xingrg/kc/buy/cgsh_order_add.html HTTP/1.1" 200 69561
114.84.38.109 - - [26/Nov/2022:11:54:12 +0800] "POST /xingrg/kc/buy/cgsh_order_operate.html HTTP/1.1" 200 8245
114.84.38.109 - - [26/Nov/2022:11:54:12 +0800] "GET /xingrg/javascript/easyui/themes/default/validatebox.css HTTP/1.1" 404 1104
180.169.147.146 - - [26/Nov/2022:11:54:12 +0800] "POST /xingrg/kc/buy/cgsh_order_operate.html HTTP/1.1" 200 37
180.169.147.146 - - [26/Nov/2022:11:54:14 +0800] "POST /xingrg/kc/buy/cgsh_order_operate.html HTTP/1.1" 200 3273
180.169.147.146 - - [26/Nov/2022:11:54:14 +0800] "GET /xingrg/kc/print/load_data.html?order_code=212022112608930&kc_code=cgsh&condition= HTTP/1.1" 200 992
180.169.147.146 - - [26/Nov/2022:11:54:14 +0800] "GET /xingrg/all/function/internal_message.html?_=1669434842878&CODE_STATE=getMsg HTTP/1.1" 200 27
180.169.147.146 - - [26/Nov/2022:11:54:14 +0800] "GET /xingrg/check_reg.html?_=1669434843198 HTTP/1.1" 200 22
114.95.46.117 - - [26/Nov/2022:11:54:16 +0800] "GET /xingrg/all/function/internal_message.html?_=1669434700769&CODE_STATE=getMsg HTTP/1.1" 200 27
114.95.46.117 - - [26/Nov/2022:11:54:16 +0800] "GET /xingrg/check_reg.html?_=1669434700770 HTTP/1.1" 200 22
114.83.219.57 - - [26/Nov/2022:11:54:21 +0800] "GET /xingrg/all/function/internal_message.html?_=1669434986209&CODE_STATE=getMsg HTTP/1.1" 200 27
114.83.219.57 - - [26/Nov/2022:11:54:21 +0800] "GET /xingrg/check_reg.html?_=1669434986210 HTTP/1.1" 200 22
180.165.156.114 - - [26/Nov/2022:11:54:25 +0800] "GET /xingrg/all/function/internal_message.html?_=1669434861088&CODE_STATE=getMsg HTTP/1.1" 200 27
114.84.38.109 - - [26/Nov/2022:11:54:27 +0800] "GET /xingrg/kc/buy/cgsh_order_operate.html?command=get_materiel&rest_code=00146&code=00101007059&supplier_code=00100002&order_time=2022-11-26 HTTP/1.1" 200 409
120.253.135.82 - - [26/Nov/2022:11:54:28 +0800] "GET /xingrg/check_reg.html?_=1669434664746 HTTP/1.1" 200 22
58.40.7.146 - - [26/Nov/2022:11:54:28 +0800] "GET /xingrg/all/function/internal_message.html?_=1669434864145&CODE_STATE=getMsg HTTP/1.1" 200 27
180.162.229.95 - - [26/Nov/2022:11:54:32 +0800] "GET /xingrg/all/function/internal_message.html?_=1669434868763&CODE_STATE=getMsg HTTP/1.1" 200 27
180.162.115.136 - - [26/Nov/2022:11:54:32 +0800] "GET /xingrg/all/function/internal_message.html?_=1669433902786&CODE_STATE=getMsg HTTP/1.1" 200 27
116.238.139.35 - - [26/Nov/2022:11:54:33 +0800] "GET /xingrg/all/function/internal_message.html?_=1669434773354&CODE_STATE=getMsg HTTP/1.1" 200 27
180.162.229.95 - - [26/Nov/2022:11:54:33 +0800] "GET /xingrg/check_reg.html?_=1669434870170 HTTP/1.1" 200 22
221.239.170.112 - - [26/Nov/2022:11:54:39 +0800] "GET /xingrg/all/function/internal_message.html?_=1669434869633&CODE_STATE=getMsg HTTP/1.1" 200 27
120.253.135.82 - - [26/Nov/2022:11:54:39 +0800] "GET /xingrg/all/function/internal_message.html?_=1669434676648&CODE_STATE=getMsg HTTP/1.1" 200 27
114.84.81.136 - - [26/Nov/2022:11:54:40 +0800] "GET /xingrg/check_reg.html?_=1669434876981 HTTP/1.1" 200 22
114.84.81.136 - - [26/Nov/2022:11:54:40 +0800] "GET /xingrg/all/function/internal_message.html?_=1669434876984&CODE_STATE=getMsg HTTP/1.1" 200 27
116.230.105.139 - - [26/Nov/2022:11:54:43 +0800] "GET /xingrg/all/function/internal_message.html?_=1669434856763&CODE_STATE=getMsg HTTP/1.1" 200 27
114.84.38.109 - - [26/Nov/2022:11:54:46 +0800] "GET /xingrg/all/function/internal_message.html?_=1669434900551&CODE_STATE=getMsg HTTP/1.1" 302 -
114.84.38.109 - - [26/Nov/2022:11:54:46 +0800] "GET /xingrg/kc/buy/cgsh_order_operate.html?command=get_materiel&rest_code=00146&code=00101006007&supplier_code=00100002&order_time=2022-11-26 HTTP/1.1" 200 417
58.40.7.146 - - [26/Nov/2022:11:54:49 +0800] "GET /xingrg/check_reg.html?_=1669434885788 HTTP/1.1" 200 22
114.95.46.117 - - [26/Nov/2022:11:54:59 +0800] "GET /xingrg/all/function/internal_message.html?_=1669434895684&CODE_STATE=getMsg HTTP/1.1" 200 27
114.84.38.109 - - [26/Nov/2022:11:55:01 +0800] "GET /xingrg/kc/buy/cgsh_order_operate.html?command=get_materiel&rest_code=00146&code=00101007049&supplier_code=00100002&order_time=2022-11-26 HTTP/1.1" 200 409
124.79.245.154 - - [26/Nov/2022:11:55:02 +0800] "GET /xingrg/all/function/internal_message.html?_=1669435118138&CODE_STATE=getMsg HTTP/1.1" 200 27
124.79.245.154 - - [26/Nov/2022:11:55:02 +0800] "GET /xingrg/check_reg.html?_=1669435118139 HTTP/1.1" 200 22
58.37.5.145 - - [26/Nov/2022:11:55:05 +0800] "GET /xingrg/all/function/internal_message.html?_=1669434903885&CODE_STATE=getMsg HTTP/1.1" 200 27
114.84.38.109 - - [26/Nov/2022:11:55:06 +0800] "GET /xingrg/all/function/internal_message.html?_=1669434924073&CODE_STATE=getMsg HTTP/1.1" 200 27
101.85.106.255 - - [26/Nov/2022:11:55:08 +0800] "GET /xingrg/all/function/internal_message.html?_=1669434904069&CODE_STATE=getMsg HTTP/1.1" 200 27
180.169.147.146 - - [26/Nov/2022:11:55:14 +0800] "GET /xingrg/all/function/internal_message.html?_=1669434902853&CODE_STATE=getMsg HTTP/1.1" 200 27
114.95.46.117 - - [26/Nov/2022:11:55:16 +0800] "GET /xingrg/all/function/internal_message.html?_=1669434760752&CODE_STATE=getMsg HTTP/1.1" 200 27
114.83.219.57 - - [26/Nov/2022:11:55:21 +0800] "GET /xingrg/all/function/internal_message.html?_=1669435046197&CODE_STATE=getMsg HTTP/1.1" 200 27
180.165.156.114 - - [26/Nov/2022:11:55:25 +0800] "GET /xingrg/all/function/internal_message.html?_=1669434921080&CODE_STATE=getMsg HTTP/1.1" 200 27
58.40.7.146 - - [26/Nov/2022:11:55:28 +0800] "GET /xingrg/all/function/internal_message.html?_=1669434924123&CODE_STATE=getMsg HTTP/1.1" 200 27
114.84.38.109 - - [26/Nov/2022:11:55:30 +0800] "GET /xingrg/kc/buy/cgsh_order_operate.html?command=get_materiel&rest_code=00146&code=00101007032&supplier_code=00100002&order_time=2022-11-26 HTTP/1.1" 200 413
180.162.229.95 - - [26/Nov/2022:11:55:32 +0800] "GET /xingrg/all/function/internal_message.html?_=1669434928742&CODE_STATE=getMsg HTTP/1.1" 200 27
180.162.115.136 - - [26/Nov/2022:11:55:32 +0800] "GET /xingrg/all/function/internal_message.html?_=1669433962778&CODE_STATE=getMsg HTTP/1.1" 200 27
116.238.139.35 - - [26/Nov/2022:11:55:33 +0800] "GET /xingrg/all/function/internal_message.html?_=1669434833368&CODE_STATE=getMsg HTTP/1.1" 200 27
221.239.170.112 - - [26/Nov/2022:11:55:39 +0800] "GET /xingrg/all/function/internal_message.html?_=1669434929623&CODE_STATE=getMsg HTTP/1.1" 200 27
120.253.135.82 - - [26/Nov/2022:11:55:39 +0800] "GET /xingrg/all/function/internal_message.html?_=1669434736661&CODE_STATE=getMsg HTTP/1.1" 200 27
114.84.81.136 - - [26/Nov/2022:11:55:40 +0800] "GET /xingrg/all/function/internal_message.html?_=1669434936985&CODE_STATE=getMsg HTTP/1.1" 200 27
116.230.105.139 - - [26/Nov/2022:11:55:43 +0800] "GET /xingrg/all/function/internal_message.html?_=1669434916763&CODE_STATE=getMsg HTTP/1.1" 200 27
114.84.81.136 - - [26/Nov/2022:11:55:45 +0800] "GET /xingrg/check_reg.html?_=1669434942716 HTTP/1.1" 200 22
114.84.38.109 - - [26/Nov/2022:11:55:46 +0800] "GET /xingrg/all/function/internal_message.html?_=1669434960573&CODE_STATE=getMsg HTTP/1.1" 302 -
114.95.46.117 - - [26/Nov/2022:11:55:59 +0800] "GET /xingrg/all/function/internal_message.html?_=1669434955661&CODE_STATE=getMsg HTTP/1.1" 200 27
114.84.38.109 - - [26/Nov/2022:11:56:00 +0800] "GET /xingrg/kc/buy/cgsh_order_operate.html?command=get_materiel&rest_code=00146&code=00101007001&supplier_code=00100002&order_time=2022-11-26 HTTP/1.1" 200 409
114.95.46.117 - - [26/Nov/2022:11:56:01 +0800] "GET /xingrg/check_reg.html?_=1669434957146 HTTP/1.1" 200 22
124.79.245.154 - - [26/Nov/2022:11:56:02 +0800] "GET /xingrg/all/function/internal_message.html?_=1669435178140&CODE_STATE=getMsg HTTP/1.1" 200 27
58.37.5.145 - - [26/Nov/2022:11:56:05 +0800] "GET /xingrg/all/function/internal_message.html?_=1669434963854&CODE_STATE=getMsg HTTP/1.1" 200 27
114.84.38.109 - - [26/Nov/2022:11:56:06 +0800] "GET /xingrg/all/function/internal_message.html?_=1669434984085&CODE_STATE=getMsg HTTP/1.1" 200 27
101.85.106.255 - - [26/Nov/2022:11:56:08 +0800] "GET /xingrg/all/function/internal_message.html?_=1669434964068&CODE_STATE=getMsg HTTP/1.1" 200 27
180.169.147.146 - - [26/Nov/2022:11:56:14 +0800] "GET /xingrg/all/function/internal_message.html?_=1669434962836&CODE_STATE=getMsg HTTP/1.1" 200 27
114.95.46.117 - - [26/Nov/2022:11:56:16 +0800] "GET /xingrg/all/function/internal_message.html?_=1669434820768&CODE_STATE=getMsg HTTP/1.1" 200 27
58.37.5.145 - - [26/Nov/2022:11:56:19 +0800] "GET /xingrg/check_reg.html?_=1669434977383 HTTP/1.1" 200 22
114.83.219.57 - - [26/Nov/2022:11:56:21 +0800] "GET /xingrg/all/function/internal_message.html?_=1669435106199&CODE_STATE=getMsg HTTP/1.1" 200 27
114.84.38.109 - - [26/Nov/2022:11:56:21 +0800] "GET /xingrg/kc/buy/cgsh_order_operate.html?command=get_materiel&rest_code=00146&code=00101007077&supplier_code=00100002&order_time=2022-11-26 HTTP/1.1" 200 415
58.37.5.145 - - [26/Nov/2022:11:56:24 +0800] "POST /xingrg/services/DataTransmitService HTTP/1.1" 401 565
58.37.5.145 - - [26/Nov/2022:11:56:24 +0800] "POST /xingrg/services/DataTransmitService HTTP/1.1" 200 478
58.37.5.145 - - [26/Nov/2022:11:56:24 +0800] "POST /xingrg/services/DataTransmitService HTTP/1.1" 200 1319
58.37.5.145 - - [26/Nov/2022:11:56:24 +0800] "POST /xingrg/services/DataTransmitService HTTP/1.1" 200 478
58.37.5.145 - - [26/Nov/2022:11:56:24 +0800] "POST /xingrg/services/DataTransmitService HTTP/1.1" 200 1319
58.37.5.145 - - [26/Nov/2022:11:56:24 +0800] "POST /xingrg/services/DataTransmitService HTTP/1.1" 200 524
58.37.5.145 - - [26/Nov/2022:11:56:24 +0800] "POST /xingrg/services/DataTransmitService HTTP/1.1" 200 2667
58.37.5.145 - - [26/Nov/2022:11:56:24 +0800] "POST /xingrg/services/DataTransmitService HTTP/1.1" 200 45454
58.37.5.145 - - [26/Nov/2022:11:56:24 +0800] "POST /xingrg/services/DataTransmitService HTTP/1.1" 200 19237
180.165.156.114 - - [26/Nov/2022:11:56:25 +0800] "GET /xingrg/all/function/internal_message.html?_=1669434981094&CODE_STATE=getMsg HTTP/1.1" 200 27
58.40.7.146 - - [26/Nov/2022:11:56:28 +0800] "GET /xingrg/all/function/internal_message.html?_=1669434984107&CODE_STATE=getMsg HTTP/1.1" 200 27
180.162.229.95 - - [26/Nov/2022:11:56:32 +0800] "GET /xingrg/all/function/internal_message.html?_=1669434988736&CODE_STATE=getMsg HTTP/1.1" 200 27
180.162.115.136 - - [26/Nov/2022:11:56:32 +0800] "GET /xingrg/all/function/internal_message.html?_=1669434022775&CODE_STATE=getMsg HTTP/1.1" 200 27
116.238.139.35 - - [26/Nov/2022:11:56:33 +0800] "GET /xingrg/all/function/internal_message.html?_=1669434893387&CODE_STATE=getMsg HTTP/1.1" 200 27
114.84.81.136 - - [26/Nov/2022:11:56:36 +0800] "GET /favicon.ico HTTP/1.1" 404 -
114.84.38.109 - - [26/Nov/2022:11:56:36 +0800] "POST /xingrg/kc/buy/cgsh_order_operate.html HTTP/1.1" 200 37
221.239.170.112 - - [26/Nov/2022:11:56:39 +0800] "GET /xingrg/all/function/internal_message.html?_=1669434989630&CODE_STATE=getMsg HTTP/1.1" 200 27
221.239.170.112 - - [26/Nov/2022:11:56:39 +0800] "GET /xingrg/check_reg.html?_=1669434989632 HTTP/1.1" 200 22
114.84.38.109 - - [26/Nov/2022:11:56:39 +0800] "POST /xingrg/kc/buy/cgsh_order_operate.html HTTP/1.1" 200 6803
120.253.135.82 - - [26/Nov/2022:11:56:40 +0800] "GET /xingrg/all/function/internal_message.html?_=1669434796768&CODE_STATE=getMsg HTTP/1.1" 200 27
114.84.81.136 - - [26/Nov/2022:11:56:40 +0800] "GET /xingrg/all/function/internal_message.html?_=1669434996985&CODE_STATE=getMsg HTTP/1.1" 200 27
114.84.38.109 - - [26/Nov/2022:11:56:42 +0800] "GET /xingrg/kc/print/load_data.html?order_code=212022112608931&kc_code=cgsh&condition= HTTP/1.1" 200 2332
116.230.105.139 - - [26/Nov/2022:11:56:43 +0800] "GET /xingrg/check_reg.html?_=1669434976759 HTTP/1.1" 200 22
116.230.105.139 - - [26/Nov/2022:11:56:43 +0800] "GET /xingrg/all/function/internal_message.html?_=1669434976761&CODE_STATE=getMsg HTTP/1.1" 200 27
114.84.38.109 - - [26/Nov/2022:11:56:46 +0800] "GET /xingrg/all/function/internal_message.html?_=1669435020578&CODE_STATE=getMsg HTTP/1.1" 302 -
114.95.46.117 - - [26/Nov/2022:11:56:59 +0800] "GET /xingrg/all/function/internal_message.html?_=1669435015637&CODE_STATE=getMsg HTTP/1.1" 200 27
124.79.245.154 - - [26/Nov/2022:11:57:02 +0800] "GET /xingrg/all/function/internal_message.html?_=1669435238129&CODE_STATE=getMsg HTTP/1.1" 200 27
58.37.5.145 - - [26/Nov/2022:11:57:05 +0800] "GET /xingrg/all/function/internal_message.html?_=1669435023828&CODE_STATE=getMsg HTTP/1.1" 200 27
114.84.38.109 - - [26/Nov/2022:11:57:06 +0800] "GET /xingrg/all/function/internal_message.html?_=1669435044337&CODE_STATE=getMsg HTTP/1.1" 200 27
101.85.106.255 - - [26/Nov/2022:11:57:08 +0800] "GET /xingrg/all/function/internal_message.html?_=1669435024069&CODE_STATE=getMsg HTTP/1.1" 200 27
101.85.106.255 - - [26/Nov/2022:11:57:08 +0800] "GET /xingrg/check_reg.html?_=1669435024071 HTTP/1.1" 200 22
180.169.147.146 - - [26/Nov/2022:11:57:14 +0800] "GET /xingrg/all/function/internal_message.html?_=1669435022820&CODE_STATE=getMsg HTTP/1.1" 200 27
114.95.46.117 - - [26/Nov/2022:11:57:16 +0800] "GET /xingrg/all/function/internal_message.html?_=1669434880767&CODE_STATE=getMsg HTTP/1.1" 200 27
114.83.219.57 - - [26/Nov/2022:11:57:21 +0800] "GET /xingrg/all/function/internal_message.html?_=1669435166210&CODE_STATE=getMsg HTTP/1.1" 200 27
180.165.156.114 - - [26/Nov/2022:11:57:25 +0800] "GET /xingrg/check_reg.html?_=1669435041096 HTTP/1.1" 200 22
180.165.156.114 - - [26/Nov/2022:11:57:25 +0800] "GET /xingrg/all/function/internal_message.html?_=1669435041097&CODE_STATE=getMsg HTTP/1.1" 200 27
58.40.7.146 - - [26/Nov/2022:11:57:28 +0800] "GET /xingrg/all/function/internal_message.html?_=1669435044083&CODE_STATE=getMsg HTTP/1.1" 200 27
180.162.229.95 - - [26/Nov/2022:11:57:32 +0800] "GET /xingrg/all/function/internal_message.html?_=1669435048718&CODE_STATE=getMsg HTTP/1.1" 200 27
180.162.115.136 - - [26/Nov/2022:11:57:32 +0800] "GET /xingrg/all/function/internal_message.html?_=1669434082771&CODE_STATE=getMsg HTTP/1.1" 200 27
180.162.115.136 - - [26/Nov/2022:11:57:32 +0800] "GET /xingrg/check_reg.html?_=1669434082774 HTTP/1.1" 200 22
116.238.139.35 - - [26/Nov/2022:11:57:33 +0800] "GET /xingrg/all/function/internal_message.html?_=1669434953395&CODE_STATE=getMsg HTTP/1.1" 200 27
221.239.170.112 - - [26/Nov/2022:11:57:39 +0800] "GET /xingrg/all/function/internal_message.html?_=1669435049622&CODE_STATE=getMsg HTTP/1.1" 200 27
120.253.135.82 - - [26/Nov/2022:11:57:40 +0800] "GET /xingrg/all/function/internal_message.html?_=1669434856782&CODE_STATE=getMsg HTTP/1.1" 200 27
114.84.81.136 - - [26/Nov/2022:11:57:40 +0800] "GET /xingrg/all/function/internal_message.html?_=1669435056985&CODE_STATE=getMsg HTTP/1.1" 200 27
116.230.105.139 - - [26/Nov/2022:11:57:43 +0800] "GET /xingrg/all/function/internal_message.html?_=1669435036752&CODE_STATE=getMsg HTTP/1.1" 200 27
114.84.38.109 - - [26/Nov/2022:11:57:43 +0800] "GET /xingrg/check_reg.html?_=1669435077955 HTTP/1.1" 302 -
114.84.38.109 - - [26/Nov/2022:11:57:46 +0800] "GET /xingrg/all/function/internal_message.html?_=1669435080591&CODE_STATE=getMsg HTTP/1.1" 302 -
116.238.139.35 - - [26/Nov/2022:11:57:58 +0800] "GET /xingrg/check_reg.html?_=1669435074107 HTTP/1.1" 302 -
114.95.46.117 - - [26/Nov/2022:11:57:59 +0800] "GET /xingrg/all/function/internal_message.html?_=1669435075617&CODE_STATE=getMsg HTTP/1.1" 200 27
124.79.245.154 - - [26/Nov/2022:11:58:02 +0800] "GET /xingrg/all/function/internal_message.html?_=1669435298132&CODE_STATE=getMsg HTTP/1.1" 200 27
58.37.5.145 - - [26/Nov/2022:11:58:05 +0800] "GET /xingrg/all/function/internal_message.html?_=1669435083805&CODE_STATE=getMsg HTTP/1.1" 200 27
114.84.38.109 - - [26/Nov/2022:11:58:06 +0800] "GET /xingrg/all/function/internal_message.html?_=1669435104347&CODE_STATE=getMsg HTTP/1.1" 200 27
101.85.106.255 - - [26/Nov/2022:11:58:08 +0800] "GET /xingrg/all/function/internal_message.html?_=1669435084072&CODE_STATE=getMsg HTTP/1.1" 200 27
180.169.147.146 - - [26/Nov/2022:11:58:14 +0800] "GET /xingrg/all/function/internal_message.html?_=1669435082803&CODE_STATE=getMsg HTTP/1.1" 200 27
114.95.46.117 - - [26/Nov/2022:11:58:16 +0800] "GET /xingrg/all/function/internal_message.html?_=1669434940765&CODE_STATE=getMsg HTTP/1.1" 200 27
114.83.219.57 - - [26/Nov/2022:11:58:21 +0800] "GET /xingrg/all/function/internal_message.html?_=1669435226198&CODE_STATE=getMsg HTTP/1.1" 200 27
180.165.156.114 - - [26/Nov/2022:11:58:25 +0800] "GET /xingrg/all/function/internal_message.html?_=1669435101087&CODE_STATE=getMsg HTTP/1.1" 200 27
58.40.7.146 - - [26/Nov/2022:11:58:28 +0800] "GET /xingrg/all/function/internal_message.html?_=1669435104054&CODE_STATE=getMsg HTTP/1.1" 200 27
180.162.229.95 - - [26/Nov/2022:11:58:32 +0800] "GET /xingrg/all/function/internal_message.html?_=1669435108691&CODE_STATE=getMsg HTTP/1.1" 200 27
180.162.115.136 - - [26/Nov/2022:11:58:32 +0800] "GET /xingrg/all/function/internal_message.html?_=1669434142776&CODE_STATE=getMsg HTTP/1.1" 200 27
116.238.139.35 - - [26/Nov/2022:11:58:33 +0800] "GET /xingrg/check_reg.html?_=1669435012800 HTTP/1.1" 200 22
116.238.139.35 - - [26/Nov/2022:11:58:33 +0800] "GET /xingrg/all/function/internal_message.html?_=1669435013409&CODE_STATE=getMsg HTTP/1.1" 200 27
221.239.170.112 - - [26/Nov/2022:11:58:39 +0800] "GET /xingrg/all/function/internal_message.html?_=1669435109609&CODE_STATE=getMsg HTTP/1.1" 200 27
120.253.135.82 - - [26/Nov/2022:11:58:40 +0800] "GET /xingrg/all/function/internal_message.html?_=1669434916868&CODE_STATE=getMsg HTTP/1.1" 200 27
114.84.81.136 - - [26/Nov/2022:11:58:40 +0800] "GET /xingrg/all/function/internal_message.html?_=1669435116985&CODE_STATE=getMsg HTTP/1.1" 200 27
116.230.105.139 - - [26/Nov/2022:11:58:43 +0800] "GET /xingrg/all/function/internal_message.html?_=1669435096758&CODE_STATE=getMsg HTTP/1.1" 200 27
114.84.38.109 - - [26/Nov/2022:11:58:46 +0800] "GET /xingrg/all/function/internal_message.html?_=1669435140611&CODE_STATE=getMsg HTTP/1.1" 302 -
114.84.38.109 - - [26/Nov/2022:11:58:50 +0800] "GET /xingrg/kc/buy/cgsh_order_add.html HTTP/1.1" 200 69561
114.84.38.109 - - [26/Nov/2022:11:58:52 +0800] "POST /xingrg/kc/buy/cgsh_order_operate.html HTTP/1.1" 200 8245
114.84.38.109 - - [26/Nov/2022:11:58:52 +0800] "GET /xingrg/javascript/easyui/themes/default/validatebox.css HTTP/1.1" 404 1104
114.95.46.117 - - [26/Nov/2022:11:58:59 +0800] "GET /xingrg/all/function/internal_message.html?_=1669435135592&CODE_STATE=getMsg HTTP/1.1" 200 27
120.253.135.82 - - [26/Nov/2022:11:59:01 +0800] "POST /xingrg/kc/pszx/mdps_list_operate.html HTTP/1.1" 200 868
120.253.135.82 - - [26/Nov/2022:11:59:01 +0800] "GET /xingrg/kc/pszx/mdqp_order_list.html?state=10 HTTP/1.1" 200 10275
120.253.135.82 - - [26/Nov/2022:11:59:01 +0800] "GET /xingrg/dwr/interface/AjaxQqpsService.js HTTP/1.1" 200 16326
120.253.135.82 - - [26/Nov/2022:11:59:01 +0800] "GET /xingrg/dwr/engine.js HTTP/1.1" 200 43631
120.253.135.82 - - [26/Nov/2022:11:59:01 +0800] "GET /xingrg/dwr/interface/AjaxReportQueryService.js HTTP/1.1" 200 13203
114.84.38.109 - - [26/Nov/2022:11:59:01 +0800] "GET /xingrg/check_reg.html?_=1669435159446 HTTP/1.1" 200 22
124.79.245.154 - - [26/Nov/2022:11:59:02 +0800] "GET /xingrg/all/function/internal_message.html?_=1669435358140&CODE_STATE=getMsg HTTP/1.1" 200 27
120.253.135.82 - - [26/Nov/2022:11:59:02 +0800] "GET /xingrg/kc/buy/cgsh_order_list.html HTTP/1.1" 200 53780
120.253.135.82 - - [26/Nov/2022:11:59:03 +0800] "POST /xingrg/kc/buy/cgsh_list_operate.html HTTP/1.1" 200 986
120.253.135.82 - - [26/Nov/2022:11:59:04 +0800] "GET /xingrg/kc/buy/cgsh_order_add.html HTTP/1.1" 200 68625
120.253.135.82 - - [26/Nov/2022:11:59:04 +0800] "POST /xingrg/kc/buy/cgsh_order_operate.html HTTP/1.1" 200 8245
120.253.135.82 - - [26/Nov/2022:11:59:05 +0800] "GET /xingrg/javascript/easyui/themes/default/validatebox.css HTTP/1.1" 404 1104
58.37.5.145 - - [26/Nov/2022:11:59:05 +0800] "GET /xingrg/all/function/internal_message.html?_=1669435143778&CODE_STATE=getMsg HTTP/1.1" 200 27
114.84.38.109 - - [26/Nov/2022:11:59:06 +0800] "GET /xingrg/all/function/internal_message.html?_=1669435164361&CODE_STATE=getMsg HTTP/1.1" 200 27
101.85.106.255 - - [26/Nov/2022:11:59:08 +0800] "GET /xingrg/all/function/internal_message.html?_=1669435144076&CODE_STATE=getMsg HTTP/1.1" 200 27
120.253.135.82 - - [26/Nov/2022:11:59:08 +0800] "POST /xingrg/all/common/load_combo.html?type=employee HTTP/1.1" 200 1752
180.169.147.146 - - [26/Nov/2022:11:59:14 +0800] "GET /xingrg/all/function/internal_message.html?_=1669435142786&CODE_STATE=getMsg HTTP/1.1" 200 27
180.169.147.146 - - [26/Nov/2022:11:59:14 +0800] "GET /xingrg/check_reg.html?_=1669435143177 HTTP/1.1" 200 22
114.95.46.117 - - [26/Nov/2022:11:59:16 +0800] "GET /xingrg/all/function/internal_message.html?_=1669435000790&CODE_STATE=getMsg HTTP/1.1" 200 27
114.95.46.117 - - [26/Nov/2022:11:59:16 +0800] "GET /xingrg/check_reg.html?_=1669435000791 HTTP/1.1" 200 22
120.253.135.82 - - [26/Nov/2022:11:59:19 +0800] "GET /xingrg/kc/buy/cgsh_order_operate.html?command=get_materiel&rest_code=00101&code=00101016029&supplier_code=00100151&order_time=2022-11-26 HTTP/1.1" 200 460
120.253.135.82 - - [26/Nov/2022:11:59:20 +0800] "POST /xingrg/all/common/load_select.html HTTP/1.1" 200 25
114.83.219.57 - - [26/Nov/2022:11:59:21 +0800] "GET /xingrg/all/function/internal_message.html?_=1669435286205&CODE_STATE=getMsg HTTP/1.1" 200 27
114.83.219.57 - - [26/Nov/2022:11:59:21 +0800] "GET /xingrg/check_reg.html?_=1669435286207 HTTP/1.1" 200 22
114.84.81.136 - - [26/Nov/2022:11:59:23 +0800] "GET /xingrg/index.html?sysBaseUrl=http%3A%2F%2F180.169.147.146%3A18081%2Fxingrg%2F&costTime=44×tamp=1622098168715 HTTP/1.1" 200 17179
114.84.81.136 - - [26/Nov/2022:11:59:24 +0800] "GET /favicon.ico HTTP/1.1" 404 -
114.84.81.136 - - [26/Nov/2022:11:59:24 +0800] "POST /xingrg/all/common/load_tree.html?tree=area_rest_tree_json&manage=1 HTTP/1.1" 200 351
114.84.81.136 - - [26/Nov/2022:11:59:24 +0800] "GET /xingrg/all/function/internal_message.html?_=1669435171116&CODE_STATE=count HTTP/1.1" 200 11
114.84.81.136 - - [26/Nov/2022:11:59:24 +0800] "POST /xingrg/load_menu.html HTTP/1.1" 200 5138
114.84.81.136 - - [26/Nov/2022:11:59:24 +0800] "GET /xingrg/check_reg.html?_=1669435171117 HTTP/1.1" 200 22
180.165.156.114 - - [26/Nov/2022:11:59:25 +0800] "GET /xingrg/all/function/internal_message.html?_=1669435161086&CODE_STATE=getMsg HTTP/1.1" 200 27
114.84.81.136 - - [26/Nov/2022:11:59:26 +0800] "GET /xingrg/kc/buy/cgsh_order_list.html HTTP/1.1" 200 53786
120.253.135.82 - - [26/Nov/2022:11:59:27 +0800] "GET /xingrg/kc/buy/cgsh_order_operate.html?command=get_materiel_price&rest_code=00101&code=00101016029&unit_code=00100138&supplier_code=00100151&order_time=2022-11-26 HTTP/1.1" 200 29
120.253.135.82 - - [26/Nov/2022:11:59:27 +0800] "GET /xingrg/check_reg.html?_=1669434964750 HTTP/1.1" 200 22
58.40.7.146 - - [26/Nov/2022:11:59:28 +0800] "GET /xingrg/all/function/internal_message.html?_=1669435164029&CODE_STATE=getMsg HTTP/1.1" 200 27
114.84.81.136 - - [26/Nov/2022:11:59:30 +0800] "POST /xingrg/kc/buy/cgsh_list_operate.html HTTP/1.1" 200 1861
180.162.229.95 - - [26/Nov/2022:11:59:32 +0800] "GET /xingrg/all/function/internal_message.html?_=1669435168684&CODE_STATE=getMsg HTTP/1.1" 200 27
180.162.115.136 - - [26/Nov/2022:11:59:32 +0800] "GET /xingrg/all/function/internal_message.html?_=1669434202776&CODE_STATE=getMsg HTTP/1.1" 200 27
114.84.81.136 - - [26/Nov/2022:11:59:32 +0800] "POST /xingrg/kc/buy/cgsh_list_operate.html HTTP/1.1" 200 569
114.84.81.136 - - [26/Nov/2022:11:59:33 +0800] "GET /xingrg/kc/buy/cgsh_order_info.html?code=212022112608914 HTTP/1.1" 200 69564
116.238.139.35 - - [26/Nov/2022:11:59:33 +0800] "GET /xingrg/all/function/internal_message.html?_=1669435073438&CODE_STATE=getMsg HTTP/1.1" 200 27
114.84.81.136 - - [26/Nov/2022:11:59:33 +0800] "GET /xingrg/all/common/auto_word.html?type=employee&rest_code=00148 HTTP/1.1" 200 243
180.162.229.95 - - [26/Nov/2022:11:59:33 +0800] "GET /xingrg/check_reg.html?_=1669435170169 HTTP/1.1" 200 22
114.84.81.136 - - [26/Nov/2022:11:59:33 +0800] "GET /xingrg/all/common/auto_word.html?type=employee&rest_code=00148 HTTP/1.1" 200 243
114.84.81.136 - - [26/Nov/2022:11:59:33 +0800] "GET /xingrg/javascript/easyui/themes/default/validatebox.css HTTP/1.1" 404 1104
114.84.81.136 - - [26/Nov/2022:11:59:34 +0800] "POST /xingrg/kc/buy/cgsh_order_operate.html HTTP/1.1" 200 35782
221.239.170.112 - - [26/Nov/2022:11:59:39 +0800] "GET /xingrg/all/function/internal_message.html?_=1669435169629&CODE_STATE=getMsg HTTP/1.1" 200 27
120.253.135.82 - - [26/Nov/2022:11:59:40 +0800] "GET /xingrg/all/function/internal_message.html?_=1669434976871&CODE_STATE=getMsg HTTP/1.1" 200 27
114.84.81.136 - - [26/Nov/2022:11:59:40 +0800] "GET /xingrg/check_reg.html?_=1669435176984 HTTP/1.1" 200 22
114.84.81.136 - - [26/Nov/2022:11:59:40 +0800] "GET /xingrg/all/function/internal_message.html?_=1669435176987&CODE_STATE=getMsg HTTP/1.1" 200 27
120.253.135.82 - - [26/Nov/2022:11:59:41 +0800] "POST /xingrg/kc/buy/cgsh_order_operate.html HTTP/1.1" 200 37
120.253.135.82 - - [26/Nov/2022:11:59:42 +0800] "POST /xingrg/kc/buy/cgsh_order_operate.html HTTP/1.1" 200 2690
116.230.105.139 - - [26/Nov/2022:11:59:43 +0800] "GET /xingrg/all/function/internal_message.html?_=1669435156746&CODE_STATE=getMsg HTTP/1.1" 200 27
120.253.135.82 - - [26/Nov/2022:11:59:44 +0800] "GET /xingrg/kc/print/load_data.html?order_code=212022112608932&kc_code=cgsh&condition= HTTP/1.1" 200 684
114.84.38.109 - - [26/Nov/2022:11:59:46 +0800] "GET /xingrg/all/function/internal_message.html?_=1669435200618&CODE_STATE=getMsg HTTP/1.1" 302 -
58.40.7.146 - - [26/Nov/2022:11:59:49 +0800] "GET /xingrg/check_reg.html?_=1669435185779 HTTP/1.1" 200 22
222.70.183.113 - - [26/Nov/2022:11:59:51 +0800] "POST /xingrg/services/DataTransmitService HTTP/1.1" 200 524
222.70.183.113 - - [26/Nov/2022:11:59:51 +0800] "POST /xingrg/services/DataTransmitService HTTP/1.1" 200 501
114.95.46.117 - - [26/Nov/2022:11:59:59 +0800] "GET /xingrg/all/function/internal_message.html?_=1669435195575&CODE_STATE=getMsg HTTP/1.1" 200 27
124.79.245.154 - - [26/Nov/2022:12:00:02 +0800] "GET /xingrg/check_reg.html?_=1669435418145 HTTP/1.1" 200 22
124.79.245.154 - - [26/Nov/2022:12:00:02 +0800] "GET /xingrg/all/function/internal_message.html?_=1669435418146&CODE_STATE=getMsg HTTP/1.1" 200 27
58.37.5.145 - - [26/Nov/2022:12:00:05 +0800] "GET /xingrg/all/function/internal_message.html?_=1669435203756&CODE_STATE=getMsg HTTP/1.1" 200 27
114.84.38.109 - - [26/Nov/2022:12:00:06 +0800] "GET /xingrg/all/function/internal_message.html?_=1669435224374&CODE_STATE=getMsg HTTP/1.1" 200 27
101.85.106.255 - - [26/Nov/2022:12:00:08 +0800] "GET /xingrg/all/function/internal_message.html?_=1669435204101&CODE_STATE=getMsg HTTP/1.1" 200 27
180.169.147.146 - - [26/Nov/2022:12:00:14 +0800] "GET /xingrg/all/function/internal_message.html?_=1669435202771&CODE_STATE=getMsg HTTP/1.1" 200 27
114.95.46.117 - - [26/Nov/2022:12:00:16 +0800] "GET /xingrg/all/function/internal_message.html?_=1669435060790&CODE_STATE=getMsg HTTP/1.1" 200 27
114.83.219.57 - - [26/Nov/2022:12:00:21 +0800] "GET /xingrg/all/function/internal_message.html?_=1669435346195&CODE_STATE=getMsg HTTP/1.1" 200 27
114.84.81.136 - - [26/Nov/2022:12:00:24 +0800] "GET /xingrg/all/function/internal_message.html?_=1669435231133&CODE_STATE=getMsg HTTP/1.1" 200 27
180.165.156.114 - - [26/Nov/2022:12:00:25 +0800] "GET /xingrg/all/function/internal_message.html?_=1669435221076&CODE_STATE=getMsg HTTP/1.1" 200 27
58.40.7.146 - - [26/Nov/2022:12:00:28 +0800] "GET /xingrg/all/function/internal_message.html?_=1669435224016&CODE_STATE=getMsg HTTP/1.1" 200 27
180.162.229.95 - - [26/Nov/2022:12:00:32 +0800] "GET /xingrg/all/function/internal_message.html?_=1669435228672&CODE_STATE=getMsg HTTP/1.1" 200 27
180.162.115.136 - - [26/Nov/2022:12:00:32 +0800] "GET /xingrg/all/function/internal_message.html?_=1669434262775&CODE_STATE=getMsg HTTP/1.1" 200 27
116.238.139.35 - - [26/Nov/2022:12:00:33 +0800] "GET /xingrg/all/function/internal_message.html?_=1669435133452&CODE_STATE=getMsg HTTP/1.1" 200 27
221.239.170.112 - - [26/Nov/2022:12:00:39 +0800] "GET /xingrg/all/function/internal_message.html?_=1669435229632&CODE_STATE=getMsg HTTP/1.1" 200 27
114.84.81.136 - - [26/Nov/2022:12:00:40 +0800] "GET /xingrg/all/function/internal_message.html?_=1669435236973&CODE_STATE=getMsg HTTP/1.1" 200 27
120.253.135.82 - - [26/Nov/2022:12:00:40 +0800] "GET /xingrg/all/function/internal_message.html?_=1669435036962&CODE_STATE=getMsg HTTP/1.1" 200 27
116.230.105.139 - - [26/Nov/2022:12:00:43 +0800] "GET /xingrg/all/function/internal_message.html?_=1669435216753&CODE_STATE=getMsg HTTP/1.1" 200 27
114.84.81.136 - - [26/Nov/2022:12:00:45 +0800] "GET /xingrg/check_reg.html?_=1669435242722 HTTP/1.1" 200 22
114.84.38.109 - - [26/Nov/2022:12:00:46 +0800] "GET /xingrg/all/function/internal_message.html?_=1669435260640&CODE_STATE=getMsg HTTP/1.1" 302 -
120.253.135.82 - - [26/Nov/2022:12:00:58 +0800] "POST /xingrg/kc/buy/cgsh_order_operate.html HTTP/1.1" 200 37
114.95.46.117 - - [26/Nov/2022:12:00:59 +0800] "GET /xingrg/all/function/internal_message.html?_=1669435255547&CODE_STATE=getMsg HTTP/1.1" 200 27
114.95.46.117 - - [26/Nov/2022:12:01:01 +0800] "GET /xingrg/check_reg.html?_=1669435257122 HTTP/1.1" 200 22
124.79.245.154 - - [26/Nov/2022:12:01:02 +0800] "GET /xingrg/all/function/internal_message.html?_=1669435478133&CODE_STATE=getMsg HTTP/1.1" 200 27
58.37.5.145 - - [26/Nov/2022:12:01:05 +0800] "GET /xingrg/all/function/internal_message.html?_=1669435263734&CODE_STATE=getMsg HTTP/1.1" 200 27
114.84.38.109 - - [26/Nov/2022:12:01:06 +0800] "GET /xingrg/all/function/internal_message.html?_=1669435284673&CODE_STATE=getMsg HTTP/1.1" 200 27
101.85.106.255 - - [26/Nov/2022:12:01:08 +0800] "GET /xingrg/all/function/internal_message.html?_=1669435264100&CODE_STATE=getMsg HTTP/1.1" 200 27
120.253.135.82 - - [26/Nov/2022:12:01:14 +0800] "POST /xingrg/kc/buy/cgsh_order_operate.html HTTP/1.1" 200 12
180.169.147.146 - - [26/Nov/2022:12:01:14 +0800] "GET /xingrg/all/function/internal_message.html?_=1669435262755&CODE_STATE=getMsg HTTP/1.1" 200 27
120.253.135.82 - - [26/Nov/2022:12:01:15 +0800] "GET /xingrg/kc/buy/cgsh_order_info.html?code=212022112608932 HTTP/1.1" 200 63516
120.253.135.82 - - [26/Nov/2022:12:01:16 +0800] "GET /xingrg/javascript/easyui/themes/default/validatebox.css HTTP/1.1" 404 1104
114.95.46.117 - - [26/Nov/2022:12:01:16 +0800] "GET /xingrg/all/function/internal_message.html?_=1669435120789&CODE_STATE=getMsg HTTP/1.1" 200 27
120.253.135.82 - - [26/Nov/2022:12:01:16 +0800] "POST /xingrg/kc/buy/cgsh_order_operate.html HTTP/1.1" 200 640
58.37.5.145 - - [26/Nov/2022:12:01:19 +0800] "GET /xingrg/check_reg.html?_=1669435277365 HTTP/1.1" 200 22
120.253.135.82 - - [26/Nov/2022:12:01:20 +0800] "GET /xingrg/kc/pszx/mdqp_order_list.html?state=10 HTTP/1.1" 200 10275
120.253.135.82 - - [26/Nov/2022:12:01:20 +0800] "GET /xingrg/dwr/interface/AjaxQqpsService.js HTTP/1.1" 200 16326
120.253.135.82 - - [26/Nov/2022:12:01:20 +0800] "GET /xingrg/dwr/interface/AjaxReportQueryService.js HTTP/1.1" 200 13203
120.253.135.82 - - [26/Nov/2022:12:01:20 +0800] "GET /xingrg/dwr/engine.js HTTP/1.1" 200 43631
120.253.135.82 - - [26/Nov/2022:12:01:21 +0800] "POST /xingrg/kc/buy/cgsh_list_operate.html HTTP/1.1" 200 986
114.83.219.57 - - [26/Nov/2022:12:01:21 +0800] "GET /xingrg/all/function/internal_message.html?_=1669435406208&CODE_STATE=getMsg HTTP/1.1" 200 27
114.84.81.136 - - [26/Nov/2022:12:01:24 +0800] "GET /xingrg/all/function/internal_message.html?_=1669435291119&CODE_STATE=getMsg HTTP/1.1" 200 27
180.165.156.114 - - [26/Nov/2022:12:01:25 +0800] "GET /xingrg/all/function/internal_message.html?_=1669435281093&CODE_STATE=getMsg HTTP/1.1" 200 27
120.253.135.82 - - [26/Nov/2022:12:01:26 +0800] "GET /xingrg/kc/report/report_main.html HTTP/1.1" 200 8599
120.253.135.82 - - [26/Nov/2022:12:01:27 +0800] "GET /xingrg/kc/base/kc_stocks.html HTTP/1.1" 200 16506
120.253.135.82 - - [26/Nov/2022:12:01:27 +0800] "GET /xingrg/javascript/easyui/themes/default/tree.css HTTP/1.1" 404 1090
120.253.135.82 - - [26/Nov/2022:12:01:27 +0800] "POST /xingrg/all/common/load_tree.html?tree=materiel_sort_tree_json HTTP/1.1" 200 9500
58.40.7.146 - - [26/Nov/2022:12:01:28 +0800] "GET /xingrg/all/function/internal_message.html?_=1669435284003&CODE_STATE=getMsg HTTP/1.1" 200 27
120.253.135.82 - - [26/Nov/2022:12:01:28 +0800] "POST /xingrg/all/common/load_combo.html?type=base HTTP/1.1" 200 1169
180.162.229.95 - - [26/Nov/2022:12:01:32 +0800] "GET /xingrg/all/function/internal_message.html?_=1669435288645&CODE_STATE=getMsg HTTP/1.1" 200 27
180.162.115.136 - - [26/Nov/2022:12:01:32 +0800] "GET /xingrg/all/function/internal_message.html?_=1669434322761&CODE_STATE=getMsg HTTP/1.1" 200 27
116.238.139.35 - - [26/Nov/2022:12:01:33 +0800] "GET /xingrg/all/function/internal_message.html?_=1669435193469&CODE_STATE=getMsg HTTP/1.1" 200 27
120.253.135.82 - - [26/Nov/2022:12:01:36 +0800] "POST /xingrg/kc/base/stock_operate.html HTTP/1.1" 200 1481
221.239.170.112 - - [26/Nov/2022:12:01:39 +0800] "GET /xingrg/all/function/internal_message.html?_=1669435289635&CODE_STATE=getMsg HTTP/1.1" 200 27
221.239.170.112 - - [26/Nov/2022:12:01:39 +0800] "GET /xingrg/check_reg.html?_=1669435289638 HTTP/1.1" 200 22
114.84.81.136 - - [26/Nov/2022:12:01:40 +0800] "GET /xingrg/all/function/internal_message.html?_=1669435296974&CODE_STATE=getMsg HTTP/1.1" 200 27
120.253.135.82 - - [26/Nov/2022:12:01:40 +0800] "GET /xingrg/all/function/internal_message.html?_=1669435096976&CODE_STATE=getMsg HTTP/1.1" 200 27
116.230.105.139 - - [26/Nov/2022:12:01:43 +0800] "GET /xingrg/all/function/internal_message.html?_=1669435276762&CODE_STATE=getMsg HTTP/1.1" 200 27
116.230.105.139 - - [26/Nov/2022:12:01:43 +0800] "GET /xingrg/check_reg.html?_=1669435276764 HTTP/1.1" 200 22
114.84.38.109 - - [26/Nov/2022:12:01:46 +0800] "GET /xingrg/all/function/internal_message.html?_=1669435320646&CODE_STATE=getMsg HTTP/1.1" 302 -
114.95.46.117 - - [26/Nov/2022:12:01:59 +0800] "GET /xingrg/all/function/internal_message.html?_=1669435315519&CODE_STATE=getMsg HTTP/1.1" 200 27
124.79.245.154 - - [26/Nov/2022:12:02:02 +0800] "GET /xingrg/all/function/internal_message.html?_=1669435538137&CODE_STATE=getMsg HTTP/1.1" 200 27
58.37.5.145 - - [26/Nov/2022:12:02:05 +0800] "GET /xingrg/all/function/internal_message.html?_=1669435323704&CODE_STATE=getMsg HTTP/1.1" 200 27
114.84.38.109 - - [26/Nov/2022:12:02:06 +0800] "GET /xingrg/all/function/internal_message.html?_=1669435344682&CODE_STATE=getMsg HTTP/1.1" 200 27
101.85.106.255 - - [26/Nov/2022:12:02:08 +0800] "GET /xingrg/check_reg.html?_=1669435324099 HTTP/1.1" 200 22
101.85.106.255 - - [26/Nov/2022:12:02:08 +0800] "GET /xingrg/all/function/internal_message.html?_=1669435324100&CODE_STATE=getMsg HTTP/1.1" 200 27
180.169.147.146 - - [26/Nov/2022:12:02:14 +0800] "GET /xingrg/all/function/internal_message.html?_=1669435322737&CODE_STATE=getMsg HTTP/1.1" 200 27
114.95.46.117 - - [26/Nov/2022:12:02:16 +0800] "GET /xingrg/all/function/internal_message.html?_=1669435180788&CODE_STATE=getMsg HTTP/1.1" 200 27
114.83.219.57 - - [26/Nov/2022:12:02:21 +0800] "GET /xingrg/all/function/internal_message.html?_=1669435466202&CODE_STATE=getMsg HTTP/1.1" 200 27
114.84.81.136 - - [26/Nov/2022:12:02:24 +0800] "GET /xingrg/all/function/internal_message.html?_=1669435351127&CODE_STATE=getMsg HTTP/1.1" 200 27
180.165.156.114 - - [26/Nov/2022:12:02:25 +0800] "GET /xingrg/all/function/internal_message.html?_=1669435341096&CODE_STATE=getMsg HTTP/1.1" 200 27
180.165.156.114 - - [26/Nov/2022:12:02:25 +0800] "GET /xingrg/check_reg.html?_=1669435341097 HTTP/1.1" 200 22
114.84.81.136 - - [26/Nov/2022:12:02:26 +0800] "GET /favicon.ico HTTP/1.1" 404 -
58.40.7.146 - - [26/Nov/2022:12:02:28 +0800] "GET /xingrg/all/function/internal_message.html?_=1669435343991&CODE_STATE=getMsg HTTP/1.1" 200 27
180.162.229.95 - - [26/Nov/2022:12:02:32 +0800] "GET /xingrg/all/function/internal_message.html?_=1669435348618&CODE_STATE=getMsg HTTP/1.1" 200 27
180.162.115.136 - - [26/Nov/2022:12:02:32 +0800] "GET /xingrg/all/function/internal_message.html?_=1669434382772&CODE_STATE=getMsg HTTP/1.1" 200 27
180.162.115.136 - - [26/Nov/2022:12:02:32 +0800] "GET /xingrg/check_reg.html?_=1669434382775 HTTP/1.1" 200 22
116.238.139.35 - - [26/Nov/2022:12:02:33 +0800] "GET /xingrg/all/function/internal_message.html?_=1669435253479&CODE_STATE=getMsg HTTP/1.1" 200 27
221.239.170.112 - - [26/Nov/2022:12:02:39 +0800] "GET /xingrg/all/function/internal_message.html?_=1669435349622&CODE_STATE=getMsg HTTP/1.1" 200 27
114.84.81.136 - - [26/Nov/2022:12:02:40 +0800] "GET /xingrg/all/function/internal_message.html?_=1669435356974&CODE_STATE=getMsg HTTP/1.1" 200 27
120.253.135.82 - - [26/Nov/2022:12:02:40 +0800] "GET /xingrg/all/function/internal_message.html?_=1669435156990&CODE_STATE=getMsg HTTP/1.1" 200 27
58.37.5.145 - - [26/Nov/2022:12:02:42 +0800] "GET /xingrg/kc/buy/buy_main.html HTTP/1.1" 200 12412
58.37.5.145 - - [26/Nov/2022:12:02:42 +0800] "GET /xingrg/css/new_ie.css HTTP/1.1" 404 1036
116.230.105.139 - - [26/Nov/2022:12:02:43 +0800] "GET /xingrg/all/function/internal_message.html?_=1669435336751&CODE_STATE=getMsg HTTP/1.1" 200 27
58.37.5.145 - - [26/Nov/2022:12:02:43 +0800] "GET /xingrg/images/yd/bt.gif HTTP/1.1" 404 1040
58.37.5.145 - - [26/Nov/2022:12:02:43 +0800] "GET /xingrg/kc/buy/cgsh_order_list.html HTTP/1.1" 200 53780
114.84.38.109 - - [26/Nov/2022:12:02:43 +0800] "GET /xingrg/check_reg.html?_=1669435377960 HTTP/1.1" 302 -
58.37.5.145 - - [26/Nov/2022:12:02:44 +0800] "POST /xingrg/kc/buy/cgsh_list_operate.html HTTP/1.1" 200 986
58.37.5.145 - - [26/Nov/2022:12:02:45 +0800] "GET /xingrg/kc/buy/cgsh_order_add.html HTTP/1.1" 200 69561
58.37.5.145 - - [26/Nov/2022:12:02:45 +0800] "POST /xingrg/kc/buy/cgsh_order_operate.html HTTP/1.1" 200 8245
58.37.5.145 - - [26/Nov/2022:12:02:45 +0800] "GET /xingrg/javascript/easyui/themes/default/validatebox.css HTTP/1.1" 404 1104
114.84.38.109 - - [26/Nov/2022:12:02:46 +0800] "GET /xingrg/all/function/internal_message.html?_=1669435380660&CODE_STATE=getMsg HTTP/1.1" 302 -
58.37.5.145 - - [26/Nov/2022:12:02:46 +0800] "GET /xingrg/javascript/easyui/themes/default/tree.css HTTP/1.1" 404 1090
58.37.5.145 - - [26/Nov/2022:12:02:46 +0800] "POST /xingrg/all/common/load_tree.html?tree=supplier_tree_json&isDelete=1 HTTP/1.1" 200 70260
58.37.5.145 - - [26/Nov/2022:12:02:56 +0800] "GET /xingrg/kc/buy/cgsh_order_operate.html?command=get_materiel&rest_code=00106&code=00101009109&supplier_code=00100022&order_time=2022-11-26 HTTP/1.1" 200 415
116.238.139.35 - - [26/Nov/2022:12:02:58 +0800] "GET /xingrg/check_reg.html?_=1669435374086 HTTP/1.1" 302 -
114.95.46.117 - - [26/Nov/2022:12:02:59 +0800] "GET /xingrg/all/function/internal_message.html?_=1669435375495&CODE_STATE=getMsg HTTP/1.1" 200 27
124.79.245.154 - - [26/Nov/2022:12:03:02 +0800] "GET /xingrg/all/function/internal_message.html?_=1669435598139&CODE_STATE=getMsg HTTP/1.1" 200 27
58.37.5.145 - - [26/Nov/2022:12:03:05 +0800] "GET /xingrg/all/function/internal_message.html?_=1669435383684&CODE_STATE=getMsg HTTP/1.1" 200 27
58.37.5.145 - - [26/Nov/2022:12:03:06 +0800] "GET /xingrg/kc/buy/cgsh_order_operate.html?command=get_materiel&rest_code=00106&code=00101009045&supplier_code=00100022&order_time=2022-11-26 HTTP/1.1" 200 413
114.84.38.109 - - [26/Nov/2022:12:03:07 +0800] "GET /xingrg/all/function/internal_message.html?_=1669435404990&CODE_STATE=getMsg HTTP/1.1" 200 27
101.85.106.255 - - [26/Nov/2022:12:03:08 +0800] "GET /xingrg/all/function/internal_message.html?_=1669435384098&CODE_STATE=getMsg HTTP/1.1" 200 27
180.169.147.146 - - [26/Nov/2022:12:03:14 +0800] "GET /xingrg/all/function/internal_message.html?_=1669435382721&CODE_STATE=getMsg HTTP/1.1" 200 27
58.37.5.145 - - [26/Nov/2022:12:03:14 +0800] "GET /xingrg/kc/buy/cgsh_order_operate.html?command=get_materiel&rest_code=00106&code=00101009016&supplier_code=00100022&order_time=2022-11-26 HTTP/1.1" 200 413
114.95.46.117 - - [26/Nov/2022:12:03:16 +0800] "GET /xingrg/all/function/internal_message.html?_=1669435240787&CODE_STATE=getMsg HTTP/1.1" 200 27
114.83.219.57 - - [26/Nov/2022:12:03:21 +0800] "GET /xingrg/all/function/internal_message.html?_=1669435526192&CODE_STATE=getMsg HTTP/1.1" 200 27
114.84.81.136 - - [26/Nov/2022:12:03:24 +0800] "GET /xingrg/all/function/internal_message.html?_=1669435411124&CODE_STATE=getMsg HTTP/1.1" 200 27
180.165.156.114 - - [26/Nov/2022:12:03:25 +0800] "GET /xingrg/all/function/internal_message.html?_=1669435401088&CODE_STATE=getMsg HTTP/1.1" 200 27
58.40.7.146 - - [26/Nov/2022:12:03:28 +0800] "GET /xingrg/all/function/internal_message.html?_=1669435403978&CODE_STATE=getMsg HTTP/1.1" 200 27
58.37.5.145 - - [26/Nov/2022:12:03:30 +0800] "GET /xingrg/kc/buy/cgsh_order_operate.html?command=get_materiel&rest_code=00106&code=00101009013&supplier_code=00100022&order_time=2022-11-26 HTTP/1.1" 200 422
180.162.229.95 - - [26/Nov/2022:12:03:32 +0800] "GET /xingrg/all/function/internal_message.html?_=1669435408604&CODE_STATE=getMsg HTTP/1.1" 200 27
180.162.115.136 - - [26/Nov/2022:12:03:32 +0800] "GET /xingrg/all/function/internal_message.html?_=1669434442786&CODE_STATE=getMsg HTTP/1.1" 200 27
116.238.139.35 - - [26/Nov/2022:12:03:33 +0800] "GET /xingrg/check_reg.html?_=1669435312814 HTTP/1.1" 200 22
116.238.139.35 - - [26/Nov/2022:12:03:33 +0800] "GET /xingrg/all/function/internal_message.html?_=1669435313493&CODE_STATE=getMsg HTTP/1.1" 200 27
221.239.170.112 - - [26/Nov/2022:12:03:39 +0800] "GET /xingrg/all/function/internal_message.html?_=1669435409628&CODE_STATE=getMsg HTTP/1.1" 200 27
114.84.81.136 - - [26/Nov/2022:12:03:40 +0800] "GET /xingrg/all/function/internal_message.html?_=1669435416973&CODE_STATE=getMsg HTTP/1.1" 200 27
120.253.135.82 - - [26/Nov/2022:12:03:40 +0800] "GET /xingrg/all/function/internal_message.html?_=1669435217085&CODE_STATE=getMsg HTTP/1.1" 200 27
58.37.5.145 - - [26/Nov/2022:12:03:42 +0800] "GET /xingrg/kc/buy/cgsh_order_operate.html?command=get_materiel&rest_code=00106&code=00101009011&supplier_code=00100022&order_time=2022-11-26 HTTP/1.1" 200 416
116.230.105.139 - - [26/Nov/2022:12:03:43 +0800] "GET /xingrg/all/function/internal_message.html?_=1669435396761&CODE_STATE=getMsg HTTP/1.1" 200 27
114.84.38.109 - - [26/Nov/2022:12:03:46 +0800] "GET /xingrg/all/function/internal_message.html?_=1669435440679&CODE_STATE=getMsg HTTP/1.1" 302 -
58.37.5.145 - - [26/Nov/2022:12:03:51 +0800] "GET /xingrg/kc/buy/cgsh_order_operate.html?command=get_materiel&rest_code=00106&code=00101009124&supplier_code=00100022&order_time=2022-11-26 HTTP/1.1" 200 418
114.95.46.117 - - [26/Nov/2022:12:03:59 +0800] "GET /xingrg/all/function/internal_message.html?_=1669435435500&CODE_STATE=getMsg HTTP/1.1" 200 27
114.84.38.109 - - [26/Nov/2022:12:04:01 +0800] "GET /xingrg/check_reg.html?_=1669435459452 HTTP/1.1" 200 22
124.79.245.154 - - [26/Nov/2022:12:04:02 +0800] "GET /xingrg/all/function/internal_message.html?_=1669435658143&CODE_STATE=getMsg HTTP/1.1" 200 27
114.84.38.109 - - [26/Nov/2022:12:04:07 +0800] "GET /xingrg/all/function/internal_message.html?_=1669435464990&CODE_STATE=getMsg HTTP/1.1" 200 27
58.37.5.145 - - [26/Nov/2022:12:04:07 +0800] "POST /xingrg/kc/buy/cgsh_order_operate.html HTTP/1.1" 200 37
101.85.106.255 - - [26/Nov/2022:12:04:08 +0800] "GET /xingrg/all/function/internal_message.html?_=1669435444097&CODE_STATE=getMsg HTTP/1.1" 200 27
116.238.139.35 - - [26/Nov/2022:12:04:09 +0800] "POST /xingrg/services/DataTransmitService HTTP/1.1" 200 524
58.37.5.145 - - [26/Nov/2022:12:04:11 +0800] "POST /xingrg/kc/buy/cgsh_order_operate.html HTTP/1.1" 200 12
58.37.5.145 - - [26/Nov/2022:12:04:11 +0800] "GET /xingrg/kc/buy/cgsh_order_info.html?code=212022112608933 HTTP/1.1" 200 64464
58.37.5.145 - - [26/Nov/2022:12:04:12 +0800] "GET /xingrg/javascript/easyui/themes/default/validatebox.css HTTP/1.1" 404 1104
58.37.5.145 - - [26/Nov/2022:12:04:13 +0800] "POST /xingrg/kc/buy/cgsh_order_operate.html HTTP/1.1" 200 3588
58.37.5.145 - - [26/Nov/2022:12:04:14 +0800] "GET /xingrg/kc/print/load_data.html?order_code=212022112608933&kc_code=cgsh&condition= HTTP/1.1" 200 1886
180.169.147.146 - - [26/Nov/2022:12:04:14 +0800] "GET /xingrg/all/function/internal_message.html?_=1669435442705&CODE_STATE=getMsg HTTP/1.1" 200 27
180.169.147.146 - - [26/Nov/2022:12:04:14 +0800] "GET /xingrg/check_reg.html?_=1669435443157 HTTP/1.1" 200 22
114.95.46.117 - - [26/Nov/2022:12:04:16 +0800] "GET /xingrg/all/function/internal_message.html?_=1669435300790&CODE_STATE=getMsg HTTP/1.1" 200 27
114.95.46.117 - - [26/Nov/2022:12:04:16 +0800] "GET /xingrg/check_reg.html?_=1669435300793 HTTP/1.1" 200 22
58.37.5.145 - - [26/Nov/2022:12:04:18 +0800] "GET /xingrg/kc/print/load_data.html?order_code=212022112608933&kc_code=cgsh HTTP/1.1" 200 1886
114.83.219.57 - - [26/Nov/2022:12:04:21 +0800] "GET /xingrg/all/function/internal_message.html?_=1669435586197&CODE_STATE=getMsg HTTP/1.1" 200 27
114.83.219.57 - - [26/Nov/2022:12:04:21 +0800] "GET /xingrg/check_reg.html?_=1669435586198 HTTP/1.1" 200 22
114.84.81.136 - - [26/Nov/2022:12:04:24 +0800] "GET /xingrg/check_reg.html?_=1669435471122 HTTP/1.1" 200 22
114.84.81.136 - - [26/Nov/2022:12:04:24 +0800] "GET /xingrg/all/function/internal_message.html?_=1669435471123&CODE_STATE=getMsg HTTP/1.1" 200 27
180.165.156.114 - - [26/Nov/2022:12:04:25 +0800] "GET /xingrg/all/function/internal_message.html?_=1669435461089&CODE_STATE=getMsg HTTP/1.1" 200 27
120.253.135.82 - - [26/Nov/2022:12:04:27 +0800] "GET /xingrg/check_reg.html?_=1669435264760 HTTP/1.1" 200 22
58.40.7.146 - - [26/Nov/2022:12:04:28 +0800] "GET /xingrg/all/function/internal_message.html?_=1669435463952&CODE_STATE=getMsg HTTP/1.1" 200 27
180.162.229.95 - - [26/Nov/2022:12:04:30 +0800] "POST /xingrg/services/DataTransmitService HTTP/1.1" 200 524
180.162.229.95 - - [26/Nov/2022:12:04:30 +0800] "POST /xingrg/services/DataTransmitService HTTP/1.1" 200 501
180.162.229.95 - - [26/Nov/2022:12:04:30 +0800] "POST /xingrg/services/DataTransmitService HTTP/1.1" 200 501
180.162.229.95 - - [26/Nov/2022:12:04:30 +0800] "POST /xingrg/services/DataTransmitService HTTP/1.1" 200 501
180.162.229.95 - - [26/Nov/2022:12:04:31 +0800] "POST /xingrg/services/DataTransmitService HTTP/1.1" 200 501
180.162.229.95 - - [26/Nov/2022:12:04:31 +0800] "POST /xingrg/services/DataTransmitService HTTP/1.1" 200 501
180.162.229.95 - - [26/Nov/2022:12:04:32 +0800] "GET /xingrg/all/function/internal_message.html?_=1669435468576&CODE_STATE=getMsg HTTP/1.1" 200 27
180.162.229.95 - - [26/Nov/2022:12:04:32 +0800] "POST /xingrg/services/DataTransmitService HTTP/1.1" 200 412
180.162.115.136 - - [26/Nov/2022:12:04:32 +0800] "GET /xingrg/all/function/internal_message.html?_=1669434502773&CODE_STATE=getMsg HTTP/1.1" 200 27
116.238.139.35 - - [26/Nov/2022:12:04:33 +0800] "GET /xingrg/all/function/internal_message.html?_=1669435373506&CODE_STATE=getMsg HTTP/1.1" 200 27
180.162.229.95 - - [26/Nov/2022:12:04:33 +0800] "GET /xingrg/check_reg.html?_=1669435470148 HTTP/1.1" 200 22
58.37.5.145 - - [26/Nov/2022:12:04:34 +0800] "GET /xingrg/kc/buy/cgsh_order_add.html HTTP/1.1" 200 69561
58.37.5.145 - - [26/Nov/2022:12:04:35 +0800] "POST /xingrg/kc/buy/cgsh_order_operate.html HTTP/1.1" 200 8245
58.37.5.145 - - [26/Nov/2022:12:04:35 +0800] "GET /xingrg/javascript/easyui/themes/default/validatebox.css HTTP/1.1" 404 1104
58.37.5.145 - - [26/Nov/2022:12:04:35 +0800] "GET /xingrg/javascript/easyui/themes/default/tree.css HTTP/1.1" 404 1090
58.37.5.145 - - [26/Nov/2022:12:04:35 +0800] "POST /xingrg/all/common/load_tree.html?tree=supplier_tree_json&isDelete=1 HTTP/1.1" 200 70260
221.239.170.112 - - [26/Nov/2022:12:04:39 +0800] "GET /xingrg/all/function/internal_message.html?_=1669435469632&CODE_STATE=getMsg HTTP/1.1" 200 27
114.84.81.136 - - [26/Nov/2022:12:04:40 +0800] "GET /xingrg/all/function/internal_message.html?_=1669435476973&CODE_STATE=getMsg HTTP/1.1" 200 27
114.84.81.136 - - [26/Nov/2022:12:04:40 +0800] "GET /xingrg/check_reg.html?_=1669435476976 HTTP/1.1" 200 22
120.253.135.82 - - [26/Nov/2022:12:04:40 +0800] "GET /xingrg/all/function/internal_message.html?_=1669435277095&CODE_STATE=getMsg HTTP/1.1" 200 27
116.230.105.139 - - [26/Nov/2022:12:04:43 +0800] "GET /xingrg/all/function/internal_message.html?_=1669435456760&CODE_STATE=getMsg HTTP/1.1" 200 27
114.84.38.109 - - [26/Nov/2022:12:04:46 +0800] "GET /xingrg/all/function/internal_message.html?_=1669435500686&CODE_STATE=getMsg HTTP/1.1" 302 -
58.40.7.146 - - [26/Nov/2022:12:04:49 +0800] "GET /xingrg/check_reg.html?_=1669435485782 HTTP/1.1" 200 22
114.95.46.117 - - [26/Nov/2022:12:04:59 +0800] "GET /xingrg/all/function/internal_message.html?_=1669435495468&CODE_STATE=getMsg HTTP/1.1" 200 27
58.37.5.145 - - [26/Nov/2022:12:05:01 +0800] "GET /xingrg/kc/buy/cgsh_order_operate.html?command=get_materiel&rest_code=00106&code=00102016392&supplier_code=00100075&order_time=2022-11-26 HTTP/1.1" 200 409
124.79.245.154 - - [26/Nov/2022:12:05:02 +0800] "GET /xingrg/all/function/internal_message.html?_=1669435718130&CODE_STATE=getMsg HTTP/1.1" 200 27
124.79.245.154 - - [26/Nov/2022:12:05:02 +0800] "GET /xingrg/check_reg.html?_=1669435718131 HTTP/1.1" 200 22
58.37.5.145 - - [26/Nov/2022:12:05:05 +0800] "GET /xingrg/all/function/internal_message.html?_=1669435503698&CODE_STATE=getMsg HTTP/1.1" 200 27
114.84.38.109 - - [26/Nov/2022:12:05:07 +0800] "GET /xingrg/all/function/internal_message.html?_=1669435525003&CODE_STATE=getMsg HTTP/1.1" 200 27
101.85.106.255 - - [26/Nov/2022:12:05:08 +0800] "GET /xingrg/all/function/internal_message.html?_=1669435504097&CODE_STATE=getMsg HTTP/1.1" 200 27
180.169.147.146 - - [26/Nov/2022:12:05:14 +0800] "GET /xingrg/all/function/internal_message.html?_=1669435502687&CODE_STATE=getMsg HTTP/1.1" 200 27
