116.238.139.35 - - [26/Nov/2022:10:34:16 +0800] "POST /xingrg/kc/buy/cgsh_order_operate.html HTTP/1.1" 200 12
116.238.139.35 - - [26/Nov/2022:10:34:17 +0800] "GET /xingrg/kc/buy/cgsh_order_info.html?code=212022112608901 HTTP/1.1" 200 64486
116.238.139.35 - - [26/Nov/2022:10:34:18 +0800] "GET /xingrg/javascript/easyui/themes/default/validatebox.css HTTP/1.1" 404 1104
116.238.139.35 - - [26/Nov/2022:10:34:18 +0800] "POST /xingrg/kc/buy/cgsh_order_operate.html HTTP/1.1" 200 636
116.238.139.35 - - [26/Nov/2022:10:34:20 +0800] "GET /xingrg/kc/print/load_data.html?order_code=212022112608901&kc_code=cgsh&condition= HTTP/1.1" 200 761
120.253.135.82 - - [26/Nov/2022:10:34:22 +0800] "GET /xingrg/check_reg.html?_=1669429859400 HTTP/1.1" 200 22
120.253.135.82 - - [26/Nov/2022:10:34:23 +0800] "POST /xingrg/kc/base/stock_operate.html HTTP/1.1" 200 1459
120.253.135.82 - - [26/Nov/2022:10:34:23 +0800] "GET /xingrg/javascript/jquery_tools/fix_table.js HTTP/1.1" 304 -
120.253.135.82 - - [26/Nov/2022:10:34:23 +0800] "GET /xingrg/all/function/internal_message.html?_=1669429860688&CODE_STATE=getMsg HTTP/1.1" 200 27
180.165.156.114 - - [26/Nov/2022:10:34:25 +0800] "GET /xingrg/all/function/internal_message.html?_=1669430061092&CODE_STATE=getMsg HTTP/1.1" 200 27
58.40.7.146 - - [26/Nov/2022:10:34:29 +0800] "GET /xingrg/all/function/internal_message.html?_=1669430065590&CODE_STATE=getMsg HTTP/1.1" 200 27
180.162.229.95 - - [26/Nov/2022:10:34:29 +0800] "POST /xingrg/services/DataTransmitService HTTP/1.1" 200 524
180.162.229.95 - - [26/Nov/2022:10:34:33 +0800] "GET /xingrg/all/function/internal_message.html?_=1669430069762&CODE_STATE=getMsg HTTP/1.1" 200 27
180.162.229.95 - - [26/Nov/2022:10:34:33 +0800] "GET /xingrg/check_reg.html?_=1669430070297 HTTP/1.1" 200 22
114.84.38.109 - - [26/Nov/2022:10:34:36 +0800] "GET /xingrg/all/function/internal_message.html?_=1669430094203&CODE_STATE=getMsg HTTP/1.1" 302 -
114.84.81.136 - - [26/Nov/2022:10:34:40 +0800] "GET /xingrg/check_reg.html?_=1669430076925 HTTP/1.1" 200 22
114.84.81.136 - - [26/Nov/2022:10:34:40 +0800] "GET /xingrg/all/function/internal_message.html?_=1669430076927&CODE_STATE=getMsg HTTP/1.1" 200 27
116.230.105.139 - - [26/Nov/2022:10:34:43 +0800] "GET /xingrg/all/function/internal_message.html?_=1669430056743&CODE_STATE=getMsg HTTP/1.1" 200 27
114.84.38.109 - - [26/Nov/2022:10:34:45 +0800] "GET /xingrg/all/function/internal_message.html?_=1669430099293&CODE_STATE=getMsg HTTP/1.1" 200 27
180.162.229.95 - - [26/Nov/2022:10:34:45 +0800] "POST /xingrg/kc/base/wldb_order_operate.html HTTP/1.1" 200 37
116.238.139.35 - - [26/Nov/2022:10:34:48 +0800] "GET /xingrg/all/function/internal_message.html?_=1669429987946&CODE_STATE=getMsg HTTP/1.1" 200 27
180.162.229.95 - - [26/Nov/2022:10:34:48 +0800] "POST /xingrg/kc/base/wldb_order_operate.html HTTP/1.1" 200 12
180.162.229.95 - - [26/Nov/2022:10:34:48 +0800] "POST /xingrg/kc/base/wldb_order_operate.html HTTP/1.1" 200 6746
58.40.7.146 - - [26/Nov/2022:10:34:50 +0800] "GET /xingrg/check_reg.html?_=1669430085938 HTTP/1.1" 200 22
180.162.229.95 - - [26/Nov/2022:10:34:50 +0800] "GET /xingrg/kc/base/wldb_order_info.html?code=422022112602092 HTTP/1.1" 200 26257
180.162.229.95 - - [26/Nov/2022:10:34:50 +0800] "GET /xingrg/javascript/easyui/themes/default/validatebox.css HTTP/1.1" 404 1104
180.162.229.95 - - [26/Nov/2022:10:34:51 +0800] "POST /xingrg/kc/base/wldb_order_operate.html HTTP/1.1" 200 4939
114.84.38.109 - - [26/Nov/2022:10:34:51 +0800] "GET /xingrg/check_reg.html?_=1669430108849 HTTP/1.1" 302 -
58.37.5.145 - - [26/Nov/2022:10:34:51 +0800] "GET /xingrg/all/function/internal_message.html?_=1669430090274&CODE_STATE=getMsg HTTP/1.1" 200 27
58.37.5.145 - - [26/Nov/2022:10:34:53 +0800] "GET /xingrg/kc/buy/cgsh_order_operate.html?command=get_materiel&rest_code=00106&code=00101008350&supplier_code=00100007&order_time=2022-11-26 HTTP/1.1" 200 408
114.95.46.117 - - [26/Nov/2022:10:35:01 +0800] "GET /xingrg/all/function/internal_message.html?_=1669430097408&CODE_STATE=getMsg HTTP/1.1" 200 27
124.79.245.154 - - [26/Nov/2022:10:35:02 +0800] "GET /xingrg/all/function/internal_message.html?_=1669430318030&CODE_STATE=getMsg HTTP/1.1" 200 27
124.79.245.154 - - [26/Nov/2022:10:35:02 +0800] "GET /xingrg/check_reg.html?_=1669430318031 HTTP/1.1" 200 22
58.37.5.145 - - [26/Nov/2022:10:35:06 +0800] "GET /xingrg/kc/buy/cgsh_order_operate.html?command=get_materiel&rest_code=00106&code=00101008036&supplier_code=00100007&order_time=2022-11-26 HTTP/1.1" 200 408
114.95.46.117 - - [26/Nov/2022:10:35:06 +0800] "GET /xingrg/kc/buy/cgsh_order_list.html HTTP/1.1" 200 53780
101.85.106.255 - - [26/Nov/2022:10:35:08 +0800] "GET /xingrg/all/function/internal_message.html?_=1669430103952&CODE_STATE=getMsg HTTP/1.1" 200 27
114.95.46.117 - - [26/Nov/2022:10:35:09 +0800] "POST /xingrg/kc/buy/cgsh_list_operate.html HTTP/1.1" 200 3961
114.88.159.190 - - [26/Nov/2022:10:35:09 +0800] "GET /xingrg/all/function/internal_message.html?_=1669429708602&CODE_STATE=getMsg HTTP/1.1" 200 27
114.88.159.190 - - [26/Nov/2022:10:35:09 +0800] "GET /xingrg/check_reg.html?_=1669429708603 HTTP/1.1" 200 22
58.37.5.145 - - [26/Nov/2022:10:35:13 +0800] "GET /xingrg/kc/buy/cgsh_order_operate.html?command=get_materiel&rest_code=00106&code=00101008323&supplier_code=00100007&order_time=2022-11-26 HTTP/1.1" 200 409
114.95.46.117 - - [26/Nov/2022:10:35:13 +0800] "GET /xingrg/kc/buy/cgsh_order_add.html HTTP/1.1" 200 69643
114.95.46.117 - - [26/Nov/2022:10:35:13 +0800] "GET /xingrg/javascript/easyui/themes/default/validatebox.css HTTP/1.1" 404 1104
114.95.46.117 - - [26/Nov/2022:10:35:13 +0800] "POST /xingrg/kc/buy/cgsh_order_operate.html HTTP/1.1" 200 8245
114.95.46.117 - - [26/Nov/2022:10:35:16 +0800] "GET /xingrg/all/function/internal_message.html?_=1669429960644&CODE_STATE=getMsg HTTP/1.1" 200 27
114.95.46.117 - - [26/Nov/2022:10:35:16 +0800] "GET /xingrg/javascript/auto/indicator.gif HTTP/1.1" 404 1066
120.253.135.82 - - [26/Nov/2022:10:35:23 +0800] "GET /xingrg/all/function/internal_message.html?_=1669429920692&CODE_STATE=getMsg HTTP/1.1" 200 27
180.165.156.114 - - [26/Nov/2022:10:35:25 +0800] "GET /xingrg/all/function/internal_message.html?_=1669430121084&CODE_STATE=getMsg HTTP/1.1" 200 27
58.40.7.146 - - [26/Nov/2022:10:35:29 +0800] "GET /xingrg/all/function/internal_message.html?_=1669430125580&CODE_STATE=getMsg HTTP/1.1" 200 27
114.95.46.117 - - [26/Nov/2022:10:35:30 +0800] "GET /xingrg/kc/buy/cgsh_order_operate.html?command=get_materiel&rest_code=00105&code=00101009109&supplier_code=00100024&order_time=2022-11-26 HTTP/1.1" 200 413
180.162.229.95 - - [26/Nov/2022:10:35:33 +0800] "GET /xingrg/all/function/internal_message.html?_=1669430129749&CODE_STATE=getMsg HTTP/1.1" 200 27
114.84.38.109 - - [26/Nov/2022:10:35:36 +0800] "GET /xingrg/all/function/internal_message.html?_=1669430154338&CODE_STATE=getMsg HTTP/1.1" 302 -
114.84.81.136 - - [26/Nov/2022:10:35:40 +0800] "GET /xingrg/all/function/internal_message.html?_=1669430136927&CODE_STATE=getMsg HTTP/1.1" 200 27
116.230.105.139 - - [26/Nov/2022:10:35:43 +0800] "GET /xingrg/all/function/internal_message.html?_=1669430116750&CODE_STATE=getMsg HTTP/1.1" 200 27
114.95.46.117 - - [26/Nov/2022:10:35:44 +0800] "GET /xingrg/kc/buy/cgsh_order_operate.html?command=get_materiel&rest_code=00105&code=00101009011&supplier_code=00100024&order_time=2022-11-26 HTTP/1.1" 200 416
114.84.38.109 - - [26/Nov/2022:10:35:45 +0800] "GET /xingrg/all/function/internal_message.html?_=1669430159318&CODE_STATE=getMsg HTTP/1.1" 200 27
114.84.81.136 - - [26/Nov/2022:10:35:46 +0800] "GET /xingrg/check_reg.html?_=1669430143023 HTTP/1.1" 200 22
116.238.139.35 - - [26/Nov/2022:10:35:48 +0800] "GET /xingrg/all/function/internal_message.html?_=1669430048007&CODE_STATE=getMsg HTTP/1.1" 200 27
58.37.5.145 - - [26/Nov/2022:10:35:52 +0800] "GET /xingrg/all/function/internal_message.html?_=1669430150383&CODE_STATE=getMsg HTTP/1.1" 200 27
114.95.46.117 - - [26/Nov/2022:10:35:56 +0800] "GET /xingrg/kc/buy/cgsh_order_operate.html?command=get_materiel&rest_code=00105&code=00101009016&supplier_code=00100024&order_time=2022-11-26 HTTP/1.1" 200 412
58.37.5.145 - - [26/Nov/2022:10:35:57 +0800] "POST /xingrg/kc/buy/cgsh_order_operate.html HTTP/1.1" 200 2065
114.95.46.117 - - [26/Nov/2022:10:36:01 +0800] "GET /xingrg/check_reg.html?_=1669430157415 HTTP/1.1" 200 22
114.95.46.117 - - [26/Nov/2022:10:36:01 +0800] "GET /xingrg/all/function/internal_message.html?_=1669430157418&CODE_STATE=getMsg HTTP/1.1" 200 27
124.79.245.154 - - [26/Nov/2022:10:36:02 +0800] "GET /xingrg/all/function/internal_message.html?_=1669430378031&CODE_STATE=getMsg HTTP/1.1" 200 27
114.95.46.117 - - [26/Nov/2022:10:36:03 +0800] "GET /xingrg/kc/buy/cgsh_order_operate.html?command=get_materiel&rest_code=00105&code=00101009013&supplier_code=00100024&order_time=2022-11-26 HTTP/1.1" 200 422
101.85.106.255 - - [26/Nov/2022:10:36:08 +0800] "GET /xingrg/all/function/internal_message.html?_=1669430163966&CODE_STATE=getMsg HTTP/1.1" 200 27
114.88.159.190 - - [26/Nov/2022:10:36:09 +0800] "GET /xingrg/all/function/internal_message.html?_=1669429768627&CODE_STATE=getMsg HTTP/1.1" 200 27
114.95.46.117 - - [26/Nov/2022:10:36:11 +0800] "GET /xingrg/kc/buy/cgsh_order_operate.html?command=get_materiel&rest_code=00105&code=00101009140&supplier_code=00100024&order_time=2022-11-26 HTTP/1.1" 200 414
114.95.46.117 - - [26/Nov/2022:10:36:16 +0800] "GET /xingrg/all/function/internal_message.html?_=1669430020634&CODE_STATE=getMsg HTTP/1.1" 200 27
58.37.5.145 - - [26/Nov/2022:10:36:18 +0800] "GET /xingrg/check_reg.html?_=1669430177218 HTTP/1.1" 200 22
114.95.46.117 - - [26/Nov/2022:10:36:22 +0800] "GET /xingrg/kc/buy/cgsh_order_operate.html?command=get_materiel&rest_code=00105&code=00101009124&supplier_code=00100024&order_time=2022-11-26 HTTP/1.1" 200 416
120.253.135.82 - - [26/Nov/2022:10:36:23 +0800] "GET /xingrg/all/function/internal_message.html?_=1669429980706&CODE_STATE=getMsg HTTP/1.1" 200 27
180.165.156.114 - - [26/Nov/2022:10:36:25 +0800] "GET /xingrg/all/function/internal_message.html?_=1669430181092&CODE_STATE=getMsg HTTP/1.1" 200 27
114.95.46.117 - - [26/Nov/2022:10:36:28 +0800] "GET /xingrg/javascript/jquery_easy_ui/themes/icons/rest.png HTTP/1.1" 304 -
114.95.46.117 - - [26/Nov/2022:10:36:28 +0800] "GET /xingrg/javascript/jquery_easy_ui/themes/icons/manage.png HTTP/1.1" 304 -
114.95.46.117 - - [26/Nov/2022:10:36:28 +0800] "GET /xingrg/javascript/jquery_easy_ui/themes/icons/area.png HTTP/1.1" 304 -
58.40.7.146 - - [26/Nov/2022:10:36:29 +0800] "GET /xingrg/all/function/internal_message.html?_=1669430185567&CODE_STATE=getMsg HTTP/1.1" 200 27
114.95.46.117 - - [26/Nov/2022:10:36:32 +0800] "POST /xingrg/kc/buy/cgsh_order_operate.html HTTP/1.1" 200 37
180.162.229.95 - - [26/Nov/2022:10:36:33 +0800] "GET /xingrg/all/function/internal_message.html?_=1669430189728&CODE_STATE=getMsg HTTP/1.1" 200 27
114.95.46.117 - - [26/Nov/2022:10:36:33 +0800] "POST /xingrg/kc/buy/cgsh_order_operate.html HTTP/1.1" 200 5625
58.37.5.145 - - [26/Nov/2022:10:36:34 +0800] "GET /xingrg/kc/buy/cgsh_order_operate.html?command=get_materiel&rest_code=00106&code=00101008175&supplier_code=00100007&order_time=2022-11-26 HTTP/1.1" 200 412
114.84.38.109 - - [26/Nov/2022:10:36:36 +0800] "GET /xingrg/all/function/internal_message.html?_=1669430214340&CODE_STATE=getMsg HTTP/1.1" 302 -
114.84.81.136 - - [26/Nov/2022:10:36:40 +0800] "GET /xingrg/all/function/internal_message.html?_=1669430196927&CODE_STATE=getMsg HTTP/1.1" 200 27
114.84.81.136 - - [26/Nov/2022:10:36:41 +0800] "GET /favicon.ico HTTP/1.1" 404 -
116.230.105.139 - - [26/Nov/2022:10:36:43 +0800] "GET /xingrg/all/function/internal_message.html?_=1669430176765&CODE_STATE=getMsg HTTP/1.1" 200 27
116.230.105.139 - - [26/Nov/2022:10:36:43 +0800] "GET /xingrg/check_reg.html?_=1669430176769 HTTP/1.1" 200 22
114.84.38.109 - - [26/Nov/2022:10:36:45 +0800] "GET /xingrg/all/function/internal_message.html?_=1669430219338&CODE_STATE=getMsg HTTP/1.1" 200 27
116.238.139.35 - - [26/Nov/2022:10:36:48 +0800] "GET /xingrg/all/function/internal_message.html?_=1669430108020&CODE_STATE=getMsg HTTP/1.1" 200 27
114.83.219.57 - - [26/Nov/2022:10:36:49 +0800] "GET /xingrg/check_reg.html?_=1669430334119 HTTP/1.1" 200 22
58.37.5.145 - - [26/Nov/2022:10:36:51 +0800] "GET /xingrg/all/function/internal_message.html?_=1669430210229&CODE_STATE=getMsg HTTP/1.1" 200 27
114.95.46.117 - - [26/Nov/2022:10:37:01 +0800] "GET /xingrg/all/function/internal_message.html?_=1669430217457&CODE_STATE=getMsg HTTP/1.1" 200 27
124.79.245.154 - - [26/Nov/2022:10:37:02 +0800] "GET /xingrg/all/function/internal_message.html?_=1669430438035&CODE_STATE=getMsg HTTP/1.1" 200 27
58.37.5.145 - - [26/Nov/2022:10:37:07 +0800] "POST /xingrg/kc/buy/cgsh_order_operate.html HTTP/1.1" 200 37
101.85.106.255 - - [26/Nov/2022:10:37:08 +0800] "GET /xingrg/check_reg.html?_=1669430223965 HTTP/1.1" 200 22
101.85.106.255 - - [26/Nov/2022:10:37:08 +0800] "GET /xingrg/all/function/internal_message.html?_=1669430223966&CODE_STATE=getMsg HTTP/1.1" 200 27
58.37.5.145 - - [26/Nov/2022:10:37:09 +0800] "POST /xingrg/kc/buy/cgsh_order_operate.html HTTP/1.1" 200 34572
114.88.159.190 - - [26/Nov/2022:10:37:09 +0800] "GET /xingrg/all/function/internal_message.html?_=1669429828625&CODE_STATE=getMsg HTTP/1.1" 200 27
114.95.46.117 - - [26/Nov/2022:10:37:16 +0800] "GET /xingrg/all/function/internal_message.html?_=1669430080634&CODE_STATE=getMsg HTTP/1.1" 200 27
120.253.135.82 - - [26/Nov/2022:10:37:23 +0800] "GET /xingrg/all/function/internal_message.html?_=1669430040766&CODE_STATE=getMsg HTTP/1.1" 200 27
180.165.156.114 - - [26/Nov/2022:10:37:25 +0800] "GET /xingrg/check_reg.html?_=1669430241093 HTTP/1.1" 200 22
180.165.156.114 - - [26/Nov/2022:10:37:25 +0800] "GET /xingrg/all/function/internal_message.html?_=1669430241095&CODE_STATE=getMsg HTTP/1.1" 200 27
58.40.7.146 - - [26/Nov/2022:10:37:29 +0800] "GET /xingrg/all/function/internal_message.html?_=1669430245538&CODE_STATE=getMsg HTTP/1.1" 200 27
101.80.228.88 - - [26/Nov/2022:10:37:33 +0800] "POST /xingrg/services/DataTransmitService HTTP/1.1" 200 524
180.162.229.95 - - [26/Nov/2022:10:37:33 +0800] "GET /xingrg/all/function/internal_message.html?_=1669430249713&CODE_STATE=getMsg HTTP/1.1" 200 27
101.80.228.88 - - [26/Nov/2022:10:37:33 +0800] "POST /xingrg/services/DataTransmitService HTTP/1.1" 200 2147
101.80.228.88 - - [26/Nov/2022:10:37:33 +0800] "POST /xingrg/services/DataTransmitService HTTP/1.1" 200 524
101.80.228.88 - - [26/Nov/2022:10:37:34 +0800] "POST /xingrg/services/DataTransmitService HTTP/1.1" 200 2147
101.80.228.88 - - [26/Nov/2022:10:37:34 +0800] "POST /xingrg/services/DataTransmitService HTTP/1.1" 200 524
101.80.228.88 - - [26/Nov/2022:10:37:34 +0800] "POST /xingrg/services/DataTransmitService HTTP/1.1" 200 2147
101.80.228.88 - - [26/Nov/2022:10:37:34 +0800] "POST /xingrg/services/DataTransmitService HTTP/1.1" 200 524
101.80.228.88 - - [26/Nov/2022:10:37:35 +0800] "POST /xingrg/services/DataTransmitService HTTP/1.1" 200 2147
101.80.228.88 - - [26/Nov/2022:10:37:35 +0800] "POST /xingrg/services/DataTransmitService HTTP/1.1" 200 524
101.80.228.88 - - [26/Nov/2022:10:37:35 +0800] "POST /xingrg/services/DataTransmitService HTTP/1.1" 200 2147
101.80.228.88 - - [26/Nov/2022:10:37:35 +0800] "POST /xingrg/services/DataTransmitService HTTP/1.1" 200 524
101.80.228.88 - - [26/Nov/2022:10:37:36 +0800] "POST /xingrg/services/DataTransmitService HTTP/1.1" 200 2147
101.80.228.88 - - [26/Nov/2022:10:37:36 +0800] "POST /xingrg/services/DataTransmitService HTTP/1.1" 200 524
101.80.228.88 - - [26/Nov/2022:10:37:36 +0800] "POST /xingrg/services/DataTransmitService HTTP/1.1" 200 2147
101.80.228.88 - - [26/Nov/2022:10:37:37 +0800] "POST /xingrg/services/DataTransmitService HTTP/1.1" 200 524
114.84.38.109 - - [26/Nov/2022:10:37:37 +0800] "GET /xingrg/all/function/internal_message.html?_=1669430274483&CODE_STATE=getMsg HTTP/1.1" 302 -
101.80.228.88 - - [26/Nov/2022:10:37:37 +0800] "POST /xingrg/services/DataTransmitService HTTP/1.1" 200 2147
101.80.228.88 - - [26/Nov/2022:10:37:37 +0800] "POST /xingrg/services/DataTransmitService HTTP/1.1" 200 524
101.80.228.88 - - [26/Nov/2022:10:37:38 +0800] "POST /xingrg/services/DataTransmitService HTTP/1.1" 200 2147
101.80.228.88 - - [26/Nov/2022:10:37:38 +0800] "POST /xingrg/services/DataTransmitService HTTP/1.1" 200 524
101.80.228.88 - - [26/Nov/2022:10:37:38 +0800] "POST /xingrg/services/DataTransmitService HTTP/1.1" 200 2147
114.84.81.136 - - [26/Nov/2022:10:37:40 +0800] "GET /xingrg/all/function/internal_message.html?_=1669430256927&CODE_STATE=getMsg HTTP/1.1" 200 27
101.80.228.88 - - [26/Nov/2022:10:37:40 +0800] "POST /xingrg/services/DataTransmitService HTTP/1.1" 200 524
101.80.228.88 - - [26/Nov/2022:10:37:41 +0800] "POST /xingrg/services/DataTransmitService HTTP/1.1" 200 2147
116.230.105.139 - - [26/Nov/2022:10:37:43 +0800] "GET /xingrg/all/function/internal_message.html?_=1669430236759&CODE_STATE=getMsg HTTP/1.1" 200 27
101.80.228.88 - - [26/Nov/2022:10:37:43 +0800] "POST /xingrg/services/DataTransmitService HTTP/1.1" 200 524
101.80.228.88 - - [26/Nov/2022:10:37:43 +0800] "POST /xingrg/services/DataTransmitService HTTP/1.1" 200 2147
114.84.38.109 - - [26/Nov/2022:10:37:43 +0800] "GET /xingrg/check_reg.html?_=1669430277830 HTTP/1.1" 200 22
114.84.38.109 - - [26/Nov/2022:10:37:45 +0800] "GET /xingrg/all/function/internal_message.html?_=1669430279348&CODE_STATE=getMsg HTTP/1.1" 200 27
116.238.139.35 - - [26/Nov/2022:10:37:48 +0800] "GET /xingrg/all/function/internal_message.html?_=1669430168079&CODE_STATE=getMsg HTTP/1.1" 200 27
101.80.228.88 - - [26/Nov/2022:10:37:51 +0800] "POST /xingrg/services/DataTransmitService HTTP/1.1" 200 524
58.37.5.145 - - [26/Nov/2022:10:37:51 +0800] "GET /xingrg/all/function/internal_message.html?_=1669430270351&CODE_STATE=getMsg HTTP/1.1" 200 27
101.80.228.88 - - [26/Nov/2022:10:37:52 +0800] "POST /xingrg/services/DataTransmitService HTTP/1.1" 200 2147
101.80.228.88 - - [26/Nov/2022:10:37:52 +0800] "POST /xingrg/services/DataTransmitService HTTP/1.1" 200 524
101.80.228.88 - - [26/Nov/2022:10:37:52 +0800] "POST /xingrg/services/DataTransmitService HTTP/1.1" 200 2147
101.80.228.88 - - [26/Nov/2022:10:37:53 +0800] "POST /xingrg/services/DataTransmitService HTTP/1.1" 200 524
101.80.228.88 - - [26/Nov/2022:10:37:53 +0800] "POST /xingrg/services/DataTransmitService HTTP/1.1" 200 2147
101.80.228.88 - - [26/Nov/2022:10:37:53 +0800] "POST /xingrg/services/DataTransmitService HTTP/1.1" 200 524
101.80.228.88 - - [26/Nov/2022:10:37:54 +0800] "POST /xingrg/services/DataTransmitService HTTP/1.1" 200 2147
101.80.228.88 - - [26/Nov/2022:10:37:54 +0800] "POST /xingrg/services/DataTransmitService HTTP/1.1" 200 524
101.80.228.88 - - [26/Nov/2022:10:37:54 +0800] "POST /xingrg/services/DataTransmitService HTTP/1.1" 200 2147
101.80.228.88 - - [26/Nov/2022:10:37:56 +0800] "POST /xingrg/services/DataTransmitService HTTP/1.1" 200 524
101.80.228.88 - - [26/Nov/2022:10:37:57 +0800] "POST /xingrg/services/DataTransmitService HTTP/1.1" 200 2147
101.80.228.88 - - [26/Nov/2022:10:37:57 +0800] "POST /xingrg/services/DataTransmitService HTTP/1.1" 200 524
101.80.228.88 - - [26/Nov/2022:10:37:57 +0800] "POST /xingrg/services/DataTransmitService HTTP/1.1" 200 2147
101.80.228.88 - - [26/Nov/2022:10:37:59 +0800] "POST /xingrg/services/DataTransmitService HTTP/1.1" 200 524
101.80.228.88 - - [26/Nov/2022:10:37:59 +0800] "POST /xingrg/services/DataTransmitService HTTP/1.1" 200 2147
180.162.229.95 - - [26/Nov/2022:10:38:00 +0800] "GET /xingrg/kc/mdqp/qqps_order_list.html HTTP/1.1" 200 9222
180.162.229.95 - - [26/Nov/2022:10:38:00 +0800] "GET /xingrg/dwr/interface/AjaxQqpsService.js HTTP/1.1" 200 16326
180.162.229.95 - - [26/Nov/2022:10:38:00 +0800] "GET /xingrg/dwr/interface/AjaxReportQueryService.js HTTP/1.1" 200 13203
180.162.229.95 - - [26/Nov/2022:10:38:00 +0800] "GET /xingrg/dwr/engine.js HTTP/1.1" 200 43631
180.162.229.95 - - [26/Nov/2022:10:38:00 +0800] "GET /xingrg/javascript/ToolTips.js HTTP/1.1" 200 5615
180.162.229.95 - - [26/Nov/2022:10:38:00 +0800] "GET /xingrg/javascript/jquery_easy_ui/themes/icons/edit_add_new.png HTTP/1.1" 200 2997
180.162.229.95 - - [26/Nov/2022:10:38:00 +0800] "GET /xingrg/javascript/jquery_easy_ui/themes/icons/uncheck_new.png HTTP/1.1" 200 3197
180.162.229.95 - - [26/Nov/2022:10:38:00 +0800] "GET /xingrg/javascript/jquery_easy_ui/themes/icons/check_new.png HTTP/1.1" 200 3224
180.162.229.95 - - [26/Nov/2022:10:38:00 +0800] "GET /xingrg/javascript/jquery_easy_ui/themes/icons/cance_new.png HTTP/1.1" 200 3986
101.80.228.88 - - [26/Nov/2022:10:38:00 +0800] "POST /xingrg/services/DataTransmitService HTTP/1.1" 200 524
114.95.46.117 - - [26/Nov/2022:10:38:01 +0800] "GET /xingrg/all/function/internal_message.html?_=1669430277410&CODE_STATE=getMsg HTTP/1.1" 200 27
101.80.228.88 - - [26/Nov/2022:10:38:01 +0800] "POST /xingrg/services/DataTransmitService HTTP/1.1" 200 2147
101.80.228.88 - - [26/Nov/2022:10:38:01 +0800] "POST /xingrg/services/DataTransmitService HTTP/1.1" 200 524
101.80.228.88 - - [26/Nov/2022:10:38:02 +0800] "POST /xingrg/services/DataTransmitService HTTP/1.1" 200 2147
124.79.245.154 - - [26/Nov/2022:10:38:02 +0800] "GET /xingrg/all/function/internal_message.html?_=1669430498037&CODE_STATE=getMsg HTTP/1.1" 200 27
101.80.228.88 - - [26/Nov/2022:10:38:03 +0800] "POST /xingrg/services/DataTransmitService HTTP/1.1" 200 524
101.80.228.88 - - [26/Nov/2022:10:38:03 +0800] "POST /xingrg/services/DataTransmitService HTTP/1.1" 200 2147
101.80.228.88 - - [26/Nov/2022:10:38:03 +0800] "POST /xingrg/services/DataTransmitService HTTP/1.1" 200 524
101.80.228.88 - - [26/Nov/2022:10:38:04 +0800] "POST /xingrg/services/DataTransmitService HTTP/1.1" 200 2147
101.80.228.88 - - [26/Nov/2022:10:38:04 +0800] "POST /xingrg/services/DataTransmitService HTTP/1.1" 200 524
101.80.228.88 - - [26/Nov/2022:10:38:04 +0800] "POST /xingrg/services/DataTransmitService HTTP/1.1" 200 2147
101.80.228.88 - - [26/Nov/2022:10:38:04 +0800] "POST /xingrg/services/DataTransmitService HTTP/1.1" 200 524
101.80.228.88 - - [26/Nov/2022:10:38:05 +0800] "POST /xingrg/services/DataTransmitService HTTP/1.1" 200 2147
101.80.228.88 - - [26/Nov/2022:10:38:05 +0800] "POST /xingrg/services/DataTransmitService HTTP/1.1" 200 524
180.162.229.95 - - [26/Nov/2022:10:38:05 +0800] "GET /xingrg/kc/mdqp/qqps_order_list.html?isQuery=1&timeSelect=1&orderTime=day&startTime=2022-11-25&endTime=2022-11-25&state=all&query=%C8%B7++%B6%A8 HTTP/1.1" 200 10178
180.162.229.95 - - [26/Nov/2022:10:38:05 +0800] "GET /xingrg/dwr/interface/AjaxQqpsService.js HTTP/1.1" 200 16326
180.162.229.95 - - [26/Nov/2022:10:38:05 +0800] "GET /xingrg/dwr/interface/AjaxReportQueryService.js HTTP/1.1" 200 13203
180.162.229.95 - - [26/Nov/2022:10:38:05 +0800] "GET /xingrg/dwr/engine.js HTTP/1.1" 200 43631
101.80.228.88 - - [26/Nov/2022:10:38:05 +0800] "POST /xingrg/services/DataTransmitService HTTP/1.1" 200 2147
58.37.5.145 - - [26/Nov/2022:10:38:06 +0800] "POST /xingrg/kc/buy/cgsh_order_operate.html HTTP/1.1" 200 2065
180.162.229.95 - - [26/Nov/2022:10:38:07 +0800] "GET /xingrg/kc/mdqp/qqps_order_info.html?code=302022112500436 HTTP/1.1" 200 26710
180.162.229.95 - - [26/Nov/2022:10:38:07 +0800] "GET /xingrg/dwr/interface/AjaxQqpsService.js HTTP/1.1" 200 16326
180.162.229.95 - - [26/Nov/2022:10:38:07 +0800] "GET /xingrg/dwr/interface/AjaxComOrderService.js HTTP/1.1" 200 18264
180.162.229.95 - - [26/Nov/2022:10:38:07 +0800] "GET /xingrg/javascript/Grid.js HTTP/1.1" 200 58908
180.162.229.95 - - [26/Nov/2022:10:38:07 +0800] "GET /xingrg/javascript/tools/jquery.qtip-1.0.0-rc3.min.js HTTP/1.1" 200 38404
180.162.229.95 - - [26/Nov/2022:10:38:07 +0800] "GET /xingrg/javascript/AjaxInfoList.js HTTP/1.1" 200 3774
180.162.229.95 - - [26/Nov/2022:10:38:07 +0800] "GET /xingrg/dwr/engine.js HTTP/1.1" 200 43631
180.162.229.95 - - [26/Nov/2022:10:38:07 +0800] "GET /xingrg/javascript/jquery_easy_ui/themes/icons/template_new.png HTTP/1.1" 200 3956
180.162.229.95 - - [26/Nov/2022:10:38:07 +0800] "GET /xingrg/javascript/jquery_easy_ui/themes/icons/copy_new.png HTTP/1.1" 200 815
180.162.229.95 - - [26/Nov/2022:10:38:07 +0800] "GET /xingrg/images/blue/wait.gif HTTP/1.1" 200 1100
180.162.229.95 - - [26/Nov/2022:10:38:07 +0800] "GET /xingrg/images/blue/kc_tab_left.gif HTTP/1.1" 200 188
180.162.229.95 - - [26/Nov/2022:10:38:07 +0800] "GET /xingrg/images/blue/kc_tab_mid.gif HTTP/1.1" 200 44
180.162.229.95 - - [26/Nov/2022:10:38:07 +0800] "GET /xingrg/images/blue/kc_tab_right.gif HTTP/1.1" 200 643
180.162.229.95 - - [26/Nov/2022:10:38:07 +0800] "POST /xingrg/dwr/call/plaincall/AjaxQqpsService.loadMaterielItems.dwr HTTP/1.1" 200 329
101.85.106.255 - - [26/Nov/2022:10:38:08 +0800] "GET /xingrg/all/function/internal_message.html?_=1669430283965&CODE_STATE=getMsg HTTP/1.1" 200 27
101.80.228.88 - - [26/Nov/2022:10:38:09 +0800] "POST /xingrg/services/DataTransmitService HTTP/1.1" 200 524
114.88.159.190 - - [26/Nov/2022:10:38:09 +0800] "GET /xingrg/all/function/internal_message.html?_=1669429888624&CODE_STATE=getMsg HTTP/1.1" 200 27
101.80.228.88 - - [26/Nov/2022:10:38:10 +0800] "POST /xingrg/services/DataTransmitService HTTP/1.1" 200 2147
180.162.229.95 - - [26/Nov/2022:10:38:10 +0800] "GET /xingrg/javascript/jquery_easy_ui/themes/default/images/button_plain_hover.png HTTP/1.1" 200 252
180.162.229.95 - - [26/Nov/2022:10:38:11 +0800] "GET /xingrg/kc/mdqp/qqps_order_list.html?isBack=1 HTTP/1.1" 302 -
180.162.229.95 - - [26/Nov/2022:10:38:11 +0800] "GET /xingrg/kc/mdqp/qqps_order_list.html?isQuery=1&timeSelect=1&orderTime=day&startTime=2022-11-25&endTime=2022-11-25&state=all&query=%C8%B7++%B6%A8 HTTP/1.1" 200 10178
180.162.229.95 - - [26/Nov/2022:10:38:11 +0800] "GET /xingrg/dwr/interface/AjaxReportQueryService.js HTTP/1.1" 200 13203
180.162.229.95 - - [26/Nov/2022:10:38:11 +0800] "GET /xingrg/dwr/interface/AjaxQqpsService.js HTTP/1.1" 200 16326
180.162.229.95 - - [26/Nov/2022:10:38:11 +0800] "GET /xingrg/dwr/engine.js HTTP/1.1" 200 43631
58.37.5.145 - - [26/Nov/2022:10:38:11 +0800] "GET /xingrg/kc/buy/cgsh_order_operate.html?command=get_materiel&rest_code=00106&code=00101008223&supplier_code=00100007&order_time=2022-11-26 HTTP/1.1" 200 412
101.80.228.88 - - [26/Nov/2022:10:38:11 +0800] "POST /xingrg/services/DataTransmitService HTTP/1.1" 200 524
101.80.228.88 - - [26/Nov/2022:10:38:12 +0800] "POST /xingrg/services/DataTransmitService HTTP/1.1" 200 2147
180.162.229.95 - - [26/Nov/2022:10:38:12 +0800] "GET /xingrg/kc/mdqp/qqps_order_info.html?code=302022112500435 HTTP/1.1" 200 26710
180.162.229.95 - - [26/Nov/2022:10:38:12 +0800] "GET /xingrg/dwr/interface/AjaxComOrderService.js HTTP/1.1" 200 18264
180.162.229.95 - - [26/Nov/2022:10:38:12 +0800] "GET /xingrg/dwr/interface/AjaxQqpsService.js HTTP/1.1" 200 16326
180.162.229.95 - - [26/Nov/2022:10:38:12 +0800] "GET /xingrg/dwr/engine.js HTTP/1.1" 200 43631
180.162.229.95 - - [26/Nov/2022:10:38:13 +0800] "POST /xingrg/dwr/call/plaincall/AjaxQqpsService.loadMaterielItems.dwr HTTP/1.1" 200 4584
114.95.46.117 - - [26/Nov/2022:10:38:16 +0800] "GET /xingrg/all/function/internal_message.html?_=1669430140637&CODE_STATE=getMsg HTTP/1.1" 200 27
120.253.135.82 - - [26/Nov/2022:10:38:23 +0800] "GET /xingrg/all/function/internal_message.html?_=1669430100780&CODE_STATE=getMsg HTTP/1.1" 200 27
180.165.156.114 - - [26/Nov/2022:10:38:25 +0800] "GET /xingrg/all/function/internal_message.html?_=1669430301080&CODE_STATE=getMsg HTTP/1.1" 200 27
180.162.229.95 - - [26/Nov/2022:10:38:25 +0800] "GET /xingrg/kc/mdqp/qqps_order_list.html?isBack=1 HTTP/1.1" 302 -
180.162.229.95 - - [26/Nov/2022:10:38:25 +0800] "GET /xingrg/kc/mdqp/qqps_order_list.html?isQuery=1&timeSelect=1&orderTime=day&startTime=2022-11-25&endTime=2022-11-25&state=all&query=%C8%B7++%B6%A8 HTTP/1.1" 200 10178
180.162.229.95 - - [26/Nov/2022:10:38:25 +0800] "GET /xingrg/dwr/interface/AjaxReportQueryService.js HTTP/1.1" 200 13203
180.162.229.95 - - [26/Nov/2022:10:38:25 +0800] "GET /xingrg/dwr/interface/AjaxQqpsService.js HTTP/1.1" 200 16326
180.162.229.95 - - [26/Nov/2022:10:38:25 +0800] "GET /xingrg/dwr/engine.js HTTP/1.1" 200 43631
58.40.7.146 - - [26/Nov/2022:10:38:29 +0800] "GET /xingrg/all/function/internal_message.html?_=1669430305510&CODE_STATE=getMsg HTTP/1.1" 200 27
180.162.229.95 - - [26/Nov/2022:10:38:31 +0800] "GET /xingrg/kc/mdqp/qqps_order_list.html?isQuery=1&timeSelect=1&orderTime=day&startTime=2022-11-24&endTime=2022-11-24&state=all&query=%C8%B7++%B6%A8 HTTP/1.1" 200 10579
180.162.229.95 - - [26/Nov/2022:10:38:31 +0800] "GET /xingrg/dwr/interface/AjaxReportQueryService.js HTTP/1.1" 200 13203
180.162.229.95 - - [26/Nov/2022:10:38:31 +0800] "GET /xingrg/dwr/interface/AjaxQqpsService.js HTTP/1.1" 200 16326
180.162.229.95 - - [26/Nov/2022:10:38:31 +0800] "GET /xingrg/dwr/engine.js HTTP/1.1" 200 43631
58.37.5.145 - - [26/Nov/2022:10:38:32 +0800] "POST /xingrg/kc/buy/cgsh_order_operate.html HTTP/1.1" 200 37
180.162.229.95 - - [26/Nov/2022:10:38:33 +0800] "GET /xingrg/all/function/internal_message.html?_=1669430309708&CODE_STATE=getMsg HTTP/1.1" 200 27
180.162.229.95 - - [26/Nov/2022:10:38:33 +0800] "GET /xingrg/kc/mdqp/qqps_order_info.html?code=302022112400415 HTTP/1.1" 200 26710
180.162.229.95 - - [26/Nov/2022:10:38:33 +0800] "GET /xingrg/dwr/interface/AjaxQqpsService.js HTTP/1.1" 200 16326
180.162.229.95 - - [26/Nov/2022:10:38:33 +0800] "GET /xingrg/dwr/interface/AjaxComOrderService.js HTTP/1.1" 200 18264
180.162.229.95 - - [26/Nov/2022:10:38:33 +0800] "GET /xingrg/dwr/engine.js HTTP/1.1" 200 43631
180.162.229.95 - - [26/Nov/2022:10:38:34 +0800] "POST /xingrg/dwr/call/plaincall/AjaxQqpsService.loadMaterielItems.dwr HTTP/1.1" 200 4148
114.84.38.109 - - [26/Nov/2022:10:38:36 +0800] "GET /xingrg/all/function/internal_message.html?_=1669430334492&CODE_STATE=getMsg HTTP/1.1" 302 -
114.84.81.136 - - [26/Nov/2022:10:38:40 +0800] "GET /xingrg/all/function/internal_message.html?_=1669430316926&CODE_STATE=getMsg HTTP/1.1" 200 27
116.230.105.139 - - [26/Nov/2022:10:38:43 +0800] "GET /xingrg/all/function/internal_message.html?_=1669430296745&CODE_STATE=getMsg HTTP/1.1" 200 27
114.84.38.109 - - [26/Nov/2022:10:38:45 +0800] "GET /xingrg/all/function/internal_message.html?_=1669430339362&CODE_STATE=getMsg HTTP/1.1" 200 27
58.37.5.145 - - [26/Nov/2022:10:38:46 +0800] "POST /xingrg/kc/buy/cgsh_order_operate.html HTTP/1.1" 200 38106
116.238.139.35 - - [26/Nov/2022:10:38:47 +0800] "GET /xingrg/check_reg.html?_=1669430227735 HTTP/1.1" 200 22
116.238.139.35 - - [26/Nov/2022:10:38:48 +0800] "GET /xingrg/all/function/internal_message.html?_=1669430228127&CODE_STATE=getMsg HTTP/1.1" 200 27
58.37.5.145 - - [26/Nov/2022:10:38:51 +0800] "GET /xingrg/all/function/internal_message.html?_=1669430330190&CODE_STATE=getMsg HTTP/1.1" 200 27
114.95.46.117 - - [26/Nov/2022:10:39:01 +0800] "GET /xingrg/all/function/internal_message.html?_=1669430337410&CODE_STATE=getMsg HTTP/1.1" 200 27
124.79.245.154 - - [26/Nov/2022:10:39:02 +0800] "GET /xingrg/all/function/internal_message.html?_=1669430558042&CODE_STATE=getMsg HTTP/1.1" 200 27
58.37.5.145 - - [26/Nov/2022:10:39:03 +0800] "GET /xingrg/kc/buy/cgsh_order_operate.html?command=get_materiel&rest_code=00106&code=00101008359&supplier_code=00100007&order_time=2022-11-26 HTTP/1.1" 200 408
101.85.106.255 - - [26/Nov/2022:10:39:08 +0800] "GET /xingrg/all/function/internal_message.html?_=1669430343963&CODE_STATE=getMsg HTTP/1.1" 200 27
114.88.159.190 - - [26/Nov/2022:10:39:09 +0800] "GET /xingrg/all/function/internal_message.html?_=1669429948622&CODE_STATE=getMsg HTTP/1.1" 200 27
58.37.5.145 - - [26/Nov/2022:10:39:13 +0800] "GET /xingrg/kc/buy/cgsh_order_operate.html?command=get_materiel&rest_code=00106&code=00101008095&supplier_code=00100007&order_time=2022-11-26 HTTP/1.1" 200 412
114.95.46.117 - - [26/Nov/2022:10:39:16 +0800] "GET /xingrg/all/function/internal_message.html?_=1669430200637&CODE_STATE=getMsg HTTP/1.1" 200 27
114.95.46.117 - - [26/Nov/2022:10:39:16 +0800] "GET /xingrg/check_reg.html?_=1669430200640 HTTP/1.1" 200 22
120.253.135.82 - - [26/Nov/2022:10:39:22 +0800] "GET /xingrg/check_reg.html?_=1669430159458 HTTP/1.1" 200 22
120.253.135.82 - - [26/Nov/2022:10:39:23 +0800] "GET /xingrg/all/function/internal_message.html?_=1669430160793&CODE_STATE=getMsg HTTP/1.1" 200 27
180.165.156.114 - - [26/Nov/2022:10:39:25 +0800] "GET /xingrg/all/function/internal_message.html?_=1669430361093&CODE_STATE=getMsg HTTP/1.1" 200 27
58.40.7.146 - - [26/Nov/2022:10:39:29 +0800] "GET /xingrg/all/function/internal_message.html?_=1669430365480&CODE_STATE=getMsg HTTP/1.1" 200 27
58.37.5.145 - - [26/Nov/2022:10:39:32 +0800] "POST /xingrg/kc/buy/cgsh_order_operate.html HTTP/1.1" 200 2065
180.162.229.95 - - [26/Nov/2022:10:39:33 +0800] "GET /xingrg/all/function/internal_message.html?_=1669430369693&CODE_STATE=getMsg HTTP/1.1" 200 27
180.162.229.95 - - [26/Nov/2022:10:39:33 +0800] "GET /xingrg/check_reg.html?_=1669430370284 HTTP/1.1" 200 22
114.84.38.109 - - [26/Nov/2022:10:39:37 +0800] "GET /xingrg/all/function/internal_message.html?_=1669430394645&CODE_STATE=getMsg HTTP/1.1" 302 -
114.84.81.136 - - [26/Nov/2022:10:39:40 +0800] "GET /xingrg/check_reg.html?_=1669430376927 HTTP/1.1" 200 22
114.84.81.136 - - [26/Nov/2022:10:39:40 +0800] "GET /xingrg/all/function/internal_message.html?_=1669430376929&CODE_STATE=getMsg HTTP/1.1" 200 27
58.37.5.145 - - [26/Nov/2022:10:39:42 +0800] "GET /xingrg/kc/buy/cgsh_order_operate.html?command=get_materiel&rest_code=00106&code=00101008145&supplier_code=00100007&order_time=2022-11-26 HTTP/1.1" 200 417
116.230.105.139 - - [26/Nov/2022:10:39:43 +0800] "GET /xingrg/all/function/internal_message.html?_=1669430356753&CODE_STATE=getMsg HTTP/1.1" 200 27
114.84.38.109 - - [26/Nov/2022:10:39:45 +0800] "GET /xingrg/all/function/internal_message.html?_=1669430399376&CODE_STATE=getMsg HTTP/1.1" 200 27
116.238.139.35 - - [26/Nov/2022:10:39:48 +0800] "GET /xingrg/all/function/internal_message.html?_=1669430288138&CODE_STATE=getMsg HTTP/1.1" 200 27
58.40.7.146 - - [26/Nov/2022:10:39:50 +0800] "GET /xingrg/check_reg.html?_=1669430385920 HTTP/1.1" 200 22
114.84.38.109 - - [26/Nov/2022:10:39:51 +0800] "GET /xingrg/check_reg.html?_=1669430408842 HTTP/1.1" 302 -
58.37.5.145 - - [26/Nov/2022:10:39:51 +0800] "GET /xingrg/all/function/internal_message.html?_=1669430390172&CODE_STATE=getMsg HTTP/1.1" 200 27
58.37.5.145 - - [26/Nov/2022:10:40:00 +0800] "GET /xingrg/kc/buy/cgsh_order_operate.html?command=get_materiel&rest_code=00106&code=00101008168&supplier_code=00100007&order_time=2022-11-26 HTTP/1.1" 200 412
114.95.46.117 - - [26/Nov/2022:10:40:01 +0800] "POST /xingrg/services/DataTransmitService HTTP/1.1" 200 524
114.95.46.117 - - [26/Nov/2022:10:40:01 +0800] "GET /xingrg/all/function/internal_message.html?_=1669430397410&CODE_STATE=getMsg HTTP/1.1" 200 27
124.79.245.154 - - [26/Nov/2022:10:40:02 +0800] "GET /xingrg/check_reg.html?_=1669430618028 HTTP/1.1" 200 22
124.79.245.154 - - [26/Nov/2022:10:40:02 +0800] "GET /xingrg/all/function/internal_message.html?_=1669430618029&CODE_STATE=getMsg HTTP/1.1" 200 27
180.162.229.95 - - [26/Nov/2022:10:40:02 +0800] "GET /xingrg/kc/base/wldb_order_list.html HTTP/1.1" 200 19101
180.162.229.95 - - [26/Nov/2022:10:40:03 +0800] "POST /xingrg/kc/base/wldb_list_operate.html HTTP/1.1" 200 928
180.162.229.95 - - [26/Nov/2022:10:40:04 +0800] "GET /xingrg/kc/base/wldb_order_add.html HTTP/1.1" 200 30380
180.162.229.95 - - [26/Nov/2022:10:40:04 +0800] "POST /xingrg/kc/base/wldb_order_operate.html HTTP/1.1" 200 6806
180.162.229.95 - - [26/Nov/2022:10:40:04 +0800] "GET /xingrg/javascript/easyui/themes/default/validatebox.css HTTP/1.1" 404 1104
180.162.229.95 - - [26/Nov/2022:10:40:05 +0800] "POST /xingrg/all/common/load_combo.html?type=base HTTP/1.1" 200 3321
114.95.46.117 - - [26/Nov/2022:10:40:07 +0800] "POST /xingrg/services/DataTransmitService HTTP/1.1" 200 501
101.85.106.255 - - [26/Nov/2022:10:40:08 +0800] "GET /xingrg/all/function/internal_message.html?_=1669430403961&CODE_STATE=getMsg HTTP/1.1" 200 27
58.37.5.145 - - [26/Nov/2022:10:40:11 +0800] "GET /xingrg/kc/buy/cgsh_order_operate.html?command=get_materiel&rest_code=00106&code=00101008061&supplier_code=00100007&order_time=2022-11-26 HTTP/1.1" 200 422
114.95.46.117 - - [26/Nov/2022:10:40:16 +0800] "GET /xingrg/all/function/internal_message.html?_=1669430260634&CODE_STATE=getMsg HTTP/1.1" 200 27
180.162.229.95 - - [26/Nov/2022:10:40:17 +0800] "GET /xingrg/system/info/materiel_import.html?isSelect=1&singleSelect=false HTTP/1.1" 200 5600
180.162.229.95 - - [26/Nov/2022:10:40:17 +0800] "GET /xingrg/css/xtree.css HTTP/1.1" 200 880
180.162.229.95 - - [26/Nov/2022:10:40:17 +0800] "GET /xingrg/javascript/jquery_ui/themes/base/base.css HTTP/1.1" 200 28568
180.162.229.95 - - [26/Nov/2022:10:40:17 +0800] "GET /xingrg/javascript/jquery_easy_ui/themes/icons/edit_add.png HTTP/1.1" 200 1088
180.162.229.95 - - [26/Nov/2022:10:40:17 +0800] "GET /xingrg/javascript/jquery_easy_ui/themes/default/images/pagination_last.gif HTTP/1.1" 200 923
180.162.229.95 - - [26/Nov/2022:10:40:17 +0800] "POST /xingrg/all/common/load_tree.html?tree=materiel_sort_tree_json HTTP/1.1" 200 9500
180.162.229.95 - - [26/Nov/2022:10:40:17 +0800] "GET /xingrg/javascript/jquery_easy_ui/themes/default/images/pagination_load.png HTTP/1.1" 200 827
180.162.229.95 - - [26/Nov/2022:10:40:17 +0800] "GET /favicon.ico HTTP/1.1" 404 -
180.162.229.95 - - [26/Nov/2022:10:40:17 +0800] "GET /xingrg/javascript/jquery_easy_ui/themes/default/images/datagrid_header_bg.gif HTTP/1.1" 200 97
180.162.229.95 - - [26/Nov/2022:10:40:17 +0800] "GET /xingrg/javascript/jquery_easy_ui/themes/default/images/pagination_first.gif HTTP/1.1" 200 925
180.162.229.95 - - [26/Nov/2022:10:40:17 +0800] "GET /xingrg/javascript/jquery_easy_ui/themes/default/images/pagination_prev.gif HTTP/1.1" 200 879
180.162.229.95 - - [26/Nov/2022:10:40:17 +0800] "GET /xingrg/javascript/jquery_easy_ui/themes/default/images/pagination_next.gif HTTP/1.1" 200 875
180.162.229.95 - - [26/Nov/2022:10:40:18 +0800] "GET /xingrg/javascript/jquery_easy_ui/themes/icons/area.png HTTP/1.1" 200 262
180.162.229.95 - - [26/Nov/2022:10:40:18 +0800] "GET /xingrg/javascript/jquery_easy_ui/themes/icons/rest.png HTTP/1.1" 200 695
120.253.135.82 - - [26/Nov/2022:10:40:23 +0800] "GET /xingrg/all/function/internal_message.html?_=1669430220806&CODE_STATE=getMsg HTTP/1.1" 200 27
180.162.229.95 - - [26/Nov/2022:10:40:24 +0800] "GET /xingrg/kc/base/wldb_order_operate.html?command=get_materiel&rest_code=00102&base_code=0010476&code=00101014087 HTTP/1.1" 200 425
58.37.5.145 - - [26/Nov/2022:10:40:24 +0800] "POST /xingrg/services/DataTransmitService HTTP/1.1" 200 524
58.37.5.145 - - [26/Nov/2022:10:40:25 +0800] "POST /xingrg/services/DataTransmitService HTTP/1.1" 200 501
58.37.5.145 - - [26/Nov/2022:10:40:25 +0800] "POST /xingrg/services/DataTransmitService HTTP/1.1" 200 501
58.37.5.145 - - [26/Nov/2022:10:40:25 +0800] "POST /xingrg/services/DataTransmitService HTTP/1.1" 200 501
180.165.156.114 - - [26/Nov/2022:10:40:25 +0800] "GET /xingrg/all/function/internal_message.html?_=1669430421094&CODE_STATE=getMsg HTTP/1.1" 200 27
58.37.5.145 - - [26/Nov/2022:10:40:25 +0800] "POST /xingrg/services/DataTransmitService HTTP/1.1" 200 501
58.37.5.145 - - [26/Nov/2022:10:40:25 +0800] "POST /xingrg/kc/buy/cgsh_order_operate.html HTTP/1.1" 200 37
58.37.5.145 - - [26/Nov/2022:10:40:26 +0800] "POST /xingrg/services/DataTransmitService HTTP/1.1" 200 501
58.37.5.145 - - [26/Nov/2022:10:40:26 +0800] "POST /xingrg/services/DataTransmitService HTTP/1.1" 200 501
58.37.5.145 - - [26/Nov/2022:10:40:26 +0800] "POST /xingrg/services/DataTransmitService HTTP/1.1" 200 412
58.37.5.145 - - [26/Nov/2022:10:40:29 +0800] "POST /xingrg/kc/buy/cgsh_order_operate.html HTTP/1.1" 200 42251
58.40.7.146 - - [26/Nov/2022:10:40:29 +0800] "GET /xingrg/all/function/internal_message.html?_=1669430425453&CODE_STATE=getMsg HTTP/1.1" 200 27
180.162.229.95 - - [26/Nov/2022:10:40:33 +0800] "GET /xingrg/all/function/internal_message.html?_=1669430429754&CODE_STATE=getMsg HTTP/1.1" 200 27
114.95.46.117 - - [26/Nov/2022:10:40:36 +0800] "POST /xingrg/kc/buy/cgsh_order_operate.html HTTP/1.1" 200 37
114.84.38.109 - - [26/Nov/2022:10:40:37 +0800] "GET /xingrg/all/function/internal_message.html?_=1669430454659&CODE_STATE=getMsg HTTP/1.1" 302 -
114.84.81.136 - - [26/Nov/2022:10:40:40 +0800] "GET /xingrg/all/function/internal_message.html?_=1669430436929&CODE_STATE=getMsg HTTP/1.1" 200 27
58.37.5.145 - - [26/Nov/2022:10:40:40 +0800] "GET /xingrg/kc/report/report_main.html HTTP/1.1" 200 7340
58.37.5.145 - - [26/Nov/2022:10:40:41 +0800] "GET /xingrg/all/report/report_query.html?fileName=kc/buy/wlcg_cate_hz.xml HTTP/1.1" 200 53941
58.37.5.145 - - [26/Nov/2022:10:40:42 +0800] "GET /xingrg/dwr/interface/AjaxReportQueryService.js HTTP/1.1" 200 13203
58.37.5.145 - - [26/Nov/2022:10:40:42 +0800] "GET /xingrg/dwr/util.js HTTP/1.1" 304 -
58.37.5.145 - - [26/Nov/2022:10:40:42 +0800] "GET /xingrg/dwr/engine.js HTTP/1.1" 200 43631
58.37.5.145 - - [26/Nov/2022:10:40:42 +0800] "POST /xingrg/dwr/call/plaincall/AjaxReportQueryService.getFixDate.dwr HTTP/1.1" 200 111
58.37.5.145 - - [26/Nov/2022:10:40:42 +0800] "POST /xingrg/all/common/load_tree.html?tree=supplier_tree_json&manage=1 HTTP/1.1" 200 71595
116.230.105.139 - - [26/Nov/2022:10:40:43 +0800] "GET /xingrg/all/function/internal_message.html?_=1669430416770&CODE_STATE=getMsg HTTP/1.1" 200 27
58.37.5.145 - - [26/Nov/2022:10:40:45 +0800] "POST /xingrg/all/common/load_tree.html?tree=materiel_sort_tree_json HTTP/1.1" 200 9500
114.84.38.109 - - [26/Nov/2022:10:40:45 +0800] "GET /xingrg/all/function/internal_message.html?_=1669430459403&CODE_STATE=getMsg HTTP/1.1" 200 27
58.37.5.145 - - [26/Nov/2022:10:40:45 +0800] "POST /xingrg/all/common/load_tree.html?tree=base_tree_json HTTP/1.1" 200 3760
114.84.81.136 - - [26/Nov/2022:10:40:46 +0800] "GET /xingrg/check_reg.html?_=1669430443026 HTTP/1.1" 200 22
58.37.5.145 - - [26/Nov/2022:10:40:48 +0800] "POST /xingrg/dwr/call/plaincall/AjaxReportQueryService.getFixDate.dwr HTTP/1.1" 200 111
116.238.139.35 - - [26/Nov/2022:10:40:48 +0800] "GET /xingrg/all/function/internal_message.html?_=1669430348152&CODE_STATE=getMsg HTTP/1.1" 200 27
58.37.5.145 - - [26/Nov/2022:10:40:51 +0800] "GET /xingrg/all/function/internal_message.html?_=1669430450154&CODE_STATE=getMsg HTTP/1.1" 200 27
58.37.5.145 - - [26/Nov/2022:10:40:51 +0800] "GET /xingrg/all/report/report_query.html?fileName=kc/buy/wlcg_price_by_month.xml HTTP/1.1" 200 52239
58.37.5.145 - - [26/Nov/2022:10:40:52 +0800] "GET /xingrg/dwr/interface/AjaxReportQueryService.js HTTP/1.1" 200 13203
58.37.5.145 - - [26/Nov/2022:10:40:52 +0800] "GET /xingrg/dwr/engine.js HTTP/1.1" 200 43631
58.37.5.145 - - [26/Nov/2022:10:40:52 +0800] "POST /xingrg/dwr/call/plaincall/AjaxReportQueryService.getFixDate.dwr HTTP/1.1" 200 111
58.37.5.145 - - [26/Nov/2022:10:40:52 +0800] "POST /xingrg/all/common/load_tree.html?tree=materiel_sort_tree_json HTTP/1.1" 200 9500
58.37.5.145 - - [26/Nov/2022:10:40:52 +0800] "POST /xingrg/all/common/load_tree.html?tree=supplier_tree_json&manage=1 HTTP/1.1" 200 71595
116.238.139.35 - - [26/Nov/2022:10:40:53 +0800] "GET /xingrg/kc/buy/cgsh_order_add.html HTTP/1.1" 200 69573
116.238.139.35 - - [26/Nov/2022:10:40:54 +0800] "POST /xingrg/kc/buy/cgsh_order_operate.html HTTP/1.1" 200 8245
116.238.139.35 - - [26/Nov/2022:10:40:54 +0800] "GET /xingrg/javascript/easyui/themes/default/validatebox.css HTTP/1.1" 404 1104
180.162.229.95 - - [26/Nov/2022:10:40:57 +0800] "GET /xingrg/kc/base/wldb_order_add.html HTTP/1.1" 200 30380
180.162.229.95 - - [26/Nov/2022:10:40:57 +0800] "POST /xingrg/kc/base/wldb_order_operate.html HTTP/1.1" 200 6806
180.162.229.95 - - [26/Nov/2022:10:40:57 +0800] "GET /xingrg/javascript/easyui/themes/default/validatebox.css HTTP/1.1" 404 1104
180.162.229.95 - - [26/Nov/2022:10:40:58 +0800] "POST /xingrg/all/common/load_combo.html?type=base HTTP/1.1" 200 3321
124.79.245.154 - - [26/Nov/2022:10:41:02 +0800] "GET /xingrg/all/function/internal_message.html?_=1669430678027&CODE_STATE=getMsg HTTP/1.1" 200 27
58.37.5.145 - - [26/Nov/2022:10:41:03 +0800] "POST /xingrg/dwr/call/plaincall/AjaxReportQueryService.refreshCache.dwr HTTP/1.1" 200 78
180.162.229.95 - - [26/Nov/2022:10:41:03 +0800] "GET /xingrg/kc/base/wldb_order_operate.html?command=get_materiel&rest_code=00102&base_code=0010476&code=00101013082 HTTP/1.1" 200 434
58.37.5.145 - - [26/Nov/2022:10:41:04 +0800] "POST /xingrg/all/report/load_report_page.html HTTP/1.1" 200 11536
58.37.5.145 - - [26/Nov/2022:10:41:05 +0800] "GET /xingrg/servlets/image?cache=0.721066269059092&image=px HTTP/1.1" 200 807
101.85.106.255 - - [26/Nov/2022:10:41:08 +0800] "GET /xingrg/all/function/internal_message.html?_=1669430463959&CODE_STATE=getMsg HTTP/1.1" 200 27
114.95.46.117 - - [26/Nov/2022:10:41:10 +0800] "POST /xingrg/kc/buy/cgsh_order_operate.html HTTP/1.1" 200 5625
180.162.229.95 - - [26/Nov/2022:10:41:10 +0800] "GET /xingrg/kc/base/wldb_order_list.html HTTP/1.1" 200 19101
58.37.5.145 - - [26/Nov/2022:10:41:10 +0800] "GET /xingrg/all/report/report_query.html?isQuery=1&fileName=kc/buy/wlcg_price_by_list.xml&rh=99999&queryString=&queryText=%25E3%2580%2590%25E6%259D%2590%25E6%2596%2599%25E5%2590%258D%25E7%25A7%25B0%253A%25E8%2592%259C%25E8%258B%2594%25E3%2580%2591%2520%25E3%2580%2590%25E9%2587%2587%25E8%25B4%25AD%25E6%2597%25B6%25E9%2597%25B4%253A2022-11-01%2520%25E8%2587%25B3%25202022-11-30%25E3%2580%2591%2520%25E5%25B9%25B6%25E4%25B8%2594%2520%2520%25E3%2580%2590%25E6%259D%2590%25E6%2596%2599%25E5%2590%258D%25E7%25A7%25B0%2520%25E5%258C%2585%25E5%2590%25AB%2520%25E8%2592%259C%25E8%258B%2594%25E3%2580%2591&tableQueryString=materiels%2524sp1%2524(CONVERT(char(10)%252Cb.order_time%252C%2520120)%253E%253D'2022-11-01')%2520and%2520(CONVERT(char(10)%252Cb.order_time%252C%2520120)%253C%253D'2022-11-30')%2520and%2520(m.name%2520like%2520'%2524bf%2524%25E8%2592%259C%25E8%258B%2594%2524bf%2524')%2520and%2520(a.materiel_code%253D'00101008359')%2520and%2520(year(b.order_time)*100%252Bmonth(b.order_time)%253D202211) HTTP/1.1" 200 51563
58.37.5.145 - - [26/Nov/2022:10:41:10 +0800] "GET /xingrg/dwr/engine.js HTTP/1.1" 200 43631
58.37.5.145 - - [26/Nov/2022:10:41:10 +0800] "GET /xingrg/dwr/interface/AjaxReportQueryService.js HTTP/1.1" 200 13203
180.162.229.95 - - [26/Nov/2022:10:41:11 +0800] "POST /xingrg/kc/base/wldb_list_operate.html HTTP/1.1" 200 928
58.37.5.145 - - [26/Nov/2022:10:41:11 +0800] "POST /xingrg/all/report/load_report_page.html HTTP/1.1" 200 17420
58.37.5.145 - - [26/Nov/2022:10:41:11 +0800] "GET /xingrg/servlets/image?cache=0.4544421837975725&image=px HTTP/1.1" 200 807
114.95.46.117 - - [26/Nov/2022:10:41:16 +0800] "GET /xingrg/all/function/internal_message.html?_=1669430320638&CODE_STATE=getMsg HTTP/1.1" 200 27
58.37.5.145 - - [26/Nov/2022:10:41:18 +0800] "GET /xingrg/check_reg.html?_=1669430477209 HTTP/1.1" 200 22
120.253.135.82 - - [26/Nov/2022:10:41:24 +0800] "GET /xingrg/all/function/internal_message.html?_=1669430280820&CODE_STATE=getMsg HTTP/1.1" 200 27
180.165.156.114 - - [26/Nov/2022:10:41:25 +0800] "GET /xingrg/all/function/internal_message.html?_=1669430481083&CODE_STATE=getMsg HTTP/1.1" 200 27
58.40.7.146 - - [26/Nov/2022:10:41:29 +0800] "GET /xingrg/all/function/internal_message.html?_=1669430485424&CODE_STATE=getMsg HTTP/1.1" 200 27
180.162.229.95 - - [26/Nov/2022:10:41:33 +0800] "GET /xingrg/all/function/internal_message.html?_=1669430489737&CODE_STATE=getMsg HTTP/1.1" 200 27
114.84.38.109 - - [26/Nov/2022:10:41:37 +0800] "GET /xingrg/all/function/internal_message.html?_=1669430514814&CODE_STATE=getMsg HTTP/1.1" 302 -
114.84.81.136 - - [26/Nov/2022:10:41:40 +0800] "GET /xingrg/all/function/internal_message.html?_=1669430496928&CODE_STATE=getMsg HTTP/1.1" 200 27
58.37.5.145 - - [26/Nov/2022:10:41:40 +0800] "GET /xingrg/kc/buy/cgsh_order_operate.html?command=get_materiel&rest_code=00106&code=00101008150&supplier_code=00100007&order_time=2022-11-26 HTTP/1.1" 200 409
116.230.105.139 - - [26/Nov/2022:10:41:43 +0800] "GET /xingrg/check_reg.html?_=1669430476765 HTTP/1.1" 200 22
116.230.105.139 - - [26/Nov/2022:10:41:43 +0800] "GET /xingrg/all/function/internal_message.html?_=1669430476767&CODE_STATE=getMsg HTTP/1.1" 200 27
114.84.38.109 - - [26/Nov/2022:10:41:45 +0800] "GET /xingrg/all/function/internal_message.html?_=1669430519418&CODE_STATE=getMsg HTTP/1.1" 200 27
116.238.139.35 - - [26/Nov/2022:10:41:48 +0800] "GET /xingrg/all/function/internal_message.html?_=1669430408165&CODE_STATE=getMsg HTTP/1.1" 200 27
114.83.219.57 - - [26/Nov/2022:10:41:49 +0800] "GET /xingrg/check_reg.html?_=1669430634098 HTTP/1.1" 200 22
58.37.5.145 - - [26/Nov/2022:10:41:51 +0800] "GET /xingrg/all/function/internal_message.html?_=1669430510292&CODE_STATE=getMsg HTTP/1.1" 200 27
114.95.46.117 - - [26/Nov/2022:10:42:01 +0800] "GET /xingrg/all/function/internal_message.html?_=1669430517424&CODE_STATE=getMsg HTTP/1.1" 200 27
124.79.245.154 - - [26/Nov/2022:10:42:02 +0800] "GET /xingrg/all/function/internal_message.html?_=1669430738026&CODE_STATE=getMsg HTTP/1.1" 200 27
101.85.106.255 - - [26/Nov/2022:10:42:08 +0800] "GET /xingrg/all/function/internal_message.html?_=1669430523958&CODE_STATE=getMsg HTTP/1.1" 200 27
101.85.106.255 - - [26/Nov/2022:10:42:08 +0800] "GET /xingrg/check_reg.html?_=1669430523959 HTTP/1.1" 200 22
58.37.5.145 - - [26/Nov/2022:10:42:15 +0800] "GET /xingrg/kc/buy/cgsh_order_operate.html?command=get_materiel&rest_code=00106&code=00101008079&supplier_code=00100007&order_time=2022-11-26 HTTP/1.1" 200 416
114.95.46.117 - - [26/Nov/2022:10:42:16 +0800] "GET /xingrg/all/function/internal_message.html?_=1669430380644&CODE_STATE=getMsg HTTP/1.1" 200 27
120.253.135.82 - - [26/Nov/2022:10:42:24 +0800] "GET /xingrg/all/function/internal_message.html?_=1669430340883&CODE_STATE=getMsg HTTP/1.1" 200 27
58.37.5.145 - - [26/Nov/2022:10:42:24 +0800] "GET /xingrg/kc/buy/cgsh_order_operate.html?command=get_materiel&rest_code=00106&code=00101008077&supplier_code=00100007&order_time=2022-11-26 HTTP/1.1" 200 416
