180.169.147.146 - - [24/Nov/2022:10:47:59 +0800] "GET /xingrg/kc/buy/cgsh_order_operate.html?command=get_materiel&rest_code=00147&code=00101008210&supplier_code=00100007&order_time=2022-11-24 HTTP/1.1" 200 408
218.81.217.29 - - [24/Nov/2022:10:47:59 +0800] "GET /xingrg/all/function/internal_message.html?_=1669258090324&CODE_STATE=getMsg HTTP/1.1" 200 27
116.238.139.35 - - [24/Nov/2022:10:48:03 +0800] "GET /xingrg/all/function/internal_message.html?_=1669258080868&CODE_STATE=getMsg HTTP/1.1" 200 27
222.70.183.206 - - [24/Nov/2022:10:48:05 +0800] "GET /xingrg/all/function/internal_message.html?_=1669258079626&CODE_STATE=getMsg HTTP/1.1" 200 27
114.95.46.117 - - [24/Nov/2022:10:48:08 +0800] "GET /xingrg/check_reg.html?_=1669257933715 HTTP/1.1" 200 22
114.95.46.117 - - [24/Nov/2022:10:48:08 +0800] "GET /xingrg/all/function/internal_message.html?_=1669257933735&CODE_STATE=getMsg HTTP/1.1" 200 27
221.239.170.112 - - [24/Nov/2022:10:48:10 +0800] "POST /xingrg/kc/buy/cgsh_order_operate.html HTTP/1.1" 200 37
61.170.235.225 - - [24/Nov/2022:10:48:10 +0800] "GET /xingrg/kc/buy/cgsh_order_operate.html?command=get_materiel&rest_code=00106&code=00101008233&supplier_code=00100007&order_time=2022-11-24 HTTP/1.1" 200 408
221.239.170.112 - - [24/Nov/2022:10:48:12 +0800] "POST /xingrg/kc/buy/cgsh_order_operate.html HTTP/1.1" 200 3839
221.239.170.112 - - [24/Nov/2022:10:48:13 +0800] "GET /xingrg/kc/print/load_data.html?order_code=212022112408171&kc_code=cgsh&condition= HTTP/1.1" 200 1124
221.239.170.112 - - [24/Nov/2022:10:48:15 +0800] "GET /xingrg/all/function/internal_message.html?_=1669258091150&CODE_STATE=getMsg HTTP/1.1" 200 27
61.170.235.225 - - [24/Nov/2022:10:48:17 +0800] "GET /xingrg/kc/buy/cgsh_order_operate.html?command=get_materiel&rest_code=00106&code=00101008318&supplier_code=00100007&order_time=2022-11-24 HTTP/1.1" 200 408
114.88.159.190 - - [24/Nov/2022:10:48:19 +0800] "GET /xingrg/all/function/internal_message.html?_=1669257699021&CODE_STATE=getMsg HTTP/1.1" 200 27
180.169.147.146 - - [24/Nov/2022:10:48:21 +0800] "GET /xingrg/kc/buy/cgsh_order_operate.html?command=get_materiel&rest_code=00147&code=00101008199&supplier_code=00100007&order_time=2022-11-24 HTTP/1.1" 200 408
124.79.245.154 - - [24/Nov/2022:10:48:23 +0800] "GET /xingrg/all/function/internal_message.html?_=1669258318648&CODE_STATE=getMsg HTTP/1.1" 200 27
124.79.245.154 - - [24/Nov/2022:10:48:23 +0800] "GET /xingrg/check_reg.html?_=1669258318649 HTTP/1.1" 200 22
180.169.147.146 - - [24/Nov/2022:10:48:24 +0800] "GET /xingrg/all/function/internal_message.html?_=1669258094840&CODE_STATE=getMsg HTTP/1.1" 200 27
180.169.147.146 - - [24/Nov/2022:10:48:24 +0800] "GET /xingrg/check_reg.html?_=1669258095105 HTTP/1.1" 200 22
61.170.235.225 - - [24/Nov/2022:10:48:25 +0800] "GET /xingrg/kc/buy/cgsh_order_operate.html?command=get_materiel&rest_code=00106&code=00101008125&supplier_code=00100007&order_time=2022-11-24 HTTP/1.1" 200 413
101.85.106.255 - - [24/Nov/2022:10:48:28 +0800] "GET /xingrg/all/function/internal_message.html?_=1669258105037&CODE_STATE=getMsg HTTP/1.1" 200 27
61.170.235.225 - - [24/Nov/2022:10:48:31 +0800] "POST /xingrg/kc/buy/cgsh_order_operate.html HTTP/1.1" 200 37
180.158.0.157 - - [24/Nov/2022:10:48:32 +0800] "GET /xingrg/all/function/internal_message.html?_=1669258108599&CODE_STATE=getMsg HTTP/1.1" 302 -
221.239.170.112 - - [24/Nov/2022:10:48:32 +0800] "GET /xingrg/kc/buy/cgsh_order_add.html HTTP/1.1" 200 68756
221.239.170.112 - - [24/Nov/2022:10:48:32 +0800] "POST /xingrg/kc/buy/cgsh_order_operate.html HTTP/1.1" 200 8245
221.239.170.112 - - [24/Nov/2022:10:48:32 +0800] "GET /xingrg/javascript/easyui/themes/default/validatebox.css HTTP/1.1" 404 1104
180.169.147.146 - - [24/Nov/2022:10:48:32 +0800] "GET /xingrg/kc/buy/cgsh_order_operate.html?command=get_materiel&rest_code=00147&code=00101008370&supplier_code=00100007&order_time=2022-11-24 HTTP/1.1" 200 412
116.230.105.139 - - [24/Nov/2022:10:48:33 +0800] "GET /xingrg/check_reg.html?_=1669258093068 HTTP/1.1" 200 22
116.230.105.139 - - [24/Nov/2022:10:48:33 +0800] "GET /xingrg/all/function/internal_message.html?_=1669258093068&CODE_STATE=getMsg HTTP/1.1" 200 27
180.162.229.95 - - [24/Nov/2022:10:48:33 +0800] "GET /xingrg/all/function/internal_message.html?_=1669258111342&CODE_STATE=getMsg HTTP/1.1" 200 27
61.170.235.225 - - [24/Nov/2022:10:48:38 +0800] "POST /xingrg/kc/buy/cgsh_order_operate.html HTTP/1.1" 200 6771
61.170.235.225 - - [24/Nov/2022:10:48:40 +0800] "GET /xingrg/all/function/internal_message.html?_=1669258121499&CODE_STATE=getMsg HTTP/1.1" 200 27
180.169.147.146 - - [24/Nov/2022:10:48:42 +0800] "GET /xingrg/kc/buy/cgsh_order_operate.html?command=get_materiel&rest_code=00147&code=00101008372&supplier_code=00100007&order_time=2022-11-24 HTTP/1.1" 200 408
180.169.147.146 - - [24/Nov/2022:10:48:47 +0800] "GET /favicon.ico HTTP/1.1" 404 -
120.253.135.82 - - [24/Nov/2022:10:48:50 +0800] "GET /xingrg/all/function/internal_message.html?_=1669257928204&CODE_STATE=getMsg HTTP/1.1" 200 27
180.169.147.146 - - [24/Nov/2022:10:48:52 +0800] "GET /xingrg/kc/buy/cgsh_order_operate.html?command=get_materiel&rest_code=00147&code=00101008300&supplier_code=00100007&order_time=2022-11-24 HTTP/1.1" 200 412
180.169.147.146 - - [24/Nov/2022:10:48:54 +0800] "POST /xingrg/kc/buy/cgsh_order_operate.html HTTP/1.1" 200 2065
114.84.81.136 - - [24/Nov/2022:10:48:55 +0800] "GET /xingrg/all/function/internal_message.html?_=1669258137764&CODE_STATE=getMsg HTTP/1.1" 200 27
180.169.147.146 - - [24/Nov/2022:10:48:58 +0800] "GET /xingrg/all/function/internal_message.html?_=1669258132486&CODE_STATE=getMsg HTTP/1.1" 200 27
218.81.217.29 - - [24/Nov/2022:10:48:59 +0800] "GET /xingrg/all/function/internal_message.html?_=1669258150337&CODE_STATE=getMsg HTTP/1.1" 200 27
180.169.147.146 - - [24/Nov/2022:10:49:00 +0800] "GET /xingrg/kc/buy/cgsh_order_operate.html?command=get_materiel&rest_code=00147&code=00101008169&supplier_code=00100007&order_time=2022-11-24 HTTP/1.1" 200 412
221.239.170.112 - - [24/Nov/2022:10:49:01 +0800] "GET /xingrg/kc/buy/cgsh_order_operate.html?command=get_materiel&rest_code=00145&code=00101002027&supplier_code=00100185&order_time=2022-11-20 HTTP/1.1" 200 413
116.238.139.35 - - [24/Nov/2022:10:49:03 +0800] "GET /xingrg/all/function/internal_message.html?_=1669258140853&CODE_STATE=getMsg HTTP/1.1" 200 27
116.238.139.35 - - [24/Nov/2022:10:49:04 +0800] "GET /xingrg/check_reg.html?_=1669258141122 HTTP/1.1" 200 22
222.70.183.206 - - [24/Nov/2022:10:49:05 +0800] "GET /xingrg/all/function/internal_message.html?_=1669258139611&CODE_STATE=getMsg HTTP/1.1" 200 27
114.95.46.117 - - [24/Nov/2022:10:49:08 +0800] "GET /xingrg/all/function/internal_message.html?_=1669257993726&CODE_STATE=getMsg HTTP/1.1" 200 27
180.169.147.146 - - [24/Nov/2022:10:49:12 +0800] "GET /xingrg/kc/buy/cgsh_order_operate.html?command=get_materiel&rest_code=00147&code=00101008150&supplier_code=00100007&order_time=2022-11-24 HTTP/1.1" 200 409
221.239.170.112 - - [24/Nov/2022:10:49:15 +0800] "GET /xingrg/check_reg.html?_=1669258151124 HTTP/1.1" 200 22
221.239.170.112 - - [24/Nov/2022:10:49:15 +0800] "GET /xingrg/all/function/internal_message.html?_=1669258151126&CODE_STATE=getMsg HTTP/1.1" 200 27
114.88.159.190 - - [24/Nov/2022:10:49:18 +0800] "GET /xingrg/all/function/internal_message.html?_=1669257759019&CODE_STATE=getMsg HTTP/1.1" 200 27
124.79.245.154 - - [24/Nov/2022:10:49:23 +0800] "GET /xingrg/all/function/internal_message.html?_=1669258378646&CODE_STATE=getMsg HTTP/1.1" 200 27
180.169.147.146 - - [24/Nov/2022:10:49:24 +0800] "GET /xingrg/all/function/internal_message.html?_=1669258154820&CODE_STATE=getMsg HTTP/1.1" 200 27
221.239.170.112 - - [24/Nov/2022:10:49:27 +0800] "GET /xingrg/kc/buy/cgsh_order_operate.html?command=get_materiel&rest_code=00145&code=00101005032&supplier_code=00100185&order_time=2022-11-20 HTTP/1.1" 200 409
101.85.106.255 - - [24/Nov/2022:10:49:28 +0800] "GET /xingrg/all/function/internal_message.html?_=1669258165037&CODE_STATE=getMsg HTTP/1.1" 200 27
61.170.235.225 - - [24/Nov/2022:10:49:31 +0800] "GET /xingrg/kc/buy/cgsh_order_operate.html?command=get_materiel&rest_code=00106&code=00101008283&supplier_code=00100007&order_time=2022-11-24 HTTP/1.1" 200 408
180.158.0.157 - - [24/Nov/2022:10:49:32 +0800] "GET /xingrg/all/function/internal_message.html?_=1669258168591&CODE_STATE=getMsg HTTP/1.1" 302 -
116.230.105.139 - - [24/Nov/2022:10:49:33 +0800] "GET /xingrg/all/function/internal_message.html?_=1669258153064&CODE_STATE=getMsg HTTP/1.1" 200 27
180.162.229.95 - - [24/Nov/2022:10:49:33 +0800] "GET /xingrg/all/function/internal_message.html?_=1669258171318&CODE_STATE=getMsg HTTP/1.1" 200 27
221.239.170.112 - - [24/Nov/2022:10:49:39 +0800] "GET /xingrg/kc/buy/cgsh_order_operate.html?command=get_materiel&rest_code=00145&code=00101010161&supplier_code=00100185&order_time=2022-11-20 HTTP/1.1" 200 409
218.81.217.29 - - [24/Nov/2022:10:49:40 +0800] "POST /xingrg/services/DataTransmitService HTTP/1.1" 200 524
61.170.235.225 - - [24/Nov/2022:10:49:40 +0800] "GET /xingrg/all/function/internal_message.html?_=1669258181536&CODE_STATE=getMsg HTTP/1.1" 200 27
61.170.235.225 - - [24/Nov/2022:10:49:41 +0800] "GET /xingrg/kc/buy/cgsh_order_operate.html?command=get_materiel&rest_code=00106&code=00101008096&supplier_code=00100007&order_time=2022-11-24 HTTP/1.1" 200 412
120.253.135.82 - - [24/Nov/2022:10:49:50 +0800] "GET /xingrg/all/function/internal_message.html?_=1669257988209&CODE_STATE=getMsg HTTP/1.1" 200 27
61.170.235.225 - - [24/Nov/2022:10:49:55 +0800] "GET /xingrg/kc/buy/cgsh_order_operate.html?command=get_materiel&rest_code=00106&code=00101011001&supplier_code=00100007&order_time=2022-11-24 HTTP/1.1" 200 423
114.84.81.136 - - [24/Nov/2022:10:49:55 +0800] "GET /xingrg/all/function/internal_message.html?_=1669258197763&CODE_STATE=getMsg HTTP/1.1" 200 27
180.169.147.146 - - [24/Nov/2022:10:49:57 +0800] "GET /xingrg/kc/buy/cgsh_order_operate.html?command=get_materiel&rest_code=00147&code=00101016157&supplier_code=00100007&order_time=2022-11-24 HTTP/1.1" 200 398
180.169.147.146 - - [24/Nov/2022:10:49:58 +0800] "GET /xingrg/all/function/internal_message.html?_=1669258192487&CODE_STATE=getMsg HTTP/1.1" 200 27
218.81.217.29 - - [24/Nov/2022:10:49:59 +0800] "GET /xingrg/all/function/internal_message.html?_=1669258210545&CODE_STATE=getMsg HTTP/1.1" 200 27
116.238.139.35 - - [24/Nov/2022:10:50:03 +0800] "GET /xingrg/all/function/internal_message.html?_=1669258200841&CODE_STATE=getMsg HTTP/1.1" 200 27
221.239.170.112 - - [24/Nov/2022:10:50:04 +0800] "POST /xingrg/kc/buy/cgsh_order_operate.html HTTP/1.1" 200 37
180.169.147.146 - - [24/Nov/2022:10:50:04 +0800] "GET /xingrg/kc/buy/cgsh_order_operate.html?command=get_materiel&rest_code=00147&code=00101010889&supplier_code=00100007&order_time=2022-11-24 HTTP/1.1" 200 399
222.70.183.206 - - [24/Nov/2022:10:50:05 +0800] "GET /xingrg/all/function/internal_message.html?_=1669258199596&CODE_STATE=getMsg HTTP/1.1" 200 27
222.70.183.206 - - [24/Nov/2022:10:50:06 +0800] "GET /xingrg/check_reg.html?_=1669258201204 HTTP/1.1" 200 22
61.170.235.225 - - [24/Nov/2022:10:50:06 +0800] "GET /xingrg/kc/buy/cgsh_order_operate.html?command=get_materiel&rest_code=00106&code=00101013168&supplier_code=00100007&order_time=2022-11-24 HTTP/1.1" 200 413
114.95.46.117 - - [24/Nov/2022:10:50:08 +0800] "GET /xingrg/all/function/internal_message.html?_=1669258053715&CODE_STATE=getMsg HTTP/1.1" 200 27
61.170.235.225 - - [24/Nov/2022:10:50:09 +0800] "POST /xingrg/kc/buy/cgsh_order_operate.html HTTP/1.1" 200 2065
221.239.170.112 - - [24/Nov/2022:10:50:09 +0800] "POST /xingrg/kc/buy/cgsh_order_operate.html HTTP/1.1" 200 3834
180.169.147.146 - - [24/Nov/2022:10:50:13 +0800] "GET /xingrg/kc/buy/cgsh_order_operate.html?command=get_materiel&rest_code=00147&code=00101008558&supplier_code=00100007&order_time=2022-11-24 HTTP/1.1" 200 409
221.239.170.112 - - [24/Nov/2022:10:50:15 +0800] "GET /xingrg/all/function/internal_message.html?_=1669258211131&CODE_STATE=getMsg HTTP/1.1" 200 27
61.170.235.225 - - [24/Nov/2022:10:50:17 +0800] "GET /xingrg/kc/buy/cgsh_order_operate.html?command=get_materiel&rest_code=00106&code=00101008027&supplier_code=00100007&order_time=2022-11-24 HTTP/1.1" 200 408
114.88.159.190 - - [24/Nov/2022:10:50:18 +0800] "GET /xingrg/all/function/internal_message.html?_=1669257819019&CODE_STATE=getMsg HTTP/1.1" 200 27
180.169.147.146 - - [24/Nov/2022:10:50:20 +0800] "GET /xingrg/kc/buy/cgsh_order_operate.html?command=get_materiel&rest_code=00147&code=00101008356&supplier_code=00100007&order_time=2022-11-24 HTTP/1.1" 200 408
221.239.170.112 - - [24/Nov/2022:10:50:21 +0800] "GET /xingrg/kc/print/load_data.html?order_code=212022112408173&kc_code=cgsh&condition= HTTP/1.1" 200 1138
124.79.245.154 - - [24/Nov/2022:10:50:23 +0800] "GET /xingrg/all/function/internal_message.html?_=1669258438644&CODE_STATE=getMsg HTTP/1.1" 200 27
180.169.147.146 - - [24/Nov/2022:10:50:23 +0800] "POST /xingrg/kc/buy/cgsh_order_operate.html HTTP/1.1" 200 2065
180.169.147.146 - - [24/Nov/2022:10:50:24 +0800] "GET /xingrg/all/function/internal_message.html?_=1669258214865&CODE_STATE=getMsg HTTP/1.1" 200 27
101.85.106.255 - - [24/Nov/2022:10:50:28 +0800] "GET /xingrg/check_reg.html?_=1669258225037 HTTP/1.1" 200 22
101.85.106.255 - - [24/Nov/2022:10:50:28 +0800] "GET /xingrg/all/function/internal_message.html?_=1669258225040&CODE_STATE=getMsg HTTP/1.1" 200 27
180.158.0.157 - - [24/Nov/2022:10:50:32 +0800] "GET /xingrg/all/function/internal_message.html?_=1669258228581&CODE_STATE=getMsg HTTP/1.1" 302 -
180.162.229.95 - - [24/Nov/2022:10:50:33 +0800] "GET /xingrg/all/function/internal_message.html?_=1669258231301&CODE_STATE=getMsg HTTP/1.1" 200 27
116.230.105.139 - - [24/Nov/2022:10:50:33 +0800] "GET /xingrg/all/function/internal_message.html?_=1669258213080&CODE_STATE=getMsg HTTP/1.1" 200 27
180.169.147.146 - - [24/Nov/2022:10:50:35 +0800] "GET /xingrg/kc/buy/cgsh_order_operate.html?command=get_materiel&rest_code=00147&code=00101008283&supplier_code=00100007&order_time=2022-11-24 HTTP/1.1" 200 408
61.170.235.225 - - [24/Nov/2022:10:50:37 +0800] "GET /xingrg/kc/buy/cgsh_order_operate.html?command=get_materiel&rest_code=00106&code=00101008224&supplier_code=00100007&order_time=2022-11-24 HTTP/1.1" 200 416
114.95.46.117 - - [24/Nov/2022:10:50:37 +0800] "GET /xingrg/kc/base/base_main.html HTTP/1.1" 200 12142
114.95.46.117 - - [24/Nov/2022:10:50:37 +0800] "GET /xingrg/images/blue/button/wlsy.gif HTTP/1.1" 304 -
114.95.46.117 - - [24/Nov/2022:10:50:37 +0800] "GET /xingrg/images/blue/button/ckdb.gif HTTP/1.1" 304 -
114.95.46.117 - - [24/Nov/2022:10:50:37 +0800] "GET /xingrg/images/blue/button/ckpd.gif HTTP/1.1" 304 -
114.95.46.117 - - [24/Nov/2022:10:50:37 +0800] "GET /xingrg/images/blue/button/top_left.jpg HTTP/1.1" 304 -
114.95.46.117 - - [24/Nov/2022:10:50:37 +0800] "GET /xingrg/images/blue/button/top_right.jpg HTTP/1.1" 304 -
114.95.46.117 - - [24/Nov/2022:10:50:37 +0800] "GET /xingrg/images/blue/button/bottom_left.jpg HTTP/1.1" 304 -
114.95.46.117 - - [24/Nov/2022:10:50:37 +0800] "GET /xingrg/images/blue/button/yddb.gif HTTP/1.1" 304 -
114.95.46.117 - - [24/Nov/2022:10:50:37 +0800] "GET /xingrg/images/blue/button/bottom_right.jpg HTTP/1.1" 304 -
114.95.46.117 - - [24/Nov/2022:10:50:37 +0800] "GET /xingrg/images/blue/button/down.jpg HTTP/1.1" 304 -
114.95.46.117 - - [24/Nov/2022:10:50:37 +0800] "GET /xingrg/images/blue/button/left_ah.jpg HTTP/1.1" 304 -
61.170.235.225 - - [24/Nov/2022:10:50:40 +0800] "GET /xingrg/check_reg.html?_=1669258241544 HTTP/1.1" 200 22
61.170.235.225 - - [24/Nov/2022:10:50:40 +0800] "GET /xingrg/all/function/internal_message.html?_=1669258241545&CODE_STATE=getMsg HTTP/1.1" 200 27
180.169.147.146 - - [24/Nov/2022:10:50:41 +0800] "GET /xingrg/login.html HTTP/1.1" 200 7641
180.169.147.146 - - [24/Nov/2022:10:50:41 +0800] "GET /xingrg/images/blue/jxLogo.png HTTP/1.1" 200 6156
180.169.147.146 - - [24/Nov/2022:10:50:41 +0800] "GET /xingrg/images/blue/login_bg.png HTTP/1.1" 200 22101
180.169.147.146 - - [24/Nov/2022:10:50:41 +0800] "GET /xingrg/images/blue/srbg.png HTTP/1.1" 200 138
180.169.147.146 - - [24/Nov/2022:10:50:41 +0800] "GET /xingrg/images/blue/hj.png HTTP/1.1" 200 1014
180.169.147.146 - - [24/Nov/2022:10:50:41 +0800] "GET /favicon.ico HTTP/1.1" 404 -
114.95.46.117 - - [24/Nov/2022:10:50:42 +0800] "GET /xingrg/kc/base/wldb_order_list.html HTTP/1.1" 200 19101
114.95.46.117 - - [24/Nov/2022:10:50:42 +0800] "POST /xingrg/kc/base/wldb_list_operate.html HTTP/1.1" 200 928
114.95.46.117 - - [24/Nov/2022:10:50:44 +0800] "GET /xingrg/kc/base/wldb_order_add.html HTTP/1.1" 200 30384
114.95.46.117 - - [24/Nov/2022:10:50:45 +0800] "GET /xingrg/words/20221124091809_words.js HTTP/1.1" 304 -
114.95.46.117 - - [24/Nov/2022:10:50:45 +0800] "POST /xingrg/kc/base/wldb_order_operate.html HTTP/1.1" 200 6806
114.95.46.117 - - [24/Nov/2022:10:50:45 +0800] "GET /xingrg/all/common/auto_word.html?type=base&rest_code=00105 HTTP/1.1" 200 1907
114.95.46.117 - - [24/Nov/2022:10:50:45 +0800] "GET /xingrg/all/common/auto_word.html?type=base&rest_code=00105 HTTP/1.1" 200 1907
114.95.46.117 - - [24/Nov/2022:10:50:45 +0800] "GET /xingrg/javascript/easyui/themes/default/validatebox.css HTTP/1.1" 404 1104
180.169.147.146 - - [24/Nov/2022:10:50:45 +0800] "POST /xingrg/login.do HTTP/1.1" 302 -
180.169.147.146 - - [24/Nov/2022:10:50:45 +0800] "GET /xingrg/index.html?sysBaseUrl=http%3A%2F%2F180.169.147.146%3A18081%2Fxingrg%2F&costTime=50×tamp=1669258245976 HTTP/1.1" 200 17503
180.169.147.146 - - [24/Nov/2022:10:50:46 +0800] "GET /xingrg/javascript/jquery_easy_ui/themes/icon.css HTTP/1.1" 200 3949
180.169.147.146 - - [24/Nov/2022:10:50:46 +0800] "GET /xingrg/javascript/jquery_easy_ui/themes/default/easyui.css HTTP/1.1" 200 26500
180.169.147.146 - - [24/Nov/2022:10:50:46 +0800] "GET /xingrg/javascript/jquery-1.4.2.min.js HTTP/1.1" 200 72205
180.169.147.146 - - [24/Nov/2022:10:50:46 +0800] "GET /xingrg/javascript/jquery_easy_ui/jquery.easyui.min.js HTTP/1.1" 200 213662
180.169.147.146 - - [24/Nov/2022:10:50:46 +0800] "GET /xingrg/javascript/jquery.utils.js HTTP/1.1" 200 11805
180.169.147.146 - - [24/Nov/2022:10:50:46 +0800] "GET /xingrg/javascript/jquery.timers.js HTTP/1.1" 200 3532
180.169.147.146 - - [24/Nov/2022:10:50:46 +0800] "GET /xingrg/css/form.css HTTP/1.1" 200 893
180.169.147.146 - - [24/Nov/2022:10:50:46 +0800] "GET /xingrg/javascript/jquery_easy_ui/easyui-lang-zh_CN.js HTTP/1.1" 200 1900
180.169.147.146 - - [24/Nov/2022:10:50:46 +0800] "GET /xingrg/javascript/jquery.form.js HTTP/1.1" 200 23110
180.169.147.146 - - [24/Nov/2022:10:50:46 +0800] "GET /favicon.ico HTTP/1.1" 404 -
180.169.147.146 - - [24/Nov/2022:10:50:46 +0800] "GET /xingrg/javascript/jquery_easy_ui/themes/icons/settle_new.png HTTP/1.1" 200 826
180.169.147.146 - - [24/Nov/2022:10:50:46 +0800] "GET /xingrg/images/blue/navBackgound.jpg HTTP/1.1" 200 12378
180.169.147.146 - - [24/Nov/2022:10:50:46 +0800] "POST /xingrg/all/common/load_tree.html?tree=area_rest_tree_json&manage=1 HTTP/1.1" 200 1972
180.169.147.146 - - [24/Nov/2022:10:50:46 +0800] "GET /xingrg/check_reg.html?_=1669258242338 HTTP/1.1" 200 22
180.169.147.146 - - [24/Nov/2022:10:50:46 +0800] "GET /xingrg/all/function/internal_message.html?_=1669258242338&CODE_STATE=count HTTP/1.1" 200 11
180.169.147.146 - - [24/Nov/2022:10:50:46 +0800] "GET /xingrg/images/blue/pingpu.png HTTP/1.1" 200 231
180.169.147.146 - - [24/Nov/2022:10:50:46 +0800] "GET /xingrg/javascript/jquery_easy_ui/themes/default/images/tabs_leftarrow.png HTTP/1.1" 200 389
180.169.147.146 - - [24/Nov/2022:10:50:46 +0800] "GET /xingrg/javascript/jquery_easy_ui/themes/default/images/tabs_rightarrow.png HTTP/1.1" 200 395
180.169.147.146 - - [24/Nov/2022:10:50:46 +0800] "GET /xingrg/javascript/jquery_easy_ui/themes/default/images/panel_tool_expand.gif HTTP/1.1" 200 247
180.169.147.146 - - [24/Nov/2022:10:50:46 +0800] "GET /xingrg/javascript/jquery_easy_ui/themes/default/images/panel_tool_collapse.gif HTTP/1.1" 200 246
180.169.147.146 - - [24/Nov/2022:10:50:46 +0800] "POST /xingrg/load_menu.html HTTP/1.1" 200 11564
180.169.147.146 - - [24/Nov/2022:10:50:46 +0800] "GET /xingrg/javascript/jquery_easy_ui/themes/default/images/tree_arrows.gif HTTP/1.1" 200 1043
180.169.147.146 - - [24/Nov/2022:10:50:46 +0800] "GET /xingrg/javascript/jquery_easy_ui/themes/default/images/tree_folder_open.gif HTTP/1.1" 200 956
180.169.147.146 - - [24/Nov/2022:10:50:46 +0800] "GET /xingrg/javascript/jquery_easy_ui/themes/icons/search_new.png HTTP/1.1" 200 586
180.169.147.146 - - [24/Nov/2022:10:50:46 +0800] "GET /xingrg/javascript/jquery_easy_ui/themes/icons/delivery_new.png HTTP/1.1" 200 700
180.169.147.146 - - [24/Nov/2022:10:50:46 +0800] "GET /xingrg/javascript/jquery_easy_ui/themes/icons/storage_new.png HTTP/1.1" 200 853
180.169.147.146 - - [24/Nov/2022:10:50:46 +0800] "GET /xingrg/javascript/jquery_easy_ui/themes/icons/checkout_new.png HTTP/1.1" 200 744
180.169.147.146 - - [24/Nov/2022:10:50:46 +0800] "GET /xingrg/javascript/jquery_easy_ui/themes/icons/forms_new.png HTTP/1.1" 200 350
180.169.147.146 - - [24/Nov/2022:10:50:46 +0800] "GET /xingrg/javascript/jquery_easy_ui/themes/icons/setting_new.png HTTP/1.1" 200 450
180.169.147.146 - - [24/Nov/2022:10:50:46 +0800] "GET /xingrg/javascript/jquery_easy_ui/themes/icons/systemset_new.png HTTP/1.1" 200 606
180.169.147.146 - - [24/Nov/2022:10:50:46 +0800] "GET /xingrg/javascript/jquery_easy_ui/themes/default/images/tree_file.gif HTTP/1.1" 200 118
180.169.147.146 - - [24/Nov/2022:10:50:46 +0800] "GET /xingrg/javascript/jquery_easy_ui/themes/default/images/tree_folder.gif HTTP/1.1" 200 952
180.169.147.146 - - [24/Nov/2022:10:50:47 +0800] "GET /xingrg/javascript/jquery_easy_ui/themes/icons/area.png HTTP/1.1" 200 262
180.169.147.146 - - [24/Nov/2022:10:50:47 +0800] "GET /xingrg/javascript/jquery_easy_ui/themes/icons/manage.png HTTP/1.1" 200 696
180.169.147.146 - - [24/Nov/2022:10:50:47 +0800] "GET /xingrg/javascript/jquery_easy_ui/themes/icons/rest.png HTTP/1.1" 200 695
180.169.147.146 - - [24/Nov/2022:10:50:47 +0800] "GET /xingrg/javascript/jquery_easy_ui/themes/default/images/button_a_bg.gif HTTP/1.1" 200 1194
180.169.147.146 - - [24/Nov/2022:10:50:47 +0800] "GET /xingrg/javascript/jquery_easy_ui/themes/default/images/button_span_bg.gif HTTP/1.1" 200 2061
180.169.147.146 - - [24/Nov/2022:10:50:47 +0800] "GET /xingrg/javascript/jquery_easy_ui/themes/icons/ok.png HTTP/1.1" 200 883
180.169.147.146 - - [24/Nov/2022:10:50:47 +0800] "GET /xingrg/javascript/jquery_easy_ui/themes/default/images/panel_title.png HTTP/1.1" 200 266
180.169.147.146 - - [24/Nov/2022:10:50:47 +0800] "GET /xingrg/javascript/jquery_easy_ui/themes/default/images/panel_tools.gif HTTP/1.1" 200 737
180.169.147.146 - - [24/Nov/2022:10:50:48 +0800] "GET /xingrg/kc/buy/cgsh_order_operate.html?command=get_materiel&rest_code=00147&code=00101008196&supplier_code=00100007&order_time=2022-11-24 HTTP/1.1" 200 416
180.169.147.146 - - [24/Nov/2022:10:50:49 +0800] "GET /xingrg/images/control/ajaxLoader.gif HTTP/1.1" 200 4659
180.169.147.146 - - [24/Nov/2022:10:50:49 +0800] "POST /xingrg/all/user/operate.html HTTP/1.1" 200 36
180.169.147.146 - - [24/Nov/2022:10:50:49 +0800] "GET /xingrg/index.html?sysBaseUrl=http%3A%2F%2F180.169.147.146%3A18081%2Fxingrg%2F&costTime=50×tamp=1669258245976 HTTP/1.1" 200 17509
180.169.147.146 - - [24/Nov/2022:10:50:49 +0800] "GET /xingrg/javascript/jquery_easy_ui/themes/default/easyui.css HTTP/1.1" 304 -
180.169.147.146 - - [24/Nov/2022:10:50:50 +0800] "GET /xingrg/javascript/jquery_easy_ui/themes/icon.css HTTP/1.1" 304 -
180.169.147.146 - - [24/Nov/2022:10:50:50 +0800] "GET /xingrg/css/form.css HTTP/1.1" 304 -
180.169.147.146 - - [24/Nov/2022:10:50:50 +0800] "GET /xingrg/javascript/jquery-1.4.2.min.js HTTP/1.1" 304 -
180.169.147.146 - - [24/Nov/2022:10:50:50 +0800] "GET /xingrg/javascript/jquery_easy_ui/jquery.easyui.min.js HTTP/1.1" 304 -
180.169.147.146 - - [24/Nov/2022:10:50:50 +0800] "GET /xingrg/javascript/jquery_easy_ui/easyui-lang-zh_CN.js HTTP/1.1" 304 -
180.169.147.146 - - [24/Nov/2022:10:50:50 +0800] "GET /xingrg/javascript/jquery.form.js HTTP/1.1" 304 -
180.169.147.146 - - [24/Nov/2022:10:50:50 +0800] "GET /xingrg/javascript/jquery.utils.js HTTP/1.1" 304 -
180.169.147.146 - - [24/Nov/2022:10:50:50 +0800] "GET /xingrg/javascript/jquery.timers.js HTTP/1.1" 304 -
180.169.147.146 - - [24/Nov/2022:10:50:50 +0800] "GET /xingrg/images/blue/jxLogo.png HTTP/1.1" 304 -
180.169.147.146 - - [24/Nov/2022:10:50:50 +0800] "GET /xingrg/javascript/jquery_easy_ui/themes/icons/settle_new.png HTTP/1.1" 304 -
180.169.147.146 - - [24/Nov/2022:10:50:50 +0800] "GET /xingrg/images/blue/navBackgound.jpg HTTP/1.1" 304 -
180.169.147.146 - - [24/Nov/2022:10:50:50 +0800] "POST /xingrg/all/common/load_tree.html?tree=area_rest_tree_json&manage=1 HTTP/1.1" 200 1972
180.169.147.146 - - [24/Nov/2022:10:50:50 +0800] "GET /xingrg/all/function/internal_message.html?_=1669258246145&CODE_STATE=count HTTP/1.1" 200 11
180.169.147.146 - - [24/Nov/2022:10:50:50 +0800] "GET /xingrg/check_reg.html?_=1669258246145 HTTP/1.1" 200 22
180.169.147.146 - - [24/Nov/2022:10:50:50 +0800] "GET /xingrg/javascript/jquery_easy_ui/themes/default/images/tabs_rightarrow.png HTTP/1.1" 304 -
180.169.147.146 - - [24/Nov/2022:10:50:50 +0800] "GET /xingrg/javascript/jquery_easy_ui/themes/default/images/panel_tool_collapse.gif HTTP/1.1" 304 -
180.169.147.146 - - [24/Nov/2022:10:50:50 +0800] "GET /xingrg/javascript/jquery_easy_ui/themes/default/images/panel_tool_expand.gif HTTP/1.1" 304 -
180.169.147.146 - - [24/Nov/2022:10:50:50 +0800] "GET /xingrg/javascript/jquery_easy_ui/themes/default/images/tabs_leftarrow.png HTTP/1.1" 304 -
180.169.147.146 - - [24/Nov/2022:10:50:50 +0800] "GET /xingrg/images/blue/pingpu.png HTTP/1.1" 304 -
180.169.147.146 - - [24/Nov/2022:10:50:50 +0800] "POST /xingrg/load_menu.html HTTP/1.1" 200 9959
120.253.135.82 - - [24/Nov/2022:10:50:50 +0800] "GET /xingrg/all/function/internal_message.html?_=1669258048263&CODE_STATE=getMsg HTTP/1.1" 200 27
180.169.147.146 - - [24/Nov/2022:10:50:51 +0800] "GET /xingrg/kc/report/report_main.html HTTP/1.1" 200 7340
180.169.147.146 - - [24/Nov/2022:10:50:51 +0800] "GET /xingrg/javascript/jquery_easy_ui/themes/default/images/tabs_close.gif HTTP/1.1" 200 829
180.169.147.146 - - [24/Nov/2022:10:50:51 +0800] "GET /xingrg/css/blue.css HTTP/1.1" 200 15949
180.169.147.146 - - [24/Nov/2022:10:50:51 +0800] "GET /xingrg/javascript/pic_change.js HTTP/1.1" 200 4739
180.169.147.146 - - [24/Nov/2022:10:50:51 +0800] "GET /xingrg/javascript/jquery_ui/themes/humanity/humanity.css HTTP/1.1" 200 27801
180.169.147.146 - - [24/Nov/2022:10:50:51 +0800] "GET /xingrg/javascript/myfunction.js HTTP/1.1" 200 24559
180.169.147.146 - - [24/Nov/2022:10:50:51 +0800] "GET /xingrg/javascript/json2.js HTTP/1.1" 200 11259
180.169.147.146 - - [24/Nov/2022:10:50:51 +0800] "GET /xingrg/javascript/jquery_easy_ui/themes/icons/back_new.png HTTP/1.1" 200 3414
114.84.81.136 - - [24/Nov/2022:10:50:55 +0800] "GET /xingrg/all/function/internal_message.html?_=1669258257761&CODE_STATE=getMsg HTTP/1.1" 200 27
114.95.46.117 - - [24/Nov/2022:10:50:56 +0800] "GET /xingrg/javascript/jquery_tools/images/prev.gif HTTP/1.1" 404 1086
114.95.46.117 - - [24/Nov/2022:10:50:56 +0800] "GET /xingrg/javascript/jquery_tools/images/next.gif HTTP/1.1" 404 1086
180.169.147.146 - - [24/Nov/2022:10:50:58 +0800] "GET /xingrg/check_reg.html?_=1669258252473 HTTP/1.1" 200 22
180.169.147.146 - - [24/Nov/2022:10:50:58 +0800] "GET /xingrg/all/function/internal_message.html?_=1669258252476&CODE_STATE=getMsg HTTP/1.1" 200 27
180.169.147.146 - - [24/Nov/2022:10:50:58 +0800] "GET /xingrg/kc/buy/cgsh_order_operate.html?command=get_materiel&rest_code=00147&code=00101008005&supplier_code=00100007&order_time=2022-11-24 HTTP/1.1" 200 412
180.169.147.146 - - [24/Nov/2022:10:50:59 +0800] "GET /xingrg/all/report/report_query.html?fileName=kc/buy/gys_amount_base.xml&rh=99999 HTTP/1.1" 200 51871
180.169.147.146 - - [24/Nov/2022:10:50:59 +0800] "GET /xingrg/javascript/multi_select/jqueryMultiSelect.css HTTP/1.1" 200 951
180.169.147.146 - - [24/Nov/2022:10:50:59 +0800] "GET /xingrg/javascript/calendar/timePicker.css HTTP/1.1" 200 523
180.169.147.146 - - [24/Nov/2022:10:50:59 +0800] "GET /xingrg/javascript/bigrid/fix.css HTTP/1.1" 200 1702
180.169.147.146 - - [24/Nov/2022:10:50:59 +0800] "GET /xingrg/dwr/interface/AjaxReportQueryService.js HTTP/1.1" 200 13203
180.169.147.146 - - [24/Nov/2022:10:50:59 +0800] "GET /xingrg/dwr/util.js HTTP/1.1" 200 35990
180.169.147.146 - - [24/Nov/2022:10:50:59 +0800] "GET /xingrg/dwr/engine.js HTTP/1.1" 200 43631
180.169.147.146 - - [24/Nov/2022:10:50:59 +0800] "GET /xingrg/javascript/calendar/jquery.timePicker.min.js HTTP/1.1" 200 2997
180.169.147.146 - - [24/Nov/2022:10:50:59 +0800] "GET /xingrg/javascript/Calendar.js HTTP/1.1" 200 31561
180.169.147.146 - - [24/Nov/2022:10:50:59 +0800] "GET /xingrg/javascript/bigrid/fix.js HTTP/1.1" 200 6439
180.169.147.146 - - [24/Nov/2022:10:50:59 +0800] "GET /xingrg/javascript/jqueryMultiSelect.js HTTP/1.1" 200 11866
180.169.147.146 - - [24/Nov/2022:10:50:59 +0800] "GET /xingrg/images/blue/button/advanceover.gif HTTP/1.1" 200 1347
180.169.147.146 - - [24/Nov/2022:10:50:59 +0800] "GET /xingrg/images/blue/button/advance2over.gif HTTP/1.1" 200 1336
180.169.147.146 - - [24/Nov/2022:10:50:59 +0800] "GET /xingrg/images/blue/button/back2over.gif HTTP/1.1" 200 1335
180.169.147.146 - - [24/Nov/2022:10:50:59 +0800] "GET /xingrg/images/control/loading.gif HTTP/1.1" 200 13463
180.169.147.146 - - [24/Nov/2022:10:50:59 +0800] "GET /xingrg/images/blue/button/backover.gif HTTP/1.1" 200 1348
218.81.217.29 - - [24/Nov/2022:10:50:59 +0800] "GET /xingrg/all/function/internal_message.html?_=1669258270557&CODE_STATE=getMsg HTTP/1.1" 200 27
180.169.147.146 - - [24/Nov/2022:10:50:59 +0800] "GET /xingrg/javascript/jquery_easy_ui/themes/default/images/menu_rightarrow.png HTTP/1.1" 200 3617
180.169.147.146 - - [24/Nov/2022:10:50:59 +0800] "GET /xingrg/javascript/jquery_easy_ui/themes/default/images/menu.gif HTTP/1.1" 200 834
180.169.147.146 - - [24/Nov/2022:10:50:59 +0800] "GET /xingrg/javascript/jquery_easy_ui/themes/icons/print.png HTTP/1.1" 200 1057
180.169.147.146 - - [24/Nov/2022:10:50:59 +0800] "POST /xingrg/dwr/call/plaincall/AjaxReportQueryService.getFixDate.dwr HTTP/1.1" 200 111
180.169.147.146 - - [24/Nov/2022:10:50:59 +0800] "GET /xingrg/javascript/jquery_easy_ui/themes/icons/pencil.png HTTP/1.1" 200 713
180.169.147.146 - - [24/Nov/2022:10:50:59 +0800] "GET /xingrg/javascript/jquery_easy_ui/themes/default/images/menu_downarrow.png HTTP/1.1" 200 173
180.169.147.146 - - [24/Nov/2022:10:50:59 +0800] "GET /xingrg/javascript/jquery_easy_ui/themes/icons/help.png HTTP/1.1" 200 1187
180.169.147.146 - - [24/Nov/2022:10:50:59 +0800] "POST /xingrg/dwr/call/plaincall/AjaxReportQueryService.getInitString.dwr HTTP/1.1" 200 1023
180.169.147.146 - - [24/Nov/2022:10:51:00 +0800] "GET /xingrg/javascript/multi_select/dropdown.gif HTTP/1.1" 200 61
180.169.147.146 - - [24/Nov/2022:10:51:00 +0800] "GET /xingrg/javascript/jquery_easy_ui/themes/default/images/combo_arrow_dot.gif HTTP/1.1" 200 79
180.169.147.146 - - [24/Nov/2022:10:51:00 +0800] "POST /xingrg/all/common/load_tree.html?tree=supplier_tree_json&manage=1 HTTP/1.1" 200 71595
180.169.147.146 - - [24/Nov/2022:10:51:00 +0800] "POST /xingrg/all/common/load_tree.html?tree=materiel_sort_tree_json HTTP/1.1" 200 9500
180.169.147.146 - - [24/Nov/2022:10:51:01 +0800] "GET /xingrg/javascript/jquery_easy_ui/themes/default/images/tree_checkbox_0.gif HTTP/1.1" 200 168
116.238.139.35 - - [24/Nov/2022:10:51:03 +0800] "GET /xingrg/all/function/internal_message.html?_=1669258260829&CODE_STATE=getMsg HTTP/1.1" 200 27
222.70.183.206 - - [24/Nov/2022:10:51:05 +0800] "GET /xingrg/all/function/internal_message.html?_=1669258259565&CODE_STATE=getMsg HTTP/1.1" 200 27
61.170.235.225 - - [24/Nov/2022:10:51:05 +0800] "GET /xingrg/kc/buy/cgsh_order_operate.html?command=get_materiel&rest_code=00106&code=00101008350&supplier_code=00100007&order_time=2022-11-24 HTTP/1.1" 200 408
180.169.147.146 - - [24/Nov/2022:10:51:05 +0800] "POST /xingrg/dwr/call/plaincall/AjaxReportQueryService.getFixDate.dwr HTTP/1.1" 200 111
180.169.147.146 - - [24/Nov/2022:10:51:05 +0800] "GET /xingrg/javascript/multi_select/dropdown_hover.gif HTTP/1.1" 200 61
180.169.147.146 - - [24/Nov/2022:10:51:08 +0800] "POST /xingrg/kc/buy/cgsh_order_operate.html HTTP/1.1" 200 37
114.95.46.117 - - [24/Nov/2022:10:51:08 +0800] "GET /xingrg/all/function/internal_message.html?_=1669258113738&CODE_STATE=getMsg HTTP/1.1" 200 27
180.169.147.146 - - [24/Nov/2022:10:51:09 +0800] "POST /xingrg/kc/buy/cgsh_order_operate.html HTTP/1.1" 200 20995
180.169.147.146 - - [24/Nov/2022:10:51:09 +0800] "POST /xingrg/dwr/call/plaincall/AjaxReportQueryService.refreshCache.dwr HTTP/1.1" 200 78
180.169.147.146 - - [24/Nov/2022:10:51:09 +0800] "GET /xingrg/kc/print/load_data.html?order_code=212022112408174&kc_code=cgsh&condition= HTTP/1.1" 200 7657
221.239.170.112 - - [24/Nov/2022:10:51:09 +0800] "GET /xingrg/kc/buy/cgsh_order_add.html HTTP/1.1" 200 68756
61.170.235.225 - - [24/Nov/2022:10:51:10 +0800] "POST /xingrg/kc/buy/cgsh_order_operate.html HTTP/1.1" 200 2065
114.95.46.117 - - [24/Nov/2022:10:51:10 +0800] "GET /xingrg/kc/base/wldb_order_operate.html?command=get_materiel&rest_code=00105&base_code=0010507&code=00101013203 HTTP/1.1" 200 430
221.239.170.112 - - [24/Nov/2022:10:51:10 +0800] "POST /xingrg/kc/buy/cgsh_order_operate.html HTTP/1.1" 200 8245
221.239.170.112 - - [24/Nov/2022:10:51:10 +0800] "GET /xingrg/javascript/easyui/themes/default/validatebox.css HTTP/1.1" 404 1104
180.169.147.146 - - [24/Nov/2022:10:51:14 +0800] "POST /xingrg/all/report/load_report_page.html HTTP/1.1" 200 632276
180.169.147.146 - - [24/Nov/2022:10:51:15 +0800] "GET /xingrg/servlets/image?cache=0.813915342058007&image=px HTTP/1.1" 200 807
61.170.235.225 - - [24/Nov/2022:10:51:15 +0800] "GET /xingrg/kc/buy/cgsh_order_operate.html?command=get_materiel&rest_code=00106&code=00101008036&supplier_code=00100007&order_time=2022-11-24 HTTP/1.1" 200 408
221.239.170.112 - - [24/Nov/2022:10:51:15 +0800] "GET /xingrg/all/function/internal_message.html?_=1669258271130&CODE_STATE=getMsg HTTP/1.1" 200 27
114.88.159.190 - - [24/Nov/2022:10:51:18 +0800] "GET /xingrg/all/function/internal_message.html?_=1669257879018&CODE_STATE=getMsg HTTP/1.1" 200 27
221.239.170.112 - - [24/Nov/2022:10:51:21 +0800] "GET /xingrg/kc/buy/cgsh_order_operate.html?command=get_materiel&rest_code=00145&code=00101008005&supplier_code=00100556&order_time=2022-11-20 HTTP/1.1" 200 412
124.79.245.154 - - [24/Nov/2022:10:51:23 +0800] "GET /xingrg/all/function/internal_message.html?_=1669258498642&CODE_STATE=getMsg HTTP/1.1" 200 27
180.171.171.75 - - [24/Nov/2022:10:51:23 +0800] "GET /xingrg/login.html HTTP/1.1" 200 7641
180.171.171.75 - - [24/Nov/2022:10:51:23 +0800] "GET /favicon.ico HTTP/1.1" 404 -
180.169.147.146 - - [24/Nov/2022:10:51:24 +0800] "GET /xingrg/all/function/internal_message.html?_=1669258274861&CODE_STATE=getMsg HTTP/1.1" 200 27
180.171.171.75 - - [24/Nov/2022:10:51:25 +0800] "POST /xingrg/login.do HTTP/1.1" 302 -
180.171.171.75 - - [24/Nov/2022:10:51:25 +0800] "GET /xingrg/index.html?sysBaseUrl=http%3A%2F%2F180.169.147.146%3A18081%2Fxingrg%2F&costTime=40×tamp=1669258285693 HTTP/1.1" 200 17183
180.171.171.75 - - [24/Nov/2022:10:51:25 +0800] "POST /xingrg/all/common/load_tree.html?tree=area_rest_tree_json&manage=1 HTTP/1.1" 200 357
180.171.171.75 - - [24/Nov/2022:10:51:25 +0800] "GET /favicon.ico HTTP/1.1" 404 -
180.171.171.75 - - [24/Nov/2022:10:51:25 +0800] "GET /xingrg/check_reg.html?_=1669258246084 HTTP/1.1" 200 22
180.171.171.75 - - [24/Nov/2022:10:51:25 +0800] "POST /xingrg/load_menu.html HTTP/1.1" 200 5138
180.171.171.75 - - [24/Nov/2022:10:51:25 +0800] "GET /xingrg/all/function/internal_message.html?_=1669258246081&CODE_STATE=count HTTP/1.1" 200 11
101.85.106.255 - - [24/Nov/2022:10:51:28 +0800] "GET /xingrg/all/function/internal_message.html?_=1669258285039&CODE_STATE=getMsg HTTP/1.1" 200 27
221.239.170.112 - - [24/Nov/2022:10:51:31 +0800] "GET /xingrg/kc/buy/cgsh_order_operate.html?command=get_materiel&rest_code=00145&code=00101008323&supplier_code=00100556&order_time=2022-11-20 HTTP/1.1" 200 408
180.158.0.157 - - [24/Nov/2022:10:51:32 +0800] "GET /xingrg/all/function/internal_message.html?_=1669258288602&CODE_STATE=getMsg HTTP/1.1" 302 -
180.158.0.157 - - [24/Nov/2022:10:51:32 +0800] "GET /xingrg/check_reg.html?_=1669258288606 HTTP/1.1" 302 -
180.162.229.95 - - [24/Nov/2022:10:51:33 +0800] "GET /xingrg/all/function/internal_message.html?_=1669258291275&CODE_STATE=getMsg HTTP/1.1" 200 27
116.230.105.139 - - [24/Nov/2022:10:51:33 +0800] "GET /xingrg/all/function/internal_message.html?_=1669258273074&CODE_STATE=getMsg HTTP/1.1" 200 27
61.170.235.225 - - [24/Nov/2022:10:51:36 +0800] "GET /xingrg/kc/buy/cgsh_order_operate.html?command=get_materiel&rest_code=00106&code=00101008358&supplier_code=00100007&order_time=2022-11-24 HTTP/1.1" 200 412
180.169.147.146 - - [24/Nov/2022:10:51:40 +0800] "GET /xingrg/all/report/report_query.html?isQuery=1&fileName=kc/buy/wlcg_cate_hz.xml&queryString=(CONVERT(char(10)%2Ca.order_time%2C%20120)%3E%3D'2022-10-01')%20and%20(CONVERT(char(10)%2Ca.order_time%2C%20120)%3C%3D'2022-10-31')%20and%20(a.supplier_code%3D'00100509')%20and%20(a.base_code%3D'0010069')&queryText=%E3%80%90%E9%87%87%E8%B4%AD%E6%97%A5%E6%9C%9F%3A2022-10-01%20%E8%87%B3%202022-10-31%E3%80%91%20%E5%B9%B6%E4%B8%94%20%E3%80%90%E4%BE%9B%E5%BA%94%E5%95%86%3D%E5%8E%A8%E9%91%AB%EF%BC%88%E9%97%A8%E5%BA%97%E8%87%AA%E8%B4%AD%EF%BC%89%E3%80%91%E5%B9%B6%E4%B8%94%E3%80%90%E4%BB%93%E5%BA%93%E5%90%8D%E7%A7%B0%20%3D%20%E7%B2%A4%E8%8F%9C%E3%80%91&rand=0.0583325564209255 HTTP/1.1" 200 54437
120.253.135.82 - - [24/Nov/2022:10:51:40 +0800] "GET /xingrg/check_reg.html?_=1669258098282 HTTP/1.1" 200 22
180.169.147.146 - - [24/Nov/2022:10:51:40 +0800] "GET /xingrg/all/report/report_query.html?isQuery=1&fileName=kc/buy/wlcg_cate_hz.xml&queryString=(CONVERT(char(10)%2Ca.order_time%2C%20120)%3E%3D'2022-10-01')%20and%20(CONVERT(char(10)%2Ca.order_time%2C%20120)%3C%3D'2022-10-31')%20and%20(a.supplier_code%3D'00100509')%20and%20(a.base_code%3D'0010069')&queryText=%E3%80%90%E9%87%87%E8%B4%AD%E6%97%A5%E6%9C%9F%3A2022-10-01%20%E8%87%B3%202022-10-31%E3%80%91%20%E5%B9%B6%E4%B8%94%20%E3%80%90%E4%BE%9B%E5%BA%94%E5%95%86%3D%E5%8E%A8%E9%91%AB%EF%BC%88%E9%97%A8%E5%BA%97%E8%87%AA%E8%B4%AD%EF%BC%89%E3%80%91%E5%B9%B6%E4%B8%94%E3%80%90%E4%BB%93%E5%BA%93%E5%90%8D%E7%A7%B0%20%3D%20%E7%B2%A4%E8%8F%9C%E3%80%91&rand=0.0583325564209255 HTTP/1.1" 200 54437
180.169.147.146 - - [24/Nov/2022:10:51:40 +0800] "GET /xingrg/dwr/engine.js HTTP/1.1" 200 43631
61.170.235.225 - - [24/Nov/2022:10:51:40 +0800] "GET /xingrg/all/function/internal_message.html?_=1669258301587&CODE_STATE=getMsg HTTP/1.1" 200 27
114.95.46.117 - - [24/Nov/2022:10:51:42 +0800] "GET /xingrg/kc/base/wldb_order_operate.html?command=get_materiel&rest_code=00105&base_code=0010507&code=00101016044 HTTP/1.1" 200 464
180.169.147.146 - - [24/Nov/2022:10:51:42 +0800] "POST /xingrg/all/report/load_report_page.html HTTP/1.1" 200 8720
180.169.147.146 - - [24/Nov/2022:10:51:42 +0800] "GET /xingrg/servlets/image?cache=0.10130593785911912&image=px HTTP/1.1" 200 807
61.170.235.225 - - [24/Nov/2022:10:51:45 +0800] "GET /xingrg/kc/buy/cgsh_order_operate.html?command=get_materiel&rest_code=00106&code=00101008084&supplier_code=00100007&order_time=2022-11-24 HTTP/1.1" 200 412
180.169.147.146 - - [24/Nov/2022:10:51:45 +0800] "POST /xingrg/all/report/load_report_page.html HTTP/1.1" 200 19842
180.169.147.146 - - [24/Nov/2022:10:51:45 +0800] "GET /xingrg/servlets/image?cache=0.7114262438476614&image=px HTTP/1.1" 200 807
180.169.147.146 - - [24/Nov/2022:10:51:50 +0800] "GET /xingrg/all/function/internal_message.html?_=1669258306167&CODE_STATE=getMsg HTTP/1.1" 200 27
120.253.135.82 - - [24/Nov/2022:10:51:50 +0800] "GET /xingrg/all/function/internal_message.html?_=1669258108266&CODE_STATE=getMsg HTTP/1.1" 200 27
221.239.170.112 - - [24/Nov/2022:10:51:53 +0800] "GET /xingrg/kc/buy/cgsh_order_operate.html?command=get_materiel&rest_code=00145&code=00101008350&supplier_code=00100556&order_time=2022-11-20 HTTP/1.1" 200 408
116.230.105.139 - - [24/Nov/2022:10:51:53 +0800] "POST /xingrg/services/DataTransmitService HTTP/1.1" 200 524
116.230.105.139 - - [24/Nov/2022:10:51:53 +0800] "POST /xingrg/services/DataTransmitService HTTP/1.1" 200 501
114.84.81.136 - - [24/Nov/2022:10:51:55 +0800] "GET /xingrg/all/function/internal_message.html?_=1669258317759&CODE_STATE=getMsg HTTP/1.1" 200 27
114.84.81.136 - - [24/Nov/2022:10:51:55 +0800] "GET /xingrg/check_reg.html?_=1669258317759 HTTP/1.1" 200 22
218.81.217.29 - - [24/Nov/2022:10:51:57 +0800] "GET /xingrg/check_reg.html?_=1669258328086 HTTP/1.1" 200 22
180.169.147.146 - - [24/Nov/2022:10:51:58 +0800] "GET /xingrg/all/function/internal_message.html?_=1669258312476&CODE_STATE=getMsg HTTP/1.1" 200 27
218.81.217.29 - - [24/Nov/2022:10:51:59 +0800] "GET /xingrg/all/function/internal_message.html?_=1669258330565&CODE_STATE=getMsg HTTP/1.1" 200 27
114.95.46.117 - - [24/Nov/2022:10:52:00 +0800] "GET /xingrg/kc/base/wldb_order_operate.html?command=get_materiel&rest_code=00105&base_code=0010507&code=00101019211 HTTP/1.1" 200 446
61.170.235.225 - - [24/Nov/2022:10:52:01 +0800] "GET /xingrg/kc/buy/cgsh_order_operate.html?command=get_materiel&rest_code=00106&code=00101008126&supplier_code=00100007&order_time=2022-11-24 HTTP/1.1" 200 412
61.170.235.225 - - [24/Nov/2022:10:52:03 +0800] "POST /xingrg/kc/buy/cgsh_order_operate.html HTTP/1.1" 200 2065
116.238.139.35 - - [24/Nov/2022:10:52:03 +0800] "GET /xingrg/all/function/internal_message.html?_=1669258320806&CODE_STATE=getMsg HTTP/1.1" 200 27
222.70.183.206 - - [24/Nov/2022:10:52:05 +0800] "GET /xingrg/all/function/internal_message.html?_=1669258319550&CODE_STATE=getMsg HTTP/1.1" 200 27
221.239.170.112 - - [24/Nov/2022:10:52:05 +0800] "GET /xingrg/kc/buy/cgsh_order_operate.html?command=get_materiel&rest_code=00145&code=00101008268&supplier_code=00100556&order_time=2022-11-20 HTTP/1.1" 200 408
114.95.46.117 - - [24/Nov/2022:10:52:08 +0800] "GET /xingrg/all/function/internal_message.html?_=1669258173719&CODE_STATE=getMsg HTTP/1.1" 200 27
61.170.235.225 - - [24/Nov/2022:10:52:11 +0800] "GET /xingrg/kc/buy/cgsh_order_operate.html?command=get_materiel&rest_code=00106&code=00101008321&supplier_code=00100007&order_time=2022-11-24 HTTP/1.1" 200 412
116.238.139.35 - - [24/Nov/2022:10:52:13 +0800] "GET /xingrg/kc/base/wldb_order_add.html HTTP/1.1" 200 30390
116.238.139.35 - - [24/Nov/2022:10:52:13 +0800] "GET /xingrg/words/20221124091809_words.js HTTP/1.1" 304 -
116.238.139.35 - - [24/Nov/2022:10:52:13 +0800] "POST /xingrg/kc/base/wldb_order_operate.html HTTP/1.1" 200 6806
116.238.139.35 - - [24/Nov/2022:10:52:13 +0800] "GET /xingrg/javascript/easyui/themes/default/validatebox.css HTTP/1.1" 404 1104
221.239.170.112 - - [24/Nov/2022:10:52:15 +0800] "GET /xingrg/all/function/internal_message.html?_=1669258331127&CODE_STATE=getMsg HTTP/1.1" 200 27
114.88.159.190 - - [24/Nov/2022:10:52:18 +0800] "GET /xingrg/all/function/internal_message.html?_=1669257939018&CODE_STATE=getMsg HTTP/1.1" 200 27
114.88.159.190 - - [24/Nov/2022:10:52:18 +0800] "GET /xingrg/check_reg.html?_=1669257939019 HTTP/1.1" 200 22
61.170.235.225 - - [24/Nov/2022:10:52:20 +0800] "GET /xingrg/kc/buy/cgsh_order_operate.html?command=get_materiel&rest_code=00106&code=00101011005&supplier_code=00100007&order_time=2022-11-24 HTTP/1.1" 200 408
116.238.139.35 - - [24/Nov/2022:10:52:21 +0800] "GET /xingrg/kc/base/wldb_order_operate.html?command=get_materiel&rest_code=00150&base_code=0010446&code=00102002610 HTTP/1.1" 200 444
124.79.245.154 - - [24/Nov/2022:10:52:23 +0800] "GET /xingrg/all/function/internal_message.html?_=1669258558656&CODE_STATE=getMsg HTTP/1.1" 200 27
180.169.147.146 - - [24/Nov/2022:10:52:24 +0800] "GET /xingrg/all/function/internal_message.html?_=1669258334835&CODE_STATE=getMsg HTTP/1.1" 200 27
180.171.171.75 - - [24/Nov/2022:10:52:25 +0800] "GET /xingrg/all/function/internal_message.html?_=1669258306110&CODE_STATE=getMsg HTTP/1.1" 200 27
101.85.106.255 - - [24/Nov/2022:10:52:28 +0800] "GET /xingrg/all/function/internal_message.html?_=1669258345037&CODE_STATE=getMsg HTTP/1.1" 200 27
116.238.139.35 - - [24/Nov/2022:10:52:28 +0800] "GET /xingrg/kc/base/wldb_order_operate.html?command=get_materiel&rest_code=00150&base_code=0010446&code=00102021018 HTTP/1.1" 200 446
114.95.46.117 - - [24/Nov/2022:10:52:28 +0800] "GET /xingrg/kc/base/wldb_order_operate.html?command=get_materiel&rest_code=00105&base_code=0010507&code=00101019376 HTTP/1.1" 200 476
61.170.235.225 - - [24/Nov/2022:10:52:28 +0800] "POST /xingrg/kc/buy/cgsh_order_operate.html HTTP/1.1" 200 37
180.158.0.157 - - [24/Nov/2022:10:52:32 +0800] "GET /xingrg/all/function/internal_message.html?_=1669258348582&CODE_STATE=getMsg HTTP/1.1" 302 -
180.162.229.95 - - [24/Nov/2022:10:52:33 +0800] "GET /xingrg/all/function/internal_message.html?_=1669258351258&CODE_STATE=getMsg HTTP/1.1" 200 27
116.230.105.139 - - [24/Nov/2022:10:52:33 +0800] "GET /xingrg/all/function/internal_message.html?_=1669258333067&CODE_STATE=getMsg HTTP/1.1" 200 27
61.170.235.225 - - [24/Nov/2022:10:52:34 +0800] "POST /xingrg/kc/buy/cgsh_order_operate.html HTTP/1.1" 200 16259
180.162.229.95 - - [24/Nov/2022:10:52:34 +0800] "GET /xingrg/check_reg.html?_=1669258352343 HTTP/1.1" 200 22
114.95.46.117 - - [24/Nov/2022:10:52:38 +0800] "GET /xingrg/kc/base/wldb_order_operate.html?command=get_materiel&rest_code=00105&base_code=0010507&code=00101019258 HTTP/1.1" 200 483
61.170.235.225 - - [24/Nov/2022:10:52:40 +0800] "GET /xingrg/all/function/internal_message.html?_=1669258361550&CODE_STATE=getMsg HTTP/1.1" 200 27
116.238.139.35 - - [24/Nov/2022:10:52:47 +0800] "GET /xingrg/kc/base/wldb_order_operate.html?command=get_materiel&rest_code=00150&base_code=0010446&code=00102002441 HTTP/1.1" 200 448
114.95.46.117 - - [24/Nov/2022:10:52:49 +0800] "GET /xingrg/kc/base/wldb_order_operate.html?command=get_materiel&rest_code=00105&base_code=0010507&code=00101019110 HTTP/1.1" 200 475
180.169.147.146 - - [24/Nov/2022:10:52:50 +0800] "GET /xingrg/all/function/internal_message.html?_=1669258366160&CODE_STATE=getMsg HTTP/1.1" 200 27
120.253.135.82 - - [24/Nov/2022:10:52:50 +0800] "GET /xingrg/all/function/internal_message.html?_=1669258168280&CODE_STATE=getMsg HTTP/1.1" 200 27
116.238.139.35 - - [24/Nov/2022:10:52:53 +0800] "GET /xingrg/kc/base/wldb_order_operate.html?command=get_materiel&rest_code=00150&base_code=0010446&code=00102002543 HTTP/1.1" 200 441
114.84.81.136 - - [24/Nov/2022:10:52:55 +0800] "GET /xingrg/all/function/internal_message.html?_=1669258377757&CODE_STATE=getMsg HTTP/1.1" 200 27
180.169.147.146 - - [24/Nov/2022:10:52:58 +0800] "GET /xingrg/all/function/internal_message.html?_=1669258372476&CODE_STATE=getMsg HTTP/1.1" 200 27
180.169.147.146 - - [24/Nov/2022:10:52:59 +0800] "GET /xingrg/kc/buy/cgsh_order_add.html HTTP/1.1" 200 69564
180.169.147.146 - - [24/Nov/2022:10:52:59 +0800] "GET /xingrg/words/20221124091809_words.js HTTP/1.1" 304 -
180.169.147.146 - - [24/Nov/2022:10:52:59 +0800] "POST /xingrg/kc/buy/cgsh_order_operate.html HTTP/1.1" 200 8245
180.169.147.146 - - [24/Nov/2022:10:52:59 +0800] "GET /xingrg/javascript/easyui/themes/default/validatebox.css HTTP/1.1" 404 1104
218.81.217.29 - - [24/Nov/2022:10:52:59 +0800] "GET /xingrg/all/function/internal_message.html?_=1669258390579&CODE_STATE=getMsg HTTP/1.1" 200 27
116.238.139.35 - - [24/Nov/2022:10:53:00 +0800] "GET /xingrg/kc/base/wldb_order_operate.html?command=get_materiel&rest_code=00150&base_code=0010446&code=00102002851 HTTP/1.1" 200 446
221.239.170.112 - - [24/Nov/2022:10:53:01 +0800] "GET /xingrg/kc/buy/cgsh_order_operate.html?command=get_materiel&rest_code=00145&code=00101008024&supplier_code=00100556&order_time=2022-11-20 HTTP/1.1" 200 408
114.95.46.117 - - [24/Nov/2022:10:53:02 +0800] "GET /xingrg/kc/base/wldb_order_operate.html?command=get_materiel&rest_code=00105&base_code=0010507&code=00101019438 HTTP/1.1" 200 462
116.238.139.35 - - [24/Nov/2022:10:53:03 +0800] "GET /xingrg/all/function/internal_message.html?_=1669258380795&CODE_STATE=getMsg HTTP/1.1" 200 27
222.70.183.206 - - [24/Nov/2022:10:53:04 +0800] "GET /xingrg/all/function/internal_message.html?_=1669258379535&CODE_STATE=getMsg HTTP/1.1" 200 27
116.238.139.35 - - [24/Nov/2022:10:53:05 +0800] "GET /xingrg/kc/base/wldb_order_operate.html?command=get_materiel&rest_code=00150&base_code=0010446&code=00102002238 HTTP/1.1" 200 434
114.95.46.117 - - [24/Nov/2022:10:53:08 +0800] "GET /xingrg/all/function/internal_message.html?_=1669258233713&CODE_STATE=getMsg HTTP/1.1" 200 27
114.95.46.117 - - [24/Nov/2022:10:53:08 +0800] "GET /xingrg/check_reg.html?_=1669258233717 HTTP/1.1" 200 22
116.238.139.35 - - [24/Nov/2022:10:53:11 +0800] "GET /xingrg/kc/base/wldb_order_operate.html?command=get_materiel&rest_code=00150&base_code=0010446&code=00102002557 HTTP/1.1" 200 444
180.169.147.146 - - [24/Nov/2022:10:53:14 +0800] "GET /xingrg/kc/buy/cgsh_order_operate.html?command=get_materiel&rest_code=00147&code=00101020358&supplier_code=00100337&order_time=2022-11-24 HTTP/1.1" 200 417
221.239.170.112 - - [24/Nov/2022:10:53:15 +0800] "GET /xingrg/all/function/internal_message.html?_=1669258391133&CODE_STATE=getMsg HTTP/1.1" 200 27
114.95.46.117 - - [24/Nov/2022:10:53:17 +0800] "GET /xingrg/kc/base/wldb_order_operate.html?command=get_materiel&rest_code=00105&base_code=0010507&code=00101016019 HTTP/1.1" 200 450
114.88.159.190 - - [24/Nov/2022:10:53:18 +0800] "GET /xingrg/all/function/internal_message.html?_=1669257999018&CODE_STATE=getMsg HTTP/1.1" 200 27
124.79.245.154 - - [24/Nov/2022:10:53:23 +0800] "GET /xingrg/check_reg.html?_=1669258618655 HTTP/1.1" 200 22
124.79.245.154 - - [24/Nov/2022:10:53:23 +0800] "GET /xingrg/all/function/internal_message.html?_=1669258618657&CODE_STATE=getMsg HTTP/1.1" 200 27
