114.95.46.117 - - [24/Nov/2022:11:23:08 +0800] "GET /xingrg/check_reg.html?_=1669260033779 HTTP/1.1" 200 22
180.169.147.146 - - [24/Nov/2022:11:23:10 +0800] "GET /xingrg/kc/buy/cgsh_order_info.html?code=212022111605450 HTTP/1.1" 200 64457
180.169.147.146 - - [24/Nov/2022:11:23:11 +0800] "GET /xingrg/javascript/easyui/themes/default/validatebox.css HTTP/1.1" 404 1104
180.169.147.146 - - [24/Nov/2022:11:23:11 +0800] "POST /xingrg/kc/buy/cgsh_order_operate.html HTTP/1.1" 200 1794
116.238.139.35 - - [24/Nov/2022:11:23:16 +0800] "POST /xingrg/dwr/call/plaincall/AjaxQqpsService.getMaterielByCode.dwr HTTP/1.1" 200 3837
61.170.235.225 - - [24/Nov/2022:11:23:16 +0800] "GET /xingrg/kc/base/base_main.html HTTP/1.1" 200 12142
116.238.139.35 - - [24/Nov/2022:11:23:17 +0800] "GET /xingrg/all/function/internal_message.html?_=1669260194740&CODE_STATE=getMsg HTTP/1.1" 200 27
61.170.235.225 - - [24/Nov/2022:11:23:17 +0800] "GET /xingrg/kc/base/wldb_order_list.html HTTP/1.1" 200 19101
61.170.235.225 - - [24/Nov/2022:11:23:18 +0800] "POST /xingrg/kc/base/wldb_list_operate.html HTTP/1.1" 200 928
114.88.159.190 - - [24/Nov/2022:11:23:18 +0800] "GET /xingrg/all/function/internal_message.html?_=1669259799119&CODE_STATE=getMsg HTTP/1.1" 200 27
221.239.170.112 - - [24/Nov/2022:11:23:18 +0800] "GET /xingrg/all/function/internal_message.html?_=1669260194309&CODE_STATE=getMsg HTTP/1.1" 200 27
116.238.139.35 - - [24/Nov/2022:11:23:19 +0800] "POST /xingrg/dwr/call/plaincall/AjaxQqpsService.saveMaterielItem.dwr HTTP/1.1" 200 79
180.162.229.95 - - [24/Nov/2022:11:23:19 +0800] "GET /xingrg/all/function/internal_message.html?_=1669260198938&CODE_STATE=getMsg HTTP/1.1" 200 27
124.79.245.154 - - [24/Nov/2022:11:23:23 +0800] "GET /xingrg/all/function/internal_message.html?_=1669260418671&CODE_STATE=getMsg HTTP/1.1" 200 27
124.79.245.154 - - [24/Nov/2022:11:23:23 +0800] "GET /xingrg/check_reg.html?_=1669260418672 HTTP/1.1" 200 22
180.169.147.146 - - [24/Nov/2022:11:23:23 +0800] "GET /xingrg/kc/base/check_order_list.html HTTP/1.1" 200 16487
180.169.147.146 - - [24/Nov/2022:11:23:24 +0800] "GET /xingrg/all/function/internal_message.html?_=1669260194734&CODE_STATE=getMsg HTTP/1.1" 200 27
180.169.147.146 - - [24/Nov/2022:11:23:24 +0800] "GET /xingrg/css/base.css HTTP/1.1" 200 2811
180.169.147.146 - - [24/Nov/2022:11:23:24 +0800] "GET /xingrg/javascript/jquery_tools/datebox.css HTTP/1.1" 200 2597
180.169.147.146 - - [24/Nov/2022:11:23:24 +0800] "GET /xingrg/javascript/auto/jquery.autocomplete.css HTTP/1.1" 200 587
180.169.147.146 - - [24/Nov/2022:11:23:24 +0800] "GET /xingrg/javascript/jquery_tools/table.css HTTP/1.1" 200 1032
180.169.147.146 - - [24/Nov/2022:11:23:24 +0800] "GET /xingrg/javascript/jquery_tools/jquery.tools.hotkey.js HTTP/1.1" 200 3242
180.169.147.146 - - [24/Nov/2022:11:23:24 +0800] "GET /xingrg/javascript/jquery_tools/jquery.tools.table.js HTTP/1.1" 200 6994
180.169.147.146 - - [24/Nov/2022:11:23:24 +0800] "GET /xingrg/javascript/jquery.cookie.js HTTP/1.1" 200 5513
180.169.147.146 - - [24/Nov/2022:11:23:24 +0800] "GET /xingrg/css/site.css HTTP/1.1" 200 7541
180.169.147.146 - - [24/Nov/2022:11:23:24 +0800] "GET /xingrg/javascript/easyui/themes/icon.css HTTP/1.1" 200 4483
180.169.147.146 - - [24/Nov/2022:11:23:24 +0800] "GET /xingrg/javascript/easyui/themes/default/easyui.css HTTP/1.1" 200 30432
180.169.147.146 - - [24/Nov/2022:11:23:24 +0800] "GET /xingrg/javascript/jquery_tools/fix.css HTTP/1.1" 200 1702
180.169.147.146 - - [24/Nov/2022:11:23:24 +0800] "GET /xingrg/javascript/jquery_tools/jquery.tools.min.js HTTP/1.1" 200 138801
180.169.147.146 - - [24/Nov/2022:11:23:24 +0800] "GET /xingrg/check_reg.html?_=1669260195140 HTTP/1.1" 200 22
180.169.147.146 - - [24/Nov/2022:11:23:24 +0800] "GET /xingrg/javascript/jquery_tools/jquery.tools.extend.js HTTP/1.1" 200 15385
180.169.147.146 - - [24/Nov/2022:11:23:24 +0800] "GET /xingrg/javascript/jquery_tools/list_manager.js HTTP/1.1" 200 3652
180.169.147.146 - - [24/Nov/2022:11:23:24 +0800] "GET /xingrg/javascript/easyui/easyloader.js HTTP/1.1" 200 5975
180.169.147.146 - - [24/Nov/2022:11:23:24 +0800] "GET /xingrg/javascript/auto/jquery.autocomplete.js HTTP/1.1" 200 21624
180.169.147.146 - - [24/Nov/2022:11:23:24 +0800] "GET /xingrg/javascript/easyui/themes/icons/edit_add_new.png HTTP/1.1" 200 2997
180.169.147.146 - - [24/Nov/2022:11:23:24 +0800] "GET /xingrg/javascript/easyui/themes/icons/cance_new.png HTTP/1.1" 200 3986
180.169.147.146 - - [24/Nov/2022:11:23:24 +0800] "GET /xingrg/javascript/easyui/themes/icons/check_new.png HTTP/1.1" 200 3224
180.169.147.146 - - [24/Nov/2022:11:23:24 +0800] "GET /xingrg/javascript/easyui/themes/icons/uncheck_new.png HTTP/1.1" 200 3197
180.169.147.146 - - [24/Nov/2022:11:23:24 +0800] "GET /xingrg/javascript/easyui/themes/icons/field_new.png HTTP/1.1" 200 1097
180.169.147.146 - - [24/Nov/2022:11:23:24 +0800] "GET /xingrg/javascript/easyui/plugins/jquery.parser.js HTTP/1.1" 200 1142
180.169.147.146 - - [24/Nov/2022:11:23:24 +0800] "POST /xingrg/kc/base/check_list_operate.html HTTP/1.1" 200 3921
116.238.139.35 - - [24/Nov/2022:11:23:25 +0800] "POST /xingrg/dwr/call/plaincall/AjaxQqpsService.getMaterielByCode.dwr HTTP/1.1" 200 3856
180.171.171.75 - - [24/Nov/2022:11:23:25 +0800] "GET /xingrg/all/function/internal_message.html?_=1669260166096&CODE_STATE=getMsg HTTP/1.1" 200 27
61.170.235.225 - - [24/Nov/2022:11:23:25 +0800] "GET /xingrg/kc/base/base_main.html HTTP/1.1" 200 12142
116.238.139.35 - - [24/Nov/2022:11:23:27 +0800] "POST /xingrg/dwr/call/plaincall/AjaxQqpsService.saveMaterielItem.dwr HTTP/1.1" 200 79
61.170.235.225 - - [24/Nov/2022:11:23:27 +0800] "GET /xingrg/kc/base/wldb_order_list.html HTTP/1.1" 200 19101
180.171.171.75 - - [24/Nov/2022:11:23:27 +0800] "GET /xingrg/kc/buy/cgsh_order_operate.html?command=get_materiel&rest_code=00108&code=00102010112&supplier_code=00100151&order_time=2022-11-24 HTTP/1.1" 200 416
61.170.235.225 - - [24/Nov/2022:11:23:27 +0800] "POST /xingrg/kc/base/wldb_list_operate.html HTTP/1.1" 200 928
101.85.106.255 - - [24/Nov/2022:11:23:28 +0800] "GET /xingrg/all/function/internal_message.html?_=1669260205053&CODE_STATE=getMsg HTTP/1.1" 200 27
61.170.235.225 - - [24/Nov/2022:11:23:28 +0800] "GET /xingrg/kc/base/wldb_order_add.html HTTP/1.1" 200 30388
61.170.235.225 - - [24/Nov/2022:11:23:29 +0800] "GET /xingrg/all/common/auto_word.html?type=base&rest_code=00106 HTTP/1.1" 200 1799
61.170.235.225 - - [24/Nov/2022:11:23:29 +0800] "GET /xingrg/all/common/auto_word.html?type=base&rest_code=00106 HTTP/1.1" 200 1799
61.170.235.225 - - [24/Nov/2022:11:23:29 +0800] "POST /xingrg/kc/base/wldb_order_operate.html HTTP/1.1" 200 6806
61.170.235.225 - - [24/Nov/2022:11:23:29 +0800] "GET /xingrg/javascript/easyui/themes/default/validatebox.css HTTP/1.1" 404 1104
116.238.139.35 - - [24/Nov/2022:11:23:31 +0800] "POST /xingrg/dwr/call/plaincall/AjaxQqpsService.saveOrder.dwr HTTP/1.1" 200 79
180.158.0.157 - - [24/Nov/2022:11:23:32 +0800] "GET /xingrg/all/function/internal_message.html?_=1669260208591&CODE_STATE=getMsg HTTP/1.1" 302 -
180.162.229.95 - - [24/Nov/2022:11:23:33 +0800] "GET /xingrg/all/function/internal_message.html?_=1669260210724&CODE_STATE=getMsg HTTP/1.1" 200 27
116.230.105.139 - - [24/Nov/2022:11:23:33 +0800] "GET /xingrg/all/function/internal_message.html?_=1669260193069&CODE_STATE=getMsg HTTP/1.1" 200 27
116.230.105.139 - - [24/Nov/2022:11:23:33 +0800] "GET /xingrg/check_reg.html?_=1669260193072 HTTP/1.1" 200 22
61.170.235.225 - - [24/Nov/2022:11:23:37 +0800] "POST /xingrg/all/common/load_combo.html?type=base HTTP/1.1" 200 3227
61.170.235.225 - - [24/Nov/2022:11:23:39 +0800] "POST /xingrg/all/common/load_combo.html?type=base HTTP/1.1" 200 3227
61.170.235.225 - - [24/Nov/2022:11:23:40 +0800] "GET /xingrg/all/function/internal_message.html?_=1669260221538&CODE_STATE=getMsg HTTP/1.1" 200 27
180.169.147.146 - - [24/Nov/2022:11:23:42 +0800] "POST /xingrg/kc/base/yddb_list_operate.html HTTP/1.1" 200 2357
61.170.235.225 - - [24/Nov/2022:11:23:44 +0800] "GET /xingrg/kc/base/wldb_order_operate.html?command=get_materiel&rest_code=00106&base_code=0010397&code=00102015103 HTTP/1.1" 200 437
180.169.147.146 - - [24/Nov/2022:11:23:45 +0800] "GET /xingrg/javascript/easyui/themes/default/images/button_plain_hover.png HTTP/1.1" 200 144
61.170.235.225 - - [24/Nov/2022:11:23:50 +0800] "GET /xingrg/kc/base/wldb_order_operate.html?command=get_materiel&rest_code=00106&base_code=0010397&code=00102002549 HTTP/1.1" 200 449
180.169.147.146 - - [24/Nov/2022:11:23:50 +0800] "GET /xingrg/all/function/internal_message.html?_=1669260226166&CODE_STATE=getMsg HTTP/1.1" 200 27
120.253.135.82 - - [24/Nov/2022:11:23:51 +0800] "GET /xingrg/all/function/internal_message.html?_=1669260029195&CODE_STATE=getMsg HTTP/1.1" 200 27
61.170.235.225 - - [24/Nov/2022:11:23:52 +0800] "POST /xingrg/all/common/load_select.html HTTP/1.1" 200 25
61.170.235.225 - - [24/Nov/2022:11:23:53 +0800] "GET /xingrg/kc/base/wldb_order_operate.html?command=get_materiel_price&rest_code=00106&base_code=0010397&code=00102002549&unit_code=00100276 HTTP/1.1" 200 35
114.84.81.136 - - [24/Nov/2022:11:23:55 +0800] "GET /xingrg/all/function/internal_message.html?_=1669260237815&CODE_STATE=getMsg HTTP/1.1" 200 27
180.162.115.136 - - [24/Nov/2022:11:23:57 +0800] "GET /xingrg/all/function/internal_message.html?_=1669259273560&CODE_STATE=getMsg HTTP/1.1" 200 27
180.169.147.146 - - [24/Nov/2022:11:23:58 +0800] "GET /xingrg/all/function/internal_message.html?_=1669260232521&CODE_STATE=getMsg HTTP/1.1" 200 27
61.170.235.225 - - [24/Nov/2022:11:23:58 +0800] "POST /xingrg/kc/base/wldb_order_operate.html HTTP/1.1" 200 37
61.170.235.225 - - [24/Nov/2022:11:23:59 +0800] "POST /xingrg/kc/base/wldb_order_operate.html HTTP/1.1" 200 2663
218.81.217.29 - - [24/Nov/2022:11:24:01 +0800] "GET /xingrg/all/function/internal_message.html?_=1669260252139&CODE_STATE=getMsg HTTP/1.1" 200 27
222.70.183.206 - - [24/Nov/2022:11:24:04 +0800] "GET /xingrg/all/function/internal_message.html?_=1669260238941&CODE_STATE=getMsg HTTP/1.1" 200 27
61.170.235.225 - - [24/Nov/2022:11:24:06 +0800] "GET /xingrg/kc/base/wldb_order_info.html?code=422022112401933 HTTP/1.1" 200 30401
61.170.235.225 - - [24/Nov/2022:11:24:07 +0800] "GET /xingrg/javascript/easyui/themes/default/validatebox.css HTTP/1.1" 404 1104
61.170.235.225 - - [24/Nov/2022:11:24:07 +0800] "POST /xingrg/kc/base/wldb_order_operate.html HTTP/1.1" 200 2663
114.95.46.117 - - [24/Nov/2022:11:24:08 +0800] "GET /xingrg/all/function/internal_message.html?_=1669260093679&CODE_STATE=getMsg HTTP/1.1" 200 27
116.238.139.35 - - [24/Nov/2022:11:24:17 +0800] "GET /xingrg/all/function/internal_message.html?_=1669260254740&CODE_STATE=getMsg HTTP/1.1" 200 27
114.88.159.190 - - [24/Nov/2022:11:24:18 +0800] "GET /xingrg/all/function/internal_message.html?_=1669259859118&CODE_STATE=getMsg HTTP/1.1" 200 27
221.239.170.112 - - [24/Nov/2022:11:24:18 +0800] "GET /xingrg/all/function/internal_message.html?_=1669260254309&CODE_STATE=getMsg HTTP/1.1" 200 27
180.162.229.95 - - [24/Nov/2022:11:24:19 +0800] "GET /xingrg/all/function/internal_message.html?_=1669260258938&CODE_STATE=getMsg HTTP/1.1" 200 27
180.162.229.95 - - [24/Nov/2022:11:24:20 +0800] "GET /xingrg/kc/buy/cgsh_order_list.html HTTP/1.1" 200 53780
180.162.229.95 - - [24/Nov/2022:11:24:22 +0800] "POST /xingrg/kc/buy/cgsh_list_operate.html HTTP/1.1" 200 986
180.169.147.146 - - [24/Nov/2022:11:24:22 +0800] "POST /xingrg/kc/base/check_list_operate.html HTTP/1.1" 200 4
124.79.245.154 - - [24/Nov/2022:11:24:23 +0800] "GET /xingrg/all/function/internal_message.html?_=1669260478670&CODE_STATE=getMsg HTTP/1.1" 200 27
180.171.171.75 - - [24/Nov/2022:11:24:23 +0800] "GET /xingrg/kc/buy/cgsh_order_operate.html?command=get_materiel&rest_code=00108&code=00102010188&supplier_code=00100151&order_time=2022-11-24 HTTP/1.1" 200 412
180.169.147.146 - - [24/Nov/2022:11:24:24 +0800] "GET /xingrg/all/function/internal_message.html?_=1669260254717&CODE_STATE=getMsg HTTP/1.1" 200 27
180.171.171.75 - - [24/Nov/2022:11:24:25 +0800] "GET /xingrg/all/function/internal_message.html?_=1669260226107&CODE_STATE=getMsg HTTP/1.1" 200 27
101.85.106.255 - - [24/Nov/2022:11:24:28 +0800] "GET /xingrg/all/function/internal_message.html?_=1669260265054&CODE_STATE=getMsg HTTP/1.1" 200 27
221.239.170.112 - - [24/Nov/2022:11:24:31 +0800] "GET /xingrg/kc/buy/cgsh_order_add.html HTTP/1.1" 200 68756
221.239.170.112 - - [24/Nov/2022:11:24:31 +0800] "GET /xingrg/words/20221124091809_words.js HTTP/1.1" 304 -
221.239.170.112 - - [24/Nov/2022:11:24:32 +0800] "POST /xingrg/kc/buy/cgsh_order_operate.html HTTP/1.1" 200 8245
221.239.170.112 - - [24/Nov/2022:11:24:32 +0800] "GET /xingrg/javascript/easyui/themes/default/validatebox.css HTTP/1.1" 404 1104
180.158.0.157 - - [24/Nov/2022:11:24:32 +0800] "GET /xingrg/all/function/internal_message.html?_=1669260268594&CODE_STATE=getMsg HTTP/1.1" 302 -
180.162.229.95 - - [24/Nov/2022:11:24:33 +0800] "GET /xingrg/all/function/internal_message.html?_=1669260270707&CODE_STATE=getMsg HTTP/1.1" 200 27
116.230.105.139 - - [24/Nov/2022:11:24:33 +0800] "GET /xingrg/all/function/internal_message.html?_=1669260253071&CODE_STATE=getMsg HTTP/1.1" 200 27
221.239.170.112 - - [24/Nov/2022:11:24:37 +0800] "GET /xingrg/javascript/jquery_tools/images/prev.gif HTTP/1.1" 404 1086
221.239.170.112 - - [24/Nov/2022:11:24:37 +0800] "GET /xingrg/javascript/jquery_tools/images/next.gif HTTP/1.1" 404 1086
61.170.235.225 - - [24/Nov/2022:11:24:40 +0800] "GET /xingrg/all/function/internal_message.html?_=1669260281549&CODE_STATE=getMsg HTTP/1.1" 200 27
221.239.170.112 - - [24/Nov/2022:11:24:45 +0800] "GET /xingrg/kc/buy/cgsh_order_operate.html?command=get_materiel&rest_code=00145&code=00101028011&supplier_code=00100017&order_time=2022-11-22 HTTP/1.1" 200 454
180.171.171.75 - - [24/Nov/2022:11:24:45 +0800] "GET /xingrg/kc/buy/cgsh_order_operate.html?command=get_materiel&rest_code=00108&code=00102010143&supplier_code=00100151&order_time=2022-11-24 HTTP/1.1" 200 413
120.253.135.82 - - [24/Nov/2022:11:24:51 +0800] "GET /xingrg/all/function/internal_message.html?_=1669260089198&CODE_STATE=getMsg HTTP/1.1" 200 27
180.162.229.95 - - [24/Nov/2022:11:24:51 +0800] "GET /xingrg/kc/buy/cgsh_order_add.html HTTP/1.1" 200 69596
180.162.229.95 - - [24/Nov/2022:11:24:51 +0800] "GET /xingrg/words/20221124091809_words.js HTTP/1.1" 304 -
180.162.229.95 - - [24/Nov/2022:11:24:51 +0800] "POST /xingrg/kc/buy/cgsh_order_operate.html HTTP/1.1" 200 8245
180.162.229.95 - - [24/Nov/2022:11:24:51 +0800] "GET /xingrg/javascript/easyui/themes/default/validatebox.css HTTP/1.1" 404 1104
180.162.229.95 - - [24/Nov/2022:11:24:52 +0800] "GET /xingrg/javascript/auto/indicator.gif HTTP/1.1" 404 1066
114.84.81.136 - - [24/Nov/2022:11:24:55 +0800] "GET /xingrg/all/function/internal_message.html?_=1669260297813&CODE_STATE=getMsg HTTP/1.1" 200 27
180.162.115.136 - - [24/Nov/2022:11:24:57 +0800] "GET /xingrg/all/function/internal_message.html?_=1669259333575&CODE_STATE=getMsg HTTP/1.1" 200 27
180.169.147.146 - - [24/Nov/2022:11:24:58 +0800] "GET /xingrg/all/function/internal_message.html?_=1669260292522&CODE_STATE=getMsg HTTP/1.1" 200 27
221.239.170.112 - - [24/Nov/2022:11:24:58 +0800] "GET /xingrg/kc/buy/cgsh_order_operate.html?command=get_materiel&rest_code=00145&code=00101029002&supplier_code=00100017&order_time=2022-11-22 HTTP/1.1" 200 450
180.171.171.75 - - [24/Nov/2022:11:24:58 +0800] "GET /xingrg/kc/buy/cgsh_order_operate.html?command=get_materiel&rest_code=00108&code=00102010190&supplier_code=00100151&order_time=2022-11-24 HTTP/1.1" 200 412
218.81.217.29 - - [24/Nov/2022:11:25:01 +0800] "GET /xingrg/all/function/internal_message.html?_=1669260312342&CODE_STATE=getMsg HTTP/1.1" 200 27
222.70.183.206 - - [24/Nov/2022:11:25:04 +0800] "GET /xingrg/all/function/internal_message.html?_=1669260298926&CODE_STATE=getMsg HTTP/1.1" 200 27
222.70.183.206 - - [24/Nov/2022:11:25:06 +0800] "GET /xingrg/check_reg.html?_=1669260301251 HTTP/1.1" 200 22
114.95.46.117 - - [24/Nov/2022:11:25:08 +0800] "GET /xingrg/all/function/internal_message.html?_=1669260153669&CODE_STATE=getMsg HTTP/1.1" 200 27
221.239.170.112 - - [24/Nov/2022:11:25:09 +0800] "GET /xingrg/kc/buy/cgsh_order_operate.html?command=get_materiel&rest_code=00145&code=00101029025&supplier_code=00100017&order_time=2022-11-22 HTTP/1.1" 200 442
116.238.139.35 - - [24/Nov/2022:11:25:17 +0800] "GET /xingrg/all/function/internal_message.html?_=1669260314744&CODE_STATE=getMsg HTTP/1.1" 200 27
114.88.159.190 - - [24/Nov/2022:11:25:18 +0800] "GET /xingrg/all/function/internal_message.html?_=1669259919116&CODE_STATE=getMsg HTTP/1.1" 200 27
221.239.170.112 - - [24/Nov/2022:11:25:18 +0800] "GET /xingrg/all/function/internal_message.html?_=1669260314294&CODE_STATE=getMsg HTTP/1.1" 200 27
180.162.229.95 - - [24/Nov/2022:11:25:19 +0800] "GET /xingrg/check_reg.html?_=1669260318940 HTTP/1.1" 200 22
180.162.229.95 - - [24/Nov/2022:11:25:19 +0800] "GET /xingrg/all/function/internal_message.html?_=1669260318940&CODE_STATE=getMsg HTTP/1.1" 200 27
221.239.170.112 - - [24/Nov/2022:11:25:22 +0800] "GET /xingrg/kc/buy/cgsh_order_operate.html?command=get_materiel&rest_code=00145&code=00101029009&supplier_code=00100017&order_time=2022-11-22 HTTP/1.1" 200 458
124.79.245.154 - - [24/Nov/2022:11:25:23 +0800] "GET /xingrg/all/function/internal_message.html?_=1669260538711&CODE_STATE=getMsg HTTP/1.1" 200 27
180.169.147.146 - - [24/Nov/2022:11:25:24 +0800] "GET /xingrg/all/function/internal_message.html?_=1669260314702&CODE_STATE=getMsg HTTP/1.1" 200 27
180.171.171.75 - - [24/Nov/2022:11:25:25 +0800] "GET /xingrg/all/function/internal_message.html?_=1669260286105&CODE_STATE=getMsg HTTP/1.1" 200 27
101.85.106.255 - - [24/Nov/2022:11:25:28 +0800] "GET /xingrg/check_reg.html?_=1669260325054 HTTP/1.1" 200 22
101.85.106.255 - - [24/Nov/2022:11:25:28 +0800] "GET /xingrg/all/function/internal_message.html?_=1669260325058&CODE_STATE=getMsg HTTP/1.1" 200 27
180.158.0.157 - - [24/Nov/2022:11:25:32 +0800] "GET /xingrg/all/function/internal_message.html?_=1669260328592&CODE_STATE=getMsg HTTP/1.1" 302 -
180.162.229.95 - - [24/Nov/2022:11:25:33 +0800] "GET /xingrg/all/function/internal_message.html?_=1669260330690&CODE_STATE=getMsg HTTP/1.1" 200 27
116.230.105.139 - - [24/Nov/2022:11:25:33 +0800] "GET /xingrg/all/function/internal_message.html?_=1669260313073&CODE_STATE=getMsg HTTP/1.1" 200 27
180.162.229.95 - - [24/Nov/2022:11:25:38 +0800] "GET /xingrg/kc/buy/cgsh_order_operate.html?command=get_materiel&rest_code=00102&code=00101016034&supplier_code=00100151&order_time=2022-11-24 HTTP/1.1" 200 436
61.170.235.225 - - [24/Nov/2022:11:25:40 +0800] "GET /xingrg/all/function/internal_message.html?_=1669260341488&CODE_STATE=getMsg HTTP/1.1" 200 27
61.170.235.225 - - [24/Nov/2022:11:25:40 +0800] "GET /xingrg/check_reg.html?_=1669260341484 HTTP/1.1" 200 22
120.253.135.82 - - [24/Nov/2022:11:25:51 +0800] "GET /xingrg/all/function/internal_message.html?_=1669260149263&CODE_STATE=getMsg HTTP/1.1" 200 27
180.162.229.95 - - [24/Nov/2022:11:25:55 +0800] "GET /xingrg/kc/buy/cgsh_order_operate.html?command=get_materiel&rest_code=00102&code=00101016004&supplier_code=00100151&order_time=2022-11-24 HTTP/1.1" 200 421
114.84.81.136 - - [24/Nov/2022:11:25:55 +0800] "GET /xingrg/all/function/internal_message.html?_=1669260357837&CODE_STATE=getMsg HTTP/1.1" 200 27
180.162.115.136 - - [24/Nov/2022:11:25:57 +0800] "GET /xingrg/all/function/internal_message.html?_=1669259393561&CODE_STATE=getMsg HTTP/1.1" 200 27
180.169.147.146 - - [24/Nov/2022:11:25:58 +0800] "GET /xingrg/all/function/internal_message.html?_=1669260352523&CODE_STATE=getMsg HTTP/1.1" 200 27
180.169.147.146 - - [24/Nov/2022:11:25:58 +0800] "GET /xingrg/check_reg.html?_=1669260352525 HTTP/1.1" 200 22
218.81.217.29 - - [24/Nov/2022:11:26:01 +0800] "GET /xingrg/all/function/internal_message.html?_=1669260372354&CODE_STATE=getMsg HTTP/1.1" 200 27
222.70.183.206 - - [24/Nov/2022:11:26:04 +0800] "GET /xingrg/all/function/internal_message.html?_=1669260358910&CODE_STATE=getMsg HTTP/1.1" 200 27
114.95.46.117 - - [24/Nov/2022:11:26:08 +0800] "GET /xingrg/all/function/internal_message.html?_=1669260213660&CODE_STATE=getMsg HTTP/1.1" 200 27
180.169.147.146 - - [24/Nov/2022:11:26:11 +0800] "GET /xingrg/all/function/internal_message.html?_=1669260367413&CODE_STATE=getMsg HTTP/1.1" 200 27
180.169.147.146 - - [24/Nov/2022:11:26:11 +0800] "GET /xingrg/check_reg.html?_=1669260367418 HTTP/1.1" 200 22
180.169.147.146 - - [24/Nov/2022:11:26:11 +0800] "POST /xingrg/kc/base/check_list_operate.html HTTP/1.1" 200 781
221.239.170.112 - - [24/Nov/2022:11:26:16 +0800] "GET /xingrg/kc/buy/cgsh_order_operate.html?command=get_materiel&rest_code=00145&code=00101029091&supplier_code=00100017&order_time=2022-11-22 HTTP/1.1" 200 439
116.238.139.35 - - [24/Nov/2022:11:26:17 +0800] "GET /xingrg/check_reg.html?_=1669260374747 HTTP/1.1" 200 22
116.238.139.35 - - [24/Nov/2022:11:26:17 +0800] "GET /xingrg/all/function/internal_message.html?_=1669260374751&CODE_STATE=getMsg HTTP/1.1" 200 27
114.88.159.190 - - [24/Nov/2022:11:26:18 +0800] "GET /xingrg/all/function/internal_message.html?_=1669259979116&CODE_STATE=getMsg HTTP/1.1" 200 27
221.239.170.112 - - [24/Nov/2022:11:26:18 +0800] "GET /xingrg/all/function/internal_message.html?_=1669260374320&CODE_STATE=getMsg HTTP/1.1" 200 27
180.162.229.95 - - [24/Nov/2022:11:26:19 +0800] "GET /xingrg/all/function/internal_message.html?_=1669260378946&CODE_STATE=getMsg HTTP/1.1" 200 27
124.79.245.154 - - [24/Nov/2022:11:26:23 +0800] "GET /xingrg/all/function/internal_message.html?_=1669260598709&CODE_STATE=getMsg HTTP/1.1" 200 27
180.169.147.146 - - [24/Nov/2022:11:26:24 +0800] "GET /xingrg/all/function/internal_message.html?_=1669260374686&CODE_STATE=getMsg HTTP/1.1" 200 27
180.171.171.75 - - [24/Nov/2022:11:26:25 +0800] "GET /xingrg/check_reg.html?_=1669260346097 HTTP/1.1" 200 22
180.171.171.75 - - [24/Nov/2022:11:26:25 +0800] "GET /xingrg/all/function/internal_message.html?_=1669260346098&CODE_STATE=getMsg HTTP/1.1" 200 27
101.85.106.255 - - [24/Nov/2022:11:26:28 +0800] "GET /xingrg/all/function/internal_message.html?_=1669260385051&CODE_STATE=getMsg HTTP/1.1" 200 27
180.158.0.157 - - [24/Nov/2022:11:26:32 +0800] "GET /xingrg/all/function/internal_message.html?_=1669260388582&CODE_STATE=getMsg HTTP/1.1" 302 -
180.158.0.157 - - [24/Nov/2022:11:26:32 +0800] "GET /xingrg/check_reg.html?_=1669260388585 HTTP/1.1" 302 -
180.171.171.75 - - [24/Nov/2022:11:26:33 +0800] "GET /xingrg/kc/buy/cgsh_order_operate.html?command=get_materiel&rest_code=00108&code=00102011014&supplier_code=00100151&order_time=2022-11-24 HTTP/1.1" 200 412
180.162.229.95 - - [24/Nov/2022:11:26:33 +0800] "GET /xingrg/all/function/internal_message.html?_=1669260390683&CODE_STATE=getMsg HTTP/1.1" 200 27
116.230.105.139 - - [24/Nov/2022:11:26:33 +0800] "GET /xingrg/all/function/internal_message.html?_=1669260373071&CODE_STATE=getMsg HTTP/1.1" 200 27
120.253.135.82 - - [24/Nov/2022:11:26:40 +0800] "GET /xingrg/check_reg.html?_=1669260198441 HTTP/1.1" 200 22
61.170.235.225 - - [24/Nov/2022:11:26:40 +0800] "GET /xingrg/all/function/internal_message.html?_=1669260401459&CODE_STATE=getMsg HTTP/1.1" 200 27
114.84.81.136 - - [24/Nov/2022:11:26:43 +0800] "GET /xingrg/check_reg.html?_=1669260401564 HTTP/1.1" 302 -
114.84.81.136 - - [24/Nov/2022:11:26:43 +0800] "GET /xingrg/login.html HTTP/1.1" 200 7641
180.171.171.75 - - [24/Nov/2022:11:26:51 +0800] "GET /xingrg/kc/buy/cgsh_order_operate.html?command=get_materiel&rest_code=00108&code=00102010166&supplier_code=00100151&order_time=2022-11-24 HTTP/1.1" 200 413
120.253.135.82 - - [24/Nov/2022:11:26:51 +0800] "GET /xingrg/all/function/internal_message.html?_=1669260209272&CODE_STATE=getMsg HTTP/1.1" 200 27
114.84.81.136 - - [24/Nov/2022:11:26:55 +0800] "GET /xingrg/all/function/internal_message.html?_=1669260417835&CODE_STATE=getMsg HTTP/1.1" 200 27
114.84.81.136 - - [24/Nov/2022:11:26:55 +0800] "GET /xingrg/check_reg.html?_=1669260417836 HTTP/1.1" 200 22
180.162.115.136 - - [24/Nov/2022:11:26:57 +0800] "GET /xingrg/all/function/internal_message.html?_=1669259453561&CODE_STATE=getMsg HTTP/1.1" 200 27
180.169.147.146 - - [24/Nov/2022:11:26:58 +0800] "GET /xingrg/all/function/internal_message.html?_=1669260412525&CODE_STATE=getMsg HTTP/1.1" 200 27
218.81.217.29 - - [24/Nov/2022:11:26:58 +0800] "GET /xingrg/check_reg.html?_=1669260429298 HTTP/1.1" 200 22
218.81.217.29 - - [24/Nov/2022:11:27:01 +0800] "GET /xingrg/all/function/internal_message.html?_=1669260432462&CODE_STATE=getMsg HTTP/1.1" 200 27
222.70.183.206 - - [24/Nov/2022:11:27:04 +0800] "GET /xingrg/all/function/internal_message.html?_=1669260418895&CODE_STATE=getMsg HTTP/1.1" 200 27
114.95.46.117 - - [24/Nov/2022:11:27:08 +0800] "GET /xingrg/all/function/internal_message.html?_=1669260273649&CODE_STATE=getMsg HTTP/1.1" 200 27
180.169.147.146 - - [24/Nov/2022:11:27:11 +0800] "GET /xingrg/all/function/internal_message.html?_=1669260427393&CODE_STATE=getMsg HTTP/1.1" 200 27
116.238.139.35 - - [24/Nov/2022:11:27:17 +0800] "GET /xingrg/all/function/internal_message.html?_=1669260434749&CODE_STATE=getMsg HTTP/1.1" 200 27
114.88.159.190 - - [24/Nov/2022:11:27:18 +0800] "GET /xingrg/all/function/internal_message.html?_=1669260039116&CODE_STATE=getMsg HTTP/1.1" 200 27
221.239.170.112 - - [24/Nov/2022:11:27:18 +0800] "GET /xingrg/all/function/internal_message.html?_=1669260434311&CODE_STATE=getMsg HTTP/1.1" 200 27
114.88.159.190 - - [24/Nov/2022:11:27:18 +0800] "GET /xingrg/check_reg.html?_=1669260039118 HTTP/1.1" 200 22
221.239.170.112 - - [24/Nov/2022:11:27:19 +0800] "GET /xingrg/check_reg.html?_=1669260434316 HTTP/1.1" 200 22
180.162.229.95 - - [24/Nov/2022:11:27:19 +0800] "GET /xingrg/all/function/internal_message.html?_=1669260438945&CODE_STATE=getMsg HTTP/1.1" 200 27
180.162.229.95 - - [24/Nov/2022:11:27:20 +0800] "GET /xingrg/kc/buy/cgsh_order_operate.html?command=get_materiel&rest_code=00102&code=00101001010&supplier_code=00100151&order_time=2022-11-24 HTTP/1.1" 200 409
124.79.245.154 - - [24/Nov/2022:11:27:23 +0800] "GET /xingrg/all/function/internal_message.html?_=1669260658708&CODE_STATE=getMsg HTTP/1.1" 200 27
180.169.147.146 - - [24/Nov/2022:11:27:24 +0800] "GET /xingrg/all/function/internal_message.html?_=1669260434669&CODE_STATE=getMsg HTTP/1.1" 200 27
180.171.171.75 - - [24/Nov/2022:11:27:25 +0800] "GET /xingrg/all/function/internal_message.html?_=1669260406099&CODE_STATE=getMsg HTTP/1.1" 200 27
101.85.106.255 - - [24/Nov/2022:11:27:28 +0800] "GET /xingrg/all/function/internal_message.html?_=1669260445051&CODE_STATE=getMsg HTTP/1.1" 200 27
221.239.170.112 - - [24/Nov/2022:11:27:29 +0800] "GET /xingrg/kc/buy/cgsh_order_operate.html?command=get_materiel&rest_code=00145&code=00101010262&supplier_code=00100017&order_time=2022-11-22 HTTP/1.1" 200 412
180.162.229.95 - - [24/Nov/2022:11:27:30 +0800] "GET /xingrg/kc/buy/cgsh_order_operate.html?command=get_materiel&rest_code=00102&code=00102001113&supplier_code=00100151&order_time=2022-11-24 HTTP/1.1" 200 408
180.158.0.157 - - [24/Nov/2022:11:27:32 +0800] "GET /xingrg/all/function/internal_message.html?_=1669260448589&CODE_STATE=getMsg HTTP/1.1" 302 -
180.171.171.75 - - [24/Nov/2022:11:27:32 +0800] "GET /xingrg/kc/buy/cgsh_order_operate.html?command=get_materiel&rest_code=00108&code=00102010828&supplier_code=00100151&order_time=2022-11-24 HTTP/1.1" 200 408
180.162.229.95 - - [24/Nov/2022:11:27:33 +0800] "GET /xingrg/all/function/internal_message.html?_=1669260450672&CODE_STATE=getMsg HTTP/1.1" 200 27
116.230.105.139 - - [24/Nov/2022:11:27:33 +0800] "GET /xingrg/all/function/internal_message.html?_=1669260433064&CODE_STATE=getMsg HTTP/1.1" 200 27
180.162.229.95 - - [24/Nov/2022:11:27:34 +0800] "GET /xingrg/check_reg.html?_=1669260452341 HTTP/1.1" 200 22
61.170.235.225 - - [24/Nov/2022:11:27:40 +0800] "GET /xingrg/all/function/internal_message.html?_=1669260461440&CODE_STATE=getMsg HTTP/1.1" 200 27
180.171.171.75 - - [24/Nov/2022:11:27:41 +0800] "GET /xingrg/kc/buy/cgsh_order_operate.html?command=get_materiel&rest_code=00108&code=00102010618&supplier_code=00100151&order_time=2022-11-24 HTTP/1.1" 200 408
221.239.170.112 - - [24/Nov/2022:11:27:48 +0800] "POST /xingrg/kc/buy/cgsh_order_operate.html HTTP/1.1" 200 37
221.239.170.112 - - [24/Nov/2022:11:27:49 +0800] "POST /xingrg/kc/buy/cgsh_order_operate.html HTTP/1.1" 200 5174
221.239.170.112 - - [24/Nov/2022:11:27:50 +0800] "GET /xingrg/kc/print/load_data.html?order_code=212022112408210&kc_code=cgsh&condition= HTTP/1.1" 200 1793
120.253.135.82 - - [24/Nov/2022:11:27:51 +0800] "GET /xingrg/all/function/internal_message.html?_=1669260269285&CODE_STATE=getMsg HTTP/1.1" 200 27
114.84.81.136 - - [24/Nov/2022:11:27:55 +0800] "GET /xingrg/all/function/internal_message.html?_=1669260477834&CODE_STATE=getMsg HTTP/1.1" 200 27
180.171.171.75 - - [24/Nov/2022:11:27:57 +0800] "GET /xingrg/kc/buy/cgsh_order_operate.html?command=get_materiel&rest_code=00108&code=00102016397&supplier_code=00100151&order_time=2022-11-24 HTTP/1.1" 200 417
180.162.115.136 - - [24/Nov/2022:11:27:57 +0800] "GET /xingrg/check_reg.html?_=1669259513577 HTTP/1.1" 200 22
180.162.115.136 - - [24/Nov/2022:11:27:57 +0800] "GET /xingrg/all/function/internal_message.html?_=1669259513580&CODE_STATE=getMsg HTTP/1.1" 200 27
180.169.147.146 - - [24/Nov/2022:11:27:58 +0800] "GET /xingrg/all/function/internal_message.html?_=1669260472524&CODE_STATE=getMsg HTTP/1.1" 200 27
221.239.170.112 - - [24/Nov/2022:11:27:59 +0800] "POST /xingrg/kc/buy/cgsh_list_operate.html HTTP/1.1" 200 1866
218.81.217.29 - - [24/Nov/2022:11:28:01 +0800] "GET /xingrg/all/function/internal_message.html?_=1669260492475&CODE_STATE=getMsg HTTP/1.1" 200 27
222.70.183.206 - - [24/Nov/2022:11:28:04 +0800] "GET /xingrg/all/function/internal_message.html?_=1669260478879&CODE_STATE=getMsg HTTP/1.1" 200 27
221.239.170.112 - - [24/Nov/2022:11:28:07 +0800] "GET /xingrg/kc/buy/cgsh_order_add.html HTTP/1.1" 200 68756
221.239.170.112 - - [24/Nov/2022:11:28:08 +0800] "POST /xingrg/kc/buy/cgsh_order_operate.html HTTP/1.1" 200 8245
221.239.170.112 - - [24/Nov/2022:11:28:08 +0800] "GET /xingrg/javascript/easyui/themes/default/validatebox.css HTTP/1.1" 404 1104
114.95.46.117 - - [24/Nov/2022:11:28:08 +0800] "GET /xingrg/all/function/internal_message.html?_=1669260333621&CODE_STATE=getMsg HTTP/1.1" 200 27
114.95.46.117 - - [24/Nov/2022:11:28:08 +0800] "GET /xingrg/check_reg.html?_=1669260333771 HTTP/1.1" 200 22
180.169.147.146 - - [24/Nov/2022:11:28:11 +0800] "GET /xingrg/all/function/internal_message.html?_=1669260487369&CODE_STATE=getMsg HTTP/1.1" 200 27
116.238.139.35 - - [24/Nov/2022:11:28:17 +0800] "GET /xingrg/all/function/internal_message.html?_=1669260494749&CODE_STATE=getMsg HTTP/1.1" 200 27
221.239.170.112 - - [24/Nov/2022:11:28:18 +0800] "GET /xingrg/kc/buy/cgsh_order_operate.html?command=get_materiel&rest_code=00145&code=00101006201&supplier_code=00100176&order_time=2022-11-22 HTTP/1.1" 200 405
114.88.159.190 - - [24/Nov/2022:11:28:18 +0800] "GET /xingrg/all/function/internal_message.html?_=1669260099117&CODE_STATE=getMsg HTTP/1.1" 200 27
221.239.170.112 - - [24/Nov/2022:11:28:18 +0800] "GET /xingrg/all/function/internal_message.html?_=1669260494312&CODE_STATE=getMsg HTTP/1.1" 200 27
180.162.229.95 - - [24/Nov/2022:11:28:19 +0800] "GET /xingrg/all/function/internal_message.html?_=1669260498946&CODE_STATE=getMsg HTTP/1.1" 200 27
124.79.245.154 - - [24/Nov/2022:11:28:23 +0800] "GET /xingrg/all/function/internal_message.html?_=1669260718709&CODE_STATE=getMsg HTTP/1.1" 200 27
124.79.245.154 - - [24/Nov/2022:11:28:23 +0800] "GET /xingrg/check_reg.html?_=1669260718707 HTTP/1.1" 200 22
180.169.147.146 - - [24/Nov/2022:11:28:24 +0800] "GET /xingrg/all/function/internal_message.html?_=1669260494653&CODE_STATE=getMsg HTTP/1.1" 200 27
180.169.147.146 - - [24/Nov/2022:11:28:24 +0800] "GET /xingrg/check_reg.html?_=1669260495138 HTTP/1.1" 200 22
221.239.170.112 - - [24/Nov/2022:11:28:25 +0800] "POST /xingrg/kc/buy/cgsh_order_operate.html HTTP/1.1" 200 37
180.171.171.75 - - [24/Nov/2022:11:28:25 +0800] "GET /xingrg/all/function/internal_message.html?_=1669260466099&CODE_STATE=getMsg HTTP/1.1" 200 27
101.85.106.255 - - [24/Nov/2022:11:28:28 +0800] "GET /xingrg/all/function/internal_message.html?_=1669260505053&CODE_STATE=getMsg HTTP/1.1" 200 27
180.158.0.157 - - [24/Nov/2022:11:28:32 +0800] "GET /xingrg/all/function/internal_message.html?_=1669260508589&CODE_STATE=getMsg HTTP/1.1" 302 -
180.162.229.95 - - [24/Nov/2022:11:28:33 +0800] "GET /xingrg/all/function/internal_message.html?_=1669260510657&CODE_STATE=getMsg HTTP/1.1" 200 27
116.230.105.139 - - [24/Nov/2022:11:28:33 +0800] "GET /xingrg/all/function/internal_message.html?_=1669260493067&CODE_STATE=getMsg HTTP/1.1" 200 27
116.230.105.139 - - [24/Nov/2022:11:28:33 +0800] "GET /xingrg/check_reg.html?_=1669260493068 HTTP/1.1" 200 22
61.170.235.225 - - [24/Nov/2022:11:28:40 +0800] "GET /xingrg/all/function/internal_message.html?_=1669260521422&CODE_STATE=getMsg HTTP/1.1" 200 27
180.169.147.146 - - [24/Nov/2022:11:28:46 +0800] "POST /xingrg/load_menu.html HTTP/1.1" 200 10483
180.169.147.146 - - [24/Nov/2022:11:28:47 +0800] "GET /xingrg/all/report/report_query.html?fileName=dma/new_5.0/yingye/yy_hz.xml&rw=1600 HTTP/1.1" 200 56155
180.169.147.146 - - [24/Nov/2022:11:28:47 +0800] "GET /xingrg/dwr/interface/AjaxReportQueryService.js HTTP/1.1" 200 13203
180.169.147.146 - - [24/Nov/2022:11:28:47 +0800] "GET /xingrg/dwr/util.js HTTP/1.1" 304 -
180.169.147.146 - - [24/Nov/2022:11:28:47 +0800] "GET /xingrg/dwr/engine.js HTTP/1.1" 200 43631
180.169.147.146 - - [24/Nov/2022:11:28:47 +0800] "POST /xingrg/dwr/call/plaincall/AjaxReportQueryService.getFixDate.dwr HTTP/1.1" 200 111
180.169.147.146 - - [24/Nov/2022:11:28:47 +0800] "POST /xingrg/all/common/load_tree.html?tree=area_station_tree_json&manage=1 HTTP/1.1" 200 1906
120.253.135.82 - - [24/Nov/2022:11:28:51 +0800] "GET /xingrg/all/function/internal_message.html?_=1669260329341&CODE_STATE=getMsg HTTP/1.1" 200 27
180.169.147.146 - - [24/Nov/2022:11:28:52 +0800] "POST /xingrg/dwr/call/plaincall/AjaxReportQueryService.getFixDate.dwr HTTP/1.1" 200 111
114.84.81.136 - - [24/Nov/2022:11:28:55 +0800] "GET /xingrg/all/function/internal_message.html?_=1669260537832&CODE_STATE=getMsg HTTP/1.1" 200 27
180.162.115.136 - - [24/Nov/2022:11:28:57 +0800] "GET /xingrg/all/function/internal_message.html?_=1669259573565&CODE_STATE=getMsg HTTP/1.1" 200 27
180.169.147.146 - - [24/Nov/2022:11:28:57 +0800] "GET /xingrg/javascript/jquery_easy_ui/themes/default/images/tree_checkbox_1.gif HTTP/1.1" 200 174
180.169.147.146 - - [24/Nov/2022:11:28:57 +0800] "GET /xingrg/javascript/jquery_easy_ui/themes/default/images/tree_checkbox_2.gif HTTP/1.1" 200 181
180.169.147.146 - - [24/Nov/2022:11:28:58 +0800] "GET /xingrg/all/function/internal_message.html?_=1669260532525&CODE_STATE=getMsg HTTP/1.1" 200 27
180.169.147.146 - - [24/Nov/2022:11:28:58 +0800] "POST /xingrg/dwr/call/plaincall/AjaxReportQueryService.refreshCache.dwr HTTP/1.1" 200 78
180.169.147.146 - - [24/Nov/2022:11:28:59 +0800] "POST /xingrg/all/report/load_report_page.html HTTP/1.1" 200 32841
180.169.147.146 - - [24/Nov/2022:11:28:59 +0800] "GET /xingrg/servlets/image?cache=0.09719960018574392&image=px HTTP/1.1" 200 807
218.81.217.29 - - [24/Nov/2022:11:29:01 +0800] "GET /xingrg/all/function/internal_message.html?_=1669260552662&CODE_STATE=getMsg HTTP/1.1" 200 27
222.70.183.206 - - [24/Nov/2022:11:29:04 +0800] "GET /xingrg/all/function/internal_message.html?_=1669260538889&CODE_STATE=getMsg HTTP/1.1" 200 27
114.95.46.117 - - [24/Nov/2022:11:29:08 +0800] "GET /xingrg/all/function/internal_message.html?_=1669260393609&CODE_STATE=getMsg HTTP/1.1" 200 27
180.169.147.146 - - [24/Nov/2022:11:29:11 +0800] "GET /xingrg/all/function/internal_message.html?_=1669260547359&CODE_STATE=getMsg HTTP/1.1" 200 27
116.238.139.35 - - [24/Nov/2022:11:29:17 +0800] "GET /xingrg/all/function/internal_message.html?_=1669260554751&CODE_STATE=getMsg HTTP/1.1" 200 27
114.88.159.190 - - [24/Nov/2022:11:29:18 +0800] "GET /xingrg/all/function/internal_message.html?_=1669260159115&CODE_STATE=getMsg HTTP/1.1" 200 27
180.162.229.95 - - [24/Nov/2022:11:29:19 +0800] "GET /xingrg/all/function/internal_message.html?_=1669260558944&CODE_STATE=getMsg HTTP/1.1" 200 27
180.169.147.146 - - [24/Nov/2022:11:29:21 +0800] "GET /xingrg/all/report/report_query.html?fileName=dma/new_5.0/menu/menu_category_hz.xml HTTP/1.1" 200 53064
180.169.147.146 - - [24/Nov/2022:11:29:21 +0800] "GET /xingrg/dwr/interface/AjaxReportQueryService.js HTTP/1.1" 200 13203
180.169.147.146 - - [24/Nov/2022:11:29:21 +0800] "GET /xingrg/dwr/engine.js HTTP/1.1" 200 43631
180.169.147.146 - - [24/Nov/2022:11:29:21 +0800] "POST /xingrg/dwr/call/plaincall/AjaxReportQueryService.getFixDate.dwr HTTP/1.1" 200 111
180.169.147.146 - - [24/Nov/2022:11:29:21 +0800] "POST /xingrg/all/common/load_tree.html?tree=area_station_tree_json&manage=1 HTTP/1.1" 200 1906
180.169.147.146 - - [24/Nov/2022:11:29:22 +0800] "GET /xingrg/all/report/report_query.html?fileName=dma/new_5.0/menu/menu_stca_hz.xml HTTP/1.1" 200 51418
180.169.147.146 - - [24/Nov/2022:11:29:22 +0800] "GET /xingrg/dwr/interface/AjaxReportQueryService.js HTTP/1.1" 200 13203
180.169.147.146 - - [24/Nov/2022:11:29:23 +0800] "GET /xingrg/dwr/engine.js HTTP/1.1" 200 43631
180.169.147.146 - - [24/Nov/2022:11:29:23 +0800] "POST /xingrg/dwr/call/plaincall/AjaxReportQueryService.getFixDate.dwr HTTP/1.1" 200 111
180.162.229.95 - - [24/Nov/2022:11:29:23 +0800] "GET /xingrg/kc/buy/cgsh_order_operate.html?command=get_materiel&rest_code=00102&code=00102001230&supplier_code=00100151&order_time=2022-11-24 HTTP/1.1" 200 407
124.79.245.154 - - [24/Nov/2022:11:29:23 +0800] "GET /xingrg/all/function/internal_message.html?_=1669260778708&CODE_STATE=getMsg HTTP/1.1" 200 27
180.169.147.146 - - [24/Nov/2022:11:29:23 +0800] "POST /xingrg/all/common/load_tree.html?tree=area_station_tree_json&manage=1 HTTP/1.1" 200 1906
180.169.147.146 - - [24/Nov/2022:11:29:24 +0800] "GET /xingrg/all/function/internal_message.html?_=1669260554638&CODE_STATE=getMsg HTTP/1.1" 200 27
180.171.171.75 - - [24/Nov/2022:11:29:25 +0800] "GET /xingrg/all/function/internal_message.html?_=1669260526103&CODE_STATE=getMsg HTTP/1.1" 200 27
101.85.106.255 - - [24/Nov/2022:11:29:28 +0800] "GET /xingrg/all/function/internal_message.html?_=1669260565053&CODE_STATE=getMsg HTTP/1.1" 200 27
180.169.147.146 - - [24/Nov/2022:11:29:29 +0800] "POST /xingrg/dwr/call/plaincall/AjaxReportQueryService.refreshCache.dwr HTTP/1.1" 200 78
180.169.147.146 - - [24/Nov/2022:11:29:30 +0800] "POST /xingrg/all/report/load_report_page.html HTTP/1.1" 200 58895
180.169.147.146 - - [24/Nov/2022:11:29:30 +0800] "GET /xingrg/servlets/image?cache=0.24433337938505129&image=px HTTP/1.1" 200 807
221.239.170.112 - - [24/Nov/2022:11:29:30 +0800] "POST /xingrg/kc/buy/cgsh_order_operate.html HTTP/1.1" 200 2651
180.158.0.157 - - [24/Nov/2022:11:29:32 +0800] "GET /xingrg/all/function/internal_message.html?_=1669260568592&CODE_STATE=getMsg HTTP/1.1" 302 -
180.162.229.95 - - [24/Nov/2022:11:29:33 +0800] "GET /xingrg/all/function/internal_message.html?_=1669260570631&CODE_STATE=getMsg HTTP/1.1" 200 27
221.239.170.112 - - [24/Nov/2022:11:29:33 +0800] "GET /xingrg/kc/print/load_data.html?order_code=212022112408211&kc_code=cgsh&condition= HTTP/1.1" 200 681
116.230.105.139 - - [24/Nov/2022:11:29:33 +0800] "GET /xingrg/all/function/internal_message.html?_=1669260553066&CODE_STATE=getMsg HTTP/1.1" 200 27
221.239.170.112 - - [24/Nov/2022:11:29:36 +0800] "GET /xingrg/kc/buy/cgsh_order_add.html HTTP/1.1" 200 68756
221.239.170.112 - - [24/Nov/2022:11:29:37 +0800] "POST /xingrg/kc/buy/cgsh_order_operate.html HTTP/1.1" 200 8245
221.239.170.112 - - [24/Nov/2022:11:29:37 +0800] "GET /xingrg/javascript/easyui/themes/default/validatebox.css HTTP/1.1" 404 1104
61.170.235.225 - - [24/Nov/2022:11:29:40 +0800] "GET /xingrg/all/function/internal_message.html?_=1669260581392&CODE_STATE=getMsg HTTP/1.1" 200 27
221.239.170.112 - - [24/Nov/2022:11:29:49 +0800] "GET /xingrg/kc/buy/cgsh_order_operate.html?command=get_materiel&rest_code=00145&code=00101011001&supplier_code=00100047&order_time=2022-11-22 HTTP/1.1" 200 423
120.253.135.82 - - [24/Nov/2022:11:29:51 +0800] "GET /xingrg/all/function/internal_message.html?_=1669260389344&CODE_STATE=getMsg HTTP/1.1" 200 27
114.84.81.136 - - [24/Nov/2022:11:29:55 +0800] "GET /xingrg/all/function/internal_message.html?_=1669260597846&CODE_STATE=getMsg HTTP/1.1" 200 27
221.239.170.112 - - [24/Nov/2022:11:29:56 +0800] "POST /xingrg/kc/buy/cgsh_order_operate.html HTTP/1.1" 200 37
180.162.115.136 - - [24/Nov/2022:11:29:57 +0800] "GET /xingrg/all/function/internal_message.html?_=1669259633564&CODE_STATE=getMsg HTTP/1.1" 200 27
180.169.147.146 - - [24/Nov/2022:11:29:58 +0800] "GET /xingrg/all/function/internal_message.html?_=1669260592526&CODE_STATE=getMsg HTTP/1.1" 200 27
221.239.170.112 - - [24/Nov/2022:11:29:58 +0800] "POST /xingrg/kc/buy/cgsh_order_operate.html HTTP/1.1" 200 2666
221.239.170.112 - - [24/Nov/2022:11:29:59 +0800] "GET /xingrg/kc/print/load_data.html?order_code=212022112408212&kc_code=cgsh&condition= HTTP/1.1" 200 733
218.81.217.29 - - [24/Nov/2022:11:30:01 +0800] "GET /xingrg/all/function/internal_message.html?_=1669260612673&CODE_STATE=getMsg HTTP/1.1" 200 27
221.239.170.112 - - [24/Nov/2022:11:30:02 +0800] "GET /xingrg/kc/buy/cgsh_order_add.html HTTP/1.1" 200 68756
221.239.170.112 - - [24/Nov/2022:11:30:03 +0800] "POST /xingrg/kc/buy/cgsh_order_operate.html HTTP/1.1" 200 8245
221.239.170.112 - - [24/Nov/2022:11:30:03 +0800] "GET /xingrg/javascript/easyui/themes/default/validatebox.css HTTP/1.1" 404 1104
222.70.183.206 - - [24/Nov/2022:11:30:04 +0800] "GET /xingrg/all/function/internal_message.html?_=1669260598873&CODE_STATE=getMsg HTTP/1.1" 200 27
222.70.183.206 - - [24/Nov/2022:11:30:06 +0800] "GET /xingrg/check_reg.html?_=1669260601262 HTTP/1.1" 200 22
114.95.46.117 - - [24/Nov/2022:11:30:08 +0800] "GET /xingrg/all/function/internal_message.html?_=1669260453599&CODE_STATE=getMsg HTTP/1.1" 200 27
180.169.147.146 - - [24/Nov/2022:11:30:11 +0800] "GET /xingrg/all/function/internal_message.html?_=1669260607339&CODE_STATE=getMsg HTTP/1.1" 200 27
116.238.139.35 - - [24/Nov/2022:11:30:17 +0800] "GET /xingrg/all/function/internal_message.html?_=1669260614750&CODE_STATE=getMsg HTTP/1.1" 200 27
221.239.170.112 - - [24/Nov/2022:11:30:17 +0800] "GET /xingrg/kc/buy/cgsh_order_operate.html?command=get_materiel&rest_code=00145&code=00101008361&supplier_code=00100556&order_time=2022-11-22 HTTP/1.1" 200 408
114.88.159.190 - - [24/Nov/2022:11:30:18 +0800] "GET /xingrg/all/function/internal_message.html?_=1669260219142&CODE_STATE=getMsg HTTP/1.1" 200 27
221.239.170.112 - - [24/Nov/2022:11:30:19 +0800] "GET /xingrg/all/function/internal_message.html?_=1669260614357&CODE_STATE=getMsg HTTP/1.1" 200 27
180.162.229.95 - - [24/Nov/2022:11:30:19 +0800] "GET /xingrg/all/function/internal_message.html?_=1669260618949&CODE_STATE=getMsg HTTP/1.1" 200 27
180.162.229.95 - - [24/Nov/2022:11:30:19 +0800] "GET /xingrg/check_reg.html?_=1669260618964 HTTP/1.1" 200 22
124.79.245.154 - - [24/Nov/2022:11:30:23 +0800] "GET /xingrg/all/function/internal_message.html?_=1669260838706&CODE_STATE=getMsg HTTP/1.1" 200 27
180.169.147.146 - - [24/Nov/2022:11:30:24 +0800] "GET /xingrg/all/function/internal_message.html?_=1669260614621&CODE_STATE=getMsg HTTP/1.1" 200 27
180.171.171.75 - - [24/Nov/2022:11:30:25 +0800] "GET /xingrg/all/function/internal_message.html?_=1669260586098&CODE_STATE=getMsg HTTP/1.1" 200 27
101.85.106.255 - - [24/Nov/2022:11:30:28 +0800] "GET /xingrg/all/function/internal_message.html?_=1669260625053&CODE_STATE=getMsg HTTP/1.1" 200 27
101.85.106.255 - - [24/Nov/2022:11:30:28 +0800] "GET /xingrg/check_reg.html?_=1669260625055 HTTP/1.1" 200 22
180.158.0.157 - - [24/Nov/2022:11:30:32 +0800] "GET /xingrg/all/function/internal_message.html?_=1669260628581&CODE_STATE=getMsg HTTP/1.1" 302 -
180.162.229.95 - - [24/Nov/2022:11:30:33 +0800] "GET /xingrg/all/function/internal_message.html?_=1669260630614&CODE_STATE=getMsg HTTP/1.1" 200 27
116.230.105.139 - - [24/Nov/2022:11:30:33 +0800] "GET /xingrg/all/function/internal_message.html?_=1669260613066&CODE_STATE=getMsg HTTP/1.1" 200 27
221.239.170.112 - - [24/Nov/2022:11:30:38 +0800] "GET /xingrg/kc/buy/cgsh_order_operate.html?command=get_materiel&rest_code=00145&code=00101008005&supplier_code=00100556&order_time=2022-11-22 HTTP/1.1" 200 412
61.170.235.225 - - [24/Nov/2022:11:30:40 +0800] "GET /xingrg/all/function/internal_message.html?_=1669260641372&CODE_STATE=getMsg HTTP/1.1" 200 27
61.170.235.225 - - [24/Nov/2022:11:30:40 +0800] "GET /xingrg/check_reg.html?_=1669260641498 HTTP/1.1" 200 22
221.239.170.112 - - [24/Nov/2022:11:30:45 +0800] "GET /xingrg/kc/buy/cgsh_order_operate.html?command=get_materiel&rest_code=00145&code=00101008108&supplier_code=00100556&order_time=2022-11-22 HTTP/1.1" 200 412
120.253.135.82 - - [24/Nov/2022:11:30:51 +0800] "GET /xingrg/all/function/internal_message.html?_=1669260449400&CODE_STATE=getMsg HTTP/1.1" 200 27
221.239.170.112 - - [24/Nov/2022:11:30:53 +0800] "GET /xingrg/kc/buy/cgsh_order_operate.html?command=get_materiel&rest_code=00145&code=00101008247&supplier_code=00100556&order_time=2022-11-22 HTTP/1.1" 200 412
114.84.81.136 - - [24/Nov/2022:11:30:55 +0800] "GET /xingrg/all/function/internal_message.html?_=1669260657844&CODE_STATE=getMsg HTTP/1.1" 200 27
180.162.115.136 - - [24/Nov/2022:11:30:57 +0800] "GET /xingrg/all/function/internal_message.html?_=1669259693565&CODE_STATE=getMsg HTTP/1.1" 200 27
180.169.147.146 - - [24/Nov/2022:11:30:58 +0800] "GET /xingrg/check_reg.html?_=1669260652524 HTTP/1.1" 200 22
180.169.147.146 - - [24/Nov/2022:11:30:58 +0800] "GET /xingrg/all/function/internal_message.html?_=1669260652528&CODE_STATE=getMsg HTTP/1.1" 200 27
180.169.147.146 - - [24/Nov/2022:11:31:01 +0800] "GET /xingrg/javascript/jquery_easy_ui/themes/default/images/tabs_active.png HTTP/1.1" 200 2894
218.81.217.29 - - [24/Nov/2022:11:31:02 +0800] "GET /xingrg/all/function/internal_message.html?_=1669260672847&CODE_STATE=getMsg HTTP/1.1" 200 27
221.239.170.112 - - [24/Nov/2022:11:31:03 +0800] "GET /xingrg/kc/buy/cgsh_order_operate.html?command=get_materiel&rest_code=00145&code=00101008355&supplier_code=00100556&order_time=2022-11-22 HTTP/1.1" 200 408
222.70.183.206 - - [24/Nov/2022:11:31:04 +0800] "GET /xingrg/all/function/internal_message.html?_=1669260658843&CODE_STATE=getMsg HTTP/1.1" 200 27
180.169.147.146 - - [24/Nov/2022:11:31:04 +0800] "GET /xingrg/kc/report/report_main.html HTTP/1.1" 200 7340
180.169.147.146 - - [24/Nov/2022:11:31:06 +0800] "GET /xingrg/kc/base/crk_hz.html HTTP/1.1" 200 11247
180.169.147.146 - - [24/Nov/2022:11:31:06 +0800] "GET /xingrg/css/table.css HTTP/1.1" 200 3684
180.169.147.146 - - [24/Nov/2022:11:31:06 +0800] "GET /xingrg/javascript/step/step.css HTTP/1.1" 200 999
180.169.147.146 - - [24/Nov/2022:11:31:06 +0800] "POST /xingrg/kc/cost/cost_operate.html?command=get_base_tree HTTP/1.1" 200 2583
180.169.147.146 - - [24/Nov/2022:11:31:06 +0800] "POST /xingrg/all/common/load_tree.html?tree=materiel_sort_tree_json HTTP/1.1" 200 9500
180.169.147.146 - - [24/Nov/2022:11:31:06 +0800] "GET /xingrg/javascript/jquery_easy_ui/themes/default/images/calendar_prevmonth.gif HTTP/1.1" 200 66
180.169.147.146 - - [24/Nov/2022:11:31:06 +0800] "GET /xingrg/javascript/jquery_easy_ui/themes/default/images/calendar_nextyear.gif HTTP/1.1" 200 75
180.169.147.146 - - [24/Nov/2022:11:31:06 +0800] "GET /xingrg/javascript/jquery_easy_ui/themes/default/images/calendar_prevyear.gif HTTP/1.1" 200 76
180.169.147.146 - - [24/Nov/2022:11:31:07 +0800] "GET /xingrg/javascript/jquery_easy_ui/themes/default/images/calendar_nextmonth.gif HTTP/1.1" 200 64
180.169.147.146 - - [24/Nov/2022:11:31:07 +0800] "GET /xingrg/javascript/jquery_easy_ui/themes/icons/search.png HTTP/1.1" 200 813
114.95.46.117 - - [24/Nov/2022:11:31:08 +0800] "GET /xingrg/all/function/internal_message.html?_=1669260513589&CODE_STATE=getMsg HTTP/1.1" 200 27
180.169.147.146 - - [24/Nov/2022:11:31:11 +0800] "GET /xingrg/all/function/internal_message.html?_=1669260667334&CODE_STATE=getMsg HTTP/1.1" 200 27
180.169.147.146 - - [24/Nov/2022:11:31:11 +0800] "GET /xingrg/check_reg.html?_=1669260667410 HTTP/1.1" 200 22
221.239.170.112 - - [24/Nov/2022:11:31:13 +0800] "GET /xingrg/kc/buy/cgsh_order_operate.html?command=get_materiel&rest_code=00145&code=00101008024&supplier_code=00100556&order_time=2022-11-22 HTTP/1.1" 200 408
116.238.139.35 - - [24/Nov/2022:11:31:17 +0800] "GET /xingrg/check_reg.html?_=1669260674751 HTTP/1.1" 200 22
116.238.139.35 - - [24/Nov/2022:11:31:17 +0800] "GET /xingrg/all/function/internal_message.html?_=1669260674754&CODE_STATE=getMsg HTTP/1.1" 200 27
114.88.159.190 - - [24/Nov/2022:11:31:18 +0800] "GET /xingrg/all/function/internal_message.html?_=1669260279140&CODE_STATE=getMsg HTTP/1.1" 200 27
221.239.170.112 - - [24/Nov/2022:11:31:19 +0800] "GET /xingrg/all/function/internal_message.html?_=1669260674337&CODE_STATE=getMsg HTTP/1.1" 200 27
180.162.229.95 - - [24/Nov/2022:11:31:19 +0800] "GET /xingrg/all/function/internal_message.html?_=1669260678950&CODE_STATE=getMsg HTTP/1.1" 200 27
124.79.245.154 - - [24/Nov/2022:11:31:23 +0800] "GET /xingrg/all/function/internal_message.html?_=1669260898704&CODE_STATE=getMsg HTTP/1.1" 200 27
221.239.170.112 - - [24/Nov/2022:11:31:23 +0800] "GET /xingrg/kc/buy/cgsh_order_operate.html?command=get_materiel&rest_code=00145&code=00101008321&supplier_code=00100556&order_time=2022-11-22 HTTP/1.1" 200 412
120.253.135.82 - - [24/Nov/2022:11:31:23 +0800] "GET /xingrg/kc/pszx/mdqp_order_list.html?state=10 HTTP/1.1" 200 10275
120.253.135.82 - - [24/Nov/2022:11:31:24 +0800] "GET /xingrg/dwr/interface/AjaxQqpsService.js HTTP/1.1" 200 16326
120.253.135.82 - - [24/Nov/2022:11:31:24 +0800] "GET /xingrg/dwr/interface/AjaxReportQueryService.js HTTP/1.1" 200 13203
180.169.147.146 - - [24/Nov/2022:11:31:24 +0800] "GET /xingrg/all/function/internal_message.html?_=1669260674605&CODE_STATE=getMsg HTTP/1.1" 200 27
