221.239.170.112 - - [24/Nov/2022:11:17:19 +0800] "GET /xingrg/all/function/internal_message.html?_=1669259834331&CODE_STATE=getMsg HTTP/1.1" 200 27
221.239.170.112 - - [24/Nov/2022:11:17:19 +0800] "GET /xingrg/check_reg.html?_=1669259834337 HTTP/1.1" 200 22
61.170.235.225 - - [24/Nov/2022:11:17:19 +0800] "GET /xingrg/javascript/easyui/themes/default/tree.css HTTP/1.1" 404 1090
61.170.235.225 - - [24/Nov/2022:11:17:19 +0800] "POST /xingrg/all/common/load_tree.html?tree=supplier_tree_json&isDelete=1 HTTP/1.1" 200 70260
180.169.147.146 - - [24/Nov/2022:11:17:19 +0800] "POST /xingrg/kc/buy/cgsh_list_operate.html HTTP/1.1" 200 6018
124.79.245.154 - - [24/Nov/2022:11:17:23 +0800] "GET /xingrg/all/function/internal_message.html?_=1669260058692&CODE_STATE=getMsg HTTP/1.1" 200 27
180.169.147.146 - - [24/Nov/2022:11:17:24 +0800] "GET /xingrg/all/function/internal_message.html?_=1669259834756&CODE_STATE=getMsg HTTP/1.1" 200 27
180.171.171.75 - - [24/Nov/2022:11:17:25 +0800] "GET /xingrg/all/function/internal_message.html?_=1669259806095&CODE_STATE=getMsg HTTP/1.1" 200 27
180.169.147.146 - - [24/Nov/2022:11:17:27 +0800] "POST /xingrg/kc/buy/cgsh_list_operate.html HTTP/1.1" 200 4712
101.85.106.255 - - [24/Nov/2022:11:17:28 +0800] "GET /xingrg/all/function/internal_message.html?_=1669259845046&CODE_STATE=getMsg HTTP/1.1" 200 27
180.158.0.157 - - [24/Nov/2022:11:17:32 +0800] "GET /xingrg/all/function/internal_message.html?_=1669259848579&CODE_STATE=getMsg HTTP/1.1" 302 -
61.170.235.225 - - [24/Nov/2022:11:17:32 +0800] "GET /xingrg/kc/buy/cgsh_order_operate.html?command=get_materiel&rest_code=00106&code=00101016025&supplier_code=00100032&order_time=2022-11-24 HTTP/1.1" 200 408
180.169.147.146 - - [24/Nov/2022:11:17:32 +0800] "POST /xingrg/kc/buy/cgsh_list_operate.html HTTP/1.1" 200 6150
180.162.229.95 - - [24/Nov/2022:11:17:33 +0800] "GET /xingrg/all/function/internal_message.html?_=1669259850811&CODE_STATE=getMsg HTTP/1.1" 200 27
116.230.105.139 - - [24/Nov/2022:11:17:33 +0800] "GET /xingrg/all/function/internal_message.html?_=1669259833059&CODE_STATE=getMsg HTTP/1.1" 200 27
180.162.229.95 - - [24/Nov/2022:11:17:34 +0800] "GET /xingrg/check_reg.html?_=1669259852351 HTTP/1.1" 200 22
180.169.147.146 - - [24/Nov/2022:11:17:36 +0800] "POST /xingrg/kc/buy/cgsh_list_operate.html HTTP/1.1" 200 198
180.169.147.146 - - [24/Nov/2022:11:17:36 +0800] "GET /xingrg/kc/buy/cgsh_order_info.html?code=212022112408207 HTTP/1.1" 200 69573
180.169.147.146 - - [24/Nov/2022:11:17:36 +0800] "GET /xingrg/javascript/easyui/themes/default/validatebox.css HTTP/1.1" 404 1104
180.169.147.146 - - [24/Nov/2022:11:17:37 +0800] "POST /xingrg/kc/buy/cgsh_order_operate.html HTTP/1.1" 200 2656
61.170.235.225 - - [24/Nov/2022:11:17:40 +0800] "GET /xingrg/all/function/internal_message.html?_=1669259861495&CODE_STATE=getMsg HTTP/1.1" 200 27
61.170.235.225 - - [24/Nov/2022:11:17:41 +0800] "GET /xingrg/kc/buy/cgsh_order_operate.html?command=get_materiel&rest_code=00106&code=00101010161&supplier_code=00100032&order_time=2022-11-24 HTTP/1.1" 200 409
114.95.46.117 - - [24/Nov/2022:11:17:44 +0800] "POST /xingrg/kc/base/wldb_list_operate.html HTTP/1.1" 200 279
114.95.46.117 - - [24/Nov/2022:11:17:46 +0800] "GET /xingrg/kc/base/wldb_order_info.html?code=422022112401931 HTTP/1.1" 200 30401
114.95.46.117 - - [24/Nov/2022:11:17:46 +0800] "GET /xingrg/javascript/easyui/themes/default/validatebox.css HTTP/1.1" 404 1104
114.95.46.117 - - [24/Nov/2022:11:17:47 +0800] "POST /xingrg/kc/base/wldb_order_operate.html HTTP/1.1" 200 2661
180.169.147.146 - - [24/Nov/2022:11:17:50 +0800] "GET /xingrg/all/function/internal_message.html?_=1669259866170&CODE_STATE=getMsg HTTP/1.1" 200 27
120.253.135.82 - - [24/Nov/2022:11:17:51 +0800] "GET /xingrg/all/function/internal_message.html?_=1669259668994&CODE_STATE=getMsg HTTP/1.1" 200 27
114.84.81.136 - - [24/Nov/2022:11:17:55 +0800] "GET /xingrg/all/function/internal_message.html?_=1669259877818&CODE_STATE=getMsg HTTP/1.1" 200 27
180.162.115.136 - - [24/Nov/2022:11:17:57 +0800] "GET /xingrg/all/function/internal_message.html?_=1669258913533&CODE_STATE=getMsg HTTP/1.1" 200 27
180.162.115.136 - - [24/Nov/2022:11:17:57 +0800] "GET /xingrg/check_reg.html?_=1669258913536 HTTP/1.1" 200 22
180.169.147.146 - - [24/Nov/2022:11:17:58 +0800] "GET /xingrg/all/function/internal_message.html?_=1669259872529&CODE_STATE=getMsg HTTP/1.1" 200 27
114.95.46.117 - - [24/Nov/2022:11:18:00 +0800] "GET /xingrg/kc/base/wldb_order_operate.html?command=get_materiel&rest_code=00105&base_code=0010507&code=00101012077 HTTP/1.1" 200 436
218.81.217.29 - - [24/Nov/2022:11:18:01 +0800] "GET /xingrg/all/function/internal_message.html?_=1669259891856&CODE_STATE=getMsg HTTP/1.1" 200 27
222.70.183.206 - - [24/Nov/2022:11:18:04 +0800] "GET /xingrg/all/function/internal_message.html?_=1669259879071&CODE_STATE=getMsg HTTP/1.1" 200 27
180.169.147.146 - - [24/Nov/2022:11:18:06 +0800] "POST /xingrg/kc/buy/cgsh_list_operate.html HTTP/1.1" 200 6150
180.171.171.75 - - [24/Nov/2022:11:18:09 +0800] "GET /xingrg/kc/buy/cgsh_order_operate.html?command=get_materiel&rest_code=00108&code=00102001174&supplier_code=00100151&order_time=2022-11-24 HTTP/1.1" 200 405
114.95.46.117 - - [24/Nov/2022:11:18:09 +0800] "POST /xingrg/kc/base/wldb_order_operate.html HTTP/1.1" 200 37
114.95.46.117 - - [24/Nov/2022:11:18:09 +0800] "POST /xingrg/kc/base/wldb_order_operate.html HTTP/1.1" 200 3135
114.95.46.117 - - [24/Nov/2022:11:18:10 +0800] "GET /xingrg/kc/base/wldb_order_info.html?code=422022112401931 HTTP/1.1" 200 30401
114.95.46.117 - - [24/Nov/2022:11:18:11 +0800] "GET /xingrg/javascript/easyui/themes/default/validatebox.css HTTP/1.1" 404 1104
114.95.46.117 - - [24/Nov/2022:11:18:11 +0800] "POST /xingrg/kc/base/wldb_order_operate.html HTTP/1.1" 200 3135
116.238.139.35 - - [24/Nov/2022:11:18:17 +0800] "GET /xingrg/all/function/internal_message.html?_=1669259894534&CODE_STATE=getMsg HTTP/1.1" 200 27
114.88.159.190 - - [24/Nov/2022:11:18:18 +0800] "GET /xingrg/all/function/internal_message.html?_=1669259499095&CODE_STATE=getMsg HTTP/1.1" 200 27
221.239.170.112 - - [24/Nov/2022:11:18:18 +0800] "GET /xingrg/all/function/internal_message.html?_=1669259894276&CODE_STATE=getMsg HTTP/1.1" 200 27
221.239.170.112 - - [24/Nov/2022:11:18:19 +0800] "POST /xingrg/kc/buy/cgsh_list_operate.html HTTP/1.1" 200 4
180.169.147.146 - - [24/Nov/2022:11:18:21 +0800] "POST /xingrg/kc/buy/cgsh_list_operate.html HTTP/1.1" 200 4712
221.239.170.112 - - [24/Nov/2022:11:18:22 +0800] "POST /xingrg/kc/buy/cgsh_list_operate.html HTTP/1.1" 200 986
124.79.245.154 - - [24/Nov/2022:11:18:23 +0800] "GET /xingrg/check_reg.html?_=1669260118674 HTTP/1.1" 200 22
124.79.245.154 - - [24/Nov/2022:11:18:23 +0800] "GET /xingrg/all/function/internal_message.html?_=1669260118676&CODE_STATE=getMsg HTTP/1.1" 200 27
180.169.147.146 - - [24/Nov/2022:11:18:24 +0800] "GET /xingrg/all/function/internal_message.html?_=1669259894753&CODE_STATE=getMsg HTTP/1.1" 200 27
180.169.147.146 - - [24/Nov/2022:11:18:24 +0800] "POST /xingrg/kc/buy/cgsh_list_operate.html HTTP/1.1" 200 351
180.169.147.146 - - [24/Nov/2022:11:18:24 +0800] "GET /xingrg/check_reg.html?_=1669259895132 HTTP/1.1" 200 22
180.169.147.146 - - [24/Nov/2022:11:18:24 +0800] "GET /xingrg/kc/buy/cgsh_order_info.html?code=212022111605450 HTTP/1.1" 200 69563
180.169.147.146 - - [24/Nov/2022:11:18:24 +0800] "GET /xingrg/javascript/easyui/themes/default/validatebox.css HTTP/1.1" 404 1104
180.169.147.146 - - [24/Nov/2022:11:18:25 +0800] "POST /xingrg/kc/buy/cgsh_order_operate.html HTTP/1.1" 200 3842
180.171.171.75 - - [24/Nov/2022:11:18:25 +0800] "GET /xingrg/all/function/internal_message.html?_=1669259866098&CODE_STATE=getMsg HTTP/1.1" 200 27
101.85.106.255 - - [24/Nov/2022:11:18:28 +0800] "GET /xingrg/all/function/internal_message.html?_=1669259905046&CODE_STATE=getMsg HTTP/1.1" 200 27
61.170.235.225 - - [24/Nov/2022:11:18:30 +0800] "GET /xingrg/kc/buy/cgsh_order_operate.html?command=get_materiel&rest_code=00106&code=00101012024&supplier_code=00100032&order_time=2022-11-24 HTTP/1.1" 200 408
180.158.0.157 - - [24/Nov/2022:11:18:32 +0800] "GET /xingrg/all/function/internal_message.html?_=1669259908595&CODE_STATE=getMsg HTTP/1.1" 302 -
180.162.229.95 - - [24/Nov/2022:11:18:33 +0800] "GET /xingrg/all/function/internal_message.html?_=1669259910792&CODE_STATE=getMsg HTTP/1.1" 200 27
116.230.105.139 - - [24/Nov/2022:11:18:33 +0800] "GET /xingrg/all/function/internal_message.html?_=1669259893068&CODE_STATE=getMsg HTTP/1.1" 200 27
116.230.105.139 - - [24/Nov/2022:11:18:33 +0800] "GET /xingrg/check_reg.html?_=1669259893070 HTTP/1.1" 200 22
61.170.235.225 - - [24/Nov/2022:11:18:40 +0800] "GET /xingrg/all/function/internal_message.html?_=1669259921520&CODE_STATE=getMsg HTTP/1.1" 200 27
180.169.147.146 - - [24/Nov/2022:11:18:50 +0800] "GET /xingrg/all/function/internal_message.html?_=1669259926176&CODE_STATE=getMsg HTTP/1.1" 200 27
120.253.135.82 - - [24/Nov/2022:11:18:51 +0800] "GET /xingrg/all/function/internal_message.html?_=1669259729057&CODE_STATE=getMsg HTTP/1.1" 200 27
114.84.81.136 - - [24/Nov/2022:11:18:55 +0800] "GET /xingrg/all/function/internal_message.html?_=1669259937807&CODE_STATE=getMsg HTTP/1.1" 200 27
61.170.235.225 - - [24/Nov/2022:11:18:57 +0800] "GET /xingrg/kc/buy/cgsh_order_operate.html?command=get_materiel&rest_code=00106&code=00101012051&supplier_code=00100032&order_time=2022-11-24 HTTP/1.1" 200 408
180.162.115.136 - - [24/Nov/2022:11:18:57 +0800] "GET /xingrg/all/function/internal_message.html?_=1669258973544&CODE_STATE=getMsg HTTP/1.1" 200 27
180.169.147.146 - - [24/Nov/2022:11:18:58 +0800] "GET /xingrg/all/function/internal_message.html?_=1669259932528&CODE_STATE=getMsg HTTP/1.1" 200 27
218.81.217.29 - - [24/Nov/2022:11:19:01 +0800] "GET /xingrg/all/function/internal_message.html?_=1669259951868&CODE_STATE=getMsg HTTP/1.1" 200 27
222.70.183.206 - - [24/Nov/2022:11:19:04 +0800] "GET /xingrg/all/function/internal_message.html?_=1669259939050&CODE_STATE=getMsg HTTP/1.1" 200 27
114.95.46.117 - - [24/Nov/2022:11:19:08 +0800] "GET /xingrg/all/function/internal_message.html?_=1669259793769&CODE_STATE=getMsg HTTP/1.1" 200 27
61.170.235.225 - - [24/Nov/2022:11:19:15 +0800] "GET /xingrg/kc/buy/cgsh_order_operate.html?command=get_materiel&rest_code=00106&code=00101012029&supplier_code=00100032&order_time=2022-11-24 HTTP/1.1" 200 412
180.171.171.75 - - [24/Nov/2022:11:19:16 +0800] "GET /xingrg/kc/buy/cgsh_order_operate.html?command=get_materiel&rest_code=00108&code=00102010483&supplier_code=00100151&order_time=2022-11-24 HTTP/1.1" 200 414
116.238.139.35 - - [24/Nov/2022:11:19:17 +0800] "GET /xingrg/all/function/internal_message.html?_=1669259954535&CODE_STATE=getMsg HTTP/1.1" 200 27
114.88.159.190 - - [24/Nov/2022:11:19:18 +0800] "GET /xingrg/all/function/internal_message.html?_=1669259559094&CODE_STATE=getMsg HTTP/1.1" 200 27
221.239.170.112 - - [24/Nov/2022:11:19:18 +0800] "GET /xingrg/all/function/internal_message.html?_=1669259954314&CODE_STATE=getMsg HTTP/1.1" 200 27
114.95.46.117 - - [24/Nov/2022:11:19:21 +0800] "GET /xingrg/kc/base/wldb_order_add.html HTTP/1.1" 200 30384
114.95.46.117 - - [24/Nov/2022:11:19:21 +0800] "POST /xingrg/kc/base/wldb_order_operate.html HTTP/1.1" 200 6806
114.95.46.117 - - [24/Nov/2022:11:19:22 +0800] "GET /xingrg/javascript/easyui/themes/default/validatebox.css HTTP/1.1" 404 1104
124.79.245.154 - - [24/Nov/2022:11:19:23 +0800] "GET /xingrg/all/function/internal_message.html?_=1669260178678&CODE_STATE=getMsg HTTP/1.1" 200 27
180.169.147.146 - - [24/Nov/2022:11:19:24 +0800] "GET /xingrg/all/function/internal_message.html?_=1669259954735&CODE_STATE=getMsg HTTP/1.1" 200 27
61.170.235.225 - - [24/Nov/2022:11:19:24 +0800] "GET /xingrg/kc/buy/cgsh_order_operate.html?command=get_materiel&rest_code=00106&code=00101005037&supplier_code=00100032&order_time=2022-11-24 HTTP/1.1" 200 409
180.171.171.75 - - [24/Nov/2022:11:19:25 +0800] "GET /xingrg/all/function/internal_message.html?_=1669259926096&CODE_STATE=getMsg HTTP/1.1" 200 27
101.85.106.255 - - [24/Nov/2022:11:19:28 +0800] "GET /xingrg/all/function/internal_message.html?_=1669259965045&CODE_STATE=getMsg HTTP/1.1" 200 27
180.158.0.157 - - [24/Nov/2022:11:19:32 +0800] "GET /xingrg/all/function/internal_message.html?_=1669259968592&CODE_STATE=getMsg HTTP/1.1" 302 -
180.162.229.95 - - [24/Nov/2022:11:19:33 +0800] "GET /xingrg/all/function/internal_message.html?_=1669259970780&CODE_STATE=getMsg HTTP/1.1" 200 27
61.170.235.225 - - [24/Nov/2022:11:19:33 +0800] "GET /xingrg/kc/buy/cgsh_order_operate.html?command=get_materiel&rest_code=00106&code=00101012025&supplier_code=00100032&order_time=2022-11-24 HTTP/1.1" 200 412
116.230.105.139 - - [24/Nov/2022:11:19:33 +0800] "GET /xingrg/all/function/internal_message.html?_=1669259953069&CODE_STATE=getMsg HTTP/1.1" 200 27
180.169.147.146 - - [24/Nov/2022:11:19:38 +0800] "POST /xingrg/kc/buy/cgsh_order_operate.html HTTP/1.1" 200 37
61.170.235.225 - - [24/Nov/2022:11:19:40 +0800] "GET /xingrg/all/function/internal_message.html?_=1669259981505&CODE_STATE=getMsg HTTP/1.1" 200 27
180.169.147.146 - - [24/Nov/2022:11:19:42 +0800] "POST /xingrg/kc/buy/cgsh_order_operate.html HTTP/1.1" 200 3844
61.170.235.225 - - [24/Nov/2022:11:19:42 +0800] "GET /xingrg/kc/buy/cgsh_order_operate.html?command=get_materiel&rest_code=00106&code=00101016053&supplier_code=00100032&order_time=2022-11-24 HTTP/1.1" 200 408
180.169.147.146 - - [24/Nov/2022:11:19:42 +0800] "GET /xingrg/kc/print/load_data.html?order_code=212022111605450&kc_code=cgsh&condition= HTTP/1.1" 200 1120
180.171.171.75 - - [24/Nov/2022:11:19:43 +0800] "GET /xingrg/kc/buy/cgsh_order_operate.html?command=get_materiel&rest_code=00108&code=00102008024&supplier_code=00100151&order_time=2022-11-24 HTTP/1.1" 200 412
180.169.147.146 - - [24/Nov/2022:11:19:50 +0800] "GET /xingrg/all/function/internal_message.html?_=1669259986150&CODE_STATE=getMsg HTTP/1.1" 200 27
120.253.135.82 - - [24/Nov/2022:11:19:51 +0800] "GET /xingrg/all/function/internal_message.html?_=1669259789068&CODE_STATE=getMsg HTTP/1.1" 200 27
114.84.81.136 - - [24/Nov/2022:11:19:55 +0800] "GET /xingrg/all/function/internal_message.html?_=1669259997805&CODE_STATE=getMsg HTTP/1.1" 200 27
180.162.115.136 - - [24/Nov/2022:11:19:57 +0800] "GET /xingrg/all/function/internal_message.html?_=1669259033544&CODE_STATE=getMsg HTTP/1.1" 200 27
180.169.147.146 - - [24/Nov/2022:11:19:58 +0800] "GET /xingrg/all/function/internal_message.html?_=1669259992528&CODE_STATE=getMsg HTTP/1.1" 200 27
218.81.217.29 - - [24/Nov/2022:11:20:01 +0800] "GET /xingrg/all/function/internal_message.html?_=1669260012085&CODE_STATE=getMsg HTTP/1.1" 200 27
61.170.235.225 - - [24/Nov/2022:11:20:03 +0800] "GET /xingrg/kc/buy/cgsh_order_operate.html?command=get_materiel&rest_code=00106&code=00101020082&supplier_code=00100032&order_time=2022-11-24 HTTP/1.1" 200 409
222.70.183.206 - - [24/Nov/2022:11:20:04 +0800] "GET /xingrg/all/function/internal_message.html?_=1669259999025&CODE_STATE=getMsg HTTP/1.1" 200 27
222.70.183.206 - - [24/Nov/2022:11:20:06 +0800] "GET /xingrg/check_reg.html?_=1669260001241 HTTP/1.1" 200 22
114.95.46.117 - - [24/Nov/2022:11:20:08 +0800] "GET /xingrg/all/function/internal_message.html?_=1669259853746&CODE_STATE=getMsg HTTP/1.1" 200 27
180.162.229.95 - - [24/Nov/2022:11:20:13 +0800] "GET /xingrg/login.html HTTP/1.1" 200 7641
180.162.229.95 - - [24/Nov/2022:11:20:14 +0800] "GET /xingrg/images/blue/jxLogo.png HTTP/1.1" 200 6156
180.162.229.95 - - [24/Nov/2022:11:20:14 +0800] "GET /xingrg/images/blue/login_bg.png HTTP/1.1" 200 22101
180.162.229.95 - - [24/Nov/2022:11:20:14 +0800] "GET /xingrg/images/blue/hj.png HTTP/1.1" 200 1014
180.162.229.95 - - [24/Nov/2022:11:20:14 +0800] "GET /xingrg/images/blue/srbg.png HTTP/1.1" 200 138
180.162.229.95 - - [24/Nov/2022:11:20:14 +0800] "GET /favicon.ico HTTP/1.1" 404 -
116.238.139.35 - - [24/Nov/2022:11:20:17 +0800] "GET /xingrg/check_reg.html?_=1669260014544 HTTP/1.1" 200 22
116.238.139.35 - - [24/Nov/2022:11:20:17 +0800] "GET /xingrg/all/function/internal_message.html?_=1669260014547&CODE_STATE=getMsg HTTP/1.1" 200 27
61.170.235.225 - - [24/Nov/2022:11:20:18 +0800] "GET /xingrg/kc/buy/cgsh_order_operate.html?command=get_materiel&rest_code=00106&code=00101020215&supplier_code=00100032&order_time=2022-11-24 HTTP/1.1" 200 405
114.88.159.190 - - [24/Nov/2022:11:20:18 +0800] "GET /xingrg/all/function/internal_message.html?_=1669259619093&CODE_STATE=getMsg HTTP/1.1" 200 27
221.239.170.112 - - [24/Nov/2022:11:20:18 +0800] "GET /xingrg/all/function/internal_message.html?_=1669260014302&CODE_STATE=getMsg HTTP/1.1" 200 27
180.162.229.95 - - [24/Nov/2022:11:20:19 +0800] "POST /xingrg/login.do HTTP/1.1" 302 -
180.162.229.95 - - [24/Nov/2022:11:20:19 +0800] "GET /xingrg/index.html?sysBaseUrl=http%3A%2F%2F180.169.147.146%3A18081%2Fxingrg%2F&costTime=62×tamp=1669260019184 HTTP/1.1" 200 17503
180.162.229.95 - - [24/Nov/2022:11:20:19 +0800] "GET /xingrg/javascript/jquery_easy_ui/themes/icon.css HTTP/1.1" 200 3949
180.162.229.95 - - [24/Nov/2022:11:20:19 +0800] "GET /xingrg/javascript/jquery_easy_ui/easyui-lang-zh_CN.js HTTP/1.1" 200 1900
180.162.229.95 - - [24/Nov/2022:11:20:19 +0800] "GET /xingrg/javascript/jquery_easy_ui/themes/default/easyui.css HTTP/1.1" 200 26500
180.162.229.95 - - [24/Nov/2022:11:20:19 +0800] "GET /xingrg/javascript/jquery.utils.js HTTP/1.1" 200 11805
180.162.229.95 - - [24/Nov/2022:11:20:19 +0800] "GET /xingrg/javascript/jquery.timers.js HTTP/1.1" 200 3532
180.162.229.95 - - [24/Nov/2022:11:20:19 +0800] "GET /xingrg/css/form.css HTTP/1.1" 200 893
180.162.229.95 - - [24/Nov/2022:11:20:19 +0800] "GET /xingrg/javascript/jquery-1.4.2.min.js HTTP/1.1" 200 72205
180.162.229.95 - - [24/Nov/2022:11:20:19 +0800] "GET /favicon.ico HTTP/1.1" 404 -
180.162.229.95 - - [24/Nov/2022:11:20:19 +0800] "GET /xingrg/javascript/jquery_easy_ui/jquery.easyui.min.js HTTP/1.1" 200 213662
180.162.229.95 - - [24/Nov/2022:11:20:19 +0800] "GET /xingrg/javascript/jquery.form.js HTTP/1.1" 200 23110
180.162.229.95 - - [24/Nov/2022:11:20:19 +0800] "GET /xingrg/javascript/jquery_easy_ui/themes/icons/settle_new.png HTTP/1.1" 200 826
180.162.229.95 - - [24/Nov/2022:11:20:19 +0800] "GET /xingrg/images/blue/navBackgound.jpg HTTP/1.1" 200 12378
180.162.229.95 - - [24/Nov/2022:11:20:19 +0800] "POST /xingrg/all/common/load_tree.html?tree=area_rest_tree_json&manage=1 HTTP/1.1" 200 3499
180.162.229.95 - - [24/Nov/2022:11:20:19 +0800] "GET /xingrg/images/blue/pingpu.png HTTP/1.1" 200 231
180.162.229.95 - - [24/Nov/2022:11:20:19 +0800] "GET /xingrg/check_reg.html?_=1669260018923 HTTP/1.1" 200 22
180.162.229.95 - - [24/Nov/2022:11:20:19 +0800] "GET /xingrg/javascript/jquery_easy_ui/themes/default/images/tabs_leftarrow.png HTTP/1.1" 200 389
180.162.229.95 - - [24/Nov/2022:11:20:19 +0800] "GET /xingrg/javascript/jquery_easy_ui/themes/default/images/tabs_rightarrow.png HTTP/1.1" 200 395
180.162.229.95 - - [24/Nov/2022:11:20:19 +0800] "GET /xingrg/all/function/internal_message.html?_=1669260018922&CODE_STATE=count HTTP/1.1" 200 11
180.162.229.95 - - [24/Nov/2022:11:20:19 +0800] "GET /xingrg/javascript/jquery_easy_ui/themes/default/images/panel_tool_expand.gif HTTP/1.1" 200 247
180.162.229.95 - - [24/Nov/2022:11:20:19 +0800] "GET /xingrg/javascript/jquery_easy_ui/themes/default/images/panel_tool_collapse.gif HTTP/1.1" 200 246
180.162.229.95 - - [24/Nov/2022:11:20:19 +0800] "POST /xingrg/load_menu.html HTTP/1.1" 200 11443
180.162.229.95 - - [24/Nov/2022:11:20:19 +0800] "GET /xingrg/javascript/jquery_easy_ui/themes/default/images/tree_arrows.gif HTTP/1.1" 200 1043
180.162.229.95 - - [24/Nov/2022:11:20:19 +0800] "GET /xingrg/javascript/jquery_easy_ui/themes/icons/search_new.png HTTP/1.1" 200 586
180.162.229.95 - - [24/Nov/2022:11:20:19 +0800] "GET /xingrg/javascript/jquery_easy_ui/themes/default/images/tree_folder_open.gif HTTP/1.1" 200 956
180.162.229.95 - - [24/Nov/2022:11:20:19 +0800] "GET /xingrg/javascript/jquery_easy_ui/themes/icons/storage_new.png HTTP/1.1" 200 853
180.162.229.95 - - [24/Nov/2022:11:20:19 +0800] "GET /xingrg/javascript/jquery_easy_ui/themes/icons/delivery_new.png HTTP/1.1" 200 700
180.162.229.95 - - [24/Nov/2022:11:20:19 +0800] "GET /xingrg/javascript/jquery_easy_ui/themes/icons/checkout_new.png HTTP/1.1" 200 744
180.162.229.95 - - [24/Nov/2022:11:20:19 +0800] "GET /xingrg/javascript/jquery_easy_ui/themes/icons/forms_new.png HTTP/1.1" 200 350
180.162.229.95 - - [24/Nov/2022:11:20:19 +0800] "GET /xingrg/javascript/jquery_easy_ui/themes/icons/setting_new.png HTTP/1.1" 200 450
180.162.229.95 - - [24/Nov/2022:11:20:19 +0800] "GET /xingrg/javascript/jquery_easy_ui/themes/icons/systemset_new.png HTTP/1.1" 200 606
180.162.229.95 - - [24/Nov/2022:11:20:19 +0800] "GET /xingrg/javascript/jquery_easy_ui/themes/default/images/tree_folder.gif HTTP/1.1" 200 952
180.162.229.95 - - [24/Nov/2022:11:20:19 +0800] "GET /xingrg/javascript/jquery_easy_ui/themes/default/images/tree_file.gif HTTP/1.1" 200 118
180.162.229.95 - - [24/Nov/2022:11:20:20 +0800] "GET /xingrg/javascript/jquery_easy_ui/themes/icons/area.png HTTP/1.1" 200 262
180.162.229.95 - - [24/Nov/2022:11:20:20 +0800] "GET /xingrg/javascript/jquery_easy_ui/themes/icons/manage.png HTTP/1.1" 200 696
180.162.229.95 - - [24/Nov/2022:11:20:20 +0800] "GET /xingrg/javascript/jquery_easy_ui/themes/icons/rest.png HTTP/1.1" 200 695
180.162.229.95 - - [24/Nov/2022:11:20:20 +0800] "GET /xingrg/javascript/jquery_easy_ui/themes/default/images/button_a_bg.gif HTTP/1.1" 200 1194
180.162.229.95 - - [24/Nov/2022:11:20:20 +0800] "GET /xingrg/javascript/jquery_easy_ui/themes/default/images/button_span_bg.gif HTTP/1.1" 200 2061
180.162.229.95 - - [24/Nov/2022:11:20:20 +0800] "GET /xingrg/javascript/jquery_easy_ui/themes/icons/ok.png HTTP/1.1" 200 883
180.162.229.95 - - [24/Nov/2022:11:20:20 +0800] "GET /xingrg/javascript/jquery_easy_ui/themes/default/images/panel_title.png HTTP/1.1" 200 266
180.162.229.95 - - [24/Nov/2022:11:20:20 +0800] "GET /xingrg/javascript/jquery_easy_ui/themes/default/images/panel_tools.gif HTTP/1.1" 200 737
180.162.229.95 - - [24/Nov/2022:11:20:22 +0800] "GET /xingrg/javascript/jquery_easy_ui/themes/default/images/tabs_close.gif HTTP/1.1" 200 829
180.162.229.95 - - [24/Nov/2022:11:20:22 +0800] "GET /xingrg/kc/report/report_main.html HTTP/1.1" 200 8599
180.162.229.95 - - [24/Nov/2022:11:20:22 +0800] "GET /xingrg/javascript/pic_change.js HTTP/1.1" 200 4739
180.162.229.95 - - [24/Nov/2022:11:20:22 +0800] "GET /xingrg/javascript/json2.js HTTP/1.1" 200 11259
180.162.229.95 - - [24/Nov/2022:11:20:22 +0800] "GET /xingrg/css/blue.css HTTP/1.1" 200 15949
180.162.229.95 - - [24/Nov/2022:11:20:22 +0800] "GET /xingrg/javascript/jquery_ui/themes/humanity/humanity.css HTTP/1.1" 200 27801
180.162.229.95 - - [24/Nov/2022:11:20:22 +0800] "GET /xingrg/javascript/myfunction.js HTTP/1.1" 200 24559
180.162.229.95 - - [24/Nov/2022:11:20:22 +0800] "GET /xingrg/javascript/jquery_easy_ui/themes/icons/back_new.png HTTP/1.1" 200 3414
124.79.245.154 - - [24/Nov/2022:11:20:23 +0800] "GET /xingrg/all/function/internal_message.html?_=1669260238677&CODE_STATE=getMsg HTTP/1.1" 200 27
180.162.229.95 - - [24/Nov/2022:11:20:23 +0800] "GET /xingrg/kc/info/info_main.html HTTP/1.1" 200 6010
180.162.229.95 - - [24/Nov/2022:11:20:23 +0800] "GET /xingrg/javascript/ToolTips.js HTTP/1.1" 200 5615
180.162.229.95 - - [24/Nov/2022:11:20:23 +0800] "GET /xingrg/images/blue/cldwgl.gif HTTP/1.1" 200 2487
180.162.229.95 - - [24/Nov/2022:11:20:23 +0800] "GET /xingrg/images/blue/clxx.gif HTTP/1.1" 200 1916
180.162.229.95 - - [24/Nov/2022:11:20:23 +0800] "GET /xingrg/images/blue/ckxx.gif HTTP/1.1" 200 2041
180.162.229.95 - - [24/Nov/2022:11:20:23 +0800] "GET /xingrg/images/blue/gysxxgl.gif HTTP/1.1" 200 1945
180.162.229.95 - - [24/Nov/2022:11:20:23 +0800] "GET /xingrg/images/blue/gyslbgl.gif HTTP/1.1" 200 1480
180.162.229.95 - - [24/Nov/2022:11:20:23 +0800] "GET /xingrg/images/blue/gyscljg.gif HTTP/1.1" 200 2081
180.162.229.95 - - [24/Nov/2022:11:20:23 +0800] "GET /xingrg/images/blue/button/cgxqd.gif HTTP/1.1" 200 2619
114.95.46.117 - - [24/Nov/2022:11:20:24 +0800] "GET /xingrg/kc/base/wldb_order_operate.html?command=get_materiel&rest_code=00105&base_code=0010507&code=00101019222 HTTP/1.1" 200 454
180.169.147.146 - - [24/Nov/2022:11:20:24 +0800] "GET /xingrg/all/function/internal_message.html?_=1669260014749&CODE_STATE=getMsg HTTP/1.1" 200 27
180.162.229.95 - - [24/Nov/2022:11:20:25 +0800] "GET /xingrg/system/info/materiel_manager.html HTTP/1.1" 200 19497
180.171.171.75 - - [24/Nov/2022:11:20:25 +0800] "GET /xingrg/all/function/internal_message.html?_=1669259986097&CODE_STATE=getMsg HTTP/1.1" 200 27
180.162.229.95 - - [24/Nov/2022:11:20:25 +0800] "GET /xingrg/css/xtree.css HTTP/1.1" 200 880
180.162.229.95 - - [24/Nov/2022:11:20:25 +0800] "GET /xingrg/javascript/jquery_ui/themes/base/base.css HTTP/1.1" 200 28568
180.162.229.95 - - [24/Nov/2022:11:20:25 +0800] "GET /xingrg/javascript/Grid.js HTTP/1.1" 200 58908
180.162.229.95 - - [24/Nov/2022:11:20:25 +0800] "GET /xingrg/javascript/print/LodopFuncs.js HTTP/1.1" 200 5121
180.162.229.95 - - [24/Nov/2022:11:20:25 +0800] "GET /xingrg/dwr/interface/AjaxBaseInfoService.js HTTP/1.1" 200 21363
180.162.229.95 - - [24/Nov/2022:11:20:25 +0800] "GET /xingrg/dwr/interface/AjaxComOrderService.js HTTP/1.1" 200 18264
180.162.229.95 - - [24/Nov/2022:11:20:25 +0800] "GET /xingrg/javascript/Calendar.js HTTP/1.1" 200 31561
180.162.229.95 - - [24/Nov/2022:11:20:25 +0800] "GET /xingrg/javascript/xtree.js HTTP/1.1" 200 26582
180.162.229.95 - - [24/Nov/2022:11:20:25 +0800] "GET /xingrg/dwr/util.js HTTP/1.1" 200 35990
180.162.229.95 - - [24/Nov/2022:11:20:25 +0800] "GET /xingrg/dwr/engine.js HTTP/1.1" 200 43631
180.162.229.95 - - [24/Nov/2022:11:20:26 +0800] "GET /xingrg/images/xtree/openfoldericon.png HTTP/1.1" 200 232
180.162.229.95 - - [24/Nov/2022:11:20:26 +0800] "GET /xingrg/javascript/jquery_easy_ui/themes/icons/import_new.png HTTP/1.1" 200 1247
180.162.229.95 - - [24/Nov/2022:11:20:26 +0800] "GET /xingrg/javascript/jquery_easy_ui/themes/icons/print_new.png HTTP/1.1" 200 3580
180.162.229.95 - - [24/Nov/2022:11:20:26 +0800] "GET /xingrg/images/blue/wait.gif HTTP/1.1" 200 1100
180.162.229.95 - - [24/Nov/2022:11:20:26 +0800] "POST /xingrg/dwr/call/plaincall/AjaxBaseInfoService.getSubMaterielSorts.dwr HTTP/1.1" 200 219
180.162.229.95 - - [24/Nov/2022:11:20:26 +0800] "GET /xingrg/images/xtree/Lplus.png HTTP/1.1" 200 224
180.162.229.95 - - [24/Nov/2022:11:20:26 +0800] "GET /xingrg/images/xtree/foldericon.png HTTP/1.1" 200 229
180.162.229.95 - - [24/Nov/2022:11:20:26 +0800] "GET /xingrg/images/xtree/Tplus.png HTTP/1.1" 200 222
180.162.229.95 - - [24/Nov/2022:11:20:26 +0800] "GET /xingrg/images/xtree/Lplus.png HTTP/1.1" 200 224
180.162.229.95 - - [24/Nov/2022:11:20:26 +0800] "POST /xingrg/dwr/call/plaincall/AjaxBaseInfoService.getMateriels.dwr HTTP/1.1" 200 2930
180.171.171.75 - - [24/Nov/2022:11:20:27 +0800] "GET /xingrg/kc/buy/cgsh_order_operate.html?command=get_materiel&rest_code=00108&code=00102001112&supplier_code=00100151&order_time=2022-11-24 HTTP/1.1" 200 409
101.85.106.255 - - [24/Nov/2022:11:20:28 +0800] "GET /xingrg/all/function/internal_message.html?_=1669260025045&CODE_STATE=getMsg HTTP/1.1" 200 27
101.85.106.255 - - [24/Nov/2022:11:20:28 +0800] "GET /xingrg/check_reg.html?_=1669260025048 HTTP/1.1" 200 22
180.162.229.95 - - [24/Nov/2022:11:20:30 +0800] "POST /xingrg/dwr/call/plaincall/AjaxBaseInfoService.searchMateriels.dwr HTTP/1.1" 200 1208
61.170.235.225 - - [24/Nov/2022:11:20:31 +0800] "GET /xingrg/kc/buy/cgsh_order_operate.html?command=get_materiel&rest_code=00106&code=00101012026&supplier_code=00100032&order_time=2022-11-24 HTTP/1.1" 200 410
180.158.0.157 - - [24/Nov/2022:11:20:32 +0800] "GET /xingrg/all/function/internal_message.html?_=1669260028582&CODE_STATE=getMsg HTTP/1.1" 302 -
180.162.229.95 - - [24/Nov/2022:11:20:33 +0800] "GET /xingrg/all/function/internal_message.html?_=1669260030763&CODE_STATE=getMsg HTTP/1.1" 200 27
116.230.105.139 - - [24/Nov/2022:11:20:33 +0800] "GET /xingrg/all/function/internal_message.html?_=1669260013069&CODE_STATE=getMsg HTTP/1.1" 200 27
61.170.235.225 - - [24/Nov/2022:11:20:40 +0800] "GET /xingrg/check_reg.html?_=1669260041555 HTTP/1.1" 200 22
61.170.235.225 - - [24/Nov/2022:11:20:40 +0800] "GET /xingrg/all/function/internal_message.html?_=1669260041557&CODE_STATE=getMsg HTTP/1.1" 200 27
180.169.147.146 - - [24/Nov/2022:11:20:50 +0800] "GET /xingrg/all/function/internal_message.html?_=1669260046167&CODE_STATE=getMsg HTTP/1.1" 200 27
180.169.147.146 - - [24/Nov/2022:11:20:50 +0800] "GET /xingrg/check_reg.html?_=1669260046172 HTTP/1.1" 200 22
61.170.235.225 - - [24/Nov/2022:11:20:50 +0800] "GET /xingrg/kc/buy/cgsh_order_operate.html?command=get_materiel&rest_code=00106&code=00101002027&supplier_code=00100032&order_time=2022-11-24 HTTP/1.1" 200 413
120.253.135.82 - - [24/Nov/2022:11:20:51 +0800] "GET /xingrg/all/function/internal_message.html?_=1669259849125&CODE_STATE=getMsg HTTP/1.1" 200 27
114.84.81.136 - - [24/Nov/2022:11:20:55 +0800] "GET /xingrg/all/function/internal_message.html?_=1669260057820&CODE_STATE=getMsg HTTP/1.1" 200 27
180.162.115.136 - - [24/Nov/2022:11:20:57 +0800] "GET /xingrg/all/function/internal_message.html?_=1669259093544&CODE_STATE=getMsg HTTP/1.1" 200 27
180.169.147.146 - - [24/Nov/2022:11:20:58 +0800] "GET /xingrg/check_reg.html?_=1669260052527 HTTP/1.1" 200 22
180.169.147.146 - - [24/Nov/2022:11:20:58 +0800] "GET /xingrg/all/function/internal_message.html?_=1669260052530&CODE_STATE=getMsg HTTP/1.1" 200 27
218.81.217.29 - - [24/Nov/2022:11:21:01 +0800] "GET /xingrg/all/function/internal_message.html?_=1669260072099&CODE_STATE=getMsg HTTP/1.1" 200 27
222.70.183.206 - - [24/Nov/2022:11:21:04 +0800] "GET /xingrg/all/function/internal_message.html?_=1669260059012&CODE_STATE=getMsg HTTP/1.1" 200 27
61.170.235.225 - - [24/Nov/2022:11:21:06 +0800] "GET /xingrg/kc/buy/cgsh_order_operate.html?command=get_materiel&rest_code=00106&code=00101016105&supplier_code=00100032&order_time=2022-11-24 HTTP/1.1" 200 409
114.95.46.117 - - [24/Nov/2022:11:21:08 +0800] "GET /xingrg/all/function/internal_message.html?_=1669259913738&CODE_STATE=getMsg HTTP/1.1" 200 27
114.95.46.117 - - [24/Nov/2022:11:21:16 +0800] "GET /xingrg/kc/base/wldb_order_operate.html?command=get_materiel&rest_code=00105&base_code=0010507&code=00101019125 HTTP/1.1" 200 482
116.238.139.35 - - [24/Nov/2022:11:21:17 +0800] "POST /xingrg/all/user/operate.html HTTP/1.1" 200 36
116.238.139.35 - - [24/Nov/2022:11:21:17 +0800] "GET /xingrg/javascript/jquery_easy_ui/themes/default/easyui.css HTTP/1.1" 304 -
116.238.139.35 - - [24/Nov/2022:11:21:17 +0800] "GET /xingrg/index.html?sysBaseUrl=http%3A%2F%2F180.169.147.146%3A18081%2Fxingrg%2F&costTime=46×tamp=1669253590027 HTTP/1.1" 200 17179
116.238.139.35 - - [24/Nov/2022:11:21:17 +0800] "GET /xingrg/javascript/jquery_easy_ui/themes/icon.css HTTP/1.1" 304 -
116.238.139.35 - - [24/Nov/2022:11:21:17 +0800] "GET /xingrg/css/form.css HTTP/1.1" 304 -
116.238.139.35 - - [24/Nov/2022:11:21:17 +0800] "GET /xingrg/javascript/jquery-1.4.2.min.js HTTP/1.1" 304 -
116.238.139.35 - - [24/Nov/2022:11:21:17 +0800] "GET /xingrg/javascript/jquery_easy_ui/jquery.easyui.min.js HTTP/1.1" 304 -
116.238.139.35 - - [24/Nov/2022:11:21:17 +0800] "GET /xingrg/javascript/jquery_easy_ui/easyui-lang-zh_CN.js HTTP/1.1" 304 -
116.238.139.35 - - [24/Nov/2022:11:21:17 +0800] "GET /xingrg/javascript/jquery.form.js HTTP/1.1" 304 -
116.238.139.35 - - [24/Nov/2022:11:21:17 +0800] "GET /xingrg/javascript/jquery.utils.js HTTP/1.1" 304 -
116.238.139.35 - - [24/Nov/2022:11:21:17 +0800] "GET /xingrg/javascript/jquery.timers.js HTTP/1.1" 304 -
116.238.139.35 - - [24/Nov/2022:11:21:17 +0800] "GET /xingrg/images/blue/jxLogo.png HTTP/1.1" 304 -
116.238.139.35 - - [24/Nov/2022:11:21:17 +0800] "GET /xingrg/javascript/jquery_easy_ui/themes/icons/settle_new.png HTTP/1.1" 304 -
116.238.139.35 - - [24/Nov/2022:11:21:17 +0800] "GET /xingrg/images/blue/navBackgound.jpg HTTP/1.1" 304 -
116.238.139.35 - - [24/Nov/2022:11:21:17 +0800] "POST /xingrg/all/common/load_tree.html?tree=area_rest_tree_json&manage=1 HTTP/1.1" 200 476
116.238.139.35 - - [24/Nov/2022:11:21:17 +0800] "GET /xingrg/all/function/internal_message.html?_=1669260074726&CODE_STATE=count HTTP/1.1" 200 11
116.238.139.35 - - [24/Nov/2022:11:21:17 +0800] "GET /xingrg/check_reg.html?_=1669260074728 HTTP/1.1" 200 22
116.238.139.35 - - [24/Nov/2022:11:21:17 +0800] "GET /xingrg/images/blue/pingpu.png HTTP/1.1" 304 -
116.238.139.35 - - [24/Nov/2022:11:21:17 +0800] "POST /xingrg/load_menu.html HTTP/1.1" 200 5138
116.238.139.35 - - [24/Nov/2022:11:21:17 +0800] "GET /xingrg/javascript/jquery_easy_ui/themes/default/images/tabs_leftarrow.png HTTP/1.1" 304 -
116.238.139.35 - - [24/Nov/2022:11:21:17 +0800] "GET /xingrg/javascript/jquery_easy_ui/themes/default/images/panel_tool_collapse.gif HTTP/1.1" 304 -
116.238.139.35 - - [24/Nov/2022:11:21:17 +0800] "GET /xingrg/javascript/jquery_easy_ui/themes/default/images/tabs_rightarrow.png HTTP/1.1" 304 -
116.238.139.35 - - [24/Nov/2022:11:21:17 +0800] "GET /xingrg/javascript/jquery_easy_ui/themes/default/images/tree_folder_open.gif HTTP/1.1" 304 -
116.238.139.35 - - [24/Nov/2022:11:21:17 +0800] "GET /xingrg/javascript/jquery_easy_ui/themes/icons/forms_new.png HTTP/1.1" 304 -
116.238.139.35 - - [24/Nov/2022:11:21:17 +0800] "GET /xingrg/javascript/jquery_easy_ui/themes/default/images/tree_file.gif HTTP/1.1" 304 -
116.238.139.35 - - [24/Nov/2022:11:21:17 +0800] "GET /xingrg/javascript/jquery_easy_ui/themes/default/images/tree_arrows.gif HTTP/1.1" 304 -
116.238.139.35 - - [24/Nov/2022:11:21:17 +0800] "GET /xingrg/javascript/jquery_easy_ui/themes/icons/storage_new.png HTTP/1.1" 304 -
116.238.139.35 - - [24/Nov/2022:11:21:17 +0800] "GET /xingrg/javascript/jquery_easy_ui/themes/default/images/tree_folder.gif HTTP/1.1" 304 -
116.238.139.35 - - [24/Nov/2022:11:21:17 +0800] "GET /xingrg/javascript/jquery_easy_ui/themes/icons/search_new.png HTTP/1.1" 304 -
221.239.170.112 - - [24/Nov/2022:11:21:18 +0800] "GET /xingrg/all/function/internal_message.html?_=1669260074303&CODE_STATE=getMsg HTTP/1.1" 200 27
114.88.159.190 - - [24/Nov/2022:11:21:19 +0800] "GET /xingrg/all/function/internal_message.html?_=1669259679119&CODE_STATE=getMsg HTTP/1.1" 200 27
180.162.229.95 - - [24/Nov/2022:11:21:19 +0800] "GET /xingrg/all/function/internal_message.html?_=1669260078930&CODE_STATE=getMsg HTTP/1.1" 200 27
116.238.139.35 - - [24/Nov/2022:11:21:20 +0800] "GET /xingrg/kc/mdqp/qqps_order_list.html HTTP/1.1" 200 9222
116.238.139.35 - - [24/Nov/2022:11:21:20 +0800] "GET /xingrg/dwr/interface/AjaxReportQueryService.js HTTP/1.1" 200 13203
116.238.139.35 - - [24/Nov/2022:11:21:20 +0800] "GET /xingrg/dwr/interface/AjaxQqpsService.js HTTP/1.1" 200 16326
116.238.139.35 - - [24/Nov/2022:11:21:20 +0800] "GET /xingrg/dwr/engine.js HTTP/1.1" 200 43631
116.238.139.35 - - [24/Nov/2022:11:21:20 +0800] "GET /xingrg/javascript/jquery_easy_ui/themes/icons/uncheck_new.png HTTP/1.1" 304 -
116.238.139.35 - - [24/Nov/2022:11:21:22 +0800] "GET /xingrg/kc/mdqp/qqps_order_add.html HTTP/1.1" 200 28160
116.238.139.35 - - [24/Nov/2022:11:21:22 +0800] "GET /xingrg/dwr/interface/AjaxComOrderService.js HTTP/1.1" 200 18264
116.238.139.35 - - [24/Nov/2022:11:21:22 +0800] "GET /xingrg/dwr/interface/AjaxQqpsService.js HTTP/1.1" 200 16326
116.238.139.35 - - [24/Nov/2022:11:21:22 +0800] "GET /xingrg/dwr/engine.js HTTP/1.1" 200 43631
116.238.139.35 - - [24/Nov/2022:11:21:22 +0800] "GET /xingrg/javascript/jquery_easy_ui/themes/icons/copy_new.png HTTP/1.1" 304 -
116.238.139.35 - - [24/Nov/2022:11:21:22 +0800] "GET /xingrg/javascript/jquery_easy_ui/themes/icons/template_new.png HTTP/1.1" 304 -
124.79.245.154 - - [24/Nov/2022:11:21:23 +0800] "GET /xingrg/all/function/internal_message.html?_=1669260298689&CODE_STATE=getMsg HTTP/1.1" 200 27
180.169.147.146 - - [24/Nov/2022:11:21:24 +0800] "GET /xingrg/all/function/internal_message.html?_=1669260074762&CODE_STATE=getMsg HTTP/1.1" 200 27
114.95.46.117 - - [24/Nov/2022:11:21:25 +0800] "POST /xingrg/kc/base/wldb_order_operate.html HTTP/1.1" 200 37
180.162.229.95 - - [24/Nov/2022:11:21:25 +0800] "GET /xingrg/javascript/jquery_easy_ui/themes/default/images/button_plain_hover.png HTTP/1.1" 200 252
114.95.46.117 - - [24/Nov/2022:11:21:25 +0800] "POST /xingrg/kc/base/wldb_order_operate.html HTTP/1.1" 200 3189
180.171.171.75 - - [24/Nov/2022:11:21:25 +0800] "GET /xingrg/check_reg.html?_=1669260046097 HTTP/1.1" 200 22
180.171.171.75 - - [24/Nov/2022:11:21:25 +0800] "GET /xingrg/all/function/internal_message.html?_=1669260046096&CODE_STATE=getMsg HTTP/1.1" 200 27
114.95.46.117 - - [24/Nov/2022:11:21:26 +0800] "GET /xingrg/kc/base/wldb_order_info.html?code=422022112401932 HTTP/1.1" 200 30398
114.95.46.117 - - [24/Nov/2022:11:21:27 +0800] "GET /xingrg/javascript/easyui/themes/default/validatebox.css HTTP/1.1" 404 1104
114.95.46.117 - - [24/Nov/2022:11:21:27 +0800] "POST /xingrg/kc/base/wldb_order_operate.html HTTP/1.1" 200 3189
101.85.106.255 - - [24/Nov/2022:11:21:28 +0800] "GET /xingrg/all/function/internal_message.html?_=1669260085047&CODE_STATE=getMsg HTTP/1.1" 200 27
180.171.171.75 - - [24/Nov/2022:11:21:29 +0800] "GET /xingrg/kc/buy/cgsh_order_operate.html?command=get_materiel&rest_code=00108&code=00102010170&supplier_code=00100151&order_time=2022-11-24 HTTP/1.1" 200 414
180.162.229.95 - - [24/Nov/2022:11:21:30 +0800] "GET /xingrg/kc/buy/cgsh_order_list.html HTTP/1.1" 200 54035
180.162.229.95 - - [24/Nov/2022:11:21:30 +0800] "GET /xingrg/javascript/jquery_tools/jquery.tools.extend.js HTTP/1.1" 200 15385
180.162.229.95 - - [24/Nov/2022:11:21:30 +0800] "GET /xingrg/css/base.css HTTP/1.1" 200 2811
180.162.229.95 - - [24/Nov/2022:11:21:30 +0800] "GET /xingrg/javascript/jquery_tools/jquery.tools.hotkey.js HTTP/1.1" 200 3242
180.162.229.95 - - [24/Nov/2022:11:21:30 +0800] "GET /xingrg/javascript/jquery_tools/jquery.tools.table.js HTTP/1.1" 200 6994
180.162.229.95 - - [24/Nov/2022:11:21:30 +0800] "GET /xingrg/javascript/jquery_tools/list_manager.js HTTP/1.1" 200 3652
180.162.229.95 - - [24/Nov/2022:11:21:30 +0800] "GET /xingrg/javascript/easyui/easyloader.js HTTP/1.1" 200 5975
180.162.229.95 - - [24/Nov/2022:11:21:30 +0800] "GET /xingrg/javascript/auto/jquery.autocomplete.js HTTP/1.1" 200 21624
180.162.229.95 - - [24/Nov/2022:11:21:30 +0800] "GET /xingrg/javascript/jquery.cookie.js HTTP/1.1" 200 5513
180.162.229.95 - - [24/Nov/2022:11:21:30 +0800] "GET /xingrg/css/site.css HTTP/1.1" 200 7541
180.162.229.95 - - [24/Nov/2022:11:21:30 +0800] "GET /xingrg/javascript/jquery_tools/datebox.css HTTP/1.1" 200 2597
180.162.229.95 - - [24/Nov/2022:11:21:30 +0800] "GET /xingrg/javascript/easyui/themes/default/easyui.css HTTP/1.1" 200 30432
180.162.229.95 - - [24/Nov/2022:11:21:30 +0800] "GET /xingrg/javascript/easyui/themes/icon.css HTTP/1.1" 200 4483
180.162.229.95 - - [24/Nov/2022:11:21:30 +0800] "GET /xingrg/javascript/auto/jquery.autocomplete.css HTTP/1.1" 200 587
180.162.229.95 - - [24/Nov/2022:11:21:30 +0800] "GET /xingrg/javascript/jquery_tools/fix.css HTTP/1.1" 200 1702
180.162.229.95 - - [24/Nov/2022:11:21:30 +0800] "GET /xingrg/javascript/jquery_tools/table.css HTTP/1.1" 200 1032
180.162.229.95 - - [24/Nov/2022:11:21:30 +0800] "GET /xingrg/javascript/jquery_tools/jquery.tools.min.js HTTP/1.1" 200 138801
180.162.229.95 - - [24/Nov/2022:11:21:31 +0800] "GET /xingrg/javascript/easyui/themes/icons/edit_add_new.png HTTP/1.1" 200 2997
180.162.229.95 - - [24/Nov/2022:11:21:31 +0800] "GET /xingrg/javascript/easyui/themes/icons/check_new.png HTTP/1.1" 200 3224
180.162.229.95 - - [24/Nov/2022:11:21:31 +0800] "GET /xingrg/javascript/easyui/themes/icons/cance_new.png HTTP/1.1" 200 3986
180.162.229.95 - - [24/Nov/2022:11:21:31 +0800] "GET /xingrg/javascript/easyui/themes/icons/field_new.png HTTP/1.1" 200 1097
180.162.229.95 - - [24/Nov/2022:11:21:31 +0800] "GET /xingrg/javascript/easyui/themes/icons/uncheck_new.png HTTP/1.1" 200 3197
180.162.229.95 - - [24/Nov/2022:11:21:31 +0800] "GET /xingrg/javascript/easyui/themes/icons/import_new.png HTTP/1.1" 200 1247
180.162.229.95 - - [24/Nov/2022:11:21:31 +0800] "GET /xingrg/javascript/easyui/plugins/jquery.parser.js HTTP/1.1" 200 1142
180.162.229.95 - - [24/Nov/2022:11:21:31 +0800] "GET /xingrg/images/control/ajaxLoader.gif HTTP/1.1" 200 4659
180.158.0.157 - - [24/Nov/2022:11:21:32 +0800] "GET /xingrg/all/function/internal_message.html?_=1669260088589&CODE_STATE=getMsg HTTP/1.1" 302 -
180.158.0.157 - - [24/Nov/2022:11:21:32 +0800] "GET /xingrg/check_reg.html?_=1669260088592 HTTP/1.1" 302 -
180.162.229.95 - - [24/Nov/2022:11:21:32 +0800] "POST /xingrg/kc/buy/cgsh_list_operate.html HTTP/1.1" 200 986
180.162.229.95 - - [24/Nov/2022:11:21:33 +0800] "GET /xingrg/all/function/internal_message.html?_=1669260090742&CODE_STATE=getMsg HTTP/1.1" 200 27
116.230.105.139 - - [24/Nov/2022:11:21:33 +0800] "GET /xingrg/all/function/internal_message.html?_=1669260073066&CODE_STATE=getMsg HTTP/1.1" 200 27
116.238.139.35 - - [24/Nov/2022:11:21:35 +0800] "POST /xingrg/dwr/call/plaincall/AjaxQqpsService.saveOrder.dwr HTTP/1.1" 200 78
116.238.139.35 - - [24/Nov/2022:11:21:37 +0800] "GET /xingrg/javascript/auto/indicator.gif HTTP/1.1" 404 1066
116.238.139.35 - - [24/Nov/2022:11:21:39 +0800] "POST /xingrg/dwr/call/plaincall/AjaxQqpsService.getMaterielByCode.dwr HTTP/1.1" 200 3788
120.253.135.82 - - [24/Nov/2022:11:21:40 +0800] "GET /xingrg/check_reg.html?_=1669259898394 HTTP/1.1" 200 22
116.238.139.35 - - [24/Nov/2022:11:21:42 +0800] "POST /xingrg/dwr/call/plaincall/AjaxQqpsService.saveMaterielItem.dwr HTTP/1.1" 200 78
116.238.139.35 - - [24/Nov/2022:11:21:45 +0800] "POST /xingrg/dwr/call/plaincall/AjaxQqpsService.getMaterielByCode.dwr HTTP/1.1" 200 3794
61.170.235.225 - - [24/Nov/2022:11:21:47 +0800] "POST /xingrg/kc/buy/cgsh_order_operate.html HTTP/1.1" 200 37
116.238.139.35 - - [24/Nov/2022:11:21:48 +0800] "POST /xingrg/dwr/call/plaincall/AjaxQqpsService.saveMaterielItem.dwr HTTP/1.1" 200 78
180.169.147.146 - - [24/Nov/2022:11:21:50 +0800] "GET /xingrg/all/function/internal_message.html?_=1669260106164&CODE_STATE=getMsg HTTP/1.1" 200 27
120.253.135.82 - - [24/Nov/2022:11:21:51 +0800] "GET /xingrg/all/function/internal_message.html?_=1669259909126&CODE_STATE=getMsg HTTP/1.1" 200 27
116.238.139.35 - - [24/Nov/2022:11:21:55 +0800] "POST /xingrg/dwr/call/plaincall/AjaxQqpsService.getMaterielByCode.dwr HTTP/1.1" 200 3877
114.84.81.136 - - [24/Nov/2022:11:21:55 +0800] "GET /xingrg/all/function/internal_message.html?_=1669260117817&CODE_STATE=getMsg HTTP/1.1" 200 27
114.84.81.136 - - [24/Nov/2022:11:21:55 +0800] "GET /xingrg/check_reg.html?_=1669260117818 HTTP/1.1" 200 22
116.238.139.35 - - [24/Nov/2022:11:21:57 +0800] "POST /xingrg/dwr/call/plaincall/AjaxQqpsService.saveMaterielItem.dwr HTTP/1.1" 200 78
180.162.115.136 - - [24/Nov/2022:11:21:57 +0800] "GET /xingrg/all/function/internal_message.html?_=1669259153547&CODE_STATE=getMsg HTTP/1.1" 200 27
180.169.147.146 - - [24/Nov/2022:11:21:58 +0800] "GET /xingrg/all/function/internal_message.html?_=1669260112529&CODE_STATE=getMsg HTTP/1.1" 200 27
218.81.217.29 - - [24/Nov/2022:11:21:58 +0800] "GET /xingrg/check_reg.html?_=1669260129127 HTTP/1.1" 200 22
61.170.235.225 - - [24/Nov/2022:11:22:00 +0800] "POST /xingrg/kc/buy/cgsh_order_operate.html HTTP/1.1" 200 12
218.81.217.29 - - [24/Nov/2022:11:22:01 +0800] "GET /xingrg/all/function/internal_message.html?_=1669260132112&CODE_STATE=getMsg HTTP/1.1" 200 27
116.238.139.35 - - [24/Nov/2022:11:22:02 +0800] "POST /xingrg/dwr/call/plaincall/AjaxQqpsService.getMaterielByCode.dwr HTTP/1.1" 200 3802
116.238.139.35 - - [24/Nov/2022:11:22:03 +0800] "POST /xingrg/dwr/call/plaincall/AjaxQqpsService.saveMaterielItem.dwr HTTP/1.1" 200 78
61.170.235.225 - - [24/Nov/2022:11:22:03 +0800] "GET /xingrg/kc/buy/cgsh_order_info.html?code=212022112408209 HTTP/1.1" 200 64468
222.70.183.206 - - [24/Nov/2022:11:22:04 +0800] "GET /xingrg/all/function/internal_message.html?_=1669260118981&CODE_STATE=getMsg HTTP/1.1" 200 27
61.170.235.225 - - [24/Nov/2022:11:22:04 +0800] "GET /xingrg/javascript/easyui/themes/default/validatebox.css HTTP/1.1" 404 1104
61.170.235.225 - - [24/Nov/2022:11:22:05 +0800] "POST /xingrg/kc/buy/cgsh_order_operate.html HTTP/1.1" 200 7668
116.238.139.35 - - [24/Nov/2022:11:22:08 +0800] "POST /xingrg/dwr/call/plaincall/AjaxQqpsService.getMaterielByCode.dwr HTTP/1.1" 200 3838
114.95.46.117 - - [24/Nov/2022:11:22:08 +0800] "GET /xingrg/all/function/internal_message.html?_=1669259973715&CODE_STATE=getMsg HTTP/1.1" 200 27
116.238.139.35 - - [24/Nov/2022:11:22:10 +0800] "POST /xingrg/dwr/call/plaincall/AjaxQqpsService.saveMaterielItem.dwr HTTP/1.1" 200 79
116.238.139.35 - - [24/Nov/2022:11:22:14 +0800] "POST /xingrg/dwr/call/plaincall/AjaxQqpsService.getMaterielByCode.dwr HTTP/1.1" 200 3847
61.170.235.225 - - [24/Nov/2022:11:22:16 +0800] "GET /xingrg/kc/print/load_data.html?order_code=212022112408209&kc_code=cgsh&condition= HTTP/1.1" 200 3381
116.238.139.35 - - [24/Nov/2022:11:22:16 +0800] "POST /xingrg/dwr/call/plaincall/AjaxQqpsService.saveMaterielItem.dwr HTTP/1.1" 200 79
116.238.139.35 - - [24/Nov/2022:11:22:17 +0800] "GET /xingrg/all/function/internal_message.html?_=1669260134735&CODE_STATE=getMsg HTTP/1.1" 200 27
114.88.159.190 - - [24/Nov/2022:11:22:18 +0800] "GET /xingrg/all/function/internal_message.html?_=1669259739119&CODE_STATE=getMsg HTTP/1.1" 200 27
114.88.159.190 - - [24/Nov/2022:11:22:18 +0800] "GET /xingrg/check_reg.html?_=1669259739120 HTTP/1.1" 200 22
221.239.170.112 - - [24/Nov/2022:11:22:18 +0800] "GET /xingrg/all/function/internal_message.html?_=1669260134305&CODE_STATE=getMsg HTTP/1.1" 200 27
221.239.170.112 - - [24/Nov/2022:11:22:19 +0800] "GET /xingrg/check_reg.html?_=1669260134325 HTTP/1.1" 200 22
180.162.229.95 - - [24/Nov/2022:11:22:19 +0800] "GET /xingrg/all/function/internal_message.html?_=1669260138935&CODE_STATE=getMsg HTTP/1.1" 200 27
61.170.235.225 - - [24/Nov/2022:11:22:20 +0800] "GET /xingrg/kc/print/load_data.html?order_code=212022112408209&kc_code=cgsh HTTP/1.1" 200 3381
124.79.245.154 - - [24/Nov/2022:11:22:23 +0800] "GET /xingrg/all/function/internal_message.html?_=1669260358673&CODE_STATE=getMsg HTTP/1.1" 200 27
180.169.147.146 - - [24/Nov/2022:11:22:24 +0800] "GET /xingrg/all/function/internal_message.html?_=1669260134757&CODE_STATE=getMsg HTTP/1.1" 200 27
180.171.171.75 - - [24/Nov/2022:11:22:25 +0800] "GET /xingrg/all/function/internal_message.html?_=1669260106101&CODE_STATE=getMsg HTTP/1.1" 200 27
101.85.106.255 - - [24/Nov/2022:11:22:28 +0800] "GET /xingrg/all/function/internal_message.html?_=1669260145052&CODE_STATE=getMsg HTTP/1.1" 200 27
180.158.0.157 - - [24/Nov/2022:11:22:32 +0800] "GET /xingrg/all/function/internal_message.html?_=1669260148582&CODE_STATE=getMsg HTTP/1.1" 302 -
180.162.229.95 - - [24/Nov/2022:11:22:33 +0800] "GET /xingrg/all/function/internal_message.html?_=1669260150736&CODE_STATE=getMsg HTTP/1.1" 200 27
116.230.105.139 - - [24/Nov/2022:11:22:33 +0800] "GET /xingrg/all/function/internal_message.html?_=1669260133055&CODE_STATE=getMsg HTTP/1.1" 200 27
180.162.229.95 - - [24/Nov/2022:11:22:34 +0800] "GET /xingrg/check_reg.html?_=1669260152337 HTTP/1.1" 200 22
180.162.229.95 - - [24/Nov/2022:11:22:36 +0800] "GET /xingrg/javascript/jquery_easy_ui/themes/default/images/tabs_active.png HTTP/1.1" 200 2894
116.238.139.35 - - [24/Nov/2022:11:22:36 +0800] "POST /xingrg/dwr/call/plaincall/AjaxQqpsService.getMaterielByCode.dwr HTTP/1.1" 200 3846
116.238.139.35 - - [24/Nov/2022:11:22:38 +0800] "POST /xingrg/dwr/call/plaincall/AjaxQqpsService.saveMaterielItem.dwr HTTP/1.1" 200 79
61.170.235.225 - - [24/Nov/2022:11:22:40 +0800] "GET /xingrg/all/function/internal_message.html?_=1669260161566&CODE_STATE=getMsg HTTP/1.1" 200 27
116.238.139.35 - - [24/Nov/2022:11:22:45 +0800] "POST /xingrg/dwr/call/plaincall/AjaxQqpsService.getMaterielByCode.dwr HTTP/1.1" 200 3860
116.238.139.35 - - [24/Nov/2022:11:22:46 +0800] "POST /xingrg/dwr/call/plaincall/AjaxQqpsService.saveMaterielItem.dwr HTTP/1.1" 200 79
180.169.147.146 - - [24/Nov/2022:11:22:50 +0800] "GET /xingrg/all/function/internal_message.html?_=1669260166166&CODE_STATE=getMsg HTTP/1.1" 200 27
120.253.135.82 - - [24/Nov/2022:11:22:51 +0800] "GET /xingrg/all/function/internal_message.html?_=1669259969140&CODE_STATE=getMsg HTTP/1.1" 200 27
114.84.81.136 - - [24/Nov/2022:11:22:55 +0800] "GET /xingrg/all/function/internal_message.html?_=1669260177816&CODE_STATE=getMsg HTTP/1.1" 200 27
116.238.139.35 - - [24/Nov/2022:11:22:56 +0800] "POST /xingrg/dwr/call/plaincall/AjaxQqpsService.getMaterielByCode.dwr HTTP/1.1" 200 3789
180.162.115.136 - - [24/Nov/2022:11:22:57 +0800] "GET /xingrg/check_reg.html?_=1669259213558 HTTP/1.1" 200 22
180.162.115.136 - - [24/Nov/2022:11:22:57 +0800] "GET /xingrg/all/function/internal_message.html?_=1669259213560&CODE_STATE=getMsg HTTP/1.1" 200 27
180.169.147.146 - - [24/Nov/2022:11:22:58 +0800] "GET /xingrg/all/function/internal_message.html?_=1669260172530&CODE_STATE=getMsg HTTP/1.1" 200 27
116.238.139.35 - - [24/Nov/2022:11:22:58 +0800] "POST /xingrg/dwr/call/plaincall/AjaxQqpsService.saveMaterielItem.dwr HTTP/1.1" 200 79
180.169.147.146 - - [24/Nov/2022:11:23:00 +0800] "POST /xingrg/kc/buy/cgsh_order_operate.html HTTP/1.1" 200 37
218.81.217.29 - - [24/Nov/2022:11:23:01 +0800] "GET /xingrg/all/function/internal_message.html?_=1669260192125&CODE_STATE=getMsg HTTP/1.1" 200 27
116.238.139.35 - - [24/Nov/2022:11:23:03 +0800] "POST /xingrg/dwr/call/plaincall/AjaxQqpsService.getMaterielByCode.dwr HTTP/1.1" 200 3805
180.169.147.146 - - [24/Nov/2022:11:23:03 +0800] "POST /xingrg/kc/buy/cgsh_order_operate.html HTTP/1.1" 200 12
222.70.183.206 - - [24/Nov/2022:11:23:04 +0800] "GET /xingrg/all/function/internal_message.html?_=1669260178966&CODE_STATE=getMsg HTTP/1.1" 200 27
116.238.139.35 - - [24/Nov/2022:11:23:05 +0800] "POST /xingrg/dwr/call/plaincall/AjaxQqpsService.saveMaterielItem.dwr HTTP/1.1" 200 79
114.95.46.117 - - [24/Nov/2022:11:23:08 +0800] "GET /xingrg/all/function/internal_message.html?_=1669260033690&CODE_STATE=getMsg HTTP/1.1" 200 27
