120.253.135.82 - - [24/Nov/2022:10:06:40 +0800] "POST /xingrg/load_menu.html HTTP/1.1" 200 6743
120.253.135.82 - - [24/Nov/2022:10:06:40 +0800] "GET /xingrg/javascript/jquery_easy_ui/themes/icons/delivery_new.png HTTP/1.1" 304 -
120.253.135.82 - - [24/Nov/2022:10:06:40 +0800] "GET /xingrg/javascript/jquery_easy_ui/themes/default/images/tree_folder_open.gif HTTP/1.1" 304 -
120.253.135.82 - - [24/Nov/2022:10:06:40 +0800] "GET /xingrg/javascript/jquery_easy_ui/themes/icons/storage_new.png HTTP/1.1" 304 -
120.253.135.82 - - [24/Nov/2022:10:06:40 +0800] "GET /xingrg/javascript/jquery_easy_ui/themes/icons/forms_new.png HTTP/1.1" 304 -
120.253.135.82 - - [24/Nov/2022:10:06:40 +0800] "GET /xingrg/javascript/jquery_easy_ui/themes/default/images/tree_file.gif HTTP/1.1" 304 -
120.253.135.82 - - [24/Nov/2022:10:06:40 +0800] "GET /xingrg/javascript/jquery_easy_ui/themes/icons/search_new.png HTTP/1.1" 304 -
120.253.135.82 - - [24/Nov/2022:10:06:40 +0800] "GET /xingrg/javascript/jquery_easy_ui/themes/default/images/tree_folder.gif HTTP/1.1" 304 -
114.95.46.117 - - [24/Nov/2022:10:06:42 +0800] "GET /xingrg/all/function/internal_message.html?_=1669255448265&CODE_STATE=getMsg HTTP/1.1" 302 -
114.88.159.190 - - [24/Nov/2022:10:06:46 +0800] "GET /xingrg/all/function/internal_message.html?_=1669255603653&CODE_STATE=getMsg HTTP/1.1" 302 -
114.88.159.190 - - [24/Nov/2022:10:06:47 +0800] "GET /xingrg/check_reg.html?_=1669255603657 HTTP/1.1" 302 -
120.253.135.82 - - [24/Nov/2022:10:06:47 +0800] "GET /xingrg/javascript/jquery_easy_ui/themes/default/images/tabs_close.gif HTTP/1.1" 304 -
120.253.135.82 - - [24/Nov/2022:10:06:47 +0800] "GET /xingrg/kc/pszx/ps_main.html HTTP/1.1" 200 13401
120.253.135.82 - - [24/Nov/2022:10:06:47 +0800] "GET /xingrg/css/blue.css HTTP/1.1" 304 -
120.253.135.82 - - [24/Nov/2022:10:06:47 +0800] "GET /xingrg/javascript/ToolTips.js HTTP/1.1" 304 -
120.253.135.82 - - [24/Nov/2022:10:06:47 +0800] "GET /xingrg/javascript/myfunction.js HTTP/1.1" 304 -
120.253.135.82 - - [24/Nov/2022:10:06:47 +0800] "GET /xingrg/javascript/pic_change.js HTTP/1.1" 304 -
120.253.135.82 - - [24/Nov/2022:10:06:47 +0800] "GET /xingrg/images/blue/button/fdqpd.gif HTTP/1.1" 200 2116
120.253.135.82 - - [24/Nov/2022:10:06:47 +0800] "GET /xingrg/images/blue/button/ckpd.gif HTTP/1.1" 200 2051
120.253.135.82 - - [24/Nov/2022:10:06:47 +0800] "GET /xingrg/images/blue/button/pszx.gif HTTP/1.1" 200 2648
120.253.135.82 - - [24/Nov/2022:10:06:47 +0800] "GET /xingrg/images/blue/button/fdps2.gif HTTP/1.1" 200 2548
120.253.135.82 - - [24/Nov/2022:10:06:47 +0800] "GET /xingrg/images/blue/button/cgydd.gif HTTP/1.1" 200 2712
120.253.135.82 - - [24/Nov/2022:10:06:47 +0800] "GET /xingrg/images/blue/button/jzcgd.gif HTTP/1.1" 200 1976
120.253.135.82 - - [24/Nov/2022:10:06:47 +0800] "GET /xingrg/images/blue/pic_form2.gif HTTP/1.1" 200 1853
120.253.135.82 - - [24/Nov/2022:10:06:47 +0800] "GET /xingrg/images/blue/button/yddb.gif HTTP/1.1" 200 2040
120.253.135.82 - - [24/Nov/2022:10:06:47 +0800] "GET /xingrg/images/blue/bg_dotted.jpg HTTP/1.1" 200 319
120.253.135.82 - - [24/Nov/2022:10:06:47 +0800] "GET /xingrg/images/blue/button/left_down_ah.jpg HTTP/1.1" 200 1848
120.253.135.82 - - [24/Nov/2022:10:06:47 +0800] "GET /xingrg/images/blue/button/line.jpg HTTP/1.1" 200 1397
120.253.135.82 - - [24/Nov/2022:10:06:47 +0800] "GET /xingrg/images/blue/button/right_down_ah.jpg HTTP/1.1" 200 1842
120.253.135.82 - - [24/Nov/2022:10:06:47 +0800] "GET /xingrg/images/blue/button/down_ah.jpg HTTP/1.1" 200 1732
120.253.135.82 - - [24/Nov/2022:10:06:47 +0800] "GET /xingrg/images/yd/bt.gif HTTP/1.1" 404 1040
116.238.139.35 - - [24/Nov/2022:10:06:48 +0800] "GET /xingrg/all/function/internal_message.html?_=1669255605163&CODE_STATE=getMsg HTTP/1.1" 200 27
180.162.115.136 - - [24/Nov/2022:10:06:49 +0800] "GET /xingrg/all/function/internal_message.html?_=1669254645592&CODE_STATE=getMsg HTTP/1.1" 302 -
120.253.135.82 - - [24/Nov/2022:10:06:52 +0800] "GET /xingrg/css/base.css HTTP/1.1" 304 -
120.253.135.82 - - [24/Nov/2022:10:06:52 +0800] "GET /xingrg/javascript/auto/jquery.autocomplete.css HTTP/1.1" 304 -
120.253.135.82 - - [24/Nov/2022:10:06:52 +0800] "GET /xingrg/javascript/easyui/themes/icon.css HTTP/1.1" 304 -
120.253.135.82 - - [24/Nov/2022:10:06:52 +0800] "GET /xingrg/css/site.css HTTP/1.1" 304 -
120.253.135.82 - - [24/Nov/2022:10:06:52 +0800] "GET /xingrg/javascript/jquery_tools/fix.css HTTP/1.1" 304 -
120.253.135.82 - - [24/Nov/2022:10:06:52 +0800] "GET /xingrg/javascript/easyui/themes/default/easyui.css HTTP/1.1" 304 -
120.253.135.82 - - [24/Nov/2022:10:06:52 +0800] "GET /xingrg/javascript/jquery_tools/datebox.css HTTP/1.1" 304 -
120.253.135.82 - - [24/Nov/2022:10:06:52 +0800] "GET /xingrg/javascript/jquery_tools/table.css HTTP/1.1" 304 -
120.253.135.82 - - [24/Nov/2022:10:06:52 +0800] "GET /xingrg/javascript/jquery_tools/jquery.tools.min.js HTTP/1.1" 304 -
120.253.135.82 - - [24/Nov/2022:10:06:52 +0800] "GET /xingrg/javascript/jquery_tools/jquery.tools.extend.js HTTP/1.1" 304 -
120.253.135.82 - - [24/Nov/2022:10:06:52 +0800] "GET /xingrg/javascript/jquery_tools/jquery.tools.hotkey.js HTTP/1.1" 304 -
120.253.135.82 - - [24/Nov/2022:10:06:52 +0800] "GET /xingrg/javascript/jquery_tools/jquery.tools.table.js HTTP/1.1" 304 -
120.253.135.82 - - [24/Nov/2022:10:06:52 +0800] "GET /xingrg/javascript/jquery_tools/list_manager.js HTTP/1.1" 304 -
120.253.135.82 - - [24/Nov/2022:10:06:52 +0800] "GET /xingrg/kc/buy/cgsh_order_list.html HTTP/1.1" 200 53780
120.253.135.82 - - [24/Nov/2022:10:06:52 +0800] "GET /xingrg/javascript/jquery.cookie.js HTTP/1.1" 304 -
120.253.135.82 - - [24/Nov/2022:10:06:52 +0800] "GET /xingrg/javascript/auto/jquery.autocomplete.js HTTP/1.1" 304 -
120.253.135.82 - - [24/Nov/2022:10:06:52 +0800] "GET /xingrg/javascript/print/LodopFuncs.js HTTP/1.1" 304 -
120.253.135.82 - - [24/Nov/2022:10:06:52 +0800] "GET /xingrg/javascript/easyui/easyloader.js HTTP/1.1" 304 -
120.253.135.82 - - [24/Nov/2022:10:06:53 +0800] "GET /xingrg/javascript/easyui/themes/icons/check_new.png HTTP/1.1" 304 -
120.253.135.82 - - [24/Nov/2022:10:06:53 +0800] "GET /xingrg/javascript/easyui/themes/icons/field_new.png HTTP/1.1" 304 -
120.253.135.82 - - [24/Nov/2022:10:06:53 +0800] "GET /xingrg/javascript/easyui/themes/icons/cance_new.png HTTP/1.1" 304 -
120.253.135.82 - - [24/Nov/2022:10:06:53 +0800] "GET /xingrg/javascript/easyui/themes/icons/edit_add_new.png HTTP/1.1" 304 -
120.253.135.82 - - [24/Nov/2022:10:06:53 +0800] "GET /xingrg/javascript/easyui/themes/icons/import_new.png HTTP/1.1" 304 -
120.253.135.82 - - [24/Nov/2022:10:06:53 +0800] "GET /xingrg/javascript/jquery_easy_ui/themes/icons/area.png HTTP/1.1" 304 -
120.253.135.82 - - [24/Nov/2022:10:06:53 +0800] "GET /xingrg/javascript/jquery_easy_ui/themes/icons/manage.png HTTP/1.1" 304 -
120.253.135.82 - - [24/Nov/2022:10:06:53 +0800] "GET /xingrg/javascript/easyui/plugins/jquery.parser.js HTTP/1.1" 304 -
120.253.135.82 - - [24/Nov/2022:10:06:53 +0800] "GET /xingrg/images/control/ajaxLoader.gif HTTP/1.1" 304 -
120.253.135.82 - - [24/Nov/2022:10:06:54 +0800] "POST /xingrg/kc/buy/cgsh_list_operate.html HTTP/1.1" 200 986
218.81.217.29 - - [24/Nov/2022:10:06:56 +0800] "GET /xingrg/check_reg.html?_=1669255627080 HTTP/1.1" 200 22
218.81.217.29 - - [24/Nov/2022:10:06:57 +0800] "GET /xingrg/all/function/internal_message.html?_=1669255627801&CODE_STATE=getMsg HTTP/1.1" 200 27
120.253.135.82 - - [24/Nov/2022:10:06:58 +0800] "GET /xingrg/kc/pszx/mdqp_order_list.html?state=10 HTTP/1.1" 200 10275
120.253.135.82 - - [24/Nov/2022:10:06:58 +0800] "GET /xingrg/javascript/Calendar.js HTTP/1.1" 304 -
120.253.135.82 - - [24/Nov/2022:10:06:58 +0800] "GET /xingrg/dwr/interface/AjaxQqpsService.js HTTP/1.1" 200 16326
120.253.135.82 - - [24/Nov/2022:10:06:59 +0800] "GET /xingrg/dwr/interface/AjaxReportQueryService.js HTTP/1.1" 200 13203
120.253.135.82 - - [24/Nov/2022:10:06:59 +0800] "GET /xingrg/dwr/util.js HTTP/1.1" 200 35990
120.253.135.82 - - [24/Nov/2022:10:06:59 +0800] "GET /xingrg/dwr/engine.js HTTP/1.1" 200 43631
120.253.135.82 - - [24/Nov/2022:10:06:59 +0800] "GET /xingrg/javascript/jquery_easy_ui/themes/icons/check_new.png HTTP/1.1" 304 -
120.253.135.82 - - [24/Nov/2022:10:06:59 +0800] "GET /xingrg/javascript/jquery_easy_ui/themes/icons/uncheck_new.png HTTP/1.1" 304 -
120.253.135.82 - - [24/Nov/2022:10:06:59 +0800] "GET /xingrg/javascript/jquery_easy_ui/themes/icons/back_new.png HTTP/1.1" 304 -
120.253.135.82 - - [24/Nov/2022:10:07:01 +0800] "GET /xingrg/kc/pszx/mdps_order_list.html?orderType=0 HTTP/1.1" 200 21035
120.253.135.82 - - [24/Nov/2022:10:07:01 +0800] "GET /xingrg/javascript/easyui/themes/icons/uncheck_new.png HTTP/1.1" 304 -
120.253.135.82 - - [24/Nov/2022:10:07:02 +0800] "POST /xingrg/kc/pszx/mdps_list_operate.html HTTP/1.1" 200 5287
222.70.183.206 - - [24/Nov/2022:10:07:05 +0800] "GET /xingrg/all/function/internal_message.html?_=1669255620298&CODE_STATE=getMsg HTTP/1.1" 200 27
114.88.159.190 - - [24/Nov/2022:10:07:08 +0800] "GET /xingrg/kc/buy/cgsh_order_operate.html?command=get_materiel&rest_code=00141&code=00101008150&supplier_code=00100007&order_time=2022-11-24 HTTP/1.1" 200 409
114.84.81.136 - - [24/Nov/2022:10:07:08 +0800] "GET /xingrg/all/function/internal_message.html?_=1669255630906&CODE_STATE=getMsg HTTP/1.1" 302 -
114.84.81.136 - - [24/Nov/2022:10:07:09 +0800] "GET /xingrg/all/function/internal_message.html?_=1669255626249&CODE_STATE=getMsg HTTP/1.1" 200 27
114.84.81.136 - - [24/Nov/2022:10:07:09 +0800] "GET /xingrg/check_reg.html?_=1669255626251 HTTP/1.1" 200 22
120.253.135.82 - - [24/Nov/2022:10:07:12 +0800] "GET /xingrg/javascript/auto/indicator.gif HTTP/1.1" 404 1066
120.253.135.82 - - [24/Nov/2022:10:07:18 +0800] "POST /xingrg/kc/pszx/mdps_list_operate.html HTTP/1.1" 200 4662
114.88.159.190 - - [24/Nov/2022:10:07:18 +0800] "GET /xingrg/check_reg.html?_=1669255238906 HTTP/1.1" 200 22
114.88.159.190 - - [24/Nov/2022:10:07:18 +0800] "GET /xingrg/all/function/internal_message.html?_=1669255238908&CODE_STATE=getMsg HTTP/1.1" 200 27
124.79.245.154 - - [24/Nov/2022:10:07:23 +0800] "GET /xingrg/all/function/internal_message.html?_=1669255858568&CODE_STATE=getMsg HTTP/1.1" 200 27
180.158.0.157 - - [24/Nov/2022:10:07:31 +0800] "GET /xingrg/all/function/internal_message.html?_=1669255648583&CODE_STATE=getMsg HTTP/1.1" 302 -
180.169.147.146 - - [24/Nov/2022:10:07:32 +0800] "GET /xingrg/all/function/internal_message.html?_=1669255646418&CODE_STATE=getMsg HTTP/1.1" 200 27
180.169.147.146 - - [24/Nov/2022:10:07:32 +0800] "GET /xingrg/check_reg.html?_=1669255646420 HTTP/1.1" 200 22
116.230.105.139 - - [24/Nov/2022:10:07:33 +0800] "GET /xingrg/all/function/internal_message.html?_=1669255633073&CODE_STATE=getMsg HTTP/1.1" 200 27
114.88.159.190 - - [24/Nov/2022:10:07:34 +0800] "GET /xingrg/kc/buy/cgsh_order_operate.html?command=get_materiel&rest_code=00141&code=00101009013&supplier_code=00100007&order_time=2022-11-24 HTTP/1.1" 200 422
180.162.229.95 - - [24/Nov/2022:10:07:34 +0800] "GET /xingrg/all/function/internal_message.html?_=1669255652000&CODE_STATE=getMsg HTTP/1.1" 200 27
180.162.229.95 - - [24/Nov/2022:10:07:34 +0800] "GET /xingrg/check_reg.html?_=1669255652348 HTTP/1.1" 200 22
120.253.135.82 - - [24/Nov/2022:10:07:40 +0800] "GET /xingrg/all/function/internal_message.html?_=1669255458184&CODE_STATE=getMsg HTTP/1.1" 200 27
114.95.46.117 - - [24/Nov/2022:10:07:42 +0800] "GET /xingrg/all/function/internal_message.html?_=1669255508266&CODE_STATE=getMsg HTTP/1.1" 302 -
114.95.46.117 - - [24/Nov/2022:10:07:42 +0800] "GET /xingrg/check_reg.html?_=1669255508269 HTTP/1.1" 302 -
114.88.159.190 - - [24/Nov/2022:10:07:46 +0800] "GET /xingrg/kc/buy/cgsh_order_operate.html?command=get_materiel&rest_code=00141&code=00101009016&supplier_code=00100007&order_time=2022-11-24 HTTP/1.1" 200 412
114.88.159.190 - - [24/Nov/2022:10:07:46 +0800] "GET /xingrg/all/function/internal_message.html?_=1669255663654&CODE_STATE=getMsg HTTP/1.1" 302 -
116.238.139.35 - - [24/Nov/2022:10:07:48 +0800] "GET /xingrg/check_reg.html?_=1669255665164 HTTP/1.1" 200 22
116.238.139.35 - - [24/Nov/2022:10:07:48 +0800] "GET /xingrg/all/function/internal_message.html?_=1669255665168&CODE_STATE=getMsg HTTP/1.1" 200 27
180.162.115.136 - - [24/Nov/2022:10:07:49 +0800] "GET /xingrg/all/function/internal_message.html?_=1669254705585&CODE_STATE=getMsg HTTP/1.1" 302 -
120.253.135.82 - - [24/Nov/2022:10:07:52 +0800] "POST /xingrg/kc/pszx/mdps_list_operate.html HTTP/1.1" 200 575
114.88.159.190 - - [24/Nov/2022:10:07:52 +0800] "POST /xingrg/kc/buy/cgsh_order_operate.html HTTP/1.1" 200 2065
120.253.135.82 - - [24/Nov/2022:10:07:53 +0800] "GET /xingrg/javascript/json2.js HTTP/1.1" 304 -
120.253.135.82 - - [24/Nov/2022:10:07:53 +0800] "GET /xingrg/javascript/convert.js HTTP/1.1" 304 -
120.253.135.82 - - [24/Nov/2022:10:07:53 +0800] "GET /xingrg/javascript/jquery_tools/order_manager.js HTTP/1.1" 304 -
120.253.135.82 - - [24/Nov/2022:10:07:53 +0800] "GET /xingrg/javascript/print/kc_print.js HTTP/1.1" 304 -
120.253.135.82 - - [24/Nov/2022:10:07:53 +0800] "GET /xingrg/kc/pszx/mdps_order_info.html?code=312022112300495 HTTP/1.1" 200 23978
120.253.135.82 - - [24/Nov/2022:10:07:53 +0800] "GET /xingrg/words/20221124091809_words.js HTTP/1.1" 200 934546
120.253.135.82 - - [24/Nov/2022:10:07:53 +0800] "GET /xingrg/javascript/easyui/themes/icons/copy_new.png HTTP/1.1" 304 -
120.253.135.82 - - [24/Nov/2022:10:07:53 +0800] "GET /xingrg/javascript/easyui/themes/icons/ok.png HTTP/1.1" 304 -
120.253.135.82 - - [24/Nov/2022:10:07:53 +0800] "GET /xingrg/javascript/easyui/themes/default/images/menu_downarrow.png HTTP/1.1" 304 -
120.253.135.82 - - [24/Nov/2022:10:07:53 +0800] "GET /xingrg/javascript/easyui/themes/icons/cancel.png HTTP/1.1" 304 -
120.253.135.82 - - [24/Nov/2022:10:07:53 +0800] "GET /xingrg/javascript/easyui/themes/icons/print.png HTTP/1.1" 304 -
180.162.115.136 - - [24/Nov/2022:10:07:53 +0800] "POST /xingrg/kc/buy/cgsh_list_operate.html HTTP/1.1" 302 -
180.162.115.136 - - [24/Nov/2022:10:07:54 +0800] "GET /xingrg/kc/buy/images/blue/login_bg.png HTTP/1.1" 404 1070
120.253.135.82 - - [24/Nov/2022:10:07:54 +0800] "GET /xingrg/all/common/auto_word.html?type=base&rest_code=00101 HTTP/1.1" 200 671
180.162.115.136 - - [24/Nov/2022:10:07:54 +0800] "GET /xingrg/kc/buy/images/blue/srbg.png HTTP/1.1" 404 1062
120.253.135.82 - - [24/Nov/2022:10:07:54 +0800] "GET /xingrg/javascript/easyui/themes/default/validatebox.css HTTP/1.1" 404 1104
120.253.135.82 - - [24/Nov/2022:10:07:54 +0800] "GET /xingrg/javascript/easyui/plugins/jquery.validatebox.js HTTP/1.1" 304 -
120.253.135.82 - - [24/Nov/2022:10:07:54 +0800] "GET /xingrg/javascript/easyui/plugins/jquery.numberbox.js HTTP/1.1" 304 -
180.162.115.136 - - [24/Nov/2022:10:07:54 +0800] "GET /xingrg/kc/buy/images/blue/hj.png HTTP/1.1" 404 1058
120.253.135.82 - - [24/Nov/2022:10:07:54 +0800] "POST /xingrg/kc/pszx/mdps_order_operate.html HTTP/1.1" 200 5213
120.253.135.82 - - [24/Nov/2022:10:07:54 +0800] "GET /xingrg/javascript/easyui/themes/icons/edit_remove.png HTTP/1.1" 304 -
120.253.135.82 - - [24/Nov/2022:10:07:54 +0800] "GET /xingrg/javascript/easyui/themes/default/images/button_plain_hover.png HTTP/1.1" 304 -
114.95.46.117 - - [24/Nov/2022:10:07:54 +0800] "GET /xingrg/kc/buy/cgsh_order_add.html HTTP/1.1" 302 -
114.95.46.117 - - [24/Nov/2022:10:07:54 +0800] "GET /xingrg/login.html HTTP/1.1" 200 7641
114.95.46.117 - - [24/Nov/2022:10:07:54 +0800] "GET /xingrg/login.html HTTP/1.1" 200 7641
114.95.46.117 - - [24/Nov/2022:10:07:55 +0800] "GET /favicon.ico HTTP/1.1" 404 -
180.162.115.136 - - [24/Nov/2022:10:07:55 +0800] "GET /xingrg/javascript/jquery_tools/images/prev.gif HTTP/1.1" 404 1086
180.162.115.136 - - [24/Nov/2022:10:07:55 +0800] "GET /xingrg/javascript/jquery_tools/images/next.gif HTTP/1.1" 404 1086
120.253.135.82 - - [24/Nov/2022:10:07:57 +0800] "POST /xingrg/kc/pszx/mdps_order_operate.html HTTP/1.1" 200 37
218.81.217.29 - - [24/Nov/2022:10:07:57 +0800] "GET /xingrg/all/function/internal_message.html?_=1669255687815&CODE_STATE=getMsg HTTP/1.1" 200 27
114.88.159.190 - - [24/Nov/2022:10:07:57 +0800] "GET /xingrg/kc/buy/cgsh_order_operate.html?command=get_materiel&rest_code=00141&code=00101009031&supplier_code=00100007&order_time=2022-11-24 HTTP/1.1" 200 409
120.253.135.82 - - [24/Nov/2022:10:07:59 +0800] "POST /xingrg/kc/pszx/mdps_order_operate.html HTTP/1.1" 200 12
120.253.135.82 - - [24/Nov/2022:10:08:00 +0800] "GET /xingrg/kc/pszx/mdps_order_info.html?code=312022112300495 HTTP/1.1" 200 19638
120.253.135.82 - - [24/Nov/2022:10:08:00 +0800] "GET /xingrg/javascript/easyui/themes/default/validatebox.css HTTP/1.1" 404 1104
120.253.135.82 - - [24/Nov/2022:10:08:01 +0800] "POST /xingrg/kc/pszx/mdps_order_operate.html HTTP/1.1" 200 3409
180.162.115.136 - - [24/Nov/2022:10:08:01 +0800] "GET /xingrg/kc/buy/buy_main.html HTTP/1.1" 302 -
180.162.115.136 - - [24/Nov/2022:10:08:01 +0800] "GET /xingrg/login.html HTTP/1.1" 200 7641
180.162.115.136 - - [24/Nov/2022:10:08:01 +0800] "GET /xingrg/login.html HTTP/1.1" 200 7641
180.162.115.136 - - [24/Nov/2022:10:08:02 +0800] "GET /favicon.ico HTTP/1.1" 404 -
180.162.115.136 - - [24/Nov/2022:10:08:03 +0800] "POST /xingrg/login.do HTTP/1.1" 302 -
180.162.115.136 - - [24/Nov/2022:10:08:03 +0800] "GET /xingrg/index.html?sysBaseUrl=http%3A%2F%2F180.169.147.146%3A18081%2Fxingrg%2F&costTime=42×tamp=1669255683775 HTTP/1.1" 200 17179
180.162.115.136 - - [24/Nov/2022:10:08:03 +0800] "GET /favicon.ico HTTP/1.1" 404 -
180.162.115.136 - - [24/Nov/2022:10:08:03 +0800] "POST /xingrg/all/common/load_tree.html?tree=area_rest_tree_json&manage=1 HTTP/1.1" 200 351
180.162.115.136 - - [24/Nov/2022:10:08:03 +0800] "GET /xingrg/check_reg.html?_=1669254720035 HTTP/1.1" 200 22
180.162.115.136 - - [24/Nov/2022:10:08:03 +0800] "GET /xingrg/all/function/internal_message.html?_=1669254720034&CODE_STATE=count HTTP/1.1" 200 11
180.162.115.136 - - [24/Nov/2022:10:08:04 +0800] "POST /xingrg/load_menu.html HTTP/1.1" 200 5138
222.70.183.206 - - [24/Nov/2022:10:08:05 +0800] "GET /xingrg/all/function/internal_message.html?_=1669255680283&CODE_STATE=getMsg HTTP/1.1" 200 27
180.162.115.136 - - [24/Nov/2022:10:08:05 +0800] "GET /xingrg/kc/buy/buy_main.html HTTP/1.1" 200 12412
180.162.115.136 - - [24/Nov/2022:10:08:05 +0800] "GET /xingrg/css/new_ie.css HTTP/1.1" 404 1036
114.88.159.190 - - [24/Nov/2022:10:08:06 +0800] "GET /xingrg/kc/buy/cgsh_order_operate.html?command=get_materiel&rest_code=00141&code=00101008323&supplier_code=00100007&order_time=2022-11-24 HTTP/1.1" 200 408
180.162.115.136 - - [24/Nov/2022:10:08:06 +0800] "GET /xingrg/images/yd/bt.gif HTTP/1.1" 404 1040
180.162.115.136 - - [24/Nov/2022:10:08:07 +0800] "GET /xingrg/kc/buy/cgsh_order_list.html HTTP/1.1" 200 53786
114.95.46.117 - - [24/Nov/2022:10:08:07 +0800] "POST /xingrg/login.do HTTP/1.1" 302 -
114.95.46.117 - - [24/Nov/2022:10:08:07 +0800] "GET /xingrg/index.html?sysBaseUrl=http%3A%2F%2F180.169.147.146%3A18081%2Fxingrg%2F&costTime=41×tamp=1669255687926 HTTP/1.1" 200 17173
114.95.46.117 - - [24/Nov/2022:10:08:08 +0800] "GET /favicon.ico HTTP/1.1" 404 -
114.95.46.117 - - [24/Nov/2022:10:08:08 +0800] "POST /xingrg/all/common/load_tree.html?tree=area_rest_tree_json&manage=1 HTTP/1.1" 200 342
114.95.46.117 - - [24/Nov/2022:10:08:08 +0800] "GET /xingrg/all/function/internal_message.html?_=1669255533649&CODE_STATE=count HTTP/1.1" 200 11
114.95.46.117 - - [24/Nov/2022:10:08:08 +0800] "GET /xingrg/check_reg.html?_=1669255533650 HTTP/1.1" 200 22
114.95.46.117 - - [24/Nov/2022:10:08:08 +0800] "POST /xingrg/load_menu.html HTTP/1.1" 200 5138
114.84.81.136 - - [24/Nov/2022:10:08:08 +0800] "GET /xingrg/all/function/internal_message.html?_=1669255690904&CODE_STATE=getMsg HTTP/1.1" 302 -
114.84.81.136 - - [24/Nov/2022:10:08:09 +0800] "GET /xingrg/all/function/internal_message.html?_=1669255686244&CODE_STATE=getMsg HTTP/1.1" 200 27
114.95.46.117 - - [24/Nov/2022:10:08:10 +0800] "GET /xingrg/kc/buy/buy_main.html HTTP/1.1" 200 12412
114.95.46.117 - - [24/Nov/2022:10:08:10 +0800] "GET /xingrg/css/new_ie.css HTTP/1.1" 404 1036
114.95.46.117 - - [24/Nov/2022:10:08:11 +0800] "GET /xingrg/images/yd/bt.gif HTTP/1.1" 404 1040
114.95.46.117 - - [24/Nov/2022:10:08:12 +0800] "GET /xingrg/kc/buy/cgsh_order_list.html HTTP/1.1" 200 53780
180.162.115.136 - - [24/Nov/2022:10:08:12 +0800] "POST /xingrg/kc/buy/cgsh_list_operate.html HTTP/1.1" 200 2758
114.95.46.117 - - [24/Nov/2022:10:08:15 +0800] "POST /xingrg/kc/buy/cgsh_list_operate.html HTTP/1.1" 200 2698
180.162.115.136 - - [24/Nov/2022:10:08:15 +0800] "POST /xingrg/kc/buy/cgsh_list_operate.html HTTP/1.1" 200 565
114.88.159.190 - - [24/Nov/2022:10:08:15 +0800] "GET /xingrg/kc/buy/cgsh_order_operate.html?command=get_materiel&rest_code=00141&code=00101008199&supplier_code=00100007&order_time=2022-11-24 HTTP/1.1" 200 408
180.162.115.136 - - [24/Nov/2022:10:08:16 +0800] "GET /xingrg/kc/buy/cgsh_order_info.html?code=212022111705981 HTTP/1.1" 200 68649
180.162.115.136 - - [24/Nov/2022:10:08:16 +0800] "GET /xingrg/words/20221124091809_words.js HTTP/1.1" 200 934546
180.162.115.136 - - [24/Nov/2022:10:08:17 +0800] "GET /xingrg/all/common/auto_word.html?type=employee&rest_code=00143 HTTP/1.1" 200 55
180.162.115.136 - - [24/Nov/2022:10:08:17 +0800] "GET /xingrg/javascript/easyui/themes/default/validatebox.css HTTP/1.1" 404 1104
180.162.115.136 - - [24/Nov/2022:10:08:17 +0800] "GET /xingrg/all/common/auto_word.html?type=employee&rest_code=00143 HTTP/1.1" 200 55
180.162.115.136 - - [24/Nov/2022:10:08:18 +0800] "POST /xingrg/kc/buy/cgsh_order_operate.html HTTP/1.1" 200 16889
114.88.159.190 - - [24/Nov/2022:10:08:18 +0800] "GET /xingrg/all/function/internal_message.html?_=1669255298910&CODE_STATE=getMsg HTTP/1.1" 200 27
120.253.135.82 - - [24/Nov/2022:10:08:19 +0800] "POST /xingrg/kc/pszx/mdps_list_operate.html HTTP/1.1" 200 278
120.253.135.82 - - [24/Nov/2022:10:08:19 +0800] "GET /xingrg/kc/pszx/mdps_order_info.html?code=312022112300499 HTTP/1.1" 200 23978
120.253.135.82 - - [24/Nov/2022:10:08:20 +0800] "POST /xingrg/kc/pszx/mdps_order_operate.html HTTP/1.1" 200 2766
120.253.135.82 - - [24/Nov/2022:10:08:20 +0800] "GET /xingrg/javascript/easyui/themes/default/validatebox.css HTTP/1.1" 404 1104
124.79.245.154 - - [24/Nov/2022:10:08:23 +0800] "GET /xingrg/all/function/internal_message.html?_=1669255918592&CODE_STATE=getMsg HTTP/1.1" 200 27
124.79.245.154 - - [24/Nov/2022:10:08:23 +0800] "GET /xingrg/check_reg.html?_=1669255918593 HTTP/1.1" 200 22
120.253.135.82 - - [24/Nov/2022:10:08:23 +0800] "POST /xingrg/kc/pszx/mdps_order_operate.html HTTP/1.1" 200 37
114.95.46.117 - - [24/Nov/2022:10:08:25 +0800] "GET /xingrg/kc/buy/cgsh_order_add.html HTTP/1.1" 200 69643
114.95.46.117 - - [24/Nov/2022:10:08:25 +0800] "GET /xingrg/words/20221124091809_words.js HTTP/1.1" 200 934546
120.253.135.82 - - [24/Nov/2022:10:08:25 +0800] "POST /xingrg/kc/pszx/mdps_order_operate.html HTTP/1.1" 200 12
114.88.159.190 - - [24/Nov/2022:10:08:26 +0800] "GET /xingrg/kc/buy/cgsh_order_operate.html?command=get_materiel&rest_code=00141&code=00101008126&supplier_code=00100007&order_time=2022-11-24 HTTP/1.1" 200 412
114.95.46.117 - - [24/Nov/2022:10:08:27 +0800] "POST /xingrg/kc/buy/cgsh_order_operate.html HTTP/1.1" 200 8245
114.95.46.117 - - [24/Nov/2022:10:08:27 +0800] "GET /xingrg/javascript/easyui/themes/default/validatebox.css HTTP/1.1" 404 1104
180.162.115.136 - - [24/Nov/2022:10:08:28 +0800] "GET /xingrg/javascript/auto/indicator.gif HTTP/1.1" 404 1066
114.95.46.117 - - [24/Nov/2022:10:08:30 +0800] "GET /xingrg/javascript/auto/indicator.gif HTTP/1.1" 404 1066
180.158.0.157 - - [24/Nov/2022:10:08:32 +0800] "GET /xingrg/all/function/internal_message.html?_=1669255708601&CODE_STATE=getMsg HTTP/1.1" 302 -
180.169.147.146 - - [24/Nov/2022:10:08:32 +0800] "GET /xingrg/all/function/internal_message.html?_=1669255706445&CODE_STATE=getMsg HTTP/1.1" 200 27
116.230.105.139 - - [24/Nov/2022:10:08:33 +0800] "GET /xingrg/check_reg.html?_=1669255693059 HTTP/1.1" 200 22
116.230.105.139 - - [24/Nov/2022:10:08:33 +0800] "GET /xingrg/all/function/internal_message.html?_=1669255693061&CODE_STATE=getMsg HTTP/1.1" 200 27
120.253.135.82 - - [24/Nov/2022:10:08:34 +0800] "GET /xingrg/kc/pszx/mdps_order_info.html?code=312022112300499 HTTP/1.1" 200 19638
180.162.229.95 - - [24/Nov/2022:10:08:34 +0800] "GET /xingrg/all/function/internal_message.html?_=1669255711983&CODE_STATE=getMsg HTTP/1.1" 200 27
114.88.159.190 - - [24/Nov/2022:10:08:34 +0800] "GET /xingrg/kc/buy/cgsh_order_operate.html?command=get_materiel&rest_code=00141&code=00101008087&supplier_code=00100007&order_time=2022-11-24 HTTP/1.1" 200 412
120.253.135.82 - - [24/Nov/2022:10:08:34 +0800] "GET /xingrg/javascript/easyui/themes/default/validatebox.css HTTP/1.1" 404 1104
120.253.135.82 - - [24/Nov/2022:10:08:34 +0800] "POST /xingrg/kc/pszx/mdps_order_operate.html HTTP/1.1" 200 983
180.162.115.136 - - [24/Nov/2022:10:08:35 +0800] "GET /xingrg/kc/buy/cgsh_order_operate.html?command=get_materiel&rest_code=00143&code=00101001053&supplier_code=00100207&order_time=2022-11-23 HTTP/1.1" 200 410
120.253.135.82 - - [24/Nov/2022:10:08:35 +0800] "POST /xingrg/kc/pszx/mdps_list_operate.html HTTP/1.1" 200 3919
120.253.135.82 - - [24/Nov/2022:10:08:37 +0800] "POST /xingrg/kc/pszx/mdps_list_operate.html HTTP/1.1" 200 351
114.88.159.190 - - [24/Nov/2022:10:08:38 +0800] "POST /xingrg/kc/buy/cgsh_order_operate.html HTTP/1.1" 200 2065
120.253.135.82 - - [24/Nov/2022:10:08:40 +0800] "GET /xingrg/all/function/internal_message.html?_=1669255518197&CODE_STATE=getMsg HTTP/1.1" 200 27
120.253.135.82 - - [24/Nov/2022:10:08:40 +0800] "POST /xingrg/kc/pszx/mdps_list_operate.html HTTP/1.1" 200 392
120.253.135.82 - - [24/Nov/2022:10:08:40 +0800] "GET /xingrg/kc/pszx/mdps_order_info.html?code=312022112300498 HTTP/1.1" 200 23978
120.253.135.82 - - [24/Nov/2022:10:08:41 +0800] "GET /xingrg/javascript/easyui/themes/default/validatebox.css HTTP/1.1" 404 1104
120.253.135.82 - - [24/Nov/2022:10:08:41 +0800] "POST /xingrg/kc/pszx/mdps_order_operate.html HTTP/1.1" 200 3352
120.253.135.82 - - [24/Nov/2022:10:08:44 +0800] "POST /xingrg/kc/pszx/mdps_order_operate.html HTTP/1.1" 200 37
120.253.135.82 - - [24/Nov/2022:10:08:46 +0800] "POST /xingrg/kc/pszx/mdps_order_operate.html HTTP/1.1" 200 12
114.88.159.190 - - [24/Nov/2022:10:08:46 +0800] "GET /xingrg/all/function/internal_message.html?_=1669255723647&CODE_STATE=getMsg HTTP/1.1" 302 -
116.238.139.35 - - [24/Nov/2022:10:08:48 +0800] "GET /xingrg/all/function/internal_message.html?_=1669255725172&CODE_STATE=getMsg HTTP/1.1" 200 27
114.88.159.190 - - [24/Nov/2022:10:08:52 +0800] "GET /xingrg/kc/buy/cgsh_order_operate.html?command=get_materiel&rest_code=00141&code=00101008372&supplier_code=00100007&order_time=2022-11-24 HTTP/1.1" 200 408
218.81.217.29 - - [24/Nov/2022:10:08:57 +0800] "GET /xingrg/all/function/internal_message.html?_=1669255747828&CODE_STATE=getMsg HTTP/1.1" 200 27
120.253.135.82 - - [24/Nov/2022:10:08:57 +0800] "GET /xingrg/kc/pszx/mdps_order_info.html?code=312022112300498 HTTP/1.1" 200 19638
120.253.135.82 - - [24/Nov/2022:10:08:57 +0800] "POST /xingrg/kc/pszx/mdps_order_operate.html HTTP/1.1" 200 1566
120.253.135.82 - - [24/Nov/2022:10:08:57 +0800] "GET /xingrg/javascript/easyui/themes/default/validatebox.css HTTP/1.1" 404 1104
120.253.135.82 - - [24/Nov/2022:10:08:59 +0800] "POST /xingrg/kc/pszx/mdps_list_operate.html HTTP/1.1" 200 3548
120.253.135.82 - - [24/Nov/2022:10:09:02 +0800] "POST /xingrg/kc/pszx/mdps_list_operate.html HTTP/1.1" 200 205
120.253.135.82 - - [24/Nov/2022:10:09:02 +0800] "GET /xingrg/kc/pszx/mdps_order_info.html?code=312022112400508 HTTP/1.1" 200 23978
120.253.135.82 - - [24/Nov/2022:10:09:03 +0800] "GET /xingrg/javascript/easyui/themes/default/validatebox.css HTTP/1.1" 404 1104
120.253.135.82 - - [24/Nov/2022:10:09:03 +0800] "POST /xingrg/kc/pszx/mdps_order_operate.html HTTP/1.1" 200 2283
114.95.46.117 - - [24/Nov/2022:10:09:03 +0800] "GET /xingrg/kc/buy/cgsh_order_operate.html?command=get_materiel&rest_code=00105&code=00101002027&supplier_code=00100397&order_time=2022-11-24 HTTP/1.1" 200 413
180.162.115.136 - - [24/Nov/2022:10:09:04 +0800] "GET /xingrg/all/function/internal_message.html?_=1669254780537&CODE_STATE=getMsg HTTP/1.1" 200 27
222.70.183.206 - - [24/Nov/2022:10:09:05 +0800] "GET /xingrg/all/function/internal_message.html?_=1669255740266&CODE_STATE=getMsg HTTP/1.1" 200 27
120.253.135.82 - - [24/Nov/2022:10:09:06 +0800] "POST /xingrg/kc/pszx/mdps_order_operate.html HTTP/1.1" 200 37
114.95.46.117 - - [24/Nov/2022:10:09:08 +0800] "GET /xingrg/all/function/internal_message.html?_=1669255593664&CODE_STATE=getMsg HTTP/1.1" 200 27
120.253.135.82 - - [24/Nov/2022:10:09:08 +0800] "POST /xingrg/kc/pszx/mdps_order_operate.html HTTP/1.1" 200 12
114.88.159.190 - - [24/Nov/2022:10:09:08 +0800] "GET /xingrg/kc/buy/cgsh_order_operate.html?command=get_materiel&rest_code=00141&code=00101009044&supplier_code=00100007&order_time=2022-11-24 HTTP/1.1" 200 412
114.84.81.136 - - [24/Nov/2022:10:09:08 +0800] "GET /xingrg/all/function/internal_message.html?_=1669255750902&CODE_STATE=getMsg HTTP/1.1" 302 -
114.84.81.136 - - [24/Nov/2022:10:09:09 +0800] "GET /xingrg/check_reg.html?_=1669255750903 HTTP/1.1" 302 -
114.84.81.136 - - [24/Nov/2022:10:09:09 +0800] "GET /xingrg/all/function/internal_message.html?_=1669255746244&CODE_STATE=getMsg HTTP/1.1" 200 27
180.162.115.136 - - [24/Nov/2022:10:09:12 +0800] "GET /xingrg/kc/buy/cgsh_order_operate.html?command=get_materiel&rest_code=00143&code=00101002017&supplier_code=00100207&order_time=2022-11-23 HTTP/1.1" 200 409
120.253.135.82 - - [24/Nov/2022:10:09:15 +0800] "GET /xingrg/kc/pszx/mdps_order_info.html?code=312022112400508 HTTP/1.1" 200 19638
120.253.135.82 - - [24/Nov/2022:10:09:16 +0800] "POST /xingrg/kc/pszx/mdps_order_operate.html HTTP/1.1" 200 504
120.253.135.82 - - [24/Nov/2022:10:09:16 +0800] "GET /xingrg/javascript/easyui/themes/default/validatebox.css HTTP/1.1" 404 1104
114.88.159.190 - - [24/Nov/2022:10:09:17 +0800] "GET /xingrg/kc/buy/cgsh_order_operate.html?command=get_materiel&rest_code=00141&code=00101009122&supplier_code=00100007&order_time=2022-11-24 HTTP/1.1" 200 405
120.253.135.82 - - [24/Nov/2022:10:09:17 +0800] "POST /xingrg/kc/pszx/mdps_list_operate.html HTTP/1.1" 200 3177
114.88.159.190 - - [24/Nov/2022:10:09:18 +0800] "GET /xingrg/all/function/internal_message.html?_=1669255358902&CODE_STATE=getMsg HTTP/1.1" 200 27
120.253.135.82 - - [24/Nov/2022:10:09:22 +0800] "POST /xingrg/kc/pszx/mdps_list_operate.html HTTP/1.1" 200 351
120.253.135.82 - - [24/Nov/2022:10:09:22 +0800] "GET /xingrg/kc/pszx/mdps_order_info.html?code=312022112300496 HTTP/1.1" 200 23978
124.79.245.154 - - [24/Nov/2022:10:09:23 +0800] "GET /xingrg/all/function/internal_message.html?_=1669255978598&CODE_STATE=getMsg HTTP/1.1" 200 27
120.253.135.82 - - [24/Nov/2022:10:09:23 +0800] "GET /xingrg/javascript/easyui/themes/default/validatebox.css HTTP/1.1" 404 1104
120.253.135.82 - - [24/Nov/2022:10:09:23 +0800] "POST /xingrg/kc/pszx/mdps_order_operate.html HTTP/1.1" 200 3253
180.162.115.136 - - [24/Nov/2022:10:09:24 +0800] "GET /xingrg/javascript/jquery_tools/images/next.gif HTTP/1.1" 404 1086
180.162.115.136 - - [24/Nov/2022:10:09:24 +0800] "GET /xingrg/javascript/jquery_tools/images/prev.gif HTTP/1.1" 404 1086
120.253.135.82 - - [24/Nov/2022:10:09:26 +0800] "POST /xingrg/kc/pszx/mdps_order_operate.html HTTP/1.1" 200 37
114.88.159.190 - - [24/Nov/2022:10:09:27 +0800] "POST /xingrg/kc/buy/cgsh_order_operate.html HTTP/1.1" 200 37
120.253.135.82 - - [24/Nov/2022:10:09:28 +0800] "POST /xingrg/kc/pszx/mdps_order_operate.html HTTP/1.1" 200 12
180.162.115.136 - - [24/Nov/2022:10:09:30 +0800] "POST /xingrg/kc/buy/cgsh_order_operate.html HTTP/1.1" 200 37
180.158.0.157 - - [24/Nov/2022:10:09:32 +0800] "GET /xingrg/all/function/internal_message.html?_=1669255768603&CODE_STATE=getMsg HTTP/1.1" 302 -
180.169.147.146 - - [24/Nov/2022:10:09:32 +0800] "GET /xingrg/all/function/internal_message.html?_=1669255766445&CODE_STATE=getMsg HTTP/1.1" 200 27
180.162.115.136 - - [24/Nov/2022:10:09:32 +0800] "POST /xingrg/kc/buy/cgsh_order_operate.html HTTP/1.1" 200 18070
116.230.105.139 - - [24/Nov/2022:10:09:33 +0800] "GET /xingrg/all/function/internal_message.html?_=1669255753076&CODE_STATE=getMsg HTTP/1.1" 200 27
180.162.229.95 - - [24/Nov/2022:10:09:34 +0800] "GET /xingrg/all/function/internal_message.html?_=1669255771983&CODE_STATE=getMsg HTTP/1.1" 200 27
114.88.159.190 - - [24/Nov/2022:10:09:34 +0800] "POST /xingrg/kc/buy/cgsh_order_operate.html HTTP/1.1" 200 12
114.88.159.190 - - [24/Nov/2022:10:09:35 +0800] "GET /xingrg/kc/buy/cgsh_order_info.html?code=212022112408156 HTTP/1.1" 200 64464
114.88.159.190 - - [24/Nov/2022:10:09:36 +0800] "GET /xingrg/javascript/easyui/themes/default/validatebox.css HTTP/1.1" 404 1104
120.253.135.82 - - [24/Nov/2022:10:09:36 +0800] "GET /xingrg/kc/pszx/mdps_order_info.html?code=312022112300496 HTTP/1.1" 200 19638
114.88.159.190 - - [24/Nov/2022:10:09:37 +0800] "POST /xingrg/kc/buy/cgsh_order_operate.html HTTP/1.1" 200 31896
120.253.135.82 - - [24/Nov/2022:10:09:37 +0800] "POST /xingrg/kc/pszx/mdps_order_operate.html HTTP/1.1" 200 1467
120.253.135.82 - - [24/Nov/2022:10:09:37 +0800] "GET /xingrg/javascript/easyui/themes/default/validatebox.css HTTP/1.1" 404 1104
114.88.159.190 - - [24/Nov/2022:10:09:37 +0800] "GET /xingrg/kc/print/load_data.html?order_code=212022112408156&kc_code=cgsh&condition= HTTP/1.1" 200 12555
120.253.135.82 - - [24/Nov/2022:10:09:38 +0800] "POST /xingrg/kc/pszx/mdps_list_operate.html HTTP/1.1" 200 2806
120.253.135.82 - - [24/Nov/2022:10:09:40 +0800] "GET /xingrg/all/function/internal_message.html?_=1669255578211&CODE_STATE=getMsg HTTP/1.1" 200 27
120.253.135.82 - - [24/Nov/2022:10:09:40 +0800] "POST /xingrg/kc/pszx/mdps_list_operate.html HTTP/1.1" 200 584
120.253.135.82 - - [24/Nov/2022:10:09:41 +0800] "GET /xingrg/kc/pszx/mdps_order_info.html?code=312022112300502 HTTP/1.1" 200 23978
120.253.135.82 - - [24/Nov/2022:10:09:42 +0800] "GET /xingrg/javascript/easyui/themes/default/validatebox.css HTTP/1.1" 404 1104
120.253.135.82 - - [24/Nov/2022:10:09:42 +0800] "POST /xingrg/kc/pszx/mdps_order_operate.html HTTP/1.1" 200 4729
114.88.159.190 - - [24/Nov/2022:10:09:46 +0800] "GET /xingrg/all/function/internal_message.html?_=1669255783644&CODE_STATE=getMsg HTTP/1.1" 302 -
114.95.46.117 - - [24/Nov/2022:10:09:47 +0800] "GET /xingrg/kc/buy/cgsh_order_operate.html?command=get_materiel&rest_code=00105&code=00101001010&supplier_code=00100397&order_time=2022-11-24 HTTP/1.1" 200 409
116.238.139.35 - - [24/Nov/2022:10:09:48 +0800] "GET /xingrg/all/function/internal_message.html?_=1669255785176&CODE_STATE=getMsg HTTP/1.1" 200 27
120.253.135.82 - - [24/Nov/2022:10:09:50 +0800] "POST /xingrg/kc/pszx/mdps_order_operate.html HTTP/1.1" 200 37
120.253.135.82 - - [24/Nov/2022:10:09:51 +0800] "POST /xingrg/kc/pszx/mdps_order_operate.html HTTP/1.1" 200 12
120.253.135.82 - - [24/Nov/2022:10:09:54 +0800] "GET /xingrg/kc/pszx/mdps_order_info.html?code=312022112300502 HTTP/1.1" 200 19638
120.253.135.82 - - [24/Nov/2022:10:09:54 +0800] "POST /xingrg/kc/pszx/mdps_order_operate.html HTTP/1.1" 200 2932
120.253.135.82 - - [24/Nov/2022:10:09:54 +0800] "GET /xingrg/javascript/easyui/themes/default/validatebox.css HTTP/1.1" 404 1104
218.81.217.29 - - [24/Nov/2022:10:09:57 +0800] "GET /xingrg/all/function/internal_message.html?_=1669255807982&CODE_STATE=getMsg HTTP/1.1" 200 27
120.253.135.82 - - [24/Nov/2022:10:09:57 +0800] "POST /xingrg/kc/pszx/mdps_list_operate.html HTTP/1.1" 200 2436
180.162.115.136 - - [24/Nov/2022:10:10:04 +0800] "GET /xingrg/all/function/internal_message.html?_=1669254840517&CODE_STATE=getMsg HTTP/1.1" 200 27
222.70.183.206 - - [24/Nov/2022:10:10:05 +0800] "GET /xingrg/all/function/internal_message.html?_=1669255800251&CODE_STATE=getMsg HTTP/1.1" 200 27
222.70.183.206 - - [24/Nov/2022:10:10:06 +0800] "GET /xingrg/check_reg.html?_=1669255801127 HTTP/1.1" 200 22
114.95.46.117 - - [24/Nov/2022:10:10:08 +0800] "GET /xingrg/all/function/internal_message.html?_=1669255653661&CODE_STATE=getMsg HTTP/1.1" 200 27
114.84.81.136 - - [24/Nov/2022:10:10:08 +0800] "GET /xingrg/all/function/internal_message.html?_=1669255810902&CODE_STATE=getMsg HTTP/1.1" 302 -
114.84.81.136 - - [24/Nov/2022:10:10:09 +0800] "GET /xingrg/all/function/internal_message.html?_=1669255806246&CODE_STATE=getMsg HTTP/1.1" 200 27
120.253.135.82 - - [24/Nov/2022:10:10:09 +0800] "POST /xingrg/kc/pszx/mdps_list_operate.html HTTP/1.1" 200 615
120.253.135.82 - - [24/Nov/2022:10:10:10 +0800] "GET /xingrg/kc/pszx/mdps_order_info.html?code=312022112300500 HTTP/1.1" 200 23978
120.253.135.82 - - [24/Nov/2022:10:10:11 +0800] "GET /xingrg/javascript/easyui/themes/default/validatebox.css HTTP/1.1" 404 1104
120.253.135.82 - - [24/Nov/2022:10:10:11 +0800] "POST /xingrg/kc/pszx/mdps_order_operate.html HTTP/1.1" 200 4796
120.253.135.82 - - [24/Nov/2022:10:10:15 +0800] "POST /xingrg/kc/pszx/mdps_order_operate.html HTTP/1.1" 200 37
120.253.135.82 - - [24/Nov/2022:10:10:17 +0800] "POST /xingrg/kc/pszx/mdps_order_operate.html HTTP/1.1" 200 12
114.88.159.190 - - [24/Nov/2022:10:10:18 +0800] "GET /xingrg/all/function/internal_message.html?_=1669255418910&CODE_STATE=getMsg HTTP/1.1" 200 27
120.253.135.82 - - [24/Nov/2022:10:10:21 +0800] "GET /xingrg/kc/pszx/mdps_order_info.html?code=312022112300500 HTTP/1.1" 200 19638
120.253.135.82 - - [24/Nov/2022:10:10:21 +0800] "POST /xingrg/kc/pszx/mdps_order_operate.html HTTP/1.1" 200 2993
120.253.135.82 - - [24/Nov/2022:10:10:21 +0800] "GET /xingrg/javascript/easyui/themes/default/validatebox.css HTTP/1.1" 404 1104
124.79.245.154 - - [24/Nov/2022:10:10:23 +0800] "GET /xingrg/all/function/internal_message.html?_=1669256038609&CODE_STATE=getMsg HTTP/1.1" 200 27
120.253.135.82 - - [24/Nov/2022:10:10:23 +0800] "POST /xingrg/kc/pszx/mdps_list_operate.html HTTP/1.1" 200 2065
114.95.46.117 - - [24/Nov/2022:10:10:24 +0800] "GET /xingrg/kc/buy/cgsh_order_operate.html?command=get_materiel&rest_code=00105&code=00101001075&supplier_code=00100397&order_time=2022-11-24 HTTP/1.1" 200 409
180.158.0.157 - - [24/Nov/2022:10:10:31 +0800] "GET /xingrg/all/function/internal_message.html?_=1669255828581&CODE_STATE=getMsg HTTP/1.1" 302 -
180.169.147.146 - - [24/Nov/2022:10:10:32 +0800] "GET /xingrg/all/function/internal_message.html?_=1669255826443&CODE_STATE=getMsg HTTP/1.1" 200 27
116.230.105.139 - - [24/Nov/2022:10:10:33 +0800] "GET /xingrg/all/function/internal_message.html?_=1669255813068&CODE_STATE=getMsg HTTP/1.1" 200 27
180.162.229.95 - - [24/Nov/2022:10:10:34 +0800] "GET /xingrg/all/function/internal_message.html?_=1669255831967&CODE_STATE=getMsg HTTP/1.1" 200 27
120.253.135.82 - - [24/Nov/2022:10:10:35 +0800] "POST /xingrg/kc/pszx/mdps_list_operate.html HTTP/1.1" 200 204
120.253.135.82 - - [24/Nov/2022:10:10:36 +0800] "POST /xingrg/kc/pszx/mdps_list_operate.html HTTP/1.1" 200 203
120.253.135.82 - - [24/Nov/2022:10:10:40 +0800] "GET /xingrg/all/function/internal_message.html?_=1669255638224&CODE_STATE=getMsg HTTP/1.1" 200 27
114.88.159.190 - - [24/Nov/2022:10:10:46 +0800] "GET /xingrg/all/function/internal_message.html?_=1669255843634&CODE_STATE=getMsg HTTP/1.1" 302 -
116.238.139.35 - - [24/Nov/2022:10:10:48 +0800] "GET /xingrg/all/function/internal_message.html?_=1669255845177&CODE_STATE=getMsg HTTP/1.1" 200 27
218.81.217.29 - - [24/Nov/2022:10:10:57 +0800] "GET /xingrg/all/function/internal_message.html?_=1669255867999&CODE_STATE=getMsg HTTP/1.1" 200 27
120.253.135.82 - - [24/Nov/2022:10:10:58 +0800] "POST /xingrg/kc/pszx/mdps_list_operate.html HTTP/1.1" 200 4303
180.162.115.136 - - [24/Nov/2022:10:11:04 +0800] "GET /xingrg/all/function/internal_message.html?_=1669254900504&CODE_STATE=getMsg HTTP/1.1" 200 27
222.70.183.206 - - [24/Nov/2022:10:11:05 +0800] "GET /xingrg/all/function/internal_message.html?_=1669255860222&CODE_STATE=getMsg HTTP/1.1" 200 27
120.253.135.82 - - [24/Nov/2022:10:11:07 +0800] "POST /xingrg/kc/pszx/mdps_list_operate.html HTTP/1.1" 200 613
114.95.46.117 - - [24/Nov/2022:10:11:08 +0800] "GET /xingrg/all/function/internal_message.html?_=1669255713672&CODE_STATE=getMsg HTTP/1.1" 200 27
120.253.135.82 - - [24/Nov/2022:10:11:08 +0800] "GET /xingrg/kc/pszx/mdps_order_info.html?code=312022112300493 HTTP/1.1" 200 23978
120.253.135.82 - - [24/Nov/2022:10:11:08 +0800] "GET /xingrg/javascript/easyui/themes/default/validatebox.css HTTP/1.1" 404 1104
120.253.135.82 - - [24/Nov/2022:10:11:08 +0800] "POST /xingrg/kc/pszx/mdps_order_operate.html HTTP/1.1" 200 9267
114.84.81.136 - - [24/Nov/2022:10:11:08 +0800] "GET /xingrg/all/function/internal_message.html?_=1669255870916&CODE_STATE=getMsg HTTP/1.1" 302 -
114.84.81.136 - - [24/Nov/2022:10:11:09 +0800] "GET /xingrg/all/function/internal_message.html?_=1669255866242&CODE_STATE=getMsg HTTP/1.1" 200 27
120.253.135.82 - - [24/Nov/2022:10:11:12 +0800] "POST /xingrg/kc/pszx/mdps_order_operate.html HTTP/1.1" 200 37
114.95.46.117 - - [24/Nov/2022:10:11:14 +0800] "POST /xingrg/kc/buy/cgsh_order_operate.html HTTP/1.1" 200 37
120.253.135.82 - - [24/Nov/2022:10:11:14 +0800] "POST /xingrg/kc/pszx/mdps_order_operate.html HTTP/1.1" 200 12
114.95.46.117 - - [24/Nov/2022:10:11:16 +0800] "POST /xingrg/kc/buy/cgsh_order_operate.html HTTP/1.1" 200 4427
120.253.135.82 - - [24/Nov/2022:10:11:17 +0800] "GET /xingrg/kc/pszx/mdps_order_info.html?code=312022112300493 HTTP/1.1" 200 19638
120.253.135.82 - - [24/Nov/2022:10:11:18 +0800] "POST /xingrg/kc/pszx/mdps_order_operate.html HTTP/1.1" 200 7415
120.253.135.82 - - [24/Nov/2022:10:11:18 +0800] "GET /xingrg/javascript/easyui/themes/default/validatebox.css HTTP/1.1" 404 1104
114.95.46.117 - - [24/Nov/2022:10:11:18 +0800] "GET /xingrg/kc/print/load_data.html?order_code=212022112408157&kc_code=cgsh&condition= HTTP/1.1" 200 1342
114.88.159.190 - - [24/Nov/2022:10:11:18 +0800] "GET /xingrg/all/function/internal_message.html?_=1669255478909&CODE_STATE=getMsg HTTP/1.1" 200 27
124.79.245.154 - - [24/Nov/2022:10:11:23 +0800] "GET /xingrg/all/function/internal_message.html?_=1669256098593&CODE_STATE=getMsg HTTP/1.1" 200 27
180.158.0.157 - - [24/Nov/2022:10:11:32 +0800] "GET /xingrg/all/function/internal_message.html?_=1669255888590&CODE_STATE=getMsg HTTP/1.1" 302 -
180.158.0.157 - - [24/Nov/2022:10:11:32 +0800] "GET /xingrg/check_reg.html?_=1669255888593 HTTP/1.1" 302 -
180.169.147.146 - - [24/Nov/2022:10:11:32 +0800] "GET /xingrg/all/function/internal_message.html?_=1669255886444&CODE_STATE=getMsg HTTP/1.1" 200 27
116.230.105.139 - - [24/Nov/2022:10:11:33 +0800] "GET /xingrg/all/function/internal_message.html?_=1669255873060&CODE_STATE=getMsg HTTP/1.1" 200 27
180.162.229.95 - - [24/Nov/2022:10:11:34 +0800] "GET /xingrg/all/function/internal_message.html?_=1669255891952&CODE_STATE=getMsg HTTP/1.1" 200 27
120.253.135.82 - - [24/Nov/2022:10:11:37 +0800] "POST /xingrg/kc/pszx/mdps_list_operate.html HTTP/1.1" 200 3930
120.253.135.82 - - [24/Nov/2022:10:11:40 +0800] "GET /xingrg/check_reg.html?_=1669255698175 HTTP/1.1" 200 22
120.253.135.82 - - [24/Nov/2022:10:11:40 +0800] "GET /xingrg/all/function/internal_message.html?_=1669255698238&CODE_STATE=getMsg HTTP/1.1" 200 27
120.253.135.82 - - [24/Nov/2022:10:11:41 +0800] "POST /xingrg/kc/pszx/mdps_list_operate.html HTTP/1.1" 200 203
120.253.135.82 - - [24/Nov/2022:10:11:42 +0800] "GET /xingrg/kc/pszx/mdps_order_info.html?code=312022112300494 HTTP/1.1" 200 23976
120.253.135.82 - - [24/Nov/2022:10:11:43 +0800] "GET /xingrg/javascript/easyui/themes/default/validatebox.css HTTP/1.1" 404 1104
120.253.135.82 - - [24/Nov/2022:10:11:43 +0800] "POST /xingrg/kc/pszx/mdps_order_operate.html HTTP/1.1" 200 2295
120.253.135.82 - - [24/Nov/2022:10:11:46 +0800] "POST /xingrg/kc/pszx/mdps_order_operate.html HTTP/1.1" 200 37
114.88.159.190 - - [24/Nov/2022:10:11:46 +0800] "GET /xingrg/all/function/internal_message.html?_=1669255903640&CODE_STATE=getMsg HTTP/1.1" 302 -
114.88.159.190 - - [24/Nov/2022:10:11:47 +0800] "GET /xingrg/check_reg.html?_=1669255903644 HTTP/1.1" 302 -
116.238.139.35 - - [24/Nov/2022:10:11:48 +0800] "GET /xingrg/all/function/internal_message.html?_=1669255905162&CODE_STATE=getMsg HTTP/1.1" 200 27
120.253.135.82 - - [24/Nov/2022:10:11:48 +0800] "POST /xingrg/kc/pszx/mdps_order_operate.html HTTP/1.1" 200 12
114.95.46.117 - - [24/Nov/2022:10:11:51 +0800] "POST /xingrg/services/DataTransmitService HTTP/1.1" 200 524
114.95.46.117 - - [24/Nov/2022:10:11:52 +0800] "POST /xingrg/services/DataTransmitService HTTP/1.1" 200 412
218.81.217.29 - - [24/Nov/2022:10:11:56 +0800] "GET /xingrg/check_reg.html?_=1669255927078 HTTP/1.1" 200 22
218.81.217.29 - - [24/Nov/2022:10:11:57 +0800] "GET /xingrg/all/function/internal_message.html?_=1669255928166&CODE_STATE=getMsg HTTP/1.1" 200 27
120.253.135.82 - - [24/Nov/2022:10:11:59 +0800] "GET /xingrg/kc/pszx/mdps_order_info.html?code=312022112300494 HTTP/1.1" 200 19636
120.253.135.82 - - [24/Nov/2022:10:11:59 +0800] "POST /xingrg/kc/pszx/mdps_order_operate.html HTTP/1.1" 200 516
120.253.135.82 - - [24/Nov/2022:10:11:59 +0800] "GET /xingrg/javascript/easyui/themes/default/validatebox.css HTTP/1.1" 404 1104
180.162.229.95 - - [24/Nov/2022:10:12:00 +0800] "POST /xingrg/kc/buy/cgsh_list_operate.html HTTP/1.1" 200 6455
120.253.135.82 - - [24/Nov/2022:10:12:00 +0800] "POST /xingrg/kc/pszx/mdps_list_operate.html HTTP/1.1" 200 3561
120.253.135.82 - - [24/Nov/2022:10:12:03 +0800] "POST /xingrg/kc/pszx/mdps_list_operate.html HTTP/1.1" 200 203
120.253.135.82 - - [24/Nov/2022:10:12:03 +0800] "GET /xingrg/kc/pszx/mdps_order_info.html?code=312022111800376 HTTP/1.1" 200 23978
120.253.135.82 - - [24/Nov/2022:10:12:04 +0800] "GET /xingrg/javascript/easyui/themes/default/validatebox.css HTTP/1.1" 404 1104
120.253.135.82 - - [24/Nov/2022:10:12:04 +0800] "POST /xingrg/kc/pszx/mdps_order_operate.html HTTP/1.1" 200 2276
180.162.115.136 - - [24/Nov/2022:10:12:04 +0800] "GET /xingrg/all/function/internal_message.html?_=1669254960477&CODE_STATE=getMsg HTTP/1.1" 200 27
222.70.183.206 - - [24/Nov/2022:10:12:05 +0800] "GET /xingrg/all/function/internal_message.html?_=1669255920233&CODE_STATE=getMsg HTTP/1.1" 200 27
114.95.46.117 - - [24/Nov/2022:10:12:08 +0800] "GET /xingrg/all/function/internal_message.html?_=1669255773660&CODE_STATE=getMsg HTTP/1.1" 200 27
114.84.81.136 - - [24/Nov/2022:10:12:08 +0800] "GET /xingrg/all/function/internal_message.html?_=1669255930914&CODE_STATE=getMsg HTTP/1.1" 302 -
120.253.135.82 - - [24/Nov/2022:10:12:09 +0800] "POST /xingrg/kc/pszx/mdps_order_operate.html HTTP/1.1" 200 37
114.84.81.136 - - [24/Nov/2022:10:12:09 +0800] "GET /xingrg/all/function/internal_message.html?_=1669255926243&CODE_STATE=getMsg HTTP/1.1" 200 27
114.84.81.136 - - [24/Nov/2022:10:12:09 +0800] "GET /xingrg/check_reg.html?_=1669255926245 HTTP/1.1" 200 22
120.253.135.82 - - [24/Nov/2022:10:12:10 +0800] "POST /xingrg/kc/pszx/mdps_order_operate.html HTTP/1.1" 200 12
114.88.159.190 - - [24/Nov/2022:10:12:18 +0800] "GET /xingrg/all/function/internal_message.html?_=1669255538914&CODE_STATE=getMsg HTTP/1.1" 200 27
114.88.159.190 - - [24/Nov/2022:10:12:18 +0800] "GET /xingrg/check_reg.html?_=1669255538916 HTTP/1.1" 200 22
120.253.135.82 - - [24/Nov/2022:10:12:20 +0800] "GET /xingrg/kc/pszx/mdps_order_info.html?code=312022111800376 HTTP/1.1" 200 19638
120.253.135.82 - - [24/Nov/2022:10:12:21 +0800] "POST /xingrg/kc/pszx/mdps_order_operate.html HTTP/1.1" 200 498
120.253.135.82 - - [24/Nov/2022:10:12:21 +0800] "GET /xingrg/javascript/easyui/themes/default/validatebox.css HTTP/1.1" 404 1104
120.253.135.82 - - [24/Nov/2022:10:12:22 +0800] "POST /xingrg/kc/pszx/mdps_list_operate.html HTTP/1.1" 200 3188
114.95.46.117 - - [24/Nov/2022:10:12:22 +0800] "GET /xingrg/kc/buy/cgsh_order_add.html HTTP/1.1" 200 69643
114.95.46.117 - - [24/Nov/2022:10:12:22 +0800] "POST /xingrg/kc/buy/cgsh_order_operate.html HTTP/1.1" 200 8245
114.95.46.117 - - [24/Nov/2022:10:12:22 +0800] "GET /xingrg/javascript/easyui/themes/default/validatebox.css HTTP/1.1" 404 1104
124.79.245.154 - - [24/Nov/2022:10:12:23 +0800] "GET /xingrg/all/function/internal_message.html?_=1669256158592&CODE_STATE=getMsg HTTP/1.1" 200 27
120.253.135.82 - - [24/Nov/2022:10:12:24 +0800] "POST /xingrg/kc/pszx/mdps_list_operate.html HTTP/1.1" 200 284
120.253.135.82 - - [24/Nov/2022:10:12:30 +0800] "GET /xingrg/kc/pszx/mdps_order_info.html?code=312022112200470 HTTP/1.1" 200 23984
120.253.135.82 - - [24/Nov/2022:10:12:30 +0800] "GET /xingrg/javascript/easyui/themes/default/validatebox.css HTTP/1.1" 404 1104
120.253.135.82 - - [24/Nov/2022:10:12:30 +0800] "POST /xingrg/kc/pszx/mdps_order_operate.html HTTP/1.1" 200 2777
180.158.0.157 - - [24/Nov/2022:10:12:32 +0800] "GET /xingrg/all/function/internal_message.html?_=1669255948593&CODE_STATE=getMsg HTTP/1.1" 302 -
180.169.147.146 - - [24/Nov/2022:10:12:32 +0800] "GET /xingrg/all/function/internal_message.html?_=1669255946445&CODE_STATE=getMsg HTTP/1.1" 200 27
180.169.147.146 - - [24/Nov/2022:10:12:32 +0800] "GET /xingrg/check_reg.html?_=1669255946448 HTTP/1.1" 200 22
116.230.105.139 - - [24/Nov/2022:10:12:33 +0800] "GET /xingrg/all/function/internal_message.html?_=1669255933067&CODE_STATE=getMsg HTTP/1.1" 200 27
180.162.229.95 - - [24/Nov/2022:10:12:34 +0800] "GET /xingrg/all/function/internal_message.html?_=1669255951931&CODE_STATE=getMsg HTTP/1.1" 200 27
180.162.229.95 - - [24/Nov/2022:10:12:34 +0800] "GET /xingrg/check_reg.html?_=1669255952352 HTTP/1.1" 200 22
120.253.135.82 - - [24/Nov/2022:10:12:37 +0800] "POST /xingrg/kc/pszx/mdps_order_operate.html HTTP/1.1" 200 37
120.253.135.82 - - [24/Nov/2022:10:12:38 +0800] "POST /xingrg/kc/pszx/mdps_order_operate.html HTTP/1.1" 200 12
114.88.159.190 - - [24/Nov/2022:10:12:46 +0800] "GET /xingrg/all/function/internal_message.html?_=1669255963657&CODE_STATE=getMsg HTTP/1.1" 302 -
116.238.139.35 - - [24/Nov/2022:10:12:48 +0800] "GET /xingrg/all/function/internal_message.html?_=1669255965162&CODE_STATE=getMsg HTTP/1.1" 200 27
116.238.139.35 - - [24/Nov/2022:10:12:48 +0800] "GET /xingrg/check_reg.html?_=1669255965165 HTTP/1.1" 200 22
