124.79.245.154 - - [22/Nov/2022:09:16:44 +0800] "GET /xingrg/check_reg.html?_=1669080021006 HTTP/1.1" 200 22
124.79.74.72 - - [22/Nov/2022:09:16:44 +0800] "POST /xingrg/kc/buy/cgsh_list_operate.html HTTP/1.1" 200 203
124.79.74.72 - - [22/Nov/2022:09:16:45 +0800] "GET /xingrg/kc/buy/cgsh_order_info.html?code=212022102407471 HTTP/1.1" 200 64545
124.79.74.72 - - [22/Nov/2022:09:16:46 +0800] "GET /xingrg/words/20221121165959_words.js HTTP/1.1" 200 934252
124.79.74.72 - - [22/Nov/2022:09:16:46 +0800] "GET /xingrg/javascript/easyui/themes/default/validatebox.css HTTP/1.1" 404 1104
124.79.74.72 - - [22/Nov/2022:09:16:47 +0800] "POST /xingrg/kc/buy/cgsh_order_operate.html HTTP/1.1" 200 615
101.85.106.255 - - [22/Nov/2022:09:16:50 +0800] "GET /xingrg/all/function/internal_message.html?_=1669079807881&CODE_STATE=getMsg HTTP/1.1" 200 27
124.79.74.72 - - [22/Nov/2022:09:16:51 +0800] "GET /xingrg/kc/print/load_config.html?kc_code=cgsh HTTP/1.1" 200 1943
124.79.74.72 - - [22/Nov/2022:09:16:51 +0800] "GET /xingrg/kc/print/load_data.html?order_code=212022102407471&kc_code=cgsh HTTP/1.1" 200 771
116.238.139.35 - - [22/Nov/2022:09:16:53 +0800] "GET /xingrg/all/function/internal_message.html?_=1669079720008&CODE_STATE=getMsg HTTP/1.1" 200 27
218.81.217.29 - - [22/Nov/2022:09:16:53 +0800] "GET /xingrg/all/function/internal_message.html?_=1669079817312&CODE_STATE=getMsg HTTP/1.1" 200 27
222.70.183.206 - - [22/Nov/2022:09:16:53 +0800] "POST /xingrg/kc/buy/cgsh_order_operate.html HTTP/1.1" 200 37
116.230.105.139 - - [22/Nov/2022:09:16:56 +0800] "GET /xingrg/all/function/internal_message.html?_=1669079802071&CODE_STATE=getMsg HTTP/1.1" 200 27
222.70.183.206 - - [22/Nov/2022:09:16:59 +0800] "POST /xingrg/kc/buy/cgsh_order_operate.html HTTP/1.1" 200 5031
222.70.183.206 - - [22/Nov/2022:09:17:00 +0800] "GET /xingrg/kc/print/load_data.html?order_code=212022112207441&kc_code=cgsh&condition= HTTP/1.1" 200 1666
114.84.81.136 - - [22/Nov/2022:09:17:00 +0800] "GET /xingrg/all/function/internal_message.html?_=1669079819793&CODE_STATE=getMsg HTTP/1.1" 200 27
114.84.81.136 - - [22/Nov/2022:09:17:00 +0800] "GET /xingrg/check_reg.html?_=1669079819812 HTTP/1.1" 200 22
124.79.74.72 - - [22/Nov/2022:09:17:11 +0800] "GET /xingrg/all/function/internal_message.html?_=1669079831671&CODE_STATE=getMsg HTTP/1.1" 200 27
114.88.159.190 - - [22/Nov/2022:09:17:18 +0800] "GET /xingrg/all/function/internal_message.html?_=1669079444190&CODE_STATE=getMsg HTTP/1.1" 200 27
114.95.46.117 - - [22/Nov/2022:09:17:29 +0800] "GET /xingrg/check_reg.html?_=1669079697060 HTTP/1.1" 200 22
114.95.46.117 - - [22/Nov/2022:09:17:29 +0800] "GET /xingrg/all/function/internal_message.html?_=1669079697063&CODE_STATE=getMsg HTTP/1.1" 200 27
222.70.183.206 - - [22/Nov/2022:09:17:36 +0800] "GET /xingrg/all/function/internal_message.html?_=1669079853847&CODE_STATE=getMsg HTTP/1.1" 200 27
120.253.135.82 - - [22/Nov/2022:09:17:42 +0800] "GET /xingrg/all/function/internal_message.html?_=1669079661517&CODE_STATE=getMsg HTTP/1.1" 200 27
180.162.229.95 - - [22/Nov/2022:09:17:43 +0800] "GET /xingrg/all/function/internal_message.html?_=1669079861877&CODE_STATE=getMsg HTTP/1.1" 200 27
116.238.139.35 - - [22/Nov/2022:09:17:43 +0800] "GET /xingrg/all/function/internal_message.html?_=1669079861504&CODE_STATE=getMsg HTTP/1.1" 200 27
124.79.245.154 - - [22/Nov/2022:09:17:44 +0800] "GET /xingrg/all/function/internal_message.html?_=1669080081003&CODE_STATE=getMsg HTTP/1.1" 200 27
114.88.159.190 - - [22/Nov/2022:09:17:47 +0800] "GET /xingrg/check_reg.html?_=1669079472388 HTTP/1.1" 200 22
101.85.106.255 - - [22/Nov/2022:09:17:50 +0800] "GET /xingrg/all/function/internal_message.html?_=1669079867880&CODE_STATE=getMsg HTTP/1.1" 200 27
116.238.139.35 - - [22/Nov/2022:09:17:53 +0800] "GET /xingrg/all/function/internal_message.html?_=1669079780078&CODE_STATE=getMsg HTTP/1.1" 200 27
218.81.217.29 - - [22/Nov/2022:09:17:53 +0800] "GET /xingrg/all/function/internal_message.html?_=1669079877327&CODE_STATE=getMsg HTTP/1.1" 200 27
116.230.105.139 - - [22/Nov/2022:09:17:56 +0800] "GET /xingrg/all/function/internal_message.html?_=1669079862062&CODE_STATE=getMsg HTTP/1.1" 200 27
120.253.135.82 - - [22/Nov/2022:09:17:59 +0800] "GET /xingrg/kc/pszx/mdps_order_list.html?orderType=0 HTTP/1.1" 200 21035
120.253.135.82 - - [22/Nov/2022:09:17:59 +0800] "POST /xingrg/kc/pszx/mdps_list_operate.html HTTP/1.1" 200 5347
114.84.81.136 - - [22/Nov/2022:09:18:00 +0800] "GET /xingrg/all/function/internal_message.html?_=1669079879781&CODE_STATE=getMsg HTTP/1.1" 200 27
120.253.135.82 - - [22/Nov/2022:09:18:03 +0800] "POST /xingrg/kc/pszx/mdps_list_operate.html HTTP/1.1" 200 3861
120.253.135.82 - - [22/Nov/2022:09:18:08 +0800] "POST /xingrg/kc/pszx/mdps_list_operate.html HTTP/1.1" 200 202
124.79.74.72 - - [22/Nov/2022:09:18:11 +0800] "GET /xingrg/all/function/internal_message.html?_=1669079891675&CODE_STATE=getMsg HTTP/1.1" 200 27
120.253.135.82 - - [22/Nov/2022:09:18:11 +0800] "POST /xingrg/kc/pszx/mdps_list_operate.html HTTP/1.1" 200 604
120.253.135.82 - - [22/Nov/2022:09:18:17 +0800] "POST /xingrg/kc/pszx/mdps_list_operate.html HTTP/1.1" 200 677
114.88.159.190 - - [22/Nov/2022:09:18:18 +0800] "GET /xingrg/all/function/internal_message.html?_=1669079504160&CODE_STATE=getMsg HTTP/1.1" 200 27
120.253.135.82 - - [22/Nov/2022:09:18:24 +0800] "GET /xingrg/kc/pszx/mdps_order_info.html?code=312022112100442 HTTP/1.1" 200 23972
120.253.135.82 - - [22/Nov/2022:09:18:24 +0800] "GET /xingrg/javascript/easyui/themes/default/validatebox.css HTTP/1.1" 404 1104
120.253.135.82 - - [22/Nov/2022:09:18:24 +0800] "POST /xingrg/kc/pszx/mdps_order_operate.html HTTP/1.1" 200 6774
114.95.46.117 - - [22/Nov/2022:09:18:29 +0800] "GET /xingrg/all/function/internal_message.html?_=1669079757069&CODE_STATE=getMsg HTTP/1.1" 200 27
222.70.183.206 - - [22/Nov/2022:09:18:36 +0800] "GET /xingrg/all/function/internal_message.html?_=1669079913831&CODE_STATE=getMsg HTTP/1.1" 200 27
120.253.135.82 - - [22/Nov/2022:09:18:42 +0800] "GET /xingrg/all/function/internal_message.html?_=1669079721530&CODE_STATE=getMsg HTTP/1.1" 200 27
180.162.229.95 - - [22/Nov/2022:09:18:43 +0800] "GET /xingrg/all/function/internal_message.html?_=1669079921884&CODE_STATE=getMsg HTTP/1.1" 200 27
116.238.139.35 - - [22/Nov/2022:09:18:43 +0800] "GET /xingrg/all/function/internal_message.html?_=1669079921504&CODE_STATE=getMsg HTTP/1.1" 200 27
124.79.245.154 - - [22/Nov/2022:09:18:44 +0800] "GET /xingrg/all/function/internal_message.html?_=1669080141000&CODE_STATE=getMsg HTTP/1.1" 200 27
116.238.139.35 - - [22/Nov/2022:09:18:45 +0800] "GET /xingrg/check_reg.html?_=1669079832141 HTTP/1.1" 200 22
120.253.135.82 - - [22/Nov/2022:09:18:46 +0800] "POST /xingrg/kc/pszx/mdps_list_operate.html HTTP/1.1" 200 3180
124.79.74.72 - - [22/Nov/2022:09:18:49 +0800] "POST /xingrg/kc/buy/cgsh_list_operate.html HTTP/1.1" 200 203
101.85.106.255 - - [22/Nov/2022:09:18:50 +0800] "GET /xingrg/all/function/internal_message.html?_=1669079927879&CODE_STATE=getMsg HTTP/1.1" 200 27
101.85.106.255 - - [22/Nov/2022:09:18:50 +0800] "GET /xingrg/check_reg.html?_=1669079927881 HTTP/1.1" 200 22
120.253.135.82 - - [22/Nov/2022:09:18:50 +0800] "POST /xingrg/kc/pszx/mdps_list_operate.html HTTP/1.1" 200 622
124.79.74.72 - - [22/Nov/2022:09:18:50 +0800] "GET /xingrg/kc/buy/cgsh_order_info.html?code=212022102407473 HTTP/1.1" 200 64543
124.79.74.72 - - [22/Nov/2022:09:18:51 +0800] "GET /xingrg/javascript/easyui/themes/default/validatebox.css HTTP/1.1" 404 1104
124.79.74.72 - - [22/Nov/2022:09:18:51 +0800] "POST /xingrg/kc/buy/cgsh_order_operate.html HTTP/1.1" 200 616
120.253.135.82 - - [22/Nov/2022:09:18:52 +0800] "POST /xingrg/kc/pszx/mdps_list_operate.html HTTP/1.1" 200 601
124.79.74.72 - - [22/Nov/2022:09:18:52 +0800] "GET /xingrg/kc/print/load_data.html?order_code=212022102407473&kc_code=cgsh HTTP/1.1" 200 775
116.238.139.35 - - [22/Nov/2022:09:18:53 +0800] "GET /xingrg/all/function/internal_message.html?_=1669079840083&CODE_STATE=getMsg HTTP/1.1" 200 27
218.81.217.29 - - [22/Nov/2022:09:18:53 +0800] "GET /xingrg/all/function/internal_message.html?_=1669079937339&CODE_STATE=getMsg HTTP/1.1" 200 27
120.253.135.82 - - [22/Nov/2022:09:18:54 +0800] "POST /xingrg/kc/pszx/mdps_list_operate.html HTTP/1.1" 200 569
120.253.135.82 - - [22/Nov/2022:09:18:55 +0800] "POST /xingrg/kc/pszx/mdps_list_operate.html HTTP/1.1" 200 623
116.230.105.139 - - [22/Nov/2022:09:18:56 +0800] "GET /xingrg/all/function/internal_message.html?_=1669079922068&CODE_STATE=getMsg HTTP/1.1" 200 27
120.253.135.82 - - [22/Nov/2022:09:18:57 +0800] "POST /xingrg/kc/pszx/mdps_list_operate.html HTTP/1.1" 200 373
114.84.81.136 - - [22/Nov/2022:09:19:00 +0800] "GET /xingrg/all/function/internal_message.html?_=1669079939796&CODE_STATE=getMsg HTTP/1.1" 200 27
124.79.74.72 - - [22/Nov/2022:09:19:02 +0800] "POST /xingrg/kc/buy/cgsh_list_operate.html HTTP/1.1" 200 6342
124.79.74.72 - - [22/Nov/2022:09:19:11 +0800] "GET /xingrg/check_reg.html?_=1669079951683 HTTP/1.1" 200 22
124.79.74.72 - - [22/Nov/2022:09:19:11 +0800] "GET /xingrg/all/function/internal_message.html?_=1669079951686&CODE_STATE=getMsg HTTP/1.1" 200 27
114.88.159.190 - - [22/Nov/2022:09:19:18 +0800] "GET /xingrg/all/function/internal_message.html?_=1669079564138&CODE_STATE=getMsg HTTP/1.1" 200 27
180.162.229.95 - - [22/Nov/2022:09:19:22 +0800] "GET /xingrg/kc/buy/cgsh_order_operate.html?command=get_materiel&rest_code=00102&code=00101016080&supplier_code=00100096&order_time=2022-11-22 HTTP/1.1" 200 408
114.95.46.117 - - [22/Nov/2022:09:19:29 +0800] "GET /xingrg/all/function/internal_message.html?_=1669079817058&CODE_STATE=getMsg HTTP/1.1" 200 27
222.70.183.206 - - [22/Nov/2022:09:19:36 +0800] "GET /xingrg/check_reg.html?_=1669079973737 HTTP/1.1" 200 22
222.70.183.206 - - [22/Nov/2022:09:19:36 +0800] "GET /xingrg/all/function/internal_message.html?_=1669079973801&CODE_STATE=getMsg HTTP/1.1" 200 27
120.253.135.82 - - [22/Nov/2022:09:19:42 +0800] "GET /xingrg/all/function/internal_message.html?_=1669079781608&CODE_STATE=getMsg HTTP/1.1" 200 27
180.162.229.95 - - [22/Nov/2022:09:19:43 +0800] "GET /xingrg/check_reg.html?_=1669079981880 HTTP/1.1" 200 22
180.162.229.95 - - [22/Nov/2022:09:19:43 +0800] "GET /xingrg/all/function/internal_message.html?_=1669079981880&CODE_STATE=getMsg HTTP/1.1" 200 27
116.238.139.35 - - [22/Nov/2022:09:19:43 +0800] "GET /xingrg/all/function/internal_message.html?_=1669079981504&CODE_STATE=getMsg HTTP/1.1" 200 27
124.79.245.154 - - [22/Nov/2022:09:19:44 +0800] "GET /xingrg/all/function/internal_message.html?_=1669080201009&CODE_STATE=getMsg HTTP/1.1" 200 27
101.85.106.255 - - [22/Nov/2022:09:19:50 +0800] "GET /xingrg/all/function/internal_message.html?_=1669079987888&CODE_STATE=getMsg HTTP/1.1" 200 27
218.81.217.29 - - [22/Nov/2022:09:19:51 +0800] "GET /xingrg/check_reg.html?_=1669079995657 HTTP/1.1" 200 22
116.238.139.35 - - [22/Nov/2022:09:19:53 +0800] "GET /xingrg/all/function/internal_message.html?_=1669079900095&CODE_STATE=getMsg HTTP/1.1" 200 27
218.81.217.29 - - [22/Nov/2022:09:19:53 +0800] "GET /xingrg/all/function/internal_message.html?_=1669079997352&CODE_STATE=getMsg HTTP/1.1" 200 27
116.230.105.139 - - [22/Nov/2022:09:19:56 +0800] "GET /xingrg/all/function/internal_message.html?_=1669079982071&CODE_STATE=getMsg HTTP/1.1" 200 27
114.95.46.117 - - [22/Nov/2022:09:19:59 +0800] "GET /xingrg/kc/buy/buy_main.html HTTP/1.1" 200 12412
114.95.46.117 - - [22/Nov/2022:09:19:59 +0800] "GET /xingrg/css/new_ie.css HTTP/1.1" 404 1036
114.95.46.117 - - [22/Nov/2022:09:20:00 +0800] "GET /xingrg/images/yd/bt.gif HTTP/1.1" 404 1040
114.84.81.136 - - [22/Nov/2022:09:20:00 +0800] "GET /xingrg/all/function/internal_message.html?_=1669079999781&CODE_STATE=getMsg HTTP/1.1" 200 27
114.95.46.117 - - [22/Nov/2022:09:20:01 +0800] "GET /xingrg/kc/buy/cgsh_order_list.html HTTP/1.1" 200 53780
124.79.74.72 - - [22/Nov/2022:09:20:02 +0800] "POST /xingrg/kc/buy/cgsh_list_operate.html HTTP/1.1" 200 200
124.79.74.72 - - [22/Nov/2022:09:20:03 +0800] "GET /xingrg/kc/buy/cgsh_order_info.html?code=212022102407476 HTTP/1.1" 200 64543
124.79.74.72 - - [22/Nov/2022:09:20:03 +0800] "GET /xingrg/javascript/easyui/themes/default/validatebox.css HTTP/1.1" 404 1104
114.95.46.117 - - [22/Nov/2022:09:20:04 +0800] "POST /xingrg/kc/buy/cgsh_list_operate.html HTTP/1.1" 200 1859
124.79.74.72 - - [22/Nov/2022:09:20:04 +0800] "POST /xingrg/kc/buy/cgsh_order_operate.html HTTP/1.1" 200 611
124.79.74.72 - - [22/Nov/2022:09:20:05 +0800] "GET /xingrg/kc/print/load_data.html?order_code=212022102407476&kc_code=cgsh HTTP/1.1" 200 751
114.95.46.117 - - [22/Nov/2022:09:20:10 +0800] "GET /xingrg/kc/buy/cgsh_order_add.html HTTP/1.1" 200 69643
114.95.46.117 - - [22/Nov/2022:09:20:10 +0800] "POST /xingrg/kc/buy/cgsh_order_operate.html HTTP/1.1" 200 8245
114.95.46.117 - - [22/Nov/2022:09:20:10 +0800] "GET /xingrg/javascript/easyui/themes/default/validatebox.css HTTP/1.1" 404 1104
120.253.135.82 - - [22/Nov/2022:09:20:11 +0800] "GET /xingrg/kc/pszx/mdqp_order_list.html?state=10 HTTP/1.1" 200 10275
120.253.135.82 - - [22/Nov/2022:09:20:11 +0800] "GET /xingrg/dwr/interface/AjaxReportQueryService.js HTTP/1.1" 200 13203
120.253.135.82 - - [22/Nov/2022:09:20:11 +0800] "GET /xingrg/dwr/interface/AjaxQqpsService.js HTTP/1.1" 200 16326
120.253.135.82 - - [22/Nov/2022:09:20:11 +0800] "GET /xingrg/dwr/engine.js HTTP/1.1" 200 43631
124.79.74.72 - - [22/Nov/2022:09:20:12 +0800] "GET /xingrg/all/function/internal_message.html?_=1669080012053&CODE_STATE=getMsg HTTP/1.1" 200 27
120.253.135.82 - - [22/Nov/2022:09:20:13 +0800] "GET /xingrg/kc/buy/cgsh_order_list.html HTTP/1.1" 200 53780
124.79.74.72 - - [22/Nov/2022:09:20:14 +0800] "POST /xingrg/kc/buy/cgsh_list_operate.html HTTP/1.1" 200 6342
114.95.46.117 - - [22/Nov/2022:09:20:14 +0800] "GET /xingrg/javascript/auto/indicator.gif HTTP/1.1" 404 1066
120.253.135.82 - - [22/Nov/2022:09:20:14 +0800] "POST /xingrg/kc/buy/cgsh_list_operate.html HTTP/1.1" 200 986
120.253.135.82 - - [22/Nov/2022:09:20:18 +0800] "GET /xingrg/kc/report/report_main.html HTTP/1.1" 200 8599
120.253.135.82 - - [22/Nov/2022:09:20:18 +0800] "GET /xingrg/javascript/jquery_ui/themes/humanity/humanity.css HTTP/1.1" 200 27801
114.88.159.190 - - [22/Nov/2022:09:20:18 +0800] "GET /xingrg/all/function/internal_message.html?_=1669079624107&CODE_STATE=getMsg HTTP/1.1" 200 27
120.253.135.82 - - [22/Nov/2022:09:20:19 +0800] "GET /xingrg/kc/base/kc_stocks.html HTTP/1.1" 200 16506
120.253.135.82 - - [22/Nov/2022:09:20:20 +0800] "GET /xingrg/javascript/easyui/themes/sunny/easyui.css HTTP/1.1" 200 34304
120.253.135.82 - - [22/Nov/2022:09:20:20 +0800] "GET /xingrg/javascript/easyui/themes/icons/print_new.png HTTP/1.1" 200 3580
120.253.135.82 - - [22/Nov/2022:09:20:20 +0800] "GET /xingrg/javascript/easyui/themes/icons/filter_new.png HTTP/1.1" 200 795
120.253.135.82 - - [22/Nov/2022:09:20:20 +0800] "GET /xingrg/javascript/easyui/themes/icons/refresh_new.png HTTP/1.1" 200 685
120.253.135.82 - - [22/Nov/2022:09:20:20 +0800] "GET /xingrg/javascript/easyui/plugins/jquery.draggable.js HTTP/1.1" 200 6121
120.253.135.82 - - [22/Nov/2022:09:20:20 +0800] "GET /xingrg/javascript/easyui/plugins/jquery.droppable.js HTTP/1.1" 200 1167
120.253.135.82 - - [22/Nov/2022:09:20:20 +0800] "GET /xingrg/javascript/easyui/themes/default/tree.css HTTP/1.1" 404 1090
120.253.135.82 - - [22/Nov/2022:09:20:20 +0800] "GET /xingrg/javascript/easyui/plugins/jquery.tree.js HTTP/1.1" 200 20874
120.253.135.82 - - [22/Nov/2022:09:20:20 +0800] "POST /xingrg/all/common/load_tree.html?tree=materiel_sort_tree_json HTTP/1.1" 200 9500
120.253.135.82 - - [22/Nov/2022:09:20:20 +0800] "GET /xingrg/javascript/easyui/themes/sunny/images/tree_arrows.gif HTTP/1.1" 200 617
120.253.135.82 - - [22/Nov/2022:09:20:20 +0800] "GET /xingrg/javascript/easyui/themes/sunny/images/tree_folder_open.gif HTTP/1.1" 200 956
120.253.135.82 - - [22/Nov/2022:09:20:20 +0800] "GET /xingrg/javascript/easyui/themes/sunny/images/tree_file.gif HTTP/1.1" 200 118
120.253.135.82 - - [22/Nov/2022:09:20:20 +0800] "GET /xingrg/javascript/easyui/themes/sunny/images/tree_folder.gif HTTP/1.1" 200 952
114.95.46.117 - - [22/Nov/2022:09:20:29 +0800] "GET /xingrg/all/function/internal_message.html?_=1669079877074&CODE_STATE=getMsg HTTP/1.1" 200 27
114.95.46.117 - - [22/Nov/2022:09:20:29 +0800] "GET /xingrg/kc/buy/cgsh_order_operate.html?command=get_materiel&rest_code=00105&code=00101002027&supplier_code=00100397&order_time=2022-11-22 HTTP/1.1" 200 433
116.230.105.139 - - [22/Nov/2022:09:20:29 +0800] "POST /xingrg/services/DataTransmitService HTTP/1.1" 200 524
222.70.183.206 - - [22/Nov/2022:09:20:36 +0800] "GET /xingrg/all/function/internal_message.html?_=1669080033787&CODE_STATE=getMsg HTTP/1.1" 200 27
120.253.135.82 - - [22/Nov/2022:09:20:42 +0800] "GET /xingrg/check_reg.html?_=1669079841553 HTTP/1.1" 200 22
120.253.135.82 - - [22/Nov/2022:09:20:42 +0800] "GET /xingrg/all/function/internal_message.html?_=1669079841620&CODE_STATE=getMsg HTTP/1.1" 200 27
58.35.213.73 - - [22/Nov/2022:09:20:43 +0800] "POST /xingrg/services/DataTransmitService HTTP/1.1" 200 524
180.162.229.95 - - [22/Nov/2022:09:20:43 +0800] "GET /xingrg/all/function/internal_message.html?_=1669080041901&CODE_STATE=getMsg HTTP/1.1" 200 27
58.35.213.73 - - [22/Nov/2022:09:20:43 +0800] "POST /xingrg/services/DataTransmitService HTTP/1.1" 200 412
116.238.139.35 - - [22/Nov/2022:09:20:43 +0800] "GET /xingrg/all/function/internal_message.html?_=1669080041503&CODE_STATE=getMsg HTTP/1.1" 200 27
116.238.139.35 - - [22/Nov/2022:09:20:43 +0800] "GET /xingrg/check_reg.html?_=1669080041507 HTTP/1.1" 200 22
124.79.245.154 - - [22/Nov/2022:09:20:44 +0800] "GET /xingrg/all/function/internal_message.html?_=1669080261007&CODE_STATE=getMsg HTTP/1.1" 200 27
101.85.106.255 - - [22/Nov/2022:09:20:50 +0800] "GET /xingrg/all/function/internal_message.html?_=1669080047886&CODE_STATE=getMsg HTTP/1.1" 200 27
218.81.217.29 - - [22/Nov/2022:09:20:53 +0800] "GET /xingrg/all/function/internal_message.html?_=1669080057366&CODE_STATE=getMsg HTTP/1.1" 200 27
116.238.139.35 - - [22/Nov/2022:09:20:53 +0800] "GET /xingrg/all/function/internal_message.html?_=1669079960172&CODE_STATE=getMsg HTTP/1.1" 200 27
116.230.105.139 - - [22/Nov/2022:09:20:56 +0800] "GET /xingrg/all/function/internal_message.html?_=1669080042071&CODE_STATE=getMsg HTTP/1.1" 200 27
116.230.105.139 - - [22/Nov/2022:09:20:56 +0800] "GET /xingrg/check_reg.html?_=1669080042074 HTTP/1.1" 200 22
114.95.46.117 - - [22/Nov/2022:09:21:00 +0800] "POST /xingrg/kc/buy/cgsh_order_operate.html HTTP/1.1" 200 37
114.84.81.136 - - [22/Nov/2022:09:21:00 +0800] "GET /xingrg/all/function/internal_message.html?_=1669080059781&CODE_STATE=getMsg HTTP/1.1" 200 27
114.95.46.117 - - [22/Nov/2022:09:21:02 +0800] "POST /xingrg/kc/buy/cgsh_order_operate.html HTTP/1.1" 200 3251
114.84.81.136 - - [22/Nov/2022:09:21:02 +0800] "GET /favicon.ico HTTP/1.1" 404 -
114.95.46.117 - - [22/Nov/2022:09:21:04 +0800] "GET /xingrg/kc/print/load_data.html?order_code=212022112207442&kc_code=cgsh&condition= HTTP/1.1" 200 891
114.84.81.136 - - [22/Nov/2022:09:21:07 +0800] "GET /favicon.ico HTTP/1.1" 404 -
124.79.74.72 - - [22/Nov/2022:09:21:08 +0800] "POST /xingrg/kc/buy/cgsh_list_operate.html HTTP/1.1" 200 566
124.79.74.72 - - [22/Nov/2022:09:21:10 +0800] "GET /xingrg/kc/buy/cgsh_order_info.html?code=212022102407346 HTTP/1.1" 200 64541
124.79.74.72 - - [22/Nov/2022:09:21:10 +0800] "GET /xingrg/javascript/easyui/themes/default/validatebox.css HTTP/1.1" 404 1104
180.162.229.95 - - [22/Nov/2022:09:21:10 +0800] "GET /xingrg/kc/buy/cgsh_order_operate.html?command=get_materiel&rest_code=00102&code=00101012025&supplier_code=00100096&order_time=2022-11-22 HTTP/1.1" 200 412
124.79.74.72 - - [22/Nov/2022:09:21:11 +0800] "POST /xingrg/kc/buy/cgsh_order_operate.html HTTP/1.1" 200 3559
124.79.74.72 - - [22/Nov/2022:09:21:12 +0800] "GET /xingrg/all/function/internal_message.html?_=1669080072041&CODE_STATE=getMsg HTTP/1.1" 200 27
124.79.74.72 - - [22/Nov/2022:09:21:12 +0800] "GET /xingrg/kc/print/load_data.html?order_code=212022102407346&kc_code=cgsh HTTP/1.1" 200 1909
124.79.74.72 - - [22/Nov/2022:09:21:18 +0800] "POST /xingrg/kc/buy/cgsh_list_operate.html HTTP/1.1" 200 6342
114.88.159.190 - - [22/Nov/2022:09:21:18 +0800] "GET /xingrg/all/function/internal_message.html?_=1669079684080&CODE_STATE=getMsg HTTP/1.1" 200 27
114.95.46.117 - - [22/Nov/2022:09:21:29 +0800] "GET /xingrg/all/function/internal_message.html?_=1669079937062&CODE_STATE=getMsg HTTP/1.1" 200 27
180.162.229.95 - - [22/Nov/2022:09:21:30 +0800] "GET /xingrg/kc/buy/cgsh_order_operate.html?command=get_materiel&rest_code=00102&code=00101012051&supplier_code=00100096&order_time=2022-11-22 HTTP/1.1" 200 408
222.70.183.206 - - [22/Nov/2022:09:21:36 +0800] "GET /xingrg/all/function/internal_message.html?_=1669080093772&CODE_STATE=getMsg HTTP/1.1" 200 27
180.162.229.95 - - [22/Nov/2022:09:21:37 +0800] "GET /xingrg/kc/buy/cgsh_order_operate.html?command=get_materiel&rest_code=00102&code=00101012030&supplier_code=00100096&order_time=2022-11-22 HTTP/1.1" 200 416
120.253.135.82 - - [22/Nov/2022:09:21:42 +0800] "GET /xingrg/all/function/internal_message.html?_=1669079901634&CODE_STATE=getMsg HTTP/1.1" 200 27
180.162.229.95 - - [22/Nov/2022:09:21:43 +0800] "GET /xingrg/all/function/internal_message.html?_=1669080101883&CODE_STATE=getMsg HTTP/1.1" 200 27
116.238.139.35 - - [22/Nov/2022:09:21:43 +0800] "GET /xingrg/all/function/internal_message.html?_=1669080101533&CODE_STATE=getMsg HTTP/1.1" 200 27
124.79.245.154 - - [22/Nov/2022:09:21:44 +0800] "GET /xingrg/check_reg.html?_=1669080321006 HTTP/1.1" 200 22
124.79.245.154 - - [22/Nov/2022:09:21:44 +0800] "GET /xingrg/all/function/internal_message.html?_=1669080321007&CODE_STATE=getMsg HTTP/1.1" 200 27
101.85.106.255 - - [22/Nov/2022:09:21:50 +0800] "GET /xingrg/all/function/internal_message.html?_=1669080107884&CODE_STATE=getMsg HTTP/1.1" 200 27
218.81.217.29 - - [22/Nov/2022:09:21:53 +0800] "GET /xingrg/all/function/internal_message.html?_=1669080117379&CODE_STATE=getMsg HTTP/1.1" 200 27
116.238.139.35 - - [22/Nov/2022:09:21:53 +0800] "GET /xingrg/all/function/internal_message.html?_=1669080020185&CODE_STATE=getMsg HTTP/1.1" 200 27
116.230.105.139 - - [22/Nov/2022:09:21:56 +0800] "GET /xingrg/all/function/internal_message.html?_=1669080102066&CODE_STATE=getMsg HTTP/1.1" 200 27
114.84.81.136 - - [22/Nov/2022:09:22:00 +0800] "GET /xingrg/all/function/internal_message.html?_=1669080119781&CODE_STATE=getMsg HTTP/1.1" 200 27
114.84.81.136 - - [22/Nov/2022:09:22:00 +0800] "GET /xingrg/check_reg.html?_=1669080119783 HTTP/1.1" 200 22
114.95.46.117 - - [22/Nov/2022:09:22:03 +0800] "GET /xingrg/kc/buy/cgsh_order_add.html HTTP/1.1" 200 69643
114.95.46.117 - - [22/Nov/2022:09:22:03 +0800] "POST /xingrg/kc/buy/cgsh_order_operate.html HTTP/1.1" 200 8245
114.95.46.117 - - [22/Nov/2022:09:22:03 +0800] "GET /xingrg/javascript/easyui/themes/default/validatebox.css HTTP/1.1" 404 1104
180.162.229.95 - - [22/Nov/2022:09:22:09 +0800] "GET /xingrg/kc/buy/cgsh_order_operate.html?command=get_materiel&rest_code=00102&code=00101006111&supplier_code=00100096&order_time=2022-11-22 HTTP/1.1" 200 409
124.79.74.72 - - [22/Nov/2022:09:22:12 +0800] "GET /xingrg/all/function/internal_message.html?_=1669080132027&CODE_STATE=getMsg HTTP/1.1" 200 27
114.88.159.190 - - [22/Nov/2022:09:22:18 +0800] "GET /xingrg/all/function/internal_message.html?_=1669079744049&CODE_STATE=getMsg HTTP/1.1" 200 27
114.95.46.117 - - [22/Nov/2022:09:22:26 +0800] "GET /xingrg/kc/buy/cgsh_order_operate.html?command=get_materiel&rest_code=00105&code=00101007030&supplier_code=00100002&order_time=2022-11-22 HTTP/1.1" 200 413
114.95.46.117 - - [22/Nov/2022:09:22:29 +0800] "GET /xingrg/all/function/internal_message.html?_=1669079997066&CODE_STATE=getMsg HTTP/1.1" 200 27
114.95.46.117 - - [22/Nov/2022:09:22:29 +0800] "GET /xingrg/check_reg.html?_=1669079997069 HTTP/1.1" 200 22
180.162.229.95 - - [22/Nov/2022:09:22:35 +0800] "GET /xingrg/kc/buy/cgsh_order_operate.html?command=get_materiel&rest_code=00102&code=00101006177&supplier_code=00100096&order_time=2022-11-22 HTTP/1.1" 200 409
222.70.183.206 - - [22/Nov/2022:09:22:36 +0800] "GET /xingrg/all/function/internal_message.html?_=1669080153749&CODE_STATE=getMsg HTTP/1.1" 200 27
114.95.46.117 - - [22/Nov/2022:09:22:41 +0800] "POST /xingrg/kc/buy/cgsh_order_operate.html HTTP/1.1" 200 37
120.253.135.82 - - [22/Nov/2022:09:22:42 +0800] "GET /xingrg/all/function/internal_message.html?_=1669079961647&CODE_STATE=getMsg HTTP/1.1" 200 27
114.95.46.117 - - [22/Nov/2022:09:22:43 +0800] "POST /xingrg/kc/buy/cgsh_order_operate.html HTTP/1.1" 200 2656
180.162.229.95 - - [22/Nov/2022:09:22:43 +0800] "GET /xingrg/all/function/internal_message.html?_=1669080161878&CODE_STATE=getMsg HTTP/1.1" 200 27
116.238.139.35 - - [22/Nov/2022:09:22:43 +0800] "GET /xingrg/all/function/internal_message.html?_=1669080161534&CODE_STATE=getMsg HTTP/1.1" 200 27
124.79.245.154 - - [22/Nov/2022:09:22:44 +0800] "GET /xingrg/all/function/internal_message.html?_=1669080381010&CODE_STATE=getMsg HTTP/1.1" 200 27
114.95.46.117 - - [22/Nov/2022:09:22:45 +0800] "GET /xingrg/kc/print/load_data.html?order_code=212022112207443&kc_code=cgsh&condition= HTTP/1.1" 200 735
114.88.159.190 - - [22/Nov/2022:09:22:47 +0800] "GET /xingrg/check_reg.html?_=1669079772360 HTTP/1.1" 200 22
101.85.106.255 - - [22/Nov/2022:09:22:50 +0800] "GET /xingrg/all/function/internal_message.html?_=1669080167882&CODE_STATE=getMsg HTTP/1.1" 200 27
218.81.217.29 - - [22/Nov/2022:09:22:53 +0800] "GET /xingrg/all/function/internal_message.html?_=1669080177401&CODE_STATE=getMsg HTTP/1.1" 200 27
116.238.139.35 - - [22/Nov/2022:09:22:53 +0800] "GET /xingrg/all/function/internal_message.html?_=1669080080278&CODE_STATE=getMsg HTTP/1.1" 200 27
116.230.105.139 - - [22/Nov/2022:09:22:56 +0800] "GET /xingrg/all/function/internal_message.html?_=1669080162082&CODE_STATE=getMsg HTTP/1.1" 200 27
114.84.81.136 - - [22/Nov/2022:09:23:00 +0800] "GET /xingrg/all/function/internal_message.html?_=1669080179782&CODE_STATE=getMsg HTTP/1.1" 200 27
180.162.229.95 - - [22/Nov/2022:09:23:02 +0800] "GET /xingrg/kc/buy/cgsh_order_operate.html?command=get_materiel&rest_code=00102&code=00101007082&supplier_code=00100096&order_time=2022-11-22 HTTP/1.1" 200 429
124.79.74.72 - - [22/Nov/2022:09:23:12 +0800] "GET /xingrg/all/function/internal_message.html?_=1669080192010&CODE_STATE=getMsg HTTP/1.1" 200 27
124.79.74.72 - - [22/Nov/2022:09:23:18 +0800] "POST /xingrg/kc/buy/cgsh_list_operate.html HTTP/1.1" 200 573
114.88.159.190 - - [22/Nov/2022:09:23:18 +0800] "GET /xingrg/all/function/internal_message.html?_=1669079804044&CODE_STATE=getMsg HTTP/1.1" 200 27
124.79.74.72 - - [22/Nov/2022:09:23:19 +0800] "GET /xingrg/kc/buy/cgsh_order_info.html?code=212022102407447 HTTP/1.1" 200 64541
124.79.74.72 - - [22/Nov/2022:09:23:19 +0800] "GET /xingrg/javascript/easyui/themes/default/validatebox.css HTTP/1.1" 404 1104
124.79.74.72 - - [22/Nov/2022:09:23:19 +0800] "POST /xingrg/kc/buy/cgsh_order_operate.html HTTP/1.1" 200 24866
124.79.74.72 - - [22/Nov/2022:09:23:21 +0800] "GET /xingrg/kc/print/load_data.html?order_code=212022102407447&kc_code=cgsh HTTP/1.1" 200 9895
101.83.241.41 - - [22/Nov/2022:09:23:22 +0800] "POST /xingrg/services/DataTransmitService HTTP/1.1" 200 524
114.95.46.117 - - [22/Nov/2022:09:23:29 +0800] "GET /xingrg/all/function/internal_message.html?_=1669080057061&CODE_STATE=getMsg HTTP/1.1" 200 27
124.79.74.72 - - [22/Nov/2022:09:23:33 +0800] "POST /xingrg/kc/buy/cgsh_list_operate.html HTTP/1.1" 200 6342
180.162.229.95 - - [22/Nov/2022:09:23:35 +0800] "GET /xingrg/kc/buy/cgsh_order_operate.html?command=get_materiel&rest_code=00102&code=00101006019&supplier_code=00100096&order_time=2022-11-22 HTTP/1.1" 200 417
222.70.183.206 - - [22/Nov/2022:09:23:36 +0800] "GET /xingrg/all/function/internal_message.html?_=1669080213744&CODE_STATE=getMsg HTTP/1.1" 200 27
120.253.135.82 - - [22/Nov/2022:09:23:42 +0800] "GET /xingrg/all/function/internal_message.html?_=1669080021721&CODE_STATE=getMsg HTTP/1.1" 200 27
180.162.229.95 - - [22/Nov/2022:09:23:43 +0800] "GET /xingrg/all/function/internal_message.html?_=1669080221904&CODE_STATE=getMsg HTTP/1.1" 200 27
116.238.139.35 - - [22/Nov/2022:09:23:43 +0800] "GET /xingrg/all/function/internal_message.html?_=1669080221534&CODE_STATE=getMsg HTTP/1.1" 200 27
124.79.245.154 - - [22/Nov/2022:09:23:44 +0800] "GET /xingrg/all/function/internal_message.html?_=1669080441000&CODE_STATE=getMsg HTTP/1.1" 200 27
116.238.139.35 - - [22/Nov/2022:09:23:45 +0800] "GET /xingrg/check_reg.html?_=1669080132147 HTTP/1.1" 200 22
101.85.106.255 - - [22/Nov/2022:09:23:50 +0800] "GET /xingrg/check_reg.html?_=1669080227880 HTTP/1.1" 200 22
101.85.106.255 - - [22/Nov/2022:09:23:50 +0800] "GET /xingrg/all/function/internal_message.html?_=1669080227881&CODE_STATE=getMsg HTTP/1.1" 200 27
180.162.229.95 - - [22/Nov/2022:09:23:52 +0800] "GET /xingrg/kc/buy/cgsh_order_operate.html?command=get_materiel&rest_code=00102&code=00101006063&supplier_code=00100096&order_time=2022-11-22 HTTP/1.1" 200 415
218.81.217.29 - - [22/Nov/2022:09:23:53 +0800] "GET /xingrg/all/function/internal_message.html?_=1669080237406&CODE_STATE=getMsg HTTP/1.1" 200 27
116.238.139.35 - - [22/Nov/2022:09:23:53 +0800] "GET /xingrg/all/function/internal_message.html?_=1669080140291&CODE_STATE=getMsg HTTP/1.1" 200 27
116.230.105.139 - - [22/Nov/2022:09:23:56 +0800] "GET /xingrg/all/function/internal_message.html?_=1669080222077&CODE_STATE=getMsg HTTP/1.1" 200 27
114.84.81.136 - - [22/Nov/2022:09:24:00 +0800] "GET /xingrg/all/function/internal_message.html?_=1669080239783&CODE_STATE=getMsg HTTP/1.1" 200 27
180.162.229.95 - - [22/Nov/2022:09:24:07 +0800] "GET /xingrg/kc/buy/cgsh_order_operate.html?command=get_materiel&rest_code=00102&code=00101006180&supplier_code=00100096&order_time=2022-11-22 HTTP/1.1" 200 423
124.79.74.72 - - [22/Nov/2022:09:24:11 +0800] "GET /xingrg/check_reg.html?_=1669080251686 HTTP/1.1" 200 22
124.79.74.72 - - [22/Nov/2022:09:24:11 +0800] "GET /xingrg/all/function/internal_message.html?_=1669080251986&CODE_STATE=getMsg HTTP/1.1" 200 27
114.88.159.190 - - [22/Nov/2022:09:24:18 +0800] "GET /xingrg/all/function/internal_message.html?_=1669079864022&CODE_STATE=getMsg HTTP/1.1" 200 27
180.162.229.95 - - [22/Nov/2022:09:24:28 +0800] "GET /xingrg/kc/buy/cgsh_order_operate.html?command=get_materiel&rest_code=00102&code=00101006133&supplier_code=00100096&order_time=2022-11-22 HTTP/1.1" 200 434
114.95.46.117 - - [22/Nov/2022:09:24:29 +0800] "GET /xingrg/all/function/internal_message.html?_=1669080117057&CODE_STATE=getMsg HTTP/1.1" 200 27
222.70.183.206 - - [22/Nov/2022:09:24:36 +0800] "GET /xingrg/check_reg.html?_=1669080273745 HTTP/1.1" 200 22
222.70.183.206 - - [22/Nov/2022:09:24:36 +0800] "GET /xingrg/all/function/internal_message.html?_=1669080273747&CODE_STATE=getMsg HTTP/1.1" 200 27
120.253.135.82 - - [22/Nov/2022:09:24:42 +0800] "GET /xingrg/all/function/internal_message.html?_=1669080081737&CODE_STATE=getMsg HTTP/1.1" 200 27
180.162.229.95 - - [22/Nov/2022:09:24:43 +0800] "GET /xingrg/check_reg.html?_=1669080281894 HTTP/1.1" 200 22
180.162.229.95 - - [22/Nov/2022:09:24:43 +0800] "GET /xingrg/all/function/internal_message.html?_=1669080281896&CODE_STATE=getMsg HTTP/1.1" 200 27
116.238.139.35 - - [22/Nov/2022:09:24:43 +0800] "GET /xingrg/all/function/internal_message.html?_=1669080281534&CODE_STATE=getMsg HTTP/1.1" 200 27
124.79.245.154 - - [22/Nov/2022:09:24:44 +0800] "GET /xingrg/all/function/internal_message.html?_=1669080500999&CODE_STATE=getMsg HTTP/1.1" 200 27
180.162.229.95 - - [22/Nov/2022:09:24:49 +0800] "GET /xingrg/kc/buy/cgsh_order_operate.html?command=get_materiel&rest_code=00102&code=00101007061&supplier_code=00100096&order_time=2022-11-22 HTTP/1.1" 200 411
101.85.106.255 - - [22/Nov/2022:09:24:50 +0800] "GET /xingrg/all/function/internal_message.html?_=1669080287880&CODE_STATE=getMsg HTTP/1.1" 200 27
218.81.217.29 - - [22/Nov/2022:09:24:51 +0800] "GET /xingrg/check_reg.html?_=1669080295669 HTTP/1.1" 200 22
218.81.217.29 - - [22/Nov/2022:09:24:53 +0800] "GET /xingrg/all/function/internal_message.html?_=1669080297419&CODE_STATE=getMsg HTTP/1.1" 200 27
116.238.139.35 - - [22/Nov/2022:09:24:53 +0800] "GET /xingrg/all/function/internal_message.html?_=1669080200304&CODE_STATE=getMsg HTTP/1.1" 200 27
116.230.105.139 - - [22/Nov/2022:09:24:56 +0800] "GET /xingrg/all/function/internal_message.html?_=1669080282074&CODE_STATE=getMsg HTTP/1.1" 200 27
114.84.81.136 - - [22/Nov/2022:09:25:00 +0800] "GET /xingrg/all/function/internal_message.html?_=1669080299783&CODE_STATE=getMsg HTTP/1.1" 200 27
180.162.229.95 - - [22/Nov/2022:09:25:01 +0800] "GET /xingrg/kc/buy/cgsh_order_operate.html?command=get_materiel&rest_code=00102&code=00101007049&supplier_code=00100096&order_time=2022-11-22 HTTP/1.1" 200 411
124.79.74.72 - - [22/Nov/2022:09:25:11 +0800] "GET /xingrg/all/function/internal_message.html?_=1669080311984&CODE_STATE=getMsg HTTP/1.1" 200 27
114.88.159.190 - - [22/Nov/2022:09:25:18 +0800] "GET /xingrg/all/function/internal_message.html?_=1669079923996&CODE_STATE=getMsg HTTP/1.1" 200 27
180.162.229.95 - - [22/Nov/2022:09:25:20 +0800] "GET /xingrg/kc/buy/cgsh_order_operate.html?command=get_materiel&rest_code=00102&code=00101007077&supplier_code=00100096&order_time=2022-11-22 HTTP/1.1" 200 415
114.95.46.117 - - [22/Nov/2022:09:25:29 +0800] "GET /xingrg/all/function/internal_message.html?_=1669080177066&CODE_STATE=getMsg HTTP/1.1" 200 27
222.70.183.206 - - [22/Nov/2022:09:25:36 +0800] "GET /xingrg/all/function/internal_message.html?_=1669080333746&CODE_STATE=getMsg HTTP/1.1" 200 27
120.253.135.82 - - [22/Nov/2022:09:25:42 +0800] "GET /xingrg/check_reg.html?_=1669080141618 HTTP/1.1" 200 22
120.253.135.82 - - [22/Nov/2022:09:25:42 +0800] "GET /xingrg/all/function/internal_message.html?_=1669080141750&CODE_STATE=getMsg HTTP/1.1" 200 27
116.238.139.35 - - [22/Nov/2022:09:25:43 +0800] "GET /xingrg/check_reg.html?_=1669080341534 HTTP/1.1" 200 22
116.238.139.35 - - [22/Nov/2022:09:25:43 +0800] "GET /xingrg/all/function/internal_message.html?_=1669080341537&CODE_STATE=getMsg HTTP/1.1" 200 27
124.79.245.154 - - [22/Nov/2022:09:25:44 +0800] "GET /xingrg/all/function/internal_message.html?_=1669080561013&CODE_STATE=getMsg HTTP/1.1" 200 27
180.162.229.95 - - [22/Nov/2022:09:25:47 +0800] "GET /xingrg/all/function/internal_message.html?_=1669080345517&CODE_STATE=getMsg HTTP/1.1" 200 27
180.162.229.95 - - [22/Nov/2022:09:25:49 +0800] "POST /xingrg/kc/buy/cgsh_order_operate.html HTTP/1.1" 200 37
101.85.106.255 - - [22/Nov/2022:09:25:50 +0800] "GET /xingrg/all/function/internal_message.html?_=1669080347879&CODE_STATE=getMsg HTTP/1.1" 200 27
218.81.217.29 - - [22/Nov/2022:09:25:53 +0800] "GET /xingrg/all/function/internal_message.html?_=1669080357435&CODE_STATE=getMsg HTTP/1.1" 200 27
116.238.139.35 - - [22/Nov/2022:09:25:53 +0800] "GET /xingrg/all/function/internal_message.html?_=1669080260385&CODE_STATE=getMsg HTTP/1.1" 200 27
116.230.105.139 - - [22/Nov/2022:09:25:56 +0800] "GET /xingrg/check_reg.html?_=1669080342062 HTTP/1.1" 200 22
116.230.105.139 - - [22/Nov/2022:09:25:56 +0800] "GET /xingrg/all/function/internal_message.html?_=1669080342064&CODE_STATE=getMsg HTTP/1.1" 200 27
114.95.46.117 - - [22/Nov/2022:09:25:59 +0800] "GET /xingrg/kc/buy/cgsh_order_add.html HTTP/1.1" 200 69643
114.95.46.117 - - [22/Nov/2022:09:25:59 +0800] "POST /xingrg/kc/buy/cgsh_order_operate.html HTTP/1.1" 200 8245
114.95.46.117 - - [22/Nov/2022:09:25:59 +0800] "GET /xingrg/javascript/easyui/themes/default/validatebox.css HTTP/1.1" 404 1104
114.84.81.136 - - [22/Nov/2022:09:26:00 +0800] "GET /xingrg/all/function/internal_message.html?_=1669080359784&CODE_STATE=getMsg HTTP/1.1" 200 27
180.162.229.95 - - [22/Nov/2022:09:26:02 +0800] "POST /xingrg/kc/buy/cgsh_order_operate.html HTTP/1.1" 200 12
180.162.229.95 - - [22/Nov/2022:09:26:03 +0800] "GET /xingrg/kc/buy/cgsh_order_info.html?code=212022112207444 HTTP/1.1" 200 64487
180.162.229.95 - - [22/Nov/2022:09:26:03 +0800] "GET /xingrg/javascript/easyui/themes/default/validatebox.css HTTP/1.1" 404 1104
180.162.229.95 - - [22/Nov/2022:09:26:04 +0800] "POST /xingrg/kc/buy/cgsh_order_operate.html HTTP/1.1" 200 8348
180.162.229.95 - - [22/Nov/2022:09:26:06 +0800] "GET /xingrg/kc/print/load_config.html?kc_code=cgsh HTTP/1.1" 200 1943
180.162.229.95 - - [22/Nov/2022:09:26:06 +0800] "GET /xingrg/kc/print/load_data.html?order_code=212022112207444&kc_code=cgsh&condition= HTTP/1.1" 200 3607
27.115.124.109 - - [22/Nov/2022:09:26:08 +0800] "GET /xingrg/kc/pszx/mdqp_order_list.html HTTP/1.1" 302 -
27.115.124.109 - - [22/Nov/2022:09:26:09 +0800] "GET /xingrg/login.html HTTP/1.1" 200 2139
27.115.124.109 - - [22/Nov/2022:09:26:10 +0800] "GET /xingrg/javascript/mobile/jquery.mobile-1.3.2.min.css HTTP/1.1" 200 94670
27.115.124.109 - - [22/Nov/2022:09:26:10 +0800] "GET /xingrg/javascript/mobile/jquery-1.8.3.min.js HTTP/1.1" 200 93637
27.115.124.109 - - [22/Nov/2022:09:26:10 +0800] "GET /xingrg/javascript/mobile/jquery.mobile-1.3.2.min.js HTTP/1.1" 200 145396
124.79.74.72 - - [22/Nov/2022:09:26:11 +0800] "GET /xingrg/all/function/internal_message.html?_=1669080371955&CODE_STATE=getMsg HTTP/1.1" 200 27
27.115.124.109 - - [22/Nov/2022:09:26:13 +0800] "GET /xingrg/javascript/mobile/images/ajax-loader.gif HTTP/1.1" 200 7825
114.88.159.190 - - [22/Nov/2022:09:26:18 +0800] "GET /xingrg/all/function/internal_message.html?_=1669079983964&CODE_STATE=getMsg HTTP/1.1" 200 27
114.95.46.117 - - [22/Nov/2022:09:26:25 +0800] "GET /xingrg/kc/buy/cgsh_order_operate.html?command=get_materiel&rest_code=00105&code=00101008045&supplier_code=00100203&order_time=2022-11-22 HTTP/1.1" 200 412
114.95.46.117 - - [22/Nov/2022:09:26:29 +0800] "GET /xingrg/all/function/internal_message.html?_=1669080237072&CODE_STATE=getMsg HTTP/1.1" 200 27
222.70.183.206 - - [22/Nov/2022:09:26:36 +0800] "GET /xingrg/all/function/internal_message.html?_=1669080393745&CODE_STATE=getMsg HTTP/1.1" 200 27
120.253.135.82 - - [22/Nov/2022:09:26:42 +0800] "GET /xingrg/all/function/internal_message.html?_=1669080201768&CODE_STATE=getMsg HTTP/1.1" 200 27
116.238.139.35 - - [22/Nov/2022:09:26:43 +0800] "GET /xingrg/all/function/internal_message.html?_=1669080401564&CODE_STATE=getMsg HTTP/1.1" 200 27
124.79.245.154 - - [22/Nov/2022:09:26:44 +0800] "GET /xingrg/check_reg.html?_=1669080621011 HTTP/1.1" 200 22
124.79.245.154 - - [22/Nov/2022:09:26:44 +0800] "GET /xingrg/all/function/internal_message.html?_=1669080621012&CODE_STATE=getMsg HTTP/1.1" 200 27
114.95.46.117 - - [22/Nov/2022:09:26:45 +0800] "GET /xingrg/kc/buy/cgsh_order_operate.html?command=get_materiel&rest_code=00105&code=00101008312&supplier_code=00100203&order_time=2022-11-22 HTTP/1.1" 200 412
180.162.229.95 - - [22/Nov/2022:09:26:47 +0800] "GET /xingrg/all/function/internal_message.html?_=1669080405512&CODE_STATE=getMsg HTTP/1.1" 200 27
101.85.106.255 - - [22/Nov/2022:09:26:50 +0800] "GET /xingrg/all/function/internal_message.html?_=1669080407878&CODE_STATE=getMsg HTTP/1.1" 200 27
218.81.217.29 - - [22/Nov/2022:09:26:53 +0800] "GET /xingrg/all/function/internal_message.html?_=1669080417447&CODE_STATE=getMsg HTTP/1.1" 200 27
116.238.139.35 - - [22/Nov/2022:09:26:53 +0800] "GET /xingrg/all/function/internal_message.html?_=1669080320393&CODE_STATE=getMsg HTTP/1.1" 200 27
116.230.105.139 - - [22/Nov/2022:09:26:56 +0800] "GET /xingrg/all/function/internal_message.html?_=1669080402059&CODE_STATE=getMsg HTTP/1.1" 200 27
114.84.81.136 - - [22/Nov/2022:09:27:00 +0800] "GET /xingrg/check_reg.html?_=1669080419783 HTTP/1.1" 200 22
114.84.81.136 - - [22/Nov/2022:09:27:00 +0800] "GET /xingrg/all/function/internal_message.html?_=1669080419786&CODE_STATE=getMsg HTTP/1.1" 200 27
180.162.229.95 - - [22/Nov/2022:09:27:01 +0800] "POST /xingrg/kc/buy/cgsh_list_operate.html HTTP/1.1" 200 6448
180.162.229.95 - - [22/Nov/2022:09:27:07 +0800] "POST /xingrg/kc/buy/cgsh_list_operate.html HTTP/1.1" 200 565
180.162.229.95 - - [22/Nov/2022:09:27:09 +0800] "GET /xingrg/kc/buy/cgsh_order_info.html?code=212022112207444 HTTP/1.1" 200 64487
180.162.229.95 - - [22/Nov/2022:09:27:09 +0800] "GET /xingrg/javascript/easyui/themes/default/validatebox.css HTTP/1.1" 404 1104
180.162.229.95 - - [22/Nov/2022:09:27:10 +0800] "POST /xingrg/kc/buy/cgsh_order_operate.html HTTP/1.1" 200 8348
124.79.74.72 - - [22/Nov/2022:09:27:11 +0800] "GET /xingrg/all/function/internal_message.html?_=1669080431927&CODE_STATE=getMsg HTTP/1.1" 200 27
172.20.0.100 - - [22/Nov/2022:09:27:14 +0800] "GET /favicon.ico HTTP/1.1" 404 -
114.88.159.190 - - [22/Nov/2022:09:27:18 +0800] "GET /xingrg/all/function/internal_message.html?_=1669080043947&CODE_STATE=getMsg HTTP/1.1" 200 27
114.95.46.117 - - [22/Nov/2022:09:27:18 +0800] "GET /xingrg/kc/buy/cgsh_order_operate.html?command=get_materiel&rest_code=00105&code=00101008211&supplier_code=00100203&order_time=2022-11-22 HTTP/1.1" 200 412
114.95.46.117 - - [22/Nov/2022:09:27:29 +0800] "GET /xingrg/all/function/internal_message.html?_=1669080297075&CODE_STATE=getMsg HTTP/1.1" 200 27
114.95.46.117 - - [22/Nov/2022:09:27:29 +0800] "GET /xingrg/check_reg.html?_=1669080297078 HTTP/1.1" 200 22
222.70.183.206 - - [22/Nov/2022:09:27:36 +0800] "GET /xingrg/all/function/internal_message.html?_=1669080453746&CODE_STATE=getMsg HTTP/1.1" 200 27
114.84.81.136 - - [22/Nov/2022:09:27:37 +0800] "POST /xingrg/services/DataTransmitService HTTP/1.1" 200 524
120.253.135.82 - - [22/Nov/2022:09:27:42 +0800] "GET /xingrg/all/function/internal_message.html?_=1669080261779&CODE_STATE=getMsg HTTP/1.1" 200 27
116.238.139.35 - - [22/Nov/2022:09:27:43 +0800] "GET /xingrg/all/function/internal_message.html?_=1669080461564&CODE_STATE=getMsg HTTP/1.1" 200 27
124.79.245.154 - - [22/Nov/2022:09:27:44 +0800] "GET /xingrg/all/function/internal_message.html?_=1669080681010&CODE_STATE=getMsg HTTP/1.1" 200 27
114.95.46.117 - - [22/Nov/2022:09:27:45 +0800] "GET /xingrg/kc/buy/cgsh_order_operate.html?command=get_materiel&rest_code=00105&code=00101008355&supplier_code=00100203&order_time=2022-11-22 HTTP/1.1" 200 408
114.88.159.190 - - [22/Nov/2022:09:27:47 +0800] "GET /xingrg/check_reg.html?_=1669080072355 HTTP/1.1" 200 22
180.162.229.95 - - [22/Nov/2022:09:27:47 +0800] "GET /xingrg/all/function/internal_message.html?_=1669080465493&CODE_STATE=getMsg HTTP/1.1" 200 27
101.85.106.255 - - [22/Nov/2022:09:27:50 +0800] "GET /xingrg/all/function/internal_message.html?_=1669080467879&CODE_STATE=getMsg HTTP/1.1" 200 27
218.81.217.29 - - [22/Nov/2022:09:27:53 +0800] "GET /xingrg/all/function/internal_message.html?_=1669080477465&CODE_STATE=getMsg HTTP/1.1" 200 27
116.238.139.35 - - [22/Nov/2022:09:27:53 +0800] "GET /xingrg/all/function/internal_message.html?_=1669080380471&CODE_STATE=getMsg HTTP/1.1" 200 27
116.230.105.139 - - [22/Nov/2022:09:27:56 +0800] "GET /xingrg/all/function/internal_message.html?_=1669080462063&CODE_STATE=getMsg HTTP/1.1" 200 27
114.84.81.136 - - [22/Nov/2022:09:28:00 +0800] "GET /xingrg/all/function/internal_message.html?_=1669080479787&CODE_STATE=getMsg HTTP/1.1" 200 27
114.95.46.117 - - [22/Nov/2022:09:28:08 +0800] "GET /xingrg/kc/buy/cgsh_order_operate.html?command=get_materiel&rest_code=00105&code=00101008024&supplier_code=00100203&order_time=2022-11-22 HTTP/1.1" 200 408
124.79.74.72 - - [22/Nov/2022:09:28:11 +0800] "GET /xingrg/all/function/internal_message.html?_=1669080491913&CODE_STATE=getMsg HTTP/1.1" 200 27
114.88.159.190 - - [22/Nov/2022:09:28:18 +0800] "GET /xingrg/all/function/internal_message.html?_=1669080103917&CODE_STATE=getMsg HTTP/1.1" 200 27
114.95.46.117 - - [22/Nov/2022:09:28:25 +0800] "GET /xingrg/kc/buy/cgsh_order_operate.html?command=get_materiel&rest_code=00105&code=00101008197&supplier_code=00100203&order_time=2022-11-22 HTTP/1.1" 200 416
114.95.46.117 - - [22/Nov/2022:09:28:29 +0800] "GET /xingrg/all/function/internal_message.html?_=1669080357083&CODE_STATE=getMsg HTTP/1.1" 200 27
222.70.183.206 - - [22/Nov/2022:09:28:36 +0800] "GET /xingrg/all/function/internal_message.html?_=1669080513743&CODE_STATE=getMsg HTTP/1.1" 200 27
120.253.135.82 - - [22/Nov/2022:09:28:42 +0800] "GET /xingrg/all/function/internal_message.html?_=1669080321879&CODE_STATE=getMsg HTTP/1.1" 200 27
116.238.139.35 - - [22/Nov/2022:09:28:43 +0800] "GET /xingrg/all/function/internal_message.html?_=1669080521565&CODE_STATE=getMsg HTTP/1.1" 200 27
124.79.245.154 - - [22/Nov/2022:09:28:44 +0800] "GET /xingrg/all/function/internal_message.html?_=1669080741034&CODE_STATE=getMsg HTTP/1.1" 200 27
116.238.139.35 - - [22/Nov/2022:09:28:45 +0800] "GET /xingrg/check_reg.html?_=1669080432158 HTTP/1.1" 200 22
180.162.229.95 - - [22/Nov/2022:09:28:47 +0800] "GET /xingrg/all/function/internal_message.html?_=1669080525494&CODE_STATE=getMsg HTTP/1.1" 200 27
114.95.46.117 - - [22/Nov/2022:09:28:47 +0800] "GET /xingrg/kc/buy/cgsh_order_operate.html?command=get_materiel&rest_code=00105&code=00101008169&supplier_code=00100203&order_time=2022-11-22 HTTP/1.1" 200 412
101.85.106.255 - - [22/Nov/2022:09:28:50 +0800] "GET /xingrg/all/function/internal_message.html?_=1669080527878&CODE_STATE=getMsg HTTP/1.1" 200 27
101.85.106.255 - - [22/Nov/2022:09:28:50 +0800] "GET /xingrg/check_reg.html?_=1669080527882 HTTP/1.1" 200 22
218.81.217.29 - - [22/Nov/2022:09:28:53 +0800] "GET /xingrg/all/function/internal_message.html?_=1669080537474&CODE_STATE=getMsg HTTP/1.1" 200 27
116.238.139.35 - - [22/Nov/2022:09:28:53 +0800] "GET /xingrg/all/function/internal_message.html?_=1669080440483&CODE_STATE=getMsg HTTP/1.1" 200 27
116.230.105.139 - - [22/Nov/2022:09:28:56 +0800] "GET /xingrg/all/function/internal_message.html?_=1669080522076&CODE_STATE=getMsg HTTP/1.1" 200 27
114.84.81.136 - - [22/Nov/2022:09:29:00 +0800] "GET /xingrg/all/function/internal_message.html?_=1669080539787&CODE_STATE=getMsg HTTP/1.1" 200 27
124.79.74.72 - - [22/Nov/2022:09:29:11 +0800] "GET /xingrg/check_reg.html?_=1669080551683 HTTP/1.1" 200 22
114.95.46.117 - - [22/Nov/2022:09:29:11 +0800] "GET /xingrg/kc/buy/cgsh_order_operate.html?command=get_materiel&rest_code=00105&code=00101008271&supplier_code=00100203&order_time=2022-11-22 HTTP/1.1" 200 408
124.79.74.72 - - [22/Nov/2022:09:29:11 +0800] "GET /xingrg/all/function/internal_message.html?_=1669080551901&CODE_STATE=getMsg HTTP/1.1" 200 27
180.162.229.95 - - [22/Nov/2022:09:29:17 +0800] "GET /xingrg/kc/buy/cgsh_order_add.html HTTP/1.1" 200 69596
180.162.229.95 - - [22/Nov/2022:09:29:17 +0800] "POST /xingrg/kc/buy/cgsh_order_operate.html HTTP/1.1" 200 8245
180.162.229.95 - - [22/Nov/2022:09:29:17 +0800] "GET /xingrg/javascript/easyui/themes/default/validatebox.css HTTP/1.1" 404 1104
114.88.159.190 - - [22/Nov/2022:09:29:18 +0800] "GET /xingrg/all/function/internal_message.html?_=1669080163891&CODE_STATE=getMsg HTTP/1.1" 200 27
180.162.229.95 - - [22/Nov/2022:09:29:19 +0800] "GET /xingrg/javascript/easyui/plugins/jquery.draggable.js HTTP/1.1" 200 6121
180.162.229.95 - - [22/Nov/2022:09:29:20 +0800] "GET /xingrg/css/images/panel_loading.gif HTTP/1.1" 200 1737
180.162.229.95 - - [22/Nov/2022:09:29:20 +0800] "GET /xingrg/javascript/easyui/plugins/jquery.droppable.js HTTP/1.1" 200 1167
180.162.229.95 - - [22/Nov/2022:09:29:20 +0800] "GET /xingrg/javascript/easyui/themes/default/tree.css HTTP/1.1" 404 1090
180.162.229.95 - - [22/Nov/2022:09:29:20 +0800] "GET /xingrg/javascript/easyui/plugins/jquery.tree.js HTTP/1.1" 200 20874
180.162.229.95 - - [22/Nov/2022:09:29:20 +0800] "POST /xingrg/all/common/load_tree.html?tree=supplier_tree_json&isDelete=1 HTTP/1.1" 200 70260
180.162.229.95 - - [22/Nov/2022:09:29:21 +0800] "GET /xingrg/javascript/easyui/themes/default/images/tree_arrows.gif HTTP/1.1" 200 617
180.162.229.95 - - [22/Nov/2022:09:29:21 +0800] "GET /xingrg/javascript/easyui/themes/default/images/tree_folder_open.gif HTTP/1.1" 200 956
180.162.229.95 - - [22/Nov/2022:09:29:21 +0800] "GET /xingrg/javascript/easyui/themes/default/images/tree_file.gif HTTP/1.1" 200 118
180.162.229.95 - - [22/Nov/2022:09:29:21 +0800] "GET /xingrg/javascript/easyui/themes/default/images/tree_folder.gif HTTP/1.1" 200 952
114.95.46.117 - - [22/Nov/2022:09:29:29 +0800] "GET /xingrg/all/function/internal_message.html?_=1669080417077&CODE_STATE=getMsg HTTP/1.1" 200 27
114.95.46.117 - - [22/Nov/2022:09:29:32 +0800] "GET /xingrg/kc/buy/cgsh_order_operate.html?command=get_materiel&rest_code=00105&code=00101008359&supplier_code=00100203&order_time=2022-11-22 HTTP/1.1" 200 408
222.70.183.206 - - [22/Nov/2022:09:29:36 +0800] "GET /xingrg/all/function/internal_message.html?_=1669080573743&CODE_STATE=getMsg HTTP/1.1" 200 27
222.70.183.206 - - [22/Nov/2022:09:29:36 +0800] "GET /xingrg/check_reg.html?_=1669080573744 HTTP/1.1" 200 22
180.162.229.95 - - [22/Nov/2022:09:29:38 +0800] "GET /xingrg/kc/buy/cgsh_order_operate.html?command=get_materiel&rest_code=00102&code=00101002027&supplier_code=00100400&order_time=2022-11-22 HTTP/1.1" 200 433
120.253.135.82 - - [22/Nov/2022:09:29:42 +0800] "GET /xingrg/all/function/internal_message.html?_=1669080381884&CODE_STATE=getMsg HTTP/1.1" 200 27
180.162.229.95 - - [22/Nov/2022:09:29:43 +0800] "GET /xingrg/check_reg.html?_=1669080581897 HTTP/1.1" 200 22
116.238.139.35 - - [22/Nov/2022:09:29:43 +0800] "GET /xingrg/all/function/internal_message.html?_=1669080581575&CODE_STATE=getMsg HTTP/1.1" 200 27
124.79.245.154 - - [22/Nov/2022:09:29:44 +0800] "GET /xingrg/all/function/internal_message.html?_=1669080801032&CODE_STATE=getMsg HTTP/1.1" 200 27
180.162.229.95 - - [22/Nov/2022:09:29:47 +0800] "GET /xingrg/all/function/internal_message.html?_=1669080585478&CODE_STATE=getMsg HTTP/1.1" 200 27
180.162.229.95 - - [22/Nov/2022:09:29:47 +0800] "GET /xingrg/kc/buy/cgsh_order_operate.html?command=get_materiel&rest_code=00102&code=00101004030&supplier_code=00100400&order_time=2022-11-22 HTTP/1.1" 200 428
101.85.106.255 - - [22/Nov/2022:09:29:50 +0800] "GET /xingrg/all/function/internal_message.html?_=1669080587908&CODE_STATE=getMsg HTTP/1.1" 200 27
