218.81.217.29 - - [22/Nov/2022:09:05:53 +0800] "GET /xingrg/all/function/internal_message.html?_=1669079157162&CODE_STATE=getMsg HTTP/1.1" 200 27
116.230.105.139 - - [22/Nov/2022:09:05:56 +0800] "GET /xingrg/check_reg.html?_=1669079142063 HTTP/1.1" 200 22
116.230.105.139 - - [22/Nov/2022:09:05:56 +0800] "GET /xingrg/all/function/internal_message.html?_=1669079142065&CODE_STATE=getMsg HTTP/1.1" 200 27
114.84.81.136 - - [22/Nov/2022:09:06:00 +0800] "GET /xingrg/all/function/internal_message.html?_=1669079159786&CODE_STATE=getMsg HTTP/1.1" 200 27
120.253.135.82 - - [22/Nov/2022:09:06:08 +0800] "GET /xingrg/all/function/internal_message.html?_=1669078968014&CODE_STATE=getMsg HTTP/1.1" 200 27
114.88.159.190 - - [22/Nov/2022:09:06:19 +0800] "GET /xingrg/all/function/internal_message.html?_=1669078784394&CODE_STATE=getMsg HTTP/1.1" 200 27
58.221.95.50 - - [22/Nov/2022:09:06:26 +0800] "GET /xingrg/check_reg.html?_=1669079205642 HTTP/1.1" 302 -
58.221.95.50 - - [22/Nov/2022:09:06:26 +0800] "GET /xingrg/all/function/internal_message.html?_=1669079216929&CODE_STATE=getMsg HTTP/1.1" 302 -
58.221.95.50 - - [22/Nov/2022:09:06:27 +0800] "GET /xingrg/login.html HTTP/1.1" 200 7641
58.221.95.50 - - [22/Nov/2022:09:06:28 +0800] "GET /xingrg/login.html HTTP/1.1" 200 7641
114.95.46.117 - - [22/Nov/2022:09:06:29 +0800] "GET /xingrg/all/function/internal_message.html?_=1669079037041&CODE_STATE=getMsg HTTP/1.1" 200 27
180.169.147.146 - - [22/Nov/2022:09:06:31 +0800] "GET /xingrg/index.html?sysBaseUrl=http%3A%2F%2F180.169.147.146%3A18081%2Fxingrg%2F&costTime=39×tamp=1592034574635 HTTP/1.1" 302 -
180.169.147.146 - - [22/Nov/2022:09:06:31 +0800] "GET /xingrg/login.html HTTP/1.1" 200 7641
180.169.147.146 - - [22/Nov/2022:09:06:32 +0800] "GET /xingrg/images/blue/jxLogo.png HTTP/1.1" 200 6156
180.169.147.146 - - [22/Nov/2022:09:06:32 +0800] "GET /xingrg/images/blue/hj.png HTTP/1.1" 200 1014
180.169.147.146 - - [22/Nov/2022:09:06:32 +0800] "GET /xingrg/images/blue/srbg.png HTTP/1.1" 200 138
180.169.147.146 - - [22/Nov/2022:09:06:32 +0800] "GET /xingrg/images/blue/login_bg.png HTTP/1.1" 200 22101
180.169.147.146 - - [22/Nov/2022:09:06:32 +0800] "GET /favicon.ico HTTP/1.1" 404 -
222.70.183.206 - - [22/Nov/2022:09:06:36 +0800] "GET /xingrg/all/function/internal_message.html?_=1669079193708&CODE_STATE=getMsg HTTP/1.1" 200 27
116.238.139.35 - - [22/Nov/2022:09:06:43 +0800] "GET /xingrg/all/function/internal_message.html?_=1669079201451&CODE_STATE=getMsg HTTP/1.1" 200 27
124.79.245.154 - - [22/Nov/2022:09:06:44 +0800] "GET /xingrg/all/function/internal_message.html?_=1669079421002&CODE_STATE=getMsg HTTP/1.1" 200 27
124.79.245.154 - - [22/Nov/2022:09:06:44 +0800] "GET /xingrg/check_reg.html?_=1669079421003 HTTP/1.1" 200 22
101.85.106.255 - - [22/Nov/2022:09:06:50 +0800] "GET /xingrg/all/function/internal_message.html?_=1669079207850&CODE_STATE=getMsg HTTP/1.1" 200 27
116.238.139.35 - - [22/Nov/2022:09:06:53 +0800] "GET /xingrg/all/function/internal_message.html?_=1669079119607&CODE_STATE=getMsg HTTP/1.1" 200 27
218.81.217.29 - - [22/Nov/2022:09:06:53 +0800] "GET /xingrg/all/function/internal_message.html?_=1669079217175&CODE_STATE=getMsg HTTP/1.1" 200 27
116.230.105.139 - - [22/Nov/2022:09:06:56 +0800] "GET /xingrg/all/function/internal_message.html?_=1669079202076&CODE_STATE=getMsg HTTP/1.1" 200 27
114.84.81.136 - - [22/Nov/2022:09:07:00 +0800] "GET /xingrg/check_reg.html?_=1669079219787 HTTP/1.1" 200 22
114.84.81.136 - - [22/Nov/2022:09:07:00 +0800] "GET /xingrg/all/function/internal_message.html?_=1669079219790&CODE_STATE=getMsg HTTP/1.1" 200 27
120.253.135.82 - - [22/Nov/2022:09:07:08 +0800] "GET /xingrg/all/function/internal_message.html?_=1669079028029&CODE_STATE=getMsg HTTP/1.1" 200 27
114.88.159.190 - - [22/Nov/2022:09:07:19 +0800] "GET /xingrg/all/function/internal_message.html?_=1669078844373&CODE_STATE=getMsg HTTP/1.1" 200 27
114.95.46.117 - - [22/Nov/2022:09:07:29 +0800] "GET /xingrg/all/function/internal_message.html?_=1669079097028&CODE_STATE=getMsg HTTP/1.1" 200 27
114.95.46.117 - - [22/Nov/2022:09:07:29 +0800] "GET /xingrg/check_reg.html?_=1669079097032 HTTP/1.1" 200 22
222.70.183.206 - - [22/Nov/2022:09:07:36 +0800] "GET /xingrg/all/function/internal_message.html?_=1669079253708&CODE_STATE=getMsg HTTP/1.1" 200 27
180.163.220.54 - - [22/Nov/2022:09:07:38 +0800] "GET / HTTP/1.1" 404 -
180.163.220.54 - - [22/Nov/2022:09:07:39 +0800] "GET / HTTP/1.1" 404 -
116.238.139.35 - - [22/Nov/2022:09:07:43 +0800] "GET /xingrg/all/function/internal_message.html?_=1669079261451&CODE_STATE=getMsg HTTP/1.1" 200 27
124.79.245.154 - - [22/Nov/2022:09:07:44 +0800] "GET /xingrg/all/function/internal_message.html?_=1669079481001&CODE_STATE=getMsg HTTP/1.1" 200 27
114.88.159.190 - - [22/Nov/2022:09:07:47 +0800] "GET /xingrg/check_reg.html?_=1669078872408 HTTP/1.1" 200 22
27.115.124.6 - - [22/Nov/2022:09:07:47 +0800] "GET / HTTP/1.1" 404 -
27.115.124.6 - - [22/Nov/2022:09:07:47 +0800] "GET / HTTP/1.1" 404 -
101.85.106.255 - - [22/Nov/2022:09:07:50 +0800] "GET /xingrg/all/function/internal_message.html?_=1669079267864&CODE_STATE=getMsg HTTP/1.1" 200 27
116.238.139.35 - - [22/Nov/2022:09:07:53 +0800] "GET /xingrg/all/function/internal_message.html?_=1669079179690&CODE_STATE=getMsg HTTP/1.1" 200 27
218.81.217.29 - - [22/Nov/2022:09:07:53 +0800] "GET /xingrg/all/function/internal_message.html?_=1669079277196&CODE_STATE=getMsg HTTP/1.1" 200 27
116.230.105.139 - - [22/Nov/2022:09:07:56 +0800] "GET /xingrg/all/function/internal_message.html?_=1669079262062&CODE_STATE=getMsg HTTP/1.1" 200 27
114.84.81.136 - - [22/Nov/2022:09:08:00 +0800] "GET /xingrg/all/function/internal_message.html?_=1669079279791&CODE_STATE=getMsg HTTP/1.1" 200 27
120.253.135.82 - - [22/Nov/2022:09:08:09 +0800] "GET /xingrg/all/function/internal_message.html?_=1669079088096&CODE_STATE=getMsg HTTP/1.1" 200 27
114.88.159.190 - - [22/Nov/2022:09:08:19 +0800] "GET /xingrg/all/function/internal_message.html?_=1669078904346&CODE_STATE=getMsg HTTP/1.1" 200 27
114.95.46.117 - - [22/Nov/2022:09:08:29 +0800] "GET /xingrg/all/function/internal_message.html?_=1669079157037&CODE_STATE=getMsg HTTP/1.1" 200 27
222.70.183.206 - - [22/Nov/2022:09:08:36 +0800] "GET /xingrg/all/function/internal_message.html?_=1669079313709&CODE_STATE=getMsg HTTP/1.1" 200 27
116.238.139.35 - - [22/Nov/2022:09:08:43 +0800] "GET /xingrg/all/function/internal_message.html?_=1669079321451&CODE_STATE=getMsg HTTP/1.1" 200 27
124.79.245.154 - - [22/Nov/2022:09:08:44 +0800] "GET /xingrg/all/function/internal_message.html?_=1669079541000&CODE_STATE=getMsg HTTP/1.1" 200 27
116.238.139.35 - - [22/Nov/2022:09:08:48 +0800] "GET /xingrg/check_reg.html?_=1669079232139 HTTP/1.1" 200 22
101.85.106.255 - - [22/Nov/2022:09:08:50 +0800] "GET /xingrg/check_reg.html?_=1669079327850 HTTP/1.1" 200 22
101.85.106.255 - - [22/Nov/2022:09:08:50 +0800] "GET /xingrg/all/function/internal_message.html?_=1669079327851&CODE_STATE=getMsg HTTP/1.1" 200 27
116.238.139.35 - - [22/Nov/2022:09:08:53 +0800] "GET /xingrg/all/function/internal_message.html?_=1669079239697&CODE_STATE=getMsg HTTP/1.1" 200 27
218.81.217.29 - - [22/Nov/2022:09:08:53 +0800] "GET /xingrg/all/function/internal_message.html?_=1669079337202&CODE_STATE=getMsg HTTP/1.1" 200 27
116.230.105.139 - - [22/Nov/2022:09:08:56 +0800] "GET /xingrg/all/function/internal_message.html?_=1669079322068&CODE_STATE=getMsg HTTP/1.1" 200 27
114.84.81.136 - - [22/Nov/2022:09:09:00 +0800] "GET /xingrg/all/function/internal_message.html?_=1669079339791&CODE_STATE=getMsg HTTP/1.1" 200 27
120.253.135.82 - - [22/Nov/2022:09:09:03 +0800] "POST /xingrg/kc/buy/cgsh_order_operate.html HTTP/1.1" 200 37
120.253.135.82 - - [22/Nov/2022:09:09:07 +0800] "POST /xingrg/kc/buy/cgsh_order_operate.html HTTP/1.1" 200 12
120.253.135.82 - - [22/Nov/2022:09:09:11 +0800] "GET /xingrg/kc/buy/cgsh_order_info.html?code=212022112207438 HTTP/1.1" 200 63526
120.253.135.82 - - [22/Nov/2022:09:09:11 +0800] "GET /xingrg/javascript/easyui/themes/default/validatebox.css HTTP/1.1" 404 1104
120.253.135.82 - - [22/Nov/2022:09:09:11 +0800] "GET /xingrg/all/function/internal_message.html?_=1669079151066&CODE_STATE=getMsg HTTP/1.1" 200 27
120.253.135.82 - - [22/Nov/2022:09:09:12 +0800] "POST /xingrg/kc/buy/cgsh_order_operate.html HTTP/1.1" 200 1216
180.163.220.3 - - [22/Nov/2022:09:09:15 +0800] "GET /xingrg/index.html HTTP/1.1" 302 -
114.88.159.190 - - [22/Nov/2022:09:09:18 +0800] "GET /xingrg/all/function/internal_message.html?_=1669078964328&CODE_STATE=getMsg HTTP/1.1" 200 27
120.253.135.82 - - [22/Nov/2022:09:09:23 +0800] "GET /xingrg/kc/buy/cgsh_order_add.html HTTP/1.1" 200 68625
120.253.135.82 - - [22/Nov/2022:09:09:23 +0800] "POST /xingrg/kc/buy/cgsh_order_operate.html HTTP/1.1" 200 8245
120.253.135.82 - - [22/Nov/2022:09:09:24 +0800] "GET /xingrg/javascript/easyui/themes/default/validatebox.css HTTP/1.1" 404 1104
114.95.46.117 - - [22/Nov/2022:09:09:29 +0800] "GET /xingrg/all/function/internal_message.html?_=1669079217046&CODE_STATE=getMsg HTTP/1.1" 200 27
222.70.183.206 - - [22/Nov/2022:09:09:36 +0800] "GET /xingrg/all/function/internal_message.html?_=1669079373707&CODE_STATE=getMsg HTTP/1.1" 200 27
222.70.183.206 - - [22/Nov/2022:09:09:36 +0800] "GET /xingrg/check_reg.html?_=1669079373712 HTTP/1.1" 200 22
120.253.135.82 - - [22/Nov/2022:09:09:38 +0800] "POST /xingrg/all/common/load_combo.html?type=employee HTTP/1.1" 200 1752
116.238.139.35 - - [22/Nov/2022:09:09:43 +0800] "GET /xingrg/all/function/internal_message.html?_=1669079381451&CODE_STATE=getMsg HTTP/1.1" 200 27
124.79.245.154 - - [22/Nov/2022:09:09:44 +0800] "GET /xingrg/all/function/internal_message.html?_=1669079600999&CODE_STATE=getMsg HTTP/1.1" 200 27
180.163.220.3 - - [22/Nov/2022:09:09:46 +0800] "GET /xingrg/login.html HTTP/1.1" 200 2139
120.253.135.82 - - [22/Nov/2022:09:09:48 +0800] "GET /xingrg/kc/buy/cgsh_order_operate.html?command=get_materiel&rest_code=00101&code=00101016086&supplier_code=00100150&order_time=2022-11-22 HTTP/1.1" 200 467
101.85.106.255 - - [22/Nov/2022:09:09:50 +0800] "GET /xingrg/all/function/internal_message.html?_=1669079387864&CODE_STATE=getMsg HTTP/1.1" 200 27
120.253.135.82 - - [22/Nov/2022:09:09:51 +0800] "POST /xingrg/all/common/load_select.html HTTP/1.1" 200 25
218.81.217.29 - - [22/Nov/2022:09:09:51 +0800] "GET /xingrg/check_reg.html?_=1669079395647 HTTP/1.1" 200 22
116.238.139.35 - - [22/Nov/2022:09:09:53 +0800] "GET /xingrg/all/function/internal_message.html?_=1669079299710&CODE_STATE=getMsg HTTP/1.1" 200 27
42.236.10.106 - - [22/Nov/2022:09:09:53 +0800] "GET /xingrg/index.html HTTP/1.1" 302 -
218.81.217.29 - - [22/Nov/2022:09:09:53 +0800] "GET /xingrg/all/function/internal_message.html?_=1669079397217&CODE_STATE=getMsg HTTP/1.1" 200 27
42.236.10.106 - - [22/Nov/2022:09:09:55 +0800] "GET /xingrg/index.html HTTP/1.1" 302 -
120.253.135.82 - - [22/Nov/2022:09:09:55 +0800] "GET /xingrg/kc/buy/cgsh_order_operate.html?command=get_materiel_price&rest_code=00101&code=00101016086&unit_code=00100138&supplier_code=00100150&order_time=2022-11-22 HTTP/1.1" 200 29
116.230.105.139 - - [22/Nov/2022:09:09:56 +0800] "GET /xingrg/all/function/internal_message.html?_=1669079382079&CODE_STATE=getMsg HTTP/1.1" 200 27
42.236.10.78 - - [22/Nov/2022:09:09:57 +0800] "GET /xingrg/login.html HTTP/1.1" 200 2139
42.236.10.78 - - [22/Nov/2022:09:09:59 +0800] "GET /xingrg/javascript/mobile/jquery.mobile-1.3.2.min.css HTTP/1.1" 200 94670
42.236.10.78 - - [22/Nov/2022:09:09:59 +0800] "GET /xingrg/javascript/mobile/jquery.mobile-1.3.2.min.js HTTP/1.1" 200 145396
42.236.10.125 - - [22/Nov/2022:09:09:59 +0800] "GET /xingrg/javascript/mobile/jquery-1.8.3.min.js HTTP/1.1" 200 93637
114.84.81.136 - - [22/Nov/2022:09:10:00 +0800] "GET /xingrg/all/function/internal_message.html?_=1669079399790&CODE_STATE=getMsg HTTP/1.1" 200 27
42.236.10.78 - - [22/Nov/2022:09:10:03 +0800] "GET /xingrg/javascript/mobile/images/ajax-loader.gif HTTP/1.1" 200 7825
120.253.135.82 - - [22/Nov/2022:09:10:08 +0800] "GET /xingrg/check_reg.html?_=1669079207558 HTTP/1.1" 200 22
120.253.135.82 - - [22/Nov/2022:09:10:13 +0800] "GET /xingrg/all/function/internal_message.html?_=1669079212514&CODE_STATE=getMsg HTTP/1.1" 200 27
120.253.135.82 - - [22/Nov/2022:09:10:14 +0800] "POST /xingrg/kc/buy/cgsh_order_operate.html HTTP/1.1" 200 37
120.253.135.82 - - [22/Nov/2022:09:10:17 +0800] "POST /xingrg/kc/buy/cgsh_order_operate.html HTTP/1.1" 200 2695
114.88.159.190 - - [22/Nov/2022:09:10:18 +0800] "GET /xingrg/all/function/internal_message.html?_=1669079024311&CODE_STATE=getMsg HTTP/1.1" 200 27
120.253.135.82 - - [22/Nov/2022:09:10:19 +0800] "GET /xingrg/kc/print/load_data.html?order_code=212022112207439&kc_code=cgsh&condition= HTTP/1.1" 200 698
180.162.229.95 - - [22/Nov/2022:09:10:26 +0800] "GET /xingrg/check_reg.html?_=1669079424557 HTTP/1.1" 302 -
114.95.46.117 - - [22/Nov/2022:09:10:29 +0800] "GET /xingrg/all/function/internal_message.html?_=1669079277034&CODE_STATE=getMsg HTTP/1.1" 200 27
222.70.183.206 - - [22/Nov/2022:09:10:36 +0800] "GET /xingrg/all/function/internal_message.html?_=1669079433710&CODE_STATE=getMsg HTTP/1.1" 200 27
116.238.139.35 - - [22/Nov/2022:09:10:43 +0800] "GET /xingrg/check_reg.html?_=1669079441472 HTTP/1.1" 200 22
116.238.139.35 - - [22/Nov/2022:09:10:43 +0800] "GET /xingrg/all/function/internal_message.html?_=1669079441476&CODE_STATE=getMsg HTTP/1.1" 200 27
124.79.245.154 - - [22/Nov/2022:09:10:44 +0800] "GET /xingrg/all/function/internal_message.html?_=1669079661014&CODE_STATE=getMsg HTTP/1.1" 200 27
101.85.106.255 - - [22/Nov/2022:09:10:50 +0800] "GET /xingrg/all/function/internal_message.html?_=1669079447863&CODE_STATE=getMsg HTTP/1.1" 200 27
116.238.139.35 - - [22/Nov/2022:09:10:53 +0800] "GET /xingrg/all/function/internal_message.html?_=1669079359796&CODE_STATE=getMsg HTTP/1.1" 200 27
218.81.217.29 - - [22/Nov/2022:09:10:53 +0800] "GET /xingrg/all/function/internal_message.html?_=1669079457229&CODE_STATE=getMsg HTTP/1.1" 200 27
116.230.105.139 - - [22/Nov/2022:09:10:56 +0800] "GET /xingrg/check_reg.html?_=1669079442073 HTTP/1.1" 200 22
116.230.105.139 - - [22/Nov/2022:09:10:56 +0800] "GET /xingrg/all/function/internal_message.html?_=1669079442075&CODE_STATE=getMsg HTTP/1.1" 200 27
114.84.81.136 - - [22/Nov/2022:09:11:00 +0800] "GET /xingrg/all/function/internal_message.html?_=1669079459790&CODE_STATE=getMsg HTTP/1.1" 200 27
120.253.135.82 - - [22/Nov/2022:09:11:13 +0800] "GET /xingrg/all/function/internal_message.html?_=1669079272544&CODE_STATE=getMsg HTTP/1.1" 200 27
114.88.159.190 - - [22/Nov/2022:09:11:18 +0800] "GET /xingrg/all/function/internal_message.html?_=1669079084282&CODE_STATE=getMsg HTTP/1.1" 200 27
114.95.46.117 - - [22/Nov/2022:09:11:29 +0800] "GET /xingrg/all/function/internal_message.html?_=1669079337043&CODE_STATE=getMsg HTTP/1.1" 200 27
120.253.135.82 - - [22/Nov/2022:09:11:29 +0800] "POST /xingrg/kc/buy/cgsh_order_operate.html HTTP/1.1" 200 37
120.253.135.82 - - [22/Nov/2022:09:11:34 +0800] "POST /xingrg/kc/buy/cgsh_order_operate.html HTTP/1.1" 200 12
120.253.135.82 - - [22/Nov/2022:09:11:35 +0800] "GET /xingrg/kc/buy/cgsh_order_info.html?code=212022112207439 HTTP/1.1" 200 63520
120.253.135.82 - - [22/Nov/2022:09:11:36 +0800] "GET /xingrg/javascript/easyui/themes/default/validatebox.css HTTP/1.1" 404 1104
222.70.183.206 - - [22/Nov/2022:09:11:36 +0800] "GET /xingrg/all/function/internal_message.html?_=1669079493708&CODE_STATE=getMsg HTTP/1.1" 200 27
120.253.135.82 - - [22/Nov/2022:09:11:36 +0800] "POST /xingrg/kc/buy/cgsh_order_operate.html HTTP/1.1" 200 645
120.253.135.82 - - [22/Nov/2022:09:11:38 +0800] "POST /xingrg/kc/buy/cgsh_list_operate.html HTTP/1.1" 200 986
120.253.135.82 - - [22/Nov/2022:09:11:40 +0800] "GET /xingrg/kc/pszx/mdqp_order_list.html?state=10 HTTP/1.1" 200 10275
120.253.135.82 - - [22/Nov/2022:09:11:40 +0800] "GET /xingrg/dwr/interface/AjaxQqpsService.js HTTP/1.1" 200 16326
120.253.135.82 - - [22/Nov/2022:09:11:40 +0800] "GET /xingrg/dwr/interface/AjaxReportQueryService.js HTTP/1.1" 200 13203
120.253.135.82 - - [22/Nov/2022:09:11:40 +0800] "GET /xingrg/dwr/engine.js HTTP/1.1" 200 43631
120.253.135.82 - - [22/Nov/2022:09:11:42 +0800] "GET /xingrg/kc/pszx/mdps_order_list.html?orderType=0 HTTP/1.1" 200 21035
120.253.135.82 - - [22/Nov/2022:09:11:43 +0800] "POST /xingrg/kc/pszx/mdps_list_operate.html HTTP/1.1" 200 5410
116.238.139.35 - - [22/Nov/2022:09:11:43 +0800] "GET /xingrg/all/function/internal_message.html?_=1669079501482&CODE_STATE=getMsg HTTP/1.1" 200 27
124.79.245.154 - - [22/Nov/2022:09:11:44 +0800] "GET /xingrg/check_reg.html?_=1669079721012 HTTP/1.1" 200 22
124.79.245.154 - - [22/Nov/2022:09:11:44 +0800] "GET /xingrg/all/function/internal_message.html?_=1669079721014&CODE_STATE=getMsg HTTP/1.1" 200 27
101.85.106.255 - - [22/Nov/2022:09:11:50 +0800] "GET /xingrg/all/function/internal_message.html?_=1669079507863&CODE_STATE=getMsg HTTP/1.1" 200 27
116.238.139.35 - - [22/Nov/2022:09:11:53 +0800] "GET /xingrg/all/function/internal_message.html?_=1669079419800&CODE_STATE=getMsg HTTP/1.1" 200 27
218.81.217.29 - - [22/Nov/2022:09:11:53 +0800] "GET /xingrg/all/function/internal_message.html?_=1669079517244&CODE_STATE=getMsg HTTP/1.1" 200 27
116.230.105.139 - - [22/Nov/2022:09:11:56 +0800] "GET /xingrg/all/function/internal_message.html?_=1669079502068&CODE_STATE=getMsg HTTP/1.1" 200 27
120.253.135.82 - - [22/Nov/2022:09:11:56 +0800] "POST /xingrg/kc/pszx/mdps_list_operate.html HTTP/1.1" 200 4221
120.253.135.82 - - [22/Nov/2022:09:11:58 +0800] "POST /xingrg/kc/pszx/mdps_list_operate.html HTTP/1.1" 200 205
120.253.135.82 - - [22/Nov/2022:09:12:00 +0800] "POST /xingrg/kc/pszx/mdps_list_operate.html HTTP/1.1" 200 202
114.84.81.136 - - [22/Nov/2022:09:12:01 +0800] "GET /xingrg/all/function/internal_message.html?_=1669079519838&CODE_STATE=getMsg HTTP/1.1" 200 27
114.84.81.136 - - [22/Nov/2022:09:12:01 +0800] "GET /xingrg/check_reg.html?_=1669079519836 HTTP/1.1" 200 22
120.253.135.82 - - [22/Nov/2022:09:12:01 +0800] "GET /xingrg/kc/pszx/mdps_order_info.html?code=312022112100436 HTTP/1.1" 200 23972
120.253.135.82 - - [22/Nov/2022:09:12:01 +0800] "GET /xingrg/javascript/easyui/themes/default/validatebox.css HTTP/1.1" 404 1104
120.253.135.82 - - [22/Nov/2022:09:12:01 +0800] "POST /xingrg/kc/pszx/mdps_order_operate.html HTTP/1.1" 200 2275
120.253.135.82 - - [22/Nov/2022:09:12:09 +0800] "GET /xingrg/kc/pszx/mdps_order_info.html?code=312022112100436 HTTP/1.1" 200 23972
120.253.135.82 - - [22/Nov/2022:09:12:09 +0800] "GET /xingrg/javascript/easyui/themes/default/validatebox.css HTTP/1.1" 404 1104
120.253.135.82 - - [22/Nov/2022:09:12:09 +0800] "POST /xingrg/kc/pszx/mdps_order_operate.html HTTP/1.1" 200 2275
120.253.135.82 - - [22/Nov/2022:09:12:13 +0800] "GET /xingrg/all/function/internal_message.html?_=1669079332558&CODE_STATE=getMsg HTTP/1.1" 200 27
114.88.159.190 - - [22/Nov/2022:09:12:18 +0800] "GET /xingrg/all/function/internal_message.html?_=1669079144264&CODE_STATE=getMsg HTTP/1.1" 200 27
114.95.46.117 - - [22/Nov/2022:09:12:29 +0800] "GET /xingrg/check_reg.html?_=1669079397031 HTTP/1.1" 200 22
114.95.46.117 - - [22/Nov/2022:09:12:29 +0800] "GET /xingrg/all/function/internal_message.html?_=1669079397034&CODE_STATE=getMsg HTTP/1.1" 200 27
222.70.183.206 - - [22/Nov/2022:09:12:36 +0800] "GET /xingrg/all/function/internal_message.html?_=1669079553735&CODE_STATE=getMsg HTTP/1.1" 200 27
120.253.135.82 - - [22/Nov/2022:09:12:37 +0800] "POST /xingrg/kc/pszx/mdps_list_operate.html HTTP/1.1" 200 4221
120.253.135.82 - - [22/Nov/2022:09:12:43 +0800] "POST /xingrg/kc/pszx/mdps_list_operate.html HTTP/1.1" 200 2057
116.238.139.35 - - [22/Nov/2022:09:12:43 +0800] "GET /xingrg/all/function/internal_message.html?_=1669079561487&CODE_STATE=getMsg HTTP/1.1" 200 27
124.79.245.154 - - [22/Nov/2022:09:12:44 +0800] "GET /xingrg/all/function/internal_message.html?_=1669079781012&CODE_STATE=getMsg HTTP/1.1" 200 27
120.253.135.82 - - [22/Nov/2022:09:12:44 +0800] "POST /xingrg/kc/pszx/mdps_list_operate.html HTTP/1.1" 200 205
120.253.135.82 - - [22/Nov/2022:09:12:46 +0800] "POST /xingrg/kc/pszx/mdps_list_operate.html HTTP/1.1" 200 464
114.88.159.190 - - [22/Nov/2022:09:12:47 +0800] "GET /xingrg/check_reg.html?_=1669079172383 HTTP/1.1" 200 22
120.253.135.82 - - [22/Nov/2022:09:12:47 +0800] "GET /xingrg/kc/pszx/mdps_order_info.html?code=312022112100429 HTTP/1.1" 200 23976
120.253.135.82 - - [22/Nov/2022:09:12:47 +0800] "GET /xingrg/javascript/easyui/themes/default/validatebox.css HTTP/1.1" 404 1104
120.253.135.82 - - [22/Nov/2022:09:12:47 +0800] "POST /xingrg/kc/pszx/mdps_order_operate.html HTTP/1.1" 200 3801
101.85.106.255 - - [22/Nov/2022:09:12:50 +0800] "GET /xingrg/all/function/internal_message.html?_=1669079567887&CODE_STATE=getMsg HTTP/1.1" 200 27
120.253.135.82 - - [22/Nov/2022:09:12:50 +0800] "POST /xingrg/kc/pszx/mdps_order_operate.html HTTP/1.1" 200 37
120.253.135.82 - - [22/Nov/2022:09:12:52 +0800] "POST /xingrg/kc/pszx/mdps_order_operate.html HTTP/1.1" 200 12
116.238.139.35 - - [22/Nov/2022:09:12:53 +0800] "GET /xingrg/all/function/internal_message.html?_=1669079479877&CODE_STATE=getMsg HTTP/1.1" 200 27
218.81.217.29 - - [22/Nov/2022:09:12:53 +0800] "GET /xingrg/all/function/internal_message.html?_=1669079577261&CODE_STATE=getMsg HTTP/1.1" 200 27
120.253.135.82 - - [22/Nov/2022:09:12:55 +0800] "GET /xingrg/kc/pszx/mdps_order_info.html?code=312022112100429 HTTP/1.1" 200 19636
120.253.135.82 - - [22/Nov/2022:09:12:55 +0800] "GET /xingrg/javascript/easyui/themes/default/validatebox.css HTTP/1.1" 404 1104
120.253.135.82 - - [22/Nov/2022:09:12:55 +0800] "POST /xingrg/kc/pszx/mdps_order_operate.html HTTP/1.1" 200 2014
116.230.105.139 - - [22/Nov/2022:09:12:56 +0800] "GET /xingrg/all/function/internal_message.html?_=1669079562077&CODE_STATE=getMsg HTTP/1.1" 200 27
120.253.135.82 - - [22/Nov/2022:09:12:59 +0800] "POST /xingrg/kc/pszx/mdps_list_operate.html HTTP/1.1" 200 1687
114.84.81.136 - - [22/Nov/2022:09:13:00 +0800] "GET /xingrg/all/function/internal_message.html?_=1669079579823&CODE_STATE=getMsg HTTP/1.1" 200 27
120.253.135.82 - - [22/Nov/2022:09:13:09 +0800] "POST /xingrg/kc/pszx/mdps_list_operate.html HTTP/1.1" 200 2062
120.253.135.82 - - [22/Nov/2022:09:13:10 +0800] "POST /xingrg/kc/pszx/mdps_list_operate.html HTTP/1.1" 200 381
120.253.135.82 - - [22/Nov/2022:09:13:11 +0800] "GET /xingrg/kc/pszx/mdps_order_info.html?code=312022112200454 HTTP/1.1" 200 23978
120.253.135.82 - - [22/Nov/2022:09:13:11 +0800] "GET /xingrg/javascript/easyui/themes/default/validatebox.css HTTP/1.1" 404 1104
120.253.135.82 - - [22/Nov/2022:09:13:12 +0800] "POST /xingrg/kc/pszx/mdps_order_operate.html HTTP/1.1" 200 3331
120.253.135.82 - - [22/Nov/2022:09:13:13 +0800] "GET /xingrg/all/function/internal_message.html?_=1669079392570&CODE_STATE=getMsg HTTP/1.1" 200 27
120.253.135.82 - - [22/Nov/2022:09:13:16 +0800] "POST /xingrg/kc/pszx/mdps_order_operate.html HTTP/1.1" 200 37
120.253.135.82 - - [22/Nov/2022:09:13:18 +0800] "POST /xingrg/kc/pszx/mdps_order_operate.html HTTP/1.1" 200 12
114.88.159.190 - - [22/Nov/2022:09:13:18 +0800] "GET /xingrg/all/function/internal_message.html?_=1669079204246&CODE_STATE=getMsg HTTP/1.1" 200 27
120.253.135.82 - - [22/Nov/2022:09:13:19 +0800] "GET /xingrg/kc/pszx/mdps_order_info.html?code=312022112200454 HTTP/1.1" 200 19638
120.253.135.82 - - [22/Nov/2022:09:13:19 +0800] "POST /xingrg/kc/pszx/mdps_order_operate.html HTTP/1.1" 200 1543
120.253.135.82 - - [22/Nov/2022:09:13:19 +0800] "GET /xingrg/javascript/easyui/themes/default/validatebox.css HTTP/1.1" 404 1104
120.253.135.82 - - [22/Nov/2022:09:13:21 +0800] "POST /xingrg/kc/pszx/mdps_list_operate.html HTTP/1.1" 200 1688
116.238.139.35 - - [22/Nov/2022:09:13:21 +0800] "POST /xingrg/services/DataTransmitService HTTP/1.1" 200 524
120.253.135.82 - - [22/Nov/2022:09:13:22 +0800] "POST /xingrg/kc/pszx/mdps_list_operate.html HTTP/1.1" 200 201
114.95.46.117 - - [22/Nov/2022:09:13:29 +0800] "GET /xingrg/all/function/internal_message.html?_=1669079457066&CODE_STATE=getMsg HTTP/1.1" 200 27
222.70.183.206 - - [22/Nov/2022:09:13:36 +0800] "GET /xingrg/all/function/internal_message.html?_=1669079613734&CODE_STATE=getMsg HTTP/1.1" 200 27
116.238.139.35 - - [22/Nov/2022:09:13:43 +0800] "GET /xingrg/all/function/internal_message.html?_=1669079621487&CODE_STATE=getMsg HTTP/1.1" 200 27
124.79.245.154 - - [22/Nov/2022:09:13:44 +0800] "GET /xingrg/all/function/internal_message.html?_=1669079841010&CODE_STATE=getMsg HTTP/1.1" 200 27
116.238.139.35 - - [22/Nov/2022:09:13:45 +0800] "GET /xingrg/check_reg.html?_=1669079532136 HTTP/1.1" 200 22
101.85.106.255 - - [22/Nov/2022:09:13:50 +0800] "GET /xingrg/check_reg.html?_=1669079627885 HTTP/1.1" 200 22
101.85.106.255 - - [22/Nov/2022:09:13:50 +0800] "GET /xingrg/all/function/internal_message.html?_=1669079627887&CODE_STATE=getMsg HTTP/1.1" 200 27
124.79.74.72 - - [22/Nov/2022:09:13:51 +0800] "GET /xingrg/login.html HTTP/1.1" 200 7641
124.79.74.72 - - [22/Nov/2022:09:13:52 +0800] "GET /favicon.ico HTTP/1.1" 404 -
120.253.135.82 - - [22/Nov/2022:09:13:53 +0800] "POST /xingrg/kc/pszx/mdps_list_operate.html HTTP/1.1" 200 2458
116.238.139.35 - - [22/Nov/2022:09:13:53 +0800] "GET /xingrg/all/function/internal_message.html?_=1669079539890&CODE_STATE=getMsg HTTP/1.1" 200 27
218.81.217.29 - - [22/Nov/2022:09:13:53 +0800] "GET /xingrg/all/function/internal_message.html?_=1669079637270&CODE_STATE=getMsg HTTP/1.1" 200 27
116.230.105.139 - - [22/Nov/2022:09:13:56 +0800] "GET /xingrg/all/function/internal_message.html?_=1669079622071&CODE_STATE=getMsg HTTP/1.1" 200 27
120.253.135.82 - - [22/Nov/2022:09:13:57 +0800] "POST /xingrg/kc/pszx/mdps_list_operate.html HTTP/1.1" 200 205
120.253.135.82 - - [22/Nov/2022:09:13:57 +0800] "GET /xingrg/kc/pszx/mdps_order_info.html?code=312022111700363 HTTP/1.1" 200 23994
120.253.135.82 - - [22/Nov/2022:09:13:58 +0800] "GET /xingrg/javascript/easyui/themes/default/validatebox.css HTTP/1.1" 404 1104
120.253.135.82 - - [22/Nov/2022:09:13:58 +0800] "POST /xingrg/kc/pszx/mdps_order_operate.html HTTP/1.1" 200 2281
114.84.81.136 - - [22/Nov/2022:09:14:00 +0800] "GET /xingrg/all/function/internal_message.html?_=1669079639807&CODE_STATE=getMsg HTTP/1.1" 200 27
120.253.135.82 - - [22/Nov/2022:09:14:01 +0800] "POST /xingrg/kc/pszx/mdps_order_operate.html HTTP/1.1" 200 37
120.253.135.82 - - [22/Nov/2022:09:14:03 +0800] "POST /xingrg/kc/pszx/mdps_order_operate.html HTTP/1.1" 200 12
124.79.74.72 - - [22/Nov/2022:09:14:11 +0800] "POST /xingrg/login.do HTTP/1.1" 302 -
124.79.74.72 - - [22/Nov/2022:09:14:11 +0800] "GET /xingrg/index.html?sysBaseUrl=http%3A%2F%2F180.169.147.146%3A18081%2Fxingrg%2F&costTime=41×tamp=1669079651431 HTTP/1.1" 200 17179
124.79.74.72 - - [22/Nov/2022:09:14:11 +0800] "GET /favicon.ico HTTP/1.1" 404 -
124.79.74.72 - - [22/Nov/2022:09:14:11 +0800] "POST /xingrg/all/common/load_tree.html?tree=area_rest_tree_json&manage=1 HTTP/1.1" 200 351
124.79.74.72 - - [22/Nov/2022:09:14:11 +0800] "GET /xingrg/all/function/internal_message.html?_=1669079651642&CODE_STATE=count HTTP/1.1" 200 11
124.79.74.72 - - [22/Nov/2022:09:14:11 +0800] "GET /xingrg/check_reg.html?_=1669079651642 HTTP/1.1" 200 22
124.79.74.72 - - [22/Nov/2022:09:14:11 +0800] "POST /xingrg/load_menu.html HTTP/1.1" 200 5138
120.253.135.82 - - [22/Nov/2022:09:14:16 +0800] "GET /xingrg/kc/pszx/mdps_order_info.html?code=312022111700363 HTTP/1.1" 200 19654
120.253.135.82 - - [22/Nov/2022:09:14:16 +0800] "POST /xingrg/kc/pszx/mdps_order_operate.html HTTP/1.1" 200 502
120.253.135.82 - - [22/Nov/2022:09:14:16 +0800] "GET /xingrg/javascript/easyui/themes/default/validatebox.css HTTP/1.1" 404 1104
120.253.135.82 - - [22/Nov/2022:09:14:17 +0800] "GET /xingrg/all/function/internal_message.html?_=1669079456282&CODE_STATE=getMsg HTTP/1.1" 200 27
120.253.135.82 - - [22/Nov/2022:09:14:17 +0800] "POST /xingrg/kc/pszx/mdps_list_operate.html HTTP/1.1" 200 2065
114.88.159.190 - - [22/Nov/2022:09:14:18 +0800] "GET /xingrg/all/function/internal_message.html?_=1669079264254&CODE_STATE=getMsg HTTP/1.1" 200 27
120.253.135.82 - - [22/Nov/2022:09:14:20 +0800] "POST /xingrg/kc/pszx/mdps_list_operate.html HTTP/1.1" 200 645
120.253.135.82 - - [22/Nov/2022:09:14:21 +0800] "GET /xingrg/kc/pszx/mdps_order_info.html?code=312022112100445 HTTP/1.1" 200 23978
120.253.135.82 - - [22/Nov/2022:09:14:21 +0800] "GET /xingrg/javascript/easyui/themes/default/validatebox.css HTTP/1.1" 404 1104
120.253.135.82 - - [22/Nov/2022:09:14:21 +0800] "POST /xingrg/kc/pszx/mdps_order_operate.html HTTP/1.1" 200 21267
114.95.46.117 - - [22/Nov/2022:09:14:29 +0800] "GET /xingrg/all/function/internal_message.html?_=1669079517054&CODE_STATE=getMsg HTTP/1.1" 200 27
120.253.135.82 - - [22/Nov/2022:09:14:33 +0800] "POST /xingrg/kc/pszx/mdps_order_operate.html HTTP/1.1" 200 37
120.253.135.82 - - [22/Nov/2022:09:14:35 +0800] "POST /xingrg/kc/pszx/mdps_order_operate.html HTTP/1.1" 200 12
222.70.183.206 - - [22/Nov/2022:09:14:36 +0800] "GET /xingrg/all/function/internal_message.html?_=1669079673733&CODE_STATE=getMsg HTTP/1.1" 200 27
222.70.183.206 - - [22/Nov/2022:09:14:36 +0800] "GET /xingrg/check_reg.html?_=1669079673736 HTTP/1.1" 200 22
180.162.229.95 - - [22/Nov/2022:09:14:41 +0800] "GET /xingrg/login.html HTTP/1.1" 200 7641
180.162.229.95 - - [22/Nov/2022:09:14:41 +0800] "GET /xingrg/images/blue/jxLogo.png HTTP/1.1" 200 6156
180.162.229.95 - - [22/Nov/2022:09:14:41 +0800] "GET /xingrg/images/blue/hj.png HTTP/1.1" 200 1014
180.162.229.95 - - [22/Nov/2022:09:14:41 +0800] "GET /xingrg/images/blue/login_bg.png HTTP/1.1" 200 22101
180.162.229.95 - - [22/Nov/2022:09:14:41 +0800] "GET /xingrg/images/blue/srbg.png HTTP/1.1" 200 138
180.162.229.95 - - [22/Nov/2022:09:14:41 +0800] "GET /favicon.ico HTTP/1.1" 404 -
180.162.229.95 - - [22/Nov/2022:09:14:43 +0800] "POST /xingrg/login.do HTTP/1.1" 302 -
180.162.229.95 - - [22/Nov/2022:09:14:43 +0800] "GET /xingrg/javascript/jquery_easy_ui/themes/icon.css HTTP/1.1" 200 3949
180.162.229.95 - - [22/Nov/2022:09:14:43 +0800] "GET /xingrg/index.html?sysBaseUrl=http%3A%2F%2F180.169.147.146%3A18081%2Fxingrg%2F&costTime=40×tamp=1669079683362 HTTP/1.1" 200 17173
180.162.229.95 - - [22/Nov/2022:09:14:43 +0800] "GET /xingrg/css/form.css HTTP/1.1" 200 893
180.162.229.95 - - [22/Nov/2022:09:14:43 +0800] "GET /xingrg/javascript/jquery_easy_ui/jquery.easyui.min.js HTTP/1.1" 200 213662
180.162.229.95 - - [22/Nov/2022:09:14:43 +0800] "GET /xingrg/javascript/jquery-1.4.2.min.js HTTP/1.1" 200 72205
180.162.229.95 - - [22/Nov/2022:09:14:43 +0800] "GET /xingrg/javascript/jquery_easy_ui/easyui-lang-zh_CN.js HTTP/1.1" 200 1900
180.162.229.95 - - [22/Nov/2022:09:14:43 +0800] "GET /xingrg/javascript/jquery_easy_ui/themes/default/easyui.css HTTP/1.1" 200 26500
180.162.229.95 - - [22/Nov/2022:09:14:43 +0800] "GET /xingrg/javascript/jquery.timers.js HTTP/1.1" 200 3532
180.162.229.95 - - [22/Nov/2022:09:14:43 +0800] "GET /xingrg/javascript/jquery.form.js HTTP/1.1" 200 23110
180.162.229.95 - - [22/Nov/2022:09:14:43 +0800] "GET /xingrg/javascript/jquery.utils.js HTTP/1.1" 200 11805
180.162.229.95 - - [22/Nov/2022:09:14:43 +0800] "GET /favicon.ico HTTP/1.1" 404 -
180.162.229.95 - - [22/Nov/2022:09:14:43 +0800] "GET /xingrg/javascript/jquery_easy_ui/themes/icons/settle_new.png HTTP/1.1" 200 826
180.162.229.95 - - [22/Nov/2022:09:14:43 +0800] "GET /xingrg/images/blue/navBackgound.jpg HTTP/1.1" 200 12378
180.162.229.95 - - [22/Nov/2022:09:14:43 +0800] "POST /xingrg/all/common/load_tree.html?tree=area_rest_tree_json&manage=1 HTTP/1.1" 200 342
180.162.229.95 - - [22/Nov/2022:09:14:43 +0800] "GET /xingrg/all/function/internal_message.html?_=1669079681870&CODE_STATE=count HTTP/1.1" 200 11
180.162.229.95 - - [22/Nov/2022:09:14:43 +0800] "GET /xingrg/check_reg.html?_=1669079681871 HTTP/1.1" 200 22
180.162.229.95 - - [22/Nov/2022:09:14:43 +0800] "GET /xingrg/images/blue/pingpu.png HTTP/1.1" 200 231
180.162.229.95 - - [22/Nov/2022:09:14:43 +0800] "GET /xingrg/javascript/jquery_easy_ui/themes/default/images/tabs_leftarrow.png HTTP/1.1" 200 389
180.162.229.95 - - [22/Nov/2022:09:14:43 +0800] "GET /xingrg/javascript/jquery_easy_ui/themes/default/images/tabs_rightarrow.png HTTP/1.1" 200 395
180.162.229.95 - - [22/Nov/2022:09:14:43 +0800] "GET /xingrg/javascript/jquery_easy_ui/themes/default/images/panel_tool_collapse.gif HTTP/1.1" 200 246
180.162.229.95 - - [22/Nov/2022:09:14:43 +0800] "POST /xingrg/load_menu.html HTTP/1.1" 200 5138
116.238.139.35 - - [22/Nov/2022:09:14:43 +0800] "GET /xingrg/all/function/internal_message.html?_=1669079681487&CODE_STATE=getMsg HTTP/1.1" 200 27
180.162.229.95 - - [22/Nov/2022:09:14:43 +0800] "GET /xingrg/javascript/jquery_easy_ui/themes/default/images/tree_folder_open.gif HTTP/1.1" 200 956
180.162.229.95 - - [22/Nov/2022:09:14:43 +0800] "GET /xingrg/javascript/jquery_easy_ui/themes/default/images/tree_arrows.gif HTTP/1.1" 200 1043
180.162.229.95 - - [22/Nov/2022:09:14:43 +0800] "GET /xingrg/javascript/jquery_easy_ui/themes/icons/search_new.png HTTP/1.1" 200 586
180.162.229.95 - - [22/Nov/2022:09:14:43 +0800] "GET /xingrg/javascript/jquery_easy_ui/themes/default/images/tree_folder.gif HTTP/1.1" 200 952
180.162.229.95 - - [22/Nov/2022:09:14:43 +0800] "GET /xingrg/javascript/jquery_easy_ui/themes/icons/storage_new.png HTTP/1.1" 200 853
180.162.229.95 - - [22/Nov/2022:09:14:43 +0800] "GET /xingrg/javascript/jquery_easy_ui/themes/icons/forms_new.png HTTP/1.1" 200 350
180.162.229.95 - - [22/Nov/2022:09:14:43 +0800] "GET /xingrg/javascript/jquery_easy_ui/themes/default/images/tree_file.gif HTTP/1.1" 200 118
124.79.245.154 - - [22/Nov/2022:09:14:44 +0800] "GET /xingrg/all/function/internal_message.html?_=1669079901008&CODE_STATE=getMsg HTTP/1.1" 200 27
180.162.229.95 - - [22/Nov/2022:09:14:49 +0800] "GET /xingrg/javascript/jquery_easy_ui/themes/default/images/tabs_active.png HTTP/1.1" 200 2894
101.85.106.255 - - [22/Nov/2022:09:14:50 +0800] "GET /xingrg/all/function/internal_message.html?_=1669079687884&CODE_STATE=getMsg HTTP/1.1" 200 27
180.162.229.95 - - [22/Nov/2022:09:14:51 +0800] "GET /xingrg/javascript/jquery_easy_ui/themes/default/images/tabs_close.gif HTTP/1.1" 200 829
180.162.229.95 - - [22/Nov/2022:09:14:51 +0800] "GET /xingrg/kc/buy/cgsh_order_list.html HTTP/1.1" 200 53780
180.162.229.95 - - [22/Nov/2022:09:14:51 +0800] "GET /xingrg/css/base.css HTTP/1.1" 200 2811
180.162.229.95 - - [22/Nov/2022:09:14:51 +0800] "GET /xingrg/css/site.css HTTP/1.1" 200 7541
180.162.229.95 - - [22/Nov/2022:09:14:51 +0800] "GET /xingrg/javascript/jquery_tools/datebox.css HTTP/1.1" 200 2597
180.162.229.95 - - [22/Nov/2022:09:14:51 +0800] "GET /xingrg/javascript/easyui/themes/icon.css HTTP/1.1" 200 4483
180.162.229.95 - - [22/Nov/2022:09:14:51 +0800] "GET /xingrg/javascript/auto/jquery.autocomplete.css HTTP/1.1" 200 587
180.162.229.95 - - [22/Nov/2022:09:14:51 +0800] "GET /xingrg/javascript/jquery_tools/fix.css HTTP/1.1" 200 1702
180.162.229.95 - - [22/Nov/2022:09:14:51 +0800] "GET /xingrg/javascript/jquery_tools/table.css HTTP/1.1" 200 1032
180.162.229.95 - - [22/Nov/2022:09:14:51 +0800] "GET /xingrg/javascript/jquery_tools/jquery.tools.min.js HTTP/1.1" 200 138801
180.162.229.95 - - [22/Nov/2022:09:14:51 +0800] "GET /xingrg/javascript/jquery_tools/jquery.tools.hotkey.js HTTP/1.1" 200 3242
180.162.229.95 - - [22/Nov/2022:09:14:51 +0800] "GET /xingrg/javascript/jquery_tools/jquery.tools.table.js HTTP/1.1" 200 6994
180.162.229.95 - - [22/Nov/2022:09:14:51 +0800] "GET /xingrg/javascript/easyui/themes/default/easyui.css HTTP/1.1" 200 30432
180.162.229.95 - - [22/Nov/2022:09:14:51 +0800] "GET /xingrg/javascript/jquery_tools/list_manager.js HTTP/1.1" 200 3652
180.162.229.95 - - [22/Nov/2022:09:14:51 +0800] "GET /xingrg/javascript/jquery_tools/jquery.tools.extend.js HTTP/1.1" 200 15385
180.162.229.95 - - [22/Nov/2022:09:14:51 +0800] "GET /xingrg/javascript/easyui/easyloader.js HTTP/1.1" 200 5975
180.162.229.95 - - [22/Nov/2022:09:14:51 +0800] "GET /xingrg/javascript/jquery.cookie.js HTTP/1.1" 200 5513
180.162.229.95 - - [22/Nov/2022:09:14:51 +0800] "GET /xingrg/javascript/print/LodopFuncs.js HTTP/1.1" 200 5121
180.162.229.95 - - [22/Nov/2022:09:14:51 +0800] "GET /xingrg/javascript/auto/jquery.autocomplete.js HTTP/1.1" 200 21624
180.162.229.95 - - [22/Nov/2022:09:14:51 +0800] "GET /xingrg/javascript/easyui/themes/icons/edit_add_new.png HTTP/1.1" 200 2997
180.162.229.95 - - [22/Nov/2022:09:14:51 +0800] "GET /xingrg/javascript/easyui/themes/icons/cance_new.png HTTP/1.1" 200 3986
180.162.229.95 - - [22/Nov/2022:09:14:51 +0800] "GET /xingrg/javascript/easyui/themes/icons/check_new.png HTTP/1.1" 200 3224
180.162.229.95 - - [22/Nov/2022:09:14:51 +0800] "GET /xingrg/javascript/easyui/themes/icons/field_new.png HTTP/1.1" 200 1097
180.162.229.95 - - [22/Nov/2022:09:14:51 +0800] "GET /xingrg/javascript/easyui/themes/icons/import_new.png HTTP/1.1" 200 1247
180.162.229.95 - - [22/Nov/2022:09:14:51 +0800] "GET /xingrg/javascript/easyui/plugins/jquery.parser.js HTTP/1.1" 200 1142
180.162.229.95 - - [22/Nov/2022:09:14:51 +0800] "GET /xingrg/images/control/ajaxLoader.gif HTTP/1.1" 200 4659
218.81.217.29 - - [22/Nov/2022:09:14:51 +0800] "GET /xingrg/check_reg.html?_=1669079695652 HTTP/1.1" 200 22
180.162.229.95 - - [22/Nov/2022:09:14:52 +0800] "POST /xingrg/kc/buy/cgsh_list_operate.html HTTP/1.1" 200 986
180.162.229.95 - - [22/Nov/2022:09:14:52 +0800] "GET /xingrg/javascript/easyui/themes/default/images/button_plain_hover.png HTTP/1.1" 200 144
180.162.229.95 - - [22/Nov/2022:09:14:53 +0800] "GET /xingrg/javascript/pic_change.js HTTP/1.1" 200 4739
180.162.229.95 - - [22/Nov/2022:09:14:53 +0800] "GET /xingrg/kc/buy/cgsh_order_add.html HTTP/1.1" 200 69596
180.162.229.95 - - [22/Nov/2022:09:14:53 +0800] "GET /xingrg/javascript/convert.js HTTP/1.1" 200 1239
180.162.229.95 - - [22/Nov/2022:09:14:53 +0800] "GET /xingrg/javascript/jquery_tools/order_manager.js HTTP/1.1" 200 11183
180.162.229.95 - - [22/Nov/2022:09:14:53 +0800] "GET /xingrg/javascript/json2.js HTTP/1.1" 200 11259
180.162.229.95 - - [22/Nov/2022:09:14:53 +0800] "GET /xingrg/javascript/print/kc_print.js HTTP/1.1" 200 11415
180.162.229.95 - - [22/Nov/2022:09:14:53 +0800] "GET /xingrg/words/20221121165959_words.js HTTP/1.1" 200 934252
180.162.229.95 - - [22/Nov/2022:09:14:53 +0800] "GET /xingrg/javascript/easyui/themes/icons/copy_new.png HTTP/1.1" 200 815
180.162.229.95 - - [22/Nov/2022:09:14:53 +0800] "GET /xingrg/javascript/easyui/themes/icons/template_new.png HTTP/1.1" 200 3956
180.162.229.95 - - [22/Nov/2022:09:14:53 +0800] "GET /xingrg/javascript/easyui/themes/icons/ok.png HTTP/1.1" 200 883
180.162.229.95 - - [22/Nov/2022:09:14:53 +0800] "GET /xingrg/javascript/easyui/themes/icons/print.png HTTP/1.1" 200 1057
180.162.229.95 - - [22/Nov/2022:09:14:53 +0800] "GET /xingrg/javascript/easyui/themes/default/images/menu_downarrow.png HTTP/1.1" 200 173
180.162.229.95 - - [22/Nov/2022:09:14:53 +0800] "GET /xingrg/javascript/easyui/themes/icons/cancel.png HTTP/1.1" 200 1133
116.238.139.35 - - [22/Nov/2022:09:14:53 +0800] "GET /xingrg/all/function/internal_message.html?_=1669079599919&CODE_STATE=getMsg HTTP/1.1" 200 27
218.81.217.29 - - [22/Nov/2022:09:14:53 +0800] "GET /xingrg/all/function/internal_message.html?_=1669079697283&CODE_STATE=getMsg HTTP/1.1" 200 27
180.162.229.95 - - [22/Nov/2022:09:14:53 +0800] "POST /xingrg/kc/buy/cgsh_order_operate.html HTTP/1.1" 200 8245
180.162.229.95 - - [22/Nov/2022:09:14:53 +0800] "GET /xingrg/all/common/auto_word.html?type=employee&rest_code=00102 HTTP/1.1" 200 189
180.162.229.95 - - [22/Nov/2022:09:14:53 +0800] "GET /xingrg/javascript/easyui/themes/default/validatebox.css HTTP/1.1" 404 1104
180.162.229.95 - - [22/Nov/2022:09:14:53 +0800] "GET /xingrg/javascript/easyui/plugins/jquery.validatebox.js HTTP/1.1" 200 6103
180.162.229.95 - - [22/Nov/2022:09:14:53 +0800] "GET /xingrg/all/common/auto_word.html?type=employee&rest_code=00102 HTTP/1.1" 200 189
180.162.229.95 - - [22/Nov/2022:09:14:53 +0800] "GET /xingrg/javascript/easyui/plugins/jquery.numberbox.js HTTP/1.1" 200 5213
180.162.229.95 - - [22/Nov/2022:09:14:53 +0800] "GET /xingrg/javascript/easyui/themes/icons/edit_remove.png HTTP/1.1" 200 625
120.253.135.82 - - [22/Nov/2022:09:14:54 +0800] "GET /xingrg/kc/pszx/mdps_order_info.html?code=312022112100445 HTTP/1.1" 200 19638
180.162.229.95 - - [22/Nov/2022:09:14:54 +0800] "GET /xingrg/javascript/auto/indicator.gif HTTP/1.1" 404 1066
120.253.135.82 - - [22/Nov/2022:09:14:54 +0800] "POST /xingrg/kc/pszx/mdps_order_operate.html HTTP/1.1" 200 19336
120.253.135.82 - - [22/Nov/2022:09:14:54 +0800] "GET /xingrg/javascript/easyui/themes/default/validatebox.css HTTP/1.1" 404 1104
120.253.135.82 - - [22/Nov/2022:09:14:56 +0800] "POST /xingrg/kc/pszx/mdps_list_operate.html HTTP/1.1" 200 1692
116.230.105.139 - - [22/Nov/2022:09:14:56 +0800] "GET /xingrg/all/function/internal_message.html?_=1669079682066&CODE_STATE=getMsg HTTP/1.1" 200 27
120.253.135.82 - - [22/Nov/2022:09:14:57 +0800] "POST /xingrg/kc/pszx/mdps_list_operate.html HTTP/1.1" 200 605
120.253.135.82 - - [22/Nov/2022:09:14:58 +0800] "GET /xingrg/kc/pszx/mdps_order_info.html?code=312022112100444 HTTP/1.1" 200 23978
120.253.135.82 - - [22/Nov/2022:09:14:58 +0800] "GET /xingrg/javascript/easyui/themes/default/validatebox.css HTTP/1.1" 404 1104
120.253.135.82 - - [22/Nov/2022:09:14:58 +0800] "POST /xingrg/kc/pszx/mdps_order_operate.html HTTP/1.1" 200 5272
114.84.81.136 - - [22/Nov/2022:09:15:00 +0800] "GET /xingrg/all/function/internal_message.html?_=1669079699793&CODE_STATE=getMsg HTTP/1.1" 200 27
222.70.183.206 - - [22/Nov/2022:09:15:03 +0800] "GET /xingrg/kc/buy/cgsh_order_add.html HTTP/1.1" 200 69517
222.70.183.206 - - [22/Nov/2022:09:15:03 +0800] "GET /xingrg/javascript/easyui/themes/default/validatebox.css HTTP/1.1" 404 1104
222.70.183.206 - - [22/Nov/2022:09:15:03 +0800] "POST /xingrg/kc/buy/cgsh_order_operate.html HTTP/1.1" 200 8245
120.253.135.82 - - [22/Nov/2022:09:15:04 +0800] "POST /xingrg/kc/pszx/mdps_order_operate.html HTTP/1.1" 200 37
120.253.135.82 - - [22/Nov/2022:09:15:05 +0800] "POST /xingrg/kc/pszx/mdps_order_operate.html HTTP/1.1" 200 12
114.88.159.190 - - [22/Nov/2022:09:15:10 +0800] "POST /xingrg/services/DataTransmitService HTTP/1.1" 200 524
124.79.74.72 - - [22/Nov/2022:09:15:11 +0800] "GET /xingrg/all/function/internal_message.html?_=1669079711648&CODE_STATE=getMsg HTTP/1.1" 200 27
222.70.183.206 - - [22/Nov/2022:09:15:12 +0800] "GET /xingrg/kc/buy/cgsh_order_operate.html?command=get_materiel&rest_code=00111&code=00101002027&supplier_code=00100199&order_time=2022-11-22 HTTP/1.1" 200 435
114.88.159.190 - - [22/Nov/2022:09:15:18 +0800] "GET /xingrg/all/function/internal_message.html?_=1669079324231&CODE_STATE=getMsg HTTP/1.1" 200 27
222.70.183.206 - - [22/Nov/2022:09:15:23 +0800] "GET /xingrg/kc/buy/cgsh_order_operate.html?command=get_materiel&rest_code=00111&code=00101002006&supplier_code=00100199&order_time=2022-11-22 HTTP/1.1" 200 434
114.95.46.117 - - [22/Nov/2022:09:15:29 +0800] "GET /xingrg/all/function/internal_message.html?_=1669079577063&CODE_STATE=getMsg HTTP/1.1" 200 27
222.70.183.206 - - [22/Nov/2022:09:15:34 +0800] "POST /xingrg/kc/buy/cgsh_order_operate.html HTTP/1.1" 200 37
222.70.183.206 - - [22/Nov/2022:09:15:36 +0800] "GET /xingrg/all/function/internal_message.html?_=1669079733832&CODE_STATE=getMsg HTTP/1.1" 200 27
222.70.183.206 - - [22/Nov/2022:09:15:37 +0800] "POST /xingrg/kc/buy/cgsh_order_operate.html HTTP/1.1" 200 3260
222.70.183.206 - - [22/Nov/2022:09:15:38 +0800] "GET /xingrg/kc/print/load_data.html?order_code=212022112207440&kc_code=cgsh&condition= HTTP/1.1" 200 899
120.253.135.82 - - [22/Nov/2022:09:15:41 +0800] "GET /xingrg/kc/pszx/mdps_order_info.html?code=312022112100444 HTTP/1.1" 200 19638
120.253.135.82 - - [22/Nov/2022:09:15:41 +0800] "POST /xingrg/kc/pszx/mdps_order_operate.html HTTP/1.1" 200 3460
120.253.135.82 - - [22/Nov/2022:09:15:41 +0800] "GET /xingrg/javascript/easyui/themes/default/validatebox.css HTTP/1.1" 404 1104
120.253.135.82 - - [22/Nov/2022:09:15:42 +0800] "GET /xingrg/check_reg.html?_=1669079541490 HTTP/1.1" 200 22
120.253.135.82 - - [22/Nov/2022:09:15:42 +0800] "GET /xingrg/all/function/internal_message.html?_=1669079541493&CODE_STATE=getMsg HTTP/1.1" 200 27
120.253.135.82 - - [22/Nov/2022:09:15:43 +0800] "POST /xingrg/kc/pszx/mdps_list_operate.html HTTP/1.1" 200 868
222.70.183.206 - - [22/Nov/2022:09:15:43 +0800] "GET /xingrg/kc/buy/cgsh_order_add.html HTTP/1.1" 200 69517
222.70.183.206 - - [22/Nov/2022:09:15:43 +0800] "POST /xingrg/kc/buy/cgsh_order_operate.html HTTP/1.1" 200 8245
222.70.183.206 - - [22/Nov/2022:09:15:43 +0800] "GET /xingrg/javascript/easyui/themes/default/validatebox.css HTTP/1.1" 404 1104
180.162.229.95 - - [22/Nov/2022:09:15:43 +0800] "GET /xingrg/all/function/internal_message.html?_=1669079741900&CODE_STATE=getMsg HTTP/1.1" 200 27
116.238.139.35 - - [22/Nov/2022:09:15:43 +0800] "GET /xingrg/check_reg.html?_=1669079741487 HTTP/1.1" 200 22
116.238.139.35 - - [22/Nov/2022:09:15:43 +0800] "GET /xingrg/all/function/internal_message.html?_=1669079741490&CODE_STATE=getMsg HTTP/1.1" 200 27
124.79.245.154 - - [22/Nov/2022:09:15:44 +0800] "GET /xingrg/all/function/internal_message.html?_=1669079961007&CODE_STATE=getMsg HTTP/1.1" 200 27
120.253.135.82 - - [22/Nov/2022:09:15:44 +0800] "GET /xingrg/kc/pszx/mdqp_order_list.html?state=10 HTTP/1.1" 200 10275
120.253.135.82 - - [22/Nov/2022:09:15:44 +0800] "GET /xingrg/dwr/interface/AjaxQqpsService.js HTTP/1.1" 200 16326
120.253.135.82 - - [22/Nov/2022:09:15:44 +0800] "GET /xingrg/dwr/interface/AjaxReportQueryService.js HTTP/1.1" 200 13203
120.253.135.82 - - [22/Nov/2022:09:15:44 +0800] "GET /xingrg/dwr/engine.js HTTP/1.1" 200 43631
101.85.106.255 - - [22/Nov/2022:09:15:50 +0800] "GET /xingrg/all/function/internal_message.html?_=1669079747883&CODE_STATE=getMsg HTTP/1.1" 200 27
116.238.139.35 - - [22/Nov/2022:09:15:53 +0800] "GET /xingrg/all/function/internal_message.html?_=1669079659994&CODE_STATE=getMsg HTTP/1.1" 200 27
218.81.217.29 - - [22/Nov/2022:09:15:53 +0800] "GET /xingrg/all/function/internal_message.html?_=1669079757297&CODE_STATE=getMsg HTTP/1.1" 200 27
124.79.74.72 - - [22/Nov/2022:09:15:55 +0800] "GET /xingrg/kc/buy/buy_main.html HTTP/1.1" 200 12412
124.79.74.72 - - [22/Nov/2022:09:15:55 +0800] "GET /xingrg/css/new_ie.css HTTP/1.1" 404 1036
124.79.74.72 - - [22/Nov/2022:09:15:56 +0800] "GET /xingrg/images/yd/bt.gif HTTP/1.1" 404 1040
116.230.105.139 - - [22/Nov/2022:09:15:56 +0800] "GET /xingrg/all/function/internal_message.html?_=1669079742079&CODE_STATE=getMsg HTTP/1.1" 200 27
116.230.105.139 - - [22/Nov/2022:09:15:56 +0800] "GET /xingrg/check_reg.html?_=1669079742081 HTTP/1.1" 200 22
124.79.74.72 - - [22/Nov/2022:09:15:57 +0800] "GET /xingrg/kc/buy/cgsh_order_list.html HTTP/1.1" 200 53786
124.79.74.72 - - [22/Nov/2022:09:15:58 +0800] "POST /xingrg/kc/buy/cgsh_list_operate.html HTTP/1.1" 200 986
222.70.183.206 - - [22/Nov/2022:09:15:59 +0800] "GET /xingrg/kc/buy/cgsh_order_operate.html?command=get_materiel&rest_code=00111&code=00101006168&supplier_code=00100012&order_time=2022-11-22 HTTP/1.1" 200 421
114.84.81.136 - - [22/Nov/2022:09:16:00 +0800] "GET /xingrg/all/function/internal_message.html?_=1669079759793&CODE_STATE=getMsg HTTP/1.1" 200 27
124.79.74.72 - - [22/Nov/2022:09:16:11 +0800] "GET /xingrg/all/function/internal_message.html?_=1669079771684&CODE_STATE=getMsg HTTP/1.1" 200 27
222.70.183.206 - - [22/Nov/2022:09:16:12 +0800] "GET /xingrg/kc/buy/cgsh_order_operate.html?command=get_materiel&rest_code=00111&code=00101006109&supplier_code=00100012&order_time=2022-11-22 HTTP/1.1" 200 409
124.79.74.72 - - [22/Nov/2022:09:16:15 +0800] "GET /xingrg/javascript/jquery_tools/images/next.gif HTTP/1.1" 404 1086
124.79.74.72 - - [22/Nov/2022:09:16:15 +0800] "GET /xingrg/javascript/jquery_tools/images/prev.gif HTTP/1.1" 404 1086
114.88.159.190 - - [22/Nov/2022:09:16:18 +0800] "GET /xingrg/all/function/internal_message.html?_=1669079384211&CODE_STATE=getMsg HTTP/1.1" 200 27
222.70.183.206 - - [22/Nov/2022:09:16:21 +0800] "GET /xingrg/kc/buy/cgsh_order_operate.html?command=get_materiel&rest_code=00111&code=00101006111&supplier_code=00100012&order_time=2022-11-22 HTTP/1.1" 200 409
120.253.135.82 - - [22/Nov/2022:09:16:27 +0800] "GET /xingrg/kc/pszx/mdqp_order_list.html?state=10 HTTP/1.1" 200 10275
120.253.135.82 - - [22/Nov/2022:09:16:27 +0800] "GET /xingrg/dwr/interface/AjaxQqpsService.js HTTP/1.1" 200 16326
120.253.135.82 - - [22/Nov/2022:09:16:27 +0800] "GET /xingrg/dwr/interface/AjaxReportQueryService.js HTTP/1.1" 200 13203
120.253.135.82 - - [22/Nov/2022:09:16:27 +0800] "GET /xingrg/dwr/engine.js HTTP/1.1" 200 43631
124.79.74.72 - - [22/Nov/2022:09:16:28 +0800] "POST /xingrg/kc/buy/cgsh_list_operate.html HTTP/1.1" 200 6086
222.70.183.206 - - [22/Nov/2022:09:16:29 +0800] "GET /xingrg/kc/buy/cgsh_order_operate.html?command=get_materiel&rest_code=00111&code=00101006133&supplier_code=00100012&order_time=2022-11-22 HTTP/1.1" 200 432
114.95.46.117 - - [22/Nov/2022:09:16:29 +0800] "GET /xingrg/all/function/internal_message.html?_=1669079637071&CODE_STATE=getMsg HTTP/1.1" 200 27
222.70.183.206 - - [22/Nov/2022:09:16:36 +0800] "GET /xingrg/all/function/internal_message.html?_=1669079793868&CODE_STATE=getMsg HTTP/1.1" 200 27
124.79.74.72 - - [22/Nov/2022:09:16:39 +0800] "POST /xingrg/kc/buy/cgsh_list_operate.html HTTP/1.1" 200 6342
222.70.183.206 - - [22/Nov/2022:09:16:42 +0800] "GET /xingrg/kc/buy/cgsh_order_operate.html?command=get_materiel&rest_code=00111&code=00101018011&supplier_code=00100012&order_time=2022-11-22 HTTP/1.1" 200 413
120.253.135.82 - - [22/Nov/2022:09:16:42 +0800] "GET /xingrg/all/function/internal_message.html?_=1669079601502&CODE_STATE=getMsg HTTP/1.1" 200 27
180.162.229.95 - - [22/Nov/2022:09:16:43 +0800] "GET /xingrg/all/function/internal_message.html?_=1669079801877&CODE_STATE=getMsg HTTP/1.1" 200 27
116.238.139.35 - - [22/Nov/2022:09:16:43 +0800] "GET /xingrg/all/function/internal_message.html?_=1669079801517&CODE_STATE=getMsg HTTP/1.1" 200 27
124.79.245.154 - - [22/Nov/2022:09:16:44 +0800] "GET /xingrg/all/function/internal_message.html?_=1669080021005&CODE_STATE=getMsg HTTP/1.1" 200 27
