180.169.147.146 - - [22/Nov/2022:10:54:01 +0800] "GET /xingrg/javascript/jquery_easy_ui/themes/icon.css HTTP/1.1" 304 -
180.169.147.146 - - [22/Nov/2022:10:54:01 +0800] "GET /xingrg/css/form.css HTTP/1.1" 304 -
180.169.147.146 - - [22/Nov/2022:10:54:01 +0800] "GET /xingrg/javascript/jquery-1.4.2.min.js HTTP/1.1" 304 -
180.169.147.146 - - [22/Nov/2022:10:54:01 +0800] "GET /xingrg/javascript/jquery_easy_ui/jquery.easyui.min.js HTTP/1.1" 304 -
180.169.147.146 - - [22/Nov/2022:10:54:01 +0800] "GET /xingrg/javascript/jquery_easy_ui/easyui-lang-zh_CN.js HTTP/1.1" 304 -
180.169.147.146 - - [22/Nov/2022:10:54:01 +0800] "GET /xingrg/javascript/jquery.form.js HTTP/1.1" 304 -
180.169.147.146 - - [22/Nov/2022:10:54:01 +0800] "GET /xingrg/javascript/jquery.utils.js HTTP/1.1" 304 -
180.169.147.146 - - [22/Nov/2022:10:54:01 +0800] "GET /xingrg/javascript/jquery.timers.js HTTP/1.1" 304 -
180.169.147.146 - - [22/Nov/2022:10:54:01 +0800] "GET /xingrg/images/blue/jxLogo.png HTTP/1.1" 304 -
180.169.147.146 - - [22/Nov/2022:10:54:01 +0800] "GET /xingrg/images/blue/navBackgound.jpg HTTP/1.1" 304 -
180.169.147.146 - - [22/Nov/2022:10:54:01 +0800] "GET /xingrg/javascript/jquery_easy_ui/themes/icons/settle_new.png HTTP/1.1" 304 -
180.169.147.146 - - [22/Nov/2022:10:54:01 +0800] "POST /xingrg/all/common/load_tree.html?tree=area_rest_tree_json&manage=1 HTTP/1.1" 200 3499
180.169.147.146 - - [22/Nov/2022:10:54:01 +0800] "GET /xingrg/images/blue/pingpu.png HTTP/1.1" 304 -
180.169.147.146 - - [22/Nov/2022:10:54:01 +0800] "GET /xingrg/javascript/jquery_easy_ui/themes/default/images/tabs_rightarrow.png HTTP/1.1" 304 -
180.169.147.146 - - [22/Nov/2022:10:54:01 +0800] "GET /xingrg/javascript/jquery_easy_ui/themes/default/images/panel_tool_collapse.gif HTTP/1.1" 304 -
180.169.147.146 - - [22/Nov/2022:10:54:01 +0800] "GET /xingrg/check_reg.html?_=1669085640224 HTTP/1.1" 200 22
180.169.147.146 - - [22/Nov/2022:10:54:01 +0800] "GET /xingrg/all/function/internal_message.html?_=1669085640222&CODE_STATE=count HTTP/1.1" 200 11
180.169.147.146 - - [22/Nov/2022:10:54:01 +0800] "GET /xingrg/javascript/jquery_easy_ui/themes/default/images/tabs_leftarrow.png HTTP/1.1" 304 -
180.169.147.146 - - [22/Nov/2022:10:54:01 +0800] "GET /xingrg/javascript/jquery_easy_ui/themes/default/images/panel_tool_expand.gif HTTP/1.1" 304 -
180.169.147.146 - - [22/Nov/2022:10:54:02 +0800] "POST /xingrg/load_menu.html HTTP/1.1" 200 11564
180.169.147.146 - - [22/Nov/2022:10:54:04 +0800] "GET /xingrg/kc/buy/cgsh_order_list.html HTTP/1.1" 200 54035
180.169.147.146 - - [22/Nov/2022:10:54:05 +0800] "POST /xingrg/kc/buy/cgsh_list_operate.html HTTP/1.1" 200 986
218.81.217.29 - - [22/Nov/2022:10:54:06 +0800] "GET /xingrg/kc/buy/cgsh_order_operate.html?command=get_materiel&rest_code=00146&code=00101007048&supplier_code=00100002&order_time=2022-11-22 HTTP/1.1" 200 410
180.169.147.146 - - [22/Nov/2022:10:54:10 +0800] "GET /xingrg/javascript/jquery_tools/images/prev.gif HTTP/1.1" 404 1086
180.169.147.146 - - [22/Nov/2022:10:54:10 +0800] "GET /xingrg/javascript/jquery_tools/images/next.gif HTTP/1.1" 404 1086
124.79.74.72 - - [22/Nov/2022:10:54:11 +0800] "GET /xingrg/all/function/internal_message.html?_=1669085651902&CODE_STATE=getMsg HTTP/1.1" 200 27
124.79.74.72 - - [22/Nov/2022:10:54:11 +0800] "GET /xingrg/check_reg.html?_=1669085651906 HTTP/1.1" 200 22
180.169.147.146 - - [22/Nov/2022:10:54:22 +0800] "GET /xingrg/javascript/auto/indicator.gif HTTP/1.1" 404 1066
114.95.46.117 - - [22/Nov/2022:10:54:22 +0800] "POST /xingrg/kc/buy/cgsh_order_operate.html HTTP/1.1" 200 37
114.95.46.117 - - [22/Nov/2022:10:54:24 +0800] "POST /xingrg/kc/buy/cgsh_order_operate.html HTTP/1.1" 200 29242
114.95.46.117 - - [22/Nov/2022:10:54:27 +0800] "GET /xingrg/kc/print/load_data.html?order_code=212022112207462&kc_code=cgsh&condition= HTTP/1.1" 200 10673
114.95.46.117 - - [22/Nov/2022:10:54:29 +0800] "GET /xingrg/all/function/internal_message.html?_=1669085517323&CODE_STATE=getMsg HTTP/1.1" 200 27
180.169.147.146 - - [22/Nov/2022:10:54:29 +0800] "GET /xingrg/check_reg.html?_=1669085663563 HTTP/1.1" 200 22
116.237.77.124 - - [22/Nov/2022:10:54:34 +0800] "GET /xingrg/all/function/internal_message.html?_=1669085671589&CODE_STATE=getMsg HTTP/1.1" 200 27
222.70.183.206 - - [22/Nov/2022:10:54:36 +0800] "GET /xingrg/check_reg.html?_=1669085673868 HTTP/1.1" 200 22
222.70.183.206 - - [22/Nov/2022:10:54:36 +0800] "GET /xingrg/all/function/internal_message.html?_=1669085673870&CODE_STATE=getMsg HTTP/1.1" 200 27
116.238.139.35 - - [22/Nov/2022:10:54:39 +0800] "GET /xingrg/all/function/internal_message.html?_=1669085676823&CODE_STATE=getMsg HTTP/1.1" 200 27
180.169.147.146 - - [22/Nov/2022:10:54:39 +0800] "GET /xingrg/all/function/internal_message.html?_=1669085673298&CODE_STATE=getMsg HTTP/1.1" 200 27
180.162.229.95 - - [22/Nov/2022:10:54:39 +0800] "GET /xingrg/all/function/internal_message.html?_=1669085677767&CODE_STATE=getMsg HTTP/1.1" 200 27
124.79.74.72 - - [22/Nov/2022:10:54:42 +0800] "POST /xingrg/kc/buy/cgsh_list_operate.html HTTP/1.1" 200 582
124.79.74.72 - - [22/Nov/2022:10:54:43 +0800] "GET /xingrg/kc/buy/cgsh_order_info.html?code=212022101805508 HTTP/1.1" 200 64541
124.79.74.72 - - [22/Nov/2022:10:54:43 +0800] "GET /xingrg/javascript/easyui/themes/default/validatebox.css HTTP/1.1" 404 1104
124.79.245.154 - - [22/Nov/2022:10:54:44 +0800] "GET /xingrg/all/function/internal_message.html?_=1669085901088&CODE_STATE=getMsg HTTP/1.1" 200 27
124.79.74.72 - - [22/Nov/2022:10:54:44 +0800] "POST /xingrg/kc/buy/cgsh_order_operate.html HTTP/1.1" 200 3575
124.79.74.72 - - [22/Nov/2022:10:54:47 +0800] "GET /xingrg/kc/print/load_data.html?order_code=212022101805508&kc_code=cgsh HTTP/1.1" 200 1922
101.85.106.255 - - [22/Nov/2022:10:54:50 +0800] "GET /xingrg/all/function/internal_message.html?_=1669085688013&CODE_STATE=getMsg HTTP/1.1" 200 27
218.81.217.29 - - [22/Nov/2022:10:54:51 +0800] "GET /xingrg/check_reg.html?_=1669085695809 HTTP/1.1" 200 22
124.79.74.72 - - [22/Nov/2022:10:54:54 +0800] "POST /xingrg/kc/buy/cgsh_list_operate.html HTTP/1.1" 200 7226
218.81.217.29 - - [22/Nov/2022:10:54:55 +0800] "GET /xingrg/all/function/internal_message.html?_=1669085699868&CODE_STATE=getMsg HTTP/1.1" 200 27
116.230.105.139 - - [22/Nov/2022:10:54:57 +0800] "GET /xingrg/all/function/internal_message.html?_=1669085682078&CODE_STATE=getMsg HTTP/1.1" 200 27
218.81.217.29 - - [22/Nov/2022:10:54:59 +0800] "GET /xingrg/kc/buy/cgsh_order_operate.html?command=get_materiel&rest_code=00146&code=00101007032&supplier_code=00100002&order_time=2022-11-22 HTTP/1.1" 200 413
114.84.81.136 - - [22/Nov/2022:10:55:01 +0800] "GET /xingrg/all/function/internal_message.html?_=1669085699832&CODE_STATE=getMsg HTTP/1.1" 200 27
180.169.147.146 - - [22/Nov/2022:10:55:01 +0800] "GET /xingrg/all/function/internal_message.html?_=1669085700238&CODE_STATE=getMsg HTTP/1.1" 200 27
124.79.74.72 - - [22/Nov/2022:10:55:11 +0800] "GET /xingrg/all/function/internal_message.html?_=1669085711908&CODE_STATE=getMsg HTTP/1.1" 200 27
222.70.183.206 - - [22/Nov/2022:10:55:12 +0800] "GET /xingrg/kc/buy/cgsh_order_add.html HTTP/1.1" 200 69517
222.70.183.206 - - [22/Nov/2022:10:55:13 +0800] "POST /xingrg/kc/buy/cgsh_order_operate.html HTTP/1.1" 200 8245
222.70.183.206 - - [22/Nov/2022:10:55:13 +0800] "GET /xingrg/javascript/easyui/themes/default/validatebox.css HTTP/1.1" 404 1104
114.95.46.117 - - [22/Nov/2022:10:55:29 +0800] "GET /xingrg/all/function/internal_message.html?_=1669085577293&CODE_STATE=getMsg HTTP/1.1" 200 27
222.70.183.206 - - [22/Nov/2022:10:55:30 +0800] "GET /xingrg/kc/buy/cgsh_order_operate.html?command=get_materiel&rest_code=00111&code=00101016040&supplier_code=00100028&order_time=2022-11-22 HTTP/1.1" 200 456
116.237.77.124 - - [22/Nov/2022:10:55:34 +0800] "GET /xingrg/all/function/internal_message.html?_=1669085731566&CODE_STATE=getMsg HTTP/1.1" 200 27
222.70.183.206 - - [22/Nov/2022:10:55:36 +0800] "GET /xingrg/all/function/internal_message.html?_=1669085733904&CODE_STATE=getMsg HTTP/1.1" 200 27
116.238.139.35 - - [22/Nov/2022:10:55:39 +0800] "GET /xingrg/all/function/internal_message.html?_=1669085736807&CODE_STATE=getMsg HTTP/1.1" 200 27
180.169.147.146 - - [22/Nov/2022:10:55:39 +0800] "GET /xingrg/all/function/internal_message.html?_=1669085733282&CODE_STATE=getMsg HTTP/1.1" 200 27
180.162.229.95 - - [22/Nov/2022:10:55:39 +0800] "GET /xingrg/all/function/internal_message.html?_=1669085737752&CODE_STATE=getMsg HTTP/1.1" 200 27
222.70.183.206 - - [22/Nov/2022:10:55:44 +0800] "GET /xingrg/kc/buy/cgsh_order_operate.html?command=get_materiel&rest_code=00111&code=00101016037&supplier_code=00100028&order_time=2022-11-22 HTTP/1.1" 200 450
124.79.245.154 - - [22/Nov/2022:10:55:44 +0800] "GET /xingrg/all/function/internal_message.html?_=1669085961086&CODE_STATE=getMsg HTTP/1.1" 200 27
180.165.154.204 - - [22/Nov/2022:10:55:46 +0800] "GET /xingrg/login.html HTTP/1.1" 200 7641
180.165.154.204 - - [22/Nov/2022:10:55:46 +0800] "GET /xingrg/images/blue/jxLogo.png HTTP/1.1" 200 6156
180.165.154.204 - - [22/Nov/2022:10:55:46 +0800] "GET /xingrg/images/blue/hj.png HTTP/1.1" 200 1014
180.165.154.204 - - [22/Nov/2022:10:55:46 +0800] "GET /xingrg/images/blue/login_bg.png HTTP/1.1" 200 22101
180.165.154.204 - - [22/Nov/2022:10:55:46 +0800] "GET /xingrg/images/blue/srbg.png HTTP/1.1" 200 138
180.165.154.204 - - [22/Nov/2022:10:55:46 +0800] "GET /favicon.ico HTTP/1.1" 404 -
101.85.106.255 - - [22/Nov/2022:10:55:50 +0800] "GET /xingrg/all/function/internal_message.html?_=1669085748013&CODE_STATE=getMsg HTTP/1.1" 200 27
114.95.46.117 - - [22/Nov/2022:10:55:54 +0800] "GET /xingrg/kc/buy/cgsh_order_add.html HTTP/1.1" 200 69643
114.95.46.117 - - [22/Nov/2022:10:55:55 +0800] "GET /xingrg/words/20221121165959_words.js HTTP/1.1" 304 -
114.95.46.117 - - [22/Nov/2022:10:55:55 +0800] "POST /xingrg/kc/buy/cgsh_order_operate.html HTTP/1.1" 200 8245
114.95.46.117 - - [22/Nov/2022:10:55:55 +0800] "GET /xingrg/javascript/easyui/themes/default/validatebox.css HTTP/1.1" 404 1104
218.81.217.29 - - [22/Nov/2022:10:55:55 +0800] "GET /xingrg/all/function/internal_message.html?_=1669085759873&CODE_STATE=getMsg HTTP/1.1" 200 27
222.70.183.206 - - [22/Nov/2022:10:55:56 +0800] "GET /xingrg/kc/buy/cgsh_order_operate.html?command=get_materiel&rest_code=00111&code=00101016097&supplier_code=00100028&order_time=2022-11-22 HTTP/1.1" 200 469
116.230.105.139 - - [22/Nov/2022:10:55:57 +0800] "GET /xingrg/check_reg.html?_=1669085742079 HTTP/1.1" 200 22
116.230.105.139 - - [22/Nov/2022:10:55:57 +0800] "GET /xingrg/all/function/internal_message.html?_=1669085742080&CODE_STATE=getMsg HTTP/1.1" 200 27
114.84.81.136 - - [22/Nov/2022:10:56:01 +0800] "GET /xingrg/all/function/internal_message.html?_=1669085759858&CODE_STATE=getMsg HTTP/1.1" 200 27
180.169.147.146 - - [22/Nov/2022:10:56:02 +0800] "GET /xingrg/all/function/internal_message.html?_=1669085760249&CODE_STATE=getMsg HTTP/1.1" 200 27
180.165.154.204 - - [22/Nov/2022:10:56:08 +0800] "GET /favicon.ico HTTP/1.1" 404 -
124.79.74.72 - - [22/Nov/2022:10:56:11 +0800] "GET /xingrg/all/function/internal_message.html?_=1669085771935&CODE_STATE=getMsg HTTP/1.1" 200 27
218.81.217.29 - - [22/Nov/2022:10:56:13 +0800] "POST /xingrg/kc/buy/cgsh_order_operate.html HTTP/1.1" 200 37
218.81.217.29 - - [22/Nov/2022:10:56:15 +0800] "POST /xingrg/kc/buy/cgsh_order_operate.html HTTP/1.1" 200 4428
124.79.74.72 - - [22/Nov/2022:10:56:16 +0800] "POST /xingrg/kc/buy/cgsh_list_operate.html HTTP/1.1" 200 574
124.79.74.72 - - [22/Nov/2022:10:56:17 +0800] "GET /xingrg/kc/buy/cgsh_order_info.html?code=212022101805578 HTTP/1.1" 200 64541
124.79.74.72 - - [22/Nov/2022:10:56:17 +0800] "GET /xingrg/javascript/easyui/themes/default/validatebox.css HTTP/1.1" 404 1104
124.79.74.72 - - [22/Nov/2022:10:56:18 +0800] "POST /xingrg/kc/buy/cgsh_order_operate.html HTTP/1.1" 200 13624
218.81.217.29 - - [22/Nov/2022:10:56:19 +0800] "GET /xingrg/kc/print/load_data.html?order_code=212022112207463&kc_code=cgsh&condition= HTTP/1.1" 200 1422
124.79.74.72 - - [22/Nov/2022:10:56:19 +0800] "GET /xingrg/kc/print/load_data.html?order_code=212022101805578&kc_code=cgsh HTTP/1.1" 200 5639
114.95.46.117 - - [22/Nov/2022:10:56:21 +0800] "GET /xingrg/kc/buy/cgsh_order_operate.html?command=get_materiel&rest_code=00105&code=00101009109&supplier_code=00100024&order_time=2022-11-22 HTTP/1.1" 200 413
222.70.183.206 - - [22/Nov/2022:10:56:24 +0800] "POST /xingrg/kc/buy/cgsh_order_operate.html HTTP/1.1" 200 37
124.79.74.72 - - [22/Nov/2022:10:56:27 +0800] "POST /xingrg/kc/buy/cgsh_list_operate.html HTTP/1.1" 200 7226
222.70.183.206 - - [22/Nov/2022:10:56:27 +0800] "POST /xingrg/kc/buy/cgsh_order_operate.html HTTP/1.1" 200 3918
222.70.183.206 - - [22/Nov/2022:10:56:29 +0800] "GET /xingrg/kc/print/load_data.html?order_code=212022112207464&kc_code=cgsh&condition= HTTP/1.1" 200 1261
114.95.46.117 - - [22/Nov/2022:10:56:29 +0800] "GET /xingrg/all/function/internal_message.html?_=1669085637272&CODE_STATE=getMsg HTTP/1.1" 200 27
222.70.183.206 - - [22/Nov/2022:10:56:33 +0800] "GET /xingrg/kc/buy/cgsh_order_add.html HTTP/1.1" 200 69517
222.70.183.206 - - [22/Nov/2022:10:56:33 +0800] "POST /xingrg/kc/buy/cgsh_order_operate.html HTTP/1.1" 200 8245
222.70.183.206 - - [22/Nov/2022:10:56:33 +0800] "GET /xingrg/javascript/easyui/themes/default/validatebox.css HTTP/1.1" 404 1104
116.237.77.124 - - [22/Nov/2022:10:56:34 +0800] "GET /xingrg/all/function/internal_message.html?_=1669085791537&CODE_STATE=getMsg HTTP/1.1" 200 27
222.70.183.206 - - [22/Nov/2022:10:56:36 +0800] "GET /xingrg/all/function/internal_message.html?_=1669085793891&CODE_STATE=getMsg HTTP/1.1" 200 27
116.238.139.35 - - [22/Nov/2022:10:56:39 +0800] "GET /xingrg/all/function/internal_message.html?_=1669085796790&CODE_STATE=getMsg HTTP/1.1" 200 27
116.238.139.35 - - [22/Nov/2022:10:56:39 +0800] "GET /xingrg/check_reg.html?_=1669085797059 HTTP/1.1" 200 22
180.169.147.146 - - [22/Nov/2022:10:56:39 +0800] "GET /xingrg/all/function/internal_message.html?_=1669085793266&CODE_STATE=getMsg HTTP/1.1" 200 27
180.162.229.95 - - [22/Nov/2022:10:56:39 +0800] "GET /xingrg/all/function/internal_message.html?_=1669085797735&CODE_STATE=getMsg HTTP/1.1" 200 27
180.165.154.204 - - [22/Nov/2022:10:56:40 +0800] "POST /xingrg/login.do HTTP/1.1" 200 2421
180.165.154.204 - - [22/Nov/2022:10:56:40 +0800] "GET /xingrg/css/blue.css HTTP/1.1" 200 15949
180.165.154.204 - - [22/Nov/2022:10:56:40 +0800] "GET /xingrg/javascript/myfunction.js HTTP/1.1" 200 24559
180.165.154.204 - - [22/Nov/2022:10:56:40 +0800] "GET /xingrg/images/blue/pic_top.gif HTTP/1.1" 200 3656
180.165.154.204 - - [22/Nov/2022:10:56:40 +0800] "GET /xingrg/images/blue/pic_notice.jpg HTTP/1.1" 200 3583
180.165.154.204 - - [22/Nov/2022:10:56:40 +0800] "GET /xingrg/images/blue/error_top.gif HTTP/1.1" 200 1790
180.165.154.204 - - [22/Nov/2022:10:56:40 +0800] "GET /xingrg/images/blue/error_mid.gif HTTP/1.1" 200 215
180.165.154.204 - - [22/Nov/2022:10:56:40 +0800] "GET /xingrg/images/blue/error_buttom.gif HTTP/1.1" 200 1750
180.165.154.204 - - [22/Nov/2022:10:56:41 +0800] "GET /xingrg/login.html HTTP/1.1" 200 7641
114.95.46.117 - - [22/Nov/2022:10:56:41 +0800] "GET /xingrg/kc/buy/cgsh_order_operate.html?command=get_materiel&rest_code=00105&code=00101009062&supplier_code=00100024&order_time=2022-11-22 HTTP/1.1" 200 412
124.79.245.154 - - [22/Nov/2022:10:56:44 +0800] "GET /xingrg/check_reg.html?_=1669086021084 HTTP/1.1" 200 22
124.79.245.154 - - [22/Nov/2022:10:56:44 +0800] "GET /xingrg/all/function/internal_message.html?_=1669086021085&CODE_STATE=getMsg HTTP/1.1" 200 27
222.70.183.206 - - [22/Nov/2022:10:56:46 +0800] "GET /xingrg/kc/buy/cgsh_order_operate.html?command=get_materiel&rest_code=00111&code=00101011005&supplier_code=00100037&order_time=2022-11-22 HTTP/1.1" 200 428
180.165.154.204 - - [22/Nov/2022:10:56:47 +0800] "POST /xingrg/login.do HTTP/1.1" 302 -
180.165.154.204 - - [22/Nov/2022:10:56:47 +0800] "GET /xingrg/index.html?sysBaseUrl=http%3A%2F%2F180.169.147.146%3A18081%2Fxingrg%2F&costTime=55×tamp=1669085807952 HTTP/1.1" 200 17183
180.165.154.204 - - [22/Nov/2022:10:56:48 +0800] "GET /xingrg/javascript/jquery_easy_ui/themes/icon.css HTTP/1.1" 200 3949
180.165.154.204 - - [22/Nov/2022:10:56:48 +0800] "GET /xingrg/css/form.css HTTP/1.1" 200 893
180.165.154.204 - - [22/Nov/2022:10:56:48 +0800] "GET /xingrg/javascript/jquery-1.4.2.min.js HTTP/1.1" 200 72205
180.165.154.204 - - [22/Nov/2022:10:56:48 +0800] "GET /xingrg/javascript/jquery_easy_ui/jquery.easyui.min.js HTTP/1.1" 200 213662
180.165.154.204 - - [22/Nov/2022:10:56:48 +0800] "GET /xingrg/javascript/jquery_easy_ui/easyui-lang-zh_CN.js HTTP/1.1" 200 1900
180.165.154.204 - - [22/Nov/2022:10:56:48 +0800] "GET /xingrg/javascript/jquery_easy_ui/themes/default/easyui.css HTTP/1.1" 200 26500
180.165.154.204 - - [22/Nov/2022:10:56:48 +0800] "GET /xingrg/javascript/jquery.form.js HTTP/1.1" 200 23110
180.165.154.204 - - [22/Nov/2022:10:56:48 +0800] "GET /xingrg/javascript/jquery.utils.js HTTP/1.1" 200 11805
180.165.154.204 - - [22/Nov/2022:10:56:48 +0800] "GET /xingrg/javascript/jquery.timers.js HTTP/1.1" 200 3532
180.165.154.204 - - [22/Nov/2022:10:56:48 +0800] "GET /xingrg/javascript/jquery_easy_ui/themes/icons/settle_new.png HTTP/1.1" 200 826
180.165.154.204 - - [22/Nov/2022:10:56:48 +0800] "GET /xingrg/images/blue/navBackgound.jpg HTTP/1.1" 200 12378
180.165.154.204 - - [22/Nov/2022:10:56:48 +0800] "GET /xingrg/images/blue/pingpu.png HTTP/1.1" 200 231
180.165.154.204 - - [22/Nov/2022:10:56:48 +0800] "POST /xingrg/all/common/load_tree.html?tree=area_rest_tree_json&manage=1 HTTP/1.1" 200 357
180.165.154.204 - - [22/Nov/2022:10:56:48 +0800] "GET /xingrg/javascript/jquery_easy_ui/themes/default/images/panel_tool_collapse.gif HTTP/1.1" 200 246
180.165.154.204 - - [22/Nov/2022:10:56:48 +0800] "GET /xingrg/check_reg.html?_=1669085770396 HTTP/1.1" 200 22
180.165.154.204 - - [22/Nov/2022:10:56:48 +0800] "GET /xingrg/all/function/internal_message.html?_=1669085770396&CODE_STATE=count HTTP/1.1" 200 11
180.165.154.204 - - [22/Nov/2022:10:56:48 +0800] "POST /xingrg/load_menu.html HTTP/1.1" 200 5138
180.165.154.204 - - [22/Nov/2022:10:56:48 +0800] "GET /xingrg/javascript/jquery_easy_ui/themes/default/images/tree_arrows.gif HTTP/1.1" 200 1043
180.165.154.204 - - [22/Nov/2022:10:56:48 +0800] "GET /xingrg/javascript/jquery_easy_ui/themes/icons/search_new.png HTTP/1.1" 200 586
180.165.154.204 - - [22/Nov/2022:10:56:48 +0800] "GET /xingrg/javascript/jquery_easy_ui/themes/default/images/tree_folder_open.gif HTTP/1.1" 200 956
180.165.154.204 - - [22/Nov/2022:10:56:48 +0800] "GET /xingrg/javascript/jquery_easy_ui/themes/icons/storage_new.png HTTP/1.1" 200 853
180.165.154.204 - - [22/Nov/2022:10:56:48 +0800] "GET /xingrg/javascript/jquery_easy_ui/themes/default/images/tree_folder.gif HTTP/1.1" 200 952
180.165.154.204 - - [22/Nov/2022:10:56:48 +0800] "GET /xingrg/javascript/jquery_easy_ui/themes/icons/forms_new.png HTTP/1.1" 200 350
101.85.106.255 - - [22/Nov/2022:10:56:50 +0800] "GET /xingrg/all/function/internal_message.html?_=1669085808013&CODE_STATE=getMsg HTTP/1.1" 200 27
218.81.217.29 - - [22/Nov/2022:10:56:56 +0800] "GET /xingrg/all/function/internal_message.html?_=1669085820095&CODE_STATE=getMsg HTTP/1.1" 200 27
116.230.105.139 - - [22/Nov/2022:10:56:57 +0800] "GET /xingrg/all/function/internal_message.html?_=1669085802072&CODE_STATE=getMsg HTTP/1.1" 200 27
114.95.46.117 - - [22/Nov/2022:10:56:57 +0800] "GET /xingrg/kc/buy/cgsh_order_operate.html?command=get_materiel&rest_code=00105&code=00101009140&supplier_code=00100024&order_time=2022-11-22 HTTP/1.1" 200 414
222.70.183.206 - - [22/Nov/2022:10:56:57 +0800] "GET /xingrg/kc/buy/cgsh_order_operate.html?command=get_materiel&rest_code=00111&code=00101012033&supplier_code=00100037&order_time=2022-11-22 HTTP/1.1" 200 426
114.84.81.136 - - [22/Nov/2022:10:57:01 +0800] "GET /xingrg/all/function/internal_message.html?_=1669085819858&CODE_STATE=getMsg HTTP/1.1" 200 27
114.84.81.136 - - [22/Nov/2022:10:57:01 +0800] "GET /xingrg/check_reg.html?_=1669085819861 HTTP/1.1" 200 22
180.169.147.146 - - [22/Nov/2022:10:57:02 +0800] "GET /xingrg/all/function/internal_message.html?_=1669085820238&CODE_STATE=getMsg HTTP/1.1" 200 27
180.165.154.204 - - [22/Nov/2022:10:57:04 +0800] "GET /xingrg/javascript/jquery_easy_ui/themes/default/images/button_plain_hover.png HTTP/1.1" 200 252
222.70.183.206 - - [22/Nov/2022:10:57:08 +0800] "GET /xingrg/kc/buy/cgsh_order_operate.html?command=get_materiel&rest_code=00111&code=00101015001&supplier_code=00100037&order_time=2022-11-22 HTTP/1.1" 200 413
124.79.74.72 - - [22/Nov/2022:10:57:11 +0800] "GET /xingrg/all/function/internal_message.html?_=1669085831921&CODE_STATE=getMsg HTTP/1.1" 200 27
114.95.46.117 - - [22/Nov/2022:10:57:29 +0800] "GET /xingrg/check_reg.html?_=1669085697211 HTTP/1.1" 200 22
114.95.46.117 - - [22/Nov/2022:10:57:29 +0800] "GET /xingrg/all/function/internal_message.html?_=1669085697248&CODE_STATE=getMsg HTTP/1.1" 200 27
114.95.46.117 - - [22/Nov/2022:10:57:30 +0800] "POST /xingrg/kc/buy/cgsh_order_operate.html HTTP/1.1" 200 37
222.70.183.206 - - [22/Nov/2022:10:57:31 +0800] "GET /xingrg/kc/buy/cgsh_order_operate.html?command=get_materiel&rest_code=00111&code=00101015022&supplier_code=00100037&order_time=2022-11-22 HTTP/1.1" 200 409
116.237.77.124 - - [22/Nov/2022:10:57:31 +0800] "GET /xingrg/check_reg.html?_=1669085849328 HTTP/1.1" 200 22
114.95.46.117 - - [22/Nov/2022:10:57:32 +0800] "POST /xingrg/kc/buy/cgsh_order_operate.html HTTP/1.1" 200 3839
116.237.77.124 - - [22/Nov/2022:10:57:34 +0800] "GET /xingrg/all/function/internal_message.html?_=1669085851510&CODE_STATE=getMsg HTTP/1.1" 200 27
114.95.46.117 - - [22/Nov/2022:10:57:34 +0800] "GET /xingrg/kc/print/load_data.html?order_code=212022112207465&kc_code=cgsh&condition= HTTP/1.1" 200 1139
222.70.183.206 - - [22/Nov/2022:10:57:36 +0800] "GET /xingrg/all/function/internal_message.html?_=1669085853892&CODE_STATE=getMsg HTTP/1.1" 200 27
114.84.81.136 - - [22/Nov/2022:10:57:37 +0800] "POST /xingrg/services/DataTransmitService HTTP/1.1" 200 524
116.238.139.35 - - [22/Nov/2022:10:57:39 +0800] "GET /xingrg/all/function/internal_message.html?_=1669085856781&CODE_STATE=getMsg HTTP/1.1" 200 27
114.84.81.136 - - [22/Nov/2022:10:57:39 +0800] "POST /xingrg/services/DataTransmitService HTTP/1.1" 200 412
180.169.147.146 - - [22/Nov/2022:10:57:39 +0800] "GET /xingrg/all/function/internal_message.html?_=1669085853248&CODE_STATE=getMsg HTTP/1.1" 200 27
180.162.229.95 - - [22/Nov/2022:10:57:39 +0800] "GET /xingrg/all/function/internal_message.html?_=1669085857709&CODE_STATE=getMsg HTTP/1.1" 200 27
180.162.229.95 - - [22/Nov/2022:10:57:39 +0800] "GET /xingrg/check_reg.html?_=1669085858042 HTTP/1.1" 200 22
124.79.245.154 - - [22/Nov/2022:10:57:44 +0800] "GET /xingrg/all/function/internal_message.html?_=1669086081084&CODE_STATE=getMsg HTTP/1.1" 200 27
222.70.183.206 - - [22/Nov/2022:10:57:46 +0800] "GET /xingrg/kc/buy/cgsh_order_operate.html?command=get_materiel&rest_code=00111&code=00101015026&supplier_code=00100037&order_time=2022-11-22 HTTP/1.1" 200 412
180.165.154.204 - - [22/Nov/2022:10:57:48 +0800] "GET /xingrg/all/function/internal_message.html?_=1669085831119&CODE_STATE=getMsg HTTP/1.1" 200 27
101.85.106.255 - - [22/Nov/2022:10:57:50 +0800] "GET /xingrg/all/function/internal_message.html?_=1669085868014&CODE_STATE=getMsg HTTP/1.1" 200 27
222.70.183.206 - - [22/Nov/2022:10:57:55 +0800] "GET /xingrg/kc/buy/cgsh_order_operate.html?command=get_materiel&rest_code=00111&code=00101008041&supplier_code=00100037&order_time=2022-11-22 HTTP/1.1" 200 408
218.81.217.29 - - [22/Nov/2022:10:57:56 +0800] "GET /xingrg/all/function/internal_message.html?_=1669085880102&CODE_STATE=getMsg HTTP/1.1" 200 27
116.230.105.139 - - [22/Nov/2022:10:57:57 +0800] "GET /xingrg/all/function/internal_message.html?_=1669085862063&CODE_STATE=getMsg HTTP/1.1" 200 27
114.84.81.136 - - [22/Nov/2022:10:58:01 +0800] "GET /xingrg/all/function/internal_message.html?_=1669085879861&CODE_STATE=getMsg HTTP/1.1" 200 27
180.169.147.146 - - [22/Nov/2022:10:58:02 +0800] "GET /xingrg/all/function/internal_message.html?_=1669085880239&CODE_STATE=getMsg HTTP/1.1" 200 27
222.70.183.206 - - [22/Nov/2022:10:58:07 +0800] "GET /xingrg/kc/buy/cgsh_order_operate.html?command=get_materiel&rest_code=00111&code=00101008298&supplier_code=00100037&order_time=2022-11-22 HTTP/1.1" 200 412
116.238.139.35 - - [22/Nov/2022:10:58:11 +0800] "GET /xingrg/kc/base/wldb_order_list.html HTTP/1.1" 200 19105
124.79.74.72 - - [22/Nov/2022:10:58:11 +0800] "GET /xingrg/all/function/internal_message.html?_=1669085891912&CODE_STATE=getMsg HTTP/1.1" 200 27
116.238.139.35 - - [22/Nov/2022:10:58:11 +0800] "POST /xingrg/kc/base/wldb_list_operate.html HTTP/1.1" 200 928
116.238.139.35 - - [22/Nov/2022:10:58:12 +0800] "GET /xingrg/kc/base/wldb_order_add.html HTTP/1.1" 200 30388
116.238.139.35 - - [22/Nov/2022:10:58:12 +0800] "POST /xingrg/kc/base/wldb_order_operate.html HTTP/1.1" 200 6806
116.238.139.35 - - [22/Nov/2022:10:58:12 +0800] "GET /xingrg/all/common/auto_word.html?type=base&rest_code=00151 HTTP/1.1" 200 1315
116.238.139.35 - - [22/Nov/2022:10:58:12 +0800] "GET /xingrg/all/common/auto_word.html?type=base&rest_code=00151 HTTP/1.1" 200 1315
116.238.139.35 - - [22/Nov/2022:10:58:12 +0800] "GET /xingrg/javascript/easyui/themes/default/validatebox.css HTTP/1.1" 404 1104
222.70.183.206 - - [22/Nov/2022:10:58:16 +0800] "GET /xingrg/kc/buy/cgsh_order_operate.html?command=get_materiel&rest_code=00111&code=00101008176&supplier_code=00100037&order_time=2022-11-22 HTTP/1.1" 200 413
116.238.139.35 - - [22/Nov/2022:10:58:22 +0800] "POST /xingrg/all/user/operate.html HTTP/1.1" 200 36
116.238.139.35 - - [22/Nov/2022:10:58:22 +0800] "GET /xingrg/javascript/jquery_easy_ui/themes/default/easyui.css HTTP/1.1" 304 -
116.238.139.35 - - [22/Nov/2022:10:58:22 +0800] "GET /xingrg/javascript/jquery_easy_ui/themes/icon.css HTTP/1.1" 304 -
116.238.139.35 - - [22/Nov/2022:10:58:22 +0800] "GET /xingrg/index.html?sysBaseUrl=http%3A%2F%2F180.169.147.146%3A18081%2Fxingrg%2F&costTime=40×tamp=1669077481364 HTTP/1.1" 200 17179
116.238.139.35 - - [22/Nov/2022:10:58:22 +0800] "GET /xingrg/css/form.css HTTP/1.1" 304 -
116.238.139.35 - - [22/Nov/2022:10:58:23 +0800] "GET /xingrg/javascript/jquery-1.4.2.min.js HTTP/1.1" 304 -
116.238.139.35 - - [22/Nov/2022:10:58:23 +0800] "GET /xingrg/javascript/jquery_easy_ui/jquery.easyui.min.js HTTP/1.1" 304 -
116.238.139.35 - - [22/Nov/2022:10:58:23 +0800] "GET /xingrg/javascript/jquery_easy_ui/easyui-lang-zh_CN.js HTTP/1.1" 304 -
116.238.139.35 - - [22/Nov/2022:10:58:23 +0800] "GET /xingrg/javascript/jquery.form.js HTTP/1.1" 304 -
116.238.139.35 - - [22/Nov/2022:10:58:23 +0800] "GET /xingrg/javascript/jquery.utils.js HTTP/1.1" 304 -
116.238.139.35 - - [22/Nov/2022:10:58:23 +0800] "GET /xingrg/javascript/jquery.timers.js HTTP/1.1" 304 -
116.238.139.35 - - [22/Nov/2022:10:58:23 +0800] "GET /xingrg/images/blue/jxLogo.png HTTP/1.1" 304 -
116.238.139.35 - - [22/Nov/2022:10:58:23 +0800] "GET /xingrg/javascript/jquery_easy_ui/themes/icons/settle_new.png HTTP/1.1" 304 -
116.238.139.35 - - [22/Nov/2022:10:58:23 +0800] "GET /xingrg/images/blue/navBackgound.jpg HTTP/1.1" 304 -
116.238.139.35 - - [22/Nov/2022:10:58:23 +0800] "GET /xingrg/check_reg.html?_=1669085901409 HTTP/1.1" 200 22
116.238.139.35 - - [22/Nov/2022:10:58:23 +0800] "GET /xingrg/all/function/internal_message.html?_=1669085901408&CODE_STATE=count HTTP/1.1" 200 11
116.238.139.35 - - [22/Nov/2022:10:58:23 +0800] "POST /xingrg/all/common/load_tree.html?tree=area_rest_tree_json&manage=1 HTTP/1.1" 200 476
116.238.139.35 - - [22/Nov/2022:10:58:23 +0800] "POST /xingrg/load_menu.html HTTP/1.1" 200 5138
116.238.139.35 - - [22/Nov/2022:10:58:23 +0800] "GET /xingrg/images/blue/pingpu.png HTTP/1.1" 304 -
116.238.139.35 - - [22/Nov/2022:10:58:23 +0800] "GET /xingrg/javascript/jquery_easy_ui/themes/default/images/panel_tool_collapse.gif HTTP/1.1" 304 -
116.238.139.35 - - [22/Nov/2022:10:58:23 +0800] "GET /xingrg/javascript/jquery_easy_ui/themes/default/images/tabs_leftarrow.png HTTP/1.1" 304 -
116.238.139.35 - - [22/Nov/2022:10:58:23 +0800] "GET /xingrg/javascript/jquery_easy_ui/themes/default/images/tabs_rightarrow.png HTTP/1.1" 304 -
116.238.139.35 - - [22/Nov/2022:10:58:23 +0800] "GET /xingrg/javascript/jquery_easy_ui/themes/icons/storage_new.png HTTP/1.1" 304 -
116.238.139.35 - - [22/Nov/2022:10:58:23 +0800] "GET /xingrg/javascript/jquery_easy_ui/themes/default/images/tree_folder_open.gif HTTP/1.1" 304 -
116.238.139.35 - - [22/Nov/2022:10:58:23 +0800] "GET /xingrg/javascript/jquery_easy_ui/themes/icons/search_new.png HTTP/1.1" 304 -
116.238.139.35 - - [22/Nov/2022:10:58:23 +0800] "GET /xingrg/javascript/jquery_easy_ui/themes/default/images/tree_arrows.gif HTTP/1.1" 304 -
116.238.139.35 - - [22/Nov/2022:10:58:23 +0800] "GET /xingrg/javascript/jquery_easy_ui/themes/default/images/tree_folder.gif HTTP/1.1" 304 -
116.238.139.35 - - [22/Nov/2022:10:58:23 +0800] "GET /xingrg/javascript/jquery_easy_ui/themes/default/images/tree_file.gif HTTP/1.1" 304 -
116.238.139.35 - - [22/Nov/2022:10:58:23 +0800] "GET /xingrg/javascript/jquery_easy_ui/themes/icons/forms_new.png HTTP/1.1" 304 -
222.70.183.206 - - [22/Nov/2022:10:58:25 +0800] "GET /xingrg/kc/buy/cgsh_order_operate.html?command=get_materiel&rest_code=00111&code=00101007081&supplier_code=00100037&order_time=2022-11-22 HTTP/1.1" 200 413
116.238.139.35 - - [22/Nov/2022:10:58:25 +0800] "GET /xingrg/kc/base/wldb_order_list.html HTTP/1.1" 200 19107
116.238.139.35 - - [22/Nov/2022:10:58:26 +0800] "POST /xingrg/kc/base/wldb_list_operate.html HTTP/1.1" 200 928
116.238.139.35 - - [22/Nov/2022:10:58:27 +0800] "GET /xingrg/kc/base/wldb_order_add.html HTTP/1.1" 200 30390
116.238.139.35 - - [22/Nov/2022:10:58:27 +0800] "POST /xingrg/kc/base/wldb_order_operate.html HTTP/1.1" 200 6806
116.238.139.35 - - [22/Nov/2022:10:58:27 +0800] "GET /xingrg/javascript/easyui/themes/default/validatebox.css HTTP/1.1" 404 1104
116.238.139.35 - - [22/Nov/2022:10:58:28 +0800] "GET /xingrg/javascript/auto/indicator.gif HTTP/1.1" 404 1066
114.95.46.117 - - [22/Nov/2022:10:58:29 +0800] "GET /xingrg/all/function/internal_message.html?_=1669085757232&CODE_STATE=getMsg HTTP/1.1" 200 27
116.237.77.124 - - [22/Nov/2022:10:58:34 +0800] "GET /xingrg/all/function/internal_message.html?_=1669085911483&CODE_STATE=getMsg HTTP/1.1" 200 27
116.238.139.35 - - [22/Nov/2022:10:58:35 +0800] "GET /xingrg/kc/base/wldb_order_operate.html?command=get_materiel&rest_code=00150&base_code=0010446&code=00102002347 HTTP/1.1" 200 457
222.70.183.206 - - [22/Nov/2022:10:58:36 +0800] "GET /xingrg/all/function/internal_message.html?_=1669085913954&CODE_STATE=getMsg HTTP/1.1" 200 27
180.169.147.146 - - [22/Nov/2022:10:58:39 +0800] "GET /xingrg/all/function/internal_message.html?_=1669085913231&CODE_STATE=getMsg HTTP/1.1" 200 27
180.162.229.95 - - [22/Nov/2022:10:58:39 +0800] "GET /xingrg/all/function/internal_message.html?_=1669085917691&CODE_STATE=getMsg HTTP/1.1" 200 27
116.238.139.35 - - [22/Nov/2022:10:58:41 +0800] "GET /xingrg/kc/base/wldb_order_operate.html?command=get_materiel&rest_code=00150&base_code=0010446&code=00102002304 HTTP/1.1" 200 463
124.79.245.154 - - [22/Nov/2022:10:58:44 +0800] "GET /xingrg/all/function/internal_message.html?_=1669086141082&CODE_STATE=getMsg HTTP/1.1" 200 27
116.238.139.35 - - [22/Nov/2022:10:58:46 +0800] "GET /xingrg/kc/base/wldb_order_operate.html?command=get_materiel&rest_code=00150&base_code=0010446&code=00102002610 HTTP/1.1" 200 444
180.165.154.204 - - [22/Nov/2022:10:58:48 +0800] "GET /xingrg/all/function/internal_message.html?_=1669085891115&CODE_STATE=getMsg HTTP/1.1" 200 27
114.95.46.117 - - [22/Nov/2022:10:58:50 +0800] "GET /xingrg/kc/buy/cgsh_order_add.html HTTP/1.1" 200 69643
101.85.106.255 - - [22/Nov/2022:10:58:50 +0800] "GET /xingrg/check_reg.html?_=1669085928040 HTTP/1.1" 200 22
101.85.106.255 - - [22/Nov/2022:10:58:50 +0800] "GET /xingrg/all/function/internal_message.html?_=1669085928043&CODE_STATE=getMsg HTTP/1.1" 200 27
114.95.46.117 - - [22/Nov/2022:10:58:50 +0800] "POST /xingrg/kc/buy/cgsh_order_operate.html HTTP/1.1" 200 8245
114.95.46.117 - - [22/Nov/2022:10:58:50 +0800] "GET /xingrg/javascript/easyui/themes/default/validatebox.css HTTP/1.1" 404 1104
116.238.139.35 - - [22/Nov/2022:10:58:51 +0800] "GET /xingrg/kc/base/wldb_order_operate.html?command=get_materiel&rest_code=00150&base_code=0010446&code=00102002321 HTTP/1.1" 200 447
222.70.183.206 - - [22/Nov/2022:10:58:52 +0800] "GET /xingrg/kc/buy/cgsh_order_operate.html?command=get_materiel&rest_code=00111&code=00101016105&supplier_code=00100037&order_time=2022-11-22 HTTP/1.1" 200 409
218.81.217.29 - - [22/Nov/2022:10:58:56 +0800] "GET /xingrg/all/function/internal_message.html?_=1669085940341&CODE_STATE=getMsg HTTP/1.1" 200 27
116.230.105.139 - - [22/Nov/2022:10:58:57 +0800] "GET /xingrg/all/function/internal_message.html?_=1669085922075&CODE_STATE=getMsg HTTP/1.1" 200 27
222.70.183.206 - - [22/Nov/2022:10:59:00 +0800] "GET /xingrg/kc/buy/cgsh_order_operate.html?command=get_materiel&rest_code=00111&code=00101019435&supplier_code=00100037&order_time=2022-11-22 HTTP/1.1" 200 417
116.238.139.35 - - [22/Nov/2022:10:59:00 +0800] "POST /xingrg/kc/base/wldb_order_operate.html HTTP/1.1" 200 37
114.84.81.136 - - [22/Nov/2022:10:59:01 +0800] "GET /xingrg/all/function/internal_message.html?_=1669085939862&CODE_STATE=getMsg HTTP/1.1" 200 27
180.169.147.146 - - [22/Nov/2022:10:59:01 +0800] "GET /xingrg/check_reg.html?_=1669085940231 HTTP/1.1" 200 22
180.169.147.146 - - [22/Nov/2022:10:59:01 +0800] "GET /xingrg/all/function/internal_message.html?_=1669085940232&CODE_STATE=getMsg HTTP/1.1" 200 27
116.238.139.35 - - [22/Nov/2022:10:59:03 +0800] "POST /xingrg/kc/base/wldb_order_operate.html HTTP/1.1" 200 12
116.238.139.35 - - [22/Nov/2022:10:59:03 +0800] "POST /xingrg/kc/base/wldb_order_operate.html HTTP/1.1" 200 3670
116.238.139.35 - - [22/Nov/2022:10:59:07 +0800] "GET /xingrg/kc/base/wldb_order_info.html?code=422022112201763 HTTP/1.1" 200 26269
116.238.139.35 - - [22/Nov/2022:10:59:07 +0800] "GET /xingrg/javascript/easyui/themes/default/validatebox.css HTTP/1.1" 404 1104
116.238.139.35 - - [22/Nov/2022:10:59:07 +0800] "POST /xingrg/kc/base/wldb_order_operate.html HTTP/1.1" 200 1931
116.238.139.35 - - [22/Nov/2022:10:59:09 +0800] "GET /xingrg/kc/base/wldb_order_add.html HTTP/1.1" 200 30390
116.238.139.35 - - [22/Nov/2022:10:59:09 +0800] "GET /xingrg/javascript/easyui/themes/default/validatebox.css HTTP/1.1" 404 1104
116.238.139.35 - - [22/Nov/2022:10:59:09 +0800] "POST /xingrg/kc/base/wldb_order_operate.html HTTP/1.1" 200 6806
222.70.183.206 - - [22/Nov/2022:10:59:10 +0800] "GET /xingrg/kc/buy/cgsh_order_operate.html?command=get_materiel&rest_code=00111&code=00101012029&supplier_code=00100037&order_time=2022-11-22 HTTP/1.1" 200 414
124.79.74.72 - - [22/Nov/2022:10:59:11 +0800] "GET /xingrg/all/function/internal_message.html?_=1669085951912&CODE_STATE=getMsg HTTP/1.1" 200 27
124.79.74.72 - - [22/Nov/2022:10:59:11 +0800] "GET /xingrg/check_reg.html?_=1669085951914 HTTP/1.1" 200 22
116.238.139.35 - - [22/Nov/2022:10:59:18 +0800] "GET /xingrg/kc/base/wldb_order_operate.html?command=get_materiel&rest_code=00150&base_code=0010445&code=00101019018 HTTP/1.1" 200 465
116.238.139.35 - - [22/Nov/2022:10:59:23 +0800] "GET /xingrg/all/function/internal_message.html?_=1669085961495&CODE_STATE=getMsg HTTP/1.1" 200 27
116.238.139.35 - - [22/Nov/2022:10:59:25 +0800] "GET /xingrg/kc/base/wldb_order_operate.html?command=get_materiel&rest_code=00150&base_code=0010445&code=00101013011 HTTP/1.1" 200 450
114.95.46.117 - - [22/Nov/2022:10:59:29 +0800] "GET /xingrg/all/function/internal_message.html?_=1669085817220&CODE_STATE=getMsg HTTP/1.1" 200 27
180.169.147.146 - - [22/Nov/2022:10:59:29 +0800] "GET /xingrg/check_reg.html?_=1669085963542 HTTP/1.1" 200 22
116.238.139.35 - - [22/Nov/2022:10:59:30 +0800] "GET /xingrg/kc/base/wldb_order_operate.html?command=get_materiel&rest_code=00150&base_code=0010445&code=00101016044 HTTP/1.1" 200 464
116.237.77.124 - - [22/Nov/2022:10:59:34 +0800] "GET /xingrg/all/function/internal_message.html?_=1669085971459&CODE_STATE=getMsg HTTP/1.1" 200 27
222.70.183.206 - - [22/Nov/2022:10:59:34 +0800] "GET /xingrg/kc/buy/cgsh_order_operate.html?command=get_materiel&rest_code=00111&code=00101007109&supplier_code=00100037&order_time=2022-11-22 HTTP/1.1" 200 408
222.70.183.206 - - [22/Nov/2022:10:59:36 +0800] "GET /xingrg/check_reg.html?_=1669085973901 HTTP/1.1" 200 22
222.70.183.206 - - [22/Nov/2022:10:59:36 +0800] "GET /xingrg/all/function/internal_message.html?_=1669085973904&CODE_STATE=getMsg HTTP/1.1" 200 27
116.238.139.35 - - [22/Nov/2022:10:59:39 +0800] "POST /xingrg/kc/base/wldb_order_operate.html HTTP/1.1" 200 37
180.169.147.146 - - [22/Nov/2022:10:59:39 +0800] "GET /xingrg/all/function/internal_message.html?_=1669085973216&CODE_STATE=getMsg HTTP/1.1" 200 27
180.162.229.95 - - [22/Nov/2022:10:59:39 +0800] "GET /xingrg/all/function/internal_message.html?_=1669085977686&CODE_STATE=getMsg HTTP/1.1" 200 27
116.238.139.35 - - [22/Nov/2022:10:59:41 +0800] "POST /xingrg/kc/base/wldb_order_operate.html HTTP/1.1" 200 12
116.238.139.35 - - [22/Nov/2022:10:59:41 +0800] "POST /xingrg/kc/base/wldb_order_operate.html HTTP/1.1" 200 3187
124.79.245.154 - - [22/Nov/2022:10:59:44 +0800] "GET /xingrg/all/function/internal_message.html?_=1669086201080&CODE_STATE=getMsg HTTP/1.1" 200 27
116.238.139.35 - - [22/Nov/2022:10:59:46 +0800] "GET /xingrg/kc/base/wldb_order_info.html?code=422022112201764 HTTP/1.1" 200 26269
116.238.139.35 - - [22/Nov/2022:10:59:46 +0800] "GET /xingrg/javascript/easyui/themes/default/validatebox.css HTTP/1.1" 404 1104
116.238.139.35 - - [22/Nov/2022:10:59:46 +0800] "POST /xingrg/kc/base/wldb_order_operate.html HTTP/1.1" 200 1460
222.70.183.206 - - [22/Nov/2022:10:59:48 +0800] "GET /xingrg/kc/buy/cgsh_order_operate.html?command=get_materiel&rest_code=00111&code=00101012040&supplier_code=00100037&order_time=2022-11-22 HTTP/1.1" 200 413
180.165.154.204 - - [22/Nov/2022:10:59:48 +0800] "GET /xingrg/all/function/internal_message.html?_=1669085951112&CODE_STATE=getMsg HTTP/1.1" 200 27
101.85.106.255 - - [22/Nov/2022:10:59:50 +0800] "GET /xingrg/all/function/internal_message.html?_=1669085988048&CODE_STATE=getMsg HTTP/1.1" 200 27
114.83.219.57 - - [22/Nov/2022:10:59:50 +0800] "GET /favicon.ico HTTP/1.1" 404 -
218.81.217.29 - - [22/Nov/2022:10:59:51 +0800] "GET /xingrg/check_reg.html?_=1669085995810 HTTP/1.1" 200 22
120.253.135.82 - - [22/Nov/2022:10:59:53 +0800] "GET /xingrg/all/function/internal_message.html?_=1669085774609&CODE_STATE=getMsg HTTP/1.1" 200 27
120.253.135.82 - - [22/Nov/2022:10:59:53 +0800] "GET /xingrg/check_reg.html?_=1669085774610 HTTP/1.1" 200 22
114.95.46.117 - - [22/Nov/2022:10:59:54 +0800] "GET /xingrg/kc/buy/cgsh_order_operate.html?command=get_materiel&rest_code=00105&code=00101006083&supplier_code=00100012&order_time=2022-11-22 HTTP/1.1" 200 413
120.253.135.82 - - [22/Nov/2022:10:59:55 +0800] "GET /xingrg/kc/pszx/mdqp_order_list.html?state=10 HTTP/1.1" 200 10275
120.253.135.82 - - [22/Nov/2022:10:59:55 +0800] "GET /xingrg/dwr/interface/AjaxQqpsService.js HTTP/1.1" 200 16326
120.253.135.82 - - [22/Nov/2022:10:59:55 +0800] "GET /xingrg/dwr/interface/AjaxReportQueryService.js HTTP/1.1" 200 13203
120.253.135.82 - - [22/Nov/2022:10:59:55 +0800] "GET /xingrg/dwr/engine.js HTTP/1.1" 200 43631
222.70.183.206 - - [22/Nov/2022:10:59:55 +0800] "GET /xingrg/kc/buy/cgsh_order_operate.html?command=get_materiel&rest_code=00111&code=00101008123&supplier_code=00100037&order_time=2022-11-22 HTTP/1.1" 200 412
218.81.217.29 - - [22/Nov/2022:10:59:56 +0800] "GET /xingrg/all/function/internal_message.html?_=1669086000348&CODE_STATE=getMsg HTTP/1.1" 200 27
116.230.105.139 - - [22/Nov/2022:10:59:57 +0800] "GET /xingrg/all/function/internal_message.html?_=1669085982070&CODE_STATE=getMsg HTTP/1.1" 200 27
120.253.135.82 - - [22/Nov/2022:10:59:58 +0800] "GET /xingrg/kc/buy/cgth_order_list.html HTTP/1.1" 200 53182
120.253.135.82 - - [22/Nov/2022:10:59:59 +0800] "POST /xingrg/kc/buy/cgth_list_operate.html HTTP/1.1" 200 1035
120.253.135.82 - - [22/Nov/2022:11:00:00 +0800] "GET /xingrg/kc/buy/cgsh_order_list.html HTTP/1.1" 200 53780
114.84.81.136 - - [22/Nov/2022:11:00:01 +0800] "GET /xingrg/all/function/internal_message.html?_=1669085999862&CODE_STATE=getMsg HTTP/1.1" 200 27
120.253.135.82 - - [22/Nov/2022:11:00:01 +0800] "POST /xingrg/kc/buy/cgsh_list_operate.html HTTP/1.1" 200 986
180.169.147.146 - - [22/Nov/2022:11:00:02 +0800] "GET /xingrg/all/function/internal_message.html?_=1669086000251&CODE_STATE=getMsg HTTP/1.1" 200 27
222.70.183.206 - - [22/Nov/2022:11:00:04 +0800] "GET /xingrg/kc/buy/cgsh_order_operate.html?command=get_materiel&rest_code=00111&code=00101008688&supplier_code=00100037&order_time=2022-11-22 HTTP/1.1" 200 398
124.79.74.72 - - [22/Nov/2022:11:00:11 +0800] "GET /xingrg/all/function/internal_message.html?_=1669086011914&CODE_STATE=getMsg HTTP/1.1" 200 27
222.70.183.206 - - [22/Nov/2022:11:00:16 +0800] "GET /xingrg/kc/buy/cgsh_order_operate.html?command=get_materiel&rest_code=00111&code=00101015147&supplier_code=00100037&order_time=2022-11-22 HTTP/1.1" 200 409
222.70.183.206 - - [22/Nov/2022:11:00:23 +0800] "GET /xingrg/kc/buy/cgsh_order_operate.html?command=get_materiel&rest_code=00111&code=00101015139&supplier_code=00100037&order_time=2022-11-22 HTTP/1.1" 200 410
116.238.139.35 - - [22/Nov/2022:11:00:23 +0800] "GET /xingrg/all/function/internal_message.html?_=1669086021475&CODE_STATE=getMsg HTTP/1.1" 200 27
222.70.183.206 - - [22/Nov/2022:11:00:25 +0800] "POST /xingrg/kc/buy/cgsh_order_operate.html HTTP/1.1" 200 2065
114.95.46.117 - - [22/Nov/2022:11:00:29 +0800] "GET /xingrg/all/function/internal_message.html?_=1669085877252&CODE_STATE=getMsg HTTP/1.1" 200 27
116.237.77.124 - - [22/Nov/2022:11:00:34 +0800] "GET /xingrg/all/function/internal_message.html?_=1669086031434&CODE_STATE=getMsg HTTP/1.1" 200 27
120.253.135.82 - - [22/Nov/2022:11:00:35 +0800] "GET /xingrg/all/function/internal_message.html?_=1669085834617&CODE_STATE=getMsg HTTP/1.1" 200 27
222.70.183.206 - - [22/Nov/2022:11:00:36 +0800] "GET /xingrg/all/function/internal_message.html?_=1669086033899&CODE_STATE=getMsg HTTP/1.1" 200 27
114.95.46.117 - - [22/Nov/2022:11:00:38 +0800] "GET /xingrg/kc/buy/cgsh_order_operate.html?command=get_materiel&rest_code=00105&code=00101006087&supplier_code=00100012&order_time=2022-11-22 HTTP/1.1" 200 409
180.169.147.146 - - [22/Nov/2022:11:00:39 +0800] "GET /xingrg/all/function/internal_message.html?_=1669086033199&CODE_STATE=getMsg HTTP/1.1" 200 27
180.162.229.95 - - [22/Nov/2022:11:00:39 +0800] "GET /xingrg/all/function/internal_message.html?_=1669086037671&CODE_STATE=getMsg HTTP/1.1" 200 27
124.79.245.154 - - [22/Nov/2022:11:00:44 +0800] "GET /xingrg/all/function/internal_message.html?_=1669086261079&CODE_STATE=getMsg HTTP/1.1" 200 27
180.165.154.204 - - [22/Nov/2022:11:00:48 +0800] "GET /xingrg/all/function/internal_message.html?_=1669086011121&CODE_STATE=getMsg HTTP/1.1" 200 27
101.85.106.255 - - [22/Nov/2022:11:00:50 +0800] "GET /xingrg/all/function/internal_message.html?_=1669086048047&CODE_STATE=getMsg HTTP/1.1" 200 27
218.81.217.29 - - [22/Nov/2022:11:00:56 +0800] "GET /xingrg/all/function/internal_message.html?_=1669086060361&CODE_STATE=getMsg HTTP/1.1" 200 27
116.230.105.139 - - [22/Nov/2022:11:00:57 +0800] "GET /xingrg/all/function/internal_message.html?_=1669086042066&CODE_STATE=getMsg HTTP/1.1" 200 27
116.230.105.139 - - [22/Nov/2022:11:00:57 +0800] "GET /xingrg/check_reg.html?_=1669086042070 HTTP/1.1" 200 22
172.20.0.100 - - [22/Nov/2022:11:00:57 +0800] "GET /xingrg/index.html?sysBaseUrl=http%3A%2F%2F172.17.0.8%3A18081%2Fxingrg%2F&costTime=213×tamp=1585200360465 HTTP/1.1" 302 -
172.20.0.100 - - [22/Nov/2022:11:00:57 +0800] "GET /xingrg/login.html HTTP/1.1" 200 7636
172.20.0.100 - - [22/Nov/2022:11:00:58 +0800] "GET /xingrg/images/blue/jxLogo.png HTTP/1.1" 200 6156
172.20.0.100 - - [22/Nov/2022:11:00:58 +0800] "GET /xingrg/images/blue/login_bg.png HTTP/1.1" 200 22101
172.20.0.100 - - [22/Nov/2022:11:00:58 +0800] "GET /xingrg/images/blue/hj.png HTTP/1.1" 200 1014
172.20.0.100 - - [22/Nov/2022:11:00:58 +0800] "GET /xingrg/images/blue/srbg.png HTTP/1.1" 200 138
172.20.0.100 - - [22/Nov/2022:11:00:58 +0800] "GET /favicon.ico HTTP/1.1" 404 -
114.84.81.136 - - [22/Nov/2022:11:01:01 +0800] "GET /xingrg/all/function/internal_message.html?_=1669086059862&CODE_STATE=getMsg HTTP/1.1" 200 27
180.169.147.146 - - [22/Nov/2022:11:01:02 +0800] "GET /xingrg/all/function/internal_message.html?_=1669086060251&CODE_STATE=getMsg HTTP/1.1" 200 27
180.169.147.146 - - [22/Nov/2022:11:01:02 +0800] "GET /favicon.ico HTTP/1.1" 404 -
180.169.147.146 - - [22/Nov/2022:11:01:05 +0800] "GET /xingrg/login.html HTTP/1.1" 200 7641
180.169.147.146 - - [22/Nov/2022:11:01:05 +0800] "GET /xingrg/images/blue/jxLogo.png HTTP/1.1" 200 6156
180.169.147.146 - - [22/Nov/2022:11:01:05 +0800] "GET /xingrg/images/blue/login_bg.png HTTP/1.1" 200 22101
180.169.147.146 - - [22/Nov/2022:11:01:05 +0800] "GET /xingrg/images/blue/hj.png HTTP/1.1" 200 1014
180.169.147.146 - - [22/Nov/2022:11:01:05 +0800] "GET /xingrg/images/blue/srbg.png HTTP/1.1" 200 138
180.169.147.146 - - [22/Nov/2022:11:01:05 +0800] "GET /favicon.ico HTTP/1.1" 404 -
124.79.74.72 - - [22/Nov/2022:11:01:11 +0800] "GET /xingrg/all/function/internal_message.html?_=1669086071917&CODE_STATE=getMsg HTTP/1.1" 200 27
114.95.46.117 - - [22/Nov/2022:11:01:14 +0800] "GET /xingrg/kc/buy/cgsh_order_operate.html?command=get_materiel&rest_code=00105&code=00101010050&supplier_code=00100012&order_time=2022-11-22 HTTP/1.1" 200 419
116.238.139.35 - - [22/Nov/2022:11:01:23 +0800] "GET /xingrg/all/function/internal_message.html?_=1669086081452&CODE_STATE=getMsg HTTP/1.1" 200 27
114.95.46.117 - - [22/Nov/2022:11:01:29 +0800] "GET /xingrg/all/function/internal_message.html?_=1669085937297&CODE_STATE=getMsg HTTP/1.1" 200 27
116.237.77.124 - - [22/Nov/2022:11:01:34 +0800] "GET /xingrg/all/function/internal_message.html?_=1669086091410&CODE_STATE=getMsg HTTP/1.1" 200 27
120.253.135.82 - - [22/Nov/2022:11:01:36 +0800] "GET /xingrg/all/function/internal_message.html?_=1669085894630&CODE_STATE=getMsg HTTP/1.1" 200 27
222.70.183.206 - - [22/Nov/2022:11:01:36 +0800] "GET /xingrg/all/function/internal_message.html?_=1669086093897&CODE_STATE=getMsg HTTP/1.1" 200 27
180.169.147.146 - - [22/Nov/2022:11:01:39 +0800] "GET /xingrg/all/function/internal_message.html?_=1669086093182&CODE_STATE=getMsg HTTP/1.1" 200 27
180.162.229.95 - - [22/Nov/2022:11:01:39 +0800] "GET /xingrg/all/function/internal_message.html?_=1669086097648&CODE_STATE=getMsg HTTP/1.1" 200 27
124.79.245.154 - - [22/Nov/2022:11:01:44 +0800] "GET /xingrg/all/function/internal_message.html?_=1669086321077&CODE_STATE=getMsg HTTP/1.1" 200 27
124.79.245.154 - - [22/Nov/2022:11:01:44 +0800] "GET /xingrg/check_reg.html?_=1669086321079 HTTP/1.1" 200 22
180.165.154.204 - - [22/Nov/2022:11:01:48 +0800] "GET /xingrg/all/function/internal_message.html?_=1669086071127&CODE_STATE=getMsg HTTP/1.1" 200 27
180.165.154.204 - - [22/Nov/2022:11:01:48 +0800] "GET /xingrg/check_reg.html?_=1669086071127 HTTP/1.1" 200 22
101.85.106.255 - - [22/Nov/2022:11:01:50 +0800] "GET /xingrg/all/function/internal_message.html?_=1669086108045&CODE_STATE=getMsg HTTP/1.1" 200 27
218.81.217.29 - - [22/Nov/2022:11:01:56 +0800] "GET /xingrg/all/function/internal_message.html?_=1669086120599&CODE_STATE=getMsg HTTP/1.1" 200 27
116.230.105.139 - - [22/Nov/2022:11:01:57 +0800] "GET /xingrg/all/function/internal_message.html?_=1669086102069&CODE_STATE=getMsg HTTP/1.1" 200 27
114.95.46.117 - - [22/Nov/2022:11:01:57 +0800] "GET /xingrg/kc/buy/cgsh_order_operate.html?command=get_materiel&rest_code=00105&code=00101006109&supplier_code=00100012&order_time=2022-11-22 HTTP/1.1" 200 409
114.84.81.136 - - [22/Nov/2022:11:02:01 +0800] "GET /xingrg/check_reg.html?_=1669086119863 HTTP/1.1" 200 22
114.84.81.136 - - [22/Nov/2022:11:02:01 +0800] "GET /xingrg/all/function/internal_message.html?_=1669086119866&CODE_STATE=getMsg HTTP/1.1" 200 27
180.169.147.146 - - [22/Nov/2022:11:02:02 +0800] "GET /xingrg/all/function/internal_message.html?_=1669086120252&CODE_STATE=getMsg HTTP/1.1" 200 27
124.79.74.72 - - [22/Nov/2022:11:02:11 +0800] "GET /xingrg/all/function/internal_message.html?_=1669086131917&CODE_STATE=getMsg HTTP/1.1" 200 27
116.238.139.35 - - [22/Nov/2022:11:02:23 +0800] "GET /xingrg/all/function/internal_message.html?_=1669086141437&CODE_STATE=getMsg HTTP/1.1" 200 27
114.95.46.117 - - [22/Nov/2022:11:02:29 +0800] "GET /xingrg/all/function/internal_message.html?_=1669085997265&CODE_STATE=getMsg HTTP/1.1" 200 27
114.95.46.117 - - [22/Nov/2022:11:02:29 +0800] "GET /xingrg/check_reg.html?_=1669085997242 HTTP/1.1" 200 22
116.237.77.124 - - [22/Nov/2022:11:02:31 +0800] "GET /xingrg/check_reg.html?_=1669086149310 HTTP/1.1" 200 22
116.237.77.124 - - [22/Nov/2022:11:02:33 +0800] "GET /xingrg/all/function/internal_message.html?_=1669086151385&CODE_STATE=getMsg HTTP/1.1" 200 27
120.253.135.82 - - [22/Nov/2022:11:02:36 +0800] "GET /xingrg/all/function/internal_message.html?_=1669085954691&CODE_STATE=getMsg HTTP/1.1" 200 27
222.70.183.206 - - [22/Nov/2022:11:02:36 +0800] "GET /xingrg/all/function/internal_message.html?_=1669086153895&CODE_STATE=getMsg HTTP/1.1" 200 27
114.95.46.117 - - [22/Nov/2022:11:02:37 +0800] "GET /xingrg/kc/buy/cgsh_order_operate.html?command=get_materiel&rest_code=00105&code=00101006177&supplier_code=00100012&order_time=2022-11-22 HTTP/1.1" 200 409
180.162.229.95 - - [22/Nov/2022:11:02:37 +0800] "POST /xingrg/services/DataTransmitService HTTP/1.1" 200 524
180.162.229.95 - - [22/Nov/2022:11:02:38 +0800] "POST /xingrg/services/DataTransmitService HTTP/1.1" 200 412
180.169.147.146 - - [22/Nov/2022:11:02:39 +0800] "GET /xingrg/all/function/internal_message.html?_=1669086153166&CODE_STATE=getMsg HTTP/1.1" 200 27
180.162.229.95 - - [22/Nov/2022:11:02:39 +0800] "GET /xingrg/all/function/internal_message.html?_=1669086157632&CODE_STATE=getMsg HTTP/1.1" 200 27
