114.88.159.190 - - [19/Nov/2022:09:40:02 +0800] "POST /xingrg/kc/buy/cgsh_order_operate.html HTTP/1.1" 200 8245
114.88.159.190 - - [19/Nov/2022:09:40:03 +0800] "GET /xingrg/javascript/easyui/themes/default/validatebox.css HTTP/1.1" 404 1104
114.88.159.190 - - [19/Nov/2022:09:40:07 +0800] "GET /xingrg/all/function/internal_message.html?_=1668821614640&CODE_STATE=getMsg HTTP/1.1" 200 27
116.238.139.35 - - [19/Nov/2022:09:40:10 +0800] "GET /xingrg/all/function/internal_message.html?_=1668821922251&CODE_STATE=getMsg HTTP/1.1" 200 27
180.162.229.95 - - [19/Nov/2022:09:40:11 +0800] "GET /xingrg/all/function/internal_message.html?_=1668822020171&CODE_STATE=getMsg HTTP/1.1" 302 -
116.230.105.139 - - [19/Nov/2022:09:40:14 +0800] "GET /xingrg/all/function/internal_message.html?_=1668822007936&CODE_STATE=getMsg HTTP/1.1" 200 27
114.88.159.190 - - [19/Nov/2022:09:40:16 +0800] "GET /xingrg/kc/buy/cgsh_order_operate.html?command=get_materiel&rest_code=00141&code=00101006129&supplier_code=00100012&order_time=2022-11-19 HTTP/1.1" 200 452
114.95.46.117 - - [19/Nov/2022:09:40:19 +0800] "GET /xingrg/all/function/internal_message.html?_=1668822019688&CODE_STATE=getMsg HTTP/1.1" 200 27
120.253.135.82 - - [19/Nov/2022:09:40:24 +0800] "GET /xingrg/all/function/internal_message.html?_=1668821824650&CODE_STATE=getMsg HTTP/1.1" 200 27
120.253.135.82 - - [19/Nov/2022:09:40:26 +0800] "GET /xingrg/all/function/internal_message.html?_=1668822021704&CODE_STATE=getMsg HTTP/1.1" 200 27
114.83.219.57 - - [19/Nov/2022:09:40:29 +0800] "GET /xingrg/all/function/internal_message.html?_=1668822151673&CODE_STATE=getMsg HTTP/1.1" 200 27
114.88.159.190 - - [19/Nov/2022:09:40:33 +0800] "GET /xingrg/kc/buy/cgsh_order_operate.html?command=get_materiel&rest_code=00141&code=00101006006&supplier_code=00100012&order_time=2022-11-19 HTTP/1.1" 200 409
114.95.46.117 - - [19/Nov/2022:09:40:36 +0800] "GET /xingrg/all/function/internal_message.html?_=1668821885355&CODE_STATE=getMsg HTTP/1.1" 200 27
180.162.229.95 - - [19/Nov/2022:09:40:36 +0800] "GET /xingrg/kc/base/wldb_order_operate.html?command=get_materiel&rest_code=00102&base_code=0010493&code=00101006340 HTTP/1.1" 200 414
180.169.147.146 - - [19/Nov/2022:09:40:37 +0800] "GET /xingrg/all/function/internal_message.html?_=1668822037676&CODE_STATE=getMsg HTTP/1.1" 200 27
180.169.147.146 - - [19/Nov/2022:09:40:37 +0800] "GET /xingrg/check_reg.html?_=1668822037678 HTTP/1.1" 200 22
116.238.139.35 - - [19/Nov/2022:09:40:38 +0800] "GET /xingrg/kc/mdqp/pssh_order_info.html?code=312022111800392 HTTP/1.1" 200 17272
116.238.139.35 - - [19/Nov/2022:09:40:38 +0800] "GET /xingrg/javascript/jquery_tools/jquery-1.4.2.min.js HTTP/1.1" 404 1094
116.238.139.35 - - [19/Nov/2022:09:40:38 +0800] "POST /xingrg/kc/mdqp/pssh_order_operate.html HTTP/1.1" 200 1042
116.238.139.35 - - [19/Nov/2022:09:40:38 +0800] "GET /xingrg/javascript/easyui/themes/default/validatebox.css HTTP/1.1" 404 1104
114.88.159.190 - - [19/Nov/2022:09:40:40 +0800] "GET /xingrg/kc/buy/cgsh_order_operate.html?command=get_materiel&rest_code=00141&code=00101016084&supplier_code=00100012&order_time=2022-11-19 HTTP/1.1" 200 409
116.238.139.35 - - [19/Nov/2022:09:40:43 +0800] "POST /xingrg/all/common/load_combo.html?type=employee HTTP/1.1" 200 280
116.238.139.35 - - [19/Nov/2022:09:40:47 +0800] "POST /xingrg/kc/mdqp/pssh_order_operate.html HTTP/1.1" 200 37
180.162.229.95 - - [19/Nov/2022:09:40:47 +0800] "GET /xingrg/all/function/internal_message.html?_=1668822048173&CODE_STATE=getMsg HTTP/1.1" 200 27
114.88.159.190 - - [19/Nov/2022:09:40:47 +0800] "GET /xingrg/kc/buy/cgsh_order_operate.html?command=get_materiel&rest_code=00141&code=00101006178&supplier_code=00100012&order_time=2022-11-19 HTTP/1.1" 200 411
116.238.139.35 - - [19/Nov/2022:09:40:47 +0800] "POST /xingrg/kc/mdqp/pssh_order_operate.html HTTP/1.1" 200 12
116.238.139.35 - - [19/Nov/2022:09:40:48 +0800] "GET /xingrg/kc/mdqp/pssh_order_info.html?code=312022111800392 HTTP/1.1" 200 14396
116.238.139.35 - - [19/Nov/2022:09:40:48 +0800] "GET /xingrg/javascript/jquery_tools/jquery-1.4.2.min.js HTTP/1.1" 404 1094
116.238.139.35 - - [19/Nov/2022:09:40:49 +0800] "POST /xingrg/kc/mdqp/pssh_order_operate.html HTTP/1.1" 200 1042
116.238.139.35 - - [19/Nov/2022:09:40:49 +0800] "GET /xingrg/javascript/easyui/themes/default/validatebox.css HTTP/1.1" 404 1104
116.238.139.35 - - [19/Nov/2022:09:40:52 +0800] "GET /xingrg/kc/print/load_data.html?order_code=312022111800392&kc_code=pssh&condition= HTTP/1.1" 200 844
218.81.217.29 - - [19/Nov/2022:09:40:57 +0800] "GET /xingrg/check_reg.html?_=1668822079609 HTTP/1.1" 302 -
114.88.159.190 - - [19/Nov/2022:09:40:58 +0800] "GET /xingrg/kc/buy/cgsh_order_operate.html?command=get_materiel&rest_code=00141&code=00101006293&supplier_code=00100012&order_time=2022-11-19 HTTP/1.1" 200 430
218.81.217.29 - - [19/Nov/2022:09:40:59 +0800] "GET /xingrg/all/function/internal_message.html?_=1668822081575&CODE_STATE=getMsg HTTP/1.1" 302 -
58.221.95.50 - - [19/Nov/2022:09:40:59 +0800] "GET /xingrg/check_reg.html?_=1668822044666 HTTP/1.1" 302 -
180.162.229.95 - - [19/Nov/2022:09:41:00 +0800] "GET /xingrg/system/info/materiel_import.html?isSelect=1&singleSelect=false HTTP/1.1" 200 5600
180.162.229.95 - - [19/Nov/2022:09:41:00 +0800] "POST /xingrg/all/common/load_tree.html?tree=materiel_sort_tree_json HTTP/1.1" 200 9500
180.162.229.95 - - [19/Nov/2022:09:41:00 +0800] "GET /favicon.ico HTTP/1.1" 404 -
114.88.159.190 - - [19/Nov/2022:09:41:07 +0800] "GET /xingrg/all/function/internal_message.html?_=1668821674642&CODE_STATE=getMsg HTTP/1.1" 200 27
114.88.159.190 - - [19/Nov/2022:09:41:09 +0800] "GET /xingrg/kc/buy/cgsh_order_operate.html?command=get_materiel&rest_code=00141&code=00101006174&supplier_code=00100012&order_time=2022-11-19 HTTP/1.1" 200 414
116.238.139.35 - - [19/Nov/2022:09:41:09 +0800] "GET /xingrg/javascript/jquery_easy_ui/themes/default/images/button_a_bg.gif HTTP/1.1" 200 1194
116.238.139.35 - - [19/Nov/2022:09:41:09 +0800] "GET /xingrg/javascript/jquery_easy_ui/themes/default/images/button_span_bg.gif HTTP/1.1" 200 2061
116.238.139.35 - - [19/Nov/2022:09:41:09 +0800] "GET /xingrg/javascript/jquery_easy_ui/themes/icons/ok.png HTTP/1.1" 200 883
116.238.139.35 - - [19/Nov/2022:09:41:09 +0800] "GET /xingrg/javascript/jquery_easy_ui/themes/default/images/panel_tools.gif HTTP/1.1" 200 737
116.238.139.35 - - [19/Nov/2022:09:41:10 +0800] "GET /xingrg/all/function/internal_message.html?_=1668821982254&CODE_STATE=getMsg HTTP/1.1" 200 27
180.162.229.95 - - [19/Nov/2022:09:41:11 +0800] "GET /xingrg/all/function/internal_message.html?_=1668822080170&CODE_STATE=getMsg HTTP/1.1" 302 -
116.238.139.35 - - [19/Nov/2022:09:41:12 +0800] "GET /xingrg/javascript/jquery_easy_ui/themes/default/images/panel_title.png HTTP/1.1" 200 266
116.238.139.35 - - [19/Nov/2022:09:41:13 +0800] "POST /xingrg/all/user/operate.html HTTP/1.1" 200 36
116.230.105.139 - - [19/Nov/2022:09:41:14 +0800] "GET /xingrg/all/function/internal_message.html?_=1668822067937&CODE_STATE=getMsg HTTP/1.1" 200 27
116.238.139.35 - - [19/Nov/2022:09:41:15 +0800] "GET /xingrg/javascript/jquery_easy_ui/themes/default/easyui.css HTTP/1.1" 304 -
116.238.139.35 - - [19/Nov/2022:09:41:15 +0800] "GET /xingrg/javascript/jquery_easy_ui/themes/icon.css HTTP/1.1" 304 -
116.238.139.35 - - [19/Nov/2022:09:41:15 +0800] "GET /xingrg/index.html?sysBaseUrl=http%3A%2F%2F180.169.147.146%3A18081%2Fxingrg%2F&costTime=43×tamp=1668819126889 HTTP/1.1" 200 17177
116.238.139.35 - - [19/Nov/2022:09:41:15 +0800] "GET /xingrg/css/form.css HTTP/1.1" 200 893
116.238.139.35 - - [19/Nov/2022:09:41:15 +0800] "GET /xingrg/javascript/jquery-1.4.2.min.js HTTP/1.1" 200 72205
116.238.139.35 - - [19/Nov/2022:09:41:15 +0800] "GET /xingrg/javascript/jquery_easy_ui/jquery.easyui.min.js HTTP/1.1" 200 213662
116.238.139.35 - - [19/Nov/2022:09:41:15 +0800] "GET /xingrg/javascript/jquery_easy_ui/easyui-lang-zh_CN.js HTTP/1.1" 200 1900
116.238.139.35 - - [19/Nov/2022:09:41:15 +0800] "GET /xingrg/javascript/jquery.form.js HTTP/1.1" 200 23110
116.238.139.35 - - [19/Nov/2022:09:41:15 +0800] "GET /xingrg/javascript/jquery.utils.js HTTP/1.1" 304 -
116.238.139.35 - - [19/Nov/2022:09:41:15 +0800] "GET /xingrg/javascript/jquery.timers.js HTTP/1.1" 200 3532
116.238.139.35 - - [19/Nov/2022:09:41:15 +0800] "GET /xingrg/images/blue/jxLogo.png HTTP/1.1" 200 6156
116.238.139.35 - - [19/Nov/2022:09:41:15 +0800] "GET /xingrg/javascript/jquery_easy_ui/themes/icons/settle_new.png HTTP/1.1" 200 826
116.238.139.35 - - [19/Nov/2022:09:41:15 +0800] "GET /xingrg/images/blue/navBackgound.jpg HTTP/1.1" 200 12378
116.238.139.35 - - [19/Nov/2022:09:41:15 +0800] "GET /xingrg/images/blue/pingpu.png HTTP/1.1" 200 231
116.238.139.35 - - [19/Nov/2022:09:41:15 +0800] "POST /xingrg/all/common/load_tree.html?tree=area_rest_tree_json&manage=1 HTTP/1.1" 200 476
116.238.139.35 - - [19/Nov/2022:09:41:15 +0800] "GET /xingrg/javascript/jquery_easy_ui/themes/default/images/tabs_leftarrow.png HTTP/1.1" 200 389
116.238.139.35 - - [19/Nov/2022:09:41:15 +0800] "GET /xingrg/javascript/jquery_easy_ui/themes/default/images/tabs_rightarrow.png HTTP/1.1" 200 395
116.238.139.35 - - [19/Nov/2022:09:41:15 +0800] "GET /xingrg/javascript/jquery_easy_ui/themes/default/images/panel_tool_collapse.gif HTTP/1.1" 200 246
116.238.139.35 - - [19/Nov/2022:09:41:15 +0800] "GET /xingrg/all/function/internal_message.html?_=1668821987158&CODE_STATE=count HTTP/1.1" 200 11
116.238.139.35 - - [19/Nov/2022:09:41:15 +0800] "GET /xingrg/check_reg.html?_=1668821987159 HTTP/1.1" 200 22
116.238.139.35 - - [19/Nov/2022:09:41:15 +0800] "GET /xingrg/javascript/jquery_easy_ui/themes/default/images/tree_arrows.gif HTTP/1.1" 200 1043
116.238.139.35 - - [19/Nov/2022:09:41:15 +0800] "POST /xingrg/load_menu.html HTTP/1.1" 200 5138
116.238.139.35 - - [19/Nov/2022:09:41:15 +0800] "GET /xingrg/javascript/jquery_easy_ui/themes/default/images/tree_folder_open.gif HTTP/1.1" 200 956
116.238.139.35 - - [19/Nov/2022:09:41:15 +0800] "GET /xingrg/javascript/jquery_easy_ui/themes/default/images/tree_folder.gif HTTP/1.1" 200 952
116.238.139.35 - - [19/Nov/2022:09:41:15 +0800] "GET /xingrg/javascript/jquery_easy_ui/themes/icons/search_new.png HTTP/1.1" 200 586
116.238.139.35 - - [19/Nov/2022:09:41:15 +0800] "GET /xingrg/javascript/jquery_easy_ui/themes/icons/storage_new.png HTTP/1.1" 200 853
116.238.139.35 - - [19/Nov/2022:09:41:15 +0800] "GET /xingrg/javascript/jquery_easy_ui/themes/icons/forms_new.png HTTP/1.1" 200 350
116.238.139.35 - - [19/Nov/2022:09:41:18 +0800] "GET /xingrg/javascript/jquery_easy_ui/themes/default/images/tree_file.gif HTTP/1.1" 200 118
114.95.46.117 - - [19/Nov/2022:09:41:19 +0800] "GET /xingrg/all/function/internal_message.html?_=1668822079688&CODE_STATE=getMsg HTTP/1.1" 200 27
114.88.159.190 - - [19/Nov/2022:09:41:24 +0800] "GET /xingrg/kc/buy/cgsh_order_operate.html?command=get_materiel&rest_code=00141&code=00101006168&supplier_code=00100012&order_time=2022-11-19 HTTP/1.1" 200 421
120.253.135.82 - - [19/Nov/2022:09:41:24 +0800] "GET /xingrg/all/function/internal_message.html?_=1668821884742&CODE_STATE=getMsg HTTP/1.1" 200 27
116.238.139.35 - - [19/Nov/2022:09:41:25 +0800] "GET /xingrg/javascript/jquery_easy_ui/themes/default/images/tabs_close.gif HTTP/1.1" 200 829
116.238.139.35 - - [19/Nov/2022:09:41:25 +0800] "GET /xingrg/kc/mdqp/pssh_order_list.html HTTP/1.1" 200 17440
116.238.139.35 - - [19/Nov/2022:09:41:25 +0800] "GET /xingrg/images/control/ajaxLoader.gif HTTP/1.1" 200 4659
116.238.139.35 - - [19/Nov/2022:09:41:25 +0800] "POST /xingrg/kc/mdqp/pssh_list_operate.html HTTP/1.1" 200 5478
120.253.135.82 - - [19/Nov/2022:09:41:26 +0800] "GET /xingrg/check_reg.html?_=1668822081727 HTTP/1.1" 200 22
120.253.135.82 - - [19/Nov/2022:09:41:26 +0800] "GET /xingrg/all/function/internal_message.html?_=1668822081707&CODE_STATE=getMsg HTTP/1.1" 200 27
116.238.139.35 - - [19/Nov/2022:09:41:26 +0800] "POST /xingrg/kc/mdqp/pssh_list_operate.html HTTP/1.1" 200 260
114.83.219.57 - - [19/Nov/2022:09:41:29 +0800] "GET /xingrg/all/function/internal_message.html?_=1668822211670&CODE_STATE=getMsg HTTP/1.1" 200 27
116.238.139.35 - - [19/Nov/2022:09:41:29 +0800] "GET /xingrg/kc/mdqp/pssh_order_info.html?code=312022111800384 HTTP/1.1" 200 17270
116.238.139.35 - - [19/Nov/2022:09:41:29 +0800] "GET /xingrg/javascript/jquery_tools/jquery-1.4.2.min.js HTTP/1.1" 404 1094
116.238.139.35 - - [19/Nov/2022:09:41:29 +0800] "POST /xingrg/kc/mdqp/pssh_order_operate.html HTTP/1.1" 200 532
116.238.139.35 - - [19/Nov/2022:09:41:29 +0800] "GET /xingrg/all/common/auto_word.html?type=base&rest_code=00151&rest_code=00151 HTTP/1.1" 200 1315
116.238.139.35 - - [19/Nov/2022:09:41:29 +0800] "GET /xingrg/all/common/auto_word.html?type=employee&rest_code=00151 HTTP/1.1" 200 293
116.238.139.35 - - [19/Nov/2022:09:41:29 +0800] "GET /xingrg/javascript/easyui/themes/default/validatebox.css HTTP/1.1" 404 1104
116.238.139.35 - - [19/Nov/2022:09:41:30 +0800] "POST /xingrg/all/common/load_combo.html?type=base&rest_code=00151 HTTP/1.1" 200 2307
116.238.139.35 - - [19/Nov/2022:09:41:32 +0800] "POST /xingrg/all/common/load_combo.html?type=employee HTTP/1.1" 200 532
114.95.46.117 - - [19/Nov/2022:09:41:36 +0800] "GET /xingrg/all/function/internal_message.html?_=1668821945355&CODE_STATE=getMsg HTTP/1.1" 200 27
116.238.139.35 - - [19/Nov/2022:09:41:36 +0800] "POST /xingrg/kc/mdqp/pssh_order_operate.html HTTP/1.1" 200 37
116.238.139.35 - - [19/Nov/2022:09:41:37 +0800] "POST /xingrg/kc/mdqp/pssh_order_operate.html HTTP/1.1" 200 12
180.169.147.146 - - [19/Nov/2022:09:41:37 +0800] "GET /xingrg/all/function/internal_message.html?_=1668822097672&CODE_STATE=getMsg HTTP/1.1" 200 27
116.238.139.35 - - [19/Nov/2022:09:41:40 +0800] "GET /xingrg/kc/mdqp/pssh_order_info.html?code=312022111800384 HTTP/1.1" 200 14396
116.238.139.35 - - [19/Nov/2022:09:41:40 +0800] "GET /xingrg/javascript/jquery_tools/jquery-1.4.2.min.js HTTP/1.1" 404 1094
116.238.139.35 - - [19/Nov/2022:09:41:40 +0800] "GET /xingrg/javascript/jquery_easy_ui/themes/icons/rest.png HTTP/1.1" 200 695
116.238.139.35 - - [19/Nov/2022:09:41:40 +0800] "GET /xingrg/javascript/jquery_easy_ui/themes/icons/area.png HTTP/1.1" 200 262
116.238.139.35 - - [19/Nov/2022:09:41:40 +0800] "POST /xingrg/kc/mdqp/pssh_order_operate.html HTTP/1.1" 200 532
116.238.139.35 - - [19/Nov/2022:09:41:40 +0800] "GET /xingrg/javascript/easyui/themes/default/validatebox.css HTTP/1.1" 404 1104
218.81.217.29 - - [19/Nov/2022:09:41:40 +0800] "GET /xingrg/javascript/jquery_tools/images/prev.gif HTTP/1.1" 404 1086
218.81.217.29 - - [19/Nov/2022:09:41:40 +0800] "GET /xingrg/javascript/jquery_tools/images/next.gif HTTP/1.1" 404 1086
116.238.139.35 - - [19/Nov/2022:09:41:43 +0800] "GET /xingrg/kc/print/load_data.html?order_code=312022111800384&kc_code=pssh&condition= HTTP/1.1" 200 682
180.162.229.95 - - [19/Nov/2022:09:41:47 +0800] "GET /xingrg/all/function/internal_message.html?_=1668822108164&CODE_STATE=getMsg HTTP/1.1" 200 27
114.88.159.190 - - [19/Nov/2022:09:41:55 +0800] "POST /xingrg/kc/buy/cgsh_order_operate.html HTTP/1.1" 200 37
114.88.159.190 - - [19/Nov/2022:09:41:59 +0800] "POST /xingrg/kc/buy/cgsh_order_operate.html HTTP/1.1" 200 12
218.81.217.29 - - [19/Nov/2022:09:41:59 +0800] "GET /xingrg/all/function/internal_message.html?_=1668822141588&CODE_STATE=getMsg HTTP/1.1" 302 -
114.88.159.190 - - [19/Nov/2022:09:42:02 +0800] "GET /xingrg/kc/buy/cgsh_order_info.html?code=212022111906368 HTTP/1.1" 200 64401
114.88.159.190 - - [19/Nov/2022:09:42:02 +0800] "GET /xingrg/javascript/easyui/themes/default/validatebox.css HTTP/1.1" 404 1104
114.88.159.190 - - [19/Nov/2022:09:42:03 +0800] "POST /xingrg/kc/buy/cgsh_order_operate.html HTTP/1.1" 200 4793
180.162.229.95 - - [19/Nov/2022:09:42:04 +0800] "GET /xingrg/kc/base/wldb_order_operate.html?command=get_materiel&rest_code=00102&base_code=0010493&code=00102009749 HTTP/1.1" 200 427
218.81.217.29 - - [19/Nov/2022:09:42:07 +0800] "GET /xingrg/kc/buy/cgsh_order_operate.html?command=get_materiel&rest_code=00146&code=00101008350&supplier_code=00100005&order_time=2022-11-19 HTTP/1.1" 302 -
114.88.159.190 - - [19/Nov/2022:09:42:07 +0800] "GET /xingrg/all/function/internal_message.html?_=1668821734649&CODE_STATE=getMsg HTTP/1.1" 200 27
180.162.229.95 - - [19/Nov/2022:09:42:11 +0800] "GET /xingrg/all/function/internal_message.html?_=1668822140169&CODE_STATE=getMsg HTTP/1.1" 302 -
180.162.229.95 - - [19/Nov/2022:09:42:11 +0800] "GET /xingrg/check_reg.html?_=1668822140170 HTTP/1.1" 302 -
116.230.105.139 - - [19/Nov/2022:09:42:14 +0800] "GET /xingrg/all/function/internal_message.html?_=1668822127936&CODE_STATE=getMsg HTTP/1.1" 200 27
116.238.139.35 - - [19/Nov/2022:09:42:15 +0800] "GET /xingrg/all/function/internal_message.html?_=1668822047167&CODE_STATE=getMsg HTTP/1.1" 200 27
180.171.133.8 - - [19/Nov/2022:09:42:17 +0800] "POST /xingrg/services/DataTransmitService HTTP/1.1" 200 524
114.95.46.117 - - [19/Nov/2022:09:42:19 +0800] "GET /xingrg/all/function/internal_message.html?_=1668822139689&CODE_STATE=getMsg HTTP/1.1" 200 27
114.88.159.190 - - [19/Nov/2022:09:42:23 +0800] "GET /xingrg/kc/print/load_data.html?order_code=212022111906368&kc_code=cgsh&condition= HTTP/1.1" 200 2420
120.253.135.82 - - [19/Nov/2022:09:42:24 +0800] "GET /xingrg/all/function/internal_message.html?_=1668821944755&CODE_STATE=getMsg HTTP/1.1" 200 27
120.253.135.82 - - [19/Nov/2022:09:42:26 +0800] "GET /xingrg/all/function/internal_message.html?_=1668822141699&CODE_STATE=getMsg HTTP/1.1" 200 27
218.81.217.29 - - [19/Nov/2022:09:42:26 +0800] "GET /xingrg/login.html HTTP/1.1" 200 7641
218.81.217.29 - - [19/Nov/2022:09:42:27 +0800] "GET /favicon.ico HTTP/1.1" 404 -
218.81.217.29 - - [19/Nov/2022:09:42:28 +0800] "POST /xingrg/login.do HTTP/1.1" 302 -
218.81.217.29 - - [19/Nov/2022:09:42:28 +0800] "GET /xingrg/index.html?sysBaseUrl=http%3A%2F%2F180.169.147.146%3A18081%2Fxingrg%2F&costTime=44×tamp=1668822148946 HTTP/1.1" 200 17179
218.81.217.29 - - [19/Nov/2022:09:42:28 +0800] "GET /xingrg/javascript/jquery_easy_ui/themes/default/easyui.css HTTP/1.1" 304 -
218.81.217.29 - - [19/Nov/2022:09:42:28 +0800] "GET /xingrg/javascript/jquery_easy_ui/themes/icon.css HTTP/1.1" 304 -
218.81.217.29 - - [19/Nov/2022:09:42:28 +0800] "GET /xingrg/javascript/jquery-1.4.2.min.js HTTP/1.1" 304 -
218.81.217.29 - - [19/Nov/2022:09:42:28 +0800] "GET /xingrg/javascript/jquery_easy_ui/easyui-lang-zh_CN.js HTTP/1.1" 304 -
218.81.217.29 - - [19/Nov/2022:09:42:28 +0800] "GET /xingrg/javascript/jquery_easy_ui/jquery.easyui.min.js HTTP/1.1" 304 -
218.81.217.29 - - [19/Nov/2022:09:42:28 +0800] "GET /xingrg/javascript/jquery.form.js HTTP/1.1" 304 -
218.81.217.29 - - [19/Nov/2022:09:42:28 +0800] "GET /xingrg/css/form.css HTTP/1.1" 304 -
218.81.217.29 - - [19/Nov/2022:09:42:28 +0800] "GET /xingrg/javascript/jquery.utils.js HTTP/1.1" 304 -
218.81.217.29 - - [19/Nov/2022:09:42:28 +0800] "GET /xingrg/javascript/jquery.timers.js HTTP/1.1" 304 -
218.81.217.29 - - [19/Nov/2022:09:42:29 +0800] "GET /favicon.ico HTTP/1.1" 404 -
218.81.217.29 - - [19/Nov/2022:09:42:29 +0800] "POST /xingrg/all/common/load_tree.html?tree=area_rest_tree_json&manage=1 HTTP/1.1" 200 479
114.83.219.57 - - [19/Nov/2022:09:42:29 +0800] "GET /xingrg/check_reg.html?_=1668822271672 HTTP/1.1" 200 22
114.83.219.57 - - [19/Nov/2022:09:42:29 +0800] "GET /xingrg/all/function/internal_message.html?_=1668822271674&CODE_STATE=getMsg HTTP/1.1" 200 27
218.81.217.29 - - [19/Nov/2022:09:42:29 +0800] "GET /xingrg/all/function/internal_message.html?_=1668822170869&CODE_STATE=count HTTP/1.1" 200 11
218.81.217.29 - - [19/Nov/2022:09:42:29 +0800] "GET /xingrg/check_reg.html?_=1668822170869 HTTP/1.1" 200 22
218.81.217.29 - - [19/Nov/2022:09:42:29 +0800] "POST /xingrg/load_menu.html HTTP/1.1" 200 5138
218.81.217.29 - - [19/Nov/2022:09:42:33 +0800] "GET /xingrg/css/base.css HTTP/1.1" 304 -
218.81.217.29 - - [19/Nov/2022:09:42:33 +0800] "GET /xingrg/css/site.css HTTP/1.1" 304 -
218.81.217.29 - - [19/Nov/2022:09:42:33 +0800] "GET /xingrg/javascript/easyui/themes/default/easyui.css HTTP/1.1" 304 -
218.81.217.29 - - [19/Nov/2022:09:42:33 +0800] "GET /xingrg/javascript/easyui/themes/icon.css HTTP/1.1" 304 -
218.81.217.29 - - [19/Nov/2022:09:42:33 +0800] "GET /xingrg/javascript/auto/jquery.autocomplete.css HTTP/1.1" 304 -
218.81.217.29 - - [19/Nov/2022:09:42:33 +0800] "GET /xingrg/javascript/jquery_tools/fix.css HTTP/1.1" 304 -
218.81.217.29 - - [19/Nov/2022:09:42:33 +0800] "GET /xingrg/javascript/jquery_tools/table.css HTTP/1.1" 304 -
218.81.217.29 - - [19/Nov/2022:09:42:33 +0800] "GET /xingrg/javascript/jquery_tools/jquery.tools.extend.js HTTP/1.1" 304 -
218.81.217.29 - - [19/Nov/2022:09:42:33 +0800] "GET /xingrg/javascript/jquery_tools/jquery.tools.min.js HTTP/1.1" 304 -
218.81.217.29 - - [19/Nov/2022:09:42:33 +0800] "GET /xingrg/javascript/jquery_tools/jquery.tools.hotkey.js HTTP/1.1" 304 -
218.81.217.29 - - [19/Nov/2022:09:42:33 +0800] "GET /xingrg/javascript/jquery_tools/list_manager.js HTTP/1.1" 304 -
218.81.217.29 - - [19/Nov/2022:09:42:33 +0800] "GET /xingrg/javascript/jquery_tools/jquery.tools.table.js HTTP/1.1" 304 -
218.81.217.29 - - [19/Nov/2022:09:42:33 +0800] "GET /xingrg/javascript/auto/jquery.autocomplete.js HTTP/1.1" 304 -
218.81.217.29 - - [19/Nov/2022:09:42:33 +0800] "GET /xingrg/javascript/jquery_tools/datebox.css HTTP/1.1" 304 -
218.81.217.29 - - [19/Nov/2022:09:42:33 +0800] "GET /xingrg/javascript/jquery.cookie.js HTTP/1.1" 304 -
218.81.217.29 - - [19/Nov/2022:09:42:33 +0800] "GET /xingrg/javascript/easyui/easyloader.js HTTP/1.1" 304 -
218.81.217.29 - - [19/Nov/2022:09:42:33 +0800] "GET /xingrg/javascript/print/LodopFuncs.js HTTP/1.1" 304 -
218.81.217.29 - - [19/Nov/2022:09:42:33 +0800] "GET /xingrg/kc/buy/cgsh_order_list.html HTTP/1.1" 200 53723
218.81.217.29 - - [19/Nov/2022:09:42:33 +0800] "GET /xingrg/javascript/easyui/plugins/jquery.parser.js HTTP/1.1" 304 -
218.81.217.29 - - [19/Nov/2022:09:42:34 +0800] "POST /xingrg/kc/buy/cgsh_list_operate.html HTTP/1.1" 200 986
218.81.217.29 - - [19/Nov/2022:09:42:35 +0800] "GET /xingrg/javascript/pic_change.js HTTP/1.1" 304 -
218.81.217.29 - - [19/Nov/2022:09:42:35 +0800] "GET /xingrg/javascript/jquery_tools/order_manager.js HTTP/1.1" 304 -
218.81.217.29 - - [19/Nov/2022:09:42:35 +0800] "GET /xingrg/javascript/convert.js HTTP/1.1" 304 -
218.81.217.29 - - [19/Nov/2022:09:42:35 +0800] "GET /xingrg/javascript/json2.js HTTP/1.1" 304 -
218.81.217.29 - - [19/Nov/2022:09:42:35 +0800] "GET /xingrg/javascript/print/kc_print.js HTTP/1.1" 304 -
218.81.217.29 - - [19/Nov/2022:09:42:35 +0800] "GET /xingrg/kc/buy/cgsh_order_add.html HTTP/1.1" 200 69498
218.81.217.29 - - [19/Nov/2022:09:42:35 +0800] "GET /xingrg/words/20221118170638_words.js HTTP/1.1" 304 -
218.81.217.29 - - [19/Nov/2022:09:42:35 +0800] "POST /xingrg/kc/buy/cgsh_order_operate.html HTTP/1.1" 200 8245
218.81.217.29 - - [19/Nov/2022:09:42:35 +0800] "GET /xingrg/all/common/auto_word.html?type=employee&rest_code=00146 HTTP/1.1" 200 101
218.81.217.29 - - [19/Nov/2022:09:42:35 +0800] "GET /xingrg/all/common/auto_word.html?type=employee&rest_code=00146 HTTP/1.1" 200 101
218.81.217.29 - - [19/Nov/2022:09:42:35 +0800] "GET /xingrg/javascript/easyui/themes/default/validatebox.css HTTP/1.1" 404 1104
218.81.217.29 - - [19/Nov/2022:09:42:35 +0800] "GET /xingrg/javascript/easyui/plugins/jquery.validatebox.js HTTP/1.1" 304 -
218.81.217.29 - - [19/Nov/2022:09:42:35 +0800] "GET /xingrg/javascript/easyui/plugins/jquery.numberbox.js HTTP/1.1" 304 -
114.95.46.117 - - [19/Nov/2022:09:42:36 +0800] "GET /xingrg/check_reg.html?_=1668822005355 HTTP/1.1" 200 22
114.95.46.117 - - [19/Nov/2022:09:42:36 +0800] "GET /xingrg/all/function/internal_message.html?_=1668822005358&CODE_STATE=getMsg HTTP/1.1" 200 27
114.88.159.190 - - [19/Nov/2022:09:42:37 +0800] "GET /xingrg/kc/buy/cgsh_order_add.html HTTP/1.1" 200 69498
180.169.147.146 - - [19/Nov/2022:09:42:37 +0800] "GET /xingrg/all/function/internal_message.html?_=1668822157682&CODE_STATE=getMsg HTTP/1.1" 200 27
114.88.159.190 - - [19/Nov/2022:09:42:37 +0800] "POST /xingrg/kc/buy/cgsh_order_operate.html HTTP/1.1" 200 8245
114.88.159.190 - - [19/Nov/2022:09:42:37 +0800] "GET /xingrg/javascript/easyui/themes/default/validatebox.css HTTP/1.1" 404 1104
180.162.229.95 - - [19/Nov/2022:09:42:40 +0800] "GET /xingrg/kc/base/wldb_order_operate.html?command=get_materiel&rest_code=00102&base_code=0010493&code=00101031012 HTTP/1.1" 200 439
180.162.229.95 - - [19/Nov/2022:09:42:47 +0800] "GET /xingrg/all/function/internal_message.html?_=1668822168155&CODE_STATE=getMsg HTTP/1.1" 200 27
114.88.159.190 - - [19/Nov/2022:09:42:47 +0800] "GET /xingrg/kc/buy/cgsh_order_operate.html?command=get_materiel&rest_code=00141&code=00101005037&supplier_code=00100040&order_time=2022-11-19 HTTP/1.1" 200 409
218.81.217.29 - - [19/Nov/2022:09:42:50 +0800] "GET /xingrg/javascript/auto/indicator.gif HTTP/1.1" 404 1066
218.81.217.29 - - [19/Nov/2022:09:42:53 +0800] "GET /xingrg/javascript/jquery_tools/images/prev.gif HTTP/1.1" 404 1086
218.81.217.29 - - [19/Nov/2022:09:42:53 +0800] "GET /xingrg/javascript/jquery_tools/images/next.gif HTTP/1.1" 404 1086
218.81.217.29 - - [19/Nov/2022:09:43:01 +0800] "GET /xingrg/kc/buy/cgsh_order_operate.html?command=get_materiel&rest_code=00146&code=00101008350&supplier_code=00100005&order_time=2022-11-19 HTTP/1.1" 200 408
114.88.159.190 - - [19/Nov/2022:09:43:03 +0800] "GET /xingrg/kc/buy/cgsh_order_operate.html?command=get_materiel&rest_code=00141&code=00101005036&supplier_code=00100040&order_time=2022-11-19 HTTP/1.1" 200 409
114.88.159.190 - - [19/Nov/2022:09:43:07 +0800] "GET /xingrg/check_reg.html?_=1668821794656 HTTP/1.1" 200 22
114.88.159.190 - - [19/Nov/2022:09:43:07 +0800] "GET /xingrg/all/function/internal_message.html?_=1668821794657&CODE_STATE=getMsg HTTP/1.1" 200 27
114.88.159.190 - - [19/Nov/2022:09:43:10 +0800] "GET /xingrg/kc/buy/cgsh_order_operate.html?command=get_materiel&rest_code=00141&code=00101001010&supplier_code=00100040&order_time=2022-11-19 HTTP/1.1" 200 409
180.162.229.95 - - [19/Nov/2022:09:43:11 +0800] "GET /xingrg/all/function/internal_message.html?_=1668822200169&CODE_STATE=getMsg HTTP/1.1" 302 -
116.230.105.139 - - [19/Nov/2022:09:43:14 +0800] "GET /xingrg/check_reg.html?_=1668822187927 HTTP/1.1" 200 22
116.230.105.139 - - [19/Nov/2022:09:43:14 +0800] "GET /xingrg/all/function/internal_message.html?_=1668822187929&CODE_STATE=getMsg HTTP/1.1" 200 27
116.238.139.35 - - [19/Nov/2022:09:43:15 +0800] "GET /xingrg/all/function/internal_message.html?_=1668822107187&CODE_STATE=getMsg HTTP/1.1" 200 27
114.95.46.117 - - [19/Nov/2022:09:43:19 +0800] "GET /xingrg/check_reg.html?_=1668822199689 HTTP/1.1" 200 22
114.95.46.117 - - [19/Nov/2022:09:43:19 +0800] "GET /xingrg/all/function/internal_message.html?_=1668822199692&CODE_STATE=getMsg HTTP/1.1" 200 27
114.88.159.190 - - [19/Nov/2022:09:43:21 +0800] "POST /xingrg/kc/buy/cgsh_order_operate.html HTTP/1.1" 200 37
218.81.217.29 - - [19/Nov/2022:09:43:21 +0800] "GET /xingrg/kc/buy/cgsh_order_operate.html?command=get_materiel&rest_code=00146&code=00101008290&supplier_code=00100005&order_time=2022-11-19 HTTP/1.1" 200 416
114.88.159.190 - - [19/Nov/2022:09:43:24 +0800] "POST /xingrg/kc/buy/cgsh_order_operate.html HTTP/1.1" 200 12
120.253.135.82 - - [19/Nov/2022:09:43:25 +0800] "GET /xingrg/all/function/internal_message.html?_=1668822004825&CODE_STATE=getMsg HTTP/1.1" 200 27
114.88.159.190 - - [19/Nov/2022:09:43:25 +0800] "GET /xingrg/kc/buy/cgsh_order_info.html?code=212022111906369 HTTP/1.1" 200 64401
114.88.159.190 - - [19/Nov/2022:09:43:26 +0800] "GET /xingrg/javascript/easyui/themes/default/validatebox.css HTTP/1.1" 404 1104
120.253.135.82 - - [19/Nov/2022:09:43:26 +0800] "GET /xingrg/all/function/internal_message.html?_=1668822201705&CODE_STATE=getMsg HTTP/1.1" 200 27
114.88.159.190 - - [19/Nov/2022:09:43:26 +0800] "POST /xingrg/kc/buy/cgsh_order_operate.html HTTP/1.1" 200 1780
114.88.159.190 - - [19/Nov/2022:09:43:27 +0800] "GET /xingrg/kc/print/load_data.html?order_code=212022111906369&kc_code=cgsh&condition= HTTP/1.1" 200 1231
114.83.219.57 - - [19/Nov/2022:09:43:29 +0800] "GET /xingrg/all/function/internal_message.html?_=1668822331676&CODE_STATE=getMsg HTTP/1.1" 200 27
218.81.217.29 - - [19/Nov/2022:09:43:29 +0800] "GET /xingrg/all/function/internal_message.html?_=1668822230884&CODE_STATE=getMsg HTTP/1.1" 200 27
114.88.159.190 - - [19/Nov/2022:09:43:30 +0800] "GET /xingrg/kc/buy/cgsh_order_add.html HTTP/1.1" 200 69498
114.88.159.190 - - [19/Nov/2022:09:43:31 +0800] "POST /xingrg/kc/buy/cgsh_order_operate.html HTTP/1.1" 200 8245
114.88.159.190 - - [19/Nov/2022:09:43:31 +0800] "GET /xingrg/javascript/easyui/themes/default/validatebox.css HTTP/1.1" 404 1104
114.95.46.117 - - [19/Nov/2022:09:43:36 +0800] "GET /xingrg/all/function/internal_message.html?_=1668822065358&CODE_STATE=getMsg HTTP/1.1" 200 27
180.169.147.146 - - [19/Nov/2022:09:43:37 +0800] "GET /xingrg/all/function/internal_message.html?_=1668822217673&CODE_STATE=getMsg HTTP/1.1" 200 27
114.88.159.190 - - [19/Nov/2022:09:43:39 +0800] "GET /xingrg/kc/buy/cgsh_order_operate.html?command=get_materiel&rest_code=00141&code=00101007032&supplier_code=00100004&order_time=2022-11-19 HTTP/1.1" 200 413
180.162.229.95 - - [19/Nov/2022:09:43:47 +0800] "GET /xingrg/all/function/internal_message.html?_=1668822228155&CODE_STATE=getMsg HTTP/1.1" 200 27
180.162.229.95 - - [19/Nov/2022:09:43:47 +0800] "GET /xingrg/check_reg.html?_=1668822228160 HTTP/1.1" 200 22
114.88.159.190 - - [19/Nov/2022:09:43:49 +0800] "GET /xingrg/kc/buy/cgsh_order_operate.html?command=get_materiel&rest_code=00141&code=00101007077&supplier_code=00100004&order_time=2022-11-19 HTTP/1.1" 200 415
218.81.217.29 - - [19/Nov/2022:09:43:50 +0800] "GET /xingrg/kc/buy/cgsh_order_operate.html?command=get_materiel&rest_code=00146&code=00101008246&supplier_code=00100005&order_time=2022-11-19 HTTP/1.1" 200 408
114.88.159.190 - - [19/Nov/2022:09:44:00 +0800] "GET /xingrg/kc/buy/cgsh_order_operate.html?command=get_materiel&rest_code=00141&code=00101007085&supplier_code=00100004&order_time=2022-11-19 HTTP/1.1" 200 413
114.88.159.190 - - [19/Nov/2022:09:44:07 +0800] "GET /xingrg/all/function/internal_message.html?_=1668821854663&CODE_STATE=getMsg HTTP/1.1" 200 27
114.88.159.190 - - [19/Nov/2022:09:44:08 +0800] "GET /xingrg/kc/buy/cgsh_order_operate.html?command=get_materiel&rest_code=00141&code=00101007038&supplier_code=00100004&order_time=2022-11-19 HTTP/1.1" 200 420
218.81.217.29 - - [19/Nov/2022:09:44:11 +0800] "GET /xingrg/kc/buy/cgsh_order_operate.html?command=get_materiel&rest_code=00146&code=00101008141&supplier_code=00100005&order_time=2022-11-19 HTTP/1.1" 200 414
180.162.229.95 - - [19/Nov/2022:09:44:11 +0800] "GET /xingrg/all/function/internal_message.html?_=1668822260168&CODE_STATE=getMsg HTTP/1.1" 302 -
116.230.105.139 - - [19/Nov/2022:09:44:14 +0800] "GET /xingrg/all/function/internal_message.html?_=1668822247927&CODE_STATE=getMsg HTTP/1.1" 200 27
116.238.139.35 - - [19/Nov/2022:09:44:15 +0800] "GET /xingrg/all/function/internal_message.html?_=1668822167194&CODE_STATE=getMsg HTTP/1.1" 200 27
114.95.46.117 - - [19/Nov/2022:09:44:19 +0800] "GET /xingrg/all/function/internal_message.html?_=1668822259692&CODE_STATE=getMsg HTTP/1.1" 200 27
120.253.135.82 - - [19/Nov/2022:09:44:21 +0800] "GET /xingrg/check_reg.html?_=1668822060978 HTTP/1.1" 200 22
120.253.135.82 - - [19/Nov/2022:09:44:24 +0800] "GET /xingrg/all/function/internal_message.html?_=1668822065469&CODE_STATE=getMsg HTTP/1.1" 200 27
114.88.159.190 - - [19/Nov/2022:09:44:25 +0800] "GET /xingrg/kc/buy/cgsh_order_operate.html?command=get_materiel&rest_code=00141&code=00101007048&supplier_code=00100004&order_time=2022-11-19 HTTP/1.1" 200 408
120.253.135.82 - - [19/Nov/2022:09:44:26 +0800] "GET /xingrg/all/function/internal_message.html?_=1668822261709&CODE_STATE=getMsg HTTP/1.1" 200 27
114.83.219.57 - - [19/Nov/2022:09:44:29 +0800] "GET /xingrg/all/function/internal_message.html?_=1668822391673&CODE_STATE=getMsg HTTP/1.1" 200 27
218.81.217.29 - - [19/Nov/2022:09:44:29 +0800] "GET /xingrg/all/function/internal_message.html?_=1668822290897&CODE_STATE=getMsg HTTP/1.1" 200 27
218.81.217.29 - - [19/Nov/2022:09:44:33 +0800] "GET /xingrg/kc/buy/cgsh_order_operate.html?command=get_materiel&rest_code=00146&code=00101008087&supplier_code=00100005&order_time=2022-11-19 HTTP/1.1" 200 412
114.84.81.136 - - [19/Nov/2022:09:44:35 +0800] "GET /xingrg/check_reg.html?_=1668822275519 HTTP/1.1" 200 22
114.95.46.117 - - [19/Nov/2022:09:44:36 +0800] "GET /xingrg/all/function/internal_message.html?_=1668822125357&CODE_STATE=getMsg HTTP/1.1" 200 27
180.169.147.146 - - [19/Nov/2022:09:44:37 +0800] "GET /xingrg/all/function/internal_message.html?_=1668822277682&CODE_STATE=getMsg HTTP/1.1" 200 27
114.88.159.190 - - [19/Nov/2022:09:44:39 +0800] "POST /xingrg/kc/buy/cgsh_order_operate.html HTTP/1.1" 200 37
114.88.159.190 - - [19/Nov/2022:09:44:43 +0800] "POST /xingrg/kc/buy/cgsh_order_operate.html HTTP/1.1" 200 12
114.88.159.190 - - [19/Nov/2022:09:44:44 +0800] "GET /xingrg/kc/buy/cgsh_order_info.html?code=212022111906370 HTTP/1.1" 200 64401
114.88.159.190 - - [19/Nov/2022:09:44:44 +0800] "GET /xingrg/javascript/easyui/themes/default/validatebox.css HTTP/1.1" 404 1104
114.88.159.190 - - [19/Nov/2022:09:44:45 +0800] "POST /xingrg/kc/buy/cgsh_order_operate.html HTTP/1.1" 200 2977
114.88.159.190 - - [19/Nov/2022:09:44:45 +0800] "GET /xingrg/kc/print/load_data.html?order_code=212022111906370&kc_code=cgsh&condition= HTTP/1.1" 200 1668
180.162.229.95 - - [19/Nov/2022:09:44:47 +0800] "GET /xingrg/all/function/internal_message.html?_=1668822288162&CODE_STATE=getMsg HTTP/1.1" 200 27
114.88.159.190 - - [19/Nov/2022:09:44:49 +0800] "GET /xingrg/kc/buy/cgsh_order_add.html HTTP/1.1" 200 69498
114.88.159.190 - - [19/Nov/2022:09:44:49 +0800] "POST /xingrg/kc/buy/cgsh_order_operate.html HTTP/1.1" 200 8245
114.88.159.190 - - [19/Nov/2022:09:44:49 +0800] "GET /xingrg/javascript/easyui/themes/default/validatebox.css HTTP/1.1" 404 1104
218.81.217.29 - - [19/Nov/2022:09:44:50 +0800] "GET /xingrg/kc/buy/cgsh_order_operate.html?command=get_materiel&rest_code=00146&code=00101008361&supplier_code=00100005&order_time=2022-11-19 HTTP/1.1" 200 408
114.88.159.190 - - [19/Nov/2022:09:45:01 +0800] "GET /xingrg/kc/buy/cgsh_order_operate.html?command=get_materiel&rest_code=00141&code=00101008155&supplier_code=00100007&order_time=2022-11-19 HTTP/1.1" 200 408
218.81.217.29 - - [19/Nov/2022:09:45:05 +0800] "GET /xingrg/kc/buy/cgsh_order_operate.html?command=get_materiel&rest_code=00146&code=00101008321&supplier_code=00100005&order_time=2022-11-19 HTTP/1.1" 200 412
114.88.159.190 - - [19/Nov/2022:09:45:07 +0800] "GET /xingrg/all/function/internal_message.html?_=1668821914653&CODE_STATE=getMsg HTTP/1.1" 200 27
114.88.159.190 - - [19/Nov/2022:09:45:09 +0800] "GET /xingrg/kc/buy/cgsh_order_operate.html?command=get_materiel&rest_code=00141&code=00101008112&supplier_code=00100007&order_time=2022-11-19 HTTP/1.1" 200 412
180.162.229.95 - - [19/Nov/2022:09:45:11 +0800] "GET /xingrg/all/function/internal_message.html?_=1668822320168&CODE_STATE=getMsg HTTP/1.1" 302 -
116.230.105.139 - - [19/Nov/2022:09:45:14 +0800] "GET /xingrg/all/function/internal_message.html?_=1668822307918&CODE_STATE=getMsg HTTP/1.1" 200 27
116.238.139.35 - - [19/Nov/2022:09:45:15 +0800] "GET /xingrg/all/function/internal_message.html?_=1668822227213&CODE_STATE=getMsg HTTP/1.1" 200 27
114.88.159.190 - - [19/Nov/2022:09:45:17 +0800] "GET /xingrg/kc/buy/cgsh_order_operate.html?command=get_materiel&rest_code=00141&code=00101008354&supplier_code=00100007&order_time=2022-11-19 HTTP/1.1" 200 412
218.81.217.29 - - [19/Nov/2022:09:45:19 +0800] "GET /xingrg/kc/buy/cgsh_order_operate.html?command=get_materiel&rest_code=00146&code=00101008137&supplier_code=00100005&order_time=2022-11-19 HTTP/1.1" 200 408
114.95.46.117 - - [19/Nov/2022:09:45:19 +0800] "GET /xingrg/all/function/internal_message.html?_=1668822319693&CODE_STATE=getMsg HTTP/1.1" 200 27
120.253.135.82 - - [19/Nov/2022:09:45:25 +0800] "GET /xingrg/all/function/internal_message.html?_=1668822125484&CODE_STATE=getMsg HTTP/1.1" 200 27
114.88.159.190 - - [19/Nov/2022:09:45:26 +0800] "GET /xingrg/kc/buy/cgsh_order_operate.html?command=get_materiel&rest_code=00141&code=00101008351&supplier_code=00100007&order_time=2022-11-19 HTTP/1.1" 200 408
120.253.135.82 - - [19/Nov/2022:09:45:26 +0800] "GET /xingrg/all/function/internal_message.html?_=1668822321714&CODE_STATE=getMsg HTTP/1.1" 200 27
114.83.219.57 - - [19/Nov/2022:09:45:29 +0800] "GET /xingrg/all/function/internal_message.html?_=1668822451670&CODE_STATE=getMsg HTTP/1.1" 200 27
218.81.217.29 - - [19/Nov/2022:09:45:29 +0800] "GET /xingrg/all/function/internal_message.html?_=1668822350939&CODE_STATE=getMsg HTTP/1.1" 200 27
114.88.159.190 - - [19/Nov/2022:09:45:34 +0800] "GET /xingrg/kc/buy/cgsh_order_operate.html?command=get_materiel&rest_code=00141&code=00101008096&supplier_code=00100007&order_time=2022-11-19 HTTP/1.1" 200 412
114.95.46.117 - - [19/Nov/2022:09:45:36 +0800] "GET /xingrg/all/function/internal_message.html?_=1668822185355&CODE_STATE=getMsg HTTP/1.1" 200 27
180.169.147.146 - - [19/Nov/2022:09:45:37 +0800] "GET /xingrg/check_reg.html?_=1668822337675 HTTP/1.1" 200 22
180.169.147.146 - - [19/Nov/2022:09:45:37 +0800] "GET /xingrg/all/function/internal_message.html?_=1668822337679&CODE_STATE=getMsg HTTP/1.1" 200 27
114.88.159.190 - - [19/Nov/2022:09:45:44 +0800] "GET /xingrg/kc/buy/cgsh_order_operate.html?command=get_materiel&rest_code=00141&code=00101008396&supplier_code=00100007&order_time=2022-11-19 HTTP/1.1" 200 412
218.81.217.29 - - [19/Nov/2022:09:45:45 +0800] "GET /xingrg/kc/buy/cgsh_order_operate.html?command=get_materiel&rest_code=00146&code=00101008270&supplier_code=00100005&order_time=2022-11-19 HTTP/1.1" 200 412
180.162.229.95 - - [19/Nov/2022:09:45:47 +0800] "GET /xingrg/all/function/internal_message.html?_=1668822348158&CODE_STATE=getMsg HTTP/1.1" 200 27
114.88.159.190 - - [19/Nov/2022:09:45:55 +0800] "GET /xingrg/kc/buy/cgsh_order_operate.html?command=get_materiel&rest_code=00141&code=00101008361&supplier_code=00100007&order_time=2022-11-19 HTTP/1.1" 200 408
218.81.217.29 - - [19/Nov/2022:09:45:58 +0800] "GET /xingrg/kc/buy/cgsh_order_operate.html?command=get_materiel&rest_code=00146&code=00101008155&supplier_code=00100005&order_time=2022-11-19 HTTP/1.1" 200 408
58.221.95.50 - - [19/Nov/2022:09:46:00 +0800] "GET /xingrg/check_reg.html?_=1668822344739 HTTP/1.1" 302 -
114.88.159.190 - - [19/Nov/2022:09:46:07 +0800] "GET /xingrg/kc/buy/cgsh_order_operate.html?command=get_materiel&rest_code=00141&code=00101008355&supplier_code=00100007&order_time=2022-11-19 HTTP/1.1" 200 408
114.88.159.190 - - [19/Nov/2022:09:46:07 +0800] "GET /xingrg/all/function/internal_message.html?_=1668821974661&CODE_STATE=getMsg HTTP/1.1" 200 27
180.162.229.95 - - [19/Nov/2022:09:46:11 +0800] "GET /xingrg/all/function/internal_message.html?_=1668822380168&CODE_STATE=getMsg HTTP/1.1" 302 -
116.230.105.139 - - [19/Nov/2022:09:46:14 +0800] "GET /xingrg/all/function/internal_message.html?_=1668822367927&CODE_STATE=getMsg HTTP/1.1" 200 27
116.238.139.35 - - [19/Nov/2022:09:46:15 +0800] "GET /xingrg/check_reg.html?_=1668822287158 HTTP/1.1" 200 22
116.238.139.35 - - [19/Nov/2022:09:46:15 +0800] "GET /xingrg/all/function/internal_message.html?_=1668822287227&CODE_STATE=getMsg HTTP/1.1" 200 27
114.95.46.117 - - [19/Nov/2022:09:46:19 +0800] "GET /xingrg/all/function/internal_message.html?_=1668822379678&CODE_STATE=getMsg HTTP/1.1" 200 27
120.253.135.82 - - [19/Nov/2022:09:46:25 +0800] "GET /xingrg/all/function/internal_message.html?_=1668822185590&CODE_STATE=getMsg HTTP/1.1" 200 27
120.253.135.82 - - [19/Nov/2022:09:46:26 +0800] "GET /xingrg/all/function/internal_message.html?_=1668822381700&CODE_STATE=getMsg HTTP/1.1" 200 27
120.253.135.82 - - [19/Nov/2022:09:46:26 +0800] "GET /xingrg/check_reg.html?_=1668822381706 HTTP/1.1" 200 22
114.83.219.57 - - [19/Nov/2022:09:46:29 +0800] "GET /xingrg/all/function/internal_message.html?_=1668822511666&CODE_STATE=getMsg HTTP/1.1" 200 27
218.81.217.29 - - [19/Nov/2022:09:46:29 +0800] "GET /xingrg/all/function/internal_message.html?_=1668822410939&CODE_STATE=getMsg HTTP/1.1" 200 27
218.81.217.29 - - [19/Nov/2022:09:46:31 +0800] "GET /xingrg/kc/buy/cgsh_order_operate.html?command=get_materiel&rest_code=00146&code=00101008055&supplier_code=00100005&order_time=2022-11-19 HTTP/1.1" 200 409
114.88.159.190 - - [19/Nov/2022:09:46:31 +0800] "GET /xingrg/kc/buy/cgsh_order_operate.html?command=get_materiel&rest_code=00141&code=00101008148&supplier_code=00100007&order_time=2022-11-19 HTTP/1.1" 200 416
114.95.46.117 - - [19/Nov/2022:09:46:36 +0800] "GET /xingrg/all/function/internal_message.html?_=1668822245355&CODE_STATE=getMsg HTTP/1.1" 200 27
180.169.147.146 - - [19/Nov/2022:09:46:37 +0800] "GET /xingrg/all/function/internal_message.html?_=1668822397670&CODE_STATE=getMsg HTTP/1.1" 200 27
114.88.159.190 - - [19/Nov/2022:09:46:41 +0800] "GET /xingrg/kc/buy/cgsh_order_operate.html?command=get_materiel&rest_code=00141&code=00101008264&supplier_code=00100007&order_time=2022-11-19 HTTP/1.1" 200 412
180.162.229.95 - - [19/Nov/2022:09:46:47 +0800] "GET /xingrg/all/function/internal_message.html?_=1668822408166&CODE_STATE=getMsg HTTP/1.1" 200 27
218.81.217.29 - - [19/Nov/2022:09:46:51 +0800] "GET /xingrg/kc/buy/cgsh_order_operate.html?command=get_materiel&rest_code=00146&code=00101008354&supplier_code=00100005&order_time=2022-11-19 HTTP/1.1" 200 412
114.88.159.190 - - [19/Nov/2022:09:47:02 +0800] "GET /xingrg/kc/buy/cgsh_order_operate.html?command=get_materiel&rest_code=00141&code=00101008357&supplier_code=00100007&order_time=2022-11-19 HTTP/1.1" 200 408
218.81.217.29 - - [19/Nov/2022:09:47:03 +0800] "GET /xingrg/kc/buy/cgsh_order_operate.html?command=get_materiel&rest_code=00146&code=00101008351&supplier_code=00100005&order_time=2022-11-19 HTTP/1.1" 200 408
114.88.159.190 - - [19/Nov/2022:09:47:07 +0800] "GET /xingrg/all/function/internal_message.html?_=1668822034645&CODE_STATE=getMsg HTTP/1.1" 200 27
114.88.159.190 - - [19/Nov/2022:09:47:09 +0800] "GET /xingrg/kc/buy/cgsh_order_operate.html?command=get_materiel&rest_code=00141&code=00101008286&supplier_code=00100007&order_time=2022-11-19 HTTP/1.1" 200 408
180.162.229.95 - - [19/Nov/2022:09:47:11 +0800] "GET /xingrg/all/function/internal_message.html?_=1668822440166&CODE_STATE=getMsg HTTP/1.1" 302 -
180.162.229.95 - - [19/Nov/2022:09:47:11 +0800] "GET /xingrg/check_reg.html?_=1668822440170 HTTP/1.1" 302 -
116.230.105.139 - - [19/Nov/2022:09:47:14 +0800] "GET /xingrg/all/function/internal_message.html?_=1668822427914&CODE_STATE=getMsg HTTP/1.1" 200 27
116.238.139.35 - - [19/Nov/2022:09:47:15 +0800] "GET /xingrg/all/function/internal_message.html?_=1668822347234&CODE_STATE=getMsg HTTP/1.1" 200 27
114.95.46.117 - - [19/Nov/2022:09:47:19 +0800] "GET /xingrg/all/function/internal_message.html?_=1668822439678&CODE_STATE=getMsg HTTP/1.1" 200 27
218.81.217.29 - - [19/Nov/2022:09:47:21 +0800] "GET /xingrg/kc/buy/cgsh_order_operate.html?command=get_materiel&rest_code=00146&code=00101008038&supplier_code=00100005&order_time=2022-11-19 HTTP/1.1" 200 412
114.88.159.190 - - [19/Nov/2022:09:47:22 +0800] "GET /xingrg/kc/buy/cgsh_order_operate.html?command=get_materiel&rest_code=00141&code=00101008131&supplier_code=00100007&order_time=2022-11-19 HTTP/1.1" 200 408
120.253.135.82 - - [19/Nov/2022:09:47:25 +0800] "GET /xingrg/all/function/internal_message.html?_=1668822245603&CODE_STATE=getMsg HTTP/1.1" 200 27
120.253.135.82 - - [19/Nov/2022:09:47:26 +0800] "GET /xingrg/all/function/internal_message.html?_=1668822441705&CODE_STATE=getMsg HTTP/1.1" 200 27
114.83.219.57 - - [19/Nov/2022:09:47:29 +0800] "GET /xingrg/all/function/internal_message.html?_=1668822571673&CODE_STATE=getMsg HTTP/1.1" 200 27
114.83.219.57 - - [19/Nov/2022:09:47:29 +0800] "GET /xingrg/check_reg.html?_=1668822571676 HTTP/1.1" 200 22
218.81.217.29 - - [19/Nov/2022:09:47:29 +0800] "GET /xingrg/check_reg.html?_=1668822470878 HTTP/1.1" 200 22
218.81.217.29 - - [19/Nov/2022:09:47:29 +0800] "GET /xingrg/all/function/internal_message.html?_=1668822470953&CODE_STATE=getMsg HTTP/1.1" 200 27
114.88.159.190 - - [19/Nov/2022:09:47:30 +0800] "GET /xingrg/kc/buy/cgsh_order_operate.html?command=get_materiel&rest_code=00141&code=00101008295&supplier_code=00100007&order_time=2022-11-19 HTTP/1.1" 200 412
114.95.46.117 - - [19/Nov/2022:09:47:36 +0800] "GET /xingrg/all/function/internal_message.html?_=1668822305355&CODE_STATE=getMsg HTTP/1.1" 200 27
114.95.46.117 - - [19/Nov/2022:09:47:36 +0800] "GET /xingrg/check_reg.html?_=1668822305357 HTTP/1.1" 200 22
218.81.217.29 - - [19/Nov/2022:09:47:36 +0800] "GET /xingrg/kc/buy/cgsh_order_operate.html?command=get_materiel&rest_code=00146&code=00101008163&supplier_code=00100005&order_time=2022-11-19 HTTP/1.1" 200 409
180.169.147.146 - - [19/Nov/2022:09:47:37 +0800] "GET /xingrg/all/function/internal_message.html?_=1668822457686&CODE_STATE=getMsg HTTP/1.1" 200 27
114.88.159.190 - - [19/Nov/2022:09:47:39 +0800] "GET /xingrg/kc/buy/cgsh_order_operate.html?command=get_materiel&rest_code=00141&code=00101008352&supplier_code=00100007&order_time=2022-11-19 HTTP/1.1" 200 412
114.88.159.190 - - [19/Nov/2022:09:47:45 +0800] "GET /xingrg/kc/buy/cgsh_order_operate.html?command=get_materiel&rest_code=00141&code=00101008098&supplier_code=00100007&order_time=2022-11-19 HTTP/1.1" 200 412
180.162.229.95 - - [19/Nov/2022:09:47:47 +0800] "GET /xingrg/all/function/internal_message.html?_=1668822468171&CODE_STATE=getMsg HTTP/1.1" 200 27
114.88.159.190 - - [19/Nov/2022:09:47:58 +0800] "GET /xingrg/kc/buy/cgsh_order_operate.html?command=get_materiel&rest_code=00141&code=00101008005&supplier_code=00100007&order_time=2022-11-19 HTTP/1.1" 200 412
114.88.159.190 - - [19/Nov/2022:09:48:07 +0800] "GET /xingrg/all/function/internal_message.html?_=1668822094688&CODE_STATE=getMsg HTTP/1.1" 200 27
114.88.159.190 - - [19/Nov/2022:09:48:07 +0800] "GET /xingrg/check_reg.html?_=1668822094689 HTTP/1.1" 200 22
114.88.159.190 - - [19/Nov/2022:09:48:08 +0800] "GET /xingrg/kc/buy/cgsh_order_operate.html?command=get_materiel&rest_code=00141&code=00101008271&supplier_code=00100007&order_time=2022-11-19 HTTP/1.1" 200 408
180.162.229.95 - - [19/Nov/2022:09:48:11 +0800] "GET /xingrg/all/function/internal_message.html?_=1668822500170&CODE_STATE=getMsg HTTP/1.1" 302 -
116.230.105.139 - - [19/Nov/2022:09:48:14 +0800] "GET /xingrg/all/function/internal_message.html?_=1668822487919&CODE_STATE=getMsg HTTP/1.1" 200 27
116.230.105.139 - - [19/Nov/2022:09:48:14 +0800] "GET /xingrg/check_reg.html?_=1668822487920 HTTP/1.1" 200 22
218.81.217.29 - - [19/Nov/2022:09:48:14 +0800] "GET /xingrg/kc/buy/cgsh_order_operate.html?command=get_materiel&rest_code=00146&code=00101008134&supplier_code=00100005&order_time=2022-11-19 HTTP/1.1" 200 412
116.238.139.35 - - [19/Nov/2022:09:48:15 +0800] "GET /xingrg/all/function/internal_message.html?_=1668822407248&CODE_STATE=getMsg HTTP/1.1" 200 27
114.88.159.190 - - [19/Nov/2022:09:48:17 +0800] "GET /xingrg/kc/buy/cgsh_order_operate.html?command=get_materiel&rest_code=00141&code=00101008353&supplier_code=00100007&order_time=2022-11-19 HTTP/1.1" 200 408
114.95.46.117 - - [19/Nov/2022:09:48:19 +0800] "GET /xingrg/all/function/internal_message.html?_=1668822499678&CODE_STATE=getMsg HTTP/1.1" 200 27
114.95.46.117 - - [19/Nov/2022:09:48:19 +0800] "GET /xingrg/check_reg.html?_=1668822499681 HTTP/1.1" 200 22
120.253.135.82 - - [19/Nov/2022:09:48:25 +0800] "GET /xingrg/all/function/internal_message.html?_=1668822305705&CODE_STATE=getMsg HTTP/1.1" 200 27
218.81.217.29 - - [19/Nov/2022:09:48:25 +0800] "GET /xingrg/kc/buy/cgsh_order_operate.html?command=get_materiel&rest_code=00146&code=00101008148&supplier_code=00100005&order_time=2022-11-19 HTTP/1.1" 200 416
120.253.135.82 - - [19/Nov/2022:09:48:26 +0800] "GET /xingrg/all/function/internal_message.html?_=1668822501703&CODE_STATE=getMsg HTTP/1.1" 200 27
114.83.219.57 - - [19/Nov/2022:09:48:29 +0800] "GET /xingrg/all/function/internal_message.html?_=1668822631670&CODE_STATE=getMsg HTTP/1.1" 200 27
218.81.217.29 - - [19/Nov/2022:09:48:29 +0800] "GET /xingrg/all/function/internal_message.html?_=1668822530966&CODE_STATE=getMsg HTTP/1.1" 200 27
114.88.159.190 - - [19/Nov/2022:09:48:29 +0800] "GET /xingrg/kc/buy/cgsh_order_operate.html?command=get_materiel&rest_code=00141&code=00101008213&supplier_code=00100007&order_time=2022-11-19 HTTP/1.1" 200 412
114.88.159.190 - - [19/Nov/2022:09:48:31 +0800] "POST /xingrg/kc/buy/cgsh_order_operate.html HTTP/1.1" 200 2065
114.95.46.117 - - [19/Nov/2022:09:48:36 +0800] "GET /xingrg/all/function/internal_message.html?_=1668822365357&CODE_STATE=getMsg HTTP/1.1" 200 27
114.88.159.190 - - [19/Nov/2022:09:48:36 +0800] "GET /xingrg/kc/buy/cgsh_order_operate.html?command=get_materiel&rest_code=00141&code=00101008283&supplier_code=00100007&order_time=2022-11-19 HTTP/1.1" 200 408
180.169.147.146 - - [19/Nov/2022:09:48:37 +0800] "GET /xingrg/all/function/internal_message.html?_=1668822517684&CODE_STATE=getMsg HTTP/1.1" 200 27
218.81.217.29 - - [19/Nov/2022:09:48:39 +0800] "GET /xingrg/kc/buy/cgsh_order_operate.html?command=get_materiel&rest_code=00146&code=00101008264&supplier_code=00100005&order_time=2022-11-19 HTTP/1.1" 200 412
218.81.217.29 - - [19/Nov/2022:09:48:43 +0800] "POST /xingrg/kc/buy/cgsh_order_operate.html HTTP/1.1" 200 2065
180.162.229.95 - - [19/Nov/2022:09:48:47 +0800] "GET /xingrg/check_reg.html?_=1668822528159 HTTP/1.1" 200 22
180.162.229.95 - - [19/Nov/2022:09:48:47 +0800] "GET /xingrg/all/function/internal_message.html?_=1668822528162&CODE_STATE=getMsg HTTP/1.1" 200 27
114.88.159.190 - - [19/Nov/2022:09:48:54 +0800] "GET /xingrg/kc/buy/cgsh_order_operate.html?command=get_materiel&rest_code=00141&code=00101008134&supplier_code=00100007&order_time=2022-11-19 HTTP/1.1" 200 412
218.81.217.29 - - [19/Nov/2022:09:48:56 +0800] "GET /xingrg/kc/buy/cgsh_order_operate.html?command=get_materiel&rest_code=00146&code=00101008196&supplier_code=00100005&order_time=2022-11-19 HTTP/1.1" 200 416
