116.238.139.35 - - [19/Nov/2022:10:12:26 +0800] "GET /xingrg/kc/buy/cgsh_order_operate.html?command=get_materiel&rest_code=00151&code=00101008357&supplier_code=00100008&order_time=2022-11-19 HTTP/1.1" 200 408
114.83.219.57 - - [19/Nov/2022:10:12:29 +0800] "GET /xingrg/check_reg.html?_=1668824071676 HTTP/1.1" 200 22
114.83.219.57 - - [19/Nov/2022:10:12:29 +0800] "GET /xingrg/all/function/internal_message.html?_=1668824071680&CODE_STATE=getMsg HTTP/1.1" 200 27
218.81.217.29 - - [19/Nov/2022:10:12:29 +0800] "GET /xingrg/check_reg.html?_=1668823971090 HTTP/1.1" 200 22
218.81.217.29 - - [19/Nov/2022:10:12:29 +0800] "GET /xingrg/all/function/internal_message.html?_=1668823971573&CODE_STATE=getMsg HTTP/1.1" 200 27
114.95.46.117 - - [19/Nov/2022:10:12:36 +0800] "GET /xingrg/all/function/internal_message.html?_=1668823805376&CODE_STATE=getMsg HTTP/1.1" 200 27
114.95.46.117 - - [19/Nov/2022:10:12:36 +0800] "GET /xingrg/check_reg.html?_=1668823805377 HTTP/1.1" 200 22
180.169.147.146 - - [19/Nov/2022:10:12:37 +0800] "GET /xingrg/all/function/internal_message.html?_=1668823957697&CODE_STATE=getMsg HTTP/1.1" 200 27
114.83.217.254 - - [19/Nov/2022:10:12:43 +0800] "GET /xingrg/kc/buy/cgsh_order_operate.html?command=get_materiel&rest_code=00149&code=00101008674&supplier_code=00100008&order_time=2022-11-19 HTTP/1.1" 200 398
180.162.229.95 - - [19/Nov/2022:10:12:47 +0800] "GET /xingrg/all/function/internal_message.html?_=1668823968151&CODE_STATE=getMsg HTTP/1.1" 200 27
114.83.217.254 - - [19/Nov/2022:10:12:57 +0800] "GET /xingrg/kc/buy/cgsh_order_operate.html?command=get_materiel&rest_code=00149&code=00101008096&supplier_code=00100008&order_time=2022-11-19 HTTP/1.1" 200 412
116.238.139.35 - - [19/Nov/2022:10:12:58 +0800] "GET /xingrg/all/function/internal_message.html?_=1668823889429&CODE_STATE=getMsg HTTP/1.1" 200 27
114.88.159.190 - - [19/Nov/2022:10:13:07 +0800] "GET /xingrg/all/function/internal_message.html?_=1668823594727&CODE_STATE=getMsg HTTP/1.1" 200 27
114.88.159.190 - - [19/Nov/2022:10:13:07 +0800] "GET /xingrg/check_reg.html?_=1668823594768 HTTP/1.1" 200 22
180.162.229.95 - - [19/Nov/2022:10:13:11 +0800] "GET /xingrg/all/function/internal_message.html?_=1668824000204&CODE_STATE=getMsg HTTP/1.1" 302 -
114.83.217.254 - - [19/Nov/2022:10:13:13 +0800] "GET /xingrg/check_reg.html?_=1668823991849 HTTP/1.1" 200 22
114.83.217.254 - - [19/Nov/2022:10:13:13 +0800] "GET /xingrg/all/function/internal_message.html?_=1668823991853&CODE_STATE=getMsg HTTP/1.1" 200 27
116.230.105.139 - - [19/Nov/2022:10:13:14 +0800] "GET /xingrg/all/function/internal_message.html?_=1668823987933&CODE_STATE=getMsg HTTP/1.1" 200 27
116.230.105.139 - - [19/Nov/2022:10:13:14 +0800] "GET /xingrg/check_reg.html?_=1668823987935 HTTP/1.1" 200 22
114.95.46.117 - - [19/Nov/2022:10:13:19 +0800] "GET /xingrg/all/function/internal_message.html?_=1668823999510&CODE_STATE=getMsg HTTP/1.1" 200 27
114.83.217.254 - - [19/Nov/2022:10:13:19 +0800] "GET /xingrg/kc/buy/cgsh_order_operate.html?command=get_materiel&rest_code=00149&code=00101008038&supplier_code=00100008&order_time=2022-11-19 HTTP/1.1" 200 412
114.95.46.117 - - [19/Nov/2022:10:13:19 +0800] "GET /xingrg/check_reg.html?_=1668823999705 HTTP/1.1" 200 22
116.238.139.35 - - [19/Nov/2022:10:13:22 +0800] "GET /xingrg/kc/buy/cgsh_order_operate.html?command=get_materiel&rest_code=00151&code=00101008169&supplier_code=00100008&order_time=2022-11-19 HTTP/1.1" 200 412
120.253.135.82 - - [19/Nov/2022:10:13:26 +0800] "GET /xingrg/all/function/internal_message.html?_=1668824001755&CODE_STATE=getMsg HTTP/1.1" 200 27
120.253.135.82 - - [19/Nov/2022:10:13:27 +0800] "GET /xingrg/all/function/internal_message.html?_=1668823806893&CODE_STATE=getMsg HTTP/1.1" 200 27
114.83.219.57 - - [19/Nov/2022:10:13:29 +0800] "GET /xingrg/all/function/internal_message.html?_=1668824131672&CODE_STATE=getMsg HTTP/1.1" 200 27
218.81.217.29 - - [19/Nov/2022:10:13:29 +0800] "GET /xingrg/all/function/internal_message.html?_=1668824031587&CODE_STATE=getMsg HTTP/1.1" 200 27
116.238.139.35 - - [19/Nov/2022:10:13:29 +0800] "GET /xingrg/kc/buy/cgsh_order_operate.html?command=get_materiel&rest_code=00151&code=00101008318&supplier_code=00100008&order_time=2022-11-19 HTTP/1.1" 200 408
114.83.217.254 - - [19/Nov/2022:10:13:33 +0800] "GET /xingrg/kc/buy/cgsh_order_operate.html?command=get_materiel&rest_code=00149&code=00101008283&supplier_code=00100008&order_time=2022-11-19 HTTP/1.1" 200 408
218.81.217.29 - - [19/Nov/2022:10:13:36 +0800] "POST /xingrg/kc/buy/cgsh_order_operate.html HTTP/1.1" 200 2065
114.95.46.117 - - [19/Nov/2022:10:13:36 +0800] "GET /xingrg/all/function/internal_message.html?_=1668823865375&CODE_STATE=getMsg HTTP/1.1" 200 27
180.169.147.146 - - [19/Nov/2022:10:13:37 +0800] "GET /xingrg/all/function/internal_message.html?_=1668824017694&CODE_STATE=getMsg HTTP/1.1" 200 27
114.83.217.254 - - [19/Nov/2022:10:13:39 +0800] "POST /xingrg/kc/buy/cgsh_order_operate.html HTTP/1.1" 200 2065
218.81.217.29 - - [19/Nov/2022:10:13:45 +0800] "GET /xingrg/kc/buy/cgsh_order_operate.html?command=get_materiel&rest_code=00146&code=00101008356&supplier_code=00100005&order_time=2022-11-19 HTTP/1.1" 200 408
114.83.217.254 - - [19/Nov/2022:10:13:45 +0800] "GET /xingrg/kc/buy/cgsh_order_operate.html?command=get_materiel&rest_code=00149&code=00101008358&supplier_code=00100008&order_time=2022-11-19 HTTP/1.1" 200 412
180.162.229.95 - - [19/Nov/2022:10:13:47 +0800] "GET /xingrg/all/function/internal_message.html?_=1668824028155&CODE_STATE=getMsg HTTP/1.1" 200 27
180.162.229.95 - - [19/Nov/2022:10:13:47 +0800] "GET /xingrg/check_reg.html?_=1668824028157 HTTP/1.1" 200 22
116.238.139.35 - - [19/Nov/2022:10:13:58 +0800] "GET /xingrg/all/function/internal_message.html?_=1668823949443&CODE_STATE=getMsg HTTP/1.1" 200 27
114.83.217.254 - - [19/Nov/2022:10:14:00 +0800] "GET /xingrg/kc/buy/cgsh_order_operate.html?command=get_materiel&rest_code=00149&code=00101008163&supplier_code=00100008&order_time=2022-11-19 HTTP/1.1" 200 409
116.238.139.35 - - [19/Nov/2022:10:14:02 +0800] "GET /xingrg/kc/buy/cgsh_order_operate.html?command=get_materiel&rest_code=00151&code=00101008005&supplier_code=00100008&order_time=2022-11-19 HTTP/1.1" 200 412
218.81.217.29 - - [19/Nov/2022:10:14:05 +0800] "GET /xingrg/kc/buy/cgsh_order_operate.html?command=get_materiel&rest_code=00146&code=00101008300&supplier_code=00100005&order_time=2022-11-19 HTTP/1.1" 200 412
114.88.159.190 - - [19/Nov/2022:10:14:07 +0800] "GET /xingrg/all/function/internal_message.html?_=1668823654719&CODE_STATE=getMsg HTTP/1.1" 200 27
180.162.229.95 - - [19/Nov/2022:10:14:11 +0800] "GET /xingrg/all/function/internal_message.html?_=1668824060203&CODE_STATE=getMsg HTTP/1.1" 302 -
116.238.139.35 - - [19/Nov/2022:10:14:12 +0800] "GET /xingrg/kc/buy/cgsh_order_operate.html?command=get_materiel&rest_code=00151&code=00101008359&supplier_code=00100008&order_time=2022-11-19 HTTP/1.1" 200 408
114.83.217.254 - - [19/Nov/2022:10:14:12 +0800] "GET /xingrg/kc/buy/cgsh_order_operate.html?command=get_materiel&rest_code=00149&code=00101015074&supplier_code=00100008&order_time=2022-11-19 HTTP/1.1" 200 408
114.83.217.254 - - [19/Nov/2022:10:14:13 +0800] "GET /xingrg/all/function/internal_message.html?_=1668824051857&CODE_STATE=getMsg HTTP/1.1" 200 27
116.230.105.139 - - [19/Nov/2022:10:14:14 +0800] "GET /xingrg/all/function/internal_message.html?_=1668824047938&CODE_STATE=getMsg HTTP/1.1" 200 27
114.95.46.117 - - [19/Nov/2022:10:14:19 +0800] "GET /xingrg/all/function/internal_message.html?_=1668824059486&CODE_STATE=getMsg HTTP/1.1" 200 27
120.253.135.82 - - [19/Nov/2022:10:14:21 +0800] "GET /xingrg/check_reg.html?_=1668823862023 HTTP/1.1" 200 22
120.253.135.82 - - [19/Nov/2022:10:14:26 +0800] "GET /xingrg/all/function/internal_message.html?_=1668824061738&CODE_STATE=getMsg HTTP/1.1" 200 27
120.253.135.82 - - [19/Nov/2022:10:14:27 +0800] "GET /xingrg/all/function/internal_message.html?_=1668823867518&CODE_STATE=getMsg HTTP/1.1" 200 27
116.238.139.35 - - [19/Nov/2022:10:14:27 +0800] "POST /xingrg/kc/buy/cgsh_order_operate.html HTTP/1.1" 200 37
114.83.217.254 - - [19/Nov/2022:10:14:28 +0800] "GET /xingrg/kc/buy/cgsh_order_operate.html?command=get_materiel&rest_code=00149&code=00101008304&supplier_code=00100008&order_time=2022-11-19 HTTP/1.1" 200 412
116.238.139.35 - - [19/Nov/2022:10:14:29 +0800] "POST /xingrg/kc/buy/cgsh_order_operate.html HTTP/1.1" 200 14000
114.83.219.57 - - [19/Nov/2022:10:14:29 +0800] "GET /xingrg/all/function/internal_message.html?_=1668824191668&CODE_STATE=getMsg HTTP/1.1" 200 27
218.81.217.29 - - [19/Nov/2022:10:14:29 +0800] "GET /xingrg/all/function/internal_message.html?_=1668824091601&CODE_STATE=getMsg HTTP/1.1" 200 27
114.84.81.136 - - [19/Nov/2022:10:14:34 +0800] "GET /xingrg/check_reg.html?_=1668824075414 HTTP/1.1" 200 22
114.95.46.117 - - [19/Nov/2022:10:14:36 +0800] "GET /xingrg/all/function/internal_message.html?_=1668823925374&CODE_STATE=getMsg HTTP/1.1" 200 27
180.169.147.146 - - [19/Nov/2022:10:14:37 +0800] "GET /xingrg/all/function/internal_message.html?_=1668824077683&CODE_STATE=getMsg HTTP/1.1" 200 27
114.83.217.254 - - [19/Nov/2022:10:14:39 +0800] "GET /xingrg/kc/buy/cgsh_order_operate.html?command=get_materiel&rest_code=00149&code=00101008190&supplier_code=00100008&order_time=2022-11-19 HTTP/1.1" 200 412
116.238.139.35 - - [19/Nov/2022:10:14:39 +0800] "GET /xingrg/kc/buy/cgsh_order_operate.html?command=get_materiel&rest_code=00151&code=00101008332&supplier_code=00100008&order_time=2022-11-19 HTTP/1.1" 200 412
180.162.229.95 - - [19/Nov/2022:10:14:47 +0800] "GET /xingrg/all/function/internal_message.html?_=1668824088173&CODE_STATE=getMsg HTTP/1.1" 200 27
114.83.217.254 - - [19/Nov/2022:10:14:50 +0800] "POST /xingrg/kc/buy/cgsh_order_operate.html HTTP/1.1" 200 2065
116.238.139.35 - - [19/Nov/2022:10:14:50 +0800] "GET /xingrg/kc/buy/cgsh_order_operate.html?command=get_materiel&rest_code=00151&code=00101020139&supplier_code=00100008&order_time=2022-11-19 HTTP/1.1" 200 435
114.83.217.254 - - [19/Nov/2022:10:14:55 +0800] "GET /xingrg/kc/buy/cgsh_order_operate.html?command=get_materiel&rest_code=00149&code=00101008125&supplier_code=00100008&order_time=2022-11-19 HTTP/1.1" 200 413
116.238.139.35 - - [19/Nov/2022:10:14:58 +0800] "GET /xingrg/all/function/internal_message.html?_=1668824009524&CODE_STATE=getMsg HTTP/1.1" 200 27
114.83.217.254 - - [19/Nov/2022:10:15:02 +0800] "GET /xingrg/kc/buy/cgsh_order_operate.html?command=get_materiel&rest_code=00149&code=00101008010&supplier_code=00100008&order_time=2022-11-19 HTTP/1.1" 200 412
116.238.139.35 - - [19/Nov/2022:10:15:02 +0800] "GET /xingrg/kc/buy/cgsh_order_operate.html?command=get_materiel&rest_code=00151&code=00101008371&supplier_code=00100008&order_time=2022-11-19 HTTP/1.1" 200 412
114.88.159.190 - - [19/Nov/2022:10:15:07 +0800] "GET /xingrg/all/function/internal_message.html?_=1668823714719&CODE_STATE=getMsg HTTP/1.1" 200 27
218.81.217.29 - - [19/Nov/2022:10:15:09 +0800] "GET /xingrg/kc/buy/cgsh_order_operate.html?command=get_materiel&rest_code=00146&code=00101008036&supplier_code=00100005&order_time=2022-11-19 HTTP/1.1" 200 408
114.83.217.254 - - [19/Nov/2022:10:15:10 +0800] "GET /xingrg/kc/buy/cgsh_order_operate.html?command=get_materiel&rest_code=00149&code=00101008306&supplier_code=00100008&order_time=2022-11-19 HTTP/1.1" 200 412
180.162.229.95 - - [19/Nov/2022:10:15:11 +0800] "GET /xingrg/all/function/internal_message.html?_=1668824120231&CODE_STATE=getMsg HTTP/1.1" 302 -
114.83.217.254 - - [19/Nov/2022:10:15:13 +0800] "GET /xingrg/all/function/internal_message.html?_=1668824111862&CODE_STATE=getMsg HTTP/1.1" 200 27
116.230.105.139 - - [19/Nov/2022:10:15:14 +0800] "GET /xingrg/all/function/internal_message.html?_=1668824107940&CODE_STATE=getMsg HTTP/1.1" 200 27
116.238.139.35 - - [19/Nov/2022:10:15:16 +0800] "GET /xingrg/kc/buy/cgsh_order_operate.html?command=get_materiel&rest_code=00151&code=00101008085&supplier_code=00100008&order_time=2022-11-19 HTTP/1.1" 200 412
114.83.217.254 - - [19/Nov/2022:10:15:18 +0800] "GET /xingrg/kc/buy/cgsh_order_operate.html?command=get_materiel&rest_code=00149&code=00101008360&supplier_code=00100008&order_time=2022-11-19 HTTP/1.1" 200 431
114.95.46.117 - - [19/Nov/2022:10:15:19 +0800] "GET /xingrg/all/function/internal_message.html?_=1668824119467&CODE_STATE=getMsg HTTP/1.1" 200 27
218.81.217.29 - - [19/Nov/2022:10:15:25 +0800] "POST /xingrg/kc/buy/cgsh_order_operate.html HTTP/1.1" 200 2065
120.253.135.82 - - [19/Nov/2022:10:15:26 +0800] "GET /xingrg/all/function/internal_message.html?_=1668824121741&CODE_STATE=getMsg HTTP/1.1" 200 27
120.253.135.82 - - [19/Nov/2022:10:15:27 +0800] "GET /xingrg/all/function/internal_message.html?_=1668823927528&CODE_STATE=getMsg HTTP/1.1" 200 27
114.83.217.254 - - [19/Nov/2022:10:15:27 +0800] "GET /xingrg/kc/buy/cgsh_order_operate.html?command=get_materiel&rest_code=00149&code=00101008077&supplier_code=00100008&order_time=2022-11-19 HTTP/1.1" 200 416
114.83.219.57 - - [19/Nov/2022:10:15:29 +0800] "GET /xingrg/all/function/internal_message.html?_=1668824251680&CODE_STATE=getMsg HTTP/1.1" 200 27
218.81.217.29 - - [19/Nov/2022:10:15:29 +0800] "GET /xingrg/all/function/internal_message.html?_=1668824151614&CODE_STATE=getMsg HTTP/1.1" 200 27
114.95.46.117 - - [19/Nov/2022:10:15:36 +0800] "GET /xingrg/all/function/internal_message.html?_=1668823985372&CODE_STATE=getMsg HTTP/1.1" 200 27
114.83.217.254 - - [19/Nov/2022:10:15:36 +0800] "POST /xingrg/kc/buy/cgsh_order_operate.html HTTP/1.1" 200 2065
180.169.147.146 - - [19/Nov/2022:10:15:37 +0800] "GET /xingrg/all/function/internal_message.html?_=1668824137694&CODE_STATE=getMsg HTTP/1.1" 200 27
180.169.147.146 - - [19/Nov/2022:10:15:37 +0800] "GET /xingrg/check_reg.html?_=1668824137695 HTTP/1.1" 200 22
114.83.217.254 - - [19/Nov/2022:10:15:44 +0800] "GET /xingrg/kc/buy/cgsh_order_operate.html?command=get_materiel&rest_code=00149&code=00101008370&supplier_code=00100008&order_time=2022-11-19 HTTP/1.1" 200 412
218.81.217.29 - - [19/Nov/2022:10:15:46 +0800] "GET /xingrg/kc/buy/cgsh_order_operate.html?command=get_materiel&rest_code=00146&code=00101008296&supplier_code=00100005&order_time=2022-11-19 HTTP/1.1" 200 416
116.238.139.35 - - [19/Nov/2022:10:15:47 +0800] "GET /xingrg/check_reg.html?_=1668824058742 HTTP/1.1" 200 22
180.162.229.95 - - [19/Nov/2022:10:15:47 +0800] "GET /xingrg/all/function/internal_message.html?_=1668824148160&CODE_STATE=getMsg HTTP/1.1" 200 27
114.83.217.254 - - [19/Nov/2022:10:15:55 +0800] "GET /xingrg/kc/buy/cgsh_order_operate.html?command=get_materiel&rest_code=00149&code=00101013175&supplier_code=00100008&order_time=2022-11-19 HTTP/1.1" 200 412
116.238.139.35 - - [19/Nov/2022:10:15:58 +0800] "GET /xingrg/all/function/internal_message.html?_=1668824069533&CODE_STATE=getMsg HTTP/1.1" 200 27
58.221.95.50 - - [19/Nov/2022:10:16:00 +0800] "GET /xingrg/check_reg.html?_=1668824145099 HTTP/1.1" 302 -
218.81.217.29 - - [19/Nov/2022:10:16:07 +0800] "GET /xingrg/kc/buy/cgsh_order_operate.html?command=get_materiel&rest_code=00146&code=00101008353&supplier_code=00100005&order_time=2022-11-19 HTTP/1.1" 200 408
114.83.217.254 - - [19/Nov/2022:10:16:07 +0800] "GET /xingrg/kc/buy/cgsh_order_operate.html?command=get_materiel&rest_code=00149&code=00101008361&supplier_code=00100008&order_time=2022-11-19 HTTP/1.1" 200 408
114.88.159.190 - - [19/Nov/2022:10:16:07 +0800] "GET /xingrg/all/function/internal_message.html?_=1668823774751&CODE_STATE=getMsg HTTP/1.1" 200 27
180.162.229.95 - - [19/Nov/2022:10:16:11 +0800] "GET /xingrg/all/function/internal_message.html?_=1668824180229&CODE_STATE=getMsg HTTP/1.1" 302 -
114.83.217.254 - - [19/Nov/2022:10:16:13 +0800] "GET /xingrg/all/function/internal_message.html?_=1668824171866&CODE_STATE=getMsg HTTP/1.1" 200 27
116.238.139.35 - - [19/Nov/2022:10:16:13 +0800] "GET /xingrg/kc/buy/cgsh_order_operate.html?command=get_materiel&rest_code=00151&code=00101008257&supplier_code=00100008&order_time=2022-11-19 HTTP/1.1" 200 416
116.230.105.139 - - [19/Nov/2022:10:16:14 +0800] "GET /xingrg/all/function/internal_message.html?_=1668824167932&CODE_STATE=getMsg HTTP/1.1" 200 27
114.95.46.117 - - [19/Nov/2022:10:16:19 +0800] "GET /xingrg/all/function/internal_message.html?_=1668824179439&CODE_STATE=getMsg HTTP/1.1" 200 27
116.238.139.35 - - [19/Nov/2022:10:16:22 +0800] "GET /xingrg/kc/buy/cgsh_order_operate.html?command=get_materiel&rest_code=00151&code=00101008017&supplier_code=00100008&order_time=2022-11-19 HTTP/1.1" 200 416
114.83.217.254 - - [19/Nov/2022:10:16:22 +0800] "GET /xingrg/kc/buy/cgsh_order_operate.html?command=get_materiel&rest_code=00149&code=00101008355&supplier_code=00100008&order_time=2022-11-19 HTTP/1.1" 200 408
120.253.135.82 - - [19/Nov/2022:10:16:26 +0800] "GET /xingrg/all/function/internal_message.html?_=1668824181743&CODE_STATE=getMsg HTTP/1.1" 200 27
120.253.135.82 - - [19/Nov/2022:10:16:26 +0800] "GET /xingrg/check_reg.html?_=1668824181748 HTTP/1.1" 200 22
120.253.135.82 - - [19/Nov/2022:10:16:27 +0800] "GET /xingrg/all/function/internal_message.html?_=1668823987628&CODE_STATE=getMsg HTTP/1.1" 200 27
114.83.219.57 - - [19/Nov/2022:10:16:29 +0800] "GET /xingrg/all/function/internal_message.html?_=1668824311673&CODE_STATE=getMsg HTTP/1.1" 200 27
218.81.217.29 - - [19/Nov/2022:10:16:29 +0800] "GET /xingrg/all/function/internal_message.html?_=1668824211627&CODE_STATE=getMsg HTTP/1.1" 200 27
114.83.217.254 - - [19/Nov/2022:10:16:33 +0800] "GET /xingrg/kc/buy/cgsh_order_operate.html?command=get_materiel&rest_code=00149&code=00101008019&supplier_code=00100008&order_time=2022-11-19 HTTP/1.1" 200 416
218.81.217.29 - - [19/Nov/2022:10:16:33 +0800] "GET /xingrg/kc/buy/cgsh_order_operate.html?command=get_materiel&rest_code=00146&code=00101008213&supplier_code=00100005&order_time=2022-11-19 HTTP/1.1" 200 412
114.95.46.117 - - [19/Nov/2022:10:16:36 +0800] "GET /xingrg/all/function/internal_message.html?_=1668824045370&CODE_STATE=getMsg HTTP/1.1" 200 27
180.169.147.146 - - [19/Nov/2022:10:16:37 +0800] "GET /xingrg/all/function/internal_message.html?_=1668824197690&CODE_STATE=getMsg HTTP/1.1" 200 27
116.238.139.35 - - [19/Nov/2022:10:16:41 +0800] "POST /xingrg/kc/buy/cgsh_order_operate.html HTTP/1.1" 200 37
116.238.139.35 - - [19/Nov/2022:10:16:43 +0800] "POST /xingrg/kc/buy/cgsh_order_operate.html HTTP/1.1" 200 17031
180.162.229.95 - - [19/Nov/2022:10:16:47 +0800] "GET /xingrg/all/function/internal_message.html?_=1668824208162&CODE_STATE=getMsg HTTP/1.1" 200 27
116.238.139.35 - - [19/Nov/2022:10:16:50 +0800] "GET /xingrg/kc/buy/cgsh_order_operate.html?command=get_materiel&rest_code=00151&code=00101008096&supplier_code=00100008&order_time=2022-11-19 HTTP/1.1" 200 412
218.81.217.29 - - [19/Nov/2022:10:16:54 +0800] "GET /xingrg/kc/buy/cgsh_order_operate.html?command=get_materiel&rest_code=00146&code=00101016122&supplier_code=00100005&order_time=2022-11-19 HTTP/1.1" 200 409
116.238.139.35 - - [19/Nov/2022:10:16:58 +0800] "GET /xingrg/all/function/internal_message.html?_=1668824129546&CODE_STATE=getMsg HTTP/1.1" 200 27
114.83.217.254 - - [19/Nov/2022:10:16:59 +0800] "POST /xingrg/kc/buy/cgsh_order_operate.html HTTP/1.1" 200 2065
116.238.139.35 - - [19/Nov/2022:10:17:01 +0800] "POST /xingrg/kc/buy/cgsh_order_operate.html HTTP/1.1" 200 37
116.238.139.35 - - [19/Nov/2022:10:17:02 +0800] "POST /xingrg/kc/buy/cgsh_order_operate.html HTTP/1.1" 200 17630
114.83.217.254 - - [19/Nov/2022:10:17:04 +0800] "GET /xingrg/kc/buy/cgsh_order_operate.html?command=get_materiel&rest_code=00149&code=00101008264&supplier_code=00100008&order_time=2022-11-19 HTTP/1.1" 200 412
114.88.159.190 - - [19/Nov/2022:10:17:07 +0800] "GET /xingrg/all/function/internal_message.html?_=1668823834749&CODE_STATE=getMsg HTTP/1.1" 200 27
180.162.229.95 - - [19/Nov/2022:10:17:11 +0800] "GET /xingrg/all/function/internal_message.html?_=1668824240229&CODE_STATE=getMsg HTTP/1.1" 302 -
180.162.229.95 - - [19/Nov/2022:10:17:11 +0800] "GET /xingrg/check_reg.html?_=1668824240232 HTTP/1.1" 302 -
114.83.217.254 - - [19/Nov/2022:10:17:13 +0800] "GET /xingrg/all/function/internal_message.html?_=1668824231885&CODE_STATE=getMsg HTTP/1.1" 200 27
116.230.105.139 - - [19/Nov/2022:10:17:14 +0800] "GET /xingrg/all/function/internal_message.html?_=1668824227926&CODE_STATE=getMsg HTTP/1.1" 200 27
218.81.217.29 - - [19/Nov/2022:10:17:15 +0800] "POST /xingrg/kc/buy/cgsh_order_operate.html HTTP/1.1" 200 2065
114.95.46.117 - - [19/Nov/2022:10:17:19 +0800] "GET /xingrg/all/function/internal_message.html?_=1668824239421&CODE_STATE=getMsg HTTP/1.1" 200 27
114.83.217.254 - - [19/Nov/2022:10:17:19 +0800] "GET /xingrg/kc/buy/cgsh_order_operate.html?command=get_materiel&rest_code=00149&code=00101008024&supplier_code=00100008&order_time=2022-11-19 HTTP/1.1" 200 408
218.81.217.29 - - [19/Nov/2022:10:17:25 +0800] "GET /xingrg/kc/buy/cgsh_order_operate.html?command=get_materiel&rest_code=00146&code=00101008305&supplier_code=00100005&order_time=2022-11-19 HTTP/1.1" 200 412
120.253.135.82 - - [19/Nov/2022:10:17:26 +0800] "GET /xingrg/all/function/internal_message.html?_=1668824241752&CODE_STATE=getMsg HTTP/1.1" 200 27
120.253.135.82 - - [19/Nov/2022:10:17:27 +0800] "GET /xingrg/all/function/internal_message.html?_=1668824047633&CODE_STATE=getMsg HTTP/1.1" 200 27
114.83.219.57 - - [19/Nov/2022:10:17:29 +0800] "GET /xingrg/all/function/internal_message.html?_=1668824371676&CODE_STATE=getMsg HTTP/1.1" 200 27
114.83.219.57 - - [19/Nov/2022:10:17:29 +0800] "GET /xingrg/check_reg.html?_=1668824371680 HTTP/1.1" 200 22
218.81.217.29 - - [19/Nov/2022:10:17:29 +0800] "GET /xingrg/check_reg.html?_=1668824271095 HTTP/1.1" 200 22
218.81.217.29 - - [19/Nov/2022:10:17:29 +0800] "GET /xingrg/all/function/internal_message.html?_=1668824271642&CODE_STATE=getMsg HTTP/1.1" 200 27
114.83.217.254 - - [19/Nov/2022:10:17:33 +0800] "GET /xingrg/kc/buy/cgsh_order_operate.html?command=get_materiel&rest_code=00149&code=00101008356&supplier_code=00100008&order_time=2022-11-19 HTTP/1.1" 200 408
114.95.46.117 - - [19/Nov/2022:10:17:36 +0800] "GET /xingrg/all/function/internal_message.html?_=1668824105370&CODE_STATE=getMsg HTTP/1.1" 200 27
114.95.46.117 - - [19/Nov/2022:10:17:36 +0800] "GET /xingrg/check_reg.html?_=1668824105371 HTTP/1.1" 200 22
180.169.147.146 - - [19/Nov/2022:10:17:37 +0800] "GET /xingrg/all/function/internal_message.html?_=1668824257688&CODE_STATE=getMsg HTTP/1.1" 200 27
180.162.229.95 - - [19/Nov/2022:10:17:47 +0800] "GET /xingrg/all/function/internal_message.html?_=1668824268161&CODE_STATE=getMsg HTTP/1.1" 200 27
114.83.217.254 - - [19/Nov/2022:10:17:52 +0800] "GET /xingrg/kc/buy/cgsh_order_operate.html?command=get_materiel&rest_code=00149&code=00101008300&supplier_code=00100008&order_time=2022-11-19 HTTP/1.1" 200 412
116.238.139.35 - - [19/Nov/2022:10:17:58 +0800] "GET /xingrg/all/function/internal_message.html?_=1668824189560&CODE_STATE=getMsg HTTP/1.1" 200 27
114.83.217.254 - - [19/Nov/2022:10:18:04 +0800] "GET /xingrg/kc/buy/cgsh_order_operate.html?command=get_materiel&rest_code=00149&code=00101008205&supplier_code=00100008&order_time=2022-11-19 HTTP/1.1" 200 412
114.88.159.190 - - [19/Nov/2022:10:18:07 +0800] "GET /xingrg/all/function/internal_message.html?_=1668823894748&CODE_STATE=getMsg HTTP/1.1" 200 27
114.88.159.190 - - [19/Nov/2022:10:18:07 +0800] "GET /xingrg/check_reg.html?_=1668823894763 HTTP/1.1" 200 22
180.162.229.95 - - [19/Nov/2022:10:18:11 +0800] "GET /xingrg/all/function/internal_message.html?_=1668824300232&CODE_STATE=getMsg HTTP/1.1" 302 -
114.83.217.254 - - [19/Nov/2022:10:18:12 +0800] "POST /xingrg/kc/buy/cgsh_order_operate.html HTTP/1.1" 200 2065
114.83.217.254 - - [19/Nov/2022:10:18:13 +0800] "GET /xingrg/all/function/internal_message.html?_=1668824291886&CODE_STATE=getMsg HTTP/1.1" 200 27
114.83.217.254 - - [19/Nov/2022:10:18:13 +0800] "GET /xingrg/check_reg.html?_=1668824291880 HTTP/1.1" 200 22
116.230.105.139 - - [19/Nov/2022:10:18:14 +0800] "GET /xingrg/all/function/internal_message.html?_=1668824287916&CODE_STATE=getMsg HTTP/1.1" 200 27
116.230.105.139 - - [19/Nov/2022:10:18:14 +0800] "GET /xingrg/check_reg.html?_=1668824287917 HTTP/1.1" 200 22
114.95.46.117 - - [19/Nov/2022:10:18:19 +0800] "GET /xingrg/all/function/internal_message.html?_=1668824299425&CODE_STATE=getMsg HTTP/1.1" 200 27
114.95.46.117 - - [19/Nov/2022:10:18:19 +0800] "GET /xingrg/check_reg.html?_=1668824299709 HTTP/1.1" 200 22
114.83.217.254 - - [19/Nov/2022:10:18:22 +0800] "GET /xingrg/kc/buy/cgsh_order_operate.html?command=get_materiel&rest_code=00149&code=00101008251&supplier_code=00100008&order_time=2022-11-19 HTTP/1.1" 200 408
120.253.135.82 - - [19/Nov/2022:10:18:26 +0800] "GET /xingrg/all/function/internal_message.html?_=1668824301752&CODE_STATE=getMsg HTTP/1.1" 200 27
120.253.135.82 - - [19/Nov/2022:10:18:27 +0800] "GET /xingrg/all/function/internal_message.html?_=1668824107748&CODE_STATE=getMsg HTTP/1.1" 200 27
114.83.219.57 - - [19/Nov/2022:10:18:29 +0800] "GET /xingrg/all/function/internal_message.html?_=1668824431674&CODE_STATE=getMsg HTTP/1.1" 200 27
218.81.217.29 - - [19/Nov/2022:10:18:29 +0800] "GET /xingrg/all/function/internal_message.html?_=1668824331655&CODE_STATE=getMsg HTTP/1.1" 200 27
114.95.46.117 - - [19/Nov/2022:10:18:36 +0800] "GET /xingrg/all/function/internal_message.html?_=1668824165385&CODE_STATE=getMsg HTTP/1.1" 200 27
180.169.147.146 - - [19/Nov/2022:10:18:37 +0800] "GET /xingrg/all/function/internal_message.html?_=1668824317704&CODE_STATE=getMsg HTTP/1.1" 200 27
180.162.229.95 - - [19/Nov/2022:10:18:47 +0800] "GET /xingrg/check_reg.html?_=1668824328155 HTTP/1.1" 200 22
180.162.229.95 - - [19/Nov/2022:10:18:47 +0800] "GET /xingrg/all/function/internal_message.html?_=1668824328156&CODE_STATE=getMsg HTTP/1.1" 200 27
116.238.139.35 - - [19/Nov/2022:10:18:58 +0800] "GET /xingrg/all/function/internal_message.html?_=1668824249698&CODE_STATE=getMsg HTTP/1.1" 200 27
114.88.159.190 - - [19/Nov/2022:10:19:07 +0800] "GET /xingrg/all/function/internal_message.html?_=1668823954747&CODE_STATE=getMsg HTTP/1.1" 200 27
180.162.229.95 - - [19/Nov/2022:10:19:11 +0800] "GET /xingrg/all/function/internal_message.html?_=1668824360234&CODE_STATE=getMsg HTTP/1.1" 302 -
114.83.217.254 - - [19/Nov/2022:10:19:13 +0800] "GET /xingrg/all/function/internal_message.html?_=1668824351876&CODE_STATE=getMsg HTTP/1.1" 200 27
116.230.105.139 - - [19/Nov/2022:10:19:14 +0800] "GET /xingrg/all/function/internal_message.html?_=1668824347928&CODE_STATE=getMsg HTTP/1.1" 200 27
218.81.217.29 - - [19/Nov/2022:10:19:15 +0800] "POST /xingrg/kc/buy/cgsh_order_operate.html HTTP/1.1" 200 37
114.95.46.117 - - [19/Nov/2022:10:19:19 +0800] "GET /xingrg/all/function/internal_message.html?_=1668824359395&CODE_STATE=getMsg HTTP/1.1" 200 27
218.81.217.29 - - [19/Nov/2022:10:19:19 +0800] "POST /xingrg/kc/buy/cgsh_order_operate.html HTTP/1.1" 200 28618
114.83.217.254 - - [19/Nov/2022:10:19:19 +0800] "GET /xingrg/kc/buy/cgsh_order_operate.html?command=get_materiel&rest_code=00149&code=00101008439&supplier_code=00100008&order_time=2022-11-19 HTTP/1.1" 200 412
120.253.135.82 - - [19/Nov/2022:10:19:21 +0800] "GET /xingrg/check_reg.html?_=1668824162031 HTTP/1.1" 200 22
120.253.135.82 - - [19/Nov/2022:10:19:26 +0800] "GET /xingrg/all/function/internal_message.html?_=1668824361747&CODE_STATE=getMsg HTTP/1.1" 200 27
120.253.135.82 - - [19/Nov/2022:10:19:27 +0800] "GET /xingrg/all/function/internal_message.html?_=1668824167754&CODE_STATE=getMsg HTTP/1.1" 200 27
114.83.219.57 - - [19/Nov/2022:10:19:29 +0800] "GET /xingrg/all/function/internal_message.html?_=1668824491661&CODE_STATE=getMsg HTTP/1.1" 200 27
218.81.217.29 - - [19/Nov/2022:10:19:29 +0800] "GET /xingrg/all/function/internal_message.html?_=1668824391668&CODE_STATE=getMsg HTTP/1.1" 200 27
114.83.217.254 - - [19/Nov/2022:10:19:33 +0800] "GET /xingrg/kc/buy/cgsh_order_operate.html?command=get_materiel&rest_code=00149&code=00101008330&supplier_code=00100008&order_time=2022-11-19 HTTP/1.1" 200 408
114.84.81.136 - - [19/Nov/2022:10:19:34 +0800] "GET /xingrg/check_reg.html?_=1668824375392 HTTP/1.1" 200 22
114.95.46.117 - - [19/Nov/2022:10:19:36 +0800] "GET /xingrg/all/function/internal_message.html?_=1668824225383&CODE_STATE=getMsg HTTP/1.1" 200 27
180.169.147.146 - - [19/Nov/2022:10:19:37 +0800] "GET /xingrg/all/function/internal_message.html?_=1668824377692&CODE_STATE=getMsg HTTP/1.1" 200 27
180.162.229.95 - - [19/Nov/2022:10:19:47 +0800] "GET /xingrg/all/function/internal_message.html?_=1668824388169&CODE_STATE=getMsg HTTP/1.1" 200 27
114.83.217.254 - - [19/Nov/2022:10:19:48 +0800] "GET /xingrg/kc/buy/cgsh_order_operate.html?command=get_materiel&rest_code=00149&code=00101008305&supplier_code=00100008&order_time=2022-11-19 HTTP/1.1" 200 412
116.238.139.35 - - [19/Nov/2022:10:19:58 +0800] "GET /xingrg/all/function/internal_message.html?_=1668824309712&CODE_STATE=getMsg HTTP/1.1" 200 27
114.88.159.190 - - [19/Nov/2022:10:20:07 +0800] "GET /xingrg/all/function/internal_message.html?_=1668824014746&CODE_STATE=getMsg HTTP/1.1" 200 27
180.162.229.95 - - [19/Nov/2022:10:20:11 +0800] "GET /xingrg/all/function/internal_message.html?_=1668824420232&CODE_STATE=getMsg HTTP/1.1" 302 -
114.83.217.254 - - [19/Nov/2022:10:20:13 +0800] "GET /xingrg/all/function/internal_message.html?_=1668824411933&CODE_STATE=getMsg HTTP/1.1" 200 27
116.230.105.139 - - [19/Nov/2022:10:20:14 +0800] "GET /xingrg/all/function/internal_message.html?_=1668824407915&CODE_STATE=getMsg HTTP/1.1" 200 27
116.238.139.35 - - [19/Nov/2022:10:20:16 +0800] "POST /xingrg/kc/buy/cgsh_order_operate.html HTTP/1.1" 200 37
114.95.46.117 - - [19/Nov/2022:10:20:19 +0800] "GET /xingrg/all/function/internal_message.html?_=1668824419374&CODE_STATE=getMsg HTTP/1.1" 200 27
116.238.139.35 - - [19/Nov/2022:10:20:23 +0800] "POST /xingrg/kc/buy/cgsh_order_operate.html HTTP/1.1" 200 12
116.238.139.35 - - [19/Nov/2022:10:20:24 +0800] "GET /xingrg/kc/buy/cgsh_order_info.html?code=212022111906379 HTTP/1.1" 200 64015
116.238.139.35 - - [19/Nov/2022:10:20:24 +0800] "GET /xingrg/javascript/easyui/themes/default/validatebox.css HTTP/1.1" 404 1104
116.238.139.35 - - [19/Nov/2022:10:20:25 +0800] "POST /xingrg/kc/buy/cgsh_order_operate.html HTTP/1.1" 200 15568
120.253.135.82 - - [19/Nov/2022:10:20:26 +0800] "GET /xingrg/all/function/internal_message.html?_=1668824421749&CODE_STATE=getMsg HTTP/1.1" 200 27
116.238.139.35 - - [19/Nov/2022:10:20:27 +0800] "GET /xingrg/kc/print/load_data.html?order_code=212022111906379&kc_code=cgsh&condition= HTTP/1.1" 200 6500
120.253.135.82 - - [19/Nov/2022:10:20:27 +0800] "GET /xingrg/all/function/internal_message.html?_=1668824227766&CODE_STATE=getMsg HTTP/1.1" 200 27
114.83.217.254 - - [19/Nov/2022:10:20:27 +0800] "POST /xingrg/kc/buy/cgsh_order_operate.html HTTP/1.1" 200 2065
114.83.219.57 - - [19/Nov/2022:10:20:29 +0800] "GET /xingrg/all/function/internal_message.html?_=1668824551675&CODE_STATE=getMsg HTTP/1.1" 200 27
218.81.217.29 - - [19/Nov/2022:10:20:29 +0800] "GET /xingrg/all/function/internal_message.html?_=1668824451682&CODE_STATE=getMsg HTTP/1.1" 200 27
114.83.217.254 - - [19/Nov/2022:10:20:33 +0800] "GET /xingrg/kc/buy/cgsh_order_operate.html?command=get_materiel&rest_code=00149&code=00101008223&supplier_code=00100008&order_time=2022-11-19 HTTP/1.1" 200 412
114.95.46.117 - - [19/Nov/2022:10:20:36 +0800] "GET /xingrg/all/function/internal_message.html?_=1668824285381&CODE_STATE=getMsg HTTP/1.1" 200 27
180.169.147.146 - - [19/Nov/2022:10:20:37 +0800] "GET /xingrg/all/function/internal_message.html?_=1668824437682&CODE_STATE=getMsg HTTP/1.1" 200 27
180.169.147.146 - - [19/Nov/2022:10:20:37 +0800] "GET /xingrg/check_reg.html?_=1668824437684 HTTP/1.1" 200 22
114.83.217.254 - - [19/Nov/2022:10:20:41 +0800] "GET /xingrg/kc/buy/cgsh_order_operate.html?command=get_materiel&rest_code=00149&code=00101008273&supplier_code=00100008&order_time=2022-11-19 HTTP/1.1" 200 412
116.238.139.35 - - [19/Nov/2022:10:20:47 +0800] "GET /xingrg/check_reg.html?_=1668824358742 HTTP/1.1" 200 22
180.162.229.95 - - [19/Nov/2022:10:20:47 +0800] "GET /xingrg/all/function/internal_message.html?_=1668824448173&CODE_STATE=getMsg HTTP/1.1" 200 27
114.83.217.254 - - [19/Nov/2022:10:20:57 +0800] "POST /xingrg/kc/buy/cgsh_order_operate.html HTTP/1.1" 200 37
116.238.139.35 - - [19/Nov/2022:10:20:58 +0800] "GET /xingrg/all/function/internal_message.html?_=1668824369726&CODE_STATE=getMsg HTTP/1.1" 200 27
58.221.95.50 - - [19/Nov/2022:10:21:00 +0800] "GET /xingrg/check_reg.html?_=1668824445198 HTTP/1.1" 302 -
114.88.159.190 - - [19/Nov/2022:10:21:07 +0800] "GET /xingrg/all/function/internal_message.html?_=1668824074745&CODE_STATE=getMsg HTTP/1.1" 200 27
180.162.229.95 - - [19/Nov/2022:10:21:11 +0800] "GET /xingrg/all/function/internal_message.html?_=1668824480234&CODE_STATE=getMsg HTTP/1.1" 302 -
116.230.105.139 - - [19/Nov/2022:10:21:14 +0800] "GET /xingrg/all/function/internal_message.html?_=1668824467932&CODE_STATE=getMsg HTTP/1.1" 200 27
114.95.46.117 - - [19/Nov/2022:10:21:19 +0800] "GET /xingrg/all/function/internal_message.html?_=1668824479345&CODE_STATE=getMsg HTTP/1.1" 200 27
120.253.135.82 - - [19/Nov/2022:10:21:26 +0800] "GET /xingrg/check_reg.html?_=1668824481757 HTTP/1.1" 200 22
120.253.135.82 - - [19/Nov/2022:10:21:26 +0800] "GET /xingrg/all/function/internal_message.html?_=1668824481754&CODE_STATE=getMsg HTTP/1.1" 200 27
120.253.135.82 - - [19/Nov/2022:10:21:27 +0800] "GET /xingrg/all/function/internal_message.html?_=1668824287868&CODE_STATE=getMsg HTTP/1.1" 200 27
114.83.219.57 - - [19/Nov/2022:10:21:29 +0800] "GET /xingrg/all/function/internal_message.html?_=1668824611675&CODE_STATE=getMsg HTTP/1.1" 200 27
218.81.217.29 - - [19/Nov/2022:10:21:30 +0800] "GET /xingrg/all/function/internal_message.html?_=1668824511833&CODE_STATE=getMsg HTTP/1.1" 200 27
114.95.46.117 - - [19/Nov/2022:10:21:36 +0800] "GET /xingrg/all/function/internal_message.html?_=1668824345379&CODE_STATE=getMsg HTTP/1.1" 200 27
180.169.147.146 - - [19/Nov/2022:10:21:37 +0800] "GET /xingrg/all/function/internal_message.html?_=1668824497703&CODE_STATE=getMsg HTTP/1.1" 200 27
180.162.229.95 - - [19/Nov/2022:10:21:47 +0800] "GET /xingrg/all/function/internal_message.html?_=1668824508158&CODE_STATE=getMsg HTTP/1.1" 200 27
114.83.217.254 - - [19/Nov/2022:10:21:49 +0800] "GET /xingrg/all/function/internal_message.html?_=1668824508207&CODE_STATE=getMsg HTTP/1.1" 200 27
114.83.217.254 - - [19/Nov/2022:10:21:50 +0800] "POST /xingrg/kc/buy/cgsh_order_operate.html HTTP/1.1" 200 29267
116.238.139.35 - - [19/Nov/2022:10:21:58 +0800] "GET /xingrg/all/function/internal_message.html?_=1668824429739&CODE_STATE=getMsg HTTP/1.1" 200 27
114.88.159.190 - - [19/Nov/2022:10:22:07 +0800] "GET /xingrg/all/function/internal_message.html?_=1668824134744&CODE_STATE=getMsg HTTP/1.1" 200 27
180.162.229.95 - - [19/Nov/2022:10:22:11 +0800] "GET /xingrg/check_reg.html?_=1668824540234 HTTP/1.1" 302 -
116.230.105.139 - - [19/Nov/2022:10:22:14 +0800] "GET /xingrg/all/function/internal_message.html?_=1668824527920&CODE_STATE=getMsg HTTP/1.1" 200 27
180.162.229.95 - - [19/Nov/2022:10:22:14 +0800] "GET /xingrg/all/function/internal_message.html?_=1668824540237&CODE_STATE=getMsg HTTP/1.1" 302 -
114.95.46.117 - - [19/Nov/2022:10:22:18 +0800] "GET /xingrg/all/function/internal_message.html?_=1668824539325&CODE_STATE=getMsg HTTP/1.1" 200 27
120.253.135.82 - - [19/Nov/2022:10:22:26 +0800] "GET /xingrg/all/function/internal_message.html?_=1668824541760&CODE_STATE=getMsg HTTP/1.1" 200 27
120.253.135.82 - - [19/Nov/2022:10:22:27 +0800] "GET /xingrg/all/function/internal_message.html?_=1668824347876&CODE_STATE=getMsg HTTP/1.1" 200 27
114.83.219.57 - - [19/Nov/2022:10:22:29 +0800] "GET /xingrg/all/function/internal_message.html?_=1668824671676&CODE_STATE=getMsg HTTP/1.1" 200 27
114.83.219.57 - - [19/Nov/2022:10:22:29 +0800] "GET /xingrg/check_reg.html?_=1668824671679 HTTP/1.1" 200 22
218.81.217.29 - - [19/Nov/2022:10:22:29 +0800] "GET /xingrg/check_reg.html?_=1668824571100 HTTP/1.1" 200 22
218.81.217.29 - - [19/Nov/2022:10:22:30 +0800] "GET /xingrg/all/function/internal_message.html?_=1668824571948&CODE_STATE=getMsg HTTP/1.1" 200 27
114.95.46.117 - - [19/Nov/2022:10:22:36 +0800] "GET /xingrg/check_reg.html?_=1668824405377 HTTP/1.1" 200 22
114.95.46.117 - - [19/Nov/2022:10:22:36 +0800] "GET /xingrg/all/function/internal_message.html?_=1668824405378&CODE_STATE=getMsg HTTP/1.1" 200 27
180.169.147.146 - - [19/Nov/2022:10:22:37 +0800] "GET /xingrg/all/function/internal_message.html?_=1668824557704&CODE_STATE=getMsg HTTP/1.1" 200 27
180.162.229.95 - - [19/Nov/2022:10:22:47 +0800] "GET /xingrg/all/function/internal_message.html?_=1668824568160&CODE_STATE=getMsg HTTP/1.1" 200 27
114.83.217.254 - - [19/Nov/2022:10:22:49 +0800] "GET /xingrg/all/function/internal_message.html?_=1668824568183&CODE_STATE=getMsg HTTP/1.1" 200 27
116.238.139.35 - - [19/Nov/2022:10:22:58 +0800] "GET /xingrg/all/function/internal_message.html?_=1668824489752&CODE_STATE=getMsg HTTP/1.1" 200 27
116.238.139.35 - - [19/Nov/2022:10:22:59 +0800] "GET /xingrg/kc/buy/cgsh_order_add.html HTTP/1.1" 200 69108
116.238.139.35 - - [19/Nov/2022:10:23:00 +0800] "POST /xingrg/kc/buy/cgsh_order_operate.html HTTP/1.1" 200 8245
116.238.139.35 - - [19/Nov/2022:10:23:00 +0800] "GET /xingrg/javascript/easyui/themes/default/validatebox.css HTTP/1.1" 404 1104
114.88.159.190 - - [19/Nov/2022:10:23:07 +0800] "GET /xingrg/all/function/internal_message.html?_=1668824194743&CODE_STATE=getMsg HTTP/1.1" 200 27
114.88.159.190 - - [19/Nov/2022:10:23:07 +0800] "GET /xingrg/check_reg.html?_=1668824194744 HTTP/1.1" 200 22
116.238.139.35 - - [19/Nov/2022:10:23:10 +0800] "GET /xingrg/kc/buy/cgsh_order_operate.html?command=get_materiel&rest_code=00151&code=00101009053&supplier_code=00100022&order_time=2022-11-19 HTTP/1.1" 200 408
180.162.229.95 - - [19/Nov/2022:10:23:11 +0800] "GET /xingrg/all/function/internal_message.html?_=1668824600247&CODE_STATE=getMsg HTTP/1.1" 302 -
114.83.217.254 - - [19/Nov/2022:10:23:13 +0800] "GET /xingrg/check_reg.html?_=1668824591890 HTTP/1.1" 200 22
116.230.105.139 - - [19/Nov/2022:10:23:14 +0800] "GET /xingrg/check_reg.html?_=1668824587933 HTTP/1.1" 200 22
116.230.105.139 - - [19/Nov/2022:10:23:14 +0800] "GET /xingrg/all/function/internal_message.html?_=1668824587935&CODE_STATE=getMsg HTTP/1.1" 200 27
114.95.46.117 - - [19/Nov/2022:10:23:18 +0800] "GET /xingrg/all/function/internal_message.html?_=1668824599297&CODE_STATE=getMsg HTTP/1.1" 200 27
114.95.46.117 - - [19/Nov/2022:10:23:19 +0800] "GET /xingrg/check_reg.html?_=1668824599687 HTTP/1.1" 200 22
116.238.139.35 - - [19/Nov/2022:10:23:21 +0800] "GET /xingrg/kc/buy/cgsh_order_operate.html?command=get_materiel&rest_code=00151&code=00101009016&supplier_code=00100022&order_time=2022-11-19 HTTP/1.1" 200 412
120.253.135.82 - - [19/Nov/2022:10:23:26 +0800] "GET /xingrg/all/function/internal_message.html?_=1668824601761&CODE_STATE=getMsg HTTP/1.1" 200 27
120.253.135.82 - - [19/Nov/2022:10:23:27 +0800] "GET /xingrg/all/function/internal_message.html?_=1668824408003&CODE_STATE=getMsg HTTP/1.1" 200 27
114.83.219.57 - - [19/Nov/2022:10:23:29 +0800] "GET /xingrg/all/function/internal_message.html?_=1668824731674&CODE_STATE=getMsg HTTP/1.1" 200 27
218.81.217.29 - - [19/Nov/2022:10:23:30 +0800] "GET /xingrg/all/function/internal_message.html?_=1668824631956&CODE_STATE=getMsg HTTP/1.1" 200 27
116.238.139.35 - - [19/Nov/2022:10:23:31 +0800] "GET /xingrg/kc/buy/cgsh_order_operate.html?command=get_materiel&rest_code=00151&code=00101009023&supplier_code=00100022&order_time=2022-11-19 HTTP/1.1" 200 408
114.95.46.117 - - [19/Nov/2022:10:23:36 +0800] "GET /xingrg/all/function/internal_message.html?_=1668824465376&CODE_STATE=getMsg HTTP/1.1" 200 27
180.169.147.146 - - [19/Nov/2022:10:23:37 +0800] "GET /xingrg/all/function/internal_message.html?_=1668824617702&CODE_STATE=getMsg HTTP/1.1" 200 27
116.238.139.35 - - [19/Nov/2022:10:23:38 +0800] "GET /xingrg/kc/buy/cgsh_order_operate.html?command=get_materiel&rest_code=00151&code=00101009045&supplier_code=00100022&order_time=2022-11-19 HTTP/1.1" 200 413
180.162.229.95 - - [19/Nov/2022:10:23:47 +0800] "GET /xingrg/check_reg.html?_=1668824628165 HTTP/1.1" 200 22
180.162.229.95 - - [19/Nov/2022:10:23:47 +0800] "GET /xingrg/all/function/internal_message.html?_=1668824628167&CODE_STATE=getMsg HTTP/1.1" 200 27
114.83.217.254 - - [19/Nov/2022:10:23:49 +0800] "GET /xingrg/all/function/internal_message.html?_=1668824628167&CODE_STATE=getMsg HTTP/1.1" 200 27
116.238.139.35 - - [19/Nov/2022:10:23:58 +0800] "GET /xingrg/all/function/internal_message.html?_=1668824549766&CODE_STATE=getMsg HTTP/1.1" 200 27
116.238.139.35 - - [19/Nov/2022:10:24:06 +0800] "POST /xingrg/kc/buy/cgsh_order_operate.html HTTP/1.1" 200 37
114.88.159.190 - - [19/Nov/2022:10:24:07 +0800] "GET /xingrg/all/function/internal_message.html?_=1668824254743&CODE_STATE=getMsg HTTP/1.1" 200 27
116.238.139.35 - - [19/Nov/2022:10:24:10 +0800] "POST /xingrg/kc/buy/cgsh_order_operate.html HTTP/1.1" 200 12
180.162.229.95 - - [19/Nov/2022:10:24:11 +0800] "GET /xingrg/all/function/internal_message.html?_=1668824660249&CODE_STATE=getMsg HTTP/1.1" 302 -
116.230.105.139 - - [19/Nov/2022:10:24:14 +0800] "GET /xingrg/all/function/internal_message.html?_=1668824647932&CODE_STATE=getMsg HTTP/1.1" 200 27
116.238.139.35 - - [19/Nov/2022:10:24:15 +0800] "GET /xingrg/kc/buy/cgsh_order_info.html?code=212022111906381 HTTP/1.1" 200 64013
116.238.139.35 - - [19/Nov/2022:10:24:15 +0800] "GET /xingrg/javascript/easyui/themes/default/validatebox.css HTTP/1.1" 404 1104
114.83.217.254 - - [19/Nov/2022:10:24:16 +0800] "GET /xingrg/kc/buy/cgsh_order_operate.html?command=get_materiel&rest_code=00149&code=00101008357&supplier_code=00100008&order_time=2022-11-19 HTTP/1.1" 200 408
116.238.139.35 - - [19/Nov/2022:10:24:16 +0800] "POST /xingrg/kc/buy/cgsh_order_operate.html HTTP/1.1" 200 2406
116.238.139.35 - - [19/Nov/2022:10:24:18 +0800] "GET /xingrg/kc/print/load_data.html?order_code=212022111906381&kc_code=cgsh&condition= HTTP/1.1" 200 1450
114.95.46.117 - - [19/Nov/2022:10:24:18 +0800] "GET /xingrg/all/function/internal_message.html?_=1668824659272&CODE_STATE=getMsg HTTP/1.1" 200 27
120.253.135.82 - - [19/Nov/2022:10:24:21 +0800] "GET /xingrg/check_reg.html?_=1668824462033 HTTP/1.1" 200 22
120.253.135.82 - - [19/Nov/2022:10:24:26 +0800] "GET /xingrg/all/function/internal_message.html?_=1668824661764&CODE_STATE=getMsg HTTP/1.1" 200 27
120.253.135.82 - - [19/Nov/2022:10:24:27 +0800] "GET /xingrg/all/function/internal_message.html?_=1668824468008&CODE_STATE=getMsg HTTP/1.1" 200 27
114.83.219.57 - - [19/Nov/2022:10:24:29 +0800] "GET /xingrg/all/function/internal_message.html?_=1668824791673&CODE_STATE=getMsg HTTP/1.1" 200 27
116.238.139.35 - - [19/Nov/2022:10:24:29 +0800] "POST /xingrg/all/user/operate.html HTTP/1.1" 200 36
114.83.217.254 - - [19/Nov/2022:10:24:29 +0800] "GET /xingrg/kc/buy/cgsh_order_operate.html?command=get_materiel&rest_code=00149&code=00101008069&supplier_code=00100008&order_time=2022-11-19 HTTP/1.1" 200 412
218.81.217.29 - - [19/Nov/2022:10:24:30 +0800] "GET /xingrg/all/function/internal_message.html?_=1668824691970&CODE_STATE=getMsg HTTP/1.1" 200 27
116.238.139.35 - - [19/Nov/2022:10:24:30 +0800] "GET /xingrg/javascript/jquery_easy_ui/themes/default/easyui.css HTTP/1.1" 304 -
116.238.139.35 - - [19/Nov/2022:10:24:30 +0800] "GET /xingrg/index.html?sysBaseUrl=http%3A%2F%2F180.169.147.146%3A18081%2Fxingrg%2F&costTime=43×tamp=1668819126889 HTTP/1.1" 200 17179
116.238.139.35 - - [19/Nov/2022:10:24:30 +0800] "GET /xingrg/javascript/jquery_easy_ui/themes/icon.css HTTP/1.1" 304 -
116.238.139.35 - - [19/Nov/2022:10:24:30 +0800] "GET /xingrg/css/form.css HTTP/1.1" 304 -
116.238.139.35 - - [19/Nov/2022:10:24:30 +0800] "GET /xingrg/javascript/jquery-1.4.2.min.js HTTP/1.1" 304 -
116.238.139.35 - - [19/Nov/2022:10:24:30 +0800] "GET /xingrg/javascript/jquery_easy_ui/jquery.easyui.min.js HTTP/1.1" 304 -
116.238.139.35 - - [19/Nov/2022:10:24:30 +0800] "GET /xingrg/javascript/jquery_easy_ui/easyui-lang-zh_CN.js HTTP/1.1" 304 -
116.238.139.35 - - [19/Nov/2022:10:24:30 +0800] "GET /xingrg/javascript/jquery.form.js HTTP/1.1" 304 -
116.238.139.35 - - [19/Nov/2022:10:24:30 +0800] "GET /xingrg/javascript/jquery.utils.js HTTP/1.1" 304 -
116.238.139.35 - - [19/Nov/2022:10:24:30 +0800] "GET /xingrg/javascript/jquery.timers.js HTTP/1.1" 304 -
116.238.139.35 - - [19/Nov/2022:10:24:30 +0800] "GET /xingrg/images/blue/navBackgound.jpg HTTP/1.1" 304 -
116.238.139.35 - - [19/Nov/2022:10:24:30 +0800] "GET /xingrg/images/blue/jxLogo.png HTTP/1.1" 304 -
116.238.139.35 - - [19/Nov/2022:10:24:31 +0800] "GET /xingrg/javascript/jquery_easy_ui/themes/icons/settle_new.png HTTP/1.1" 304 -
116.238.139.35 - - [19/Nov/2022:10:24:31 +0800] "GET /xingrg/images/blue/pingpu.png HTTP/1.1" 304 -
116.238.139.35 - - [19/Nov/2022:10:24:31 +0800] "POST /xingrg/all/common/load_tree.html?tree=area_rest_tree_json&manage=1 HTTP/1.1" 200 476
116.238.139.35 - - [19/Nov/2022:10:24:31 +0800] "GET /xingrg/javascript/jquery_easy_ui/themes/default/images/tabs_leftarrow.png HTTP/1.1" 304 -
116.238.139.35 - - [19/Nov/2022:10:24:31 +0800] "GET /xingrg/javascript/jquery_easy_ui/themes/default/images/tabs_rightarrow.png HTTP/1.1" 304 -
116.238.139.35 - - [19/Nov/2022:10:24:31 +0800] "GET /xingrg/javascript/jquery_easy_ui/themes/default/images/panel_tool_collapse.gif HTTP/1.1" 304 -
116.238.139.35 - - [19/Nov/2022:10:24:31 +0800] "GET /xingrg/all/function/internal_message.html?_=1668824582422&CODE_STATE=count HTTP/1.1" 200 11
116.238.139.35 - - [19/Nov/2022:10:24:31 +0800] "GET /xingrg/check_reg.html?_=1668824582423 HTTP/1.1" 200 22
116.238.139.35 - - [19/Nov/2022:10:24:31 +0800] "POST /xingrg/load_menu.html HTTP/1.1" 200 5138
116.238.139.35 - - [19/Nov/2022:10:24:33 +0800] "GET /xingrg/kc/buy/cgsh_order_list.html HTTP/1.1" 200 53723
114.84.81.136 - - [19/Nov/2022:10:24:34 +0800] "GET /xingrg/check_reg.html?_=1668824675374 HTTP/1.1" 200 22
116.238.139.35 - - [19/Nov/2022:10:24:35 +0800] "POST /xingrg/kc/buy/cgsh_list_operate.html HTTP/1.1" 200 986
116.238.139.35 - - [19/Nov/2022:10:24:36 +0800] "GET /xingrg/kc/buy/cgsh_order_add.html HTTP/1.1" 200 69510
116.238.139.35 - - [19/Nov/2022:10:24:36 +0800] "POST /xingrg/kc/buy/cgsh_order_operate.html HTTP/1.1" 200 8245
114.95.46.117 - - [19/Nov/2022:10:24:36 +0800] "GET /xingrg/all/function/internal_message.html?_=1668824525374&CODE_STATE=getMsg HTTP/1.1" 200 27
116.238.139.35 - - [19/Nov/2022:10:24:36 +0800] "GET /xingrg/javascript/easyui/themes/default/validatebox.css HTTP/1.1" 404 1104
180.169.147.146 - - [19/Nov/2022:10:24:37 +0800] "GET /xingrg/all/function/internal_message.html?_=1668824677693&CODE_STATE=getMsg HTTP/1.1" 200 27
116.238.139.35 - - [19/Nov/2022:10:24:42 +0800] "GET /xingrg/javascript/jquery_tools/images/next.gif HTTP/1.1" 404 1086
116.238.139.35 - - [19/Nov/2022:10:24:42 +0800] "GET /xingrg/javascript/jquery_tools/images/prev.gif HTTP/1.1" 404 1086
180.162.229.95 - - [19/Nov/2022:10:24:47 +0800] "GET /xingrg/all/function/internal_message.html?_=1668824688169&CODE_STATE=getMsg HTTP/1.1" 200 27
116.238.139.35 - - [19/Nov/2022:10:24:49 +0800] "POST /xingrg/kc/buy/cgsh_list_operate.html HTTP/1.1" 200 2860
114.83.217.254 - - [19/Nov/2022:10:24:49 +0800] "GET /xingrg/all/function/internal_message.html?_=1668824688248&CODE_STATE=getMsg HTTP/1.1" 200 27
116.238.139.35 - - [19/Nov/2022:10:24:52 +0800] "POST /xingrg/kc/buy/cgsh_list_operate.html HTTP/1.1" 200 578
116.238.139.35 - - [19/Nov/2022:10:24:52 +0800] "GET /xingrg/kc/buy/cgsh_order_info.html?code=212022111906372 HTTP/1.1" 200 64415
116.238.139.35 - - [19/Nov/2022:10:24:53 +0800] "GET /xingrg/javascript/easyui/themes/default/validatebox.css HTTP/1.1" 404 1104
116.238.139.35 - - [19/Nov/2022:10:24:53 +0800] "POST /xingrg/kc/buy/cgsh_order_operate.html HTTP/1.1" 200 5355
114.83.217.254 - - [19/Nov/2022:10:24:54 +0800] "GET /xingrg/kc/buy/cgsh_order_operate.html?command=get_materiel&rest_code=00149&code=00101008286&supplier_code=00100008&order_time=2022-11-19 HTTP/1.1" 200 408
116.238.139.35 - - [19/Nov/2022:10:24:58 +0800] "POST /xingrg/kc/buy/cgsh_order_operate.html HTTP/1.1" 200 12
116.238.139.35 - - [19/Nov/2022:10:25:00 +0800] "GET /xingrg/kc/buy/cgsh_order_info.html?code=212022111906372 HTTP/1.1" 200 69517
116.238.139.35 - - [19/Nov/2022:10:25:00 +0800] "GET /xingrg/javascript/easyui/themes/default/validatebox.css HTTP/1.1" 404 1104
116.238.139.35 - - [19/Nov/2022:10:25:01 +0800] "POST /xingrg/kc/buy/cgsh_order_operate.html HTTP/1.1" 200 7410
114.88.159.190 - - [19/Nov/2022:10:25:07 +0800] "GET /xingrg/all/function/internal_message.html?_=1668824314769&CODE_STATE=getMsg HTTP/1.1" 200 27
180.162.229.95 - - [19/Nov/2022:10:25:11 +0800] "GET /xingrg/all/function/internal_message.html?_=1668824720250&CODE_STATE=getMsg HTTP/1.1" 302 -
114.83.217.254 - - [19/Nov/2022:10:25:12 +0800] "GET /xingrg/kc/buy/cgsh_order_operate.html?command=get_materiel&rest_code=00149&code=00101008036&supplier_code=00100008&order_time=2022-11-19 HTTP/1.1" 200 408
58.35.213.73 - - [19/Nov/2022:10:25:13 +0800] "POST /xingrg/services/DataTransmitService HTTP/1.1" 200 524
58.35.213.73 - - [19/Nov/2022:10:25:13 +0800] "POST /xingrg/services/DataTransmitService HTTP/1.1" 200 2147
58.35.213.73 - - [19/Nov/2022:10:25:13 +0800] "POST /xingrg/services/DataTransmitService HTTP/1.1" 200 524
58.35.213.73 - - [19/Nov/2022:10:25:14 +0800] "POST /xingrg/services/DataTransmitService HTTP/1.1" 200 2147
116.230.105.139 - - [19/Nov/2022:10:25:14 +0800] "GET /xingrg/all/function/internal_message.html?_=1668824707923&CODE_STATE=getMsg HTTP/1.1" 200 27
116.238.139.35 - - [19/Nov/2022:10:25:15 +0800] "POST /xingrg/kc/buy/cgsh_order_operate.html HTTP/1.1" 200 37
58.35.213.73 - - [19/Nov/2022:10:25:16 +0800] "POST /xingrg/services/DataTransmitService HTTP/1.1" 200 524
58.35.213.73 - - [19/Nov/2022:10:25:17 +0800] "POST /xingrg/services/DataTransmitService HTTP/1.1" 200 2147
58.35.213.73 - - [19/Nov/2022:10:25:17 +0800] "POST /xingrg/services/DataTransmitService HTTP/1.1" 200 524
58.35.213.73 - - [19/Nov/2022:10:25:17 +0800] "POST /xingrg/services/DataTransmitService HTTP/1.1" 200 2147
