114.95.46.117 - - [19/Nov/2022:09:00:11 +0800] "GET /xingrg/kc/buy/cgsh_order_operate.html?command=get_materiel&rest_code=00105&code=00101015014&supplier_code=00100203&order_time=2022-11-19 HTTP/1.1" 200 412
180.162.229.95 - - [19/Nov/2022:09:00:11 +0800] "GET /xingrg/all/function/internal_message.html?_=1668819620117&CODE_STATE=getMsg HTTP/1.1" 302 -
116.230.105.139 - - [19/Nov/2022:09:00:11 +0800] "GET /xingrg/kc/print/load_data.html?order_code=212022111906361&kc_code=cgsh&condition= HTTP/1.1" 200 8562
116.230.105.139 - - [19/Nov/2022:09:00:14 +0800] "GET /xingrg/all/function/internal_message.html?_=1668819608204&CODE_STATE=getMsg HTTP/1.1" 200 27
116.230.105.139 - - [19/Nov/2022:09:00:15 +0800] "GET /xingrg/kc/print/load_data.html?order_code=212022111906361&kc_code=cgsh HTTP/1.1" 200 8562
120.253.135.82 - - [19/Nov/2022:09:00:19 +0800] "GET /xingrg/all/function/internal_message.html?_=1668819419753&CODE_STATE=getMsg HTTP/1.1" 200 27
114.95.46.117 - - [19/Nov/2022:09:00:20 +0800] "POST /xingrg/kc/buy/cgsh_order_operate.html HTTP/1.1" 200 37
114.95.46.117 - - [19/Nov/2022:09:00:36 +0800] "GET /xingrg/all/function/internal_message.html?_=1668819485339&CODE_STATE=getMsg HTTP/1.1" 200 27
180.169.147.146 - - [19/Nov/2022:09:00:37 +0800] "GET /xingrg/check_reg.html?_=1668819637662 HTTP/1.1" 200 22
180.169.147.146 - - [19/Nov/2022:09:00:37 +0800] "GET /xingrg/all/function/internal_message.html?_=1668819637666&CODE_STATE=getMsg HTTP/1.1" 200 27
218.81.217.29 - - [19/Nov/2022:09:00:57 +0800] "GET /xingrg/check_reg.html?_=1668819679564 HTTP/1.1" 302 -
218.81.217.29 - - [19/Nov/2022:09:00:59 +0800] "GET /xingrg/all/function/internal_message.html?_=1668819681031&CODE_STATE=getMsg HTTP/1.1" 302 -
58.221.95.50 - - [19/Nov/2022:09:00:59 +0800] "GET /xingrg/check_reg.html?_=1668819644180 HTTP/1.1" 302 -
180.162.229.95 - - [19/Nov/2022:09:01:02 +0800] "GET /xingrg/all/function/internal_message.html?_=1668819663547&CODE_STATE=getMsg HTTP/1.1" 302 -
116.238.139.35 - - [19/Nov/2022:09:01:07 +0800] "GET /xingrg/all/function/internal_message.html?_=1668819579050&CODE_STATE=getMsg HTTP/1.1" 200 27
180.162.229.95 - - [19/Nov/2022:09:01:11 +0800] "GET /xingrg/all/function/internal_message.html?_=1668819680115&CODE_STATE=getMsg HTTP/1.1" 302 -
114.95.46.117 - - [19/Nov/2022:09:01:11 +0800] "POST /xingrg/kc/buy/cgsh_order_operate.html HTTP/1.1" 200 39887
116.230.105.139 - - [19/Nov/2022:09:01:14 +0800] "GET /xingrg/all/function/internal_message.html?_=1668819668187&CODE_STATE=getMsg HTTP/1.1" 200 27
120.253.135.82 - - [19/Nov/2022:09:01:19 +0800] "GET /xingrg/all/function/internal_message.html?_=1668819479767&CODE_STATE=getMsg HTTP/1.1" 200 27
114.95.46.117 - - [19/Nov/2022:09:01:33 +0800] "GET /xingrg/all/function/internal_message.html?_=1668819694262&CODE_STATE=getMsg HTTP/1.1" 200 27
114.95.46.117 - - [19/Nov/2022:09:01:36 +0800] "GET /xingrg/all/function/internal_message.html?_=1668819545329&CODE_STATE=getMsg HTTP/1.1" 200 27
180.169.147.146 - - [19/Nov/2022:09:01:37 +0800] "GET /xingrg/all/function/internal_message.html?_=1668819697663&CODE_STATE=getMsg HTTP/1.1" 200 27
218.81.217.29 - - [19/Nov/2022:09:01:59 +0800] "GET /xingrg/all/function/internal_message.html?_=1668819741050&CODE_STATE=getMsg HTTP/1.1" 302 -
180.162.229.95 - - [19/Nov/2022:09:02:02 +0800] "GET /xingrg/all/function/internal_message.html?_=1668819723531&CODE_STATE=getMsg HTTP/1.1" 302 -
116.238.139.35 - - [19/Nov/2022:09:02:07 +0800] "GET /xingrg/check_reg.html?_=1668819638932 HTTP/1.1" 200 22
116.238.139.35 - - [19/Nov/2022:09:02:07 +0800] "GET /xingrg/all/function/internal_message.html?_=1668819639058&CODE_STATE=getMsg HTTP/1.1" 200 27
180.162.229.95 - - [19/Nov/2022:09:02:11 +0800] "GET /xingrg/check_reg.html?_=1668819740115 HTTP/1.1" 302 -
180.162.229.95 - - [19/Nov/2022:09:02:11 +0800] "GET /xingrg/all/function/internal_message.html?_=1668819740115&CODE_STATE=getMsg HTTP/1.1" 302 -
116.230.105.139 - - [19/Nov/2022:09:02:14 +0800] "GET /xingrg/all/function/internal_message.html?_=1668819728168&CODE_STATE=getMsg HTTP/1.1" 200 27
120.253.135.82 - - [19/Nov/2022:09:02:19 +0800] "GET /xingrg/all/function/internal_message.html?_=1668819539844&CODE_STATE=getMsg HTTP/1.1" 200 27
114.95.46.117 - - [19/Nov/2022:09:02:33 +0800] "GET /xingrg/all/function/internal_message.html?_=1668819754236&CODE_STATE=getMsg HTTP/1.1" 200 27
114.95.46.117 - - [19/Nov/2022:09:02:36 +0800] "GET /xingrg/all/function/internal_message.html?_=1668819605332&CODE_STATE=getMsg HTTP/1.1" 200 27
114.95.46.117 - - [19/Nov/2022:09:02:36 +0800] "GET /xingrg/check_reg.html?_=1668819605335 HTTP/1.1" 200 22
180.169.147.146 - - [19/Nov/2022:09:02:37 +0800] "GET /xingrg/all/function/internal_message.html?_=1668819757654&CODE_STATE=getMsg HTTP/1.1" 200 27
218.81.217.29 - - [19/Nov/2022:09:02:59 +0800] "GET /xingrg/all/function/internal_message.html?_=1668819801058&CODE_STATE=getMsg HTTP/1.1" 302 -
180.162.229.95 - - [19/Nov/2022:09:03:02 +0800] "GET /xingrg/all/function/internal_message.html?_=1668819783522&CODE_STATE=getMsg HTTP/1.1" 302 -
116.238.139.35 - - [19/Nov/2022:09:03:07 +0800] "GET /xingrg/all/function/internal_message.html?_=1668819699070&CODE_STATE=getMsg HTTP/1.1" 200 27
180.162.229.95 - - [19/Nov/2022:09:03:11 +0800] "GET /xingrg/all/function/internal_message.html?_=1668819800115&CODE_STATE=getMsg HTTP/1.1" 302 -
116.230.105.139 - - [19/Nov/2022:09:03:14 +0800] "GET /xingrg/check_reg.html?_=1668819787929 HTTP/1.1" 200 22
116.230.105.139 - - [19/Nov/2022:09:03:14 +0800] "GET /xingrg/all/function/internal_message.html?_=1668819788159&CODE_STATE=getMsg HTTP/1.1" 200 27
120.253.135.82 - - [19/Nov/2022:09:03:19 +0800] "GET /xingrg/all/function/internal_message.html?_=1668819599856&CODE_STATE=getMsg HTTP/1.1" 200 27
114.95.46.117 - - [19/Nov/2022:09:03:33 +0800] "GET /xingrg/all/function/internal_message.html?_=1668819814240&CODE_STATE=getMsg HTTP/1.1" 200 27
114.95.46.117 - - [19/Nov/2022:09:03:34 +0800] "GET /xingrg/check_reg.html?_=1668819814393 HTTP/1.1" 200 22
114.95.46.117 - - [19/Nov/2022:09:03:36 +0800] "GET /xingrg/all/function/internal_message.html?_=1668819665330&CODE_STATE=getMsg HTTP/1.1" 200 27
180.169.147.146 - - [19/Nov/2022:09:03:37 +0800] "GET /xingrg/all/function/internal_message.html?_=1668819817663&CODE_STATE=getMsg HTTP/1.1" 200 27
180.162.229.95 - - [19/Nov/2022:09:03:44 +0800] "GET /xingrg/login.html HTTP/1.1" 200 7641
180.162.229.95 - - [19/Nov/2022:09:03:44 +0800] "GET /xingrg/images/blue/jxLogo.png HTTP/1.1" 200 6156
180.162.229.95 - - [19/Nov/2022:09:03:46 +0800] "GET /xingrg/images/blue/srbg.png HTTP/1.1" 200 138
180.162.229.95 - - [19/Nov/2022:09:03:46 +0800] "GET /xingrg/images/blue/hj.png HTTP/1.1" 200 1014
180.162.229.95 - - [19/Nov/2022:09:03:46 +0800] "GET /xingrg/images/blue/login_bg.png HTTP/1.1" 200 22101
180.162.229.95 - - [19/Nov/2022:09:03:46 +0800] "GET /favicon.ico HTTP/1.1" 404 -
180.162.229.95 - - [19/Nov/2022:09:03:47 +0800] "POST /xingrg/login.do HTTP/1.1" 302 -
180.162.229.95 - - [19/Nov/2022:09:03:47 +0800] "GET /xingrg/index.html?sysBaseUrl=http%3A%2F%2F180.169.147.146%3A18081%2Fxingrg%2F&costTime=41×tamp=1668819827202 HTTP/1.1" 200 17173
180.162.229.95 - - [19/Nov/2022:09:03:47 +0800] "GET /xingrg/javascript/jquery_easy_ui/themes/icon.css HTTP/1.1" 200 3949
180.162.229.95 - - [19/Nov/2022:09:03:47 +0800] "GET /xingrg/css/form.css HTTP/1.1" 200 893
180.162.229.95 - - [19/Nov/2022:09:03:47 +0800] "GET /xingrg/javascript/jquery-1.4.2.min.js HTTP/1.1" 200 72205
180.162.229.95 - - [19/Nov/2022:09:03:47 +0800] "GET /xingrg/javascript/jquery_easy_ui/jquery.easyui.min.js HTTP/1.1" 200 213662
180.162.229.95 - - [19/Nov/2022:09:03:47 +0800] "GET /xingrg/javascript/jquery_easy_ui/easyui-lang-zh_CN.js HTTP/1.1" 200 1900
180.162.229.95 - - [19/Nov/2022:09:03:47 +0800] "GET /xingrg/javascript/jquery_easy_ui/themes/default/easyui.css HTTP/1.1" 200 26500
180.162.229.95 - - [19/Nov/2022:09:03:47 +0800] "GET /xingrg/javascript/jquery.timers.js HTTP/1.1" 200 3532
180.162.229.95 - - [19/Nov/2022:09:03:47 +0800] "GET /xingrg/javascript/jquery.form.js HTTP/1.1" 200 23110
180.162.229.95 - - [19/Nov/2022:09:03:47 +0800] "GET /favicon.ico HTTP/1.1" 404 -
180.162.229.95 - - [19/Nov/2022:09:03:47 +0800] "GET /xingrg/javascript/jquery_easy_ui/themes/icons/settle_new.png HTTP/1.1" 200 826
180.162.229.95 - - [19/Nov/2022:09:03:47 +0800] "GET /xingrg/images/blue/navBackgound.jpg HTTP/1.1" 200 12378
180.162.229.95 - - [19/Nov/2022:09:03:47 +0800] "POST /xingrg/all/common/load_tree.html?tree=area_rest_tree_json&manage=1 HTTP/1.1" 200 342
180.162.229.95 - - [19/Nov/2022:09:03:47 +0800] "GET /xingrg/images/blue/pingpu.png HTTP/1.1" 200 231
180.162.229.95 - - [19/Nov/2022:09:03:47 +0800] "GET /xingrg/all/function/internal_message.html?_=1668819828144&CODE_STATE=count HTTP/1.1" 200 11
180.162.229.95 - - [19/Nov/2022:09:03:47 +0800] "GET /xingrg/check_reg.html?_=1668819828145 HTTP/1.1" 200 22
180.162.229.95 - - [19/Nov/2022:09:03:47 +0800] "GET /xingrg/javascript/jquery_easy_ui/themes/default/images/tabs_leftarrow.png HTTP/1.1" 200 389
180.162.229.95 - - [19/Nov/2022:09:03:47 +0800] "GET /xingrg/javascript/jquery_easy_ui/themes/default/images/tabs_rightarrow.png HTTP/1.1" 200 395
180.162.229.95 - - [19/Nov/2022:09:03:47 +0800] "GET /xingrg/javascript/jquery_easy_ui/themes/default/images/panel_tool_collapse.gif HTTP/1.1" 200 246
180.162.229.95 - - [19/Nov/2022:09:03:47 +0800] "POST /xingrg/load_menu.html HTTP/1.1" 200 5138
180.162.229.95 - - [19/Nov/2022:09:03:47 +0800] "GET /xingrg/javascript/jquery_easy_ui/themes/default/images/tree_arrows.gif HTTP/1.1" 200 1043
180.162.229.95 - - [19/Nov/2022:09:03:47 +0800] "GET /xingrg/javascript/jquery_easy_ui/themes/default/images/tree_folder_open.gif HTTP/1.1" 200 956
180.162.229.95 - - [19/Nov/2022:09:03:47 +0800] "GET /xingrg/javascript/jquery_easy_ui/themes/default/images/tree_folder.gif HTTP/1.1" 200 952
180.162.229.95 - - [19/Nov/2022:09:03:47 +0800] "GET /xingrg/javascript/jquery_easy_ui/themes/icons/search_new.png HTTP/1.1" 200 586
180.162.229.95 - - [19/Nov/2022:09:03:47 +0800] "GET /xingrg/javascript/jquery_easy_ui/themes/icons/forms_new.png HTTP/1.1" 200 350
180.162.229.95 - - [19/Nov/2022:09:03:47 +0800] "GET /xingrg/javascript/jquery_easy_ui/themes/icons/storage_new.png HTTP/1.1" 200 853
180.162.229.95 - - [19/Nov/2022:09:03:47 +0800] "GET /xingrg/javascript/jquery_easy_ui/themes/default/images/tree_file.gif HTTP/1.1" 200 118
218.81.217.29 - - [19/Nov/2022:09:03:59 +0800] "GET /xingrg/all/function/internal_message.html?_=1668819861079&CODE_STATE=getMsg HTTP/1.1" 302 -
180.162.229.95 - - [19/Nov/2022:09:04:02 +0800] "GET /xingrg/all/function/internal_message.html?_=1668819843507&CODE_STATE=getMsg HTTP/1.1" 200 27
116.238.139.35 - - [19/Nov/2022:09:04:07 +0800] "GET /xingrg/all/function/internal_message.html?_=1668819759084&CODE_STATE=getMsg HTTP/1.1" 200 27
180.162.229.95 - - [19/Nov/2022:09:04:11 +0800] "GET /xingrg/all/function/internal_message.html?_=1668819860113&CODE_STATE=getMsg HTTP/1.1" 302 -
116.230.105.139 - - [19/Nov/2022:09:04:14 +0800] "GET /xingrg/all/function/internal_message.html?_=1668819848135&CODE_STATE=getMsg HTTP/1.1" 200 27
120.253.135.82 - - [19/Nov/2022:09:04:20 +0800] "GET /xingrg/all/function/internal_message.html?_=1668819660600&CODE_STATE=getMsg HTTP/1.1" 200 27
120.253.135.82 - - [19/Nov/2022:09:04:20 +0800] "GET /xingrg/check_reg.html?_=1668819659603 HTTP/1.1" 200 22
114.95.46.117 - - [19/Nov/2022:09:04:33 +0800] "GET /xingrg/all/function/internal_message.html?_=1668819874215&CODE_STATE=getMsg HTTP/1.1" 200 27
114.84.81.136 - - [19/Nov/2022:09:04:35 +0800] "GET /xingrg/check_reg.html?_=1668819875673 HTTP/1.1" 200 22
114.95.46.117 - - [19/Nov/2022:09:04:36 +0800] "GET /xingrg/all/function/internal_message.html?_=1668819725340&CODE_STATE=getMsg HTTP/1.1" 200 27
180.169.147.146 - - [19/Nov/2022:09:04:37 +0800] "GET /xingrg/all/function/internal_message.html?_=1668819877653&CODE_STATE=getMsg HTTP/1.1" 200 27
180.162.229.95 - - [19/Nov/2022:09:04:47 +0800] "GET /xingrg/all/function/internal_message.html?_=1668819888155&CODE_STATE=getMsg HTTP/1.1" 200 27
218.81.217.29 - - [19/Nov/2022:09:04:59 +0800] "GET /xingrg/all/function/internal_message.html?_=1668819921085&CODE_STATE=getMsg HTTP/1.1" 302 -
180.162.229.95 - - [19/Nov/2022:09:05:02 +0800] "GET /xingrg/all/function/internal_message.html?_=1668819903484&CODE_STATE=getMsg HTTP/1.1" 200 27
114.95.46.117 - - [19/Nov/2022:09:05:02 +0800] "POST /xingrg/kc/buy/cgsh_order_operate.html HTTP/1.1" 200 37
180.162.229.95 - - [19/Nov/2022:09:05:03 +0800] "GET /xingrg/check_reg.html?_=1668819904291 HTTP/1.1" 200 22
114.95.46.117 - - [19/Nov/2022:09:05:04 +0800] "POST /xingrg/kc/buy/cgsh_order_operate.html HTTP/1.1" 200 39887
116.238.139.35 - - [19/Nov/2022:09:05:07 +0800] "GET /xingrg/all/function/internal_message.html?_=1668819819104&CODE_STATE=getMsg HTTP/1.1" 200 27
180.162.229.95 - - [19/Nov/2022:09:05:11 +0800] "GET /xingrg/all/function/internal_message.html?_=1668819920112&CODE_STATE=getMsg HTTP/1.1" 302 -
116.230.105.139 - - [19/Nov/2022:09:05:14 +0800] "GET /xingrg/all/function/internal_message.html?_=1668819908136&CODE_STATE=getMsg HTTP/1.1" 200 27
120.253.135.82 - - [19/Nov/2022:09:05:20 +0800] "GET /xingrg/all/function/internal_message.html?_=1668819720601&CODE_STATE=getMsg HTTP/1.1" 200 27
114.95.46.117 - - [19/Nov/2022:09:05:33 +0800] "GET /xingrg/all/function/internal_message.html?_=1668819934193&CODE_STATE=getMsg HTTP/1.1" 200 27
114.95.46.117 - - [19/Nov/2022:09:05:36 +0800] "GET /xingrg/all/function/internal_message.html?_=1668819785331&CODE_STATE=getMsg HTTP/1.1" 200 27
180.169.147.146 - - [19/Nov/2022:09:05:37 +0800] "GET /xingrg/all/function/internal_message.html?_=1668819937674&CODE_STATE=getMsg HTTP/1.1" 200 27
180.169.147.146 - - [19/Nov/2022:09:05:37 +0800] "GET /xingrg/check_reg.html?_=1668819937677 HTTP/1.1" 200 22
180.162.229.95 - - [19/Nov/2022:09:05:47 +0800] "GET /xingrg/all/function/internal_message.html?_=1668819948157&CODE_STATE=getMsg HTTP/1.1" 200 27
218.81.217.29 - - [19/Nov/2022:09:05:57 +0800] "GET /xingrg/check_reg.html?_=1668819979570 HTTP/1.1" 302 -
218.81.217.29 - - [19/Nov/2022:09:05:59 +0800] "GET /xingrg/all/function/internal_message.html?_=1668819981100&CODE_STATE=getMsg HTTP/1.1" 302 -
58.221.95.50 - - [19/Nov/2022:09:05:59 +0800] "GET /xingrg/check_reg.html?_=1668819944234 HTTP/1.1" 302 -
116.238.139.35 - - [19/Nov/2022:09:06:07 +0800] "GET /xingrg/all/function/internal_message.html?_=1668819879112&CODE_STATE=getMsg HTTP/1.1" 200 27
180.162.229.95 - - [19/Nov/2022:09:06:11 +0800] "GET /xingrg/all/function/internal_message.html?_=1668819980111&CODE_STATE=getMsg HTTP/1.1" 302 -
116.230.105.139 - - [19/Nov/2022:09:06:14 +0800] "GET /xingrg/all/function/internal_message.html?_=1668819968123&CODE_STATE=getMsg HTTP/1.1" 200 27
120.253.135.82 - - [19/Nov/2022:09:06:20 +0800] "GET /xingrg/all/function/internal_message.html?_=1668819780615&CODE_STATE=getMsg HTTP/1.1" 200 27
114.95.46.117 - - [19/Nov/2022:09:06:33 +0800] "GET /xingrg/all/function/internal_message.html?_=1668819994166&CODE_STATE=getMsg HTTP/1.1" 200 27
114.95.46.117 - - [19/Nov/2022:09:06:36 +0800] "GET /xingrg/all/function/internal_message.html?_=1668819845339&CODE_STATE=getMsg HTTP/1.1" 200 27
180.169.147.146 - - [19/Nov/2022:09:06:37 +0800] "GET /xingrg/all/function/internal_message.html?_=1668819997678&CODE_STATE=getMsg HTTP/1.1" 200 27
180.162.229.95 - - [19/Nov/2022:09:06:47 +0800] "GET /xingrg/all/function/internal_message.html?_=1668820008165&CODE_STATE=getMsg HTTP/1.1" 200 27
218.81.217.29 - - [19/Nov/2022:09:06:59 +0800] "GET /xingrg/all/function/internal_message.html?_=1668820041121&CODE_STATE=getMsg HTTP/1.1" 302 -
116.238.139.35 - - [19/Nov/2022:09:07:07 +0800] "GET /xingrg/check_reg.html?_=1668819938947 HTTP/1.1" 200 22
116.238.139.35 - - [19/Nov/2022:09:07:07 +0800] "GET /xingrg/all/function/internal_message.html?_=1668819939125&CODE_STATE=getMsg HTTP/1.1" 200 27
180.162.229.95 - - [19/Nov/2022:09:07:11 +0800] "GET /xingrg/all/function/internal_message.html?_=1668820040109&CODE_STATE=getMsg HTTP/1.1" 302 -
180.162.229.95 - - [19/Nov/2022:09:07:11 +0800] "GET /xingrg/check_reg.html?_=1668820040111 HTTP/1.1" 302 -
116.230.105.139 - - [19/Nov/2022:09:07:14 +0800] "GET /xingrg/all/function/internal_message.html?_=1668820028095&CODE_STATE=getMsg HTTP/1.1" 200 27
120.253.135.82 - - [19/Nov/2022:09:07:20 +0800] "GET /xingrg/all/function/internal_message.html?_=1668819840688&CODE_STATE=getMsg HTTP/1.1" 200 27
114.95.46.117 - - [19/Nov/2022:09:07:33 +0800] "GET /xingrg/all/function/internal_message.html?_=1668820054138&CODE_STATE=getMsg HTTP/1.1" 200 27
114.95.46.117 - - [19/Nov/2022:09:07:36 +0800] "GET /xingrg/check_reg.html?_=1668819905329 HTTP/1.1" 200 22
114.95.46.117 - - [19/Nov/2022:09:07:36 +0800] "GET /xingrg/all/function/internal_message.html?_=1668819905333&CODE_STATE=getMsg HTTP/1.1" 200 27
180.169.147.146 - - [19/Nov/2022:09:07:37 +0800] "GET /xingrg/all/function/internal_message.html?_=1668820057678&CODE_STATE=getMsg HTTP/1.1" 200 27
180.162.229.95 - - [19/Nov/2022:09:07:47 +0800] "GET /xingrg/all/function/internal_message.html?_=1668820068160&CODE_STATE=getMsg HTTP/1.1" 200 27
218.81.217.29 - - [19/Nov/2022:09:07:59 +0800] "GET /xingrg/all/function/internal_message.html?_=1668820101126&CODE_STATE=getMsg HTTP/1.1" 302 -
116.238.139.35 - - [19/Nov/2022:09:08:07 +0800] "GET /xingrg/all/function/internal_message.html?_=1668819999138&CODE_STATE=getMsg HTTP/1.1" 200 27
180.162.229.95 - - [19/Nov/2022:09:08:11 +0800] "GET /xingrg/all/function/internal_message.html?_=1668820100110&CODE_STATE=getMsg HTTP/1.1" 302 -
116.230.105.139 - - [19/Nov/2022:09:08:14 +0800] "GET /xingrg/check_reg.html?_=1668820087925 HTTP/1.1" 200 22
116.230.105.139 - - [19/Nov/2022:09:08:14 +0800] "GET /xingrg/all/function/internal_message.html?_=1668820088080&CODE_STATE=getMsg HTTP/1.1" 200 27
114.95.46.117 - - [19/Nov/2022:09:08:17 +0800] "POST /xingrg/login.do HTTP/1.1" 200 2421
114.95.46.117 - - [19/Nov/2022:09:08:17 +0800] "GET /xingrg/css/blue.css HTTP/1.1" 304 -
114.95.46.117 - - [19/Nov/2022:09:08:17 +0800] "GET /xingrg/images/blue/pic_top.gif HTTP/1.1" 304 -
114.95.46.117 - - [19/Nov/2022:09:08:17 +0800] "GET /xingrg/images/blue/pic_notice.jpg HTTP/1.1" 304 -
114.95.46.117 - - [19/Nov/2022:09:08:17 +0800] "GET /xingrg/javascript/myfunction.js HTTP/1.1" 304 -
114.95.46.117 - - [19/Nov/2022:09:08:17 +0800] "GET /xingrg/images/blue/error_buttom.gif HTTP/1.1" 304 -
114.95.46.117 - - [19/Nov/2022:09:08:17 +0800] "GET /xingrg/images/blue/error_mid.gif HTTP/1.1" 304 -
114.95.46.117 - - [19/Nov/2022:09:08:17 +0800] "GET /xingrg/images/blue/error_top.gif HTTP/1.1" 304 -
114.95.46.117 - - [19/Nov/2022:09:08:17 +0800] "GET /favicon.ico HTTP/1.1" 404 -
114.95.46.117 - - [19/Nov/2022:09:08:18 +0800] "GET /xingrg/login.html HTTP/1.1" 200 7641
114.95.46.117 - - [19/Nov/2022:09:08:18 +0800] "GET /favicon.ico HTTP/1.1" 404 -
114.95.46.117 - - [19/Nov/2022:09:08:19 +0800] "POST /xingrg/login.do HTTP/1.1" 302 -
114.95.46.117 - - [19/Nov/2022:09:08:19 +0800] "GET /xingrg/index.html?sysBaseUrl=http%3A%2F%2F180.169.147.146%3A18081%2Fxingrg%2F&costTime=46×tamp=1668820099112 HTTP/1.1" 200 17173
114.95.46.117 - - [19/Nov/2022:09:08:19 +0800] "POST /xingrg/all/common/load_tree.html?tree=area_rest_tree_json&manage=1 HTTP/1.1" 200 3499
114.95.46.117 - - [19/Nov/2022:09:08:19 +0800] "GET /xingrg/all/function/internal_message.html?_=1668820099622&CODE_STATE=count HTTP/1.1" 200 11
114.95.46.117 - - [19/Nov/2022:09:08:19 +0800] "GET /favicon.ico HTTP/1.1" 404 -
114.95.46.117 - - [19/Nov/2022:09:08:19 +0800] "GET /xingrg/check_reg.html?_=1668820099622 HTTP/1.1" 200 22
114.95.46.117 - - [19/Nov/2022:09:08:19 +0800] "POST /xingrg/load_menu.html HTTP/1.1" 200 5138
120.253.135.82 - - [19/Nov/2022:09:08:20 +0800] "GET /xingrg/all/function/internal_message.html?_=1668819900689&CODE_STATE=getMsg HTTP/1.1" 200 27
114.95.46.117 - - [19/Nov/2022:09:08:21 +0800] "GET /xingrg/kc/buy/cgsh_order_list.html HTTP/1.1" 200 53717
114.95.46.117 - - [19/Nov/2022:09:08:24 +0800] "POST /xingrg/kc/buy/cgsh_list_operate.html HTTP/1.1" 200 2699
114.95.46.117 - - [19/Nov/2022:09:08:26 +0800] "GET /xingrg/kc/buy/cgsh_order_add.html HTTP/1.1" 200 69580
114.95.46.117 - - [19/Nov/2022:09:08:27 +0800] "GET /xingrg/javascript/easyui/themes/default/validatebox.css HTTP/1.1" 404 1104
114.95.46.117 - - [19/Nov/2022:09:08:27 +0800] "POST /xingrg/kc/buy/cgsh_order_operate.html HTTP/1.1" 200 8245
114.95.46.117 - - [19/Nov/2022:09:08:29 +0800] "GET /xingrg/javascript/auto/indicator.gif HTTP/1.1" 404 1066
180.162.229.95 - - [19/Nov/2022:09:08:31 +0800] "GET /xingrg/javascript/jquery_easy_ui/themes/default/images/tabs_close.gif HTTP/1.1" 200 829
180.162.229.95 - - [19/Nov/2022:09:08:31 +0800] "GET /xingrg/kc/buy/cgsh_order_list.html HTTP/1.1" 200 53717
180.162.229.95 - - [19/Nov/2022:09:08:33 +0800] "POST /xingrg/kc/buy/cgsh_list_operate.html HTTP/1.1" 200 986
114.95.46.117 - - [19/Nov/2022:09:08:36 +0800] "GET /xingrg/all/function/internal_message.html?_=1668819965341&CODE_STATE=getMsg HTTP/1.1" 200 27
180.169.147.146 - - [19/Nov/2022:09:08:37 +0800] "GET /xingrg/all/function/internal_message.html?_=1668820117672&CODE_STATE=getMsg HTTP/1.1" 200 27
180.162.229.95 - - [19/Nov/2022:09:08:47 +0800] "GET /xingrg/check_reg.html?_=1668820128152 HTTP/1.1" 200 22
180.162.229.95 - - [19/Nov/2022:09:08:47 +0800] "GET /xingrg/all/function/internal_message.html?_=1668820128153&CODE_STATE=getMsg HTTP/1.1" 200 27
114.95.46.117 - - [19/Nov/2022:09:08:49 +0800] "GET /xingrg/kc/buy/cgsh_order_operate.html?command=get_materiel&rest_code=00105&code=00101007049&supplier_code=00100002&order_time=2022-11-19 HTTP/1.1" 200 409
218.81.217.29 - - [19/Nov/2022:09:08:59 +0800] "GET /xingrg/all/function/internal_message.html?_=1668820161151&CODE_STATE=getMsg HTTP/1.1" 302 -
114.95.46.117 - - [19/Nov/2022:09:09:00 +0800] "GET /xingrg/kc/buy/cgsh_order_operate.html?command=get_materiel&rest_code=00105&code=00101007048&supplier_code=00100002&order_time=2022-11-19 HTTP/1.1" 200 408
116.238.139.35 - - [19/Nov/2022:09:09:07 +0800] "GET /xingrg/all/function/internal_message.html?_=1668820059151&CODE_STATE=getMsg HTTP/1.1" 200 27
180.162.229.95 - - [19/Nov/2022:09:09:11 +0800] "GET /xingrg/all/function/internal_message.html?_=1668820160108&CODE_STATE=getMsg HTTP/1.1" 302 -
116.230.105.139 - - [19/Nov/2022:09:09:14 +0800] "GET /xingrg/all/function/internal_message.html?_=1668820148059&CODE_STATE=getMsg HTTP/1.1" 200 27
114.95.46.117 - - [19/Nov/2022:09:09:19 +0800] "GET /xingrg/all/function/internal_message.html?_=1668820159652&CODE_STATE=getMsg HTTP/1.1" 200 27
120.253.135.82 - - [19/Nov/2022:09:09:20 +0800] "GET /xingrg/check_reg.html?_=1668819960682 HTTP/1.1" 200 22
120.253.135.82 - - [19/Nov/2022:09:09:20 +0800] "GET /xingrg/all/function/internal_message.html?_=1668819960702&CODE_STATE=getMsg HTTP/1.1" 200 27
114.95.46.117 - - [19/Nov/2022:09:09:26 +0800] "GET /xingrg/kc/buy/cgsh_order_operate.html?command=get_materiel&rest_code=00105&code=00101007061&supplier_code=00100002&order_time=2022-11-19 HTTP/1.1" 200 409
114.84.81.136 - - [19/Nov/2022:09:09:35 +0800] "GET /xingrg/check_reg.html?_=1668820175683 HTTP/1.1" 200 22
114.95.46.117 - - [19/Nov/2022:09:09:36 +0800] "GET /xingrg/all/function/internal_message.html?_=1668820025329&CODE_STATE=getMsg HTTP/1.1" 200 27
114.95.46.117 - - [19/Nov/2022:09:09:37 +0800] "POST /xingrg/kc/buy/cgsh_order_operate.html HTTP/1.1" 200 37
180.169.147.146 - - [19/Nov/2022:09:09:37 +0800] "GET /xingrg/all/function/internal_message.html?_=1668820177674&CODE_STATE=getMsg HTTP/1.1" 200 27
114.95.46.117 - - [19/Nov/2022:09:09:38 +0800] "POST /xingrg/kc/buy/cgsh_order_operate.html HTTP/1.1" 200 4415
114.95.46.117 - - [19/Nov/2022:09:09:39 +0800] "GET /xingrg/kc/print/load_data.html?order_code=212022111906363&kc_code=cgsh&condition= HTTP/1.1" 200 1400
180.162.229.95 - - [19/Nov/2022:09:09:47 +0800] "GET /xingrg/all/function/internal_message.html?_=1668820188156&CODE_STATE=getMsg HTTP/1.1" 200 27
218.81.217.29 - - [19/Nov/2022:09:09:59 +0800] "GET /xingrg/all/function/internal_message.html?_=1668820221154&CODE_STATE=getMsg HTTP/1.1" 302 -
180.162.229.95 - - [19/Nov/2022:09:10:03 +0800] "GET /xingrg/kc/buy/cgsh_order_add.html HTTP/1.1" 200 69533
180.162.229.95 - - [19/Nov/2022:09:10:03 +0800] "GET /xingrg/words/20221118170638_words.js HTTP/1.1" 304 -
180.162.229.95 - - [19/Nov/2022:09:10:03 +0800] "POST /xingrg/kc/buy/cgsh_order_operate.html HTTP/1.1" 200 8245
180.162.229.95 - - [19/Nov/2022:09:10:03 +0800] "GET /xingrg/javascript/easyui/themes/default/validatebox.css HTTP/1.1" 404 1104
180.162.229.95 - - [19/Nov/2022:09:10:03 +0800] "GET /xingrg/all/common/auto_word.html?type=employee&rest_code=00102 HTTP/1.1" 200 189
180.162.229.95 - - [19/Nov/2022:09:10:03 +0800] "GET /xingrg/all/common/auto_word.html?type=employee&rest_code=00102 HTTP/1.1" 200 189
180.162.229.95 - - [19/Nov/2022:09:10:04 +0800] "GET /xingrg/javascript/jquery_easy_ui/themes/default/images/tabs_active.png HTTP/1.1" 200 2894
180.162.229.95 - - [19/Nov/2022:09:10:05 +0800] "GET /xingrg/javascript/auto/indicator.gif HTTP/1.1" 404 1066
116.238.139.35 - - [19/Nov/2022:09:10:07 +0800] "GET /xingrg/all/function/internal_message.html?_=1668820119172&CODE_STATE=getMsg HTTP/1.1" 200 27
180.162.229.95 - - [19/Nov/2022:09:10:11 +0800] "GET /xingrg/all/function/internal_message.html?_=1668820220107&CODE_STATE=getMsg HTTP/1.1" 302 -
116.230.105.139 - - [19/Nov/2022:09:10:14 +0800] "GET /xingrg/all/function/internal_message.html?_=1668820208044&CODE_STATE=getMsg HTTP/1.1" 200 27
180.162.229.95 - - [19/Nov/2022:09:10:18 +0800] "GET /xingrg/kc/buy/cgsh_order_operate.html?command=get_materiel&rest_code=00102&code=00101006144&supplier_code=00100096&order_time=2022-11-19 HTTP/1.1" 200 409
114.95.46.117 - - [19/Nov/2022:09:10:19 +0800] "GET /xingrg/all/function/internal_message.html?_=1668820219635&CODE_STATE=getMsg HTTP/1.1" 200 27
120.253.135.82 - - [19/Nov/2022:09:10:20 +0800] "GET /xingrg/all/function/internal_message.html?_=1668820020723&CODE_STATE=getMsg HTTP/1.1" 200 27
114.95.46.117 - - [19/Nov/2022:09:10:36 +0800] "GET /xingrg/all/function/internal_message.html?_=1668820085330&CODE_STATE=getMsg HTTP/1.1" 200 27
180.169.147.146 - - [19/Nov/2022:09:10:37 +0800] "GET /xingrg/all/function/internal_message.html?_=1668820237664&CODE_STATE=getMsg HTTP/1.1" 200 27
180.169.147.146 - - [19/Nov/2022:09:10:37 +0800] "GET /xingrg/check_reg.html?_=1668820237666 HTTP/1.1" 200 22
180.162.229.95 - - [19/Nov/2022:09:10:47 +0800] "GET /xingrg/all/function/internal_message.html?_=1668820248170&CODE_STATE=getMsg HTTP/1.1" 200 27
218.81.217.29 - - [19/Nov/2022:09:10:57 +0800] "GET /xingrg/check_reg.html?_=1668820279575 HTTP/1.1" 302 -
218.81.217.29 - - [19/Nov/2022:09:10:59 +0800] "GET /xingrg/all/function/internal_message.html?_=1668820281167&CODE_STATE=getMsg HTTP/1.1" 302 -
58.221.95.50 - - [19/Nov/2022:09:10:59 +0800] "GET /xingrg/check_reg.html?_=1668820244286 HTTP/1.1" 302 -
116.238.139.35 - - [19/Nov/2022:09:11:07 +0800] "GET /xingrg/all/function/internal_message.html?_=1668820179180&CODE_STATE=getMsg HTTP/1.1" 200 27
180.162.229.95 - - [19/Nov/2022:09:11:11 +0800] "GET /xingrg/all/function/internal_message.html?_=1668820280122&CODE_STATE=getMsg HTTP/1.1" 302 -
116.230.105.139 - - [19/Nov/2022:09:11:14 +0800] "GET /xingrg/all/function/internal_message.html?_=1668820268029&CODE_STATE=getMsg HTTP/1.1" 200 27
114.95.46.117 - - [19/Nov/2022:09:11:19 +0800] "GET /xingrg/all/function/internal_message.html?_=1668820279633&CODE_STATE=getMsg HTTP/1.1" 200 27
120.253.135.82 - - [19/Nov/2022:09:11:20 +0800] "GET /xingrg/all/function/internal_message.html?_=1668820080737&CODE_STATE=getMsg HTTP/1.1" 200 27
114.95.46.117 - - [19/Nov/2022:09:11:36 +0800] "GET /xingrg/all/function/internal_message.html?_=1668820145333&CODE_STATE=getMsg HTTP/1.1" 200 27
180.169.147.146 - - [19/Nov/2022:09:11:37 +0800] "GET /xingrg/all/function/internal_message.html?_=1668820297665&CODE_STATE=getMsg HTTP/1.1" 200 27
180.162.229.95 - - [19/Nov/2022:09:11:47 +0800] "GET /xingrg/all/function/internal_message.html?_=1668820308164&CODE_STATE=getMsg HTTP/1.1" 200 27
218.81.217.29 - - [19/Nov/2022:09:11:59 +0800] "GET /xingrg/all/function/internal_message.html?_=1668820341187&CODE_STATE=getMsg HTTP/1.1" 302 -
116.238.139.35 - - [19/Nov/2022:09:12:01 +0800] "POST /xingrg/services/DataTransmitService HTTP/1.1" 200 524
116.238.139.35 - - [19/Nov/2022:09:12:07 +0800] "GET /xingrg/check_reg.html?_=1668820238950 HTTP/1.1" 200 22
116.238.139.35 - - [19/Nov/2022:09:12:07 +0800] "GET /xingrg/all/function/internal_message.html?_=1668820239193&CODE_STATE=getMsg HTTP/1.1" 200 27
120.253.135.82 - - [19/Nov/2022:09:12:10 +0800] "GET /xingrg/kc/pszx/mdqp_order_list.html?state=10 HTTP/1.1" 200 10275
120.253.135.82 - - [19/Nov/2022:09:12:10 +0800] "GET /xingrg/dwr/interface/AjaxQqpsService.js HTTP/1.1" 200 16326
120.253.135.82 - - [19/Nov/2022:09:12:10 +0800] "GET /xingrg/dwr/interface/AjaxReportQueryService.js HTTP/1.1" 200 13203
120.253.135.82 - - [19/Nov/2022:09:12:10 +0800] "GET /xingrg/dwr/engine.js HTTP/1.1" 200 43631
180.162.229.95 - - [19/Nov/2022:09:12:11 +0800] "GET /xingrg/all/function/internal_message.html?_=1668820340112&CODE_STATE=getMsg HTTP/1.1" 302 -
180.162.229.95 - - [19/Nov/2022:09:12:11 +0800] "GET /xingrg/check_reg.html?_=1668820340108 HTTP/1.1" 302 -
120.253.135.82 - - [19/Nov/2022:09:12:12 +0800] "GET /xingrg/kc/pszx/mdps_order_list.html?orderType=0 HTTP/1.1" 200 21035
120.253.135.82 - - [19/Nov/2022:09:12:12 +0800] "POST /xingrg/kc/pszx/mdps_list_operate.html HTTP/1.1" 200 5286
116.230.105.139 - - [19/Nov/2022:09:12:14 +0800] "GET /xingrg/all/function/internal_message.html?_=1668820328005&CODE_STATE=getMsg HTTP/1.1" 200 27
114.95.46.117 - - [19/Nov/2022:09:12:19 +0800] "GET /xingrg/all/function/internal_message.html?_=1668820339633&CODE_STATE=getMsg HTTP/1.1" 200 27
120.253.135.82 - - [19/Nov/2022:09:12:20 +0800] "GET /xingrg/all/function/internal_message.html?_=1668820140742&CODE_STATE=getMsg HTTP/1.1" 200 27
120.253.135.82 - - [19/Nov/2022:09:12:20 +0800] "POST /xingrg/kc/pszx/mdps_list_operate.html HTTP/1.1" 200 2807
120.253.135.82 - - [19/Nov/2022:09:12:26 +0800] "POST /xingrg/kc/pszx/mdps_list_operate.html HTTP/1.1" 200 202
114.83.219.57 - - [19/Nov/2022:09:12:26 +0800] "GET /xingrg/login.html HTTP/1.1" 200 7641
120.253.135.82 - - [19/Nov/2022:09:12:26 +0800] "GET /xingrg/kc/pszx/mdps_order_info.html?code=312022111800371 HTTP/1.1" 200 23978
120.253.135.82 - - [19/Nov/2022:09:12:27 +0800] "GET /xingrg/javascript/easyui/themes/default/validatebox.css HTTP/1.1" 404 1104
114.83.219.57 - - [19/Nov/2022:09:12:27 +0800] "GET /favicon.ico HTTP/1.1" 404 -
120.253.135.82 - - [19/Nov/2022:09:12:27 +0800] "POST /xingrg/kc/pszx/mdps_order_operate.html HTTP/1.1" 200 2279
114.83.219.57 - - [19/Nov/2022:09:12:28 +0800] "POST /xingrg/login.do HTTP/1.1" 302 -
114.83.219.57 - - [19/Nov/2022:09:12:28 +0800] "GET /xingrg/index.html?sysBaseUrl=http%3A%2F%2F180.169.147.146%3A18081%2Fxingrg%2F&costTime=42×tamp=1668820348864 HTTP/1.1" 200 17179
114.83.219.57 - - [19/Nov/2022:09:12:28 +0800] "GET /favicon.ico HTTP/1.1" 404 -
114.83.219.57 - - [19/Nov/2022:09:12:29 +0800] "POST /xingrg/all/common/load_tree.html?tree=area_rest_tree_json&manage=1 HTTP/1.1" 200 351
114.83.219.57 - - [19/Nov/2022:09:12:29 +0800] "GET /xingrg/all/function/internal_message.html?_=1668820471654&CODE_STATE=count HTTP/1.1" 200 11
114.83.219.57 - - [19/Nov/2022:09:12:29 +0800] "GET /xingrg/check_reg.html?_=1668820471655 HTTP/1.1" 200 22
114.83.219.57 - - [19/Nov/2022:09:12:29 +0800] "POST /xingrg/load_menu.html HTTP/1.1" 200 5138
120.253.135.82 - - [19/Nov/2022:09:12:31 +0800] "POST /xingrg/kc/pszx/mdps_order_operate.html HTTP/1.1" 200 37
120.253.135.82 - - [19/Nov/2022:09:12:33 +0800] "POST /xingrg/kc/pszx/mdps_order_operate.html HTTP/1.1" 200 12
114.95.46.117 - - [19/Nov/2022:09:12:36 +0800] "GET /xingrg/check_reg.html?_=1668820205340 HTTP/1.1" 200 22
114.95.46.117 - - [19/Nov/2022:09:12:36 +0800] "GET /xingrg/all/function/internal_message.html?_=1668820205343&CODE_STATE=getMsg HTTP/1.1" 200 27
180.169.147.146 - - [19/Nov/2022:09:12:37 +0800] "GET /xingrg/all/function/internal_message.html?_=1668820357686&CODE_STATE=getMsg HTTP/1.1" 200 27
120.253.135.82 - - [19/Nov/2022:09:12:43 +0800] "GET /xingrg/kc/pszx/mdps_order_info.html?code=312022111800371 HTTP/1.1" 200 19638
120.253.135.82 - - [19/Nov/2022:09:12:44 +0800] "POST /xingrg/kc/pszx/mdps_order_operate.html HTTP/1.1" 200 500
120.253.135.82 - - [19/Nov/2022:09:12:44 +0800] "GET /xingrg/javascript/easyui/themes/default/validatebox.css HTTP/1.1" 404 1104
180.162.229.95 - - [19/Nov/2022:09:12:47 +0800] "GET /xingrg/all/function/internal_message.html?_=1668820368175&CODE_STATE=getMsg HTTP/1.1" 200 27
120.253.135.82 - - [19/Nov/2022:09:12:47 +0800] "POST /xingrg/kc/pszx/mdps_list_operate.html HTTP/1.1" 200 603
120.253.135.82 - - [19/Nov/2022:09:12:49 +0800] "GET /xingrg/kc/pszx/mdps_order_info.html?code=312022111800373 HTTP/1.1" 200 23978
120.253.135.82 - - [19/Nov/2022:09:12:50 +0800] "GET /xingrg/javascript/easyui/themes/default/validatebox.css HTTP/1.1" 404 1104
120.253.135.82 - - [19/Nov/2022:09:12:50 +0800] "POST /xingrg/kc/pszx/mdps_order_operate.html HTTP/1.1" 200 9433
114.83.219.57 - - [19/Nov/2022:09:12:53 +0800] "GET /xingrg/kc/base/wldb_order_list.html HTTP/1.1" 200 19107
114.83.219.57 - - [19/Nov/2022:09:12:54 +0800] "POST /xingrg/kc/base/wldb_list_operate.html HTTP/1.1" 200 928
114.83.219.57 - - [19/Nov/2022:09:12:56 +0800] "GET /xingrg/kc/base/wldb_order_add.html HTTP/1.1" 200 30390
114.83.219.57 - - [19/Nov/2022:09:12:56 +0800] "GET /xingrg/words/20221118170638_words.js HTTP/1.1" 304 -
114.83.219.57 - - [19/Nov/2022:09:12:56 +0800] "POST /xingrg/kc/base/wldb_order_operate.html HTTP/1.1" 200 6806
114.83.219.57 - - [19/Nov/2022:09:12:57 +0800] "GET /xingrg/all/common/auto_word.html?type=base&rest_code=00154 HTTP/1.1" 200 831
114.83.219.57 - - [19/Nov/2022:09:12:57 +0800] "GET /xingrg/all/common/auto_word.html?type=base&rest_code=00154 HTTP/1.1" 200 831
114.83.219.57 - - [19/Nov/2022:09:12:57 +0800] "GET /xingrg/javascript/easyui/themes/default/validatebox.css HTTP/1.1" 404 1104
120.253.135.82 - - [19/Nov/2022:09:12:58 +0800] "POST /xingrg/kc/pszx/mdps_order_operate.html HTTP/1.1" 200 37
218.81.217.29 - - [19/Nov/2022:09:12:59 +0800] "GET /xingrg/all/function/internal_message.html?_=1668820401194&CODE_STATE=getMsg HTTP/1.1" 302 -
114.83.219.57 - - [19/Nov/2022:09:12:59 +0800] "POST /xingrg/all/common/load_combo.html?type=base HTTP/1.1" 200 1491
120.253.135.82 - - [19/Nov/2022:09:13:00 +0800] "POST /xingrg/kc/pszx/mdps_order_operate.html HTTP/1.1" 200 12
120.253.135.82 - - [19/Nov/2022:09:13:02 +0800] "GET /xingrg/kc/pszx/mdps_order_info.html?code=312022111800373 HTTP/1.1" 200 19638
120.253.135.82 - - [19/Nov/2022:09:13:02 +0800] "POST /xingrg/kc/pszx/mdps_order_operate.html HTTP/1.1" 200 7576
120.253.135.82 - - [19/Nov/2022:09:13:02 +0800] "GET /xingrg/javascript/easyui/themes/default/validatebox.css HTTP/1.1" 404 1104
114.83.219.57 - - [19/Nov/2022:09:13:02 +0800] "POST /xingrg/all/common/load_combo.html?type=base HTTP/1.1" 200 1491
116.238.139.35 - - [19/Nov/2022:09:13:07 +0800] "GET /xingrg/all/function/internal_message.html?_=1668820299207&CODE_STATE=getMsg HTTP/1.1" 200 27
114.83.219.57 - - [19/Nov/2022:09:13:08 +0800] "GET /xingrg/javascript/auto/indicator.gif HTTP/1.1" 404 1066
114.83.219.57 - - [19/Nov/2022:09:13:10 +0800] "GET /xingrg/kc/base/wldb_order_operate.html?command=get_materiel&rest_code=00154&base_code=0010725&code=00102002204 HTTP/1.1" 200 447
120.253.135.82 - - [19/Nov/2022:09:13:10 +0800] "POST /xingrg/kc/pszx/mdps_list_operate.html HTTP/1.1" 200 2063
180.162.229.95 - - [19/Nov/2022:09:13:11 +0800] "GET /xingrg/all/function/internal_message.html?_=1668820400118&CODE_STATE=getMsg HTTP/1.1" 302 -
120.253.135.82 - - [19/Nov/2022:09:13:12 +0800] "POST /xingrg/kc/pszx/mdps_list_operate.html HTTP/1.1" 200 598
120.253.135.82 - - [19/Nov/2022:09:13:13 +0800] "GET /xingrg/kc/pszx/mdps_order_info.html?code=312022111800372 HTTP/1.1" 200 23978
120.253.135.82 - - [19/Nov/2022:09:13:13 +0800] "GET /xingrg/javascript/easyui/themes/default/validatebox.css HTTP/1.1" 404 1104
120.253.135.82 - - [19/Nov/2022:09:13:13 +0800] "POST /xingrg/kc/pszx/mdps_order_operate.html HTTP/1.1" 200 6307
116.230.105.139 - - [19/Nov/2022:09:13:14 +0800] "GET /xingrg/check_reg.html?_=1668820387916 HTTP/1.1" 200 22
116.230.105.139 - - [19/Nov/2022:09:13:14 +0800] "GET /xingrg/all/function/internal_message.html?_=1668820387982&CODE_STATE=getMsg HTTP/1.1" 200 27
120.253.135.82 - - [19/Nov/2022:09:13:17 +0800] "POST /xingrg/kc/pszx/mdps_order_operate.html HTTP/1.1" 200 37
114.95.46.117 - - [19/Nov/2022:09:13:19 +0800] "GET /xingrg/check_reg.html?_=1668820399633 HTTP/1.1" 200 22
114.95.46.117 - - [19/Nov/2022:09:13:19 +0800] "GET /xingrg/all/function/internal_message.html?_=1668820399636&CODE_STATE=getMsg HTTP/1.1" 200 27
120.253.135.82 - - [19/Nov/2022:09:13:19 +0800] "POST /xingrg/kc/pszx/mdps_order_operate.html HTTP/1.1" 200 12
120.253.135.82 - - [19/Nov/2022:09:13:22 +0800] "GET /xingrg/kc/pszx/mdps_order_info.html?code=312022111800372 HTTP/1.1" 200 19638
120.253.135.82 - - [19/Nov/2022:09:13:22 +0800] "POST /xingrg/kc/pszx/mdps_order_operate.html HTTP/1.1" 200 4489
120.253.135.82 - - [19/Nov/2022:09:13:22 +0800] "GET /xingrg/javascript/easyui/themes/default/validatebox.css HTTP/1.1" 404 1104
120.253.135.82 - - [19/Nov/2022:09:13:23 +0800] "GET /xingrg/all/function/internal_message.html?_=1668820203705&CODE_STATE=getMsg HTTP/1.1" 200 27
120.253.135.82 - - [19/Nov/2022:09:13:24 +0800] "POST /xingrg/kc/pszx/mdps_list_operate.html HTTP/1.1" 200 1690
114.88.159.190 - - [19/Nov/2022:09:13:24 +0800] "POST /xingrg/services/DataTransmitService HTTP/1.1" 200 524
120.253.135.82 - - [19/Nov/2022:09:13:25 +0800] "POST /xingrg/kc/pszx/mdps_list_operate.html HTTP/1.1" 200 205
114.83.219.57 - - [19/Nov/2022:09:13:26 +0800] "GET /xingrg/kc/base/wldb_order_operate.html?command=get_materiel&rest_code=00154&base_code=0010725&code=00102002500 HTTP/1.1" 200 455
114.83.219.57 - - [19/Nov/2022:09:13:29 +0800] "GET /xingrg/all/function/internal_message.html?_=1668820531664&CODE_STATE=getMsg HTTP/1.1" 200 27
114.95.46.117 - - [19/Nov/2022:09:13:36 +0800] "GET /xingrg/all/function/internal_message.html?_=1668820265330&CODE_STATE=getMsg HTTP/1.1" 200 27
180.169.147.146 - - [19/Nov/2022:09:13:37 +0800] "GET /xingrg/all/function/internal_message.html?_=1668820417670&CODE_STATE=getMsg HTTP/1.1" 200 27
180.162.229.95 - - [19/Nov/2022:09:13:47 +0800] "GET /xingrg/check_reg.html?_=1668820428167 HTTP/1.1" 200 22
180.162.229.95 - - [19/Nov/2022:09:13:47 +0800] "GET /xingrg/all/function/internal_message.html?_=1668820428169&CODE_STATE=getMsg HTTP/1.1" 200 27
114.83.219.57 - - [19/Nov/2022:09:13:50 +0800] "GET /xingrg/kc/base/wldb_order_operate.html?command=get_materiel&rest_code=00154&base_code=0010725&code=00102002230 HTTP/1.1" 200 442
218.81.217.29 - - [19/Nov/2022:09:13:59 +0800] "GET /xingrg/all/function/internal_message.html?_=1668820461215&CODE_STATE=getMsg HTTP/1.1" 302 -
116.238.139.35 - - [19/Nov/2022:09:14:07 +0800] "GET /xingrg/all/function/internal_message.html?_=1668820359221&CODE_STATE=getMsg HTTP/1.1" 200 27
180.162.229.95 - - [19/Nov/2022:09:14:11 +0800] "GET /xingrg/all/function/internal_message.html?_=1668820460146&CODE_STATE=getMsg HTTP/1.1" 302 -
116.230.105.139 - - [19/Nov/2022:09:14:14 +0800] "GET /xingrg/all/function/internal_message.html?_=1668820447964&CODE_STATE=getMsg HTTP/1.1" 200 27
114.95.46.117 - - [19/Nov/2022:09:14:19 +0800] "GET /xingrg/all/function/internal_message.html?_=1668820459636&CODE_STATE=getMsg HTTP/1.1" 200 27
120.253.135.82 - - [19/Nov/2022:09:14:20 +0800] "GET /xingrg/check_reg.html?_=1668820260751 HTTP/1.1" 200 22
120.253.135.82 - - [19/Nov/2022:09:14:23 +0800] "GET /xingrg/all/function/internal_message.html?_=1668820263719&CODE_STATE=getMsg HTTP/1.1" 200 27
114.83.219.57 - - [19/Nov/2022:09:14:29 +0800] "GET /xingrg/all/function/internal_message.html?_=1668820591665&CODE_STATE=getMsg HTTP/1.1" 200 27
114.84.81.136 - - [19/Nov/2022:09:14:35 +0800] "GET /xingrg/check_reg.html?_=1668820475658 HTTP/1.1" 200 22
114.95.46.117 - - [19/Nov/2022:09:14:36 +0800] "GET /xingrg/all/function/internal_message.html?_=1668820325332&CODE_STATE=getMsg HTTP/1.1" 200 27
180.169.147.146 - - [19/Nov/2022:09:14:37 +0800] "GET /xingrg/all/function/internal_message.html?_=1668820477663&CODE_STATE=getMsg HTTP/1.1" 200 27
180.162.229.95 - - [19/Nov/2022:09:14:47 +0800] "GET /xingrg/all/function/internal_message.html?_=1668820488159&CODE_STATE=getMsg HTTP/1.1" 200 27
218.81.217.29 - - [19/Nov/2022:09:14:59 +0800] "GET /xingrg/all/function/internal_message.html?_=1668820521221&CODE_STATE=getMsg HTTP/1.1" 302 -
116.238.139.35 - - [19/Nov/2022:09:15:07 +0800] "GET /xingrg/all/function/internal_message.html?_=1668820419241&CODE_STATE=getMsg HTTP/1.1" 200 27
180.162.229.95 - - [19/Nov/2022:09:15:11 +0800] "GET /xingrg/all/function/internal_message.html?_=1668820520144&CODE_STATE=getMsg HTTP/1.1" 302 -
116.230.105.139 - - [19/Nov/2022:09:15:14 +0800] "GET /xingrg/all/function/internal_message.html?_=1668820507962&CODE_STATE=getMsg HTTP/1.1" 200 27
114.95.46.117 - - [19/Nov/2022:09:15:19 +0800] "GET /xingrg/all/function/internal_message.html?_=1668820519636&CODE_STATE=getMsg HTTP/1.1" 200 27
114.83.219.57 - - [19/Nov/2022:09:15:20 +0800] "POST /xingrg/kc/base/wldb_order_operate.html HTTP/1.1" 200 37
114.83.219.57 - - [19/Nov/2022:09:15:22 +0800] "POST /xingrg/kc/base/wldb_order_operate.html HTTP/1.1" 200 12
114.83.219.57 - - [19/Nov/2022:09:15:22 +0800] "POST /xingrg/kc/base/wldb_order_operate.html HTTP/1.1" 200 5584
120.253.135.82 - - [19/Nov/2022:09:15:23 +0800] "GET /xingrg/all/function/internal_message.html?_=1668820323732&CODE_STATE=getMsg HTTP/1.1" 200 27
114.83.219.57 - - [19/Nov/2022:09:15:24 +0800] "GET /xingrg/kc/base/wldb_order_info.html?code=422022111901525 HTTP/1.1" 200 26265
114.83.219.57 - - [19/Nov/2022:09:15:24 +0800] "GET /xingrg/javascript/easyui/themes/default/validatebox.css HTTP/1.1" 404 1104
114.83.219.57 - - [19/Nov/2022:09:15:24 +0800] "POST /xingrg/kc/base/wldb_order_operate.html HTTP/1.1" 200 3799
114.83.219.57 - - [19/Nov/2022:09:15:29 +0800] "GET /xingrg/all/function/internal_message.html?_=1668820651678&CODE_STATE=getMsg HTTP/1.1" 200 27
218.81.217.29 - - [19/Nov/2022:09:15:34 +0800] "POST /xingrg/services/DataTransmitService HTTP/1.1" 200 524
218.81.217.29 - - [19/Nov/2022:09:15:36 +0800] "POST /xingrg/services/DataTransmitService HTTP/1.1" 200 2339
114.95.46.117 - - [19/Nov/2022:09:15:36 +0800] "GET /xingrg/all/function/internal_message.html?_=1668820385340&CODE_STATE=getMsg HTTP/1.1" 200 27
180.169.147.146 - - [19/Nov/2022:09:15:37 +0800] "GET /xingrg/check_reg.html?_=1668820537740 HTTP/1.1" 200 22
180.169.147.146 - - [19/Nov/2022:09:15:37 +0800] "GET /xingrg/all/function/internal_message.html?_=1668820537738&CODE_STATE=getMsg HTTP/1.1" 200 27
114.83.219.57 - - [19/Nov/2022:09:15:43 +0800] "GET /xingrg/kc/base/wldb_order_add.html HTTP/1.1" 200 30390
114.83.219.57 - - [19/Nov/2022:09:15:43 +0800] "POST /xingrg/kc/base/wldb_order_operate.html HTTP/1.1" 200 6806
114.83.219.57 - - [19/Nov/2022:09:15:43 +0800] "GET /xingrg/javascript/easyui/themes/default/validatebox.css HTTP/1.1" 404 1104
218.81.217.29 - - [19/Nov/2022:09:15:45 +0800] "POST /xingrg/services/DataTransmitService HTTP/1.1" 200 524
114.83.219.57 - - [19/Nov/2022:09:15:45 +0800] "POST /xingrg/all/common/load_combo.html?type=base HTTP/1.1" 200 1491
218.81.217.29 - - [19/Nov/2022:09:15:46 +0800] "POST /xingrg/services/DataTransmitService HTTP/1.1" 200 2339
218.81.217.29 - - [19/Nov/2022:09:15:47 +0800] "POST /xingrg/services/DataTransmitService HTTP/1.1" 200 524
180.162.229.95 - - [19/Nov/2022:09:15:47 +0800] "GET /xingrg/all/function/internal_message.html?_=1668820548165&CODE_STATE=getMsg HTTP/1.1" 200 27
114.83.219.57 - - [19/Nov/2022:09:15:48 +0800] "POST /xingrg/all/common/load_combo.html?type=base HTTP/1.1" 200 1491
218.81.217.29 - - [19/Nov/2022:09:15:48 +0800] "POST /xingrg/services/DataTransmitService HTTP/1.1" 200 2339
218.81.217.29 - - [19/Nov/2022:09:15:49 +0800] "POST /xingrg/services/DataTransmitService HTTP/1.1" 200 524
218.81.217.29 - - [19/Nov/2022:09:15:50 +0800] "POST /xingrg/services/DataTransmitService HTTP/1.1" 200 2339
218.81.217.29 - - [19/Nov/2022:09:15:52 +0800] "POST /xingrg/services/DataTransmitService HTTP/1.1" 200 524
218.81.217.29 - - [19/Nov/2022:09:15:54 +0800] "POST /xingrg/services/DataTransmitService HTTP/1.1" 200 2339
218.81.217.29 - - [19/Nov/2022:09:15:57 +0800] "GET /xingrg/check_reg.html?_=1668820579581 HTTP/1.1" 302 -
218.81.217.29 - - [19/Nov/2022:09:15:59 +0800] "GET /xingrg/all/function/internal_message.html?_=1668820581235&CODE_STATE=getMsg HTTP/1.1" 302 -
58.221.95.50 - - [19/Nov/2022:09:15:59 +0800] "GET /xingrg/check_reg.html?_=1668820544331 HTTP/1.1" 302 -
116.238.139.35 - - [19/Nov/2022:09:16:07 +0800] "GET /xingrg/all/function/internal_message.html?_=1668820479246&CODE_STATE=getMsg HTTP/1.1" 200 27
116.238.139.35 - - [19/Nov/2022:09:16:10 +0800] "GET /xingrg/javascript/auto/indicator.gif HTTP/1.1" 404 1066
180.162.229.95 - - [19/Nov/2022:09:16:11 +0800] "GET /xingrg/all/function/internal_message.html?_=1668820580143&CODE_STATE=getMsg HTTP/1.1" 302 -
116.230.105.139 - - [19/Nov/2022:09:16:14 +0800] "GET /xingrg/all/function/internal_message.html?_=1668820567958&CODE_STATE=getMsg HTTP/1.1" 200 27
114.83.219.57 - - [19/Nov/2022:09:16:14 +0800] "GET /xingrg/kc/base/wldb_order_operate.html?command=get_materiel&rest_code=00154&base_code=0010724&code=00101019400 HTTP/1.1" 200 465
116.238.139.35 - - [19/Nov/2022:09:16:17 +0800] "GET /xingrg/kc/buy/cgsh_order_operate.html?command=get_materiel&rest_code=00150&code=00101012025&supplier_code=00100096&order_time=2022-11-19 HTTP/1.1" 200 412
114.95.46.117 - - [19/Nov/2022:09:16:19 +0800] "GET /xingrg/all/function/internal_message.html?_=1668820579636&CODE_STATE=getMsg HTTP/1.1" 200 27
120.253.135.82 - - [19/Nov/2022:09:16:23 +0800] "GET /xingrg/all/function/internal_message.html?_=1668820383746&CODE_STATE=getMsg HTTP/1.1" 200 27
114.83.219.57 - - [19/Nov/2022:09:16:28 +0800] "GET /xingrg/kc/base/wldb_order_operate.html?command=get_materiel&rest_code=00154&base_code=0010724&code=00101019184 HTTP/1.1" 200 458
114.83.219.57 - - [19/Nov/2022:09:16:29 +0800] "GET /xingrg/all/function/internal_message.html?_=1668820711672&CODE_STATE=getMsg HTTP/1.1" 200 27
116.238.139.35 - - [19/Nov/2022:09:16:29 +0800] "GET /xingrg/kc/buy/cgsh_order_operate.html?command=get_materiel&rest_code=00150&code=00101012051&supplier_code=00100096&order_time=2022-11-19 HTTP/1.1" 200 408
114.95.46.117 - - [19/Nov/2022:09:16:36 +0800] "GET /xingrg/all/function/internal_message.html?_=1668820445330&CODE_STATE=getMsg HTTP/1.1" 200 27
180.169.147.146 - - [19/Nov/2022:09:16:37 +0800] "GET /xingrg/all/function/internal_message.html?_=1668820597723&CODE_STATE=getMsg HTTP/1.1" 200 27
114.83.219.57 - - [19/Nov/2022:09:16:38 +0800] "GET /xingrg/kc/base/wldb_order_operate.html?command=get_materiel&rest_code=00154&base_code=0010724&code=00101019222 HTTP/1.1" 200 453
180.162.229.95 - - [19/Nov/2022:09:16:47 +0800] "GET /xingrg/all/function/internal_message.html?_=1668820608169&CODE_STATE=getMsg HTTP/1.1" 200 27
114.83.219.57 - - [19/Nov/2022:09:16:48 +0800] "GET /xingrg/kc/base/wldb_order_operate.html?command=get_materiel&rest_code=00154&base_code=0010724&code=00101019185 HTTP/1.1" 200 468
116.238.139.35 - - [19/Nov/2022:09:16:53 +0800] "GET /xingrg/kc/buy/cgsh_order_operate.html?command=get_materiel&rest_code=00150&code=00101001010&supplier_code=00100096&order_time=2022-11-19 HTTP/1.1" 200 411
218.81.217.29 - - [19/Nov/2022:09:16:59 +0800] "GET /xingrg/all/function/internal_message.html?_=1668820641255&CODE_STATE=getMsg HTTP/1.1" 302 -
116.238.139.35 - - [19/Nov/2022:09:17:05 +0800] "GET /xingrg/kc/buy/cgsh_order_operate.html?command=get_materiel&rest_code=00150&code=00101001160&supplier_code=00100096&order_time=2022-11-19 HTTP/1.1" 200 408
116.238.139.35 - - [19/Nov/2022:09:17:07 +0800] "GET /xingrg/check_reg.html?_=1668820538952 HTTP/1.1" 200 22
116.238.139.35 - - [19/Nov/2022:09:17:07 +0800] "GET /xingrg/all/function/internal_message.html?_=1668820539260&CODE_STATE=getMsg HTTP/1.1" 200 27
114.83.219.57 - - [19/Nov/2022:09:17:09 +0800] "GET /xingrg/kc/base/wldb_order_operate.html?command=get_materiel&rest_code=00154&base_code=0010724&code=00101019179 HTTP/1.1" 200 452
180.162.229.95 - - [19/Nov/2022:09:17:11 +0800] "GET /xingrg/check_reg.html?_=1668820640143 HTTP/1.1" 302 -
180.162.229.95 - - [19/Nov/2022:09:17:11 +0800] "GET /xingrg/all/function/internal_message.html?_=1668820640144&CODE_STATE=getMsg HTTP/1.1" 302 -
116.230.105.139 - - [19/Nov/2022:09:17:14 +0800] "GET /xingrg/all/function/internal_message.html?_=1668820627931&CODE_STATE=getMsg HTTP/1.1" 200 27
116.238.139.35 - - [19/Nov/2022:09:17:15 +0800] "GET /xingrg/kc/buy/cgsh_order_operate.html?command=get_materiel&rest_code=00150&code=00101010161&supplier_code=00100096&order_time=2022-11-19 HTTP/1.1" 200 411
114.95.46.117 - - [19/Nov/2022:09:17:19 +0800] "GET /xingrg/all/function/internal_message.html?_=1668820639637&CODE_STATE=getMsg HTTP/1.1" 200 27
120.253.135.82 - - [19/Nov/2022:09:17:23 +0800] "GET /xingrg/all/function/internal_message.html?_=1668820443830&CODE_STATE=getMsg HTTP/1.1" 200 27
218.81.217.29 - - [19/Nov/2022:09:17:23 +0800] "POST /xingrg/services/DataTransmitService HTTP/1.1" 200 524
218.81.217.29 - - [19/Nov/2022:09:17:23 +0800] "POST /xingrg/services/DataTransmitService HTTP/1.1" 200 501
218.81.217.29 - - [19/Nov/2022:09:17:25 +0800] "POST /xingrg/services/DataTransmitService HTTP/1.1" 200 524
114.83.219.57 - - [19/Nov/2022:09:17:29 +0800] "GET /xingrg/check_reg.html?_=1668820771665 HTTP/1.1" 200 22
