124.79.74.72 - - [19/Nov/2022:12:36:09 +0800] "POST /xingrg/kc/buy/cgsh_order_operate.html HTTP/1.1" 200 6780
180.162.229.95 - - [19/Nov/2022:12:36:11 +0800] "GET /xingrg/all/function/internal_message.html?_=1668832580445&CODE_STATE=getMsg HTTP/1.1" 302 -
116.238.139.35 - - [19/Nov/2022:12:36:14 +0800] "GET /xingrg/check_reg.html?_=1668832485624 HTTP/1.1" 200 22
116.230.105.139 - - [19/Nov/2022:12:36:14 +0800] "GET /xingrg/all/function/internal_message.html?_=1668832567924&CODE_STATE=getMsg HTTP/1.1" 200 27
116.238.139.35 - - [19/Nov/2022:12:36:15 +0800] "GET /xingrg/all/function/internal_message.html?_=1668832486395&CODE_STATE=getMsg HTTP/1.1" 200 27
114.95.46.117 - - [19/Nov/2022:12:36:15 +0800] "GET /xingrg/all/function/internal_message.html?_=1668832576280&CODE_STATE=getMsg HTTP/1.1" 200 27
120.253.135.82 - - [19/Nov/2022:12:36:16 +0800] "GET /xingrg/all/function/internal_message.html?_=1668832690091&CODE_STATE=getMsg HTTP/1.1" 200 27
120.253.135.82 - - [19/Nov/2022:12:36:17 +0800] "GET /xingrg/check_reg.html?_=1668832378555 HTTP/1.1" 200 22
101.85.106.255 - - [19/Nov/2022:12:36:21 +0800] "GET /xingrg/all/function/internal_message.html?_=1668832580959&CODE_STATE=getMsg HTTP/1.1" 200 27
116.235.92.184 - - [19/Nov/2022:12:36:24 +0800] "GET /xingrg/all/function/internal_message.html?_=1668832801117&CODE_STATE=getMsg HTTP/1.1" 200 27
120.253.135.82 - - [19/Nov/2022:12:36:27 +0800] "GET /xingrg/check_reg.html?_=1668832581926 HTTP/1.1" 200 22
120.253.135.82 - - [19/Nov/2022:12:36:27 +0800] "GET /xingrg/all/function/internal_message.html?_=1668832581929&CODE_STATE=getMsg HTTP/1.1" 200 27
114.83.219.57 - - [19/Nov/2022:12:36:28 +0800] "GET /xingrg/all/function/internal_message.html?_=1668832711679&CODE_STATE=getMsg HTTP/1.1" 200 27
120.253.135.82 - - [19/Nov/2022:12:36:36 +0800] "GET /xingrg/kc/pszx/mdqp_order_list.html?state=10 HTTP/1.1" 200 10275
120.253.135.82 - - [19/Nov/2022:12:36:36 +0800] "GET /xingrg/dwr/interface/AjaxQqpsService.js HTTP/1.1" 200 16326
114.95.46.117 - - [19/Nov/2022:12:36:36 +0800] "GET /xingrg/all/function/internal_message.html?_=1668832445748&CODE_STATE=getMsg HTTP/1.1" 200 27
120.253.135.82 - - [19/Nov/2022:12:36:36 +0800] "GET /xingrg/dwr/interface/AjaxReportQueryService.js HTTP/1.1" 200 13203
120.253.135.82 - - [19/Nov/2022:12:36:36 +0800] "GET /xingrg/dwr/engine.js HTTP/1.1" 200 43631
180.169.147.146 - - [19/Nov/2022:12:36:37 +0800] "GET /xingrg/all/function/internal_message.html?_=1668832597755&CODE_STATE=getMsg HTTP/1.1" 200 27
120.253.135.82 - - [19/Nov/2022:12:36:40 +0800] "GET /xingrg/kc/pszx/mdps_order_list.html?orderType=0 HTTP/1.1" 200 21035
120.253.135.82 - - [19/Nov/2022:12:36:40 +0800] "POST /xingrg/kc/pszx/mdps_list_operate.html HTTP/1.1" 200 5280
218.81.217.29 - - [19/Nov/2022:12:36:41 +0800] "GET /xingrg/all/function/internal_message.html?_=1668832623297&CODE_STATE=getMsg HTTP/1.1" 200 27
180.169.147.146 - - [19/Nov/2022:12:36:41 +0800] "GET /xingrg/all/function/internal_message.html?_=1668832599663&CODE_STATE=getMsg HTTP/1.1" 200 27
124.79.74.72 - - [19/Nov/2022:12:36:41 +0800] "POST /xingrg/kc/buy/cgsh_order_operate.html HTTP/1.1" 200 37
124.79.74.72 - - [19/Nov/2022:12:36:43 +0800] "POST /xingrg/kc/buy/cgsh_order_operate.html HTTP/1.1" 200 6780
124.79.74.72 - - [19/Nov/2022:12:36:44 +0800] "GET /xingrg/kc/print/load_config.html?kc_code=cgsh HTTP/1.1" 200 1943
124.79.74.72 - - [19/Nov/2022:12:36:45 +0800] "GET /xingrg/kc/print/load_data.html?order_code=212022111906422&kc_code=cgsh&condition= HTTP/1.1" 200 2314
180.162.229.95 - - [19/Nov/2022:12:36:47 +0800] "GET /xingrg/all/function/internal_message.html?_=1668832607505&CODE_STATE=getMsg HTTP/1.1" 200 27
114.83.217.254 - - [19/Nov/2022:12:36:47 +0800] "GET /xingrg/all/function/internal_message.html?_=1668832606100&CODE_STATE=getMsg HTTP/1.1" 200 27
180.162.115.136 - - [19/Nov/2022:12:36:55 +0800] "GET /xingrg/all/function/internal_message.html?_=1668831658319&CODE_STATE=getMsg HTTP/1.1" 200 27
124.79.74.72 - - [19/Nov/2022:12:37:01 +0800] "GET /xingrg/all/function/internal_message.html?_=1668832627184&CODE_STATE=getMsg HTTP/1.1" 200 27
61.170.235.134 - - [19/Nov/2022:12:37:09 +0800] "GET /xingrg/all/function/internal_message.html?_=1668832622035&CODE_STATE=getMsg HTTP/1.1" 200 27
180.162.229.95 - - [19/Nov/2022:12:37:11 +0800] "GET /xingrg/all/function/internal_message.html?_=1668832640445&CODE_STATE=getMsg HTTP/1.1" 302 -
180.162.229.95 - - [19/Nov/2022:12:37:11 +0800] "GET /xingrg/check_reg.html?_=1668832640447 HTTP/1.1" 302 -
116.230.105.139 - - [19/Nov/2022:12:37:14 +0800] "GET /xingrg/all/function/internal_message.html?_=1668832627932&CODE_STATE=getMsg HTTP/1.1" 200 27
116.238.139.35 - - [19/Nov/2022:12:37:15 +0800] "GET /xingrg/all/function/internal_message.html?_=1668832546407&CODE_STATE=getMsg HTTP/1.1" 200 27
114.95.46.117 - - [19/Nov/2022:12:37:15 +0800] "GET /xingrg/all/function/internal_message.html?_=1668832636255&CODE_STATE=getMsg HTTP/1.1" 200 27
120.253.135.82 - - [19/Nov/2022:12:37:16 +0800] "GET /xingrg/all/function/internal_message.html?_=1668832750137&CODE_STATE=getMsg HTTP/1.1" 200 27
101.85.106.255 - - [19/Nov/2022:12:37:21 +0800] "GET /xingrg/all/function/internal_message.html?_=1668832640944&CODE_STATE=getMsg HTTP/1.1" 200 27
101.85.106.255 - - [19/Nov/2022:12:37:21 +0800] "GET /xingrg/check_reg.html?_=1668832641603 HTTP/1.1" 200 22
116.235.92.184 - - [19/Nov/2022:12:37:24 +0800] "GET /xingrg/all/function/internal_message.html?_=1668832861091&CODE_STATE=getMsg HTTP/1.1" 200 27
116.235.92.184 - - [19/Nov/2022:12:37:24 +0800] "GET /xingrg/check_reg.html?_=1668832861513 HTTP/1.1" 200 22
120.253.135.82 - - [19/Nov/2022:12:37:27 +0800] "GET /xingrg/all/function/internal_message.html?_=1668832641937&CODE_STATE=getMsg HTTP/1.1" 200 27
114.83.219.57 - - [19/Nov/2022:12:37:28 +0800] "GET /xingrg/check_reg.html?_=1668832771678 HTTP/1.1" 200 22
114.83.219.57 - - [19/Nov/2022:12:37:28 +0800] "GET /xingrg/all/function/internal_message.html?_=1668832771679&CODE_STATE=getMsg HTTP/1.1" 200 27
218.81.217.29 - - [19/Nov/2022:12:37:30 +0800] "GET /xingrg/check_reg.html?_=1668832672841 HTTP/1.1" 200 22
114.95.46.117 - - [19/Nov/2022:12:37:36 +0800] "GET /xingrg/check_reg.html?_=1668832505507 HTTP/1.1" 200 22
114.95.46.117 - - [19/Nov/2022:12:37:36 +0800] "GET /xingrg/all/function/internal_message.html?_=1668832505738&CODE_STATE=getMsg HTTP/1.1" 200 27
180.169.147.146 - - [19/Nov/2022:12:37:37 +0800] "GET /xingrg/all/function/internal_message.html?_=1668832657754&CODE_STATE=getMsg HTTP/1.1" 200 27
218.81.217.29 - - [19/Nov/2022:12:37:41 +0800] "GET /xingrg/all/function/internal_message.html?_=1668832683308&CODE_STATE=getMsg HTTP/1.1" 200 27
180.169.147.146 - - [19/Nov/2022:12:37:41 +0800] "GET /xingrg/all/function/internal_message.html?_=1668832659661&CODE_STATE=getMsg HTTP/1.1" 200 27
180.162.229.95 - - [19/Nov/2022:12:37:47 +0800] "GET /xingrg/all/function/internal_message.html?_=1668832667487&CODE_STATE=getMsg HTTP/1.1" 200 27
114.83.217.254 - - [19/Nov/2022:12:37:47 +0800] "GET /xingrg/all/function/internal_message.html?_=1668832666084&CODE_STATE=getMsg HTTP/1.1" 200 27
180.162.115.136 - - [19/Nov/2022:12:37:55 +0800] "GET /xingrg/all/function/internal_message.html?_=1668831718333&CODE_STATE=getMsg HTTP/1.1" 200 27
124.79.74.72 - - [19/Nov/2022:12:38:01 +0800] "GET /xingrg/all/function/internal_message.html?_=1668832687186&CODE_STATE=getMsg HTTP/1.1" 200 27
61.170.235.134 - - [19/Nov/2022:12:38:08 +0800] "GET /xingrg/all/function/internal_message.html?_=1668832682007&CODE_STATE=getMsg HTTP/1.1" 200 27
180.162.229.95 - - [19/Nov/2022:12:38:11 +0800] "GET /xingrg/all/function/internal_message.html?_=1668832700445&CODE_STATE=getMsg HTTP/1.1" 302 -
114.83.217.254 - - [19/Nov/2022:12:38:13 +0800] "GET /xingrg/check_reg.html?_=1668832692311 HTTP/1.1" 200 22
116.230.105.139 - - [19/Nov/2022:12:38:14 +0800] "GET /xingrg/all/function/internal_message.html?_=1668832687932&CODE_STATE=getMsg HTTP/1.1" 200 27
116.230.105.139 - - [19/Nov/2022:12:38:14 +0800] "GET /xingrg/check_reg.html?_=1668832687933 HTTP/1.1" 200 22
116.238.139.35 - - [19/Nov/2022:12:38:15 +0800] "GET /xingrg/all/function/internal_message.html?_=1668832606421&CODE_STATE=getMsg HTTP/1.1" 200 27
114.95.46.117 - - [19/Nov/2022:12:38:15 +0800] "GET /xingrg/all/function/internal_message.html?_=1668832696232&CODE_STATE=getMsg HTTP/1.1" 200 27
120.253.135.82 - - [19/Nov/2022:12:38:16 +0800] "GET /xingrg/all/function/internal_message.html?_=1668832810148&CODE_STATE=getMsg HTTP/1.1" 200 27
114.95.46.117 - - [19/Nov/2022:12:38:18 +0800] "GET /xingrg/check_reg.html?_=1668832699232 HTTP/1.1" 200 22
101.85.106.255 - - [19/Nov/2022:12:38:21 +0800] "GET /xingrg/all/function/internal_message.html?_=1668832700942&CODE_STATE=getMsg HTTP/1.1" 200 27
116.235.92.184 - - [19/Nov/2022:12:38:23 +0800] "GET /xingrg/all/function/internal_message.html?_=1668832921068&CODE_STATE=getMsg HTTP/1.1" 200 27
120.253.135.82 - - [19/Nov/2022:12:38:27 +0800] "GET /xingrg/all/function/internal_message.html?_=1668832701948&CODE_STATE=getMsg HTTP/1.1" 200 27
114.83.219.57 - - [19/Nov/2022:12:38:28 +0800] "GET /xingrg/all/function/internal_message.html?_=1668832831672&CODE_STATE=getMsg HTTP/1.1" 200 27
114.95.46.117 - - [19/Nov/2022:12:38:36 +0800] "GET /xingrg/all/function/internal_message.html?_=1668832565729&CODE_STATE=getMsg HTTP/1.1" 200 27
180.169.147.146 - - [19/Nov/2022:12:38:37 +0800] "GET /xingrg/all/function/internal_message.html?_=1668832717748&CODE_STATE=getMsg HTTP/1.1" 200 27
218.81.217.29 - - [19/Nov/2022:12:38:41 +0800] "GET /xingrg/all/function/internal_message.html?_=1668832743323&CODE_STATE=getMsg HTTP/1.1" 200 27
180.169.147.146 - - [19/Nov/2022:12:38:41 +0800] "GET /xingrg/all/function/internal_message.html?_=1668832719700&CODE_STATE=getMsg HTTP/1.1" 200 27
123.6.49.6 - - [19/Nov/2022:12:38:47 +0800] "êæV"²X>ÿôXcÛI¹×]ùU4¹ þ²Æœ4Ç ¢äÑG¢ZæâM¹N¬ƒ;ß ,׌¦@RmO‘gâFà&À+À/À,À0̨̩À ÀÀ" 400 -
180.162.229.95 - - [19/Nov/2022:12:38:47 +0800] "GET /xingrg/all/function/internal_message.html?_=1668832727470&CODE_STATE=getMsg HTTP/1.1" 200 27
123.6.49.38 - - [19/Nov/2022:12:38:47 +0800] "êæú†!™ÁÔÆ/ø„›?¶ŸX’‰ó$;­¤Ô$i ÃAb÷HÏ. K=糬-¼Õ_z²çqâ=8&¯&À+À/À,À0̨̩À ÀÀ" 400 -
114.83.217.254 - - [19/Nov/2022:12:38:47 +0800] "GET /xingrg/all/function/internal_message.html?_=1668832726056&CODE_STATE=getMsg HTTP/1.1" 200 27
180.162.229.95 - - [19/Nov/2022:12:38:47 +0800] "GET /xingrg/check_reg.html?_=1668832728079 HTTP/1.1" 200 22
180.162.115.136 - - [19/Nov/2022:12:38:55 +0800] "GET /xingrg/all/function/internal_message.html?_=1668831778343&CODE_STATE=getMsg HTTP/1.1" 200 27
124.79.74.72 - - [19/Nov/2022:12:39:01 +0800] "GET /xingrg/all/function/internal_message.html?_=1668832747189&CODE_STATE=getMsg HTTP/1.1" 200 27
61.170.235.134 - - [19/Nov/2022:12:39:08 +0800] "GET /xingrg/all/function/internal_message.html?_=1668832741983&CODE_STATE=getMsg HTTP/1.1" 200 27
180.162.229.95 - - [19/Nov/2022:12:39:11 +0800] "GET /xingrg/all/function/internal_message.html?_=1668832760445&CODE_STATE=getMsg HTTP/1.1" 302 -
116.230.105.139 - - [19/Nov/2022:12:39:14 +0800] "GET /xingrg/all/function/internal_message.html?_=1668832747928&CODE_STATE=getMsg HTTP/1.1" 200 27
116.238.139.35 - - [19/Nov/2022:12:39:15 +0800] "GET /xingrg/all/function/internal_message.html?_=1668832666458&CODE_STATE=getMsg HTTP/1.1" 200 27
120.253.135.82 - - [19/Nov/2022:12:39:15 +0800] "GET /xingrg/check_reg.html?_=1668832869013 HTTP/1.1" 200 22
114.95.46.117 - - [19/Nov/2022:12:39:15 +0800] "GET /xingrg/all/function/internal_message.html?_=1668832756208&CODE_STATE=getMsg HTTP/1.1" 200 27
120.253.135.82 - - [19/Nov/2022:12:39:16 +0800] "GET /xingrg/all/function/internal_message.html?_=1668832870162&CODE_STATE=getMsg HTTP/1.1" 200 27
101.85.106.255 - - [19/Nov/2022:12:39:21 +0800] "GET /xingrg/all/function/internal_message.html?_=1668832760925&CODE_STATE=getMsg HTTP/1.1" 200 27
116.235.92.184 - - [19/Nov/2022:12:39:23 +0800] "GET /xingrg/all/function/internal_message.html?_=1668832981041&CODE_STATE=getMsg HTTP/1.1" 200 27
120.253.135.82 - - [19/Nov/2022:12:39:27 +0800] "GET /xingrg/all/function/internal_message.html?_=1668832761940&CODE_STATE=getMsg HTTP/1.1" 200 27
114.88.159.190 - - [19/Nov/2022:12:39:27 +0800] "GET /xingrg/check_reg.html?_=1668832374573 HTTP/1.1" 200 22
114.83.219.57 - - [19/Nov/2022:12:39:28 +0800] "GET /xingrg/all/function/internal_message.html?_=1668832891662&CODE_STATE=getMsg HTTP/1.1" 200 27
114.84.81.136 - - [19/Nov/2022:12:39:34 +0800] "GET /xingrg/check_reg.html?_=1668832774881 HTTP/1.1" 200 22
114.95.46.117 - - [19/Nov/2022:12:39:36 +0800] "GET /xingrg/all/function/internal_message.html?_=1668832625707&CODE_STATE=getMsg HTTP/1.1" 200 27
180.169.147.146 - - [19/Nov/2022:12:39:37 +0800] "GET /xingrg/all/function/internal_message.html?_=1668832777746&CODE_STATE=getMsg HTTP/1.1" 200 27
180.169.147.146 - - [19/Nov/2022:12:39:41 +0800] "GET /xingrg/check_reg.html?_=1668832779698 HTTP/1.1" 200 22
180.169.147.146 - - [19/Nov/2022:12:39:41 +0800] "GET /xingrg/all/function/internal_message.html?_=1668832779700&CODE_STATE=getMsg HTTP/1.1" 200 27
218.81.217.29 - - [19/Nov/2022:12:39:41 +0800] "GET /xingrg/all/function/internal_message.html?_=1668832803604&CODE_STATE=getMsg HTTP/1.1" 200 27
180.162.229.95 - - [19/Nov/2022:12:39:47 +0800] "GET /xingrg/all/function/internal_message.html?_=1668832787450&CODE_STATE=getMsg HTTP/1.1" 200 27
114.83.217.254 - - [19/Nov/2022:12:39:47 +0800] "GET /xingrg/all/function/internal_message.html?_=1668832786042&CODE_STATE=getMsg HTTP/1.1" 200 27
180.162.115.136 - - [19/Nov/2022:12:39:54 +0800] "GET /xingrg/check_reg.html?_=1668831837887 HTTP/1.1" 200 22
180.162.115.136 - - [19/Nov/2022:12:39:55 +0800] "GET /xingrg/all/function/internal_message.html?_=1668831838355&CODE_STATE=getMsg HTTP/1.1" 200 27
124.79.74.72 - - [19/Nov/2022:12:40:01 +0800] "GET /xingrg/all/function/internal_message.html?_=1668832807191&CODE_STATE=getMsg HTTP/1.1" 200 27
180.169.147.146 - - [19/Nov/2022:12:40:07 +0800] "POST /xingrg/kc/buy/cgsh_list_operate.html HTTP/1.1" 200 6060
61.170.235.134 - - [19/Nov/2022:12:40:08 +0800] "GET /xingrg/all/function/internal_message.html?_=1668832801954&CODE_STATE=getMsg HTTP/1.1" 200 27
180.169.147.146 - - [19/Nov/2022:12:40:09 +0800] "POST /xingrg/kc/buy/cgsh_list_operate.html HTTP/1.1" 200 587
180.169.147.146 - - [19/Nov/2022:12:40:09 +0800] "GET /xingrg/kc/buy/cgsh_order_info.html?code=212022111906415 HTTP/1.1" 200 69510
180.169.147.146 - - [19/Nov/2022:12:40:10 +0800] "GET /xingrg/words/20221118170638_words.js HTTP/1.1" 304 -
180.169.147.146 - - [19/Nov/2022:12:40:10 +0800] "GET /xingrg/javascript/easyui/themes/default/validatebox.css HTTP/1.1" 404 1104
180.169.147.146 - - [19/Nov/2022:12:40:10 +0800] "POST /xingrg/kc/buy/cgsh_order_operate.html HTTP/1.1" 200 6250
180.162.229.95 - - [19/Nov/2022:12:40:11 +0800] "GET /xingrg/all/function/internal_message.html?_=1668832820444&CODE_STATE=getMsg HTTP/1.1" 302 -
180.169.147.146 - - [19/Nov/2022:12:40:12 +0800] "GET /xingrg/kc/print/load_data.html?order_code=212022111906415&kc_code=cgsh HTTP/1.1" 200 2168
116.230.105.139 - - [19/Nov/2022:12:40:14 +0800] "GET /xingrg/all/function/internal_message.html?_=1668832807917&CODE_STATE=getMsg HTTP/1.1" 200 27
116.238.139.35 - - [19/Nov/2022:12:40:15 +0800] "GET /xingrg/all/function/internal_message.html?_=1668832726464&CODE_STATE=getMsg HTTP/1.1" 200 27
114.95.46.117 - - [19/Nov/2022:12:40:15 +0800] "GET /xingrg/all/function/internal_message.html?_=1668832816176&CODE_STATE=getMsg HTTP/1.1" 200 27
120.253.135.82 - - [19/Nov/2022:12:40:16 +0800] "GET /xingrg/all/function/internal_message.html?_=1668832930177&CODE_STATE=getMsg HTTP/1.1" 200 27
101.85.106.255 - - [19/Nov/2022:12:40:20 +0800] "GET /xingrg/all/function/internal_message.html?_=1668832820910&CODE_STATE=getMsg HTTP/1.1" 200 27
116.235.92.184 - - [19/Nov/2022:12:40:23 +0800] "GET /xingrg/all/function/internal_message.html?_=1668833041011&CODE_STATE=getMsg HTTP/1.1" 200 27
120.253.135.82 - - [19/Nov/2022:12:40:27 +0800] "GET /xingrg/all/function/internal_message.html?_=1668832821943&CODE_STATE=getMsg HTTP/1.1" 200 27
114.83.219.57 - - [19/Nov/2022:12:40:28 +0800] "GET /xingrg/all/function/internal_message.html?_=1668832951667&CODE_STATE=getMsg HTTP/1.1" 200 27
114.95.46.117 - - [19/Nov/2022:12:40:36 +0800] "GET /xingrg/all/function/internal_message.html?_=1668832685687&CODE_STATE=getMsg HTTP/1.1" 200 27
180.169.147.146 - - [19/Nov/2022:12:40:37 +0800] "GET /xingrg/all/function/internal_message.html?_=1668832837742&CODE_STATE=getMsg HTTP/1.1" 200 27
180.169.147.146 - - [19/Nov/2022:12:40:37 +0800] "GET /xingrg/check_reg.html?_=1668832837743 HTTP/1.1" 200 22
180.169.147.146 - - [19/Nov/2022:12:40:41 +0800] "GET /xingrg/all/function/internal_message.html?_=1668832839691&CODE_STATE=getMsg HTTP/1.1" 200 27
218.81.217.29 - - [19/Nov/2022:12:40:41 +0800] "GET /xingrg/all/function/internal_message.html?_=1668832863614&CODE_STATE=getMsg HTTP/1.1" 200 27
180.162.229.95 - - [19/Nov/2022:12:40:47 +0800] "GET /xingrg/all/function/internal_message.html?_=1668832847436&CODE_STATE=getMsg HTTP/1.1" 200 27
114.83.217.254 - - [19/Nov/2022:12:40:47 +0800] "GET /xingrg/all/function/internal_message.html?_=1668832846034&CODE_STATE=getMsg HTTP/1.1" 200 27
180.162.115.136 - - [19/Nov/2022:12:40:55 +0800] "GET /xingrg/all/function/internal_message.html?_=1668831898367&CODE_STATE=getMsg HTTP/1.1" 200 27
124.79.74.72 - - [19/Nov/2022:12:40:59 +0800] "GET /xingrg/kc/base/base_main.html HTTP/1.1" 200 12142
124.79.74.72 - - [19/Nov/2022:12:41:01 +0800] "GET /xingrg/all/function/internal_message.html?_=1668832867193&CODE_STATE=getMsg HTTP/1.1" 200 27
124.79.74.72 - - [19/Nov/2022:12:41:01 +0800] "GET /xingrg/check_reg.html?_=1668832867194 HTTP/1.1" 200 22
124.79.74.72 - - [19/Nov/2022:12:41:02 +0800] "GET /xingrg/kc/mdqp/qp_main.html HTTP/1.1" 200 10633
58.221.95.50 - - [19/Nov/2022:12:41:02 +0800] "GET /xingrg/check_reg.html?_=1668832847151 HTTP/1.1" 302 -
124.79.74.72 - - [19/Nov/2022:12:41:03 +0800] "GET /xingrg/kc/mdqp/pssh_order_list.html HTTP/1.1" 200 17929
124.79.74.72 - - [19/Nov/2022:12:41:03 +0800] "POST /xingrg/kc/mdqp/pssh_list_operate.html HTTP/1.1" 200 5328
124.79.74.72 - - [19/Nov/2022:12:41:06 +0800] "POST /xingrg/kc/mdqp/pssh_list_operate.html HTTP/1.1" 200 266
61.170.235.134 - - [19/Nov/2022:12:41:06 +0800] "GET /xingrg/check_reg.html?_=1668832859404 HTTP/1.1" 200 22
124.79.74.72 - - [19/Nov/2022:12:41:07 +0800] "GET /xingrg/kc/mdqp/pssh_order_info.html?code=312022111300293 HTTP/1.1" 200 14388
124.79.74.72 - - [19/Nov/2022:12:41:07 +0800] "GET /xingrg/javascript/jquery_tools/jquery-1.4.2.min.js HTTP/1.1" 404 1094
124.79.74.72 - - [19/Nov/2022:12:41:07 +0800] "POST /xingrg/kc/mdqp/pssh_order_operate.html HTTP/1.1" 200 540
124.79.74.72 - - [19/Nov/2022:12:41:08 +0800] "GET /xingrg/javascript/easyui/themes/default/validatebox.css HTTP/1.1" 404 1104
61.170.235.134 - - [19/Nov/2022:12:41:08 +0800] "GET /xingrg/all/function/internal_message.html?_=1668832861928&CODE_STATE=getMsg HTTP/1.1" 200 27
180.162.229.95 - - [19/Nov/2022:12:41:11 +0800] "GET /xingrg/all/function/internal_message.html?_=1668832880442&CODE_STATE=getMsg HTTP/1.1" 302 -
116.238.139.35 - - [19/Nov/2022:12:41:14 +0800] "GET /xingrg/check_reg.html?_=1668832785645 HTTP/1.1" 200 22
116.230.105.139 - - [19/Nov/2022:12:41:14 +0800] "GET /xingrg/all/function/internal_message.html?_=1668832867929&CODE_STATE=getMsg HTTP/1.1" 200 27
116.238.139.35 - - [19/Nov/2022:12:41:15 +0800] "GET /xingrg/all/function/internal_message.html?_=1668832786479&CODE_STATE=getMsg HTTP/1.1" 200 27
114.95.46.117 - - [19/Nov/2022:12:41:15 +0800] "GET /xingrg/all/function/internal_message.html?_=1668832876145&CODE_STATE=getMsg HTTP/1.1" 200 27
120.253.135.82 - - [19/Nov/2022:12:41:16 +0800] "GET /xingrg/all/function/internal_message.html?_=1668832990191&CODE_STATE=getMsg HTTP/1.1" 200 27
101.85.106.255 - - [19/Nov/2022:12:41:20 +0800] "GET /xingrg/all/function/internal_message.html?_=1668832880895&CODE_STATE=getMsg HTTP/1.1" 200 27
116.235.92.184 - - [19/Nov/2022:12:41:23 +0800] "GET /xingrg/all/function/internal_message.html?_=1668833100992&CODE_STATE=getMsg HTTP/1.1" 200 27
120.253.135.82 - - [19/Nov/2022:12:41:27 +0800] "GET /xingrg/all/function/internal_message.html?_=1668832881956&CODE_STATE=getMsg HTTP/1.1" 200 27
120.253.135.82 - - [19/Nov/2022:12:41:27 +0800] "GET /xingrg/check_reg.html?_=1668832881950 HTTP/1.1" 200 22
114.83.219.57 - - [19/Nov/2022:12:41:28 +0800] "GET /xingrg/all/function/internal_message.html?_=1668833011672&CODE_STATE=getMsg HTTP/1.1" 200 27
114.95.46.117 - - [19/Nov/2022:12:41:36 +0800] "GET /xingrg/all/function/internal_message.html?_=1668832745680&CODE_STATE=getMsg HTTP/1.1" 200 27
180.169.147.146 - - [19/Nov/2022:12:41:37 +0800] "GET /xingrg/all/function/internal_message.html?_=1668832897757&CODE_STATE=getMsg HTTP/1.1" 200 27
180.169.147.146 - - [19/Nov/2022:12:41:41 +0800] "GET /xingrg/all/function/internal_message.html?_=1668832899698&CODE_STATE=getMsg HTTP/1.1" 200 27
218.81.217.29 - - [19/Nov/2022:12:41:41 +0800] "GET /xingrg/all/function/internal_message.html?_=1668832923938&CODE_STATE=getMsg HTTP/1.1" 200 27
180.162.229.95 - - [19/Nov/2022:12:41:47 +0800] "GET /xingrg/all/function/internal_message.html?_=1668832907416&CODE_STATE=getMsg HTTP/1.1" 200 27
114.83.217.254 - - [19/Nov/2022:12:41:47 +0800] "GET /xingrg/all/function/internal_message.html?_=1668832906013&CODE_STATE=getMsg HTTP/1.1" 200 27
180.162.115.136 - - [19/Nov/2022:12:41:55 +0800] "GET /xingrg/all/function/internal_message.html?_=1668831958378&CODE_STATE=getMsg HTTP/1.1" 200 27
124.79.74.72 - - [19/Nov/2022:12:42:01 +0800] "GET /xingrg/all/function/internal_message.html?_=1668832927199&CODE_STATE=getMsg HTTP/1.1" 200 27
61.170.235.134 - - [19/Nov/2022:12:42:08 +0800] "GET /xingrg/all/function/internal_message.html?_=1668832921905&CODE_STATE=getMsg HTTP/1.1" 200 27
180.162.229.95 - - [19/Nov/2022:12:42:11 +0800] "GET /xingrg/check_reg.html?_=1668832940442 HTTP/1.1" 302 -
180.162.229.95 - - [19/Nov/2022:12:42:11 +0800] "GET /xingrg/all/function/internal_message.html?_=1668832940442&CODE_STATE=getMsg HTTP/1.1" 302 -
114.83.217.254 - - [19/Nov/2022:12:42:13 +0800] "GET /xingrg/kc/buy/cgsh_order_operate.html?command=get_materiel&rest_code=00149&code=00102009964&supplier_code=00100151&order_time=2022-11-19 HTTP/1.1" 200 410
116.230.105.139 - - [19/Nov/2022:12:42:14 +0800] "GET /xingrg/all/function/internal_message.html?_=1668832927925&CODE_STATE=getMsg HTTP/1.1" 200 27
116.238.139.35 - - [19/Nov/2022:12:42:15 +0800] "GET /xingrg/all/function/internal_message.html?_=1668832846492&CODE_STATE=getMsg HTTP/1.1" 200 27
114.95.46.117 - - [19/Nov/2022:12:42:15 +0800] "GET /xingrg/all/function/internal_message.html?_=1668832936123&CODE_STATE=getMsg HTTP/1.1" 200 27
120.253.135.82 - - [19/Nov/2022:12:42:16 +0800] "GET /xingrg/all/function/internal_message.html?_=1668833050263&CODE_STATE=getMsg HTTP/1.1" 200 27
180.162.229.95 - - [19/Nov/2022:12:42:18 +0800] "GET /xingrg/kc/buy/cgsh_order_list.html HTTP/1.1" 200 53717
180.171.133.8 - - [19/Nov/2022:12:42:18 +0800] "POST /xingrg/services/DataTransmitService HTTP/1.1" 200 524
180.162.229.95 - - [19/Nov/2022:12:42:20 +0800] "POST /xingrg/kc/buy/cgsh_list_operate.html HTTP/1.1" 200 2632
180.171.133.8 - - [19/Nov/2022:12:42:20 +0800] "POST /xingrg/services/DataTransmitService HTTP/1.1" 200 501
101.85.106.255 - - [19/Nov/2022:12:42:20 +0800] "GET /xingrg/all/function/internal_message.html?_=1668832940880&CODE_STATE=getMsg HTTP/1.1" 200 27
180.171.133.8 - - [19/Nov/2022:12:42:21 +0800] "POST /xingrg/services/DataTransmitService HTTP/1.1" 200 501
180.171.133.8 - - [19/Nov/2022:12:42:21 +0800] "POST /xingrg/services/DataTransmitService HTTP/1.1" 200 501
180.171.133.8 - - [19/Nov/2022:12:42:21 +0800] "POST /xingrg/services/DataTransmitService HTTP/1.1" 200 501
180.171.133.8 - - [19/Nov/2022:12:42:21 +0800] "POST /xingrg/services/DataTransmitService HTTP/1.1" 200 501
101.85.106.255 - - [19/Nov/2022:12:42:21 +0800] "GET /xingrg/check_reg.html?_=1668832941601 HTTP/1.1" 200 22
180.171.133.8 - - [19/Nov/2022:12:42:21 +0800] "POST /xingrg/services/DataTransmitService HTTP/1.1" 200 501
180.171.133.8 - - [19/Nov/2022:12:42:22 +0800] "POST /xingrg/services/DataTransmitService HTTP/1.1" 200 501
180.171.133.8 - - [19/Nov/2022:12:42:22 +0800] "POST /xingrg/services/DataTransmitService HTTP/1.1" 200 501
180.171.133.8 - - [19/Nov/2022:12:42:23 +0800] "POST /xingrg/services/DataTransmitService HTTP/1.1" 200 501
180.162.229.95 - - [19/Nov/2022:12:42:23 +0800] "GET /xingrg/kc/buy/cgsh_order_add.html HTTP/1.1" 200 69533
180.171.133.8 - - [19/Nov/2022:12:42:23 +0800] "POST /xingrg/services/DataTransmitService HTTP/1.1" 200 412
180.162.229.95 - - [19/Nov/2022:12:42:23 +0800] "GET /xingrg/words/20221118170638_words.js HTTP/1.1" 304 -
180.162.229.95 - - [19/Nov/2022:12:42:23 +0800] "POST /xingrg/kc/buy/cgsh_order_operate.html HTTP/1.1" 200 8245
180.162.229.95 - - [19/Nov/2022:12:42:23 +0800] "GET /xingrg/javascript/easyui/themes/default/validatebox.css HTTP/1.1" 404 1104
116.235.92.184 - - [19/Nov/2022:12:42:23 +0800] "GET /xingrg/all/function/internal_message.html?_=1668833160971&CODE_STATE=getMsg HTTP/1.1" 200 27
116.235.92.184 - - [19/Nov/2022:12:42:24 +0800] "GET /xingrg/check_reg.html?_=1668833161518 HTTP/1.1" 200 22
180.162.229.95 - - [19/Nov/2022:12:42:24 +0800] "GET /xingrg/javascript/easyui/themes/default/tree.css HTTP/1.1" 404 1090
180.162.229.95 - - [19/Nov/2022:12:42:24 +0800] "POST /xingrg/all/common/load_tree.html?tree=supplier_tree_json&isDelete=1 HTTP/1.1" 200 70135
120.253.135.82 - - [19/Nov/2022:12:42:27 +0800] "GET /xingrg/all/function/internal_message.html?_=1668832941941&CODE_STATE=getMsg HTTP/1.1" 200 27
114.83.219.57 - - [19/Nov/2022:12:42:28 +0800] "GET /xingrg/all/function/internal_message.html?_=1668833071670&CODE_STATE=getMsg HTTP/1.1" 200 27
114.83.219.57 - - [19/Nov/2022:12:42:28 +0800] "GET /xingrg/check_reg.html?_=1668833071673 HTTP/1.1" 200 22
218.81.217.29 - - [19/Nov/2022:12:42:30 +0800] "GET /xingrg/check_reg.html?_=1668832972855 HTTP/1.1" 200 22
114.83.217.254 - - [19/Nov/2022:12:42:35 +0800] "GET /xingrg/kc/buy/cgsh_order_operate.html?command=get_materiel&rest_code=00149&code=00102011295&supplier_code=00100151&order_time=2022-11-19 HTTP/1.1" 200 395
114.95.46.117 - - [19/Nov/2022:12:42:36 +0800] "GET /xingrg/check_reg.html?_=1668832805497 HTTP/1.1" 200 22
114.95.46.117 - - [19/Nov/2022:12:42:36 +0800] "GET /xingrg/all/function/internal_message.html?_=1668832805657&CODE_STATE=getMsg HTTP/1.1" 200 27
180.169.147.146 - - [19/Nov/2022:12:42:37 +0800] "GET /xingrg/all/function/internal_message.html?_=1668832957756&CODE_STATE=getMsg HTTP/1.1" 200 27
180.162.229.95 - - [19/Nov/2022:12:42:38 +0800] "GET /xingrg/javascript/auto/indicator.gif HTTP/1.1" 404 1066
180.169.147.146 - - [19/Nov/2022:12:42:41 +0800] "GET /xingrg/all/function/internal_message.html?_=1668832959696&CODE_STATE=getMsg HTTP/1.1" 200 27
218.81.217.29 - - [19/Nov/2022:12:42:41 +0800] "GET /xingrg/all/function/internal_message.html?_=1668832983938&CODE_STATE=getMsg HTTP/1.1" 200 27
180.162.229.95 - - [19/Nov/2022:12:42:43 +0800] "GET /xingrg/kc/buy/cgsh_order_operate.html?command=get_materiel&rest_code=00102&code=00101029085&supplier_code=00100406&order_time=2022-11-19 HTTP/1.1" 200 469
180.162.229.95 - - [19/Nov/2022:12:42:47 +0800] "GET /xingrg/all/function/internal_message.html?_=1668832967408&CODE_STATE=getMsg HTTP/1.1" 200 27
114.83.217.254 - - [19/Nov/2022:12:42:47 +0800] "GET /xingrg/all/function/internal_message.html?_=1668832965997&CODE_STATE=getMsg HTTP/1.1" 200 27
180.162.115.136 - - [19/Nov/2022:12:42:55 +0800] "GET /xingrg/all/function/internal_message.html?_=1668832018394&CODE_STATE=getMsg HTTP/1.1" 200 27
180.162.229.95 - - [19/Nov/2022:12:42:58 +0800] "POST /xingrg/kc/buy/cgsh_order_operate.html HTTP/1.1" 200 37
124.79.74.72 - - [19/Nov/2022:12:43:01 +0800] "GET /xingrg/all/function/internal_message.html?_=1668832987203&CODE_STATE=getMsg HTTP/1.1" 200 27
180.162.229.95 - - [19/Nov/2022:12:43:02 +0800] "POST /xingrg/kc/buy/cgsh_order_operate.html HTTP/1.1" 200 12
180.162.229.95 - - [19/Nov/2022:12:43:03 +0800] "GET /xingrg/kc/buy/cgsh_order_info.html?code=212022111906433 HTTP/1.1" 200 64440
180.162.229.95 - - [19/Nov/2022:12:43:04 +0800] "GET /xingrg/javascript/easyui/themes/default/validatebox.css HTTP/1.1" 404 1104
180.162.229.95 - - [19/Nov/2022:12:43:04 +0800] "POST /xingrg/kc/buy/cgsh_order_operate.html HTTP/1.1" 200 636
180.162.229.95 - - [19/Nov/2022:12:43:08 +0800] "GET /xingrg/kc/print/load_data.html?order_code=212022111906433&kc_code=cgsh&condition= HTTP/1.1" 200 716
61.170.235.134 - - [19/Nov/2022:12:43:08 +0800] "GET /xingrg/all/function/internal_message.html?_=1668832981885&CODE_STATE=getMsg HTTP/1.1" 200 27
180.162.229.95 - - [19/Nov/2022:12:43:11 +0800] "GET /xingrg/all/function/internal_message.html?_=1668833000440&CODE_STATE=getMsg HTTP/1.1" 302 -
114.83.217.254 - - [19/Nov/2022:12:43:13 +0800] "GET /xingrg/check_reg.html?_=1668832992312 HTTP/1.1" 200 22
116.230.105.139 - - [19/Nov/2022:12:43:14 +0800] "GET /xingrg/all/function/internal_message.html?_=1668832987936&CODE_STATE=getMsg HTTP/1.1" 200 27
116.230.105.139 - - [19/Nov/2022:12:43:14 +0800] "GET /xingrg/check_reg.html?_=1668832987937 HTTP/1.1" 200 22
116.238.139.35 - - [19/Nov/2022:12:43:15 +0800] "GET /xingrg/all/function/internal_message.html?_=1668832906506&CODE_STATE=getMsg HTTP/1.1" 200 27
114.95.46.117 - - [19/Nov/2022:12:43:15 +0800] "GET /xingrg/all/function/internal_message.html?_=1668832996101&CODE_STATE=getMsg HTTP/1.1" 200 27
120.253.135.82 - - [19/Nov/2022:12:43:16 +0800] "GET /xingrg/all/function/internal_message.html?_=1668833110264&CODE_STATE=getMsg HTTP/1.1" 200 27
114.95.46.117 - - [19/Nov/2022:12:43:18 +0800] "GET /xingrg/check_reg.html?_=1668832999206 HTTP/1.1" 200 22
101.85.106.255 - - [19/Nov/2022:12:43:20 +0800] "GET /xingrg/all/function/internal_message.html?_=1668833000852&CODE_STATE=getMsg HTTP/1.1" 200 27
116.235.92.184 - - [19/Nov/2022:12:43:23 +0800] "GET /xingrg/all/function/internal_message.html?_=1668833220941&CODE_STATE=getMsg HTTP/1.1" 200 27
114.83.217.254 - - [19/Nov/2022:12:43:26 +0800] "GET /xingrg/kc/buy/cgsh_order_operate.html?command=get_materiel&rest_code=00149&code=00102009745&supplier_code=00100151&order_time=2022-11-19 HTTP/1.1" 200 412
120.253.135.82 - - [19/Nov/2022:12:43:27 +0800] "GET /xingrg/all/function/internal_message.html?_=1668833001945&CODE_STATE=getMsg HTTP/1.1" 200 27
114.83.219.57 - - [19/Nov/2022:12:43:28 +0800] "GET /xingrg/all/function/internal_message.html?_=1668833131658&CODE_STATE=getMsg HTTP/1.1" 200 27
114.95.46.117 - - [19/Nov/2022:12:43:36 +0800] "GET /xingrg/all/function/internal_message.html?_=1668832865647&CODE_STATE=getMsg HTTP/1.1" 200 27
180.169.147.146 - - [19/Nov/2022:12:43:37 +0800] "GET /xingrg/all/function/internal_message.html?_=1668833017755&CODE_STATE=getMsg HTTP/1.1" 200 27
180.169.147.146 - - [19/Nov/2022:12:43:41 +0800] "GET /xingrg/all/function/internal_message.html?_=1668833019695&CODE_STATE=getMsg HTTP/1.1" 200 27
218.81.217.29 - - [19/Nov/2022:12:43:41 +0800] "GET /xingrg/all/function/internal_message.html?_=1668833043952&CODE_STATE=getMsg HTTP/1.1" 200 27
180.162.229.95 - - [19/Nov/2022:12:43:47 +0800] "GET /xingrg/all/function/internal_message.html?_=1668833027392&CODE_STATE=getMsg HTTP/1.1" 200 27
114.83.217.254 - - [19/Nov/2022:12:43:47 +0800] "GET /xingrg/all/function/internal_message.html?_=1668833025984&CODE_STATE=getMsg HTTP/1.1" 200 27
180.162.229.95 - - [19/Nov/2022:12:43:47 +0800] "GET /xingrg/check_reg.html?_=1668833028057 HTTP/1.1" 200 22
180.162.115.136 - - [19/Nov/2022:12:43:55 +0800] "GET /xingrg/all/function/internal_message.html?_=1668832078406&CODE_STATE=getMsg HTTP/1.1" 200 27
114.83.217.254 - - [19/Nov/2022:12:43:59 +0800] "GET /xingrg/kc/buy/cgsh_order_operate.html?command=get_materiel&rest_code=00149&code=00102026001&supplier_code=00100151&order_time=2022-11-19 HTTP/1.1" 200 409
124.79.74.72 - - [19/Nov/2022:12:44:01 +0800] "GET /xingrg/all/function/internal_message.html?_=1668833047202&CODE_STATE=getMsg HTTP/1.1" 200 27
61.170.235.134 - - [19/Nov/2022:12:44:08 +0800] "GET /xingrg/all/function/internal_message.html?_=1668833041855&CODE_STATE=getMsg HTTP/1.1" 200 27
180.162.229.95 - - [19/Nov/2022:12:44:11 +0800] "GET /xingrg/all/function/internal_message.html?_=1668833060454&CODE_STATE=getMsg HTTP/1.1" 302 -
116.230.105.139 - - [19/Nov/2022:12:44:14 +0800] "GET /xingrg/all/function/internal_message.html?_=1668833047925&CODE_STATE=getMsg HTTP/1.1" 200 27
116.238.139.35 - - [19/Nov/2022:12:44:15 +0800] "GET /xingrg/all/function/internal_message.html?_=1668832966542&CODE_STATE=getMsg HTTP/1.1" 200 27
120.253.135.82 - - [19/Nov/2022:12:44:15 +0800] "GET /xingrg/check_reg.html?_=1668833169048 HTTP/1.1" 200 22
114.95.46.117 - - [19/Nov/2022:12:44:15 +0800] "GET /xingrg/all/function/internal_message.html?_=1668833056078&CODE_STATE=getMsg HTTP/1.1" 200 27
120.253.135.82 - - [19/Nov/2022:12:44:16 +0800] "GET /xingrg/all/function/internal_message.html?_=1668833170279&CODE_STATE=getMsg HTTP/1.1" 200 27
101.85.106.255 - - [19/Nov/2022:12:44:20 +0800] "GET /xingrg/all/function/internal_message.html?_=1668833060837&CODE_STATE=getMsg HTTP/1.1" 200 27
116.235.92.184 - - [19/Nov/2022:12:44:23 +0800] "GET /xingrg/all/function/internal_message.html?_=1668833280918&CODE_STATE=getMsg HTTP/1.1" 200 27
120.253.135.82 - - [19/Nov/2022:12:44:27 +0800] "GET /xingrg/all/function/internal_message.html?_=1668833061948&CODE_STATE=getMsg HTTP/1.1" 200 27
114.88.159.190 - - [19/Nov/2022:12:44:27 +0800] "GET /xingrg/check_reg.html?_=1668832674574 HTTP/1.1" 200 22
114.83.217.254 - - [19/Nov/2022:12:44:28 +0800] "GET /xingrg/kc/buy/cgsh_order_operate.html?command=get_materiel&rest_code=00149&code=00102002784&supplier_code=00100151&order_time=2022-11-19 HTTP/1.1" 200 418
114.84.81.136 - - [19/Nov/2022:12:44:34 +0800] "GET /xingrg/check_reg.html?_=1668833074859 HTTP/1.1" 200 22
114.95.46.117 - - [19/Nov/2022:12:44:36 +0800] "GET /xingrg/all/function/internal_message.html?_=1668832925638&CODE_STATE=getMsg HTTP/1.1" 200 27
180.169.147.146 - - [19/Nov/2022:12:44:37 +0800] "GET /xingrg/all/function/internal_message.html?_=1668833077756&CODE_STATE=getMsg HTTP/1.1" 200 27
180.169.147.146 - - [19/Nov/2022:12:44:41 +0800] "GET /xingrg/all/function/internal_message.html?_=1668833079693&CODE_STATE=getMsg HTTP/1.1" 200 27
180.169.147.146 - - [19/Nov/2022:12:44:41 +0800] "GET /xingrg/check_reg.html?_=1668833079694 HTTP/1.1" 200 22
218.81.217.29 - - [19/Nov/2022:12:44:42 +0800] "GET /xingrg/all/function/internal_message.html?_=1668833104276&CODE_STATE=getMsg HTTP/1.1" 200 27
180.162.229.95 - - [19/Nov/2022:12:44:47 +0800] "GET /xingrg/all/function/internal_message.html?_=1668833087378&CODE_STATE=getMsg HTTP/1.1" 200 27
114.83.217.254 - - [19/Nov/2022:12:44:47 +0800] "GET /xingrg/all/function/internal_message.html?_=1668833085967&CODE_STATE=getMsg HTTP/1.1" 200 27
114.83.217.254 - - [19/Nov/2022:12:44:49 +0800] "POST /xingrg/kc/buy/cgsh_order_operate.html HTTP/1.1" 200 37
180.162.115.136 - - [19/Nov/2022:12:44:54 +0800] "GET /xingrg/check_reg.html?_=1668832137886 HTTP/1.1" 200 22
180.162.115.136 - - [19/Nov/2022:12:44:55 +0800] "GET /xingrg/all/function/internal_message.html?_=1668832138413&CODE_STATE=getMsg HTTP/1.1" 200 27
114.83.217.254 - - [19/Nov/2022:12:44:58 +0800] "POST /xingrg/kc/buy/cgsh_order_operate.html HTTP/1.1" 200 12
114.83.217.254 - - [19/Nov/2022:12:45:00 +0800] "GET /xingrg/kc/buy/cgsh_order_info.html?code=212022111906434 HTTP/1.1" 200 64479
114.83.217.254 - - [19/Nov/2022:12:45:00 +0800] "GET /xingrg/javascript/easyui/themes/default/validatebox.css HTTP/1.1" 404 1104
114.83.217.254 - - [19/Nov/2022:12:45:01 +0800] "POST /xingrg/kc/buy/cgsh_order_operate.html HTTP/1.1" 200 2969
124.79.74.72 - - [19/Nov/2022:12:45:01 +0800] "GET /xingrg/all/function/internal_message.html?_=1668833107205&CODE_STATE=getMsg HTTP/1.1" 200 27
61.170.235.134 - - [19/Nov/2022:12:45:08 +0800] "GET /xingrg/all/function/internal_message.html?_=1668833101837&CODE_STATE=getMsg HTTP/1.1" 200 27
180.162.229.95 - - [19/Nov/2022:12:45:11 +0800] "GET /xingrg/all/function/internal_message.html?_=1668833120452&CODE_STATE=getMsg HTTP/1.1" 302 -
116.230.105.139 - - [19/Nov/2022:12:45:14 +0800] "GET /xingrg/all/function/internal_message.html?_=1668833107937&CODE_STATE=getMsg HTTP/1.1" 200 27
116.238.139.35 - - [19/Nov/2022:12:45:15 +0800] "GET /xingrg/all/function/internal_message.html?_=1668833026548&CODE_STATE=getMsg HTTP/1.1" 200 27
114.95.46.117 - - [19/Nov/2022:12:45:15 +0800] "GET /xingrg/all/function/internal_message.html?_=1668833116061&CODE_STATE=getMsg HTTP/1.1" 200 27
120.253.135.82 - - [19/Nov/2022:12:45:16 +0800] "GET /xingrg/all/function/internal_message.html?_=1668833230292&CODE_STATE=getMsg HTTP/1.1" 200 27
101.85.106.255 - - [19/Nov/2022:12:45:20 +0800] "GET /xingrg/all/function/internal_message.html?_=1668833120821&CODE_STATE=getMsg HTTP/1.1" 200 27
116.235.92.184 - - [19/Nov/2022:12:45:23 +0800] "GET /xingrg/all/function/internal_message.html?_=1668833340893&CODE_STATE=getMsg HTTP/1.1" 200 27
120.253.135.82 - - [19/Nov/2022:12:45:27 +0800] "GET /xingrg/all/function/internal_message.html?_=1668833121960&CODE_STATE=getMsg HTTP/1.1" 200 27
114.95.46.117 - - [19/Nov/2022:12:45:36 +0800] "GET /xingrg/all/function/internal_message.html?_=1668832985627&CODE_STATE=getMsg HTTP/1.1" 200 27
180.169.147.146 - - [19/Nov/2022:12:45:37 +0800] "GET /xingrg/check_reg.html?_=1668833137752 HTTP/1.1" 200 22
180.169.147.146 - - [19/Nov/2022:12:45:37 +0800] "GET /xingrg/all/function/internal_message.html?_=1668833137756&CODE_STATE=getMsg HTTP/1.1" 200 27
180.169.147.146 - - [19/Nov/2022:12:45:41 +0800] "GET /xingrg/all/function/internal_message.html?_=1668833139692&CODE_STATE=getMsg HTTP/1.1" 200 27
218.81.217.29 - - [19/Nov/2022:12:45:42 +0800] "GET /xingrg/all/function/internal_message.html?_=1668833164293&CODE_STATE=getMsg HTTP/1.1" 200 27
114.83.217.254 - - [19/Nov/2022:12:45:44 +0800] "GET /xingrg/kc/print/load_data.html?order_code=212022111906434&kc_code=cgsh&condition= HTTP/1.1" 200 1588
180.162.229.95 - - [19/Nov/2022:12:45:46 +0800] "GET /xingrg/all/function/internal_message.html?_=1668833147347&CODE_STATE=getMsg HTTP/1.1" 200 27
114.83.217.254 - - [19/Nov/2022:12:45:47 +0800] "GET /xingrg/all/function/internal_message.html?_=1668833145965&CODE_STATE=getMsg HTTP/1.1" 200 27
180.162.115.136 - - [19/Nov/2022:12:45:55 +0800] "GET /xingrg/all/function/internal_message.html?_=1668832198428&CODE_STATE=getMsg HTTP/1.1" 200 27
120.253.135.82 - - [19/Nov/2022:12:45:56 +0800] "GET /xingrg/login.html HTTP/1.1" 200 7641
120.253.135.82 - - [19/Nov/2022:12:45:56 +0800] "GET /xingrg/images/blue/jxLogo.png HTTP/1.1" 200 6156
120.253.135.82 - - [19/Nov/2022:12:45:56 +0800] "GET /xingrg/images/blue/hj.png HTTP/1.1" 200 1014
120.253.135.82 - - [19/Nov/2022:12:45:56 +0800] "GET /xingrg/images/blue/login_bg.png HTTP/1.1" 200 22101
120.253.135.82 - - [19/Nov/2022:12:45:56 +0800] "GET /xingrg/images/blue/srbg.png HTTP/1.1" 200 138
120.253.135.82 - - [19/Nov/2022:12:45:56 +0800] "GET /favicon.ico HTTP/1.1" 404 -
120.253.135.82 - - [19/Nov/2022:12:46:00 +0800] "POST /xingrg/login.do HTTP/1.1" 302 -
120.253.135.82 - - [19/Nov/2022:12:46:00 +0800] "GET /xingrg/index.html?sysBaseUrl=http%3A%2F%2F180.169.147.146%3A18081%2Fxingrg%2F&costTime=42×tamp=1668833160452 HTTP/1.1" 200 17173
120.253.135.82 - - [19/Nov/2022:12:46:00 +0800] "GET /xingrg/javascript/jquery_easy_ui/themes/icon.css HTTP/1.1" 200 3949
120.253.135.82 - - [19/Nov/2022:12:46:00 +0800] "GET /xingrg/javascript/jquery.form.js HTTP/1.1" 200 23110
120.253.135.82 - - [19/Nov/2022:12:46:00 +0800] "GET /xingrg/javascript/jquery.timers.js HTTP/1.1" 200 3532
120.253.135.82 - - [19/Nov/2022:12:46:00 +0800] "GET /xingrg/javascript/jquery-1.4.2.min.js HTTP/1.1" 200 72205
120.253.135.82 - - [19/Nov/2022:12:46:00 +0800] "GET /xingrg/javascript/jquery_easy_ui/jquery.easyui.min.js HTTP/1.1" 200 213662
120.253.135.82 - - [19/Nov/2022:12:46:00 +0800] "GET /xingrg/css/form.css HTTP/1.1" 200 893
120.253.135.82 - - [19/Nov/2022:12:46:00 +0800] "GET /xingrg/javascript/jquery_easy_ui/easyui-lang-zh_CN.js HTTP/1.1" 200 1900
120.253.135.82 - - [19/Nov/2022:12:46:00 +0800] "GET /xingrg/javascript/jquery.utils.js HTTP/1.1" 200 11805
120.253.135.82 - - [19/Nov/2022:12:46:00 +0800] "GET /xingrg/javascript/jquery_easy_ui/themes/default/easyui.css HTTP/1.1" 200 26500
120.253.135.82 - - [19/Nov/2022:12:46:00 +0800] "GET /favicon.ico HTTP/1.1" 404 -
120.253.135.82 - - [19/Nov/2022:12:46:00 +0800] "GET /xingrg/javascript/jquery_easy_ui/themes/icons/settle_new.png HTTP/1.1" 200 826
120.253.135.82 - - [19/Nov/2022:12:46:00 +0800] "GET /xingrg/images/blue/navBackgound.jpg HTTP/1.1" 200 12378
120.253.135.82 - - [19/Nov/2022:12:46:00 +0800] "POST /xingrg/all/common/load_tree.html?tree=area_rest_tree_json&manage=1 HTTP/1.1" 200 344
120.253.135.82 - - [19/Nov/2022:12:46:00 +0800] "GET /xingrg/images/blue/pingpu.png HTTP/1.1" 200 231
120.253.135.82 - - [19/Nov/2022:12:46:00 +0800] "GET /xingrg/javascript/jquery_easy_ui/themes/default/images/tabs_leftarrow.png HTTP/1.1" 200 389
120.253.135.82 - - [19/Nov/2022:12:46:00 +0800] "GET /xingrg/javascript/jquery_easy_ui/themes/default/images/tabs_rightarrow.png HTTP/1.1" 200 395
120.253.135.82 - - [19/Nov/2022:12:46:00 +0800] "GET /xingrg/javascript/jquery_easy_ui/themes/default/images/panel_tool_collapse.gif HTTP/1.1" 200 246
120.253.135.82 - - [19/Nov/2022:12:46:00 +0800] "GET /xingrg/all/function/internal_message.html?_=1668832961596&CODE_STATE=count HTTP/1.1" 200 11
120.253.135.82 - - [19/Nov/2022:12:46:00 +0800] "GET /xingrg/check_reg.html?_=1668832961597 HTTP/1.1" 200 22
120.253.135.82 - - [19/Nov/2022:12:46:00 +0800] "GET /xingrg/javascript/jquery_easy_ui/themes/default/images/tree_arrows.gif HTTP/1.1" 200 1043
120.253.135.82 - - [19/Nov/2022:12:46:00 +0800] "POST /xingrg/load_menu.html HTTP/1.1" 200 6743
120.253.135.82 - - [19/Nov/2022:12:46:01 +0800] "GET /xingrg/javascript/jquery_easy_ui/themes/icons/search_new.png HTTP/1.1" 200 586
120.253.135.82 - - [19/Nov/2022:12:46:01 +0800] "GET /xingrg/javascript/jquery_easy_ui/themes/icons/storage_new.png HTTP/1.1" 200 853
120.253.135.82 - - [19/Nov/2022:12:46:01 +0800] "GET /xingrg/javascript/jquery_easy_ui/themes/default/images/tree_folder_open.gif HTTP/1.1" 200 956
120.253.135.82 - - [19/Nov/2022:12:46:01 +0800] "GET /xingrg/javascript/jquery_easy_ui/themes/icons/delivery_new.png HTTP/1.1" 200 700
120.253.135.82 - - [19/Nov/2022:12:46:01 +0800] "GET /xingrg/javascript/jquery_easy_ui/themes/default/images/tree_folder.gif HTTP/1.1" 200 952
120.253.135.82 - - [19/Nov/2022:12:46:01 +0800] "GET /xingrg/javascript/jquery_easy_ui/themes/default/images/tree_file.gif HTTP/1.1" 200 118
120.253.135.82 - - [19/Nov/2022:12:46:01 +0800] "GET /xingrg/javascript/jquery_easy_ui/themes/icons/forms_new.png HTTP/1.1" 200 350
124.79.74.72 - - [19/Nov/2022:12:46:01 +0800] "GET /xingrg/all/function/internal_message.html?_=1668833167207&CODE_STATE=getMsg HTTP/1.1" 200 27
124.79.74.72 - - [19/Nov/2022:12:46:01 +0800] "GET /xingrg/check_reg.html?_=1668833167208 HTTP/1.1" 200 22
58.221.95.50 - - [19/Nov/2022:12:46:02 +0800] "GET /xingrg/check_reg.html?_=1668833147239 HTTP/1.1" 302 -
120.253.135.82 - - [19/Nov/2022:12:46:04 +0800] "GET /xingrg/javascript/jquery_easy_ui/themes/default/images/tabs_close.gif HTTP/1.1" 200 829
120.253.135.82 - - [19/Nov/2022:12:46:04 +0800] "GET /xingrg/javascript/pic_change.js HTTP/1.1" 200 4739
120.253.135.82 - - [19/Nov/2022:12:46:04 +0800] "GET /xingrg/kc/pszx/mdqp_order_list.html?state=10 HTTP/1.1" 200 10275
120.253.135.82 - - [19/Nov/2022:12:46:04 +0800] "GET /xingrg/dwr/interface/AjaxReportQueryService.js HTTP/1.1" 200 13203
120.253.135.82 - - [19/Nov/2022:12:46:04 +0800] "GET /xingrg/dwr/interface/AjaxQqpsService.js HTTP/1.1" 200 16326
120.253.135.82 - - [19/Nov/2022:12:46:04 +0800] "GET /xingrg/css/blue.css HTTP/1.1" 200 15949
120.253.135.82 - - [19/Nov/2022:12:46:04 +0800] "GET /xingrg/javascript/myfunction.js HTTP/1.1" 200 24559
120.253.135.82 - - [19/Nov/2022:12:46:04 +0800] "GET /xingrg/dwr/util.js HTTP/1.1" 200 35990
120.253.135.82 - - [19/Nov/2022:12:46:04 +0800] "GET /xingrg/javascript/Calendar.js HTTP/1.1" 200 31561
120.253.135.82 - - [19/Nov/2022:12:46:04 +0800] "GET /xingrg/dwr/engine.js HTTP/1.1" 200 43631
120.253.135.82 - - [19/Nov/2022:12:46:04 +0800] "GET /xingrg/javascript/jquery_easy_ui/themes/icons/uncheck_new.png HTTP/1.1" 200 3197
120.253.135.82 - - [19/Nov/2022:12:46:04 +0800] "GET /xingrg/javascript/jquery_easy_ui/themes/icons/check_new.png HTTP/1.1" 200 3224
120.253.135.82 - - [19/Nov/2022:12:46:04 +0800] "GET /xingrg/javascript/jquery_easy_ui/themes/icons/back_new.png HTTP/1.1" 200 3414
61.170.235.134 - - [19/Nov/2022:12:46:06 +0800] "GET /xingrg/check_reg.html?_=1668833159384 HTTP/1.1" 200 22
120.253.135.82 - - [19/Nov/2022:12:46:07 +0800] "GET /xingrg/css/base.css HTTP/1.1" 200 2811
120.253.135.82 - - [19/Nov/2022:12:46:07 +0800] "GET /xingrg/javascript/jquery_tools/datebox.css HTTP/1.1" 200 2597
120.253.135.82 - - [19/Nov/2022:12:46:07 +0800] "GET /xingrg/css/site.css HTTP/1.1" 200 7541
120.253.135.82 - - [19/Nov/2022:12:46:07 +0800] "GET /xingrg/javascript/jquery_tools/fix.css HTTP/1.1" 200 1702
120.253.135.82 - - [19/Nov/2022:12:46:07 +0800] "GET /xingrg/javascript/easyui/themes/icon.css HTTP/1.1" 200 4483
120.253.135.82 - - [19/Nov/2022:12:46:07 +0800] "GET /xingrg/javascript/auto/jquery.autocomplete.css HTTP/1.1" 200 587
120.253.135.82 - - [19/Nov/2022:12:46:07 +0800] "GET /xingrg/javascript/jquery_tools/table.css HTTP/1.1" 200 1032
120.253.135.82 - - [19/Nov/2022:12:46:07 +0800] "GET /xingrg/kc/pszx/mdps_order_list.html?orderType=0 HTTP/1.1" 200 21035
120.253.135.82 - - [19/Nov/2022:12:46:07 +0800] "GET /xingrg/javascript/jquery_tools/jquery.tools.table.js HTTP/1.1" 200 6994
120.253.135.82 - - [19/Nov/2022:12:46:07 +0800] "GET /xingrg/javascript/jquery_tools/jquery.tools.hotkey.js HTTP/1.1" 200 3242
120.253.135.82 - - [19/Nov/2022:12:46:07 +0800] "GET /xingrg/javascript/easyui/easyloader.js HTTP/1.1" 200 5975
120.253.135.82 - - [19/Nov/2022:12:46:07 +0800] "GET /xingrg/javascript/jquery_tools/list_manager.js HTTP/1.1" 200 3652
120.253.135.82 - - [19/Nov/2022:12:46:07 +0800] "GET /xingrg/javascript/jquery_tools/jquery.tools.min.js HTTP/1.1" 200 138801
120.253.135.82 - - [19/Nov/2022:12:46:07 +0800] "GET /xingrg/javascript/jquery.cookie.js HTTP/1.1" 200 5513
120.253.135.82 - - [19/Nov/2022:12:46:07 +0800] "GET /xingrg/javascript/print/LodopFuncs.js HTTP/1.1" 200 5121
120.253.135.82 - - [19/Nov/2022:12:46:07 +0800] "GET /xingrg/javascript/easyui/themes/default/easyui.css HTTP/1.1" 200 30432
120.253.135.82 - - [19/Nov/2022:12:46:07 +0800] "GET /xingrg/javascript/jquery_tools/jquery.tools.extend.js HTTP/1.1" 200 15385
120.253.135.82 - - [19/Nov/2022:12:46:07 +0800] "GET /xingrg/javascript/auto/jquery.autocomplete.js HTTP/1.1" 200 21624
120.253.135.82 - - [19/Nov/2022:12:46:07 +0800] "GET /xingrg/javascript/easyui/themes/icons/import_new.png HTTP/1.1" 200 1247
120.253.135.82 - - [19/Nov/2022:12:46:07 +0800] "GET /xingrg/javascript/easyui/themes/icons/edit_add_new.png HTTP/1.1" 200 2997
120.253.135.82 - - [19/Nov/2022:12:46:07 +0800] "GET /xingrg/javascript/easyui/themes/icons/cance_new.png HTTP/1.1" 200 3986
120.253.135.82 - - [19/Nov/2022:12:46:07 +0800] "GET /xingrg/javascript/easyui/themes/icons/check_new.png HTTP/1.1" 200 3224
120.253.135.82 - - [19/Nov/2022:12:46:07 +0800] "GET /xingrg/javascript/easyui/themes/icons/field_new.png HTTP/1.1" 200 1097
120.253.135.82 - - [19/Nov/2022:12:46:07 +0800] "GET /xingrg/javascript/easyui/themes/icons/uncheck_new.png HTTP/1.1" 200 3197
120.253.135.82 - - [19/Nov/2022:12:46:07 +0800] "GET /xingrg/javascript/easyui/plugins/jquery.parser.js HTTP/1.1" 200 1142
120.253.135.82 - - [19/Nov/2022:12:46:07 +0800] "GET /xingrg/images/control/ajaxLoader.gif HTTP/1.1" 200 4659
120.253.135.82 - - [19/Nov/2022:12:46:07 +0800] "GET /xingrg/javascript/jquery_easy_ui/themes/icons/manage.png HTTP/1.1" 200 696
120.253.135.82 - - [19/Nov/2022:12:46:07 +0800] "GET /xingrg/javascript/jquery_easy_ui/themes/icons/area.png HTTP/1.1" 200 262
120.253.135.82 - - [19/Nov/2022:12:46:07 +0800] "POST /xingrg/kc/pszx/mdps_list_operate.html HTTP/1.1" 200 5280
61.170.235.134 - - [19/Nov/2022:12:46:08 +0800] "GET /xingrg/all/function/internal_message.html?_=1668833161805&CODE_STATE=getMsg HTTP/1.1" 200 27
120.253.135.82 - - [19/Nov/2022:12:46:09 +0800] "GET /xingrg/javascript/auto/indicator.gif HTTP/1.1" 404 1066
114.83.217.254 - - [19/Nov/2022:12:46:11 +0800] "GET /xingrg/kc/buy/cgsh_order_add.html HTTP/1.1" 200 69586
180.162.229.95 - - [19/Nov/2022:12:46:11 +0800] "GET /xingrg/all/function/internal_message.html?_=1668833180450&CODE_STATE=getMsg HTTP/1.1" 302 -
114.83.217.254 - - [19/Nov/2022:12:46:11 +0800] "POST /xingrg/kc/buy/cgsh_order_operate.html HTTP/1.1" 200 8245
114.83.217.254 - - [19/Nov/2022:12:46:11 +0800] "GET /xingrg/javascript/easyui/themes/default/validatebox.css HTTP/1.1" 404 1104
116.238.139.35 - - [19/Nov/2022:12:46:14 +0800] "GET /xingrg/check_reg.html?_=1668833085667 HTTP/1.1" 200 22
116.230.105.139 - - [19/Nov/2022:12:46:14 +0800] "GET /xingrg/all/function/internal_message.html?_=1668833167930&CODE_STATE=getMsg HTTP/1.1" 200 27
116.238.139.35 - - [19/Nov/2022:12:46:15 +0800] "GET /xingrg/all/function/internal_message.html?_=1668833086562&CODE_STATE=getMsg HTTP/1.1" 200 27
120.253.135.82 - - [19/Nov/2022:12:46:15 +0800] "POST /xingrg/kc/pszx/mdps_list_operate.html HTTP/1.1" 200 2054
114.95.46.117 - - [19/Nov/2022:12:46:15 +0800] "GET /xingrg/all/function/internal_message.html?_=1668833176033&CODE_STATE=getMsg HTTP/1.1" 200 27
120.253.135.82 - - [19/Nov/2022:12:46:16 +0800] "GET /xingrg/all/function/internal_message.html?_=1668833290308&CODE_STATE=getMsg HTTP/1.1" 200 27
