101.85.106.255 - - [19/Nov/2022:11:37:21 +0800] "POST /xingrg/load_menu.html HTTP/1.1" 200 5138
101.85.106.255 - - [19/Nov/2022:11:37:21 +0800] "GET /xingrg/javascript/jquery_easy_ui/themes/default/images/tree_arrows.gif HTTP/1.1" 304 -
101.85.106.255 - - [19/Nov/2022:11:37:21 +0800] "GET /xingrg/javascript/jquery_easy_ui/themes/default/images/tree_folder_open.gif HTTP/1.1" 304 -
101.85.106.255 - - [19/Nov/2022:11:37:21 +0800] "GET /xingrg/javascript/jquery_easy_ui/themes/icons/search_new.png HTTP/1.1" 304 -
101.85.106.255 - - [19/Nov/2022:11:37:21 +0800] "GET /xingrg/javascript/jquery_easy_ui/themes/icons/storage_new.png HTTP/1.1" 304 -
101.85.106.255 - - [19/Nov/2022:11:37:21 +0800] "GET /xingrg/javascript/jquery_easy_ui/themes/default/images/tree_folder.gif HTTP/1.1" 304 -
101.85.106.255 - - [19/Nov/2022:11:37:21 +0800] "GET /xingrg/javascript/jquery_easy_ui/themes/icons/forms_new.png HTTP/1.1" 304 -
101.85.106.255 - - [19/Nov/2022:11:37:21 +0800] "GET /xingrg/javascript/jquery_easy_ui/themes/default/images/tree_file.gif HTTP/1.1" 304 -
120.253.135.82 - - [19/Nov/2022:11:37:26 +0800] "GET /xingrg/all/function/internal_message.html?_=1668829041864&CODE_STATE=getMsg HTTP/1.1" 200 27
114.95.46.117 - - [19/Nov/2022:11:37:27 +0800] "GET /xingrg/kc/base/wldb_order_operate.html?command=get_materiel&rest_code=00105&base_code=0010507&code=00101019183 HTTP/1.1" 200 449
101.85.106.255 - - [19/Nov/2022:11:37:27 +0800] "GET /xingrg/javascript/jquery_easy_ui/themes/icons/area.png HTTP/1.1" 304 -
101.85.106.255 - - [19/Nov/2022:11:37:27 +0800] "GET /xingrg/javascript/jquery_easy_ui/themes/icons/rest.png HTTP/1.1" 304 -
114.83.219.57 - - [19/Nov/2022:11:37:29 +0800] "GET /xingrg/all/function/internal_message.html?_=1668829171672&CODE_STATE=getMsg HTTP/1.1" 200 27
114.83.219.57 - - [19/Nov/2022:11:37:29 +0800] "GET /xingrg/check_reg.html?_=1668829171676 HTTP/1.1" 200 22
218.81.217.29 - - [19/Nov/2022:11:37:30 +0800] "GET /xingrg/check_reg.html?_=1668829072572 HTTP/1.1" 200 22
101.85.106.255 - - [19/Nov/2022:11:37:31 +0800] "GET /xingrg/javascript/jquery_easy_ui/themes/default/images/tabs_close.gif HTTP/1.1" 304 -
101.85.106.255 - - [19/Nov/2022:11:37:31 +0800] "GET /xingrg/css/base.css HTTP/1.1" 304 -
101.85.106.255 - - [19/Nov/2022:11:37:31 +0800] "GET /xingrg/css/site.css HTTP/1.1" 304 -
101.85.106.255 - - [19/Nov/2022:11:37:31 +0800] "GET /xingrg/javascript/jquery_tools/datebox.css HTTP/1.1" 304 -
101.85.106.255 - - [19/Nov/2022:11:37:31 +0800] "GET /xingrg/javascript/easyui/themes/default/easyui.css HTTP/1.1" 304 -
101.85.106.255 - - [19/Nov/2022:11:37:31 +0800] "GET /xingrg/javascript/easyui/themes/icon.css HTTP/1.1" 304 -
101.85.106.255 - - [19/Nov/2022:11:37:31 +0800] "GET /xingrg/javascript/auto/jquery.autocomplete.css HTTP/1.1" 304 -
101.85.106.255 - - [19/Nov/2022:11:37:31 +0800] "GET /xingrg/javascript/jquery_tools/table.css HTTP/1.1" 304 -
101.85.106.255 - - [19/Nov/2022:11:37:31 +0800] "GET /xingrg/javascript/jquery_tools/fix.css HTTP/1.1" 304 -
101.85.106.255 - - [19/Nov/2022:11:37:31 +0800] "GET /xingrg/javascript/jquery_tools/jquery.tools.hotkey.js HTTP/1.1" 304 -
101.85.106.255 - - [19/Nov/2022:11:37:31 +0800] "GET /xingrg/javascript/jquery_tools/jquery.tools.min.js HTTP/1.1" 304 -
101.85.106.255 - - [19/Nov/2022:11:37:31 +0800] "GET /xingrg/javascript/jquery_tools/jquery.tools.extend.js HTTP/1.1" 304 -
101.85.106.255 - - [19/Nov/2022:11:37:31 +0800] "GET /xingrg/javascript/jquery_tools/list_manager.js HTTP/1.1" 304 -
101.85.106.255 - - [19/Nov/2022:11:37:31 +0800] "GET /xingrg/javascript/jquery_tools/jquery.tools.table.js HTTP/1.1" 304 -
101.85.106.255 - - [19/Nov/2022:11:37:31 +0800] "GET /xingrg/javascript/auto/jquery.autocomplete.js HTTP/1.1" 304 -
101.85.106.255 - - [19/Nov/2022:11:37:31 +0800] "GET /xingrg/javascript/easyui/easyloader.js HTTP/1.1" 304 -
101.85.106.255 - - [19/Nov/2022:11:37:31 +0800] "GET /xingrg/javascript/jquery.cookie.js HTTP/1.1" 304 -
101.85.106.255 - - [19/Nov/2022:11:37:31 +0800] "GET /xingrg/javascript/print/LodopFuncs.js HTTP/1.1" 304 -
101.85.106.255 - - [19/Nov/2022:11:37:31 +0800] "GET /xingrg/kc/buy/cgsh_order_list.html HTTP/1.1" 200 53723
101.85.106.255 - - [19/Nov/2022:11:37:32 +0800] "GET /xingrg/javascript/easyui/themes/icons/edit_add_new.png HTTP/1.1" 304 -
101.85.106.255 - - [19/Nov/2022:11:37:32 +0800] "GET /xingrg/javascript/easyui/themes/icons/cance_new.png HTTP/1.1" 304 -
101.85.106.255 - - [19/Nov/2022:11:37:32 +0800] "GET /xingrg/javascript/easyui/themes/icons/check_new.png HTTP/1.1" 304 -
101.85.106.255 - - [19/Nov/2022:11:37:32 +0800] "GET /xingrg/javascript/easyui/themes/icons/field_new.png HTTP/1.1" 304 -
101.85.106.255 - - [19/Nov/2022:11:37:32 +0800] "GET /xingrg/javascript/easyui/themes/icons/import_new.png HTTP/1.1" 304 -
101.85.106.255 - - [19/Nov/2022:11:37:32 +0800] "GET /xingrg/javascript/easyui/plugins/jquery.parser.js HTTP/1.1" 304 -
101.85.106.255 - - [19/Nov/2022:11:37:32 +0800] "GET /xingrg/images/control/ajaxLoader.gif HTTP/1.1" 304 -
218.81.217.29 - - [19/Nov/2022:11:37:33 +0800] "GET /xingrg/all/function/internal_message.html?_=1668829075941&CODE_STATE=getMsg HTTP/1.1" 200 27
114.95.46.117 - - [19/Nov/2022:11:37:36 +0800] "GET /xingrg/all/function/internal_message.html?_=1668828905465&CODE_STATE=getMsg HTTP/1.1" 200 27
114.95.46.117 - - [19/Nov/2022:11:37:36 +0800] "GET /xingrg/check_reg.html?_=1668828905473 HTTP/1.1" 200 22
180.169.147.146 - - [19/Nov/2022:11:37:37 +0800] "GET /xingrg/all/function/internal_message.html?_=1668829057732&CODE_STATE=getMsg HTTP/1.1" 200 27
101.85.106.255 - - [19/Nov/2022:11:37:38 +0800] "POST /xingrg/kc/buy/cgsh_list_operate.html HTTP/1.1" 200 3165
114.95.46.117 - - [19/Nov/2022:11:37:39 +0800] "GET /xingrg/kc/base/wldb_order_operate.html?command=get_materiel&rest_code=00105&base_code=0010507&code=00101019222 HTTP/1.1" 200 454
180.169.147.146 - - [19/Nov/2022:11:37:40 +0800] "GET /xingrg/all/function/internal_message.html?_=1668829058251&CODE_STATE=getMsg HTTP/1.1" 200 27
101.85.106.255 - - [19/Nov/2022:11:37:40 +0800] "GET /xingrg/javascript/easyui/themes/default/images/button_plain_hover.png HTTP/1.1" 304 -
101.85.106.255 - - [19/Nov/2022:11:37:41 +0800] "GET /xingrg/javascript/pic_change.js HTTP/1.1" 304 -
101.85.106.255 - - [19/Nov/2022:11:37:41 +0800] "GET /xingrg/javascript/jquery_tools/order_manager.js HTTP/1.1" 304 -
101.85.106.255 - - [19/Nov/2022:11:37:41 +0800] "GET /xingrg/javascript/convert.js HTTP/1.1" 304 -
101.85.106.255 - - [19/Nov/2022:11:37:41 +0800] "GET /xingrg/javascript/json2.js HTTP/1.1" 304 -
101.85.106.255 - - [19/Nov/2022:11:37:41 +0800] "GET /xingrg/javascript/print/kc_print.js HTTP/1.1" 304 -
101.85.106.255 - - [19/Nov/2022:11:37:41 +0800] "GET /xingrg/kc/buy/cgsh_order_add.html HTTP/1.1" 200 68617
101.85.106.255 - - [19/Nov/2022:11:37:41 +0800] "GET /xingrg/words/20221118170638_words.js HTTP/1.1" 200 933332
101.85.106.255 - - [19/Nov/2022:11:37:41 +0800] "GET /xingrg/javascript/easyui/themes/icons/copy_new.png HTTP/1.1" 304 -
101.85.106.255 - - [19/Nov/2022:11:37:41 +0800] "GET /xingrg/javascript/easyui/themes/icons/template_new.png HTTP/1.1" 304 -
101.85.106.255 - - [19/Nov/2022:11:37:41 +0800] "GET /xingrg/javascript/easyui/themes/icons/ok.png HTTP/1.1" 304 -
101.85.106.255 - - [19/Nov/2022:11:37:41 +0800] "GET /xingrg/javascript/easyui/themes/icons/print.png HTTP/1.1" 304 -
101.85.106.255 - - [19/Nov/2022:11:37:41 +0800] "GET /xingrg/javascript/easyui/themes/default/images/menu_downarrow.png HTTP/1.1" 304 -
101.85.106.255 - - [19/Nov/2022:11:37:41 +0800] "GET /xingrg/javascript/easyui/themes/icons/cancel.png HTTP/1.1" 304 -
101.85.106.255 - - [19/Nov/2022:11:37:42 +0800] "GET /xingrg/javascript/easyui/themes/default/validatebox.css HTTP/1.1" 404 1104
101.85.106.255 - - [19/Nov/2022:11:37:42 +0800] "GET /xingrg/javascript/easyui/plugins/jquery.validatebox.js HTTP/1.1" 304 -
101.85.106.255 - - [19/Nov/2022:11:37:42 +0800] "GET /xingrg/all/common/auto_word.html?type=employee&rest_code=00142 HTTP/1.1" 200 105
101.85.106.255 - - [19/Nov/2022:11:37:42 +0800] "GET /xingrg/all/common/auto_word.html?type=employee&rest_code=00142 HTTP/1.1" 200 105
101.85.106.255 - - [19/Nov/2022:11:37:42 +0800] "POST /xingrg/kc/buy/cgsh_order_operate.html HTTP/1.1" 200 8245
101.85.106.255 - - [19/Nov/2022:11:37:42 +0800] "GET /xingrg/javascript/easyui/plugins/jquery.numberbox.js HTTP/1.1" 304 -
101.85.106.255 - - [19/Nov/2022:11:37:42 +0800] "GET /xingrg/javascript/easyui/themes/icons/edit_remove.png HTTP/1.1" 304 -
101.85.106.255 - - [19/Nov/2022:11:37:43 +0800] "GET /xingrg/javascript/auto/indicator.gif HTTP/1.1" 404 1066
180.162.229.95 - - [19/Nov/2022:11:37:47 +0800] "GET /xingrg/all/function/internal_message.html?_=1668829068159&CODE_STATE=getMsg HTTP/1.1" 200 27
114.83.217.254 - - [19/Nov/2022:11:37:48 +0800] "GET /xingrg/all/function/internal_message.html?_=1668829067159&CODE_STATE=getMsg HTTP/1.1" 200 27
114.95.46.117 - - [19/Nov/2022:11:37:49 +0800] "GET /xingrg/kc/base/wldb_order_operate.html?command=get_materiel&rest_code=00105&base_code=0010507&code=00101019018 HTTP/1.1" 200 465
180.162.115.136 - - [19/Nov/2022:11:37:53 +0800] "POST /xingrg/kc/buy/cgsh_order_operate.html HTTP/1.1" 200 37
180.162.115.136 - - [19/Nov/2022:11:37:54 +0800] "GET /xingrg/all/function/internal_message.html?_=1668828117720&CODE_STATE=getMsg HTTP/1.1" 200 27
180.162.115.136 - - [19/Nov/2022:11:37:54 +0800] "POST /xingrg/kc/buy/cgsh_order_operate.html HTTP/1.1" 200 17393
114.95.46.117 - - [19/Nov/2022:11:38:00 +0800] "GET /xingrg/kc/base/wldb_order_operate.html?command=get_materiel&rest_code=00105&base_code=0010507&code=00101019551 HTTP/1.1" 200 465
114.95.46.117 - - [19/Nov/2022:11:38:00 +0800] "POST /xingrg/kc/buy/cgsh_order_operate.html HTTP/1.1" 200 37
180.162.115.136 - - [19/Nov/2022:11:38:02 +0800] "POST /xingrg/kc/buy/cgsh_order_operate.html HTTP/1.1" 200 37
114.95.46.117 - - [19/Nov/2022:11:38:05 +0800] "POST /xingrg/kc/buy/cgsh_order_operate.html HTTP/1.1" 200 2662
180.162.115.136 - - [19/Nov/2022:11:38:06 +0800] "POST /xingrg/kc/buy/cgsh_order_operate.html HTTP/1.1" 200 12
101.85.106.255 - - [19/Nov/2022:11:38:07 +0800] "GET /xingrg/kc/buy/cgsh_order_operate.html?command=get_materiel&rest_code=00142&code=00101011001&supplier_code=00100311&order_time=2022-11-19 HTTP/1.1" 200 423
180.162.115.136 - - [19/Nov/2022:11:38:07 +0800] "GET /xingrg/kc/buy/cgsh_order_info.html?code=212022111906398 HTTP/1.1" 200 63480
180.162.115.136 - - [19/Nov/2022:11:38:08 +0800] "GET /xingrg/javascript/easyui/themes/default/validatebox.css HTTP/1.1" 404 1104
180.162.115.136 - - [19/Nov/2022:11:38:09 +0800] "POST /xingrg/kc/buy/cgsh_order_operate.html HTTP/1.1" 200 15331
61.170.235.134 - - [19/Nov/2022:11:38:10 +0800] "GET /xingrg/all/function/internal_message.html?_=1668829083433&CODE_STATE=getMsg HTTP/1.1" 200 27
180.162.229.95 - - [19/Nov/2022:11:38:11 +0800] "GET /xingrg/all/function/internal_message.html?_=1668829100358&CODE_STATE=getMsg HTTP/1.1" 302 -
180.162.115.136 - - [19/Nov/2022:11:38:11 +0800] "GET /xingrg/kc/print/load_config.html?kc_code=cgsh HTTP/1.1" 200 1943
180.162.115.136 - - [19/Nov/2022:11:38:11 +0800] "GET /xingrg/kc/print/load_data.html?order_code=212022111906398&kc_code=cgsh&condition= HTTP/1.1" 200 6277
114.83.217.254 - - [19/Nov/2022:11:38:13 +0800] "GET /xingrg/check_reg.html?_=1668829092167 HTTP/1.1" 200 22
116.230.105.139 - - [19/Nov/2022:11:38:14 +0800] "GET /xingrg/all/function/internal_message.html?_=1668829087925&CODE_STATE=getMsg HTTP/1.1" 200 27
116.230.105.139 - - [19/Nov/2022:11:38:14 +0800] "GET /xingrg/check_reg.html?_=1668829087927 HTTP/1.1" 200 22
120.253.135.82 - - [19/Nov/2022:11:38:14 +0800] "GET /xingrg/all/function/internal_message.html?_=1668829208694&CODE_STATE=getMsg HTTP/1.1" 200 27
114.95.46.117 - - [19/Nov/2022:11:38:17 +0800] "GET /xingrg/all/function/internal_message.html?_=1668829097571&CODE_STATE=getMsg HTTP/1.1" 200 27
114.95.46.117 - - [19/Nov/2022:11:38:17 +0800] "GET /xingrg/kc/print/load_data.html?order_code=212022111906399&kc_code=cgsh&condition= HTTP/1.1" 200 653
114.95.46.117 - - [19/Nov/2022:11:38:19 +0800] "GET /xingrg/check_reg.html?_=1668829099443 HTTP/1.1" 200 22
180.162.115.136 - - [19/Nov/2022:11:38:20 +0800] "GET /xingrg/kc/buy/cgsh_order_add.html HTTP/1.1" 200 68579
180.162.115.136 - - [19/Nov/2022:11:38:20 +0800] "GET /xingrg/javascript/easyui/themes/default/validatebox.css HTTP/1.1" 404 1104
180.162.115.136 - - [19/Nov/2022:11:38:20 +0800] "POST /xingrg/kc/buy/cgsh_order_operate.html HTTP/1.1" 200 8245
180.162.115.136 - - [19/Nov/2022:11:38:21 +0800] "GET /xingrg/javascript/easyui/themes/default/tree.css HTTP/1.1" 404 1090
180.162.115.136 - - [19/Nov/2022:11:38:21 +0800] "POST /xingrg/all/common/load_tree.html?tree=supplier_tree_json&isDelete=1 HTTP/1.1" 200 70135
101.85.106.255 - - [19/Nov/2022:11:38:21 +0800] "GET /xingrg/all/function/internal_message.html?_=1668829101687&CODE_STATE=getMsg HTTP/1.1" 200 27
120.253.135.82 - - [19/Nov/2022:11:38:26 +0800] "GET /xingrg/all/function/internal_message.html?_=1668829101867&CODE_STATE=getMsg HTTP/1.1" 200 27
114.83.219.57 - - [19/Nov/2022:11:38:29 +0800] "GET /xingrg/all/function/internal_message.html?_=1668829231672&CODE_STATE=getMsg HTTP/1.1" 200 27
218.81.217.29 - - [19/Nov/2022:11:38:33 +0800] "GET /xingrg/all/function/internal_message.html?_=1668829135955&CODE_STATE=getMsg HTTP/1.1" 200 27
114.95.46.117 - - [19/Nov/2022:11:38:35 +0800] "GET /xingrg/kc/base/wldb_order_operate.html?command=get_materiel&rest_code=00105&base_code=0010507&code=00101016044 HTTP/1.1" 200 464
114.95.46.117 - - [19/Nov/2022:11:38:36 +0800] "GET /xingrg/all/function/internal_message.html?_=1668828965457&CODE_STATE=getMsg HTTP/1.1" 200 27
116.238.139.35 - - [19/Nov/2022:11:38:36 +0800] "GET /xingrg/login.html HTTP/1.1" 200 7641
116.238.139.35 - - [19/Nov/2022:11:38:36 +0800] "GET /xingrg/images/blue/jxLogo.png HTTP/1.1" 304 -
116.238.139.35 - - [19/Nov/2022:11:38:37 +0800] "GET /xingrg/images/blue/srbg.png HTTP/1.1" 200 138
116.238.139.35 - - [19/Nov/2022:11:38:37 +0800] "GET /xingrg/images/blue/hj.png HTTP/1.1" 200 1014
116.238.139.35 - - [19/Nov/2022:11:38:37 +0800] "GET /xingrg/images/blue/login_bg.png HTTP/1.1" 200 22101
116.238.139.35 - - [19/Nov/2022:11:38:37 +0800] "GET /favicon.ico HTTP/1.1" 404 -
180.169.147.146 - - [19/Nov/2022:11:38:37 +0800] "GET /xingrg/all/function/internal_message.html?_=1668829117735&CODE_STATE=getMsg HTTP/1.1" 200 27
116.238.139.35 - - [19/Nov/2022:11:38:38 +0800] "POST /xingrg/login.do HTTP/1.1" 302 -
116.238.139.35 - - [19/Nov/2022:11:38:38 +0800] "GET /xingrg/javascript/jquery_easy_ui/themes/icon.css HTTP/1.1" 304 -
116.238.139.35 - - [19/Nov/2022:11:38:38 +0800] "GET /xingrg/css/form.css HTTP/1.1" 304 -
116.238.139.35 - - [19/Nov/2022:11:38:38 +0800] "GET /xingrg/javascript/jquery_easy_ui/easyui-lang-zh_CN.js HTTP/1.1" 304 -
116.238.139.35 - - [19/Nov/2022:11:38:38 +0800] "GET /xingrg/index.html?sysBaseUrl=http%3A%2F%2F180.169.147.146%3A18081%2Fxingrg%2F&costTime=42×tamp=1668829118334 HTTP/1.1" 200 17179
116.238.139.35 - - [19/Nov/2022:11:38:38 +0800] "GET /xingrg/javascript/jquery-1.4.2.min.js HTTP/1.1" 304 -
116.238.139.35 - - [19/Nov/2022:11:38:38 +0800] "GET /xingrg/javascript/jquery.timers.js HTTP/1.1" 304 -
116.238.139.35 - - [19/Nov/2022:11:38:38 +0800] "GET /xingrg/javascript/jquery_easy_ui/themes/default/easyui.css HTTP/1.1" 304 -
116.238.139.35 - - [19/Nov/2022:11:38:38 +0800] "GET /xingrg/javascript/jquery_easy_ui/jquery.easyui.min.js HTTP/1.1" 304 -
116.238.139.35 - - [19/Nov/2022:11:38:38 +0800] "GET /xingrg/javascript/jquery.utils.js HTTP/1.1" 304 -
116.238.139.35 - - [19/Nov/2022:11:38:38 +0800] "GET /xingrg/javascript/jquery.form.js HTTP/1.1" 304 -
116.238.139.35 - - [19/Nov/2022:11:38:38 +0800] "GET /xingrg/images/blue/navBackgound.jpg HTTP/1.1" 304 -
116.238.139.35 - - [19/Nov/2022:11:38:38 +0800] "GET /xingrg/javascript/jquery_easy_ui/themes/icons/settle_new.png HTTP/1.1" 304 -
116.238.139.35 - - [19/Nov/2022:11:38:38 +0800] "GET /favicon.ico HTTP/1.1" 404 -
116.238.139.35 - - [19/Nov/2022:11:38:38 +0800] "POST /xingrg/all/common/load_tree.html?tree=area_rest_tree_json&manage=1 HTTP/1.1" 200 476
116.238.139.35 - - [19/Nov/2022:11:38:38 +0800] "GET /xingrg/images/blue/pingpu.png HTTP/1.1" 304 -
116.238.139.35 - - [19/Nov/2022:11:38:38 +0800] "GET /xingrg/javascript/jquery_easy_ui/themes/default/images/tabs_leftarrow.png HTTP/1.1" 304 -
116.238.139.35 - - [19/Nov/2022:11:38:38 +0800] "GET /xingrg/javascript/jquery_easy_ui/themes/default/images/tabs_rightarrow.png HTTP/1.1" 304 -
116.238.139.35 - - [19/Nov/2022:11:38:38 +0800] "GET /xingrg/javascript/jquery_easy_ui/themes/default/images/panel_tool_collapse.gif HTTP/1.1" 304 -
116.238.139.35 - - [19/Nov/2022:11:38:38 +0800] "GET /xingrg/check_reg.html?_=1668829030105 HTTP/1.1" 200 22
116.238.139.35 - - [19/Nov/2022:11:38:38 +0800] "GET /xingrg/all/function/internal_message.html?_=1668829030104&CODE_STATE=count HTTP/1.1" 200 11
116.238.139.35 - - [19/Nov/2022:11:38:38 +0800] "GET /xingrg/javascript/jquery_easy_ui/themes/default/images/tree_arrows.gif HTTP/1.1" 304 -
116.238.139.35 - - [19/Nov/2022:11:38:39 +0800] "POST /xingrg/load_menu.html HTTP/1.1" 200 5138
116.238.139.35 - - [19/Nov/2022:11:38:39 +0800] "GET /xingrg/javascript/jquery_easy_ui/themes/default/images/tree_folder_open.gif HTTP/1.1" 304 -
116.238.139.35 - - [19/Nov/2022:11:38:39 +0800] "GET /xingrg/javascript/jquery_easy_ui/themes/icons/search_new.png HTTP/1.1" 304 -
116.238.139.35 - - [19/Nov/2022:11:38:39 +0800] "GET /xingrg/javascript/jquery_easy_ui/themes/default/images/tree_folder.gif HTTP/1.1" 304 -
116.238.139.35 - - [19/Nov/2022:11:38:39 +0800] "GET /xingrg/javascript/jquery_easy_ui/themes/icons/forms_new.png HTTP/1.1" 304 -
116.238.139.35 - - [19/Nov/2022:11:38:39 +0800] "GET /xingrg/javascript/jquery_easy_ui/themes/default/images/tree_file.gif HTTP/1.1" 304 -
116.238.139.35 - - [19/Nov/2022:11:38:39 +0800] "GET /xingrg/javascript/jquery_easy_ui/themes/icons/storage_new.png HTTP/1.1" 304 -
180.169.147.146 - - [19/Nov/2022:11:38:40 +0800] "GET /xingrg/all/function/internal_message.html?_=1668829118251&CODE_STATE=getMsg HTTP/1.1" 200 27
116.238.139.35 - - [19/Nov/2022:11:38:42 +0800] "GET /xingrg/javascript/jquery_easy_ui/themes/default/images/tabs_active.png HTTP/1.1" 304 -
116.238.139.35 - - [19/Nov/2022:11:38:44 +0800] "GET /xingrg/javascript/jquery_easy_ui/themes/default/images/tabs_close.gif HTTP/1.1" 304 -
116.238.139.35 - - [19/Nov/2022:11:38:44 +0800] "GET /xingrg/css/base.css HTTP/1.1" 304 -
116.238.139.35 - - [19/Nov/2022:11:38:44 +0800] "GET /xingrg/css/site.css HTTP/1.1" 304 -
116.238.139.35 - - [19/Nov/2022:11:38:44 +0800] "GET /xingrg/javascript/jquery_tools/datebox.css HTTP/1.1" 304 -
116.238.139.35 - - [19/Nov/2022:11:38:44 +0800] "GET /xingrg/javascript/auto/jquery.autocomplete.css HTTP/1.1" 304 -
116.238.139.35 - - [19/Nov/2022:11:38:44 +0800] "GET /xingrg/javascript/easyui/themes/default/easyui.css HTTP/1.1" 304 -
116.238.139.35 - - [19/Nov/2022:11:38:44 +0800] "GET /xingrg/javascript/easyui/themes/icon.css HTTP/1.1" 304 -
116.238.139.35 - - [19/Nov/2022:11:38:44 +0800] "GET /xingrg/javascript/jquery_tools/jquery.tools.hotkey.js HTTP/1.1" 304 -
116.238.139.35 - - [19/Nov/2022:11:38:44 +0800] "GET /xingrg/javascript/jquery_tools/fix.css HTTP/1.1" 304 -
116.238.139.35 - - [19/Nov/2022:11:38:44 +0800] "GET /xingrg/javascript/jquery_tools/jquery.tools.table.js HTTP/1.1" 304 -
116.238.139.35 - - [19/Nov/2022:11:38:44 +0800] "GET /xingrg/javascript/jquery_tools/list_manager.js HTTP/1.1" 304 -
116.238.139.35 - - [19/Nov/2022:11:38:44 +0800] "GET /xingrg/javascript/jquery_tools/jquery.tools.extend.js HTTP/1.1" 304 -
116.238.139.35 - - [19/Nov/2022:11:38:44 +0800] "GET /xingrg/javascript/jquery_tools/jquery.tools.min.js HTTP/1.1" 304 -
116.238.139.35 - - [19/Nov/2022:11:38:44 +0800] "GET /xingrg/javascript/auto/jquery.autocomplete.js HTTP/1.1" 304 -
116.238.139.35 - - [19/Nov/2022:11:38:44 +0800] "GET /xingrg/javascript/jquery_tools/table.css HTTP/1.1" 304 -
116.238.139.35 - - [19/Nov/2022:11:38:44 +0800] "GET /xingrg/javascript/easyui/easyloader.js HTTP/1.1" 304 -
116.238.139.35 - - [19/Nov/2022:11:38:44 +0800] "GET /xingrg/javascript/jquery.cookie.js HTTP/1.1" 304 -
116.238.139.35 - - [19/Nov/2022:11:38:44 +0800] "GET /xingrg/javascript/print/LodopFuncs.js HTTP/1.1" 304 -
116.238.139.35 - - [19/Nov/2022:11:38:44 +0800] "GET /xingrg/kc/buy/cgsh_order_list.html HTTP/1.1" 200 53723
116.238.139.35 - - [19/Nov/2022:11:38:44 +0800] "GET /xingrg/javascript/easyui/themes/icons/edit_add_new.png HTTP/1.1" 304 -
116.238.139.35 - - [19/Nov/2022:11:38:44 +0800] "GET /xingrg/javascript/easyui/themes/icons/cance_new.png HTTP/1.1" 304 -
116.238.139.35 - - [19/Nov/2022:11:38:44 +0800] "GET /xingrg/javascript/easyui/themes/icons/check_new.png HTTP/1.1" 304 -
116.238.139.35 - - [19/Nov/2022:11:38:44 +0800] "GET /xingrg/javascript/easyui/themes/icons/field_new.png HTTP/1.1" 304 -
116.238.139.35 - - [19/Nov/2022:11:38:44 +0800] "GET /xingrg/javascript/easyui/themes/icons/import_new.png HTTP/1.1" 304 -
116.238.139.35 - - [19/Nov/2022:11:38:44 +0800] "GET /xingrg/javascript/jquery_easy_ui/themes/icons/area.png HTTP/1.1" 304 -
116.238.139.35 - - [19/Nov/2022:11:38:44 +0800] "GET /xingrg/javascript/jquery_easy_ui/themes/icons/rest.png HTTP/1.1" 304 -
116.238.139.35 - - [19/Nov/2022:11:38:44 +0800] "GET /xingrg/javascript/easyui/plugins/jquery.parser.js HTTP/1.1" 304 -
116.238.139.35 - - [19/Nov/2022:11:38:44 +0800] "GET /xingrg/images/control/ajaxLoader.gif HTTP/1.1" 304 -
101.85.106.255 - - [19/Nov/2022:11:38:44 +0800] "GET /xingrg/kc/buy/cgsh_order_operate.html?command=get_materiel&rest_code=00142&code=00101011005&supplier_code=00100311&order_time=2022-11-19 HTTP/1.1" 200 428
116.238.139.35 - - [19/Nov/2022:11:38:45 +0800] "POST /xingrg/kc/buy/cgsh_list_operate.html HTTP/1.1" 200 986
116.238.139.35 - - [19/Nov/2022:11:38:45 +0800] "GET /xingrg/javascript/easyui/themes/default/images/button_plain_hover.png HTTP/1.1" 304 -
114.95.46.117 - - [19/Nov/2022:11:38:46 +0800] "GET /xingrg/kc/base/wldb_order_operate.html?command=get_materiel&rest_code=00105&base_code=0010507&code=00101013193 HTTP/1.1" 200 444
116.238.139.35 - - [19/Nov/2022:11:38:46 +0800] "GET /xingrg/javascript/pic_change.js HTTP/1.1" 304 -
180.162.229.95 - - [19/Nov/2022:11:38:46 +0800] "GET /xingrg/kc/buy/cgsh_order_list.html HTTP/1.1" 200 53717
116.238.139.35 - - [19/Nov/2022:11:38:46 +0800] "GET /xingrg/javascript/jquery_tools/order_manager.js HTTP/1.1" 304 -
116.238.139.35 - - [19/Nov/2022:11:38:46 +0800] "GET /xingrg/javascript/convert.js HTTP/1.1" 304 -
116.238.139.35 - - [19/Nov/2022:11:38:46 +0800] "GET /xingrg/javascript/json2.js HTTP/1.1" 304 -
116.238.139.35 - - [19/Nov/2022:11:38:46 +0800] "GET /xingrg/javascript/print/kc_print.js HTTP/1.1" 304 -
116.238.139.35 - - [19/Nov/2022:11:38:46 +0800] "GET /xingrg/words/20221118170638_words.js HTTP/1.1" 304 -
116.238.139.35 - - [19/Nov/2022:11:38:46 +0800] "GET /xingrg/kc/buy/cgsh_order_add.html HTTP/1.1" 200 69510
116.238.139.35 - - [19/Nov/2022:11:38:46 +0800] "GET /xingrg/javascript/easyui/themes/icons/copy_new.png HTTP/1.1" 304 -
116.238.139.35 - - [19/Nov/2022:11:38:46 +0800] "GET /xingrg/javascript/easyui/themes/icons/template_new.png HTTP/1.1" 304 -
116.238.139.35 - - [19/Nov/2022:11:38:46 +0800] "GET /xingrg/javascript/easyui/themes/icons/ok.png HTTP/1.1" 304 -
116.238.139.35 - - [19/Nov/2022:11:38:46 +0800] "GET /xingrg/javascript/easyui/themes/icons/print.png HTTP/1.1" 304 -
116.238.139.35 - - [19/Nov/2022:11:38:46 +0800] "GET /xingrg/javascript/easyui/themes/default/images/menu_downarrow.png HTTP/1.1" 304 -
116.238.139.35 - - [19/Nov/2022:11:38:46 +0800] "GET /xingrg/javascript/easyui/themes/icons/cancel.png HTTP/1.1" 304 -
116.238.139.35 - - [19/Nov/2022:11:38:46 +0800] "GET /xingrg/all/common/auto_word.html?type=employee&rest_code=00150 HTTP/1.1" 200 159
116.238.139.35 - - [19/Nov/2022:11:38:46 +0800] "GET /xingrg/all/common/auto_word.html?type=employee&rest_code=00150 HTTP/1.1" 200 159
116.238.139.35 - - [19/Nov/2022:11:38:46 +0800] "GET /xingrg/javascript/easyui/themes/default/validatebox.css HTTP/1.1" 404 1104
116.238.139.35 - - [19/Nov/2022:11:38:46 +0800] "GET /xingrg/javascript/easyui/plugins/jquery.validatebox.js HTTP/1.1" 304 -
116.238.139.35 - - [19/Nov/2022:11:38:46 +0800] "GET /xingrg/javascript/easyui/plugins/jquery.numberbox.js HTTP/1.1" 304 -
116.238.139.35 - - [19/Nov/2022:11:38:47 +0800] "POST /xingrg/kc/buy/cgsh_order_operate.html HTTP/1.1" 200 8245
116.238.139.35 - - [19/Nov/2022:11:38:47 +0800] "GET /xingrg/javascript/easyui/themes/icons/edit_remove.png HTTP/1.1" 304 -
180.162.229.95 - - [19/Nov/2022:11:38:47 +0800] "POST /xingrg/kc/buy/cgsh_list_operate.html HTTP/1.1" 200 986
180.162.229.95 - - [19/Nov/2022:11:38:47 +0800] "GET /xingrg/check_reg.html?_=1668829128154 HTTP/1.1" 200 22
180.162.229.95 - - [19/Nov/2022:11:38:47 +0800] "GET /xingrg/all/function/internal_message.html?_=1668829128155&CODE_STATE=getMsg HTTP/1.1" 200 27
180.162.229.95 - - [19/Nov/2022:11:38:47 +0800] "GET /xingrg/kc/buy/cgsh_order_add.html HTTP/1.1" 200 69533
180.162.229.95 - - [19/Nov/2022:11:38:48 +0800] "POST /xingrg/kc/buy/cgsh_order_operate.html HTTP/1.1" 200 8245
180.162.229.95 - - [19/Nov/2022:11:38:48 +0800] "GET /xingrg/javascript/easyui/themes/default/validatebox.css HTTP/1.1" 404 1104
114.83.217.254 - - [19/Nov/2022:11:38:48 +0800] "GET /xingrg/all/function/internal_message.html?_=1668829127131&CODE_STATE=getMsg HTTP/1.1" 200 27
180.162.229.95 - - [19/Nov/2022:11:38:50 +0800] "GET /xingrg/javascript/auto/indicator.gif HTTP/1.1" 404 1066
116.238.139.35 - - [19/Nov/2022:11:38:50 +0800] "GET /xingrg/javascript/auto/indicator.gif HTTP/1.1" 404 1066
180.162.115.136 - - [19/Nov/2022:11:38:54 +0800] "GET /xingrg/all/function/internal_message.html?_=1668828177734&CODE_STATE=getMsg HTTP/1.1" 200 27
116.238.139.35 - - [19/Nov/2022:11:39:00 +0800] "GET /xingrg/kc/buy/cgsh_order_operate.html?command=get_materiel&rest_code=00150&code=00101002027&supplier_code=00100400&order_time=2022-11-19 HTTP/1.1" 200 433
180.162.229.95 - - [19/Nov/2022:11:39:03 +0800] "GET /xingrg/kc/buy/cgsh_order_operate.html?command=get_materiel&rest_code=00102&code=00101006129&supplier_code=00100151&order_time=2022-11-19 HTTP/1.1" 200 452
114.95.46.117 - - [19/Nov/2022:11:39:03 +0800] "GET /xingrg/kc/base/wldb_order_operate.html?command=get_materiel&rest_code=00105&base_code=0010507&code=00101019249 HTTP/1.1" 200 470
101.85.106.255 - - [19/Nov/2022:11:39:08 +0800] "POST /xingrg/kc/buy/cgsh_order_operate.html HTTP/1.1" 200 37
101.85.106.255 - - [19/Nov/2022:11:39:09 +0800] "POST /xingrg/kc/buy/cgsh_order_operate.html HTTP/1.1" 200 4457
61.170.235.134 - - [19/Nov/2022:11:39:10 +0800] "GET /xingrg/all/function/internal_message.html?_=1668829143404&CODE_STATE=getMsg HTTP/1.1" 200 27
180.162.229.95 - - [19/Nov/2022:11:39:11 +0800] "GET /xingrg/all/function/internal_message.html?_=1668829160360&CODE_STATE=getMsg HTTP/1.1" 302 -
180.162.229.95 - - [19/Nov/2022:11:39:13 +0800] "GET /xingrg/kc/buy/cgsh_order_operate.html?command=get_materiel&rest_code=00102&code=00101006111&supplier_code=00100151&order_time=2022-11-19 HTTP/1.1" 200 411
116.230.105.139 - - [19/Nov/2022:11:39:14 +0800] "GET /xingrg/all/function/internal_message.html?_=1668829147921&CODE_STATE=getMsg HTTP/1.1" 200 27
120.253.135.82 - - [19/Nov/2022:11:39:14 +0800] "GET /xingrg/check_reg.html?_=1668829268469 HTTP/1.1" 200 22
120.253.135.82 - - [19/Nov/2022:11:39:14 +0800] "GET /xingrg/all/function/internal_message.html?_=1668829268729&CODE_STATE=getMsg HTTP/1.1" 200 27
114.95.46.117 - - [19/Nov/2022:11:39:16 +0800] "GET /xingrg/kc/base/wldb_order_operate.html?command=get_materiel&rest_code=00105&base_code=0010507&code=00101016019 HTTP/1.1" 200 451
114.95.46.117 - - [19/Nov/2022:11:39:17 +0800] "GET /xingrg/all/function/internal_message.html?_=1668829157553&CODE_STATE=getMsg HTTP/1.1" 200 27
101.85.106.255 - - [19/Nov/2022:11:39:21 +0800] "GET /xingrg/all/function/internal_message.html?_=1668829161685&CODE_STATE=getMsg HTTP/1.1" 200 27
116.238.139.35 - - [19/Nov/2022:11:39:21 +0800] "POST /xingrg/kc/buy/cgsh_order_operate.html HTTP/1.1" 200 37
116.238.139.35 - - [19/Nov/2022:11:39:25 +0800] "POST /xingrg/kc/buy/cgsh_order_operate.html HTTP/1.1" 200 12
120.253.135.82 - - [19/Nov/2022:11:39:26 +0800] "GET /xingrg/all/function/internal_message.html?_=1668829161854&CODE_STATE=getMsg HTTP/1.1" 200 27
114.95.46.117 - - [19/Nov/2022:11:39:27 +0800] "GET /xingrg/kc/base/wldb_order_operate.html?command=get_materiel&rest_code=00105&base_code=0010507&code=00101019438 HTTP/1.1" 200 462
116.238.139.35 - - [19/Nov/2022:11:39:28 +0800] "GET /xingrg/kc/buy/cgsh_order_info.html?code=212022111906401 HTTP/1.1" 200 64415
116.238.139.35 - - [19/Nov/2022:11:39:28 +0800] "GET /xingrg/javascript/easyui/themes/default/validatebox.css HTTP/1.1" 404 1104
116.238.139.35 - - [19/Nov/2022:11:39:29 +0800] "POST /xingrg/kc/buy/cgsh_order_operate.html HTTP/1.1" 200 1202
114.83.219.57 - - [19/Nov/2022:11:39:29 +0800] "GET /xingrg/all/function/internal_message.html?_=1668829291665&CODE_STATE=getMsg HTTP/1.1" 200 27
116.238.139.35 - - [19/Nov/2022:11:39:30 +0800] "GET /xingrg/kc/print/load_config.html?kc_code=cgsh HTTP/1.1" 200 1943
116.238.139.35 - - [19/Nov/2022:11:39:31 +0800] "GET /xingrg/kc/print/load_data.html?order_code=212022111906401&kc_code=cgsh&condition= HTTP/1.1" 200 951
218.81.217.29 - - [19/Nov/2022:11:39:34 +0800] "GET /xingrg/all/function/internal_message.html?_=1668829196219&CODE_STATE=getMsg HTTP/1.1" 200 27
114.84.81.136 - - [19/Nov/2022:11:39:34 +0800] "GET /xingrg/check_reg.html?_=1668829175096 HTTP/1.1" 200 22
101.85.106.255 - - [19/Nov/2022:11:39:35 +0800] "POST /xingrg/kc/buy/cgsh_order_operate.html HTTP/1.1" 200 37
114.95.46.117 - - [19/Nov/2022:11:39:36 +0800] "POST /xingrg/kc/base/wldb_order_operate.html HTTP/1.1" 200 37
114.95.46.117 - - [19/Nov/2022:11:39:37 +0800] "POST /xingrg/kc/base/wldb_order_operate.html HTTP/1.1" 200 8129
114.95.46.117 - - [19/Nov/2022:11:39:37 +0800] "GET /xingrg/all/function/internal_message.html?_=1668829026497&CODE_STATE=getMsg HTTP/1.1" 200 27
114.95.46.117 - - [19/Nov/2022:11:39:37 +0800] "GET /xingrg/kc/base/wldb_order_info.html?code=422022111901539 HTTP/1.1" 200 30399
180.169.147.146 - - [19/Nov/2022:11:39:37 +0800] "GET /xingrg/all/function/internal_message.html?_=1668829177729&CODE_STATE=getMsg HTTP/1.1" 200 27
114.95.46.117 - - [19/Nov/2022:11:39:38 +0800] "GET /xingrg/javascript/easyui/themes/default/validatebox.css HTTP/1.1" 404 1104
116.238.139.35 - - [19/Nov/2022:11:39:38 +0800] "GET /xingrg/all/function/internal_message.html?_=1668829090112&CODE_STATE=getMsg HTTP/1.1" 200 27
101.85.106.255 - - [19/Nov/2022:11:39:39 +0800] "POST /xingrg/kc/buy/cgsh_order_operate.html HTTP/1.1" 200 12
114.95.46.117 - - [19/Nov/2022:11:39:39 +0800] "POST /xingrg/kc/base/wldb_order_operate.html HTTP/1.1" 200 8129
116.238.139.35 - - [19/Nov/2022:11:39:39 +0800] "GET /xingrg/kc/buy/cgsh_order_add.html HTTP/1.1" 200 69510
180.169.147.146 - - [19/Nov/2022:11:39:40 +0800] "GET /xingrg/all/function/internal_message.html?_=1668829178242&CODE_STATE=getMsg HTTP/1.1" 200 27
180.169.147.146 - - [19/Nov/2022:11:39:40 +0800] "GET /xingrg/check_reg.html?_=1668829178240 HTTP/1.1" 200 22
116.238.139.35 - - [19/Nov/2022:11:39:40 +0800] "POST /xingrg/kc/buy/cgsh_order_operate.html HTTP/1.1" 200 8245
116.238.139.35 - - [19/Nov/2022:11:39:40 +0800] "GET /xingrg/javascript/easyui/themes/default/validatebox.css HTTP/1.1" 404 1104
101.85.106.255 - - [19/Nov/2022:11:39:40 +0800] "GET /xingrg/kc/buy/cgsh_order_info.html?code=212022111906400 HTTP/1.1" 200 63524
101.85.106.255 - - [19/Nov/2022:11:39:41 +0800] "GET /xingrg/javascript/easyui/themes/default/validatebox.css HTTP/1.1" 404 1104
101.85.106.255 - - [19/Nov/2022:11:39:41 +0800] "POST /xingrg/kc/buy/cgsh_order_operate.html HTTP/1.1" 200 2407
101.85.106.255 - - [19/Nov/2022:11:39:43 +0800] "GET /xingrg/kc/print/load_config.html?kc_code=cgsh HTTP/1.1" 200 1943
101.85.106.255 - - [19/Nov/2022:11:39:43 +0800] "GET /xingrg/kc/print/load_data.html?order_code=212022111906400&kc_code=cgsh&condition= HTTP/1.1" 200 1416
180.162.229.95 - - [19/Nov/2022:11:39:47 +0800] "GET /xingrg/all/function/internal_message.html?_=1668829188167&CODE_STATE=getMsg HTTP/1.1" 200 27
114.83.217.254 - - [19/Nov/2022:11:39:48 +0800] "GET /xingrg/all/function/internal_message.html?_=1668829187108&CODE_STATE=getMsg HTTP/1.1" 200 27
180.162.115.136 - - [19/Nov/2022:11:39:54 +0800] "GET /xingrg/all/function/internal_message.html?_=1668828237740&CODE_STATE=getMsg HTTP/1.1" 200 27
180.162.115.136 - - [19/Nov/2022:11:39:54 +0800] "GET /xingrg/check_reg.html?_=1668828237743 HTTP/1.1" 200 22
116.238.139.35 - - [19/Nov/2022:11:39:59 +0800] "GET /xingrg/kc/buy/cgsh_order_operate.html?command=get_materiel&rest_code=00150&code=00101029115&supplier_code=00100018&order_time=2022-11-19 HTTP/1.1" 200 421
114.95.46.117 - - [19/Nov/2022:11:40:00 +0800] "GET /xingrg/kc/base/wldb_order_add.html HTTP/1.1" 200 30384
114.95.46.117 - - [19/Nov/2022:11:40:00 +0800] "POST /xingrg/kc/base/wldb_order_operate.html HTTP/1.1" 200 6806
114.95.46.117 - - [19/Nov/2022:11:40:01 +0800] "GET /xingrg/javascript/easyui/themes/default/validatebox.css HTTP/1.1" 404 1104
101.85.106.255 - - [19/Nov/2022:11:40:09 +0800] "GET /xingrg/kc/buy/cgsh_order_add.html HTTP/1.1" 200 68617
101.85.106.255 - - [19/Nov/2022:11:40:10 +0800] "POST /xingrg/kc/buy/cgsh_order_operate.html HTTP/1.1" 200 8245
101.85.106.255 - - [19/Nov/2022:11:40:10 +0800] "GET /xingrg/javascript/easyui/themes/default/validatebox.css HTTP/1.1" 404 1104
61.170.235.134 - - [19/Nov/2022:11:40:10 +0800] "GET /xingrg/all/function/internal_message.html?_=1668829203381&CODE_STATE=getMsg HTTP/1.1" 200 27
180.162.229.95 - - [19/Nov/2022:11:40:11 +0800] "GET /xingrg/all/function/internal_message.html?_=1668829220358&CODE_STATE=getMsg HTTP/1.1" 302 -
101.85.106.255 - - [19/Nov/2022:11:40:14 +0800] "GET /xingrg/javascript/jquery_tools/images/prev.gif HTTP/1.1" 404 1086
101.85.106.255 - - [19/Nov/2022:11:40:14 +0800] "GET /xingrg/javascript/jquery_tools/images/next.gif HTTP/1.1" 404 1086
116.230.105.139 - - [19/Nov/2022:11:40:14 +0800] "GET /xingrg/all/function/internal_message.html?_=1668829207933&CODE_STATE=getMsg HTTP/1.1" 200 27
120.253.135.82 - - [19/Nov/2022:11:40:14 +0800] "GET /xingrg/all/function/internal_message.html?_=1668829328737&CODE_STATE=getMsg HTTP/1.1" 200 27
114.95.46.117 - - [19/Nov/2022:11:40:17 +0800] "GET /xingrg/all/function/internal_message.html?_=1668829217522&CODE_STATE=getMsg HTTP/1.1" 200 27
114.95.46.117 - - [19/Nov/2022:11:40:18 +0800] "GET /xingrg/kc/base/wldb_order_operate.html?command=get_materiel&rest_code=00105&base_code=0010507&code=00101011005 HTTP/1.1" 200 430
218.81.217.29 - - [19/Nov/2022:11:40:20 +0800] "GET /xingrg/kc/buy/cgsh_order_add.html HTTP/1.1" 200 69498
101.85.106.255 - - [19/Nov/2022:11:40:21 +0800] "GET /xingrg/all/function/internal_message.html?_=1668829221686&CODE_STATE=getMsg HTTP/1.1" 200 27
218.81.217.29 - - [19/Nov/2022:11:40:21 +0800] "POST /xingrg/kc/buy/cgsh_order_operate.html HTTP/1.1" 200 8245
218.81.217.29 - - [19/Nov/2022:11:40:21 +0800] "GET /xingrg/javascript/easyui/themes/default/validatebox.css HTTP/1.1" 404 1104
114.95.46.117 - - [19/Nov/2022:11:40:25 +0800] "POST /xingrg/kc/base/wldb_order_operate.html HTTP/1.1" 200 37
114.95.46.117 - - [19/Nov/2022:11:40:25 +0800] "POST /xingrg/kc/base/wldb_order_operate.html HTTP/1.1" 200 2179
120.253.135.82 - - [19/Nov/2022:11:40:26 +0800] "GET /xingrg/all/function/internal_message.html?_=1668829221857&CODE_STATE=getMsg HTTP/1.1" 200 27
114.95.46.117 - - [19/Nov/2022:11:40:27 +0800] "GET /xingrg/kc/base/wldb_order_info.html?code=422022111901540 HTTP/1.1" 200 30398
114.95.46.117 - - [19/Nov/2022:11:40:27 +0800] "GET /xingrg/javascript/easyui/themes/default/validatebox.css HTTP/1.1" 404 1104
116.238.139.35 - - [19/Nov/2022:11:40:28 +0800] "POST /xingrg/kc/buy/cgsh_order_operate.html HTTP/1.1" 200 37
114.95.46.117 - - [19/Nov/2022:11:40:28 +0800] "POST /xingrg/kc/base/wldb_order_operate.html HTTP/1.1" 200 2179
114.83.219.57 - - [19/Nov/2022:11:40:29 +0800] "GET /xingrg/all/function/internal_message.html?_=1668829351670&CODE_STATE=getMsg HTTP/1.1" 200 27
101.85.106.255 - - [19/Nov/2022:11:40:29 +0800] "GET /xingrg/kc/buy/cgsh_order_operate.html?command=get_materiel&rest_code=00142&code=00101028061&supplier_code=00100567&order_time=2022-11-19 HTTP/1.1" 200 424
116.238.139.35 - - [19/Nov/2022:11:40:31 +0800] "POST /xingrg/kc/buy/cgsh_order_operate.html HTTP/1.1" 200 12
116.238.139.35 - - [19/Nov/2022:11:40:32 +0800] "GET /xingrg/kc/buy/cgsh_order_info.html?code=212022111906402 HTTP/1.1" 200 64415
116.238.139.35 - - [19/Nov/2022:11:40:33 +0800] "GET /xingrg/javascript/easyui/themes/default/validatebox.css HTTP/1.1" 404 1104
116.238.139.35 - - [19/Nov/2022:11:40:33 +0800] "POST /xingrg/kc/buy/cgsh_order_operate.html HTTP/1.1" 200 630
218.81.217.29 - - [19/Nov/2022:11:40:34 +0800] "GET /xingrg/all/function/internal_message.html?_=1668829256232&CODE_STATE=getMsg HTTP/1.1" 200 27
116.238.139.35 - - [19/Nov/2022:11:40:35 +0800] "GET /xingrg/kc/print/load_data.html?order_code=212022111906402&kc_code=cgsh&condition= HTTP/1.1" 200 801
116.238.139.35 - - [19/Nov/2022:11:40:36 +0800] "GET /xingrg/check_reg.html?_=1668829238384 HTTP/1.1" 302 -
114.95.46.117 - - [19/Nov/2022:11:40:37 +0800] "GET /xingrg/all/function/internal_message.html?_=1668829086478&CODE_STATE=getMsg HTTP/1.1" 200 27
180.169.147.146 - - [19/Nov/2022:11:40:37 +0800] "GET /xingrg/check_reg.html?_=1668829237724 HTTP/1.1" 200 22
180.169.147.146 - - [19/Nov/2022:11:40:37 +0800] "GET /xingrg/all/function/internal_message.html?_=1668829237726&CODE_STATE=getMsg HTTP/1.1" 200 27
218.81.217.29 - - [19/Nov/2022:11:40:38 +0800] "GET /xingrg/kc/buy/cgsh_order_operate.html?command=get_materiel&rest_code=00146&code=00101007059&supplier_code=00100002&order_time=2022-11-19 HTTP/1.1" 200 409
116.238.139.35 - - [19/Nov/2022:11:40:38 +0800] "GET /xingrg/all/function/internal_message.html?_=1668829150127&CODE_STATE=getMsg HTTP/1.1" 200 27
180.169.147.146 - - [19/Nov/2022:11:40:40 +0800] "GET /xingrg/all/function/internal_message.html?_=1668829238241&CODE_STATE=getMsg HTTP/1.1" 200 27
101.85.106.255 - - [19/Nov/2022:11:40:42 +0800] "GET /xingrg/kc/buy/cgsh_order_operate.html?command=get_materiel&rest_code=00142&code=00101028025&supplier_code=00100567&order_time=2022-11-19 HTTP/1.1" 200 454
180.162.229.95 - - [19/Nov/2022:11:40:47 +0800] "GET /xingrg/all/function/internal_message.html?_=1668829248164&CODE_STATE=getMsg HTTP/1.1" 200 27
101.85.106.255 - - [19/Nov/2022:11:40:48 +0800] "POST /xingrg/all/common/load_select.html HTTP/1.1" 200 25
114.83.217.254 - - [19/Nov/2022:11:40:48 +0800] "GET /xingrg/all/function/internal_message.html?_=1668829247081&CODE_STATE=getMsg HTTP/1.1" 200 27
180.162.115.136 - - [19/Nov/2022:11:40:50 +0800] "GET /xingrg/kc/buy/cgsh_order_operate.html?command=get_materiel&rest_code=00143&code=00101008352&supplier_code=00100161&order_time=2022-11-18 HTTP/1.1" 200 412
101.85.106.255 - - [19/Nov/2022:11:40:52 +0800] "GET /xingrg/kc/buy/cgsh_order_operate.html?command=get_materiel_price&rest_code=00142&code=00101028025&unit_code=00100157&supplier_code=00100567&order_time=2022-11-19 HTTP/1.1" 200 29
180.162.115.136 - - [19/Nov/2022:11:40:54 +0800] "GET /xingrg/all/function/internal_message.html?_=1668828297729&CODE_STATE=getMsg HTTP/1.1" 200 27
114.95.46.117 - - [19/Nov/2022:11:40:56 +0800] "POST /xingrg/kc/base/wldb_order_operate.html HTTP/1.1" 200 37
114.95.46.117 - - [19/Nov/2022:11:40:56 +0800] "POST /xingrg/kc/base/wldb_order_operate.html HTTP/1.1" 200 2179
114.95.46.117 - - [19/Nov/2022:11:40:57 +0800] "GET /xingrg/kc/base/wldb_order_info.html?code=422022111901540 HTTP/1.1" 200 30398
114.95.46.117 - - [19/Nov/2022:11:40:57 +0800] "GET /xingrg/javascript/easyui/themes/default/validatebox.css HTTP/1.1" 404 1104
114.95.46.117 - - [19/Nov/2022:11:40:57 +0800] "POST /xingrg/kc/base/wldb_order_operate.html HTTP/1.1" 200 2179
218.81.217.29 - - [19/Nov/2022:11:40:58 +0800] "GET /xingrg/kc/buy/cgsh_order_operate.html?command=get_materiel&rest_code=00146&code=00101007032&supplier_code=00100002&order_time=2022-11-19 HTTP/1.1" 200 413
114.95.46.117 - - [19/Nov/2022:11:41:00 +0800] "GET /xingrg/kc/base/wldb_order_add.html HTTP/1.1" 200 30384
114.95.46.117 - - [19/Nov/2022:11:41:01 +0800] "POST /xingrg/kc/base/wldb_order_operate.html HTTP/1.1" 200 6806
114.95.46.117 - - [19/Nov/2022:11:41:01 +0800] "GET /xingrg/javascript/easyui/themes/default/validatebox.css HTTP/1.1" 404 1104
58.221.95.50 - - [19/Nov/2022:11:41:01 +0800] "GET /xingrg/check_reg.html?_=1668829246186 HTTP/1.1" 302 -
101.85.106.255 - - [19/Nov/2022:11:41:03 +0800] "POST /xingrg/kc/buy/cgsh_order_operate.html HTTP/1.1" 200 37
180.162.115.136 - - [19/Nov/2022:11:41:05 +0800] "GET /xingrg/kc/buy/cgsh_order_operate.html?command=get_materiel&rest_code=00143&code=00101008108&supplier_code=00100161&order_time=2022-11-18 HTTP/1.1" 200 412
101.85.106.255 - - [19/Nov/2022:11:41:05 +0800] "POST /xingrg/kc/buy/cgsh_order_operate.html HTTP/1.1" 200 3304
61.170.235.134 - - [19/Nov/2022:11:41:06 +0800] "GET /xingrg/check_reg.html?_=1668829259575 HTTP/1.1" 200 22
61.170.235.134 - - [19/Nov/2022:11:41:10 +0800] "GET /xingrg/all/function/internal_message.html?_=1668829263353&CODE_STATE=getMsg HTTP/1.1" 200 27
180.162.229.95 - - [19/Nov/2022:11:41:11 +0800] "GET /xingrg/all/function/internal_message.html?_=1668829280358&CODE_STATE=getMsg HTTP/1.1" 302 -
116.238.139.35 - - [19/Nov/2022:11:41:11 +0800] "GET /xingrg/javascript/jquery_easy_ui/themes/default/images/button_a_bg.gif HTTP/1.1" 304 -
116.238.139.35 - - [19/Nov/2022:11:41:11 +0800] "GET /xingrg/javascript/jquery_easy_ui/themes/default/images/button_span_bg.gif HTTP/1.1" 304 -
116.238.139.35 - - [19/Nov/2022:11:41:11 +0800] "GET /xingrg/javascript/jquery_easy_ui/themes/icons/ok.png HTTP/1.1" 304 -
116.238.139.35 - - [19/Nov/2022:11:41:11 +0800] "GET /xingrg/javascript/jquery_easy_ui/themes/default/images/panel_tools.gif HTTP/1.1" 304 -
116.238.139.35 - - [19/Nov/2022:11:41:11 +0800] "GET /xingrg/javascript/jquery_easy_ui/themes/default/images/panel_title.png HTTP/1.1" 304 -
116.238.139.35 - - [19/Nov/2022:11:41:13 +0800] "POST /xingrg/all/user/operate.html HTTP/1.1" 200 36
116.238.139.35 - - [19/Nov/2022:11:41:13 +0800] "GET /xingrg/javascript/jquery_easy_ui/themes/default/easyui.css HTTP/1.1" 304 -
116.238.139.35 - - [19/Nov/2022:11:41:13 +0800] "GET /xingrg/javascript/jquery_easy_ui/themes/icon.css HTTP/1.1" 304 -
116.238.139.35 - - [19/Nov/2022:11:41:13 +0800] "GET /xingrg/index.html?sysBaseUrl=http%3A%2F%2F180.169.147.146%3A18081%2Fxingrg%2F&costTime=42×tamp=1668829118334 HTTP/1.1" 200 17177
116.238.139.35 - - [19/Nov/2022:11:41:13 +0800] "GET /xingrg/css/form.css HTTP/1.1" 304 -
116.238.139.35 - - [19/Nov/2022:11:41:13 +0800] "GET /xingrg/javascript/jquery-1.4.2.min.js HTTP/1.1" 304 -
116.238.139.35 - - [19/Nov/2022:11:41:13 +0800] "GET /xingrg/javascript/jquery_easy_ui/jquery.easyui.min.js HTTP/1.1" 304 -
116.238.139.35 - - [19/Nov/2022:11:41:14 +0800] "GET /xingrg/javascript/jquery_easy_ui/easyui-lang-zh_CN.js HTTP/1.1" 304 -
116.238.139.35 - - [19/Nov/2022:11:41:14 +0800] "GET /xingrg/javascript/jquery.form.js HTTP/1.1" 304 -
116.238.139.35 - - [19/Nov/2022:11:41:14 +0800] "GET /xingrg/javascript/jquery.utils.js HTTP/1.1" 304 -
116.238.139.35 - - [19/Nov/2022:11:41:14 +0800] "GET /xingrg/javascript/jquery.timers.js HTTP/1.1" 304 -
116.238.139.35 - - [19/Nov/2022:11:41:14 +0800] "GET /xingrg/images/blue/navBackgound.jpg HTTP/1.1" 304 -
116.238.139.35 - - [19/Nov/2022:11:41:14 +0800] "GET /xingrg/images/blue/jxLogo.png HTTP/1.1" 304 -
116.238.139.35 - - [19/Nov/2022:11:41:14 +0800] "GET /xingrg/javascript/jquery_easy_ui/themes/icons/settle_new.png HTTP/1.1" 304 -
116.238.139.35 - - [19/Nov/2022:11:41:14 +0800] "POST /xingrg/all/common/load_tree.html?tree=area_rest_tree_json&manage=1 HTTP/1.1" 200 476
116.238.139.35 - - [19/Nov/2022:11:41:14 +0800] "GET /xingrg/images/blue/pingpu.png HTTP/1.1" 304 -
116.238.139.35 - - [19/Nov/2022:11:41:14 +0800] "GET /xingrg/javascript/jquery_easy_ui/themes/default/images/tabs_leftarrow.png HTTP/1.1" 304 -
116.238.139.35 - - [19/Nov/2022:11:41:14 +0800] "GET /xingrg/javascript/jquery_easy_ui/themes/default/images/tabs_rightarrow.png HTTP/1.1" 304 -
116.238.139.35 - - [19/Nov/2022:11:41:14 +0800] "GET /xingrg/javascript/jquery_easy_ui/themes/default/images/panel_tool_collapse.gif HTTP/1.1" 304 -
116.238.139.35 - - [19/Nov/2022:11:41:14 +0800] "GET /xingrg/check_reg.html?_=1668829185392 HTTP/1.1" 200 22
116.238.139.35 - - [19/Nov/2022:11:41:14 +0800] "GET /xingrg/all/function/internal_message.html?_=1668829185391&CODE_STATE=count HTTP/1.1" 200 11
116.238.139.35 - - [19/Nov/2022:11:41:14 +0800] "POST /xingrg/load_menu.html HTTP/1.1" 200 5138
116.230.105.139 - - [19/Nov/2022:11:41:14 +0800] "GET /xingrg/all/function/internal_message.html?_=1668829267928&CODE_STATE=getMsg HTTP/1.1" 200 27
120.253.135.82 - - [19/Nov/2022:11:41:15 +0800] "GET /xingrg/all/function/internal_message.html?_=1668829388751&CODE_STATE=getMsg HTTP/1.1" 200 27
180.162.115.136 - - [19/Nov/2022:11:41:15 +0800] "GET /xingrg/kc/buy/cgsh_order_operate.html?command=get_materiel&rest_code=00143&code=00101008036&supplier_code=00100161&order_time=2022-11-18 HTTP/1.1" 200 408
116.238.139.35 - - [19/Nov/2022:11:41:16 +0800] "GET /xingrg/kc/buy/cgsh_order_list.html HTTP/1.1" 200 53721
116.238.139.35 - - [19/Nov/2022:11:41:17 +0800] "POST /xingrg/kc/buy/cgsh_list_operate.html HTTP/1.1" 200 986
114.95.46.117 - - [19/Nov/2022:11:41:17 +0800] "GET /xingrg/all/function/internal_message.html?_=1668829277499&CODE_STATE=getMsg HTTP/1.1" 200 27
116.238.139.35 - - [19/Nov/2022:11:41:20 +0800] "GET /xingrg/kc/buy/cgsh_order_add.html HTTP/1.1" 200 69108
116.238.139.35 - - [19/Nov/2022:11:41:20 +0800] "POST /xingrg/kc/buy/cgsh_order_operate.html HTTP/1.1" 200 8245
116.238.139.35 - - [19/Nov/2022:11:41:21 +0800] "GET /xingrg/all/common/auto_word.html?type=employee&rest_code=00151 HTTP/1.1" 200 293
116.238.139.35 - - [19/Nov/2022:11:41:21 +0800] "GET /xingrg/all/common/auto_word.html?type=employee&rest_code=00151 HTTP/1.1" 200 293
116.238.139.35 - - [19/Nov/2022:11:41:21 +0800] "GET /xingrg/javascript/easyui/themes/default/validatebox.css HTTP/1.1" 404 1104
218.81.217.29 - - [19/Nov/2022:11:41:21 +0800] "GET /xingrg/kc/buy/cgsh_order_operate.html?command=get_materiel&rest_code=00146&code=00101007077&supplier_code=00100002&order_time=2022-11-19 HTTP/1.1" 200 415
101.85.106.255 - - [19/Nov/2022:11:41:21 +0800] "GET /xingrg/all/function/internal_message.html?_=1668829281684&CODE_STATE=getMsg HTTP/1.1" 200 27
116.238.139.35 - - [19/Nov/2022:11:41:23 +0800] "GET /xingrg/javascript/auto/indicator.gif HTTP/1.1" 404 1066
180.162.115.136 - - [19/Nov/2022:11:41:25 +0800] "GET /xingrg/kc/buy/cgsh_order_operate.html?command=get_materiel&rest_code=00143&code=00101008005&supplier_code=00100161&order_time=2022-11-18 HTTP/1.1" 200 412
120.253.135.82 - - [19/Nov/2022:11:41:26 +0800] "GET /xingrg/check_reg.html?_=1668829281868 HTTP/1.1" 200 22
120.253.135.82 - - [19/Nov/2022:11:41:26 +0800] "GET /xingrg/all/function/internal_message.html?_=1668829281863&CODE_STATE=getMsg HTTP/1.1" 200 27
101.85.106.255 - - [19/Nov/2022:11:41:28 +0800] "POST /xingrg/kc/buy/cgsh_order_operate.html HTTP/1.1" 200 37
114.83.219.57 - - [19/Nov/2022:11:41:29 +0800] "GET /xingrg/all/function/internal_message.html?_=1668829411678&CODE_STATE=getMsg HTTP/1.1" 200 27
180.162.229.95 - - [19/Nov/2022:11:41:29 +0800] "GET /xingrg/kc/buy/cgsh_order_operate.html?command=get_materiel&rest_code=00102&code=00101006130&supplier_code=00100151&order_time=2022-11-19 HTTP/1.1" 200 427
180.169.147.146 - - [19/Nov/2022:11:41:31 +0800] "GET /xingrg/kc/buy/cgsh_order_operate.html?command=get_materiel&rest_code=00147&code=00101008354&supplier_code=00100007&order_time=2022-11-19 HTTP/1.1" 200 412
101.85.106.255 - - [19/Nov/2022:11:41:31 +0800] "POST /xingrg/kc/buy/cgsh_order_operate.html HTTP/1.1" 200 12
101.85.106.255 - - [19/Nov/2022:11:41:33 +0800] "GET /xingrg/kc/buy/cgsh_order_info.html?code=212022111906403 HTTP/1.1" 200 63518
116.238.139.35 - - [19/Nov/2022:11:41:33 +0800] "GET /xingrg/kc/buy/cgsh_order_operate.html?command=get_materiel&rest_code=00151&code=00101011005&supplier_code=00100047&order_time=2022-11-19 HTTP/1.1" 200 428
101.85.106.255 - - [19/Nov/2022:11:41:33 +0800] "GET /xingrg/javascript/easyui/themes/default/validatebox.css HTTP/1.1" 404 1104
101.85.106.255 - - [19/Nov/2022:11:41:34 +0800] "POST /xingrg/kc/buy/cgsh_order_operate.html HTTP/1.1" 200 1254
218.81.217.29 - - [19/Nov/2022:11:41:34 +0800] "GET /xingrg/all/function/internal_message.html?_=1668829316245&CODE_STATE=getMsg HTTP/1.1" 200 27
101.85.106.255 - - [19/Nov/2022:11:41:35 +0800] "GET /xingrg/kc/print/load_data.html?order_code=212022111906403&kc_code=cgsh&condition= HTTP/1.1" 200 994
180.162.115.136 - - [19/Nov/2022:11:41:36 +0800] "GET /xingrg/kc/buy/cgsh_order_operate.html?command=get_materiel&rest_code=00143&code=00101008268&supplier_code=00100161&order_time=2022-11-18 HTTP/1.1" 200 408
114.95.46.117 - - [19/Nov/2022:11:41:37 +0800] "GET /xingrg/all/function/internal_message.html?_=1668829146468&CODE_STATE=getMsg HTTP/1.1" 200 27
180.169.147.146 - - [19/Nov/2022:11:41:37 +0800] "GET /xingrg/all/function/internal_message.html?_=1668829297719&CODE_STATE=getMsg HTTP/1.1" 200 27
180.169.147.146 - - [19/Nov/2022:11:41:40 +0800] "GET /xingrg/all/function/internal_message.html?_=1668829298251&CODE_STATE=getMsg HTTP/1.1" 200 27
180.169.147.146 - - [19/Nov/2022:11:41:40 +0800] "GET /xingrg/kc/buy/cgsh_order_operate.html?command=get_materiel&rest_code=00147&code=00101008199&supplier_code=00100007&order_time=2022-11-19 HTTP/1.1" 200 408
218.81.217.29 - - [19/Nov/2022:11:41:44 +0800] "POST /xingrg/kc/buy/cgsh_order_operate.html HTTP/1.1" 200 37
