222.70.183.206 - - [19/Nov/2022:13:28:21 +0800] "GET /xingrg/all/function/internal_message.html?_=1668835699403&CODE_STATE=getMsg HTTP/1.1" 200 27
116.235.92.184 - - [19/Nov/2022:13:28:22 +0800] "GET /xingrg/all/function/internal_message.html?_=1668835919872&CODE_STATE=getMsg HTTP/1.1" 200 27
120.253.135.82 - - [19/Nov/2022:13:28:27 +0800] "GET /xingrg/all/function/internal_message.html?_=1668835701994&CODE_STATE=getMsg HTTP/1.1" 200 27
116.238.139.35 - - [19/Nov/2022:13:28:33 +0800] "GET /xingrg/check_reg.html?_=1668835714801 HTTP/1.1" 200 22
116.238.139.35 - - [19/Nov/2022:13:28:33 +0800] "GET /xingrg/all/function/internal_message.html?_=1668835715386&CODE_STATE=getMsg HTTP/1.1" 200 27
114.95.46.117 - - [19/Nov/2022:13:28:36 +0800] "GET /xingrg/all/function/internal_message.html?_=1668835565549&CODE_STATE=getMsg HTTP/1.1" 200 27
180.169.147.146 - - [19/Nov/2022:13:28:37 +0800] "GET /xingrg/all/function/internal_message.html?_=1668835717758&CODE_STATE=getMsg HTTP/1.1" 200 27
222.70.183.206 - - [19/Nov/2022:13:28:37 +0800] "POST /xingrg/kc/buy/cgsh_order_operate.html HTTP/1.1" 200 37
222.70.183.206 - - [19/Nov/2022:13:28:39 +0800] "POST /xingrg/kc/buy/cgsh_order_operate.html HTTP/1.1" 200 2654
222.70.183.206 - - [19/Nov/2022:13:28:40 +0800] "GET /xingrg/kc/print/load_data.html?order_code=212022111906472&kc_code=cgsh&condition= HTTP/1.1" 200 672
180.169.147.146 - - [19/Nov/2022:13:28:41 +0800] "GET /xingrg/all/function/internal_message.html?_=1668835719771&CODE_STATE=getMsg HTTP/1.1" 200 27
116.238.139.35 - - [19/Nov/2022:13:28:44 +0800] "GET /xingrg/kc/buy/cgsh_order_operate.html?command=get_materiel&rest_code=00150&code=00101001135&supplier_code=00100312&order_time=2022-11-19 HTTP/1.1" 200 432
114.83.217.254 - - [19/Nov/2022:13:28:46 +0800] "GET /xingrg/all/function/internal_message.html?_=1668835725210&CODE_STATE=getMsg HTTP/1.1" 200 27
218.81.217.29 - - [19/Nov/2022:13:28:47 +0800] "GET /xingrg/all/function/internal_message.html?_=1668835749742&CODE_STATE=getMsg HTTP/1.1" 200 27
180.162.115.136 - - [19/Nov/2022:13:28:55 +0800] "GET /xingrg/all/function/internal_message.html?_=1668834778948&CODE_STATE=getMsg HTTP/1.1" 200 27
116.238.139.35 - - [19/Nov/2022:13:28:56 +0800] "GET /xingrg/kc/buy/cgsh_order_operate.html?command=get_materiel&rest_code=00150&code=00101004046&supplier_code=00100312&order_time=2022-11-19 HTTP/1.1" 200 437
222.70.183.206 - - [19/Nov/2022:13:28:57 +0800] "GET /xingrg/kc/buy/cgsh_order_add.html HTTP/1.1" 200 69454
222.70.183.206 - - [19/Nov/2022:13:28:58 +0800] "POST /xingrg/kc/buy/cgsh_order_operate.html HTTP/1.1" 200 8245
222.70.183.206 - - [19/Nov/2022:13:28:58 +0800] "GET /xingrg/javascript/easyui/themes/default/validatebox.css HTTP/1.1" 404 1104
116.238.139.35 - - [19/Nov/2022:13:29:02 +0800] "GET /xingrg/kc/buy/cgsh_order_operate.html?command=get_materiel&rest_code=00150&code=00101004067&supplier_code=00100312&order_time=2022-11-19 HTTP/1.1" 200 413
61.170.235.134 - - [19/Nov/2022:13:29:07 +0800] "GET /xingrg/all/function/internal_message.html?_=1668835740821&CODE_STATE=getMsg HTTP/1.1" 200 27
180.162.229.95 - - [19/Nov/2022:13:29:11 +0800] "GET /xingrg/all/function/internal_message.html?_=1668835760528&CODE_STATE=getMsg HTTP/1.1" 302 -
116.230.105.139 - - [19/Nov/2022:13:29:14 +0800] "GET /xingrg/all/function/internal_message.html?_=1668835747929&CODE_STATE=getMsg HTTP/1.1" 200 27
114.95.46.117 - - [19/Nov/2022:13:29:14 +0800] "GET /xingrg/all/function/internal_message.html?_=1668835755275&CODE_STATE=getMsg HTTP/1.1" 200 27
116.230.105.139 - - [19/Nov/2022:13:29:15 +0800] "GET /xingrg/kc/buy/cgsh_order_list.html HTTP/1.1" 200 53723
120.253.135.82 - - [19/Nov/2022:13:29:15 +0800] "GET /xingrg/check_reg.html?_=1668835869379 HTTP/1.1" 200 22
116.238.139.35 - - [19/Nov/2022:13:29:16 +0800] "GET /xingrg/all/function/internal_message.html?_=1668835667292&CODE_STATE=getMsg HTTP/1.1" 200 27
116.238.139.35 - - [19/Nov/2022:13:29:16 +0800] "GET /xingrg/kc/buy/cgsh_order_operate.html?command=get_materiel&rest_code=00150&code=00101004049&supplier_code=00100312&order_time=2022-11-19 HTTP/1.1" 200 432
116.230.105.139 - - [19/Nov/2022:13:29:17 +0800] "GET /xingrg/kc/buy/cgsh_order_list.html HTTP/1.1" 200 53723
120.253.135.82 - - [19/Nov/2022:13:29:17 +0800] "GET /xingrg/all/function/internal_message.html?_=1668835871279&CODE_STATE=getMsg HTTP/1.1" 200 27
116.230.105.139 - - [19/Nov/2022:13:29:18 +0800] "POST /xingrg/kc/buy/cgsh_list_operate.html HTTP/1.1" 200 3591
116.230.105.139 - - [19/Nov/2022:13:29:18 +0800] "POST /xingrg/kc/buy/cgsh_list_operate.html HTTP/1.1" 200 3591
116.230.105.139 - - [19/Nov/2022:13:29:18 +0800] "GET /xingrg/kc/buy/cgsh_order_list.html HTTP/1.1" 200 53723
116.230.105.139 - - [19/Nov/2022:13:29:19 +0800] "POST /xingrg/kc/buy/cgsh_list_operate.html HTTP/1.1" 200 3591
101.85.106.255 - - [19/Nov/2022:13:29:20 +0800] "GET /xingrg/all/function/internal_message.html?_=1668835760038&CODE_STATE=getMsg HTTP/1.1" 200 27
116.230.105.139 - - [19/Nov/2022:13:29:20 +0800] "POST /xingrg/kc/buy/cgsh_list_operate.html HTTP/1.1" 200 3591
222.70.183.206 - - [19/Nov/2022:13:29:21 +0800] "GET /xingrg/all/function/internal_message.html?_=1668835759396&CODE_STATE=getMsg HTTP/1.1" 200 27
116.235.92.184 - - [19/Nov/2022:13:29:22 +0800] "GET /xingrg/all/function/internal_message.html?_=1668835979848&CODE_STATE=getMsg HTTP/1.1" 200 27
116.230.105.139 - - [19/Nov/2022:13:29:25 +0800] "POST /xingrg/all/user/operate.html HTTP/1.1" 200 36
116.230.105.139 - - [19/Nov/2022:13:29:25 +0800] "GET /xingrg/index.html?sysBaseUrl=http%3A%2F%2F180.169.147.146%3A18081%2Fxingrg%2F&costTime=119×tamp=1668817692798 HTTP/1.1" 200 17179
116.230.105.139 - - [19/Nov/2022:13:29:25 +0800] "GET /xingrg/javascript/jquery_easy_ui/themes/default/easyui.css HTTP/1.1" 304 -
116.230.105.139 - - [19/Nov/2022:13:29:25 +0800] "GET /xingrg/javascript/jquery_easy_ui/themes/icon.css HTTP/1.1" 304 -
116.230.105.139 - - [19/Nov/2022:13:29:25 +0800] "GET /xingrg/css/form.css HTTP/1.1" 304 -
116.238.139.35 - - [19/Nov/2022:13:29:25 +0800] "GET /xingrg/kc/buy/cgsh_order_operate.html?command=get_materiel&rest_code=00150&code=00101001029&supplier_code=00100312&order_time=2022-11-19 HTTP/1.1" 200 417
116.230.105.139 - - [19/Nov/2022:13:29:25 +0800] "GET /xingrg/javascript/jquery-1.4.2.min.js HTTP/1.1" 304 -
116.230.105.139 - - [19/Nov/2022:13:29:25 +0800] "GET /xingrg/javascript/jquery_easy_ui/jquery.easyui.min.js HTTP/1.1" 304 -
116.230.105.139 - - [19/Nov/2022:13:29:25 +0800] "GET /xingrg/javascript/jquery_easy_ui/easyui-lang-zh_CN.js HTTP/1.1" 304 -
116.230.105.139 - - [19/Nov/2022:13:29:25 +0800] "GET /xingrg/javascript/jquery.form.js HTTP/1.1" 304 -
116.230.105.139 - - [19/Nov/2022:13:29:25 +0800] "GET /xingrg/javascript/jquery.utils.js HTTP/1.1" 304 -
116.230.105.139 - - [19/Nov/2022:13:29:25 +0800] "GET /xingrg/javascript/jquery.timers.js HTTP/1.1" 304 -
116.230.105.139 - - [19/Nov/2022:13:29:25 +0800] "GET /xingrg/images/blue/jxLogo.png HTTP/1.1" 304 -
116.230.105.139 - - [19/Nov/2022:13:29:25 +0800] "GET /xingrg/javascript/jquery_easy_ui/themes/icons/settle_new.png HTTP/1.1" 304 -
116.230.105.139 - - [19/Nov/2022:13:29:25 +0800] "GET /xingrg/images/blue/navBackgound.jpg HTTP/1.1" 304 -
116.230.105.139 - - [19/Nov/2022:13:29:25 +0800] "POST /xingrg/all/common/load_tree.html?tree=area_rest_tree_json&manage=1 HTTP/1.1" 200 479
116.230.105.139 - - [19/Nov/2022:13:29:25 +0800] "GET /xingrg/check_reg.html?_=1668835758679 HTTP/1.1" 200 22
116.230.105.139 - - [19/Nov/2022:13:29:25 +0800] "GET /xingrg/all/function/internal_message.html?_=1668835758678&CODE_STATE=count HTTP/1.1" 200 11
116.230.105.139 - - [19/Nov/2022:13:29:25 +0800] "GET /xingrg/javascript/jquery_easy_ui/themes/default/images/tabs_leftarrow.png HTTP/1.1" 304 -
116.230.105.139 - - [19/Nov/2022:13:29:25 +0800] "GET /xingrg/javascript/jquery_easy_ui/themes/default/images/tabs_rightarrow.png HTTP/1.1" 304 -
116.230.105.139 - - [19/Nov/2022:13:29:25 +0800] "GET /xingrg/javascript/jquery_easy_ui/themes/default/images/panel_tool_collapse.gif HTTP/1.1" 304 -
116.230.105.139 - - [19/Nov/2022:13:29:25 +0800] "GET /xingrg/images/blue/pingpu.png HTTP/1.1" 304 -
116.230.105.139 - - [19/Nov/2022:13:29:25 +0800] "POST /xingrg/load_menu.html HTTP/1.1" 200 5138
120.253.135.82 - - [19/Nov/2022:13:29:27 +0800] "GET /xingrg/all/function/internal_message.html?_=1668835762007&CODE_STATE=getMsg HTTP/1.1" 200 27
222.70.183.206 - - [19/Nov/2022:13:29:28 +0800] "GET /xingrg/kc/buy/cgsh_order_operate.html?command=get_materiel&rest_code=00111&code=00101020113&supplier_code=00100266&order_time=2022-11-19 HTTP/1.1" 200 409
116.238.139.35 - - [19/Nov/2022:13:29:33 +0800] "GET /xingrg/all/function/internal_message.html?_=1668835775354&CODE_STATE=getMsg HTTP/1.1" 200 27
114.84.81.136 - - [19/Nov/2022:13:29:34 +0800] "GET /xingrg/check_reg.html?_=1668835774686 HTTP/1.1" 200 22
114.95.46.117 - - [19/Nov/2022:13:29:36 +0800] "GET /xingrg/all/function/internal_message.html?_=1668835625551&CODE_STATE=getMsg HTTP/1.1" 200 27
180.169.147.146 - - [19/Nov/2022:13:29:37 +0800] "GET /xingrg/all/function/internal_message.html?_=1668835777772&CODE_STATE=getMsg HTTP/1.1" 200 27
180.169.147.146 - - [19/Nov/2022:13:29:41 +0800] "GET /xingrg/all/function/internal_message.html?_=1668835779769&CODE_STATE=getMsg HTTP/1.1" 200 27
180.169.147.146 - - [19/Nov/2022:13:29:41 +0800] "GET /xingrg/check_reg.html?_=1668835779771 HTTP/1.1" 200 22
114.83.217.254 - - [19/Nov/2022:13:29:46 +0800] "GET /xingrg/all/function/internal_message.html?_=1668835785180&CODE_STATE=getMsg HTTP/1.1" 200 27
116.238.139.35 - - [19/Nov/2022:13:29:47 +0800] "POST /xingrg/kc/buy/cgsh_order_operate.html HTTP/1.1" 200 37
218.81.217.29 - - [19/Nov/2022:13:29:47 +0800] "GET /xingrg/all/function/internal_message.html?_=1668835810025&CODE_STATE=getMsg HTTP/1.1" 200 27
114.95.46.117 - - [19/Nov/2022:13:29:49 +0800] "GET /xingrg/index.html?sysBaseUrl=http%3A%2F%2F180.169.147.146%3A18081%2Fxingrg%2F&costTime=36×tamp=1585222720700 HTTP/1.1" 200 17173
114.95.46.117 - - [19/Nov/2022:13:29:49 +0800] "POST /xingrg/all/common/load_tree.html?tree=area_rest_tree_json&manage=1 HTTP/1.1" 200 3499
114.95.46.117 - - [19/Nov/2022:13:29:49 +0800] "GET /favicon.ico HTTP/1.1" 404 -
114.95.46.117 - - [19/Nov/2022:13:29:49 +0800] "GET /xingrg/all/function/internal_message.html?_=1668835789796&CODE_STATE=count HTTP/1.1" 200 11
114.95.46.117 - - [19/Nov/2022:13:29:49 +0800] "GET /xingrg/check_reg.html?_=1668835789797 HTTP/1.1" 200 22
114.95.46.117 - - [19/Nov/2022:13:29:49 +0800] "POST /xingrg/load_menu.html HTTP/1.1" 200 5138
222.70.183.206 - - [19/Nov/2022:13:29:50 +0800] "GET /xingrg/kc/buy/cgsh_order_operate.html?command=get_materiel&rest_code=00111&code=00101008680&supplier_code=00100266&order_time=2022-11-19 HTTP/1.1" 200 401
116.238.139.35 - - [19/Nov/2022:13:29:51 +0800] "POST /xingrg/kc/buy/cgsh_order_operate.html HTTP/1.1" 200 12
114.95.46.117 - - [19/Nov/2022:13:29:51 +0800] "GET /xingrg/kc/buy/cgsh_order_list.html HTTP/1.1" 200 53717
116.238.139.35 - - [19/Nov/2022:13:29:52 +0800] "GET /xingrg/kc/buy/cgsh_order_info.html?code=212022111906473 HTTP/1.1" 200 64405
116.238.139.35 - - [19/Nov/2022:13:29:52 +0800] "GET /xingrg/javascript/easyui/themes/default/validatebox.css HTTP/1.1" 404 1104
116.238.139.35 - - [19/Nov/2022:13:29:53 +0800] "POST /xingrg/kc/buy/cgsh_order_operate.html HTTP/1.1" 200 3000
114.95.46.117 - - [19/Nov/2022:13:29:53 +0800] "POST /xingrg/kc/buy/cgsh_list_operate.html HTTP/1.1" 200 5917
180.162.115.136 - - [19/Nov/2022:13:29:54 +0800] "GET /xingrg/check_reg.html?_=1668834838025 HTTP/1.1" 200 22
180.162.115.136 - - [19/Nov/2022:13:29:55 +0800] "GET /xingrg/all/function/internal_message.html?_=1668834838962&CODE_STATE=getMsg HTTP/1.1" 200 27
116.238.139.35 - - [19/Nov/2022:13:29:57 +0800] "GET /xingrg/kc/print/load_data.html?order_code=212022111906473&kc_code=cgsh&condition= HTTP/1.1" 200 1635
116.238.139.35 - - [19/Nov/2022:13:30:01 +0800] "GET /xingrg/kc/buy/cgsh_order_add.html HTTP/1.1" 200 69498
116.238.139.35 - - [19/Nov/2022:13:30:02 +0800] "POST /xingrg/kc/buy/cgsh_order_operate.html HTTP/1.1" 200 8245
116.238.139.35 - - [19/Nov/2022:13:30:02 +0800] "GET /xingrg/javascript/easyui/themes/default/validatebox.css HTTP/1.1" 404 1104
114.95.46.117 - - [19/Nov/2022:13:30:03 +0800] "POST /xingrg/kc/buy/cgsh_list_operate.html HTTP/1.1" 200 6050
114.95.46.117 - - [19/Nov/2022:13:30:06 +0800] "POST /xingrg/kc/buy/cgsh_list_operate.html HTTP/1.1" 200 202
61.170.235.134 - - [19/Nov/2022:13:30:07 +0800] "GET /xingrg/all/function/internal_message.html?_=1668835800796&CODE_STATE=getMsg HTTP/1.1" 200 27
114.95.46.117 - - [19/Nov/2022:13:30:08 +0800] "GET /xingrg/kc/buy/cgsh_order_info.html?code=212022111906450 HTTP/1.1" 200 69581
114.95.46.117 - - [19/Nov/2022:13:30:08 +0800] "GET /xingrg/words/20221118170638_words.js HTTP/1.1" 304 -
114.95.46.117 - - [19/Nov/2022:13:30:08 +0800] "GET /xingrg/all/common/auto_word.html?type=employee&rest_code=00105 HTTP/1.1" 200 193
114.95.46.117 - - [19/Nov/2022:13:30:08 +0800] "GET /xingrg/all/common/auto_word.html?type=employee&rest_code=00105 HTTP/1.1" 200 193
114.95.46.117 - - [19/Nov/2022:13:30:08 +0800] "GET /xingrg/javascript/easyui/themes/default/validatebox.css HTTP/1.1" 404 1104
114.95.46.117 - - [19/Nov/2022:13:30:09 +0800] "POST /xingrg/kc/buy/cgsh_order_operate.html HTTP/1.1" 200 2661
120.253.135.82 - - [19/Nov/2022:13:30:10 +0800] "GET /xingrg/login.html HTTP/1.1" 200 7641
120.253.135.82 - - [19/Nov/2022:13:30:10 +0800] "GET /xingrg/images/blue/jxLogo.png HTTP/1.1" 304 -
120.253.135.82 - - [19/Nov/2022:13:30:11 +0800] "GET /xingrg/images/blue/login_bg.png HTTP/1.1" 304 -
120.253.135.82 - - [19/Nov/2022:13:30:11 +0800] "GET /xingrg/images/blue/hj.png HTTP/1.1" 304 -
120.253.135.82 - - [19/Nov/2022:13:30:11 +0800] "GET /xingrg/images/blue/srbg.png HTTP/1.1" 304 -
120.253.135.82 - - [19/Nov/2022:13:30:11 +0800] "GET /favicon.ico HTTP/1.1" 404 -
120.253.135.82 - - [19/Nov/2022:13:30:12 +0800] "POST /xingrg/login.do HTTP/1.1" 302 -
120.253.135.82 - - [19/Nov/2022:13:30:13 +0800] "GET /xingrg/javascript/jquery_easy_ui/themes/default/easyui.css HTTP/1.1" 304 -
120.253.135.82 - - [19/Nov/2022:13:30:13 +0800] "GET /xingrg/javascript/jquery_easy_ui/themes/icon.css HTTP/1.1" 304 -
120.253.135.82 - - [19/Nov/2022:13:30:13 +0800] "GET /xingrg/index.html?sysBaseUrl=http%3A%2F%2F180.169.147.146%3A18081%2Fxingrg%2F&costTime=42×tamp=1668835812985 HTTP/1.1" 200 17173
120.253.135.82 - - [19/Nov/2022:13:30:13 +0800] "GET /xingrg/css/form.css HTTP/1.1" 304 -
120.253.135.82 - - [19/Nov/2022:13:30:13 +0800] "GET /xingrg/javascript/jquery.form.js HTTP/1.1" 304 -
120.253.135.82 - - [19/Nov/2022:13:30:13 +0800] "GET /xingrg/javascript/jquery_easy_ui/easyui-lang-zh_CN.js HTTP/1.1" 304 -
120.253.135.82 - - [19/Nov/2022:13:30:13 +0800] "GET /xingrg/javascript/jquery-1.4.2.min.js HTTP/1.1" 304 -
120.253.135.82 - - [19/Nov/2022:13:30:13 +0800] "GET /xingrg/javascript/jquery.utils.js HTTP/1.1" 304 -
120.253.135.82 - - [19/Nov/2022:13:30:13 +0800] "GET /xingrg/javascript/jquery_easy_ui/jquery.easyui.min.js HTTP/1.1" 304 -
120.253.135.82 - - [19/Nov/2022:13:30:13 +0800] "GET /xingrg/javascript/jquery.timers.js HTTP/1.1" 304 -
120.253.135.82 - - [19/Nov/2022:13:30:13 +0800] "GET /xingrg/images/blue/navBackgound.jpg HTTP/1.1" 304 -
120.253.135.82 - - [19/Nov/2022:13:30:13 +0800] "GET /xingrg/javascript/jquery_easy_ui/themes/icons/settle_new.png HTTP/1.1" 304 -
120.253.135.82 - - [19/Nov/2022:13:30:13 +0800] "GET /xingrg/images/blue/pingpu.png HTTP/1.1" 304 -
120.253.135.82 - - [19/Nov/2022:13:30:13 +0800] "POST /xingrg/all/common/load_tree.html?tree=area_rest_tree_json&manage=1 HTTP/1.1" 200 344
120.253.135.82 - - [19/Nov/2022:13:30:13 +0800] "GET /xingrg/javascript/jquery_easy_ui/themes/default/images/tabs_leftarrow.png HTTP/1.1" 304 -
120.253.135.82 - - [19/Nov/2022:13:30:13 +0800] "GET /xingrg/javascript/jquery_easy_ui/themes/default/images/tabs_rightarrow.png HTTP/1.1" 304 -
120.253.135.82 - - [19/Nov/2022:13:30:13 +0800] "GET /xingrg/javascript/jquery_easy_ui/themes/default/images/panel_tool_collapse.gif HTTP/1.1" 304 -
120.253.135.82 - - [19/Nov/2022:13:30:13 +0800] "GET /xingrg/all/function/internal_message.html?_=1668835613963&CODE_STATE=count HTTP/1.1" 200 11
120.253.135.82 - - [19/Nov/2022:13:30:13 +0800] "GET /xingrg/check_reg.html?_=1668835613964 HTTP/1.1" 200 22
120.253.135.82 - - [19/Nov/2022:13:30:13 +0800] "GET /favicon.ico HTTP/1.1" 404 -
120.253.135.82 - - [19/Nov/2022:13:30:13 +0800] "GET /xingrg/javascript/jquery_easy_ui/themes/default/images/tree_arrows.gif HTTP/1.1" 304 -
116.238.139.35 - - [19/Nov/2022:13:30:13 +0800] "GET /xingrg/kc/buy/cgsh_order_operate.html?command=get_materiel&rest_code=00150&code=00101004017&supplier_code=00100579&order_time=2022-11-19 HTTP/1.1" 200 413
120.253.135.82 - - [19/Nov/2022:13:30:13 +0800] "POST /xingrg/load_menu.html HTTP/1.1" 200 6743
120.253.135.82 - - [19/Nov/2022:13:30:13 +0800] "GET /xingrg/javascript/jquery_easy_ui/themes/icons/storage_new.png HTTP/1.1" 304 -
120.253.135.82 - - [19/Nov/2022:13:30:13 +0800] "GET /xingrg/javascript/jquery_easy_ui/themes/icons/delivery_new.png HTTP/1.1" 304 -
120.253.135.82 - - [19/Nov/2022:13:30:13 +0800] "GET /xingrg/javascript/jquery_easy_ui/themes/default/images/tree_folder_open.gif HTTP/1.1" 304 -
120.253.135.82 - - [19/Nov/2022:13:30:13 +0800] "GET /xingrg/javascript/jquery_easy_ui/themes/icons/forms_new.png HTTP/1.1" 304 -
120.253.135.82 - - [19/Nov/2022:13:30:13 +0800] "GET /xingrg/javascript/jquery_easy_ui/themes/icons/search_new.png HTTP/1.1" 304 -
120.253.135.82 - - [19/Nov/2022:13:30:13 +0800] "GET /xingrg/javascript/jquery_easy_ui/themes/default/images/tree_file.gif HTTP/1.1" 304 -
120.253.135.82 - - [19/Nov/2022:13:30:13 +0800] "GET /xingrg/javascript/jquery_easy_ui/themes/default/images/tree_folder.gif HTTP/1.1" 304 -
222.70.183.206 - - [19/Nov/2022:13:30:16 +0800] "POST /xingrg/kc/buy/cgsh_order_operate.html HTTP/1.1" 200 37
116.238.139.35 - - [19/Nov/2022:13:30:16 +0800] "GET /xingrg/all/function/internal_message.html?_=1668835727299&CODE_STATE=getMsg HTTP/1.1" 200 27
120.253.135.82 - - [19/Nov/2022:13:30:17 +0800] "GET /xingrg/javascript/jquery_easy_ui/themes/default/images/tabs_close.gif HTTP/1.1" 304 -
120.253.135.82 - - [19/Nov/2022:13:30:17 +0800] "GET /xingrg/all/function/internal_message.html?_=1668835931295&CODE_STATE=getMsg HTTP/1.1" 200 27
120.253.135.82 - - [19/Nov/2022:13:30:17 +0800] "GET /xingrg/javascript/pic_change.js HTTP/1.1" 304 -
120.253.135.82 - - [19/Nov/2022:13:30:17 +0800] "GET /xingrg/dwr/util.js HTTP/1.1" 304 -
120.253.135.82 - - [19/Nov/2022:13:30:17 +0800] "GET /xingrg/css/blue.css HTTP/1.1" 304 -
120.253.135.82 - - [19/Nov/2022:13:30:17 +0800] "GET /xingrg/javascript/Calendar.js HTTP/1.1" 304 -
120.253.135.82 - - [19/Nov/2022:13:30:17 +0800] "GET /xingrg/javascript/myfunction.js HTTP/1.1" 304 -
120.253.135.82 - - [19/Nov/2022:13:30:17 +0800] "GET /xingrg/kc/pszx/mdqp_order_list.html?state=10 HTTP/1.1" 200 10275
120.253.135.82 - - [19/Nov/2022:13:30:17 +0800] "GET /xingrg/dwr/interface/AjaxReportQueryService.js HTTP/1.1" 200 13203
120.253.135.82 - - [19/Nov/2022:13:30:17 +0800] "GET /xingrg/dwr/interface/AjaxQqpsService.js HTTP/1.1" 200 16326
120.253.135.82 - - [19/Nov/2022:13:30:17 +0800] "GET /xingrg/dwr/engine.js HTTP/1.1" 200 43631
222.70.183.206 - - [19/Nov/2022:13:30:17 +0800] "POST /xingrg/kc/buy/cgsh_order_operate.html HTTP/1.1" 200 3247
120.253.135.82 - - [19/Nov/2022:13:30:18 +0800] "GET /xingrg/javascript/jquery_easy_ui/themes/icons/back_new.png HTTP/1.1" 304 -
120.253.135.82 - - [19/Nov/2022:13:30:18 +0800] "GET /xingrg/javascript/jquery_easy_ui/themes/icons/uncheck_new.png HTTP/1.1" 304 -
120.253.135.82 - - [19/Nov/2022:13:30:18 +0800] "GET /xingrg/javascript/jquery_easy_ui/themes/icons/check_new.png HTTP/1.1" 304 -
120.253.135.82 - - [19/Nov/2022:13:30:18 +0800] "GET /xingrg/kc/pszx/mdqp_order_list.html?state=10 HTTP/1.1" 200 10275
120.253.135.82 - - [19/Nov/2022:13:30:18 +0800] "GET /xingrg/dwr/interface/AjaxReportQueryService.js HTTP/1.1" 200 13203
120.253.135.82 - - [19/Nov/2022:13:30:18 +0800] "GET /xingrg/dwr/interface/AjaxQqpsService.js HTTP/1.1" 200 16326
120.253.135.82 - - [19/Nov/2022:13:30:18 +0800] "GET /xingrg/dwr/engine.js HTTP/1.1" 200 43631
101.85.106.255 - - [19/Nov/2022:13:30:20 +0800] "GET /xingrg/all/function/internal_message.html?_=1668835820023&CODE_STATE=getMsg HTTP/1.1" 200 27
116.238.139.35 - - [19/Nov/2022:13:30:21 +0800] "POST /xingrg/kc/buy/cgsh_order_operate.html HTTP/1.1" 200 37
222.70.183.206 - - [19/Nov/2022:13:30:21 +0800] "GET /xingrg/kc/print/load_data.html?order_code=212022111906474&kc_code=cgsh&condition= HTTP/1.1" 200 893
222.70.183.206 - - [19/Nov/2022:13:30:21 +0800] "GET /xingrg/all/function/internal_message.html?_=1668835819467&CODE_STATE=getMsg HTTP/1.1" 200 27
222.70.183.206 - - [19/Nov/2022:13:30:21 +0800] "GET /xingrg/check_reg.html?_=1668835819468 HTTP/1.1" 200 22
116.235.92.184 - - [19/Nov/2022:13:30:22 +0800] "GET /xingrg/all/function/internal_message.html?_=1668836039826&CODE_STATE=getMsg HTTP/1.1" 200 27
120.253.135.82 - - [19/Nov/2022:13:30:23 +0800] "GET /xingrg/kc/pszx/mdqp_order_list.html?state=10 HTTP/1.1" 200 10275
120.253.135.82 - - [19/Nov/2022:13:30:23 +0800] "GET /xingrg/dwr/interface/AjaxQqpsService.js HTTP/1.1" 200 16326
120.253.135.82 - - [19/Nov/2022:13:30:23 +0800] "GET /xingrg/dwr/interface/AjaxReportQueryService.js HTTP/1.1" 200 13203
120.253.135.82 - - [19/Nov/2022:13:30:23 +0800] "GET /xingrg/dwr/engine.js HTTP/1.1" 200 43631
116.238.139.35 - - [19/Nov/2022:13:30:24 +0800] "POST /xingrg/kc/buy/cgsh_order_operate.html HTTP/1.1" 200 12
116.230.105.139 - - [19/Nov/2022:13:30:25 +0800] "GET /xingrg/all/function/internal_message.html?_=1668835818690&CODE_STATE=getMsg HTTP/1.1" 200 27
116.238.139.35 - - [19/Nov/2022:13:30:25 +0800] "GET /xingrg/kc/buy/cgsh_order_info.html?code=212022111906475 HTTP/1.1" 200 64400
116.238.139.35 - - [19/Nov/2022:13:30:26 +0800] "GET /xingrg/javascript/easyui/themes/default/validatebox.css HTTP/1.1" 404 1104
222.70.183.206 - - [19/Nov/2022:13:30:26 +0800] "GET /xingrg/kc/buy/cgsh_order_add.html HTTP/1.1" 200 69454
116.238.139.35 - - [19/Nov/2022:13:30:26 +0800] "POST /xingrg/kc/buy/cgsh_order_operate.html HTTP/1.1" 200 611
222.70.183.206 - - [19/Nov/2022:13:30:26 +0800] "POST /xingrg/kc/buy/cgsh_order_operate.html HTTP/1.1" 200 8245
222.70.183.206 - - [19/Nov/2022:13:30:26 +0800] "GET /xingrg/javascript/easyui/themes/default/validatebox.css HTTP/1.1" 404 1104
120.253.135.82 - - [19/Nov/2022:13:30:27 +0800] "GET /xingrg/all/function/internal_message.html?_=1668835822004&CODE_STATE=getMsg HTTP/1.1" 200 27
116.238.139.35 - - [19/Nov/2022:13:30:28 +0800] "GET /xingrg/kc/print/load_data.html?order_code=212022111906475&kc_code=cgsh&condition= HTTP/1.1" 200 703
116.238.139.35 - - [19/Nov/2022:13:30:32 +0800] "GET /xingrg/kc/buy/cgsh_order_add.html HTTP/1.1" 200 69498
116.238.139.35 - - [19/Nov/2022:13:30:32 +0800] "GET /xingrg/javascript/easyui/themes/default/validatebox.css HTTP/1.1" 404 1104
116.238.139.35 - - [19/Nov/2022:13:30:32 +0800] "POST /xingrg/kc/buy/cgsh_order_operate.html HTTP/1.1" 200 8245
116.238.139.35 - - [19/Nov/2022:13:30:33 +0800] "GET /xingrg/all/function/internal_message.html?_=1668835835464&CODE_STATE=getMsg HTTP/1.1" 200 27
114.95.46.117 - - [19/Nov/2022:13:30:36 +0800] "GET /xingrg/all/function/internal_message.html?_=1668835685559&CODE_STATE=getMsg HTTP/1.1" 200 27
180.169.147.146 - - [19/Nov/2022:13:30:37 +0800] "GET /xingrg/all/function/internal_message.html?_=1668835837761&CODE_STATE=getMsg HTTP/1.1" 200 27
180.169.147.146 - - [19/Nov/2022:13:30:37 +0800] "GET /xingrg/check_reg.html?_=1668835837762 HTTP/1.1" 200 22
222.70.183.206 - - [19/Nov/2022:13:30:39 +0800] "GET /xingrg/kc/buy/cgsh_order_operate.html?command=get_materiel&rest_code=00111&code=00101012046&supplier_code=00100487&order_time=2022-11-19 HTTP/1.1" 200 417
116.238.139.35 - - [19/Nov/2022:13:30:41 +0800] "GET /xingrg/kc/buy/cgsh_order_operate.html?command=get_materiel&rest_code=00150&code=00101001045&supplier_code=00100439&order_time=2022-11-19 HTTP/1.1" 200 441
114.83.217.254 - - [19/Nov/2022:13:30:46 +0800] "GET /xingrg/all/function/internal_message.html?_=1668835845165&CODE_STATE=getMsg HTTP/1.1" 200 27
218.81.217.29 - - [19/Nov/2022:13:30:47 +0800] "GET /xingrg/all/function/internal_message.html?_=1668835870035&CODE_STATE=getMsg HTTP/1.1" 200 27
114.95.46.117 - - [19/Nov/2022:13:30:49 +0800] "GET /xingrg/all/function/internal_message.html?_=1668835849841&CODE_STATE=getMsg HTTP/1.1" 200 27
114.95.46.117 - - [19/Nov/2022:13:30:49 +0800] "POST /xingrg/kc/buy/cgsh_order_operate.html HTTP/1.1" 200 37
120.253.135.82 - - [19/Nov/2022:13:30:50 +0800] "GET /xingrg/kc/pszx/mdqp_order_list.html?state=10 HTTP/1.1" 200 10275
120.253.135.82 - - [19/Nov/2022:13:30:50 +0800] "GET /xingrg/dwr/interface/AjaxReportQueryService.js HTTP/1.1" 200 13203
120.253.135.82 - - [19/Nov/2022:13:30:50 +0800] "GET /xingrg/dwr/engine.js HTTP/1.1" 200 43631
120.253.135.82 - - [19/Nov/2022:13:30:50 +0800] "GET /xingrg/dwr/interface/AjaxQqpsService.js HTTP/1.1" 200 16326
114.95.46.117 - - [19/Nov/2022:13:30:51 +0800] "POST /xingrg/kc/buy/cgsh_order_operate.html HTTP/1.1" 200 2663
116.238.139.35 - - [19/Nov/2022:13:30:51 +0800] "GET /xingrg/kc/buy/cgsh_order_operate.html?command=get_materiel&rest_code=00150&code=00101001046&supplier_code=00100439&order_time=2022-11-19 HTTP/1.1" 200 444
114.95.46.117 - - [19/Nov/2022:13:30:52 +0800] "GET /xingrg/kc/print/load_config.html?kc_code=cgsh HTTP/1.1" 200 1943
114.95.46.117 - - [19/Nov/2022:13:30:52 +0800] "GET /xingrg/kc/print/load_data.html?order_code=212022111906450&kc_code=cgsh&condition= HTTP/1.1" 200 656
180.162.115.136 - - [19/Nov/2022:13:30:55 +0800] "GET /xingrg/all/function/internal_message.html?_=1668834898975&CODE_STATE=getMsg HTTP/1.1" 200 27
222.70.183.206 - - [19/Nov/2022:13:30:57 +0800] "POST /xingrg/kc/buy/cgsh_order_operate.html HTTP/1.1" 200 37
116.238.139.35 - - [19/Nov/2022:13:30:58 +0800] "POST /xingrg/kc/buy/cgsh_order_operate.html HTTP/1.1" 200 88
222.70.183.206 - - [19/Nov/2022:13:30:59 +0800] "POST /xingrg/kc/buy/cgsh_order_operate.html HTTP/1.1" 200 2660
222.70.183.206 - - [19/Nov/2022:13:31:01 +0800] "GET /xingrg/kc/print/load_data.html?order_code=212022111906476&kc_code=cgsh&condition= HTTP/1.1" 200 675
116.230.105.139 - - [19/Nov/2022:13:31:02 +0800] "GET /xingrg/kc/buy/cgth_order_list.html HTTP/1.1" 200 53125
116.230.105.139 - - [19/Nov/2022:13:31:02 +0800] "POST /xingrg/kc/buy/cgth_list_operate.html HTTP/1.1" 200 1035
120.253.135.82 - - [19/Nov/2022:13:31:03 +0800] "GET /xingrg/kc/pszx/mdqp_order_list.html?state=10 HTTP/1.1" 200 10275
120.253.135.82 - - [19/Nov/2022:13:31:03 +0800] "GET /xingrg/dwr/interface/AjaxReportQueryService.js HTTP/1.1" 200 13203
120.253.135.82 - - [19/Nov/2022:13:31:03 +0800] "GET /xingrg/dwr/interface/AjaxQqpsService.js HTTP/1.1" 200 16326
120.253.135.82 - - [19/Nov/2022:13:31:03 +0800] "GET /xingrg/dwr/engine.js HTTP/1.1" 200 43631
58.221.95.50 - - [19/Nov/2022:13:31:03 +0800] "GET /xingrg/check_reg.html?_=1668835847999 HTTP/1.1" 302 -
116.238.139.35 - - [19/Nov/2022:13:31:03 +0800] "POST /xingrg/kc/buy/cgsh_order_operate.html HTTP/1.1" 200 37
116.238.139.35 - - [19/Nov/2022:13:31:04 +0800] "POST /xingrg/kc/buy/cgsh_order_operate.html HTTP/1.1" 200 3294
61.170.235.134 - - [19/Nov/2022:13:31:06 +0800] "GET /xingrg/check_reg.html?_=1668835859245 HTTP/1.1" 200 22
61.170.235.134 - - [19/Nov/2022:13:31:07 +0800] "GET /xingrg/all/function/internal_message.html?_=1668835860780&CODE_STATE=getMsg HTTP/1.1" 200 27
222.70.183.206 - - [19/Nov/2022:13:31:08 +0800] "GET /xingrg/kc/buy/cgsh_order_add.html HTTP/1.1" 200 69454
222.70.183.206 - - [19/Nov/2022:13:31:08 +0800] "POST /xingrg/kc/buy/cgsh_order_operate.html HTTP/1.1" 200 8245
222.70.183.206 - - [19/Nov/2022:13:31:08 +0800] "GET /xingrg/javascript/easyui/themes/default/validatebox.css HTTP/1.1" 404 1104
116.238.139.35 - - [19/Nov/2022:13:31:10 +0800] "POST /xingrg/kc/buy/cgsh_order_operate.html HTTP/1.1" 200 37
120.253.135.82 - - [19/Nov/2022:13:31:13 +0800] "GET /xingrg/all/function/internal_message.html?_=1668835673965&CODE_STATE=getMsg HTTP/1.1" 200 27
116.238.139.35 - - [19/Nov/2022:13:31:13 +0800] "POST /xingrg/kc/buy/cgsh_order_operate.html HTTP/1.1" 200 12
116.238.139.35 - - [19/Nov/2022:13:31:14 +0800] "GET /xingrg/kc/buy/cgsh_order_info.html?code=212022111906478 HTTP/1.1" 200 64405
116.238.139.35 - - [19/Nov/2022:13:31:14 +0800] "GET /xingrg/javascript/easyui/themes/default/validatebox.css HTTP/1.1" 404 1104
116.238.139.35 - - [19/Nov/2022:13:31:14 +0800] "GET /xingrg/check_reg.html?_=1668835785856 HTTP/1.1" 200 22
116.238.139.35 - - [19/Nov/2022:13:31:15 +0800] "POST /xingrg/kc/buy/cgsh_order_operate.html HTTP/1.1" 200 1244
116.238.139.35 - - [19/Nov/2022:13:31:16 +0800] "GET /xingrg/all/function/internal_message.html?_=1668835787313&CODE_STATE=getMsg HTTP/1.1" 200 27
116.238.139.35 - - [19/Nov/2022:13:31:16 +0800] "GET /xingrg/kc/print/load_data.html?order_code=212022111906478&kc_code=cgsh&condition= HTTP/1.1" 200 987
120.253.135.82 - - [19/Nov/2022:13:31:17 +0800] "GET /xingrg/all/function/internal_message.html?_=1668835991306&CODE_STATE=getMsg HTTP/1.1" 200 27
116.230.105.139 - - [19/Nov/2022:13:31:18 +0800] "POST /xingrg/all/user/operate.html HTTP/1.1" 200 36
116.230.105.139 - - [19/Nov/2022:13:31:18 +0800] "GET /xingrg/index.html?sysBaseUrl=http%3A%2F%2F180.169.147.146%3A18081%2Fxingrg%2F&costTime=119×tamp=1668817692798 HTTP/1.1" 200 17179
116.230.105.139 - - [19/Nov/2022:13:31:18 +0800] "GET /xingrg/javascript/jquery_easy_ui/themes/default/easyui.css HTTP/1.1" 304 -
116.230.105.139 - - [19/Nov/2022:13:31:18 +0800] "GET /xingrg/javascript/jquery_easy_ui/themes/icon.css HTTP/1.1" 304 -
116.230.105.139 - - [19/Nov/2022:13:31:18 +0800] "GET /xingrg/css/form.css HTTP/1.1" 304 -
116.230.105.139 - - [19/Nov/2022:13:31:18 +0800] "GET /xingrg/javascript/jquery-1.4.2.min.js HTTP/1.1" 304 -
116.230.105.139 - - [19/Nov/2022:13:31:18 +0800] "GET /xingrg/javascript/jquery_easy_ui/jquery.easyui.min.js HTTP/1.1" 304 -
116.230.105.139 - - [19/Nov/2022:13:31:18 +0800] "GET /xingrg/javascript/jquery_easy_ui/easyui-lang-zh_CN.js HTTP/1.1" 304 -
116.230.105.139 - - [19/Nov/2022:13:31:18 +0800] "GET /xingrg/javascript/jquery.form.js HTTP/1.1" 304 -
116.230.105.139 - - [19/Nov/2022:13:31:18 +0800] "GET /xingrg/javascript/jquery.utils.js HTTP/1.1" 304 -
116.230.105.139 - - [19/Nov/2022:13:31:18 +0800] "GET /xingrg/javascript/jquery.timers.js HTTP/1.1" 304 -
116.230.105.139 - - [19/Nov/2022:13:31:18 +0800] "GET /xingrg/images/blue/jxLogo.png HTTP/1.1" 304 -
116.230.105.139 - - [19/Nov/2022:13:31:18 +0800] "GET /xingrg/images/blue/navBackgound.jpg HTTP/1.1" 304 -
116.230.105.139 - - [19/Nov/2022:13:31:18 +0800] "GET /xingrg/javascript/jquery_easy_ui/themes/icons/settle_new.png HTTP/1.1" 304 -
116.230.105.139 - - [19/Nov/2022:13:31:18 +0800] "POST /xingrg/all/common/load_tree.html?tree=area_rest_tree_json&manage=1 HTTP/1.1" 200 479
116.230.105.139 - - [19/Nov/2022:13:31:18 +0800] "GET /xingrg/check_reg.html?_=1668835871536 HTTP/1.1" 200 22
116.230.105.139 - - [19/Nov/2022:13:31:18 +0800] "GET /xingrg/all/function/internal_message.html?_=1668835871535&CODE_STATE=count HTTP/1.1" 200 11
116.230.105.139 - - [19/Nov/2022:13:31:18 +0800] "GET /xingrg/javascript/jquery_easy_ui/themes/default/images/panel_tool_collapse.gif HTTP/1.1" 304 -
116.230.105.139 - - [19/Nov/2022:13:31:18 +0800] "GET /xingrg/javascript/jquery_easy_ui/themes/default/images/tabs_rightarrow.png HTTP/1.1" 304 -
116.230.105.139 - - [19/Nov/2022:13:31:18 +0800] "GET /xingrg/javascript/jquery_easy_ui/themes/default/images/tabs_leftarrow.png HTTP/1.1" 304 -
116.230.105.139 - - [19/Nov/2022:13:31:18 +0800] "GET /xingrg/images/blue/pingpu.png HTTP/1.1" 304 -
116.230.105.139 - - [19/Nov/2022:13:31:18 +0800] "POST /xingrg/load_menu.html HTTP/1.1" 200 5138
101.85.106.255 - - [19/Nov/2022:13:31:20 +0800] "GET /xingrg/all/function/internal_message.html?_=1668835880009&CODE_STATE=getMsg HTTP/1.1" 200 27
116.238.139.35 - - [19/Nov/2022:13:31:20 +0800] "GET /xingrg/kc/buy/cgsh_order_add.html HTTP/1.1" 200 69498
116.238.139.35 - - [19/Nov/2022:13:31:21 +0800] "POST /xingrg/kc/buy/cgsh_order_operate.html HTTP/1.1" 200 8245
116.238.139.35 - - [19/Nov/2022:13:31:21 +0800] "GET /xingrg/javascript/easyui/themes/default/validatebox.css HTTP/1.1" 404 1104
222.70.183.206 - - [19/Nov/2022:13:31:21 +0800] "GET /xingrg/all/function/internal_message.html?_=1668835879442&CODE_STATE=getMsg HTTP/1.1" 200 27
120.253.135.82 - - [19/Nov/2022:13:31:21 +0800] "GET /xingrg/kc/report/report_main.html HTTP/1.1" 200 8599
120.253.135.82 - - [19/Nov/2022:13:31:21 +0800] "GET /xingrg/javascript/json2.js HTTP/1.1" 304 -
120.253.135.82 - - [19/Nov/2022:13:31:21 +0800] "GET /xingrg/javascript/jquery_ui/themes/humanity/humanity.css HTTP/1.1" 200 27801
116.235.92.184 - - [19/Nov/2022:13:31:22 +0800] "GET /xingrg/all/function/internal_message.html?_=1668836099807&CODE_STATE=getMsg HTTP/1.1" 200 27
120.253.135.82 - - [19/Nov/2022:13:31:23 +0800] "GET /xingrg/kc/pszx/mdqp_order_list.html?state=10 HTTP/1.1" 200 10275
120.253.135.82 - - [19/Nov/2022:13:31:23 +0800] "GET /xingrg/dwr/interface/AjaxReportQueryService.js HTTP/1.1" 200 13203
120.253.135.82 - - [19/Nov/2022:13:31:23 +0800] "GET /xingrg/dwr/interface/AjaxQqpsService.js HTTP/1.1" 200 16326
120.253.135.82 - - [19/Nov/2022:13:31:23 +0800] "GET /xingrg/dwr/engine.js HTTP/1.1" 200 43631
120.253.135.82 - - [19/Nov/2022:13:31:27 +0800] "GET /xingrg/all/function/internal_message.html?_=1668835882005&CODE_STATE=getMsg HTTP/1.1" 200 27
120.253.135.82 - - [19/Nov/2022:13:31:27 +0800] "GET /xingrg/check_reg.html?_=1668835882009 HTTP/1.1" 200 22
116.238.139.35 - - [19/Nov/2022:13:31:29 +0800] "GET /xingrg/kc/buy/cgsh_order_operate.html?command=get_materiel&rest_code=00150&code=00101010081&supplier_code=00100575&order_time=2022-11-19 HTTP/1.1" 200 433
116.230.105.139 - - [19/Nov/2022:13:31:29 +0800] "GET /xingrg/kc/buy/cgsh_order_list.html HTTP/1.1" 200 53723
116.230.105.139 - - [19/Nov/2022:13:31:32 +0800] "POST /xingrg/kc/buy/cgsh_list_operate.html HTTP/1.1" 200 3591
116.238.139.35 - - [19/Nov/2022:13:31:33 +0800] "GET /xingrg/all/function/internal_message.html?_=1668835895443&CODE_STATE=getMsg HTTP/1.1" 200 27
114.95.46.117 - - [19/Nov/2022:13:31:36 +0800] "GET /xingrg/all/function/internal_message.html?_=1668835745549&CODE_STATE=getMsg HTTP/1.1" 200 27
116.238.139.35 - - [19/Nov/2022:13:31:37 +0800] "POST /xingrg/kc/buy/cgsh_order_operate.html HTTP/1.1" 200 37
222.70.183.206 - - [19/Nov/2022:13:31:37 +0800] "GET /xingrg/kc/buy/cgsh_order_operate.html?command=get_materiel&rest_code=00111&code=00101001023&supplier_code=00100430&order_time=2022-11-19 HTTP/1.1" 200 415
180.169.147.146 - - [19/Nov/2022:13:31:37 +0800] "GET /xingrg/all/function/internal_message.html?_=1668835897778&CODE_STATE=getMsg HTTP/1.1" 200 27
116.238.139.35 - - [19/Nov/2022:13:31:42 +0800] "POST /xingrg/kc/buy/cgsh_order_operate.html HTTP/1.1" 200 12
116.238.139.35 - - [19/Nov/2022:13:31:43 +0800] "GET /xingrg/kc/buy/cgsh_order_info.html?code=212022111906479 HTTP/1.1" 200 64409
116.238.139.35 - - [19/Nov/2022:13:31:43 +0800] "GET /xingrg/javascript/easyui/themes/default/validatebox.css HTTP/1.1" 404 1104
116.238.139.35 - - [19/Nov/2022:13:31:44 +0800] "POST /xingrg/kc/buy/cgsh_order_operate.html HTTP/1.1" 200 611
116.238.139.35 - - [19/Nov/2022:13:31:45 +0800] "GET /xingrg/kc/print/load_data.html?order_code=212022111906479&kc_code=cgsh&condition= HTTP/1.1" 200 715
114.83.217.254 - - [19/Nov/2022:13:31:46 +0800] "GET /xingrg/all/function/internal_message.html?_=1668835905136&CODE_STATE=getMsg HTTP/1.1" 200 27
218.81.217.29 - - [19/Nov/2022:13:31:48 +0800] "GET /xingrg/all/function/internal_message.html?_=1668835930459&CODE_STATE=getMsg HTTP/1.1" 200 27
114.95.46.117 - - [19/Nov/2022:13:31:49 +0800] "GET /xingrg/all/function/internal_message.html?_=1668835909808&CODE_STATE=getMsg HTTP/1.1" 200 27
116.238.139.35 - - [19/Nov/2022:13:31:53 +0800] "GET /xingrg/kc/buy/cgsh_order_add.html HTTP/1.1" 200 69498
116.238.139.35 - - [19/Nov/2022:13:31:53 +0800] "POST /xingrg/kc/buy/cgsh_order_operate.html HTTP/1.1" 200 8245
116.238.139.35 - - [19/Nov/2022:13:31:53 +0800] "GET /xingrg/javascript/easyui/themes/default/validatebox.css HTTP/1.1" 404 1104
180.162.115.136 - - [19/Nov/2022:13:31:55 +0800] "GET /xingrg/all/function/internal_message.html?_=1668834958984&CODE_STATE=getMsg HTTP/1.1" 200 27
116.238.139.35 - - [19/Nov/2022:13:32:03 +0800] "GET /xingrg/kc/buy/cgsh_order_operate.html?command=get_materiel&rest_code=00150&code=00101010672&supplier_code=00100313&order_time=2022-11-19 HTTP/1.1" 200 431
116.230.105.139 - - [19/Nov/2022:13:32:05 +0800] "POST /xingrg/kc/buy/cgsh_list_operate.html HTTP/1.1" 200 3591
116.230.105.139 - - [19/Nov/2022:13:32:06 +0800] "GET /xingrg/kc/buy/cgsh_order_add.html HTTP/1.1" 200 69504
116.230.105.139 - - [19/Nov/2022:13:32:06 +0800] "POST /xingrg/kc/buy/cgsh_order_operate.html HTTP/1.1" 200 8245
116.230.105.139 - - [19/Nov/2022:13:32:06 +0800] "GET /xingrg/javascript/easyui/themes/default/validatebox.css HTTP/1.1" 404 1104
61.170.235.134 - - [19/Nov/2022:13:32:07 +0800] "GET /xingrg/all/function/internal_message.html?_=1668835920757&CODE_STATE=getMsg HTTP/1.1" 200 27
116.230.105.139 - - [19/Nov/2022:13:32:08 +0800] "GET /xingrg/javascript/auto/indicator.gif HTTP/1.1" 404 1066
116.230.105.139 - - [19/Nov/2022:13:32:09 +0800] "GET /xingrg/javascript/jquery_tools/images/prev.gif HTTP/1.1" 404 1086
116.230.105.139 - - [19/Nov/2022:13:32:09 +0800] "GET /xingrg/javascript/jquery_tools/images/next.gif HTTP/1.1" 404 1086
116.238.139.35 - - [19/Nov/2022:13:32:12 +0800] "GET /xingrg/kc/buy/cgsh_order_operate.html?command=get_materiel&rest_code=00150&code=00102026001&supplier_code=00100313&order_time=2022-11-19 HTTP/1.1" 200 409
120.253.135.82 - - [19/Nov/2022:13:32:13 +0800] "GET /xingrg/all/function/internal_message.html?_=1668835733979&CODE_STATE=getMsg HTTP/1.1" 200 27
120.253.135.82 - - [19/Nov/2022:13:32:14 +0800] "GET /xingrg/kc/pszx/mdqp_order_list.html?state=10 HTTP/1.1" 200 10275
120.253.135.82 - - [19/Nov/2022:13:32:14 +0800] "GET /xingrg/dwr/interface/AjaxQqpsService.js HTTP/1.1" 200 16326
120.253.135.82 - - [19/Nov/2022:13:32:14 +0800] "GET /xingrg/dwr/interface/AjaxReportQueryService.js HTTP/1.1" 200 13203
120.253.135.82 - - [19/Nov/2022:13:32:14 +0800] "GET /xingrg/dwr/engine.js HTTP/1.1" 200 43631
116.238.139.35 - - [19/Nov/2022:13:32:16 +0800] "GET /xingrg/all/function/internal_message.html?_=1668835847327&CODE_STATE=getMsg HTTP/1.1" 200 27
120.253.135.82 - - [19/Nov/2022:13:32:17 +0800] "GET /xingrg/all/function/internal_message.html?_=1668836051379&CODE_STATE=getMsg HTTP/1.1" 200 27
116.230.105.139 - - [19/Nov/2022:13:32:18 +0800] "GET /xingrg/all/function/internal_message.html?_=1668835931541&CODE_STATE=getMsg HTTP/1.1" 200 27
116.238.139.35 - - [19/Nov/2022:13:32:19 +0800] "POST /xingrg/kc/buy/cgsh_order_operate.html HTTP/1.1" 200 37
120.253.135.82 - - [19/Nov/2022:13:32:20 +0800] "GET /xingrg/javascript/jquery_easy_ui/themes/icons/manage.png HTTP/1.1" 304 -
120.253.135.82 - - [19/Nov/2022:13:32:20 +0800] "GET /xingrg/javascript/jquery_easy_ui/themes/icons/area.png HTTP/1.1" 304 -
101.85.106.255 - - [19/Nov/2022:13:32:20 +0800] "GET /xingrg/all/function/internal_message.html?_=1668835939994&CODE_STATE=getMsg HTTP/1.1" 200 27
116.230.105.139 - - [19/Nov/2022:13:32:20 +0800] "GET /xingrg/kc/buy/cgsh_order_operate.html?command=get_materiel&rest_code=00155&code=00101008195&supplier_code=00100313&order_time=2022-11-19 HTTP/1.1" 200 424
222.70.183.206 - - [19/Nov/2022:13:32:21 +0800] "GET /xingrg/all/function/internal_message.html?_=1668835939425&CODE_STATE=getMsg HTTP/1.1" 200 27
101.85.106.255 - - [19/Nov/2022:13:32:21 +0800] "GET /xingrg/check_reg.html?_=1668835941416 HTTP/1.1" 200 22
116.235.92.184 - - [19/Nov/2022:13:32:22 +0800] "GET /xingrg/all/function/internal_message.html?_=1668836159783&CODE_STATE=getMsg HTTP/1.1" 200 27
116.238.139.35 - - [19/Nov/2022:13:32:22 +0800] "POST /xingrg/kc/buy/cgsh_order_operate.html HTTP/1.1" 200 12
116.235.92.184 - - [19/Nov/2022:13:32:24 +0800] "GET /xingrg/check_reg.html?_=1668836161561 HTTP/1.1" 200 22
116.238.139.35 - - [19/Nov/2022:13:32:25 +0800] "GET /xingrg/kc/buy/cgsh_order_info.html?code=212022111906480 HTTP/1.1" 200 64405
116.238.139.35 - - [19/Nov/2022:13:32:25 +0800] "GET /xingrg/javascript/easyui/themes/default/validatebox.css HTTP/1.1" 404 1104
116.238.139.35 - - [19/Nov/2022:13:32:25 +0800] "POST /xingrg/kc/buy/cgsh_order_operate.html HTTP/1.1" 200 1196
116.238.139.35 - - [19/Nov/2022:13:32:26 +0800] "GET /xingrg/kc/print/load_data.html?order_code=212022111906480&kc_code=cgsh&condition= HTTP/1.1" 200 936
120.253.135.82 - - [19/Nov/2022:13:32:27 +0800] "GET /xingrg/all/function/internal_message.html?_=1668835942012&CODE_STATE=getMsg HTTP/1.1" 200 27
116.230.105.139 - - [19/Nov/2022:13:32:28 +0800] "GET /xingrg/kc/buy/cgsh_order_operate.html?command=get_materiel&rest_code=00155&code=00102026001&supplier_code=00100313&order_time=2022-11-19 HTTP/1.1" 200 409
218.81.217.29 - - [19/Nov/2022:13:32:30 +0800] "GET /xingrg/check_reg.html?_=1668835972902 HTTP/1.1" 200 22
116.238.139.35 - - [19/Nov/2022:13:32:31 +0800] "GET /xingrg/kc/buy/cgsh_order_add.html HTTP/1.1" 200 69498
116.238.139.35 - - [19/Nov/2022:13:32:31 +0800] "GET /xingrg/javascript/easyui/themes/default/validatebox.css HTTP/1.1" 404 1104
116.238.139.35 - - [19/Nov/2022:13:32:31 +0800] "POST /xingrg/kc/buy/cgsh_order_operate.html HTTP/1.1" 200 8245
114.88.159.190 - - [19/Nov/2022:13:32:32 +0800] "GET /xingrg/kc/buy/cgsh_order_add.html HTTP/1.1" 200 69498
114.88.159.190 - - [19/Nov/2022:13:32:33 +0800] "POST /xingrg/kc/buy/cgsh_order_operate.html HTTP/1.1" 200 8245
114.88.159.190 - - [19/Nov/2022:13:32:33 +0800] "GET /xingrg/javascript/easyui/themes/default/validatebox.css HTTP/1.1" 404 1104
116.238.139.35 - - [19/Nov/2022:13:32:33 +0800] "GET /xingrg/all/function/internal_message.html?_=1668835955428&CODE_STATE=getMsg HTTP/1.1" 200 27
114.95.46.117 - - [19/Nov/2022:13:32:36 +0800] "GET /xingrg/all/function/internal_message.html?_=1668835805550&CODE_STATE=getMsg HTTP/1.1" 200 27
114.95.46.117 - - [19/Nov/2022:13:32:36 +0800] "GET /xingrg/check_reg.html?_=1668835805553 HTTP/1.1" 200 22
180.169.147.146 - - [19/Nov/2022:13:32:37 +0800] "GET /xingrg/all/function/internal_message.html?_=1668835957782&CODE_STATE=getMsg HTTP/1.1" 200 27
116.230.105.139 - - [19/Nov/2022:13:32:39 +0800] "POST /xingrg/kc/buy/cgsh_order_operate.html HTTP/1.1" 200 37
116.230.105.139 - - [19/Nov/2022:13:32:40 +0800] "POST /xingrg/kc/buy/cgsh_order_operate.html HTTP/1.1" 200 3255
116.230.105.139 - - [19/Nov/2022:13:32:41 +0800] "GET /xingrg/kc/print/load_data.html?order_code=212022111906481&kc_code=cgsh&condition= HTTP/1.1" 200 916
116.238.139.35 - - [19/Nov/2022:13:32:42 +0800] "GET /xingrg/kc/buy/cgsh_order_operate.html?command=get_materiel&rest_code=00150&code=00101004091&supplier_code=00100094&order_time=2022-11-19 HTTP/1.1" 200 430
114.83.217.254 - - [19/Nov/2022:13:32:46 +0800] "GET /xingrg/all/function/internal_message.html?_=1668835965122&CODE_STATE=getMsg HTTP/1.1" 200 27
116.230.105.139 - - [19/Nov/2022:13:32:47 +0800] "GET /xingrg/kc/buy/cgsh_order_add.html HTTP/1.1" 200 69504
116.230.105.139 - - [19/Nov/2022:13:32:47 +0800] "POST /xingrg/kc/buy/cgsh_order_operate.html HTTP/1.1" 200 8245
116.230.105.139 - - [19/Nov/2022:13:32:47 +0800] "GET /xingrg/javascript/easyui/themes/default/validatebox.css HTTP/1.1" 404 1104
218.81.217.29 - - [19/Nov/2022:13:32:48 +0800] "GET /xingrg/all/function/internal_message.html?_=1668835990467&CODE_STATE=getMsg HTTP/1.1" 200 27
114.95.46.117 - - [19/Nov/2022:13:32:49 +0800] "GET /xingrg/all/function/internal_message.html?_=1668835969809&CODE_STATE=getMsg HTTP/1.1" 200 27
116.238.139.35 - - [19/Nov/2022:13:32:51 +0800] "POST /xingrg/kc/buy/cgsh_order_operate.html HTTP/1.1" 200 37
116.230.105.139 - - [19/Nov/2022:13:32:55 +0800] "GET /xingrg/kc/buy/cgsh_order_operate.html?command=get_materiel&rest_code=00155&code=00101012046&supplier_code=00100487&order_time=2022-11-19 HTTP/1.1" 200 417
180.162.115.136 - - [19/Nov/2022:13:32:55 +0800] "GET /xingrg/all/function/internal_message.html?_=1668835018997&CODE_STATE=getMsg HTTP/1.1" 200 27
116.238.139.35 - - [19/Nov/2022:13:33:01 +0800] "POST /xingrg/kc/buy/cgsh_order_operate.html HTTP/1.1" 200 12
116.238.139.35 - - [19/Nov/2022:13:33:04 +0800] "GET /xingrg/kc/buy/cgsh_order_info.html?code=212022111906482 HTTP/1.1" 200 64401
116.238.139.35 - - [19/Nov/2022:13:33:05 +0800] "GET /xingrg/javascript/easyui/themes/default/validatebox.css HTTP/1.1" 404 1104
116.238.139.35 - - [19/Nov/2022:13:33:05 +0800] "POST /xingrg/kc/buy/cgsh_order_operate.html HTTP/1.1" 200 608
116.238.139.35 - - [19/Nov/2022:13:33:07 +0800] "GET /xingrg/kc/print/load_data.html?order_code=212022111906482&kc_code=cgsh&condition= HTTP/1.1" 200 780
61.170.235.134 - - [19/Nov/2022:13:33:07 +0800] "GET /xingrg/all/function/internal_message.html?_=1668835980730&CODE_STATE=getMsg HTTP/1.1" 200 27
116.238.139.35 - - [19/Nov/2022:13:33:12 +0800] "GET /xingrg/kc/buy/cgsh_order_add.html HTTP/1.1" 200 69498
116.238.139.35 - - [19/Nov/2022:13:33:12 +0800] "GET /xingrg/javascript/easyui/themes/default/validatebox.css HTTP/1.1" 404 1104
116.238.139.35 - - [19/Nov/2022:13:33:13 +0800] "POST /xingrg/kc/buy/cgsh_order_operate.html HTTP/1.1" 200 8245
114.83.217.254 - - [19/Nov/2022:13:33:13 +0800] "GET /xingrg/check_reg.html?_=1668835992302 HTTP/1.1" 200 22
114.88.159.190 - - [19/Nov/2022:13:33:14 +0800] "GET /xingrg/kc/buy/cgsh_order_operate.html?command=get_materiel&rest_code=00141&code=00101008706&supplier_code=00100450&order_time=2022-11-19 HTTP/1.1" 200 399
116.238.139.35 - - [19/Nov/2022:13:33:16 +0800] "GET /xingrg/all/function/internal_message.html?_=1668835907340&CODE_STATE=getMsg HTTP/1.1" 200 27
120.253.135.82 - - [19/Nov/2022:13:33:17 +0800] "GET /xingrg/all/function/internal_message.html?_=1668836111396&CODE_STATE=getMsg HTTP/1.1" 200 27
116.230.105.139 - - [19/Nov/2022:13:33:18 +0800] "GET /xingrg/all/function/internal_message.html?_=1668835991543&CODE_STATE=getMsg HTTP/1.1" 200 27
101.85.106.255 - - [19/Nov/2022:13:33:20 +0800] "GET /xingrg/all/function/internal_message.html?_=1668835999965&CODE_STATE=getMsg HTTP/1.1" 200 27
222.70.183.206 - - [19/Nov/2022:13:33:21 +0800] "GET /xingrg/all/function/internal_message.html?_=1668835999398&CODE_STATE=getMsg HTTP/1.1" 200 27
116.235.92.184 - - [19/Nov/2022:13:33:22 +0800] "GET /xingrg/all/function/internal_message.html?_=1668836219755&CODE_STATE=getMsg HTTP/1.1" 200 27
114.88.159.190 - - [19/Nov/2022:13:33:22 +0800] "GET /xingrg/kc/buy/cgsh_order_operate.html?command=get_materiel&rest_code=00141&code=00101009004&supplier_code=00100450&order_time=2022-11-19 HTTP/1.1" 200 409
116.238.139.35 - - [19/Nov/2022:13:33:26 +0800] "GET /xingrg/kc/buy/cgsh_order_operate.html?command=get_materiel&rest_code=00150&code=00101008145&supplier_code=00100327&order_time=2022-11-19 HTTP/1.1" 200 417
120.253.135.82 - - [19/Nov/2022:13:33:27 +0800] "GET /xingrg/all/function/internal_message.html?_=1668836002016&CODE_STATE=getMsg HTTP/1.1" 200 27
116.230.105.139 - - [19/Nov/2022:13:33:28 +0800] "GET /xingrg/kc/buy/cgsh_order_operate.html?command=get_materiel&rest_code=00155&code=00101008652&supplier_code=00100487&order_time=2022-11-19 HTTP/1.1" 200 420
116.238.139.35 - - [19/Nov/2022:13:33:33 +0800] "GET /xingrg/check_reg.html?_=1668836014803 HTTP/1.1" 200 22
116.238.139.35 - - [19/Nov/2022:13:33:33 +0800] "GET /xingrg/all/function/internal_message.html?_=1668836015399&CODE_STATE=getMsg HTTP/1.1" 200 27
116.230.105.139 - - [19/Nov/2022:13:33:34 +0800] "POST /xingrg/kc/buy/cgsh_order_operate.html HTTP/1.1" 200 37
116.230.105.139 - - [19/Nov/2022:13:33:35 +0800] "POST /xingrg/kc/buy/cgsh_order_operate.html HTTP/1.1" 200 3258
116.230.105.139 - - [19/Nov/2022:13:33:36 +0800] "GET /xingrg/kc/print/load_data.html?order_code=212022111906483&kc_code=cgsh&condition= HTTP/1.1" 200 928
114.95.46.117 - - [19/Nov/2022:13:33:36 +0800] "GET /xingrg/all/function/internal_message.html?_=1668835865559&CODE_STATE=getMsg HTTP/1.1" 200 27
180.169.147.146 - - [19/Nov/2022:13:33:37 +0800] "GET /xingrg/all/function/internal_message.html?_=1668836017761&CODE_STATE=getMsg HTTP/1.1" 200 27
116.230.105.139 - - [19/Nov/2022:13:33:40 +0800] "GET /xingrg/kc/buy/cgsh_order_add.html HTTP/1.1" 200 69504
116.230.105.139 - - [19/Nov/2022:13:33:40 +0800] "POST /xingrg/kc/buy/cgsh_order_operate.html HTTP/1.1" 200 8245
116.230.105.139 - - [19/Nov/2022:13:33:40 +0800] "GET /xingrg/javascript/easyui/themes/default/validatebox.css HTTP/1.1" 404 1104
114.88.159.190 - - [19/Nov/2022:13:33:46 +0800] "GET /xingrg/kc/buy/cgsh_order_operate.html?command=get_materiel&rest_code=00141&code=00102014088&supplier_code=00100450&order_time=2022-11-19 HTTP/1.1" 200 426
114.83.217.254 - - [19/Nov/2022:13:33:46 +0800] "GET /xingrg/all/function/internal_message.html?_=1668836025101&CODE_STATE=getMsg HTTP/1.1" 200 27
218.81.217.29 - - [19/Nov/2022:13:33:48 +0800] "GET /xingrg/all/function/internal_message.html?_=1668836050481&CODE_STATE=getMsg HTTP/1.1" 200 27
114.95.46.117 - - [19/Nov/2022:13:33:49 +0800] "GET /xingrg/all/function/internal_message.html?_=1668836029809&CODE_STATE=getMsg HTTP/1.1" 200 27
116.230.105.139 - - [19/Nov/2022:13:33:49 +0800] "GET /xingrg/kc/buy/cgsh_order_operate.html?command=get_materiel&rest_code=00155&code=00101001008&supplier_code=00100482&order_time=2022-11-19 HTTP/1.1" 200 415
114.88.159.190 - - [19/Nov/2022:13:33:53 +0800] "GET /xingrg/kc/buy/cgsh_order_operate.html?command=get_materiel&rest_code=00141&code=00101008568&supplier_code=00100450&order_time=2022-11-19 HTTP/1.1" 200 413
180.162.115.136 - - [19/Nov/2022:13:33:55 +0800] "GET /xingrg/all/function/internal_message.html?_=1668835078992&CODE_STATE=getMsg HTTP/1.1" 200 27
