114.83.217.254 - - [19/Nov/2022:11:11:49 +0800] "GET /xingrg/all/function/internal_message.html?_=1668827507651&CODE_STATE=getMsg HTTP/1.1" 200 27
61.170.235.134 - - [19/Nov/2022:11:11:55 +0800] "GET /xingrg/all/function/internal_message.html?_=1668827517157&CODE_STATE=getMsg HTTP/1.1" 200 27
61.170.235.134 - - [19/Nov/2022:11:12:10 +0800] "GET /xingrg/all/function/internal_message.html?_=1668827523995&CODE_STATE=getMsg HTTP/1.1" 200 27
180.162.229.95 - - [19/Nov/2022:11:12:11 +0800] "GET /xingrg/check_reg.html?_=1668827540309 HTTP/1.1" 302 -
180.162.229.95 - - [19/Nov/2022:11:12:11 +0800] "GET /xingrg/all/function/internal_message.html?_=1668827540308&CODE_STATE=getMsg HTTP/1.1" 302 -
116.230.105.139 - - [19/Nov/2022:11:12:14 +0800] "GET /xingrg/all/function/internal_message.html?_=1668827527938&CODE_STATE=getMsg HTTP/1.1" 200 27
180.171.133.8 - - [19/Nov/2022:11:12:17 +0800] "POST /xingrg/services/DataTransmitService HTTP/1.1" 200 524
114.95.46.117 - - [19/Nov/2022:11:12:17 +0800] "GET /xingrg/all/function/internal_message.html?_=1668827538156&CODE_STATE=getMsg HTTP/1.1" 200 27
180.171.133.8 - - [19/Nov/2022:11:12:18 +0800] "POST /xingrg/services/DataTransmitService HTTP/1.1" 200 412
180.163.28.55 - - [19/Nov/2022:11:12:25 +0800] "GET /xingrg/kc/buy/cgsh_order_info.html?code=212022111906385 HTTP/1.1" 302 -
180.163.28.55 - - [19/Nov/2022:11:12:25 +0800] "GET /xingrg/login.html HTTP/1.1" 200 7641
120.253.135.82 - - [19/Nov/2022:11:12:26 +0800] "GET /xingrg/all/function/internal_message.html?_=1668827541829&CODE_STATE=getMsg HTTP/1.1" 200 27
114.83.219.57 - - [19/Nov/2022:11:12:29 +0800] "GET /xingrg/check_reg.html?_=1668827671668 HTTP/1.1" 200 22
114.83.219.57 - - [19/Nov/2022:11:12:29 +0800] "GET /xingrg/all/function/internal_message.html?_=1668827671670&CODE_STATE=getMsg HTTP/1.1" 200 27
218.81.217.29 - - [19/Nov/2022:11:12:30 +0800] "GET /xingrg/check_reg.html?_=1668827572233 HTTP/1.1" 200 22
218.81.217.29 - - [19/Nov/2022:11:12:32 +0800] "GET /xingrg/all/function/internal_message.html?_=1668827574603&CODE_STATE=getMsg HTTP/1.1" 200 27
114.95.46.117 - - [19/Nov/2022:11:12:36 +0800] "GET /xingrg/all/function/internal_message.html?_=1668827405431&CODE_STATE=getMsg HTTP/1.1" 200 27
114.95.46.117 - - [19/Nov/2022:11:12:36 +0800] "GET /xingrg/check_reg.html?_=1668827405434 HTTP/1.1" 200 22
180.169.147.146 - - [19/Nov/2022:11:12:37 +0800] "GET /xingrg/all/function/internal_message.html?_=1668827557708&CODE_STATE=getMsg HTTP/1.1" 200 27
180.169.147.146 - - [19/Nov/2022:11:12:40 +0800] "GET /xingrg/all/function/internal_message.html?_=1668827558231&CODE_STATE=getMsg HTTP/1.1" 200 27
180.162.229.95 - - [19/Nov/2022:11:12:47 +0800] "GET /xingrg/all/function/internal_message.html?_=1668827568160&CODE_STATE=getMsg HTTP/1.1" 200 27
114.83.217.254 - - [19/Nov/2022:11:12:49 +0800] "GET /xingrg/all/function/internal_message.html?_=1668827567623&CODE_STATE=getMsg HTTP/1.1" 200 27
61.170.235.134 - - [19/Nov/2022:11:12:55 +0800] "GET /xingrg/all/function/internal_message.html?_=1668827577140&CODE_STATE=getMsg HTTP/1.1" 200 27
61.170.235.134 - - [19/Nov/2022:11:13:10 +0800] "GET /xingrg/all/function/internal_message.html?_=1668827583968&CODE_STATE=getMsg HTTP/1.1" 200 27
180.162.229.95 - - [19/Nov/2022:11:13:11 +0800] "GET /xingrg/all/function/internal_message.html?_=1668827600322&CODE_STATE=getMsg HTTP/1.1" 302 -
114.83.217.254 - - [19/Nov/2022:11:13:13 +0800] "GET /xingrg/check_reg.html?_=1668827592081 HTTP/1.1" 200 22
116.230.105.139 - - [19/Nov/2022:11:13:14 +0800] "GET /xingrg/check_reg.html?_=1668827587936 HTTP/1.1" 200 22
116.230.105.139 - - [19/Nov/2022:11:13:14 +0800] "GET /xingrg/all/function/internal_message.html?_=1668827587939&CODE_STATE=getMsg HTTP/1.1" 200 27
114.95.46.117 - - [19/Nov/2022:11:13:17 +0800] "GET /xingrg/all/function/internal_message.html?_=1668827598134&CODE_STATE=getMsg HTTP/1.1" 200 27
114.95.46.117 - - [19/Nov/2022:11:13:19 +0800] "GET /xingrg/check_reg.html?_=1668827599513 HTTP/1.1" 200 22
180.169.147.146 - - [19/Nov/2022:11:13:24 +0800] "GET /xingrg/kc/buy/buy_main.html HTTP/1.1" 200 12412
180.169.147.146 - - [19/Nov/2022:11:13:24 +0800] "GET /xingrg/css/new_ie.css HTTP/1.1" 404 1036
180.169.147.146 - - [19/Nov/2022:11:13:25 +0800] "GET /xingrg/images/yd/bt.gif HTTP/1.1" 404 1040
180.169.147.146 - - [19/Nov/2022:11:13:25 +0800] "GET /xingrg/kc/buy/cgsh_order_list.html HTTP/1.1" 200 53723
120.253.135.82 - - [19/Nov/2022:11:13:26 +0800] "GET /xingrg/all/function/internal_message.html?_=1668827601829&CODE_STATE=getMsg HTTP/1.1" 200 27
180.169.147.146 - - [19/Nov/2022:11:13:28 +0800] "POST /xingrg/kc/buy/cgsh_list_operate.html HTTP/1.1" 200 6040
114.83.219.57 - - [19/Nov/2022:11:13:29 +0800] "GET /xingrg/all/function/internal_message.html?_=1668827731678&CODE_STATE=getMsg HTTP/1.1" 200 27
218.81.217.29 - - [19/Nov/2022:11:13:32 +0800] "GET /xingrg/all/function/internal_message.html?_=1668827634618&CODE_STATE=getMsg HTTP/1.1" 200 27
114.95.46.117 - - [19/Nov/2022:11:13:36 +0800] "GET /xingrg/all/function/internal_message.html?_=1668827465434&CODE_STATE=getMsg HTTP/1.1" 200 27
180.169.147.146 - - [19/Nov/2022:11:13:37 +0800] "GET /xingrg/all/function/internal_message.html?_=1668827617724&CODE_STATE=getMsg HTTP/1.1" 200 27
180.169.147.146 - - [19/Nov/2022:11:13:39 +0800] "GET /xingrg/all/function/internal_message.html?_=1668827618218&CODE_STATE=getMsg HTTP/1.1" 200 27
180.162.229.95 - - [19/Nov/2022:11:13:47 +0800] "GET /xingrg/all/function/internal_message.html?_=1668827628158&CODE_STATE=getMsg HTTP/1.1" 200 27
180.162.229.95 - - [19/Nov/2022:11:13:47 +0800] "GET /xingrg/check_reg.html?_=1668827628161 HTTP/1.1" 200 22
114.83.217.254 - - [19/Nov/2022:11:13:49 +0800] "GET /xingrg/all/function/internal_message.html?_=1668827627623&CODE_STATE=getMsg HTTP/1.1" 200 27
61.170.235.134 - - [19/Nov/2022:11:13:55 +0800] "GET /xingrg/all/function/internal_message.html?_=1668827637124&CODE_STATE=getMsg HTTP/1.1" 200 27
61.170.235.134 - - [19/Nov/2022:11:14:10 +0800] "GET /xingrg/all/function/internal_message.html?_=1668827643949&CODE_STATE=getMsg HTTP/1.1" 200 27
180.162.229.95 - - [19/Nov/2022:11:14:11 +0800] "GET /xingrg/all/function/internal_message.html?_=1668827660322&CODE_STATE=getMsg HTTP/1.1" 302 -
116.230.105.139 - - [19/Nov/2022:11:14:14 +0800] "GET /xingrg/all/function/internal_message.html?_=1668827647930&CODE_STATE=getMsg HTTP/1.1" 200 27
114.95.46.117 - - [19/Nov/2022:11:14:17 +0800] "GET /xingrg/all/function/internal_message.html?_=1668827658106&CODE_STATE=getMsg HTTP/1.1" 200 27
120.253.135.82 - - [19/Nov/2022:11:14:26 +0800] "GET /xingrg/all/function/internal_message.html?_=1668827661829&CODE_STATE=getMsg HTTP/1.1" 200 27
114.83.219.57 - - [19/Nov/2022:11:14:29 +0800] "GET /xingrg/all/function/internal_message.html?_=1668827791671&CODE_STATE=getMsg HTTP/1.1" 200 27
218.81.217.29 - - [19/Nov/2022:11:14:32 +0800] "GET /xingrg/all/function/internal_message.html?_=1668827694631&CODE_STATE=getMsg HTTP/1.1" 200 27
114.84.81.136 - - [19/Nov/2022:11:14:34 +0800] "GET /xingrg/check_reg.html?_=1668827675212 HTTP/1.1" 200 22
114.95.46.117 - - [19/Nov/2022:11:14:36 +0800] "GET /xingrg/all/function/internal_message.html?_=1668827525435&CODE_STATE=getMsg HTTP/1.1" 200 27
180.169.147.146 - - [19/Nov/2022:11:14:37 +0800] "GET /xingrg/all/function/internal_message.html?_=1668827677714&CODE_STATE=getMsg HTTP/1.1" 200 27
180.169.147.146 - - [19/Nov/2022:11:14:39 +0800] "GET /xingrg/check_reg.html?_=1668827678208 HTTP/1.1" 200 22
180.169.147.146 - - [19/Nov/2022:11:14:39 +0800] "GET /xingrg/all/function/internal_message.html?_=1668827678210&CODE_STATE=getMsg HTTP/1.1" 200 27
180.162.229.95 - - [19/Nov/2022:11:14:47 +0800] "GET /xingrg/all/function/internal_message.html?_=1668827688152&CODE_STATE=getMsg HTTP/1.1" 200 27
114.83.217.254 - - [19/Nov/2022:11:14:49 +0800] "GET /xingrg/all/function/internal_message.html?_=1668827687602&CODE_STATE=getMsg HTTP/1.1" 200 27
180.163.29.79 - - [19/Nov/2022:11:15:10 +0800] "GET /xingrg/all/function/internal_message.html?_=1668827643949&CODE_STATE=getMsg HTTP/1.1" 302 -
180.163.29.79 - - [19/Nov/2022:11:15:10 +0800] "GET /xingrg/login.html HTTP/1.1" 200 7641
61.170.235.134 - - [19/Nov/2022:11:15:10 +0800] "GET /xingrg/all/function/internal_message.html?_=1668827703921&CODE_STATE=getMsg HTTP/1.1" 200 27
180.162.229.95 - - [19/Nov/2022:11:15:11 +0800] "GET /xingrg/all/function/internal_message.html?_=1668827720323&CODE_STATE=getMsg HTTP/1.1" 302 -
116.230.105.139 - - [19/Nov/2022:11:15:14 +0800] "GET /xingrg/all/function/internal_message.html?_=1668827707925&CODE_STATE=getMsg HTTP/1.1" 200 27
114.95.46.117 - - [19/Nov/2022:11:15:17 +0800] "GET /xingrg/all/function/internal_message.html?_=1668827718084&CODE_STATE=getMsg HTTP/1.1" 200 27
120.253.135.82 - - [19/Nov/2022:11:15:26 +0800] "GET /xingrg/all/function/internal_message.html?_=1668827721832&CODE_STATE=getMsg HTTP/1.1" 200 27
114.83.219.57 - - [19/Nov/2022:11:15:29 +0800] "GET /xingrg/all/function/internal_message.html?_=1668827851668&CODE_STATE=getMsg HTTP/1.1" 200 27
218.81.217.29 - - [19/Nov/2022:11:15:32 +0800] "GET /xingrg/all/function/internal_message.html?_=1668827754816&CODE_STATE=getMsg HTTP/1.1" 200 27
116.238.139.35 - - [19/Nov/2022:11:15:36 +0800] "GET /xingrg/check_reg.html?_=1668827738481 HTTP/1.1" 302 -
114.95.46.117 - - [19/Nov/2022:11:15:36 +0800] "GET /xingrg/all/function/internal_message.html?_=1668827585434&CODE_STATE=getMsg HTTP/1.1" 200 27
180.169.147.146 - - [19/Nov/2022:11:15:37 +0800] "GET /xingrg/all/function/internal_message.html?_=1668827737704&CODE_STATE=getMsg HTTP/1.1" 200 27
180.169.147.146 - - [19/Nov/2022:11:15:37 +0800] "GET /xingrg/check_reg.html?_=1668827737706 HTTP/1.1" 200 22
180.169.147.146 - - [19/Nov/2022:11:15:39 +0800] "GET /xingrg/all/function/internal_message.html?_=1668827738208&CODE_STATE=getMsg HTTP/1.1" 200 27
180.162.229.95 - - [19/Nov/2022:11:15:47 +0800] "GET /xingrg/all/function/internal_message.html?_=1668827748167&CODE_STATE=getMsg HTTP/1.1" 200 27
114.83.217.254 - - [19/Nov/2022:11:15:49 +0800] "GET /xingrg/all/function/internal_message.html?_=1668827747582&CODE_STATE=getMsg HTTP/1.1" 200 27
58.221.95.50 - - [19/Nov/2022:11:16:01 +0800] "GET /xingrg/check_reg.html?_=1668827745785 HTTP/1.1" 302 -
61.170.235.134 - - [19/Nov/2022:11:16:06 +0800] "GET /xingrg/check_reg.html?_=1668827759688 HTTP/1.1" 200 22
61.170.235.134 - - [19/Nov/2022:11:16:10 +0800] "GET /xingrg/all/function/internal_message.html?_=1668827763896&CODE_STATE=getMsg HTTP/1.1" 200 27
180.162.229.95 - - [19/Nov/2022:11:16:11 +0800] "GET /xingrg/all/function/internal_message.html?_=1668827780323&CODE_STATE=getMsg HTTP/1.1" 302 -
116.230.105.139 - - [19/Nov/2022:11:16:14 +0800] "GET /xingrg/all/function/internal_message.html?_=1668827767935&CODE_STATE=getMsg HTTP/1.1" 200 27
114.95.46.117 - - [19/Nov/2022:11:16:17 +0800] "GET /xingrg/all/function/internal_message.html?_=1668827778057&CODE_STATE=getMsg HTTP/1.1" 200 27
120.253.135.82 - - [19/Nov/2022:11:16:26 +0800] "GET /xingrg/check_reg.html?_=1668827781820 HTTP/1.1" 200 22
120.253.135.82 - - [19/Nov/2022:11:16:26 +0800] "GET /xingrg/all/function/internal_message.html?_=1668827781825&CODE_STATE=getMsg HTTP/1.1" 200 27
114.83.219.57 - - [19/Nov/2022:11:16:29 +0800] "GET /xingrg/all/function/internal_message.html?_=1668827911661&CODE_STATE=getMsg HTTP/1.1" 200 27
218.81.217.29 - - [19/Nov/2022:11:16:32 +0800] "GET /xingrg/all/function/internal_message.html?_=1668827814831&CODE_STATE=getMsg HTTP/1.1" 200 27
114.95.46.117 - - [19/Nov/2022:11:16:36 +0800] "GET /xingrg/all/function/internal_message.html?_=1668827645435&CODE_STATE=getMsg HTTP/1.1" 200 27
180.169.147.146 - - [19/Nov/2022:11:16:37 +0800] "GET /xingrg/all/function/internal_message.html?_=1668827797714&CODE_STATE=getMsg HTTP/1.1" 200 27
180.169.147.146 - - [19/Nov/2022:11:16:39 +0800] "GET /xingrg/all/function/internal_message.html?_=1668827798207&CODE_STATE=getMsg HTTP/1.1" 200 27
180.169.147.146 - - [19/Nov/2022:11:16:43 +0800] "GET /xingrg/kc/buy/cgsh_order_add.html HTTP/1.1" 200 69501
180.169.147.146 - - [19/Nov/2022:11:16:43 +0800] "POST /xingrg/kc/buy/cgsh_order_operate.html HTTP/1.1" 200 8245
180.169.147.146 - - [19/Nov/2022:11:16:43 +0800] "GET /xingrg/javascript/easyui/themes/default/validatebox.css HTTP/1.1" 404 1104
61.170.235.134 - - [19/Nov/2022:11:16:44 +0800] "GET /xingrg/kc/buy/cgsh_order_add.html HTTP/1.1" 200 69498
61.170.235.134 - - [19/Nov/2022:11:16:44 +0800] "GET /xingrg/javascript/easyui/themes/default/validatebox.css HTTP/1.1" 404 1104
61.170.235.134 - - [19/Nov/2022:11:16:44 +0800] "POST /xingrg/kc/buy/cgsh_order_operate.html HTTP/1.1" 200 8245
61.170.235.134 - - [19/Nov/2022:11:16:45 +0800] "GET /xingrg/javascript/easyui/themes/default/tree.css HTTP/1.1" 404 1090
61.170.235.134 - - [19/Nov/2022:11:16:45 +0800] "POST /xingrg/all/common/load_tree.html?tree=supplier_tree_json&isDelete=1 HTTP/1.1" 200 70135
180.162.229.95 - - [19/Nov/2022:11:16:47 +0800] "GET /xingrg/all/function/internal_message.html?_=1668827808159&CODE_STATE=getMsg HTTP/1.1" 200 27
180.169.147.146 - - [19/Nov/2022:11:16:47 +0800] "GET /xingrg/javascript/jquery_tools/images/next.gif HTTP/1.1" 404 1086
180.169.147.146 - - [19/Nov/2022:11:16:47 +0800] "GET /xingrg/javascript/jquery_tools/images/prev.gif HTTP/1.1" 404 1086
114.83.217.254 - - [19/Nov/2022:11:16:49 +0800] "GET /xingrg/all/function/internal_message.html?_=1668827807570&CODE_STATE=getMsg HTTP/1.1" 200 27
61.170.235.134 - - [19/Nov/2022:11:17:01 +0800] "GET /xingrg/kc/buy/cgsh_order_operate.html?command=get_materiel&rest_code=00106&code=00101008146&supplier_code=00100009&order_time=2022-11-19 HTTP/1.1" 200 416
180.163.29.217 - - [19/Nov/2022:11:17:06 +0800] "GET /xingrg/check_reg.html?_=1668827759688 HTTP/1.1" 302 -
180.163.29.217 - - [19/Nov/2022:11:17:06 +0800] "GET /xingrg/login.html HTTP/1.1" 200 7641
61.170.235.134 - - [19/Nov/2022:11:17:10 +0800] "GET /xingrg/kc/buy/cgsh_order_operate.html?command=get_materiel&rest_code=00106&code=00101008147&supplier_code=00100009&order_time=2022-11-19 HTTP/1.1" 200 416
61.170.235.134 - - [19/Nov/2022:11:17:10 +0800] "GET /xingrg/all/function/internal_message.html?_=1668827823867&CODE_STATE=getMsg HTTP/1.1" 200 27
180.162.229.95 - - [19/Nov/2022:11:17:11 +0800] "GET /xingrg/check_reg.html?_=1668827840324 HTTP/1.1" 302 -
180.162.229.95 - - [19/Nov/2022:11:17:11 +0800] "GET /xingrg/all/function/internal_message.html?_=1668827840327&CODE_STATE=getMsg HTTP/1.1" 302 -
116.230.105.139 - - [19/Nov/2022:11:17:14 +0800] "GET /xingrg/all/function/internal_message.html?_=1668827827924&CODE_STATE=getMsg HTTP/1.1" 200 27
180.169.147.146 - - [19/Nov/2022:11:17:15 +0800] "GET /xingrg/kc/buy/cgsh_order_operate.html?command=get_materiel&rest_code=00147&code=00101008027&supplier_code=00100007&order_time=2022-11-19 HTTP/1.1" 200 408
114.95.46.117 - - [19/Nov/2022:11:17:17 +0800] "GET /xingrg/all/function/internal_message.html?_=1668827838055&CODE_STATE=getMsg HTTP/1.1" 200 27
114.84.81.136 - - [19/Nov/2022:11:17:19 +0800] "GET /favicon.ico HTTP/1.1" 404 -
61.170.235.134 - - [19/Nov/2022:11:17:19 +0800] "GET /xingrg/kc/buy/cgsh_order_operate.html?command=get_materiel&rest_code=00106&code=00101008037&supplier_code=00100009&order_time=2022-11-19 HTTP/1.1" 200 413
180.169.147.146 - - [19/Nov/2022:11:17:25 +0800] "GET /xingrg/kc/buy/cgsh_order_operate.html?command=get_materiel&rest_code=00147&code=00101008331&supplier_code=00100007&order_time=2022-11-19 HTTP/1.1" 200 416
120.253.135.82 - - [19/Nov/2022:11:17:26 +0800] "GET /xingrg/all/function/internal_message.html?_=1668827841825&CODE_STATE=getMsg HTTP/1.1" 200 27
114.83.219.57 - - [19/Nov/2022:11:17:29 +0800] "GET /xingrg/all/function/internal_message.html?_=1668827971679&CODE_STATE=getMsg HTTP/1.1" 200 27
114.83.219.57 - - [19/Nov/2022:11:17:29 +0800] "GET /xingrg/check_reg.html?_=1668827971682 HTTP/1.1" 200 22
61.170.235.134 - - [19/Nov/2022:11:17:30 +0800] "GET /xingrg/kc/buy/cgsh_order_operate.html?command=get_materiel&rest_code=00106&code=00101008530&supplier_code=00100009&order_time=2022-11-19 HTTP/1.1" 200 436
218.81.217.29 - - [19/Nov/2022:11:17:30 +0800] "GET /xingrg/check_reg.html?_=1668827872439 HTTP/1.1" 200 22
218.81.217.29 - - [19/Nov/2022:11:17:32 +0800] "GET /xingrg/all/function/internal_message.html?_=1668827874844&CODE_STATE=getMsg HTTP/1.1" 200 27
180.169.147.146 - - [19/Nov/2022:11:17:35 +0800] "GET /xingrg/kc/buy/cgsh_order_operate.html?command=get_materiel&rest_code=00147&code=00101008026&supplier_code=00100007&order_time=2022-11-19 HTTP/1.1" 200 409
114.95.46.117 - - [19/Nov/2022:11:17:36 +0800] "GET /xingrg/check_reg.html?_=1668827705436 HTTP/1.1" 200 22
114.95.46.117 - - [19/Nov/2022:11:17:36 +0800] "GET /xingrg/all/function/internal_message.html?_=1668827705439&CODE_STATE=getMsg HTTP/1.1" 200 27
180.169.147.146 - - [19/Nov/2022:11:17:37 +0800] "GET /xingrg/all/function/internal_message.html?_=1668827857707&CODE_STATE=getMsg HTTP/1.1" 200 27
180.169.147.146 - - [19/Nov/2022:11:17:39 +0800] "GET /xingrg/all/function/internal_message.html?_=1668827858216&CODE_STATE=getMsg HTTP/1.1" 200 27
61.170.235.134 - - [19/Nov/2022:11:17:42 +0800] "POST /xingrg/kc/buy/cgsh_order_operate.html HTTP/1.1" 200 37
180.169.147.146 - - [19/Nov/2022:11:17:45 +0800] "GET /xingrg/kc/buy/cgsh_order_operate.html?command=get_materiel&rest_code=00147&code=00101008110&supplier_code=00100007&order_time=2022-11-19 HTTP/1.1" 200 408
61.170.235.134 - - [19/Nov/2022:11:17:46 +0800] "POST /xingrg/kc/buy/cgsh_order_operate.html HTTP/1.1" 200 12
180.162.229.95 - - [19/Nov/2022:11:17:47 +0800] "GET /xingrg/all/function/internal_message.html?_=1668827868171&CODE_STATE=getMsg HTTP/1.1" 200 27
61.170.235.134 - - [19/Nov/2022:11:17:48 +0800] "GET /xingrg/kc/buy/cgsh_order_info.html?code=212022111906388 HTTP/1.1" 200 64407
61.170.235.134 - - [19/Nov/2022:11:17:48 +0800] "GET /xingrg/javascript/easyui/themes/default/validatebox.css HTTP/1.1" 404 1104
114.83.217.254 - - [19/Nov/2022:11:17:49 +0800] "GET /xingrg/all/function/internal_message.html?_=1668827867548&CODE_STATE=getMsg HTTP/1.1" 200 27
61.170.235.134 - - [19/Nov/2022:11:17:49 +0800] "POST /xingrg/kc/buy/cgsh_order_operate.html HTTP/1.1" 200 2406
180.169.147.146 - - [19/Nov/2022:11:17:52 +0800] "GET /xingrg/kc/buy/cgsh_order_operate.html?command=get_materiel&rest_code=00147&code=00101008038&supplier_code=00100007&order_time=2022-11-19 HTTP/1.1" 200 412
61.170.235.134 - - [19/Nov/2022:11:17:52 +0800] "GET /xingrg/kc/print/load_data.html?order_code=212022111906388&kc_code=cgsh&condition= HTTP/1.1" 200 1477
61.170.235.134 - - [19/Nov/2022:11:17:58 +0800] "GET /xingrg/kc/print/load_data.html?order_code=212022111906388&kc_code=cgsh HTTP/1.1" 200 1477
180.169.147.146 - - [19/Nov/2022:11:17:59 +0800] "GET /xingrg/kc/buy/cgsh_order_operate.html?command=get_materiel&rest_code=00147&code=00101008190&supplier_code=00100007&order_time=2022-11-19 HTTP/1.1" 200 412
180.163.29.219 - - [19/Nov/2022:11:18:07 +0800] "GET /xingrg/kc/buy/cgsh_order_operate.html?command=get_materiel&rest_code=00106&code=00101008147&supplier_code=00100009&order_time=2022-11-19 HTTP/1.1" 302 -
180.163.29.219 - - [19/Nov/2022:11:18:07 +0800] "GET /xingrg/login.html HTTP/1.1" 200 7641
61.170.235.134 - - [19/Nov/2022:11:18:10 +0800] "GET /xingrg/all/function/internal_message.html?_=1668827883848&CODE_STATE=getMsg HTTP/1.1" 200 27
218.81.217.29 - - [19/Nov/2022:11:18:11 +0800] "GET /xingrg/kc/buy/cgsh_order_add.html HTTP/1.1" 200 69498
180.162.229.95 - - [19/Nov/2022:11:18:11 +0800] "GET /xingrg/all/function/internal_message.html?_=1668827900335&CODE_STATE=getMsg HTTP/1.1" 302 -
218.81.217.29 - - [19/Nov/2022:11:18:11 +0800] "POST /xingrg/kc/buy/cgsh_order_operate.html HTTP/1.1" 200 8245
218.81.217.29 - - [19/Nov/2022:11:18:11 +0800] "GET /xingrg/javascript/easyui/themes/default/validatebox.css HTTP/1.1" 404 1104
114.83.217.254 - - [19/Nov/2022:11:18:13 +0800] "GET /xingrg/check_reg.html?_=1668827892090 HTTP/1.1" 200 22
116.230.105.139 - - [19/Nov/2022:11:18:14 +0800] "GET /xingrg/all/function/internal_message.html?_=1668827887935&CODE_STATE=getMsg HTTP/1.1" 200 27
116.230.105.139 - - [19/Nov/2022:11:18:14 +0800] "GET /xingrg/check_reg.html?_=1668827887936 HTTP/1.1" 200 22
180.163.29.219 - - [19/Nov/2022:11:18:16 +0800] "GET /xingrg/kc/buy/cgsh_order_operate.html?command=get_materiel&rest_code=00106&code=00101008037&supplier_code=00100009&order_time=2022-11-19 HTTP/1.1" 302 -
180.163.29.219 - - [19/Nov/2022:11:18:17 +0800] "GET /xingrg/login.html HTTP/1.1" 200 7641
114.95.46.117 - - [19/Nov/2022:11:18:17 +0800] "GET /xingrg/all/function/internal_message.html?_=1668827898030&CODE_STATE=getMsg HTTP/1.1" 200 27
114.95.46.117 - - [19/Nov/2022:11:18:19 +0800] "GET /xingrg/check_reg.html?_=1668827899515 HTTP/1.1" 200 22
61.170.235.134 - - [19/Nov/2022:11:18:22 +0800] "GET /xingrg/kc/buy/cgsh_order_add.html HTTP/1.1" 200 69498
61.170.235.134 - - [19/Nov/2022:11:18:23 +0800] "GET /xingrg/javascript/easyui/themes/default/validatebox.css HTTP/1.1" 404 1104
61.170.235.134 - - [19/Nov/2022:11:18:23 +0800] "POST /xingrg/kc/buy/cgsh_order_operate.html HTTP/1.1" 200 8245
120.253.135.82 - - [19/Nov/2022:11:18:26 +0800] "GET /xingrg/all/function/internal_message.html?_=1668827901832&CODE_STATE=getMsg HTTP/1.1" 200 27
61.170.235.134 - - [19/Nov/2022:11:18:27 +0800] "GET /xingrg/javascript/easyui/themes/default/tree.css HTTP/1.1" 404 1090
61.170.235.134 - - [19/Nov/2022:11:18:27 +0800] "POST /xingrg/all/common/load_tree.html?tree=supplier_tree_json&isDelete=1 HTTP/1.1" 200 70135
114.83.219.57 - - [19/Nov/2022:11:18:29 +0800] "GET /xingrg/all/function/internal_message.html?_=1668828031683&CODE_STATE=getMsg HTTP/1.1" 200 27
218.81.217.29 - - [19/Nov/2022:11:18:32 +0800] "GET /xingrg/all/function/internal_message.html?_=1668827934857&CODE_STATE=getMsg HTTP/1.1" 200 27
180.169.147.146 - - [19/Nov/2022:11:18:33 +0800] "GET /xingrg/kc/buy/cgsh_order_operate.html?command=get_materiel&rest_code=00147&code=00101008321&supplier_code=00100007&order_time=2022-11-19 HTTP/1.1" 200 412
114.95.46.117 - - [19/Nov/2022:11:18:36 +0800] "GET /xingrg/all/function/internal_message.html?_=1668827765424&CODE_STATE=getMsg HTTP/1.1" 200 27
180.169.147.146 - - [19/Nov/2022:11:18:37 +0800] "GET /xingrg/all/function/internal_message.html?_=1668827917722&CODE_STATE=getMsg HTTP/1.1" 200 27
218.81.217.29 - - [19/Nov/2022:11:18:38 +0800] "GET /xingrg/kc/buy/cgsh_order_operate.html?command=get_materiel&rest_code=00146&code=00101012029&supplier_code=00100033&order_time=2022-11-19 HTTP/1.1" 200 412
61.170.235.134 - - [19/Nov/2022:11:18:38 +0800] "GET /xingrg/kc/buy/cgsh_order_operate.html?command=get_materiel&rest_code=00106&code=00101006109&supplier_code=00100015&order_time=2022-11-19 HTTP/1.1" 200 409
180.169.147.146 - - [19/Nov/2022:11:18:40 +0800] "GET /xingrg/all/function/internal_message.html?_=1668827918230&CODE_STATE=getMsg HTTP/1.1" 200 27
180.169.147.146 - - [19/Nov/2022:11:18:40 +0800] "GET /xingrg/kc/buy/cgsh_order_operate.html?command=get_materiel&rest_code=00147&code=00101008024&supplier_code=00100007&order_time=2022-11-19 HTTP/1.1" 200 408
180.162.229.95 - - [19/Nov/2022:11:18:47 +0800] "GET /xingrg/check_reg.html?_=1668827928165 HTTP/1.1" 200 22
180.162.229.95 - - [19/Nov/2022:11:18:47 +0800] "GET /xingrg/all/function/internal_message.html?_=1668827928166&CODE_STATE=getMsg HTTP/1.1" 200 27
114.83.217.254 - - [19/Nov/2022:11:18:49 +0800] "GET /xingrg/all/function/internal_message.html?_=1668827927531&CODE_STATE=getMsg HTTP/1.1" 200 27
180.162.115.136 - - [19/Nov/2022:11:18:49 +0800] "GET /xingrg HTTP/1.1" 302 -
180.162.115.136 - - [19/Nov/2022:11:18:49 +0800] "GET /xingrg/ HTTP/1.1" 304 -
180.169.147.146 - - [19/Nov/2022:11:18:51 +0800] "GET /xingrg/kc/buy/cgsh_order_operate.html?command=get_materiel&rest_code=00147&code=00101015004&supplier_code=00100007&order_time=2022-11-19 HTTP/1.1" 200 408
180.162.115.136 - - [19/Nov/2022:11:18:52 +0800] "GET /xingrg/index.html HTTP/1.1" 302 -
180.162.115.136 - - [19/Nov/2022:11:18:52 +0800] "GET /xingrg/login.html HTTP/1.1" 200 7641
180.163.30.100 - - [19/Nov/2022:11:18:52 +0800] "GET /xingrg/kc/print/load_data.html?order_code=212022111906388&kc_code=cgsh&condition= HTTP/1.1" 302 -
180.163.30.100 - - [19/Nov/2022:11:18:52 +0800] "GET /xingrg/login.html HTTP/1.1" 200 7641
180.162.115.136 - - [19/Nov/2022:11:18:52 +0800] "GET /xingrg/images/blue/jxLogo.png HTTP/1.1" 304 -
180.162.115.136 - - [19/Nov/2022:11:18:54 +0800] "GET /xingrg/images/blue/login_bg.png HTTP/1.1" 304 -
180.162.115.136 - - [19/Nov/2022:11:18:54 +0800] "GET /xingrg/images/blue/hj.png HTTP/1.1" 304 -
180.162.115.136 - - [19/Nov/2022:11:18:54 +0800] "GET /xingrg/images/blue/srbg.png HTTP/1.1" 304 -
180.162.115.136 - - [19/Nov/2022:11:18:54 +0800] "GET /favicon.ico HTTP/1.1" 404 -
61.170.235.134 - - [19/Nov/2022:11:18:56 +0800] "GET /xingrg/kc/buy/cgsh_order_operate.html?command=get_materiel&rest_code=00106&code=00101006144&supplier_code=00100015&order_time=2022-11-19 HTTP/1.1" 200 411
180.162.115.136 - - [19/Nov/2022:11:18:56 +0800] "GET /favicon.ico HTTP/1.1" 404 -
218.81.217.29 - - [19/Nov/2022:11:18:59 +0800] "GET /xingrg/kc/buy/cgsh_order_operate.html?command=get_materiel&rest_code=00146&code=00101012025&supplier_code=00100033&order_time=2022-11-19 HTTP/1.1" 200 412
180.169.147.146 - - [19/Nov/2022:11:19:02 +0800] "GET /xingrg/kc/buy/cgsh_order_operate.html?command=get_materiel&rest_code=00147&code=00101022019&supplier_code=00100007&order_time=2022-11-19 HTTP/1.1" 200 444
120.253.135.82 - - [19/Nov/2022:11:19:09 +0800] "GET /xingrg/login.html HTTP/1.1" 200 7641
120.253.135.82 - - [19/Nov/2022:11:19:09 +0800] "GET /xingrg/images/blue/jxLogo.png HTTP/1.1" 304 -
120.253.135.82 - - [19/Nov/2022:11:19:10 +0800] "GET /xingrg/images/blue/login_bg.png HTTP/1.1" 304 -
120.253.135.82 - - [19/Nov/2022:11:19:10 +0800] "GET /xingrg/images/blue/hj.png HTTP/1.1" 304 -
120.253.135.82 - - [19/Nov/2022:11:19:10 +0800] "GET /xingrg/images/blue/srbg.png HTTP/1.1" 304 -
120.253.135.82 - - [19/Nov/2022:11:19:10 +0800] "GET /favicon.ico HTTP/1.1" 404 -
61.170.235.134 - - [19/Nov/2022:11:19:10 +0800] "GET /xingrg/all/function/internal_message.html?_=1668827943817&CODE_STATE=getMsg HTTP/1.1" 200 27
180.162.229.95 - - [19/Nov/2022:11:19:11 +0800] "GET /xingrg/all/function/internal_message.html?_=1668827960337&CODE_STATE=getMsg HTTP/1.1" 302 -
61.170.235.134 - - [19/Nov/2022:11:19:12 +0800] "GET /xingrg/kc/buy/cgsh_order_operate.html?command=get_materiel&rest_code=00106&code=00101006111&supplier_code=00100015&order_time=2022-11-19 HTTP/1.1" 200 409
120.253.135.82 - - [19/Nov/2022:11:19:13 +0800] "POST /xingrg/login.do HTTP/1.1" 302 -
120.253.135.82 - - [19/Nov/2022:11:19:13 +0800] "GET /xingrg/index.html?sysBaseUrl=http%3A%2F%2F180.169.147.146%3A18081%2Fxingrg%2F&costTime=119×tamp=1668827953784 HTTP/1.1" 200 17173
120.253.135.82 - - [19/Nov/2022:11:19:13 +0800] "GET /xingrg/javascript/jquery_easy_ui/themes/default/easyui.css HTTP/1.1" 304 -
120.253.135.82 - - [19/Nov/2022:11:19:13 +0800] "GET /xingrg/javascript/jquery_easy_ui/themes/icon.css HTTP/1.1" 304 -
120.253.135.82 - - [19/Nov/2022:11:19:13 +0800] "GET /xingrg/css/form.css HTTP/1.1" 304 -
120.253.135.82 - - [19/Nov/2022:11:19:13 +0800] "GET /xingrg/javascript/jquery-1.4.2.min.js HTTP/1.1" 304 -
120.253.135.82 - - [19/Nov/2022:11:19:13 +0800] "GET /xingrg/javascript/jquery_easy_ui/jquery.easyui.min.js HTTP/1.1" 304 -
120.253.135.82 - - [19/Nov/2022:11:19:13 +0800] "GET /xingrg/javascript/jquery.form.js HTTP/1.1" 304 -
120.253.135.82 - - [19/Nov/2022:11:19:13 +0800] "GET /xingrg/javascript/jquery_easy_ui/easyui-lang-zh_CN.js HTTP/1.1" 304 -
120.253.135.82 - - [19/Nov/2022:11:19:13 +0800] "GET /xingrg/javascript/jquery.timers.js HTTP/1.1" 304 -
120.253.135.82 - - [19/Nov/2022:11:19:13 +0800] "GET /xingrg/javascript/jquery.utils.js HTTP/1.1" 304 -
120.253.135.82 - - [19/Nov/2022:11:19:14 +0800] "GET /favicon.ico HTTP/1.1" 404 -
120.253.135.82 - - [19/Nov/2022:11:19:14 +0800] "GET /xingrg/images/blue/navBackgound.jpg HTTP/1.1" 304 -
120.253.135.82 - - [19/Nov/2022:11:19:14 +0800] "GET /xingrg/javascript/jquery_easy_ui/themes/icons/settle_new.png HTTP/1.1" 304 -
120.253.135.82 - - [19/Nov/2022:11:19:14 +0800] "POST /xingrg/all/common/load_tree.html?tree=area_rest_tree_json&manage=1 HTTP/1.1" 200 344
120.253.135.82 - - [19/Nov/2022:11:19:14 +0800] "GET /xingrg/images/blue/pingpu.png HTTP/1.1" 304 -
120.253.135.82 - - [19/Nov/2022:11:19:14 +0800] "GET /xingrg/javascript/jquery_easy_ui/themes/default/images/tabs_leftarrow.png HTTP/1.1" 304 -
120.253.135.82 - - [19/Nov/2022:11:19:14 +0800] "GET /xingrg/javascript/jquery_easy_ui/themes/default/images/tabs_rightarrow.png HTTP/1.1" 304 -
120.253.135.82 - - [19/Nov/2022:11:19:14 +0800] "GET /xingrg/javascript/jquery_easy_ui/themes/default/images/panel_tool_collapse.gif HTTP/1.1" 304 -
116.230.105.139 - - [19/Nov/2022:11:19:14 +0800] "GET /xingrg/all/function/internal_message.html?_=1668827947926&CODE_STATE=getMsg HTTP/1.1" 200 27
120.253.135.82 - - [19/Nov/2022:11:19:14 +0800] "GET /xingrg/check_reg.html?_=1668828068357 HTTP/1.1" 200 22
120.253.135.82 - - [19/Nov/2022:11:19:14 +0800] "GET /xingrg/all/function/internal_message.html?_=1668828068357&CODE_STATE=count HTTP/1.1" 200 11
120.253.135.82 - - [19/Nov/2022:11:19:14 +0800] "POST /xingrg/load_menu.html HTTP/1.1" 200 6743
120.253.135.82 - - [19/Nov/2022:11:19:14 +0800] "GET /xingrg/javascript/jquery_easy_ui/themes/default/images/tree_arrows.gif HTTP/1.1" 304 -
120.253.135.82 - - [19/Nov/2022:11:19:14 +0800] "GET /xingrg/javascript/jquery_easy_ui/themes/default/images/tree_folder_open.gif HTTP/1.1" 304 -
120.253.135.82 - - [19/Nov/2022:11:19:14 +0800] "GET /xingrg/javascript/jquery_easy_ui/themes/icons/search_new.png HTTP/1.1" 304 -
120.253.135.82 - - [19/Nov/2022:11:19:14 +0800] "GET /xingrg/javascript/jquery_easy_ui/themes/icons/delivery_new.png HTTP/1.1" 304 -
120.253.135.82 - - [19/Nov/2022:11:19:14 +0800] "GET /xingrg/javascript/jquery_easy_ui/themes/icons/storage_new.png HTTP/1.1" 304 -
120.253.135.82 - - [19/Nov/2022:11:19:14 +0800] "GET /xingrg/javascript/jquery_easy_ui/themes/icons/forms_new.png HTTP/1.1" 304 -
120.253.135.82 - - [19/Nov/2022:11:19:14 +0800] "GET /xingrg/javascript/jquery_easy_ui/themes/default/images/tree_folder.gif HTTP/1.1" 304 -
120.253.135.82 - - [19/Nov/2022:11:19:14 +0800] "GET /xingrg/javascript/jquery_easy_ui/themes/default/images/tree_file.gif HTTP/1.1" 304 -
218.81.217.29 - - [19/Nov/2022:11:19:16 +0800] "GET /xingrg/kc/buy/cgsh_order_operate.html?command=get_materiel&rest_code=00146&code=00101016025&supplier_code=00100033&order_time=2022-11-19 HTTP/1.1" 200 408
114.95.46.117 - - [19/Nov/2022:11:19:17 +0800] "GET /xingrg/all/function/internal_message.html?_=1668827958004&CODE_STATE=getMsg HTTP/1.1" 200 27
120.253.135.82 - - [19/Nov/2022:11:19:17 +0800] "GET /xingrg/javascript/jquery_easy_ui/themes/default/images/tabs_close.gif HTTP/1.1" 304 -
120.253.135.82 - - [19/Nov/2022:11:19:18 +0800] "GET /xingrg/kc/pszx/mdqp_order_list.html?state=10 HTTP/1.1" 200 10715
120.253.135.82 - - [19/Nov/2022:11:19:18 +0800] "GET /xingrg/css/blue.css HTTP/1.1" 200 15949
120.253.135.82 - - [19/Nov/2022:11:19:18 +0800] "GET /xingrg/javascript/pic_change.js HTTP/1.1" 304 -
120.253.135.82 - - [19/Nov/2022:11:19:18 +0800] "GET /xingrg/dwr/interface/AjaxReportQueryService.js HTTP/1.1" 200 13203
120.253.135.82 - - [19/Nov/2022:11:19:18 +0800] "GET /xingrg/dwr/interface/AjaxQqpsService.js HTTP/1.1" 200 16326
120.253.135.82 - - [19/Nov/2022:11:19:18 +0800] "GET /xingrg/dwr/engine.js HTTP/1.1" 200 43631
120.253.135.82 - - [19/Nov/2022:11:19:18 +0800] "GET /xingrg/javascript/myfunction.js HTTP/1.1" 304 -
120.253.135.82 - - [19/Nov/2022:11:19:18 +0800] "GET /xingrg/dwr/util.js HTTP/1.1" 200 35990
120.253.135.82 - - [19/Nov/2022:11:19:18 +0800] "GET /xingrg/javascript/Calendar.js HTTP/1.1" 200 31561
120.253.135.82 - - [19/Nov/2022:11:19:18 +0800] "GET /xingrg/javascript/jquery_easy_ui/themes/icons/check_new.png HTTP/1.1" 200 3224
120.253.135.82 - - [19/Nov/2022:11:19:18 +0800] "GET /xingrg/javascript/jquery_easy_ui/themes/icons/uncheck_new.png HTTP/1.1" 200 3197
120.253.135.82 - - [19/Nov/2022:11:19:18 +0800] "GET /xingrg/javascript/jquery_easy_ui/themes/icons/back_new.png HTTP/1.1" 200 3414
120.253.135.82 - - [19/Nov/2022:11:19:21 +0800] "GET /xingrg/kc/pszx/mdqp_order_info.html?code=302022111900323 HTTP/1.1" 200 13350
120.253.135.82 - - [19/Nov/2022:11:19:21 +0800] "GET /xingrg/javascript/auto/jquery.autocomplete.js HTTP/1.1" 304 -
120.253.135.82 - - [19/Nov/2022:11:19:21 +0800] "GET /xingrg/dwr/interface/AjaxComOrderService.js HTTP/1.1" 200 18264
120.253.135.82 - - [19/Nov/2022:11:19:21 +0800] "GET /xingrg/javascript/AjaxInfoList.js HTTP/1.1" 200 3774
120.253.135.82 - - [19/Nov/2022:11:19:21 +0800] "GET /xingrg/javascript/tools/jquery.qtip-1.0.0-rc3.min.js HTTP/1.1" 200 38404
120.253.135.82 - - [19/Nov/2022:11:19:21 +0800] "GET /xingrg/dwr/interface/AjaxQqpsService.js HTTP/1.1" 200 16326
120.253.135.82 - - [19/Nov/2022:11:19:21 +0800] "GET /xingrg/javascript/Grid.js HTTP/1.1" 200 58908
120.253.135.82 - - [19/Nov/2022:11:19:21 +0800] "GET /xingrg/javascript/ToolTips.js HTTP/1.1" 200 5615
120.253.135.82 - - [19/Nov/2022:11:19:21 +0800] "GET /xingrg/javascript/print/kc_print.js HTTP/1.1" 304 -
120.253.135.82 - - [19/Nov/2022:11:19:21 +0800] "GET /xingrg/javascript/print/LodopFuncs.js HTTP/1.1" 304 -
120.253.135.82 - - [19/Nov/2022:11:19:21 +0800] "GET /xingrg/javascript/checkform.js HTTP/1.1" 200 18351
120.253.135.82 - - [19/Nov/2022:11:19:21 +0800] "GET /xingrg/dwr/engine.js HTTP/1.1" 200 43631
120.253.135.82 - - [19/Nov/2022:11:19:21 +0800] "GET /xingrg/javascript/jquery_easy_ui/themes/icons/print.png HTTP/1.1" 304 -
120.253.135.82 - - [19/Nov/2022:11:19:21 +0800] "GET /xingrg/javascript/jquery_easy_ui/themes/default/images/menu_downarrow.png HTTP/1.1" 200 173
120.253.135.82 - - [19/Nov/2022:11:19:22 +0800] "GET /xingrg/images/blue/button/kc_tab_save.gif HTTP/1.1" 200 777
120.253.135.82 - - [19/Nov/2022:11:19:22 +0800] "GET /xingrg/images/blue/button/kc_tab_edit.gif HTTP/1.1" 200 551
120.253.135.82 - - [19/Nov/2022:11:19:22 +0800] "GET /xingrg/images/blue/kc_tab_left.gif HTTP/1.1" 200 188
120.253.135.82 - - [19/Nov/2022:11:19:22 +0800] "GET /xingrg/images/blue/kc_tab_right.gif HTTP/1.1" 200 643
120.253.135.82 - - [19/Nov/2022:11:19:22 +0800] "GET /xingrg/images/blue/kc_tab_mid.gif HTTP/1.1" 200 44
120.253.135.82 - - [19/Nov/2022:11:19:22 +0800] "GET /xingrg/images/blue/kc_tab2_left.gif HTTP/1.1" 200 625
120.253.135.82 - - [19/Nov/2022:11:19:22 +0800] "GET /xingrg/images/blue/kc_tab2_right.gif HTTP/1.1" 200 192
120.253.135.82 - - [19/Nov/2022:11:19:22 +0800] "GET /xingrg/images/blue/wait.gif HTTP/1.1" 200 1100
120.253.135.82 - - [19/Nov/2022:11:19:22 +0800] "GET /xingrg/javascript/jquery_easy_ui/themes/icons/area.png HTTP/1.1" 304 -
120.253.135.82 - - [19/Nov/2022:11:19:22 +0800] "GET /xingrg/javascript/jquery_easy_ui/themes/icons/manage.png HTTP/1.1" 304 -
120.253.135.82 - - [19/Nov/2022:11:19:22 +0800] "POST /xingrg/dwr/call/plaincall/AjaxQqpsService.loadMaterielItems.dwr HTTP/1.1" 200 360
180.169.147.146 - - [19/Nov/2022:11:19:24 +0800] "GET /xingrg/kc/buy/cgsh_order_operate.html?command=get_materiel&rest_code=00147&code=00101008375&supplier_code=00100007&order_time=2022-11-19 HTTP/1.1" 200 416
120.253.135.82 - - [19/Nov/2022:11:19:26 +0800] "GET /xingrg/all/function/internal_message.html?_=1668827961833&CODE_STATE=getMsg HTTP/1.1" 200 27
61.170.235.134 - - [19/Nov/2022:11:19:26 +0800] "GET /xingrg/kc/buy/cgsh_order_operate.html?command=get_materiel&rest_code=00106&code=00101006112&supplier_code=00100015&order_time=2022-11-19 HTTP/1.1" 200 409
218.81.217.29 - - [19/Nov/2022:11:19:28 +0800] "GET /xingrg/kc/buy/cgsh_order_operate.html?command=get_materiel&rest_code=00146&code=00101012030&supplier_code=00100033&order_time=2022-11-19 HTTP/1.1" 200 416
114.83.219.57 - - [19/Nov/2022:11:19:29 +0800] "GET /xingrg/all/function/internal_message.html?_=1668828091682&CODE_STATE=getMsg HTTP/1.1" 200 27
114.95.46.117 - - [19/Nov/2022:11:19:29 +0800] "POST /xingrg/services/DataTransmitService HTTP/1.1" 200 524
114.95.46.117 - - [19/Nov/2022:11:19:30 +0800] "POST /xingrg/services/DataTransmitService HTTP/1.1" 200 501
114.95.46.117 - - [19/Nov/2022:11:19:30 +0800] "POST /xingrg/services/DataTransmitService HTTP/1.1" 200 501
114.95.46.117 - - [19/Nov/2022:11:19:31 +0800] "POST /xingrg/services/DataTransmitService HTTP/1.1" 200 412
180.169.147.146 - - [19/Nov/2022:11:19:31 +0800] "GET /xingrg/kc/buy/cgsh_order_operate.html?command=get_materiel&rest_code=00147&code=00101008360&supplier_code=00100007&order_time=2022-11-19 HTTP/1.1" 200 432
218.81.217.29 - - [19/Nov/2022:11:19:32 +0800] "GET /xingrg/all/function/internal_message.html?_=1668827994870&CODE_STATE=getMsg HTTP/1.1" 200 27
114.84.81.136 - - [19/Nov/2022:11:19:34 +0800] "GET /xingrg/check_reg.html?_=1668827975189 HTTP/1.1" 200 22
61.170.235.134 - - [19/Nov/2022:11:19:35 +0800] "GET /xingrg/kc/buy/cgsh_order_operate.html?command=get_materiel&rest_code=00106&code=00101006056&supplier_code=00100015&order_time=2022-11-19 HTTP/1.1" 200 433
114.95.46.117 - - [19/Nov/2022:11:19:36 +0800] "GET /xingrg/all/function/internal_message.html?_=1668827825425&CODE_STATE=getMsg HTTP/1.1" 200 27
180.169.147.146 - - [19/Nov/2022:11:19:37 +0800] "GET /xingrg/all/function/internal_message.html?_=1668827977718&CODE_STATE=getMsg HTTP/1.1" 200 27
180.169.147.146 - - [19/Nov/2022:11:19:38 +0800] "GET /xingrg/kc/buy/cgsh_order_operate.html?command=get_materiel&rest_code=00147&code=00101008059&supplier_code=00100007&order_time=2022-11-19 HTTP/1.1" 200 408
180.169.147.146 - - [19/Nov/2022:11:19:39 +0800] "GET /xingrg/check_reg.html?_=1668827978211 HTTP/1.1" 200 22
180.169.147.146 - - [19/Nov/2022:11:19:39 +0800] "GET /xingrg/all/function/internal_message.html?_=1668827978213&CODE_STATE=getMsg HTTP/1.1" 200 27
180.162.229.95 - - [19/Nov/2022:11:19:47 +0800] "GET /xingrg/all/function/internal_message.html?_=1668827988155&CODE_STATE=getMsg HTTP/1.1" 200 27
120.253.135.82 - - [19/Nov/2022:11:19:47 +0800] "GET /xingrg/css/base.css HTTP/1.1" 304 -
120.253.135.82 - - [19/Nov/2022:11:19:47 +0800] "GET /xingrg/css/site.css HTTP/1.1" 304 -
120.253.135.82 - - [19/Nov/2022:11:19:47 +0800] "GET /xingrg/kc/pszx/mdps_order_list.html?orderType=0 HTTP/1.1" 200 21035
120.253.135.82 - - [19/Nov/2022:11:19:47 +0800] "GET /xingrg/javascript/jquery_tools/datebox.css HTTP/1.1" 304 -
120.253.135.82 - - [19/Nov/2022:11:19:47 +0800] "GET /xingrg/javascript/easyui/themes/icon.css HTTP/1.1" 304 -
120.253.135.82 - - [19/Nov/2022:11:19:47 +0800] "GET /xingrg/javascript/easyui/themes/default/easyui.css HTTP/1.1" 304 -
120.253.135.82 - - [19/Nov/2022:11:19:47 +0800] "GET /xingrg/javascript/jquery_tools/jquery.tools.min.js HTTP/1.1" 304 -
120.253.135.82 - - [19/Nov/2022:11:19:47 +0800] "GET /xingrg/javascript/jquery_tools/jquery.tools.table.js HTTP/1.1" 304 -
120.253.135.82 - - [19/Nov/2022:11:19:47 +0800] "GET /xingrg/javascript/jquery_tools/table.css HTTP/1.1" 304 -
120.253.135.82 - - [19/Nov/2022:11:19:47 +0800] "GET /xingrg/javascript/jquery_tools/jquery.tools.hotkey.js HTTP/1.1" 304 -
120.253.135.82 - - [19/Nov/2022:11:19:47 +0800] "GET /xingrg/javascript/auto/jquery.autocomplete.css HTTP/1.1" 304 -
120.253.135.82 - - [19/Nov/2022:11:19:47 +0800] "GET /xingrg/javascript/easyui/easyloader.js HTTP/1.1" 304 -
120.253.135.82 - - [19/Nov/2022:11:19:47 +0800] "GET /xingrg/javascript/jquery_tools/jquery.tools.extend.js HTTP/1.1" 304 -
120.253.135.82 - - [19/Nov/2022:11:19:47 +0800] "GET /xingrg/javascript/jquery_tools/list_manager.js HTTP/1.1" 304 -
120.253.135.82 - - [19/Nov/2022:11:19:47 +0800] "GET /xingrg/javascript/jquery.cookie.js HTTP/1.1" 304 -
120.253.135.82 - - [19/Nov/2022:11:19:47 +0800] "GET /xingrg/javascript/jquery_tools/fix.css HTTP/1.1" 304 -
120.253.135.82 - - [19/Nov/2022:11:19:48 +0800] "GET /xingrg/javascript/easyui/themes/icons/edit_add_new.png HTTP/1.1" 304 -
120.253.135.82 - - [19/Nov/2022:11:19:48 +0800] "GET /xingrg/javascript/easyui/themes/icons/cance_new.png HTTP/1.1" 304 -
120.253.135.82 - - [19/Nov/2022:11:19:48 +0800] "GET /xingrg/javascript/easyui/themes/icons/check_new.png HTTP/1.1" 304 -
120.253.135.82 - - [19/Nov/2022:11:19:48 +0800] "GET /xingrg/javascript/easyui/themes/icons/uncheck_new.png HTTP/1.1" 304 -
120.253.135.82 - - [19/Nov/2022:11:19:48 +0800] "GET /xingrg/javascript/easyui/themes/icons/field_new.png HTTP/1.1" 304 -
120.253.135.82 - - [19/Nov/2022:11:19:48 +0800] "GET /xingrg/javascript/easyui/themes/icons/import_new.png HTTP/1.1" 304 -
120.253.135.82 - - [19/Nov/2022:11:19:48 +0800] "GET /xingrg/javascript/easyui/plugins/jquery.parser.js HTTP/1.1" 304 -
120.253.135.82 - - [19/Nov/2022:11:19:48 +0800] "GET /xingrg/images/control/ajaxLoader.gif HTTP/1.1" 304 -
120.253.135.82 - - [19/Nov/2022:11:19:48 +0800] "POST /xingrg/kc/pszx/mdps_list_operate.html HTTP/1.1" 200 5280
180.169.147.146 - - [19/Nov/2022:11:19:48 +0800] "GET /xingrg/kc/buy/cgsh_order_operate.html?command=get_materiel&rest_code=00147&code=00101008136&supplier_code=00100007&order_time=2022-11-19 HTTP/1.1" 200 413
114.83.217.254 - - [19/Nov/2022:11:19:49 +0800] "GET /xingrg/all/function/internal_message.html?_=1668827987505&CODE_STATE=getMsg HTTP/1.1" 200 27
120.253.135.82 - - [19/Nov/2022:11:19:53 +0800] "POST /xingrg/kc/pszx/mdps_list_operate.html HTTP/1.1" 200 5419
180.162.115.136 - - [19/Nov/2022:11:19:53 +0800] "POST /xingrg/login.do HTTP/1.1" 302 -
180.162.115.136 - - [19/Nov/2022:11:19:53 +0800] "GET /xingrg/index.html?sysBaseUrl=http%3A%2F%2F180.169.147.146%3A18081%2Fxingrg%2F&costTime=59×tamp=1668827993843 HTTP/1.1" 200 17179
180.162.115.136 - - [19/Nov/2022:11:19:53 +0800] "GET /xingrg/javascript/jquery_easy_ui/themes/default/easyui.css HTTP/1.1" 304 -
180.162.115.136 - - [19/Nov/2022:11:19:53 +0800] "GET /xingrg/javascript/jquery_easy_ui/themes/icon.css HTTP/1.1" 304 -
180.162.115.136 - - [19/Nov/2022:11:19:53 +0800] "GET /xingrg/css/form.css HTTP/1.1" 304 -
180.162.115.136 - - [19/Nov/2022:11:19:53 +0800] "GET /xingrg/javascript/jquery-1.4.2.min.js HTTP/1.1" 304 -
180.162.115.136 - - [19/Nov/2022:11:19:53 +0800] "GET /xingrg/javascript/jquery_easy_ui/jquery.easyui.min.js HTTP/1.1" 304 -
180.162.115.136 - - [19/Nov/2022:11:19:53 +0800] "GET /xingrg/javascript/jquery_easy_ui/easyui-lang-zh_CN.js HTTP/1.1" 304 -
180.162.115.136 - - [19/Nov/2022:11:19:53 +0800] "GET /xingrg/javascript/jquery.form.js HTTP/1.1" 304 -
180.162.115.136 - - [19/Nov/2022:11:19:53 +0800] "GET /xingrg/javascript/jquery.utils.js HTTP/1.1" 304 -
180.162.115.136 - - [19/Nov/2022:11:19:53 +0800] "GET /xingrg/javascript/jquery.timers.js HTTP/1.1" 304 -
180.163.29.234 - - [19/Nov/2022:11:19:54 +0800] "GET /xingrg/kc/buy/cgsh_order_operate.html?command=get_materiel&rest_code=00106&code=00101006144&supplier_code=00100015&order_time=2022-11-19 HTTP/1.1" 302 -
180.163.29.234 - - [19/Nov/2022:11:19:54 +0800] "GET /xingrg/login.html HTTP/1.1" 200 7641
180.162.115.136 - - [19/Nov/2022:11:19:54 +0800] "GET /favicon.ico HTTP/1.1" 404 -
180.162.115.136 - - [19/Nov/2022:11:19:54 +0800] "GET /xingrg/javascript/jquery_easy_ui/themes/icons/settle_new.png HTTP/1.1" 304 -
180.162.115.136 - - [19/Nov/2022:11:19:54 +0800] "GET /xingrg/images/blue/navBackgound.jpg HTTP/1.1" 304 -
180.162.115.136 - - [19/Nov/2022:11:19:54 +0800] "POST /xingrg/all/common/load_tree.html?tree=area_rest_tree_json&manage=1 HTTP/1.1" 200 351
180.162.115.136 - - [19/Nov/2022:11:19:54 +0800] "GET /xingrg/all/function/internal_message.html?_=1668827037695&CODE_STATE=count HTTP/1.1" 200 11
180.162.115.136 - - [19/Nov/2022:11:19:54 +0800] "GET /xingrg/check_reg.html?_=1668827037696 HTTP/1.1" 200 22
180.162.115.136 - - [19/Nov/2022:11:19:54 +0800] "GET /xingrg/images/blue/pingpu.png HTTP/1.1" 304 -
180.162.115.136 - - [19/Nov/2022:11:19:54 +0800] "GET /xingrg/javascript/jquery_easy_ui/themes/default/images/tabs_leftarrow.png HTTP/1.1" 304 -
180.162.115.136 - - [19/Nov/2022:11:19:54 +0800] "GET /xingrg/javascript/jquery_easy_ui/themes/default/images/tabs_rightarrow.png HTTP/1.1" 304 -
180.162.115.136 - - [19/Nov/2022:11:19:54 +0800] "GET /xingrg/javascript/jquery_easy_ui/themes/default/images/panel_tool_collapse.gif HTTP/1.1" 304 -
180.162.115.136 - - [19/Nov/2022:11:19:54 +0800] "POST /xingrg/load_menu.html HTTP/1.1" 200 5138
180.162.115.136 - - [19/Nov/2022:11:19:54 +0800] "GET /xingrg/javascript/jquery_easy_ui/themes/default/images/tree_arrows.gif HTTP/1.1" 304 -
180.162.115.136 - - [19/Nov/2022:11:19:54 +0800] "GET /xingrg/javascript/jquery_easy_ui/themes/default/images/tree_folder_open.gif HTTP/1.1" 304 -
180.162.115.136 - - [19/Nov/2022:11:19:54 +0800] "GET /xingrg/javascript/jquery_easy_ui/themes/icons/search_new.png HTTP/1.1" 304 -
180.162.115.136 - - [19/Nov/2022:11:19:54 +0800] "GET /xingrg/javascript/jquery_easy_ui/themes/default/images/tree_folder.gif HTTP/1.1" 304 -
180.162.115.136 - - [19/Nov/2022:11:19:54 +0800] "GET /xingrg/javascript/jquery_easy_ui/themes/icons/storage_new.png HTTP/1.1" 304 -
180.162.115.136 - - [19/Nov/2022:11:19:54 +0800] "GET /xingrg/javascript/jquery_easy_ui/themes/icons/forms_new.png HTTP/1.1" 304 -
180.162.115.136 - - [19/Nov/2022:11:19:54 +0800] "GET /xingrg/javascript/jquery_easy_ui/themes/default/images/tree_file.gif HTTP/1.1" 304 -
120.253.135.82 - - [19/Nov/2022:11:20:00 +0800] "POST /xingrg/kc/pszx/mdps_list_operate.html HTTP/1.1" 200 205
61.170.235.134 - - [19/Nov/2022:11:20:01 +0800] "POST /xingrg/kc/buy/cgsh_order_operate.html HTTP/1.1" 200 37
180.169.147.146 - - [19/Nov/2022:11:20:03 +0800] "GET /xingrg/kc/buy/cgsh_order_operate.html?command=get_materiel&rest_code=00147&code=00101008197&supplier_code=00100007&order_time=2022-11-19 HTTP/1.1" 200 416
120.253.135.82 - - [19/Nov/2022:11:20:04 +0800] "POST /xingrg/kc/pszx/mdps_list_operate.html HTTP/1.1" 200 1939
120.253.135.82 - - [19/Nov/2022:11:20:06 +0800] "GET /xingrg/javascript/easyui/themes/default/images/button_plain_hover.png HTTP/1.1" 304 -
120.253.135.82 - - [19/Nov/2022:11:20:06 +0800] "GET /xingrg/javascript/easyui/themes/default/images/button_plain_hover.png HTTP/1.1" 304 -
120.253.135.82 - - [19/Nov/2022:11:20:07 +0800] "GET /xingrg/kc/pszx/mdps_order_add.html HTTP/1.1" 200 29104
120.253.135.82 - - [19/Nov/2022:11:20:07 +0800] "GET /xingrg/javascript/convert.js HTTP/1.1" 304 -
120.253.135.82 - - [19/Nov/2022:11:20:07 +0800] "GET /xingrg/javascript/jquery_tools/order_manager.js HTTP/1.1" 304 -
120.253.135.82 - - [19/Nov/2022:11:20:07 +0800] "GET /xingrg/javascript/json2.js HTTP/1.1" 304 -
120.253.135.82 - - [19/Nov/2022:11:20:07 +0800] "GET /xingrg/words/20221118170638_words.js HTTP/1.1" 200 933332
218.81.217.29 - - [19/Nov/2022:11:20:07 +0800] "GET /xingrg/kc/buy/cgsh_order_operate.html?command=get_materiel&rest_code=00146&code=00101016080&supplier_code=00100033&order_time=2022-11-19 HTTP/1.1" 200 408
120.253.135.82 - - [19/Nov/2022:11:20:07 +0800] "GET /xingrg/javascript/easyui/themes/icons/copy_new.png HTTP/1.1" 304 -
120.253.135.82 - - [19/Nov/2022:11:20:07 +0800] "GET /xingrg/javascript/easyui/themes/icons/ok.png HTTP/1.1" 304 -
120.253.135.82 - - [19/Nov/2022:11:20:07 +0800] "GET /xingrg/javascript/easyui/themes/default/images/menu_downarrow.png HTTP/1.1" 304 -
120.253.135.82 - - [19/Nov/2022:11:20:07 +0800] "GET /xingrg/javascript/easyui/themes/icons/print.png HTTP/1.1" 304 -
120.253.135.82 - - [19/Nov/2022:11:20:07 +0800] "GET /xingrg/javascript/easyui/themes/icons/cancel.png HTTP/1.1" 304 -
120.253.135.82 - - [19/Nov/2022:11:20:08 +0800] "POST /xingrg/kc/pszx/mdps_order_operate.html HTTP/1.1" 200 7126
120.253.135.82 - - [19/Nov/2022:11:20:08 +0800] "GET /xingrg/javascript/easyui/themes/icons/edit_remove.png HTTP/1.1" 304 -
120.253.135.82 - - [19/Nov/2022:11:20:08 +0800] "GET /xingrg/all/common/auto_word.html?type=base&rest_code=00101 HTTP/1.1" 200 671
120.253.135.82 - - [19/Nov/2022:11:20:08 +0800] "GET /xingrg/javascript/easyui/themes/default/validatebox.css HTTP/1.1" 404 1104
120.253.135.82 - - [19/Nov/2022:11:20:08 +0800] "GET /xingrg/javascript/easyui/plugins/jquery.validatebox.js HTTP/1.1" 304 -
120.253.135.82 - - [19/Nov/2022:11:20:08 +0800] "GET /xingrg/javascript/easyui/plugins/jquery.numberbox.js HTTP/1.1" 304 -
120.253.135.82 - - [19/Nov/2022:11:20:09 +0800] "GET /xingrg/css/images/panel_loading.gif HTTP/1.1" 304 -
120.253.135.82 - - [19/Nov/2022:11:20:09 +0800] "POST /xingrg/all/common/load_combo.html?type=base HTTP/1.1" 200 1169
61.170.235.134 - - [19/Nov/2022:11:20:09 +0800] "POST /xingrg/kc/buy/cgsh_order_operate.html HTTP/1.1" 200 12
180.163.29.234 - - [19/Nov/2022:11:20:09 +0800] "GET /xingrg/kc/buy/cgsh_order_operate.html?command=get_materiel&rest_code=00106&code=00101006111&supplier_code=00100015&order_time=2022-11-19 HTTP/1.1" 302 -
180.163.29.234 - - [19/Nov/2022:11:20:09 +0800] "GET /xingrg/login.html HTTP/1.1" 200 7641
61.170.235.134 - - [19/Nov/2022:11:20:11 +0800] "GET /xingrg/kc/buy/cgsh_order_info.html?code=212022111906389 HTTP/1.1" 200 64403
180.162.229.95 - - [19/Nov/2022:11:20:11 +0800] "GET /xingrg/all/function/internal_message.html?_=1668828020335&CODE_STATE=getMsg HTTP/1.1" 302 -
180.169.147.146 - - [19/Nov/2022:11:20:11 +0800] "GET /xingrg/kc/buy/cgsh_order_operate.html?command=get_materiel&rest_code=00147&code=00101008069&supplier_code=00100007&order_time=2022-11-19 HTTP/1.1" 200 412
61.170.235.134 - - [19/Nov/2022:11:20:11 +0800] "GET /xingrg/javascript/easyui/themes/default/validatebox.css HTTP/1.1" 404 1104
120.253.135.82 - - [19/Nov/2022:11:20:12 +0800] "GET /xingrg/javascript/easyui/plugins/jquery.draggable.js HTTP/1.1" 200 6121
120.253.135.82 - - [19/Nov/2022:11:20:12 +0800] "GET /xingrg/javascript/easyui/plugins/jquery.droppable.js HTTP/1.1" 200 1167
120.253.135.82 - - [19/Nov/2022:11:20:12 +0800] "GET /xingrg/javascript/easyui/themes/default/tree.css HTTP/1.1" 404 1090
120.253.135.82 - - [19/Nov/2022:11:20:12 +0800] "GET /xingrg/javascript/easyui/plugins/jquery.tree.js HTTP/1.1" 200 20874
