120.253.135.82 - - [19/Nov/2022:12:46:17 +0800] "POST /xingrg/kc/pszx/mdps_list_operate.html HTTP/1.1" 200 205
180.162.229.95 - - [19/Nov/2022:12:46:19 +0800] "GET /xingrg/kc/buy/cgsh_order_list.html HTTP/1.1" 200 53717
120.253.135.82 - - [19/Nov/2022:12:46:19 +0800] "POST /xingrg/kc/pszx/mdps_list_operate.html HTTP/1.1" 200 205
101.85.106.255 - - [19/Nov/2022:12:46:20 +0800] "GET /xingrg/all/function/internal_message.html?_=1668833180807&CODE_STATE=getMsg HTTP/1.1" 200 27
180.162.229.95 - - [19/Nov/2022:12:46:22 +0800] "POST /xingrg/kc/buy/cgsh_list_operate.html HTTP/1.1" 200 2632
116.235.92.184 - - [19/Nov/2022:12:46:23 +0800] "GET /xingrg/all/function/internal_message.html?_=1668833400862&CODE_STATE=getMsg HTTP/1.1" 200 27
180.162.229.95 - - [19/Nov/2022:12:46:24 +0800] "POST /xingrg/kc/buy/cgsh_list_operate.html HTTP/1.1" 200 595
180.162.229.95 - - [19/Nov/2022:12:46:25 +0800] "GET /xingrg/kc/buy/cgsh_order_info.html?code=212022111906411 HTTP/1.1" 200 69532
180.162.229.95 - - [19/Nov/2022:12:46:25 +0800] "GET /xingrg/javascript/easyui/themes/default/validatebox.css HTTP/1.1" 404 1104
180.162.229.95 - - [19/Nov/2022:12:46:26 +0800] "POST /xingrg/kc/buy/cgsh_order_operate.html HTTP/1.1" 200 11654
120.253.135.82 - - [19/Nov/2022:12:46:26 +0800] "GET /xingrg/kc/pszx/mdps_order_info.html?code=312022111900408 HTTP/1.1" 200 23976
120.253.135.82 - - [19/Nov/2022:12:46:26 +0800] "GET /xingrg/javascript/convert.js HTTP/1.1" 200 1239
120.253.135.82 - - [19/Nov/2022:12:46:26 +0800] "GET /xingrg/javascript/jquery_tools/order_manager.js HTTP/1.1" 200 11183
120.253.135.82 - - [19/Nov/2022:12:46:26 +0800] "GET /xingrg/javascript/json2.js HTTP/1.1" 200 11259
120.253.135.82 - - [19/Nov/2022:12:46:26 +0800] "GET /xingrg/javascript/print/kc_print.js HTTP/1.1" 200 11415
120.253.135.82 - - [19/Nov/2022:12:46:26 +0800] "GET /xingrg/words/20221118170638_words.js HTTP/1.1" 200 933332
120.253.135.82 - - [19/Nov/2022:12:46:26 +0800] "GET /xingrg/javascript/easyui/themes/icons/copy_new.png HTTP/1.1" 200 815
120.253.135.82 - - [19/Nov/2022:12:46:26 +0800] "GET /xingrg/javascript/easyui/themes/icons/ok.png HTTP/1.1" 200 883
120.253.135.82 - - [19/Nov/2022:12:46:26 +0800] "GET /xingrg/javascript/easyui/themes/icons/cancel.png HTTP/1.1" 200 1133
120.253.135.82 - - [19/Nov/2022:12:46:26 +0800] "GET /xingrg/javascript/easyui/themes/icons/print.png HTTP/1.1" 200 1057
120.253.135.82 - - [19/Nov/2022:12:46:26 +0800] "GET /xingrg/javascript/easyui/themes/default/images/menu_downarrow.png HTTP/1.1" 200 173
120.253.135.82 - - [19/Nov/2022:12:46:27 +0800] "GET /xingrg/check_reg.html?_=1668833181960 HTTP/1.1" 200 22
120.253.135.82 - - [19/Nov/2022:12:46:27 +0800] "GET /xingrg/all/function/internal_message.html?_=1668833181965&CODE_STATE=getMsg HTTP/1.1" 200 27
120.253.135.82 - - [19/Nov/2022:12:46:27 +0800] "GET /xingrg/all/common/auto_word.html?type=base&rest_code=00101 HTTP/1.1" 200 671
120.253.135.82 - - [19/Nov/2022:12:46:27 +0800] "GET /xingrg/javascript/easyui/themes/default/validatebox.css HTTP/1.1" 404 1104
120.253.135.82 - - [19/Nov/2022:12:46:27 +0800] "GET /xingrg/javascript/easyui/plugins/jquery.validatebox.js HTTP/1.1" 200 6103
120.253.135.82 - - [19/Nov/2022:12:46:27 +0800] "POST /xingrg/kc/pszx/mdps_order_operate.html HTTP/1.1" 200 2280
120.253.135.82 - - [19/Nov/2022:12:46:27 +0800] "GET /xingrg/javascript/easyui/plugins/jquery.numberbox.js HTTP/1.1" 200 5213
120.253.135.82 - - [19/Nov/2022:12:46:27 +0800] "GET /xingrg/javascript/easyui/themes/icons/edit_remove.png HTTP/1.1" 200 625
114.83.217.254 - - [19/Nov/2022:12:46:33 +0800] "GET /xingrg/kc/buy/cgsh_order_operate.html?command=get_materiel&rest_code=00149&code=00102003092&supplier_code=00100151&order_time=2022-11-19 HTTP/1.1" 200 414
114.95.46.117 - - [19/Nov/2022:12:46:36 +0800] "GET /xingrg/all/function/internal_message.html?_=1668833045617&CODE_STATE=getMsg HTTP/1.1" 200 27
120.253.135.82 - - [19/Nov/2022:12:46:37 +0800] "GET /xingrg/javascript/easyui/themes/default/images/button_plain_hover.png HTTP/1.1" 200 144
180.169.147.146 - - [19/Nov/2022:12:46:37 +0800] "GET /xingrg/all/function/internal_message.html?_=1668833197758&CODE_STATE=getMsg HTTP/1.1" 200 27
120.253.135.82 - - [19/Nov/2022:12:46:39 +0800] "POST /xingrg/kc/pszx/mdps_order_operate.html HTTP/1.1" 200 37
120.253.135.82 - - [19/Nov/2022:12:46:40 +0800] "GET /xingrg/kc/pszx/mdps_order_info.html?code=312022111900408 HTTP/1.1" 200 23976
120.253.135.82 - - [19/Nov/2022:12:46:40 +0800] "GET /xingrg/javascript/easyui/themes/default/validatebox.css HTTP/1.1" 404 1104
120.253.135.82 - - [19/Nov/2022:12:46:40 +0800] "POST /xingrg/kc/pszx/mdps_order_operate.html HTTP/1.1" 200 2280
180.169.147.146 - - [19/Nov/2022:12:46:41 +0800] "GET /xingrg/all/function/internal_message.html?_=1668833199691&CODE_STATE=getMsg HTTP/1.1" 200 27
218.81.217.29 - - [19/Nov/2022:12:46:42 +0800] "GET /xingrg/all/function/internal_message.html?_=1668833224574&CODE_STATE=getMsg HTTP/1.1" 200 27
180.162.229.95 - - [19/Nov/2022:12:46:45 +0800] "POST /xingrg/kc/buy/cgsh_list_operate.html HTTP/1.1" 200 561
180.162.229.95 - - [19/Nov/2022:12:46:46 +0800] "GET /xingrg/kc/buy/cgsh_order_info.html?code=212022111906419 HTTP/1.1" 200 69532
180.162.229.95 - - [19/Nov/2022:12:46:46 +0800] "GET /xingrg/all/function/internal_message.html?_=1668833207362&CODE_STATE=getMsg HTTP/1.1" 200 27
180.162.229.95 - - [19/Nov/2022:12:46:47 +0800] "GET /xingrg/javascript/easyui/themes/default/validatebox.css HTTP/1.1" 404 1104
114.83.217.254 - - [19/Nov/2022:12:46:47 +0800] "GET /xingrg/all/function/internal_message.html?_=1668833205942&CODE_STATE=getMsg HTTP/1.1" 200 27
180.162.229.95 - - [19/Nov/2022:12:46:47 +0800] "POST /xingrg/kc/buy/cgsh_order_operate.html HTTP/1.1" 200 17499
120.253.135.82 - - [19/Nov/2022:12:46:49 +0800] "GET /xingrg/kc/print/load_config.html?kc_code=mdps HTTP/1.1" 200 2390
120.253.135.82 - - [19/Nov/2022:12:46:49 +0800] "GET /xingrg/kc/print/load_data.html?order_code=312022111900408&kc_code=mdps&condition= HTTP/1.1" 200 659
180.162.115.136 - - [19/Nov/2022:12:46:55 +0800] "GET /xingrg/all/function/internal_message.html?_=1668832258439&CODE_STATE=getMsg HTTP/1.1" 200 27
120.253.135.82 - - [19/Nov/2022:12:46:57 +0800] "GET /xingrg/kc/pszx/mdps_order_info.html?code=312022111900407 HTTP/1.1" 200 23976
180.162.229.95 - - [19/Nov/2022:12:46:57 +0800] "POST /xingrg/kc/buy/cgsh_list_operate.html HTTP/1.1" 200 2632
120.253.135.82 - - [19/Nov/2022:12:46:57 +0800] "GET /xingrg/javascript/easyui/themes/default/validatebox.css HTTP/1.1" 404 1104
120.253.135.82 - - [19/Nov/2022:12:46:57 +0800] "POST /xingrg/kc/pszx/mdps_order_operate.html HTTP/1.1" 200 2284
180.162.229.95 - - [19/Nov/2022:12:46:58 +0800] "GET /xingrg/kc/report/report_main.html HTTP/1.1" 200 7340
180.162.229.95 - - [19/Nov/2022:12:46:58 +0800] "GET /xingrg/javascript/jquery_ui/themes/humanity/humanity.css HTTP/1.1" 200 27801
180.162.229.95 - - [19/Nov/2022:12:46:58 +0800] "GET /xingrg/javascript/myfunction.js HTTP/1.1" 200 24559
180.162.229.95 - - [19/Nov/2022:12:46:58 +0800] "GET /xingrg/javascript/jquery_easy_ui/themes/icons/back_new.png HTTP/1.1" 200 3414
180.162.229.95 - - [19/Nov/2022:12:46:59 +0800] "GET /xingrg/kc/base/crk_hz.html HTTP/1.1" 200 11247
180.162.229.95 - - [19/Nov/2022:12:46:59 +0800] "GET /xingrg/javascript/step/step.css HTTP/1.1" 200 999
180.162.229.95 - - [19/Nov/2022:12:46:59 +0800] "GET /xingrg/css/table.css HTTP/1.1" 200 3684
180.162.229.95 - - [19/Nov/2022:12:46:59 +0800] "POST /xingrg/kc/cost/cost_operate.html?command=get_base_tree HTTP/1.1" 200 2589
180.162.229.95 - - [19/Nov/2022:12:46:59 +0800] "POST /xingrg/all/common/load_tree.html?tree=materiel_sort_tree_json HTTP/1.1" 200 9500
180.162.229.95 - - [19/Nov/2022:12:46:59 +0800] "GET /xingrg/javascript/jquery_easy_ui/themes/default/images/calendar_prevyear.gif HTTP/1.1" 200 76
180.162.229.95 - - [19/Nov/2022:12:46:59 +0800] "GET /xingrg/javascript/jquery_easy_ui/themes/default/images/menu_downarrow.png HTTP/1.1" 200 173
180.162.229.95 - - [19/Nov/2022:12:46:59 +0800] "GET /xingrg/javascript/jquery_easy_ui/themes/default/images/calendar_nextyear.gif HTTP/1.1" 200 75
180.162.229.95 - - [19/Nov/2022:12:46:59 +0800] "GET /xingrg/javascript/jquery_easy_ui/themes/default/images/menu.gif HTTP/1.1" 200 834
180.162.229.95 - - [19/Nov/2022:12:46:59 +0800] "GET /xingrg/javascript/jquery_easy_ui/themes/default/images/calendar_prevmonth.gif HTTP/1.1" 200 66
180.162.229.95 - - [19/Nov/2022:12:46:59 +0800] "GET /xingrg/javascript/jquery_easy_ui/themes/icons/print.png HTTP/1.1" 200 1057
180.162.229.95 - - [19/Nov/2022:12:46:59 +0800] "GET /xingrg/javascript/jquery_easy_ui/themes/default/images/combo_arrow_dot.gif HTTP/1.1" 200 79
180.162.229.95 - - [19/Nov/2022:12:46:59 +0800] "GET /xingrg/javascript/jquery_easy_ui/themes/default/images/calendar_nextmonth.gif HTTP/1.1" 200 64
180.162.229.95 - - [19/Nov/2022:12:46:59 +0800] "GET /xingrg/javascript/jquery_easy_ui/themes/default/images/tree_checkbox_0.gif HTTP/1.1" 200 168
120.253.135.82 - - [19/Nov/2022:12:47:00 +0800] "GET /xingrg/all/function/internal_message.html?_=1668833021604&CODE_STATE=getMsg HTTP/1.1" 200 27
120.253.135.82 - - [19/Nov/2022:12:47:01 +0800] "GET /xingrg/kc/print/load_data.html?order_code=312022111900407&kc_code=mdps&condition= HTTP/1.1" 200 681
124.79.74.72 - - [19/Nov/2022:12:47:01 +0800] "GET /xingrg/all/function/internal_message.html?_=1668833227616&CODE_STATE=getMsg HTTP/1.1" 200 27
180.162.229.95 - - [19/Nov/2022:12:47:04 +0800] "GET /xingrg/javascript/jquery_easy_ui/themes/default/images/tree_checkbox_2.gif HTTP/1.1" 200 181
180.162.229.95 - - [19/Nov/2022:12:47:04 +0800] "GET /xingrg/javascript/jquery_easy_ui/themes/default/images/tree_checkbox_1.gif HTTP/1.1" 200 174
120.253.135.82 - - [19/Nov/2022:12:47:06 +0800] "POST /xingrg/kc/pszx/mdps_list_operate.html HTTP/1.1" 200 2054
180.162.229.95 - - [19/Nov/2022:12:47:07 +0800] "GET /xingrg/kc/base/crk_hz.html?_=1668833227754&command=get_cost_id&end_date=2022-11-19&start_date=2022-11-01 HTTP/1.1" 200 51
180.162.229.95 - - [19/Nov/2022:12:47:07 +0800] "GET /xingrg/all/report/report_query.html?isQuery=1&onlyBody=1&rh=99999&rw=1800&varString=start:20221101,cost_id:4013,mid:20221101&fileName=kc/base/crk_hz_type_by_base.xml&queryString=%20a.base_code%20in%20('0010490')%20%20and%20m.sort_code%20in%20('00101001','00101002','00101003','00101004','00101005','00101006','00101007','00101008','00101009','00101010','00101011','00101012','00101013','00101014','00101015','00101016','00101017','00101018','00101019','00101020','00101021','00101022','00101023','00101024','00101025','00101026','00101027','00101028','00101029','00101030','00101031','00101032','00101033','00101034','00101036','00101037','00101038','00101039','00101040','00101041','00101042','00101043')%20&queryText=ÈÕÆÚ£º2022-11-01ÖÁ2022-11-19%20²Ö¿â£ºÔ±¹¤²Í&tableQueryString=materiel_table$sp1$$sp$before_table$sp1$$sp$crk_table$sp1$order_day%20between%2020221101%20and%2020221119 HTTP/1.1" 200 49885
180.162.229.95 - - [19/Nov/2022:12:47:07 +0800] "GET /xingrg/javascript/multi_select/jqueryMultiSelect.css HTTP/1.1" 200 951
180.162.229.95 - - [19/Nov/2022:12:47:07 +0800] "GET /xingrg/javascript/calendar/timePicker.css HTTP/1.1" 200 523
180.162.229.95 - - [19/Nov/2022:12:47:07 +0800] "GET /xingrg/javascript/bigrid/fix.css HTTP/1.1" 200 1702
180.162.229.95 - - [19/Nov/2022:12:47:07 +0800] "GET /xingrg/javascript/calendar/jquery.timePicker.min.js HTTP/1.1" 200 2997
180.162.229.95 - - [19/Nov/2022:12:47:07 +0800] "GET /xingrg/dwr/interface/AjaxReportQueryService.js HTTP/1.1" 200 13203
180.162.229.95 - - [19/Nov/2022:12:47:07 +0800] "GET /xingrg/dwr/util.js HTTP/1.1" 200 35990
180.162.229.95 - - [19/Nov/2022:12:47:07 +0800] "GET /xingrg/javascript/jqueryMultiSelect.js HTTP/1.1" 200 11866
180.162.229.95 - - [19/Nov/2022:12:47:07 +0800] "GET /xingrg/javascript/bigrid/fix.js HTTP/1.1" 200 6439
180.162.229.95 - - [19/Nov/2022:12:47:07 +0800] "GET /xingrg/javascript/Calendar.js HTTP/1.1" 200 31561
180.162.229.95 - - [19/Nov/2022:12:47:07 +0800] "GET /xingrg/dwr/engine.js HTTP/1.1" 200 43631
180.162.229.95 - - [19/Nov/2022:12:47:07 +0800] "GET /xingrg/images/blue/button/advanceover.gif HTTP/1.1" 200 1347
180.162.229.95 - - [19/Nov/2022:12:47:07 +0800] "GET /xingrg/images/blue/button/backover.gif HTTP/1.1" 200 1348
180.162.229.95 - - [19/Nov/2022:12:47:07 +0800] "GET /xingrg/images/blue/button/advance2over.gif HTTP/1.1" 200 1336
180.162.229.95 - - [19/Nov/2022:12:47:07 +0800] "GET /xingrg/images/blue/button/back2over.gif HTTP/1.1" 200 1335
180.162.229.95 - - [19/Nov/2022:12:47:07 +0800] "GET /xingrg/images/control/loading.gif HTTP/1.1" 200 13463
180.162.229.95 - - [19/Nov/2022:12:47:07 +0800] "GET /xingrg/javascript/jquery_easy_ui/themes/icons/help.png HTTP/1.1" 200 1187
180.162.229.95 - - [19/Nov/2022:12:47:08 +0800] "POST /xingrg/all/report/load_report_page.html HTTP/1.1" 200 94665
61.170.235.134 - - [19/Nov/2022:12:47:08 +0800] "GET /xingrg/all/function/internal_message.html?_=1668833221775&CODE_STATE=getMsg HTTP/1.1" 200 27
180.162.229.95 - - [19/Nov/2022:12:47:08 +0800] "GET /xingrg/servlets/image?cache=0.18624889182055482&image=px HTTP/1.1" 200 807
114.83.217.254 - - [19/Nov/2022:12:47:09 +0800] "GET /xingrg/kc/buy/cgsh_order_operate.html?command=get_materiel&rest_code=00149&code=00102016517&supplier_code=00100151&order_time=2022-11-19 HTTP/1.1" 200 422
180.162.229.95 - - [19/Nov/2022:12:47:11 +0800] "GET /xingrg/check_reg.html?_=1668833240450 HTTP/1.1" 302 -
180.162.229.95 - - [19/Nov/2022:12:47:11 +0800] "GET /xingrg/all/function/internal_message.html?_=1668833240450&CODE_STATE=getMsg HTTP/1.1" 302 -
116.230.105.139 - - [19/Nov/2022:12:47:14 +0800] "GET /xingrg/all/function/internal_message.html?_=1668833227926&CODE_STATE=getMsg HTTP/1.1" 200 27
116.238.139.35 - - [19/Nov/2022:12:47:15 +0800] "GET /xingrg/all/function/internal_message.html?_=1668833146575&CODE_STATE=getMsg HTTP/1.1" 200 27
114.95.46.117 - - [19/Nov/2022:12:47:15 +0800] "GET /xingrg/all/function/internal_message.html?_=1668833236034&CODE_STATE=getMsg HTTP/1.1" 200 27
120.253.135.82 - - [19/Nov/2022:12:47:16 +0800] "GET /xingrg/all/function/internal_message.html?_=1668833350349&CODE_STATE=getMsg HTTP/1.1" 200 27
101.85.106.255 - - [19/Nov/2022:12:47:20 +0800] "GET /xingrg/all/function/internal_message.html?_=1668833240793&CODE_STATE=getMsg HTTP/1.1" 200 27
101.85.106.255 - - [19/Nov/2022:12:47:21 +0800] "GET /xingrg/check_reg.html?_=1668833241576 HTTP/1.1" 200 22
116.235.92.184 - - [19/Nov/2022:12:47:23 +0800] "GET /xingrg/all/function/internal_message.html?_=1668833460838&CODE_STATE=getMsg HTTP/1.1" 200 27
116.235.92.184 - - [19/Nov/2022:12:47:24 +0800] "GET /xingrg/check_reg.html?_=1668833461510 HTTP/1.1" 200 22
120.253.135.82 - - [19/Nov/2022:12:47:27 +0800] "GET /xingrg/all/function/internal_message.html?_=1668833241955&CODE_STATE=getMsg HTTP/1.1" 200 27
218.81.217.29 - - [19/Nov/2022:12:47:30 +0800] "GET /xingrg/check_reg.html?_=1668833272856 HTTP/1.1" 200 22
114.95.46.117 - - [19/Nov/2022:12:47:36 +0800] "GET /xingrg/check_reg.html?_=1668833105499 HTTP/1.1" 200 22
114.95.46.117 - - [19/Nov/2022:12:47:36 +0800] "GET /xingrg/all/function/internal_message.html?_=1668833105599&CODE_STATE=getMsg HTTP/1.1" 200 27
180.169.147.146 - - [19/Nov/2022:12:47:37 +0800] "GET /xingrg/all/function/internal_message.html?_=1668833257753&CODE_STATE=getMsg HTTP/1.1" 200 27
180.169.147.146 - - [19/Nov/2022:12:47:41 +0800] "GET /xingrg/all/function/internal_message.html?_=1668833259690&CODE_STATE=getMsg HTTP/1.1" 200 27
218.81.217.29 - - [19/Nov/2022:12:47:42 +0800] "GET /xingrg/all/function/internal_message.html?_=1668833284584&CODE_STATE=getMsg HTTP/1.1" 200 27
180.162.229.95 - - [19/Nov/2022:12:47:46 +0800] "GET /xingrg/all/function/internal_message.html?_=1668833267357&CODE_STATE=getMsg HTTP/1.1" 200 27
114.83.217.254 - - [19/Nov/2022:12:47:47 +0800] "GET /xingrg/all/function/internal_message.html?_=1668833265921&CODE_STATE=getMsg HTTP/1.1" 200 27
114.83.217.254 - - [19/Nov/2022:12:47:51 +0800] "GET /xingrg/kc/buy/cgsh_order_operate.html?command=get_materiel&rest_code=00149&code=00102009861&supplier_code=00100151&order_time=2022-11-19 HTTP/1.1" 200 417
180.162.115.136 - - [19/Nov/2022:12:47:55 +0800] "GET /xingrg/all/function/internal_message.html?_=1668832318450&CODE_STATE=getMsg HTTP/1.1" 200 27
120.253.135.82 - - [19/Nov/2022:12:48:00 +0800] "GET /xingrg/all/function/internal_message.html?_=1668833081649&CODE_STATE=getMsg HTTP/1.1" 200 27
124.79.74.72 - - [19/Nov/2022:12:48:01 +0800] "GET /xingrg/all/function/internal_message.html?_=1668833287618&CODE_STATE=getMsg HTTP/1.1" 200 27
61.170.235.134 - - [19/Nov/2022:12:48:08 +0800] "GET /xingrg/all/function/internal_message.html?_=1668833281770&CODE_STATE=getMsg HTTP/1.1" 200 27
114.83.217.254 - - [19/Nov/2022:12:48:13 +0800] "GET /xingrg/check_reg.html?_=1668833292317 HTTP/1.1" 200 22
180.162.229.95 - - [19/Nov/2022:12:48:14 +0800] "GET /xingrg/all/function/internal_message.html?_=1668833300470&CODE_STATE=getMsg HTTP/1.1" 302 -
116.230.105.139 - - [19/Nov/2022:12:48:14 +0800] "GET /xingrg/all/function/internal_message.html?_=1668833287925&CODE_STATE=getMsg HTTP/1.1" 200 27
116.230.105.139 - - [19/Nov/2022:12:48:14 +0800] "GET /xingrg/check_reg.html?_=1668833287926 HTTP/1.1" 200 22
116.238.139.35 - - [19/Nov/2022:12:48:15 +0800] "GET /xingrg/all/function/internal_message.html?_=1668833206588&CODE_STATE=getMsg HTTP/1.1" 200 27
114.95.46.117 - - [19/Nov/2022:12:48:15 +0800] "GET /xingrg/all/function/internal_message.html?_=1668833296016&CODE_STATE=getMsg HTTP/1.1" 200 27
120.253.135.82 - - [19/Nov/2022:12:48:16 +0800] "GET /xingrg/all/function/internal_message.html?_=1668833410363&CODE_STATE=getMsg HTTP/1.1" 200 27
114.95.46.117 - - [19/Nov/2022:12:48:18 +0800] "GET /xingrg/check_reg.html?_=1668833299203 HTTP/1.1" 200 22
101.85.106.255 - - [19/Nov/2022:12:48:20 +0800] "GET /xingrg/all/function/internal_message.html?_=1668833300765&CODE_STATE=getMsg HTTP/1.1" 200 27
116.235.92.184 - - [19/Nov/2022:12:48:23 +0800] "GET /xingrg/all/function/internal_message.html?_=1668833520820&CODE_STATE=getMsg HTTP/1.1" 200 27
120.253.135.82 - - [19/Nov/2022:12:48:27 +0800] "GET /xingrg/all/function/internal_message.html?_=1668833301960&CODE_STATE=getMsg HTTP/1.1" 200 27
114.95.46.117 - - [19/Nov/2022:12:48:36 +0800] "GET /xingrg/all/function/internal_message.html?_=1668833165587&CODE_STATE=getMsg HTTP/1.1" 200 27
114.83.217.254 - - [19/Nov/2022:12:48:37 +0800] "GET /xingrg/kc/buy/cgsh_order_operate.html?command=get_materiel&rest_code=00149&code=00102008120&supplier_code=00100151&order_time=2022-11-19 HTTP/1.1" 200 410
180.169.147.146 - - [19/Nov/2022:12:48:37 +0800] "GET /xingrg/all/function/internal_message.html?_=1668833317758&CODE_STATE=getMsg HTTP/1.1" 200 27
180.169.147.146 - - [19/Nov/2022:12:48:41 +0800] "GET /xingrg/all/function/internal_message.html?_=1668833319687&CODE_STATE=getMsg HTTP/1.1" 200 27
218.81.217.29 - - [19/Nov/2022:12:48:42 +0800] "GET /xingrg/all/function/internal_message.html?_=1668833344597&CODE_STATE=getMsg HTTP/1.1" 200 27
180.162.229.95 - - [19/Nov/2022:12:48:46 +0800] "GET /xingrg/all/function/internal_message.html?_=1668833327340&CODE_STATE=getMsg HTTP/1.1" 200 27
114.83.217.254 - - [19/Nov/2022:12:48:47 +0800] "GET /xingrg/all/function/internal_message.html?_=1668833325900&CODE_STATE=getMsg HTTP/1.1" 200 27
180.162.229.95 - - [19/Nov/2022:12:48:47 +0800] "GET /xingrg/check_reg.html?_=1668833328039 HTTP/1.1" 200 22
180.162.115.136 - - [19/Nov/2022:12:48:55 +0800] "GET /xingrg/all/function/internal_message.html?_=1668832378465&CODE_STATE=getMsg HTTP/1.1" 200 27
120.253.135.82 - - [19/Nov/2022:12:49:00 +0800] "GET /xingrg/all/function/internal_message.html?_=1668833141663&CODE_STATE=getMsg HTTP/1.1" 200 27
124.79.74.72 - - [19/Nov/2022:12:49:01 +0800] "GET /xingrg/all/function/internal_message.html?_=1668833347618&CODE_STATE=getMsg HTTP/1.1" 200 27
61.170.235.134 - - [19/Nov/2022:12:49:08 +0800] "GET /xingrg/all/function/internal_message.html?_=1668833341746&CODE_STATE=getMsg HTTP/1.1" 200 27
180.162.229.95 - - [19/Nov/2022:12:49:11 +0800] "GET /xingrg/all/function/internal_message.html?_=1668833360469&CODE_STATE=getMsg HTTP/1.1" 302 -
116.230.105.139 - - [19/Nov/2022:12:49:14 +0800] "GET /xingrg/all/function/internal_message.html?_=1668833347937&CODE_STATE=getMsg HTTP/1.1" 200 27
114.83.217.254 - - [19/Nov/2022:12:49:15 +0800] "GET /xingrg/kc/buy/cgsh_order_operate.html?command=get_materiel&rest_code=00149&code=00102011083&supplier_code=00100151&order_time=2022-11-19 HTTP/1.1" 200 410
120.253.135.82 - - [19/Nov/2022:12:49:15 +0800] "GET /xingrg/check_reg.html?_=1668833469085 HTTP/1.1" 200 22
116.238.139.35 - - [19/Nov/2022:12:49:15 +0800] "GET /xingrg/all/function/internal_message.html?_=1668833266626&CODE_STATE=getMsg HTTP/1.1" 200 27
114.95.46.117 - - [19/Nov/2022:12:49:15 +0800] "GET /xingrg/all/function/internal_message.html?_=1668833355992&CODE_STATE=getMsg HTTP/1.1" 200 27
120.253.135.82 - - [19/Nov/2022:12:49:16 +0800] "GET /xingrg/all/function/internal_message.html?_=1668833470376&CODE_STATE=getMsg HTTP/1.1" 200 27
101.85.106.255 - - [19/Nov/2022:12:49:20 +0800] "GET /xingrg/all/function/internal_message.html?_=1668833360736&CODE_STATE=getMsg HTTP/1.1" 200 27
120.253.135.82 - - [19/Nov/2022:12:49:22 +0800] "POST /xingrg/kc/pszx/mdps_list_operate.html HTTP/1.1" 200 205
120.253.135.82 - - [19/Nov/2022:12:49:23 +0800] "GET /xingrg/kc/pszx/mdps_order_info.html?code=312022111900407 HTTP/1.1" 200 23976
120.253.135.82 - - [19/Nov/2022:12:49:23 +0800] "GET /xingrg/javascript/easyui/themes/default/validatebox.css HTTP/1.1" 404 1104
120.253.135.82 - - [19/Nov/2022:12:49:23 +0800] "POST /xingrg/kc/pszx/mdps_order_operate.html HTTP/1.1" 200 2284
116.235.92.184 - - [19/Nov/2022:12:49:23 +0800] "GET /xingrg/all/function/internal_message.html?_=1668833580788&CODE_STATE=getMsg HTTP/1.1" 200 27
120.253.135.82 - - [19/Nov/2022:12:49:27 +0800] "GET /xingrg/all/function/internal_message.html?_=1668833361948&CODE_STATE=getMsg HTTP/1.1" 200 27
120.253.135.82 - - [19/Nov/2022:12:49:27 +0800] "POST /xingrg/kc/pszx/mdps_order_operate.html HTTP/1.1" 200 37
114.88.159.190 - - [19/Nov/2022:12:49:27 +0800] "GET /xingrg/check_reg.html?_=1668832974543 HTTP/1.1" 200 22
120.253.135.82 - - [19/Nov/2022:12:49:29 +0800] "POST /xingrg/kc/pszx/mdps_order_operate.html HTTP/1.1" 200 12
120.253.135.82 - - [19/Nov/2022:12:49:30 +0800] "GET /xingrg/kc/pszx/mdps_order_info.html?code=312022111900407 HTTP/1.1" 200 19636
120.253.135.82 - - [19/Nov/2022:12:49:30 +0800] "POST /xingrg/kc/pszx/mdps_order_operate.html HTTP/1.1" 200 505
120.253.135.82 - - [19/Nov/2022:12:49:30 +0800] "GET /xingrg/javascript/easyui/themes/default/validatebox.css HTTP/1.1" 404 1104
114.95.46.117 - - [19/Nov/2022:12:49:31 +0800] "POST /xingrg/services/DataTransmitService HTTP/1.1" 200 524
120.253.135.82 - - [19/Nov/2022:12:49:32 +0800] "POST /xingrg/kc/pszx/mdps_list_operate.html HTTP/1.1" 200 1685
120.253.135.82 - - [19/Nov/2022:12:49:33 +0800] "POST /xingrg/kc/pszx/mdps_list_operate.html HTTP/1.1" 200 205
120.253.135.82 - - [19/Nov/2022:12:49:34 +0800] "GET /xingrg/kc/pszx/mdps_order_info.html?code=312022111900408 HTTP/1.1" 200 23976
114.84.81.136 - - [19/Nov/2022:12:49:34 +0800] "GET /xingrg/check_reg.html?_=1668833374836 HTTP/1.1" 200 22
120.253.135.82 - - [19/Nov/2022:12:49:34 +0800] "GET /xingrg/javascript/easyui/themes/default/validatebox.css HTTP/1.1" 404 1104
120.253.135.82 - - [19/Nov/2022:12:49:34 +0800] "POST /xingrg/kc/pszx/mdps_order_operate.html HTTP/1.1" 200 2280
114.95.46.117 - - [19/Nov/2022:12:49:36 +0800] "GET /xingrg/all/function/internal_message.html?_=1668833225577&CODE_STATE=getMsg HTTP/1.1" 200 27
114.95.46.117 - - [19/Nov/2022:12:49:37 +0800] "POST /xingrg/services/DataTransmitService HTTP/1.1" 200 501
180.169.147.146 - - [19/Nov/2022:12:49:37 +0800] "GET /xingrg/all/function/internal_message.html?_=1668833377750&CODE_STATE=getMsg HTTP/1.1" 200 27
180.169.147.146 - - [19/Nov/2022:12:49:41 +0800] "GET /xingrg/all/function/internal_message.html?_=1668833379702&CODE_STATE=getMsg HTTP/1.1" 200 27
180.169.147.146 - - [19/Nov/2022:12:49:41 +0800] "GET /xingrg/check_reg.html?_=1668833379704 HTTP/1.1" 200 22
218.81.217.29 - - [19/Nov/2022:12:49:42 +0800] "GET /xingrg/all/function/internal_message.html?_=1668833404981&CODE_STATE=getMsg HTTP/1.1" 200 27
114.83.217.254 - - [19/Nov/2022:12:49:45 +0800] "GET /xingrg/kc/buy/cgsh_order_operate.html?command=get_materiel&rest_code=00149&code=00102010562&supplier_code=00100151&order_time=2022-11-19 HTTP/1.1" 200 414
180.162.229.95 - - [19/Nov/2022:12:49:46 +0800] "GET /xingrg/all/function/internal_message.html?_=1668833387331&CODE_STATE=getMsg HTTP/1.1" 200 27
114.83.217.254 - - [19/Nov/2022:12:49:47 +0800] "GET /xingrg/all/function/internal_message.html?_=1668833385878&CODE_STATE=getMsg HTTP/1.1" 200 27
180.162.115.136 - - [19/Nov/2022:12:49:54 +0800] "GET /xingrg/check_reg.html?_=1668832437882 HTTP/1.1" 200 22
180.162.115.136 - - [19/Nov/2022:12:49:55 +0800] "GET /xingrg/all/function/internal_message.html?_=1668832438473&CODE_STATE=getMsg HTTP/1.1" 200 27
120.253.135.82 - - [19/Nov/2022:12:49:57 +0800] "POST /xingrg/kc/pszx/mdps_order_operate.html HTTP/1.1" 200 37
120.253.135.82 - - [19/Nov/2022:12:49:59 +0800] "POST /xingrg/kc/pszx/mdps_order_operate.html HTTP/1.1" 200 12
120.253.135.82 - - [19/Nov/2022:12:50:00 +0800] "GET /xingrg/kc/pszx/mdps_order_info.html?code=312022111900408 HTTP/1.1" 200 19636
120.253.135.82 - - [19/Nov/2022:12:50:00 +0800] "POST /xingrg/kc/pszx/mdps_order_operate.html HTTP/1.1" 200 499
120.253.135.82 - - [19/Nov/2022:12:50:00 +0800] "GET /xingrg/javascript/easyui/themes/default/validatebox.css HTTP/1.1" 404 1104
120.253.135.82 - - [19/Nov/2022:12:50:00 +0800] "GET /xingrg/all/function/internal_message.html?_=1668833201678&CODE_STATE=getMsg HTTP/1.1" 200 27
124.79.74.72 - - [19/Nov/2022:12:50:01 +0800] "GET /xingrg/all/function/internal_message.html?_=1668833407620&CODE_STATE=getMsg HTTP/1.1" 200 27
120.253.135.82 - - [19/Nov/2022:12:50:02 +0800] "POST /xingrg/kc/pszx/mdps_list_operate.html HTTP/1.1" 200 868
120.253.135.82 - - [19/Nov/2022:12:50:08 +0800] "GET /xingrg/javascript/easyui/plugins/jquery.draggable.js HTTP/1.1" 200 6121
120.253.135.82 - - [19/Nov/2022:12:50:08 +0800] "GET /xingrg/css/images/panel_loading.gif HTTP/1.1" 200 1737
120.253.135.82 - - [19/Nov/2022:12:50:08 +0800] "GET /xingrg/javascript/easyui/plugins/jquery.droppable.js HTTP/1.1" 200 1167
120.253.135.82 - - [19/Nov/2022:12:50:08 +0800] "GET /xingrg/javascript/easyui/themes/default/tree.css HTTP/1.1" 404 1090
120.253.135.82 - - [19/Nov/2022:12:50:08 +0800] "GET /xingrg/javascript/easyui/plugins/jquery.tree.js HTTP/1.1" 200 20874
120.253.135.82 - - [19/Nov/2022:12:50:08 +0800] "POST /xingrg/all/common/load_tree.html?tree=area_rest_tree_json HTTP/1.1" 200 3499
61.170.235.134 - - [19/Nov/2022:12:50:08 +0800] "GET /xingrg/all/function/internal_message.html?_=1668833401717&CODE_STATE=getMsg HTTP/1.1" 200 27
120.253.135.82 - - [19/Nov/2022:12:50:08 +0800] "GET /xingrg/javascript/easyui/themes/default/images/tree_arrows.gif HTTP/1.1" 200 617
120.253.135.82 - - [19/Nov/2022:12:50:08 +0800] "GET /xingrg/javascript/easyui/themes/default/images/tree_checkbox_0.gif HTTP/1.1" 200 168
120.253.135.82 - - [19/Nov/2022:12:50:08 +0800] "GET /xingrg/javascript/easyui/themes/default/images/tree_checkbox_1.gif HTTP/1.1" 200 174
120.253.135.82 - - [19/Nov/2022:12:50:08 +0800] "GET /xingrg/javascript/easyui/themes/default/images/tree_checkbox_2.gif HTTP/1.1" 200 181
120.253.135.82 - - [19/Nov/2022:12:50:08 +0800] "GET /xingrg/javascript/easyui/themes/icons/manage.png HTTP/1.1" 200 696
120.253.135.82 - - [19/Nov/2022:12:50:08 +0800] "GET /xingrg/javascript/easyui/themes/default/images/tree_folder_open.gif HTTP/1.1" 200 956
120.253.135.82 - - [19/Nov/2022:12:50:08 +0800] "GET /xingrg/javascript/easyui/themes/icons/rest.png HTTP/1.1" 200 695
120.253.135.82 - - [19/Nov/2022:12:50:08 +0800] "GET /xingrg/javascript/easyui/themes/icons/area.png HTTP/1.1" 200 262
120.253.135.82 - - [19/Nov/2022:12:50:11 +0800] "POST /xingrg/kc/pszx/mdps_list_operate.html HTTP/1.1" 200 2098
180.162.229.95 - - [19/Nov/2022:12:50:11 +0800] "GET /xingrg/all/function/internal_message.html?_=1668833420468&CODE_STATE=getMsg HTTP/1.1" 302 -
120.253.135.82 - - [19/Nov/2022:12:50:14 +0800] "GET /xingrg/kc/pszx/mdqp_order_list.html?state=10 HTTP/1.1" 200 10275
120.253.135.82 - - [19/Nov/2022:12:50:14 +0800] "GET /xingrg/dwr/interface/AjaxReportQueryService.js HTTP/1.1" 200 13203
120.253.135.82 - - [19/Nov/2022:12:50:14 +0800] "GET /xingrg/dwr/engine.js HTTP/1.1" 200 43631
116.230.105.139 - - [19/Nov/2022:12:50:14 +0800] "GET /xingrg/all/function/internal_message.html?_=1668833407923&CODE_STATE=getMsg HTTP/1.1" 200 27
120.253.135.82 - - [19/Nov/2022:12:50:14 +0800] "GET /xingrg/dwr/interface/AjaxQqpsService.js HTTP/1.1" 200 16326
116.238.139.35 - - [19/Nov/2022:12:50:15 +0800] "GET /xingrg/all/function/internal_message.html?_=1668833326632&CODE_STATE=getMsg HTTP/1.1" 200 27
114.95.46.117 - - [19/Nov/2022:12:50:15 +0800] "GET /xingrg/all/function/internal_message.html?_=1668833415968&CODE_STATE=getMsg HTTP/1.1" 200 27
120.253.135.82 - - [19/Nov/2022:12:50:16 +0800] "GET /xingrg/all/function/internal_message.html?_=1668833530393&CODE_STATE=getMsg HTTP/1.1" 200 27
101.85.106.255 - - [19/Nov/2022:12:50:20 +0800] "GET /xingrg/all/function/internal_message.html?_=1668833420720&CODE_STATE=getMsg HTTP/1.1" 200 27
116.235.92.184 - - [19/Nov/2022:12:50:23 +0800] "GET /xingrg/all/function/internal_message.html?_=1668833640768&CODE_STATE=getMsg HTTP/1.1" 200 27
120.253.135.82 - - [19/Nov/2022:12:50:27 +0800] "GET /xingrg/all/function/internal_message.html?_=1668833421965&CODE_STATE=getMsg HTTP/1.1" 200 27
114.83.217.254 - - [19/Nov/2022:12:50:34 +0800] "GET /xingrg/kc/buy/cgsh_order_operate.html?command=get_materiel&rest_code=00149&code=00102010409&supplier_code=00100151&order_time=2022-11-19 HTTP/1.1" 200 410
114.95.46.117 - - [19/Nov/2022:12:50:36 +0800] "GET /xingrg/all/function/internal_message.html?_=1668833285625&CODE_STATE=getMsg HTTP/1.1" 200 27
180.169.147.146 - - [19/Nov/2022:12:50:37 +0800] "GET /xingrg/all/function/internal_message.html?_=1668833437738&CODE_STATE=getMsg HTTP/1.1" 200 27
180.169.147.146 - - [19/Nov/2022:12:50:37 +0800] "GET /xingrg/check_reg.html?_=1668833437740 HTTP/1.1" 200 22
180.169.147.146 - - [19/Nov/2022:12:50:41 +0800] "GET /xingrg/all/function/internal_message.html?_=1668833439687&CODE_STATE=getMsg HTTP/1.1" 200 27
218.81.217.29 - - [19/Nov/2022:12:50:42 +0800] "GET /xingrg/all/function/internal_message.html?_=1668833464984&CODE_STATE=getMsg HTTP/1.1" 200 27
180.162.229.95 - - [19/Nov/2022:12:50:46 +0800] "GET /xingrg/all/function/internal_message.html?_=1668833447307&CODE_STATE=getMsg HTTP/1.1" 200 27
114.83.217.254 - - [19/Nov/2022:12:50:47 +0800] "GET /xingrg/all/function/internal_message.html?_=1668833445901&CODE_STATE=getMsg HTTP/1.1" 200 27
180.162.115.136 - - [19/Nov/2022:12:50:55 +0800] "GET /xingrg/all/function/internal_message.html?_=1668832498514&CODE_STATE=getMsg HTTP/1.1" 200 27
114.83.217.254 - - [19/Nov/2022:12:50:59 +0800] "POST /xingrg/kc/buy/cgsh_order_operate.html HTTP/1.1" 200 37
124.79.74.72 - - [19/Nov/2022:12:51:01 +0800] "GET /xingrg/all/function/internal_message.html?_=1668833467622&CODE_STATE=getMsg HTTP/1.1" 200 27
124.79.74.72 - - [19/Nov/2022:12:51:01 +0800] "GET /xingrg/check_reg.html?_=1668833467626 HTTP/1.1" 200 22
58.221.95.50 - - [19/Nov/2022:12:51:02 +0800] "GET /xingrg/check_reg.html?_=1668833447335 HTTP/1.1" 302 -
114.83.217.254 - - [19/Nov/2022:12:51:04 +0800] "POST /xingrg/kc/buy/cgsh_order_operate.html HTTP/1.1" 200 12
61.170.235.134 - - [19/Nov/2022:12:51:06 +0800] "GET /xingrg/check_reg.html?_=1668833459386 HTTP/1.1" 200 22
61.170.235.134 - - [19/Nov/2022:12:51:08 +0800] "GET /xingrg/all/function/internal_message.html?_=1668833461699&CODE_STATE=getMsg HTTP/1.1" 200 27
114.83.217.254 - - [19/Nov/2022:12:51:08 +0800] "GET /xingrg/kc/buy/cgsh_order_info.html?code=212022111906435 HTTP/1.1" 200 64479
114.83.217.254 - - [19/Nov/2022:12:51:09 +0800] "GET /xingrg/javascript/easyui/themes/default/validatebox.css HTTP/1.1" 404 1104
114.83.217.254 - - [19/Nov/2022:12:51:09 +0800] "POST /xingrg/kc/buy/cgsh_order_operate.html HTTP/1.1" 200 4162
180.162.229.95 - - [19/Nov/2022:12:51:11 +0800] "GET /xingrg/all/function/internal_message.html?_=1668833480467&CODE_STATE=getMsg HTTP/1.1" 302 -
116.238.139.35 - - [19/Nov/2022:12:51:14 +0800] "GET /xingrg/check_reg.html?_=1668833385684 HTTP/1.1" 200 22
114.83.217.254 - - [19/Nov/2022:12:51:14 +0800] "GET /xingrg/kc/print/load_data.html?order_code=212022111906435&kc_code=cgsh&condition= HTTP/1.1" 200 2045
116.230.105.139 - - [19/Nov/2022:12:51:14 +0800] "GET /xingrg/all/function/internal_message.html?_=1668833467928&CODE_STATE=getMsg HTTP/1.1" 200 27
116.238.139.35 - - [19/Nov/2022:12:51:15 +0800] "GET /xingrg/all/function/internal_message.html?_=1668833386644&CODE_STATE=getMsg HTTP/1.1" 200 27
114.95.46.117 - - [19/Nov/2022:12:51:15 +0800] "GET /xingrg/all/function/internal_message.html?_=1668833475942&CODE_STATE=getMsg HTTP/1.1" 200 27
120.253.135.82 - - [19/Nov/2022:12:51:16 +0800] "GET /xingrg/all/function/internal_message.html?_=1668833590408&CODE_STATE=getMsg HTTP/1.1" 200 27
101.85.106.255 - - [19/Nov/2022:12:51:20 +0800] "GET /xingrg/all/function/internal_message.html?_=1668833480705&CODE_STATE=getMsg HTTP/1.1" 200 27
116.235.92.184 - - [19/Nov/2022:12:51:23 +0800] "GET /xingrg/all/function/internal_message.html?_=1668833700738&CODE_STATE=getMsg HTTP/1.1" 200 27
120.253.135.82 - - [19/Nov/2022:12:51:27 +0800] "GET /xingrg/check_reg.html?_=1668833481952 HTTP/1.1" 200 22
120.253.135.82 - - [19/Nov/2022:12:51:27 +0800] "GET /xingrg/all/function/internal_message.html?_=1668833481954&CODE_STATE=getMsg HTTP/1.1" 200 27
114.83.217.254 - - [19/Nov/2022:12:51:31 +0800] "GET /xingrg/kc/buy/cgsh_order_add.html HTTP/1.1" 200 69586
114.83.217.254 - - [19/Nov/2022:12:51:31 +0800] "POST /xingrg/kc/buy/cgsh_order_operate.html HTTP/1.1" 200 8245
114.83.217.254 - - [19/Nov/2022:12:51:31 +0800] "GET /xingrg/javascript/easyui/themes/default/validatebox.css HTTP/1.1" 404 1104
114.95.46.117 - - [19/Nov/2022:12:51:36 +0800] "GET /xingrg/all/function/internal_message.html?_=1668833345557&CODE_STATE=getMsg HTTP/1.1" 200 27
180.169.147.146 - - [19/Nov/2022:12:51:37 +0800] "GET /xingrg/all/function/internal_message.html?_=1668833497744&CODE_STATE=getMsg HTTP/1.1" 200 27
180.169.147.146 - - [19/Nov/2022:12:51:41 +0800] "GET /xingrg/all/function/internal_message.html?_=1668833499700&CODE_STATE=getMsg HTTP/1.1" 200 27
218.81.217.29 - - [19/Nov/2022:12:51:43 +0800] "GET /xingrg/all/function/internal_message.html?_=1668833525291&CODE_STATE=getMsg HTTP/1.1" 200 27
180.162.229.95 - - [19/Nov/2022:12:51:46 +0800] "GET /xingrg/all/function/internal_message.html?_=1668833507278&CODE_STATE=getMsg HTTP/1.1" 200 27
114.83.217.254 - - [19/Nov/2022:12:51:47 +0800] "GET /xingrg/all/function/internal_message.html?_=1668833505883&CODE_STATE=getMsg HTTP/1.1" 200 27
180.162.115.136 - - [19/Nov/2022:12:51:55 +0800] "GET /xingrg/all/function/internal_message.html?_=1668832558522&CODE_STATE=getMsg HTTP/1.1" 200 27
124.79.74.72 - - [19/Nov/2022:12:52:01 +0800] "GET /xingrg/all/function/internal_message.html?_=1668833527624&CODE_STATE=getMsg HTTP/1.1" 200 27
61.170.235.134 - - [19/Nov/2022:12:52:08 +0800] "GET /xingrg/all/function/internal_message.html?_=1668833521672&CODE_STATE=getMsg HTTP/1.1" 200 27
180.162.229.95 - - [19/Nov/2022:12:52:11 +0800] "GET /xingrg/all/function/internal_message.html?_=1668833540465&CODE_STATE=getMsg HTTP/1.1" 302 -
180.162.229.95 - - [19/Nov/2022:12:52:11 +0800] "GET /xingrg/check_reg.html?_=1668833540469 HTTP/1.1" 302 -
114.83.217.254 - - [19/Nov/2022:12:52:12 +0800] "GET /xingrg/kc/buy/cgsh_order_operate.html?command=get_materiel&rest_code=00149&code=00102002166&supplier_code=00100073&order_time=2022-11-19 HTTP/1.1" 200 455
116.230.105.139 - - [19/Nov/2022:12:52:14 +0800] "GET /xingrg/all/function/internal_message.html?_=1668833527924&CODE_STATE=getMsg HTTP/1.1" 200 27
116.238.139.35 - - [19/Nov/2022:12:52:15 +0800] "GET /xingrg/all/function/internal_message.html?_=1668833446659&CODE_STATE=getMsg HTTP/1.1" 200 27
114.95.46.117 - - [19/Nov/2022:12:52:15 +0800] "GET /xingrg/all/function/internal_message.html?_=1668833535912&CODE_STATE=getMsg HTTP/1.1" 200 27
120.253.135.82 - - [19/Nov/2022:12:52:16 +0800] "GET /xingrg/all/function/internal_message.html?_=1668833650481&CODE_STATE=getMsg HTTP/1.1" 200 27
101.85.106.255 - - [19/Nov/2022:12:52:20 +0800] "GET /xingrg/all/function/internal_message.html?_=1668833540693&CODE_STATE=getMsg HTTP/1.1" 200 27
101.85.106.255 - - [19/Nov/2022:12:52:21 +0800] "GET /xingrg/check_reg.html?_=1668833541552 HTTP/1.1" 200 22
116.235.92.184 - - [19/Nov/2022:12:52:23 +0800] "GET /xingrg/all/function/internal_message.html?_=1668833760709&CODE_STATE=getMsg HTTP/1.1" 200 27
116.235.92.184 - - [19/Nov/2022:12:52:24 +0800] "GET /xingrg/check_reg.html?_=1668833761521 HTTP/1.1" 200 22
120.253.135.82 - - [19/Nov/2022:12:52:27 +0800] "GET /xingrg/all/function/internal_message.html?_=1668833541953&CODE_STATE=getMsg HTTP/1.1" 200 27
218.81.217.29 - - [19/Nov/2022:12:52:30 +0800] "GET /xingrg/check_reg.html?_=1668833572857 HTTP/1.1" 200 22
114.95.46.117 - - [19/Nov/2022:12:52:36 +0800] "GET /xingrg/check_reg.html?_=1668833405498 HTTP/1.1" 200 22
114.95.46.117 - - [19/Nov/2022:12:52:36 +0800] "GET /xingrg/all/function/internal_message.html?_=1668833405538&CODE_STATE=getMsg HTTP/1.1" 200 27
180.169.147.146 - - [19/Nov/2022:12:52:37 +0800] "GET /xingrg/all/function/internal_message.html?_=1668833557756&CODE_STATE=getMsg HTTP/1.1" 200 27
180.169.147.146 - - [19/Nov/2022:12:52:41 +0800] "GET /xingrg/all/function/internal_message.html?_=1668833559699&CODE_STATE=getMsg HTTP/1.1" 200 27
218.81.217.29 - - [19/Nov/2022:12:52:43 +0800] "GET /xingrg/all/function/internal_message.html?_=1668833585291&CODE_STATE=getMsg HTTP/1.1" 200 27
180.162.229.95 - - [19/Nov/2022:12:52:46 +0800] "GET /xingrg/all/function/internal_message.html?_=1668833567259&CODE_STATE=getMsg HTTP/1.1" 200 27
114.83.217.254 - - [19/Nov/2022:12:52:47 +0800] "GET /xingrg/all/function/internal_message.html?_=1668833565860&CODE_STATE=getMsg HTTP/1.1" 200 27
180.162.115.136 - - [19/Nov/2022:12:52:55 +0800] "GET /xingrg/all/function/internal_message.html?_=1668832618538&CODE_STATE=getMsg HTTP/1.1" 200 27
114.83.217.254 - - [19/Nov/2022:12:53:00 +0800] "POST /xingrg/kc/buy/cgsh_order_operate.html HTTP/1.1" 200 37
61.170.235.134 - - [19/Nov/2022:12:53:08 +0800] "GET /xingrg/all/function/internal_message.html?_=1668833581653&CODE_STATE=getMsg HTTP/1.1" 200 27
114.83.217.254 - - [19/Nov/2022:12:53:09 +0800] "POST /xingrg/kc/buy/cgsh_order_operate.html HTTP/1.1" 200 12
180.162.229.95 - - [19/Nov/2022:12:53:11 +0800] "GET /xingrg/all/function/internal_message.html?_=1668833600470&CODE_STATE=getMsg HTTP/1.1" 302 -
114.83.217.254 - - [19/Nov/2022:12:53:13 +0800] "GET /xingrg/kc/buy/cgsh_order_info.html?code=212022111906436 HTTP/1.1" 200 64491
114.83.217.254 - - [19/Nov/2022:12:53:13 +0800] "GET /xingrg/javascript/easyui/themes/default/validatebox.css HTTP/1.1" 404 1104
114.83.217.254 - - [19/Nov/2022:12:53:13 +0800] "GET /xingrg/check_reg.html?_=1668833592316 HTTP/1.1" 200 22
114.83.217.254 - - [19/Nov/2022:12:53:14 +0800] "POST /xingrg/kc/buy/cgsh_order_operate.html HTTP/1.1" 200 633
116.230.105.139 - - [19/Nov/2022:12:53:14 +0800] "GET /xingrg/all/function/internal_message.html?_=1668833587927&CODE_STATE=getMsg HTTP/1.1" 200 27
116.230.105.139 - - [19/Nov/2022:12:53:14 +0800] "GET /xingrg/check_reg.html?_=1668833587929 HTTP/1.1" 200 22
116.238.139.35 - - [19/Nov/2022:12:53:15 +0800] "GET /xingrg/all/function/internal_message.html?_=1668833506672&CODE_STATE=getMsg HTTP/1.1" 200 27
114.95.46.117 - - [19/Nov/2022:12:53:15 +0800] "GET /xingrg/all/function/internal_message.html?_=1668833595885&CODE_STATE=getMsg HTTP/1.1" 200 27
120.253.135.82 - - [19/Nov/2022:12:53:16 +0800] "GET /xingrg/all/function/internal_message.html?_=1668833710493&CODE_STATE=getMsg HTTP/1.1" 200 27
114.95.46.117 - - [19/Nov/2022:12:53:18 +0800] "GET /xingrg/check_reg.html?_=1668833599185 HTTP/1.1" 200 22
114.83.217.254 - - [19/Nov/2022:12:53:19 +0800] "GET /xingrg/kc/print/load_data.html?order_code=212022111906436&kc_code=cgsh&condition= HTTP/1.1" 200 782
101.85.106.255 - - [19/Nov/2022:12:53:20 +0800] "GET /xingrg/all/function/internal_message.html?_=1668833600678&CODE_STATE=getMsg HTTP/1.1" 200 27
116.235.92.184 - - [19/Nov/2022:12:53:23 +0800] "GET /xingrg/all/function/internal_message.html?_=1668833820682&CODE_STATE=getMsg HTTP/1.1" 200 27
120.253.135.82 - - [19/Nov/2022:12:53:27 +0800] "GET /xingrg/all/function/internal_message.html?_=1668833601958&CODE_STATE=getMsg HTTP/1.1" 200 27
114.95.46.117 - - [19/Nov/2022:12:53:36 +0800] "GET /xingrg/all/function/internal_message.html?_=1668833465530&CODE_STATE=getMsg HTTP/1.1" 200 27
180.169.147.146 - - [19/Nov/2022:12:53:37 +0800] "GET /xingrg/all/function/internal_message.html?_=1668833617759&CODE_STATE=getMsg HTTP/1.1" 200 27
180.169.147.146 - - [19/Nov/2022:12:53:41 +0800] "GET /xingrg/all/function/internal_message.html?_=1668833619698&CODE_STATE=getMsg HTTP/1.1" 200 27
218.81.217.29 - - [19/Nov/2022:12:53:43 +0800] "GET /xingrg/all/function/internal_message.html?_=1668833645306&CODE_STATE=getMsg HTTP/1.1" 200 27
180.162.229.95 - - [19/Nov/2022:12:53:46 +0800] "GET /xingrg/all/function/internal_message.html?_=1668833627232&CODE_STATE=getMsg HTTP/1.1" 200 27
114.83.217.254 - - [19/Nov/2022:12:53:47 +0800] "GET /xingrg/all/function/internal_message.html?_=1668833625845&CODE_STATE=getMsg HTTP/1.1" 200 27
180.162.229.95 - - [19/Nov/2022:12:53:47 +0800] "GET /xingrg/check_reg.html?_=1668833628024 HTTP/1.1" 200 22
114.83.217.254 - - [19/Nov/2022:12:53:52 +0800] "GET /xingrg/kc/buy/cgsh_order_add.html HTTP/1.1" 200 69586
114.83.217.254 - - [19/Nov/2022:12:53:53 +0800] "POST /xingrg/kc/buy/cgsh_order_operate.html HTTP/1.1" 200 8245
114.83.217.254 - - [19/Nov/2022:12:53:53 +0800] "GET /xingrg/javascript/easyui/themes/default/validatebox.css HTTP/1.1" 404 1104
180.162.115.136 - - [19/Nov/2022:12:53:55 +0800] "GET /xingrg/all/function/internal_message.html?_=1668832678549&CODE_STATE=getMsg HTTP/1.1" 200 27
61.170.235.134 - - [19/Nov/2022:12:54:08 +0800] "GET /xingrg/all/function/internal_message.html?_=1668833641627&CODE_STATE=getMsg HTTP/1.1" 200 27
180.162.229.95 - - [19/Nov/2022:12:54:11 +0800] "GET /xingrg/all/function/internal_message.html?_=1668833660472&CODE_STATE=getMsg HTTP/1.1" 302 -
116.230.105.139 - - [19/Nov/2022:12:54:14 +0800] "GET /xingrg/all/function/internal_message.html?_=1668833647920&CODE_STATE=getMsg HTTP/1.1" 200 27
120.253.135.82 - - [19/Nov/2022:12:54:15 +0800] "GET /xingrg/check_reg.html?_=1668833769120 HTTP/1.1" 200 22
114.95.46.117 - - [19/Nov/2022:12:54:15 +0800] "GET /xingrg/all/function/internal_message.html?_=1668833655856&CODE_STATE=getMsg HTTP/1.1" 200 27
116.238.139.35 - - [19/Nov/2022:12:54:15 +0800] "GET /xingrg/all/function/internal_message.html?_=1668833566708&CODE_STATE=getMsg HTTP/1.1" 200 27
120.253.135.82 - - [19/Nov/2022:12:54:16 +0800] "GET /xingrg/all/function/internal_message.html?_=1668833770508&CODE_STATE=getMsg HTTP/1.1" 200 27
101.85.106.255 - - [19/Nov/2022:12:54:20 +0800] "GET /xingrg/all/function/internal_message.html?_=1668833660661&CODE_STATE=getMsg HTTP/1.1" 200 27
116.235.92.184 - - [19/Nov/2022:12:54:23 +0800] "GET /xingrg/all/function/internal_message.html?_=1668833880656&CODE_STATE=getMsg HTTP/1.1" 200 27
120.253.135.82 - - [19/Nov/2022:12:54:27 +0800] "GET /xingrg/all/function/internal_message.html?_=1668833661961&CODE_STATE=getMsg HTTP/1.1" 200 27
114.88.159.190 - - [19/Nov/2022:12:54:27 +0800] "GET /xingrg/check_reg.html?_=1668833274548 HTTP/1.1" 200 22
114.84.81.136 - - [19/Nov/2022:12:54:34 +0800] "GET /xingrg/check_reg.html?_=1668833674811 HTTP/1.1" 200 22
114.95.46.117 - - [19/Nov/2022:12:54:36 +0800] "GET /xingrg/all/function/internal_message.html?_=1668833525544&CODE_STATE=getMsg HTTP/1.1" 200 27
180.169.147.146 - - [19/Nov/2022:12:54:37 +0800] "GET /xingrg/all/function/internal_message.html?_=1668833677752&CODE_STATE=getMsg HTTP/1.1" 200 27
180.169.147.146 - - [19/Nov/2022:12:54:41 +0800] "GET /xingrg/all/function/internal_message.html?_=1668833679722&CODE_STATE=getMsg HTTP/1.1" 200 27
180.169.147.146 - - [19/Nov/2022:12:54:41 +0800] "GET /xingrg/check_reg.html?_=1668833679723 HTTP/1.1" 200 22
218.81.217.29 - - [19/Nov/2022:12:54:43 +0800] "GET /xingrg/all/function/internal_message.html?_=1668833705729&CODE_STATE=getMsg HTTP/1.1" 200 27
180.162.229.95 - - [19/Nov/2022:12:54:46 +0800] "GET /xingrg/all/function/internal_message.html?_=1668833687226&CODE_STATE=getMsg HTTP/1.1" 200 27
114.83.217.254 - - [19/Nov/2022:12:54:47 +0800] "GET /xingrg/all/function/internal_message.html?_=1668833685827&CODE_STATE=getMsg HTTP/1.1" 200 27
180.162.115.136 - - [19/Nov/2022:12:54:54 +0800] "GET /xingrg/check_reg.html?_=1668832737923 HTTP/1.1" 200 22
180.162.115.136 - - [19/Nov/2022:12:54:55 +0800] "GET /xingrg/all/function/internal_message.html?_=1668832738543&CODE_STATE=getMsg HTTP/1.1" 200 27
61.170.235.134 - - [19/Nov/2022:12:55:08 +0800] "GET /xingrg/all/function/internal_message.html?_=1668833701607&CODE_STATE=getMsg HTTP/1.1" 200 27
180.162.229.95 - - [19/Nov/2022:12:55:11 +0800] "GET /xingrg/all/function/internal_message.html?_=1668833720470&CODE_STATE=getMsg HTTP/1.1" 302 -
116.230.105.139 - - [19/Nov/2022:12:55:14 +0800] "GET /xingrg/all/function/internal_message.html?_=1668833707925&CODE_STATE=getMsg HTTP/1.1" 200 27
114.95.46.117 - - [19/Nov/2022:12:55:15 +0800] "GET /xingrg/all/function/internal_message.html?_=1668833715829&CODE_STATE=getMsg HTTP/1.1" 200 27
116.238.139.35 - - [19/Nov/2022:12:55:15 +0800] "GET /xingrg/all/function/internal_message.html?_=1668833626716&CODE_STATE=getMsg HTTP/1.1" 200 27
120.253.135.82 - - [19/Nov/2022:12:55:16 +0800] "GET /xingrg/all/function/internal_message.html?_=1668833830526&CODE_STATE=getMsg HTTP/1.1" 200 27
101.85.106.255 - - [19/Nov/2022:12:55:20 +0800] "GET /xingrg/all/function/internal_message.html?_=1668833720644&CODE_STATE=getMsg HTTP/1.1" 200 27
116.235.92.184 - - [19/Nov/2022:12:55:23 +0800] "GET /xingrg/all/function/internal_message.html?_=1668833940634&CODE_STATE=getMsg HTTP/1.1" 200 27
120.253.135.82 - - [19/Nov/2022:12:55:27 +0800] "GET /xingrg/all/function/internal_message.html?_=1668833721961&CODE_STATE=getMsg HTTP/1.1" 200 27
114.95.46.117 - - [19/Nov/2022:12:55:36 +0800] "GET /xingrg/all/function/internal_message.html?_=1668833585514&CODE_STATE=getMsg HTTP/1.1" 200 27
180.169.147.146 - - [19/Nov/2022:12:55:37 +0800] "GET /xingrg/check_reg.html?_=1668833737753 HTTP/1.1" 200 22
180.169.147.146 - - [19/Nov/2022:12:55:37 +0800] "GET /xingrg/all/function/internal_message.html?_=1668833737757&CODE_STATE=getMsg HTTP/1.1" 200 27
180.169.147.146 - - [19/Nov/2022:12:55:41 +0800] "GET /xingrg/all/function/internal_message.html?_=1668833739721&CODE_STATE=getMsg HTTP/1.1" 200 27
218.81.217.29 - - [19/Nov/2022:12:55:43 +0800] "GET /xingrg/all/function/internal_message.html?_=1668833765739&CODE_STATE=getMsg HTTP/1.1" 200 27
180.162.229.95 - - [19/Nov/2022:12:55:46 +0800] "GET /xingrg/all/function/internal_message.html?_=1668833747204&CODE_STATE=getMsg HTTP/1.1" 200 27
114.83.217.254 - - [19/Nov/2022:12:55:47 +0800] "GET /xingrg/all/function/internal_message.html?_=1668833745799&CODE_STATE=getMsg HTTP/1.1" 200 27
180.162.115.136 - - [19/Nov/2022:12:55:55 +0800] "GET /xingrg/all/function/internal_message.html?_=1668832798554&CODE_STATE=getMsg HTTP/1.1" 200 27
58.221.95.50 - - [19/Nov/2022:12:56:02 +0800] "GET /xingrg/check_reg.html?_=1668833747427 HTTP/1.1" 302 -
61.170.235.134 - - [19/Nov/2022:12:56:06 +0800] "GET /xingrg/check_reg.html?_=1668833759361 HTTP/1.1" 200 22
61.170.235.134 - - [19/Nov/2022:12:56:08 +0800] "GET /xingrg/all/function/internal_message.html?_=1668833761588&CODE_STATE=getMsg HTTP/1.1" 200 27
180.162.229.95 - - [19/Nov/2022:12:56:11 +0800] "GET /xingrg/all/function/internal_message.html?_=1668833780470&CODE_STATE=getMsg HTTP/1.1" 302 -
116.238.139.35 - - [19/Nov/2022:12:56:14 +0800] "GET /xingrg/check_reg.html?_=1668833685705 HTTP/1.1" 200 22
116.230.105.139 - - [19/Nov/2022:12:56:14 +0800] "GET /xingrg/all/function/internal_message.html?_=1668833767925&CODE_STATE=getMsg HTTP/1.1" 200 27
114.95.46.117 - - [19/Nov/2022:12:56:15 +0800] "GET /xingrg/all/function/internal_message.html?_=1668833775798&CODE_STATE=getMsg HTTP/1.1" 200 27
116.238.139.35 - - [19/Nov/2022:12:56:15 +0800] "GET /xingrg/all/function/internal_message.html?_=1668833686729&CODE_STATE=getMsg HTTP/1.1" 200 27
120.253.135.82 - - [19/Nov/2022:12:56:16 +0800] "GET /xingrg/all/function/internal_message.html?_=1668833890533&CODE_STATE=getMsg HTTP/1.1" 200 27
101.85.106.255 - - [19/Nov/2022:12:56:20 +0800] "GET /xingrg/all/function/internal_message.html?_=1668833780630&CODE_STATE=getMsg HTTP/1.1" 200 27
116.235.92.184 - - [19/Nov/2022:12:56:23 +0800] "GET /xingrg/all/function/internal_message.html?_=1668834000604&CODE_STATE=getMsg HTTP/1.1" 200 27
120.253.135.82 - - [19/Nov/2022:12:56:27 +0800] "GET /xingrg/check_reg.html?_=1668833781962 HTTP/1.1" 200 22
120.253.135.82 - - [19/Nov/2022:12:56:27 +0800] "GET /xingrg/all/function/internal_message.html?_=1668833781964&CODE_STATE=getMsg HTTP/1.1" 200 27
114.95.46.117 - - [19/Nov/2022:12:56:36 +0800] "GET /xingrg/all/function/internal_message.html?_=1668833645515&CODE_STATE=getMsg HTTP/1.1" 200 27
180.169.147.146 - - [19/Nov/2022:12:56:37 +0800] "GET /xingrg/all/function/internal_message.html?_=1668833797759&CODE_STATE=getMsg HTTP/1.1" 200 27
180.169.147.146 - - [19/Nov/2022:12:56:41 +0800] "GET /xingrg/all/function/internal_message.html?_=1668833799720&CODE_STATE=getMsg HTTP/1.1" 200 27
