180.162.229.95 - - [19/Nov/2022:11:55:11 +0800] "GET /xingrg/all/function/internal_message.html?_=1668830120384&CODE_STATE=getMsg HTTP/1.1" 302 -
116.238.139.35 - - [19/Nov/2022:11:55:14 +0800] "GET /xingrg/all/function/internal_message.html?_=1668830025618&CODE_STATE=getMsg HTTP/1.1" 200 27
116.230.105.139 - - [19/Nov/2022:11:55:14 +0800] "GET /xingrg/all/function/internal_message.html?_=1668830107939&CODE_STATE=getMsg HTTP/1.1" 200 27
120.253.135.82 - - [19/Nov/2022:11:55:15 +0800] "GET /xingrg/all/function/internal_message.html?_=1668830229128&CODE_STATE=getMsg HTTP/1.1" 200 27
114.95.46.117 - - [19/Nov/2022:11:55:16 +0800] "GET /xingrg/all/function/internal_message.html?_=1668830117228&CODE_STATE=getMsg HTTP/1.1" 200 27
180.169.147.146 - - [19/Nov/2022:11:55:19 +0800] "GET /xingrg/kc/buy/cgsh_order_operate.html?command=get_materiel&rest_code=00147&code=00101006068&supplier_code=00100015&order_time=2022-11-19 HTTP/1.1" 200 409
101.85.106.255 - - [19/Nov/2022:11:55:20 +0800] "GET /xingrg/kc/buy/cgsh_order_operate.html?command=get_materiel&rest_code=00142&code=00101008355&supplier_code=00100161&order_time=2022-11-19 HTTP/1.1" 200 408
101.85.106.255 - - [19/Nov/2022:11:55:21 +0800] "GET /xingrg/all/function/internal_message.html?_=1668830121722&CODE_STATE=getMsg HTTP/1.1" 200 27
120.253.135.82 - - [19/Nov/2022:11:55:26 +0800] "GET /xingrg/all/function/internal_message.html?_=1668830121884&CODE_STATE=getMsg HTTP/1.1" 200 27
114.83.219.57 - - [19/Nov/2022:11:55:29 +0800] "GET /xingrg/all/function/internal_message.html?_=1668830251674&CODE_STATE=getMsg HTTP/1.1" 200 27
101.85.106.255 - - [19/Nov/2022:11:55:31 +0800] "GET /xingrg/kc/buy/cgsh_order_operate.html?command=get_materiel&rest_code=00142&code=00101008024&supplier_code=00100161&order_time=2022-11-19 HTTP/1.1" 200 408
218.81.217.29 - - [19/Nov/2022:11:55:35 +0800] "GET /xingrg/all/function/internal_message.html?_=1668830157778&CODE_STATE=getMsg HTTP/1.1" 200 27
116.238.139.35 - - [19/Nov/2022:11:55:36 +0800] "GET /xingrg/check_reg.html?_=1668830138328 HTTP/1.1" 302 -
180.169.147.146 - - [19/Nov/2022:11:55:36 +0800] "GET /xingrg/kc/buy/cgsh_order_operate.html?command=get_materiel&rest_code=00147&code=00101006129&supplier_code=00100015&order_time=2022-11-19 HTTP/1.1" 200 452
114.95.46.117 - - [19/Nov/2022:11:55:37 +0800] "GET /xingrg/all/function/internal_message.html?_=1668829986241&CODE_STATE=getMsg HTTP/1.1" 200 27
180.169.147.146 - - [19/Nov/2022:11:55:37 +0800] "GET /xingrg/all/function/internal_message.html?_=1668830137738&CODE_STATE=getMsg HTTP/1.1" 200 27
180.169.147.146 - - [19/Nov/2022:11:55:37 +0800] "GET /xingrg/check_reg.html?_=1668830137739 HTTP/1.1" 200 22
114.83.217.254 - - [19/Nov/2022:11:55:38 +0800] "GET /xingrg/kc/print/load_data.html?order_code=212022111906384&kc_code=cgsh&condition= HTTP/1.1" 200 2309
180.169.147.146 - - [19/Nov/2022:11:55:39 +0800] "GET /xingrg/all/function/internal_message.html?_=1668830138135&CODE_STATE=getMsg HTTP/1.1" 200 27
101.85.106.255 - - [19/Nov/2022:11:55:42 +0800] "GET /xingrg/kc/buy/cgsh_order_operate.html?command=get_materiel&rest_code=00142&code=00101008356&supplier_code=00100161&order_time=2022-11-19 HTTP/1.1" 200 408
61.170.235.134 - - [19/Nov/2022:11:55:44 +0800] "POST /xingrg/kc/base/wldb_list_operate.html HTTP/1.1" 200 4554
61.170.235.134 - - [19/Nov/2022:11:55:46 +0800] "POST /xingrg/kc/base/wldb_list_operate.html HTTP/1.1" 200 279
114.83.217.254 - - [19/Nov/2022:11:55:48 +0800] "GET /xingrg/all/function/internal_message.html?_=1668830146780&CODE_STATE=getMsg HTTP/1.1" 200 27
180.162.229.95 - - [19/Nov/2022:11:55:50 +0800] "POST /xingrg/kc/buy/cgsh_order_operate.html HTTP/1.1" 200 37
101.85.106.255 - - [19/Nov/2022:11:55:51 +0800] "GET /xingrg/kc/buy/cgsh_order_operate.html?command=get_materiel&rest_code=00142&code=00101008286&supplier_code=00100161&order_time=2022-11-19 HTTP/1.1" 200 408
180.162.115.136 - - [19/Nov/2022:11:55:54 +0800] "GET /xingrg/all/function/internal_message.html?_=1668829197851&CODE_STATE=getMsg HTTP/1.1" 200 27
180.162.229.95 - - [19/Nov/2022:11:55:57 +0800] "POST /xingrg/kc/buy/cgsh_order_operate.html HTTP/1.1" 200 4440
180.169.147.146 - - [19/Nov/2022:11:56:00 +0800] "POST /xingrg/kc/buy/cgsh_order_operate.html HTTP/1.1" 200 37
58.221.95.50 - - [19/Nov/2022:11:56:01 +0800] "GET /xingrg/check_reg.html?_=1668830146438 HTTP/1.1" 302 -
114.83.217.254 - - [19/Nov/2022:11:56:01 +0800] "POST /xingrg/kc/buy/cgsh_order_operate.html HTTP/1.1" 200 37
180.169.147.146 - - [19/Nov/2022:11:56:02 +0800] "POST /xingrg/kc/buy/cgsh_order_operate.html HTTP/1.1" 200 6250
101.85.106.255 - - [19/Nov/2022:11:56:03 +0800] "GET /xingrg/kc/buy/cgsh_order_operate.html?command=get_materiel&rest_code=00142&code=00101008353&supplier_code=00100161&order_time=2022-11-19 HTTP/1.1" 200 408
180.169.147.146 - - [19/Nov/2022:11:56:03 +0800] "GET /xingrg/kc/print/load_data.html?order_code=212022111906415&kc_code=cgsh&condition= HTTP/1.1" 200 2168
114.83.217.254 - - [19/Nov/2022:11:56:06 +0800] "POST /xingrg/kc/buy/cgsh_order_operate.html HTTP/1.1" 200 12
61.170.235.134 - - [19/Nov/2022:11:56:06 +0800] "GET /xingrg/check_reg.html?_=1668830159569 HTTP/1.1" 200 22
61.170.235.134 - - [19/Nov/2022:11:56:09 +0800] "GET /xingrg/all/function/internal_message.html?_=1668830163072&CODE_STATE=getMsg HTTP/1.1" 200 27
180.162.229.95 - - [19/Nov/2022:11:56:11 +0800] "GET /xingrg/all/function/internal_message.html?_=1668830180383&CODE_STATE=getMsg HTTP/1.1" 302 -
180.162.229.95 - - [19/Nov/2022:11:56:11 +0800] "GET /xingrg/kc/buy/cgsh_order_add.html HTTP/1.1" 200 69533
180.162.229.95 - - [19/Nov/2022:11:56:11 +0800] "POST /xingrg/kc/buy/cgsh_order_operate.html HTTP/1.1" 200 8245
180.162.229.95 - - [19/Nov/2022:11:56:11 +0800] "GET /xingrg/javascript/easyui/themes/default/validatebox.css HTTP/1.1" 404 1104
116.238.139.35 - - [19/Nov/2022:11:56:14 +0800] "GET /xingrg/check_reg.html?_=1668830085456 HTTP/1.1" 200 22
116.238.139.35 - - [19/Nov/2022:11:56:14 +0800] "GET /xingrg/all/function/internal_message.html?_=1668830085632&CODE_STATE=getMsg HTTP/1.1" 200 27
116.230.105.139 - - [19/Nov/2022:11:56:14 +0800] "GET /xingrg/all/function/internal_message.html?_=1668830167931&CODE_STATE=getMsg HTTP/1.1" 200 27
120.253.135.82 - - [19/Nov/2022:11:56:15 +0800] "GET /xingrg/all/function/internal_message.html?_=1668830289142&CODE_STATE=getMsg HTTP/1.1" 200 27
101.85.106.255 - - [19/Nov/2022:11:56:15 +0800] "GET /xingrg/kc/buy/cgsh_order_operate.html?command=get_materiel&rest_code=00142&code=00101008350&supplier_code=00100161&order_time=2022-11-19 HTTP/1.1" 200 408
114.95.46.117 - - [19/Nov/2022:11:56:16 +0800] "GET /xingrg/all/function/internal_message.html?_=1668830177204&CODE_STATE=getMsg HTTP/1.1" 200 27
101.85.106.255 - - [19/Nov/2022:11:56:21 +0800] "GET /xingrg/all/function/internal_message.html?_=1668830181697&CODE_STATE=getMsg HTTP/1.1" 200 27
114.83.217.254 - - [19/Nov/2022:11:56:24 +0800] "GET /xingrg/kc/buy/cgsh_order_info.html?code=212022111906384 HTTP/1.1" 200 64489
114.83.217.254 - - [19/Nov/2022:11:56:25 +0800] "GET /xingrg/javascript/easyui/themes/default/validatebox.css HTTP/1.1" 404 1104
114.83.217.254 - - [19/Nov/2022:11:56:25 +0800] "POST /xingrg/kc/buy/cgsh_order_operate.html HTTP/1.1" 200 4792
120.253.135.82 - - [19/Nov/2022:11:56:26 +0800] "GET /xingrg/check_reg.html?_=1668830181893 HTTP/1.1" 200 22
120.253.135.82 - - [19/Nov/2022:11:56:26 +0800] "GET /xingrg/all/function/internal_message.html?_=1668830181897&CODE_STATE=getMsg HTTP/1.1" 200 27
180.162.229.95 - - [19/Nov/2022:11:56:27 +0800] "GET /xingrg/kc/buy/cgsh_order_operate.html?command=get_materiel&rest_code=00102&code=00101020103&supplier_code=00100151&order_time=2022-11-19 HTTP/1.1" 200 408
114.83.219.57 - - [19/Nov/2022:11:56:29 +0800] "GET /xingrg/all/function/internal_message.html?_=1668830311674&CODE_STATE=getMsg HTTP/1.1" 200 27
101.85.106.255 - - [19/Nov/2022:11:56:30 +0800] "GET /xingrg/kc/buy/cgsh_order_operate.html?command=get_materiel&rest_code=00142&code=00101008234&supplier_code=00100161&order_time=2022-11-19 HTTP/1.1" 200 408
218.81.217.29 - - [19/Nov/2022:11:56:36 +0800] "GET /xingrg/all/function/internal_message.html?_=1668830218101&CODE_STATE=getMsg HTTP/1.1" 200 27
114.95.46.117 - - [19/Nov/2022:11:56:37 +0800] "GET /xingrg/all/function/internal_message.html?_=1668830046234&CODE_STATE=getMsg HTTP/1.1" 200 27
180.169.147.146 - - [19/Nov/2022:11:56:37 +0800] "GET /xingrg/all/function/internal_message.html?_=1668830197726&CODE_STATE=getMsg HTTP/1.1" 200 27
180.169.147.146 - - [19/Nov/2022:11:56:39 +0800] "GET /xingrg/all/function/internal_message.html?_=1668830198112&CODE_STATE=getMsg HTTP/1.1" 200 27
180.162.229.95 - - [19/Nov/2022:11:56:40 +0800] "GET /xingrg/kc/buy/cgsh_order_operate.html?command=get_materiel&rest_code=00102&code=00101010024&supplier_code=00100151&order_time=2022-11-19 HTTP/1.1" 200 408
101.85.106.255 - - [19/Nov/2022:11:56:45 +0800] "GET /xingrg/kc/buy/cgsh_order_operate.html?command=get_materiel&rest_code=00142&code=00101008312&supplier_code=00100161&order_time=2022-11-19 HTTP/1.1" 200 412
180.162.229.95 - - [19/Nov/2022:11:56:47 +0800] "GET /xingrg/all/function/internal_message.html?_=1668830208200&CODE_STATE=getMsg HTTP/1.1" 200 27
114.83.217.254 - - [19/Nov/2022:11:56:48 +0800] "GET /xingrg/all/function/internal_message.html?_=1668830206846&CODE_STATE=getMsg HTTP/1.1" 200 27
114.83.217.254 - - [19/Nov/2022:11:56:49 +0800] "GET /xingrg/kc/buy/cgsh_order_add.html HTTP/1.1" 200 69586
114.83.217.254 - - [19/Nov/2022:11:56:50 +0800] "POST /xingrg/kc/buy/cgsh_order_operate.html HTTP/1.1" 200 8245
114.83.217.254 - - [19/Nov/2022:11:56:50 +0800] "GET /xingrg/javascript/easyui/themes/default/validatebox.css HTTP/1.1" 404 1104
61.170.235.134 - - [19/Nov/2022:11:56:53 +0800] "GET /xingrg/kc/base/wldb_order_info.html?code=422022111901552 HTTP/1.1" 200 30402
61.170.235.134 - - [19/Nov/2022:11:56:53 +0800] "GET /xingrg/javascript/easyui/themes/default/validatebox.css HTTP/1.1" 404 1104
180.169.147.146 - - [19/Nov/2022:11:56:53 +0800] "POST /xingrg/kc/buy/cgsh_list_operate.html HTTP/1.1" 200 6060
61.170.235.134 - - [19/Nov/2022:11:56:54 +0800] "POST /xingrg/kc/base/wldb_order_operate.html HTTP/1.1" 200 2665
180.162.115.136 - - [19/Nov/2022:11:56:54 +0800] "GET /xingrg/all/function/internal_message.html?_=1668829257864&CODE_STATE=getMsg HTTP/1.1" 200 27
101.85.106.255 - - [19/Nov/2022:11:56:54 +0800] "GET /xingrg/kc/buy/cgsh_order_operate.html?command=get_materiel&rest_code=00142&code=00101008264&supplier_code=00100161&order_time=2022-11-19 HTTP/1.1" 200 412
61.170.235.134 - - [19/Nov/2022:11:56:58 +0800] "GET /xingrg/kc/base/wldb_order_operate.html?command=get_materiel&rest_code=00106&base_code=0010397&code=00102002433 HTTP/1.1" 200 457
101.85.106.255 - - [19/Nov/2022:11:56:58 +0800] "POST /xingrg/kc/buy/cgsh_order_operate.html HTTP/1.1" 200 2065
114.83.217.254 - - [19/Nov/2022:11:57:00 +0800] "GET /xingrg/kc/buy/cgsh_order_operate.html?command=get_materiel&rest_code=00149&code=00101011003&supplier_code=00100051&order_time=2022-11-19 HTTP/1.1" 200 413
222.70.183.206 - - [19/Nov/2022:11:57:01 +0800] "POST /xingrg/services/DataTransmitService HTTP/1.1" 200 524
222.70.183.206 - - [19/Nov/2022:11:57:02 +0800] "POST /xingrg/services/DataTransmitService HTTP/1.1" 200 501
222.70.183.206 - - [19/Nov/2022:11:57:02 +0800] "POST /xingrg/services/DataTransmitService HTTP/1.1" 200 501
222.70.183.206 - - [19/Nov/2022:11:57:02 +0800] "POST /xingrg/services/DataTransmitService HTTP/1.1" 200 501
222.70.183.206 - - [19/Nov/2022:11:57:02 +0800] "POST /xingrg/services/DataTransmitService HTTP/1.1" 200 501
222.70.183.206 - - [19/Nov/2022:11:57:02 +0800] "POST /xingrg/services/DataTransmitService HTTP/1.1" 200 501
222.70.183.206 - - [19/Nov/2022:11:57:03 +0800] "POST /xingrg/services/DataTransmitService HTTP/1.1" 200 412
61.170.235.134 - - [19/Nov/2022:11:57:03 +0800] "POST /xingrg/all/common/load_select.html HTTP/1.1" 200 25
61.170.235.134 - - [19/Nov/2022:11:57:04 +0800] "GET /xingrg/kc/base/wldb_order_operate.html?command=get_materiel_price&rest_code=00106&base_code=0010397&code=00102002433&unit_code=00100105 HTTP/1.1" 200 36
101.85.106.255 - - [19/Nov/2022:11:57:06 +0800] "GET /xingrg/kc/buy/cgsh_order_operate.html?command=get_materiel&rest_code=00142&code=00101008298&supplier_code=00100161&order_time=2022-11-19 HTTP/1.1" 200 412
61.170.235.134 - - [19/Nov/2022:11:57:09 +0800] "GET /xingrg/all/function/internal_message.html?_=1668830223045&CODE_STATE=getMsg HTTP/1.1" 200 27
180.162.229.95 - - [19/Nov/2022:11:57:11 +0800] "GET /xingrg/all/function/internal_message.html?_=1668830240381&CODE_STATE=getMsg HTTP/1.1" 302 -
180.162.229.95 - - [19/Nov/2022:11:57:11 +0800] "GET /xingrg/check_reg.html?_=1668830240382 HTTP/1.1" 302 -
116.238.139.35 - - [19/Nov/2022:11:57:14 +0800] "GET /xingrg/all/function/internal_message.html?_=1668830145674&CODE_STATE=getMsg HTTP/1.1" 200 27
116.230.105.139 - - [19/Nov/2022:11:57:14 +0800] "GET /xingrg/all/function/internal_message.html?_=1668830227924&CODE_STATE=getMsg HTTP/1.1" 200 27
120.253.135.82 - - [19/Nov/2022:11:57:15 +0800] "GET /xingrg/all/function/internal_message.html?_=1668830349212&CODE_STATE=getMsg HTTP/1.1" 200 27
114.95.46.117 - - [19/Nov/2022:11:57:16 +0800] "GET /xingrg/all/function/internal_message.html?_=1668830237174&CODE_STATE=getMsg HTTP/1.1" 200 27
114.83.217.254 - - [19/Nov/2022:11:57:17 +0800] "POST /xingrg/kc/buy/cgsh_order_operate.html HTTP/1.1" 200 37
101.85.106.255 - - [19/Nov/2022:11:57:19 +0800] "GET /xingrg/kc/buy/cgsh_order_operate.html?command=get_materiel&rest_code=00142&code=00101008323&supplier_code=00100161&order_time=2022-11-19 HTTP/1.1" 200 408
101.85.106.255 - - [19/Nov/2022:11:57:21 +0800] "GET /xingrg/all/function/internal_message.html?_=1668830241670&CODE_STATE=getMsg HTTP/1.1" 200 27
101.85.106.255 - - [19/Nov/2022:11:57:21 +0800] "GET /xingrg/check_reg.html?_=1668830241735 HTTP/1.1" 200 22
114.83.217.254 - - [19/Nov/2022:11:57:24 +0800] "POST /xingrg/kc/buy/cgsh_order_operate.html HTTP/1.1" 200 12
114.83.217.254 - - [19/Nov/2022:11:57:25 +0800] "GET /xingrg/kc/buy/cgsh_order_info.html?code=212022111906416 HTTP/1.1" 200 64489
114.83.217.254 - - [19/Nov/2022:11:57:26 +0800] "GET /xingrg/javascript/easyui/themes/default/validatebox.css HTTP/1.1" 404 1104
114.83.217.254 - - [19/Nov/2022:11:57:26 +0800] "POST /xingrg/kc/buy/cgsh_order_operate.html HTTP/1.1" 200 606
120.253.135.82 - - [19/Nov/2022:11:57:26 +0800] "GET /xingrg/all/function/internal_message.html?_=1668830241883&CODE_STATE=getMsg HTTP/1.1" 200 27
114.83.217.254 - - [19/Nov/2022:11:57:28 +0800] "GET /xingrg/kc/print/load_data.html?order_code=212022111906416&kc_code=cgsh&condition= HTTP/1.1" 200 717
114.83.219.57 - - [19/Nov/2022:11:57:28 +0800] "GET /xingrg/all/function/internal_message.html?_=1668830371662&CODE_STATE=getMsg HTTP/1.1" 200 27
114.83.219.57 - - [19/Nov/2022:11:57:29 +0800] "GET /xingrg/check_reg.html?_=1668830371663 HTTP/1.1" 200 22
218.81.217.29 - - [19/Nov/2022:11:57:30 +0800] "GET /xingrg/check_reg.html?_=1668830272805 HTTP/1.1" 200 22
101.85.106.255 - - [19/Nov/2022:11:57:31 +0800] "GET /xingrg/kc/buy/cgsh_order_operate.html?command=get_materiel&rest_code=00142&code=00101012029&supplier_code=00100161&order_time=2022-11-19 HTTP/1.1" 200 412
114.83.217.254 - - [19/Nov/2022:11:57:35 +0800] "GET /xingrg/kc/buy/cgsh_order_add.html HTTP/1.1" 200 69586
218.81.217.29 - - [19/Nov/2022:11:57:36 +0800] "GET /xingrg/all/function/internal_message.html?_=1668830278101&CODE_STATE=getMsg HTTP/1.1" 200 27
114.83.217.254 - - [19/Nov/2022:11:57:36 +0800] "POST /xingrg/kc/buy/cgsh_order_operate.html HTTP/1.1" 200 8245
114.83.217.254 - - [19/Nov/2022:11:57:36 +0800] "GET /xingrg/javascript/easyui/themes/default/validatebox.css HTTP/1.1" 404 1104
114.95.46.117 - - [19/Nov/2022:11:57:36 +0800] "GET /xingrg/check_reg.html?_=1668830105471 HTTP/1.1" 200 22
114.95.46.117 - - [19/Nov/2022:11:57:37 +0800] "GET /xingrg/all/function/internal_message.html?_=1668830106211&CODE_STATE=getMsg HTTP/1.1" 200 27
180.169.147.146 - - [19/Nov/2022:11:57:37 +0800] "GET /xingrg/all/function/internal_message.html?_=1668830257744&CODE_STATE=getMsg HTTP/1.1" 200 27
180.169.147.146 - - [19/Nov/2022:11:57:39 +0800] "GET /xingrg/all/function/internal_message.html?_=1668830258096&CODE_STATE=getMsg HTTP/1.1" 200 27
101.85.106.255 - - [19/Nov/2022:11:57:40 +0800] "GET /xingrg/kc/buy/cgsh_order_operate.html?command=get_materiel&rest_code=00142&code=00101012024&supplier_code=00100161&order_time=2022-11-19 HTTP/1.1" 200 408
180.162.229.95 - - [19/Nov/2022:11:57:47 +0800] "GET /xingrg/all/function/internal_message.html?_=1668830268199&CODE_STATE=getMsg HTTP/1.1" 200 27
114.83.217.254 - - [19/Nov/2022:11:57:48 +0800] "GET /xingrg/all/function/internal_message.html?_=1668830266733&CODE_STATE=getMsg HTTP/1.1" 200 27
101.85.106.255 - - [19/Nov/2022:11:57:48 +0800] "GET /xingrg/kc/buy/cgsh_order_operate.html?command=get_materiel&rest_code=00142&code=00101012059&supplier_code=00100161&order_time=2022-11-19 HTTP/1.1" 200 412
180.162.115.136 - - [19/Nov/2022:11:57:54 +0800] "GET /xingrg/all/function/internal_message.html?_=1668829317874&CODE_STATE=getMsg HTTP/1.1" 200 27
101.85.106.255 - - [19/Nov/2022:11:57:58 +0800] "POST /xingrg/kc/buy/cgsh_order_operate.html HTTP/1.1" 200 37
101.85.106.255 - - [19/Nov/2022:11:57:59 +0800] "POST /xingrg/kc/buy/cgsh_order_operate.html HTTP/1.1" 200 16205
101.85.106.255 - - [19/Nov/2022:11:58:04 +0800] "POST /xingrg/kc/buy/cgsh_order_operate.html HTTP/1.1" 200 37
101.85.106.255 - - [19/Nov/2022:11:58:07 +0800] "POST /xingrg/kc/buy/cgsh_order_operate.html HTTP/1.1" 200 16205
61.170.235.134 - - [19/Nov/2022:11:58:09 +0800] "GET /xingrg/all/function/internal_message.html?_=1668830283050&CODE_STATE=getMsg HTTP/1.1" 200 27
180.162.229.95 - - [19/Nov/2022:11:58:11 +0800] "GET /xingrg/all/function/internal_message.html?_=1668830300381&CODE_STATE=getMsg HTTP/1.1" 302 -
101.85.106.255 - - [19/Nov/2022:11:58:12 +0800] "POST /xingrg/kc/buy/cgsh_list_operate.html HTTP/1.1" 200 2301
114.83.217.254 - - [19/Nov/2022:11:58:13 +0800] "GET /xingrg/check_reg.html?_=1668830292264 HTTP/1.1" 200 22
116.238.139.35 - - [19/Nov/2022:11:58:14 +0800] "GET /xingrg/all/function/internal_message.html?_=1668830205706&CODE_STATE=getMsg HTTP/1.1" 200 27
116.230.105.139 - - [19/Nov/2022:11:58:14 +0800] "GET /xingrg/all/function/internal_message.html?_=1668830287940&CODE_STATE=getMsg HTTP/1.1" 200 27
116.230.105.139 - - [19/Nov/2022:11:58:14 +0800] "GET /xingrg/check_reg.html?_=1668830287942 HTTP/1.1" 200 22
120.253.135.82 - - [19/Nov/2022:11:58:15 +0800] "GET /xingrg/all/function/internal_message.html?_=1668830409216&CODE_STATE=getMsg HTTP/1.1" 200 27
114.95.46.117 - - [19/Nov/2022:11:58:16 +0800] "GET /xingrg/all/function/internal_message.html?_=1668830297151&CODE_STATE=getMsg HTTP/1.1" 200 27
114.95.46.117 - - [19/Nov/2022:11:58:19 +0800] "GET /xingrg/check_reg.html?_=1668830299355 HTTP/1.1" 200 22
101.85.106.255 - - [19/Nov/2022:11:58:21 +0800] "GET /xingrg/all/function/internal_message.html?_=1668830301653&CODE_STATE=getMsg HTTP/1.1" 200 27
120.253.135.82 - - [19/Nov/2022:11:58:26 +0800] "GET /xingrg/all/function/internal_message.html?_=1668830301885&CODE_STATE=getMsg HTTP/1.1" 200 27
114.83.219.57 - - [19/Nov/2022:11:58:29 +0800] "GET /xingrg/all/function/internal_message.html?_=1668830431667&CODE_STATE=getMsg HTTP/1.1" 200 27
218.81.217.29 - - [19/Nov/2022:11:58:36 +0800] "GET /xingrg/all/function/internal_message.html?_=1668830338114&CODE_STATE=getMsg HTTP/1.1" 200 27
114.95.46.117 - - [19/Nov/2022:11:58:37 +0800] "GET /xingrg/all/function/internal_message.html?_=1668830166201&CODE_STATE=getMsg HTTP/1.1" 200 27
180.169.147.146 - - [19/Nov/2022:11:58:37 +0800] "GET /xingrg/all/function/internal_message.html?_=1668830317740&CODE_STATE=getMsg HTTP/1.1" 200 27
180.169.147.146 - - [19/Nov/2022:11:58:39 +0800] "GET /xingrg/all/function/internal_message.html?_=1668830318074&CODE_STATE=getMsg HTTP/1.1" 200 27
180.162.229.95 - - [19/Nov/2022:11:58:47 +0800] "GET /xingrg/check_reg.html?_=1668830328180 HTTP/1.1" 200 22
180.162.229.95 - - [19/Nov/2022:11:58:47 +0800] "GET /xingrg/all/function/internal_message.html?_=1668830328183&CODE_STATE=getMsg HTTP/1.1" 200 27
114.83.217.254 - - [19/Nov/2022:11:58:48 +0800] "GET /xingrg/all/function/internal_message.html?_=1668830326716&CODE_STATE=getMsg HTTP/1.1" 200 27
180.162.115.136 - - [19/Nov/2022:11:58:54 +0800] "GET /xingrg/all/function/internal_message.html?_=1668829377888&CODE_STATE=getMsg HTTP/1.1" 200 27
61.170.235.134 - - [19/Nov/2022:11:59:09 +0800] "GET /xingrg/all/function/internal_message.html?_=1668830342995&CODE_STATE=getMsg HTTP/1.1" 200 27
180.162.229.95 - - [19/Nov/2022:11:59:11 +0800] "GET /xingrg/all/function/internal_message.html?_=1668830360381&CODE_STATE=getMsg HTTP/1.1" 302 -
116.238.139.35 - - [19/Nov/2022:11:59:14 +0800] "GET /xingrg/all/function/internal_message.html?_=1668830265734&CODE_STATE=getMsg HTTP/1.1" 200 27
116.230.105.139 - - [19/Nov/2022:11:59:14 +0800] "GET /xingrg/all/function/internal_message.html?_=1668830347930&CODE_STATE=getMsg HTTP/1.1" 200 27
120.253.135.82 - - [19/Nov/2022:11:59:14 +0800] "GET /xingrg/check_reg.html?_=1668830468628 HTTP/1.1" 200 22
120.253.135.82 - - [19/Nov/2022:11:59:15 +0800] "GET /xingrg/all/function/internal_message.html?_=1668830469232&CODE_STATE=getMsg HTTP/1.1" 200 27
114.95.46.117 - - [19/Nov/2022:11:59:16 +0800] "GET /xingrg/all/function/internal_message.html?_=1668830357123&CODE_STATE=getMsg HTTP/1.1" 200 27
101.85.106.255 - - [19/Nov/2022:11:59:21 +0800] "GET /xingrg/all/function/internal_message.html?_=1668830361638&CODE_STATE=getMsg HTTP/1.1" 200 27
120.253.135.82 - - [19/Nov/2022:11:59:26 +0800] "GET /xingrg/all/function/internal_message.html?_=1668830361885&CODE_STATE=getMsg HTTP/1.1" 200 27
114.88.159.190 - - [19/Nov/2022:11:59:27 +0800] "GET /xingrg/check_reg.html?_=1668829974660 HTTP/1.1" 200 22
114.83.219.57 - - [19/Nov/2022:11:59:29 +0800] "GET /xingrg/all/function/internal_message.html?_=1668830491669&CODE_STATE=getMsg HTTP/1.1" 200 27
114.84.81.136 - - [19/Nov/2022:11:59:34 +0800] "GET /xingrg/check_reg.html?_=1668830375027 HTTP/1.1" 200 22
218.81.217.29 - - [19/Nov/2022:11:59:36 +0800] "GET /xingrg/all/function/internal_message.html?_=1668830398432&CODE_STATE=getMsg HTTP/1.1" 200 27
114.95.46.117 - - [19/Nov/2022:11:59:37 +0800] "GET /xingrg/all/function/internal_message.html?_=1668830226192&CODE_STATE=getMsg HTTP/1.1" 200 27
180.169.147.146 - - [19/Nov/2022:11:59:37 +0800] "GET /xingrg/all/function/internal_message.html?_=1668830377744&CODE_STATE=getMsg HTTP/1.1" 200 27
180.169.147.146 - - [19/Nov/2022:11:59:39 +0800] "GET /xingrg/all/function/internal_message.html?_=1668830378058&CODE_STATE=getMsg HTTP/1.1" 200 27
180.169.147.146 - - [19/Nov/2022:11:59:40 +0800] "GET /xingrg/check_reg.html?_=1668830378278 HTTP/1.1" 200 22
180.162.229.95 - - [19/Nov/2022:11:59:47 +0800] "GET /xingrg/all/function/internal_message.html?_=1668830388171&CODE_STATE=getMsg HTTP/1.1" 200 27
114.83.217.254 - - [19/Nov/2022:11:59:48 +0800] "GET /xingrg/all/function/internal_message.html?_=1668830386692&CODE_STATE=getMsg HTTP/1.1" 200 27
180.162.115.136 - - [19/Nov/2022:11:59:54 +0800] "GET /xingrg/check_reg.html?_=1668829437788 HTTP/1.1" 200 22
180.162.115.136 - - [19/Nov/2022:11:59:54 +0800] "GET /xingrg/all/function/internal_message.html?_=1668829437896&CODE_STATE=getMsg HTTP/1.1" 200 27
61.170.235.134 - - [19/Nov/2022:12:00:09 +0800] "GET /xingrg/all/function/internal_message.html?_=1668830402964&CODE_STATE=getMsg HTTP/1.1" 200 27
180.162.229.95 - - [19/Nov/2022:12:00:11 +0800] "GET /xingrg/all/function/internal_message.html?_=1668830420380&CODE_STATE=getMsg HTTP/1.1" 302 -
116.238.139.35 - - [19/Nov/2022:12:00:14 +0800] "GET /xingrg/all/function/internal_message.html?_=1668830325749&CODE_STATE=getMsg HTTP/1.1" 200 27
116.230.105.139 - - [19/Nov/2022:12:00:14 +0800] "GET /xingrg/all/function/internal_message.html?_=1668830407932&CODE_STATE=getMsg HTTP/1.1" 200 27
120.253.135.82 - - [19/Nov/2022:12:00:15 +0800] "GET /xingrg/all/function/internal_message.html?_=1668830529244&CODE_STATE=getMsg HTTP/1.1" 200 27
114.95.46.117 - - [19/Nov/2022:12:00:16 +0800] "GET /xingrg/all/function/internal_message.html?_=1668830417102&CODE_STATE=getMsg HTTP/1.1" 200 27
101.85.106.255 - - [19/Nov/2022:12:00:21 +0800] "GET /xingrg/all/function/internal_message.html?_=1668830421623&CODE_STATE=getMsg HTTP/1.1" 200 27
120.253.135.82 - - [19/Nov/2022:12:00:26 +0800] "GET /xingrg/all/function/internal_message.html?_=1668830421886&CODE_STATE=getMsg HTTP/1.1" 200 27
114.83.219.57 - - [19/Nov/2022:12:00:29 +0800] "GET /xingrg/all/function/internal_message.html?_=1668830551672&CODE_STATE=getMsg HTTP/1.1" 200 27
180.162.229.95 - - [19/Nov/2022:12:00:29 +0800] "GET /xingrg/kc/buy/cgsh_order_operate.html?command=get_materiel&rest_code=00102&code=00101007188&supplier_code=00100151&order_time=2022-11-19 HTTP/1.1" 200 411
114.83.217.254 - - [19/Nov/2022:12:00:30 +0800] "GET /xingrg/kc/buy/cgsh_order_operate.html?command=get_materiel&rest_code=00149&code=00101007061&supplier_code=00100205&order_time=2022-11-19 HTTP/1.1" 200 411
116.238.139.35 - - [19/Nov/2022:12:00:36 +0800] "GET /xingrg/check_reg.html?_=1668830438304 HTTP/1.1" 302 -
218.81.217.29 - - [19/Nov/2022:12:00:36 +0800] "GET /xingrg/all/function/internal_message.html?_=1668830458438&CODE_STATE=getMsg HTTP/1.1" 200 27
114.95.46.117 - - [19/Nov/2022:12:00:37 +0800] "GET /xingrg/all/function/internal_message.html?_=1668830286181&CODE_STATE=getMsg HTTP/1.1" 200 27
180.169.147.146 - - [19/Nov/2022:12:00:37 +0800] "GET /xingrg/check_reg.html?_=1668830437748 HTTP/1.1" 200 22
180.169.147.146 - - [19/Nov/2022:12:00:37 +0800] "GET /xingrg/all/function/internal_message.html?_=1668830437751&CODE_STATE=getMsg HTTP/1.1" 200 27
180.169.147.146 - - [19/Nov/2022:12:00:39 +0800] "GET /xingrg/all/function/internal_message.html?_=1668830438031&CODE_STATE=getMsg HTTP/1.1" 200 27
124.79.74.72 - - [19/Nov/2022:12:00:42 +0800] "GET /xingrg/login.html HTTP/1.1" 200 7641
124.79.74.72 - - [19/Nov/2022:12:00:42 +0800] "GET /favicon.ico HTTP/1.1" 404 -
124.79.74.72 - - [19/Nov/2022:12:00:47 +0800] "POST /xingrg/login.do HTTP/1.1" 302 -
180.162.229.95 - - [19/Nov/2022:12:00:47 +0800] "GET /xingrg/all/function/internal_message.html?_=1668830448153&CODE_STATE=getMsg HTTP/1.1" 200 27
124.79.74.72 - - [19/Nov/2022:12:00:47 +0800] "GET /xingrg/index.html?sysBaseUrl=http%3A%2F%2F180.169.147.146%3A18081%2Fxingrg%2F&costTime=43×tamp=1668830447730 HTTP/1.1" 200 17179
124.79.74.72 - - [19/Nov/2022:12:00:47 +0800] "GET /favicon.ico HTTP/1.1" 404 -
124.79.74.72 - - [19/Nov/2022:12:00:47 +0800] "POST /xingrg/all/common/load_tree.html?tree=area_rest_tree_json&manage=1 HTTP/1.1" 200 351
124.79.74.72 - - [19/Nov/2022:12:00:47 +0800] "GET /xingrg/all/function/internal_message.html?_=1668830453586&CODE_STATE=count HTTP/1.1" 200 11
114.83.217.254 - - [19/Nov/2022:12:00:47 +0800] "GET /xingrg/kc/buy/cgsh_order_operate.html?command=get_materiel&rest_code=00149&code=00101007047&supplier_code=00100205&order_time=2022-11-19 HTTP/1.1" 200 409
124.79.74.72 - - [19/Nov/2022:12:00:47 +0800] "GET /xingrg/check_reg.html?_=1668830453586 HTTP/1.1" 200 22
124.79.74.72 - - [19/Nov/2022:12:00:47 +0800] "POST /xingrg/load_menu.html HTTP/1.1" 200 5138
114.83.217.254 - - [19/Nov/2022:12:00:48 +0800] "GET /xingrg/all/function/internal_message.html?_=1668830446665&CODE_STATE=getMsg HTTP/1.1" 200 27
124.79.74.72 - - [19/Nov/2022:12:00:49 +0800] "GET /xingrg/kc/buy/buy_main.html HTTP/1.1" 200 12412
124.79.74.72 - - [19/Nov/2022:12:00:49 +0800] "GET /xingrg/css/new_ie.css HTTP/1.1" 404 1036
124.79.74.72 - - [19/Nov/2022:12:00:49 +0800] "GET /xingrg/images/yd/bt.gif HTTP/1.1" 404 1040
124.79.74.72 - - [19/Nov/2022:12:00:50 +0800] "GET /xingrg/kc/buy/cgsh_order_list.html HTTP/1.1" 200 53723
124.79.74.72 - - [19/Nov/2022:12:00:51 +0800] "POST /xingrg/kc/buy/cgsh_list_operate.html HTTP/1.1" 200 986
124.79.74.72 - - [19/Nov/2022:12:00:52 +0800] "GET /xingrg/kc/buy/cgsh_order_add.html HTTP/1.1" 200 69577
124.79.74.72 - - [19/Nov/2022:12:00:52 +0800] "GET /xingrg/words/20221118170638_words.js HTTP/1.1" 304 -
124.79.74.72 - - [19/Nov/2022:12:00:52 +0800] "POST /xingrg/kc/buy/cgsh_order_operate.html HTTP/1.1" 200 8245
124.79.74.72 - - [19/Nov/2022:12:00:52 +0800] "GET /xingrg/all/common/auto_word.html?type=employee&rest_code=00156 HTTP/1.1" 200 97
124.79.74.72 - - [19/Nov/2022:12:00:52 +0800] "GET /xingrg/javascript/easyui/themes/default/validatebox.css HTTP/1.1" 404 1104
124.79.74.72 - - [19/Nov/2022:12:00:52 +0800] "GET /xingrg/all/common/auto_word.html?type=employee&rest_code=00156 HTTP/1.1" 200 97
180.162.115.136 - - [19/Nov/2022:12:00:54 +0800] "GET /xingrg/all/function/internal_message.html?_=1668829497910&CODE_STATE=getMsg HTTP/1.1" 200 27
124.79.74.72 - - [19/Nov/2022:12:00:57 +0800] "GET /xingrg/javascript/auto/indicator.gif HTTP/1.1" 404 1066
124.79.74.72 - - [19/Nov/2022:12:01:01 +0800] "GET /xingrg/index.html?sysBaseUrl=http%3A%2F%2F180.169.147.146%3A18081%2Fxingrg%2F&costTime=43×tamp=1668830447730 HTTP/1.1" 200 17179
124.79.74.72 - - [19/Nov/2022:12:01:01 +0800] "POST /xingrg/all/common/load_tree.html?tree=area_rest_tree_json&manage=1 HTTP/1.1" 200 351
124.79.74.72 - - [19/Nov/2022:12:01:01 +0800] "GET /xingrg/all/function/internal_message.html?_=1668830467115&CODE_STATE=count HTTP/1.1" 200 11
124.79.74.72 - - [19/Nov/2022:12:01:01 +0800] "GET /xingrg/check_reg.html?_=1668830467115 HTTP/1.1" 200 22
124.79.74.72 - - [19/Nov/2022:12:01:01 +0800] "GET /favicon.ico HTTP/1.1" 404 -
124.79.74.72 - - [19/Nov/2022:12:01:01 +0800] "POST /xingrg/load_menu.html HTTP/1.1" 200 5138
58.221.95.50 - - [19/Nov/2022:12:01:01 +0800] "GET /xingrg/check_reg.html?_=1668830446507 HTTP/1.1" 302 -
124.79.74.72 - - [19/Nov/2022:12:01:02 +0800] "GET /xingrg/kc/buy/buy_main.html HTTP/1.1" 200 12412
124.79.74.72 - - [19/Nov/2022:12:01:02 +0800] "GET /xingrg/css/new_ie.css HTTP/1.1" 404 1036
124.79.74.72 - - [19/Nov/2022:12:01:03 +0800] "GET /xingrg/kc/buy/cgsh_order_list.html HTTP/1.1" 200 53723
124.79.74.72 - - [19/Nov/2022:12:01:04 +0800] "POST /xingrg/kc/buy/cgsh_list_operate.html HTTP/1.1" 200 986
124.79.74.72 - - [19/Nov/2022:12:01:04 +0800] "GET /xingrg/kc/buy/cgsh_order_add.html HTTP/1.1" 200 69577
124.79.74.72 - - [19/Nov/2022:12:01:04 +0800] "GET /xingrg/words/20221118170638_words.js HTTP/1.1" 200 933332
124.79.74.72 - - [19/Nov/2022:12:01:05 +0800] "POST /xingrg/kc/buy/cgsh_order_operate.html HTTP/1.1" 200 8245
124.79.74.72 - - [19/Nov/2022:12:01:05 +0800] "GET /xingrg/all/common/auto_word.html?type=employee&rest_code=00156 HTTP/1.1" 200 97
124.79.74.72 - - [19/Nov/2022:12:01:05 +0800] "GET /xingrg/javascript/easyui/themes/default/validatebox.css HTTP/1.1" 404 1104
124.79.74.72 - - [19/Nov/2022:12:01:05 +0800] "GET /xingrg/all/common/auto_word.html?type=employee&rest_code=00156 HTTP/1.1" 200 97
61.170.235.134 - - [19/Nov/2022:12:01:06 +0800] "GET /xingrg/check_reg.html?_=1668830459531 HTTP/1.1" 200 22
124.79.74.72 - - [19/Nov/2022:12:01:08 +0800] "GET /xingrg/javascript/jquery_tools/images/prev.gif HTTP/1.1" 404 1086
124.79.74.72 - - [19/Nov/2022:12:01:08 +0800] "GET /xingrg/javascript/jquery_tools/images/next.gif HTTP/1.1" 404 1086
61.170.235.134 - - [19/Nov/2022:12:01:09 +0800] "GET /xingrg/all/function/internal_message.html?_=1668830462935&CODE_STATE=getMsg HTTP/1.1" 200 27
180.162.229.95 - - [19/Nov/2022:12:01:11 +0800] "GET /xingrg/all/function/internal_message.html?_=1668830480379&CODE_STATE=getMsg HTTP/1.1" 302 -
116.238.139.35 - - [19/Nov/2022:12:01:14 +0800] "GET /xingrg/check_reg.html?_=1668830385465 HTTP/1.1" 200 22
116.238.139.35 - - [19/Nov/2022:12:01:14 +0800] "GET /xingrg/all/function/internal_message.html?_=1668830385762&CODE_STATE=getMsg HTTP/1.1" 200 27
116.230.105.139 - - [19/Nov/2022:12:01:14 +0800] "GET /xingrg/all/function/internal_message.html?_=1668830467933&CODE_STATE=getMsg HTTP/1.1" 200 27
124.79.74.72 - - [19/Nov/2022:12:01:15 +0800] "GET /xingrg/kc/buy/cgsh_order_operate.html?command=get_materiel&rest_code=00156&code=00101006110&supplier_code=00100012&order_time=2022-11-19 HTTP/1.1" 200 409
120.253.135.82 - - [19/Nov/2022:12:01:15 +0800] "GET /xingrg/all/function/internal_message.html?_=1668830589257&CODE_STATE=getMsg HTTP/1.1" 200 27
114.95.46.117 - - [19/Nov/2022:12:01:16 +0800] "GET /xingrg/all/function/internal_message.html?_=1668830477085&CODE_STATE=getMsg HTTP/1.1" 200 27
101.85.106.255 - - [19/Nov/2022:12:01:21 +0800] "GET /xingrg/all/function/internal_message.html?_=1668830481607&CODE_STATE=getMsg HTTP/1.1" 200 27
124.79.74.72 - - [19/Nov/2022:12:01:25 +0800] "GET /xingrg/kc/buy/cgsh_order_operate.html?command=get_materiel&rest_code=00156&code=00101006184&supplier_code=00100012&order_time=2022-11-19 HTTP/1.1" 200 408
120.253.135.82 - - [19/Nov/2022:12:01:26 +0800] "GET /xingrg/all/function/internal_message.html?_=1668830481894&CODE_STATE=getMsg HTTP/1.1" 200 27
120.253.135.82 - - [19/Nov/2022:12:01:26 +0800] "GET /xingrg/check_reg.html?_=1668830481902 HTTP/1.1" 200 22
114.83.217.254 - - [19/Nov/2022:12:01:27 +0800] "GET /xingrg/kc/buy/cgsh_order_operate.html?command=get_materiel&rest_code=00149&code=00101007059&supplier_code=00100205&order_time=2022-11-19 HTTP/1.1" 200 409
114.83.219.57 - - [19/Nov/2022:12:01:28 +0800] "GET /xingrg/all/function/internal_message.html?_=1668830611659&CODE_STATE=getMsg HTTP/1.1" 200 27
124.79.74.72 - - [19/Nov/2022:12:01:33 +0800] "GET /xingrg/kc/buy/cgsh_order_operate.html?command=get_materiel&rest_code=00156&code=00101006115&supplier_code=00100012&order_time=2022-11-19 HTTP/1.1" 200 409
218.81.217.29 - - [19/Nov/2022:12:01:36 +0800] "GET /xingrg/all/function/internal_message.html?_=1668830518759&CODE_STATE=getMsg HTTP/1.1" 200 27
114.95.46.117 - - [19/Nov/2022:12:01:37 +0800] "GET /xingrg/all/function/internal_message.html?_=1668830346171&CODE_STATE=getMsg HTTP/1.1" 200 27
180.169.147.146 - - [19/Nov/2022:12:01:37 +0800] "GET /xingrg/all/function/internal_message.html?_=1668830497749&CODE_STATE=getMsg HTTP/1.1" 200 27
114.83.217.254 - - [19/Nov/2022:12:01:40 +0800] "POST /xingrg/kc/buy/cgsh_order_operate.html HTTP/1.1" 200 37
180.162.229.95 - - [19/Nov/2022:12:01:42 +0800] "GET /xingrg/kc/buy/cgsh_order_operate.html?command=get_materiel&rest_code=00102&code=00101010136&supplier_code=00100151&order_time=2022-11-19 HTTP/1.1" 200 408
114.83.217.254 - - [19/Nov/2022:12:01:45 +0800] "POST /xingrg/kc/buy/cgsh_order_operate.html HTTP/1.1" 200 12
180.162.229.95 - - [19/Nov/2022:12:01:47 +0800] "GET /xingrg/all/function/internal_message.html?_=1668830508152&CODE_STATE=getMsg HTTP/1.1" 200 27
114.83.217.254 - - [19/Nov/2022:12:01:48 +0800] "GET /xingrg/kc/buy/cgsh_order_info.html?code=212022111906418 HTTP/1.1" 200 64487
114.83.217.254 - - [19/Nov/2022:12:01:49 +0800] "GET /xingrg/javascript/easyui/themes/default/validatebox.css HTTP/1.1" 404 1104
114.83.217.254 - - [19/Nov/2022:12:01:49 +0800] "POST /xingrg/kc/buy/cgsh_order_operate.html HTTP/1.1" 200 1781
114.83.217.254 - - [19/Nov/2022:12:01:51 +0800] "GET /xingrg/kc/print/load_data.html?order_code=212022111906418&kc_code=cgsh&condition= HTTP/1.1" 200 1134
124.79.74.72 - - [19/Nov/2022:12:01:51 +0800] "GET /xingrg/kc/buy/cgsh_order_operate.html?command=get_materiel&rest_code=00156&code=00101006124&supplier_code=00100012&order_time=2022-11-19 HTTP/1.1" 200 409
180.162.115.136 - - [19/Nov/2022:12:01:54 +0800] "GET /xingrg/all/function/internal_message.html?_=1668829557921&CODE_STATE=getMsg HTTP/1.1" 200 27
114.83.217.254 - - [19/Nov/2022:12:01:55 +0800] "GET /xingrg/kc/buy/cgsh_order_add.html HTTP/1.1" 200 69586
114.83.217.254 - - [19/Nov/2022:12:01:56 +0800] "POST /xingrg/kc/buy/cgsh_order_operate.html HTTP/1.1" 200 8245
114.83.217.254 - - [19/Nov/2022:12:01:56 +0800] "GET /xingrg/javascript/easyui/themes/default/validatebox.css HTTP/1.1" 404 1104
124.79.74.72 - - [19/Nov/2022:12:01:59 +0800] "GET /xingrg/kc/buy/cgsh_order_operate.html?command=get_materiel&rest_code=00156&code=00101006055&supplier_code=00100012&order_time=2022-11-19 HTTP/1.1" 200 409
124.79.74.72 - - [19/Nov/2022:12:02:01 +0800] "GET /xingrg/all/function/internal_message.html?_=1668830527125&CODE_STATE=getMsg HTTP/1.1" 200 27
124.79.74.72 - - [19/Nov/2022:12:02:08 +0800] "GET /xingrg/kc/buy/cgsh_order_operate.html?command=get_materiel&rest_code=00156&code=00101001160&supplier_code=00100012&order_time=2022-11-19 HTTP/1.1" 200 408
180.163.28.55 - - [19/Nov/2022:12:02:09 +0800] "GET /xingrg/all/function/internal_message.html?_=1668830462935&CODE_STATE=getMsg HTTP/1.1" 302 -
180.163.28.55 - - [19/Nov/2022:12:02:09 +0800] "GET /xingrg/login.html HTTP/1.1" 200 7641
61.170.235.134 - - [19/Nov/2022:12:02:09 +0800] "GET /xingrg/all/function/internal_message.html?_=1668830522906&CODE_STATE=getMsg HTTP/1.1" 200 27
180.162.229.95 - - [19/Nov/2022:12:02:11 +0800] "GET /xingrg/check_reg.html?_=1668830540379 HTTP/1.1" 302 -
180.162.229.95 - - [19/Nov/2022:12:02:11 +0800] "GET /xingrg/all/function/internal_message.html?_=1668830540378&CODE_STATE=getMsg HTTP/1.1" 302 -
116.238.139.35 - - [19/Nov/2022:12:02:14 +0800] "GET /xingrg/all/function/internal_message.html?_=1668830445777&CODE_STATE=getMsg HTTP/1.1" 200 27
116.230.105.139 - - [19/Nov/2022:12:02:14 +0800] "GET /xingrg/all/function/internal_message.html?_=1668830527929&CODE_STATE=getMsg HTTP/1.1" 200 27
120.253.135.82 - - [19/Nov/2022:12:02:15 +0800] "GET /xingrg/all/function/internal_message.html?_=1668830649327&CODE_STATE=getMsg HTTP/1.1" 200 27
114.95.46.117 - - [19/Nov/2022:12:02:16 +0800] "GET /xingrg/all/function/internal_message.html?_=1668830537061&CODE_STATE=getMsg HTTP/1.1" 200 27
124.79.74.72 - - [19/Nov/2022:12:02:17 +0800] "GET /xingrg/kc/buy/cgsh_order_operate.html?command=get_materiel&rest_code=00156&code=00101011005&supplier_code=00100012&order_time=2022-11-19 HTTP/1.1" 200 428
101.85.106.255 - - [19/Nov/2022:12:02:21 +0800] "GET /xingrg/all/function/internal_message.html?_=1668830541592&CODE_STATE=getMsg HTTP/1.1" 200 27
101.85.106.255 - - [19/Nov/2022:12:02:21 +0800] "GET /xingrg/check_reg.html?_=1668830541719 HTTP/1.1" 200 22
124.79.74.72 - - [19/Nov/2022:12:02:25 +0800] "GET /xingrg/kc/buy/cgsh_order_operate.html?command=get_materiel&rest_code=00156&code=00101012032&supplier_code=00100012&order_time=2022-11-19 HTTP/1.1" 200 416
120.253.135.82 - - [19/Nov/2022:12:02:26 +0800] "GET /xingrg/all/function/internal_message.html?_=1668830541888&CODE_STATE=getMsg HTTP/1.1" 200 27
114.83.217.254 - - [19/Nov/2022:12:02:27 +0800] "GET /xingrg/kc/buy/cgsh_order_operate.html?command=get_materiel&rest_code=00149&code=00101006130&supplier_code=00100012&order_time=2022-11-19 HTTP/1.1" 200 427
114.83.219.57 - - [19/Nov/2022:12:02:29 +0800] "GET /xingrg/all/function/internal_message.html?_=1668830671673&CODE_STATE=getMsg HTTP/1.1" 200 27
114.83.219.57 - - [19/Nov/2022:12:02:29 +0800] "GET /xingrg/check_reg.html?_=1668830671676 HTTP/1.1" 200 22
218.81.217.29 - - [19/Nov/2022:12:02:30 +0800] "GET /xingrg/check_reg.html?_=1668830572802 HTTP/1.1" 200 22
124.79.74.72 - - [19/Nov/2022:12:02:32 +0800] "GET /xingrg/kc/buy/cgsh_order_operate.html?command=get_materiel&rest_code=00156&code=00101007109&supplier_code=00100012&order_time=2022-11-19 HTTP/1.1" 200 408
114.95.46.117 - - [19/Nov/2022:12:02:36 +0800] "GET /xingrg/check_reg.html?_=1668830405473 HTTP/1.1" 200 22
218.81.217.29 - - [19/Nov/2022:12:02:36 +0800] "GET /xingrg/all/function/internal_message.html?_=1668830578763&CODE_STATE=getMsg HTTP/1.1" 200 27
114.95.46.117 - - [19/Nov/2022:12:02:37 +0800] "GET /xingrg/all/function/internal_message.html?_=1668830406153&CODE_STATE=getMsg HTTP/1.1" 200 27
180.169.147.146 - - [19/Nov/2022:12:02:37 +0800] "GET /xingrg/all/function/internal_message.html?_=1668830557731&CODE_STATE=getMsg HTTP/1.1" 200 27
114.83.217.254 - - [19/Nov/2022:12:02:37 +0800] "GET /xingrg/kc/buy/cgsh_order_operate.html?command=get_materiel&rest_code=00149&code=00101006144&supplier_code=00100012&order_time=2022-11-19 HTTP/1.1" 200 409
180.162.229.95 - - [19/Nov/2022:12:02:47 +0800] "GET /xingrg/all/function/internal_message.html?_=1668830568105&CODE_STATE=getMsg HTTP/1.1" 200 27
114.83.217.254 - - [19/Nov/2022:12:02:48 +0800] "GET /xingrg/all/function/internal_message.html?_=1668830566727&CODE_STATE=getMsg HTTP/1.1" 200 27
180.162.229.95 - - [19/Nov/2022:12:02:51 +0800] "POST /xingrg/kc/buy/cgsh_order_operate.html HTTP/1.1" 200 37
114.83.217.254 - - [19/Nov/2022:12:02:52 +0800] "GET /xingrg/kc/buy/cgsh_order_operate.html?command=get_materiel&rest_code=00149&code=00101006109&supplier_code=00100012&order_time=2022-11-19 HTTP/1.1" 200 409
180.162.229.95 - - [19/Nov/2022:12:02:53 +0800] "POST /xingrg/kc/buy/cgsh_order_operate.html HTTP/1.1" 200 4431
180.162.115.136 - - [19/Nov/2022:12:02:54 +0800] "GET /xingrg/all/function/internal_message.html?_=1668829617931&CODE_STATE=getMsg HTTP/1.1" 200 27
124.79.74.72 - - [19/Nov/2022:12:03:01 +0800] "GET /xingrg/all/function/internal_message.html?_=1668830587120&CODE_STATE=getMsg HTTP/1.1" 200 27
114.83.217.254 - - [19/Nov/2022:12:03:03 +0800] "GET /xingrg/kc/buy/cgsh_order_operate.html?command=get_materiel&rest_code=00149&code=00101006056&supplier_code=00100012&order_time=2022-11-19 HTTP/1.1" 200 433
61.170.235.134 - - [19/Nov/2022:12:03:09 +0800] "GET /xingrg/all/function/internal_message.html?_=1668830582879&CODE_STATE=getMsg HTTP/1.1" 200 27
180.162.229.95 - - [19/Nov/2022:12:03:11 +0800] "GET /xingrg/all/function/internal_message.html?_=1668830600378&CODE_STATE=getMsg HTTP/1.1" 302 -
180.162.229.95 - - [19/Nov/2022:12:03:13 +0800] "GET /xingrg/kc/buy/cgsh_order_operate.html?command=get_materiel&rest_code=00102&code=00101009105&supplier_code=00100151&order_time=2022-11-19 HTTP/1.1" 200 405
114.83.217.254 - - [19/Nov/2022:12:03:13 +0800] "GET /xingrg/check_reg.html?_=1668830592261 HTTP/1.1" 200 22
114.83.217.254 - - [19/Nov/2022:12:03:14 +0800] "GET /xingrg/kc/buy/cgsh_order_operate.html?command=get_materiel&rest_code=00149&code=00101006055&supplier_code=00100012&order_time=2022-11-19 HTTP/1.1" 200 409
116.238.139.35 - - [19/Nov/2022:12:03:14 +0800] "GET /xingrg/all/function/internal_message.html?_=1668830505790&CODE_STATE=getMsg HTTP/1.1" 200 27
116.230.105.139 - - [19/Nov/2022:12:03:14 +0800] "GET /xingrg/all/function/internal_message.html?_=1668830587929&CODE_STATE=getMsg HTTP/1.1" 200 27
116.230.105.139 - - [19/Nov/2022:12:03:14 +0800] "GET /xingrg/check_reg.html?_=1668830587933 HTTP/1.1" 200 22
120.253.135.82 - - [19/Nov/2022:12:03:15 +0800] "GET /xingrg/all/function/internal_message.html?_=1668830709331&CODE_STATE=getMsg HTTP/1.1" 200 27
114.95.46.117 - - [19/Nov/2022:12:03:16 +0800] "GET /xingrg/all/function/internal_message.html?_=1668830597062&CODE_STATE=getMsg HTTP/1.1" 200 27
114.95.46.117 - - [19/Nov/2022:12:03:19 +0800] "GET /xingrg/check_reg.html?_=1668830599352 HTTP/1.1" 200 22
101.85.106.255 - - [19/Nov/2022:12:03:21 +0800] "GET /xingrg/all/function/internal_message.html?_=1668830601568&CODE_STATE=getMsg HTTP/1.1" 200 27
120.253.135.82 - - [19/Nov/2022:12:03:26 +0800] "GET /xingrg/all/function/internal_message.html?_=1668830601887&CODE_STATE=getMsg HTTP/1.1" 200 27
114.83.217.254 - - [19/Nov/2022:12:03:27 +0800] "POST /xingrg/kc/buy/cgsh_order_operate.html HTTP/1.1" 200 37
124.79.74.72 - - [19/Nov/2022:12:03:27 +0800] "POST /xingrg/kc/buy/cgsh_order_operate.html HTTP/1.1" 200 88
180.162.229.95 - - [19/Nov/2022:12:03:28 +0800] "GET /xingrg/kc/buy/cgsh_order_operate.html?command=get_materiel&rest_code=00102&code=00102009724&supplier_code=00100151&order_time=2022-11-19 HTTP/1.1" 200 411
114.83.219.57 - - [19/Nov/2022:12:03:29 +0800] "GET /xingrg/all/function/internal_message.html?_=1668830731672&CODE_STATE=getMsg HTTP/1.1" 200 27
114.83.217.254 - - [19/Nov/2022:12:03:31 +0800] "POST /xingrg/kc/buy/cgsh_order_operate.html HTTP/1.1" 200 12
114.83.217.254 - - [19/Nov/2022:12:03:34 +0800] "GET /xingrg/kc/buy/cgsh_order_info.html?code=212022111906420 HTTP/1.1" 200 64489
124.79.74.72 - - [19/Nov/2022:12:03:34 +0800] "POST /xingrg/kc/buy/cgsh_order_operate.html HTTP/1.1" 200 37
114.83.217.254 - - [19/Nov/2022:12:03:35 +0800] "GET /xingrg/javascript/easyui/themes/default/validatebox.css HTTP/1.1" 404 1104
114.83.217.254 - - [19/Nov/2022:12:03:35 +0800] "POST /xingrg/kc/buy/cgsh_order_operate.html HTTP/1.1" 200 2984
124.79.74.72 - - [19/Nov/2022:12:03:36 +0800] "POST /xingrg/kc/buy/cgsh_order_operate.html HTTP/1.1" 200 6780
218.81.217.29 - - [19/Nov/2022:12:03:36 +0800] "GET /xingrg/all/function/internal_message.html?_=1668830638777&CODE_STATE=getMsg HTTP/1.1" 200 27
114.95.46.117 - - [19/Nov/2022:12:03:37 +0800] "GET /xingrg/all/function/internal_message.html?_=1668830466142&CODE_STATE=getMsg HTTP/1.1" 200 27
124.79.74.72 - - [19/Nov/2022:12:03:37 +0800] "GET /xingrg/kc/print/load_config.html?kc_code=cgsh HTTP/1.1" 200 1943
114.83.217.254 - - [19/Nov/2022:12:03:37 +0800] "GET /xingrg/kc/print/load_data.html?order_code=212022111906420&kc_code=cgsh&condition= HTTP/1.1" 200 1705
124.79.74.72 - - [19/Nov/2022:12:03:37 +0800] "GET /xingrg/kc/print/load_data.html?order_code=212022111906422&kc_code=cgsh&condition= HTTP/1.1" 200 2314
180.169.147.146 - - [19/Nov/2022:12:03:37 +0800] "GET /xingrg/all/function/internal_message.html?_=1668830617741&CODE_STATE=getMsg HTTP/1.1" 200 27
114.83.217.254 - - [19/Nov/2022:12:03:41 +0800] "GET /xingrg/kc/buy/cgsh_order_add.html HTTP/1.1" 200 69586
124.79.74.72 - - [19/Nov/2022:12:03:41 +0800] "GET /xingrg/kc/buy/cgsh_order_add.html HTTP/1.1" 200 69577
114.83.217.254 - - [19/Nov/2022:12:03:41 +0800] "POST /xingrg/kc/buy/cgsh_order_operate.html HTTP/1.1" 200 8245
114.83.217.254 - - [19/Nov/2022:12:03:41 +0800] "GET /xingrg/javascript/easyui/themes/default/validatebox.css HTTP/1.1" 404 1104
124.79.74.72 - - [19/Nov/2022:12:03:41 +0800] "POST /xingrg/kc/buy/cgsh_order_operate.html HTTP/1.1" 200 8245
124.79.74.72 - - [19/Nov/2022:12:03:41 +0800] "GET /xingrg/all/common/auto_word.html?type=employee&rest_code=00156 HTTP/1.1" 200 97
124.79.74.72 - - [19/Nov/2022:12:03:41 +0800] "GET /xingrg/all/common/auto_word.html?type=employee&rest_code=00156 HTTP/1.1" 200 97
124.79.74.72 - - [19/Nov/2022:12:03:41 +0800] "GET /xingrg/javascript/easyui/themes/default/validatebox.css HTTP/1.1" 404 1104
180.162.229.95 - - [19/Nov/2022:12:03:47 +0800] "GET /xingrg/all/function/internal_message.html?_=1668830628089&CODE_STATE=getMsg HTTP/1.1" 200 27
180.162.229.95 - - [19/Nov/2022:12:03:47 +0800] "GET /xingrg/check_reg.html?_=1668830628172 HTTP/1.1" 200 22
114.83.217.254 - - [19/Nov/2022:12:03:48 +0800] "GET /xingrg/all/function/internal_message.html?_=1668830626717&CODE_STATE=getMsg HTTP/1.1" 200 27
180.162.229.95 - - [19/Nov/2022:12:03:49 +0800] "GET /xingrg/system/info/materiel_import.html?isSelect=1&singleSelect=false HTTP/1.1" 200 5600
180.162.229.95 - - [19/Nov/2022:12:03:49 +0800] "POST /xingrg/all/common/load_tree.html?tree=materiel_sort_tree_json HTTP/1.1" 200 9500
180.162.229.95 - - [19/Nov/2022:12:03:49 +0800] "GET /favicon.ico HTTP/1.1" 404 -
124.79.74.72 - - [19/Nov/2022:12:03:51 +0800] "GET /xingrg/kc/buy/cgsh_order_operate.html?command=get_materiel&rest_code=00156&code=00101009006&supplier_code=00100562&order_time=2022-11-19 HTTP/1.1" 200 409
180.162.229.95 - - [19/Nov/2022:12:03:53 +0800] "GET /xingrg/system/info/materiel_import.html?isSelect=1&singleSelect=false HTTP/1.1" 200 5600
180.162.229.95 - - [19/Nov/2022:12:03:53 +0800] "POST /xingrg/all/common/load_tree.html?tree=materiel_sort_tree_json HTTP/1.1" 200 9500
180.162.229.95 - - [19/Nov/2022:12:03:53 +0800] "GET /favicon.ico HTTP/1.1" 404 -
180.162.115.136 - - [19/Nov/2022:12:03:54 +0800] "GET /xingrg/all/function/internal_message.html?_=1668829677944&CODE_STATE=getMsg HTTP/1.1" 200 27
124.79.74.72 - - [19/Nov/2022:12:03:58 +0800] "GET /xingrg/kc/buy/cgsh_order_operate.html?command=get_materiel&rest_code=00156&code=00101009124&supplier_code=00100562&order_time=2022-11-19 HTTP/1.1" 200 417
124.79.74.72 - - [19/Nov/2022:12:04:01 +0800] "GET /xingrg/all/function/internal_message.html?_=1668830647123&CODE_STATE=getMsg HTTP/1.1" 200 27
114.83.217.254 - - [19/Nov/2022:12:04:03 +0800] "GET /xingrg/kc/buy/cgsh_order_operate.html?command=get_materiel&rest_code=00149&code=00101012059&supplier_code=00100036&order_time=2022-11-19 HTTP/1.1" 200 413
124.79.74.72 - - [19/Nov/2022:12:04:03 +0800] "GET /xingrg/kc/buy/cgsh_order_operate.html?command=get_materiel&rest_code=00156&code=00101009013&supplier_code=00100562&order_time=2022-11-19 HTTP/1.1" 200 421
124.79.74.72 - - [19/Nov/2022:12:04:09 +0800] "GET /xingrg/kc/buy/cgsh_order_operate.html?command=get_materiel&rest_code=00156&code=00101009159&supplier_code=00100562&order_time=2022-11-19 HTTP/1.1" 200 408
61.170.235.134 - - [19/Nov/2022:12:04:09 +0800] "GET /xingrg/all/function/internal_message.html?_=1668830642849&CODE_STATE=getMsg HTTP/1.1" 200 27
180.162.229.95 - - [19/Nov/2022:12:04:11 +0800] "GET /xingrg/all/function/internal_message.html?_=1668830660376&CODE_STATE=getMsg HTTP/1.1" 302 -
114.83.217.254 - - [19/Nov/2022:12:04:14 +0800] "GET /xingrg/kc/buy/cgsh_order_operate.html?command=get_materiel&rest_code=00149&code=00101013295&supplier_code=00100036&order_time=2022-11-19 HTTP/1.1" 200 423
116.230.105.139 - - [19/Nov/2022:12:04:14 +0800] "GET /xingrg/all/function/internal_message.html?_=1668830647931&CODE_STATE=getMsg HTTP/1.1" 200 27
116.238.139.35 - - [19/Nov/2022:12:04:14 +0800] "GET /xingrg/all/function/internal_message.html?_=1668830565866&CODE_STATE=getMsg HTTP/1.1" 200 27
120.253.135.82 - - [19/Nov/2022:12:04:14 +0800] "GET /xingrg/check_reg.html?_=1668830768659 HTTP/1.1" 200 22
120.253.135.82 - - [19/Nov/2022:12:04:15 +0800] "GET /xingrg/all/function/internal_message.html?_=1668830769344&CODE_STATE=getMsg HTTP/1.1" 200 27
114.95.46.117 - - [19/Nov/2022:12:04:16 +0800] "GET /xingrg/all/function/internal_message.html?_=1668830657042&CODE_STATE=getMsg HTTP/1.1" 200 27
124.79.74.72 - - [19/Nov/2022:12:04:17 +0800] "POST /xingrg/kc/buy/cgsh_order_operate.html HTTP/1.1" 200 37
