180.162.115.118 - - [18/Nov/2022:11:40:47 +0800] "GET /xingrg/words/20221118103637_words.js HTTP/1.1" 200 933117
180.162.115.118 - - [18/Nov/2022:11:40:47 +0800] "GET /xingrg/javascript/easyui/themes/icons/ok.png HTTP/1.1" 304 -
180.162.115.118 - - [18/Nov/2022:11:40:47 +0800] "GET /xingrg/javascript/easyui/themes/icons/template_new.png HTTP/1.1" 304 -
180.162.115.118 - - [18/Nov/2022:11:40:47 +0800] "GET /xingrg/javascript/easyui/themes/icons/print.png HTTP/1.1" 304 -
180.162.115.118 - - [18/Nov/2022:11:40:47 +0800] "GET /xingrg/javascript/easyui/themes/default/images/menu_downarrow.png HTTP/1.1" 304 -
180.162.115.118 - - [18/Nov/2022:11:40:47 +0800] "GET /xingrg/javascript/easyui/themes/icons/cancel.png HTTP/1.1" 304 -
180.162.115.118 - - [18/Nov/2022:11:40:48 +0800] "GET /xingrg/all/common/auto_word.html?type=base&rest_code=00143 HTTP/1.1" 200 673
180.162.115.118 - - [18/Nov/2022:11:40:48 +0800] "GET /xingrg/all/common/auto_word.html?type=base&rest_code=00143 HTTP/1.1" 200 673
116.238.139.35 - - [18/Nov/2022:11:40:48 +0800] "GET /xingrg/all/function/internal_message.html?_=1668742850804&CODE_STATE=getMsg HTTP/1.1" 200 27
180.162.115.118 - - [18/Nov/2022:11:40:48 +0800] "GET /xingrg/javascript/easyui/themes/default/validatebox.css HTTP/1.1" 404 1104
180.162.115.118 - - [18/Nov/2022:11:40:48 +0800] "GET /xingrg/javascript/easyui/plugins/jquery.validatebox.js HTTP/1.1" 304 -
180.162.115.118 - - [18/Nov/2022:11:40:48 +0800] "GET /xingrg/javascript/easyui/plugins/jquery.numberbox.js HTTP/1.1" 304 -
180.162.115.118 - - [18/Nov/2022:11:40:48 +0800] "POST /xingrg/kc/base/wldb_order_operate.html HTTP/1.1" 200 6806
180.162.115.118 - - [18/Nov/2022:11:40:48 +0800] "GET /xingrg/javascript/easyui/themes/icons/edit_remove.png HTTP/1.1" 304 -
180.162.115.118 - - [18/Nov/2022:11:40:49 +0800] "GET /xingrg/css/images/panel_loading.gif HTTP/1.1" 304 -
180.162.115.118 - - [18/Nov/2022:11:40:49 +0800] "POST /xingrg/all/common/load_combo.html?type=base HTTP/1.1" 200 1221
120.253.135.82 - - [18/Nov/2022:11:40:50 +0800] "GET /xingrg/kc/pszx/mdps_order_operate.html?command=get_materiel&pszx_code=00101&rest_code=00103&base_code=0010250&code=00102003523 HTTP/1.1" 200 433
114.84.81.136 - - [18/Nov/2022:11:40:50 +0800] "GET /xingrg/kc/buy/cgsh_order_operate.html?command=get_materiel&rest_code=00148&code=00101029022&supplier_code=00100017&order_time=2022-11-18 HTTP/1.1" 200 474
114.84.81.136 - - [18/Nov/2022:11:40:51 +0800] "GET /xingrg/all/function/internal_message.html?_=1668742859449&CODE_STATE=getMsg HTTP/1.1" 200 27
180.162.115.118 - - [18/Nov/2022:11:40:51 +0800] "POST /xingrg/all/common/load_combo.html?type=base HTTP/1.1" 200 1221
222.70.183.206 - - [18/Nov/2022:11:40:54 +0800] "GET /xingrg/all/function/internal_message.html?_=1668742853248&CODE_STATE=getMsg HTTP/1.1" 200 27
218.81.217.29 - - [18/Nov/2022:11:40:54 +0800] "GET /xingrg/all/function/internal_message.html?_=1668742873465&CODE_STATE=getMsg HTTP/1.1" 200 27
101.85.95.132 - - [18/Nov/2022:11:40:57 +0800] "GET /xingrg/all/function/internal_message.html?_=1668742856212&CODE_STATE=getMsg HTTP/1.1" 200 27
180.169.147.146 - - [18/Nov/2022:11:40:57 +0800] "GET /xingrg/kc/base/wldb_order_operate.html?command=get_materiel&rest_code=00147&base_code=0010341&code=00101025014 HTTP/1.1" 200 463
114.84.81.136 - - [18/Nov/2022:11:40:58 +0800] "GET /xingrg/kc/buy/cgsh_order_operate.html?command=get_materiel&rest_code=00148&code=00101028016&supplier_code=00100017&order_time=2022-11-18 HTTP/1.1" 200 467
180.162.229.95 - - [18/Nov/2022:11:41:01 +0800] "GET /xingrg/all/function/internal_message.html?_=1668742886575&CODE_STATE=getMsg HTTP/1.1" 200 27
180.162.229.95 - - [18/Nov/2022:11:41:01 +0800] "GET /xingrg/check_reg.html?_=1668742886579 HTTP/1.1" 200 22
120.253.135.82 - - [18/Nov/2022:11:41:02 +0800] "GET /xingrg/kc/pszx/mdps_order_operate.html?command=get_materiel&pszx_code=00101&rest_code=00103&base_code=0010250&code=00102002038 HTTP/1.1" 200 433
218.81.217.29 - - [18/Nov/2022:11:41:02 +0800] "GET /xingrg/check_reg.html?_=1668742880928 HTTP/1.1" 200 22
180.169.147.146 - - [18/Nov/2022:11:41:06 +0800] "POST /xingrg/kc/base/wldb_order_operate.html HTTP/1.1" 200 37
180.169.147.146 - - [18/Nov/2022:11:41:07 +0800] "POST /xingrg/kc/base/wldb_order_operate.html HTTP/1.1" 200 2208
172.20.0.100 - - [18/Nov/2022:11:41:07 +0800] "GET /xingrg/all/function/internal_message.html?_=1668742867590&CODE_STATE=getMsg HTTP/1.1" 200 27
114.84.81.136 - - [18/Nov/2022:11:41:08 +0800] "POST /xingrg/kc/buy/cgsh_order_operate.html HTTP/1.1" 200 37
114.84.81.136 - - [18/Nov/2022:11:41:09 +0800] "POST /xingrg/kc/buy/cgsh_order_operate.html HTTP/1.1" 200 7669
180.162.229.95 - - [18/Nov/2022:11:41:10 +0800] "GET /xingrg/all/function/internal_message.html?_=1668742878157&CODE_STATE=getMsg HTTP/1.1" 200 27
120.253.135.82 - - [18/Nov/2022:11:41:10 +0800] "GET /xingrg/kc/pszx/mdps_order_operate.html?command=get_materiel&pszx_code=00101&rest_code=00103&base_code=0010250&code=00102006004 HTTP/1.1" 200 440
114.84.81.136 - - [18/Nov/2022:11:41:10 +0800] "GET /xingrg/kc/print/load_data.html?order_code=212022111806050&kc_code=cgsh&condition= HTTP/1.1" 200 2820
180.169.147.146 - - [18/Nov/2022:11:41:11 +0800] "GET /xingrg/kc/base/wldb_order_info.html?code=422022111801450 HTTP/1.1" 200 30404
180.169.147.146 - - [18/Nov/2022:11:41:11 +0800] "GET /xingrg/javascript/easyui/themes/default/validatebox.css HTTP/1.1" 404 1104
180.169.147.146 - - [18/Nov/2022:11:41:11 +0800] "POST /xingrg/kc/base/wldb_order_operate.html HTTP/1.1" 200 2208
114.95.46.117 - - [18/Nov/2022:11:41:11 +0800] "GET /xingrg/all/function/internal_message.html?_=1668742873158&CODE_STATE=getMsg HTTP/1.1" 200 27
114.95.46.117 - - [18/Nov/2022:11:41:15 +0800] "GET /xingrg/check_reg.html?_=1668742876500 HTTP/1.1" 200 22
180.169.147.146 - - [18/Nov/2022:11:41:16 +0800] "POST /xingrg/kc/base/wldb_list_operate.html HTTP/1.1" 200 3387
180.163.28.55 - - [18/Nov/2022:11:41:16 +0800] "GET /xingrg/all/function/internal_message.html?_=1668742811399&CODE_STATE=getMsg HTTP/1.1" 302 -
180.163.28.55 - - [18/Nov/2022:11:41:16 +0800] "GET /xingrg/login.html HTTP/1.1" 200 7641
180.169.147.146 - - [18/Nov/2022:11:41:16 +0800] "POST /xingrg/kc/base/wldb_list_operate.html HTTP/1.1" 200 381
180.169.147.146 - - [18/Nov/2022:11:41:17 +0800] "GET /xingrg/kc/base/wldb_order_info.html?code=422022111801449 HTTP/1.1" 200 30404
61.170.233.161 - - [18/Nov/2022:11:41:17 +0800] "GET /xingrg/all/function/internal_message.html?_=1668742871367&CODE_STATE=getMsg HTTP/1.1" 200 27
180.169.147.146 - - [18/Nov/2022:11:41:17 +0800] "GET /xingrg/javascript/easyui/themes/default/validatebox.css HTTP/1.1" 404 1104
180.169.147.146 - - [18/Nov/2022:11:41:17 +0800] "POST /xingrg/kc/base/wldb_order_operate.html HTTP/1.1" 200 3197
116.238.139.35 - - [18/Nov/2022:11:41:18 +0800] "GET /xingrg/all/function/internal_message.html?_=1668742791341&CODE_STATE=getMsg HTTP/1.1" 200 27
116.235.93.82 - - [18/Nov/2022:11:41:22 +0800] "GET /xingrg/all/function/internal_message.html?_=1668743099188&CODE_STATE=getMsg HTTP/1.1" 200 27
61.170.233.161 - - [18/Nov/2022:11:41:22 +0800] "GET /xingrg/all/function/internal_message.html?_=1668742884886&CODE_STATE=getMsg HTTP/1.1" 200 27
180.162.115.118 - - [18/Nov/2022:11:41:22 +0800] "GET /xingrg/all/function/internal_message.html?_=1668741927591&CODE_STATE=getMsg HTTP/1.1" 200 27
116.230.105.139 - - [18/Nov/2022:11:41:22 +0800] "GET /xingrg/all/function/internal_message.html?_=1668742878568&CODE_STATE=getMsg HTTP/1.1" 200 27
180.162.115.118 - - [18/Nov/2022:11:41:25 +0800] "GET /xingrg/javascript/auto/indicator.gif HTTP/1.1" 404 1066
116.230.105.139 - - [18/Nov/2022:11:41:26 +0800] "GET /xingrg/all/function/internal_message.html?_=1668742887077&CODE_STATE=getMsg HTTP/1.1" 200 27
180.169.147.146 - - [18/Nov/2022:11:41:27 +0800] "GET /xingrg/all/function/internal_message.html?_=1668742886633&CODE_STATE=getMsg HTTP/1.1" 200 27
180.162.115.118 - - [18/Nov/2022:11:41:27 +0800] "GET /xingrg/kc/base/wldb_order_operate.html?command=get_materiel&rest_code=00143&base_code=0010216&code=00101016018 HTTP/1.1" 200 444
180.162.115.118 - - [18/Nov/2022:11:41:29 +0800] "POST /xingrg/all/common/load_select.html HTTP/1.1" 200 25
114.84.81.136 - - [18/Nov/2022:11:41:30 +0800] "GET /xingrg/all/function/internal_message.html?_=1668742891116&CODE_STATE=getMsg HTTP/1.1" 200 27
120.253.135.82 - - [18/Nov/2022:11:41:30 +0800] "GET /xingrg/kc/pszx/mdps_order_operate.html?command=get_materiel&pszx_code=00101&rest_code=00103&base_code=0010250&code=00102002757 HTTP/1.1" 200 440
124.79.74.72 - - [18/Nov/2022:11:41:30 +0800] "GET /xingrg/all/function/internal_message.html?_=1668742895125&CODE_STATE=getMsg HTTP/1.1" 200 27
114.95.46.117 - - [18/Nov/2022:11:41:31 +0800] "GET /xingrg/all/function/internal_message.html?_=1668742741124&CODE_STATE=getMsg HTTP/1.1" 200 27
180.162.115.118 - - [18/Nov/2022:11:41:31 +0800] "GET /xingrg/kc/base/wldb_order_operate.html?command=get_materiel_price&rest_code=00143&base_code=0010216&code=00101016018&unit_code=00100140 HTTP/1.1" 200 36
114.83.218.138 - - [18/Nov/2022:11:41:34 +0800] "GET /favicon.ico HTTP/1.1" 404 -
120.253.135.82 - - [18/Nov/2022:11:41:39 +0800] "GET /xingrg/kc/pszx/mdps_order_operate.html?command=get_materiel&pszx_code=00101&rest_code=00103&base_code=0010250&code=00102002045 HTTP/1.1" 200 432
120.253.135.82 - - [18/Nov/2022:11:41:41 +0800] "GET /xingrg/all/function/internal_message.html?_=1668742373878&CODE_STATE=getMsg HTTP/1.1" 200 27
114.83.219.57 - - [18/Nov/2022:11:41:43 +0800] "GET /xingrg/all/function/internal_message.html?_=1668743025574&CODE_STATE=getMsg HTTP/1.1" 200 27
180.162.229.95 - - [18/Nov/2022:11:41:44 +0800] "GET /xingrg/all/function/internal_message.html?_=1668742904206&CODE_STATE=getMsg HTTP/1.1" 200 27
180.169.147.146 - - [18/Nov/2022:11:41:45 +0800] "GET /xingrg/kc/base/wldb_order_operate.html?command=get_materiel&rest_code=00147&base_code=0010287&code=00102002150 HTTP/1.1" 200 447
120.253.135.82 - - [18/Nov/2022:11:41:47 +0800] "GET /xingrg/kc/pszx/mdps_order_operate.html?command=get_materiel&pszx_code=00101&rest_code=00103&base_code=0010250&code=00102015103 HTTP/1.1" 200 438
180.162.115.118 - - [18/Nov/2022:11:41:47 +0800] "GET /xingrg/kc/base/wldb_order_operate.html?command=get_materiel&rest_code=00143&base_code=0010216&code=00101019536 HTTP/1.1" 200 471
116.238.139.35 - - [18/Nov/2022:11:41:48 +0800] "GET /xingrg/all/function/internal_message.html?_=1668742910805&CODE_STATE=getMsg HTTP/1.1" 200 27
114.83.218.138 - - [18/Nov/2022:11:41:49 +0800] "GET /xingrg/login.html?sysBaseUrl=http%3A%2F%2F180.169.147.146%3A18081%2Fxingrg%2F&costTime=31×tamp=1615347190560 HTTP/1.1" 200 7641
114.83.218.138 - - [18/Nov/2022:11:41:50 +0800] "GET /favicon.ico HTTP/1.1" 404 -
114.84.81.136 - - [18/Nov/2022:11:41:51 +0800] "GET /xingrg/all/function/internal_message.html?_=1668742919441&CODE_STATE=getMsg HTTP/1.1" 200 27
180.169.147.146 - - [18/Nov/2022:11:41:51 +0800] "GET /xingrg/kc/base/wldb_order_operate.html?command=get_materiel&rest_code=00147&base_code=0010287&code=00102001095 HTTP/1.1" 200 436
114.83.218.138 - - [18/Nov/2022:11:41:51 +0800] "POST /xingrg/login.do HTTP/1.1" 302 -
114.83.218.138 - - [18/Nov/2022:11:41:51 +0800] "GET /xingrg/index.html?sysBaseUrl=http%3A%2F%2F180.169.147.146%3A18081%2Fxingrg%2F&costTime=54×tamp=1668742911880 HTTP/1.1" 200 17179
114.83.218.138 - - [18/Nov/2022:11:41:52 +0800] "GET /favicon.ico HTTP/1.1" 404 -
114.83.218.138 - - [18/Nov/2022:11:41:52 +0800] "POST /xingrg/all/common/load_tree.html?tree=area_rest_tree_json&manage=1 HTTP/1.1" 200 351
114.83.218.138 - - [18/Nov/2022:11:41:52 +0800] "GET /xingrg/all/function/internal_message.html?_=1668742911749&CODE_STATE=count HTTP/1.1" 200 11
114.83.218.138 - - [18/Nov/2022:11:41:52 +0800] "GET /xingrg/check_reg.html?_=1668742911750 HTTP/1.1" 200 22
114.83.218.138 - - [18/Nov/2022:11:41:52 +0800] "POST /xingrg/load_menu.html HTTP/1.1" 200 5138
222.70.183.206 - - [18/Nov/2022:11:41:54 +0800] "GET /xingrg/all/function/internal_message.html?_=1668742913234&CODE_STATE=getMsg HTTP/1.1" 200 27
218.81.217.29 - - [18/Nov/2022:11:41:54 +0800] "GET /xingrg/all/function/internal_message.html?_=1668742933469&CODE_STATE=getMsg HTTP/1.1" 200 27
180.169.147.146 - - [18/Nov/2022:11:41:55 +0800] "POST /xingrg/kc/base/wldb_order_operate.html HTTP/1.1" 200 1710
114.83.218.138 - - [18/Nov/2022:11:41:56 +0800] "GET /xingrg/kc/buy/cgsh_order_list.html HTTP/1.1" 200 53723
101.85.95.132 - - [18/Nov/2022:11:41:57 +0800] "GET /xingrg/all/function/internal_message.html?_=1668742916196&CODE_STATE=getMsg HTTP/1.1" 200 27
120.253.135.82 - - [18/Nov/2022:11:41:57 +0800] "GET /xingrg/kc/pszx/mdps_order_operate.html?command=get_materiel&pszx_code=00101&rest_code=00103&base_code=0010250&code=00102015055 HTTP/1.1" 200 437
114.83.218.138 - - [18/Nov/2022:11:41:57 +0800] "POST /xingrg/kc/buy/cgsh_list_operate.html HTTP/1.1" 200 986
180.169.147.146 - - [18/Nov/2022:11:41:58 +0800] "GET /xingrg/kc/base/wldb_order_operate.html?command=get_materiel&rest_code=00147&base_code=0010287&code=00102001118 HTTP/1.1" 200 434
180.162.229.95 - - [18/Nov/2022:11:42:01 +0800] "GET /xingrg/all/function/internal_message.html?_=1668742946580&CODE_STATE=getMsg HTTP/1.1" 200 27
180.169.147.146 - - [18/Nov/2022:11:42:04 +0800] "GET /xingrg/kc/base/wldb_order_operate.html?command=get_materiel&rest_code=00147&base_code=0010287&code=00102001151 HTTP/1.1" 200 434
120.253.135.82 - - [18/Nov/2022:11:42:07 +0800] "GET /xingrg/kc/pszx/mdps_order_operate.html?command=get_materiel&pszx_code=00101&rest_code=00103&base_code=0010250&code=00102002726 HTTP/1.1" 200 447
172.20.0.100 - - [18/Nov/2022:11:42:07 +0800] "GET /xingrg/all/function/internal_message.html?_=1668742927593&CODE_STATE=getMsg HTTP/1.1" 200 27
180.162.115.118 - - [18/Nov/2022:11:42:09 +0800] "GET /xingrg/kc/base/wldb_order_operate.html?command=get_materiel&rest_code=00143&base_code=0010216&code=00101019074 HTTP/1.1" 200 471
180.169.147.146 - - [18/Nov/2022:11:42:09 +0800] "GET /xingrg/kc/base/wldb_order_operate.html?command=get_materiel&rest_code=00147&base_code=0010287&code=00102001074 HTTP/1.1" 200 433
180.162.229.95 - - [18/Nov/2022:11:42:10 +0800] "GET /xingrg/check_reg.html?_=1668742938157 HTTP/1.1" 200 22
180.162.229.95 - - [18/Nov/2022:11:42:10 +0800] "GET /xingrg/all/function/internal_message.html?_=1668742938155&CODE_STATE=getMsg HTTP/1.1" 200 27
114.95.46.117 - - [18/Nov/2022:11:42:11 +0800] "GET /xingrg/all/function/internal_message.html?_=1668742933138&CODE_STATE=getMsg HTTP/1.1" 200 27
116.238.139.35 - - [18/Nov/2022:11:42:12 +0800] "POST /xingrg/all/user/operate.html HTTP/1.1" 200 36
116.238.139.35 - - [18/Nov/2022:11:42:12 +0800] "GET /xingrg/javascript/jquery_easy_ui/themes/default/easyui.css HTTP/1.1" 304 -
116.238.139.35 - - [18/Nov/2022:11:42:12 +0800] "GET /xingrg/javascript/jquery_easy_ui/themes/icon.css HTTP/1.1" 304 -
116.238.139.35 - - [18/Nov/2022:11:42:12 +0800] "GET /xingrg/css/form.css HTTP/1.1" 304 -
116.238.139.35 - - [18/Nov/2022:11:42:12 +0800] "GET /xingrg/javascript/jquery-1.4.2.min.js HTTP/1.1" 304 -
116.238.139.35 - - [18/Nov/2022:11:42:12 +0800] "GET /xingrg/javascript/jquery_easy_ui/jquery.easyui.min.js HTTP/1.1" 304 -
116.238.139.35 - - [18/Nov/2022:11:42:12 +0800] "GET /xingrg/javascript/jquery_easy_ui/easyui-lang-zh_CN.js HTTP/1.1" 304 -
116.238.139.35 - - [18/Nov/2022:11:42:12 +0800] "GET /xingrg/javascript/jquery.form.js HTTP/1.1" 304 -
116.238.139.35 - - [18/Nov/2022:11:42:12 +0800] "GET /xingrg/javascript/jquery.utils.js HTTP/1.1" 304 -
116.238.139.35 - - [18/Nov/2022:11:42:12 +0800] "GET /xingrg/javascript/jquery.timers.js HTTP/1.1" 304 -
116.238.139.35 - - [18/Nov/2022:11:42:12 +0800] "GET /xingrg/images/blue/jxLogo.png HTTP/1.1" 304 -
116.238.139.35 - - [18/Nov/2022:11:42:12 +0800] "GET /xingrg/images/blue/navBackgound.jpg HTTP/1.1" 304 -
116.238.139.35 - - [18/Nov/2022:11:42:12 +0800] "GET /xingrg/javascript/jquery_easy_ui/themes/icons/settle_new.png HTTP/1.1" 304 -
116.238.139.35 - - [18/Nov/2022:11:42:12 +0800] "GET /xingrg/index.html?sysBaseUrl=http%3A%2F%2F180.169.147.146%3A18081%2Fxingrg%2F&costTime=44×tamp=1668738530965 HTTP/1.1" 200 17179
116.238.139.35 - - [18/Nov/2022:11:42:13 +0800] "POST /xingrg/all/common/load_tree.html?tree=area_rest_tree_json&manage=1 HTTP/1.1" 200 476
116.238.139.35 - - [18/Nov/2022:11:42:13 +0800] "GET /xingrg/all/function/internal_message.html?_=1668742935534&CODE_STATE=count HTTP/1.1" 200 11
116.238.139.35 - - [18/Nov/2022:11:42:13 +0800] "GET /xingrg/check_reg.html?_=1668742935535 HTTP/1.1" 200 22
116.238.139.35 - - [18/Nov/2022:11:42:13 +0800] "POST /xingrg/load_menu.html HTTP/1.1" 200 5138
180.169.147.146 - - [18/Nov/2022:11:42:13 +0800] "POST /xingrg/kc/base/wldb_order_operate.html HTTP/1.1" 200 37
180.169.147.146 - - [18/Nov/2022:11:42:14 +0800] "POST /xingrg/kc/base/wldb_order_operate.html HTTP/1.1" 200 6570
120.253.135.82 - - [18/Nov/2022:11:42:15 +0800] "GET /xingrg/kc/pszx/mdps_order_operate.html?command=get_materiel&pszx_code=00101&rest_code=00103&base_code=0010250&code=00102005747 HTTP/1.1" 200 434
116.238.139.35 - - [18/Nov/2022:11:42:15 +0800] "GET /xingrg/kc/buy/cgsh_order_list.html HTTP/1.1" 200 53723
116.238.139.35 - - [18/Nov/2022:11:42:16 +0800] "POST /xingrg/kc/buy/cgsh_list_operate.html HTTP/1.1" 200 986
180.163.30.85 - - [18/Nov/2022:11:42:16 +0800] "GET /xingrg/all/function/internal_message.html?_=1668742871367&CODE_STATE=getMsg HTTP/1.1" 302 -
180.163.30.85 - - [18/Nov/2022:11:42:16 +0800] "GET /xingrg/login.html HTTP/1.1" 200 7641
116.238.139.35 - - [18/Nov/2022:11:42:17 +0800] "GET /xingrg/words/20221118103637_words.js HTTP/1.1" 304 -
61.170.233.161 - - [18/Nov/2022:11:42:17 +0800] "GET /xingrg/all/function/internal_message.html?_=1668742931349&CODE_STATE=getMsg HTTP/1.1" 200 27
116.238.139.35 - - [18/Nov/2022:11:42:17 +0800] "GET /xingrg/kc/buy/cgsh_order_add.html HTTP/1.1" 200 69498
116.238.139.35 - - [18/Nov/2022:11:42:17 +0800] "GET /xingrg/javascript/easyui/themes/default/validatebox.css HTTP/1.1" 404 1104
116.238.139.35 - - [18/Nov/2022:11:42:17 +0800] "POST /xingrg/kc/buy/cgsh_order_operate.html HTTP/1.1" 200 8245
116.238.139.35 - - [18/Nov/2022:11:42:18 +0800] "GET /xingrg/all/function/internal_message.html?_=1668742851391&CODE_STATE=getMsg HTTP/1.1" 200 27
180.169.147.146 - - [18/Nov/2022:11:42:18 +0800] "GET /xingrg/kc/base/wldb_order_info.html?code=422022111801449 HTTP/1.1" 200 30405
180.169.147.146 - - [18/Nov/2022:11:42:18 +0800] "GET /xingrg/javascript/easyui/themes/default/validatebox.css HTTP/1.1" 404 1104
180.169.147.146 - - [18/Nov/2022:11:42:19 +0800] "POST /xingrg/kc/base/wldb_order_operate.html HTTP/1.1" 200 6570
61.170.233.161 - - [18/Nov/2022:11:42:22 +0800] "GET /xingrg/all/function/internal_message.html?_=1668742944858&CODE_STATE=getMsg HTTP/1.1" 200 27
116.235.93.82 - - [18/Nov/2022:11:42:22 +0800] "GET /xingrg/all/function/internal_message.html?_=1668743159185&CODE_STATE=getMsg HTTP/1.1" 200 27
180.162.115.118 - - [18/Nov/2022:11:42:22 +0800] "GET /xingrg/all/function/internal_message.html?_=1668741987586&CODE_STATE=getMsg HTTP/1.1" 200 27
116.230.105.139 - - [18/Nov/2022:11:42:22 +0800] "GET /xingrg/all/function/internal_message.html?_=1668742938551&CODE_STATE=getMsg HTTP/1.1" 200 27
180.162.115.118 - - [18/Nov/2022:11:42:22 +0800] "GET /xingrg/kc/base/wldb_order_operate.html?command=get_materiel&rest_code=00143&base_code=0010216&code=00101016044 HTTP/1.1" 200 464
180.169.147.146 - - [18/Nov/2022:11:42:24 +0800] "POST /xingrg/kc/base/wldb_order_operate.html HTTP/1.1" 200 37
180.169.147.146 - - [18/Nov/2022:11:42:24 +0800] "GET /xingrg/kc/base/wldb_order_info.html?code=422022111801449 HTTP/1.1" 200 30405
180.169.147.146 - - [18/Nov/2022:11:42:24 +0800] "POST /xingrg/kc/base/wldb_order_operate.html HTTP/1.1" 200 6570
180.169.147.146 - - [18/Nov/2022:11:42:24 +0800] "GET /xingrg/javascript/easyui/themes/default/validatebox.css HTTP/1.1" 404 1104
180.169.147.146 - - [18/Nov/2022:11:42:25 +0800] "POST /xingrg/kc/base/wldb_order_operate.html HTTP/1.1" 200 6570
180.169.147.146 - - [18/Nov/2022:11:42:26 +0800] "GET /xingrg/kc/base/wldb_order_add.html HTTP/1.1" 200 30390
116.230.105.139 - - [18/Nov/2022:11:42:26 +0800] "GET /xingrg/all/function/internal_message.html?_=1668742947087&CODE_STATE=getMsg HTTP/1.1" 200 27
116.230.105.139 - - [18/Nov/2022:11:42:26 +0800] "GET /xingrg/check_reg.html?_=1668742947089 HTTP/1.1" 200 22
120.253.135.82 - - [18/Nov/2022:11:42:26 +0800] "POST /xingrg/kc/pszx/mdps_order_operate.html HTTP/1.1" 200 37
180.169.147.146 - - [18/Nov/2022:11:42:26 +0800] "POST /xingrg/kc/base/wldb_order_operate.html HTTP/1.1" 200 6806
180.169.147.146 - - [18/Nov/2022:11:42:26 +0800] "GET /xingrg/javascript/easyui/themes/default/validatebox.css HTTP/1.1" 404 1104
180.169.147.146 - - [18/Nov/2022:11:42:27 +0800] "POST /xingrg/all/common/load_combo.html?type=base HTTP/1.1" 200 3230
180.169.147.146 - - [18/Nov/2022:11:42:27 +0800] "GET /xingrg/all/function/internal_message.html?_=1668742946605&CODE_STATE=getMsg HTTP/1.1" 200 27
120.253.135.82 - - [18/Nov/2022:11:42:28 +0800] "POST /xingrg/kc/pszx/mdps_order_operate.html HTTP/1.1" 200 12
114.84.81.136 - - [18/Nov/2022:11:42:30 +0800] "GET /xingrg/all/function/internal_message.html?_=1668742951088&CODE_STATE=getMsg HTTP/1.1" 200 27
180.169.147.146 - - [18/Nov/2022:11:42:30 +0800] "POST /xingrg/all/common/load_combo.html?type=base HTTP/1.1" 200 3230
124.79.74.72 - - [18/Nov/2022:11:42:30 +0800] "GET /xingrg/all/function/internal_message.html?_=1668742955133&CODE_STATE=getMsg HTTP/1.1" 200 27
114.95.46.117 - - [18/Nov/2022:11:42:31 +0800] "GET /xingrg/all/function/internal_message.html?_=1668742801123&CODE_STATE=getMsg HTTP/1.1" 200 27
180.162.229.95 - - [18/Nov/2022:11:42:32 +0800] "GET /xingrg/check_reg.html?_=1668742951974 HTTP/1.1" 200 22
180.169.147.146 - - [18/Nov/2022:11:42:36 +0800] "GET /xingrg/kc/base/wldb_order_operate.html?command=get_materiel&rest_code=00147&base_code=0010287&code=00102002603 HTTP/1.1" 200 432
180.162.115.118 - - [18/Nov/2022:11:42:40 +0800] "GET /xingrg/kc/base/wldb_order_operate.html?command=get_materiel&rest_code=00143&base_code=0010216&code=00101022099 HTTP/1.1" 200 447
120.253.135.82 - - [18/Nov/2022:11:42:41 +0800] "GET /xingrg/kc/pszx/mdps_order_info.html?code=312022111800387 HTTP/1.1" 200 19636
120.253.135.82 - - [18/Nov/2022:11:42:41 +0800] "GET /xingrg/javascript/easyui/themes/default/validatebox.css HTTP/1.1" 404 1104
120.253.135.82 - - [18/Nov/2022:11:42:41 +0800] "POST /xingrg/kc/pszx/mdps_order_operate.html HTTP/1.1" 200 8326
120.253.135.82 - - [18/Nov/2022:11:42:41 +0800] "GET /xingrg/all/function/internal_message.html?_=1668742433881&CODE_STATE=getMsg HTTP/1.1" 200 27
120.253.135.82 - - [18/Nov/2022:11:42:42 +0800] "GET /xingrg/check_reg.html?_=1668742434753 HTTP/1.1" 200 22
114.83.219.57 - - [18/Nov/2022:11:42:43 +0800] "GET /xingrg/all/function/internal_message.html?_=1668743085547&CODE_STATE=getMsg HTTP/1.1" 200 27
120.253.135.82 - - [18/Nov/2022:11:42:44 +0800] "GET /xingrg/kc/print/load_data.html?order_code=312022111800387&kc_code=mdps&condition= HTTP/1.1" 200 4311
180.162.229.95 - - [18/Nov/2022:11:42:44 +0800] "GET /xingrg/all/function/internal_message.html?_=1668742964191&CODE_STATE=getMsg HTTP/1.1" 200 27
180.169.147.146 - - [18/Nov/2022:11:42:48 +0800] "GET /xingrg/kc/base/wldb_order_operate.html?command=get_materiel&rest_code=00147&base_code=0010287&code=00102002851 HTTP/1.1" 200 446
114.83.218.138 - - [18/Nov/2022:11:42:52 +0800] "GET /xingrg/all/function/internal_message.html?_=1668742971770&CODE_STATE=getMsg HTTP/1.1" 200 27
180.169.147.146 - - [18/Nov/2022:11:42:53 +0800] "POST /xingrg/kc/base/wldb_order_operate.html HTTP/1.1" 200 37
180.169.147.146 - - [18/Nov/2022:11:42:53 +0800] "POST /xingrg/kc/base/wldb_order_operate.html HTTP/1.1" 200 2667
222.70.183.206 - - [18/Nov/2022:11:42:54 +0800] "GET /xingrg/all/function/internal_message.html?_=1668742973233&CODE_STATE=getMsg HTTP/1.1" 200 27
180.169.147.146 - - [18/Nov/2022:11:42:54 +0800] "GET /xingrg/kc/base/wldb_order_info.html?code=422022111801451 HTTP/1.1" 200 30405
180.169.147.146 - - [18/Nov/2022:11:42:54 +0800] "GET /xingrg/javascript/easyui/themes/default/validatebox.css HTTP/1.1" 404 1104
180.169.147.146 - - [18/Nov/2022:11:42:54 +0800] "POST /xingrg/kc/base/wldb_order_operate.html HTTP/1.1" 200 2667
218.81.217.29 - - [18/Nov/2022:11:42:54 +0800] "GET /xingrg/all/function/internal_message.html?_=1668742993483&CODE_STATE=getMsg HTTP/1.1" 200 27
101.85.95.132 - - [18/Nov/2022:11:42:57 +0800] "GET /xingrg/all/function/internal_message.html?_=1668742976195&CODE_STATE=getMsg HTTP/1.1" 200 27
180.162.115.118 - - [18/Nov/2022:11:42:58 +0800] "GET /xingrg/kc/base/wldb_order_operate.html?command=get_materiel&rest_code=00143&base_code=0010216&code=00101022082 HTTP/1.1" 200 447
180.169.147.146 - - [18/Nov/2022:11:42:58 +0800] "GET /xingrg/kc/base/wldb_order_add.html HTTP/1.1" 200 30390
180.169.147.146 - - [18/Nov/2022:11:42:59 +0800] "POST /xingrg/kc/base/wldb_order_operate.html HTTP/1.1" 200 6806
180.169.147.146 - - [18/Nov/2022:11:42:59 +0800] "GET /xingrg/javascript/easyui/themes/default/validatebox.css HTTP/1.1" 404 1104
180.169.147.146 - - [18/Nov/2022:11:42:59 +0800] "POST /xingrg/all/common/load_combo.html?type=base HTTP/1.1" 200 3230
180.169.147.146 - - [18/Nov/2022:11:43:01 +0800] "POST /xingrg/all/common/load_combo.html?type=base HTTP/1.1" 200 3230
180.162.229.95 - - [18/Nov/2022:11:43:01 +0800] "GET /xingrg/all/function/internal_message.html?_=1668743006567&CODE_STATE=getMsg HTTP/1.1" 200 27
120.253.135.82 - - [18/Nov/2022:11:43:02 +0800] "GET /xingrg/kc/pszx/mdps_order_add.html HTTP/1.1" 200 29104
120.253.135.82 - - [18/Nov/2022:11:43:03 +0800] "POST /xingrg/kc/pszx/mdps_order_operate.html HTTP/1.1" 200 7126
120.253.135.82 - - [18/Nov/2022:11:43:03 +0800] "GET /xingrg/javascript/easyui/themes/default/validatebox.css HTTP/1.1" 404 1104
172.20.0.100 - - [18/Nov/2022:11:43:07 +0800] "GET /xingrg/all/function/internal_message.html?_=1668742987594&CODE_STATE=getMsg HTTP/1.1" 200 27
180.162.229.95 - - [18/Nov/2022:11:43:10 +0800] "GET /xingrg/all/function/internal_message.html?_=1668742998162&CODE_STATE=getMsg HTTP/1.1" 200 27
120.253.135.82 - - [18/Nov/2022:11:43:11 +0800] "GET /xingrg/kc/pszx/mdps_order_operate.html?command=get_materiel&pszx_code=00101&rest_code=00156&base_code=0010250&code=00102008040 HTTP/1.1" 200 433
114.95.46.117 - - [18/Nov/2022:11:43:11 +0800] "GET /xingrg/all/function/internal_message.html?_=1668742993113&CODE_STATE=getMsg HTTP/1.1" 200 27
116.238.139.35 - - [18/Nov/2022:11:43:13 +0800] "GET /xingrg/all/function/internal_message.html?_=1668742995548&CODE_STATE=getMsg HTTP/1.1" 200 27
180.169.147.146 - - [18/Nov/2022:11:43:14 +0800] "GET /xingrg/kc/base/wldb_order_operate.html?command=get_materiel&rest_code=00147&base_code=0010287&code=00102002543 HTTP/1.1" 200 443
180.163.29.212 - - [18/Nov/2022:11:43:16 +0800] "GET /xingrg/all/function/internal_message.html?_=1668742931349&CODE_STATE=getMsg HTTP/1.1" 302 -
180.163.29.212 - - [18/Nov/2022:11:43:16 +0800] "GET /xingrg/login.html HTTP/1.1" 200 7641
61.170.233.161 - - [18/Nov/2022:11:43:17 +0800] "GET /xingrg/all/function/internal_message.html?_=1668742991324&CODE_STATE=getMsg HTTP/1.1" 200 27
116.238.139.35 - - [18/Nov/2022:11:43:18 +0800] "GET /xingrg/all/function/internal_message.html?_=1668742911400&CODE_STATE=getMsg HTTP/1.1" 200 27
120.253.135.82 - - [18/Nov/2022:11:43:19 +0800] "GET /xingrg/kc/pszx/mdps_order_operate.html?command=get_materiel&pszx_code=00101&rest_code=00156&base_code=0010250&code=00102003636 HTTP/1.1" 200 453
180.162.115.118 - - [18/Nov/2022:11:43:21 +0800] "GET /xingrg/kc/base/wldb_order_operate.html?command=get_materiel&rest_code=00143&base_code=0010216&code=00101019184 HTTP/1.1" 200 456
61.170.233.161 - - [18/Nov/2022:11:43:22 +0800] "GET /xingrg/all/function/internal_message.html?_=1668743004835&CODE_STATE=getMsg HTTP/1.1" 200 27
116.235.93.82 - - [18/Nov/2022:11:43:22 +0800] "GET /xingrg/all/function/internal_message.html?_=1668743219210&CODE_STATE=getMsg HTTP/1.1" 200 27
116.235.93.82 - - [18/Nov/2022:11:43:22 +0800] "GET /xingrg/check_reg.html?_=1668743219210 HTTP/1.1" 200 22
180.162.115.118 - - [18/Nov/2022:11:43:22 +0800] "GET /xingrg/all/function/internal_message.html?_=1668742047597&CODE_STATE=getMsg HTTP/1.1" 200 27
116.230.105.139 - - [18/Nov/2022:11:43:22 +0800] "GET /xingrg/all/function/internal_message.html?_=1668742998528&CODE_STATE=getMsg HTTP/1.1" 200 27
61.170.233.161 - - [18/Nov/2022:11:43:23 +0800] "GET /xingrg/check_reg.html?_=1668743005908 HTTP/1.1" 200 22
180.169.147.146 - - [18/Nov/2022:11:43:25 +0800] "GET /xingrg/kc/base/wldb_order_operate.html?command=get_materiel&rest_code=00147&base_code=0010287&code=00102002441 HTTP/1.1" 200 448
116.230.105.139 - - [18/Nov/2022:11:43:26 +0800] "GET /xingrg/all/function/internal_message.html?_=1668743007078&CODE_STATE=getMsg HTTP/1.1" 200 27
180.169.147.146 - - [18/Nov/2022:11:43:27 +0800] "GET /xingrg/all/function/internal_message.html?_=1668743006580&CODE_STATE=getMsg HTTP/1.1" 200 27
114.84.81.136 - - [18/Nov/2022:11:43:30 +0800] "GET /xingrg/all/function/internal_message.html?_=1668743011079&CODE_STATE=getMsg HTTP/1.1" 200 27
124.79.74.72 - - [18/Nov/2022:11:43:30 +0800] "GET /xingrg/all/function/internal_message.html?_=1668743015121&CODE_STATE=getMsg HTTP/1.1" 200 27
114.95.46.117 - - [18/Nov/2022:11:43:31 +0800] "GET /xingrg/all/function/internal_message.html?_=1668742861123&CODE_STATE=getMsg HTTP/1.1" 200 27
120.253.135.82 - - [18/Nov/2022:11:43:36 +0800] "GET /xingrg/kc/pszx/mdps_order_operate.html?command=get_materiel&pszx_code=00101&rest_code=00156&base_code=0010250&code=00102002216 HTTP/1.1" 200 451
180.169.147.146 - - [18/Nov/2022:11:43:36 +0800] "GET /xingrg/kc/base/wldb_order_operate.html?command=get_materiel&rest_code=00147&base_code=0010287&code=00102002082 HTTP/1.1" 200 453
180.169.147.146 - - [18/Nov/2022:11:43:40 +0800] "POST /xingrg/kc/base/wldb_order_operate.html HTTP/1.1" 200 37
180.169.147.146 - - [18/Nov/2022:11:43:40 +0800] "POST /xingrg/kc/base/wldb_order_operate.html HTTP/1.1" 200 2673
120.253.135.82 - - [18/Nov/2022:11:43:41 +0800] "GET /xingrg/all/function/internal_message.html?_=1668742493851&CODE_STATE=getMsg HTTP/1.1" 200 27
180.169.147.146 - - [18/Nov/2022:11:43:41 +0800] "GET /xingrg/kc/base/wldb_order_info.html?code=422022111801452 HTTP/1.1" 200 30405
120.253.135.82 - - [18/Nov/2022:11:43:41 +0800] "POST /xingrg/all/common/load_select.html HTTP/1.1" 200 25
180.169.147.146 - - [18/Nov/2022:11:43:41 +0800] "GET /xingrg/javascript/easyui/themes/default/validatebox.css HTTP/1.1" 404 1104
180.169.147.146 - - [18/Nov/2022:11:43:42 +0800] "POST /xingrg/kc/base/wldb_order_operate.html HTTP/1.1" 200 2673
114.83.219.57 - - [18/Nov/2022:11:43:43 +0800] "GET /xingrg/all/function/internal_message.html?_=1668743145518&CODE_STATE=getMsg HTTP/1.1" 200 27
120.253.135.82 - - [18/Nov/2022:11:43:43 +0800] "GET /xingrg/kc/pszx/mdps_order_operate.html?command=get_materiel_price&pszx_code=00101&rest_code=00156&base_code=0010250&code=00102002216&unit_code=00100231&order_time=2022-11-18 HTTP/1.1" 200 35
180.162.229.95 - - [18/Nov/2022:11:43:44 +0800] "GET /xingrg/all/function/internal_message.html?_=1668743024170&CODE_STATE=getMsg HTTP/1.1" 200 27
180.169.147.146 - - [18/Nov/2022:11:43:45 +0800] "GET /xingrg/kc/mdqp/pssh_order_list.html HTTP/1.1" 200 17849
180.169.147.146 - - [18/Nov/2022:11:43:46 +0800] "POST /xingrg/kc/mdqp/pssh_list_operate.html HTTP/1.1" 200 5211
180.162.115.118 - - [18/Nov/2022:11:43:46 +0800] "GET /xingrg/kc/base/wldb_order_operate.html?command=get_materiel&rest_code=00143&base_code=0010216&code=00101012015 HTTP/1.1" 200 466
180.169.147.146 - - [18/Nov/2022:11:43:47 +0800] "POST /xingrg/kc/mdqp/pssh_list_operate.html HTTP/1.1" 200 789
180.169.147.146 - - [18/Nov/2022:11:43:49 +0800] "GET /xingrg/kc/mdqp/pssh_order_info.html?code=312022111800382 HTTP/1.1" 200 17281
180.169.147.146 - - [18/Nov/2022:11:43:49 +0800] "GET /xingrg/javascript/jquery_tools/jquery-1.4.2.min.js HTTP/1.1" 404 1094
180.169.147.146 - - [18/Nov/2022:11:43:49 +0800] "GET /xingrg/javascript/easyui/themes/icons/back_new.png HTTP/1.1" 304 -
180.169.147.146 - - [18/Nov/2022:11:43:49 +0800] "POST /xingrg/kc/mdqp/pssh_order_operate.html HTTP/1.1" 200 3696
180.169.147.146 - - [18/Nov/2022:11:43:49 +0800] "GET /xingrg/all/common/auto_word.html?type=base&rest_code=00147&rest_code=00147 HTTP/1.1" 200 1803
180.169.147.146 - - [18/Nov/2022:11:43:49 +0800] "GET /xingrg/javascript/easyui/themes/default/validatebox.css HTTP/1.1" 404 1104
114.83.218.138 - - [18/Nov/2022:11:43:51 +0800] "GET /xingrg/kc/buy/cgsh_order_add.html HTTP/1.1" 200 69586
114.83.218.138 - - [18/Nov/2022:11:43:51 +0800] "GET /xingrg/words/20221118103637_words.js HTTP/1.1" 200 933117
114.83.218.138 - - [18/Nov/2022:11:43:52 +0800] "POST /xingrg/kc/buy/cgsh_order_operate.html HTTP/1.1" 200 8245
114.83.218.138 - - [18/Nov/2022:11:43:52 +0800] "GET /xingrg/all/common/auto_word.html?type=employee&rest_code=00149 HTTP/1.1" 200 197
114.83.218.138 - - [18/Nov/2022:11:43:52 +0800] "GET /xingrg/javascript/easyui/themes/default/validatebox.css HTTP/1.1" 404 1104
114.83.218.138 - - [18/Nov/2022:11:43:52 +0800] "GET /xingrg/all/function/internal_message.html?_=1668743031869&CODE_STATE=getMsg HTTP/1.1" 200 27
114.83.218.138 - - [18/Nov/2022:11:43:52 +0800] "GET /xingrg/all/common/auto_word.html?type=employee&rest_code=00149 HTTP/1.1" 200 197
180.169.147.146 - - [18/Nov/2022:11:43:53 +0800] "GET /xingrg/kc/mdqp/pssh_order_list.html?isBack=1 HTTP/1.1" 200 17849
180.169.147.146 - - [18/Nov/2022:11:43:53 +0800] "POST /xingrg/kc/mdqp/pssh_list_operate.html HTTP/1.1" 200 5211
222.70.183.206 - - [18/Nov/2022:11:43:54 +0800] "GET /xingrg/all/function/internal_message.html?_=1668743033232&CODE_STATE=getMsg HTTP/1.1" 200 27
114.83.218.138 - - [18/Nov/2022:11:43:55 +0800] "GET /xingrg/javascript/auto/indicator.gif HTTP/1.1" 404 1066
218.81.217.29 - - [18/Nov/2022:11:43:55 +0800] "GET /xingrg/all/function/internal_message.html?_=1668743053864&CODE_STATE=getMsg HTTP/1.1" 200 27
114.83.218.138 - - [18/Nov/2022:11:43:56 +0800] "GET /xingrg/javascript/jquery_tools/images/prev.gif HTTP/1.1" 404 1086
114.83.218.138 - - [18/Nov/2022:11:43:56 +0800] "GET /xingrg/javascript/jquery_tools/images/next.gif HTTP/1.1" 404 1086
101.85.95.132 - - [18/Nov/2022:11:43:57 +0800] "GET /xingrg/all/function/internal_message.html?_=1668743036199&CODE_STATE=getMsg HTTP/1.1" 200 27
101.85.95.132 - - [18/Nov/2022:11:43:57 +0800] "GET /xingrg/check_reg.html?_=1668743036203 HTTP/1.1" 200 22
180.169.147.146 - - [18/Nov/2022:11:43:57 +0800] "GET /xingrg/kc/mdqp/qqps_order_list.html HTTP/1.1" 200 9642
180.169.147.146 - - [18/Nov/2022:11:43:57 +0800] "GET /xingrg/dwr/interface/AjaxQqpsService.js HTTP/1.1" 200 16326
180.169.147.146 - - [18/Nov/2022:11:43:57 +0800] "GET /xingrg/dwr/interface/AjaxReportQueryService.js HTTP/1.1" 200 13203
180.169.147.146 - - [18/Nov/2022:11:43:57 +0800] "GET /xingrg/dwr/engine.js HTTP/1.1" 200 43631
180.169.147.146 - - [18/Nov/2022:11:43:58 +0800] "GET /xingrg/kc/mdqp/qqps_order_add.html HTTP/1.1" 200 28074
180.169.147.146 - - [18/Nov/2022:11:43:58 +0800] "GET /xingrg/dwr/interface/AjaxComOrderService.js HTTP/1.1" 200 18264
180.169.147.146 - - [18/Nov/2022:11:43:58 +0800] "GET /xingrg/dwr/interface/AjaxQqpsService.js HTTP/1.1" 200 16326
180.169.147.146 - - [18/Nov/2022:11:43:58 +0800] "GET /xingrg/dwr/engine.js HTTP/1.1" 200 43631
180.162.229.95 - - [18/Nov/2022:11:44:01 +0800] "GET /xingrg/all/function/internal_message.html?_=1668743066568&CODE_STATE=getMsg HTTP/1.1" 200 27
114.83.218.138 - - [18/Nov/2022:11:44:02 +0800] "GET /xingrg/kc/buy/cgsh_order_operate.html?command=get_materiel&rest_code=00149&code=00101008091&supplier_code=00100008&order_time=2022-11-18 HTTP/1.1" 200 412
180.169.147.146 - - [18/Nov/2022:11:44:06 +0800] "POST /xingrg/dwr/call/plaincall/AjaxQqpsService.saveOrder.dwr HTTP/1.1" 200 78
172.20.0.100 - - [18/Nov/2022:11:44:07 +0800] "GET /xingrg/all/function/internal_message.html?_=1668743047582&CODE_STATE=getMsg HTTP/1.1" 200 27
120.253.135.82 - - [18/Nov/2022:11:44:08 +0800] "POST /xingrg/kc/pszx/mdps_order_operate.html HTTP/1.1" 200 37
180.162.229.95 - - [18/Nov/2022:11:44:10 +0800] "GET /xingrg/all/function/internal_message.html?_=1668743058161&CODE_STATE=getMsg HTTP/1.1" 200 27
120.253.135.82 - - [18/Nov/2022:11:44:10 +0800] "POST /xingrg/kc/pszx/mdps_order_operate.html HTTP/1.1" 200 12
114.95.46.117 - - [18/Nov/2022:11:44:11 +0800] "GET /xingrg/all/function/internal_message.html?_=1668743053107&CODE_STATE=getMsg HTTP/1.1" 200 27
114.83.218.138 - - [18/Nov/2022:11:44:12 +0800] "GET /xingrg/kc/buy/cgsh_order_operate.html?command=get_materiel&rest_code=00149&code=00101008027&supplier_code=00100008&order_time=2022-11-18 HTTP/1.1" 200 408
116.238.139.35 - - [18/Nov/2022:11:44:13 +0800] "GET /xingrg/all/function/internal_message.html?_=1668743055550&CODE_STATE=getMsg HTTP/1.1" 200 27
180.163.29.219 - - [18/Nov/2022:11:44:16 +0800] "GET /xingrg/all/function/internal_message.html?_=1668742991324&CODE_STATE=getMsg HTTP/1.1" 302 -
180.163.29.219 - - [18/Nov/2022:11:44:16 +0800] "GET /xingrg/login.html HTTP/1.1" 200 7641
61.170.233.161 - - [18/Nov/2022:11:44:17 +0800] "GET /xingrg/all/function/internal_message.html?_=1668743051295&CODE_STATE=getMsg HTTP/1.1" 200 27
116.238.139.35 - - [18/Nov/2022:11:44:17 +0800] "GET /xingrg/check_reg.html?_=1668742970804 HTTP/1.1" 200 22
116.238.139.35 - - [18/Nov/2022:11:44:18 +0800] "GET /xingrg/all/function/internal_message.html?_=1668742971413&CODE_STATE=getMsg HTTP/1.1" 200 27
180.162.115.118 - - [18/Nov/2022:11:44:19 +0800] "GET /xingrg/kc/base/wldb_order_operate.html?command=get_materiel&rest_code=00143&base_code=0010216&code=00101022024 HTTP/1.1" 200 432
120.253.135.82 - - [18/Nov/2022:11:44:21 +0800] "GET /xingrg/kc/pszx/mdps_order_info.html?code=312022111800388 HTTP/1.1" 200 19638
114.83.218.138 - - [18/Nov/2022:11:44:21 +0800] "GET /xingrg/kc/buy/cgsh_order_operate.html?command=get_materiel&rest_code=00149&code=00101008055&supplier_code=00100008&order_time=2022-11-18 HTTP/1.1" 200 411
120.253.135.82 - - [18/Nov/2022:11:44:21 +0800] "GET /xingrg/javascript/easyui/themes/default/validatebox.css HTTP/1.1" 404 1104
120.253.135.82 - - [18/Nov/2022:11:44:21 +0800] "POST /xingrg/kc/pszx/mdps_order_operate.html HTTP/1.1" 200 1486
61.170.233.161 - - [18/Nov/2022:11:44:22 +0800] "GET /xingrg/all/function/internal_message.html?_=1668743064813&CODE_STATE=getMsg HTTP/1.1" 200 27
116.235.93.82 - - [18/Nov/2022:11:44:22 +0800] "GET /xingrg/all/function/internal_message.html?_=1668743279208&CODE_STATE=getMsg HTTP/1.1" 200 27
180.162.115.118 - - [18/Nov/2022:11:44:22 +0800] "GET /xingrg/all/function/internal_message.html?_=1668742107615&CODE_STATE=getMsg HTTP/1.1" 200 27
116.230.105.139 - - [18/Nov/2022:11:44:22 +0800] "GET /xingrg/all/function/internal_message.html?_=1668743058517&CODE_STATE=getMsg HTTP/1.1" 200 27
120.253.135.82 - - [18/Nov/2022:11:44:22 +0800] "GET /xingrg/kc/pszx/mdps_order_add.html HTTP/1.1" 200 29104
120.253.135.82 - - [18/Nov/2022:11:44:22 +0800] "GET /xingrg/javascript/easyui/themes/default/validatebox.css HTTP/1.1" 404 1104
120.253.135.82 - - [18/Nov/2022:11:44:22 +0800] "POST /xingrg/kc/pszx/mdps_order_operate.html HTTP/1.1" 200 7126
116.230.105.139 - - [18/Nov/2022:11:44:26 +0800] "GET /xingrg/all/function/internal_message.html?_=1668743067094&CODE_STATE=getMsg HTTP/1.1" 200 27
180.169.147.146 - - [18/Nov/2022:11:44:27 +0800] "POST /xingrg/dwr/call/plaincall/AjaxQqpsService.getMaterielByCode.dwr HTTP/1.1" 200 2849
180.169.147.146 - - [18/Nov/2022:11:44:27 +0800] "GET /xingrg/all/function/internal_message.html?_=1668743066552&CODE_STATE=getMsg HTTP/1.1" 200 27
180.169.147.146 - - [18/Nov/2022:11:44:27 +0800] "GET /xingrg/check_reg.html?_=1668743066678 HTTP/1.1" 200 22
180.169.147.146 - - [18/Nov/2022:11:44:27 +0800] "POST /xingrg/dwr/call/plaincall/AjaxQqpsService.saveMaterielItem.dwr HTTP/1.1" 200 78
114.84.81.136 - - [18/Nov/2022:11:44:30 +0800] "GET /xingrg/all/function/internal_message.html?_=1668743071085&CODE_STATE=getMsg HTTP/1.1" 200 27
114.84.81.136 - - [18/Nov/2022:11:44:30 +0800] "GET /xingrg/check_reg.html?_=1668743071089 HTTP/1.1" 200 22
124.79.74.72 - - [18/Nov/2022:11:44:30 +0800] "GET /xingrg/all/function/internal_message.html?_=1668743075127&CODE_STATE=getMsg HTTP/1.1" 200 27
114.95.46.117 - - [18/Nov/2022:11:44:31 +0800] "GET /xingrg/all/function/internal_message.html?_=1668742921122&CODE_STATE=getMsg HTTP/1.1" 200 27
114.95.46.117 - - [18/Nov/2022:11:44:31 +0800] "GET /xingrg/check_reg.html?_=1668742921124 HTTP/1.1" 200 22
120.253.135.82 - - [18/Nov/2022:11:44:33 +0800] "GET /xingrg/kc/pszx/mdps_order_operate.html?command=get_materiel&pszx_code=00101&rest_code=00153&base_code=0010250&code=00102010320 HTTP/1.1" 200 428
180.169.147.146 - - [18/Nov/2022:11:44:33 +0800] "POST /xingrg/dwr/call/plaincall/AjaxQqpsService.getMaterielByCode.dwr HTTP/1.1" 200 2868
180.162.115.118 - - [18/Nov/2022:11:44:34 +0800] "GET /xingrg/kc/base/wldb_order_operate.html?command=get_materiel&rest_code=00143&base_code=0010216&code=00101019831 HTTP/1.1" 200 449
180.169.147.146 - - [18/Nov/2022:11:44:34 +0800] "POST /xingrg/dwr/call/plaincall/AjaxQqpsService.saveMaterielItem.dwr HTTP/1.1" 200 78
120.253.135.82 - - [18/Nov/2022:11:44:40 +0800] "POST /xingrg/kc/pszx/mdps_order_operate.html HTTP/1.1" 200 37
120.253.135.82 - - [18/Nov/2022:11:44:41 +0800] "GET /xingrg/all/function/internal_message.html?_=1668742553867&CODE_STATE=getMsg HTTP/1.1" 200 27
120.253.135.82 - - [18/Nov/2022:11:44:43 +0800] "POST /xingrg/kc/pszx/mdps_order_operate.html HTTP/1.1" 200 12
114.83.219.57 - - [18/Nov/2022:11:44:43 +0800] "GET /xingrg/all/function/internal_message.html?_=1668743205510&CODE_STATE=getMsg HTTP/1.1" 200 27
180.162.229.95 - - [18/Nov/2022:11:44:44 +0800] "GET /xingrg/all/function/internal_message.html?_=1668743084152&CODE_STATE=getMsg HTTP/1.1" 200 27
114.83.219.57 - - [18/Nov/2022:11:44:44 +0800] "GET /xingrg/check_reg.html?_=1668743207309 HTTP/1.1" 200 22
120.253.135.82 - - [18/Nov/2022:11:44:45 +0800] "GET /xingrg/kc/pszx/mdps_order_info.html?code=312022111800389 HTTP/1.1" 200 19636
180.169.147.146 - - [18/Nov/2022:11:44:45 +0800] "POST /xingrg/dwr/call/plaincall/AjaxQqpsService.getMaterielByCode.dwr HTTP/1.1" 200 2779
120.253.135.82 - - [18/Nov/2022:11:44:45 +0800] "POST /xingrg/kc/pszx/mdps_order_operate.html HTTP/1.1" 200 491
120.253.135.82 - - [18/Nov/2022:11:44:45 +0800] "GET /xingrg/javascript/easyui/themes/default/validatebox.css HTTP/1.1" 404 1104
120.253.135.82 - - [18/Nov/2022:11:44:47 +0800] "GET /xingrg/kc/print/load_data.html?order_code=312022111800389&kc_code=mdps&condition= HTTP/1.1" 200 738
114.83.218.138 - - [18/Nov/2022:11:44:52 +0800] "GET /xingrg/all/function/internal_message.html?_=1668743091851&CODE_STATE=getMsg HTTP/1.1" 200 27
120.253.135.82 - - [18/Nov/2022:11:44:52 +0800] "GET /xingrg/kc/pszx/mdps_order_add.html HTTP/1.1" 200 29104
120.253.135.82 - - [18/Nov/2022:11:44:53 +0800] "GET /xingrg/javascript/easyui/themes/default/validatebox.css HTTP/1.1" 404 1104
120.253.135.82 - - [18/Nov/2022:11:44:53 +0800] "POST /xingrg/kc/pszx/mdps_order_operate.html HTTP/1.1" 200 7126
222.70.183.206 - - [18/Nov/2022:11:44:54 +0800] "GET /xingrg/check_reg.html?_=1668743093248 HTTP/1.1" 200 22
222.70.183.206 - - [18/Nov/2022:11:44:54 +0800] "GET /xingrg/all/function/internal_message.html?_=1668743093253&CODE_STATE=getMsg HTTP/1.1" 200 27
218.81.217.29 - - [18/Nov/2022:11:44:55 +0800] "GET /xingrg/all/function/internal_message.html?_=1668743113869&CODE_STATE=getMsg HTTP/1.1" 200 27
101.85.95.132 - - [18/Nov/2022:11:44:57 +0800] "GET /xingrg/all/function/internal_message.html?_=1668743096204&CODE_STATE=getMsg HTTP/1.1" 200 27
180.162.115.118 - - [18/Nov/2022:11:44:58 +0800] "GET /xingrg/kc/base/wldb_order_operate.html?command=get_materiel&rest_code=00143&base_code=0010216&code=00101019174 HTTP/1.1" 200 462
180.162.229.95 - - [18/Nov/2022:11:45:01 +0800] "GET /xingrg/all/function/internal_message.html?_=1668743126570&CODE_STATE=getMsg HTTP/1.1" 200 27
120.253.135.82 - - [18/Nov/2022:11:45:06 +0800] "GET /xingrg/kc/pszx/mdps_order_operate.html?command=get_materiel&pszx_code=00101&rest_code=00102&base_code=0010250&code=00102002216 HTTP/1.1" 200 451
172.20.0.100 - - [18/Nov/2022:11:45:07 +0800] "GET /xingrg/check_reg.html?_=1668743107600 HTTP/1.1" 200 22
172.20.0.100 - - [18/Nov/2022:11:45:07 +0800] "GET /xingrg/all/function/internal_message.html?_=1668743107598&CODE_STATE=getMsg HTTP/1.1" 200 27
120.253.135.82 - - [18/Nov/2022:11:45:08 +0800] "POST /xingrg/all/common/load_select.html HTTP/1.1" 200 25
180.169.147.146 - - [18/Nov/2022:11:45:09 +0800] "POST /xingrg/dwr/call/plaincall/AjaxQqpsService.saveMaterielItem.dwr HTTP/1.1" 200 78
120.253.135.82 - - [18/Nov/2022:11:45:10 +0800] "GET /xingrg/kc/pszx/mdps_order_operate.html?command=get_materiel_price&pszx_code=00101&rest_code=00102&base_code=0010250&code=00102002216&unit_code=00100231&order_time=2022-11-18 HTTP/1.1" 200 35
180.162.229.95 - - [18/Nov/2022:11:45:10 +0800] "GET /xingrg/all/function/internal_message.html?_=1668743118159&CODE_STATE=getMsg HTTP/1.1" 200 27
114.88.159.190 - - [18/Nov/2022:11:45:10 +0800] "GET /xingrg/check_reg.html?_=1668742718691 HTTP/1.1" 200 22
114.88.159.190 - - [18/Nov/2022:11:45:10 +0800] "GET /xingrg/all/function/internal_message.html?_=1668742714515&CODE_STATE=getMsg HTTP/1.1" 200 27
114.95.46.117 - - [18/Nov/2022:11:45:11 +0800] "GET /xingrg/all/function/internal_message.html?_=1668743113055&CODE_STATE=getMsg HTTP/1.1" 200 27
180.169.147.146 - - [18/Nov/2022:11:45:12 +0800] "GET /xingrg/kc/mdqp/qqps_order_add.html HTTP/1.1" 200 28074
180.169.147.146 - - [18/Nov/2022:11:45:12 +0800] "GET /xingrg/dwr/interface/AjaxComOrderService.js HTTP/1.1" 200 18264
180.169.147.146 - - [18/Nov/2022:11:45:12 +0800] "GET /xingrg/dwr/interface/AjaxQqpsService.js HTTP/1.1" 200 16326
180.169.147.146 - - [18/Nov/2022:11:45:12 +0800] "GET /xingrg/dwr/engine.js HTTP/1.1" 200 43631
114.83.218.138 - - [18/Nov/2022:11:45:13 +0800] "GET /xingrg/login.html HTTP/1.1" 200 7641
116.238.139.35 - - [18/Nov/2022:11:45:13 +0800] "GET /xingrg/all/function/internal_message.html?_=1668743115553&CODE_STATE=getMsg HTTP/1.1" 200 27
114.83.218.138 - - [18/Nov/2022:11:45:13 +0800] "GET /favicon.ico HTTP/1.1" 404 -
116.230.105.139 - - [18/Nov/2022:11:45:14 +0800] "GET /xingrg/check_reg.html?_=1668743111083 HTTP/1.1" 200 22
180.163.29.219 - - [18/Nov/2022:11:45:16 +0800] "GET /xingrg/all/function/internal_message.html?_=1668743051295&CODE_STATE=getMsg HTTP/1.1" 302 -
180.163.29.219 - - [18/Nov/2022:11:45:16 +0800] "GET /xingrg/login.html HTTP/1.1" 200 7641
61.170.233.161 - - [18/Nov/2022:11:45:17 +0800] "GET /xingrg/all/function/internal_message.html?_=1668743111270&CODE_STATE=getMsg HTTP/1.1" 200 27
61.170.233.161 - - [18/Nov/2022:11:45:18 +0800] "GET /xingrg/check_reg.html?_=1668743112346 HTTP/1.1" 200 22
116.238.139.35 - - [18/Nov/2022:11:45:18 +0800] "GET /xingrg/all/function/internal_message.html?_=1668743031428&CODE_STATE=getMsg HTTP/1.1" 200 27
114.83.218.138 - - [18/Nov/2022:11:45:18 +0800] "POST /xingrg/login.do HTTP/1.1" 302 -
114.83.218.138 - - [18/Nov/2022:11:45:18 +0800] "GET /xingrg/index.html?sysBaseUrl=http%3A%2F%2F180.169.147.146%3A18081%2Fxingrg%2F&costTime=42×tamp=1668743118912 HTTP/1.1" 200 17503
114.83.218.138 - - [18/Nov/2022:11:45:19 +0800] "GET /favicon.ico HTTP/1.1" 404 -
114.83.218.138 - - [18/Nov/2022:11:45:19 +0800] "POST /xingrg/all/common/load_tree.html?tree=area_rest_tree_json&manage=1 HTTP/1.1" 200 3499
114.83.218.138 - - [18/Nov/2022:11:45:19 +0800] "GET /xingrg/all/function/internal_message.html?_=1668743119605&CODE_STATE=count HTTP/1.1" 200 11
114.83.218.138 - - [18/Nov/2022:11:45:19 +0800] "GET /xingrg/check_reg.html?_=1668743119606 HTTP/1.1" 200 22
114.83.218.138 - - [18/Nov/2022:11:45:19 +0800] "POST /xingrg/load_menu.html HTTP/1.1" 200 11443
180.169.147.146 - - [18/Nov/2022:11:45:19 +0800] "POST /xingrg/dwr/call/plaincall/AjaxQqpsService.saveOrder.dwr HTTP/1.1" 200 78
120.253.135.82 - - [18/Nov/2022:11:45:20 +0800] "GET /xingrg/kc/pszx/mdps_order_operate.html?command=get_materiel&pszx_code=00101&rest_code=00102&base_code=0010250&code=00102002934 HTTP/1.1" 200 432
114.83.218.138 - - [18/Nov/2022:11:45:21 +0800] "POST /xingrg/services/DataTransmitService HTTP/1.1" 200 524
61.170.233.161 - - [18/Nov/2022:11:45:22 +0800] "GET /xingrg/all/function/internal_message.html?_=1668743124787&CODE_STATE=getMsg HTTP/1.1" 200 27
116.235.93.82 - - [18/Nov/2022:11:45:22 +0800] "GET /xingrg/all/function/internal_message.html?_=1668743339207&CODE_STATE=getMsg HTTP/1.1" 200 27
114.83.218.138 - - [18/Nov/2022:11:45:22 +0800] "POST /xingrg/services/DataTransmitService HTTP/1.1" 200 2159
180.162.115.118 - - [18/Nov/2022:11:45:22 +0800] "GET /xingrg/check_reg.html?_=1668742167598 HTTP/1.1" 200 22
180.162.115.118 - - [18/Nov/2022:11:45:22 +0800] "GET /xingrg/all/function/internal_message.html?_=1668742167601&CODE_STATE=getMsg HTTP/1.1" 200 27
116.230.105.139 - - [18/Nov/2022:11:45:22 +0800] "GET /xingrg/all/function/internal_message.html?_=1668743118509&CODE_STATE=getMsg HTTP/1.1" 200 27
180.162.115.118 - - [18/Nov/2022:11:45:22 +0800] "GET /xingrg/kc/base/wldb_order_operate.html?command=get_materiel&rest_code=00143&base_code=0010216&code=00101019830 HTTP/1.1" 200 457
114.83.218.138 - - [18/Nov/2022:11:45:23 +0800] "POST /xingrg/services/DataTransmitService HTTP/1.1" 200 177728
114.83.218.138 - - [18/Nov/2022:11:45:24 +0800] "POST /xingrg/all/user/operate.html HTTP/1.1" 200 36
114.83.218.138 - - [18/Nov/2022:11:45:24 +0800] "GET /xingrg/index.html?sysBaseUrl=http%3A%2F%2F180.169.147.146%3A18081%2Fxingrg%2F&costTime=42×tamp=1668743118912 HTTP/1.1" 200 17509
114.83.218.138 - - [18/Nov/2022:11:45:24 +0800] "GET /xingrg/javascript/jquery_easy_ui/themes/default/easyui.css HTTP/1.1" 304 -
114.83.218.138 - - [18/Nov/2022:11:45:24 +0800] "GET /xingrg/javascript/jquery_easy_ui/themes/icon.css HTTP/1.1" 304 -
