218.81.217.29 - - [18/Nov/2022:07:47:21 +0800] "GET /xingrg/javascript/easyui/themes/default/validatebox.css HTTP/1.1" 404 1104
180.162.229.95 - - [18/Nov/2022:07:47:35 +0800] "POST /xingrg/kc/buy/cgsh_list_operate.html HTTP/1.1" 200 6601
180.162.229.95 - - [18/Nov/2022:07:47:37 +0800] "POST /xingrg/kc/buy/cgsh_list_operate.html HTTP/1.1" 200 421
180.162.229.95 - - [18/Nov/2022:07:47:37 +0800] "GET /xingrg/kc/buy/cgsh_order_info.html?code=212022111705595 HTTP/1.1" 200 64432
180.162.229.95 - - [18/Nov/2022:07:47:37 +0800] "GET /xingrg/javascript/easyui/themes/default/validatebox.css HTTP/1.1" 404 1104
180.162.229.95 - - [18/Nov/2022:07:47:38 +0800] "POST /xingrg/kc/buy/cgsh_order_operate.html HTTP/1.1" 200 2377
218.81.217.29 - - [18/Nov/2022:07:47:43 +0800] "GET /xingrg/kc/base/wldb_order_operate.html?command=get_materiel&rest_code=00146&base_code=0010063&code=00101019313 HTTP/1.1" 200 456
180.162.229.95 - - [18/Nov/2022:07:47:51 +0800] "GET /xingrg/all/function/internal_message.html?_=1668728871780&CODE_STATE=getMsg HTTP/1.1" 200 27
116.230.105.139 - - [18/Nov/2022:07:47:56 +0800] "GET /xingrg/all/function/internal_message.html?_=1668728873258&CODE_STATE=getMsg HTTP/1.1" 200 27
180.162.229.95 - - [18/Nov/2022:07:47:56 +0800] "POST /xingrg/kc/buy/cgsh_list_operate.html HTTP/1.1" 200 6601
120.253.135.82 - - [18/Nov/2022:07:48:07 +0800] "GET /xingrg/all/function/internal_message.html?_=1668728688044&CODE_STATE=getMsg HTTP/1.1" 200 27
180.162.229.95 - - [18/Nov/2022:07:48:10 +0800] "GET /xingrg/all/function/internal_message.html?_=1668728897799&CODE_STATE=getMsg HTTP/1.1" 200 27
218.81.217.29 - - [18/Nov/2022:07:48:17 +0800] "GET /xingrg/all/function/internal_message.html?_=1668728916000&CODE_STATE=getMsg HTTP/1.1" 200 27
116.238.139.35 - - [18/Nov/2022:07:48:20 +0800] "GET /xingrg/all/function/internal_message.html?_=1668728813497&CODE_STATE=getMsg HTTP/1.1" 200 27
218.81.217.29 - - [18/Nov/2022:07:48:28 +0800] "GET /xingrg/kc/base/wldb_order_operate.html?command=get_materiel&rest_code=00146&base_code=0010063&code=00101019306 HTTP/1.1" 200 479
116.230.105.139 - - [18/Nov/2022:07:48:37 +0800] "POST /xingrg/services/DataTransmitService HTTP/1.1" 200 524
218.81.217.29 - - [18/Nov/2022:07:48:47 +0800] "GET /xingrg/kc/base/wldb_order_operate.html?command=get_materiel&rest_code=00146&base_code=0010063&code=00101018012 HTTP/1.1" 200 462
180.162.229.95 - - [18/Nov/2022:07:48:51 +0800] "GET /xingrg/all/function/internal_message.html?_=1668728931786&CODE_STATE=getMsg HTTP/1.1" 200 27
116.230.105.139 - - [18/Nov/2022:07:48:56 +0800] "GET /xingrg/all/function/internal_message.html?_=1668728933241&CODE_STATE=getMsg HTTP/1.1" 200 27
218.81.217.29 - - [18/Nov/2022:07:48:59 +0800] "GET /xingrg/kc/base/wldb_order_operate.html?command=get_materiel&rest_code=00146&base_code=0010063&code=00101018006 HTTP/1.1" 200 443
120.253.135.82 - - [18/Nov/2022:07:49:07 +0800] "GET /xingrg/all/function/internal_message.html?_=1668728748057&CODE_STATE=getMsg HTTP/1.1" 200 27
180.162.229.95 - - [18/Nov/2022:07:49:10 +0800] "GET /xingrg/all/function/internal_message.html?_=1668728957798&CODE_STATE=getMsg HTTP/1.1" 200 27
116.238.139.35 - - [18/Nov/2022:07:49:20 +0800] "GET /xingrg/all/function/internal_message.html?_=1668728873515&CODE_STATE=getMsg HTTP/1.1" 200 27
218.81.217.29 - - [18/Nov/2022:07:49:23 +0800] "POST /xingrg/kc/base/wldb_order_operate.html HTTP/1.1" 200 37
218.81.217.29 - - [18/Nov/2022:07:49:25 +0800] "POST /xingrg/kc/base/wldb_order_operate.html HTTP/1.1" 200 12
218.81.217.29 - - [18/Nov/2022:07:49:25 +0800] "POST /xingrg/kc/base/wldb_order_operate.html HTTP/1.1" 200 5703
218.81.217.29 - - [18/Nov/2022:07:49:26 +0800] "GET /xingrg/kc/base/wldb_order_info.html?code=422022111801418 HTTP/1.1" 200 26271
218.81.217.29 - - [18/Nov/2022:07:49:27 +0800] "GET /xingrg/javascript/easyui/themes/default/validatebox.css HTTP/1.1" 404 1104
218.81.217.29 - - [18/Nov/2022:07:49:27 +0800] "POST /xingrg/kc/base/wldb_order_operate.html HTTP/1.1" 200 3918
218.81.217.29 - - [18/Nov/2022:07:49:27 +0800] "GET /xingrg/all/function/internal_message.html?_=1668728985966&CODE_STATE=getMsg HTTP/1.1" 200 27
218.81.217.29 - - [18/Nov/2022:07:49:32 +0800] "GET /xingrg/kc/base/wldb_order_add.html HTTP/1.1" 200 30390
218.81.217.29 - - [18/Nov/2022:07:49:33 +0800] "POST /xingrg/kc/base/wldb_order_operate.html HTTP/1.1" 200 6806
218.81.217.29 - - [18/Nov/2022:07:49:33 +0800] "GET /xingrg/javascript/easyui/themes/default/validatebox.css HTTP/1.1" 404 1104
180.162.229.95 - - [18/Nov/2022:07:49:51 +0800] "GET /xingrg/all/function/internal_message.html?_=1668728991779&CODE_STATE=getMsg HTTP/1.1" 200 27
218.81.217.29 - - [18/Nov/2022:07:49:56 +0800] "GET /xingrg/kc/base/wldb_order_operate.html?command=get_materiel&rest_code=00146&base_code=0010063&code=00101019535 HTTP/1.1" 200 477
116.230.105.139 - - [18/Nov/2022:07:49:56 +0800] "GET /xingrg/all/function/internal_message.html?_=1668728993224&CODE_STATE=getMsg HTTP/1.1" 200 27
58.35.213.73 - - [18/Nov/2022:07:50:05 +0800] "POST /xingrg/services/DataTransmitService HTTP/1.1" 200 524
58.35.213.73 - - [18/Nov/2022:07:50:05 +0800] "POST /xingrg/services/DataTransmitService HTTP/1.1" 200 412
120.253.135.82 - - [18/Nov/2022:07:50:07 +0800] "GET /xingrg/all/function/internal_message.html?_=1668728808350&CODE_STATE=getMsg HTTP/1.1" 200 27
180.162.229.95 - - [18/Nov/2022:07:50:10 +0800] "GET /xingrg/all/function/internal_message.html?_=1668729017801&CODE_STATE=getMsg HTTP/1.1" 200 27
116.238.139.35 - - [18/Nov/2022:07:50:20 +0800] "GET /xingrg/all/function/internal_message.html?_=1668728933524&CODE_STATE=getMsg HTTP/1.1" 200 27
218.81.217.29 - - [18/Nov/2022:07:50:27 +0800] "GET /xingrg/all/function/internal_message.html?_=1668729045979&CODE_STATE=getMsg HTTP/1.1" 200 27
58.221.95.50 - - [18/Nov/2022:07:50:37 +0800] "GET /xingrg/check_reg.html?_=1668729022241 HTTP/1.1" 302 -
180.162.229.95 - - [18/Nov/2022:07:50:51 +0800] "GET /xingrg/check_reg.html?_=1668729051781 HTTP/1.1" 200 22
180.162.229.95 - - [18/Nov/2022:07:50:52 +0800] "GET /xingrg/all/function/internal_message.html?_=1668729051784&CODE_STATE=getMsg HTTP/1.1" 200 27
218.81.217.29 - - [18/Nov/2022:07:50:52 +0800] "GET /xingrg/kc/base/wldb_order_operate.html?command=get_materiel&rest_code=00146&base_code=0010063&code=00101019056 HTTP/1.1" 200 476
116.230.105.139 - - [18/Nov/2022:07:50:56 +0800] "GET /xingrg/all/function/internal_message.html?_=1668729053209&CODE_STATE=getMsg HTTP/1.1" 200 27
120.253.135.82 - - [18/Nov/2022:07:50:59 +0800] "GET /xingrg/check_reg.html?_=1668728859771 HTTP/1.1" 200 22
218.81.217.29 - - [18/Nov/2022:07:51:02 +0800] "GET /xingrg/check_reg.html?_=1668729080074 HTTP/1.1" 200 22
120.253.135.82 - - [18/Nov/2022:07:51:07 +0800] "GET /xingrg/all/function/internal_message.html?_=1668728868365&CODE_STATE=getMsg HTTP/1.1" 200 27
180.162.229.95 - - [18/Nov/2022:07:51:10 +0800] "GET /xingrg/all/function/internal_message.html?_=1668729077802&CODE_STATE=getMsg HTTP/1.1" 200 27
218.81.217.29 - - [18/Nov/2022:07:51:10 +0800] "POST /xingrg/kc/base/wldb_order_operate.html HTTP/1.1" 200 37
116.230.105.139 - - [18/Nov/2022:07:51:11 +0800] "GET /xingrg/check_reg.html?_=1668729068188 HTTP/1.1" 200 22
218.81.217.29 - - [18/Nov/2022:07:51:12 +0800] "POST /xingrg/kc/base/wldb_order_operate.html HTTP/1.1" 200 12
218.81.217.29 - - [18/Nov/2022:07:51:12 +0800] "POST /xingrg/kc/base/wldb_order_operate.html HTTP/1.1" 200 2727
218.81.217.29 - - [18/Nov/2022:07:51:14 +0800] "GET /xingrg/kc/base/wldb_order_info.html?code=422022111801419 HTTP/1.1" 200 26270
218.81.217.29 - - [18/Nov/2022:07:51:14 +0800] "GET /xingrg/javascript/easyui/themes/default/validatebox.css HTTP/1.1" 404 1104
218.81.217.29 - - [18/Nov/2022:07:51:14 +0800] "POST /xingrg/kc/base/wldb_order_operate.html HTTP/1.1" 200 1011
218.81.217.29 - - [18/Nov/2022:07:51:17 +0800] "GET /xingrg/kc/base/wldb_order_add.html HTTP/1.1" 200 30390
218.81.217.29 - - [18/Nov/2022:07:51:17 +0800] "POST /xingrg/kc/base/wldb_order_operate.html HTTP/1.1" 200 6806
218.81.217.29 - - [18/Nov/2022:07:51:18 +0800] "GET /xingrg/javascript/easyui/themes/default/validatebox.css HTTP/1.1" 404 1104
116.238.139.35 - - [18/Nov/2022:07:51:20 +0800] "GET /xingrg/all/function/internal_message.html?_=1668728993541&CODE_STATE=getMsg HTTP/1.1" 200 27
218.81.217.29 - - [18/Nov/2022:07:51:27 +0800] "GET /xingrg/all/function/internal_message.html?_=1668729106020&CODE_STATE=getMsg HTTP/1.1" 200 27
218.81.217.29 - - [18/Nov/2022:07:51:34 +0800] "GET /xingrg/kc/base/wldb_order_operate.html?command=get_materiel&rest_code=00146&base_code=0010064&code=00102002610 HTTP/1.1" 200 444
218.81.217.29 - - [18/Nov/2022:07:51:48 +0800] "GET /xingrg/kc/base/wldb_order_operate.html?command=get_materiel&rest_code=00146&base_code=0010064&code=00102004006 HTTP/1.1" 200 442
180.162.229.95 - - [18/Nov/2022:07:51:51 +0800] "GET /xingrg/all/function/internal_message.html?_=1668729111783&CODE_STATE=getMsg HTTP/1.1" 200 27
116.230.105.139 - - [18/Nov/2022:07:51:56 +0800] "GET /xingrg/all/function/internal_message.html?_=1668729113192&CODE_STATE=getMsg HTTP/1.1" 200 27
116.238.139.35 - - [18/Nov/2022:07:52:06 +0800] "GET /xingrg/check_reg.html?_=1668729039622 HTTP/1.1" 200 22
180.162.229.95 - - [18/Nov/2022:07:52:10 +0800] "GET /xingrg/check_reg.html?_=1668729137803 HTTP/1.1" 200 22
180.162.229.95 - - [18/Nov/2022:07:52:10 +0800] "GET /xingrg/all/function/internal_message.html?_=1668729137801&CODE_STATE=getMsg HTTP/1.1" 200 27
116.238.139.35 - - [18/Nov/2022:07:52:20 +0800] "GET /xingrg/all/function/internal_message.html?_=1668729053550&CODE_STATE=getMsg HTTP/1.1" 200 27
218.81.217.29 - - [18/Nov/2022:07:52:20 +0800] "POST /xingrg/kc/base/wldb_order_operate.html HTTP/1.1" 200 37
218.81.217.29 - - [18/Nov/2022:07:52:22 +0800] "POST /xingrg/kc/base/wldb_order_operate.html HTTP/1.1" 200 12
218.81.217.29 - - [18/Nov/2022:07:52:23 +0800] "POST /xingrg/kc/base/wldb_order_operate.html HTTP/1.1" 200 2671
218.81.217.29 - - [18/Nov/2022:07:52:24 +0800] "GET /xingrg/kc/base/wldb_order_info.html?code=422022111801420 HTTP/1.1" 200 26270
218.81.217.29 - - [18/Nov/2022:07:52:24 +0800] "GET /xingrg/javascript/easyui/themes/default/validatebox.css HTTP/1.1" 404 1104
218.81.217.29 - - [18/Nov/2022:07:52:24 +0800] "POST /xingrg/kc/base/wldb_order_operate.html HTTP/1.1" 200 954
218.81.217.29 - - [18/Nov/2022:07:52:27 +0800] "GET /xingrg/kc/base/wldb_order_add.html HTTP/1.1" 200 30390
218.81.217.29 - - [18/Nov/2022:07:52:27 +0800] "POST /xingrg/kc/base/wldb_order_operate.html HTTP/1.1" 200 6806
218.81.217.29 - - [18/Nov/2022:07:52:28 +0800] "GET /xingrg/all/function/internal_message.html?_=1668729166135&CODE_STATE=getMsg HTTP/1.1" 200 27
218.81.217.29 - - [18/Nov/2022:07:52:28 +0800] "GET /xingrg/javascript/easyui/themes/default/validatebox.css HTTP/1.1" 404 1104
180.162.229.95 - - [18/Nov/2022:07:52:51 +0800] "GET /xingrg/all/function/internal_message.html?_=1668729171779&CODE_STATE=getMsg HTTP/1.1" 200 27
218.81.217.29 - - [18/Nov/2022:07:52:53 +0800] "GET /xingrg/kc/base/wldb_order_operate.html?command=get_materiel&rest_code=00146&base_code=0010332&code=00101029022 HTTP/1.1" 200 474
116.230.105.139 - - [18/Nov/2022:07:52:56 +0800] "GET /xingrg/all/function/internal_message.html?_=1668729173164&CODE_STATE=getMsg HTTP/1.1" 200 27
218.81.217.29 - - [18/Nov/2022:07:53:07 +0800] "POST /xingrg/kc/base/wldb_order_operate.html HTTP/1.1" 200 37
218.81.217.29 - - [18/Nov/2022:07:53:09 +0800] "POST /xingrg/kc/base/wldb_order_operate.html HTTP/1.1" 200 12
218.81.217.29 - - [18/Nov/2022:07:53:09 +0800] "POST /xingrg/kc/base/wldb_order_operate.html HTTP/1.1" 200 2215
180.162.229.95 - - [18/Nov/2022:07:53:10 +0800] "GET /xingrg/all/function/internal_message.html?_=1668729197801&CODE_STATE=getMsg HTTP/1.1" 200 27
218.81.217.29 - - [18/Nov/2022:07:53:11 +0800] "GET /xingrg/kc/base/wldb_order_info.html?code=422022111801421 HTTP/1.1" 200 26263
218.81.217.29 - - [18/Nov/2022:07:53:11 +0800] "GET /xingrg/javascript/easyui/themes/default/validatebox.css HTTP/1.1" 404 1104
218.81.217.29 - - [18/Nov/2022:07:53:11 +0800] "POST /xingrg/kc/base/wldb_order_operate.html HTTP/1.1" 200 507
218.81.217.29 - - [18/Nov/2022:07:53:14 +0800] "GET /xingrg/kc/base/wldb_order_add.html HTTP/1.1" 200 30390
218.81.217.29 - - [18/Nov/2022:07:53:15 +0800] "POST /xingrg/kc/base/wldb_order_operate.html HTTP/1.1" 200 6806
218.81.217.29 - - [18/Nov/2022:07:53:15 +0800] "GET /xingrg/javascript/easyui/themes/default/validatebox.css HTTP/1.1" 404 1104
116.238.139.35 - - [18/Nov/2022:07:53:20 +0800] "GET /xingrg/all/function/internal_message.html?_=1668729113564&CODE_STATE=getMsg HTTP/1.1" 200 27
218.81.217.29 - - [18/Nov/2022:07:53:28 +0800] "GET /xingrg/all/function/internal_message.html?_=1668729226145&CODE_STATE=getMsg HTTP/1.1" 200 27
218.81.217.29 - - [18/Nov/2022:07:53:33 +0800] "GET /xingrg/kc/base/wldb_order_operate.html?command=get_materiel&rest_code=00146&base_code=0010064&code=00102002453 HTTP/1.1" 200 435
218.81.217.29 - - [18/Nov/2022:07:53:46 +0800] "GET /xingrg/kc/base/wldb_order_operate.html?command=get_materiel&rest_code=00146&base_code=0010064&code=00102002204 HTTP/1.1" 200 447
180.162.229.95 - - [18/Nov/2022:07:53:51 +0800] "GET /xingrg/all/function/internal_message.html?_=1668729231772&CODE_STATE=getMsg HTTP/1.1" 200 27
116.230.105.139 - - [18/Nov/2022:07:53:56 +0800] "GET /xingrg/all/function/internal_message.html?_=1668729233150&CODE_STATE=getMsg HTTP/1.1" 200 27
218.81.217.29 - - [18/Nov/2022:07:54:02 +0800] "GET /xingrg/kc/base/wldb_order_operate.html?command=get_materiel&rest_code=00146&base_code=0010064&code=00102002006 HTTP/1.1" 200 469
180.162.229.95 - - [18/Nov/2022:07:54:10 +0800] "GET /xingrg/all/function/internal_message.html?_=1668729257815&CODE_STATE=getMsg HTTP/1.1" 200 27
218.81.217.29 - - [18/Nov/2022:07:54:12 +0800] "GET /xingrg/kc/base/wldb_order_operate.html?command=get_materiel&rest_code=00146&base_code=0010064&code=00102002238 HTTP/1.1" 200 433
116.238.139.35 - - [18/Nov/2022:07:54:20 +0800] "GET /xingrg/all/function/internal_message.html?_=1668729173587&CODE_STATE=getMsg HTTP/1.1" 200 27
218.81.217.29 - - [18/Nov/2022:07:54:26 +0800] "POST /xingrg/kc/base/wldb_order_operate.html HTTP/1.1" 200 37
218.81.217.29 - - [18/Nov/2022:07:54:28 +0800] "GET /xingrg/all/function/internal_message.html?_=1668729286158&CODE_STATE=getMsg HTTP/1.1" 200 27
218.81.217.29 - - [18/Nov/2022:07:54:29 +0800] "POST /xingrg/kc/base/wldb_order_operate.html HTTP/1.1" 200 12
218.81.217.29 - - [18/Nov/2022:07:54:29 +0800] "POST /xingrg/kc/base/wldb_order_operate.html HTTP/1.1" 200 3642
218.81.217.29 - - [18/Nov/2022:07:54:30 +0800] "GET /xingrg/kc/base/wldb_order_info.html?code=422022111801422 HTTP/1.1" 200 26269
218.81.217.29 - - [18/Nov/2022:07:54:31 +0800] "GET /xingrg/javascript/easyui/themes/default/validatebox.css HTTP/1.1" 404 1104
218.81.217.29 - - [18/Nov/2022:07:54:31 +0800] "POST /xingrg/kc/base/wldb_order_operate.html HTTP/1.1" 200 1902
218.81.217.29 - - [18/Nov/2022:07:54:34 +0800] "GET /xingrg/kc/base/wldb_order_add.html HTTP/1.1" 200 30390
218.81.217.29 - - [18/Nov/2022:07:54:35 +0800] "POST /xingrg/kc/base/wldb_order_operate.html HTTP/1.1" 200 6806
218.81.217.29 - - [18/Nov/2022:07:54:35 +0800] "GET /xingrg/javascript/easyui/themes/default/validatebox.css HTTP/1.1" 404 1104
180.162.229.95 - - [18/Nov/2022:07:54:51 +0800] "GET /xingrg/all/function/internal_message.html?_=1668729291781&CODE_STATE=getMsg HTTP/1.1" 200 27
116.230.105.139 - - [18/Nov/2022:07:54:56 +0800] "GET /xingrg/all/function/internal_message.html?_=1668729293124&CODE_STATE=getMsg HTTP/1.1" 200 27
180.162.229.95 - - [18/Nov/2022:07:55:10 +0800] "GET /xingrg/all/function/internal_message.html?_=1668729317820&CODE_STATE=getMsg HTTP/1.1" 200 27
218.81.217.29 - - [18/Nov/2022:07:55:12 +0800] "GET /xingrg/kc/base/wldb_order_operate.html?command=get_materiel&rest_code=00146&base_code=0010064&code=00102002315 HTTP/1.1" 200 462
114.84.81.136 - - [18/Nov/2022:07:55:14 +0800] "POST /xingrg/services/DataTransmitService HTTP/1.1" 200 524
116.238.139.35 - - [18/Nov/2022:07:55:20 +0800] "GET /xingrg/all/function/internal_message.html?_=1668729233592&CODE_STATE=getMsg HTTP/1.1" 200 27
218.81.217.29 - - [18/Nov/2022:07:55:24 +0800] "POST /xingrg/kc/base/wldb_order_operate.html HTTP/1.1" 200 37
218.81.217.29 - - [18/Nov/2022:07:55:26 +0800] "POST /xingrg/kc/base/wldb_order_operate.html HTTP/1.1" 200 12
218.81.217.29 - - [18/Nov/2022:07:55:26 +0800] "POST /xingrg/kc/base/wldb_order_operate.html HTTP/1.1" 200 2683
218.81.217.29 - - [18/Nov/2022:07:55:27 +0800] "GET /xingrg/kc/base/wldb_order_info.html?code=422022111801423 HTTP/1.1" 200 26268
218.81.217.29 - - [18/Nov/2022:07:55:28 +0800] "GET /xingrg/all/function/internal_message.html?_=1668729346661&CODE_STATE=getMsg HTTP/1.1" 200 27
218.81.217.29 - - [18/Nov/2022:07:55:28 +0800] "GET /xingrg/javascript/easyui/themes/default/validatebox.css HTTP/1.1" 404 1104
218.81.217.29 - - [18/Nov/2022:07:55:28 +0800] "POST /xingrg/kc/base/wldb_order_operate.html HTTP/1.1" 200 966
58.221.95.50 - - [18/Nov/2022:07:55:37 +0800] "GET /xingrg/check_reg.html?_=1668729322308 HTTP/1.1" 302 -
180.162.229.95 - - [18/Nov/2022:07:55:51 +0800] "GET /xingrg/all/function/internal_message.html?_=1668729351779&CODE_STATE=getMsg HTTP/1.1" 200 27
180.162.229.95 - - [18/Nov/2022:07:55:52 +0800] "GET /xingrg/check_reg.html?_=1668729351782 HTTP/1.1" 200 22
116.230.105.139 - - [18/Nov/2022:07:55:56 +0800] "GET /xingrg/all/function/internal_message.html?_=1668729353101&CODE_STATE=getMsg HTTP/1.1" 200 27
218.81.217.29 - - [18/Nov/2022:07:56:01 +0800] "GET /xingrg/check_reg.html?_=1668729380070 HTTP/1.1" 200 22
180.162.229.95 - - [18/Nov/2022:07:56:10 +0800] "GET /xingrg/all/function/internal_message.html?_=1668729377819&CODE_STATE=getMsg HTTP/1.1" 200 27
116.230.105.139 - - [18/Nov/2022:07:56:11 +0800] "GET /xingrg/check_reg.html?_=1668729368182 HTTP/1.1" 200 22
116.238.139.35 - - [18/Nov/2022:07:56:20 +0800] "GET /xingrg/all/function/internal_message.html?_=1668729293610&CODE_STATE=getMsg HTTP/1.1" 200 27
218.81.217.29 - - [18/Nov/2022:07:56:28 +0800] "GET /xingrg/all/function/internal_message.html?_=1668729406669&CODE_STATE=getMsg HTTP/1.1" 200 27
180.162.229.95 - - [18/Nov/2022:07:56:52 +0800] "GET /xingrg/all/function/internal_message.html?_=1668729411782&CODE_STATE=getMsg HTTP/1.1" 200 27
116.230.105.139 - - [18/Nov/2022:07:56:56 +0800] "GET /xingrg/all/function/internal_message.html?_=1668729413081&CODE_STATE=getMsg HTTP/1.1" 200 27
116.238.139.35 - - [18/Nov/2022:07:57:06 +0800] "GET /xingrg/check_reg.html?_=1668729339625 HTTP/1.1" 200 22
180.162.229.95 - - [18/Nov/2022:07:57:10 +0800] "GET /xingrg/check_reg.html?_=1668729437818 HTTP/1.1" 200 22
180.162.229.95 - - [18/Nov/2022:07:57:10 +0800] "GET /xingrg/all/function/internal_message.html?_=1668729437819&CODE_STATE=getMsg HTTP/1.1" 200 27
116.238.139.35 - - [18/Nov/2022:07:57:20 +0800] "GET /xingrg/all/function/internal_message.html?_=1668729353618&CODE_STATE=getMsg HTTP/1.1" 200 27
218.81.217.29 - - [18/Nov/2022:07:57:28 +0800] "GET /xingrg/all/function/internal_message.html?_=1668729466683&CODE_STATE=getMsg HTTP/1.1" 200 27
180.162.229.95 - - [18/Nov/2022:07:57:51 +0800] "GET /xingrg/all/function/internal_message.html?_=1668729471769&CODE_STATE=getMsg HTTP/1.1" 200 27
116.230.105.139 - - [18/Nov/2022:07:57:56 +0800] "GET /xingrg/all/function/internal_message.html?_=1668729473058&CODE_STATE=getMsg HTTP/1.1" 200 27
180.162.229.95 - - [18/Nov/2022:07:58:10 +0800] "GET /xingrg/all/function/internal_message.html?_=1668729497821&CODE_STATE=getMsg HTTP/1.1" 200 27
116.238.139.35 - - [18/Nov/2022:07:58:20 +0800] "GET /xingrg/all/function/internal_message.html?_=1668729413632&CODE_STATE=getMsg HTTP/1.1" 200 27
218.81.217.29 - - [18/Nov/2022:07:58:28 +0800] "GET /xingrg/all/function/internal_message.html?_=1668729526951&CODE_STATE=getMsg HTTP/1.1" 200 27
180.162.229.95 - - [18/Nov/2022:07:58:52 +0800] "GET /xingrg/all/function/internal_message.html?_=1668729531779&CODE_STATE=getMsg HTTP/1.1" 200 27
116.230.105.139 - - [18/Nov/2022:07:58:56 +0800] "GET /xingrg/all/function/internal_message.html?_=1668729533041&CODE_STATE=getMsg HTTP/1.1" 200 27
180.162.229.95 - - [18/Nov/2022:07:59:10 +0800] "GET /xingrg/all/function/internal_message.html?_=1668729557819&CODE_STATE=getMsg HTTP/1.1" 200 27
116.238.139.35 - - [18/Nov/2022:07:59:20 +0800] "GET /xingrg/all/function/internal_message.html?_=1668729473652&CODE_STATE=getMsg HTTP/1.1" 200 27
218.81.217.29 - - [18/Nov/2022:07:59:28 +0800] "GET /xingrg/all/function/internal_message.html?_=1668729586959&CODE_STATE=getMsg HTTP/1.1" 200 27
180.162.229.95 - - [18/Nov/2022:07:59:51 +0800] "GET /xingrg/all/function/internal_message.html?_=1668729591777&CODE_STATE=getMsg HTTP/1.1" 200 27
116.230.105.139 - - [18/Nov/2022:07:59:56 +0800] "GET /xingrg/all/function/internal_message.html?_=1668729593019&CODE_STATE=getMsg HTTP/1.1" 200 27
180.162.229.95 - - [18/Nov/2022:08:00:10 +0800] "GET /xingrg/all/function/internal_message.html?_=1668729617817&CODE_STATE=getMsg HTTP/1.1" 200 27
114.83.218.138 - - [18/Nov/2022:08:00:19 +0800] "POST /xingrg/services/DataTransmitService HTTP/1.1" 200 524
116.238.139.35 - - [18/Nov/2022:08:00:20 +0800] "GET /xingrg/all/function/internal_message.html?_=1668729533659&CODE_STATE=getMsg HTTP/1.1" 200 27
218.81.217.29 - - [18/Nov/2022:08:00:29 +0800] "GET /xingrg/all/function/internal_message.html?_=1668729647226&CODE_STATE=getMsg HTTP/1.1" 200 27
58.221.95.50 - - [18/Nov/2022:08:00:37 +0800] "GET /xingrg/check_reg.html?_=1668729622387 HTTP/1.1" 302 -
180.162.229.95 - - [18/Nov/2022:08:00:52 +0800] "GET /xingrg/all/function/internal_message.html?_=1668729651785&CODE_STATE=getMsg HTTP/1.1" 200 27
180.162.229.95 - - [18/Nov/2022:08:00:52 +0800] "GET /xingrg/check_reg.html?_=1668729651787 HTTP/1.1" 200 22
116.230.105.139 - - [18/Nov/2022:08:00:56 +0800] "GET /xingrg/all/function/internal_message.html?_=1668729653002&CODE_STATE=getMsg HTTP/1.1" 200 27
218.81.217.29 - - [18/Nov/2022:08:01:01 +0800] "GET /xingrg/check_reg.html?_=1668729680076 HTTP/1.1" 200 22
180.162.229.95 - - [18/Nov/2022:08:01:10 +0800] "GET /xingrg/all/function/internal_message.html?_=1668729677819&CODE_STATE=getMsg HTTP/1.1" 200 27
116.230.105.139 - - [18/Nov/2022:08:01:11 +0800] "GET /xingrg/check_reg.html?_=1668729668185 HTTP/1.1" 200 22
116.238.139.35 - - [18/Nov/2022:08:01:20 +0800] "GET /xingrg/all/function/internal_message.html?_=1668729593677&CODE_STATE=getMsg HTTP/1.1" 200 27
218.81.217.29 - - [18/Nov/2022:08:01:29 +0800] "GET /xingrg/all/function/internal_message.html?_=1668729707236&CODE_STATE=getMsg HTTP/1.1" 200 27
180.162.229.95 - - [18/Nov/2022:08:01:52 +0800] "GET /xingrg/all/function/internal_message.html?_=1668729711785&CODE_STATE=getMsg HTTP/1.1" 200 27
116.230.105.139 - - [18/Nov/2022:08:01:56 +0800] "GET /xingrg/all/function/internal_message.html?_=1668729712986&CODE_STATE=getMsg HTTP/1.1" 200 27
116.238.139.35 - - [18/Nov/2022:08:02:06 +0800] "GET /xingrg/check_reg.html?_=1668729639632 HTTP/1.1" 200 22
180.162.229.95 - - [18/Nov/2022:08:02:10 +0800] "GET /xingrg/check_reg.html?_=1668729737824 HTTP/1.1" 200 22
180.162.229.95 - - [18/Nov/2022:08:02:10 +0800] "GET /xingrg/all/function/internal_message.html?_=1668729737823&CODE_STATE=getMsg HTTP/1.1" 200 27
116.238.139.35 - - [18/Nov/2022:08:02:20 +0800] "GET /xingrg/all/function/internal_message.html?_=1668729653686&CODE_STATE=getMsg HTTP/1.1" 200 27
218.81.217.29 - - [18/Nov/2022:08:02:29 +0800] "GET /xingrg/all/function/internal_message.html?_=1668729767250&CODE_STATE=getMsg HTTP/1.1" 200 27
180.162.229.95 - - [18/Nov/2022:08:02:52 +0800] "GET /xingrg/all/function/internal_message.html?_=1668729771783&CODE_STATE=getMsg HTTP/1.1" 200 27
116.230.105.139 - - [18/Nov/2022:08:02:56 +0800] "GET /xingrg/all/function/internal_message.html?_=1668729772967&CODE_STATE=getMsg HTTP/1.1" 200 27
180.162.229.95 - - [18/Nov/2022:08:03:10 +0800] "GET /xingrg/all/function/internal_message.html?_=1668729797823&CODE_STATE=getMsg HTTP/1.1" 200 27
116.238.139.35 - - [18/Nov/2022:08:03:20 +0800] "GET /xingrg/all/function/internal_message.html?_=1668729713699&CODE_STATE=getMsg HTTP/1.1" 200 27
218.81.217.29 - - [18/Nov/2022:08:03:29 +0800] "GET /xingrg/all/function/internal_message.html?_=1668729827598&CODE_STATE=getMsg HTTP/1.1" 200 27
180.162.229.95 - - [18/Nov/2022:08:03:52 +0800] "GET /xingrg/all/function/internal_message.html?_=1668729831783&CODE_STATE=getMsg HTTP/1.1" 200 27
116.230.105.139 - - [18/Nov/2022:08:03:56 +0800] "GET /xingrg/all/function/internal_message.html?_=1668729832950&CODE_STATE=getMsg HTTP/1.1" 200 27
180.162.229.95 - - [18/Nov/2022:08:04:10 +0800] "GET /xingrg/all/function/internal_message.html?_=1668729857823&CODE_STATE=getMsg HTTP/1.1" 200 27
116.238.139.35 - - [18/Nov/2022:08:04:20 +0800] "GET /xingrg/all/function/internal_message.html?_=1668729773722&CODE_STATE=getMsg HTTP/1.1" 200 27
218.81.217.29 - - [18/Nov/2022:08:04:29 +0800] "GET /xingrg/all/function/internal_message.html?_=1668729887606&CODE_STATE=getMsg HTTP/1.1" 200 27
180.162.229.95 - - [18/Nov/2022:08:04:52 +0800] "GET /xingrg/all/function/internal_message.html?_=1668729891774&CODE_STATE=getMsg HTTP/1.1" 200 27
116.230.105.139 - - [18/Nov/2022:08:04:56 +0800] "GET /xingrg/all/function/internal_message.html?_=1668729892926&CODE_STATE=getMsg HTTP/1.1" 200 27
180.162.229.95 - - [18/Nov/2022:08:05:10 +0800] "GET /xingrg/all/function/internal_message.html?_=1668729917827&CODE_STATE=getMsg HTTP/1.1" 200 27
116.238.139.35 - - [18/Nov/2022:08:05:20 +0800] "GET /xingrg/all/function/internal_message.html?_=1668729833727&CODE_STATE=getMsg HTTP/1.1" 200 27
114.95.46.117 - - [18/Nov/2022:08:05:26 +0800] "POST /xingrg/services/DataTransmitService HTTP/1.1" 200 524
218.81.217.29 - - [18/Nov/2022:08:05:29 +0800] "GET /xingrg/all/function/internal_message.html?_=1668729947887&CODE_STATE=getMsg HTTP/1.1" 200 27
58.221.95.50 - - [18/Nov/2022:08:05:37 +0800] "GET /xingrg/check_reg.html?_=1668729922492 HTTP/1.1" 302 -
120.253.135.82 - - [18/Nov/2022:08:05:40 +0800] "GET /xingrg/all/function/internal_message.html?_=1668729735532&CODE_STATE=getMsg HTTP/1.1" 200 27
120.253.135.82 - - [18/Nov/2022:08:05:41 +0800] "GET /xingrg/check_reg.html?_=1668729735695 HTTP/1.1" 200 22
180.162.229.95 - - [18/Nov/2022:08:05:52 +0800] "GET /xingrg/all/function/internal_message.html?_=1668729951783&CODE_STATE=getMsg HTTP/1.1" 200 27
180.162.229.95 - - [18/Nov/2022:08:05:52 +0800] "GET /xingrg/check_reg.html?_=1668729951787 HTTP/1.1" 200 22
120.253.135.82 - - [18/Nov/2022:08:05:52 +0800] "GET /xingrg/javascript/easyui/themes/sunny/images/ui-bg_gloss-wave_70_ffdd57_500x100.png HTTP/1.1" 200 3830
120.253.135.82 - - [18/Nov/2022:08:05:54 +0800] "GET /xingrg/javascript/easyui/themes/sunny/images/ui-bg_gloss-wave_60_fece2f_500x100.png HTTP/1.1" 304 -
116.230.105.139 - - [18/Nov/2022:08:05:56 +0800] "GET /xingrg/all/function/internal_message.html?_=1668729952918&CODE_STATE=getMsg HTTP/1.1" 200 27
120.253.135.82 - - [18/Nov/2022:08:06:01 +0800] "POST /xingrg/kc/base/stock_operate.html HTTP/1.1" 200 1475
218.81.217.29 - - [18/Nov/2022:08:06:01 +0800] "GET /xingrg/check_reg.html?_=1668729980082 HTTP/1.1" 200 22
180.162.229.95 - - [18/Nov/2022:08:06:10 +0800] "GET /xingrg/all/function/internal_message.html?_=1668729977827&CODE_STATE=getMsg HTTP/1.1" 200 27
116.230.105.139 - - [18/Nov/2022:08:06:11 +0800] "GET /xingrg/check_reg.html?_=1668729968193 HTTP/1.1" 200 22
116.238.139.35 - - [18/Nov/2022:08:06:20 +0800] "GET /xingrg/all/function/internal_message.html?_=1668729893746&CODE_STATE=getMsg HTTP/1.1" 200 27
218.81.217.29 - - [18/Nov/2022:08:06:29 +0800] "GET /xingrg/all/function/internal_message.html?_=1668730007896&CODE_STATE=getMsg HTTP/1.1" 200 27
120.253.135.82 - - [18/Nov/2022:08:06:34 +0800] "GET /xingrg/all/function/internal_message.html?_=1668729795540&CODE_STATE=getMsg HTTP/1.1" 200 27
120.253.135.82 - - [18/Nov/2022:08:06:44 +0800] "POST /xingrg/kc/base/stock_operate.html HTTP/1.1" 200 1469
180.162.229.95 - - [18/Nov/2022:08:06:52 +0800] "GET /xingrg/all/function/internal_message.html?_=1668730011788&CODE_STATE=getMsg HTTP/1.1" 200 27
116.230.105.139 - - [18/Nov/2022:08:06:56 +0800] "GET /xingrg/all/function/internal_message.html?_=1668730012911&CODE_STATE=getMsg HTTP/1.1" 200 27
116.238.139.35 - - [18/Nov/2022:08:07:06 +0800] "GET /xingrg/check_reg.html?_=1668729939640 HTTP/1.1" 200 22
180.162.229.95 - - [18/Nov/2022:08:07:10 +0800] "GET /xingrg/check_reg.html?_=1668730037831 HTTP/1.1" 200 22
180.162.229.95 - - [18/Nov/2022:08:07:10 +0800] "GET /xingrg/all/function/internal_message.html?_=1668730037828&CODE_STATE=getMsg HTTP/1.1" 200 27
116.238.139.35 - - [18/Nov/2022:08:07:20 +0800] "GET /xingrg/all/function/internal_message.html?_=1668729953754&CODE_STATE=getMsg HTTP/1.1" 200 27
218.81.217.29 - - [18/Nov/2022:08:07:29 +0800] "GET /xingrg/all/function/internal_message.html?_=1668730067910&CODE_STATE=getMsg HTTP/1.1" 200 27
120.253.135.82 - - [18/Nov/2022:08:07:34 +0800] "GET /xingrg/all/function/internal_message.html?_=1668729855554&CODE_STATE=getMsg HTTP/1.1" 200 27
180.162.229.95 - - [18/Nov/2022:08:07:52 +0800] "GET /xingrg/all/function/internal_message.html?_=1668730071776&CODE_STATE=getMsg HTTP/1.1" 200 27
116.230.105.139 - - [18/Nov/2022:08:07:56 +0800] "GET /xingrg/all/function/internal_message.html?_=1668730072893&CODE_STATE=getMsg HTTP/1.1" 200 27
180.162.229.95 - - [18/Nov/2022:08:08:13 +0800] "GET /xingrg/all/function/internal_message.html?_=1668730097831&CODE_STATE=getMsg HTTP/1.1" 200 27
116.238.139.35 - - [18/Nov/2022:08:08:20 +0800] "GET /xingrg/all/function/internal_message.html?_=1668730013767&CODE_STATE=getMsg HTTP/1.1" 200 27
218.81.217.29 - - [18/Nov/2022:08:08:30 +0800] "GET /xingrg/all/function/internal_message.html?_=1668730128201&CODE_STATE=getMsg HTTP/1.1" 200 27
120.253.135.82 - - [18/Nov/2022:08:08:34 +0800] "GET /xingrg/all/function/internal_message.html?_=1668729915568&CODE_STATE=getMsg HTTP/1.1" 200 27
120.253.135.82 - - [18/Nov/2022:08:08:50 +0800] "GET /xingrg/kc/pszx/mdqp_order_list.html?state=10 HTTP/1.1" 200 10275
120.253.135.82 - - [18/Nov/2022:08:08:50 +0800] "GET /xingrg/dwr/interface/AjaxReportQueryService.js HTTP/1.1" 200 13203
120.253.135.82 - - [18/Nov/2022:08:08:50 +0800] "GET /xingrg/dwr/engine.js HTTP/1.1" 200 43631
120.253.135.82 - - [18/Nov/2022:08:08:50 +0800] "GET /xingrg/dwr/interface/AjaxQqpsService.js HTTP/1.1" 200 16326
180.162.229.95 - - [18/Nov/2022:08:08:52 +0800] "GET /xingrg/all/function/internal_message.html?_=1668730131781&CODE_STATE=getMsg HTTP/1.1" 200 27
120.253.135.82 - - [18/Nov/2022:08:08:54 +0800] "GET /xingrg/kc/buy/cgsh_order_list.html HTTP/1.1" 200 53717
120.253.135.82 - - [18/Nov/2022:08:08:55 +0800] "POST /xingrg/kc/buy/cgsh_list_operate.html HTTP/1.1" 200 986
116.230.105.139 - - [18/Nov/2022:08:08:56 +0800] "GET /xingrg/all/function/internal_message.html?_=1668730132871&CODE_STATE=getMsg HTTP/1.1" 200 27
120.253.135.82 - - [18/Nov/2022:08:08:56 +0800] "GET /xingrg/kc/buy/cgsh_order_add.html HTTP/1.1" 200 68562
120.253.135.82 - - [18/Nov/2022:08:08:57 +0800] "GET /xingrg/javascript/easyui/themes/icons/template_new.png HTTP/1.1" 304 -
120.253.135.82 - - [18/Nov/2022:08:08:57 +0800] "POST /xingrg/kc/buy/cgsh_order_operate.html HTTP/1.1" 200 8245
120.253.135.82 - - [18/Nov/2022:08:08:57 +0800] "GET /xingrg/all/common/auto_word.html?type=employee&rest_code=00101 HTTP/1.1" 200 977
120.253.135.82 - - [18/Nov/2022:08:08:57 +0800] "GET /xingrg/all/common/auto_word.html?type=employee&rest_code=00101 HTTP/1.1" 200 977
120.253.135.82 - - [18/Nov/2022:08:08:57 +0800] "GET /xingrg/javascript/easyui/themes/default/validatebox.css HTTP/1.1" 404 1104
120.253.135.82 - - [18/Nov/2022:08:09:06 +0800] "POST /xingrg/all/common/load_combo.html?type=employee HTTP/1.1" 200 1752
180.162.229.95 - - [18/Nov/2022:08:09:10 +0800] "GET /xingrg/all/function/internal_message.html?_=1668730157829&CODE_STATE=getMsg HTTP/1.1" 200 27
116.238.139.35 - - [18/Nov/2022:08:09:20 +0800] "GET /xingrg/all/function/internal_message.html?_=1668730073787&CODE_STATE=getMsg HTTP/1.1" 200 27
218.81.217.29 - - [18/Nov/2022:08:09:30 +0800] "GET /xingrg/all/function/internal_message.html?_=1668730188203&CODE_STATE=getMsg HTTP/1.1" 200 27
120.253.135.82 - - [18/Nov/2022:08:09:34 +0800] "GET /xingrg/kc/buy/cgsh_order_operate.html?command=get_materiel&rest_code=00101&code=00101014041&supplier_code=00100137&order_time=2022-11-18 HTTP/1.1" 200 434
120.253.135.82 - - [18/Nov/2022:08:09:34 +0800] "GET /xingrg/all/function/internal_message.html?_=1668729975614&CODE_STATE=getMsg HTTP/1.1" 200 27
120.253.135.82 - - [18/Nov/2022:08:09:49 +0800] "POST /xingrg/kc/buy/cgsh_order_operate.html HTTP/1.1" 200 37
120.253.135.82 - - [18/Nov/2022:08:09:51 +0800] "POST /xingrg/kc/buy/cgsh_order_operate.html HTTP/1.1" 200 2667
180.162.229.95 - - [18/Nov/2022:08:09:52 +0800] "GET /xingrg/all/function/internal_message.html?_=1668730191778&CODE_STATE=getMsg HTTP/1.1" 200 27
120.253.135.82 - - [18/Nov/2022:08:09:53 +0800] "GET /xingrg/kc/print/load_config.html?kc_code=cgsh HTTP/1.1" 200 1943
120.253.135.82 - - [18/Nov/2022:08:09:54 +0800] "GET /xingrg/kc/print/load_data.html?order_code=212022111805985&kc_code=cgsh&condition= HTTP/1.1" 200 737
116.230.105.139 - - [18/Nov/2022:08:09:56 +0800] "GET /xingrg/all/function/internal_message.html?_=1668730192857&CODE_STATE=getMsg HTTP/1.1" 200 27
180.162.229.95 - - [18/Nov/2022:08:10:10 +0800] "GET /xingrg/all/function/internal_message.html?_=1668730217828&CODE_STATE=getMsg HTTP/1.1" 200 27
116.238.139.35 - - [18/Nov/2022:08:10:20 +0800] "GET /xingrg/all/function/internal_message.html?_=1668730133795&CODE_STATE=getMsg HTTP/1.1" 200 27
218.81.217.29 - - [18/Nov/2022:08:10:30 +0800] "GET /xingrg/all/function/internal_message.html?_=1668730248493&CODE_STATE=getMsg HTTP/1.1" 200 27
120.253.135.82 - - [18/Nov/2022:08:10:34 +0800] "GET /xingrg/check_reg.html?_=1668730035809 HTTP/1.1" 200 22
120.253.135.82 - - [18/Nov/2022:08:10:34 +0800] "GET /xingrg/all/function/internal_message.html?_=1668730035808&CODE_STATE=getMsg HTTP/1.1" 200 27
58.221.95.50 - - [18/Nov/2022:08:10:37 +0800] "GET /xingrg/check_reg.html?_=1668730222562 HTTP/1.1" 302 -
180.162.229.95 - - [18/Nov/2022:08:10:52 +0800] "GET /xingrg/all/function/internal_message.html?_=1668730251784&CODE_STATE=getMsg HTTP/1.1" 200 27
180.162.229.95 - - [18/Nov/2022:08:10:52 +0800] "GET /xingrg/check_reg.html?_=1668730251786 HTTP/1.1" 200 22
116.230.105.139 - - [18/Nov/2022:08:10:56 +0800] "GET /xingrg/all/function/internal_message.html?_=1668730252843&CODE_STATE=getMsg HTTP/1.1" 200 27
218.81.217.29 - - [18/Nov/2022:08:11:01 +0800] "GET /xingrg/check_reg.html?_=1668730280090 HTTP/1.1" 200 22
180.162.229.95 - - [18/Nov/2022:08:11:10 +0800] "GET /xingrg/all/function/internal_message.html?_=1668730277831&CODE_STATE=getMsg HTTP/1.1" 200 27
116.230.105.139 - - [18/Nov/2022:08:11:11 +0800] "GET /xingrg/check_reg.html?_=1668730268189 HTTP/1.1" 200 22
180.171.128.55 - - [18/Nov/2022:08:11:17 +0800] "POST /xingrg/services/DataTransmitService HTTP/1.1" 200 524
116.238.139.35 - - [18/Nov/2022:08:11:20 +0800] "GET /xingrg/all/function/internal_message.html?_=1668730193816&CODE_STATE=getMsg HTTP/1.1" 200 27
218.81.217.29 - - [18/Nov/2022:08:11:30 +0800] "GET /xingrg/all/function/internal_message.html?_=1668730308495&CODE_STATE=getMsg HTTP/1.1" 200 27
120.253.135.82 - - [18/Nov/2022:08:11:34 +0800] "GET /xingrg/all/function/internal_message.html?_=1668730095812&CODE_STATE=getMsg HTTP/1.1" 200 27
180.162.229.95 - - [18/Nov/2022:08:11:52 +0800] "GET /xingrg/all/function/internal_message.html?_=1668730311773&CODE_STATE=getMsg HTTP/1.1" 200 27
116.230.105.139 - - [18/Nov/2022:08:11:56 +0800] "GET /xingrg/all/function/internal_message.html?_=1668730312825&CODE_STATE=getMsg HTTP/1.1" 200 27
120.253.135.82 - - [18/Nov/2022:08:12:02 +0800] "POST /xingrg/kc/buy/cgsh_order_operate.html HTTP/1.1" 200 37
116.238.139.35 - - [18/Nov/2022:08:12:06 +0800] "GET /xingrg/check_reg.html?_=1668730239646 HTTP/1.1" 200 22
120.253.135.82 - - [18/Nov/2022:08:12:06 +0800] "POST /xingrg/kc/buy/cgsh_order_operate.html HTTP/1.1" 200 12
120.253.135.82 - - [18/Nov/2022:08:12:08 +0800] "GET /xingrg/kc/buy/cgsh_order_info.html?code=212022111805985 HTTP/1.1" 200 63463
120.253.135.82 - - [18/Nov/2022:08:12:09 +0800] "GET /xingrg/javascript/easyui/themes/default/validatebox.css HTTP/1.1" 404 1104
180.162.229.95 - - [18/Nov/2022:08:12:10 +0800] "GET /xingrg/check_reg.html?_=1668730337847 HTTP/1.1" 200 22
120.253.135.82 - - [18/Nov/2022:08:12:10 +0800] "POST /xingrg/kc/buy/cgsh_order_operate.html HTTP/1.1" 200 617
180.162.229.95 - - [18/Nov/2022:08:12:13 +0800] "GET /xingrg/all/function/internal_message.html?_=1668730337847&CODE_STATE=getMsg HTTP/1.1" 200 27
120.253.135.82 - - [18/Nov/2022:08:12:17 +0800] "POST /xingrg/kc/buy/cgsh_list_operate.html HTTP/1.1" 200 986
120.253.135.82 - - [18/Nov/2022:08:12:17 +0800] "POST /xingrg/kc/buy/cgsh_list_operate.html HTTP/1.1" 200 986
116.238.139.35 - - [18/Nov/2022:08:12:20 +0800] "GET /xingrg/all/function/internal_message.html?_=1668730253823&CODE_STATE=getMsg HTTP/1.1" 200 27
218.81.217.29 - - [18/Nov/2022:08:12:30 +0800] "GET /xingrg/all/function/internal_message.html?_=1668730368508&CODE_STATE=getMsg HTTP/1.1" 200 27
120.253.135.82 - - [18/Nov/2022:08:12:34 +0800] "GET /xingrg/all/function/internal_message.html?_=1668730155825&CODE_STATE=getMsg HTTP/1.1" 200 27
120.253.135.82 - - [18/Nov/2022:08:12:51 +0800] "GET /xingrg/kc/report/report_main.html HTTP/1.1" 200 8599
180.162.229.95 - - [18/Nov/2022:08:12:52 +0800] "GET /xingrg/all/function/internal_message.html?_=1668730371785&CODE_STATE=getMsg HTTP/1.1" 200 27
120.253.135.82 - - [18/Nov/2022:08:12:53 +0800] "GET /xingrg/kc/base/kc_stocks.html HTTP/1.1" 200 16506
120.253.135.82 - - [18/Nov/2022:08:12:53 +0800] "GET /xingrg/javascript/easyui/themes/default/tree.css HTTP/1.1" 404 1090
120.253.135.82 - - [18/Nov/2022:08:12:53 +0800] "POST /xingrg/all/common/load_tree.html?tree=materiel_sort_tree_json HTTP/1.1" 200 9500
120.253.135.82 - - [18/Nov/2022:08:12:55 +0800] "POST /xingrg/all/common/load_combo.html?type=base HTTP/1.1" 200 1169
116.230.105.139 - - [18/Nov/2022:08:12:56 +0800] "GET /xingrg/all/function/internal_message.html?_=1668730372806&CODE_STATE=getMsg HTTP/1.1" 200 27
120.253.135.82 - - [18/Nov/2022:08:13:02 +0800] "POST /xingrg/kc/base/stock_operate.html HTTP/1.1" 200 1462
180.162.229.95 - - [18/Nov/2022:08:13:10 +0800] "GET /xingrg/all/function/internal_message.html?_=1668730397833&CODE_STATE=getMsg HTTP/1.1" 200 27
116.238.139.35 - - [18/Nov/2022:08:13:20 +0800] "GET /xingrg/all/function/internal_message.html?_=1668730313836&CODE_STATE=getMsg HTTP/1.1" 200 27
218.81.217.29 - - [18/Nov/2022:08:13:30 +0800] "GET /xingrg/all/function/internal_message.html?_=1668730428786&CODE_STATE=getMsg HTTP/1.1" 200 27
120.253.135.82 - - [18/Nov/2022:08:13:30 +0800] "GET /xingrg/kc/pszx/mdqp_order_list.html?state=10 HTTP/1.1" 200 10275
120.253.135.82 - - [18/Nov/2022:08:13:30 +0800] "GET /xingrg/dwr/interface/AjaxQqpsService.js HTTP/1.1" 200 16326
120.253.135.82 - - [18/Nov/2022:08:13:30 +0800] "GET /xingrg/dwr/interface/AjaxReportQueryService.js HTTP/1.1" 200 13203
120.253.135.82 - - [18/Nov/2022:08:13:30 +0800] "GET /xingrg/dwr/engine.js HTTP/1.1" 200 43631
120.253.135.82 - - [18/Nov/2022:08:13:34 +0800] "GET /xingrg/all/function/internal_message.html?_=1668730215839&CODE_STATE=getMsg HTTP/1.1" 200 27
180.162.229.95 - - [18/Nov/2022:08:13:52 +0800] "GET /xingrg/all/function/internal_message.html?_=1668730431780&CODE_STATE=getMsg HTTP/1.1" 200 27
116.230.105.139 - - [18/Nov/2022:08:13:56 +0800] "GET /xingrg/all/function/internal_message.html?_=1668730432777&CODE_STATE=getMsg HTTP/1.1" 200 27
180.162.229.95 - - [18/Nov/2022:08:14:10 +0800] "GET /xingrg/all/function/internal_message.html?_=1668730457847&CODE_STATE=getMsg HTTP/1.1" 200 27
116.238.139.35 - - [18/Nov/2022:08:14:20 +0800] "GET /xingrg/all/function/internal_message.html?_=1668730373855&CODE_STATE=getMsg HTTP/1.1" 200 27
218.81.217.29 - - [18/Nov/2022:08:14:30 +0800] "GET /xingrg/all/function/internal_message.html?_=1668730488801&CODE_STATE=getMsg HTTP/1.1" 200 27
120.253.135.82 - - [18/Nov/2022:08:14:34 +0800] "GET /xingrg/all/function/internal_message.html?_=1668730276044&CODE_STATE=getMsg HTTP/1.1" 200 27
180.162.229.95 - - [18/Nov/2022:08:14:52 +0800] "GET /xingrg/all/function/internal_message.html?_=1668730491771&CODE_STATE=getMsg HTTP/1.1" 200 27
116.230.105.139 - - [18/Nov/2022:08:14:56 +0800] "GET /xingrg/all/function/internal_message.html?_=1668730492776&CODE_STATE=getMsg HTTP/1.1" 200 27
180.162.229.95 - - [18/Nov/2022:08:15:10 +0800] "GET /xingrg/all/function/internal_message.html?_=1668730517850&CODE_STATE=getMsg HTTP/1.1" 200 27
116.238.139.35 - - [18/Nov/2022:08:15:20 +0800] "GET /xingrg/all/function/internal_message.html?_=1668730433862&CODE_STATE=getMsg HTTP/1.1" 200 27
218.81.217.29 - - [18/Nov/2022:08:15:31 +0800] "GET /xingrg/all/function/internal_message.html?_=1668730549133&CODE_STATE=getMsg HTTP/1.1" 200 27
120.253.135.82 - - [18/Nov/2022:08:15:34 +0800] "GET /xingrg/check_reg.html?_=1668730335803 HTTP/1.1" 200 22
120.253.135.82 - - [18/Nov/2022:08:15:35 +0800] "GET /xingrg/all/function/internal_message.html?_=1668730336233&CODE_STATE=getMsg HTTP/1.1" 200 27
58.221.95.50 - - [18/Nov/2022:08:15:37 +0800] "GET /xingrg/check_reg.html?_=1668730522648 HTTP/1.1" 302 -
180.162.229.95 - - [18/Nov/2022:08:15:52 +0800] "GET /xingrg/all/function/internal_message.html?_=1668730551778&CODE_STATE=getMsg HTTP/1.1" 200 27
180.162.229.95 - - [18/Nov/2022:08:15:52 +0800] "GET /xingrg/check_reg.html?_=1668730551781 HTTP/1.1" 200 22
116.230.105.139 - - [18/Nov/2022:08:15:56 +0800] "GET /xingrg/all/function/internal_message.html?_=1668730552750&CODE_STATE=getMsg HTTP/1.1" 200 27
218.81.217.29 - - [18/Nov/2022:08:16:01 +0800] "GET /xingrg/check_reg.html?_=1668730580092 HTTP/1.1" 200 22
180.162.229.95 - - [18/Nov/2022:08:16:10 +0800] "GET /xingrg/all/function/internal_message.html?_=1668730577849&CODE_STATE=getMsg HTTP/1.1" 200 27
116.230.105.139 - - [18/Nov/2022:08:16:11 +0800] "GET /xingrg/check_reg.html?_=1668730568177 HTTP/1.1" 200 22
116.238.139.35 - - [18/Nov/2022:08:16:20 +0800] "GET /xingrg/all/function/internal_message.html?_=1668730493881&CODE_STATE=getMsg HTTP/1.1" 200 27
218.81.217.29 - - [18/Nov/2022:08:16:31 +0800] "GET /xingrg/all/function/internal_message.html?_=1668730609140&CODE_STATE=getMsg HTTP/1.1" 200 27
120.253.135.82 - - [18/Nov/2022:08:16:35 +0800] "GET /xingrg/all/function/internal_message.html?_=1668730396238&CODE_STATE=getMsg HTTP/1.1" 200 27
180.162.229.95 - - [18/Nov/2022:08:16:52 +0800] "GET /xingrg/all/function/internal_message.html?_=1668730611780&CODE_STATE=getMsg HTTP/1.1" 200 27
116.230.105.139 - - [18/Nov/2022:08:16:56 +0800] "GET /xingrg/all/function/internal_message.html?_=1668730612733&CODE_STATE=getMsg HTTP/1.1" 200 27
116.238.139.35 - - [18/Nov/2022:08:17:06 +0800] "GET /xingrg/check_reg.html?_=1668730539647 HTTP/1.1" 200 22
180.162.229.95 - - [18/Nov/2022:08:17:10 +0800] "GET /xingrg/all/function/internal_message.html?_=1668730637851&CODE_STATE=getMsg HTTP/1.1" 200 27
180.162.229.95 - - [18/Nov/2022:08:17:10 +0800] "GET /xingrg/check_reg.html?_=1668730637853 HTTP/1.1" 200 22
116.238.139.35 - - [18/Nov/2022:08:17:20 +0800] "GET /xingrg/all/function/internal_message.html?_=1668730553890&CODE_STATE=getMsg HTTP/1.1" 200 27
218.81.217.29 - - [18/Nov/2022:08:17:31 +0800] "GET /xingrg/all/function/internal_message.html?_=1668730669154&CODE_STATE=getMsg HTTP/1.1" 200 27
120.253.135.82 - - [18/Nov/2022:08:17:35 +0800] "GET /xingrg/all/function/internal_message.html?_=1668730456252&CODE_STATE=getMsg HTTP/1.1" 200 27
180.162.229.95 - - [18/Nov/2022:08:17:52 +0800] "GET /xingrg/all/function/internal_message.html?_=1668730671769&CODE_STATE=getMsg HTTP/1.1" 200 27
116.230.105.139 - - [18/Nov/2022:08:17:56 +0800] "GET /xingrg/all/function/internal_message.html?_=1668730672706&CODE_STATE=getMsg HTTP/1.1" 200 27
180.162.229.95 - - [18/Nov/2022:08:18:10 +0800] "GET /xingrg/all/function/internal_message.html?_=1668730697837&CODE_STATE=getMsg HTTP/1.1" 200 27
116.238.139.35 - - [18/Nov/2022:08:18:20 +0800] "GET /xingrg/all/function/internal_message.html?_=1668730613904&CODE_STATE=getMsg HTTP/1.1" 200 27
218.81.217.29 - - [18/Nov/2022:08:18:31 +0800] "GET /xingrg/all/function/internal_message.html?_=1668730729501&CODE_STATE=getMsg HTTP/1.1" 200 27
120.253.135.82 - - [18/Nov/2022:08:18:35 +0800] "GET /xingrg/all/function/internal_message.html?_=1668730516458&CODE_STATE=getMsg HTTP/1.1" 200 27
180.162.229.95 - - [18/Nov/2022:08:18:52 +0800] "GET /xingrg/all/function/internal_message.html?_=1668730731775&CODE_STATE=getMsg HTTP/1.1" 200 27
114.95.46.117 - - [18/Nov/2022:08:18:53 +0800] "POST /xingrg/services/DataTransmitService HTTP/1.1" 200 524
116.230.105.139 - - [18/Nov/2022:08:18:56 +0800] "GET /xingrg/all/function/internal_message.html?_=1668730732681&CODE_STATE=getMsg HTTP/1.1" 200 27
180.162.229.95 - - [18/Nov/2022:08:19:10 +0800] "GET /xingrg/all/function/internal_message.html?_=1668730757838&CODE_STATE=getMsg HTTP/1.1" 200 27
120.253.135.82 - - [18/Nov/2022:08:19:19 +0800] "GET /xingrg/kc/pszx/mdqp_order_list.html?state=10 HTTP/1.1" 200 10275
120.253.135.82 - - [18/Nov/2022:08:19:19 +0800] "GET /xingrg/dwr/interface/AjaxReportQueryService.js HTTP/1.1" 200 13203
120.253.135.82 - - [18/Nov/2022:08:19:19 +0800] "GET /xingrg/dwr/interface/AjaxQqpsService.js HTTP/1.1" 200 16326
120.253.135.82 - - [18/Nov/2022:08:19:19 +0800] "GET /xingrg/dwr/engine.js HTTP/1.1" 200 43631
116.238.139.35 - - [18/Nov/2022:08:19:20 +0800] "GET /xingrg/all/function/internal_message.html?_=1668730673924&CODE_STATE=getMsg HTTP/1.1" 200 27
120.253.135.82 - - [18/Nov/2022:08:19:23 +0800] "GET /xingrg/kc/pszx/mdqp_order_list.html?state=10 HTTP/1.1" 200 10275
120.253.135.82 - - [18/Nov/2022:08:19:23 +0800] "GET /xingrg/dwr/interface/AjaxReportQueryService.js HTTP/1.1" 200 13203
120.253.135.82 - - [18/Nov/2022:08:19:23 +0800] "GET /xingrg/dwr/interface/AjaxQqpsService.js HTTP/1.1" 200 16326
120.253.135.82 - - [18/Nov/2022:08:19:23 +0800] "GET /xingrg/dwr/engine.js HTTP/1.1" 200 43631
218.81.217.29 - - [18/Nov/2022:08:19:31 +0800] "GET /xingrg/all/function/internal_message.html?_=1668730789509&CODE_STATE=getMsg HTTP/1.1" 200 27
120.253.135.82 - - [18/Nov/2022:08:19:35 +0800] "GET /xingrg/all/function/internal_message.html?_=1668730576466&CODE_STATE=getMsg HTTP/1.1" 200 27
116.230.105.139 - - [18/Nov/2022:08:19:56 +0800] "GET /xingrg/all/function/internal_message.html?_=1668730792674&CODE_STATE=getMsg HTTP/1.1" 200 27
180.162.229.95 - - [18/Nov/2022:08:20:10 +0800] "GET /xingrg/all/function/internal_message.html?_=1668730817858&CODE_STATE=getMsg HTTP/1.1" 200 27
120.253.135.82 - - [18/Nov/2022:08:20:12 +0800] "GET /xingrg/kc/pszx/mdqp_order_list.html?state=10 HTTP/1.1" 200 10275
120.253.135.82 - - [18/Nov/2022:08:20:12 +0800] "GET /xingrg/dwr/interface/AjaxReportQueryService.js HTTP/1.1" 200 13203
120.253.135.82 - - [18/Nov/2022:08:20:12 +0800] "GET /xingrg/dwr/interface/AjaxQqpsService.js HTTP/1.1" 200 16326
120.253.135.82 - - [18/Nov/2022:08:20:12 +0800] "GET /xingrg/dwr/engine.js HTTP/1.1" 200 43631
120.253.135.82 - - [18/Nov/2022:08:20:17 +0800] "GET /xingrg/kc/buy/cgsh_order_list.html HTTP/1.1" 200 53717
120.253.135.82 - - [18/Nov/2022:08:20:19 +0800] "POST /xingrg/kc/buy/cgsh_list_operate.html HTTP/1.1" 200 986
116.238.139.35 - - [18/Nov/2022:08:20:20 +0800] "GET /xingrg/all/function/internal_message.html?_=1668730733930&CODE_STATE=getMsg HTTP/1.1" 200 27
120.253.135.82 - - [18/Nov/2022:08:20:21 +0800] "GET /xingrg/kc/pszx/mdqp_order_list.html?state=10 HTTP/1.1" 200 10275
120.253.135.82 - - [18/Nov/2022:08:20:21 +0800] "GET /xingrg/dwr/interface/AjaxReportQueryService.js HTTP/1.1" 200 13203
120.253.135.82 - - [18/Nov/2022:08:20:21 +0800] "GET /xingrg/dwr/interface/AjaxQqpsService.js HTTP/1.1" 200 16326
120.253.135.82 - - [18/Nov/2022:08:20:21 +0800] "GET /xingrg/dwr/engine.js HTTP/1.1" 200 43631
120.253.135.82 - - [18/Nov/2022:08:20:26 +0800] "GET /xingrg/kc/pszx/mdqp_order_list.html?state=10 HTTP/1.1" 200 10275
120.253.135.82 - - [18/Nov/2022:08:20:26 +0800] "GET /xingrg/dwr/interface/AjaxReportQueryService.js HTTP/1.1" 200 13203
120.253.135.82 - - [18/Nov/2022:08:20:26 +0800] "GET /xingrg/dwr/interface/AjaxQqpsService.js HTTP/1.1" 200 16326
120.253.135.82 - - [18/Nov/2022:08:20:26 +0800] "GET /xingrg/dwr/engine.js HTTP/1.1" 200 43631
218.81.217.29 - - [18/Nov/2022:08:20:31 +0800] "GET /xingrg/all/function/internal_message.html?_=1668730849783&CODE_STATE=getMsg HTTP/1.1" 200 27
120.253.135.82 - - [18/Nov/2022:08:20:34 +0800] "GET /xingrg/kc/pszx/mdqp_order_list.html?state=10 HTTP/1.1" 200 10275
120.253.135.82 - - [18/Nov/2022:08:20:35 +0800] "GET /xingrg/check_reg.html?_=1668730636061 HTTP/1.1" 200 22
120.253.135.82 - - [18/Nov/2022:08:20:35 +0800] "GET /xingrg/dwr/interface/AjaxQqpsService.js HTTP/1.1" 200 16326
120.253.135.82 - - [18/Nov/2022:08:20:35 +0800] "GET /xingrg/dwr/engine.js HTTP/1.1" 200 43631
120.253.135.82 - - [18/Nov/2022:08:20:35 +0800] "GET /xingrg/all/function/internal_message.html?_=1668730636480&CODE_STATE=getMsg HTTP/1.1" 200 27
120.253.135.82 - - [18/Nov/2022:08:20:35 +0800] "GET /xingrg/dwr/interface/AjaxReportQueryService.js HTTP/1.1" 200 13203
58.221.95.50 - - [18/Nov/2022:08:20:37 +0800] "GET /xingrg/check_reg.html?_=1668730822717 HTTP/1.1" 302 -
120.253.135.82 - - [18/Nov/2022:08:20:39 +0800] "GET /xingrg/kc/pszx/mdqp_order_list.html?state=10 HTTP/1.1" 200 10275
120.253.135.82 - - [18/Nov/2022:08:20:39 +0800] "GET /xingrg/dwr/interface/AjaxQqpsService.js HTTP/1.1" 200 16326
120.253.135.82 - - [18/Nov/2022:08:20:39 +0800] "GET /xingrg/dwr/interface/AjaxReportQueryService.js HTTP/1.1" 200 13203
120.253.135.82 - - [18/Nov/2022:08:20:39 +0800] "GET /xingrg/dwr/engine.js HTTP/1.1" 200 43631
