114.88.159.190 - - [18/Nov/2022:10:23:48 +0800] "POST /xingrg/kc/buy/cgsh_list_operate.html HTTP/1.1" 200 1867
114.84.81.136 - - [18/Nov/2022:10:23:52 +0800] "GET /xingrg/kc/buy/cgsh_order_operate.html?command=get_materiel&rest_code=00148&code=00101008223&supplier_code=00100008&order_time=2022-11-18 HTTP/1.1" 200 412
180.163.28.109 - - [18/Nov/2022:10:23:53 +0800] "GET /xingrg/kc/buy/cgsh_order_operate.html?command=get_materiel&rest_code=00106&code=00101008283&supplier_code=00100007&order_time=2022-11-18 HTTP/1.1" 302 -
180.163.28.109 - - [18/Nov/2022:10:23:53 +0800] "GET /xingrg/login.html HTTP/1.1" 200 7641
222.70.183.206 - - [18/Nov/2022:10:23:53 +0800] "GET /xingrg/all/function/internal_message.html?_=1668738233110&CODE_STATE=getMsg HTTP/1.1" 200 27
180.169.147.146 - - [18/Nov/2022:10:24:03 +0800] "GET /xingrg/all/function/internal_message.html?_=1668738244010&CODE_STATE=getMsg HTTP/1.1" 200 27
114.84.81.136 - - [18/Nov/2022:10:24:04 +0800] "GET /xingrg/kc/buy/cgsh_order_operate.html?command=get_materiel&rest_code=00148&code=00101008114&supplier_code=00100008&order_time=2022-11-18 HTTP/1.1" 200 412
180.163.30.100 - - [18/Nov/2022:10:24:06 +0800] "GET /xingrg/kc/buy/cgsh_order_operate.html?command=get_materiel&rest_code=00106&code=00101008072&supplier_code=00100007&order_time=2022-11-18 HTTP/1.1" 302 -
180.163.30.100 - - [18/Nov/2022:10:24:06 +0800] "GET /xingrg/login.html HTTP/1.1" 200 7641
114.88.159.190 - - [18/Nov/2022:10:24:08 +0800] "POST /xingrg/kc/buy/cgsh_list_operate.html HTTP/1.1" 200 568
180.162.229.95 - - [18/Nov/2022:10:24:10 +0800] "GET /xingrg/all/function/internal_message.html?_=1668738258033&CODE_STATE=getMsg HTTP/1.1" 200 27
114.84.81.136 - - [18/Nov/2022:10:24:13 +0800] "GET /xingrg/kc/buy/cgsh_order_operate.html?command=get_materiel&rest_code=00148&code=00101008168&supplier_code=00100008&order_time=2022-11-18 HTTP/1.1" 200 412
114.95.46.117 - - [18/Nov/2022:10:24:13 +0800] "GET /xingrg/all/function/internal_message.html?_=1668738254962&CODE_STATE=getMsg HTTP/1.1" 200 27
61.170.233.161 - - [18/Nov/2022:10:24:15 +0800] "GET /xingrg/kc/buy/cgsh_order_operate.html?command=get_materiel&rest_code=00106&code=00101008370&supplier_code=00100007&order_time=2022-11-18 HTTP/1.1" 200 412
114.84.81.136 - - [18/Nov/2022:10:24:15 +0800] "POST /xingrg/kc/buy/cgsh_order_operate.html HTTP/1.1" 200 2065
180.163.29.217 - - [18/Nov/2022:10:24:18 +0800] "GET /xingrg/all/function/internal_message.html?_=1668738192583&CODE_STATE=getMsg HTTP/1.1" 302 -
180.163.29.217 - - [18/Nov/2022:10:24:18 +0800] "GET /xingrg/login.html HTTP/1.1" 200 7641
61.170.233.161 - - [18/Nov/2022:10:24:18 +0800] "GET /xingrg/all/function/internal_message.html?_=1668738252651&CODE_STATE=getMsg HTTP/1.1" 200 27
116.235.93.82 - - [18/Nov/2022:10:24:21 +0800] "GET /xingrg/all/function/internal_message.html?_=1668738479071&CODE_STATE=getMsg HTTP/1.1" 200 27
114.84.81.136 - - [18/Nov/2022:10:24:22 +0800] "GET /xingrg/kc/buy/cgsh_order_operate.html?command=get_materiel&rest_code=00148&code=00101008125&supplier_code=00100008&order_time=2022-11-18 HTTP/1.1" 200 413
116.230.105.139 - - [18/Nov/2022:10:24:23 +0800] "GET /xingrg/all/function/internal_message.html?_=1668738259622&CODE_STATE=getMsg HTTP/1.1" 200 27
61.170.233.161 - - [18/Nov/2022:10:24:25 +0800] "GET /xingrg/kc/buy/cgsh_order_operate.html?command=get_materiel&rest_code=00106&code=00101008087&supplier_code=00100007&order_time=2022-11-18 HTTP/1.1" 200 412
116.230.105.139 - - [18/Nov/2022:10:24:26 +0800] "GET /xingrg/all/function/internal_message.html?_=1668738267083&CODE_STATE=getMsg HTTP/1.1" 200 27
180.169.147.146 - - [18/Nov/2022:10:24:27 +0800] "GET /xingrg/all/function/internal_message.html?_=1668738266531&CODE_STATE=getMsg HTTP/1.1" 200 27
180.169.147.146 - - [18/Nov/2022:10:24:27 +0800] "GET /xingrg/check_reg.html?_=1668738266530 HTTP/1.1" 200 22
114.95.46.117 - - [18/Nov/2022:10:24:30 +0800] "GET /xingrg/all/function/internal_message.html?_=1668738121039&CODE_STATE=getMsg HTTP/1.1" 200 27
114.95.46.117 - - [18/Nov/2022:10:24:30 +0800] "GET /xingrg/check_reg.html?_=1668738121042 HTTP/1.1" 200 22
124.79.74.72 - - [18/Nov/2022:10:24:30 +0800] "GET /xingrg/all/function/internal_message.html?_=1668738274959&CODE_STATE=getMsg HTTP/1.1" 200 27
114.88.159.190 - - [18/Nov/2022:10:24:31 +0800] "GET /xingrg/kc/buy/cgsh_order_info.html?code=212022111806015 HTTP/1.1" 200 69507
114.88.159.190 - - [18/Nov/2022:10:24:31 +0800] "GET /xingrg/all/common/auto_word.html?type=employee&rest_code=00141 HTTP/1.1" 200 201
114.88.159.190 - - [18/Nov/2022:10:24:31 +0800] "GET /xingrg/all/common/auto_word.html?type=employee&rest_code=00141 HTTP/1.1" 200 201
114.88.159.190 - - [18/Nov/2022:10:24:31 +0800] "GET /xingrg/javascript/easyui/themes/default/validatebox.css HTTP/1.1" 404 1104
114.88.159.190 - - [18/Nov/2022:10:24:32 +0800] "POST /xingrg/kc/buy/cgsh_order_operate.html HTTP/1.1" 200 10927
116.238.139.35 - - [18/Nov/2022:10:24:32 +0800] "GET /xingrg/all/function/internal_message.html?_=1668738275354&CODE_STATE=getMsg HTTP/1.1" 200 27
116.238.139.35 - - [18/Nov/2022:10:24:40 +0800] "GET /xingrg/all/function/internal_message.html?_=1668738193368&CODE_STATE=getMsg HTTP/1.1" 200 27
114.88.159.190 - - [18/Nov/2022:10:24:41 +0800] "GET /xingrg/javascript/auto/indicator.gif HTTP/1.1" 404 1066
114.84.81.136 - - [18/Nov/2022:10:24:42 +0800] "GET /xingrg/all/function/internal_message.html?_=1668738290763&CODE_STATE=getMsg HTTP/1.1" 200 27
114.95.46.117 - - [18/Nov/2022:10:24:43 +0800] "GET /xingrg/kc/base/wldb_order_operate.html?command=get_materiel&rest_code=00105&base_code=0010508&code=00102002466 HTTP/1.1" 200 434
61.170.233.161 - - [18/Nov/2022:10:24:43 +0800] "POST /xingrg/kc/buy/cgsh_order_operate.html HTTP/1.1" 200 2065
114.88.159.190 - - [18/Nov/2022:10:24:44 +0800] "GET /xingrg/all/function/internal_message.html?_=1668737892393&CODE_STATE=getMsg HTTP/1.1" 200 27
114.83.219.57 - - [18/Nov/2022:10:24:44 +0800] "GET /xingrg/all/function/internal_message.html?_=1668738406648&CODE_STATE=getMsg HTTP/1.1" 200 27
114.83.219.57 - - [18/Nov/2022:10:24:44 +0800] "GET /xingrg/check_reg.html?_=1668738407308 HTTP/1.1" 200 22
180.162.229.95 - - [18/Nov/2022:10:24:45 +0800] "GET /xingrg/all/function/internal_message.html?_=1668738285442&CODE_STATE=getMsg HTTP/1.1" 200 27
218.81.217.29 - - [18/Nov/2022:10:24:45 +0800] "GET /xingrg/all/function/internal_message.html?_=1668738304146&CODE_STATE=getMsg HTTP/1.1" 200 27
114.88.159.190 - - [18/Nov/2022:10:24:46 +0800] "GET /xingrg/kc/buy/cgsh_order_operate.html?command=get_materiel&rest_code=00141&code=00101008283&supplier_code=00100007&order_time=2022-11-18 HTTP/1.1" 200 408
61.170.233.161 - - [18/Nov/2022:10:24:53 +0800] "POST /xingrg/kc/buy/cgsh_order_operate.html HTTP/1.1" 200 37
222.70.183.206 - - [18/Nov/2022:10:24:53 +0800] "GET /xingrg/check_reg.html?_=1668738293109 HTTP/1.1" 200 22
222.70.183.206 - - [18/Nov/2022:10:24:53 +0800] "GET /xingrg/all/function/internal_message.html?_=1668738293114&CODE_STATE=getMsg HTTP/1.1" 200 27
61.170.233.161 - - [18/Nov/2022:10:24:55 +0800] "POST /xingrg/kc/buy/cgsh_order_operate.html HTTP/1.1" 200 20389
180.169.147.146 - - [18/Nov/2022:10:25:03 +0800] "GET /xingrg/all/function/internal_message.html?_=1668738304013&CODE_STATE=getMsg HTTP/1.1" 200 27
114.88.159.190 - - [18/Nov/2022:10:25:04 +0800] "GET /xingrg/kc/buy/cgsh_order_operate.html?command=get_materiel&rest_code=00141&code=00101008134&supplier_code=00100007&order_time=2022-11-18 HTTP/1.1" 200 412
180.162.229.95 - - [18/Nov/2022:10:25:10 +0800] "GET /xingrg/all/function/internal_message.html?_=1668738318051&CODE_STATE=getMsg HTTP/1.1" 200 27
114.88.159.190 - - [18/Nov/2022:10:25:12 +0800] "GET /xingrg/kc/buy/cgsh_order_operate.html?command=get_materiel&rest_code=00141&code=00101008037&supplier_code=00100007&order_time=2022-11-18 HTTP/1.1" 200 413
180.163.28.55 - - [18/Nov/2022:10:25:12 +0800] "GET /xingrg/kc/buy/cgsh_order_operate.html?command=get_materiel&rest_code=00106&code=00101008370&supplier_code=00100007&order_time=2022-11-18 HTTP/1.1" 302 -
180.163.28.55 - - [18/Nov/2022:10:25:12 +0800] "GET /xingrg/login.html HTTP/1.1" 200 7641
114.95.46.117 - - [18/Nov/2022:10:25:13 +0800] "GET /xingrg/all/function/internal_message.html?_=1668738314942&CODE_STATE=getMsg HTTP/1.1" 200 27
116.230.105.139 - - [18/Nov/2022:10:25:14 +0800] "GET /xingrg/check_reg.html?_=1668738311082 HTTP/1.1" 200 22
114.95.46.117 - - [18/Nov/2022:10:25:16 +0800] "GET /xingrg/kc/buy/cgsh_order_list.html HTTP/1.1" 200 53717
61.170.233.161 - - [18/Nov/2022:10:25:17 +0800] "GET /xingrg/check_reg.html?_=1668738312222 HTTP/1.1" 200 22
61.170.233.161 - - [18/Nov/2022:10:25:18 +0800] "GET /xingrg/all/function/internal_message.html?_=1668738312535&CODE_STATE=getMsg HTTP/1.1" 200 27
180.163.29.219 - - [18/Nov/2022:10:25:18 +0800] "GET /xingrg/all/function/internal_message.html?_=1668738252651&CODE_STATE=getMsg HTTP/1.1" 302 -
180.163.29.219 - - [18/Nov/2022:10:25:18 +0800] "GET /xingrg/login.html HTTP/1.1" 200 7641
114.95.46.117 - - [18/Nov/2022:10:25:19 +0800] "POST /xingrg/kc/buy/cgsh_list_operate.html HTTP/1.1" 200 4378
114.88.159.190 - - [18/Nov/2022:10:25:19 +0800] "GET /xingrg/kc/buy/cgsh_order_operate.html?command=get_materiel&rest_code=00141&code=00101008478&supplier_code=00100007&order_time=2022-11-18 HTTP/1.1" 200 412
114.84.81.136 - - [18/Nov/2022:10:25:19 +0800] "GET /xingrg/kc/buy/cgsh_order_operate.html?command=get_materiel&rest_code=00148&code=00101008109&supplier_code=00100008&order_time=2022-11-18 HTTP/1.1" 200 413
180.163.29.206 - - [18/Nov/2022:10:25:21 +0800] "GET /xingrg/kc/buy/cgsh_order_operate.html?command=get_materiel&rest_code=00106&code=00101008087&supplier_code=00100007&order_time=2022-11-18 HTTP/1.1" 302 -
180.163.29.206 - - [18/Nov/2022:10:25:21 +0800] "GET /xingrg/login.html HTTP/1.1" 200 7641
116.235.93.82 - - [18/Nov/2022:10:25:21 +0800] "GET /xingrg/all/function/internal_message.html?_=1668738539067&CODE_STATE=getMsg HTTP/1.1" 200 27
116.230.105.139 - - [18/Nov/2022:10:25:23 +0800] "GET /xingrg/all/function/internal_message.html?_=1668738319612&CODE_STATE=getMsg HTTP/1.1" 200 27
114.95.46.117 - - [18/Nov/2022:10:25:23 +0800] "POST /xingrg/kc/buy/cgsh_list_operate.html HTTP/1.1" 200 586
114.95.46.117 - - [18/Nov/2022:10:25:23 +0800] "GET /xingrg/kc/buy/cgsh_order_info.html?code=212022111806012 HTTP/1.1" 200 69589
114.95.46.117 - - [18/Nov/2022:10:25:24 +0800] "GET /xingrg/javascript/easyui/themes/default/validatebox.css HTTP/1.1" 404 1104
114.95.46.117 - - [18/Nov/2022:10:25:24 +0800] "POST /xingrg/kc/buy/cgsh_order_operate.html HTTP/1.1" 200 6811
114.88.159.190 - - [18/Nov/2022:10:25:25 +0800] "POST /xingrg/kc/buy/cgsh_order_operate.html HTTP/1.1" 200 2065
116.230.105.139 - - [18/Nov/2022:10:25:26 +0800] "GET /xingrg/all/function/internal_message.html?_=1668738327077&CODE_STATE=getMsg HTTP/1.1" 200 27
180.169.147.146 - - [18/Nov/2022:10:25:27 +0800] "GET /xingrg/all/function/internal_message.html?_=1668738326536&CODE_STATE=getMsg HTTP/1.1" 200 27
114.84.81.136 - - [18/Nov/2022:10:25:27 +0800] "GET /xingrg/kc/buy/cgsh_order_operate.html?command=get_materiel&rest_code=00148&code=00101008509&supplier_code=00100008&order_time=2022-11-18 HTTP/1.1" 200 409
114.95.46.117 - - [18/Nov/2022:10:25:30 +0800] "GET /xingrg/all/function/internal_message.html?_=1668738181049&CODE_STATE=getMsg HTTP/1.1" 200 27
124.79.74.72 - - [18/Nov/2022:10:25:30 +0800] "GET /xingrg/all/function/internal_message.html?_=1668738334960&CODE_STATE=getMsg HTTP/1.1" 200 27
124.79.74.72 - - [18/Nov/2022:10:25:30 +0800] "GET /xingrg/check_reg.html?_=1668738334962 HTTP/1.1" 200 22
116.238.139.35 - - [18/Nov/2022:10:25:32 +0800] "GET /xingrg/check_reg.html?_=1668738335354 HTTP/1.1" 200 22
116.238.139.35 - - [18/Nov/2022:10:25:32 +0800] "GET /xingrg/all/function/internal_message.html?_=1668738335357&CODE_STATE=getMsg HTTP/1.1" 200 27
114.95.46.117 - - [18/Nov/2022:10:25:34 +0800] "POST /xingrg/kc/buy/cgsh_order_operate.html HTTP/1.1" 200 37
114.88.159.190 - - [18/Nov/2022:10:25:34 +0800] "GET /xingrg/kc/buy/cgsh_order_operate.html?command=get_materiel&rest_code=00141&code=00101008027&supplier_code=00100007&order_time=2022-11-18 HTTP/1.1" 200 408
114.84.81.136 - - [18/Nov/2022:10:25:36 +0800] "GET /xingrg/kc/buy/cgsh_order_operate.html?command=get_materiel&rest_code=00148&code=00101008704&supplier_code=00100008&order_time=2022-11-18 HTTP/1.1" 200 395
58.221.95.50 - - [18/Nov/2022:10:25:39 +0800] "GET /xingrg/check_reg.html?_=1668738324142 HTTP/1.1" 302 -
116.238.139.35 - - [18/Nov/2022:10:25:40 +0800] "GET /xingrg/all/function/internal_message.html?_=1668738253382&CODE_STATE=getMsg HTTP/1.1" 200 27
114.84.81.136 - - [18/Nov/2022:10:25:42 +0800] "GET /xingrg/kc/buy/cgsh_order_operate.html?command=get_materiel&rest_code=00148&code=00101008123&supplier_code=00100008&order_time=2022-11-18 HTTP/1.1" 200 412
114.84.81.136 - - [18/Nov/2022:10:25:42 +0800] "GET /xingrg/all/function/internal_message.html?_=1668738350774&CODE_STATE=getMsg HTTP/1.1" 200 27
114.84.81.136 - - [18/Nov/2022:10:25:44 +0800] "POST /xingrg/kc/buy/cgsh_order_operate.html HTTP/1.1" 200 2065
114.88.159.190 - - [18/Nov/2022:10:25:44 +0800] "GET /xingrg/all/function/internal_message.html?_=1668737952402&CODE_STATE=getMsg HTTP/1.1" 200 27
114.83.219.57 - - [18/Nov/2022:10:25:44 +0800] "GET /xingrg/all/function/internal_message.html?_=1668738466636&CODE_STATE=getMsg HTTP/1.1" 200 27
114.88.159.190 - - [18/Nov/2022:10:25:45 +0800] "GET /xingrg/kc/buy/cgsh_order_operate.html?command=get_materiel&rest_code=00141&code=00101008096&supplier_code=00100007&order_time=2022-11-18 HTTP/1.1" 200 412
180.162.229.95 - - [18/Nov/2022:10:25:45 +0800] "GET /xingrg/all/function/internal_message.html?_=1668738345442&CODE_STATE=getMsg HTTP/1.1" 200 27
218.81.217.29 - - [18/Nov/2022:10:25:45 +0800] "GET /xingrg/all/function/internal_message.html?_=1668738364154&CODE_STATE=getMsg HTTP/1.1" 200 27
114.84.81.136 - - [18/Nov/2022:10:25:49 +0800] "GET /xingrg/kc/buy/cgsh_order_operate.html?command=get_materiel&rest_code=00148&code=00101008036&supplier_code=00100008&order_time=2022-11-18 HTTP/1.1" 200 408
114.95.46.117 - - [18/Nov/2022:10:25:51 +0800] "POST /xingrg/kc/buy/cgsh_order_operate.html HTTP/1.1" 200 6810
180.162.229.95 - - [18/Nov/2022:10:25:53 +0800] "GET /xingrg/login.html HTTP/1.1" 200 7641
222.70.183.206 - - [18/Nov/2022:10:25:53 +0800] "GET /xingrg/all/function/internal_message.html?_=1668738353112&CODE_STATE=getMsg HTTP/1.1" 200 27
180.162.229.95 - - [18/Nov/2022:10:25:54 +0800] "GET /favicon.ico HTTP/1.1" 404 -
114.88.159.190 - - [18/Nov/2022:10:25:57 +0800] "GET /xingrg/kc/buy/cgsh_order_operate.html?command=get_materiel&rest_code=00141&code=00101008396&supplier_code=00100007&order_time=2022-11-18 HTTP/1.1" 200 412
180.162.229.95 - - [18/Nov/2022:10:26:01 +0800] "POST /xingrg/login.do HTTP/1.1" 302 -
180.162.229.95 - - [18/Nov/2022:10:26:01 +0800] "GET /xingrg/index.html?sysBaseUrl=http%3A%2F%2F180.169.147.146%3A18081%2Fxingrg%2F&costTime=60×tamp=1668738361283 HTTP/1.1" 200 17173
180.162.229.95 - - [18/Nov/2022:10:26:01 +0800] "GET /favicon.ico HTTP/1.1" 404 -
180.162.229.95 - - [18/Nov/2022:10:26:01 +0800] "POST /xingrg/all/common/load_tree.html?tree=area_rest_tree_json&manage=1 HTTP/1.1" 200 342
218.81.217.29 - - [18/Nov/2022:10:26:02 +0800] "GET /xingrg/check_reg.html?_=1668738380512 HTTP/1.1" 200 22
180.162.229.95 - - [18/Nov/2022:10:26:02 +0800] "GET /xingrg/all/function/internal_message.html?_=1668738386529&CODE_STATE=count HTTP/1.1" 200 11
180.162.229.95 - - [18/Nov/2022:10:26:02 +0800] "GET /xingrg/check_reg.html?_=1668738386533 HTTP/1.1" 200 22
180.162.229.95 - - [18/Nov/2022:10:26:02 +0800] "POST /xingrg/load_menu.html HTTP/1.1" 200 5138
180.169.147.146 - - [18/Nov/2022:10:26:03 +0800] "GET /xingrg/check_reg.html?_=1668738364008 HTTP/1.1" 200 22
180.169.147.146 - - [18/Nov/2022:10:26:03 +0800] "GET /xingrg/all/function/internal_message.html?_=1668738364010&CODE_STATE=getMsg HTTP/1.1" 200 27
114.84.81.136 - - [18/Nov/2022:10:26:05 +0800] "GET /xingrg/kc/buy/cgsh_order_operate.html?command=get_materiel&rest_code=00148&code=00101008261&supplier_code=00100008&order_time=2022-11-18 HTTP/1.1" 200 408
114.88.159.190 - - [18/Nov/2022:10:26:06 +0800] "GET /xingrg/kc/buy/cgsh_order_operate.html?command=get_materiel&rest_code=00141&code=00101008370&supplier_code=00100007&order_time=2022-11-18 HTTP/1.1" 200 412
180.162.229.95 - - [18/Nov/2022:10:26:10 +0800] "GET /xingrg/all/function/internal_message.html?_=1668738378051&CODE_STATE=getMsg HTTP/1.1" 200 27
114.95.46.117 - - [18/Nov/2022:10:26:13 +0800] "GET /xingrg/all/function/internal_message.html?_=1668738374932&CODE_STATE=getMsg HTTP/1.1" 200 27
114.88.159.190 - - [18/Nov/2022:10:26:14 +0800] "GET /xingrg/kc/buy/cgsh_order_operate.html?command=get_materiel&rest_code=00141&code=00101008361&supplier_code=00100007&order_time=2022-11-18 HTTP/1.1" 200 408
114.95.46.117 - - [18/Nov/2022:10:26:15 +0800] "GET /xingrg/check_reg.html?_=1668738376449 HTTP/1.1" 200 22
114.84.81.136 - - [18/Nov/2022:10:26:16 +0800] "GET /xingrg/kc/buy/cgsh_order_operate.html?command=get_materiel&rest_code=00148&code=00101008049&supplier_code=00100008&order_time=2022-11-18 HTTP/1.1" 200 408
114.88.159.190 - - [18/Nov/2022:10:26:17 +0800] "POST /xingrg/kc/buy/cgsh_order_operate.html HTTP/1.1" 200 2065
61.170.233.161 - - [18/Nov/2022:10:26:18 +0800] "GET /xingrg/all/function/internal_message.html?_=1668738372507&CODE_STATE=getMsg HTTP/1.1" 200 27
116.235.93.82 - - [18/Nov/2022:10:26:21 +0800] "GET /xingrg/all/function/internal_message.html?_=1668738599074&CODE_STATE=getMsg HTTP/1.1" 200 27
114.88.159.190 - - [18/Nov/2022:10:26:23 +0800] "GET /xingrg/kc/buy/cgsh_order_operate.html?command=get_materiel&rest_code=00141&code=00101008242&supplier_code=00100007&order_time=2022-11-18 HTTP/1.1" 200 408
116.230.105.139 - - [18/Nov/2022:10:26:23 +0800] "GET /xingrg/all/function/internal_message.html?_=1668738379588&CODE_STATE=getMsg HTTP/1.1" 200 27
114.84.81.136 - - [18/Nov/2022:10:26:24 +0800] "POST /xingrg/kc/buy/cgsh_order_operate.html HTTP/1.1" 200 2065
116.230.105.139 - - [18/Nov/2022:10:26:26 +0800] "GET /xingrg/all/function/internal_message.html?_=1668738387093&CODE_STATE=getMsg HTTP/1.1" 200 27
61.170.233.161 - - [18/Nov/2022:10:26:27 +0800] "GET /xingrg/kc/buy/cgsh_order_operate.html?command=get_materiel&rest_code=00106&code=00102005087&supplier_code=00100007&order_time=2022-11-18 HTTP/1.1" 200 412
180.169.147.146 - - [18/Nov/2022:10:26:27 +0800] "GET /xingrg/all/function/internal_message.html?_=1668738386538&CODE_STATE=getMsg HTTP/1.1" 200 27
114.88.159.190 - - [18/Nov/2022:10:26:30 +0800] "GET /xingrg/kc/buy/cgsh_order_operate.html?command=get_materiel&rest_code=00141&code=00101008356&supplier_code=00100007&order_time=2022-11-18 HTTP/1.1" 200 408
114.95.46.117 - - [18/Nov/2022:10:26:30 +0800] "GET /xingrg/all/function/internal_message.html?_=1668738241038&CODE_STATE=getMsg HTTP/1.1" 200 27
124.79.74.72 - - [18/Nov/2022:10:26:30 +0800] "GET /xingrg/all/function/internal_message.html?_=1668738394959&CODE_STATE=getMsg HTTP/1.1" 200 27
114.84.81.136 - - [18/Nov/2022:10:26:31 +0800] "GET /xingrg/kc/buy/cgsh_order_operate.html?command=get_materiel&rest_code=00148&code=00101008355&supplier_code=00100008&order_time=2022-11-18 HTTP/1.1" 200 408
116.238.139.35 - - [18/Nov/2022:10:26:32 +0800] "GET /xingrg/all/function/internal_message.html?_=1668738395356&CODE_STATE=getMsg HTTP/1.1" 200 27
180.162.229.95 - - [18/Nov/2022:10:26:36 +0800] "GET /xingrg/javascript/easyui/themes/default/tree.css HTTP/1.1" 404 1090
180.162.229.95 - - [18/Nov/2022:10:26:36 +0800] "POST /xingrg/all/common/load_tree.html?tree=supplier_tree_json&isDelete=1 HTTP/1.1" 200 70135
222.70.183.206 - - [18/Nov/2022:10:26:39 +0800] "POST /xingrg/services/DataTransmitService HTTP/1.1" 200 524
116.238.139.35 - - [18/Nov/2022:10:26:40 +0800] "GET /xingrg/all/function/internal_message.html?_=1668738313398&CODE_STATE=getMsg HTTP/1.1" 200 27
114.88.159.190 - - [18/Nov/2022:10:26:40 +0800] "GET /xingrg/kc/buy/cgsh_order_operate.html?command=get_materiel&rest_code=00141&code=00101008300&supplier_code=00100007&order_time=2022-11-18 HTTP/1.1" 200 412
114.84.81.136 - - [18/Nov/2022:10:26:43 +0800] "GET /xingrg/all/function/internal_message.html?_=1668738411385&CODE_STATE=getMsg HTTP/1.1" 200 27
114.88.159.190 - - [18/Nov/2022:10:26:44 +0800] "GET /xingrg/all/function/internal_message.html?_=1668738012433&CODE_STATE=getMsg HTTP/1.1" 200 27
114.83.219.57 - - [18/Nov/2022:10:26:44 +0800] "GET /xingrg/all/function/internal_message.html?_=1668738526619&CODE_STATE=getMsg HTTP/1.1" 200 27
180.162.229.95 - - [18/Nov/2022:10:26:45 +0800] "GET /xingrg/all/function/internal_message.html?_=1668738405431&CODE_STATE=getMsg HTTP/1.1" 200 27
218.81.217.29 - - [18/Nov/2022:10:26:45 +0800] "GET /xingrg/all/function/internal_message.html?_=1668738424167&CODE_STATE=getMsg HTTP/1.1" 200 27
114.84.81.136 - - [18/Nov/2022:10:26:45 +0800] "POST /xingrg/kc/buy/cgsh_order_operate.html HTTP/1.1" 200 37
61.170.233.161 - - [18/Nov/2022:10:26:45 +0800] "GET /xingrg/kc/buy/cgsh_order_operate.html?command=get_materiel&rest_code=00106&code=00101011010&supplier_code=00100007&order_time=2022-11-18 HTTP/1.1" 200 418
114.84.81.136 - - [18/Nov/2022:10:26:50 +0800] "POST /xingrg/kc/buy/cgsh_order_operate.html HTTP/1.1" 200 31585
114.88.159.190 - - [18/Nov/2022:10:26:53 +0800] "GET /xingrg/kc/buy/cgsh_order_operate.html?command=get_materiel&rest_code=00141&code=00101008251&supplier_code=00100007&order_time=2022-11-18 HTTP/1.1" 200 408
222.70.183.206 - - [18/Nov/2022:10:26:53 +0800] "GET /xingrg/all/function/internal_message.html?_=1668738413139&CODE_STATE=getMsg HTTP/1.1" 200 27
61.170.233.161 - - [18/Nov/2022:10:26:59 +0800] "GET /xingrg/kc/buy/cgsh_order_operate.html?command=get_materiel&rest_code=00106&code=00101008175&supplier_code=00100007&order_time=2022-11-18 HTTP/1.1" 200 412
114.88.159.190 - - [18/Nov/2022:10:27:00 +0800] "GET /xingrg/kc/buy/cgsh_order_operate.html?command=get_materiel&rest_code=00141&code=00101008286&supplier_code=00100007&order_time=2022-11-18 HTTP/1.1" 200 408
180.162.229.95 - - [18/Nov/2022:10:27:02 +0800] "GET /xingrg/all/function/internal_message.html?_=1668738446545&CODE_STATE=getMsg HTTP/1.1" 200 27
180.169.147.146 - - [18/Nov/2022:10:27:03 +0800] "GET /xingrg/all/function/internal_message.html?_=1668738424013&CODE_STATE=getMsg HTTP/1.1" 200 27
61.170.233.161 - - [18/Nov/2022:10:27:03 +0800] "POST /xingrg/kc/buy/cgsh_order_operate.html HTTP/1.1" 200 2065
114.88.159.190 - - [18/Nov/2022:10:27:05 +0800] "POST /xingrg/kc/buy/cgsh_order_operate.html HTTP/1.1" 200 2065
180.162.229.95 - - [18/Nov/2022:10:27:10 +0800] "GET /xingrg/all/function/internal_message.html?_=1668738438051&CODE_STATE=getMsg HTTP/1.1" 200 27
180.162.229.95 - - [18/Nov/2022:10:27:10 +0800] "GET /xingrg/check_reg.html?_=1668738438053 HTTP/1.1" 200 22
114.88.159.190 - - [18/Nov/2022:10:27:10 +0800] "GET /xingrg/kc/buy/cgsh_order_operate.html?command=get_materiel&rest_code=00141&code=00101008131&supplier_code=00100007&order_time=2022-11-18 HTTP/1.1" 200 408
61.170.233.161 - - [18/Nov/2022:10:27:13 +0800] "GET /xingrg/kc/buy/cgsh_order_operate.html?command=get_materiel&rest_code=00106&code=00101008350&supplier_code=00100007&order_time=2022-11-18 HTTP/1.1" 200 408
114.95.46.117 - - [18/Nov/2022:10:27:13 +0800] "GET /xingrg/all/function/internal_message.html?_=1668738434897&CODE_STATE=getMsg HTTP/1.1" 200 27
61.170.233.161 - - [18/Nov/2022:10:27:18 +0800] "GET /xingrg/all/function/internal_message.html?_=1668738432588&CODE_STATE=getMsg HTTP/1.1" 200 27
116.238.139.35 - - [18/Nov/2022:10:27:19 +0800] "GET /xingrg/kc/buy/cgsh_order_add.html HTTP/1.1" 200 69498
116.238.139.35 - - [18/Nov/2022:10:27:19 +0800] "POST /xingrg/kc/buy/cgsh_order_operate.html HTTP/1.1" 200 8245
116.238.139.35 - - [18/Nov/2022:10:27:19 +0800] "GET /xingrg/javascript/easyui/themes/default/validatebox.css HTTP/1.1" 404 1104
116.235.93.82 - - [18/Nov/2022:10:27:21 +0800] "GET /xingrg/all/function/internal_message.html?_=1668738659059&CODE_STATE=getMsg HTTP/1.1" 200 27
61.170.233.161 - - [18/Nov/2022:10:27:22 +0800] "GET /xingrg/kc/buy/cgsh_order_operate.html?command=get_materiel&rest_code=00106&code=00101008077&supplier_code=00100007&order_time=2022-11-18 HTTP/1.1" 200 416
116.230.105.139 - - [18/Nov/2022:10:27:23 +0800] "GET /xingrg/all/function/internal_message.html?_=1668738439577&CODE_STATE=getMsg HTTP/1.1" 200 27
180.162.229.95 - - [18/Nov/2022:10:27:23 +0800] "GET /xingrg/kc/buy/cgsh_order_operate.html?command=get_materiel&rest_code=00102&code=00101009011&supplier_code=00100022&order_time=2022-11-18 HTTP/1.1" 200 416
114.88.159.190 - - [18/Nov/2022:10:27:25 +0800] "GET /xingrg/kc/buy/cgsh_order_operate.html?command=get_materiel&rest_code=00141&code=00101008295&supplier_code=00100007&order_time=2022-11-18 HTTP/1.1" 200 412
116.230.105.139 - - [18/Nov/2022:10:27:26 +0800] "GET /xingrg/check_reg.html?_=1668738447083 HTTP/1.1" 200 22
116.230.105.139 - - [18/Nov/2022:10:27:26 +0800] "GET /xingrg/all/function/internal_message.html?_=1668738447087&CODE_STATE=getMsg HTTP/1.1" 200 27
180.169.147.146 - - [18/Nov/2022:10:27:27 +0800] "GET /xingrg/all/function/internal_message.html?_=1668738446539&CODE_STATE=getMsg HTTP/1.1" 200 27
116.238.139.35 - - [18/Nov/2022:10:27:28 +0800] "GET /xingrg/kc/buy/cgsh_order_operate.html?command=get_materiel&rest_code=00150&code=00101011005&supplier_code=00100047&order_time=2022-11-18 HTTP/1.1" 200 428
114.95.46.117 - - [18/Nov/2022:10:27:30 +0800] "GET /xingrg/all/function/internal_message.html?_=1668738301038&CODE_STATE=getMsg HTTP/1.1" 200 27
124.79.74.72 - - [18/Nov/2022:10:27:30 +0800] "GET /xingrg/all/function/internal_message.html?_=1668738454959&CODE_STATE=getMsg HTTP/1.1" 200 27
180.162.229.95 - - [18/Nov/2022:10:27:32 +0800] "GET /xingrg/check_reg.html?_=1668738451953 HTTP/1.1" 200 22
116.238.139.35 - - [18/Nov/2022:10:27:32 +0800] "GET /xingrg/all/function/internal_message.html?_=1668738455361&CODE_STATE=getMsg HTTP/1.1" 200 27
61.170.233.161 - - [18/Nov/2022:10:27:33 +0800] "GET /xingrg/kc/buy/cgsh_order_operate.html?command=get_materiel&rest_code=00106&code=00101008036&supplier_code=00100007&order_time=2022-11-18 HTTP/1.1" 200 408
180.162.229.95 - - [18/Nov/2022:10:27:34 +0800] "GET /xingrg/kc/buy/cgsh_order_operate.html?command=get_materiel&rest_code=00102&code=00101009059&supplier_code=00100022&order_time=2022-11-18 HTTP/1.1" 200 409
124.78.137.189 - - [18/Nov/2022:10:27:39 +0800] "GET /favicon.ico HTTP/1.1" 404 -
116.238.139.35 - - [18/Nov/2022:10:27:40 +0800] "GET /xingrg/all/function/internal_message.html?_=1668738373409&CODE_STATE=getMsg HTTP/1.1" 200 27
180.163.29.212 - - [18/Nov/2022:10:27:41 +0800] "GET /xingrg/kc/buy/cgsh_order_operate.html?command=get_materiel&rest_code=00106&code=00101011010&supplier_code=00100007&order_time=2022-11-18 HTTP/1.1" 302 -
180.163.29.212 - - [18/Nov/2022:10:27:41 +0800] "GET /xingrg/login.html HTTP/1.1" 200 7641
116.238.139.35 - - [18/Nov/2022:10:27:42 +0800] "POST /xingrg/kc/buy/cgsh_order_operate.html HTTP/1.1" 200 37
114.84.81.136 - - [18/Nov/2022:10:27:43 +0800] "GET /xingrg/all/function/internal_message.html?_=1668738471369&CODE_STATE=getMsg HTTP/1.1" 200 27
114.88.159.190 - - [18/Nov/2022:10:27:44 +0800] "GET /xingrg/all/function/internal_message.html?_=1668738072398&CODE_STATE=getMsg HTTP/1.1" 200 27
114.83.219.57 - - [18/Nov/2022:10:27:44 +0800] "GET /xingrg/all/function/internal_message.html?_=1668738586619&CODE_STATE=getMsg HTTP/1.1" 200 27
180.162.229.95 - - [18/Nov/2022:10:27:45 +0800] "GET /xingrg/all/function/internal_message.html?_=1668738465405&CODE_STATE=getMsg HTTP/1.1" 200 27
218.81.217.29 - - [18/Nov/2022:10:27:45 +0800] "GET /xingrg/all/function/internal_message.html?_=1668738484180&CODE_STATE=getMsg HTTP/1.1" 200 27
180.162.229.95 - - [18/Nov/2022:10:27:46 +0800] "GET /xingrg/kc/buy/cgsh_order_operate.html?command=get_materiel&rest_code=00102&code=00101009045&supplier_code=00100022&order_time=2022-11-18 HTTP/1.1" 200 412
116.238.139.35 - - [18/Nov/2022:10:27:48 +0800] "POST /xingrg/kc/buy/cgsh_order_operate.html HTTP/1.1" 200 12
116.238.139.35 - - [18/Nov/2022:10:27:49 +0800] "GET /xingrg/kc/buy/cgsh_order_info.html?code=212022111806017 HTTP/1.1" 200 64401
116.238.139.35 - - [18/Nov/2022:10:27:49 +0800] "GET /xingrg/javascript/easyui/themes/default/validatebox.css HTTP/1.1" 404 1104
116.238.139.35 - - [18/Nov/2022:10:27:50 +0800] "POST /xingrg/kc/buy/cgsh_order_operate.html HTTP/1.1" 200 606
116.238.139.35 - - [18/Nov/2022:10:27:51 +0800] "GET /xingrg/kc/print/load_data.html?order_code=212022111806017&kc_code=cgsh&condition= HTTP/1.1" 200 759
222.70.183.206 - - [18/Nov/2022:10:27:53 +0800] "GET /xingrg/all/function/internal_message.html?_=1668738473139&CODE_STATE=getMsg HTTP/1.1" 200 27
180.163.28.55 - - [18/Nov/2022:10:27:56 +0800] "GET /xingrg/kc/buy/cgsh_order_operate.html?command=get_materiel&rest_code=00106&code=00101008175&supplier_code=00100007&order_time=2022-11-18 HTTP/1.1" 302 -
180.163.28.55 - - [18/Nov/2022:10:27:56 +0800] "GET /xingrg/login.html HTTP/1.1" 200 7641
116.238.139.35 - - [18/Nov/2022:10:27:57 +0800] "POST /xingrg/all/user/operate.html HTTP/1.1" 200 36
116.238.139.35 - - [18/Nov/2022:10:27:57 +0800] "GET /xingrg/javascript/jquery_easy_ui/themes/default/easyui.css HTTP/1.1" 304 -
116.238.139.35 - - [18/Nov/2022:10:27:57 +0800] "GET /xingrg/index.html?sysBaseUrl=http%3A%2F%2F180.169.147.146%3A18081%2Fxingrg%2F&costTime=42×tamp=1668731554932 HTTP/1.1" 200 17177
116.238.139.35 - - [18/Nov/2022:10:27:57 +0800] "GET /xingrg/javascript/jquery_easy_ui/themes/icon.css HTTP/1.1" 304 -
116.238.139.35 - - [18/Nov/2022:10:27:57 +0800] "GET /xingrg/css/form.css HTTP/1.1" 304 -
116.238.139.35 - - [18/Nov/2022:10:27:57 +0800] "GET /xingrg/javascript/jquery-1.4.2.min.js HTTP/1.1" 304 -
116.238.139.35 - - [18/Nov/2022:10:27:57 +0800] "GET /xingrg/javascript/jquery_easy_ui/jquery.easyui.min.js HTTP/1.1" 304 -
116.238.139.35 - - [18/Nov/2022:10:27:57 +0800] "GET /xingrg/javascript/jquery_easy_ui/easyui-lang-zh_CN.js HTTP/1.1" 304 -
116.238.139.35 - - [18/Nov/2022:10:27:57 +0800] "GET /xingrg/javascript/jquery.form.js HTTP/1.1" 304 -
116.238.139.35 - - [18/Nov/2022:10:27:57 +0800] "GET /xingrg/javascript/jquery.utils.js HTTP/1.1" 304 -
116.238.139.35 - - [18/Nov/2022:10:27:57 +0800] "GET /xingrg/javascript/jquery.timers.js HTTP/1.1" 304 -
116.238.139.35 - - [18/Nov/2022:10:27:57 +0800] "GET /xingrg/images/blue/jxLogo.png HTTP/1.1" 304 -
116.238.139.35 - - [18/Nov/2022:10:27:57 +0800] "GET /xingrg/images/blue/navBackgound.jpg HTTP/1.1" 304 -
116.238.139.35 - - [18/Nov/2022:10:27:57 +0800] "GET /xingrg/javascript/jquery_easy_ui/themes/icons/settle_new.png HTTP/1.1" 304 -
116.238.139.35 - - [18/Nov/2022:10:27:57 +0800] "POST /xingrg/all/common/load_tree.html?tree=area_rest_tree_json&manage=1 HTTP/1.1" 200 476
116.238.139.35 - - [18/Nov/2022:10:27:57 +0800] "GET /xingrg/all/function/internal_message.html?_=1668738480204&CODE_STATE=count HTTP/1.1" 200 11
116.238.139.35 - - [18/Nov/2022:10:27:57 +0800] "GET /xingrg/check_reg.html?_=1668738480204 HTTP/1.1" 200 22
116.238.139.35 - - [18/Nov/2022:10:27:57 +0800] "GET /xingrg/javascript/jquery_easy_ui/themes/default/images/panel_tool_collapse.gif HTTP/1.1" 304 -
116.238.139.35 - - [18/Nov/2022:10:27:57 +0800] "GET /xingrg/javascript/jquery_easy_ui/themes/default/images/tabs_leftarrow.png HTTP/1.1" 304 -
116.238.139.35 - - [18/Nov/2022:10:27:57 +0800] "GET /xingrg/javascript/jquery_easy_ui/themes/default/images/tabs_rightarrow.png HTTP/1.1" 304 -
116.238.139.35 - - [18/Nov/2022:10:27:57 +0800] "GET /xingrg/images/blue/pingpu.png HTTP/1.1" 304 -
116.238.139.35 - - [18/Nov/2022:10:27:57 +0800] "POST /xingrg/load_menu.html HTTP/1.1" 200 5138
61.170.233.161 - - [18/Nov/2022:10:27:59 +0800] "GET /xingrg/kc/buy/cgsh_order_operate.html?command=get_materiel&rest_code=00106&code=00101008095&supplier_code=00100007&order_time=2022-11-18 HTTP/1.1" 200 412
114.88.159.190 - - [18/Nov/2022:10:27:59 +0800] "GET /xingrg/kc/mdqp/qp_main.html HTTP/1.1" 200 10633
116.238.139.35 - - [18/Nov/2022:10:28:00 +0800] "GET /xingrg/kc/buy/cgsh_order_list.html HTTP/1.1" 200 53721
114.88.159.190 - - [18/Nov/2022:10:28:00 +0800] "GET /xingrg/images/yd/bt.gif HTTP/1.1" 404 1040
114.88.159.190 - - [18/Nov/2022:10:28:01 +0800] "GET /xingrg/kc/mdqp/qqps_order_list.html HTTP/1.1" 200 9222
114.88.159.190 - - [18/Nov/2022:10:28:01 +0800] "GET /xingrg/dwr/interface/AjaxQqpsService.js HTTP/1.1" 200 16326
114.88.159.190 - - [18/Nov/2022:10:28:01 +0800] "GET /xingrg/dwr/interface/AjaxReportQueryService.js HTTP/1.1" 200 13203
116.238.139.35 - - [18/Nov/2022:10:28:01 +0800] "POST /xingrg/kc/buy/cgsh_list_operate.html HTTP/1.1" 200 986
114.88.159.190 - - [18/Nov/2022:10:28:01 +0800] "GET /xingrg/dwr/engine.js HTTP/1.1" 200 43631
180.162.229.95 - - [18/Nov/2022:10:28:02 +0800] "GET /xingrg/all/function/internal_message.html?_=1668738506548&CODE_STATE=getMsg HTTP/1.1" 200 27
116.238.139.35 - - [18/Nov/2022:10:28:02 +0800] "GET /xingrg/kc/buy/cgsh_order_add.html HTTP/1.1" 200 69096
116.238.139.35 - - [18/Nov/2022:10:28:02 +0800] "POST /xingrg/kc/buy/cgsh_order_operate.html HTTP/1.1" 200 8245
116.238.139.35 - - [18/Nov/2022:10:28:02 +0800] "GET /xingrg/javascript/easyui/themes/default/validatebox.css HTTP/1.1" 404 1104
116.238.139.35 - - [18/Nov/2022:10:28:03 +0800] "GET /xingrg/javascript/auto/indicator.gif HTTP/1.1" 404 1066
180.169.147.146 - - [18/Nov/2022:10:28:03 +0800] "GET /xingrg/all/function/internal_message.html?_=1668738484015&CODE_STATE=getMsg HTTP/1.1" 200 27
114.88.159.190 - - [18/Nov/2022:10:28:06 +0800] "GET /xingrg/kc/mdqp/qqps_order_list.html?isQuery=1&timeSelect=1&orderTime=day&startTime=2022-11-16&endTime=2022-11-18&state=all&query=%C8%B7++%B6%A8 HTTP/1.1" 200 12639
114.88.159.190 - - [18/Nov/2022:10:28:06 +0800] "GET /xingrg/dwr/interface/AjaxQqpsService.js HTTP/1.1" 200 16326
114.88.159.190 - - [18/Nov/2022:10:28:06 +0800] "GET /xingrg/dwr/interface/AjaxReportQueryService.js HTTP/1.1" 200 13203
114.88.159.190 - - [18/Nov/2022:10:28:06 +0800] "GET /xingrg/dwr/engine.js HTTP/1.1" 200 43631
61.170.233.161 - - [18/Nov/2022:10:28:07 +0800] "GET /xingrg/kc/buy/cgsh_order_operate.html?command=get_materiel&rest_code=00106&code=00101008145&supplier_code=00100007&order_time=2022-11-18 HTTP/1.1" 200 417
180.162.229.95 - - [18/Nov/2022:10:28:07 +0800] "GET /xingrg/kc/buy/cgsh_order_operate.html?command=get_materiel&rest_code=00102&code=00101009140&supplier_code=00100022&order_time=2022-11-18 HTTP/1.1" 200 414
114.88.159.190 - - [18/Nov/2022:10:28:09 +0800] "GET /xingrg/kc/mdqp/qqps_order_info.html?code=302022111600272 HTTP/1.1" 200 26634
114.88.159.190 - - [18/Nov/2022:10:28:09 +0800] "GET /xingrg/dwr/interface/AjaxComOrderService.js HTTP/1.1" 200 18264
114.88.159.190 - - [18/Nov/2022:10:28:09 +0800] "GET /xingrg/dwr/interface/AjaxQqpsService.js HTTP/1.1" 200 16326
114.88.159.190 - - [18/Nov/2022:10:28:09 +0800] "GET /xingrg/dwr/engine.js HTTP/1.1" 200 43631
61.170.233.161 - - [18/Nov/2022:10:28:09 +0800] "POST /xingrg/kc/buy/cgsh_order_operate.html HTTP/1.1" 200 2065
114.88.159.190 - - [18/Nov/2022:10:28:09 +0800] "POST /xingrg/dwr/call/plaincall/AjaxQqpsService.loadMaterielItems.dwr HTTP/1.1" 200 372
180.162.229.95 - - [18/Nov/2022:10:28:10 +0800] "GET /xingrg/all/function/internal_message.html?_=1668738498052&CODE_STATE=getMsg HTTP/1.1" 200 27
180.163.28.109 - - [18/Nov/2022:10:28:11 +0800] "GET /xingrg/kc/buy/cgsh_order_operate.html?command=get_materiel&rest_code=00106&code=00101008350&supplier_code=00100007&order_time=2022-11-18 HTTP/1.1" 302 -
180.163.28.109 - - [18/Nov/2022:10:28:11 +0800] "GET /xingrg/login.html HTTP/1.1" 200 7641
116.238.139.35 - - [18/Nov/2022:10:28:11 +0800] "GET /xingrg/kc/buy/cgsh_order_operate.html?command=get_materiel&rest_code=00151&code=00101011005&supplier_code=00100047&order_time=2022-11-18 HTTP/1.1" 200 428
114.95.46.117 - - [18/Nov/2022:10:28:13 +0800] "GET /xingrg/all/function/internal_message.html?_=1668738494870&CODE_STATE=getMsg HTTP/1.1" 200 27
114.95.46.117 - - [18/Nov/2022:10:28:14 +0800] "GET /xingrg/kc/print/load_data.html?order_code=212022111806012&kc_code=cgsh&condition= HTTP/1.1" 200 2271
61.170.233.161 - - [18/Nov/2022:10:28:15 +0800] "GET /xingrg/kc/buy/cgsh_order_operate.html?command=get_materiel&rest_code=00106&code=00101008061&supplier_code=00100007&order_time=2022-11-18 HTTP/1.1" 200 422
61.170.233.161 - - [18/Nov/2022:10:28:18 +0800] "GET /xingrg/all/function/internal_message.html?_=1668738492477&CODE_STATE=getMsg HTTP/1.1" 200 27
180.163.30.85 - - [18/Nov/2022:10:28:18 +0800] "GET /xingrg/all/function/internal_message.html?_=1668738432588&CODE_STATE=getMsg HTTP/1.1" 302 -
180.163.30.85 - - [18/Nov/2022:10:28:18 +0800] "GET /xingrg/login.html HTTP/1.1" 200 7641
114.88.159.190 - - [18/Nov/2022:10:28:18 +0800] "GET /xingrg/kc/mdqp/qp_main.html HTTP/1.1" 200 10633
180.162.229.95 - - [18/Nov/2022:10:28:19 +0800] "GET /xingrg/kc/buy/cgsh_order_operate.html?command=get_materiel&rest_code=00102&code=00101009049&supplier_code=00100022&order_time=2022-11-18 HTTP/1.1" 200 418
114.88.159.190 - - [18/Nov/2022:10:28:19 +0800] "GET /xingrg/kc/mdqp/qqps_order_list.html HTTP/1.1" 200 9222
114.88.159.190 - - [18/Nov/2022:10:28:19 +0800] "GET /xingrg/dwr/interface/AjaxReportQueryService.js HTTP/1.1" 200 13203
114.88.159.190 - - [18/Nov/2022:10:28:19 +0800] "GET /xingrg/dwr/interface/AjaxQqpsService.js HTTP/1.1" 200 16326
114.88.159.190 - - [18/Nov/2022:10:28:19 +0800] "GET /xingrg/dwr/engine.js HTTP/1.1" 200 43631
116.238.139.35 - - [18/Nov/2022:10:28:20 +0800] "GET /xingrg/kc/buy/cgsh_order_operate.html?command=get_materiel&rest_code=00151&code=00101011001&supplier_code=00100047&order_time=2022-11-18 HTTP/1.1" 200 423
116.235.93.82 - - [18/Nov/2022:10:28:21 +0800] "GET /xingrg/all/function/internal_message.html?_=1668738719096&CODE_STATE=getMsg HTTP/1.1" 200 27
116.235.93.82 - - [18/Nov/2022:10:28:21 +0800] "GET /xingrg/check_reg.html?_=1668738719097 HTTP/1.1" 200 22
116.230.105.139 - - [18/Nov/2022:10:28:23 +0800] "GET /xingrg/all/function/internal_message.html?_=1668738499557&CODE_STATE=getMsg HTTP/1.1" 200 27
114.88.159.190 - - [18/Nov/2022:10:28:23 +0800] "GET /xingrg/kc/mdqp/qqps_order_list.html?isQuery=1&timeSelect=1&orderTime=day&startTime=2022-11-16&endTime=2022-11-18&state=all&query=%C8%B7++%B6%A8 HTTP/1.1" 200 12639
114.88.159.190 - - [18/Nov/2022:10:28:23 +0800] "GET /xingrg/dwr/interface/AjaxQqpsService.js HTTP/1.1" 200 16326
114.88.159.190 - - [18/Nov/2022:10:28:23 +0800] "GET /xingrg/dwr/interface/AjaxReportQueryService.js HTTP/1.1" 200 13203
114.88.159.190 - - [18/Nov/2022:10:28:23 +0800] "GET /xingrg/dwr/engine.js HTTP/1.1" 200 43631
114.88.159.190 - - [18/Nov/2022:10:28:25 +0800] "GET /xingrg/kc/mdqp/qqps_order_info.html?code=302022111600273 HTTP/1.1" 200 26634
114.88.159.190 - - [18/Nov/2022:10:28:25 +0800] "GET /xingrg/dwr/interface/AjaxQqpsService.js HTTP/1.1" 200 16326
114.88.159.190 - - [18/Nov/2022:10:28:25 +0800] "GET /xingrg/dwr/interface/AjaxComOrderService.js HTTP/1.1" 200 18264
114.88.159.190 - - [18/Nov/2022:10:28:25 +0800] "GET /xingrg/dwr/engine.js HTTP/1.1" 200 43631
114.88.159.190 - - [18/Nov/2022:10:28:26 +0800] "POST /xingrg/dwr/call/plaincall/AjaxQqpsService.loadMaterielItems.dwr HTTP/1.1" 200 369
116.230.105.139 - - [18/Nov/2022:10:28:26 +0800] "GET /xingrg/all/function/internal_message.html?_=1668738507077&CODE_STATE=getMsg HTTP/1.1" 200 27
180.169.147.146 - - [18/Nov/2022:10:28:27 +0800] "GET /xingrg/all/function/internal_message.html?_=1668738506533&CODE_STATE=getMsg HTTP/1.1" 200 27
61.170.233.161 - - [18/Nov/2022:10:28:29 +0800] "POST /xingrg/kc/buy/cgsh_order_operate.html HTTP/1.1" 200 37
116.238.139.35 - - [18/Nov/2022:10:28:29 +0800] "GET /xingrg/kc/buy/cgsh_order_operate.html?command=get_materiel&rest_code=00151&code=00101011007&supplier_code=00100047&order_time=2022-11-18 HTTP/1.1" 200 23
114.88.159.190 - - [18/Nov/2022:10:28:29 +0800] "GET /xingrg/kc/mdqp/qp_main.html HTTP/1.1" 200 10633
180.163.30.76 - - [18/Nov/2022:10:28:30 +0800] "GET /xingrg/kc/buy/cgsh_order_operate.html?command=get_materiel&rest_code=00106&code=00101008036&supplier_code=00100007&order_time=2022-11-18 HTTP/1.1" 302 -
180.163.30.76 - - [18/Nov/2022:10:28:30 +0800] "GET /xingrg/login.html HTTP/1.1" 200 7641
114.88.159.190 - - [18/Nov/2022:10:28:30 +0800] "GET /xingrg/kc/mdqp/qqps_order_list.html HTTP/1.1" 200 9222
114.88.159.190 - - [18/Nov/2022:10:28:30 +0800] "GET /xingrg/dwr/interface/AjaxReportQueryService.js HTTP/1.1" 200 13203
114.88.159.190 - - [18/Nov/2022:10:28:30 +0800] "GET /xingrg/dwr/interface/AjaxQqpsService.js HTTP/1.1" 200 16326
114.88.159.190 - - [18/Nov/2022:10:28:30 +0800] "GET /xingrg/dwr/engine.js HTTP/1.1" 200 43631
114.95.46.117 - - [18/Nov/2022:10:28:30 +0800] "GET /xingrg/all/function/internal_message.html?_=1668738361047&CODE_STATE=getMsg HTTP/1.1" 200 27
124.79.74.72 - - [18/Nov/2022:10:28:30 +0800] "GET /xingrg/all/function/internal_message.html?_=1668738514967&CODE_STATE=getMsg HTTP/1.1" 200 27
61.170.233.161 - - [18/Nov/2022:10:28:32 +0800] "POST /xingrg/kc/buy/cgsh_order_operate.html HTTP/1.1" 200 26344
114.88.159.190 - - [18/Nov/2022:10:28:33 +0800] "GET /xingrg/kc/mdqp/qqps_order_list.html?isQuery=1&timeSelect=1&orderTime=day&startTime=2022-11-16&endTime=2022-11-18&state=all&query=%C8%B7++%B6%A8 HTTP/1.1" 200 12639
114.88.159.190 - - [18/Nov/2022:10:28:33 +0800] "GET /xingrg/dwr/interface/AjaxQqpsService.js HTTP/1.1" 200 16326
114.88.159.190 - - [18/Nov/2022:10:28:33 +0800] "GET /xingrg/dwr/interface/AjaxReportQueryService.js HTTP/1.1" 200 13203
114.88.159.190 - - [18/Nov/2022:10:28:33 +0800] "GET /xingrg/dwr/engine.js HTTP/1.1" 200 43631
116.238.139.35 - - [18/Nov/2022:10:28:34 +0800] "POST /xingrg/kc/buy/cgsh_order_operate.html HTTP/1.1" 200 37
114.88.159.190 - - [18/Nov/2022:10:28:34 +0800] "GET /xingrg/kc/mdqp/qqps_order_info.html?code=302022111600274 HTTP/1.1" 200 26634
114.88.159.190 - - [18/Nov/2022:10:28:35 +0800] "GET /xingrg/dwr/interface/AjaxComOrderService.js HTTP/1.1" 200 18264
114.88.159.190 - - [18/Nov/2022:10:28:35 +0800] "GET /xingrg/dwr/interface/AjaxQqpsService.js HTTP/1.1" 200 16326
114.88.159.190 - - [18/Nov/2022:10:28:35 +0800] "GET /xingrg/dwr/engine.js HTTP/1.1" 200 43631
114.88.159.190 - - [18/Nov/2022:10:28:35 +0800] "POST /xingrg/dwr/call/plaincall/AjaxQqpsService.loadMaterielItems.dwr HTTP/1.1" 200 679
116.238.139.35 - - [18/Nov/2022:10:28:35 +0800] "POST /xingrg/kc/buy/cgsh_order_operate.html HTTP/1.1" 200 3273
116.238.139.35 - - [18/Nov/2022:10:28:40 +0800] "GET /xingrg/check_reg.html?_=1668738433297 HTTP/1.1" 200 22
116.238.139.35 - - [18/Nov/2022:10:28:40 +0800] "GET /xingrg/all/function/internal_message.html?_=1668738433423&CODE_STATE=getMsg HTTP/1.1" 200 27
114.84.81.136 - - [18/Nov/2022:10:28:42 +0800] "GET /xingrg/check_reg.html?_=1668738530765 HTTP/1.1" 200 22
114.84.81.136 - - [18/Nov/2022:10:28:43 +0800] "GET /xingrg/all/function/internal_message.html?_=1668738531344&CODE_STATE=getMsg HTTP/1.1" 200 27
114.88.159.190 - - [18/Nov/2022:10:28:44 +0800] "GET /xingrg/check_reg.html?_=1668738132430 HTTP/1.1" 200 22
114.88.159.190 - - [18/Nov/2022:10:28:44 +0800] "GET /xingrg/all/function/internal_message.html?_=1668738132432&CODE_STATE=getMsg HTTP/1.1" 200 27
114.83.219.57 - - [18/Nov/2022:10:28:44 +0800] "GET /xingrg/all/function/internal_message.html?_=1668738646599&CODE_STATE=getMsg HTTP/1.1" 200 27
116.238.139.35 - - [18/Nov/2022:10:28:45 +0800] "GET /xingrg/login.html HTTP/1.1" 200 7641
116.238.139.35 - - [18/Nov/2022:10:28:45 +0800] "GET /favicon.ico HTTP/1.1" 404 -
180.162.229.95 - - [18/Nov/2022:10:28:45 +0800] "GET /xingrg/all/function/internal_message.html?_=1668738525387&CODE_STATE=getMsg HTTP/1.1" 200 27
218.81.217.29 - - [18/Nov/2022:10:28:45 +0800] "GET /xingrg/all/function/internal_message.html?_=1668738544193&CODE_STATE=getMsg HTTP/1.1" 200 27
114.88.159.190 - - [18/Nov/2022:10:28:46 +0800] "GET /xingrg/kc/buy/buy_main.html HTTP/1.1" 200 12412
114.88.159.190 - - [18/Nov/2022:10:28:46 +0800] "GET /xingrg/css/new_ie.css HTTP/1.1" 404 1036
114.88.159.190 - - [18/Nov/2022:10:28:49 +0800] "GET /xingrg/kc/buy/cgsh_order_list.html HTTP/1.1" 200 53723
116.238.139.35 - - [18/Nov/2022:10:28:50 +0800] "POST /xingrg/login.do HTTP/1.1" 302 -
116.238.139.35 - - [18/Nov/2022:10:28:51 +0800] "GET /xingrg/index.html?sysBaseUrl=http%3A%2F%2F180.169.147.146%3A18081%2Fxingrg%2F&costTime=44×tamp=1668738530965 HTTP/1.1" 200 17177
116.238.139.35 - - [18/Nov/2022:10:28:51 +0800] "POST /xingrg/all/common/load_tree.html?tree=area_rest_tree_json&manage=1 HTTP/1.1" 200 476
116.238.139.35 - - [18/Nov/2022:10:28:51 +0800] "GET /xingrg/all/function/internal_message.html?_=1668738533765&CODE_STATE=count HTTP/1.1" 200 11
116.238.139.35 - - [18/Nov/2022:10:28:51 +0800] "GET /xingrg/check_reg.html?_=1668738533767 HTTP/1.1" 200 22
116.238.139.35 - - [18/Nov/2022:10:28:51 +0800] "GET /favicon.ico HTTP/1.1" 404 -
116.238.139.35 - - [18/Nov/2022:10:28:51 +0800] "POST /xingrg/load_menu.html HTTP/1.1" 200 5138
114.88.159.190 - - [18/Nov/2022:10:28:51 +0800] "POST /xingrg/kc/buy/cgsh_list_operate.html HTTP/1.1" 200 1867
114.88.159.190 - - [18/Nov/2022:10:28:53 +0800] "POST /xingrg/kc/buy/cgsh_list_operate.html HTTP/1.1" 200 568
114.88.159.190 - - [18/Nov/2022:10:28:53 +0800] "GET /xingrg/kc/buy/cgsh_order_info.html?code=212022111806015 HTTP/1.1" 200 69507
222.70.183.206 - - [18/Nov/2022:10:28:53 +0800] "GET /xingrg/all/function/internal_message.html?_=1668738533141&CODE_STATE=getMsg HTTP/1.1" 200 27
114.88.159.190 - - [18/Nov/2022:10:28:53 +0800] "GET /xingrg/javascript/easyui/themes/default/validatebox.css HTTP/1.1" 404 1104
116.238.139.35 - - [18/Nov/2022:10:28:54 +0800] "GET /xingrg/kc/buy/cgsh_order_list.html HTTP/1.1" 200 53721
114.88.159.190 - - [18/Nov/2022:10:28:55 +0800] "POST /xingrg/kc/buy/cgsh_order_operate.html HTTP/1.1" 200 10927
116.238.139.35 - - [18/Nov/2022:10:28:57 +0800] "POST /xingrg/kc/buy/cgsh_list_operate.html HTTP/1.1" 200 1864
116.238.139.35 - - [18/Nov/2022:10:28:58 +0800] "POST /xingrg/kc/buy/cgsh_list_operate.html HTTP/1.1" 200 281
116.238.139.35 - - [18/Nov/2022:10:28:59 +0800] "GET /xingrg/kc/buy/cgsh_order_info.html?code=212022111806018 HTTP/1.1" 200 69105
116.238.139.35 - - [18/Nov/2022:10:29:00 +0800] "GET /xingrg/all/common/auto_word.html?type=employee&rest_code=00151 HTTP/1.1" 200 293
116.238.139.35 - - [18/Nov/2022:10:29:00 +0800] "GET /xingrg/javascript/easyui/themes/default/validatebox.css HTTP/1.1" 404 1104
116.238.139.35 - - [18/Nov/2022:10:29:00 +0800] "GET /xingrg/all/common/auto_word.html?type=employee&rest_code=00151 HTTP/1.1" 200 293
116.238.139.35 - - [18/Nov/2022:10:29:00 +0800] "POST /xingrg/kc/buy/cgsh_order_operate.html HTTP/1.1" 200 3273
180.162.229.95 - - [18/Nov/2022:10:29:02 +0800] "GET /xingrg/all/function/internal_message.html?_=1668738566547&CODE_STATE=getMsg HTTP/1.1" 200 27
116.238.139.35 - - [18/Nov/2022:10:29:02 +0800] "GET /xingrg/javascript/auto/indicator.gif HTTP/1.1" 404 1066
180.169.147.146 - - [18/Nov/2022:10:29:03 +0800] "GET /xingrg/all/function/internal_message.html?_=1668738544015&CODE_STATE=getMsg HTTP/1.1" 200 27
116.238.139.35 - - [18/Nov/2022:10:29:07 +0800] "GET /xingrg/kc/buy/cgsh_order_operate.html?command=get_materiel&rest_code=00151&code=00101011007&supplier_code=00100047&order_time=2022-11-18 HTTP/1.1" 200 414
58.35.213.73 - - [18/Nov/2022:10:29:08 +0800] "POST /xingrg/services/DataTransmitService HTTP/1.1" 200 524
58.35.213.73 - - [18/Nov/2022:10:29:08 +0800] "POST /xingrg/services/DataTransmitService HTTP/1.1" 200 2147
58.35.213.73 - - [18/Nov/2022:10:29:08 +0800] "POST /xingrg/services/DataTransmitService HTTP/1.1" 200 524
114.88.159.190 - - [18/Nov/2022:10:29:09 +0800] "GET /xingrg/javascript/auto/indicator.gif HTTP/1.1" 404 1066
58.35.213.73 - - [18/Nov/2022:10:29:09 +0800] "POST /xingrg/services/DataTransmitService HTTP/1.1" 200 2147
180.162.229.95 - - [18/Nov/2022:10:29:10 +0800] "GET /xingrg/all/function/internal_message.html?_=1668738558052&CODE_STATE=getMsg HTTP/1.1" 200 27
58.35.213.73 - - [18/Nov/2022:10:29:10 +0800] "POST /xingrg/services/DataTransmitService HTTP/1.1" 200 524
58.35.213.73 - - [18/Nov/2022:10:29:11 +0800] "POST /xingrg/services/DataTransmitService HTTP/1.1" 200 2147
58.35.213.73 - - [18/Nov/2022:10:29:11 +0800] "POST /xingrg/services/DataTransmitService HTTP/1.1" 200 524
58.35.213.73 - - [18/Nov/2022:10:29:11 +0800] "POST /xingrg/services/DataTransmitService HTTP/1.1" 200 2147
58.35.213.73 - - [18/Nov/2022:10:29:11 +0800] "POST /xingrg/services/DataTransmitService HTTP/1.1" 200 524
120.253.135.82 - - [18/Nov/2022:10:29:11 +0800] "GET /favicon.ico HTTP/1.1" 404 -
120.253.135.82 - - [18/Nov/2022:10:29:11 +0800] "GET /xingrg/login.html HTTP/1.1" 200 7641
58.35.213.73 - - [18/Nov/2022:10:29:12 +0800] "POST /xingrg/services/DataTransmitService HTTP/1.1" 200 2147
120.253.135.82 - - [18/Nov/2022:10:29:12 +0800] "GET /xingrg/images/blue/jxLogo.png HTTP/1.1" 200 6156
120.253.135.82 - - [18/Nov/2022:10:29:12 +0800] "GET /xingrg/images/blue/srbg.png HTTP/1.1" 200 138
120.253.135.82 - - [18/Nov/2022:10:29:12 +0800] "GET /xingrg/images/blue/hj.png HTTP/1.1" 200 1014
120.253.135.82 - - [18/Nov/2022:10:29:12 +0800] "GET /xingrg/images/blue/login_bg.png HTTP/1.1" 200 22101
120.253.135.82 - - [18/Nov/2022:10:29:12 +0800] "GET /favicon.ico HTTP/1.1" 404 -
180.163.29.234 - - [18/Nov/2022:10:29:12 +0800] "GET /xingrg/kc/buy/cgsh_order_operate.html?command=get_materiel&rest_code=00106&code=00101008061&supplier_code=00100007&order_time=2022-11-18 HTTP/1.1" 302 -
180.163.29.234 - - [18/Nov/2022:10:29:12 +0800] "GET /xingrg/login.html HTTP/1.1" 200 7641
114.95.46.117 - - [18/Nov/2022:10:29:13 +0800] "GET /xingrg/all/function/internal_message.html?_=1668738554845&CODE_STATE=getMsg HTTP/1.1" 200 27
58.35.213.73 - - [18/Nov/2022:10:29:14 +0800] "POST /xingrg/services/DataTransmitService HTTP/1.1" 200 524
58.35.213.73 - - [18/Nov/2022:10:29:15 +0800] "POST /xingrg/services/DataTransmitService HTTP/1.1" 200 2147
