116.230.105.139 - - [18/Nov/2022:11:35:26 +0800] "GET /xingrg/all/function/internal_message.html?_=1668742527080&CODE_STATE=getMsg HTTP/1.1" 200 27
180.169.147.146 - - [18/Nov/2022:11:35:27 +0800] "GET /xingrg/all/function/internal_message.html?_=1668742526658&CODE_STATE=getMsg HTTP/1.1" 200 27
120.253.135.82 - - [18/Nov/2022:11:35:28 +0800] "GET /xingrg/kc/pszx/mdps_order_operate.html?command=get_materiel&pszx_code=00101&rest_code=00149&base_code=0010250&code=00102003276 HTTP/1.1" 200 437
114.84.81.136 - - [18/Nov/2022:11:35:30 +0800] "GET /xingrg/all/function/internal_message.html?_=1668742531261&CODE_STATE=getMsg HTTP/1.1" 200 27
124.79.74.72 - - [18/Nov/2022:11:35:30 +0800] "GET /xingrg/check_reg.html?_=1668742535090 HTTP/1.1" 200 22
124.79.74.72 - - [18/Nov/2022:11:35:30 +0800] "GET /xingrg/all/function/internal_message.html?_=1668742535100&CODE_STATE=getMsg HTTP/1.1" 200 27
114.95.46.117 - - [18/Nov/2022:11:35:30 +0800] "GET /xingrg/all/function/internal_message.html?_=1668742381127&CODE_STATE=getMsg HTTP/1.1" 200 27
180.169.147.146 - - [18/Nov/2022:11:35:34 +0800] "GET /xingrg/kc/base/wldb_order_operate.html?command=get_materiel&rest_code=00147&base_code=0010270&code=00101019391 HTTP/1.1" 200 484
58.221.95.50 - - [18/Nov/2022:11:35:39 +0800] "GET /xingrg/check_reg.html?_=1668742524575 HTTP/1.1" 302 -
120.253.135.82 - - [18/Nov/2022:11:35:41 +0800] "GET /xingrg/all/function/internal_message.html?_=1668742013944&CODE_STATE=getMsg HTTP/1.1" 200 27
180.169.147.146 - - [18/Nov/2022:11:35:42 +0800] "GET /xingrg/kc/base/wldb_order_operate.html?command=get_materiel&rest_code=00147&base_code=0010270&code=00101019164 HTTP/1.1" 200 465
114.83.219.57 - - [18/Nov/2022:11:35:43 +0800] "GET /xingrg/all/function/internal_message.html?_=1668742665649&CODE_STATE=getMsg HTTP/1.1" 200 27
180.162.229.95 - - [18/Nov/2022:11:35:44 +0800] "GET /xingrg/all/function/internal_message.html?_=1668742544313&CODE_STATE=getMsg HTTP/1.1" 200 27
180.169.147.146 - - [18/Nov/2022:11:35:47 +0800] "GET /xingrg/kc/base/wldb_order_operate.html?command=get_materiel&rest_code=00147&base_code=0010270&code=00101019438 HTTP/1.1" 200 462
116.238.139.35 - - [18/Nov/2022:11:35:48 +0800] "GET /xingrg/all/function/internal_message.html?_=1668742550800&CODE_STATE=getMsg HTTP/1.1" 200 27
120.253.135.82 - - [18/Nov/2022:11:35:49 +0800] "GET /xingrg/kc/pszx/mdps_order_operate.html?command=get_materiel&pszx_code=00101&rest_code=00149&base_code=0010250&code=00102003332 HTTP/1.1" 200 432
114.84.81.136 - - [18/Nov/2022:11:35:51 +0800] "GET /xingrg/all/function/internal_message.html?_=1668742559416&CODE_STATE=getMsg HTTP/1.1" 200 27
180.169.147.146 - - [18/Nov/2022:11:35:52 +0800] "GET /xingrg/kc/base/wldb_order_operate.html?command=get_materiel&rest_code=00147&base_code=0010270&code=00101016076 HTTP/1.1" 200 477
222.70.183.206 - - [18/Nov/2022:11:35:54 +0800] "GET /xingrg/all/function/internal_message.html?_=1668742553246&CODE_STATE=getMsg HTTP/1.1" 200 27
218.81.217.29 - - [18/Nov/2022:11:35:54 +0800] "GET /xingrg/all/function/internal_message.html?_=1668742572660&CODE_STATE=getMsg HTTP/1.1" 200 27
101.85.95.132 - - [18/Nov/2022:11:35:57 +0800] "GET /xingrg/all/function/internal_message.html?_=1668742556206&CODE_STATE=getMsg HTTP/1.1" 200 27
218.81.217.29 - - [18/Nov/2022:11:35:58 +0800] "POST /xingrg/services/DataTransmitService HTTP/1.1" 200 524
218.81.217.29 - - [18/Nov/2022:11:35:59 +0800] "POST /xingrg/services/DataTransmitService HTTP/1.1" 200 412
180.162.229.95 - - [18/Nov/2022:11:36:01 +0800] "GET /xingrg/all/function/internal_message.html?_=1668742586582&CODE_STATE=getMsg HTTP/1.1" 200 27
180.162.229.95 - - [18/Nov/2022:11:36:01 +0800] "GET /xingrg/check_reg.html?_=1668742586578 HTTP/1.1" 200 22
218.81.217.29 - - [18/Nov/2022:11:36:02 +0800] "GET /xingrg/check_reg.html?_=1668742580922 HTTP/1.1" 200 22
120.253.135.82 - - [18/Nov/2022:11:36:06 +0800] "GET /xingrg/kc/pszx/mdps_order_operate.html?command=get_materiel&pszx_code=00101&rest_code=00149&base_code=0010250&code=00102003188 HTTP/1.1" 200 439
172.20.0.100 - - [18/Nov/2022:11:36:07 +0800] "GET /xingrg/all/function/internal_message.html?_=1668742567608&CODE_STATE=getMsg HTTP/1.1" 200 27
180.169.147.146 - - [18/Nov/2022:11:36:07 +0800] "GET /xingrg/kc/base/wldb_order_operate.html?command=get_materiel&rest_code=00147&base_code=0010270&code=00101019187 HTTP/1.1" 200 479
180.162.229.95 - - [18/Nov/2022:11:36:10 +0800] "GET /xingrg/all/function/internal_message.html?_=1668742578155&CODE_STATE=getMsg HTTP/1.1" 200 27
114.95.46.117 - - [18/Nov/2022:11:36:11 +0800] "GET /xingrg/all/function/internal_message.html?_=1668742573281&CODE_STATE=getMsg HTTP/1.1" 200 27
120.253.135.82 - - [18/Nov/2022:11:36:14 +0800] "GET /xingrg/kc/pszx/mdps_order_operate.html?command=get_materiel&pszx_code=00101&rest_code=00149&base_code=0010250&code=00102003595 HTTP/1.1" 200 436
114.95.46.117 - - [18/Nov/2022:11:36:15 +0800] "GET /xingrg/check_reg.html?_=1668742576497 HTTP/1.1" 200 22
180.163.28.109 - - [18/Nov/2022:11:36:16 +0800] "GET /xingrg/all/function/internal_message.html?_=1668742511529&CODE_STATE=getMsg HTTP/1.1" 302 -
180.163.28.109 - - [18/Nov/2022:11:36:16 +0800] "GET /xingrg/login.html HTTP/1.1" 200 7641
61.170.233.161 - - [18/Nov/2022:11:36:17 +0800] "GET /xingrg/all/function/internal_message.html?_=1668742571503&CODE_STATE=getMsg HTTP/1.1" 200 27
116.238.139.35 - - [18/Nov/2022:11:36:18 +0800] "GET /xingrg/all/function/internal_message.html?_=1668742491242&CODE_STATE=getMsg HTTP/1.1" 200 27
180.169.147.146 - - [18/Nov/2022:11:36:19 +0800] "GET /xingrg/kc/base/wldb_order_operate.html?command=get_materiel&rest_code=00147&base_code=0010270&code=00101019474 HTTP/1.1" 200 439
116.235.93.82 - - [18/Nov/2022:11:36:22 +0800] "GET /xingrg/all/function/internal_message.html?_=1668742799192&CODE_STATE=getMsg HTTP/1.1" 200 27
61.170.233.161 - - [18/Nov/2022:11:36:22 +0800] "GET /xingrg/all/function/internal_message.html?_=1668742584980&CODE_STATE=getMsg HTTP/1.1" 200 27
116.230.105.139 - - [18/Nov/2022:11:36:22 +0800] "GET /xingrg/all/function/internal_message.html?_=1668742578632&CODE_STATE=getMsg HTTP/1.1" 200 27
116.230.105.139 - - [18/Nov/2022:11:36:26 +0800] "GET /xingrg/all/function/internal_message.html?_=1668742587078&CODE_STATE=getMsg HTTP/1.1" 200 27
180.169.147.146 - - [18/Nov/2022:11:36:27 +0800] "GET /xingrg/all/function/internal_message.html?_=1668742586670&CODE_STATE=getMsg HTTP/1.1" 200 27
120.253.135.82 - - [18/Nov/2022:11:36:28 +0800] "GET /xingrg/kc/pszx/mdps_order_operate.html?command=get_materiel&pszx_code=00101&rest_code=00149&base_code=0010250&code=00102005918 HTTP/1.1" 200 428
114.84.81.136 - - [18/Nov/2022:11:36:30 +0800] "GET /xingrg/all/function/internal_message.html?_=1668742591234&CODE_STATE=getMsg HTTP/1.1" 200 27
124.79.74.72 - - [18/Nov/2022:11:36:30 +0800] "GET /xingrg/all/function/internal_message.html?_=1668742595121&CODE_STATE=getMsg HTTP/1.1" 200 27
114.95.46.117 - - [18/Nov/2022:11:36:30 +0800] "GET /xingrg/all/function/internal_message.html?_=1668742441127&CODE_STATE=getMsg HTTP/1.1" 200 27
180.169.147.146 - - [18/Nov/2022:11:36:37 +0800] "GET /xingrg/kc/base/wldb_order_operate.html?command=get_materiel&rest_code=00147&base_code=0010270&code=00101019196 HTTP/1.1" 200 471
120.253.135.82 - - [18/Nov/2022:11:36:39 +0800] "GET /xingrg/kc/pszx/mdps_order_operate.html?command=get_materiel&pszx_code=00101&rest_code=00149&base_code=0010250&code=00102002868 HTTP/1.1" 200 437
120.253.135.82 - - [18/Nov/2022:11:36:41 +0800] "GET /xingrg/all/function/internal_message.html?_=1668742073922&CODE_STATE=getMsg HTTP/1.1" 200 27
114.83.219.57 - - [18/Nov/2022:11:36:43 +0800] "GET /xingrg/all/function/internal_message.html?_=1668742725639&CODE_STATE=getMsg HTTP/1.1" 200 27
180.169.147.146 - - [18/Nov/2022:11:36:44 +0800] "GET /xingrg/kc/base/wldb_order_operate.html?command=get_materiel&rest_code=00147&base_code=0010270&code=00101019505 HTTP/1.1" 200 477
180.162.229.95 - - [18/Nov/2022:11:36:44 +0800] "GET /xingrg/all/function/internal_message.html?_=1668742604301&CODE_STATE=getMsg HTTP/1.1" 200 27
120.253.135.82 - - [18/Nov/2022:11:36:46 +0800] "GET /xingrg/kc/pszx/mdps_order_operate.html?command=get_materiel&pszx_code=00101&rest_code=00149&base_code=0010250&code=00102002867 HTTP/1.1" 200 437
116.238.139.35 - - [18/Nov/2022:11:36:48 +0800] "GET /xingrg/all/function/internal_message.html?_=1668742610802&CODE_STATE=getMsg HTTP/1.1" 200 27
114.84.81.136 - - [18/Nov/2022:11:36:51 +0800] "GET /xingrg/all/function/internal_message.html?_=1668742619414&CODE_STATE=getMsg HTTP/1.1" 200 27
222.70.183.206 - - [18/Nov/2022:11:36:54 +0800] "GET /xingrg/all/function/internal_message.html?_=1668742613246&CODE_STATE=getMsg HTTP/1.1" 200 27
218.81.217.29 - - [18/Nov/2022:11:36:54 +0800] "GET /xingrg/all/function/internal_message.html?_=1668742632667&CODE_STATE=getMsg HTTP/1.1" 200 27
120.253.135.82 - - [18/Nov/2022:11:36:55 +0800] "GET /xingrg/kc/pszx/mdps_order_operate.html?command=get_materiel&pszx_code=00101&rest_code=00149&base_code=0010250&code=00102003542 HTTP/1.1" 200 439
101.85.95.132 - - [18/Nov/2022:11:36:57 +0800] "GET /xingrg/all/function/internal_message.html?_=1668742616195&CODE_STATE=getMsg HTTP/1.1" 200 27
120.253.135.82 - - [18/Nov/2022:11:37:01 +0800] "GET /xingrg/kc/pszx/mdps_order_operate.html?command=get_materiel&pszx_code=00101&rest_code=00149&base_code=0010250&code=00102003570 HTTP/1.1" 200 434
180.162.229.95 - - [18/Nov/2022:11:37:01 +0800] "GET /xingrg/all/function/internal_message.html?_=1668742646568&CODE_STATE=getMsg HTTP/1.1" 200 27
180.169.147.146 - - [18/Nov/2022:11:37:03 +0800] "POST /xingrg/kc/base/wldb_order_operate.html HTTP/1.1" 200 37
180.169.147.146 - - [18/Nov/2022:11:37:03 +0800] "GET /xingrg/kc/base/wldb_order_info.html?code=422022111801446 HTTP/1.1" 200 30404
180.169.147.146 - - [18/Nov/2022:11:37:03 +0800] "POST /xingrg/kc/base/wldb_order_operate.html HTTP/1.1" 200 6
180.169.147.146 - - [18/Nov/2022:11:37:03 +0800] "GET /xingrg/javascript/easyui/themes/default/validatebox.css HTTP/1.1" 404 1104
180.169.147.146 - - [18/Nov/2022:11:37:04 +0800] "POST /xingrg/kc/base/wldb_order_operate.html HTTP/1.1" 200 8266
120.253.135.82 - - [18/Nov/2022:11:37:04 +0800] "POST /xingrg/kc/pszx/mdps_order_operate.html HTTP/1.1" 200 1790
180.169.147.146 - - [18/Nov/2022:11:37:05 +0800] "GET /xingrg/kc/base/wldb_order_add.html HTTP/1.1" 200 30390
180.169.147.146 - - [18/Nov/2022:11:37:05 +0800] "POST /xingrg/kc/base/wldb_order_operate.html HTTP/1.1" 200 6806
180.169.147.146 - - [18/Nov/2022:11:37:05 +0800] "GET /xingrg/javascript/easyui/themes/default/validatebox.css HTTP/1.1" 404 1104
180.169.147.146 - - [18/Nov/2022:11:37:06 +0800] "POST /xingrg/all/common/load_combo.html?type=base HTTP/1.1" 200 3230
172.20.0.100 - - [18/Nov/2022:11:37:07 +0800] "GET /xingrg/all/function/internal_message.html?_=1668742627600&CODE_STATE=getMsg HTTP/1.1" 200 27
180.169.147.146 - - [18/Nov/2022:11:37:09 +0800] "GET /xingrg/kc/base/yddb_order_list.html HTTP/1.1" 200 16713
120.253.135.82 - - [18/Nov/2022:11:37:09 +0800] "GET /xingrg/kc/pszx/mdps_order_operate.html?command=get_materiel&pszx_code=00101&rest_code=00149&base_code=0010250&code=00102003598 HTTP/1.1" 200 434
180.169.147.146 - - [18/Nov/2022:11:37:09 +0800] "POST /xingrg/kc/base/yddb_list_operate.html HTTP/1.1" 200 1583
180.162.229.95 - - [18/Nov/2022:11:37:10 +0800] "GET /xingrg/all/function/internal_message.html?_=1668742638155&CODE_STATE=getMsg HTTP/1.1" 200 27
180.162.229.95 - - [18/Nov/2022:11:37:10 +0800] "GET /xingrg/check_reg.html?_=1668742638158 HTTP/1.1" 200 22
180.169.147.146 - - [18/Nov/2022:11:37:11 +0800] "POST /xingrg/kc/base/yddb_list_operate.html HTTP/1.1" 200 1348
114.95.46.117 - - [18/Nov/2022:11:37:11 +0800] "GET /xingrg/all/function/internal_message.html?_=1668742633256&CODE_STATE=getMsg HTTP/1.1" 200 27
180.169.147.146 - - [18/Nov/2022:11:37:13 +0800] "POST /xingrg/kc/base/yddb_list_operate.html HTTP/1.1" 200 1348
180.163.29.234 - - [18/Nov/2022:11:37:16 +0800] "GET /xingrg/all/function/internal_message.html?_=1668742571503&CODE_STATE=getMsg HTTP/1.1" 302 -
180.163.29.234 - - [18/Nov/2022:11:37:17 +0800] "GET /xingrg/login.html HTTP/1.1" 200 7641
180.169.147.146 - - [18/Nov/2022:11:37:17 +0800] "POST /xingrg/kc/base/yddb_list_operate.html HTTP/1.1" 200 1348
61.170.233.161 - - [18/Nov/2022:11:37:17 +0800] "GET /xingrg/all/function/internal_message.html?_=1668742631475&CODE_STATE=getMsg HTTP/1.1" 200 27
116.238.139.35 - - [18/Nov/2022:11:37:18 +0800] "GET /xingrg/all/function/internal_message.html?_=1668742551293&CODE_STATE=getMsg HTTP/1.1" 200 27
120.253.135.82 - - [18/Nov/2022:11:37:19 +0800] "GET /xingrg/kc/pszx/mdps_order_operate.html?command=get_materiel&pszx_code=00101&rest_code=00149&base_code=0010250&code=00102005779 HTTP/1.1" 200 429
116.235.93.82 - - [18/Nov/2022:11:37:22 +0800] "GET /xingrg/all/function/internal_message.html?_=1668742859196&CODE_STATE=getMsg HTTP/1.1" 200 27
61.170.233.161 - - [18/Nov/2022:11:37:22 +0800] "GET /xingrg/all/function/internal_message.html?_=1668742644951&CODE_STATE=getMsg HTTP/1.1" 200 27
116.230.105.139 - - [18/Nov/2022:11:37:22 +0800] "GET /xingrg/all/function/internal_message.html?_=1668742638616&CODE_STATE=getMsg HTTP/1.1" 200 27
180.169.147.146 - - [18/Nov/2022:11:37:24 +0800] "GET /xingrg/kc/buy/buy_main.html HTTP/1.1" 200 12412
180.169.147.146 - - [18/Nov/2022:11:37:24 +0800] "GET /xingrg/css/new_ie.css HTTP/1.1" 404 1036
120.253.135.82 - - [18/Nov/2022:11:37:25 +0800] "GET /xingrg/kc/pszx/mdps_order_operate.html?command=get_materiel&pszx_code=00101&rest_code=00149&base_code=0010250&code=00102002436 HTTP/1.1" 200 428
116.230.105.139 - - [18/Nov/2022:11:37:26 +0800] "GET /xingrg/all/function/internal_message.html?_=1668742647092&CODE_STATE=getMsg HTTP/1.1" 200 27
116.230.105.139 - - [18/Nov/2022:11:37:26 +0800] "GET /xingrg/check_reg.html?_=1668742647095 HTTP/1.1" 200 22
180.169.147.146 - - [18/Nov/2022:11:37:27 +0800] "GET /xingrg/all/function/internal_message.html?_=1668742646660&CODE_STATE=getMsg HTTP/1.1" 200 27
180.169.147.146 - - [18/Nov/2022:11:37:28 +0800] "GET /xingrg/kc/base/wldb_order_list.html HTTP/1.1" 200 19107
180.169.147.146 - - [18/Nov/2022:11:37:28 +0800] "POST /xingrg/kc/base/wldb_list_operate.html HTTP/1.1" 200 1781
180.169.147.146 - - [18/Nov/2022:11:37:29 +0800] "POST /xingrg/kc/base/wldb_list_operate.html HTTP/1.1" 200 633
114.84.81.136 - - [18/Nov/2022:11:37:30 +0800] "GET /xingrg/all/function/internal_message.html?_=1668742651207&CODE_STATE=getMsg HTTP/1.1" 200 27
124.79.74.72 - - [18/Nov/2022:11:37:30 +0800] "GET /xingrg/all/function/internal_message.html?_=1668742655117&CODE_STATE=getMsg HTTP/1.1" 200 27
114.95.46.117 - - [18/Nov/2022:11:37:31 +0800] "GET /xingrg/all/function/internal_message.html?_=1668742501127&CODE_STATE=getMsg HTTP/1.1" 200 27
180.169.147.146 - - [18/Nov/2022:11:37:31 +0800] "GET /xingrg/kc/base/wldb_order_add.html HTTP/1.1" 200 30390
180.169.147.146 - - [18/Nov/2022:11:37:32 +0800] "GET /xingrg/javascript/easyui/themes/default/validatebox.css HTTP/1.1" 404 1104
180.169.147.146 - - [18/Nov/2022:11:37:32 +0800] "POST /xingrg/kc/base/wldb_order_operate.html HTTP/1.1" 200 6806
180.162.229.95 - - [18/Nov/2022:11:37:32 +0800] "GET /xingrg/check_reg.html?_=1668742651968 HTTP/1.1" 200 22
180.169.147.146 - - [18/Nov/2022:11:37:32 +0800] "POST /xingrg/all/common/load_combo.html?type=base HTTP/1.1" 200 3230
180.169.147.146 - - [18/Nov/2022:11:37:34 +0800] "POST /xingrg/all/common/load_combo.html?type=base HTTP/1.1" 200 3230
120.253.135.82 - - [18/Nov/2022:11:37:38 +0800] "GET /xingrg/kc/pszx/mdps_order_operate.html?command=get_materiel&pszx_code=00101&rest_code=00149&base_code=0010250&code=00102003127 HTTP/1.1" 200 433
120.253.135.82 - - [18/Nov/2022:11:37:41 +0800] "GET /xingrg/all/function/internal_message.html?_=1668742133901&CODE_STATE=getMsg HTTP/1.1" 200 27
120.253.135.82 - - [18/Nov/2022:11:37:42 +0800] "GET /xingrg/check_reg.html?_=1668742134774 HTTP/1.1" 200 22
114.83.219.57 - - [18/Nov/2022:11:37:43 +0800] "GET /xingrg/all/function/internal_message.html?_=1668742785640&CODE_STATE=getMsg HTTP/1.1" 200 27
180.162.229.95 - - [18/Nov/2022:11:37:44 +0800] "GET /xingrg/all/function/internal_message.html?_=1668742664290&CODE_STATE=getMsg HTTP/1.1" 200 27
180.169.147.146 - - [18/Nov/2022:11:37:45 +0800] "GET /xingrg/kc/base/wldb_order_operate.html?command=get_materiel&rest_code=00147&base_code=0010287&code=00102004026 HTTP/1.1" 200 441
116.238.139.35 - - [18/Nov/2022:11:37:48 +0800] "GET /xingrg/check_reg.html?_=1668742670805 HTTP/1.1" 200 22
116.238.139.35 - - [18/Nov/2022:11:37:48 +0800] "GET /xingrg/all/function/internal_message.html?_=1668742670810&CODE_STATE=getMsg HTTP/1.1" 200 27
180.169.147.146 - - [18/Nov/2022:11:37:50 +0800] "GET /xingrg/kc/base/wldb_order_operate.html?command=get_materiel&rest_code=00147&base_code=0010287&code=00102002238 HTTP/1.1" 200 433
114.84.81.136 - - [18/Nov/2022:11:37:51 +0800] "GET /xingrg/all/function/internal_message.html?_=1668742679413&CODE_STATE=getMsg HTTP/1.1" 200 27
120.253.135.82 - - [18/Nov/2022:11:37:53 +0800] "GET /xingrg/kc/pszx/mdps_order_operate.html?command=get_materiel&pszx_code=00101&rest_code=00149&base_code=0010250&code=00102003522 HTTP/1.1" 200 443
222.70.183.206 - - [18/Nov/2022:11:37:54 +0800] "GET /xingrg/all/function/internal_message.html?_=1668742673245&CODE_STATE=getMsg HTTP/1.1" 200 27
218.81.217.29 - - [18/Nov/2022:11:37:54 +0800] "GET /xingrg/all/function/internal_message.html?_=1668742692681&CODE_STATE=getMsg HTTP/1.1" 200 27
180.169.147.146 - - [18/Nov/2022:11:37:55 +0800] "POST /xingrg/kc/base/wldb_order_operate.html HTTP/1.1" 200 37
180.169.147.146 - - [18/Nov/2022:11:37:56 +0800] "POST /xingrg/kc/base/wldb_order_operate.html HTTP/1.1" 200 2660
101.85.95.132 - - [18/Nov/2022:11:37:57 +0800] "GET /xingrg/all/function/internal_message.html?_=1668742676196&CODE_STATE=getMsg HTTP/1.1" 200 27
120.253.135.82 - - [18/Nov/2022:11:38:00 +0800] "POST /xingrg/kc/pszx/mdps_order_operate.html HTTP/1.1" 200 1790
180.169.147.146 - - [18/Nov/2022:11:38:00 +0800] "GET /xingrg/kc/base/wldb_order_info.html?code=422022111801447 HTTP/1.1" 200 30403
180.169.147.146 - - [18/Nov/2022:11:38:00 +0800] "GET /xingrg/javascript/easyui/themes/default/validatebox.css HTTP/1.1" 404 1104
180.169.147.146 - - [18/Nov/2022:11:38:01 +0800] "POST /xingrg/kc/base/wldb_order_operate.html HTTP/1.1" 200 2660
180.162.229.95 - - [18/Nov/2022:11:38:01 +0800] "GET /xingrg/all/function/internal_message.html?_=1668742706571&CODE_STATE=getMsg HTTP/1.1" 200 27
120.253.135.82 - - [18/Nov/2022:11:38:06 +0800] "GET /xingrg/kc/pszx/mdps_order_operate.html?command=get_materiel&pszx_code=00101&rest_code=00149&base_code=0010250&code=00102003516 HTTP/1.1" 200 435
172.20.0.100 - - [18/Nov/2022:11:38:07 +0800] "GET /xingrg/all/function/internal_message.html?_=1668742687591&CODE_STATE=getMsg HTTP/1.1" 200 27
180.169.147.146 - - [18/Nov/2022:11:38:09 +0800] "GET /xingrg/kc/base/wldb_order_add.html HTTP/1.1" 200 30390
180.169.147.146 - - [18/Nov/2022:11:38:10 +0800] "POST /xingrg/kc/base/wldb_order_operate.html HTTP/1.1" 200 6806
180.162.229.95 - - [18/Nov/2022:11:38:10 +0800] "GET /xingrg/all/function/internal_message.html?_=1668742698159&CODE_STATE=getMsg HTTP/1.1" 200 27
180.169.147.146 - - [18/Nov/2022:11:38:10 +0800] "GET /xingrg/javascript/easyui/themes/default/validatebox.css HTTP/1.1" 404 1104
180.169.147.146 - - [18/Nov/2022:11:38:10 +0800] "POST /xingrg/all/common/load_combo.html?type=base HTTP/1.1" 200 3230
114.95.46.117 - - [18/Nov/2022:11:38:11 +0800] "GET /xingrg/all/function/internal_message.html?_=1668742693232&CODE_STATE=getMsg HTTP/1.1" 200 27
180.169.147.146 - - [18/Nov/2022:11:38:12 +0800] "POST /xingrg/all/common/load_combo.html?type=base HTTP/1.1" 200 3230
180.163.28.109 - - [18/Nov/2022:11:38:16 +0800] "GET /xingrg/all/function/internal_message.html?_=1668742631475&CODE_STATE=getMsg HTTP/1.1" 302 -
180.163.28.109 - - [18/Nov/2022:11:38:16 +0800] "GET /xingrg/login.html HTTP/1.1" 200 7641
61.170.233.161 - - [18/Nov/2022:11:38:17 +0800] "GET /xingrg/all/function/internal_message.html?_=1668742691444&CODE_STATE=getMsg HTTP/1.1" 200 27
120.253.135.82 - - [18/Nov/2022:11:38:17 +0800] "GET /xingrg/kc/pszx/mdps_order_operate.html?command=get_materiel&pszx_code=00101&rest_code=00149&base_code=0010250&code=00102006859 HTTP/1.1" 200 439
116.238.139.35 - - [18/Nov/2022:11:38:18 +0800] "GET /xingrg/all/function/internal_message.html?_=1668742611301&CODE_STATE=getMsg HTTP/1.1" 200 27
180.169.147.146 - - [18/Nov/2022:11:38:19 +0800] "GET /xingrg/kc/base/wldb_order_operate.html?command=get_materiel&rest_code=00147&base_code=0010287&code=00102002321 HTTP/1.1" 200 447
180.169.147.146 - - [18/Nov/2022:11:38:21 +0800] "POST /xingrg/all/common/load_select.html HTTP/1.1" 200 12
116.235.93.82 - - [18/Nov/2022:11:38:22 +0800] "GET /xingrg/check_reg.html?_=1668742919202 HTTP/1.1" 200 22
116.235.93.82 - - [18/Nov/2022:11:38:22 +0800] "GET /xingrg/all/function/internal_message.html?_=1668742919203&CODE_STATE=getMsg HTTP/1.1" 200 27
61.170.233.161 - - [18/Nov/2022:11:38:22 +0800] "GET /xingrg/all/function/internal_message.html?_=1668742704936&CODE_STATE=getMsg HTTP/1.1" 200 27
116.230.105.139 - - [18/Nov/2022:11:38:22 +0800] "GET /xingrg/all/function/internal_message.html?_=1668742698615&CODE_STATE=getMsg HTTP/1.1" 200 27
180.169.147.146 - - [18/Nov/2022:11:38:22 +0800] "GET /xingrg/kc/base/wldb_order_operate.html?command=get_materiel_price&rest_code=00147&base_code=0010287&code=00102002321&unit_code=00100004 HTTP/1.1" 200 34
61.170.233.161 - - [18/Nov/2022:11:38:23 +0800] "GET /xingrg/check_reg.html?_=1668742705885 HTTP/1.1" 200 22
116.230.105.139 - - [18/Nov/2022:11:38:26 +0800] "GET /xingrg/all/function/internal_message.html?_=1668742707095&CODE_STATE=getMsg HTTP/1.1" 200 27
180.169.147.146 - - [18/Nov/2022:11:38:27 +0800] "POST /xingrg/kc/base/wldb_order_operate.html HTTP/1.1" 200 37
180.169.147.146 - - [18/Nov/2022:11:38:27 +0800] "POST /xingrg/kc/base/wldb_order_operate.html HTTP/1.1" 200 2196
180.169.147.146 - - [18/Nov/2022:11:38:28 +0800] "GET /xingrg/kc/base/wldb_order_info.html?code=422022111801448 HTTP/1.1" 200 30402
180.169.147.146 - - [18/Nov/2022:11:38:28 +0800] "GET /xingrg/javascript/easyui/themes/default/validatebox.css HTTP/1.1" 404 1104
180.169.147.146 - - [18/Nov/2022:11:38:28 +0800] "POST /xingrg/kc/base/wldb_order_operate.html HTTP/1.1" 200 2196
114.84.81.136 - - [18/Nov/2022:11:38:30 +0800] "GET /xingrg/all/function/internal_message.html?_=1668742711179&CODE_STATE=getMsg HTTP/1.1" 200 27
120.253.135.82 - - [18/Nov/2022:11:38:30 +0800] "GET /xingrg/kc/pszx/mdps_order_operate.html?command=get_materiel&pszx_code=00101&rest_code=00149&base_code=0010250&code=00102003329 HTTP/1.1" 200 439
124.79.74.72 - - [18/Nov/2022:11:38:30 +0800] "GET /xingrg/all/function/internal_message.html?_=1668742715121&CODE_STATE=getMsg HTTP/1.1" 200 27
114.95.46.117 - - [18/Nov/2022:11:38:31 +0800] "GET /xingrg/all/function/internal_message.html?_=1668742561125&CODE_STATE=getMsg HTTP/1.1" 200 27
180.169.147.146 - - [18/Nov/2022:11:38:37 +0800] "POST /xingrg/kc/base/wldb_order_operate.html HTTP/1.1" 200 37
180.169.147.146 - - [18/Nov/2022:11:38:37 +0800] "POST /xingrg/kc/base/wldb_order_operate.html HTTP/1.1" 200 2196
180.169.147.146 - - [18/Nov/2022:11:38:37 +0800] "GET /xingrg/kc/base/wldb_order_info.html?code=422022111801448 HTTP/1.1" 200 30402
180.169.147.146 - - [18/Nov/2022:11:38:38 +0800] "GET /xingrg/javascript/easyui/themes/default/validatebox.css HTTP/1.1" 404 1104
180.169.147.146 - - [18/Nov/2022:11:38:38 +0800] "POST /xingrg/kc/base/wldb_order_operate.html HTTP/1.1" 200 2196
180.169.147.146 - - [18/Nov/2022:11:38:39 +0800] "GET /xingrg/kc/base/wldb_order_add.html HTTP/1.1" 200 30390
180.169.147.146 - - [18/Nov/2022:11:38:39 +0800] "POST /xingrg/kc/base/wldb_order_operate.html HTTP/1.1" 200 6806
180.169.147.146 - - [18/Nov/2022:11:38:39 +0800] "GET /xingrg/javascript/easyui/themes/default/validatebox.css HTTP/1.1" 404 1104
180.169.147.146 - - [18/Nov/2022:11:38:40 +0800] "POST /xingrg/all/common/load_combo.html?type=base HTTP/1.1" 200 3230
120.253.135.82 - - [18/Nov/2022:11:38:42 +0800] "POST /xingrg/kc/pszx/mdps_order_operate.html HTTP/1.1" 200 37
114.83.219.57 - - [18/Nov/2022:11:38:43 +0800] "GET /xingrg/all/function/internal_message.html?_=1668742845614&CODE_STATE=getMsg HTTP/1.1" 200 27
180.169.147.146 - - [18/Nov/2022:11:38:43 +0800] "POST /xingrg/all/common/load_combo.html?type=base HTTP/1.1" 200 3230
120.253.135.82 - - [18/Nov/2022:11:38:44 +0800] "POST /xingrg/kc/pszx/mdps_order_operate.html HTTP/1.1" 200 12
180.162.229.95 - - [18/Nov/2022:11:38:44 +0800] "GET /xingrg/all/function/internal_message.html?_=1668742724269&CODE_STATE=getMsg HTTP/1.1" 200 27
120.253.135.82 - - [18/Nov/2022:11:38:45 +0800] "GET /xingrg/kc/pszx/mdps_order_info.html?code=312022111800386 HTTP/1.1" 200 19638
120.253.135.82 - - [18/Nov/2022:11:38:46 +0800] "POST /xingrg/kc/pszx/mdps_order_operate.html HTTP/1.1" 200 13089
120.253.135.82 - - [18/Nov/2022:11:38:46 +0800] "GET /xingrg/javascript/easyui/themes/default/validatebox.css HTTP/1.1" 404 1104
116.238.139.35 - - [18/Nov/2022:11:38:48 +0800] "GET /xingrg/all/function/internal_message.html?_=1668742730814&CODE_STATE=getMsg HTTP/1.1" 200 27
120.253.135.82 - - [18/Nov/2022:11:38:48 +0800] "GET /xingrg/kc/print/load_config.html?kc_code=mdps HTTP/1.1" 200 2390
120.253.135.82 - - [18/Nov/2022:11:38:48 +0800] "GET /xingrg/kc/print/load_data.html?order_code=312022111800386&kc_code=mdps&condition= HTTP/1.1" 200 6439
180.169.147.146 - - [18/Nov/2022:11:38:50 +0800] "GET /xingrg/kc/base/wldb_order_operate.html?command=get_materiel&rest_code=00147&base_code=0010287&code=00102002433 HTTP/1.1" 200 457
114.84.81.136 - - [18/Nov/2022:11:38:51 +0800] "GET /xingrg/all/function/internal_message.html?_=1668742739414&CODE_STATE=getMsg HTTP/1.1" 200 27
114.84.81.136 - - [18/Nov/2022:11:38:51 +0800] "GET /xingrg/check_reg.html?_=1668742739416 HTTP/1.1" 200 22
222.70.183.206 - - [18/Nov/2022:11:38:54 +0800] "GET /xingrg/all/function/internal_message.html?_=1668742733245&CODE_STATE=getMsg HTTP/1.1" 200 27
218.81.217.29 - - [18/Nov/2022:11:38:54 +0800] "GET /xingrg/all/function/internal_message.html?_=1668742753075&CODE_STATE=getMsg HTTP/1.1" 200 27
101.85.95.132 - - [18/Nov/2022:11:38:57 +0800] "GET /xingrg/all/function/internal_message.html?_=1668742736197&CODE_STATE=getMsg HTTP/1.1" 200 27
101.85.95.132 - - [18/Nov/2022:11:38:57 +0800] "GET /xingrg/check_reg.html?_=1668742736201 HTTP/1.1" 200 22
180.169.147.146 - - [18/Nov/2022:11:38:57 +0800] "GET /xingrg/kc/base/wldb_order_operate.html?command=get_materiel&rest_code=00147&base_code=0010287&code=00102002029 HTTP/1.1" 200 467
180.162.229.95 - - [18/Nov/2022:11:39:01 +0800] "GET /xingrg/all/function/internal_message.html?_=1668742766573&CODE_STATE=getMsg HTTP/1.1" 200 27
114.84.81.136 - - [18/Nov/2022:11:39:06 +0800] "GET /xingrg/kc/buy/cgsh_order_list.html HTTP/1.1" 200 53723
172.20.0.100 - - [18/Nov/2022:11:39:07 +0800] "GET /xingrg/all/function/internal_message.html?_=1668742747596&CODE_STATE=getMsg HTTP/1.1" 200 27
180.169.147.146 - - [18/Nov/2022:11:39:07 +0800] "GET /xingrg/kc/base/wldb_order_operate.html?command=get_materiel&rest_code=00147&base_code=0010287&code=00102012040 HTTP/1.1" 200 452
114.84.81.136 - - [18/Nov/2022:11:39:09 +0800] "POST /xingrg/kc/buy/cgsh_list_operate.html HTTP/1.1" 200 3547
180.162.229.95 - - [18/Nov/2022:11:39:10 +0800] "GET /xingrg/all/function/internal_message.html?_=1668742758160&CODE_STATE=getMsg HTTP/1.1" 200 27
114.84.81.136 - - [18/Nov/2022:11:39:10 +0800] "GET /xingrg/kc/buy/cgsh_order_add.html HTTP/1.1" 200 69492
114.84.81.136 - - [18/Nov/2022:11:39:10 +0800] "POST /xingrg/kc/buy/cgsh_order_operate.html HTTP/1.1" 200 8245
114.84.81.136 - - [18/Nov/2022:11:39:10 +0800] "GET /xingrg/javascript/easyui/themes/default/validatebox.css HTTP/1.1" 404 1104
114.95.46.117 - - [18/Nov/2022:11:39:11 +0800] "GET /xingrg/all/function/internal_message.html?_=1668742753205&CODE_STATE=getMsg HTTP/1.1" 200 27
180.169.147.146 - - [18/Nov/2022:11:39:11 +0800] "POST /xingrg/kc/base/wldb_order_operate.html HTTP/1.1" 200 37
180.169.147.146 - - [18/Nov/2022:11:39:12 +0800] "POST /xingrg/kc/base/wldb_order_operate.html HTTP/1.1" 200 3197
180.169.147.146 - - [18/Nov/2022:11:39:12 +0800] "GET /xingrg/kc/base/wldb_order_info.html?code=422022111801449 HTTP/1.1" 200 30404
180.169.147.146 - - [18/Nov/2022:11:39:12 +0800] "GET /xingrg/javascript/easyui/themes/default/validatebox.css HTTP/1.1" 404 1104
180.169.147.146 - - [18/Nov/2022:11:39:13 +0800] "POST /xingrg/kc/base/wldb_order_operate.html HTTP/1.1" 200 3197
180.163.29.103 - - [18/Nov/2022:11:39:16 +0800] "GET /xingrg/all/function/internal_message.html?_=1668742691444&CODE_STATE=getMsg HTTP/1.1" 302 -
61.170.233.161 - - [18/Nov/2022:11:39:17 +0800] "GET /xingrg/all/function/internal_message.html?_=1668742751418&CODE_STATE=getMsg HTTP/1.1" 200 27
116.238.139.35 - - [18/Nov/2022:11:39:17 +0800] "GET /xingrg/check_reg.html?_=1668742670777 HTTP/1.1" 200 22
116.238.139.35 - - [18/Nov/2022:11:39:18 +0800] "GET /xingrg/all/function/internal_message.html?_=1668742671315&CODE_STATE=getMsg HTTP/1.1" 200 27
120.253.135.82 - - [18/Nov/2022:11:39:18 +0800] "GET /xingrg/kc/pszx/mdps_order_add.html HTTP/1.1" 200 29104
120.253.135.82 - - [18/Nov/2022:11:39:19 +0800] "GET /xingrg/javascript/easyui/themes/default/validatebox.css HTTP/1.1" 404 1104
120.253.135.82 - - [18/Nov/2022:11:39:19 +0800] "POST /xingrg/kc/pszx/mdps_order_operate.html HTTP/1.1" 200 7126
180.163.29.103 - - [18/Nov/2022:11:39:19 +0800] "GET /xingrg/login.html HTTP/1.1" 200 7641
116.235.93.82 - - [18/Nov/2022:11:39:22 +0800] "GET /xingrg/all/function/internal_message.html?_=1668742979192&CODE_STATE=getMsg HTTP/1.1" 200 27
61.170.233.161 - - [18/Nov/2022:11:39:22 +0800] "GET /xingrg/all/function/internal_message.html?_=1668742764906&CODE_STATE=getMsg HTTP/1.1" 200 27
116.230.105.139 - - [18/Nov/2022:11:39:22 +0800] "GET /xingrg/all/function/internal_message.html?_=1668742758597&CODE_STATE=getMsg HTTP/1.1" 200 27
114.84.81.136 - - [18/Nov/2022:11:39:23 +0800] "GET /xingrg/kc/buy/cgsh_order_operate.html?command=get_materiel&rest_code=00148&code=00101029084&supplier_code=00100017&order_time=2022-11-18 HTTP/1.1" 200 446
116.230.105.139 - - [18/Nov/2022:11:39:26 +0800] "GET /xingrg/all/function/internal_message.html?_=1668742767090&CODE_STATE=getMsg HTTP/1.1" 200 27
180.169.147.146 - - [18/Nov/2022:11:39:27 +0800] "GET /xingrg/all/function/internal_message.html?_=1668742766674&CODE_STATE=getMsg HTTP/1.1" 200 27
180.169.147.146 - - [18/Nov/2022:11:39:27 +0800] "GET /xingrg/check_reg.html?_=1668742766676 HTTP/1.1" 200 22
114.84.81.136 - - [18/Nov/2022:11:39:30 +0800] "GET /xingrg/check_reg.html?_=1668742771092 HTTP/1.1" 200 22
114.84.81.136 - - [18/Nov/2022:11:39:30 +0800] "GET /xingrg/all/function/internal_message.html?_=1668742771160&CODE_STATE=getMsg HTTP/1.1" 200 27
124.79.74.72 - - [18/Nov/2022:11:39:30 +0800] "GET /xingrg/all/function/internal_message.html?_=1668742775125&CODE_STATE=getMsg HTTP/1.1" 200 27
114.95.46.117 - - [18/Nov/2022:11:39:30 +0800] "GET /xingrg/check_reg.html?_=1668742621125 HTTP/1.1" 200 22
114.95.46.117 - - [18/Nov/2022:11:39:31 +0800] "GET /xingrg/all/function/internal_message.html?_=1668742621127&CODE_STATE=getMsg HTTP/1.1" 200 27
120.253.135.82 - - [18/Nov/2022:11:39:31 +0800] "GET /xingrg/kc/pszx/mdps_order_operate.html?command=get_materiel&pszx_code=00101&rest_code=00103&base_code=0010250&code=00102003318 HTTP/1.1" 200 445
114.84.81.136 - - [18/Nov/2022:11:39:39 +0800] "GET /xingrg/kc/buy/cgsh_order_operate.html?command=get_materiel&rest_code=00148&code=00101029010&supplier_code=00100017&order_time=2022-11-18 HTTP/1.1" 200 439
180.162.115.118 - - [18/Nov/2022:11:39:40 +0800] "GET /favicon.ico HTTP/1.1" 404 -
120.253.135.82 - - [18/Nov/2022:11:39:41 +0800] "GET /xingrg/all/function/internal_message.html?_=1668742253927&CODE_STATE=getMsg HTTP/1.1" 200 27
114.83.219.57 - - [18/Nov/2022:11:39:43 +0800] "GET /xingrg/all/function/internal_message.html?_=1668742905606&CODE_STATE=getMsg HTTP/1.1" 200 27
180.162.229.95 - - [18/Nov/2022:11:39:44 +0800] "GET /xingrg/all/function/internal_message.html?_=1668742784252&CODE_STATE=getMsg HTTP/1.1" 200 27
114.83.219.57 - - [18/Nov/2022:11:39:44 +0800] "GET /xingrg/check_reg.html?_=1668742907296 HTTP/1.1" 200 22
180.162.115.118 - - [18/Nov/2022:11:39:48 +0800] "GET /xingrg HTTP/1.1" 302 -
180.162.115.118 - - [18/Nov/2022:11:39:48 +0800] "GET /xingrg/ HTTP/1.1" 304 -
116.238.139.35 - - [18/Nov/2022:11:39:48 +0800] "GET /xingrg/all/function/internal_message.html?_=1668742790800&CODE_STATE=getMsg HTTP/1.1" 200 27
114.84.81.136 - - [18/Nov/2022:11:39:50 +0800] "GET /xingrg/kc/buy/cgsh_order_operate.html?command=get_materiel&rest_code=00148&code=00101029002&supplier_code=00100017&order_time=2022-11-18 HTTP/1.1" 200 470
114.84.81.136 - - [18/Nov/2022:11:39:51 +0800] "GET /xingrg/all/function/internal_message.html?_=1668742799433&CODE_STATE=getMsg HTTP/1.1" 200 27
222.70.183.206 - - [18/Nov/2022:11:39:54 +0800] "GET /xingrg/all/function/internal_message.html?_=1668742793233&CODE_STATE=getMsg HTTP/1.1" 200 27
222.70.183.206 - - [18/Nov/2022:11:39:54 +0800] "GET /xingrg/check_reg.html?_=1668742793232 HTTP/1.1" 200 22
218.81.217.29 - - [18/Nov/2022:11:39:54 +0800] "GET /xingrg/all/function/internal_message.html?_=1668742813082&CODE_STATE=getMsg HTTP/1.1" 200 27
120.253.135.82 - - [18/Nov/2022:11:39:55 +0800] "GET /xingrg/kc/pszx/mdps_order_operate.html?command=get_materiel&pszx_code=00101&rest_code=00103&base_code=0010250&code=00102031041 HTTP/1.1" 200 462
101.85.95.132 - - [18/Nov/2022:11:39:57 +0800] "GET /xingrg/all/function/internal_message.html?_=1668742796202&CODE_STATE=getMsg HTTP/1.1" 200 27
114.84.81.136 - - [18/Nov/2022:11:40:01 +0800] "GET /xingrg/kc/buy/cgsh_order_operate.html?command=get_materiel&rest_code=00148&code=00101029017&supplier_code=00100017&order_time=2022-11-18 HTTP/1.1" 200 467
180.162.229.95 - - [18/Nov/2022:11:40:01 +0800] "GET /xingrg/all/function/internal_message.html?_=1668742826574&CODE_STATE=getMsg HTTP/1.1" 200 27
120.253.135.82 - - [18/Nov/2022:11:40:06 +0800] "GET /xingrg/kc/pszx/mdps_order_operate.html?command=get_materiel&pszx_code=00101&rest_code=00103&base_code=0010250&code=00102003014 HTTP/1.1" 200 429
172.20.0.100 - - [18/Nov/2022:11:40:07 +0800] "GET /xingrg/all/function/internal_message.html?_=1668742807594&CODE_STATE=getMsg HTTP/1.1" 200 27
172.20.0.100 - - [18/Nov/2022:11:40:07 +0800] "GET /xingrg/check_reg.html?_=1668742807596 HTTP/1.1" 200 22
180.162.229.95 - - [18/Nov/2022:11:40:10 +0800] "GET /xingrg/all/function/internal_message.html?_=1668742818158&CODE_STATE=getMsg HTTP/1.1" 200 27
180.162.115.118 - - [18/Nov/2022:11:40:11 +0800] "GET /xingrg/index.html HTTP/1.1" 302 -
180.162.115.118 - - [18/Nov/2022:11:40:11 +0800] "GET /xingrg/login.html HTTP/1.1" 200 7641
180.162.115.118 - - [18/Nov/2022:11:40:11 +0800] "GET /favicon.ico HTTP/1.1" 404 -
114.95.46.117 - - [18/Nov/2022:11:40:11 +0800] "GET /xingrg/all/function/internal_message.html?_=1668742813181&CODE_STATE=getMsg HTTP/1.1" 200 27
180.162.115.118 - - [18/Nov/2022:11:40:12 +0800] "GET /xingrg/images/blue/jxLogo.png HTTP/1.1" 304 -
180.162.115.118 - - [18/Nov/2022:11:40:13 +0800] "GET /xingrg/images/blue/login_bg.png HTTP/1.1" 304 -
180.162.115.118 - - [18/Nov/2022:11:40:13 +0800] "GET /xingrg/images/blue/hj.png HTTP/1.1" 304 -
180.162.115.118 - - [18/Nov/2022:11:40:13 +0800] "GET /xingrg/images/blue/srbg.png HTTP/1.1" 304 -
180.162.115.118 - - [18/Nov/2022:11:40:14 +0800] "GET /favicon.ico HTTP/1.1" 404 -
116.230.105.139 - - [18/Nov/2022:11:40:14 +0800] "GET /xingrg/check_reg.html?_=1668742811085 HTTP/1.1" 200 22
120.253.135.82 - - [18/Nov/2022:11:40:15 +0800] "GET /xingrg/kc/pszx/mdps_order_operate.html?command=get_materiel&pszx_code=00101&rest_code=00103&base_code=0010250&code=00102003589 HTTP/1.1" 200 438
114.84.81.136 - - [18/Nov/2022:11:40:16 +0800] "GET /xingrg/kc/buy/cgsh_order_operate.html?command=get_materiel&rest_code=00148&code=00101028011&supplier_code=00100017&order_time=2022-11-18 HTTP/1.1" 200 477
61.170.233.161 - - [18/Nov/2022:11:40:17 +0800] "GET /xingrg/all/function/internal_message.html?_=1668742811399&CODE_STATE=getMsg HTTP/1.1" 200 27
61.170.233.161 - - [18/Nov/2022:11:40:18 +0800] "GET /xingrg/check_reg.html?_=1668742812337 HTTP/1.1" 200 22
116.238.139.35 - - [18/Nov/2022:11:40:18 +0800] "GET /xingrg/all/function/internal_message.html?_=1668742731329&CODE_STATE=getMsg HTTP/1.1" 200 27
180.162.115.118 - - [18/Nov/2022:11:40:18 +0800] "POST /xingrg/login.do HTTP/1.1" 302 -
180.162.115.118 - - [18/Nov/2022:11:40:18 +0800] "GET /xingrg/index.html?sysBaseUrl=http%3A%2F%2F180.169.147.146%3A18081%2Fxingrg%2F&costTime=49×tamp=1668742818529 HTTP/1.1" 200 17179
180.162.115.118 - - [18/Nov/2022:11:40:18 +0800] "GET /xingrg/javascript/jquery_easy_ui/themes/default/easyui.css HTTP/1.1" 304 -
180.162.115.118 - - [18/Nov/2022:11:40:18 +0800] "GET /xingrg/javascript/jquery_easy_ui/themes/icon.css HTTP/1.1" 304 -
180.162.115.118 - - [18/Nov/2022:11:40:18 +0800] "GET /xingrg/css/form.css HTTP/1.1" 304 -
180.162.115.118 - - [18/Nov/2022:11:40:19 +0800] "GET /xingrg/javascript/jquery-1.4.2.min.js HTTP/1.1" 304 -
180.162.115.118 - - [18/Nov/2022:11:40:19 +0800] "GET /xingrg/javascript/jquery_easy_ui/jquery.easyui.min.js HTTP/1.1" 304 -
180.162.115.118 - - [18/Nov/2022:11:40:19 +0800] "GET /xingrg/javascript/jquery_easy_ui/easyui-lang-zh_CN.js HTTP/1.1" 304 -
180.162.115.118 - - [18/Nov/2022:11:40:19 +0800] "GET /xingrg/javascript/jquery.form.js HTTP/1.1" 304 -
180.162.115.118 - - [18/Nov/2022:11:40:19 +0800] "GET /xingrg/javascript/jquery.utils.js HTTP/1.1" 304 -
180.162.115.118 - - [18/Nov/2022:11:40:19 +0800] "GET /xingrg/javascript/jquery.timers.js HTTP/1.1" 304 -
180.162.115.118 - - [18/Nov/2022:11:40:19 +0800] "GET /favicon.ico HTTP/1.1" 404 -
180.162.115.118 - - [18/Nov/2022:11:40:19 +0800] "GET /xingrg/javascript/jquery_easy_ui/themes/icons/settle_new.png HTTP/1.1" 304 -
180.162.115.118 - - [18/Nov/2022:11:40:20 +0800] "GET /xingrg/images/blue/navBackgound.jpg HTTP/1.1" 304 -
180.162.115.118 - - [18/Nov/2022:11:40:21 +0800] "POST /xingrg/all/common/load_tree.html?tree=area_rest_tree_json&manage=1 HTTP/1.1" 200 351
116.235.93.82 - - [18/Nov/2022:11:40:22 +0800] "GET /xingrg/all/function/internal_message.html?_=1668743039190&CODE_STATE=getMsg HTTP/1.1" 200 27
61.170.233.161 - - [18/Nov/2022:11:40:22 +0800] "GET /xingrg/all/function/internal_message.html?_=1668742824880&CODE_STATE=getMsg HTTP/1.1" 200 27
180.162.115.118 - - [18/Nov/2022:11:40:22 +0800] "GET /xingrg/all/function/internal_message.html?_=1668741867585&CODE_STATE=count HTTP/1.1" 200 11
180.162.115.118 - - [18/Nov/2022:11:40:22 +0800] "GET /xingrg/check_reg.html?_=1668741867586 HTTP/1.1" 200 22
180.162.115.118 - - [18/Nov/2022:11:40:22 +0800] "GET /xingrg/images/blue/pingpu.png HTTP/1.1" 304 -
180.162.115.118 - - [18/Nov/2022:11:40:22 +0800] "GET /xingrg/javascript/jquery_easy_ui/themes/default/images/tabs_leftarrow.png HTTP/1.1" 304 -
180.162.115.118 - - [18/Nov/2022:11:40:22 +0800] "GET /xingrg/javascript/jquery_easy_ui/themes/default/images/tabs_rightarrow.png HTTP/1.1" 304 -
180.162.115.118 - - [18/Nov/2022:11:40:22 +0800] "GET /xingrg/javascript/jquery_easy_ui/themes/default/images/panel_tool_collapse.gif HTTP/1.1" 304 -
180.162.115.118 - - [18/Nov/2022:11:40:22 +0800] "POST /xingrg/load_menu.html HTTP/1.1" 200 5138
116.230.105.139 - - [18/Nov/2022:11:40:22 +0800] "GET /xingrg/all/function/internal_message.html?_=1668742818578&CODE_STATE=getMsg HTTP/1.1" 200 27
180.162.115.118 - - [18/Nov/2022:11:40:22 +0800] "GET /xingrg/javascript/jquery_easy_ui/themes/default/images/tree_arrows.gif HTTP/1.1" 304 -
180.162.115.118 - - [18/Nov/2022:11:40:22 +0800] "GET /xingrg/javascript/jquery_easy_ui/themes/default/images/tree_folder_open.gif HTTP/1.1" 304 -
180.162.115.118 - - [18/Nov/2022:11:40:22 +0800] "GET /xingrg/javascript/jquery_easy_ui/themes/icons/search_new.png HTTP/1.1" 304 -
180.162.115.118 - - [18/Nov/2022:11:40:22 +0800] "GET /xingrg/javascript/jquery_easy_ui/themes/default/images/tree_folder.gif HTTP/1.1" 304 -
180.162.115.118 - - [18/Nov/2022:11:40:22 +0800] "GET /xingrg/javascript/jquery_easy_ui/themes/icons/storage_new.png HTTP/1.1" 304 -
180.162.115.118 - - [18/Nov/2022:11:40:22 +0800] "GET /xingrg/javascript/jquery_easy_ui/themes/icons/forms_new.png HTTP/1.1" 304 -
180.162.115.118 - - [18/Nov/2022:11:40:22 +0800] "GET /xingrg/javascript/jquery_easy_ui/themes/default/images/tree_file.gif HTTP/1.1" 304 -
120.253.135.82 - - [18/Nov/2022:11:40:25 +0800] "GET /xingrg/kc/pszx/mdps_order_operate.html?command=get_materiel&pszx_code=00101&rest_code=00103&base_code=0010250&code=00102003330 HTTP/1.1" 200 439
114.84.81.136 - - [18/Nov/2022:11:40:25 +0800] "GET /xingrg/kc/buy/cgsh_order_operate.html?command=get_materiel&rest_code=00148&code=00101029005&supplier_code=00100017&order_time=2022-11-18 HTTP/1.1" 200 435
180.169.147.146 - - [18/Nov/2022:11:40:25 +0800] "POST /xingrg/kc/base/wldb_order_operate.html HTTP/1.1" 200 37
180.169.147.146 - - [18/Nov/2022:11:40:26 +0800] "POST /xingrg/kc/base/wldb_order_operate.html HTTP/1.1" 200 3197
116.230.105.139 - - [18/Nov/2022:11:40:26 +0800] "GET /xingrg/all/function/internal_message.html?_=1668742827081&CODE_STATE=getMsg HTTP/1.1" 200 27
180.169.147.146 - - [18/Nov/2022:11:40:27 +0800] "GET /xingrg/kc/base/wldb_order_info.html?code=422022111801449 HTTP/1.1" 200 30404
180.169.147.146 - - [18/Nov/2022:11:40:27 +0800] "GET /xingrg/javascript/easyui/themes/default/validatebox.css HTTP/1.1" 404 1104
180.169.147.146 - - [18/Nov/2022:11:40:27 +0800] "GET /xingrg/all/function/internal_message.html?_=1668742826649&CODE_STATE=getMsg HTTP/1.1" 200 27
180.169.147.146 - - [18/Nov/2022:11:40:27 +0800] "POST /xingrg/kc/base/wldb_order_operate.html HTTP/1.1" 200 3197
180.169.147.146 - - [18/Nov/2022:11:40:29 +0800] "GET /xingrg/kc/base/wldb_order_add.html HTTP/1.1" 200 30390
180.169.147.146 - - [18/Nov/2022:11:40:29 +0800] "GET /xingrg/words/20221118103637_words.js HTTP/1.1" 304 -
180.169.147.146 - - [18/Nov/2022:11:40:29 +0800] "POST /xingrg/kc/base/wldb_order_operate.html HTTP/1.1" 200 6806
180.169.147.146 - - [18/Nov/2022:11:40:29 +0800] "GET /xingrg/javascript/easyui/themes/default/validatebox.css HTTP/1.1" 404 1104
180.169.147.146 - - [18/Nov/2022:11:40:30 +0800] "POST /xingrg/all/common/load_combo.html?type=base HTTP/1.1" 200 3230
114.84.81.136 - - [18/Nov/2022:11:40:30 +0800] "GET /xingrg/all/function/internal_message.html?_=1668742831144&CODE_STATE=getMsg HTTP/1.1" 200 27
124.79.74.72 - - [18/Nov/2022:11:40:30 +0800] "GET /xingrg/check_reg.html?_=1668742835123 HTTP/1.1" 200 22
124.79.74.72 - - [18/Nov/2022:11:40:30 +0800] "GET /xingrg/all/function/internal_message.html?_=1668742835133&CODE_STATE=getMsg HTTP/1.1" 200 27
114.95.46.117 - - [18/Nov/2022:11:40:31 +0800] "GET /xingrg/all/function/internal_message.html?_=1668742681126&CODE_STATE=getMsg HTTP/1.1" 200 27
180.169.147.146 - - [18/Nov/2022:11:40:31 +0800] "POST /xingrg/all/common/load_combo.html?type=base HTTP/1.1" 200 3230
180.162.115.118 - - [18/Nov/2022:11:40:32 +0800] "GET /xingrg/kc/base/base_main.html HTTP/1.1" 200 12142
180.162.115.118 - - [18/Nov/2022:11:40:32 +0800] "GET /xingrg/javascript/jquery_easy_ui/themes/default/images/tabs_close.gif HTTP/1.1" 304 -
180.162.115.118 - - [18/Nov/2022:11:40:32 +0800] "GET /xingrg/css/blue.css HTTP/1.1" 304 -
180.162.115.118 - - [18/Nov/2022:11:40:32 +0800] "GET /xingrg/javascript/pic_change.js HTTP/1.1" 304 -
180.162.115.118 - - [18/Nov/2022:11:40:32 +0800] "GET /xingrg/javascript/myfunction.js HTTP/1.1" 304 -
180.162.115.118 - - [18/Nov/2022:11:40:32 +0800] "GET /xingrg/images/blue/button/wlsy.gif HTTP/1.1" 304 -
180.162.115.118 - - [18/Nov/2022:11:40:32 +0800] "GET /xingrg/images/blue/button/ckpd.gif HTTP/1.1" 304 -
180.162.115.118 - - [18/Nov/2022:11:40:32 +0800] "GET /xingrg/images/blue/button/kc.gif HTTP/1.1" 304 -
180.162.115.118 - - [18/Nov/2022:11:40:32 +0800] "GET /xingrg/images/blue/button/ckdb.gif HTTP/1.1" 304 -
180.162.115.118 - - [18/Nov/2022:11:40:32 +0800] "GET /xingrg/images/blue/button/yddb.gif HTTP/1.1" 304 -
180.162.115.118 - - [18/Nov/2022:11:40:32 +0800] "GET /xingrg/images/blue/pic_form2.gif HTTP/1.1" 304 -
180.162.115.118 - - [18/Nov/2022:11:40:33 +0800] "GET /xingrg/images/blue/bg_dotted.jpg HTTP/1.1" 304 -
180.162.115.118 - - [18/Nov/2022:11:40:33 +0800] "GET /xingrg/images/blue/button/top_left.jpg HTTP/1.1" 304 -
180.162.115.118 - - [18/Nov/2022:11:40:33 +0800] "GET /xingrg/images/blue/button/top_right.jpg HTTP/1.1" 304 -
180.162.115.118 - - [18/Nov/2022:11:40:33 +0800] "GET /xingrg/images/blue/button/down.jpg HTTP/1.1" 304 -
180.162.115.118 - - [18/Nov/2022:11:40:33 +0800] "GET /xingrg/images/blue/button/right_ah.jpg HTTP/1.1" 304 -
180.162.115.118 - - [18/Nov/2022:11:40:33 +0800] "GET /xingrg/images/blue/button/left_ah.jpg HTTP/1.1" 304 -
180.162.115.118 - - [18/Nov/2022:11:40:33 +0800] "GET /xingrg/images/blue/button/bottom_left.jpg HTTP/1.1" 304 -
180.162.115.118 - - [18/Nov/2022:11:40:33 +0800] "GET /xingrg/images/blue/button/bottom_right.jpg HTTP/1.1" 304 -
120.253.135.82 - - [18/Nov/2022:11:40:33 +0800] "GET /xingrg/kc/pszx/mdps_order_operate.html?command=get_materiel&pszx_code=00101&rest_code=00103&base_code=0010250&code=00102003576 HTTP/1.1" 200 446
114.84.81.136 - - [18/Nov/2022:11:40:37 +0800] "GET /xingrg/kc/buy/cgsh_order_operate.html?command=get_materiel&rest_code=00148&code=00101029011&supplier_code=00100017&order_time=2022-11-18 HTTP/1.1" 200 479
180.162.115.118 - - [18/Nov/2022:11:40:37 +0800] "GET /xingrg/kc/base/wldb_order_list.html HTTP/1.1" 200 19107
180.162.115.118 - - [18/Nov/2022:11:40:37 +0800] "GET /xingrg/css/base.css HTTP/1.1" 304 -
180.162.115.118 - - [18/Nov/2022:11:40:37 +0800] "GET /xingrg/css/site.css HTTP/1.1" 304 -
180.162.115.118 - - [18/Nov/2022:11:40:37 +0800] "GET /xingrg/javascript/jquery_tools/datebox.css HTTP/1.1" 304 -
180.162.115.118 - - [18/Nov/2022:11:40:37 +0800] "GET /xingrg/javascript/easyui/themes/default/easyui.css HTTP/1.1" 304 -
180.162.115.118 - - [18/Nov/2022:11:40:37 +0800] "GET /xingrg/javascript/easyui/themes/icon.css HTTP/1.1" 304 -
180.162.115.118 - - [18/Nov/2022:11:40:37 +0800] "GET /xingrg/javascript/auto/jquery.autocomplete.css HTTP/1.1" 304 -
180.162.115.118 - - [18/Nov/2022:11:40:37 +0800] "GET /xingrg/javascript/jquery_tools/fix.css HTTP/1.1" 304 -
180.162.115.118 - - [18/Nov/2022:11:40:37 +0800] "GET /xingrg/javascript/jquery_tools/table.css HTTP/1.1" 304 -
180.162.115.118 - - [18/Nov/2022:11:40:37 +0800] "GET /xingrg/javascript/jquery_tools/jquery.tools.min.js HTTP/1.1" 304 -
180.162.115.118 - - [18/Nov/2022:11:40:37 +0800] "GET /xingrg/javascript/jquery_tools/jquery.tools.extend.js HTTP/1.1" 304 -
180.162.115.118 - - [18/Nov/2022:11:40:37 +0800] "GET /xingrg/javascript/jquery_tools/jquery.tools.hotkey.js HTTP/1.1" 304 -
180.162.115.118 - - [18/Nov/2022:11:40:37 +0800] "GET /xingrg/javascript/jquery_tools/jquery.tools.table.js HTTP/1.1" 304 -
180.162.115.118 - - [18/Nov/2022:11:40:37 +0800] "GET /xingrg/javascript/jquery_tools/list_manager.js HTTP/1.1" 304 -
180.162.115.118 - - [18/Nov/2022:11:40:37 +0800] "GET /xingrg/javascript/auto/jquery.autocomplete.js HTTP/1.1" 304 -
180.162.115.118 - - [18/Nov/2022:11:40:37 +0800] "GET /xingrg/javascript/easyui/easyloader.js HTTP/1.1" 304 -
180.162.115.118 - - [18/Nov/2022:11:40:37 +0800] "GET /xingrg/javascript/jquery.cookie.js HTTP/1.1" 304 -
180.162.115.118 - - [18/Nov/2022:11:40:37 +0800] "GET /xingrg/javascript/print/LodopFuncs.js HTTP/1.1" 304 -
58.221.95.50 - - [18/Nov/2022:11:40:39 +0800] "GET /xingrg/check_reg.html?_=1668742824658 HTTP/1.1" 302 -
180.162.115.118 - - [18/Nov/2022:11:40:41 +0800] "GET /xingrg/javascript/easyui/themes/icons/import_new.png HTTP/1.1" 304 -
180.162.115.118 - - [18/Nov/2022:11:40:41 +0800] "GET /xingrg/javascript/easyui/themes/icons/field_new.png HTTP/1.1" 304 -
180.162.115.118 - - [18/Nov/2022:11:40:41 +0800] "GET /xingrg/javascript/easyui/themes/icons/check_new.png HTTP/1.1" 304 -
180.162.115.118 - - [18/Nov/2022:11:40:41 +0800] "GET /xingrg/javascript/easyui/themes/icons/cance_new.png HTTP/1.1" 304 -
180.162.115.118 - - [18/Nov/2022:11:40:41 +0800] "GET /xingrg/javascript/easyui/themes/icons/edit_add_new.png HTTP/1.1" 304 -
180.162.115.118 - - [18/Nov/2022:11:40:41 +0800] "GET /xingrg/javascript/easyui/plugins/jquery.parser.js HTTP/1.1" 304 -
180.162.115.118 - - [18/Nov/2022:11:40:41 +0800] "GET /xingrg/images/control/ajaxLoader.gif HTTP/1.1" 304 -
120.253.135.82 - - [18/Nov/2022:11:40:41 +0800] "GET /xingrg/all/function/internal_message.html?_=1668742313936&CODE_STATE=getMsg HTTP/1.1" 200 27
180.162.115.118 - - [18/Nov/2022:11:40:42 +0800] "POST /xingrg/kc/base/wldb_list_operate.html HTTP/1.1" 200 928
120.253.135.82 - - [18/Nov/2022:11:40:42 +0800] "GET /xingrg/kc/pszx/mdps_order_operate.html?command=get_materiel&pszx_code=00101&rest_code=00103&base_code=0010250&code=00102002079 HTTP/1.1" 200 428
114.83.219.57 - - [18/Nov/2022:11:40:43 +0800] "GET /xingrg/all/function/internal_message.html?_=1668742965585&CODE_STATE=getMsg HTTP/1.1" 200 27
180.162.229.95 - - [18/Nov/2022:11:40:44 +0800] "GET /xingrg/all/function/internal_message.html?_=1668742844229&CODE_STATE=getMsg HTTP/1.1" 200 27
180.162.115.118 - - [18/Nov/2022:11:40:46 +0800] "GET /xingrg/javascript/easyui/themes/default/images/button_plain_hover.png HTTP/1.1" 304 -
180.162.115.118 - - [18/Nov/2022:11:40:47 +0800] "GET /xingrg/kc/base/wldb_order_add.html HTTP/1.1" 200 30394
180.162.115.118 - - [18/Nov/2022:11:40:47 +0800] "GET /xingrg/javascript/jquery_tools/order_manager.js HTTP/1.1" 304 -
180.162.115.118 - - [18/Nov/2022:11:40:47 +0800] "GET /xingrg/javascript/convert.js HTTP/1.1" 304 -
180.162.115.118 - - [18/Nov/2022:11:40:47 +0800] "GET /xingrg/javascript/json2.js HTTP/1.1" 304 -
180.162.115.118 - - [18/Nov/2022:11:40:47 +0800] "GET /xingrg/javascript/print/kc_print.js HTTP/1.1" 304 -
