116.238.139.35 - - [18/Nov/2022:09:17:14 +0800] "GET /xingrg/all/function/internal_message.html?_=1668734236544&CODE_STATE=getMsg HTTP/1.1" 200 27
114.95.46.117 - - [18/Nov/2022:09:17:15 +0800] "GET /xingrg/all/function/internal_message.html?_=1668734236373&CODE_STATE=getMsg HTTP/1.1" 200 27
116.235.93.82 - - [18/Nov/2022:09:17:21 +0800] "GET /xingrg/all/function/internal_message.html?_=1668734458958&CODE_STATE=getMsg HTTP/1.1" 200 27
116.230.105.139 - - [18/Nov/2022:09:17:24 +0800] "GET /xingrg/all/function/internal_message.html?_=1668734240701&CODE_STATE=getMsg HTTP/1.1" 200 27
120.253.135.82 - - [18/Nov/2022:09:17:29 +0800] "GET /xingrg/all/function/internal_message.html?_=1668734050356&CODE_STATE=getMsg HTTP/1.1" 200 27
114.95.46.117 - - [18/Nov/2022:09:17:30 +0800] "GET /xingrg/all/function/internal_message.html?_=1668734100947&CODE_STATE=getMsg HTTP/1.1" 200 27
180.162.229.95 - - [18/Nov/2022:09:17:32 +0800] "GET /xingrg/check_reg.html?_=1668734251968 HTTP/1.1" 200 22
218.81.217.29 - - [18/Nov/2022:09:17:38 +0800] "GET /xingrg/all/function/internal_message.html?_=1668734276520&CODE_STATE=getMsg HTTP/1.1" 200 27
180.162.229.95 - - [18/Nov/2022:09:17:46 +0800] "GET /xingrg/all/function/internal_message.html?_=1668734266493&CODE_STATE=getMsg HTTP/1.1" 200 27
222.70.183.206 - - [18/Nov/2022:09:17:53 +0800] "GET /xingrg/all/function/internal_message.html?_=1668734273009&CODE_STATE=getMsg HTTP/1.1" 200 27
114.83.219.57 - - [18/Nov/2022:09:17:57 +0800] "GET /favicon.ico HTTP/1.1" 404 -
116.238.139.35 - - [18/Nov/2022:09:17:58 +0800] "GET /xingrg/all/function/internal_message.html?_=1668734191209&CODE_STATE=getMsg HTTP/1.1" 200 27
180.162.229.95 - - [18/Nov/2022:09:18:10 +0800] "GET /xingrg/all/function/internal_message.html?_=1668734297944&CODE_STATE=getMsg HTTP/1.1" 200 27
116.238.139.35 - - [18/Nov/2022:09:18:14 +0800] "GET /xingrg/all/function/internal_message.html?_=1668734296545&CODE_STATE=getMsg HTTP/1.1" 200 27
114.95.46.117 - - [18/Nov/2022:09:18:15 +0800] "GET /xingrg/all/function/internal_message.html?_=1668734296407&CODE_STATE=getMsg HTTP/1.1" 200 27
116.235.93.82 - - [18/Nov/2022:09:18:21 +0800] "GET /xingrg/all/function/internal_message.html?_=1668734518958&CODE_STATE=getMsg HTTP/1.1" 200 27
116.235.93.82 - - [18/Nov/2022:09:18:21 +0800] "GET /xingrg/check_reg.html?_=1668734518959 HTTP/1.1" 200 22
116.230.105.139 - - [18/Nov/2022:09:18:24 +0800] "GET /xingrg/all/function/internal_message.html?_=1668734300686&CODE_STATE=getMsg HTTP/1.1" 200 27
120.253.135.82 - - [18/Nov/2022:09:18:29 +0800] "GET /xingrg/all/function/internal_message.html?_=1668734110373&CODE_STATE=getMsg HTTP/1.1" 200 27
114.95.46.117 - - [18/Nov/2022:09:18:30 +0800] "GET /xingrg/all/function/internal_message.html?_=1668734160947&CODE_STATE=getMsg HTTP/1.1" 200 27
116.230.105.139 - - [18/Nov/2022:09:18:37 +0800] "POST /xingrg/services/DataTransmitService HTTP/1.1" 200 524
218.81.217.29 - - [18/Nov/2022:09:18:38 +0800] "GET /xingrg/all/function/internal_message.html?_=1668734336834&CODE_STATE=getMsg HTTP/1.1" 200 27
180.162.229.95 - - [18/Nov/2022:09:18:46 +0800] "GET /xingrg/all/function/internal_message.html?_=1668734326479&CODE_STATE=getMsg HTTP/1.1" 200 27
222.70.183.206 - - [18/Nov/2022:09:18:53 +0800] "GET /xingrg/all/function/internal_message.html?_=1668734333009&CODE_STATE=getMsg HTTP/1.1" 200 27
116.238.139.35 - - [18/Nov/2022:09:18:57 +0800] "GET /xingrg/check_reg.html?_=1668734250933 HTTP/1.1" 200 22
116.238.139.35 - - [18/Nov/2022:09:18:58 +0800] "GET /xingrg/all/function/internal_message.html?_=1668734251301&CODE_STATE=getMsg HTTP/1.1" 200 27
180.162.229.95 - - [18/Nov/2022:09:19:10 +0800] "GET /xingrg/all/function/internal_message.html?_=1668734357942&CODE_STATE=getMsg HTTP/1.1" 200 27
116.238.139.35 - - [18/Nov/2022:09:19:14 +0800] "GET /xingrg/all/function/internal_message.html?_=1668734356546&CODE_STATE=getMsg HTTP/1.1" 200 27
114.95.46.117 - - [18/Nov/2022:09:19:15 +0800] "GET /xingrg/all/function/internal_message.html?_=1668734356384&CODE_STATE=getMsg HTTP/1.1" 200 27
116.235.93.82 - - [18/Nov/2022:09:19:21 +0800] "GET /xingrg/all/function/internal_message.html?_=1668734578957&CODE_STATE=getMsg HTTP/1.1" 200 27
116.230.105.139 - - [18/Nov/2022:09:19:24 +0800] "GET /xingrg/all/function/internal_message.html?_=1668734360670&CODE_STATE=getMsg HTTP/1.1" 200 27
120.253.135.82 - - [18/Nov/2022:09:19:29 +0800] "GET /xingrg/all/function/internal_message.html?_=1668734170408&CODE_STATE=getMsg HTTP/1.1" 200 27
114.95.46.117 - - [18/Nov/2022:09:19:30 +0800] "GET /xingrg/all/function/internal_message.html?_=1668734220947&CODE_STATE=getMsg HTTP/1.1" 200 27
114.95.46.117 - - [18/Nov/2022:09:19:30 +0800] "GET /xingrg/check_reg.html?_=1668734220950 HTTP/1.1" 200 22
218.81.217.29 - - [18/Nov/2022:09:19:38 +0800] "GET /xingrg/all/function/internal_message.html?_=1668734396844&CODE_STATE=getMsg HTTP/1.1" 200 27
114.95.46.117 - - [18/Nov/2022:09:19:40 +0800] "GET /xingrg/kc/buy/cgsh_order_operate.html?command=get_materiel&rest_code=00105&code=00101008264&supplier_code=00100203&order_time=2022-11-18 HTTP/1.1" 200 412
114.83.219.57 - - [18/Nov/2022:09:19:41 +0800] "GET /xingrg/login.html HTTP/1.1" 200 7641
114.83.219.57 - - [18/Nov/2022:09:19:41 +0800] "GET /xingrg/images/blue/jxLogo.png HTTP/1.1" 200 6156
114.83.219.57 - - [18/Nov/2022:09:19:41 +0800] "GET /xingrg/images/blue/hj.png HTTP/1.1" 200 1014
114.83.219.57 - - [18/Nov/2022:09:19:41 +0800] "GET /xingrg/images/blue/login_bg.png HTTP/1.1" 200 22101
114.83.219.57 - - [18/Nov/2022:09:19:41 +0800] "GET /xingrg/images/blue/srbg.png HTTP/1.1" 200 138
114.83.219.57 - - [18/Nov/2022:09:19:41 +0800] "GET /favicon.ico HTTP/1.1" 404 -
114.83.219.57 - - [18/Nov/2022:09:19:44 +0800] "POST /xingrg/login.do HTTP/1.1" 302 -
114.83.219.57 - - [18/Nov/2022:09:19:44 +0800] "GET /xingrg/javascript/jquery_easy_ui/themes/icon.css HTTP/1.1" 200 3949
114.83.219.57 - - [18/Nov/2022:09:19:44 +0800] "GET /xingrg/index.html?sysBaseUrl=http%3A%2F%2F180.169.147.146%3A18081%2Fxingrg%2F&costTime=41×tamp=1668734384719 HTTP/1.1" 200 17179
114.83.219.57 - - [18/Nov/2022:09:19:44 +0800] "GET /xingrg/javascript/jquery-1.4.2.min.js HTTP/1.1" 200 72205
114.83.219.57 - - [18/Nov/2022:09:19:44 +0800] "GET /xingrg/javascript/jquery_easy_ui/themes/default/easyui.css HTTP/1.1" 200 26500
114.83.219.57 - - [18/Nov/2022:09:19:44 +0800] "GET /xingrg/css/form.css HTTP/1.1" 200 893
114.83.219.57 - - [18/Nov/2022:09:19:44 +0800] "GET /xingrg/javascript/jquery_easy_ui/jquery.easyui.min.js HTTP/1.1" 200 213662
114.83.219.57 - - [18/Nov/2022:09:19:44 +0800] "GET /xingrg/javascript/jquery_easy_ui/easyui-lang-zh_CN.js HTTP/1.1" 200 1900
114.83.219.57 - - [18/Nov/2022:09:19:44 +0800] "GET /xingrg/javascript/jquery.timers.js HTTP/1.1" 200 3532
114.83.219.57 - - [18/Nov/2022:09:19:44 +0800] "GET /xingrg/javascript/jquery.utils.js HTTP/1.1" 200 11805
114.83.219.57 - - [18/Nov/2022:09:19:44 +0800] "GET /xingrg/javascript/jquery.form.js HTTP/1.1" 200 23110
114.83.219.57 - - [18/Nov/2022:09:19:44 +0800] "GET /favicon.ico HTTP/1.1" 404 -
114.83.219.57 - - [18/Nov/2022:09:19:44 +0800] "GET /xingrg/javascript/jquery_easy_ui/themes/icons/settle_new.png HTTP/1.1" 200 826
114.83.219.57 - - [18/Nov/2022:09:19:44 +0800] "GET /xingrg/images/blue/navBackgound.jpg HTTP/1.1" 200 12378
114.83.219.57 - - [18/Nov/2022:09:19:44 +0800] "POST /xingrg/all/common/load_tree.html?tree=area_rest_tree_json&manage=1 HTTP/1.1" 200 351
114.83.219.57 - - [18/Nov/2022:09:19:45 +0800] "GET /xingrg/all/function/internal_message.html?_=1668734507291&CODE_STATE=count HTTP/1.1" 200 11
114.83.219.57 - - [18/Nov/2022:09:19:45 +0800] "GET /xingrg/check_reg.html?_=1668734507292 HTTP/1.1" 200 22
114.83.219.57 - - [18/Nov/2022:09:19:45 +0800] "GET /xingrg/images/blue/pingpu.png HTTP/1.1" 200 231
114.83.219.57 - - [18/Nov/2022:09:19:45 +0800] "GET /xingrg/javascript/jquery_easy_ui/themes/default/images/tabs_leftarrow.png HTTP/1.1" 200 389
114.83.219.57 - - [18/Nov/2022:09:19:45 +0800] "GET /xingrg/javascript/jquery_easy_ui/themes/default/images/tabs_rightarrow.png HTTP/1.1" 200 395
114.83.219.57 - - [18/Nov/2022:09:19:45 +0800] "GET /xingrg/javascript/jquery_easy_ui/themes/default/images/panel_tool_collapse.gif HTTP/1.1" 200 246
114.83.219.57 - - [18/Nov/2022:09:19:45 +0800] "POST /xingrg/load_menu.html HTTP/1.1" 200 5138
114.83.219.57 - - [18/Nov/2022:09:19:45 +0800] "GET /xingrg/javascript/jquery_easy_ui/themes/default/images/tree_arrows.gif HTTP/1.1" 200 1043
114.83.219.57 - - [18/Nov/2022:09:19:45 +0800] "GET /xingrg/javascript/jquery_easy_ui/themes/default/images/tree_folder_open.gif HTTP/1.1" 200 956
114.83.219.57 - - [18/Nov/2022:09:19:45 +0800] "GET /xingrg/javascript/jquery_easy_ui/themes/icons/search_new.png HTTP/1.1" 200 586
114.83.219.57 - - [18/Nov/2022:09:19:45 +0800] "GET /xingrg/javascript/jquery_easy_ui/themes/default/images/tree_folder.gif HTTP/1.1" 200 952
114.83.219.57 - - [18/Nov/2022:09:19:45 +0800] "GET /xingrg/javascript/jquery_easy_ui/themes/icons/storage_new.png HTTP/1.1" 200 853
114.83.219.57 - - [18/Nov/2022:09:19:45 +0800] "GET /xingrg/javascript/jquery_easy_ui/themes/icons/forms_new.png HTTP/1.1" 200 350
114.83.219.57 - - [18/Nov/2022:09:19:45 +0800] "GET /xingrg/javascript/jquery_easy_ui/themes/default/images/tree_file.gif HTTP/1.1" 200 118
180.162.229.95 - - [18/Nov/2022:09:19:46 +0800] "GET /xingrg/all/function/internal_message.html?_=1668734386463&CODE_STATE=getMsg HTTP/1.1" 200 27
114.83.219.57 - - [18/Nov/2022:09:19:50 +0800] "GET /xingrg/kc/base/wldb_order_list.html HTTP/1.1" 200 19107
114.83.219.57 - - [18/Nov/2022:09:19:50 +0800] "GET /xingrg/javascript/jquery_easy_ui/themes/default/images/tabs_close.gif HTTP/1.1" 200 829
114.83.219.57 - - [18/Nov/2022:09:19:50 +0800] "GET /xingrg/css/base.css HTTP/1.1" 200 2811
114.83.219.57 - - [18/Nov/2022:09:19:50 +0800] "GET /xingrg/css/site.css HTTP/1.1" 200 7541
114.83.219.57 - - [18/Nov/2022:09:19:50 +0800] "GET /xingrg/javascript/jquery_tools/datebox.css HTTP/1.1" 200 2597
114.83.219.57 - - [18/Nov/2022:09:19:50 +0800] "GET /xingrg/javascript/easyui/themes/icon.css HTTP/1.1" 200 4483
114.83.219.57 - - [18/Nov/2022:09:19:50 +0800] "GET /xingrg/javascript/auto/jquery.autocomplete.css HTTP/1.1" 200 587
114.83.219.57 - - [18/Nov/2022:09:19:50 +0800] "GET /xingrg/javascript/jquery_tools/fix.css HTTP/1.1" 200 1702
114.83.219.57 - - [18/Nov/2022:09:19:50 +0800] "GET /xingrg/javascript/jquery_tools/table.css HTTP/1.1" 200 1032
114.83.219.57 - - [18/Nov/2022:09:19:50 +0800] "GET /xingrg/javascript/jquery_tools/jquery.tools.min.js HTTP/1.1" 200 138801
114.83.219.57 - - [18/Nov/2022:09:19:50 +0800] "GET /xingrg/javascript/jquery_tools/jquery.tools.hotkey.js HTTP/1.1" 200 3242
114.83.219.57 - - [18/Nov/2022:09:19:50 +0800] "GET /xingrg/javascript/easyui/themes/default/easyui.css HTTP/1.1" 200 30432
114.83.219.57 - - [18/Nov/2022:09:19:50 +0800] "GET /xingrg/javascript/jquery_tools/jquery.tools.table.js HTTP/1.1" 200 6994
114.83.219.57 - - [18/Nov/2022:09:19:50 +0800] "GET /xingrg/javascript/jquery_tools/list_manager.js HTTP/1.1" 200 3652
114.83.219.57 - - [18/Nov/2022:09:19:50 +0800] "GET /xingrg/javascript/jquery_tools/jquery.tools.extend.js HTTP/1.1" 200 15385
114.83.219.57 - - [18/Nov/2022:09:19:50 +0800] "GET /xingrg/javascript/auto/jquery.autocomplete.js HTTP/1.1" 200 21624
114.83.219.57 - - [18/Nov/2022:09:19:50 +0800] "GET /xingrg/javascript/jquery.cookie.js HTTP/1.1" 200 5513
114.83.219.57 - - [18/Nov/2022:09:19:50 +0800] "GET /xingrg/javascript/easyui/easyloader.js HTTP/1.1" 200 5975
114.83.219.57 - - [18/Nov/2022:09:19:50 +0800] "GET /xingrg/javascript/print/LodopFuncs.js HTTP/1.1" 200 5121
114.83.219.57 - - [18/Nov/2022:09:19:52 +0800] "GET /xingrg/javascript/easyui/themes/icons/edit_add_new.png HTTP/1.1" 200 2997
114.83.219.57 - - [18/Nov/2022:09:19:52 +0800] "GET /xingrg/javascript/easyui/themes/icons/cance_new.png HTTP/1.1" 200 3986
114.83.219.57 - - [18/Nov/2022:09:19:52 +0800] "GET /xingrg/javascript/easyui/themes/icons/check_new.png HTTP/1.1" 200 3224
114.83.219.57 - - [18/Nov/2022:09:19:52 +0800] "GET /xingrg/javascript/easyui/themes/icons/field_new.png HTTP/1.1" 200 1097
114.83.219.57 - - [18/Nov/2022:09:19:52 +0800] "GET /xingrg/javascript/easyui/themes/icons/import_new.png HTTP/1.1" 200 1247
114.83.219.57 - - [18/Nov/2022:09:19:52 +0800] "GET /xingrg/javascript/easyui/plugins/jquery.parser.js HTTP/1.1" 200 1142
114.83.219.57 - - [18/Nov/2022:09:19:52 +0800] "GET /xingrg/images/control/ajaxLoader.gif HTTP/1.1" 200 4659
114.83.219.57 - - [18/Nov/2022:09:19:52 +0800] "POST /xingrg/kc/base/wldb_list_operate.html HTTP/1.1" 200 928
222.70.183.206 - - [18/Nov/2022:09:19:53 +0800] "GET /xingrg/all/function/internal_message.html?_=1668734393009&CODE_STATE=getMsg HTTP/1.1" 200 27
222.70.183.206 - - [18/Nov/2022:09:19:53 +0800] "GET /xingrg/check_reg.html?_=1668734393013 HTTP/1.1" 200 22
114.83.219.57 - - [18/Nov/2022:09:19:53 +0800] "GET /xingrg/javascript/easyui/themes/default/images/button_plain_hover.png HTTP/1.1" 200 144
114.83.219.57 - - [18/Nov/2022:09:19:54 +0800] "GET /xingrg/kc/base/wldb_order_add.html HTTP/1.1" 200 30390
114.83.219.57 - - [18/Nov/2022:09:19:54 +0800] "GET /xingrg/javascript/pic_change.js HTTP/1.1" 200 4739
114.83.219.57 - - [18/Nov/2022:09:19:54 +0800] "GET /xingrg/javascript/convert.js HTTP/1.1" 200 1239
114.83.219.57 - - [18/Nov/2022:09:19:54 +0800] "GET /xingrg/javascript/jquery_tools/order_manager.js HTTP/1.1" 200 11183
114.83.219.57 - - [18/Nov/2022:09:19:54 +0800] "GET /xingrg/javascript/json2.js HTTP/1.1" 200 11259
114.83.219.57 - - [18/Nov/2022:09:19:54 +0800] "GET /xingrg/javascript/print/kc_print.js HTTP/1.1" 200 11415
114.83.219.57 - - [18/Nov/2022:09:19:54 +0800] "GET /xingrg/words/20221117145411_words.js HTTP/1.1" 200 933003
114.83.219.57 - - [18/Nov/2022:09:19:54 +0800] "GET /xingrg/javascript/easyui/themes/icons/template_new.png HTTP/1.1" 200 3956
114.83.219.57 - - [18/Nov/2022:09:19:54 +0800] "GET /xingrg/javascript/easyui/themes/icons/ok.png HTTP/1.1" 200 883
114.83.219.57 - - [18/Nov/2022:09:19:54 +0800] "GET /xingrg/javascript/easyui/themes/icons/print.png HTTP/1.1" 200 1057
114.83.219.57 - - [18/Nov/2022:09:19:54 +0800] "GET /xingrg/javascript/easyui/themes/default/images/menu_downarrow.png HTTP/1.1" 200 173
114.83.219.57 - - [18/Nov/2022:09:19:54 +0800] "GET /xingrg/javascript/easyui/themes/icons/cancel.png HTTP/1.1" 200 1133
114.83.219.57 - - [18/Nov/2022:09:19:54 +0800] "POST /xingrg/kc/base/wldb_order_operate.html HTTP/1.1" 200 6806
114.83.219.57 - - [18/Nov/2022:09:19:55 +0800] "GET /xingrg/all/common/auto_word.html?type=base&rest_code=00154 HTTP/1.1" 200 831
114.83.219.57 - - [18/Nov/2022:09:19:55 +0800] "GET /xingrg/all/common/auto_word.html?type=base&rest_code=00154 HTTP/1.1" 200 831
114.83.219.57 - - [18/Nov/2022:09:19:55 +0800] "GET /xingrg/javascript/easyui/themes/default/validatebox.css HTTP/1.1" 404 1104
114.83.219.57 - - [18/Nov/2022:09:19:55 +0800] "GET /xingrg/javascript/easyui/plugins/jquery.validatebox.js HTTP/1.1" 200 6103
114.83.219.57 - - [18/Nov/2022:09:19:55 +0800] "GET /xingrg/javascript/easyui/plugins/jquery.numberbox.js HTTP/1.1" 200 5213
114.83.219.57 - - [18/Nov/2022:09:19:55 +0800] "GET /xingrg/javascript/easyui/themes/icons/edit_remove.png HTTP/1.1" 200 625
114.83.219.57 - - [18/Nov/2022:09:19:56 +0800] "GET /xingrg/css/images/panel_loading.gif HTTP/1.1" 200 1737
114.83.219.57 - - [18/Nov/2022:09:19:56 +0800] "POST /xingrg/all/common/load_combo.html?type=base HTTP/1.1" 200 1491
116.238.139.35 - - [18/Nov/2022:09:19:58 +0800] "GET /xingrg/all/function/internal_message.html?_=1668734311315&CODE_STATE=getMsg HTTP/1.1" 200 27
114.83.219.57 - - [18/Nov/2022:09:20:03 +0800] "POST /xingrg/all/common/load_combo.html?type=base HTTP/1.1" 200 1491
58.35.213.73 - - [18/Nov/2022:09:20:05 +0800] "POST /xingrg/services/DataTransmitService HTTP/1.1" 200 524
58.35.213.73 - - [18/Nov/2022:09:20:05 +0800] "POST /xingrg/services/DataTransmitService HTTP/1.1" 200 412
180.162.229.95 - - [18/Nov/2022:09:20:10 +0800] "GET /xingrg/all/function/internal_message.html?_=1668734417941&CODE_STATE=getMsg HTTP/1.1" 200 27
114.83.219.57 - - [18/Nov/2022:09:20:12 +0800] "GET /xingrg/javascript/auto/indicator.gif HTTP/1.1" 404 1066
116.238.139.35 - - [18/Nov/2022:09:20:14 +0800] "GET /xingrg/check_reg.html?_=1668734416546 HTTP/1.1" 200 22
116.238.139.35 - - [18/Nov/2022:09:20:14 +0800] "GET /xingrg/all/function/internal_message.html?_=1668734416549&CODE_STATE=getMsg HTTP/1.1" 200 27
116.230.105.139 - - [18/Nov/2022:09:20:14 +0800] "GET /xingrg/check_reg.html?_=1668734411082 HTTP/1.1" 200 22
114.95.46.117 - - [18/Nov/2022:09:20:14 +0800] "POST /xingrg/kc/buy/cgsh_order_operate.html HTTP/1.1" 200 37
114.83.219.57 - - [18/Nov/2022:09:20:16 +0800] "GET /xingrg/kc/base/wldb_order_operate.html?command=get_materiel&rest_code=00154&base_code=0010726&code=00101028013 HTTP/1.1" 200 466
114.95.46.117 - - [18/Nov/2022:09:20:16 +0800] "POST /xingrg/kc/buy/cgsh_order_operate.html HTTP/1.1" 200 48757
114.83.219.57 - - [18/Nov/2022:09:20:21 +0800] "POST /xingrg/all/common/load_select.html HTTP/1.1" 200 25
116.235.93.82 - - [18/Nov/2022:09:20:21 +0800] "GET /xingrg/all/function/internal_message.html?_=1668734638955&CODE_STATE=getMsg HTTP/1.1" 200 27
116.230.105.139 - - [18/Nov/2022:09:20:24 +0800] "GET /xingrg/all/function/internal_message.html?_=1668734420650&CODE_STATE=getMsg HTTP/1.1" 200 27
114.83.219.57 - - [18/Nov/2022:09:20:24 +0800] "GET /xingrg/kc/base/wldb_order_operate.html?command=get_materiel_price&rest_code=00154&base_code=0010726&code=00101028013&unit_code=00100157 HTTP/1.1" 200 33
120.253.135.82 - - [18/Nov/2022:09:20:29 +0800] "GET /xingrg/all/function/internal_message.html?_=1668734230415&CODE_STATE=getMsg HTTP/1.1" 200 27
114.95.46.117 - - [18/Nov/2022:09:20:30 +0800] "GET /xingrg/all/function/internal_message.html?_=1668734280950&CODE_STATE=getMsg HTTP/1.1" 200 27
114.83.219.57 - - [18/Nov/2022:09:20:33 +0800] "GET /xingrg/kc/base/wldb_order_operate.html?command=get_materiel&rest_code=00154&base_code=0010726&code=00101028012 HTTP/1.1" 200 476
114.83.219.57 - - [18/Nov/2022:09:20:37 +0800] "POST /xingrg/all/common/load_select.html HTTP/1.1" 200 25
58.221.95.50 - - [18/Nov/2022:09:20:38 +0800] "GET /xingrg/check_reg.html?_=1668734423493 HTTP/1.1" 302 -
218.81.217.29 - - [18/Nov/2022:09:20:38 +0800] "GET /xingrg/all/function/internal_message.html?_=1668734457151&CODE_STATE=getMsg HTTP/1.1" 200 27
114.83.219.57 - - [18/Nov/2022:09:20:39 +0800] "GET /xingrg/kc/base/wldb_order_operate.html?command=get_materiel_price&rest_code=00154&base_code=0010726&code=00101028012&unit_code=00100157 HTTP/1.1" 200 35
114.83.219.57 - - [18/Nov/2022:09:20:45 +0800] "GET /xingrg/all/function/internal_message.html?_=1668734567297&CODE_STATE=getMsg HTTP/1.1" 200 27
114.83.219.57 - - [18/Nov/2022:09:20:45 +0800] "GET /xingrg/kc/base/wldb_order_operate.html?command=get_materiel&rest_code=00154&base_code=0010726&code=00101029003 HTTP/1.1" 200 474
180.162.229.95 - - [18/Nov/2022:09:20:46 +0800] "GET /xingrg/all/function/internal_message.html?_=1668734446448&CODE_STATE=getMsg HTTP/1.1" 200 27
114.83.219.57 - - [18/Nov/2022:09:20:49 +0800] "POST /xingrg/all/common/load_select.html HTTP/1.1" 200 25
114.83.219.57 - - [18/Nov/2022:09:20:51 +0800] "GET /xingrg/kc/base/wldb_order_operate.html?command=get_materiel_price&rest_code=00154&base_code=0010726&code=00101029003&unit_code=00100179 HTTP/1.1" 200 35
222.70.183.206 - - [18/Nov/2022:09:20:53 +0800] "GET /xingrg/all/function/internal_message.html?_=1668734453034&CODE_STATE=getMsg HTTP/1.1" 200 27
116.238.139.35 - - [18/Nov/2022:09:20:58 +0800] "GET /xingrg/all/function/internal_message.html?_=1668734371328&CODE_STATE=getMsg HTTP/1.1" 200 27
114.83.219.57 - - [18/Nov/2022:09:20:58 +0800] "GET /xingrg/kc/base/wldb_order_operate.html?command=get_materiel&rest_code=00154&base_code=0010726&code=00101027051 HTTP/1.1" 200 444
218.81.217.29 - - [18/Nov/2022:09:21:01 +0800] "GET /xingrg/check_reg.html?_=1668734480164 HTTP/1.1" 200 22
180.162.229.95 - - [18/Nov/2022:09:21:10 +0800] "GET /xingrg/all/function/internal_message.html?_=1668734477944&CODE_STATE=getMsg HTTP/1.1" 200 27
114.83.219.57 - - [18/Nov/2022:09:21:11 +0800] "GET /xingrg/kc/base/wldb_order_operate.html?command=get_materiel&rest_code=00154&base_code=0010726&code=00101028050 HTTP/1.1" 200 452
180.162.229.95 - - [18/Nov/2022:09:21:13 +0800] "GET /xingrg/kc/buy/cgsh_order_add.html HTTP/1.1" 200 69533
180.162.229.95 - - [18/Nov/2022:09:21:13 +0800] "POST /xingrg/kc/buy/cgsh_order_operate.html HTTP/1.1" 200 8245
180.162.229.95 - - [18/Nov/2022:09:21:13 +0800] "GET /xingrg/javascript/easyui/themes/default/validatebox.css HTTP/1.1" 404 1104
116.238.139.35 - - [18/Nov/2022:09:21:14 +0800] "GET /xingrg/all/function/internal_message.html?_=1668734476550&CODE_STATE=getMsg HTTP/1.1" 200 27
114.83.219.57 - - [18/Nov/2022:09:21:14 +0800] "POST /xingrg/all/common/load_select.html HTTP/1.1" 200 12
180.162.229.95 - - [18/Nov/2022:09:21:14 +0800] "GET /xingrg/javascript/easyui/plugins/jquery.draggable.js HTTP/1.1" 200 6121
180.162.229.95 - - [18/Nov/2022:09:21:14 +0800] "GET /xingrg/css/images/panel_loading.gif HTTP/1.1" 200 1737
180.162.229.95 - - [18/Nov/2022:09:21:14 +0800] "GET /xingrg/javascript/easyui/plugins/jquery.droppable.js HTTP/1.1" 200 1167
180.162.229.95 - - [18/Nov/2022:09:21:15 +0800] "GET /xingrg/javascript/easyui/themes/default/tree.css HTTP/1.1" 404 1090
180.162.229.95 - - [18/Nov/2022:09:21:15 +0800] "GET /xingrg/javascript/easyui/plugins/jquery.tree.js HTTP/1.1" 200 20874
114.95.46.117 - - [18/Nov/2022:09:21:15 +0800] "GET /xingrg/all/function/internal_message.html?_=1668734476391&CODE_STATE=getMsg HTTP/1.1" 200 27
180.162.229.95 - - [18/Nov/2022:09:21:15 +0800] "POST /xingrg/all/common/load_tree.html?tree=supplier_tree_json&isDelete=1 HTTP/1.1" 200 70135
114.95.46.117 - - [18/Nov/2022:09:21:15 +0800] "GET /xingrg/check_reg.html?_=1668734476541 HTTP/1.1" 200 22
180.162.229.95 - - [18/Nov/2022:09:21:16 +0800] "GET /xingrg/javascript/easyui/themes/default/images/tree_arrows.gif HTTP/1.1" 200 617
180.162.229.95 - - [18/Nov/2022:09:21:16 +0800] "GET /xingrg/javascript/easyui/themes/default/images/tree_folder_open.gif HTTP/1.1" 200 956
180.162.229.95 - - [18/Nov/2022:09:21:16 +0800] "GET /xingrg/javascript/easyui/themes/default/images/tree_file.gif HTTP/1.1" 200 118
180.162.229.95 - - [18/Nov/2022:09:21:16 +0800] "GET /xingrg/javascript/easyui/themes/default/images/tree_folder.gif HTTP/1.1" 200 952
114.83.219.57 - - [18/Nov/2022:09:21:16 +0800] "GET /xingrg/kc/base/wldb_order_operate.html?command=get_materiel_price&rest_code=00154&base_code=0010726&code=00101028050&unit_code=00100016 HTTP/1.1" 200 35
116.235.93.82 - - [18/Nov/2022:09:21:21 +0800] "GET /xingrg/all/function/internal_message.html?_=1668734698953&CODE_STATE=getMsg HTTP/1.1" 200 27
116.230.105.139 - - [18/Nov/2022:09:21:24 +0800] "GET /xingrg/all/function/internal_message.html?_=1668734480628&CODE_STATE=getMsg HTTP/1.1" 200 27
114.95.46.117 - - [18/Nov/2022:09:21:25 +0800] "POST /xingrg/kc/buy/cgsh_order_operate.html HTTP/1.1" 200 37
114.95.46.117 - - [18/Nov/2022:09:21:26 +0800] "POST /xingrg/kc/buy/cgsh_order_operate.html HTTP/1.1" 200 48757
120.253.135.82 - - [18/Nov/2022:09:21:28 +0800] "GET /xingrg/check_reg.html?_=1668734289822 HTTP/1.1" 200 22
114.83.219.57 - - [18/Nov/2022:09:21:28 +0800] "GET /xingrg/kc/base/wldb_order_operate.html?command=get_materiel&rest_code=00154&base_code=0010726&code=00101028002 HTTP/1.1" 200 476
120.253.135.82 - - [18/Nov/2022:09:21:29 +0800] "GET /xingrg/all/function/internal_message.html?_=1668734290429&CODE_STATE=getMsg HTTP/1.1" 200 27
114.95.46.117 - - [18/Nov/2022:09:21:30 +0800] "GET /xingrg/all/function/internal_message.html?_=1668734340951&CODE_STATE=getMsg HTTP/1.1" 200 27
114.83.219.57 - - [18/Nov/2022:09:21:32 +0800] "POST /xingrg/all/common/load_select.html HTTP/1.1" 200 25
114.83.219.57 - - [18/Nov/2022:09:21:35 +0800] "GET /xingrg/kc/base/wldb_order_operate.html?command=get_materiel_price&rest_code=00154&base_code=0010726&code=00101028002&unit_code=00100157 HTTP/1.1" 200 35
218.81.217.29 - - [18/Nov/2022:09:21:38 +0800] "GET /xingrg/all/function/internal_message.html?_=1668734517153&CODE_STATE=getMsg HTTP/1.1" 200 27
114.83.219.57 - - [18/Nov/2022:09:21:42 +0800] "GET /xingrg/kc/base/wldb_order_operate.html?command=get_materiel&rest_code=00154&base_code=0010726&code=00101027072 HTTP/1.1" 200 457
114.83.219.57 - - [18/Nov/2022:09:21:45 +0800] "GET /xingrg/all/function/internal_message.html?_=1668734627306&CODE_STATE=getMsg HTTP/1.1" 200 27
114.83.219.57 - - [18/Nov/2022:09:21:46 +0800] "POST /xingrg/all/common/load_select.html HTTP/1.1" 200 25
180.162.229.95 - - [18/Nov/2022:09:21:46 +0800] "GET /xingrg/all/function/internal_message.html?_=1668734506545&CODE_STATE=getMsg HTTP/1.1" 200 27
114.83.219.57 - - [18/Nov/2022:09:21:48 +0800] "GET /xingrg/kc/base/wldb_order_operate.html?command=get_materiel_price&rest_code=00154&base_code=0010726&code=00101027072&unit_code=00100189 HTTP/1.1" 200 35
222.70.183.206 - - [18/Nov/2022:09:21:53 +0800] "GET /xingrg/all/function/internal_message.html?_=1668734513038&CODE_STATE=getMsg HTTP/1.1" 200 27
120.253.135.82 - - [18/Nov/2022:09:22:03 +0800] "GET /xingrg/kc/pszx/mdqp_order_list.html?state=10 HTTP/1.1" 200 10275
120.253.135.82 - - [18/Nov/2022:09:22:03 +0800] "GET /xingrg/dwr/interface/AjaxReportQueryService.js HTTP/1.1" 200 13203
120.253.135.82 - - [18/Nov/2022:09:22:03 +0800] "GET /xingrg/dwr/interface/AjaxQqpsService.js HTTP/1.1" 200 16326
120.253.135.82 - - [18/Nov/2022:09:22:04 +0800] "GET /xingrg/dwr/engine.js HTTP/1.1" 200 43631
120.253.135.82 - - [18/Nov/2022:09:22:07 +0800] "GET /xingrg/kc/buy/cgsh_order_list.html HTTP/1.1" 200 53717
120.253.135.82 - - [18/Nov/2022:09:22:08 +0800] "POST /xingrg/kc/buy/cgsh_list_operate.html HTTP/1.1" 200 986
180.162.229.95 - - [18/Nov/2022:09:22:10 +0800] "GET /xingrg/all/function/internal_message.html?_=1668734537946&CODE_STATE=getMsg HTTP/1.1" 200 27
180.162.229.95 - - [18/Nov/2022:09:22:10 +0800] "GET /xingrg/check_reg.html?_=1668734537949 HTTP/1.1" 200 22
120.253.135.82 - - [18/Nov/2022:09:22:12 +0800] "GET /xingrg/kc/pszx/mdqp_order_list.html?state=10 HTTP/1.1" 200 10275
120.253.135.82 - - [18/Nov/2022:09:22:12 +0800] "GET /xingrg/dwr/interface/AjaxReportQueryService.js HTTP/1.1" 200 13203
120.253.135.82 - - [18/Nov/2022:09:22:12 +0800] "GET /xingrg/dwr/interface/AjaxQqpsService.js HTTP/1.1" 200 16326
120.253.135.82 - - [18/Nov/2022:09:22:12 +0800] "GET /xingrg/dwr/engine.js HTTP/1.1" 200 43631
116.238.139.35 - - [18/Nov/2022:09:22:14 +0800] "GET /xingrg/all/function/internal_message.html?_=1668734536552&CODE_STATE=getMsg HTTP/1.1" 200 27
114.95.46.117 - - [18/Nov/2022:09:22:15 +0800] "GET /xingrg/all/function/internal_message.html?_=1668734536403&CODE_STATE=getMsg HTTP/1.1" 200 27
120.253.135.82 - - [18/Nov/2022:09:22:15 +0800] "GET /xingrg/kc/pszx/mdth_order_list.html HTTP/1.1" 200 18459
120.253.135.82 - - [18/Nov/2022:09:22:15 +0800] "POST /xingrg/kc/pszx/mdth_order_new_list.html HTTP/1.1" 200 4730
116.235.93.82 - - [18/Nov/2022:09:22:21 +0800] "GET /xingrg/all/function/internal_message.html?_=1668734758952&CODE_STATE=getMsg HTTP/1.1" 200 27
120.253.135.82 - - [18/Nov/2022:09:22:23 +0800] "GET /xingrg/kc/pszx/mdqp_order_list.html?state=10 HTTP/1.1" 200 10275
120.253.135.82 - - [18/Nov/2022:09:22:23 +0800] "GET /xingrg/dwr/interface/AjaxQqpsService.js HTTP/1.1" 200 16326
120.253.135.82 - - [18/Nov/2022:09:22:23 +0800] "GET /xingrg/dwr/interface/AjaxReportQueryService.js HTTP/1.1" 200 13203
120.253.135.82 - - [18/Nov/2022:09:22:23 +0800] "GET /xingrg/dwr/engine.js HTTP/1.1" 200 43631
116.230.105.139 - - [18/Nov/2022:09:22:24 +0800] "GET /xingrg/all/function/internal_message.html?_=1668734540609&CODE_STATE=getMsg HTTP/1.1" 200 27
114.83.219.57 - - [18/Nov/2022:09:22:26 +0800] "GET /xingrg/kc/base/wldb_order_operate.html?command=get_materiel&rest_code=00154&base_code=0010726&code=00101027016 HTTP/1.1" 200 464
120.253.135.82 - - [18/Nov/2022:09:22:27 +0800] "GET /xingrg/kc/buy/cgsh_order_list.html HTTP/1.1" 200 53717
120.253.135.82 - - [18/Nov/2022:09:22:28 +0800] "POST /xingrg/kc/buy/cgsh_list_operate.html HTTP/1.1" 200 986
120.253.135.82 - - [18/Nov/2022:09:22:29 +0800] "GET /xingrg/all/function/internal_message.html?_=1668734350442&CODE_STATE=getMsg HTTP/1.1" 200 27
114.83.219.57 - - [18/Nov/2022:09:22:29 +0800] "POST /xingrg/all/common/load_select.html HTTP/1.1" 200 25
114.95.46.117 - - [18/Nov/2022:09:22:30 +0800] "GET /xingrg/all/function/internal_message.html?_=1668734400951&CODE_STATE=getMsg HTTP/1.1" 200 27
114.83.219.57 - - [18/Nov/2022:09:22:31 +0800] "GET /xingrg/kc/base/wldb_order_operate.html?command=get_materiel_price&rest_code=00154&base_code=0010726&code=00101027016&unit_code=00100189 HTTP/1.1" 200 34
120.253.135.82 - - [18/Nov/2022:09:22:31 +0800] "GET /xingrg/kc/pszx/mdps_order_list.html?orderType=0 HTTP/1.1" 200 21035
120.253.135.82 - - [18/Nov/2022:09:22:31 +0800] "POST /xingrg/kc/pszx/mdps_list_operate.html HTTP/1.1" 200 5345
180.162.229.95 - - [18/Nov/2022:09:22:32 +0800] "GET /xingrg/check_reg.html?_=1668734551981 HTTP/1.1" 200 22
120.253.135.82 - - [18/Nov/2022:09:22:34 +0800] "POST /xingrg/kc/pszx/mdps_list_operate.html HTTP/1.1" 200 598
218.81.217.29 - - [18/Nov/2022:09:22:38 +0800] "GET /xingrg/all/function/internal_message.html?_=1668734577169&CODE_STATE=getMsg HTTP/1.1" 200 27
114.83.219.57 - - [18/Nov/2022:09:22:42 +0800] "GET /xingrg/kc/base/wldb_order_operate.html?command=get_materiel&rest_code=00154&base_code=0010726&code=00101029011 HTTP/1.1" 200 478
114.83.219.57 - - [18/Nov/2022:09:22:45 +0800] "GET /xingrg/all/function/internal_message.html?_=1668734687307&CODE_STATE=getMsg HTTP/1.1" 200 27
114.83.219.57 - - [18/Nov/2022:09:22:45 +0800] "POST /xingrg/all/common/load_select.html HTTP/1.1" 200 25
180.162.229.95 - - [18/Nov/2022:09:22:46 +0800] "GET /xingrg/all/function/internal_message.html?_=1668734566413&CODE_STATE=getMsg HTTP/1.1" 200 27
114.83.219.57 - - [18/Nov/2022:09:22:46 +0800] "GET /xingrg/kc/base/wldb_order_operate.html?command=get_materiel_price&rest_code=00154&base_code=0010726&code=00101029011&unit_code=00100157 HTTP/1.1" 200 33
222.70.183.206 - - [18/Nov/2022:09:22:53 +0800] "GET /xingrg/all/function/internal_message.html?_=1668734573039&CODE_STATE=getMsg HTTP/1.1" 200 27
180.162.229.95 - - [18/Nov/2022:09:23:10 +0800] "GET /xingrg/all/function/internal_message.html?_=1668734597947&CODE_STATE=getMsg HTTP/1.1" 200 27
116.238.139.35 - - [18/Nov/2022:09:23:14 +0800] "GET /xingrg/all/function/internal_message.html?_=1668734596552&CODE_STATE=getMsg HTTP/1.1" 200 27
114.95.46.117 - - [18/Nov/2022:09:23:15 +0800] "GET /xingrg/all/function/internal_message.html?_=1668734596348&CODE_STATE=getMsg HTTP/1.1" 200 27
116.235.93.82 - - [18/Nov/2022:09:23:21 +0800] "GET /xingrg/all/function/internal_message.html?_=1668734818951&CODE_STATE=getMsg HTTP/1.1" 200 27
116.235.93.82 - - [18/Nov/2022:09:23:21 +0800] "GET /xingrg/check_reg.html?_=1668734818953 HTTP/1.1" 200 22
116.230.105.139 - - [18/Nov/2022:09:23:24 +0800] "GET /xingrg/all/function/internal_message.html?_=1668734600600&CODE_STATE=getMsg HTTP/1.1" 200 27
120.253.135.82 - - [18/Nov/2022:09:23:29 +0800] "GET /xingrg/all/function/internal_message.html?_=1668734410481&CODE_STATE=getMsg HTTP/1.1" 200 27
114.95.46.117 - - [18/Nov/2022:09:23:30 +0800] "GET /xingrg/all/function/internal_message.html?_=1668734460951&CODE_STATE=getMsg HTTP/1.1" 200 27
180.162.229.95 - - [18/Nov/2022:09:23:38 +0800] "GET /xingrg/kc/buy/cgsh_order_operate.html?command=get_materiel&rest_code=00102&code=00101011005&supplier_code=00100047&order_time=2022-11-18 HTTP/1.1" 200 428
218.81.217.29 - - [18/Nov/2022:09:23:39 +0800] "GET /xingrg/all/function/internal_message.html?_=1668734637483&CODE_STATE=getMsg HTTP/1.1" 200 27
114.83.219.57 - - [18/Nov/2022:09:23:45 +0800] "GET /xingrg/all/function/internal_message.html?_=1668734747310&CODE_STATE=getMsg HTTP/1.1" 200 27
180.162.229.95 - - [18/Nov/2022:09:23:46 +0800] "GET /xingrg/all/function/internal_message.html?_=1668734626407&CODE_STATE=getMsg HTTP/1.1" 200 27
180.162.229.95 - - [18/Nov/2022:09:23:48 +0800] "GET /xingrg/kc/buy/cgsh_order_operate.html?command=get_materiel&rest_code=00102&code=00101011001&supplier_code=00100047&order_time=2022-11-18 HTTP/1.1" 200 423
222.70.183.206 - - [18/Nov/2022:09:23:53 +0800] "GET /xingrg/all/function/internal_message.html?_=1668734633034&CODE_STATE=getMsg HTTP/1.1" 200 27
180.162.229.95 - - [18/Nov/2022:09:23:58 +0800] "GET /xingrg/kc/buy/cgsh_order_operate.html?command=get_materiel&rest_code=00102&code=00101011003&supplier_code=00100047&order_time=2022-11-18 HTTP/1.1" 200 413
180.162.229.95 - - [18/Nov/2022:09:24:08 +0800] "POST /xingrg/kc/buy/cgsh_order_operate.html HTTP/1.1" 200 37
180.162.229.95 - - [18/Nov/2022:09:24:10 +0800] "GET /xingrg/all/function/internal_message.html?_=1668734657947&CODE_STATE=getMsg HTTP/1.1" 200 27
180.162.229.95 - - [18/Nov/2022:09:24:12 +0800] "POST /xingrg/kc/buy/cgsh_order_operate.html HTTP/1.1" 200 12
116.238.139.35 - - [18/Nov/2022:09:24:14 +0800] "GET /xingrg/all/function/internal_message.html?_=1668734656553&CODE_STATE=getMsg HTTP/1.1" 200 27
114.95.46.117 - - [18/Nov/2022:09:24:15 +0800] "GET /xingrg/all/function/internal_message.html?_=1668734656328&CODE_STATE=getMsg HTTP/1.1" 200 27
180.162.229.95 - - [18/Nov/2022:09:24:16 +0800] "GET /xingrg/kc/buy/cgsh_order_info.html?code=212022111806002 HTTP/1.1" 200 64434
180.162.229.95 - - [18/Nov/2022:09:24:16 +0800] "GET /xingrg/javascript/easyui/themes/default/validatebox.css HTTP/1.1" 404 1104
180.162.229.95 - - [18/Nov/2022:09:24:16 +0800] "POST /xingrg/kc/buy/cgsh_order_operate.html HTTP/1.1" 200 1803
116.235.93.82 - - [18/Nov/2022:09:24:21 +0800] "GET /xingrg/all/function/internal_message.html?_=1668734878951&CODE_STATE=getMsg HTTP/1.1" 200 27
180.162.229.95 - - [18/Nov/2022:09:24:21 +0800] "GET /xingrg/kc/print/load_data.html?order_code=212022111806002&kc_code=cgsh&condition= HTTP/1.1" 200 1201
116.230.105.139 - - [18/Nov/2022:09:24:24 +0800] "GET /xingrg/all/function/internal_message.html?_=1668734660585&CODE_STATE=getMsg HTTP/1.1" 200 27
120.253.135.82 - - [18/Nov/2022:09:24:29 +0800] "GET /xingrg/all/function/internal_message.html?_=1668734470484&CODE_STATE=getMsg HTTP/1.1" 200 27
114.95.46.117 - - [18/Nov/2022:09:24:30 +0800] "GET /xingrg/check_reg.html?_=1668734520955 HTTP/1.1" 200 22
114.95.46.117 - - [18/Nov/2022:09:24:30 +0800] "GET /xingrg/all/function/internal_message.html?_=1668734520958&CODE_STATE=getMsg HTTP/1.1" 200 27
180.162.229.95 - - [18/Nov/2022:09:24:33 +0800] "GET /xingrg/kc/buy/cgsh_order_add.html HTTP/1.1" 200 69533
180.162.229.95 - - [18/Nov/2022:09:24:33 +0800] "POST /xingrg/kc/buy/cgsh_order_operate.html HTTP/1.1" 200 8245
180.162.229.95 - - [18/Nov/2022:09:24:33 +0800] "GET /xingrg/javascript/easyui/themes/default/validatebox.css HTTP/1.1" 404 1104
218.81.217.29 - - [18/Nov/2022:09:24:39 +0800] "GET /xingrg/all/function/internal_message.html?_=1668734697489&CODE_STATE=getMsg HTTP/1.1" 200 27
114.83.219.57 - - [18/Nov/2022:09:24:45 +0800] "GET /xingrg/check_reg.html?_=1668734807317 HTTP/1.1" 200 22
114.83.219.57 - - [18/Nov/2022:09:24:45 +0800] "GET /xingrg/all/function/internal_message.html?_=1668734807319&CODE_STATE=getMsg HTTP/1.1" 200 27
180.162.229.95 - - [18/Nov/2022:09:24:46 +0800] "GET /xingrg/all/function/internal_message.html?_=1668734686388&CODE_STATE=getMsg HTTP/1.1" 200 27
222.70.183.206 - - [18/Nov/2022:09:24:53 +0800] "GET /xingrg/all/function/internal_message.html?_=1668734693039&CODE_STATE=getMsg HTTP/1.1" 200 27
222.70.183.206 - - [18/Nov/2022:09:24:53 +0800] "GET /xingrg/check_reg.html?_=1668734693041 HTTP/1.1" 200 22
180.162.229.95 - - [18/Nov/2022:09:25:10 +0800] "GET /xingrg/all/function/internal_message.html?_=1668734717947&CODE_STATE=getMsg HTTP/1.1" 200 27
116.238.139.35 - - [18/Nov/2022:09:25:14 +0800] "GET /xingrg/check_reg.html?_=1668734716552 HTTP/1.1" 200 22
116.238.139.35 - - [18/Nov/2022:09:25:14 +0800] "GET /xingrg/all/function/internal_message.html?_=1668734716555&CODE_STATE=getMsg HTTP/1.1" 200 27
114.84.81.136 - - [18/Nov/2022:09:25:14 +0800] "POST /xingrg/services/DataTransmitService HTTP/1.1" 200 524
116.230.105.139 - - [18/Nov/2022:09:25:14 +0800] "GET /xingrg/check_reg.html?_=1668734711082 HTTP/1.1" 200 22
114.95.46.117 - - [18/Nov/2022:09:25:15 +0800] "GET /xingrg/all/function/internal_message.html?_=1668734716336&CODE_STATE=getMsg HTTP/1.1" 200 27
116.235.93.82 - - [18/Nov/2022:09:25:21 +0800] "GET /xingrg/all/function/internal_message.html?_=1668734938966&CODE_STATE=getMsg HTTP/1.1" 200 27
116.230.105.139 - - [18/Nov/2022:09:25:24 +0800] "GET /xingrg/all/function/internal_message.html?_=1668734720580&CODE_STATE=getMsg HTTP/1.1" 200 27
120.253.135.82 - - [18/Nov/2022:09:25:29 +0800] "GET /xingrg/all/function/internal_message.html?_=1668734530528&CODE_STATE=getMsg HTTP/1.1" 200 27
114.95.46.117 - - [18/Nov/2022:09:25:30 +0800] "GET /xingrg/all/function/internal_message.html?_=1668734580958&CODE_STATE=getMsg HTTP/1.1" 200 27
58.221.95.50 - - [18/Nov/2022:09:25:38 +0800] "GET /xingrg/check_reg.html?_=1668734723496 HTTP/1.1" 302 -
218.81.217.29 - - [18/Nov/2022:09:25:39 +0800] "GET /xingrg/all/function/internal_message.html?_=1668734757761&CODE_STATE=getMsg HTTP/1.1" 200 27
114.83.219.57 - - [18/Nov/2022:09:25:45 +0800] "GET /xingrg/all/function/internal_message.html?_=1668734867299&CODE_STATE=getMsg HTTP/1.1" 200 27
180.162.229.95 - - [18/Nov/2022:09:25:46 +0800] "GET /xingrg/all/function/internal_message.html?_=1668734746363&CODE_STATE=getMsg HTTP/1.1" 200 27
222.70.183.206 - - [18/Nov/2022:09:25:53 +0800] "GET /xingrg/all/function/internal_message.html?_=1668734753040&CODE_STATE=getMsg HTTP/1.1" 200 27
218.81.217.29 - - [18/Nov/2022:09:26:01 +0800] "GET /xingrg/check_reg.html?_=1668734780175 HTTP/1.1" 200 22
114.83.219.57 - - [18/Nov/2022:09:26:10 +0800] "POST /xingrg/kc/base/wldb_order_operate.html HTTP/1.1" 200 37
180.162.229.95 - - [18/Nov/2022:09:26:10 +0800] "GET /xingrg/all/function/internal_message.html?_=1668734777947&CODE_STATE=getMsg HTTP/1.1" 200 27
114.83.219.57 - - [18/Nov/2022:09:26:12 +0800] "POST /xingrg/kc/base/wldb_order_operate.html HTTP/1.1" 200 12
114.83.219.57 - - [18/Nov/2022:09:26:12 +0800] "POST /xingrg/kc/base/wldb_order_operate.html HTTP/1.1" 200 6214
116.238.139.35 - - [18/Nov/2022:09:26:14 +0800] "GET /xingrg/all/function/internal_message.html?_=1668734776541&CODE_STATE=getMsg HTTP/1.1" 200 27
114.95.46.117 - - [18/Nov/2022:09:26:14 +0800] "GET /xingrg/all/function/internal_message.html?_=1668734776307&CODE_STATE=getMsg HTTP/1.1" 200 27
114.95.46.117 - - [18/Nov/2022:09:26:15 +0800] "GET /xingrg/check_reg.html?_=1668734776538 HTTP/1.1" 200 22
114.83.219.57 - - [18/Nov/2022:09:26:15 +0800] "GET /xingrg/kc/base/wldb_order_info.html?code=422022111801424 HTTP/1.1" 200 26269
114.83.219.57 - - [18/Nov/2022:09:26:16 +0800] "GET /xingrg/javascript/easyui/themes/default/validatebox.css HTTP/1.1" 404 1104
114.83.219.57 - - [18/Nov/2022:09:26:16 +0800] "POST /xingrg/kc/base/wldb_order_operate.html HTTP/1.1" 200 4422
116.235.93.82 - - [18/Nov/2022:09:26:21 +0800] "GET /xingrg/all/function/internal_message.html?_=1668734998964&CODE_STATE=getMsg HTTP/1.1" 200 27
116.230.105.139 - - [18/Nov/2022:09:26:24 +0800] "GET /xingrg/all/function/internal_message.html?_=1668734780550&CODE_STATE=getMsg HTTP/1.1" 200 27
120.253.135.82 - - [18/Nov/2022:09:26:28 +0800] "GET /xingrg/check_reg.html?_=1668734589830 HTTP/1.1" 200 22
120.253.135.82 - - [18/Nov/2022:09:26:29 +0800] "GET /xingrg/all/function/internal_message.html?_=1668734590578&CODE_STATE=getMsg HTTP/1.1" 200 27
114.95.46.117 - - [18/Nov/2022:09:26:30 +0800] "GET /xingrg/all/function/internal_message.html?_=1668734640966&CODE_STATE=getMsg HTTP/1.1" 200 27
218.81.217.29 - - [18/Nov/2022:09:26:39 +0800] "GET /xingrg/all/function/internal_message.html?_=1668734817766&CODE_STATE=getMsg HTTP/1.1" 200 27
114.83.219.57 - - [18/Nov/2022:09:26:45 +0800] "GET /xingrg/all/function/internal_message.html?_=1668734927319&CODE_STATE=getMsg HTTP/1.1" 200 27
180.162.229.95 - - [18/Nov/2022:09:26:46 +0800] "GET /xingrg/all/function/internal_message.html?_=1668734806356&CODE_STATE=getMsg HTTP/1.1" 200 27
222.70.183.206 - - [18/Nov/2022:09:26:53 +0800] "GET /xingrg/all/function/internal_message.html?_=1668734813038&CODE_STATE=getMsg HTTP/1.1" 200 27
180.162.229.95 - - [18/Nov/2022:09:27:10 +0800] "GET /xingrg/all/function/internal_message.html?_=1668734837947&CODE_STATE=getMsg HTTP/1.1" 200 27
180.162.229.95 - - [18/Nov/2022:09:27:10 +0800] "GET /xingrg/check_reg.html?_=1668734837949 HTTP/1.1" 200 22
116.238.139.35 - - [18/Nov/2022:09:27:14 +0800] "GET /xingrg/all/function/internal_message.html?_=1668734836541&CODE_STATE=getMsg HTTP/1.1" 200 27
114.95.46.117 - - [18/Nov/2022:09:27:14 +0800] "GET /xingrg/all/function/internal_message.html?_=1668734836284&CODE_STATE=getMsg HTTP/1.1" 200 27
116.235.93.82 - - [18/Nov/2022:09:27:21 +0800] "GET /xingrg/all/function/internal_message.html?_=1668735058989&CODE_STATE=getMsg HTTP/1.1" 200 27
116.230.105.139 - - [18/Nov/2022:09:27:24 +0800] "GET /xingrg/all/function/internal_message.html?_=1668734840535&CODE_STATE=getMsg HTTP/1.1" 200 27
120.253.135.82 - - [18/Nov/2022:09:27:29 +0800] "GET /xingrg/all/function/internal_message.html?_=1668734650588&CODE_STATE=getMsg HTTP/1.1" 200 27
114.95.46.117 - - [18/Nov/2022:09:27:30 +0800] "GET /xingrg/all/function/internal_message.html?_=1668734700981&CODE_STATE=getMsg HTTP/1.1" 200 27
180.162.229.95 - - [18/Nov/2022:09:27:32 +0800] "GET /xingrg/check_reg.html?_=1668734851953 HTTP/1.1" 200 22
218.81.217.29 - - [18/Nov/2022:09:27:39 +0800] "GET /xingrg/all/function/internal_message.html?_=1668734877782&CODE_STATE=getMsg HTTP/1.1" 200 27
114.83.219.57 - - [18/Nov/2022:09:27:45 +0800] "GET /xingrg/all/function/internal_message.html?_=1668734987314&CODE_STATE=getMsg HTTP/1.1" 200 27
180.162.229.95 - - [18/Nov/2022:09:27:46 +0800] "GET /xingrg/all/function/internal_message.html?_=1668734866334&CODE_STATE=getMsg HTTP/1.1" 200 27
222.70.183.206 - - [18/Nov/2022:09:27:53 +0800] "GET /xingrg/all/function/internal_message.html?_=1668734873037&CODE_STATE=getMsg HTTP/1.1" 200 27
180.162.229.95 - - [18/Nov/2022:09:28:10 +0800] "GET /xingrg/all/function/internal_message.html?_=1668734897948&CODE_STATE=getMsg HTTP/1.1" 200 27
116.238.139.35 - - [18/Nov/2022:09:28:14 +0800] "GET /xingrg/all/function/internal_message.html?_=1668734896542&CODE_STATE=getMsg HTTP/1.1" 200 27
114.95.46.117 - - [18/Nov/2022:09:28:14 +0800] "GET /xingrg/all/function/internal_message.html?_=1668734896260&CODE_STATE=getMsg HTTP/1.1" 200 27
116.235.93.82 - - [18/Nov/2022:09:28:21 +0800] "GET /xingrg/check_reg.html?_=1668735118987 HTTP/1.1" 200 22
116.235.93.82 - - [18/Nov/2022:09:28:21 +0800] "GET /xingrg/all/function/internal_message.html?_=1668735118988&CODE_STATE=getMsg HTTP/1.1" 200 27
116.230.105.139 - - [18/Nov/2022:09:28:24 +0800] "GET /xingrg/all/function/internal_message.html?_=1668734900515&CODE_STATE=getMsg HTTP/1.1" 200 27
120.253.135.82 - - [18/Nov/2022:09:28:29 +0800] "GET /xingrg/all/function/internal_message.html?_=1668734710602&CODE_STATE=getMsg HTTP/1.1" 200 27
114.95.46.117 - - [18/Nov/2022:09:28:30 +0800] "GET /xingrg/all/function/internal_message.html?_=1668734760987&CODE_STATE=getMsg HTTP/1.1" 200 27
114.95.46.117 - - [18/Nov/2022:09:28:33 +0800] "POST /xingrg/kc/buy/cgsh_order_operate.html HTTP/1.1" 200 37
114.95.46.117 - - [18/Nov/2022:09:28:35 +0800] "POST /xingrg/kc/buy/cgsh_order_operate.html HTTP/1.1" 200 48757
114.95.46.117 - - [18/Nov/2022:09:28:36 +0800] "GET /xingrg/kc/print/load_data.html?order_code=212022111805999&kc_code=cgsh&condition= HTTP/1.1" 200 18042
218.81.217.29 - - [18/Nov/2022:09:28:39 +0800] "GET /xingrg/all/function/internal_message.html?_=1668734938057&CODE_STATE=getMsg HTTP/1.1" 200 27
114.83.219.57 - - [18/Nov/2022:09:28:45 +0800] "GET /xingrg/all/function/internal_message.html?_=1668735047303&CODE_STATE=getMsg HTTP/1.1" 200 27
180.162.229.95 - - [18/Nov/2022:09:28:46 +0800] "GET /xingrg/all/function/internal_message.html?_=1668734926327&CODE_STATE=getMsg HTTP/1.1" 200 27
222.70.183.206 - - [18/Nov/2022:09:28:53 +0800] "GET /xingrg/all/function/internal_message.html?_=1668734933036&CODE_STATE=getMsg HTTP/1.1" 200 27
114.83.219.57 - - [18/Nov/2022:09:29:02 +0800] "GET /xingrg/javascript/jquery_easy_ui/themes/default/images/tabs_active.png HTTP/1.1" 200 2894
114.83.219.57 - - [18/Nov/2022:09:29:09 +0800] "GET /xingrg/kc/base/wldb_order_add.html HTTP/1.1" 200 30390
180.162.229.95 - - [18/Nov/2022:09:29:10 +0800] "GET /xingrg/all/function/internal_message.html?_=1668734957962&CODE_STATE=getMsg HTTP/1.1" 200 27
114.83.219.57 - - [18/Nov/2022:09:29:10 +0800] "POST /xingrg/kc/base/wldb_order_operate.html HTTP/1.1" 200 6806
114.83.219.57 - - [18/Nov/2022:09:29:10 +0800] "GET /xingrg/javascript/easyui/themes/default/validatebox.css HTTP/1.1" 404 1104
114.83.219.57 - - [18/Nov/2022:09:29:11 +0800] "POST /xingrg/all/common/load_combo.html?type=base HTTP/1.1" 200 1491
116.238.139.35 - - [18/Nov/2022:09:29:14 +0800] "GET /xingrg/all/function/internal_message.html?_=1668734956548&CODE_STATE=getMsg HTTP/1.1" 200 27
114.83.219.57 - - [18/Nov/2022:09:29:14 +0800] "POST /xingrg/all/common/load_combo.html?type=base HTTP/1.1" 200 1491
114.95.46.117 - - [18/Nov/2022:09:29:14 +0800] "GET /xingrg/all/function/internal_message.html?_=1668734956237&CODE_STATE=getMsg HTTP/1.1" 200 27
116.235.93.82 - - [18/Nov/2022:09:29:21 +0800] "GET /xingrg/all/function/internal_message.html?_=1668735178985&CODE_STATE=getMsg HTTP/1.1" 200 27
114.83.219.57 - - [18/Nov/2022:09:29:23 +0800] "GET /xingrg/kc/base/wldb_order_operate.html?command=get_materiel&rest_code=00154&base_code=0010724&code=00101040020 HTTP/1.1" 200 465
116.230.105.139 - - [18/Nov/2022:09:29:24 +0800] "GET /xingrg/all/function/internal_message.html?_=1668734960502&CODE_STATE=getMsg HTTP/1.1" 200 27
114.83.219.57 - - [18/Nov/2022:09:29:25 +0800] "POST /xingrg/all/common/load_select.html HTTP/1.1" 200 25
114.83.219.57 - - [18/Nov/2022:09:29:26 +0800] "GET /xingrg/kc/base/wldb_order_operate.html?command=get_materiel_price&rest_code=00154&base_code=0010724&code=00101040020&unit_code=00100578 HTTP/1.1" 200 36
120.253.135.82 - - [18/Nov/2022:09:29:29 +0800] "GET /xingrg/all/function/internal_message.html?_=1668734770615&CODE_STATE=getMsg HTTP/1.1" 200 27
114.95.46.117 - - [18/Nov/2022:09:29:30 +0800] "GET /xingrg/check_reg.html?_=1668734820972 HTTP/1.1" 200 22
114.95.46.117 - - [18/Nov/2022:09:29:30 +0800] "GET /xingrg/all/function/internal_message.html?_=1668734820975&CODE_STATE=getMsg HTTP/1.1" 200 27
114.83.219.57 - - [18/Nov/2022:09:29:33 +0800] "GET /xingrg/kc/base/wldb_order_operate.html?command=get_materiel&rest_code=00154&base_code=0010724&code=00101040018 HTTP/1.1" 200 473
114.83.219.57 - - [18/Nov/2022:09:29:34 +0800] "POST /xingrg/all/common/load_select.html HTTP/1.1" 200 25
114.83.219.57 - - [18/Nov/2022:09:29:36 +0800] "GET /xingrg/kc/base/wldb_order_operate.html?command=get_materiel_price&rest_code=00154&base_code=0010724&code=00101040018&unit_code=00100578 HTTP/1.1" 200 36
114.95.46.117 - - [18/Nov/2022:09:29:38 +0800] "GET /xingrg/kc/mdqp/pssh_order_list.html HTTP/1.1" 200 17931
114.95.46.117 - - [18/Nov/2022:09:29:38 +0800] "POST /xingrg/kc/mdqp/pssh_list_operate.html HTTP/1.1" 200 5473
114.95.46.117 - - [18/Nov/2022:09:29:39 +0800] "POST /xingrg/kc/mdqp/pssh_list_operate.html HTTP/1.1" 200 776
218.81.217.29 - - [18/Nov/2022:09:29:39 +0800] "GET /xingrg/all/function/internal_message.html?_=1668734998072&CODE_STATE=getMsg HTTP/1.1" 200 27
114.95.46.117 - - [18/Nov/2022:09:29:41 +0800] "POST /xingrg/kc/mdqp/pssh_list_operate.html HTTP/1.1" 200 763
114.95.46.117 - - [18/Nov/2022:09:29:42 +0800] "GET /xingrg/kc/mdqp/pssh_order_info.html?code=312022111600339 HTTP/1.1" 200 14386
114.95.46.117 - - [18/Nov/2022:09:29:42 +0800] "GET /xingrg/javascript/jquery_tools/jquery-1.4.2.min.js HTTP/1.1" 404 1094
114.95.46.117 - - [18/Nov/2022:09:29:42 +0800] "GET /xingrg/javascript/easyui/themes/default/validatebox.css HTTP/1.1" 404 1104
114.95.46.117 - - [18/Nov/2022:09:29:42 +0800] "POST /xingrg/kc/mdqp/pssh_order_operate.html HTTP/1.1" 200 5227
114.83.219.57 - - [18/Nov/2022:09:29:45 +0800] "GET /xingrg/all/function/internal_message.html?_=1668735107306&CODE_STATE=getMsg HTTP/1.1" 200 27
114.83.219.57 - - [18/Nov/2022:09:29:45 +0800] "GET /xingrg/check_reg.html?_=1668735107307 HTTP/1.1" 200 22
180.162.229.95 - - [18/Nov/2022:09:29:46 +0800] "GET /xingrg/all/function/internal_message.html?_=1668734986311&CODE_STATE=getMsg HTTP/1.1" 200 27
114.95.46.117 - - [18/Nov/2022:09:29:52 +0800] "GET /xingrg/kc/base/wldb_order_list.html HTTP/1.1" 200 19101
114.95.46.117 - - [18/Nov/2022:09:29:52 +0800] "POST /xingrg/kc/base/wldb_list_operate.html HTTP/1.1" 200 928
222.70.183.206 - - [18/Nov/2022:09:29:53 +0800] "GET /xingrg/all/function/internal_message.html?_=1668734993036&CODE_STATE=getMsg HTTP/1.1" 200 27
114.95.46.117 - - [18/Nov/2022:09:29:53 +0800] "GET /xingrg/kc/base/wldb_order_add.html HTTP/1.1" 200 30384
222.70.183.206 - - [18/Nov/2022:09:29:53 +0800] "GET /xingrg/check_reg.html?_=1668734993037 HTTP/1.1" 200 22
114.95.46.117 - - [18/Nov/2022:09:29:53 +0800] "POST /xingrg/kc/base/wldb_order_operate.html HTTP/1.1" 200 6806
114.95.46.117 - - [18/Nov/2022:09:29:54 +0800] "GET /xingrg/javascript/easyui/themes/default/validatebox.css HTTP/1.1" 404 1104
114.95.46.117 - - [18/Nov/2022:09:29:55 +0800] "POST /xingrg/all/common/load_combo.html?type=base HTTP/1.1" 200 3409
114.95.46.117 - - [18/Nov/2022:09:30:01 +0800] "GET /xingrg/kc/base/wldb_order_operate.html?command=get_materiel&rest_code=00105&base_code=0010508&code=00102002484 HTTP/1.1" 200 456
180.162.229.95 - - [18/Nov/2022:09:30:10 +0800] "GET /xingrg/all/function/internal_message.html?_=1668735017963&CODE_STATE=getMsg HTTP/1.1" 200 27
