222.70.183.206 - - [18/Nov/2022:09:38:53 +0800] "GET /xingrg/all/function/internal_message.html?_=1668735533065&CODE_STATE=getMsg HTTP/1.1" 200 27
114.95.46.117 - - [18/Nov/2022:09:38:55 +0800] "GET /xingrg/kc/buy/cgsh_order_operate.html?command=get_materiel&rest_code=00105&code=00101010248&supplier_code=00100012&order_time=2022-11-18 HTTP/1.1" 200 430
114.95.46.117 - - [18/Nov/2022:09:38:55 +0800] "POST /xingrg/all/common/load_select.html HTTP/1.1" 200 25
114.95.46.117 - - [18/Nov/2022:09:39:00 +0800] "GET /xingrg/kc/buy/cgsh_order_operate.html?command=get_materiel_price&rest_code=00105&code=00101010248&unit_code=00100043&supplier_code=00100012&order_time=2022-11-18 HTTP/1.1" 200 29
180.169.147.146 - - [18/Nov/2022:09:39:03 +0800] "GET /xingrg/all/function/internal_message.html?_=1668735543992&CODE_STATE=getMsg HTTP/1.1" 200 27
114.95.46.117 - - [18/Nov/2022:09:39:09 +0800] "GET /xingrg/kc/buy/cgsh_order_operate.html?command=get_materiel&rest_code=00105&code=00101006317&supplier_code=00100012&order_time=2022-11-18 HTTP/1.1" 200 413
180.162.229.95 - - [18/Nov/2022:09:39:10 +0800] "GET /xingrg/all/function/internal_message.html?_=1668735557969&CODE_STATE=getMsg HTTP/1.1" 200 27
114.95.46.117 - - [18/Nov/2022:09:39:14 +0800] "GET /xingrg/all/function/internal_message.html?_=1668735555984&CODE_STATE=getMsg HTTP/1.1" 200 27
116.235.93.82 - - [18/Nov/2022:09:39:21 +0800] "GET /xingrg/all/function/internal_message.html?_=1668735778985&CODE_STATE=getMsg HTTP/1.1" 200 27
114.95.46.117 - - [18/Nov/2022:09:39:22 +0800] "GET /xingrg/kc/buy/cgsh_order_operate.html?command=get_materiel&rest_code=00105&code=00101006111&supplier_code=00100012&order_time=2022-11-18 HTTP/1.1" 200 409
116.230.105.139 - - [18/Nov/2022:09:39:23 +0800] "GET /xingrg/all/function/internal_message.html?_=1668735560306&CODE_STATE=getMsg HTTP/1.1" 200 27
114.95.46.117 - - [18/Nov/2022:09:39:25 +0800] "GET /xingrg/javascript/jquery_easy_ui/themes/icons/area.png HTTP/1.1" 304 -
114.95.46.117 - - [18/Nov/2022:09:39:25 +0800] "GET /xingrg/javascript/jquery_easy_ui/themes/icons/rest.png HTTP/1.1" 304 -
114.95.46.117 - - [18/Nov/2022:09:39:25 +0800] "GET /xingrg/javascript/jquery_easy_ui/themes/icons/manage.png HTTP/1.1" 304 -
114.95.46.117 - - [18/Nov/2022:09:39:30 +0800] "GET /xingrg/all/function/internal_message.html?_=1668735420981&CODE_STATE=getMsg HTTP/1.1" 200 27
114.95.46.117 - - [18/Nov/2022:09:39:30 +0800] "GET /xingrg/check_reg.html?_=1668735420984 HTTP/1.1" 200 22
124.79.74.72 - - [18/Nov/2022:09:39:30 +0800] "GET /xingrg/all/function/internal_message.html?_=1668735574873&CODE_STATE=getMsg HTTP/1.1" 200 27
120.253.135.82 - - [18/Nov/2022:09:39:32 +0800] "GET /xingrg/all/function/internal_message.html?_=1668735370827&CODE_STATE=getMsg HTTP/1.1" 200 27
218.81.217.29 - - [18/Nov/2022:09:39:41 +0800] "GET /xingrg/all/function/internal_message.html?_=1668735599393&CODE_STATE=getMsg HTTP/1.1" 200 27
114.83.219.57 - - [18/Nov/2022:09:39:45 +0800] "GET /xingrg/check_reg.html?_=1668735707303 HTTP/1.1" 200 22
114.83.219.57 - - [18/Nov/2022:09:39:45 +0800] "GET /xingrg/all/function/internal_message.html?_=1668735707332&CODE_STATE=getMsg HTTP/1.1" 200 27
116.238.139.35 - - [18/Nov/2022:09:39:45 +0800] "GET /xingrg/all/function/internal_message.html?_=1668735587593&CODE_STATE=getMsg HTTP/1.1" 200 27
180.162.229.95 - - [18/Nov/2022:09:39:46 +0800] "GET /xingrg/all/function/internal_message.html?_=1668735586138&CODE_STATE=getMsg HTTP/1.1" 200 27
222.70.183.206 - - [18/Nov/2022:09:39:53 +0800] "GET /xingrg/check_reg.html?_=1668735593066 HTTP/1.1" 200 22
222.70.183.206 - - [18/Nov/2022:09:39:53 +0800] "GET /xingrg/all/function/internal_message.html?_=1668735593064&CODE_STATE=getMsg HTTP/1.1" 200 27
180.169.147.146 - - [18/Nov/2022:09:40:03 +0800] "GET /xingrg/all/function/internal_message.html?_=1668735603987&CODE_STATE=getMsg HTTP/1.1" 200 27
180.162.229.95 - - [18/Nov/2022:09:40:10 +0800] "GET /xingrg/all/function/internal_message.html?_=1668735617970&CODE_STATE=getMsg HTTP/1.1" 200 27
114.95.46.117 - - [18/Nov/2022:09:40:14 +0800] "GET /xingrg/all/function/internal_message.html?_=1668735615954&CODE_STATE=getMsg HTTP/1.1" 200 27
116.230.105.139 - - [18/Nov/2022:09:40:14 +0800] "GET /xingrg/check_reg.html?_=1668735611087 HTTP/1.1" 200 22
114.95.46.117 - - [18/Nov/2022:09:40:19 +0800] "POST /xingrg/kc/buy/cgsh_order_operate.html HTTP/1.1" 200 37
114.95.46.117 - - [18/Nov/2022:09:40:20 +0800] "POST /xingrg/kc/buy/cgsh_order_operate.html HTTP/1.1" 200 6274
116.235.93.82 - - [18/Nov/2022:09:40:21 +0800] "GET /xingrg/all/function/internal_message.html?_=1668735838985&CODE_STATE=getMsg HTTP/1.1" 200 27
116.230.105.139 - - [18/Nov/2022:09:40:23 +0800] "GET /xingrg/all/function/internal_message.html?_=1668735620284&CODE_STATE=getMsg HTTP/1.1" 200 27
120.253.135.82 - - [18/Nov/2022:09:40:30 +0800] "GET /xingrg/all/function/internal_message.html?_=1668735431357&CODE_STATE=getMsg HTTP/1.1" 200 27
114.95.46.117 - - [18/Nov/2022:09:40:30 +0800] "GET /xingrg/all/function/internal_message.html?_=1668735480987&CODE_STATE=getMsg HTTP/1.1" 200 27
124.79.74.72 - - [18/Nov/2022:09:40:30 +0800] "GET /xingrg/check_reg.html?_=1668735634873 HTTP/1.1" 200 22
124.79.74.72 - - [18/Nov/2022:09:40:30 +0800] "GET /xingrg/all/function/internal_message.html?_=1668735634882&CODE_STATE=getMsg HTTP/1.1" 200 27
58.221.95.50 - - [18/Nov/2022:09:40:38 +0800] "GET /xingrg/check_reg.html?_=1668735623566 HTTP/1.1" 302 -
218.81.217.29 - - [18/Nov/2022:09:40:41 +0800] "GET /xingrg/all/function/internal_message.html?_=1668735659732&CODE_STATE=getMsg HTTP/1.1" 200 27
114.83.219.57 - - [18/Nov/2022:09:40:45 +0800] "GET /xingrg/all/function/internal_message.html?_=1668735767303&CODE_STATE=getMsg HTTP/1.1" 200 27
116.238.139.35 - - [18/Nov/2022:09:40:45 +0800] "GET /xingrg/all/function/internal_message.html?_=1668735647565&CODE_STATE=getMsg HTTP/1.1" 200 27
180.162.229.95 - - [18/Nov/2022:09:40:46 +0800] "GET /xingrg/all/function/internal_message.html?_=1668735646125&CODE_STATE=getMsg HTTP/1.1" 200 27
222.70.183.206 - - [18/Nov/2022:09:40:53 +0800] "GET /xingrg/all/function/internal_message.html?_=1668735653065&CODE_STATE=getMsg HTTP/1.1" 200 27
114.95.46.117 - - [18/Nov/2022:09:40:53 +0800] "POST /xingrg/kc/buy/cgsh_order_operate.html HTTP/1.1" 200 37
114.95.46.117 - - [18/Nov/2022:09:40:55 +0800] "POST /xingrg/kc/buy/cgsh_order_operate.html HTTP/1.1" 200 6274
114.95.46.117 - - [18/Nov/2022:09:40:58 +0800] "POST /xingrg/kc/buy/cgsh_list_operate.html HTTP/1.1" 200 3540
218.81.217.29 - - [18/Nov/2022:09:41:01 +0800] "GET /xingrg/check_reg.html?_=1668735680186 HTTP/1.1" 200 22
180.169.147.146 - - [18/Nov/2022:09:41:03 +0800] "GET /xingrg/check_reg.html?_=1668735663979 HTTP/1.1" 200 22
180.169.147.146 - - [18/Nov/2022:09:41:03 +0800] "GET /xingrg/all/function/internal_message.html?_=1668735663982&CODE_STATE=getMsg HTTP/1.1" 200 27
114.95.46.117 - - [18/Nov/2022:09:41:06 +0800] "GET /xingrg/javascript/jquery_tools/images/next.gif HTTP/1.1" 404 1086
114.95.46.117 - - [18/Nov/2022:09:41:06 +0800] "GET /xingrg/javascript/jquery_tools/images/prev.gif HTTP/1.1" 404 1086
180.162.229.95 - - [18/Nov/2022:09:41:10 +0800] "GET /xingrg/all/function/internal_message.html?_=1668735677972&CODE_STATE=getMsg HTTP/1.1" 200 27
114.95.46.117 - - [18/Nov/2022:09:41:13 +0800] "POST /xingrg/kc/buy/cgsh_list_operate.html HTTP/1.1" 200 6196
114.95.46.117 - - [18/Nov/2022:09:41:14 +0800] "GET /xingrg/all/function/internal_message.html?_=1668735675931&CODE_STATE=getMsg HTTP/1.1" 200 27
114.95.46.117 - - [18/Nov/2022:09:41:15 +0800] "GET /xingrg/check_reg.html?_=1668735676466 HTTP/1.1" 200 22
180.171.128.55 - - [18/Nov/2022:09:41:17 +0800] "POST /xingrg/services/DataTransmitService HTTP/1.1" 200 524
116.235.93.82 - - [18/Nov/2022:09:41:21 +0800] "GET /xingrg/all/function/internal_message.html?_=1668735898985&CODE_STATE=getMsg HTTP/1.1" 200 27
116.230.105.139 - - [18/Nov/2022:09:41:23 +0800] "GET /xingrg/all/function/internal_message.html?_=1668735680269&CODE_STATE=getMsg HTTP/1.1" 200 27
120.253.135.82 - - [18/Nov/2022:09:41:28 +0800] "GET /xingrg/check_reg.html?_=1668735489919 HTTP/1.1" 200 22
114.95.46.117 - - [18/Nov/2022:09:41:29 +0800] "POST /xingrg/kc/buy/cgsh_list_operate.html HTTP/1.1" 200 1883
120.253.135.82 - - [18/Nov/2022:09:41:30 +0800] "GET /xingrg/all/function/internal_message.html?_=1668735491371&CODE_STATE=getMsg HTTP/1.1" 200 27
114.95.46.117 - - [18/Nov/2022:09:41:30 +0800] "GET /xingrg/all/function/internal_message.html?_=1668735540980&CODE_STATE=getMsg HTTP/1.1" 200 27
124.79.74.72 - - [18/Nov/2022:09:41:30 +0800] "GET /xingrg/all/function/internal_message.html?_=1668735694880&CODE_STATE=getMsg HTTP/1.1" 200 27
114.95.46.117 - - [18/Nov/2022:09:41:31 +0800] "POST /xingrg/kc/buy/cgsh_list_operate.html HTTP/1.1" 200 506
114.95.46.117 - - [18/Nov/2022:09:41:37 +0800] "POST /xingrg/kc/buy/cgsh_list_operate.html HTTP/1.1" 200 2330
114.95.46.117 - - [18/Nov/2022:09:41:40 +0800] "POST /xingrg/kc/buy/cgsh_list_operate.html HTTP/1.1" 200 348
218.81.217.29 - - [18/Nov/2022:09:41:41 +0800] "GET /xingrg/all/function/internal_message.html?_=1668735719733&CODE_STATE=getMsg HTTP/1.1" 200 27
114.95.46.117 - - [18/Nov/2022:09:41:43 +0800] "POST /xingrg/kc/buy/cgsh_list_operate.html HTTP/1.1" 200 506
114.83.219.57 - - [18/Nov/2022:09:41:45 +0800] "GET /xingrg/all/function/internal_message.html?_=1668735827292&CODE_STATE=getMsg HTTP/1.1" 200 27
116.238.139.35 - - [18/Nov/2022:09:41:45 +0800] "GET /xingrg/all/function/internal_message.html?_=1668735707550&CODE_STATE=getMsg HTTP/1.1" 200 27
116.238.139.35 - - [18/Nov/2022:09:41:45 +0800] "GET /xingrg/check_reg.html?_=1668735707631 HTTP/1.1" 200 22
180.162.229.95 - - [18/Nov/2022:09:41:46 +0800] "GET /xingrg/all/function/internal_message.html?_=1668735706112&CODE_STATE=getMsg HTTP/1.1" 200 27
114.95.46.117 - - [18/Nov/2022:09:41:49 +0800] "GET /xingrg/kc/buy/cgsh_order_list.html HTTP/1.1" 200 53717
114.95.46.117 - - [18/Nov/2022:09:41:51 +0800] "POST /xingrg/kc/buy/cgsh_list_operate.html HTTP/1.1" 200 3540
222.70.183.206 - - [18/Nov/2022:09:41:53 +0800] "GET /xingrg/all/function/internal_message.html?_=1668735713065&CODE_STATE=getMsg HTTP/1.1" 200 27
114.95.46.117 - - [18/Nov/2022:09:41:55 +0800] "POST /xingrg/kc/buy/cgsh_list_operate.html HTTP/1.1" 200 615
114.95.46.117 - - [18/Nov/2022:09:41:55 +0800] "GET /xingrg/kc/buy/cgsh_order_info.html?code=212022111806004 HTTP/1.1" 200 69589
114.95.46.117 - - [18/Nov/2022:09:41:55 +0800] "GET /xingrg/javascript/easyui/themes/default/validatebox.css HTTP/1.1" 404 1104
114.95.46.117 - - [18/Nov/2022:09:41:56 +0800] "POST /xingrg/kc/buy/cgsh_order_operate.html HTTP/1.1" 200 6274
180.169.147.146 - - [18/Nov/2022:09:42:03 +0800] "GET /xingrg/all/function/internal_message.html?_=1668735723994&CODE_STATE=getMsg HTTP/1.1" 200 27
180.162.229.95 - - [18/Nov/2022:09:42:10 +0800] "GET /xingrg/all/function/internal_message.html?_=1668735737970&CODE_STATE=getMsg HTTP/1.1" 200 27
180.162.229.95 - - [18/Nov/2022:09:42:10 +0800] "GET /xingrg/check_reg.html?_=1668735737971 HTTP/1.1" 200 22
114.95.46.117 - - [18/Nov/2022:09:42:14 +0800] "GET /xingrg/all/function/internal_message.html?_=1668735735907&CODE_STATE=getMsg HTTP/1.1" 200 27
116.235.93.82 - - [18/Nov/2022:09:42:21 +0800] "GET /xingrg/all/function/internal_message.html?_=1668735958983&CODE_STATE=getMsg HTTP/1.1" 200 27
116.230.105.139 - - [18/Nov/2022:09:42:23 +0800] "GET /xingrg/all/function/internal_message.html?_=1668735740268&CODE_STATE=getMsg HTTP/1.1" 200 27
120.253.135.82 - - [18/Nov/2022:09:42:30 +0800] "GET /xingrg/all/function/internal_message.html?_=1668735551384&CODE_STATE=getMsg HTTP/1.1" 200 27
114.95.46.117 - - [18/Nov/2022:09:42:30 +0800] "GET /xingrg/all/function/internal_message.html?_=1668735600981&CODE_STATE=getMsg HTTP/1.1" 200 27
124.79.74.72 - - [18/Nov/2022:09:42:30 +0800] "GET /xingrg/all/function/internal_message.html?_=1668735754867&CODE_STATE=getMsg HTTP/1.1" 200 27
180.162.229.95 - - [18/Nov/2022:09:42:32 +0800] "GET /xingrg/check_reg.html?_=1668735751972 HTTP/1.1" 200 22
218.81.217.29 - - [18/Nov/2022:09:42:41 +0800] "GET /xingrg/all/function/internal_message.html?_=1668735779746&CODE_STATE=getMsg HTTP/1.1" 200 27
114.83.219.57 - - [18/Nov/2022:09:42:45 +0800] "GET /xingrg/all/function/internal_message.html?_=1668735887275&CODE_STATE=getMsg HTTP/1.1" 200 27
116.238.139.35 - - [18/Nov/2022:09:42:45 +0800] "GET /xingrg/all/function/internal_message.html?_=1668735767524&CODE_STATE=getMsg HTTP/1.1" 200 27
180.162.229.95 - - [18/Nov/2022:09:42:46 +0800] "GET /xingrg/all/function/internal_message.html?_=1668735766092&CODE_STATE=getMsg HTTP/1.1" 200 27
222.70.183.206 - - [18/Nov/2022:09:42:53 +0800] "GET /xingrg/all/function/internal_message.html?_=1668735773064&CODE_STATE=getMsg HTTP/1.1" 200 27
180.169.147.146 - - [18/Nov/2022:09:43:03 +0800] "GET /xingrg/all/function/internal_message.html?_=1668735783985&CODE_STATE=getMsg HTTP/1.1" 200 27
180.162.229.95 - - [18/Nov/2022:09:43:10 +0800] "GET /xingrg/all/function/internal_message.html?_=1668735797970&CODE_STATE=getMsg HTTP/1.1" 200 27
114.95.46.117 - - [18/Nov/2022:09:43:14 +0800] "GET /xingrg/all/function/internal_message.html?_=1668735795877&CODE_STATE=getMsg HTTP/1.1" 200 27
116.235.93.82 - - [18/Nov/2022:09:43:21 +0800] "GET /xingrg/all/function/internal_message.html?_=1668736019008&CODE_STATE=getMsg HTTP/1.1" 200 27
116.235.93.82 - - [18/Nov/2022:09:43:21 +0800] "GET /xingrg/check_reg.html?_=1668736019009 HTTP/1.1" 200 22
116.230.105.139 - - [18/Nov/2022:09:43:23 +0800] "GET /xingrg/all/function/internal_message.html?_=1668735800248&CODE_STATE=getMsg HTTP/1.1" 200 27
120.253.135.82 - - [18/Nov/2022:09:43:30 +0800] "GET /xingrg/all/function/internal_message.html?_=1668735611398&CODE_STATE=getMsg HTTP/1.1" 200 27
114.95.46.117 - - [18/Nov/2022:09:43:30 +0800] "GET /xingrg/all/function/internal_message.html?_=1668735660983&CODE_STATE=getMsg HTTP/1.1" 200 27
124.79.74.72 - - [18/Nov/2022:09:43:30 +0800] "GET /xingrg/all/function/internal_message.html?_=1668735814882&CODE_STATE=getMsg HTTP/1.1" 200 27
218.81.217.29 - - [18/Nov/2022:09:43:41 +0800] "GET /xingrg/all/function/internal_message.html?_=1668735840033&CODE_STATE=getMsg HTTP/1.1" 200 27
114.83.219.57 - - [18/Nov/2022:09:43:44 +0800] "GET /xingrg/all/function/internal_message.html?_=1668735947261&CODE_STATE=getMsg HTTP/1.1" 200 27
116.238.139.35 - - [18/Nov/2022:09:43:45 +0800] "GET /xingrg/all/function/internal_message.html?_=1668735827508&CODE_STATE=getMsg HTTP/1.1" 200 27
180.162.229.95 - - [18/Nov/2022:09:43:46 +0800] "GET /xingrg/all/function/internal_message.html?_=1668735826068&CODE_STATE=getMsg HTTP/1.1" 200 27
222.70.183.206 - - [18/Nov/2022:09:43:53 +0800] "GET /xingrg/all/function/internal_message.html?_=1668735833065&CODE_STATE=getMsg HTTP/1.1" 200 27
114.95.46.117 - - [18/Nov/2022:09:43:59 +0800] "POST /xingrg/kc/buy/cgsh_order_operate.html HTTP/1.1" 200 37
114.95.46.117 - - [18/Nov/2022:09:44:01 +0800] "POST /xingrg/kc/buy/cgsh_order_operate.html HTTP/1.1" 200 6273
180.169.147.146 - - [18/Nov/2022:09:44:03 +0800] "GET /xingrg/all/function/internal_message.html?_=1668735844002&CODE_STATE=getMsg HTTP/1.1" 200 27
180.162.229.95 - - [18/Nov/2022:09:44:10 +0800] "GET /xingrg/all/function/internal_message.html?_=1668735857973&CODE_STATE=getMsg HTTP/1.1" 200 27
114.95.46.117 - - [18/Nov/2022:09:44:14 +0800] "GET /xingrg/all/function/internal_message.html?_=1668735855866&CODE_STATE=getMsg HTTP/1.1" 200 27
116.235.93.82 - - [18/Nov/2022:09:44:21 +0800] "GET /xingrg/all/function/internal_message.html?_=1668736079006&CODE_STATE=getMsg HTTP/1.1" 200 27
116.230.105.139 - - [18/Nov/2022:09:44:23 +0800] "GET /xingrg/all/function/internal_message.html?_=1668735860230&CODE_STATE=getMsg HTTP/1.1" 200 27
120.253.135.82 - - [18/Nov/2022:09:44:30 +0800] "GET /xingrg/all/function/internal_message.html?_=1668735671445&CODE_STATE=getMsg HTTP/1.1" 200 27
114.95.46.117 - - [18/Nov/2022:09:44:30 +0800] "GET /xingrg/check_reg.html?_=1668735720988 HTTP/1.1" 200 22
114.95.46.117 - - [18/Nov/2022:09:44:30 +0800] "GET /xingrg/all/function/internal_message.html?_=1668735720991&CODE_STATE=getMsg HTTP/1.1" 200 27
124.79.74.72 - - [18/Nov/2022:09:44:30 +0800] "GET /xingrg/all/function/internal_message.html?_=1668735874898&CODE_STATE=getMsg HTTP/1.1" 200 27
218.81.217.29 - - [18/Nov/2022:09:44:41 +0800] "GET /xingrg/all/function/internal_message.html?_=1668735900038&CODE_STATE=getMsg HTTP/1.1" 200 27
114.83.219.57 - - [18/Nov/2022:09:44:44 +0800] "GET /xingrg/all/function/internal_message.html?_=1668736007256&CODE_STATE=getMsg HTTP/1.1" 200 27
116.238.139.35 - - [18/Nov/2022:09:44:44 +0800] "GET /xingrg/all/function/internal_message.html?_=1668735887496&CODE_STATE=getMsg HTTP/1.1" 200 27
114.83.219.57 - - [18/Nov/2022:09:44:45 +0800] "GET /xingrg/check_reg.html?_=1668736007314 HTTP/1.1" 200 22
180.162.229.95 - - [18/Nov/2022:09:44:46 +0800] "GET /xingrg/all/function/internal_message.html?_=1668735886051&CODE_STATE=getMsg HTTP/1.1" 200 27
222.70.183.206 - - [18/Nov/2022:09:44:53 +0800] "GET /xingrg/check_reg.html?_=1668735893065 HTTP/1.1" 200 22
222.70.183.206 - - [18/Nov/2022:09:44:53 +0800] "GET /xingrg/all/function/internal_message.html?_=1668735893064&CODE_STATE=getMsg HTTP/1.1" 200 27
180.169.147.146 - - [18/Nov/2022:09:45:03 +0800] "GET /xingrg/all/function/internal_message.html?_=1668735904002&CODE_STATE=getMsg HTTP/1.1" 200 27
180.162.229.95 - - [18/Nov/2022:09:45:10 +0800] "GET /xingrg/all/function/internal_message.html?_=1668735917987&CODE_STATE=getMsg HTTP/1.1" 200 27
114.95.46.117 - - [18/Nov/2022:09:45:14 +0800] "GET /xingrg/all/function/internal_message.html?_=1668735915824&CODE_STATE=getMsg HTTP/1.1" 200 27
116.230.105.139 - - [18/Nov/2022:09:45:14 +0800] "GET /xingrg/check_reg.html?_=1668735911087 HTTP/1.1" 200 22
114.95.46.117 - - [18/Nov/2022:09:45:16 +0800] "POST /xingrg/kc/buy/cgsh_order_operate.html HTTP/1.1" 200 37
114.95.46.117 - - [18/Nov/2022:09:45:18 +0800] "POST /xingrg/kc/buy/cgsh_order_operate.html HTTP/1.1" 200 6273
114.95.46.117 - - [18/Nov/2022:09:45:19 +0800] "GET /xingrg/kc/print/load_data.html?order_code=212022111806004&kc_code=cgsh&condition= HTTP/1.1" 200 2182
116.235.93.82 - - [18/Nov/2022:09:45:21 +0800] "GET /xingrg/all/function/internal_message.html?_=1668736139004&CODE_STATE=getMsg HTTP/1.1" 200 27
116.230.105.139 - - [18/Nov/2022:09:45:23 +0800] "GET /xingrg/all/function/internal_message.html?_=1668735920228&CODE_STATE=getMsg HTTP/1.1" 200 27
120.253.135.82 - - [18/Nov/2022:09:45:30 +0800] "GET /xingrg/all/function/internal_message.html?_=1668735731457&CODE_STATE=getMsg HTTP/1.1" 200 27
114.95.46.117 - - [18/Nov/2022:09:45:30 +0800] "GET /xingrg/all/function/internal_message.html?_=1668735780978&CODE_STATE=getMsg HTTP/1.1" 200 27
124.79.74.72 - - [18/Nov/2022:09:45:30 +0800] "GET /xingrg/check_reg.html?_=1668735934905 HTTP/1.1" 200 22
124.79.74.72 - - [18/Nov/2022:09:45:30 +0800] "GET /xingrg/all/function/internal_message.html?_=1668735934915&CODE_STATE=getMsg HTTP/1.1" 200 27
58.221.95.50 - - [18/Nov/2022:09:45:38 +0800] "GET /xingrg/check_reg.html?_=1668735923610 HTTP/1.1" 302 -
218.81.217.29 - - [18/Nov/2022:09:45:42 +0800] "GET /xingrg/all/function/internal_message.html?_=1668735960394&CODE_STATE=getMsg HTTP/1.1" 200 27
114.83.219.57 - - [18/Nov/2022:09:45:44 +0800] "GET /xingrg/all/function/internal_message.html?_=1668736067246&CODE_STATE=getMsg HTTP/1.1" 200 27
116.238.139.35 - - [18/Nov/2022:09:45:44 +0800] "GET /xingrg/all/function/internal_message.html?_=1668735947480&CODE_STATE=getMsg HTTP/1.1" 200 27
180.162.229.95 - - [18/Nov/2022:09:45:46 +0800] "GET /xingrg/all/function/internal_message.html?_=1668735946027&CODE_STATE=getMsg HTTP/1.1" 200 27
114.95.46.117 - - [18/Nov/2022:09:45:49 +0800] "GET /xingrg/kc/base/wldb_order_list.html HTTP/1.1" 200 19101
114.95.46.117 - - [18/Nov/2022:09:45:49 +0800] "POST /xingrg/kc/base/wldb_list_operate.html HTTP/1.1" 200 928
222.70.183.206 - - [18/Nov/2022:09:45:53 +0800] "GET /xingrg/all/function/internal_message.html?_=1668735953066&CODE_STATE=getMsg HTTP/1.1" 200 27
218.81.217.29 - - [18/Nov/2022:09:46:01 +0800] "GET /xingrg/check_reg.html?_=1668735980192 HTTP/1.1" 200 22
180.169.147.146 - - [18/Nov/2022:09:46:03 +0800] "GET /xingrg/check_reg.html?_=1668735963994 HTTP/1.1" 200 22
180.169.147.146 - - [18/Nov/2022:09:46:03 +0800] "GET /xingrg/all/function/internal_message.html?_=1668735963996&CODE_STATE=getMsg HTTP/1.1" 200 27
180.162.229.95 - - [18/Nov/2022:09:46:10 +0800] "GET /xingrg/all/function/internal_message.html?_=1668735977989&CODE_STATE=getMsg HTTP/1.1" 200 27
114.95.46.117 - - [18/Nov/2022:09:46:14 +0800] "GET /xingrg/all/function/internal_message.html?_=1668735975829&CODE_STATE=getMsg HTTP/1.1" 200 27
114.95.46.117 - - [18/Nov/2022:09:46:15 +0800] "GET /xingrg/check_reg.html?_=1668735976454 HTTP/1.1" 200 22
116.235.93.82 - - [18/Nov/2022:09:46:21 +0800] "GET /xingrg/all/function/internal_message.html?_=1668736199003&CODE_STATE=getMsg HTTP/1.1" 200 27
116.230.105.139 - - [18/Nov/2022:09:46:23 +0800] "GET /xingrg/all/function/internal_message.html?_=1668735980204&CODE_STATE=getMsg HTTP/1.1" 200 27
120.253.135.82 - - [18/Nov/2022:09:46:28 +0800] "GET /xingrg/check_reg.html?_=1668735789966 HTTP/1.1" 200 22
120.253.135.82 - - [18/Nov/2022:09:46:30 +0800] "GET /xingrg/all/function/internal_message.html?_=1668735791471&CODE_STATE=getMsg HTTP/1.1" 200 27
114.95.46.117 - - [18/Nov/2022:09:46:30 +0800] "GET /xingrg/all/function/internal_message.html?_=1668735840984&CODE_STATE=getMsg HTTP/1.1" 200 27
124.79.74.72 - - [18/Nov/2022:09:46:30 +0800] "GET /xingrg/all/function/internal_message.html?_=1668735994912&CODE_STATE=getMsg HTTP/1.1" 200 27
218.81.217.29 - - [18/Nov/2022:09:46:42 +0800] "GET /xingrg/all/function/internal_message.html?_=1668736020410&CODE_STATE=getMsg HTTP/1.1" 200 27
116.238.139.35 - - [18/Nov/2022:09:46:44 +0800] "GET /xingrg/all/function/internal_message.html?_=1668736007451&CODE_STATE=getMsg HTTP/1.1" 200 27
114.83.219.57 - - [18/Nov/2022:09:46:44 +0800] "GET /xingrg/all/function/internal_message.html?_=1668736127246&CODE_STATE=getMsg HTTP/1.1" 200 27
116.238.139.35 - - [18/Nov/2022:09:46:45 +0800] "GET /xingrg/check_reg.html?_=1668736007611 HTTP/1.1" 200 22
180.162.229.95 - - [18/Nov/2022:09:46:46 +0800] "GET /xingrg/all/function/internal_message.html?_=1668736006009&CODE_STATE=getMsg HTTP/1.1" 200 27
222.70.183.206 - - [18/Nov/2022:09:46:53 +0800] "GET /xingrg/all/function/internal_message.html?_=1668736013065&CODE_STATE=getMsg HTTP/1.1" 200 27
180.169.147.146 - - [18/Nov/2022:09:47:03 +0800] "GET /xingrg/all/function/internal_message.html?_=1668736024000&CODE_STATE=getMsg HTTP/1.1" 200 27
114.95.46.117 - - [18/Nov/2022:09:47:08 +0800] "GET /xingrg/kc/base/wldb_order_add.html HTTP/1.1" 200 30384
114.95.46.117 - - [18/Nov/2022:09:47:08 +0800] "POST /xingrg/kc/base/wldb_order_operate.html HTTP/1.1" 200 6806
114.95.46.117 - - [18/Nov/2022:09:47:08 +0800] "GET /xingrg/javascript/easyui/themes/default/validatebox.css HTTP/1.1" 404 1104
180.162.229.95 - - [18/Nov/2022:09:47:10 +0800] "GET /xingrg/check_reg.html?_=1668736037989 HTTP/1.1" 200 22
180.162.229.95 - - [18/Nov/2022:09:47:10 +0800] "GET /xingrg/all/function/internal_message.html?_=1668736037992&CODE_STATE=getMsg HTTP/1.1" 200 27
114.95.46.117 - - [18/Nov/2022:09:47:10 +0800] "POST /xingrg/all/common/load_combo.html?type=base HTTP/1.1" 200 3409
114.95.46.117 - - [18/Nov/2022:09:47:14 +0800] "GET /xingrg/all/function/internal_message.html?_=1668736035787&CODE_STATE=getMsg HTTP/1.1" 200 27
114.95.46.117 - - [18/Nov/2022:09:47:16 +0800] "GET /xingrg/kc/base/wldb_order_operate.html?command=get_materiel&rest_code=00105&base_code=0010508&code=00102002367 HTTP/1.1" 200 429
116.235.93.82 - - [18/Nov/2022:09:47:21 +0800] "GET /xingrg/all/function/internal_message.html?_=1668736259018&CODE_STATE=getMsg HTTP/1.1" 200 27
114.95.46.117 - - [18/Nov/2022:09:47:23 +0800] "GET /xingrg/kc/base/wldb_order_operate.html?command=get_materiel&rest_code=00105&base_code=0010508&code=00102002150 HTTP/1.1" 200 447
116.230.105.139 - - [18/Nov/2022:09:47:23 +0800] "GET /xingrg/all/function/internal_message.html?_=1668736040191&CODE_STATE=getMsg HTTP/1.1" 200 27
114.95.46.117 - - [18/Nov/2022:09:47:29 +0800] "GET /xingrg/kc/base/wldb_order_operate.html?command=get_materiel&rest_code=00105&base_code=0010508&code=00102002029 HTTP/1.1" 200 469
120.253.135.82 - - [18/Nov/2022:09:47:30 +0800] "GET /xingrg/all/function/internal_message.html?_=1668735851483&CODE_STATE=getMsg HTTP/1.1" 200 27
114.95.46.117 - - [18/Nov/2022:09:47:30 +0800] "GET /xingrg/all/function/internal_message.html?_=1668735900993&CODE_STATE=getMsg HTTP/1.1" 200 27
124.79.74.72 - - [18/Nov/2022:09:47:30 +0800] "GET /xingrg/all/function/internal_message.html?_=1668736054897&CODE_STATE=getMsg HTTP/1.1" 200 27
180.162.229.95 - - [18/Nov/2022:09:47:32 +0800] "GET /xingrg/check_reg.html?_=1668736051968 HTTP/1.1" 200 22
218.81.217.29 - - [18/Nov/2022:09:47:42 +0800] "GET /xingrg/all/function/internal_message.html?_=1668736080423&CODE_STATE=getMsg HTTP/1.1" 200 27
116.238.139.35 - - [18/Nov/2022:09:47:44 +0800] "GET /xingrg/all/function/internal_message.html?_=1668736067424&CODE_STATE=getMsg HTTP/1.1" 200 27
114.83.219.57 - - [18/Nov/2022:09:47:44 +0800] "GET /xingrg/all/function/internal_message.html?_=1668736187228&CODE_STATE=getMsg HTTP/1.1" 200 27
180.162.229.95 - - [18/Nov/2022:09:47:46 +0800] "GET /xingrg/all/function/internal_message.html?_=1668736066000&CODE_STATE=getMsg HTTP/1.1" 200 27
114.95.46.117 - - [18/Nov/2022:09:47:48 +0800] "GET /favicon.ico HTTP/1.1" 404 -
222.70.183.206 - - [18/Nov/2022:09:47:53 +0800] "GET /xingrg/all/function/internal_message.html?_=1668736073066&CODE_STATE=getMsg HTTP/1.1" 200 27
180.169.147.146 - - [18/Nov/2022:09:48:03 +0800] "GET /xingrg/all/function/internal_message.html?_=1668736084002&CODE_STATE=getMsg HTTP/1.1" 200 27
180.162.229.95 - - [18/Nov/2022:09:48:10 +0800] "GET /xingrg/all/function/internal_message.html?_=1668736097989&CODE_STATE=getMsg HTTP/1.1" 200 27
114.95.46.117 - - [18/Nov/2022:09:48:14 +0800] "GET /xingrg/all/function/internal_message.html?_=1668736095790&CODE_STATE=getMsg HTTP/1.1" 200 27
116.235.93.82 - - [18/Nov/2022:09:48:21 +0800] "GET /xingrg/check_reg.html?_=1668736319017 HTTP/1.1" 200 22
116.235.93.82 - - [18/Nov/2022:09:48:21 +0800] "GET /xingrg/all/function/internal_message.html?_=1668736319018&CODE_STATE=getMsg HTTP/1.1" 200 27
116.230.105.139 - - [18/Nov/2022:09:48:23 +0800] "GET /xingrg/all/function/internal_message.html?_=1668736100161&CODE_STATE=getMsg HTTP/1.1" 200 27
120.253.135.82 - - [18/Nov/2022:09:48:30 +0800] "GET /xingrg/all/function/internal_message.html?_=1668735911497&CODE_STATE=getMsg HTTP/1.1" 200 27
114.95.46.117 - - [18/Nov/2022:09:48:30 +0800] "GET /xingrg/all/function/internal_message.html?_=1668735960978&CODE_STATE=getMsg HTTP/1.1" 200 27
124.79.74.72 - - [18/Nov/2022:09:48:30 +0800] "GET /xingrg/all/function/internal_message.html?_=1668736114898&CODE_STATE=getMsg HTTP/1.1" 200 27
218.81.217.29 - - [18/Nov/2022:09:48:42 +0800] "GET /xingrg/all/function/internal_message.html?_=1668736140697&CODE_STATE=getMsg HTTP/1.1" 200 27
116.238.139.35 - - [18/Nov/2022:09:48:44 +0800] "GET /xingrg/all/function/internal_message.html?_=1668736127413&CODE_STATE=getMsg HTTP/1.1" 200 27
114.83.219.57 - - [18/Nov/2022:09:48:44 +0800] "GET /xingrg/all/function/internal_message.html?_=1668736247207&CODE_STATE=getMsg HTTP/1.1" 200 27
180.162.229.95 - - [18/Nov/2022:09:48:46 +0800] "GET /xingrg/all/function/internal_message.html?_=1668736125988&CODE_STATE=getMsg HTTP/1.1" 200 27
114.95.46.117 - - [18/Nov/2022:09:48:53 +0800] "POST /xingrg/services/DataTransmitService HTTP/1.1" 200 524
222.70.183.206 - - [18/Nov/2022:09:48:53 +0800] "GET /xingrg/all/function/internal_message.html?_=1668736133068&CODE_STATE=getMsg HTTP/1.1" 200 27
180.169.147.146 - - [18/Nov/2022:09:49:03 +0800] "GET /xingrg/all/function/internal_message.html?_=1668736143996&CODE_STATE=getMsg HTTP/1.1" 200 27
180.162.229.95 - - [18/Nov/2022:09:49:10 +0800] "GET /xingrg/all/function/internal_message.html?_=1668736157988&CODE_STATE=getMsg HTTP/1.1" 200 27
114.95.46.117 - - [18/Nov/2022:09:49:14 +0800] "GET /xingrg/all/function/internal_message.html?_=1668736155740&CODE_STATE=getMsg HTTP/1.1" 200 27
116.235.93.82 - - [18/Nov/2022:09:49:21 +0800] "GET /xingrg/all/function/internal_message.html?_=1668736379016&CODE_STATE=getMsg HTTP/1.1" 200 27
116.230.105.139 - - [18/Nov/2022:09:49:23 +0800] "GET /xingrg/all/function/internal_message.html?_=1668736160134&CODE_STATE=getMsg HTTP/1.1" 200 27
120.253.135.82 - - [18/Nov/2022:09:49:30 +0800] "GET /xingrg/all/function/internal_message.html?_=1668735971553&CODE_STATE=getMsg HTTP/1.1" 200 27
114.95.46.117 - - [18/Nov/2022:09:49:30 +0800] "GET /xingrg/all/function/internal_message.html?_=1668736020988&CODE_STATE=getMsg HTTP/1.1" 200 27
114.95.46.117 - - [18/Nov/2022:09:49:30 +0800] "GET /xingrg/check_reg.html?_=1668736020991 HTTP/1.1" 200 22
124.79.74.72 - - [18/Nov/2022:09:49:30 +0800] "GET /xingrg/all/function/internal_message.html?_=1668736174896&CODE_STATE=getMsg HTTP/1.1" 200 27
218.81.217.29 - - [18/Nov/2022:09:49:42 +0800] "GET /xingrg/all/function/internal_message.html?_=1668736200700&CODE_STATE=getMsg HTTP/1.1" 200 27
116.238.139.35 - - [18/Nov/2022:09:49:44 +0800] "GET /xingrg/all/function/internal_message.html?_=1668736187394&CODE_STATE=getMsg HTTP/1.1" 200 27
114.83.219.57 - - [18/Nov/2022:09:49:44 +0800] "GET /xingrg/all/function/internal_message.html?_=1668736307189&CODE_STATE=getMsg HTTP/1.1" 200 27
114.83.219.57 - - [18/Nov/2022:09:49:45 +0800] "GET /xingrg/check_reg.html?_=1668736307315 HTTP/1.1" 200 22
180.162.229.95 - - [18/Nov/2022:09:49:46 +0800] "GET /xingrg/all/function/internal_message.html?_=1668736185988&CODE_STATE=getMsg HTTP/1.1" 200 27
222.70.183.206 - - [18/Nov/2022:09:49:53 +0800] "GET /xingrg/check_reg.html?_=1668736193066 HTTP/1.1" 200 22
222.70.183.206 - - [18/Nov/2022:09:49:53 +0800] "GET /xingrg/all/function/internal_message.html?_=1668736193067&CODE_STATE=getMsg HTTP/1.1" 200 27
180.169.147.146 - - [18/Nov/2022:09:50:03 +0800] "GET /xingrg/all/function/internal_message.html?_=1668736203994&CODE_STATE=getMsg HTTP/1.1" 200 27
180.162.229.95 - - [18/Nov/2022:09:50:10 +0800] "GET /xingrg/all/function/internal_message.html?_=1668736217990&CODE_STATE=getMsg HTTP/1.1" 200 27
114.95.46.117 - - [18/Nov/2022:09:50:14 +0800] "GET /xingrg/all/function/internal_message.html?_=1668736215711&CODE_STATE=getMsg HTTP/1.1" 200 27
116.230.105.139 - - [18/Nov/2022:09:50:14 +0800] "GET /xingrg/check_reg.html?_=1668736211083 HTTP/1.1" 200 22
116.235.93.82 - - [18/Nov/2022:09:50:21 +0800] "GET /xingrg/all/function/internal_message.html?_=1668736439014&CODE_STATE=getMsg HTTP/1.1" 200 27
116.230.105.139 - - [18/Nov/2022:09:50:23 +0800] "GET /xingrg/all/function/internal_message.html?_=1668736220119&CODE_STATE=getMsg HTTP/1.1" 200 27
120.253.135.82 - - [18/Nov/2022:09:50:30 +0800] "GET /xingrg/all/function/internal_message.html?_=1668736031556&CODE_STATE=getMsg HTTP/1.1" 200 27
114.95.46.117 - - [18/Nov/2022:09:50:30 +0800] "GET /xingrg/all/function/internal_message.html?_=1668736081009&CODE_STATE=getMsg HTTP/1.1" 200 27
124.79.74.72 - - [18/Nov/2022:09:50:30 +0800] "GET /xingrg/all/function/internal_message.html?_=1668736234897&CODE_STATE=getMsg HTTP/1.1" 200 27
124.79.74.72 - - [18/Nov/2022:09:50:30 +0800] "GET /xingrg/check_reg.html?_=1668736234907 HTTP/1.1" 200 22
58.221.95.50 - - [18/Nov/2022:09:50:38 +0800] "GET /xingrg/check_reg.html?_=1668736223700 HTTP/1.1" 302 -
218.81.217.29 - - [18/Nov/2022:09:50:42 +0800] "GET /xingrg/all/function/internal_message.html?_=1668736261005&CODE_STATE=getMsg HTTP/1.1" 200 27
116.238.139.35 - - [18/Nov/2022:09:50:44 +0800] "GET /xingrg/all/function/internal_message.html?_=1668736247364&CODE_STATE=getMsg HTTP/1.1" 200 27
114.83.219.57 - - [18/Nov/2022:09:50:44 +0800] "GET /xingrg/all/function/internal_message.html?_=1668736367170&CODE_STATE=getMsg HTTP/1.1" 200 27
180.162.229.95 - - [18/Nov/2022:09:50:46 +0800] "GET /xingrg/all/function/internal_message.html?_=1668736245973&CODE_STATE=getMsg HTTP/1.1" 200 27
222.70.183.206 - - [18/Nov/2022:09:50:53 +0800] "GET /xingrg/all/function/internal_message.html?_=1668736253065&CODE_STATE=getMsg HTTP/1.1" 200 27
218.81.217.29 - - [18/Nov/2022:09:51:01 +0800] "GET /xingrg/check_reg.html?_=1668736280198 HTTP/1.1" 200 22
180.169.147.146 - - [18/Nov/2022:09:51:03 +0800] "GET /xingrg/all/function/internal_message.html?_=1668736263987&CODE_STATE=getMsg HTTP/1.1" 200 27
180.169.147.146 - - [18/Nov/2022:09:51:03 +0800] "GET /xingrg/check_reg.html?_=1668736263992 HTTP/1.1" 200 22
180.162.229.95 - - [18/Nov/2022:09:51:10 +0800] "GET /xingrg/all/function/internal_message.html?_=1668736277988&CODE_STATE=getMsg HTTP/1.1" 200 27
114.95.46.117 - - [18/Nov/2022:09:51:14 +0800] "GET /xingrg/all/function/internal_message.html?_=1668736275683&CODE_STATE=getMsg HTTP/1.1" 200 27
114.95.46.117 - - [18/Nov/2022:09:51:15 +0800] "GET /xingrg/check_reg.html?_=1668736276434 HTTP/1.1" 200 22
116.235.93.82 - - [18/Nov/2022:09:51:21 +0800] "GET /xingrg/all/function/internal_message.html?_=1668736499012&CODE_STATE=getMsg HTTP/1.1" 200 27
116.230.105.139 - - [18/Nov/2022:09:51:23 +0800] "GET /xingrg/all/function/internal_message.html?_=1668736280116&CODE_STATE=getMsg HTTP/1.1" 200 27
120.253.135.82 - - [18/Nov/2022:09:51:29 +0800] "GET /xingrg/check_reg.html?_=1668736090007 HTTP/1.1" 200 22
120.253.135.82 - - [18/Nov/2022:09:51:30 +0800] "GET /xingrg/all/function/internal_message.html?_=1668736091569&CODE_STATE=getMsg HTTP/1.1" 200 27
114.95.46.117 - - [18/Nov/2022:09:51:30 +0800] "GET /xingrg/all/function/internal_message.html?_=1668736141017&CODE_STATE=getMsg HTTP/1.1" 200 27
124.79.74.72 - - [18/Nov/2022:09:51:30 +0800] "GET /xingrg/all/function/internal_message.html?_=1668736294882&CODE_STATE=getMsg HTTP/1.1" 200 27
218.81.217.29 - - [18/Nov/2022:09:51:42 +0800] "GET /xingrg/all/function/internal_message.html?_=1668736321008&CODE_STATE=getMsg HTTP/1.1" 200 27
116.238.139.35 - - [18/Nov/2022:09:51:44 +0800] "GET /xingrg/all/function/internal_message.html?_=1668736307350&CODE_STATE=getMsg HTTP/1.1" 200 27
114.83.219.57 - - [18/Nov/2022:09:51:44 +0800] "GET /xingrg/all/function/internal_message.html?_=1668736427146&CODE_STATE=getMsg HTTP/1.1" 200 27
116.238.139.35 - - [18/Nov/2022:09:51:45 +0800] "GET /xingrg/check_reg.html?_=1668736307589 HTTP/1.1" 200 22
180.162.229.95 - - [18/Nov/2022:09:51:46 +0800] "GET /xingrg/all/function/internal_message.html?_=1668736305960&CODE_STATE=getMsg HTTP/1.1" 200 27
222.70.183.206 - - [18/Nov/2022:09:51:53 +0800] "GET /xingrg/all/function/internal_message.html?_=1668736313065&CODE_STATE=getMsg HTTP/1.1" 200 27
180.169.147.146 - - [18/Nov/2022:09:52:03 +0800] "GET /xingrg/all/function/internal_message.html?_=1668736323993&CODE_STATE=getMsg HTTP/1.1" 200 27
180.162.229.95 - - [18/Nov/2022:09:52:10 +0800] "GET /xingrg/check_reg.html?_=1668736337988 HTTP/1.1" 200 22
180.162.229.95 - - [18/Nov/2022:09:52:10 +0800] "GET /xingrg/all/function/internal_message.html?_=1668736337986&CODE_STATE=getMsg HTTP/1.1" 200 27
114.95.46.117 - - [18/Nov/2022:09:52:14 +0800] "GET /xingrg/all/function/internal_message.html?_=1668736335652&CODE_STATE=getMsg HTTP/1.1" 200 27
116.235.93.82 - - [18/Nov/2022:09:52:21 +0800] "GET /xingrg/all/function/internal_message.html?_=1668736559010&CODE_STATE=getMsg HTTP/1.1" 200 27
116.230.105.139 - - [18/Nov/2022:09:52:23 +0800] "GET /xingrg/all/function/internal_message.html?_=1668736340102&CODE_STATE=getMsg HTTP/1.1" 200 27
120.253.135.82 - - [18/Nov/2022:09:52:30 +0800] "GET /xingrg/all/function/internal_message.html?_=1668736151582&CODE_STATE=getMsg HTTP/1.1" 200 27
114.95.46.117 - - [18/Nov/2022:09:52:30 +0800] "GET /xingrg/all/function/internal_message.html?_=1668736201002&CODE_STATE=getMsg HTTP/1.1" 200 27
124.79.74.72 - - [18/Nov/2022:09:52:30 +0800] "GET /xingrg/all/function/internal_message.html?_=1668736354889&CODE_STATE=getMsg HTTP/1.1" 200 27
180.162.229.95 - - [18/Nov/2022:09:52:32 +0800] "GET /xingrg/check_reg.html?_=1668736351965 HTTP/1.1" 200 22
218.81.217.29 - - [18/Nov/2022:09:52:42 +0800] "GET /xingrg/all/function/internal_message.html?_=1668736381022&CODE_STATE=getMsg HTTP/1.1" 200 27
116.238.139.35 - - [18/Nov/2022:09:52:44 +0800] "GET /xingrg/all/function/internal_message.html?_=1668736367322&CODE_STATE=getMsg HTTP/1.1" 200 27
114.83.219.57 - - [18/Nov/2022:09:52:44 +0800] "GET /xingrg/all/function/internal_message.html?_=1668736487127&CODE_STATE=getMsg HTTP/1.1" 200 27
180.162.229.95 - - [18/Nov/2022:09:52:46 +0800] "GET /xingrg/all/function/internal_message.html?_=1668736365942&CODE_STATE=getMsg HTTP/1.1" 200 27
222.70.183.206 - - [18/Nov/2022:09:52:53 +0800] "GET /xingrg/all/function/internal_message.html?_=1668736373065&CODE_STATE=getMsg HTTP/1.1" 200 27
180.169.147.146 - - [18/Nov/2022:09:53:03 +0800] "GET /xingrg/all/function/internal_message.html?_=1668736383995&CODE_STATE=getMsg HTTP/1.1" 200 27
180.162.229.95 - - [18/Nov/2022:09:53:10 +0800] "GET /xingrg/all/function/internal_message.html?_=1668736397988&CODE_STATE=getMsg HTTP/1.1" 200 27
114.95.46.117 - - [18/Nov/2022:09:53:14 +0800] "GET /xingrg/all/function/internal_message.html?_=1668736395629&CODE_STATE=getMsg HTTP/1.1" 200 27
116.235.93.82 - - [18/Nov/2022:09:53:21 +0800] "GET /xingrg/all/function/internal_message.html?_=1668736619008&CODE_STATE=getMsg HTTP/1.1" 200 27
116.235.93.82 - - [18/Nov/2022:09:53:21 +0800] "GET /xingrg/check_reg.html?_=1668736619009 HTTP/1.1" 200 22
116.230.105.139 - - [18/Nov/2022:09:53:23 +0800] "GET /xingrg/all/function/internal_message.html?_=1668736400101&CODE_STATE=getMsg HTTP/1.1" 200 27
120.253.135.82 - - [18/Nov/2022:09:53:30 +0800] "GET /xingrg/all/function/internal_message.html?_=1668736211597&CODE_STATE=getMsg HTTP/1.1" 200 27
114.95.46.117 - - [18/Nov/2022:09:53:30 +0800] "GET /xingrg/all/function/internal_message.html?_=1668736261002&CODE_STATE=getMsg HTTP/1.1" 200 27
124.79.74.72 - - [18/Nov/2022:09:53:30 +0800] "GET /xingrg/all/function/internal_message.html?_=1668736414888&CODE_STATE=getMsg HTTP/1.1" 200 27
116.238.139.35 - - [18/Nov/2022:09:53:42 +0800] "POST /xingrg/all/user/operate.html HTTP/1.1" 200 36
116.238.139.35 - - [18/Nov/2022:09:53:42 +0800] "GET /xingrg/index.html?sysBaseUrl=http%3A%2F%2F180.169.147.146%3A18081%2Fxingrg%2F&costTime=42×tamp=1668731554932 HTTP/1.1" 200 17179
116.238.139.35 - - [18/Nov/2022:09:53:42 +0800] "GET /xingrg/javascript/jquery_easy_ui/themes/default/easyui.css HTTP/1.1" 304 -
116.238.139.35 - - [18/Nov/2022:09:53:42 +0800] "GET /xingrg/javascript/jquery_easy_ui/themes/icon.css HTTP/1.1" 304 -
116.238.139.35 - - [18/Nov/2022:09:53:42 +0800] "GET /xingrg/css/form.css HTTP/1.1" 304 -
116.238.139.35 - - [18/Nov/2022:09:53:42 +0800] "GET /xingrg/javascript/jquery-1.4.2.min.js HTTP/1.1" 304 -
116.238.139.35 - - [18/Nov/2022:09:53:42 +0800] "GET /xingrg/javascript/jquery_easy_ui/jquery.easyui.min.js HTTP/1.1" 304 -
218.81.217.29 - - [18/Nov/2022:09:53:42 +0800] "GET /xingrg/all/function/internal_message.html?_=1668736441297&CODE_STATE=getMsg HTTP/1.1" 200 27
116.238.139.35 - - [18/Nov/2022:09:53:42 +0800] "GET /xingrg/javascript/jquery_easy_ui/easyui-lang-zh_CN.js HTTP/1.1" 304 -
116.238.139.35 - - [18/Nov/2022:09:53:43 +0800] "GET /xingrg/javascript/jquery.form.js HTTP/1.1" 304 -
116.238.139.35 - - [18/Nov/2022:09:53:43 +0800] "GET /xingrg/javascript/jquery.utils.js HTTP/1.1" 304 -
116.238.139.35 - - [18/Nov/2022:09:53:43 +0800] "GET /xingrg/javascript/jquery.timers.js HTTP/1.1" 304 -
116.238.139.35 - - [18/Nov/2022:09:53:43 +0800] "GET /xingrg/images/blue/jxLogo.png HTTP/1.1" 304 -
116.238.139.35 - - [18/Nov/2022:09:53:43 +0800] "GET /xingrg/images/blue/navBackgound.jpg HTTP/1.1" 304 -
116.238.139.35 - - [18/Nov/2022:09:53:43 +0800] "GET /xingrg/javascript/jquery_easy_ui/themes/icons/settle_new.png HTTP/1.1" 304 -
116.238.139.35 - - [18/Nov/2022:09:53:43 +0800] "POST /xingrg/all/common/load_tree.html?tree=area_rest_tree_json&manage=1 HTTP/1.1" 200 476
116.238.139.35 - - [18/Nov/2022:09:53:43 +0800] "GET /xingrg/all/function/internal_message.html?_=1668736425627&CODE_STATE=count HTTP/1.1" 200 11
116.238.139.35 - - [18/Nov/2022:09:53:43 +0800] "GET /xingrg/check_reg.html?_=1668736425629 HTTP/1.1" 200 22
116.238.139.35 - - [18/Nov/2022:09:53:43 +0800] "GET /xingrg/javascript/jquery_easy_ui/themes/default/images/tabs_rightarrow.png HTTP/1.1" 304 -
116.238.139.35 - - [18/Nov/2022:09:53:43 +0800] "GET /xingrg/javascript/jquery_easy_ui/themes/default/images/panel_tool_collapse.gif HTTP/1.1" 304 -
116.238.139.35 - - [18/Nov/2022:09:53:43 +0800] "GET /xingrg/javascript/jquery_easy_ui/themes/default/images/tabs_leftarrow.png HTTP/1.1" 304 -
116.238.139.35 - - [18/Nov/2022:09:53:43 +0800] "GET /xingrg/images/blue/pingpu.png HTTP/1.1" 304 -
116.238.139.35 - - [18/Nov/2022:09:53:43 +0800] "POST /xingrg/load_menu.html HTTP/1.1" 200 5138
114.83.219.57 - - [18/Nov/2022:09:53:44 +0800] "GET /xingrg/all/function/internal_message.html?_=1668736547101&CODE_STATE=getMsg HTTP/1.1" 200 27
116.238.139.35 - - [18/Nov/2022:09:53:45 +0800] "GET /xingrg/kc/base/wldb_order_list.html HTTP/1.1" 200 19107
116.238.139.35 - - [18/Nov/2022:09:53:45 +0800] "POST /xingrg/kc/base/wldb_list_operate.html HTTP/1.1" 200 928
180.162.229.95 - - [18/Nov/2022:09:53:46 +0800] "GET /xingrg/all/function/internal_message.html?_=1668736425927&CODE_STATE=getMsg HTTP/1.1" 200 27
116.238.139.35 - - [18/Nov/2022:09:53:46 +0800] "GET /xingrg/kc/base/wldb_order_add.html HTTP/1.1" 200 30390
116.238.139.35 - - [18/Nov/2022:09:53:46 +0800] "POST /xingrg/kc/base/wldb_order_operate.html HTTP/1.1" 200 6806
116.238.139.35 - - [18/Nov/2022:09:53:46 +0800] "GET /xingrg/all/common/auto_word.html?type=base&rest_code=00150 HTTP/1.1" 200 1799
116.238.139.35 - - [18/Nov/2022:09:53:46 +0800] "GET /xingrg/all/common/auto_word.html?type=base&rest_code=00150 HTTP/1.1" 200 1799
116.238.139.35 - - [18/Nov/2022:09:53:46 +0800] "GET /xingrg/javascript/easyui/themes/default/validatebox.css HTTP/1.1" 404 1104
116.238.139.35 - - [18/Nov/2022:09:53:47 +0800] "GET /xingrg/javascript/auto/indicator.gif HTTP/1.1" 404 1066
116.238.139.35 - - [18/Nov/2022:09:53:53 +0800] "GET /xingrg/kc/base/wldb_order_operate.html?command=get_materiel&rest_code=00150&base_code=0010446&code=00102001008 HTTP/1.1" 200 441
222.70.183.206 - - [18/Nov/2022:09:53:53 +0800] "GET /xingrg/all/function/internal_message.html?_=1668736433067&CODE_STATE=getMsg HTTP/1.1" 200 27
180.169.147.146 - - [18/Nov/2022:09:54:03 +0800] "GET /xingrg/all/function/internal_message.html?_=1668736443991&CODE_STATE=getMsg HTTP/1.1" 200 27
116.238.139.35 - - [18/Nov/2022:09:54:06 +0800] "POST /xingrg/kc/base/wldb_order_operate.html HTTP/1.1" 200 37
116.238.139.35 - - [18/Nov/2022:09:54:08 +0800] "POST /xingrg/kc/base/wldb_order_operate.html HTTP/1.1" 200 12
116.238.139.35 - - [18/Nov/2022:09:54:08 +0800] "POST /xingrg/kc/base/wldb_order_operate.html HTTP/1.1" 200 2185
180.162.229.95 - - [18/Nov/2022:09:54:10 +0800] "GET /xingrg/all/function/internal_message.html?_=1668736457991&CODE_STATE=getMsg HTTP/1.1" 200 27
114.95.46.117 - - [18/Nov/2022:09:54:14 +0800] "GET /xingrg/all/function/internal_message.html?_=1668736455607&CODE_STATE=getMsg HTTP/1.1" 200 27
116.238.139.35 - - [18/Nov/2022:09:54:15 +0800] "GET /xingrg/kc/base/wldb_order_info.html?code=422022111801426 HTTP/1.1" 200 26268
116.238.139.35 - - [18/Nov/2022:09:54:15 +0800] "GET /xingrg/javascript/easyui/themes/default/validatebox.css HTTP/1.1" 404 1104
116.238.139.35 - - [18/Nov/2022:09:54:16 +0800] "POST /xingrg/kc/base/wldb_order_operate.html HTTP/1.1" 200 479
116.235.93.82 - - [18/Nov/2022:09:54:21 +0800] "GET /xingrg/all/function/internal_message.html?_=1668736679007&CODE_STATE=getMsg HTTP/1.1" 200 27
116.230.105.139 - - [18/Nov/2022:09:54:23 +0800] "GET /xingrg/all/function/internal_message.html?_=1668736460087&CODE_STATE=getMsg HTTP/1.1" 200 27
120.253.135.82 - - [18/Nov/2022:09:54:30 +0800] "GET /xingrg/all/function/internal_message.html?_=1668736271646&CODE_STATE=getMsg HTTP/1.1" 200 27
114.95.46.117 - - [18/Nov/2022:09:54:30 +0800] "GET /xingrg/all/function/internal_message.html?_=1668736321008&CODE_STATE=getMsg HTTP/1.1" 200 27
114.95.46.117 - - [18/Nov/2022:09:54:30 +0800] "GET /xingrg/check_reg.html?_=1668736321011 HTTP/1.1" 200 22
124.79.74.72 - - [18/Nov/2022:09:54:30 +0800] "GET /xingrg/all/function/internal_message.html?_=1668736474888&CODE_STATE=getMsg HTTP/1.1" 200 27
218.81.217.29 - - [18/Nov/2022:09:54:42 +0800] "GET /xingrg/all/function/internal_message.html?_=1668736501298&CODE_STATE=getMsg HTTP/1.1" 200 27
116.238.139.35 - - [18/Nov/2022:09:54:43 +0800] "GET /xingrg/all/function/internal_message.html?_=1668736485645&CODE_STATE=getMsg HTTP/1.1" 200 27
114.83.219.57 - - [18/Nov/2022:09:54:44 +0800] "GET /xingrg/all/function/internal_message.html?_=1668736607084&CODE_STATE=getMsg HTTP/1.1" 200 27
114.83.219.57 - - [18/Nov/2022:09:54:45 +0800] "GET /xingrg/check_reg.html?_=1668736607305 HTTP/1.1" 200 22
180.162.229.95 - - [18/Nov/2022:09:54:46 +0800] "GET /xingrg/all/function/internal_message.html?_=1668736485911&CODE_STATE=getMsg HTTP/1.1" 200 27
222.70.183.206 - - [18/Nov/2022:09:54:53 +0800] "GET /xingrg/check_reg.html?_=1668736493107 HTTP/1.1" 200 22
222.70.183.206 - - [18/Nov/2022:09:54:53 +0800] "GET /xingrg/all/function/internal_message.html?_=1668736493109&CODE_STATE=getMsg HTTP/1.1" 200 27
180.169.147.146 - - [18/Nov/2022:09:55:03 +0800] "GET /xingrg/all/function/internal_message.html?_=1668736503989&CODE_STATE=getMsg HTTP/1.1" 200 27
180.162.229.95 - - [18/Nov/2022:09:55:10 +0800] "GET /xingrg/all/function/internal_message.html?_=1668736517991&CODE_STATE=getMsg HTTP/1.1" 200 27
114.95.46.117 - - [18/Nov/2022:09:55:14 +0800] "GET /xingrg/all/function/internal_message.html?_=1668736515586&CODE_STATE=getMsg HTTP/1.1" 200 27
116.230.105.139 - - [18/Nov/2022:09:55:14 +0800] "GET /xingrg/check_reg.html?_=1668736511085 HTTP/1.1" 200 22
120.253.135.82 - - [18/Nov/2022:09:55:18 +0800] "GET /xingrg/login.html HTTP/1.1" 200 7641
120.253.135.82 - - [18/Nov/2022:09:55:19 +0800] "GET /xingrg/images/blue/jxLogo.png HTTP/1.1" 304 -
120.253.135.82 - - [18/Nov/2022:09:55:19 +0800] "GET /xingrg/images/blue/login_bg.png HTTP/1.1" 304 -
120.253.135.82 - - [18/Nov/2022:09:55:19 +0800] "GET /xingrg/images/blue/hj.png HTTP/1.1" 304 -
120.253.135.82 - - [18/Nov/2022:09:55:19 +0800] "GET /xingrg/images/blue/srbg.png HTTP/1.1" 304 -
120.253.135.82 - - [18/Nov/2022:09:55:21 +0800] "GET /favicon.ico HTTP/1.1" 404 -
116.235.93.82 - - [18/Nov/2022:09:55:21 +0800] "GET /xingrg/all/function/internal_message.html?_=1668736739006&CODE_STATE=getMsg HTTP/1.1" 200 27
116.230.105.139 - - [18/Nov/2022:09:55:23 +0800] "GET /xingrg/all/function/internal_message.html?_=1668736520075&CODE_STATE=getMsg HTTP/1.1" 200 27
120.253.135.82 - - [18/Nov/2022:09:55:30 +0800] "GET /xingrg/all/function/internal_message.html?_=1668736331655&CODE_STATE=getMsg HTTP/1.1" 200 27
114.95.46.117 - - [18/Nov/2022:09:55:30 +0800] "GET /xingrg/all/function/internal_message.html?_=1668736381016&CODE_STATE=getMsg HTTP/1.1" 200 27
124.79.74.72 - - [18/Nov/2022:09:55:30 +0800] "GET /xingrg/all/function/internal_message.html?_=1668736534914&CODE_STATE=getMsg HTTP/1.1" 200 27
124.79.74.72 - - [18/Nov/2022:09:55:30 +0800] "GET /xingrg/check_reg.html?_=1668736534916 HTTP/1.1" 200 22
120.253.135.82 - - [18/Nov/2022:09:55:33 +0800] "POST /xingrg/login.do HTTP/1.1" 302 -
120.253.135.82 - - [18/Nov/2022:09:55:33 +0800] "GET /xingrg/index.html?sysBaseUrl=http%3A%2F%2F180.169.147.146%3A18081%2Fxingrg%2F&costTime=46×tamp=1668736533830 HTTP/1.1" 200 17173
120.253.135.82 - - [18/Nov/2022:09:55:33 +0800] "GET /xingrg/css/form.css HTTP/1.1" 304 -
120.253.135.82 - - [18/Nov/2022:09:55:33 +0800] "GET /xingrg/javascript/jquery_easy_ui/themes/icon.css HTTP/1.1" 304 -
120.253.135.82 - - [18/Nov/2022:09:55:33 +0800] "GET /xingrg/javascript/jquery_easy_ui/themes/default/easyui.css HTTP/1.1" 304 -
120.253.135.82 - - [18/Nov/2022:09:55:33 +0800] "GET /xingrg/javascript/jquery-1.4.2.min.js HTTP/1.1" 304 -
120.253.135.82 - - [18/Nov/2022:09:55:33 +0800] "GET /xingrg/javascript/jquery_easy_ui/jquery.easyui.min.js HTTP/1.1" 304 -
120.253.135.82 - - [18/Nov/2022:09:55:33 +0800] "GET /xingrg/javascript/jquery.form.js HTTP/1.1" 304 -
120.253.135.82 - - [18/Nov/2022:09:55:33 +0800] "GET /xingrg/javascript/jquery_easy_ui/easyui-lang-zh_CN.js HTTP/1.1" 304 -
120.253.135.82 - - [18/Nov/2022:09:55:33 +0800] "GET /xingrg/javascript/jquery.utils.js HTTP/1.1" 304 -
120.253.135.82 - - [18/Nov/2022:09:55:33 +0800] "GET /xingrg/javascript/jquery.timers.js HTTP/1.1" 304 -
120.253.135.82 - - [18/Nov/2022:09:55:34 +0800] "GET /favicon.ico HTTP/1.1" 404 -
120.253.135.82 - - [18/Nov/2022:09:55:34 +0800] "GET /xingrg/images/blue/navBackgound.jpg HTTP/1.1" 304 -
120.253.135.82 - - [18/Nov/2022:09:55:34 +0800] "GET /xingrg/javascript/jquery_easy_ui/themes/icons/settle_new.png HTTP/1.1" 304 -
120.253.135.82 - - [18/Nov/2022:09:55:34 +0800] "GET /xingrg/images/blue/pingpu.png HTTP/1.1" 304 -
120.253.135.82 - - [18/Nov/2022:09:55:34 +0800] "POST /xingrg/all/common/load_tree.html?tree=area_rest_tree_json&manage=1 HTTP/1.1" 200 344
120.253.135.82 - - [18/Nov/2022:09:55:34 +0800] "GET /xingrg/javascript/jquery_easy_ui/themes/default/images/tabs_rightarrow.png HTTP/1.1" 304 -
120.253.135.82 - - [18/Nov/2022:09:55:34 +0800] "GET /xingrg/javascript/jquery_easy_ui/themes/default/images/tabs_leftarrow.png HTTP/1.1" 304 -
120.253.135.82 - - [18/Nov/2022:09:55:34 +0800] "GET /xingrg/javascript/jquery_easy_ui/themes/default/images/panel_tool_collapse.gif HTTP/1.1" 304 -
120.253.135.82 - - [18/Nov/2022:09:55:34 +0800] "GET /xingrg/all/function/internal_message.html?_=1668736648810&CODE_STATE=count HTTP/1.1" 200 11
120.253.135.82 - - [18/Nov/2022:09:55:34 +0800] "GET /xingrg/check_reg.html?_=1668736648811 HTTP/1.1" 200 22
