114.84.81.136 - - [18/Nov/2022:10:57:42 +0800] "GET /xingrg/all/function/internal_message.html?_=1668740270841&CODE_STATE=getMsg HTTP/1.1" 200 27
61.170.233.161 - - [18/Nov/2022:10:57:43 +0800] "GET /xingrg/kc/base/wldb_order_list.html HTTP/1.1" 200 19101
116.238.139.35 - - [18/Nov/2022:10:57:43 +0800] "POST /xingrg/kc/buy/cgsh_order_operate.html HTTP/1.1" 200 5048
218.81.217.29 - - [18/Nov/2022:10:57:43 +0800] "GET /xingrg/kc/buy/cgsh_order_operate.html?command=get_materiel&rest_code=00146&code=00101008353&supplier_code=00100005&order_time=2022-11-18 HTTP/1.1" 200 408
114.83.219.57 - - [18/Nov/2022:10:57:43 +0800] "GET /xingrg/all/function/internal_message.html?_=1668740386137&CODE_STATE=getMsg HTTP/1.1" 200 27
114.88.159.190 - - [18/Nov/2022:10:57:44 +0800] "GET /xingrg/all/function/internal_message.html?_=1668739872489&CODE_STATE=getMsg HTTP/1.1" 200 27
180.162.229.95 - - [18/Nov/2022:10:57:45 +0800] "GET /xingrg/all/function/internal_message.html?_=1668740264977&CODE_STATE=getMsg HTTP/1.1" 200 27
61.170.233.161 - - [18/Nov/2022:10:57:46 +0800] "GET /xingrg/javascript/easyui/themes/default/tree.css HTTP/1.1" 404 1090
61.170.233.161 - - [18/Nov/2022:10:57:46 +0800] "POST /xingrg/all/common/load_tree.html?tree=supplier_tree_json&isDelete=1 HTTP/1.1" 200 70135
61.170.233.161 - - [18/Nov/2022:10:57:47 +0800] "POST /xingrg/kc/base/wldb_list_operate.html HTTP/1.1" 200 2559
218.81.217.29 - - [18/Nov/2022:10:57:49 +0800] "GET /xingrg/all/function/internal_message.html?_=1668740287582&CODE_STATE=getMsg HTTP/1.1" 200 27
180.169.147.146 - - [18/Nov/2022:10:57:49 +0800] "GET /xingrg/kc/buy/cgsh_order_operate.html?command=get_materiel&rest_code=00147&code=00101008163&supplier_code=00100007&order_time=2022-11-18 HTTP/1.1" 200 409
116.238.139.35 - - [18/Nov/2022:10:57:51 +0800] "GET /xingrg/kc/base/wldb_order_operate.html?command=get_materiel&rest_code=00150&base_code=0010446&code=00102002347 HTTP/1.1" 200 457
116.238.139.35 - - [18/Nov/2022:10:57:51 +0800] "POST /xingrg/kc/buy/cgsh_order_operate.html HTTP/1.1" 200 37
222.70.183.206 - - [18/Nov/2022:10:57:53 +0800] "GET /xingrg/all/function/internal_message.html?_=1668740273164&CODE_STATE=getMsg HTTP/1.1" 200 27
124.79.74.72 - - [18/Nov/2022:10:57:56 +0800] "GET /favicon.ico HTTP/1.1" 404 -
218.81.217.29 - - [18/Nov/2022:10:57:57 +0800] "GET /xingrg/kc/buy/cgsh_order_operate.html?command=get_materiel&rest_code=00146&code=00101008213&supplier_code=00100005&order_time=2022-11-18 HTTP/1.1" 200 412
116.238.139.35 - - [18/Nov/2022:10:57:58 +0800] "POST /xingrg/kc/buy/cgsh_order_operate.html HTTP/1.1" 200 12
116.238.139.35 - - [18/Nov/2022:10:57:58 +0800] "GET /xingrg/kc/base/wldb_order_operate.html?command=get_materiel&rest_code=00150&base_code=0010446&code=00102002025 HTTP/1.1" 200 452
116.238.139.35 - - [18/Nov/2022:10:57:59 +0800] "GET /xingrg/kc/buy/cgsh_order_info.html?code=212022111806033 HTTP/1.1" 200 64013
116.238.139.35 - - [18/Nov/2022:10:58:00 +0800] "GET /xingrg/javascript/easyui/themes/default/validatebox.css HTTP/1.1" 404 1104
116.238.139.35 - - [18/Nov/2022:10:58:00 +0800] "POST /xingrg/all/common/load_select.html HTTP/1.1" 200 25
116.238.139.35 - - [18/Nov/2022:10:58:01 +0800] "POST /xingrg/kc/buy/cgsh_order_operate.html HTTP/1.1" 200 2997
116.238.139.35 - - [18/Nov/2022:10:58:01 +0800] "GET /xingrg/kc/base/wldb_order_operate.html?command=get_materiel_price&rest_code=00150&base_code=0010446&code=00102002025&unit_code=00100351 HTTP/1.1" 200 33
180.162.229.95 - - [18/Nov/2022:10:58:02 +0800] "GET /xingrg/all/function/internal_message.html?_=1668740306564&CODE_STATE=getMsg HTTP/1.1" 200 27
116.238.139.35 - - [18/Nov/2022:10:58:02 +0800] "GET /xingrg/kc/print/load_config.html?kc_code=cgsh HTTP/1.1" 200 1943
116.238.139.35 - - [18/Nov/2022:10:58:02 +0800] "GET /xingrg/kc/print/load_data.html?order_code=212022111806033&kc_code=cgsh&condition= HTTP/1.1" 200 1688
116.238.139.35 - - [18/Nov/2022:10:58:06 +0800] "GET /xingrg/kc/base/wldb_order_operate.html?command=get_materiel&rest_code=00150&base_code=0010446&code=00102002439 HTTP/1.1" 200 470
172.20.0.100 - - [18/Nov/2022:10:58:07 +0800] "GET /xingrg/all/function/internal_message.html?_=1668740287591&CODE_STATE=getMsg HTTP/1.1" 200 27
180.162.229.95 - - [18/Nov/2022:10:58:10 +0800] "GET /xingrg/all/function/internal_message.html?_=1668740298100&CODE_STATE=getMsg HTTP/1.1" 200 27
218.81.217.29 - - [18/Nov/2022:10:58:11 +0800] "GET /xingrg/kc/buy/cgsh_order_operate.html?command=get_materiel&rest_code=00146&code=00101008312&supplier_code=00100005&order_time=2022-11-18 HTTP/1.1" 200 412
61.170.233.161 - - [18/Nov/2022:10:58:11 +0800] "GET /xingrg/kc/buy/cgsh_order_operate.html?command=get_materiel&rest_code=00106&code=00101016025&supplier_code=00100032&order_time=2022-11-18 HTTP/1.1" 200 408
114.95.46.117 - - [18/Nov/2022:10:58:12 +0800] "GET /xingrg/all/function/internal_message.html?_=1668740294176&CODE_STATE=getMsg HTTP/1.1" 200 27
116.238.139.35 - - [18/Nov/2022:10:58:17 +0800] "POST /xingrg/kc/base/wldb_order_operate.html HTTP/1.1" 200 37
180.163.29.234 - - [18/Nov/2022:10:58:18 +0800] "GET /xingrg/all/function/internal_message.html?_=1668740232345&CODE_STATE=getMsg HTTP/1.1" 302 -
61.170.233.161 - - [18/Nov/2022:10:58:18 +0800] "GET /xingrg/all/function/internal_message.html?_=1668740292337&CODE_STATE=getMsg HTTP/1.1" 200 27
180.163.29.234 - - [18/Nov/2022:10:58:18 +0800] "GET /xingrg/login.html HTTP/1.1" 200 7641
116.238.139.35 - - [18/Nov/2022:10:58:20 +0800] "POST /xingrg/kc/base/wldb_order_operate.html HTTP/1.1" 200 12
116.238.139.35 - - [18/Nov/2022:10:58:20 +0800] "POST /xingrg/kc/base/wldb_order_operate.html HTTP/1.1" 200 5127
116.235.93.82 - - [18/Nov/2022:10:58:21 +0800] "GET /xingrg/check_reg.html?_=1668740519142 HTTP/1.1" 200 22
116.235.93.82 - - [18/Nov/2022:10:58:22 +0800] "GET /xingrg/all/function/internal_message.html?_=1668740519142&CODE_STATE=getMsg HTTP/1.1" 200 27
61.170.233.161 - - [18/Nov/2022:10:58:22 +0800] "GET /xingrg/all/function/internal_message.html?_=1668740305737&CODE_STATE=getMsg HTTP/1.1" 200 27
61.170.233.161 - - [18/Nov/2022:10:58:22 +0800] "GET /xingrg/check_reg.html?_=1668740305777 HTTP/1.1" 200 22
116.230.105.139 - - [18/Nov/2022:10:58:22 +0800] "GET /xingrg/all/function/internal_message.html?_=1668740299176&CODE_STATE=getMsg HTTP/1.1" 200 27
61.170.233.161 - - [18/Nov/2022:10:58:24 +0800] "GET /xingrg/kc/buy/cgsh_order_operate.html?command=get_materiel&rest_code=00106&code=00101012025&supplier_code=00100032&order_time=2022-11-18 HTTP/1.1" 200 412
116.238.139.35 - - [18/Nov/2022:10:58:25 +0800] "GET /xingrg/kc/base/wldb_order_info.html?code=422022111801440 HTTP/1.1" 200 26271
116.238.139.35 - - [18/Nov/2022:10:58:26 +0800] "GET /xingrg/javascript/easyui/themes/default/validatebox.css HTTP/1.1" 404 1104
116.238.139.35 - - [18/Nov/2022:10:58:26 +0800] "POST /xingrg/kc/base/wldb_order_operate.html HTTP/1.1" 200 3354
116.230.105.139 - - [18/Nov/2022:10:58:26 +0800] "GET /xingrg/all/function/internal_message.html?_=1668740307095&CODE_STATE=getMsg HTTP/1.1" 200 27
218.81.217.29 - - [18/Nov/2022:10:58:26 +0800] "GET /xingrg/kc/buy/cgsh_order_operate.html?command=get_materiel&rest_code=00146&code=00101008314&supplier_code=00100005&order_time=2022-11-18 HTTP/1.1" 200 413
180.169.147.146 - - [18/Nov/2022:10:58:27 +0800] "GET /xingrg/all/function/internal_message.html?_=1668740306599&CODE_STATE=getMsg HTTP/1.1" 200 27
116.238.139.35 - - [18/Nov/2022:10:58:29 +0800] "GET /xingrg/kc/base/wldb_order_add.html HTTP/1.1" 200 30390
116.238.139.35 - - [18/Nov/2022:10:58:29 +0800] "POST /xingrg/kc/base/wldb_order_operate.html HTTP/1.1" 200 6806
116.238.139.35 - - [18/Nov/2022:10:58:29 +0800] "GET /xingrg/javascript/easyui/themes/default/validatebox.css HTTP/1.1" 404 1104
120.253.135.82 - - [18/Nov/2022:10:58:29 +0800] "GET /xingrg/all/function/internal_message.html?_=1668740110483&CODE_STATE=getMsg HTTP/1.1" 200 27
114.84.81.136 - - [18/Nov/2022:10:58:30 +0800] "GET /xingrg/all/function/internal_message.html?_=1668740311050&CODE_STATE=getMsg HTTP/1.1" 200 27
124.79.74.72 - - [18/Nov/2022:10:58:30 +0800] "GET /xingrg/all/function/internal_message.html?_=1668740315035&CODE_STATE=getMsg HTTP/1.1" 200 27
114.95.46.117 - - [18/Nov/2022:10:58:30 +0800] "GET /xingrg/all/function/internal_message.html?_=1668740161076&CODE_STATE=getMsg HTTP/1.1" 200 27
180.162.229.95 - - [18/Nov/2022:10:58:35 +0800] "GET /xingrg/kc/buy/cgsh_order_list.html HTTP/1.1" 200 53717
180.162.229.95 - - [18/Nov/2022:10:58:38 +0800] "POST /xingrg/kc/buy/cgsh_list_operate.html HTTP/1.1" 200 1860
116.238.139.35 - - [18/Nov/2022:10:58:39 +0800] "GET /xingrg/all/function/internal_message.html?_=1668740232036&CODE_STATE=getMsg HTTP/1.1" 200 27
180.162.229.95 - - [18/Nov/2022:10:58:40 +0800] "POST /xingrg/kc/buy/cgsh_list_operate.html HTTP/1.1" 200 563
180.162.229.95 - - [18/Nov/2022:10:58:40 +0800] "GET /xingrg/kc/buy/cgsh_order_info.html?code=212022111806035 HTTP/1.1" 200 69548
180.162.229.95 - - [18/Nov/2022:10:58:40 +0800] "GET /xingrg/javascript/easyui/themes/default/validatebox.css HTTP/1.1" 404 1104
180.162.229.95 - - [18/Nov/2022:10:58:41 +0800] "POST /xingrg/kc/buy/cgsh_order_operate.html HTTP/1.1" 200 20384
120.253.135.82 - - [18/Nov/2022:10:58:42 +0800] "GET /xingrg/all/function/internal_message.html?_=1668739794492&CODE_STATE=getMsg HTTP/1.1" 200 27
114.84.81.136 - - [18/Nov/2022:10:58:42 +0800] "GET /xingrg/check_reg.html?_=1668740330809 HTTP/1.1" 200 22
114.84.81.136 - - [18/Nov/2022:10:58:42 +0800] "GET /xingrg/all/function/internal_message.html?_=1668740330810&CODE_STATE=getMsg HTTP/1.1" 200 27
114.83.219.57 - - [18/Nov/2022:10:58:43 +0800] "GET /xingrg/all/function/internal_message.html?_=1668740446129&CODE_STATE=getMsg HTTP/1.1" 200 27
114.88.159.190 - - [18/Nov/2022:10:58:44 +0800] "GET /xingrg/check_reg.html?_=1668739932496 HTTP/1.1" 200 22
114.88.159.190 - - [18/Nov/2022:10:58:44 +0800] "GET /xingrg/all/function/internal_message.html?_=1668739932494&CODE_STATE=getMsg HTTP/1.1" 200 27
180.162.229.95 - - [18/Nov/2022:10:58:45 +0800] "GET /xingrg/all/function/internal_message.html?_=1668740324960&CODE_STATE=getMsg HTTP/1.1" 200 27
101.85.95.132 - - [18/Nov/2022:10:58:47 +0800] "GET /favicon.ico HTTP/1.1" 404 -
180.162.229.95 - - [18/Nov/2022:10:58:47 +0800] "GET /xingrg/kc/buy/cgsh_order_operate.html?command=get_materiel&rest_code=00102&code=00101008350&supplier_code=00100008&order_time=2022-11-18 HTTP/1.1" 200 408
218.81.217.29 - - [18/Nov/2022:10:58:49 +0800] "GET /xingrg/all/function/internal_message.html?_=1668740347596&CODE_STATE=getMsg HTTP/1.1" 200 27
101.85.95.132 - - [18/Nov/2022:10:58:51 +0800] "GET /xingrg/login.html HTTP/1.1" 200 7641
101.85.95.132 - - [18/Nov/2022:10:58:51 +0800] "GET /xingrg/images/blue/jxLogo.png HTTP/1.1" 304 -
101.85.95.132 - - [18/Nov/2022:10:58:51 +0800] "GET /xingrg/images/blue/login_bg.png HTTP/1.1" 304 -
101.85.95.132 - - [18/Nov/2022:10:58:51 +0800] "GET /xingrg/images/blue/hj.png HTTP/1.1" 304 -
101.85.95.132 - - [18/Nov/2022:10:58:51 +0800] "GET /xingrg/images/blue/srbg.png HTTP/1.1" 304 -
101.85.95.132 - - [18/Nov/2022:10:58:51 +0800] "GET /favicon.ico HTTP/1.1" 404 -
222.70.183.206 - - [18/Nov/2022:10:58:53 +0800] "GET /xingrg/all/function/internal_message.html?_=1668740333189&CODE_STATE=getMsg HTTP/1.1" 200 27
116.238.139.35 - - [18/Nov/2022:10:58:55 +0800] "GET /xingrg/kc/base/wldb_order_operate.html?command=get_materiel&rest_code=00150&base_code=0010445&code=00101019282 HTTP/1.1" 200 458
120.253.135.82 - - [18/Nov/2022:10:58:55 +0800] "GET /xingrg/kc/buy/cgsh_order_add.html HTTP/1.1" 200 68562
120.253.135.82 - - [18/Nov/2022:10:58:56 +0800] "POST /xingrg/kc/buy/cgsh_order_operate.html HTTP/1.1" 200 8245
120.253.135.82 - - [18/Nov/2022:10:58:56 +0800] "GET /xingrg/javascript/easyui/themes/default/validatebox.css HTTP/1.1" 404 1104
101.85.95.132 - - [18/Nov/2022:10:58:56 +0800] "POST /xingrg/login.do HTTP/1.1" 302 -
101.85.95.132 - - [18/Nov/2022:10:58:56 +0800] "GET /xingrg/javascript/jquery_easy_ui/themes/default/easyui.css HTTP/1.1" 304 -
101.85.95.132 - - [18/Nov/2022:10:58:56 +0800] "GET /xingrg/javascript/jquery_easy_ui/themes/icon.css HTTP/1.1" 304 -
101.85.95.132 - - [18/Nov/2022:10:58:56 +0800] "GET /xingrg/css/form.css HTTP/1.1" 304 -
101.85.95.132 - - [18/Nov/2022:10:58:56 +0800] "GET /xingrg/javascript/jquery.form.js HTTP/1.1" 304 -
101.85.95.132 - - [18/Nov/2022:10:58:56 +0800] "GET /xingrg/index.html?sysBaseUrl=http%3A%2F%2F180.169.147.146%3A18081%2Fxingrg%2F&costTime=41×tamp=1668740336528 HTTP/1.1" 200 17179
101.85.95.132 - - [18/Nov/2022:10:58:56 +0800] "GET /xingrg/javascript/jquery_easy_ui/easyui-lang-zh_CN.js HTTP/1.1" 304 -
101.85.95.132 - - [18/Nov/2022:10:58:56 +0800] "GET /xingrg/javascript/jquery.utils.js HTTP/1.1" 304 -
101.85.95.132 - - [18/Nov/2022:10:58:56 +0800] "GET /xingrg/javascript/jquery-1.4.2.min.js HTTP/1.1" 304 -
101.85.95.132 - - [18/Nov/2022:10:58:56 +0800] "GET /xingrg/javascript/jquery_easy_ui/jquery.easyui.min.js HTTP/1.1" 304 -
101.85.95.132 - - [18/Nov/2022:10:58:56 +0800] "GET /xingrg/javascript/jquery.timers.js HTTP/1.1" 304 -
101.85.95.132 - - [18/Nov/2022:10:58:56 +0800] "GET /favicon.ico HTTP/1.1" 404 -
101.85.95.132 - - [18/Nov/2022:10:58:56 +0800] "GET /xingrg/javascript/jquery_easy_ui/themes/icons/settle_new.png HTTP/1.1" 304 -
101.85.95.132 - - [18/Nov/2022:10:58:56 +0800] "GET /xingrg/images/blue/navBackgound.jpg HTTP/1.1" 304 -
101.85.95.132 - - [18/Nov/2022:10:58:56 +0800] "POST /xingrg/all/common/load_tree.html?tree=area_rest_tree_json&manage=1 HTTP/1.1" 200 351
101.85.95.132 - - [18/Nov/2022:10:58:56 +0800] "GET /xingrg/images/blue/pingpu.png HTTP/1.1" 304 -
101.85.95.132 - - [18/Nov/2022:10:58:56 +0800] "GET /xingrg/check_reg.html?_=1668740336173 HTTP/1.1" 200 22
101.85.95.132 - - [18/Nov/2022:10:58:56 +0800] "GET /xingrg/all/function/internal_message.html?_=1668740336172&CODE_STATE=count HTTP/1.1" 200 11
101.85.95.132 - - [18/Nov/2022:10:58:56 +0800] "GET /xingrg/javascript/jquery_easy_ui/themes/default/images/tabs_leftarrow.png HTTP/1.1" 304 -
101.85.95.132 - - [18/Nov/2022:10:58:56 +0800] "GET /xingrg/javascript/jquery_easy_ui/themes/default/images/tabs_rightarrow.png HTTP/1.1" 304 -
101.85.95.132 - - [18/Nov/2022:10:58:56 +0800] "GET /xingrg/javascript/jquery_easy_ui/themes/default/images/panel_tool_collapse.gif HTTP/1.1" 304 -
101.85.95.132 - - [18/Nov/2022:10:58:56 +0800] "POST /xingrg/load_menu.html HTTP/1.1" 200 5138
101.85.95.132 - - [18/Nov/2022:10:58:57 +0800] "GET /xingrg/javascript/jquery_easy_ui/themes/default/images/tree_folder_open.gif HTTP/1.1" 304 -
101.85.95.132 - - [18/Nov/2022:10:58:57 +0800] "GET /xingrg/javascript/jquery_easy_ui/themes/default/images/tree_arrows.gif HTTP/1.1" 304 -
101.85.95.132 - - [18/Nov/2022:10:58:57 +0800] "GET /xingrg/javascript/jquery_easy_ui/themes/icons/search_new.png HTTP/1.1" 304 -
101.85.95.132 - - [18/Nov/2022:10:58:57 +0800] "GET /xingrg/javascript/jquery_easy_ui/themes/default/images/tree_folder.gif HTTP/1.1" 304 -
101.85.95.132 - - [18/Nov/2022:10:58:57 +0800] "GET /xingrg/javascript/jquery_easy_ui/themes/icons/forms_new.png HTTP/1.1" 304 -
101.85.95.132 - - [18/Nov/2022:10:58:57 +0800] "GET /xingrg/javascript/jquery_easy_ui/themes/icons/storage_new.png HTTP/1.1" 304 -
101.85.95.132 - - [18/Nov/2022:10:58:57 +0800] "GET /xingrg/javascript/jquery_easy_ui/themes/default/images/tree_file.gif HTTP/1.1" 304 -
116.238.139.35 - - [18/Nov/2022:10:59:01 +0800] "POST /xingrg/kc/base/wldb_order_operate.html HTTP/1.1" 200 37
180.162.229.95 - - [18/Nov/2022:10:59:02 +0800] "GET /xingrg/all/function/internal_message.html?_=1668740366559&CODE_STATE=getMsg HTTP/1.1" 200 27
101.85.95.132 - - [18/Nov/2022:10:59:02 +0800] "GET /xingrg/javascript/jquery_easy_ui/themes/icons/area.png HTTP/1.1" 304 -
101.85.95.132 - - [18/Nov/2022:10:59:02 +0800] "GET /xingrg/javascript/jquery_easy_ui/themes/icons/rest.png HTTP/1.1" 304 -
116.238.139.35 - - [18/Nov/2022:10:59:04 +0800] "POST /xingrg/kc/base/wldb_order_operate.html HTTP/1.1" 200 12
116.238.139.35 - - [18/Nov/2022:10:59:04 +0800] "POST /xingrg/kc/base/wldb_order_operate.html HTTP/1.1" 200 2708
172.20.0.100 - - [18/Nov/2022:10:59:07 +0800] "GET /xingrg/all/function/internal_message.html?_=1668740347609&CODE_STATE=getMsg HTTP/1.1" 200 27
116.238.139.35 - - [18/Nov/2022:10:59:07 +0800] "GET /xingrg/kc/base/wldb_order_info.html?code=422022111801441 HTTP/1.1" 200 26268
116.238.139.35 - - [18/Nov/2022:10:59:07 +0800] "GET /xingrg/words/20221118103637_words.js HTTP/1.1" 304 -
116.238.139.35 - - [18/Nov/2022:10:59:08 +0800] "GET /xingrg/javascript/easyui/themes/default/validatebox.css HTTP/1.1" 404 1104
116.238.139.35 - - [18/Nov/2022:10:59:08 +0800] "POST /xingrg/kc/base/wldb_order_operate.html HTTP/1.1" 200 992
180.163.29.212 - - [18/Nov/2022:10:59:09 +0800] "GET /xingrg/kc/buy/cgsh_order_operate.html?command=get_materiel&rest_code=00106&code=00101016025&supplier_code=00100032&order_time=2022-11-18 HTTP/1.1" 302 -
180.163.29.212 - - [18/Nov/2022:10:59:09 +0800] "GET /xingrg/login.html HTTP/1.1" 200 7641
180.162.229.95 - - [18/Nov/2022:10:59:10 +0800] "GET /xingrg/all/function/internal_message.html?_=1668740358101&CODE_STATE=getMsg HTTP/1.1" 200 27
116.238.139.35 - - [18/Nov/2022:10:59:12 +0800] "GET /xingrg/kc/base/wldb_order_add.html HTTP/1.1" 200 30390
116.238.139.35 - - [18/Nov/2022:10:59:12 +0800] "POST /xingrg/kc/base/wldb_order_operate.html HTTP/1.1" 200 6806
116.238.139.35 - - [18/Nov/2022:10:59:12 +0800] "GET /xingrg/javascript/easyui/themes/default/validatebox.css HTTP/1.1" 404 1104
114.95.46.117 - - [18/Nov/2022:10:59:12 +0800] "GET /xingrg/all/function/internal_message.html?_=1668740354156&CODE_STATE=getMsg HTTP/1.1" 200 27
61.170.233.161 - - [18/Nov/2022:10:59:14 +0800] "GET /xingrg/kc/buy/cgsh_order_operate.html?command=get_materiel&rest_code=00106&code=00101010248&supplier_code=00100032&order_time=2022-11-18 HTTP/1.1" 200 430
116.238.139.35 - - [18/Nov/2022:10:59:17 +0800] "POST /xingrg/all/user/operate.html HTTP/1.1" 200 36
116.238.139.35 - - [18/Nov/2022:10:59:17 +0800] "GET /xingrg/javascript/jquery_easy_ui/themes/default/easyui.css HTTP/1.1" 304 -
116.238.139.35 - - [18/Nov/2022:10:59:17 +0800] "GET /xingrg/index.html?sysBaseUrl=http%3A%2F%2F180.169.147.146%3A18081%2Fxingrg%2F&costTime=41×tamp=1668732823242 HTTP/1.1" 200 17179
116.238.139.35 - - [18/Nov/2022:10:59:17 +0800] "GET /xingrg/javascript/jquery_easy_ui/themes/icon.css HTTP/1.1" 304 -
116.238.139.35 - - [18/Nov/2022:10:59:17 +0800] "GET /xingrg/css/form.css HTTP/1.1" 304 -
116.238.139.35 - - [18/Nov/2022:10:59:17 +0800] "GET /xingrg/javascript/jquery-1.4.2.min.js HTTP/1.1" 304 -
116.238.139.35 - - [18/Nov/2022:10:59:17 +0800] "GET /xingrg/javascript/jquery_easy_ui/jquery.easyui.min.js HTTP/1.1" 304 -
116.238.139.35 - - [18/Nov/2022:10:59:17 +0800] "GET /xingrg/javascript/jquery_easy_ui/easyui-lang-zh_CN.js HTTP/1.1" 304 -
116.238.139.35 - - [18/Nov/2022:10:59:17 +0800] "GET /xingrg/javascript/jquery.form.js HTTP/1.1" 304 -
116.238.139.35 - - [18/Nov/2022:10:59:17 +0800] "GET /xingrg/javascript/jquery.utils.js HTTP/1.1" 304 -
116.238.139.35 - - [18/Nov/2022:10:59:17 +0800] "GET /xingrg/javascript/jquery.timers.js HTTP/1.1" 304 -
116.238.139.35 - - [18/Nov/2022:10:59:17 +0800] "GET /xingrg/images/blue/jxLogo.png HTTP/1.1" 304 -
116.238.139.35 - - [18/Nov/2022:10:59:17 +0800] "GET /xingrg/images/blue/navBackgound.jpg HTTP/1.1" 304 -
116.238.139.35 - - [18/Nov/2022:10:59:17 +0800] "GET /xingrg/javascript/jquery_easy_ui/themes/icons/settle_new.png HTTP/1.1" 304 -
116.238.139.35 - - [18/Nov/2022:10:59:17 +0800] "GET /xingrg/images/blue/pingpu.png HTTP/1.1" 304 -
116.238.139.35 - - [18/Nov/2022:10:59:17 +0800] "POST /xingrg/all/common/load_tree.html?tree=area_rest_tree_json&manage=1 HTTP/1.1" 200 476
116.238.139.35 - - [18/Nov/2022:10:59:17 +0800] "GET /xingrg/javascript/jquery_easy_ui/themes/default/images/tabs_rightarrow.png HTTP/1.1" 304 -
116.238.139.35 - - [18/Nov/2022:10:59:17 +0800] "GET /xingrg/javascript/jquery_easy_ui/themes/default/images/tabs_leftarrow.png HTTP/1.1" 304 -
116.238.139.35 - - [18/Nov/2022:10:59:17 +0800] "GET /xingrg/javascript/jquery_easy_ui/themes/default/images/panel_tool_collapse.gif HTTP/1.1" 304 -
116.238.139.35 - - [18/Nov/2022:10:59:17 +0800] "GET /xingrg/all/function/internal_message.html?_=1668740270500&CODE_STATE=count HTTP/1.1" 200 11
116.238.139.35 - - [18/Nov/2022:10:59:17 +0800] "GET /xingrg/check_reg.html?_=1668740270501 HTTP/1.1" 200 22
116.238.139.35 - - [18/Nov/2022:10:59:17 +0800] "POST /xingrg/load_menu.html HTTP/1.1" 200 5138
180.163.28.55 - - [18/Nov/2022:10:59:17 +0800] "GET /xingrg/all/function/internal_message.html?_=1668740292337&CODE_STATE=getMsg HTTP/1.1" 302 -
180.163.28.55 - - [18/Nov/2022:10:59:17 +0800] "GET /xingrg/login.html HTTP/1.1" 200 7641
61.170.233.161 - - [18/Nov/2022:10:59:17 +0800] "GET /xingrg/all/function/internal_message.html?_=1668740352302&CODE_STATE=getMsg HTTP/1.1" 200 27
120.253.135.82 - - [18/Nov/2022:10:59:20 +0800] "GET /xingrg/kc/buy/cgsh_order_operate.html?command=get_materiel&rest_code=00101&code=00102002757&supplier_code=00100399&order_time=2022-11-18 HTTP/1.1" 200 421
180.162.229.95 - - [18/Nov/2022:10:59:20 +0800] "GET /xingrg/kc/buy/cgsh_order_operate.html?command=get_materiel&rest_code=00102&code=00101008088&supplier_code=00100008&order_time=2022-11-18 HTTP/1.1" 200 408
180.169.147.146 - - [18/Nov/2022:10:59:20 +0800] "GET /xingrg/kc/buy/cgsh_order_operate.html?command=get_materiel&rest_code=00147&code=00101008290&supplier_code=00100007&order_time=2022-11-18 HTTP/1.1" 200 416
180.163.29.79 - - [18/Nov/2022:10:59:21 +0800] "GET /xingrg/kc/buy/cgsh_order_operate.html?command=get_materiel&rest_code=00106&code=00101012025&supplier_code=00100032&order_time=2022-11-18 HTTP/1.1" 302 -
180.163.29.79 - - [18/Nov/2022:10:59:21 +0800] "GET /xingrg/login.html HTTP/1.1" 200 7641
116.235.93.82 - - [18/Nov/2022:10:59:21 +0800] "GET /xingrg/all/function/internal_message.html?_=1668740579141&CODE_STATE=getMsg HTTP/1.1" 200 27
116.238.139.35 - - [18/Nov/2022:10:59:22 +0800] "GET /xingrg/kc/base/wldb_order_operate.html?command=get_materiel&rest_code=00150&base_code=0010445&code=00101016037 HTTP/1.1" 200 450
116.230.105.139 - - [18/Nov/2022:10:59:22 +0800] "GET /xingrg/all/function/internal_message.html?_=1668740359173&CODE_STATE=getMsg HTTP/1.1" 200 27
61.170.233.161 - - [18/Nov/2022:10:59:22 +0800] "GET /xingrg/all/function/internal_message.html?_=1668740365714&CODE_STATE=getMsg HTTP/1.1" 200 27
116.238.139.35 - - [18/Nov/2022:10:59:23 +0800] "POST /xingrg/all/common/load_select.html HTTP/1.1" 200 25
116.238.139.35 - - [18/Nov/2022:10:59:23 +0800] "GET /xingrg/kc/buy/cgsh_order_list.html HTTP/1.1" 200 53723
116.238.139.35 - - [18/Nov/2022:10:59:24 +0800] "GET /xingrg/kc/base/wldb_order_operate.html?command=get_materiel_price&rest_code=00150&base_code=0010445&code=00101016037&unit_code=00100098 HTTP/1.1" 200 37
116.238.139.35 - - [18/Nov/2022:10:59:24 +0800] "POST /xingrg/kc/buy/cgsh_list_operate.html HTTP/1.1" 200 986
116.230.105.139 - - [18/Nov/2022:10:59:26 +0800] "GET /xingrg/all/function/internal_message.html?_=1668740367095&CODE_STATE=getMsg HTTP/1.1" 200 27
61.170.233.161 - - [18/Nov/2022:10:59:26 +0800] "GET /xingrg/kc/buy/cgsh_order_operate.html?command=get_materiel&rest_code=00106&code=00101012070&supplier_code=00100032&order_time=2022-11-18 HTTP/1.1" 200 412
180.169.147.146 - - [18/Nov/2022:10:59:27 +0800] "GET /xingrg/check_reg.html?_=1668740366587 HTTP/1.1" 200 22
180.169.147.146 - - [18/Nov/2022:10:59:27 +0800] "GET /xingrg/all/function/internal_message.html?_=1668740366589&CODE_STATE=getMsg HTTP/1.1" 200 27
180.162.229.95 - - [18/Nov/2022:10:59:28 +0800] "POST /xingrg/kc/buy/cgsh_order_operate.html HTTP/1.1" 200 2065
116.238.139.35 - - [18/Nov/2022:10:59:28 +0800] "POST /xingrg/kc/base/wldb_order_operate.html HTTP/1.1" 200 37
116.238.139.35 - - [18/Nov/2022:10:59:28 +0800] "GET /xingrg/all/function/internal_message.html?_=1668740371433&CODE_STATE=getMsg HTTP/1.1" 200 27
116.238.139.35 - - [18/Nov/2022:10:59:29 +0800] "GET /xingrg/check_reg.html?_=1668740371761 HTTP/1.1" 200 22
120.253.135.82 - - [18/Nov/2022:10:59:29 +0800] "GET /xingrg/all/function/internal_message.html?_=1668740170535&CODE_STATE=getMsg HTTP/1.1" 200 27
114.84.81.136 - - [18/Nov/2022:10:59:30 +0800] "GET /xingrg/all/function/internal_message.html?_=1668740371056&CODE_STATE=getMsg HTTP/1.1" 200 27
114.84.81.136 - - [18/Nov/2022:10:59:30 +0800] "GET /xingrg/check_reg.html?_=1668740371065 HTTP/1.1" 200 22
124.79.74.72 - - [18/Nov/2022:10:59:30 +0800] "GET /xingrg/all/function/internal_message.html?_=1668740375037&CODE_STATE=getMsg HTTP/1.1" 200 27
114.95.46.117 - - [18/Nov/2022:10:59:30 +0800] "GET /xingrg/check_reg.html?_=1668740221066 HTTP/1.1" 200 22
114.95.46.117 - - [18/Nov/2022:10:59:30 +0800] "GET /xingrg/all/function/internal_message.html?_=1668740221069&CODE_STATE=getMsg HTTP/1.1" 200 27
116.238.139.35 - - [18/Nov/2022:10:59:31 +0800] "POST /xingrg/kc/base/wldb_order_operate.html HTTP/1.1" 200 12
116.238.139.35 - - [18/Nov/2022:10:59:31 +0800] "POST /xingrg/kc/base/wldb_order_operate.html HTTP/1.1" 200 2196
180.162.229.95 - - [18/Nov/2022:10:59:32 +0800] "GET /xingrg/kc/buy/cgsh_order_operate.html?command=get_materiel&rest_code=00102&code=00101008223&supplier_code=00100008&order_time=2022-11-18 HTTP/1.1" 200 412
180.169.147.146 - - [18/Nov/2022:10:59:33 +0800] "GET /xingrg/kc/buy/cgsh_order_operate.html?command=get_materiel&rest_code=00147&code=00101008190&supplier_code=00100007&order_time=2022-11-18 HTTP/1.1" 200 412
116.238.139.35 - - [18/Nov/2022:10:59:36 +0800] "GET /xingrg/kc/base/wldb_order_info.html?code=422022111801442 HTTP/1.1" 200 26269
116.238.139.35 - - [18/Nov/2022:10:59:36 +0800] "GET /xingrg/javascript/easyui/themes/default/validatebox.css HTTP/1.1" 404 1104
116.238.139.35 - - [18/Nov/2022:10:59:37 +0800] "POST /xingrg/kc/base/wldb_order_operate.html HTTP/1.1" 200 490
120.253.135.82 - - [18/Nov/2022:10:59:39 +0800] "GET /xingrg/kc/buy/cgsh_order_operate.html?command=get_materiel&rest_code=00101&code=00102002045&supplier_code=00100399&order_time=2022-11-18 HTTP/1.1" 200 412
180.169.147.146 - - [18/Nov/2022:10:59:41 +0800] "GET /xingrg/kc/buy/cgsh_order_operate.html?command=get_materiel&rest_code=00147&code=00101008355&supplier_code=00100007&order_time=2022-11-18 HTTP/1.1" 200 408
120.253.135.82 - - [18/Nov/2022:10:59:42 +0800] "GET /xingrg/all/function/internal_message.html?_=1668739854491&CODE_STATE=getMsg HTTP/1.1" 200 27
114.84.81.136 - - [18/Nov/2022:10:59:42 +0800] "GET /xingrg/all/function/internal_message.html?_=1668740390808&CODE_STATE=getMsg HTTP/1.1" 200 27
116.238.139.35 - - [18/Nov/2022:10:59:43 +0800] "GET /xingrg/kc/buy/cgsh_order_add.html HTTP/1.1" 200 69510
116.238.139.35 - - [18/Nov/2022:10:59:43 +0800] "POST /xingrg/kc/buy/cgsh_order_operate.html HTTP/1.1" 200 8245
116.238.139.35 - - [18/Nov/2022:10:59:43 +0800] "GET /xingrg/all/common/auto_word.html?type=employee&rest_code=00150 HTTP/1.1" 200 159
116.238.139.35 - - [18/Nov/2022:10:59:43 +0800] "GET /xingrg/all/common/auto_word.html?type=employee&rest_code=00150 HTTP/1.1" 200 159
116.238.139.35 - - [18/Nov/2022:10:59:43 +0800] "GET /xingrg/javascript/easyui/themes/default/validatebox.css HTTP/1.1" 404 1104
114.83.219.57 - - [18/Nov/2022:10:59:43 +0800] "GET /xingrg/all/function/internal_message.html?_=1668740506100&CODE_STATE=getMsg HTTP/1.1" 200 27
114.88.159.190 - - [18/Nov/2022:10:59:44 +0800] "GET /xingrg/all/function/internal_message.html?_=1668739992508&CODE_STATE=getMsg HTTP/1.1" 200 27
114.83.219.57 - - [18/Nov/2022:10:59:44 +0800] "GET /xingrg/check_reg.html?_=1668740507319 HTTP/1.1" 200 22
180.162.229.95 - - [18/Nov/2022:10:59:45 +0800] "GET /xingrg/all/function/internal_message.html?_=1668740384959&CODE_STATE=getMsg HTTP/1.1" 200 27
61.170.233.161 - - [18/Nov/2022:10:59:45 +0800] "GET /xingrg/kc/buy/cgsh_order_operate.html?command=get_materiel&rest_code=00106&code=00101001111&supplier_code=00100032&order_time=2022-11-18 HTTP/1.1" 200 409
116.238.139.35 - - [18/Nov/2022:10:59:45 +0800] "GET /xingrg/javascript/auto/indicator.gif HTTP/1.1" 404 1066
180.169.147.146 - - [18/Nov/2022:10:59:47 +0800] "GET /xingrg/kc/buy/cgsh_order_operate.html?command=get_materiel&rest_code=00147&code=00101008264&supplier_code=00100007&order_time=2022-11-18 HTTP/1.1" 200 412
218.81.217.29 - - [18/Nov/2022:10:59:49 +0800] "GET /xingrg/all/function/internal_message.html?_=1668740407609&CODE_STATE=getMsg HTTP/1.1" 200 27
180.162.229.95 - - [18/Nov/2022:10:59:50 +0800] "GET /xingrg/kc/buy/cgsh_order_operate.html?command=get_materiel&rest_code=00102&code=00101008168&supplier_code=00100008&order_time=2022-11-18 HTTP/1.1" 200 412
222.70.183.206 - - [18/Nov/2022:10:59:53 +0800] "GET /xingrg/all/function/internal_message.html?_=1668740393192&CODE_STATE=getMsg HTTP/1.1" 200 27
222.70.183.206 - - [18/Nov/2022:10:59:53 +0800] "GET /xingrg/check_reg.html?_=1668740393187 HTTP/1.1" 200 22
180.169.147.146 - - [18/Nov/2022:10:59:55 +0800] "GET /xingrg/kc/buy/cgsh_order_operate.html?command=get_materiel&rest_code=00147&code=00101015004&supplier_code=00100007&order_time=2022-11-18 HTTP/1.1" 200 408
116.238.139.35 - - [18/Nov/2022:10:59:55 +0800] "GET /xingrg/kc/buy/cgsh_order_operate.html?command=get_materiel&rest_code=00150&code=00101009062&supplier_code=00100022&order_time=2022-11-18 HTTP/1.1" 200 412
101.85.95.132 - - [18/Nov/2022:10:59:56 +0800] "GET /xingrg/all/function/internal_message.html?_=1668740396177&CODE_STATE=getMsg HTTP/1.1" 200 27
180.162.229.95 - - [18/Nov/2022:10:59:59 +0800] "GET /xingrg/kc/buy/cgsh_order_operate.html?command=get_materiel&rest_code=00102&code=00101008145&supplier_code=00100008&order_time=2022-11-18 HTTP/1.1" 200 416
180.162.229.95 - - [18/Nov/2022:11:00:01 +0800] "POST /xingrg/kc/buy/cgsh_order_operate.html HTTP/1.1" 200 2065
180.162.229.95 - - [18/Nov/2022:11:00:02 +0800] "GET /xingrg/all/function/internal_message.html?_=1668740426642&CODE_STATE=getMsg HTTP/1.1" 200 27
180.169.147.146 - - [18/Nov/2022:11:00:02 +0800] "GET /xingrg/kc/buy/cgsh_order_operate.html?command=get_materiel&rest_code=00147&code=00101008360&supplier_code=00100007&order_time=2022-11-18 HTTP/1.1" 200 432
180.162.229.95 - - [18/Nov/2022:11:00:05 +0800] "GET /xingrg/kc/buy/cgsh_order_operate.html?command=get_materiel&rest_code=00102&code=00101008061&supplier_code=00100008&order_time=2022-11-18 HTTP/1.1" 200 422
116.238.139.35 - - [18/Nov/2022:11:00:05 +0800] "GET /xingrg/kc/buy/cgsh_order_list.html HTTP/1.1" 200 53723
116.238.139.35 - - [18/Nov/2022:11:00:06 +0800] "POST /xingrg/kc/buy/cgsh_list_operate.html HTTP/1.1" 200 986
172.20.0.100 - - [18/Nov/2022:11:00:07 +0800] "GET /xingrg/check_reg.html?_=1668740407596 HTTP/1.1" 200 22
172.20.0.100 - - [18/Nov/2022:11:00:07 +0800] "GET /xingrg/all/function/internal_message.html?_=1668740407598&CODE_STATE=getMsg HTTP/1.1" 200 27
116.238.139.35 - - [18/Nov/2022:11:00:07 +0800] "GET /xingrg/kc/buy/cgsh_order_add.html HTTP/1.1" 200 69498
116.238.139.35 - - [18/Nov/2022:11:00:07 +0800] "GET /xingrg/all/common/auto_word.html?type=employee&rest_code=00150 HTTP/1.1" 200 159
116.238.139.35 - - [18/Nov/2022:11:00:07 +0800] "GET /xingrg/javascript/easyui/themes/default/validatebox.css HTTP/1.1" 404 1104
116.238.139.35 - - [18/Nov/2022:11:00:07 +0800] "GET /xingrg/all/common/auto_word.html?type=employee&rest_code=00150 HTTP/1.1" 200 159
116.238.139.35 - - [18/Nov/2022:11:00:07 +0800] "POST /xingrg/kc/buy/cgsh_order_operate.html HTTP/1.1" 200 8245
116.238.139.35 - - [18/Nov/2022:11:00:09 +0800] "GET /xingrg/kc/buy/cgsh_order_operate.html?command=get_materiel&rest_code=00150&code=00101009045&supplier_code=00100022&order_time=2022-11-18 HTTP/1.1" 200 413
180.162.229.95 - - [18/Nov/2022:11:00:10 +0800] "GET /xingrg/all/function/internal_message.html?_=1668740418100&CODE_STATE=getMsg HTTP/1.1" 200 27
180.162.229.95 - - [18/Nov/2022:11:00:12 +0800] "GET /xingrg/kc/buy/cgsh_order_operate.html?command=get_materiel&rest_code=00102&code=00101015147&supplier_code=00100008&order_time=2022-11-18 HTTP/1.1" 200 410
180.163.30.85 - - [18/Nov/2022:11:00:12 +0800] "GET /xingrg/kc/buy/cgsh_order_operate.html?command=get_materiel&rest_code=00106&code=00101010248&supplier_code=00100032&order_time=2022-11-18 HTTP/1.1" 302 -
180.163.30.85 - - [18/Nov/2022:11:00:12 +0800] "GET /xingrg/login.html HTTP/1.1" 200 7641
114.95.46.117 - - [18/Nov/2022:11:00:12 +0800] "GET /xingrg/all/function/internal_message.html?_=1668740414159&CODE_STATE=getMsg HTTP/1.1" 200 27
180.169.147.146 - - [18/Nov/2022:11:00:13 +0800] "GET /xingrg/kc/buy/cgsh_order_operate.html?command=get_materiel&rest_code=00147&code=00101008196&supplier_code=00100007&order_time=2022-11-18 HTTP/1.1" 200 416
116.230.105.139 - - [18/Nov/2022:11:00:14 +0800] "GET /xingrg/check_reg.html?_=1668740411081 HTTP/1.1" 200 22
116.238.139.35 - - [18/Nov/2022:11:00:17 +0800] "GET /xingrg/all/function/internal_message.html?_=1668740330504&CODE_STATE=getMsg HTTP/1.1" 200 27
61.170.233.161 - - [18/Nov/2022:11:00:17 +0800] "GET /xingrg/all/function/internal_message.html?_=1668740412283&CODE_STATE=getMsg HTTP/1.1" 200 27
61.170.233.161 - - [18/Nov/2022:11:00:17 +0800] "GET /xingrg/check_reg.html?_=1668740412282 HTTP/1.1" 200 22
114.83.218.138 - - [18/Nov/2022:11:00:19 +0800] "POST /xingrg/services/DataTransmitService HTTP/1.1" 200 524
180.162.229.95 - - [18/Nov/2022:11:00:19 +0800] "GET /xingrg/kc/buy/cgsh_order_operate.html?command=get_materiel&rest_code=00102&code=00101015066&supplier_code=00100008&order_time=2022-11-18 HTTP/1.1" 200 413
116.238.139.35 - - [18/Nov/2022:11:00:19 +0800] "GET /xingrg/kc/buy/cgsh_order_operate.html?command=get_materiel&rest_code=00150&code=00101009011&supplier_code=00100022&order_time=2022-11-18 HTTP/1.1" 200 416
114.83.218.138 - - [18/Nov/2022:11:00:20 +0800] "POST /xingrg/services/DataTransmitService HTTP/1.1" 200 412
180.169.147.146 - - [18/Nov/2022:11:00:21 +0800] "GET /xingrg/kc/buy/cgsh_order_operate.html?command=get_materiel&rest_code=00147&code=00101008197&supplier_code=00100007&order_time=2022-11-18 HTTP/1.1" 200 416
116.235.93.82 - - [18/Nov/2022:11:00:21 +0800] "GET /xingrg/all/function/internal_message.html?_=1668740639139&CODE_STATE=getMsg HTTP/1.1" 200 27
61.170.233.161 - - [18/Nov/2022:11:00:22 +0800] "GET /xingrg/all/function/internal_message.html?_=1668740425691&CODE_STATE=getMsg HTTP/1.1" 200 27
116.230.105.139 - - [18/Nov/2022:11:00:22 +0800] "GET /xingrg/all/function/internal_message.html?_=1668740419159&CODE_STATE=getMsg HTTP/1.1" 200 27
180.163.28.109 - - [18/Nov/2022:11:00:24 +0800] "GET /xingrg/kc/buy/cgsh_order_operate.html?command=get_materiel&rest_code=00106&code=00101012070&supplier_code=00100032&order_time=2022-11-18 HTTP/1.1" 302 -
180.163.28.109 - - [18/Nov/2022:11:00:24 +0800] "GET /xingrg/login.html HTTP/1.1" 200 7641
116.230.105.139 - - [18/Nov/2022:11:00:26 +0800] "GET /xingrg/all/function/internal_message.html?_=1668740427093&CODE_STATE=getMsg HTTP/1.1" 200 27
180.169.147.146 - - [18/Nov/2022:11:00:27 +0800] "GET /xingrg/all/function/internal_message.html?_=1668740426593&CODE_STATE=getMsg HTTP/1.1" 200 27
116.238.139.35 - - [18/Nov/2022:11:00:28 +0800] "GET /xingrg/all/function/internal_message.html?_=1668740431404&CODE_STATE=getMsg HTTP/1.1" 200 27
116.238.139.35 - - [18/Nov/2022:11:00:29 +0800] "GET /xingrg/kc/buy/cgsh_order_operate.html?command=get_materiel&rest_code=00150&code=00101009016&supplier_code=00100022&order_time=2022-11-18 HTTP/1.1" 200 412
120.253.135.82 - - [18/Nov/2022:11:00:29 +0800] "GET /xingrg/all/function/internal_message.html?_=1668740230541&CODE_STATE=getMsg HTTP/1.1" 200 27
180.169.147.146 - - [18/Nov/2022:11:00:29 +0800] "GET /xingrg/kc/buy/cgsh_order_operate.html?command=get_materiel&rest_code=00147&code=00101008069&supplier_code=00100007&order_time=2022-11-18 HTTP/1.1" 200 412
114.84.81.136 - - [18/Nov/2022:11:00:30 +0800] "GET /xingrg/all/function/internal_message.html?_=1668740431050&CODE_STATE=getMsg HTTP/1.1" 200 27
124.79.74.72 - - [18/Nov/2022:11:00:30 +0800] "GET /xingrg/all/function/internal_message.html?_=1668740435036&CODE_STATE=getMsg HTTP/1.1" 200 27
124.79.74.72 - - [18/Nov/2022:11:00:30 +0800] "GET /xingrg/check_reg.html?_=1668740435044 HTTP/1.1" 200 22
114.95.46.117 - - [18/Nov/2022:11:00:30 +0800] "GET /xingrg/all/function/internal_message.html?_=1668740281076&CODE_STATE=getMsg HTTP/1.1" 200 27
116.238.139.35 - - [18/Nov/2022:11:00:32 +0800] "GET /xingrg/kc/buy/cgsh_order_operate.html?command=get_materiel&rest_code=00150&code=00101029020&supplier_code=00100018&order_time=2022-11-18 HTTP/1.1" 200 460
180.169.147.146 - - [18/Nov/2022:11:00:36 +0800] "GET /xingrg/kc/buy/cgsh_order_operate.html?command=get_materiel&rest_code=00147&code=00101008286&supplier_code=00100007&order_time=2022-11-18 HTTP/1.1" 200 408
116.238.139.35 - - [18/Nov/2022:11:00:37 +0800] "GET /xingrg/kc/buy/cgsh_order_operate.html?command=get_materiel&rest_code=00150&code=00101009066&supplier_code=00100022&order_time=2022-11-18 HTTP/1.1" 200 416
120.253.135.82 - - [18/Nov/2022:11:00:38 +0800] "GET /xingrg/kc/buy/cgsh_order_operate.html?command=get_materiel&rest_code=00101&code=00102015103&supplier_code=00100399&order_time=2022-11-18 HTTP/1.1" 200 437
58.221.95.50 - - [18/Nov/2022:11:00:39 +0800] "GET /xingrg/check_reg.html?_=1668740424215 HTTP/1.1" 302 -
120.253.135.82 - - [18/Nov/2022:11:00:42 +0800] "GET /xingrg/all/function/internal_message.html?_=1668739914519&CODE_STATE=getMsg HTTP/1.1" 200 27
114.84.81.136 - - [18/Nov/2022:11:00:42 +0800] "GET /xingrg/all/function/internal_message.html?_=1668740450833&CODE_STATE=getMsg HTTP/1.1" 200 27
180.163.29.219 - - [18/Nov/2022:11:00:42 +0800] "GET /xingrg/kc/buy/cgsh_order_operate.html?command=get_materiel&rest_code=00106&code=00101001111&supplier_code=00100032&order_time=2022-11-18 HTTP/1.1" 302 -
180.163.29.219 - - [18/Nov/2022:11:00:43 +0800] "GET /xingrg/login.html HTTP/1.1" 200 7641
114.83.219.57 - - [18/Nov/2022:11:00:43 +0800] "GET /xingrg/all/function/internal_message.html?_=1668740566081&CODE_STATE=getMsg HTTP/1.1" 200 27
114.88.159.190 - - [18/Nov/2022:11:00:44 +0800] "GET /xingrg/all/function/internal_message.html?_=1668740052498&CODE_STATE=getMsg HTTP/1.1" 200 27
116.238.139.35 - - [18/Nov/2022:11:00:44 +0800] "GET /xingrg/kc/buy/cgsh_order_operate.html?command=get_materiel&rest_code=00150&code=00101029115&supplier_code=00100018&order_time=2022-11-18 HTTP/1.1" 200 420
180.162.229.95 - - [18/Nov/2022:11:00:45 +0800] "GET /xingrg/all/function/internal_message.html?_=1668740444931&CODE_STATE=getMsg HTTP/1.1" 200 27
180.169.147.146 - - [18/Nov/2022:11:00:46 +0800] "GET /xingrg/kc/buy/cgsh_order_operate.html?command=get_materiel&rest_code=00147&code=00101007061&supplier_code=00100007&order_time=2022-11-18 HTTP/1.1" 200 409
180.169.147.146 - - [18/Nov/2022:11:00:46 +0800] "GET /xingrg/system/info/materiel_import.html?isSelect=1&singleSelect=false HTTP/1.1" 200 5600
180.169.147.146 - - [18/Nov/2022:11:00:47 +0800] "GET /xingrg/css/xtree.css HTTP/1.1" 304 -
180.169.147.146 - - [18/Nov/2022:11:00:47 +0800] "GET /xingrg/javascript/jquery_ui/themes/base/base.css HTTP/1.1" 304 -
180.169.147.146 - - [18/Nov/2022:11:00:47 +0800] "GET /xingrg/javascript/jquery_easy_ui/themes/default/images/button_span_bg.gif HTTP/1.1" 304 -
180.169.147.146 - - [18/Nov/2022:11:00:47 +0800] "GET /xingrg/javascript/jquery_easy_ui/themes/icons/search.png HTTP/1.1" 304 -
180.169.147.146 - - [18/Nov/2022:11:00:47 +0800] "GET /xingrg/javascript/jquery_easy_ui/themes/icons/edit_add.png HTTP/1.1" 304 -
180.169.147.146 - - [18/Nov/2022:11:00:47 +0800] "GET /xingrg/javascript/jquery_easy_ui/themes/default/images/datagrid_header_bg.gif HTTP/1.1" 304 -
180.169.147.146 - - [18/Nov/2022:11:00:47 +0800] "POST /xingrg/all/common/load_tree.html?tree=materiel_sort_tree_json HTTP/1.1" 200 9500
180.169.147.146 - - [18/Nov/2022:11:00:47 +0800] "GET /xingrg/javascript/jquery_easy_ui/themes/default/images/pagination_first.gif HTTP/1.1" 304 -
180.169.147.146 - - [18/Nov/2022:11:00:47 +0800] "GET /xingrg/javascript/jquery_easy_ui/themes/default/images/pagination_prev.gif HTTP/1.1" 304 -
180.169.147.146 - - [18/Nov/2022:11:00:47 +0800] "GET /xingrg/javascript/jquery_easy_ui/themes/default/images/pagination_next.gif HTTP/1.1" 304 -
180.169.147.146 - - [18/Nov/2022:11:00:47 +0800] "GET /xingrg/javascript/jquery_easy_ui/themes/default/images/pagination_last.gif HTTP/1.1" 304 -
180.169.147.146 - - [18/Nov/2022:11:00:47 +0800] "GET /xingrg/javascript/jquery_easy_ui/themes/default/images/pagination_load.png HTTP/1.1" 304 -
180.169.147.146 - - [18/Nov/2022:11:00:47 +0800] "GET /favicon.ico HTTP/1.1" 404 -
180.162.229.95 - - [18/Nov/2022:11:00:48 +0800] "POST /xingrg/kc/buy/cgsh_order_operate.html HTTP/1.1" 200 2065
218.81.217.29 - - [18/Nov/2022:11:00:49 +0800] "GET /xingrg/all/function/internal_message.html?_=1668740467957&CODE_STATE=getMsg HTTP/1.1" 200 27
222.70.183.206 - - [18/Nov/2022:11:00:53 +0800] "GET /xingrg/all/function/internal_message.html?_=1668740453191&CODE_STATE=getMsg HTTP/1.1" 200 27
180.169.147.146 - - [18/Nov/2022:11:00:55 +0800] "GET /xingrg/kc/buy/cgsh_order_operate.html?command=get_materiel&rest_code=00147&code=00101008152&supplier_code=00100007&order_time=2022-11-18 HTTP/1.1" 200 408
180.162.229.95 - - [18/Nov/2022:11:00:55 +0800] "GET /xingrg/kc/buy/cgsh_order_operate.html?command=get_materiel&rest_code=00102&code=00101008072&supplier_code=00100008&order_time=2022-11-18 HTTP/1.1" 200 408
101.85.95.132 - - [18/Nov/2022:11:00:56 +0800] "GET /xingrg/all/function/internal_message.html?_=1668740456186&CODE_STATE=getMsg HTTP/1.1" 200 27
180.162.229.95 - - [18/Nov/2022:11:01:02 +0800] "GET /xingrg/check_reg.html?_=1668740486564 HTTP/1.1" 200 22
218.81.217.29 - - [18/Nov/2022:11:01:02 +0800] "GET /xingrg/check_reg.html?_=1668740480541 HTTP/1.1" 200 22
180.162.229.95 - - [18/Nov/2022:11:01:02 +0800] "GET /xingrg/all/function/internal_message.html?_=1668740486621&CODE_STATE=getMsg HTTP/1.1" 200 27
180.169.147.146 - - [18/Nov/2022:11:01:02 +0800] "GET /xingrg/kc/buy/cgsh_order_operate.html?command=get_materiel&rest_code=00147&code=00101008296&supplier_code=00100007&order_time=2022-11-18 HTTP/1.1" 200 416
180.162.229.95 - - [18/Nov/2022:11:01:02 +0800] "GET /xingrg/kc/buy/cgsh_order_operate.html?command=get_materiel&rest_code=00102&code=00101008331&supplier_code=00100008&order_time=2022-11-18 HTTP/1.1" 200 416
180.169.147.146 - - [18/Nov/2022:11:01:06 +0800] "POST /xingrg/kc/buy/cgsh_order_operate.html HTTP/1.1" 200 2065
172.20.0.100 - - [18/Nov/2022:11:01:07 +0800] "GET /xingrg/all/function/internal_message.html?_=1668740467592&CODE_STATE=getMsg HTTP/1.1" 200 27
61.170.233.161 - - [18/Nov/2022:11:01:07 +0800] "GET /xingrg/kc/buy/cgsh_order_operate.html?command=get_materiel&rest_code=00106&code=00101002027&supplier_code=00100032&order_time=2022-11-18 HTTP/1.1" 200 433
180.162.229.95 - - [18/Nov/2022:11:01:10 +0800] "GET /xingrg/all/function/internal_message.html?_=1668740478102&CODE_STATE=getMsg HTTP/1.1" 200 27
180.169.147.146 - - [18/Nov/2022:11:01:11 +0800] "GET /xingrg/kc/buy/cgsh_order_operate.html?command=get_materiel&rest_code=00147&code=00101008318&supplier_code=00100007&order_time=2022-11-18 HTTP/1.1" 200 408
180.162.229.95 - - [18/Nov/2022:11:01:12 +0800] "GET /xingrg/kc/buy/cgsh_order_operate.html?command=get_materiel&rest_code=00102&code=00101008003&supplier_code=00100008&order_time=2022-11-18 HTTP/1.1" 200 408
114.95.46.117 - - [18/Nov/2022:11:01:12 +0800] "GET /xingrg/all/function/internal_message.html?_=1668740474135&CODE_STATE=getMsg HTTP/1.1" 200 27
114.95.46.117 - - [18/Nov/2022:11:01:15 +0800] "GET /xingrg/check_reg.html?_=1668740476478 HTTP/1.1" 200 22
116.238.139.35 - - [18/Nov/2022:11:01:17 +0800] "GET /xingrg/all/function/internal_message.html?_=1668740390519&CODE_STATE=getMsg HTTP/1.1" 200 27
180.163.30.85 - - [18/Nov/2022:11:01:17 +0800] "GET /xingrg/all/function/internal_message.html?_=1668740412283&CODE_STATE=getMsg HTTP/1.1" 302 -
180.163.30.85 - - [18/Nov/2022:11:01:17 +0800] "GET /xingrg/login.html HTTP/1.1" 200 7641
180.163.28.68 - - [18/Nov/2022:11:01:17 +0800] "GET /xingrg/check_reg.html?_=1668740412282 HTTP/1.1" 302 -
180.163.28.68 - - [18/Nov/2022:11:01:17 +0800] "GET /xingrg/login.html HTTP/1.1" 200 7641
180.162.229.95 - - [18/Nov/2022:11:01:17 +0800] "GET /xingrg/kc/buy/cgsh_order_operate.html?command=get_materiel&rest_code=00102&code=00101008126&supplier_code=00100008&order_time=2022-11-18 HTTP/1.1" 200 413
61.170.233.161 - - [18/Nov/2022:11:01:17 +0800] "GET /xingrg/all/function/internal_message.html?_=1668740472256&CODE_STATE=getMsg HTTP/1.1" 200 27
61.170.233.161 - - [18/Nov/2022:11:01:18 +0800] "GET /xingrg/kc/buy/cgsh_order_operate.html?command=get_materiel&rest_code=00106&code=00101016105&supplier_code=00100032&order_time=2022-11-18 HTTP/1.1" 200 409
180.169.147.146 - - [18/Nov/2022:11:01:19 +0800] "GET /xingrg/kc/buy/cgsh_order_operate.html?command=get_materiel&rest_code=00147&code=00101008352&supplier_code=00100007&order_time=2022-11-18 HTTP/1.1" 200 412
116.235.93.82 - - [18/Nov/2022:11:01:21 +0800] "GET /xingrg/all/function/internal_message.html?_=1668740699137&CODE_STATE=getMsg HTTP/1.1" 200 27
61.170.233.161 - - [18/Nov/2022:11:01:22 +0800] "GET /xingrg/all/function/internal_message.html?_=1668740485662&CODE_STATE=getMsg HTTP/1.1" 200 27
116.230.105.139 - - [18/Nov/2022:11:01:22 +0800] "GET /xingrg/all/function/internal_message.html?_=1668740479150&CODE_STATE=getMsg HTTP/1.1" 200 27
116.230.105.139 - - [18/Nov/2022:11:01:26 +0800] "GET /xingrg/all/function/internal_message.html?_=1668740487083&CODE_STATE=getMsg HTTP/1.1" 200 27
180.169.147.146 - - [18/Nov/2022:11:01:27 +0800] "GET /xingrg/all/function/internal_message.html?_=1668740486586&CODE_STATE=getMsg HTTP/1.1" 200 27
180.169.147.146 - - [18/Nov/2022:11:01:27 +0800] "GET /xingrg/kc/buy/cgsh_order_operate.html?command=get_materiel&rest_code=00147&code=00101008353&supplier_code=00100007&order_time=2022-11-18 HTTP/1.1" 200 408
116.238.139.35 - - [18/Nov/2022:11:01:28 +0800] "GET /xingrg/all/function/internal_message.html?_=1668740491384&CODE_STATE=getMsg HTTP/1.1" 200 27
180.162.229.95 - - [18/Nov/2022:11:01:29 +0800] "GET /xingrg/kc/buy/cgsh_order_operate.html?command=get_materiel&rest_code=00102&code=00101008361&supplier_code=00100008&order_time=2022-11-18 HTTP/1.1" 200 408
120.253.135.82 - - [18/Nov/2022:11:01:29 +0800] "GET /xingrg/all/function/internal_message.html?_=1668740290597&CODE_STATE=getMsg HTTP/1.1" 200 27
114.84.81.136 - - [18/Nov/2022:11:01:30 +0800] "GET /xingrg/all/function/internal_message.html?_=1668740491052&CODE_STATE=getMsg HTTP/1.1" 200 27
124.79.74.72 - - [18/Nov/2022:11:01:30 +0800] "GET /xingrg/all/function/internal_message.html?_=1668740495043&CODE_STATE=getMsg HTTP/1.1" 200 27
114.95.46.117 - - [18/Nov/2022:11:01:30 +0800] "GET /xingrg/all/function/internal_message.html?_=1668740341065&CODE_STATE=getMsg HTTP/1.1" 200 27
180.162.229.95 - - [18/Nov/2022:11:01:32 +0800] "POST /xingrg/kc/buy/cgsh_order_operate.html HTTP/1.1" 200 2065
116.238.139.35 - - [18/Nov/2022:11:01:34 +0800] "GET /xingrg/kc/buy/cgsh_order_operate.html?command=get_materiel&rest_code=00150&code=00101009124&supplier_code=00100022&order_time=2022-11-18 HTTP/1.1" 200 416
180.169.147.146 - - [18/Nov/2022:11:01:34 +0800] "GET /xingrg/kc/buy/cgsh_order_operate.html?command=get_materiel&rest_code=00147&code=00101008134&supplier_code=00100007&order_time=2022-11-18 HTTP/1.1" 200 412
116.238.139.35 - - [18/Nov/2022:11:01:36 +0800] "GET /xingrg/kc/buy/cgsh_order_operate.html?command=get_materiel&rest_code=00150&code=00101028005&supplier_code=00100018&order_time=2022-11-18 HTTP/1.1" 200 434
180.162.229.95 - - [18/Nov/2022:11:01:36 +0800] "GET /xingrg/kc/buy/cgsh_order_operate.html?command=get_materiel&rest_code=00102&code=00101008355&supplier_code=00100008&order_time=2022-11-18 HTTP/1.1" 200 408
120.253.135.82 - - [18/Nov/2022:11:01:42 +0800] "GET /xingrg/all/function/internal_message.html?_=1668739974522&CODE_STATE=getMsg HTTP/1.1" 200 27
114.84.81.136 - - [18/Nov/2022:11:01:42 +0800] "GET /xingrg/all/function/internal_message.html?_=1668740510831&CODE_STATE=getMsg HTTP/1.1" 200 27
114.83.219.57 - - [18/Nov/2022:11:01:43 +0800] "GET /xingrg/all/function/internal_message.html?_=1668740626103&CODE_STATE=getMsg HTTP/1.1" 200 27
180.169.147.146 - - [18/Nov/2022:11:01:44 +0800] "GET /xingrg/kc/buy/cgsh_order_operate.html?command=get_materiel&rest_code=00147&code=00101008411&supplier_code=00100007&order_time=2022-11-18 HTTP/1.1" 200 413
114.88.159.190 - - [18/Nov/2022:11:01:44 +0800] "GET /xingrg/all/function/internal_message.html?_=1668740112511&CODE_STATE=getMsg HTTP/1.1" 200 27
180.162.229.95 - - [18/Nov/2022:11:01:45 +0800] "GET /xingrg/all/function/internal_message.html?_=1668740504928&CODE_STATE=getMsg HTTP/1.1" 200 27
180.169.147.146 - - [18/Nov/2022:11:01:48 +0800] "POST /xingrg/kc/buy/cgsh_order_operate.html HTTP/1.1" 200 2065
116.238.139.35 - - [18/Nov/2022:11:01:48 +0800] "GET /xingrg/kc/buy/cgsh_order_operate.html?command=get_materiel&rest_code=00150&code=00101027016&supplier_code=00100018&order_time=2022-11-18 HTTP/1.1" 200 462
120.253.135.82 - - [18/Nov/2022:11:01:48 +0800] "GET /xingrg/kc/buy/cgsh_order_operate.html?command=get_materiel&rest_code=00101&code=00102015055&supplier_code=00100399&order_time=2022-11-18 HTTP/1.1" 200 436
218.81.217.29 - - [18/Nov/2022:11:01:49 +0800] "GET /xingrg/all/function/internal_message.html?_=1668740527964&CODE_STATE=getMsg HTTP/1.1" 200 27
222.70.183.206 - - [18/Nov/2022:11:01:53 +0800] "GET /xingrg/all/function/internal_message.html?_=1668740513190&CODE_STATE=getMsg HTTP/1.1" 200 27
101.85.95.132 - - [18/Nov/2022:11:01:56 +0800] "GET /xingrg/all/function/internal_message.html?_=1668740516186&CODE_STATE=getMsg HTTP/1.1" 200 27
116.238.139.35 - - [18/Nov/2022:11:01:57 +0800] "GET /xingrg/kc/buy/cgsh_order_operate.html?command=get_materiel&rest_code=00150&code=00101009031&supplier_code=00100022&order_time=2022-11-18 HTTP/1.1" 200 408
