218.81.217.29 - - [18/Nov/2022:11:28:52 +0800] "GET /xingrg/all/function/internal_message.html?_=1668742151366&CODE_STATE=getMsg HTTP/1.1" 200 27
222.70.183.206 - - [18/Nov/2022:11:28:53 +0800] "GET /xingrg/all/function/internal_message.html?_=1668742133216&CODE_STATE=getMsg HTTP/1.1" 200 27
101.85.95.132 - - [18/Nov/2022:11:28:56 +0800] "GET /xingrg/check_reg.html?_=1668742136198 HTTP/1.1" 200 22
101.85.95.132 - - [18/Nov/2022:11:28:57 +0800] "GET /xingrg/all/function/internal_message.html?_=1668742136203&CODE_STATE=getMsg HTTP/1.1" 200 27
180.162.229.95 - - [18/Nov/2022:11:29:01 +0800] "GET /xingrg/all/function/internal_message.html?_=1668742166580&CODE_STATE=getMsg HTTP/1.1" 200 27
180.169.147.146 - - [18/Nov/2022:11:29:03 +0800] "POST /xingrg/dwr/call/plaincall/AjaxYddbService.saveOrder.dwr HTTP/1.1" 200 78
180.169.147.146 - - [18/Nov/2022:11:29:06 +0800] "POST /xingrg/dwr/call/plaincall/AjaxComOrderService.getMaterielSearchList.dwr HTTP/1.1" 200 76
172.20.0.100 - - [18/Nov/2022:11:29:07 +0800] "GET /xingrg/all/function/internal_message.html?_=1668742147597&CODE_STATE=getMsg HTTP/1.1" 200 27
180.169.147.146 - - [18/Nov/2022:11:29:07 +0800] "POST /xingrg/dwr/call/plaincall/AjaxComOrderService.getMaterielSearchList.dwr HTTP/1.1" 200 76
180.169.147.146 - - [18/Nov/2022:11:29:07 +0800] "POST /xingrg/dwr/call/plaincall/AjaxComOrderService.getMaterielSearchList.dwr HTTP/1.1" 200 76
180.169.147.146 - - [18/Nov/2022:11:29:08 +0800] "POST /xingrg/dwr/call/plaincall/AjaxComOrderService.getMaterielSearchList.dwr HTTP/1.1" 200 282
180.169.147.146 - - [18/Nov/2022:11:29:09 +0800] "POST /xingrg/dwr/call/plaincall/AjaxYddbService.getMaterielByMap.dwr HTTP/1.1" 200 2869
180.162.229.95 - - [18/Nov/2022:11:29:10 +0800] "GET /xingrg/all/function/internal_message.html?_=1668742158141&CODE_STATE=getMsg HTTP/1.1" 200 27
180.169.147.146 - - [18/Nov/2022:11:29:11 +0800] "POST /xingrg/dwr/call/plaincall/AjaxYddbService.saveMaterielItem.dwr HTTP/1.1" 200 78
114.95.46.117 - - [18/Nov/2022:11:29:12 +0800] "GET /xingrg/all/function/internal_message.html?_=1668742153441&CODE_STATE=getMsg HTTP/1.1" 200 27
180.169.147.146 - - [18/Nov/2022:11:29:14 +0800] "POST /xingrg/dwr/call/plaincall/AjaxComOrderService.getMaterielSearchList.dwr HTTP/1.1" 200 76
180.169.147.146 - - [18/Nov/2022:11:29:15 +0800] "POST /xingrg/dwr/call/plaincall/AjaxComOrderService.getMaterielSearchList.dwr HTTP/1.1" 200 728
180.169.147.146 - - [18/Nov/2022:11:29:16 +0800] "POST /xingrg/dwr/call/plaincall/AjaxYddbService.getMaterielByMap.dwr HTTP/1.1" 200 2868
61.170.233.161 - - [18/Nov/2022:11:29:17 +0800] "GET /xingrg/all/function/internal_message.html?_=1668742151646&CODE_STATE=getMsg HTTP/1.1" 200 27
180.163.29.206 - - [18/Nov/2022:11:29:17 +0800] "GET /xingrg/all/function/internal_message.html?_=1668742091669&CODE_STATE=getMsg HTTP/1.1" 302 -
180.163.29.206 - - [18/Nov/2022:11:29:17 +0800] "GET /xingrg/login.html HTTP/1.1" 200 7641
116.238.139.35 - - [18/Nov/2022:11:29:17 +0800] "GET /xingrg/check_reg.html?_=1668742070694 HTTP/1.1" 200 22
116.238.139.35 - - [18/Nov/2022:11:29:18 +0800] "GET /xingrg/all/function/internal_message.html?_=1668742071116&CODE_STATE=getMsg HTTP/1.1" 200 27
180.169.147.146 - - [18/Nov/2022:11:29:18 +0800] "POST /xingrg/dwr/call/plaincall/AjaxYddbService.saveMaterielItem.dwr HTTP/1.1" 200 79
180.169.147.146 - - [18/Nov/2022:11:29:21 +0800] "POST /xingrg/dwr/call/plaincall/AjaxComOrderService.getMaterielSearchList.dwr HTTP/1.1" 200 77
180.169.147.146 - - [18/Nov/2022:11:29:22 +0800] "POST /xingrg/dwr/call/plaincall/AjaxComOrderService.getMaterielSearchList.dwr HTTP/1.1" 200 77
116.235.93.82 - - [18/Nov/2022:11:29:22 +0800] "GET /xingrg/all/function/internal_message.html?_=1668742379181&CODE_STATE=getMsg HTTP/1.1" 200 27
61.170.233.161 - - [18/Nov/2022:11:29:22 +0800] "GET /xingrg/all/function/internal_message.html?_=1668742165137&CODE_STATE=getMsg HTTP/1.1" 200 27
116.230.105.139 - - [18/Nov/2022:11:29:22 +0800] "GET /xingrg/all/function/internal_message.html?_=1668742158744&CODE_STATE=getMsg HTTP/1.1" 200 27
180.169.147.146 - - [18/Nov/2022:11:29:23 +0800] "POST /xingrg/dwr/call/plaincall/AjaxComOrderService.getMaterielSearchList.dwr HTTP/1.1" 200 77
180.169.147.146 - - [18/Nov/2022:11:29:23 +0800] "POST /xingrg/dwr/call/plaincall/AjaxComOrderService.getMaterielSearchList.dwr HTTP/1.1" 200 77
180.169.147.146 - - [18/Nov/2022:11:29:24 +0800] "POST /xingrg/dwr/call/plaincall/AjaxComOrderService.getMaterielSearchList.dwr HTTP/1.1" 200 42023
116.230.105.139 - - [18/Nov/2022:11:29:26 +0800] "GET /xingrg/all/function/internal_message.html?_=1668742167085&CODE_STATE=getMsg HTTP/1.1" 200 27
180.169.147.146 - - [18/Nov/2022:11:29:27 +0800] "GET /xingrg/all/function/internal_message.html?_=1668742166659&CODE_STATE=getMsg HTTP/1.1" 200 27
180.169.147.146 - - [18/Nov/2022:11:29:27 +0800] "GET /xingrg/check_reg.html?_=1668742166661 HTTP/1.1" 200 22
180.169.147.146 - - [18/Nov/2022:11:29:27 +0800] "POST /xingrg/dwr/call/plaincall/AjaxYddbService.getMaterielByMap.dwr HTTP/1.1" 200 2859
114.84.81.136 - - [18/Nov/2022:11:29:30 +0800] "GET /xingrg/check_reg.html?_=1668742171082 HTTP/1.1" 200 22
114.84.81.136 - - [18/Nov/2022:11:29:30 +0800] "GET /xingrg/all/function/internal_message.html?_=1668742171400&CODE_STATE=getMsg HTTP/1.1" 200 27
180.169.147.146 - - [18/Nov/2022:11:29:30 +0800] "POST /xingrg/dwr/call/plaincall/AjaxYddbService.saveMaterielItem.dwr HTTP/1.1" 200 79
124.79.74.72 - - [18/Nov/2022:11:29:30 +0800] "GET /xingrg/all/function/internal_message.html?_=1668742175091&CODE_STATE=getMsg HTTP/1.1" 200 27
114.95.46.117 - - [18/Nov/2022:11:29:30 +0800] "GET /xingrg/all/function/internal_message.html?_=1668742021116&CODE_STATE=getMsg HTTP/1.1" 200 27
114.95.46.117 - - [18/Nov/2022:11:29:30 +0800] "GET /xingrg/check_reg.html?_=1668742021117 HTTP/1.1" 200 22
180.169.147.146 - - [18/Nov/2022:11:29:34 +0800] "POST /xingrg/dwr/call/plaincall/AjaxComOrderService.getMaterielSearchList.dwr HTTP/1.1" 200 77
180.169.147.146 - - [18/Nov/2022:11:29:34 +0800] "POST /xingrg/dwr/call/plaincall/AjaxComOrderService.getMaterielSearchList.dwr HTTP/1.1" 200 30775
180.169.147.146 - - [18/Nov/2022:11:29:36 +0800] "POST /xingrg/dwr/call/plaincall/AjaxYddbService.getMaterielByMap.dwr HTTP/1.1" 200 2860
180.169.147.146 - - [18/Nov/2022:11:29:39 +0800] "POST /xingrg/dwr/call/plaincall/AjaxYddbService.saveMaterielItem.dwr HTTP/1.1" 200 79
180.169.147.146 - - [18/Nov/2022:11:29:39 +0800] "POST /xingrg/dwr/call/plaincall/AjaxComOrderService.getMaterielSearchList.dwr HTTP/1.1" 200 77
120.253.135.82 - - [18/Nov/2022:11:29:41 +0800] "GET /xingrg/all/function/internal_message.html?_=1668741654055&CODE_STATE=getMsg HTTP/1.1" 200 27
114.83.219.57 - - [18/Nov/2022:11:29:43 +0800] "GET /xingrg/all/function/internal_message.html?_=1668742305696&CODE_STATE=getMsg HTTP/1.1" 200 27
180.162.229.95 - - [18/Nov/2022:11:29:44 +0800] "GET /xingrg/all/function/internal_message.html?_=1668742184439&CODE_STATE=getMsg HTTP/1.1" 200 27
114.83.219.57 - - [18/Nov/2022:11:29:44 +0800] "GET /xingrg/check_reg.html?_=1668742307317 HTTP/1.1" 200 22
180.169.147.146 - - [18/Nov/2022:11:29:46 +0800] "POST /xingrg/dwr/call/plaincall/AjaxComOrderService.getMaterielSearchList.dwr HTTP/1.1" 200 77
180.169.147.146 - - [18/Nov/2022:11:29:47 +0800] "POST /xingrg/dwr/call/plaincall/AjaxComOrderService.getMaterielSearchList.dwr HTTP/1.1" 200 674
116.238.139.35 - - [18/Nov/2022:11:29:48 +0800] "GET /xingrg/all/function/internal_message.html?_=1668742190800&CODE_STATE=getMsg HTTP/1.1" 200 27
180.169.147.146 - - [18/Nov/2022:11:29:49 +0800] "POST /xingrg/dwr/call/plaincall/AjaxYddbService.getMaterielByMap.dwr HTTP/1.1" 200 2853
114.84.81.136 - - [18/Nov/2022:11:29:51 +0800] "GET /xingrg/all/function/internal_message.html?_=1668742199425&CODE_STATE=getMsg HTTP/1.1" 200 27
218.81.217.29 - - [18/Nov/2022:11:29:52 +0800] "GET /xingrg/all/function/internal_message.html?_=1668742211372&CODE_STATE=getMsg HTTP/1.1" 200 27
180.169.147.146 - - [18/Nov/2022:11:29:53 +0800] "POST /xingrg/dwr/call/plaincall/AjaxYddbService.saveMaterielItem.dwr HTTP/1.1" 200 79
222.70.183.206 - - [18/Nov/2022:11:29:53 +0800] "GET /xingrg/check_reg.html?_=1668742193218 HTTP/1.1" 200 22
222.70.183.206 - - [18/Nov/2022:11:29:54 +0800] "GET /xingrg/all/function/internal_message.html?_=1668742193217&CODE_STATE=getMsg HTTP/1.1" 200 27
180.169.147.146 - - [18/Nov/2022:11:29:56 +0800] "POST /xingrg/dwr/call/plaincall/AjaxComOrderService.getMaterielSearchList.dwr HTTP/1.1" 200 77
101.85.95.132 - - [18/Nov/2022:11:29:56 +0800] "GET /xingrg/all/function/internal_message.html?_=1668742196203&CODE_STATE=getMsg HTTP/1.1" 200 27
180.169.147.146 - - [18/Nov/2022:11:29:57 +0800] "POST /xingrg/dwr/call/plaincall/AjaxComOrderService.getMaterielSearchList.dwr HTTP/1.1" 200 19044
180.162.229.95 - - [18/Nov/2022:11:30:01 +0800] "GET /xingrg/all/function/internal_message.html?_=1668742226581&CODE_STATE=getMsg HTTP/1.1" 200 27
180.169.147.146 - - [18/Nov/2022:11:30:02 +0800] "POST /xingrg/dwr/call/plaincall/AjaxYddbService.getMaterielByMap.dwr HTTP/1.1" 200 2893
180.169.147.146 - - [18/Nov/2022:11:30:06 +0800] "POST /xingrg/dwr/call/plaincall/AjaxYddbService.saveMaterielItem.dwr HTTP/1.1" 200 79
172.20.0.100 - - [18/Nov/2022:11:30:07 +0800] "GET /xingrg/all/function/internal_message.html?_=1668742207590&CODE_STATE=getMsg HTTP/1.1" 200 27
172.20.0.100 - - [18/Nov/2022:11:30:07 +0800] "GET /xingrg/check_reg.html?_=1668742207591 HTTP/1.1" 200 22
114.88.159.190 - - [18/Nov/2022:11:30:09 +0800] "POST /xingrg/services/DataTransmitService HTTP/1.1" 200 524
180.162.229.95 - - [18/Nov/2022:11:30:10 +0800] "GET /xingrg/all/function/internal_message.html?_=1668742218139&CODE_STATE=getMsg HTTP/1.1" 200 27
180.169.147.146 - - [18/Nov/2022:11:30:10 +0800] "POST /xingrg/dwr/call/plaincall/AjaxComOrderService.getMaterielSearchList.dwr HTTP/1.1" 200 77
114.88.159.190 - - [18/Nov/2022:11:30:11 +0800] "POST /xingrg/services/DataTransmitService HTTP/1.1" 200 2419
180.169.147.146 - - [18/Nov/2022:11:30:11 +0800] "POST /xingrg/dwr/call/plaincall/AjaxComOrderService.getMaterielSearchList.dwr HTTP/1.1" 200 1120
114.88.159.190 - - [18/Nov/2022:11:30:11 +0800] "POST /xingrg/services/DataTransmitService HTTP/1.1" 200 198523
114.95.46.117 - - [18/Nov/2022:11:30:12 +0800] "GET /xingrg/all/function/internal_message.html?_=1668742213421&CODE_STATE=getMsg HTTP/1.1" 200 27
180.169.147.146 - - [18/Nov/2022:11:30:13 +0800] "POST /xingrg/dwr/call/plaincall/AjaxYddbService.getMaterielByMap.dwr HTTP/1.1" 200 2903
116.230.105.139 - - [18/Nov/2022:11:30:14 +0800] "GET /xingrg/check_reg.html?_=1668742211083 HTTP/1.1" 200 22
61.170.233.161 - - [18/Nov/2022:11:30:17 +0800] "GET /xingrg/all/function/internal_message.html?_=1668742211627&CODE_STATE=getMsg HTTP/1.1" 200 27
180.163.29.234 - - [18/Nov/2022:11:30:17 +0800] "GET /xingrg/all/function/internal_message.html?_=1668742151646&CODE_STATE=getMsg HTTP/1.1" 302 -
180.169.147.146 - - [18/Nov/2022:11:30:17 +0800] "POST /xingrg/dwr/call/plaincall/AjaxYddbService.saveMaterielItem.dwr HTTP/1.1" 200 79
61.170.233.161 - - [18/Nov/2022:11:30:18 +0800] "GET /xingrg/check_reg.html?_=1668742212315 HTTP/1.1" 200 22
180.169.147.146 - - [18/Nov/2022:11:30:18 +0800] "POST /xingrg/dwr/call/plaincall/AjaxComOrderService.getMaterielSearchList.dwr HTTP/1.1" 200 77
116.238.139.35 - - [18/Nov/2022:11:30:18 +0800] "GET /xingrg/all/function/internal_message.html?_=1668742131129&CODE_STATE=getMsg HTTP/1.1" 200 27
180.163.29.234 - - [18/Nov/2022:11:30:20 +0800] "GET /xingrg/login.html HTTP/1.1" 200 7641
116.235.93.82 - - [18/Nov/2022:11:30:22 +0800] "GET /xingrg/all/function/internal_message.html?_=1668742439197&CODE_STATE=getMsg HTTP/1.1" 200 27
61.170.233.161 - - [18/Nov/2022:11:30:22 +0800] "GET /xingrg/all/function/internal_message.html?_=1668742225108&CODE_STATE=getMsg HTTP/1.1" 200 27
116.230.105.139 - - [18/Nov/2022:11:30:22 +0800] "GET /xingrg/all/function/internal_message.html?_=1668742218725&CODE_STATE=getMsg HTTP/1.1" 200 27
116.230.105.139 - - [18/Nov/2022:11:30:26 +0800] "GET /xingrg/all/function/internal_message.html?_=1668742227074&CODE_STATE=getMsg HTTP/1.1" 200 27
180.169.147.146 - - [18/Nov/2022:11:30:27 +0800] "GET /xingrg/all/function/internal_message.html?_=1668742226659&CODE_STATE=getMsg HTTP/1.1" 200 27
180.169.147.146 - - [18/Nov/2022:11:30:29 +0800] "POST /xingrg/dwr/call/plaincall/AjaxComOrderService.getMaterielSearchList.dwr HTTP/1.1" 200 77
114.84.81.136 - - [18/Nov/2022:11:30:30 +0800] "GET /xingrg/all/function/internal_message.html?_=1668742231385&CODE_STATE=getMsg HTTP/1.1" 200 27
180.169.147.146 - - [18/Nov/2022:11:30:30 +0800] "POST /xingrg/dwr/call/plaincall/AjaxComOrderService.getMaterielSearchList.dwr HTTP/1.1" 200 77
124.79.74.72 - - [18/Nov/2022:11:30:30 +0800] "GET /xingrg/check_reg.html?_=1668742235090 HTTP/1.1" 200 22
124.79.74.72 - - [18/Nov/2022:11:30:30 +0800] "GET /xingrg/all/function/internal_message.html?_=1668742235100&CODE_STATE=getMsg HTTP/1.1" 200 27
114.95.46.117 - - [18/Nov/2022:11:30:30 +0800] "GET /xingrg/all/function/internal_message.html?_=1668742081115&CODE_STATE=getMsg HTTP/1.1" 200 27
180.169.147.146 - - [18/Nov/2022:11:30:32 +0800] "POST /xingrg/dwr/call/plaincall/AjaxComOrderService.getMaterielSearchList.dwr HTTP/1.1" 200 801
180.169.147.146 - - [18/Nov/2022:11:30:33 +0800] "POST /xingrg/dwr/call/plaincall/AjaxYddbService.getMaterielByMap.dwr HTTP/1.1" 200 2864
180.169.147.146 - - [18/Nov/2022:11:30:36 +0800] "POST /xingrg/dwr/call/plaincall/AjaxYddbService.saveMaterielItem.dwr HTTP/1.1" 200 79
180.169.147.146 - - [18/Nov/2022:11:30:39 +0800] "POST /xingrg/dwr/call/plaincall/AjaxComOrderService.getMaterielSearchList.dwr HTTP/1.1" 200 77
58.221.95.50 - - [18/Nov/2022:11:30:39 +0800] "GET /xingrg/check_reg.html?_=1668742224476 HTTP/1.1" 302 -
180.169.147.146 - - [18/Nov/2022:11:30:40 +0800] "POST /xingrg/dwr/call/plaincall/AjaxComOrderService.getMaterielSearchList.dwr HTTP/1.1" 200 6453
120.253.135.82 - - [18/Nov/2022:11:30:41 +0800] "GET /xingrg/all/function/internal_message.html?_=1668741714028&CODE_STATE=getMsg HTTP/1.1" 200 27
180.169.147.146 - - [18/Nov/2022:11:30:42 +0800] "POST /xingrg/dwr/call/plaincall/AjaxYddbService.getMaterielByMap.dwr HTTP/1.1" 200 2854
114.83.219.57 - - [18/Nov/2022:11:30:43 +0800] "GET /xingrg/all/function/internal_message.html?_=1668742365688&CODE_STATE=getMsg HTTP/1.1" 200 27
180.162.229.95 - - [18/Nov/2022:11:30:44 +0800] "GET /xingrg/all/function/internal_message.html?_=1668742244418&CODE_STATE=getMsg HTTP/1.1" 200 27
116.238.139.35 - - [18/Nov/2022:11:30:48 +0800] "GET /xingrg/all/function/internal_message.html?_=1668742250800&CODE_STATE=getMsg HTTP/1.1" 200 27
180.169.147.146 - - [18/Nov/2022:11:30:49 +0800] "POST /xingrg/dwr/call/plaincall/AjaxYddbService.removeMaterielItem.dwr HTTP/1.1" 200 79
114.84.81.136 - - [18/Nov/2022:11:30:51 +0800] "GET /xingrg/all/function/internal_message.html?_=1668742259424&CODE_STATE=getMsg HTTP/1.1" 200 27
180.169.147.146 - - [18/Nov/2022:11:30:52 +0800] "POST /xingrg/dwr/call/plaincall/AjaxComOrderService.getMaterielSearchList.dwr HTTP/1.1" 200 77
180.169.147.146 - - [18/Nov/2022:11:30:52 +0800] "POST /xingrg/dwr/call/plaincall/AjaxComOrderService.getMaterielSearchList.dwr HTTP/1.1" 200 6453
218.81.217.29 - - [18/Nov/2022:11:30:53 +0800] "GET /xingrg/all/function/internal_message.html?_=1668742271871&CODE_STATE=getMsg HTTP/1.1" 200 27
222.70.183.206 - - [18/Nov/2022:11:30:54 +0800] "GET /xingrg/all/function/internal_message.html?_=1668742253216&CODE_STATE=getMsg HTTP/1.1" 200 27
180.169.147.146 - - [18/Nov/2022:11:30:54 +0800] "POST /xingrg/dwr/call/plaincall/AjaxYddbService.getMaterielByMap.dwr HTTP/1.1" 200 2867
101.85.95.132 - - [18/Nov/2022:11:30:56 +0800] "GET /xingrg/all/function/internal_message.html?_=1668742256204&CODE_STATE=getMsg HTTP/1.1" 200 27
180.169.147.146 - - [18/Nov/2022:11:30:57 +0800] "POST /xingrg/dwr/call/plaincall/AjaxYddbService.saveMaterielItem.dwr HTTP/1.1" 200 79
180.169.147.146 - - [18/Nov/2022:11:31:00 +0800] "POST /xingrg/dwr/call/plaincall/AjaxComOrderService.getMaterielSearchList.dwr HTTP/1.1" 200 21149
180.162.229.95 - - [18/Nov/2022:11:31:01 +0800] "GET /xingrg/check_reg.html?_=1668742286567 HTTP/1.1" 200 22
180.162.229.95 - - [18/Nov/2022:11:31:01 +0800] "GET /xingrg/all/function/internal_message.html?_=1668742286571&CODE_STATE=getMsg HTTP/1.1" 200 27
218.81.217.29 - - [18/Nov/2022:11:31:02 +0800] "GET /xingrg/check_reg.html?_=1668742280921 HTTP/1.1" 200 22
180.169.147.146 - - [18/Nov/2022:11:31:03 +0800] "POST /xingrg/dwr/call/plaincall/AjaxYddbService.getMaterielByMap.dwr HTTP/1.1" 200 2857
180.169.147.146 - - [18/Nov/2022:11:31:06 +0800] "POST /xingrg/dwr/call/plaincall/AjaxYddbService.saveMaterielItem.dwr HTTP/1.1" 200 79
172.20.0.100 - - [18/Nov/2022:11:31:07 +0800] "GET /xingrg/all/function/internal_message.html?_=1668742267607&CODE_STATE=getMsg HTTP/1.1" 200 27
180.169.147.146 - - [18/Nov/2022:11:31:08 +0800] "POST /xingrg/dwr/call/plaincall/AjaxComOrderService.getMaterielSearchList.dwr HTTP/1.1" 200 77
180.169.147.146 - - [18/Nov/2022:11:31:09 +0800] "POST /xingrg/dwr/call/plaincall/AjaxComOrderService.getMaterielSearchList.dwr HTTP/1.1" 200 2722
180.162.229.95 - - [18/Nov/2022:11:31:10 +0800] "GET /xingrg/all/function/internal_message.html?_=1668742278148&CODE_STATE=getMsg HTTP/1.1" 200 27
180.169.147.146 - - [18/Nov/2022:11:31:10 +0800] "POST /xingrg/dwr/call/plaincall/AjaxYddbService.getMaterielByMap.dwr HTTP/1.1" 200 2924
114.95.46.117 - - [18/Nov/2022:11:31:12 +0800] "GET /xingrg/all/function/internal_message.html?_=1668742273391&CODE_STATE=getMsg HTTP/1.1" 200 27
180.169.147.146 - - [18/Nov/2022:11:31:14 +0800] "POST /xingrg/dwr/call/plaincall/AjaxYddbService.saveMaterielItem.dwr HTTP/1.1" 200 79
114.95.46.117 - - [18/Nov/2022:11:31:15 +0800] "GET /xingrg/check_reg.html?_=1668742276467 HTTP/1.1" 200 22
180.169.147.146 - - [18/Nov/2022:11:31:16 +0800] "POST /xingrg/dwr/call/plaincall/AjaxComOrderService.getMaterielSearchList.dwr HTTP/1.1" 200 77
61.170.233.161 - - [18/Nov/2022:11:31:17 +0800] "GET /xingrg/all/function/internal_message.html?_=1668742271608&CODE_STATE=getMsg HTTP/1.1" 200 27
180.163.29.206 - - [18/Nov/2022:11:31:17 +0800] "GET /xingrg/all/function/internal_message.html?_=1668742211627&CODE_STATE=getMsg HTTP/1.1" 302 -
180.163.29.206 - - [18/Nov/2022:11:31:17 +0800] "GET /xingrg/login.html HTTP/1.1" 200 7641
180.163.30.76 - - [18/Nov/2022:11:31:17 +0800] "GET /xingrg/check_reg.html?_=1668742212315 HTTP/1.1" 302 -
180.163.30.76 - - [18/Nov/2022:11:31:17 +0800] "GET /xingrg/login.html HTTP/1.1" 200 7641
180.169.147.146 - - [18/Nov/2022:11:31:17 +0800] "POST /xingrg/dwr/call/plaincall/AjaxComOrderService.getMaterielSearchList.dwr HTTP/1.1" 200 2286
116.238.139.35 - - [18/Nov/2022:11:31:18 +0800] "GET /xingrg/all/function/internal_message.html?_=1668742191143&CODE_STATE=getMsg HTTP/1.1" 200 27
180.169.147.146 - - [18/Nov/2022:11:31:19 +0800] "POST /xingrg/dwr/call/plaincall/AjaxYddbService.getMaterielByMap.dwr HTTP/1.1" 200 2878
116.235.93.82 - - [18/Nov/2022:11:31:22 +0800] "GET /xingrg/all/function/internal_message.html?_=1668742499195&CODE_STATE=getMsg HTTP/1.1" 200 27
61.170.233.161 - - [18/Nov/2022:11:31:22 +0800] "GET /xingrg/all/function/internal_message.html?_=1668742285084&CODE_STATE=getMsg HTTP/1.1" 200 27
180.169.147.146 - - [18/Nov/2022:11:31:22 +0800] "POST /xingrg/dwr/call/plaincall/AjaxYddbService.saveMaterielItem.dwr HTTP/1.1" 200 79
116.230.105.139 - - [18/Nov/2022:11:31:22 +0800] "GET /xingrg/all/function/internal_message.html?_=1668742278719&CODE_STATE=getMsg HTTP/1.1" 200 27
116.230.105.139 - - [18/Nov/2022:11:31:26 +0800] "GET /xingrg/all/function/internal_message.html?_=1668742287089&CODE_STATE=getMsg HTTP/1.1" 200 27
180.169.147.146 - - [18/Nov/2022:11:31:26 +0800] "POST /xingrg/dwr/call/plaincall/AjaxComOrderService.getMaterielSearchList.dwr HTTP/1.1" 200 77
180.169.147.146 - - [18/Nov/2022:11:31:27 +0800] "POST /xingrg/dwr/call/plaincall/AjaxComOrderService.getMaterielSearchList.dwr HTTP/1.1" 200 313
180.169.147.146 - - [18/Nov/2022:11:31:27 +0800] "POST /xingrg/dwr/call/plaincall/AjaxYddbService.getMaterielByMap.dwr HTTP/1.1" 200 2942
180.169.147.146 - - [18/Nov/2022:11:31:27 +0800] "GET /xingrg/all/function/internal_message.html?_=1668742286648&CODE_STATE=getMsg HTTP/1.1" 200 27
114.84.81.136 - - [18/Nov/2022:11:31:30 +0800] "GET /xingrg/all/function/internal_message.html?_=1668742291356&CODE_STATE=getMsg HTTP/1.1" 200 27
124.79.74.72 - - [18/Nov/2022:11:31:30 +0800] "GET /xingrg/all/function/internal_message.html?_=1668742295090&CODE_STATE=getMsg HTTP/1.1" 200 27
114.95.46.117 - - [18/Nov/2022:11:31:30 +0800] "GET /xingrg/all/function/internal_message.html?_=1668742141114&CODE_STATE=getMsg HTTP/1.1" 200 27
180.169.147.146 - - [18/Nov/2022:11:31:31 +0800] "POST /xingrg/dwr/call/plaincall/AjaxYddbService.removeMaterielItem.dwr HTTP/1.1" 200 79
180.169.147.146 - - [18/Nov/2022:11:31:33 +0800] "POST /xingrg/dwr/call/plaincall/AjaxComOrderService.getMaterielSearchList.dwr HTTP/1.1" 200 20924
180.169.147.146 - - [18/Nov/2022:11:31:33 +0800] "POST /xingrg/dwr/call/plaincall/AjaxYddbService.getMaterielByMap.dwr HTTP/1.1" 200 2863
180.169.147.146 - - [18/Nov/2022:11:31:36 +0800] "POST /xingrg/dwr/call/plaincall/AjaxYddbService.removeMaterielItem.dwr HTTP/1.1" 200 79
180.169.147.146 - - [18/Nov/2022:11:31:39 +0800] "POST /xingrg/dwr/call/plaincall/AjaxComOrderService.getMaterielSearchList.dwr HTTP/1.1" 200 77
180.169.147.146 - - [18/Nov/2022:11:31:39 +0800] "POST /xingrg/dwr/call/plaincall/AjaxComOrderService.getMaterielSearchList.dwr HTTP/1.1" 200 20924
120.253.135.82 - - [18/Nov/2022:11:31:41 +0800] "GET /xingrg/all/function/internal_message.html?_=1668741774009&CODE_STATE=getMsg HTTP/1.1" 200 27
114.83.219.57 - - [18/Nov/2022:11:31:43 +0800] "GET /xingrg/all/function/internal_message.html?_=1668742425668&CODE_STATE=getMsg HTTP/1.1" 200 27
180.162.229.95 - - [18/Nov/2022:11:31:44 +0800] "GET /xingrg/all/function/internal_message.html?_=1668742304400&CODE_STATE=getMsg HTTP/1.1" 200 27
180.169.147.146 - - [18/Nov/2022:11:31:46 +0800] "POST /xingrg/dwr/call/plaincall/AjaxYddbService.getMaterielByMap.dwr HTTP/1.1" 200 2850
116.238.139.35 - - [18/Nov/2022:11:31:48 +0800] "GET /xingrg/all/function/internal_message.html?_=1668742310804&CODE_STATE=getMsg HTTP/1.1" 200 27
180.169.147.146 - - [18/Nov/2022:11:31:50 +0800] "POST /xingrg/dwr/call/plaincall/AjaxYddbService.saveMaterielItem.dwr HTTP/1.1" 200 79
180.169.147.146 - - [18/Nov/2022:11:31:50 +0800] "POST /xingrg/dwr/call/plaincall/AjaxComOrderService.getMaterielSearchList.dwr HTTP/1.1" 200 77
114.84.81.136 - - [18/Nov/2022:11:31:51 +0800] "GET /xingrg/all/function/internal_message.html?_=1668742319422&CODE_STATE=getMsg HTTP/1.1" 200 27
218.81.217.29 - - [18/Nov/2022:11:31:53 +0800] "GET /xingrg/all/function/internal_message.html?_=1668742331883&CODE_STATE=getMsg HTTP/1.1" 200 27
222.70.183.206 - - [18/Nov/2022:11:31:54 +0800] "GET /xingrg/all/function/internal_message.html?_=1668742313244&CODE_STATE=getMsg HTTP/1.1" 200 27
116.238.139.35 - - [18/Nov/2022:11:31:54 +0800] "GET /favicon.ico HTTP/1.1" 404 -
180.169.147.146 - - [18/Nov/2022:11:31:54 +0800] "POST /xingrg/dwr/call/plaincall/AjaxComOrderService.getMaterielSearchList.dwr HTTP/1.1" 200 77
180.169.147.146 - - [18/Nov/2022:11:31:55 +0800] "POST /xingrg/dwr/call/plaincall/AjaxComOrderService.getMaterielSearchList.dwr HTTP/1.1" 200 30287
101.85.95.132 - - [18/Nov/2022:11:31:57 +0800] "GET /xingrg/all/function/internal_message.html?_=1668742316207&CODE_STATE=getMsg HTTP/1.1" 200 27
180.162.229.95 - - [18/Nov/2022:11:32:01 +0800] "GET /xingrg/all/function/internal_message.html?_=1668742346572&CODE_STATE=getMsg HTTP/1.1" 200 27
180.169.147.146 - - [18/Nov/2022:11:32:03 +0800] "POST /xingrg/dwr/call/plaincall/AjaxYddbService.getMaterielByMap.dwr HTTP/1.1" 200 2857
172.20.0.100 - - [18/Nov/2022:11:32:07 +0800] "GET /xingrg/all/function/internal_message.html?_=1668742327607&CODE_STATE=getMsg HTTP/1.1" 200 27
180.162.229.95 - - [18/Nov/2022:11:32:10 +0800] "GET /xingrg/check_reg.html?_=1668742338151 HTTP/1.1" 200 22
180.162.229.95 - - [18/Nov/2022:11:32:10 +0800] "GET /xingrg/all/function/internal_message.html?_=1668742338148&CODE_STATE=getMsg HTTP/1.1" 200 27
114.95.46.117 - - [18/Nov/2022:11:32:12 +0800] "GET /xingrg/all/function/internal_message.html?_=1668742333387&CODE_STATE=getMsg HTTP/1.1" 200 27
180.169.147.146 - - [18/Nov/2022:11:32:12 +0800] "POST /xingrg/dwr/call/plaincall/AjaxYddbService.removeMaterielItem.dwr HTTP/1.1" 200 79
180.169.147.146 - - [18/Nov/2022:11:32:17 +0800] "POST /xingrg/dwr/call/plaincall/AjaxComOrderService.getMaterielSearchList.dwr HTTP/1.1" 200 77
61.170.233.161 - - [18/Nov/2022:11:32:17 +0800] "GET /xingrg/all/function/internal_message.html?_=1668742331580&CODE_STATE=getMsg HTTP/1.1" 200 27
180.163.29.212 - - [18/Nov/2022:11:32:17 +0800] "GET /xingrg/all/function/internal_message.html?_=1668742271608&CODE_STATE=getMsg HTTP/1.1" 302 -
180.163.29.212 - - [18/Nov/2022:11:32:17 +0800] "GET /xingrg/login.html HTTP/1.1" 200 7641
180.169.147.146 - - [18/Nov/2022:11:32:17 +0800] "POST /xingrg/dwr/call/plaincall/AjaxComOrderService.getMaterielSearchList.dwr HTTP/1.1" 200 77
116.238.139.35 - - [18/Nov/2022:11:32:18 +0800] "GET /xingrg/all/function/internal_message.html?_=1668742251196&CODE_STATE=getMsg HTTP/1.1" 200 27
180.169.147.146 - - [18/Nov/2022:11:32:18 +0800] "POST /xingrg/dwr/call/plaincall/AjaxComOrderService.getMaterielSearchList.dwr HTTP/1.1" 200 1890
180.169.147.146 - - [18/Nov/2022:11:32:20 +0800] "POST /xingrg/dwr/call/plaincall/AjaxComOrderService.getMaterielSearchList.dwr HTTP/1.1" 200 31909
116.235.93.82 - - [18/Nov/2022:11:32:22 +0800] "GET /xingrg/all/function/internal_message.html?_=1668742559193&CODE_STATE=getMsg HTTP/1.1" 200 27
61.170.233.161 - - [18/Nov/2022:11:32:22 +0800] "GET /xingrg/all/function/internal_message.html?_=1668742345087&CODE_STATE=getMsg HTTP/1.1" 200 27
180.169.147.146 - - [18/Nov/2022:11:32:22 +0800] "POST /xingrg/dwr/call/plaincall/AjaxComOrderService.getMaterielSearchList.dwr HTTP/1.1" 200 31909
116.230.105.139 - - [18/Nov/2022:11:32:22 +0800] "GET /xingrg/all/function/internal_message.html?_=1668742338700&CODE_STATE=getMsg HTTP/1.1" 200 27
180.169.147.146 - - [18/Nov/2022:11:32:22 +0800] "POST /xingrg/dwr/call/plaincall/AjaxYddbService.getMaterielByMap.dwr HTTP/1.1" 200 2858
180.169.147.146 - - [18/Nov/2022:11:32:25 +0800] "POST /xingrg/dwr/call/plaincall/AjaxYddbService.removeMaterielItem.dwr HTTP/1.1" 200 79
116.230.105.139 - - [18/Nov/2022:11:32:26 +0800] "GET /xingrg/check_reg.html?_=1668742347079 HTTP/1.1" 200 22
116.230.105.139 - - [18/Nov/2022:11:32:26 +0800] "GET /xingrg/all/function/internal_message.html?_=1668742347081&CODE_STATE=getMsg HTTP/1.1" 200 27
180.169.147.146 - - [18/Nov/2022:11:32:27 +0800] "GET /xingrg/all/function/internal_message.html?_=1668742346658&CODE_STATE=getMsg HTTP/1.1" 200 27
180.169.147.146 - - [18/Nov/2022:11:32:28 +0800] "POST /xingrg/dwr/call/plaincall/AjaxComOrderService.getMaterielSearchList.dwr HTTP/1.1" 200 77
180.169.147.146 - - [18/Nov/2022:11:32:28 +0800] "POST /xingrg/dwr/call/plaincall/AjaxComOrderService.getMaterielSearchList.dwr HTTP/1.1" 200 77
180.169.147.146 - - [18/Nov/2022:11:32:29 +0800] "POST /xingrg/dwr/call/plaincall/AjaxComOrderService.getMaterielSearchList.dwr HTTP/1.1" 200 445
114.84.81.136 - - [18/Nov/2022:11:32:30 +0800] "GET /xingrg/all/function/internal_message.html?_=1668742351327&CODE_STATE=getMsg HTTP/1.1" 200 27
124.79.74.72 - - [18/Nov/2022:11:32:30 +0800] "GET /xingrg/all/function/internal_message.html?_=1668742355090&CODE_STATE=getMsg HTTP/1.1" 200 27
114.95.46.117 - - [18/Nov/2022:11:32:30 +0800] "GET /xingrg/all/function/internal_message.html?_=1668742201114&CODE_STATE=getMsg HTTP/1.1" 200 27
180.169.147.146 - - [18/Nov/2022:11:32:31 +0800] "POST /xingrg/dwr/call/plaincall/AjaxYddbService.getMaterielByMap.dwr HTTP/1.1" 200 2946
180.162.229.95 - - [18/Nov/2022:11:32:32 +0800] "GET /xingrg/check_reg.html?_=1668742351976 HTTP/1.1" 200 22
180.169.147.146 - - [18/Nov/2022:11:32:34 +0800] "POST /xingrg/dwr/call/plaincall/AjaxYddbService.getUnitPrice.dwr HTTP/1.1" 200 88
180.169.147.146 - - [18/Nov/2022:11:32:36 +0800] "POST /xingrg/dwr/call/plaincall/AjaxYddbService.saveMaterielItem.dwr HTTP/1.1" 200 79
180.169.147.146 - - [18/Nov/2022:11:32:40 +0800] "POST /xingrg/dwr/call/plaincall/AjaxComOrderService.getMaterielSearchList.dwr HTTP/1.1" 200 77
180.169.147.146 - - [18/Nov/2022:11:32:41 +0800] "POST /xingrg/dwr/call/plaincall/AjaxComOrderService.getMaterielSearchList.dwr HTTP/1.1" 200 30287
120.253.135.82 - - [18/Nov/2022:11:32:41 +0800] "GET /xingrg/all/function/internal_message.html?_=1668741833982&CODE_STATE=getMsg HTTP/1.1" 200 27
120.253.135.82 - - [18/Nov/2022:11:32:42 +0800] "GET /xingrg/check_reg.html?_=1668741834640 HTTP/1.1" 200 22
180.169.147.146 - - [18/Nov/2022:11:32:43 +0800] "POST /xingrg/dwr/call/plaincall/AjaxYddbService.getMaterielByMap.dwr HTTP/1.1" 200 2859
114.83.219.57 - - [18/Nov/2022:11:32:43 +0800] "GET /xingrg/all/function/internal_message.html?_=1668742485658&CODE_STATE=getMsg HTTP/1.1" 200 27
180.162.229.95 - - [18/Nov/2022:11:32:44 +0800] "GET /xingrg/all/function/internal_message.html?_=1668742364385&CODE_STATE=getMsg HTTP/1.1" 200 27
180.169.147.146 - - [18/Nov/2022:11:32:45 +0800] "POST /xingrg/dwr/call/plaincall/AjaxYddbService.saveMaterielItem.dwr HTTP/1.1" 200 79
180.169.147.146 - - [18/Nov/2022:11:32:48 +0800] "POST /xingrg/dwr/call/plaincall/AjaxComOrderService.getMaterielSearchList.dwr HTTP/1.1" 200 77
116.238.139.35 - - [18/Nov/2022:11:32:48 +0800] "GET /xingrg/check_reg.html?_=1668742370793 HTTP/1.1" 200 22
116.238.139.35 - - [18/Nov/2022:11:32:48 +0800] "GET /xingrg/all/function/internal_message.html?_=1668742370797&CODE_STATE=getMsg HTTP/1.1" 200 27
120.253.135.82 - - [18/Nov/2022:11:32:49 +0800] "GET /xingrg/kc/pszx/mdps_order_list.html?orderType=0 HTTP/1.1" 200 21035
120.253.135.82 - - [18/Nov/2022:11:32:49 +0800] "GET /xingrg/javascript/easyui/themes/icons/uncheck_new.png HTTP/1.1" 200 3197
120.253.135.82 - - [18/Nov/2022:11:32:49 +0800] "POST /xingrg/kc/pszx/mdps_list_operate.html HTTP/1.1" 200 5345
180.169.147.146 - - [18/Nov/2022:11:32:49 +0800] "POST /xingrg/dwr/call/plaincall/AjaxComOrderService.getMaterielSearchList.dwr HTTP/1.1" 200 77
180.169.147.146 - - [18/Nov/2022:11:32:49 +0800] "POST /xingrg/dwr/call/plaincall/AjaxComOrderService.getMaterielSearchList.dwr HTTP/1.1" 200 77
120.253.135.82 - - [18/Nov/2022:11:32:50 +0800] "GET /xingrg/kc/pszx/mdps_order_add.html HTTP/1.1" 200 29104
120.253.135.82 - - [18/Nov/2022:11:32:50 +0800] "GET /xingrg/javascript/myfunction.js HTTP/1.1" 200 24559
120.253.135.82 - - [18/Nov/2022:11:32:50 +0800] "POST /xingrg/kc/pszx/mdps_order_operate.html HTTP/1.1" 200 7126
180.169.147.146 - - [18/Nov/2022:11:32:50 +0800] "POST /xingrg/dwr/call/plaincall/AjaxComOrderService.getMaterielSearchList.dwr HTTP/1.1" 200 425
120.253.135.82 - - [18/Nov/2022:11:32:50 +0800] "GET /xingrg/all/common/auto_word.html?type=base&rest_code=00101 HTTP/1.1" 200 671
120.253.135.82 - - [18/Nov/2022:11:32:50 +0800] "GET /xingrg/javascript/easyui/themes/default/validatebox.css HTTP/1.1" 404 1104
180.169.147.146 - - [18/Nov/2022:11:32:50 +0800] "POST /xingrg/dwr/call/plaincall/AjaxYddbService.getMaterielByMap.dwr HTTP/1.1" 200 2874
114.84.81.136 - - [18/Nov/2022:11:32:51 +0800] "GET /xingrg/all/function/internal_message.html?_=1668742379419&CODE_STATE=getMsg HTTP/1.1" 200 27
218.81.217.29 - - [18/Nov/2022:11:32:53 +0800] "GET /xingrg/all/function/internal_message.html?_=1668742391895&CODE_STATE=getMsg HTTP/1.1" 200 27
222.70.183.206 - - [18/Nov/2022:11:32:54 +0800] "GET /xingrg/all/function/internal_message.html?_=1668742373243&CODE_STATE=getMsg HTTP/1.1" 200 27
101.85.95.132 - - [18/Nov/2022:11:32:57 +0800] "GET /xingrg/all/function/internal_message.html?_=1668742376208&CODE_STATE=getMsg HTTP/1.1" 200 27
180.169.147.146 - - [18/Nov/2022:11:32:58 +0800] "POST /xingrg/dwr/call/plaincall/AjaxYddbService.removeMaterielItem.dwr HTTP/1.1" 200 79
180.169.147.146 - - [18/Nov/2022:11:33:01 +0800] "POST /xingrg/dwr/call/plaincall/AjaxComOrderService.getMaterielSearchList.dwr HTTP/1.1" 200 30784
180.169.147.146 - - [18/Nov/2022:11:33:01 +0800] "POST /xingrg/dwr/call/plaincall/AjaxYddbService.getMaterielByMap.dwr HTTP/1.1" 200 2859
180.162.229.95 - - [18/Nov/2022:11:33:01 +0800] "GET /xingrg/all/function/internal_message.html?_=1668742406574&CODE_STATE=getMsg HTTP/1.1" 200 27
180.169.147.146 - - [18/Nov/2022:11:33:04 +0800] "POST /xingrg/dwr/call/plaincall/AjaxYddbService.removeMaterielItem.dwr HTTP/1.1" 200 80
180.169.147.146 - - [18/Nov/2022:11:33:06 +0800] "POST /xingrg/dwr/call/plaincall/AjaxComOrderService.getMaterielSearchList.dwr HTTP/1.1" 200 78
172.20.0.100 - - [18/Nov/2022:11:33:07 +0800] "GET /xingrg/all/function/internal_message.html?_=1668742387610&CODE_STATE=getMsg HTTP/1.1" 200 27
180.169.147.146 - - [18/Nov/2022:11:33:07 +0800] "POST /xingrg/dwr/call/plaincall/AjaxComOrderService.getMaterielSearchList.dwr HTTP/1.1" 200 78
180.169.147.146 - - [18/Nov/2022:11:33:08 +0800] "POST /xingrg/dwr/call/plaincall/AjaxComOrderService.getMaterielSearchList.dwr HTTP/1.1" 200 30784
180.162.229.95 - - [18/Nov/2022:11:33:10 +0800] "GET /xingrg/all/function/internal_message.html?_=1668742398152&CODE_STATE=getMsg HTTP/1.1" 200 27
120.253.135.82 - - [18/Nov/2022:11:33:10 +0800] "GET /xingrg/kc/pszx/mdps_order_operate.html?command=get_materiel&pszx_code=00101&rest_code=00149&base_code=0010250&code=00102003507 HTTP/1.1" 200 441
114.95.46.117 - - [18/Nov/2022:11:33:12 +0800] "GET /xingrg/all/function/internal_message.html?_=1668742393363&CODE_STATE=getMsg HTTP/1.1" 200 27
180.162.229.95 - - [18/Nov/2022:11:33:13 +0800] "POST /xingrg/services/DataTransmitService HTTP/1.1" 200 524
180.162.229.95 - - [18/Nov/2022:11:33:14 +0800] "POST /xingrg/services/DataTransmitService HTTP/1.1" 200 412
61.170.233.161 - - [18/Nov/2022:11:33:17 +0800] "GET /xingrg/all/function/internal_message.html?_=1668742391556&CODE_STATE=getMsg HTTP/1.1" 200 27
180.163.30.85 - - [18/Nov/2022:11:33:17 +0800] "GET /xingrg/all/function/internal_message.html?_=1668742331580&CODE_STATE=getMsg HTTP/1.1" 302 -
180.163.30.85 - - [18/Nov/2022:11:33:17 +0800] "GET /xingrg/login.html HTTP/1.1" 200 7641
116.238.139.35 - - [18/Nov/2022:11:33:18 +0800] "GET /xingrg/all/function/internal_message.html?_=1668742311201&CODE_STATE=getMsg HTTP/1.1" 200 27
116.235.93.82 - - [18/Nov/2022:11:33:22 +0800] "GET /xingrg/check_reg.html?_=1668742619192 HTTP/1.1" 200 22
116.235.93.82 - - [18/Nov/2022:11:33:22 +0800] "GET /xingrg/all/function/internal_message.html?_=1668742619193&CODE_STATE=getMsg HTTP/1.1" 200 27
61.170.233.161 - - [18/Nov/2022:11:33:22 +0800] "GET /xingrg/all/function/internal_message.html?_=1668742405060&CODE_STATE=getMsg HTTP/1.1" 200 27
116.230.105.139 - - [18/Nov/2022:11:33:22 +0800] "GET /xingrg/all/function/internal_message.html?_=1668742398689&CODE_STATE=getMsg HTTP/1.1" 200 27
61.170.233.161 - - [18/Nov/2022:11:33:23 +0800] "GET /xingrg/check_reg.html?_=1668742405875 HTTP/1.1" 200 22
116.230.105.139 - - [18/Nov/2022:11:33:26 +0800] "GET /xingrg/all/function/internal_message.html?_=1668742407077&CODE_STATE=getMsg HTTP/1.1" 200 27
120.253.135.82 - - [18/Nov/2022:11:33:26 +0800] "GET /xingrg/kc/pszx/mdps_order_operate.html?command=get_materiel&pszx_code=00101&rest_code=00149&base_code=0010250&code=00102035228 HTTP/1.1" 200 427
180.169.147.146 - - [18/Nov/2022:11:33:27 +0800] "GET /xingrg/all/function/internal_message.html?_=1668742406646&CODE_STATE=getMsg HTTP/1.1" 200 27
114.84.81.136 - - [18/Nov/2022:11:33:30 +0800] "GET /xingrg/all/function/internal_message.html?_=1668742411299&CODE_STATE=getMsg HTTP/1.1" 200 27
124.79.74.72 - - [18/Nov/2022:11:33:30 +0800] "GET /xingrg/all/function/internal_message.html?_=1668742415108&CODE_STATE=getMsg HTTP/1.1" 200 27
114.95.46.117 - - [18/Nov/2022:11:33:30 +0800] "GET /xingrg/all/function/internal_message.html?_=1668742261114&CODE_STATE=getMsg HTTP/1.1" 200 27
180.169.147.146 - - [18/Nov/2022:11:33:31 +0800] "POST /xingrg/dwr/call/plaincall/AjaxComOrderService.getMaterielSearchList.dwr HTTP/1.1" 200 516125
180.169.147.146 - - [18/Nov/2022:11:33:31 +0800] "POST /xingrg/dwr/call/plaincall/AjaxComOrderService.getMaterielSearchList.dwr HTTP/1.1" 200 78
180.169.147.146 - - [18/Nov/2022:11:33:32 +0800] "POST /xingrg/dwr/call/plaincall/AjaxComOrderService.getMaterielSearchList.dwr HTTP/1.1" 200 78
180.169.147.146 - - [18/Nov/2022:11:33:33 +0800] "POST /xingrg/dwr/call/plaincall/AjaxComOrderService.getMaterielSearchList.dwr HTTP/1.1" 200 78
180.169.147.146 - - [18/Nov/2022:11:33:34 +0800] "POST /xingrg/dwr/call/plaincall/AjaxComOrderService.getMaterielSearchList.dwr HTTP/1.1" 200 30784
120.253.135.82 - - [18/Nov/2022:11:33:41 +0800] "GET /xingrg/all/function/internal_message.html?_=1668741893986&CODE_STATE=getMsg HTTP/1.1" 200 27
114.83.219.57 - - [18/Nov/2022:11:33:43 +0800] "GET /xingrg/all/function/internal_message.html?_=1668742545651&CODE_STATE=getMsg HTTP/1.1" 200 27
120.253.135.82 - - [18/Nov/2022:11:33:44 +0800] "GET /xingrg/kc/pszx/mdps_order_operate.html?command=get_materiel&pszx_code=00101&rest_code=00149&base_code=0010250&code=00102035229 HTTP/1.1" 200 418
180.162.229.95 - - [18/Nov/2022:11:33:44 +0800] "GET /xingrg/all/function/internal_message.html?_=1668742424359&CODE_STATE=getMsg HTTP/1.1" 200 27
116.238.139.35 - - [18/Nov/2022:11:33:48 +0800] "GET /xingrg/all/function/internal_message.html?_=1668742430799&CODE_STATE=getMsg HTTP/1.1" 200 27
116.235.93.82 - - [18/Nov/2022:11:33:50 +0800] "POST /xingrg/services/DataTransmitService HTTP/1.1" 200 524
114.84.81.136 - - [18/Nov/2022:11:33:51 +0800] "GET /xingrg/check_reg.html?_=1668742439418 HTTP/1.1" 200 22
114.84.81.136 - - [18/Nov/2022:11:33:51 +0800] "GET /xingrg/all/function/internal_message.html?_=1668742439420&CODE_STATE=getMsg HTTP/1.1" 200 27
116.235.93.82 - - [18/Nov/2022:11:33:51 +0800] "POST /xingrg/services/DataTransmitService HTTP/1.1" 200 412
218.81.217.29 - - [18/Nov/2022:11:33:53 +0800] "GET /xingrg/all/function/internal_message.html?_=1668742452287&CODE_STATE=getMsg HTTP/1.1" 200 27
222.70.183.206 - - [18/Nov/2022:11:33:54 +0800] "GET /xingrg/all/function/internal_message.html?_=1668742433244&CODE_STATE=getMsg HTTP/1.1" 200 27
101.85.95.132 - - [18/Nov/2022:11:33:57 +0800] "GET /xingrg/all/function/internal_message.html?_=1668742436203&CODE_STATE=getMsg HTTP/1.1" 200 27
101.85.95.132 - - [18/Nov/2022:11:33:57 +0800] "GET /xingrg/check_reg.html?_=1668742436202 HTTP/1.1" 200 22
180.162.229.95 - - [18/Nov/2022:11:34:01 +0800] "GET /xingrg/all/function/internal_message.html?_=1668742466575&CODE_STATE=getMsg HTTP/1.1" 200 27
120.253.135.82 - - [18/Nov/2022:11:34:02 +0800] "GET /xingrg/kc/pszx/mdps_order_operate.html?command=get_materiel&pszx_code=00101&rest_code=00149&base_code=0010250&code=00102004020 HTTP/1.1" 200 437
172.20.0.100 - - [18/Nov/2022:11:34:07 +0800] "GET /xingrg/all/function/internal_message.html?_=1668742447603&CODE_STATE=getMsg HTTP/1.1" 200 27
180.162.229.95 - - [18/Nov/2022:11:34:10 +0800] "GET /xingrg/all/function/internal_message.html?_=1668742458150&CODE_STATE=getMsg HTTP/1.1" 200 27
114.95.46.117 - - [18/Nov/2022:11:34:12 +0800] "GET /xingrg/all/function/internal_message.html?_=1668742453336&CODE_STATE=getMsg HTTP/1.1" 200 27
180.169.147.146 - - [18/Nov/2022:11:34:13 +0800] "POST /xingrg/dwr/call/plaincall/AjaxComOrderService.getMaterielSearchList.dwr HTTP/1.1" 200 78
180.169.147.146 - - [18/Nov/2022:11:34:14 +0800] "POST /xingrg/dwr/call/plaincall/AjaxComOrderService.getMaterielSearchList.dwr HTTP/1.1" 200 78
120.253.135.82 - - [18/Nov/2022:11:34:15 +0800] "GET /xingrg/kc/pszx/mdps_order_operate.html?command=get_materiel&pszx_code=00101&rest_code=00149&base_code=0010250&code=00102002934 HTTP/1.1" 200 432
180.163.29.103 - - [18/Nov/2022:11:34:16 +0800] "GET /xingrg/all/function/internal_message.html?_=1668742391556&CODE_STATE=getMsg HTTP/1.1" 302 -
180.163.29.103 - - [18/Nov/2022:11:34:16 +0800] "GET /xingrg/login.html HTTP/1.1" 200 7641
61.170.233.161 - - [18/Nov/2022:11:34:17 +0800] "GET /xingrg/all/function/internal_message.html?_=1668742451528&CODE_STATE=getMsg HTTP/1.1" 200 27
116.238.139.35 - - [18/Nov/2022:11:34:17 +0800] "GET /xingrg/check_reg.html?_=1668742370743 HTTP/1.1" 200 22
116.238.139.35 - - [18/Nov/2022:11:34:18 +0800] "GET /xingrg/all/function/internal_message.html?_=1668742371215&CODE_STATE=getMsg HTTP/1.1" 200 27
180.169.147.146 - - [18/Nov/2022:11:34:19 +0800] "GET /xingrg/kc/base/yddb_order_list.html?isBack=1 HTTP/1.1" 200 16713
180.169.147.146 - - [18/Nov/2022:11:34:20 +0800] "POST /xingrg/kc/base/yddb_list_operate.html HTTP/1.1" 200 1583
180.169.147.146 - - [18/Nov/2022:11:34:21 +0800] "POST /xingrg/kc/base/yddb_list_operate.html HTTP/1.1" 200 585
180.169.147.146 - - [18/Nov/2022:11:34:21 +0800] "GET /xingrg/kc/base/yddb_order_info.html?code=482022111800137 HTTP/1.1" 200 31455
180.169.147.146 - - [18/Nov/2022:11:34:21 +0800] "GET /xingrg/dwr/interface/AjaxYddbService.js HTTP/1.1" 200 13201
180.169.147.146 - - [18/Nov/2022:11:34:21 +0800] "GET /xingrg/dwr/interface/AjaxComOrderService.js HTTP/1.1" 200 18264
180.169.147.146 - - [18/Nov/2022:11:34:21 +0800] "GET /xingrg/dwr/engine.js HTTP/1.1" 200 43631
180.169.147.146 - - [18/Nov/2022:11:34:21 +0800] "POST /xingrg/dwr/call/plaincall/AjaxYddbService.loadMaterielItems.dwr HTTP/1.1" 200 5029
116.235.93.82 - - [18/Nov/2022:11:34:22 +0800] "GET /xingrg/all/function/internal_message.html?_=1668742679191&CODE_STATE=getMsg HTTP/1.1" 200 27
61.170.233.161 - - [18/Nov/2022:11:34:22 +0800] "GET /xingrg/all/function/internal_message.html?_=1668742465034&CODE_STATE=getMsg HTTP/1.1" 200 27
116.230.105.139 - - [18/Nov/2022:11:34:22 +0800] "GET /xingrg/all/function/internal_message.html?_=1668742458662&CODE_STATE=getMsg HTTP/1.1" 200 27
180.169.147.146 - - [18/Nov/2022:11:34:24 +0800] "GET /xingrg/kc/base/yddb_order_list.html?isBack=1 HTTP/1.1" 200 16713
180.169.147.146 - - [18/Nov/2022:11:34:25 +0800] "POST /xingrg/kc/base/yddb_list_operate.html HTTP/1.1" 200 1583
116.230.105.139 - - [18/Nov/2022:11:34:26 +0800] "GET /xingrg/all/function/internal_message.html?_=1668742467087&CODE_STATE=getMsg HTTP/1.1" 200 27
120.253.135.82 - - [18/Nov/2022:11:34:26 +0800] "GET /xingrg/kc/pszx/mdps_order_operate.html?command=get_materiel&pszx_code=00101&rest_code=00149&base_code=0010250&code=00102009684 HTTP/1.1" 200 430
180.169.147.146 - - [18/Nov/2022:11:34:27 +0800] "GET /xingrg/all/function/internal_message.html?_=1668742466665&CODE_STATE=getMsg HTTP/1.1" 200 27
180.169.147.146 - - [18/Nov/2022:11:34:27 +0800] "GET /xingrg/check_reg.html?_=1668742466666 HTTP/1.1" 200 22
114.84.81.136 - - [18/Nov/2022:11:34:30 +0800] "GET /xingrg/check_reg.html?_=1668742471084 HTTP/1.1" 200 22
114.84.81.136 - - [18/Nov/2022:11:34:30 +0800] "GET /xingrg/all/function/internal_message.html?_=1668742471276&CODE_STATE=getMsg HTTP/1.1" 200 27
124.79.74.72 - - [18/Nov/2022:11:34:30 +0800] "GET /xingrg/all/function/internal_message.html?_=1668742475093&CODE_STATE=getMsg HTTP/1.1" 200 27
114.95.46.117 - - [18/Nov/2022:11:34:30 +0800] "GET /xingrg/all/function/internal_message.html?_=1668742321112&CODE_STATE=getMsg HTTP/1.1" 200 27
114.95.46.117 - - [18/Nov/2022:11:34:30 +0800] "GET /xingrg/check_reg.html?_=1668742321113 HTTP/1.1" 200 22
180.169.147.146 - - [18/Nov/2022:11:34:38 +0800] "GET /xingrg/kc/base/wldb_order_list.html HTTP/1.1" 200 19107
180.169.147.146 - - [18/Nov/2022:11:34:38 +0800] "POST /xingrg/kc/base/wldb_list_operate.html HTTP/1.1" 200 928
180.169.147.146 - - [18/Nov/2022:11:34:39 +0800] "GET /xingrg/kc/base/wldb_order_add.html HTTP/1.1" 200 30390
180.169.147.146 - - [18/Nov/2022:11:34:39 +0800] "GET /xingrg/words/20221118103637_words.js HTTP/1.1" 304 -
180.169.147.146 - - [18/Nov/2022:11:34:39 +0800] "POST /xingrg/kc/base/wldb_order_operate.html HTTP/1.1" 200 6806
180.169.147.146 - - [18/Nov/2022:11:34:39 +0800] "GET /xingrg/all/common/auto_word.html?type=base&rest_code=00147 HTTP/1.1" 200 1803
180.169.147.146 - - [18/Nov/2022:11:34:39 +0800] "GET /xingrg/all/common/auto_word.html?type=base&rest_code=00147 HTTP/1.1" 200 1803
180.169.147.146 - - [18/Nov/2022:11:34:39 +0800] "GET /xingrg/javascript/easyui/themes/default/validatebox.css HTTP/1.1" 404 1104
180.169.147.146 - - [18/Nov/2022:11:34:40 +0800] "POST /xingrg/all/common/load_combo.html?type=base HTTP/1.1" 200 3230
120.253.135.82 - - [18/Nov/2022:11:34:41 +0800] "GET /xingrg/all/function/internal_message.html?_=1668741953949&CODE_STATE=getMsg HTTP/1.1" 200 27
180.169.147.146 - - [18/Nov/2022:11:34:42 +0800] "POST /xingrg/all/common/load_combo.html?type=base HTTP/1.1" 200 3230
114.83.219.57 - - [18/Nov/2022:11:34:43 +0800] "GET /xingrg/all/function/internal_message.html?_=1668742605650&CODE_STATE=getMsg HTTP/1.1" 200 27
180.162.229.95 - - [18/Nov/2022:11:34:44 +0800] "GET /xingrg/all/function/internal_message.html?_=1668742484338&CODE_STATE=getMsg HTTP/1.1" 200 27
114.83.219.57 - - [18/Nov/2022:11:34:44 +0800] "GET /xingrg/check_reg.html?_=1668742607321 HTTP/1.1" 200 22
116.238.139.35 - - [18/Nov/2022:11:34:48 +0800] "GET /xingrg/all/function/internal_message.html?_=1668742490799&CODE_STATE=getMsg HTTP/1.1" 200 27
120.253.135.82 - - [18/Nov/2022:11:34:50 +0800] "GET /xingrg/kc/pszx/mdps_order_operate.html?command=get_materiel&pszx_code=00101&rest_code=00149&base_code=0010250&code=00102002370 HTTP/1.1" 200 446
114.84.81.136 - - [18/Nov/2022:11:34:51 +0800] "GET /xingrg/all/function/internal_message.html?_=1668742499418&CODE_STATE=getMsg HTTP/1.1" 200 27
180.169.147.146 - - [18/Nov/2022:11:34:52 +0800] "GET /xingrg/kc/base/wldb_order_operate.html?command=get_materiel&rest_code=00147&base_code=0010270&code=00101019400 HTTP/1.1" 200 464
218.81.217.29 - - [18/Nov/2022:11:34:53 +0800] "GET /xingrg/all/function/internal_message.html?_=1668742512297&CODE_STATE=getMsg HTTP/1.1" 200 27
222.70.183.206 - - [18/Nov/2022:11:34:54 +0800] "GET /xingrg/check_reg.html?_=1668742493245 HTTP/1.1" 200 22
222.70.183.206 - - [18/Nov/2022:11:34:54 +0800] "GET /xingrg/all/function/internal_message.html?_=1668742493248&CODE_STATE=getMsg HTTP/1.1" 200 27
101.85.95.132 - - [18/Nov/2022:11:34:57 +0800] "GET /xingrg/all/function/internal_message.html?_=1668742496201&CODE_STATE=getMsg HTTP/1.1" 200 27
180.169.147.146 - - [18/Nov/2022:11:34:59 +0800] "GET /xingrg/kc/base/wldb_order_operate.html?command=get_materiel&rest_code=00147&base_code=0010270&code=00101019184 HTTP/1.1" 200 456
120.253.135.82 - - [18/Nov/2022:11:35:00 +0800] "GET /xingrg/kc/pszx/mdps_order_operate.html?command=get_materiel&pszx_code=00101&rest_code=00149&base_code=0010250&code=00102003618 HTTP/1.1" 200 429
180.162.229.95 - - [18/Nov/2022:11:35:01 +0800] "GET /xingrg/all/function/internal_message.html?_=1668742526576&CODE_STATE=getMsg HTTP/1.1" 200 27
180.169.147.146 - - [18/Nov/2022:11:35:04 +0800] "GET /xingrg/kc/base/wldb_order_operate.html?command=get_materiel&rest_code=00147&base_code=0010270&code=00101019183 HTTP/1.1" 200 448
172.20.0.100 - - [18/Nov/2022:11:35:07 +0800] "GET /xingrg/check_reg.html?_=1668742507603 HTTP/1.1" 200 22
172.20.0.100 - - [18/Nov/2022:11:35:07 +0800] "GET /xingrg/all/function/internal_message.html?_=1668742507605&CODE_STATE=getMsg HTTP/1.1" 200 27
120.253.135.82 - - [18/Nov/2022:11:35:07 +0800] "GET /xingrg/kc/pszx/mdps_order_operate.html?command=get_materiel&pszx_code=00101&rest_code=00149&base_code=0010250&code=00102006115 HTTP/1.1" 200 425
180.162.229.95 - - [18/Nov/2022:11:35:10 +0800] "GET /xingrg/all/function/internal_message.html?_=1668742518152&CODE_STATE=getMsg HTTP/1.1" 200 27
114.95.46.117 - - [18/Nov/2022:11:35:11 +0800] "GET /xingrg/all/function/internal_message.html?_=1668742513308&CODE_STATE=getMsg HTTP/1.1" 200 27
180.169.147.146 - - [18/Nov/2022:11:35:13 +0800] "GET /xingrg/kc/base/wldb_order_operate.html?command=get_materiel&rest_code=00147&base_code=0010270&code=00101019133 HTTP/1.1" 200 479
120.253.135.82 - - [18/Nov/2022:11:35:14 +0800] "GET /xingrg/kc/pszx/mdps_order_operate.html?command=get_materiel&pszx_code=00101&rest_code=00149&base_code=0010250&code=00102002324 HTTP/1.1" 200 427
116.230.105.139 - - [18/Nov/2022:11:35:14 +0800] "GET /xingrg/check_reg.html?_=1668742511082 HTTP/1.1" 200 22
180.163.30.27 - - [18/Nov/2022:11:35:16 +0800] "GET /xingrg/all/function/internal_message.html?_=1668742451528&CODE_STATE=getMsg HTTP/1.1" 302 -
180.163.30.27 - - [18/Nov/2022:11:35:16 +0800] "GET /xingrg/login.html HTTP/1.1" 200 7641
61.170.233.161 - - [18/Nov/2022:11:35:17 +0800] "GET /xingrg/all/function/internal_message.html?_=1668742511529&CODE_STATE=getMsg HTTP/1.1" 200 27
61.170.233.161 - - [18/Nov/2022:11:35:18 +0800] "GET /xingrg/check_reg.html?_=1668742512342 HTTP/1.1" 200 22
116.238.139.35 - - [18/Nov/2022:11:35:18 +0800] "GET /xingrg/all/function/internal_message.html?_=1668742431229&CODE_STATE=getMsg HTTP/1.1" 200 27
180.169.147.146 - - [18/Nov/2022:11:35:18 +0800] "GET /xingrg/kc/base/wldb_order_operate.html?command=get_materiel&rest_code=00147&base_code=0010270&code=00101019127 HTTP/1.1" 200 479
116.235.93.82 - - [18/Nov/2022:11:35:22 +0800] "GET /xingrg/all/function/internal_message.html?_=1668742739194&CODE_STATE=getMsg HTTP/1.1" 200 27
61.170.233.161 - - [18/Nov/2022:11:35:22 +0800] "GET /xingrg/all/function/internal_message.html?_=1668742525009&CODE_STATE=getMsg HTTP/1.1" 200 27
116.230.105.139 - - [18/Nov/2022:11:35:22 +0800] "GET /xingrg/all/function/internal_message.html?_=1668742518649&CODE_STATE=getMsg HTTP/1.1" 200 27
180.169.147.146 - - [18/Nov/2022:11:35:24 +0800] "GET /xingrg/kc/base/wldb_order_operate.html?command=get_materiel&rest_code=00147&base_code=0010270&code=00101019185 HTTP/1.1" 200 469
120.253.135.82 - - [18/Nov/2022:11:35:24 +0800] "GET /xingrg/kc/pszx/mdps_order_operate.html?command=get_materiel&pszx_code=00101&rest_code=00149&base_code=0010250&code=00102003650 HTTP/1.1" 200 422
