180.162.229.95 - - [18/Nov/2022:10:14:45 +0800] "GET /xingrg/all/function/internal_message.html?_=1668737685582&CODE_STATE=getMsg HTTP/1.1" 200 27
116.238.139.35 - - [18/Nov/2022:10:14:46 +0800] "POST /xingrg/dwr/call/plaincall/AjaxYddbService.getMaterielByMap.dwr HTTP/1.1" 200 2332
116.238.139.35 - - [18/Nov/2022:10:14:51 +0800] "POST /xingrg/dwr/call/plaincall/AjaxYddbService.saveMaterielItem.dwr HTTP/1.1" 200 79
116.238.139.35 - - [18/Nov/2022:10:14:52 +0800] "POST /xingrg/dwr/call/plaincall/AjaxComOrderService.getMaterielSearchList.dwr HTTP/1.1" 200 77
222.70.183.206 - - [18/Nov/2022:10:14:53 +0800] "GET /xingrg/check_reg.html?_=1668737693119 HTTP/1.1" 200 22
222.70.183.206 - - [18/Nov/2022:10:14:53 +0800] "GET /xingrg/all/function/internal_message.html?_=1668737693120&CODE_STATE=getMsg HTTP/1.1" 200 27
116.238.139.35 - - [18/Nov/2022:10:14:55 +0800] "POST /xingrg/dwr/call/plaincall/AjaxComOrderService.getMaterielSearchList.dwr HTTP/1.1" 200 28031
116.238.139.35 - - [18/Nov/2022:10:14:56 +0800] "POST /xingrg/dwr/call/plaincall/AjaxComOrderService.getMaterielSearchList.dwr HTTP/1.1" 200 1576
116.238.139.35 - - [18/Nov/2022:10:14:58 +0800] "POST /xingrg/dwr/call/plaincall/AjaxYddbService.getMaterielByMap.dwr HTTP/1.1" 200 2376
116.238.139.35 - - [18/Nov/2022:10:14:59 +0800] "POST /xingrg/dwr/call/plaincall/AjaxYddbService.saveMaterielItem.dwr HTTP/1.1" 200 79
61.170.233.161 - - [18/Nov/2022:10:15:00 +0800] "GET /xingrg/login.html HTTP/1.1" 200 7641
114.95.46.117 - - [18/Nov/2022:10:15:00 +0800] "GET /xingrg/kc/base/wldb_order_operate.html?command=get_materiel&rest_code=00105&base_code=0010507&code=00101016076 HTTP/1.1" 200 477
116.238.139.35 - - [18/Nov/2022:10:15:03 +0800] "POST /xingrg/dwr/call/plaincall/AjaxComOrderService.getMaterielSearchList.dwr HTTP/1.1" 200 18114
180.169.147.146 - - [18/Nov/2022:10:15:03 +0800] "GET /xingrg/all/function/internal_message.html?_=1668737703989&CODE_STATE=getMsg HTTP/1.1" 200 27
116.238.139.35 - - [18/Nov/2022:10:15:04 +0800] "POST /xingrg/dwr/call/plaincall/AjaxComOrderService.getMaterielSearchList.dwr HTTP/1.1" 200 714
116.238.139.35 - - [18/Nov/2022:10:15:04 +0800] "GET /xingrg/images/yd/bt.gif HTTP/1.1" 404 1040
116.238.139.35 - - [18/Nov/2022:10:15:05 +0800] "POST /xingrg/dwr/call/plaincall/AjaxYddbService.getMaterielByMap.dwr HTTP/1.1" 200 2378
61.170.233.161 - - [18/Nov/2022:10:15:06 +0800] "GET /favicon.ico HTTP/1.1" 404 -
116.238.139.35 - - [18/Nov/2022:10:15:09 +0800] "POST /xingrg/dwr/call/plaincall/AjaxYddbService.getUnitPrice.dwr HTTP/1.1" 200 87
180.162.229.95 - - [18/Nov/2022:10:15:10 +0800] "GET /xingrg/all/function/internal_message.html?_=1668737718025&CODE_STATE=getMsg HTTP/1.1" 200 27
61.170.233.161 - - [18/Nov/2022:10:15:10 +0800] "POST /xingrg/login.do HTTP/1.1" 302 -
61.170.233.161 - - [18/Nov/2022:10:15:10 +0800] "GET /xingrg/index.html?sysBaseUrl=http%3A%2F%2F180.169.147.146%3A18081%2Fxingrg%2F&costTime=48×tamp=1668737710457 HTTP/1.1" 200 17173
116.238.139.35 - - [18/Nov/2022:10:15:12 +0800] "POST /xingrg/dwr/call/plaincall/AjaxYddbService.saveMaterielItem.dwr HTTP/1.1" 200 79
61.170.233.161 - - [18/Nov/2022:10:15:12 +0800] "GET /favicon.ico HTTP/1.1" 404 -
116.238.139.35 - - [18/Nov/2022:10:15:12 +0800] "POST /xingrg/dwr/call/plaincall/AjaxComOrderService.getMaterielSearchList.dwr HTTP/1.1" 200 77
114.95.46.117 - - [18/Nov/2022:10:15:13 +0800] "GET /xingrg/all/function/internal_message.html?_=1668737715104&CODE_STATE=getMsg HTTP/1.1" 200 27
116.230.105.139 - - [18/Nov/2022:10:15:14 +0800] "GET /xingrg/check_reg.html?_=1668737711096 HTTP/1.1" 200 22
61.170.233.161 - - [18/Nov/2022:10:15:15 +0800] "POST /xingrg/all/common/load_tree.html?tree=area_rest_tree_json&manage=1 HTTP/1.1" 200 342
116.238.139.35 - - [18/Nov/2022:10:15:15 +0800] "POST /xingrg/dwr/call/plaincall/AjaxComOrderService.getMaterielSearchList.dwr HTTP/1.1" 200 9301
116.238.139.35 - - [18/Nov/2022:10:15:16 +0800] "POST /xingrg/dwr/call/plaincall/AjaxComOrderService.getMaterielSearchList.dwr HTTP/1.1" 200 891
218.81.217.29 - - [18/Nov/2022:10:15:17 +0800] "GET /xingrg/kc/buy/cgsh_order_list.html HTTP/1.1" 200 53723
61.170.233.161 - - [18/Nov/2022:10:15:17 +0800] "GET /xingrg/check_reg.html?_=1668737712210 HTTP/1.1" 200 22
61.170.233.161 - - [18/Nov/2022:10:15:17 +0800] "GET /xingrg/all/function/internal_message.html?_=1668737712208&CODE_STATE=count HTTP/1.1" 200 11
116.238.139.35 - - [18/Nov/2022:10:15:18 +0800] "POST /xingrg/dwr/call/plaincall/AjaxYddbService.getMaterielByMap.dwr HTTP/1.1" 200 2374
218.81.217.29 - - [18/Nov/2022:10:15:19 +0800] "POST /xingrg/kc/buy/cgsh_list_operate.html HTTP/1.1" 200 986
61.170.233.161 - - [18/Nov/2022:10:15:19 +0800] "POST /xingrg/load_menu.html HTTP/1.1" 200 5138
218.81.217.29 - - [18/Nov/2022:10:15:20 +0800] "GET /xingrg/kc/buy/cgsh_order_add.html HTTP/1.1" 200 69498
218.81.217.29 - - [18/Nov/2022:10:15:20 +0800] "POST /xingrg/kc/buy/cgsh_order_operate.html HTTP/1.1" 200 8245
218.81.217.29 - - [18/Nov/2022:10:15:21 +0800] "GET /xingrg/javascript/easyui/themes/default/validatebox.css HTTP/1.1" 404 1104
116.238.139.35 - - [18/Nov/2022:10:15:21 +0800] "GET /xingrg/all/function/internal_message.html?_=1668737634635&CODE_STATE=getMsg HTTP/1.1" 200 27
116.235.93.82 - - [18/Nov/2022:10:15:21 +0800] "GET /xingrg/all/function/internal_message.html?_=1668737939057&CODE_STATE=getMsg HTTP/1.1" 200 27
116.238.139.35 - - [18/Nov/2022:10:15:22 +0800] "POST /xingrg/dwr/call/plaincall/AjaxYddbService.getUnitPrice.dwr HTTP/1.1" 200 87
116.230.105.139 - - [18/Nov/2022:10:15:23 +0800] "GET /xingrg/all/function/internal_message.html?_=1668737719771&CODE_STATE=getMsg HTTP/1.1" 200 27
116.238.139.35 - - [18/Nov/2022:10:15:24 +0800] "POST /xingrg/dwr/call/plaincall/AjaxYddbService.saveMaterielItem.dwr HTTP/1.1" 200 79
116.230.105.139 - - [18/Nov/2022:10:15:26 +0800] "GET /xingrg/all/function/internal_message.html?_=1668737727075&CODE_STATE=getMsg HTTP/1.1" 200 27
114.88.159.190 - - [18/Nov/2022:10:15:27 +0800] "GET /xingrg/kc/buy/cgsh_order_operate.html?command=get_materiel&rest_code=00141&code=00101013295&supplier_code=00100036&order_time=2022-11-18 HTTP/1.1" 200 422
116.238.139.35 - - [18/Nov/2022:10:15:27 +0800] "POST /xingrg/dwr/call/plaincall/AjaxComOrderService.getMaterielSearchList.dwr HTTP/1.1" 200 24987
114.95.46.117 - - [18/Nov/2022:10:15:30 +0800] "GET /xingrg/all/function/internal_message.html?_=1668737581064&CODE_STATE=getMsg HTTP/1.1" 200 27
124.79.74.72 - - [18/Nov/2022:10:15:30 +0800] "GET /xingrg/all/function/internal_message.html?_=1668737734937&CODE_STATE=getMsg HTTP/1.1" 200 27
124.79.74.72 - - [18/Nov/2022:10:15:30 +0800] "GET /xingrg/check_reg.html?_=1668737734939 HTTP/1.1" 200 22
116.238.139.35 - - [18/Nov/2022:10:15:32 +0800] "POST /xingrg/dwr/call/plaincall/AjaxYddbService.getMaterielByMap.dwr HTTP/1.1" 200 2274
116.238.139.35 - - [18/Nov/2022:10:15:35 +0800] "POST /xingrg/dwr/call/plaincall/AjaxYddbService.saveMaterielItem.dwr HTTP/1.1" 200 79
116.238.139.35 - - [18/Nov/2022:10:15:37 +0800] "POST /xingrg/dwr/call/plaincall/AjaxComOrderService.getMaterielSearchList.dwr HTTP/1.1" 200 42023
116.238.139.35 - - [18/Nov/2022:10:15:38 +0800] "POST /xingrg/dwr/call/plaincall/AjaxComOrderService.getMaterielSearchList.dwr HTTP/1.1" 200 1967
114.88.159.190 - - [18/Nov/2022:10:15:38 +0800] "GET /xingrg/all/function/internal_message.html?_=1668737346962&CODE_STATE=getMsg HTTP/1.1" 200 27
58.221.95.50 - - [18/Nov/2022:10:15:39 +0800] "GET /xingrg/check_reg.html?_=1668737723979 HTTP/1.1" 302 -
116.238.139.35 - - [18/Nov/2022:10:15:39 +0800] "POST /xingrg/dwr/call/plaincall/AjaxYddbService.getMaterielByMap.dwr HTTP/1.1" 200 2283
116.238.139.35 - - [18/Nov/2022:10:15:41 +0800] "POST /xingrg/dwr/call/plaincall/AjaxYddbService.saveMaterielItem.dwr HTTP/1.1" 200 79
114.88.159.190 - - [18/Nov/2022:10:15:41 +0800] "GET /xingrg/kc/buy/cgsh_order_operate.html?command=get_materiel&rest_code=00141&code=00101011005&supplier_code=00100036&order_time=2022-11-18 HTTP/1.1" 200 428
114.84.81.136 - - [18/Nov/2022:10:15:42 +0800] "GET /xingrg/all/function/internal_message.html?_=1668737750772&CODE_STATE=getMsg HTTP/1.1" 200 27
116.238.139.35 - - [18/Nov/2022:10:15:43 +0800] "GET /xingrg/all/function/internal_message.html?_=1668737745651&CODE_STATE=getMsg HTTP/1.1" 200 27
114.83.219.57 - - [18/Nov/2022:10:15:44 +0800] "GET /xingrg/all/function/internal_message.html?_=1668737866769&CODE_STATE=getMsg HTTP/1.1" 200 27
116.238.139.35 - - [18/Nov/2022:10:15:44 +0800] "POST /xingrg/dwr/call/plaincall/AjaxComOrderService.getMaterielSearchList.dwr HTTP/1.1" 200 9375
218.81.217.29 - - [18/Nov/2022:10:15:45 +0800] "GET /xingrg/all/function/internal_message.html?_=1668737763704&CODE_STATE=getMsg HTTP/1.1" 200 27
180.162.229.95 - - [18/Nov/2022:10:15:45 +0800] "GET /xingrg/all/function/internal_message.html?_=1668737745575&CODE_STATE=getMsg HTTP/1.1" 200 27
61.170.233.161 - - [18/Nov/2022:10:15:53 +0800] "GET /xingrg/kc/buy/buy_main.html HTTP/1.1" 200 12412
61.170.233.161 - - [18/Nov/2022:10:15:53 +0800] "GET /xingrg/css/new_ie.css HTTP/1.1" 404 1036
222.70.183.206 - - [18/Nov/2022:10:15:53 +0800] "GET /xingrg/all/function/internal_message.html?_=1668737753119&CODE_STATE=getMsg HTTP/1.1" 200 27
61.170.233.161 - - [18/Nov/2022:10:15:54 +0800] "GET /xingrg/images/yd/bt.gif HTTP/1.1" 404 1040
61.170.233.161 - - [18/Nov/2022:10:15:54 +0800] "GET /xingrg/kc/buy/cgsh_order_list.html HTTP/1.1" 200 53717
114.88.159.190 - - [18/Nov/2022:10:15:54 +0800] "GET /xingrg/kc/buy/cgsh_order_operate.html?command=get_materiel&rest_code=00141&code=00101016025&supplier_code=00100036&order_time=2022-11-18 HTTP/1.1" 200 408
116.238.139.35 - - [18/Nov/2022:10:15:55 +0800] "POST /xingrg/dwr/call/plaincall/AjaxYddbService.getMaterielByMap.dwr HTTP/1.1" 200 2316
116.238.139.35 - - [18/Nov/2022:10:15:58 +0800] "POST /xingrg/dwr/call/plaincall/AjaxYddbService.saveMaterielItem.dwr HTTP/1.1" 200 79
61.170.233.161 - - [18/Nov/2022:10:15:59 +0800] "POST /xingrg/kc/buy/cgsh_list_operate.html HTTP/1.1" 200 986
180.163.28.109 - - [18/Nov/2022:10:16:00 +0800] "GET /xingrg/login.html HTTP/1.1" 200 7641
116.238.139.35 - - [18/Nov/2022:10:16:00 +0800] "POST /xingrg/dwr/call/plaincall/AjaxComOrderService.getMaterielSearchList.dwr HTTP/1.1" 200 20899
116.238.139.35 - - [18/Nov/2022:10:16:01 +0800] "POST /xingrg/dwr/call/plaincall/AjaxComOrderService.getMaterielSearchList.dwr HTTP/1.1" 200 739
218.81.217.29 - - [18/Nov/2022:10:16:01 +0800] "GET /xingrg/check_reg.html?_=1668737780227 HTTP/1.1" 200 22
116.238.139.35 - - [18/Nov/2022:10:16:03 +0800] "POST /xingrg/dwr/call/plaincall/AjaxYddbService.getMaterielByMap.dwr HTTP/1.1" 200 2369
180.169.147.146 - - [18/Nov/2022:10:16:03 +0800] "GET /xingrg/all/function/internal_message.html?_=1668737764010&CODE_STATE=getMsg HTTP/1.1" 200 27
180.169.147.146 - - [18/Nov/2022:10:16:03 +0800] "GET /xingrg/check_reg.html?_=1668737764012 HTTP/1.1" 200 22
116.238.139.35 - - [18/Nov/2022:10:16:06 +0800] "POST /xingrg/dwr/call/plaincall/AjaxYddbService.saveMaterielItem.dwr HTTP/1.1" 200 79
218.81.217.29 - - [18/Nov/2022:10:16:06 +0800] "GET /xingrg/kc/buy/cgsh_order_operate.html?command=get_materiel&rest_code=00146&code=00101008176&supplier_code=00100005&order_time=2022-11-18 HTTP/1.1" 200 413
116.238.139.35 - - [18/Nov/2022:10:16:07 +0800] "POST /xingrg/dwr/call/plaincall/AjaxComOrderService.getMaterielSearchList.dwr HTTP/1.1" 200 405
116.238.139.35 - - [18/Nov/2022:10:16:08 +0800] "POST /xingrg/dwr/call/plaincall/AjaxComOrderService.getMaterielSearchList.dwr HTTP/1.1" 200 77
61.170.233.161 - - [18/Nov/2022:10:16:08 +0800] "GET /xingrg/kc/buy/cgsh_order_add.html HTTP/1.1" 200 69498
61.170.233.161 - - [18/Nov/2022:10:16:08 +0800] "GET /xingrg/words/20221117145411_words.js HTTP/1.1" 304 -
116.238.139.35 - - [18/Nov/2022:10:16:09 +0800] "POST /xingrg/dwr/call/plaincall/AjaxComOrderService.getMaterielSearchList.dwr HTTP/1.1" 200 5716
114.95.46.117 - - [18/Nov/2022:10:16:09 +0800] "GET /xingrg/kc/base/wldb_order_operate.html?command=get_materiel&rest_code=00105&base_code=0010507&code=00101019438 HTTP/1.1" 200 462
61.170.233.161 - - [18/Nov/2022:10:16:09 +0800] "GET /xingrg/javascript/easyui/themes/default/validatebox.css HTTP/1.1" 404 1104
61.170.233.161 - - [18/Nov/2022:10:16:09 +0800] "GET /xingrg/all/common/auto_word.html?type=employee&rest_code=00106 HTTP/1.1" 200 205
61.170.233.161 - - [18/Nov/2022:10:16:09 +0800] "GET /xingrg/all/common/auto_word.html?type=employee&rest_code=00106 HTTP/1.1" 200 205
61.170.233.161 - - [18/Nov/2022:10:16:09 +0800] "POST /xingrg/kc/buy/cgsh_order_operate.html HTTP/1.1" 200 8245
116.238.139.35 - - [18/Nov/2022:10:16:10 +0800] "POST /xingrg/dwr/call/plaincall/AjaxComOrderService.getMaterielSearchList.dwr HTTP/1.1" 200 1130
180.162.229.95 - - [18/Nov/2022:10:16:10 +0800] "GET /xingrg/all/function/internal_message.html?_=1668737778024&CODE_STATE=getMsg HTTP/1.1" 200 27
116.238.139.35 - - [18/Nov/2022:10:16:10 +0800] "POST /xingrg/dwr/call/plaincall/AjaxComOrderService.getMaterielSearchList.dwr HTTP/1.1" 200 1130
116.238.139.35 - - [18/Nov/2022:10:16:12 +0800] "POST /xingrg/dwr/call/plaincall/AjaxYddbService.getMaterielByMap.dwr HTTP/1.1" 200 2354
114.95.46.117 - - [18/Nov/2022:10:16:13 +0800] "GET /xingrg/all/function/internal_message.html?_=1668737775074&CODE_STATE=getMsg HTTP/1.1" 200 27
114.95.46.117 - - [18/Nov/2022:10:16:15 +0800] "GET /xingrg/check_reg.html?_=1668737776418 HTTP/1.1" 200 22
116.238.139.35 - - [18/Nov/2022:10:16:15 +0800] "POST /xingrg/dwr/call/plaincall/AjaxYddbService.saveMaterielItem.dwr HTTP/1.1" 200 79
116.238.139.35 - - [18/Nov/2022:10:16:15 +0800] "POST /xingrg/dwr/call/plaincall/AjaxComOrderService.getMaterielSearchList.dwr HTTP/1.1" 200 77
180.163.29.79 - - [18/Nov/2022:10:16:17 +0800] "GET /xingrg/check_reg.html?_=1668737712210 HTTP/1.1" 302 -
180.163.29.79 - - [18/Nov/2022:10:16:17 +0800] "GET /xingrg/login.html HTTP/1.1" 200 7641
180.163.28.143 - - [18/Nov/2022:10:16:17 +0800] "GET /xingrg/all/function/internal_message.html?_=1668737712208&CODE_STATE=count HTTP/1.1" 302 -
61.170.233.161 - - [18/Nov/2022:10:16:17 +0800] "GET /xingrg/all/function/internal_message.html?_=1668737772225&CODE_STATE=getMsg HTTP/1.1" 200 27
116.238.139.35 - - [18/Nov/2022:10:16:19 +0800] "POST /xingrg/dwr/call/plaincall/AjaxComOrderService.getMaterielSearchList.dwr HTTP/1.1" 200 42023
116.238.139.35 - - [18/Nov/2022:10:16:19 +0800] "POST /xingrg/dwr/call/plaincall/AjaxComOrderService.getMaterielSearchList.dwr HTTP/1.1" 200 886
61.170.233.161 - - [18/Nov/2022:10:16:20 +0800] "GET /xingrg/javascript/easyui/themes/default/tree.css HTTP/1.1" 404 1090
61.170.233.161 - - [18/Nov/2022:10:16:20 +0800] "POST /xingrg/all/common/load_tree.html?tree=supplier_tree_json&isDelete=1 HTTP/1.1" 200 70135
180.163.28.143 - - [18/Nov/2022:10:16:20 +0800] "GET /xingrg/login.html HTTP/1.1" 200 7641
116.238.139.35 - - [18/Nov/2022:10:16:21 +0800] "GET /xingrg/all/function/internal_message.html?_=1668737694648&CODE_STATE=getMsg HTTP/1.1" 200 27
116.235.93.82 - - [18/Nov/2022:10:16:21 +0800] "GET /xingrg/all/function/internal_message.html?_=1668737999056&CODE_STATE=getMsg HTTP/1.1" 200 27
116.238.139.35 - - [18/Nov/2022:10:16:21 +0800] "POST /xingrg/dwr/call/plaincall/AjaxYddbService.getMaterielByMap.dwr HTTP/1.1" 200 2279
116.230.105.139 - - [18/Nov/2022:10:16:23 +0800] "GET /xingrg/all/function/internal_message.html?_=1668737779749&CODE_STATE=getMsg HTTP/1.1" 200 27
116.238.139.35 - - [18/Nov/2022:10:16:25 +0800] "POST /xingrg/dwr/call/plaincall/AjaxYddbService.saveMaterielItem.dwr HTTP/1.1" 200 79
116.230.105.139 - - [18/Nov/2022:10:16:26 +0800] "GET /xingrg/all/function/internal_message.html?_=1668737787083&CODE_STATE=getMsg HTTP/1.1" 200 27
116.238.139.35 - - [18/Nov/2022:10:16:27 +0800] "POST /xingrg/dwr/call/plaincall/AjaxComOrderService.getMaterielSearchList.dwr HTTP/1.1" 200 26757
114.95.46.117 - - [18/Nov/2022:10:16:27 +0800] "GET /xingrg/kc/base/wldb_order_operate.html?command=get_materiel&rest_code=00105&base_code=0010507&code=00101016019 HTTP/1.1" 200 451
116.238.139.35 - - [18/Nov/2022:10:16:28 +0800] "POST /xingrg/dwr/call/plaincall/AjaxComOrderService.getMaterielSearchList.dwr HTTP/1.1" 200 3073
114.88.159.190 - - [18/Nov/2022:10:16:28 +0800] "POST /xingrg/kc/buy/cgsh_order_operate.html HTTP/1.1" 200 37
116.238.139.35 - - [18/Nov/2022:10:16:30 +0800] "POST /xingrg/dwr/call/plaincall/AjaxYddbService.getMaterielByMap.dwr HTTP/1.1" 200 2385
218.81.217.29 - - [18/Nov/2022:10:16:30 +0800] "GET /xingrg/kc/buy/cgsh_order_operate.html?command=get_materiel&rest_code=00146&code=00101008199&supplier_code=00100005&order_time=2022-11-18 HTTP/1.1" 200 408
114.95.46.117 - - [18/Nov/2022:10:16:30 +0800] "GET /xingrg/all/function/internal_message.html?_=1668737641110&CODE_STATE=getMsg HTTP/1.1" 200 27
124.79.74.72 - - [18/Nov/2022:10:16:30 +0800] "GET /xingrg/all/function/internal_message.html?_=1668737794952&CODE_STATE=getMsg HTTP/1.1" 200 27
116.238.139.35 - - [18/Nov/2022:10:16:32 +0800] "POST /xingrg/dwr/call/plaincall/AjaxYddbService.saveMaterielItem.dwr HTTP/1.1" 200 79
114.88.159.190 - - [18/Nov/2022:10:16:32 +0800] "POST /xingrg/kc/buy/cgsh_order_operate.html HTTP/1.1" 200 12
116.238.139.35 - - [18/Nov/2022:10:16:33 +0800] "GET /xingrg/javascript/jquery_easy_ui/themes/default/images/button_plain_hover.png HTTP/1.1" 304 -
114.88.159.190 - - [18/Nov/2022:10:16:33 +0800] "GET /xingrg/kc/buy/cgsh_order_info.html?code=212022111806006 HTTP/1.1" 200 64403
114.88.159.190 - - [18/Nov/2022:10:16:33 +0800] "GET /xingrg/javascript/easyui/themes/default/validatebox.css HTTP/1.1" 404 1104
114.88.159.190 - - [18/Nov/2022:10:16:34 +0800] "POST /xingrg/kc/buy/cgsh_order_operate.html HTTP/1.1" 200 4770
114.88.159.190 - - [18/Nov/2022:10:16:35 +0800] "GET /xingrg/kc/print/load_config.html?kc_code=cgsh HTTP/1.1" 200 1943
114.88.159.190 - - [18/Nov/2022:10:16:35 +0800] "GET /xingrg/kc/print/load_data.html?order_code=212022111806006&kc_code=cgsh&condition= HTTP/1.1" 200 2384
116.238.139.35 - - [18/Nov/2022:10:16:36 +0800] "POST /xingrg/dwr/call/plaincall/AjaxYddbService.checkOrder.dwr HTTP/1.1" 200 79
116.238.139.35 - - [18/Nov/2022:10:16:37 +0800] "GET /xingrg/kc/base/yddb_order_info.html?code=482022111800131 HTTP/1.1" 200 31187
116.238.139.35 - - [18/Nov/2022:10:16:37 +0800] "GET /xingrg/dwr/interface/AjaxYddbService.js HTTP/1.1" 200 13201
116.238.139.35 - - [18/Nov/2022:10:16:37 +0800] "GET /xingrg/dwr/interface/AjaxComOrderService.js HTTP/1.1" 200 18264
116.238.139.35 - - [18/Nov/2022:10:16:37 +0800] "GET /xingrg/dwr/engine.js HTTP/1.1" 200 43631
116.238.139.35 - - [18/Nov/2022:10:16:37 +0800] "POST /xingrg/dwr/call/plaincall/AjaxYddbService.loadMaterielItems.dwr HTTP/1.1" 200 5546
114.88.159.190 - - [18/Nov/2022:10:16:38 +0800] "GET /xingrg/all/function/internal_message.html?_=1668737406950&CODE_STATE=getMsg HTTP/1.1" 200 27
114.88.159.190 - - [18/Nov/2022:10:16:40 +0800] "GET /xingrg/kc/buy/cgsh_order_add.html HTTP/1.1" 200 69498
114.88.159.190 - - [18/Nov/2022:10:16:40 +0800] "POST /xingrg/kc/buy/cgsh_order_operate.html HTTP/1.1" 200 8245
114.88.159.190 - - [18/Nov/2022:10:16:40 +0800] "GET /xingrg/javascript/easyui/themes/default/validatebox.css HTTP/1.1" 404 1104
114.95.46.117 - - [18/Nov/2022:10:16:41 +0800] "GET /xingrg/kc/base/wldb_order_operate.html?command=get_materiel&rest_code=00105&base_code=0010507&code=00101011005 HTTP/1.1" 200 430
218.81.217.29 - - [18/Nov/2022:10:16:41 +0800] "GET /xingrg/kc/buy/cgsh_order_operate.html?command=get_materiel&rest_code=00146&code=00101008003&supplier_code=00100005&order_time=2022-11-18 HTTP/1.1" 200 408
114.84.81.136 - - [18/Nov/2022:10:16:42 +0800] "GET /xingrg/all/function/internal_message.html?_=1668737810765&CODE_STATE=getMsg HTTP/1.1" 200 27
116.238.139.35 - - [18/Nov/2022:10:16:43 +0800] "GET /xingrg/all/function/internal_message.html?_=1668737805652&CODE_STATE=getMsg HTTP/1.1" 200 27
114.83.219.57 - - [18/Nov/2022:10:16:44 +0800] "GET /xingrg/all/function/internal_message.html?_=1668737926760&CODE_STATE=getMsg HTTP/1.1" 200 27
218.81.217.29 - - [18/Nov/2022:10:16:45 +0800] "GET /xingrg/all/function/internal_message.html?_=1668737823719&CODE_STATE=getMsg HTTP/1.1" 200 27
180.162.229.95 - - [18/Nov/2022:10:16:45 +0800] "GET /xingrg/all/function/internal_message.html?_=1668737805570&CODE_STATE=getMsg HTTP/1.1" 200 27
58.40.7.146 - - [18/Nov/2022:10:16:49 +0800] "GET /favicon.ico HTTP/1.1" 404 -
114.84.81.136 - - [18/Nov/2022:10:16:51 +0800] "GET /xingrg/kc/base/wldb_order_list.html HTTP/1.1" 200 19107
114.84.81.136 - - [18/Nov/2022:10:16:51 +0800] "POST /xingrg/kc/base/wldb_list_operate.html HTTP/1.1" 200 928
114.84.81.136 - - [18/Nov/2022:10:16:52 +0800] "GET /xingrg/kc/base/wldb_order_add.html HTTP/1.1" 200 30386
114.84.81.136 - - [18/Nov/2022:10:16:52 +0800] "POST /xingrg/kc/base/wldb_order_operate.html HTTP/1.1" 200 6806
114.84.81.136 - - [18/Nov/2022:10:16:52 +0800] "GET /xingrg/all/common/auto_word.html?type=base&rest_code=00148 HTTP/1.1" 200 1799
114.84.81.136 - - [18/Nov/2022:10:16:52 +0800] "GET /xingrg/all/common/auto_word.html?type=base&rest_code=00148 HTTP/1.1" 200 1799
180.163.28.143 - - [18/Nov/2022:10:16:52 +0800] "GET /xingrg/kc/buy/buy_main.html HTTP/1.1" 302 -
180.163.28.143 - - [18/Nov/2022:10:16:52 +0800] "GET /xingrg/login.html HTTP/1.1" 200 7641
114.84.81.136 - - [18/Nov/2022:10:16:52 +0800] "GET /xingrg/javascript/easyui/themes/default/validatebox.css HTTP/1.1" 404 1104
114.84.81.136 - - [18/Nov/2022:10:16:53 +0800] "GET /xingrg/kc/buy/cgsh_order_list.html HTTP/1.1" 200 53723
222.70.183.206 - - [18/Nov/2022:10:16:53 +0800] "GET /xingrg/all/function/internal_message.html?_=1668737813105&CODE_STATE=getMsg HTTP/1.1" 200 27
180.163.29.103 - - [18/Nov/2022:10:16:54 +0800] "GET /xingrg/kc/buy/cgsh_order_list.html HTTP/1.1" 302 -
180.163.29.103 - - [18/Nov/2022:10:16:54 +0800] "GET /xingrg/login.html HTTP/1.1" 200 7641
114.84.81.136 - - [18/Nov/2022:10:16:54 +0800] "POST /xingrg/kc/buy/cgsh_list_operate.html HTTP/1.1" 200 986
114.95.46.117 - - [18/Nov/2022:10:16:55 +0800] "GET /xingrg/kc/base/wldb_order_operate.html?command=get_materiel&rest_code=00105&base_code=0010507&code=00101019400 HTTP/1.1" 200 465
218.81.217.29 - - [18/Nov/2022:10:16:55 +0800] "GET /xingrg/kc/buy/cgsh_order_operate.html?command=get_materiel&rest_code=00146&code=00101008148&supplier_code=00100005&order_time=2022-11-18 HTTP/1.1" 200 416
114.88.159.190 - - [18/Nov/2022:10:16:56 +0800] "GET /xingrg/kc/buy/cgsh_order_operate.html?command=get_materiel&rest_code=00141&code=00101006055&supplier_code=00100012&order_time=2022-11-18 HTTP/1.1" 200 409
114.84.81.136 - - [18/Nov/2022:10:16:56 +0800] "GET /xingrg/kc/buy/cgsh_order_add.html HTTP/1.1" 200 69492
114.84.81.136 - - [18/Nov/2022:10:16:57 +0800] "POST /xingrg/kc/buy/cgsh_order_operate.html HTTP/1.1" 200 8245
114.84.81.136 - - [18/Nov/2022:10:16:57 +0800] "GET /xingrg/javascript/easyui/themes/default/validatebox.css HTTP/1.1" 404 1104
61.170.233.161 - - [18/Nov/2022:10:17:01 +0800] "GET /xingrg/javascript/auto/indicator.gif HTTP/1.1" 404 1066
180.169.147.146 - - [18/Nov/2022:10:17:03 +0800] "GET /xingrg/all/function/internal_message.html?_=1668737824004&CODE_STATE=getMsg HTTP/1.1" 200 27
114.95.46.117 - - [18/Nov/2022:10:17:06 +0800] "GET /xingrg/kc/base/wldb_order_operate.html?command=get_materiel&rest_code=00105&base_code=0010507&code=00101019222 HTTP/1.1" 200 454
114.84.81.136 - - [18/Nov/2022:10:17:07 +0800] "GET /xingrg/javascript/auto/indicator.gif HTTP/1.1" 404 1066
61.170.233.161 - - [18/Nov/2022:10:17:07 +0800] "GET /xingrg/kc/buy/cgsh_order_operate.html?command=get_materiel&rest_code=00106&code=00101008234&supplier_code=00100007&order_time=2022-11-18 HTTP/1.1" 200 408
218.81.217.29 - - [18/Nov/2022:10:17:08 +0800] "GET /xingrg/kc/buy/cgsh_order_operate.html?command=get_materiel&rest_code=00146&code=00101008067&supplier_code=00100005&order_time=2022-11-18 HTTP/1.1" 200 416
180.163.29.217 - - [18/Nov/2022:10:17:08 +0800] "GET /xingrg/kc/buy/cgsh_order_add.html HTTP/1.1" 302 -
180.163.29.217 - - [18/Nov/2022:10:17:08 +0800] "GET /xingrg/login.html HTTP/1.1" 200 7641
116.238.139.35 - - [18/Nov/2022:10:17:08 +0800] "POST /xingrg/dwr/call/plaincall/AjaxYddbService.saveOrder.dwr HTTP/1.1" 200 78
114.84.81.136 - - [18/Nov/2022:10:17:09 +0800] "GET /xingrg/javascript/jquery_tools/images/prev.gif HTTP/1.1" 404 1086
114.84.81.136 - - [18/Nov/2022:10:17:09 +0800] "GET /xingrg/javascript/jquery_tools/images/next.gif HTTP/1.1" 404 1086
180.163.29.79 - - [18/Nov/2022:10:17:09 +0800] "GET /xingrg/all/common/auto_word.html?type=employee&rest_code=00106 HTTP/1.1" 302 -
180.163.29.79 - - [18/Nov/2022:10:17:09 +0800] "GET /xingrg/login.html HTTP/1.1" 200 7641
114.88.159.190 - - [18/Nov/2022:10:17:09 +0800] "GET /xingrg/kc/buy/cgsh_order_operate.html?command=get_materiel&rest_code=00141&code=00101006180&supplier_code=00100012&order_time=2022-11-18 HTTP/1.1" 200 423
180.162.229.95 - - [18/Nov/2022:10:17:10 +0800] "GET /xingrg/all/function/internal_message.html?_=1668737838022&CODE_STATE=getMsg HTTP/1.1" 200 27
180.162.229.95 - - [18/Nov/2022:10:17:10 +0800] "GET /xingrg/check_reg.html?_=1668737838023 HTTP/1.1" 200 22
114.95.46.117 - - [18/Nov/2022:10:17:13 +0800] "GET /xingrg/all/function/internal_message.html?_=1668737835051&CODE_STATE=getMsg HTTP/1.1" 200 27
116.238.139.35 - - [18/Nov/2022:10:17:14 +0800] "POST /xingrg/dwr/call/plaincall/AjaxYddbService.objCheckOrder.dwr HTTP/1.1" 200 78
116.238.139.35 - - [18/Nov/2022:10:17:15 +0800] "GET /xingrg/kc/base/yddb_order_info.html?code=482022111800131 HTTP/1.1" 200 31312
116.238.139.35 - - [18/Nov/2022:10:17:15 +0800] "GET /xingrg/dwr/interface/AjaxYddbService.js HTTP/1.1" 200 13201
116.238.139.35 - - [18/Nov/2022:10:17:15 +0800] "GET /xingrg/dwr/interface/AjaxComOrderService.js HTTP/1.1" 200 18264
116.238.139.35 - - [18/Nov/2022:10:17:15 +0800] "GET /xingrg/dwr/engine.js HTTP/1.1" 200 43631
116.238.139.35 - - [18/Nov/2022:10:17:15 +0800] "POST /xingrg/dwr/call/plaincall/AjaxYddbService.loadMaterielItems.dwr HTTP/1.1" 200 5546
180.163.29.212 - - [18/Nov/2022:10:17:17 +0800] "GET /xingrg/all/function/internal_message.html?_=1668737772225&CODE_STATE=getMsg HTTP/1.1" 302 -
180.163.29.212 - - [18/Nov/2022:10:17:17 +0800] "GET /xingrg/login.html HTTP/1.1" 200 7641
61.170.233.161 - - [18/Nov/2022:10:17:17 +0800] "GET /xingrg/all/function/internal_message.html?_=1668737832223&CODE_STATE=getMsg HTTP/1.1" 200 27
114.84.81.136 - - [18/Nov/2022:10:17:18 +0800] "GET /xingrg/kc/buy/cgsh_order_operate.html?command=get_materiel&rest_code=00148&code=00101008155&supplier_code=00100008&order_time=2022-11-18 HTTP/1.1" 200 408
61.170.233.161 - - [18/Nov/2022:10:17:18 +0800] "GET /xingrg/kc/buy/cgsh_order_operate.html?command=get_materiel&rest_code=00106&code=00101008155&supplier_code=00100007&order_time=2022-11-18 HTTP/1.1" 200 408
114.95.46.117 - - [18/Nov/2022:10:17:19 +0800] "GET /xingrg/kc/base/wldb_order_operate.html?command=get_materiel&rest_code=00105&base_code=0010507&code=00101019372 HTTP/1.1" 200 480
116.238.139.35 - - [18/Nov/2022:10:17:21 +0800] "GET /xingrg/check_reg.html?_=1668737754599 HTTP/1.1" 200 22
116.238.139.35 - - [18/Nov/2022:10:17:21 +0800] "GET /xingrg/all/function/internal_message.html?_=1668737754663&CODE_STATE=getMsg HTTP/1.1" 200 27
116.235.93.82 - - [18/Nov/2022:10:17:21 +0800] "GET /xingrg/all/function/internal_message.html?_=1668738059055&CODE_STATE=getMsg HTTP/1.1" 200 27
116.230.105.139 - - [18/Nov/2022:10:17:23 +0800] "GET /xingrg/all/function/internal_message.html?_=1668737839733&CODE_STATE=getMsg HTTP/1.1" 200 27
114.88.159.190 - - [18/Nov/2022:10:17:24 +0800] "GET /xingrg/kc/buy/cgsh_order_operate.html?command=get_materiel&rest_code=00141&code=00101006129&supplier_code=00100012&order_time=2022-11-18 HTTP/1.1" 200 452
116.230.105.139 - - [18/Nov/2022:10:17:26 +0800] "GET /xingrg/check_reg.html?_=1668737847086 HTTP/1.1" 200 22
116.230.105.139 - - [18/Nov/2022:10:17:26 +0800] "GET /xingrg/all/function/internal_message.html?_=1668737847087&CODE_STATE=getMsg HTTP/1.1" 200 27
61.170.233.161 - - [18/Nov/2022:10:17:28 +0800] "GET /xingrg/kc/buy/cgsh_order_operate.html?command=get_materiel&rest_code=00106&code=00101008331&supplier_code=00100007&order_time=2022-11-18 HTTP/1.1" 200 416
114.95.46.117 - - [18/Nov/2022:10:17:30 +0800] "GET /xingrg/all/function/internal_message.html?_=1668737701094&CODE_STATE=getMsg HTTP/1.1" 200 27
124.79.74.72 - - [18/Nov/2022:10:17:30 +0800] "GET /xingrg/all/function/internal_message.html?_=1668737854936&CODE_STATE=getMsg HTTP/1.1" 200 27
180.162.229.95 - - [18/Nov/2022:10:17:32 +0800] "GET /xingrg/check_reg.html?_=1668737851969 HTTP/1.1" 200 22
114.95.46.117 - - [18/Nov/2022:10:17:33 +0800] "GET /xingrg/kc/base/wldb_order_operate.html?command=get_materiel&rest_code=00105&base_code=0010507&code=00101019018 HTTP/1.1" 200 465
114.88.159.190 - - [18/Nov/2022:10:17:34 +0800] "GET /xingrg/kc/buy/cgsh_order_operate.html?command=get_materiel&rest_code=00141&code=00101006113&supplier_code=00100012&order_time=2022-11-18 HTTP/1.1" 200 413
218.81.217.29 - - [18/Nov/2022:10:17:36 +0800] "GET /xingrg/kc/buy/cgsh_order_operate.html?command=get_materiel&rest_code=00146&code=00101008115&supplier_code=00100005&order_time=2022-11-18 HTTP/1.1" 200 412
61.170.233.161 - - [18/Nov/2022:10:17:38 +0800] "GET /xingrg/kc/buy/cgsh_order_operate.html?command=get_materiel&rest_code=00106&code=00101008163&supplier_code=00100007&order_time=2022-11-18 HTTP/1.1" 200 409
114.88.159.190 - - [18/Nov/2022:10:17:38 +0800] "GET /xingrg/all/function/internal_message.html?_=1668737466933&CODE_STATE=getMsg HTTP/1.1" 200 27
114.84.81.136 - - [18/Nov/2022:10:17:38 +0800] "GET /xingrg/kc/buy/cgsh_order_operate.html?command=get_materiel&rest_code=00148&code=00101008038&supplier_code=00100008&order_time=2022-11-18 HTTP/1.1" 200 412
114.84.81.136 - - [18/Nov/2022:10:17:42 +0800] "GET /xingrg/all/function/internal_message.html?_=1668737870775&CODE_STATE=getMsg HTTP/1.1" 200 27
116.238.139.35 - - [18/Nov/2022:10:17:43 +0800] "GET /xingrg/all/function/internal_message.html?_=1668737865653&CODE_STATE=getMsg HTTP/1.1" 200 27
114.83.219.57 - - [18/Nov/2022:10:17:44 +0800] "GET /xingrg/all/function/internal_message.html?_=1668737986747&CODE_STATE=getMsg HTTP/1.1" 200 27
218.81.217.29 - - [18/Nov/2022:10:17:45 +0800] "GET /xingrg/all/function/internal_message.html?_=1668737883732&CODE_STATE=getMsg HTTP/1.1" 200 27
180.162.229.95 - - [18/Nov/2022:10:17:45 +0800] "GET /xingrg/all/function/internal_message.html?_=1668737865564&CODE_STATE=getMsg HTTP/1.1" 200 27
114.95.46.117 - - [18/Nov/2022:10:17:49 +0800] "GET /xingrg/kc/base/wldb_order_operate.html?command=get_materiel&rest_code=00105&base_code=0010507&code=00101016044 HTTP/1.1" 200 464
116.238.139.35 - - [18/Nov/2022:10:17:49 +0800] "GET /xingrg/javascript/jquery_easy_ui/themes/icons/rest.png HTTP/1.1" 304 -
116.238.139.35 - - [18/Nov/2022:10:17:49 +0800] "GET /xingrg/javascript/jquery_easy_ui/themes/icons/area.png HTTP/1.1" 304 -
114.84.81.136 - - [18/Nov/2022:10:17:52 +0800] "GET /xingrg/kc/buy/cgsh_order_operate.html?command=get_materiel&rest_code=00148&code=00101008358&supplier_code=00100008&order_time=2022-11-18 HTTP/1.1" 200 412
61.170.233.161 - - [18/Nov/2022:10:17:53 +0800] "GET /xingrg/kc/buy/cgsh_order_operate.html?command=get_materiel&rest_code=00106&code=00101008355&supplier_code=00100007&order_time=2022-11-18 HTTP/1.1" 200 408
222.70.183.206 - - [18/Nov/2022:10:17:53 +0800] "GET /xingrg/all/function/internal_message.html?_=1668737873119&CODE_STATE=getMsg HTTP/1.1" 200 27
114.88.159.190 - - [18/Nov/2022:10:17:54 +0800] "GET /xingrg/kc/buy/cgsh_order_operate.html?command=get_materiel&rest_code=00141&code=00101006193&supplier_code=00100012&order_time=2022-11-18 HTTP/1.1" 200 409
114.84.81.136 - - [18/Nov/2022:10:17:59 +0800] "GET /xingrg/kc/buy/cgsh_order_operate.html?command=get_materiel&rest_code=00148&code=00101008224&supplier_code=00100008&order_time=2022-11-18 HTTP/1.1" 200 416
180.169.147.146 - - [18/Nov/2022:10:18:03 +0800] "GET /xingrg/all/function/internal_message.html?_=1668737883996&CODE_STATE=getMsg HTTP/1.1" 200 27
114.84.81.136 - - [18/Nov/2022:10:18:05 +0800] "GET /xingrg/kc/buy/cgsh_order_operate.html?command=get_materiel&rest_code=00148&code=00101008270&supplier_code=00100008&order_time=2022-11-18 HTTP/1.1" 200 412
180.163.28.68 - - [18/Nov/2022:10:18:05 +0800] "GET /xingrg/kc/buy/cgsh_order_operate.html?command=get_materiel&rest_code=00106&code=00101008234&supplier_code=00100007&order_time=2022-11-18 HTTP/1.1" 302 -
180.163.28.68 - - [18/Nov/2022:10:18:05 +0800] "GET /xingrg/login.html HTTP/1.1" 200 7641
116.238.139.35 - - [18/Nov/2022:10:18:06 +0800] "GET /xingrg/kc/base/yddb_order_list.html HTTP/1.1" 200 16711
116.238.139.35 - - [18/Nov/2022:10:18:06 +0800] "POST /xingrg/kc/base/yddb_list_operate.html HTTP/1.1" 200 636
114.88.159.190 - - [18/Nov/2022:10:18:06 +0800] "GET /xingrg/kc/buy/cgsh_order_operate.html?command=get_materiel&rest_code=00141&code=00101007068&supplier_code=00100012&order_time=2022-11-18 HTTP/1.1" 200 409
116.238.139.35 - - [18/Nov/2022:10:18:07 +0800] "GET /xingrg/javascript/jquery_easy_ui/themes/default/images/tabs_active.png HTTP/1.1" 304 -
61.170.233.161 - - [18/Nov/2022:10:18:07 +0800] "GET /xingrg/kc/buy/cgsh_order_operate.html?command=get_materiel&rest_code=00106&code=00101008264&supplier_code=00100007&order_time=2022-11-18 HTTP/1.1" 200 412
180.162.229.95 - - [18/Nov/2022:10:18:10 +0800] "GET /xingrg/all/function/internal_message.html?_=1668737898022&CODE_STATE=getMsg HTTP/1.1" 200 27
116.238.139.35 - - [18/Nov/2022:10:18:12 +0800] "POST /xingrg/kc/base/yddb_list_operate.html HTTP/1.1" 200 4456
114.95.46.117 - - [18/Nov/2022:10:18:13 +0800] "GET /xingrg/all/function/internal_message.html?_=1668737895030&CODE_STATE=getMsg HTTP/1.1" 200 27
61.170.233.161 - - [18/Nov/2022:10:18:14 +0800] "GET /xingrg/kc/buy/cgsh_order_operate.html?command=get_materiel&rest_code=00106&code=00101008562&supplier_code=00100007&order_time=2022-11-18 HTTP/1.1" 200 409
116.238.139.35 - - [18/Nov/2022:10:18:15 +0800] "POST /xingrg/kc/base/yddb_list_operate.html HTTP/1.1" 200 622
180.163.29.217 - - [18/Nov/2022:10:18:17 +0800] "GET /xingrg/all/function/internal_message.html?_=1668737832223&CODE_STATE=getMsg HTTP/1.1" 302 -
180.163.29.217 - - [18/Nov/2022:10:18:17 +0800] "GET /xingrg/login.html HTTP/1.1" 200 7641
61.170.233.161 - - [18/Nov/2022:10:18:17 +0800] "GET /xingrg/all/function/internal_message.html?_=1668737892216&CODE_STATE=getMsg HTTP/1.1" 200 27
114.88.159.190 - - [18/Nov/2022:10:18:21 +0800] "POST /xingrg/kc/buy/cgsh_order_operate.html HTTP/1.1" 200 37
116.238.139.35 - - [18/Nov/2022:10:18:21 +0800] "GET /xingrg/all/function/internal_message.html?_=1668737814675&CODE_STATE=getMsg HTTP/1.1" 200 27
116.235.93.82 - - [18/Nov/2022:10:18:21 +0800] "GET /xingrg/all/function/internal_message.html?_=1668738119053&CODE_STATE=getMsg HTTP/1.1" 200 27
116.235.93.82 - - [18/Nov/2022:10:18:21 +0800] "GET /xingrg/check_reg.html?_=1668738119054 HTTP/1.1" 200 22
116.230.105.139 - - [18/Nov/2022:10:18:23 +0800] "GET /xingrg/all/function/internal_message.html?_=1668737899719&CODE_STATE=getMsg HTTP/1.1" 200 27
114.88.159.190 - - [18/Nov/2022:10:18:24 +0800] "POST /xingrg/kc/buy/cgsh_order_operate.html HTTP/1.1" 200 12
114.88.159.190 - - [18/Nov/2022:10:18:25 +0800] "GET /xingrg/kc/buy/cgsh_order_info.html?code=212022111806007 HTTP/1.1" 200 64401
180.163.29.234 - - [18/Nov/2022:10:18:25 +0800] "GET /xingrg/kc/buy/cgsh_order_operate.html?command=get_materiel&rest_code=00106&code=00101008331&supplier_code=00100007&order_time=2022-11-18 HTTP/1.1" 302 -
180.163.29.234 - - [18/Nov/2022:10:18:25 +0800] "GET /xingrg/login.html HTTP/1.1" 200 7641
114.88.159.190 - - [18/Nov/2022:10:18:26 +0800] "GET /xingrg/javascript/easyui/themes/default/validatebox.css HTTP/1.1" 404 1104
116.230.105.139 - - [18/Nov/2022:10:18:26 +0800] "GET /xingrg/all/function/internal_message.html?_=1668737907081&CODE_STATE=getMsg HTTP/1.1" 200 27
61.170.233.161 - - [18/Nov/2022:10:18:26 +0800] "GET /xingrg/kc/buy/cgsh_order_operate.html?command=get_materiel&rest_code=00106&code=00101008360&supplier_code=00100007&order_time=2022-11-18 HTTP/1.1" 200 432
114.88.159.190 - - [18/Nov/2022:10:18:27 +0800] "POST /xingrg/kc/buy/cgsh_order_operate.html HTTP/1.1" 200 4198
114.95.46.117 - - [18/Nov/2022:10:18:28 +0800] "GET /xingrg/kc/base/wldb_order_operate.html?command=get_materiel&rest_code=00105&base_code=0010507&code=00101006047 HTTP/1.1" 200 434
114.88.159.190 - - [18/Nov/2022:10:18:28 +0800] "GET /xingrg/kc/print/load_data.html?order_code=212022111806007&kc_code=cgsh&condition= HTTP/1.1" 200 2192
116.238.139.35 - - [18/Nov/2022:10:18:30 +0800] "GET /xingrg/javascript/jquery_easy_ui/themes/default/images/button_a_bg.gif HTTP/1.1" 304 -
116.238.139.35 - - [18/Nov/2022:10:18:30 +0800] "GET /xingrg/javascript/jquery_easy_ui/themes/default/images/button_span_bg.gif HTTP/1.1" 304 -
116.238.139.35 - - [18/Nov/2022:10:18:30 +0800] "GET /xingrg/javascript/jquery_easy_ui/themes/icons/ok.png HTTP/1.1" 304 -
124.79.74.72 - - [18/Nov/2022:10:18:30 +0800] "GET /xingrg/all/function/internal_message.html?_=1668737914935&CODE_STATE=getMsg HTTP/1.1" 200 27
114.95.46.117 - - [18/Nov/2022:10:18:30 +0800] "GET /xingrg/all/function/internal_message.html?_=1668737761110&CODE_STATE=getMsg HTTP/1.1" 200 27
116.238.139.35 - - [18/Nov/2022:10:18:30 +0800] "GET /xingrg/javascript/jquery_easy_ui/themes/default/images/panel_tools.gif HTTP/1.1" 304 -
116.238.139.35 - - [18/Nov/2022:10:18:30 +0800] "GET /xingrg/javascript/jquery_easy_ui/themes/default/images/panel_title.png HTTP/1.1" 304 -
114.88.159.190 - - [18/Nov/2022:10:18:35 +0800] "GET /xingrg/kc/buy/cgsh_order_add.html HTTP/1.1" 200 69498
114.88.159.190 - - [18/Nov/2022:10:18:35 +0800] "GET /xingrg/javascript/easyui/themes/default/validatebox.css HTTP/1.1" 404 1104
114.88.159.190 - - [18/Nov/2022:10:18:35 +0800] "POST /xingrg/kc/buy/cgsh_order_operate.html HTTP/1.1" 200 8245
180.163.30.85 - - [18/Nov/2022:10:18:35 +0800] "GET /xingrg/kc/buy/cgsh_order_operate.html?command=get_materiel&rest_code=00106&code=00101008163&supplier_code=00100007&order_time=2022-11-18 HTTP/1.1" 302 -
180.163.30.85 - - [18/Nov/2022:10:18:35 +0800] "GET /xingrg/login.html HTTP/1.1" 200 7641
114.95.46.117 - - [18/Nov/2022:10:18:37 +0800] "POST /xingrg/kc/base/wldb_order_operate.html HTTP/1.1" 200 37
61.170.233.161 - - [18/Nov/2022:10:18:37 +0800] "GET /xingrg/kc/buy/cgsh_order_operate.html?command=get_materiel&rest_code=00106&code=00101008059&supplier_code=00100007&order_time=2022-11-18 HTTP/1.1" 200 408
114.95.46.117 - - [18/Nov/2022:10:18:38 +0800] "POST /xingrg/kc/base/wldb_order_operate.html HTTP/1.1" 200 7660
114.95.46.117 - - [18/Nov/2022:10:18:38 +0800] "GET /xingrg/kc/base/wldb_order_info.html?code=422022111801427 HTTP/1.1" 200 30399
114.95.46.117 - - [18/Nov/2022:10:18:38 +0800] "GET /xingrg/javascript/easyui/themes/default/validatebox.css HTTP/1.1" 404 1104
114.88.159.190 - - [18/Nov/2022:10:18:38 +0800] "GET /xingrg/check_reg.html?_=1668737526947 HTTP/1.1" 200 22
114.88.159.190 - - [18/Nov/2022:10:18:38 +0800] "GET /xingrg/all/function/internal_message.html?_=1668737526948&CODE_STATE=getMsg HTTP/1.1" 200 27
114.95.46.117 - - [18/Nov/2022:10:18:39 +0800] "POST /xingrg/kc/base/wldb_order_operate.html HTTP/1.1" 200 7660
116.238.139.35 - - [18/Nov/2022:10:18:39 +0800] "POST /xingrg/all/user/operate.html HTTP/1.1" 200 36
116.238.139.35 - - [18/Nov/2022:10:18:39 +0800] "GET /xingrg/javascript/jquery_easy_ui/themes/default/easyui.css HTTP/1.1" 304 -
116.238.139.35 - - [18/Nov/2022:10:18:39 +0800] "GET /xingrg/index.html?sysBaseUrl=http%3A%2F%2F180.169.147.146%3A18081%2Fxingrg%2F&costTime=41×tamp=1668732823242 HTTP/1.1" 200 17179
116.238.139.35 - - [18/Nov/2022:10:18:40 +0800] "GET /xingrg/javascript/jquery_easy_ui/themes/icon.css HTTP/1.1" 304 -
116.238.139.35 - - [18/Nov/2022:10:18:40 +0800] "GET /xingrg/css/form.css HTTP/1.1" 304 -
116.238.139.35 - - [18/Nov/2022:10:18:40 +0800] "GET /xingrg/javascript/jquery-1.4.2.min.js HTTP/1.1" 304 -
116.238.139.35 - - [18/Nov/2022:10:18:40 +0800] "GET /xingrg/javascript/jquery_easy_ui/jquery.easyui.min.js HTTP/1.1" 304 -
116.238.139.35 - - [18/Nov/2022:10:18:40 +0800] "GET /xingrg/javascript/jquery_easy_ui/easyui-lang-zh_CN.js HTTP/1.1" 304 -
116.238.139.35 - - [18/Nov/2022:10:18:40 +0800] "GET /xingrg/javascript/jquery.form.js HTTP/1.1" 304 -
116.238.139.35 - - [18/Nov/2022:10:18:40 +0800] "GET /xingrg/javascript/jquery.utils.js HTTP/1.1" 304 -
116.238.139.35 - - [18/Nov/2022:10:18:40 +0800] "GET /xingrg/javascript/jquery.timers.js HTTP/1.1" 304 -
116.238.139.35 - - [18/Nov/2022:10:18:40 +0800] "GET /xingrg/images/blue/navBackgound.jpg HTTP/1.1" 304 -
116.238.139.35 - - [18/Nov/2022:10:18:40 +0800] "GET /xingrg/images/blue/jxLogo.png HTTP/1.1" 304 -
116.238.139.35 - - [18/Nov/2022:10:18:40 +0800] "GET /xingrg/javascript/jquery_easy_ui/themes/icons/settle_new.png HTTP/1.1" 304 -
116.238.139.35 - - [18/Nov/2022:10:18:40 +0800] "GET /xingrg/images/blue/pingpu.png HTTP/1.1" 304 -
116.238.139.35 - - [18/Nov/2022:10:18:40 +0800] "POST /xingrg/all/common/load_tree.html?tree=area_rest_tree_json&manage=1 HTTP/1.1" 200 476
116.238.139.35 - - [18/Nov/2022:10:18:40 +0800] "GET /xingrg/javascript/jquery_easy_ui/themes/default/images/tabs_leftarrow.png HTTP/1.1" 304 -
116.238.139.35 - - [18/Nov/2022:10:18:40 +0800] "GET /xingrg/javascript/jquery_easy_ui/themes/default/images/tabs_rightarrow.png HTTP/1.1" 304 -
116.238.139.35 - - [18/Nov/2022:10:18:40 +0800] "GET /xingrg/javascript/jquery_easy_ui/themes/default/images/panel_tool_collapse.gif HTTP/1.1" 304 -
116.238.139.35 - - [18/Nov/2022:10:18:40 +0800] "GET /xingrg/check_reg.html?_=1668737833297 HTTP/1.1" 200 22
116.238.139.35 - - [18/Nov/2022:10:18:40 +0800] "GET /xingrg/all/function/internal_message.html?_=1668737833296&CODE_STATE=count HTTP/1.1" 200 11
116.238.139.35 - - [18/Nov/2022:10:18:40 +0800] "POST /xingrg/load_menu.html HTTP/1.1" 200 5138
114.84.81.136 - - [18/Nov/2022:10:18:42 +0800] "GET /xingrg/kc/buy/cgsh_order_operate.html?command=get_materiel&rest_code=00148&code=00101008196&supplier_code=00100008&order_time=2022-11-18 HTTP/1.1" 200 416
114.84.81.136 - - [18/Nov/2022:10:18:42 +0800] "GET /xingrg/check_reg.html?_=1668737930775 HTTP/1.1" 200 22
114.84.81.136 - - [18/Nov/2022:10:18:42 +0800] "GET /xingrg/all/function/internal_message.html?_=1668737930776&CODE_STATE=getMsg HTTP/1.1" 200 27
116.238.139.35 - - [18/Nov/2022:10:18:42 +0800] "GET /xingrg/kc/base/yddb_order_list.html HTTP/1.1" 200 16713
116.238.139.35 - - [18/Nov/2022:10:18:42 +0800] "POST /xingrg/kc/base/yddb_list_operate.html HTTP/1.1" 200 636
116.238.139.35 - - [18/Nov/2022:10:18:43 +0800] "GET /xingrg/check_reg.html?_=1668737925654 HTTP/1.1" 200 22
116.238.139.35 - - [18/Nov/2022:10:18:43 +0800] "GET /xingrg/all/function/internal_message.html?_=1668737925659&CODE_STATE=getMsg HTTP/1.1" 200 27
114.83.219.57 - - [18/Nov/2022:10:18:44 +0800] "GET /xingrg/all/function/internal_message.html?_=1668738046725&CODE_STATE=getMsg HTTP/1.1" 200 27
218.81.217.29 - - [18/Nov/2022:10:18:45 +0800] "GET /xingrg/all/function/internal_message.html?_=1668737943745&CODE_STATE=getMsg HTTP/1.1" 200 27
180.162.229.95 - - [18/Nov/2022:10:18:45 +0800] "GET /xingrg/all/function/internal_message.html?_=1668737925549&CODE_STATE=getMsg HTTP/1.1" 200 27
61.170.233.161 - - [18/Nov/2022:10:18:45 +0800] "GET /xingrg/kc/buy/cgsh_order_operate.html?command=get_materiel&rest_code=00106&code=00101008439&supplier_code=00100007&order_time=2022-11-18 HTTP/1.1" 200 412
116.238.139.35 - - [18/Nov/2022:10:18:45 +0800] "GET /xingrg/javascript/jquery_tools/images/prev.gif HTTP/1.1" 404 1086
116.238.139.35 - - [18/Nov/2022:10:18:45 +0800] "GET /xingrg/javascript/jquery_tools/images/next.gif HTTP/1.1" 404 1086
61.170.233.161 - - [18/Nov/2022:10:18:46 +0800] "POST /xingrg/services/DataTransmitService HTTP/1.1" 200 524
116.238.139.35 - - [18/Nov/2022:10:18:50 +0800] "POST /xingrg/kc/base/yddb_list_operate.html HTTP/1.1" 200 1364
180.163.30.85 - - [18/Nov/2022:10:18:50 +0800] "GET /xingrg/kc/buy/cgsh_order_operate.html?command=get_materiel&rest_code=00106&code=00101008355&supplier_code=00100007&order_time=2022-11-18 HTTP/1.1" 302 -
180.163.30.85 - - [18/Nov/2022:10:18:50 +0800] "GET /xingrg/login.html HTTP/1.1" 200 7641
114.84.81.136 - - [18/Nov/2022:10:18:52 +0800] "GET /xingrg/kc/buy/cgsh_order_operate.html?command=get_materiel&rest_code=00148&code=00101008197&supplier_code=00100008&order_time=2022-11-18 HTTP/1.1" 200 416
116.238.139.35 - - [18/Nov/2022:10:18:52 +0800] "POST /xingrg/kc/base/yddb_list_operate.html HTTP/1.1" 200 622
116.238.139.35 - - [18/Nov/2022:10:18:53 +0800] "GET /xingrg/dwr/interface/AjaxYddbService.js HTTP/1.1" 200 13201
116.238.139.35 - - [18/Nov/2022:10:18:53 +0800] "GET /xingrg/kc/base/yddb_order_info.html?code=482022111800131 HTTP/1.1" 200 31339
116.238.139.35 - - [18/Nov/2022:10:18:53 +0800] "GET /xingrg/dwr/interface/AjaxComOrderService.js HTTP/1.1" 200 18264
116.238.139.35 - - [18/Nov/2022:10:18:53 +0800] "GET /xingrg/dwr/engine.js HTTP/1.1" 200 43631
116.238.139.35 - - [18/Nov/2022:10:18:53 +0800] "POST /xingrg/dwr/call/plaincall/AjaxYddbService.loadMaterielItems.dwr HTTP/1.1" 200 5546
222.70.183.206 - - [18/Nov/2022:10:18:53 +0800] "GET /xingrg/all/function/internal_message.html?_=1668737933106&CODE_STATE=getMsg HTTP/1.1" 200 27
114.88.159.190 - - [18/Nov/2022:10:18:56 +0800] "GET /xingrg/kc/buy/cgsh_order_operate.html?command=get_materiel&rest_code=00141&code=00101001010&supplier_code=00100040&order_time=2022-11-18 HTTP/1.1" 200 409
61.170.233.161 - - [18/Nov/2022:10:18:57 +0800] "GET /xingrg/kc/buy/cgsh_order_operate.html?command=get_materiel&rest_code=00106&code=00101008357&supplier_code=00100007&order_time=2022-11-18 HTTP/1.1" 200 408
114.84.81.136 - - [18/Nov/2022:10:19:01 +0800] "GET /xingrg/kc/buy/cgsh_order_operate.html?command=get_materiel&rest_code=00148&code=00101008357&supplier_code=00100008&order_time=2022-11-18 HTTP/1.1" 200 408
180.169.147.146 - - [18/Nov/2022:10:19:03 +0800] "GET /xingrg/all/function/internal_message.html?_=1668737944013&CODE_STATE=getMsg HTTP/1.1" 200 27
180.163.29.79 - - [18/Nov/2022:10:19:04 +0800] "GET /xingrg/kc/buy/cgsh_order_operate.html?command=get_materiel&rest_code=00106&code=00101008264&supplier_code=00100007&order_time=2022-11-18 HTTP/1.1" 302 -
180.163.29.79 - - [18/Nov/2022:10:19:04 +0800] "GET /xingrg/login.html HTTP/1.1" 200 7641
114.88.159.190 - - [18/Nov/2022:10:19:08 +0800] "POST /xingrg/kc/buy/cgsh_order_operate.html HTTP/1.1" 200 37
114.84.81.136 - - [18/Nov/2022:10:19:09 +0800] "GET /xingrg/kc/buy/cgsh_order_operate.html?command=get_materiel&rest_code=00148&code=00101008069&supplier_code=00100008&order_time=2022-11-18 HTTP/1.1" 200 412
180.162.229.95 - - [18/Nov/2022:10:19:10 +0800] "GET /xingrg/all/function/internal_message.html?_=1668737958020&CODE_STATE=getMsg HTTP/1.1" 200 27
61.170.233.161 - - [18/Nov/2022:10:19:10 +0800] "GET /xingrg/kc/buy/cgsh_order_operate.html?command=get_materiel&rest_code=00106&code=00101008286&supplier_code=00100007&order_time=2022-11-18 HTTP/1.1" 200 408
114.95.46.117 - - [18/Nov/2022:10:19:11 +0800] "GET /xingrg/kc/buy/cgsh_order_list.html HTTP/1.1" 200 53717
180.163.30.85 - - [18/Nov/2022:10:19:12 +0800] "GET /xingrg/kc/buy/cgsh_order_operate.html?command=get_materiel&rest_code=00106&code=00101008562&supplier_code=00100007&order_time=2022-11-18 HTTP/1.1" 302 -
180.163.30.85 - - [18/Nov/2022:10:19:12 +0800] "GET /xingrg/login.html HTTP/1.1" 200 7641
114.88.159.190 - - [18/Nov/2022:10:19:13 +0800] "POST /xingrg/kc/buy/cgsh_order_operate.html HTTP/1.1" 200 12
114.95.46.117 - - [18/Nov/2022:10:19:13 +0800] "GET /xingrg/all/function/internal_message.html?_=1668737955029&CODE_STATE=getMsg HTTP/1.1" 200 27
114.88.159.190 - - [18/Nov/2022:10:19:14 +0800] "GET /xingrg/kc/buy/cgsh_order_info.html?code=212022111806008 HTTP/1.1" 200 64401
114.88.159.190 - - [18/Nov/2022:10:19:15 +0800] "GET /xingrg/javascript/easyui/themes/default/validatebox.css HTTP/1.1" 404 1104
114.95.46.117 - - [18/Nov/2022:10:19:15 +0800] "POST /xingrg/kc/buy/cgsh_list_operate.html HTTP/1.1" 200 3957
114.88.159.190 - - [18/Nov/2022:10:19:15 +0800] "POST /xingrg/kc/buy/cgsh_order_operate.html HTTP/1.1" 200 604
61.170.233.161 - - [18/Nov/2022:10:19:17 +0800] "GET /xingrg/kc/buy/cgsh_order_operate.html?command=get_materiel&rest_code=00106&code=00101008131&supplier_code=00100007&order_time=2022-11-18 HTTP/1.1" 200 408
180.163.30.27 - - [18/Nov/2022:10:19:17 +0800] "GET /xingrg/all/function/internal_message.html?_=1668737892216&CODE_STATE=getMsg HTTP/1.1" 302 -
180.163.30.27 - - [18/Nov/2022:10:19:17 +0800] "GET /xingrg/login.html HTTP/1.1" 200 7641
61.170.233.161 - - [18/Nov/2022:10:19:17 +0800] "GET /xingrg/all/function/internal_message.html?_=1668737952229&CODE_STATE=getMsg HTTP/1.1" 200 27
114.88.159.190 - - [18/Nov/2022:10:19:18 +0800] "GET /xingrg/kc/print/load_data.html?order_code=212022111806008&kc_code=cgsh&condition= HTTP/1.1" 200 785
116.235.93.82 - - [18/Nov/2022:10:19:21 +0800] "GET /xingrg/all/function/internal_message.html?_=1668738179068&CODE_STATE=getMsg HTTP/1.1" 200 27
116.230.105.139 - - [18/Nov/2022:10:19:23 +0800] "GET /xingrg/all/function/internal_message.html?_=1668737959699&CODE_STATE=getMsg HTTP/1.1" 200 27
180.163.30.100 - - [18/Nov/2022:10:19:23 +0800] "GET /xingrg/kc/buy/cgsh_order_operate.html?command=get_materiel&rest_code=00106&code=00101008360&supplier_code=00100007&order_time=2022-11-18 HTTP/1.1" 302 -
180.163.30.100 - - [18/Nov/2022:10:19:23 +0800] "GET /xingrg/login.html HTTP/1.1" 200 7641
116.238.139.35 - - [18/Nov/2022:10:19:24 +0800] "POST /xingrg/all/user/operate.html HTTP/1.1" 200 36
116.238.139.35 - - [18/Nov/2022:10:19:24 +0800] "GET /xingrg/javascript/jquery_easy_ui/themes/default/easyui.css HTTP/1.1" 304 -
116.238.139.35 - - [18/Nov/2022:10:19:24 +0800] "GET /xingrg/index.html?sysBaseUrl=http%3A%2F%2F180.169.147.146%3A18081%2Fxingrg%2F&costTime=42×tamp=1668731554932 HTTP/1.1" 200 17177
