120.253.135.82 - - [18/Nov/2022:06:10:36 +0800] "GET /xingrg/dwr/interface/AjaxComOrderService.js HTTP/1.1" 200 18264
120.253.135.82 - - [18/Nov/2022:06:10:36 +0800] "GET /xingrg/dwr/interface/AjaxQqpsService.js HTTP/1.1" 200 16326
120.253.135.82 - - [18/Nov/2022:06:10:36 +0800] "GET /xingrg/dwr/engine.js HTTP/1.1" 200 43631
120.253.135.82 - - [18/Nov/2022:06:10:36 +0800] "POST /xingrg/dwr/call/plaincall/AjaxQqpsService.loadMaterielItems.dwr HTTP/1.1" 200 3861
120.253.135.82 - - [18/Nov/2022:06:10:39 +0800] "GET /xingrg/images/yd/bt.gif HTTP/1.1" 404 1040
120.253.135.82 - - [18/Nov/2022:06:10:39 +0800] "GET /xingrg/images/yd/bt2.gif HTTP/1.1" 404 1042
120.253.135.82 - - [18/Nov/2022:06:10:40 +0800] "GET /xingrg/kc/pszx/mdqp_order_list.html?isBack=1 HTTP/1.1" 302 -
120.253.135.82 - - [18/Nov/2022:06:10:41 +0800] "GET /xingrg/kc/pszx/mdqp_order_list.html?state=10 HTTP/1.1" 200 13944
120.253.135.82 - - [18/Nov/2022:06:10:41 +0800] "GET /xingrg/dwr/interface/AjaxQqpsService.js HTTP/1.1" 200 16326
120.253.135.82 - - [18/Nov/2022:06:10:41 +0800] "GET /xingrg/dwr/interface/AjaxReportQueryService.js HTTP/1.1" 200 13203
120.253.135.82 - - [18/Nov/2022:06:10:41 +0800] "GET /xingrg/dwr/engine.js HTTP/1.1" 200 43631
120.253.135.82 - - [18/Nov/2022:06:10:47 +0800] "GET /xingrg/kc/pszx/jzcl_ps.html HTTP/1.1" 200 7683
120.253.135.82 - - [18/Nov/2022:06:10:47 +0800] "POST /xingrg/all/common/load_tree.html?tree=area_rest_tree_json HTTP/1.1" 200 3499
120.253.135.82 - - [18/Nov/2022:06:10:48 +0800] "POST /xingrg/kc/pszx/jzcl_ps_operate.html HTTP/1.1" 200 3872
120.253.135.82 - - [18/Nov/2022:06:10:48 +0800] "POST /xingrg/kc/pszx/jzcl_ps_operate.html HTTP/1.1" 200 3872
120.253.135.82 - - [18/Nov/2022:06:10:56 +0800] "POST /xingrg/kc/pszx/jzcl_ps_operate.html HTTP/1.1" 200 4
120.253.135.82 - - [18/Nov/2022:06:10:57 +0800] "GET /xingrg/kc/pszx/mdps_order_list.html HTTP/1.1" 200 21035
120.253.135.82 - - [18/Nov/2022:06:10:58 +0800] "POST /xingrg/kc/pszx/jzcl_ps_operate.html HTTP/1.1" 200 2942
120.253.135.82 - - [18/Nov/2022:06:10:58 +0800] "POST /xingrg/kc/pszx/mdps_list_operate.html HTTP/1.1" 200 5287
116.230.105.139 - - [18/Nov/2022:06:10:58 +0800] "GET /xingrg/all/function/internal_message.html?_=1668723054967&CODE_STATE=getMsg HTTP/1.1" 200 27
120.253.135.82 - - [18/Nov/2022:06:10:58 +0800] "GET /xingrg/check_reg.html?_=1668722859036 HTTP/1.1" 200 22
218.81.217.29 - - [18/Nov/2022:06:10:59 +0800] "GET /xingrg/check_reg.html?_=1668723077492 HTTP/1.1" 200 22
218.81.217.29 - - [18/Nov/2022:06:11:00 +0800] "GET /xingrg/all/function/internal_message.html?_=1668723078177&CODE_STATE=getMsg HTTP/1.1" 200 27
120.253.135.82 - - [18/Nov/2022:06:11:00 +0800] "GET /xingrg/all/function/internal_message.html?_=1668722861437&CODE_STATE=getMsg HTTP/1.1" 200 27
180.162.229.95 - - [18/Nov/2022:06:11:09 +0800] "GET /xingrg/all/function/internal_message.html?_=1668723077647&CODE_STATE=getMsg HTTP/1.1" 200 27
120.253.135.82 - - [18/Nov/2022:06:11:10 +0800] "POST /xingrg/kc/pszx/mdps_list_operate.html HTTP/1.1" 200 2066
116.230.105.139 - - [18/Nov/2022:06:11:11 +0800] "GET /xingrg/check_reg.html?_=1668723068193 HTTP/1.1" 200 22
120.253.135.82 - - [18/Nov/2022:06:11:13 +0800] "POST /xingrg/kc/pszx/mdps_list_operate.html HTTP/1.1" 200 621
120.253.135.82 - - [18/Nov/2022:06:11:15 +0800] "GET /xingrg/kc/pszx/mdps_order_info.html?code=312022111800374 HTTP/1.1" 200 23978
120.253.135.82 - - [18/Nov/2022:06:11:15 +0800] "GET /xingrg/javascript/easyui/themes/default/validatebox.css HTTP/1.1" 404 1104
120.253.135.82 - - [18/Nov/2022:06:11:15 +0800] "POST /xingrg/kc/pszx/mdps_order_operate.html HTTP/1.1" 200 18441
120.253.135.82 - - [18/Nov/2022:06:11:18 +0800] "POST /xingrg/kc/pszx/mdps_order_operate.html HTTP/1.1" 200 37
116.238.139.35 - - [18/Nov/2022:06:11:18 +0800] "GET /xingrg/all/function/internal_message.html?_=1668722992183&CODE_STATE=getMsg HTTP/1.1" 200 27
120.253.135.82 - - [18/Nov/2022:06:11:19 +0800] "GET /xingrg/kc/pszx/mdps_order_info.html?code=312022111800374 HTTP/1.1" 200 23978
120.253.135.82 - - [18/Nov/2022:06:11:20 +0800] "GET /xingrg/javascript/easyui/themes/default/validatebox.css HTTP/1.1" 404 1104
120.253.135.82 - - [18/Nov/2022:06:11:20 +0800] "POST /xingrg/kc/pszx/mdps_order_operate.html HTTP/1.1" 200 18689
116.238.139.35 - - [18/Nov/2022:06:11:25 +0800] "POST /xingrg/services/DataTransmitService HTTP/1.1" 200 524
116.230.105.139 - - [18/Nov/2022:06:11:58 +0800] "GET /xingrg/all/function/internal_message.html?_=1668723114953&CODE_STATE=getMsg HTTP/1.1" 200 27
218.81.217.29 - - [18/Nov/2022:06:12:00 +0800] "GET /xingrg/all/function/internal_message.html?_=1668723138191&CODE_STATE=getMsg HTTP/1.1" 200 27
120.253.135.82 - - [18/Nov/2022:06:12:00 +0800] "GET /xingrg/all/function/internal_message.html?_=1668722921450&CODE_STATE=getMsg HTTP/1.1" 200 27
116.238.139.35 - - [18/Nov/2022:06:12:06 +0800] "GET /xingrg/check_reg.html?_=1668723039517 HTTP/1.1" 200 22
180.162.229.95 - - [18/Nov/2022:06:12:09 +0800] "GET /xingrg/check_reg.html?_=1668723137662 HTTP/1.1" 200 22
180.162.229.95 - - [18/Nov/2022:06:12:10 +0800] "GET /xingrg/all/function/internal_message.html?_=1668723137661&CODE_STATE=getMsg HTTP/1.1" 200 27
120.253.135.82 - - [18/Nov/2022:06:12:18 +0800] "GET /xingrg/kc/pszx/mdps_order_operate.html?command=get_materiel&pszx_code=00101&rest_code=00148&base_code=0010246&code=00102002128 HTTP/1.1" 200 418
116.238.139.35 - - [18/Nov/2022:06:12:18 +0800] "GET /xingrg/all/function/internal_message.html?_=1668723052192&CODE_STATE=getMsg HTTP/1.1" 200 27
114.88.159.190 - - [18/Nov/2022:06:12:35 +0800] "POST /xingrg/services/DataTransmitService HTTP/1.1" 200 524
116.230.105.139 - - [18/Nov/2022:06:12:58 +0800] "GET /xingrg/all/function/internal_message.html?_=1668723174932&CODE_STATE=getMsg HTTP/1.1" 200 27
218.81.217.29 - - [18/Nov/2022:06:13:00 +0800] "GET /xingrg/all/function/internal_message.html?_=1668723198203&CODE_STATE=getMsg HTTP/1.1" 200 27
120.253.135.82 - - [18/Nov/2022:06:13:00 +0800] "GET /xingrg/all/function/internal_message.html?_=1668722981464&CODE_STATE=getMsg HTTP/1.1" 200 27
180.162.229.95 - - [18/Nov/2022:06:13:09 +0800] "GET /xingrg/all/function/internal_message.html?_=1668723197664&CODE_STATE=getMsg HTTP/1.1" 200 27
116.238.139.35 - - [18/Nov/2022:06:13:18 +0800] "GET /xingrg/all/function/internal_message.html?_=1668723112206&CODE_STATE=getMsg HTTP/1.1" 200 27
116.230.105.139 - - [18/Nov/2022:06:13:58 +0800] "GET /xingrg/all/function/internal_message.html?_=1668723234914&CODE_STATE=getMsg HTTP/1.1" 200 27
218.81.217.29 - - [18/Nov/2022:06:14:00 +0800] "GET /xingrg/all/function/internal_message.html?_=1668723258359&CODE_STATE=getMsg HTTP/1.1" 200 27
120.253.135.82 - - [18/Nov/2022:06:14:00 +0800] "GET /xingrg/all/function/internal_message.html?_=1668723041477&CODE_STATE=getMsg HTTP/1.1" 200 27
180.162.229.95 - - [18/Nov/2022:06:14:09 +0800] "GET /xingrg/all/function/internal_message.html?_=1668723257668&CODE_STATE=getMsg HTTP/1.1" 200 27
116.238.139.35 - - [18/Nov/2022:06:14:18 +0800] "GET /xingrg/all/function/internal_message.html?_=1668723172224&CODE_STATE=getMsg HTTP/1.1" 200 27
116.230.105.139 - - [18/Nov/2022:06:14:58 +0800] "GET /xingrg/all/function/internal_message.html?_=1668723294894&CODE_STATE=getMsg HTTP/1.1" 200 27
218.81.217.29 - - [18/Nov/2022:06:15:00 +0800] "GET /xingrg/all/function/internal_message.html?_=1668723318371&CODE_STATE=getMsg HTTP/1.1" 200 27
120.253.135.82 - - [18/Nov/2022:06:15:01 +0800] "GET /xingrg/all/function/internal_message.html?_=1668723101564&CODE_STATE=getMsg HTTP/1.1" 200 27
180.162.229.95 - - [18/Nov/2022:06:15:09 +0800] "GET /xingrg/all/function/internal_message.html?_=1668723317660&CODE_STATE=getMsg HTTP/1.1" 200 27
116.238.139.35 - - [18/Nov/2022:06:15:18 +0800] "GET /xingrg/all/function/internal_message.html?_=1668723232232&CODE_STATE=getMsg HTTP/1.1" 200 27
58.221.95.50 - - [18/Nov/2022:06:15:35 +0800] "GET /xingrg/check_reg.html?_=1668723320873 HTTP/1.1" 302 -
116.230.105.139 - - [18/Nov/2022:06:15:58 +0800] "GET /xingrg/all/function/internal_message.html?_=1668723354883&CODE_STATE=getMsg HTTP/1.1" 200 27
120.253.135.82 - - [18/Nov/2022:06:15:58 +0800] "GET /xingrg/check_reg.html?_=1668723159044 HTTP/1.1" 200 22
218.81.217.29 - - [18/Nov/2022:06:15:59 +0800] "GET /xingrg/check_reg.html?_=1668723377637 HTTP/1.1" 200 22
218.81.217.29 - - [18/Nov/2022:06:16:00 +0800] "GET /xingrg/all/function/internal_message.html?_=1668723378385&CODE_STATE=getMsg HTTP/1.1" 200 27
120.253.135.82 - - [18/Nov/2022:06:16:01 +0800] "GET /xingrg/all/function/internal_message.html?_=1668723161633&CODE_STATE=getMsg HTTP/1.1" 200 27
180.162.229.95 - - [18/Nov/2022:06:16:09 +0800] "GET /xingrg/all/function/internal_message.html?_=1668723377659&CODE_STATE=getMsg HTTP/1.1" 200 27
116.230.105.139 - - [18/Nov/2022:06:16:11 +0800] "GET /xingrg/check_reg.html?_=1668723368197 HTTP/1.1" 200 22
116.238.139.35 - - [18/Nov/2022:06:16:18 +0800] "GET /xingrg/all/function/internal_message.html?_=1668723292250&CODE_STATE=getMsg HTTP/1.1" 200 27
116.230.105.139 - - [18/Nov/2022:06:16:58 +0800] "GET /xingrg/all/function/internal_message.html?_=1668723414869&CODE_STATE=getMsg HTTP/1.1" 200 27
218.81.217.29 - - [18/Nov/2022:06:17:00 +0800] "GET /xingrg/all/function/internal_message.html?_=1668723438398&CODE_STATE=getMsg HTTP/1.1" 200 27
120.253.135.82 - - [18/Nov/2022:06:17:01 +0800] "GET /xingrg/all/function/internal_message.html?_=1668723221643&CODE_STATE=getMsg HTTP/1.1" 200 27
116.238.139.35 - - [18/Nov/2022:06:17:06 +0800] "GET /xingrg/check_reg.html?_=1668723339514 HTTP/1.1" 200 22
180.162.229.95 - - [18/Nov/2022:06:17:09 +0800] "GET /xingrg/all/function/internal_message.html?_=1668723437660&CODE_STATE=getMsg HTTP/1.1" 200 27
180.162.229.95 - - [18/Nov/2022:06:17:09 +0800] "GET /xingrg/check_reg.html?_=1668723437662 HTTP/1.1" 200 22
116.238.139.35 - - [18/Nov/2022:06:17:18 +0800] "GET /xingrg/all/function/internal_message.html?_=1668723352259&CODE_STATE=getMsg HTTP/1.1" 200 27
116.230.105.139 - - [18/Nov/2022:06:17:58 +0800] "GET /xingrg/all/function/internal_message.html?_=1668723474843&CODE_STATE=getMsg HTTP/1.1" 200 27
218.81.217.29 - - [18/Nov/2022:06:18:00 +0800] "GET /xingrg/all/function/internal_message.html?_=1668723498411&CODE_STATE=getMsg HTTP/1.1" 200 27
120.253.135.82 - - [18/Nov/2022:06:18:01 +0800] "GET /xingrg/all/function/internal_message.html?_=1668723281721&CODE_STATE=getMsg HTTP/1.1" 200 27
180.162.229.95 - - [18/Nov/2022:06:18:09 +0800] "GET /xingrg/all/function/internal_message.html?_=1668723497660&CODE_STATE=getMsg HTTP/1.1" 200 27
116.238.139.35 - - [18/Nov/2022:06:18:18 +0800] "GET /xingrg/all/function/internal_message.html?_=1668723412273&CODE_STATE=getMsg HTTP/1.1" 200 27
116.230.105.139 - - [18/Nov/2022:06:18:37 +0800] "POST /xingrg/services/DataTransmitService HTTP/1.1" 200 524
116.230.105.139 - - [18/Nov/2022:06:18:58 +0800] "GET /xingrg/all/function/internal_message.html?_=1668723534814&CODE_STATE=getMsg HTTP/1.1" 200 27
218.81.217.29 - - [18/Nov/2022:06:19:00 +0800] "GET /xingrg/all/function/internal_message.html?_=1668723558575&CODE_STATE=getMsg HTTP/1.1" 200 27
120.253.135.82 - - [18/Nov/2022:06:19:01 +0800] "GET /xingrg/all/function/internal_message.html?_=1668723341793&CODE_STATE=getMsg HTTP/1.1" 200 27
180.162.229.95 - - [18/Nov/2022:06:19:09 +0800] "GET /xingrg/all/function/internal_message.html?_=1668723557661&CODE_STATE=getMsg HTTP/1.1" 200 27
116.238.139.35 - - [18/Nov/2022:06:19:18 +0800] "GET /xingrg/all/function/internal_message.html?_=1668723472293&CODE_STATE=getMsg HTTP/1.1" 200 27
116.230.105.139 - - [18/Nov/2022:06:19:58 +0800] "GET /xingrg/all/function/internal_message.html?_=1668723594793&CODE_STATE=getMsg HTTP/1.1" 200 27
218.81.217.29 - - [18/Nov/2022:06:20:00 +0800] "GET /xingrg/all/function/internal_message.html?_=1668723618579&CODE_STATE=getMsg HTTP/1.1" 200 27
120.253.135.82 - - [18/Nov/2022:06:20:01 +0800] "GET /xingrg/all/function/internal_message.html?_=1668723401793&CODE_STATE=getMsg HTTP/1.1" 200 27
58.35.213.73 - - [18/Nov/2022:06:20:01 +0800] "POST /xingrg/services/DataTransmitService HTTP/1.1" 200 524
120.253.135.82 - - [18/Nov/2022:06:20:02 +0800] "GET /xingrg/kc/pszx/mdps_order_operate.html?command=get_materiel&pszx_code=00101&rest_code=00148&base_code=0010246&code=00101013044 HTTP/1.1" 200 448
58.35.213.73 - - [18/Nov/2022:06:20:03 +0800] "POST /xingrg/services/DataTransmitService HTTP/1.1" 200 501
58.35.213.73 - - [18/Nov/2022:06:20:03 +0800] "POST /xingrg/services/DataTransmitService HTTP/1.1" 200 501
58.35.213.73 - - [18/Nov/2022:06:20:03 +0800] "POST /xingrg/services/DataTransmitService HTTP/1.1" 200 501
58.35.213.73 - - [18/Nov/2022:06:20:04 +0800] "POST /xingrg/services/DataTransmitService HTTP/1.1" 200 501
58.35.213.73 - - [18/Nov/2022:06:20:04 +0800] "POST /xingrg/services/DataTransmitService HTTP/1.1" 200 501
58.35.213.73 - - [18/Nov/2022:06:20:04 +0800] "POST /xingrg/services/DataTransmitService HTTP/1.1" 200 501
58.35.213.73 - - [18/Nov/2022:06:20:04 +0800] "POST /xingrg/services/DataTransmitService HTTP/1.1" 200 501
58.35.213.73 - - [18/Nov/2022:06:20:04 +0800] "POST /xingrg/services/DataTransmitService HTTP/1.1" 200 501
58.35.213.73 - - [18/Nov/2022:06:20:04 +0800] "POST /xingrg/services/DataTransmitService HTTP/1.1" 200 501
58.35.213.73 - - [18/Nov/2022:06:20:05 +0800] "POST /xingrg/services/DataTransmitService HTTP/1.1" 200 412
180.162.229.95 - - [18/Nov/2022:06:20:09 +0800] "GET /xingrg/all/function/internal_message.html?_=1668723617661&CODE_STATE=getMsg HTTP/1.1" 200 27
116.238.139.35 - - [18/Nov/2022:06:20:18 +0800] "GET /xingrg/all/function/internal_message.html?_=1668723532300&CODE_STATE=getMsg HTTP/1.1" 200 27
120.253.135.82 - - [18/Nov/2022:06:20:20 +0800] "POST /xingrg/kc/pszx/mdps_order_operate.html HTTP/1.1" 200 37
120.253.135.82 - - [18/Nov/2022:06:20:21 +0800] "GET /xingrg/kc/pszx/mdps_order_info.html?code=312022111800374 HTTP/1.1" 200 23978
120.253.135.82 - - [18/Nov/2022:06:20:21 +0800] "GET /xingrg/javascript/easyui/themes/default/validatebox.css HTTP/1.1" 404 1104
120.253.135.82 - - [18/Nov/2022:06:20:21 +0800] "POST /xingrg/kc/pszx/mdps_order_operate.html HTTP/1.1" 200 18695
58.221.95.50 - - [18/Nov/2022:06:20:35 +0800] "GET /xingrg/check_reg.html?_=1668723620941 HTTP/1.1" 302 -
120.253.135.82 - - [18/Nov/2022:06:20:54 +0800] "POST /xingrg/kc/pszx/mdps_order_operate.html HTTP/1.1" 200 37
120.253.135.82 - - [18/Nov/2022:06:20:55 +0800] "GET /xingrg/kc/pszx/mdps_order_info.html?code=312022111800374 HTTP/1.1" 200 23978
120.253.135.82 - - [18/Nov/2022:06:20:56 +0800] "GET /xingrg/javascript/easyui/themes/default/validatebox.css HTTP/1.1" 404 1104
120.253.135.82 - - [18/Nov/2022:06:20:56 +0800] "POST /xingrg/kc/pszx/mdps_order_operate.html HTTP/1.1" 200 18695
116.230.105.139 - - [18/Nov/2022:06:20:57 +0800] "GET /xingrg/all/function/internal_message.html?_=1668723654767&CODE_STATE=getMsg HTTP/1.1" 200 27
120.253.135.82 - - [18/Nov/2022:06:20:58 +0800] "GET /xingrg/check_reg.html?_=1668723459047 HTTP/1.1" 200 22
120.253.135.82 - - [18/Nov/2022:06:20:59 +0800] "POST /xingrg/kc/pszx/mdps_list_operate.html HTTP/1.1" 200 662
218.81.217.29 - - [18/Nov/2022:06:20:59 +0800] "GET /xingrg/check_reg.html?_=1668723677790 HTTP/1.1" 200 22
218.81.217.29 - - [18/Nov/2022:06:21:00 +0800] "GET /xingrg/all/function/internal_message.html?_=1668723678593&CODE_STATE=getMsg HTTP/1.1" 200 27
120.253.135.82 - - [18/Nov/2022:06:21:01 +0800] "GET /xingrg/all/function/internal_message.html?_=1668723461807&CODE_STATE=getMsg HTTP/1.1" 200 27
120.253.135.82 - - [18/Nov/2022:06:21:03 +0800] "GET /xingrg/kc/pszx/mdps_order_info.html?code=312022111800375 HTTP/1.1" 200 23978
120.253.135.82 - - [18/Nov/2022:06:21:04 +0800] "GET /xingrg/javascript/easyui/themes/default/validatebox.css HTTP/1.1" 404 1104
120.253.135.82 - - [18/Nov/2022:06:21:04 +0800] "POST /xingrg/kc/pszx/mdps_order_operate.html HTTP/1.1" 200 7887
120.253.135.82 - - [18/Nov/2022:06:21:07 +0800] "POST /xingrg/kc/pszx/mdps_order_operate.html HTTP/1.1" 200 37
120.253.135.82 - - [18/Nov/2022:06:21:08 +0800] "GET /xingrg/kc/pszx/mdps_order_info.html?code=312022111800375 HTTP/1.1" 200 23978
120.253.135.82 - - [18/Nov/2022:06:21:08 +0800] "GET /xingrg/javascript/easyui/themes/default/validatebox.css HTTP/1.1" 404 1104
120.253.135.82 - - [18/Nov/2022:06:21:08 +0800] "POST /xingrg/kc/pszx/mdps_order_operate.html HTTP/1.1" 200 7985
180.162.229.95 - - [18/Nov/2022:06:21:09 +0800] "GET /xingrg/all/function/internal_message.html?_=1668723677662&CODE_STATE=getMsg HTTP/1.1" 200 27
116.230.105.139 - - [18/Nov/2022:06:21:11 +0800] "GET /xingrg/check_reg.html?_=1668723668180 HTTP/1.1" 200 22
116.238.139.35 - - [18/Nov/2022:06:21:19 +0800] "GET /xingrg/all/function/internal_message.html?_=1668723592321&CODE_STATE=getMsg HTTP/1.1" 200 27
120.253.135.82 - - [18/Nov/2022:06:21:44 +0800] "POST /xingrg/kc/pszx/mdps_order_operate.html HTTP/1.1" 200 37
120.253.135.82 - - [18/Nov/2022:06:21:44 +0800] "GET /xingrg/kc/pszx/mdps_order_info.html?code=312022111800375 HTTP/1.1" 200 23978
120.253.135.82 - - [18/Nov/2022:06:21:45 +0800] "GET /xingrg/javascript/easyui/themes/default/validatebox.css HTTP/1.1" 404 1104
120.253.135.82 - - [18/Nov/2022:06:21:45 +0800] "POST /xingrg/kc/pszx/mdps_order_operate.html HTTP/1.1" 200 7985
120.253.135.82 - - [18/Nov/2022:06:21:47 +0800] "POST /xingrg/kc/pszx/mdps_list_operate.html HTTP/1.1" 200 2067
120.253.135.82 - - [18/Nov/2022:06:21:49 +0800] "POST /xingrg/kc/pszx/mdps_list_operate.html HTTP/1.1" 200 662
120.253.135.82 - - [18/Nov/2022:06:21:50 +0800] "POST /xingrg/kc/pszx/mdps_list_operate.html HTTP/1.1" 200 621
120.253.135.82 - - [18/Nov/2022:06:21:56 +0800] "GET /xingrg/kc/pszx/mdps_order_add.html HTTP/1.1" 200 29104
120.253.135.82 - - [18/Nov/2022:06:21:56 +0800] "POST /xingrg/kc/pszx/mdps_order_operate.html HTTP/1.1" 200 7126
120.253.135.82 - - [18/Nov/2022:06:21:57 +0800] "GET /xingrg/javascript/easyui/themes/default/validatebox.css HTTP/1.1" 404 1104
116.230.105.139 - - [18/Nov/2022:06:21:57 +0800] "GET /xingrg/all/function/internal_message.html?_=1668723714749&CODE_STATE=getMsg HTTP/1.1" 200 27
218.81.217.29 - - [18/Nov/2022:06:22:00 +0800] "GET /xingrg/all/function/internal_message.html?_=1668723738607&CODE_STATE=getMsg HTTP/1.1" 200 27
120.253.135.82 - - [18/Nov/2022:06:22:01 +0800] "GET /xingrg/all/function/internal_message.html?_=1668723521820&CODE_STATE=getMsg HTTP/1.1" 200 27
120.253.135.82 - - [18/Nov/2022:06:22:04 +0800] "GET /xingrg/javascript/jquery_tools/images/prev.gif HTTP/1.1" 404 1086
120.253.135.82 - - [18/Nov/2022:06:22:04 +0800] "GET /xingrg/javascript/jquery_tools/images/next.gif HTTP/1.1" 404 1086
116.238.139.35 - - [18/Nov/2022:06:22:06 +0800] "GET /xingrg/check_reg.html?_=1668723639520 HTTP/1.1" 200 22
120.253.135.82 - - [18/Nov/2022:06:22:07 +0800] "POST /xingrg/all/common/load_combo.html?type=base HTTP/1.1" 200 1169
180.162.229.95 - - [18/Nov/2022:06:22:09 +0800] "GET /xingrg/all/function/internal_message.html?_=1668723737677&CODE_STATE=getMsg HTTP/1.1" 200 27
180.162.229.95 - - [18/Nov/2022:06:22:09 +0800] "GET /xingrg/check_reg.html?_=1668723737677 HTTP/1.1" 200 22
116.238.139.35 - - [18/Nov/2022:06:22:19 +0800] "GET /xingrg/all/function/internal_message.html?_=1668723652327&CODE_STATE=getMsg HTTP/1.1" 200 27
120.253.135.82 - - [18/Nov/2022:06:22:19 +0800] "GET /xingrg/kc/pszx/mdps_order_operate.html?command=get_materiel&pszx_code=00101&rest_code=00148&base_code=0010252&code=00101014033 HTTP/1.1" 200 434
120.253.135.82 - - [18/Nov/2022:06:22:25 +0800] "POST /xingrg/kc/pszx/mdps_order_operate.html HTTP/1.1" 200 37
120.253.135.82 - - [18/Nov/2022:06:22:26 +0800] "GET /xingrg/kc/pszx/mdps_order_info.html?code=312022111800376 HTTP/1.1" 200 23978
120.253.135.82 - - [18/Nov/2022:06:22:26 +0800] "GET /xingrg/javascript/easyui/themes/default/validatebox.css HTTP/1.1" 404 1104
120.253.135.82 - - [18/Nov/2022:06:22:26 +0800] "POST /xingrg/kc/pszx/mdps_order_operate.html HTTP/1.1" 200 2276
120.253.135.82 - - [18/Nov/2022:06:22:28 +0800] "POST /xingrg/kc/pszx/mdps_list_operate.html HTTP/1.1" 200 2439
120.253.135.82 - - [18/Nov/2022:06:22:31 +0800] "POST /xingrg/kc/pszx/mdps_list_operate.html HTTP/1.1" 200 621
120.253.135.82 - - [18/Nov/2022:06:22:33 +0800] "GET /xingrg/kc/pszx/mdps_order_info.html?code=312022111800374 HTTP/1.1" 200 23978
120.253.135.82 - - [18/Nov/2022:06:22:33 +0800] "GET /xingrg/javascript/easyui/themes/default/validatebox.css HTTP/1.1" 404 1104
120.253.135.82 - - [18/Nov/2022:06:22:33 +0800] "POST /xingrg/kc/pszx/mdps_order_operate.html HTTP/1.1" 200 18695
120.253.135.82 - - [18/Nov/2022:06:22:56 +0800] "POST /xingrg/kc/pszx/mdps_order_operate.html HTTP/1.1" 200 37
120.253.135.82 - - [18/Nov/2022:06:22:57 +0800] "GET /xingrg/kc/pszx/mdps_order_info.html?code=312022111800374 HTTP/1.1" 200 23978
116.230.105.139 - - [18/Nov/2022:06:22:57 +0800] "GET /xingrg/all/function/internal_message.html?_=1668723774730&CODE_STATE=getMsg HTTP/1.1" 200 27
120.253.135.82 - - [18/Nov/2022:06:22:58 +0800] "GET /xingrg/javascript/easyui/themes/default/validatebox.css HTTP/1.1" 404 1104
120.253.135.82 - - [18/Nov/2022:06:22:58 +0800] "POST /xingrg/kc/pszx/mdps_order_operate.html HTTP/1.1" 200 18205
120.253.135.82 - - [18/Nov/2022:06:22:59 +0800] "POST /xingrg/kc/pszx/mdps_list_operate.html HTTP/1.1" 200 2438
218.81.217.29 - - [18/Nov/2022:06:23:00 +0800] "GET /xingrg/all/function/internal_message.html?_=1668723798620&CODE_STATE=getMsg HTTP/1.1" 200 27
120.253.135.82 - - [18/Nov/2022:06:23:01 +0800] "GET /xingrg/all/function/internal_message.html?_=1668723581837&CODE_STATE=getMsg HTTP/1.1" 200 27
120.253.135.82 - - [18/Nov/2022:06:23:02 +0800] "GET /xingrg/kc/pszx/mdqp_order_list.html?state=10 HTTP/1.1" 200 13140
120.253.135.82 - - [18/Nov/2022:06:23:02 +0800] "GET /xingrg/dwr/interface/AjaxReportQueryService.js HTTP/1.1" 200 13203
120.253.135.82 - - [18/Nov/2022:06:23:02 +0800] "GET /xingrg/dwr/interface/AjaxQqpsService.js HTTP/1.1" 200 16326
120.253.135.82 - - [18/Nov/2022:06:23:02 +0800] "GET /xingrg/dwr/engine.js HTTP/1.1" 200 43631
120.253.135.82 - - [18/Nov/2022:06:23:04 +0800] "GET /xingrg/kc/pszx/mdqp_order_info.html?code=302022111700311 HTTP/1.1" 200 13350
120.253.135.82 - - [18/Nov/2022:06:23:04 +0800] "GET /xingrg/dwr/interface/AjaxQqpsService.js HTTP/1.1" 200 16326
120.253.135.82 - - [18/Nov/2022:06:23:04 +0800] "GET /xingrg/dwr/interface/AjaxComOrderService.js HTTP/1.1" 200 18264
120.253.135.82 - - [18/Nov/2022:06:23:04 +0800] "GET /xingrg/dwr/engine.js HTTP/1.1" 200 43631
120.253.135.82 - - [18/Nov/2022:06:23:05 +0800] "POST /xingrg/dwr/call/plaincall/AjaxQqpsService.loadMaterielItems.dwr HTTP/1.1" 200 380
120.253.135.82 - - [18/Nov/2022:06:23:07 +0800] "GET /xingrg/kc/pszx/mdqp_order_list.html?isBack=1 HTTP/1.1" 302 -
120.253.135.82 - - [18/Nov/2022:06:23:07 +0800] "GET /xingrg/kc/pszx/mdqp_order_list.html?state=10 HTTP/1.1" 200 13140
120.253.135.82 - - [18/Nov/2022:06:23:07 +0800] "GET /xingrg/dwr/interface/AjaxQqpsService.js HTTP/1.1" 200 16326
120.253.135.82 - - [18/Nov/2022:06:23:07 +0800] "GET /xingrg/dwr/interface/AjaxReportQueryService.js HTTP/1.1" 200 13203
120.253.135.82 - - [18/Nov/2022:06:23:07 +0800] "GET /xingrg/dwr/engine.js HTTP/1.1" 200 43631
120.253.135.82 - - [18/Nov/2022:06:23:09 +0800] "GET /xingrg/kc/pszx/mdqp_order_info.html?code=302022111700309 HTTP/1.1" 200 13350
120.253.135.82 - - [18/Nov/2022:06:23:09 +0800] "GET /xingrg/dwr/interface/AjaxComOrderService.js HTTP/1.1" 200 18264
120.253.135.82 - - [18/Nov/2022:06:23:09 +0800] "GET /xingrg/dwr/interface/AjaxQqpsService.js HTTP/1.1" 200 16326
120.253.135.82 - - [18/Nov/2022:06:23:09 +0800] "GET /xingrg/dwr/engine.js HTTP/1.1" 200 43631
180.162.229.95 - - [18/Nov/2022:06:23:09 +0800] "GET /xingrg/all/function/internal_message.html?_=1668723797679&CODE_STATE=getMsg HTTP/1.1" 200 27
120.253.135.82 - - [18/Nov/2022:06:23:09 +0800] "POST /xingrg/dwr/call/plaincall/AjaxQqpsService.loadMaterielItems.dwr HTTP/1.1" 200 1878
120.253.135.82 - - [18/Nov/2022:06:23:17 +0800] "GET /xingrg/kc/pszx/mdqp_order_list.html?isBack=1 HTTP/1.1" 302 -
120.253.135.82 - - [18/Nov/2022:06:23:17 +0800] "GET /xingrg/kc/pszx/mdqp_order_list.html?state=10 HTTP/1.1" 200 13140
120.253.135.82 - - [18/Nov/2022:06:23:17 +0800] "GET /xingrg/dwr/interface/AjaxReportQueryService.js HTTP/1.1" 200 13203
120.253.135.82 - - [18/Nov/2022:06:23:17 +0800] "GET /xingrg/dwr/interface/AjaxQqpsService.js HTTP/1.1" 200 16326
120.253.135.82 - - [18/Nov/2022:06:23:17 +0800] "GET /xingrg/dwr/engine.js HTTP/1.1" 200 43631
116.238.139.35 - - [18/Nov/2022:06:23:19 +0800] "GET /xingrg/all/function/internal_message.html?_=1668723712341&CODE_STATE=getMsg HTTP/1.1" 200 27
120.253.135.82 - - [18/Nov/2022:06:23:19 +0800] "GET /xingrg/kc/pszx/mdqp_order_info.html?code=302022111700308 HTTP/1.1" 200 13350
120.253.135.82 - - [18/Nov/2022:06:23:19 +0800] "GET /xingrg/dwr/interface/AjaxQqpsService.js HTTP/1.1" 200 16326
120.253.135.82 - - [18/Nov/2022:06:23:19 +0800] "GET /xingrg/dwr/interface/AjaxComOrderService.js HTTP/1.1" 200 18264
120.253.135.82 - - [18/Nov/2022:06:23:19 +0800] "GET /xingrg/dwr/engine.js HTTP/1.1" 200 43631
120.253.135.82 - - [18/Nov/2022:06:23:19 +0800] "POST /xingrg/dwr/call/plaincall/AjaxQqpsService.loadMaterielItems.dwr HTTP/1.1" 200 1823
116.230.105.139 - - [18/Nov/2022:06:23:57 +0800] "GET /xingrg/all/function/internal_message.html?_=1668723834715&CODE_STATE=getMsg HTTP/1.1" 200 27
218.81.217.29 - - [18/Nov/2022:06:24:00 +0800] "GET /xingrg/all/function/internal_message.html?_=1668723858784&CODE_STATE=getMsg HTTP/1.1" 200 27
120.253.135.82 - - [18/Nov/2022:06:24:01 +0800] "GET /xingrg/all/function/internal_message.html?_=1668723641848&CODE_STATE=getMsg HTTP/1.1" 200 27
180.162.229.95 - - [18/Nov/2022:06:24:09 +0800] "GET /xingrg/all/function/internal_message.html?_=1668723857680&CODE_STATE=getMsg HTTP/1.1" 200 27
116.238.139.35 - - [18/Nov/2022:06:24:19 +0800] "GET /xingrg/all/function/internal_message.html?_=1668723772360&CODE_STATE=getMsg HTTP/1.1" 200 27
116.230.105.139 - - [18/Nov/2022:06:24:57 +0800] "GET /xingrg/all/function/internal_message.html?_=1668723894701&CODE_STATE=getMsg HTTP/1.1" 200 27
218.81.217.29 - - [18/Nov/2022:06:25:00 +0800] "GET /xingrg/all/function/internal_message.html?_=1668723918788&CODE_STATE=getMsg HTTP/1.1" 200 27
120.253.135.82 - - [18/Nov/2022:06:25:01 +0800] "GET /xingrg/all/function/internal_message.html?_=1668723701860&CODE_STATE=getMsg HTTP/1.1" 200 27
180.162.229.95 - - [18/Nov/2022:06:25:09 +0800] "GET /xingrg/all/function/internal_message.html?_=1668723917678&CODE_STATE=getMsg HTTP/1.1" 200 27
114.84.81.136 - - [18/Nov/2022:06:25:14 +0800] "POST /xingrg/services/DataTransmitService HTTP/1.1" 200 524
116.238.139.35 - - [18/Nov/2022:06:25:19 +0800] "GET /xingrg/all/function/internal_message.html?_=1668723832369&CODE_STATE=getMsg HTTP/1.1" 200 27
58.221.95.50 - - [18/Nov/2022:06:25:36 +0800] "GET /xingrg/check_reg.html?_=1668723921031 HTTP/1.1" 302 -
120.253.135.82 - - [18/Nov/2022:06:25:49 +0800] "GET /xingrg/kc/pszx/mdqp_order_list.html?isBack=1 HTTP/1.1" 302 -
120.253.135.82 - - [18/Nov/2022:06:25:49 +0800] "GET /xingrg/kc/pszx/mdqp_order_list.html?state=10 HTTP/1.1" 200 13140
120.253.135.82 - - [18/Nov/2022:06:25:49 +0800] "GET /xingrg/dwr/interface/AjaxReportQueryService.js HTTP/1.1" 200 13203
120.253.135.82 - - [18/Nov/2022:06:25:49 +0800] "GET /xingrg/dwr/interface/AjaxQqpsService.js HTTP/1.1" 200 16326
120.253.135.82 - - [18/Nov/2022:06:25:49 +0800] "GET /xingrg/dwr/engine.js HTTP/1.1" 200 43631
120.253.135.82 - - [18/Nov/2022:06:25:54 +0800] "GET /xingrg/kc/pszx/mdqp_order_info.html?code=302022111700307 HTTP/1.1" 200 13350
120.253.135.82 - - [18/Nov/2022:06:25:54 +0800] "GET /xingrg/dwr/interface/AjaxQqpsService.js HTTP/1.1" 200 16326
120.253.135.82 - - [18/Nov/2022:06:25:54 +0800] "GET /xingrg/dwr/interface/AjaxComOrderService.js HTTP/1.1" 200 18264
120.253.135.82 - - [18/Nov/2022:06:25:54 +0800] "GET /xingrg/dwr/engine.js HTTP/1.1" 200 43631
120.253.135.82 - - [18/Nov/2022:06:25:55 +0800] "POST /xingrg/dwr/call/plaincall/AjaxQqpsService.loadMaterielItems.dwr HTTP/1.1" 200 898
116.230.105.139 - - [18/Nov/2022:06:25:57 +0800] "GET /xingrg/all/function/internal_message.html?_=1668723954673&CODE_STATE=getMsg HTTP/1.1" 200 27
120.253.135.82 - - [18/Nov/2022:06:25:58 +0800] "GET /xingrg/check_reg.html?_=1668723759053 HTTP/1.1" 200 22
218.81.217.29 - - [18/Nov/2022:06:26:00 +0800] "GET /xingrg/check_reg.html?_=1668723977942 HTTP/1.1" 200 22
218.81.217.29 - - [18/Nov/2022:06:26:00 +0800] "GET /xingrg/all/function/internal_message.html?_=1668723978801&CODE_STATE=getMsg HTTP/1.1" 200 27
120.253.135.82 - - [18/Nov/2022:06:26:01 +0800] "GET /xingrg/all/function/internal_message.html?_=1668723761875&CODE_STATE=getMsg HTTP/1.1" 200 27
120.253.135.82 - - [18/Nov/2022:06:26:03 +0800] "GET /xingrg/kc/pszx/mdqp_order_list.html?isBack=1 HTTP/1.1" 302 -
120.253.135.82 - - [18/Nov/2022:06:26:03 +0800] "GET /xingrg/kc/pszx/mdqp_order_list.html?state=10 HTTP/1.1" 200 13140
120.253.135.82 - - [18/Nov/2022:06:26:03 +0800] "GET /xingrg/dwr/interface/AjaxQqpsService.js HTTP/1.1" 200 16326
120.253.135.82 - - [18/Nov/2022:06:26:03 +0800] "GET /xingrg/dwr/interface/AjaxReportQueryService.js HTTP/1.1" 200 13203
120.253.135.82 - - [18/Nov/2022:06:26:03 +0800] "GET /xingrg/dwr/engine.js HTTP/1.1" 200 43631
120.253.135.82 - - [18/Nov/2022:06:26:07 +0800] "GET /xingrg/kc/pszx/mdqp_order_info.html?code=302022111700306 HTTP/1.1" 200 13350
120.253.135.82 - - [18/Nov/2022:06:26:07 +0800] "GET /xingrg/dwr/interface/AjaxComOrderService.js HTTP/1.1" 200 18264
120.253.135.82 - - [18/Nov/2022:06:26:07 +0800] "GET /xingrg/dwr/interface/AjaxQqpsService.js HTTP/1.1" 200 16326
120.253.135.82 - - [18/Nov/2022:06:26:07 +0800] "GET /xingrg/dwr/engine.js HTTP/1.1" 200 43631
120.253.135.82 - - [18/Nov/2022:06:26:08 +0800] "POST /xingrg/dwr/call/plaincall/AjaxQqpsService.loadMaterielItems.dwr HTTP/1.1" 200 642
180.162.229.95 - - [18/Nov/2022:06:26:09 +0800] "GET /xingrg/all/function/internal_message.html?_=1668723977677&CODE_STATE=getMsg HTTP/1.1" 200 27
116.230.105.139 - - [18/Nov/2022:06:26:11 +0800] "GET /xingrg/check_reg.html?_=1668723968189 HTTP/1.1" 200 22
116.238.139.35 - - [18/Nov/2022:06:26:19 +0800] "GET /xingrg/all/function/internal_message.html?_=1668723892388&CODE_STATE=getMsg HTTP/1.1" 200 27
116.230.105.139 - - [18/Nov/2022:06:26:57 +0800] "GET /xingrg/all/function/internal_message.html?_=1668724014649&CODE_STATE=getMsg HTTP/1.1" 200 27
218.81.217.29 - - [18/Nov/2022:06:27:00 +0800] "GET /xingrg/all/function/internal_message.html?_=1668724038814&CODE_STATE=getMsg HTTP/1.1" 200 27
120.253.135.82 - - [18/Nov/2022:06:27:01 +0800] "GET /xingrg/all/function/internal_message.html?_=1668723821888&CODE_STATE=getMsg HTTP/1.1" 200 27
116.238.139.35 - - [18/Nov/2022:06:27:06 +0800] "GET /xingrg/check_reg.html?_=1668723939530 HTTP/1.1" 200 22
180.162.229.95 - - [18/Nov/2022:06:27:09 +0800] "GET /xingrg/all/function/internal_message.html?_=1668724037676&CODE_STATE=getMsg HTTP/1.1" 200 27
180.162.229.95 - - [18/Nov/2022:06:27:09 +0800] "GET /xingrg/check_reg.html?_=1668724037683 HTTP/1.1" 200 22
116.238.139.35 - - [18/Nov/2022:06:27:19 +0800] "GET /xingrg/all/function/internal_message.html?_=1668723952395&CODE_STATE=getMsg HTTP/1.1" 200 27
120.253.135.82 - - [18/Nov/2022:06:27:26 +0800] "GET /xingrg/kc/pszx/mdqp_order_list.html?isBack=1 HTTP/1.1" 302 -
120.253.135.82 - - [18/Nov/2022:06:27:26 +0800] "GET /xingrg/kc/pszx/mdqp_order_list.html?state=10 HTTP/1.1" 200 13140
120.253.135.82 - - [18/Nov/2022:06:27:26 +0800] "GET /xingrg/dwr/interface/AjaxReportQueryService.js HTTP/1.1" 200 13203
120.253.135.82 - - [18/Nov/2022:06:27:26 +0800] "GET /xingrg/dwr/engine.js HTTP/1.1" 200 43631
120.253.135.82 - - [18/Nov/2022:06:27:26 +0800] "GET /xingrg/dwr/interface/AjaxQqpsService.js HTTP/1.1" 200 16326
120.253.135.82 - - [18/Nov/2022:06:27:31 +0800] "GET /xingrg/kc/pszx/mdqp_order_info.html?code=302022111700305 HTTP/1.1" 200 13350
120.253.135.82 - - [18/Nov/2022:06:27:31 +0800] "GET /xingrg/dwr/interface/AjaxQqpsService.js HTTP/1.1" 200 16326
120.253.135.82 - - [18/Nov/2022:06:27:31 +0800] "GET /xingrg/dwr/interface/AjaxComOrderService.js HTTP/1.1" 200 18264
120.253.135.82 - - [18/Nov/2022:06:27:31 +0800] "GET /xingrg/dwr/engine.js HTTP/1.1" 200 43631
120.253.135.82 - - [18/Nov/2022:06:27:32 +0800] "POST /xingrg/dwr/call/plaincall/AjaxQqpsService.loadMaterielItems.dwr HTTP/1.1" 200 616
116.230.105.139 - - [18/Nov/2022:06:27:57 +0800] "GET /xingrg/all/function/internal_message.html?_=1668724074630&CODE_STATE=getMsg HTTP/1.1" 200 27
218.81.217.29 - - [18/Nov/2022:06:28:00 +0800] "GET /xingrg/all/function/internal_message.html?_=1668724098828&CODE_STATE=getMsg HTTP/1.1" 200 27
120.253.135.82 - - [18/Nov/2022:06:28:01 +0800] "GET /xingrg/all/function/internal_message.html?_=1668723881902&CODE_STATE=getMsg HTTP/1.1" 200 27
180.162.229.95 - - [18/Nov/2022:06:28:09 +0800] "GET /xingrg/all/function/internal_message.html?_=1668724097682&CODE_STATE=getMsg HTTP/1.1" 200 27
116.238.139.35 - - [18/Nov/2022:06:28:19 +0800] "GET /xingrg/all/function/internal_message.html?_=1668724012409&CODE_STATE=getMsg HTTP/1.1" 200 27
120.253.135.82 - - [18/Nov/2022:06:28:24 +0800] "GET /xingrg/images/yd/bt.gif HTTP/1.1" 404 1040
120.253.135.82 - - [18/Nov/2022:06:28:24 +0800] "GET /xingrg/images/yd/bt2.gif HTTP/1.1" 404 1042
120.253.135.82 - - [18/Nov/2022:06:28:28 +0800] "GET /xingrg/kc/pszx/mdqp_order_list.html?isBack=1 HTTP/1.1" 302 -
120.253.135.82 - - [18/Nov/2022:06:28:28 +0800] "GET /xingrg/kc/pszx/mdqp_order_list.html?state=10 HTTP/1.1" 200 13140
120.253.135.82 - - [18/Nov/2022:06:28:28 +0800] "GET /xingrg/dwr/interface/AjaxReportQueryService.js HTTP/1.1" 200 13203
120.253.135.82 - - [18/Nov/2022:06:28:28 +0800] "GET /xingrg/dwr/interface/AjaxQqpsService.js HTTP/1.1" 200 16326
120.253.135.82 - - [18/Nov/2022:06:28:28 +0800] "GET /xingrg/dwr/engine.js HTTP/1.1" 200 43631
120.253.135.82 - - [18/Nov/2022:06:28:31 +0800] "GET /xingrg/kc/pszx/mdqp_order_info.html?code=302022111700297 HTTP/1.1" 200 13350
120.253.135.82 - - [18/Nov/2022:06:28:31 +0800] "GET /xingrg/dwr/interface/AjaxComOrderService.js HTTP/1.1" 200 18264
120.253.135.82 - - [18/Nov/2022:06:28:31 +0800] "GET /xingrg/dwr/interface/AjaxQqpsService.js HTTP/1.1" 200 16326
120.253.135.82 - - [18/Nov/2022:06:28:31 +0800] "GET /xingrg/dwr/engine.js HTTP/1.1" 200 43631
120.253.135.82 - - [18/Nov/2022:06:28:32 +0800] "POST /xingrg/dwr/call/plaincall/AjaxQqpsService.loadMaterielItems.dwr HTTP/1.1" 200 6011
120.253.135.82 - - [18/Nov/2022:06:28:43 +0800] "GET /xingrg/images/yd/bt.gif HTTP/1.1" 404 1040
120.253.135.82 - - [18/Nov/2022:06:28:43 +0800] "GET /xingrg/images/yd/bt2.gif HTTP/1.1" 404 1042
120.253.135.82 - - [18/Nov/2022:06:28:51 +0800] "GET /xingrg/kc/pszx/mdqp_order_list.html?isBack=1 HTTP/1.1" 302 -
120.253.135.82 - - [18/Nov/2022:06:28:51 +0800] "GET /xingrg/kc/pszx/mdqp_order_list.html?state=10 HTTP/1.1" 200 13140
120.253.135.82 - - [18/Nov/2022:06:28:51 +0800] "GET /xingrg/dwr/interface/AjaxReportQueryService.js HTTP/1.1" 200 13203
120.253.135.82 - - [18/Nov/2022:06:28:51 +0800] "GET /xingrg/dwr/interface/AjaxQqpsService.js HTTP/1.1" 200 16326
120.253.135.82 - - [18/Nov/2022:06:28:51 +0800] "GET /xingrg/dwr/engine.js HTTP/1.1" 200 43631
120.253.135.82 - - [18/Nov/2022:06:28:54 +0800] "GET /xingrg/kc/pszx/jzcl_ps.html HTTP/1.1" 200 7683
120.253.135.82 - - [18/Nov/2022:06:28:54 +0800] "POST /xingrg/all/common/load_tree.html?tree=area_rest_tree_json HTTP/1.1" 200 3499
120.253.135.82 - - [18/Nov/2022:06:28:55 +0800] "POST /xingrg/kc/pszx/jzcl_ps_operate.html HTTP/1.1" 200 2942
120.253.135.82 - - [18/Nov/2022:06:28:55 +0800] "POST /xingrg/kc/pszx/jzcl_ps_operate.html HTTP/1.1" 200 2942
116.230.105.139 - - [18/Nov/2022:06:28:57 +0800] "GET /xingrg/all/function/internal_message.html?_=1668724134604&CODE_STATE=getMsg HTTP/1.1" 200 27
218.81.217.29 - - [18/Nov/2022:06:29:01 +0800] "GET /xingrg/all/function/internal_message.html?_=1668724158987&CODE_STATE=getMsg HTTP/1.1" 200 27
120.253.135.82 - - [18/Nov/2022:06:29:01 +0800] "GET /xingrg/all/function/internal_message.html?_=1668723941915&CODE_STATE=getMsg HTTP/1.1" 200 27
120.253.135.82 - - [18/Nov/2022:06:29:09 +0800] "POST /xingrg/kc/pszx/jzcl_ps_operate.html HTTP/1.1" 200 4
180.162.229.95 - - [18/Nov/2022:06:29:09 +0800] "GET /xingrg/all/function/internal_message.html?_=1668724157682&CODE_STATE=getMsg HTTP/1.1" 200 27
120.253.135.82 - - [18/Nov/2022:06:29:11 +0800] "GET /xingrg/kc/pszx/mdps_order_list.html HTTP/1.1" 200 21035
120.253.135.82 - - [18/Nov/2022:06:29:11 +0800] "POST /xingrg/kc/pszx/mdps_list_operate.html HTTP/1.1" 200 5345
116.238.139.35 - - [18/Nov/2022:06:29:19 +0800] "GET /xingrg/all/function/internal_message.html?_=1668724072429&CODE_STATE=getMsg HTTP/1.1" 200 27
116.230.105.139 - - [18/Nov/2022:06:29:57 +0800] "GET /xingrg/all/function/internal_message.html?_=1668724194598&CODE_STATE=getMsg HTTP/1.1" 200 27
218.81.217.29 - - [18/Nov/2022:06:30:01 +0800] "GET /xingrg/all/function/internal_message.html?_=1668724218997&CODE_STATE=getMsg HTTP/1.1" 200 27
120.253.135.82 - - [18/Nov/2022:06:30:01 +0800] "GET /xingrg/all/function/internal_message.html?_=1668724002166&CODE_STATE=getMsg HTTP/1.1" 200 27
120.253.135.82 - - [18/Nov/2022:06:30:07 +0800] "POST /xingrg/kc/pszx/mdps_list_operate.html HTTP/1.1" 200 3920
180.162.229.95 - - [18/Nov/2022:06:30:09 +0800] "GET /xingrg/all/function/internal_message.html?_=1668724217683&CODE_STATE=getMsg HTTP/1.1" 200 27
120.253.135.82 - - [18/Nov/2022:06:30:10 +0800] "POST /xingrg/kc/pszx/mdps_list_operate.html HTTP/1.1" 200 621
120.253.135.82 - - [18/Nov/2022:06:30:11 +0800] "GET /xingrg/kc/pszx/mdps_order_info.html?code=312022111800377 HTTP/1.1" 200 23978
120.253.135.82 - - [18/Nov/2022:06:30:11 +0800] "GET /xingrg/javascript/easyui/themes/default/validatebox.css HTTP/1.1" 404 1104
120.253.135.82 - - [18/Nov/2022:06:30:11 +0800] "POST /xingrg/kc/pszx/mdps_order_operate.html HTTP/1.1" 200 11401
120.253.135.82 - - [18/Nov/2022:06:30:14 +0800] "POST /xingrg/kc/pszx/mdps_order_operate.html HTTP/1.1" 200 37
120.253.135.82 - - [18/Nov/2022:06:30:15 +0800] "GET /xingrg/kc/pszx/mdps_order_info.html?code=312022111800377 HTTP/1.1" 200 23978
120.253.135.82 - - [18/Nov/2022:06:30:15 +0800] "GET /xingrg/javascript/easyui/themes/default/validatebox.css HTTP/1.1" 404 1104
120.253.135.82 - - [18/Nov/2022:06:30:16 +0800] "POST /xingrg/kc/pszx/mdps_order_operate.html HTTP/1.1" 200 11553
114.83.218.138 - - [18/Nov/2022:06:30:18 +0800] "POST /xingrg/services/DataTransmitService HTTP/1.1" 200 524
116.238.139.35 - - [18/Nov/2022:06:30:19 +0800] "GET /xingrg/all/function/internal_message.html?_=1668724132436&CODE_STATE=getMsg HTTP/1.1" 200 27
58.221.95.50 - - [18/Nov/2022:06:30:36 +0800] "GET /xingrg/check_reg.html?_=1668724221095 HTTP/1.1" 302 -
116.230.105.139 - - [18/Nov/2022:06:30:57 +0800] "GET /xingrg/all/function/internal_message.html?_=1668724254581&CODE_STATE=getMsg HTTP/1.1" 200 27
120.253.135.82 - - [18/Nov/2022:06:30:58 +0800] "GET /xingrg/check_reg.html?_=1668724059057 HTTP/1.1" 200 22
218.81.217.29 - - [18/Nov/2022:06:31:00 +0800] "GET /xingrg/check_reg.html?_=1668724278106 HTTP/1.1" 200 22
218.81.217.29 - - [18/Nov/2022:06:31:01 +0800] "GET /xingrg/all/function/internal_message.html?_=1668724279010&CODE_STATE=getMsg HTTP/1.1" 200 27
120.253.135.82 - - [18/Nov/2022:06:31:01 +0800] "GET /xingrg/all/function/internal_message.html?_=1668724062188&CODE_STATE=getMsg HTTP/1.1" 200 27
180.162.229.95 - - [18/Nov/2022:06:31:09 +0800] "GET /xingrg/all/function/internal_message.html?_=1668724277681&CODE_STATE=getMsg HTTP/1.1" 200 27
116.230.105.139 - - [18/Nov/2022:06:31:11 +0800] "GET /xingrg/check_reg.html?_=1668724268179 HTTP/1.1" 200 22
116.238.139.35 - - [18/Nov/2022:06:31:19 +0800] "GET /xingrg/all/function/internal_message.html?_=1668724192455&CODE_STATE=getMsg HTTP/1.1" 200 27
120.253.135.82 - - [18/Nov/2022:06:31:50 +0800] "POST /xingrg/kc/pszx/mdps_order_operate.html HTTP/1.1" 200 37
120.253.135.82 - - [18/Nov/2022:06:31:52 +0800] "GET /xingrg/kc/pszx/mdps_order_info.html?code=312022111800377 HTTP/1.1" 200 23978
120.253.135.82 - - [18/Nov/2022:06:31:52 +0800] "GET /xingrg/javascript/easyui/themes/default/validatebox.css HTTP/1.1" 404 1104
120.253.135.82 - - [18/Nov/2022:06:31:53 +0800] "POST /xingrg/kc/pszx/mdps_order_operate.html HTTP/1.1" 200 11552
116.230.105.139 - - [18/Nov/2022:06:31:57 +0800] "GET /xingrg/all/function/internal_message.html?_=1668724314574&CODE_STATE=getMsg HTTP/1.1" 200 27
218.81.217.29 - - [18/Nov/2022:06:32:01 +0800] "GET /xingrg/all/function/internal_message.html?_=1668724339023&CODE_STATE=getMsg HTTP/1.1" 200 27
120.253.135.82 - - [18/Nov/2022:06:32:01 +0800] "GET /xingrg/all/function/internal_message.html?_=1668724122189&CODE_STATE=getMsg HTTP/1.1" 200 27
116.238.139.35 - - [18/Nov/2022:06:32:06 +0800] "GET /xingrg/check_reg.html?_=1668724239540 HTTP/1.1" 200 22
120.253.135.82 - - [18/Nov/2022:06:32:07 +0800] "POST /xingrg/all/common/load_select.html HTTP/1.1" 200 25
120.253.135.82 - - [18/Nov/2022:06:32:09 +0800] "GET /xingrg/kc/pszx/mdps_order_operate.html?command=get_materiel_price&pszx_code=00101&rest_code=00147&base_code=0010246&code=00101019133&unit_code=00100189&order_time=2022-11-19 HTTP/1.1" 200 35
180.162.229.95 - - [18/Nov/2022:06:32:09 +0800] "GET /xingrg/all/function/internal_message.html?_=1668724337682&CODE_STATE=getMsg HTTP/1.1" 200 27
180.162.229.95 - - [18/Nov/2022:06:32:09 +0800] "GET /xingrg/check_reg.html?_=1668724337683 HTTP/1.1" 200 22
116.238.139.35 - - [18/Nov/2022:06:32:19 +0800] "GET /xingrg/all/function/internal_message.html?_=1668724252464&CODE_STATE=getMsg HTTP/1.1" 200 27
120.253.135.82 - - [18/Nov/2022:06:32:34 +0800] "POST /xingrg/kc/pszx/mdps_order_operate.html HTTP/1.1" 200 37
120.253.135.82 - - [18/Nov/2022:06:32:36 +0800] "GET /xingrg/kc/pszx/mdps_order_info.html?code=312022111800377 HTTP/1.1" 200 23978
120.253.135.82 - - [18/Nov/2022:06:32:37 +0800] "GET /xingrg/javascript/easyui/themes/default/validatebox.css HTTP/1.1" 404 1104
120.253.135.82 - - [18/Nov/2022:06:32:37 +0800] "POST /xingrg/kc/pszx/mdps_order_operate.html HTTP/1.1" 200 11550
116.230.105.139 - - [18/Nov/2022:06:32:57 +0800] "GET /xingrg/all/function/internal_message.html?_=1668724374549&CODE_STATE=getMsg HTTP/1.1" 200 27
218.81.217.29 - - [18/Nov/2022:06:33:01 +0800] "GET /xingrg/all/function/internal_message.html?_=1668724399036&CODE_STATE=getMsg HTTP/1.1" 200 27
120.253.135.82 - - [18/Nov/2022:06:33:01 +0800] "GET /xingrg/all/function/internal_message.html?_=1668724182204&CODE_STATE=getMsg HTTP/1.1" 200 27
180.162.229.95 - - [18/Nov/2022:06:33:09 +0800] "GET /xingrg/all/function/internal_message.html?_=1668724397684&CODE_STATE=getMsg HTTP/1.1" 200 27
116.238.139.35 - - [18/Nov/2022:06:33:19 +0800] "GET /xingrg/all/function/internal_message.html?_=1668724312480&CODE_STATE=getMsg HTTP/1.1" 200 27
116.230.105.139 - - [18/Nov/2022:06:33:57 +0800] "GET /xingrg/all/function/internal_message.html?_=1668724434524&CODE_STATE=getMsg HTTP/1.1" 200 27
218.81.217.29 - - [18/Nov/2022:06:34:01 +0800] "GET /xingrg/all/function/internal_message.html?_=1668724459197&CODE_STATE=getMsg HTTP/1.1" 200 27
120.253.135.82 - - [18/Nov/2022:06:34:01 +0800] "GET /xingrg/all/function/internal_message.html?_=1668724242218&CODE_STATE=getMsg HTTP/1.1" 200 27
120.253.135.82 - - [18/Nov/2022:06:34:08 +0800] "POST /xingrg/kc/pszx/mdps_order_operate.html HTTP/1.1" 200 37
180.162.229.95 - - [18/Nov/2022:06:34:09 +0800] "GET /xingrg/all/function/internal_message.html?_=1668724457683&CODE_STATE=getMsg HTTP/1.1" 200 27
120.253.135.82 - - [18/Nov/2022:06:34:10 +0800] "GET /xingrg/kc/pszx/mdps_order_info.html?code=312022111800377 HTTP/1.1" 200 23978
120.253.135.82 - - [18/Nov/2022:06:34:10 +0800] "GET /xingrg/javascript/easyui/themes/default/validatebox.css HTTP/1.1" 404 1104
120.253.135.82 - - [18/Nov/2022:06:34:11 +0800] "POST /xingrg/kc/pszx/mdps_order_operate.html HTTP/1.1" 200 11550
116.238.139.35 - - [18/Nov/2022:06:34:19 +0800] "GET /xingrg/all/function/internal_message.html?_=1668724372495&CODE_STATE=getMsg HTTP/1.1" 200 27
120.253.135.82 - - [18/Nov/2022:06:34:24 +0800] "GET /xingrg/kc/pszx/mdps_order_info.html?code=312022111800377 HTTP/1.1" 200 23978
120.253.135.82 - - [18/Nov/2022:06:34:24 +0800] "GET /xingrg/javascript/easyui/themes/default/validatebox.css HTTP/1.1" 404 1104
120.253.135.82 - - [18/Nov/2022:06:34:24 +0800] "POST /xingrg/kc/pszx/mdps_order_operate.html HTTP/1.1" 200 11550
120.253.135.82 - - [18/Nov/2022:06:34:37 +0800] "POST /xingrg/kc/pszx/mdps_list_operate.html HTTP/1.1" 200 3920
120.253.135.82 - - [18/Nov/2022:06:34:39 +0800] "POST /xingrg/kc/pszx/mdps_list_operate.html HTTP/1.1" 200 276
120.253.135.82 - - [18/Nov/2022:06:34:40 +0800] "GET /xingrg/kc/pszx/mdps_order_info.html?code=312022111800378 HTTP/1.1" 200 23978
120.253.135.82 - - [18/Nov/2022:06:34:40 +0800] "GET /xingrg/javascript/easyui/themes/default/validatebox.css HTTP/1.1" 404 1104
120.253.135.82 - - [18/Nov/2022:06:34:41 +0800] "POST /xingrg/kc/pszx/mdps_order_operate.html HTTP/1.1" 200 2757
120.253.135.82 - - [18/Nov/2022:06:34:44 +0800] "POST /xingrg/kc/pszx/mdps_order_operate.html HTTP/1.1" 200 37
120.253.135.82 - - [18/Nov/2022:06:34:45 +0800] "GET /xingrg/kc/pszx/mdps_order_info.html?code=312022111800378 HTTP/1.1" 200 23978
120.253.135.82 - - [18/Nov/2022:06:34:45 +0800] "GET /xingrg/javascript/easyui/themes/default/validatebox.css HTTP/1.1" 404 1104
120.253.135.82 - - [18/Nov/2022:06:34:46 +0800] "POST /xingrg/kc/pszx/mdps_order_operate.html HTTP/1.1" 200 2771
120.253.135.82 - - [18/Nov/2022:06:34:47 +0800] "POST /xingrg/kc/pszx/mdps_list_operate.html HTTP/1.1" 200 3920
120.253.135.82 - - [18/Nov/2022:06:34:49 +0800] "POST /xingrg/kc/pszx/mdps_list_operate.html HTTP/1.1" 200 277
120.253.135.82 - - [18/Nov/2022:06:34:50 +0800] "GET /xingrg/kc/pszx/mdps_order_info.html?code=312022111800379 HTTP/1.1" 200 23978
120.253.135.82 - - [18/Nov/2022:06:34:50 +0800] "GET /xingrg/javascript/easyui/themes/default/validatebox.css HTTP/1.1" 404 1104
120.253.135.82 - - [18/Nov/2022:06:34:51 +0800] "POST /xingrg/kc/pszx/mdps_order_operate.html HTTP/1.1" 200 2755
120.253.135.82 - - [18/Nov/2022:06:34:54 +0800] "POST /xingrg/kc/pszx/mdps_order_operate.html HTTP/1.1" 200 37
120.253.135.82 - - [18/Nov/2022:06:34:55 +0800] "GET /xingrg/kc/pszx/mdps_order_info.html?code=312022111800379 HTTP/1.1" 200 23978
120.253.135.82 - - [18/Nov/2022:06:34:56 +0800] "GET /xingrg/javascript/easyui/themes/default/validatebox.css HTTP/1.1" 404 1104
120.253.135.82 - - [18/Nov/2022:06:34:56 +0800] "POST /xingrg/kc/pszx/mdps_order_operate.html HTTP/1.1" 200 2769
116.230.105.139 - - [18/Nov/2022:06:34:57 +0800] "GET /xingrg/all/function/internal_message.html?_=1668724494501&CODE_STATE=getMsg HTTP/1.1" 200 27
120.253.135.82 - - [18/Nov/2022:06:34:59 +0800] "POST /xingrg/kc/pszx/mdps_list_operate.html HTTP/1.1" 200 3920
120.253.135.82 - - [18/Nov/2022:06:35:00 +0800] "POST /xingrg/kc/pszx/mdps_list_operate.html HTTP/1.1" 200 356
218.81.217.29 - - [18/Nov/2022:06:35:01 +0800] "GET /xingrg/all/function/internal_message.html?_=1668724519205&CODE_STATE=getMsg HTTP/1.1" 200 27
120.253.135.82 - - [18/Nov/2022:06:35:01 +0800] "GET /xingrg/kc/pszx/mdps_order_info.html?code=312022111800380 HTTP/1.1" 200 23978
120.253.135.82 - - [18/Nov/2022:06:35:01 +0800] "GET /xingrg/all/function/internal_message.html?_=1668724302310&CODE_STATE=getMsg HTTP/1.1" 200 27
120.253.135.82 - - [18/Nov/2022:06:35:02 +0800] "GET /xingrg/javascript/easyui/themes/default/validatebox.css HTTP/1.1" 404 1104
120.253.135.82 - - [18/Nov/2022:06:35:02 +0800] "POST /xingrg/kc/pszx/mdps_order_operate.html HTTP/1.1" 200 3244
120.253.135.82 - - [18/Nov/2022:06:35:05 +0800] "POST /xingrg/kc/pszx/mdps_order_operate.html HTTP/1.1" 200 37
120.253.135.82 - - [18/Nov/2022:06:35:06 +0800] "GET /xingrg/kc/pszx/mdps_order_info.html?code=312022111800380 HTTP/1.1" 200 23978
120.253.135.82 - - [18/Nov/2022:06:35:07 +0800] "GET /xingrg/javascript/easyui/themes/default/validatebox.css HTTP/1.1" 404 1104
120.253.135.82 - - [18/Nov/2022:06:35:07 +0800] "POST /xingrg/kc/pszx/mdps_order_operate.html HTTP/1.1" 200 3268
180.162.229.95 - - [18/Nov/2022:06:35:09 +0800] "GET /xingrg/all/function/internal_message.html?_=1668724517681&CODE_STATE=getMsg HTTP/1.1" 200 27
116.238.139.35 - - [18/Nov/2022:06:35:19 +0800] "GET /xingrg/all/function/internal_message.html?_=1668724432504&CODE_STATE=getMsg HTTP/1.1" 200 27
58.221.95.50 - - [18/Nov/2022:06:35:36 +0800] "GET /xingrg/check_reg.html?_=1668724521157 HTTP/1.1" 302 -
120.253.135.82 - - [18/Nov/2022:06:35:47 +0800] "POST /xingrg/kc/pszx/mdps_list_operate.html HTTP/1.1" 200 3920
120.253.135.82 - - [18/Nov/2022:06:35:48 +0800] "POST /xingrg/kc/pszx/mdps_list_operate.html HTTP/1.1" 200 615
120.253.135.82 - - [18/Nov/2022:06:35:49 +0800] "GET /xingrg/kc/pszx/mdps_order_info.html?code=312022111800381 HTTP/1.1" 200 23978
120.253.135.82 - - [18/Nov/2022:06:35:49 +0800] "GET /xingrg/javascript/easyui/themes/default/validatebox.css HTTP/1.1" 404 1104
120.253.135.82 - - [18/Nov/2022:06:35:49 +0800] "POST /xingrg/kc/pszx/mdps_order_operate.html HTTP/1.1" 200 4747
120.253.135.82 - - [18/Nov/2022:06:35:52 +0800] "POST /xingrg/kc/pszx/mdps_order_operate.html HTTP/1.1" 200 37
120.253.135.82 - - [18/Nov/2022:06:35:53 +0800] "GET /xingrg/kc/pszx/mdps_order_info.html?code=312022111800381 HTTP/1.1" 200 23978
120.253.135.82 - - [18/Nov/2022:06:35:54 +0800] "GET /xingrg/javascript/easyui/themes/default/validatebox.css HTTP/1.1" 404 1104
120.253.135.82 - - [18/Nov/2022:06:35:54 +0800] "POST /xingrg/kc/pszx/mdps_order_operate.html HTTP/1.1" 200 4790
116.230.105.139 - - [18/Nov/2022:06:35:57 +0800] "GET /xingrg/all/function/internal_message.html?_=1668724554484&CODE_STATE=getMsg HTTP/1.1" 200 27
120.253.135.82 - - [18/Nov/2022:06:35:58 +0800] "GET /xingrg/check_reg.html?_=1668724359062 HTTP/1.1" 200 22
218.81.217.29 - - [18/Nov/2022:06:36:00 +0800] "GET /xingrg/check_reg.html?_=1668724578254 HTTP/1.1" 200 22
