218.81.217.29 - - [18/Nov/2022:06:36:01 +0800] "GET /xingrg/all/function/internal_message.html?_=1668724579218&CODE_STATE=getMsg HTTP/1.1" 200 27
120.253.135.82 - - [18/Nov/2022:06:36:01 +0800] "GET /xingrg/all/function/internal_message.html?_=1668724362377&CODE_STATE=getMsg HTTP/1.1" 200 27
120.253.135.82 - - [18/Nov/2022:06:36:08 +0800] "GET /xingrg/kc/pszx/mdps_order_operate.html?command=get_materiel&pszx_code=00101&rest_code=00147&base_code=0010246&code=00101013084 HTTP/1.1" 200 428
180.162.229.95 - - [18/Nov/2022:06:36:09 +0800] "GET /xingrg/all/function/internal_message.html?_=1668724577680&CODE_STATE=getMsg HTTP/1.1" 200 27
116.230.105.139 - - [18/Nov/2022:06:36:11 +0800] "GET /xingrg/check_reg.html?_=1668724568179 HTTP/1.1" 200 22
120.253.135.82 - - [18/Nov/2022:06:36:18 +0800] "POST /xingrg/kc/pszx/mdps_order_operate.html HTTP/1.1" 200 37
120.253.135.82 - - [18/Nov/2022:06:36:18 +0800] "GET /xingrg/kc/pszx/mdps_order_info.html?code=312022111800381 HTTP/1.1" 200 23978
116.238.139.35 - - [18/Nov/2022:06:36:19 +0800] "GET /xingrg/all/function/internal_message.html?_=1668724492525&CODE_STATE=getMsg HTTP/1.1" 200 27
120.253.135.82 - - [18/Nov/2022:06:36:19 +0800] "GET /xingrg/javascript/easyui/themes/default/validatebox.css HTTP/1.1" 404 1104
120.253.135.82 - - [18/Nov/2022:06:36:19 +0800] "POST /xingrg/kc/pszx/mdps_order_operate.html HTTP/1.1" 200 4789
120.253.135.82 - - [18/Nov/2022:06:36:22 +0800] "POST /xingrg/kc/pszx/mdps_list_operate.html HTTP/1.1" 200 3920
120.253.135.82 - - [18/Nov/2022:06:36:24 +0800] "POST /xingrg/kc/pszx/mdps_list_operate.html HTTP/1.1" 200 635
120.253.135.82 - - [18/Nov/2022:06:36:26 +0800] "GET /xingrg/kc/pszx/mdps_order_info.html?code=312022111800382 HTTP/1.1" 200 23978
120.253.135.82 - - [18/Nov/2022:06:36:27 +0800] "GET /xingrg/javascript/easyui/themes/default/validatebox.css HTTP/1.1" 404 1104
120.253.135.82 - - [18/Nov/2022:06:36:27 +0800] "POST /xingrg/kc/pszx/mdps_order_operate.html HTTP/1.1" 200 4785
120.253.135.82 - - [18/Nov/2022:06:36:29 +0800] "POST /xingrg/all/common/load_combo.html?type=base HTTP/1.1" 200 1169
120.253.135.82 - - [18/Nov/2022:06:36:33 +0800] "POST /xingrg/kc/pszx/mdps_order_operate.html HTTP/1.1" 200 37
120.253.135.82 - - [18/Nov/2022:06:36:33 +0800] "GET /xingrg/kc/pszx/mdps_order_info.html?code=312022111800382 HTTP/1.1" 200 23978
120.253.135.82 - - [18/Nov/2022:06:36:34 +0800] "GET /xingrg/javascript/easyui/themes/default/validatebox.css HTTP/1.1" 404 1104
120.253.135.82 - - [18/Nov/2022:06:36:34 +0800] "POST /xingrg/kc/pszx/mdps_order_operate.html HTTP/1.1" 200 4833
120.253.135.82 - - [18/Nov/2022:06:36:47 +0800] "POST /xingrg/kc/pszx/mdps_list_operate.html HTTP/1.1" 200 3920
120.253.135.82 - - [18/Nov/2022:06:36:50 +0800] "POST /xingrg/kc/pszx/mdps_list_operate.html HTTP/1.1" 200 276
120.253.135.82 - - [18/Nov/2022:06:36:52 +0800] "POST /xingrg/kc/pszx/mdps_list_operate.html HTTP/1.1" 200 277
116.230.105.139 - - [18/Nov/2022:06:36:57 +0800] "GET /xingrg/all/function/internal_message.html?_=1668724614470&CODE_STATE=getMsg HTTP/1.1" 200 27
120.253.135.82 - - [18/Nov/2022:06:37:00 +0800] "POST /xingrg/kc/pszx/mdps_list_operate.html HTTP/1.1" 200 635
218.81.217.29 - - [18/Nov/2022:06:37:01 +0800] "GET /xingrg/all/function/internal_message.html?_=1668724639232&CODE_STATE=getMsg HTTP/1.1" 200 27
120.253.135.82 - - [18/Nov/2022:06:37:01 +0800] "GET /xingrg/all/function/internal_message.html?_=1668724422382&CODE_STATE=getMsg HTTP/1.1" 200 27
120.253.135.82 - - [18/Nov/2022:06:37:02 +0800] "GET /xingrg/kc/pszx/mdps_order_info.html?code=312022111800382 HTTP/1.1" 200 23978
120.253.135.82 - - [18/Nov/2022:06:37:02 +0800] "GET /xingrg/javascript/easyui/themes/default/validatebox.css HTTP/1.1" 404 1104
120.253.135.82 - - [18/Nov/2022:06:37:03 +0800] "POST /xingrg/kc/pszx/mdps_order_operate.html HTTP/1.1" 200 4833
116.238.139.35 - - [18/Nov/2022:06:37:06 +0800] "GET /xingrg/check_reg.html?_=1668724539536 HTTP/1.1" 200 22
180.162.229.95 - - [18/Nov/2022:06:37:09 +0800] "GET /xingrg/check_reg.html?_=1668724637703 HTTP/1.1" 200 22
180.162.229.95 - - [18/Nov/2022:06:37:09 +0800] "GET /xingrg/all/function/internal_message.html?_=1668724637700&CODE_STATE=getMsg HTTP/1.1" 200 27
116.238.139.35 - - [18/Nov/2022:06:37:19 +0800] "GET /xingrg/all/function/internal_message.html?_=1668724552532&CODE_STATE=getMsg HTTP/1.1" 200 27
120.253.135.82 - - [18/Nov/2022:06:37:20 +0800] "GET /xingrg/kc/pszx/mdps_order_operate.html?command=get_materiel&pszx_code=00101&rest_code=00147&base_code=0010250&code=00102002208 HTTP/1.1" 200 446
120.253.135.82 - - [18/Nov/2022:06:37:22 +0800] "POST /xingrg/all/common/load_select.html HTTP/1.1" 200 25
120.253.135.82 - - [18/Nov/2022:06:37:24 +0800] "GET /xingrg/kc/pszx/mdps_order_operate.html?command=get_materiel_price&pszx_code=00101&rest_code=00147&base_code=0010250&code=00102002208&unit_code=00100342&order_time=2022-11-19 HTTP/1.1" 200 34
120.253.135.82 - - [18/Nov/2022:06:37:31 +0800] "POST /xingrg/kc/pszx/mdps_order_operate.html HTTP/1.1" 200 37
120.253.135.82 - - [18/Nov/2022:06:37:31 +0800] "GET /xingrg/kc/pszx/mdps_order_info.html?code=312022111800382 HTTP/1.1" 200 23978
120.253.135.82 - - [18/Nov/2022:06:37:32 +0800] "GET /xingrg/javascript/easyui/themes/default/validatebox.css HTTP/1.1" 404 1104
120.253.135.82 - - [18/Nov/2022:06:37:32 +0800] "POST /xingrg/kc/pszx/mdps_order_operate.html HTTP/1.1" 200 5330
120.253.135.82 - - [18/Nov/2022:06:37:33 +0800] "POST /xingrg/kc/pszx/mdps_list_operate.html HTTP/1.1" 200 3920
120.253.135.82 - - [18/Nov/2022:06:37:37 +0800] "POST /xingrg/kc/pszx/mdps_list_operate.html HTTP/1.1" 200 277
120.253.135.82 - - [18/Nov/2022:06:37:42 +0800] "GET /xingrg/kc/pszx/mdps_order_info.html?code=312022111800379 HTTP/1.1" 200 23978
120.253.135.82 - - [18/Nov/2022:06:37:42 +0800] "GET /xingrg/javascript/easyui/themes/default/validatebox.css HTTP/1.1" 404 1104
120.253.135.82 - - [18/Nov/2022:06:37:42 +0800] "POST /xingrg/kc/pszx/mdps_order_operate.html HTTP/1.1" 200 2769
120.253.135.82 - - [18/Nov/2022:06:37:48 +0800] "POST /xingrg/kc/pszx/mdps_order_operate.html HTTP/1.1" 200 37
120.253.135.82 - - [18/Nov/2022:06:37:49 +0800] "GET /xingrg/kc/pszx/mdps_order_info.html?code=312022111800379 HTTP/1.1" 200 23978
120.253.135.82 - - [18/Nov/2022:06:37:50 +0800] "GET /xingrg/javascript/easyui/themes/default/validatebox.css HTTP/1.1" 404 1104
120.253.135.82 - - [18/Nov/2022:06:37:50 +0800] "POST /xingrg/kc/pszx/mdps_order_operate.html HTTP/1.1" 200 2271
120.253.135.82 - - [18/Nov/2022:06:37:51 +0800] "POST /xingrg/kc/pszx/mdps_list_operate.html HTTP/1.1" 200 3920
120.253.135.82 - - [18/Nov/2022:06:37:54 +0800] "POST /xingrg/kc/pszx/mdps_list_operate.html HTTP/1.1" 200 635
120.253.135.82 - - [18/Nov/2022:06:37:56 +0800] "GET /xingrg/kc/pszx/mdps_order_info.html?code=312022111800382 HTTP/1.1" 200 23978
120.253.135.82 - - [18/Nov/2022:06:37:57 +0800] "GET /xingrg/javascript/easyui/themes/default/validatebox.css HTTP/1.1" 404 1104
120.253.135.82 - - [18/Nov/2022:06:37:57 +0800] "POST /xingrg/kc/pszx/mdps_order_operate.html HTTP/1.1" 200 5330
116.230.105.139 - - [18/Nov/2022:06:37:57 +0800] "GET /xingrg/all/function/internal_message.html?_=1668724674449&CODE_STATE=getMsg HTTP/1.1" 200 27
218.81.217.29 - - [18/Nov/2022:06:38:01 +0800] "GET /xingrg/all/function/internal_message.html?_=1668724699245&CODE_STATE=getMsg HTTP/1.1" 200 27
120.253.135.82 - - [18/Nov/2022:06:38:01 +0800] "GET /xingrg/all/function/internal_message.html?_=1668724482396&CODE_STATE=getMsg HTTP/1.1" 200 27
120.253.135.82 - - [18/Nov/2022:06:38:03 +0800] "POST /xingrg/kc/pszx/mdps_list_operate.html HTTP/1.1" 200 3920
120.253.135.82 - - [18/Nov/2022:06:38:05 +0800] "POST /xingrg/kc/pszx/mdps_list_operate.html HTTP/1.1" 200 208
120.253.135.82 - - [18/Nov/2022:06:38:06 +0800] "GET /xingrg/kc/pszx/mdps_order_info.html?code=312022111800383 HTTP/1.1" 200 23978
120.253.135.82 - - [18/Nov/2022:06:38:07 +0800] "GET /xingrg/javascript/easyui/themes/default/validatebox.css HTTP/1.1" 404 1104
120.253.135.82 - - [18/Nov/2022:06:38:07 +0800] "POST /xingrg/kc/pszx/mdps_order_operate.html HTTP/1.1" 200 2295
120.253.135.82 - - [18/Nov/2022:06:38:08 +0800] "POST /xingrg/all/common/load_combo.html?type=base HTTP/1.1" 200 1169
180.162.229.95 - - [18/Nov/2022:06:38:09 +0800] "GET /xingrg/all/function/internal_message.html?_=1668724697688&CODE_STATE=getMsg HTTP/1.1" 200 27
120.253.135.82 - - [18/Nov/2022:06:38:14 +0800] "POST /xingrg/kc/pszx/mdps_order_operate.html HTTP/1.1" 200 37
120.253.135.82 - - [18/Nov/2022:06:38:15 +0800] "GET /xingrg/kc/pszx/mdps_order_info.html?code=312022111800383 HTTP/1.1" 200 23976
120.253.135.82 - - [18/Nov/2022:06:38:16 +0800] "GET /xingrg/javascript/easyui/themes/default/validatebox.css HTTP/1.1" 404 1104
120.253.135.82 - - [18/Nov/2022:06:38:16 +0800] "POST /xingrg/kc/pszx/mdps_order_operate.html HTTP/1.1" 200 2303
116.238.139.35 - - [18/Nov/2022:06:38:19 +0800] "GET /xingrg/all/function/internal_message.html?_=1668724612545&CODE_STATE=getMsg HTTP/1.1" 200 27
120.253.135.82 - - [18/Nov/2022:06:38:33 +0800] "POST /xingrg/kc/pszx/mdps_list_operate.html HTTP/1.1" 200 3917
120.253.135.82 - - [18/Nov/2022:06:38:35 +0800] "POST /xingrg/kc/pszx/mdps_list_operate.html HTTP/1.1" 200 208
120.253.135.82 - - [18/Nov/2022:06:38:36 +0800] "GET /xingrg/kc/pszx/mdps_order_info.html?code=312022111800383 HTTP/1.1" 200 23976
120.253.135.82 - - [18/Nov/2022:06:38:37 +0800] "GET /xingrg/javascript/easyui/themes/default/validatebox.css HTTP/1.1" 404 1104
120.253.135.82 - - [18/Nov/2022:06:38:37 +0800] "POST /xingrg/kc/pszx/mdps_order_operate.html HTTP/1.1" 200 2303
120.253.135.82 - - [18/Nov/2022:06:38:39 +0800] "POST /xingrg/kc/pszx/mdps_list_operate.html HTTP/1.1" 200 3917
120.253.135.82 - - [18/Nov/2022:06:38:43 +0800] "POST /xingrg/kc/pszx/mdps_list_operate.html HTTP/1.1" 200 208
120.253.135.82 - - [18/Nov/2022:06:38:44 +0800] "GET /xingrg/kc/pszx/mdps_order_info.html?code=312022111800383 HTTP/1.1" 200 23976
120.253.135.82 - - [18/Nov/2022:06:38:44 +0800] "GET /xingrg/javascript/easyui/themes/default/validatebox.css HTTP/1.1" 404 1104
120.253.135.82 - - [18/Nov/2022:06:38:44 +0800] "POST /xingrg/kc/pszx/mdps_order_operate.html HTTP/1.1" 200 2303
120.253.135.82 - - [18/Nov/2022:06:38:46 +0800] "POST /xingrg/kc/pszx/mdps_list_operate.html HTTP/1.1" 200 3917
120.253.135.82 - - [18/Nov/2022:06:38:47 +0800] "POST /xingrg/kc/pszx/mdps_list_operate.html HTTP/1.1" 200 635
120.253.135.82 - - [18/Nov/2022:06:38:47 +0800] "GET /xingrg/kc/pszx/mdps_order_info.html?code=312022111800382 HTTP/1.1" 200 23978
120.253.135.82 - - [18/Nov/2022:06:38:48 +0800] "GET /xingrg/javascript/easyui/themes/default/validatebox.css HTTP/1.1" 404 1104
120.253.135.82 - - [18/Nov/2022:06:38:48 +0800] "POST /xingrg/kc/pszx/mdps_order_operate.html HTTP/1.1" 200 5330
120.253.135.82 - - [18/Nov/2022:06:38:51 +0800] "POST /xingrg/kc/pszx/mdps_list_operate.html HTTP/1.1" 200 3917
120.253.135.82 - - [18/Nov/2022:06:38:53 +0800] "POST /xingrg/kc/pszx/mdps_list_operate.html HTTP/1.1" 200 613
120.253.135.82 - - [18/Nov/2022:06:38:54 +0800] "GET /xingrg/kc/pszx/mdps_order_info.html?code=312022111800381 HTTP/1.1" 200 23978
120.253.135.82 - - [18/Nov/2022:06:38:54 +0800] "GET /xingrg/javascript/easyui/themes/default/validatebox.css HTTP/1.1" 404 1104
120.253.135.82 - - [18/Nov/2022:06:38:54 +0800] "POST /xingrg/kc/pszx/mdps_order_operate.html HTTP/1.1" 200 4789
116.230.105.139 - - [18/Nov/2022:06:38:57 +0800] "GET /xingrg/all/function/internal_message.html?_=1668724734419&CODE_STATE=getMsg HTTP/1.1" 200 27
218.81.217.29 - - [18/Nov/2022:06:39:01 +0800] "GET /xingrg/all/function/internal_message.html?_=1668724759417&CODE_STATE=getMsg HTTP/1.1" 200 27
120.253.135.82 - - [18/Nov/2022:06:39:01 +0800] "GET /xingrg/all/function/internal_message.html?_=1668724542410&CODE_STATE=getMsg HTTP/1.1" 200 27
180.162.229.95 - - [18/Nov/2022:06:39:09 +0800] "GET /xingrg/all/function/internal_message.html?_=1668724757688&CODE_STATE=getMsg HTTP/1.1" 200 27
116.238.139.35 - - [18/Nov/2022:06:39:19 +0800] "GET /xingrg/all/function/internal_message.html?_=1668724672563&CODE_STATE=getMsg HTTP/1.1" 200 27
116.230.105.139 - - [18/Nov/2022:06:39:57 +0800] "GET /xingrg/all/function/internal_message.html?_=1668724794390&CODE_STATE=getMsg HTTP/1.1" 200 27
218.81.217.29 - - [18/Nov/2022:06:40:01 +0800] "GET /xingrg/all/function/internal_message.html?_=1668724819429&CODE_STATE=getMsg HTTP/1.1" 200 27
120.253.135.82 - - [18/Nov/2022:06:40:02 +0800] "GET /xingrg/all/function/internal_message.html?_=1668724602424&CODE_STATE=getMsg HTTP/1.1" 200 27
180.162.229.95 - - [18/Nov/2022:06:40:09 +0800] "GET /xingrg/all/function/internal_message.html?_=1668724817693&CODE_STATE=getMsg HTTP/1.1" 200 27
116.238.139.35 - - [18/Nov/2022:06:40:19 +0800] "GET /xingrg/all/function/internal_message.html?_=1668724732572&CODE_STATE=getMsg HTTP/1.1" 200 27
58.221.95.50 - - [18/Nov/2022:06:40:36 +0800] "GET /xingrg/check_reg.html?_=1668724821250 HTTP/1.1" 302 -
120.253.135.82 - - [18/Nov/2022:06:40:38 +0800] "POST /xingrg/kc/pszx/mdps_list_operate.html HTTP/1.1" 200 3917
120.253.135.82 - - [18/Nov/2022:06:40:41 +0800] "POST /xingrg/kc/pszx/mdps_list_operate.html HTTP/1.1" 200 356
120.253.135.82 - - [18/Nov/2022:06:40:41 +0800] "GET /xingrg/kc/pszx/mdps_order_info.html?code=312022111800380 HTTP/1.1" 200 23978
120.253.135.82 - - [18/Nov/2022:06:40:42 +0800] "POST /xingrg/kc/pszx/mdps_order_operate.html HTTP/1.1" 200 3268
120.253.135.82 - - [18/Nov/2022:06:40:42 +0800] "GET /xingrg/javascript/easyui/themes/default/validatebox.css HTTP/1.1" 404 1104
120.253.135.82 - - [18/Nov/2022:06:40:47 +0800] "POST /xingrg/kc/pszx/mdps_list_operate.html HTTP/1.1" 200 3917
120.253.135.82 - - [18/Nov/2022:06:40:49 +0800] "POST /xingrg/kc/pszx/mdps_list_operate.html HTTP/1.1" 200 198
120.253.135.82 - - [18/Nov/2022:06:40:49 +0800] "GET /xingrg/kc/pszx/mdps_order_info.html?code=312022111800379 HTTP/1.1" 200 23978
120.253.135.82 - - [18/Nov/2022:06:40:49 +0800] "GET /xingrg/javascript/easyui/themes/default/validatebox.css HTTP/1.1" 404 1104
120.253.135.82 - - [18/Nov/2022:06:40:49 +0800] "POST /xingrg/kc/pszx/mdps_order_operate.html HTTP/1.1" 200 2271
120.253.135.82 - - [18/Nov/2022:06:40:52 +0800] "POST /xingrg/kc/pszx/mdps_list_operate.html HTTP/1.1" 200 3917
120.253.135.82 - - [18/Nov/2022:06:40:55 +0800] "POST /xingrg/kc/pszx/mdps_list_operate.html HTTP/1.1" 200 198
116.230.105.139 - - [18/Nov/2022:06:40:57 +0800] "GET /xingrg/all/function/internal_message.html?_=1668724854375&CODE_STATE=getMsg HTTP/1.1" 200 27
120.253.135.82 - - [18/Nov/2022:06:40:58 +0800] "GET /xingrg/check_reg.html?_=1668724659069 HTTP/1.1" 200 22
120.253.135.82 - - [18/Nov/2022:06:40:59 +0800] "POST /xingrg/kc/pszx/mdps_list_operate.html HTTP/1.1" 200 276
218.81.217.29 - - [18/Nov/2022:06:41:00 +0800] "GET /xingrg/check_reg.html?_=1668724878402 HTTP/1.1" 200 22
218.81.217.29 - - [18/Nov/2022:06:41:01 +0800] "GET /xingrg/all/function/internal_message.html?_=1668724879441&CODE_STATE=getMsg HTTP/1.1" 200 27
120.253.135.82 - - [18/Nov/2022:06:41:02 +0800] "GET /xingrg/all/function/internal_message.html?_=1668724662469&CODE_STATE=getMsg HTTP/1.1" 200 27
120.253.135.82 - - [18/Nov/2022:06:41:02 +0800] "POST /xingrg/kc/pszx/mdps_list_operate.html HTTP/1.1" 200 621
120.253.135.82 - - [18/Nov/2022:06:41:04 +0800] "GET /xingrg/kc/pszx/mdps_order_info.html?code=312022111800377 HTTP/1.1" 200 23978
120.253.135.82 - - [18/Nov/2022:06:41:04 +0800] "GET /xingrg/javascript/easyui/themes/default/validatebox.css HTTP/1.1" 404 1104
120.253.135.82 - - [18/Nov/2022:06:41:04 +0800] "POST /xingrg/kc/pszx/mdps_order_operate.html HTTP/1.1" 200 11550
180.162.229.95 - - [18/Nov/2022:06:41:09 +0800] "GET /xingrg/all/function/internal_message.html?_=1668724877693&CODE_STATE=getMsg HTTP/1.1" 200 27
116.230.105.139 - - [18/Nov/2022:06:41:11 +0800] "GET /xingrg/check_reg.html?_=1668724868198 HTTP/1.1" 200 22
116.232.35.233 - - [18/Nov/2022:06:41:17 +0800] "POST /xingrg/services/DataTransmitService HTTP/1.1" 200 524
116.238.139.35 - - [18/Nov/2022:06:41:19 +0800] "GET /xingrg/all/function/internal_message.html?_=1668724792591&CODE_STATE=getMsg HTTP/1.1" 200 27
120.253.135.82 - - [18/Nov/2022:06:41:19 +0800] "POST /xingrg/kc/pszx/mdps_list_operate.html HTTP/1.1" 200 3917
116.230.105.139 - - [18/Nov/2022:06:41:57 +0800] "GET /xingrg/all/function/internal_message.html?_=1668724914365&CODE_STATE=getMsg HTTP/1.1" 200 27
218.81.217.29 - - [18/Nov/2022:06:42:01 +0800] "GET /xingrg/all/function/internal_message.html?_=1668724939455&CODE_STATE=getMsg HTTP/1.1" 200 27
120.253.135.82 - - [18/Nov/2022:06:42:02 +0800] "GET /xingrg/all/function/internal_message.html?_=1668724722648&CODE_STATE=getMsg HTTP/1.1" 200 27
116.238.139.35 - - [18/Nov/2022:06:42:06 +0800] "GET /xingrg/check_reg.html?_=1668724839542 HTTP/1.1" 200 22
180.162.229.95 - - [18/Nov/2022:06:42:09 +0800] "GET /xingrg/all/function/internal_message.html?_=1668724937694&CODE_STATE=getMsg HTTP/1.1" 200 27
180.162.229.95 - - [18/Nov/2022:06:42:18 +0800] "GET /xingrg/check_reg.html?_=1668724937696 HTTP/1.1" 200 22
116.238.139.35 - - [18/Nov/2022:06:42:19 +0800] "GET /xingrg/all/function/internal_message.html?_=1668724852599&CODE_STATE=getMsg HTTP/1.1" 200 27
116.230.105.139 - - [18/Nov/2022:06:42:57 +0800] "GET /xingrg/all/function/internal_message.html?_=1668724974355&CODE_STATE=getMsg HTTP/1.1" 200 27
218.81.217.29 - - [18/Nov/2022:06:43:01 +0800] "GET /xingrg/all/function/internal_message.html?_=1668724999470&CODE_STATE=getMsg HTTP/1.1" 200 27
120.253.135.82 - - [18/Nov/2022:06:43:02 +0800] "GET /xingrg/all/function/internal_message.html?_=1668724782652&CODE_STATE=getMsg HTTP/1.1" 200 27
180.162.229.95 - - [18/Nov/2022:06:43:09 +0800] "GET /xingrg/all/function/internal_message.html?_=1668724997694&CODE_STATE=getMsg HTTP/1.1" 200 27
116.238.139.35 - - [18/Nov/2022:06:43:19 +0800] "GET /xingrg/all/function/internal_message.html?_=1668724912614&CODE_STATE=getMsg HTTP/1.1" 200 27
116.230.105.139 - - [18/Nov/2022:06:43:57 +0800] "GET /xingrg/all/function/internal_message.html?_=1668725034335&CODE_STATE=getMsg HTTP/1.1" 200 27
218.81.217.29 - - [18/Nov/2022:06:44:01 +0800] "GET /xingrg/all/function/internal_message.html?_=1668725059631&CODE_STATE=getMsg HTTP/1.1" 200 27
120.253.135.82 - - [18/Nov/2022:06:44:02 +0800] "GET /xingrg/all/function/internal_message.html?_=1668724842831&CODE_STATE=getMsg HTTP/1.1" 200 27
180.162.229.95 - - [18/Nov/2022:06:44:09 +0800] "GET /xingrg/all/function/internal_message.html?_=1668725057709&CODE_STATE=getMsg HTTP/1.1" 200 27
116.238.139.35 - - [18/Nov/2022:06:44:19 +0800] "GET /xingrg/all/function/internal_message.html?_=1668724972633&CODE_STATE=getMsg HTTP/1.1" 200 27
116.230.105.139 - - [18/Nov/2022:06:44:57 +0800] "GET /xingrg/all/function/internal_message.html?_=1668725094330&CODE_STATE=getMsg HTTP/1.1" 200 27
218.81.217.29 - - [18/Nov/2022:06:45:01 +0800] "GET /xingrg/all/function/internal_message.html?_=1668725119637&CODE_STATE=getMsg HTTP/1.1" 200 27
120.253.135.82 - - [18/Nov/2022:06:45:02 +0800] "GET /xingrg/all/function/internal_message.html?_=1668724902834&CODE_STATE=getMsg HTTP/1.1" 200 27
180.162.229.95 - - [18/Nov/2022:06:45:09 +0800] "GET /xingrg/all/function/internal_message.html?_=1668725117713&CODE_STATE=getMsg HTTP/1.1" 200 27
116.238.139.35 - - [18/Nov/2022:06:45:19 +0800] "GET /xingrg/all/function/internal_message.html?_=1668725032640&CODE_STATE=getMsg HTTP/1.1" 200 27
58.221.95.50 - - [18/Nov/2022:06:45:36 +0800] "GET /xingrg/check_reg.html?_=1668725121323 HTTP/1.1" 302 -
116.230.105.139 - - [18/Nov/2022:06:45:57 +0800] "GET /xingrg/all/function/internal_message.html?_=1668725154310&CODE_STATE=getMsg HTTP/1.1" 200 27
120.253.135.82 - - [18/Nov/2022:06:45:58 +0800] "GET /xingrg/check_reg.html?_=1668724959237 HTTP/1.1" 200 22
218.81.217.29 - - [18/Nov/2022:06:46:00 +0800] "GET /xingrg/check_reg.html?_=1668725178544 HTTP/1.1" 200 22
218.81.217.29 - - [18/Nov/2022:06:46:01 +0800] "GET /xingrg/all/function/internal_message.html?_=1668725179651&CODE_STATE=getMsg HTTP/1.1" 200 27
120.253.135.82 - - [18/Nov/2022:06:46:02 +0800] "GET /xingrg/all/function/internal_message.html?_=1668724962848&CODE_STATE=getMsg HTTP/1.1" 200 27
180.162.229.95 - - [18/Nov/2022:06:46:09 +0800] "GET /xingrg/all/function/internal_message.html?_=1668725177712&CODE_STATE=getMsg HTTP/1.1" 200 27
116.230.105.139 - - [18/Nov/2022:06:46:11 +0800] "GET /xingrg/check_reg.html?_=1668725168200 HTTP/1.1" 200 22
116.238.139.35 - - [18/Nov/2022:06:46:19 +0800] "GET /xingrg/all/function/internal_message.html?_=1668725092660&CODE_STATE=getMsg HTTP/1.1" 200 27
120.253.135.82 - - [18/Nov/2022:06:46:53 +0800] "POST /xingrg/kc/pszx/mdps_list_operate.html HTTP/1.1" 200 621
120.253.135.82 - - [18/Nov/2022:06:46:54 +0800] "GET /xingrg/kc/pszx/mdps_order_info.html?code=312022111800377 HTTP/1.1" 200 23978
120.253.135.82 - - [18/Nov/2022:06:46:55 +0800] "GET /xingrg/javascript/easyui/themes/default/validatebox.css HTTP/1.1" 404 1104
120.253.135.82 - - [18/Nov/2022:06:46:55 +0800] "POST /xingrg/kc/pszx/mdps_order_operate.html HTTP/1.1" 200 11550
116.230.105.139 - - [18/Nov/2022:06:46:57 +0800] "GET /xingrg/all/function/internal_message.html?_=1668725214297&CODE_STATE=getMsg HTTP/1.1" 200 27
218.81.217.29 - - [18/Nov/2022:06:47:01 +0800] "GET /xingrg/all/function/internal_message.html?_=1668725239664&CODE_STATE=getMsg HTTP/1.1" 200 27
120.253.135.82 - - [18/Nov/2022:06:47:02 +0800] "GET /xingrg/all/function/internal_message.html?_=1668725022862&CODE_STATE=getMsg HTTP/1.1" 200 27
116.238.139.35 - - [18/Nov/2022:06:47:06 +0800] "GET /xingrg/check_reg.html?_=1668725139547 HTTP/1.1" 200 22
180.162.229.95 - - [18/Nov/2022:06:47:09 +0800] "GET /xingrg/check_reg.html?_=1668725237710 HTTP/1.1" 200 22
180.162.229.95 - - [18/Nov/2022:06:47:09 +0800] "GET /xingrg/all/function/internal_message.html?_=1668725237719&CODE_STATE=getMsg HTTP/1.1" 200 27
120.253.135.82 - - [18/Nov/2022:06:47:18 +0800] "POST /xingrg/kc/pszx/mdps_list_operate.html HTTP/1.1" 200 3917
116.238.139.35 - - [18/Nov/2022:06:47:19 +0800] "GET /xingrg/all/function/internal_message.html?_=1668725152667&CODE_STATE=getMsg HTTP/1.1" 200 27
120.253.135.82 - - [18/Nov/2022:06:47:19 +0800] "POST /xingrg/kc/pszx/mdps_list_operate.html HTTP/1.1" 200 276
120.253.135.82 - - [18/Nov/2022:06:47:20 +0800] "GET /xingrg/kc/pszx/mdps_order_info.html?code=312022111800378 HTTP/1.1" 200 23978
120.253.135.82 - - [18/Nov/2022:06:47:20 +0800] "GET /xingrg/javascript/easyui/themes/default/validatebox.css HTTP/1.1" 404 1104
120.253.135.82 - - [18/Nov/2022:06:47:20 +0800] "POST /xingrg/kc/pszx/mdps_order_operate.html HTTP/1.1" 200 2771
120.253.135.82 - - [18/Nov/2022:06:47:24 +0800] "POST /xingrg/kc/pszx/mdps_list_operate.html HTTP/1.1" 200 3917
120.253.135.82 - - [18/Nov/2022:06:47:25 +0800] "POST /xingrg/kc/pszx/mdps_list_operate.html HTTP/1.1" 200 198
120.253.135.82 - - [18/Nov/2022:06:47:27 +0800] "GET /xingrg/kc/pszx/mdps_order_info.html?code=312022111800379 HTTP/1.1" 200 23978
120.253.135.82 - - [18/Nov/2022:06:47:28 +0800] "GET /xingrg/javascript/easyui/themes/default/validatebox.css HTTP/1.1" 404 1104
120.253.135.82 - - [18/Nov/2022:06:47:28 +0800] "POST /xingrg/kc/pszx/mdps_order_operate.html HTTP/1.1" 200 2271
120.253.135.82 - - [18/Nov/2022:06:47:31 +0800] "POST /xingrg/kc/pszx/mdps_list_operate.html HTTP/1.1" 200 3917
120.253.135.82 - - [18/Nov/2022:06:47:32 +0800] "POST /xingrg/kc/pszx/mdps_list_operate.html HTTP/1.1" 200 356
120.253.135.82 - - [18/Nov/2022:06:47:33 +0800] "GET /xingrg/kc/pszx/mdps_order_info.html?code=312022111800380 HTTP/1.1" 200 23978
120.253.135.82 - - [18/Nov/2022:06:47:34 +0800] "GET /xingrg/javascript/easyui/themes/default/validatebox.css HTTP/1.1" 404 1104
120.253.135.82 - - [18/Nov/2022:06:47:34 +0800] "POST /xingrg/kc/pszx/mdps_order_operate.html HTTP/1.1" 200 3268
120.253.135.82 - - [18/Nov/2022:06:47:36 +0800] "POST /xingrg/kc/pszx/mdps_list_operate.html HTTP/1.1" 200 3917
120.253.135.82 - - [18/Nov/2022:06:47:38 +0800] "POST /xingrg/kc/pszx/mdps_list_operate.html HTTP/1.1" 200 356
120.253.135.82 - - [18/Nov/2022:06:47:40 +0800] "POST /xingrg/kc/pszx/mdps_list_operate.html HTTP/1.1" 200 613
120.253.135.82 - - [18/Nov/2022:06:47:44 +0800] "GET /xingrg/kc/pszx/mdps_order_info.html?code=312022111800381 HTTP/1.1" 200 23978
120.253.135.82 - - [18/Nov/2022:06:47:44 +0800] "GET /xingrg/javascript/easyui/themes/default/validatebox.css HTTP/1.1" 404 1104
120.253.135.82 - - [18/Nov/2022:06:47:44 +0800] "POST /xingrg/kc/pszx/mdps_order_operate.html HTTP/1.1" 200 4789
116.230.105.139 - - [18/Nov/2022:06:47:57 +0800] "GET /xingrg/all/function/internal_message.html?_=1668725274268&CODE_STATE=getMsg HTTP/1.1" 200 27
218.81.217.29 - - [18/Nov/2022:06:48:01 +0800] "GET /xingrg/all/function/internal_message.html?_=1668725299679&CODE_STATE=getMsg HTTP/1.1" 200 27
120.253.135.82 - - [18/Nov/2022:06:48:02 +0800] "GET /xingrg/all/function/internal_message.html?_=1668725082876&CODE_STATE=getMsg HTTP/1.1" 200 27
180.162.229.95 - - [18/Nov/2022:06:48:09 +0800] "GET /xingrg/all/function/internal_message.html?_=1668725297703&CODE_STATE=getMsg HTTP/1.1" 200 27
120.253.135.82 - - [18/Nov/2022:06:48:10 +0800] "GET /xingrg/kc/pszx/mdps_order_operate.html?command=get_materiel&pszx_code=00101&rest_code=00147&base_code=0010246&code=00101016050 HTTP/1.1" 200 464
120.253.135.82 - - [18/Nov/2022:06:48:12 +0800] "POST /xingrg/all/common/load_select.html HTTP/1.1" 200 25
120.253.135.82 - - [18/Nov/2022:06:48:15 +0800] "GET /xingrg/kc/pszx/mdps_order_operate.html?command=get_materiel_price&pszx_code=00101&rest_code=00147&base_code=0010246&code=00101016050&unit_code=00100088&order_time=2022-11-19 HTTP/1.1" 200 34
116.238.139.35 - - [18/Nov/2022:06:48:19 +0800] "GET /xingrg/all/function/internal_message.html?_=1668725212681&CODE_STATE=getMsg HTTP/1.1" 200 27
120.253.135.82 - - [18/Nov/2022:06:48:25 +0800] "POST /xingrg/kc/pszx/mdps_order_operate.html HTTP/1.1" 200 37
120.253.135.82 - - [18/Nov/2022:06:48:26 +0800] "GET /xingrg/kc/pszx/mdps_order_info.html?code=312022111800381 HTTP/1.1" 200 23978
120.253.135.82 - - [18/Nov/2022:06:48:26 +0800] "GET /xingrg/javascript/easyui/themes/default/validatebox.css HTTP/1.1" 404 1104
120.253.135.82 - - [18/Nov/2022:06:48:26 +0800] "POST /xingrg/kc/pszx/mdps_order_operate.html HTTP/1.1" 200 4806
120.253.135.82 - - [18/Nov/2022:06:48:29 +0800] "POST /xingrg/kc/pszx/mdps_list_operate.html HTTP/1.1" 200 3917
120.253.135.82 - - [18/Nov/2022:06:48:31 +0800] "POST /xingrg/kc/pszx/mdps_list_operate.html HTTP/1.1" 200 635
120.253.135.82 - - [18/Nov/2022:06:48:36 +0800] "GET /xingrg/kc/pszx/mdps_order_info.html?code=312022111800382 HTTP/1.1" 200 23978
120.253.135.82 - - [18/Nov/2022:06:48:36 +0800] "POST /xingrg/kc/pszx/mdps_order_operate.html HTTP/1.1" 200 5330
120.253.135.82 - - [18/Nov/2022:06:48:36 +0800] "GET /xingrg/javascript/easyui/themes/default/validatebox.css HTTP/1.1" 404 1104
120.253.135.82 - - [18/Nov/2022:06:48:42 +0800] "POST /xingrg/kc/pszx/mdps_list_operate.html HTTP/1.1" 200 3917
114.95.46.117 - - [18/Nov/2022:06:48:53 +0800] "POST /xingrg/services/DataTransmitService HTTP/1.1" 200 524
116.230.105.139 - - [18/Nov/2022:06:48:57 +0800] "GET /xingrg/all/function/internal_message.html?_=1668725334262&CODE_STATE=getMsg HTTP/1.1" 200 27
218.81.217.29 - - [18/Nov/2022:06:49:01 +0800] "GET /xingrg/all/function/internal_message.html?_=1668725359836&CODE_STATE=getMsg HTTP/1.1" 200 27
120.253.135.82 - - [18/Nov/2022:06:49:02 +0800] "GET /xingrg/all/function/internal_message.html?_=1668725143062&CODE_STATE=getMsg HTTP/1.1" 200 27
180.162.229.95 - - [18/Nov/2022:06:49:09 +0800] "GET /xingrg/all/function/internal_message.html?_=1668725357702&CODE_STATE=getMsg HTTP/1.1" 200 27
116.238.139.35 - - [18/Nov/2022:06:49:19 +0800] "GET /xingrg/all/function/internal_message.html?_=1668725272702&CODE_STATE=getMsg HTTP/1.1" 200 27
116.230.105.139 - - [18/Nov/2022:06:49:57 +0800] "GET /xingrg/all/function/internal_message.html?_=1668725394234&CODE_STATE=getMsg HTTP/1.1" 200 27
218.81.217.29 - - [18/Nov/2022:06:50:01 +0800] "GET /xingrg/all/function/internal_message.html?_=1668725419845&CODE_STATE=getMsg HTTP/1.1" 200 27
120.253.135.82 - - [18/Nov/2022:06:50:02 +0800] "GET /xingrg/all/function/internal_message.html?_=1668725203074&CODE_STATE=getMsg HTTP/1.1" 200 27
180.162.229.95 - - [18/Nov/2022:06:50:09 +0800] "GET /xingrg/all/function/internal_message.html?_=1668725417700&CODE_STATE=getMsg HTTP/1.1" 200 27
116.238.139.35 - - [18/Nov/2022:06:50:19 +0800] "GET /xingrg/all/function/internal_message.html?_=1668725332708&CODE_STATE=getMsg HTTP/1.1" 200 27
58.221.95.50 - - [18/Nov/2022:06:50:36 +0800] "GET /xingrg/check_reg.html?_=1668725421391 HTTP/1.1" 302 -
116.230.105.139 - - [18/Nov/2022:06:50:57 +0800] "GET /xingrg/all/function/internal_message.html?_=1668725454215&CODE_STATE=getMsg HTTP/1.1" 200 27
120.253.135.82 - - [18/Nov/2022:06:50:58 +0800] "GET /xingrg/check_reg.html?_=1668725259391 HTTP/1.1" 200 22
218.81.217.29 - - [18/Nov/2022:06:51:00 +0800] "GET /xingrg/check_reg.html?_=1668725478691 HTTP/1.1" 200 22
218.81.217.29 - - [18/Nov/2022:06:51:01 +0800] "GET /xingrg/all/function/internal_message.html?_=1668725479859&CODE_STATE=getMsg HTTP/1.1" 200 27
120.253.135.82 - - [18/Nov/2022:06:51:02 +0800] "GET /xingrg/all/function/internal_message.html?_=1668725263088&CODE_STATE=getMsg HTTP/1.1" 200 27
180.162.229.95 - - [18/Nov/2022:06:51:09 +0800] "GET /xingrg/all/function/internal_message.html?_=1668725477708&CODE_STATE=getMsg HTTP/1.1" 200 27
116.230.105.139 - - [18/Nov/2022:06:51:11 +0800] "GET /xingrg/check_reg.html?_=1668725468189 HTTP/1.1" 200 22
116.238.139.35 - - [18/Nov/2022:06:51:19 +0800] "GET /xingrg/all/function/internal_message.html?_=1668725392727&CODE_STATE=getMsg HTTP/1.1" 200 27
116.230.105.139 - - [18/Nov/2022:06:51:57 +0800] "GET /xingrg/all/function/internal_message.html?_=1668725514194&CODE_STATE=getMsg HTTP/1.1" 200 27
218.81.217.29 - - [18/Nov/2022:06:52:01 +0800] "GET /xingrg/all/function/internal_message.html?_=1668725539872&CODE_STATE=getMsg HTTP/1.1" 200 27
120.253.135.82 - - [18/Nov/2022:06:52:02 +0800] "GET /xingrg/all/function/internal_message.html?_=1668725323101&CODE_STATE=getMsg HTTP/1.1" 200 27
116.238.139.35 - - [18/Nov/2022:06:52:06 +0800] "GET /xingrg/check_reg.html?_=1668725439557 HTTP/1.1" 200 22
180.162.229.95 - - [18/Nov/2022:06:52:10 +0800] "GET /xingrg/check_reg.html?_=1668725537726 HTTP/1.1" 200 22
180.162.229.95 - - [18/Nov/2022:06:52:10 +0800] "GET /xingrg/all/function/internal_message.html?_=1668725537724&CODE_STATE=getMsg HTTP/1.1" 200 27
116.238.139.35 - - [18/Nov/2022:06:52:19 +0800] "GET /xingrg/all/function/internal_message.html?_=1668725452735&CODE_STATE=getMsg HTTP/1.1" 200 27
116.230.105.139 - - [18/Nov/2022:06:52:57 +0800] "GET /xingrg/all/function/internal_message.html?_=1668725574175&CODE_STATE=getMsg HTTP/1.1" 200 27
218.81.217.29 - - [18/Nov/2022:06:53:01 +0800] "GET /xingrg/all/function/internal_message.html?_=1668725599886&CODE_STATE=getMsg HTTP/1.1" 200 27
120.253.135.82 - - [18/Nov/2022:06:53:02 +0800] "GET /xingrg/all/function/internal_message.html?_=1668725383291&CODE_STATE=getMsg HTTP/1.1" 200 27
180.162.229.95 - - [18/Nov/2022:06:53:09 +0800] "GET /xingrg/all/function/internal_message.html?_=1668725597711&CODE_STATE=getMsg HTTP/1.1" 200 27
116.238.139.35 - - [18/Nov/2022:06:53:19 +0800] "GET /xingrg/all/function/internal_message.html?_=1668725512749&CODE_STATE=getMsg HTTP/1.1" 200 27
120.253.135.82 - - [18/Nov/2022:06:53:44 +0800] "POST /xingrg/kc/pszx/mdps_list_operate.html HTTP/1.1" 200 2436
120.253.135.82 - - [18/Nov/2022:06:53:46 +0800] "POST /xingrg/kc/pszx/mdps_list_operate.html HTTP/1.1" 200 202
120.253.135.82 - - [18/Nov/2022:06:53:48 +0800] "POST /xingrg/kc/pszx/mdps_list_operate.html HTTP/1.1" 200 598
120.253.135.82 - - [18/Nov/2022:06:53:51 +0800] "POST /xingrg/kc/pszx/mdps_list_operate.html HTTP/1.1" 200 604
120.253.135.82 - - [18/Nov/2022:06:53:52 +0800] "GET /xingrg/kc/pszx/mdps_order_info.html?code=312022111800373 HTTP/1.1" 200 23978
120.253.135.82 - - [18/Nov/2022:06:53:52 +0800] "GET /xingrg/javascript/easyui/themes/default/validatebox.css HTTP/1.1" 404 1104
120.253.135.82 - - [18/Nov/2022:06:53:52 +0800] "POST /xingrg/kc/pszx/mdps_order_operate.html HTTP/1.1" 200 9925
116.230.105.139 - - [18/Nov/2022:06:53:57 +0800] "GET /xingrg/all/function/internal_message.html?_=1668725634161&CODE_STATE=getMsg HTTP/1.1" 200 27
218.81.217.29 - - [18/Nov/2022:06:54:02 +0800] "GET /xingrg/all/function/internal_message.html?_=1668725660055&CODE_STATE=getMsg HTTP/1.1" 200 27
120.253.135.82 - - [18/Nov/2022:06:54:02 +0800] "GET /xingrg/all/function/internal_message.html?_=1668725443300&CODE_STATE=getMsg HTTP/1.1" 200 27
180.162.229.95 - - [18/Nov/2022:06:54:09 +0800] "GET /xingrg/all/function/internal_message.html?_=1668725657726&CODE_STATE=getMsg HTTP/1.1" 200 27
116.238.139.35 - - [18/Nov/2022:06:54:19 +0800] "GET /xingrg/all/function/internal_message.html?_=1668725572770&CODE_STATE=getMsg HTTP/1.1" 200 27
120.253.135.82 - - [18/Nov/2022:06:54:25 +0800] "POST /xingrg/kc/pszx/mdps_list_operate.html HTTP/1.1" 200 2436
120.253.135.82 - - [18/Nov/2022:06:54:26 +0800] "GET /xingrg/kc/report/report_main.html HTTP/1.1" 200 8599
120.253.135.82 - - [18/Nov/2022:06:54:26 +0800] "GET /xingrg/javascript/jquery_ui/themes/humanity/humanity.css HTTP/1.1" 304 -
120.253.135.82 - - [18/Nov/2022:06:54:27 +0800] "GET /xingrg/kc/base/kc_stocks.html HTTP/1.1" 200 16506
120.253.135.82 - - [18/Nov/2022:06:54:27 +0800] "GET /xingrg/javascript/easyui/themes/sunny/easyui.css HTTP/1.1" 304 -
120.253.135.82 - - [18/Nov/2022:06:54:27 +0800] "GET /xingrg/javascript/easyui/themes/icons/print_new.png HTTP/1.1" 304 -
120.253.135.82 - - [18/Nov/2022:06:54:27 +0800] "GET /xingrg/javascript/easyui/themes/icons/refresh_new.png HTTP/1.1" 304 -
120.253.135.82 - - [18/Nov/2022:06:54:27 +0800] "GET /xingrg/javascript/easyui/themes/icons/filter_new.png HTTP/1.1" 304 -
120.253.135.82 - - [18/Nov/2022:06:54:27 +0800] "GET /xingrg/javascript/easyui/plugins/jquery.draggable.js HTTP/1.1" 304 -
120.253.135.82 - - [18/Nov/2022:06:54:27 +0800] "GET /xingrg/javascript/easyui/plugins/jquery.droppable.js HTTP/1.1" 304 -
120.253.135.82 - - [18/Nov/2022:06:54:27 +0800] "GET /xingrg/javascript/easyui/themes/default/tree.css HTTP/1.1" 404 1090
120.253.135.82 - - [18/Nov/2022:06:54:27 +0800] "GET /xingrg/javascript/easyui/plugins/jquery.tree.js HTTP/1.1" 304 -
120.253.135.82 - - [18/Nov/2022:06:54:28 +0800] "POST /xingrg/all/common/load_tree.html?tree=materiel_sort_tree_json HTTP/1.1" 200 9500
120.253.135.82 - - [18/Nov/2022:06:54:28 +0800] "GET /xingrg/javascript/easyui/themes/sunny/images/tree_arrows.gif HTTP/1.1" 304 -
120.253.135.82 - - [18/Nov/2022:06:54:28 +0800] "GET /xingrg/javascript/easyui/themes/sunny/images/tree_folder.gif HTTP/1.1" 304 -
120.253.135.82 - - [18/Nov/2022:06:54:28 +0800] "GET /xingrg/javascript/easyui/themes/sunny/images/tree_folder_open.gif HTTP/1.1" 304 -
120.253.135.82 - - [18/Nov/2022:06:54:28 +0800] "GET /xingrg/javascript/easyui/themes/sunny/images/tree_file.gif HTTP/1.1" 304 -
120.253.135.82 - - [18/Nov/2022:06:54:29 +0800] "POST /xingrg/all/common/load_combo.html?type=base HTTP/1.1" 200 1169
120.253.135.82 - - [18/Nov/2022:06:54:36 +0800] "POST /xingrg/kc/base/stock_operate.html HTTP/1.1" 200 1731
120.253.135.82 - - [18/Nov/2022:06:54:36 +0800] "GET /xingrg/javascript/jquery_tools/fix_table.js HTTP/1.1" 304 -
116.230.105.139 - - [18/Nov/2022:06:54:57 +0800] "GET /xingrg/all/function/internal_message.html?_=1668725694133&CODE_STATE=getMsg HTTP/1.1" 200 27
218.81.217.29 - - [18/Nov/2022:06:55:02 +0800] "GET /xingrg/all/function/internal_message.html?_=1668725720068&CODE_STATE=getMsg HTTP/1.1" 200 27
120.253.135.82 - - [18/Nov/2022:06:55:02 +0800] "GET /xingrg/all/function/internal_message.html?_=1668725503313&CODE_STATE=getMsg HTTP/1.1" 200 27
180.162.229.95 - - [18/Nov/2022:06:55:09 +0800] "GET /xingrg/all/function/internal_message.html?_=1668725717726&CODE_STATE=getMsg HTTP/1.1" 200 27
116.238.139.35 - - [18/Nov/2022:06:55:19 +0800] "GET /xingrg/all/function/internal_message.html?_=1668725632776&CODE_STATE=getMsg HTTP/1.1" 200 27
120.253.135.82 - - [18/Nov/2022:06:55:34 +0800] "POST /xingrg/kc/base/stock_operate.html HTTP/1.1" 200 1485
58.221.95.50 - - [18/Nov/2022:06:55:36 +0800] "GET /xingrg/check_reg.html?_=1668725721467 HTTP/1.1" 302 -
120.253.135.82 - - [18/Nov/2022:06:55:51 +0800] "POST /xingrg/kc/base/stock_operate.html HTTP/1.1" 200 1469
116.230.105.139 - - [18/Nov/2022:06:55:57 +0800] "GET /xingrg/all/function/internal_message.html?_=1668725754129&CODE_STATE=getMsg HTTP/1.1" 200 27
120.253.135.82 - - [18/Nov/2022:06:55:58 +0800] "GET /xingrg/check_reg.html?_=1668725559395 HTTP/1.1" 200 22
218.81.217.29 - - [18/Nov/2022:06:56:00 +0800] "GET /xingrg/check_reg.html?_=1668725778842 HTTP/1.1" 200 22
218.81.217.29 - - [18/Nov/2022:06:56:02 +0800] "GET /xingrg/all/function/internal_message.html?_=1668725780083&CODE_STATE=getMsg HTTP/1.1" 200 27
120.253.135.82 - - [18/Nov/2022:06:56:02 +0800] "GET /xingrg/all/function/internal_message.html?_=1668725563327&CODE_STATE=getMsg HTTP/1.1" 200 27
180.162.229.95 - - [18/Nov/2022:06:56:09 +0800] "GET /xingrg/all/function/internal_message.html?_=1668725777726&CODE_STATE=getMsg HTTP/1.1" 200 27
116.230.105.139 - - [18/Nov/2022:06:56:11 +0800] "GET /xingrg/check_reg.html?_=1668725768181 HTTP/1.1" 200 22
116.238.139.35 - - [18/Nov/2022:06:56:19 +0800] "GET /xingrg/all/function/internal_message.html?_=1668725692794&CODE_STATE=getMsg HTTP/1.1" 200 27
124.78.157.251 - - [18/Nov/2022:06:56:48 +0800] "POST /xingrg/services/DataTransmitService HTTP/1.1" 200 524
116.230.105.139 - - [18/Nov/2022:06:56:57 +0800] "GET /xingrg/all/function/internal_message.html?_=1668725814109&CODE_STATE=getMsg HTTP/1.1" 200 27
218.81.217.29 - - [18/Nov/2022:06:57:02 +0800] "GET /xingrg/all/function/internal_message.html?_=1668725840096&CODE_STATE=getMsg HTTP/1.1" 200 27
120.253.135.82 - - [18/Nov/2022:06:57:02 +0800] "GET /xingrg/all/function/internal_message.html?_=1668725623341&CODE_STATE=getMsg HTTP/1.1" 200 27
116.238.139.35 - - [18/Nov/2022:06:57:06 +0800] "GET /xingrg/check_reg.html?_=1668725739558 HTTP/1.1" 200 22
180.162.229.95 - - [18/Nov/2022:06:57:09 +0800] "GET /xingrg/all/function/internal_message.html?_=1668725837724&CODE_STATE=getMsg HTTP/1.1" 200 27
180.162.229.95 - - [18/Nov/2022:06:57:09 +0800] "GET /xingrg/check_reg.html?_=1668725837726 HTTP/1.1" 200 22
116.238.139.35 - - [18/Nov/2022:06:57:19 +0800] "GET /xingrg/all/function/internal_message.html?_=1668725752803&CODE_STATE=getMsg HTTP/1.1" 200 27
116.238.139.35 - - [18/Nov/2022:06:57:43 +0800] "POST /xingrg/services/DataTransmitService HTTP/1.1" 200 524
116.230.105.139 - - [18/Nov/2022:06:57:57 +0800] "GET /xingrg/all/function/internal_message.html?_=1668725874084&CODE_STATE=getMsg HTTP/1.1" 200 27
218.81.217.29 - - [18/Nov/2022:06:58:02 +0800] "GET /xingrg/all/function/internal_message.html?_=1668725900111&CODE_STATE=getMsg HTTP/1.1" 200 27
120.253.135.82 - - [18/Nov/2022:06:58:03 +0800] "GET /xingrg/all/function/internal_message.html?_=1668725683512&CODE_STATE=getMsg HTTP/1.1" 200 27
180.162.229.95 - - [18/Nov/2022:06:58:09 +0800] "GET /xingrg/all/function/internal_message.html?_=1668725897724&CODE_STATE=getMsg HTTP/1.1" 200 27
116.238.139.35 - - [18/Nov/2022:06:58:19 +0800] "GET /xingrg/all/function/internal_message.html?_=1668725812816&CODE_STATE=getMsg HTTP/1.1" 200 27
116.230.105.139 - - [18/Nov/2022:06:58:57 +0800] "GET /xingrg/all/function/internal_message.html?_=1668725934074&CODE_STATE=getMsg HTTP/1.1" 200 27
218.81.217.29 - - [18/Nov/2022:06:59:02 +0800] "GET /xingrg/all/function/internal_message.html?_=1668725960249&CODE_STATE=getMsg HTTP/1.1" 200 27
120.253.135.82 - - [18/Nov/2022:06:59:03 +0800] "GET /xingrg/all/function/internal_message.html?_=1668725743524&CODE_STATE=getMsg HTTP/1.1" 200 27
180.162.229.95 - - [18/Nov/2022:06:59:09 +0800] "GET /xingrg/all/function/internal_message.html?_=1668725957724&CODE_STATE=getMsg HTTP/1.1" 200 27
116.238.139.35 - - [18/Nov/2022:06:59:19 +0800] "GET /xingrg/all/function/internal_message.html?_=1668725872836&CODE_STATE=getMsg HTTP/1.1" 200 27
116.230.105.139 - - [18/Nov/2022:06:59:57 +0800] "GET /xingrg/all/function/internal_message.html?_=1668725994057&CODE_STATE=getMsg HTTP/1.1" 200 27
120.253.135.82 - - [18/Nov/2022:07:00:03 +0800] "GET /xingrg/all/function/internal_message.html?_=1668725803721&CODE_STATE=getMsg HTTP/1.1" 200 27
180.162.229.95 - - [18/Nov/2022:07:00:09 +0800] "GET /xingrg/all/function/internal_message.html?_=1668726017729&CODE_STATE=getMsg HTTP/1.1" 200 27
116.238.139.35 - - [18/Nov/2022:07:00:19 +0800] "GET /xingrg/all/function/internal_message.html?_=1668725932844&CODE_STATE=getMsg HTTP/1.1" 200 27
58.221.95.50 - - [18/Nov/2022:07:00:36 +0800] "GET /xingrg/check_reg.html?_=1668726021527 HTTP/1.1" 302 -
124.77.245.131 - - [18/Nov/2022:07:00:42 +0800] "GET /xingrg/all/function/internal_message.html?_=1668726020262&CODE_STATE=getMsg HTTP/1.1" 200 27
116.230.105.139 - - [18/Nov/2022:07:00:57 +0800] "GET /xingrg/all/function/internal_message.html?_=1668726054036&CODE_STATE=getMsg HTTP/1.1" 200 27
120.253.135.82 - - [18/Nov/2022:07:00:58 +0800] "GET /xingrg/check_reg.html?_=1668725859404 HTTP/1.1" 200 22
124.77.245.131 - - [18/Nov/2022:07:01:01 +0800] "GET /xingrg/check_reg.html?_=1668726078985 HTTP/1.1" 200 22
124.77.245.131 - - [18/Nov/2022:07:01:02 +0800] "GET /xingrg/all/function/internal_message.html?_=1668726080276&CODE_STATE=getMsg HTTP/1.1" 200 27
120.253.135.82 - - [18/Nov/2022:07:01:03 +0800] "GET /xingrg/all/function/internal_message.html?_=1668725863723&CODE_STATE=getMsg HTTP/1.1" 200 27
180.162.229.95 - - [18/Nov/2022:07:01:09 +0800] "GET /xingrg/all/function/internal_message.html?_=1668726077729&CODE_STATE=getMsg HTTP/1.1" 200 27
116.230.105.139 - - [18/Nov/2022:07:01:11 +0800] "GET /xingrg/check_reg.html?_=1668726068188 HTTP/1.1" 200 22
116.238.139.35 - - [18/Nov/2022:07:01:19 +0800] "GET /xingrg/all/function/internal_message.html?_=1668725992862&CODE_STATE=getMsg HTTP/1.1" 200 27
116.230.105.139 - - [18/Nov/2022:07:01:57 +0800] "GET /xingrg/all/function/internal_message.html?_=1668726114032&CODE_STATE=getMsg HTTP/1.1" 200 27
124.77.245.131 - - [18/Nov/2022:07:02:02 +0800] "GET /xingrg/all/function/internal_message.html?_=1668726140289&CODE_STATE=getMsg HTTP/1.1" 200 27
120.253.135.82 - - [18/Nov/2022:07:02:03 +0800] "GET /xingrg/all/function/internal_message.html?_=1668725923736&CODE_STATE=getMsg HTTP/1.1" 200 27
116.238.139.35 - - [18/Nov/2022:07:02:06 +0800] "GET /xingrg/check_reg.html?_=1668726039564 HTTP/1.1" 200 22
180.162.229.95 - - [18/Nov/2022:07:02:09 +0800] "GET /xingrg/all/function/internal_message.html?_=1668726137730&CODE_STATE=getMsg HTTP/1.1" 200 27
180.162.229.95 - - [18/Nov/2022:07:02:09 +0800] "GET /xingrg/check_reg.html?_=1668726137732 HTTP/1.1" 200 22
116.238.139.35 - - [18/Nov/2022:07:02:19 +0800] "GET /xingrg/all/function/internal_message.html?_=1668726052872&CODE_STATE=getMsg HTTP/1.1" 200 27
116.230.105.139 - - [18/Nov/2022:07:02:57 +0800] "GET /xingrg/all/function/internal_message.html?_=1668726174015&CODE_STATE=getMsg HTTP/1.1" 200 27
124.77.245.131 - - [18/Nov/2022:07:03:02 +0800] "GET /xingrg/all/function/internal_message.html?_=1668726200304&CODE_STATE=getMsg HTTP/1.1" 200 27
120.253.135.82 - - [18/Nov/2022:07:03:03 +0800] "GET /xingrg/all/function/internal_message.html?_=1668725983750&CODE_STATE=getMsg HTTP/1.1" 200 27
120.253.135.82 - - [18/Nov/2022:07:03:05 +0800] "POST /xingrg/kc/base/stock_operate.html HTTP/1.1" 200 2022
180.162.229.95 - - [18/Nov/2022:07:03:09 +0800] "GET /xingrg/all/function/internal_message.html?_=1668726197734&CODE_STATE=getMsg HTTP/1.1" 200 27
116.238.139.35 - - [18/Nov/2022:07:03:19 +0800] "GET /xingrg/all/function/internal_message.html?_=1668726112884&CODE_STATE=getMsg HTTP/1.1" 200 27
116.235.93.82 - - [18/Nov/2022:07:03:49 +0800] "POST /xingrg/services/DataTransmitService HTTP/1.1" 200 524
116.230.105.139 - - [18/Nov/2022:07:03:57 +0800] "GET /xingrg/all/function/internal_message.html?_=1668726234004&CODE_STATE=getMsg HTTP/1.1" 200 27
218.81.217.29 - - [18/Nov/2022:07:04:02 +0800] "GET /xingrg/all/function/internal_message.html?_=1668726260465&CODE_STATE=getMsg HTTP/1.1" 200 27
120.253.135.82 - - [18/Nov/2022:07:04:03 +0800] "GET /xingrg/all/function/internal_message.html?_=1668726043763&CODE_STATE=getMsg HTTP/1.1" 200 27
180.162.229.95 - - [18/Nov/2022:07:04:10 +0800] "GET /xingrg/all/function/internal_message.html?_=1668726257756&CODE_STATE=getMsg HTTP/1.1" 200 27
116.238.139.35 - - [18/Nov/2022:07:04:19 +0800] "GET /xingrg/all/function/internal_message.html?_=1668726172903&CODE_STATE=getMsg HTTP/1.1" 200 27
116.230.105.139 - - [18/Nov/2022:07:04:57 +0800] "GET /xingrg/all/function/internal_message.html?_=1668726293977&CODE_STATE=getMsg HTTP/1.1" 200 27
218.81.217.29 - - [18/Nov/2022:07:05:02 +0800] "GET /xingrg/all/function/internal_message.html?_=1668726320470&CODE_STATE=getMsg HTTP/1.1" 200 27
120.253.135.82 - - [18/Nov/2022:07:05:03 +0800] "GET /xingrg/all/function/internal_message.html?_=1668726103777&CODE_STATE=getMsg HTTP/1.1" 200 27
180.162.229.95 - - [18/Nov/2022:07:05:09 +0800] "GET /xingrg/all/function/internal_message.html?_=1668726317739&CODE_STATE=getMsg HTTP/1.1" 200 27
116.238.139.35 - - [18/Nov/2022:07:05:19 +0800] "GET /xingrg/all/function/internal_message.html?_=1668726232912&CODE_STATE=getMsg HTTP/1.1" 200 27
58.221.95.50 - - [18/Nov/2022:07:05:36 +0800] "GET /xingrg/check_reg.html?_=1668726321618 HTTP/1.1" 302 -
116.230.105.139 - - [18/Nov/2022:07:05:57 +0800] "GET /xingrg/all/function/internal_message.html?_=1668726353949&CODE_STATE=getMsg HTTP/1.1" 200 27
120.253.135.82 - - [18/Nov/2022:07:05:59 +0800] "GET /xingrg/check_reg.html?_=1668726159586 HTTP/1.1" 200 22
218.81.217.29 - - [18/Nov/2022:07:06:01 +0800] "GET /xingrg/check_reg.html?_=1668726379135 HTTP/1.1" 200 22
218.81.217.29 - - [18/Nov/2022:07:06:02 +0800] "GET /xingrg/all/function/internal_message.html?_=1668726380483&CODE_STATE=getMsg HTTP/1.1" 200 27
120.253.135.82 - - [18/Nov/2022:07:06:03 +0800] "GET /xingrg/all/function/internal_message.html?_=1668726163791&CODE_STATE=getMsg HTTP/1.1" 200 27
180.162.229.95 - - [18/Nov/2022:07:06:09 +0800] "GET /xingrg/all/function/internal_message.html?_=1668726377737&CODE_STATE=getMsg HTTP/1.1" 200 27
116.230.105.139 - - [18/Nov/2022:07:06:11 +0800] "GET /xingrg/check_reg.html?_=1668726368199 HTTP/1.1" 200 22
116.238.139.35 - - [18/Nov/2022:07:06:19 +0800] "GET /xingrg/all/function/internal_message.html?_=1668726292932&CODE_STATE=getMsg HTTP/1.1" 200 27
116.230.105.139 - - [18/Nov/2022:07:06:57 +0800] "GET /xingrg/all/function/internal_message.html?_=1668726413947&CODE_STATE=getMsg HTTP/1.1" 200 27
218.81.217.29 - - [18/Nov/2022:07:07:02 +0800] "GET /xingrg/all/function/internal_message.html?_=1668726440497&CODE_STATE=getMsg HTTP/1.1" 200 27
120.253.135.82 - - [18/Nov/2022:07:07:03 +0800] "GET /xingrg/all/function/internal_message.html?_=1668726223804&CODE_STATE=getMsg HTTP/1.1" 200 27
116.238.139.35 - - [18/Nov/2022:07:07:06 +0800] "GET /xingrg/check_reg.html?_=1668726339569 HTTP/1.1" 200 22
180.162.229.95 - - [18/Nov/2022:07:07:09 +0800] "GET /xingrg/check_reg.html?_=1668726437736 HTTP/1.1" 200 22
180.162.229.95 - - [18/Nov/2022:07:07:09 +0800] "GET /xingrg/all/function/internal_message.html?_=1668726437737&CODE_STATE=getMsg HTTP/1.1" 200 27
116.238.139.35 - - [18/Nov/2022:07:07:19 +0800] "GET /xingrg/all/function/internal_message.html?_=1668726352939&CODE_STATE=getMsg HTTP/1.1" 200 27
120.253.135.82 - - [18/Nov/2022:07:07:55 +0800] "POST /xingrg/kc/base/stock_operate.html HTTP/1.1" 200 1489
116.230.105.139 - - [18/Nov/2022:07:07:57 +0800] "GET /xingrg/all/function/internal_message.html?_=1668726473926&CODE_STATE=getMsg HTTP/1.1" 200 27
218.81.217.29 - - [18/Nov/2022:07:08:02 +0800] "GET /xingrg/all/function/internal_message.html?_=1668726500511&CODE_STATE=getMsg HTTP/1.1" 200 27
120.253.135.82 - - [18/Nov/2022:07:08:03 +0800] "GET /xingrg/all/function/internal_message.html?_=1668726283818&CODE_STATE=getMsg HTTP/1.1" 200 27
120.253.135.82 - - [18/Nov/2022:07:08:09 +0800] "POST /xingrg/kc/base/stock_operate.html HTTP/1.1" 200 1754
180.162.229.95 - - [18/Nov/2022:07:08:09 +0800] "GET /xingrg/all/function/internal_message.html?_=1668726497743&CODE_STATE=getMsg HTTP/1.1" 200 27
116.238.139.35 - - [18/Nov/2022:07:08:19 +0800] "GET /xingrg/all/function/internal_message.html?_=1668726412952&CODE_STATE=getMsg HTTP/1.1" 200 27
116.230.105.139 - - [18/Nov/2022:07:08:57 +0800] "GET /xingrg/all/function/internal_message.html?_=1668726533911&CODE_STATE=getMsg HTTP/1.1" 200 27
218.81.217.29 - - [18/Nov/2022:07:08:57 +0800] "POST /xingrg/kc/buy/cgsh_list_operate.html HTTP/1.1" 200 6012
218.81.217.29 - - [18/Nov/2022:07:08:58 +0800] "GET /xingrg/javascript/easyui/themes/icon.css HTTP/1.1" 304 -
218.81.217.29 - - [18/Nov/2022:07:08:58 +0800] "GET /xingrg/javascript/jquery_tools/table.css HTTP/1.1" 304 -
218.81.217.29 - - [18/Nov/2022:07:08:58 +0800] "GET /xingrg/javascript/jquery_tools/fix.css HTTP/1.1" 304 -
218.81.217.29 - - [18/Nov/2022:07:08:58 +0800] "GET /xingrg/javascript/pic_change.js HTTP/1.1" 304 -
218.81.217.29 - - [18/Nov/2022:07:08:58 +0800] "GET /xingrg/css/base.css HTTP/1.1" 304 -
218.81.217.29 - - [18/Nov/2022:07:08:58 +0800] "GET /xingrg/css/site.css HTTP/1.1" 304 -
218.81.217.29 - - [18/Nov/2022:07:08:58 +0800] "GET /xingrg/javascript/jquery_tools/datebox.css HTTP/1.1" 304 -
218.81.217.29 - - [18/Nov/2022:07:08:58 +0800] "GET /xingrg/javascript/easyui/themes/default/easyui.css HTTP/1.1" 304 -
218.81.217.29 - - [18/Nov/2022:07:08:58 +0800] "GET /xingrg/javascript/auto/jquery.autocomplete.css HTTP/1.1" 304 -
218.81.217.29 - - [18/Nov/2022:07:08:58 +0800] "GET /xingrg/javascript/jquery_tools/jquery.tools.min.js HTTP/1.1" 304 -
218.81.217.29 - - [18/Nov/2022:07:08:58 +0800] "GET /xingrg/javascript/jquery_tools/jquery.tools.extend.js HTTP/1.1" 304 -
