218.81.217.29 - - [15/Nov/2022:10:13:02 +0800] "POST /xingrg/services/DataTransmitService HTTP/1.1" 200 2339
218.81.217.29 - - [15/Nov/2022:10:13:03 +0800] "POST /xingrg/services/DataTransmitService HTTP/1.1" 200 1635
218.81.217.29 - - [15/Nov/2022:10:13:03 +0800] "POST /xingrg/services/DataTransmitService HTTP/1.1" 200 197827
116.238.139.35 - - [15/Nov/2022:10:13:04 +0800] "GET /xingrg/all/function/internal_message.html?_=1668478387040&CODE_STATE=getMsg HTTP/1.1" 200 27
116.238.139.35 - - [15/Nov/2022:10:13:04 +0800] "GET /xingrg/check_reg.html?_=1668478387037 HTTP/1.1" 200 22
222.70.183.206 - - [15/Nov/2022:10:13:12 +0800] "GET /xingrg/all/function/internal_message.html?_=1668478395759&CODE_STATE=getMsg HTTP/1.1" 200 27
116.230.105.139 - - [15/Nov/2022:10:13:18 +0800] "GET /xingrg/check_reg.html?_=1668478381959 HTTP/1.1" 200 22
116.230.105.139 - - [15/Nov/2022:10:13:18 +0800] "GET /xingrg/all/function/internal_message.html?_=1668478381961&CODE_STATE=getMsg HTTP/1.1" 200 27
101.83.240.183 - - [15/Nov/2022:10:13:22 +0800] "GET /xingrg/all/function/internal_message.html?_=1668478404604&CODE_STATE=getMsg HTTP/1.1" 200 27
180.162.229.95 - - [15/Nov/2022:10:13:31 +0800] "GET /xingrg/all/function/internal_message.html?_=1668478413279&CODE_STATE=getMsg HTTP/1.1" 200 27
180.162.229.95 - - [15/Nov/2022:10:13:31 +0800] "GET /xingrg/check_reg.html?_=1668478413280 HTTP/1.1" 200 22
218.81.217.29 - - [15/Nov/2022:10:13:34 +0800] "GET /xingrg/all/function/internal_message.html?_=1668478422198&CODE_STATE=getMsg HTTP/1.1" 200 27
180.169.147.146 - - [15/Nov/2022:10:13:38 +0800] "GET /xingrg/all/function/internal_message.html?_=1668478420831&CODE_STATE=getMsg HTTP/1.1" 200 27
114.88.159.190 - - [15/Nov/2022:10:13:39 +0800] "GET /xingrg/all/function/internal_message.html?_=1668478031524&CODE_STATE=getMsg HTTP/1.1" 200 27
61.170.232.70 - - [15/Nov/2022:10:13:49 +0800] "GET /xingrg/all/function/internal_message.html?_=1668478434498&CODE_STATE=getMsg HTTP/1.1" 200 27
114.95.46.117 - - [15/Nov/2022:10:13:53 +0800] "GET /xingrg/all/function/internal_message.html?_=1668478285329&CODE_STATE=getMsg HTTP/1.1" 200 27
114.83.219.57 - - [15/Nov/2022:10:13:57 +0800] "GET /xingrg/all/function/internal_message.html?_=1668478559621&CODE_STATE=getMsg HTTP/1.1" 200 27
218.81.217.29 - - [15/Nov/2022:10:14:03 +0800] "POST /xingrg/services/DataTransmitService HTTP/1.1" 200 524
116.238.139.35 - - [15/Nov/2022:10:14:04 +0800] "GET /xingrg/all/function/internal_message.html?_=1668478447049&CODE_STATE=getMsg HTTP/1.1" 200 27
218.81.217.29 - - [15/Nov/2022:10:14:08 +0800] "POST /xingrg/services/DataTransmitService HTTP/1.1" 200 501
218.81.217.29 - - [15/Nov/2022:10:14:10 +0800] "POST /xingrg/services/DataTransmitService HTTP/1.1" 200 524
218.81.217.29 - - [15/Nov/2022:10:14:10 +0800] "POST /xingrg/services/DataTransmitService HTTP/1.1" 200 501
218.81.217.29 - - [15/Nov/2022:10:14:11 +0800] "POST /xingrg/services/DataTransmitService HTTP/1.1" 200 524
218.81.217.29 - - [15/Nov/2022:10:14:11 +0800] "POST /xingrg/services/DataTransmitService HTTP/1.1" 200 497
218.81.217.29 - - [15/Nov/2022:10:14:12 +0800] "POST /xingrg/services/DataTransmitService HTTP/1.1" 200 524
222.70.183.206 - - [15/Nov/2022:10:14:12 +0800] "GET /xingrg/all/function/internal_message.html?_=1668478455741&CODE_STATE=getMsg HTTP/1.1" 200 27
116.230.105.139 - - [15/Nov/2022:10:14:18 +0800] "GET /xingrg/all/function/internal_message.html?_=1668478441975&CODE_STATE=getMsg HTTP/1.1" 200 27
101.83.240.183 - - [15/Nov/2022:10:14:22 +0800] "GET /xingrg/all/function/internal_message.html?_=1668478464614&CODE_STATE=getMsg HTTP/1.1" 200 27
180.162.229.95 - - [15/Nov/2022:10:14:31 +0800] "GET /xingrg/all/function/internal_message.html?_=1668478473296&CODE_STATE=getMsg HTTP/1.1" 200 27
218.81.217.29 - - [15/Nov/2022:10:14:34 +0800] "GET /xingrg/all/function/internal_message.html?_=1668478482725&CODE_STATE=getMsg HTTP/1.1" 200 27
180.169.147.146 - - [15/Nov/2022:10:14:38 +0800] "GET /xingrg/check_reg.html?_=1668478480836 HTTP/1.1" 200 22
180.169.147.146 - - [15/Nov/2022:10:14:38 +0800] "GET /xingrg/all/function/internal_message.html?_=1668478480841&CODE_STATE=getMsg HTTP/1.1" 200 27
58.221.95.50 - - [15/Nov/2022:10:14:39 +0800] "GET /xingrg/check_reg.html?_=1668478465227 HTTP/1.1" 302 -
114.88.159.190 - - [15/Nov/2022:10:14:39 +0800] "GET /xingrg/all/function/internal_message.html?_=1668478091525&CODE_STATE=getMsg HTTP/1.1" 200 27
114.88.159.190 - - [15/Nov/2022:10:14:39 +0800] "GET /xingrg/check_reg.html?_=1668478091524 HTTP/1.1" 200 22
180.169.147.146 - - [15/Nov/2022:10:14:46 +0800] "GET /xingrg/all/report/report_query.html?fileName=kc/buy/gys_amount.xml&rh=99999 HTTP/1.1" 200 52006
180.169.147.146 - - [15/Nov/2022:10:14:46 +0800] "GET /xingrg/dwr/interface/AjaxReportQueryService.js HTTP/1.1" 200 13203
180.169.147.146 - - [15/Nov/2022:10:14:46 +0800] "GET /xingrg/dwr/engine.js HTTP/1.1" 200 43631
180.169.147.146 - - [15/Nov/2022:10:14:47 +0800] "POST /xingrg/dwr/call/plaincall/AjaxReportQueryService.getFixDate.dwr HTTP/1.1" 200 111
180.169.147.146 - - [15/Nov/2022:10:14:47 +0800] "POST /xingrg/all/common/load_tree.html?tree=supplier_tree_json&manage=1 HTTP/1.1" 200 71208
180.169.147.146 - - [15/Nov/2022:10:14:47 +0800] "POST /xingrg/all/common/load_tree.html?tree=materiel_sort_tree_json HTTP/1.1" 200 9500
218.81.217.29 - - [15/Nov/2022:10:14:47 +0800] "POST /xingrg/services/DataTransmitService HTTP/1.1" 200 501
218.81.217.29 - - [15/Nov/2022:10:14:47 +0800] "POST /xingrg/services/DataTransmitService HTTP/1.1" 200 501
180.169.147.146 - - [15/Nov/2022:10:14:48 +0800] "POST /xingrg/dwr/call/plaincall/AjaxReportQueryService.getInitString.dwr HTTP/1.1" 200 489
180.169.147.146 - - [15/Nov/2022:10:14:48 +0800] "GET /xingrg/javascript/multi_select/dropdown.gif HTTP/1.1" 200 61
61.170.232.70 - - [15/Nov/2022:10:14:49 +0800] "GET /xingrg/all/function/internal_message.html?_=1668478494486&CODE_STATE=getMsg HTTP/1.1" 200 27
218.81.217.29 - - [15/Nov/2022:10:14:50 +0800] "POST /xingrg/services/DataTransmitService HTTP/1.1" 200 501
114.95.46.117 - - [15/Nov/2022:10:14:53 +0800] "GET /xingrg/all/function/internal_message.html?_=1668478345332&CODE_STATE=getMsg HTTP/1.1" 200 27
218.81.217.29 - - [15/Nov/2022:10:14:53 +0800] "POST /xingrg/services/DataTransmitService HTTP/1.1" 200 501
218.81.217.29 - - [15/Nov/2022:10:14:54 +0800] "POST /xingrg/services/DataTransmitService HTTP/1.1" 200 501
218.81.217.29 - - [15/Nov/2022:10:14:54 +0800] "POST /xingrg/services/DataTransmitService HTTP/1.1" 200 501
218.81.217.29 - - [15/Nov/2022:10:14:55 +0800] "POST /xingrg/services/DataTransmitService HTTP/1.1" 200 501
218.81.217.29 - - [15/Nov/2022:10:14:56 +0800] "POST /xingrg/services/DataTransmitService HTTP/1.1" 200 501
218.81.217.29 - - [15/Nov/2022:10:14:56 +0800] "POST /xingrg/services/DataTransmitService HTTP/1.1" 200 501
114.83.219.57 - - [15/Nov/2022:10:14:57 +0800] "GET /xingrg/all/function/internal_message.html?_=1668478619612&CODE_STATE=getMsg HTTP/1.1" 200 27
218.81.217.29 - - [15/Nov/2022:10:14:57 +0800] "POST /xingrg/services/DataTransmitService HTTP/1.1" 200 412
116.238.139.35 - - [15/Nov/2022:10:15:04 +0800] "GET /xingrg/all/function/internal_message.html?_=1668478507053&CODE_STATE=getMsg HTTP/1.1" 200 27
180.169.147.146 - - [15/Nov/2022:10:15:07 +0800] "GET /xingrg/all/report/report_query.html?fileName=kc/buy/gys_amount_base_rest.xml HTTP/1.1" 200 51664
180.169.147.146 - - [15/Nov/2022:10:15:07 +0800] "GET /xingrg/dwr/interface/AjaxReportQueryService.js HTTP/1.1" 200 13203
180.169.147.146 - - [15/Nov/2022:10:15:07 +0800] "GET /xingrg/dwr/engine.js HTTP/1.1" 200 43631
180.169.147.146 - - [15/Nov/2022:10:15:07 +0800] "POST /xingrg/dwr/call/plaincall/AjaxReportQueryService.getFixDate.dwr HTTP/1.1" 200 111
180.169.147.146 - - [15/Nov/2022:10:15:07 +0800] "POST /xingrg/all/common/load_tree.html?tree=area_rest_tree_json&manage=1 HTTP/1.1" 200 3499
180.169.147.146 - - [15/Nov/2022:10:15:08 +0800] "POST /xingrg/all/common/load_tree.html?tree=supplier_tree_json&manage=1 HTTP/1.1" 200 71208
222.70.183.206 - - [15/Nov/2022:10:15:12 +0800] "GET /xingrg/all/function/internal_message.html?_=1668478515724&CODE_STATE=getMsg HTTP/1.1" 200 27
116.230.105.139 - - [15/Nov/2022:10:15:18 +0800] "GET /xingrg/all/function/internal_message.html?_=1668478501977&CODE_STATE=getMsg HTTP/1.1" 200 27
101.83.240.183 - - [15/Nov/2022:10:15:22 +0800] "GET /xingrg/all/function/internal_message.html?_=1668478524636&CODE_STATE=getMsg HTTP/1.1" 200 27
180.169.147.146 - - [15/Nov/2022:10:15:27 +0800] "POST /xingrg/dwr/call/plaincall/AjaxReportQueryService.refreshCache.dwr HTTP/1.1" 200 78
180.169.147.146 - - [15/Nov/2022:10:15:28 +0800] "POST /xingrg/all/report/load_report_page.html HTTP/1.1" 200 51462
180.169.147.146 - - [15/Nov/2022:10:15:28 +0800] "GET /xingrg/servlets/image?cache=0.5941810704865026&image=px HTTP/1.1" 200 807
180.162.229.95 - - [15/Nov/2022:10:15:31 +0800] "GET /xingrg/all/function/internal_message.html?_=1668478533286&CODE_STATE=getMsg HTTP/1.1" 200 27
218.81.217.29 - - [15/Nov/2022:10:15:34 +0800] "GET /xingrg/all/function/internal_message.html?_=1668478542740&CODE_STATE=getMsg HTTP/1.1" 200 27
180.169.147.146 - - [15/Nov/2022:10:15:38 +0800] "GET /xingrg/all/function/internal_message.html?_=1668478540849&CODE_STATE=getMsg HTTP/1.1" 200 27
114.88.159.190 - - [15/Nov/2022:10:15:39 +0800] "GET /xingrg/all/function/internal_message.html?_=1668478151509&CODE_STATE=getMsg HTTP/1.1" 200 27
61.170.232.70 - - [15/Nov/2022:10:15:49 +0800] "GET /xingrg/all/function/internal_message.html?_=1668478554489&CODE_STATE=getMsg HTTP/1.1" 200 27
61.170.232.70 - - [15/Nov/2022:10:15:49 +0800] "GET /xingrg/check_reg.html?_=1668478554491 HTTP/1.1" 200 22
114.95.46.117 - - [15/Nov/2022:10:15:53 +0800] "GET /xingrg/all/function/internal_message.html?_=1668478405324&CODE_STATE=getMsg HTTP/1.1" 200 27
114.83.219.57 - - [15/Nov/2022:10:15:57 +0800] "GET /xingrg/check_reg.html?_=1668478679629 HTTP/1.1" 200 22
114.83.219.57 - - [15/Nov/2022:10:15:57 +0800] "GET /xingrg/all/function/internal_message.html?_=1668478679630&CODE_STATE=getMsg HTTP/1.1" 200 27
180.169.147.146 - - [15/Nov/2022:10:16:00 +0800] "POST /xingrg/dwr/call/plaincall/AjaxReportQueryService.refreshCache.dwr HTTP/1.1" 200 78
180.169.147.146 - - [15/Nov/2022:10:16:01 +0800] "POST /xingrg/all/report/load_report_page.html HTTP/1.1" 200 51565
180.169.147.146 - - [15/Nov/2022:10:16:01 +0800] "GET /xingrg/servlets/image?cache=0.7193386010611489&image=px HTTP/1.1" 200 807
116.238.139.35 - - [15/Nov/2022:10:16:04 +0800] "GET /xingrg/all/function/internal_message.html?_=1668478567052&CODE_STATE=getMsg HTTP/1.1" 200 27
222.70.183.206 - - [15/Nov/2022:10:16:12 +0800] "GET /xingrg/all/function/internal_message.html?_=1668478575707&CODE_STATE=getMsg HTTP/1.1" 200 27
116.230.105.139 - - [15/Nov/2022:10:16:18 +0800] "GET /xingrg/all/function/internal_message.html?_=1668478561963&CODE_STATE=getMsg HTTP/1.1" 200 27
114.84.81.136 - - [15/Nov/2022:10:16:20 +0800] "GET /xingrg/check_reg.html?_=1668478582758 HTTP/1.1" 302 -
101.83.240.183 - - [15/Nov/2022:10:16:22 +0800] "GET /xingrg/all/function/internal_message.html?_=1668478584642&CODE_STATE=getMsg HTTP/1.1" 200 27
101.83.240.183 - - [15/Nov/2022:10:16:22 +0800] "GET /xingrg/check_reg.html?_=1668478584644 HTTP/1.1" 200 22
116.238.139.35 - - [15/Nov/2022:10:16:28 +0800] "GET /xingrg/login.html HTTP/1.1" 200 7641
116.238.139.35 - - [15/Nov/2022:10:16:28 +0800] "GET /xingrg/images/blue/login_bg.png HTTP/1.1" 304 -
116.238.139.35 - - [15/Nov/2022:10:16:28 +0800] "GET /xingrg/images/blue/jxLogo.png HTTP/1.1" 304 -
116.238.139.35 - - [15/Nov/2022:10:16:28 +0800] "GET /xingrg/images/blue/hj.png HTTP/1.1" 304 -
116.238.139.35 - - [15/Nov/2022:10:16:28 +0800] "GET /xingrg/images/blue/srbg.png HTTP/1.1" 304 -
116.238.139.35 - - [15/Nov/2022:10:16:28 +0800] "GET /favicon.ico HTTP/1.1" 404 -
116.238.139.35 - - [15/Nov/2022:10:16:30 +0800] "POST /xingrg/login.do HTTP/1.1" 302 -
116.238.139.35 - - [15/Nov/2022:10:16:30 +0800] "GET /xingrg/index.html?sysBaseUrl=http%3A%2F%2F180.169.147.146%3A18081%2Fxingrg%2F&costTime=151×tamp=1668478590784 HTTP/1.1" 200 17179
116.238.139.35 - - [15/Nov/2022:10:16:30 +0800] "GET /xingrg/css/form.css HTTP/1.1" 304 -
116.238.139.35 - - [15/Nov/2022:10:16:30 +0800] "GET /xingrg/javascript/jquery_easy_ui/themes/default/easyui.css HTTP/1.1" 304 -
116.238.139.35 - - [15/Nov/2022:10:16:30 +0800] "GET /xingrg/javascript/jquery_easy_ui/themes/icon.css HTTP/1.1" 304 -
116.238.139.35 - - [15/Nov/2022:10:16:30 +0800] "GET /xingrg/javascript/jquery-1.4.2.min.js HTTP/1.1" 304 -
116.238.139.35 - - [15/Nov/2022:10:16:30 +0800] "GET /xingrg/javascript/jquery.form.js HTTP/1.1" 304 -
116.238.139.35 - - [15/Nov/2022:10:16:30 +0800] "GET /xingrg/javascript/jquery_easy_ui/jquery.easyui.min.js HTTP/1.1" 304 -
116.238.139.35 - - [15/Nov/2022:10:16:30 +0800] "GET /xingrg/javascript/jquery.timers.js HTTP/1.1" 304 -
116.238.139.35 - - [15/Nov/2022:10:16:30 +0800] "GET /xingrg/javascript/jquery_easy_ui/easyui-lang-zh_CN.js HTTP/1.1" 304 -
116.238.139.35 - - [15/Nov/2022:10:16:30 +0800] "GET /xingrg/javascript/jquery.utils.js HTTP/1.1" 304 -
116.238.139.35 - - [15/Nov/2022:10:16:31 +0800] "GET /xingrg/images/blue/navBackgound.jpg HTTP/1.1" 304 -
116.238.139.35 - - [15/Nov/2022:10:16:31 +0800] "GET /xingrg/javascript/jquery_easy_ui/themes/icons/settle_new.png HTTP/1.1" 304 -
116.238.139.35 - - [15/Nov/2022:10:16:31 +0800] "GET /xingrg/images/blue/pingpu.png HTTP/1.1" 304 -
116.238.139.35 - - [15/Nov/2022:10:16:31 +0800] "POST /xingrg/all/common/load_tree.html?tree=area_rest_tree_json&manage=1 HTTP/1.1" 200 476
116.238.139.35 - - [15/Nov/2022:10:16:31 +0800] "GET /xingrg/javascript/jquery_easy_ui/themes/default/images/tabs_leftarrow.png HTTP/1.1" 304 -
116.238.139.35 - - [15/Nov/2022:10:16:31 +0800] "GET /xingrg/javascript/jquery_easy_ui/themes/default/images/tabs_rightarrow.png HTTP/1.1" 304 -
116.238.139.35 - - [15/Nov/2022:10:16:31 +0800] "GET /xingrg/javascript/jquery_easy_ui/themes/default/images/panel_tool_collapse.gif HTTP/1.1" 304 -
180.162.229.95 - - [15/Nov/2022:10:16:31 +0800] "GET /xingrg/all/function/internal_message.html?_=1668478593271&CODE_STATE=getMsg HTTP/1.1" 200 27
116.238.139.35 - - [15/Nov/2022:10:16:31 +0800] "GET /xingrg/all/function/internal_message.html?_=1668478509256&CODE_STATE=count HTTP/1.1" 200 11
116.238.139.35 - - [15/Nov/2022:10:16:31 +0800] "GET /xingrg/check_reg.html?_=1668478509257 HTTP/1.1" 200 22
116.238.139.35 - - [15/Nov/2022:10:16:31 +0800] "GET /favicon.ico HTTP/1.1" 404 -
116.238.139.35 - - [15/Nov/2022:10:16:31 +0800] "GET /xingrg/javascript/jquery_easy_ui/themes/default/images/tree_arrows.gif HTTP/1.1" 304 -
116.238.139.35 - - [15/Nov/2022:10:16:31 +0800] "POST /xingrg/load_menu.html HTTP/1.1" 200 5138
116.238.139.35 - - [15/Nov/2022:10:16:31 +0800] "GET /xingrg/javascript/jquery_easy_ui/themes/default/images/tree_folder_open.gif HTTP/1.1" 304 -
116.238.139.35 - - [15/Nov/2022:10:16:31 +0800] "GET /xingrg/javascript/jquery_easy_ui/themes/icons/search_new.png HTTP/1.1" 304 -
116.238.139.35 - - [15/Nov/2022:10:16:31 +0800] "GET /xingrg/javascript/jquery_easy_ui/themes/default/images/tree_folder.gif HTTP/1.1" 304 -
116.238.139.35 - - [15/Nov/2022:10:16:31 +0800] "GET /xingrg/javascript/jquery_easy_ui/themes/icons/storage_new.png HTTP/1.1" 304 -
116.238.139.35 - - [15/Nov/2022:10:16:31 +0800] "GET /xingrg/javascript/jquery_easy_ui/themes/icons/forms_new.png HTTP/1.1" 304 -
116.238.139.35 - - [15/Nov/2022:10:16:31 +0800] "GET /xingrg/javascript/jquery_easy_ui/themes/default/images/tree_file.gif HTTP/1.1" 304 -
116.238.139.35 - - [15/Nov/2022:10:16:33 +0800] "GET /xingrg/javascript/jquery_easy_ui/themes/default/images/tabs_close.gif HTTP/1.1" 304 -
116.238.139.35 - - [15/Nov/2022:10:16:33 +0800] "GET /xingrg/css/base.css HTTP/1.1" 304 -
116.238.139.35 - - [15/Nov/2022:10:16:33 +0800] "GET /xingrg/css/site.css HTTP/1.1" 304 -
116.238.139.35 - - [15/Nov/2022:10:16:33 +0800] "GET /xingrg/javascript/jquery_tools/datebox.css HTTP/1.1" 304 -
116.238.139.35 - - [15/Nov/2022:10:16:33 +0800] "GET /xingrg/javascript/easyui/themes/icon.css HTTP/1.1" 304 -
116.238.139.35 - - [15/Nov/2022:10:16:33 +0800] "GET /xingrg/javascript/jquery_tools/table.css HTTP/1.1" 304 -
116.238.139.35 - - [15/Nov/2022:10:16:33 +0800] "GET /xingrg/javascript/jquery_tools/fix.css HTTP/1.1" 304 -
116.238.139.35 - - [15/Nov/2022:10:16:33 +0800] "GET /xingrg/javascript/easyui/themes/default/easyui.css HTTP/1.1" 304 -
116.238.139.35 - - [15/Nov/2022:10:16:33 +0800] "GET /xingrg/javascript/auto/jquery.autocomplete.css HTTP/1.1" 304 -
116.238.139.35 - - [15/Nov/2022:10:16:33 +0800] "GET /xingrg/javascript/jquery_tools/jquery.tools.hotkey.js HTTP/1.1" 304 -
116.238.139.35 - - [15/Nov/2022:10:16:33 +0800] "GET /xingrg/javascript/jquery_tools/jquery.tools.extend.js HTTP/1.1" 304 -
116.238.139.35 - - [15/Nov/2022:10:16:33 +0800] "GET /xingrg/javascript/jquery_tools/jquery.tools.table.js HTTP/1.1" 304 -
116.238.139.35 - - [15/Nov/2022:10:16:33 +0800] "GET /xingrg/kc/base/wldb_order_list.html HTTP/1.1" 200 19107
116.238.139.35 - - [15/Nov/2022:10:16:33 +0800] "GET /xingrg/javascript/jquery_tools/list_manager.js HTTP/1.1" 304 -
116.238.139.35 - - [15/Nov/2022:10:16:33 +0800] "GET /xingrg/javascript/auto/jquery.autocomplete.js HTTP/1.1" 304 -
116.238.139.35 - - [15/Nov/2022:10:16:33 +0800] "GET /xingrg/javascript/jquery_tools/jquery.tools.min.js HTTP/1.1" 304 -
116.238.139.35 - - [15/Nov/2022:10:16:33 +0800] "GET /xingrg/javascript/easyui/easyloader.js HTTP/1.1" 304 -
116.238.139.35 - - [15/Nov/2022:10:16:33 +0800] "GET /xingrg/javascript/jquery.cookie.js HTTP/1.1" 304 -
116.238.139.35 - - [15/Nov/2022:10:16:33 +0800] "GET /xingrg/javascript/print/LodopFuncs.js HTTP/1.1" 304 -
116.238.139.35 - - [15/Nov/2022:10:16:34 +0800] "GET /xingrg/javascript/easyui/themes/icons/cance_new.png HTTP/1.1" 304 -
116.238.139.35 - - [15/Nov/2022:10:16:34 +0800] "GET /xingrg/javascript/easyui/themes/icons/edit_add_new.png HTTP/1.1" 304 -
116.238.139.35 - - [15/Nov/2022:10:16:34 +0800] "GET /xingrg/javascript/easyui/themes/icons/check_new.png HTTP/1.1" 304 -
116.238.139.35 - - [15/Nov/2022:10:16:34 +0800] "GET /xingrg/javascript/easyui/themes/icons/field_new.png HTTP/1.1" 304 -
116.238.139.35 - - [15/Nov/2022:10:16:34 +0800] "GET /xingrg/javascript/easyui/themes/icons/import_new.png HTTP/1.1" 304 -
116.238.139.35 - - [15/Nov/2022:10:16:34 +0800] "GET /xingrg/javascript/jquery_easy_ui/themes/icons/rest.png HTTP/1.1" 304 -
116.238.139.35 - - [15/Nov/2022:10:16:34 +0800] "GET /xingrg/javascript/jquery_easy_ui/themes/icons/area.png HTTP/1.1" 304 -
116.238.139.35 - - [15/Nov/2022:10:16:34 +0800] "GET /xingrg/javascript/easyui/plugins/jquery.parser.js HTTP/1.1" 304 -
116.238.139.35 - - [15/Nov/2022:10:16:34 +0800] "GET /xingrg/images/control/ajaxLoader.gif HTTP/1.1" 304 -
116.238.139.35 - - [15/Nov/2022:10:16:34 +0800] "POST /xingrg/kc/base/wldb_list_operate.html HTTP/1.1" 200 928
116.238.139.35 - - [15/Nov/2022:10:16:34 +0800] "GET /xingrg/javascript/easyui/themes/default/images/button_plain_hover.png HTTP/1.1" 304 -
218.81.217.29 - - [15/Nov/2022:10:16:35 +0800] "GET /xingrg/all/function/internal_message.html?_=1668478603278&CODE_STATE=getMsg HTTP/1.1" 200 27
116.238.139.35 - - [15/Nov/2022:10:16:35 +0800] "GET /xingrg/javascript/pic_change.js HTTP/1.1" 304 -
116.238.139.35 - - [15/Nov/2022:10:16:35 +0800] "GET /xingrg/javascript/jquery_tools/order_manager.js HTTP/1.1" 304 -
116.238.139.35 - - [15/Nov/2022:10:16:35 +0800] "GET /xingrg/javascript/convert.js HTTP/1.1" 304 -
116.238.139.35 - - [15/Nov/2022:10:16:35 +0800] "GET /xingrg/javascript/json2.js HTTP/1.1" 304 -
116.238.139.35 - - [15/Nov/2022:10:16:35 +0800] "GET /xingrg/javascript/print/kc_print.js HTTP/1.1" 304 -
116.238.139.35 - - [15/Nov/2022:10:16:35 +0800] "GET /xingrg/kc/base/wldb_order_add.html HTTP/1.1" 200 30398
116.238.139.35 - - [15/Nov/2022:10:16:35 +0800] "GET /xingrg/words/20221114140312_words.js HTTP/1.1" 304 -
116.238.139.35 - - [15/Nov/2022:10:16:35 +0800] "GET /xingrg/javascript/easyui/themes/icons/template_new.png HTTP/1.1" 304 -
116.238.139.35 - - [15/Nov/2022:10:16:36 +0800] "GET /xingrg/javascript/easyui/themes/icons/print.png HTTP/1.1" 304 -
116.238.139.35 - - [15/Nov/2022:10:16:36 +0800] "GET /xingrg/javascript/easyui/themes/icons/ok.png HTTP/1.1" 304 -
116.238.139.35 - - [15/Nov/2022:10:16:36 +0800] "GET /xingrg/javascript/easyui/themes/default/images/menu_downarrow.png HTTP/1.1" 304 -
116.238.139.35 - - [15/Nov/2022:10:16:36 +0800] "GET /xingrg/javascript/easyui/themes/icons/cancel.png HTTP/1.1" 304 -
116.238.139.35 - - [15/Nov/2022:10:16:36 +0800] "POST /xingrg/kc/base/wldb_order_operate.html HTTP/1.1" 200 6806
116.238.139.35 - - [15/Nov/2022:10:16:36 +0800] "GET /xingrg/all/common/auto_word.html?type=base&rest_code=00150 HTTP/1.1" 200 1799
116.238.139.35 - - [15/Nov/2022:10:16:36 +0800] "GET /xingrg/all/common/auto_word.html?type=base&rest_code=00150 HTTP/1.1" 200 1799
116.238.139.35 - - [15/Nov/2022:10:16:36 +0800] "GET /xingrg/javascript/easyui/themes/icons/edit_remove.png HTTP/1.1" 304 -
116.238.139.35 - - [15/Nov/2022:10:16:36 +0800] "GET /xingrg/javascript/easyui/themes/default/validatebox.css HTTP/1.1" 404 1104
116.238.139.35 - - [15/Nov/2022:10:16:36 +0800] "GET /xingrg/javascript/easyui/plugins/jquery.validatebox.js HTTP/1.1" 304 -
116.238.139.35 - - [15/Nov/2022:10:16:36 +0800] "GET /xingrg/javascript/easyui/plugins/jquery.numberbox.js HTTP/1.1" 304 -
116.238.139.35 - - [15/Nov/2022:10:16:36 +0800] "GET /xingrg/css/images/panel_loading.gif HTTP/1.1" 304 -
116.238.139.35 - - [15/Nov/2022:10:16:37 +0800] "POST /xingrg/all/common/load_combo.html?type=base HTTP/1.1" 200 3227
180.169.147.146 - - [15/Nov/2022:10:16:38 +0800] "GET /xingrg/all/function/internal_message.html?_=1668478600834&CODE_STATE=getMsg HTTP/1.1" 200 27
114.88.159.190 - - [15/Nov/2022:10:16:39 +0800] "GET /xingrg/all/function/internal_message.html?_=1668478211526&CODE_STATE=getMsg HTTP/1.1" 200 27
116.238.139.35 - - [15/Nov/2022:10:16:41 +0800] "GET /xingrg/javascript/auto/indicator.gif HTTP/1.1" 404 1066
218.81.217.29 - - [15/Nov/2022:10:16:47 +0800] "GET /xingrg/check_reg.html?_=1668478615158 HTTP/1.1" 200 22
116.238.139.35 - - [15/Nov/2022:10:16:47 +0800] "GET /xingrg/kc/base/wldb_order_operate.html?command=get_materiel&rest_code=00150&base_code=0010445&code=00101010059 HTTP/1.1" 200 435
61.170.232.70 - - [15/Nov/2022:10:16:49 +0800] "GET /xingrg/all/function/internal_message.html?_=1668478614492&CODE_STATE=getMsg HTTP/1.1" 200 27
114.95.46.117 - - [15/Nov/2022:10:16:53 +0800] "GET /xingrg/all/function/internal_message.html?_=1668478465324&CODE_STATE=getMsg HTTP/1.1" 200 27
116.238.139.35 - - [15/Nov/2022:10:16:55 +0800] "GET /xingrg/kc/base/wldb_order_operate.html?command=get_materiel&rest_code=00150&base_code=0010447&code=00101010059 HTTP/1.1" 200 435
114.83.219.57 - - [15/Nov/2022:10:16:57 +0800] "GET /xingrg/all/function/internal_message.html?_=1668478739620&CODE_STATE=getMsg HTTP/1.1" 200 27
116.238.139.35 - - [15/Nov/2022:10:17:04 +0800] "GET /xingrg/all/function/internal_message.html?_=1668478627063&CODE_STATE=getMsg HTTP/1.1" 200 27
116.238.139.35 - - [15/Nov/2022:10:17:12 +0800] "GET /xingrg/kc/base/wldb_order_operate.html?command=get_materiel&rest_code=00150&base_code=0010445&code=00101019202 HTTP/1.1" 200 465
222.70.183.206 - - [15/Nov/2022:10:17:12 +0800] "GET /xingrg/all/function/internal_message.html?_=1668478635691&CODE_STATE=getMsg HTTP/1.1" 200 27
222.70.183.206 - - [15/Nov/2022:10:17:13 +0800] "GET /xingrg/check_reg.html?_=1668478636276 HTTP/1.1" 200 22
114.83.219.57 - - [15/Nov/2022:10:17:13 +0800] "GET /xingrg/kc/buy/cgsh_order_add.html HTTP/1.1" 200 68560
114.83.219.57 - - [15/Nov/2022:10:17:13 +0800] "POST /xingrg/kc/buy/cgsh_order_operate.html HTTP/1.1" 200 8245
114.83.219.57 - - [15/Nov/2022:10:17:13 +0800] "GET /xingrg/javascript/easyui/themes/default/validatebox.css HTTP/1.1" 404 1104
114.83.219.57 - - [15/Nov/2022:10:17:14 +0800] "GET /xingrg/javascript/easyui/plugins/jquery.draggable.js HTTP/1.1" 200 6121
114.83.219.57 - - [15/Nov/2022:10:17:15 +0800] "GET /xingrg/javascript/easyui/plugins/jquery.droppable.js HTTP/1.1" 200 1167
114.83.219.57 - - [15/Nov/2022:10:17:15 +0800] "GET /xingrg/javascript/easyui/themes/default/tree.css HTTP/1.1" 404 1090
114.83.219.57 - - [15/Nov/2022:10:17:15 +0800] "GET /xingrg/javascript/easyui/plugins/jquery.tree.js HTTP/1.1" 200 20874
114.83.219.57 - - [15/Nov/2022:10:17:15 +0800] "POST /xingrg/all/common/load_tree.html?tree=supplier_tree_json&isDelete=1 HTTP/1.1" 200 69873
114.83.219.57 - - [15/Nov/2022:10:17:16 +0800] "GET /xingrg/javascript/easyui/themes/default/images/tree_arrows.gif HTTP/1.1" 200 617
114.83.219.57 - - [15/Nov/2022:10:17:16 +0800] "GET /xingrg/javascript/easyui/themes/default/images/tree_folder_open.gif HTTP/1.1" 200 956
114.83.219.57 - - [15/Nov/2022:10:17:16 +0800] "GET /xingrg/javascript/easyui/themes/default/images/tree_folder.gif HTTP/1.1" 200 952
114.83.219.57 - - [15/Nov/2022:10:17:16 +0800] "GET /xingrg/javascript/easyui/themes/default/images/tree_file.gif HTTP/1.1" 200 118
116.230.105.139 - - [15/Nov/2022:10:17:18 +0800] "GET /xingrg/all/function/internal_message.html?_=1668478621972&CODE_STATE=getMsg HTTP/1.1" 200 27
101.83.240.183 - - [15/Nov/2022:10:17:22 +0800] "GET /xingrg/all/function/internal_message.html?_=1668478644619&CODE_STATE=getMsg HTTP/1.1" 200 27
116.238.139.35 - - [15/Nov/2022:10:17:22 +0800] "GET /xingrg/kc/base/wldb_order_operate.html?command=get_materiel&rest_code=00150&base_code=0010445&code=00101016076 HTTP/1.1" 200 477
114.83.219.57 - - [15/Nov/2022:10:17:23 +0800] "GET /xingrg/kc/base/wldb_order_list.html HTTP/1.1" 200 19107
114.83.219.57 - - [15/Nov/2022:10:17:24 +0800] "POST /xingrg/kc/base/wldb_list_operate.html HTTP/1.1" 200 928
114.83.219.57 - - [15/Nov/2022:10:17:25 +0800] "GET /xingrg/kc/base/wldb_order_add.html HTTP/1.1" 200 30390
114.83.219.57 - - [15/Nov/2022:10:17:25 +0800] "POST /xingrg/kc/base/wldb_order_operate.html HTTP/1.1" 200 6806
114.83.219.57 - - [15/Nov/2022:10:17:25 +0800] "GET /xingrg/javascript/easyui/themes/default/validatebox.css HTTP/1.1" 404 1104
116.238.139.35 - - [15/Nov/2022:10:17:26 +0800] "GET /xingrg/kc/base/wldb_order_operate.html?command=get_materiel&rest_code=00150&base_code=0010445&code=00101019438 HTTP/1.1" 200 462
114.83.219.57 - - [15/Nov/2022:10:17:26 +0800] "POST /xingrg/all/common/load_combo.html?type=base HTTP/1.1" 200 1491
114.83.219.57 - - [15/Nov/2022:10:17:29 +0800] "POST /xingrg/all/common/load_combo.html?type=base HTTP/1.1" 200 1491
180.162.229.95 - - [15/Nov/2022:10:17:31 +0800] "GET /xingrg/all/function/internal_message.html?_=1668478653285&CODE_STATE=getMsg HTTP/1.1" 200 27
116.238.139.35 - - [15/Nov/2022:10:17:31 +0800] "GET /xingrg/all/function/internal_message.html?_=1668478569265&CODE_STATE=getMsg HTTP/1.1" 200 27
218.81.217.29 - - [15/Nov/2022:10:17:35 +0800] "GET /xingrg/all/function/internal_message.html?_=1668478663283&CODE_STATE=getMsg HTTP/1.1" 200 27
116.238.139.35 - - [15/Nov/2022:10:17:36 +0800] "GET /xingrg/kc/base/wldb_order_operate.html?command=get_materiel&rest_code=00150&base_code=0010445&code=00101019185 HTTP/1.1" 200 468
180.169.147.146 - - [15/Nov/2022:10:17:38 +0800] "GET /xingrg/all/function/internal_message.html?_=1668478660835&CODE_STATE=getMsg HTTP/1.1" 200 27
114.83.219.57 - - [15/Nov/2022:10:17:39 +0800] "GET /xingrg/kc/base/wldb_order_operate.html?command=get_materiel&rest_code=00154&base_code=0010724&code=00101019071 HTTP/1.1" 200 471
114.88.159.190 - - [15/Nov/2022:10:17:39 +0800] "GET /xingrg/all/function/internal_message.html?_=1668478271524&CODE_STATE=getMsg HTTP/1.1" 200 27
116.238.139.35 - - [15/Nov/2022:10:17:43 +0800] "GET /xingrg/kc/base/wldb_order_operate.html?command=get_materiel&rest_code=00150&base_code=0010445&code=00101019127 HTTP/1.1" 200 479
61.170.232.70 - - [15/Nov/2022:10:17:49 +0800] "GET /xingrg/all/function/internal_message.html?_=1668478674496&CODE_STATE=getMsg HTTP/1.1" 200 27
114.83.219.57 - - [15/Nov/2022:10:17:51 +0800] "GET /xingrg/kc/base/wldb_order_operate.html?command=get_materiel&rest_code=00154&base_code=0010724&code=00101019391 HTTP/1.1" 200 485
116.238.139.35 - - [15/Nov/2022:10:17:51 +0800] "GET /xingrg/kc/base/wldb_order_operate.html?command=get_materiel&rest_code=00150&base_code=0010445&code=00101016086 HTTP/1.1" 200 469
114.95.46.117 - - [15/Nov/2022:10:17:53 +0800] "GET /xingrg/check_reg.html?_=1668478525321 HTTP/1.1" 200 22
114.95.46.117 - - [15/Nov/2022:10:17:53 +0800] "GET /xingrg/all/function/internal_message.html?_=1668478525324&CODE_STATE=getMsg HTTP/1.1" 200 27
114.83.219.57 - - [15/Nov/2022:10:17:57 +0800] "GET /xingrg/all/function/internal_message.html?_=1668478799615&CODE_STATE=getMsg HTTP/1.1" 200 27
116.238.139.35 - - [15/Nov/2022:10:18:04 +0800] "GET /xingrg/check_reg.html?_=1668478687060 HTTP/1.1" 200 22
116.238.139.35 - - [15/Nov/2022:10:18:04 +0800] "GET /xingrg/all/function/internal_message.html?_=1668478687063&CODE_STATE=getMsg HTTP/1.1" 200 27
114.83.219.57 - - [15/Nov/2022:10:18:04 +0800] "GET /xingrg/kc/base/wldb_order_operate.html?command=get_materiel&rest_code=00154&base_code=0010724&code=00101019509 HTTP/1.1" 200 463
222.70.183.206 - - [15/Nov/2022:10:18:12 +0800] "GET /xingrg/all/function/internal_message.html?_=1668478695671&CODE_STATE=getMsg HTTP/1.1" 200 27
114.83.219.57 - - [15/Nov/2022:10:18:13 +0800] "GET /xingrg/kc/base/wldb_order_operate.html?command=get_materiel&rest_code=00154&base_code=0010724&code=00101019133 HTTP/1.1" 200 480
116.230.105.139 - - [15/Nov/2022:10:18:18 +0800] "GET /xingrg/check_reg.html?_=1668478681966 HTTP/1.1" 200 22
116.230.105.139 - - [15/Nov/2022:10:18:18 +0800] "GET /xingrg/all/function/internal_message.html?_=1668478681968&CODE_STATE=getMsg HTTP/1.1" 200 27
101.83.240.183 - - [15/Nov/2022:10:18:22 +0800] "GET /xingrg/all/function/internal_message.html?_=1668478704628&CODE_STATE=getMsg HTTP/1.1" 200 27
180.162.229.95 - - [15/Nov/2022:10:18:31 +0800] "GET /xingrg/check_reg.html?_=1668478713280 HTTP/1.1" 200 22
180.162.229.95 - - [15/Nov/2022:10:18:31 +0800] "GET /xingrg/all/function/internal_message.html?_=1668478713281&CODE_STATE=getMsg HTTP/1.1" 200 27
116.238.139.35 - - [15/Nov/2022:10:18:31 +0800] "GET /xingrg/all/function/internal_message.html?_=1668478629279&CODE_STATE=getMsg HTTP/1.1" 200 27
218.81.217.29 - - [15/Nov/2022:10:18:35 +0800] "GET /xingrg/all/function/internal_message.html?_=1668478723295&CODE_STATE=getMsg HTTP/1.1" 200 27
180.162.229.95 - - [15/Nov/2022:10:18:37 +0800] "GET /xingrg/kc/buy/cgsh_order_list.html HTTP/1.1" 200 53575
180.169.147.146 - - [15/Nov/2022:10:18:38 +0800] "GET /xingrg/all/function/internal_message.html?_=1668478720838&CODE_STATE=getMsg HTTP/1.1" 200 27
114.88.159.190 - - [15/Nov/2022:10:18:39 +0800] "GET /xingrg/all/function/internal_message.html?_=1668478331524&CODE_STATE=getMsg HTTP/1.1" 200 27
180.162.229.95 - - [15/Nov/2022:10:18:41 +0800] "POST /xingrg/kc/buy/cgsh_list_operate.html HTTP/1.1" 200 1857
61.170.232.70 - - [15/Nov/2022:10:18:49 +0800] "GET /xingrg/all/function/internal_message.html?_=1668478734499&CODE_STATE=getMsg HTTP/1.1" 200 27
180.162.229.95 - - [15/Nov/2022:10:18:51 +0800] "GET /xingrg/kc/buy/cgsh_order_add.html HTTP/1.1" 200 69391
180.162.229.95 - - [15/Nov/2022:10:18:51 +0800] "GET /xingrg/javascript/easyui/themes/default/validatebox.css HTTP/1.1" 404 1104
180.162.229.95 - - [15/Nov/2022:10:18:51 +0800] "POST /xingrg/kc/buy/cgsh_order_operate.html HTTP/1.1" 200 8245
114.95.46.117 - - [15/Nov/2022:10:18:53 +0800] "GET /xingrg/all/function/internal_message.html?_=1668478585318&CODE_STATE=getMsg HTTP/1.1" 200 27
114.83.219.57 - - [15/Nov/2022:10:18:57 +0800] "GET /xingrg/all/function/internal_message.html?_=1668478859610&CODE_STATE=getMsg HTTP/1.1" 200 27
180.162.229.95 - - [15/Nov/2022:10:18:58 +0800] "GET /xingrg/javascript/easyui/themes/default/tree.css HTTP/1.1" 404 1090
180.162.229.95 - - [15/Nov/2022:10:18:58 +0800] "POST /xingrg/all/common/load_tree.html?tree=supplier_tree_json&isDelete=1 HTTP/1.1" 200 69873
116.238.139.35 - - [15/Nov/2022:10:19:04 +0800] "GET /xingrg/all/function/internal_message.html?_=1668478747059&CODE_STATE=getMsg HTTP/1.1" 200 27
116.238.139.35 - - [15/Nov/2022:10:19:05 +0800] "GET /xingrg/kc/base/wldb_order_operate.html?command=get_materiel&rest_code=00150&base_code=0010445&code=00101016019 HTTP/1.1" 200 450
222.70.183.206 - - [15/Nov/2022:10:19:12 +0800] "GET /xingrg/all/function/internal_message.html?_=1668478755655&CODE_STATE=getMsg HTTP/1.1" 200 27
180.162.229.95 - - [15/Nov/2022:10:19:14 +0800] "GET /xingrg/javascript/auto/indicator.gif HTTP/1.1" 404 1066
116.238.139.35 - - [15/Nov/2022:10:19:15 +0800] "GET /xingrg/kc/base/wldb_order_operate.html?command=get_materiel&rest_code=00150&base_code=0010445&code=00101019400 HTTP/1.1" 200 463
116.230.105.139 - - [15/Nov/2022:10:19:18 +0800] "GET /xingrg/all/function/internal_message.html?_=1668478741961&CODE_STATE=getMsg HTTP/1.1" 200 27
180.162.229.95 - - [15/Nov/2022:10:19:18 +0800] "GET /xingrg/kc/buy/cgsh_order_operate.html?command=get_materiel&rest_code=00102&code=00101002027&supplier_code=00100400&order_time=2022-11-15 HTTP/1.1" 200 433
101.83.240.183 - - [15/Nov/2022:10:19:22 +0800] "GET /xingrg/all/function/internal_message.html?_=1668478764646&CODE_STATE=getMsg HTTP/1.1" 200 27
116.238.139.35 - - [15/Nov/2022:10:19:24 +0800] "POST /xingrg/kc/base/wldb_order_operate.html HTTP/1.1" 200 37
116.238.139.35 - - [15/Nov/2022:10:19:26 +0800] "POST /xingrg/kc/base/wldb_order_operate.html HTTP/1.1" 200 12
116.238.139.35 - - [15/Nov/2022:10:19:27 +0800] "POST /xingrg/kc/base/wldb_order_operate.html HTTP/1.1" 200 5714
180.162.229.95 - - [15/Nov/2022:10:19:31 +0800] "GET /xingrg/all/function/internal_message.html?_=1668478773266&CODE_STATE=getMsg HTTP/1.1" 200 27
116.238.139.35 - - [15/Nov/2022:10:19:32 +0800] "GET /xingrg/kc/base/wldb_order_info.html?code=422022111501183 HTTP/1.1" 200 26283
116.238.139.35 - - [15/Nov/2022:10:19:33 +0800] "GET /xingrg/javascript/easyui/themes/default/validatebox.css HTTP/1.1" 404 1104
116.238.139.35 - - [15/Nov/2022:10:19:33 +0800] "POST /xingrg/kc/base/wldb_order_operate.html HTTP/1.1" 200 3929
180.162.229.95 - - [15/Nov/2022:10:19:33 +0800] "GET /xingrg/kc/buy/cgsh_order_operate.html?command=get_materiel&rest_code=00102&code=00101001091&supplier_code=00100400&order_time=2022-11-15 HTTP/1.1" 200 409
116.238.139.35 - - [15/Nov/2022:10:19:33 +0800] "GET /xingrg/all/function/internal_message.html?_=1668478691649&CODE_STATE=getMsg HTTP/1.1" 200 27
116.238.139.35 - - [15/Nov/2022:10:19:35 +0800] "GET /xingrg/kc/buy/cgsh_order_list.html HTTP/1.1" 200 53581
180.169.147.146 - - [15/Nov/2022:10:19:35 +0800] "POST /xingrg/dwr/call/plaincall/AjaxReportQueryService.refreshCache.dwr HTTP/1.1" 200 78
218.81.217.29 - - [15/Nov/2022:10:19:35 +0800] "GET /xingrg/all/function/internal_message.html?_=1668478783856&CODE_STATE=getMsg HTTP/1.1" 200 27
180.169.147.146 - - [15/Nov/2022:10:19:36 +0800] "POST /xingrg/all/report/load_report_page.html HTTP/1.1" 200 51404
116.238.139.35 - - [15/Nov/2022:10:19:36 +0800] "POST /xingrg/kc/buy/cgsh_list_operate.html HTTP/1.1" 200 986
180.169.147.146 - - [15/Nov/2022:10:19:36 +0800] "GET /xingrg/servlets/image?cache=0.8716510773641476&image=px HTTP/1.1" 200 807
116.238.139.35 - - [15/Nov/2022:10:19:37 +0800] "GET /xingrg/kc/buy/cgsh_order_add.html HTTP/1.1" 200 69356
116.238.139.35 - - [15/Nov/2022:10:19:37 +0800] "POST /xingrg/kc/buy/cgsh_order_operate.html HTTP/1.1" 200 8245
116.238.139.35 - - [15/Nov/2022:10:19:37 +0800] "GET /xingrg/javascript/easyui/themes/default/validatebox.css HTTP/1.1" 404 1104
180.169.147.146 - - [15/Nov/2022:10:19:37 +0800] "POST /xingrg/all/report/report_print.html HTTP/1.1" 200 7168
180.169.147.146 - - [15/Nov/2022:10:19:38 +0800] "GET /xingrg/all/function/internal_message.html?_=1668478780855&CODE_STATE=getMsg HTTP/1.1" 200 27
180.169.147.146 - - [15/Nov/2022:10:19:38 +0800] "GET /xingrg/check_reg.html?_=1668478780856 HTTP/1.1" 200 22
58.221.95.50 - - [15/Nov/2022:10:19:39 +0800] "GET /xingrg/check_reg.html?_=1668478765293 HTTP/1.1" 302 -
114.88.159.190 - - [15/Nov/2022:10:19:39 +0800] "GET /xingrg/check_reg.html?_=1668478391508 HTTP/1.1" 200 22
114.88.159.190 - - [15/Nov/2022:10:19:39 +0800] "GET /xingrg/all/function/internal_message.html?_=1668478391510&CODE_STATE=getMsg HTTP/1.1" 200 27
116.238.139.35 - - [15/Nov/2022:10:19:45 +0800] "GET /xingrg/kc/base/wldb_order_add.html HTTP/1.1" 200 30398
116.238.139.35 - - [15/Nov/2022:10:19:45 +0800] "POST /xingrg/kc/base/wldb_order_operate.html HTTP/1.1" 200 6806
116.238.139.35 - - [15/Nov/2022:10:19:45 +0800] "GET /xingrg/javascript/easyui/themes/default/validatebox.css HTTP/1.1" 404 1104
116.238.139.35 - - [15/Nov/2022:10:19:47 +0800] "POST /xingrg/all/common/load_combo.html?type=base HTTP/1.1" 200 3227
116.238.139.35 - - [15/Nov/2022:10:19:47 +0800] "GET /xingrg/kc/buy/cgsh_order_operate.html?command=get_materiel&rest_code=00150&code=00101009057&supplier_code=00100022&order_time=2022-11-15 HTTP/1.1" 200 427
61.170.232.70 - - [15/Nov/2022:10:19:49 +0800] "GET /xingrg/all/function/internal_message.html?_=1668478794486&CODE_STATE=getMsg HTTP/1.1" 200 27
114.83.219.57 - - [15/Nov/2022:10:19:52 +0800] "GET /xingrg/kc/base/wldb_order_operate.html?command=get_materiel&rest_code=00154&base_code=0010724&code=00101019164 HTTP/1.1" 200 466
114.95.46.117 - - [15/Nov/2022:10:19:53 +0800] "GET /xingrg/all/function/internal_message.html?_=1668478645333&CODE_STATE=getMsg HTTP/1.1" 200 27
116.238.139.35 - - [15/Nov/2022:10:19:54 +0800] "GET /xingrg/kc/base/wldb_order_operate.html?command=get_materiel&rest_code=00150&base_code=0010446&code=00102002315 HTTP/1.1" 200 461
180.162.229.95 - - [15/Nov/2022:10:19:56 +0800] "POST /xingrg/kc/buy/cgsh_order_operate.html HTTP/1.1" 200 37
114.83.219.57 - - [15/Nov/2022:10:19:57 +0800] "GET /xingrg/all/function/internal_message.html?_=1668478919621&CODE_STATE=getMsg HTTP/1.1" 200 27
180.169.147.146 - - [15/Nov/2022:10:19:58 +0800] "GET /xingrg/kc/buy/buy_main.html HTTP/1.1" 200 12412
180.169.147.146 - - [15/Nov/2022:10:19:58 +0800] "GET /xingrg/css/new_ie.css HTTP/1.1" 404 1036
180.169.147.146 - - [15/Nov/2022:10:19:59 +0800] "GET /xingrg/images/yd/bt.gif HTTP/1.1" 404 1040
180.162.229.95 - - [15/Nov/2022:10:20:00 +0800] "POST /xingrg/kc/buy/cgsh_order_operate.html HTTP/1.1" 200 12
180.162.229.95 - - [15/Nov/2022:10:20:02 +0800] "GET /xingrg/kc/buy/cgsh_order_info.html?code=212022111504857 HTTP/1.1" 200 64290
180.162.229.95 - - [15/Nov/2022:10:20:02 +0800] "GET /xingrg/javascript/easyui/themes/default/validatebox.css HTTP/1.1" 404 1104
180.162.229.95 - - [15/Nov/2022:10:20:03 +0800] "POST /xingrg/kc/buy/cgsh_order_operate.html HTTP/1.1" 200 1201
116.238.139.35 - - [15/Nov/2022:10:20:04 +0800] "GET /xingrg/all/function/internal_message.html?_=1668478807053&CODE_STATE=getMsg HTTP/1.1" 200 27
180.162.229.95 - - [15/Nov/2022:10:20:05 +0800] "GET /xingrg/kc/print/load_data.html?order_code=212022111504857&kc_code=cgsh&condition= HTTP/1.1" 200 905
116.238.139.35 - - [15/Nov/2022:10:20:07 +0800] "POST /xingrg/kc/base/wldb_order_operate.html HTTP/1.1" 200 37
116.238.139.35 - - [15/Nov/2022:10:20:09 +0800] "POST /xingrg/kc/base/wldb_order_operate.html HTTP/1.1" 200 12
116.238.139.35 - - [15/Nov/2022:10:20:09 +0800] "POST /xingrg/kc/base/wldb_order_operate.html HTTP/1.1" 200 2213
116.238.139.35 - - [15/Nov/2022:10:20:10 +0800] "GET /xingrg/kc/base/wldb_order_info.html?code=422022111501184 HTTP/1.1" 200 26281
116.238.139.35 - - [15/Nov/2022:10:20:11 +0800] "GET /xingrg/javascript/easyui/themes/default/validatebox.css HTTP/1.1" 404 1104
116.238.139.35 - - [15/Nov/2022:10:20:11 +0800] "POST /xingrg/kc/base/wldb_order_operate.html HTTP/1.1" 200 507
222.70.183.206 - - [15/Nov/2022:10:20:12 +0800] "GET /xingrg/all/function/internal_message.html?_=1668478815639&CODE_STATE=getMsg HTTP/1.1" 200 27
180.162.229.95 - - [15/Nov/2022:10:20:15 +0800] "GET /xingrg/kc/base/wldb_order_list.html HTTP/1.1" 200 19101
180.162.229.95 - - [15/Nov/2022:10:20:16 +0800] "POST /xingrg/kc/base/wldb_list_operate.html HTTP/1.1" 200 928
180.169.147.146 - - [15/Nov/2022:10:20:16 +0800] "GET /xingrg/kc/buy/cgsh_order_list.html HTTP/1.1" 200 53581
180.162.229.95 - - [15/Nov/2022:10:20:17 +0800] "GET /xingrg/kc/base/wldb_order_add.html HTTP/1.1" 200 30380
180.162.229.95 - - [15/Nov/2022:10:20:17 +0800] "POST /xingrg/kc/base/wldb_order_operate.html HTTP/1.1" 200 6806
180.162.229.95 - - [15/Nov/2022:10:20:17 +0800] "GET /xingrg/all/common/auto_word.html?type=base&rest_code=00102 HTTP/1.1" 200 1857
180.162.229.95 - - [15/Nov/2022:10:20:17 +0800] "GET /xingrg/all/common/auto_word.html?type=base&rest_code=00102 HTTP/1.1" 200 1857
180.162.229.95 - - [15/Nov/2022:10:20:17 +0800] "GET /xingrg/javascript/easyui/themes/default/validatebox.css HTTP/1.1" 404 1104
116.230.105.139 - - [15/Nov/2022:10:20:18 +0800] "GET /xingrg/all/function/internal_message.html?_=1668478801977&CODE_STATE=getMsg HTTP/1.1" 200 27
180.162.229.95 - - [15/Nov/2022:10:20:18 +0800] "POST /xingrg/all/common/load_combo.html?type=base HTTP/1.1" 200 3321
180.169.147.146 - - [15/Nov/2022:10:20:19 +0800] "POST /xingrg/kc/buy/cgsh_list_operate.html HTTP/1.1" 200 6080
116.238.139.35 - - [15/Nov/2022:10:20:19 +0800] "GET /xingrg/kc/buy/cgsh_order_operate.html?command=get_materiel&rest_code=00150&code=00101009044&supplier_code=00100022&order_time=2022-11-15 HTTP/1.1" 200 412
180.162.229.95 - - [15/Nov/2022:10:20:21 +0800] "POST /xingrg/all/common/load_combo.html?type=base HTTP/1.1" 200 3321
101.83.240.183 - - [15/Nov/2022:10:20:22 +0800] "GET /xingrg/all/function/internal_message.html?_=1668478824640&CODE_STATE=getMsg HTTP/1.1" 200 27
116.238.139.35 - - [15/Nov/2022:10:20:22 +0800] "GET /xingrg/kc/base/yddb_order_list.html HTTP/1.1" 200 16713
116.238.139.35 - - [15/Nov/2022:10:20:23 +0800] "POST /xingrg/kc/base/yddb_list_operate.html HTTP/1.1" 200 636
180.169.147.146 - - [15/Nov/2022:10:20:23 +0800] "POST /xingrg/kc/buy/cgsh_list_operate.html HTTP/1.1" 200 200
180.169.147.146 - - [15/Nov/2022:10:20:24 +0800] "GET /xingrg/kc/buy/cgsh_order_info.html?code=212022111404770 HTTP/1.1" 200 69366
180.169.147.146 - - [15/Nov/2022:10:20:24 +0800] "GET /xingrg/words/20221114140312_words.js HTTP/1.1" 304 -
180.169.147.146 - - [15/Nov/2022:10:20:24 +0800] "GET /xingrg/all/common/auto_word.html?type=employee&rest_code=00147 HTTP/1.1" 200 101
180.169.147.146 - - [15/Nov/2022:10:20:24 +0800] "GET /xingrg/javascript/easyui/themes/default/validatebox.css HTTP/1.1" 404 1104
180.169.147.146 - - [15/Nov/2022:10:20:24 +0800] "GET /xingrg/all/common/auto_word.html?type=employee&rest_code=00147 HTTP/1.1" 200 101
116.238.139.35 - - [15/Nov/2022:10:20:24 +0800] "GET /xingrg/kc/base/yddb_order_add.html HTTP/1.1" 200 29869
116.238.139.35 - - [15/Nov/2022:10:20:24 +0800] "GET /xingrg/javascript/ToolTips.js HTTP/1.1" 304 -
116.238.139.35 - - [15/Nov/2022:10:20:24 +0800] "GET /xingrg/dwr/util.js HTTP/1.1" 304 -
116.238.139.35 - - [15/Nov/2022:10:20:24 +0800] "GET /xingrg/javascript/Calendar.js HTTP/1.1" 304 -
116.238.139.35 - - [15/Nov/2022:10:20:24 +0800] "GET /xingrg/javascript/myfunction.js HTTP/1.1" 304 -
116.238.139.35 - - [15/Nov/2022:10:20:24 +0800] "GET /xingrg/css/blue.css HTTP/1.1" 304 -
116.238.139.35 - - [15/Nov/2022:10:20:24 +0800] "GET /xingrg/javascript/AjaxInfoList.js HTTP/1.1" 304 -
116.238.139.35 - - [15/Nov/2022:10:20:24 +0800] "GET /xingrg/javascript/checkform.js HTTP/1.1" 304 -
116.238.139.35 - - [15/Nov/2022:10:20:24 +0800] "GET /xingrg/javascript/Grid.js HTTP/1.1" 304 -
116.238.139.35 - - [15/Nov/2022:10:20:24 +0800] "GET /xingrg/dwr/interface/AjaxYddbService.js HTTP/1.1" 200 13201
116.238.139.35 - - [15/Nov/2022:10:20:24 +0800] "GET /xingrg/dwr/interface/AjaxComOrderService.js HTTP/1.1" 200 18264
116.238.139.35 - - [15/Nov/2022:10:20:24 +0800] "GET /xingrg/dwr/engine.js HTTP/1.1" 200 43631
116.238.139.35 - - [15/Nov/2022:10:20:24 +0800] "GET /xingrg/javascript/jquery_easy_ui/themes/icons/edit_add_new.png HTTP/1.1" 304 -
116.238.139.35 - - [15/Nov/2022:10:20:24 +0800] "GET /xingrg/javascript/jquery_easy_ui/themes/icons/print.png HTTP/1.1" 304 -
116.238.139.35 - - [15/Nov/2022:10:20:24 +0800] "GET /xingrg/javascript/jquery_easy_ui/themes/icons/check_new.png HTTP/1.1" 304 -
116.238.139.35 - - [15/Nov/2022:10:20:24 +0800] "GET /xingrg/javascript/jquery_easy_ui/themes/default/images/menu_downarrow.png HTTP/1.1" 304 -
116.238.139.35 - - [15/Nov/2022:10:20:24 +0800] "GET /xingrg/javascript/jquery_easy_ui/themes/icons/cance_new.png HTTP/1.1" 304 -
116.238.139.35 - - [15/Nov/2022:10:20:24 +0800] "GET /xingrg/javascript/jquery_easy_ui/themes/icons/back_new.png HTTP/1.1" 304 -
116.238.139.35 - - [15/Nov/2022:10:20:24 +0800] "GET /xingrg/images/blue/button/kc_tab_add.gif HTTP/1.1" 304 -
116.238.139.35 - - [15/Nov/2022:10:20:24 +0800] "GET /xingrg/images/blue/button/kc_tab_edit.gif HTTP/1.1" 304 -
116.238.139.35 - - [15/Nov/2022:10:20:24 +0800] "GET /xingrg/images/blue/button/kc_tab_save.gif HTTP/1.1" 304 -
116.238.139.35 - - [15/Nov/2022:10:20:24 +0800] "GET /xingrg/images/blue/button/kc_tab_del.gif HTTP/1.1" 304 -
116.238.139.35 - - [15/Nov/2022:10:20:24 +0800] "GET /xingrg/images/blue/kc_tab_left.gif HTTP/1.1" 304 -
116.238.139.35 - - [15/Nov/2022:10:20:24 +0800] "GET /xingrg/images/blue/kc_tab_mid.gif HTTP/1.1" 304 -
116.238.139.35 - - [15/Nov/2022:10:20:24 +0800] "GET /xingrg/images/blue/kc_tab2_left.gif HTTP/1.1" 304 -
116.238.139.35 - - [15/Nov/2022:10:20:24 +0800] "GET /xingrg/images/blue/kc_tab_right.gif HTTP/1.1" 304 -
116.238.139.35 - - [15/Nov/2022:10:20:24 +0800] "GET /xingrg/images/blue/kc_tab2_right.gif HTTP/1.1" 304 -
116.238.139.35 - - [15/Nov/2022:10:20:25 +0800] "GET /xingrg/javascript/jquery_easy_ui/themes/default/images/button_plain_hover.png HTTP/1.1" 304 -
180.169.147.146 - - [15/Nov/2022:10:20:25 +0800] "POST /xingrg/kc/buy/cgsh_order_operate.html HTTP/1.1" 200 2656
180.169.147.146 - - [15/Nov/2022:10:20:29 +0800] "GET /xingrg/javascript/auto/indicator.gif HTTP/1.1" 404 1066
116.238.139.35 - - [15/Nov/2022:10:20:30 +0800] "GET /xingrg/images/blue/wait.gif HTTP/1.1" 304 -
116.238.139.35 - - [15/Nov/2022:10:20:30 +0800] "POST /xingrg/dwr/call/plaincall/AjaxYddbService.getRestBases.dwr HTTP/1.1" 200 1616
116.238.139.35 - - [15/Nov/2022:10:20:31 +0800] "GET /xingrg/kc/buy/cgsh_order_operate.html?command=get_materiel&rest_code=00150&code=00101009079&supplier_code=00100022&order_time=2022-11-15 HTTP/1.1" 200 409
180.162.229.95 - - [15/Nov/2022:10:20:31 +0800] "GET /xingrg/all/function/internal_message.html?_=1668478833286&CODE_STATE=getMsg HTTP/1.1" 200 27
116.238.139.35 - - [15/Nov/2022:10:20:33 +0800] "GET /xingrg/all/function/internal_message.html?_=1668478751663&CODE_STATE=getMsg HTTP/1.1" 200 27
218.81.217.29 - - [15/Nov/2022:10:20:35 +0800] "GET /xingrg/all/function/internal_message.html?_=1668478843868&CODE_STATE=getMsg HTTP/1.1" 200 27
180.169.147.146 - - [15/Nov/2022:10:20:35 +0800] "POST /xingrg/kc/buy/cgsh_order_operate.html HTTP/1.1" 200 37
180.169.147.146 - - [15/Nov/2022:10:20:37 +0800] "POST /xingrg/kc/buy/cgsh_order_operate.html HTTP/1.1" 200 2656
116.238.139.35 - - [15/Nov/2022:10:20:38 +0800] "POST /xingrg/dwr/call/plaincall/AjaxYddbService.saveOrder.dwr HTTP/1.1" 200 78
180.169.147.146 - - [15/Nov/2022:10:20:38 +0800] "GET /xingrg/all/function/internal_message.html?_=1668478840840&CODE_STATE=getMsg HTTP/1.1" 200 27
114.88.159.190 - - [15/Nov/2022:10:20:39 +0800] "GET /xingrg/all/function/internal_message.html?_=1668478451523&CODE_STATE=getMsg HTTP/1.1" 200 27
116.238.139.35 - - [15/Nov/2022:10:20:41 +0800] "GET /xingrg/images/yd/bt.gif HTTP/1.1" 404 1040
116.238.139.35 - - [15/Nov/2022:10:20:44 +0800] "POST /xingrg/dwr/call/plaincall/AjaxComOrderService.getMaterielSearchList.dwr HTTP/1.1" 200 212780
116.238.139.35 - - [15/Nov/2022:10:20:44 +0800] "POST /xingrg/dwr/call/plaincall/AjaxComOrderService.getMaterielSearchList.dwr HTTP/1.1" 200 718
61.170.232.70 - - [15/Nov/2022:10:20:49 +0800] "GET /xingrg/all/function/internal_message.html?_=1668478854489&CODE_STATE=getMsg HTTP/1.1" 200 27
61.170.232.70 - - [15/Nov/2022:10:20:49 +0800] "GET /xingrg/check_reg.html?_=1668478854494 HTTP/1.1" 200 22
180.162.229.95 - - [15/Nov/2022:10:20:50 +0800] "GET /xingrg/kc/base/wldb_order_operate.html?command=get_materiel&rest_code=00102&base_code=0010476&code=00101019306 HTTP/1.1" 200 478
116.238.139.35 - - [15/Nov/2022:10:20:50 +0800] "POST /xingrg/dwr/call/plaincall/AjaxComOrderService.getMaterielSearchList.dwr HTTP/1.1" 200 297
116.238.139.35 - - [15/Nov/2022:10:20:52 +0800] "POST /xingrg/dwr/call/plaincall/AjaxYddbService.getMaterielByMap.dwr HTTP/1.1" 200 3945
114.95.46.117 - - [15/Nov/2022:10:20:53 +0800] "GET /xingrg/all/function/internal_message.html?_=1668478705324&CODE_STATE=getMsg HTTP/1.1" 200 27
58.35.213.73 - - [15/Nov/2022:10:20:55 +0800] "POST /xingrg/services/DataTransmitService HTTP/1.1" 200 524
116.238.139.35 - - [15/Nov/2022:10:20:55 +0800] "POST /xingrg/dwr/call/plaincall/AjaxYddbService.getUnitPrice.dwr HTTP/1.1" 200 86
58.35.213.73 - - [15/Nov/2022:10:20:55 +0800] "POST /xingrg/services/DataTransmitService HTTP/1.1" 200 2147
58.35.213.73 - - [15/Nov/2022:10:20:55 +0800] "POST /xingrg/services/DataTransmitService HTTP/1.1" 200 1635
58.35.213.73 - - [15/Nov/2022:10:20:56 +0800] "POST /xingrg/services/DataTransmitService HTTP/1.1" 200 117323
114.83.219.57 - - [15/Nov/2022:10:20:57 +0800] "GET /xingrg/all/function/internal_message.html?_=1668478979609&CODE_STATE=getMsg HTTP/1.1" 200 27
114.83.219.57 - - [15/Nov/2022:10:20:57 +0800] "GET /xingrg/check_reg.html?_=1668478979611 HTTP/1.1" 200 22
180.162.229.95 - - [15/Nov/2022:10:20:58 +0800] "GET /xingrg/kc/base/wldb_order_operate.html?command=get_materiel&rest_code=00102&base_code=0010476&code=00101019536 HTTP/1.1" 200 470
116.238.139.35 - - [15/Nov/2022:10:20:59 +0800] "POST /xingrg/dwr/call/plaincall/AjaxYddbService.saveMaterielItem.dwr HTTP/1.1" 200 78
