114.83.219.57 - - [15/Nov/2022:11:27:57 +0800] "GET /xingrg/all/function/internal_message.html?_=1668482999603&CODE_STATE=getMsg HTTP/1.1" 200 27
180.162.115.118 - - [15/Nov/2022:11:28:00 +0800] "GET /xingrg/check_reg.html?_=1668481930837 HTTP/1.1" 200 22
180.162.115.118 - - [15/Nov/2022:11:28:00 +0800] "GET /xingrg/all/function/internal_message.html?_=1668481930839&CODE_STATE=getMsg HTTP/1.1" 200 27
180.162.115.118 - - [15/Nov/2022:11:28:02 +0800] "GET /xingrg/kc/buy/cgsh_order_operate.html?command=get_materiel&rest_code=00143&code=00101008354&supplier_code=00100161&order_time=2022-11-15 HTTP/1.1" 200 412
116.238.139.35 - - [15/Nov/2022:11:28:05 +0800] "GET /xingrg/check_reg.html?_=1668482802942 HTTP/1.1" 200 22
116.238.139.35 - - [15/Nov/2022:11:28:05 +0800] "GET /xingrg/all/function/internal_message.html?_=1668482803678&CODE_STATE=getMsg HTTP/1.1" 200 27
180.169.147.146 - - [15/Nov/2022:11:28:09 +0800] "GET /xingrg/check_reg.html?_=1668482892920 HTTP/1.1" 200 22
222.70.183.206 - - [15/Nov/2022:11:28:11 +0800] "GET /xingrg/all/function/internal_message.html?_=1668482894475&CODE_STATE=getMsg HTTP/1.1" 200 27
61.170.232.70 - - [15/Nov/2022:11:28:12 +0800] "GET /xingrg/check_reg.html?_=1668482890268 HTTP/1.1" 200 22
180.162.115.118 - - [15/Nov/2022:11:28:12 +0800] "GET /xingrg/kc/buy/cgsh_order_operate.html?command=get_materiel&rest_code=00143&code=00101008323&supplier_code=00100161&order_time=2022-11-15 HTTP/1.1" 200 408
61.170.232.70 - - [15/Nov/2022:11:28:14 +0800] "GET /xingrg/all/function/internal_message.html?_=1668482892337&CODE_STATE=getMsg HTTP/1.1" 200 27
180.163.29.103 - - [15/Nov/2022:11:28:14 +0800] "GET /xingrg/all/function/internal_message.html?_=1668482832370&CODE_STATE=getMsg HTTP/1.1" 302 -
180.163.29.103 - - [15/Nov/2022:11:28:14 +0800] "GET /xingrg/login.html HTTP/1.1" 200 7641
116.230.105.139 - - [15/Nov/2022:11:28:18 +0800] "GET /xingrg/all/function/internal_message.html?_=1668482881964&CODE_STATE=getMsg HTTP/1.1" 200 27
116.230.105.139 - - [15/Nov/2022:11:28:18 +0800] "GET /xingrg/check_reg.html?_=1668482881965 HTTP/1.1" 200 22
180.169.147.146 - - [15/Nov/2022:11:28:18 +0800] "GET /xingrg/all/function/internal_message.html?_=1668482901184&CODE_STATE=getMsg HTTP/1.1" 200 27
114.95.46.117 - - [15/Nov/2022:11:28:20 +0800] "GET /xingrg/kc/base/wldb_order_operate.html?command=get_materiel&rest_code=00105&base_code=0010508&code=00102002511 HTTP/1.1" 200 435
180.162.115.118 - - [15/Nov/2022:11:28:23 +0800] "GET /xingrg/kc/buy/cgsh_order_operate.html?command=get_materiel&rest_code=00143&code=00101008205&supplier_code=00100161&order_time=2022-11-15 HTTP/1.1" 200 412
180.162.115.118 - - [15/Nov/2022:11:28:26 +0800] "POST /xingrg/kc/buy/cgsh_order_operate.html HTTP/1.1" 200 2065
180.162.229.95 - - [15/Nov/2022:11:28:31 +0800] "GET /xingrg/check_reg.html?_=1668482913279 HTTP/1.1" 200 22
180.162.229.95 - - [15/Nov/2022:11:28:31 +0800] "GET /xingrg/all/function/internal_message.html?_=1668482913282&CODE_STATE=getMsg HTTP/1.1" 200 27
114.95.46.117 - - [15/Nov/2022:11:28:33 +0800] "GET /xingrg/kc/base/wldb_order_operate.html?command=get_materiel&rest_code=00105&base_code=0010508&code=00102001084 HTTP/1.1" 200 432
116.238.139.35 - - [15/Nov/2022:11:28:35 +0800] "GET /xingrg/all/function/internal_message.html?_=1668482918434&CODE_STATE=getMsg HTTP/1.1" 200 27
116.238.139.35 - - [15/Nov/2022:11:28:35 +0800] "GET /xingrg/check_reg.html?_=1668482918440 HTTP/1.1" 200 22
180.162.115.118 - - [15/Nov/2022:11:28:36 +0800] "GET /xingrg/kc/buy/cgsh_order_operate.html?command=get_materiel&rest_code=00143&code=00101008459&supplier_code=00100161&order_time=2022-11-15 HTTP/1.1" 200 409
61.170.232.70 - - [15/Nov/2022:11:28:38 +0800] "GET /xingrg/all/function/internal_message.html?_=1668482921648&CODE_STATE=getMsg HTTP/1.1" 200 27
114.95.46.117 - - [15/Nov/2022:11:28:43 +0800] "GET /xingrg/kc/base/wldb_order_operate.html?command=get_materiel&rest_code=00105&base_code=0010508&code=00102002610 HTTP/1.1" 200 444
180.162.115.118 - - [15/Nov/2022:11:28:47 +0800] "GET /xingrg/kc/buy/cgsh_order_operate.html?command=get_materiel&rest_code=00143&code=00101012029&supplier_code=00100161&order_time=2022-11-15 HTTP/1.1" 200 412
218.81.217.29 - - [15/Nov/2022:11:28:48 +0800] "GET /xingrg/all/function/internal_message.html?_=1668482937024&CODE_STATE=getMsg HTTP/1.1" 200 27
61.170.232.70 - - [15/Nov/2022:11:28:49 +0800] "GET /xingrg/all/function/internal_message.html?_=1668482934492&CODE_STATE=getMsg HTTP/1.1" 200 27
114.95.46.117 - - [15/Nov/2022:11:28:53 +0800] "GET /xingrg/all/function/internal_message.html?_=1668482785417&CODE_STATE=getMsg HTTP/1.1" 200 27
101.85.95.132 - - [15/Nov/2022:11:28:54 +0800] "GET /xingrg/check_reg.html?_=1668482935896 HTTP/1.1" 200 22
101.85.95.132 - - [15/Nov/2022:11:28:54 +0800] "GET /xingrg/all/function/internal_message.html?_=1668482935898&CODE_STATE=getMsg HTTP/1.1" 200 27
180.162.115.118 - - [15/Nov/2022:11:28:56 +0800] "GET /xingrg/kc/buy/cgsh_order_operate.html?command=get_materiel&rest_code=00143&code=00101012024&supplier_code=00100161&order_time=2022-11-15 HTTP/1.1" 200 408
114.83.219.57 - - [15/Nov/2022:11:28:57 +0800] "GET /xingrg/all/function/internal_message.html?_=1668483059620&CODE_STATE=getMsg HTTP/1.1" 200 27
180.162.115.118 - - [15/Nov/2022:11:29:00 +0800] "GET /xingrg/all/function/internal_message.html?_=1668481990859&CODE_STATE=getMsg HTTP/1.1" 200 27
116.238.139.35 - - [15/Nov/2022:11:29:05 +0800] "GET /xingrg/all/function/internal_message.html?_=1668482863692&CODE_STATE=getMsg HTTP/1.1" 200 27
114.95.46.117 - - [15/Nov/2022:11:29:10 +0800] "GET /xingrg/kc/base/wldb_order_operate.html?command=get_materiel&rest_code=00105&base_code=0010508&code=00102002451 HTTP/1.1" 200 433
222.70.183.206 - - [15/Nov/2022:11:29:11 +0800] "GET /xingrg/all/function/internal_message.html?_=1668482954459&CODE_STATE=getMsg HTTP/1.1" 200 27
180.163.29.206 - - [15/Nov/2022:11:29:12 +0800] "GET /xingrg/check_reg.html?_=1668482890268 HTTP/1.1" 302 -
180.163.29.206 - - [15/Nov/2022:11:29:12 +0800] "GET /xingrg/login.html HTTP/1.1" 200 7641
180.162.115.118 - - [15/Nov/2022:11:29:12 +0800] "POST /xingrg/kc/buy/cgsh_order_operate.html HTTP/1.1" 200 37
61.170.232.70 - - [15/Nov/2022:11:29:14 +0800] "GET /xingrg/all/function/internal_message.html?_=1668482952313&CODE_STATE=getMsg HTTP/1.1" 200 27
180.162.115.118 - - [15/Nov/2022:11:29:14 +0800] "POST /xingrg/kc/buy/cgsh_order_operate.html HTTP/1.1" 200 15625
116.230.105.139 - - [15/Nov/2022:11:29:18 +0800] "GET /xingrg/all/function/internal_message.html?_=1668482941963&CODE_STATE=getMsg HTTP/1.1" 200 27
180.169.147.146 - - [15/Nov/2022:11:29:18 +0800] "GET /xingrg/all/function/internal_message.html?_=1668482961171&CODE_STATE=getMsg HTTP/1.1" 200 27
114.95.46.117 - - [15/Nov/2022:11:29:20 +0800] "POST /xingrg/kc/base/wldb_order_operate.html HTTP/1.1" 200 37
114.95.46.117 - - [15/Nov/2022:11:29:20 +0800] "POST /xingrg/kc/base/wldb_order_operate.html HTTP/1.1" 200 4587
114.95.46.117 - - [15/Nov/2022:11:29:21 +0800] "GET /xingrg/kc/base/wldb_order_info.html?code=422022111501196 HTTP/1.1" 200 30399
114.95.46.117 - - [15/Nov/2022:11:29:21 +0800] "GET /xingrg/words/20221115110437_words.js HTTP/1.1" 304 -
114.95.46.117 - - [15/Nov/2022:11:29:21 +0800] "GET /xingrg/javascript/easyui/themes/default/validatebox.css HTTP/1.1" 404 1104
114.95.46.117 - - [15/Nov/2022:11:29:22 +0800] "POST /xingrg/kc/base/wldb_order_operate.html HTTP/1.1" 200 4587
180.162.229.95 - - [15/Nov/2022:11:29:31 +0800] "GET /xingrg/all/function/internal_message.html?_=1668482973280&CODE_STATE=getMsg HTTP/1.1" 200 27
116.238.139.35 - - [15/Nov/2022:11:29:35 +0800] "GET /xingrg/all/function/internal_message.html?_=1668482978451&CODE_STATE=getMsg HTTP/1.1" 200 27
61.170.232.70 - - [15/Nov/2022:11:29:38 +0800] "GET /xingrg/all/function/internal_message.html?_=1668482981648&CODE_STATE=getMsg HTTP/1.1" 200 27
58.221.95.50 - - [15/Nov/2022:11:29:40 +0800] "GET /xingrg/check_reg.html?_=1668482965940 HTTP/1.1" 302 -
61.170.232.70 - - [15/Nov/2022:11:29:49 +0800] "GET /xingrg/all/function/internal_message.html?_=1668482994496&CODE_STATE=getMsg HTTP/1.1" 200 27
218.81.217.29 - - [15/Nov/2022:11:29:49 +0800] "GET /xingrg/all/function/internal_message.html?_=1668482997708&CODE_STATE=getMsg HTTP/1.1" 200 27
114.95.46.117 - - [15/Nov/2022:11:29:53 +0800] "GET /xingrg/all/function/internal_message.html?_=1668482845396&CODE_STATE=getMsg HTTP/1.1" 200 27
101.85.95.132 - - [15/Nov/2022:11:29:54 +0800] "GET /xingrg/all/function/internal_message.html?_=1668482995898&CODE_STATE=getMsg HTTP/1.1" 200 27
114.95.46.117 - - [15/Nov/2022:11:29:56 +0800] "POST /xingrg/kc/base/wldb_order_operate.html HTTP/1.1" 200 37
114.83.219.57 - - [15/Nov/2022:11:29:57 +0800] "GET /xingrg/all/function/internal_message.html?_=1668483119608&CODE_STATE=getMsg HTTP/1.1" 200 27
114.95.46.117 - - [15/Nov/2022:11:29:57 +0800] "POST /xingrg/kc/base/wldb_order_operate.html HTTP/1.1" 200 4587
114.95.46.117 - - [15/Nov/2022:11:29:58 +0800] "GET /xingrg/kc/base/wldb_order_info.html?code=422022111501196 HTTP/1.1" 200 30399
114.95.46.117 - - [15/Nov/2022:11:29:58 +0800] "GET /xingrg/javascript/easyui/themes/default/validatebox.css HTTP/1.1" 404 1104
114.95.46.117 - - [15/Nov/2022:11:29:59 +0800] "POST /xingrg/kc/base/wldb_order_operate.html HTTP/1.1" 200 4587
180.162.115.118 - - [15/Nov/2022:11:30:00 +0800] "GET /xingrg/all/function/internal_message.html?_=1668482050853&CODE_STATE=getMsg HTTP/1.1" 200 27
114.95.46.117 - - [15/Nov/2022:11:30:03 +0800] "GET /xingrg/kc/base/wldb_order_add.html HTTP/1.1" 200 30384
114.95.46.117 - - [15/Nov/2022:11:30:03 +0800] "GET /xingrg/javascript/easyui/themes/default/validatebox.css HTTP/1.1" 404 1104
114.95.46.117 - - [15/Nov/2022:11:30:03 +0800] "POST /xingrg/kc/base/wldb_order_operate.html HTTP/1.1" 200 6806
101.85.95.132 - - [15/Nov/2022:11:30:04 +0800] "GET /xingrg/javascript/jquery_easy_ui/themes/default/images/tabs_close.gif HTTP/1.1" 304 -
101.85.95.132 - - [15/Nov/2022:11:30:04 +0800] "GET /xingrg/css/base.css HTTP/1.1" 304 -
101.85.95.132 - - [15/Nov/2022:11:30:04 +0800] "GET /xingrg/javascript/jquery_tools/datebox.css HTTP/1.1" 304 -
101.85.95.132 - - [15/Nov/2022:11:30:04 +0800] "GET /xingrg/javascript/easyui/themes/default/easyui.css HTTP/1.1" 304 -
101.85.95.132 - - [15/Nov/2022:11:30:04 +0800] "GET /xingrg/javascript/auto/jquery.autocomplete.css HTTP/1.1" 304 -
101.85.95.132 - - [15/Nov/2022:11:30:04 +0800] "GET /xingrg/css/site.css HTTP/1.1" 304 -
101.85.95.132 - - [15/Nov/2022:11:30:04 +0800] "GET /xingrg/javascript/easyui/themes/icon.css HTTP/1.1" 304 -
101.85.95.132 - - [15/Nov/2022:11:30:04 +0800] "GET /xingrg/javascript/jquery_tools/fix.css HTTP/1.1" 304 -
101.85.95.132 - - [15/Nov/2022:11:30:04 +0800] "GET /xingrg/javascript/jquery_tools/table.css HTTP/1.1" 304 -
101.85.95.132 - - [15/Nov/2022:11:30:04 +0800] "GET /xingrg/javascript/jquery_tools/jquery.tools.extend.js HTTP/1.1" 304 -
101.85.95.132 - - [15/Nov/2022:11:30:04 +0800] "GET /xingrg/javascript/jquery_tools/jquery.tools.min.js HTTP/1.1" 304 -
101.85.95.132 - - [15/Nov/2022:11:30:04 +0800] "GET /xingrg/javascript/jquery_tools/jquery.tools.hotkey.js HTTP/1.1" 304 -
101.85.95.132 - - [15/Nov/2022:11:30:04 +0800] "GET /xingrg/javascript/jquery_tools/jquery.tools.table.js HTTP/1.1" 304 -
101.85.95.132 - - [15/Nov/2022:11:30:04 +0800] "GET /xingrg/kc/buy/cgsh_order_list.html HTTP/1.1" 200 53581
101.85.95.132 - - [15/Nov/2022:11:30:04 +0800] "GET /xingrg/javascript/auto/jquery.autocomplete.js HTTP/1.1" 304 -
101.85.95.132 - - [15/Nov/2022:11:30:04 +0800] "GET /xingrg/javascript/jquery_tools/list_manager.js HTTP/1.1" 304 -
101.85.95.132 - - [15/Nov/2022:11:30:04 +0800] "GET /xingrg/javascript/jquery.cookie.js HTTP/1.1" 304 -
101.85.95.132 - - [15/Nov/2022:11:30:04 +0800] "GET /xingrg/javascript/easyui/easyloader.js HTTP/1.1" 304 -
101.85.95.132 - - [15/Nov/2022:11:30:04 +0800] "GET /xingrg/javascript/print/LodopFuncs.js HTTP/1.1" 304 -
101.85.95.132 - - [15/Nov/2022:11:30:04 +0800] "GET /xingrg/javascript/easyui/themes/icons/edit_add_new.png HTTP/1.1" 304 -
101.85.95.132 - - [15/Nov/2022:11:30:04 +0800] "GET /xingrg/javascript/easyui/themes/icons/cance_new.png HTTP/1.1" 304 -
101.85.95.132 - - [15/Nov/2022:11:30:04 +0800] "GET /xingrg/javascript/easyui/themes/icons/check_new.png HTTP/1.1" 304 -
101.85.95.132 - - [15/Nov/2022:11:30:04 +0800] "GET /xingrg/javascript/easyui/themes/icons/field_new.png HTTP/1.1" 304 -
101.85.95.132 - - [15/Nov/2022:11:30:04 +0800] "GET /xingrg/javascript/easyui/themes/icons/import_new.png HTTP/1.1" 304 -
101.85.95.132 - - [15/Nov/2022:11:30:04 +0800] "GET /xingrg/javascript/easyui/plugins/jquery.parser.js HTTP/1.1" 304 -
101.85.95.132 - - [15/Nov/2022:11:30:04 +0800] "GET /xingrg/images/control/ajaxLoader.gif HTTP/1.1" 304 -
116.238.139.35 - - [15/Nov/2022:11:30:05 +0800] "GET /xingrg/all/function/internal_message.html?_=1668482923706&CODE_STATE=getMsg HTTP/1.1" 200 27
101.85.95.132 - - [15/Nov/2022:11:30:07 +0800] "POST /xingrg/kc/buy/cgsh_list_operate.html HTTP/1.1" 200 1875
101.85.95.132 - - [15/Nov/2022:11:30:08 +0800] "GET /xingrg/javascript/easyui/themes/default/images/button_plain_hover.png HTTP/1.1" 304 -
101.85.95.132 - - [15/Nov/2022:11:30:09 +0800] "GET /xingrg/javascript/pic_change.js HTTP/1.1" 304 -
101.85.95.132 - - [15/Nov/2022:11:30:09 +0800] "GET /xingrg/javascript/jquery_tools/order_manager.js HTTP/1.1" 304 -
101.85.95.132 - - [15/Nov/2022:11:30:09 +0800] "GET /xingrg/javascript/convert.js HTTP/1.1" 304 -
101.85.95.132 - - [15/Nov/2022:11:30:09 +0800] "GET /xingrg/javascript/json2.js HTTP/1.1" 304 -
101.85.95.132 - - [15/Nov/2022:11:30:09 +0800] "GET /xingrg/javascript/print/kc_print.js HTTP/1.1" 304 -
101.85.95.132 - - [15/Nov/2022:11:30:09 +0800] "GET /xingrg/kc/buy/cgsh_order_add.html HTTP/1.1" 200 68475
101.85.95.132 - - [15/Nov/2022:11:30:09 +0800] "GET /xingrg/words/20221115110437_words.js HTTP/1.1" 200 932409
101.85.95.132 - - [15/Nov/2022:11:30:09 +0800] "GET /xingrg/javascript/easyui/themes/icons/copy_new.png HTTP/1.1" 304 -
101.85.95.132 - - [15/Nov/2022:11:30:09 +0800] "GET /xingrg/javascript/easyui/themes/icons/template_new.png HTTP/1.1" 304 -
101.85.95.132 - - [15/Nov/2022:11:30:09 +0800] "GET /xingrg/javascript/easyui/themes/icons/ok.png HTTP/1.1" 304 -
101.85.95.132 - - [15/Nov/2022:11:30:09 +0800] "GET /xingrg/javascript/easyui/themes/icons/print.png HTTP/1.1" 304 -
101.85.95.132 - - [15/Nov/2022:11:30:09 +0800] "GET /xingrg/javascript/easyui/themes/default/images/menu_downarrow.png HTTP/1.1" 304 -
101.85.95.132 - - [15/Nov/2022:11:30:09 +0800] "GET /xingrg/javascript/easyui/themes/icons/cancel.png HTTP/1.1" 304 -
101.85.95.132 - - [15/Nov/2022:11:30:10 +0800] "GET /xingrg/javascript/easyui/themes/default/validatebox.css HTTP/1.1" 404 1104
101.85.95.132 - - [15/Nov/2022:11:30:10 +0800] "GET /xingrg/javascript/easyui/plugins/jquery.validatebox.js HTTP/1.1" 304 -
101.85.95.132 - - [15/Nov/2022:11:30:10 +0800] "GET /xingrg/all/common/auto_word.html?type=employee&rest_code=00142 HTTP/1.1" 200 105
101.85.95.132 - - [15/Nov/2022:11:30:10 +0800] "GET /xingrg/javascript/easyui/plugins/jquery.numberbox.js HTTP/1.1" 304 -
101.85.95.132 - - [15/Nov/2022:11:30:10 +0800] "GET /xingrg/all/common/auto_word.html?type=employee&rest_code=00142 HTTP/1.1" 200 105
101.85.95.132 - - [15/Nov/2022:11:30:10 +0800] "POST /xingrg/kc/buy/cgsh_order_operate.html HTTP/1.1" 200 8245
101.85.95.132 - - [15/Nov/2022:11:30:10 +0800] "GET /xingrg/javascript/easyui/themes/icons/edit_remove.png HTTP/1.1" 304 -
222.70.183.206 - - [15/Nov/2022:11:30:11 +0800] "GET /xingrg/all/function/internal_message.html?_=1668483014429&CODE_STATE=getMsg HTTP/1.1" 200 27
101.85.95.132 - - [15/Nov/2022:11:30:13 +0800] "GET /xingrg/javascript/auto/indicator.gif HTTP/1.1" 404 1066
180.163.28.114 - - [15/Nov/2022:11:30:14 +0800] "GET /xingrg/all/function/internal_message.html?_=1668482952313&CODE_STATE=getMsg HTTP/1.1" 302 -
180.163.28.114 - - [15/Nov/2022:11:30:14 +0800] "GET /xingrg/login.html HTTP/1.1" 200 7641
61.170.232.70 - - [15/Nov/2022:11:30:14 +0800] "GET /xingrg/all/function/internal_message.html?_=1668483012294&CODE_STATE=getMsg HTTP/1.1" 200 27
116.230.105.139 - - [15/Nov/2022:11:30:18 +0800] "GET /xingrg/all/function/internal_message.html?_=1668483001977&CODE_STATE=getMsg HTTP/1.1" 200 27
180.169.147.146 - - [15/Nov/2022:11:30:18 +0800] "GET /xingrg/all/function/internal_message.html?_=1668483021147&CODE_STATE=getMsg HTTP/1.1" 200 27
101.85.95.132 - - [15/Nov/2022:11:30:20 +0800] "GET /xingrg/javascript/jquery_tools/images/next.gif HTTP/1.1" 404 1086
101.85.95.132 - - [15/Nov/2022:11:30:20 +0800] "GET /xingrg/javascript/jquery_tools/images/prev.gif HTTP/1.1" 404 1086
180.169.147.146 - - [15/Nov/2022:11:30:24 +0800] "GET /xingrg/kc/buy/buy_main.html HTTP/1.1" 200 12412
180.169.147.146 - - [15/Nov/2022:11:30:24 +0800] "GET /xingrg/css/new_ie.css HTTP/1.1" 404 1036
180.169.147.146 - - [15/Nov/2022:11:30:24 +0800] "GET /xingrg/images/yd/bt.gif HTTP/1.1" 404 1040
180.169.147.146 - - [15/Nov/2022:11:30:25 +0800] "GET /xingrg/kc/buy/cgsh_order_list.html HTTP/1.1" 200 53581
180.169.147.146 - - [15/Nov/2022:11:30:28 +0800] "POST /xingrg/kc/buy/cgsh_list_operate.html HTTP/1.1" 200 3148
101.85.95.132 - - [15/Nov/2022:11:30:29 +0800] "GET /xingrg/kc/buy/cgsh_order_operate.html?command=get_materiel&rest_code=00142&code=00101028061&supplier_code=00100567&order_time=2022-11-15 HTTP/1.1" 200 424
180.162.229.95 - - [15/Nov/2022:11:30:31 +0800] "GET /xingrg/all/function/internal_message.html?_=1668483033268&CODE_STATE=getMsg HTTP/1.1" 200 27
116.238.139.35 - - [15/Nov/2022:11:30:35 +0800] "GET /xingrg/all/function/internal_message.html?_=1668483038452&CODE_STATE=getMsg HTTP/1.1" 200 27
180.169.147.146 - - [15/Nov/2022:11:30:37 +0800] "POST /xingrg/kc/buy/cgsh_list_operate.html HTTP/1.1" 200 6315
61.170.232.70 - - [15/Nov/2022:11:30:38 +0800] "GET /xingrg/all/function/internal_message.html?_=1668483041658&CODE_STATE=getMsg HTTP/1.1" 200 27
114.95.46.117 - - [15/Nov/2022:11:30:40 +0800] "GET /xingrg/kc/base/wldb_order_operate.html?command=get_materiel&rest_code=00105&base_code=0010508&code=00102004006 HTTP/1.1" 200 442
180.169.147.146 - - [15/Nov/2022:11:30:43 +0800] "POST /xingrg/kc/buy/cgsh_list_operate.html HTTP/1.1" 200 6275
101.85.95.132 - - [15/Nov/2022:11:30:47 +0800] "POST /xingrg/kc/buy/cgsh_order_operate.html HTTP/1.1" 200 37
61.170.232.70 - - [15/Nov/2022:11:30:49 +0800] "GET /xingrg/check_reg.html?_=1668483054498 HTTP/1.1" 200 22
61.170.232.70 - - [15/Nov/2022:11:30:49 +0800] "GET /xingrg/all/function/internal_message.html?_=1668483054499&CODE_STATE=getMsg HTTP/1.1" 200 27
218.81.217.29 - - [15/Nov/2022:11:30:49 +0800] "GET /xingrg/all/function/internal_message.html?_=1668483057721&CODE_STATE=getMsg HTTP/1.1" 200 27
101.85.95.132 - - [15/Nov/2022:11:30:50 +0800] "POST /xingrg/kc/buy/cgsh_order_operate.html HTTP/1.1" 200 12
114.95.46.117 - - [15/Nov/2022:11:30:50 +0800] "GET /xingrg/kc/base/wldb_order_operate.html?command=get_materiel&rest_code=00105&base_code=0010508&code=00102004030 HTTP/1.1" 200 442
101.85.95.132 - - [15/Nov/2022:11:30:51 +0800] "GET /xingrg/kc/buy/cgsh_order_info.html?code=212022111504873 HTTP/1.1" 200 63376
180.169.147.146 - - [15/Nov/2022:11:30:51 +0800] "POST /xingrg/kc/buy/cgsh_list_operate.html HTTP/1.1" 200 6397
101.85.95.132 - - [15/Nov/2022:11:30:52 +0800] "GET /xingrg/javascript/easyui/themes/default/validatebox.css HTTP/1.1" 404 1104
101.85.95.132 - - [15/Nov/2022:11:30:52 +0800] "POST /xingrg/kc/buy/cgsh_order_operate.html HTTP/1.1" 200 626
114.95.46.117 - - [15/Nov/2022:11:30:53 +0800] "GET /xingrg/all/function/internal_message.html?_=1668482905402&CODE_STATE=getMsg HTTP/1.1" 200 27
101.85.95.132 - - [15/Nov/2022:11:30:54 +0800] "GET /xingrg/all/function/internal_message.html?_=1668483055890&CODE_STATE=getMsg HTTP/1.1" 200 27
101.85.95.132 - - [15/Nov/2022:11:30:55 +0800] "GET /xingrg/kc/print/load_config.html?kc_code=cgsh HTTP/1.1" 200 1943
101.85.95.132 - - [15/Nov/2022:11:30:55 +0800] "GET /xingrg/kc/print/load_data.html?order_code=212022111504873&kc_code=cgsh&condition= HTTP/1.1" 200 724
101.85.95.132 - - [15/Nov/2022:11:30:56 +0800] "GET /xingrg/javascript/jquery_easy_ui/themes/default/images/tabs_active.png HTTP/1.1" 304 -
180.169.147.146 - - [15/Nov/2022:11:30:57 +0800] "POST /xingrg/kc/buy/cgsh_list_operate.html HTTP/1.1" 200 6275
114.83.219.57 - - [15/Nov/2022:11:30:57 +0800] "GET /xingrg/check_reg.html?_=1668483179620 HTTP/1.1" 200 22
114.83.219.57 - - [15/Nov/2022:11:30:57 +0800] "GET /xingrg/all/function/internal_message.html?_=1668483179622&CODE_STATE=getMsg HTTP/1.1" 200 27
180.162.115.118 - - [15/Nov/2022:11:31:00 +0800] "GET /xingrg/all/function/internal_message.html?_=1668482110845&CODE_STATE=getMsg HTTP/1.1" 200 27
101.85.95.132 - - [15/Nov/2022:11:31:01 +0800] "GET /xingrg/kc/buy/cgsh_order_add.html HTTP/1.1" 200 68475
101.85.95.132 - - [15/Nov/2022:11:31:01 +0800] "POST /xingrg/kc/buy/cgsh_order_operate.html HTTP/1.1" 200 8245
101.85.95.132 - - [15/Nov/2022:11:31:01 +0800] "GET /xingrg/javascript/easyui/themes/default/validatebox.css HTTP/1.1" 404 1104
114.95.46.117 - - [15/Nov/2022:11:31:04 +0800] "GET /xingrg/kc/base/wldb_order_operate.html?command=get_materiel&rest_code=00105&base_code=0010508&code=00102002238 HTTP/1.1" 200 434
116.238.139.35 - - [15/Nov/2022:11:31:05 +0800] "GET /xingrg/all/function/internal_message.html?_=1668482983723&CODE_STATE=getMsg HTTP/1.1" 200 27
222.70.183.206 - - [15/Nov/2022:11:31:11 +0800] "GET /xingrg/all/function/internal_message.html?_=1668483074414&CODE_STATE=getMsg HTTP/1.1" 200 27
61.170.232.70 - - [15/Nov/2022:11:31:14 +0800] "GET /xingrg/all/function/internal_message.html?_=1668483072268&CODE_STATE=getMsg HTTP/1.1" 200 27
180.163.29.103 - - [15/Nov/2022:11:31:14 +0800] "GET /xingrg/all/function/internal_message.html?_=1668483012294&CODE_STATE=getMsg HTTP/1.1" 302 -
180.163.29.103 - - [15/Nov/2022:11:31:14 +0800] "GET /xingrg/login.html HTTP/1.1" 200 7641
116.230.105.139 - - [15/Nov/2022:11:31:18 +0800] "GET /xingrg/all/function/internal_message.html?_=1668483061968&CODE_STATE=getMsg HTTP/1.1" 200 27
180.169.147.146 - - [15/Nov/2022:11:31:18 +0800] "GET /xingrg/all/function/internal_message.html?_=1668483081134&CODE_STATE=getMsg HTTP/1.1" 200 27
114.84.81.136 - - [15/Nov/2022:11:31:19 +0800] "GET /xingrg/check_reg.html?_=1668483082506 HTTP/1.1" 302 -
180.162.229.95 - - [15/Nov/2022:11:31:31 +0800] "GET /xingrg/all/function/internal_message.html?_=1668483093284&CODE_STATE=getMsg HTTP/1.1" 200 27
116.238.139.35 - - [15/Nov/2022:11:31:35 +0800] "GET /xingrg/all/function/internal_message.html?_=1668483098455&CODE_STATE=getMsg HTTP/1.1" 200 27
61.170.232.70 - - [15/Nov/2022:11:31:38 +0800] "GET /xingrg/check_reg.html?_=1668483101659 HTTP/1.1" 200 22
61.170.232.70 - - [15/Nov/2022:11:31:38 +0800] "GET /xingrg/all/function/internal_message.html?_=1668483101658&CODE_STATE=getMsg HTTP/1.1" 200 27
114.95.46.117 - - [15/Nov/2022:11:31:45 +0800] "GET /xingrg/kc/base/wldb_order_operate.html?command=get_materiel&rest_code=00105&base_code=0010508&code=00102002347 HTTP/1.1" 200 457
61.170.232.70 - - [15/Nov/2022:11:31:49 +0800] "GET /xingrg/all/function/internal_message.html?_=1668483114486&CODE_STATE=getMsg HTTP/1.1" 200 27
218.81.217.29 - - [15/Nov/2022:11:31:49 +0800] "GET /xingrg/check_reg.html?_=1668483117701 HTTP/1.1" 200 22
218.81.217.29 - - [15/Nov/2022:11:31:49 +0800] "GET /xingrg/all/function/internal_message.html?_=1668483117735&CODE_STATE=getMsg HTTP/1.1" 200 27
114.95.46.117 - - [15/Nov/2022:11:31:53 +0800] "GET /xingrg/all/function/internal_message.html?_=1668482965407&CODE_STATE=getMsg HTTP/1.1" 200 27
101.85.95.132 - - [15/Nov/2022:11:31:54 +0800] "GET /xingrg/all/function/internal_message.html?_=1668483115961&CODE_STATE=getMsg HTTP/1.1" 200 27
114.83.219.57 - - [15/Nov/2022:11:31:57 +0800] "GET /xingrg/all/function/internal_message.html?_=1668483239618&CODE_STATE=getMsg HTTP/1.1" 200 27
180.162.115.118 - - [15/Nov/2022:11:32:00 +0800] "GET /xingrg/all/function/internal_message.html?_=1668482170859&CODE_STATE=getMsg HTTP/1.1" 200 27
116.238.139.35 - - [15/Nov/2022:11:32:05 +0800] "GET /xingrg/all/function/internal_message.html?_=1668483043733&CODE_STATE=getMsg HTTP/1.1" 200 27
114.95.46.117 - - [15/Nov/2022:11:32:05 +0800] "GET /xingrg/kc/base/wldb_order_operate.html?command=get_materiel&rest_code=00105&base_code=0010508&code=00102002362 HTTP/1.1" 200 434
61.170.232.70 - - [15/Nov/2022:11:32:14 +0800] "GET /xingrg/all/function/internal_message.html?_=1668483132246&CODE_STATE=getMsg HTTP/1.1" 200 27
180.169.147.146 - - [15/Nov/2022:11:32:16 +0800] "GET /xingrg/check_reg.html?_=1668483138599 HTTP/1.1" 200 22
116.230.105.139 - - [15/Nov/2022:11:32:18 +0800] "GET /xingrg/all/function/internal_message.html?_=1668483121963&CODE_STATE=getMsg HTTP/1.1" 200 27
180.169.147.146 - - [15/Nov/2022:11:32:18 +0800] "GET /xingrg/all/function/internal_message.html?_=1668483141123&CODE_STATE=getMsg HTTP/1.1" 200 27
116.235.93.82 - - [15/Nov/2022:11:32:25 +0800] "POST /xingrg/services/DataTransmitService HTTP/1.1" 200 524
116.235.93.82 - - [15/Nov/2022:11:32:25 +0800] "POST /xingrg/services/DataTransmitService HTTP/1.1" 200 501
180.162.229.95 - - [15/Nov/2022:11:32:31 +0800] "GET /xingrg/all/function/internal_message.html?_=1668483153282&CODE_STATE=getMsg HTTP/1.1" 200 27
116.238.139.35 - - [15/Nov/2022:11:32:35 +0800] "GET /xingrg/all/function/internal_message.html?_=1668483158461&CODE_STATE=getMsg HTTP/1.1" 200 27
61.170.232.70 - - [15/Nov/2022:11:32:38 +0800] "GET /xingrg/all/function/internal_message.html?_=1668483161660&CODE_STATE=getMsg HTTP/1.1" 200 27
61.170.232.70 - - [15/Nov/2022:11:32:49 +0800] "GET /xingrg/all/function/internal_message.html?_=1668483174486&CODE_STATE=getMsg HTTP/1.1" 200 27
218.81.217.29 - - [15/Nov/2022:11:32:49 +0800] "GET /xingrg/all/function/internal_message.html?_=1668483177748&CODE_STATE=getMsg HTTP/1.1" 200 27
101.85.95.132 - - [15/Nov/2022:11:32:49 +0800] "GET /xingrg/kc/buy/cgsh_order_operate.html?command=get_materiel&rest_code=00142&code=00101008126&supplier_code=00100161&order_time=2022-11-15 HTTP/1.1" 200 412
114.95.46.117 - - [15/Nov/2022:11:32:53 +0800] "GET /xingrg/check_reg.html?_=1668483025397 HTTP/1.1" 200 22
114.95.46.117 - - [15/Nov/2022:11:32:53 +0800] "GET /xingrg/all/function/internal_message.html?_=1668483025400&CODE_STATE=getMsg HTTP/1.1" 200 27
101.85.95.132 - - [15/Nov/2022:11:32:54 +0800] "GET /xingrg/all/function/internal_message.html?_=1668483175943&CODE_STATE=getMsg HTTP/1.1" 200 27
114.83.219.57 - - [15/Nov/2022:11:32:57 +0800] "GET /xingrg/all/function/internal_message.html?_=1668483299611&CODE_STATE=getMsg HTTP/1.1" 200 27
180.162.115.118 - - [15/Nov/2022:11:33:00 +0800] "GET /xingrg/check_reg.html?_=1668482230856 HTTP/1.1" 200 22
180.162.115.118 - - [15/Nov/2022:11:33:00 +0800] "GET /xingrg/all/function/internal_message.html?_=1668482230859&CODE_STATE=getMsg HTTP/1.1" 200 27
101.85.95.132 - - [15/Nov/2022:11:33:01 +0800] "GET /xingrg/kc/buy/cgsh_order_operate.html?command=get_materiel&rest_code=00142&code=00101008108&supplier_code=00100161&order_time=2022-11-15 HTTP/1.1" 200 412
116.238.139.35 - - [15/Nov/2022:11:33:05 +0800] "GET /xingrg/check_reg.html?_=1668483102939 HTTP/1.1" 200 22
116.238.139.35 - - [15/Nov/2022:11:33:05 +0800] "GET /xingrg/all/function/internal_message.html?_=1668483103746&CODE_STATE=getMsg HTTP/1.1" 200 27
180.169.147.146 - - [15/Nov/2022:11:33:09 +0800] "GET /xingrg/check_reg.html?_=1668483192923 HTTP/1.1" 200 22
101.85.95.132 - - [15/Nov/2022:11:33:11 +0800] "GET /xingrg/kc/buy/cgsh_order_operate.html?command=get_materiel&rest_code=00142&code=00101008368&supplier_code=00100161&order_time=2022-11-15 HTTP/1.1" 200 408
61.170.232.70 - - [15/Nov/2022:11:33:12 +0800] "GET /xingrg/check_reg.html?_=1668483190265 HTTP/1.1" 200 22
180.163.28.109 - - [15/Nov/2022:11:33:14 +0800] "GET /xingrg/all/function/internal_message.html?_=1668483132246&CODE_STATE=getMsg HTTP/1.1" 302 -
61.170.232.70 - - [15/Nov/2022:11:33:14 +0800] "GET /xingrg/all/function/internal_message.html?_=1668483192227&CODE_STATE=getMsg HTTP/1.1" 200 27
180.163.28.109 - - [15/Nov/2022:11:33:14 +0800] "GET /xingrg/login.html HTTP/1.1" 200 7641
116.230.105.139 - - [15/Nov/2022:11:33:18 +0800] "GET /xingrg/all/function/internal_message.html?_=1668483181978&CODE_STATE=getMsg HTTP/1.1" 200 27
116.230.105.139 - - [15/Nov/2022:11:33:18 +0800] "GET /xingrg/check_reg.html?_=1668483181980 HTTP/1.1" 200 22
180.169.147.146 - - [15/Nov/2022:11:33:18 +0800] "GET /xingrg/all/function/internal_message.html?_=1668483201104&CODE_STATE=getMsg HTTP/1.1" 200 27
101.85.95.132 - - [15/Nov/2022:11:33:20 +0800] "GET /xingrg/kc/buy/cgsh_order_operate.html?command=get_materiel&rest_code=00142&code=00101008005&supplier_code=00100161&order_time=2022-11-15 HTTP/1.1" 200 412
101.85.95.132 - - [15/Nov/2022:11:33:29 +0800] "GET /xingrg/kc/buy/cgsh_order_operate.html?command=get_materiel&rest_code=00142&code=00101008268&supplier_code=00100161&order_time=2022-11-15 HTTP/1.1" 200 408
180.162.229.95 - - [15/Nov/2022:11:33:31 +0800] "GET /xingrg/check_reg.html?_=1668483213274 HTTP/1.1" 200 22
180.162.229.95 - - [15/Nov/2022:11:33:31 +0800] "GET /xingrg/all/function/internal_message.html?_=1668483213278&CODE_STATE=getMsg HTTP/1.1" 200 27
116.238.139.35 - - [15/Nov/2022:11:33:35 +0800] "GET /xingrg/check_reg.html?_=1668483218461 HTTP/1.1" 200 22
116.238.139.35 - - [15/Nov/2022:11:33:35 +0800] "GET /xingrg/all/function/internal_message.html?_=1668483218468&CODE_STATE=getMsg HTTP/1.1" 200 27
61.170.232.70 - - [15/Nov/2022:11:33:38 +0800] "GET /xingrg/all/function/internal_message.html?_=1668483221675&CODE_STATE=getMsg HTTP/1.1" 200 27
101.85.95.132 - - [15/Nov/2022:11:33:40 +0800] "GET /xingrg/kc/buy/cgsh_order_operate.html?command=get_materiel&rest_code=00142&code=00101008370&supplier_code=00100161&order_time=2022-11-15 HTTP/1.1" 200 412
101.85.95.132 - - [15/Nov/2022:11:33:48 +0800] "GET /xingrg/kc/buy/cgsh_order_operate.html?command=get_materiel&rest_code=00142&code=00101008361&supplier_code=00100161&order_time=2022-11-15 HTTP/1.1" 200 408
61.170.232.70 - - [15/Nov/2022:11:33:49 +0800] "GET /xingrg/all/function/internal_message.html?_=1668483234488&CODE_STATE=getMsg HTTP/1.1" 200 27
218.81.217.29 - - [15/Nov/2022:11:33:49 +0800] "GET /xingrg/all/function/internal_message.html?_=1668483237763&CODE_STATE=getMsg HTTP/1.1" 200 27
114.95.46.117 - - [15/Nov/2022:11:33:53 +0800] "GET /xingrg/all/function/internal_message.html?_=1668483085402&CODE_STATE=getMsg HTTP/1.1" 200 27
101.85.95.132 - - [15/Nov/2022:11:33:54 +0800] "GET /xingrg/check_reg.html?_=1668483235902 HTTP/1.1" 200 22
101.85.95.132 - - [15/Nov/2022:11:33:54 +0800] "GET /xingrg/all/function/internal_message.html?_=1668483235917&CODE_STATE=getMsg HTTP/1.1" 200 27
180.169.147.146 - - [15/Nov/2022:11:33:55 +0800] "GET /xingrg/system/supplier/kcSupplier.html?isKc=1 HTTP/1.1" 200 10949
180.169.147.146 - - [15/Nov/2022:11:33:55 +0800] "GET /xingrg/javascript/jquery_simple_tree/themes/style.css HTTP/1.1" 200 4485
180.169.147.146 - - [15/Nov/2022:11:33:55 +0800] "GET /xingrg/javascript/jquery_simple_tree/jquery.simple.tree.js HTTP/1.1" 200 13313
180.169.147.146 - - [15/Nov/2022:11:33:55 +0800] "POST /xingrg/all/common/load_tree.html?tree=area_tree_json HTTP/1.1" 200 206
180.169.147.146 - - [15/Nov/2022:11:33:55 +0800] "POST /xingrg/all/common/load_tree.html?tree=supplier_sort_tree_json HTTP/1.1" 200 2519
180.169.147.146 - - [15/Nov/2022:11:33:55 +0800] "POST /xingrg/all/common/load_tree.html?tree=area_tree_json HTTP/1.1" 200 206
180.169.147.146 - - [15/Nov/2022:11:33:55 +0800] "GET /xingrg/javascript/jquery_easy_ui/themes/icons/check_new.png HTTP/1.1" 200 3224
180.169.147.146 - - [15/Nov/2022:11:33:55 +0800] "GET /xingrg/javascript/jquery_easy_ui/themes/icons/uncheck_new.png HTTP/1.1" 200 3197
180.169.147.146 - - [15/Nov/2022:11:33:55 +0800] "GET /xingrg/javascript/jquery_easy_ui/themes/default/images/tabs_enabled.png HTTP/1.1" 200 2876
180.169.147.146 - - [15/Nov/2022:11:33:55 +0800] "POST /xingrg/all/common/load_tree.html?tree=supplier_sort_tree_json HTTP/1.1" 200 2519
114.83.219.57 - - [15/Nov/2022:11:33:57 +0800] "GET /xingrg/all/function/internal_message.html?_=1668483359628&CODE_STATE=getMsg HTTP/1.1" 200 27
180.169.147.146 - - [15/Nov/2022:11:33:58 +0800] "POST /xingrg/system/supplier/kc_supplier_operate.html HTTP/1.1" 200 18750
180.162.115.118 - - [15/Nov/2022:11:34:00 +0800] "GET /xingrg/all/function/internal_message.html?_=1668482290847&CODE_STATE=getMsg HTTP/1.1" 200 27
101.85.95.132 - - [15/Nov/2022:11:34:05 +0800] "GET /xingrg/kc/buy/cgsh_order_operate.html?command=get_materiel&rest_code=00142&code=00101008355&supplier_code=00100161&order_time=2022-11-15 HTTP/1.1" 200 408
116.238.139.35 - - [15/Nov/2022:11:34:06 +0800] "GET /xingrg/all/function/internal_message.html?_=1668483163760&CODE_STATE=getMsg HTTP/1.1" 200 27
180.163.29.219 - - [15/Nov/2022:11:34:14 +0800] "GET /xingrg/all/function/internal_message.html?_=1668483192227&CODE_STATE=getMsg HTTP/1.1" 302 -
61.170.232.70 - - [15/Nov/2022:11:34:14 +0800] "GET /xingrg/all/function/internal_message.html?_=1668483252195&CODE_STATE=getMsg HTTP/1.1" 200 27
101.85.95.132 - - [15/Nov/2022:11:34:15 +0800] "GET /xingrg/kc/buy/cgsh_order_operate.html?command=get_materiel&rest_code=00142&code=00101008024&supplier_code=00100161&order_time=2022-11-15 HTTP/1.1" 200 408
180.163.29.219 - - [15/Nov/2022:11:34:17 +0800] "GET /xingrg/login.html HTTP/1.1" 200 7641
116.230.105.139 - - [15/Nov/2022:11:34:18 +0800] "GET /xingrg/all/function/internal_message.html?_=1668483241964&CODE_STATE=getMsg HTTP/1.1" 200 27
180.169.147.146 - - [15/Nov/2022:11:34:18 +0800] "GET /xingrg/all/function/internal_message.html?_=1668483261105&CODE_STATE=getMsg HTTP/1.1" 200 27
101.85.95.132 - - [15/Nov/2022:11:34:26 +0800] "GET /xingrg/kc/buy/cgsh_order_operate.html?command=get_materiel&rest_code=00142&code=00101008356&supplier_code=00100161&order_time=2022-11-15 HTTP/1.1" 200 408
180.162.229.95 - - [15/Nov/2022:11:34:31 +0800] "GET /xingrg/all/function/internal_message.html?_=1668483273293&CODE_STATE=getMsg HTTP/1.1" 200 27
116.238.139.35 - - [15/Nov/2022:11:34:35 +0800] "GET /xingrg/all/function/internal_message.html?_=1668483278454&CODE_STATE=getMsg HTTP/1.1" 200 27
101.85.95.132 - - [15/Nov/2022:11:34:37 +0800] "GET /xingrg/kc/buy/cgsh_order_operate.html?command=get_materiel&rest_code=00142&code=00101008286&supplier_code=00100161&order_time=2022-11-15 HTTP/1.1" 200 408
61.170.232.70 - - [15/Nov/2022:11:34:38 +0800] "GET /xingrg/all/function/internal_message.html?_=1668483281674&CODE_STATE=getMsg HTTP/1.1" 200 27
58.221.95.50 - - [15/Nov/2022:11:34:40 +0800] "GET /xingrg/check_reg.html?_=1668483265993 HTTP/1.1" 302 -
61.170.232.70 - - [15/Nov/2022:11:34:49 +0800] "GET /xingrg/all/function/internal_message.html?_=1668483294490&CODE_STATE=getMsg HTTP/1.1" 200 27
101.85.95.132 - - [15/Nov/2022:11:34:49 +0800] "GET /xingrg/kc/buy/cgsh_order_operate.html?command=get_materiel&rest_code=00142&code=00101008351&supplier_code=00100161&order_time=2022-11-15 HTTP/1.1" 200 408
218.81.217.29 - - [15/Nov/2022:11:34:50 +0800] "GET /xingrg/all/function/internal_message.html?_=1668483298449&CODE_STATE=getMsg HTTP/1.1" 200 27
114.95.46.117 - - [15/Nov/2022:11:34:53 +0800] "GET /xingrg/all/function/internal_message.html?_=1668483145400&CODE_STATE=getMsg HTTP/1.1" 200 27
101.85.95.132 - - [15/Nov/2022:11:34:54 +0800] "GET /xingrg/all/function/internal_message.html?_=1668483295904&CODE_STATE=getMsg HTTP/1.1" 200 27
114.83.219.57 - - [15/Nov/2022:11:34:57 +0800] "GET /xingrg/all/function/internal_message.html?_=1668483419629&CODE_STATE=getMsg HTTP/1.1" 200 27
101.85.95.132 - - [15/Nov/2022:11:34:58 +0800] "GET /xingrg/kc/buy/cgsh_order_operate.html?command=get_materiel&rest_code=00142&code=00101008312&supplier_code=00100161&order_time=2022-11-15 HTTP/1.1" 200 412
180.162.115.118 - - [15/Nov/2022:11:35:00 +0800] "GET /xingrg/all/function/internal_message.html?_=1668482350839&CODE_STATE=getMsg HTTP/1.1" 200 27
101.85.95.132 - - [15/Nov/2022:11:35:05 +0800] "GET /xingrg/kc/buy/cgsh_order_operate.html?command=get_materiel&rest_code=00142&code=00101008264&supplier_code=00100161&order_time=2022-11-15 HTTP/1.1" 200 412
116.238.139.35 - - [15/Nov/2022:11:35:06 +0800] "GET /xingrg/all/function/internal_message.html?_=1668483223773&CODE_STATE=getMsg HTTP/1.1" 200 27
101.85.95.132 - - [15/Nov/2022:11:35:13 +0800] "GET /xingrg/kc/buy/cgsh_order_operate.html?command=get_materiel&rest_code=00142&code=00101008298&supplier_code=00100161&order_time=2022-11-15 HTTP/1.1" 200 412
61.170.232.70 - - [15/Nov/2022:11:35:14 +0800] "GET /xingrg/all/function/internal_message.html?_=1668483312176&CODE_STATE=getMsg HTTP/1.1" 200 27
116.235.93.82 - - [15/Nov/2022:11:35:16 +0800] "POST /xingrg/services/DataTransmitService HTTP/1.1" 200 524
116.230.105.139 - - [15/Nov/2022:11:35:18 +0800] "GET /xingrg/all/function/internal_message.html?_=1668483301978&CODE_STATE=getMsg HTTP/1.1" 200 27
180.169.147.146 - - [15/Nov/2022:11:35:18 +0800] "GET /xingrg/all/function/internal_message.html?_=1668483321082&CODE_STATE=getMsg HTTP/1.1" 200 27
101.85.95.132 - - [15/Nov/2022:11:35:22 +0800] "GET /xingrg/kc/buy/cgsh_order_operate.html?command=get_materiel&rest_code=00142&code=00101008354&supplier_code=00100161&order_time=2022-11-15 HTTP/1.1" 200 412
101.85.95.132 - - [15/Nov/2022:11:35:29 +0800] "GET /xingrg/kc/buy/cgsh_order_operate.html?command=get_materiel&rest_code=00142&code=00101008352&supplier_code=00100161&order_time=2022-11-15 HTTP/1.1" 200 412
180.162.229.95 - - [15/Nov/2022:11:35:31 +0800] "GET /xingrg/all/function/internal_message.html?_=1668483333270&CODE_STATE=getMsg HTTP/1.1" 200 27
116.238.139.35 - - [15/Nov/2022:11:35:35 +0800] "GET /xingrg/all/function/internal_message.html?_=1668483338454&CODE_STATE=getMsg HTTP/1.1" 200 27
61.170.232.70 - - [15/Nov/2022:11:35:38 +0800] "GET /xingrg/all/function/internal_message.html?_=1668483341675&CODE_STATE=getMsg HTTP/1.1" 200 27
101.85.95.132 - - [15/Nov/2022:11:35:39 +0800] "GET /xingrg/kc/buy/cgsh_order_operate.html?command=get_materiel&rest_code=00142&code=00101008205&supplier_code=00100161&order_time=2022-11-15 HTTP/1.1" 200 412
114.95.46.117 - - [15/Nov/2022:11:35:41 +0800] "GET /xingrg/kc/base/wldb_order_operate.html?command=get_materiel&rest_code=00105&base_code=0010508&code=00102002500 HTTP/1.1" 200 453
101.85.95.132 - - [15/Nov/2022:11:35:47 +0800] "GET /xingrg/kc/buy/cgsh_order_operate.html?command=get_materiel&rest_code=00142&code=00101008459&supplier_code=00100161&order_time=2022-11-15 HTTP/1.1" 200 409
61.170.232.70 - - [15/Nov/2022:11:35:49 +0800] "GET /xingrg/all/function/internal_message.html?_=1668483354492&CODE_STATE=getMsg HTTP/1.1" 200 27
61.170.232.70 - - [15/Nov/2022:11:35:49 +0800] "GET /xingrg/check_reg.html?_=1668483354494 HTTP/1.1" 200 22
101.85.95.132 - - [15/Nov/2022:11:35:49 +0800] "POST /xingrg/kc/buy/cgsh_order_operate.html HTTP/1.1" 200 2065
218.81.217.29 - - [15/Nov/2022:11:35:50 +0800] "GET /xingrg/all/function/internal_message.html?_=1668483358460&CODE_STATE=getMsg HTTP/1.1" 200 27
114.95.46.117 - - [15/Nov/2022:11:35:53 +0800] "GET /xingrg/all/function/internal_message.html?_=1668483205420&CODE_STATE=getMsg HTTP/1.1" 200 27
101.85.95.132 - - [15/Nov/2022:11:35:54 +0800] "GET /xingrg/all/function/internal_message.html?_=1668483355910&CODE_STATE=getMsg HTTP/1.1" 200 27
114.83.219.57 - - [15/Nov/2022:11:35:57 +0800] "GET /xingrg/check_reg.html?_=1668483479625 HTTP/1.1" 200 22
114.83.219.57 - - [15/Nov/2022:11:35:57 +0800] "GET /xingrg/all/function/internal_message.html?_=1668483479626&CODE_STATE=getMsg HTTP/1.1" 200 27
101.85.95.132 - - [15/Nov/2022:11:35:58 +0800] "GET /xingrg/kc/buy/cgsh_order_operate.html?command=get_materiel&rest_code=00142&code=00101012029&supplier_code=00100161&order_time=2022-11-15 HTTP/1.1" 200 412
180.162.115.118 - - [15/Nov/2022:11:36:00 +0800] "GET /xingrg/all/function/internal_message.html?_=1668482410854&CODE_STATE=getMsg HTTP/1.1" 200 27
116.238.139.35 - - [15/Nov/2022:11:36:06 +0800] "GET /xingrg/all/function/internal_message.html?_=1668483283790&CODE_STATE=getMsg HTTP/1.1" 200 27
101.85.95.132 - - [15/Nov/2022:11:36:07 +0800] "GET /xingrg/kc/buy/cgsh_order_operate.html?command=get_materiel&rest_code=00142&code=00101012024&supplier_code=00100161&order_time=2022-11-15 HTTP/1.1" 200 408
180.169.147.146 - - [15/Nov/2022:11:36:07 +0800] "POST /xingrg/system/supplier/kc_supplier_operate.html HTTP/1.1" 200 3052
114.95.46.117 - - [15/Nov/2022:11:36:09 +0800] "GET /xingrg/kc/base/wldb_order_operate.html?command=get_materiel&rest_code=00105&base_code=0010508&code=00102002562 HTTP/1.1" 200 461
61.170.232.70 - - [15/Nov/2022:11:36:14 +0800] "GET /xingrg/all/function/internal_message.html?_=1668483372146&CODE_STATE=getMsg HTTP/1.1" 200 27
101.85.95.132 - - [15/Nov/2022:11:36:16 +0800] "GET /xingrg/kc/buy/cgsh_order_operate.html?command=get_materiel&rest_code=00142&code=00101012059&supplier_code=00100161&order_time=2022-11-15 HTTP/1.1" 200 412
116.230.105.139 - - [15/Nov/2022:11:36:18 +0800] "GET /xingrg/all/function/internal_message.html?_=1668483361967&CODE_STATE=getMsg HTTP/1.1" 200 27
180.169.147.146 - - [15/Nov/2022:11:36:18 +0800] "GET /xingrg/all/function/internal_message.html?_=1668483381071&CODE_STATE=getMsg HTTP/1.1" 200 27
114.84.81.136 - - [15/Nov/2022:11:36:19 +0800] "GET /xingrg/check_reg.html?_=1668483382485 HTTP/1.1" 302 -
101.85.95.132 - - [15/Nov/2022:11:36:23 +0800] "GET /xingrg/kc/buy/cgsh_order_operate.html?command=get_materiel&rest_code=00142&code=00101016057&supplier_code=00100161&order_time=2022-11-15 HTTP/1.1" 200 408
180.162.229.95 - - [15/Nov/2022:11:36:31 +0800] "GET /xingrg/all/function/internal_message.html?_=1668483393282&CODE_STATE=getMsg HTTP/1.1" 200 27
101.85.95.132 - - [15/Nov/2022:11:36:33 +0800] "GET /xingrg/kc/buy/cgsh_order_operate.html?command=get_materiel&rest_code=00142&code=00101012044&supplier_code=00100161&order_time=2022-11-15 HTTP/1.1" 200 408
116.238.139.35 - - [15/Nov/2022:11:36:35 +0800] "GET /xingrg/all/function/internal_message.html?_=1668483398456&CODE_STATE=getMsg HTTP/1.1" 200 27
61.170.232.70 - - [15/Nov/2022:11:36:38 +0800] "GET /xingrg/all/function/internal_message.html?_=1668483401675&CODE_STATE=getMsg HTTP/1.1" 200 27
61.170.232.70 - - [15/Nov/2022:11:36:38 +0800] "GET /xingrg/check_reg.html?_=1668483401678 HTTP/1.1" 200 22
101.85.95.132 - - [15/Nov/2022:11:36:41 +0800] "POST /xingrg/kc/buy/cgsh_order_operate.html HTTP/1.1" 200 37
101.85.95.132 - - [15/Nov/2022:11:36:43 +0800] "POST /xingrg/kc/buy/cgsh_order_operate.html HTTP/1.1" 200 16213
61.170.232.70 - - [15/Nov/2022:11:36:49 +0800] "GET /xingrg/all/function/internal_message.html?_=1668483414494&CODE_STATE=getMsg HTTP/1.1" 200 27
218.81.217.29 - - [15/Nov/2022:11:36:50 +0800] "GET /xingrg/check_reg.html?_=1668483418371 HTTP/1.1" 200 22
218.81.217.29 - - [15/Nov/2022:11:36:50 +0800] "GET /xingrg/all/function/internal_message.html?_=1668483418473&CODE_STATE=getMsg HTTP/1.1" 200 27
114.95.46.117 - - [15/Nov/2022:11:36:53 +0800] "GET /xingrg/all/function/internal_message.html?_=1668483265399&CODE_STATE=getMsg HTTP/1.1" 200 27
101.85.95.132 - - [15/Nov/2022:11:36:53 +0800] "POST /xingrg/kc/buy/cgsh_order_operate.html HTTP/1.1" 200 37
101.85.95.132 - - [15/Nov/2022:11:36:56 +0800] "POST /xingrg/kc/buy/cgsh_order_operate.html HTTP/1.1" 200 16213
114.83.219.57 - - [15/Nov/2022:11:36:57 +0800] "GET /xingrg/all/function/internal_message.html?_=1668483539623&CODE_STATE=getMsg HTTP/1.1" 200 27
180.162.115.118 - - [15/Nov/2022:11:37:00 +0800] "GET /xingrg/all/function/internal_message.html?_=1668482470870&CODE_STATE=getMsg HTTP/1.1" 200 27
116.238.139.35 - - [15/Nov/2022:11:37:06 +0800] "GET /xingrg/all/function/internal_message.html?_=1668483343801&CODE_STATE=getMsg HTTP/1.1" 200 27
101.85.95.132 - - [15/Nov/2022:11:37:10 +0800] "POST /xingrg/kc/buy/cgsh_list_operate.html HTTP/1.1" 200 2307
101.85.95.132 - - [15/Nov/2022:11:37:13 +0800] "POST /xingrg/kc/buy/cgsh_list_operate.html HTTP/1.1" 200 569
101.85.95.132 - - [15/Nov/2022:11:37:14 +0800] "GET /xingrg/kc/buy/cgsh_order_info.html?code=212022111404764 HTTP/1.1" 200 68482
61.170.232.70 - - [15/Nov/2022:11:37:14 +0800] "GET /xingrg/all/function/internal_message.html?_=1668483432124&CODE_STATE=getMsg HTTP/1.1" 200 27
101.85.95.132 - - [15/Nov/2022:11:37:14 +0800] "GET /xingrg/javascript/easyui/themes/default/validatebox.css HTTP/1.1" 404 1104
101.85.95.132 - - [15/Nov/2022:11:37:15 +0800] "POST /xingrg/kc/buy/cgsh_order_operate.html HTTP/1.1" 200 10972
180.169.147.146 - - [15/Nov/2022:11:37:16 +0800] "GET /xingrg/check_reg.html?_=1668483438606 HTTP/1.1" 200 22
116.230.105.139 - - [15/Nov/2022:11:37:18 +0800] "GET /xingrg/all/function/internal_message.html?_=1668483421963&CODE_STATE=getMsg HTTP/1.1" 200 27
180.169.147.146 - - [15/Nov/2022:11:37:18 +0800] "GET /xingrg/all/function/internal_message.html?_=1668483441055&CODE_STATE=getMsg HTTP/1.1" 200 27
101.85.95.132 - - [15/Nov/2022:11:37:25 +0800] "GET /xingrg/kc/buy/cgsh_order_operate.html?command=get_materiel&rest_code=00142&code=00101007203&supplier_code=00100207&order_time=2022-11-14 HTTP/1.1" 200 397
114.95.46.117 - - [15/Nov/2022:11:37:29 +0800] "GET /xingrg/kc/base/wldb_order_operate.html?command=get_materiel&rest_code=00105&base_code=0010508&code=00102002204 HTTP/1.1" 200 448
180.162.229.95 - - [15/Nov/2022:11:37:31 +0800] "GET /xingrg/all/function/internal_message.html?_=1668483453270&CODE_STATE=getMsg HTTP/1.1" 200 27
116.238.139.35 - - [15/Nov/2022:11:37:35 +0800] "GET /xingrg/all/function/internal_message.html?_=1668483458461&CODE_STATE=getMsg HTTP/1.1" 200 27
61.170.232.70 - - [15/Nov/2022:11:37:38 +0800] "GET /xingrg/all/function/internal_message.html?_=1668483461679&CODE_STATE=getMsg HTTP/1.1" 200 27
114.95.46.117 - - [15/Nov/2022:11:37:43 +0800] "GET /xingrg/kc/base/wldb_order_operate.html?command=get_materiel&rest_code=00105&base_code=0010508&code=00102021018 HTTP/1.1" 200 446
61.170.232.70 - - [15/Nov/2022:11:37:49 +0800] "GET /xingrg/all/function/internal_message.html?_=1668483474497&CODE_STATE=getMsg HTTP/1.1" 200 27
218.81.217.29 - - [15/Nov/2022:11:37:50 +0800] "GET /xingrg/all/function/internal_message.html?_=1668483478486&CODE_STATE=getMsg HTTP/1.1" 200 27
101.85.95.132 - - [15/Nov/2022:11:37:52 +0800] "GET /xingrg/kc/buy/cgsh_order_operate.html?command=get_materiel&rest_code=00142&code=00101010136&supplier_code=00100207&order_time=2022-11-14 HTTP/1.1" 200 408
114.95.46.117 - - [15/Nov/2022:11:37:53 +0800] "GET /xingrg/check_reg.html?_=1668483325405 HTTP/1.1" 200 22
114.95.46.117 - - [15/Nov/2022:11:37:53 +0800] "GET /xingrg/all/function/internal_message.html?_=1668483325409&CODE_STATE=getMsg HTTP/1.1" 200 27
101.85.95.132 - - [15/Nov/2022:11:37:54 +0800] "GET /xingrg/all/function/internal_message.html?_=1668483475968&CODE_STATE=getMsg HTTP/1.1" 200 27
114.95.46.117 - - [15/Nov/2022:11:37:55 +0800] "POST /xingrg/kc/base/wldb_order_operate.html HTTP/1.1" 200 37
114.95.46.117 - - [15/Nov/2022:11:37:56 +0800] "POST /xingrg/kc/base/wldb_order_operate.html HTTP/1.1" 200 5574
114.95.46.117 - - [15/Nov/2022:11:37:56 +0800] "GET /xingrg/kc/base/wldb_order_info.html?code=422022111501197 HTTP/1.1" 200 30399
114.95.46.117 - - [15/Nov/2022:11:37:56 +0800] "GET /xingrg/words/20221115110437_words.js HTTP/1.1" 304 -
114.83.219.57 - - [15/Nov/2022:11:37:57 +0800] "GET /xingrg/all/function/internal_message.html?_=1668483599622&CODE_STATE=getMsg HTTP/1.1" 200 27
114.95.46.117 - - [15/Nov/2022:11:37:57 +0800] "GET /xingrg/javascript/easyui/themes/default/validatebox.css HTTP/1.1" 404 1104
114.95.46.117 - - [15/Nov/2022:11:37:57 +0800] "POST /xingrg/kc/base/wldb_order_operate.html HTTP/1.1" 200 5574
180.162.115.118 - - [15/Nov/2022:11:38:00 +0800] "GET /xingrg/all/function/internal_message.html?_=1668482530878&CODE_STATE=getMsg HTTP/1.1" 200 27
180.162.115.118 - - [15/Nov/2022:11:38:00 +0800] "GET /xingrg/check_reg.html?_=1668482530881 HTTP/1.1" 200 22
116.238.139.35 - - [15/Nov/2022:11:38:05 +0800] "GET /xingrg/check_reg.html?_=1668483402945 HTTP/1.1" 200 22
116.238.139.35 - - [15/Nov/2022:11:38:06 +0800] "GET /xingrg/all/function/internal_message.html?_=1668483403814&CODE_STATE=getMsg HTTP/1.1" 200 27
101.85.95.132 - - [15/Nov/2022:11:38:06 +0800] "POST /xingrg/kc/buy/cgsh_order_operate.html HTTP/1.1" 200 37
101.85.95.132 - - [15/Nov/2022:11:38:08 +0800] "POST /xingrg/kc/buy/cgsh_order_operate.html HTTP/1.1" 200 12150
180.169.147.146 - - [15/Nov/2022:11:38:09 +0800] "GET /xingrg/check_reg.html?_=1668483492899 HTTP/1.1" 200 22
61.170.232.70 - - [15/Nov/2022:11:38:12 +0800] "GET /xingrg/check_reg.html?_=1668483490266 HTTP/1.1" 200 22
61.170.232.70 - - [15/Nov/2022:11:38:14 +0800] "GET /xingrg/all/function/internal_message.html?_=1668483492100&CODE_STATE=getMsg HTTP/1.1" 200 27
180.163.28.68 - - [15/Nov/2022:11:38:14 +0800] "GET /xingrg/all/function/internal_message.html?_=1668483432124&CODE_STATE=getMsg HTTP/1.1" 302 -
180.163.28.68 - - [15/Nov/2022:11:38:14 +0800] "GET /xingrg/login.html HTTP/1.1" 200 7641
114.95.46.117 - - [15/Nov/2022:11:38:17 +0800] "POST /xingrg/kc/base/wldb_order_operate.html HTTP/1.1" 200 37
114.95.46.117 - - [15/Nov/2022:11:38:17 +0800] "POST /xingrg/kc/base/wldb_order_operate.html HTTP/1.1" 200 5574
114.95.46.117 - - [15/Nov/2022:11:38:18 +0800] "GET /xingrg/kc/base/wldb_order_info.html?code=422022111501197 HTTP/1.1" 200 30399
114.95.46.117 - - [15/Nov/2022:11:38:18 +0800] "GET /xingrg/javascript/easyui/themes/default/validatebox.css HTTP/1.1" 404 1104
116.230.105.139 - - [15/Nov/2022:11:38:18 +0800] "GET /xingrg/all/function/internal_message.html?_=1668483481956&CODE_STATE=getMsg HTTP/1.1" 200 27
116.230.105.139 - - [15/Nov/2022:11:38:18 +0800] "GET /xingrg/check_reg.html?_=1668483481961 HTTP/1.1" 200 22
180.169.147.146 - - [15/Nov/2022:11:38:18 +0800] "GET /xingrg/all/function/internal_message.html?_=1668483501030&CODE_STATE=getMsg HTTP/1.1" 200 27
