61.170.232.119 - - [13/Nov/2022:11:01:29 +0800] "GET /xingrg/all/function/internal_message.html?_=1668308499743&CODE_STATE=getMsg HTTP/1.1" 200 27
114.83.219.57 - - [13/Nov/2022:11:01:29 +0800] "GET /xingrg/all/function/internal_message.html?_=1668308610789&CODE_STATE=getMsg HTTP/1.1" 200 27
180.169.147.146 - - [13/Nov/2022:11:01:30 +0800] "POST /xingrg/all/report/report_print.html HTTP/1.1" 200 7168
61.170.232.119 - - [13/Nov/2022:11:01:30 +0800] "GET /xingrg/all/function/internal_message.html?_=1668308490511&CODE_STATE=getMsg HTTP/1.1" 200 27
222.70.183.206 - - [13/Nov/2022:11:01:33 +0800] "GET /xingrg/kc/base/wldb_order_add.html HTTP/1.1" 200 30336
222.70.183.206 - - [13/Nov/2022:11:01:34 +0800] "GET /xingrg/javascript/easyui/themes/default/validatebox.css HTTP/1.1" 404 1104
222.70.183.206 - - [13/Nov/2022:11:01:34 +0800] "POST /xingrg/kc/base/wldb_order_operate.html HTTP/1.1" 200 6806
180.162.229.95 - - [13/Nov/2022:11:01:35 +0800] "POST /xingrg/kc/base/wldb_order_operate.html HTTP/1.1" 200 37
180.158.7.178 - - [13/Nov/2022:11:01:35 +0800] "GET /xingrg/all/function/internal_message.html?_=1668308498821&CODE_STATE=getMsg HTTP/1.1" 200 27
180.162.229.95 - - [13/Nov/2022:11:01:37 +0800] "POST /xingrg/kc/base/wldb_order_operate.html HTTP/1.1" 200 12
180.162.229.95 - - [13/Nov/2022:11:01:37 +0800] "POST /xingrg/kc/base/wldb_order_operate.html HTTP/1.1" 200 2723
180.162.229.95 - - [13/Nov/2022:11:01:40 +0800] "GET /xingrg/kc/base/wldb_order_info.html?code=422022111301024 HTTP/1.1" 200 26208
180.162.229.95 - - [13/Nov/2022:11:01:40 +0800] "GET /xingrg/javascript/easyui/themes/default/validatebox.css HTTP/1.1" 404 1104
180.162.229.95 - - [13/Nov/2022:11:01:40 +0800] "POST /xingrg/kc/base/wldb_order_operate.html HTTP/1.1" 200 1007
218.81.217.29 - - [13/Nov/2022:11:01:41 +0800] "POST /xingrg/kc/buy/cgsh_order_operate.html HTTP/1.1" 200 5630
101.85.95.132 - - [13/Nov/2022:11:01:43 +0800] "GET /xingrg/all/function/internal_message.html?_=1668308504875&CODE_STATE=getMsg HTTP/1.1" 200 27
180.162.229.95 - - [13/Nov/2022:11:01:43 +0800] "GET /xingrg/kc/base/wldb_order_add.html HTTP/1.1" 200 30332
180.162.229.95 - - [13/Nov/2022:11:01:43 +0800] "POST /xingrg/kc/base/wldb_order_operate.html HTTP/1.1" 200 6806
180.162.229.95 - - [13/Nov/2022:11:01:43 +0800] "GET /xingrg/javascript/easyui/themes/default/validatebox.css HTTP/1.1" 404 1104
180.162.229.95 - - [13/Nov/2022:11:01:44 +0800] "POST /xingrg/all/common/load_combo.html?type=base HTTP/1.1" 200 3321
218.81.217.29 - - [13/Nov/2022:11:01:44 +0800] "GET /xingrg/kc/buy/cgsh_order_add.html HTTP/1.1" 200 69308
218.81.217.29 - - [13/Nov/2022:11:01:45 +0800] "POST /xingrg/kc/buy/cgsh_order_operate.html HTTP/1.1" 200 8245
218.81.217.29 - - [13/Nov/2022:11:01:45 +0800] "GET /xingrg/javascript/easyui/themes/default/validatebox.css HTTP/1.1" 404 1104
180.162.229.95 - - [13/Nov/2022:11:01:46 +0800] "POST /xingrg/all/common/load_combo.html?type=base HTTP/1.1" 200 3321
116.238.139.35 - - [13/Nov/2022:11:01:46 +0800] "GET /xingrg/all/function/internal_message.html?_=1668308510493&CODE_STATE=getMsg HTTP/1.1" 200 27
180.169.147.146 - - [13/Nov/2022:11:01:47 +0800] "GET /xingrg/all/function/internal_message.html?_=1668308511079&CODE_STATE=getMsg HTTP/1.1" 200 27
114.83.219.192 - - [13/Nov/2022:11:01:51 +0800] "GET /xingrg/all/function/internal_message.html?_=1668308514893&CODE_STATE=getMsg HTTP/1.1" 200 27
180.162.115.118 - - [13/Nov/2022:11:01:51 +0800] "GET /xingrg/check_reg.html?_=1668307566835 HTTP/1.1" 200 22
180.162.115.118 - - [13/Nov/2022:11:01:51 +0800] "GET /xingrg/all/function/internal_message.html?_=1668307566838&CODE_STATE=getMsg HTTP/1.1" 200 27
222.70.183.206 - - [13/Nov/2022:11:01:52 +0800] "GET /xingrg/kc/base/wldb_order_operate.html?command=get_materiel&rest_code=00111&base_code=0010306&code=00102002204 HTTP/1.1" 200 447
61.170.232.119 - - [13/Nov/2022:11:01:52 +0800] "GET /xingrg/all/function/internal_message.html?_=1668308520343&CODE_STATE=getMsg HTTP/1.1" 200 27
180.162.229.95 - - [13/Nov/2022:11:01:52 +0800] "GET /xingrg/all/function/internal_message.html?_=1668308516578&CODE_STATE=getMsg HTTP/1.1" 200 27
218.81.217.29 - - [13/Nov/2022:11:01:53 +0800] "GET /xingrg/kc/base/base_main.html HTTP/1.1" 200 12142
180.162.229.95 - - [13/Nov/2022:11:01:54 +0800] "GET /xingrg/kc/base/wldb_order_operate.html?command=get_materiel&rest_code=00102&base_code=0010476&code=00101019015 HTTP/1.1" 200 450
218.81.217.29 - - [13/Nov/2022:11:01:56 +0800] "GET /xingrg/kc/base/wldb_order_list.html HTTP/1.1" 200 19107
222.70.183.206 - - [13/Nov/2022:11:01:56 +0800] "POST /xingrg/kc/base/wldb_order_operate.html HTTP/1.1" 200 37
218.81.217.29 - - [13/Nov/2022:11:01:56 +0800] "POST /xingrg/kc/base/wldb_list_operate.html HTTP/1.1" 200 928
222.70.183.206 - - [13/Nov/2022:11:01:57 +0800] "POST /xingrg/kc/base/wldb_order_operate.html HTTP/1.1" 200 2197
218.81.217.29 - - [13/Nov/2022:11:01:57 +0800] "GET /xingrg/all/function/internal_message.html?_=1668308546581&CODE_STATE=getMsg HTTP/1.1" 200 27
218.81.217.29 - - [13/Nov/2022:11:01:59 +0800] "GET /xingrg/kc/base/wldb_order_add.html HTTP/1.1" 200 30342
222.70.183.206 - - [13/Nov/2022:11:01:59 +0800] "GET /xingrg/kc/base/wldb_order_info.html?code=422022111301025 HTTP/1.1" 200 30352
218.81.217.29 - - [13/Nov/2022:11:01:59 +0800] "POST /xingrg/kc/base/wldb_order_operate.html HTTP/1.1" 200 6806
218.81.217.29 - - [13/Nov/2022:11:01:59 +0800] "GET /xingrg/all/common/auto_word.html?type=base&rest_code=00146 HTTP/1.1" 200 1799
218.81.217.29 - - [13/Nov/2022:11:01:59 +0800] "GET /xingrg/all/common/auto_word.html?type=base&rest_code=00146 HTTP/1.1" 200 1799
218.81.217.29 - - [13/Nov/2022:11:01:59 +0800] "GET /xingrg/javascript/easyui/themes/default/validatebox.css HTTP/1.1" 404 1104
222.70.183.206 - - [13/Nov/2022:11:01:59 +0800] "GET /xingrg/javascript/easyui/themes/default/validatebox.css HTTP/1.1" 404 1104
58.40.7.146 - - [13/Nov/2022:11:02:00 +0800] "GET /xingrg/all/function/internal_message.html?_=1668308524033&CODE_STATE=getMsg HTTP/1.1" 200 27
222.70.183.206 - - [13/Nov/2022:11:02:00 +0800] "POST /xingrg/kc/base/wldb_order_operate.html HTTP/1.1" 200 2197
222.70.183.206 - - [13/Nov/2022:11:02:01 +0800] "GET /xingrg/kc/base/wldb_order_add.html HTTP/1.1" 200 30336
222.70.183.206 - - [13/Nov/2022:11:02:02 +0800] "POST /xingrg/kc/base/wldb_order_operate.html HTTP/1.1" 200 6806
222.70.183.206 - - [13/Nov/2022:11:02:02 +0800] "GET /xingrg/javascript/easyui/themes/default/validatebox.css HTTP/1.1" 404 1104
180.162.229.95 - - [13/Nov/2022:11:02:04 +0800] "POST /xingrg/kc/base/wldb_order_operate.html HTTP/1.1" 200 37
180.162.229.95 - - [13/Nov/2022:11:02:06 +0800] "POST /xingrg/kc/base/wldb_order_operate.html HTTP/1.1" 200 12
180.162.229.95 - - [13/Nov/2022:11:02:06 +0800] "POST /xingrg/kc/base/wldb_order_operate.html HTTP/1.1" 200 2189
180.162.229.95 - - [13/Nov/2022:11:02:07 +0800] "GET /xingrg/kc/base/wldb_order_info.html?code=422022111301026 HTTP/1.1" 200 26207
180.162.229.95 - - [13/Nov/2022:11:02:08 +0800] "GET /xingrg/javascript/easyui/themes/default/validatebox.css HTTP/1.1" 404 1104
180.162.229.95 - - [13/Nov/2022:11:02:08 +0800] "POST /xingrg/kc/base/wldb_order_operate.html HTTP/1.1" 200 483
101.229.170.33 - - [13/Nov/2022:11:02:09 +0800] "GET /xingrg/all/function/internal_message.html?_=1668308533782&CODE_STATE=getMsg HTTP/1.1" 200 27
180.162.115.118 - - [13/Nov/2022:11:02:09 +0800] "GET /xingrg/kc/buy/buy_main.html HTTP/1.1" 200 12412
180.162.115.118 - - [13/Nov/2022:11:02:10 +0800] "GET /xingrg/css/new_ie.css HTTP/1.1" 404 1036
222.70.183.206 - - [13/Nov/2022:11:02:10 +0800] "GET /xingrg/kc/base/wldb_order_operate.html?command=get_materiel&rest_code=00111&base_code=0010283&code=00101013011 HTTP/1.1" 200 451
180.162.115.118 - - [13/Nov/2022:11:02:10 +0800] "GET /xingrg/images/yd/bt.gif HTTP/1.1" 404 1040
180.162.229.95 - - [13/Nov/2022:11:02:11 +0800] "GET /xingrg/kc/base/wldb_order_add.html HTTP/1.1" 200 30332
180.162.229.95 - - [13/Nov/2022:11:02:11 +0800] "POST /xingrg/kc/base/wldb_order_operate.html HTTP/1.1" 200 6806
180.162.229.95 - - [13/Nov/2022:11:02:11 +0800] "GET /xingrg/javascript/easyui/themes/default/validatebox.css HTTP/1.1" 404 1104
180.162.115.118 - - [13/Nov/2022:11:02:11 +0800] "GET /xingrg/kc/buy/cgsh_order_list.html HTTP/1.1" 200 53533
180.169.147.146 - - [13/Nov/2022:11:02:11 +0800] "GET /xingrg/kc/print/load_config.html?kc_code=cgsh HTTP/1.1" 302 -
180.169.147.146 - - [13/Nov/2022:11:02:11 +0800] "GET /xingrg/login.html HTTP/1.1" 200 7641
116.238.139.35 - - [13/Nov/2022:11:02:12 +0800] "GET /xingrg/all/function/internal_message.html?_=1668308453201&CODE_STATE=getMsg HTTP/1.1" 200 27
180.162.115.118 - - [13/Nov/2022:11:02:13 +0800] "POST /xingrg/kc/buy/cgsh_list_operate.html HTTP/1.1" 200 1876
180.169.147.146 - - [13/Nov/2022:11:02:14 +0800] "GET /xingrg/kc/print/load_config.html?kc_code=cgsh HTTP/1.1" 302 -
222.70.183.206 - - [13/Nov/2022:11:02:14 +0800] "GET /xingrg/kc/base/wldb_order_operate.html?command=get_materiel&rest_code=00111&base_code=0010283&code=00101019498 HTTP/1.1" 200 476
222.70.183.206 - - [13/Nov/2022:11:02:15 +0800] "GET /xingrg/all/function/internal_message.html?_=1668308537211&CODE_STATE=getMsg HTTP/1.1" 200 27
180.162.229.95 - - [13/Nov/2022:11:02:15 +0800] "POST /xingrg/all/common/load_combo.html?type=base HTTP/1.1" 200 3321
114.95.46.117 - - [13/Nov/2022:11:02:15 +0800] "GET /xingrg/all/function/internal_message.html?_=1668308540358&CODE_STATE=getMsg HTTP/1.1" 200 27
180.162.229.95 - - [13/Nov/2022:11:02:17 +0800] "POST /xingrg/all/common/load_combo.html?type=base HTTP/1.1" 200 3321
180.162.115.118 - - [13/Nov/2022:11:02:20 +0800] "GET /xingrg/kc/buy/cgsh_order_add.html HTTP/1.1" 200 68389
180.162.115.118 - - [13/Nov/2022:11:02:20 +0800] "POST /xingrg/kc/buy/cgsh_order_operate.html HTTP/1.1" 200 8245
180.162.115.118 - - [13/Nov/2022:11:02:20 +0800] "GET /xingrg/javascript/easyui/themes/default/validatebox.css HTTP/1.1" 404 1104
180.169.147.146 - - [13/Nov/2022:11:02:21 +0800] "GET /favicon.ico HTTP/1.1" 404 -
180.169.147.146 - - [13/Nov/2022:11:02:22 +0800] "GET /xingrg/login.html HTTP/1.1" 200 7641
180.169.147.146 - - [13/Nov/2022:11:02:23 +0800] "GET /favicon.ico HTTP/1.1" 404 -
180.162.229.95 - - [13/Nov/2022:11:02:23 +0800] "GET /xingrg/kc/base/wldb_order_operate.html?command=get_materiel&rest_code=00102&base_code=0010476&code=00101019063 HTTP/1.1" 200 461
180.169.147.146 - - [13/Nov/2022:11:02:24 +0800] "POST /xingrg/login.do HTTP/1.1" 302 -
180.169.147.146 - - [13/Nov/2022:11:02:24 +0800] "GET /xingrg/index.html?sysBaseUrl=http%3A%2F%2F180.169.147.146%3A18081%2Fxingrg%2F&costTime=40×tamp=1668308544094 HTTP/1.1" 200 17179
180.169.147.146 - - [13/Nov/2022:11:02:24 +0800] "GET /favicon.ico HTTP/1.1" 404 -
180.169.147.146 - - [13/Nov/2022:11:02:24 +0800] "POST /xingrg/all/common/load_tree.html?tree=area_rest_tree_json&manage=1 HTTP/1.1" 200 351
180.169.147.146 - - [13/Nov/2022:11:02:24 +0800] "GET /xingrg/all/function/internal_message.html?_=1668308543305&CODE_STATE=count HTTP/1.1" 200 11
180.169.147.146 - - [13/Nov/2022:11:02:24 +0800] "GET /xingrg/check_reg.html?_=1668308543306 HTTP/1.1" 200 22
180.169.147.146 - - [13/Nov/2022:11:02:24 +0800] "POST /xingrg/load_menu.html HTTP/1.1" 200 5138
222.70.183.206 - - [13/Nov/2022:11:02:24 +0800] "GET /xingrg/kc/base/wldb_order_operate.html?command=get_materiel&rest_code=00111&base_code=0010283&code=00101019133 HTTP/1.1" 200 480
114.95.46.117 - - [13/Nov/2022:11:02:25 +0800] "GET /xingrg/all/function/internal_message.html?_=1668308398318&CODE_STATE=getMsg HTTP/1.1" 200 27
114.84.81.136 - - [13/Nov/2022:11:02:25 +0800] "GET /xingrg/all/function/internal_message.html?_=1668308548903&CODE_STATE=getMsg HTTP/1.1" 200 27
180.169.147.146 - - [13/Nov/2022:11:02:26 +0800] "GET /xingrg/kc/buy/buy_main.html HTTP/1.1" 200 12412
180.169.147.146 - - [13/Nov/2022:11:02:26 +0800] "GET /xingrg/css/new_ie.css HTTP/1.1" 404 1036
180.169.147.146 - - [13/Nov/2022:11:02:26 +0800] "GET /xingrg/images/yd/bt.gif HTTP/1.1" 404 1040
180.169.147.146 - - [13/Nov/2022:11:02:27 +0800] "GET /xingrg/kc/buy/cgsh_order_list.html HTTP/1.1" 200 53533
116.230.105.139 - - [13/Nov/2022:11:02:27 +0800] "GET /xingrg/all/function/internal_message.html?_=1668308536732&CODE_STATE=getMsg HTTP/1.1" 200 27
61.170.232.119 - - [13/Nov/2022:11:02:29 +0800] "GET /xingrg/all/function/internal_message.html?_=1668308559745&CODE_STATE=getMsg HTTP/1.1" 200 27
114.83.219.57 - - [13/Nov/2022:11:02:29 +0800] "GET /xingrg/all/function/internal_message.html?_=1668308670762&CODE_STATE=getMsg HTTP/1.1" 200 27
180.169.147.146 - - [13/Nov/2022:11:02:29 +0800] "POST /xingrg/kc/buy/cgsh_list_operate.html HTTP/1.1" 200 6009
218.81.217.29 - - [13/Nov/2022:11:02:30 +0800] "GET /xingrg/kc/base/wldb_order_operate.html?command=get_materiel&rest_code=00146&base_code=0010063&code=00101016125 HTTP/1.1" 200 460
61.170.232.119 - - [13/Nov/2022:11:02:30 +0800] "GET /xingrg/all/function/internal_message.html?_=1668308550509&CODE_STATE=getMsg HTTP/1.1" 200 27
180.169.147.146 - - [13/Nov/2022:11:02:31 +0800] "POST /xingrg/kc/buy/cgsh_list_operate.html HTTP/1.1" 200 288
180.169.147.146 - - [13/Nov/2022:11:02:32 +0800] "POST /xingrg/kc/buy/cgsh_list_operate.html HTTP/1.1" 200 200
180.169.147.146 - - [13/Nov/2022:11:02:32 +0800] "GET /xingrg/kc/buy/cgsh_order_info.html?code=212022111103711 HTTP/1.1" 200 69322
180.169.147.146 - - [13/Nov/2022:11:02:32 +0800] "GET /xingrg/words/20221112125158_words.js HTTP/1.1" 200 932354
180.169.147.146 - - [13/Nov/2022:11:02:33 +0800] "GET /xingrg/javascript/easyui/themes/default/validatebox.css HTTP/1.1" 404 1104
180.169.147.146 - - [13/Nov/2022:11:02:33 +0800] "GET /xingrg/all/common/auto_word.html?type=employee&rest_code=00147 HTTP/1.1" 200 101
180.169.147.146 - - [13/Nov/2022:11:02:33 +0800] "GET /xingrg/all/common/auto_word.html?type=employee&rest_code=00147 HTTP/1.1" 200 101
180.169.147.146 - - [13/Nov/2022:11:02:33 +0800] "POST /xingrg/kc/buy/cgsh_order_operate.html HTTP/1.1" 200 2662
180.169.147.146 - - [13/Nov/2022:11:02:35 +0800] "GET /xingrg/kc/print/load_config.html?kc_code=cgsh HTTP/1.1" 200 1943
180.169.147.146 - - [13/Nov/2022:11:02:35 +0800] "GET /xingrg/kc/print/load_data.html?order_code=212022111103711&kc_code=cgsh&condition= HTTP/1.1" 200 736
180.158.7.178 - - [13/Nov/2022:11:02:35 +0800] "GET /xingrg/all/function/internal_message.html?_=1668308558836&CODE_STATE=getMsg HTTP/1.1" 302 -
180.158.7.178 - - [13/Nov/2022:11:02:35 +0800] "GET /xingrg/login.html HTTP/1.1" 200 7641
222.70.183.206 - - [13/Nov/2022:11:02:36 +0800] "GET /xingrg/kc/base/wldb_order_operate.html?command=get_materiel&rest_code=00111&base_code=0010283&code=00101019425 HTTP/1.1" 200 458
180.162.229.95 - - [13/Nov/2022:11:02:40 +0800] "GET /xingrg/kc/base/wldb_order_operate.html?command=get_materiel&rest_code=00102&base_code=0010476&code=00101019404 HTTP/1.1" 200 476
222.70.183.206 - - [13/Nov/2022:11:02:42 +0800] "GET /xingrg/kc/base/wldb_order_operate.html?command=get_materiel&rest_code=00111&base_code=0010283&code=00101019015 HTTP/1.1" 200 451
218.81.217.29 - - [13/Nov/2022:11:02:43 +0800] "GET /xingrg/kc/base/wldb_order_operate.html?command=get_materiel&rest_code=00146&base_code=0010063&code=00101016043 HTTP/1.1" 200 458
101.85.95.132 - - [13/Nov/2022:11:02:43 +0800] "GET /xingrg/all/function/internal_message.html?_=1668308564874&CODE_STATE=getMsg HTTP/1.1" 200 27
101.85.95.132 - - [13/Nov/2022:11:02:43 +0800] "GET /xingrg/check_reg.html?_=1668308564878 HTTP/1.1" 200 22
116.238.139.35 - - [13/Nov/2022:11:02:46 +0800] "GET /xingrg/all/function/internal_message.html?_=1668308570499&CODE_STATE=getMsg HTTP/1.1" 200 27
180.169.147.146 - - [13/Nov/2022:11:02:47 +0800] "GET /xingrg/all/function/internal_message.html?_=1668308571073&CODE_STATE=getMsg HTTP/1.1" 200 27
180.162.229.95 - - [13/Nov/2022:11:02:48 +0800] "GET /xingrg/kc/base/wldb_order_operate.html?command=get_materiel&rest_code=00102&base_code=0010476&code=00101019027 HTTP/1.1" 200 475
218.81.217.29 - - [13/Nov/2022:11:02:50 +0800] "GET /xingrg/kc/base/wldb_order_operate.html?command=get_materiel&rest_code=00146&base_code=0010063&code=00101016044 HTTP/1.1" 200 464
222.70.183.206 - - [13/Nov/2022:11:02:50 +0800] "GET /xingrg/kc/base/wldb_order_operate.html?command=get_materiel&rest_code=00111&base_code=0010283&code=00101016019 HTTP/1.1" 200 449
114.83.219.192 - - [13/Nov/2022:11:02:51 +0800] "GET /xingrg/all/function/internal_message.html?_=1668308574884&CODE_STATE=getMsg HTTP/1.1" 200 27
180.162.115.118 - - [13/Nov/2022:11:02:51 +0800] "GET /xingrg/all/function/internal_message.html?_=1668307626854&CODE_STATE=getMsg HTTP/1.1" 200 27
61.170.232.119 - - [13/Nov/2022:11:02:52 +0800] "GET /xingrg/all/function/internal_message.html?_=1668308580343&CODE_STATE=getMsg HTTP/1.1" 200 27
180.162.229.95 - - [13/Nov/2022:11:02:52 +0800] "GET /xingrg/all/function/internal_message.html?_=1668308576579&CODE_STATE=getMsg HTTP/1.1" 200 27
222.70.183.206 - - [13/Nov/2022:11:02:55 +0800] "POST /xingrg/kc/base/wldb_order_operate.html HTTP/1.1" 200 37
222.70.183.206 - - [13/Nov/2022:11:02:55 +0800] "POST /xingrg/kc/base/wldb_order_operate.html HTTP/1.1" 200 6136
180.162.115.118 - - [13/Nov/2022:11:02:56 +0800] "GET /xingrg/javascript/easyui/themes/default/tree.css HTTP/1.1" 404 1090
180.162.115.118 - - [13/Nov/2022:11:02:56 +0800] "POST /xingrg/all/common/load_tree.html?tree=supplier_tree_json&isDelete=1 HTTP/1.1" 200 69873
218.81.217.29 - - [13/Nov/2022:11:02:57 +0800] "GET /xingrg/all/function/internal_message.html?_=1668308606593&CODE_STATE=getMsg HTTP/1.1" 200 27
222.70.183.206 - - [13/Nov/2022:11:02:59 +0800] "GET /xingrg/kc/base/wldb_order_info.html?code=422022111301027 HTTP/1.1" 200 30351
58.40.7.146 - - [13/Nov/2022:11:03:00 +0800] "GET /xingrg/all/function/internal_message.html?_=1668308584035&CODE_STATE=getMsg HTTP/1.1" 200 27
222.70.183.206 - - [13/Nov/2022:11:03:00 +0800] "GET /xingrg/javascript/easyui/themes/default/validatebox.css HTTP/1.1" 404 1104
222.70.183.206 - - [13/Nov/2022:11:03:01 +0800] "POST /xingrg/kc/base/wldb_order_operate.html HTTP/1.1" 200 6136
222.70.183.206 - - [13/Nov/2022:11:03:03 +0800] "GET /xingrg/kc/base/wldb_order_add.html HTTP/1.1" 200 30336
222.70.183.206 - - [13/Nov/2022:11:03:04 +0800] "GET /xingrg/javascript/easyui/themes/default/validatebox.css HTTP/1.1" 404 1104
222.70.183.206 - - [13/Nov/2022:11:03:04 +0800] "POST /xingrg/kc/base/wldb_order_operate.html HTTP/1.1" 200 6806
114.83.219.192 - - [13/Nov/2022:11:03:05 +0800] "GET /xingrg/kc/buy/cgsh_order_add.html HTTP/1.1" 200 69396
114.83.219.192 - - [13/Nov/2022:11:03:05 +0800] "POST /xingrg/kc/buy/cgsh_order_operate.html HTTP/1.1" 200 8245
114.83.219.192 - - [13/Nov/2022:11:03:05 +0800] "GET /xingrg/javascript/easyui/themes/default/validatebox.css HTTP/1.1" 404 1104
101.229.170.33 - - [13/Nov/2022:11:03:09 +0800] "GET /xingrg/all/function/internal_message.html?_=1668308593789&CODE_STATE=getMsg HTTP/1.1" 200 27
101.229.170.33 - - [13/Nov/2022:11:03:09 +0800] "GET /xingrg/check_reg.html?_=1668308593793 HTTP/1.1" 200 22
180.162.229.95 - - [13/Nov/2022:11:03:11 +0800] "GET /xingrg/kc/base/wldb_order_operate.html?command=get_materiel&rest_code=00102&base_code=0010476&code=00101019074 HTTP/1.1" 200 469
116.238.139.35 - - [13/Nov/2022:11:03:12 +0800] "GET /xingrg/all/function/internal_message.html?_=1668308513220&CODE_STATE=getMsg HTTP/1.1" 200 27
222.70.183.206 - - [13/Nov/2022:11:03:13 +0800] "GET /xingrg/kc/base/wldb_order_operate.html?command=get_materiel&rest_code=00111&base_code=0010306&code=00102002497 HTTP/1.1" 200 442
222.70.183.206 - - [13/Nov/2022:11:03:15 +0800] "GET /xingrg/all/function/internal_message.html?_=1668308597203&CODE_STATE=getMsg HTTP/1.1" 200 27
114.95.46.117 - - [13/Nov/2022:11:03:15 +0800] "GET /xingrg/all/function/internal_message.html?_=1668308600332&CODE_STATE=getMsg HTTP/1.1" 200 27
222.70.183.206 - - [13/Nov/2022:11:03:18 +0800] "GET /xingrg/kc/base/wldb_order_operate.html?command=get_materiel&rest_code=00111&base_code=0010306&code=00102002304 HTTP/1.1" 200 463
180.162.229.95 - - [13/Nov/2022:11:03:22 +0800] "GET /xingrg/kc/base/wldb_order_operate.html?command=get_materiel&rest_code=00102&base_code=0010476&code=00101019400 HTTP/1.1" 200 463
222.70.183.206 - - [13/Nov/2022:11:03:23 +0800] "POST /xingrg/kc/base/wldb_order_operate.html HTTP/1.1" 200 37
222.70.183.206 - - [13/Nov/2022:11:03:23 +0800] "POST /xingrg/kc/base/wldb_order_operate.html HTTP/1.1" 200 2682
180.169.147.146 - - [13/Nov/2022:11:03:24 +0800] "GET /xingrg/all/function/internal_message.html?_=1668308603317&CODE_STATE=getMsg HTTP/1.1" 200 27
114.95.46.117 - - [13/Nov/2022:11:03:25 +0800] "GET /xingrg/all/function/internal_message.html?_=1668308458307&CODE_STATE=getMsg HTTP/1.1" 200 27
114.84.81.136 - - [13/Nov/2022:11:03:25 +0800] "GET /xingrg/all/function/internal_message.html?_=1668308608903&CODE_STATE=getMsg HTTP/1.1" 200 27
222.70.183.206 - - [13/Nov/2022:11:03:25 +0800] "GET /xingrg/kc/base/wldb_order_info.html?code=422022111301028 HTTP/1.1" 200 30350
180.162.229.95 - - [13/Nov/2022:11:03:26 +0800] "GET /xingrg/kc/base/wldb_order_operate.html?command=get_materiel&rest_code=00102&base_code=0010476&code=00101019184 HTTP/1.1" 200 456
222.70.183.206 - - [13/Nov/2022:11:03:26 +0800] "GET /xingrg/javascript/easyui/themes/default/validatebox.css HTTP/1.1" 404 1104
222.70.183.206 - - [13/Nov/2022:11:03:27 +0800] "POST /xingrg/kc/base/wldb_order_operate.html HTTP/1.1" 200 2682
180.162.115.118 - - [13/Nov/2022:11:03:27 +0800] "GET /xingrg/javascript/auto/indicator.gif HTTP/1.1" 404 1066
116.230.105.139 - - [13/Nov/2022:11:03:27 +0800] "GET /xingrg/all/function/internal_message.html?_=1668308596727&CODE_STATE=getMsg HTTP/1.1" 200 27
222.70.183.206 - - [13/Nov/2022:11:03:28 +0800] "GET /xingrg/kc/base/wldb_order_add.html HTTP/1.1" 200 30336
61.170.232.119 - - [13/Nov/2022:11:03:29 +0800] "GET /xingrg/all/function/internal_message.html?_=1668308619747&CODE_STATE=getMsg HTTP/1.1" 200 27
114.83.219.57 - - [13/Nov/2022:11:03:29 +0800] "GET /xingrg/all/function/internal_message.html?_=1668308730739&CODE_STATE=getMsg HTTP/1.1" 200 27
222.70.183.206 - - [13/Nov/2022:11:03:29 +0800] "GET /xingrg/javascript/easyui/themes/default/validatebox.css HTTP/1.1" 404 1104
222.70.183.206 - - [13/Nov/2022:11:03:29 +0800] "POST /xingrg/kc/base/wldb_order_operate.html HTTP/1.1" 200 6806
61.170.232.119 - - [13/Nov/2022:11:03:30 +0800] "GET /xingrg/all/function/internal_message.html?_=1668308610510&CODE_STATE=getMsg HTTP/1.1" 200 27
180.162.229.95 - - [13/Nov/2022:11:03:32 +0800] "GET /xingrg/kc/base/wldb_order_operate.html?command=get_materiel&rest_code=00102&base_code=0010476&code=00101019183 HTTP/1.1" 200 449
114.83.219.192 - - [13/Nov/2022:11:03:32 +0800] "GET /xingrg/check_reg.html?_=1668308616073 HTTP/1.1" 200 22
180.162.115.118 - - [13/Nov/2022:11:03:32 +0800] "GET /xingrg/kc/buy/cgsh_order_operate.html?command=get_materiel&rest_code=00143&code=00101008352&supplier_code=00100161&order_time=2022-11-13 HTTP/1.1" 200 412
180.169.147.146 - - [13/Nov/2022:11:03:33 +0800] "GET /xingrg/kc/print/load_data.html?order_code=212022111103711&kc_code=cgsh HTTP/1.1" 200 736
180.158.7.178 - - [13/Nov/2022:11:03:35 +0800] "GET /xingrg/all/function/internal_message.html?_=1668308618837&CODE_STATE=getMsg HTTP/1.1" 302 -
180.162.229.95 - - [13/Nov/2022:11:03:39 +0800] "GET /xingrg/kc/base/wldb_order_operate.html?command=get_materiel&rest_code=00102&base_code=0010476&code=00101019405 HTTP/1.1" 200 482
222.70.183.206 - - [13/Nov/2022:11:03:42 +0800] "POST /xingrg/kc/base/wldb_order_operate.html HTTP/1.1" 200 37
222.70.183.206 - - [13/Nov/2022:11:03:42 +0800] "POST /xingrg/kc/base/wldb_order_operate.html HTTP/1.1" 200 2194
101.85.95.132 - - [13/Nov/2022:11:03:43 +0800] "GET /xingrg/all/function/internal_message.html?_=1668308624877&CODE_STATE=getMsg HTTP/1.1" 200 27
180.162.229.95 - - [13/Nov/2022:11:03:44 +0800] "GET /xingrg/kc/base/wldb_order_operate.html?command=get_materiel&rest_code=00102&base_code=0010476&code=00101013091 HTTP/1.1" 200 433
222.70.183.206 - - [13/Nov/2022:11:03:44 +0800] "GET /xingrg/kc/base/wldb_order_info.html?code=422022111301029 HTTP/1.1" 200 30350
222.70.183.206 - - [13/Nov/2022:11:03:45 +0800] "GET /xingrg/javascript/easyui/themes/default/validatebox.css HTTP/1.1" 404 1104
222.70.183.206 - - [13/Nov/2022:11:03:45 +0800] "POST /xingrg/kc/base/wldb_order_operate.html HTTP/1.1" 200 2194
116.238.139.35 - - [13/Nov/2022:11:03:46 +0800] "GET /xingrg/all/function/internal_message.html?_=1668308630484&CODE_STATE=getMsg HTTP/1.1" 200 27
222.70.183.206 - - [13/Nov/2022:11:03:47 +0800] "GET /xingrg/kc/base/wldb_order_add.html HTTP/1.1" 200 30336
180.169.147.146 - - [13/Nov/2022:11:03:47 +0800] "GET /xingrg/all/function/internal_message.html?_=1668308631064&CODE_STATE=getMsg HTTP/1.1" 200 27
222.70.183.206 - - [13/Nov/2022:11:03:47 +0800] "GET /xingrg/javascript/easyui/themes/default/validatebox.css HTTP/1.1" 404 1104
222.70.183.206 - - [13/Nov/2022:11:03:47 +0800] "POST /xingrg/kc/base/wldb_order_operate.html HTTP/1.1" 200 6806
114.83.219.192 - - [13/Nov/2022:11:03:51 +0800] "GET /xingrg/all/function/internal_message.html?_=1668308634866&CODE_STATE=getMsg HTTP/1.1" 200 27
180.162.115.118 - - [13/Nov/2022:11:03:52 +0800] "GET /xingrg/all/function/internal_message.html?_=1668307687364&CODE_STATE=getMsg HTTP/1.1" 200 27
61.170.232.119 - - [13/Nov/2022:11:03:52 +0800] "GET /xingrg/all/function/internal_message.html?_=1668308640343&CODE_STATE=getMsg HTTP/1.1" 200 27
180.162.229.95 - - [13/Nov/2022:11:03:52 +0800] "GET /xingrg/all/function/internal_message.html?_=1668308636589&CODE_STATE=getMsg HTTP/1.1" 200 27
180.162.229.95 - - [13/Nov/2022:11:03:52 +0800] "GET /xingrg/kc/base/wldb_order_operate.html?command=get_materiel&rest_code=00102&base_code=0010476&code=00101019202 HTTP/1.1" 200 463
218.81.217.29 - - [13/Nov/2022:11:03:56 +0800] "GET /xingrg/check_reg.html?_=1668308666063 HTTP/1.1" 200 22
218.81.217.29 - - [13/Nov/2022:11:03:57 +0800] "GET /xingrg/all/function/internal_message.html?_=1668308666608&CODE_STATE=getMsg HTTP/1.1" 200 27
180.162.115.118 - - [13/Nov/2022:11:03:58 +0800] "GET /xingrg/kc/buy/cgsh_order_operate.html?command=get_materiel&rest_code=00143&code=00101008108&supplier_code=00100161&order_time=2022-11-13 HTTP/1.1" 200 412
180.162.229.95 - - [13/Nov/2022:11:03:58 +0800] "GET /xingrg/kc/base/wldb_order_operate.html?command=get_materiel&rest_code=00102&base_code=0010476&code=00101019077 HTTP/1.1" 200 470
58.40.7.146 - - [13/Nov/2022:11:04:00 +0800] "GET /xingrg/all/function/internal_message.html?_=1668308644037&CODE_STATE=getMsg HTTP/1.1" 200 27
222.70.183.206 - - [13/Nov/2022:11:04:03 +0800] "GET /xingrg/kc/base/wldb_order_operate.html?command=get_materiel&rest_code=00111&base_code=0010283&code=00101016001 HTTP/1.1" 200 458
180.162.229.95 - - [13/Nov/2022:11:04:04 +0800] "GET /xingrg/kc/base/wldb_order_operate.html?command=get_materiel&rest_code=00102&base_code=0010476&code=00101019056 HTTP/1.1" 200 477
101.229.170.33 - - [13/Nov/2022:11:04:09 +0800] "GET /xingrg/all/function/internal_message.html?_=1668308653779&CODE_STATE=getMsg HTTP/1.1" 200 27
116.238.139.35 - - [13/Nov/2022:11:04:12 +0800] "GET /xingrg/all/function/internal_message.html?_=1668308573229&CODE_STATE=getMsg HTTP/1.1" 200 27
222.70.183.206 - - [13/Nov/2022:11:04:15 +0800] "GET /xingrg/all/function/internal_message.html?_=1668308657193&CODE_STATE=getMsg HTTP/1.1" 200 27
222.70.183.206 - - [13/Nov/2022:11:04:15 +0800] "GET /xingrg/check_reg.html?_=1668308657192 HTTP/1.1" 200 22
114.95.46.117 - - [13/Nov/2022:11:04:15 +0800] "GET /xingrg/all/function/internal_message.html?_=1668308660309&CODE_STATE=getMsg HTTP/1.1" 200 27
222.70.183.206 - - [13/Nov/2022:11:04:16 +0800] "GET /xingrg/kc/base/wldb_order_operate.html?command=get_materiel&rest_code=00111&base_code=0010283&code=00101019084 HTTP/1.1" 200 473
180.162.115.118 - - [13/Nov/2022:11:04:17 +0800] "GET /xingrg/kc/buy/cgsh_order_operate.html?command=get_materiel&rest_code=00143&code=00101008036&supplier_code=00100161&order_time=2022-11-13 HTTP/1.1" 200 408
180.169.147.146 - - [13/Nov/2022:11:04:24 +0800] "GET /xingrg/all/function/internal_message.html?_=1668308663325&CODE_STATE=getMsg HTTP/1.1" 200 27
114.95.46.117 - - [13/Nov/2022:11:04:25 +0800] "GET /xingrg/all/function/internal_message.html?_=1668308518308&CODE_STATE=getMsg HTTP/1.1" 200 27
114.84.81.136 - - [13/Nov/2022:11:04:25 +0800] "GET /xingrg/check_reg.html?_=1668308668903 HTTP/1.1" 200 22
114.84.81.136 - - [13/Nov/2022:11:04:25 +0800] "GET /xingrg/all/function/internal_message.html?_=1668308668907&CODE_STATE=getMsg HTTP/1.1" 200 27
180.162.229.95 - - [13/Nov/2022:11:04:26 +0800] "GET /xingrg/kc/base/wldb_order_operate.html?command=get_materiel&rest_code=00102&base_code=0010476&code=00101013257 HTTP/1.1" 200 443
222.70.183.206 - - [13/Nov/2022:11:04:26 +0800] "GET /xingrg/kc/base/wldb_order_operate.html?command=get_materiel&rest_code=00111&base_code=0010283&code=00101019010 HTTP/1.1" 200 467
116.230.105.139 - - [13/Nov/2022:11:04:28 +0800] "GET /xingrg/all/function/internal_message.html?_=1668308656735&CODE_STATE=getMsg HTTP/1.1" 200 27
61.170.232.119 - - [13/Nov/2022:11:04:29 +0800] "GET /xingrg/check_reg.html?_=1668308679732 HTTP/1.1" 200 22
61.170.232.119 - - [13/Nov/2022:11:04:29 +0800] "GET /xingrg/all/function/internal_message.html?_=1668308679734&CODE_STATE=getMsg HTTP/1.1" 200 27
114.83.219.57 - - [13/Nov/2022:11:04:29 +0800] "GET /xingrg/all/function/internal_message.html?_=1668308790722&CODE_STATE=getMsg HTTP/1.1" 200 27
61.170.232.119 - - [13/Nov/2022:11:04:30 +0800] "GET /xingrg/check_reg.html?_=1668308670508 HTTP/1.1" 200 22
61.170.232.119 - - [13/Nov/2022:11:04:30 +0800] "GET /xingrg/all/function/internal_message.html?_=1668308670507&CODE_STATE=getMsg HTTP/1.1" 200 27
180.158.7.178 - - [13/Nov/2022:11:04:35 +0800] "GET /xingrg/all/function/internal_message.html?_=1668308678844&CODE_STATE=getMsg HTTP/1.1" 302 -
222.70.183.206 - - [13/Nov/2022:11:04:40 +0800] "POST /xingrg/kc/base/wldb_order_operate.html HTTP/1.1" 200 37
222.70.183.206 - - [13/Nov/2022:11:04:41 +0800] "POST /xingrg/kc/base/wldb_order_operate.html HTTP/1.1" 200 4175
222.70.183.206 - - [13/Nov/2022:11:04:41 +0800] "GET /xingrg/kc/base/wldb_order_info.html?code=422022111301030 HTTP/1.1" 200 30350
222.70.183.206 - - [13/Nov/2022:11:04:41 +0800] "GET /xingrg/javascript/easyui/themes/default/validatebox.css HTTP/1.1" 404 1104
222.70.183.206 - - [13/Nov/2022:11:04:42 +0800] "POST /xingrg/kc/base/wldb_order_operate.html HTTP/1.1" 200 4175
101.85.95.132 - - [13/Nov/2022:11:04:43 +0800] "GET /xingrg/all/function/internal_message.html?_=1668308684872&CODE_STATE=getMsg HTTP/1.1" 200 27
114.83.219.192 - - [13/Nov/2022:11:04:46 +0800] "GET /xingrg/kc/buy/cgsh_order_operate.html?command=get_materiel&rest_code=00149&code=00101009109&supplier_code=00100201&order_time=2022-11-13 HTTP/1.1" 200 413
114.88.159.190 - - [13/Nov/2022:11:04:46 +0800] "GET /xingrg/check_reg.html?_=1668308304008 HTTP/1.1" 200 22
116.238.139.35 - - [13/Nov/2022:11:04:46 +0800] "GET /xingrg/all/function/internal_message.html?_=1668308690491&CODE_STATE=getMsg HTTP/1.1" 200 27
218.81.217.29 - - [13/Nov/2022:11:04:47 +0800] "GET /xingrg/kc/base/wldb_order_operate.html?command=get_materiel&rest_code=00146&base_code=0010063&code=00101022004 HTTP/1.1" 200 433
180.169.147.146 - - [13/Nov/2022:11:04:47 +0800] "GET /xingrg/all/function/internal_message.html?_=1668308691062&CODE_STATE=getMsg HTTP/1.1" 200 27
114.83.219.192 - - [13/Nov/2022:11:04:51 +0800] "GET /xingrg/all/function/internal_message.html?_=1668308694848&CODE_STATE=getMsg HTTP/1.1" 200 27
180.162.115.118 - - [13/Nov/2022:11:04:52 +0800] "GET /xingrg/all/function/internal_message.html?_=1668307747344&CODE_STATE=getMsg HTTP/1.1" 200 27
61.170.232.119 - - [13/Nov/2022:11:04:52 +0800] "GET /xingrg/all/function/internal_message.html?_=1668308700344&CODE_STATE=getMsg HTTP/1.1" 200 27
61.170.232.119 - - [13/Nov/2022:11:04:52 +0800] "GET /xingrg/check_reg.html?_=1668308700349 HTTP/1.1" 200 22
180.162.229.95 - - [13/Nov/2022:11:04:52 +0800] "GET /xingrg/all/function/internal_message.html?_=1668308696570&CODE_STATE=getMsg HTTP/1.1" 200 27
180.162.229.95 - - [13/Nov/2022:11:04:52 +0800] "GET /xingrg/check_reg.html?_=1668308696636 HTTP/1.1" 200 22
180.162.229.95 - - [13/Nov/2022:11:04:56 +0800] "GET /xingrg/kc/base/wldb_order_operate.html?command=get_materiel&rest_code=00102&base_code=0010476&code=00101019527 HTTP/1.1" 200 474
218.81.217.29 - - [13/Nov/2022:11:04:57 +0800] "GET /xingrg/all/function/internal_message.html?_=1668308726622&CODE_STATE=getMsg HTTP/1.1" 200 27
58.40.7.146 - - [13/Nov/2022:11:05:00 +0800] "GET /xingrg/check_reg.html?_=1668308704042 HTTP/1.1" 200 22
58.40.7.146 - - [13/Nov/2022:11:05:00 +0800] "GET /xingrg/all/function/internal_message.html?_=1668308704041&CODE_STATE=getMsg HTTP/1.1" 200 27
218.81.217.29 - - [13/Nov/2022:11:05:03 +0800] "GET /xingrg/kc/base/wldb_order_operate.html?command=get_materiel&rest_code=00146&base_code=0010063&code=00101016094 HTTP/1.1" 200 469
180.162.229.95 - - [13/Nov/2022:11:05:04 +0800] "GET /xingrg/kc/base/wldb_order_operate.html?command=get_materiel&rest_code=00102&base_code=0010476&code=00101016020 HTTP/1.1" 200 446
218.81.217.29 - - [13/Nov/2022:11:05:06 +0800] "POST /xingrg/services/DataTransmitService HTTP/1.1" 200 524
180.162.115.118 - - [13/Nov/2022:11:05:06 +0800] "GET /xingrg/kc/buy/cgsh_order_operate.html?command=get_materiel&rest_code=00143&code=00101008005&supplier_code=00100161&order_time=2022-11-13 HTTP/1.1" 200 412
101.229.170.33 - - [13/Nov/2022:11:05:09 +0800] "GET /xingrg/all/function/internal_message.html?_=1668308713794&CODE_STATE=getMsg HTTP/1.1" 200 27
114.83.219.192 - - [13/Nov/2022:11:05:11 +0800] "GET /xingrg/kc/buy/cgsh_order_operate.html?command=get_materiel&rest_code=00149&code=00101009062&supplier_code=00100201&order_time=2022-11-13 HTTP/1.1" 200 412
116.238.139.35 - - [13/Nov/2022:11:05:12 +0800] "GET /xingrg/all/function/internal_message.html?_=1668308633248&CODE_STATE=getMsg HTTP/1.1" 200 27
218.81.217.29 - - [13/Nov/2022:11:05:12 +0800] "POST /xingrg/services/DataTransmitService HTTP/1.1" 200 501
222.70.183.206 - - [13/Nov/2022:11:05:15 +0800] "GET /xingrg/all/function/internal_message.html?_=1668308717198&CODE_STATE=getMsg HTTP/1.1" 200 27
114.95.46.117 - - [13/Nov/2022:11:05:15 +0800] "GET /xingrg/all/function/internal_message.html?_=1668308720282&CODE_STATE=getMsg HTTP/1.1" 200 27
180.162.229.95 - - [13/Nov/2022:11:05:21 +0800] "GET /xingrg/kc/base/wldb_order_operate.html?command=get_materiel&rest_code=00102&base_code=0010476&code=00101019185 HTTP/1.1" 200 469
114.83.219.192 - - [13/Nov/2022:11:05:22 +0800] "GET /xingrg/kc/buy/cgsh_order_operate.html?command=get_materiel&rest_code=00149&code=00101009011&supplier_code=00100201&order_time=2022-11-13 HTTP/1.1" 200 416
180.162.229.95 - - [13/Nov/2022:11:05:23 +0800] "POST /xingrg/kc/base/wldb_order_operate.html HTTP/1.1" 200 1710
180.169.147.146 - - [13/Nov/2022:11:05:24 +0800] "GET /xingrg/all/function/internal_message.html?_=1668308723319&CODE_STATE=getMsg HTTP/1.1" 200 27
114.95.46.117 - - [13/Nov/2022:11:05:25 +0800] "GET /xingrg/check_reg.html?_=1668308729728 HTTP/1.1" 200 22
218.81.217.29 - - [13/Nov/2022:11:05:25 +0800] "GET /xingrg/kc/base/wldb_order_operate.html?command=get_materiel&rest_code=00146&base_code=0010063&code=00101019164 HTTP/1.1" 200 465
114.95.46.117 - - [13/Nov/2022:11:05:25 +0800] "GET /xingrg/all/function/internal_message.html?_=1668308578308&CODE_STATE=getMsg HTTP/1.1" 200 27
114.84.81.136 - - [13/Nov/2022:11:05:25 +0800] "GET /xingrg/all/function/internal_message.html?_=1668308728894&CODE_STATE=getMsg HTTP/1.1" 200 27
180.162.115.118 - - [13/Nov/2022:11:05:27 +0800] "GET /xingrg/kc/buy/cgsh_order_operate.html?command=get_materiel&rest_code=00143&code=00101008049&supplier_code=00100161&order_time=2022-11-13 HTTP/1.1" 200 408
116.230.105.139 - - [13/Nov/2022:11:05:28 +0800] "GET /xingrg/all/function/internal_message.html?_=1668308716732&CODE_STATE=getMsg HTTP/1.1" 200 27
114.83.219.57 - - [13/Nov/2022:11:05:28 +0800] "GET /xingrg/check_reg.html?_=1668308850237 HTTP/1.1" 200 22
61.170.232.119 - - [13/Nov/2022:11:05:29 +0800] "GET /xingrg/all/function/internal_message.html?_=1668308739736&CODE_STATE=getMsg HTTP/1.1" 200 27
114.83.219.57 - - [13/Nov/2022:11:05:29 +0800] "GET /xingrg/all/function/internal_message.html?_=1668308850722&CODE_STATE=getMsg HTTP/1.1" 200 27
61.170.232.119 - - [13/Nov/2022:11:05:30 +0800] "GET /xingrg/all/function/internal_message.html?_=1668308730506&CODE_STATE=getMsg HTTP/1.1" 200 27
180.162.229.95 - - [13/Nov/2022:11:05:31 +0800] "GET /xingrg/kc/base/wldb_order_operate.html?command=get_materiel&rest_code=00102&base_code=0010476&code=00101019131 HTTP/1.1" 200 468
180.158.7.178 - - [13/Nov/2022:11:05:35 +0800] "GET /xingrg/check_reg.html?_=1668308738846 HTTP/1.1" 302 -
180.158.7.178 - - [13/Nov/2022:11:05:35 +0800] "GET /xingrg/all/function/internal_message.html?_=1668308738850&CODE_STATE=getMsg HTTP/1.1" 302 -
218.81.217.29 - - [13/Nov/2022:11:05:39 +0800] "GET /xingrg/kc/base/wldb_order_operate.html?command=get_materiel&rest_code=00146&base_code=0010063&code=00101013076 HTTP/1.1" 200 442
180.169.147.146 - - [13/Nov/2022:11:05:40 +0800] "GET /xingrg/kc/buy/cgsh_order_info.html?code=212022111103711 HTTP/1.1" 200 69322
180.169.147.146 - - [13/Nov/2022:11:05:40 +0800] "GET /xingrg/javascript/easyui/themes/default/validatebox.css HTTP/1.1" 404 1104
180.162.229.95 - - [13/Nov/2022:11:05:40 +0800] "GET /xingrg/kc/base/wldb_order_operate.html?command=get_materiel&rest_code=00102&base_code=0010476&code=00101019187 HTTP/1.1" 200 479
180.169.147.146 - - [13/Nov/2022:11:05:41 +0800] "POST /xingrg/kc/buy/cgsh_order_operate.html HTTP/1.1" 200 2662
114.83.219.192 - - [13/Nov/2022:11:05:41 +0800] "GET /xingrg/kc/buy/cgsh_order_operate.html?command=get_materiel&rest_code=00149&code=00101009122&supplier_code=00100201&order_time=2022-11-13 HTTP/1.1" 200 405
101.85.95.132 - - [13/Nov/2022:11:05:43 +0800] "GET /xingrg/all/function/internal_message.html?_=1668308744882&CODE_STATE=getMsg HTTP/1.1" 200 27
180.162.115.118 - - [13/Nov/2022:11:05:45 +0800] "GET /xingrg/kc/buy/cgsh_order_operate.html?command=get_materiel&rest_code=00143&code=00101008261&supplier_code=00100161&order_time=2022-11-13 HTTP/1.1" 200 408
116.238.139.35 - - [13/Nov/2022:11:05:46 +0800] "GET /xingrg/check_reg.html?_=1668308750493 HTTP/1.1" 200 22
116.238.139.35 - - [13/Nov/2022:11:05:46 +0800] "GET /xingrg/all/function/internal_message.html?_=1668308750499&CODE_STATE=getMsg HTTP/1.1" 200 27
180.162.229.95 - - [13/Nov/2022:11:05:47 +0800] "GET /xingrg/kc/base/wldb_order_operate.html?command=get_materiel&rest_code=00102&base_code=0010476&code=00101019258 HTTP/1.1" 200 482
180.169.147.146 - - [13/Nov/2022:11:05:47 +0800] "GET /xingrg/check_reg.html?_=1668308751075 HTTP/1.1" 200 22
180.169.147.146 - - [13/Nov/2022:11:05:47 +0800] "GET /xingrg/all/function/internal_message.html?_=1668308751077&CODE_STATE=getMsg HTTP/1.1" 200 27
222.70.183.206 - - [13/Nov/2022:11:05:47 +0800] "POST /xingrg/kc/base/wldb_order_operate.html HTTP/1.1" 200 37
222.70.183.206 - - [13/Nov/2022:11:05:48 +0800] "POST /xingrg/kc/base/wldb_order_operate.html HTTP/1.1" 200 4175
222.70.183.206 - - [13/Nov/2022:11:05:49 +0800] "GET /xingrg/kc/base/wldb_order_info.html?code=422022111301030 HTTP/1.1" 200 30350
222.70.183.206 - - [13/Nov/2022:11:05:49 +0800] "GET /xingrg/javascript/easyui/themes/default/validatebox.css HTTP/1.1" 404 1104
222.70.183.206 - - [13/Nov/2022:11:05:50 +0800] "POST /xingrg/kc/base/wldb_order_operate.html HTTP/1.1" 200 4175
114.83.219.192 - - [13/Nov/2022:11:05:51 +0800] "GET /xingrg/all/function/internal_message.html?_=1668308754829&CODE_STATE=getMsg HTTP/1.1" 200 27
180.162.115.118 - - [13/Nov/2022:11:05:52 +0800] "GET /xingrg/all/function/internal_message.html?_=1668307807317&CODE_STATE=getMsg HTTP/1.1" 200 27
114.83.219.192 - - [13/Nov/2022:11:05:52 +0800] "GET /xingrg/kc/buy/cgsh_order_operate.html?command=get_materiel&rest_code=00149&code=00101009107&supplier_code=00100201&order_time=2022-11-13 HTTP/1.1" 200 409
61.170.232.119 - - [13/Nov/2022:11:05:52 +0800] "GET /xingrg/all/function/internal_message.html?_=1668308760350&CODE_STATE=getMsg HTTP/1.1" 200 27
180.162.229.95 - - [13/Nov/2022:11:05:52 +0800] "GET /xingrg/all/function/internal_message.html?_=1668308756553&CODE_STATE=getMsg HTTP/1.1" 200 27
218.81.217.29 - - [13/Nov/2022:11:05:54 +0800] "GET /xingrg/kc/base/wldb_order_operate.html?command=get_materiel&rest_code=00146&base_code=0010063&code=00101019238 HTTP/1.1" 200 468
218.81.217.29 - - [13/Nov/2022:11:05:57 +0800] "GET /xingrg/all/function/internal_message.html?_=1668308786634&CODE_STATE=getMsg HTTP/1.1" 200 27
116.238.139.35 - - [13/Nov/2022:11:05:59 +0800] "GET /xingrg/check_reg.html?_=1668308680031 HTTP/1.1" 200 22
180.162.229.95 - - [13/Nov/2022:11:05:59 +0800] "GET /xingrg/kc/base/wldb_order_operate.html?command=get_materiel&rest_code=00102&base_code=0010476&code=00101016019 HTTP/1.1" 200 451
58.40.7.146 - - [13/Nov/2022:11:06:00 +0800] "GET /xingrg/all/function/internal_message.html?_=1668308764043&CODE_STATE=getMsg HTTP/1.1" 200 27
180.162.229.95 - - [13/Nov/2022:11:06:01 +0800] "POST /xingrg/kc/base/wldb_order_operate.html HTTP/1.1" 200 1710
114.83.219.192 - - [13/Nov/2022:11:06:07 +0800] "POST /xingrg/kc/buy/cgsh_order_operate.html HTTP/1.1" 200 37
180.162.115.118 - - [13/Nov/2022:11:06:09 +0800] "GET /xingrg/kc/buy/cgsh_order_operate.html?command=get_materiel&rest_code=00143&code=00101008268&supplier_code=00100161&order_time=2022-11-13 HTTP/1.1" 200 408
101.229.170.33 - - [13/Nov/2022:11:06:09 +0800] "GET /xingrg/all/function/internal_message.html?_=1668308773798&CODE_STATE=getMsg HTTP/1.1" 200 27
116.238.139.35 - - [13/Nov/2022:11:06:12 +0800] "GET /xingrg/all/function/internal_message.html?_=1668308693256&CODE_STATE=getMsg HTTP/1.1" 200 27
114.83.219.192 - - [13/Nov/2022:11:06:13 +0800] "POST /xingrg/kc/buy/cgsh_order_operate.html HTTP/1.1" 200 12
222.70.183.206 - - [13/Nov/2022:11:06:15 +0800] "GET /xingrg/all/function/internal_message.html?_=1668308777201&CODE_STATE=getMsg HTTP/1.1" 200 27
114.95.46.117 - - [13/Nov/2022:11:06:15 +0800] "GET /xingrg/all/function/internal_message.html?_=1668308780261&CODE_STATE=getMsg HTTP/1.1" 200 27
114.83.219.192 - - [13/Nov/2022:11:06:18 +0800] "GET /xingrg/kc/buy/cgsh_order_info.html?code=212022111304177 HTTP/1.1" 200 64299
114.83.219.192 - - [13/Nov/2022:11:06:19 +0800] "GET /xingrg/javascript/easyui/themes/default/validatebox.css HTTP/1.1" 404 1104
114.83.219.192 - - [13/Nov/2022:11:06:20 +0800] "POST /xingrg/kc/buy/cgsh_order_operate.html HTTP/1.1" 200 2965
114.83.219.192 - - [13/Nov/2022:11:06:22 +0800] "GET /xingrg/kc/print/load_data.html?order_code=212022111304177&kc_code=cgsh&condition= HTTP/1.1" 200 1609
180.169.147.146 - - [13/Nov/2022:11:06:24 +0800] "GET /xingrg/all/function/internal_message.html?_=1668308783334&CODE_STATE=getMsg HTTP/1.1" 200 27
114.95.46.117 - - [13/Nov/2022:11:06:25 +0800] "GET /xingrg/all/function/internal_message.html?_=1668308638308&CODE_STATE=getMsg HTTP/1.1" 200 27
114.95.46.117 - - [13/Nov/2022:11:06:25 +0800] "GET /xingrg/check_reg.html?_=1668308638311 HTTP/1.1" 200 22
114.84.81.136 - - [13/Nov/2022:11:06:25 +0800] "GET /xingrg/all/function/internal_message.html?_=1668308788898&CODE_STATE=getMsg HTTP/1.1" 200 27
116.230.105.139 - - [13/Nov/2022:11:06:27 +0800] "GET /xingrg/all/function/internal_message.html?_=1668308776719&CODE_STATE=getMsg HTTP/1.1" 200 27
116.230.105.139 - - [13/Nov/2022:11:06:27 +0800] "GET /xingrg/check_reg.html?_=1668308776722 HTTP/1.1" 200 22
114.83.219.192 - - [13/Nov/2022:11:06:28 +0800] "GET /xingrg/kc/buy/cgsh_order_add.html HTTP/1.1" 200 69396
61.170.232.119 - - [13/Nov/2022:11:06:29 +0800] "GET /xingrg/all/function/internal_message.html?_=1668308799738&CODE_STATE=getMsg HTTP/1.1" 200 27
114.83.219.192 - - [13/Nov/2022:11:06:29 +0800] "POST /xingrg/kc/buy/cgsh_order_operate.html HTTP/1.1" 200 8245
114.83.219.192 - - [13/Nov/2022:11:06:29 +0800] "GET /xingrg/javascript/easyui/themes/default/validatebox.css HTTP/1.1" 404 1104
114.83.219.57 - - [13/Nov/2022:11:06:29 +0800] "GET /xingrg/all/function/internal_message.html?_=1668308910694&CODE_STATE=getMsg HTTP/1.1" 200 27
61.170.232.119 - - [13/Nov/2022:11:06:30 +0800] "GET /xingrg/all/function/internal_message.html?_=1668308790505&CODE_STATE=getMsg HTTP/1.1" 200 27
180.162.115.118 - - [13/Nov/2022:11:06:34 +0800] "GET /xingrg/kc/buy/cgsh_order_operate.html?command=get_materiel&rest_code=00143&code=00101008361&supplier_code=00100161&order_time=2022-11-13 HTTP/1.1" 200 408
180.158.7.178 - - [13/Nov/2022:11:06:35 +0800] "GET /xingrg/all/function/internal_message.html?_=1668308798831&CODE_STATE=getMsg HTTP/1.1" 302 -
101.85.95.132 - - [13/Nov/2022:11:06:43 +0800] "GET /xingrg/all/function/internal_message.html?_=1668308804882&CODE_STATE=getMsg HTTP/1.1" 200 27
116.238.139.35 - - [13/Nov/2022:11:06:46 +0800] "GET /xingrg/all/function/internal_message.html?_=1668308810500&CODE_STATE=getMsg HTTP/1.1" 200 27
180.169.147.146 - - [13/Nov/2022:11:06:47 +0800] "GET /xingrg/all/function/internal_message.html?_=1668308811069&CODE_STATE=getMsg HTTP/1.1" 200 27
114.83.219.192 - - [13/Nov/2022:11:06:48 +0800] "GET /xingrg/kc/buy/cgsh_order_operate.html?command=get_materiel&rest_code=00149&code=00101004074&supplier_code=00100083&order_time=2022-11-13 HTTP/1.1" 200 406
114.83.219.192 - - [13/Nov/2022:11:06:51 +0800] "GET /xingrg/all/function/internal_message.html?_=1668308814819&CODE_STATE=getMsg HTTP/1.1" 200 27
180.162.115.118 - - [13/Nov/2022:11:06:51 +0800] "GET /xingrg/check_reg.html?_=1668307866853 HTTP/1.1" 200 22
180.162.115.118 - - [13/Nov/2022:11:06:52 +0800] "GET /xingrg/all/function/internal_message.html?_=1668307867292&CODE_STATE=getMsg HTTP/1.1" 200 27
218.81.217.29 - - [13/Nov/2022:11:06:52 +0800] "GET /xingrg/kc/base/wldb_order_operate.html?command=get_materiel&rest_code=00146&base_code=0010063&code=00101019108 HTTP/1.1" 200 477
61.170.232.119 - - [13/Nov/2022:11:06:52 +0800] "GET /xingrg/all/function/internal_message.html?_=1668308820350&CODE_STATE=getMsg HTTP/1.1" 200 27
180.162.229.95 - - [13/Nov/2022:11:06:52 +0800] "GET /xingrg/all/function/internal_message.html?_=1668308816537&CODE_STATE=getMsg HTTP/1.1" 200 27
180.162.229.95 - - [13/Nov/2022:11:06:52 +0800] "POST /xingrg/kc/base/wldb_order_operate.html HTTP/1.1" 200 37
180.162.229.95 - - [13/Nov/2022:11:06:55 +0800] "POST /xingrg/kc/base/wldb_order_operate.html HTTP/1.1" 200 12
180.162.229.95 - - [13/Nov/2022:11:06:55 +0800] "POST /xingrg/kc/base/wldb_order_operate.html HTTP/1.1" 200 13217
218.81.217.29 - - [13/Nov/2022:11:06:57 +0800] "GET /xingrg/all/function/internal_message.html?_=1668308846648&CODE_STATE=getMsg HTTP/1.1" 200 27
180.162.115.118 - - [13/Nov/2022:11:06:57 +0800] "GET /xingrg/kc/buy/cgsh_order_operate.html?command=get_materiel&rest_code=00143&code=00101008355&supplier_code=00100161&order_time=2022-11-13 HTTP/1.1" 200 408
58.40.7.146 - - [13/Nov/2022:11:07:00 +0800] "GET /xingrg/all/function/internal_message.html?_=1668308824044&CODE_STATE=getMsg HTTP/1.1" 200 27
180.169.147.146 - - [13/Nov/2022:11:07:01 +0800] "POST /xingrg/kc/buy/cgsh_list_operate.html HTTP/1.1" 200 6009
180.162.229.95 - - [13/Nov/2022:11:07:01 +0800] "GET /xingrg/kc/base/wldb_order_info.html?code=422022111301031 HTTP/1.1" 200 26211
180.162.229.95 - - [13/Nov/2022:11:07:02 +0800] "GET /xingrg/javascript/easyui/themes/default/validatebox.css HTTP/1.1" 404 1104
180.162.229.95 - - [13/Nov/2022:11:07:02 +0800] "POST /xingrg/kc/base/wldb_order_operate.html HTTP/1.1" 200 11274
180.169.147.146 - - [13/Nov/2022:11:07:03 +0800] "POST /xingrg/kc/buy/cgsh_list_operate.html HTTP/1.1" 200 200
180.162.229.95 - - [13/Nov/2022:11:07:06 +0800] "GET /xingrg/kc/base/wldb_order_add.html HTTP/1.1" 200 30332
180.162.229.95 - - [13/Nov/2022:11:07:06 +0800] "POST /xingrg/kc/base/wldb_order_operate.html HTTP/1.1" 200 6806
180.162.229.95 - - [13/Nov/2022:11:07:06 +0800] "GET /xingrg/javascript/easyui/themes/default/validatebox.css HTTP/1.1" 404 1104
180.169.147.146 - - [13/Nov/2022:11:07:06 +0800] "GET /xingrg/kc/buy/cgsh_order_info.html?code=212022111103711 HTTP/1.1" 200 69322
180.169.147.146 - - [13/Nov/2022:11:07:07 +0800] "GET /xingrg/javascript/easyui/themes/default/validatebox.css HTTP/1.1" 404 1104
180.162.229.95 - - [13/Nov/2022:11:07:07 +0800] "POST /xingrg/all/common/load_combo.html?type=base HTTP/1.1" 200 3321
180.169.147.146 - - [13/Nov/2022:11:07:07 +0800] "POST /xingrg/kc/buy/cgsh_order_operate.html HTTP/1.1" 200 2662
101.229.170.33 - - [13/Nov/2022:11:07:09 +0800] "GET /xingrg/all/function/internal_message.html?_=1668308833808&CODE_STATE=getMsg HTTP/1.1" 200 27
114.83.219.192 - - [13/Nov/2022:11:07:10 +0800] "GET /xingrg/kc/buy/cgsh_order_operate.html?command=get_materiel&rest_code=00149&code=00101004011&supplier_code=00100083&order_time=2022-11-13 HTTP/1.1" 200 435
180.162.115.118 - - [13/Nov/2022:11:07:10 +0800] "GET /xingrg/kc/buy/cgsh_order_operate.html?command=get_materiel&rest_code=00143&code=00101008024&supplier_code=00100161&order_time=2022-11-13 HTTP/1.1" 200 408
180.162.229.95 - - [13/Nov/2022:11:07:10 +0800] "POST /xingrg/all/common/load_combo.html?type=base HTTP/1.1" 200 3321
180.171.131.163 - - [13/Nov/2022:11:07:12 +0800] "POST /xingrg/services/DataTransmitService HTTP/1.1" 200 524
116.238.139.35 - - [13/Nov/2022:11:07:12 +0800] "GET /xingrg/all/function/internal_message.html?_=1668308753269&CODE_STATE=getMsg HTTP/1.1" 200 27
180.171.131.163 - - [13/Nov/2022:11:07:13 +0800] "POST /xingrg/services/DataTransmitService HTTP/1.1" 200 412
222.70.183.206 - - [13/Nov/2022:11:07:15 +0800] "GET /xingrg/all/function/internal_message.html?_=1668308837200&CODE_STATE=getMsg HTTP/1.1" 200 27
114.95.46.117 - - [13/Nov/2022:11:07:15 +0800] "GET /xingrg/all/function/internal_message.html?_=1668308840240&CODE_STATE=getMsg HTTP/1.1" 200 27
