114.95.46.117 - - [13/Nov/2022:09:57:10 +0800] "POST /xingrg/kc/buy/cgsh_order_operate.html HTTP/1.1" 200 9206
116.238.139.35 - - [13/Nov/2022:09:57:11 +0800] "GET /xingrg/all/function/internal_message.html?_=1668304552318&CODE_STATE=getMsg HTTP/1.1" 200 27
114.95.46.117 - - [13/Nov/2022:09:57:11 +0800] "GET /xingrg/kc/print/load_data.html?order_code=212022111304159&kc_code=cgsh&condition= HTTP/1.1" 200 3261
116.238.139.35 - - [13/Nov/2022:09:57:12 +0800] "POST /xingrg/kc/buy/cgsh_list_operate.html HTTP/1.1" 200 1867
218.81.217.29 - - [13/Nov/2022:09:57:13 +0800] "GET /xingrg/all/function/internal_message.html?_=1668304662512&CODE_STATE=getMsg HTTP/1.1" 200 27
114.95.46.117 - - [13/Nov/2022:09:57:17 +0800] "GET /xingrg/all/function/internal_message.html?_=1668304641863&CODE_STATE=getMsg HTTP/1.1" 200 27
114.95.46.117 - - [13/Nov/2022:09:57:25 +0800] "GET /xingrg/all/function/internal_message.html?_=1668304498211&CODE_STATE=getMsg HTTP/1.1" 200 27
116.230.105.139 - - [13/Nov/2022:09:57:27 +0800] "GET /xingrg/all/function/internal_message.html?_=1668304636736&CODE_STATE=getMsg HTTP/1.1" 200 27
114.83.219.57 - - [13/Nov/2022:09:57:28 +0800] "GET /xingrg/all/function/internal_message.html?_=1668304770226&CODE_STATE=getMsg HTTP/1.1" 200 27
180.158.7.178 - - [13/Nov/2022:09:57:35 +0800] "GET /xingrg/all/function/internal_message.html?_=1668304658830&CODE_STATE=getMsg HTTP/1.1" 200 27
218.81.217.29 - - [13/Nov/2022:09:57:37 +0800] "GET /xingrg/check_reg.html?_=1668304687086 HTTP/1.1" 200 22
116.238.139.35 - - [13/Nov/2022:09:57:38 +0800] "GET /xingrg/all/function/internal_message.html?_=1668304662660&CODE_STATE=getMsg HTTP/1.1" 200 27
180.169.147.146 - - [13/Nov/2022:09:57:47 +0800] "GET /xingrg/all/function/internal_message.html?_=1668304671091&CODE_STATE=getMsg HTTP/1.1" 200 27
120.253.135.82 - - [13/Nov/2022:09:57:50 +0800] "GET /xingrg/all/function/internal_message.html?_=1668304473884&CODE_STATE=getMsg HTTP/1.1" 200 27
114.83.219.192 - - [13/Nov/2022:09:57:51 +0800] "GET /xingrg/all/function/internal_message.html?_=1668304675642&CODE_STATE=getMsg HTTP/1.1" 200 27
180.162.229.95 - - [13/Nov/2022:09:57:52 +0800] "GET /xingrg/all/function/internal_message.html?_=1668304676651&CODE_STATE=getMsg HTTP/1.1" 200 27
101.229.170.33 - - [13/Nov/2022:09:58:09 +0800] "GET /xingrg/all/function/internal_message.html?_=1668304693723&CODE_STATE=getMsg HTTP/1.1" 200 27
101.229.170.33 - - [13/Nov/2022:09:58:09 +0800] "GET /xingrg/check_reg.html?_=1668304693729 HTTP/1.1" 200 22
116.238.139.35 - - [13/Nov/2022:09:58:11 +0800] "GET /xingrg/all/function/internal_message.html?_=1668304612338&CODE_STATE=getMsg HTTP/1.1" 200 27
218.81.217.29 - - [13/Nov/2022:09:58:13 +0800] "GET /xingrg/all/function/internal_message.html?_=1668304722513&CODE_STATE=getMsg HTTP/1.1" 200 27
114.95.46.117 - - [13/Nov/2022:09:58:17 +0800] "GET /xingrg/all/function/internal_message.html?_=1668304701843&CODE_STATE=getMsg HTTP/1.1" 200 27
114.95.46.117 - - [13/Nov/2022:09:58:25 +0800] "GET /xingrg/all/function/internal_message.html?_=1668304558201&CODE_STATE=getMsg HTTP/1.1" 200 27
116.230.105.139 - - [13/Nov/2022:09:58:27 +0800] "GET /xingrg/all/function/internal_message.html?_=1668304696727&CODE_STATE=getMsg HTTP/1.1" 200 27
114.83.219.57 - - [13/Nov/2022:09:58:28 +0800] "GET /xingrg/all/function/internal_message.html?_=1668304830242&CODE_STATE=getMsg HTTP/1.1" 200 27
114.83.219.192 - - [13/Nov/2022:09:58:32 +0800] "GET /xingrg/check_reg.html?_=1668304715862 HTTP/1.1" 200 22
180.158.7.178 - - [13/Nov/2022:09:58:35 +0800] "GET /xingrg/all/function/internal_message.html?_=1668304718830&CODE_STATE=getMsg HTTP/1.1" 200 27
116.238.139.35 - - [13/Nov/2022:09:58:38 +0800] "GET /xingrg/all/function/internal_message.html?_=1668304722660&CODE_STATE=getMsg HTTP/1.1" 200 27
180.169.147.146 - - [13/Nov/2022:09:58:47 +0800] "GET /xingrg/check_reg.html?_=1668304731090 HTTP/1.1" 200 22
180.169.147.146 - - [13/Nov/2022:09:58:47 +0800] "GET /xingrg/all/function/internal_message.html?_=1668304731091&CODE_STATE=getMsg HTTP/1.1" 200 27
120.253.135.82 - - [13/Nov/2022:09:58:51 +0800] "GET /xingrg/all/function/internal_message.html?_=1668304534227&CODE_STATE=getMsg HTTP/1.1" 200 27
114.83.219.192 - - [13/Nov/2022:09:58:51 +0800] "GET /xingrg/all/function/internal_message.html?_=1668304735614&CODE_STATE=getMsg HTTP/1.1" 200 27
180.162.229.95 - - [13/Nov/2022:09:58:52 +0800] "GET /xingrg/all/function/internal_message.html?_=1668304736650&CODE_STATE=getMsg HTTP/1.1" 200 27
101.229.170.33 - - [13/Nov/2022:09:59:09 +0800] "GET /xingrg/all/function/internal_message.html?_=1668304753715&CODE_STATE=getMsg HTTP/1.1" 200 27
116.238.139.35 - - [13/Nov/2022:09:59:11 +0800] "GET /xingrg/all/function/internal_message.html?_=1668304672346&CODE_STATE=getMsg HTTP/1.1" 200 27
218.81.217.29 - - [13/Nov/2022:09:59:13 +0800] "GET /xingrg/all/function/internal_message.html?_=1668304782525&CODE_STATE=getMsg HTTP/1.1" 200 27
114.95.46.117 - - [13/Nov/2022:09:59:17 +0800] "GET /xingrg/all/function/internal_message.html?_=1668304761817&CODE_STATE=getMsg HTTP/1.1" 200 27
114.95.46.117 - - [13/Nov/2022:09:59:25 +0800] "GET /xingrg/all/function/internal_message.html?_=1668304618201&CODE_STATE=getMsg HTTP/1.1" 200 27
116.230.105.139 - - [13/Nov/2022:09:59:27 +0800] "GET /xingrg/all/function/internal_message.html?_=1668304756741&CODE_STATE=getMsg HTTP/1.1" 200 27
114.83.219.57 - - [13/Nov/2022:09:59:28 +0800] "GET /xingrg/all/function/internal_message.html?_=1668304890231&CODE_STATE=getMsg HTTP/1.1" 200 27
180.158.7.178 - - [13/Nov/2022:09:59:35 +0800] "GET /xingrg/all/function/internal_message.html?_=1668304778832&CODE_STATE=getMsg HTTP/1.1" 200 27
116.238.139.35 - - [13/Nov/2022:09:59:38 +0800] "GET /xingrg/all/function/internal_message.html?_=1668304782661&CODE_STATE=getMsg HTTP/1.1" 200 27
114.88.159.190 - - [13/Nov/2022:09:59:46 +0800] "GET /xingrg/check_reg.html?_=1668304404190 HTTP/1.1" 200 22
180.169.147.146 - - [13/Nov/2022:09:59:47 +0800] "GET /xingrg/all/function/internal_message.html?_=1668304791079&CODE_STATE=getMsg HTTP/1.1" 200 27
120.253.135.82 - - [13/Nov/2022:09:59:51 +0800] "GET /xingrg/all/function/internal_message.html?_=1668304594237&CODE_STATE=getMsg HTTP/1.1" 200 27
114.83.219.192 - - [13/Nov/2022:09:59:51 +0800] "GET /xingrg/all/function/internal_message.html?_=1668304795587&CODE_STATE=getMsg HTTP/1.1" 200 27
180.162.229.95 - - [13/Nov/2022:09:59:52 +0800] "GET /xingrg/check_reg.html?_=1668304796644 HTTP/1.1" 200 22
180.162.229.95 - - [13/Nov/2022:09:59:52 +0800] "GET /xingrg/all/function/internal_message.html?_=1668304796645&CODE_STATE=getMsg HTTP/1.1" 200 27
101.229.170.33 - - [13/Nov/2022:10:00:09 +0800] "GET /xingrg/all/function/internal_message.html?_=1668304813717&CODE_STATE=getMsg HTTP/1.1" 200 27
116.238.139.35 - - [13/Nov/2022:10:00:11 +0800] "GET /xingrg/all/function/internal_message.html?_=1668304732366&CODE_STATE=getMsg HTTP/1.1" 200 27
218.81.217.29 - - [13/Nov/2022:10:00:13 +0800] "GET /xingrg/all/function/internal_message.html?_=1668304842806&CODE_STATE=getMsg HTTP/1.1" 200 27
114.95.46.117 - - [13/Nov/2022:10:00:17 +0800] "GET /xingrg/all/function/internal_message.html?_=1668304821799&CODE_STATE=getMsg HTTP/1.1" 200 27
114.95.46.117 - - [13/Nov/2022:10:00:25 +0800] "GET /xingrg/all/function/internal_message.html?_=1668304678201&CODE_STATE=getMsg HTTP/1.1" 200 27
114.95.46.117 - - [13/Nov/2022:10:00:25 +0800] "GET /xingrg/check_reg.html?_=1668304829924 HTTP/1.1" 200 22
116.230.105.139 - - [13/Nov/2022:10:00:27 +0800] "GET /xingrg/all/function/internal_message.html?_=1668304816716&CODE_STATE=getMsg HTTP/1.1" 200 27
114.83.219.57 - - [13/Nov/2022:10:00:28 +0800] "GET /xingrg/all/function/internal_message.html?_=1668304950230&CODE_STATE=getMsg HTTP/1.1" 200 27
114.83.219.57 - - [13/Nov/2022:10:00:28 +0800] "GET /xingrg/check_reg.html?_=1668304950233 HTTP/1.1" 200 22
180.158.7.178 - - [13/Nov/2022:10:00:35 +0800] "GET /xingrg/check_reg.html?_=1668304838819 HTTP/1.1" 200 22
180.158.7.178 - - [13/Nov/2022:10:00:35 +0800] "GET /xingrg/all/function/internal_message.html?_=1668304838822&CODE_STATE=getMsg HTTP/1.1" 200 27
116.238.139.35 - - [13/Nov/2022:10:00:38 +0800] "GET /xingrg/all/function/internal_message.html?_=1668304842672&CODE_STATE=getMsg HTTP/1.1" 200 27
180.169.147.146 - - [13/Nov/2022:10:00:47 +0800] "GET /xingrg/all/function/internal_message.html?_=1668304851092&CODE_STATE=getMsg HTTP/1.1" 200 27
120.253.135.82 - - [13/Nov/2022:10:00:51 +0800] "GET /xingrg/all/function/internal_message.html?_=1668304654447&CODE_STATE=getMsg HTTP/1.1" 200 27
114.83.219.192 - - [13/Nov/2022:10:00:51 +0800] "GET /xingrg/all/function/internal_message.html?_=1668304855557&CODE_STATE=getMsg HTTP/1.1" 200 27
180.162.229.95 - - [13/Nov/2022:10:00:52 +0800] "GET /xingrg/all/function/internal_message.html?_=1668304856653&CODE_STATE=getMsg HTTP/1.1" 200 27
116.238.139.35 - - [13/Nov/2022:10:00:58 +0800] "GET /xingrg/check_reg.html?_=1668304779964 HTTP/1.1" 200 22
101.229.170.33 - - [13/Nov/2022:10:01:09 +0800] "GET /xingrg/all/function/internal_message.html?_=1668304873731&CODE_STATE=getMsg HTTP/1.1" 200 27
116.238.139.35 - - [13/Nov/2022:10:01:11 +0800] "GET /xingrg/all/function/internal_message.html?_=1668304792373&CODE_STATE=getMsg HTTP/1.1" 200 27
218.81.217.29 - - [13/Nov/2022:10:01:13 +0800] "GET /xingrg/all/function/internal_message.html?_=1668304902818&CODE_STATE=getMsg HTTP/1.1" 200 27
114.95.46.117 - - [13/Nov/2022:10:01:17 +0800] "GET /xingrg/all/function/internal_message.html?_=1668304881770&CODE_STATE=getMsg HTTP/1.1" 200 27
114.95.46.117 - - [13/Nov/2022:10:01:25 +0800] "GET /xingrg/all/function/internal_message.html?_=1668304738202&CODE_STATE=getMsg HTTP/1.1" 200 27
114.95.46.117 - - [13/Nov/2022:10:01:25 +0800] "GET /xingrg/check_reg.html?_=1668304738205 HTTP/1.1" 200 22
116.230.105.139 - - [13/Nov/2022:10:01:27 +0800] "GET /xingrg/all/function/internal_message.html?_=1668304876735&CODE_STATE=getMsg HTTP/1.1" 200 27
116.230.105.139 - - [13/Nov/2022:10:01:27 +0800] "GET /xingrg/check_reg.html?_=1668304876737 HTTP/1.1" 200 22
114.83.219.57 - - [13/Nov/2022:10:01:28 +0800] "GET /xingrg/all/function/internal_message.html?_=1668305010234&CODE_STATE=getMsg HTTP/1.1" 200 27
180.158.7.178 - - [13/Nov/2022:10:01:35 +0800] "GET /xingrg/all/function/internal_message.html?_=1668304898834&CODE_STATE=getMsg HTTP/1.1" 200 27
120.253.135.82 - - [13/Nov/2022:10:01:38 +0800] "GET /xingrg/check_reg.html?_=1668304701050 HTTP/1.1" 200 22
116.238.139.35 - - [13/Nov/2022:10:01:38 +0800] "GET /xingrg/check_reg.html?_=1668304902674 HTTP/1.1" 200 22
116.238.139.35 - - [13/Nov/2022:10:01:38 +0800] "GET /xingrg/all/function/internal_message.html?_=1668304902677&CODE_STATE=getMsg HTTP/1.1" 200 27
116.235.93.82 - - [13/Nov/2022:10:01:41 +0800] "POST /xingrg/services/DataTransmitService HTTP/1.1" 200 524
180.169.147.146 - - [13/Nov/2022:10:01:47 +0800] "GET /xingrg/all/function/internal_message.html?_=1668304911100&CODE_STATE=getMsg HTTP/1.1" 200 27
120.253.135.82 - - [13/Nov/2022:10:01:51 +0800] "GET /xingrg/all/function/internal_message.html?_=1668304714452&CODE_STATE=getMsg HTTP/1.1" 200 27
114.83.219.192 - - [13/Nov/2022:10:01:51 +0800] "GET /xingrg/all/function/internal_message.html?_=1668304915555&CODE_STATE=getMsg HTTP/1.1" 200 27
180.162.229.95 - - [13/Nov/2022:10:01:52 +0800] "GET /xingrg/all/function/internal_message.html?_=1668304916637&CODE_STATE=getMsg HTTP/1.1" 200 27
101.229.170.33 - - [13/Nov/2022:10:02:09 +0800] "GET /xingrg/all/function/internal_message.html?_=1668304933717&CODE_STATE=getMsg HTTP/1.1" 200 27
116.238.139.35 - - [13/Nov/2022:10:02:11 +0800] "GET /xingrg/all/function/internal_message.html?_=1668304852389&CODE_STATE=getMsg HTTP/1.1" 200 27
218.81.217.29 - - [13/Nov/2022:10:02:13 +0800] "GET /xingrg/all/function/internal_message.html?_=1668304963094&CODE_STATE=getMsg HTTP/1.1" 200 27
114.95.46.117 - - [13/Nov/2022:10:02:17 +0800] "GET /xingrg/all/function/internal_message.html?_=1668304941745&CODE_STATE=getMsg HTTP/1.1" 200 27
114.95.46.117 - - [13/Nov/2022:10:02:25 +0800] "GET /xingrg/all/function/internal_message.html?_=1668304798210&CODE_STATE=getMsg HTTP/1.1" 200 27
116.230.105.139 - - [13/Nov/2022:10:02:27 +0800] "GET /xingrg/all/function/internal_message.html?_=1668304936725&CODE_STATE=getMsg HTTP/1.1" 200 27
114.83.219.57 - - [13/Nov/2022:10:02:28 +0800] "GET /xingrg/all/function/internal_message.html?_=1668305070221&CODE_STATE=getMsg HTTP/1.1" 200 27
180.158.7.178 - - [13/Nov/2022:10:02:35 +0800] "GET /xingrg/all/function/internal_message.html?_=1668304958822&CODE_STATE=getMsg HTTP/1.1" 200 27
218.81.217.29 - - [13/Nov/2022:10:02:37 +0800] "GET /xingrg/check_reg.html?_=1668304987094 HTTP/1.1" 200 22
116.238.139.35 - - [13/Nov/2022:10:02:38 +0800] "GET /xingrg/all/function/internal_message.html?_=1668304962679&CODE_STATE=getMsg HTTP/1.1" 200 27
120.253.135.82 - - [13/Nov/2022:10:02:43 +0800] "GET /xingrg/kc/pszx/mdqp_order_list.html?state=10 HTTP/1.1" 200 10231
120.253.135.82 - - [13/Nov/2022:10:02:43 +0800] "POST /xingrg/kc/pszx/mdps_list_operate.html HTTP/1.1" 200 868
120.253.135.82 - - [13/Nov/2022:10:02:43 +0800] "GET /xingrg/dwr/interface/AjaxReportQueryService.js HTTP/1.1" 200 13203
120.253.135.82 - - [13/Nov/2022:10:02:43 +0800] "GET /xingrg/dwr/interface/AjaxQqpsService.js HTTP/1.1" 200 16326
120.253.135.82 - - [13/Nov/2022:10:02:43 +0800] "GET /xingrg/dwr/engine.js HTTP/1.1" 200 43631
120.253.135.82 - - [13/Nov/2022:10:02:45 +0800] "GET /xingrg/kc/buy/cgsh_order_list.html HTTP/1.1" 200 53527
120.253.135.82 - - [13/Nov/2022:10:02:46 +0800] "POST /xingrg/kc/buy/cgsh_list_operate.html HTTP/1.1" 200 986
180.169.147.146 - - [13/Nov/2022:10:02:47 +0800] "GET /xingrg/all/function/internal_message.html?_=1668304971081&CODE_STATE=getMsg HTTP/1.1" 200 27
120.253.135.82 - - [13/Nov/2022:10:02:51 +0800] "GET /xingrg/all/function/internal_message.html?_=1668304774464&CODE_STATE=getMsg HTTP/1.1" 200 27
114.83.219.192 - - [13/Nov/2022:10:02:51 +0800] "GET /xingrg/all/function/internal_message.html?_=1668304975541&CODE_STATE=getMsg HTTP/1.1" 200 27
180.162.229.95 - - [13/Nov/2022:10:02:52 +0800] "GET /xingrg/all/function/internal_message.html?_=1668304976652&CODE_STATE=getMsg HTTP/1.1" 200 27
116.238.139.35 - - [13/Nov/2022:10:03:01 +0800] "POST /xingrg/kc/buy/cgsh_list_operate.html HTTP/1.1" 200 2335
116.238.139.35 - - [13/Nov/2022:10:03:07 +0800] "POST /xingrg/kc/buy/cgsh_list_operate.html HTTP/1.1" 200 562
101.229.170.33 - - [13/Nov/2022:10:03:09 +0800] "GET /xingrg/all/function/internal_message.html?_=1668304993719&CODE_STATE=getMsg HTTP/1.1" 200 27
101.229.170.33 - - [13/Nov/2022:10:03:09 +0800] "GET /xingrg/check_reg.html?_=1668304993723 HTTP/1.1" 200 22
116.238.139.35 - - [13/Nov/2022:10:03:11 +0800] "GET /xingrg/all/function/internal_message.html?_=1668304912407&CODE_STATE=getMsg HTTP/1.1" 200 27
116.238.139.35 - - [13/Nov/2022:10:03:11 +0800] "GET /xingrg/kc/buy/cgsh_order_info.html?code=212022111304140 HTTP/1.1" 200 64201
116.238.139.35 - - [13/Nov/2022:10:03:12 +0800] "GET /xingrg/javascript/easyui/themes/default/validatebox.css HTTP/1.1" 404 1104
116.238.139.35 - - [13/Nov/2022:10:03:12 +0800] "POST /xingrg/kc/buy/cgsh_order_operate.html HTTP/1.1" 200 15421
218.81.217.29 - - [13/Nov/2022:10:03:13 +0800] "GET /xingrg/all/function/internal_message.html?_=1668305023095&CODE_STATE=getMsg HTTP/1.1" 200 27
114.95.46.117 - - [13/Nov/2022:10:03:17 +0800] "GET /xingrg/all/function/internal_message.html?_=1668305001714&CODE_STATE=getMsg HTTP/1.1" 200 27
180.169.147.146 - - [13/Nov/2022:10:03:19 +0800] "POST /xingrg/all/report/report_print.html HTTP/1.1" 200 47669
116.238.139.35 - - [13/Nov/2022:10:03:19 +0800] "POST /xingrg/kc/buy/cgsh_order_operate.html HTTP/1.1" 200 12
116.238.139.35 - - [13/Nov/2022:10:03:19 +0800] "GET /xingrg/kc/buy/cgsh_order_info.html?code=212022111304140 HTTP/1.1" 200 69307
116.238.139.35 - - [13/Nov/2022:10:03:20 +0800] "GET /xingrg/javascript/easyui/themes/default/validatebox.css HTTP/1.1" 404 1104
116.238.139.35 - - [13/Nov/2022:10:03:21 +0800] "POST /xingrg/kc/buy/cgsh_order_operate.html HTTP/1.1" 200 17483
114.95.46.117 - - [13/Nov/2022:10:03:25 +0800] "GET /xingrg/all/function/internal_message.html?_=1668304858201&CODE_STATE=getMsg HTTP/1.1" 200 27
116.230.105.139 - - [13/Nov/2022:10:03:27 +0800] "GET /xingrg/all/function/internal_message.html?_=1668304996730&CODE_STATE=getMsg HTTP/1.1" 200 27
114.83.219.57 - - [13/Nov/2022:10:03:28 +0800] "GET /xingrg/all/function/internal_message.html?_=1668305130226&CODE_STATE=getMsg HTTP/1.1" 200 27
114.83.219.192 - - [13/Nov/2022:10:03:32 +0800] "GET /xingrg/check_reg.html?_=1668305015884 HTTP/1.1" 200 22
180.158.7.178 - - [13/Nov/2022:10:03:35 +0800] "GET /xingrg/all/function/internal_message.html?_=1668305018829&CODE_STATE=getMsg HTTP/1.1" 200 27
116.238.139.35 - - [13/Nov/2022:10:03:38 +0800] "GET /xingrg/all/function/internal_message.html?_=1668305022771&CODE_STATE=getMsg HTTP/1.1" 200 27
180.169.147.146 - - [13/Nov/2022:10:03:47 +0800] "GET /xingrg/all/function/internal_message.html?_=1668305031094&CODE_STATE=getMsg HTTP/1.1" 200 27
180.169.147.146 - - [13/Nov/2022:10:03:47 +0800] "GET /xingrg/check_reg.html?_=1668305031097 HTTP/1.1" 200 22
120.253.135.82 - - [13/Nov/2022:10:03:51 +0800] "GET /xingrg/all/function/internal_message.html?_=1668304834664&CODE_STATE=getMsg HTTP/1.1" 200 27
114.83.219.192 - - [13/Nov/2022:10:03:51 +0800] "GET /xingrg/all/function/internal_message.html?_=1668305035519&CODE_STATE=getMsg HTTP/1.1" 200 27
180.162.229.95 - - [13/Nov/2022:10:03:52 +0800] "GET /xingrg/all/function/internal_message.html?_=1668305036645&CODE_STATE=getMsg HTTP/1.1" 200 27
222.70.183.206 - - [13/Nov/2022:10:04:05 +0800] "GET /xingrg/login.html HTTP/1.1" 200 7641
116.238.139.35 - - [13/Nov/2022:10:04:06 +0800] "POST /xingrg/kc/buy/cgsh_order_operate.html HTTP/1.1" 200 37
222.70.183.206 - - [13/Nov/2022:10:04:06 +0800] "GET /favicon.ico HTTP/1.1" 404 -
116.238.139.35 - - [13/Nov/2022:10:04:07 +0800] "POST /xingrg/kc/buy/cgsh_order_operate.html HTTP/1.1" 200 9778
101.229.170.33 - - [13/Nov/2022:10:04:09 +0800] "GET /xingrg/all/function/internal_message.html?_=1668305053724&CODE_STATE=getMsg HTTP/1.1" 200 27
116.238.139.35 - - [13/Nov/2022:10:04:11 +0800] "GET /xingrg/all/function/internal_message.html?_=1668304972413&CODE_STATE=getMsg HTTP/1.1" 200 27
116.238.139.35 - - [13/Nov/2022:10:04:11 +0800] "GET /xingrg/login.html HTTP/1.1" 200 7641
116.238.139.35 - - [13/Nov/2022:10:04:12 +0800] "GET /favicon.ico HTTP/1.1" 404 -
120.253.135.82 - - [13/Nov/2022:10:04:12 +0800] "GET /xingrg/kc/pszx/mdqp_order_list.html?state=10 HTTP/1.1" 200 10231
120.253.135.82 - - [13/Nov/2022:10:04:12 +0800] "GET /xingrg/dwr/interface/AjaxReportQueryService.js HTTP/1.1" 200 13203
120.253.135.82 - - [13/Nov/2022:10:04:12 +0800] "GET /xingrg/dwr/interface/AjaxQqpsService.js HTTP/1.1" 200 16326
120.253.135.82 - - [13/Nov/2022:10:04:12 +0800] "GET /xingrg/dwr/engine.js HTTP/1.1" 200 43631
218.81.217.29 - - [13/Nov/2022:10:04:13 +0800] "GET /xingrg/all/function/internal_message.html?_=1668305083108&CODE_STATE=getMsg HTTP/1.1" 200 27
222.70.183.206 - - [13/Nov/2022:10:04:14 +0800] "POST /xingrg/login.do HTTP/1.1" 302 -
222.70.183.206 - - [13/Nov/2022:10:04:14 +0800] "GET /xingrg/index.html?sysBaseUrl=http%3A%2F%2F180.169.147.146%3A18081%2Fxingrg%2F&costTime=41×tamp=1668305054600 HTTP/1.1" 200 17173
222.70.183.206 - - [13/Nov/2022:10:04:14 +0800] "GET /favicon.ico HTTP/1.1" 404 -
222.70.183.206 - - [13/Nov/2022:10:04:14 +0800] "POST /xingrg/all/common/load_tree.html?tree=area_rest_tree_json&manage=1 HTTP/1.1" 200 342
222.70.183.206 - - [13/Nov/2022:10:04:14 +0800] "GET /xingrg/check_reg.html?_=1668305057118 HTTP/1.1" 200 22
222.70.183.206 - - [13/Nov/2022:10:04:14 +0800] "GET /xingrg/all/function/internal_message.html?_=1668305057117&CODE_STATE=count HTTP/1.1" 200 11
222.70.183.206 - - [13/Nov/2022:10:04:14 +0800] "POST /xingrg/load_menu.html HTTP/1.1" 200 5138
120.253.135.82 - - [13/Nov/2022:10:04:16 +0800] "GET /xingrg/kc/buy/cgsh_order_list.html HTTP/1.1" 200 53527
114.95.46.117 - - [13/Nov/2022:10:04:17 +0800] "GET /xingrg/all/function/internal_message.html?_=1668305061695&CODE_STATE=getMsg HTTP/1.1" 200 27
222.70.183.206 - - [13/Nov/2022:10:04:17 +0800] "GET /xingrg/kc/buy/buy_main.html HTTP/1.1" 200 12412
222.70.183.206 - - [13/Nov/2022:10:04:17 +0800] "GET /xingrg/css/new_ie.css HTTP/1.1" 404 1036
120.253.135.82 - - [13/Nov/2022:10:04:17 +0800] "POST /xingrg/kc/buy/cgsh_list_operate.html HTTP/1.1" 200 986
116.238.139.35 - - [13/Nov/2022:10:04:17 +0800] "POST /xingrg/login.do HTTP/1.1" 302 -
116.238.139.35 - - [13/Nov/2022:10:04:17 +0800] "GET /xingrg/index.html?sysBaseUrl=http%3A%2F%2F180.169.147.146%3A18081%2Fxingrg%2F&costTime=40×tamp=1668305057252 HTTP/1.1" 200 17177
222.70.183.206 - - [13/Nov/2022:10:04:17 +0800] "GET /xingrg/images/yd/bt.gif HTTP/1.1" 404 1040
116.238.139.35 - - [13/Nov/2022:10:04:17 +0800] "POST /xingrg/all/common/load_tree.html?tree=area_rest_tree_json&manage=1 HTTP/1.1" 200 476
116.238.139.35 - - [13/Nov/2022:10:04:17 +0800] "GET /xingrg/all/function/internal_message.html?_=1668305061353&CODE_STATE=count HTTP/1.1" 200 11
116.238.139.35 - - [13/Nov/2022:10:04:17 +0800] "GET /xingrg/check_reg.html?_=1668305061354 HTTP/1.1" 200 22
116.238.139.35 - - [13/Nov/2022:10:04:17 +0800] "GET /favicon.ico HTTP/1.1" 404 -
116.238.139.35 - - [13/Nov/2022:10:04:17 +0800] "POST /xingrg/load_menu.html HTTP/1.1" 200 5138
222.70.183.206 - - [13/Nov/2022:10:04:18 +0800] "GET /xingrg/kc/buy/cgsh_order_list.html HTTP/1.1" 200 53527
116.238.139.35 - - [13/Nov/2022:10:04:20 +0800] "POST /xingrg/all/user/operate.html HTTP/1.1" 200 36
116.238.139.35 - - [13/Nov/2022:10:04:20 +0800] "GET /xingrg/javascript/jquery_easy_ui/themes/default/easyui.css HTTP/1.1" 304 -
116.238.139.35 - - [13/Nov/2022:10:04:20 +0800] "GET /xingrg/index.html?sysBaseUrl=http%3A%2F%2F180.169.147.146%3A18081%2Fxingrg%2F&costTime=40×tamp=1668305057252 HTTP/1.1" 200 17179
116.238.139.35 - - [13/Nov/2022:10:04:20 +0800] "GET /xingrg/javascript/jquery_easy_ui/themes/icon.css HTTP/1.1" 304 -
116.238.139.35 - - [13/Nov/2022:10:04:20 +0800] "GET /xingrg/css/form.css HTTP/1.1" 304 -
116.238.139.35 - - [13/Nov/2022:10:04:20 +0800] "GET /xingrg/javascript/jquery-1.4.2.min.js HTTP/1.1" 304 -
116.238.139.35 - - [13/Nov/2022:10:04:20 +0800] "GET /xingrg/javascript/jquery_easy_ui/jquery.easyui.min.js HTTP/1.1" 304 -
116.238.139.35 - - [13/Nov/2022:10:04:20 +0800] "GET /xingrg/javascript/jquery_easy_ui/easyui-lang-zh_CN.js HTTP/1.1" 304 -
116.238.139.35 - - [13/Nov/2022:10:04:20 +0800] "GET /xingrg/javascript/jquery.form.js HTTP/1.1" 304 -
116.238.139.35 - - [13/Nov/2022:10:04:20 +0800] "GET /xingrg/javascript/jquery.utils.js HTTP/1.1" 304 -
116.238.139.35 - - [13/Nov/2022:10:04:20 +0800] "GET /xingrg/javascript/jquery.timers.js HTTP/1.1" 304 -
116.238.139.35 - - [13/Nov/2022:10:04:20 +0800] "GET /xingrg/images/blue/jxLogo.png HTTP/1.1" 304 -
116.238.139.35 - - [13/Nov/2022:10:04:20 +0800] "GET /xingrg/images/blue/navBackgound.jpg HTTP/1.1" 304 -
116.238.139.35 - - [13/Nov/2022:10:04:20 +0800] "GET /xingrg/javascript/jquery_easy_ui/themes/icons/settle_new.png HTTP/1.1" 304 -
116.238.139.35 - - [13/Nov/2022:10:04:20 +0800] "POST /xingrg/all/common/load_tree.html?tree=area_rest_tree_json&manage=1 HTTP/1.1" 200 476
116.238.139.35 - - [13/Nov/2022:10:04:20 +0800] "GET /xingrg/all/function/internal_message.html?_=1668305064453&CODE_STATE=count HTTP/1.1" 200 11
116.238.139.35 - - [13/Nov/2022:10:04:20 +0800] "GET /xingrg/check_reg.html?_=1668305064454 HTTP/1.1" 200 22
116.238.139.35 - - [13/Nov/2022:10:04:20 +0800] "GET /xingrg/javascript/jquery_easy_ui/themes/default/images/tabs_leftarrow.png HTTP/1.1" 304 -
116.238.139.35 - - [13/Nov/2022:10:04:20 +0800] "GET /xingrg/images/blue/pingpu.png HTTP/1.1" 304 -
116.238.139.35 - - [13/Nov/2022:10:04:20 +0800] "GET /xingrg/javascript/jquery_easy_ui/themes/default/images/panel_tool_collapse.gif HTTP/1.1" 304 -
116.238.139.35 - - [13/Nov/2022:10:04:20 +0800] "GET /xingrg/javascript/jquery_easy_ui/themes/default/images/tabs_rightarrow.png HTTP/1.1" 304 -
116.238.139.35 - - [13/Nov/2022:10:04:20 +0800] "POST /xingrg/load_menu.html HTTP/1.1" 200 5138
222.70.183.206 - - [13/Nov/2022:10:04:21 +0800] "POST /xingrg/kc/buy/cgsh_list_operate.html HTTP/1.1" 200 3548
116.238.139.35 - - [13/Nov/2022:10:04:22 +0800] "GET /xingrg/kc/buy/cgsh_order_list.html HTTP/1.1" 200 53533
222.70.183.206 - - [13/Nov/2022:10:04:24 +0800] "POST /xingrg/kc/buy/cgsh_list_operate.html HTTP/1.1" 200 558
116.238.139.35 - - [13/Nov/2022:10:04:24 +0800] "POST /xingrg/kc/buy/cgsh_list_operate.html HTTP/1.1" 200 2283
114.95.46.117 - - [13/Nov/2022:10:04:25 +0800] "GET /xingrg/all/function/internal_message.html?_=1668304918201&CODE_STATE=getMsg HTTP/1.1" 200 27
222.70.183.206 - - [13/Nov/2022:10:04:25 +0800] "GET /xingrg/kc/buy/cgsh_order_info.html?code=212022111304153 HTTP/1.1" 200 69273
222.70.183.206 - - [13/Nov/2022:10:04:25 +0800] "GET /xingrg/all/common/auto_word.html?type=employee&rest_code=00111 HTTP/1.1" 200 155
222.70.183.206 - - [13/Nov/2022:10:04:25 +0800] "GET /xingrg/all/common/auto_word.html?type=employee&rest_code=00111 HTTP/1.1" 200 155
222.70.183.206 - - [13/Nov/2022:10:04:25 +0800] "GET /xingrg/javascript/easyui/themes/default/validatebox.css HTTP/1.1" 404 1104
222.70.183.206 - - [13/Nov/2022:10:04:26 +0800] "POST /xingrg/kc/buy/cgsh_order_operate.html HTTP/1.1" 200 22749
116.238.139.35 - - [13/Nov/2022:10:04:26 +0800] "POST /xingrg/kc/buy/cgsh_list_operate.html HTTP/1.1" 200 562
116.238.139.35 - - [13/Nov/2022:10:04:27 +0800] "GET /xingrg/kc/buy/cgsh_order_info.html?code=212022111304140 HTTP/1.1" 200 69307
116.230.105.139 - - [13/Nov/2022:10:04:27 +0800] "GET /xingrg/all/function/internal_message.html?_=1668305056732&CODE_STATE=getMsg HTTP/1.1" 200 27
116.238.139.35 - - [13/Nov/2022:10:04:28 +0800] "GET /xingrg/all/common/auto_word.html?type=employee&rest_code=00150 HTTP/1.1" 200 159
116.238.139.35 - - [13/Nov/2022:10:04:28 +0800] "GET /xingrg/javascript/easyui/themes/default/validatebox.css HTTP/1.1" 404 1104
116.238.139.35 - - [13/Nov/2022:10:04:28 +0800] "GET /xingrg/all/common/auto_word.html?type=employee&rest_code=00150 HTTP/1.1" 200 159
116.238.139.35 - - [13/Nov/2022:10:04:28 +0800] "POST /xingrg/kc/buy/cgsh_order_operate.html HTTP/1.1" 200 9778
114.83.219.57 - - [13/Nov/2022:10:04:28 +0800] "GET /xingrg/all/function/internal_message.html?_=1668305190229&CODE_STATE=getMsg HTTP/1.1" 200 27
116.238.139.35 - - [13/Nov/2022:10:04:32 +0800] "POST /xingrg/kc/buy/cgsh_order_operate.html HTTP/1.1" 200 37
180.158.7.178 - - [13/Nov/2022:10:04:35 +0800] "GET /xingrg/all/function/internal_message.html?_=1668305078847&CODE_STATE=getMsg HTTP/1.1" 200 27
116.238.139.35 - - [13/Nov/2022:10:04:36 +0800] "POST /xingrg/kc/buy/cgsh_order_operate.html HTTP/1.1" 200 12
116.238.139.35 - - [13/Nov/2022:10:04:37 +0800] "GET /xingrg/kc/buy/cgsh_order_info.html?code=212022111304140 HTTP/1.1" 200 64201
116.238.139.35 - - [13/Nov/2022:10:04:37 +0800] "GET /xingrg/javascript/easyui/themes/default/validatebox.css HTTP/1.1" 404 1104
116.238.139.35 - - [13/Nov/2022:10:04:37 +0800] "POST /xingrg/kc/buy/cgsh_order_operate.html HTTP/1.1" 200 7703
116.238.139.35 - - [13/Nov/2022:10:04:38 +0800] "GET /xingrg/kc/print/load_config.html?kc_code=cgsh HTTP/1.1" 200 1943
116.238.139.35 - - [13/Nov/2022:10:04:38 +0800] "GET /xingrg/kc/print/load_data.html?order_code=212022111304140&kc_code=cgsh&condition= HTTP/1.1" 200 3372
114.88.159.190 - - [13/Nov/2022:10:04:46 +0800] "GET /xingrg/check_reg.html?_=1668304704159 HTTP/1.1" 200 22
116.238.139.35 - - [13/Nov/2022:10:04:46 +0800] "POST /xingrg/kc/buy/cgsh_list_operate.html HTTP/1.1" 200 1867
180.169.147.146 - - [13/Nov/2022:10:04:47 +0800] "GET /xingrg/all/function/internal_message.html?_=1668305091095&CODE_STATE=getMsg HTTP/1.1" 200 27
114.83.219.192 - - [13/Nov/2022:10:04:51 +0800] "GET /xingrg/all/function/internal_message.html?_=1668305095489&CODE_STATE=getMsg HTTP/1.1" 200 27
120.253.135.82 - - [13/Nov/2022:10:04:51 +0800] "GET /xingrg/all/function/internal_message.html?_=1668304894856&CODE_STATE=getMsg HTTP/1.1" 200 27
180.162.229.95 - - [13/Nov/2022:10:04:52 +0800] "GET /xingrg/check_reg.html?_=1668305096643 HTTP/1.1" 200 22
180.162.229.95 - - [13/Nov/2022:10:04:52 +0800] "GET /xingrg/all/function/internal_message.html?_=1668305096646&CODE_STATE=getMsg HTTP/1.1" 200 27
222.70.183.206 - - [13/Nov/2022:10:05:05 +0800] "GET /xingrg/javascript/auto/indicator.gif HTTP/1.1" 404 1066
101.229.170.33 - - [13/Nov/2022:10:05:09 +0800] "GET /xingrg/all/function/internal_message.html?_=1668305113732&CODE_STATE=getMsg HTTP/1.1" 200 27
222.70.183.206 - - [13/Nov/2022:10:05:10 +0800] "GET /xingrg/kc/buy/cgsh_order_operate.html?command=get_materiel&rest_code=00111&code=00101008356&supplier_code=00100005&order_time=2022-11-13 HTTP/1.1" 200 408
116.238.139.35 - - [13/Nov/2022:10:05:11 +0800] "GET /xingrg/all/function/internal_message.html?_=1668305032433&CODE_STATE=getMsg HTTP/1.1" 200 27
218.81.217.29 - - [13/Nov/2022:10:05:14 +0800] "GET /xingrg/all/function/internal_message.html?_=1668305143373&CODE_STATE=getMsg HTTP/1.1" 200 27
222.70.183.206 - - [13/Nov/2022:10:05:14 +0800] "GET /xingrg/all/function/internal_message.html?_=1668305117119&CODE_STATE=getMsg HTTP/1.1" 200 27
114.95.46.117 - - [13/Nov/2022:10:05:16 +0800] "GET /xingrg/all/function/internal_message.html?_=1668305121663&CODE_STATE=getMsg HTTP/1.1" 200 27
116.238.139.35 - - [13/Nov/2022:10:05:20 +0800] "GET /xingrg/all/function/internal_message.html?_=1668305124462&CODE_STATE=getMsg HTTP/1.1" 200 27
222.70.183.206 - - [13/Nov/2022:10:05:24 +0800] "GET /xingrg/kc/buy/cgsh_order_operate.html?command=get_materiel&rest_code=00111&code=00101008357&supplier_code=00100005&order_time=2022-11-13 HTTP/1.1" 200 408
114.95.46.117 - - [13/Nov/2022:10:05:25 +0800] "GET /xingrg/all/function/internal_message.html?_=1668304978227&CODE_STATE=getMsg HTTP/1.1" 200 27
114.95.46.117 - - [13/Nov/2022:10:05:25 +0800] "GET /xingrg/check_reg.html?_=1668305129901 HTTP/1.1" 200 22
116.230.105.139 - - [13/Nov/2022:10:05:27 +0800] "GET /xingrg/all/function/internal_message.html?_=1668305116729&CODE_STATE=getMsg HTTP/1.1" 200 27
114.83.219.57 - - [13/Nov/2022:10:05:28 +0800] "GET /xingrg/all/function/internal_message.html?_=1668305250235&CODE_STATE=getMsg HTTP/1.1" 200 27
114.83.219.57 - - [13/Nov/2022:10:05:28 +0800] "GET /xingrg/check_reg.html?_=1668305250238 HTTP/1.1" 200 22
222.70.183.206 - - [13/Nov/2022:10:05:33 +0800] "GET /xingrg/kc/buy/cgsh_order_operate.html?command=get_materiel&rest_code=00111&code=00101008036&supplier_code=00100005&order_time=2022-11-13 HTTP/1.1" 200 408
180.158.7.178 - - [13/Nov/2022:10:05:35 +0800] "GET /xingrg/check_reg.html?_=1668305138824 HTTP/1.1" 200 22
180.158.7.178 - - [13/Nov/2022:10:05:35 +0800] "GET /xingrg/all/function/internal_message.html?_=1668305138829&CODE_STATE=getMsg HTTP/1.1" 200 27
222.70.183.206 - - [13/Nov/2022:10:05:40 +0800] "GET /xingrg/kc/buy/cgsh_order_operate.html?command=get_materiel&rest_code=00111&code=00101008131&supplier_code=00100005&order_time=2022-11-13 HTTP/1.1" 200 408
222.70.183.206 - - [13/Nov/2022:10:05:42 +0800] "POST /xingrg/kc/buy/cgsh_order_operate.html HTTP/1.1" 200 2065
222.70.183.206 - - [13/Nov/2022:10:05:47 +0800] "GET /xingrg/kc/buy/cgsh_order_operate.html?command=get_materiel&rest_code=00111&code=00101008296&supplier_code=00100005&order_time=2022-11-13 HTTP/1.1" 200 416
180.169.147.146 - - [13/Nov/2022:10:05:47 +0800] "GET /xingrg/all/function/internal_message.html?_=1668305151090&CODE_STATE=getMsg HTTP/1.1" 200 27
114.83.219.192 - - [13/Nov/2022:10:05:51 +0800] "GET /xingrg/all/function/internal_message.html?_=1668305155466&CODE_STATE=getMsg HTTP/1.1" 200 27
120.253.135.82 - - [13/Nov/2022:10:05:51 +0800] "GET /xingrg/all/function/internal_message.html?_=1668304954864&CODE_STATE=getMsg HTTP/1.1" 200 27
180.162.229.95 - - [13/Nov/2022:10:05:52 +0800] "GET /xingrg/all/function/internal_message.html?_=1668305156632&CODE_STATE=getMsg HTTP/1.1" 200 27
222.70.183.206 - - [13/Nov/2022:10:05:58 +0800] "GET /xingrg/kc/buy/cgsh_order_operate.html?command=get_materiel&rest_code=00111&code=00101008353&supplier_code=00100005&order_time=2022-11-13 HTTP/1.1" 200 408
116.238.139.35 - - [13/Nov/2022:10:05:58 +0800] "GET /xingrg/check_reg.html?_=1668305079960 HTTP/1.1" 200 22
222.70.183.206 - - [13/Nov/2022:10:06:05 +0800] "GET /xingrg/kc/buy/cgsh_order_operate.html?command=get_materiel&rest_code=00111&code=00101008213&supplier_code=00100005&order_time=2022-11-13 HTTP/1.1" 200 412
101.229.170.33 - - [13/Nov/2022:10:06:09 +0800] "GET /xingrg/all/function/internal_message.html?_=1668305173732&CODE_STATE=getMsg HTTP/1.1" 200 27
116.238.139.35 - - [13/Nov/2022:10:06:11 +0800] "GET /xingrg/all/function/internal_message.html?_=1668305092441&CODE_STATE=getMsg HTTP/1.1" 200 27
222.70.183.206 - - [13/Nov/2022:10:06:12 +0800] "GET /xingrg/kc/buy/cgsh_order_operate.html?command=get_materiel&rest_code=00111&code=00101016081&supplier_code=00100005&order_time=2022-11-13 HTTP/1.1" 200 447
218.81.217.29 - - [13/Nov/2022:10:06:14 +0800] "GET /xingrg/all/function/internal_message.html?_=1668305203386&CODE_STATE=getMsg HTTP/1.1" 200 27
222.70.183.206 - - [13/Nov/2022:10:06:14 +0800] "GET /xingrg/all/function/internal_message.html?_=1668305177119&CODE_STATE=getMsg HTTP/1.1" 200 27
114.95.46.117 - - [13/Nov/2022:10:06:16 +0800] "GET /xingrg/all/function/internal_message.html?_=1668305181643&CODE_STATE=getMsg HTTP/1.1" 200 27
222.70.183.206 - - [13/Nov/2022:10:06:19 +0800] "GET /xingrg/kc/buy/cgsh_order_operate.html?command=get_materiel&rest_code=00111&code=00101008298&supplier_code=00100005&order_time=2022-11-13 HTTP/1.1" 200 412
116.238.139.35 - - [13/Nov/2022:10:06:20 +0800] "GET /xingrg/all/function/internal_message.html?_=1668305184464&CODE_STATE=getMsg HTTP/1.1" 200 27
222.70.183.206 - - [13/Nov/2022:10:06:22 +0800] "POST /xingrg/kc/buy/cgsh_order_operate.html HTTP/1.1" 200 2065
114.95.46.117 - - [13/Nov/2022:10:06:25 +0800] "GET /xingrg/all/function/internal_message.html?_=1668305038236&CODE_STATE=getMsg HTTP/1.1" 200 27
114.95.46.117 - - [13/Nov/2022:10:06:25 +0800] "GET /xingrg/check_reg.html?_=1668305038239 HTTP/1.1" 200 22
116.230.105.139 - - [13/Nov/2022:10:06:27 +0800] "GET /xingrg/all/function/internal_message.html?_=1668305176719&CODE_STATE=getMsg HTTP/1.1" 200 27
116.230.105.139 - - [13/Nov/2022:10:06:27 +0800] "GET /xingrg/check_reg.html?_=1668305176724 HTTP/1.1" 200 22
222.70.183.206 - - [13/Nov/2022:10:06:28 +0800] "GET /xingrg/kc/buy/cgsh_order_operate.html?command=get_materiel&rest_code=00111&code=00101008403&supplier_code=00100005&order_time=2022-11-13 HTTP/1.1" 200 412
114.83.219.57 - - [13/Nov/2022:10:06:28 +0800] "GET /xingrg/all/function/internal_message.html?_=1668305310230&CODE_STATE=getMsg HTTP/1.1" 200 27
180.158.7.178 - - [13/Nov/2022:10:06:35 +0800] "GET /xingrg/all/function/internal_message.html?_=1668305198838&CODE_STATE=getMsg HTTP/1.1" 200 27
120.253.135.82 - - [13/Nov/2022:10:06:38 +0800] "GET /xingrg/check_reg.html?_=1668305001243 HTTP/1.1" 200 22
180.169.147.146 - - [13/Nov/2022:10:06:47 +0800] "GET /xingrg/all/function/internal_message.html?_=1668305211085&CODE_STATE=getMsg HTTP/1.1" 200 27
114.83.219.192 - - [13/Nov/2022:10:06:51 +0800] "GET /xingrg/all/function/internal_message.html?_=1668305215437&CODE_STATE=getMsg HTTP/1.1" 200 27
120.253.135.82 - - [13/Nov/2022:10:06:51 +0800] "GET /xingrg/all/function/internal_message.html?_=1668305014878&CODE_STATE=getMsg HTTP/1.1" 200 27
180.162.229.95 - - [13/Nov/2022:10:06:52 +0800] "GET /xingrg/all/function/internal_message.html?_=1668305216653&CODE_STATE=getMsg HTTP/1.1" 200 27
222.70.183.206 - - [13/Nov/2022:10:06:56 +0800] "GET /xingrg/kc/buy/cgsh_order_operate.html?command=get_materiel&rest_code=00111&code=00101008061&supplier_code=00100005&order_time=2022-11-13 HTTP/1.1" 200 422
101.229.170.33 - - [13/Nov/2022:10:07:09 +0800] "GET /xingrg/all/function/internal_message.html?_=1668305233726&CODE_STATE=getMsg HTTP/1.1" 200 27
116.238.139.35 - - [13/Nov/2022:10:07:11 +0800] "GET /xingrg/all/function/internal_message.html?_=1668305152454&CODE_STATE=getMsg HTTP/1.1" 200 27
218.81.217.29 - - [13/Nov/2022:10:07:14 +0800] "GET /xingrg/all/function/internal_message.html?_=1668305263666&CODE_STATE=getMsg HTTP/1.1" 200 27
222.70.183.206 - - [13/Nov/2022:10:07:14 +0800] "GET /xingrg/all/function/internal_message.html?_=1668305237120&CODE_STATE=getMsg HTTP/1.1" 200 27
114.95.46.117 - - [13/Nov/2022:10:07:16 +0800] "GET /xingrg/all/function/internal_message.html?_=1668305241619&CODE_STATE=getMsg HTTP/1.1" 200 27
222.70.183.206 - - [13/Nov/2022:10:07:18 +0800] "GET /xingrg/kc/buy/cgsh_order_operate.html?command=get_materiel&rest_code=00111&code=00101008350&supplier_code=00100005&order_time=2022-11-13 HTTP/1.1" 200 408
116.238.139.35 - - [13/Nov/2022:10:07:20 +0800] "GET /xingrg/all/function/internal_message.html?_=1668305244465&CODE_STATE=getMsg HTTP/1.1" 200 27
114.95.46.117 - - [13/Nov/2022:10:07:25 +0800] "GET /xingrg/all/function/internal_message.html?_=1668305098226&CODE_STATE=getMsg HTTP/1.1" 200 27
116.230.105.139 - - [13/Nov/2022:10:07:27 +0800] "GET /xingrg/all/function/internal_message.html?_=1668305236736&CODE_STATE=getMsg HTTP/1.1" 200 27
114.83.219.57 - - [13/Nov/2022:10:07:28 +0800] "GET /xingrg/all/function/internal_message.html?_=1668305370247&CODE_STATE=getMsg HTTP/1.1" 200 27
222.70.183.206 - - [13/Nov/2022:10:07:30 +0800] "GET /xingrg/kc/buy/cgsh_order_operate.html?command=get_materiel&rest_code=00111&code=00101015128&supplier_code=00100005&order_time=2022-11-13 HTTP/1.1" 200 421
180.158.7.178 - - [13/Nov/2022:10:07:35 +0800] "GET /xingrg/all/function/internal_message.html?_=1668305258830&CODE_STATE=getMsg HTTP/1.1" 200 27
218.81.217.29 - - [13/Nov/2022:10:07:37 +0800] "GET /xingrg/check_reg.html?_=1668305287096 HTTP/1.1" 200 22
222.70.183.206 - - [13/Nov/2022:10:07:46 +0800] "GET /xingrg/kc/buy/cgsh_order_operate.html?command=get_materiel&rest_code=00111&code=00101008168&supplier_code=00100005&order_time=2022-11-13 HTTP/1.1" 200 413
180.169.147.146 - - [13/Nov/2022:10:07:47 +0800] "GET /xingrg/all/function/internal_message.html?_=1668305271076&CODE_STATE=getMsg HTTP/1.1" 200 27
222.70.183.206 - - [13/Nov/2022:10:07:49 +0800] "POST /xingrg/kc/buy/cgsh_order_operate.html HTTP/1.1" 200 2065
114.83.219.192 - - [13/Nov/2022:10:07:51 +0800] "GET /xingrg/all/function/internal_message.html?_=1668305275408&CODE_STATE=getMsg HTTP/1.1" 200 27
120.253.135.82 - - [13/Nov/2022:10:07:51 +0800] "GET /xingrg/all/function/internal_message.html?_=1668305074891&CODE_STATE=getMsg HTTP/1.1" 200 27
180.162.229.95 - - [13/Nov/2022:10:07:52 +0800] "GET /xingrg/all/function/internal_message.html?_=1668305276633&CODE_STATE=getMsg HTTP/1.1" 200 27
222.70.183.206 - - [13/Nov/2022:10:07:54 +0800] "GET /xingrg/kc/buy/cgsh_order_operate.html?command=get_materiel&rest_code=00111&code=00101008077&supplier_code=00100005&order_time=2022-11-13 HTTP/1.1" 200 416
101.229.170.33 - - [13/Nov/2022:10:08:09 +0800] "GET /xingrg/all/function/internal_message.html?_=1668305293727&CODE_STATE=getMsg HTTP/1.1" 200 27
101.229.170.33 - - [13/Nov/2022:10:08:09 +0800] "GET /xingrg/check_reg.html?_=1668305293731 HTTP/1.1" 200 22
116.238.139.35 - - [13/Nov/2022:10:08:11 +0800] "GET /xingrg/all/function/internal_message.html?_=1668305212473&CODE_STATE=getMsg HTTP/1.1" 200 27
222.70.183.206 - - [13/Nov/2022:10:08:13 +0800] "GET /xingrg/kc/buy/cgsh_order_operate.html?command=get_materiel&rest_code=00111&code=00101015004&supplier_code=00100005&order_time=2022-11-13 HTTP/1.1" 200 408
218.81.217.29 - - [13/Nov/2022:10:08:14 +0800] "GET /xingrg/all/function/internal_message.html?_=1668305323678&CODE_STATE=getMsg HTTP/1.1" 200 27
222.70.183.206 - - [13/Nov/2022:10:08:14 +0800] "GET /xingrg/all/function/internal_message.html?_=1668305297128&CODE_STATE=getMsg HTTP/1.1" 200 27
114.95.46.117 - - [13/Nov/2022:10:08:16 +0800] "GET /xingrg/all/function/internal_message.html?_=1668305301589&CODE_STATE=getMsg HTTP/1.1" 200 27
116.238.139.35 - - [13/Nov/2022:10:08:20 +0800] "GET /xingrg/all/function/internal_message.html?_=1668305304472&CODE_STATE=getMsg HTTP/1.1" 200 27
222.70.183.206 - - [13/Nov/2022:10:08:23 +0800] "GET /xingrg/kc/buy/cgsh_order_operate.html?command=get_materiel&rest_code=00111&code=00101008223&supplier_code=00100005&order_time=2022-11-13 HTTP/1.1" 200 414
114.95.46.117 - - [13/Nov/2022:10:08:25 +0800] "GET /xingrg/all/function/internal_message.html?_=1668305158226&CODE_STATE=getMsg HTTP/1.1" 200 27
116.230.105.139 - - [13/Nov/2022:10:08:27 +0800] "GET /xingrg/all/function/internal_message.html?_=1668305296733&CODE_STATE=getMsg HTTP/1.1" 200 27
114.83.219.57 - - [13/Nov/2022:10:08:28 +0800] "GET /xingrg/all/function/internal_message.html?_=1668305430233&CODE_STATE=getMsg HTTP/1.1" 200 27
114.83.219.192 - - [13/Nov/2022:10:08:32 +0800] "GET /xingrg/check_reg.html?_=1668305315901 HTTP/1.1" 200 22
120.253.135.82 - - [13/Nov/2022:10:08:33 +0800] "POST /xingrg/kc/buy/cgsh_list_operate.html HTTP/1.1" 200 986
120.253.135.82 - - [13/Nov/2022:10:08:35 +0800] "GET /xingrg/javascript/easyui/themes/default/images/button_plain_hover.png HTTP/1.1" 200 144
120.253.135.82 - - [13/Nov/2022:10:08:35 +0800] "GET /xingrg/javascript/easyui/themes/default/images/button_plain_hover.png HTTP/1.1" 200 144
120.253.135.82 - - [13/Nov/2022:10:08:35 +0800] "GET /xingrg/javascript/easyui/themes/default/images/button_plain_hover.png HTTP/1.1" 200 144
180.158.7.178 - - [13/Nov/2022:10:08:35 +0800] "GET /xingrg/all/function/internal_message.html?_=1668305318841&CODE_STATE=getMsg HTTP/1.1" 200 27
120.253.135.82 - - [13/Nov/2022:10:08:35 +0800] "GET /xingrg/kc/buy/cgsh_order_add.html HTTP/1.1" 200 68372
120.253.135.82 - - [13/Nov/2022:10:08:36 +0800] "POST /xingrg/kc/buy/cgsh_order_operate.html HTTP/1.1" 200 8245
120.253.135.82 - - [13/Nov/2022:10:08:36 +0800] "GET /xingrg/javascript/easyui/themes/default/validatebox.css HTTP/1.1" 404 1104
222.70.183.206 - - [13/Nov/2022:10:08:38 +0800] "POST /xingrg/kc/buy/cgsh_order_operate.html HTTP/1.1" 200 37
222.70.183.206 - - [13/Nov/2022:10:08:41 +0800] "POST /xingrg/kc/buy/cgsh_order_operate.html HTTP/1.1" 200 33423
222.70.183.206 - - [13/Nov/2022:10:08:42 +0800] "GET /xingrg/kc/print/load_config.html?kc_code=cgsh HTTP/1.1" 200 1943
222.70.183.206 - - [13/Nov/2022:10:08:42 +0800] "GET /xingrg/kc/print/load_data.html?order_code=212022111304153&kc_code=cgsh&condition= HTTP/1.1" 200 12350
120.253.135.82 - - [13/Nov/2022:10:08:44 +0800] "POST /xingrg/all/common/load_combo.html?type=employee HTTP/1.1" 200 1752
180.169.147.146 - - [13/Nov/2022:10:08:47 +0800] "GET /xingrg/check_reg.html?_=1668305331094 HTTP/1.1" 200 22
180.169.147.146 - - [13/Nov/2022:10:08:47 +0800] "GET /xingrg/all/function/internal_message.html?_=1668305331093&CODE_STATE=getMsg HTTP/1.1" 200 27
222.70.183.206 - - [13/Nov/2022:10:08:48 +0800] "GET /xingrg/kc/buy/cgsh_order_add.html HTTP/1.1" 200 69264
222.70.183.206 - - [13/Nov/2022:10:08:49 +0800] "POST /xingrg/kc/buy/cgsh_order_operate.html HTTP/1.1" 200 8245
222.70.183.206 - - [13/Nov/2022:10:08:49 +0800] "GET /xingrg/javascript/easyui/themes/default/validatebox.css HTTP/1.1" 404 1104
114.83.219.192 - - [13/Nov/2022:10:08:51 +0800] "GET /xingrg/all/function/internal_message.html?_=1668305335388&CODE_STATE=getMsg HTTP/1.1" 200 27
120.253.135.82 - - [13/Nov/2022:10:08:51 +0800] "GET /xingrg/all/function/internal_message.html?_=1668305134905&CODE_STATE=getMsg HTTP/1.1" 200 27
180.162.229.95 - - [13/Nov/2022:10:08:52 +0800] "GET /xingrg/all/function/internal_message.html?_=1668305336645&CODE_STATE=getMsg HTTP/1.1" 200 27
222.70.183.206 - - [13/Nov/2022:10:08:53 +0800] "GET /xingrg/javascript/jquery_tools/images/prev.gif HTTP/1.1" 404 1086
222.70.183.206 - - [13/Nov/2022:10:08:53 +0800] "GET /xingrg/javascript/jquery_tools/images/next.gif HTTP/1.1" 404 1086
120.253.135.82 - - [13/Nov/2022:10:08:54 +0800] "GET /xingrg/kc/buy/cgsh_order_operate.html?command=get_materiel&rest_code=00101&code=00101016044&supplier_code=00100498&order_time=2022-11-13 HTTP/1.1" 200 464
120.253.135.82 - - [13/Nov/2022:10:08:57 +0800] "POST /xingrg/all/common/load_select.html HTTP/1.1" 200 25
120.253.135.82 - - [13/Nov/2022:10:09:01 +0800] "GET /xingrg/kc/buy/cgsh_order_operate.html?command=get_materiel_price&rest_code=00101&code=00101016044&unit_code=00100068&supplier_code=00100498&order_time=2022-11-13 HTTP/1.1" 200 30
222.70.183.206 - - [13/Nov/2022:10:09:04 +0800] "GET /xingrg/kc/buy/cgsh_order_operate.html?command=get_materiel&rest_code=00111&code=00101007061&supplier_code=00100004&order_time=2022-11-13 HTTP/1.1" 200 409
101.229.170.33 - - [13/Nov/2022:10:09:09 +0800] "GET /xingrg/all/function/internal_message.html?_=1668305353737&CODE_STATE=getMsg HTTP/1.1" 200 27
120.253.135.82 - - [13/Nov/2022:10:09:10 +0800] "GET /xingrg/javascript/easyui/themes/default/images/button_plain_hover.png HTTP/1.1" 200 144
120.253.135.82 - - [13/Nov/2022:10:09:10 +0800] "GET /xingrg/javascript/easyui/themes/default/images/button_plain_hover.png HTTP/1.1" 200 144
120.253.135.82 - - [13/Nov/2022:10:09:11 +0800] "GET /xingrg/javascript/easyui/themes/default/images/button_plain_hover.png HTTP/1.1" 200 144
116.238.139.35 - - [13/Nov/2022:10:09:11 +0800] "GET /xingrg/all/function/internal_message.html?_=1668305272481&CODE_STATE=getMsg HTTP/1.1" 200 27
218.81.217.29 - - [13/Nov/2022:10:09:14 +0800] "GET /xingrg/all/function/internal_message.html?_=1668305383691&CODE_STATE=getMsg HTTP/1.1" 200 27
120.253.135.82 - - [13/Nov/2022:10:09:14 +0800] "POST /xingrg/kc/buy/cgsh_order_operate.html HTTP/1.1" 200 37
222.70.183.206 - - [13/Nov/2022:10:09:14 +0800] "GET /xingrg/check_reg.html?_=1668305357140 HTTP/1.1" 200 22
222.70.183.206 - - [13/Nov/2022:10:09:14 +0800] "GET /xingrg/all/function/internal_message.html?_=1668305357141&CODE_STATE=getMsg HTTP/1.1" 200 27
222.70.183.206 - - [13/Nov/2022:10:09:16 +0800] "GET /xingrg/kc/buy/cgsh_order_operate.html?command=get_materiel&rest_code=00111&code=00101007031&supplier_code=00100004&order_time=2022-11-13 HTTP/1.1" 200 413
120.253.135.82 - - [13/Nov/2022:10:09:16 +0800] "POST /xingrg/kc/buy/cgsh_order_operate.html HTTP/1.1" 200 2692
114.95.46.117 - - [13/Nov/2022:10:09:16 +0800] "GET /xingrg/all/function/internal_message.html?_=1668305361571&CODE_STATE=getMsg HTTP/1.1" 200 27
120.253.135.82 - - [13/Nov/2022:10:09:19 +0800] "GET /xingrg/javascript/easyui/themes/default/images/button_plain_hover.png HTTP/1.1" 200 144
120.253.135.82 - - [13/Nov/2022:10:09:20 +0800] "GET /xingrg/javascript/easyui/themes/default/images/button_plain_hover.png HTTP/1.1" 200 144
116.238.139.35 - - [13/Nov/2022:10:09:20 +0800] "GET /xingrg/check_reg.html?_=1668305364473 HTTP/1.1" 200 22
116.238.139.35 - - [13/Nov/2022:10:09:20 +0800] "GET /xingrg/all/function/internal_message.html?_=1668305364477&CODE_STATE=getMsg HTTP/1.1" 200 27
120.253.135.82 - - [13/Nov/2022:10:09:21 +0800] "GET /xingrg/kc/print/load_data.html?order_code=212022111304160&kc_code=cgsh&condition= HTTP/1.1" 200 696
114.95.46.117 - - [13/Nov/2022:10:09:25 +0800] "GET /xingrg/all/function/internal_message.html?_=1668305218226&CODE_STATE=getMsg HTTP/1.1" 200 27
116.230.105.139 - - [13/Nov/2022:10:09:27 +0800] "GET /xingrg/all/function/internal_message.html?_=1668305356731&CODE_STATE=getMsg HTTP/1.1" 200 27
114.83.219.57 - - [13/Nov/2022:10:09:28 +0800] "GET /xingrg/all/function/internal_message.html?_=1668305490226&CODE_STATE=getMsg HTTP/1.1" 200 27
180.158.7.178 - - [13/Nov/2022:10:09:35 +0800] "GET /xingrg/all/function/internal_message.html?_=1668305378840&CODE_STATE=getMsg HTTP/1.1" 200 27
114.88.159.190 - - [13/Nov/2022:10:09:46 +0800] "GET /xingrg/check_reg.html?_=1668305004160 HTTP/1.1" 200 22
180.169.147.146 - - [13/Nov/2022:10:09:47 +0800] "GET /xingrg/all/function/internal_message.html?_=1668305391097&CODE_STATE=getMsg HTTP/1.1" 200 27
114.83.219.192 - - [13/Nov/2022:10:09:51 +0800] "GET /xingrg/all/function/internal_message.html?_=1668305395374&CODE_STATE=getMsg HTTP/1.1" 200 27
120.253.135.82 - - [13/Nov/2022:10:09:51 +0800] "GET /xingrg/all/function/internal_message.html?_=1668305194918&CODE_STATE=getMsg HTTP/1.1" 200 27
180.162.229.95 - - [13/Nov/2022:10:09:52 +0800] "GET /xingrg/check_reg.html?_=1668305396637 HTTP/1.1" 200 22
180.162.229.95 - - [13/Nov/2022:10:09:52 +0800] "GET /xingrg/all/function/internal_message.html?_=1668305396637&CODE_STATE=getMsg HTTP/1.1" 200 27
101.229.170.33 - - [13/Nov/2022:10:10:09 +0800] "GET /xingrg/all/function/internal_message.html?_=1668305413744&CODE_STATE=getMsg HTTP/1.1" 200 27
116.238.139.35 - - [13/Nov/2022:10:10:11 +0800] "GET /xingrg/all/function/internal_message.html?_=1668305332500&CODE_STATE=getMsg HTTP/1.1" 200 27
218.81.217.29 - - [13/Nov/2022:10:10:14 +0800] "GET /xingrg/all/function/internal_message.html?_=1668305443972&CODE_STATE=getMsg HTTP/1.1" 200 27
222.70.183.206 - - [13/Nov/2022:10:10:14 +0800] "GET /xingrg/all/function/internal_message.html?_=1668305417132&CODE_STATE=getMsg HTTP/1.1" 200 27
222.70.183.206 - - [13/Nov/2022:10:10:16 +0800] "POST /xingrg/kc/buy/cgsh_order_operate.html HTTP/1.1" 200 37
114.95.46.117 - - [13/Nov/2022:10:10:16 +0800] "GET /xingrg/all/function/internal_message.html?_=1668305421548&CODE_STATE=getMsg HTTP/1.1" 200 27
218.81.217.29 - - [13/Nov/2022:10:10:17 +0800] "POST /xingrg/services/DataTransmitService HTTP/1.1" 200 524
222.70.183.206 - - [13/Nov/2022:10:10:17 +0800] "POST /xingrg/kc/buy/cgsh_order_operate.html HTTP/1.1" 200 3255
116.238.139.35 - - [13/Nov/2022:10:10:20 +0800] "GET /xingrg/all/function/internal_message.html?_=1668305424464&CODE_STATE=getMsg HTTP/1.1" 200 27
114.95.46.117 - - [13/Nov/2022:10:10:25 +0800] "GET /xingrg/all/function/internal_message.html?_=1668305278227&CODE_STATE=getMsg HTTP/1.1" 200 27
114.95.46.117 - - [13/Nov/2022:10:10:25 +0800] "GET /xingrg/check_reg.html?_=1668305429877 HTTP/1.1" 200 22
