120.253.135.82 - - [13/Nov/2022:06:03:55 +0800] "GET /xingrg/check_reg.html?_=1668290438109 HTTP/1.1" 200 22
120.253.135.82 - - [13/Nov/2022:06:03:55 +0800] "GET /xingrg/all/function/internal_message.html?_=1668290438191&CODE_STATE=getMsg HTTP/1.1" 200 27
222.70.183.206 - - [13/Nov/2022:06:03:57 +0800] "GET /xingrg/all/function/internal_message.html?_=1668290640334&CODE_STATE=getMsg HTTP/1.1" 200 27
116.238.139.35 - - [13/Nov/2022:06:04:07 +0800] "GET /xingrg/all/function/internal_message.html?_=1668290569153&CODE_STATE=getMsg HTTP/1.1" 200 27
101.229.170.33 - - [13/Nov/2022:06:04:09 +0800] "GET /xingrg/all/function/internal_message.html?_=1668290653489&CODE_STATE=getMsg HTTP/1.1" 200 27
114.84.81.136 - - [13/Nov/2022:06:04:20 +0800] "GET /xingrg/all/function/internal_message.html?_=1668290664210&CODE_STATE=getMsg HTTP/1.1" 200 27
124.78.157.212 - - [13/Nov/2022:06:04:23 +0800] "GET /xingrg/all/function/internal_message.html?_=1668290663370&CODE_STATE=getMsg HTTP/1.1" 200 27
116.230.105.139 - - [13/Nov/2022:06:04:29 +0800] "GET /xingrg/all/function/internal_message.html?_=1668290658632&CODE_STATE=getMsg HTTP/1.1" 200 27
116.230.105.139 - - [13/Nov/2022:06:04:29 +0800] "GET /xingrg/check_reg.html?_=1668290658636 HTTP/1.1" 200 22
180.158.7.178 - - [13/Nov/2022:06:04:35 +0800] "GET /xingrg/all/function/internal_message.html?_=1668290678827&CODE_STATE=getMsg HTTP/1.1" 200 27
218.81.217.29 - - [13/Nov/2022:06:04:36 +0800] "GET /xingrg/all/function/internal_message.html?_=1668290705387&CODE_STATE=getMsg HTTP/1.1" 200 27
120.253.135.82 - - [13/Nov/2022:06:04:44 +0800] "GET /xingrg/kc/pszx/mdqp_order_list.html?state=10 HTTP/1.1" 200 15104
120.253.135.82 - - [13/Nov/2022:06:04:44 +0800] "GET /xingrg/dwr/interface/AjaxReportQueryService.js HTTP/1.1" 200 13203
120.253.135.82 - - [13/Nov/2022:06:04:44 +0800] "GET /xingrg/dwr/interface/AjaxQqpsService.js HTTP/1.1" 200 16326
120.253.135.82 - - [13/Nov/2022:06:04:44 +0800] "GET /xingrg/dwr/engine.js HTTP/1.1" 200 43631
120.253.135.82 - - [13/Nov/2022:06:04:47 +0800] "GET /xingrg/kc/pszx/mdps_order_list.html?orderType=0 HTTP/1.1" 200 20987
114.88.159.190 - - [13/Nov/2022:06:04:47 +0800] "GET /xingrg/check_reg.html?_=1668290304689 HTTP/1.1" 200 22
120.253.135.82 - - [13/Nov/2022:06:04:47 +0800] "POST /xingrg/kc/pszx/mdps_list_operate.html HTTP/1.1" 200 5270
120.253.135.82 - - [13/Nov/2022:06:04:55 +0800] "GET /xingrg/all/function/internal_message.html?_=1668290498204&CODE_STATE=getMsg HTTP/1.1" 200 27
222.70.183.206 - - [13/Nov/2022:06:04:57 +0800] "GET /xingrg/check_reg.html?_=1668290700333 HTTP/1.1" 200 22
222.70.183.206 - - [13/Nov/2022:06:04:57 +0800] "GET /xingrg/all/function/internal_message.html?_=1668290700332&CODE_STATE=getMsg HTTP/1.1" 200 27
120.253.135.82 - - [13/Nov/2022:06:05:04 +0800] "POST /xingrg/kc/pszx/mdps_list_operate.html HTTP/1.1" 200 2807
114.84.81.136 - - [13/Nov/2022:06:05:04 +0800] "GET /xingrg/check_reg.html?_=1668290708004 HTTP/1.1" 200 22
120.253.135.82 - - [13/Nov/2022:06:05:06 +0800] "POST /xingrg/kc/pszx/mdps_list_operate.html HTTP/1.1" 200 293
116.238.139.35 - - [13/Nov/2022:06:05:07 +0800] "GET /xingrg/all/function/internal_message.html?_=1668290629171&CODE_STATE=getMsg HTTP/1.1" 200 27
120.253.135.82 - - [13/Nov/2022:06:05:07 +0800] "POST /xingrg/kc/pszx/mdps_list_operate.html HTTP/1.1" 200 595
101.229.170.33 - - [13/Nov/2022:06:05:09 +0800] "GET /xingrg/all/function/internal_message.html?_=1668290713479&CODE_STATE=getMsg HTTP/1.1" 200 27
120.253.135.82 - - [13/Nov/2022:06:05:09 +0800] "POST /xingrg/kc/pszx/mdps_list_operate.html HTTP/1.1" 200 198
120.253.135.82 - - [13/Nov/2022:06:05:10 +0800] "POST /xingrg/kc/pszx/mdps_list_operate.html HTTP/1.1" 200 629
120.253.135.82 - - [13/Nov/2022:06:05:17 +0800] "GET /xingrg/kc/pszx/mdps_order_info.html?code=312022111200262 HTTP/1.1" 200 23978
120.253.135.82 - - [13/Nov/2022:06:05:17 +0800] "GET /xingrg/javascript/easyui/themes/default/validatebox.css HTTP/1.1" 404 1104
120.253.135.82 - - [13/Nov/2022:06:05:17 +0800] "POST /xingrg/kc/pszx/mdps_order_operate.html HTTP/1.1" 200 2270
120.253.135.82 - - [13/Nov/2022:06:05:19 +0800] "GET /xingrg/javascript/easyui/themes/default/images/button_plain_hover.png HTTP/1.1" 200 144
120.253.135.82 - - [13/Nov/2022:06:05:19 +0800] "GET /xingrg/javascript/easyui/themes/default/images/button_plain_hover.png HTTP/1.1" 200 144
120.253.135.82 - - [13/Nov/2022:06:05:19 +0800] "GET /xingrg/javascript/easyui/themes/default/images/button_plain_hover.png HTTP/1.1" 200 144
120.253.135.82 - - [13/Nov/2022:06:05:19 +0800] "GET /xingrg/javascript/easyui/themes/default/images/button_plain_hover.png HTTP/1.1" 200 144
120.253.135.82 - - [13/Nov/2022:06:05:20 +0800] "GET /xingrg/javascript/easyui/themes/default/images/button_plain_hover.png HTTP/1.1" 200 144
114.84.81.136 - - [13/Nov/2022:06:05:20 +0800] "GET /xingrg/all/function/internal_message.html?_=1668290724186&CODE_STATE=getMsg HTTP/1.1" 200 27
120.253.135.82 - - [13/Nov/2022:06:05:21 +0800] "POST /xingrg/kc/pszx/mdps_order_operate.html HTTP/1.1" 200 37
120.253.135.82 - - [13/Nov/2022:06:05:22 +0800] "GET /xingrg/kc/pszx/mdps_order_info.html?code=312022111200262 HTTP/1.1" 200 23978
120.253.135.82 - - [13/Nov/2022:06:05:22 +0800] "GET /xingrg/javascript/easyui/themes/default/validatebox.css HTTP/1.1" 404 1104
120.253.135.82 - - [13/Nov/2022:06:05:22 +0800] "POST /xingrg/kc/pszx/mdps_order_operate.html HTTP/1.1" 200 2278
124.78.157.212 - - [13/Nov/2022:06:05:23 +0800] "GET /xingrg/all/function/internal_message.html?_=1668290723347&CODE_STATE=getMsg HTTP/1.1" 200 27
120.253.135.82 - - [13/Nov/2022:06:05:25 +0800] "GET /xingrg/javascript/easyui/themes/default/images/button_plain_hover.png HTTP/1.1" 200 144
120.253.135.82 - - [13/Nov/2022:06:05:25 +0800] "GET /xingrg/javascript/easyui/themes/default/images/button_plain_hover.png HTTP/1.1" 200 144
120.253.135.82 - - [13/Nov/2022:06:05:25 +0800] "GET /xingrg/javascript/easyui/themes/default/images/button_plain_hover.png HTTP/1.1" 200 144
120.253.135.82 - - [13/Nov/2022:06:05:25 +0800] "GET /xingrg/javascript/easyui/themes/default/images/button_plain_hover.png HTTP/1.1" 200 144
120.253.135.82 - - [13/Nov/2022:06:05:26 +0800] "GET /xingrg/javascript/easyui/themes/default/images/button_plain_hover.png HTTP/1.1" 200 144
120.253.135.82 - - [13/Nov/2022:06:05:26 +0800] "GET /xingrg/kc/print/load_data.html?order_code=312022111200262&kc_code=mdps&condition= HTTP/1.1" 200 681
116.230.105.139 - - [13/Nov/2022:06:05:29 +0800] "GET /xingrg/all/function/internal_message.html?_=1668290718630&CODE_STATE=getMsg HTTP/1.1" 200 27
120.253.135.82 - - [13/Nov/2022:06:05:33 +0800] "GET /xingrg/javascript/easyui/themes/default/images/button_plain_hover.png HTTP/1.1" 200 144
120.253.135.82 - - [13/Nov/2022:06:05:33 +0800] "GET /xingrg/javascript/easyui/themes/default/images/button_plain_hover.png HTTP/1.1" 200 144
120.253.135.82 - - [13/Nov/2022:06:05:33 +0800] "GET /xingrg/javascript/easyui/themes/default/images/button_plain_hover.png HTTP/1.1" 200 144
180.158.7.178 - - [13/Nov/2022:06:05:35 +0800] "GET /xingrg/all/function/internal_message.html?_=1668290738845&CODE_STATE=getMsg HTTP/1.1" 200 27
180.158.7.178 - - [13/Nov/2022:06:05:35 +0800] "GET /xingrg/check_reg.html?_=1668290738847 HTTP/1.1" 200 22
120.253.135.82 - - [13/Nov/2022:06:05:35 +0800] "GET /xingrg/kc/pszx/mdps_order_info.html?code=312022111200261 HTTP/1.1" 200 23978
120.253.135.82 - - [13/Nov/2022:06:05:36 +0800] "GET /xingrg/javascript/easyui/themes/default/validatebox.css HTTP/1.1" 404 1104
120.253.135.82 - - [13/Nov/2022:06:05:36 +0800] "POST /xingrg/kc/pszx/mdps_order_operate.html HTTP/1.1" 200 18601
218.81.217.29 - - [13/Nov/2022:06:05:37 +0800] "GET /xingrg/all/function/internal_message.html?_=1668290765681&CODE_STATE=getMsg HTTP/1.1" 200 27
120.253.135.82 - - [13/Nov/2022:06:05:48 +0800] "GET /xingrg/javascript/easyui/themes/default/images/button_plain_hover.png HTTP/1.1" 200 144
120.253.135.82 - - [13/Nov/2022:06:05:48 +0800] "GET /xingrg/javascript/easyui/themes/default/images/button_plain_hover.png HTTP/1.1" 200 144
120.253.135.82 - - [13/Nov/2022:06:05:48 +0800] "GET /xingrg/javascript/easyui/themes/default/images/button_plain_hover.png HTTP/1.1" 200 144
120.253.135.82 - - [13/Nov/2022:06:05:49 +0800] "GET /xingrg/javascript/easyui/themes/default/images/button_plain_hover.png HTTP/1.1" 200 144
120.253.135.82 - - [13/Nov/2022:06:05:49 +0800] "GET /xingrg/javascript/easyui/themes/default/images/button_plain_hover.png HTTP/1.1" 200 144
120.253.135.82 - - [13/Nov/2022:06:05:49 +0800] "GET /xingrg/javascript/easyui/themes/default/images/button_plain_hover.png HTTP/1.1" 200 144
120.253.135.82 - - [13/Nov/2022:06:05:49 +0800] "GET /xingrg/javascript/easyui/themes/default/images/button_plain_hover.png HTTP/1.1" 200 144
120.253.135.82 - - [13/Nov/2022:06:05:49 +0800] "GET /xingrg/javascript/easyui/themes/default/images/button_plain_hover.png HTTP/1.1" 200 144
120.253.135.82 - - [13/Nov/2022:06:05:50 +0800] "GET /xingrg/javascript/easyui/themes/default/images/button_plain_hover.png HTTP/1.1" 200 144
120.253.135.82 - - [13/Nov/2022:06:05:50 +0800] "POST /xingrg/kc/pszx/mdps_list_operate.html HTTP/1.1" 200 2807
120.253.135.82 - - [13/Nov/2022:06:05:55 +0800] "GET /xingrg/all/function/internal_message.html?_=1668290558220&CODE_STATE=getMsg HTTP/1.1" 200 27
222.70.183.206 - - [13/Nov/2022:06:05:57 +0800] "GET /xingrg/all/function/internal_message.html?_=1668290760331&CODE_STATE=getMsg HTTP/1.1" 200 27
116.238.139.35 - - [13/Nov/2022:06:05:58 +0800] "GET /xingrg/check_reg.html?_=1668290679695 HTTP/1.1" 200 22
116.238.139.35 - - [13/Nov/2022:06:06:07 +0800] "GET /xingrg/all/function/internal_message.html?_=1668290689180&CODE_STATE=getMsg HTTP/1.1" 200 27
101.229.170.33 - - [13/Nov/2022:06:06:09 +0800] "GET /xingrg/all/function/internal_message.html?_=1668290773481&CODE_STATE=getMsg HTTP/1.1" 200 27
114.84.81.136 - - [13/Nov/2022:06:06:20 +0800] "GET /xingrg/all/function/internal_message.html?_=1668290784155&CODE_STATE=getMsg HTTP/1.1" 200 27
124.78.157.212 - - [13/Nov/2022:06:06:23 +0800] "GET /xingrg/all/function/internal_message.html?_=1668290783327&CODE_STATE=getMsg HTTP/1.1" 200 27
116.230.105.139 - - [13/Nov/2022:06:06:29 +0800] "GET /xingrg/all/function/internal_message.html?_=1668290778646&CODE_STATE=getMsg HTTP/1.1" 200 27
120.253.135.82 - - [13/Nov/2022:06:06:30 +0800] "POST /xingrg/kc/pszx/mdps_list_operate.html HTTP/1.1" 200 3550
120.253.135.82 - - [13/Nov/2022:06:06:31 +0800] "POST /xingrg/kc/pszx/mdps_list_operate.html HTTP/1.1" 200 630
120.253.135.82 - - [13/Nov/2022:06:06:33 +0800] "POST /xingrg/kc/pszx/mdps_list_operate.html HTTP/1.1" 200 592
180.158.7.178 - - [13/Nov/2022:06:06:35 +0800] "GET /xingrg/all/function/internal_message.html?_=1668290798843&CODE_STATE=getMsg HTTP/1.1" 200 27
218.81.217.29 - - [13/Nov/2022:06:06:37 +0800] "GET /xingrg/all/function/internal_message.html?_=1668290825694&CODE_STATE=getMsg HTTP/1.1" 200 27
124.78.157.212 - - [13/Nov/2022:06:06:46 +0800] "GET /xingrg/check_reg.html?_=1668290806152 HTTP/1.1" 200 22
120.253.135.82 - - [13/Nov/2022:06:06:55 +0800] "GET /xingrg/all/function/internal_message.html?_=1668290618275&CODE_STATE=getMsg HTTP/1.1" 200 27
222.70.183.206 - - [13/Nov/2022:06:06:57 +0800] "GET /xingrg/all/function/internal_message.html?_=1668290820329&CODE_STATE=getMsg HTTP/1.1" 200 27
116.238.139.35 - - [13/Nov/2022:06:07:07 +0800] "GET /xingrg/all/function/internal_message.html?_=1668290749194&CODE_STATE=getMsg HTTP/1.1" 200 27
101.229.170.33 - - [13/Nov/2022:06:07:09 +0800] "GET /xingrg/all/function/internal_message.html?_=1668290833485&CODE_STATE=getMsg HTTP/1.1" 200 27
120.253.135.82 - - [13/Nov/2022:06:07:12 +0800] "POST /xingrg/kc/pszx/mdps_list_operate.html HTTP/1.1" 200 4583
120.253.135.82 - - [13/Nov/2022:06:07:15 +0800] "POST /xingrg/kc/pszx/mdps_list_operate.html HTTP/1.1" 200 435
114.84.81.136 - - [13/Nov/2022:06:07:20 +0800] "GET /xingrg/all/function/internal_message.html?_=1668290844139&CODE_STATE=getMsg HTTP/1.1" 200 27
124.78.157.212 - - [13/Nov/2022:06:07:23 +0800] "GET /xingrg/all/function/internal_message.html?_=1668290843303&CODE_STATE=getMsg HTTP/1.1" 200 27
116.230.105.139 - - [13/Nov/2022:06:07:29 +0800] "GET /xingrg/all/function/internal_message.html?_=1668290838640&CODE_STATE=getMsg HTTP/1.1" 200 27
180.158.7.178 - - [13/Nov/2022:06:07:35 +0800] "GET /xingrg/all/function/internal_message.html?_=1668290858838&CODE_STATE=getMsg HTTP/1.1" 200 27
218.81.217.29 - - [13/Nov/2022:06:07:37 +0800] "GET /xingrg/all/function/internal_message.html?_=1668290885992&CODE_STATE=getMsg HTTP/1.1" 200 27
120.253.135.82 - - [13/Nov/2022:06:07:41 +0800] "POST /xingrg/kc/pszx/mdps_list_operate.html HTTP/1.1" 200 2829
120.253.135.82 - - [13/Nov/2022:06:07:43 +0800] "POST /xingrg/kc/pszx/mdps_list_operate.html HTTP/1.1" 200 377
120.253.135.82 - - [13/Nov/2022:06:07:45 +0800] "POST /xingrg/kc/pszx/mdps_list_operate.html HTTP/1.1" 200 279
120.253.135.82 - - [13/Nov/2022:06:07:47 +0800] "POST /xingrg/kc/pszx/mdps_list_operate.html HTTP/1.1" 200 640
120.253.135.82 - - [13/Nov/2022:06:07:48 +0800] "POST /xingrg/kc/pszx/mdps_list_operate.html HTTP/1.1" 200 660
120.253.135.82 - - [13/Nov/2022:06:07:55 +0800] "GET /xingrg/all/function/internal_message.html?_=1668290678313&CODE_STATE=getMsg HTTP/1.1" 200 27
222.70.183.206 - - [13/Nov/2022:06:07:57 +0800] "GET /xingrg/all/function/internal_message.html?_=1668290880327&CODE_STATE=getMsg HTTP/1.1" 200 27
218.81.217.29 - - [13/Nov/2022:06:08:00 +0800] "GET /xingrg/check_reg.html?_=1668290909594 HTTP/1.1" 200 22
116.238.139.35 - - [13/Nov/2022:06:08:07 +0800] "GET /xingrg/all/function/internal_message.html?_=1668290809213&CODE_STATE=getMsg HTTP/1.1" 200 27
101.229.170.33 - - [13/Nov/2022:06:08:09 +0800] "GET /xingrg/check_reg.html?_=1668290893474 HTTP/1.1" 200 22
101.229.170.33 - - [13/Nov/2022:06:08:09 +0800] "GET /xingrg/all/function/internal_message.html?_=1668290893477&CODE_STATE=getMsg HTTP/1.1" 200 27
120.253.135.82 - - [13/Nov/2022:06:08:09 +0800] "POST /xingrg/kc/pszx/mdps_list_operate.html HTTP/1.1" 200 3548
120.253.135.82 - - [13/Nov/2022:06:08:11 +0800] "POST /xingrg/kc/pszx/mdps_list_operate.html HTTP/1.1" 200 204
120.253.135.82 - - [13/Nov/2022:06:08:12 +0800] "POST /xingrg/kc/pszx/mdps_list_operate.html HTTP/1.1" 200 628
120.253.135.82 - - [13/Nov/2022:06:08:14 +0800] "POST /xingrg/kc/pszx/mdps_list_operate.html HTTP/1.1" 200 371
120.253.135.82 - - [13/Nov/2022:06:08:16 +0800] "POST /xingrg/kc/pszx/mdps_list_operate.html HTTP/1.1" 200 529
120.253.135.82 - - [13/Nov/2022:06:08:18 +0800] "POST /xingrg/kc/pszx/mdps_list_operate.html HTTP/1.1" 200 370
120.253.135.82 - - [13/Nov/2022:06:08:19 +0800] "POST /xingrg/kc/pszx/mdps_list_operate.html HTTP/1.1" 200 461
114.84.81.136 - - [13/Nov/2022:06:08:20 +0800] "GET /xingrg/all/function/internal_message.html?_=1668290904125&CODE_STATE=getMsg HTTP/1.1" 200 27
124.78.157.212 - - [13/Nov/2022:06:08:23 +0800] "GET /xingrg/all/function/internal_message.html?_=1668290903281&CODE_STATE=getMsg HTTP/1.1" 200 27
116.230.105.139 - - [13/Nov/2022:06:08:29 +0800] "GET /xingrg/all/function/internal_message.html?_=1668290898633&CODE_STATE=getMsg HTTP/1.1" 200 27
180.158.7.178 - - [13/Nov/2022:06:08:35 +0800] "GET /xingrg/all/function/internal_message.html?_=1668290918837&CODE_STATE=getMsg HTTP/1.1" 200 27
218.81.217.29 - - [13/Nov/2022:06:08:37 +0800] "GET /xingrg/all/function/internal_message.html?_=1668290946001&CODE_STATE=getMsg HTTP/1.1" 200 27
120.253.135.82 - - [13/Nov/2022:06:08:55 +0800] "GET /xingrg/check_reg.html?_=1668290738147 HTTP/1.1" 200 22
120.253.135.82 - - [13/Nov/2022:06:08:55 +0800] "GET /xingrg/all/function/internal_message.html?_=1668290738321&CODE_STATE=getMsg HTTP/1.1" 200 27
222.70.183.206 - - [13/Nov/2022:06:08:57 +0800] "GET /xingrg/all/function/internal_message.html?_=1668290940326&CODE_STATE=getMsg HTTP/1.1" 200 27
120.253.135.82 - - [13/Nov/2022:06:08:58 +0800] "GET /xingrg/kc/pszx/mdqp_order_list.html?state=10 HTTP/1.1" 200 15104
120.253.135.82 - - [13/Nov/2022:06:08:58 +0800] "GET /xingrg/dwr/interface/AjaxReportQueryService.js HTTP/1.1" 200 13203
120.253.135.82 - - [13/Nov/2022:06:08:58 +0800] "GET /xingrg/dwr/interface/AjaxQqpsService.js HTTP/1.1" 200 16326
120.253.135.82 - - [13/Nov/2022:06:08:58 +0800] "GET /xingrg/dwr/engine.js HTTP/1.1" 200 43631
120.253.135.82 - - [13/Nov/2022:06:09:02 +0800] "GET /xingrg/kc/pszx/mdps_order_list.html?orderType=0 HTTP/1.1" 200 20987
120.253.135.82 - - [13/Nov/2022:06:09:02 +0800] "POST /xingrg/kc/pszx/mdps_list_operate.html HTTP/1.1" 200 5270
116.238.139.35 - - [13/Nov/2022:06:09:07 +0800] "GET /xingrg/all/function/internal_message.html?_=1668290869221&CODE_STATE=getMsg HTTP/1.1" 200 27
101.229.170.33 - - [13/Nov/2022:06:09:09 +0800] "GET /xingrg/all/function/internal_message.html?_=1668290953485&CODE_STATE=getMsg HTTP/1.1" 200 27
120.253.135.82 - - [13/Nov/2022:06:09:12 +0800] "GET /xingrg/kc/pszx/mdqp_order_list.html?state=10 HTTP/1.1" 200 15104
120.253.135.82 - - [13/Nov/2022:06:09:12 +0800] "GET /xingrg/dwr/interface/AjaxReportQueryService.js HTTP/1.1" 200 13203
120.253.135.82 - - [13/Nov/2022:06:09:12 +0800] "GET /xingrg/dwr/interface/AjaxQqpsService.js HTTP/1.1" 200 16326
120.253.135.82 - - [13/Nov/2022:06:09:12 +0800] "GET /xingrg/dwr/engine.js HTTP/1.1" 200 43631
116.238.139.35 - - [13/Nov/2022:06:09:15 +0800] "POST /xingrg/services/DataTransmitService HTTP/1.1" 200 524
120.253.135.82 - - [13/Nov/2022:06:09:16 +0800] "GET /xingrg/kc/pszx/mdqp_order_info.html?code=302022111200217 HTTP/1.1" 200 13350
120.253.135.82 - - [13/Nov/2022:06:09:16 +0800] "GET /xingrg/dwr/interface/AjaxComOrderService.js HTTP/1.1" 200 18264
120.253.135.82 - - [13/Nov/2022:06:09:16 +0800] "GET /xingrg/dwr/interface/AjaxQqpsService.js HTTP/1.1" 200 16326
120.253.135.82 - - [13/Nov/2022:06:09:16 +0800] "GET /xingrg/dwr/engine.js HTTP/1.1" 200 43631
120.253.135.82 - - [13/Nov/2022:06:09:17 +0800] "POST /xingrg/dwr/call/plaincall/AjaxQqpsService.loadMaterielItems.dwr HTTP/1.1" 200 687
114.88.159.190 - - [13/Nov/2022:06:09:18 +0800] "POST /xingrg/services/DataTransmitService HTTP/1.1" 200 524
114.84.81.136 - - [13/Nov/2022:06:09:20 +0800] "GET /xingrg/all/function/internal_message.html?_=1668290964110&CODE_STATE=getMsg HTTP/1.1" 200 27
120.253.135.82 - - [13/Nov/2022:06:09:22 +0800] "GET /xingrg/images/yd/bt.gif HTTP/1.1" 404 1040
120.253.135.82 - - [13/Nov/2022:06:09:22 +0800] "GET /xingrg/images/yd/bt2.gif HTTP/1.1" 404 1042
124.78.157.212 - - [13/Nov/2022:06:09:23 +0800] "GET /xingrg/all/function/internal_message.html?_=1668290963261&CODE_STATE=getMsg HTTP/1.1" 200 27
120.253.135.82 - - [13/Nov/2022:06:09:24 +0800] "GET /xingrg/kc/pszx/mdqp_order_list.html?isBack=1 HTTP/1.1" 302 -
120.253.135.82 - - [13/Nov/2022:06:09:24 +0800] "GET /xingrg/kc/pszx/mdqp_order_list.html?state=10 HTTP/1.1" 200 15104
120.253.135.82 - - [13/Nov/2022:06:09:24 +0800] "GET /xingrg/dwr/interface/AjaxQqpsService.js HTTP/1.1" 200 16326
120.253.135.82 - - [13/Nov/2022:06:09:24 +0800] "GET /xingrg/dwr/interface/AjaxReportQueryService.js HTTP/1.1" 200 13203
120.253.135.82 - - [13/Nov/2022:06:09:24 +0800] "GET /xingrg/dwr/engine.js HTTP/1.1" 200 43631
116.230.105.139 - - [13/Nov/2022:06:09:29 +0800] "GET /xingrg/all/function/internal_message.html?_=1668290958633&CODE_STATE=getMsg HTTP/1.1" 200 27
116.230.105.139 - - [13/Nov/2022:06:09:29 +0800] "GET /xingrg/check_reg.html?_=1668290958635 HTTP/1.1" 200 22
120.253.135.82 - - [13/Nov/2022:06:09:30 +0800] "GET /xingrg/kc/pszx/jzcl_ps.html HTTP/1.1" 200 7683
120.253.135.82 - - [13/Nov/2022:06:09:30 +0800] "POST /xingrg/all/common/load_tree.html?tree=area_rest_tree_json HTTP/1.1" 200 3493
120.253.135.82 - - [13/Nov/2022:06:09:31 +0800] "POST /xingrg/kc/pszx/jzcl_ps_operate.html HTTP/1.1" 200 5156
120.253.135.82 - - [13/Nov/2022:06:09:31 +0800] "POST /xingrg/kc/pszx/jzcl_ps_operate.html HTTP/1.1" 200 5156
180.158.7.178 - - [13/Nov/2022:06:09:35 +0800] "GET /xingrg/all/function/internal_message.html?_=1668290978831&CODE_STATE=getMsg HTTP/1.1" 200 27
120.253.135.82 - - [13/Nov/2022:06:09:37 +0800] "POST /xingrg/kc/pszx/jzcl_ps_operate.html HTTP/1.1" 200 4
218.81.217.29 - - [13/Nov/2022:06:09:37 +0800] "GET /xingrg/all/function/internal_message.html?_=1668291006015&CODE_STATE=getMsg HTTP/1.1" 200 27
120.253.135.82 - - [13/Nov/2022:06:09:39 +0800] "GET /xingrg/kc/pszx/mdps_order_list.html HTTP/1.1" 200 20987
120.253.135.82 - - [13/Nov/2022:06:09:39 +0800] "POST /xingrg/kc/pszx/jzcl_ps_operate.html HTTP/1.1" 200 4761
120.253.135.82 - - [13/Nov/2022:06:09:39 +0800] "POST /xingrg/kc/pszx/mdps_list_operate.html HTTP/1.1" 200 5270
114.88.159.190 - - [13/Nov/2022:06:09:47 +0800] "GET /xingrg/check_reg.html?_=1668290604663 HTTP/1.1" 200 22
120.253.135.82 - - [13/Nov/2022:06:09:52 +0800] "POST /xingrg/kc/pszx/mdps_list_operate.html HTTP/1.1" 200 3179
120.253.135.82 - - [13/Nov/2022:06:09:54 +0800] "POST /xingrg/kc/pszx/mdps_list_operate.html HTTP/1.1" 200 291
120.253.135.82 - - [13/Nov/2022:06:09:55 +0800] "GET /xingrg/kc/pszx/mdps_order_info.html?code=312022111300278 HTTP/1.1" 200 23978
120.253.135.82 - - [13/Nov/2022:06:09:55 +0800] "POST /xingrg/kc/pszx/mdps_order_operate.html HTTP/1.1" 200 2802
120.253.135.82 - - [13/Nov/2022:06:09:55 +0800] "GET /xingrg/javascript/easyui/themes/default/validatebox.css HTTP/1.1" 404 1104
120.253.135.82 - - [13/Nov/2022:06:09:55 +0800] "GET /xingrg/all/function/internal_message.html?_=1668290798451&CODE_STATE=getMsg HTTP/1.1" 200 27
120.253.135.82 - - [13/Nov/2022:06:09:56 +0800] "GET /xingrg/javascript/easyui/themes/default/images/button_plain_hover.png HTTP/1.1" 200 144
120.253.135.82 - - [13/Nov/2022:06:09:56 +0800] "GET /xingrg/javascript/easyui/themes/default/images/button_plain_hover.png HTTP/1.1" 200 144
120.253.135.82 - - [13/Nov/2022:06:09:56 +0800] "GET /xingrg/javascript/easyui/themes/default/images/button_plain_hover.png HTTP/1.1" 200 144
120.253.135.82 - - [13/Nov/2022:06:09:56 +0800] "GET /xingrg/javascript/easyui/themes/default/images/button_plain_hover.png HTTP/1.1" 200 144
120.253.135.82 - - [13/Nov/2022:06:09:57 +0800] "GET /xingrg/javascript/easyui/themes/default/images/button_plain_hover.png HTTP/1.1" 200 144
120.253.135.82 - - [13/Nov/2022:06:09:57 +0800] "POST /xingrg/all/common/load_combo.html?type=base HTTP/1.1" 200 1169
222.70.183.206 - - [13/Nov/2022:06:09:57 +0800] "GET /xingrg/all/function/internal_message.html?_=1668291000325&CODE_STATE=getMsg HTTP/1.1" 200 27
222.70.183.206 - - [13/Nov/2022:06:09:57 +0800] "GET /xingrg/check_reg.html?_=1668291000326 HTTP/1.1" 200 22
120.253.135.82 - - [13/Nov/2022:06:10:01 +0800] "GET /xingrg/javascript/easyui/themes/default/images/button_plain_hover.png HTTP/1.1" 200 144
120.253.135.82 - - [13/Nov/2022:06:10:01 +0800] "GET /xingrg/javascript/easyui/themes/default/images/button_plain_hover.png HTTP/1.1" 200 144
120.253.135.82 - - [13/Nov/2022:06:10:01 +0800] "GET /xingrg/javascript/easyui/themes/default/images/button_plain_hover.png HTTP/1.1" 200 144
120.253.135.82 - - [13/Nov/2022:06:10:01 +0800] "GET /xingrg/javascript/easyui/themes/default/images/button_plain_hover.png HTTP/1.1" 200 144
120.253.135.82 - - [13/Nov/2022:06:10:01 +0800] "GET /xingrg/javascript/easyui/themes/default/images/button_plain_hover.png HTTP/1.1" 200 144
120.253.135.82 - - [13/Nov/2022:06:10:03 +0800] "POST /xingrg/kc/pszx/mdps_order_operate.html HTTP/1.1" 200 37
120.253.135.82 - - [13/Nov/2022:06:10:04 +0800] "GET /xingrg/kc/pszx/mdps_order_info.html?code=312022111300278 HTTP/1.1" 200 23976
114.84.81.136 - - [13/Nov/2022:06:10:04 +0800] "GET /xingrg/check_reg.html?_=1668291007981 HTTP/1.1" 200 22
120.253.135.82 - - [13/Nov/2022:06:10:04 +0800] "GET /xingrg/javascript/easyui/themes/default/validatebox.css HTTP/1.1" 404 1104
120.253.135.82 - - [13/Nov/2022:06:10:04 +0800] "POST /xingrg/kc/pszx/mdps_order_operate.html HTTP/1.1" 200 2817
116.238.139.35 - - [13/Nov/2022:06:10:07 +0800] "GET /xingrg/all/function/internal_message.html?_=1668290929238&CODE_STATE=getMsg HTTP/1.1" 200 27
101.229.170.33 - - [13/Nov/2022:06:10:09 +0800] "GET /xingrg/all/function/internal_message.html?_=1668291013501&CODE_STATE=getMsg HTTP/1.1" 200 27
120.253.135.82 - - [13/Nov/2022:06:10:10 +0800] "GET /xingrg/javascript/easyui/themes/default/images/button_plain_hover.png HTTP/1.1" 200 144
120.253.135.82 - - [13/Nov/2022:06:10:10 +0800] "GET /xingrg/javascript/easyui/themes/default/images/button_plain_hover.png HTTP/1.1" 200 144
120.253.135.82 - - [13/Nov/2022:06:10:12 +0800] "GET /xingrg/kc/print/load_data.html?order_code=312022111300278&kc_code=mdps&condition= HTTP/1.1" 200 963
114.84.81.136 - - [13/Nov/2022:06:10:20 +0800] "GET /xingrg/all/function/internal_message.html?_=1668291024084&CODE_STATE=getMsg HTTP/1.1" 200 27
124.78.157.212 - - [13/Nov/2022:06:10:23 +0800] "GET /xingrg/all/function/internal_message.html?_=1668291023239&CODE_STATE=getMsg HTTP/1.1" 200 27
116.230.105.139 - - [13/Nov/2022:06:10:29 +0800] "GET /xingrg/all/function/internal_message.html?_=1668291018624&CODE_STATE=getMsg HTTP/1.1" 200 27
180.158.7.178 - - [13/Nov/2022:06:10:35 +0800] "GET /xingrg/all/function/internal_message.html?_=1668291038827&CODE_STATE=getMsg HTTP/1.1" 200 27
180.158.7.178 - - [13/Nov/2022:06:10:35 +0800] "GET /xingrg/check_reg.html?_=1668291038829 HTTP/1.1" 200 22
218.81.217.29 - - [13/Nov/2022:06:10:37 +0800] "GET /xingrg/all/function/internal_message.html?_=1668291066313&CODE_STATE=getMsg HTTP/1.1" 200 27
120.253.135.82 - - [13/Nov/2022:06:10:55 +0800] "GET /xingrg/all/function/internal_message.html?_=1668290858459&CODE_STATE=getMsg HTTP/1.1" 200 27
222.70.183.206 - - [13/Nov/2022:06:10:57 +0800] "GET /xingrg/all/function/internal_message.html?_=1668291060340&CODE_STATE=getMsg HTTP/1.1" 200 27
116.238.139.35 - - [13/Nov/2022:06:10:58 +0800] "GET /xingrg/check_reg.html?_=1668290979701 HTTP/1.1" 200 22
116.238.139.35 - - [13/Nov/2022:06:11:07 +0800] "GET /xingrg/all/function/internal_message.html?_=1668290989248&CODE_STATE=getMsg HTTP/1.1" 200 27
101.229.170.33 - - [13/Nov/2022:06:11:09 +0800] "GET /xingrg/all/function/internal_message.html?_=1668291073492&CODE_STATE=getMsg HTTP/1.1" 200 27
120.253.135.82 - - [13/Nov/2022:06:11:15 +0800] "GET /xingrg/javascript/easyui/themes/default/images/button_plain_hover.png HTTP/1.1" 200 144
120.253.135.82 - - [13/Nov/2022:06:11:16 +0800] "GET /xingrg/javascript/easyui/themes/default/images/button_plain_hover.png HTTP/1.1" 200 144
120.253.135.82 - - [13/Nov/2022:06:11:16 +0800] "GET /xingrg/javascript/easyui/themes/default/images/button_plain_hover.png HTTP/1.1" 200 144
120.253.135.82 - - [13/Nov/2022:06:11:19 +0800] "GET /xingrg/kc/pszx/mdqp_order_list.html?state=10 HTTP/1.1" 200 14701
120.253.135.82 - - [13/Nov/2022:06:11:19 +0800] "GET /xingrg/dwr/interface/AjaxQqpsService.js HTTP/1.1" 200 16326
120.253.135.82 - - [13/Nov/2022:06:11:19 +0800] "GET /xingrg/dwr/interface/AjaxReportQueryService.js HTTP/1.1" 200 13203
120.253.135.82 - - [13/Nov/2022:06:11:19 +0800] "GET /xingrg/dwr/engine.js HTTP/1.1" 200 43631
114.84.81.136 - - [13/Nov/2022:06:11:20 +0800] "GET /xingrg/all/function/internal_message.html?_=1668291084069&CODE_STATE=getMsg HTTP/1.1" 200 27
120.253.135.82 - - [13/Nov/2022:06:11:22 +0800] "GET /xingrg/kc/pszx/mdqp_order_info.html?code=302022111200223 HTTP/1.1" 200 13350
120.253.135.82 - - [13/Nov/2022:06:11:22 +0800] "GET /xingrg/dwr/interface/AjaxQqpsService.js HTTP/1.1" 200 16326
120.253.135.82 - - [13/Nov/2022:06:11:22 +0800] "GET /xingrg/dwr/interface/AjaxComOrderService.js HTTP/1.1" 200 18264
120.253.135.82 - - [13/Nov/2022:06:11:22 +0800] "GET /xingrg/dwr/engine.js HTTP/1.1" 200 43631
120.253.135.82 - - [13/Nov/2022:06:11:23 +0800] "POST /xingrg/dwr/call/plaincall/AjaxQqpsService.loadMaterielItems.dwr HTTP/1.1" 200 680
124.78.157.212 - - [13/Nov/2022:06:11:23 +0800] "GET /xingrg/all/function/internal_message.html?_=1668291083208&CODE_STATE=getMsg HTTP/1.1" 200 27
120.253.135.82 - - [13/Nov/2022:06:11:24 +0800] "GET /xingrg/images/yd/bt.gif HTTP/1.1" 404 1040
120.253.135.82 - - [13/Nov/2022:06:11:24 +0800] "GET /xingrg/images/yd/bt2.gif HTTP/1.1" 404 1042
120.253.135.82 - - [13/Nov/2022:06:11:27 +0800] "GET /xingrg/kc/pszx/mdqp_order_list.html?isBack=1 HTTP/1.1" 302 -
120.253.135.82 - - [13/Nov/2022:06:11:27 +0800] "GET /xingrg/kc/pszx/mdqp_order_list.html?state=10 HTTP/1.1" 200 14701
120.253.135.82 - - [13/Nov/2022:06:11:27 +0800] "GET /xingrg/dwr/interface/AjaxReportQueryService.js HTTP/1.1" 200 13203
120.253.135.82 - - [13/Nov/2022:06:11:27 +0800] "GET /xingrg/dwr/interface/AjaxQqpsService.js HTTP/1.1" 200 16326
120.253.135.82 - - [13/Nov/2022:06:11:27 +0800] "GET /xingrg/dwr/engine.js HTTP/1.1" 200 43631
120.253.135.82 - - [13/Nov/2022:06:11:29 +0800] "GET /xingrg/kc/pszx/mdqp_order_info.html?code=302022111200222 HTTP/1.1" 200 13350
116.230.105.139 - - [13/Nov/2022:06:11:29 +0800] "GET /xingrg/all/function/internal_message.html?_=1668291078629&CODE_STATE=getMsg HTTP/1.1" 200 27
120.253.135.82 - - [13/Nov/2022:06:11:29 +0800] "GET /xingrg/dwr/interface/AjaxQqpsService.js HTTP/1.1" 200 16326
120.253.135.82 - - [13/Nov/2022:06:11:29 +0800] "GET /xingrg/dwr/interface/AjaxComOrderService.js HTTP/1.1" 200 18264
120.253.135.82 - - [13/Nov/2022:06:11:29 +0800] "GET /xingrg/dwr/engine.js HTTP/1.1" 200 43631
120.253.135.82 - - [13/Nov/2022:06:11:29 +0800] "POST /xingrg/dwr/call/plaincall/AjaxQqpsService.loadMaterielItems.dwr HTTP/1.1" 200 5721
180.158.7.178 - - [13/Nov/2022:06:11:35 +0800] "GET /xingrg/all/function/internal_message.html?_=1668291098838&CODE_STATE=getMsg HTTP/1.1" 200 27
218.81.217.29 - - [13/Nov/2022:06:11:37 +0800] "GET /xingrg/all/function/internal_message.html?_=1668291126323&CODE_STATE=getMsg HTTP/1.1" 200 27
124.78.157.212 - - [13/Nov/2022:06:11:46 +0800] "GET /xingrg/check_reg.html?_=1668291106157 HTTP/1.1" 200 22
120.253.135.82 - - [13/Nov/2022:06:11:46 +0800] "GET /xingrg/images/yd/bt.gif HTTP/1.1" 404 1040
120.253.135.82 - - [13/Nov/2022:06:11:46 +0800] "GET /xingrg/images/yd/bt2.gif HTTP/1.1" 404 1042
120.253.135.82 - - [13/Nov/2022:06:11:55 +0800] "GET /xingrg/all/function/internal_message.html?_=1668290918471&CODE_STATE=getMsg HTTP/1.1" 200 27
222.70.183.206 - - [13/Nov/2022:06:11:57 +0800] "GET /xingrg/all/function/internal_message.html?_=1668291120338&CODE_STATE=getMsg HTTP/1.1" 200 27
116.238.139.35 - - [13/Nov/2022:06:12:07 +0800] "GET /xingrg/all/function/internal_message.html?_=1668291049262&CODE_STATE=getMsg HTTP/1.1" 200 27
101.229.170.33 - - [13/Nov/2022:06:12:09 +0800] "GET /xingrg/all/function/internal_message.html?_=1668291133480&CODE_STATE=getMsg HTTP/1.1" 200 27
120.253.135.82 - - [13/Nov/2022:06:12:11 +0800] "GET /xingrg/kc/pszx/mdqp_order_list.html?isBack=1 HTTP/1.1" 302 -
120.253.135.82 - - [13/Nov/2022:06:12:11 +0800] "GET /xingrg/kc/pszx/mdqp_order_list.html?state=10 HTTP/1.1" 200 14701
120.253.135.82 - - [13/Nov/2022:06:12:11 +0800] "GET /xingrg/dwr/interface/AjaxReportQueryService.js HTTP/1.1" 200 13203
120.253.135.82 - - [13/Nov/2022:06:12:11 +0800] "GET /xingrg/dwr/interface/AjaxQqpsService.js HTTP/1.1" 200 16326
120.253.135.82 - - [13/Nov/2022:06:12:11 +0800] "GET /xingrg/dwr/engine.js HTTP/1.1" 200 43631
120.253.135.82 - - [13/Nov/2022:06:12:15 +0800] "GET /xingrg/kc/pszx/jzcl_ps.html HTTP/1.1" 200 7683
120.253.135.82 - - [13/Nov/2022:06:12:16 +0800] "POST /xingrg/all/common/load_tree.html?tree=area_rest_tree_json HTTP/1.1" 200 3493
120.253.135.82 - - [13/Nov/2022:06:12:16 +0800] "POST /xingrg/kc/pszx/jzcl_ps_operate.html HTTP/1.1" 200 4761
120.253.135.82 - - [13/Nov/2022:06:12:16 +0800] "POST /xingrg/kc/pszx/jzcl_ps_operate.html HTTP/1.1" 200 4761
114.84.81.136 - - [13/Nov/2022:06:12:20 +0800] "GET /xingrg/all/function/internal_message.html?_=1668291144066&CODE_STATE=getMsg HTTP/1.1" 200 27
124.78.157.212 - - [13/Nov/2022:06:12:23 +0800] "GET /xingrg/all/function/internal_message.html?_=1668291143188&CODE_STATE=getMsg HTTP/1.1" 200 27
120.253.135.82 - - [13/Nov/2022:06:12:24 +0800] "POST /xingrg/kc/pszx/jzcl_ps_operate.html HTTP/1.1" 200 4
120.253.135.82 - - [13/Nov/2022:06:12:25 +0800] "GET /xingrg/kc/pszx/mdps_order_list.html HTTP/1.1" 200 20987
120.253.135.82 - - [13/Nov/2022:06:12:25 +0800] "POST /xingrg/kc/pszx/mdps_list_operate.html HTTP/1.1" 200 5356
116.230.105.139 - - [13/Nov/2022:06:12:29 +0800] "GET /xingrg/all/function/internal_message.html?_=1668291138639&CODE_STATE=getMsg HTTP/1.1" 200 27
180.158.7.178 - - [13/Nov/2022:06:12:35 +0800] "GET /xingrg/all/function/internal_message.html?_=1668291158841&CODE_STATE=getMsg HTTP/1.1" 200 27
218.81.217.29 - - [13/Nov/2022:06:12:37 +0800] "GET /xingrg/all/function/internal_message.html?_=1668291186617&CODE_STATE=getMsg HTTP/1.1" 200 27
120.253.135.82 - - [13/Nov/2022:06:12:55 +0800] "GET /xingrg/all/function/internal_message.html?_=1668290978567&CODE_STATE=getMsg HTTP/1.1" 200 27
222.70.183.206 - - [13/Nov/2022:06:12:57 +0800] "GET /xingrg/all/function/internal_message.html?_=1668291180336&CODE_STATE=getMsg HTTP/1.1" 200 27
218.81.217.29 - - [13/Nov/2022:06:13:00 +0800] "GET /xingrg/check_reg.html?_=1668291209599 HTTP/1.1" 200 22
120.253.135.82 - - [13/Nov/2022:06:13:05 +0800] "POST /xingrg/kc/pszx/mdps_list_operate.html HTTP/1.1" 200 2435
116.238.139.35 - - [13/Nov/2022:06:13:07 +0800] "GET /xingrg/all/function/internal_message.html?_=1668291109279&CODE_STATE=getMsg HTTP/1.1" 200 27
101.229.170.33 - - [13/Nov/2022:06:13:09 +0800] "GET /xingrg/check_reg.html?_=1668291193480 HTTP/1.1" 200 22
101.229.170.33 - - [13/Nov/2022:06:13:09 +0800] "GET /xingrg/all/function/internal_message.html?_=1668291193483&CODE_STATE=getMsg HTTP/1.1" 200 27
120.253.135.82 - - [13/Nov/2022:06:13:11 +0800] "POST /xingrg/kc/pszx/mdps_list_operate.html HTTP/1.1" 200 1712
120.253.135.82 - - [13/Nov/2022:06:13:13 +0800] "POST /xingrg/kc/pszx/mdps_list_operate.html HTTP/1.1" 200 311
120.253.135.82 - - [13/Nov/2022:06:13:14 +0800] "GET /xingrg/kc/pszx/mdps_order_info.html?code=312022110900211 HTTP/1.1" 200 19638
120.253.135.82 - - [13/Nov/2022:06:13:14 +0800] "POST /xingrg/kc/pszx/mdps_order_operate.html HTTP/1.1" 200 1053
120.253.135.82 - - [13/Nov/2022:06:13:14 +0800] "GET /xingrg/javascript/easyui/themes/default/validatebox.css HTTP/1.1" 404 1104
114.84.81.136 - - [13/Nov/2022:06:13:20 +0800] "GET /xingrg/all/function/internal_message.html?_=1668291204036&CODE_STATE=getMsg HTTP/1.1" 200 27
120.253.135.82 - - [13/Nov/2022:06:13:21 +0800] "GET /xingrg/javascript/easyui/themes/default/images/button_plain_hover.png HTTP/1.1" 200 144
120.253.135.82 - - [13/Nov/2022:06:13:21 +0800] "GET /xingrg/javascript/easyui/themes/default/images/button_plain_hover.png HTTP/1.1" 200 144
120.253.135.82 - - [13/Nov/2022:06:13:21 +0800] "GET /xingrg/javascript/easyui/themes/default/images/button_plain_hover.png HTTP/1.1" 200 144
124.78.157.212 - - [13/Nov/2022:06:13:23 +0800] "GET /xingrg/all/function/internal_message.html?_=1668291203167&CODE_STATE=getMsg HTTP/1.1" 200 27
120.253.135.82 - - [13/Nov/2022:06:13:27 +0800] "GET /xingrg/javascript/easyui/plugins/jquery.draggable.js HTTP/1.1" 200 6121
120.253.135.82 - - [13/Nov/2022:06:13:27 +0800] "GET /xingrg/javascript/easyui/plugins/jquery.droppable.js HTTP/1.1" 200 1167
120.253.135.82 - - [13/Nov/2022:06:13:27 +0800] "GET /xingrg/javascript/easyui/themes/default/tree.css HTTP/1.1" 404 1090
120.253.135.82 - - [13/Nov/2022:06:13:27 +0800] "GET /xingrg/javascript/easyui/plugins/jquery.tree.js HTTP/1.1" 200 20874
120.253.135.82 - - [13/Nov/2022:06:13:27 +0800] "POST /xingrg/all/common/load_tree.html?tree=area_rest_tree_json HTTP/1.1" 200 3493
120.253.135.82 - - [13/Nov/2022:06:13:27 +0800] "GET /xingrg/javascript/easyui/themes/default/images/tree_arrows.gif HTTP/1.1" 200 617
120.253.135.82 - - [13/Nov/2022:06:13:27 +0800] "GET /xingrg/javascript/easyui/themes/default/images/tree_checkbox_0.gif HTTP/1.1" 200 168
120.253.135.82 - - [13/Nov/2022:06:13:27 +0800] "GET /xingrg/javascript/easyui/themes/default/images/tree_checkbox_2.gif HTTP/1.1" 200 181
120.253.135.82 - - [13/Nov/2022:06:13:27 +0800] "GET /xingrg/javascript/easyui/themes/default/images/tree_folder_open.gif HTTP/1.1" 200 956
120.253.135.82 - - [13/Nov/2022:06:13:27 +0800] "GET /xingrg/javascript/easyui/themes/default/images/tree_checkbox_1.gif HTTP/1.1" 200 174
120.253.135.82 - - [13/Nov/2022:06:13:27 +0800] "GET /xingrg/javascript/easyui/themes/icons/rest.png HTTP/1.1" 200 695
120.253.135.82 - - [13/Nov/2022:06:13:27 +0800] "GET /xingrg/javascript/easyui/themes/icons/manage.png HTTP/1.1" 200 696
120.253.135.82 - - [13/Nov/2022:06:13:27 +0800] "GET /xingrg/javascript/easyui/themes/icons/area.png HTTP/1.1" 200 262
116.230.105.139 - - [13/Nov/2022:06:13:29 +0800] "GET /xingrg/all/function/internal_message.html?_=1668291198633&CODE_STATE=getMsg HTTP/1.1" 200 27
120.253.135.82 - - [13/Nov/2022:06:13:30 +0800] "POST /xingrg/kc/pszx/mdps_list_operate.html HTTP/1.1" 200 2435
120.253.135.82 - - [13/Nov/2022:06:13:31 +0800] "POST /xingrg/kc/pszx/mdps_list_operate.html HTTP/1.1" 200 654
120.253.135.82 - - [13/Nov/2022:06:13:33 +0800] "POST /xingrg/kc/pszx/mdps_list_operate.html HTTP/1.1" 200 205
180.158.7.178 - - [13/Nov/2022:06:13:35 +0800] "GET /xingrg/all/function/internal_message.html?_=1668291218839&CODE_STATE=getMsg HTTP/1.1" 200 27
120.253.135.82 - - [13/Nov/2022:06:13:37 +0800] "GET /xingrg/kc/pszx/mdps_order_info.html?code=312022111300279 HTTP/1.1" 200 23978
120.253.135.82 - - [13/Nov/2022:06:13:37 +0800] "GET /xingrg/javascript/easyui/themes/default/validatebox.css HTTP/1.1" 404 1104
120.253.135.82 - - [13/Nov/2022:06:13:37 +0800] "POST /xingrg/kc/pszx/mdps_order_operate.html HTTP/1.1" 200 11598
218.81.217.29 - - [13/Nov/2022:06:13:37 +0800] "GET /xingrg/all/function/internal_message.html?_=1668291246631&CODE_STATE=getMsg HTTP/1.1" 200 27
120.253.135.82 - - [13/Nov/2022:06:13:38 +0800] "GET /xingrg/javascript/easyui/themes/default/images/button_plain_hover.png HTTP/1.1" 200 144
120.253.135.82 - - [13/Nov/2022:06:13:38 +0800] "GET /xingrg/javascript/easyui/themes/default/images/button_plain_hover.png HTTP/1.1" 200 144
120.253.135.82 - - [13/Nov/2022:06:13:38 +0800] "GET /xingrg/javascript/easyui/themes/default/images/button_plain_hover.png HTTP/1.1" 200 144
120.253.135.82 - - [13/Nov/2022:06:13:38 +0800] "GET /xingrg/javascript/easyui/themes/default/images/button_plain_hover.png HTTP/1.1" 200 144
120.253.135.82 - - [13/Nov/2022:06:13:40 +0800] "POST /xingrg/kc/pszx/mdps_order_operate.html HTTP/1.1" 200 37
120.253.135.82 - - [13/Nov/2022:06:13:41 +0800] "GET /xingrg/kc/pszx/mdps_order_info.html?code=312022111300279 HTTP/1.1" 200 23978
120.253.135.82 - - [13/Nov/2022:06:13:41 +0800] "GET /xingrg/javascript/easyui/themes/default/validatebox.css HTTP/1.1" 404 1104
120.253.135.82 - - [13/Nov/2022:06:13:41 +0800] "POST /xingrg/kc/pszx/mdps_order_operate.html HTTP/1.1" 200 11743
120.253.135.82 - - [13/Nov/2022:06:13:55 +0800] "GET /xingrg/check_reg.html?_=1668291038139 HTTP/1.1" 200 22
120.253.135.82 - - [13/Nov/2022:06:13:55 +0800] "GET /xingrg/all/function/internal_message.html?_=1668291038576&CODE_STATE=getMsg HTTP/1.1" 200 27
222.70.183.206 - - [13/Nov/2022:06:13:57 +0800] "GET /xingrg/all/function/internal_message.html?_=1668291240335&CODE_STATE=getMsg HTTP/1.1" 200 27
116.238.139.35 - - [13/Nov/2022:06:14:07 +0800] "GET /xingrg/all/function/internal_message.html?_=1668291169289&CODE_STATE=getMsg HTTP/1.1" 200 27
101.229.170.33 - - [13/Nov/2022:06:14:09 +0800] "GET /xingrg/all/function/internal_message.html?_=1668291253498&CODE_STATE=getMsg HTTP/1.1" 200 27
114.84.81.136 - - [13/Nov/2022:06:14:20 +0800] "GET /xingrg/all/function/internal_message.html?_=1668291264021&CODE_STATE=getMsg HTTP/1.1" 200 27
124.78.157.212 - - [13/Nov/2022:06:14:23 +0800] "GET /xingrg/all/function/internal_message.html?_=1668291263149&CODE_STATE=getMsg HTTP/1.1" 200 27
116.230.105.139 - - [13/Nov/2022:06:14:29 +0800] "GET /xingrg/all/function/internal_message.html?_=1668291258640&CODE_STATE=getMsg HTTP/1.1" 200 27
116.230.105.139 - - [13/Nov/2022:06:14:29 +0800] "GET /xingrg/check_reg.html?_=1668291258642 HTTP/1.1" 200 22
180.158.7.178 - - [13/Nov/2022:06:14:35 +0800] "GET /xingrg/all/function/internal_message.html?_=1668291278838&CODE_STATE=getMsg HTTP/1.1" 200 27
218.81.217.29 - - [13/Nov/2022:06:14:38 +0800] "GET /xingrg/all/function/internal_message.html?_=1668291306646&CODE_STATE=getMsg HTTP/1.1" 200 27
114.88.159.190 - - [13/Nov/2022:06:14:47 +0800] "GET /xingrg/check_reg.html?_=1668290904674 HTTP/1.1" 200 22
120.253.135.82 - - [13/Nov/2022:06:14:55 +0800] "GET /xingrg/all/function/internal_message.html?_=1668291098590&CODE_STATE=getMsg HTTP/1.1" 200 27
222.70.183.206 - - [13/Nov/2022:06:14:57 +0800] "GET /xingrg/check_reg.html?_=1668291300333 HTTP/1.1" 200 22
222.70.183.206 - - [13/Nov/2022:06:14:57 +0800] "GET /xingrg/all/function/internal_message.html?_=1668291300334&CODE_STATE=getMsg HTTP/1.1" 200 27
114.84.81.136 - - [13/Nov/2022:06:15:04 +0800] "GET /xingrg/check_reg.html?_=1668291307983 HTTP/1.1" 200 22
116.238.139.35 - - [13/Nov/2022:06:15:07 +0800] "GET /xingrg/all/function/internal_message.html?_=1668291229307&CODE_STATE=getMsg HTTP/1.1" 200 27
120.253.135.82 - - [13/Nov/2022:06:15:08 +0800] "GET /xingrg/kc/pszx/mdps_order_operate.html?command=get_materiel&pszx_code=00101&rest_code=00156&base_code=0010246&code=00101016086 HTTP/1.1" 200 471
101.229.170.33 - - [13/Nov/2022:06:15:09 +0800] "GET /xingrg/all/function/internal_message.html?_=1668291313509&CODE_STATE=getMsg HTTP/1.1" 200 27
120.253.135.82 - - [13/Nov/2022:06:15:12 +0800] "POST /xingrg/all/common/load_select.html HTTP/1.1" 200 25
120.253.135.82 - - [13/Nov/2022:06:15:14 +0800] "GET /xingrg/kc/pszx/mdps_order_operate.html?command=get_materiel_price&pszx_code=00101&rest_code=00156&base_code=0010246&code=00101016086&unit_code=00100138&order_time=2022-11-14 HTTP/1.1" 200 39
114.84.81.136 - - [13/Nov/2022:06:15:20 +0800] "GET /xingrg/all/function/internal_message.html?_=1668291323993&CODE_STATE=getMsg HTTP/1.1" 200 27
124.78.157.212 - - [13/Nov/2022:06:15:23 +0800] "GET /xingrg/all/function/internal_message.html?_=1668291323127&CODE_STATE=getMsg HTTP/1.1" 200 27
120.253.135.82 - - [13/Nov/2022:06:15:26 +0800] "GET /xingrg/javascript/easyui/themes/default/images/button_plain_hover.png HTTP/1.1" 200 144
120.253.135.82 - - [13/Nov/2022:06:15:26 +0800] "GET /xingrg/javascript/easyui/themes/default/images/button_plain_hover.png HTTP/1.1" 200 144
120.253.135.82 - - [13/Nov/2022:06:15:26 +0800] "GET /xingrg/javascript/easyui/themes/default/images/button_plain_hover.png HTTP/1.1" 200 144
120.253.135.82 - - [13/Nov/2022:06:15:26 +0800] "GET /xingrg/javascript/easyui/themes/default/images/button_plain_hover.png HTTP/1.1" 200 144
120.253.135.82 - - [13/Nov/2022:06:15:28 +0800] "POST /xingrg/kc/pszx/mdps_order_operate.html HTTP/1.1" 200 37
120.253.135.82 - - [13/Nov/2022:06:15:29 +0800] "GET /xingrg/kc/pszx/mdps_order_info.html?code=312022111300279 HTTP/1.1" 200 23978
116.230.105.139 - - [13/Nov/2022:06:15:29 +0800] "GET /xingrg/all/function/internal_message.html?_=1668291318630&CODE_STATE=getMsg HTTP/1.1" 200 27
120.253.135.82 - - [13/Nov/2022:06:15:29 +0800] "GET /xingrg/javascript/easyui/themes/default/validatebox.css HTTP/1.1" 404 1104
120.253.135.82 - - [13/Nov/2022:06:15:29 +0800] "POST /xingrg/kc/pszx/mdps_order_operate.html HTTP/1.1" 200 11758
180.158.7.178 - - [13/Nov/2022:06:15:35 +0800] "GET /xingrg/check_reg.html?_=1668291338834 HTTP/1.1" 200 22
180.158.7.178 - - [13/Nov/2022:06:15:35 +0800] "GET /xingrg/all/function/internal_message.html?_=1668291338839&CODE_STATE=getMsg HTTP/1.1" 200 27
218.81.217.29 - - [13/Nov/2022:06:15:38 +0800] "GET /xingrg/all/function/internal_message.html?_=1668291366938&CODE_STATE=getMsg HTTP/1.1" 200 27
120.253.135.82 - - [13/Nov/2022:06:15:48 +0800] "GET /xingrg/kc/pszx/mdps_order_operate.html?command=get_materiel&pszx_code=00101&rest_code=00156&base_code=0010246&code=00101013264 HTTP/1.1" 200 420
120.253.135.82 - - [13/Nov/2022:06:15:56 +0800] "GET /xingrg/all/function/internal_message.html?_=1668291158604&CODE_STATE=getMsg HTTP/1.1" 200 27
222.70.183.206 - - [13/Nov/2022:06:15:57 +0800] "GET /xingrg/all/function/internal_message.html?_=1668291360332&CODE_STATE=getMsg HTTP/1.1" 200 27
116.238.139.35 - - [13/Nov/2022:06:15:58 +0800] "GET /xingrg/check_reg.html?_=1668291279712 HTTP/1.1" 200 22
116.238.139.35 - - [13/Nov/2022:06:16:07 +0800] "GET /xingrg/all/function/internal_message.html?_=1668291289316&CODE_STATE=getMsg HTTP/1.1" 200 27
101.229.170.33 - - [13/Nov/2022:06:16:09 +0800] "GET /xingrg/all/function/internal_message.html?_=1668291373500&CODE_STATE=getMsg HTTP/1.1" 200 27
120.253.135.82 - - [13/Nov/2022:06:16:10 +0800] "GET /xingrg/kc/pszx/mdps_order_operate.html?command=get_materiel&pszx_code=00101&rest_code=00156&base_code=0010246&code=00101013272 HTTP/1.1" 200 432
120.253.135.82 - - [13/Nov/2022:06:16:17 +0800] "GET /xingrg/javascript/easyui/themes/default/images/button_plain_hover.png HTTP/1.1" 200 144
120.253.135.82 - - [13/Nov/2022:06:16:17 +0800] "GET /xingrg/javascript/easyui/themes/default/images/button_plain_hover.png HTTP/1.1" 200 144
120.253.135.82 - - [13/Nov/2022:06:16:17 +0800] "GET /xingrg/javascript/easyui/themes/default/images/button_plain_hover.png HTTP/1.1" 200 144
120.253.135.82 - - [13/Nov/2022:06:16:17 +0800] "GET /xingrg/javascript/easyui/themes/default/images/button_plain_hover.png HTTP/1.1" 200 144
120.253.135.82 - - [13/Nov/2022:06:16:17 +0800] "GET /xingrg/javascript/easyui/themes/default/images/button_plain_hover.png HTTP/1.1" 200 144
120.253.135.82 - - [13/Nov/2022:06:16:19 +0800] "POST /xingrg/kc/pszx/mdps_order_operate.html HTTP/1.1" 200 37
114.84.81.136 - - [13/Nov/2022:06:16:20 +0800] "GET /xingrg/all/function/internal_message.html?_=1668291383962&CODE_STATE=getMsg HTTP/1.1" 200 27
116.230.105.139 - - [13/Nov/2022:06:16:20 +0800] "POST /xingrg/services/DataTransmitService HTTP/1.1" 200 524
120.253.135.82 - - [13/Nov/2022:06:16:20 +0800] "GET /xingrg/kc/pszx/mdps_order_info.html?code=312022111300279 HTTP/1.1" 200 23978
120.253.135.82 - - [13/Nov/2022:06:16:21 +0800] "GET /xingrg/javascript/easyui/themes/default/validatebox.css HTTP/1.1" 404 1104
120.253.135.82 - - [13/Nov/2022:06:16:21 +0800] "POST /xingrg/kc/pszx/mdps_order_operate.html HTTP/1.1" 200 11768
124.78.157.212 - - [13/Nov/2022:06:16:23 +0800] "GET /xingrg/all/function/internal_message.html?_=1668291383095&CODE_STATE=getMsg HTTP/1.1" 200 27
116.230.105.139 - - [13/Nov/2022:06:16:29 +0800] "GET /xingrg/all/function/internal_message.html?_=1668291378641&CODE_STATE=getMsg HTTP/1.1" 200 27
180.158.7.178 - - [13/Nov/2022:06:16:35 +0800] "GET /xingrg/all/function/internal_message.html?_=1668291398841&CODE_STATE=getMsg HTTP/1.1" 200 27
218.81.217.29 - - [13/Nov/2022:06:16:38 +0800] "GET /xingrg/all/function/internal_message.html?_=1668291426953&CODE_STATE=getMsg HTTP/1.1" 200 27
124.78.157.212 - - [13/Nov/2022:06:16:46 +0800] "GET /xingrg/check_reg.html?_=1668291406155 HTTP/1.1" 200 22
120.253.135.82 - - [13/Nov/2022:06:16:56 +0800] "GET /xingrg/all/function/internal_message.html?_=1668291218617&CODE_STATE=getMsg HTTP/1.1" 200 27
222.70.183.206 - - [13/Nov/2022:06:16:57 +0800] "GET /xingrg/all/function/internal_message.html?_=1668291420330&CODE_STATE=getMsg HTTP/1.1" 200 27
116.238.139.35 - - [13/Nov/2022:06:17:08 +0800] "GET /xingrg/all/function/internal_message.html?_=1668291349330&CODE_STATE=getMsg HTTP/1.1" 200 27
101.229.170.33 - - [13/Nov/2022:06:17:09 +0800] "GET /xingrg/all/function/internal_message.html?_=1668291433488&CODE_STATE=getMsg HTTP/1.1" 200 27
114.84.81.136 - - [13/Nov/2022:06:17:20 +0800] "GET /xingrg/all/function/internal_message.html?_=1668291443933&CODE_STATE=getMsg HTTP/1.1" 200 27
124.78.157.212 - - [13/Nov/2022:06:17:23 +0800] "GET /xingrg/all/function/internal_message.html?_=1668291443100&CODE_STATE=getMsg HTTP/1.1" 200 27
116.230.105.139 - - [13/Nov/2022:06:17:29 +0800] "GET /xingrg/all/function/internal_message.html?_=1668291438637&CODE_STATE=getMsg HTTP/1.1" 200 27
180.158.7.178 - - [13/Nov/2022:06:17:35 +0800] "GET /xingrg/all/function/internal_message.html?_=1668291458838&CODE_STATE=getMsg HTTP/1.1" 200 27
218.81.217.29 - - [13/Nov/2022:06:17:38 +0800] "GET /xingrg/all/function/internal_message.html?_=1668291487237&CODE_STATE=getMsg HTTP/1.1" 200 27
120.253.135.82 - - [13/Nov/2022:06:17:56 +0800] "GET /xingrg/all/function/internal_message.html?_=1668291278632&CODE_STATE=getMsg HTTP/1.1" 200 27
222.70.183.206 - - [13/Nov/2022:06:17:57 +0800] "GET /xingrg/all/function/internal_message.html?_=1668291480329&CODE_STATE=getMsg HTTP/1.1" 200 27
218.81.217.29 - - [13/Nov/2022:06:18:00 +0800] "GET /xingrg/check_reg.html?_=1668291509606 HTTP/1.1" 200 22
116.238.139.35 - - [13/Nov/2022:06:18:08 +0800] "GET /xingrg/all/function/internal_message.html?_=1668291409347&CODE_STATE=getMsg HTTP/1.1" 200 27
101.229.170.33 - - [13/Nov/2022:06:18:09 +0800] "GET /xingrg/all/function/internal_message.html?_=1668291493492&CODE_STATE=getMsg HTTP/1.1" 200 27
101.229.170.33 - - [13/Nov/2022:06:18:09 +0800] "GET /xingrg/check_reg.html?_=1668291493495 HTTP/1.1" 200 22
114.84.81.136 - - [13/Nov/2022:06:18:20 +0800] "GET /xingrg/all/function/internal_message.html?_=1668291503905&CODE_STATE=getMsg HTTP/1.1" 200 27
124.78.157.212 - - [13/Nov/2022:06:18:23 +0800] "GET /xingrg/all/function/internal_message.html?_=1668291503079&CODE_STATE=getMsg HTTP/1.1" 200 27
116.230.105.139 - - [13/Nov/2022:06:18:29 +0800] "GET /xingrg/all/function/internal_message.html?_=1668291498629&CODE_STATE=getMsg HTTP/1.1" 200 27
180.158.7.178 - - [13/Nov/2022:06:18:35 +0800] "GET /xingrg/all/function/internal_message.html?_=1668291518830&CODE_STATE=getMsg HTTP/1.1" 200 27
218.81.217.29 - - [13/Nov/2022:06:18:38 +0800] "GET /xingrg/all/function/internal_message.html?_=1668291547245&CODE_STATE=getMsg HTTP/1.1" 200 27
58.35.213.73 - - [13/Nov/2022:06:18:51 +0800] "POST /xingrg/services/DataTransmitService HTTP/1.1" 200 524
120.253.135.82 - - [13/Nov/2022:06:18:55 +0800] "GET /xingrg/check_reg.html?_=1668291338224 HTTP/1.1" 200 22
