116.238.139.35 - - [13/Nov/2022:08:51:29 +0800] "POST /xingrg/kc/buy/cgsh_order_operate.html HTTP/1.1" 200 2065
114.95.46.117 - - [13/Nov/2022:08:51:29 +0800] "GET /xingrg/javascript/jquery_easy_ui/themes/default/images/tabs_close.gif HTTP/1.1" 304 -
114.95.46.117 - - [13/Nov/2022:08:51:29 +0800] "GET /xingrg/css/site.css HTTP/1.1" 304 -
114.95.46.117 - - [13/Nov/2022:08:51:29 +0800] "GET /xingrg/css/base.css HTTP/1.1" 304 -
114.95.46.117 - - [13/Nov/2022:08:51:29 +0800] "GET /xingrg/javascript/easyui/themes/default/easyui.css HTTP/1.1" 304 -
114.95.46.117 - - [13/Nov/2022:08:51:29 +0800] "GET /xingrg/javascript/jquery_tools/datebox.css HTTP/1.1" 304 -
114.95.46.117 - - [13/Nov/2022:08:51:29 +0800] "GET /xingrg/javascript/auto/jquery.autocomplete.css HTTP/1.1" 304 -
114.95.46.117 - - [13/Nov/2022:08:51:29 +0800] "GET /xingrg/javascript/easyui/themes/icon.css HTTP/1.1" 304 -
114.95.46.117 - - [13/Nov/2022:08:51:29 +0800] "GET /xingrg/javascript/jquery_tools/jquery.tools.hotkey.js HTTP/1.1" 304 -
114.95.46.117 - - [13/Nov/2022:08:51:29 +0800] "GET /xingrg/javascript/jquery_tools/jquery.tools.extend.js HTTP/1.1" 304 -
114.95.46.117 - - [13/Nov/2022:08:51:29 +0800] "GET /xingrg/javascript/jquery_tools/list_manager.js HTTP/1.1" 304 -
114.95.46.117 - - [13/Nov/2022:08:51:29 +0800] "GET /xingrg/javascript/easyui/easyloader.js HTTP/1.1" 304 -
114.95.46.117 - - [13/Nov/2022:08:51:29 +0800] "GET /xingrg/javascript/auto/jquery.autocomplete.js HTTP/1.1" 304 -
114.95.46.117 - - [13/Nov/2022:08:51:29 +0800] "GET /xingrg/javascript/jquery_tools/table.css HTTP/1.1" 304 -
114.95.46.117 - - [13/Nov/2022:08:51:29 +0800] "GET /xingrg/javascript/jquery_tools/fix.css HTTP/1.1" 304 -
114.95.46.117 - - [13/Nov/2022:08:51:29 +0800] "GET /xingrg/javascript/jquery.cookie.js HTTP/1.1" 304 -
114.95.46.117 - - [13/Nov/2022:08:51:29 +0800] "GET /xingrg/javascript/jquery_tools/jquery.tools.min.js HTTP/1.1" 304 -
114.95.46.117 - - [13/Nov/2022:08:51:29 +0800] "GET /xingrg/javascript/jquery_tools/jquery.tools.table.js HTTP/1.1" 304 -
114.95.46.117 - - [13/Nov/2022:08:51:29 +0800] "GET /xingrg/kc/buy/cgsh_order_list.html HTTP/1.1" 200 53527
114.95.46.117 - - [13/Nov/2022:08:51:29 +0800] "GET /xingrg/javascript/print/LodopFuncs.js HTTP/1.1" 304 -
114.95.46.117 - - [13/Nov/2022:08:51:29 +0800] "GET /xingrg/javascript/easyui/themes/icons/check_new.png HTTP/1.1" 304 -
114.95.46.117 - - [13/Nov/2022:08:51:29 +0800] "GET /xingrg/javascript/easyui/themes/icons/cance_new.png HTTP/1.1" 304 -
114.95.46.117 - - [13/Nov/2022:08:51:29 +0800] "GET /xingrg/javascript/easyui/themes/icons/field_new.png HTTP/1.1" 304 -
114.95.46.117 - - [13/Nov/2022:08:51:29 +0800] "GET /xingrg/javascript/easyui/themes/icons/edit_add_new.png HTTP/1.1" 304 -
114.95.46.117 - - [13/Nov/2022:08:51:29 +0800] "GET /xingrg/javascript/easyui/themes/icons/import_new.png HTTP/1.1" 304 -
114.95.46.117 - - [13/Nov/2022:08:51:29 +0800] "GET /xingrg/images/control/ajaxLoader.gif HTTP/1.1" 304 -
114.95.46.117 - - [13/Nov/2022:08:51:29 +0800] "GET /xingrg/javascript/easyui/plugins/jquery.parser.js HTTP/1.1" 304 -
114.95.46.117 - - [13/Nov/2022:08:51:30 +0800] "POST /xingrg/kc/buy/cgsh_list_operate.html HTTP/1.1" 200 986
114.95.46.117 - - [13/Nov/2022:08:51:30 +0800] "GET /xingrg/javascript/easyui/themes/default/images/button_plain_hover.png HTTP/1.1" 304 -
114.95.46.117 - - [13/Nov/2022:08:51:33 +0800] "GET /xingrg/javascript/pic_change.js HTTP/1.1" 304 -
114.95.46.117 - - [13/Nov/2022:08:51:33 +0800] "GET /xingrg/javascript/jquery_tools/order_manager.js HTTP/1.1" 304 -
114.95.46.117 - - [13/Nov/2022:08:51:33 +0800] "GET /xingrg/javascript/convert.js HTTP/1.1" 304 -
114.95.46.117 - - [13/Nov/2022:08:51:33 +0800] "GET /xingrg/javascript/json2.js HTTP/1.1" 304 -
114.95.46.117 - - [13/Nov/2022:08:51:33 +0800] "GET /xingrg/javascript/print/kc_print.js HTTP/1.1" 304 -
114.95.46.117 - - [13/Nov/2022:08:51:33 +0800] "GET /xingrg/kc/buy/cgsh_order_add.html HTTP/1.1" 200 69390
114.95.46.117 - - [13/Nov/2022:08:51:33 +0800] "GET /xingrg/words/20221112125158_words.js HTTP/1.1" 200 932354
114.95.46.117 - - [13/Nov/2022:08:51:33 +0800] "GET /xingrg/javascript/easyui/themes/icons/copy_new.png HTTP/1.1" 304 -
114.95.46.117 - - [13/Nov/2022:08:51:33 +0800] "GET /xingrg/javascript/easyui/themes/icons/template_new.png HTTP/1.1" 304 -
114.95.46.117 - - [13/Nov/2022:08:51:33 +0800] "GET /xingrg/javascript/easyui/themes/default/images/menu_downarrow.png HTTP/1.1" 304 -
114.95.46.117 - - [13/Nov/2022:08:51:33 +0800] "GET /xingrg/javascript/easyui/themes/icons/print.png HTTP/1.1" 304 -
114.95.46.117 - - [13/Nov/2022:08:51:33 +0800] "GET /xingrg/javascript/easyui/themes/icons/cancel.png HTTP/1.1" 304 -
114.95.46.117 - - [13/Nov/2022:08:51:33 +0800] "GET /xingrg/javascript/easyui/themes/icons/ok.png HTTP/1.1" 304 -
114.95.46.117 - - [13/Nov/2022:08:51:34 +0800] "GET /xingrg/all/common/auto_word.html?type=employee&rest_code=00105 HTTP/1.1" 200 193
114.95.46.117 - - [13/Nov/2022:08:51:34 +0800] "GET /xingrg/all/common/auto_word.html?type=employee&rest_code=00105 HTTP/1.1" 200 193
114.95.46.117 - - [13/Nov/2022:08:51:34 +0800] "GET /xingrg/javascript/easyui/themes/default/validatebox.css HTTP/1.1" 404 1104
114.95.46.117 - - [13/Nov/2022:08:51:34 +0800] "GET /xingrg/javascript/easyui/plugins/jquery.validatebox.js HTTP/1.1" 304 -
114.95.46.117 - - [13/Nov/2022:08:51:34 +0800] "GET /xingrg/javascript/easyui/plugins/jquery.numberbox.js HTTP/1.1" 304 -
114.95.46.117 - - [13/Nov/2022:08:51:34 +0800] "POST /xingrg/kc/buy/cgsh_order_operate.html HTTP/1.1" 200 8245
114.95.46.117 - - [13/Nov/2022:08:51:34 +0800] "GET /xingrg/javascript/easyui/themes/icons/edit_remove.png HTTP/1.1" 304 -
114.95.46.117 - - [13/Nov/2022:08:51:35 +0800] "GET /xingrg/javascript/auto/indicator.gif HTTP/1.1" 404 1066
180.158.7.178 - - [13/Nov/2022:08:51:35 +0800] "GET /xingrg/all/function/internal_message.html?_=1668300698843&CODE_STATE=getMsg HTTP/1.1" 200 27
116.238.139.35 - - [13/Nov/2022:08:51:35 +0800] "GET /xingrg/kc/buy/cgsh_order_operate.html?command=get_materiel&rest_code=00150&code=00101008114&supplier_code=00100008&order_time=2022-11-13 HTTP/1.1" 200 412
218.81.217.29 - - [13/Nov/2022:08:51:36 +0800] "GET /xingrg/kc/buy/cgsh_order_operate.html?command=get_materiel&rest_code=00146&code=00101008679&supplier_code=00100005&order_time=2022-11-13 HTTP/1.1" 200 400
222.70.183.206 - - [13/Nov/2022:08:51:48 +0800] "GET /xingrg/all/function/internal_message.html?_=1668300710295&CODE_STATE=getMsg HTTP/1.1" 200 27
116.238.139.35 - - [13/Nov/2022:08:51:48 +0800] "GET /xingrg/all/function/internal_message.html?_=1668300712473&CODE_STATE=getMsg HTTP/1.1" 200 27
114.95.46.117 - - [13/Nov/2022:08:51:49 +0800] "GET /xingrg/kc/buy/cgsh_order_operate.html?command=get_materiel&rest_code=00105&code=00101016030&supplier_code=00100034&order_time=2022-11-13 HTTP/1.1" 200 412
114.95.46.117 - - [13/Nov/2022:08:51:56 +0800] "POST /xingrg/kc/buy/cgsh_order_operate.html HTTP/1.1" 200 37
114.95.46.117 - - [13/Nov/2022:08:51:58 +0800] "POST /xingrg/kc/buy/cgsh_order_operate.html HTTP/1.1" 200 2656
116.238.139.35 - - [13/Nov/2022:08:51:58 +0800] "GET /xingrg/kc/buy/cgsh_order_operate.html?command=get_materiel&rest_code=00150&code=00101008165&supplier_code=00100008&order_time=2022-11-13 HTTP/1.1" 200 417
114.95.46.117 - - [13/Nov/2022:08:51:59 +0800] "GET /xingrg/kc/print/load_config.html?kc_code=cgsh HTTP/1.1" 200 1943
114.95.46.117 - - [13/Nov/2022:08:51:59 +0800] "GET /xingrg/kc/print/load_data.html?order_code=212022111304134&kc_code=cgsh&condition= HTTP/1.1" 200 714
114.95.46.117 - - [13/Nov/2022:08:52:03 +0800] "GET /xingrg/kc/buy/cgsh_order_add.html HTTP/1.1" 200 69390
114.95.46.117 - - [13/Nov/2022:08:52:03 +0800] "GET /xingrg/javascript/easyui/themes/default/validatebox.css HTTP/1.1" 404 1104
114.95.46.117 - - [13/Nov/2022:08:52:03 +0800] "POST /xingrg/kc/buy/cgsh_order_operate.html HTTP/1.1" 200 8245
116.238.139.35 - - [13/Nov/2022:08:52:05 +0800] "GET /xingrg/kc/buy/cgsh_order_operate.html?command=get_materiel&rest_code=00150&code=00101008283&supplier_code=00100008&order_time=2022-11-13 HTTP/1.1" 200 408
218.81.217.29 - - [13/Nov/2022:08:52:08 +0800] "GET /xingrg/all/function/internal_message.html?_=1668300757481&CODE_STATE=getMsg HTTP/1.1" 200 27
101.229.170.33 - - [13/Nov/2022:08:52:09 +0800] "GET /xingrg/all/function/internal_message.html?_=1668300733648&CODE_STATE=getMsg HTTP/1.1" 200 27
116.238.139.35 - - [13/Nov/2022:08:52:10 +0800] "GET /xingrg/all/function/internal_message.html?_=1668300651435&CODE_STATE=getMsg HTTP/1.1" 200 27
116.238.139.35 - - [13/Nov/2022:08:52:12 +0800] "GET /xingrg/kc/buy/cgsh_order_operate.html?command=get_materiel&rest_code=00150&code=00101009015&supplier_code=00100008&order_time=2022-11-13 HTTP/1.1" 200 416
114.95.46.117 - - [13/Nov/2022:08:52:15 +0800] "GET /xingrg/kc/buy/cgsh_order_operate.html?command=get_materiel&rest_code=00105&code=00101007032&supplier_code=00100002&order_time=2022-11-13 HTTP/1.1" 200 413
114.84.81.136 - - [13/Nov/2022:08:52:16 +0800] "GET /xingrg/all/function/internal_message.html?_=1668300740192&CODE_STATE=getMsg HTTP/1.1" 200 27
116.238.139.35 - - [13/Nov/2022:08:52:20 +0800] "GET /xingrg/kc/buy/cgsh_order_operate.html?command=get_materiel&rest_code=00150&code=00101008095&supplier_code=00100008&order_time=2022-11-13 HTTP/1.1" 200 412
116.238.139.35 - - [13/Nov/2022:08:52:24 +0800] "POST /xingrg/kc/buy/cgsh_order_operate.html HTTP/1.1" 200 2065
114.95.46.117 - - [13/Nov/2022:08:52:26 +0800] "GET /xingrg/all/function/internal_message.html?_=1668300751067&CODE_STATE=getMsg HTTP/1.1" 200 27
116.230.105.139 - - [13/Nov/2022:08:52:27 +0800] "GET /xingrg/all/function/internal_message.html?_=1668300736731&CODE_STATE=getMsg HTTP/1.1" 200 27
218.81.217.29 - - [13/Nov/2022:08:52:28 +0800] "GET /xingrg/kc/buy/cgsh_order_operate.html?command=get_materiel&rest_code=00146&code=00101015001&supplier_code=00100005&order_time=2022-11-13 HTTP/1.1" 200 413
116.238.139.35 - - [13/Nov/2022:08:52:29 +0800] "GET /xingrg/kc/buy/cgsh_order_operate.html?command=get_materiel&rest_code=00150&code=00101008110&supplier_code=00100008&order_time=2022-11-13 HTTP/1.1" 200 408
180.158.7.178 - - [13/Nov/2022:08:52:35 +0800] "GET /xingrg/all/function/internal_message.html?_=1668300758840&CODE_STATE=getMsg HTTP/1.1" 200 27
218.81.217.29 - - [13/Nov/2022:08:52:37 +0800] "GET /xingrg/check_reg.html?_=1668300786465 HTTP/1.1" 200 22
116.238.139.35 - - [13/Nov/2022:08:52:38 +0800] "GET /xingrg/kc/buy/cgsh_order_operate.html?command=get_materiel&rest_code=00150&code=00101008061&supplier_code=00100008&order_time=2022-11-13 HTTP/1.1" 200 422
114.95.46.117 - - [13/Nov/2022:08:52:45 +0800] "GET /xingrg/index.html?sysBaseUrl=http%3A%2F%2F180.169.147.146%3A18081%2Fxingrg%2F&costTime=32×tamp=1585224308505 HTTP/1.1" 302 -
114.95.46.117 - - [13/Nov/2022:08:52:45 +0800] "GET /xingrg/login.html HTTP/1.1" 200 7641
114.95.46.117 - - [13/Nov/2022:08:52:46 +0800] "GET /xingrg/images/blue/jxLogo.png HTTP/1.1" 304 -
222.70.183.206 - - [13/Nov/2022:08:52:48 +0800] "GET /xingrg/all/function/internal_message.html?_=1668300770286&CODE_STATE=getMsg HTTP/1.1" 200 27
116.238.139.35 - - [13/Nov/2022:08:52:48 +0800] "GET /xingrg/check_reg.html?_=1668300772377 HTTP/1.1" 200 22
116.238.139.35 - - [13/Nov/2022:08:52:48 +0800] "GET /xingrg/all/function/internal_message.html?_=1668300772477&CODE_STATE=getMsg HTTP/1.1" 200 27
114.95.46.117 - - [13/Nov/2022:08:52:54 +0800] "GET /xingrg/images/blue/login_bg.png HTTP/1.1" 304 -
114.95.46.117 - - [13/Nov/2022:08:52:54 +0800] "GET /xingrg/images/blue/hj.png HTTP/1.1" 304 -
114.95.46.117 - - [13/Nov/2022:08:52:54 +0800] "GET /xingrg/images/blue/srbg.png HTTP/1.1" 304 -
114.95.46.117 - - [13/Nov/2022:08:52:55 +0800] "GET /favicon.ico HTTP/1.1" 404 -
218.81.217.29 - - [13/Nov/2022:08:53:08 +0800] "GET /xingrg/all/function/internal_message.html?_=1668300817495&CODE_STATE=getMsg HTTP/1.1" 200 27
101.229.170.33 - - [13/Nov/2022:08:53:09 +0800] "GET /xingrg/all/function/internal_message.html?_=1668300793658&CODE_STATE=getMsg HTTP/1.1" 200 27
101.229.170.33 - - [13/Nov/2022:08:53:09 +0800] "GET /xingrg/check_reg.html?_=1668300793661 HTTP/1.1" 200 22
116.238.139.35 - - [13/Nov/2022:08:53:10 +0800] "GET /xingrg/all/function/internal_message.html?_=1668300711454&CODE_STATE=getMsg HTTP/1.1" 200 27
114.95.46.117 - - [13/Nov/2022:08:53:11 +0800] "POST /xingrg/login.do HTTP/1.1" 302 -
114.95.46.117 - - [13/Nov/2022:08:53:11 +0800] "GET /xingrg/index.html?sysBaseUrl=http%3A%2F%2F180.169.147.146%3A18081%2Fxingrg%2F&costTime=40×tamp=1668300791691 HTTP/1.1" 200 17173
114.95.46.117 - - [13/Nov/2022:08:53:11 +0800] "GET /xingrg/javascript/jquery_easy_ui/themes/default/easyui.css HTTP/1.1" 304 -
114.95.46.117 - - [13/Nov/2022:08:53:11 +0800] "GET /xingrg/javascript/jquery_easy_ui/themes/icon.css HTTP/1.1" 304 -
114.95.46.117 - - [13/Nov/2022:08:53:11 +0800] "GET /xingrg/css/form.css HTTP/1.1" 304 -
114.95.46.117 - - [13/Nov/2022:08:53:12 +0800] "GET /xingrg/javascript/jquery-1.4.2.min.js HTTP/1.1" 304 -
114.95.46.117 - - [13/Nov/2022:08:53:12 +0800] "GET /xingrg/javascript/jquery_easy_ui/jquery.easyui.min.js HTTP/1.1" 304 -
114.95.46.117 - - [13/Nov/2022:08:53:12 +0800] "GET /xingrg/javascript/jquery_easy_ui/easyui-lang-zh_CN.js HTTP/1.1" 304 -
114.95.46.117 - - [13/Nov/2022:08:53:12 +0800] "GET /xingrg/javascript/jquery.form.js HTTP/1.1" 304 -
114.95.46.117 - - [13/Nov/2022:08:53:12 +0800] "GET /xingrg/javascript/jquery.utils.js HTTP/1.1" 304 -
114.95.46.117 - - [13/Nov/2022:08:53:12 +0800] "GET /xingrg/javascript/jquery.timers.js HTTP/1.1" 304 -
114.95.46.117 - - [13/Nov/2022:08:53:12 +0800] "GET /xingrg/javascript/jquery_easy_ui/themes/icons/settle_new.png HTTP/1.1" 304 -
114.95.46.117 - - [13/Nov/2022:08:53:12 +0800] "GET /xingrg/images/blue/navBackgound.jpg HTTP/1.1" 304 -
114.95.46.117 - - [13/Nov/2022:08:53:13 +0800] "POST /xingrg/all/common/load_tree.html?tree=area_rest_tree_json&manage=1 HTTP/1.1" 200 342
218.81.217.29 - - [13/Nov/2022:08:53:13 +0800] "POST /xingrg/kc/buy/cgsh_order_operate.html HTTP/1.1" 200 2065
114.95.46.117 - - [13/Nov/2022:08:53:14 +0800] "GET /xingrg/all/function/internal_message.html?_=1668300647439&CODE_STATE=count HTTP/1.1" 200 11
114.95.46.117 - - [13/Nov/2022:08:53:14 +0800] "GET /xingrg/check_reg.html?_=1668300647452 HTTP/1.1" 200 22
114.95.46.117 - - [13/Nov/2022:08:53:14 +0800] "GET /xingrg/images/blue/pingpu.png HTTP/1.1" 304 -
114.95.46.117 - - [13/Nov/2022:08:53:14 +0800] "GET /xingrg/javascript/jquery_easy_ui/themes/default/images/tabs_leftarrow.png HTTP/1.1" 304 -
114.95.46.117 - - [13/Nov/2022:08:53:14 +0800] "GET /xingrg/javascript/jquery_easy_ui/themes/default/images/tabs_rightarrow.png HTTP/1.1" 304 -
114.95.46.117 - - [13/Nov/2022:08:53:14 +0800] "GET /xingrg/javascript/jquery_easy_ui/themes/default/images/panel_tool_collapse.gif HTTP/1.1" 304 -
114.95.46.117 - - [13/Nov/2022:08:53:14 +0800] "GET /favicon.ico HTTP/1.1" 404 -
114.95.46.117 - - [13/Nov/2022:08:53:14 +0800] "POST /xingrg/load_menu.html HTTP/1.1" 200 5138
114.95.46.117 - - [13/Nov/2022:08:53:15 +0800] "GET /xingrg/javascript/jquery_easy_ui/themes/default/images/tree_arrows.gif HTTP/1.1" 304 -
114.95.46.117 - - [13/Nov/2022:08:53:15 +0800] "GET /xingrg/javascript/jquery_easy_ui/themes/default/images/tree_folder_open.gif HTTP/1.1" 304 -
114.95.46.117 - - [13/Nov/2022:08:53:15 +0800] "GET /xingrg/javascript/jquery_easy_ui/themes/icons/search_new.png HTTP/1.1" 304 -
114.95.46.117 - - [13/Nov/2022:08:53:15 +0800] "GET /xingrg/javascript/jquery_easy_ui/themes/default/images/tree_folder.gif HTTP/1.1" 304 -
114.95.46.117 - - [13/Nov/2022:08:53:15 +0800] "GET /xingrg/javascript/jquery_easy_ui/themes/icons/storage_new.png HTTP/1.1" 304 -
114.95.46.117 - - [13/Nov/2022:08:53:15 +0800] "GET /xingrg/javascript/jquery_easy_ui/themes/icons/forms_new.png HTTP/1.1" 304 -
114.95.46.117 - - [13/Nov/2022:08:53:15 +0800] "GET /xingrg/javascript/jquery_easy_ui/themes/default/images/tree_file.gif HTTP/1.1" 304 -
114.84.81.136 - - [13/Nov/2022:08:53:16 +0800] "GET /xingrg/all/function/internal_message.html?_=1668300800169&CODE_STATE=getMsg HTTP/1.1" 200 27
218.81.217.29 - - [13/Nov/2022:08:53:22 +0800] "GET /xingrg/kc/buy/cgsh_order_operate.html?command=get_materiel&rest_code=00146&code=00101008036&supplier_code=00100005&order_time=2022-11-13 HTTP/1.1" 200 408
114.95.46.117 - - [13/Nov/2022:08:53:26 +0800] "GET /xingrg/all/function/internal_message.html?_=1668300811094&CODE_STATE=getMsg HTTP/1.1" 200 27
116.230.105.139 - - [13/Nov/2022:08:53:27 +0800] "GET /xingrg/all/function/internal_message.html?_=1668300796723&CODE_STATE=getMsg HTTP/1.1" 200 27
114.95.46.117 - - [13/Nov/2022:08:53:35 +0800] "GET /xingrg/kc/buy/cgsh_order_operate.html?command=get_materiel&rest_code=00105&code=00101007048&supplier_code=00100002&order_time=2022-11-13 HTTP/1.1" 200 408
180.158.7.178 - - [13/Nov/2022:08:53:35 +0800] "GET /xingrg/all/function/internal_message.html?_=1668300818843&CODE_STATE=getMsg HTTP/1.1" 200 27
222.70.183.206 - - [13/Nov/2022:08:53:47 +0800] "GET /xingrg/all/function/internal_message.html?_=1668300830270&CODE_STATE=getMsg HTTP/1.1" 200 27
116.238.139.35 - - [13/Nov/2022:08:53:48 +0800] "GET /xingrg/all/function/internal_message.html?_=1668300832455&CODE_STATE=getMsg HTTP/1.1" 200 27
116.238.139.35 - - [13/Nov/2022:08:54:04 +0800] "POST /xingrg/kc/buy/cgsh_order_operate.html HTTP/1.1" 200 2065
114.95.46.117 - - [13/Nov/2022:08:54:07 +0800] "GET /xingrg/kc/buy/cgsh_order_operate.html?command=get_materiel&rest_code=00105&code=00101007061&supplier_code=00100002&order_time=2022-11-13 HTTP/1.1" 200 409
218.81.217.29 - - [13/Nov/2022:08:54:08 +0800] "GET /xingrg/all/function/internal_message.html?_=1668300877509&CODE_STATE=getMsg HTTP/1.1" 200 27
101.229.170.33 - - [13/Nov/2022:08:54:09 +0800] "GET /xingrg/all/function/internal_message.html?_=1668300853649&CODE_STATE=getMsg HTTP/1.1" 200 27
116.238.139.35 - - [13/Nov/2022:08:54:10 +0800] "GET /xingrg/kc/buy/cgsh_order_operate.html?command=get_materiel&rest_code=00150&code=00101008096&supplier_code=00100008&order_time=2022-11-13 HTTP/1.1" 200 412
116.238.139.35 - - [13/Nov/2022:08:54:10 +0800] "GET /xingrg/all/function/internal_message.html?_=1668300771463&CODE_STATE=getMsg HTTP/1.1" 200 27
114.95.46.117 - - [13/Nov/2022:08:54:14 +0800] "GET /xingrg/all/function/internal_message.html?_=1668300707519&CODE_STATE=getMsg HTTP/1.1" 200 27
114.84.81.136 - - [13/Nov/2022:08:54:16 +0800] "GET /xingrg/all/function/internal_message.html?_=1668300860154&CODE_STATE=getMsg HTTP/1.1" 200 27
114.95.46.117 - - [13/Nov/2022:08:54:26 +0800] "GET /xingrg/all/function/internal_message.html?_=1668300871103&CODE_STATE=getMsg HTTP/1.1" 200 27
116.238.139.35 - - [13/Nov/2022:08:54:26 +0800] "POST /xingrg/kc/buy/cgsh_order_operate.html HTTP/1.1" 200 37
116.230.105.139 - - [13/Nov/2022:08:54:27 +0800] "GET /xingrg/all/function/internal_message.html?_=1668300856736&CODE_STATE=getMsg HTTP/1.1" 200 27
116.238.139.35 - - [13/Nov/2022:08:54:27 +0800] "POST /xingrg/kc/buy/cgsh_order_operate.html HTTP/1.1" 200 23976
180.158.7.178 - - [13/Nov/2022:08:54:35 +0800] "GET /xingrg/all/function/internal_message.html?_=1668300878838&CODE_STATE=getMsg HTTP/1.1" 200 27
114.88.159.190 - - [13/Nov/2022:08:54:47 +0800] "GET /xingrg/check_reg.html?_=1668300504325 HTTP/1.1" 200 22
222.70.183.206 - - [13/Nov/2022:08:54:47 +0800] "GET /xingrg/all/function/internal_message.html?_=1668300890254&CODE_STATE=getMsg HTTP/1.1" 200 27
222.70.183.206 - - [13/Nov/2022:08:54:48 +0800] "GET /xingrg/check_reg.html?_=1668300890645 HTTP/1.1" 200 22
116.238.139.35 - - [13/Nov/2022:08:54:48 +0800] "GET /xingrg/all/function/internal_message.html?_=1668300892434&CODE_STATE=getMsg HTTP/1.1" 200 27
222.70.183.206 - - [13/Nov/2022:08:54:57 +0800] "POST /xingrg/services/DataTransmitService HTTP/1.1" 200 524
218.81.217.29 - - [13/Nov/2022:08:54:58 +0800] "POST /xingrg/kc/buy/cgsh_order_operate.html HTTP/1.1" 200 37
116.238.139.35 - - [13/Nov/2022:08:54:58 +0800] "POST /xingrg/kc/buy/cgsh_order_operate.html HTTP/1.1" 200 37
114.95.46.117 - - [13/Nov/2022:08:54:58 +0800] "GET /xingrg/kc/buy/cgsh_order_operate.html?command=get_materiel&rest_code=00105&code=00101007024&supplier_code=00100002&order_time=2022-11-13 HTTP/1.1" 200 23
116.238.139.35 - - [13/Nov/2022:08:54:59 +0800] "POST /xingrg/kc/buy/cgsh_order_operate.html HTTP/1.1" 200 23976
218.81.217.29 - - [13/Nov/2022:08:55:01 +0800] "POST /xingrg/kc/buy/cgsh_order_operate.html HTTP/1.1" 200 36333
114.84.81.136 - - [13/Nov/2022:08:55:03 +0800] "GET /xingrg/check_reg.html?_=1668300907409 HTTP/1.1" 200 22
114.95.46.117 - - [13/Nov/2022:08:55:05 +0800] "POST /xingrg/kc/buy/cgsh_order_operate.html HTTP/1.1" 200 37
114.95.46.117 - - [13/Nov/2022:08:55:07 +0800] "POST /xingrg/kc/buy/cgsh_order_operate.html HTTP/1.1" 200 3834
114.95.46.117 - - [13/Nov/2022:08:55:08 +0800] "GET /xingrg/javascript/jquery_easy_ui/themes/default/images/tabs_active.png HTTP/1.1" 304 -
218.81.217.29 - - [13/Nov/2022:08:55:08 +0800] "GET /xingrg/all/function/internal_message.html?_=1668300937522&CODE_STATE=getMsg HTTP/1.1" 200 27
101.229.170.33 - - [13/Nov/2022:08:55:09 +0800] "GET /xingrg/all/function/internal_message.html?_=1668300913650&CODE_STATE=getMsg HTTP/1.1" 200 27
116.238.139.35 - - [13/Nov/2022:08:55:10 +0800] "GET /xingrg/all/function/internal_message.html?_=1668300831482&CODE_STATE=getMsg HTTP/1.1" 200 27
114.95.46.117 - - [13/Nov/2022:08:55:11 +0800] "GET /xingrg/index.html?sysBaseUrl=http%3A%2F%2F180.169.147.146%3A18081%2Fxingrg%2F&costTime=36×tamp=1585222720700 HTTP/1.1" 200 17173
114.95.46.117 - - [13/Nov/2022:08:55:11 +0800] "POST /xingrg/all/common/load_tree.html?tree=area_rest_tree_json&manage=1 HTTP/1.1" 200 3493
114.95.46.117 - - [13/Nov/2022:08:55:11 +0800] "GET /xingrg/all/function/internal_message.html?_=1668300916543&CODE_STATE=count HTTP/1.1" 200 11
114.95.46.117 - - [13/Nov/2022:08:55:11 +0800] "GET /favicon.ico HTTP/1.1" 404 -
114.95.46.117 - - [13/Nov/2022:08:55:11 +0800] "GET /xingrg/check_reg.html?_=1668300916543 HTTP/1.1" 200 22
114.95.46.117 - - [13/Nov/2022:08:55:11 +0800] "POST /xingrg/load_menu.html HTTP/1.1" 200 5138
218.81.217.29 - - [13/Nov/2022:08:55:12 +0800] "GET /xingrg/kc/print/load_config.html?kc_code=cgsh HTTP/1.1" 200 1943
218.81.217.29 - - [13/Nov/2022:08:55:13 +0800] "GET /xingrg/kc/print/load_data.html?order_code=212022111304133&kc_code=cgsh&condition= HTTP/1.1" 200 13427
114.95.46.117 - - [13/Nov/2022:08:55:14 +0800] "GET /xingrg/all/function/internal_message.html?_=1668300767496&CODE_STATE=getMsg HTTP/1.1" 200 27
114.95.46.117 - - [13/Nov/2022:08:55:14 +0800] "GET /xingrg/kc/buy/cgsh_order_list.html HTTP/1.1" 200 53527
114.84.81.136 - - [13/Nov/2022:08:55:16 +0800] "GET /xingrg/all/function/internal_message.html?_=1668300920127&CODE_STATE=getMsg HTTP/1.1" 200 27
114.95.46.117 - - [13/Nov/2022:08:55:16 +0800] "POST /xingrg/kc/buy/cgsh_list_operate.html HTTP/1.1" 200 2283
114.95.46.117 - - [13/Nov/2022:08:55:18 +0800] "POST /xingrg/kc/buy/cgsh_list_operate.html HTTP/1.1" 200 201
114.95.46.117 - - [13/Nov/2022:08:55:20 +0800] "POST /xingrg/kc/buy/cgsh_list_operate.html HTTP/1.1" 200 347
114.95.46.117 - - [13/Nov/2022:08:55:20 +0800] "GET /xingrg/kc/buy/cgsh_order_info.html?code=212022111304136 HTTP/1.1" 200 69399
114.95.46.117 - - [13/Nov/2022:08:55:21 +0800] "GET /xingrg/all/common/auto_word.html?type=employee&rest_code=00105 HTTP/1.1" 200 193
114.95.46.117 - - [13/Nov/2022:08:55:21 +0800] "GET /xingrg/all/common/auto_word.html?type=employee&rest_code=00105 HTTP/1.1" 200 193
114.95.46.117 - - [13/Nov/2022:08:55:21 +0800] "GET /xingrg/javascript/easyui/themes/default/validatebox.css HTTP/1.1" 404 1104
114.95.46.117 - - [13/Nov/2022:08:55:21 +0800] "POST /xingrg/kc/buy/cgsh_order_operate.html HTTP/1.1" 200 3834
114.95.46.117 - - [13/Nov/2022:08:55:24 +0800] "GET /xingrg/javascript/auto/indicator.gif HTTP/1.1" 404 1066
116.230.105.139 - - [13/Nov/2022:08:55:27 +0800] "GET /xingrg/all/function/internal_message.html?_=1668300916725&CODE_STATE=getMsg HTTP/1.1" 200 27
114.95.46.117 - - [13/Nov/2022:08:55:34 +0800] "GET /xingrg/kc/buy/cgsh_order_operate.html?command=get_materiel&rest_code=00105&code=00101007024&supplier_code=00100002&order_time=2022-11-13 HTTP/1.1" 200 415
180.158.7.178 - - [13/Nov/2022:08:55:35 +0800] "GET /xingrg/all/function/internal_message.html?_=1668300938833&CODE_STATE=getMsg HTTP/1.1" 200 27
180.158.7.178 - - [13/Nov/2022:08:55:35 +0800] "GET /xingrg/check_reg.html?_=1668300938837 HTTP/1.1" 200 22
222.70.183.206 - - [13/Nov/2022:08:55:47 +0800] "GET /xingrg/all/function/internal_message.html?_=1668300950238&CODE_STATE=getMsg HTTP/1.1" 200 27
116.238.139.35 - - [13/Nov/2022:08:55:48 +0800] "GET /xingrg/all/function/internal_message.html?_=1668300952424&CODE_STATE=getMsg HTTP/1.1" 200 27
114.95.46.117 - - [13/Nov/2022:08:55:51 +0800] "GET /xingrg/kc/buy/cgsh_order_operate.html?command=get_materiel&rest_code=00105&code=00101007049&supplier_code=00100002&order_time=2022-11-13 HTTP/1.1" 200 409
116.238.139.35 - - [13/Nov/2022:08:55:58 +0800] "GET /xingrg/check_reg.html?_=1668300879883 HTTP/1.1" 200 22
114.95.46.117 - - [13/Nov/2022:08:56:01 +0800] "POST /xingrg/kc/buy/cgsh_order_operate.html HTTP/1.1" 200 37
114.95.46.117 - - [13/Nov/2022:08:56:02 +0800] "POST /xingrg/kc/buy/cgsh_order_operate.html HTTP/1.1" 200 5018
180.162.229.95 - - [13/Nov/2022:08:56:03 +0800] "GET /xingrg/check_reg.html?_=1668300966887 HTTP/1.1" 302 -
114.95.46.117 - - [13/Nov/2022:08:56:03 +0800] "GET /xingrg/kc/print/load_config.html?kc_code=cgsh HTTP/1.1" 200 1943
114.95.46.117 - - [13/Nov/2022:08:56:03 +0800] "GET /xingrg/kc/print/load_data.html?order_code=212022111304136&kc_code=cgsh&condition= HTTP/1.1" 200 1645
218.81.217.29 - - [13/Nov/2022:08:56:08 +0800] "GET /xingrg/all/function/internal_message.html?_=1668300997673&CODE_STATE=getMsg HTTP/1.1" 200 27
101.229.170.33 - - [13/Nov/2022:08:56:09 +0800] "GET /xingrg/all/function/internal_message.html?_=1668300973651&CODE_STATE=getMsg HTTP/1.1" 200 27
116.238.139.35 - - [13/Nov/2022:08:56:10 +0800] "GET /xingrg/all/function/internal_message.html?_=1668300891490&CODE_STATE=getMsg HTTP/1.1" 200 27
114.95.46.117 - - [13/Nov/2022:08:56:11 +0800] "GET /xingrg/all/function/internal_message.html?_=1668300976557&CODE_STATE=getMsg HTTP/1.1" 200 27
114.95.46.117 - - [13/Nov/2022:08:56:14 +0800] "GET /xingrg/all/function/internal_message.html?_=1668300827507&CODE_STATE=getMsg HTTP/1.1" 200 27
114.84.81.136 - - [13/Nov/2022:08:56:16 +0800] "GET /xingrg/all/function/internal_message.html?_=1668300980111&CODE_STATE=getMsg HTTP/1.1" 200 27
116.230.105.139 - - [13/Nov/2022:08:56:27 +0800] "GET /xingrg/check_reg.html?_=1668300976717 HTTP/1.1" 200 22
116.230.105.139 - - [13/Nov/2022:08:56:27 +0800] "GET /xingrg/all/function/internal_message.html?_=1668300976719&CODE_STATE=getMsg HTTP/1.1" 200 27
180.158.7.178 - - [13/Nov/2022:08:56:35 +0800] "GET /xingrg/all/function/internal_message.html?_=1668300998831&CODE_STATE=getMsg HTTP/1.1" 200 27
222.70.183.206 - - [13/Nov/2022:08:56:47 +0800] "GET /xingrg/all/function/internal_message.html?_=1668301010221&CODE_STATE=getMsg HTTP/1.1" 200 27
116.238.139.35 - - [13/Nov/2022:08:56:48 +0800] "GET /xingrg/all/function/internal_message.html?_=1668301012394&CODE_STATE=getMsg HTTP/1.1" 200 27
218.81.217.29 - - [13/Nov/2022:08:57:08 +0800] "GET /xingrg/all/function/internal_message.html?_=1668301057674&CODE_STATE=getMsg HTTP/1.1" 200 27
101.229.170.33 - - [13/Nov/2022:08:57:09 +0800] "GET /xingrg/all/function/internal_message.html?_=1668301033664&CODE_STATE=getMsg HTTP/1.1" 200 27
116.238.139.35 - - [13/Nov/2022:08:57:10 +0800] "GET /xingrg/all/function/internal_message.html?_=1668300951503&CODE_STATE=getMsg HTTP/1.1" 200 27
114.95.46.117 - - [13/Nov/2022:08:57:11 +0800] "GET /xingrg/all/function/internal_message.html?_=1668301036551&CODE_STATE=getMsg HTTP/1.1" 200 27
114.95.46.117 - - [13/Nov/2022:08:57:14 +0800] "GET /xingrg/all/function/internal_message.html?_=1668300887494&CODE_STATE=getMsg HTTP/1.1" 200 27
114.84.81.136 - - [13/Nov/2022:08:57:16 +0800] "GET /xingrg/all/function/internal_message.html?_=1668301040096&CODE_STATE=getMsg HTTP/1.1" 200 27
116.230.105.139 - - [13/Nov/2022:08:57:27 +0800] "GET /xingrg/all/function/internal_message.html?_=1668301036724&CODE_STATE=getMsg HTTP/1.1" 200 27
114.95.46.117 - - [13/Nov/2022:08:57:33 +0800] "GET /xingrg/kc/buy/cgsh_order_add.html HTTP/1.1" 200 69390
114.95.46.117 - - [13/Nov/2022:08:57:34 +0800] "POST /xingrg/kc/buy/cgsh_order_operate.html HTTP/1.1" 200 8245
114.95.46.117 - - [13/Nov/2022:08:57:34 +0800] "GET /xingrg/javascript/easyui/themes/default/validatebox.css HTTP/1.1" 404 1104
180.158.7.178 - - [13/Nov/2022:08:57:35 +0800] "GET /xingrg/all/function/internal_message.html?_=1668301058829&CODE_STATE=getMsg HTTP/1.1" 200 27
218.81.217.29 - - [13/Nov/2022:08:57:37 +0800] "GET /xingrg/check_reg.html?_=1668301086456 HTTP/1.1" 200 22
218.81.217.29 - - [13/Nov/2022:08:57:38 +0800] "GET /xingrg/kc/buy/cgsh_order_add.html HTTP/1.1" 200 69308
218.81.217.29 - - [13/Nov/2022:08:57:38 +0800] "POST /xingrg/kc/buy/cgsh_order_operate.html HTTP/1.1" 200 8245
218.81.217.29 - - [13/Nov/2022:08:57:38 +0800] "GET /xingrg/javascript/easyui/themes/default/validatebox.css HTTP/1.1" 404 1104
222.70.183.206 - - [13/Nov/2022:08:57:47 +0800] "GET /xingrg/all/function/internal_message.html?_=1668301070205&CODE_STATE=getMsg HTTP/1.1" 200 27
116.238.139.35 - - [13/Nov/2022:08:57:48 +0800] "GET /xingrg/check_reg.html?_=1668301072397 HTTP/1.1" 200 22
116.238.139.35 - - [13/Nov/2022:08:57:48 +0800] "GET /xingrg/all/function/internal_message.html?_=1668301072401&CODE_STATE=getMsg HTTP/1.1" 200 27
114.95.46.117 - - [13/Nov/2022:08:57:51 +0800] "GET /xingrg/kc/buy/cgsh_order_operate.html?command=get_materiel&rest_code=00105&code=00101008275&supplier_code=00100203&order_time=2022-11-13 HTTP/1.1" 200 416
114.95.46.117 - - [13/Nov/2022:08:58:06 +0800] "GET /xingrg/kc/buy/cgsh_order_operate.html?command=get_materiel&rest_code=00105&code=00101008286&supplier_code=00100203&order_time=2022-11-13 HTTP/1.1" 200 408
218.81.217.29 - - [13/Nov/2022:08:58:08 +0800] "GET /xingrg/all/function/internal_message.html?_=1668301117687&CODE_STATE=getMsg HTTP/1.1" 200 27
101.229.170.33 - - [13/Nov/2022:08:58:09 +0800] "GET /xingrg/all/function/internal_message.html?_=1668301093649&CODE_STATE=getMsg HTTP/1.1" 200 27
101.229.170.33 - - [13/Nov/2022:08:58:09 +0800] "GET /xingrg/check_reg.html?_=1668301093653 HTTP/1.1" 200 22
116.238.139.35 - - [13/Nov/2022:08:58:10 +0800] "GET /xingrg/all/function/internal_message.html?_=1668301011522&CODE_STATE=getMsg HTTP/1.1" 200 27
114.95.46.117 - - [13/Nov/2022:08:58:11 +0800] "GET /xingrg/all/function/internal_message.html?_=1668301096636&CODE_STATE=getMsg HTTP/1.1" 200 27
114.95.46.117 - - [13/Nov/2022:08:58:14 +0800] "GET /xingrg/check_reg.html?_=1668300947495 HTTP/1.1" 200 22
114.95.46.117 - - [13/Nov/2022:08:58:14 +0800] "GET /xingrg/all/function/internal_message.html?_=1668300947499&CODE_STATE=getMsg HTTP/1.1" 200 27
114.95.46.117 - - [13/Nov/2022:08:58:15 +0800] "GET /xingrg/kc/buy/cgsh_order_operate.html?command=get_materiel&rest_code=00105&code=00101008036&supplier_code=00100203&order_time=2022-11-13 HTTP/1.1" 200 408
114.84.81.136 - - [13/Nov/2022:08:58:16 +0800] "GET /xingrg/all/function/internal_message.html?_=1668301100081&CODE_STATE=getMsg HTTP/1.1" 200 27
114.95.46.117 - - [13/Nov/2022:08:58:27 +0800] "GET /xingrg/kc/buy/cgsh_order_operate.html?command=get_materiel&rest_code=00105&code=00101008230&supplier_code=00100203&order_time=2022-11-13 HTTP/1.1" 200 408
116.230.105.139 - - [13/Nov/2022:08:58:27 +0800] "GET /xingrg/all/function/internal_message.html?_=1668301096726&CODE_STATE=getMsg HTTP/1.1" 200 27
180.158.7.178 - - [13/Nov/2022:08:58:35 +0800] "GET /xingrg/all/function/internal_message.html?_=1668301118834&CODE_STATE=getMsg HTTP/1.1" 200 27
114.95.46.117 - - [13/Nov/2022:08:58:39 +0800] "GET /xingrg/kc/buy/cgsh_order_operate.html?command=get_materiel&rest_code=00105&code=00101008312&supplier_code=00100203&order_time=2022-11-13 HTTP/1.1" 200 412
222.70.183.206 - - [13/Nov/2022:08:58:47 +0800] "GET /xingrg/all/function/internal_message.html?_=1668301130188&CODE_STATE=getMsg HTTP/1.1" 200 27
116.238.139.35 - - [13/Nov/2022:08:58:48 +0800] "GET /xingrg/all/function/internal_message.html?_=1668301132385&CODE_STATE=getMsg HTTP/1.1" 200 27
218.81.217.29 - - [13/Nov/2022:08:59:08 +0800] "GET /xingrg/all/function/internal_message.html?_=1668301177703&CODE_STATE=getMsg HTTP/1.1" 200 27
101.229.170.33 - - [13/Nov/2022:08:59:09 +0800] "GET /xingrg/all/function/internal_message.html?_=1668301153654&CODE_STATE=getMsg HTTP/1.1" 200 27
116.238.139.35 - - [13/Nov/2022:08:59:10 +0800] "GET /xingrg/all/function/internal_message.html?_=1668301071530&CODE_STATE=getMsg HTTP/1.1" 200 27
114.95.46.117 - - [13/Nov/2022:08:59:11 +0800] "GET /xingrg/all/function/internal_message.html?_=1668301156661&CODE_STATE=getMsg HTTP/1.1" 200 27
114.95.46.117 - - [13/Nov/2022:08:59:14 +0800] "GET /xingrg/all/function/internal_message.html?_=1668301007504&CODE_STATE=getMsg HTTP/1.1" 200 27
114.84.81.136 - - [13/Nov/2022:08:59:16 +0800] "GET /xingrg/all/function/internal_message.html?_=1668301160066&CODE_STATE=getMsg HTTP/1.1" 200 27
116.230.105.139 - - [13/Nov/2022:08:59:27 +0800] "GET /xingrg/all/function/internal_message.html?_=1668301156734&CODE_STATE=getMsg HTTP/1.1" 200 27
180.158.7.178 - - [13/Nov/2022:08:59:35 +0800] "GET /xingrg/all/function/internal_message.html?_=1668301178824&CODE_STATE=getMsg HTTP/1.1" 200 27
114.88.159.190 - - [13/Nov/2022:08:59:47 +0800] "GET /xingrg/check_reg.html?_=1668300804331 HTTP/1.1" 200 22
222.70.183.206 - - [13/Nov/2022:08:59:47 +0800] "GET /xingrg/all/function/internal_message.html?_=1668301190172&CODE_STATE=getMsg HTTP/1.1" 200 27
222.70.183.206 - - [13/Nov/2022:08:59:48 +0800] "GET /xingrg/check_reg.html?_=1668301190642 HTTP/1.1" 200 22
116.238.139.35 - - [13/Nov/2022:08:59:48 +0800] "GET /xingrg/all/function/internal_message.html?_=1668301192387&CODE_STATE=getMsg HTTP/1.1" 200 27
114.84.81.136 - - [13/Nov/2022:09:00:03 +0800] "GET /xingrg/check_reg.html?_=1668301207382 HTTP/1.1" 200 22
218.81.217.29 - - [13/Nov/2022:09:00:08 +0800] "GET /xingrg/all/function/internal_message.html?_=1668301237716&CODE_STATE=getMsg HTTP/1.1" 200 27
101.229.170.33 - - [13/Nov/2022:09:00:09 +0800] "GET /xingrg/all/function/internal_message.html?_=1668301213654&CODE_STATE=getMsg HTTP/1.1" 200 27
116.238.139.35 - - [13/Nov/2022:09:00:10 +0800] "GET /xingrg/all/function/internal_message.html?_=1668301131551&CODE_STATE=getMsg HTTP/1.1" 200 27
114.95.46.117 - - [13/Nov/2022:09:00:11 +0800] "GET /xingrg/check_reg.html?_=1668301216550 HTTP/1.1" 200 22
114.95.46.117 - - [13/Nov/2022:09:00:11 +0800] "GET /xingrg/all/function/internal_message.html?_=1668301216598&CODE_STATE=getMsg HTTP/1.1" 200 27
114.95.46.117 - - [13/Nov/2022:09:00:14 +0800] "GET /xingrg/all/function/internal_message.html?_=1668301067492&CODE_STATE=getMsg HTTP/1.1" 200 27
114.84.81.136 - - [13/Nov/2022:09:00:16 +0800] "GET /xingrg/all/function/internal_message.html?_=1668301220037&CODE_STATE=getMsg HTTP/1.1" 200 27
116.230.105.139 - - [13/Nov/2022:09:00:27 +0800] "GET /xingrg/all/function/internal_message.html?_=1668301216725&CODE_STATE=getMsg HTTP/1.1" 200 27
180.158.7.178 - - [13/Nov/2022:09:00:35 +0800] "GET /xingrg/all/function/internal_message.html?_=1668301238829&CODE_STATE=getMsg HTTP/1.1" 200 27
180.158.7.178 - - [13/Nov/2022:09:00:35 +0800] "GET /xingrg/check_reg.html?_=1668301238833 HTTP/1.1" 200 22
222.70.183.206 - - [13/Nov/2022:09:00:47 +0800] "GET /xingrg/all/function/internal_message.html?_=1668301250157&CODE_STATE=getMsg HTTP/1.1" 200 27
116.238.139.35 - - [13/Nov/2022:09:00:48 +0800] "GET /xingrg/all/function/internal_message.html?_=1668301252394&CODE_STATE=getMsg HTTP/1.1" 200 27
116.238.139.35 - - [13/Nov/2022:09:00:58 +0800] "GET /xingrg/check_reg.html?_=1668301179893 HTTP/1.1" 200 22
180.162.229.95 - - [13/Nov/2022:09:01:03 +0800] "GET /xingrg/check_reg.html?_=1668301266865 HTTP/1.1" 302 -
218.81.217.29 - - [13/Nov/2022:09:01:08 +0800] "GET /xingrg/all/function/internal_message.html?_=1668301297910&CODE_STATE=getMsg HTTP/1.1" 200 27
101.229.170.33 - - [13/Nov/2022:09:01:09 +0800] "GET /xingrg/all/function/internal_message.html?_=1668301273663&CODE_STATE=getMsg HTTP/1.1" 200 27
116.238.139.35 - - [13/Nov/2022:09:01:10 +0800] "GET /xingrg/all/function/internal_message.html?_=1668301191558&CODE_STATE=getMsg HTTP/1.1" 200 27
114.95.46.117 - - [13/Nov/2022:09:01:11 +0800] "GET /xingrg/all/function/internal_message.html?_=1668301276579&CODE_STATE=getMsg HTTP/1.1" 200 27
114.95.46.117 - - [13/Nov/2022:09:01:14 +0800] "GET /xingrg/all/function/internal_message.html?_=1668301127501&CODE_STATE=getMsg HTTP/1.1" 200 27
114.84.81.136 - - [13/Nov/2022:09:01:16 +0800] "GET /xingrg/all/function/internal_message.html?_=1668301280022&CODE_STATE=getMsg HTTP/1.1" 200 27
116.230.105.139 - - [13/Nov/2022:09:01:27 +0800] "GET /xingrg/check_reg.html?_=1668301276729 HTTP/1.1" 200 22
116.230.105.139 - - [13/Nov/2022:09:01:27 +0800] "GET /xingrg/all/function/internal_message.html?_=1668301276731&CODE_STATE=getMsg HTTP/1.1" 200 27
180.158.7.178 - - [13/Nov/2022:09:01:35 +0800] "GET /xingrg/all/function/internal_message.html?_=1668301298826&CODE_STATE=getMsg HTTP/1.1" 200 27
222.70.183.206 - - [13/Nov/2022:09:01:47 +0800] "GET /xingrg/all/function/internal_message.html?_=1668301310140&CODE_STATE=getMsg HTTP/1.1" 200 27
116.238.139.35 - - [13/Nov/2022:09:01:48 +0800] "GET /xingrg/all/function/internal_message.html?_=1668301312393&CODE_STATE=getMsg HTTP/1.1" 200 27
218.81.217.29 - - [13/Nov/2022:09:02:08 +0800] "GET /xingrg/all/function/internal_message.html?_=1668301357914&CODE_STATE=getMsg HTTP/1.1" 200 27
101.229.170.33 - - [13/Nov/2022:09:02:09 +0800] "GET /xingrg/all/function/internal_message.html?_=1668301333666&CODE_STATE=getMsg HTTP/1.1" 200 27
116.238.139.35 - - [13/Nov/2022:09:02:10 +0800] "GET /xingrg/all/function/internal_message.html?_=1668301251571&CODE_STATE=getMsg HTTP/1.1" 200 27
114.95.46.117 - - [13/Nov/2022:09:02:11 +0800] "GET /xingrg/all/function/internal_message.html?_=1668301336559&CODE_STATE=getMsg HTTP/1.1" 200 27
114.95.46.117 - - [13/Nov/2022:09:02:14 +0800] "GET /xingrg/all/function/internal_message.html?_=1668301187489&CODE_STATE=getMsg HTTP/1.1" 200 27
114.84.81.136 - - [13/Nov/2022:09:02:16 +0800] "GET /xingrg/all/function/internal_message.html?_=1668301340006&CODE_STATE=getMsg HTTP/1.1" 200 27
116.230.105.139 - - [13/Nov/2022:09:02:27 +0800] "GET /xingrg/all/function/internal_message.html?_=1668301336716&CODE_STATE=getMsg HTTP/1.1" 200 27
180.158.7.178 - - [13/Nov/2022:09:02:35 +0800] "GET /xingrg/all/function/internal_message.html?_=1668301358834&CODE_STATE=getMsg HTTP/1.1" 200 27
218.81.217.29 - - [13/Nov/2022:09:02:37 +0800] "GET /xingrg/check_reg.html?_=1668301386629 HTTP/1.1" 200 22
222.70.183.206 - - [13/Nov/2022:09:02:47 +0800] "GET /xingrg/all/function/internal_message.html?_=1668301370123&CODE_STATE=getMsg HTTP/1.1" 200 27
116.238.139.35 - - [13/Nov/2022:09:02:48 +0800] "GET /xingrg/all/function/internal_message.html?_=1668301372398&CODE_STATE=getMsg HTTP/1.1" 200 27
116.238.139.35 - - [13/Nov/2022:09:02:48 +0800] "GET /xingrg/check_reg.html?_=1668301372402 HTTP/1.1" 200 22
218.81.217.29 - - [13/Nov/2022:09:02:59 +0800] "GET /xingrg/kc/buy/cgsh_order_operate.html?command=get_materiel&rest_code=00146&code=00101007061&supplier_code=00100002&order_time=2022-11-13 HTTP/1.1" 200 409
218.81.217.29 - - [13/Nov/2022:09:03:08 +0800] "GET /xingrg/all/function/internal_message.html?_=1668301417928&CODE_STATE=getMsg HTTP/1.1" 200 27
101.229.170.33 - - [13/Nov/2022:09:03:09 +0800] "GET /xingrg/check_reg.html?_=1668301393671 HTTP/1.1" 200 22
101.229.170.33 - - [13/Nov/2022:09:03:09 +0800] "GET /xingrg/all/function/internal_message.html?_=1668301393675&CODE_STATE=getMsg HTTP/1.1" 200 27
116.238.139.35 - - [13/Nov/2022:09:03:10 +0800] "GET /xingrg/all/function/internal_message.html?_=1668301311591&CODE_STATE=getMsg HTTP/1.1" 200 27
114.95.46.117 - - [13/Nov/2022:09:03:11 +0800] "GET /xingrg/all/function/internal_message.html?_=1668301396562&CODE_STATE=getMsg HTTP/1.1" 200 27
114.95.46.117 - - [13/Nov/2022:09:03:14 +0800] "GET /xingrg/all/function/internal_message.html?_=1668301247498&CODE_STATE=getMsg HTTP/1.1" 200 27
114.95.46.117 - - [13/Nov/2022:09:03:14 +0800] "GET /xingrg/check_reg.html?_=1668301247501 HTTP/1.1" 200 22
114.84.81.136 - - [13/Nov/2022:09:03:16 +0800] "GET /xingrg/all/function/internal_message.html?_=1668301399990&CODE_STATE=getMsg HTTP/1.1" 200 27
116.230.105.139 - - [13/Nov/2022:09:03:27 +0800] "GET /xingrg/all/function/internal_message.html?_=1668301396722&CODE_STATE=getMsg HTTP/1.1" 200 27
218.81.217.29 - - [13/Nov/2022:09:03:34 +0800] "GET /xingrg/kc/buy/cgsh_order_operate.html?command=get_materiel&rest_code=00146&code=00101007049&supplier_code=00100002&order_time=2022-11-13 HTTP/1.1" 200 409
180.158.7.178 - - [13/Nov/2022:09:03:35 +0800] "GET /xingrg/all/function/internal_message.html?_=1668301418829&CODE_STATE=getMsg HTTP/1.1" 200 27
222.70.183.206 - - [13/Nov/2022:09:03:47 +0800] "GET /xingrg/all/function/internal_message.html?_=1668301430106&CODE_STATE=getMsg HTTP/1.1" 200 27
116.238.139.35 - - [13/Nov/2022:09:03:48 +0800] "GET /xingrg/all/function/internal_message.html?_=1668301432404&CODE_STATE=getMsg HTTP/1.1" 200 27
218.81.217.29 - - [13/Nov/2022:09:03:57 +0800] "GET /xingrg/kc/buy/cgsh_order_operate.html?command=get_materiel&rest_code=00146&code=00101007076&supplier_code=00100002&order_time=2022-11-13 HTTP/1.1" 200 408
218.81.217.29 - - [13/Nov/2022:09:04:08 +0800] "GET /xingrg/all/function/internal_message.html?_=1668301477942&CODE_STATE=getMsg HTTP/1.1" 200 27
101.229.170.33 - - [13/Nov/2022:09:04:09 +0800] "GET /xingrg/all/function/internal_message.html?_=1668301453667&CODE_STATE=getMsg HTTP/1.1" 200 27
116.238.139.35 - - [13/Nov/2022:09:04:10 +0800] "GET /xingrg/all/function/internal_message.html?_=1668301371598&CODE_STATE=getMsg HTTP/1.1" 200 27
114.95.46.117 - - [13/Nov/2022:09:04:11 +0800] "GET /xingrg/all/function/internal_message.html?_=1668301456553&CODE_STATE=getMsg HTTP/1.1" 200 27
114.95.46.117 - - [13/Nov/2022:09:04:14 +0800] "GET /xingrg/all/function/internal_message.html?_=1668301307487&CODE_STATE=getMsg HTTP/1.1" 200 27
114.84.81.136 - - [13/Nov/2022:09:04:16 +0800] "GET /xingrg/all/function/internal_message.html?_=1668301459976&CODE_STATE=getMsg HTTP/1.1" 200 27
116.230.105.139 - - [13/Nov/2022:09:04:27 +0800] "GET /xingrg/all/function/internal_message.html?_=1668301456730&CODE_STATE=getMsg HTTP/1.1" 200 27
180.158.7.178 - - [13/Nov/2022:09:04:35 +0800] "GET /xingrg/all/function/internal_message.html?_=1668301478847&CODE_STATE=getMsg HTTP/1.1" 200 27
218.81.217.29 - - [13/Nov/2022:09:04:45 +0800] "GET /xingrg/kc/buy/cgsh_order_operate.html?command=get_materiel&rest_code=00146&code=00101007032&supplier_code=00100002&order_time=2022-11-13 HTTP/1.1" 200 413
114.88.159.190 - - [13/Nov/2022:09:04:47 +0800] "GET /xingrg/check_reg.html?_=1668301104304 HTTP/1.1" 200 22
222.70.183.206 - - [13/Nov/2022:09:04:47 +0800] "GET /xingrg/all/function/internal_message.html?_=1668301490090&CODE_STATE=getMsg HTTP/1.1" 200 27
222.70.183.206 - - [13/Nov/2022:09:04:48 +0800] "GET /xingrg/check_reg.html?_=1668301490652 HTTP/1.1" 200 22
116.238.139.35 - - [13/Nov/2022:09:04:48 +0800] "GET /xingrg/all/function/internal_message.html?_=1668301492405&CODE_STATE=getMsg HTTP/1.1" 200 27
180.169.147.146 - - [13/Nov/2022:09:04:48 +0800] "GET /favicon.ico HTTP/1.1" 404 -
218.81.217.29 - - [13/Nov/2022:09:05:01 +0800] "POST /xingrg/kc/buy/cgsh_order_operate.html HTTP/1.1" 200 37
114.84.81.136 - - [13/Nov/2022:09:05:03 +0800] "GET /xingrg/check_reg.html?_=1668301507355 HTTP/1.1" 200 22
218.81.217.29 - - [13/Nov/2022:09:05:03 +0800] "POST /xingrg/kc/buy/cgsh_order_operate.html HTTP/1.1" 200 4423
218.81.217.29 - - [13/Nov/2022:09:05:05 +0800] "GET /xingrg/kc/print/load_data.html?order_code=212022111304137&kc_code=cgsh&condition= HTTP/1.1" 200 1417
218.81.217.29 - - [13/Nov/2022:09:05:08 +0800] "GET /xingrg/all/function/internal_message.html?_=1668301537954&CODE_STATE=getMsg HTTP/1.1" 200 27
101.229.170.33 - - [13/Nov/2022:09:05:09 +0800] "GET /xingrg/all/function/internal_message.html?_=1668301513656&CODE_STATE=getMsg HTTP/1.1" 200 27
116.238.139.35 - - [13/Nov/2022:09:05:10 +0800] "GET /xingrg/all/function/internal_message.html?_=1668301431616&CODE_STATE=getMsg HTTP/1.1" 200 27
114.95.46.117 - - [13/Nov/2022:09:05:11 +0800] "GET /xingrg/check_reg.html?_=1668301516554 HTTP/1.1" 200 22
114.95.46.117 - - [13/Nov/2022:09:05:11 +0800] "GET /xingrg/all/function/internal_message.html?_=1668301516557&CODE_STATE=getMsg HTTP/1.1" 200 27
114.95.46.117 - - [13/Nov/2022:09:05:14 +0800] "GET /xingrg/all/function/internal_message.html?_=1668301367495&CODE_STATE=getMsg HTTP/1.1" 200 27
114.84.81.136 - - [13/Nov/2022:09:05:16 +0800] "GET /xingrg/all/function/internal_message.html?_=1668301519946&CODE_STATE=getMsg HTTP/1.1" 200 27
116.230.105.139 - - [13/Nov/2022:09:05:27 +0800] "GET /xingrg/all/function/internal_message.html?_=1668301516727&CODE_STATE=getMsg HTTP/1.1" 200 27
180.158.7.178 - - [13/Nov/2022:09:05:35 +0800] "GET /xingrg/check_reg.html?_=1668301538830 HTTP/1.1" 200 22
180.158.7.178 - - [13/Nov/2022:09:05:35 +0800] "GET /xingrg/all/function/internal_message.html?_=1668301538833&CODE_STATE=getMsg HTTP/1.1" 200 27
222.70.183.206 - - [13/Nov/2022:09:05:47 +0800] "GET /xingrg/all/function/internal_message.html?_=1668301550073&CODE_STATE=getMsg HTTP/1.1" 200 27
116.238.139.35 - - [13/Nov/2022:09:05:48 +0800] "GET /xingrg/all/function/internal_message.html?_=1668301552418&CODE_STATE=getMsg HTTP/1.1" 200 27
116.238.139.35 - - [13/Nov/2022:09:05:58 +0800] "GET /xingrg/check_reg.html?_=1668301479894 HTTP/1.1" 200 22
180.162.229.95 - - [13/Nov/2022:09:06:03 +0800] "GET /xingrg/check_reg.html?_=1668301566836 HTTP/1.1" 302 -
61.170.232.119 - - [13/Nov/2022:09:06:05 +0800] "GET /favicon.ico HTTP/1.1" 404 -
61.170.232.119 - - [13/Nov/2022:09:06:08 +0800] "GET /xingrg/login.html HTTP/1.1" 200 7641
61.170.232.119 - - [13/Nov/2022:09:06:09 +0800] "GET /favicon.ico HTTP/1.1" 404 -
218.81.217.29 - - [13/Nov/2022:09:06:09 +0800] "GET /xingrg/all/function/internal_message.html?_=1668301598140&CODE_STATE=getMsg HTTP/1.1" 200 27
61.170.232.119 - - [13/Nov/2022:09:06:09 +0800] "GET /favicon.ico HTTP/1.1" 404 -
101.229.170.33 - - [13/Nov/2022:09:06:09 +0800] "GET /xingrg/all/function/internal_message.html?_=1668301573662&CODE_STATE=getMsg HTTP/1.1" 200 27
116.238.139.35 - - [13/Nov/2022:09:06:10 +0800] "GET /xingrg/all/function/internal_message.html?_=1668301491626&CODE_STATE=getMsg HTTP/1.1" 200 27
114.95.46.117 - - [13/Nov/2022:09:06:11 +0800] "GET /xingrg/all/function/internal_message.html?_=1668301576551&CODE_STATE=getMsg HTTP/1.1" 200 27
61.170.232.119 - - [13/Nov/2022:09:06:13 +0800] "POST /xingrg/login.do HTTP/1.1" 302 -
61.170.232.119 - - [13/Nov/2022:09:06:13 +0800] "GET /xingrg/index.html?sysBaseUrl=http%3A%2F%2F180.169.147.146%3A18081%2Fxingrg%2F&costTime=45×tamp=1668301573355 HTTP/1.1" 200 17503
61.170.232.119 - - [13/Nov/2022:09:06:13 +0800] "GET /favicon.ico HTTP/1.1" 404 -
61.170.232.119 - - [13/Nov/2022:09:06:13 +0800] "POST /xingrg/all/common/load_tree.html?tree=area_rest_tree_json&manage=1 HTTP/1.1" 200 3493
61.170.232.119 - - [13/Nov/2022:09:06:13 +0800] "GET /xingrg/all/function/internal_message.html?_=1668301584467&CODE_STATE=count HTTP/1.1" 200 11
61.170.232.119 - - [13/Nov/2022:09:06:13 +0800] "GET /xingrg/check_reg.html?_=1668301584469 HTTP/1.1" 200 22
61.170.232.119 - - [13/Nov/2022:09:06:13 +0800] "POST /xingrg/load_menu.html HTTP/1.1" 200 11443
114.95.46.117 - - [13/Nov/2022:09:06:14 +0800] "GET /xingrg/all/function/internal_message.html?_=1668301427504&CODE_STATE=getMsg HTTP/1.1" 200 27
114.84.81.136 - - [13/Nov/2022:09:06:16 +0800] "GET /xingrg/all/function/internal_message.html?_=1668301579932&CODE_STATE=getMsg HTTP/1.1" 200 27
61.170.232.119 - - [13/Nov/2022:09:06:17 +0800] "POST /xingrg/all/user/operate.html HTTP/1.1" 200 36
61.170.232.119 - - [13/Nov/2022:09:06:17 +0800] "GET /xingrg/index.html?sysBaseUrl=http%3A%2F%2F180.169.147.146%3A18081%2Fxingrg%2F&costTime=45×tamp=1668301573355 HTTP/1.1" 200 17509
61.170.232.119 - - [13/Nov/2022:09:06:17 +0800] "GET /xingrg/javascript/jquery_easy_ui/themes/default/easyui.css HTTP/1.1" 304 -
61.170.232.119 - - [13/Nov/2022:09:06:17 +0800] "GET /xingrg/javascript/jquery_easy_ui/themes/icon.css HTTP/1.1" 304 -
61.170.232.119 - - [13/Nov/2022:09:06:17 +0800] "GET /xingrg/css/form.css HTTP/1.1" 304 -
61.170.232.119 - - [13/Nov/2022:09:06:17 +0800] "GET /xingrg/javascript/jquery-1.4.2.min.js HTTP/1.1" 304 -
61.170.232.119 - - [13/Nov/2022:09:06:17 +0800] "GET /xingrg/javascript/jquery_easy_ui/jquery.easyui.min.js HTTP/1.1" 304 -
61.170.232.119 - - [13/Nov/2022:09:06:17 +0800] "GET /xingrg/javascript/jquery_easy_ui/easyui-lang-zh_CN.js HTTP/1.1" 304 -
61.170.232.119 - - [13/Nov/2022:09:06:17 +0800] "GET /xingrg/javascript/jquery.form.js HTTP/1.1" 304 -
61.170.232.119 - - [13/Nov/2022:09:06:17 +0800] "GET /xingrg/javascript/jquery.utils.js HTTP/1.1" 304 -
61.170.232.119 - - [13/Nov/2022:09:06:17 +0800] "GET /xingrg/javascript/jquery.timers.js HTTP/1.1" 304 -
61.170.232.119 - - [13/Nov/2022:09:06:17 +0800] "GET /xingrg/images/blue/jxLogo.png HTTP/1.1" 304 -
61.170.232.119 - - [13/Nov/2022:09:06:17 +0800] "GET /xingrg/images/blue/navBackgound.jpg HTTP/1.1" 304 -
61.170.232.119 - - [13/Nov/2022:09:06:17 +0800] "GET /xingrg/javascript/jquery_easy_ui/themes/icons/settle_new.png HTTP/1.1" 304 -
61.170.232.119 - - [13/Nov/2022:09:06:17 +0800] "POST /xingrg/all/common/load_tree.html?tree=area_rest_tree_json&manage=1 HTTP/1.1" 200 3493
61.170.232.119 - - [13/Nov/2022:09:06:17 +0800] "GET /xingrg/all/function/internal_message.html?_=1668301588250&CODE_STATE=count HTTP/1.1" 200 11
