116.235.93.82 - - [09/Nov/2022:10:39:03 +0800] "GET /xingrg/all/function/internal_message.html?_=1667961763807&CODE_STATE=getMsg HTTP/1.1" 200 27
114.95.46.117 - - [09/Nov/2022:10:39:04 +0800] "GET /xingrg/all/function/internal_message.html?_=1667961400695&CODE_STATE=getMsg HTTP/1.1" 200 27
61.170.233.146 - - [09/Nov/2022:10:39:05 +0800] "GET /xingrg/check_reg.html?_=1667961550378 HTTP/1.1" 200 22
116.238.139.35 - - [09/Nov/2022:10:39:15 +0800] "GET /xingrg/all/function/internal_message.html?_=1667961562329&CODE_STATE=getMsg HTTP/1.1" 200 27
114.83.219.57 - - [09/Nov/2022:10:39:16 +0800] "GET /xingrg/all/function/internal_message.html?_=1667961678117&CODE_STATE=getMsg HTTP/1.1" 200 27
180.162.229.95 - - [09/Nov/2022:10:39:17 +0800] "GET /xingrg/kc/buy/cgsh_order_list.html HTTP/1.1" 200 53486
180.162.229.95 - - [09/Nov/2022:10:39:18 +0800] "GET /xingrg/all/function/internal_message.html?_=1667961563493&CODE_STATE=getMsg HTTP/1.1" 200 27
180.162.229.95 - - [09/Nov/2022:10:39:18 +0800] "GET /xingrg/check_reg.html?_=1667961563684 HTTP/1.1" 200 22
114.83.219.194 - - [09/Nov/2022:10:39:18 +0800] "GET /xingrg/all/function/internal_message.html?_=1667961563698&CODE_STATE=getMsg HTTP/1.1" 200 27
180.162.229.95 - - [09/Nov/2022:10:39:18 +0800] "POST /xingrg/kc/buy/cgsh_list_operate.html HTTP/1.1" 200 986
61.170.233.146 - - [09/Nov/2022:10:39:25 +0800] "GET /xingrg/kc/buy/cgsh_order_operate.html?command=get_materiel&rest_code=00106&code=00101008403&supplier_code=00100007&order_time=2022-11-09 HTTP/1.1" 200 412
180.169.147.146 - - [09/Nov/2022:10:39:26 +0800] "GET /xingrg/all/function/internal_message.html?_=1667961572800&CODE_STATE=getMsg HTTP/1.1" 200 27
116.238.139.35 - - [09/Nov/2022:10:39:30 +0800] "GET /xingrg/all/function/internal_message.html?_=1667961497992&CODE_STATE=getMsg HTTP/1.1" 200 27
58.221.95.50 - - [09/Nov/2022:10:39:31 +0800] "GET /xingrg/all/function/internal_message.html?_=1667961563102&CODE_STATE=getMsg HTTP/1.1" 200 27
180.162.229.95 - - [09/Nov/2022:10:39:33 +0800] "GET /xingrg/all/function/internal_message.html?_=1667961598025&CODE_STATE=getMsg HTTP/1.1" 200 27
61.170.233.146 - - [09/Nov/2022:10:39:34 +0800] "GET /xingrg/kc/buy/cgsh_order_operate.html?command=get_materiel&rest_code=00106&code=00101008283&supplier_code=00100007&order_time=2022-11-09 HTTP/1.1" 200 408
116.230.105.139 - - [09/Nov/2022:10:39:35 +0800] "GET /xingrg/all/function/internal_message.html?_=1667961574874&CODE_STATE=getMsg HTTP/1.1" 200 27
101.85.95.132 - - [09/Nov/2022:10:39:44 +0800] "GET /xingrg/all/function/internal_message.html?_=1667961588384&CODE_STATE=getMsg HTTP/1.1" 200 27
61.170.233.146 - - [09/Nov/2022:10:39:46 +0800] "GET /xingrg/kc/buy/cgsh_order_operate.html?command=get_materiel&rest_code=00106&code=00101013137&supplier_code=00100007&order_time=2022-11-09 HTTP/1.1" 200 412
58.40.7.146 - - [09/Nov/2022:10:39:48 +0800] "GET /xingrg/all/function/internal_message.html?_=1667961594207&CODE_STATE=getMsg HTTP/1.1" 200 27
114.88.159.190 - - [09/Nov/2022:10:39:56 +0800] "GET /xingrg/all/function/internal_message.html?_=1667961215195&CODE_STATE=getMsg HTTP/1.1" 200 27
114.88.159.190 - - [09/Nov/2022:10:39:56 +0800] "GET /xingrg/check_reg.html?_=1667961215197 HTTP/1.1" 200 22
61.170.233.146 - - [09/Nov/2022:10:39:56 +0800] "POST /xingrg/kc/buy/cgsh_order_operate.html HTTP/1.1" 200 37
180.163.29.206 - - [09/Nov/2022:10:40:02 +0800] "GET /xingrg/all/function/internal_message.html?_=1667961547974&CODE_STATE=getMsg HTTP/1.1" 302 -
180.163.29.206 - - [09/Nov/2022:10:40:02 +0800] "GET /xingrg/login.html HTTP/1.1" 200 7641
218.81.217.29 - - [09/Nov/2022:10:40:03 +0800] "GET /xingrg/all/function/internal_message.html?_=1667961619624&CODE_STATE=getMsg HTTP/1.1" 200 27
116.235.93.82 - - [09/Nov/2022:10:40:03 +0800] "GET /xingrg/all/function/internal_message.html?_=1667961823812&CODE_STATE=getMsg HTTP/1.1" 200 27
114.95.46.117 - - [09/Nov/2022:10:40:04 +0800] "GET /xingrg/all/function/internal_message.html?_=1667961460685&CODE_STATE=getMsg HTTP/1.1" 200 27
180.163.29.79 - - [09/Nov/2022:10:40:05 +0800] "GET /xingrg/check_reg.html?_=1667961550378 HTTP/1.1" 302 -
114.95.46.117 - - [09/Nov/2022:10:40:05 +0800] "GET /xingrg/check_reg.html?_=1667961461705 HTTP/1.1" 200 22
61.170.233.146 - - [09/Nov/2022:10:40:06 +0800] "POST /xingrg/kc/buy/cgsh_order_operate.html HTTP/1.1" 200 23952
180.163.29.79 - - [09/Nov/2022:10:40:08 +0800] "GET /xingrg/login.html HTTP/1.1" 200 7641
116.238.139.35 - - [09/Nov/2022:10:40:15 +0800] "GET /xingrg/check_reg.html?_=1667961622335 HTTP/1.1" 200 22
116.238.139.35 - - [09/Nov/2022:10:40:15 +0800] "GET /xingrg/all/function/internal_message.html?_=1667961622340&CODE_STATE=getMsg HTTP/1.1" 200 27
114.83.219.57 - - [09/Nov/2022:10:40:16 +0800] "GET /xingrg/all/function/internal_message.html?_=1667961738113&CODE_STATE=getMsg HTTP/1.1" 200 27
180.162.229.95 - - [09/Nov/2022:10:40:18 +0800] "GET /xingrg/all/function/internal_message.html?_=1667961623483&CODE_STATE=getMsg HTTP/1.1" 200 27
114.83.219.194 - - [09/Nov/2022:10:40:18 +0800] "GET /xingrg/all/function/internal_message.html?_=1667961623700&CODE_STATE=getMsg HTTP/1.1" 200 27
180.169.147.146 - - [09/Nov/2022:10:40:26 +0800] "GET /xingrg/all/function/internal_message.html?_=1667961632790&CODE_STATE=getMsg HTTP/1.1" 200 27
116.238.139.35 - - [09/Nov/2022:10:40:30 +0800] "GET /xingrg/all/function/internal_message.html?_=1667961558017&CODE_STATE=getMsg HTTP/1.1" 200 27
180.163.28.114 - - [09/Nov/2022:10:40:31 +0800] "GET /xingrg/kc/buy/cgsh_order_operate.html?command=get_materiel&rest_code=00106&code=00101008283&supplier_code=00100007&order_time=2022-11-09 HTTP/1.1" 302 -
180.163.28.114 - - [09/Nov/2022:10:40:31 +0800] "GET /xingrg/login.html HTTP/1.1" 200 7641
58.221.95.50 - - [09/Nov/2022:10:40:31 +0800] "GET /xingrg/all/function/internal_message.html?_=1667961623170&CODE_STATE=getMsg HTTP/1.1" 200 27
180.162.229.95 - - [09/Nov/2022:10:40:33 +0800] "GET /xingrg/all/function/internal_message.html?_=1667961658005&CODE_STATE=getMsg HTTP/1.1" 200 27
180.162.229.95 - - [09/Nov/2022:10:40:33 +0800] "GET /xingrg/check_reg.html?_=1667961658291 HTTP/1.1" 200 22
116.230.105.139 - - [09/Nov/2022:10:40:35 +0800] "GET /xingrg/all/function/internal_message.html?_=1667961634875&CODE_STATE=getMsg HTTP/1.1" 200 27
101.85.95.132 - - [09/Nov/2022:10:40:44 +0800] "GET /xingrg/check_reg.html?_=1667961648383 HTTP/1.1" 200 22
101.85.95.132 - - [09/Nov/2022:10:40:44 +0800] "GET /xingrg/all/function/internal_message.html?_=1667961648382&CODE_STATE=getMsg HTTP/1.1" 200 27
58.40.7.146 - - [09/Nov/2022:10:40:48 +0800] "GET /xingrg/all/function/internal_message.html?_=1667961654212&CODE_STATE=getMsg HTTP/1.1" 200 27
114.88.159.190 - - [09/Nov/2022:10:40:56 +0800] "GET /xingrg/all/function/internal_message.html?_=1667961275186&CODE_STATE=getMsg HTTP/1.1" 200 27
114.83.219.194 - - [09/Nov/2022:10:40:56 +0800] "POST /xingrg/kc/buy/cgsh_order_operate.html HTTP/1.1" 200 37
114.83.219.194 - - [09/Nov/2022:10:41:01 +0800] "POST /xingrg/kc/buy/cgsh_order_operate.html HTTP/1.1" 200 12
61.170.233.146 - - [09/Nov/2022:10:41:03 +0800] "GET /xingrg/all/function/internal_message.html?_=1667961667985&CODE_STATE=getMsg HTTP/1.1" 200 27
114.83.219.194 - - [09/Nov/2022:10:41:03 +0800] "GET /xingrg/kc/buy/cgsh_order_info.html?code=212022110902716 HTTP/1.1" 200 64258
116.235.93.82 - - [09/Nov/2022:10:41:03 +0800] "GET /xingrg/all/function/internal_message.html?_=1667961883807&CODE_STATE=getMsg HTTP/1.1" 200 27
114.83.219.194 - - [09/Nov/2022:10:41:04 +0800] "GET /xingrg/javascript/easyui/themes/default/validatebox.css HTTP/1.1" 404 1104
218.81.217.29 - - [09/Nov/2022:10:41:04 +0800] "GET /xingrg/all/function/internal_message.html?_=1667961679805&CODE_STATE=getMsg HTTP/1.1" 200 27
114.95.46.117 - - [09/Nov/2022:10:41:04 +0800] "GET /xingrg/all/function/internal_message.html?_=1667961520665&CODE_STATE=getMsg HTTP/1.1" 200 27
114.83.219.194 - - [09/Nov/2022:10:41:04 +0800] "POST /xingrg/kc/buy/cgsh_order_operate.html HTTP/1.1" 200 40825
116.238.139.35 - - [09/Nov/2022:10:41:15 +0800] "GET /xingrg/all/function/internal_message.html?_=1667961682340&CODE_STATE=getMsg HTTP/1.1" 200 27
114.83.219.57 - - [09/Nov/2022:10:41:15 +0800] "GET /xingrg/all/function/internal_message.html?_=1667961798101&CODE_STATE=getMsg HTTP/1.1" 200 27
114.83.219.57 - - [09/Nov/2022:10:41:16 +0800] "GET /xingrg/check_reg.html?_=1667961798321 HTTP/1.1" 200 22
180.162.229.95 - - [09/Nov/2022:10:41:18 +0800] "GET /xingrg/all/function/internal_message.html?_=1667961683464&CODE_STATE=getMsg HTTP/1.1" 200 27
114.83.219.194 - - [09/Nov/2022:10:41:18 +0800] "GET /xingrg/check_reg.html?_=1667961683708 HTTP/1.1" 200 22
114.83.219.194 - - [09/Nov/2022:10:41:18 +0800] "GET /xingrg/all/function/internal_message.html?_=1667961683713&CODE_STATE=getMsg HTTP/1.1" 200 27
180.169.147.146 - - [09/Nov/2022:10:41:26 +0800] "GET /xingrg/all/function/internal_message.html?_=1667961692768&CODE_STATE=getMsg HTTP/1.1" 200 27
116.238.139.35 - - [09/Nov/2022:10:41:30 +0800] "GET /xingrg/all/function/internal_message.html?_=1667961618019&CODE_STATE=getMsg HTTP/1.1" 200 27
58.221.95.50 - - [09/Nov/2022:10:41:31 +0800] "GET /xingrg/all/function/internal_message.html?_=1667961683176&CODE_STATE=getMsg HTTP/1.1" 200 27
180.162.229.95 - - [09/Nov/2022:10:41:33 +0800] "GET /xingrg/all/function/internal_message.html?_=1667961717979&CODE_STATE=getMsg HTTP/1.1" 200 27
116.230.105.139 - - [09/Nov/2022:10:41:35 +0800] "GET /xingrg/check_reg.html?_=1667961694879 HTTP/1.1" 200 22
116.230.105.139 - - [09/Nov/2022:10:41:35 +0800] "GET /xingrg/all/function/internal_message.html?_=1667961694884&CODE_STATE=getMsg HTTP/1.1" 200 27
114.83.219.194 - - [09/Nov/2022:10:41:43 +0800] "GET /xingrg/kc/print/load_config.html?kc_code=cgsh HTTP/1.1" 200 1943
114.83.219.194 - - [09/Nov/2022:10:41:44 +0800] "GET /xingrg/kc/print/load_data.html?order_code=212022110902716&kc_code=cgsh&condition= HTTP/1.1" 200 15912
101.85.95.132 - - [09/Nov/2022:10:41:44 +0800] "GET /xingrg/all/function/internal_message.html?_=1667961708406&CODE_STATE=getMsg HTTP/1.1" 200 27
58.40.7.146 - - [09/Nov/2022:10:41:48 +0800] "GET /xingrg/all/function/internal_message.html?_=1667961714213&CODE_STATE=getMsg HTTP/1.1" 200 27
114.88.159.190 - - [09/Nov/2022:10:41:56 +0800] "GET /xingrg/all/function/internal_message.html?_=1667961335198&CODE_STATE=getMsg HTTP/1.1" 200 27
180.163.28.114 - - [09/Nov/2022:10:42:02 +0800] "GET /xingrg/all/function/internal_message.html?_=1667961667985&CODE_STATE=getMsg HTTP/1.1" 302 -
180.163.28.114 - - [09/Nov/2022:10:42:02 +0800] "GET /xingrg/login.html HTTP/1.1" 200 7641
61.170.233.146 - - [09/Nov/2022:10:42:03 +0800] "GET /xingrg/all/function/internal_message.html?_=1667961727963&CODE_STATE=getMsg HTTP/1.1" 200 27
116.235.93.82 - - [09/Nov/2022:10:42:03 +0800] "GET /xingrg/all/function/internal_message.html?_=1667961943808&CODE_STATE=getMsg HTTP/1.1" 200 27
218.81.217.29 - - [09/Nov/2022:10:42:04 +0800] "GET /xingrg/all/function/internal_message.html?_=1667961739805&CODE_STATE=getMsg HTTP/1.1" 200 27
114.95.46.117 - - [09/Nov/2022:10:42:04 +0800] "GET /xingrg/all/function/internal_message.html?_=1667961580656&CODE_STATE=getMsg HTTP/1.1" 200 27
116.238.139.35 - - [09/Nov/2022:10:42:15 +0800] "GET /xingrg/all/function/internal_message.html?_=1667961742340&CODE_STATE=getMsg HTTP/1.1" 200 27
114.83.219.57 - - [09/Nov/2022:10:42:15 +0800] "GET /xingrg/all/function/internal_message.html?_=1667961858085&CODE_STATE=getMsg HTTP/1.1" 200 27
180.162.229.95 - - [09/Nov/2022:10:42:18 +0800] "GET /xingrg/all/function/internal_message.html?_=1667961743453&CODE_STATE=getMsg HTTP/1.1" 200 27
114.83.219.194 - - [09/Nov/2022:10:42:18 +0800] "GET /xingrg/all/function/internal_message.html?_=1667961743702&CODE_STATE=getMsg HTTP/1.1" 200 27
114.83.219.194 - - [09/Nov/2022:10:42:21 +0800] "GET /xingrg/kc/buy/cgsh_order_add.html HTTP/1.1" 200 69355
114.83.219.194 - - [09/Nov/2022:10:42:21 +0800] "POST /xingrg/kc/buy/cgsh_order_operate.html HTTP/1.1" 200 8245
114.83.219.194 - - [09/Nov/2022:10:42:21 +0800] "GET /xingrg/javascript/easyui/themes/default/validatebox.css HTTP/1.1" 404 1104
180.169.147.146 - - [09/Nov/2022:10:42:26 +0800] "GET /xingrg/all/function/internal_message.html?_=1667961752743&CODE_STATE=getMsg HTTP/1.1" 200 27
116.238.139.35 - - [09/Nov/2022:10:42:30 +0800] "GET /xingrg/all/function/internal_message.html?_=1667961678045&CODE_STATE=getMsg HTTP/1.1" 200 27
58.221.95.50 - - [09/Nov/2022:10:42:31 +0800] "GET /xingrg/all/function/internal_message.html?_=1667961743254&CODE_STATE=getMsg HTTP/1.1" 200 27
180.162.229.95 - - [09/Nov/2022:10:42:33 +0800] "GET /xingrg/all/function/internal_message.html?_=1667961777949&CODE_STATE=getMsg HTTP/1.1" 200 27
116.230.105.139 - - [09/Nov/2022:10:42:35 +0800] "GET /xingrg/all/function/internal_message.html?_=1667961754877&CODE_STATE=getMsg HTTP/1.1" 200 27
101.85.95.132 - - [09/Nov/2022:10:42:44 +0800] "GET /xingrg/all/function/internal_message.html?_=1667961768406&CODE_STATE=getMsg HTTP/1.1" 200 27
116.238.139.35 - - [09/Nov/2022:10:42:47 +0800] "POST /xingrg/all/user/operate.html HTTP/1.1" 200 36
116.238.139.35 - - [09/Nov/2022:10:42:47 +0800] "GET /xingrg/javascript/jquery_easy_ui/themes/default/easyui.css HTTP/1.1" 304 -
116.238.139.35 - - [09/Nov/2022:10:42:47 +0800] "GET /xingrg/index.html?sysBaseUrl=http%3A%2F%2F180.169.147.146%3A18081%2Fxingrg%2F&costTime=45×tamp=1667955676862 HTTP/1.1" 200 17179
116.238.139.35 - - [09/Nov/2022:10:42:47 +0800] "GET /xingrg/javascript/jquery_easy_ui/themes/icon.css HTTP/1.1" 304 -
58.40.7.146 - - [09/Nov/2022:10:42:48 +0800] "GET /xingrg/all/function/internal_message.html?_=1667961774216&CODE_STATE=getMsg HTTP/1.1" 200 27
58.40.7.146 - - [09/Nov/2022:10:42:48 +0800] "GET /xingrg/check_reg.html?_=1667961774217 HTTP/1.1" 200 22
116.238.139.35 - - [09/Nov/2022:10:42:48 +0800] "GET /xingrg/css/form.css HTTP/1.1" 304 -
116.238.139.35 - - [09/Nov/2022:10:42:48 +0800] "GET /xingrg/javascript/jquery-1.4.2.min.js HTTP/1.1" 304 -
116.238.139.35 - - [09/Nov/2022:10:42:48 +0800] "GET /xingrg/javascript/jquery_easy_ui/jquery.easyui.min.js HTTP/1.1" 304 -
116.238.139.35 - - [09/Nov/2022:10:42:48 +0800] "GET /xingrg/javascript/jquery_easy_ui/easyui-lang-zh_CN.js HTTP/1.1" 304 -
116.238.139.35 - - [09/Nov/2022:10:42:48 +0800] "GET /xingrg/javascript/jquery.form.js HTTP/1.1" 304 -
116.238.139.35 - - [09/Nov/2022:10:42:48 +0800] "GET /xingrg/javascript/jquery.utils.js HTTP/1.1" 304 -
116.238.139.35 - - [09/Nov/2022:10:42:48 +0800] "GET /xingrg/javascript/jquery.timers.js HTTP/1.1" 304 -
116.238.139.35 - - [09/Nov/2022:10:42:48 +0800] "GET /xingrg/images/blue/jxLogo.png HTTP/1.1" 304 -
116.238.139.35 - - [09/Nov/2022:10:42:48 +0800] "GET /xingrg/images/blue/navBackgound.jpg HTTP/1.1" 304 -
116.238.139.35 - - [09/Nov/2022:10:42:48 +0800] "GET /xingrg/javascript/jquery_easy_ui/themes/icons/settle_new.png HTTP/1.1" 304 -
116.238.139.35 - - [09/Nov/2022:10:42:48 +0800] "POST /xingrg/all/common/load_tree.html?tree=area_rest_tree_json&manage=1 HTTP/1.1" 200 476
116.238.139.35 - - [09/Nov/2022:10:42:48 +0800] "GET /xingrg/all/function/internal_message.html?_=1667961774839&CODE_STATE=count HTTP/1.1" 200 11
116.238.139.35 - - [09/Nov/2022:10:42:48 +0800] "GET /xingrg/check_reg.html?_=1667961774840 HTTP/1.1" 200 22
116.238.139.35 - - [09/Nov/2022:10:42:48 +0800] "GET /xingrg/javascript/jquery_easy_ui/themes/default/images/tabs_leftarrow.png HTTP/1.1" 304 -
116.238.139.35 - - [09/Nov/2022:10:42:48 +0800] "GET /xingrg/javascript/jquery_easy_ui/themes/default/images/tabs_rightarrow.png HTTP/1.1" 304 -
116.238.139.35 - - [09/Nov/2022:10:42:48 +0800] "GET /xingrg/javascript/jquery_easy_ui/themes/default/images/panel_tool_collapse.gif HTTP/1.1" 304 -
116.238.139.35 - - [09/Nov/2022:10:42:48 +0800] "GET /xingrg/images/blue/pingpu.png HTTP/1.1" 304 -
116.238.139.35 - - [09/Nov/2022:10:42:48 +0800] "POST /xingrg/load_menu.html HTTP/1.1" 200 5138
116.238.139.35 - - [09/Nov/2022:10:42:51 +0800] "GET /xingrg/kc/mdqp/qqps_order_list.html HTTP/1.1" 200 9222
116.238.139.35 - - [09/Nov/2022:10:42:51 +0800] "GET /xingrg/dwr/interface/AjaxReportQueryService.js HTTP/1.1" 200 13203
116.238.139.35 - - [09/Nov/2022:10:42:51 +0800] "GET /xingrg/dwr/interface/AjaxQqpsService.js HTTP/1.1" 200 16326
116.238.139.35 - - [09/Nov/2022:10:42:51 +0800] "GET /xingrg/dwr/engine.js HTTP/1.1" 200 43631
116.238.139.35 - - [09/Nov/2022:10:42:52 +0800] "GET /xingrg/kc/mdqp/qqps_order_add.html HTTP/1.1" 200 28160
116.238.139.35 - - [09/Nov/2022:10:42:52 +0800] "GET /xingrg/dwr/interface/AjaxComOrderService.js HTTP/1.1" 200 18264
116.238.139.35 - - [09/Nov/2022:10:42:52 +0800] "GET /xingrg/dwr/interface/AjaxQqpsService.js HTTP/1.1" 200 16326
116.238.139.35 - - [09/Nov/2022:10:42:52 +0800] "GET /xingrg/dwr/engine.js HTTP/1.1" 200 43631
114.88.159.190 - - [09/Nov/2022:10:42:56 +0800] "GET /xingrg/all/function/internal_message.html?_=1667961395191&CODE_STATE=getMsg HTTP/1.1" 200 27
116.238.139.35 - - [09/Nov/2022:10:42:58 +0800] "POST /xingrg/dwr/call/plaincall/AjaxQqpsService.saveOrder.dwr HTTP/1.1" 200 78
114.88.159.190 - - [09/Nov/2022:10:43:00 +0800] "GET /xingrg/kc/buy/buy_main.html HTTP/1.1" 200 12412
114.88.159.190 - - [09/Nov/2022:10:43:00 +0800] "GET /xingrg/css/new_ie.css HTTP/1.1" 404 1036
116.238.139.35 - - [09/Nov/2022:10:43:00 +0800] "GET /xingrg/javascript/auto/indicator.gif HTTP/1.1" 404 1066
180.163.29.79 - - [09/Nov/2022:10:43:02 +0800] "GET /xingrg/all/function/internal_message.html?_=1667961727963&CODE_STATE=getMsg HTTP/1.1" 302 -
180.163.29.79 - - [09/Nov/2022:10:43:02 +0800] "GET /xingrg/login.html HTTP/1.1" 200 7641
61.170.233.146 - - [09/Nov/2022:10:43:03 +0800] "GET /xingrg/all/function/internal_message.html?_=1667961787945&CODE_STATE=getMsg HTTP/1.1" 200 27
116.235.93.82 - - [09/Nov/2022:10:43:03 +0800] "GET /xingrg/all/function/internal_message.html?_=1667962003807&CODE_STATE=getMsg HTTP/1.1" 200 27
116.235.93.82 - - [09/Nov/2022:10:43:03 +0800] "GET /xingrg/check_reg.html?_=1667962003811 HTTP/1.1" 200 22
218.81.217.29 - - [09/Nov/2022:10:43:04 +0800] "GET /xingrg/all/function/internal_message.html?_=1667961799990&CODE_STATE=getMsg HTTP/1.1" 200 27
114.95.46.117 - - [09/Nov/2022:10:43:04 +0800] "GET /xingrg/all/function/internal_message.html?_=1667961640646&CODE_STATE=getMsg HTTP/1.1" 200 27
58.221.95.50 - - [09/Nov/2022:10:43:05 +0800] "GET /xingrg/check_reg.html?_=1667961776418 HTTP/1.1" 200 22
116.238.139.35 - - [09/Nov/2022:10:43:05 +0800] "POST /xingrg/dwr/call/plaincall/AjaxQqpsService.getMaterielByCode.dwr HTTP/1.1" 200 3862
116.238.139.35 - - [09/Nov/2022:10:43:08 +0800] "POST /xingrg/dwr/call/plaincall/AjaxQqpsService.saveMaterielItem.dwr HTTP/1.1" 200 78
116.238.139.35 - - [09/Nov/2022:10:43:13 +0800] "POST /xingrg/dwr/call/plaincall/AjaxQqpsService.getMaterielByCode.dwr HTTP/1.1" 200 3875
116.238.139.35 - - [09/Nov/2022:10:43:15 +0800] "POST /xingrg/dwr/call/plaincall/AjaxQqpsService.saveMaterielItem.dwr HTTP/1.1" 200 78
114.83.219.57 - - [09/Nov/2022:10:43:15 +0800] "GET /xingrg/all/function/internal_message.html?_=1667961918077&CODE_STATE=getMsg HTTP/1.1" 200 27
116.238.139.35 - - [09/Nov/2022:10:43:16 +0800] "GET /xingrg/check_reg.html?_=1667961724661 HTTP/1.1" 200 22
180.162.229.95 - - [09/Nov/2022:10:43:18 +0800] "GET /xingrg/all/function/internal_message.html?_=1667961803431&CODE_STATE=getMsg HTTP/1.1" 200 27
114.83.219.194 - - [09/Nov/2022:10:43:18 +0800] "GET /xingrg/all/function/internal_message.html?_=1667961803708&CODE_STATE=getMsg HTTP/1.1" 200 27
116.238.139.35 - - [09/Nov/2022:10:43:19 +0800] "POST /xingrg/dwr/call/plaincall/AjaxQqpsService.saveOrder.dwr HTTP/1.1" 200 78
116.238.139.35 - - [09/Nov/2022:10:43:20 +0800] "POST /xingrg/dwr/call/plaincall/AjaxQqpsService.checkOrder.dwr HTTP/1.1" 200 78
116.238.139.35 - - [09/Nov/2022:10:43:21 +0800] "GET /xingrg/kc/mdqp/qqps_order_info.html?code=302022110900157 HTTP/1.1" 200 26563
116.238.139.35 - - [09/Nov/2022:10:43:21 +0800] "GET /xingrg/dwr/interface/AjaxComOrderService.js HTTP/1.1" 200 18264
116.238.139.35 - - [09/Nov/2022:10:43:21 +0800] "GET /xingrg/dwr/interface/AjaxQqpsService.js HTTP/1.1" 200 16326
116.238.139.35 - - [09/Nov/2022:10:43:21 +0800] "GET /xingrg/dwr/engine.js HTTP/1.1" 200 43631
116.238.139.35 - - [09/Nov/2022:10:43:22 +0800] "POST /xingrg/dwr/call/plaincall/AjaxQqpsService.loadMaterielItems.dwr HTTP/1.1" 200 713
180.169.147.146 - - [09/Nov/2022:10:43:26 +0800] "GET /xingrg/check_reg.html?_=1667961812687 HTTP/1.1" 200 22
180.169.147.146 - - [09/Nov/2022:10:43:26 +0800] "GET /xingrg/all/function/internal_message.html?_=1667961812723&CODE_STATE=getMsg HTTP/1.1" 200 27
218.81.217.29 - - [09/Nov/2022:10:43:27 +0800] "GET /xingrg/check_reg.html?_=1667961823191 HTTP/1.1" 200 22
116.238.139.35 - - [09/Nov/2022:10:43:30 +0800] "GET /xingrg/all/function/internal_message.html?_=1667961738046&CODE_STATE=getMsg HTTP/1.1" 200 27
58.221.95.50 - - [09/Nov/2022:10:43:31 +0800] "GET /xingrg/all/function/internal_message.html?_=1667961803267&CODE_STATE=getMsg HTTP/1.1" 200 27
180.162.229.95 - - [09/Nov/2022:10:43:33 +0800] "GET /xingrg/all/function/internal_message.html?_=1667961837921&CODE_STATE=getMsg HTTP/1.1" 200 27
116.230.105.139 - - [09/Nov/2022:10:43:35 +0800] "GET /xingrg/all/function/internal_message.html?_=1667961814875&CODE_STATE=getMsg HTTP/1.1" 200 27
101.85.95.132 - - [09/Nov/2022:10:43:44 +0800] "GET /xingrg/all/function/internal_message.html?_=1667961828405&CODE_STATE=getMsg HTTP/1.1" 200 27
58.40.7.146 - - [09/Nov/2022:10:43:48 +0800] "GET /xingrg/all/function/internal_message.html?_=1667961834218&CODE_STATE=getMsg HTTP/1.1" 200 27
116.238.139.35 - - [09/Nov/2022:10:43:48 +0800] "GET /xingrg/all/function/internal_message.html?_=1667961834844&CODE_STATE=getMsg HTTP/1.1" 200 27
114.88.159.190 - - [09/Nov/2022:10:43:56 +0800] "GET /xingrg/all/function/internal_message.html?_=1667961455200&CODE_STATE=getMsg HTTP/1.1" 200 27
61.170.233.146 - - [09/Nov/2022:10:44:02 +0800] "GET /xingrg/all/function/internal_message.html?_=1667961847918&CODE_STATE=getMsg HTTP/1.1" 200 27
116.235.93.82 - - [09/Nov/2022:10:44:03 +0800] "GET /xingrg/all/function/internal_message.html?_=1667962063823&CODE_STATE=getMsg HTTP/1.1" 200 27
218.81.217.29 - - [09/Nov/2022:10:44:04 +0800] "GET /xingrg/all/function/internal_message.html?_=1667961860005&CODE_STATE=getMsg HTTP/1.1" 200 27
114.95.46.117 - - [09/Nov/2022:10:44:04 +0800] "GET /xingrg/all/function/internal_message.html?_=1667961700636&CODE_STATE=getMsg HTTP/1.1" 200 27
61.170.233.146 - - [09/Nov/2022:10:44:05 +0800] "GET /xingrg/check_reg.html?_=1667961850280 HTTP/1.1" 200 22
180.169.147.146 - - [09/Nov/2022:10:44:10 +0800] "GET /xingrg/login.html HTTP/1.1" 200 7641
180.169.147.146 - - [09/Nov/2022:10:44:11 +0800] "GET /favicon.ico HTTP/1.1" 404 -
180.169.147.146 - - [09/Nov/2022:10:44:15 +0800] "POST /xingrg/login.do HTTP/1.1" 302 -
180.169.147.146 - - [09/Nov/2022:10:44:15 +0800] "GET /xingrg/index.html?sysBaseUrl=http%3A%2F%2F180.169.147.146%3A18081%2Fxingrg%2F&costTime=44×tamp=1667961855681 HTTP/1.1" 200 17179
180.169.147.146 - - [09/Nov/2022:10:44:15 +0800] "GET /favicon.ico HTTP/1.1" 404 -
180.169.147.146 - - [09/Nov/2022:10:44:15 +0800] "POST /xingrg/all/common/load_tree.html?tree=area_rest_tree_json&manage=1 HTTP/1.1" 200 351
180.169.147.146 - - [09/Nov/2022:10:44:15 +0800] "GET /xingrg/all/function/internal_message.html?_=1667961860780&CODE_STATE=count HTTP/1.1" 200 11
180.169.147.146 - - [09/Nov/2022:10:44:15 +0800] "GET /xingrg/check_reg.html?_=1667961860781 HTTP/1.1" 200 22
180.169.147.146 - - [09/Nov/2022:10:44:15 +0800] "POST /xingrg/load_menu.html HTTP/1.1" 200 5138
114.83.219.57 - - [09/Nov/2022:10:44:15 +0800] "GET /xingrg/all/function/internal_message.html?_=1667961978057&CODE_STATE=getMsg HTTP/1.1" 200 27
180.169.147.146 - - [09/Nov/2022:10:44:17 +0800] "GET /xingrg/kc/buy/buy_main.html HTTP/1.1" 200 12412
180.169.147.146 - - [09/Nov/2022:10:44:17 +0800] "GET /xingrg/css/new_ie.css HTTP/1.1" 404 1036
180.169.147.146 - - [09/Nov/2022:10:44:17 +0800] "GET /xingrg/images/yd/bt.gif HTTP/1.1" 404 1040
180.162.229.95 - - [09/Nov/2022:10:44:17 +0800] "GET /xingrg/all/function/internal_message.html?_=1667961863414&CODE_STATE=getMsg HTTP/1.1" 200 27
180.162.229.95 - - [09/Nov/2022:10:44:18 +0800] "GET /xingrg/check_reg.html?_=1667961863669 HTTP/1.1" 200 22
114.83.219.194 - - [09/Nov/2022:10:44:18 +0800] "GET /xingrg/all/function/internal_message.html?_=1667961863718&CODE_STATE=getMsg HTTP/1.1" 200 27
180.169.147.146 - - [09/Nov/2022:10:44:18 +0800] "GET /xingrg/kc/buy/cgsh_order_list.html HTTP/1.1" 200 53492
180.169.147.146 - - [09/Nov/2022:10:44:21 +0800] "POST /xingrg/kc/buy/cgsh_list_operate.html HTTP/1.1" 200 6130
180.169.147.146 - - [09/Nov/2022:10:44:24 +0800] "POST /xingrg/kc/buy/cgsh_list_operate.html HTTP/1.1" 200 356
180.169.147.146 - - [09/Nov/2022:10:44:26 +0800] "GET /xingrg/all/function/internal_message.html?_=1667961872696&CODE_STATE=getMsg HTTP/1.1" 200 27
116.238.139.35 - - [09/Nov/2022:10:44:30 +0800] "GET /xingrg/all/function/internal_message.html?_=1667961798059&CODE_STATE=getMsg HTTP/1.1" 200 27
58.221.95.50 - - [09/Nov/2022:10:44:32 +0800] "GET /xingrg/all/function/internal_message.html?_=1667961863281&CODE_STATE=getMsg HTTP/1.1" 200 27
180.169.147.146 - - [09/Nov/2022:10:44:32 +0800] "POST /xingrg/kc/buy/cgsh_list_operate.html HTTP/1.1" 200 6290
180.162.229.95 - - [09/Nov/2022:10:44:33 +0800] "GET /xingrg/all/function/internal_message.html?_=1667961897892&CODE_STATE=getMsg HTTP/1.1" 200 27
116.230.105.139 - - [09/Nov/2022:10:44:35 +0800] "GET /xingrg/all/function/internal_message.html?_=1667961874873&CODE_STATE=getMsg HTTP/1.1" 200 27
180.169.147.146 - - [09/Nov/2022:10:44:36 +0800] "POST /xingrg/kc/buy/cgsh_list_operate.html HTTP/1.1" 200 6255
180.169.147.146 - - [09/Nov/2022:10:44:42 +0800] "POST /xingrg/kc/buy/cgsh_list_operate.html HTTP/1.1" 200 6279
101.85.95.132 - - [09/Nov/2022:10:44:44 +0800] "GET /xingrg/all/function/internal_message.html?_=1667961888403&CODE_STATE=getMsg HTTP/1.1" 200 27
180.169.147.146 - - [09/Nov/2022:10:44:47 +0800] "POST /xingrg/kc/buy/cgsh_list_operate.html HTTP/1.1" 200 5690
58.40.7.146 - - [09/Nov/2022:10:44:48 +0800] "GET /xingrg/all/function/internal_message.html?_=1667961894220&CODE_STATE=getMsg HTTP/1.1" 200 27
116.238.139.35 - - [09/Nov/2022:10:44:48 +0800] "GET /xingrg/all/function/internal_message.html?_=1667961894846&CODE_STATE=getMsg HTTP/1.1" 200 27
180.169.147.146 - - [09/Nov/2022:10:44:50 +0800] "POST /xingrg/kc/buy/cgsh_list_operate.html HTTP/1.1" 200 515
61.170.233.146 - - [09/Nov/2022:10:44:50 +0800] "GET /xingrg/kc/buy/cgsh_order_operate.html?command=get_materiel&rest_code=00106&code=00101008323&supplier_code=00100007&order_time=2022-11-09 HTTP/1.1" 200 408
180.169.147.146 - - [09/Nov/2022:10:44:51 +0800] "POST /xingrg/kc/buy/cgsh_list_operate.html HTTP/1.1" 200 203
180.169.147.146 - - [09/Nov/2022:10:44:52 +0800] "GET /xingrg/kc/buy/cgsh_order_info.html?code=212022110802443 HTTP/1.1" 200 69283
180.169.147.146 - - [09/Nov/2022:10:44:52 +0800] "GET /xingrg/words/20221108221607_words.js HTTP/1.1" 200 931918
180.169.147.146 - - [09/Nov/2022:10:44:53 +0800] "GET /xingrg/all/common/auto_word.html?type=employee&rest_code=00147 HTTP/1.1" 200 101
180.169.147.146 - - [09/Nov/2022:10:44:53 +0800] "GET /xingrg/javascript/easyui/themes/default/validatebox.css HTTP/1.1" 404 1104
180.169.147.146 - - [09/Nov/2022:10:44:53 +0800] "GET /xingrg/all/common/auto_word.html?type=employee&rest_code=00147 HTTP/1.1" 200 101
180.169.147.146 - - [09/Nov/2022:10:44:53 +0800] "POST /xingrg/kc/buy/cgsh_order_operate.html HTTP/1.1" 200 2660
114.83.219.57 - - [09/Nov/2022:10:44:54 +0800] "GET /xingrg/kc/buy/cgsh_order_add.html HTTP/1.1" 200 68471
114.83.219.57 - - [09/Nov/2022:10:44:54 +0800] "POST /xingrg/kc/buy/cgsh_order_operate.html HTTP/1.1" 200 8245
114.83.219.57 - - [09/Nov/2022:10:44:54 +0800] "GET /xingrg/javascript/easyui/themes/default/validatebox.css HTTP/1.1" 404 1104
180.169.147.146 - - [09/Nov/2022:10:44:56 +0800] "GET /xingrg/kc/buy/cgsh_order_info.html?code=212022110802427 HTTP/1.1" 200 69279
114.88.159.190 - - [09/Nov/2022:10:44:56 +0800] "GET /xingrg/all/function/internal_message.html?_=1667961515215&CODE_STATE=getMsg HTTP/1.1" 200 27
114.88.159.190 - - [09/Nov/2022:10:44:56 +0800] "GET /xingrg/check_reg.html?_=1667961515216 HTTP/1.1" 200 22
180.169.147.146 - - [09/Nov/2022:10:44:56 +0800] "GET /xingrg/javascript/easyui/themes/default/validatebox.css HTTP/1.1" 404 1104
180.169.147.146 - - [09/Nov/2022:10:44:56 +0800] "POST /xingrg/kc/buy/cgsh_order_operate.html HTTP/1.1" 200 5048
180.169.147.146 - - [09/Nov/2022:10:44:58 +0800] "GET /xingrg/javascript/auto/indicator.gif HTTP/1.1" 404 1066
61.170.233.146 - - [09/Nov/2022:10:45:03 +0800] "GET /xingrg/all/function/internal_message.html?_=1667961908003&CODE_STATE=getMsg HTTP/1.1" 200 27
116.235.93.82 - - [09/Nov/2022:10:45:03 +0800] "GET /xingrg/all/function/internal_message.html?_=1667962123808&CODE_STATE=getMsg HTTP/1.1" 200 27
218.81.217.29 - - [09/Nov/2022:10:45:04 +0800] "GET /xingrg/all/function/internal_message.html?_=1667961920019&CODE_STATE=getMsg HTTP/1.1" 200 27
114.95.46.117 - - [09/Nov/2022:10:45:04 +0800] "GET /xingrg/all/function/internal_message.html?_=1667961760627&CODE_STATE=getMsg HTTP/1.1" 200 27
114.95.46.117 - - [09/Nov/2022:10:45:05 +0800] "GET /xingrg/check_reg.html?_=1667961761707 HTTP/1.1" 200 22
180.169.147.146 - - [09/Nov/2022:10:45:06 +0800] "POST /xingrg/kc/buy/cgsh_order_operate.html HTTP/1.1" 200 37
180.169.147.146 - - [09/Nov/2022:10:45:08 +0800] "POST /xingrg/kc/buy/cgsh_order_operate.html HTTP/1.1" 200 5048
180.169.147.146 - - [09/Nov/2022:10:45:11 +0800] "POST /xingrg/kc/buy/cgsh_list_operate.html HTTP/1.1" 200 5690
180.169.147.146 - - [09/Nov/2022:10:45:15 +0800] "GET /xingrg/all/function/internal_message.html?_=1667961920794&CODE_STATE=getMsg HTTP/1.1" 200 27
114.83.219.57 - - [09/Nov/2022:10:45:15 +0800] "GET /xingrg/all/function/internal_message.html?_=1667962038033&CODE_STATE=getMsg HTTP/1.1" 200 27
180.162.229.95 - - [09/Nov/2022:10:45:17 +0800] "GET /xingrg/all/function/internal_message.html?_=1667961923392&CODE_STATE=getMsg HTTP/1.1" 200 27
114.83.219.194 - - [09/Nov/2022:10:45:18 +0800] "GET /xingrg/all/function/internal_message.html?_=1667961923715&CODE_STATE=getMsg HTTP/1.1" 200 27
180.169.147.146 - - [09/Nov/2022:10:45:26 +0800] "GET /xingrg/all/function/internal_message.html?_=1667961932713&CODE_STATE=getMsg HTTP/1.1" 200 27
116.238.139.35 - - [09/Nov/2022:10:45:30 +0800] "GET /xingrg/all/function/internal_message.html?_=1667961858083&CODE_STATE=getMsg HTTP/1.1" 200 27
58.221.95.50 - - [09/Nov/2022:10:45:32 +0800] "GET /xingrg/all/function/internal_message.html?_=1667961923339&CODE_STATE=getMsg HTTP/1.1" 200 27
180.162.229.95 - - [09/Nov/2022:10:45:33 +0800] "GET /xingrg/all/function/internal_message.html?_=1667961957862&CODE_STATE=getMsg HTTP/1.1" 200 27
180.162.229.95 - - [09/Nov/2022:10:45:33 +0800] "GET /xingrg/check_reg.html?_=1667961958271 HTTP/1.1" 200 22
116.230.105.139 - - [09/Nov/2022:10:45:35 +0800] "GET /xingrg/all/function/internal_message.html?_=1667961934867&CODE_STATE=getMsg HTTP/1.1" 200 27
114.88.159.190 - - [09/Nov/2022:10:45:36 +0800] "GET /xingrg/images/yd/bt.gif HTTP/1.1" 404 1040
114.88.159.190 - - [09/Nov/2022:10:45:37 +0800] "GET /xingrg/kc/buy/cgsh_order_list.html HTTP/1.1" 200 53492
114.88.159.190 - - [09/Nov/2022:10:45:40 +0800] "POST /xingrg/kc/buy/cgsh_list_operate.html HTTP/1.1" 200 3592
101.85.95.132 - - [09/Nov/2022:10:45:44 +0800] "GET /xingrg/all/function/internal_message.html?_=1667961948402&CODE_STATE=getMsg HTTP/1.1" 200 27
101.85.95.132 - - [09/Nov/2022:10:45:44 +0800] "GET /xingrg/check_reg.html?_=1667961948403 HTTP/1.1" 200 22
180.163.28.109 - - [09/Nov/2022:10:45:47 +0800] "GET /xingrg/kc/buy/cgsh_order_operate.html?command=get_materiel&rest_code=00106&code=00101008323&supplier_code=00100007&order_time=2022-11-09 HTTP/1.1" 302 -
180.163.28.109 - - [09/Nov/2022:10:45:47 +0800] "GET /xingrg/login.html HTTP/1.1" 200 7641
58.40.7.146 - - [09/Nov/2022:10:45:48 +0800] "GET /xingrg/all/function/internal_message.html?_=1667961954205&CODE_STATE=getMsg HTTP/1.1" 200 27
116.238.139.35 - - [09/Nov/2022:10:45:48 +0800] "GET /xingrg/all/function/internal_message.html?_=1667961954851&CODE_STATE=getMsg HTTP/1.1" 200 27
61.170.233.146 - - [09/Nov/2022:10:45:52 +0800] "GET /xingrg/kc/buy/cgsh_order_operate.html?command=get_materiel&rest_code=00106&code=00101008175&supplier_code=00100007&order_time=2022-11-09 HTTP/1.1" 200 412
114.88.159.190 - - [09/Nov/2022:10:45:56 +0800] "GET /xingrg/all/function/internal_message.html?_=1667961575227&CODE_STATE=getMsg HTTP/1.1" 200 27
61.170.233.146 - - [09/Nov/2022:10:46:01 +0800] "GET /xingrg/kc/buy/cgsh_order_operate.html?command=get_materiel&rest_code=00106&code=00101008350&supplier_code=00100007&order_time=2022-11-09 HTTP/1.1" 200 408
61.170.233.146 - - [09/Nov/2022:10:46:03 +0800] "GET /xingrg/all/function/internal_message.html?_=1667961968008&CODE_STATE=getMsg HTTP/1.1" 200 27
116.235.93.82 - - [09/Nov/2022:10:46:03 +0800] "GET /xingrg/all/function/internal_message.html?_=1667962183808&CODE_STATE=getMsg HTTP/1.1" 200 27
114.95.46.117 - - [09/Nov/2022:10:46:04 +0800] "GET /xingrg/all/function/internal_message.html?_=1667961820608&CODE_STATE=getMsg HTTP/1.1" 200 27
218.81.217.29 - - [09/Nov/2022:10:46:04 +0800] "GET /xingrg/all/function/internal_message.html?_=1667961980177&CODE_STATE=getMsg HTTP/1.1" 200 27
61.170.233.146 - - [09/Nov/2022:10:46:13 +0800] "POST /xingrg/kc/buy/cgsh_order_operate.html HTTP/1.1" 200 2065
180.169.147.146 - - [09/Nov/2022:10:46:15 +0800] "GET /xingrg/all/function/internal_message.html?_=1667961980792&CODE_STATE=getMsg HTTP/1.1" 200 27
114.83.219.57 - - [09/Nov/2022:10:46:15 +0800] "GET /xingrg/all/function/internal_message.html?_=1667962098020&CODE_STATE=getMsg HTTP/1.1" 200 27
114.83.219.57 - - [09/Nov/2022:10:46:16 +0800] "GET /xingrg/check_reg.html?_=1667962098291 HTTP/1.1" 200 22
180.162.229.95 - - [09/Nov/2022:10:46:17 +0800] "GET /xingrg/all/function/internal_message.html?_=1667961983374&CODE_STATE=getMsg HTTP/1.1" 200 27
114.83.219.194 - - [09/Nov/2022:10:46:18 +0800] "GET /xingrg/all/function/internal_message.html?_=1667961983719&CODE_STATE=getMsg HTTP/1.1" 200 27
114.83.219.194 - - [09/Nov/2022:10:46:18 +0800] "GET /xingrg/check_reg.html?_=1667961983725 HTTP/1.1" 200 22
61.170.233.146 - - [09/Nov/2022:10:46:20 +0800] "GET /xingrg/kc/buy/cgsh_order_operate.html?command=get_materiel&rest_code=00106&code=00101008095&supplier_code=00100007&order_time=2022-11-09 HTTP/1.1" 200 413
180.169.147.146 - - [09/Nov/2022:10:46:26 +0800] "GET /xingrg/all/function/internal_message.html?_=1667961992717&CODE_STATE=getMsg HTTP/1.1" 200 27
61.170.233.146 - - [09/Nov/2022:10:46:29 +0800] "GET /xingrg/kc/buy/cgsh_order_operate.html?command=get_materiel&rest_code=00106&code=00101008110&supplier_code=00100007&order_time=2022-11-09 HTTP/1.1" 200 409
116.238.139.35 - - [09/Nov/2022:10:46:30 +0800] "GET /xingrg/all/function/internal_message.html?_=1667961918087&CODE_STATE=getMsg HTTP/1.1" 200 27
58.221.95.50 - - [09/Nov/2022:10:46:32 +0800] "GET /xingrg/all/function/internal_message.html?_=1667961983356&CODE_STATE=getMsg HTTP/1.1" 200 27
180.162.229.95 - - [09/Nov/2022:10:46:33 +0800] "GET /xingrg/all/function/internal_message.html?_=1667962017838&CODE_STATE=getMsg HTTP/1.1" 200 27
116.230.105.139 - - [09/Nov/2022:10:46:35 +0800] "GET /xingrg/all/function/internal_message.html?_=1667961994883&CODE_STATE=getMsg HTTP/1.1" 200 27
116.230.105.139 - - [09/Nov/2022:10:46:35 +0800] "GET /xingrg/check_reg.html?_=1667961994886 HTTP/1.1" 200 22
61.170.233.146 - - [09/Nov/2022:10:46:37 +0800] "GET /xingrg/kc/buy/cgsh_order_operate.html?command=get_materiel&rest_code=00106&code=00101008041&supplier_code=00100007&order_time=2022-11-09 HTTP/1.1" 200 408
114.88.159.190 - - [09/Nov/2022:10:46:39 +0800] "GET /xingrg/kc/buy/cgsh_order_add.html HTTP/1.1" 200 69267
114.88.159.190 - - [09/Nov/2022:10:46:39 +0800] "POST /xingrg/kc/buy/cgsh_order_operate.html HTTP/1.1" 200 8245
114.88.159.190 - - [09/Nov/2022:10:46:39 +0800] "GET /xingrg/javascript/easyui/themes/default/validatebox.css HTTP/1.1" 404 1104
101.85.95.132 - - [09/Nov/2022:10:46:44 +0800] "GET /xingrg/all/function/internal_message.html?_=1667962008400&CODE_STATE=getMsg HTTP/1.1" 200 27
61.170.233.146 - - [09/Nov/2022:10:46:47 +0800] "GET /xingrg/kc/buy/cgsh_order_operate.html?command=get_materiel&rest_code=00106&code=00101008145&supplier_code=00100007&order_time=2022-11-09 HTTP/1.1" 200 417
58.40.7.146 - - [09/Nov/2022:10:46:48 +0800] "GET /xingrg/all/function/internal_message.html?_=1667962014206&CODE_STATE=getMsg HTTP/1.1" 200 27
116.238.139.35 - - [09/Nov/2022:10:46:48 +0800] "GET /xingrg/all/function/internal_message.html?_=1667962014852&CODE_STATE=getMsg HTTP/1.1" 200 27
180.163.28.143 - - [09/Nov/2022:10:46:50 +0800] "GET /xingrg/kc/buy/cgsh_order_operate.html?command=get_materiel&rest_code=00106&code=00101008175&supplier_code=00100007&order_time=2022-11-09 HTTP/1.1" 302 -
180.163.28.143 - - [09/Nov/2022:10:46:53 +0800] "GET /xingrg/login.html HTTP/1.1" 200 7641
61.170.233.146 - - [09/Nov/2022:10:46:55 +0800] "GET /xingrg/kc/buy/cgsh_order_operate.html?command=get_materiel&rest_code=00106&code=00101008223&supplier_code=00100007&order_time=2022-11-09 HTTP/1.1" 200 412
114.88.159.190 - - [09/Nov/2022:10:46:56 +0800] "GET /xingrg/javascript/jquery_tools/images/next.gif HTTP/1.1" 404 1086
114.88.159.190 - - [09/Nov/2022:10:46:56 +0800] "GET /xingrg/javascript/jquery_tools/images/prev.gif HTTP/1.1" 404 1086
114.88.159.190 - - [09/Nov/2022:10:46:56 +0800] "GET /xingrg/all/function/internal_message.html?_=1667961635253&CODE_STATE=getMsg HTTP/1.1" 200 27
61.170.233.146 - - [09/Nov/2022:10:46:57 +0800] "POST /xingrg/kc/buy/cgsh_order_operate.html HTTP/1.1" 200 2065
180.163.30.100 - - [09/Nov/2022:10:46:58 +0800] "GET /xingrg/kc/buy/cgsh_order_operate.html?command=get_materiel&rest_code=00106&code=00101008350&supplier_code=00100007&order_time=2022-11-09 HTTP/1.1" 302 -
180.163.30.100 - - [09/Nov/2022:10:47:01 +0800] "GET /xingrg/login.html HTTP/1.1" 200 7641
180.163.29.219 - - [09/Nov/2022:10:47:03 +0800] "GET /xingrg/all/function/internal_message.html?_=1667961968008&CODE_STATE=getMsg HTTP/1.1" 302 -
61.170.233.146 - - [09/Nov/2022:10:47:03 +0800] "GET /xingrg/all/function/internal_message.html?_=1667962027990&CODE_STATE=getMsg HTTP/1.1" 200 27
180.163.29.219 - - [09/Nov/2022:10:47:03 +0800] "GET /xingrg/login.html HTTP/1.1" 200 7641
116.235.93.82 - - [09/Nov/2022:10:47:03 +0800] "GET /xingrg/all/function/internal_message.html?_=1667962243812&CODE_STATE=getMsg HTTP/1.1" 200 27
114.95.46.117 - - [09/Nov/2022:10:47:04 +0800] "GET /xingrg/all/function/internal_message.html?_=1667961880578&CODE_STATE=getMsg HTTP/1.1" 200 27
218.81.217.29 - - [09/Nov/2022:10:47:04 +0800] "GET /xingrg/all/function/internal_message.html?_=1667962040185&CODE_STATE=getMsg HTTP/1.1" 200 27
61.170.233.146 - - [09/Nov/2022:10:47:05 +0800] "GET /xingrg/kc/buy/cgsh_order_operate.html?command=get_materiel&rest_code=00106&code=00101008168&supplier_code=00100007&order_time=2022-11-09 HTTP/1.1" 200 413
58.35.213.73 - - [09/Nov/2022:10:47:05 +0800] "POST /xingrg/services/DataTransmitService HTTP/1.1" 200 524
114.88.159.190 - - [09/Nov/2022:10:47:06 +0800] "GET /xingrg/kc/buy/cgsh_order_operate.html?command=get_materiel&rest_code=00141&code=00101008509&supplier_code=00100450&order_time=2022-11-09 HTTP/1.1" 200 410
58.35.213.73 - - [09/Nov/2022:10:47:09 +0800] "POST /xingrg/services/DataTransmitService HTTP/1.1" 200 501
114.83.219.57 - - [09/Nov/2022:10:47:11 +0800] "GET /xingrg/kc/buy/cgsh_order_operate.html?command=get_materiel&rest_code=00154&code=00101006183&supplier_code=00100419&order_time=2022-11-09 HTTP/1.1" 200 408
61.170.233.146 - - [09/Nov/2022:10:47:12 +0800] "GET /xingrg/kc/buy/cgsh_order_operate.html?command=get_materiel&rest_code=00106&code=00101008706&supplier_code=00100007&order_time=2022-11-09 HTTP/1.1" 200 398
180.169.147.146 - - [09/Nov/2022:10:47:15 +0800] "GET /xingrg/all/function/internal_message.html?_=1667962040786&CODE_STATE=getMsg HTTP/1.1" 200 27
114.83.219.57 - - [09/Nov/2022:10:47:15 +0800] "GET /xingrg/all/function/internal_message.html?_=1667962158000&CODE_STATE=getMsg HTTP/1.1" 200 27
180.162.229.95 - - [09/Nov/2022:10:47:17 +0800] "GET /xingrg/all/function/internal_message.html?_=1667962043363&CODE_STATE=getMsg HTTP/1.1" 200 27
180.163.30.76 - - [09/Nov/2022:10:47:18 +0800] "GET /xingrg/kc/buy/cgsh_order_operate.html?command=get_materiel&rest_code=00106&code=00101008095&supplier_code=00100007&order_time=2022-11-09 HTTP/1.1" 302 -
180.163.30.76 - - [09/Nov/2022:10:47:18 +0800] "GET /xingrg/login.html HTTP/1.1" 200 7641
114.83.219.194 - - [09/Nov/2022:10:47:18 +0800] "GET /xingrg/all/function/internal_message.html?_=1667962043712&CODE_STATE=getMsg HTTP/1.1" 200 27
114.83.219.57 - - [09/Nov/2022:10:47:25 +0800] "GET /xingrg/kc/buy/cgsh_order_operate.html?command=get_materiel&rest_code=00154&code=00101006177&supplier_code=00100419&order_time=2022-11-09 HTTP/1.1" 200 411
114.88.159.190 - - [09/Nov/2022:10:47:26 +0800] "GET /xingrg/kc/buy/cgsh_order_operate.html?command=get_materiel&rest_code=00141&code=00101008593&supplier_code=00100450&order_time=2022-11-09 HTTP/1.1" 200 418
180.163.29.219 - - [09/Nov/2022:10:47:26 +0800] "GET /xingrg/kc/buy/cgsh_order_operate.html?command=get_materiel&rest_code=00106&code=00101008110&supplier_code=00100007&order_time=2022-11-09 HTTP/1.1" 302 -
180.169.147.146 - - [09/Nov/2022:10:47:26 +0800] "GET /xingrg/all/function/internal_message.html?_=1667962052716&CODE_STATE=getMsg HTTP/1.1" 200 27
180.163.29.219 - - [09/Nov/2022:10:47:29 +0800] "GET /xingrg/login.html HTTP/1.1" 200 7641
116.238.139.35 - - [09/Nov/2022:10:47:30 +0800] "GET /xingrg/all/function/internal_message.html?_=1667961978113&CODE_STATE=getMsg HTTP/1.1" 200 27
58.221.95.50 - - [09/Nov/2022:10:47:32 +0800] "GET /xingrg/all/function/internal_message.html?_=1667962043419&CODE_STATE=getMsg HTTP/1.1" 200 27
180.162.229.95 - - [09/Nov/2022:10:47:33 +0800] "GET /xingrg/all/function/internal_message.html?_=1667962077824&CODE_STATE=getMsg HTTP/1.1" 200 27
180.163.28.114 - - [09/Nov/2022:10:47:35 +0800] "GET /xingrg/kc/buy/cgsh_order_operate.html?command=get_materiel&rest_code=00106&code=00101008041&supplier_code=00100007&order_time=2022-11-09 HTTP/1.1" 302 -
180.163.28.114 - - [09/Nov/2022:10:47:35 +0800] "GET /xingrg/login.html HTTP/1.1" 200 7641
116.230.105.139 - - [09/Nov/2022:10:47:35 +0800] "GET /xingrg/all/function/internal_message.html?_=1667962054860&CODE_STATE=getMsg HTTP/1.1" 200 27
114.83.219.57 - - [09/Nov/2022:10:47:39 +0800] "POST /xingrg/kc/buy/cgsh_order_operate.html HTTP/1.1" 200 37
114.88.159.190 - - [09/Nov/2022:10:47:41 +0800] "GET /xingrg/kc/buy/cgsh_order_operate.html?command=get_materiel&rest_code=00141&code=00101009079&supplier_code=00100450&order_time=2022-11-09 HTTP/1.1" 200 409
61.170.233.146 - - [09/Nov/2022:10:47:43 +0800] "GET /xingrg/kc/buy/cgsh_order_operate.html?command=get_materiel&rest_code=00106&code=00101008114&supplier_code=00100007&order_time=2022-11-09 HTTP/1.1" 200 412
101.85.95.132 - - [09/Nov/2022:10:47:44 +0800] "GET /xingrg/all/function/internal_message.html?_=1667962068415&CODE_STATE=getMsg HTTP/1.1" 200 27
180.163.28.55 - - [09/Nov/2022:10:47:44 +0800] "GET /xingrg/kc/buy/cgsh_order_operate.html?command=get_materiel&rest_code=00106&code=00101008145&supplier_code=00100007&order_time=2022-11-09 HTTP/1.1" 302 -
180.163.28.55 - - [09/Nov/2022:10:47:44 +0800] "GET /xingrg/login.html HTTP/1.1" 200 7641
114.83.219.57 - - [09/Nov/2022:10:47:46 +0800] "POST /xingrg/kc/buy/cgsh_order_operate.html HTTP/1.1" 200 12
114.83.219.57 - - [09/Nov/2022:10:47:47 +0800] "GET /xingrg/kc/buy/cgsh_order_info.html?code=212022110902726 HTTP/1.1" 200 63376
114.83.219.57 - - [09/Nov/2022:10:47:47 +0800] "GET /xingrg/javascript/easyui/themes/default/validatebox.css HTTP/1.1" 404 1104
58.40.7.146 - - [09/Nov/2022:10:47:48 +0800] "GET /xingrg/all/function/internal_message.html?_=1667962074209&CODE_STATE=getMsg HTTP/1.1" 200 27
58.40.7.146 - - [09/Nov/2022:10:47:48 +0800] "GET /xingrg/check_reg.html?_=1667962074210 HTTP/1.1" 200 22
116.238.139.35 - - [09/Nov/2022:10:47:48 +0800] "GET /xingrg/check_reg.html?_=1667962074852 HTTP/1.1" 200 22
116.238.139.35 - - [09/Nov/2022:10:47:48 +0800] "GET /xingrg/all/function/internal_message.html?_=1667962074855&CODE_STATE=getMsg HTTP/1.1" 200 27
114.83.219.57 - - [09/Nov/2022:10:47:48 +0800] "POST /xingrg/kc/buy/cgsh_order_operate.html HTTP/1.1" 200 1191
180.163.30.100 - - [09/Nov/2022:10:47:53 +0800] "GET /xingrg/kc/buy/cgsh_order_operate.html?command=get_materiel&rest_code=00106&code=00101008223&supplier_code=00100007&order_time=2022-11-09 HTTP/1.1" 302 -
180.163.30.100 - - [09/Nov/2022:10:47:53 +0800] "GET /xingrg/login.html HTTP/1.1" 200 7641
61.170.233.146 - - [09/Nov/2022:10:47:55 +0800] "POST /xingrg/kc/buy/cgsh_order_operate.html HTTP/1.1" 200 37
114.83.219.57 - - [09/Nov/2022:10:47:55 +0800] "GET /xingrg/kc/print/load_data.html?order_code=212022110902726&kc_code=cgsh&condition= HTTP/1.1" 200 2278
114.88.159.190 - - [09/Nov/2022:10:47:56 +0800] "GET /xingrg/all/function/internal_message.html?_=1667961695234&CODE_STATE=getMsg HTTP/1.1" 200 27
61.170.233.146 - - [09/Nov/2022:10:47:56 +0800] "POST /xingrg/kc/buy/cgsh_order_operate.html HTTP/1.1" 200 31040
61.170.233.146 - - [09/Nov/2022:10:48:00 +0800] "POST /xingrg/kc/buy/cgsh_list_operate.html HTTP/1.1" 200 3133
61.170.233.146 - - [09/Nov/2022:10:48:01 +0800] "POST /xingrg/kc/buy/cgsh_list_operate.html HTTP/1.1" 200 202
61.170.233.146 - - [09/Nov/2022:10:48:02 +0800] "GET /xingrg/login.html?r=1 HTTP/1.1" 200 7641
61.170.233.146 - - [09/Nov/2022:10:48:02 +0800] "GET /favicon.ico HTTP/1.1" 404 -
61.170.233.146 - - [09/Nov/2022:10:48:02 +0800] "POST /xingrg/kc/buy/cgsh_list_operate.html HTTP/1.1" 200 564
61.170.233.146 - - [09/Nov/2022:10:48:03 +0800] "GET /xingrg/all/function/internal_message.html?_=1667962087958&CODE_STATE=getMsg HTTP/1.1" 200 27
180.163.28.109 - - [09/Nov/2022:10:48:03 +0800] "GET /xingrg/kc/buy/cgsh_order_operate.html?command=get_materiel&rest_code=00106&code=00101008168&supplier_code=00100007&order_time=2022-11-09 HTTP/1.1" 302 -
180.163.28.109 - - [09/Nov/2022:10:48:03 +0800] "GET /xingrg/login.html HTTP/1.1" 200 7641
180.163.30.76 - - [09/Nov/2022:10:48:03 +0800] "GET /xingrg/all/function/internal_message.html?_=1667962027990&CODE_STATE=getMsg HTTP/1.1" 302 -
180.163.30.76 - - [09/Nov/2022:10:48:03 +0800] "GET /xingrg/login.html HTTP/1.1" 200 7641
61.170.233.146 - - [09/Nov/2022:10:48:03 +0800] "GET /xingrg/kc/buy/cgsh_order_info.html?code=212022110802353 HTTP/1.1" 200 69270
116.235.93.82 - - [09/Nov/2022:10:48:03 +0800] "GET /xingrg/check_reg.html?_=1667962303807 HTTP/1.1" 200 22
116.235.93.82 - - [09/Nov/2022:10:48:03 +0800] "GET /xingrg/all/function/internal_message.html?_=1667962303808&CODE_STATE=getMsg HTTP/1.1" 200 27
114.95.46.117 - - [09/Nov/2022:10:48:04 +0800] "GET /xingrg/all/function/internal_message.html?_=1667961940570&CODE_STATE=getMsg HTTP/1.1" 200 27
61.170.233.146 - - [09/Nov/2022:10:48:04 +0800] "GET /xingrg/javascript/easyui/themes/default/validatebox.css HTTP/1.1" 404 1104
61.170.233.146 - - [09/Nov/2022:10:48:04 +0800] "POST /xingrg/login.do HTTP/1.1" 302 -
61.170.233.146 - - [09/Nov/2022:10:48:04 +0800] "GET /xingrg/index.html?sysBaseUrl=http%3A%2F%2F180.169.147.146%3A18081%2Fxingrg%2F&costTime=39×tamp=1667962084449 HTTP/1.1" 200 17173
61.170.233.146 - - [09/Nov/2022:10:48:04 +0800] "GET /favicon.ico HTTP/1.1" 404 -
218.81.217.29 - - [09/Nov/2022:10:48:04 +0800] "GET /xingrg/all/function/internal_message.html?_=1667962100365&CODE_STATE=getMsg HTTP/1.1" 200 27
61.170.233.146 - - [09/Nov/2022:10:48:04 +0800] "POST /xingrg/all/common/load_tree.html?tree=area_rest_tree_json&manage=1 HTTP/1.1" 200 342
61.170.233.146 - - [09/Nov/2022:10:48:04 +0800] "GET /xingrg/check_reg.html?_=1667962091973 HTTP/1.1" 200 22
61.170.233.146 - - [09/Nov/2022:10:48:04 +0800] "GET /xingrg/all/function/internal_message.html?_=1667962091972&CODE_STATE=count HTTP/1.1" 200 11
61.170.233.146 - - [09/Nov/2022:10:48:04 +0800] "POST /xingrg/load_menu.html HTTP/1.1" 200 5138
58.221.95.50 - - [09/Nov/2022:10:48:05 +0800] "GET /xingrg/check_reg.html?_=1667962076425 HTTP/1.1" 200 22
61.170.233.146 - - [09/Nov/2022:10:48:05 +0800] "POST /xingrg/kc/buy/cgsh_order_operate.html HTTP/1.1" 200 25123
61.170.233.146 - - [09/Nov/2022:10:48:06 +0800] "GET /xingrg/kc/base/base_main.html HTTP/1.1" 200 12142
61.170.233.146 - - [09/Nov/2022:10:48:08 +0800] "GET /xingrg/kc/base/wldb_order_list.html HTTP/1.1" 200 19060
61.170.233.146 - - [09/Nov/2022:10:48:08 +0800] "POST /xingrg/kc/base/wldb_list_operate.html HTTP/1.1" 200 4581
180.163.28.68 - - [09/Nov/2022:10:48:10 +0800] "GET /xingrg/kc/buy/cgsh_order_operate.html?command=get_materiel&rest_code=00106&code=00101008706&supplier_code=00100007&order_time=2022-11-09 HTTP/1.1" 302 -
180.163.28.68 - - [09/Nov/2022:10:48:10 +0800] "GET /xingrg/login.html HTTP/1.1" 200 7641
114.88.159.190 - - [09/Nov/2022:10:48:10 +0800] "GET /xingrg/kc/buy/cgsh_order_operate.html?command=get_materiel&rest_code=00141&code=00101008568&supplier_code=00100450&order_time=2022-11-09 HTTP/1.1" 200 413
61.170.233.146 - - [09/Nov/2022:10:48:13 +0800] "POST /xingrg/kc/buy/cgsh_order_operate.html HTTP/1.1" 200 37
180.169.147.146 - - [09/Nov/2022:10:48:15 +0800] "GET /xingrg/all/function/internal_message.html?_=1667962100796&CODE_STATE=getMsg HTTP/1.1" 200 27
116.238.139.35 - - [09/Nov/2022:10:48:16 +0800] "GET /xingrg/check_reg.html?_=1667962024667 HTTP/1.1" 200 22
116.238.139.35 - - [09/Nov/2022:10:48:16 +0800] "GET /xingrg/kc/base/wldb_order_list.html HTTP/1.1" 200 19066
116.238.139.35 - - [09/Nov/2022:10:48:17 +0800] "POST /xingrg/kc/base/wldb_list_operate.html HTTP/1.1" 200 928
