116.230.105.139 - - [09/Nov/2022:11:03:35 +0800] "GET /xingrg/all/function/internal_message.html?_=1667963014867&CODE_STATE=getMsg HTTP/1.1" 200 27
114.83.219.194 - - [09/Nov/2022:11:03:38 +0800] "GET /xingrg/kc/buy/cgsh_order_operate.html?command=get_materiel&rest_code=00149&code=00101010092&supplier_code=00100036&order_time=2022-11-09 HTTP/1.1" 200 449
101.85.95.132 - - [09/Nov/2022:11:03:44 +0800] "GET /xingrg/all/function/internal_message.html?_=1667963028415&CODE_STATE=getMsg HTTP/1.1" 200 27
222.64.58.197 - - [09/Nov/2022:11:03:45 +0800] "POST /xingrg/services/DataTransmitService HTTP/1.1" 200 524
222.64.58.197 - - [09/Nov/2022:11:03:46 +0800] "POST /xingrg/services/DataTransmitService HTTP/1.1" 200 412
180.169.147.146 - - [09/Nov/2022:11:03:47 +0800] "GET /xingrg/all/report/report_query.html?fileName=kc/base/crk_book_by_base.xml&rh=9999 HTTP/1.1" 200 58038
180.169.147.146 - - [09/Nov/2022:11:03:47 +0800] "GET /xingrg/dwr/interface/AjaxReportQueryService.js HTTP/1.1" 200 13203
180.169.147.146 - - [09/Nov/2022:11:03:47 +0800] "GET /xingrg/dwr/engine.js HTTP/1.1" 200 43631
180.169.147.146 - - [09/Nov/2022:11:03:47 +0800] "POST /xingrg/dwr/call/plaincall/AjaxReportQueryService.getFixDate.dwr HTTP/1.1" 200 111
180.169.147.146 - - [09/Nov/2022:11:03:47 +0800] "POST /xingrg/all/common/load_tree.html?tree=materiel_sort_tree_json HTTP/1.1" 200 9500
120.253.135.82 - - [09/Nov/2022:11:03:48 +0800] "GET /xingrg/all/function/internal_message.html?_=1667963120692&CODE_STATE=getMsg HTTP/1.1" 200 27
58.40.7.146 - - [09/Nov/2022:11:03:48 +0800] "GET /xingrg/all/function/internal_message.html?_=1667963034224&CODE_STATE=getMsg HTTP/1.1" 200 27
180.169.147.146 - - [09/Nov/2022:11:03:48 +0800] "POST /xingrg/dwr/call/plaincall/AjaxReportQueryService.getInitString.dwr HTTP/1.1" 200 1083
116.238.139.35 - - [09/Nov/2022:11:03:48 +0800] "GET /xingrg/all/function/internal_message.html?_=1667963034900&CODE_STATE=getMsg HTTP/1.1" 200 27
114.83.219.194 - - [09/Nov/2022:11:03:51 +0800] "POST /xingrg/kc/buy/cgsh_order_operate.html HTTP/1.1" 200 37
114.83.219.194 - - [09/Nov/2022:11:03:55 +0800] "POST /xingrg/kc/buy/cgsh_order_operate.html HTTP/1.1" 200 12
114.88.159.190 - - [09/Nov/2022:11:03:56 +0800] "GET /xingrg/all/function/internal_message.html?_=1667962655244&CODE_STATE=getMsg HTTP/1.1" 200 27
180.169.147.146 - - [09/Nov/2022:11:03:58 +0800] "GET /xingrg/kc/base/crk_hz.html HTTP/1.1" 200 11247
180.169.147.146 - - [09/Nov/2022:11:03:58 +0800] "POST /xingrg/kc/cost/cost_operate.html?command=get_base_tree HTTP/1.1" 200 2722
180.169.147.146 - - [09/Nov/2022:11:03:58 +0800] "POST /xingrg/all/common/load_tree.html?tree=materiel_sort_tree_json HTTP/1.1" 200 9500
114.83.219.194 - - [09/Nov/2022:11:04:00 +0800] "GET /xingrg/kc/buy/cgsh_order_info.html?code=212022110902740 HTTP/1.1" 200 64260
114.83.219.194 - - [09/Nov/2022:11:04:01 +0800] "GET /xingrg/javascript/easyui/themes/default/validatebox.css HTTP/1.1" 404 1104
114.83.219.194 - - [09/Nov/2022:11:04:02 +0800] "POST /xingrg/kc/buy/cgsh_order_operate.html HTTP/1.1" 200 1208
116.235.93.82 - - [09/Nov/2022:11:04:03 +0800] "GET /xingrg/all/function/internal_message.html?_=1667963263833&CODE_STATE=getMsg HTTP/1.1" 200 27
114.95.46.117 - - [09/Nov/2022:11:04:04 +0800] "GET /xingrg/all/function/internal_message.html?_=1667962900351&CODE_STATE=getMsg HTTP/1.1" 200 27
61.170.233.146 - - [09/Nov/2022:11:04:05 +0800] "GET /xingrg/check_reg.html?_=1667963050329 HTTP/1.1" 200 22
218.81.217.29 - - [09/Nov/2022:11:04:05 +0800] "GET /xingrg/all/function/internal_message.html?_=1667963061525&CODE_STATE=getMsg HTTP/1.1" 200 27
114.83.219.194 - - [09/Nov/2022:11:04:07 +0800] "GET /xingrg/kc/print/load_data.html?order_code=212022110902740&kc_code=cgsh&condition= HTTP/1.1" 200 1017
180.162.109.76 - - [09/Nov/2022:11:04:07 +0800] "GET /xingrg/kc/buy/cgsh_order_operate.html?command=get_materiel&rest_code=00143&code=00101008353&supplier_code=00100161&order_time=2022-11-09 HTTP/1.1" 200 408
61.170.233.146 - - [09/Nov/2022:11:04:10 +0800] "GET /xingrg/all/function/internal_message.html?_=1667963055898&CODE_STATE=getMsg HTTP/1.1" 200 27
180.163.30.76 - - [09/Nov/2022:11:04:11 +0800] "GET /xingrg/all/function/internal_message.html?_=1667962995918&CODE_STATE=getMsg HTTP/1.1" 302 -
180.163.30.76 - - [09/Nov/2022:11:04:11 +0800] "GET /xingrg/login.html HTTP/1.1" 200 7641
180.162.229.95 - - [09/Nov/2022:11:04:17 +0800] "GET /xingrg/all/function/internal_message.html?_=1667963063390&CODE_STATE=getMsg HTTP/1.1" 200 27
180.162.229.95 - - [09/Nov/2022:11:04:18 +0800] "GET /xingrg/check_reg.html?_=1667963063593 HTTP/1.1" 200 22
114.83.219.194 - - [09/Nov/2022:11:04:18 +0800] "GET /xingrg/all/function/internal_message.html?_=1667963064109&CODE_STATE=getMsg HTTP/1.1" 200 27
116.230.105.139 - - [09/Nov/2022:11:04:19 +0800] "GET /xingrg/kc/base/crk_hz.html HTTP/1.1" 200 11247
116.230.105.139 - - [09/Nov/2022:11:04:19 +0800] "POST /xingrg/kc/cost/cost_operate.html?command=get_base_tree HTTP/1.1" 200 2722
116.230.105.139 - - [09/Nov/2022:11:04:19 +0800] "POST /xingrg/all/common/load_tree.html?tree=materiel_sort_tree_json HTTP/1.1" 200 9500
180.169.147.146 - - [09/Nov/2022:11:04:21 +0800] "GET /xingrg/all/function/internal_message.html?_=1667963066647&CODE_STATE=getMsg HTTP/1.1" 200 27
116.230.105.139 - - [09/Nov/2022:11:04:21 +0800] "GET /xingrg/all/common/get_data_part.html?part=previousMonth&_=1667963068024 HTTP/1.1" 200 41
180.162.109.76 - - [09/Nov/2022:11:04:23 +0800] "GET /xingrg/kc/buy/cgsh_order_operate.html?command=get_materiel&rest_code=00143&code=00101008351&supplier_code=00100161&order_time=2022-11-09 HTTP/1.1" 200 408
180.169.147.146 - - [09/Nov/2022:11:04:24 +0800] "GET /xingrg/kc/base/crk_hz.html?_=1667963069004&command=get_cost_id&end_date=2022-10-31&start_date=2022-10-01 HTTP/1.1" 200 51
180.169.147.146 - - [09/Nov/2022:11:04:24 +0800] "GET /xingrg/all/report/report_query.html?isQuery=1&onlyBody=1&rh=99999&rw=1800&varString=start:20221001,cost_id:3974,mid:20221001&fileName=kc/base/crk_hz_type_by_base.xml&queryString=%20a.base_code%20in%20('0010378')%20%20and%20m.sort_code%20in%20('00101001','00101002','00101003','00101004','00101005','00101006','00101007','00101008','00101009','00101010','00101011','00101012','00101013','00101014','00101015','00101016','00101017','00101018','00101019','00101020','00101021','00101022','00101023','00101024','00101025','00101026','00101027','00101028','00101029','00101030','00101031','00101032','00101033','00101034','00101036','00101037','00101038','00101039','00101040','00101041','00101042','00101043')%20&queryText=ÈÕÆÚ£º2022-10-01ÖÁ2022-10-31%20²Ö¿â£ºÔÁ²Ë&tableQueryString=materiel_table$sp1$$sp$before_table$sp1$$sp$crk_table$sp1$order_day%20between%2020221001%20and%2020221031 HTTP/1.1" 200 49884
180.169.147.146 - - [09/Nov/2022:11:04:24 +0800] "GET /xingrg/dwr/interface/AjaxReportQueryService.js HTTP/1.1" 200 13203
180.169.147.146 - - [09/Nov/2022:11:04:24 +0800] "GET /xingrg/dwr/engine.js HTTP/1.1" 200 43631
180.169.147.146 - - [09/Nov/2022:11:04:24 +0800] "POST /xingrg/all/report/load_report_page.html HTTP/1.1" 200 95096
180.169.147.146 - - [09/Nov/2022:11:04:24 +0800] "GET /xingrg/servlets/image?cache=0.060007180094468926&image=px HTTP/1.1" 200 807
180.162.109.76 - - [09/Nov/2022:11:04:26 +0800] "GET /xingrg/check_reg.html?_=1667962129082 HTTP/1.1" 200 22
180.162.109.76 - - [09/Nov/2022:11:04:26 +0800] "GET /xingrg/all/function/internal_message.html?_=1667962129085&CODE_STATE=getMsg HTTP/1.1" 200 27
180.169.147.146 - - [09/Nov/2022:11:04:26 +0800] "GET /xingrg/all/function/internal_message.html?_=1667963072733&CODE_STATE=getMsg HTTP/1.1" 200 27
180.169.147.146 - - [09/Nov/2022:11:04:27 +0800] "GET /xingrg/all/report/report_query.html?isQuery=1&fileName=kc/base/crk_detail_by_small.xml&rh=99999&queryString=&queryText=%25E3%2580%2590%25E4%25BB%2593%25E5%25BA%2593%25E5%2590%258D%25E7%25A7%25B0%253A%25E7%25B2%25A4%25E8%258F%259C%25E3%2580%2591%25E3%2580%2590%25E4%25B8%259A%25E5%258A%25A1%25E7%25B1%25BB%25E5%259E%258B%25EF%25BC%259A%25E9%2587%2587%25E8%25B4%25AD%25E5%2585%25A5%25E5%25BA%2593%25E3%2580%2591%2520%253F%253F%253F%253F%253F2022-10-01%253F%253F2022-10-31%2520%253F%253F%253F%253F%253F%253F%253F&tableQueryString=crk_table%2524sp1%2524order_day%2520between%252020221001%2520and%252020221031%2520and%2520(base_code%253D'0010378')%2520and%2520(src_order_type%2520in%2520(21))%2520and%2520(is_rk%2520in%2520(1)) HTTP/1.1" 200 53778
180.169.147.146 - - [09/Nov/2022:11:04:27 +0800] "GET /xingrg/dwr/interface/AjaxReportQueryService.js HTTP/1.1" 200 13203
180.169.147.146 - - [09/Nov/2022:11:04:27 +0800] "GET /xingrg/dwr/engine.js HTTP/1.1" 200 43631
116.230.105.139 - - [09/Nov/2022:11:04:27 +0800] "GET /xingrg/all/function/internal_message.html?_=1667963073506&CODE_STATE=getMsg HTTP/1.1" 200 27
180.169.147.146 - - [09/Nov/2022:11:04:27 +0800] "POST /xingrg/all/report/load_report_page.html HTTP/1.1" 200 76166
180.169.147.146 - - [09/Nov/2022:11:04:27 +0800] "GET /xingrg/servlets/image?cache=0.17303016153617135&image=px HTTP/1.1" 200 807
180.169.147.146 - - [09/Nov/2022:11:04:29 +0800] "POST /xingrg/all/report/load_report_page.html HTTP/1.1" 200 864213
180.169.147.146 - - [09/Nov/2022:11:04:30 +0800] "GET /xingrg/servlets/image?cache=0.4784249925929751&image=px HTTP/1.1" 200 807
116.238.139.35 - - [09/Nov/2022:11:04:30 +0800] "GET /xingrg/all/function/internal_message.html?_=1667962998364&CODE_STATE=getMsg HTTP/1.1" 200 27
114.83.219.57 - - [09/Nov/2022:11:04:31 +0800] "GET /xingrg/all/function/internal_message.html?_=1667963193279&CODE_STATE=getMsg HTTP/1.1" 200 27
58.221.95.50 - - [09/Nov/2022:11:04:32 +0800] "GET /xingrg/all/function/internal_message.html?_=1667963063849&CODE_STATE=getMsg HTTP/1.1" 200 27
120.253.135.82 - - [09/Nov/2022:11:04:32 +0800] "GET /xingrg/javascript/jquery_easy_ui/themes/icons/area.png HTTP/1.1" 304 -
120.253.135.82 - - [09/Nov/2022:11:04:32 +0800] "GET /xingrg/javascript/jquery_easy_ui/themes/icons/manage.png HTTP/1.1" 304 -
120.253.135.82 - - [09/Nov/2022:11:04:32 +0800] "GET /xingrg/kc/pszx/jzcl_ps.html HTTP/1.1" 200 7683
120.253.135.82 - - [09/Nov/2022:11:04:32 +0800] "GET /xingrg/javascript/step/step.css HTTP/1.1" 304 -
120.253.135.82 - - [09/Nov/2022:11:04:32 +0800] "GET /xingrg/css/table.css HTTP/1.1" 304 -
120.253.135.82 - - [09/Nov/2022:11:04:32 +0800] "GET /xingrg/javascript/step/images/navCurrentBtn.gif HTTP/1.1" 304 -
120.253.135.82 - - [09/Nov/2022:11:04:32 +0800] "GET /xingrg/javascript/jquery_easy_ui/themes/default/images/button_a_bg.gif HTTP/1.1" 304 -
120.253.135.82 - - [09/Nov/2022:11:04:32 +0800] "GET /xingrg/javascript/jquery_easy_ui/themes/default/images/button_span_bg.gif HTTP/1.1" 304 -
180.162.229.95 - - [09/Nov/2022:11:04:32 +0800] "GET /xingrg/all/function/internal_message.html?_=1667963097335&CODE_STATE=getMsg HTTP/1.1" 200 27
120.253.135.82 - - [09/Nov/2022:11:04:32 +0800] "GET /xingrg/javascript/jquery_easy_ui/themes/icons/search.png HTTP/1.1" 304 -
120.253.135.82 - - [09/Nov/2022:11:04:32 +0800] "GET /xingrg/javascript/jquery_easy_ui/themes/default/images/combo_arrow_dot.gif HTTP/1.1" 304 -
120.253.135.82 - - [09/Nov/2022:11:04:32 +0800] "POST /xingrg/all/common/load_tree.html?tree=area_rest_tree_json HTTP/1.1" 200 3493
120.253.135.82 - - [09/Nov/2022:11:04:32 +0800] "GET /xingrg/javascript/jquery_easy_ui/themes/default/images/calendar_prevyear.gif HTTP/1.1" 304 -
120.253.135.82 - - [09/Nov/2022:11:04:32 +0800] "GET /xingrg/javascript/jquery_easy_ui/themes/default/images/calendar_nextyear.gif HTTP/1.1" 304 -
120.253.135.82 - - [09/Nov/2022:11:04:32 +0800] "GET /xingrg/javascript/jquery_easy_ui/themes/default/images/calendar_prevmonth.gif HTTP/1.1" 304 -
120.253.135.82 - - [09/Nov/2022:11:04:32 +0800] "GET /xingrg/javascript/jquery_easy_ui/themes/default/images/calendar_nextmonth.gif HTTP/1.1" 304 -
120.253.135.82 - - [09/Nov/2022:11:04:32 +0800] "GET /xingrg/images/control/ajaxLoader.gif HTTP/1.1" 304 -
120.253.135.82 - - [09/Nov/2022:11:04:33 +0800] "GET /xingrg/javascript/jquery_easy_ui/themes/default/images/datagrid_header_bg.gif HTTP/1.1" 304 -
120.253.135.82 - - [09/Nov/2022:11:04:33 +0800] "GET /xingrg/javascript/jquery_easy_ui/themes/default/images/pagination_loading.gif HTTP/1.1" 304 -
120.253.135.82 - - [09/Nov/2022:11:04:33 +0800] "GET /xingrg/javascript/jquery_easy_ui/themes/default/images/tree_checkbox_0.gif HTTP/1.1" 304 -
120.253.135.82 - - [09/Nov/2022:11:04:33 +0800] "POST /xingrg/kc/pszx/jzcl_ps_operate.html HTTP/1.1" 200 877
120.253.135.82 - - [09/Nov/2022:11:04:33 +0800] "POST /xingrg/kc/pszx/jzcl_ps_operate.html HTTP/1.1" 200 877
120.253.135.82 - - [09/Nov/2022:11:04:34 +0800] "GET /xingrg/javascript/jquery_easy_ui/themes/icons/rest.png HTTP/1.1" 304 -
116.230.105.139 - - [09/Nov/2022:11:04:35 +0800] "GET /xingrg/all/function/internal_message.html?_=1667963074867&CODE_STATE=getMsg HTTP/1.1" 200 27
180.162.109.76 - - [09/Nov/2022:11:04:36 +0800] "GET /xingrg/kc/buy/cgsh_order_operate.html?command=get_materiel&rest_code=00143&code=00101008357&supplier_code=00100161&order_time=2022-11-09 HTTP/1.1" 200 408
120.253.135.82 - - [09/Nov/2022:11:04:39 +0800] "POST /xingrg/kc/pszx/jzcl_ps_operate.html HTTP/1.1" 200 4
120.253.135.82 - - [09/Nov/2022:11:04:39 +0800] "GET /xingrg/javascript/step/images/navLastDoneBtn.gif HTTP/1.1" 304 -
120.253.135.82 - - [09/Nov/2022:11:04:39 +0800] "GET /xingrg/javascript/step/images/navDoneBtn.gif HTTP/1.1" 304 -
101.85.95.132 - - [09/Nov/2022:11:04:44 +0800] "GET /xingrg/all/function/internal_message.html?_=1667963088415&CODE_STATE=getMsg HTTP/1.1" 200 27
58.40.7.146 - - [09/Nov/2022:11:04:48 +0800] "GET /xingrg/all/function/internal_message.html?_=1667963094227&CODE_STATE=getMsg HTTP/1.1" 200 27
116.238.139.35 - - [09/Nov/2022:11:04:48 +0800] "GET /xingrg/all/function/internal_message.html?_=1667963094900&CODE_STATE=getMsg HTTP/1.1" 200 27
180.162.229.95 - - [09/Nov/2022:11:04:50 +0800] "GET /xingrg/kc/base/wldb_order_list.html HTTP/1.1" 200 19060
180.162.229.95 - - [09/Nov/2022:11:04:50 +0800] "POST /xingrg/kc/base/wldb_list_operate.html HTTP/1.1" 200 928
180.162.109.76 - - [09/Nov/2022:11:04:54 +0800] "GET /xingrg/kc/buy/cgsh_order_operate.html?command=get_materiel&rest_code=00143&code=00101008264&supplier_code=00100161&order_time=2022-11-09 HTTP/1.1" 200 412
180.162.229.95 - - [09/Nov/2022:11:04:55 +0800] "POST /xingrg/kc/base/wldb_list_operate.html HTTP/1.1" 200 6097
114.88.159.190 - - [09/Nov/2022:11:04:56 +0800] "GET /xingrg/check_reg.html?_=1667962715234 HTTP/1.1" 200 22
114.88.159.190 - - [09/Nov/2022:11:04:56 +0800] "GET /xingrg/all/function/internal_message.html?_=1667962715236&CODE_STATE=getMsg HTTP/1.1" 200 27
120.253.135.82 - - [09/Nov/2022:11:04:56 +0800] "GET /xingrg/kc/pszx/mdps_order_list.html HTTP/1.1" 200 20946
120.253.135.82 - - [09/Nov/2022:11:04:56 +0800] "GET /xingrg/css/base.css HTTP/1.1" 304 -
120.253.135.82 - - [09/Nov/2022:11:04:56 +0800] "GET /xingrg/javascript/jquery_tools/jquery.tools.table.js HTTP/1.1" 304 -
120.253.135.82 - - [09/Nov/2022:11:04:56 +0800] "GET /xingrg/javascript/jquery_tools/datebox.css HTTP/1.1" 304 -
120.253.135.82 - - [09/Nov/2022:11:04:56 +0800] "GET /xingrg/css/site.css HTTP/1.1" 304 -
120.253.135.82 - - [09/Nov/2022:11:04:56 +0800] "GET /xingrg/javascript/easyui/themes/default/easyui.css HTTP/1.1" 304 -
120.253.135.82 - - [09/Nov/2022:11:04:56 +0800] "GET /xingrg/javascript/auto/jquery.autocomplete.css HTTP/1.1" 304 -
120.253.135.82 - - [09/Nov/2022:11:04:56 +0800] "GET /xingrg/javascript/easyui/themes/icon.css HTTP/1.1" 304 -
120.253.135.82 - - [09/Nov/2022:11:04:56 +0800] "GET /xingrg/javascript/jquery_tools/fix.css HTTP/1.1" 304 -
120.253.135.82 - - [09/Nov/2022:11:04:56 +0800] "GET /xingrg/javascript/jquery_tools/jquery.tools.min.js HTTP/1.1" 304 -
120.253.135.82 - - [09/Nov/2022:11:04:56 +0800] "GET /xingrg/javascript/jquery_tools/table.css HTTP/1.1" 304 -
120.253.135.82 - - [09/Nov/2022:11:04:56 +0800] "GET /xingrg/javascript/jquery_tools/list_manager.js HTTP/1.1" 304 -
120.253.135.82 - - [09/Nov/2022:11:04:56 +0800] "GET /xingrg/javascript/jquery_tools/jquery.tools.extend.js HTTP/1.1" 304 -
120.253.135.82 - - [09/Nov/2022:11:04:56 +0800] "GET /xingrg/javascript/easyui/easyloader.js HTTP/1.1" 304 -
120.253.135.82 - - [09/Nov/2022:11:04:56 +0800] "GET /xingrg/javascript/jquery_tools/jquery.tools.hotkey.js HTTP/1.1" 304 -
120.253.135.82 - - [09/Nov/2022:11:04:56 +0800] "GET /xingrg/javascript/jquery.cookie.js HTTP/1.1" 304 -
120.253.135.82 - - [09/Nov/2022:11:04:56 +0800] "GET /xingrg/javascript/easyui/themes/icons/edit_add_new.png HTTP/1.1" 304 -
120.253.135.82 - - [09/Nov/2022:11:04:56 +0800] "GET /xingrg/javascript/easyui/themes/icons/cance_new.png HTTP/1.1" 304 -
120.253.135.82 - - [09/Nov/2022:11:04:56 +0800] "GET /xingrg/javascript/easyui/themes/icons/import_new.png HTTP/1.1" 304 -
120.253.135.82 - - [09/Nov/2022:11:04:56 +0800] "GET /xingrg/javascript/easyui/themes/icons/uncheck_new.png HTTP/1.1" 304 -
120.253.135.82 - - [09/Nov/2022:11:04:56 +0800] "GET /xingrg/javascript/easyui/themes/icons/check_new.png HTTP/1.1" 304 -
120.253.135.82 - - [09/Nov/2022:11:04:56 +0800] "GET /xingrg/javascript/easyui/themes/icons/field_new.png HTTP/1.1" 304 -
120.253.135.82 - - [09/Nov/2022:11:04:56 +0800] "GET /xingrg/javascript/easyui/plugins/jquery.parser.js HTTP/1.1" 304 -
120.253.135.82 - - [09/Nov/2022:11:04:56 +0800] "POST /xingrg/kc/pszx/mdps_list_operate.html HTTP/1.1" 200 5183
180.162.229.95 - - [09/Nov/2022:11:04:57 +0800] "POST /xingrg/kc/base/wldb_list_operate.html HTTP/1.1" 200 374
180.162.229.95 - - [09/Nov/2022:11:04:57 +0800] "GET /xingrg/kc/base/wldb_order_info.html?code=422022110900661 HTTP/1.1" 200 26167
120.253.135.82 - - [09/Nov/2022:11:04:57 +0800] "GET /xingrg/all/function/internal_message.html?_=1667963190034&CODE_STATE=getMsg HTTP/1.1" 200 27
180.162.229.95 - - [09/Nov/2022:11:04:57 +0800] "GET /xingrg/javascript/easyui/themes/default/validatebox.css HTTP/1.1" 404 1104
180.162.229.95 - - [09/Nov/2022:11:04:57 +0800] "POST /xingrg/kc/base/wldb_order_operate.html HTTP/1.1" 200 1469
180.169.147.146 - - [09/Nov/2022:11:05:02 +0800] "GET /xingrg/all/report/report_query.html?isQuery=1&fileName=kc/base/crk_detail_by_small.xml&rh=99999&queryString=&queryText=%25E3%2580%2590%25E4%25BB%2593%25E5%25BA%2593%25E5%2590%258D%25E7%25A7%25B0%253A%25E7%25B2%25A4%25E8%258F%259C%25E3%2580%2591%25E3%2580%2590%25E4%25B8%259A%25E5%258A%25A1%25E7%25B1%25BB%25E5%259E%258B%25EF%25BC%259A%25E9%2587%2587%25E8%25B4%25AD%25E5%2585%25A5%25E5%25BA%2593%25E3%2580%2591%2520%253F%253F%253F%253F%253F2022-10-01%253F%253F2022-10-31%2520%253F%253F%253F%253F%253F%253F%253F&tableQueryString=crk_table%2524sp1%2524order_day%2520between%252020221001%2520and%252020221031%2520and%2520(base_code%253D'0010378')%2520and%2520(src_order_type%2520in%2520(21))%2520and%2520(is_rk%2520in%2520(1)) HTTP/1.1" 200 53778
180.169.147.146 - - [09/Nov/2022:11:05:03 +0800] "GET /xingrg/dwr/interface/AjaxReportQueryService.js HTTP/1.1" 200 13203
180.169.147.146 - - [09/Nov/2022:11:05:03 +0800] "GET /xingrg/dwr/engine.js HTTP/1.1" 200 43631
180.169.147.146 - - [09/Nov/2022:11:05:03 +0800] "POST /xingrg/all/report/load_report_page.html HTTP/1.1" 200 76126
180.169.147.146 - - [09/Nov/2022:11:05:03 +0800] "GET /xingrg/servlets/image?cache=0.5364281082734357&image=px HTTP/1.1" 200 807
116.235.93.82 - - [09/Nov/2022:11:05:03 +0800] "GET /xingrg/all/function/internal_message.html?_=1667963323832&CODE_STATE=getMsg HTTP/1.1" 200 27
114.95.46.117 - - [09/Nov/2022:11:05:04 +0800] "GET /xingrg/all/function/internal_message.html?_=1667962960341&CODE_STATE=getMsg HTTP/1.1" 200 27
180.163.29.217 - - [09/Nov/2022:11:05:05 +0800] "GET /xingrg/check_reg.html?_=1667963050329 HTTP/1.1" 302 -
180.163.29.217 - - [09/Nov/2022:11:05:05 +0800] "GET /xingrg/login.html HTTP/1.1" 200 7641
114.95.46.117 - - [09/Nov/2022:11:05:05 +0800] "GET /xingrg/check_reg.html?_=1667962961721 HTTP/1.1" 200 22
180.169.147.146 - - [09/Nov/2022:11:05:05 +0800] "POST /xingrg/all/report/report_print.html HTTP/1.1" 302 -
180.169.147.146 - - [09/Nov/2022:11:05:05 +0800] "GET /xingrg/servlets/image?image=px HTTP/1.1" 200 807
180.169.147.146 - - [09/Nov/2022:11:05:05 +0800] "GET /xingrg/servlets/html?sysBaseUrl=http%3A%2F%2F180.169.147.146%3A18081%2Fxingrg%2F&costTime=73×tamp=1667963105667 HTTP/1.1" 200 77535
180.169.147.146 - - [09/Nov/2022:11:05:05 +0800] "GET /favicon.ico HTTP/1.1" 404 -
218.81.217.29 - - [09/Nov/2022:11:05:05 +0800] "GET /xingrg/all/function/internal_message.html?_=1667963121538&CODE_STATE=getMsg HTTP/1.1" 200 27
116.230.105.139 - - [09/Nov/2022:11:05:09 +0800] "GET /xingrg/kc/base/crk_hz.html?_=1667963115456&command=get_cost_id&end_date=2022-10-31&start_date=2022-10-01 HTTP/1.1" 200 51
116.230.105.139 - - [09/Nov/2022:11:05:09 +0800] "GET /xingrg/all/report/report_query.html?isQuery=1&onlyBody=1&rh=99999&rw=1800&varString=start:20221001,cost_id:3974,mid:20221001&fileName=kc/base/crk_hz_type_by_base.xml&queryString=%20a.base_code%20in%20('0010378','0010823')%20%20and%20m.sort_code%20in%20('00101001','00101002','00101003','00101004','00101005','00101006','00101007','00101008','00101009','00101010','00101011','00101012','00101013','00101014','00101015','00101016','00101017','00101018','00101019','00101020','00101021','00101022','00101023','00101024','00101025','00101026','00101027','00101028','00101029','00101030','00101031','00101032','00101033','00101034','00101036','00101037','00101038','00101039','00101040','00101041','00101042','00101043')%20&queryText=ÈÕÆÚ£º2022-10-01ÖÁ2022-10-31%20²Ö¿â£ºÔÁ²Ë,ÉÏʲ&tableQueryString=materiel_table$sp1$$sp$before_table$sp1$$sp$crk_table$sp1$order_day%20between%2020221001%20and%2020221031 HTTP/1.1" 200 49898
116.230.105.139 - - [09/Nov/2022:11:05:09 +0800] "GET /xingrg/dwr/interface/AjaxReportQueryService.js HTTP/1.1" 200 13203
120.253.135.82 - - [09/Nov/2022:11:05:09 +0800] "POST /xingrg/kc/pszx/mdps_list_operate.html HTTP/1.1" 200 5170
116.230.105.139 - - [09/Nov/2022:11:05:09 +0800] "GET /xingrg/dwr/util.js HTTP/1.1" 304 -
116.230.105.139 - - [09/Nov/2022:11:05:09 +0800] "GET /xingrg/dwr/engine.js HTTP/1.1" 200 43631
180.169.147.146 - - [09/Nov/2022:11:05:10 +0800] "POST /xingrg/all/report/load_report_page.html HTTP/1.1" 200 864213
180.169.147.146 - - [09/Nov/2022:11:05:10 +0800] "GET /xingrg/servlets/image?cache=0.6687664294313826&image=px HTTP/1.1" 200 807
61.170.233.146 - - [09/Nov/2022:11:05:10 +0800] "GET /xingrg/all/function/internal_message.html?_=1667963115877&CODE_STATE=getMsg HTTP/1.1" 200 27
180.163.29.212 - - [09/Nov/2022:11:05:10 +0800] "GET /xingrg/all/function/internal_message.html?_=1667963055898&CODE_STATE=getMsg HTTP/1.1" 302 -
116.230.105.139 - - [09/Nov/2022:11:05:11 +0800] "POST /xingrg/all/report/load_report_page.html HTTP/1.1" 200 119218
180.163.29.212 - - [09/Nov/2022:11:05:11 +0800] "GET /xingrg/login.html HTTP/1.1" 200 7641
116.230.105.139 - - [09/Nov/2022:11:05:11 +0800] "GET /xingrg/servlets/image?cache=0.023367189763163654&image=px HTTP/1.1" 200 807
180.162.109.76 - - [09/Nov/2022:11:05:14 +0800] "GET /xingrg/kc/buy/cgsh_order_operate.html?command=get_materiel&rest_code=00143&code=00101008072&supplier_code=00100161&order_time=2022-11-09 HTTP/1.1" 200 408
120.253.135.82 - - [09/Nov/2022:11:05:16 +0800] "POST /xingrg/kc/pszx/mdps_list_operate.html HTTP/1.1" 200 5183
180.162.229.95 - - [09/Nov/2022:11:05:17 +0800] "GET /xingrg/all/function/internal_message.html?_=1667963123365&CODE_STATE=getMsg HTTP/1.1" 200 27
114.83.219.194 - - [09/Nov/2022:11:05:18 +0800] "GET /xingrg/all/function/internal_message.html?_=1667963124087&CODE_STATE=getMsg HTTP/1.1" 200 27
180.169.147.146 - - [09/Nov/2022:11:05:21 +0800] "GET /xingrg/all/function/internal_message.html?_=1667963126647&CODE_STATE=getMsg HTTP/1.1" 200 27
180.162.109.76 - - [09/Nov/2022:11:05:26 +0800] "GET /xingrg/all/function/internal_message.html?_=1667962189090&CODE_STATE=getMsg HTTP/1.1" 200 27
180.169.147.146 - - [09/Nov/2022:11:05:26 +0800] "GET /xingrg/all/function/internal_message.html?_=1667963132742&CODE_STATE=getMsg HTTP/1.1" 200 27
116.230.105.139 - - [09/Nov/2022:11:05:27 +0800] "GET /xingrg/all/function/internal_message.html?_=1667963133527&CODE_STATE=getMsg HTTP/1.1" 200 27
116.238.139.35 - - [09/Nov/2022:11:05:30 +0800] "GET /xingrg/all/function/internal_message.html?_=1667963058388&CODE_STATE=getMsg HTTP/1.1" 200 27
114.83.219.57 - - [09/Nov/2022:11:05:31 +0800] "GET /xingrg/all/function/internal_message.html?_=1667963253264&CODE_STATE=getMsg HTTP/1.1" 200 27
58.221.95.50 - - [09/Nov/2022:11:05:32 +0800] "GET /xingrg/all/function/internal_message.html?_=1667963123904&CODE_STATE=getMsg HTTP/1.1" 200 27
180.162.229.95 - - [09/Nov/2022:11:05:32 +0800] "GET /xingrg/all/function/internal_message.html?_=1667963157305&CODE_STATE=getMsg HTTP/1.1" 200 27
120.253.135.82 - - [09/Nov/2022:11:05:32 +0800] "POST /xingrg/kc/pszx/mdps_list_operate.html HTTP/1.1" 200 302
120.253.135.82 - - [09/Nov/2022:11:05:33 +0800] "GET /xingrg/kc/pszx/mdps_order_info.html?code=312022110900210 HTTP/1.1" 200 23976
120.253.135.82 - - [09/Nov/2022:11:05:33 +0800] "GET /xingrg/javascript/jquery_tools/order_manager.js HTTP/1.1" 304 -
120.253.135.82 - - [09/Nov/2022:11:05:33 +0800] "GET /xingrg/javascript/json2.js HTTP/1.1" 304 -
120.253.135.82 - - [09/Nov/2022:11:05:33 +0800] "GET /xingrg/javascript/convert.js HTTP/1.1" 304 -
120.253.135.82 - - [09/Nov/2022:11:05:33 +0800] "GET /xingrg/words/20221108221607_words.js HTTP/1.1" 304 -
120.253.135.82 - - [09/Nov/2022:11:05:33 +0800] "GET /xingrg/javascript/easyui/themes/icons/copy_new.png HTTP/1.1" 304 -
120.253.135.82 - - [09/Nov/2022:11:05:33 +0800] "GET /xingrg/javascript/easyui/themes/icons/ok.png HTTP/1.1" 304 -
120.253.135.82 - - [09/Nov/2022:11:05:33 +0800] "GET /xingrg/javascript/easyui/themes/icons/print.png HTTP/1.1" 304 -
120.253.135.82 - - [09/Nov/2022:11:05:33 +0800] "GET /xingrg/javascript/easyui/themes/default/images/menu_downarrow.png HTTP/1.1" 304 -
120.253.135.82 - - [09/Nov/2022:11:05:33 +0800] "GET /xingrg/javascript/easyui/themes/icons/cancel.png HTTP/1.1" 304 -
120.253.135.82 - - [09/Nov/2022:11:05:33 +0800] "GET /xingrg/all/common/auto_word.html?type=base&rest_code=00101 HTTP/1.1" 200 671
120.253.135.82 - - [09/Nov/2022:11:05:33 +0800] "POST /xingrg/kc/pszx/mdps_order_operate.html HTTP/1.1" 200 2812
120.253.135.82 - - [09/Nov/2022:11:05:33 +0800] "GET /xingrg/javascript/easyui/themes/icons/edit_remove.png HTTP/1.1" 304 -
120.253.135.82 - - [09/Nov/2022:11:05:33 +0800] "GET /xingrg/javascript/easyui/plugins/jquery.validatebox.js HTTP/1.1" 304 -
120.253.135.82 - - [09/Nov/2022:11:05:33 +0800] "GET /xingrg/javascript/easyui/themes/default/validatebox.css HTTP/1.1" 404 1104
120.253.135.82 - - [09/Nov/2022:11:05:33 +0800] "GET /xingrg/javascript/easyui/plugins/jquery.numberbox.js HTTP/1.1" 304 -
180.162.229.95 - - [09/Nov/2022:11:05:33 +0800] "GET /xingrg/check_reg.html?_=1667963158183 HTTP/1.1" 200 22
120.253.135.82 - - [09/Nov/2022:11:05:34 +0800] "GET /xingrg/javascript/easyui/themes/default/images/button_plain_hover.png HTTP/1.1" 304 -
116.230.105.139 - - [09/Nov/2022:11:05:35 +0800] "GET /xingrg/all/function/internal_message.html?_=1667963134856&CODE_STATE=getMsg HTTP/1.1" 200 27
114.83.219.194 - - [09/Nov/2022:11:05:36 +0800] "POST /xingrg/services/DataTransmitService HTTP/1.1" 200 524
114.83.219.194 - - [09/Nov/2022:11:05:36 +0800] "POST /xingrg/services/DataTransmitService HTTP/1.1" 200 501
120.253.135.82 - - [09/Nov/2022:11:05:37 +0800] "POST /xingrg/kc/pszx/mdps_order_operate.html HTTP/1.1" 200 37
180.169.147.146 - - [09/Nov/2022:11:05:37 +0800] "GET /xingrg/kc/base/crk_hz.html?_=1667963142732&command=get_cost_id&end_date=2022-10-31&start_date=2022-10-01 HTTP/1.1" 200 51
180.169.147.146 - - [09/Nov/2022:11:05:37 +0800] "GET /xingrg/all/report/report_query.html?isQuery=1&onlyBody=1&rh=99999&rw=1800&varString=start:20221001,cost_id:3974,mid:20221001&fileName=kc/base/crk_hz_type_by_base.xml&queryString=%20a.base_code%20in%20('0010378','0010823')%20%20and%20m.sort_code%20in%20('00101001','00101002','00101003','00101004','00101005','00101006','00101007','00101008','00101009','00101010','00101011','00101012','00101013','00101014','00101015','00101016','00101017','00101018','00101019','00101020','00101021','00101022','00101023','00101024','00101025','00101026','00101027','00101028','00101029','00101030','00101031','00101032','00101033','00101034','00101036','00101037','00101038','00101039','00101040','00101041','00101042','00101043')%20&queryText=ÈÕÆÚ£º2022-10-01ÖÁ2022-10-31%20²Ö¿â£ºÔÁ²Ë,ÉÏʲ&tableQueryString=materiel_table$sp1$$sp$before_table$sp1$$sp$crk_table$sp1$order_day%20between%2020221001%20and%2020221031 HTTP/1.1" 200 49898
180.169.147.146 - - [09/Nov/2022:11:05:37 +0800] "GET /xingrg/dwr/interface/AjaxReportQueryService.js HTTP/1.1" 200 13203
180.169.147.146 - - [09/Nov/2022:11:05:37 +0800] "GET /xingrg/dwr/engine.js HTTP/1.1" 200 43631
120.253.135.82 - - [09/Nov/2022:11:05:38 +0800] "GET /xingrg/kc/pszx/mdps_order_info.html?code=312022110900210 HTTP/1.1" 200 23976
120.253.135.82 - - [09/Nov/2022:11:05:38 +0800] "GET /xingrg/javascript/easyui/themes/default/validatebox.css HTTP/1.1" 404 1104
120.253.135.82 - - [09/Nov/2022:11:05:38 +0800] "POST /xingrg/kc/pszx/mdps_order_operate.html HTTP/1.1" 200 2829
180.169.147.146 - - [09/Nov/2022:11:05:38 +0800] "POST /xingrg/all/report/load_report_page.html HTTP/1.1" 200 118978
180.169.147.146 - - [09/Nov/2022:11:05:38 +0800] "GET /xingrg/servlets/image?cache=0.7152397765195584&image=px HTTP/1.1" 200 807
116.230.105.139 - - [09/Nov/2022:11:05:39 +0800] "GET /xingrg/all/report/report_query.html?fileName=kc/base/rk_by_base.xml&rh=9999 HTTP/1.1" 200 51953
116.230.105.139 - - [09/Nov/2022:11:05:39 +0800] "GET /xingrg/dwr/interface/AjaxReportQueryService.js HTTP/1.1" 200 13203
116.230.105.139 - - [09/Nov/2022:11:05:39 +0800] "GET /xingrg/dwr/engine.js HTTP/1.1" 200 43631
116.230.105.139 - - [09/Nov/2022:11:05:39 +0800] "POST /xingrg/dwr/call/plaincall/AjaxReportQueryService.getFixDate.dwr HTTP/1.1" 200 111
116.230.105.139 - - [09/Nov/2022:11:05:39 +0800] "POST /xingrg/all/common/load_tree.html?tree=materiel_sort_tree_json HTTP/1.1" 200 9500
116.230.105.139 - - [09/Nov/2022:11:05:40 +0800] "POST /xingrg/dwr/call/plaincall/AjaxReportQueryService.getInitString.dwr HTTP/1.1" 200 1083
116.230.105.139 - - [09/Nov/2022:11:05:42 +0800] "POST /xingrg/dwr/call/plaincall/AjaxReportQueryService.getFixDate.dwr HTTP/1.1" 200 111
180.162.229.95 - - [09/Nov/2022:11:05:42 +0800] "GET /xingrg/kc/buy/cgsh_order_add.html HTTP/1.1" 200 69308
180.162.229.95 - - [09/Nov/2022:11:05:42 +0800] "POST /xingrg/kc/buy/cgsh_order_operate.html HTTP/1.1" 200 8245
180.162.229.95 - - [09/Nov/2022:11:05:42 +0800] "GET /xingrg/javascript/easyui/themes/default/validatebox.css HTTP/1.1" 404 1104
101.85.95.132 - - [09/Nov/2022:11:05:44 +0800] "GET /xingrg/check_reg.html?_=1667963148415 HTTP/1.1" 200 22
101.85.95.132 - - [09/Nov/2022:11:05:44 +0800] "GET /xingrg/all/function/internal_message.html?_=1667963148416&CODE_STATE=getMsg HTTP/1.1" 200 27
180.169.147.146 - - [09/Nov/2022:11:05:47 +0800] "GET /xingrg/kc/base/crk_hz.html?_=1667963152121&command=get_cost_id&end_date=2022-10-31&start_date=2022-10-01 HTTP/1.1" 200 51
180.169.147.146 - - [09/Nov/2022:11:05:47 +0800] "GET /xingrg/all/report/report_query.html?isQuery=1&onlyBody=1&rh=99999&rw=1800&varString=start:20221001,cost_id:3974,mid:20221001&fileName=kc/base/crk_hz_type_by_base.xml&queryString=%20a.base_code%20in%20('0010378','0010823')%20%20and%20m.sort_code%20in%20('00101001','00101002','00101003','00101004','00101005','00101006','00101007','00101008','00101009','00101010','00101011','00101012','00101013','00101014','00101015','00101016','00101017','00101018','00101019','00101020','00101021','00101022','00101023','00101024','00101025','00101026','00101027','00101028','00101029','00101030','00101031','00101032','00101033','00101034','00101036','00101037','00101038','00101039','00101040','00101041','00101042','00101043')%20&queryText=ÈÕÆÚ£º2022-10-01ÖÁ2022-10-31%20²Ö¿â£ºÔÁ²Ë,ÉÏʲ&tableQueryString=materiel_table$sp1$$sp$before_table$sp1$$sp$crk_table$sp1$order_day%20between%2020221001%20and%2020221031 HTTP/1.1" 200 49898
180.169.147.146 - - [09/Nov/2022:11:05:47 +0800] "GET /xingrg/dwr/interface/AjaxReportQueryService.js HTTP/1.1" 200 13203
180.169.147.146 - - [09/Nov/2022:11:05:47 +0800] "GET /xingrg/dwr/engine.js HTTP/1.1" 200 43631
180.169.147.146 - - [09/Nov/2022:11:05:47 +0800] "POST /xingrg/all/report/load_report_page.html HTTP/1.1" 200 118978
120.253.135.82 - - [09/Nov/2022:11:05:47 +0800] "GET /xingrg/check_reg.html?_=1667963240662 HTTP/1.1" 200 22
180.169.147.146 - - [09/Nov/2022:11:05:48 +0800] "GET /xingrg/servlets/image?cache=0.4301301609689345&image=px HTTP/1.1" 200 807
58.40.7.146 - - [09/Nov/2022:11:05:48 +0800] "GET /xingrg/all/function/internal_message.html?_=1667963154214&CODE_STATE=getMsg HTTP/1.1" 200 27
116.238.139.35 - - [09/Nov/2022:11:05:48 +0800] "GET /xingrg/all/function/internal_message.html?_=1667963154923&CODE_STATE=getMsg HTTP/1.1" 200 27
180.162.109.76 - - [09/Nov/2022:11:05:53 +0800] "GET /xingrg/kc/buy/cgsh_order_operate.html?command=get_materiel&rest_code=00143&code=00101008169&supplier_code=00100161&order_time=2022-11-09 HTTP/1.1" 200 412
114.88.159.190 - - [09/Nov/2022:11:05:56 +0800] "GET /xingrg/all/function/internal_message.html?_=1667962775260&CODE_STATE=getMsg HTTP/1.1" 200 27
120.253.135.82 - - [09/Nov/2022:11:05:57 +0800] "GET /xingrg/all/function/internal_message.html?_=1667963250048&CODE_STATE=getMsg HTTP/1.1" 200 27
180.162.229.95 - - [09/Nov/2022:11:05:58 +0800] "GET /xingrg/kc/buy/cgsh_order_operate.html?command=get_materiel&rest_code=00102&code=00101004023&supplier_code=00100312&order_time=2022-11-07 HTTP/1.1" 200 409
116.230.105.139 - - [09/Nov/2022:11:05:58 +0800] "POST /xingrg/dwr/call/plaincall/AjaxReportQueryService.refreshCache.dwr HTTP/1.1" 200 78
116.230.105.139 - - [09/Nov/2022:11:05:59 +0800] "POST /xingrg/all/report/load_report_page.html HTTP/1.1" 200 9380
116.230.105.139 - - [09/Nov/2022:11:05:59 +0800] "GET /xingrg/servlets/image?cache=0.02015229193949919&image=px HTTP/1.1" 200 807
116.235.93.82 - - [09/Nov/2022:11:06:03 +0800] "GET /xingrg/all/function/internal_message.html?_=1667963383833&CODE_STATE=getMsg HTTP/1.1" 200 27
114.95.46.117 - - [09/Nov/2022:11:06:04 +0800] "GET /xingrg/all/function/internal_message.html?_=1667963020322&CODE_STATE=getMsg HTTP/1.1" 200 27
218.81.217.29 - - [09/Nov/2022:11:06:05 +0800] "GET /xingrg/all/function/internal_message.html?_=1667963181729&CODE_STATE=getMsg HTTP/1.1" 200 27
180.162.229.95 - - [09/Nov/2022:11:06:07 +0800] "POST /xingrg/kc/buy/cgsh_order_operate.html HTTP/1.1" 200 37
180.162.229.95 - - [09/Nov/2022:11:06:10 +0800] "POST /xingrg/kc/buy/cgsh_order_operate.html HTTP/1.1" 200 12
61.170.233.146 - - [09/Nov/2022:11:06:10 +0800] "GET /xingrg/all/function/internal_message.html?_=1667963175855&CODE_STATE=getMsg HTTP/1.1" 200 27
180.162.229.95 - - [09/Nov/2022:11:06:11 +0800] "GET /xingrg/kc/buy/cgsh_order_info.html?code=212022110902741 HTTP/1.1" 200 64215
180.162.229.95 - - [09/Nov/2022:11:06:12 +0800] "GET /xingrg/javascript/easyui/themes/default/validatebox.css HTTP/1.1" 404 1104
180.162.229.95 - - [09/Nov/2022:11:06:13 +0800] "POST /xingrg/kc/buy/cgsh_order_operate.html HTTP/1.1" 200 602
180.162.229.95 - - [09/Nov/2022:11:06:17 +0800] "GET /xingrg/kc/print/load_config.html?kc_code=cgsh HTTP/1.1" 200 1943
180.162.229.95 - - [09/Nov/2022:11:06:17 +0800] "GET /xingrg/kc/print/load_data.html?order_code=212022110902741&kc_code=cgsh&condition= HTTP/1.1" 200 693
180.162.229.95 - - [09/Nov/2022:11:06:17 +0800] "GET /xingrg/all/function/internal_message.html?_=1667963183352&CODE_STATE=getMsg HTTP/1.1" 200 27
114.83.219.194 - - [09/Nov/2022:11:06:18 +0800] "GET /xingrg/check_reg.html?_=1667963183792 HTTP/1.1" 200 22
114.83.219.194 - - [09/Nov/2022:11:06:18 +0800] "GET /xingrg/all/function/internal_message.html?_=1667963184069&CODE_STATE=getMsg HTTP/1.1" 200 27
180.169.147.146 - - [09/Nov/2022:11:06:21 +0800] "GET /xingrg/all/report/report_query.html?isQuery=1&fileName=kc/base/crk_detail_by_small.xml&rh=99999&queryString=&queryText=%25E3%2580%2590%25E4%25BB%2593%25E5%25BA%2593%25E5%2590%258D%25E7%25A7%25B0%253A%25E7%25B2%25A4%25E8%258F%259C%25E3%2580%2591%25E3%2580%2590%25E4%25B8%259A%25E5%258A%25A1%25E7%25B1%25BB%25E5%259E%258B%25EF%25BC%259A%25E9%2587%2587%25E8%25B4%25AD%25E5%2585%25A5%25E5%25BA%2593%25E3%2580%2591%2520%253F%253F%253F%253F%253F2022-10-01%253F%253F2022-10-31%2520%253F%253F%253F%253F%253F%253F%253F%252C%253F%253F%253F&tableQueryString=crk_table%2524sp1%2524order_day%2520between%252020221001%2520and%252020221031%2520and%2520(base_code%253D'0010378')%2520and%2520(src_order_type%2520in%2520(21))%2520and%2520(is_rk%2520in%2520(1)) HTTP/1.1" 200 53786
180.169.147.146 - - [09/Nov/2022:11:06:21 +0800] "GET /xingrg/dwr/interface/AjaxReportQueryService.js HTTP/1.1" 200 13203
180.169.147.146 - - [09/Nov/2022:11:06:21 +0800] "GET /xingrg/dwr/engine.js HTTP/1.1" 200 43631
180.169.147.146 - - [09/Nov/2022:11:06:21 +0800] "GET /xingrg/all/function/internal_message.html?_=1667963186654&CODE_STATE=getMsg HTTP/1.1" 200 27
180.169.147.146 - - [09/Nov/2022:11:06:21 +0800] "POST /xingrg/all/report/load_report_page.html HTTP/1.1" 200 76166
180.169.147.146 - - [09/Nov/2022:11:06:22 +0800] "GET /xingrg/servlets/image?cache=0.18348025028079473&image=px HTTP/1.1" 200 807
180.162.229.95 - - [09/Nov/2022:11:06:22 +0800] "GET /xingrg/kc/buy/cgsh_order_add.html HTTP/1.1" 200 69308
180.162.229.95 - - [09/Nov/2022:11:06:22 +0800] "POST /xingrg/kc/buy/cgsh_order_operate.html HTTP/1.1" 200 8245
180.162.229.95 - - [09/Nov/2022:11:06:22 +0800] "GET /xingrg/javascript/easyui/themes/default/validatebox.css HTTP/1.1" 404 1104
180.169.147.146 - - [09/Nov/2022:11:06:24 +0800] "POST /xingrg/all/report/load_report_page.html HTTP/1.1" 200 864592
180.169.147.146 - - [09/Nov/2022:11:06:24 +0800] "GET /xingrg/servlets/image?cache=0.09074523988285954&image=px HTTP/1.1" 200 807
180.162.109.76 - - [09/Nov/2022:11:06:25 +0800] "GET /xingrg/kc/buy/cgsh_order_operate.html?command=get_materiel&rest_code=00143&code=00101008283&supplier_code=00100161&order_time=2022-11-09 HTTP/1.1" 200 408
180.162.109.76 - - [09/Nov/2022:11:06:26 +0800] "GET /xingrg/all/function/internal_message.html?_=1667962249099&CODE_STATE=getMsg HTTP/1.1" 200 27
180.169.147.146 - - [09/Nov/2022:11:06:26 +0800] "GET /xingrg/all/function/internal_message.html?_=1667963192729&CODE_STATE=getMsg HTTP/1.1" 200 27
116.230.105.139 - - [09/Nov/2022:11:06:27 +0800] "GET /xingrg/all/function/internal_message.html?_=1667963193520&CODE_STATE=getMsg HTTP/1.1" 200 27
180.162.109.76 - - [09/Nov/2022:11:06:29 +0800] "POST /xingrg/kc/buy/cgsh_order_operate.html HTTP/1.1" 200 2065
116.238.139.35 - - [09/Nov/2022:11:06:30 +0800] "GET /xingrg/all/function/internal_message.html?_=1667963118405&CODE_STATE=getMsg HTTP/1.1" 200 27
180.162.229.95 - - [09/Nov/2022:11:06:30 +0800] "GET /xingrg/kc/buy/cgsh_order_operate.html?command=get_materiel&rest_code=00102&code=00101019816&supplier_code=00100337&order_time=2022-11-07 HTTP/1.1" 200 446
114.83.219.57 - - [09/Nov/2022:11:06:31 +0800] "GET /xingrg/all/function/internal_message.html?_=1667963313250&CODE_STATE=getMsg HTTP/1.1" 200 27
58.221.95.50 - - [09/Nov/2022:11:06:32 +0800] "GET /xingrg/all/function/internal_message.html?_=1667963183907&CODE_STATE=getMsg HTTP/1.1" 200 27
180.162.229.95 - - [09/Nov/2022:11:06:32 +0800] "GET /xingrg/all/function/internal_message.html?_=1667963217293&CODE_STATE=getMsg HTTP/1.1" 200 27
116.230.105.139 - - [09/Nov/2022:11:06:35 +0800] "GET /xingrg/all/function/internal_message.html?_=1667963194869&CODE_STATE=getMsg HTTP/1.1" 200 27
116.230.105.139 - - [09/Nov/2022:11:06:35 +0800] "GET /xingrg/check_reg.html?_=1667963194871 HTTP/1.1" 200 22
180.162.109.76 - - [09/Nov/2022:11:06:41 +0800] "GET /xingrg/kc/buy/cgsh_order_operate.html?command=get_materiel&rest_code=00143&code=00101008298&supplier_code=00100161&order_time=2022-11-09 HTTP/1.1" 200 412
101.85.95.132 - - [09/Nov/2022:11:06:44 +0800] "GET /xingrg/all/function/internal_message.html?_=1667963208414&CODE_STATE=getMsg HTTP/1.1" 200 27
116.230.105.139 - - [09/Nov/2022:11:06:44 +0800] "GET /xingrg/kc/base/crk_hz.html?_=1667963210375&command=get_cost_id&end_date=2022-10-31&start_date=2022-10-01 HTTP/1.1" 200 51
116.230.105.139 - - [09/Nov/2022:11:06:44 +0800] "GET /xingrg/all/report/report_query.html?isQuery=1&onlyBody=1&rh=99999&rw=1800&varString=start:20221001,cost_id:3974,mid:20221001&fileName=kc/base/crk_hz_type_by_base.xml&queryString=%20a.base_code%20in%20('0010378','0010823')%20%20and%20m.sort_code%20in%20('00101001','00101002','00101003','00101004','00101005','00101006','00101007','00101008','00101009','00101010','00101011','00101012','00101013','00101014','00101015','00101016','00101017','00101018','00101019','00101020','00101021','00101022','00101023','00101024','00101025','00101026','00101027','00101028','00101029','00101030','00101031','00101032','00101033','00101034','00101036','00101037','00101038','00101039','00101040','00101041','00101042','00101043')%20&queryText=ÈÕÆÚ£º2022-10-01ÖÁ2022-10-31%20²Ö¿â£ºÔÁ²Ë,ÉÏʲ&tableQueryString=materiel_table$sp1$$sp$before_table$sp1$$sp$crk_table$sp1$order_day%20between%2020221001%20and%2020221031 HTTP/1.1" 200 49898
116.230.105.139 - - [09/Nov/2022:11:06:44 +0800] "GET /xingrg/dwr/interface/AjaxReportQueryService.js HTTP/1.1" 200 13203
116.230.105.139 - - [09/Nov/2022:11:06:44 +0800] "GET /xingrg/dwr/engine.js HTTP/1.1" 200 43631
116.230.105.139 - - [09/Nov/2022:11:06:45 +0800] "POST /xingrg/all/report/load_report_page.html HTTP/1.1" 200 118978
116.230.105.139 - - [09/Nov/2022:11:06:45 +0800] "GET /xingrg/servlets/image?cache=0.9199176460690001&image=px HTTP/1.1" 200 807
180.162.229.95 - - [09/Nov/2022:11:06:47 +0800] "GET /xingrg/kc/buy/cgsh_order_operate.html?command=get_materiel&rest_code=00102&code=00101019215&supplier_code=00100337&order_time=2022-11-07 HTTP/1.1" 200 449
58.40.7.146 - - [09/Nov/2022:11:06:48 +0800] "GET /xingrg/all/function/internal_message.html?_=1667963214221&CODE_STATE=getMsg HTTP/1.1" 200 27
116.238.139.35 - - [09/Nov/2022:11:06:48 +0800] "GET /xingrg/all/function/internal_message.html?_=1667963214908&CODE_STATE=getMsg HTTP/1.1" 200 27
180.162.109.76 - - [09/Nov/2022:11:06:52 +0800] "GET /xingrg/kc/buy/cgsh_order_operate.html?command=get_materiel&rest_code=00143&code=00101008354&supplier_code=00100161&order_time=2022-11-09 HTTP/1.1" 200 412
116.230.105.139 - - [09/Nov/2022:11:06:53 +0800] "GET /xingrg/all/report/report_query.html?isQuery=1&fileName=kc/base/crk_detail_by_small.xml&rh=99999&queryString=&queryText=%25E3%2580%2590%25E4%25BB%2593%25E5%25BA%2593%25E5%2590%258D%25E7%25A7%25B0%253A%25E7%25B2%25A4%25E8%258F%259C%25E3%2580%2591%25E3%2580%2590%25E4%25B8%259A%25E5%258A%25A1%25E7%25B1%25BB%25E5%259E%258B%25EF%25BC%259A%25E5%2586%2585%25E9%2583%25A8%25E8%25B0%2583%25E5%2585%25A5%25E3%2580%2591%2520%253F%253F%253F%253F%253F2022-10-01%253F%253F2022-10-31%2520%253F%253F%253F%253F%253F%253F%253F%252C%253F%253F%253F&tableQueryString=crk_table%2524sp1%2524order_day%2520between%252020221001%2520and%252020221031%2520and%2520(base_code%253D'0010378')%2520and%2520(src_order_type%2520in%2520(42))%2520and%2520(is_rk%2520in%2520(1)) HTTP/1.1" 200 53786
116.230.105.139 - - [09/Nov/2022:11:06:53 +0800] "GET /xingrg/dwr/interface/AjaxReportQueryService.js HTTP/1.1" 200 13203
116.230.105.139 - - [09/Nov/2022:11:06:53 +0800] "GET /xingrg/dwr/engine.js HTTP/1.1" 200 43631
116.230.105.139 - - [09/Nov/2022:11:06:54 +0800] "POST /xingrg/all/report/load_report_page.html HTTP/1.1" 200 52091
116.230.105.139 - - [09/Nov/2022:11:06:54 +0800] "GET /xingrg/servlets/image?cache=0.37453480197807987&image=px HTTP/1.1" 200 807
180.162.229.95 - - [09/Nov/2022:11:06:55 +0800] "GET /xingrg/kc/buy/cgsh_order_operate.html?command=get_materiel&rest_code=00102&code=00101019368&supplier_code=00100337&order_time=2022-11-07 HTTP/1.1" 200 464
114.88.159.190 - - [09/Nov/2022:11:06:56 +0800] "GET /xingrg/all/function/internal_message.html?_=1667962835268&CODE_STATE=getMsg HTTP/1.1" 200 27
120.253.135.82 - - [09/Nov/2022:11:06:57 +0800] "GET /xingrg/all/function/internal_message.html?_=1667963310062&CODE_STATE=getMsg HTTP/1.1" 200 27
180.162.229.95 - - [09/Nov/2022:11:07:02 +0800] "POST /xingrg/kc/buy/cgsh_order_operate.html HTTP/1.1" 200 37
116.235.93.82 - - [09/Nov/2022:11:07:03 +0800] "GET /xingrg/all/function/internal_message.html?_=1667963443832&CODE_STATE=getMsg HTTP/1.1" 200 27
114.95.46.117 - - [09/Nov/2022:11:07:04 +0800] "GET /xingrg/all/function/internal_message.html?_=1667963080313&CODE_STATE=getMsg HTTP/1.1" 200 27
180.162.109.76 - - [09/Nov/2022:11:07:05 +0800] "GET /xingrg/kc/buy/cgsh_order_operate.html?command=get_materiel&rest_code=00143&code=00101015070&supplier_code=00100161&order_time=2022-11-09 HTTP/1.1" 200 413
218.81.217.29 - - [09/Nov/2022:11:07:05 +0800] "GET /xingrg/all/function/internal_message.html?_=1667963241737&CODE_STATE=getMsg HTTP/1.1" 200 27
180.162.229.95 - - [09/Nov/2022:11:07:08 +0800] "POST /xingrg/kc/buy/cgsh_order_operate.html HTTP/1.1" 200 12
180.162.229.95 - - [09/Nov/2022:11:07:09 +0800] "GET /xingrg/kc/buy/cgsh_order_info.html?code=212022110902742 HTTP/1.1" 200 64213
180.162.229.95 - - [09/Nov/2022:11:07:09 +0800] "GET /xingrg/javascript/easyui/themes/default/validatebox.css HTTP/1.1" 404 1104
180.162.229.95 - - [09/Nov/2022:11:07:10 +0800] "POST /xingrg/kc/buy/cgsh_order_operate.html HTTP/1.1" 200 1833
61.170.233.146 - - [09/Nov/2022:11:07:10 +0800] "GET /xingrg/all/function/internal_message.html?_=1667963235824&CODE_STATE=getMsg HTTP/1.1" 200 27
180.163.28.68 - - [09/Nov/2022:11:07:11 +0800] "GET /xingrg/all/function/internal_message.html?_=1667963175855&CODE_STATE=getMsg HTTP/1.1" 302 -
180.163.28.68 - - [09/Nov/2022:11:07:14 +0800] "GET /xingrg/login.html HTTP/1.1" 200 7641
180.162.109.76 - - [09/Nov/2022:11:07:15 +0800] "GET /xingrg/kc/buy/cgsh_order_operate.html?command=get_materiel&rest_code=00143&code=00101008323&supplier_code=00100161&order_time=2022-11-09 HTTP/1.1" 200 408
180.162.229.95 - - [09/Nov/2022:11:07:17 +0800] "GET /xingrg/all/function/internal_message.html?_=1667963243351&CODE_STATE=getMsg HTTP/1.1" 200 27
114.83.219.194 - - [09/Nov/2022:11:07:18 +0800] "GET /xingrg/all/function/internal_message.html?_=1667963244055&CODE_STATE=getMsg HTTP/1.1" 200 27
180.169.147.146 - - [09/Nov/2022:11:07:21 +0800] "GET /xingrg/all/function/internal_message.html?_=1667963246662&CODE_STATE=getMsg HTTP/1.1" 200 27
180.162.109.76 - - [09/Nov/2022:11:07:26 +0800] "GET /xingrg/all/function/internal_message.html?_=1667962309073&CODE_STATE=getMsg HTTP/1.1" 200 27
180.169.147.146 - - [09/Nov/2022:11:07:26 +0800] "GET /xingrg/all/function/internal_message.html?_=1667963252725&CODE_STATE=getMsg HTTP/1.1" 200 27
116.230.105.139 - - [09/Nov/2022:11:07:27 +0800] "GET /xingrg/all/function/internal_message.html?_=1667963253542&CODE_STATE=getMsg HTTP/1.1" 200 27
116.230.105.139 - - [09/Nov/2022:11:07:28 +0800] "GET /xingrg/all/report/report_query.html?isQuery=1&fileName=kc/base/crk_detail_by_small.xml&rh=99999&queryString=&queryText=%25E3%2580%2590%25E4%25BB%2593%25E5%25BA%2593%25E5%2590%258D%25E7%25A7%25B0%253A%25E7%25B2%25A4%25E8%258F%259C%25E3%2580%2591%25E3%2580%2590%25E4%25B8%259A%25E5%258A%25A1%25E7%25B1%25BB%25E5%259E%258B%25EF%25BC%259A%25E5%2586%2585%25E9%2583%25A8%25E8%25B0%2583%25E5%2585%25A5%25E3%2580%2591%2520%253F%253F%253F%253F%253F2022-10-01%253F%253F2022-10-31%2520%253F%253F%253F%253F%253F%253F%253F%252C%253F%253F%253F&tableQueryString=crk_table%2524sp1%2524order_day%2520between%252020221001%2520and%252020221031%2520and%2520(base_code%253D'0010378')%2520and%2520(src_order_type%2520in%2520(42))%2520and%2520(is_rk%2520in%2520(1)) HTTP/1.1" 200 53786
180.162.109.76 - - [09/Nov/2022:11:07:28 +0800] "GET /xingrg/kc/buy/cgsh_order_operate.html?command=get_materiel&rest_code=00143&code=00101008205&supplier_code=00100161&order_time=2022-11-09 HTTP/1.1" 200 412
116.230.105.139 - - [09/Nov/2022:11:07:28 +0800] "GET /xingrg/dwr/interface/AjaxReportQueryService.js HTTP/1.1" 200 13203
116.230.105.139 - - [09/Nov/2022:11:07:28 +0800] "GET /xingrg/dwr/engine.js HTTP/1.1" 200 43631
116.230.105.139 - - [09/Nov/2022:11:07:28 +0800] "POST /xingrg/all/report/load_report_page.html HTTP/1.1" 200 52062
116.230.105.139 - - [09/Nov/2022:11:07:28 +0800] "GET /xingrg/servlets/image?cache=0.3642149463316292&image=px HTTP/1.1" 200 807
116.238.139.35 - - [09/Nov/2022:11:07:30 +0800] "GET /xingrg/all/function/internal_message.html?_=1667963178432&CODE_STATE=getMsg HTTP/1.1" 200 27
114.83.219.57 - - [09/Nov/2022:11:07:31 +0800] "GET /xingrg/all/function/internal_message.html?_=1667963373241&CODE_STATE=getMsg HTTP/1.1" 200 27
180.162.109.76 - - [09/Nov/2022:11:07:32 +0800] "POST /xingrg/kc/buy/cgsh_order_operate.html HTTP/1.1" 200 2065
58.221.95.50 - - [09/Nov/2022:11:07:32 +0800] "GET /xingrg/all/function/internal_message.html?_=1667963243956&CODE_STATE=getMsg HTTP/1.1" 200 27
180.162.229.95 - - [09/Nov/2022:11:07:32 +0800] "GET /xingrg/all/function/internal_message.html?_=1667963277270&CODE_STATE=getMsg HTTP/1.1" 200 27
116.230.105.139 - - [09/Nov/2022:11:07:35 +0800] "GET /xingrg/all/function/internal_message.html?_=1667963254860&CODE_STATE=getMsg HTTP/1.1" 200 27
180.162.109.76 - - [09/Nov/2022:11:07:39 +0800] "GET /xingrg/kc/buy/cgsh_order_operate.html?command=get_materiel&rest_code=00143&code=00101008459&supplier_code=00100161&order_time=2022-11-09 HTTP/1.1" 200 409
180.162.229.95 - - [09/Nov/2022:11:07:43 +0800] "GET /xingrg/kc/print/load_data.html?order_code=212022110902742&kc_code=cgsh&condition= HTTP/1.1" 200 1192
101.85.95.132 - - [09/Nov/2022:11:07:44 +0800] "GET /xingrg/all/function/internal_message.html?_=1667963268414&CODE_STATE=getMsg HTTP/1.1" 200 27
58.40.7.146 - - [09/Nov/2022:11:07:48 +0800] "GET /xingrg/all/function/internal_message.html?_=1667963274223&CODE_STATE=getMsg HTTP/1.1" 200 27
