116.230.105.139 - - [09/Nov/2022:09:39:35 +0800] "GET /xingrg/all/function/internal_message.html?_=1667957974870&CODE_STATE=getMsg HTTP/1.1" 200 27
180.162.229.95 - - [09/Nov/2022:09:39:36 +0800] "GET /xingrg/all/function/internal_message.html?_=1667957982741&CODE_STATE=getMsg HTTP/1.1" 200 27
58.40.7.146 - - [09/Nov/2022:09:39:48 +0800] "GET /xingrg/all/function/internal_message.html?_=1667957994181&CODE_STATE=getMsg HTTP/1.1" 200 27
114.88.159.190 - - [09/Nov/2022:09:39:49 +0800] "GET /xingrg/kc/buy/cgsh_order_operate.html?command=get_materiel&rest_code=00141&code=00101008418&supplier_code=00100007&order_time=2022-11-09 HTTP/1.1" 200 412
116.238.139.35 - - [09/Nov/2022:09:39:51 +0800] "GET /xingrg/kc/buy/cgsh_order_operate.html?command=get_materiel&rest_code=00150&code=00101008224&supplier_code=00100008&order_time=2022-11-09 HTTP/1.1" 200 416
218.81.217.29 - - [09/Nov/2022:09:39:51 +0800] "GET /xingrg/all/function/internal_message.html?_=1667958007278&CODE_STATE=getMsg HTTP/1.1" 200 27
114.88.159.190 - - [09/Nov/2022:09:39:55 +0800] "GET /xingrg/check_reg.html?_=1667957615101 HTTP/1.1" 200 22
114.88.159.190 - - [09/Nov/2022:09:39:55 +0800] "GET /xingrg/all/function/internal_message.html?_=1667957615102&CODE_STATE=getMsg HTTP/1.1" 200 27
116.238.139.35 - - [09/Nov/2022:09:40:00 +0800] "GET /xingrg/kc/buy/cgsh_order_operate.html?command=get_materiel&rest_code=00150&code=00101008141&supplier_code=00100008&order_time=2022-11-09 HTTP/1.1" 200 412
114.88.159.190 - - [09/Nov/2022:09:40:03 +0800] "GET /xingrg/kc/buy/cgsh_order_operate.html?command=get_materiel&rest_code=00141&code=00101009015&supplier_code=00100007&order_time=2022-11-09 HTTP/1.1" 200 416
116.235.93.82 - - [09/Nov/2022:09:40:03 +0800] "GET /xingrg/all/function/internal_message.html?_=1667958223773&CODE_STATE=getMsg HTTP/1.1" 200 27
180.163.28.109 - - [09/Nov/2022:09:40:04 +0800] "GET /xingrg/all/function/internal_message.html?_=1667957949303&CODE_STATE=getMsg HTTP/1.1" 302 -
180.163.28.109 - - [09/Nov/2022:09:40:04 +0800] "GET /xingrg/login.html HTTP/1.1" 200 7641
61.170.233.146 - - [09/Nov/2022:09:40:04 +0800] "GET /xingrg/all/function/internal_message.html?_=1667958009282&CODE_STATE=getMsg HTTP/1.1" 200 27
180.163.29.217 - - [09/Nov/2022:09:40:05 +0800] "GET /xingrg/check_reg.html?_=1667957950165 HTTP/1.1" 302 -
114.95.46.117 - - [09/Nov/2022:09:40:05 +0800] "GET /xingrg/all/function/internal_message.html?_=1667957861518&CODE_STATE=getMsg HTTP/1.1" 200 27
180.163.29.217 - - [09/Nov/2022:09:40:05 +0800] "GET /xingrg/login.html HTTP/1.1" 200 7641
114.95.46.117 - - [09/Nov/2022:09:40:05 +0800] "GET /xingrg/check_reg.html?_=1667957861628 HTTP/1.1" 200 22
116.238.139.35 - - [09/Nov/2022:09:40:10 +0800] "GET /xingrg/kc/buy/cgsh_order_operate.html?command=get_materiel&rest_code=00150&code=00101008126&supplier_code=00100008&order_time=2022-11-09 HTTP/1.1" 200 412
116.238.139.35 - - [09/Nov/2022:09:40:11 +0800] "GET /xingrg/all/function/internal_message.html?_=1667958017421&CODE_STATE=getMsg HTTP/1.1" 200 27
114.83.219.57 - - [09/Nov/2022:09:40:16 +0800] "GET /xingrg/all/function/internal_message.html?_=1667958138390&CODE_STATE=getMsg HTTP/1.1" 200 27
114.88.159.190 - - [09/Nov/2022:09:40:19 +0800] "GET /xingrg/all/function/internal_message.html?_=1667958024537&CODE_STATE=getMsg HTTP/1.1" 200 27
116.238.139.35 - - [09/Nov/2022:09:40:20 +0800] "GET /xingrg/kc/buy/cgsh_order_operate.html?command=get_materiel&rest_code=00150&code=00101008087&supplier_code=00100008&order_time=2022-11-09 HTTP/1.1" 200 412
58.221.95.50 - - [09/Nov/2022:09:40:26 +0800] "GET /xingrg/all/function/internal_message.html?_=1667958021950&CODE_STATE=getMsg HTTP/1.1" 200 27
116.238.139.35 - - [09/Nov/2022:09:40:28 +0800] "GET /xingrg/kc/buy/cgsh_order_operate.html?command=get_materiel&rest_code=00150&code=00101008361&supplier_code=00100008&order_time=2022-11-09 HTTP/1.1" 200 408
116.238.139.35 - - [09/Nov/2022:09:40:29 +0800] "GET /xingrg/all/function/internal_message.html?_=1667957956906&CODE_STATE=getMsg HTTP/1.1" 200 27
114.88.159.190 - - [09/Nov/2022:09:40:33 +0800] "GET /xingrg/kc/buy/cgsh_order_operate.html?command=get_materiel&rest_code=00141&code=00101008199&supplier_code=00100007&order_time=2022-11-09 HTTP/1.1" 200 408
116.230.105.139 - - [09/Nov/2022:09:40:35 +0800] "GET /xingrg/all/function/internal_message.html?_=1667958034873&CODE_STATE=getMsg HTTP/1.1" 200 27
180.162.229.95 - - [09/Nov/2022:09:40:36 +0800] "GET /xingrg/all/function/internal_message.html?_=1667958042742&CODE_STATE=getMsg HTTP/1.1" 200 27
114.88.159.190 - - [09/Nov/2022:09:40:40 +0800] "POST /xingrg/kc/buy/cgsh_order_operate.html HTTP/1.1" 200 2065
116.238.139.35 - - [09/Nov/2022:09:40:47 +0800] "GET /xingrg/kc/buy/cgsh_order_operate.html?command=get_materiel&rest_code=00150&code=00101008372&supplier_code=00100008&order_time=2022-11-09 HTTP/1.1" 200 408
58.40.7.146 - - [09/Nov/2022:09:40:48 +0800] "GET /xingrg/all/function/internal_message.html?_=1667958054182&CODE_STATE=getMsg HTTP/1.1" 200 27
114.88.159.190 - - [09/Nov/2022:09:40:49 +0800] "GET /xingrg/kc/buy/cgsh_order_operate.html?command=get_materiel&rest_code=00141&code=00101008141&supplier_code=00100007&order_time=2022-11-09 HTTP/1.1" 200 412
218.81.217.29 - - [09/Nov/2022:09:40:51 +0800] "GET /xingrg/all/function/internal_message.html?_=1667958067391&CODE_STATE=getMsg HTTP/1.1" 200 27
114.88.159.190 - - [09/Nov/2022:09:40:55 +0800] "GET /xingrg/all/function/internal_message.html?_=1667957675161&CODE_STATE=getMsg HTTP/1.1" 200 27
114.88.159.190 - - [09/Nov/2022:09:41:01 +0800] "GET /xingrg/kc/buy/cgsh_order_operate.html?command=get_materiel&rest_code=00141&code=00101008126&supplier_code=00100007&order_time=2022-11-09 HTTP/1.1" 200 412
116.235.93.82 - - [09/Nov/2022:09:41:03 +0800] "GET /xingrg/all/function/internal_message.html?_=1667958283772&CODE_STATE=getMsg HTTP/1.1" 200 27
180.163.29.217 - - [09/Nov/2022:09:41:04 +0800] "GET /xingrg/all/function/internal_message.html?_=1667958009282&CODE_STATE=getMsg HTTP/1.1" 302 -
180.163.29.217 - - [09/Nov/2022:09:41:04 +0800] "GET /xingrg/login.html HTTP/1.1" 200 7641
61.170.233.146 - - [09/Nov/2022:09:41:04 +0800] "GET /xingrg/all/function/internal_message.html?_=1667958069262&CODE_STATE=getMsg HTTP/1.1" 200 27
114.95.46.117 - - [09/Nov/2022:09:41:05 +0800] "GET /xingrg/all/function/internal_message.html?_=1667957921508&CODE_STATE=getMsg HTTP/1.1" 200 27
116.238.139.35 - - [09/Nov/2022:09:41:06 +0800] "GET /xingrg/kc/buy/cgsh_order_operate.html?command=get_materiel&rest_code=00150&code=00101008024&supplier_code=00100008&order_time=2022-11-09 HTTP/1.1" 200 408
116.238.139.35 - - [09/Nov/2022:09:41:11 +0800] "GET /xingrg/all/function/internal_message.html?_=1667958077430&CODE_STATE=getMsg HTTP/1.1" 200 27
114.88.159.190 - - [09/Nov/2022:09:41:14 +0800] "GET /xingrg/kc/buy/cgsh_order_operate.html?command=get_materiel&rest_code=00141&code=00101008312&supplier_code=00100007&order_time=2022-11-09 HTTP/1.1" 200 412
116.238.139.35 - - [09/Nov/2022:09:41:14 +0800] "GET /xingrg/kc/buy/cgsh_order_operate.html?command=get_materiel&rest_code=00150&code=00101008356&supplier_code=00100008&order_time=2022-11-09 HTTP/1.1" 200 408
116.238.139.35 - - [09/Nov/2022:09:41:15 +0800] "POST /xingrg/kc/buy/cgsh_order_operate.html HTTP/1.1" 200 2065
114.83.219.57 - - [09/Nov/2022:09:41:16 +0800] "GET /xingrg/check_reg.html?_=1667958198387 HTTP/1.1" 200 22
114.83.219.57 - - [09/Nov/2022:09:41:16 +0800] "GET /xingrg/all/function/internal_message.html?_=1667958198388&CODE_STATE=getMsg HTTP/1.1" 200 27
114.88.159.190 - - [09/Nov/2022:09:41:19 +0800] "GET /xingrg/all/function/internal_message.html?_=1667958084523&CODE_STATE=getMsg HTTP/1.1" 200 27
116.238.139.35 - - [09/Nov/2022:09:41:21 +0800] "GET /xingrg/kc/buy/cgsh_order_operate.html?command=get_materiel&rest_code=00150&code=00101008411&supplier_code=00100008&order_time=2022-11-09 HTTP/1.1" 200 413
58.221.95.50 - - [09/Nov/2022:09:41:26 +0800] "GET /xingrg/all/function/internal_message.html?_=1667958081957&CODE_STATE=getMsg HTTP/1.1" 200 27
116.238.139.35 - - [09/Nov/2022:09:41:29 +0800] "GET /xingrg/all/function/internal_message.html?_=1667958016908&CODE_STATE=getMsg HTTP/1.1" 200 27
114.88.159.190 - - [09/Nov/2022:09:41:30 +0800] "GET /xingrg/kc/buy/cgsh_order_operate.html?command=get_materiel&rest_code=00141&code=00101008072&supplier_code=00100007&order_time=2022-11-09 HTTP/1.1" 200 408
116.238.139.35 - - [09/Nov/2022:09:41:31 +0800] "GET /xingrg/kc/buy/cgsh_order_operate.html?command=get_materiel&rest_code=00150&code=00101008077&supplier_code=00100008&order_time=2022-11-09 HTTP/1.1" 200 416
116.230.105.139 - - [09/Nov/2022:09:41:35 +0800] "GET /xingrg/check_reg.html?_=1667958094867 HTTP/1.1" 200 22
116.230.105.139 - - [09/Nov/2022:09:41:35 +0800] "GET /xingrg/all/function/internal_message.html?_=1667958094877&CODE_STATE=getMsg HTTP/1.1" 200 27
180.162.229.95 - - [09/Nov/2022:09:41:36 +0800] "GET /xingrg/all/function/internal_message.html?_=1667958102739&CODE_STATE=getMsg HTTP/1.1" 200 27
180.162.229.95 - - [09/Nov/2022:09:41:36 +0800] "GET /xingrg/check_reg.html?_=1667958102931 HTTP/1.1" 200 22
116.238.139.35 - - [09/Nov/2022:09:41:42 +0800] "GET /xingrg/kc/buy/cgsh_order_operate.html?command=get_materiel&rest_code=00150&code=00101008223&supplier_code=00100008&order_time=2022-11-09 HTTP/1.1" 200 412
58.40.7.146 - - [09/Nov/2022:09:41:48 +0800] "GET /xingrg/all/function/internal_message.html?_=1667958114183&CODE_STATE=getMsg HTTP/1.1" 200 27
218.81.217.29 - - [09/Nov/2022:09:41:51 +0800] "GET /xingrg/all/function/internal_message.html?_=1667958127400&CODE_STATE=getMsg HTTP/1.1" 200 27
116.238.139.35 - - [09/Nov/2022:09:41:55 +0800] "GET /xingrg/kc/buy/cgsh_order_operate.html?command=get_materiel&rest_code=00150&code=00101008079&supplier_code=00100008&order_time=2022-11-09 HTTP/1.1" 200 416
114.88.159.190 - - [09/Nov/2022:09:41:55 +0800] "GET /xingrg/all/function/internal_message.html?_=1667957735053&CODE_STATE=getMsg HTTP/1.1" 200 27
114.88.159.190 - - [09/Nov/2022:09:41:58 +0800] "POST /xingrg/kc/buy/cgsh_order_operate.html HTTP/1.1" 200 2065
116.235.93.82 - - [09/Nov/2022:09:42:03 +0800] "GET /xingrg/all/function/internal_message.html?_=1667958343771&CODE_STATE=getMsg HTTP/1.1" 200 27
61.170.233.146 - - [09/Nov/2022:09:42:04 +0800] "GET /xingrg/all/function/internal_message.html?_=1667958129235&CODE_STATE=getMsg HTTP/1.1" 200 27
180.163.29.103 - - [09/Nov/2022:09:42:04 +0800] "GET /xingrg/all/function/internal_message.html?_=1667958069262&CODE_STATE=getMsg HTTP/1.1" 302 -
180.163.29.103 - - [09/Nov/2022:09:42:04 +0800] "GET /xingrg/login.html HTTP/1.1" 200 7641
114.95.46.117 - - [09/Nov/2022:09:42:05 +0800] "GET /xingrg/all/function/internal_message.html?_=1667957981493&CODE_STATE=getMsg HTTP/1.1" 200 27
116.238.139.35 - - [09/Nov/2022:09:42:06 +0800] "GET /xingrg/kc/buy/cgsh_order_operate.html?command=get_materiel&rest_code=00150&code=00101008357&supplier_code=00100008&order_time=2022-11-09 HTTP/1.1" 200 408
114.88.159.190 - - [09/Nov/2022:09:42:07 +0800] "GET /xingrg/kc/buy/cgsh_order_operate.html?command=get_materiel&rest_code=00141&code=00101008350&supplier_code=00100007&order_time=2022-11-09 HTTP/1.1" 200 408
116.238.139.35 - - [09/Nov/2022:09:42:09 +0800] "POST /xingrg/kc/buy/cgsh_order_operate.html HTTP/1.1" 200 2065
116.238.139.35 - - [09/Nov/2022:09:42:11 +0800] "GET /xingrg/check_reg.html?_=1667958137434 HTTP/1.1" 200 22
116.238.139.35 - - [09/Nov/2022:09:42:11 +0800] "GET /xingrg/all/function/internal_message.html?_=1667958137437&CODE_STATE=getMsg HTTP/1.1" 200 27
116.238.139.35 - - [09/Nov/2022:09:42:14 +0800] "GET /xingrg/kc/buy/cgsh_order_operate.html?command=get_materiel&rest_code=00150&code=00101008069&supplier_code=00100008&order_time=2022-11-09 HTTP/1.1" 200 412
114.83.219.57 - - [09/Nov/2022:09:42:16 +0800] "GET /xingrg/all/function/internal_message.html?_=1667958258398&CODE_STATE=getMsg HTTP/1.1" 200 27
114.88.159.190 - - [09/Nov/2022:09:42:19 +0800] "GET /xingrg/all/function/internal_message.html?_=1667958144522&CODE_STATE=getMsg HTTP/1.1" 200 27
114.88.159.190 - - [09/Nov/2022:09:42:19 +0800] "GET /xingrg/check_reg.html?_=1667958144523 HTTP/1.1" 200 22
58.221.95.50 - - [09/Nov/2022:09:42:26 +0800] "GET /xingrg/all/function/internal_message.html?_=1667958141992&CODE_STATE=getMsg HTTP/1.1" 200 27
116.238.139.35 - - [09/Nov/2022:09:42:29 +0800] "GET /xingrg/all/function/internal_message.html?_=1667958076933&CODE_STATE=getMsg HTTP/1.1" 200 27
116.238.139.35 - - [09/Nov/2022:09:42:30 +0800] "GET /xingrg/kc/buy/cgsh_order_operate.html?command=get_materiel&rest_code=00150&code=00101008036&supplier_code=00100008&order_time=2022-11-09 HTTP/1.1" 200 408
114.88.159.190 - - [09/Nov/2022:09:42:33 +0800] "GET /xingrg/kc/buy/cgsh_order_operate.html?command=get_materiel&rest_code=00141&code=00101008041&supplier_code=00100007&order_time=2022-11-09 HTTP/1.1" 200 408
116.230.105.139 - - [09/Nov/2022:09:42:35 +0800] "GET /xingrg/all/function/internal_message.html?_=1667958154875&CODE_STATE=getMsg HTTP/1.1" 200 27
180.162.229.95 - - [09/Nov/2022:09:42:36 +0800] "GET /xingrg/all/function/internal_message.html?_=1667958162722&CODE_STATE=getMsg HTTP/1.1" 200 27
116.238.139.35 - - [09/Nov/2022:09:42:41 +0800] "GET /xingrg/kc/buy/cgsh_order_operate.html?command=get_materiel&rest_code=00150&code=00101008131&supplier_code=00100008&order_time=2022-11-09 HTTP/1.1" 200 408
58.40.7.146 - - [09/Nov/2022:09:42:48 +0800] "GET /xingrg/all/function/internal_message.html?_=1667958174190&CODE_STATE=getMsg HTTP/1.1" 200 27
58.40.7.146 - - [09/Nov/2022:09:42:48 +0800] "GET /xingrg/check_reg.html?_=1667958174191 HTTP/1.1" 200 22
116.238.139.35 - - [09/Nov/2022:09:42:50 +0800] "GET /xingrg/kc/buy/cgsh_order_operate.html?command=get_materiel&rest_code=00150&code=00101008296&supplier_code=00100008&order_time=2022-11-09 HTTP/1.1" 200 416
116.238.139.35 - - [09/Nov/2022:09:42:51 +0800] "POST /xingrg/kc/buy/cgsh_order_operate.html HTTP/1.1" 200 2065
218.81.217.29 - - [09/Nov/2022:09:42:51 +0800] "GET /xingrg/all/function/internal_message.html?_=1667958187490&CODE_STATE=getMsg HTTP/1.1" 200 27
114.88.159.190 - - [09/Nov/2022:09:42:55 +0800] "GET /xingrg/all/function/internal_message.html?_=1667957795033&CODE_STATE=getMsg HTTP/1.1" 200 27
116.238.139.35 - - [09/Nov/2022:09:42:59 +0800] "GET /xingrg/kc/buy/cgsh_order_operate.html?command=get_materiel&rest_code=00150&code=00101008318&supplier_code=00100008&order_time=2022-11-09 HTTP/1.1" 200 408
58.221.95.50 - - [09/Nov/2022:09:43:01 +0800] "GET /xingrg/check_reg.html?_=1667958176357 HTTP/1.1" 200 22
116.235.93.82 - - [09/Nov/2022:09:43:03 +0800] "GET /xingrg/all/function/internal_message.html?_=1667958403768&CODE_STATE=getMsg HTTP/1.1" 200 27
116.235.93.82 - - [09/Nov/2022:09:43:03 +0800] "GET /xingrg/check_reg.html?_=1667958403769 HTTP/1.1" 200 22
61.170.233.146 - - [09/Nov/2022:09:43:04 +0800] "GET /xingrg/all/function/internal_message.html?_=1667958189214&CODE_STATE=getMsg HTTP/1.1" 200 27
180.163.29.219 - - [09/Nov/2022:09:43:04 +0800] "GET /xingrg/all/function/internal_message.html?_=1667958129235&CODE_STATE=getMsg HTTP/1.1" 302 -
114.95.46.117 - - [09/Nov/2022:09:43:05 +0800] "GET /xingrg/all/function/internal_message.html?_=1667958041479&CODE_STATE=getMsg HTTP/1.1" 200 27
180.163.29.219 - - [09/Nov/2022:09:43:07 +0800] "GET /xingrg/login.html HTTP/1.1" 200 7641
116.238.139.35 - - [09/Nov/2022:09:43:07 +0800] "GET /xingrg/kc/buy/cgsh_order_operate.html?command=get_materiel&rest_code=00150&code=00101008371&supplier_code=00100008&order_time=2022-11-09 HTTP/1.1" 200 412
116.238.139.35 - - [09/Nov/2022:09:43:11 +0800] "GET /xingrg/all/function/internal_message.html?_=1667958197448&CODE_STATE=getMsg HTTP/1.1" 200 27
114.83.219.57 - - [09/Nov/2022:09:43:16 +0800] "GET /xingrg/all/function/internal_message.html?_=1667958318393&CODE_STATE=getMsg HTTP/1.1" 200 27
116.238.139.35 - - [09/Nov/2022:09:43:16 +0800] "GET /xingrg/check_reg.html?_=1667958124595 HTTP/1.1" 200 22
116.238.139.35 - - [09/Nov/2022:09:43:17 +0800] "GET /xingrg/kc/buy/cgsh_order_operate.html?command=get_materiel&rest_code=00150&code=00101008353&supplier_code=00100008&order_time=2022-11-09 HTTP/1.1" 200 408
114.88.159.190 - - [09/Nov/2022:09:43:19 +0800] "GET /xingrg/all/function/internal_message.html?_=1667958204522&CODE_STATE=getMsg HTTP/1.1" 200 27
116.238.139.35 - - [09/Nov/2022:09:43:25 +0800] "GET /xingrg/kc/buy/cgsh_order_operate.html?command=get_materiel&rest_code=00150&code=00101008213&supplier_code=00100008&order_time=2022-11-09 HTTP/1.1" 200 412
58.221.95.50 - - [09/Nov/2022:09:43:26 +0800] "GET /xingrg/all/function/internal_message.html?_=1667958201999&CODE_STATE=getMsg HTTP/1.1" 200 27
218.81.217.29 - - [09/Nov/2022:09:43:27 +0800] "GET /xingrg/check_reg.html?_=1667958223003 HTTP/1.1" 200 22
116.238.139.35 - - [09/Nov/2022:09:43:29 +0800] "GET /xingrg/all/function/internal_message.html?_=1667958136935&CODE_STATE=getMsg HTTP/1.1" 200 27
116.238.139.35 - - [09/Nov/2022:09:43:34 +0800] "GET /xingrg/kc/buy/cgsh_order_operate.html?command=get_materiel&rest_code=00150&code=00101008312&supplier_code=00100008&order_time=2022-11-09 HTTP/1.1" 200 412
116.230.105.139 - - [09/Nov/2022:09:43:35 +0800] "GET /xingrg/all/function/internal_message.html?_=1667958214864&CODE_STATE=getMsg HTTP/1.1" 200 27
180.162.229.95 - - [09/Nov/2022:09:43:36 +0800] "GET /xingrg/all/function/internal_message.html?_=1667958222723&CODE_STATE=getMsg HTTP/1.1" 200 27
116.238.139.35 - - [09/Nov/2022:09:43:38 +0800] "POST /xingrg/kc/buy/cgsh_order_operate.html HTTP/1.1" 200 2065
61.170.233.146 - - [09/Nov/2022:09:43:39 +0800] "POST /xingrg/services/DataTransmitService HTTP/1.1" 200 524
58.40.7.146 - - [09/Nov/2022:09:43:48 +0800] "GET /xingrg/all/function/internal_message.html?_=1667958234191&CODE_STATE=getMsg HTTP/1.1" 200 27
218.81.217.29 - - [09/Nov/2022:09:43:51 +0800] "GET /xingrg/all/function/internal_message.html?_=1667958247506&CODE_STATE=getMsg HTTP/1.1" 200 27
116.238.139.35 - - [09/Nov/2022:09:43:52 +0800] "GET /xingrg/kc/buy/cgsh_order_operate.html?command=get_materiel&rest_code=00150&code=00101008344&supplier_code=00100008&order_time=2022-11-09 HTTP/1.1" 200 412
114.88.159.190 - - [09/Nov/2022:09:43:55 +0800] "GET /xingrg/all/function/internal_message.html?_=1667957855024&CODE_STATE=getMsg HTTP/1.1" 200 27
116.238.139.35 - - [09/Nov/2022:09:44:02 +0800] "GET /xingrg/kc/buy/cgsh_order_operate.html?command=get_materiel&rest_code=00150&code=00101008061&supplier_code=00100008&order_time=2022-11-09 HTTP/1.1" 200 422
116.235.93.82 - - [09/Nov/2022:09:44:03 +0800] "GET /xingrg/all/function/internal_message.html?_=1667958463783&CODE_STATE=getMsg HTTP/1.1" 200 27
180.163.29.219 - - [09/Nov/2022:09:44:04 +0800] "GET /xingrg/all/function/internal_message.html?_=1667958189214&CODE_STATE=getMsg HTTP/1.1" 302 -
61.170.233.146 - - [09/Nov/2022:09:44:04 +0800] "GET /xingrg/all/function/internal_message.html?_=1667958249210&CODE_STATE=getMsg HTTP/1.1" 200 27
180.163.29.219 - - [09/Nov/2022:09:44:04 +0800] "GET /xingrg/login.html HTTP/1.1" 200 7641
114.95.46.117 - - [09/Nov/2022:09:44:05 +0800] "GET /xingrg/all/function/internal_message.html?_=1667958101468&CODE_STATE=getMsg HTTP/1.1" 200 27
61.170.233.146 - - [09/Nov/2022:09:44:05 +0800] "GET /xingrg/check_reg.html?_=1667958250193 HTTP/1.1" 200 22
116.238.139.35 - - [09/Nov/2022:09:44:10 +0800] "GET /xingrg/kc/buy/cgsh_order_operate.html?command=get_materiel&rest_code=00150&code=00101008041&supplier_code=00100008&order_time=2022-11-09 HTTP/1.1" 200 408
116.238.139.35 - - [09/Nov/2022:09:44:11 +0800] "GET /xingrg/all/function/internal_message.html?_=1667958257437&CODE_STATE=getMsg HTTP/1.1" 200 27
172.20.0.100 - - [09/Nov/2022:09:44:11 +0800] "GET /favicon.ico HTTP/1.1" 404 -
172.20.0.100 - - [09/Nov/2022:09:44:15 +0800] "GET /xingrg/index.html?sysBaseUrl=http%3A%2F%2F172.17.0.8%3A18081%2Fxingrg%2F&costTime=213×tamp=1585200360465 HTTP/1.1" 302 -
172.20.0.100 - - [09/Nov/2022:09:44:15 +0800] "GET /xingrg/login.html HTTP/1.1" 200 7636
172.20.0.100 - - [09/Nov/2022:09:44:15 +0800] "GET /xingrg/images/blue/jxLogo.png HTTP/1.1" 200 6156
172.20.0.100 - - [09/Nov/2022:09:44:16 +0800] "GET /xingrg/images/blue/login_bg.png HTTP/1.1" 200 22101
172.20.0.100 - - [09/Nov/2022:09:44:16 +0800] "GET /xingrg/images/blue/srbg.png HTTP/1.1" 200 138
172.20.0.100 - - [09/Nov/2022:09:44:16 +0800] "GET /xingrg/images/blue/hj.png HTTP/1.1" 200 1014
172.20.0.100 - - [09/Nov/2022:09:44:16 +0800] "GET /favicon.ico HTTP/1.1" 404 -
114.83.219.57 - - [09/Nov/2022:09:44:16 +0800] "GET /xingrg/all/function/internal_message.html?_=1667958378379&CODE_STATE=getMsg HTTP/1.1" 200 27
172.20.0.100 - - [09/Nov/2022:09:44:17 +0800] "POST /xingrg/login.do HTTP/1.1" 302 -
172.20.0.100 - - [09/Nov/2022:09:44:17 +0800] "GET /xingrg/index.html?sysBaseUrl=http%3A%2F%2F172.20.0.8%3A18081%2Fxingrg%2F&costTime=49×tamp=1667958257518 HTTP/1.1" 200 17448
172.20.0.100 - - [09/Nov/2022:09:44:17 +0800] "GET /xingrg/javascript/jquery_easy_ui/themes/default/easyui.css HTTP/1.1" 200 26500
172.20.0.100 - - [09/Nov/2022:09:44:17 +0800] "GET /xingrg/javascript/jquery_easy_ui/themes/icon.css HTTP/1.1" 200 3949
172.20.0.100 - - [09/Nov/2022:09:44:17 +0800] "GET /xingrg/css/form.css HTTP/1.1" 200 893
172.20.0.100 - - [09/Nov/2022:09:44:17 +0800] "GET /xingrg/javascript/jquery-1.4.2.min.js HTTP/1.1" 200 72205
172.20.0.100 - - [09/Nov/2022:09:44:17 +0800] "GET /xingrg/javascript/jquery_easy_ui/jquery.easyui.min.js HTTP/1.1" 200 213662
172.20.0.100 - - [09/Nov/2022:09:44:17 +0800] "GET /xingrg/javascript/jquery_easy_ui/easyui-lang-zh_CN.js HTTP/1.1" 200 1900
172.20.0.100 - - [09/Nov/2022:09:44:17 +0800] "GET /xingrg/javascript/jquery.form.js HTTP/1.1" 200 23110
172.20.0.100 - - [09/Nov/2022:09:44:17 +0800] "GET /xingrg/javascript/jquery.utils.js HTTP/1.1" 200 11805
172.20.0.100 - - [09/Nov/2022:09:44:17 +0800] "GET /xingrg/javascript/jquery.timers.js HTTP/1.1" 200 3532
172.20.0.100 - - [09/Nov/2022:09:44:17 +0800] "GET /favicon.ico HTTP/1.1" 404 -
172.20.0.100 - - [09/Nov/2022:09:44:17 +0800] "GET /xingrg/javascript/jquery_easy_ui/themes/icons/settle_new.png HTTP/1.1" 200 826
172.20.0.100 - - [09/Nov/2022:09:44:17 +0800] "GET /xingrg/images/blue/navBackgound.jpg HTTP/1.1" 200 12378
172.20.0.100 - - [09/Nov/2022:09:44:17 +0800] "POST /xingrg/all/common/load_tree.html?tree=area_rest_tree_json&manage=1 HTTP/1.1" 200 3493
172.20.0.100 - - [09/Nov/2022:09:44:18 +0800] "GET /xingrg/all/function/internal_message.html?_=1667958263799&CODE_STATE=count HTTP/1.1" 200 11
172.20.0.100 - - [09/Nov/2022:09:44:18 +0800] "GET /xingrg/check_reg.html?_=1667958263803 HTTP/1.1" 200 22
172.20.0.100 - - [09/Nov/2022:09:44:18 +0800] "GET /xingrg/images/blue/pingpu.png HTTP/1.1" 200 231
172.20.0.100 - - [09/Nov/2022:09:44:18 +0800] "GET /xingrg/javascript/jquery_easy_ui/themes/default/images/tabs_leftarrow.png HTTP/1.1" 200 389
172.20.0.100 - - [09/Nov/2022:09:44:18 +0800] "GET /xingrg/javascript/jquery_easy_ui/themes/default/images/tabs_rightarrow.png HTTP/1.1" 200 395
172.20.0.100 - - [09/Nov/2022:09:44:18 +0800] "GET /xingrg/javascript/jquery_easy_ui/themes/default/images/panel_tool_expand.gif HTTP/1.1" 200 247
172.20.0.100 - - [09/Nov/2022:09:44:18 +0800] "GET /xingrg/javascript/jquery_easy_ui/themes/default/images/panel_tool_collapse.gif HTTP/1.1" 200 246
172.20.0.100 - - [09/Nov/2022:09:44:18 +0800] "POST /xingrg/load_menu.html HTTP/1.1" 200 11529
172.20.0.100 - - [09/Nov/2022:09:44:18 +0800] "GET /xingrg/javascript/jquery_easy_ui/themes/default/images/tree_arrows.gif HTTP/1.1" 200 1043
172.20.0.100 - - [09/Nov/2022:09:44:18 +0800] "GET /xingrg/javascript/jquery_easy_ui/themes/default/images/tree_folder_open.gif HTTP/1.1" 200 956
172.20.0.100 - - [09/Nov/2022:09:44:18 +0800] "GET /xingrg/javascript/jquery_easy_ui/themes/icons/search_new.png HTTP/1.1" 200 586
172.20.0.100 - - [09/Nov/2022:09:44:18 +0800] "GET /xingrg/javascript/jquery_easy_ui/themes/icons/delivery_new.png HTTP/1.1" 200 700
172.20.0.100 - - [09/Nov/2022:09:44:18 +0800] "GET /xingrg/javascript/jquery_easy_ui/themes/icons/storage_new.png HTTP/1.1" 200 853
172.20.0.100 - - [09/Nov/2022:09:44:18 +0800] "GET /xingrg/javascript/jquery_easy_ui/themes/icons/checkout_new.png HTTP/1.1" 200 744
172.20.0.100 - - [09/Nov/2022:09:44:18 +0800] "GET /xingrg/javascript/jquery_easy_ui/themes/icons/forms_new.png HTTP/1.1" 200 350
172.20.0.100 - - [09/Nov/2022:09:44:18 +0800] "GET /xingrg/javascript/jquery_easy_ui/themes/icons/setting_new.png HTTP/1.1" 200 450
172.20.0.100 - - [09/Nov/2022:09:44:18 +0800] "GET /xingrg/javascript/jquery_easy_ui/themes/icons/systemset_new.png HTTP/1.1" 200 606
172.20.0.100 - - [09/Nov/2022:09:44:18 +0800] "GET /xingrg/javascript/jquery_easy_ui/themes/default/images/tree_file.gif HTTP/1.1" 200 118
172.20.0.100 - - [09/Nov/2022:09:44:18 +0800] "GET /xingrg/javascript/jquery_easy_ui/themes/default/images/tree_folder.gif HTTP/1.1" 200 952
116.238.139.35 - - [09/Nov/2022:09:44:19 +0800] "GET /xingrg/kc/buy/cgsh_order_operate.html?command=get_materiel&rest_code=00150&code=00101008283&supplier_code=00100008&order_time=2022-11-09 HTTP/1.1" 200 408
114.88.159.190 - - [09/Nov/2022:09:44:19 +0800] "GET /xingrg/all/function/internal_message.html?_=1667958264537&CODE_STATE=getMsg HTTP/1.1" 200 27
172.20.0.100 - - [09/Nov/2022:09:44:20 +0800] "GET /xingrg/javascript/jquery_easy_ui/themes/icons/area.png HTTP/1.1" 200 262
172.20.0.100 - - [09/Nov/2022:09:44:20 +0800] "GET /xingrg/javascript/jquery_easy_ui/themes/icons/manage.png HTTP/1.1" 200 696
172.20.0.100 - - [09/Nov/2022:09:44:20 +0800] "GET /xingrg/javascript/jquery_easy_ui/themes/icons/rest.png HTTP/1.1" 200 695
172.20.0.100 - - [09/Nov/2022:09:44:20 +0800] "GET /xingrg/javascript/jquery_easy_ui/themes/default/images/button_a_bg.gif HTTP/1.1" 200 1194
172.20.0.100 - - [09/Nov/2022:09:44:20 +0800] "GET /xingrg/javascript/jquery_easy_ui/themes/default/images/button_span_bg.gif HTTP/1.1" 200 2061
172.20.0.100 - - [09/Nov/2022:09:44:20 +0800] "GET /xingrg/javascript/jquery_easy_ui/themes/icons/ok.png HTTP/1.1" 200 883
172.20.0.100 - - [09/Nov/2022:09:44:20 +0800] "GET /xingrg/javascript/jquery_easy_ui/themes/default/images/panel_title.png HTTP/1.1" 200 266
172.20.0.100 - - [09/Nov/2022:09:44:20 +0800] "GET /xingrg/javascript/jquery_easy_ui/themes/default/images/panel_tools.gif HTTP/1.1" 200 737
116.238.139.35 - - [09/Nov/2022:09:44:22 +0800] "POST /xingrg/kc/buy/cgsh_order_operate.html HTTP/1.1" 200 2065
58.221.95.50 - - [09/Nov/2022:09:44:26 +0800] "GET /xingrg/all/function/internal_message.html?_=1667958262014&CODE_STATE=getMsg HTTP/1.1" 200 27
172.20.0.100 - - [09/Nov/2022:09:44:26 +0800] "GET /xingrg/images/control/ajaxLoader.gif HTTP/1.1" 200 4659
172.20.0.100 - - [09/Nov/2022:09:44:26 +0800] "POST /xingrg/all/user/operate.html HTTP/1.1" 200 36
172.20.0.100 - - [09/Nov/2022:09:44:27 +0800] "GET /xingrg/index.html?sysBaseUrl=http%3A%2F%2F172.20.0.8%3A18081%2Fxingrg%2F&costTime=49×tamp=1667958257518 HTTP/1.1" 200 17454
172.20.0.100 - - [09/Nov/2022:09:44:27 +0800] "GET /xingrg/javascript/jquery_easy_ui/themes/default/easyui.css HTTP/1.1" 304 -
172.20.0.100 - - [09/Nov/2022:09:44:27 +0800] "GET /xingrg/javascript/jquery_easy_ui/themes/icon.css HTTP/1.1" 304 -
172.20.0.100 - - [09/Nov/2022:09:44:27 +0800] "GET /xingrg/css/form.css HTTP/1.1" 304 -
172.20.0.100 - - [09/Nov/2022:09:44:27 +0800] "GET /xingrg/javascript/jquery-1.4.2.min.js HTTP/1.1" 304 -
172.20.0.100 - - [09/Nov/2022:09:44:27 +0800] "GET /xingrg/javascript/jquery_easy_ui/jquery.easyui.min.js HTTP/1.1" 304 -
172.20.0.100 - - [09/Nov/2022:09:44:27 +0800] "GET /xingrg/javascript/jquery_easy_ui/easyui-lang-zh_CN.js HTTP/1.1" 304 -
172.20.0.100 - - [09/Nov/2022:09:44:27 +0800] "GET /xingrg/javascript/jquery.form.js HTTP/1.1" 304 -
172.20.0.100 - - [09/Nov/2022:09:44:27 +0800] "GET /xingrg/javascript/jquery.utils.js HTTP/1.1" 304 -
172.20.0.100 - - [09/Nov/2022:09:44:27 +0800] "GET /xingrg/javascript/jquery.timers.js HTTP/1.1" 304 -
172.20.0.100 - - [09/Nov/2022:09:44:27 +0800] "GET /xingrg/images/blue/jxLogo.png HTTP/1.1" 304 -
172.20.0.100 - - [09/Nov/2022:09:44:27 +0800] "GET /xingrg/images/blue/navBackgound.jpg HTTP/1.1" 304 -
172.20.0.100 - - [09/Nov/2022:09:44:27 +0800] "GET /xingrg/javascript/jquery_easy_ui/themes/icons/settle_new.png HTTP/1.1" 304 -
172.20.0.100 - - [09/Nov/2022:09:44:27 +0800] "POST /xingrg/all/common/load_tree.html?tree=area_rest_tree_json&manage=1 HTTP/1.1" 200 3493
172.20.0.100 - - [09/Nov/2022:09:44:27 +0800] "GET /xingrg/all/function/internal_message.html?_=1667958273086&CODE_STATE=count HTTP/1.1" 200 11
172.20.0.100 - - [09/Nov/2022:09:44:27 +0800] "GET /xingrg/check_reg.html?_=1667958273087 HTTP/1.1" 200 22
172.20.0.100 - - [09/Nov/2022:09:44:27 +0800] "GET /xingrg/javascript/jquery_easy_ui/themes/default/images/tabs_leftarrow.png HTTP/1.1" 304 -
172.20.0.100 - - [09/Nov/2022:09:44:27 +0800] "GET /xingrg/javascript/jquery_easy_ui/themes/default/images/tabs_rightarrow.png HTTP/1.1" 304 -
172.20.0.100 - - [09/Nov/2022:09:44:27 +0800] "GET /xingrg/images/blue/pingpu.png HTTP/1.1" 304 -
172.20.0.100 - - [09/Nov/2022:09:44:27 +0800] "GET /xingrg/javascript/jquery_easy_ui/themes/default/images/panel_tool_expand.gif HTTP/1.1" 304 -
172.20.0.100 - - [09/Nov/2022:09:44:27 +0800] "GET /xingrg/javascript/jquery_easy_ui/themes/default/images/panel_tool_collapse.gif HTTP/1.1" 304 -
172.20.0.100 - - [09/Nov/2022:09:44:27 +0800] "POST /xingrg/load_menu.html HTTP/1.1" 200 9924
116.238.139.35 - - [09/Nov/2022:09:44:28 +0800] "GET /xingrg/kc/buy/cgsh_order_operate.html?command=get_materiel&rest_code=00150&code=00101008279&supplier_code=00100008&order_time=2022-11-09 HTTP/1.1" 200 412
116.238.139.35 - - [09/Nov/2022:09:44:29 +0800] "GET /xingrg/all/function/internal_message.html?_=1667958196949&CODE_STATE=getMsg HTTP/1.1" 200 27
114.88.159.190 - - [09/Nov/2022:09:44:30 +0800] "GET /xingrg/kc/buy/cgsh_order_operate.html?command=get_materiel&rest_code=00141&code=00101008300&supplier_code=00100007&order_time=2022-11-09 HTTP/1.1" 200 412
172.20.0.100 - - [09/Nov/2022:09:44:33 +0800] "GET /xingrg/kc/report/report_main.html HTTP/1.1" 200 7320
172.20.0.100 - - [09/Nov/2022:09:44:33 +0800] "GET /xingrg/javascript/jquery_easy_ui/themes/default/images/tabs_close.gif HTTP/1.1" 200 829
172.20.0.100 - - [09/Nov/2022:09:44:33 +0800] "GET /xingrg/css/blue.css HTTP/1.1" 200 15949
172.20.0.100 - - [09/Nov/2022:09:44:33 +0800] "GET /xingrg/javascript/jquery_ui/themes/humanity/humanity.css HTTP/1.1" 200 27801
172.20.0.100 - - [09/Nov/2022:09:44:33 +0800] "GET /xingrg/javascript/pic_change.js HTTP/1.1" 200 4739
172.20.0.100 - - [09/Nov/2022:09:44:33 +0800] "GET /xingrg/javascript/myfunction.js HTTP/1.1" 200 24559
172.20.0.100 - - [09/Nov/2022:09:44:33 +0800] "GET /xingrg/javascript/json2.js HTTP/1.1" 200 11259
172.20.0.100 - - [09/Nov/2022:09:44:33 +0800] "GET /xingrg/javascript/jquery_easy_ui/themes/icons/back_new.png HTTP/1.1" 200 3414
172.20.0.100 - - [09/Nov/2022:09:44:34 +0800] "GET /xingrg/kc/base/crk_hz.html HTTP/1.1" 200 11227
172.20.0.100 - - [09/Nov/2022:09:44:34 +0800] "GET /xingrg/javascript/step/step.css HTTP/1.1" 200 999
172.20.0.100 - - [09/Nov/2022:09:44:34 +0800] "GET /xingrg/css/table.css HTTP/1.1" 200 3684
172.20.0.100 - - [09/Nov/2022:09:44:34 +0800] "POST /xingrg/kc/cost/cost_operate.html?command=get_base_tree HTTP/1.1" 200 1170
172.20.0.100 - - [09/Nov/2022:09:44:34 +0800] "POST /xingrg/all/common/load_tree.html?tree=materiel_sort_tree_json HTTP/1.1" 200 9500
172.20.0.100 - - [09/Nov/2022:09:44:34 +0800] "GET /xingrg/javascript/jquery_easy_ui/themes/icons/print.png HTTP/1.1" 200 1057
172.20.0.100 - - [09/Nov/2022:09:44:34 +0800] "GET /xingrg/javascript/jquery_easy_ui/themes/default/images/menu_downarrow.png HTTP/1.1" 200 173
172.20.0.100 - - [09/Nov/2022:09:44:34 +0800] "GET /xingrg/javascript/jquery_easy_ui/themes/default/images/menu.gif HTTP/1.1" 200 834
172.20.0.100 - - [09/Nov/2022:09:44:34 +0800] "GET /xingrg/javascript/jquery_easy_ui/themes/default/images/combo_arrow_dot.gif HTTP/1.1" 200 79
172.20.0.100 - - [09/Nov/2022:09:44:34 +0800] "GET /xingrg/javascript/jquery_easy_ui/themes/icons/search.png HTTP/1.1" 200 813
172.20.0.100 - - [09/Nov/2022:09:44:34 +0800] "GET /xingrg/javascript/jquery_easy_ui/themes/default/images/calendar_prevmonth.gif HTTP/1.1" 200 66
172.20.0.100 - - [09/Nov/2022:09:44:34 +0800] "GET /xingrg/javascript/jquery_easy_ui/themes/default/images/calendar_nextmonth.gif HTTP/1.1" 200 64
172.20.0.100 - - [09/Nov/2022:09:44:34 +0800] "GET /xingrg/javascript/jquery_easy_ui/themes/default/images/calendar_prevyear.gif HTTP/1.1" 200 76
172.20.0.100 - - [09/Nov/2022:09:44:34 +0800] "GET /xingrg/javascript/jquery_easy_ui/themes/default/images/calendar_nextyear.gif HTTP/1.1" 200 75
172.20.0.100 - - [09/Nov/2022:09:44:35 +0800] "GET /xingrg/javascript/jquery_easy_ui/themes/default/images/tree_checkbox_0.gif HTTP/1.1" 200 168
116.230.105.139 - - [09/Nov/2022:09:44:35 +0800] "GET /xingrg/all/function/internal_message.html?_=1667958274873&CODE_STATE=getMsg HTTP/1.1" 200 27
180.162.229.95 - - [09/Nov/2022:09:44:36 +0800] "GET /xingrg/all/function/internal_message.html?_=1667958282720&CODE_STATE=getMsg HTTP/1.1" 200 27
172.20.0.100 - - [09/Nov/2022:09:44:36 +0800] "GET /xingrg/all/common/get_data_part.html?part=previousMonth&_=1667958282739 HTTP/1.1" 200 41
116.238.139.35 - - [09/Nov/2022:09:44:38 +0800] "GET /xingrg/kc/buy/cgsh_order_operate.html?command=get_materiel&rest_code=00150&code=00101008165&supplier_code=00100008&order_time=2022-11-09 HTTP/1.1" 200 417
172.20.0.100 - - [09/Nov/2022:09:44:40 +0800] "GET /xingrg/javascript/jquery_easy_ui/themes/default/images/tree_checkbox_1.gif HTTP/1.1" 200 174
172.20.0.100 - - [09/Nov/2022:09:44:40 +0800] "GET /xingrg/javascript/jquery_easy_ui/themes/default/images/tree_checkbox_2.gif HTTP/1.1" 200 181
172.20.0.100 - - [09/Nov/2022:09:44:43 +0800] "GET /xingrg/kc/base/crk_hz.html?_=1667958289416&command=get_cost_id&end_date=2022-10-31&start_date=2022-10-01 HTTP/1.1" 200 51
172.20.0.100 - - [09/Nov/2022:09:44:43 +0800] "GET /xingrg/all/report/report_query.html?isQuery=1&onlyBody=1&rh=99999&rw=1800&varString=start:20221001,cost_id:3948,mid:20221001&fileName=kc/base/crk_hz_type_by_base.xml&queryString=%20a.base_code%20in%20('0010820')%20%20and%20m.sort_code%20in%20('00101001','00101002','00101003','00101004','00101005','00101006','00101007','00101008','00101009','00101010','00101011','00101012','00101013','00101014','00101015','00101016','00101017','00101018','00101019','00101020','00101021','00101022','00101023','00101024','00101025','00101026','00101027','00101028','00101029','00101030','00101031','00101032','00101033','00101034','00101036','00101037','00101038','00101039','00101040','00101041','00101042','00101043')%20&queryText=ÈÕÆÚ£º2022-10-01ÖÁ2022-10-31%20²Ö¿â£ºÃâ·ÑÌðÆ·&tableQueryString=materiel_table$sp1$$sp$before_table$sp1$$sp$crk_table$sp1$order_day%20between%2020221001%20and%2020221031 HTTP/1.1" 200 49811
172.20.0.100 - - [09/Nov/2022:09:44:43 +0800] "GET /xingrg/javascript/multi_select/jqueryMultiSelect.css HTTP/1.1" 200 951
172.20.0.100 - - [09/Nov/2022:09:44:43 +0800] "GET /xingrg/javascript/calendar/timePicker.css HTTP/1.1" 200 523
172.20.0.100 - - [09/Nov/2022:09:44:43 +0800] "GET /xingrg/javascript/bigrid/fix.css HTTP/1.1" 200 1702
172.20.0.100 - - [09/Nov/2022:09:44:43 +0800] "GET /xingrg/dwr/interface/AjaxReportQueryService.js HTTP/1.1" 200 13203
172.20.0.100 - - [09/Nov/2022:09:44:43 +0800] "GET /xingrg/dwr/engine.js HTTP/1.1" 200 43631
172.20.0.100 - - [09/Nov/2022:09:44:43 +0800] "GET /xingrg/dwr/util.js HTTP/1.1" 200 35990
172.20.0.100 - - [09/Nov/2022:09:44:43 +0800] "GET /xingrg/javascript/jqueryMultiSelect.js HTTP/1.1" 200 11866
172.20.0.100 - - [09/Nov/2022:09:44:43 +0800] "GET /xingrg/javascript/Calendar.js HTTP/1.1" 200 31561
172.20.0.100 - - [09/Nov/2022:09:44:43 +0800] "GET /xingrg/javascript/calendar/jquery.timePicker.min.js HTTP/1.1" 200 2997
172.20.0.100 - - [09/Nov/2022:09:44:43 +0800] "GET /xingrg/javascript/bigrid/fix.js HTTP/1.1" 200 6439
172.20.0.100 - - [09/Nov/2022:09:44:43 +0800] "GET /xingrg/images/control/loading.gif HTTP/1.1" 200 13463
172.20.0.100 - - [09/Nov/2022:09:44:43 +0800] "GET /xingrg/images/blue/button/advanceover.gif HTTP/1.1" 200 1347
172.20.0.100 - - [09/Nov/2022:09:44:43 +0800] "GET /xingrg/images/blue/button/advance2over.gif HTTP/1.1" 200 1336
172.20.0.100 - - [09/Nov/2022:09:44:43 +0800] "GET /xingrg/images/blue/button/back2over.gif HTTP/1.1" 200 1335
172.20.0.100 - - [09/Nov/2022:09:44:43 +0800] "GET /xingrg/images/blue/button/backover.gif HTTP/1.1" 200 1348
172.20.0.100 - - [09/Nov/2022:09:44:44 +0800] "GET /xingrg/javascript/jquery_easy_ui/themes/icons/help.png HTTP/1.1" 200 1187
172.20.0.100 - - [09/Nov/2022:09:44:45 +0800] "POST /xingrg/all/report/load_report_page.html HTTP/1.1" 200 94878
172.20.0.100 - - [09/Nov/2022:09:44:45 +0800] "GET /xingrg/servlets/image?cache=0.03174453621852835&image=px HTTP/1.1" 200 807
114.88.159.190 - - [09/Nov/2022:09:44:46 +0800] "POST /xingrg/kc/buy/cgsh_order_operate.html HTTP/1.1" 200 37
58.40.7.146 - - [09/Nov/2022:09:44:48 +0800] "GET /xingrg/all/function/internal_message.html?_=1667958294194&CODE_STATE=getMsg HTTP/1.1" 200 27
172.20.0.100 - - [09/Nov/2022:09:44:49 +0800] "GET /xingrg/all/report/report_query.html?isQuery=1&fileName=kc/base/crk_detail_by_small.xml&rh=99999&queryString=&queryText=%25E3%2580%2590%25E4%25BB%2593%25E5%25BA%2593%25E5%2590%258D%25E7%25A7%25B0%253A%25E5%2585%258D%25E8%25B4%25B9%25E7%2594%259C%25E5%2593%2581%25E3%2580%2591%25E3%2580%2590%25E4%25B8%259A%25E5%258A%25A1%25E7%25B1%25BB%25E5%259E%258B%25EF%25BC%259A%25E7%259B%2598%25E4%25BA%258F%25E5%2587%25BA%25E5%25BA%2593%25E3%2580%2591%2520%253F%253F%253F%253F%253F2022-10-01%253F%253F2022-10-31%2520%253F%253F%253F%253F%253F%253F%253F%253F%253F&tableQueryString=crk_table%2524sp1%2524order_day%2520between%252020221001%2520and%252020221031%2520and%2520(base_code%253D'0010820')%2520and%2520(src_order_type%2520in%2520(45))%2520and%2520(is_rk%2520in%2520(0)) HTTP/1.1" 200 53715
114.88.159.190 - - [09/Nov/2022:09:44:50 +0800] "POST /xingrg/kc/buy/cgsh_order_operate.html HTTP/1.1" 200 30428
172.20.0.100 - - [09/Nov/2022:09:44:50 +0800] "GET /xingrg/dwr/interface/AjaxReportQueryService.js HTTP/1.1" 200 13203
172.20.0.100 - - [09/Nov/2022:09:44:50 +0800] "GET /xingrg/dwr/engine.js HTTP/1.1" 200 43631
172.20.0.100 - - [09/Nov/2022:09:44:50 +0800] "GET /xingrg/javascript/jquery_easy_ui/themes/icons/pencil.png HTTP/1.1" 200 713
172.20.0.100 - - [09/Nov/2022:09:44:50 +0800] "GET /xingrg/javascript/jquery_easy_ui/themes/default/images/menu_rightarrow.png HTTP/1.1" 200 3617
172.20.0.100 - - [09/Nov/2022:09:44:50 +0800] "POST /xingrg/all/report/load_report_page.html HTTP/1.1" 200 29260
172.20.0.100 - - [09/Nov/2022:09:44:50 +0800] "GET /xingrg/servlets/image?cache=0.030728962261441506&image=px HTTP/1.1" 200 807
116.238.139.35 - - [09/Nov/2022:09:44:51 +0800] "GET /xingrg/kc/buy/cgsh_order_operate.html?command=get_materiel&rest_code=00150&code=00101008658&supplier_code=00100008&order_time=2022-11-09 HTTP/1.1" 200 408
114.88.159.190 - - [09/Nov/2022:09:44:51 +0800] "GET /xingrg/kc/print/load_data.html?order_code=212022110902705&kc_code=cgsh&condition= HTTP/1.1" 200 11210
218.81.217.29 - - [09/Nov/2022:09:44:51 +0800] "GET /xingrg/all/function/internal_message.html?_=1667958307518&CODE_STATE=getMsg HTTP/1.1" 200 27
172.20.0.100 - - [09/Nov/2022:09:44:53 +0800] "POST /xingrg/all/report/load_report_page.html HTTP/1.1" 200 161836
172.20.0.100 - - [09/Nov/2022:09:44:53 +0800] "GET /xingrg/servlets/image?cache=0.2914797131587342&image=px HTTP/1.1" 200 807
114.88.159.190 - - [09/Nov/2022:09:44:56 +0800] "GET /xingrg/all/function/internal_message.html?_=1667957915331&CODE_STATE=getMsg HTTP/1.1" 200 27
114.88.159.190 - - [09/Nov/2022:09:44:56 +0800] "GET /xingrg/check_reg.html?_=1667957915332 HTTP/1.1" 200 22
172.20.0.100 - - [09/Nov/2022:09:44:56 +0800] "GET /xingrg/javascript/jquery_easy_ui/themes/default/images/button_plain_hover.png HTTP/1.1" 200 252
172.20.0.100 - - [09/Nov/2022:09:44:58 +0800] "POST /xingrg/all/report/report_print.html HTTP/1.1" 200 12821
116.238.139.35 - - [09/Nov/2022:09:44:59 +0800] "GET /xingrg/kc/buy/cgsh_order_operate.html?command=get_materiel&rest_code=00150&code=00101008558&supplier_code=00100008&order_time=2022-11-09 HTTP/1.1" 200 409
114.88.159.190 - - [09/Nov/2022:09:45:00 +0800] "GET /xingrg/kc/buy/cgsh_order_add.html HTTP/1.1" 200 69267
114.88.159.190 - - [09/Nov/2022:09:45:00 +0800] "POST /xingrg/kc/buy/cgsh_order_operate.html HTTP/1.1" 200 8245
114.88.159.190 - - [09/Nov/2022:09:45:00 +0800] "GET /xingrg/javascript/easyui/themes/default/validatebox.css HTTP/1.1" 404 1104
116.235.93.82 - - [09/Nov/2022:09:45:03 +0800] "GET /xingrg/all/function/internal_message.html?_=1667958523781&CODE_STATE=getMsg HTTP/1.1" 200 27
61.170.233.146 - - [09/Nov/2022:09:45:04 +0800] "GET /xingrg/all/function/internal_message.html?_=1667958309187&CODE_STATE=getMsg HTTP/1.1" 200 27
180.163.28.114 - - [09/Nov/2022:09:45:04 +0800] "GET /xingrg/all/function/internal_message.html?_=1667958249210&CODE_STATE=getMsg HTTP/1.1" 302 -
180.163.29.212 - - [09/Nov/2022:09:45:05 +0800] "GET /xingrg/check_reg.html?_=1667958250193 HTTP/1.1" 302 -
114.95.46.117 - - [09/Nov/2022:09:45:05 +0800] "GET /xingrg/all/function/internal_message.html?_=1667958161480&CODE_STATE=getMsg HTTP/1.1" 200 27
180.163.29.212 - - [09/Nov/2022:09:45:05 +0800] "GET /xingrg/login.html HTTP/1.1" 200 7641
114.95.46.117 - - [09/Nov/2022:09:45:05 +0800] "GET /xingrg/check_reg.html?_=1667958161659 HTTP/1.1" 200 22
180.163.28.114 - - [09/Nov/2022:09:45:07 +0800] "GET /xingrg/login.html HTTP/1.1" 200 7641
116.238.139.35 - - [09/Nov/2022:09:45:08 +0800] "POST /xingrg/kc/buy/cgsh_order_operate.html HTTP/1.1" 200 37
116.238.139.35 - - [09/Nov/2022:09:45:09 +0800] "POST /xingrg/kc/buy/cgsh_order_operate.html HTTP/1.1" 200 28693
116.238.139.35 - - [09/Nov/2022:09:45:11 +0800] "GET /xingrg/all/function/internal_message.html?_=1667958317443&CODE_STATE=getMsg HTTP/1.1" 200 27
114.83.219.57 - - [09/Nov/2022:09:45:16 +0800] "GET /xingrg/all/function/internal_message.html?_=1667958438387&CODE_STATE=getMsg HTTP/1.1" 200 27
114.88.159.190 - - [09/Nov/2022:09:45:19 +0800] "GET /xingrg/all/function/internal_message.html?_=1667958324536&CODE_STATE=getMsg HTTP/1.1" 200 27
114.88.159.190 - - [09/Nov/2022:09:45:20 +0800] "GET /xingrg/kc/buy/cgsh_order_operate.html?command=get_materiel&rest_code=00141&code=00101007032&supplier_code=00100004&order_time=2022-11-09 HTTP/1.1" 200 413
58.221.95.50 - - [09/Nov/2022:09:45:26 +0800] "GET /xingrg/all/function/internal_message.html?_=1667958322053&CODE_STATE=getMsg HTTP/1.1" 200 27
172.20.0.100 - - [09/Nov/2022:09:45:27 +0800] "GET /xingrg/all/function/internal_message.html?_=1667958333099&CODE_STATE=getMsg HTTP/1.1" 200 27
116.238.139.35 - - [09/Nov/2022:09:45:29 +0800] "GET /xingrg/all/function/internal_message.html?_=1667958256973&CODE_STATE=getMsg HTTP/1.1" 200 27
116.230.105.139 - - [09/Nov/2022:09:45:35 +0800] "GET /xingrg/all/function/internal_message.html?_=1667958334870&CODE_STATE=getMsg HTTP/1.1" 200 27
180.162.229.95 - - [09/Nov/2022:09:45:36 +0800] "GET /xingrg/all/function/internal_message.html?_=1667958342718&CODE_STATE=getMsg HTTP/1.1" 200 27
58.40.7.146 - - [09/Nov/2022:09:45:48 +0800] "GET /xingrg/all/function/internal_message.html?_=1667958354195&CODE_STATE=getMsg HTTP/1.1" 200 27
218.81.217.29 - - [09/Nov/2022:09:45:51 +0800] "GET /xingrg/all/function/internal_message.html?_=1667958367613&CODE_STATE=getMsg HTTP/1.1" 200 27
114.88.159.190 - - [09/Nov/2022:09:45:56 +0800] "GET /xingrg/all/function/internal_message.html?_=1667957975311&CODE_STATE=getMsg HTTP/1.1" 200 27
114.88.159.190 - - [09/Nov/2022:09:46:00 +0800] "POST /xingrg/kc/buy/cgsh_order_operate.html HTTP/1.1" 200 37
114.88.159.190 - - [09/Nov/2022:09:46:02 +0800] "POST /xingrg/kc/buy/cgsh_order_operate.html HTTP/1.1" 200 2658
116.235.93.82 - - [09/Nov/2022:09:46:03 +0800] "GET /xingrg/all/function/internal_message.html?_=1667958583780&CODE_STATE=getMsg HTTP/1.1" 200 27
114.95.46.117 - - [09/Nov/2022:09:46:03 +0800] "POST /xingrg/services/DataTransmitService HTTP/1.1" 200 524
61.170.233.146 - - [09/Nov/2022:09:46:04 +0800] "GET /xingrg/all/function/internal_message.html?_=1667958369169&CODE_STATE=getMsg HTTP/1.1" 200 27
180.163.30.76 - - [09/Nov/2022:09:46:04 +0800] "GET /xingrg/all/function/internal_message.html?_=1667958309187&CODE_STATE=getMsg HTTP/1.1" 302 -
180.163.30.76 - - [09/Nov/2022:09:46:04 +0800] "GET /xingrg/login.html HTTP/1.1" 200 7641
114.88.159.190 - - [09/Nov/2022:09:46:04 +0800] "GET /xingrg/kc/print/load_data.html?order_code=212022110902707&kc_code=cgsh&condition= HTTP/1.1" 200 722
114.95.46.117 - - [09/Nov/2022:09:46:05 +0800] "GET /xingrg/all/function/internal_message.html?_=1667958221459&CODE_STATE=getMsg HTTP/1.1" 200 27
116.238.139.35 - - [09/Nov/2022:09:46:11 +0800] "GET /xingrg/all/function/internal_message.html?_=1667958377433&CODE_STATE=getMsg HTTP/1.1" 200 27
114.83.219.57 - - [09/Nov/2022:09:46:16 +0800] "GET /xingrg/check_reg.html?_=1667958498401 HTTP/1.1" 200 22
114.83.219.57 - - [09/Nov/2022:09:46:16 +0800] "GET /xingrg/all/function/internal_message.html?_=1667958498403&CODE_STATE=getMsg HTTP/1.1" 200 27
114.88.159.190 - - [09/Nov/2022:09:46:19 +0800] "GET /xingrg/all/function/internal_message.html?_=1667958384536&CODE_STATE=getMsg HTTP/1.1" 200 27
58.221.95.50 - - [09/Nov/2022:09:46:26 +0800] "GET /xingrg/all/function/internal_message.html?_=1667958382055&CODE_STATE=getMsg HTTP/1.1" 200 27
172.20.0.100 - - [09/Nov/2022:09:46:27 +0800] "GET /xingrg/all/function/internal_message.html?_=1667958393086&CODE_STATE=getMsg HTTP/1.1" 200 27
116.238.139.35 - - [09/Nov/2022:09:46:29 +0800] "GET /xingrg/all/function/internal_message.html?_=1667958316991&CODE_STATE=getMsg HTTP/1.1" 200 27
116.230.105.139 - - [09/Nov/2022:09:46:35 +0800] "GET /xingrg/check_reg.html?_=1667958394874 HTTP/1.1" 200 22
116.230.105.139 - - [09/Nov/2022:09:46:35 +0800] "GET /xingrg/all/function/internal_message.html?_=1667958394876&CODE_STATE=getMsg HTTP/1.1" 200 27
180.162.229.95 - - [09/Nov/2022:09:46:36 +0800] "GET /xingrg/all/function/internal_message.html?_=1667958402715&CODE_STATE=getMsg HTTP/1.1" 200 27
180.162.229.95 - - [09/Nov/2022:09:46:36 +0800] "GET /xingrg/check_reg.html?_=1667958402939 HTTP/1.1" 200 22
58.40.7.146 - - [09/Nov/2022:09:46:48 +0800] "GET /xingrg/all/function/internal_message.html?_=1667958414182&CODE_STATE=getMsg HTTP/1.1" 200 27
218.81.217.29 - - [09/Nov/2022:09:46:51 +0800] "GET /xingrg/all/function/internal_message.html?_=1667958427623&CODE_STATE=getMsg HTTP/1.1" 200 27
114.88.159.190 - - [09/Nov/2022:09:46:56 +0800] "GET /xingrg/all/function/internal_message.html?_=1667958035396&CODE_STATE=getMsg HTTP/1.1" 200 27
116.235.93.82 - - [09/Nov/2022:09:47:03 +0800] "GET /xingrg/all/function/internal_message.html?_=1667958643778&CODE_STATE=getMsg HTTP/1.1" 200 27
180.163.28.55 - - [09/Nov/2022:09:47:04 +0800] "GET /xingrg/all/function/internal_message.html?_=1667958369169&CODE_STATE=getMsg HTTP/1.1" 302 -
61.170.233.146 - - [09/Nov/2022:09:47:04 +0800] "GET /xingrg/all/function/internal_message.html?_=1667958429152&CODE_STATE=getMsg HTTP/1.1" 200 27
180.163.28.55 - - [09/Nov/2022:09:47:04 +0800] "GET /xingrg/login.html HTTP/1.1" 200 7641
114.95.46.117 - - [09/Nov/2022:09:47:05 +0800] "GET /xingrg/all/function/internal_message.html?_=1667958281444&CODE_STATE=getMsg HTTP/1.1" 200 27
116.238.139.35 - - [09/Nov/2022:09:47:11 +0800] "GET /xingrg/all/function/internal_message.html?_=1667958437443&CODE_STATE=getMsg HTTP/1.1" 200 27
116.238.139.35 - - [09/Nov/2022:09:47:11 +0800] "GET /xingrg/check_reg.html?_=1667958437447 HTTP/1.1" 200 22
114.83.219.57 - - [09/Nov/2022:09:47:16 +0800] "GET /xingrg/all/function/internal_message.html?_=1667958558391&CODE_STATE=getMsg HTTP/1.1" 200 27
114.88.159.190 - - [09/Nov/2022:09:47:19 +0800] "GET /xingrg/check_reg.html?_=1667958444535 HTTP/1.1" 200 22
114.88.159.190 - - [09/Nov/2022:09:47:19 +0800] "GET /xingrg/all/function/internal_message.html?_=1667958444538&CODE_STATE=getMsg HTTP/1.1" 200 27
58.221.95.50 - - [09/Nov/2022:09:47:26 +0800] "GET /xingrg/all/function/internal_message.html?_=1667958442090&CODE_STATE=getMsg HTTP/1.1" 200 27
172.20.0.100 - - [09/Nov/2022:09:47:27 +0800] "GET /xingrg/all/function/internal_message.html?_=1667958453090&CODE_STATE=getMsg HTTP/1.1" 200 27
116.238.139.35 - - [09/Nov/2022:09:47:29 +0800] "GET /xingrg/all/function/internal_message.html?_=1667958377017&CODE_STATE=getMsg HTTP/1.1" 200 27
116.230.105.139 - - [09/Nov/2022:09:47:35 +0800] "GET /xingrg/all/function/internal_message.html?_=1667958454878&CODE_STATE=getMsg HTTP/1.1" 200 27
180.162.229.95 - - [09/Nov/2022:09:47:36 +0800] "GET /xingrg/all/function/internal_message.html?_=1667958462689&CODE_STATE=getMsg HTTP/1.1" 200 27
58.40.7.146 - - [09/Nov/2022:09:47:48 +0800] "GET /xingrg/all/function/internal_message.html?_=1667958474184&CODE_STATE=getMsg HTTP/1.1" 200 27
58.40.7.146 - - [09/Nov/2022:09:47:48 +0800] "GET /xingrg/check_reg.html?_=1667958474185 HTTP/1.1" 200 22
218.81.217.29 - - [09/Nov/2022:09:47:52 +0800] "GET /xingrg/all/function/internal_message.html?_=1667958487735&CODE_STATE=getMsg HTTP/1.1" 200 27
114.88.159.190 - - [09/Nov/2022:09:47:56 +0800] "GET /xingrg/all/function/internal_message.html?_=1667958095367&CODE_STATE=getMsg HTTP/1.1" 200 27
58.221.95.50 - - [09/Nov/2022:09:48:01 +0800] "GET /xingrg/check_reg.html?_=1667958476359 HTTP/1.1" 200 22
116.235.93.82 - - [09/Nov/2022:09:48:03 +0800] "GET /xingrg/check_reg.html?_=1667958703776 HTTP/1.1" 200 22
116.235.93.82 - - [09/Nov/2022:09:48:03 +0800] "GET /xingrg/all/function/internal_message.html?_=1667958703777&CODE_STATE=getMsg HTTP/1.1" 200 27
180.163.28.109 - - [09/Nov/2022:09:48:04 +0800] "GET /xingrg/all/function/internal_message.html?_=1667958429152&CODE_STATE=getMsg HTTP/1.1" 302 -
180.163.28.109 - - [09/Nov/2022:09:48:04 +0800] "GET /xingrg/login.html HTTP/1.1" 200 7641
