58.40.7.146 - - [09/Nov/2022:11:07:48 +0800] "GET /xingrg/check_reg.html?_=1667963274224 HTTP/1.1" 200 22
180.169.147.146 - - [09/Nov/2022:11:07:48 +0800] "GET /xingrg/all/report/report_query.html?isQuery=1&fileName=kc/base/crk_detail_by_small.xml&rh=99999&queryString=&queryText=%25E3%2580%2590%25E4%25BB%2593%25E5%25BA%2593%25E5%2590%258D%25E7%25A7%25B0%253A%25E7%25B2%25A4%25E8%258F%259C%25E3%2580%2591%25E3%2580%2590%25E4%25B8%259A%25E5%258A%25A1%25E7%25B1%25BB%25E5%259E%258B%25EF%25BC%259A%25E9%2587%2587%25E8%25B4%25AD%25E5%2585%25A5%25E5%25BA%2593%25E3%2580%2591%2520%253F%253F%253F%253F%253F2022-10-01%253F%253F2022-10-31%2520%253F%253F%253F%253F%253F%253F%253F%252C%253F%253F%253F&tableQueryString=crk_table%2524sp1%2524order_day%2520between%252020221001%2520and%252020221031%2520and%2520(base_code%253D'0010378')%2520and%2520(src_order_type%2520in%2520(21))%2520and%2520(is_rk%2520in%2520(1)) HTTP/1.1" 200 53786
116.238.139.35 - - [09/Nov/2022:11:07:48 +0800] "GET /xingrg/check_reg.html?_=1667963274925 HTTP/1.1" 200 22
116.238.139.35 - - [09/Nov/2022:11:07:48 +0800] "GET /xingrg/all/function/internal_message.html?_=1667963274924&CODE_STATE=getMsg HTTP/1.1" 200 27
180.169.147.146 - - [09/Nov/2022:11:07:48 +0800] "GET /xingrg/dwr/interface/AjaxReportQueryService.js HTTP/1.1" 200 13203
180.169.147.146 - - [09/Nov/2022:11:07:48 +0800] "GET /xingrg/dwr/engine.js HTTP/1.1" 200 43631
180.162.229.95 - - [09/Nov/2022:11:07:49 +0800] "GET /xingrg/kc/buy/cgsh_order_add.html HTTP/1.1" 200 69308
180.169.147.146 - - [09/Nov/2022:11:07:49 +0800] "POST /xingrg/all/report/load_report_page.html HTTP/1.1" 200 76126
180.169.147.146 - - [09/Nov/2022:11:07:49 +0800] "GET /xingrg/servlets/image?cache=0.4378606250936896&image=px HTTP/1.1" 200 807
180.162.229.95 - - [09/Nov/2022:11:07:49 +0800] "POST /xingrg/kc/buy/cgsh_order_operate.html HTTP/1.1" 200 8245
180.162.229.95 - - [09/Nov/2022:11:07:49 +0800] "GET /xingrg/javascript/easyui/themes/default/validatebox.css HTTP/1.1" 404 1104
116.230.105.139 - - [09/Nov/2022:11:07:49 +0800] "GET /xingrg/all/report/report_query.html?isQuery=1&fileName=kc/base/crk_detail_by_small.xml&rh=99999&queryString=&queryText=%25E3%2580%2590%25E4%25BB%2593%25E5%25BA%2593%25E5%2590%258D%25E7%25A7%25B0%253A%25E7%25B2%25A4%25E8%258F%259C%25E3%2580%2591%25E3%2580%2590%25E4%25B8%259A%25E5%258A%25A1%25E7%25B1%25BB%25E5%259E%258B%25EF%25BC%259A%25E5%2586%2585%25E9%2583%25A8%25E8%25B0%2583%25E5%2585%25A5%25E3%2580%2591%2520%253F%253F%253F%253F%253F2022-10-01%253F%253F2022-10-31%2520%253F%253F%253F%253F%253F%253F%253F%252C%253F%253F%253F&tableQueryString=crk_table%2524sp1%2524order_day%2520between%252020221001%2520and%252020221031%2520and%2520(base_code%253D'0010378')%2520and%2520(src_order_type%2520in%2520(42))%2520and%2520(is_rk%2520in%2520(1)) HTTP/1.1" 200 53786
116.230.105.139 - - [09/Nov/2022:11:07:50 +0800] "GET /xingrg/dwr/interface/AjaxReportQueryService.js HTTP/1.1" 200 13203
116.230.105.139 - - [09/Nov/2022:11:07:50 +0800] "GET /xingrg/dwr/engine.js HTTP/1.1" 200 43631
116.230.105.139 - - [09/Nov/2022:11:07:50 +0800] "POST /xingrg/all/report/load_report_page.html HTTP/1.1" 200 52062
180.162.109.76 - - [09/Nov/2022:11:07:50 +0800] "GET /xingrg/kc/buy/cgsh_order_operate.html?command=get_materiel&rest_code=00143&code=00101012029&supplier_code=00100161&order_time=2022-11-09 HTTP/1.1" 200 412
116.230.105.139 - - [09/Nov/2022:11:07:50 +0800] "GET /xingrg/servlets/image?cache=0.8996256729105327&image=px HTTP/1.1" 200 807
180.169.147.146 - - [09/Nov/2022:11:07:51 +0800] "POST /xingrg/all/report/load_report_page.html HTTP/1.1" 200 864213
180.169.147.146 - - [09/Nov/2022:11:07:52 +0800] "GET /xingrg/servlets/image?cache=0.1496313705638831&image=px HTTP/1.1" 200 807
114.88.159.190 - - [09/Nov/2022:11:07:56 +0800] "GET /xingrg/all/function/internal_message.html?_=1667962895264&CODE_STATE=getMsg HTTP/1.1" 200 27
180.169.147.146 - - [09/Nov/2022:11:07:57 +0800] "POST /xingrg/all/report/load_report_page.html HTTP/1.1" 200 76166
120.253.135.82 - - [09/Nov/2022:11:07:57 +0800] "GET /xingrg/all/function/internal_message.html?_=1667963370079&CODE_STATE=getMsg HTTP/1.1" 200 27
180.169.147.146 - - [09/Nov/2022:11:07:57 +0800] "GET /xingrg/servlets/image?cache=0.08871541137094607&image=px HTTP/1.1" 200 807
180.162.229.95 - - [09/Nov/2022:11:07:58 +0800] "GET /xingrg/kc/buy/cgsh_order_operate.html?command=get_materiel&rest_code=00102&code=00101010036&supplier_code=00100323&order_time=2022-11-07 HTTP/1.1" 200 412
180.162.109.76 - - [09/Nov/2022:11:07:59 +0800] "GET /xingrg/kc/buy/cgsh_order_operate.html?command=get_materiel&rest_code=00143&code=00101012024&supplier_code=00100161&order_time=2022-11-09 HTTP/1.1" 200 408
116.235.93.82 - - [09/Nov/2022:11:08:03 +0800] "GET /xingrg/all/function/internal_message.html?_=1667963503833&CODE_STATE=getMsg HTTP/1.1" 200 27
116.235.93.82 - - [09/Nov/2022:11:08:03 +0800] "GET /xingrg/check_reg.html?_=1667963503834 HTTP/1.1" 200 22
114.95.46.117 - - [09/Nov/2022:11:08:04 +0800] "GET /xingrg/all/function/internal_message.html?_=1667963140307&CODE_STATE=getMsg HTTP/1.1" 200 27
58.221.95.50 - - [09/Nov/2022:11:08:05 +0800] "GET /xingrg/check_reg.html?_=1667963276450 HTTP/1.1" 200 22
218.81.217.29 - - [09/Nov/2022:11:08:06 +0800] "GET /xingrg/all/function/internal_message.html?_=1667963301920&CODE_STATE=getMsg HTTP/1.1" 200 27
180.162.229.95 - - [09/Nov/2022:11:08:09 +0800] "GET /xingrg/kc/buy/cgsh_order_operate.html?command=get_materiel&rest_code=00102&code=00101010340&supplier_code=00100323&order_time=2022-11-07 HTTP/1.1" 200 430
61.170.233.146 - - [09/Nov/2022:11:08:10 +0800] "GET /xingrg/all/function/internal_message.html?_=1667963295799&CODE_STATE=getMsg HTTP/1.1" 200 27
180.162.109.76 - - [09/Nov/2022:11:08:10 +0800] "GET /xingrg/kc/buy/cgsh_order_operate.html?command=get_materiel&rest_code=00143&code=00101012059&supplier_code=00100161&order_time=2022-11-09 HTTP/1.1" 200 412
180.163.29.103 - - [09/Nov/2022:11:08:11 +0800] "GET /xingrg/all/function/internal_message.html?_=1667963235824&CODE_STATE=getMsg HTTP/1.1" 302 -
180.163.29.103 - - [09/Nov/2022:11:08:11 +0800] "GET /xingrg/login.html HTTP/1.1" 200 7641
180.169.147.146 - - [09/Nov/2022:11:08:11 +0800] "POST /xingrg/all/report/load_report_page.html HTTP/1.1" 200 9130
180.169.147.146 - - [09/Nov/2022:11:08:11 +0800] "GET /xingrg/servlets/image?cache=0.7395699287320386&image=px HTTP/1.1" 200 807
180.162.229.95 - - [09/Nov/2022:11:08:15 +0800] "GET /xingrg/kc/buy/cgsh_order_operate.html?command=get_materiel&rest_code=00102&code=00101004003&supplier_code=00100323&order_time=2022-11-07 HTTP/1.1" 200 410
116.238.139.35 - - [09/Nov/2022:11:08:16 +0800] "GET /xingrg/check_reg.html?_=1667963224689 HTTP/1.1" 200 22
180.162.229.95 - - [09/Nov/2022:11:08:17 +0800] "GET /xingrg/all/function/internal_message.html?_=1667963303339&CODE_STATE=getMsg HTTP/1.1" 200 27
114.83.219.194 - - [09/Nov/2022:11:08:18 +0800] "GET /xingrg/all/function/internal_message.html?_=1667963304033&CODE_STATE=getMsg HTTP/1.1" 200 27
180.162.109.76 - - [09/Nov/2022:11:08:21 +0800] "GET /xingrg/kc/buy/cgsh_order_operate.html?command=get_materiel&rest_code=00143&code=00101016057&supplier_code=00100161&order_time=2022-11-09 HTTP/1.1" 200 408
180.169.147.146 - - [09/Nov/2022:11:08:21 +0800] "GET /xingrg/check_reg.html?_=1667963306661 HTTP/1.1" 200 22
180.169.147.146 - - [09/Nov/2022:11:08:21 +0800] "GET /xingrg/all/function/internal_message.html?_=1667963306662&CODE_STATE=getMsg HTTP/1.1" 200 27
180.162.229.95 - - [09/Nov/2022:11:08:24 +0800] "GET /xingrg/kc/buy/cgsh_order_operate.html?command=get_materiel&rest_code=00102&code=00101007038&supplier_code=00100323&order_time=2022-11-07 HTTP/1.1" 200 422
180.162.109.76 - - [09/Nov/2022:11:08:25 +0800] "POST /xingrg/kc/buy/cgsh_order_operate.html HTTP/1.1" 200 2065
180.169.147.146 - - [09/Nov/2022:11:08:26 +0800] "POST /xingrg/all/report/load_report_page.html HTTP/1.1" 200 864213
180.162.109.76 - - [09/Nov/2022:11:08:26 +0800] "GET /xingrg/all/function/internal_message.html?_=1667962369091&CODE_STATE=getMsg HTTP/1.1" 200 27
180.169.147.146 - - [09/Nov/2022:11:08:26 +0800] "GET /xingrg/all/function/internal_message.html?_=1667963312755&CODE_STATE=getMsg HTTP/1.1" 200 27
180.169.147.146 - - [09/Nov/2022:11:08:26 +0800] "GET /xingrg/check_reg.html?_=1667963312758 HTTP/1.1" 200 22
180.169.147.146 - - [09/Nov/2022:11:08:26 +0800] "GET /xingrg/servlets/image?cache=0.8759773884638847&image=px HTTP/1.1" 200 807
218.81.217.29 - - [09/Nov/2022:11:08:27 +0800] "GET /xingrg/check_reg.html?_=1667963323221 HTTP/1.1" 200 22
116.230.105.139 - - [09/Nov/2022:11:08:27 +0800] "GET /xingrg/check_reg.html?_=1667963313524 HTTP/1.1" 200 22
116.230.105.139 - - [09/Nov/2022:11:08:27 +0800] "GET /xingrg/all/function/internal_message.html?_=1667963313527&CODE_STATE=getMsg HTTP/1.1" 200 27
116.238.139.35 - - [09/Nov/2022:11:08:30 +0800] "GET /xingrg/all/function/internal_message.html?_=1667963238449&CODE_STATE=getMsg HTTP/1.1" 200 27
114.83.219.57 - - [09/Nov/2022:11:08:31 +0800] "GET /xingrg/check_reg.html?_=1667963433147 HTTP/1.1" 200 22
114.83.219.57 - - [09/Nov/2022:11:08:31 +0800] "GET /xingrg/all/function/internal_message.html?_=1667963433220&CODE_STATE=getMsg HTTP/1.1" 200 27
58.221.95.50 - - [09/Nov/2022:11:08:32 +0800] "GET /xingrg/all/function/internal_message.html?_=1667963303965&CODE_STATE=getMsg HTTP/1.1" 200 27
180.162.229.95 - - [09/Nov/2022:11:08:32 +0800] "GET /xingrg/all/function/internal_message.html?_=1667963337240&CODE_STATE=getMsg HTTP/1.1" 200 27
116.230.105.139 - - [09/Nov/2022:11:08:32 +0800] "GET /xingrg/kc/report/report_main.html HTTP/1.1" 200 7340
116.230.105.139 - - [09/Nov/2022:11:08:35 +0800] "GET /xingrg/all/function/internal_message.html?_=1667963314872&CODE_STATE=getMsg HTTP/1.1" 200 27
116.230.105.139 - - [09/Nov/2022:11:08:35 +0800] "GET /xingrg/all/report/report_query.html?fileName=kc/base/rk_by_base.xml&rh=9999 HTTP/1.1" 200 51953
116.230.105.139 - - [09/Nov/2022:11:08:35 +0800] "GET /xingrg/dwr/interface/AjaxReportQueryService.js HTTP/1.1" 200 13203
116.230.105.139 - - [09/Nov/2022:11:08:35 +0800] "GET /xingrg/dwr/engine.js HTTP/1.1" 200 43631
116.230.105.139 - - [09/Nov/2022:11:08:35 +0800] "POST /xingrg/dwr/call/plaincall/AjaxReportQueryService.getFixDate.dwr HTTP/1.1" 200 111
116.230.105.139 - - [09/Nov/2022:11:08:35 +0800] "POST /xingrg/all/common/load_tree.html?tree=materiel_sort_tree_json HTTP/1.1" 200 9500
116.230.105.139 - - [09/Nov/2022:11:08:36 +0800] "POST /xingrg/dwr/call/plaincall/AjaxReportQueryService.getInitString.dwr HTTP/1.1" 200 1083
180.169.147.146 - - [09/Nov/2022:11:08:37 +0800] "POST /xingrg/all/report/report_print.html HTTP/1.1" 302 -
180.169.147.146 - - [09/Nov/2022:11:08:37 +0800] "GET /xingrg/servlets/image?image=px HTTP/1.1" 200 807
180.169.147.146 - - [09/Nov/2022:11:08:37 +0800] "GET /xingrg/servlets/html?sysBaseUrl=http%3A%2F%2F180.169.147.146%3A18081%2Fxingrg%2F&costTime=126×tamp=1667963317139 HTTP/1.1" 200 849149
180.169.147.146 - - [09/Nov/2022:11:08:37 +0800] "GET /favicon.ico HTTP/1.1" 404 -
116.230.105.139 - - [09/Nov/2022:11:08:38 +0800] "POST /xingrg/dwr/call/plaincall/AjaxReportQueryService.getFixDate.dwr HTTP/1.1" 200 111
180.162.229.95 - - [09/Nov/2022:11:08:41 +0800] "POST /xingrg/kc/buy/cgsh_order_operate.html HTTP/1.1" 200 37
101.85.95.132 - - [09/Nov/2022:11:08:44 +0800] "GET /xingrg/all/function/internal_message.html?_=1667963328413&CODE_STATE=getMsg HTTP/1.1" 200 27
58.40.7.146 - - [09/Nov/2022:11:08:48 +0800] "GET /xingrg/all/function/internal_message.html?_=1667963334227&CODE_STATE=getMsg HTTP/1.1" 200 27
116.238.139.35 - - [09/Nov/2022:11:08:48 +0800] "GET /xingrg/all/function/internal_message.html?_=1667963334911&CODE_STATE=getMsg HTTP/1.1" 200 27
116.230.105.139 - - [09/Nov/2022:11:08:48 +0800] "POST /xingrg/dwr/call/plaincall/AjaxReportQueryService.refreshCache.dwr HTTP/1.1" 200 78
116.230.105.139 - - [09/Nov/2022:11:08:49 +0800] "POST /xingrg/all/report/load_report_page.html HTTP/1.1" 200 7452
116.230.105.139 - - [09/Nov/2022:11:08:49 +0800] "GET /xingrg/servlets/image?cache=0.26429327578379846&image=px HTTP/1.1" 200 807
180.162.109.76 - - [09/Nov/2022:11:08:53 +0800] "GET /xingrg/kc/buy/cgsh_order_operate.html?command=get_materiel&rest_code=00143&code=00101016053&supplier_code=00100161&order_time=2022-11-09 HTTP/1.1" 200 408
114.88.159.190 - - [09/Nov/2022:11:08:56 +0800] "GET /xingrg/all/function/internal_message.html?_=1667962955259&CODE_STATE=getMsg HTTP/1.1" 200 27
120.253.135.82 - - [09/Nov/2022:11:08:57 +0800] "GET /xingrg/all/function/internal_message.html?_=1667963430088&CODE_STATE=getMsg HTTP/1.1" 200 27
116.230.105.139 - - [09/Nov/2022:11:08:57 +0800] "GET /xingrg/all/report/report_query.html?isQuery=1&fileName=kc/base/crk_detail_by_small.xml&rh=99999&queryString=&queryText=%25E3%2580%2590%25E4%25BB%2593%25E5%25BA%2593%25E5%2590%258D%25E7%25A7%25B0%253A%25E4%25B8%258A%25E4%25BB%2580%25E3%2580%2591%25E3%2580%2590%25E4%25B8%259A%25E5%258A%25A1%25E7%25B1%25BB%25E5%259E%258B%25EF%25BC%259A%25E5%2586%2585%25E9%2583%25A8%25E8%25B0%2583%25E5%2585%25A5%25E3%2580%2591%2520%253F%253F%253F%253F%253F2022-10-01%253F%253F2022-10-31%2520%253F%253F%253F%253F%253F%253F%253F%252C%253F%253F%253F&tableQueryString=crk_table%2524sp1%2524order_day%2520between%252020221001%2520and%252020221031%2520and%2520(base_code%253D'0010823')%2520and%2520(src_order_type%2520in%2520(42))%2520and%2520(is_rk%2520in%2520(1)) HTTP/1.1" 200 53786
116.230.105.139 - - [09/Nov/2022:11:08:58 +0800] "GET /xingrg/dwr/interface/AjaxReportQueryService.js HTTP/1.1" 200 13203
116.230.105.139 - - [09/Nov/2022:11:08:58 +0800] "GET /xingrg/dwr/engine.js HTTP/1.1" 200 43631
58.40.7.146 - - [09/Nov/2022:11:08:58 +0800] "POST /xingrg/services/DataTransmitService HTTP/1.1" 200 524
116.230.105.139 - - [09/Nov/2022:11:08:58 +0800] "POST /xingrg/all/report/load_report_page.html HTTP/1.1" 200 16075
116.230.105.139 - - [09/Nov/2022:11:08:58 +0800] "GET /xingrg/servlets/image?cache=0.9400473366325214&image=px HTTP/1.1" 200 807
116.235.93.82 - - [09/Nov/2022:11:09:03 +0800] "GET /xingrg/all/function/internal_message.html?_=1667963563833&CODE_STATE=getMsg HTTP/1.1" 200 27
114.95.46.117 - - [09/Nov/2022:11:09:03 +0800] "GET /xingrg/all/function/internal_message.html?_=1667963200296&CODE_STATE=getMsg HTTP/1.1" 200 27
61.170.233.146 - - [09/Nov/2022:11:09:05 +0800] "GET /xingrg/check_reg.html?_=1667963350327 HTTP/1.1" 200 22
218.81.217.29 - - [09/Nov/2022:11:09:06 +0800] "GET /xingrg/all/function/internal_message.html?_=1667963361935&CODE_STATE=getMsg HTTP/1.1" 200 27
180.162.109.76 - - [09/Nov/2022:11:09:08 +0800] "POST /xingrg/kc/buy/cgsh_order_operate.html HTTP/1.1" 200 37
180.162.109.76 - - [09/Nov/2022:11:09:10 +0800] "POST /xingrg/kc/buy/cgsh_order_operate.html HTTP/1.1" 200 20331
61.170.233.146 - - [09/Nov/2022:11:09:10 +0800] "GET /xingrg/all/function/internal_message.html?_=1667963355776&CODE_STATE=getMsg HTTP/1.1" 200 27
180.162.229.95 - - [09/Nov/2022:11:09:17 +0800] "GET /xingrg/all/function/internal_message.html?_=1667963363338&CODE_STATE=getMsg HTTP/1.1" 200 27
180.162.229.95 - - [09/Nov/2022:11:09:18 +0800] "GET /xingrg/check_reg.html?_=1667963363578 HTTP/1.1" 200 22
180.162.109.76 - - [09/Nov/2022:11:09:18 +0800] "GET /xingrg/javascript/jquery_easy_ui/themes/default/images/tabs_active.png HTTP/1.1" 304 -
114.83.219.194 - - [09/Nov/2022:11:09:18 +0800] "GET /xingrg/all/function/internal_message.html?_=1667963364013&CODE_STATE=getMsg HTTP/1.1" 200 27
180.169.147.146 - - [09/Nov/2022:11:09:21 +0800] "GET /xingrg/all/function/internal_message.html?_=1667963366663&CODE_STATE=getMsg HTTP/1.1" 200 27
180.162.109.76 - - [09/Nov/2022:11:09:23 +0800] "POST /xingrg/kc/buy/cgsh_list_operate.html HTTP/1.1" 200 1869
180.162.109.76 - - [09/Nov/2022:11:09:24 +0800] "GET /xingrg/kc/mdqp/qp_main.html HTTP/1.1" 200 10633
180.162.109.76 - - [09/Nov/2022:11:09:24 +0800] "GET /xingrg/images/blue/button/qqpsd.gif HTTP/1.1" 304 -
180.162.109.76 - - [09/Nov/2022:11:09:24 +0800] "GET /xingrg/images/blue/button/pszx.gif HTTP/1.1" 304 -
180.162.109.76 - - [09/Nov/2022:11:09:24 +0800] "GET /xingrg/images/blue/button/psshd.gif HTTP/1.1" 304 -
180.162.109.76 - - [09/Nov/2022:11:09:25 +0800] "GET /xingrg/images/yd/bt.gif HTTP/1.1" 404 1040
61.170.233.146 - - [09/Nov/2022:11:09:25 +0800] "POST /xingrg/kc/buy/cgsh_list_operate.html HTTP/1.1" 200 282
180.162.109.76 - - [09/Nov/2022:11:09:26 +0800] "GET /xingrg/check_reg.html?_=1667962429093 HTTP/1.1" 200 22
180.162.109.76 - - [09/Nov/2022:11:09:26 +0800] "GET /xingrg/all/function/internal_message.html?_=1667962429097&CODE_STATE=getMsg HTTP/1.1" 200 27
180.169.147.146 - - [09/Nov/2022:11:09:26 +0800] "GET /xingrg/all/function/internal_message.html?_=1667963372737&CODE_STATE=getMsg HTTP/1.1" 200 27
180.162.109.76 - - [09/Nov/2022:11:09:27 +0800] "GET /xingrg/kc/mdqp/qqps_order_list.html HTTP/1.1" 200 9222
180.162.109.76 - - [09/Nov/2022:11:09:27 +0800] "GET /xingrg/dwr/interface/AjaxQqpsService.js HTTP/1.1" 200 16326
180.162.109.76 - - [09/Nov/2022:11:09:27 +0800] "GET /xingrg/dwr/interface/AjaxReportQueryService.js HTTP/1.1" 200 13203
180.162.109.76 - - [09/Nov/2022:11:09:27 +0800] "GET /xingrg/javascript/Calendar.js HTTP/1.1" 304 -
180.162.109.76 - - [09/Nov/2022:11:09:27 +0800] "GET /xingrg/dwr/engine.js HTTP/1.1" 200 43631
180.162.109.76 - - [09/Nov/2022:11:09:27 +0800] "GET /xingrg/dwr/util.js HTTP/1.1" 200 35990
180.162.109.76 - - [09/Nov/2022:11:09:27 +0800] "GET /xingrg/javascript/jquery_easy_ui/themes/icons/cance_new.png HTTP/1.1" 304 -
180.162.109.76 - - [09/Nov/2022:11:09:27 +0800] "GET /xingrg/javascript/jquery_easy_ui/themes/icons/uncheck_new.png HTTP/1.1" 304 -
180.162.109.76 - - [09/Nov/2022:11:09:27 +0800] "GET /xingrg/javascript/jquery_easy_ui/themes/icons/check_new.png HTTP/1.1" 304 -
180.162.109.76 - - [09/Nov/2022:11:09:27 +0800] "GET /xingrg/javascript/jquery_easy_ui/themes/icons/edit_add_new.png HTTP/1.1" 304 -
116.230.105.139 - - [09/Nov/2022:11:09:27 +0800] "GET /xingrg/all/function/internal_message.html?_=1667963373522&CODE_STATE=getMsg HTTP/1.1" 200 27
61.170.233.146 - - [09/Nov/2022:11:09:29 +0800] "POST /xingrg/kc/buy/cgsh_list_operate.html HTTP/1.1" 200 2280
180.162.109.76 - - [09/Nov/2022:11:09:29 +0800] "GET /xingrg/kc/mdqp/qp_main.html HTTP/1.1" 200 10633
116.238.139.35 - - [09/Nov/2022:11:09:30 +0800] "GET /xingrg/all/function/internal_message.html?_=1667963298461&CODE_STATE=getMsg HTTP/1.1" 200 27
114.83.219.57 - - [09/Nov/2022:11:09:31 +0800] "GET /xingrg/all/function/internal_message.html?_=1667963493209&CODE_STATE=getMsg HTTP/1.1" 200 27
180.162.109.76 - - [09/Nov/2022:11:09:31 +0800] "GET /xingrg/kc/mdqp/pssh_order_list.html HTTP/1.1" 200 16850
180.162.109.76 - - [09/Nov/2022:11:09:31 +0800] "POST /xingrg/kc/mdqp/pssh_list_operate.html HTTP/1.1" 200 5470
58.221.95.50 - - [09/Nov/2022:11:09:32 +0800] "GET /xingrg/all/function/internal_message.html?_=1667963363978&CODE_STATE=getMsg HTTP/1.1" 200 27
61.170.233.146 - - [09/Nov/2022:11:09:32 +0800] "POST /xingrg/kc/buy/cgsh_list_operate.html HTTP/1.1" 200 282
180.162.109.76 - - [09/Nov/2022:11:09:33 +0800] "POST /xingrg/kc/mdqp/pssh_list_operate.html HTTP/1.1" 200 768
180.162.109.76 - - [09/Nov/2022:11:09:34 +0800] "GET /xingrg/kc/mdqp/pssh_order_info.html?code=312022110800204 HTTP/1.1" 200 17301
180.162.109.76 - - [09/Nov/2022:11:09:34 +0800] "GET /xingrg/javascript/jquery_tools/jquery-1.4.2.min.js HTTP/1.1" 404 1094
180.162.109.76 - - [09/Nov/2022:11:09:34 +0800] "GET /xingrg/javascript/easyui/themes/icons/back_new.png HTTP/1.1" 304 -
180.162.109.76 - - [09/Nov/2022:11:09:34 +0800] "POST /xingrg/kc/mdqp/pssh_order_operate.html HTTP/1.1" 200 6398
180.162.109.76 - - [09/Nov/2022:11:09:34 +0800] "GET /xingrg/all/common/auto_word.html?type=base&rest_code=00143&rest_code=00143 HTTP/1.1" 200 673
180.162.109.76 - - [09/Nov/2022:11:09:34 +0800] "GET /xingrg/javascript/easyui/themes/default/validatebox.css HTTP/1.1" 404 1104
116.230.105.139 - - [09/Nov/2022:11:09:35 +0800] "GET /xingrg/all/function/internal_message.html?_=1667963374873&CODE_STATE=getMsg HTTP/1.1" 200 27
61.170.233.146 - - [09/Nov/2022:11:09:35 +0800] "GET /xingrg/kc/buy/cgsh_order_info.html?code=212022110902693 HTTP/1.1" 200 69268
61.170.233.146 - - [09/Nov/2022:11:09:35 +0800] "GET /xingrg/javascript/easyui/themes/default/validatebox.css HTTP/1.1" 404 1104
61.170.233.146 - - [09/Nov/2022:11:09:36 +0800] "POST /xingrg/kc/buy/cgsh_order_operate.html HTTP/1.1" 200 3260
61.170.233.146 - - [09/Nov/2022:11:09:41 +0800] "POST /xingrg/kc/buy/cgsh_order_operate.html HTTP/1.1" 200 37
101.85.95.132 - - [09/Nov/2022:11:09:44 +0800] "GET /xingrg/all/function/internal_message.html?_=1667963388412&CODE_STATE=getMsg HTTP/1.1" 200 27
61.170.233.146 - - [09/Nov/2022:11:09:45 +0800] "POST /xingrg/kc/buy/cgsh_order_operate.html HTTP/1.1" 200 12
61.170.233.146 - - [09/Nov/2022:11:09:47 +0800] "GET /xingrg/kc/buy/cgsh_order_info.html?code=212022110902693 HTTP/1.1" 200 64164
61.170.233.146 - - [09/Nov/2022:11:09:47 +0800] "GET /xingrg/javascript/easyui/themes/default/validatebox.css HTTP/1.1" 404 1104
58.40.7.146 - - [09/Nov/2022:11:09:48 +0800] "GET /xingrg/all/function/internal_message.html?_=1667963394215&CODE_STATE=getMsg HTTP/1.1" 200 27
61.170.233.146 - - [09/Nov/2022:11:09:48 +0800] "POST /xingrg/kc/buy/cgsh_order_operate.html HTTP/1.1" 200 1210
116.238.139.35 - - [09/Nov/2022:11:09:48 +0800] "GET /xingrg/all/function/internal_message.html?_=1667963394914&CODE_STATE=getMsg HTTP/1.1" 200 27
61.170.233.146 - - [09/Nov/2022:11:09:50 +0800] "GET /xingrg/kc/print/load_data.html?order_code=212022110902693&kc_code=cgsh&condition= HTTP/1.1" 200 926
114.88.159.190 - - [09/Nov/2022:11:09:56 +0800] "GET /xingrg/all/function/internal_message.html?_=1667963015280&CODE_STATE=getMsg HTTP/1.1" 200 27
114.88.159.190 - - [09/Nov/2022:11:09:56 +0800] "GET /xingrg/check_reg.html?_=1667963015282 HTTP/1.1" 200 22
120.253.135.82 - - [09/Nov/2022:11:09:57 +0800] "GET /xingrg/all/function/internal_message.html?_=1667963490106&CODE_STATE=getMsg HTTP/1.1" 200 27
116.235.93.82 - - [09/Nov/2022:11:10:03 +0800] "GET /xingrg/all/function/internal_message.html?_=1667963623833&CODE_STATE=getMsg HTTP/1.1" 200 27
114.95.46.117 - - [09/Nov/2022:11:10:03 +0800] "GET /xingrg/all/function/internal_message.html?_=1667963260285&CODE_STATE=getMsg HTTP/1.1" 200 27
180.163.28.55 - - [09/Nov/2022:11:10:05 +0800] "GET /xingrg/check_reg.html?_=1667963350327 HTTP/1.1" 302 -
180.163.28.55 - - [09/Nov/2022:11:10:05 +0800] "GET /xingrg/login.html HTTP/1.1" 200 7641
114.95.46.117 - - [09/Nov/2022:11:10:05 +0800] "GET /xingrg/check_reg.html?_=1667963261725 HTTP/1.1" 200 22
218.81.217.29 - - [09/Nov/2022:11:10:06 +0800] "GET /xingrg/all/function/internal_message.html?_=1667963421948&CODE_STATE=getMsg HTTP/1.1" 200 27
61.170.233.146 - - [09/Nov/2022:11:10:10 +0800] "POST /xingrg/kc/buy/cgsh_list_operate.html HTTP/1.1" 200 1861
180.163.28.109 - - [09/Nov/2022:11:10:10 +0800] "GET /xingrg/all/function/internal_message.html?_=1667963355776&CODE_STATE=getMsg HTTP/1.1" 302 -
180.163.28.109 - - [09/Nov/2022:11:10:10 +0800] "GET /xingrg/login.html HTTP/1.1" 200 7641
61.170.233.146 - - [09/Nov/2022:11:10:10 +0800] "GET /xingrg/all/function/internal_message.html?_=1667963415766&CODE_STATE=getMsg HTTP/1.1" 200 27
180.162.229.95 - - [09/Nov/2022:11:10:13 +0800] "POST /xingrg/kc/buy/cgsh_order_operate.html HTTP/1.1" 200 12
61.170.233.146 - - [09/Nov/2022:11:10:14 +0800] "POST /xingrg/kc/buy/cgsh_list_operate.html HTTP/1.1" 200 202
61.170.233.146 - - [09/Nov/2022:11:10:14 +0800] "GET /xingrg/kc/buy/cgsh_order_info.html?code=212022110902695 HTTP/1.1" 200 69272
61.170.233.146 - - [09/Nov/2022:11:10:15 +0800] "GET /xingrg/javascript/easyui/themes/default/validatebox.css HTTP/1.1" 404 1104
61.170.233.146 - - [09/Nov/2022:11:10:16 +0800] "POST /xingrg/kc/buy/cgsh_order_operate.html HTTP/1.1" 200 2658
180.162.229.95 - - [09/Nov/2022:11:10:17 +0800] "GET /xingrg/all/function/internal_message.html?_=1667963423322&CODE_STATE=getMsg HTTP/1.1" 200 27
114.83.219.194 - - [09/Nov/2022:11:10:18 +0800] "GET /xingrg/all/function/internal_message.html?_=1667963423999&CODE_STATE=getMsg HTTP/1.1" 200 27
180.169.147.146 - - [09/Nov/2022:11:10:21 +0800] "GET /xingrg/all/function/internal_message.html?_=1667963426662&CODE_STATE=getMsg HTTP/1.1" 200 27
61.170.233.146 - - [09/Nov/2022:11:10:22 +0800] "POST /xingrg/kc/buy/cgsh_order_operate.html HTTP/1.1" 200 37
116.230.105.139 - - [09/Nov/2022:11:10:22 +0800] "GET /xingrg/all/report/report_query.html?fileName=kc/base/rk_by_base.xml&rh=9999 HTTP/1.1" 200 51953
116.230.105.139 - - [09/Nov/2022:11:10:22 +0800] "GET /xingrg/dwr/interface/AjaxReportQueryService.js HTTP/1.1" 200 13203
116.230.105.139 - - [09/Nov/2022:11:10:22 +0800] "GET /xingrg/dwr/engine.js HTTP/1.1" 200 43631
116.230.105.139 - - [09/Nov/2022:11:10:22 +0800] "POST /xingrg/dwr/call/plaincall/AjaxReportQueryService.getFixDate.dwr HTTP/1.1" 200 111
116.230.105.139 - - [09/Nov/2022:11:10:23 +0800] "POST /xingrg/all/common/load_tree.html?tree=materiel_sort_tree_json HTTP/1.1" 200 9500
116.230.105.139 - - [09/Nov/2022:11:10:23 +0800] "POST /xingrg/dwr/call/plaincall/AjaxReportQueryService.getInitString.dwr HTTP/1.1" 200 1083
116.230.105.139 - - [09/Nov/2022:11:10:25 +0800] "POST /xingrg/dwr/call/plaincall/AjaxReportQueryService.getFixDate.dwr HTTP/1.1" 200 111
180.162.109.76 - - [09/Nov/2022:11:10:26 +0800] "GET /xingrg/all/function/internal_message.html?_=1667962489104&CODE_STATE=getMsg HTTP/1.1" 200 27
180.169.147.146 - - [09/Nov/2022:11:10:26 +0800] "GET /xingrg/all/function/internal_message.html?_=1667963432735&CODE_STATE=getMsg HTTP/1.1" 200 27
116.230.105.139 - - [09/Nov/2022:11:10:27 +0800] "GET /xingrg/all/function/internal_message.html?_=1667963433508&CODE_STATE=getMsg HTTP/1.1" 200 27
61.170.233.146 - - [09/Nov/2022:11:10:27 +0800] "POST /xingrg/kc/buy/cgsh_order_operate.html HTTP/1.1" 200 12
61.170.233.146 - - [09/Nov/2022:11:10:28 +0800] "GET /xingrg/kc/buy/cgsh_order_info.html?code=212022110902695 HTTP/1.1" 200 64168
61.170.233.146 - - [09/Nov/2022:11:10:29 +0800] "GET /xingrg/javascript/easyui/themes/default/validatebox.css HTTP/1.1" 404 1104
172.20.0.100 - - [09/Nov/2022:11:10:29 +0800] "GET /xingrg/index.html?sysBaseUrl=http%3A%2F%2F172.17.0.8%3A18081%2Fxingrg%2F&costTime=213×tamp=1585200360465 HTTP/1.1" 302 -
172.20.0.100 - - [09/Nov/2022:11:10:29 +0800] "GET /xingrg/login.html HTTP/1.1" 200 7636
61.170.233.146 - - [09/Nov/2022:11:10:29 +0800] "POST /xingrg/kc/buy/cgsh_order_operate.html HTTP/1.1" 200 608
172.20.0.100 - - [09/Nov/2022:11:10:30 +0800] "GET /favicon.ico HTTP/1.1" 404 -
116.238.139.35 - - [09/Nov/2022:11:10:30 +0800] "GET /xingrg/all/function/internal_message.html?_=1667963358485&CODE_STATE=getMsg HTTP/1.1" 200 27
114.83.219.57 - - [09/Nov/2022:11:10:31 +0800] "GET /xingrg/all/function/internal_message.html?_=1667963553188&CODE_STATE=getMsg HTTP/1.1" 200 27
172.20.0.100 - - [09/Nov/2022:11:10:31 +0800] "POST /xingrg/login.do HTTP/1.1" 302 -
172.20.0.100 - - [09/Nov/2022:11:10:31 +0800] "GET /xingrg/index.html?sysBaseUrl=http%3A%2F%2F172.20.0.8%3A18081%2Fxingrg%2F&costTime=41×tamp=1667963431530 HTTP/1.1" 200 17448
61.170.233.146 - - [09/Nov/2022:11:10:31 +0800] "GET /xingrg/kc/print/load_data.html?order_code=212022110902695&kc_code=cgsh&condition= HTTP/1.1" 200 740
172.20.0.100 - - [09/Nov/2022:11:10:31 +0800] "GET /favicon.ico HTTP/1.1" 404 -
172.20.0.100 - - [09/Nov/2022:11:10:32 +0800] "POST /xingrg/all/common/load_tree.html?tree=area_rest_tree_json&manage=1 HTTP/1.1" 200 3493
172.20.0.100 - - [09/Nov/2022:11:10:32 +0800] "GET /xingrg/all/function/internal_message.html?_=1667963437791&CODE_STATE=count HTTP/1.1" 200 11
172.20.0.100 - - [09/Nov/2022:11:10:32 +0800] "GET /xingrg/check_reg.html?_=1667963437795 HTTP/1.1" 200 22
172.20.0.100 - - [09/Nov/2022:11:10:32 +0800] "POST /xingrg/load_menu.html HTTP/1.1" 200 11529
58.221.95.50 - - [09/Nov/2022:11:10:32 +0800] "GET /xingrg/all/function/internal_message.html?_=1667963424041&CODE_STATE=getMsg HTTP/1.1" 200 27
180.163.29.79 - - [09/Nov/2022:11:10:35 +0800] "GET /xingrg/kc/buy/cgsh_order_info.html?code=212022110902693 HTTP/1.1" 302 -
180.163.29.79 - - [09/Nov/2022:11:10:35 +0800] "GET /xingrg/login.html HTTP/1.1" 200 7641
116.230.105.139 - - [09/Nov/2022:11:10:35 +0800] "GET /xingrg/all/function/internal_message.html?_=1667963434864&CODE_STATE=getMsg HTTP/1.1" 200 27
116.230.105.139 - - [09/Nov/2022:11:10:36 +0800] "POST /xingrg/dwr/call/plaincall/AjaxReportQueryService.refreshCache.dwr HTTP/1.1" 200 78
116.230.105.139 - - [09/Nov/2022:11:10:36 +0800] "POST /xingrg/all/report/load_report_page.html HTTP/1.1" 200 7458
116.230.105.139 - - [09/Nov/2022:11:10:36 +0800] "GET /xingrg/servlets/image?cache=0.09779735107951948&image=px HTTP/1.1" 200 807
180.169.147.146 - - [09/Nov/2022:11:10:37 +0800] "GET /xingrg/all/report/report_query.html?isQuery=1&fileName=kc/base/crk_detail_by_small.xml&rh=99999&queryString=&queryText=%25E3%2580%2590%25E4%25BB%2593%25E5%25BA%2593%25E5%2590%258D%25E7%25A7%25B0%253A%25E4%25B8%258A%25E4%25BB%2580%25E3%2580%2591%25E3%2580%2590%25E4%25B8%259A%25E5%258A%25A1%25E7%25B1%25BB%25E5%259E%258B%25EF%25BC%259A%25E9%2587%2587%25E8%25B4%25AD%25E5%2585%25A5%25E5%25BA%2593%25E3%2580%2591%2520%253F%253F%253F%253F%253F2022-10-01%253F%253F2022-10-31%2520%253F%253F%253F%253F%253F%253F%253F%252C%253F%253F%253F&tableQueryString=crk_table%2524sp1%2524order_day%2520between%252020221001%2520and%252020221031%2520and%2520(base_code%253D'0010823')%2520and%2520(src_order_type%2520in%2520(21))%2520and%2520(is_rk%2520in%2520(1)) HTTP/1.1" 200 53786
180.169.147.146 - - [09/Nov/2022:11:10:37 +0800] "GET /xingrg/dwr/interface/AjaxReportQueryService.js HTTP/1.1" 200 13203
180.169.147.146 - - [09/Nov/2022:11:10:37 +0800] "GET /xingrg/dwr/engine.js HTTP/1.1" 200 43631
180.169.147.146 - - [09/Nov/2022:11:10:38 +0800] "POST /xingrg/all/report/load_report_page.html HTTP/1.1" 200 36805
180.169.147.146 - - [09/Nov/2022:11:10:38 +0800] "GET /xingrg/servlets/image?cache=0.08683248836966151&image=px HTTP/1.1" 200 807
180.169.147.146 - - [09/Nov/2022:11:10:39 +0800] "POST /xingrg/all/report/load_report_page.html HTTP/1.1" 200 144701
180.169.147.146 - - [09/Nov/2022:11:10:39 +0800] "GET /xingrg/servlets/image?cache=0.6162283986623402&image=px HTTP/1.1" 200 807
172.20.0.100 - - [09/Nov/2022:11:10:40 +0800] "POST /xingrg/all/user/operate.html HTTP/1.1" 200 36
172.20.0.100 - - [09/Nov/2022:11:10:40 +0800] "GET /xingrg/javascript/jquery_easy_ui/themes/default/easyui.css HTTP/1.1" 304 -
172.20.0.100 - - [09/Nov/2022:11:10:40 +0800] "GET /xingrg/index.html?sysBaseUrl=http%3A%2F%2F172.20.0.8%3A18081%2Fxingrg%2F&costTime=41×tamp=1667963431530 HTTP/1.1" 200 17454
172.20.0.100 - - [09/Nov/2022:11:10:40 +0800] "GET /xingrg/javascript/jquery_easy_ui/themes/icon.css HTTP/1.1" 304 -
172.20.0.100 - - [09/Nov/2022:11:10:40 +0800] "GET /xingrg/css/form.css HTTP/1.1" 304 -
172.20.0.100 - - [09/Nov/2022:11:10:40 +0800] "GET /xingrg/javascript/jquery-1.4.2.min.js HTTP/1.1" 304 -
172.20.0.100 - - [09/Nov/2022:11:10:40 +0800] "GET /xingrg/javascript/jquery_easy_ui/jquery.easyui.min.js HTTP/1.1" 304 -
172.20.0.100 - - [09/Nov/2022:11:10:40 +0800] "GET /xingrg/javascript/jquery_easy_ui/easyui-lang-zh_CN.js HTTP/1.1" 304 -
172.20.0.100 - - [09/Nov/2022:11:10:40 +0800] "GET /xingrg/javascript/jquery.form.js HTTP/1.1" 304 -
172.20.0.100 - - [09/Nov/2022:11:10:40 +0800] "GET /xingrg/javascript/jquery.utils.js HTTP/1.1" 304 -
172.20.0.100 - - [09/Nov/2022:11:10:40 +0800] "GET /xingrg/javascript/jquery.timers.js HTTP/1.1" 304 -
172.20.0.100 - - [09/Nov/2022:11:10:40 +0800] "GET /xingrg/images/blue/jxLogo.png HTTP/1.1" 304 -
172.20.0.100 - - [09/Nov/2022:11:10:40 +0800] "GET /xingrg/javascript/jquery_easy_ui/themes/icons/settle_new.png HTTP/1.1" 304 -
172.20.0.100 - - [09/Nov/2022:11:10:40 +0800] "GET /xingrg/images/blue/navBackgound.jpg HTTP/1.1" 304 -
172.20.0.100 - - [09/Nov/2022:11:10:40 +0800] "POST /xingrg/all/common/load_tree.html?tree=area_rest_tree_json&manage=1 HTTP/1.1" 200 3493
172.20.0.100 - - [09/Nov/2022:11:10:41 +0800] "GET /xingrg/all/function/internal_message.html?_=1667963446693&CODE_STATE=count HTTP/1.1" 200 11
172.20.0.100 - - [09/Nov/2022:11:10:41 +0800] "GET /xingrg/check_reg.html?_=1667963446695 HTTP/1.1" 200 22
172.20.0.100 - - [09/Nov/2022:11:10:41 +0800] "GET /xingrg/javascript/jquery_easy_ui/themes/default/images/tabs_rightarrow.png HTTP/1.1" 304 -
172.20.0.100 - - [09/Nov/2022:11:10:41 +0800] "GET /xingrg/javascript/jquery_easy_ui/themes/default/images/panel_tool_expand.gif HTTP/1.1" 304 -
172.20.0.100 - - [09/Nov/2022:11:10:41 +0800] "GET /xingrg/javascript/jquery_easy_ui/themes/default/images/panel_tool_collapse.gif HTTP/1.1" 304 -
172.20.0.100 - - [09/Nov/2022:11:10:41 +0800] "GET /xingrg/images/blue/pingpu.png HTTP/1.1" 304 -
172.20.0.100 - - [09/Nov/2022:11:10:41 +0800] "GET /xingrg/javascript/jquery_easy_ui/themes/default/images/tabs_leftarrow.png HTTP/1.1" 304 -
172.20.0.100 - - [09/Nov/2022:11:10:41 +0800] "POST /xingrg/load_menu.html HTTP/1.1" 200 9924
172.20.0.100 - - [09/Nov/2022:11:10:42 +0800] "GET /xingrg/kc/report/report_main.html HTTP/1.1" 200 7320
172.20.0.100 - - [09/Nov/2022:11:10:43 +0800] "GET /xingrg/kc/base/kc_stocks.html HTTP/1.1" 200 16439
172.20.0.100 - - [09/Nov/2022:11:10:43 +0800] "GET /xingrg/css/base.css HTTP/1.1" 200 2811
172.20.0.100 - - [09/Nov/2022:11:10:43 +0800] "GET /xingrg/css/site.css HTTP/1.1" 200 7541
172.20.0.100 - - [09/Nov/2022:11:10:43 +0800] "GET /xingrg/javascript/jquery_tools/datebox.css HTTP/1.1" 200 2597
172.20.0.100 - - [09/Nov/2022:11:10:43 +0800] "GET /xingrg/javascript/easyui/themes/sunny/easyui.css HTTP/1.1" 200 34304
172.20.0.100 - - [09/Nov/2022:11:10:43 +0800] "GET /xingrg/javascript/easyui/themes/icon.css HTTP/1.1" 200 4483
172.20.0.100 - - [09/Nov/2022:11:10:43 +0800] "GET /xingrg/javascript/auto/jquery.autocomplete.css HTTP/1.1" 200 587
172.20.0.100 - - [09/Nov/2022:11:10:43 +0800] "GET /xingrg/javascript/jquery_tools/fix.css HTTP/1.1" 200 1702
172.20.0.100 - - [09/Nov/2022:11:10:43 +0800] "GET /xingrg/javascript/jquery_tools/jquery.tools.min.js HTTP/1.1" 200 138801
172.20.0.100 - - [09/Nov/2022:11:10:43 +0800] "GET /xingrg/javascript/jquery_tools/jquery.tools.extend.js HTTP/1.1" 200 15385
172.20.0.100 - - [09/Nov/2022:11:10:43 +0800] "GET /xingrg/javascript/jquery_tools/jquery.tools.hotkey.js HTTP/1.1" 200 3242
172.20.0.100 - - [09/Nov/2022:11:10:43 +0800] "GET /xingrg/javascript/jquery_tools/list_manager.js HTTP/1.1" 200 3652
172.20.0.100 - - [09/Nov/2022:11:10:43 +0800] "GET /xingrg/javascript/auto/jquery.autocomplete.js HTTP/1.1" 200 21624
172.20.0.100 - - [09/Nov/2022:11:10:43 +0800] "GET /xingrg/javascript/easyui/easyloader.js HTTP/1.1" 200 5975
172.20.0.100 - - [09/Nov/2022:11:10:43 +0800] "GET /xingrg/javascript/jquery.cookie.js HTTP/1.1" 200 5513
172.20.0.100 - - [09/Nov/2022:11:10:43 +0800] "GET /xingrg/javascript/convert.js HTTP/1.1" 200 1239
172.20.0.100 - - [09/Nov/2022:11:10:43 +0800] "GET /xingrg/javascript/print/LodopFuncs.js HTTP/1.1" 200 5121
101.85.95.132 - - [09/Nov/2022:11:10:44 +0800] "GET /xingrg/all/function/internal_message.html?_=1667963448411&CODE_STATE=getMsg HTTP/1.1" 200 27
101.85.95.132 - - [09/Nov/2022:11:10:44 +0800] "GET /xingrg/check_reg.html?_=1667963448411 HTTP/1.1" 200 22
172.20.0.100 - - [09/Nov/2022:11:10:44 +0800] "GET /xingrg/javascript/easyui/themes/icons/import_new.png HTTP/1.1" 200 1247
172.20.0.100 - - [09/Nov/2022:11:10:44 +0800] "GET /xingrg/javascript/easyui/themes/icons/refresh_new.png HTTP/1.1" 200 685
172.20.0.100 - - [09/Nov/2022:11:10:44 +0800] "GET /xingrg/javascript/easyui/themes/icons/field_new.png HTTP/1.1" 200 1097
172.20.0.100 - - [09/Nov/2022:11:10:44 +0800] "GET /xingrg/javascript/easyui/themes/icons/print_new.png HTTP/1.1" 200 3580
172.20.0.100 - - [09/Nov/2022:11:10:44 +0800] "GET /xingrg/javascript/easyui/themes/icons/filter_new.png HTTP/1.1" 200 795
172.20.0.100 - - [09/Nov/2022:11:10:44 +0800] "GET /xingrg/javascript/easyui/plugins/jquery.parser.js HTTP/1.1" 200 1142
172.20.0.100 - - [09/Nov/2022:11:10:44 +0800] "GET /xingrg/javascript/easyui/plugins/jquery.draggable.js HTTP/1.1" 200 6121
172.20.0.100 - - [09/Nov/2022:11:10:44 +0800] "GET /xingrg/all/common/auto_word.html?type=base&rest_code=00145 HTTP/1.1" 200 819
172.20.0.100 - - [09/Nov/2022:11:10:44 +0800] "GET /xingrg/javascript/easyui/plugins/jquery.droppable.js HTTP/1.1" 200 1167
172.20.0.100 - - [09/Nov/2022:11:10:44 +0800] "GET /xingrg/javascript/easyui/themes/default/tree.css HTTP/1.1" 404 1090
172.20.0.100 - - [09/Nov/2022:11:10:44 +0800] "GET /xingrg/javascript/easyui/plugins/jquery.tree.js HTTP/1.1" 200 20874
61.170.233.146 - - [09/Nov/2022:11:10:44 +0800] "GET /xingrg/kc/buy/cgsh_order_add.html HTTP/1.1" 200 69267
172.20.0.100 - - [09/Nov/2022:11:10:44 +0800] "POST /xingrg/all/common/load_tree.html?tree=materiel_sort_tree_json HTTP/1.1" 200 9500
172.20.0.100 - - [09/Nov/2022:11:10:44 +0800] "GET /xingrg/javascript/easyui/themes/sunny/images/tree_arrows.gif HTTP/1.1" 200 617
172.20.0.100 - - [09/Nov/2022:11:10:45 +0800] "GET /xingrg/javascript/easyui/themes/sunny/images/tree_folder_open.gif HTTP/1.1" 200 956
172.20.0.100 - - [09/Nov/2022:11:10:45 +0800] "GET /xingrg/javascript/easyui/themes/sunny/images/tree_folder.gif HTTP/1.1" 200 952
172.20.0.100 - - [09/Nov/2022:11:10:45 +0800] "GET /xingrg/javascript/easyui/themes/sunny/images/tree_file.gif HTTP/1.1" 200 118
61.170.233.146 - - [09/Nov/2022:11:10:45 +0800] "POST /xingrg/kc/buy/cgsh_order_operate.html HTTP/1.1" 200 8245
61.170.233.146 - - [09/Nov/2022:11:10:45 +0800] "GET /xingrg/javascript/easyui/themes/default/validatebox.css HTTP/1.1" 404 1104
172.20.0.100 - - [09/Nov/2022:11:10:46 +0800] "POST /xingrg/kc/base/stock_operate.html HTTP/1.1" 200 1459
172.20.0.100 - - [09/Nov/2022:11:10:46 +0800] "GET /xingrg/javascript/jquery_tools/fix_table.js HTTP/1.1" 200 6528
172.20.0.100 - - [09/Nov/2022:11:10:47 +0800] "GET /xingrg/kc/base/stock_detail.html?m=00101008542 HTTP/1.1" 200 6505
120.253.135.82 - - [09/Nov/2022:11:10:48 +0800] "GET /xingrg/check_reg.html?_=1667963540666 HTTP/1.1" 200 22
61.170.233.146 - - [09/Nov/2022:11:10:48 +0800] "GET /xingrg/javascript/easyui/themes/default/tree.css HTTP/1.1" 404 1090
58.40.7.146 - - [09/Nov/2022:11:10:48 +0800] "GET /xingrg/all/function/internal_message.html?_=1667963454218&CODE_STATE=getMsg HTTP/1.1" 200 27
61.170.233.146 - - [09/Nov/2022:11:10:48 +0800] "POST /xingrg/all/common/load_tree.html?tree=supplier_tree_json&isDelete=1 HTTP/1.1" 200 69873
116.238.139.35 - - [09/Nov/2022:11:10:48 +0800] "GET /xingrg/all/function/internal_message.html?_=1667963454913&CODE_STATE=getMsg HTTP/1.1" 200 27
180.169.147.146 - - [09/Nov/2022:11:10:51 +0800] "POST /xingrg/all/report/report_print.html HTTP/1.1" 302 -
180.169.147.146 - - [09/Nov/2022:11:10:51 +0800] "GET /xingrg/servlets/image?image=px HTTP/1.1" 200 807
180.169.147.146 - - [09/Nov/2022:11:10:51 +0800] "GET /xingrg/servlets/html?sysBaseUrl=http%3A%2F%2F180.169.147.146%3A18081%2Fxingrg%2F&costTime=66×tamp=1667963451979 HTTP/1.1" 200 139411
180.169.147.146 - - [09/Nov/2022:11:10:52 +0800] "GET /favicon.ico HTTP/1.1" 404 -
172.20.0.100 - - [09/Nov/2022:11:10:52 +0800] "GET /xingrg/kc/base/stock_operate.html?_=1667963457844&command=get_report_file&start_day=20221001 HTTP/1.1" 200 53
172.20.0.100 - - [09/Nov/2022:11:10:52 +0800] "GET /xingrg/all/report/report_query.html?isQuery=1&onlyBody=1&rh=2000&fileName=kc/base/kc_stock_detail_new.xml&queryString=(1=1)&queryText=&tableQueryString=init_table$sp1$$sp$crk_table$sp1$order_day%20between%2020221001%20and%2020221130&varString=start_day:20221001,materiel_code:00101008542,cost_id:3948,end_date:20220930 HTTP/1.1" 200 48626
172.20.0.100 - - [09/Nov/2022:11:10:52 +0800] "GET /xingrg/dwr/interface/AjaxReportQueryService.js HTTP/1.1" 200 13203
172.20.0.100 - - [09/Nov/2022:11:10:52 +0800] "GET /xingrg/dwr/engine.js HTTP/1.1" 200 43631
172.20.0.100 - - [09/Nov/2022:11:10:53 +0800] "POST /xingrg/all/report/load_report_page.html HTTP/1.1" 200 54336
172.20.0.100 - - [09/Nov/2022:11:10:53 +0800] "GET /xingrg/servlets/image?cache=0.6430729698217152&image=px HTTP/1.1" 200 807
114.88.159.190 - - [09/Nov/2022:11:10:56 +0800] "GET /xingrg/all/function/internal_message.html?_=1667963075282&CODE_STATE=getMsg HTTP/1.1" 200 27
120.253.135.82 - - [09/Nov/2022:11:10:57 +0800] "GET /xingrg/all/function/internal_message.html?_=1667963550116&CODE_STATE=getMsg HTTP/1.1" 200 27
116.235.93.82 - - [09/Nov/2022:11:11:03 +0800] "GET /xingrg/all/function/internal_message.html?_=1667963683833&CODE_STATE=getMsg HTTP/1.1" 200 27
114.95.46.117 - - [09/Nov/2022:11:11:03 +0800] "GET /xingrg/all/function/internal_message.html?_=1667963320265&CODE_STATE=getMsg HTTP/1.1" 200 27
61.170.233.146 - - [09/Nov/2022:11:11:04 +0800] "GET /xingrg/javascript/auto/indicator.gif HTTP/1.1" 404 1066
218.81.217.29 - - [09/Nov/2022:11:11:06 +0800] "GET /xingrg/all/function/internal_message.html?_=1667963482132&CODE_STATE=getMsg HTTP/1.1" 200 27
61.170.233.146 - - [09/Nov/2022:11:11:08 +0800] "GET /xingrg/kc/buy/cgsh_order_operate.html?command=get_materiel&rest_code=00106&code=00101008530&supplier_code=00100009&order_time=2022-11-09 HTTP/1.1" 200 436
180.163.28.68 - - [09/Nov/2022:11:11:10 +0800] "GET /xingrg/all/function/internal_message.html?_=1667963415766&CODE_STATE=getMsg HTTP/1.1" 302 -
180.163.28.68 - - [09/Nov/2022:11:11:10 +0800] "GET /xingrg/login.html HTTP/1.1" 200 7641
61.170.233.146 - - [09/Nov/2022:11:11:10 +0800] "GET /xingrg/all/function/internal_message.html?_=1667963475740&CODE_STATE=getMsg HTTP/1.1" 200 27
172.20.0.100 - - [09/Nov/2022:11:11:14 +0800] "GET /xingrg/kc/guide/show_order.html?code=212022100802833&type=21 HTTP/1.1" 302 -
172.20.0.100 - - [09/Nov/2022:11:11:14 +0800] "GET /xingrg/kc/buy/cgsh_order_info.html?code=212022100802833&sysBaseUrl=http%3A%2F%2F172.20.0.8%3A18081%2Fxingrg%2F&costTime=1×tamp=1667963474360 HTTP/1.1" 200 63594
172.20.0.100 - - [09/Nov/2022:11:11:14 +0800] "GET /favicon.ico HTTP/1.1" 404 -
172.20.0.100 - - [09/Nov/2022:11:11:14 +0800] "GET /xingrg/javascript/easyui/themes/default/easyui.css HTTP/1.1" 200 30432
172.20.0.100 - - [09/Nov/2022:11:11:14 +0800] "GET /xingrg/javascript/jquery_tools/table.css HTTP/1.1" 200 1032
172.20.0.100 - - [09/Nov/2022:11:11:14 +0800] "GET /xingrg/javascript/jquery_tools/jquery.tools.table.js HTTP/1.1" 200 6994
172.20.0.100 - - [09/Nov/2022:11:11:14 +0800] "GET /xingrg/javascript/jquery_tools/order_manager.js HTTP/1.1" 200 11183
172.20.0.100 - - [09/Nov/2022:11:11:14 +0800] "GET /xingrg/javascript/print/kc_print.js HTTP/1.1" 200 11415
172.20.0.100 - - [09/Nov/2022:11:11:14 +0800] "GET /xingrg/words/20221108221607_words.js HTTP/1.1" 200 931918
172.20.0.100 - - [09/Nov/2022:11:11:15 +0800] "GET /xingrg/javascript/easyui/themes/icons/edit_add_new.png HTTP/1.1" 200 2997
172.20.0.100 - - [09/Nov/2022:11:11:15 +0800] "GET /xingrg/javascript/easyui/themes/icons/copy_new.png HTTP/1.1" 200 815
172.20.0.100 - - [09/Nov/2022:11:11:15 +0800] "GET /xingrg/javascript/easyui/themes/icons/uncheck_new.png HTTP/1.1" 200 3197
172.20.0.100 - - [09/Nov/2022:11:11:15 +0800] "GET /xingrg/javascript/easyui/themes/icons/print.png HTTP/1.1" 200 1057
172.20.0.100 - - [09/Nov/2022:11:11:15 +0800] "GET /xingrg/javascript/easyui/themes/default/images/menu_downarrow.png HTTP/1.1" 200 173
172.20.0.100 - - [09/Nov/2022:11:11:15 +0800] "GET /xingrg/javascript/easyui/themes/icons/cancel.png HTTP/1.1" 200 1133
172.20.0.100 - - [09/Nov/2022:11:11:15 +0800] "GET /xingrg/javascript/easyui/themes/default/validatebox.css HTTP/1.1" 404 1104
172.20.0.100 - - [09/Nov/2022:11:11:15 +0800] "GET /xingrg/javascript/easyui/plugins/jquery.validatebox.js HTTP/1.1" 200 6103
172.20.0.100 - - [09/Nov/2022:11:11:15 +0800] "GET /xingrg/javascript/easyui/plugins/jquery.numberbox.js HTTP/1.1" 200 5213
172.20.0.100 - - [09/Nov/2022:11:11:15 +0800] "POST /xingrg/kc/buy/cgsh_order_operate.html HTTP/1.1" 200 6737
172.20.0.100 - - [09/Nov/2022:11:11:16 +0800] "GET /xingrg/javascript/easyui/themes/icons/edit_remove.png HTTP/1.1" 200 625
180.162.229.95 - - [09/Nov/2022:11:11:17 +0800] "GET /xingrg/all/function/internal_message.html?_=1667963483307&CODE_STATE=getMsg HTTP/1.1" 200 27
114.83.219.194 - - [09/Nov/2022:11:11:18 +0800] "GET /xingrg/check_reg.html?_=1667963483805 HTTP/1.1" 200 22
114.83.219.194 - - [09/Nov/2022:11:11:18 +0800] "GET /xingrg/all/function/internal_message.html?_=1667963483995&CODE_STATE=getMsg HTTP/1.1" 200 27
180.169.147.146 - - [09/Nov/2022:11:11:21 +0800] "GET /xingrg/all/function/internal_message.html?_=1667963486652&CODE_STATE=getMsg HTTP/1.1" 200 27
180.162.109.76 - - [09/Nov/2022:11:11:26 +0800] "GET /xingrg/all/function/internal_message.html?_=1667962549084&CODE_STATE=getMsg HTTP/1.1" 200 27
180.169.147.146 - - [09/Nov/2022:11:11:26 +0800] "GET /xingrg/all/function/internal_message.html?_=1667963492730&CODE_STATE=getMsg HTTP/1.1" 200 27
116.230.105.139 - - [09/Nov/2022:11:11:27 +0800] "GET /xingrg/all/function/internal_message.html?_=1667963493513&CODE_STATE=getMsg HTTP/1.1" 200 27
61.170.233.146 - - [09/Nov/2022:11:11:28 +0800] "GET /xingrg/kc/buy/cgsh_order_operate.html?command=get_materiel&rest_code=00106&code=00101008037&supplier_code=00100009&order_time=2022-11-09 HTTP/1.1" 200 413
116.238.139.35 - - [09/Nov/2022:11:11:30 +0800] "GET /xingrg/all/function/internal_message.html?_=1667963418490&CODE_STATE=getMsg HTTP/1.1" 200 27
114.83.219.57 - - [09/Nov/2022:11:11:31 +0800] "GET /xingrg/all/function/internal_message.html?_=1667963613174&CODE_STATE=getMsg HTTP/1.1" 200 27
180.163.29.212 - - [09/Nov/2022:11:11:31 +0800] "GET /xingrg/kc/print/load_data.html?order_code=212022110902695&kc_code=cgsh&condition= HTTP/1.1" 302 -
180.163.29.212 - - [09/Nov/2022:11:11:31 +0800] "GET /xingrg/login.html HTTP/1.1" 200 7641
58.221.95.50 - - [09/Nov/2022:11:11:32 +0800] "GET /xingrg/all/function/internal_message.html?_=1667963484052&CODE_STATE=getMsg HTTP/1.1" 200 27
116.230.105.139 - - [09/Nov/2022:11:11:35 +0800] "GET /xingrg/all/function/internal_message.html?_=1667963494875&CODE_STATE=getMsg HTTP/1.1" 200 27
116.230.105.139 - - [09/Nov/2022:11:11:35 +0800] "GET /xingrg/check_reg.html?_=1667963494878 HTTP/1.1" 200 22
61.170.233.146 - - [09/Nov/2022:11:11:37 +0800] "POST /xingrg/kc/buy/cgsh_order_operate.html HTTP/1.1" 200 37
172.20.0.100 - - [09/Nov/2022:11:11:39 +0800] "GET /xingrg/javascript/easyui/themes/default/images/button_plain_hover.png HTTP/1.1" 200 144
61.170.233.146 - - [09/Nov/2022:11:11:40 +0800] "POST /xingrg/kc/buy/cgsh_order_operate.html HTTP/1.1" 200 12
172.20.0.100 - - [09/Nov/2022:11:11:41 +0800] "GET /xingrg/all/function/internal_message.html?_=1667963506715&CODE_STATE=getMsg HTTP/1.1" 200 27
61.170.233.146 - - [09/Nov/2022:11:11:43 +0800] "GET /xingrg/kc/buy/cgsh_order_info.html?code=212022110902745 HTTP/1.1" 200 64176
61.170.233.146 - - [09/Nov/2022:11:11:44 +0800] "GET /xingrg/javascript/easyui/themes/default/validatebox.css HTTP/1.1" 404 1104
101.85.95.132 - - [09/Nov/2022:11:11:44 +0800] "GET /xingrg/all/function/internal_message.html?_=1667963508435&CODE_STATE=getMsg HTTP/1.1" 200 27
61.170.233.146 - - [09/Nov/2022:11:11:44 +0800] "POST /xingrg/kc/buy/cgsh_order_operate.html HTTP/1.1" 200 1215
61.170.233.146 - - [09/Nov/2022:11:11:45 +0800] "GET /xingrg/kc/print/load_data.html?order_code=212022110902745&kc_code=cgsh&condition= HTTP/1.1" 200 1020
172.20.0.100 - - [09/Nov/2022:11:11:47 +0800] "GET /xingrg/kc/base/stock_operate.html?_=1667963512773&command=get_report_file&start_day=20221001 HTTP/1.1" 200 53
172.20.0.100 - - [09/Nov/2022:11:11:47 +0800] "GET /xingrg/all/report/report_query.html?isQuery=1&onlyBody=1&rh=2000&fileName=kc/base/kc_stock_detail_new.xml&queryString=(1=1)&queryText=&tableQueryString=init_table$sp1$base_code='0010820'$sp$crk_table$sp1$order_day%20between%2020221001%20and%2020221130%20and%20base_code='0010820'&varString=start_day:20221001,materiel_code:00101008542,cost_id:3948,end_date:20220930 HTTP/1.1" 200 48669
172.20.0.100 - - [09/Nov/2022:11:11:47 +0800] "GET /xingrg/dwr/interface/AjaxReportQueryService.js HTTP/1.1" 200 13203
172.20.0.100 - - [09/Nov/2022:11:11:47 +0800] "GET /xingrg/dwr/engine.js HTTP/1.1" 200 43631
172.20.0.100 - - [09/Nov/2022:11:11:47 +0800] "POST /xingrg/all/report/load_report_page.html HTTP/1.1" 200 34688
172.20.0.100 - - [09/Nov/2022:11:11:47 +0800] "GET /xingrg/servlets/image?cache=0.8114750397686117&image=px HTTP/1.1" 200 807
58.40.7.146 - - [09/Nov/2022:11:11:48 +0800] "GET /xingrg/all/function/internal_message.html?_=1667963514224&CODE_STATE=getMsg HTTP/1.1" 200 27
116.238.139.35 - - [09/Nov/2022:11:11:48 +0800] "GET /xingrg/all/function/internal_message.html?_=1667963514928&CODE_STATE=getMsg HTTP/1.1" 200 27
61.170.233.146 - - [09/Nov/2022:11:11:52 +0800] "GET /xingrg/kc/print/load_data.html?order_code=212022110902745&kc_code=cgsh HTTP/1.1" 200 1020
114.88.159.190 - - [09/Nov/2022:11:11:56 +0800] "GET /xingrg/all/function/internal_message.html?_=1667963135261&CODE_STATE=getMsg HTTP/1.1" 200 27
120.253.135.82 - - [09/Nov/2022:11:11:57 +0800] "GET /xingrg/all/function/internal_message.html?_=1667963610130&CODE_STATE=getMsg HTTP/1.1" 200 27
116.235.93.82 - - [09/Nov/2022:11:12:03 +0800] "GET /xingrg/all/function/internal_message.html?_=1667963743833&CODE_STATE=getMsg HTTP/1.1" 200 27
114.95.46.117 - - [09/Nov/2022:11:12:03 +0800] "GET /xingrg/all/function/internal_message.html?_=1667963380256&CODE_STATE=getMsg HTTP/1.1" 200 27
180.163.28.68 - - [09/Nov/2022:11:12:05 +0800] "GET /xingrg/kc/buy/cgsh_order_operate.html?command=get_materiel&rest_code=00106&code=00101008530&supplier_code=00100009&order_time=2022-11-09 HTTP/1.1" 302 -
180.163.28.68 - - [09/Nov/2022:11:12:06 +0800] "GET /xingrg/login.html HTTP/1.1" 200 7641
218.81.217.29 - - [09/Nov/2022:11:12:06 +0800] "GET /xingrg/all/function/internal_message.html?_=1667963542132&CODE_STATE=getMsg HTTP/1.1" 200 27
180.162.229.95 - - [09/Nov/2022:11:12:09 +0800] "GET /xingrg/kc/buy/cgsh_order_info.html?code=212022110902743 HTTP/1.1" 200 64214
