116.230.105.139 - - [09/Nov/2022:12:13:39 +0800] "POST /xingrg/services/DataTransmitService HTTP/1.1" 200 185604
114.88.159.190 - - [09/Nov/2022:12:13:39 +0800] "GET /xingrg/kc/buy/cgsh_order_add.html HTTP/1.1" 200 69267
114.83.219.57 - - [09/Nov/2022:12:13:39 +0800] "GET /xingrg/all/function/internal_message.html?_=1667967342011&CODE_STATE=getMsg HTTP/1.1" 200 27
114.88.159.190 - - [09/Nov/2022:12:13:39 +0800] "POST /xingrg/kc/buy/cgsh_order_operate.html HTTP/1.1" 200 8245
114.88.159.190 - - [09/Nov/2022:12:13:40 +0800] "GET /xingrg/javascript/easyui/themes/default/validatebox.css HTTP/1.1" 404 1104
101.85.95.132 - - [09/Nov/2022:12:13:44 +0800] "GET /xingrg/all/function/internal_message.html?_=1667967228482&CODE_STATE=getMsg HTTP/1.1" 200 27
116.238.139.35 - - [09/Nov/2022:12:13:44 +0800] "GET /xingrg/kc/buy/cgsh_order_operate.html?command=get_materiel&rest_code=00150&code=00101002004&supplier_code=00100547&order_time=2022-11-09 HTTP/1.1" 200 426
58.40.7.146 - - [09/Nov/2022:12:13:48 +0800] "GET /xingrg/all/function/internal_message.html?_=1667967234250&CODE_STATE=getMsg HTTP/1.1" 200 27
180.162.229.95 - - [09/Nov/2022:12:13:52 +0800] "POST /xingrg/kc/buy/cgsh_list_operate.html HTTP/1.1" 200 6049
116.230.105.139 - - [09/Nov/2022:12:13:54 +0800] "GET /xingrg/all/function/internal_message.html?_=1667967233773&CODE_STATE=getMsg HTTP/1.1" 200 27
114.88.159.190 - - [09/Nov/2022:12:13:54 +0800] "GET /xingrg/kc/buy/cgsh_order_operate.html?command=get_materiel&rest_code=00141&code=00101019727&supplier_code=00100337&order_time=2022-11-09 HTTP/1.1" 200 431
114.88.159.190 - - [09/Nov/2022:12:13:56 +0800] "GET /xingrg/all/function/internal_message.html?_=1667966855453&CODE_STATE=getMsg HTTP/1.1" 200 27
180.162.229.95 - - [09/Nov/2022:12:13:56 +0800] "POST /xingrg/kc/buy/cgsh_list_operate.html HTTP/1.1" 200 4778
180.162.229.95 - - [09/Nov/2022:12:13:57 +0800] "GET /xingrg/all/function/internal_message.html?_=1667967261841&CODE_STATE=getMsg HTTP/1.1" 200 27
120.253.135.82 - - [09/Nov/2022:12:13:58 +0800] "GET /xingrg/all/function/internal_message.html?_=1667967331545&CODE_STATE=getMsg HTTP/1.1" 200 27
114.95.46.117 - - [09/Nov/2022:12:14:03 +0800] "GET /xingrg/all/function/internal_message.html?_=1667967099624&CODE_STATE=getMsg HTTP/1.1" 200 27
116.235.93.82 - - [09/Nov/2022:12:14:03 +0800] "GET /xingrg/all/function/internal_message.html?_=1667967463878&CODE_STATE=getMsg HTTP/1.1" 200 27
61.170.233.146 - - [09/Nov/2022:12:14:05 +0800] "GET /xingrg/check_reg.html?_=1667967250412 HTTP/1.1" 200 22
116.238.139.35 - - [09/Nov/2022:12:14:05 +0800] "POST /xingrg/kc/buy/cgsh_order_operate.html HTTP/1.1" 200 37
114.95.46.117 - - [09/Nov/2022:12:14:09 +0800] "GET /xingrg/kc/buy/cgsh_order_operate.html?command=get_materiel&rest_code=00105&code=00101007168&supplier_code=00100326&order_time=2022-11-09 HTTP/1.1" 200 410
116.238.139.35 - - [09/Nov/2022:12:14:09 +0800] "POST /xingrg/kc/buy/cgsh_order_operate.html HTTP/1.1" 200 12
180.163.28.68 - - [09/Nov/2022:12:14:10 +0800] "GET /xingrg/all/function/internal_message.html?_=1667967195074&CODE_STATE=getMsg HTTP/1.1" 302 -
180.163.28.68 - - [09/Nov/2022:12:14:10 +0800] "GET /xingrg/login.html HTTP/1.1" 200 7641
61.170.233.146 - - [09/Nov/2022:12:14:10 +0800] "GET /xingrg/all/function/internal_message.html?_=1667967255058&CODE_STATE=getMsg HTTP/1.1" 200 27
116.238.139.35 - - [09/Nov/2022:12:14:11 +0800] "GET /xingrg/kc/buy/cgsh_order_info.html?code=212022110902815 HTTP/1.1" 200 64162
218.81.217.29 - - [09/Nov/2022:12:14:11 +0800] "GET /xingrg/all/function/internal_message.html?_=1667967267093&CODE_STATE=getMsg HTTP/1.1" 200 27
116.238.139.35 - - [09/Nov/2022:12:14:11 +0800] "GET /xingrg/words/20221109120913_words.js HTTP/1.1" 304 -
116.238.139.35 - - [09/Nov/2022:12:14:11 +0800] "GET /xingrg/javascript/easyui/themes/default/validatebox.css HTTP/1.1" 404 1104
116.238.139.35 - - [09/Nov/2022:12:14:12 +0800] "POST /xingrg/kc/buy/cgsh_order_operate.html HTTP/1.1" 200 625
114.88.159.190 - - [09/Nov/2022:12:14:13 +0800] "GET /xingrg/kc/buy/cgsh_order_operate.html?command=get_materiel&rest_code=00141&code=00101019346&supplier_code=00100337&order_time=2022-11-09 HTTP/1.1" 200 445
116.238.139.35 - - [09/Nov/2022:12:14:14 +0800] "GET /xingrg/kc/print/load_data.html?order_code=212022110902815&kc_code=cgsh&condition= HTTP/1.1" 200 715
114.83.219.194 - - [09/Nov/2022:12:14:17 +0800] "GET /xingrg/all/function/internal_message.html?_=1667967262869&CODE_STATE=getMsg HTTP/1.1" 200 27
120.253.135.82 - - [09/Nov/2022:12:14:20 +0800] "GET /xingrg/all/function/internal_message.html?_=1667967064434&CODE_STATE=getMsg HTTP/1.1" 200 27
116.230.105.139 - - [09/Nov/2022:12:14:21 +0800] "POST /xingrg/services/DataTransmitService HTTP/1.1" 200 45454
180.169.147.146 - - [09/Nov/2022:12:14:21 +0800] "GET /xingrg/all/function/internal_message.html?_=1667967266749&CODE_STATE=getMsg HTTP/1.1" 200 27
116.230.105.139 - - [09/Nov/2022:12:14:21 +0800] "POST /xingrg/services/DataTransmitService HTTP/1.1" 200 19237
180.162.229.95 - - [09/Nov/2022:12:14:22 +0800] "POST /xingrg/kc/buy/cgsh_list_operate.html HTTP/1.1" 200 4778
114.84.81.136 - - [09/Nov/2022:12:14:22 +0800] "GET /xingrg/all/function/internal_message.html?_=1667967268683&CODE_STATE=getMsg HTTP/1.1" 200 27
180.162.229.95 - - [09/Nov/2022:12:14:22 +0800] "GET /xingrg/kc/buy/cgsh_order_add.html HTTP/1.1" 200 69308
180.162.229.95 - - [09/Nov/2022:12:14:23 +0800] "GET /xingrg/javascript/easyui/themes/default/validatebox.css HTTP/1.1" 404 1104
180.162.229.95 - - [09/Nov/2022:12:14:23 +0800] "POST /xingrg/kc/buy/cgsh_order_operate.html HTTP/1.1" 200 8245
116.238.139.35 - - [09/Nov/2022:12:14:26 +0800] "GET /xingrg/kc/buy/cgsh_order_add.html HTTP/1.1" 200 69267
116.238.139.35 - - [09/Nov/2022:12:14:26 +0800] "GET /xingrg/javascript/easyui/themes/default/validatebox.css HTTP/1.1" 404 1104
116.238.139.35 - - [09/Nov/2022:12:14:26 +0800] "POST /xingrg/kc/buy/cgsh_order_operate.html HTTP/1.1" 200 8245
180.162.109.76 - - [09/Nov/2022:12:14:26 +0800] "GET /xingrg/check_reg.html?_=1667966329202 HTTP/1.1" 200 22
180.162.109.76 - - [09/Nov/2022:12:14:26 +0800] "GET /xingrg/all/function/internal_message.html?_=1667966329205&CODE_STATE=getMsg HTTP/1.1" 200 27
180.169.147.146 - - [09/Nov/2022:12:14:26 +0800] "GET /xingrg/all/function/internal_message.html?_=1667967272801&CODE_STATE=getMsg HTTP/1.1" 200 27
116.230.105.139 - - [09/Nov/2022:12:14:27 +0800] "GET /xingrg/all/function/internal_message.html?_=1667967273524&CODE_STATE=getMsg HTTP/1.1" 200 27
180.162.229.95 - - [09/Nov/2022:12:14:31 +0800] "GET /xingrg/kc/buy/cgsh_order_operate.html?command=get_materiel&rest_code=00102&code=00101010274&supplier_code=00100323&order_time=2022-11-08 HTTP/1.1" 200 433
116.238.139.35 - - [09/Nov/2022:12:14:31 +0800] "GET /xingrg/all/function/internal_message.html?_=1667967199610&CODE_STATE=getMsg HTTP/1.1" 200 27
101.85.95.132 - - [09/Nov/2022:12:14:33 +0800] "POST /xingrg/kc/buy/cgsh_list_operate.html HTTP/1.1" 200 582
58.221.95.50 - - [09/Nov/2022:12:14:34 +0800] "GET /xingrg/all/function/internal_message.html?_=1667967265704&CODE_STATE=getMsg HTTP/1.1" 200 27
114.95.46.117 - - [09/Nov/2022:12:14:34 +0800] "GET /xingrg/kc/buy/cgsh_order_operate.html?command=get_materiel&rest_code=00105&code=00101010567&supplier_code=00100326&order_time=2022-11-09 HTTP/1.1" 200 413
116.238.139.35 - - [09/Nov/2022:12:14:35 +0800] "GET /xingrg/kc/buy/cgsh_order_operate.html?command=get_materiel&rest_code=00150&code=00101004049&supplier_code=00100312&order_time=2022-11-09 HTTP/1.1" 200 415
180.162.229.95 - - [09/Nov/2022:12:14:38 +0800] "POST /xingrg/kc/buy/cgsh_order_operate.html HTTP/1.1" 200 37
114.83.219.57 - - [09/Nov/2022:12:14:39 +0800] "GET /xingrg/check_reg.html?_=1667967402032 HTTP/1.1" 200 22
114.83.219.57 - - [09/Nov/2022:12:14:39 +0800] "GET /xingrg/all/function/internal_message.html?_=1667967402032&CODE_STATE=getMsg HTTP/1.1" 200 27
180.162.229.95 - - [09/Nov/2022:12:14:42 +0800] "POST /xingrg/kc/buy/cgsh_order_operate.html HTTP/1.1" 200 12
180.162.229.95 - - [09/Nov/2022:12:14:43 +0800] "GET /xingrg/kc/buy/cgsh_order_info.html?code=212022110902816 HTTP/1.1" 200 64214
180.162.229.95 - - [09/Nov/2022:12:14:43 +0800] "GET /xingrg/javascript/easyui/themes/default/validatebox.css HTTP/1.1" 404 1104
101.85.95.132 - - [09/Nov/2022:12:14:44 +0800] "GET /xingrg/all/function/internal_message.html?_=1667967288488&CODE_STATE=getMsg HTTP/1.1" 200 27
180.162.229.95 - - [09/Nov/2022:12:14:44 +0800] "POST /xingrg/kc/buy/cgsh_order_operate.html HTTP/1.1" 200 622
116.238.139.35 - - [09/Nov/2022:12:14:45 +0800] "GET /xingrg/kc/buy/cgsh_order_operate.html?command=get_materiel&rest_code=00150&code=00101005017&supplier_code=00100312&order_time=2022-11-09 HTTP/1.1" 200 409
180.162.229.95 - - [09/Nov/2022:12:14:46 +0800] "GET /xingrg/kc/print/load_data.html?order_code=212022110902816&kc_code=cgsh&condition= HTTP/1.1" 200 719
58.40.7.146 - - [09/Nov/2022:12:14:48 +0800] "GET /xingrg/all/function/internal_message.html?_=1667967294252&CODE_STATE=getMsg HTTP/1.1" 200 27
180.162.229.95 - - [09/Nov/2022:12:14:48 +0800] "GET /xingrg/kc/buy/cgsh_order_add.html HTTP/1.1" 200 69308
180.162.229.95 - - [09/Nov/2022:12:14:49 +0800] "POST /xingrg/kc/buy/cgsh_order_operate.html HTTP/1.1" 200 8245
180.162.229.95 - - [09/Nov/2022:12:14:49 +0800] "GET /xingrg/javascript/easyui/themes/default/validatebox.css HTTP/1.1" 404 1104
116.230.105.139 - - [09/Nov/2022:12:14:54 +0800] "GET /xingrg/check_reg.html?_=1667967293793 HTTP/1.1" 200 22
116.230.105.139 - - [09/Nov/2022:12:14:54 +0800] "GET /xingrg/all/function/internal_message.html?_=1667967293795&CODE_STATE=getMsg HTTP/1.1" 200 27
114.95.46.117 - - [09/Nov/2022:12:14:55 +0800] "POST /xingrg/kc/buy/cgsh_order_operate.html HTTP/1.1" 200 37
114.88.159.190 - - [09/Nov/2022:12:14:56 +0800] "GET /xingrg/all/function/internal_message.html?_=1667966915441&CODE_STATE=getMsg HTTP/1.1" 200 27
114.88.159.190 - - [09/Nov/2022:12:14:56 +0800] "GET /xingrg/check_reg.html?_=1667966915439 HTTP/1.1" 200 22
114.88.159.190 - - [09/Nov/2022:12:14:56 +0800] "GET /xingrg/kc/buy/cgsh_order_operate.html?command=get_materiel&rest_code=00141&code=00101020144&supplier_code=00100337&order_time=2022-11-09 HTTP/1.1" 200 449
180.162.229.95 - - [09/Nov/2022:12:14:57 +0800] "GET /xingrg/check_reg.html?_=1667967321821 HTTP/1.1" 200 22
180.162.229.95 - - [09/Nov/2022:12:14:57 +0800] "GET /xingrg/all/function/internal_message.html?_=1667967321825&CODE_STATE=getMsg HTTP/1.1" 200 27
120.253.135.82 - - [09/Nov/2022:12:14:59 +0800] "GET /xingrg/all/function/internal_message.html?_=1667967391588&CODE_STATE=getMsg HTTP/1.1" 200 27
116.238.139.35 - - [09/Nov/2022:12:14:59 +0800] "POST /xingrg/kc/buy/cgsh_order_operate.html HTTP/1.1" 200 37
114.95.46.117 - - [09/Nov/2022:12:14:59 +0800] "POST /xingrg/kc/buy/cgsh_order_operate.html HTTP/1.1" 200 3248
180.162.229.95 - - [09/Nov/2022:12:15:00 +0800] "GET /xingrg/kc/buy/cgsh_order_operate.html?command=get_materiel&rest_code=00102&code=00101006005&supplier_code=00100327&order_time=2022-11-08 HTTP/1.1" 200 417
114.95.46.117 - - [09/Nov/2022:12:15:02 +0800] "GET /xingrg/kc/print/load_data.html?order_code=212022110902817&kc_code=cgsh&condition= HTTP/1.1" 200 898
114.95.46.117 - - [09/Nov/2022:12:15:03 +0800] "GET /xingrg/all/function/internal_message.html?_=1667967159608&CODE_STATE=getMsg HTTP/1.1" 200 27
116.238.139.35 - - [09/Nov/2022:12:15:03 +0800] "POST /xingrg/kc/buy/cgsh_order_operate.html HTTP/1.1" 200 12
116.235.93.82 - - [09/Nov/2022:12:15:03 +0800] "GET /xingrg/all/function/internal_message.html?_=1667967523876&CODE_STATE=getMsg HTTP/1.1" 200 27
116.238.139.35 - - [09/Nov/2022:12:15:04 +0800] "GET /xingrg/kc/buy/cgsh_order_info.html?code=212022110902818 HTTP/1.1" 200 64174
116.238.139.35 - - [09/Nov/2022:12:15:04 +0800] "GET /xingrg/words/20221109120913_words.js HTTP/1.1" 304 -
116.238.139.35 - - [09/Nov/2022:12:15:04 +0800] "GET /xingrg/javascript/easyui/themes/default/validatebox.css HTTP/1.1" 404 1104
116.238.139.35 - - [09/Nov/2022:12:15:05 +0800] "POST /xingrg/kc/buy/cgsh_order_operate.html HTTP/1.1" 200 1198
114.95.46.117 - - [09/Nov/2022:12:15:05 +0800] "GET /xingrg/check_reg.html?_=1667967162177 HTTP/1.1" 200 22
180.162.229.95 - - [09/Nov/2022:12:15:07 +0800] "POST /xingrg/kc/buy/cgsh_order_operate.html HTTP/1.1" 200 37
116.238.139.35 - - [09/Nov/2022:12:15:08 +0800] "GET /xingrg/kc/print/load_data.html?order_code=212022110902818&kc_code=cgsh&condition= HTTP/1.1" 200 938
180.163.29.206 - - [09/Nov/2022:12:15:09 +0800] "GET /xingrg/all/function/internal_message.html?_=1667967255058&CODE_STATE=getMsg HTTP/1.1" 302 -
180.163.29.206 - - [09/Nov/2022:12:15:10 +0800] "GET /xingrg/login.html HTTP/1.1" 200 7641
61.170.233.146 - - [09/Nov/2022:12:15:10 +0800] "GET /xingrg/all/function/internal_message.html?_=1667967315057&CODE_STATE=getMsg HTTP/1.1" 200 27
218.81.217.29 - - [09/Nov/2022:12:15:11 +0800] "GET /xingrg/all/function/internal_message.html?_=1667967327106&CODE_STATE=getMsg HTTP/1.1" 200 27
116.238.139.35 - - [09/Nov/2022:12:15:11 +0800] "GET /xingrg/kc/buy/cgsh_order_add.html HTTP/1.1" 200 69267
116.238.139.35 - - [09/Nov/2022:12:15:12 +0800] "POST /xingrg/kc/buy/cgsh_order_operate.html HTTP/1.1" 200 8245
116.238.139.35 - - [09/Nov/2022:12:15:12 +0800] "GET /xingrg/javascript/easyui/themes/default/validatebox.css HTTP/1.1" 404 1104
114.88.159.190 - - [09/Nov/2022:12:15:12 +0800] "POST /xingrg/kc/buy/cgsh_order_operate.html HTTP/1.1" 200 37
180.162.229.95 - - [09/Nov/2022:12:15:12 +0800] "POST /xingrg/kc/buy/cgsh_order_operate.html HTTP/1.1" 200 12
180.162.229.95 - - [09/Nov/2022:12:15:14 +0800] "GET /xingrg/kc/buy/cgsh_order_info.html?code=212022110902819 HTTP/1.1" 200 64211
180.162.229.95 - - [09/Nov/2022:12:15:15 +0800] "GET /xingrg/javascript/easyui/themes/default/validatebox.css HTTP/1.1" 404 1104
180.162.229.95 - - [09/Nov/2022:12:15:15 +0800] "POST /xingrg/kc/buy/cgsh_order_operate.html HTTP/1.1" 200 611
114.88.159.190 - - [09/Nov/2022:12:15:15 +0800] "POST /xingrg/kc/buy/cgsh_order_operate.html HTTP/1.1" 200 3855
114.83.219.194 - - [09/Nov/2022:12:15:17 +0800] "GET /xingrg/all/function/internal_message.html?_=1667967322839&CODE_STATE=getMsg HTTP/1.1" 200 27
116.238.139.35 - - [09/Nov/2022:12:15:18 +0800] "GET /xingrg/kc/buy/cgsh_order_operate.html?command=get_materiel&rest_code=00150&code=00101002006&supplier_code=00100091&order_time=2022-11-09 HTTP/1.1" 200 414
120.253.135.82 - - [09/Nov/2022:12:15:20 +0800] "GET /xingrg/all/function/internal_message.html?_=1667967124449&CODE_STATE=getMsg HTTP/1.1" 200 27
114.88.159.190 - - [09/Nov/2022:12:15:20 +0800] "GET /xingrg/kc/print/load_data.html?order_code=212022110902820&kc_code=cgsh&condition= HTTP/1.1" 200 1142
180.169.147.146 - - [09/Nov/2022:12:15:21 +0800] "GET /xingrg/all/function/internal_message.html?_=1667967326747&CODE_STATE=getMsg HTTP/1.1" 200 27
114.84.81.136 - - [09/Nov/2022:12:15:22 +0800] "GET /xingrg/all/function/internal_message.html?_=1667967328669&CODE_STATE=getMsg HTTP/1.1" 200 27
116.238.139.35 - - [09/Nov/2022:12:15:24 +0800] "POST /xingrg/kc/buy/cgsh_order_operate.html HTTP/1.1" 200 37
180.162.109.76 - - [09/Nov/2022:12:15:26 +0800] "GET /xingrg/all/function/internal_message.html?_=1667966389204&CODE_STATE=getMsg HTTP/1.1" 200 27
180.169.147.146 - - [09/Nov/2022:12:15:26 +0800] "GET /xingrg/all/function/internal_message.html?_=1667967332807&CODE_STATE=getMsg HTTP/1.1" 200 27
116.230.105.139 - - [09/Nov/2022:12:15:27 +0800] "GET /xingrg/all/function/internal_message.html?_=1667967333517&CODE_STATE=getMsg HTTP/1.1" 200 27
114.88.159.190 - - [09/Nov/2022:12:15:28 +0800] "GET /xingrg/kc/buy/cgsh_order_add.html HTTP/1.1" 200 69267
114.88.159.190 - - [09/Nov/2022:12:15:28 +0800] "GET /xingrg/javascript/easyui/themes/default/validatebox.css HTTP/1.1" 404 1104
114.88.159.190 - - [09/Nov/2022:12:15:28 +0800] "POST /xingrg/kc/buy/cgsh_order_operate.html HTTP/1.1" 200 8245
116.238.139.35 - - [09/Nov/2022:12:15:28 +0800] "POST /xingrg/kc/buy/cgsh_order_operate.html HTTP/1.1" 200 12
116.238.139.35 - - [09/Nov/2022:12:15:29 +0800] "GET /xingrg/kc/buy/cgsh_order_info.html?code=212022110902821 HTTP/1.1" 200 64174
116.238.139.35 - - [09/Nov/2022:12:15:29 +0800] "GET /xingrg/javascript/easyui/themes/default/validatebox.css HTTP/1.1" 404 1104
116.238.139.35 - - [09/Nov/2022:12:15:30 +0800] "POST /xingrg/kc/buy/cgsh_order_operate.html HTTP/1.1" 200 611
116.238.139.35 - - [09/Nov/2022:12:15:31 +0800] "GET /xingrg/kc/print/load_data.html?order_code=212022110902821&kc_code=cgsh&condition= HTTP/1.1" 200 778
116.238.139.35 - - [09/Nov/2022:12:15:31 +0800] "GET /xingrg/all/function/internal_message.html?_=1667967259635&CODE_STATE=getMsg HTTP/1.1" 200 27
58.221.95.50 - - [09/Nov/2022:12:15:34 +0800] "GET /xingrg/all/function/internal_message.html?_=1667967325755&CODE_STATE=getMsg HTTP/1.1" 200 27
116.238.139.35 - - [09/Nov/2022:12:15:35 +0800] "GET /xingrg/kc/buy/cgsh_order_add.html HTTP/1.1" 200 69267
116.238.139.35 - - [09/Nov/2022:12:15:35 +0800] "POST /xingrg/kc/buy/cgsh_order_operate.html HTTP/1.1" 200 8245
116.238.139.35 - - [09/Nov/2022:12:15:35 +0800] "GET /xingrg/javascript/easyui/themes/default/validatebox.css HTTP/1.1" 404 1104
114.83.219.57 - - [09/Nov/2022:12:15:39 +0800] "GET /xingrg/all/function/internal_message.html?_=1667967462023&CODE_STATE=getMsg HTTP/1.1" 200 27
101.85.95.132 - - [09/Nov/2022:12:15:44 +0800] "GET /xingrg/check_reg.html?_=1667967348488 HTTP/1.1" 200 22
101.85.95.132 - - [09/Nov/2022:12:15:44 +0800] "GET /xingrg/all/function/internal_message.html?_=1667967348491&CODE_STATE=getMsg HTTP/1.1" 200 27
58.40.7.146 - - [09/Nov/2022:12:15:48 +0800] "GET /xingrg/all/function/internal_message.html?_=1667967354254&CODE_STATE=getMsg HTTP/1.1" 200 27
120.253.135.82 - - [09/Nov/2022:12:15:48 +0800] "GET /xingrg/check_reg.html?_=1667967440806 HTTP/1.1" 200 22
116.230.105.139 - - [09/Nov/2022:12:15:54 +0800] "GET /xingrg/all/function/internal_message.html?_=1667967353777&CODE_STATE=getMsg HTTP/1.1" 200 27
116.238.139.35 - - [09/Nov/2022:12:15:54 +0800] "GET /xingrg/kc/buy/cgsh_order_operate.html?command=get_materiel&rest_code=00150&code=00101006036&supplier_code=00100547&order_time=2022-11-09 HTTP/1.1" 200 416
114.88.159.190 - - [09/Nov/2022:12:15:56 +0800] "GET /xingrg/all/function/internal_message.html?_=1667966975452&CODE_STATE=getMsg HTTP/1.1" 200 27
180.162.229.95 - - [09/Nov/2022:12:15:57 +0800] "GET /xingrg/all/function/internal_message.html?_=1667967381794&CODE_STATE=getMsg HTTP/1.1" 200 27
114.88.159.190 - - [09/Nov/2022:12:15:57 +0800] "GET /xingrg/kc/buy/cgsh_order_operate.html?command=get_materiel&rest_code=00141&code=00101010070&supplier_code=00100484&order_time=2022-11-09 HTTP/1.1" 200 436
120.253.135.82 - - [09/Nov/2022:12:15:59 +0800] "GET /xingrg/all/function/internal_message.html?_=1667967451593&CODE_STATE=getMsg HTTP/1.1" 200 27
114.95.46.117 - - [09/Nov/2022:12:16:03 +0800] "GET /xingrg/all/function/internal_message.html?_=1667967219583&CODE_STATE=getMsg HTTP/1.1" 200 27
116.235.93.82 - - [09/Nov/2022:12:16:03 +0800] "GET /xingrg/all/function/internal_message.html?_=1667967583875&CODE_STATE=getMsg HTTP/1.1" 200 27
114.95.46.117 - - [09/Nov/2022:12:16:04 +0800] "GET /xingrg/kc/buy/cgsh_order_add.html HTTP/1.1" 200 69349
116.238.139.35 - - [09/Nov/2022:12:16:04 +0800] "POST /xingrg/kc/buy/cgsh_order_operate.html HTTP/1.1" 200 37
114.95.46.117 - - [09/Nov/2022:12:16:04 +0800] "GET /xingrg/words/20221109120913_words.js HTTP/1.1" 304 -
114.95.46.117 - - [09/Nov/2022:12:16:04 +0800] "POST /xingrg/kc/buy/cgsh_order_operate.html HTTP/1.1" 200 8245
114.95.46.117 - - [09/Nov/2022:12:16:05 +0800] "GET /xingrg/javascript/easyui/themes/default/validatebox.css HTTP/1.1" 404 1104
116.238.139.35 - - [09/Nov/2022:12:16:08 +0800] "POST /xingrg/kc/buy/cgsh_order_operate.html HTTP/1.1" 200 12
116.238.139.35 - - [09/Nov/2022:12:16:09 +0800] "GET /xingrg/kc/buy/cgsh_order_info.html?code=212022110902822 HTTP/1.1" 200 64162
116.238.139.35 - - [09/Nov/2022:12:16:09 +0800] "GET /xingrg/words/20221109120913_words.js HTTP/1.1" 304 -
116.238.139.35 - - [09/Nov/2022:12:16:09 +0800] "GET /xingrg/javascript/easyui/themes/default/validatebox.css HTTP/1.1" 404 1104
180.163.28.114 - - [09/Nov/2022:12:16:09 +0800] "GET /xingrg/all/function/internal_message.html?_=1667967315057&CODE_STATE=getMsg HTTP/1.1" 302 -
116.238.139.35 - - [09/Nov/2022:12:16:10 +0800] "POST /xingrg/kc/buy/cgsh_order_operate.html HTTP/1.1" 200 613
61.170.233.146 - - [09/Nov/2022:12:16:10 +0800] "GET /xingrg/all/function/internal_message.html?_=1667967375033&CODE_STATE=getMsg HTTP/1.1" 200 27
180.163.28.114 - - [09/Nov/2022:12:16:10 +0800] "GET /xingrg/login.html HTTP/1.1" 200 7641
116.238.139.35 - - [09/Nov/2022:12:16:11 +0800] "GET /xingrg/kc/print/load_data.html?order_code=212022110902822&kc_code=cgsh&condition= HTTP/1.1" 200 694
218.81.217.29 - - [09/Nov/2022:12:16:11 +0800] "GET /xingrg/all/function/internal_message.html?_=1667967387384&CODE_STATE=getMsg HTTP/1.1" 200 27
180.163.29.219 - - [09/Nov/2022:12:16:12 +0800] "GET /xingrg/check_reg.html?_=1667967250412 HTTP/1.1" 302 -
180.163.29.219 - - [09/Nov/2022:12:16:13 +0800] "GET /xingrg/login.html HTTP/1.1" 200 7641
116.238.139.35 - - [09/Nov/2022:12:16:14 +0800] "GET /xingrg/kc/buy/cgsh_order_add.html HTTP/1.1" 200 69267
114.88.159.190 - - [09/Nov/2022:12:16:15 +0800] "GET /xingrg/kc/buy/cgsh_order_operate.html?command=get_materiel&rest_code=00141&code=00101001281&supplier_code=00100484&order_time=2022-11-09 HTTP/1.1" 200 399
116.238.139.35 - - [09/Nov/2022:12:16:15 +0800] "POST /xingrg/kc/buy/cgsh_order_operate.html HTTP/1.1" 200 8245
116.238.139.35 - - [09/Nov/2022:12:16:15 +0800] "GET /xingrg/javascript/easyui/themes/default/validatebox.css HTTP/1.1" 404 1104
114.83.219.194 - - [09/Nov/2022:12:16:17 +0800] "GET /xingrg/all/function/internal_message.html?_=1667967382809&CODE_STATE=getMsg HTTP/1.1" 200 27
114.83.219.194 - - [09/Nov/2022:12:16:18 +0800] "GET /xingrg/check_reg.html?_=1667967384045 HTTP/1.1" 200 22
120.253.135.82 - - [09/Nov/2022:12:16:19 +0800] "GET /xingrg/check_reg.html?_=1667967183932 HTTP/1.1" 200 22
120.253.135.82 - - [09/Nov/2022:12:16:20 +0800] "GET /xingrg/all/function/internal_message.html?_=1667967184463&CODE_STATE=getMsg HTTP/1.1" 200 27
180.169.147.146 - - [09/Nov/2022:12:16:21 +0800] "GET /xingrg/all/function/internal_message.html?_=1667967386746&CODE_STATE=getMsg HTTP/1.1" 200 27
114.84.81.136 - - [09/Nov/2022:12:16:22 +0800] "GET /xingrg/all/function/internal_message.html?_=1667967388671&CODE_STATE=getMsg HTTP/1.1" 200 27
116.238.139.35 - - [09/Nov/2022:12:16:23 +0800] "GET /xingrg/kc/buy/cgsh_order_operate.html?command=get_materiel&rest_code=00150&code=00101006120&supplier_code=00100323&order_time=2022-11-09 HTTP/1.1" 200 429
180.162.109.76 - - [09/Nov/2022:12:16:26 +0800] "GET /xingrg/all/function/internal_message.html?_=1667966449203&CODE_STATE=getMsg HTTP/1.1" 200 27
180.169.147.146 - - [09/Nov/2022:12:16:26 +0800] "GET /xingrg/all/function/internal_message.html?_=1667967392807&CODE_STATE=getMsg HTTP/1.1" 200 27
116.230.105.139 - - [09/Nov/2022:12:16:27 +0800] "GET /xingrg/all/function/internal_message.html?_=1667967393518&CODE_STATE=getMsg HTTP/1.1" 200 27
114.95.46.117 - - [09/Nov/2022:12:16:28 +0800] "GET /xingrg/kc/buy/cgsh_order_operate.html?command=get_materiel&rest_code=00105&code=00101004101&supplier_code=00100086&order_time=2022-11-09 HTTP/1.1" 200 433
116.238.139.35 - - [09/Nov/2022:12:16:31 +0800] "GET /xingrg/all/function/internal_message.html?_=1667967319639&CODE_STATE=getMsg HTTP/1.1" 200 27
58.221.95.50 - - [09/Nov/2022:12:16:34 +0800] "GET /xingrg/all/function/internal_message.html?_=1667967385762&CODE_STATE=getMsg HTTP/1.1" 200 27
114.83.219.57 - - [09/Nov/2022:12:16:39 +0800] "GET /xingrg/all/function/internal_message.html?_=1667967522016&CODE_STATE=getMsg HTTP/1.1" 200 27
101.85.95.132 - - [09/Nov/2022:12:16:44 +0800] "GET /xingrg/all/function/internal_message.html?_=1667967408475&CODE_STATE=getMsg HTTP/1.1" 200 27
114.95.46.117 - - [09/Nov/2022:12:16:45 +0800] "POST /xingrg/kc/buy/cgsh_order_operate.html HTTP/1.1" 200 37
116.238.139.35 - - [09/Nov/2022:12:16:46 +0800] "GET /xingrg/kc/buy/cgsh_order_operate.html?command=get_materiel&rest_code=00150&code=00101010309&supplier_code=00100323&order_time=2022-11-09 HTTP/1.1" 200 423
114.95.46.117 - - [09/Nov/2022:12:16:47 +0800] "POST /xingrg/kc/buy/cgsh_order_operate.html HTTP/1.1" 200 2660
58.40.7.146 - - [09/Nov/2022:12:16:48 +0800] "GET /xingrg/all/function/internal_message.html?_=1667967414240&CODE_STATE=getMsg HTTP/1.1" 200 27
114.95.46.117 - - [09/Nov/2022:12:16:49 +0800] "GET /xingrg/kc/print/load_data.html?order_code=212022110902823&kc_code=cgsh&condition= HTTP/1.1" 200 736
180.162.229.95 - - [09/Nov/2022:12:16:50 +0800] "GET /xingrg/kc/print/load_data.html?order_code=212022110902819&kc_code=cgsh&condition= HTTP/1.1" 200 709
180.162.229.95 - - [09/Nov/2022:12:16:53 +0800] "GET /xingrg/kc/buy/cgsh_order_add.html HTTP/1.1" 200 69308
180.162.229.95 - - [09/Nov/2022:12:16:53 +0800] "POST /xingrg/kc/buy/cgsh_order_operate.html HTTP/1.1" 200 8245
180.162.229.95 - - [09/Nov/2022:12:16:53 +0800] "GET /xingrg/javascript/easyui/themes/default/validatebox.css HTTP/1.1" 404 1104
116.238.139.35 - - [09/Nov/2022:12:16:54 +0800] "GET /xingrg/kc/buy/cgsh_order_operate.html?command=get_materiel&rest_code=00150&code=00101010563&supplier_code=00100323&order_time=2022-11-09 HTTP/1.1" 200 412
116.230.105.139 - - [09/Nov/2022:12:16:54 +0800] "GET /xingrg/all/function/internal_message.html?_=1667967413769&CODE_STATE=getMsg HTTP/1.1" 200 27
114.88.159.190 - - [09/Nov/2022:12:16:56 +0800] "GET /xingrg/all/function/internal_message.html?_=1667967035436&CODE_STATE=getMsg HTTP/1.1" 200 27
180.162.229.95 - - [09/Nov/2022:12:16:57 +0800] "GET /xingrg/all/function/internal_message.html?_=1667967441778&CODE_STATE=getMsg HTTP/1.1" 200 27
120.253.135.82 - - [09/Nov/2022:12:16:59 +0800] "GET /xingrg/all/function/internal_message.html?_=1667967511605&CODE_STATE=getMsg HTTP/1.1" 200 27
114.88.159.190 - - [09/Nov/2022:12:17:01 +0800] "GET /xingrg/kc/buy/cgsh_order_operate.html?command=get_materiel&rest_code=00141&code=00101005054&supplier_code=00100484&order_time=2022-11-09 HTTP/1.1" 200 426
180.162.229.95 - - [09/Nov/2022:12:17:01 +0800] "GET /xingrg/kc/buy/cgsh_order_operate.html?command=get_materiel&rest_code=00102&code=00101004067&supplier_code=00100312&order_time=2022-11-08 HTTP/1.1" 200 413
114.95.46.117 - - [09/Nov/2022:12:17:03 +0800] "GET /xingrg/all/function/internal_message.html?_=1667967279567&CODE_STATE=getMsg HTTP/1.1" 200 27
61.170.233.146 - - [09/Nov/2022:12:17:03 +0800] "GET /xingrg/login.html?r=1 HTTP/1.1" 200 7641
61.170.233.146 - - [09/Nov/2022:12:17:03 +0800] "GET /favicon.ico HTTP/1.1" 404 -
116.235.93.82 - - [09/Nov/2022:12:17:03 +0800] "GET /xingrg/all/function/internal_message.html?_=1667967643873&CODE_STATE=getMsg HTTP/1.1" 200 27
114.95.46.117 - - [09/Nov/2022:12:17:04 +0800] "GET /xingrg/kc/buy/cgsh_order_add.html HTTP/1.1" 200 69349
114.95.46.117 - - [09/Nov/2022:12:17:05 +0800] "GET /xingrg/words/20221109120913_words.js HTTP/1.1" 304 -
114.95.46.117 - - [09/Nov/2022:12:17:05 +0800] "POST /xingrg/kc/buy/cgsh_order_operate.html HTTP/1.1" 200 8245
114.95.46.117 - - [09/Nov/2022:12:17:05 +0800] "GET /xingrg/javascript/easyui/themes/default/validatebox.css HTTP/1.1" 404 1104
61.170.233.146 - - [09/Nov/2022:12:17:06 +0800] "POST /xingrg/login.do HTTP/1.1" 302 -
61.170.233.146 - - [09/Nov/2022:12:17:06 +0800] "GET /xingrg/index.html?sysBaseUrl=http%3A%2F%2F180.169.147.146%3A18081%2Fxingrg%2F&costTime=41×tamp=1667967426098 HTTP/1.1" 200 17173
61.170.233.146 - - [09/Nov/2022:12:17:06 +0800] "GET /favicon.ico HTTP/1.1" 404 -
61.170.233.146 - - [09/Nov/2022:12:17:06 +0800] "POST /xingrg/all/common/load_tree.html?tree=area_rest_tree_json&manage=1 HTTP/1.1" 200 342
61.170.233.146 - - [09/Nov/2022:12:17:06 +0800] "GET /xingrg/all/function/internal_message.html?_=1667967433723&CODE_STATE=count HTTP/1.1" 200 11
61.170.233.146 - - [09/Nov/2022:12:17:06 +0800] "GET /xingrg/check_reg.html?_=1667967433725 HTTP/1.1" 200 22
61.170.233.146 - - [09/Nov/2022:12:17:06 +0800] "POST /xingrg/load_menu.html HTTP/1.1" 200 5138
116.238.139.35 - - [09/Nov/2022:12:17:06 +0800] "POST /xingrg/kc/buy/cgsh_order_operate.html HTTP/1.1" 200 37
180.162.229.95 - - [09/Nov/2022:12:17:08 +0800] "GET /xingrg/kc/buy/cgsh_order_operate.html?command=get_materiel&rest_code=00102&code=00101004027&supplier_code=00100312&order_time=2022-11-08 HTTP/1.1" 200 409
58.35.213.73 - - [09/Nov/2022:12:17:09 +0800] "POST /xingrg/services/DataTransmitService HTTP/1.1" 200 524
116.238.139.35 - - [09/Nov/2022:12:17:09 +0800] "POST /xingrg/kc/buy/cgsh_order_operate.html HTTP/1.1" 200 12
61.170.233.146 - - [09/Nov/2022:12:17:10 +0800] "GET /xingrg/all/function/internal_message.html?_=1667967435015&CODE_STATE=getMsg HTTP/1.1" 200 27
61.170.233.146 - - [09/Nov/2022:12:17:10 +0800] "GET /xingrg/kc/buy/buy_main.html HTTP/1.1" 200 12412
61.170.233.146 - - [09/Nov/2022:12:17:10 +0800] "GET /xingrg/css/new_ie.css HTTP/1.1" 404 1036
116.238.139.35 - - [09/Nov/2022:12:17:10 +0800] "GET /xingrg/kc/buy/cgsh_order_info.html?code=212022110902824 HTTP/1.1" 200 64173
116.238.139.35 - - [09/Nov/2022:12:17:10 +0800] "GET /xingrg/words/20221109120913_words.js HTTP/1.1" 304 -
116.238.139.35 - - [09/Nov/2022:12:17:11 +0800] "GET /xingrg/javascript/easyui/themes/default/validatebox.css HTTP/1.1" 404 1104
61.170.233.146 - - [09/Nov/2022:12:17:11 +0800] "GET /xingrg/images/yd/bt.gif HTTP/1.1" 404 1040
218.81.217.29 - - [09/Nov/2022:12:17:11 +0800] "GET /xingrg/all/function/internal_message.html?_=1667967447401&CODE_STATE=getMsg HTTP/1.1" 200 27
61.170.233.146 - - [09/Nov/2022:12:17:11 +0800] "GET /xingrg/kc/buy/cgsh_order_list.html HTTP/1.1" 200 53486
116.238.139.35 - - [09/Nov/2022:12:17:11 +0800] "POST /xingrg/kc/buy/cgsh_order_operate.html HTTP/1.1" 200 1814
61.170.233.146 - - [09/Nov/2022:12:17:12 +0800] "POST /xingrg/kc/buy/cgsh_list_operate.html HTTP/1.1" 200 986
116.238.139.35 - - [09/Nov/2022:12:17:13 +0800] "GET /xingrg/kc/print/load_data.html?order_code=212022110902824&kc_code=cgsh&condition= HTTP/1.1" 200 1188
58.35.213.73 - - [09/Nov/2022:12:17:13 +0800] "POST /xingrg/services/DataTransmitService HTTP/1.1" 200 501
61.170.233.146 - - [09/Nov/2022:12:17:14 +0800] "GET /xingrg/kc/buy/cgsh_order_add.html HTTP/1.1" 200 69261
61.170.233.146 - - [09/Nov/2022:12:17:14 +0800] "GET /xingrg/words/20221109120913_words.js HTTP/1.1" 200 931969
61.170.233.146 - - [09/Nov/2022:12:17:14 +0800] "POST /xingrg/kc/buy/cgsh_order_operate.html HTTP/1.1" 200 8245
180.162.229.95 - - [09/Nov/2022:12:17:14 +0800] "GET /xingrg/kc/buy/cgsh_order_operate.html?command=get_materiel&rest_code=00102&code=00101004071&supplier_code=00100312&order_time=2022-11-08 HTTP/1.1" 200 409
61.170.233.146 - - [09/Nov/2022:12:17:14 +0800] "GET /xingrg/all/common/auto_word.html?type=employee&rest_code=00106 HTTP/1.1" 200 205
61.170.233.146 - - [09/Nov/2022:12:17:14 +0800] "GET /xingrg/javascript/easyui/themes/default/validatebox.css HTTP/1.1" 404 1104
61.170.233.146 - - [09/Nov/2022:12:17:14 +0800] "GET /xingrg/all/common/auto_word.html?type=employee&rest_code=00106 HTTP/1.1" 200 205
61.170.233.146 - - [09/Nov/2022:12:17:16 +0800] "GET /xingrg/javascript/easyui/themes/default/tree.css HTTP/1.1" 404 1090
61.170.233.146 - - [09/Nov/2022:12:17:16 +0800] "POST /xingrg/all/common/load_tree.html?tree=supplier_tree_json&isDelete=1 HTTP/1.1" 200 69873
114.83.219.194 - - [09/Nov/2022:12:17:17 +0800] "GET /xingrg/all/function/internal_message.html?_=1667967442797&CODE_STATE=getMsg HTTP/1.1" 200 27
120.253.135.82 - - [09/Nov/2022:12:17:20 +0800] "GET /xingrg/all/function/internal_message.html?_=1667967244479&CODE_STATE=getMsg HTTP/1.1" 200 27
180.169.147.146 - - [09/Nov/2022:12:17:21 +0800] "GET /xingrg/all/function/internal_message.html?_=1667967446745&CODE_STATE=getMsg HTTP/1.1" 200 27
114.88.159.190 - - [09/Nov/2022:12:17:22 +0800] "POST /xingrg/kc/buy/cgsh_order_operate.html HTTP/1.1" 200 37
114.84.81.136 - - [09/Nov/2022:12:17:22 +0800] "GET /xingrg/all/function/internal_message.html?_=1667967448671&CODE_STATE=getMsg HTTP/1.1" 200 27
180.162.229.95 - - [09/Nov/2022:12:17:24 +0800] "GET /xingrg/kc/buy/cgsh_order_operate.html?command=get_materiel&rest_code=00102&code=00101001029&supplier_code=00100312&order_time=2022-11-08 HTTP/1.1" 200 417
114.88.159.190 - - [09/Nov/2022:12:17:24 +0800] "POST /xingrg/kc/buy/cgsh_order_operate.html HTTP/1.1" 200 2669
114.88.159.190 - - [09/Nov/2022:12:17:26 +0800] "GET /xingrg/kc/print/load_data.html?order_code=212022110902825&kc_code=cgsh&condition= HTTP/1.1" 200 687
180.162.109.76 - - [09/Nov/2022:12:17:26 +0800] "GET /xingrg/all/function/internal_message.html?_=1667966509189&CODE_STATE=getMsg HTTP/1.1" 200 27
180.169.147.146 - - [09/Nov/2022:12:17:26 +0800] "GET /xingrg/all/function/internal_message.html?_=1667967452801&CODE_STATE=getMsg HTTP/1.1" 200 27
114.95.46.117 - - [09/Nov/2022:12:17:27 +0800] "GET /xingrg/kc/buy/cgsh_order_operate.html?command=get_materiel&rest_code=00105&code=00101002006&supplier_code=00100091&order_time=2022-11-09 HTTP/1.1" 200 414
116.230.105.139 - - [09/Nov/2022:12:17:27 +0800] "GET /xingrg/all/function/internal_message.html?_=1667967453507&CODE_STATE=getMsg HTTP/1.1" 200 27
61.170.233.146 - - [09/Nov/2022:12:17:27 +0800] "GET /xingrg/javascript/auto/indicator.gif HTTP/1.1" 404 1066
116.238.139.35 - - [09/Nov/2022:12:17:31 +0800] "GET /xingrg/all/function/internal_message.html?_=1667967379664&CODE_STATE=getMsg HTTP/1.1" 200 27
58.221.95.50 - - [09/Nov/2022:12:17:34 +0800] "GET /xingrg/all/function/internal_message.html?_=1667967445814&CODE_STATE=getMsg HTTP/1.1" 200 27
180.162.229.95 - - [09/Nov/2022:12:17:36 +0800] "POST /xingrg/kc/buy/cgsh_order_operate.html HTTP/1.1" 200 37
114.88.159.190 - - [09/Nov/2022:12:17:37 +0800] "GET /xingrg/kc/buy/cgsh_order_add.html HTTP/1.1" 200 69267
114.88.159.190 - - [09/Nov/2022:12:17:38 +0800] "POST /xingrg/kc/buy/cgsh_order_operate.html HTTP/1.1" 200 8245
114.88.159.190 - - [09/Nov/2022:12:17:38 +0800] "GET /xingrg/javascript/easyui/themes/default/validatebox.css HTTP/1.1" 404 1104
61.170.233.146 - - [09/Nov/2022:12:17:38 +0800] "GET /xingrg/kc/buy/cgsh_order_operate.html?command=get_materiel&rest_code=00106&code=00101001140&supplier_code=00100090&order_time=2022-11-09 HTTP/1.1" 200 417
116.238.139.35 - - [09/Nov/2022:12:17:39 +0800] "GET /xingrg/kc/base/wldb_order_list.html HTTP/1.1" 200 19066
116.238.139.35 - - [09/Nov/2022:12:17:39 +0800] "POST /xingrg/kc/base/wldb_list_operate.html HTTP/1.1" 200 928
114.83.219.57 - - [09/Nov/2022:12:17:39 +0800] "GET /xingrg/all/function/internal_message.html?_=1667967582024&CODE_STATE=getMsg HTTP/1.1" 200 27
180.162.229.95 - - [09/Nov/2022:12:17:40 +0800] "POST /xingrg/kc/buy/cgsh_order_operate.html HTTP/1.1" 200 12
116.238.139.35 - - [09/Nov/2022:12:17:40 +0800] "GET /xingrg/kc/base/wldb_order_add.html HTTP/1.1" 200 30301
116.238.139.35 - - [09/Nov/2022:12:17:40 +0800] "POST /xingrg/kc/base/wldb_order_operate.html HTTP/1.1" 200 6806
116.238.139.35 - - [09/Nov/2022:12:17:40 +0800] "GET /xingrg/javascript/easyui/themes/default/validatebox.css HTTP/1.1" 404 1104
101.85.95.132 - - [09/Nov/2022:12:17:44 +0800] "GET /xingrg/all/function/internal_message.html?_=1667967468475&CODE_STATE=getMsg HTTP/1.1" 200 27
180.162.229.95 - - [09/Nov/2022:12:17:44 +0800] "GET /xingrg/kc/buy/cgsh_order_info.html?code=212022110902826 HTTP/1.1" 200 64215
180.162.229.95 - - [09/Nov/2022:12:17:45 +0800] "GET /xingrg/javascript/easyui/themes/default/validatebox.css HTTP/1.1" 404 1104
180.162.229.95 - - [09/Nov/2022:12:17:45 +0800] "POST /xingrg/kc/buy/cgsh_order_operate.html HTTP/1.1" 200 2388
180.162.229.95 - - [09/Nov/2022:12:17:46 +0800] "GET /xingrg/kc/print/load_data.html?order_code=212022110902826&kc_code=cgsh&condition= HTTP/1.1" 200 1379
58.40.7.146 - - [09/Nov/2022:12:17:48 +0800] "GET /xingrg/all/function/internal_message.html?_=1667967474241&CODE_STATE=getMsg HTTP/1.1" 200 27
58.40.7.146 - - [09/Nov/2022:12:17:48 +0800] "GET /xingrg/check_reg.html?_=1667967474243 HTTP/1.1" 200 22
116.238.139.35 - - [09/Nov/2022:12:17:48 +0800] "GET /xingrg/kc/base/wldb_order_operate.html?command=get_materiel&rest_code=00150&base_code=0010447&code=00101014041 HTTP/1.1" 200 436
180.162.229.95 - - [09/Nov/2022:12:17:49 +0800] "GET /xingrg/kc/buy/cgsh_order_add.html HTTP/1.1" 200 69308
180.162.229.95 - - [09/Nov/2022:12:17:50 +0800] "POST /xingrg/kc/buy/cgsh_order_operate.html HTTP/1.1" 200 8245
180.162.229.95 - - [09/Nov/2022:12:17:50 +0800] "GET /xingrg/javascript/easyui/themes/default/validatebox.css HTTP/1.1" 404 1104
114.95.46.117 - - [09/Nov/2022:12:17:53 +0800] "GET /xingrg/kc/buy/cgsh_order_operate.html?command=get_materiel&rest_code=00105&code=00101006207&supplier_code=00100091&order_time=2022-11-09 HTTP/1.1" 200 405
116.230.105.139 - - [09/Nov/2022:12:17:54 +0800] "GET /xingrg/all/function/internal_message.html?_=1667967473782&CODE_STATE=getMsg HTTP/1.1" 200 27
114.88.159.190 - - [09/Nov/2022:12:17:56 +0800] "GET /xingrg/kc/buy/cgsh_order_operate.html?command=get_materiel&rest_code=00141&code=00101006350&supplier_code=00100547&order_time=2022-11-09 HTTP/1.1" 200 395
114.88.159.190 - - [09/Nov/2022:12:17:56 +0800] "GET /xingrg/all/function/internal_message.html?_=1667967095486&CODE_STATE=getMsg HTTP/1.1" 200 27
180.162.229.95 - - [09/Nov/2022:12:17:57 +0800] "GET /xingrg/all/function/internal_message.html?_=1667967501764&CODE_STATE=getMsg HTTP/1.1" 200 27
116.238.139.35 - - [09/Nov/2022:12:17:58 +0800] "POST /xingrg/kc/base/wldb_order_operate.html HTTP/1.1" 200 37
120.253.135.82 - - [09/Nov/2022:12:17:59 +0800] "GET /xingrg/all/function/internal_message.html?_=1667967571705&CODE_STATE=getMsg HTTP/1.1" 200 27
180.162.229.95 - - [09/Nov/2022:12:18:00 +0800] "GET /xingrg/kc/buy/cgsh_order_operate.html?command=get_materiel&rest_code=00102&code=00101002041&supplier_code=00100442&order_time=2022-11-08 HTTP/1.1" 200 409
116.238.139.35 - - [09/Nov/2022:12:18:00 +0800] "POST /xingrg/kc/base/wldb_order_operate.html HTTP/1.1" 200 12
116.238.139.35 - - [09/Nov/2022:12:18:00 +0800] "POST /xingrg/kc/base/wldb_order_operate.html HTTP/1.1" 200 2680
114.95.46.117 - - [09/Nov/2022:12:18:03 +0800] "GET /xingrg/all/function/internal_message.html?_=1667967339546&CODE_STATE=getMsg HTTP/1.1" 200 27
116.235.93.82 - - [09/Nov/2022:12:18:03 +0800] "GET /xingrg/check_reg.html?_=1667967703872 HTTP/1.1" 200 22
116.235.93.82 - - [09/Nov/2022:12:18:03 +0800] "GET /xingrg/all/function/internal_message.html?_=1667967703871&CODE_STATE=getMsg HTTP/1.1" 200 27
58.221.95.50 - - [09/Nov/2022:12:18:05 +0800] "GET /xingrg/check_reg.html?_=1667967476525 HTTP/1.1" 200 22
61.170.233.146 - - [09/Nov/2022:12:18:06 +0800] "GET /xingrg/all/function/internal_message.html?_=1667967493737&CODE_STATE=getMsg HTTP/1.1" 200 27
180.162.229.95 - - [09/Nov/2022:12:18:06 +0800] "POST /xingrg/kc/buy/cgsh_order_operate.html HTTP/1.1" 200 37
61.170.233.146 - - [09/Nov/2022:12:18:06 +0800] "GET /xingrg/kc/buy/cgsh_order_operate.html?command=get_materiel&rest_code=00106&code=00101001125&supplier_code=00100090&order_time=2022-11-09 HTTP/1.1" 200 417
114.95.46.117 - - [09/Nov/2022:12:18:08 +0800] "GET /xingrg/kc/buy/cgsh_order_operate.html?command=get_materiel&rest_code=00105&code=00101002034&supplier_code=00100091&order_time=2022-11-09 HTTP/1.1" 200 409
61.170.233.146 - - [09/Nov/2022:12:18:10 +0800] "GET /xingrg/all/function/internal_message.html?_=1667967494992&CODE_STATE=getMsg HTTP/1.1" 200 27
180.162.229.95 - - [09/Nov/2022:12:18:10 +0800] "POST /xingrg/kc/buy/cgsh_order_operate.html HTTP/1.1" 200 12
180.162.229.95 - - [09/Nov/2022:12:18:11 +0800] "GET /xingrg/kc/buy/cgsh_order_info.html?code=212022110902827 HTTP/1.1" 200 64213
218.81.217.29 - - [09/Nov/2022:12:18:11 +0800] "GET /xingrg/all/function/internal_message.html?_=1667967507681&CODE_STATE=getMsg HTTP/1.1" 200 27
180.162.229.95 - - [09/Nov/2022:12:18:11 +0800] "GET /xingrg/javascript/easyui/themes/default/validatebox.css HTTP/1.1" 404 1104
180.162.229.95 - - [09/Nov/2022:12:18:12 +0800] "POST /xingrg/kc/buy/cgsh_order_operate.html HTTP/1.1" 200 607
114.88.159.190 - - [09/Nov/2022:12:18:14 +0800] "POST /xingrg/kc/buy/cgsh_order_operate.html HTTP/1.1" 200 37
180.162.229.95 - - [09/Nov/2022:12:18:14 +0800] "GET /xingrg/kc/print/load_data.html?order_code=212022110902827&kc_code=cgsh&condition= HTTP/1.1" 200 702
116.238.139.35 - - [09/Nov/2022:12:18:14 +0800] "GET /xingrg/kc/base/wldb_order_info.html?code=422022110900673 HTTP/1.1" 200 26183
116.238.139.35 - - [09/Nov/2022:12:18:14 +0800] "GET /xingrg/words/20221109120913_words.js HTTP/1.1" 304 -
116.238.139.35 - - [09/Nov/2022:12:18:15 +0800] "GET /xingrg/javascript/easyui/themes/default/validatebox.css HTTP/1.1" 404 1104
116.238.139.35 - - [09/Nov/2022:12:18:15 +0800] "POST /xingrg/kc/base/wldb_order_operate.html HTTP/1.1" 200 964
114.88.159.190 - - [09/Nov/2022:12:18:16 +0800] "POST /xingrg/kc/buy/cgsh_order_operate.html HTTP/1.1" 200 2655
116.238.139.35 - - [09/Nov/2022:12:18:17 +0800] "GET /xingrg/check_reg.html?_=1667967424767 HTTP/1.1" 200 22
114.83.219.194 - - [09/Nov/2022:12:18:17 +0800] "GET /xingrg/all/function/internal_message.html?_=1667967502785&CODE_STATE=getMsg HTTP/1.1" 200 27
116.238.139.35 - - [09/Nov/2022:12:18:17 +0800] "GET /xingrg/kc/base/wldb_order_add.html HTTP/1.1" 200 30301
116.238.139.35 - - [09/Nov/2022:12:18:18 +0800] "POST /xingrg/kc/base/wldb_order_operate.html HTTP/1.1" 200 6806
116.238.139.35 - - [09/Nov/2022:12:18:18 +0800] "GET /xingrg/javascript/easyui/themes/default/validatebox.css HTTP/1.1" 404 1104
180.162.229.95 - - [09/Nov/2022:12:18:18 +0800] "GET /xingrg/kc/buy/cgsh_order_add.html HTTP/1.1" 200 69308
180.162.229.95 - - [09/Nov/2022:12:18:19 +0800] "GET /xingrg/javascript/easyui/themes/default/validatebox.css HTTP/1.1" 404 1104
180.162.229.95 - - [09/Nov/2022:12:18:19 +0800] "POST /xingrg/kc/buy/cgsh_order_operate.html HTTP/1.1" 200 8245
120.253.135.82 - - [09/Nov/2022:12:18:20 +0800] "GET /xingrg/all/function/internal_message.html?_=1667967304490&CODE_STATE=getMsg HTTP/1.1" 200 27
180.169.147.146 - - [09/Nov/2022:12:18:21 +0800] "GET /xingrg/all/function/internal_message.html?_=1667967506743&CODE_STATE=getMsg HTTP/1.1" 200 27
180.169.147.146 - - [09/Nov/2022:12:18:21 +0800] "GET /xingrg/check_reg.html?_=1667967506745 HTTP/1.1" 200 22
114.84.81.136 - - [09/Nov/2022:12:18:22 +0800] "GET /xingrg/all/function/internal_message.html?_=1667967508702&CODE_STATE=getMsg HTTP/1.1" 200 27
114.84.81.136 - - [09/Nov/2022:12:18:22 +0800] "GET /xingrg/check_reg.html?_=1667967508704 HTTP/1.1" 200 22
114.95.46.117 - - [09/Nov/2022:12:18:22 +0800] "POST /xingrg/kc/buy/cgsh_order_operate.html HTTP/1.1" 200 37
114.95.46.117 - - [09/Nov/2022:12:18:24 +0800] "POST /xingrg/kc/buy/cgsh_order_operate.html HTTP/1.1" 200 3252
114.88.159.190 - - [09/Nov/2022:12:18:25 +0800] "GET /xingrg/kc/print/load_data.html?order_code=212022110902828&kc_code=cgsh&condition= HTTP/1.1" 200 657
180.162.109.76 - - [09/Nov/2022:12:18:26 +0800] "GET /xingrg/all/function/internal_message.html?_=1667966569200&CODE_STATE=getMsg HTTP/1.1" 200 27
180.169.147.146 - - [09/Nov/2022:12:18:26 +0800] "GET /xingrg/all/function/internal_message.html?_=1667967512809&CODE_STATE=getMsg HTTP/1.1" 200 27
180.169.147.146 - - [09/Nov/2022:12:18:26 +0800] "GET /xingrg/check_reg.html?_=1667967512810 HTTP/1.1" 200 22
114.95.46.117 - - [09/Nov/2022:12:18:27 +0800] "GET /xingrg/kc/print/load_data.html?order_code=212022110902829&kc_code=cgsh&condition= HTTP/1.1" 200 958
116.230.105.139 - - [09/Nov/2022:12:18:27 +0800] "GET /xingrg/all/function/internal_message.html?_=1667967513517&CODE_STATE=getMsg HTTP/1.1" 200 27
116.230.105.139 - - [09/Nov/2022:12:18:27 +0800] "GET /xingrg/check_reg.html?_=1667967513520 HTTP/1.1" 200 22
116.238.139.35 - - [09/Nov/2022:12:18:31 +0800] "GET /xingrg/all/function/internal_message.html?_=1667967439680&CODE_STATE=getMsg HTTP/1.1" 200 27
180.162.229.95 - - [09/Nov/2022:12:18:32 +0800] "GET /xingrg/kc/buy/cgsh_order_operate.html?command=get_materiel&rest_code=00102&code=00102002172&supplier_code=00100486&order_time=2022-11-08 HTTP/1.1" 200 417
58.221.95.50 - - [09/Nov/2022:12:18:34 +0800] "GET /xingrg/all/function/internal_message.html?_=1667967505821&CODE_STATE=getMsg HTTP/1.1" 200 27
218.81.217.29 - - [09/Nov/2022:12:18:34 +0800] "GET /xingrg/check_reg.html?_=1667967530628 HTTP/1.1" 200 22
114.83.219.57 - - [09/Nov/2022:12:18:39 +0800] "GET /xingrg/all/function/internal_message.html?_=1667967642016&CODE_STATE=getMsg HTTP/1.1" 200 27
180.162.229.95 - - [09/Nov/2022:12:18:40 +0800] "POST /xingrg/kc/buy/cgsh_order_operate.html HTTP/1.1" 200 37
116.238.139.35 - - [09/Nov/2022:12:18:44 +0800] "GET /xingrg/kc/base/wldb_order_operate.html?command=get_materiel&rest_code=00150&base_code=0010445&code=00101019071 HTTP/1.1" 200 472
101.85.95.132 - - [09/Nov/2022:12:18:44 +0800] "GET /xingrg/all/function/internal_message.html?_=1667967528475&CODE_STATE=getMsg HTTP/1.1" 200 27
61.170.233.146 - - [09/Nov/2022:12:18:47 +0800] "GET /xingrg/kc/buy/cgsh_order_operate.html?command=get_materiel&rest_code=00106&code=00101001038&supplier_code=00100090&order_time=2022-11-09 HTTP/1.1" 200 424
58.40.7.146 - - [09/Nov/2022:12:18:48 +0800] "GET /xingrg/all/function/internal_message.html?_=1667967534246&CODE_STATE=getMsg HTTP/1.1" 200 27
114.95.46.117 - - [09/Nov/2022:12:18:48 +0800] "GET /xingrg/kc/buy/cgsh_order_add.html HTTP/1.1" 200 69349
114.95.46.117 - - [09/Nov/2022:12:18:49 +0800] "GET /xingrg/words/20221109120913_words.js HTTP/1.1" 304 -
114.95.46.117 - - [09/Nov/2022:12:18:49 +0800] "POST /xingrg/kc/buy/cgsh_order_operate.html HTTP/1.1" 200 8245
114.95.46.117 - - [09/Nov/2022:12:18:49 +0800] "GET /xingrg/javascript/easyui/themes/default/validatebox.css HTTP/1.1" 404 1104
116.230.105.139 - - [09/Nov/2022:12:18:54 +0800] "GET /xingrg/all/function/internal_message.html?_=1667967533778&CODE_STATE=getMsg HTTP/1.1" 200 27
114.88.159.190 - - [09/Nov/2022:12:18:56 +0800] "GET /xingrg/kc/buy/cgsh_order_operate.html?command=get_materiel&rest_code=00141&code=00101006036&supplier_code=00100547&order_time=2022-11-09 HTTP/1.1" 200 417
114.88.159.190 - - [09/Nov/2022:12:18:56 +0800] "GET /xingrg/all/function/internal_message.html?_=1667967155474&CODE_STATE=getMsg HTTP/1.1" 200 27
61.170.233.146 - - [09/Nov/2022:12:19:01 +0800] "GET /xingrg/kc/buy/cgsh_order_operate.html?command=get_materiel&rest_code=00106&code=00101001148&supplier_code=00100090&order_time=2022-11-09 HTTP/1.1" 200 409
114.95.46.117 - - [09/Nov/2022:12:19:03 +0800] "GET /xingrg/all/function/internal_message.html?_=1667967399541&CODE_STATE=getMsg HTTP/1.1" 200 27
116.235.93.82 - - [09/Nov/2022:12:19:04 +0800] "GET /xingrg/all/function/internal_message.html?_=1667967763886&CODE_STATE=getMsg HTTP/1.1" 200 27
61.170.233.146 - - [09/Nov/2022:12:19:05 +0800] "GET /xingrg/check_reg.html?_=1667967550439 HTTP/1.1" 200 22
61.170.233.146 - - [09/Nov/2022:12:19:06 +0800] "GET /xingrg/all/function/internal_message.html?_=1667967553754&CODE_STATE=getMsg HTTP/1.1" 200 27
114.95.46.117 - - [09/Nov/2022:12:19:07 +0800] "GET /xingrg/kc/buy/cgsh_order_operate.html?command=get_materiel&rest_code=00105&code=00101003037&supplier_code=00100088&order_time=2022-11-09 HTTP/1.1" 200 417
61.170.233.146 - - [09/Nov/2022:12:19:10 +0800] "GET /xingrg/all/function/internal_message.html?_=1667967554962&CODE_STATE=getMsg HTTP/1.1" 200 27
114.88.159.190 - - [09/Nov/2022:12:19:10 +0800] "POST /xingrg/kc/buy/cgsh_order_operate.html HTTP/1.1" 200 12
218.81.217.29 - - [09/Nov/2022:12:19:11 +0800] "GET /xingrg/all/function/internal_message.html?_=1667967567692&CODE_STATE=getMsg HTTP/1.1" 200 27
114.88.159.190 - - [09/Nov/2022:12:19:17 +0800] "POST /xingrg/kc/buy/cgsh_list_operate.html HTTP/1.1" 200 5780
114.83.219.194 - - [09/Nov/2022:12:19:17 +0800] "GET /xingrg/all/function/internal_message.html?_=1667967562773&CODE_STATE=getMsg HTTP/1.1" 200 27
116.238.139.35 - - [09/Nov/2022:12:19:18 +0800] "POST /xingrg/kc/base/wldb_order_operate.html HTTP/1.1" 200 37
116.238.139.35 - - [09/Nov/2022:12:19:19 +0800] "POST /xingrg/kc/base/wldb_order_operate.html HTTP/1.1" 200 2721
116.238.139.35 - - [09/Nov/2022:12:19:19 +0800] "GET /xingrg/kc/base/wldb_order_info.html?code=422022110900674 HTTP/1.1" 200 30315
116.238.139.35 - - [09/Nov/2022:12:19:19 +0800] "GET /xingrg/words/20221109120913_words.js HTTP/1.1" 304 -
116.238.139.35 - - [09/Nov/2022:12:19:19 +0800] "GET /xingrg/javascript/easyui/themes/default/validatebox.css HTTP/1.1" 404 1104
116.238.139.35 - - [09/Nov/2022:12:19:20 +0800] "POST /xingrg/kc/base/wldb_order_operate.html HTTP/1.1" 200 2721
120.253.135.82 - - [09/Nov/2022:12:19:20 +0800] "GET /xingrg/all/function/internal_message.html?_=1667967364550&CODE_STATE=getMsg HTTP/1.1" 200 27
180.169.147.146 - - [09/Nov/2022:12:19:21 +0800] "GET /xingrg/all/function/internal_message.html?_=1667967566743&CODE_STATE=getMsg HTTP/1.1" 200 27
114.84.81.136 - - [09/Nov/2022:12:19:22 +0800] "GET /xingrg/all/function/internal_message.html?_=1667967568703&CODE_STATE=getMsg HTTP/1.1" 200 27
116.238.139.35 - - [09/Nov/2022:12:19:22 +0800] "GET /xingrg/kc/mdqp/pssh_order_list.html HTTP/1.1" 200 17758
116.238.139.35 - - [09/Nov/2022:12:19:23 +0800] "POST /xingrg/kc/mdqp/pssh_list_operate.html HTTP/1.1" 200 5469
116.238.139.35 - - [09/Nov/2022:12:19:24 +0800] "POST /xingrg/kc/mdqp/pssh_list_operate.html HTTP/1.1" 200 376
116.238.139.35 - - [09/Nov/2022:12:19:25 +0800] "GET /xingrg/kc/mdqp/pssh_order_info.html?code=312022110900210 HTTP/1.1" 200 17301
116.238.139.35 - - [09/Nov/2022:12:19:25 +0800] "GET /xingrg/javascript/jquery_tools/jquery-1.4.2.min.js HTTP/1.1" 404 1094
116.238.139.35 - - [09/Nov/2022:12:19:26 +0800] "GET /xingrg/javascript/easyui/themes/icons/back_new.png HTTP/1.1" 304 -
116.238.139.35 - - [09/Nov/2022:12:19:26 +0800] "POST /xingrg/kc/mdqp/pssh_order_operate.html HTTP/1.1" 200 1092
