116.238.139.35 - - [09/Nov/2022:12:19:26 +0800] "GET /xingrg/javascript/easyui/themes/default/validatebox.css HTTP/1.1" 404 1104
116.238.139.35 - - [09/Nov/2022:12:19:26 +0800] "GET /xingrg/all/common/auto_word.html?type=base&rest_code=00150&rest_code=00150 HTTP/1.1" 200 1799
180.162.109.76 - - [09/Nov/2022:12:19:26 +0800] "GET /xingrg/all/function/internal_message.html?_=1667966629200&CODE_STATE=getMsg HTTP/1.1" 200 27
180.162.109.76 - - [09/Nov/2022:12:19:26 +0800] "GET /xingrg/check_reg.html?_=1667966629203 HTTP/1.1" 200 22
180.169.147.146 - - [09/Nov/2022:12:19:26 +0800] "GET /xingrg/all/function/internal_message.html?_=1667967572813&CODE_STATE=getMsg HTTP/1.1" 200 27
116.230.105.139 - - [09/Nov/2022:12:19:27 +0800] "GET /xingrg/all/function/internal_message.html?_=1667967573508&CODE_STATE=getMsg HTTP/1.1" 200 27
116.238.139.35 - - [09/Nov/2022:12:19:30 +0800] "GET /xingrg/css/images/panel_loading.gif HTTP/1.1" 304 -
116.238.139.35 - - [09/Nov/2022:12:19:30 +0800] "POST /xingrg/all/common/load_combo.html?type=employee HTTP/1.1" 200 280
61.170.233.146 - - [09/Nov/2022:12:19:30 +0800] "POST /xingrg/kc/buy/cgsh_order_operate.html HTTP/1.1" 200 37
116.238.139.35 - - [09/Nov/2022:12:19:31 +0800] "GET /xingrg/all/function/internal_message.html?_=1667967499694&CODE_STATE=getMsg HTTP/1.1" 200 27
116.238.139.35 - - [09/Nov/2022:12:19:33 +0800] "POST /xingrg/kc/mdqp/pssh_order_operate.html HTTP/1.1" 200 37
61.170.233.146 - - [09/Nov/2022:12:19:34 +0800] "POST /xingrg/kc/buy/cgsh_order_operate.html HTTP/1.1" 200 12
58.221.95.50 - - [09/Nov/2022:12:19:34 +0800] "GET /xingrg/all/function/internal_message.html?_=1667967565834&CODE_STATE=getMsg HTTP/1.1" 200 27
116.238.139.35 - - [09/Nov/2022:12:19:34 +0800] "POST /xingrg/kc/mdqp/pssh_order_operate.html HTTP/1.1" 200 12
61.170.233.146 - - [09/Nov/2022:12:19:35 +0800] "GET /xingrg/kc/buy/cgsh_order_info.html?code=212022110902831 HTTP/1.1" 200 64168
116.238.139.35 - - [09/Nov/2022:12:19:35 +0800] "GET /xingrg/kc/mdqp/pssh_order_info.html?code=312022110900210 HTTP/1.1" 200 14392
116.238.139.35 - - [09/Nov/2022:12:19:35 +0800] "GET /xingrg/javascript/jquery_tools/jquery-1.4.2.min.js HTTP/1.1" 404 1094
61.170.233.146 - - [09/Nov/2022:12:19:35 +0800] "GET /xingrg/words/20221109120913_words.js HTTP/1.1" 304 -
61.170.233.146 - - [09/Nov/2022:12:19:35 +0800] "GET /xingrg/javascript/easyui/themes/default/validatebox.css HTTP/1.1" 404 1104
116.238.139.35 - - [09/Nov/2022:12:19:35 +0800] "GET /xingrg/javascript/easyui/themes/icons/uncheck_new.png HTTP/1.1" 304 -
116.238.139.35 - - [09/Nov/2022:12:19:35 +0800] "POST /xingrg/kc/mdqp/pssh_order_operate.html HTTP/1.1" 200 1092
116.238.139.35 - - [09/Nov/2022:12:19:35 +0800] "GET /xingrg/javascript/easyui/themes/default/validatebox.css HTTP/1.1" 404 1104
61.170.233.146 - - [09/Nov/2022:12:19:36 +0800] "POST /xingrg/kc/buy/cgsh_order_operate.html HTTP/1.1" 200 2408
116.238.139.35 - - [09/Nov/2022:12:19:37 +0800] "GET /xingrg/kc/print/load_config.html?kc_code=pssh HTTP/1.1" 200 2291
116.238.139.35 - - [09/Nov/2022:12:19:37 +0800] "GET /xingrg/kc/print/load_data.html?order_code=312022110900210&kc_code=pssh&condition= HTTP/1.1" 200 890
61.170.233.146 - - [09/Nov/2022:12:19:38 +0800] "GET /xingrg/kc/print/load_config.html?kc_code=cgsh HTTP/1.1" 200 1943
61.170.233.146 - - [09/Nov/2022:12:19:38 +0800] "GET /xingrg/kc/print/load_data.html?order_code=212022110902831&kc_code=cgsh&condition= HTTP/1.1" 200 1471
180.163.30.76 - - [09/Nov/2022:12:19:38 +0800] "GET /xingrg/all/function/internal_message.html?_=1667967494992&CODE_STATE=getMsg HTTP/1.1" 302 -
180.163.30.76 - - [09/Nov/2022:12:19:38 +0800] "GET /xingrg/login.html HTTP/1.1" 200 7641
114.83.219.57 - - [09/Nov/2022:12:19:39 +0800] "GET /xingrg/all/function/internal_message.html?_=1667967702027&CODE_STATE=getMsg HTTP/1.1" 200 27
114.83.219.57 - - [09/Nov/2022:12:19:39 +0800] "GET /xingrg/check_reg.html?_=1667967702028 HTTP/1.1" 200 22
61.170.233.146 - - [09/Nov/2022:12:19:43 +0800] "GET /xingrg/kc/buy/cgsh_order_add.html HTTP/1.1" 200 69261
61.170.233.146 - - [09/Nov/2022:12:19:44 +0800] "POST /xingrg/kc/buy/cgsh_order_operate.html HTTP/1.1" 200 8245
61.170.233.146 - - [09/Nov/2022:12:19:44 +0800] "GET /xingrg/javascript/easyui/themes/default/validatebox.css HTTP/1.1" 404 1104
101.85.95.132 - - [09/Nov/2022:12:19:44 +0800] "GET /xingrg/all/function/internal_message.html?_=1667967588477&CODE_STATE=getMsg HTTP/1.1" 200 27
116.238.139.35 - - [09/Nov/2022:12:19:45 +0800] "GET /xingrg/kc/base/wldb_order_list.html HTTP/1.1" 200 19066
114.95.46.117 - - [09/Nov/2022:12:19:45 +0800] "POST /xingrg/kc/buy/cgsh_order_operate.html HTTP/1.1" 200 37
116.238.139.35 - - [09/Nov/2022:12:19:46 +0800] "POST /xingrg/kc/base/wldb_list_operate.html HTTP/1.1" 200 1780
180.162.229.95 - - [09/Nov/2022:12:19:46 +0800] "POST /xingrg/kc/buy/cgsh_order_operate.html HTTP/1.1" 200 12
116.238.139.35 - - [09/Nov/2022:12:19:46 +0800] "POST /xingrg/kc/base/wldb_list_operate.html HTTP/1.1" 200 297
114.95.46.117 - - [09/Nov/2022:12:19:47 +0800] "POST /xingrg/kc/buy/cgsh_order_operate.html HTTP/1.1" 200 2665
116.238.139.35 - - [09/Nov/2022:12:19:47 +0800] "GET /xingrg/kc/base/wldb_order_info.html?code=422022110900674 HTTP/1.1" 200 30315
116.238.139.35 - - [09/Nov/2022:12:19:48 +0800] "GET /xingrg/javascript/easyui/themes/default/validatebox.css HTTP/1.1" 404 1104
58.40.7.146 - - [09/Nov/2022:12:19:48 +0800] "GET /xingrg/all/function/internal_message.html?_=1667967594250&CODE_STATE=getMsg HTTP/1.1" 200 27
116.238.139.35 - - [09/Nov/2022:12:19:48 +0800] "POST /xingrg/kc/base/wldb_order_operate.html HTTP/1.1" 200 2722
114.95.46.117 - - [09/Nov/2022:12:19:49 +0800] "GET /xingrg/kc/print/load_data.html?order_code=212022110902832&kc_code=cgsh&condition= HTTP/1.1" 200 744
61.170.233.146 - - [09/Nov/2022:12:19:52 +0800] "GET /xingrg/javascript/easyui/themes/default/tree.css HTTP/1.1" 404 1090
61.170.233.146 - - [09/Nov/2022:12:19:52 +0800] "POST /xingrg/all/common/load_tree.html?tree=supplier_tree_json&isDelete=1 HTTP/1.1" 200 69873
116.230.105.139 - - [09/Nov/2022:12:19:54 +0800] "GET /xingrg/all/function/internal_message.html?_=1667967593784&CODE_STATE=getMsg HTTP/1.1" 200 27
116.230.105.139 - - [09/Nov/2022:12:19:54 +0800] "GET /xingrg/check_reg.html?_=1667967593788 HTTP/1.1" 200 22
114.88.159.190 - - [09/Nov/2022:12:19:56 +0800] "GET /xingrg/check_reg.html?_=1667967215441 HTTP/1.1" 200 22
114.88.159.190 - - [09/Nov/2022:12:19:56 +0800] "GET /xingrg/all/function/internal_message.html?_=1667967215442&CODE_STATE=getMsg HTTP/1.1" 200 27
114.88.159.190 - - [09/Nov/2022:12:19:58 +0800] "GET /xingrg/kc/buy/cgsh_order_add.html HTTP/1.1" 200 69267
114.88.159.190 - - [09/Nov/2022:12:19:58 +0800] "POST /xingrg/kc/buy/cgsh_order_operate.html HTTP/1.1" 200 8245
114.88.159.190 - - [09/Nov/2022:12:19:58 +0800] "GET /xingrg/javascript/easyui/themes/default/validatebox.css HTTP/1.1" 404 1104
114.83.219.194 - - [09/Nov/2022:12:19:59 +0800] "POST /xingrg/kc/mdqp/pssh_list_operate.html HTTP/1.1" 200 814
114.95.46.117 - - [09/Nov/2022:12:20:03 +0800] "GET /xingrg/all/function/internal_message.html?_=1667967459530&CODE_STATE=getMsg HTTP/1.1" 200 27
180.162.229.95 - - [09/Nov/2022:12:20:03 +0800] "GET /xingrg/kc/buy/cgsh_order_info.html?code=212022110902830 HTTP/1.1" 200 64217
116.235.93.82 - - [09/Nov/2022:12:20:04 +0800] "GET /xingrg/all/function/internal_message.html?_=1667967823885&CODE_STATE=getMsg HTTP/1.1" 200 27
180.162.229.95 - - [09/Nov/2022:12:20:04 +0800] "GET /xingrg/javascript/easyui/themes/default/validatebox.css HTTP/1.1" 404 1104
180.162.229.95 - - [09/Nov/2022:12:20:05 +0800] "POST /xingrg/kc/buy/cgsh_order_operate.html HTTP/1.1" 200 614
114.95.46.117 - - [09/Nov/2022:12:20:05 +0800] "GET /xingrg/check_reg.html?_=1667967462160 HTTP/1.1" 200 22
61.170.233.146 - - [09/Nov/2022:12:20:06 +0800] "GET /xingrg/all/function/internal_message.html?_=1667967613748&CODE_STATE=getMsg HTTP/1.1" 200 27
116.238.139.35 - - [09/Nov/2022:12:20:08 +0800] "GET /xingrg/kc/base/wldb_order_operate.html?command=get_materiel&rest_code=00150&base_code=0010445&code=00101019339 HTTP/1.1" 200 469
180.162.229.95 - - [09/Nov/2022:12:20:09 +0800] "GET /xingrg/kc/print/load_data.html?order_code=212022110902830&kc_code=cgsh&condition= HTTP/1.1" 200 700
114.95.46.117 - - [09/Nov/2022:12:20:09 +0800] "GET /xingrg/kc/buy/cgsh_order_add.html HTTP/1.1" 200 69349
114.95.46.117 - - [09/Nov/2022:12:20:09 +0800] "GET /xingrg/words/20221109120913_words.js HTTP/1.1" 304 -
114.95.46.117 - - [09/Nov/2022:12:20:09 +0800] "POST /xingrg/kc/buy/cgsh_order_operate.html HTTP/1.1" 200 8245
114.95.46.117 - - [09/Nov/2022:12:20:10 +0800] "GET /xingrg/javascript/easyui/themes/default/validatebox.css HTTP/1.1" 404 1104
180.163.28.143 - - [09/Nov/2022:12:20:10 +0800] "GET /xingrg/all/function/internal_message.html?_=1667967554962&CODE_STATE=getMsg HTTP/1.1" 302 -
61.170.233.146 - - [09/Nov/2022:12:20:10 +0800] "GET /xingrg/all/function/internal_message.html?_=1667967614940&CODE_STATE=getMsg HTTP/1.1" 200 27
180.163.28.143 - - [09/Nov/2022:12:20:10 +0800] "GET /xingrg/login.html HTTP/1.1" 200 7641
218.81.217.29 - - [09/Nov/2022:12:20:11 +0800] "GET /xingrg/all/function/internal_message.html?_=1667967627705&CODE_STATE=getMsg HTTP/1.1" 200 27
180.162.229.95 - - [09/Nov/2022:12:20:12 +0800] "GET /xingrg/kc/buy/cgsh_order_add.html HTTP/1.1" 200 69308
61.170.233.146 - - [09/Nov/2022:12:20:12 +0800] "GET /xingrg/kc/buy/cgsh_order_operate.html?command=get_materiel&rest_code=00106&code=00102002195&supplier_code=00100486&order_time=2022-11-09 HTTP/1.1" 200 413
180.162.229.95 - - [09/Nov/2022:12:20:12 +0800] "GET /xingrg/javascript/easyui/themes/default/validatebox.css HTTP/1.1" 404 1104
180.162.229.95 - - [09/Nov/2022:12:20:12 +0800] "POST /xingrg/kc/buy/cgsh_order_operate.html HTTP/1.1" 200 8245
116.238.139.35 - - [09/Nov/2022:12:20:15 +0800] "GET /xingrg/kc/base/wldb_order_operate.html?command=get_materiel&rest_code=00150&base_code=0010445&code=00101019297 HTTP/1.1" 200 478
114.83.219.194 - - [09/Nov/2022:12:20:17 +0800] "GET /xingrg/all/function/internal_message.html?_=1667967622751&CODE_STATE=getMsg HTTP/1.1" 200 27
120.253.135.82 - - [09/Nov/2022:12:20:20 +0800] "GET /xingrg/all/function/internal_message.html?_=1667967424564&CODE_STATE=getMsg HTTP/1.1" 200 27
180.169.147.146 - - [09/Nov/2022:12:20:21 +0800] "GET /xingrg/all/function/internal_message.html?_=1667967626741&CODE_STATE=getMsg HTTP/1.1" 200 27
114.84.81.136 - - [09/Nov/2022:12:20:22 +0800] "GET /xingrg/all/function/internal_message.html?_=1667967628703&CODE_STATE=getMsg HTTP/1.1" 200 27
61.170.233.146 - - [09/Nov/2022:12:20:25 +0800] "POST /xingrg/kc/buy/cgsh_order_operate.html HTTP/1.1" 200 37
116.238.139.35 - - [09/Nov/2022:12:20:25 +0800] "GET /xingrg/kc/base/wldb_order_operate.html?command=get_materiel&rest_code=00150&base_code=0010445&code=00101019543 HTTP/1.1" 200 470
180.162.109.76 - - [09/Nov/2022:12:20:26 +0800] "GET /xingrg/all/function/internal_message.html?_=1667966689201&CODE_STATE=getMsg HTTP/1.1" 200 27
180.169.147.146 - - [09/Nov/2022:12:20:26 +0800] "GET /xingrg/all/function/internal_message.html?_=1667967632818&CODE_STATE=getMsg HTTP/1.1" 200 27
116.230.105.139 - - [09/Nov/2022:12:20:27 +0800] "GET /xingrg/all/function/internal_message.html?_=1667967633523&CODE_STATE=getMsg HTTP/1.1" 200 27
116.238.139.35 - - [09/Nov/2022:12:20:31 +0800] "GET /xingrg/kc/base/wldb_order_operate.html?command=get_materiel&rest_code=00150&base_code=0010445&code=00101019282 HTTP/1.1" 200 458
116.238.139.35 - - [09/Nov/2022:12:20:32 +0800] "GET /xingrg/all/function/internal_message.html?_=1667967559719&CODE_STATE=getMsg HTTP/1.1" 200 27
61.170.233.146 - - [09/Nov/2022:12:20:32 +0800] "POST /xingrg/kc/buy/cgsh_order_operate.html HTTP/1.1" 200 12
58.221.95.50 - - [09/Nov/2022:12:20:34 +0800] "GET /xingrg/all/function/internal_message.html?_=1667967625888&CODE_STATE=getMsg HTTP/1.1" 200 27
114.88.159.190 - - [09/Nov/2022:12:20:35 +0800] "POST /xingrg/kc/buy/cgsh_order_operate.html HTTP/1.1" 200 37
114.95.46.117 - - [09/Nov/2022:12:20:35 +0800] "GET /xingrg/kc/buy/cgsh_order_operate.html?command=get_materiel&rest_code=00105&code=00101008654&supplier_code=00100327&order_time=2022-11-09 HTTP/1.1" 200 432
180.162.229.95 - - [09/Nov/2022:12:20:35 +0800] "GET /xingrg/kc/buy/cgsh_order_operate.html?command=get_materiel&rest_code=00102&code=00101003006&supplier_code=00100092&order_time=2022-11-08 HTTP/1.1" 200 432
61.170.233.146 - - [09/Nov/2022:12:20:35 +0800] "GET /xingrg/kc/buy/cgsh_order_info.html?code=212022110902833 HTTP/1.1" 200 64170
61.170.233.146 - - [09/Nov/2022:12:20:36 +0800] "GET /xingrg/javascript/easyui/themes/default/validatebox.css HTTP/1.1" 404 1104
61.170.233.146 - - [09/Nov/2022:12:20:36 +0800] "POST /xingrg/kc/buy/cgsh_order_operate.html HTTP/1.1" 200 610
114.88.159.190 - - [09/Nov/2022:12:20:37 +0800] "POST /xingrg/kc/buy/cgsh_order_operate.html HTTP/1.1" 200 2663
114.95.46.117 - - [09/Nov/2022:12:20:38 +0800] "POST /xingrg/all/common/load_select.html HTTP/1.1" 200 25
114.88.159.190 - - [09/Nov/2022:12:20:38 +0800] "GET /xingrg/kc/print/load_data.html?order_code=212022110902834&kc_code=cgsh&condition= HTTP/1.1" 200 665
61.170.233.146 - - [09/Nov/2022:12:20:39 +0800] "GET /xingrg/kc/print/load_data.html?order_code=212022110902833&kc_code=cgsh&condition= HTTP/1.1" 200 702
114.83.219.57 - - [09/Nov/2022:12:20:39 +0800] "GET /xingrg/all/function/internal_message.html?_=1667967762022&CODE_STATE=getMsg HTTP/1.1" 200 27
116.238.139.35 - - [09/Nov/2022:12:20:39 +0800] "GET /xingrg/kc/base/wldb_order_operate.html?command=get_materiel&rest_code=00150&base_code=0010445&code=00101019018 HTTP/1.1" 200 466
180.162.229.95 - - [09/Nov/2022:12:20:43 +0800] "POST /xingrg/kc/buy/cgsh_order_operate.html HTTP/1.1" 200 37
101.85.95.132 - - [09/Nov/2022:12:20:44 +0800] "GET /xingrg/all/function/internal_message.html?_=1667967648483&CODE_STATE=getMsg HTTP/1.1" 200 27
101.85.95.132 - - [09/Nov/2022:12:20:44 +0800] "GET /xingrg/check_reg.html?_=1667967648484 HTTP/1.1" 200 22
61.170.233.146 - - [09/Nov/2022:12:20:44 +0800] "GET /xingrg/kc/buy/cgsh_order_add.html HTTP/1.1" 200 69261
61.170.233.146 - - [09/Nov/2022:12:20:44 +0800] "GET /xingrg/words/20221109120913_words.js HTTP/1.1" 304 -
61.170.233.146 - - [09/Nov/2022:12:20:44 +0800] "POST /xingrg/kc/buy/cgsh_order_operate.html HTTP/1.1" 200 8245
61.170.233.146 - - [09/Nov/2022:12:20:44 +0800] "GET /xingrg/javascript/easyui/themes/default/validatebox.css HTTP/1.1" 404 1104
114.88.159.190 - - [09/Nov/2022:12:20:45 +0800] "GET /xingrg/kc/buy/cgsh_order_add.html HTTP/1.1" 200 69267
114.95.46.117 - - [09/Nov/2022:12:20:45 +0800] "GET /xingrg/kc/buy/cgsh_order_operate.html?command=get_materiel_price&rest_code=00105&code=00101008654&unit_code=00100110&supplier_code=00100327&order_time=2022-11-09 HTTP/1.1" 200 28
114.88.159.190 - - [09/Nov/2022:12:20:45 +0800] "POST /xingrg/kc/buy/cgsh_order_operate.html HTTP/1.1" 200 8245
114.88.159.190 - - [09/Nov/2022:12:20:45 +0800] "GET /xingrg/javascript/easyui/themes/default/validatebox.css HTTP/1.1" 404 1104
116.238.139.35 - - [09/Nov/2022:12:20:45 +0800] "POST /xingrg/all/common/load_select.html HTTP/1.1" 200 25
61.170.233.146 - - [09/Nov/2022:12:20:46 +0800] "GET /xingrg/javascript/easyui/themes/default/tree.css HTTP/1.1" 404 1090
61.170.233.146 - - [09/Nov/2022:12:20:46 +0800] "POST /xingrg/all/common/load_tree.html?tree=supplier_tree_json&isDelete=1 HTTP/1.1" 200 69873
116.238.139.35 - - [09/Nov/2022:12:20:47 +0800] "GET /xingrg/kc/base/wldb_order_operate.html?command=get_materiel_price&rest_code=00150&base_code=0010445&code=00101019018&unit_code=00100179 HTTP/1.1" 200 35
58.40.7.146 - - [09/Nov/2022:12:20:48 +0800] "GET /xingrg/all/function/internal_message.html?_=1667967654252&CODE_STATE=getMsg HTTP/1.1" 200 27
180.162.229.95 - - [09/Nov/2022:12:20:50 +0800] "POST /xingrg/kc/buy/cgsh_order_operate.html HTTP/1.1" 200 12
116.238.139.35 - - [09/Nov/2022:12:20:50 +0800] "POST /xingrg/kc/base/wldb_order_operate.html HTTP/1.1" 200 1710
180.162.229.95 - - [09/Nov/2022:12:20:51 +0800] "GET /xingrg/kc/buy/cgsh_order_info.html?code=212022110902835 HTTP/1.1" 200 64213
180.162.229.95 - - [09/Nov/2022:12:20:51 +0800] "GET /xingrg/javascript/easyui/themes/default/validatebox.css HTTP/1.1" 404 1104
180.162.229.95 - - [09/Nov/2022:12:20:52 +0800] "POST /xingrg/kc/buy/cgsh_order_operate.html HTTP/1.1" 200 613
180.162.229.95 - - [09/Nov/2022:12:20:53 +0800] "GET /xingrg/kc/print/load_data.html?order_code=212022110902835&kc_code=cgsh&condition= HTTP/1.1" 200 754
116.230.105.139 - - [09/Nov/2022:12:20:54 +0800] "GET /xingrg/all/function/internal_message.html?_=1667967653788&CODE_STATE=getMsg HTTP/1.1" 200 27
114.88.159.190 - - [09/Nov/2022:12:20:56 +0800] "GET /xingrg/all/function/internal_message.html?_=1667967275449&CODE_STATE=getMsg HTTP/1.1" 200 27
180.162.229.95 - - [09/Nov/2022:12:20:57 +0800] "GET /xingrg/all/function/internal_message.html?_=1667967682178&CODE_STATE=getMsg HTTP/1.1" 200 27
180.162.229.95 - - [09/Nov/2022:12:20:57 +0800] "GET /xingrg/kc/buy/cgsh_order_add.html HTTP/1.1" 200 69308
180.162.229.95 - - [09/Nov/2022:12:20:58 +0800] "POST /xingrg/kc/buy/cgsh_order_operate.html HTTP/1.1" 200 8245
180.162.229.95 - - [09/Nov/2022:12:20:58 +0800] "GET /xingrg/javascript/easyui/themes/default/validatebox.css HTTP/1.1" 404 1104
114.84.81.136 - - [09/Nov/2022:12:21:01 +0800] "POST /xingrg/services/DataTransmitService HTTP/1.1" 200 524
114.84.81.136 - - [09/Nov/2022:12:21:02 +0800] "POST /xingrg/services/DataTransmitService HTTP/1.1" 200 412
114.95.46.117 - - [09/Nov/2022:12:21:03 +0800] "GET /xingrg/all/function/internal_message.html?_=1667967519512&CODE_STATE=getMsg HTTP/1.1" 200 27
116.235.93.82 - - [09/Nov/2022:12:21:04 +0800] "GET /xingrg/all/function/internal_message.html?_=1667967883884&CODE_STATE=getMsg HTTP/1.1" 200 27
61.170.233.146 - - [09/Nov/2022:12:21:06 +0800] "GET /xingrg/all/function/internal_message.html?_=1667967673749&CODE_STATE=getMsg HTTP/1.1" 200 27
114.95.46.117 - - [09/Nov/2022:12:21:07 +0800] "GET /xingrg/kc/buy/cgsh_order_operate.html?command=get_materiel&rest_code=00105&code=00101010792&supplier_code=00100327&order_time=2022-11-09 HTTP/1.1" 200 410
61.170.233.146 - - [09/Nov/2022:12:21:10 +0800] "GET /xingrg/all/function/internal_message.html?_=1667967674923&CODE_STATE=getMsg HTTP/1.1" 200 27
61.170.233.146 - - [09/Nov/2022:12:21:11 +0800] "GET /xingrg/kc/buy/cgsh_order_operate.html?command=get_materiel&rest_code=00106&code=00101002002&supplier_code=00100087&order_time=2022-11-09 HTTP/1.1" 200 420
218.81.217.29 - - [09/Nov/2022:12:21:11 +0800] "GET /xingrg/all/function/internal_message.html?_=1667967687974&CODE_STATE=getMsg HTTP/1.1" 200 27
114.83.219.194 - - [09/Nov/2022:12:21:17 +0800] "GET /xingrg/all/function/internal_message.html?_=1667967682722&CODE_STATE=getMsg HTTP/1.1" 200 27
114.83.219.194 - - [09/Nov/2022:12:21:18 +0800] "GET /xingrg/check_reg.html?_=1667967684050 HTTP/1.1" 200 22
120.253.135.82 - - [09/Nov/2022:12:21:19 +0800] "GET /xingrg/check_reg.html?_=1667967483976 HTTP/1.1" 200 22
120.253.135.82 - - [09/Nov/2022:12:21:20 +0800] "GET /xingrg/all/function/internal_message.html?_=1667967484578&CODE_STATE=getMsg HTTP/1.1" 200 27
180.169.147.146 - - [09/Nov/2022:12:21:21 +0800] "GET /xingrg/all/function/internal_message.html?_=1667967686739&CODE_STATE=getMsg HTTP/1.1" 200 27
114.84.81.136 - - [09/Nov/2022:12:21:22 +0800] "GET /xingrg/all/function/internal_message.html?_=1667967688706&CODE_STATE=getMsg HTTP/1.1" 200 27
180.162.109.76 - - [09/Nov/2022:12:21:26 +0800] "GET /xingrg/all/function/internal_message.html?_=1667966749198&CODE_STATE=getMsg HTTP/1.1" 200 27
180.169.147.146 - - [09/Nov/2022:12:21:26 +0800] "GET /xingrg/all/function/internal_message.html?_=1667967692795&CODE_STATE=getMsg HTTP/1.1" 200 27
116.230.105.139 - - [09/Nov/2022:12:21:27 +0800] "GET /xingrg/all/function/internal_message.html?_=1667967693525&CODE_STATE=getMsg HTTP/1.1" 200 27
61.170.233.146 - - [09/Nov/2022:12:21:27 +0800] "POST /xingrg/kc/buy/cgsh_order_operate.html HTTP/1.1" 200 37
180.162.229.95 - - [09/Nov/2022:12:21:28 +0800] "GET /xingrg/kc/buy/cgsh_order_operate.html?command=get_materiel&rest_code=00102&code=00101003037&supplier_code=00100091&order_time=2022-11-08 HTTP/1.1" 200 417
114.88.159.190 - - [09/Nov/2022:12:21:30 +0800] "GET /xingrg/kc/buy/cgsh_order_operate.html?command=get_materiel&rest_code=00141&code=00102002167&supplier_code=00100494&order_time=2022-11-09 HTTP/1.1" 200 409
116.238.139.35 - - [09/Nov/2022:12:21:32 +0800] "GET /xingrg/all/function/internal_message.html?_=1667967619722&CODE_STATE=getMsg HTTP/1.1" 200 27
61.170.233.146 - - [09/Nov/2022:12:21:32 +0800] "POST /xingrg/kc/buy/cgsh_order_operate.html HTTP/1.1" 200 12
58.221.95.50 - - [09/Nov/2022:12:21:34 +0800] "GET /xingrg/all/function/internal_message.html?_=1667967685894&CODE_STATE=getMsg HTTP/1.1" 200 27
61.170.233.146 - - [09/Nov/2022:12:21:37 +0800] "GET /xingrg/kc/buy/cgsh_order_info.html?code=212022110902836 HTTP/1.1" 200 64164
61.170.233.146 - - [09/Nov/2022:12:21:37 +0800] "GET /xingrg/javascript/easyui/themes/default/validatebox.css HTTP/1.1" 404 1104
61.170.233.146 - - [09/Nov/2022:12:21:38 +0800] "POST /xingrg/kc/buy/cgsh_order_operate.html HTTP/1.1" 200 618
180.162.229.95 - - [09/Nov/2022:12:21:38 +0800] "GET /xingrg/kc/buy/cgsh_order_operate.html?command=get_materiel&rest_code=00102&code=00101002034&supplier_code=00100091&order_time=2022-11-08 HTTP/1.1" 200 409
114.83.219.57 - - [09/Nov/2022:12:21:39 +0800] "GET /xingrg/all/function/internal_message.html?_=1667967822019&CODE_STATE=getMsg HTTP/1.1" 200 27
61.170.233.146 - - [09/Nov/2022:12:21:43 +0800] "GET /xingrg/kc/print/load_data.html?order_code=212022110902836&kc_code=cgsh&condition= HTTP/1.1" 200 762
101.85.95.132 - - [09/Nov/2022:12:21:44 +0800] "GET /xingrg/all/function/internal_message.html?_=1667967708482&CODE_STATE=getMsg HTTP/1.1" 200 27
180.162.229.95 - - [09/Nov/2022:12:21:45 +0800] "POST /xingrg/kc/buy/cgsh_order_operate.html HTTP/1.1" 200 37
58.40.7.146 - - [09/Nov/2022:12:21:48 +0800] "GET /xingrg/all/function/internal_message.html?_=1667967714254&CODE_STATE=getMsg HTTP/1.1" 200 27
61.170.233.146 - - [09/Nov/2022:12:21:50 +0800] "GET /xingrg/kc/buy/cgsh_order_add.html HTTP/1.1" 200 69261
61.170.233.146 - - [09/Nov/2022:12:21:50 +0800] "POST /xingrg/kc/buy/cgsh_order_operate.html HTTP/1.1" 200 8245
61.170.233.146 - - [09/Nov/2022:12:21:50 +0800] "GET /xingrg/javascript/easyui/themes/default/validatebox.css HTTP/1.1" 404 1104
180.162.229.95 - - [09/Nov/2022:12:21:50 +0800] "POST /xingrg/kc/buy/cgsh_order_operate.html HTTP/1.1" 200 12
180.162.229.95 - - [09/Nov/2022:12:21:51 +0800] "GET /xingrg/kc/buy/cgsh_order_info.html?code=212022110902837 HTTP/1.1" 200 64215
114.95.46.117 - - [09/Nov/2022:12:21:52 +0800] "GET /xingrg/kc/buy/cgsh_order_operate.html?command=get_materiel&rest_code=00105&code=00101008486&supplier_code=00100327&order_time=2022-11-09 HTTP/1.1" 200 414
61.170.233.146 - - [09/Nov/2022:12:21:52 +0800] "GET /xingrg/javascript/easyui/themes/default/tree.css HTTP/1.1" 404 1090
61.170.233.146 - - [09/Nov/2022:12:21:52 +0800] "POST /xingrg/all/common/load_tree.html?tree=supplier_tree_json&isDelete=1 HTTP/1.1" 200 69873
180.162.229.95 - - [09/Nov/2022:12:21:52 +0800] "GET /xingrg/javascript/easyui/themes/default/validatebox.css HTTP/1.1" 404 1104
180.162.229.95 - - [09/Nov/2022:12:21:53 +0800] "POST /xingrg/kc/buy/cgsh_order_operate.html HTTP/1.1" 200 1206
116.230.105.139 - - [09/Nov/2022:12:21:54 +0800] "GET /xingrg/all/function/internal_message.html?_=1667967713781&CODE_STATE=getMsg HTTP/1.1" 200 27
180.162.229.95 - - [09/Nov/2022:12:21:55 +0800] "GET /xingrg/kc/print/load_data.html?order_code=212022110902837&kc_code=cgsh&condition= HTTP/1.1" 200 1005
114.88.159.190 - - [09/Nov/2022:12:21:56 +0800] "GET /xingrg/all/function/internal_message.html?_=1667967335462&CODE_STATE=getMsg HTTP/1.1" 200 27
180.162.229.95 - - [09/Nov/2022:12:21:57 +0800] "GET /xingrg/all/function/internal_message.html?_=1667967742160&CODE_STATE=getMsg HTTP/1.1" 200 27
180.162.229.95 - - [09/Nov/2022:12:21:58 +0800] "GET /xingrg/kc/buy/cgsh_order_add.html HTTP/1.1" 200 69308
180.162.229.95 - - [09/Nov/2022:12:21:59 +0800] "POST /xingrg/kc/buy/cgsh_order_operate.html HTTP/1.1" 200 8245
180.162.229.95 - - [09/Nov/2022:12:21:59 +0800] "GET /xingrg/javascript/easyui/themes/default/validatebox.css HTTP/1.1" 404 1104
114.95.46.117 - - [09/Nov/2022:12:22:03 +0800] "GET /xingrg/all/function/internal_message.html?_=1667967579505&CODE_STATE=getMsg HTTP/1.1" 200 27
116.235.93.82 - - [09/Nov/2022:12:22:04 +0800] "GET /xingrg/all/function/internal_message.html?_=1667967943883&CODE_STATE=getMsg HTTP/1.1" 200 27
61.170.233.146 - - [09/Nov/2022:12:22:06 +0800] "GET /xingrg/check_reg.html?_=1667967733756 HTTP/1.1" 200 22
61.170.233.146 - - [09/Nov/2022:12:22:06 +0800] "GET /xingrg/all/function/internal_message.html?_=1667967733759&CODE_STATE=getMsg HTTP/1.1" 200 27
61.170.233.146 - - [09/Nov/2022:12:22:06 +0800] "GET /xingrg/kc/buy/cgsh_order_operate.html?command=get_materiel&rest_code=00106&code=00101004051&supplier_code=00100312&order_time=2022-11-09 HTTP/1.1" 200 410
116.238.139.35 - - [09/Nov/2022:12:22:06 +0800] "GET /xingrg/check_reg.html?_=1667967732598 HTTP/1.1" 200 22
180.162.229.95 - - [09/Nov/2022:12:22:07 +0800] "GET /xingrg/kc/buy/cgsh_order_operate.html?command=get_materiel&rest_code=00102&code=00101004034&supplier_code=00100085&order_time=2022-11-08 HTTP/1.1" 200 418
180.163.30.100 - - [09/Nov/2022:12:22:10 +0800] "GET /xingrg/all/function/internal_message.html?_=1667967674923&CODE_STATE=getMsg HTTP/1.1" 302 -
180.163.30.100 - - [09/Nov/2022:12:22:10 +0800] "GET /xingrg/login.html HTTP/1.1" 200 7641
61.170.233.146 - - [09/Nov/2022:12:22:10 +0800] "GET /xingrg/all/function/internal_message.html?_=1667967734897&CODE_STATE=getMsg HTTP/1.1" 200 27
116.238.139.35 - - [09/Nov/2022:12:22:11 +0800] "GET /xingrg/kc/base/wldb_order_operate.html?command=get_materiel&rest_code=00150&base_code=0010445&code=00101016086 HTTP/1.1" 200 467
218.81.217.29 - - [09/Nov/2022:12:22:11 +0800] "GET /xingrg/all/function/internal_message.html?_=1667967747983&CODE_STATE=getMsg HTTP/1.1" 200 27
116.238.139.35 - - [09/Nov/2022:12:22:14 +0800] "POST /xingrg/all/common/load_select.html HTTP/1.1" 200 25
116.238.139.35 - - [09/Nov/2022:12:22:15 +0800] "GET /xingrg/kc/base/wldb_order_operate.html?command=get_materiel_price&rest_code=00150&base_code=0010445&code=00101016086&unit_code=00100138 HTTP/1.1" 200 38
114.95.46.117 - - [09/Nov/2022:12:22:15 +0800] "GET /xingrg/kc/buy/cgsh_order_operate.html?command=get_materiel&rest_code=00105&code=00101015060&supplier_code=00100327&order_time=2022-11-09 HTTP/1.1" 200 413
114.83.219.194 - - [09/Nov/2022:12:22:17 +0800] "GET /xingrg/all/function/internal_message.html?_=1667967742694&CODE_STATE=getMsg HTTP/1.1" 200 27
180.162.229.95 - - [09/Nov/2022:12:22:18 +0800] "POST /xingrg/kc/buy/cgsh_order_operate.html HTTP/1.1" 200 37
120.253.135.82 - - [09/Nov/2022:12:22:20 +0800] "GET /xingrg/all/function/internal_message.html?_=1667967544591&CODE_STATE=getMsg HTTP/1.1" 200 27
180.162.229.95 - - [09/Nov/2022:12:22:21 +0800] "POST /xingrg/kc/buy/cgsh_order_operate.html HTTP/1.1" 200 12
180.169.147.146 - - [09/Nov/2022:12:22:21 +0800] "GET /xingrg/all/function/internal_message.html?_=1667967746737&CODE_STATE=getMsg HTTP/1.1" 200 27
180.162.229.95 - - [09/Nov/2022:12:22:22 +0800] "GET /xingrg/kc/buy/cgsh_order_info.html?code=212022110902838 HTTP/1.1" 200 64213
114.84.81.136 - - [09/Nov/2022:12:22:22 +0800] "GET /xingrg/all/function/internal_message.html?_=1667967748706&CODE_STATE=getMsg HTTP/1.1" 200 27
180.162.229.95 - - [09/Nov/2022:12:22:22 +0800] "GET /xingrg/javascript/easyui/themes/default/validatebox.css HTTP/1.1" 404 1104
180.162.229.95 - - [09/Nov/2022:12:22:23 +0800] "POST /xingrg/kc/buy/cgsh_order_operate.html HTTP/1.1" 200 614
180.162.229.95 - - [09/Nov/2022:12:22:24 +0800] "GET /xingrg/kc/print/load_data.html?order_code=212022110902838&kc_code=cgsh&condition= HTTP/1.1" 200 760
180.162.109.76 - - [09/Nov/2022:12:22:26 +0800] "GET /xingrg/all/function/internal_message.html?_=1667966809212&CODE_STATE=getMsg HTTP/1.1" 200 27
180.162.229.95 - - [09/Nov/2022:12:22:26 +0800] "GET /xingrg/kc/buy/cgsh_order_add.html HTTP/1.1" 200 69308
180.169.147.146 - - [09/Nov/2022:12:22:26 +0800] "GET /xingrg/all/function/internal_message.html?_=1667967752791&CODE_STATE=getMsg HTTP/1.1" 200 27
180.162.229.95 - - [09/Nov/2022:12:22:27 +0800] "POST /xingrg/kc/buy/cgsh_order_operate.html HTTP/1.1" 200 8245
180.162.229.95 - - [09/Nov/2022:12:22:27 +0800] "GET /xingrg/javascript/easyui/themes/default/validatebox.css HTTP/1.1" 404 1104
116.230.105.139 - - [09/Nov/2022:12:22:27 +0800] "GET /xingrg/all/function/internal_message.html?_=1667967753519&CODE_STATE=getMsg HTTP/1.1" 200 27
116.238.139.35 - - [09/Nov/2022:12:22:31 +0800] "GET /xingrg/kc/base/wldb_order_operate.html?command=get_materiel&rest_code=00150&base_code=0010445&code=00101019164 HTTP/1.1" 200 464
116.238.139.35 - - [09/Nov/2022:12:22:32 +0800] "GET /xingrg/all/function/internal_message.html?_=1667967679747&CODE_STATE=getMsg HTTP/1.1" 200 27
114.95.46.117 - - [09/Nov/2022:12:22:34 +0800] "GET /xingrg/kc/buy/cgsh_order_operate.html?command=get_materiel&rest_code=00105&code=00101015100&supplier_code=00100327&order_time=2022-11-09 HTTP/1.1" 200 426
58.221.95.50 - - [09/Nov/2022:12:22:34 +0800] "GET /xingrg/all/function/internal_message.html?_=1667967745945&CODE_STATE=getMsg HTTP/1.1" 200 27
180.162.229.95 - - [09/Nov/2022:12:22:34 +0800] "GET /xingrg/kc/buy/cgsh_order_operate.html?command=get_materiel&rest_code=00102&code=00101002009&supplier_code=00100088&order_time=2022-11-08 HTTP/1.1" 200 416
61.170.233.146 - - [09/Nov/2022:12:22:35 +0800] "GET /xingrg/kc/buy/cgsh_order_operate.html?command=get_materiel&rest_code=00106&code=00101004046&supplier_code=00100312&order_time=2022-11-09 HTTP/1.1" 200 417
116.238.139.35 - - [09/Nov/2022:12:22:38 +0800] "GET /xingrg/kc/base/wldb_order_operate.html?command=get_materiel&rest_code=00150&base_code=0010445&code=00101019185 HTTP/1.1" 200 469
114.83.219.57 - - [09/Nov/2022:12:22:39 +0800] "GET /xingrg/all/function/internal_message.html?_=1667967882007&CODE_STATE=getMsg HTTP/1.1" 200 27
116.238.139.35 - - [09/Nov/2022:12:22:44 +0800] "GET /xingrg/kc/base/wldb_order_operate.html?command=get_materiel&rest_code=00150&base_code=0010445&code=00101019258 HTTP/1.1" 200 482
101.85.95.132 - - [09/Nov/2022:12:22:44 +0800] "GET /xingrg/all/function/internal_message.html?_=1667967768481&CODE_STATE=getMsg HTTP/1.1" 200 27
180.162.229.95 - - [09/Nov/2022:12:22:47 +0800] "POST /xingrg/kc/buy/cgsh_order_operate.html HTTP/1.1" 200 37
58.40.7.146 - - [09/Nov/2022:12:22:48 +0800] "GET /xingrg/check_reg.html?_=1667967774255 HTTP/1.1" 200 22
58.40.7.146 - - [09/Nov/2022:12:22:48 +0800] "GET /xingrg/all/function/internal_message.html?_=1667967774257&CODE_STATE=getMsg HTTP/1.1" 200 27
61.170.233.146 - - [09/Nov/2022:12:22:51 +0800] "GET /xingrg/kc/buy/cgsh_order_operate.html?command=get_materiel&rest_code=00106&code=00101004067&supplier_code=00100312&order_time=2022-11-09 HTTP/1.1" 200 415
116.238.139.35 - - [09/Nov/2022:12:22:53 +0800] "GET /xingrg/kc/base/wldb_order_operate.html?command=get_materiel&rest_code=00150&base_code=0010445&code=00101019063 HTTP/1.1" 200 462
116.230.105.139 - - [09/Nov/2022:12:22:54 +0800] "GET /xingrg/all/function/internal_message.html?_=1667967773779&CODE_STATE=getMsg HTTP/1.1" 200 27
114.88.159.190 - - [09/Nov/2022:12:22:56 +0800] "GET /xingrg/all/function/internal_message.html?_=1667967395456&CODE_STATE=getMsg HTTP/1.1" 200 27
116.238.139.35 - - [09/Nov/2022:12:22:56 +0800] "POST /xingrg/kc/base/wldb_order_operate.html HTTP/1.1" 200 1710
114.95.46.117 - - [09/Nov/2022:12:22:57 +0800] "POST /xingrg/kc/buy/cgsh_order_operate.html HTTP/1.1" 200 37
114.95.46.117 - - [09/Nov/2022:12:23:03 +0800] "POST /xingrg/kc/buy/cgsh_order_operate.html HTTP/1.1" 200 4458
114.95.46.117 - - [09/Nov/2022:12:23:03 +0800] "GET /xingrg/all/function/internal_message.html?_=1667967639466&CODE_STATE=getMsg HTTP/1.1" 200 27
116.235.93.82 - - [09/Nov/2022:12:23:04 +0800] "GET /xingrg/check_reg.html?_=1667968003882 HTTP/1.1" 200 22
116.235.93.82 - - [09/Nov/2022:12:23:04 +0800] "GET /xingrg/all/function/internal_message.html?_=1667968003883&CODE_STATE=getMsg HTTP/1.1" 200 27
114.95.46.117 - - [09/Nov/2022:12:23:04 +0800] "GET /xingrg/kc/print/load_data.html?order_code=212022110902840&kc_code=cgsh&condition= HTTP/1.1" 200 1371
58.221.95.50 - - [09/Nov/2022:12:23:05 +0800] "GET /xingrg/check_reg.html?_=1667967776530 HTTP/1.1" 200 22
116.238.139.35 - - [09/Nov/2022:12:23:05 +0800] "GET /xingrg/kc/base/wldb_order_operate.html?command=get_materiel&rest_code=00150&base_code=0010445&code=00101019208 HTTP/1.1" 200 454
61.170.233.146 - - [09/Nov/2022:12:23:06 +0800] "GET /xingrg/all/function/internal_message.html?_=1667967793743&CODE_STATE=getMsg HTTP/1.1" 200 27
61.170.233.146 - - [09/Nov/2022:12:23:08 +0800] "GET /xingrg/kc/buy/cgsh_order_operate.html?command=get_materiel&rest_code=00106&code=00101004030&supplier_code=00100312&order_time=2022-11-09 HTTP/1.1" 200 408
61.170.233.146 - - [09/Nov/2022:12:23:10 +0800] "GET /xingrg/all/function/internal_message.html?_=1667967794877&CODE_STATE=getMsg HTTP/1.1" 200 27
180.163.29.103 - - [09/Nov/2022:12:23:10 +0800] "GET /xingrg/all/function/internal_message.html?_=1667967734897&CODE_STATE=getMsg HTTP/1.1" 302 -
180.163.29.103 - - [09/Nov/2022:12:23:10 +0800] "GET /xingrg/login.html HTTP/1.1" 200 7641
116.238.139.35 - - [09/Nov/2022:12:23:10 +0800] "GET /xingrg/kc/base/wldb_order_operate.html?command=get_materiel&rest_code=00150&base_code=0010445&code=00101019210 HTTP/1.1" 200 453
218.81.217.29 - - [09/Nov/2022:12:23:12 +0800] "GET /xingrg/all/function/internal_message.html?_=1667967808258&CODE_STATE=getMsg HTTP/1.1" 200 27
116.238.139.35 - - [09/Nov/2022:12:23:17 +0800] "GET /xingrg/check_reg.html?_=1667967724772 HTTP/1.1" 200 22
114.83.219.194 - - [09/Nov/2022:12:23:17 +0800] "GET /xingrg/all/function/internal_message.html?_=1667967802679&CODE_STATE=getMsg HTTP/1.1" 200 27
120.253.135.82 - - [09/Nov/2022:12:23:20 +0800] "GET /xingrg/all/function/internal_message.html?_=1667967604604&CODE_STATE=getMsg HTTP/1.1" 200 27
180.169.147.146 - - [09/Nov/2022:12:23:21 +0800] "GET /xingrg/all/function/internal_message.html?_=1667967806735&CODE_STATE=getMsg HTTP/1.1" 200 27
180.169.147.146 - - [09/Nov/2022:12:23:21 +0800] "GET /xingrg/check_reg.html?_=1667967806736 HTTP/1.1" 200 22
114.84.81.136 - - [09/Nov/2022:12:23:22 +0800] "GET /xingrg/check_reg.html?_=1667967808706 HTTP/1.1" 200 22
114.84.81.136 - - [09/Nov/2022:12:23:22 +0800] "GET /xingrg/all/function/internal_message.html?_=1667967808708&CODE_STATE=getMsg HTTP/1.1" 200 27
180.162.109.76 - - [09/Nov/2022:12:23:26 +0800] "GET /xingrg/all/function/internal_message.html?_=1667966869210&CODE_STATE=getMsg HTTP/1.1" 200 27
180.169.147.146 - - [09/Nov/2022:12:23:26 +0800] "GET /xingrg/check_reg.html?_=1667967812785 HTTP/1.1" 200 22
180.169.147.146 - - [09/Nov/2022:12:23:26 +0800] "GET /xingrg/all/function/internal_message.html?_=1667967812787&CODE_STATE=getMsg HTTP/1.1" 200 27
116.230.105.139 - - [09/Nov/2022:12:23:27 +0800] "GET /xingrg/check_reg.html?_=1667967813509 HTTP/1.1" 200 22
116.230.105.139 - - [09/Nov/2022:12:23:27 +0800] "GET /xingrg/all/function/internal_message.html?_=1667967813512&CODE_STATE=getMsg HTTP/1.1" 200 27
116.238.139.35 - - [09/Nov/2022:12:23:32 +0800] "GET /xingrg/all/function/internal_message.html?_=1667967739763&CODE_STATE=getMsg HTTP/1.1" 200 27
116.238.139.35 - - [09/Nov/2022:12:23:33 +0800] "POST /xingrg/kc/base/wldb_order_operate.html HTTP/1.1" 200 37
218.81.217.29 - - [09/Nov/2022:12:23:34 +0800] "GET /xingrg/check_reg.html?_=1667967830635 HTTP/1.1" 200 22
58.221.95.50 - - [09/Nov/2022:12:23:34 +0800] "GET /xingrg/all/function/internal_message.html?_=1667967805950&CODE_STATE=getMsg HTTP/1.1" 200 27
116.238.139.35 - - [09/Nov/2022:12:23:36 +0800] "POST /xingrg/kc/base/wldb_order_operate.html HTTP/1.1" 200 12
116.238.139.35 - - [09/Nov/2022:12:23:36 +0800] "POST /xingrg/kc/base/wldb_order_operate.html HTTP/1.1" 200 8744
61.170.233.146 - - [09/Nov/2022:12:23:38 +0800] "POST /xingrg/kc/buy/cgsh_order_operate.html HTTP/1.1" 200 37
114.83.219.57 - - [09/Nov/2022:12:23:39 +0800] "GET /xingrg/all/function/internal_message.html?_=1667967942021&CODE_STATE=getMsg HTTP/1.1" 200 27
61.170.233.146 - - [09/Nov/2022:12:23:41 +0800] "POST /xingrg/kc/buy/cgsh_order_operate.html HTTP/1.1" 200 12
61.170.233.146 - - [09/Nov/2022:12:23:42 +0800] "GET /xingrg/kc/buy/cgsh_order_info.html?code=212022110902841 HTTP/1.1" 200 64168
61.170.233.146 - - [09/Nov/2022:12:23:42 +0800] "GET /xingrg/words/20221109120913_words.js HTTP/1.1" 304 -
61.170.233.146 - - [09/Nov/2022:12:23:42 +0800] "GET /xingrg/javascript/easyui/themes/default/validatebox.css HTTP/1.1" 404 1104
116.238.139.35 - - [09/Nov/2022:12:23:42 +0800] "GET /xingrg/kc/base/wldb_order_info.html?code=422022110900674 HTTP/1.1" 200 26182
116.238.139.35 - - [09/Nov/2022:12:23:43 +0800] "GET /xingrg/words/20221109120913_words.js HTTP/1.1" 304 -
116.238.139.35 - - [09/Nov/2022:12:23:43 +0800] "GET /xingrg/javascript/easyui/themes/default/validatebox.css HTTP/1.1" 404 1104
116.238.139.35 - - [09/Nov/2022:12:23:43 +0800] "POST /xingrg/kc/base/wldb_order_operate.html HTTP/1.1" 200 6873
61.170.233.146 - - [09/Nov/2022:12:23:43 +0800] "POST /xingrg/kc/buy/cgsh_order_operate.html HTTP/1.1" 200 2390
101.85.95.132 - - [09/Nov/2022:12:23:44 +0800] "GET /xingrg/all/function/internal_message.html?_=1667967828480&CODE_STATE=getMsg HTTP/1.1" 200 27
114.95.46.117 - - [09/Nov/2022:12:23:44 +0800] "GET /xingrg/kc/buy/cgsh_order_add.html HTTP/1.1" 200 69349
114.95.46.117 - - [09/Nov/2022:12:23:45 +0800] "GET /xingrg/words/20221109120913_words.js HTTP/1.1" 304 -
114.95.46.117 - - [09/Nov/2022:12:23:45 +0800] "POST /xingrg/kc/buy/cgsh_order_operate.html HTTP/1.1" 200 8245
114.95.46.117 - - [09/Nov/2022:12:23:45 +0800] "GET /xingrg/javascript/easyui/themes/default/validatebox.css HTTP/1.1" 404 1104
61.170.233.146 - - [09/Nov/2022:12:23:46 +0800] "GET /xingrg/kc/print/load_data.html?order_code=212022110902841&kc_code=cgsh&condition= HTTP/1.1" 200 1385
58.40.7.146 - - [09/Nov/2022:12:23:48 +0800] "GET /xingrg/all/function/internal_message.html?_=1667967834258&CODE_STATE=getMsg HTTP/1.1" 200 27
180.162.229.95 - - [09/Nov/2022:12:23:48 +0800] "POST /xingrg/kc/buy/cgsh_order_operate.html HTTP/1.1" 200 12
116.238.139.35 - - [09/Nov/2022:12:23:51 +0800] "GET /xingrg/kc/base/yddb_order_list.html HTTP/1.1" 200 16672
116.238.139.35 - - [09/Nov/2022:12:23:51 +0800] "POST /xingrg/kc/base/yddb_list_operate.html HTTP/1.1" 200 636
116.238.139.35 - - [09/Nov/2022:12:23:52 +0800] "GET /xingrg/kc/base/yddb_order_add.html HTTP/1.1" 200 29865
116.238.139.35 - - [09/Nov/2022:12:23:52 +0800] "GET /xingrg/dwr/interface/AjaxYddbService.js HTTP/1.1" 200 13201
116.238.139.35 - - [09/Nov/2022:12:23:52 +0800] "GET /xingrg/dwr/interface/AjaxComOrderService.js HTTP/1.1" 200 18264
116.238.139.35 - - [09/Nov/2022:12:23:52 +0800] "GET /xingrg/dwr/engine.js HTTP/1.1" 200 43631
180.162.229.95 - - [09/Nov/2022:12:23:53 +0800] "GET /xingrg/kc/buy/cgsh_order_info.html?code=212022110902839 HTTP/1.1" 200 64213
180.162.229.95 - - [09/Nov/2022:12:23:53 +0800] "GET /xingrg/javascript/easyui/themes/default/validatebox.css HTTP/1.1" 404 1104
116.230.105.139 - - [09/Nov/2022:12:23:54 +0800] "GET /xingrg/all/function/internal_message.html?_=1667967833775&CODE_STATE=getMsg HTTP/1.1" 200 27
180.162.229.95 - - [09/Nov/2022:12:23:54 +0800] "POST /xingrg/kc/buy/cgsh_order_operate.html HTTP/1.1" 200 617
116.238.139.35 - - [09/Nov/2022:12:23:54 +0800] "POST /xingrg/dwr/call/plaincall/AjaxYddbService.getRestBases.dwr HTTP/1.1" 200 1616
61.170.233.146 - - [09/Nov/2022:12:23:56 +0800] "GET /xingrg/kc/buy/cgsh_order_add.html HTTP/1.1" 200 69261
61.170.233.146 - - [09/Nov/2022:12:23:56 +0800] "POST /xingrg/kc/buy/cgsh_order_operate.html HTTP/1.1" 200 8245
61.170.233.146 - - [09/Nov/2022:12:23:56 +0800] "GET /xingrg/javascript/easyui/themes/default/validatebox.css HTTP/1.1" 404 1104
114.88.159.190 - - [09/Nov/2022:12:23:56 +0800] "GET /xingrg/all/function/internal_message.html?_=1667967455450&CODE_STATE=getMsg HTTP/1.1" 200 27
180.162.229.95 - - [09/Nov/2022:12:23:56 +0800] "GET /xingrg/kc/print/load_data.html?order_code=212022110902839&kc_code=cgsh&condition= HTTP/1.1" 200 782
180.162.229.95 - - [09/Nov/2022:12:23:57 +0800] "GET /xingrg/all/function/internal_message.html?_=1667967862433&CODE_STATE=getMsg HTTP/1.1" 200 27
180.162.229.95 - - [09/Nov/2022:12:23:59 +0800] "GET /xingrg/kc/buy/cgsh_order_add.html HTTP/1.1" 200 69308
180.162.229.95 - - [09/Nov/2022:12:23:59 +0800] "POST /xingrg/kc/buy/cgsh_order_operate.html HTTP/1.1" 200 8245
180.162.229.95 - - [09/Nov/2022:12:23:59 +0800] "GET /xingrg/javascript/easyui/themes/default/validatebox.css HTTP/1.1" 404 1104
116.238.139.35 - - [09/Nov/2022:12:24:00 +0800] "POST /xingrg/dwr/call/plaincall/AjaxYddbService.saveOrder.dwr HTTP/1.1" 200 78
116.238.139.35 - - [09/Nov/2022:12:24:01 +0800] "GET /xingrg/images/yd/bt.gif HTTP/1.1" 404 1040
61.170.233.146 - - [09/Nov/2022:12:24:01 +0800] "GET /xingrg/javascript/easyui/themes/default/tree.css HTTP/1.1" 404 1090
61.170.233.146 - - [09/Nov/2022:12:24:01 +0800] "POST /xingrg/all/common/load_tree.html?tree=supplier_tree_json&isDelete=1 HTTP/1.1" 200 69873
116.238.139.35 - - [09/Nov/2022:12:24:02 +0800] "POST /xingrg/dwr/call/plaincall/AjaxComOrderService.getMaterielSearchList.dwr HTTP/1.1" 200 26288
114.95.46.117 - - [09/Nov/2022:12:24:03 +0800] "GET /xingrg/all/function/internal_message.html?_=1667967699436&CODE_STATE=getMsg HTTP/1.1" 200 27
116.238.139.35 - - [09/Nov/2022:12:24:03 +0800] "POST /xingrg/dwr/call/plaincall/AjaxComOrderService.getMaterielSearchList.dwr HTTP/1.1" 200 6167
116.235.93.82 - - [09/Nov/2022:12:24:04 +0800] "GET /xingrg/all/function/internal_message.html?_=1667968063881&CODE_STATE=getMsg HTTP/1.1" 200 27
116.238.139.35 - - [09/Nov/2022:12:24:04 +0800] "POST /xingrg/dwr/call/plaincall/AjaxComOrderService.getMaterielSearchList.dwr HTTP/1.1" 200 429
116.238.139.35 - - [09/Nov/2022:12:24:05 +0800] "POST /xingrg/dwr/call/plaincall/AjaxYddbService.getMaterielByMap.dwr HTTP/1.1" 200 3876
61.170.233.146 - - [09/Nov/2022:12:24:05 +0800] "GET /xingrg/check_reg.html?_=1667967850434 HTTP/1.1" 200 22
61.170.233.146 - - [09/Nov/2022:12:24:06 +0800] "GET /xingrg/all/function/internal_message.html?_=1667967853762&CODE_STATE=getMsg HTTP/1.1" 200 27
116.238.139.35 - - [09/Nov/2022:12:24:08 +0800] "POST /xingrg/dwr/call/plaincall/AjaxYddbService.saveMaterielItem.dwr HTTP/1.1" 200 78
180.162.229.95 - - [09/Nov/2022:12:24:08 +0800] "GET /xingrg/kc/buy/cgsh_order_operate.html?command=get_materiel&rest_code=00102&code=00101003031&supplier_code=00100348&order_time=2022-11-08 HTTP/1.1" 200 427
180.163.29.219 - - [09/Nov/2022:12:24:09 +0800] "GET /xingrg/all/function/internal_message.html?_=1667967794877&CODE_STATE=getMsg HTTP/1.1" 302 -
61.170.233.146 - - [09/Nov/2022:12:24:09 +0800] "GET /xingrg/all/function/internal_message.html?_=1667967854851&CODE_STATE=getMsg HTTP/1.1" 200 27
180.163.29.219 - - [09/Nov/2022:12:24:10 +0800] "GET /xingrg/login.html HTTP/1.1" 200 7641
218.81.217.29 - - [09/Nov/2022:12:24:12 +0800] "GET /xingrg/all/function/internal_message.html?_=1667967868259&CODE_STATE=getMsg HTTP/1.1" 200 27
116.238.139.35 - - [09/Nov/2022:12:24:12 +0800] "POST /xingrg/dwr/call/plaincall/AjaxYddbService.checkOrder.dwr HTTP/1.1" 200 78
116.238.139.35 - - [09/Nov/2022:12:24:15 +0800] "GET /xingrg/kc/base/yddb_order_info.html?code=482022110900068 HTTP/1.1" 200 29612
116.238.139.35 - - [09/Nov/2022:12:24:15 +0800] "GET /xingrg/dwr/interface/AjaxComOrderService.js HTTP/1.1" 200 18264
116.238.139.35 - - [09/Nov/2022:12:24:15 +0800] "GET /xingrg/dwr/interface/AjaxYddbService.js HTTP/1.1" 200 13201
116.238.139.35 - - [09/Nov/2022:12:24:15 +0800] "GET /xingrg/dwr/engine.js HTTP/1.1" 200 43631
116.238.139.35 - - [09/Nov/2022:12:24:15 +0800] "POST /xingrg/dwr/call/plaincall/AjaxYddbService.loadMaterielItems.dwr HTTP/1.1" 200 397
180.162.229.95 - - [09/Nov/2022:12:24:16 +0800] "GET /xingrg/kc/buy/cgsh_order_operate.html?command=get_materiel&rest_code=00102&code=00101003013&supplier_code=00100348&order_time=2022-11-08 HTTP/1.1" 200 427
114.83.219.194 - - [09/Nov/2022:12:24:17 +0800] "GET /xingrg/all/function/internal_message.html?_=1667967862653&CODE_STATE=getMsg HTTP/1.1" 200 27
116.238.139.35 - - [09/Nov/2022:12:24:20 +0800] "POST /xingrg/all/user/operate.html HTTP/1.1" 200 36
120.253.135.82 - - [09/Nov/2022:12:24:20 +0800] "GET /xingrg/all/function/internal_message.html?_=1667967664668&CODE_STATE=getMsg HTTP/1.1" 200 27
116.238.139.35 - - [09/Nov/2022:12:24:20 +0800] "GET /xingrg/javascript/jquery_easy_ui/themes/default/easyui.css HTTP/1.1" 304 -
116.238.139.35 - - [09/Nov/2022:12:24:20 +0800] "GET /xingrg/index.html?sysBaseUrl=http%3A%2F%2F180.169.147.146%3A18081%2Fxingrg%2F&costTime=45×tamp=1667955676862 HTTP/1.1" 200 17177
116.238.139.35 - - [09/Nov/2022:12:24:20 +0800] "GET /xingrg/javascript/jquery_easy_ui/themes/icon.css HTTP/1.1" 304 -
116.238.139.35 - - [09/Nov/2022:12:24:20 +0800] "GET /xingrg/css/form.css HTTP/1.1" 304 -
116.238.139.35 - - [09/Nov/2022:12:24:20 +0800] "GET /xingrg/javascript/jquery-1.4.2.min.js HTTP/1.1" 304 -
116.238.139.35 - - [09/Nov/2022:12:24:20 +0800] "GET /xingrg/javascript/jquery_easy_ui/jquery.easyui.min.js HTTP/1.1" 304 -
116.238.139.35 - - [09/Nov/2022:12:24:20 +0800] "GET /xingrg/javascript/jquery_easy_ui/easyui-lang-zh_CN.js HTTP/1.1" 304 -
116.238.139.35 - - [09/Nov/2022:12:24:20 +0800] "GET /xingrg/javascript/jquery.form.js HTTP/1.1" 304 -
116.238.139.35 - - [09/Nov/2022:12:24:20 +0800] "GET /xingrg/javascript/jquery.utils.js HTTP/1.1" 304 -
116.238.139.35 - - [09/Nov/2022:12:24:20 +0800] "GET /xingrg/javascript/jquery.timers.js HTTP/1.1" 304 -
116.238.139.35 - - [09/Nov/2022:12:24:20 +0800] "GET /xingrg/images/blue/jxLogo.png HTTP/1.1" 304 -
116.238.139.35 - - [09/Nov/2022:12:24:20 +0800] "GET /xingrg/images/blue/navBackgound.jpg HTTP/1.1" 304 -
116.238.139.35 - - [09/Nov/2022:12:24:20 +0800] "GET /xingrg/javascript/jquery_easy_ui/themes/icons/settle_new.png HTTP/1.1" 304 -
116.238.139.35 - - [09/Nov/2022:12:24:20 +0800] "POST /xingrg/all/common/load_tree.html?tree=area_rest_tree_json&manage=1 HTTP/1.1" 200 476
116.238.139.35 - - [09/Nov/2022:12:24:20 +0800] "GET /xingrg/all/function/internal_message.html?_=1667967866689&CODE_STATE=count HTTP/1.1" 200 11
116.238.139.35 - - [09/Nov/2022:12:24:20 +0800] "GET /xingrg/check_reg.html?_=1667967866689 HTTP/1.1" 200 22
116.238.139.35 - - [09/Nov/2022:12:24:20 +0800] "GET /xingrg/javascript/jquery_easy_ui/themes/default/images/tabs_rightarrow.png HTTP/1.1" 304 -
116.238.139.35 - - [09/Nov/2022:12:24:20 +0800] "GET /xingrg/images/blue/pingpu.png HTTP/1.1" 304 -
116.238.139.35 - - [09/Nov/2022:12:24:20 +0800] "GET /xingrg/javascript/jquery_easy_ui/themes/default/images/tabs_leftarrow.png HTTP/1.1" 304 -
116.238.139.35 - - [09/Nov/2022:12:24:20 +0800] "GET /xingrg/javascript/jquery_easy_ui/themes/default/images/panel_tool_collapse.gif HTTP/1.1" 304 -
116.238.139.35 - - [09/Nov/2022:12:24:20 +0800] "POST /xingrg/load_menu.html HTTP/1.1" 200 5138
180.162.229.95 - - [09/Nov/2022:12:24:21 +0800] "POST /xingrg/kc/buy/cgsh_order_operate.html HTTP/1.1" 200 37
180.169.147.146 - - [09/Nov/2022:12:24:21 +0800] "GET /xingrg/all/function/internal_message.html?_=1667967866751&CODE_STATE=getMsg HTTP/1.1" 200 27
114.84.81.136 - - [09/Nov/2022:12:24:22 +0800] "GET /xingrg/all/function/internal_message.html?_=1667967868708&CODE_STATE=getMsg HTTP/1.1" 200 27
116.238.139.35 - - [09/Nov/2022:12:24:22 +0800] "GET /xingrg/kc/base/yddb_order_list.html HTTP/1.1" 200 16670
116.238.139.35 - - [09/Nov/2022:12:24:22 +0800] "POST /xingrg/kc/base/yddb_list_operate.html HTTP/1.1" 200 636
114.95.46.117 - - [09/Nov/2022:12:24:23 +0800] "GET /xingrg/kc/buy/cgsh_order_operate.html?command=get_materiel&rest_code=00105&code=00101020133&supplier_code=00100485&order_time=2022-11-09 HTTP/1.1" 200 436
61.170.233.146 - - [09/Nov/2022:12:24:23 +0800] "GET /xingrg/kc/buy/cgsh_order_operate.html?command=get_materiel&rest_code=00106&code=00101003031&supplier_code=00100093&order_time=2022-11-09 HTTP/1.1" 200 427
116.238.139.35 - - [09/Nov/2022:12:24:25 +0800] "POST /xingrg/kc/base/yddb_list_operate.html HTTP/1.1" 200 1344
180.162.229.95 - - [09/Nov/2022:12:24:25 +0800] "POST /xingrg/kc/buy/cgsh_order_operate.html HTTP/1.1" 200 12
116.238.139.35 - - [09/Nov/2022:12:24:26 +0800] "POST /xingrg/kc/base/yddb_list_operate.html HTTP/1.1" 200 206
180.162.109.76 - - [09/Nov/2022:12:24:26 +0800] "GET /xingrg/check_reg.html?_=1667966929210 HTTP/1.1" 200 22
180.162.109.76 - - [09/Nov/2022:12:24:26 +0800] "GET /xingrg/all/function/internal_message.html?_=1667966929213&CODE_STATE=getMsg HTTP/1.1" 200 27
180.169.147.146 - - [09/Nov/2022:12:24:26 +0800] "GET /xingrg/all/function/internal_message.html?_=1667967872796&CODE_STATE=getMsg HTTP/1.1" 200 27
116.238.139.35 - - [09/Nov/2022:12:24:26 +0800] "GET /xingrg/kc/base/yddb_order_info.html?code=482022110900068 HTTP/1.1" 200 31177
116.238.139.35 - - [09/Nov/2022:12:24:26 +0800] "GET /xingrg/dwr/interface/AjaxComOrderService.js HTTP/1.1" 200 18264
116.238.139.35 - - [09/Nov/2022:12:24:26 +0800] "GET /xingrg/dwr/interface/AjaxYddbService.js HTTP/1.1" 200 13201
116.238.139.35 - - [09/Nov/2022:12:24:26 +0800] "GET /xingrg/dwr/engine.js HTTP/1.1" 200 43631
116.238.139.35 - - [09/Nov/2022:12:24:26 +0800] "POST /xingrg/dwr/call/plaincall/AjaxYddbService.loadMaterielItems.dwr HTTP/1.1" 200 397
180.162.229.95 - - [09/Nov/2022:12:24:27 +0800] "GET /xingrg/kc/buy/cgsh_order_info.html?code=212022110902842 HTTP/1.1" 200 64217
116.230.105.139 - - [09/Nov/2022:12:24:27 +0800] "GET /xingrg/all/function/internal_message.html?_=1667967873516&CODE_STATE=getMsg HTTP/1.1" 200 27
