114.88.159.190 - - [09/Nov/2022:09:28:31 +0800] "GET /xingrg/kc/buy/cgsh_order_operate.html?command=get_materiel&rest_code=00141&code=00101008134&supplier_code=00100007&order_time=2022-11-09 HTTP/1.1" 200 412
116.230.105.139 - - [09/Nov/2022:09:28:35 +0800] "GET /xingrg/all/function/internal_message.html?_=1667957314884&CODE_STATE=getMsg HTTP/1.1" 200 27
180.162.229.95 - - [09/Nov/2022:09:28:36 +0800] "GET /xingrg/all/function/internal_message.html?_=1667957322855&CODE_STATE=getMsg HTTP/1.1" 200 27
116.238.139.35 - - [09/Nov/2022:09:28:38 +0800] "GET /xingrg/kc/buy/cgsh_order_operate.html?command=get_materiel&rest_code=00151&code=00101001099&supplier_code=00100096&order_time=2022-11-09 HTTP/1.1" 200 411
58.40.7.146 - - [09/Nov/2022:09:28:48 +0800] "GET /xingrg/all/function/internal_message.html?_=1667957334174&CODE_STATE=getMsg HTTP/1.1" 200 27
116.238.139.35 - - [09/Nov/2022:09:28:50 +0800] "GET /xingrg/kc/buy/cgsh_order_operate.html?command=get_materiel&rest_code=00151&code=00101008084&supplier_code=00100096&order_time=2022-11-09 HTTP/1.1" 200 412
218.81.217.29 - - [09/Nov/2022:09:28:51 +0800] "GET /xingrg/all/function/internal_message.html?_=1667957346786&CODE_STATE=getMsg HTTP/1.1" 200 27
114.88.159.190 - - [09/Nov/2022:09:28:55 +0800] "GET /xingrg/all/function/internal_message.html?_=1667956955021&CODE_STATE=getMsg HTTP/1.1" 200 27
114.88.159.190 - - [09/Nov/2022:09:28:57 +0800] "GET /xingrg/kc/buy/cgsh_order_operate.html?command=get_materiel&rest_code=00141&code=00101008152&supplier_code=00100007&order_time=2022-11-09 HTTP/1.1" 200 408
116.238.139.35 - - [09/Nov/2022:09:28:58 +0800] "GET /xingrg/kc/buy/cgsh_order_operate.html?command=get_materiel&rest_code=00151&code=00101016025&supplier_code=00100096&order_time=2022-11-09 HTTP/1.1" 200 408
116.235.93.82 - - [09/Nov/2022:09:29:03 +0800] "GET /xingrg/all/function/internal_message.html?_=1667957563771&CODE_STATE=getMsg HTTP/1.1" 200 27
180.163.29.234 - - [09/Nov/2022:09:29:04 +0800] "GET /xingrg/all/function/internal_message.html?_=1667957289572&CODE_STATE=getMsg HTTP/1.1" 302 -
180.163.29.234 - - [09/Nov/2022:09:29:04 +0800] "GET /xingrg/login.html HTTP/1.1" 200 7641
61.170.233.146 - - [09/Nov/2022:09:29:04 +0800] "GET /xingrg/all/function/internal_message.html?_=1667957349545&CODE_STATE=getMsg HTTP/1.1" 200 27
61.170.233.146 - - [09/Nov/2022:09:29:05 +0800] "GET /xingrg/check_reg.html?_=1667957350170 HTTP/1.1" 200 22
114.95.46.117 - - [09/Nov/2022:09:29:05 +0800] "GET /xingrg/all/function/internal_message.html?_=1667957201675&CODE_STATE=getMsg HTTP/1.1" 200 27
116.238.139.35 - - [09/Nov/2022:09:29:05 +0800] "GET /xingrg/kc/buy/cgsh_order_operate.html?command=get_materiel&rest_code=00151&code=00101012039&supplier_code=00100096&order_time=2022-11-09 HTTP/1.1" 200 408
116.238.139.35 - - [09/Nov/2022:09:29:11 +0800] "GET /xingrg/kc/buy/cgsh_order_operate.html?command=get_materiel&rest_code=00151&code=00101016038&supplier_code=00100096&order_time=2022-11-09 HTTP/1.1" 200 408
114.83.219.57 - - [09/Nov/2022:09:29:16 +0800] "GET /xingrg/all/function/internal_message.html?_=1667957478386&CODE_STATE=getMsg HTTP/1.1" 200 27
180.169.147.146 - - [09/Nov/2022:09:29:17 +0800] "GET /xingrg/all/function/internal_message.html?_=1667957363427&CODE_STATE=getMsg HTTP/1.1" 200 27
114.88.159.190 - - [09/Nov/2022:09:29:19 +0800] "GET /xingrg/all/function/internal_message.html?_=1667957364501&CODE_STATE=getMsg HTTP/1.1" 200 27
116.238.139.35 - - [09/Nov/2022:09:29:20 +0800] "GET /xingrg/kc/buy/cgsh_order_operate.html?command=get_materiel&rest_code=00151&code=00101016051&supplier_code=00100096&order_time=2022-11-09 HTTP/1.1" 200 408
116.238.139.35 - - [09/Nov/2022:09:29:20 +0800] "GET /xingrg/all/function/internal_message.html?_=1667957367386&CODE_STATE=getMsg HTTP/1.1" 200 27
114.88.159.190 - - [09/Nov/2022:09:29:25 +0800] "GET /xingrg/kc/buy/cgsh_order_operate.html?command=get_materiel&rest_code=00141&code=00101008377&supplier_code=00100007&order_time=2022-11-09 HTTP/1.1" 200 408
58.221.95.50 - - [09/Nov/2022:09:29:26 +0800] "GET /xingrg/all/function/internal_message.html?_=1667957361700&CODE_STATE=getMsg HTTP/1.1" 200 27
116.238.139.35 - - [09/Nov/2022:09:29:27 +0800] "GET /xingrg/kc/buy/cgsh_order_operate.html?command=get_materiel&rest_code=00151&code=00101012019&supplier_code=00100096&order_time=2022-11-09 HTTP/1.1" 200 412
116.238.139.35 - - [09/Nov/2022:09:29:28 +0800] "GET /xingrg/all/function/internal_message.html?_=1667957296730&CODE_STATE=getMsg HTTP/1.1" 200 27
116.238.139.35 - - [09/Nov/2022:09:29:34 +0800] "GET /xingrg/kc/buy/cgsh_order_operate.html?command=get_materiel&rest_code=00151&code=00101012059&supplier_code=00100096&order_time=2022-11-09 HTTP/1.1" 200 412
116.230.105.139 - - [09/Nov/2022:09:29:35 +0800] "GET /xingrg/all/function/internal_message.html?_=1667957374883&CODE_STATE=getMsg HTTP/1.1" 200 27
180.162.229.95 - - [09/Nov/2022:09:29:36 +0800] "GET /xingrg/all/function/internal_message.html?_=1667957382843&CODE_STATE=getMsg HTTP/1.1" 200 27
116.238.139.35 - - [09/Nov/2022:09:29:42 +0800] "GET /xingrg/kc/buy/cgsh_order_operate.html?command=get_materiel&rest_code=00151&code=00101010711&supplier_code=00100096&order_time=2022-11-09 HTTP/1.1" 200 406
58.40.7.146 - - [09/Nov/2022:09:29:48 +0800] "GET /xingrg/all/function/internal_message.html?_=1667957394177&CODE_STATE=getMsg HTTP/1.1" 200 27
114.88.159.190 - - [09/Nov/2022:09:29:50 +0800] "GET /xingrg/kc/buy/cgsh_order_operate.html?command=get_materiel&rest_code=00141&code=00101008323&supplier_code=00100007&order_time=2022-11-09 HTTP/1.1" 200 408
218.81.217.29 - - [09/Nov/2022:09:29:51 +0800] "GET /xingrg/all/function/internal_message.html?_=1667957406799&CODE_STATE=getMsg HTTP/1.1" 200 27
116.238.139.35 - - [09/Nov/2022:09:29:52 +0800] "GET /xingrg/kc/buy/cgsh_order_operate.html?command=get_materiel&rest_code=00151&code=00101006109&supplier_code=00100096&order_time=2022-11-09 HTTP/1.1" 200 411
114.88.159.190 - - [09/Nov/2022:09:29:55 +0800] "GET /xingrg/check_reg.html?_=1667957015001 HTTP/1.1" 200 22
114.88.159.190 - - [09/Nov/2022:09:29:55 +0800] "GET /xingrg/all/function/internal_message.html?_=1667957015003&CODE_STATE=getMsg HTTP/1.1" 200 27
116.235.93.82 - - [09/Nov/2022:09:30:03 +0800] "GET /xingrg/all/function/internal_message.html?_=1667957623770&CODE_STATE=getMsg HTTP/1.1" 200 27
180.163.30.100 - - [09/Nov/2022:09:30:04 +0800] "GET /xingrg/all/function/internal_message.html?_=1667957349545&CODE_STATE=getMsg HTTP/1.1" 302 -
180.163.30.100 - - [09/Nov/2022:09:30:04 +0800] "GET /xingrg/login.html HTTP/1.1" 200 7641
61.170.233.146 - - [09/Nov/2022:09:30:04 +0800] "GET /xingrg/all/function/internal_message.html?_=1667957409521&CODE_STATE=getMsg HTTP/1.1" 200 27
180.163.28.68 - - [09/Nov/2022:09:30:05 +0800] "GET /xingrg/check_reg.html?_=1667957350170 HTTP/1.1" 302 -
114.95.46.117 - - [09/Nov/2022:09:30:05 +0800] "GET /xingrg/check_reg.html?_=1667957261635 HTTP/1.1" 200 22
180.163.28.68 - - [09/Nov/2022:09:30:05 +0800] "GET /xingrg/login.html HTTP/1.1" 200 7641
114.95.46.117 - - [09/Nov/2022:09:30:05 +0800] "GET /xingrg/all/function/internal_message.html?_=1667957261655&CODE_STATE=getMsg HTTP/1.1" 200 27
114.88.159.190 - - [09/Nov/2022:09:30:06 +0800] "GET /xingrg/kc/buy/cgsh_order_operate.html?command=get_materiel&rest_code=00141&code=00101008302&supplier_code=00100007&order_time=2022-11-09 HTTP/1.1" 200 412
116.238.139.35 - - [09/Nov/2022:09:30:09 +0800] "GET /xingrg/kc/buy/cgsh_order_operate.html?command=get_materiel&rest_code=00151&code=00101006112&supplier_code=00100096&order_time=2022-11-09 HTTP/1.1" 200 411
114.83.219.57 - - [09/Nov/2022:09:30:16 +0800] "GET /xingrg/all/function/internal_message.html?_=1667957538400&CODE_STATE=getMsg HTTP/1.1" 200 27
180.169.147.146 - - [09/Nov/2022:09:30:17 +0800] "GET /xingrg/all/function/internal_message.html?_=1667957423419&CODE_STATE=getMsg HTTP/1.1" 200 27
114.88.159.190 - - [09/Nov/2022:09:30:17 +0800] "GET /xingrg/kc/buy/cgsh_order_operate.html?command=get_materiel&rest_code=00141&code=00101008234&supplier_code=00100007&order_time=2022-11-09 HTTP/1.1" 200 408
116.238.139.35 - - [09/Nov/2022:09:30:19 +0800] "GET /xingrg/kc/buy/cgsh_order_operate.html?command=get_materiel&rest_code=00151&code=00101006013&supplier_code=00100096&order_time=2022-11-09 HTTP/1.1" 200 409
114.88.159.190 - - [09/Nov/2022:09:30:19 +0800] "GET /xingrg/all/function/internal_message.html?_=1667957424501&CODE_STATE=getMsg HTTP/1.1" 200 27
116.238.139.35 - - [09/Nov/2022:09:30:20 +0800] "GET /xingrg/all/function/internal_message.html?_=1667957427411&CODE_STATE=getMsg HTTP/1.1" 200 27
58.221.95.50 - - [09/Nov/2022:09:30:26 +0800] "GET /xingrg/all/function/internal_message.html?_=1667957421753&CODE_STATE=getMsg HTTP/1.1" 200 27
116.238.139.35 - - [09/Nov/2022:09:30:28 +0800] "GET /xingrg/all/function/internal_message.html?_=1667957356751&CODE_STATE=getMsg HTTP/1.1" 200 27
116.238.139.35 - - [09/Nov/2022:09:30:30 +0800] "GET /xingrg/kc/buy/cgsh_order_operate.html?command=get_materiel&rest_code=00151&code=00101006006&supplier_code=00100096&order_time=2022-11-09 HTTP/1.1" 200 411
116.230.105.139 - - [09/Nov/2022:09:30:35 +0800] "GET /xingrg/all/function/internal_message.html?_=1667957434883&CODE_STATE=getMsg HTTP/1.1" 200 27
180.162.229.95 - - [09/Nov/2022:09:30:36 +0800] "GET /xingrg/all/function/internal_message.html?_=1667957442841&CODE_STATE=getMsg HTTP/1.1" 200 27
116.238.139.35 - - [09/Nov/2022:09:30:39 +0800] "GET /xingrg/kc/buy/cgsh_order_operate.html?command=get_materiel&rest_code=00151&code=00101006084&supplier_code=00100096&order_time=2022-11-09 HTTP/1.1" 200 415
180.162.229.95 - - [09/Nov/2022:09:30:47 +0800] "POST /xingrg/services/DataTransmitService HTTP/1.1" 200 524
58.40.7.146 - - [09/Nov/2022:09:30:48 +0800] "GET /xingrg/all/function/internal_message.html?_=1667957454178&CODE_STATE=getMsg HTTP/1.1" 200 27
218.81.217.29 - - [09/Nov/2022:09:30:51 +0800] "GET /xingrg/all/function/internal_message.html?_=1667957466914&CODE_STATE=getMsg HTTP/1.1" 200 27
114.88.159.190 - - [09/Nov/2022:09:30:55 +0800] "GET /xingrg/all/function/internal_message.html?_=1667957075004&CODE_STATE=getMsg HTTP/1.1" 200 27
116.238.139.35 - - [09/Nov/2022:09:31:03 +0800] "POST /xingrg/kc/buy/cgsh_order_operate.html HTTP/1.1" 200 37
116.235.93.82 - - [09/Nov/2022:09:31:03 +0800] "GET /xingrg/all/function/internal_message.html?_=1667957683769&CODE_STATE=getMsg HTTP/1.1" 200 27
180.163.30.76 - - [09/Nov/2022:09:31:04 +0800] "GET /xingrg/all/function/internal_message.html?_=1667957409521&CODE_STATE=getMsg HTTP/1.1" 302 -
180.163.30.76 - - [09/Nov/2022:09:31:04 +0800] "GET /xingrg/login.html HTTP/1.1" 200 7641
61.170.233.146 - - [09/Nov/2022:09:31:04 +0800] "GET /xingrg/all/function/internal_message.html?_=1667957469500&CODE_STATE=getMsg HTTP/1.1" 200 27
114.95.46.117 - - [09/Nov/2022:09:31:05 +0800] "GET /xingrg/all/function/internal_message.html?_=1667957321641&CODE_STATE=getMsg HTTP/1.1" 200 27
116.238.139.35 - - [09/Nov/2022:09:31:06 +0800] "POST /xingrg/kc/buy/cgsh_order_operate.html HTTP/1.1" 200 12
116.238.139.35 - - [09/Nov/2022:09:31:08 +0800] "GET /xingrg/kc/buy/cgsh_order_info.html?code=212022110902703 HTTP/1.1" 200 63758
116.238.139.35 - - [09/Nov/2022:09:31:08 +0800] "GET /xingrg/javascript/easyui/themes/default/validatebox.css HTTP/1.1" 404 1104
116.238.139.35 - - [09/Nov/2022:09:31:09 +0800] "POST /xingrg/kc/buy/cgsh_order_operate.html HTTP/1.1" 200 8404
116.238.139.35 - - [09/Nov/2022:09:31:11 +0800] "GET /xingrg/kc/print/load_data.html?order_code=212022110902703&kc_code=cgsh&condition= HTTP/1.1" 200 3679
114.83.219.57 - - [09/Nov/2022:09:31:16 +0800] "GET /xingrg/check_reg.html?_=1667957598387 HTTP/1.1" 200 22
114.83.219.57 - - [09/Nov/2022:09:31:16 +0800] "GET /xingrg/all/function/internal_message.html?_=1667957598389&CODE_STATE=getMsg HTTP/1.1" 200 27
114.88.159.190 - - [09/Nov/2022:09:31:19 +0800] "GET /xingrg/all/function/internal_message.html?_=1667957484501&CODE_STATE=getMsg HTTP/1.1" 200 27
116.238.139.35 - - [09/Nov/2022:09:31:20 +0800] "GET /xingrg/all/function/internal_message.html?_=1667957487395&CODE_STATE=getMsg HTTP/1.1" 200 27
114.88.159.190 - - [09/Nov/2022:09:31:23 +0800] "GET /xingrg/kc/buy/cgsh_order_operate.html?command=get_materiel&rest_code=00141&code=00101008010&supplier_code=00100007&order_time=2022-11-09 HTTP/1.1" 200 412
58.221.95.50 - - [09/Nov/2022:09:31:26 +0800] "GET /xingrg/all/function/internal_message.html?_=1667957481758&CODE_STATE=getMsg HTTP/1.1" 200 27
116.238.139.35 - - [09/Nov/2022:09:31:28 +0800] "GET /xingrg/all/function/internal_message.html?_=1667957416756&CODE_STATE=getMsg HTTP/1.1" 200 27
180.162.229.95 - - [09/Nov/2022:09:31:34 +0800] "GET /xingrg/all/function/internal_message.html?_=1667957503065&CODE_STATE=getMsg HTTP/1.1" 200 27
180.162.229.95 - - [09/Nov/2022:09:31:34 +0800] "GET /xingrg/check_reg.html?_=1667957503067 HTTP/1.1" 200 22
180.162.229.95 - - [09/Nov/2022:09:31:35 +0800] "POST /xingrg/kc/base/wldb_list_operate.html HTTP/1.1" 200 6102
116.230.105.139 - - [09/Nov/2022:09:31:35 +0800] "GET /xingrg/check_reg.html?_=1667957494865 HTTP/1.1" 200 22
116.230.105.139 - - [09/Nov/2022:09:31:35 +0800] "GET /xingrg/all/function/internal_message.html?_=1667957494869&CODE_STATE=getMsg HTTP/1.1" 200 27
180.162.229.95 - - [09/Nov/2022:09:31:36 +0800] "GET /xingrg/all/function/internal_message.html?_=1667957502830&CODE_STATE=getMsg HTTP/1.1" 200 27
180.162.229.95 - - [09/Nov/2022:09:31:36 +0800] "GET /xingrg/check_reg.html?_=1667957502941 HTTP/1.1" 200 22
114.88.159.190 - - [09/Nov/2022:09:31:37 +0800] "GET /xingrg/kc/buy/cgsh_order_operate.html?command=get_materiel&rest_code=00141&code=00101008268&supplier_code=00100007&order_time=2022-11-09 HTTP/1.1" 200 408
58.40.7.146 - - [09/Nov/2022:09:31:48 +0800] "GET /xingrg/all/function/internal_message.html?_=1667957514180&CODE_STATE=getMsg HTTP/1.1" 200 27
218.81.217.29 - - [09/Nov/2022:09:31:51 +0800] "GET /xingrg/all/function/internal_message.html?_=1667957526923&CODE_STATE=getMsg HTTP/1.1" 200 27
114.88.159.190 - - [09/Nov/2022:09:31:55 +0800] "GET /xingrg/all/function/internal_message.html?_=1667957135012&CODE_STATE=getMsg HTTP/1.1" 200 27
114.88.159.190 - - [09/Nov/2022:09:31:56 +0800] "GET /xingrg/kc/buy/cgsh_order_operate.html?command=get_materiel&rest_code=00141&code=00101008242&supplier_code=00100007&order_time=2022-11-09 HTTP/1.1" 200 408
116.235.93.82 - - [09/Nov/2022:09:32:03 +0800] "GET /xingrg/all/function/internal_message.html?_=1667957743782&CODE_STATE=getMsg HTTP/1.1" 200 27
180.163.28.109 - - [09/Nov/2022:09:32:04 +0800] "GET /xingrg/all/function/internal_message.html?_=1667957469500&CODE_STATE=getMsg HTTP/1.1" 302 -
180.163.28.109 - - [09/Nov/2022:09:32:04 +0800] "GET /xingrg/login.html HTTP/1.1" 200 7641
61.170.233.146 - - [09/Nov/2022:09:32:04 +0800] "GET /xingrg/all/function/internal_message.html?_=1667957529476&CODE_STATE=getMsg HTTP/1.1" 200 27
114.95.46.117 - - [09/Nov/2022:09:32:05 +0800] "GET /xingrg/all/function/internal_message.html?_=1667957381629&CODE_STATE=getMsg HTTP/1.1" 200 27
114.88.159.190 - - [09/Nov/2022:09:32:08 +0800] "GET /xingrg/kc/buy/cgsh_order_operate.html?command=get_materiel&rest_code=00141&code=00101008356&supplier_code=00100007&order_time=2022-11-09 HTTP/1.1" 200 408
114.83.219.57 - - [09/Nov/2022:09:32:16 +0800] "GET /xingrg/all/function/internal_message.html?_=1667957658397&CODE_STATE=getMsg HTTP/1.1" 200 27
114.88.159.190 - - [09/Nov/2022:09:32:19 +0800] "GET /xingrg/all/function/internal_message.html?_=1667957544499&CODE_STATE=getMsg HTTP/1.1" 200 27
114.88.159.190 - - [09/Nov/2022:09:32:19 +0800] "GET /xingrg/check_reg.html?_=1667957544501 HTTP/1.1" 200 22
114.88.159.190 - - [09/Nov/2022:09:32:20 +0800] "POST /xingrg/kc/buy/cgsh_order_operate.html HTTP/1.1" 200 2065
116.238.139.35 - - [09/Nov/2022:09:32:20 +0800] "GET /xingrg/all/function/internal_message.html?_=1667957547396&CODE_STATE=getMsg HTTP/1.1" 200 27
58.221.95.50 - - [09/Nov/2022:09:32:26 +0800] "GET /xingrg/all/function/internal_message.html?_=1667957541793&CODE_STATE=getMsg HTTP/1.1" 200 27
116.238.139.35 - - [09/Nov/2022:09:32:28 +0800] "GET /xingrg/all/function/internal_message.html?_=1667957476777&CODE_STATE=getMsg HTTP/1.1" 200 27
116.230.105.139 - - [09/Nov/2022:09:32:35 +0800] "GET /xingrg/all/function/internal_message.html?_=1667957554857&CODE_STATE=getMsg HTTP/1.1" 200 27
180.162.229.95 - - [09/Nov/2022:09:32:36 +0800] "GET /xingrg/all/function/internal_message.html?_=1667957562802&CODE_STATE=getMsg HTTP/1.1" 200 27
114.88.159.190 - - [09/Nov/2022:09:32:44 +0800] "GET /xingrg/kc/buy/cgsh_order_operate.html?command=get_materiel&rest_code=00141&code=00101008251&supplier_code=00100007&order_time=2022-11-09 HTTP/1.1" 200 408
58.40.7.146 - - [09/Nov/2022:09:32:48 +0800] "GET /xingrg/all/function/internal_message.html?_=1667957574181&CODE_STATE=getMsg HTTP/1.1" 200 27
58.40.7.146 - - [09/Nov/2022:09:32:48 +0800] "GET /xingrg/check_reg.html?_=1667957574184 HTTP/1.1" 200 22
218.81.217.29 - - [09/Nov/2022:09:32:51 +0800] "GET /xingrg/all/function/internal_message.html?_=1667957587023&CODE_STATE=getMsg HTTP/1.1" 200 27
114.83.219.194 - - [09/Nov/2022:09:32:53 +0800] "POST /xingrg/services/DataTransmitService HTTP/1.1" 200 524
114.83.219.194 - - [09/Nov/2022:09:32:54 +0800] "POST /xingrg/services/DataTransmitService HTTP/1.1" 200 2155
114.88.159.190 - - [09/Nov/2022:09:32:55 +0800] "GET /xingrg/all/function/internal_message.html?_=1667957195059&CODE_STATE=getMsg HTTP/1.1" 200 27
114.88.159.190 - - [09/Nov/2022:09:33:00 +0800] "GET /xingrg/kc/buy/cgsh_order_operate.html?command=get_materiel&rest_code=00141&code=00101008357&supplier_code=00100007&order_time=2022-11-09 HTTP/1.1" 200 408
58.221.95.50 - - [09/Nov/2022:09:33:01 +0800] "GET /xingrg/check_reg.html?_=1667957576349 HTTP/1.1" 200 22
116.235.93.82 - - [09/Nov/2022:09:33:03 +0800] "GET /xingrg/check_reg.html?_=1667957803781 HTTP/1.1" 200 22
116.235.93.82 - - [09/Nov/2022:09:33:03 +0800] "GET /xingrg/all/function/internal_message.html?_=1667957803782&CODE_STATE=getMsg HTTP/1.1" 200 27
180.163.29.217 - - [09/Nov/2022:09:33:04 +0800] "GET /xingrg/all/function/internal_message.html?_=1667957529476&CODE_STATE=getMsg HTTP/1.1" 302 -
180.163.29.217 - - [09/Nov/2022:09:33:04 +0800] "GET /xingrg/login.html HTTP/1.1" 200 7641
61.170.233.146 - - [09/Nov/2022:09:33:04 +0800] "GET /xingrg/all/function/internal_message.html?_=1667957589450&CODE_STATE=getMsg HTTP/1.1" 200 27
116.230.105.139 - - [09/Nov/2022:09:33:04 +0800] "GET /favicon.ico HTTP/1.1" 404 -
114.95.46.117 - - [09/Nov/2022:09:33:05 +0800] "GET /xingrg/all/function/internal_message.html?_=1667957441615&CODE_STATE=getMsg HTTP/1.1" 200 27
114.83.219.57 - - [09/Nov/2022:09:33:16 +0800] "GET /xingrg/all/function/internal_message.html?_=1667957718384&CODE_STATE=getMsg HTTP/1.1" 200 27
116.238.139.35 - - [09/Nov/2022:09:33:16 +0800] "GET /xingrg/check_reg.html?_=1667957524585 HTTP/1.1" 200 22
114.88.159.190 - - [09/Nov/2022:09:33:19 +0800] "GET /xingrg/all/function/internal_message.html?_=1667957604499&CODE_STATE=getMsg HTTP/1.1" 200 27
116.238.139.35 - - [09/Nov/2022:09:33:20 +0800] "GET /xingrg/check_reg.html?_=1667957607399 HTTP/1.1" 200 22
116.238.139.35 - - [09/Nov/2022:09:33:20 +0800] "GET /xingrg/all/function/internal_message.html?_=1667957607403&CODE_STATE=getMsg HTTP/1.1" 200 27
58.221.95.50 - - [09/Nov/2022:09:33:26 +0800] "GET /xingrg/all/function/internal_message.html?_=1667957601801&CODE_STATE=getMsg HTTP/1.1" 200 27
218.81.217.29 - - [09/Nov/2022:09:33:27 +0800] "GET /xingrg/check_reg.html?_=1667957622986 HTTP/1.1" 200 22
116.238.139.35 - - [09/Nov/2022:09:33:28 +0800] "GET /xingrg/all/function/internal_message.html?_=1667957536784&CODE_STATE=getMsg HTTP/1.1" 200 27
116.238.139.35 - - [09/Nov/2022:09:33:30 +0800] "GET /xingrg/kc/buy/cgsh_order_add.html HTTP/1.1" 200 68865
116.238.139.35 - - [09/Nov/2022:09:33:31 +0800] "POST /xingrg/kc/buy/cgsh_order_operate.html HTTP/1.1" 200 8245
116.238.139.35 - - [09/Nov/2022:09:33:31 +0800] "GET /xingrg/javascript/easyui/themes/default/validatebox.css HTTP/1.1" 404 1104
116.230.105.139 - - [09/Nov/2022:09:33:35 +0800] "GET /xingrg/all/function/internal_message.html?_=1667957614873&CODE_STATE=getMsg HTTP/1.1" 200 27
180.162.229.95 - - [09/Nov/2022:09:33:36 +0800] "GET /xingrg/all/function/internal_message.html?_=1667957622797&CODE_STATE=getMsg HTTP/1.1" 200 27
116.238.139.35 - - [09/Nov/2022:09:33:40 +0800] "GET /xingrg/kc/buy/cgsh_order_operate.html?command=get_materiel&rest_code=00151&code=00101008323&supplier_code=00100008&order_time=2022-11-09 HTTP/1.1" 200 408
222.64.58.197 - - [09/Nov/2022:09:33:45 +0800] "POST /xingrg/services/DataTransmitService HTTP/1.1" 200 524
114.88.159.190 - - [09/Nov/2022:09:33:47 +0800] "GET /xingrg/kc/buy/cgsh_order_operate.html?command=get_materiel&rest_code=00141&code=00101008213&supplier_code=00100007&order_time=2022-11-09 HTTP/1.1" 200 412
58.40.7.146 - - [09/Nov/2022:09:33:48 +0800] "GET /xingrg/all/function/internal_message.html?_=1667957634185&CODE_STATE=getMsg HTTP/1.1" 200 27
116.238.139.35 - - [09/Nov/2022:09:33:50 +0800] "GET /xingrg/kc/buy/cgsh_order_operate.html?command=get_materiel&rest_code=00151&code=00101008234&supplier_code=00100008&order_time=2022-11-09 HTTP/1.1" 200 408
218.81.217.29 - - [09/Nov/2022:09:33:51 +0800] "GET /xingrg/all/function/internal_message.html?_=1667957647025&CODE_STATE=getMsg HTTP/1.1" 200 27
114.88.159.190 - - [09/Nov/2022:09:33:54 +0800] "POST /xingrg/kc/buy/cgsh_order_operate.html HTTP/1.1" 200 2065
114.88.159.190 - - [09/Nov/2022:09:33:55 +0800] "GET /xingrg/all/function/internal_message.html?_=1667957255029&CODE_STATE=getMsg HTTP/1.1" 200 27
116.238.139.35 - - [09/Nov/2022:09:33:56 +0800] "GET /xingrg/kc/buy/cgsh_order_operate.html?command=get_materiel&rest_code=00151&code=00101008088&supplier_code=00100008&order_time=2022-11-09 HTTP/1.1" 200 408
116.238.139.35 - - [09/Nov/2022:09:34:03 +0800] "GET /xingrg/kc/buy/cgsh_order_operate.html?command=get_materiel&rest_code=00151&code=00101008224&supplier_code=00100008&order_time=2022-11-09 HTTP/1.1" 200 416
114.88.159.190 - - [09/Nov/2022:09:34:03 +0800] "GET /xingrg/kc/buy/cgsh_order_operate.html?command=get_materiel&rest_code=00141&code=00101008403&supplier_code=00100007&order_time=2022-11-09 HTTP/1.1" 200 412
116.235.93.82 - - [09/Nov/2022:09:34:03 +0800] "GET /xingrg/all/function/internal_message.html?_=1667957863781&CODE_STATE=getMsg HTTP/1.1" 200 27
61.170.233.146 - - [09/Nov/2022:09:34:04 +0800] "GET /xingrg/all/function/internal_message.html?_=1667957649420&CODE_STATE=getMsg HTTP/1.1" 200 27
180.163.29.79 - - [09/Nov/2022:09:34:04 +0800] "GET /xingrg/all/function/internal_message.html?_=1667957589450&CODE_STATE=getMsg HTTP/1.1" 302 -
180.163.29.79 - - [09/Nov/2022:09:34:04 +0800] "GET /xingrg/login.html HTTP/1.1" 200 7641
61.170.233.146 - - [09/Nov/2022:09:34:05 +0800] "GET /xingrg/check_reg.html?_=1667957650171 HTTP/1.1" 200 22
114.95.46.117 - - [09/Nov/2022:09:34:05 +0800] "GET /xingrg/all/function/internal_message.html?_=1667957501604&CODE_STATE=getMsg HTTP/1.1" 200 27
116.238.139.35 - - [09/Nov/2022:09:34:09 +0800] "GET /xingrg/kc/buy/cgsh_order_operate.html?command=get_materiel&rest_code=00151&code=00101015060&supplier_code=00100008&order_time=2022-11-09 HTTP/1.1" 200 412
114.83.219.57 - - [09/Nov/2022:09:34:16 +0800] "GET /xingrg/all/function/internal_message.html?_=1667957778398&CODE_STATE=getMsg HTTP/1.1" 200 27
114.88.159.190 - - [09/Nov/2022:09:34:16 +0800] "GET /xingrg/kc/buy/cgsh_order_operate.html?command=get_materiel&rest_code=00141&code=00101008305&supplier_code=00100007&order_time=2022-11-09 HTTP/1.1" 200 412
116.238.139.35 - - [09/Nov/2022:09:34:19 +0800] "GET /xingrg/kc/buy/cgsh_order_operate.html?command=get_materiel&rest_code=00151&code=00101009030&supplier_code=00100008&order_time=2022-11-09 HTTP/1.1" 200 412
114.88.159.190 - - [09/Nov/2022:09:34:19 +0800] "GET /xingrg/all/function/internal_message.html?_=1667957664498&CODE_STATE=getMsg HTTP/1.1" 200 27
116.238.139.35 - - [09/Nov/2022:09:34:20 +0800] "GET /xingrg/all/function/internal_message.html?_=1667957667414&CODE_STATE=getMsg HTTP/1.1" 200 27
58.221.95.50 - - [09/Nov/2022:09:34:26 +0800] "GET /xingrg/all/function/internal_message.html?_=1667957661814&CODE_STATE=getMsg HTTP/1.1" 200 27
116.238.139.35 - - [09/Nov/2022:09:34:27 +0800] "GET /xingrg/kc/buy/cgsh_order_operate.html?command=get_materiel&rest_code=00151&code=00101008351&supplier_code=00100008&order_time=2022-11-09 HTTP/1.1" 200 408
116.238.139.35 - - [09/Nov/2022:09:34:28 +0800] "GET /xingrg/all/function/internal_message.html?_=1667957596797&CODE_STATE=getMsg HTTP/1.1" 200 27
116.238.139.35 - - [09/Nov/2022:09:34:34 +0800] "GET /xingrg/kc/buy/cgsh_order_operate.html?command=get_materiel&rest_code=00151&code=00101008371&supplier_code=00100008&order_time=2022-11-09 HTTP/1.1" 200 412
116.230.105.139 - - [09/Nov/2022:09:34:35 +0800] "GET /xingrg/all/function/internal_message.html?_=1667957674864&CODE_STATE=getMsg HTTP/1.1" 200 27
180.162.229.95 - - [09/Nov/2022:09:34:36 +0800] "GET /xingrg/all/function/internal_message.html?_=1667957682790&CODE_STATE=getMsg HTTP/1.1" 200 27
116.238.139.35 - - [09/Nov/2022:09:34:39 +0800] "GET /xingrg/kc/buy/cgsh_order_operate.html?command=get_materiel&rest_code=00151&code=00101015006&supplier_code=00100008&order_time=2022-11-09 HTTP/1.1" 200 413
116.238.139.35 - - [09/Nov/2022:09:34:46 +0800] "GET /xingrg/kc/buy/cgsh_order_operate.html?command=get_materiel&rest_code=00151&code=00101008024&supplier_code=00100008&order_time=2022-11-09 HTTP/1.1" 200 408
114.88.159.190 - - [09/Nov/2022:09:34:46 +0800] "GET /xingrg/kc/buy/cgsh_order_operate.html?command=get_materiel&rest_code=00141&code=00101008347&supplier_code=00100007&order_time=2022-11-09 HTTP/1.1" 200 408
58.40.7.146 - - [09/Nov/2022:09:34:48 +0800] "GET /xingrg/all/function/internal_message.html?_=1667957694187&CODE_STATE=getMsg HTTP/1.1" 200 27
218.81.217.29 - - [09/Nov/2022:09:34:51 +0800] "GET /xingrg/all/function/internal_message.html?_=1667957707040&CODE_STATE=getMsg HTTP/1.1" 200 27
116.238.139.35 - - [09/Nov/2022:09:34:51 +0800] "GET /xingrg/kc/buy/cgsh_order_operate.html?command=get_materiel&rest_code=00151&code=00101008356&supplier_code=00100008&order_time=2022-11-09 HTTP/1.1" 200 408
114.88.159.190 - - [09/Nov/2022:09:34:55 +0800] "GET /xingrg/check_reg.html?_=1667957315041 HTTP/1.1" 200 22
114.88.159.190 - - [09/Nov/2022:09:34:55 +0800] "GET /xingrg/all/function/internal_message.html?_=1667957315042&CODE_STATE=getMsg HTTP/1.1" 200 27
116.238.139.35 - - [09/Nov/2022:09:34:57 +0800] "GET /xingrg/kc/buy/cgsh_order_operate.html?command=get_materiel&rest_code=00151&code=00101008300&supplier_code=00100008&order_time=2022-11-09 HTTP/1.1" 200 412
116.238.139.35 - - [09/Nov/2022:09:35:03 +0800] "GET /xingrg/kc/buy/cgsh_order_operate.html?command=get_materiel&rest_code=00151&code=00101008137&supplier_code=00100008&order_time=2022-11-09 HTTP/1.1" 200 408
116.235.93.82 - - [09/Nov/2022:09:35:03 +0800] "GET /xingrg/all/function/internal_message.html?_=1667957923780&CODE_STATE=getMsg HTTP/1.1" 200 27
180.163.30.27 - - [09/Nov/2022:09:35:04 +0800] "GET /xingrg/all/function/internal_message.html?_=1667957649420&CODE_STATE=getMsg HTTP/1.1" 302 -
61.170.233.146 - - [09/Nov/2022:09:35:04 +0800] "GET /xingrg/all/function/internal_message.html?_=1667957709400&CODE_STATE=getMsg HTTP/1.1" 200 27
180.163.30.27 - - [09/Nov/2022:09:35:04 +0800] "GET /xingrg/login.html HTTP/1.1" 200 7641
180.163.29.219 - - [09/Nov/2022:09:35:05 +0800] "GET /xingrg/check_reg.html?_=1667957650171 HTTP/1.1" 302 -
180.163.29.219 - - [09/Nov/2022:09:35:05 +0800] "GET /xingrg/login.html HTTP/1.1" 200 7641
114.95.46.117 - - [09/Nov/2022:09:35:05 +0800] "GET /xingrg/all/function/internal_message.html?_=1667957561590&CODE_STATE=getMsg HTTP/1.1" 200 27
114.95.46.117 - - [09/Nov/2022:09:35:05 +0800] "GET /xingrg/check_reg.html?_=1667957561630 HTTP/1.1" 200 22
116.238.139.35 - - [09/Nov/2022:09:35:08 +0800] "GET /xingrg/kc/buy/cgsh_order_operate.html?command=get_materiel&rest_code=00151&code=00101008362&supplier_code=00100008&order_time=2022-11-09 HTTP/1.1" 200 408
116.238.139.35 - - [09/Nov/2022:09:35:14 +0800] "GET /xingrg/kc/buy/cgsh_order_operate.html?command=get_materiel&rest_code=00151&code=00101008077&supplier_code=00100008&order_time=2022-11-09 HTTP/1.1" 200 416
114.83.219.57 - - [09/Nov/2022:09:35:16 +0800] "GET /xingrg/all/function/internal_message.html?_=1667957838390&CODE_STATE=getMsg HTTP/1.1" 200 27
114.88.159.190 - - [09/Nov/2022:09:35:19 +0800] "GET /xingrg/all/function/internal_message.html?_=1667957724498&CODE_STATE=getMsg HTTP/1.1" 200 27
116.238.139.35 - - [09/Nov/2022:09:35:20 +0800] "GET /xingrg/all/function/internal_message.html?_=1667957727403&CODE_STATE=getMsg HTTP/1.1" 200 27
116.238.139.35 - - [09/Nov/2022:09:35:21 +0800] "GET /xingrg/kc/buy/cgsh_order_operate.html?command=get_materiel&rest_code=00151&code=00101008131&supplier_code=00100008&order_time=2022-11-09 HTTP/1.1" 200 408
58.221.95.50 - - [09/Nov/2022:09:35:26 +0800] "GET /xingrg/all/function/internal_message.html?_=1667957721851&CODE_STATE=getMsg HTTP/1.1" 200 27
116.238.139.35 - - [09/Nov/2022:09:35:28 +0800] "GET /xingrg/kc/buy/cgsh_order_operate.html?command=get_materiel&rest_code=00151&code=00101008318&supplier_code=00100008&order_time=2022-11-09 HTTP/1.1" 200 408
116.238.139.35 - - [09/Nov/2022:09:35:28 +0800] "GET /xingrg/all/function/internal_message.html?_=1667957656817&CODE_STATE=getMsg HTTP/1.1" 200 27
116.230.105.139 - - [09/Nov/2022:09:35:35 +0800] "GET /xingrg/all/function/internal_message.html?_=1667957734877&CODE_STATE=getMsg HTTP/1.1" 200 27
116.238.139.35 - - [09/Nov/2022:09:35:35 +0800] "GET /xingrg/kc/buy/cgsh_order_operate.html?command=get_materiel&rest_code=00151&code=00101008352&supplier_code=00100008&order_time=2022-11-09 HTTP/1.1" 200 412
114.83.219.194 - - [09/Nov/2022:09:35:35 +0800] "POST /xingrg/services/DataTransmitService HTTP/1.1" 401 565
114.83.219.194 - - [09/Nov/2022:09:35:35 +0800] "POST /xingrg/services/DataTransmitService HTTP/1.1" 200 478
114.83.219.194 - - [09/Nov/2022:09:35:35 +0800] "POST /xingrg/services/DataTransmitService HTTP/1.1" 200 1319
114.83.219.194 - - [09/Nov/2022:09:35:35 +0800] "POST /xingrg/services/DataTransmitService HTTP/1.1" 200 478
114.83.219.194 - - [09/Nov/2022:09:35:35 +0800] "POST /xingrg/services/DataTransmitService HTTP/1.1" 200 1319
114.83.219.194 - - [09/Nov/2022:09:35:35 +0800] "POST /xingrg/services/DataTransmitService HTTP/1.1" 200 524
114.83.219.194 - - [09/Nov/2022:09:35:36 +0800] "POST /xingrg/services/DataTransmitService HTTP/1.1" 200 2155
114.83.219.194 - - [09/Nov/2022:09:35:36 +0800] "POST /xingrg/services/DataTransmitService HTTP/1.1" 200 45454
114.83.219.194 - - [09/Nov/2022:09:35:36 +0800] "POST /xingrg/services/DataTransmitService HTTP/1.1" 200 19237
180.162.229.95 - - [09/Nov/2022:09:35:36 +0800] "GET /xingrg/all/function/internal_message.html?_=1667957742787&CODE_STATE=getMsg HTTP/1.1" 200 27
114.83.219.194 - - [09/Nov/2022:09:35:39 +0800] "POST /xingrg/services/DataTransmitService HTTP/1.1" 200 524
114.83.219.194 - - [09/Nov/2022:09:35:39 +0800] "POST /xingrg/services/DataTransmitService HTTP/1.1" 200 2155
116.238.139.35 - - [09/Nov/2022:09:35:42 +0800] "GET /xingrg/kc/buy/cgsh_order_operate.html?command=get_materiel&rest_code=00151&code=00101008344&supplier_code=00100008&order_time=2022-11-09 HTTP/1.1" 200 412
58.40.7.146 - - [09/Nov/2022:09:35:48 +0800] "GET /xingrg/all/function/internal_message.html?_=1667957754189&CODE_STATE=getMsg HTTP/1.1" 200 27
116.238.139.35 - - [09/Nov/2022:09:35:49 +0800] "GET /xingrg/kc/buy/cgsh_order_operate.html?command=get_materiel&rest_code=00151&code=00101020139&supplier_code=00100008&order_time=2022-11-09 HTTP/1.1" 200 435
116.238.139.35 - - [09/Nov/2022:09:35:51 +0800] "POST /xingrg/kc/buy/cgsh_order_operate.html HTTP/1.1" 200 2065
218.81.217.29 - - [09/Nov/2022:09:35:51 +0800] "GET /xingrg/all/function/internal_message.html?_=1667957767140&CODE_STATE=getMsg HTTP/1.1" 200 27
114.88.159.190 - - [09/Nov/2022:09:35:55 +0800] "GET /xingrg/all/function/internal_message.html?_=1667957375031&CODE_STATE=getMsg HTTP/1.1" 200 27
116.238.139.35 - - [09/Nov/2022:09:35:57 +0800] "GET /xingrg/kc/buy/cgsh_order_operate.html?command=get_materiel&rest_code=00151&code=00101008017&supplier_code=00100008&order_time=2022-11-09 HTTP/1.1" 200 416
114.88.159.190 - - [09/Nov/2022:09:36:00 +0800] "GET /xingrg/kc/buy/cgsh_order_operate.html?command=get_materiel&rest_code=00141&code=00101008304&supplier_code=00100007&order_time=2022-11-09 HTTP/1.1" 200 412
116.238.139.35 - - [09/Nov/2022:09:36:03 +0800] "GET /xingrg/kc/buy/cgsh_order_operate.html?command=get_materiel&rest_code=00151&code=00101008096&supplier_code=00100008&order_time=2022-11-09 HTTP/1.1" 200 412
116.235.93.82 - - [09/Nov/2022:09:36:03 +0800] "GET /xingrg/all/function/internal_message.html?_=1667957983779&CODE_STATE=getMsg HTTP/1.1" 200 27
180.163.28.109 - - [09/Nov/2022:09:36:04 +0800] "GET /xingrg/all/function/internal_message.html?_=1667957709400&CODE_STATE=getMsg HTTP/1.1" 302 -
180.163.28.109 - - [09/Nov/2022:09:36:04 +0800] "GET /xingrg/login.html HTTP/1.1" 200 7641
61.170.233.146 - - [09/Nov/2022:09:36:04 +0800] "GET /xingrg/all/function/internal_message.html?_=1667957769380&CODE_STATE=getMsg HTTP/1.1" 200 27
114.95.46.117 - - [09/Nov/2022:09:36:05 +0800] "GET /xingrg/all/function/internal_message.html?_=1667957621569&CODE_STATE=getMsg HTTP/1.1" 200 27
116.238.139.35 - - [09/Nov/2022:09:36:09 +0800] "GET /xingrg/kc/buy/cgsh_order_operate.html?command=get_materiel&rest_code=00151&code=00101008312&supplier_code=00100008&order_time=2022-11-09 HTTP/1.1" 200 412
114.83.219.57 - - [09/Nov/2022:09:36:16 +0800] "GET /xingrg/check_reg.html?_=1667957898382 HTTP/1.1" 200 22
114.83.219.57 - - [09/Nov/2022:09:36:16 +0800] "GET /xingrg/all/function/internal_message.html?_=1667957898384&CODE_STATE=getMsg HTTP/1.1" 200 27
114.88.159.190 - - [09/Nov/2022:09:36:19 +0800] "GET /xingrg/all/function/internal_message.html?_=1667957784497&CODE_STATE=getMsg HTTP/1.1" 200 27
116.238.139.35 - - [09/Nov/2022:09:36:20 +0800] "GET /xingrg/all/function/internal_message.html?_=1667957787406&CODE_STATE=getMsg HTTP/1.1" 200 27
114.88.159.190 - - [09/Nov/2022:09:36:26 +0800] "GET /xingrg/kc/buy/cgsh_order_operate.html?command=get_materiel&rest_code=00141&code=00101008225&supplier_code=00100007&order_time=2022-11-09 HTTP/1.1" 200 416
58.221.95.50 - - [09/Nov/2022:09:36:26 +0800] "GET /xingrg/all/function/internal_message.html?_=1667957781858&CODE_STATE=getMsg HTTP/1.1" 200 27
116.238.139.35 - - [09/Nov/2022:09:36:28 +0800] "GET /xingrg/all/function/internal_message.html?_=1667957716824&CODE_STATE=getMsg HTTP/1.1" 200 27
116.230.105.139 - - [09/Nov/2022:09:36:35 +0800] "GET /xingrg/check_reg.html?_=1667957794867 HTTP/1.1" 200 22
116.230.105.139 - - [09/Nov/2022:09:36:35 +0800] "GET /xingrg/all/function/internal_message.html?_=1667957794870&CODE_STATE=getMsg HTTP/1.1" 200 27
180.162.229.95 - - [09/Nov/2022:09:36:36 +0800] "GET /xingrg/all/function/internal_message.html?_=1667957802779&CODE_STATE=getMsg HTTP/1.1" 200 27
180.162.229.95 - - [09/Nov/2022:09:36:36 +0800] "GET /xingrg/check_reg.html?_=1667957802939 HTTP/1.1" 200 22
114.88.159.190 - - [09/Nov/2022:09:36:46 +0800] "GET /xingrg/kc/buy/cgsh_order_operate.html?command=get_materiel&rest_code=00141&code=00101008298&supplier_code=00100007&order_time=2022-11-09 HTTP/1.1" 200 412
58.40.7.146 - - [09/Nov/2022:09:36:48 +0800] "GET /xingrg/all/function/internal_message.html?_=1667957814190&CODE_STATE=getMsg HTTP/1.1" 200 27
218.81.217.29 - - [09/Nov/2022:09:36:51 +0800] "GET /xingrg/all/function/internal_message.html?_=1667957827144&CODE_STATE=getMsg HTTP/1.1" 200 27
116.238.139.35 - - [09/Nov/2022:09:36:51 +0800] "POST /xingrg/kc/buy/cgsh_order_operate.html HTTP/1.1" 200 37
116.238.139.35 - - [09/Nov/2022:09:36:53 +0800] "POST /xingrg/kc/buy/cgsh_order_operate.html HTTP/1.1" 200 15874
114.88.159.190 - - [09/Nov/2022:09:36:55 +0800] "GET /xingrg/all/function/internal_message.html?_=1667957435095&CODE_STATE=getMsg HTTP/1.1" 200 27
116.235.93.82 - - [09/Nov/2022:09:37:03 +0800] "GET /xingrg/all/function/internal_message.html?_=1667958043777&CODE_STATE=getMsg HTTP/1.1" 200 27
61.170.233.146 - - [09/Nov/2022:09:37:04 +0800] "GET /xingrg/all/function/internal_message.html?_=1667957829351&CODE_STATE=getMsg HTTP/1.1" 200 27
180.163.30.76 - - [09/Nov/2022:09:37:04 +0800] "GET /xingrg/all/function/internal_message.html?_=1667957769380&CODE_STATE=getMsg HTTP/1.1" 302 -
180.163.30.76 - - [09/Nov/2022:09:37:04 +0800] "GET /xingrg/login.html HTTP/1.1" 200 7641
114.95.46.117 - - [09/Nov/2022:09:37:05 +0800] "GET /xingrg/all/function/internal_message.html?_=1667957681554&CODE_STATE=getMsg HTTP/1.1" 200 27
116.238.139.35 - - [09/Nov/2022:09:37:06 +0800] "POST /xingrg/kc/buy/cgsh_order_operate.html HTTP/1.1" 200 37
116.238.139.35 - - [09/Nov/2022:09:37:08 +0800] "POST /xingrg/kc/buy/cgsh_order_operate.html HTTP/1.1" 200 15829
116.238.139.35 - - [09/Nov/2022:09:37:10 +0800] "POST /xingrg/all/user/operate.html HTTP/1.1" 200 36
116.238.139.35 - - [09/Nov/2022:09:37:10 +0800] "GET /xingrg/javascript/jquery_easy_ui/themes/default/easyui.css HTTP/1.1" 304 -
116.238.139.35 - - [09/Nov/2022:09:37:10 +0800] "GET /xingrg/index.html?sysBaseUrl=http%3A%2F%2F180.169.147.146%3A18081%2Fxingrg%2F&costTime=45×tamp=1667955676862 HTTP/1.1" 200 17179
116.238.139.35 - - [09/Nov/2022:09:37:10 +0800] "GET /xingrg/javascript/jquery_easy_ui/themes/icon.css HTTP/1.1" 304 -
116.238.139.35 - - [09/Nov/2022:09:37:10 +0800] "GET /xingrg/css/form.css HTTP/1.1" 304 -
116.238.139.35 - - [09/Nov/2022:09:37:10 +0800] "GET /xingrg/javascript/jquery-1.4.2.min.js HTTP/1.1" 304 -
116.238.139.35 - - [09/Nov/2022:09:37:10 +0800] "GET /xingrg/javascript/jquery_easy_ui/jquery.easyui.min.js HTTP/1.1" 304 -
116.238.139.35 - - [09/Nov/2022:09:37:10 +0800] "GET /xingrg/javascript/jquery_easy_ui/easyui-lang-zh_CN.js HTTP/1.1" 304 -
116.238.139.35 - - [09/Nov/2022:09:37:10 +0800] "GET /xingrg/javascript/jquery.form.js HTTP/1.1" 304 -
116.238.139.35 - - [09/Nov/2022:09:37:10 +0800] "GET /xingrg/javascript/jquery.utils.js HTTP/1.1" 304 -
116.238.139.35 - - [09/Nov/2022:09:37:10 +0800] "GET /xingrg/javascript/jquery.timers.js HTTP/1.1" 304 -
116.238.139.35 - - [09/Nov/2022:09:37:10 +0800] "GET /xingrg/images/blue/jxLogo.png HTTP/1.1" 304 -
116.238.139.35 - - [09/Nov/2022:09:37:10 +0800] "GET /xingrg/images/blue/navBackgound.jpg HTTP/1.1" 304 -
116.238.139.35 - - [09/Nov/2022:09:37:10 +0800] "GET /xingrg/javascript/jquery_easy_ui/themes/icons/settle_new.png HTTP/1.1" 304 -
116.238.139.35 - - [09/Nov/2022:09:37:10 +0800] "POST /xingrg/all/common/load_tree.html?tree=area_rest_tree_json&manage=1 HTTP/1.1" 200 476
116.238.139.35 - - [09/Nov/2022:09:37:10 +0800] "GET /xingrg/all/function/internal_message.html?_=1667957837407&CODE_STATE=count HTTP/1.1" 200 11
116.238.139.35 - - [09/Nov/2022:09:37:10 +0800] "GET /xingrg/check_reg.html?_=1667957837409 HTTP/1.1" 200 22
116.238.139.35 - - [09/Nov/2022:09:37:10 +0800] "GET /xingrg/javascript/jquery_easy_ui/themes/default/images/tabs_rightarrow.png HTTP/1.1" 304 -
116.238.139.35 - - [09/Nov/2022:09:37:10 +0800] "GET /xingrg/images/blue/pingpu.png HTTP/1.1" 304 -
116.238.139.35 - - [09/Nov/2022:09:37:10 +0800] "GET /xingrg/javascript/jquery_easy_ui/themes/default/images/panel_tool_collapse.gif HTTP/1.1" 304 -
116.238.139.35 - - [09/Nov/2022:09:37:10 +0800] "GET /xingrg/javascript/jquery_easy_ui/themes/default/images/tabs_leftarrow.png HTTP/1.1" 304 -
116.238.139.35 - - [09/Nov/2022:09:37:11 +0800] "POST /xingrg/load_menu.html HTTP/1.1" 200 5138
116.238.139.35 - - [09/Nov/2022:09:37:14 +0800] "GET /xingrg/kc/buy/cgsh_order_list.html HTTP/1.1" 200 53492
116.238.139.35 - - [09/Nov/2022:09:37:15 +0800] "POST /xingrg/kc/buy/cgsh_list_operate.html HTTP/1.1" 200 986
116.238.139.35 - - [09/Nov/2022:09:37:16 +0800] "GET /xingrg/kc/buy/cgsh_order_add.html HTTP/1.1" 200 69267
114.83.219.57 - - [09/Nov/2022:09:37:16 +0800] "GET /xingrg/all/function/internal_message.html?_=1667957958398&CODE_STATE=getMsg HTTP/1.1" 200 27
116.238.139.35 - - [09/Nov/2022:09:37:16 +0800] "POST /xingrg/kc/buy/cgsh_order_operate.html HTTP/1.1" 200 8245
116.238.139.35 - - [09/Nov/2022:09:37:16 +0800] "GET /xingrg/javascript/easyui/themes/default/validatebox.css HTTP/1.1" 404 1104
116.238.139.35 - - [09/Nov/2022:09:37:17 +0800] "GET /xingrg/javascript/auto/indicator.gif HTTP/1.1" 404 1066
114.88.159.190 - - [09/Nov/2022:09:37:19 +0800] "GET /xingrg/all/function/internal_message.html?_=1667957844523&CODE_STATE=getMsg HTTP/1.1" 200 27
114.88.159.190 - - [09/Nov/2022:09:37:19 +0800] "GET /xingrg/check_reg.html?_=1667957844524 HTTP/1.1" 200 22
58.221.95.50 - - [09/Nov/2022:09:37:26 +0800] "GET /xingrg/all/function/internal_message.html?_=1667957841892&CODE_STATE=getMsg HTTP/1.1" 200 27
116.238.139.35 - - [09/Nov/2022:09:37:28 +0800] "GET /xingrg/kc/buy/cgsh_order_operate.html?command=get_materiel&rest_code=00150&code=00101008072&supplier_code=00100008&order_time=2022-11-09 HTTP/1.1" 200 408
116.238.139.35 - - [09/Nov/2022:09:37:28 +0800] "GET /xingrg/all/function/internal_message.html?_=1667957776849&CODE_STATE=getMsg HTTP/1.1" 200 27
114.88.159.190 - - [09/Nov/2022:09:37:29 +0800] "GET /xingrg/kc/buy/cgsh_order_operate.html?command=get_materiel&rest_code=00141&code=00101015054&supplier_code=00100007&order_time=2022-11-09 HTTP/1.1" 200 423
116.230.105.139 - - [09/Nov/2022:09:37:35 +0800] "GET /xingrg/all/function/internal_message.html?_=1667957854869&CODE_STATE=getMsg HTTP/1.1" 200 27
180.162.229.95 - - [09/Nov/2022:09:37:36 +0800] "GET /xingrg/all/function/internal_message.html?_=1667957862760&CODE_STATE=getMsg HTTP/1.1" 200 27
116.238.139.35 - - [09/Nov/2022:09:37:38 +0800] "GET /xingrg/kc/buy/cgsh_order_operate.html?command=get_materiel&rest_code=00150&code=00101008027&supplier_code=00100008&order_time=2022-11-09 HTTP/1.1" 200 408
114.88.159.190 - - [09/Nov/2022:09:37:44 +0800] "GET /xingrg/kc/buy/cgsh_order_operate.html?command=get_materiel&rest_code=00141&code=00101015060&supplier_code=00100007&order_time=2022-11-09 HTTP/1.1" 200 412
58.40.7.146 - - [09/Nov/2022:09:37:48 +0800] "GET /xingrg/check_reg.html?_=1667957874192 HTTP/1.1" 200 22
58.40.7.146 - - [09/Nov/2022:09:37:48 +0800] "GET /xingrg/all/function/internal_message.html?_=1667957874194&CODE_STATE=getMsg HTTP/1.1" 200 27
116.238.139.35 - - [09/Nov/2022:09:37:49 +0800] "GET /xingrg/kc/buy/cgsh_order_operate.html?command=get_materiel&rest_code=00150&code=00101008019&supplier_code=00100008&order_time=2022-11-09 HTTP/1.1" 200 416
218.81.217.29 - - [09/Nov/2022:09:37:51 +0800] "GET /xingrg/all/function/internal_message.html?_=1667957887250&CODE_STATE=getMsg HTTP/1.1" 200 27
114.88.159.190 - - [09/Nov/2022:09:37:54 +0800] "POST /xingrg/kc/buy/cgsh_order_operate.html HTTP/1.1" 200 2065
114.88.159.190 - - [09/Nov/2022:09:37:55 +0800] "GET /xingrg/all/function/internal_message.html?_=1667957495021&CODE_STATE=getMsg HTTP/1.1" 200 27
116.238.139.35 - - [09/Nov/2022:09:37:56 +0800] "GET /xingrg/kc/buy/cgsh_order_operate.html?command=get_materiel&rest_code=00150&code=00101008331&supplier_code=00100008&order_time=2022-11-09 HTTP/1.1" 200 416
114.88.159.190 - - [09/Nov/2022:09:38:01 +0800] "GET /xingrg/kc/buy/cgsh_order_operate.html?command=get_materiel&rest_code=00141&code=00101008223&supplier_code=00100007&order_time=2022-11-09 HTTP/1.1" 200 412
58.221.95.50 - - [09/Nov/2022:09:38:01 +0800] "GET /xingrg/check_reg.html?_=1667957876351 HTTP/1.1" 200 22
116.235.93.82 - - [09/Nov/2022:09:38:03 +0800] "GET /xingrg/check_reg.html?_=1667958103777 HTTP/1.1" 200 22
116.235.93.82 - - [09/Nov/2022:09:38:03 +0800] "GET /xingrg/all/function/internal_message.html?_=1667958103775&CODE_STATE=getMsg HTTP/1.1" 200 27
180.163.29.206 - - [09/Nov/2022:09:38:04 +0800] "GET /xingrg/all/function/internal_message.html?_=1667957829351&CODE_STATE=getMsg HTTP/1.1" 302 -
180.163.29.206 - - [09/Nov/2022:09:38:04 +0800] "GET /xingrg/login.html HTTP/1.1" 200 7641
61.170.233.146 - - [09/Nov/2022:09:38:04 +0800] "GET /xingrg/all/function/internal_message.html?_=1667957889331&CODE_STATE=getMsg HTTP/1.1" 200 27
114.95.46.117 - - [09/Nov/2022:09:38:05 +0800] "GET /xingrg/all/function/internal_message.html?_=1667957741544&CODE_STATE=getMsg HTTP/1.1" 200 27
116.238.139.35 - - [09/Nov/2022:09:38:10 +0800] "GET /xingrg/all/function/internal_message.html?_=1667957897412&CODE_STATE=getMsg HTTP/1.1" 200 27
114.88.159.190 - - [09/Nov/2022:09:38:11 +0800] "GET /xingrg/kc/buy/cgsh_order_operate.html?command=get_materiel&rest_code=00141&code=00101008558&supplier_code=00100007&order_time=2022-11-09 HTTP/1.1" 200 409
116.238.139.35 - - [09/Nov/2022:09:38:11 +0800] "GET /xingrg/kc/buy/cgsh_order_operate.html?command=get_materiel&rest_code=00150&code=00101008350&supplier_code=00100008&order_time=2022-11-09 HTTP/1.1" 200 408
114.83.219.57 - - [09/Nov/2022:09:38:16 +0800] "GET /xingrg/all/function/internal_message.html?_=1667958018388&CODE_STATE=getMsg HTTP/1.1" 200 27
116.238.139.35 - - [09/Nov/2022:09:38:16 +0800] "GET /xingrg/check_reg.html?_=1667957824591 HTTP/1.1" 200 22
114.88.159.190 - - [09/Nov/2022:09:38:19 +0800] "GET /xingrg/all/function/internal_message.html?_=1667957904523&CODE_STATE=getMsg HTTP/1.1" 200 27
58.221.95.50 - - [09/Nov/2022:09:38:26 +0800] "GET /xingrg/all/function/internal_message.html?_=1667957901899&CODE_STATE=getMsg HTTP/1.1" 200 27
218.81.217.29 - - [09/Nov/2022:09:38:27 +0800] "GET /xingrg/check_reg.html?_=1667957922991 HTTP/1.1" 200 22
116.238.139.35 - - [09/Nov/2022:09:38:28 +0800] "GET /xingrg/all/function/internal_message.html?_=1667957836866&CODE_STATE=getMsg HTTP/1.1" 200 27
114.88.159.190 - - [09/Nov/2022:09:38:33 +0800] "GET /xingrg/kc/buy/cgsh_order_operate.html?command=get_materiel&rest_code=00141&code=00101008150&supplier_code=00100007&order_time=2022-11-09 HTTP/1.1" 200 409
116.230.105.139 - - [09/Nov/2022:09:38:35 +0800] "GET /xingrg/all/function/internal_message.html?_=1667957914869&CODE_STATE=getMsg HTTP/1.1" 200 27
180.162.229.95 - - [09/Nov/2022:09:38:36 +0800] "GET /xingrg/all/function/internal_message.html?_=1667957922754&CODE_STATE=getMsg HTTP/1.1" 200 27
58.40.7.146 - - [09/Nov/2022:09:38:48 +0800] "GET /xingrg/all/function/internal_message.html?_=1667957934178&CODE_STATE=getMsg HTTP/1.1" 200 27
114.88.159.190 - - [09/Nov/2022:09:38:48 +0800] "GET /xingrg/kc/buy/cgsh_order_operate.html?command=get_materiel&rest_code=00141&code=00101009016&supplier_code=00100007&order_time=2022-11-09 HTTP/1.1" 200 412
116.238.139.35 - - [09/Nov/2022:09:38:50 +0800] "GET /xingrg/kc/buy/cgsh_order_operate.html?command=get_materiel&rest_code=00150&code=00101013168&supplier_code=00100008&order_time=2022-11-09 HTTP/1.1" 200 413
218.81.217.29 - - [09/Nov/2022:09:38:51 +0800] "GET /xingrg/all/function/internal_message.html?_=1667957947266&CODE_STATE=getMsg HTTP/1.1" 200 27
114.88.159.190 - - [09/Nov/2022:09:38:55 +0800] "GET /xingrg/all/function/internal_message.html?_=1667957555113&CODE_STATE=getMsg HTTP/1.1" 200 27
116.238.139.35 - - [09/Nov/2022:09:39:00 +0800] "GET /xingrg/kc/buy/cgsh_order_operate.html?command=get_materiel&rest_code=00150&code=00101008125&supplier_code=00100008&order_time=2022-11-09 HTTP/1.1" 200 413
116.235.93.82 - - [09/Nov/2022:09:39:03 +0800] "GET /xingrg/all/function/internal_message.html?_=1667958163775&CODE_STATE=getMsg HTTP/1.1" 200 27
180.163.29.212 - - [09/Nov/2022:09:39:04 +0800] "GET /xingrg/all/function/internal_message.html?_=1667957889331&CODE_STATE=getMsg HTTP/1.1" 302 -
180.163.29.212 - - [09/Nov/2022:09:39:04 +0800] "GET /xingrg/login.html HTTP/1.1" 200 7641
61.170.233.146 - - [09/Nov/2022:09:39:04 +0800] "GET /xingrg/all/function/internal_message.html?_=1667957949303&CODE_STATE=getMsg HTTP/1.1" 200 27
114.95.46.117 - - [09/Nov/2022:09:39:05 +0800] "GET /xingrg/all/function/internal_message.html?_=1667957801532&CODE_STATE=getMsg HTTP/1.1" 200 27
61.170.233.146 - - [09/Nov/2022:09:39:05 +0800] "GET /xingrg/check_reg.html?_=1667957950165 HTTP/1.1" 200 22
114.88.159.190 - - [09/Nov/2022:09:39:09 +0800] "GET /xingrg/kc/buy/cgsh_order_operate.html?command=get_materiel&rest_code=00141&code=00101009013&supplier_code=00100007&order_time=2022-11-09 HTTP/1.1" 200 422
116.238.139.35 - - [09/Nov/2022:09:39:10 +0800] "GET /xingrg/kc/buy/cgsh_order_operate.html?command=get_materiel&rest_code=00150&code=00101008010&supplier_code=00100008&order_time=2022-11-09 HTTP/1.1" 200 412
116.238.139.35 - - [09/Nov/2022:09:39:11 +0800] "GET /xingrg/all/function/internal_message.html?_=1667957957422&CODE_STATE=getMsg HTTP/1.1" 200 27
114.83.219.57 - - [09/Nov/2022:09:39:16 +0800] "GET /xingrg/all/function/internal_message.html?_=1667958078395&CODE_STATE=getMsg HTTP/1.1" 200 27
114.88.159.190 - - [09/Nov/2022:09:39:17 +0800] "POST /xingrg/kc/buy/cgsh_order_operate.html HTTP/1.1" 200 2065
114.88.159.190 - - [09/Nov/2022:09:39:19 +0800] "GET /xingrg/all/function/internal_message.html?_=1667957964522&CODE_STATE=getMsg HTTP/1.1" 200 27
116.238.139.35 - - [09/Nov/2022:09:39:21 +0800] "GET /xingrg/kc/buy/cgsh_order_operate.html?command=get_materiel&rest_code=00150&code=00101009015&supplier_code=00100008&order_time=2022-11-09 HTTP/1.1" 200 416
114.88.159.190 - - [09/Nov/2022:09:39:24 +0800] "GET /xingrg/kc/buy/cgsh_order_operate.html?command=get_materiel&rest_code=00141&code=00101008165&supplier_code=00100007&order_time=2022-11-09 HTTP/1.1" 200 417
58.221.95.50 - - [09/Nov/2022:09:39:26 +0800] "GET /xingrg/all/function/internal_message.html?_=1667957961913&CODE_STATE=getMsg HTTP/1.1" 200 27
116.238.139.35 - - [09/Nov/2022:09:39:28 +0800] "GET /xingrg/all/function/internal_message.html?_=1667957896880&CODE_STATE=getMsg HTTP/1.1" 200 27
116.238.139.35 - - [09/Nov/2022:09:39:32 +0800] "GET /xingrg/kc/buy/cgsh_order_operate.html?command=get_materiel&rest_code=00150&code=00101008038&supplier_code=00100008&order_time=2022-11-09 HTTP/1.1" 200 413
