218.81.217.29 - - [09/Nov/2022:11:32:04 +0800] "GET /xingrg/kc/buy/cgsh_order_operate.html?command=get_materiel&rest_code=00146&code=00101004034&supplier_code=00100085&order_time=2022-11-09 HTTP/1.1" 200 418
218.81.217.29 - - [09/Nov/2022:11:32:07 +0800] "GET /xingrg/all/function/internal_message.html?_=1667964743058&CODE_STATE=getMsg HTTP/1.1" 200 27
101.85.95.132 - - [09/Nov/2022:11:32:09 +0800] "POST /xingrg/kc/buy/cgsh_order_operate.html HTTP/1.1" 200 37
116.230.105.139 - - [09/Nov/2022:11:32:10 +0800] "GET /xingrg/kc/buy/cgsh_order_operate.html?command=get_materiel&rest_code=00155&code=00101004101&supplier_code=00100090&order_time=2022-11-09 HTTP/1.1" 200 433
180.163.30.85 - - [09/Nov/2022:11:32:11 +0800] "GET /xingrg/all/function/internal_message.html?_=1667964676021&CODE_STATE=getMsg HTTP/1.1" 302 -
180.163.30.85 - - [09/Nov/2022:11:32:11 +0800] "GET /xingrg/login.html HTTP/1.1" 200 7641
101.85.95.132 - - [09/Nov/2022:11:32:11 +0800] "POST /xingrg/kc/buy/cgsh_order_operate.html HTTP/1.1" 200 2676
61.170.233.146 - - [09/Nov/2022:11:32:11 +0800] "GET /xingrg/all/function/internal_message.html?_=1667964736001&CODE_STATE=getMsg HTTP/1.1" 200 27
116.230.105.139 - - [09/Nov/2022:11:32:16 +0800] "POST /xingrg/kc/buy/cgsh_order_operate.html HTTP/1.1" 200 37
116.230.105.139 - - [09/Nov/2022:11:32:17 +0800] "POST /xingrg/kc/buy/cgsh_order_operate.html HTTP/1.1" 200 2660
180.162.229.95 - - [09/Nov/2022:11:32:17 +0800] "GET /xingrg/all/function/internal_message.html?_=1667964743073&CODE_STATE=getMsg HTTP/1.1" 200 27
116.230.105.139 - - [09/Nov/2022:11:32:18 +0800] "GET /xingrg/kc/print/load_data.html?order_code=212022110902770&kc_code=cgsh&condition= HTTP/1.1" 200 748
114.83.219.194 - - [09/Nov/2022:11:32:18 +0800] "GET /xingrg/all/function/internal_message.html?_=1667964743630&CODE_STATE=getMsg HTTP/1.1" 200 27
180.169.147.146 - - [09/Nov/2022:11:32:21 +0800] "GET /xingrg/all/function/internal_message.html?_=1667964746685&CODE_STATE=getMsg HTTP/1.1" 200 27
114.84.81.136 - - [09/Nov/2022:11:32:22 +0800] "GET /xingrg/all/function/internal_message.html?_=1667964748570&CODE_STATE=getMsg HTTP/1.1" 200 27
116.230.105.139 - - [09/Nov/2022:11:32:22 +0800] "GET /xingrg/kc/buy/cgsh_order_add.html HTTP/1.1" 200 69273
116.230.105.139 - - [09/Nov/2022:11:32:23 +0800] "POST /xingrg/kc/buy/cgsh_order_operate.html HTTP/1.1" 200 8245
116.230.105.139 - - [09/Nov/2022:11:32:23 +0800] "GET /xingrg/javascript/easyui/themes/default/validatebox.css HTTP/1.1" 404 1104
218.81.217.29 - - [09/Nov/2022:11:32:24 +0800] "POST /xingrg/kc/buy/cgsh_order_operate.html HTTP/1.1" 200 37
180.162.109.76 - - [09/Nov/2022:11:32:26 +0800] "GET /xingrg/all/function/internal_message.html?_=1667963809112&CODE_STATE=getMsg HTTP/1.1" 200 27
218.81.217.29 - - [09/Nov/2022:11:32:26 +0800] "POST /xingrg/kc/buy/cgsh_order_operate.html HTTP/1.1" 200 2664
180.169.147.146 - - [09/Nov/2022:11:32:26 +0800] "GET /xingrg/all/function/internal_message.html?_=1667964752761&CODE_STATE=getMsg HTTP/1.1" 200 27
116.230.105.139 - - [09/Nov/2022:11:32:27 +0800] "GET /xingrg/all/function/internal_message.html?_=1667964753518&CODE_STATE=getMsg HTTP/1.1" 200 27
218.81.217.29 - - [09/Nov/2022:11:32:29 +0800] "GET /xingrg/kc/print/load_data.html?order_code=212022110902771&kc_code=cgsh&condition= HTTP/1.1" 200 746
114.83.219.57 - - [09/Nov/2022:11:32:30 +0800] "GET /xingrg/all/function/internal_message.html?_=1667964872839&CODE_STATE=getMsg HTTP/1.1" 200 27
116.238.139.35 - - [09/Nov/2022:11:32:31 +0800] "GET /xingrg/all/function/internal_message.html?_=1667964678866&CODE_STATE=getMsg HTTP/1.1" 200 27
116.230.105.139 - - [09/Nov/2022:11:32:31 +0800] "GET /xingrg/kc/buy/cgsh_order_operate.html?command=get_materiel&rest_code=00155&code=00101003006&supplier_code=00100092&order_time=2022-11-09 HTTP/1.1" 200 434
101.85.95.132 - - [09/Nov/2022:11:32:32 +0800] "POST /xingrg/kc/buy/cgsh_order_operate.html HTTP/1.1" 200 37
180.162.229.95 - - [09/Nov/2022:11:32:32 +0800] "GET /xingrg/all/function/internal_message.html?_=1667964776750&CODE_STATE=getMsg HTTP/1.1" 200 27
58.221.95.50 - - [09/Nov/2022:11:32:33 +0800] "GET /xingrg/all/function/internal_message.html?_=1667964744673&CODE_STATE=getMsg HTTP/1.1" 200 27
116.230.105.139 - - [09/Nov/2022:11:32:35 +0800] "GET /xingrg/all/function/internal_message.html?_=1667964754963&CODE_STATE=getMsg HTTP/1.1" 200 27
101.85.95.132 - - [09/Nov/2022:11:32:35 +0800] "POST /xingrg/kc/buy/cgsh_order_operate.html HTTP/1.1" 200 12
101.85.95.132 - - [09/Nov/2022:11:32:37 +0800] "GET /xingrg/kc/buy/cgsh_order_info.html?code=212022110902769 HTTP/1.1" 200 63287
101.85.95.132 - - [09/Nov/2022:11:32:37 +0800] "GET /xingrg/javascript/easyui/themes/default/validatebox.css HTTP/1.1" 404 1104
116.230.105.139 - - [09/Nov/2022:11:32:40 +0800] "POST /xingrg/kc/buy/cgsh_order_operate.html HTTP/1.1" 200 37
101.85.95.132 - - [09/Nov/2022:11:32:40 +0800] "POST /xingrg/kc/buy/cgsh_order_operate.html HTTP/1.1" 200 626
116.230.105.139 - - [09/Nov/2022:11:32:41 +0800] "POST /xingrg/kc/buy/cgsh_order_operate.html HTTP/1.1" 200 2661
116.230.105.139 - - [09/Nov/2022:11:32:42 +0800] "GET /xingrg/kc/print/load_data.html?order_code=212022110902772&kc_code=cgsh&condition= HTTP/1.1" 200 731
101.85.95.132 - - [09/Nov/2022:11:32:42 +0800] "GET /xingrg/kc/print/load_config.html?kc_code=cgsh HTTP/1.1" 200 1943
101.85.95.132 - - [09/Nov/2022:11:32:42 +0800] "GET /xingrg/kc/print/load_data.html?order_code=212022110902769&kc_code=cgsh&condition= HTTP/1.1" 200 724
101.85.95.132 - - [09/Nov/2022:11:32:44 +0800] "GET /xingrg/all/function/internal_message.html?_=1667964768483&CODE_STATE=getMsg HTTP/1.1" 200 27
218.81.217.29 - - [09/Nov/2022:11:32:44 +0800] "GET /xingrg/kc/buy/cgsh_order_add.html HTTP/1.1" 200 69267
116.230.105.139 - - [09/Nov/2022:11:32:45 +0800] "GET /xingrg/kc/buy/cgsh_order_add.html HTTP/1.1" 200 69273
218.81.217.29 - - [09/Nov/2022:11:32:45 +0800] "POST /xingrg/kc/buy/cgsh_order_operate.html HTTP/1.1" 200 8245
218.81.217.29 - - [09/Nov/2022:11:32:45 +0800] "GET /xingrg/javascript/easyui/themes/default/validatebox.css HTTP/1.1" 404 1104
116.230.105.139 - - [09/Nov/2022:11:32:45 +0800] "POST /xingrg/kc/buy/cgsh_order_operate.html HTTP/1.1" 200 8245
116.230.105.139 - - [09/Nov/2022:11:32:45 +0800] "GET /xingrg/javascript/easyui/themes/default/validatebox.css HTTP/1.1" 404 1104
58.40.7.146 - - [09/Nov/2022:11:32:48 +0800] "GET /xingrg/all/function/internal_message.html?_=1667964774231&CODE_STATE=getMsg HTTP/1.1" 200 27
58.40.7.146 - - [09/Nov/2022:11:32:48 +0800] "GET /xingrg/check_reg.html?_=1667964774232 HTTP/1.1" 200 22
116.238.139.35 - - [09/Nov/2022:11:32:48 +0800] "GET /xingrg/all/function/internal_message.html?_=1667964774988&CODE_STATE=getMsg HTTP/1.1" 200 27
116.238.139.35 - - [09/Nov/2022:11:32:48 +0800] "GET /xingrg/check_reg.html?_=1667964774985 HTTP/1.1" 200 22
101.85.95.132 - - [09/Nov/2022:11:32:50 +0800] "GET /xingrg/kc/buy/cgsh_order_add.html HTTP/1.1" 200 68386
101.85.95.132 - - [09/Nov/2022:11:32:50 +0800] "POST /xingrg/kc/buy/cgsh_order_operate.html HTTP/1.1" 200 8245
101.85.95.132 - - [09/Nov/2022:11:32:50 +0800] "GET /xingrg/javascript/easyui/themes/default/validatebox.css HTTP/1.1" 404 1104
116.230.105.139 - - [09/Nov/2022:11:32:53 +0800] "GET /xingrg/kc/buy/cgsh_order_operate.html?command=get_materiel&rest_code=00155&code=00101004034&supplier_code=00100085&order_time=2022-11-09 HTTP/1.1" 200 416
114.88.159.190 - - [09/Nov/2022:11:32:56 +0800] "GET /xingrg/all/function/internal_message.html?_=1667964395359&CODE_STATE=getMsg HTTP/1.1" 200 27
120.253.135.82 - - [09/Nov/2022:11:32:57 +0800] "GET /xingrg/all/function/internal_message.html?_=1667964870418&CODE_STATE=getMsg HTTP/1.1" 200 27
116.230.105.139 - - [09/Nov/2022:11:32:59 +0800] "POST /xingrg/kc/buy/cgsh_order_operate.html HTTP/1.1" 200 37
116.230.105.139 - - [09/Nov/2022:11:33:00 +0800] "POST /xingrg/kc/buy/cgsh_order_operate.html HTTP/1.1" 200 2664
116.230.105.139 - - [09/Nov/2022:11:33:00 +0800] "GET /xingrg/kc/print/load_data.html?order_code=212022110902773&kc_code=cgsh HTTP/1.1" 200 746
114.88.159.190 - - [09/Nov/2022:11:33:02 +0800] "GET /xingrg/kc/base/wldb_order_operate.html?command=get_materiel&rest_code=00141&base_code=0010382&code=00101019079 HTTP/1.1" 200 479
218.81.217.29 - - [09/Nov/2022:11:33:03 +0800] "GET /xingrg/kc/buy/cgsh_order_operate.html?command=get_materiel&rest_code=00146&code=00101002002&supplier_code=00100087&order_time=2022-11-09 HTTP/1.1" 200 420
116.230.105.139 - - [09/Nov/2022:11:33:03 +0800] "GET /xingrg/kc/print/load_data.html?order_code=212022110902773&kc_code=cgsh&condition= HTTP/1.1" 200 746
114.95.46.117 - - [09/Nov/2022:11:33:03 +0800] "GET /xingrg/all/function/internal_message.html?_=1667964639979&CODE_STATE=getMsg HTTP/1.1" 200 27
116.235.93.82 - - [09/Nov/2022:11:33:03 +0800] "GET /xingrg/check_reg.html?_=1667965003858 HTTP/1.1" 200 22
116.235.93.82 - - [09/Nov/2022:11:33:03 +0800] "GET /xingrg/all/function/internal_message.html?_=1667965003859&CODE_STATE=getMsg HTTP/1.1" 200 27
58.221.95.50 - - [09/Nov/2022:11:33:05 +0800] "GET /xingrg/check_reg.html?_=1667964776480 HTTP/1.1" 200 22
116.230.105.139 - - [09/Nov/2022:11:33:06 +0800] "GET /xingrg/kc/buy/cgsh_order_add.html HTTP/1.1" 200 69273
218.81.217.29 - - [09/Nov/2022:11:33:07 +0800] "GET /xingrg/all/function/internal_message.html?_=1667964803073&CODE_STATE=getMsg HTTP/1.1" 200 27
116.230.105.139 - - [09/Nov/2022:11:33:07 +0800] "POST /xingrg/kc/buy/cgsh_order_operate.html HTTP/1.1" 200 8245
116.230.105.139 - - [09/Nov/2022:11:33:07 +0800] "GET /xingrg/javascript/easyui/themes/default/validatebox.css HTTP/1.1" 404 1104
180.163.30.85 - - [09/Nov/2022:11:33:11 +0800] "GET /xingrg/all/function/internal_message.html?_=1667964736001&CODE_STATE=getMsg HTTP/1.1" 302 -
61.170.233.146 - - [09/Nov/2022:11:33:11 +0800] "GET /xingrg/all/function/internal_message.html?_=1667964795968&CODE_STATE=getMsg HTTP/1.1" 200 27
180.163.30.85 - - [09/Nov/2022:11:33:14 +0800] "GET /xingrg/login.html HTTP/1.1" 200 7641
116.230.105.139 - - [09/Nov/2022:11:33:15 +0800] "GET /xingrg/kc/buy/cgsh_order_operate.html?command=get_materiel&rest_code=00155&code=00101002009&supplier_code=00100094&order_time=2022-11-09 HTTP/1.1" 200 418
116.238.139.35 - - [09/Nov/2022:11:33:16 +0800] "GET /xingrg/check_reg.html?_=1667964724716 HTTP/1.1" 200 22
180.162.229.95 - - [09/Nov/2022:11:33:17 +0800] "GET /xingrg/all/function/internal_message.html?_=1667964803050&CODE_STATE=getMsg HTTP/1.1" 200 27
114.83.219.194 - - [09/Nov/2022:11:33:18 +0800] "GET /xingrg/all/function/internal_message.html?_=1667964803610&CODE_STATE=getMsg HTTP/1.1" 200 27
180.169.147.146 - - [09/Nov/2022:11:33:21 +0800] "GET /xingrg/check_reg.html?_=1667964806684 HTTP/1.1" 200 22
180.169.147.146 - - [09/Nov/2022:11:33:21 +0800] "GET /xingrg/all/function/internal_message.html?_=1667964806685&CODE_STATE=getMsg HTTP/1.1" 200 27
114.84.81.136 - - [09/Nov/2022:11:33:22 +0800] "GET /xingrg/all/function/internal_message.html?_=1667964808571&CODE_STATE=getMsg HTTP/1.1" 200 27
114.84.81.136 - - [09/Nov/2022:11:33:22 +0800] "GET /xingrg/check_reg.html?_=1667964808573 HTTP/1.1" 200 22
116.230.105.139 - - [09/Nov/2022:11:33:24 +0800] "POST /xingrg/kc/buy/cgsh_order_operate.html HTTP/1.1" 200 37
116.230.105.139 - - [09/Nov/2022:11:33:25 +0800] "POST /xingrg/kc/buy/cgsh_order_operate.html HTTP/1.1" 200 2667
180.162.109.76 - - [09/Nov/2022:11:33:26 +0800] "GET /xingrg/all/function/internal_message.html?_=1667963869122&CODE_STATE=getMsg HTTP/1.1" 200 27
116.230.105.139 - - [09/Nov/2022:11:33:26 +0800] "GET /xingrg/kc/print/load_data.html?order_code=212022110902774&kc_code=cgsh&condition= HTTP/1.1" 200 765
180.169.147.146 - - [09/Nov/2022:11:33:26 +0800] "GET /xingrg/check_reg.html?_=1667964812755 HTTP/1.1" 200 22
180.169.147.146 - - [09/Nov/2022:11:33:26 +0800] "GET /xingrg/all/function/internal_message.html?_=1667964812758&CODE_STATE=getMsg HTTP/1.1" 200 27
116.230.105.139 - - [09/Nov/2022:11:33:27 +0800] "GET /xingrg/all/function/internal_message.html?_=1667964813515&CODE_STATE=getMsg HTTP/1.1" 200 27
116.230.105.139 - - [09/Nov/2022:11:33:27 +0800] "GET /xingrg/check_reg.html?_=1667964813518 HTTP/1.1" 200 22
114.83.219.57 - - [09/Nov/2022:11:33:30 +0800] "GET /xingrg/all/function/internal_message.html?_=1667964932830&CODE_STATE=getMsg HTTP/1.1" 200 27
114.83.219.57 - - [09/Nov/2022:11:33:30 +0800] "GET /xingrg/check_reg.html?_=1667964933134 HTTP/1.1" 200 22
116.238.139.35 - - [09/Nov/2022:11:33:31 +0800] "GET /xingrg/all/function/internal_message.html?_=1667964738881&CODE_STATE=getMsg HTTP/1.1" 200 27
180.162.229.95 - - [09/Nov/2022:11:33:32 +0800] "GET /xingrg/all/function/internal_message.html?_=1667964836721&CODE_STATE=getMsg HTTP/1.1" 200 27
58.221.95.50 - - [09/Nov/2022:11:33:33 +0800] "GET /xingrg/all/function/internal_message.html?_=1667964804678&CODE_STATE=getMsg HTTP/1.1" 200 27
218.81.217.29 - - [09/Nov/2022:11:33:33 +0800] "GET /xingrg/check_reg.html?_=1667964829782 HTTP/1.1" 200 22
116.230.105.139 - - [09/Nov/2022:11:33:35 +0800] "GET /xingrg/all/function/internal_message.html?_=1667964814951&CODE_STATE=getMsg HTTP/1.1" 200 27
114.88.159.190 - - [09/Nov/2022:11:33:41 +0800] "GET /xingrg/kc/base/wldb_order_operate.html?command=get_materiel&rest_code=00141&base_code=0010382&code=00101019529 HTTP/1.1" 200 475
218.81.217.29 - - [09/Nov/2022:11:33:41 +0800] "GET /xingrg/kc/buy/cgsh_order_operate.html?command=get_materiel&rest_code=00146&code=00102026001&supplier_code=00100087&order_time=2022-11-09 HTTP/1.1" 200 409
101.85.95.132 - - [09/Nov/2022:11:33:44 +0800] "GET /xingrg/all/function/internal_message.html?_=1667964828456&CODE_STATE=getMsg HTTP/1.1" 200 27
58.40.7.146 - - [09/Nov/2022:11:33:48 +0800] "GET /xingrg/all/function/internal_message.html?_=1667964834233&CODE_STATE=getMsg HTTP/1.1" 200 27
116.238.139.35 - - [09/Nov/2022:11:33:48 +0800] "GET /xingrg/all/function/internal_message.html?_=1667964834989&CODE_STATE=getMsg HTTP/1.1" 200 27
218.81.217.29 - - [09/Nov/2022:11:33:55 +0800] "POST /xingrg/kc/buy/cgsh_order_operate.html HTTP/1.1" 200 37
114.88.159.190 - - [09/Nov/2022:11:33:56 +0800] "GET /xingrg/all/function/internal_message.html?_=1667964455387&CODE_STATE=getMsg HTTP/1.1" 200 27
218.81.217.29 - - [09/Nov/2022:11:33:57 +0800] "POST /xingrg/kc/buy/cgsh_order_operate.html HTTP/1.1" 200 3258
120.253.135.82 - - [09/Nov/2022:11:33:57 +0800] "GET /xingrg/all/function/internal_message.html?_=1667964930428&CODE_STATE=getMsg HTTP/1.1" 200 27
218.81.217.29 - - [09/Nov/2022:11:33:59 +0800] "GET /xingrg/kc/print/load_data.html?order_code=212022110902775&kc_code=cgsh&condition= HTTP/1.1" 200 965
114.95.46.117 - - [09/Nov/2022:11:34:03 +0800] "GET /xingrg/all/function/internal_message.html?_=1667964699949&CODE_STATE=getMsg HTTP/1.1" 200 27
116.235.93.82 - - [09/Nov/2022:11:34:03 +0800] "GET /xingrg/all/function/internal_message.html?_=1667965063858&CODE_STATE=getMsg HTTP/1.1" 200 27
61.170.233.146 - - [09/Nov/2022:11:34:05 +0800] "GET /xingrg/check_reg.html?_=1667964850350 HTTP/1.1" 200 22
218.81.217.29 - - [09/Nov/2022:11:34:07 +0800] "GET /xingrg/all/function/internal_message.html?_=1667964863087&CODE_STATE=getMsg HTTP/1.1" 200 27
61.170.233.146 - - [09/Nov/2022:11:34:11 +0800] "GET /xingrg/all/function/internal_message.html?_=1667964855948&CODE_STATE=getMsg HTTP/1.1" 200 27
218.81.217.29 - - [09/Nov/2022:11:34:13 +0800] "GET /xingrg/kc/buy/cgsh_order_add.html HTTP/1.1" 200 69267
218.81.217.29 - - [09/Nov/2022:11:34:14 +0800] "POST /xingrg/kc/buy/cgsh_order_operate.html HTTP/1.1" 200 8245
218.81.217.29 - - [09/Nov/2022:11:34:14 +0800] "GET /xingrg/javascript/easyui/themes/default/validatebox.css HTTP/1.1" 404 1104
180.162.229.95 - - [09/Nov/2022:11:34:17 +0800] "GET /xingrg/all/function/internal_message.html?_=1667964863042&CODE_STATE=getMsg HTTP/1.1" 200 27
180.162.229.95 - - [09/Nov/2022:11:34:18 +0800] "GET /xingrg/check_reg.html?_=1667964863488 HTTP/1.1" 200 22
114.83.219.194 - - [09/Nov/2022:11:34:18 +0800] "GET /xingrg/all/function/internal_message.html?_=1667964863590&CODE_STATE=getMsg HTTP/1.1" 200 27
180.169.147.146 - - [09/Nov/2022:11:34:21 +0800] "GET /xingrg/all/function/internal_message.html?_=1667964866685&CODE_STATE=getMsg HTTP/1.1" 200 27
114.84.81.136 - - [09/Nov/2022:11:34:22 +0800] "GET /xingrg/all/function/internal_message.html?_=1667964868574&CODE_STATE=getMsg HTTP/1.1" 200 27
180.162.109.76 - - [09/Nov/2022:11:34:26 +0800] "GET /xingrg/all/function/internal_message.html?_=1667963929122&CODE_STATE=getMsg HTTP/1.1" 200 27
180.162.109.76 - - [09/Nov/2022:11:34:26 +0800] "GET /xingrg/check_reg.html?_=1667963929125 HTTP/1.1" 200 22
180.169.147.146 - - [09/Nov/2022:11:34:26 +0800] "GET /xingrg/all/function/internal_message.html?_=1667964872754&CODE_STATE=getMsg HTTP/1.1" 200 27
218.81.217.29 - - [09/Nov/2022:11:34:27 +0800] "GET /xingrg/kc/buy/cgsh_order_operate.html?command=get_materiel&rest_code=00146&code=00101008113&supplier_code=00100266&order_time=2022-11-09 HTTP/1.1" 200 413
116.230.105.139 - - [09/Nov/2022:11:34:27 +0800] "GET /xingrg/all/function/internal_message.html?_=1667964873510&CODE_STATE=getMsg HTTP/1.1" 200 27
114.83.219.57 - - [09/Nov/2022:11:34:30 +0800] "GET /xingrg/all/function/internal_message.html?_=1667964992822&CODE_STATE=getMsg HTTP/1.1" 200 27
116.238.139.35 - - [09/Nov/2022:11:34:31 +0800] "GET /xingrg/all/function/internal_message.html?_=1667964798895&CODE_STATE=getMsg HTTP/1.1" 200 27
180.162.229.95 - - [09/Nov/2022:11:34:32 +0800] "GET /xingrg/all/function/internal_message.html?_=1667964896691&CODE_STATE=getMsg HTTP/1.1" 200 27
58.221.95.50 - - [09/Nov/2022:11:34:33 +0800] "GET /xingrg/all/function/internal_message.html?_=1667964864693&CODE_STATE=getMsg HTTP/1.1" 200 27
116.230.105.139 - - [09/Nov/2022:11:34:35 +0800] "GET /xingrg/all/function/internal_message.html?_=1667964874944&CODE_STATE=getMsg HTTP/1.1" 200 27
218.81.217.29 - - [09/Nov/2022:11:34:42 +0800] "POST /xingrg/kc/buy/cgsh_order_operate.html HTTP/1.1" 200 37
218.81.217.29 - - [09/Nov/2022:11:34:43 +0800] "POST /xingrg/kc/buy/cgsh_order_operate.html HTTP/1.1" 200 2656
101.85.95.132 - - [09/Nov/2022:11:34:44 +0800] "GET /xingrg/all/function/internal_message.html?_=1667964888452&CODE_STATE=getMsg HTTP/1.1" 200 27
218.81.217.29 - - [09/Nov/2022:11:34:46 +0800] "GET /xingrg/kc/print/load_data.html?order_code=212022110902776&kc_code=cgsh&condition= HTTP/1.1" 200 671
58.40.7.146 - - [09/Nov/2022:11:34:48 +0800] "GET /xingrg/all/function/internal_message.html?_=1667964894235&CODE_STATE=getMsg HTTP/1.1" 200 27
116.238.139.35 - - [09/Nov/2022:11:34:48 +0800] "GET /xingrg/all/function/internal_message.html?_=1667964894995&CODE_STATE=getMsg HTTP/1.1" 200 27
114.88.159.190 - - [09/Nov/2022:11:34:56 +0800] "GET /xingrg/all/function/internal_message.html?_=1667964515394&CODE_STATE=getMsg HTTP/1.1" 200 27
114.88.159.190 - - [09/Nov/2022:11:34:56 +0800] "GET /xingrg/check_reg.html?_=1667964515395 HTTP/1.1" 200 22
120.253.135.82 - - [09/Nov/2022:11:34:57 +0800] "GET /xingrg/all/function/internal_message.html?_=1667964990447&CODE_STATE=getMsg HTTP/1.1" 200 27
218.81.217.29 - - [09/Nov/2022:11:35:02 +0800] "GET /xingrg/kc/buy/cgsh_order_add.html HTTP/1.1" 200 69267
218.81.217.29 - - [09/Nov/2022:11:35:03 +0800] "POST /xingrg/kc/buy/cgsh_order_operate.html HTTP/1.1" 200 8245
114.95.46.117 - - [09/Nov/2022:11:35:03 +0800] "GET /xingrg/all/function/internal_message.html?_=1667964759939&CODE_STATE=getMsg HTTP/1.1" 200 27
218.81.217.29 - - [09/Nov/2022:11:35:03 +0800] "GET /xingrg/javascript/easyui/themes/default/validatebox.css HTTP/1.1" 404 1104
116.235.93.82 - - [09/Nov/2022:11:35:03 +0800] "GET /xingrg/all/function/internal_message.html?_=1667965123859&CODE_STATE=getMsg HTTP/1.1" 200 27
114.95.46.117 - - [09/Nov/2022:11:35:05 +0800] "GET /xingrg/check_reg.html?_=1667964761759 HTTP/1.1" 200 22
218.81.217.29 - - [09/Nov/2022:11:35:07 +0800] "GET /xingrg/all/function/internal_message.html?_=1667964923100&CODE_STATE=getMsg HTTP/1.1" 200 27
61.170.233.146 - - [09/Nov/2022:11:35:11 +0800] "GET /xingrg/all/function/internal_message.html?_=1667964915926&CODE_STATE=getMsg HTTP/1.1" 200 27
180.163.29.217 - - [09/Nov/2022:11:35:11 +0800] "GET /xingrg/all/function/internal_message.html?_=1667964855948&CODE_STATE=getMsg HTTP/1.1" 302 -
180.163.29.217 - - [09/Nov/2022:11:35:11 +0800] "GET /xingrg/login.html HTTP/1.1" 200 7641
218.81.217.29 - - [09/Nov/2022:11:35:16 +0800] "GET /xingrg/kc/buy/cgsh_order_operate.html?command=get_materiel&rest_code=00146&code=00101004051&supplier_code=00100312&order_time=2022-11-09 HTTP/1.1" 200 408
180.162.229.95 - - [09/Nov/2022:11:35:17 +0800] "GET /xingrg/all/function/internal_message.html?_=1667964923021&CODE_STATE=getMsg HTTP/1.1" 200 27
114.83.219.194 - - [09/Nov/2022:11:35:18 +0800] "GET /xingrg/all/function/internal_message.html?_=1667964923578&CODE_STATE=getMsg HTTP/1.1" 200 27
180.169.147.146 - - [09/Nov/2022:11:35:21 +0800] "GET /xingrg/all/function/internal_message.html?_=1667964926684&CODE_STATE=getMsg HTTP/1.1" 200 27
114.84.81.136 - - [09/Nov/2022:11:35:22 +0800] "GET /xingrg/all/function/internal_message.html?_=1667964928575&CODE_STATE=getMsg HTTP/1.1" 200 27
101.85.95.132 - - [09/Nov/2022:11:35:24 +0800] "GET /xingrg/kc/buy/cgsh_order_operate.html?command=get_materiel&rest_code=00142&code=00101011001&supplier_code=00100311&order_time=2022-11-08 HTTP/1.1" 200 423
180.162.109.76 - - [09/Nov/2022:11:35:26 +0800] "GET /xingrg/all/function/internal_message.html?_=1667963989122&CODE_STATE=getMsg HTTP/1.1" 200 27
180.169.147.146 - - [09/Nov/2022:11:35:26 +0800] "GET /xingrg/all/function/internal_message.html?_=1667964932767&CODE_STATE=getMsg HTTP/1.1" 200 27
116.230.105.139 - - [09/Nov/2022:11:35:27 +0800] "GET /xingrg/all/function/internal_message.html?_=1667964933518&CODE_STATE=getMsg HTTP/1.1" 200 27
114.83.219.57 - - [09/Nov/2022:11:35:30 +0800] "GET /xingrg/all/function/internal_message.html?_=1667965052808&CODE_STATE=getMsg HTTP/1.1" 200 27
116.238.139.35 - - [09/Nov/2022:11:35:31 +0800] "GET /xingrg/all/function/internal_message.html?_=1667964858921&CODE_STATE=getMsg HTTP/1.1" 200 27
180.162.229.95 - - [09/Nov/2022:11:35:32 +0800] "GET /xingrg/all/function/internal_message.html?_=1667964956662&CODE_STATE=getMsg HTTP/1.1" 200 27
58.221.95.50 - - [09/Nov/2022:11:35:33 +0800] "GET /xingrg/all/function/internal_message.html?_=1667964924744&CODE_STATE=getMsg HTTP/1.1" 200 27
180.162.229.95 - - [09/Nov/2022:11:35:33 +0800] "GET /xingrg/check_reg.html?_=1667964958130 HTTP/1.1" 200 22
116.230.105.139 - - [09/Nov/2022:11:35:35 +0800] "GET /xingrg/all/function/internal_message.html?_=1667964934919&CODE_STATE=getMsg HTTP/1.1" 200 27
101.85.95.132 - - [09/Nov/2022:11:35:44 +0800] "GET /xingrg/all/function/internal_message.html?_=1667964948463&CODE_STATE=getMsg HTTP/1.1" 200 27
101.85.95.132 - - [09/Nov/2022:11:35:44 +0800] "GET /xingrg/check_reg.html?_=1667964948465 HTTP/1.1" 200 22
218.81.217.29 - - [09/Nov/2022:11:35:44 +0800] "GET /xingrg/kc/buy/cgsh_order_operate.html?command=get_materiel&rest_code=00146&code=00101004027&supplier_code=00100312&order_time=2022-11-09 HTTP/1.1" 200 409
120.253.135.82 - - [09/Nov/2022:11:35:48 +0800] "GET /xingrg/check_reg.html?_=1667965040695 HTTP/1.1" 200 22
58.40.7.146 - - [09/Nov/2022:11:35:48 +0800] "GET /xingrg/all/function/internal_message.html?_=1667964954238&CODE_STATE=getMsg HTTP/1.1" 200 27
116.238.139.35 - - [09/Nov/2022:11:35:48 +0800] "GET /xingrg/all/function/internal_message.html?_=1667964954979&CODE_STATE=getMsg HTTP/1.1" 200 27
101.85.95.132 - - [09/Nov/2022:11:35:53 +0800] "GET /xingrg/kc/buy/cgsh_order_operate.html?command=get_materiel&rest_code=00142&code=00101011005&supplier_code=00100311&order_time=2022-11-08 HTTP/1.1" 200 428
114.88.159.190 - - [09/Nov/2022:11:35:56 +0800] "GET /xingrg/all/function/internal_message.html?_=1667964575323&CODE_STATE=getMsg HTTP/1.1" 200 27
120.253.135.82 - - [09/Nov/2022:11:35:57 +0800] "GET /xingrg/all/function/internal_message.html?_=1667965050455&CODE_STATE=getMsg HTTP/1.1" 200 27
218.81.217.29 - - [09/Nov/2022:11:36:00 +0800] "GET /xingrg/kc/buy/cgsh_order_operate.html?command=get_materiel&rest_code=00146&code=00101005017&supplier_code=00100312&order_time=2022-11-09 HTTP/1.1" 200 409
114.95.46.117 - - [09/Nov/2022:11:36:03 +0800] "GET /xingrg/all/function/internal_message.html?_=1667964819921&CODE_STATE=getMsg HTTP/1.1" 200 27
116.235.93.82 - - [09/Nov/2022:11:36:03 +0800] "GET /xingrg/all/function/internal_message.html?_=1667965183859&CODE_STATE=getMsg HTTP/1.1" 200 27
218.81.217.29 - - [09/Nov/2022:11:36:07 +0800] "GET /xingrg/all/function/internal_message.html?_=1667964983115&CODE_STATE=getMsg HTTP/1.1" 200 27
61.170.233.146 - - [09/Nov/2022:11:36:11 +0800] "GET /xingrg/all/function/internal_message.html?_=1667964975895&CODE_STATE=getMsg HTTP/1.1" 200 27
180.163.29.103 - - [09/Nov/2022:11:36:11 +0800] "GET /xingrg/all/function/internal_message.html?_=1667964915926&CODE_STATE=getMsg HTTP/1.1" 302 -
180.163.29.103 - - [09/Nov/2022:11:36:11 +0800] "GET /xingrg/login.html HTTP/1.1" 200 7641
180.162.229.95 - - [09/Nov/2022:11:36:17 +0800] "GET /xingrg/all/function/internal_message.html?_=1667964983010&CODE_STATE=getMsg HTTP/1.1" 200 27
114.83.219.194 - - [09/Nov/2022:11:36:18 +0800] "GET /xingrg/all/function/internal_message.html?_=1667964983557&CODE_STATE=getMsg HTTP/1.1" 200 27
114.83.219.194 - - [09/Nov/2022:11:36:18 +0800] "GET /xingrg/check_reg.html?_=1667964983900 HTTP/1.1" 200 22
218.81.217.29 - - [09/Nov/2022:11:36:19 +0800] "POST /xingrg/kc/buy/cgsh_order_operate.html HTTP/1.1" 200 37
218.81.217.29 - - [09/Nov/2022:11:36:21 +0800] "POST /xingrg/kc/buy/cgsh_order_operate.html HTTP/1.1" 200 3838
180.169.147.146 - - [09/Nov/2022:11:36:21 +0800] "GET /xingrg/all/function/internal_message.html?_=1667964986683&CODE_STATE=getMsg HTTP/1.1" 200 27
114.84.81.136 - - [09/Nov/2022:11:36:22 +0800] "GET /xingrg/all/function/internal_message.html?_=1667964988575&CODE_STATE=getMsg HTTP/1.1" 200 27
218.81.217.29 - - [09/Nov/2022:11:36:24 +0800] "GET /xingrg/kc/print/load_data.html?order_code=212022110902777&kc_code=cgsh&condition= HTTP/1.1" 200 1126
180.162.109.76 - - [09/Nov/2022:11:36:26 +0800] "GET /xingrg/all/function/internal_message.html?_=1667964049120&CODE_STATE=getMsg HTTP/1.1" 200 27
180.169.147.146 - - [09/Nov/2022:11:36:26 +0800] "GET /xingrg/all/function/internal_message.html?_=1667964992761&CODE_STATE=getMsg HTTP/1.1" 200 27
116.230.105.139 - - [09/Nov/2022:11:36:27 +0800] "GET /xingrg/all/function/internal_message.html?_=1667964993516&CODE_STATE=getMsg HTTP/1.1" 200 27
114.83.219.57 - - [09/Nov/2022:11:36:30 +0800] "GET /xingrg/all/function/internal_message.html?_=1667965112790&CODE_STATE=getMsg HTTP/1.1" 200 27
116.238.139.35 - - [09/Nov/2022:11:36:31 +0800] "GET /xingrg/all/function/internal_message.html?_=1667964918937&CODE_STATE=getMsg HTTP/1.1" 200 27
180.162.229.95 - - [09/Nov/2022:11:36:32 +0800] "GET /xingrg/all/function/internal_message.html?_=1667965016633&CODE_STATE=getMsg HTTP/1.1" 200 27
58.221.95.50 - - [09/Nov/2022:11:36:33 +0800] "GET /xingrg/all/function/internal_message.html?_=1667964984750&CODE_STATE=getMsg HTTP/1.1" 200 27
101.85.95.132 - - [09/Nov/2022:11:36:34 +0800] "POST /xingrg/kc/buy/cgsh_order_operate.html HTTP/1.1" 200 37
116.230.105.139 - - [09/Nov/2022:11:36:35 +0800] "GET /xingrg/all/function/internal_message.html?_=1667964994903&CODE_STATE=getMsg HTTP/1.1" 200 27
116.230.105.139 - - [09/Nov/2022:11:36:35 +0800] "GET /xingrg/check_reg.html?_=1667964994985 HTTP/1.1" 200 22
218.81.217.29 - - [09/Nov/2022:11:36:37 +0800] "GET /xingrg/kc/buy/cgsh_order_add.html HTTP/1.1" 200 69267
218.81.217.29 - - [09/Nov/2022:11:36:38 +0800] "POST /xingrg/kc/buy/cgsh_order_operate.html HTTP/1.1" 200 8245
218.81.217.29 - - [09/Nov/2022:11:36:38 +0800] "GET /xingrg/javascript/easyui/themes/default/validatebox.css HTTP/1.1" 404 1104
101.85.95.132 - - [09/Nov/2022:11:36:39 +0800] "POST /xingrg/kc/buy/cgsh_order_operate.html HTTP/1.1" 200 4454
101.85.95.132 - - [09/Nov/2022:11:36:44 +0800] "GET /xingrg/all/function/internal_message.html?_=1667965008445&CODE_STATE=getMsg HTTP/1.1" 200 27
58.40.7.146 - - [09/Nov/2022:11:36:48 +0800] "GET /xingrg/all/function/internal_message.html?_=1667965014225&CODE_STATE=getMsg HTTP/1.1" 200 27
116.238.139.35 - - [09/Nov/2022:11:36:48 +0800] "GET /xingrg/all/function/internal_message.html?_=1667965014986&CODE_STATE=getMsg HTTP/1.1" 200 27
218.81.217.29 - - [09/Nov/2022:11:36:51 +0800] "GET /xingrg/kc/buy/cgsh_order_operate.html?command=get_materiel&rest_code=00146&code=00101004065&supplier_code=00100086&order_time=2022-11-09 HTTP/1.1" 200 413
114.88.159.190 - - [09/Nov/2022:11:36:56 +0800] "GET /xingrg/all/function/internal_message.html?_=1667964635334&CODE_STATE=getMsg HTTP/1.1" 200 27
120.253.135.82 - - [09/Nov/2022:11:36:57 +0800] "GET /xingrg/all/function/internal_message.html?_=1667965110472&CODE_STATE=getMsg HTTP/1.1" 200 27
114.95.46.117 - - [09/Nov/2022:11:37:03 +0800] "GET /xingrg/all/function/internal_message.html?_=1667964879911&CODE_STATE=getMsg HTTP/1.1" 200 27
116.235.93.82 - - [09/Nov/2022:11:37:03 +0800] "GET /xingrg/all/function/internal_message.html?_=1667965243858&CODE_STATE=getMsg HTTP/1.1" 200 27
218.81.217.29 - - [09/Nov/2022:11:37:07 +0800] "GET /xingrg/all/function/internal_message.html?_=1667965043127&CODE_STATE=getMsg HTTP/1.1" 200 27
218.81.217.29 - - [09/Nov/2022:11:37:09 +0800] "POST /xingrg/kc/buy/cgsh_order_operate.html HTTP/1.1" 200 37
61.170.233.146 - - [09/Nov/2022:11:37:11 +0800] "GET /xingrg/all/function/internal_message.html?_=1667965035872&CODE_STATE=getMsg HTTP/1.1" 200 27
218.81.217.29 - - [09/Nov/2022:11:37:11 +0800] "POST /xingrg/kc/buy/cgsh_order_operate.html HTTP/1.1" 200 2660
218.81.217.29 - - [09/Nov/2022:11:37:15 +0800] "GET /xingrg/kc/print/load_data.html?order_code=212022110902779&kc_code=cgsh&condition= HTTP/1.1" 200 745
180.162.229.95 - - [09/Nov/2022:11:37:17 +0800] "GET /xingrg/all/function/internal_message.html?_=1667965043011&CODE_STATE=getMsg HTTP/1.1" 200 27
114.83.219.194 - - [09/Nov/2022:11:37:18 +0800] "GET /xingrg/all/function/internal_message.html?_=1667965043547&CODE_STATE=getMsg HTTP/1.1" 200 27
180.169.147.146 - - [09/Nov/2022:11:37:21 +0800] "GET /xingrg/all/function/internal_message.html?_=1667965046681&CODE_STATE=getMsg HTTP/1.1" 200 27
114.84.81.136 - - [09/Nov/2022:11:37:22 +0800] "GET /xingrg/all/function/internal_message.html?_=1667965048575&CODE_STATE=getMsg HTTP/1.1" 200 27
120.253.135.82 - - [09/Nov/2022:11:37:25 +0800] "GET /xingrg/kc/pszx/mdps_order_add.html HTTP/1.1" 200 29015
218.81.217.29 - - [09/Nov/2022:11:37:25 +0800] "GET /xingrg/kc/buy/cgsh_order_add.html HTTP/1.1" 200 69267
120.253.135.82 - - [09/Nov/2022:11:37:26 +0800] "POST /xingrg/kc/pszx/mdps_order_operate.html HTTP/1.1" 200 7126
120.253.135.82 - - [09/Nov/2022:11:37:26 +0800] "GET /xingrg/javascript/easyui/themes/default/validatebox.css HTTP/1.1" 404 1104
218.81.217.29 - - [09/Nov/2022:11:37:26 +0800] "POST /xingrg/kc/buy/cgsh_order_operate.html HTTP/1.1" 200 8245
218.81.217.29 - - [09/Nov/2022:11:37:26 +0800] "GET /xingrg/javascript/easyui/themes/default/validatebox.css HTTP/1.1" 404 1104
180.162.109.76 - - [09/Nov/2022:11:37:26 +0800] "GET /xingrg/all/function/internal_message.html?_=1667964109120&CODE_STATE=getMsg HTTP/1.1" 200 27
180.169.147.146 - - [09/Nov/2022:11:37:26 +0800] "GET /xingrg/all/function/internal_message.html?_=1667965052751&CODE_STATE=getMsg HTTP/1.1" 200 27
116.230.105.139 - - [09/Nov/2022:11:37:27 +0800] "GET /xingrg/all/function/internal_message.html?_=1667965053533&CODE_STATE=getMsg HTTP/1.1" 200 27
120.253.135.82 - - [09/Nov/2022:11:37:28 +0800] "GET /xingrg/css/images/panel_loading.gif HTTP/1.1" 304 -
120.253.135.82 - - [09/Nov/2022:11:37:28 +0800] "POST /xingrg/all/common/load_combo.html?type=base HTTP/1.1" 200 1169
114.83.219.57 - - [09/Nov/2022:11:37:30 +0800] "GET /xingrg/all/function/internal_message.html?_=1667965172775&CODE_STATE=getMsg HTTP/1.1" 200 27
116.238.139.35 - - [09/Nov/2022:11:37:31 +0800] "GET /xingrg/all/function/internal_message.html?_=1667964978964&CODE_STATE=getMsg HTTP/1.1" 200 27
180.162.229.95 - - [09/Nov/2022:11:37:31 +0800] "GET /xingrg/all/function/internal_message.html?_=1667965076619&CODE_STATE=getMsg HTTP/1.1" 200 27
58.221.95.50 - - [09/Nov/2022:11:37:33 +0800] "GET /xingrg/all/function/internal_message.html?_=1667965044808&CODE_STATE=getMsg HTTP/1.1" 200 27
116.230.105.139 - - [09/Nov/2022:11:37:35 +0800] "GET /xingrg/all/function/internal_message.html?_=1667965054889&CODE_STATE=getMsg HTTP/1.1" 200 27
120.253.135.82 - - [09/Nov/2022:11:37:36 +0800] "GET /xingrg/javascript/auto/indicator.gif HTTP/1.1" 404 1066
218.81.217.29 - - [09/Nov/2022:11:37:40 +0800] "GET /xingrg/kc/buy/cgsh_order_operate.html?command=get_materiel&rest_code=00146&code=00101001140&supplier_code=00100090&order_time=2022-11-09 HTTP/1.1" 200 417
101.85.95.132 - - [09/Nov/2022:11:37:44 +0800] "GET /xingrg/all/function/internal_message.html?_=1667965068452&CODE_STATE=getMsg HTTP/1.1" 200 27
58.40.7.146 - - [09/Nov/2022:11:37:48 +0800] "GET /xingrg/all/function/internal_message.html?_=1667965074227&CODE_STATE=getMsg HTTP/1.1" 200 27
58.40.7.146 - - [09/Nov/2022:11:37:48 +0800] "GET /xingrg/check_reg.html?_=1667965074229 HTTP/1.1" 200 22
116.238.139.35 - - [09/Nov/2022:11:37:48 +0800] "GET /xingrg/all/function/internal_message.html?_=1667965074997&CODE_STATE=getMsg HTTP/1.1" 200 27
116.238.139.35 - - [09/Nov/2022:11:37:48 +0800] "GET /xingrg/check_reg.html?_=1667965074999 HTTP/1.1" 200 22
101.85.95.132 - - [09/Nov/2022:11:37:55 +0800] "POST /xingrg/kc/buy/cgsh_order_operate.html HTTP/1.1" 200 37
114.88.159.190 - - [09/Nov/2022:11:37:56 +0800] "GET /xingrg/all/function/internal_message.html?_=1667964695331&CODE_STATE=getMsg HTTP/1.1" 200 27
120.253.135.82 - - [09/Nov/2022:11:37:57 +0800] "GET /xingrg/all/function/internal_message.html?_=1667965170483&CODE_STATE=getMsg HTTP/1.1" 200 27
101.85.95.132 - - [09/Nov/2022:11:37:59 +0800] "POST /xingrg/kc/buy/cgsh_order_operate.html HTTP/1.1" 200 12
218.81.217.29 - - [09/Nov/2022:11:37:59 +0800] "GET /xingrg/kc/buy/cgsh_order_operate.html?command=get_materiel&rest_code=00146&code=00101001125&supplier_code=00100090&order_time=2022-11-09 HTTP/1.1" 200 417
101.85.95.132 - - [09/Nov/2022:11:38:00 +0800] "GET /xingrg/kc/buy/cgsh_order_info.html?code=212022110902778 HTTP/1.1" 200 63293
101.85.95.132 - - [09/Nov/2022:11:38:00 +0800] "GET /xingrg/javascript/easyui/themes/default/validatebox.css HTTP/1.1" 404 1104
101.85.95.132 - - [09/Nov/2022:11:38:01 +0800] "POST /xingrg/kc/buy/cgsh_order_operate.html HTTP/1.1" 200 2404
114.95.46.117 - - [09/Nov/2022:11:38:03 +0800] "GET /xingrg/all/function/internal_message.html?_=1667964939900&CODE_STATE=getMsg HTTP/1.1" 200 27
101.85.95.132 - - [09/Nov/2022:11:38:03 +0800] "GET /xingrg/kc/print/load_data.html?order_code=212022110902778&kc_code=cgsh&condition= HTTP/1.1" 200 1419
116.235.93.82 - - [09/Nov/2022:11:38:03 +0800] "GET /xingrg/check_reg.html?_=1667965303858 HTTP/1.1" 200 22
116.235.93.82 - - [09/Nov/2022:11:38:03 +0800] "GET /xingrg/all/function/internal_message.html?_=1667965303859&CODE_STATE=getMsg HTTP/1.1" 200 27
58.221.95.50 - - [09/Nov/2022:11:38:05 +0800] "GET /xingrg/check_reg.html?_=1667965076479 HTTP/1.1" 200 22
218.81.217.29 - - [09/Nov/2022:11:38:07 +0800] "GET /xingrg/all/function/internal_message.html?_=1667965103141&CODE_STATE=getMsg HTTP/1.1" 200 27
101.85.95.132 - - [09/Nov/2022:11:38:10 +0800] "GET /xingrg/kc/buy/cgsh_order_add.html HTTP/1.1" 200 68386
101.85.95.132 - - [09/Nov/2022:11:38:10 +0800] "POST /xingrg/kc/buy/cgsh_order_operate.html HTTP/1.1" 200 8245
101.85.95.132 - - [09/Nov/2022:11:38:10 +0800] "GET /xingrg/javascript/easyui/themes/default/validatebox.css HTTP/1.1" 404 1104
61.170.233.146 - - [09/Nov/2022:11:38:10 +0800] "GET /xingrg/all/function/internal_message.html?_=1667965095848&CODE_STATE=getMsg HTTP/1.1" 200 27
180.163.28.114 - - [09/Nov/2022:11:38:11 +0800] "GET /xingrg/all/function/internal_message.html?_=1667965035872&CODE_STATE=getMsg HTTP/1.1" 302 -
180.163.28.114 - - [09/Nov/2022:11:38:14 +0800] "GET /xingrg/login.html HTTP/1.1" 200 7641
116.238.139.35 - - [09/Nov/2022:11:38:16 +0800] "GET /xingrg/check_reg.html?_=1667965024722 HTTP/1.1" 200 22
180.162.229.95 - - [09/Nov/2022:11:38:17 +0800] "GET /xingrg/all/function/internal_message.html?_=1667965103001&CODE_STATE=getMsg HTTP/1.1" 200 27
114.83.219.194 - - [09/Nov/2022:11:38:18 +0800] "GET /xingrg/all/function/internal_message.html?_=1667965103527&CODE_STATE=getMsg HTTP/1.1" 200 27
218.81.217.29 - - [09/Nov/2022:11:38:20 +0800] "GET /xingrg/kc/buy/cgsh_order_operate.html?command=get_materiel&rest_code=00146&code=00101001044&supplier_code=00100090&order_time=2022-11-09 HTTP/1.1" 200 411
120.253.135.82 - - [09/Nov/2022:11:38:20 +0800] "GET /xingrg/kc/pszx/mdps_order_operate.html?command=get_materiel&pszx_code=00101&rest_code=&base_code=0010246&code=00101030026 HTTP/1.1" 200 415
180.169.147.146 - - [09/Nov/2022:11:38:21 +0800] "GET /xingrg/all/function/internal_message.html?_=1667965106680&CODE_STATE=getMsg HTTP/1.1" 200 27
180.169.147.146 - - [09/Nov/2022:11:38:21 +0800] "GET /xingrg/check_reg.html?_=1667965106681 HTTP/1.1" 200 22
114.84.81.136 - - [09/Nov/2022:11:38:22 +0800] "GET /xingrg/all/function/internal_message.html?_=1667965108603&CODE_STATE=getMsg HTTP/1.1" 200 27
114.84.81.136 - - [09/Nov/2022:11:38:22 +0800] "GET /xingrg/check_reg.html?_=1667965108601 HTTP/1.1" 200 22
180.162.109.76 - - [09/Nov/2022:11:38:26 +0800] "GET /xingrg/all/function/internal_message.html?_=1667964169136&CODE_STATE=getMsg HTTP/1.1" 200 27
180.169.147.146 - - [09/Nov/2022:11:38:26 +0800] "GET /xingrg/all/function/internal_message.html?_=1667965112767&CODE_STATE=getMsg HTTP/1.1" 200 27
180.169.147.146 - - [09/Nov/2022:11:38:26 +0800] "GET /xingrg/check_reg.html?_=1667965112770 HTTP/1.1" 200 22
116.230.105.139 - - [09/Nov/2022:11:38:27 +0800] "GET /xingrg/check_reg.html?_=1667965113511 HTTP/1.1" 200 22
116.230.105.139 - - [09/Nov/2022:11:38:27 +0800] "GET /xingrg/all/function/internal_message.html?_=1667965113513&CODE_STATE=getMsg HTTP/1.1" 200 27
101.85.95.132 - - [09/Nov/2022:11:38:27 +0800] "GET /xingrg/kc/buy/cgsh_order_operate.html?command=get_materiel&rest_code=00142&code=00101008108&supplier_code=00100161&order_time=2022-11-09 HTTP/1.1" 200 412
114.83.219.57 - - [09/Nov/2022:11:38:30 +0800] "GET /xingrg/all/function/internal_message.html?_=1667965232770&CODE_STATE=getMsg HTTP/1.1" 200 27
114.83.219.57 - - [09/Nov/2022:11:38:30 +0800] "GET /xingrg/check_reg.html?_=1667965233133 HTTP/1.1" 200 22
116.238.139.35 - - [09/Nov/2022:11:38:31 +0800] "GET /xingrg/all/function/internal_message.html?_=1667965038982&CODE_STATE=getMsg HTTP/1.1" 200 27
180.162.229.95 - - [09/Nov/2022:11:38:31 +0800] "GET /xingrg/all/function/internal_message.html?_=1667965136604&CODE_STATE=getMsg HTTP/1.1" 200 27
58.221.95.50 - - [09/Nov/2022:11:38:33 +0800] "GET /xingrg/all/function/internal_message.html?_=1667965104810&CODE_STATE=getMsg HTTP/1.1" 200 27
218.81.217.29 - - [09/Nov/2022:11:38:33 +0800] "GET /xingrg/check_reg.html?_=1667965129787 HTTP/1.1" 200 22
116.230.105.139 - - [09/Nov/2022:11:38:35 +0800] "GET /xingrg/all/function/internal_message.html?_=1667965114862&CODE_STATE=getMsg HTTP/1.1" 200 27
218.81.217.29 - - [09/Nov/2022:11:38:39 +0800] "POST /xingrg/kc/buy/cgsh_order_operate.html HTTP/1.1" 200 37
101.85.95.132 - - [09/Nov/2022:11:38:40 +0800] "GET /xingrg/kc/buy/cgsh_order_operate.html?command=get_materiel&rest_code=00142&code=00101008368&supplier_code=00100161&order_time=2022-11-09 HTTP/1.1" 200 408
218.81.217.29 - - [09/Nov/2022:11:38:41 +0800] "POST /xingrg/kc/buy/cgsh_order_operate.html HTTP/1.1" 200 3856
101.85.95.132 - - [09/Nov/2022:11:38:44 +0800] "GET /xingrg/all/function/internal_message.html?_=1667965128474&CODE_STATE=getMsg HTTP/1.1" 200 27
218.81.217.29 - - [09/Nov/2022:11:38:44 +0800] "GET /xingrg/kc/print/load_data.html?order_code=212022110902780&kc_code=cgsh&condition= HTTP/1.1" 200 1209
58.40.7.146 - - [09/Nov/2022:11:38:48 +0800] "GET /xingrg/all/function/internal_message.html?_=1667965134233&CODE_STATE=getMsg HTTP/1.1" 200 27
116.238.139.35 - - [09/Nov/2022:11:38:48 +0800] "GET /xingrg/all/function/internal_message.html?_=1667965134998&CODE_STATE=getMsg HTTP/1.1" 200 27
101.85.95.132 - - [09/Nov/2022:11:38:50 +0800] "GET /xingrg/kc/buy/cgsh_order_operate.html?command=get_materiel&rest_code=00142&code=00101008261&supplier_code=00100161&order_time=2022-11-09 HTTP/1.1" 200 408
218.81.217.29 - - [09/Nov/2022:11:38:55 +0800] "GET /xingrg/kc/buy/cgsh_order_add.html HTTP/1.1" 200 69267
218.81.217.29 - - [09/Nov/2022:11:38:55 +0800] "POST /xingrg/kc/buy/cgsh_order_operate.html HTTP/1.1" 200 8245
218.81.217.29 - - [09/Nov/2022:11:38:55 +0800] "GET /xingrg/javascript/easyui/themes/default/validatebox.css HTTP/1.1" 404 1104
114.88.159.190 - - [09/Nov/2022:11:38:56 +0800] "GET /xingrg/all/function/internal_message.html?_=1667964755325&CODE_STATE=getMsg HTTP/1.1" 200 27
120.253.135.82 - - [09/Nov/2022:11:38:57 +0800] "GET /xingrg/all/function/internal_message.html?_=1667965230497&CODE_STATE=getMsg HTTP/1.1" 200 27
101.85.95.132 - - [09/Nov/2022:11:38:59 +0800] "GET /xingrg/kc/buy/cgsh_order_operate.html?command=get_materiel&rest_code=00142&code=00101008059&supplier_code=00100161&order_time=2022-11-09 HTTP/1.1" 200 408
114.95.46.117 - - [09/Nov/2022:11:39:03 +0800] "GET /xingrg/all/function/internal_message.html?_=1667964999891&CODE_STATE=getMsg HTTP/1.1" 200 27
116.235.93.82 - - [09/Nov/2022:11:39:03 +0800] "GET /xingrg/all/function/internal_message.html?_=1667965363863&CODE_STATE=getMsg HTTP/1.1" 200 27
61.170.233.146 - - [09/Nov/2022:11:39:05 +0800] "GET /xingrg/check_reg.html?_=1667965150380 HTTP/1.1" 200 22
218.81.217.29 - - [09/Nov/2022:11:39:07 +0800] "GET /xingrg/all/function/internal_message.html?_=1667965163158&CODE_STATE=getMsg HTTP/1.1" 200 27
101.85.95.132 - - [09/Nov/2022:11:39:08 +0800] "GET /xingrg/kc/buy/cgsh_order_operate.html?command=get_materiel&rest_code=00142&code=00101008370&supplier_code=00100161&order_time=2022-11-09 HTTP/1.1" 200 412
61.170.233.146 - - [09/Nov/2022:11:39:10 +0800] "GET /xingrg/all/function/internal_message.html?_=1667965155851&CODE_STATE=getMsg HTTP/1.1" 200 27
180.163.28.68 - - [09/Nov/2022:11:39:11 +0800] "GET /xingrg/all/function/internal_message.html?_=1667965095848&CODE_STATE=getMsg HTTP/1.1" 302 -
180.163.28.68 - - [09/Nov/2022:11:39:14 +0800] "GET /xingrg/login.html HTTP/1.1" 200 7641
218.81.217.29 - - [09/Nov/2022:11:39:14 +0800] "GET /xingrg/kc/buy/cgsh_order_operate.html?command=get_materiel&rest_code=00146&code=00101010079&supplier_code=00100336&order_time=2022-11-09 HTTP/1.1" 200 413
101.85.95.132 - - [09/Nov/2022:11:39:16 +0800] "GET /xingrg/kc/buy/cgsh_order_operate.html?command=get_materiel&rest_code=00142&code=00101008199&supplier_code=00100161&order_time=2022-11-09 HTTP/1.1" 200 408
180.162.229.95 - - [09/Nov/2022:11:39:17 +0800] "GET /xingrg/all/function/internal_message.html?_=1667965163001&CODE_STATE=getMsg HTTP/1.1" 200 27
180.162.229.95 - - [09/Nov/2022:11:39:18 +0800] "GET /xingrg/check_reg.html?_=1667965163479 HTTP/1.1" 200 22
114.83.219.194 - - [09/Nov/2022:11:39:18 +0800] "GET /xingrg/all/function/internal_message.html?_=1667965163510&CODE_STATE=getMsg HTTP/1.1" 200 27
180.169.147.146 - - [09/Nov/2022:11:39:21 +0800] "GET /xingrg/all/function/internal_message.html?_=1667965166694&CODE_STATE=getMsg HTTP/1.1" 200 27
114.84.81.136 - - [09/Nov/2022:11:39:22 +0800] "GET /xingrg/all/function/internal_message.html?_=1667965168603&CODE_STATE=getMsg HTTP/1.1" 200 27
180.162.109.76 - - [09/Nov/2022:11:39:26 +0800] "GET /xingrg/all/function/internal_message.html?_=1667964229142&CODE_STATE=getMsg HTTP/1.1" 200 27
180.162.109.76 - - [09/Nov/2022:11:39:26 +0800] "GET /xingrg/check_reg.html?_=1667964229145 HTTP/1.1" 200 22
180.169.147.146 - - [09/Nov/2022:11:39:26 +0800] "GET /xingrg/all/function/internal_message.html?_=1667965172755&CODE_STATE=getMsg HTTP/1.1" 200 27
116.230.105.139 - - [09/Nov/2022:11:39:27 +0800] "GET /xingrg/all/function/internal_message.html?_=1667965173515&CODE_STATE=getMsg HTTP/1.1" 200 27
218.81.217.29 - - [09/Nov/2022:11:39:29 +0800] "POST /xingrg/kc/buy/cgsh_order_operate.html HTTP/1.1" 200 37
114.83.219.57 - - [09/Nov/2022:11:39:30 +0800] "GET /xingrg/all/function/internal_message.html?_=1667965292744&CODE_STATE=getMsg HTTP/1.1" 200 27
116.238.139.35 - - [09/Nov/2022:11:39:31 +0800] "GET /xingrg/all/function/internal_message.html?_=1667965098994&CODE_STATE=getMsg HTTP/1.1" 200 27
218.81.217.29 - - [09/Nov/2022:11:39:31 +0800] "POST /xingrg/kc/buy/cgsh_order_operate.html HTTP/1.1" 200 2657
180.162.229.95 - - [09/Nov/2022:11:39:31 +0800] "GET /xingrg/all/function/internal_message.html?_=1667965196575&CODE_STATE=getMsg HTTP/1.1" 200 27
58.221.95.50 - - [09/Nov/2022:11:39:33 +0800] "GET /xingrg/all/function/internal_message.html?_=1667965164823&CODE_STATE=getMsg HTTP/1.1" 200 27
218.81.217.29 - - [09/Nov/2022:11:39:34 +0800] "GET /xingrg/kc/print/load_data.html?order_code=212022110902781&kc_code=cgsh&condition= HTTP/1.1" 200 679
116.230.105.139 - - [09/Nov/2022:11:39:35 +0800] "GET /xingrg/all/function/internal_message.html?_=1667965174835&CODE_STATE=getMsg HTTP/1.1" 200 27
101.85.95.132 - - [09/Nov/2022:11:39:44 +0800] "GET /xingrg/all/function/internal_message.html?_=1667965188459&CODE_STATE=getMsg HTTP/1.1" 200 27
58.40.7.146 - - [09/Nov/2022:11:39:48 +0800] "GET /xingrg/all/function/internal_message.html?_=1667965194236&CODE_STATE=getMsg HTTP/1.1" 200 27
116.238.139.35 - - [09/Nov/2022:11:39:48 +0800] "GET /xingrg/all/function/internal_message.html?_=1667965194997&CODE_STATE=getMsg HTTP/1.1" 200 27
101.85.95.132 - - [09/Nov/2022:11:39:49 +0800] "GET /xingrg/kc/buy/cgsh_order_operate.html?command=get_materiel&rest_code=00142&code=00101008361&supplier_code=00100161&order_time=2022-11-09 HTTP/1.1" 200 408
114.83.219.194 - - [09/Nov/2022:11:39:53 +0800] "GET /xingrg/kc/mdqp/pssh_order_list.html HTTP/1.1" 200 17842
114.83.219.194 - - [09/Nov/2022:11:39:53 +0800] "POST /xingrg/kc/mdqp/pssh_list_operate.html HTTP/1.1" 200 5343
114.88.159.190 - - [09/Nov/2022:11:39:56 +0800] "GET /xingrg/all/function/internal_message.html?_=1667964815337&CODE_STATE=getMsg HTTP/1.1" 200 27
114.88.159.190 - - [09/Nov/2022:11:39:56 +0800] "GET /xingrg/check_reg.html?_=1667964815368 HTTP/1.1" 200 22
114.83.219.194 - - [09/Nov/2022:11:39:57 +0800] "POST /xingrg/kc/mdqp/pssh_list_operate.html HTTP/1.1" 200 795
114.83.219.194 - - [09/Nov/2022:11:39:57 +0800] "GET /xingrg/kc/mdqp/pssh_order_info.html?code=312022110700161 HTTP/1.1" 200 17303
114.83.219.194 - - [09/Nov/2022:11:39:57 +0800] "GET /xingrg/javascript/jquery_tools/jquery-1.4.2.min.js HTTP/1.1" 404 1094
114.83.219.194 - - [09/Nov/2022:11:39:57 +0800] "GET /xingrg/words/20221108221607_words.js HTTP/1.1" 304 -
114.83.219.194 - - [09/Nov/2022:11:39:57 +0800] "GET /xingrg/all/common/auto_word.html?type=base&rest_code=00149&rest_code=00149 HTTP/1.1" 200 1907
114.83.219.194 - - [09/Nov/2022:11:39:57 +0800] "GET /xingrg/javascript/easyui/themes/default/validatebox.css HTTP/1.1" 404 1104
114.83.219.194 - - [09/Nov/2022:11:39:57 +0800] "POST /xingrg/kc/mdqp/pssh_order_operate.html HTTP/1.1" 200 13969
120.253.135.82 - - [09/Nov/2022:11:39:57 +0800] "GET /xingrg/all/function/internal_message.html?_=1667965290518&CODE_STATE=getMsg HTTP/1.1" 200 27
114.83.219.194 - - [09/Nov/2022:11:40:00 +0800] "POST /xingrg/all/common/load_combo.html?type=employee HTTP/1.1" 200 359
114.95.46.117 - - [09/Nov/2022:11:40:03 +0800] "GET /xingrg/all/function/internal_message.html?_=1667965059881&CODE_STATE=getMsg HTTP/1.1" 200 27
114.83.219.194 - - [09/Nov/2022:11:40:03 +0800] "POST /xingrg/kc/mdqp/pssh_order_operate.html HTTP/1.1" 200 37
116.235.93.82 - - [09/Nov/2022:11:40:03 +0800] "GET /xingrg/all/function/internal_message.html?_=1667965423858&CODE_STATE=getMsg HTTP/1.1" 200 27
101.85.95.132 - - [09/Nov/2022:11:40:04 +0800] "GET /xingrg/kc/buy/cgsh_order_operate.html?command=get_materiel&rest_code=00142&code=00101008355&supplier_code=00100161&order_time=2022-11-09 HTTP/1.1" 200 408
114.84.81.136 - - [09/Nov/2022:11:40:05 +0800] "GET /favicon.ico HTTP/1.1" 404 -
180.163.29.217 - - [09/Nov/2022:11:40:05 +0800] "GET /xingrg/check_reg.html?_=1667965150380 HTTP/1.1" 302 -
114.83.219.194 - - [09/Nov/2022:11:40:05 +0800] "POST /xingrg/kc/mdqp/pssh_order_operate.html HTTP/1.1" 200 12
114.95.46.117 - - [09/Nov/2022:11:40:05 +0800] "GET /xingrg/check_reg.html?_=1667965061741 HTTP/1.1" 200 22
180.163.29.217 - - [09/Nov/2022:11:40:05 +0800] "GET /xingrg/login.html HTTP/1.1" 200 7641
218.81.217.29 - - [09/Nov/2022:11:40:07 +0800] "GET /xingrg/all/function/internal_message.html?_=1667965223402&CODE_STATE=getMsg HTTP/1.1" 200 27
61.170.233.146 - - [09/Nov/2022:11:40:10 +0800] "GET /xingrg/all/function/internal_message.html?_=1667965215820&CODE_STATE=getMsg HTTP/1.1" 200 27
114.83.219.194 - - [09/Nov/2022:11:40:16 +0800] "GET /xingrg/kc/mdqp/pssh_order_info.html?code=312022110700161 HTTP/1.1" 200 14392
114.83.219.194 - - [09/Nov/2022:11:40:16 +0800] "GET /xingrg/javascript/jquery_tools/jquery-1.4.2.min.js HTTP/1.1" 404 1094
114.83.219.194 - - [09/Nov/2022:11:40:17 +0800] "GET /xingrg/javascript/easyui/themes/default/validatebox.css HTTP/1.1" 404 1104
114.83.219.194 - - [09/Nov/2022:11:40:17 +0800] "POST /xingrg/kc/mdqp/pssh_order_operate.html HTTP/1.1" 200 13969
180.162.229.95 - - [09/Nov/2022:11:40:17 +0800] "GET /xingrg/all/function/internal_message.html?_=1667965222983&CODE_STATE=getMsg HTTP/1.1" 200 27
101.85.95.132 - - [09/Nov/2022:11:40:17 +0800] "GET /xingrg/kc/buy/cgsh_order_operate.html?command=get_materiel&rest_code=00142&code=00101008024&supplier_code=00100161&order_time=2022-11-09 HTTP/1.1" 200 408
114.83.219.194 - - [09/Nov/2022:11:40:18 +0800] "GET /xingrg/all/function/internal_message.html?_=1667965223489&CODE_STATE=getMsg HTTP/1.1" 200 27
