114.88.159.190 - - [07/Nov/2022:09:30:36 +0800] "GET /xingrg/images/control/ajaxLoader.gif HTTP/1.1" 200 4659
114.83.219.194 - - [07/Nov/2022:09:30:36 +0800] "GET /xingrg/kc/buy/cgsh_order_operate.html?command=get_materiel&rest_code=00149&code=00101006112&supplier_code=00100012&order_time=2022-11-07 HTTP/1.1" 200 409
114.95.46.117 - - [07/Nov/2022:09:30:37 +0800] "GET /xingrg/all/function/internal_message.html?_=1667784495123&CODE_STATE=getMsg HTTP/1.1" 200 27
180.169.147.146 - - [07/Nov/2022:09:30:37 +0800] "POST /xingrg/kc/buy/cgsh_list_operate.html HTTP/1.1" 200 2276
218.81.217.29 - - [07/Nov/2022:09:30:37 +0800] "POST /xingrg/services/DataTransmitService HTTP/1.1" 200 524
218.81.217.29 - - [07/Nov/2022:09:30:38 +0800] "POST /xingrg/services/DataTransmitService HTTP/1.1" 200 2339
114.88.159.190 - - [07/Nov/2022:09:30:39 +0800] "POST /xingrg/kc/buy/cgsh_list_operate.html HTTP/1.1" 200 1870
116.238.139.35 - - [07/Nov/2022:09:30:39 +0800] "GET /xingrg/all/function/internal_message.html?_=1667784646440&CODE_STATE=getMsg HTTP/1.1" 200 27
114.88.159.190 - - [07/Nov/2022:09:30:42 +0800] "POST /xingrg/kc/buy/cgsh_list_operate.html HTTP/1.1" 200 283
114.83.219.194 - - [07/Nov/2022:09:30:43 +0800] "GET /xingrg/check_reg.html?_=1667784649798 HTTP/1.1" 200 22
114.88.159.190 - - [07/Nov/2022:09:30:43 +0800] "GET /xingrg/javascript/convert.js HTTP/1.1" 200 1239
114.88.159.190 - - [07/Nov/2022:09:30:43 +0800] "GET /xingrg/javascript/jquery_tools/order_manager.js HTTP/1.1" 200 11183
114.88.159.190 - - [07/Nov/2022:09:30:43 +0800] "GET /xingrg/javascript/json2.js HTTP/1.1" 200 11259
114.88.159.190 - - [07/Nov/2022:09:30:43 +0800] "GET /xingrg/javascript/print/kc_print.js HTTP/1.1" 200 11415
114.88.159.190 - - [07/Nov/2022:09:30:43 +0800] "GET /xingrg/kc/buy/cgsh_order_info.html?code=212022110601793 HTTP/1.1" 200 69278
114.88.159.190 - - [07/Nov/2022:09:30:43 +0800] "GET /xingrg/words/20221107091652_words.js HTTP/1.1" 200 930599
114.88.159.190 - - [07/Nov/2022:09:30:43 +0800] "GET /xingrg/javascript/easyui/themes/icons/print.png HTTP/1.1" 200 1057
114.88.159.190 - - [07/Nov/2022:09:30:43 +0800] "GET /xingrg/javascript/easyui/themes/icons/template_new.png HTTP/1.1" 200 3956
114.88.159.190 - - [07/Nov/2022:09:30:43 +0800] "GET /xingrg/javascript/easyui/themes/icons/ok.png HTTP/1.1" 200 883
114.88.159.190 - - [07/Nov/2022:09:30:43 +0800] "GET /xingrg/javascript/easyui/themes/icons/cancel.png HTTP/1.1" 200 1133
114.88.159.190 - - [07/Nov/2022:09:30:43 +0800] "GET /xingrg/javascript/easyui/themes/icons/copy_new.png HTTP/1.1" 200 815
114.88.159.190 - - [07/Nov/2022:09:30:43 +0800] "GET /xingrg/javascript/easyui/themes/default/images/menu_downarrow.png HTTP/1.1" 200 173
114.88.159.190 - - [07/Nov/2022:09:30:43 +0800] "GET /xingrg/javascript/easyui/themes/default/validatebox.css HTTP/1.1" 404 1104
114.88.159.190 - - [07/Nov/2022:09:30:43 +0800] "GET /xingrg/all/common/auto_word.html?type=employee&rest_code=00141 HTTP/1.1" 200 201
114.88.159.190 - - [07/Nov/2022:09:30:43 +0800] "GET /xingrg/javascript/easyui/plugins/jquery.validatebox.js HTTP/1.1" 200 6103
114.88.159.190 - - [07/Nov/2022:09:30:43 +0800] "GET /xingrg/all/common/auto_word.html?type=employee&rest_code=00141 HTTP/1.1" 200 201
114.88.159.190 - - [07/Nov/2022:09:30:43 +0800] "GET /xingrg/javascript/easyui/plugins/jquery.numberbox.js HTTP/1.1" 200 5213
114.88.159.190 - - [07/Nov/2022:09:30:44 +0800] "POST /xingrg/kc/buy/cgsh_order_operate.html HTTP/1.1" 200 3257
114.88.159.190 - - [07/Nov/2022:09:30:44 +0800] "GET /xingrg/javascript/easyui/themes/icons/edit_remove.png HTTP/1.1" 200 625
218.81.217.29 - - [07/Nov/2022:09:30:45 +0800] "POST /xingrg/services/DataTransmitService HTTP/1.1" 200 524
218.81.217.29 - - [07/Nov/2022:09:30:46 +0800] "POST /xingrg/services/DataTransmitService HTTP/1.1" 200 2339
114.88.159.190 - - [07/Nov/2022:09:30:47 +0800] "GET /xingrg/javascript/auto/indicator.gif HTTP/1.1" 404 1066
116.238.139.35 - - [07/Nov/2022:09:30:47 +0800] "GET /xingrg/all/function/internal_message.html?_=1667784578253&CODE_STATE=getMsg HTTP/1.1" 200 27
218.81.217.29 - - [07/Nov/2022:09:30:48 +0800] "POST /xingrg/services/DataTransmitService HTTP/1.1" 200 524
218.81.217.29 - - [07/Nov/2022:09:30:48 +0800] "POST /xingrg/services/DataTransmitService HTTP/1.1" 200 2339
114.88.159.190 - - [07/Nov/2022:09:30:49 +0800] "GET /xingrg/javascript/easyui/themes/default/images/button_plain_hover.png HTTP/1.1" 200 144
114.83.219.194 - - [07/Nov/2022:09:30:49 +0800] "GET /xingrg/kc/buy/cgsh_order_operate.html?command=get_materiel&rest_code=00149&code=00101006056&supplier_code=00100012&order_time=2022-11-07 HTTP/1.1" 200 433
218.81.217.29 - - [07/Nov/2022:09:30:50 +0800] "POST /xingrg/services/DataTransmitService HTTP/1.1" 200 524
218.81.217.29 - - [07/Nov/2022:09:30:51 +0800] "POST /xingrg/services/DataTransmitService HTTP/1.1" 200 2339
114.83.219.194 - - [07/Nov/2022:09:30:53 +0800] "GET /xingrg/all/function/internal_message.html?_=1667784659901&CODE_STATE=getMsg HTTP/1.1" 200 27
114.88.159.190 - - [07/Nov/2022:09:30:54 +0800] "POST /xingrg/kc/buy/cgsh_order_operate.html HTTP/1.1" 200 37
180.162.229.95 - - [07/Nov/2022:09:30:56 +0800] "GET /xingrg/all/function/internal_message.html?_=1667784665657&CODE_STATE=getMsg HTTP/1.1" 200 27
114.84.81.136 - - [07/Nov/2022:09:30:57 +0800] "GET /xingrg/all/function/internal_message.html?_=1667784664857&CODE_STATE=getMsg HTTP/1.1" 200 27
114.88.159.190 - - [07/Nov/2022:09:30:57 +0800] "POST /xingrg/kc/buy/cgsh_order_operate.html HTTP/1.1" 200 12
114.88.159.190 - - [07/Nov/2022:09:30:59 +0800] "GET /xingrg/kc/buy/cgsh_order_info.html?code=212022110601793 HTTP/1.1" 200 64172
114.88.159.190 - - [07/Nov/2022:09:30:59 +0800] "GET /xingrg/javascript/easyui/themes/default/validatebox.css HTTP/1.1" 404 1104
114.84.81.136 - - [07/Nov/2022:09:31:00 +0800] "POST /xingrg/kc/buy/cgsh_list_operate.html HTTP/1.1" 200 2266
114.88.159.190 - - [07/Nov/2022:09:31:00 +0800] "POST /xingrg/kc/buy/cgsh_order_operate.html HTTP/1.1" 200 1207
114.88.159.190 - - [07/Nov/2022:09:31:00 +0800] "GET /xingrg/kc/buy/cgsh_order_add.html HTTP/1.1" 200 69267
114.88.159.190 - - [07/Nov/2022:09:31:01 +0800] "POST /xingrg/kc/buy/cgsh_order_operate.html HTTP/1.1" 200 8245
114.88.159.190 - - [07/Nov/2022:09:31:01 +0800] "GET /xingrg/javascript/easyui/themes/default/validatebox.css HTTP/1.1" 404 1104
114.88.159.190 - - [07/Nov/2022:09:31:05 +0800] "GET /xingrg/javascript/jquery_tools/images/prev.gif HTTP/1.1" 404 1086
114.88.159.190 - - [07/Nov/2022:09:31:05 +0800] "GET /xingrg/javascript/jquery_tools/images/next.gif HTTP/1.1" 404 1086
218.81.217.29 - - [07/Nov/2022:09:31:08 +0800] "GET /xingrg/all/function/internal_message.html?_=1667784676768&CODE_STATE=getMsg HTTP/1.1" 200 27
120.253.135.82 - - [07/Nov/2022:09:31:08 +0800] "GET /xingrg/check_reg.html?_=1667784474602 HTTP/1.1" 200 22
114.88.159.190 - - [07/Nov/2022:09:31:10 +0800] "GET /xingrg/all/function/internal_message.html?_=1667784291941&CODE_STATE=getMsg HTTP/1.1" 200 27
114.88.159.190 - - [07/Nov/2022:09:31:10 +0800] "GET /xingrg/check_reg.html?_=1667784291942 HTTP/1.1" 200 22
114.88.159.190 - - [07/Nov/2022:09:31:11 +0800] "GET /xingrg/kc/buy/cgsh_order_operate.html?command=get_materiel&rest_code=00141&code=00101015001&supplier_code=00100055&order_time=2022-11-07 HTTP/1.1" 200 412
114.84.81.136 - - [07/Nov/2022:09:31:13 +0800] "POST /xingrg/kc/buy/cgsh_list_operate.html HTTP/1.1" 200 4
222.70.183.206 - - [07/Nov/2022:09:31:18 +0800] "GET /xingrg/all/function/internal_message.html?_=1667784688576&CODE_STATE=getMsg HTTP/1.1" 200 27
180.169.147.146 - - [07/Nov/2022:09:31:19 +0800] "GET /xingrg/all/function/internal_message.html?_=1667784686766&CODE_STATE=getMsg HTTP/1.1" 200 27
114.88.159.190 - - [07/Nov/2022:09:31:20 +0800] "GET /xingrg/kc/buy/cgsh_order_operate.html?command=get_materiel&rest_code=00141&code=00101015022&supplier_code=00100055&order_time=2022-11-07 HTTP/1.1" 200 408
180.162.229.95 - - [07/Nov/2022:09:31:23 +0800] "GET /xingrg/all/function/internal_message.html?_=1667784691629&CODE_STATE=getMsg HTTP/1.1" 200 27
114.84.81.136 - - [07/Nov/2022:09:31:24 +0800] "POST /xingrg/kc/buy/cgsh_list_operate.html HTTP/1.1" 200 986
116.230.105.139 - - [07/Nov/2022:09:31:25 +0800] "GET /xingrg/all/function/internal_message.html?_=1667784691031&CODE_STATE=getMsg HTTP/1.1" 200 27
116.235.93.82 - - [07/Nov/2022:09:31:28 +0800] "GET /xingrg/all/function/internal_message.html?_=1667784908316&CODE_STATE=getMsg HTTP/1.1" 200 27
114.88.159.190 - - [07/Nov/2022:09:31:29 +0800] "POST /xingrg/kc/buy/cgsh_order_operate.html HTTP/1.1" 200 37
114.88.159.190 - - [07/Nov/2022:09:31:32 +0800] "POST /xingrg/kc/buy/cgsh_order_operate.html HTTP/1.1" 200 12
114.88.159.190 - - [07/Nov/2022:09:31:33 +0800] "GET /xingrg/kc/buy/cgsh_order_info.html?code=212022110702082 HTTP/1.1" 200 64170
114.88.159.190 - - [07/Nov/2022:09:31:34 +0800] "GET /xingrg/javascript/easyui/themes/default/validatebox.css HTTP/1.1" 404 1104
114.88.159.190 - - [07/Nov/2022:09:31:34 +0800] "POST /xingrg/kc/buy/cgsh_order_operate.html HTTP/1.1" 200 1199
114.88.159.190 - - [07/Nov/2022:09:31:35 +0800] "GET /xingrg/kc/print/load_config.html?kc_code=cgsh HTTP/1.1" 200 1943
114.88.159.190 - - [07/Nov/2022:09:31:35 +0800] "GET /xingrg/kc/print/load_data.html?order_code=212022110702082&kc_code=cgsh&condition= HTTP/1.1" 200 972
114.95.46.117 - - [07/Nov/2022:09:31:37 +0800] "GET /xingrg/all/function/internal_message.html?_=1667784555119&CODE_STATE=getMsg HTTP/1.1" 200 27
116.238.139.35 - - [07/Nov/2022:09:31:39 +0800] "GET /xingrg/all/function/internal_message.html?_=1667784706440&CODE_STATE=getMsg HTTP/1.1" 200 27
116.238.139.35 - - [07/Nov/2022:09:31:39 +0800] "GET /xingrg/check_reg.html?_=1667784706459 HTTP/1.1" 200 22
114.88.159.190 - - [07/Nov/2022:09:31:39 +0800] "GET /xingrg/kc/buy/cgsh_order_add.html HTTP/1.1" 200 69267
114.88.159.190 - - [07/Nov/2022:09:31:39 +0800] "POST /xingrg/kc/buy/cgsh_order_operate.html HTTP/1.1" 200 8245
114.88.159.190 - - [07/Nov/2022:09:31:39 +0800] "GET /xingrg/javascript/easyui/themes/default/validatebox.css HTTP/1.1" 404 1104
116.238.139.35 - - [07/Nov/2022:09:31:47 +0800] "GET /xingrg/all/function/internal_message.html?_=1667784638254&CODE_STATE=getMsg HTTP/1.1" 200 27
114.83.219.194 - - [07/Nov/2022:09:31:53 +0800] "GET /xingrg/all/function/internal_message.html?_=1667784719893&CODE_STATE=getMsg HTTP/1.1" 200 27
114.84.81.136 - - [07/Nov/2022:09:31:53 +0800] "GET /xingrg/check_reg.html?_=1667784721325 HTTP/1.1" 200 22
101.93.223.16 - - [07/Nov/2022:09:31:54 +0800] "POST /xingrg/services/DataTransmitService HTTP/1.1" 200 524
180.162.229.95 - - [07/Nov/2022:09:31:56 +0800] "GET /xingrg/all/function/internal_message.html?_=1667784725643&CODE_STATE=getMsg HTTP/1.1" 200 27
114.84.81.136 - - [07/Nov/2022:09:31:57 +0800] "GET /xingrg/all/function/internal_message.html?_=1667784724839&CODE_STATE=getMsg HTTP/1.1" 200 27
114.88.159.190 - - [07/Nov/2022:09:31:57 +0800] "GET /xingrg/kc/buy/cgsh_order_operate.html?command=get_materiel&rest_code=00141&code=00102013013&supplier_code=00100073&order_time=2022-11-07 HTTP/1.1" 200 409
218.81.217.29 - - [07/Nov/2022:09:32:07 +0800] "GET /xingrg/check_reg.html?_=1667784736104 HTTP/1.1" 200 22
218.81.217.29 - - [07/Nov/2022:09:32:08 +0800] "GET /xingrg/all/function/internal_message.html?_=1667784736781&CODE_STATE=getMsg HTTP/1.1" 200 27
114.88.159.190 - - [07/Nov/2022:09:32:10 +0800] "GET /xingrg/all/function/internal_message.html?_=1667784351934&CODE_STATE=getMsg HTTP/1.1" 200 27
114.88.159.190 - - [07/Nov/2022:09:32:10 +0800] "POST /xingrg/kc/buy/cgsh_order_operate.html HTTP/1.1" 200 37
180.162.229.95 - - [07/Nov/2022:09:32:12 +0800] "POST /xingrg/all/user/operate.html HTTP/1.1" 200 36
180.162.229.95 - - [07/Nov/2022:09:32:12 +0800] "GET /xingrg/javascript/jquery_easy_ui/themes/default/easyui.css HTTP/1.1" 304 -
180.162.229.95 - - [07/Nov/2022:09:32:12 +0800] "GET /xingrg/index.html?sysBaseUrl=http%3A%2F%2F180.169.147.146%3A18081%2Fxingrg%2F&costTime=40×tamp=1667784258003 HTTP/1.1" 200 17509
180.162.229.95 - - [07/Nov/2022:09:32:12 +0800] "GET /xingrg/javascript/jquery_easy_ui/themes/icon.css HTTP/1.1" 304 -
180.162.229.95 - - [07/Nov/2022:09:32:12 +0800] "GET /xingrg/css/form.css HTTP/1.1" 304 -
180.162.229.95 - - [07/Nov/2022:09:32:12 +0800] "GET /xingrg/javascript/jquery-1.4.2.min.js HTTP/1.1" 304 -
180.162.229.95 - - [07/Nov/2022:09:32:12 +0800] "GET /xingrg/javascript/jquery_easy_ui/jquery.easyui.min.js HTTP/1.1" 304 -
180.162.229.95 - - [07/Nov/2022:09:32:12 +0800] "GET /xingrg/javascript/jquery_easy_ui/easyui-lang-zh_CN.js HTTP/1.1" 304 -
180.162.229.95 - - [07/Nov/2022:09:32:12 +0800] "GET /xingrg/javascript/jquery.form.js HTTP/1.1" 304 -
180.162.229.95 - - [07/Nov/2022:09:32:12 +0800] "GET /xingrg/javascript/jquery.utils.js HTTP/1.1" 304 -
180.162.229.95 - - [07/Nov/2022:09:32:12 +0800] "GET /xingrg/javascript/jquery.timers.js HTTP/1.1" 304 -
180.162.229.95 - - [07/Nov/2022:09:32:12 +0800] "GET /xingrg/images/blue/jxLogo.png HTTP/1.1" 304 -
180.162.229.95 - - [07/Nov/2022:09:32:12 +0800] "GET /xingrg/images/blue/navBackgound.jpg HTTP/1.1" 304 -
180.162.229.95 - - [07/Nov/2022:09:32:12 +0800] "GET /xingrg/javascript/jquery_easy_ui/themes/icons/settle_new.png HTTP/1.1" 304 -
180.162.229.95 - - [07/Nov/2022:09:32:12 +0800] "POST /xingrg/all/common/load_tree.html?tree=area_rest_tree_json&manage=1 HTTP/1.1" 200 3493
180.162.229.95 - - [07/Nov/2022:09:32:12 +0800] "GET /xingrg/all/function/internal_message.html?_=1667784740786&CODE_STATE=count HTTP/1.1" 200 11
180.162.229.95 - - [07/Nov/2022:09:32:12 +0800] "GET /xingrg/check_reg.html?_=1667784740787 HTTP/1.1" 200 22
180.162.229.95 - - [07/Nov/2022:09:32:12 +0800] "GET /xingrg/javascript/jquery_easy_ui/themes/default/images/panel_tool_expand.gif HTTP/1.1" 304 -
180.162.229.95 - - [07/Nov/2022:09:32:12 +0800] "GET /xingrg/javascript/jquery_easy_ui/themes/default/images/tabs_rightarrow.png HTTP/1.1" 304 -
180.162.229.95 - - [07/Nov/2022:09:32:12 +0800] "GET /xingrg/images/blue/pingpu.png HTTP/1.1" 304 -
180.162.229.95 - - [07/Nov/2022:09:32:12 +0800] "GET /xingrg/javascript/jquery_easy_ui/themes/default/images/tabs_leftarrow.png HTTP/1.1" 304 -
180.162.229.95 - - [07/Nov/2022:09:32:12 +0800] "GET /xingrg/javascript/jquery_easy_ui/themes/default/images/panel_tool_collapse.gif HTTP/1.1" 304 -
180.162.229.95 - - [07/Nov/2022:09:32:12 +0800] "POST /xingrg/load_menu.html HTTP/1.1" 200 9959
180.162.229.95 - - [07/Nov/2022:09:32:14 +0800] "GET /xingrg/kc/report/report_main.html HTTP/1.1" 200 7340
114.88.159.190 - - [07/Nov/2022:09:32:14 +0800] "POST /xingrg/kc/buy/cgsh_order_operate.html HTTP/1.1" 200 12
114.88.159.190 - - [07/Nov/2022:09:32:15 +0800] "GET /xingrg/kc/buy/cgsh_order_info.html?code=212022110702083 HTTP/1.1" 200 64172
114.88.159.190 - - [07/Nov/2022:09:32:15 +0800] "GET /xingrg/javascript/easyui/themes/default/validatebox.css HTTP/1.1" 404 1104
180.162.229.95 - - [07/Nov/2022:09:32:15 +0800] "GET /xingrg/kc/base/crk_hz.html HTTP/1.1" 200 11247
180.162.229.95 - - [07/Nov/2022:09:32:15 +0800] "POST /xingrg/kc/cost/cost_operate.html?command=get_base_tree HTTP/1.1" 200 2657
180.162.229.95 - - [07/Nov/2022:09:32:15 +0800] "POST /xingrg/all/common/load_tree.html?tree=materiel_sort_tree_json HTTP/1.1" 200 9500
180.162.229.95 - - [07/Nov/2022:09:32:17 +0800] "GET /xingrg/all/common/get_data_part.html?part=previousMonth&_=1667784745236 HTTP/1.1" 200 41
180.162.229.95 - - [07/Nov/2022:09:32:18 +0800] "GET /xingrg/kc/base/crk_hz.html?_=1667784746082&command=get_cost_id&end_date=2022-10-31&start_date=2022-10-01 HTTP/1.1" 200 51
180.162.229.95 - - [07/Nov/2022:09:32:18 +0800] "GET /xingrg/all/report/report_query.html?isQuery=1&onlyBody=1&rh=99999&rw=1800&varString=start:20221001,cost_id:3954,mid:20221001&fileName=kc/base/crk_hz_type_by_base.xml&queryString=&queryText=ÈÕÆÚ£º2022-10-01ÖÁ2022-10-31&tableQueryString=materiel_table$sp1$$sp$before_table$sp1$$sp$crk_table$sp1$order_day%20between%2020221001%20and%2020221031 HTTP/1.1" 200 49363
180.162.229.95 - - [07/Nov/2022:09:32:18 +0800] "GET /xingrg/dwr/interface/AjaxReportQueryService.js HTTP/1.1" 200 13203
180.162.229.95 - - [07/Nov/2022:09:32:18 +0800] "GET /xingrg/dwr/engine.js HTTP/1.1" 200 43631
114.83.219.194 - - [07/Nov/2022:09:32:18 +0800] "POST /xingrg/kc/buy/cgsh_order_operate.html HTTP/1.1" 200 37
114.88.159.190 - - [07/Nov/2022:09:32:18 +0800] "POST /xingrg/kc/buy/cgsh_order_operate.html HTTP/1.1" 200 604
222.70.183.206 - - [07/Nov/2022:09:32:18 +0800] "GET /xingrg/all/function/internal_message.html?_=1667784748547&CODE_STATE=getMsg HTTP/1.1" 200 27
114.88.159.190 - - [07/Nov/2022:09:32:19 +0800] "GET /xingrg/kc/print/load_data.html?order_code=212022110702083&kc_code=cgsh&condition= HTTP/1.1" 200 754
180.169.147.146 - - [07/Nov/2022:09:32:19 +0800] "GET /xingrg/all/function/internal_message.html?_=1667784746760&CODE_STATE=getMsg HTTP/1.1" 200 27
180.162.229.95 - - [07/Nov/2022:09:32:19 +0800] "POST /xingrg/all/report/load_report_page.html HTTP/1.1" 200 859320
180.162.229.95 - - [07/Nov/2022:09:32:20 +0800] "GET /xingrg/servlets/image?cache=0.6434575931997786&image=px HTTP/1.1" 200 807
114.88.159.190 - - [07/Nov/2022:09:32:22 +0800] "GET /xingrg/kc/mdqp/qp_main.html HTTP/1.1" 200 10633
114.88.159.190 - - [07/Nov/2022:09:32:22 +0800] "GET /xingrg/images/blue/button/pszx.gif HTTP/1.1" 200 2648
114.88.159.190 - - [07/Nov/2022:09:32:22 +0800] "GET /xingrg/images/blue/button/qqpsd.gif HTTP/1.1" 200 2548
114.88.159.190 - - [07/Nov/2022:09:32:22 +0800] "GET /xingrg/images/blue/button/psshd.gif HTTP/1.1" 200 2692
114.83.219.194 - - [07/Nov/2022:09:32:22 +0800] "POST /xingrg/kc/buy/cgsh_order_operate.html HTTP/1.1" 200 12
114.88.159.190 - - [07/Nov/2022:09:32:23 +0800] "GET /xingrg/images/yd/bt.gif HTTP/1.1" 404 1040
114.88.159.190 - - [07/Nov/2022:09:32:23 +0800] "GET /xingrg/kc/mdqp/qqps_order_list.html HTTP/1.1" 200 9222
114.88.159.190 - - [07/Nov/2022:09:32:23 +0800] "GET /xingrg/dwr/interface/AjaxQqpsService.js HTTP/1.1" 200 16326
114.88.159.190 - - [07/Nov/2022:09:32:23 +0800] "GET /xingrg/dwr/interface/AjaxReportQueryService.js HTTP/1.1" 200 13203
114.88.159.190 - - [07/Nov/2022:09:32:23 +0800] "GET /xingrg/dwr/engine.js HTTP/1.1" 200 43631
114.88.159.190 - - [07/Nov/2022:09:32:23 +0800] "GET /xingrg/javascript/Calendar.js HTTP/1.1" 200 31561
114.88.159.190 - - [07/Nov/2022:09:32:23 +0800] "GET /xingrg/dwr/util.js HTTP/1.1" 200 35990
114.88.159.190 - - [07/Nov/2022:09:32:23 +0800] "GET /xingrg/javascript/jquery_easy_ui/themes/icons/edit_add_new.png HTTP/1.1" 200 2997
114.88.159.190 - - [07/Nov/2022:09:32:23 +0800] "GET /xingrg/javascript/jquery_easy_ui/themes/icons/cance_new.png HTTP/1.1" 200 3986
114.88.159.190 - - [07/Nov/2022:09:32:23 +0800] "GET /xingrg/javascript/jquery_easy_ui/themes/icons/uncheck_new.png HTTP/1.1" 200 3197
114.88.159.190 - - [07/Nov/2022:09:32:23 +0800] "GET /xingrg/javascript/jquery_easy_ui/themes/icons/check_new.png HTTP/1.1" 200 3224
114.88.159.190 - - [07/Nov/2022:09:32:24 +0800] "GET /xingrg/javascript/jquery_easy_ui/themes/default/images/button_plain_hover.png HTTP/1.1" 200 252
114.88.159.190 - - [07/Nov/2022:09:32:25 +0800] "GET /xingrg/kc/mdqp/qqps_order_add.html HTTP/1.1" 200 28231
114.88.159.190 - - [07/Nov/2022:09:32:25 +0800] "GET /xingrg/javascript/AjaxInfoList.js HTTP/1.1" 200 3774
114.88.159.190 - - [07/Nov/2022:09:32:25 +0800] "GET /xingrg/dwr/interface/AjaxQqpsService.js HTTP/1.1" 200 16326
114.88.159.190 - - [07/Nov/2022:09:32:25 +0800] "GET /xingrg/dwr/interface/AjaxComOrderService.js HTTP/1.1" 200 18264
114.88.159.190 - - [07/Nov/2022:09:32:25 +0800] "GET /xingrg/javascript/Grid.js HTTP/1.1" 200 58908
114.88.159.190 - - [07/Nov/2022:09:32:25 +0800] "GET /xingrg/javascript/tools/jquery.qtip-1.0.0-rc3.min.js HTTP/1.1" 200 38404
114.88.159.190 - - [07/Nov/2022:09:32:25 +0800] "GET /xingrg/dwr/engine.js HTTP/1.1" 200 43631
114.88.159.190 - - [07/Nov/2022:09:32:25 +0800] "GET /xingrg/javascript/jquery_easy_ui/themes/icons/copy_new.png HTTP/1.1" 200 815
114.88.159.190 - - [07/Nov/2022:09:32:25 +0800] "GET /xingrg/javascript/jquery_easy_ui/themes/icons/template_new.png HTTP/1.1" 200 3956
114.88.159.190 - - [07/Nov/2022:09:32:25 +0800] "GET /xingrg/javascript/jquery_easy_ui/themes/icons/ok.png HTTP/1.1" 200 883
114.88.159.190 - - [07/Nov/2022:09:32:25 +0800] "GET /xingrg/javascript/jquery_easy_ui/themes/icons/print.png HTTP/1.1" 200 1057
114.88.159.190 - - [07/Nov/2022:09:32:25 +0800] "GET /xingrg/javascript/jquery_easy_ui/themes/default/images/menu_downarrow.png HTTP/1.1" 200 173
114.88.159.190 - - [07/Nov/2022:09:32:25 +0800] "GET /xingrg/javascript/jquery_easy_ui/themes/icons/back_new.png HTTP/1.1" 200 3414
114.88.159.190 - - [07/Nov/2022:09:32:25 +0800] "GET /xingrg/images/blue/button/kc_tab_add.gif HTTP/1.1" 200 375
114.88.159.190 - - [07/Nov/2022:09:32:25 +0800] "GET /xingrg/images/blue/button/kc_tab_edit.gif HTTP/1.1" 200 551
114.88.159.190 - - [07/Nov/2022:09:32:25 +0800] "GET /xingrg/images/blue/button/kc_tab_save.gif HTTP/1.1" 200 777
114.88.159.190 - - [07/Nov/2022:09:32:25 +0800] "GET /xingrg/images/blue/button/kc_tab_del.gif HTTP/1.1" 200 383
114.88.159.190 - - [07/Nov/2022:09:32:25 +0800] "GET /xingrg/javascript/jquery_easy_ui/themes/default/images/combo_arrow_dot.gif HTTP/1.1" 200 79
114.88.159.190 - - [07/Nov/2022:09:32:25 +0800] "GET /xingrg/images/blue/kc_tab_mid.gif HTTP/1.1" 200 44
114.88.159.190 - - [07/Nov/2022:09:32:25 +0800] "GET /xingrg/images/blue/kc_tab_left.gif HTTP/1.1" 200 188
114.88.159.190 - - [07/Nov/2022:09:32:25 +0800] "GET /xingrg/images/blue/kc_tab_right.gif HTTP/1.1" 200 643
114.88.159.190 - - [07/Nov/2022:09:32:25 +0800] "GET /xingrg/images/blue/kc_tab2_left.gif HTTP/1.1" 200 625
114.88.159.190 - - [07/Nov/2022:09:32:25 +0800] "GET /xingrg/images/blue/kc_tab2_right.gif HTTP/1.1" 200 192
116.230.105.139 - - [07/Nov/2022:09:32:25 +0800] "GET /xingrg/all/function/internal_message.html?_=1667784751023&CODE_STATE=getMsg HTTP/1.1" 200 27
116.230.105.139 - - [07/Nov/2022:09:32:25 +0800] "GET /xingrg/check_reg.html?_=1667784751027 HTTP/1.1" 200 22
116.235.93.82 - - [07/Nov/2022:09:32:28 +0800] "GET /xingrg/all/function/internal_message.html?_=1667784968315&CODE_STATE=getMsg HTTP/1.1" 200 27
114.83.219.194 - - [07/Nov/2022:09:32:30 +0800] "GET /xingrg/kc/buy/cgsh_order_info.html?code=212022110702084 HTTP/1.1" 200 64258
114.83.219.194 - - [07/Nov/2022:09:32:30 +0800] "GET /xingrg/words/20221107091652_words.js HTTP/1.1" 304 -
114.83.219.194 - - [07/Nov/2022:09:32:31 +0800] "GET /xingrg/javascript/easyui/themes/default/validatebox.css HTTP/1.1" 404 1104
114.83.219.194 - - [07/Nov/2022:09:32:31 +0800] "POST /xingrg/kc/buy/cgsh_order_operate.html HTTP/1.1" 200 3594
114.83.219.194 - - [07/Nov/2022:09:32:36 +0800] "GET /xingrg/kc/print/load_data.html?order_code=212022110702084&kc_code=cgsh&condition= HTTP/1.1" 200 1955
114.95.46.117 - - [07/Nov/2022:09:32:37 +0800] "GET /xingrg/check_reg.html?_=1667784615125 HTTP/1.1" 200 22
114.95.46.117 - - [07/Nov/2022:09:32:37 +0800] "GET /xingrg/all/function/internal_message.html?_=1667784615128&CODE_STATE=getMsg HTTP/1.1" 200 27
114.88.159.190 - - [07/Nov/2022:09:32:37 +0800] "GET /favicon.ico HTTP/1.1" 404 -
116.238.139.35 - - [07/Nov/2022:09:32:39 +0800] "GET /xingrg/all/function/internal_message.html?_=1667784766445&CODE_STATE=getMsg HTTP/1.1" 200 27
114.83.219.194 - - [07/Nov/2022:09:32:42 +0800] "GET /xingrg/kc/buy/cgsh_order_add.html HTTP/1.1" 200 69355
114.83.219.194 - - [07/Nov/2022:09:32:42 +0800] "POST /xingrg/kc/buy/cgsh_order_operate.html HTTP/1.1" 200 8245
114.83.219.194 - - [07/Nov/2022:09:32:42 +0800] "GET /xingrg/javascript/easyui/themes/default/validatebox.css HTTP/1.1" 404 1104
114.88.159.190 - - [07/Nov/2022:09:32:42 +0800] "GET /xingrg/images/blue/wait.gif HTTP/1.1" 200 1100
114.88.159.190 - - [07/Nov/2022:09:32:42 +0800] "POST /xingrg/dwr/call/plaincall/AjaxQqpsService.saveOrder.dwr HTTP/1.1" 200 78
180.162.229.95 - - [07/Nov/2022:09:32:46 +0800] "GET /xingrg/kc/base/crk_hz.html?_=1667784774019&command=get_cost_id&end_date=2022-10-31&start_date=2022-10-01 HTTP/1.1" 200 51
180.162.229.95 - - [07/Nov/2022:09:32:46 +0800] "GET /xingrg/all/report/report_query.html?isQuery=1&onlyBody=1&rh=99999&rw=1800&varString=start:20221001,cost_id:3954,mid:20221001&fileName=kc/base/crk_hz_type_by_base.xml&queryString=%20m.sort_code%20in%20('00101001','00101002','00101003','00101004','00101005','00101006','00101007','00101008','00101009','00101010','00101011','00101012','00101013','00101014','00101015','00101016','00101017','00101018','00101019','00101020','00101021','00101022','00101023','00101024','00101025','00101026','00101027','00101028','00101029','00101030','00101031','00101032','00101033','00101034','00101036','00101037','00101038','00101039','00101040','00101041','00101042','00101043')%20&queryText=ÈÕÆÚ£º2022-10-01ÖÁ2022-10-31&tableQueryString=materiel_table$sp1$$sp$before_table$sp1$$sp$crk_table$sp1$order_day%20between%2020221001%20and%2020221031 HTTP/1.1" 200 49844
180.162.229.95 - - [07/Nov/2022:09:32:46 +0800] "GET /xingrg/dwr/interface/AjaxReportQueryService.js HTTP/1.1" 200 13203
180.162.229.95 - - [07/Nov/2022:09:32:46 +0800] "GET /xingrg/dwr/engine.js HTTP/1.1" 200 43631
116.238.139.35 - - [07/Nov/2022:09:32:46 +0800] "GET /xingrg/check_reg.html?_=1667784698022 HTTP/1.1" 200 22
116.238.139.35 - - [07/Nov/2022:09:32:47 +0800] "GET /xingrg/all/function/internal_message.html?_=1667784698267&CODE_STATE=getMsg HTTP/1.1" 200 27
180.162.229.95 - - [07/Nov/2022:09:32:47 +0800] "POST /xingrg/all/report/load_report_page.html HTTP/1.1" 200 764563
180.162.229.95 - - [07/Nov/2022:09:32:48 +0800] "GET /xingrg/servlets/image?cache=0.15339761444529176&image=px HTTP/1.1" 200 807
114.83.219.194 - - [07/Nov/2022:09:32:53 +0800] "GET /xingrg/all/function/internal_message.html?_=1667784779869&CODE_STATE=getMsg HTTP/1.1" 200 27
114.88.159.190 - - [07/Nov/2022:09:32:56 +0800] "POST /xingrg/dwr/call/plaincall/AjaxQqpsService.getMaterielByCode.dwr HTTP/1.1" 200 2665
180.162.229.95 - - [07/Nov/2022:09:32:56 +0800] "GET /xingrg/all/function/internal_message.html?_=1667784785632&CODE_STATE=getMsg HTTP/1.1" 200 27
180.162.229.95 - - [07/Nov/2022:09:32:56 +0800] "GET /xingrg/check_reg.html?_=1667784785715 HTTP/1.1" 200 22
114.84.81.136 - - [07/Nov/2022:09:32:57 +0800] "GET /xingrg/all/function/internal_message.html?_=1667784784809&CODE_STATE=getMsg HTTP/1.1" 200 27
114.88.159.190 - - [07/Nov/2022:09:32:58 +0800] "POST /xingrg/dwr/call/plaincall/AjaxQqpsService.saveMaterielItem.dwr HTTP/1.1" 200 78
218.81.217.29 - - [07/Nov/2022:09:33:08 +0800] "GET /xingrg/all/function/internal_message.html?_=1667784796794&CODE_STATE=getMsg HTTP/1.1" 200 27
114.88.159.190 - - [07/Nov/2022:09:33:10 +0800] "GET /xingrg/all/function/internal_message.html?_=1667784411934&CODE_STATE=getMsg HTTP/1.1" 200 27
114.83.219.194 - - [07/Nov/2022:09:33:10 +0800] "GET /xingrg/kc/buy/cgsh_order_operate.html?command=get_materiel&rest_code=00149&code=00101002027&supplier_code=00100039&order_time=2022-11-07 HTTP/1.1" 200 415
114.88.159.190 - - [07/Nov/2022:09:33:10 +0800] "POST /xingrg/dwr/call/plaincall/AjaxQqpsService.getMaterielByCode.dwr HTTP/1.1" 200 2680
114.88.159.190 - - [07/Nov/2022:09:33:12 +0800] "POST /xingrg/dwr/call/plaincall/AjaxQqpsService.saveMaterielItem.dwr HTTP/1.1" 200 78
180.162.229.95 - - [07/Nov/2022:09:33:12 +0800] "GET /xingrg/all/function/internal_message.html?_=1667784800800&CODE_STATE=getMsg HTTP/1.1" 200 27
222.70.183.206 - - [07/Nov/2022:09:33:18 +0800] "GET /xingrg/all/function/internal_message.html?_=1667784808530&CODE_STATE=getMsg HTTP/1.1" 200 27
114.88.159.190 - - [07/Nov/2022:09:33:19 +0800] "POST /xingrg/dwr/call/plaincall/AjaxQqpsService.getMaterielByCode.dwr HTTP/1.1" 200 2727
180.169.147.146 - - [07/Nov/2022:09:33:19 +0800] "GET /xingrg/check_reg.html?_=1667784806761 HTTP/1.1" 200 22
180.169.147.146 - - [07/Nov/2022:09:33:19 +0800] "GET /xingrg/all/function/internal_message.html?_=1667784806766&CODE_STATE=getMsg HTTP/1.1" 200 27
114.83.219.194 - - [07/Nov/2022:09:33:19 +0800] "GET /xingrg/kc/buy/cgsh_order_operate.html?command=get_materiel&rest_code=00149&code=00101002007&supplier_code=00100039&order_time=2022-11-07 HTTP/1.1" 200 409
114.88.159.190 - - [07/Nov/2022:09:33:21 +0800] "POST /xingrg/dwr/call/plaincall/AjaxQqpsService.saveMaterielItem.dwr HTTP/1.1" 200 78
116.230.105.139 - - [07/Nov/2022:09:33:25 +0800] "GET /xingrg/all/function/internal_message.html?_=1667784811036&CODE_STATE=getMsg HTTP/1.1" 200 27
114.88.159.190 - - [07/Nov/2022:09:33:26 +0800] "POST /xingrg/dwr/call/plaincall/AjaxQqpsService.getMaterielByCode.dwr HTTP/1.1" 200 2730
116.235.93.82 - - [07/Nov/2022:09:33:28 +0800] "GET /xingrg/check_reg.html?_=1667785028314 HTTP/1.1" 200 22
116.235.93.82 - - [07/Nov/2022:09:33:28 +0800] "GET /xingrg/all/function/internal_message.html?_=1667785028313&CODE_STATE=getMsg HTTP/1.1" 200 27
180.169.147.146 - - [07/Nov/2022:09:33:28 +0800] "POST /xingrg/all/user/operate.html HTTP/1.1" 200 36
180.169.147.146 - - [07/Nov/2022:09:33:28 +0800] "GET /xingrg/index.html?sysBaseUrl=http%3A%2F%2F180.169.147.146%3A18081%2Fxingrg%2F&costTime=43×tamp=1667783550118 HTTP/1.1" 200 17503
180.169.147.146 - - [07/Nov/2022:09:33:28 +0800] "GET /xingrg/javascript/jquery_easy_ui/themes/default/easyui.css HTTP/1.1" 304 -
180.169.147.146 - - [07/Nov/2022:09:33:28 +0800] "GET /xingrg/javascript/jquery_easy_ui/themes/icon.css HTTP/1.1" 304 -
180.169.147.146 - - [07/Nov/2022:09:33:28 +0800] "GET /xingrg/css/form.css HTTP/1.1" 304 -
180.169.147.146 - - [07/Nov/2022:09:33:28 +0800] "GET /xingrg/javascript/jquery-1.4.2.min.js HTTP/1.1" 304 -
180.169.147.146 - - [07/Nov/2022:09:33:28 +0800] "GET /xingrg/javascript/jquery_easy_ui/jquery.easyui.min.js HTTP/1.1" 304 -
180.169.147.146 - - [07/Nov/2022:09:33:28 +0800] "GET /xingrg/javascript/jquery_easy_ui/easyui-lang-zh_CN.js HTTP/1.1" 304 -
180.169.147.146 - - [07/Nov/2022:09:33:28 +0800] "GET /xingrg/javascript/jquery.form.js HTTP/1.1" 304 -
180.169.147.146 - - [07/Nov/2022:09:33:28 +0800] "GET /xingrg/javascript/jquery.utils.js HTTP/1.1" 304 -
180.169.147.146 - - [07/Nov/2022:09:33:28 +0800] "GET /xingrg/javascript/jquery.timers.js HTTP/1.1" 304 -
180.169.147.146 - - [07/Nov/2022:09:33:28 +0800] "GET /xingrg/images/blue/jxLogo.png HTTP/1.1" 304 -
180.169.147.146 - - [07/Nov/2022:09:33:28 +0800] "GET /xingrg/images/blue/navBackgound.jpg HTTP/1.1" 304 -
180.169.147.146 - - [07/Nov/2022:09:33:28 +0800] "GET /xingrg/javascript/jquery_easy_ui/themes/icons/settle_new.png HTTP/1.1" 304 -
180.169.147.146 - - [07/Nov/2022:09:33:28 +0800] "POST /xingrg/all/common/load_tree.html?tree=area_rest_tree_json&manage=1 HTTP/1.1" 200 3493
180.169.147.146 - - [07/Nov/2022:09:33:28 +0800] "GET /xingrg/all/function/internal_message.html?_=1667784816204&CODE_STATE=count HTTP/1.1" 200 11
180.169.147.146 - - [07/Nov/2022:09:33:28 +0800] "GET /xingrg/javascript/jquery_easy_ui/themes/default/images/panel_tool_collapse.gif HTTP/1.1" 304 -
180.169.147.146 - - [07/Nov/2022:09:33:28 +0800] "GET /xingrg/check_reg.html?_=1667784816205 HTTP/1.1" 200 22
180.169.147.146 - - [07/Nov/2022:09:33:28 +0800] "GET /xingrg/javascript/jquery_easy_ui/themes/default/images/tabs_rightarrow.png HTTP/1.1" 304 -
180.169.147.146 - - [07/Nov/2022:09:33:28 +0800] "GET /xingrg/javascript/jquery_easy_ui/themes/default/images/tabs_leftarrow.png HTTP/1.1" 304 -
180.169.147.146 - - [07/Nov/2022:09:33:28 +0800] "GET /xingrg/javascript/jquery_easy_ui/themes/default/images/panel_tool_expand.gif HTTP/1.1" 304 -
180.169.147.146 - - [07/Nov/2022:09:33:28 +0800] "GET /xingrg/images/blue/pingpu.png HTTP/1.1" 304 -
180.169.147.146 - - [07/Nov/2022:09:33:28 +0800] "POST /xingrg/load_menu.html HTTP/1.1" 200 11564
114.88.159.190 - - [07/Nov/2022:09:33:29 +0800] "POST /xingrg/dwr/call/plaincall/AjaxQqpsService.saveMaterielItem.dwr HTTP/1.1" 200 78
180.169.147.146 - - [07/Nov/2022:09:33:29 +0800] "GET /xingrg/kc/report/report_main.html HTTP/1.1" 200 8599
114.83.219.194 - - [07/Nov/2022:09:33:30 +0800] "GET /xingrg/kc/buy/cgsh_order_operate.html?command=get_materiel&rest_code=00149&code=00101002041&supplier_code=00100039&order_time=2022-11-07 HTTP/1.1" 200 411
180.169.147.146 - - [07/Nov/2022:09:33:32 +0800] "GET /xingrg/all/report/report_query.html?fileName=kc/buy/gys_amount_base_rest.xml HTTP/1.1" 200 51664
180.169.147.146 - - [07/Nov/2022:09:33:32 +0800] "GET /xingrg/dwr/interface/AjaxReportQueryService.js HTTP/1.1" 200 13203
180.169.147.146 - - [07/Nov/2022:09:33:32 +0800] "GET /xingrg/dwr/engine.js HTTP/1.1" 200 43631
180.169.147.146 - - [07/Nov/2022:09:33:32 +0800] "POST /xingrg/dwr/call/plaincall/AjaxReportQueryService.getFixDate.dwr HTTP/1.1" 200 111
180.169.147.146 - - [07/Nov/2022:09:33:32 +0800] "POST /xingrg/all/common/load_tree.html?tree=area_rest_tree_json&manage=1 HTTP/1.1" 200 3493
180.169.147.146 - - [07/Nov/2022:09:33:32 +0800] "POST /xingrg/all/common/load_tree.html?tree=supplier_tree_json&manage=1 HTTP/1.1" 200 71208
114.88.159.190 - - [07/Nov/2022:09:33:33 +0800] "POST /xingrg/dwr/call/plaincall/AjaxQqpsService.removeMaterielItem.dwr HTTP/1.1" 200 78
114.88.159.190 - - [07/Nov/2022:09:33:34 +0800] "POST /xingrg/dwr/call/plaincall/AjaxQqpsService.checkOrder.dwr HTTP/1.1" 200 79
114.88.159.190 - - [07/Nov/2022:09:33:35 +0800] "GET /xingrg/kc/mdqp/qqps_order_info.html?code=302022110700126 HTTP/1.1" 200 26634
114.88.159.190 - - [07/Nov/2022:09:33:35 +0800] "GET /xingrg/dwr/interface/AjaxComOrderService.js HTTP/1.1" 200 18264
114.88.159.190 - - [07/Nov/2022:09:33:35 +0800] "GET /xingrg/dwr/interface/AjaxQqpsService.js HTTP/1.1" 200 16326
114.88.159.190 - - [07/Nov/2022:09:33:35 +0800] "GET /xingrg/dwr/engine.js HTTP/1.1" 200 43631
114.88.159.190 - - [07/Nov/2022:09:33:36 +0800] "POST /xingrg/dwr/call/plaincall/AjaxQqpsService.loadMaterielItems.dwr HTTP/1.1" 200 943
114.95.46.117 - - [07/Nov/2022:09:33:37 +0800] "GET /xingrg/all/function/internal_message.html?_=1667784675124&CODE_STATE=getMsg HTTP/1.1" 200 27
116.238.139.35 - - [07/Nov/2022:09:33:39 +0800] "GET /xingrg/all/function/internal_message.html?_=1667784826459&CODE_STATE=getMsg HTTP/1.1" 200 27
114.83.219.194 - - [07/Nov/2022:09:33:46 +0800] "GET /xingrg/kc/buy/cgsh_order_operate.html?command=get_materiel&rest_code=00149&code=00101001075&supplier_code=00100039&order_time=2022-11-07 HTTP/1.1" 200 409
116.238.139.35 - - [07/Nov/2022:09:33:47 +0800] "GET /xingrg/all/function/internal_message.html?_=1667784758281&CODE_STATE=getMsg HTTP/1.1" 200 27
180.169.147.146 - - [07/Nov/2022:09:33:47 +0800] "GET /xingrg/check_reg.html?_=1667784834686 HTTP/1.1" 200 22
180.169.147.146 - - [07/Nov/2022:09:33:48 +0800] "POST /xingrg/dwr/call/plaincall/AjaxReportQueryService.refreshCache.dwr HTTP/1.1" 200 78
180.169.147.146 - - [07/Nov/2022:09:33:49 +0800] "POST /xingrg/all/report/load_report_page.html HTTP/1.1" 200 49896
180.169.147.146 - - [07/Nov/2022:09:33:49 +0800] "GET /xingrg/servlets/image?cache=0.6904563431254941&image=px HTTP/1.1" 200 807
114.83.219.194 - - [07/Nov/2022:09:33:53 +0800] "GET /xingrg/all/function/internal_message.html?_=1667784839852&CODE_STATE=getMsg HTTP/1.1" 200 27
180.169.147.146 - - [07/Nov/2022:09:33:53 +0800] "POST /xingrg/all/report/report_print.html HTTP/1.1" 200 7168
180.162.229.95 - - [07/Nov/2022:09:33:56 +0800] "GET /xingrg/all/function/internal_message.html?_=1667784845606&CODE_STATE=getMsg HTTP/1.1" 200 27
114.84.81.136 - - [07/Nov/2022:09:33:57 +0800] "GET /xingrg/all/function/internal_message.html?_=1667784844779&CODE_STATE=getMsg HTTP/1.1" 200 27
114.83.219.194 - - [07/Nov/2022:09:34:01 +0800] "GET /xingrg/kc/buy/cgsh_order_operate.html?command=get_materiel&rest_code=00149&code=00101001010&supplier_code=00100039&order_time=2022-11-07 HTTP/1.1" 200 411
218.81.217.29 - - [07/Nov/2022:09:34:08 +0800] "GET /xingrg/all/function/internal_message.html?_=1667784856810&CODE_STATE=getMsg HTTP/1.1" 200 27
114.88.159.190 - - [07/Nov/2022:09:34:10 +0800] "GET /xingrg/all/function/internal_message.html?_=1667784471941&CODE_STATE=getMsg HTTP/1.1" 200 27
180.162.229.95 - - [07/Nov/2022:09:34:12 +0800] "GET /xingrg/all/function/internal_message.html?_=1667784860807&CODE_STATE=getMsg HTTP/1.1" 200 27
114.83.219.194 - - [07/Nov/2022:09:34:14 +0800] "POST /xingrg/kc/buy/cgsh_order_operate.html HTTP/1.1" 200 37
222.70.183.206 - - [07/Nov/2022:09:34:18 +0800] "GET /xingrg/all/function/internal_message.html?_=1667784868513&CODE_STATE=getMsg HTTP/1.1" 200 27
222.70.183.206 - - [07/Nov/2022:09:34:19 +0800] "GET /xingrg/check_reg.html?_=1667784869625 HTTP/1.1" 200 22
116.230.105.139 - - [07/Nov/2022:09:34:25 +0800] "GET /xingrg/all/function/internal_message.html?_=1667784871029&CODE_STATE=getMsg HTTP/1.1" 200 27
114.83.219.194 - - [07/Nov/2022:09:34:27 +0800] "POST /xingrg/kc/buy/cgsh_order_operate.html HTTP/1.1" 200 12
114.83.219.194 - - [07/Nov/2022:09:34:28 +0800] "GET /xingrg/kc/buy/cgsh_order_info.html?code=212022110702085 HTTP/1.1" 200 64258
116.235.93.82 - - [07/Nov/2022:09:34:28 +0800] "GET /xingrg/all/function/internal_message.html?_=1667785088312&CODE_STATE=getMsg HTTP/1.1" 200 27
114.83.219.194 - - [07/Nov/2022:09:34:28 +0800] "GET /xingrg/words/20221107091652_words.js HTTP/1.1" 304 -
114.83.219.194 - - [07/Nov/2022:09:34:28 +0800] "GET /xingrg/javascript/easyui/themes/default/validatebox.css HTTP/1.1" 404 1104
180.169.147.146 - - [07/Nov/2022:09:34:28 +0800] "GET /xingrg/all/function/internal_message.html?_=1667784876213&CODE_STATE=getMsg HTTP/1.1" 200 27
114.83.219.194 - - [07/Nov/2022:09:34:29 +0800] "POST /xingrg/kc/buy/cgsh_order_operate.html HTTP/1.1" 200 2976
114.83.219.194 - - [07/Nov/2022:09:34:30 +0800] "GET /xingrg/kc/print/load_data.html?order_code=212022110702085&kc_code=cgsh&condition= HTTP/1.1" 200 1621
114.95.46.117 - - [07/Nov/2022:09:34:37 +0800] "GET /xingrg/all/function/internal_message.html?_=1667784735109&CODE_STATE=getMsg HTTP/1.1" 200 27
116.238.139.35 - - [07/Nov/2022:09:34:39 +0800] "GET /xingrg/all/function/internal_message.html?_=1667784886461&CODE_STATE=getMsg HTTP/1.1" 200 27
116.238.139.35 - - [07/Nov/2022:09:34:47 +0800] "GET /xingrg/all/function/internal_message.html?_=1667784818294&CODE_STATE=getMsg HTTP/1.1" 200 27
114.83.219.194 - - [07/Nov/2022:09:34:53 +0800] "GET /xingrg/all/function/internal_message.html?_=1667784899836&CODE_STATE=getMsg HTTP/1.1" 200 27
180.162.229.95 - - [07/Nov/2022:09:34:56 +0800] "GET /xingrg/all/function/internal_message.html?_=1667784905589&CODE_STATE=getMsg HTTP/1.1" 200 27
114.84.81.136 - - [07/Nov/2022:09:34:57 +0800] "GET /xingrg/all/function/internal_message.html?_=1667784904750&CODE_STATE=getMsg HTTP/1.1" 200 27
218.81.217.29 - - [07/Nov/2022:09:35:08 +0800] "GET /xingrg/all/function/internal_message.html?_=1667784916824&CODE_STATE=getMsg HTTP/1.1" 200 27
114.88.159.190 - - [07/Nov/2022:09:35:10 +0800] "GET /xingrg/all/function/internal_message.html?_=1667784531953&CODE_STATE=getMsg HTTP/1.1" 200 27
180.162.229.95 - - [07/Nov/2022:09:35:12 +0800] "GET /xingrg/all/function/internal_message.html?_=1667784920796&CODE_STATE=getMsg HTTP/1.1" 200 27
222.70.183.206 - - [07/Nov/2022:09:35:18 +0800] "GET /xingrg/all/function/internal_message.html?_=1667784928489&CODE_STATE=getMsg HTTP/1.1" 200 27
116.230.105.139 - - [07/Nov/2022:09:35:25 +0800] "GET /xingrg/all/function/internal_message.html?_=1667784931024&CODE_STATE=getMsg HTTP/1.1" 200 27
116.235.93.82 - - [07/Nov/2022:09:35:28 +0800] "GET /xingrg/all/function/internal_message.html?_=1667785148309&CODE_STATE=getMsg HTTP/1.1" 200 27
180.169.147.146 - - [07/Nov/2022:09:35:28 +0800] "GET /xingrg/all/function/internal_message.html?_=1667784936238&CODE_STATE=getMsg HTTP/1.1" 200 27
101.85.95.132 - - [07/Nov/2022:09:35:35 +0800] "GET /xingrg/login.html HTTP/1.1" 200 7641
101.85.95.132 - - [07/Nov/2022:09:35:35 +0800] "GET /favicon.ico HTTP/1.1" 404 -
114.95.46.117 - - [07/Nov/2022:09:35:37 +0800] "GET /xingrg/all/function/internal_message.html?_=1667784795126&CODE_STATE=getMsg HTTP/1.1" 200 27
101.85.95.132 - - [07/Nov/2022:09:35:38 +0800] "GET /xingrg/images/blue/jxLogo.png HTTP/1.1" 304 -
101.85.95.132 - - [07/Nov/2022:09:35:38 +0800] "GET /xingrg/images/blue/login_bg.png HTTP/1.1" 304 -
101.85.95.132 - - [07/Nov/2022:09:35:38 +0800] "GET /xingrg/images/blue/hj.png HTTP/1.1" 304 -
101.85.95.132 - - [07/Nov/2022:09:35:38 +0800] "GET /xingrg/images/blue/srbg.png HTTP/1.1" 304 -
116.238.139.35 - - [07/Nov/2022:09:35:39 +0800] "GET /xingrg/all/function/internal_message.html?_=1667784946468&CODE_STATE=getMsg HTTP/1.1" 200 27
101.85.95.132 - - [07/Nov/2022:09:35:39 +0800] "GET /favicon.ico HTTP/1.1" 404 -
114.83.219.194 - - [07/Nov/2022:09:35:43 +0800] "GET /xingrg/check_reg.html?_=1667784949791 HTTP/1.1" 200 22
116.238.139.35 - - [07/Nov/2022:09:35:47 +0800] "GET /xingrg/all/function/internal_message.html?_=1667784878356&CODE_STATE=getMsg HTTP/1.1" 200 27
101.85.95.132 - - [07/Nov/2022:09:35:51 +0800] "POST /xingrg/login.do HTTP/1.1" 302 -
101.85.95.132 - - [07/Nov/2022:09:35:51 +0800] "GET /xingrg/javascript/jquery_easy_ui/themes/default/easyui.css HTTP/1.1" 304 -
101.85.95.132 - - [07/Nov/2022:09:35:51 +0800] "GET /xingrg/javascript/jquery_easy_ui/themes/icon.css HTTP/1.1" 304 -
101.85.95.132 - - [07/Nov/2022:09:35:51 +0800] "GET /xingrg/index.html?sysBaseUrl=http%3A%2F%2F180.169.147.146%3A18081%2Fxingrg%2F&costTime=61×tamp=1667784951754 HTTP/1.1" 200 17179
101.85.95.132 - - [07/Nov/2022:09:35:51 +0800] "GET /xingrg/javascript/jquery.form.js HTTP/1.1" 304 -
101.85.95.132 - - [07/Nov/2022:09:35:51 +0800] "GET /xingrg/javascript/jquery_easy_ui/easyui-lang-zh_CN.js HTTP/1.1" 304 -
101.85.95.132 - - [07/Nov/2022:09:35:51 +0800] "GET /xingrg/css/form.css HTTP/1.1" 304 -
101.85.95.132 - - [07/Nov/2022:09:35:51 +0800] "GET /xingrg/javascript/jquery-1.4.2.min.js HTTP/1.1" 304 -
101.85.95.132 - - [07/Nov/2022:09:35:51 +0800] "GET /xingrg/javascript/jquery_easy_ui/jquery.easyui.min.js HTTP/1.1" 304 -
101.85.95.132 - - [07/Nov/2022:09:35:51 +0800] "GET /xingrg/javascript/jquery.utils.js HTTP/1.1" 304 -
101.85.95.132 - - [07/Nov/2022:09:35:51 +0800] "GET /xingrg/javascript/jquery.timers.js HTTP/1.1" 304 -
101.85.95.132 - - [07/Nov/2022:09:35:52 +0800] "GET /favicon.ico HTTP/1.1" 404 -
101.85.95.132 - - [07/Nov/2022:09:35:52 +0800] "GET /xingrg/images/blue/navBackgound.jpg HTTP/1.1" 304 -
101.85.95.132 - - [07/Nov/2022:09:35:52 +0800] "GET /xingrg/javascript/jquery_easy_ui/themes/icons/settle_new.png HTTP/1.1" 304 -
101.85.95.132 - - [07/Nov/2022:09:35:52 +0800] "POST /xingrg/all/common/load_tree.html?tree=area_rest_tree_json&manage=1 HTTP/1.1" 200 351
101.85.95.132 - - [07/Nov/2022:09:35:52 +0800] "GET /xingrg/images/blue/pingpu.png HTTP/1.1" 304 -
101.85.95.132 - - [07/Nov/2022:09:35:52 +0800] "GET /xingrg/check_reg.html?_=1667784957790 HTTP/1.1" 200 22
101.85.95.132 - - [07/Nov/2022:09:35:52 +0800] "GET /xingrg/all/function/internal_message.html?_=1667784957789&CODE_STATE=count HTTP/1.1" 200 11
101.85.95.132 - - [07/Nov/2022:09:35:52 +0800] "GET /xingrg/javascript/jquery_easy_ui/themes/default/images/tabs_leftarrow.png HTTP/1.1" 304 -
101.85.95.132 - - [07/Nov/2022:09:35:52 +0800] "GET /xingrg/javascript/jquery_easy_ui/themes/default/images/tabs_rightarrow.png HTTP/1.1" 304 -
101.85.95.132 - - [07/Nov/2022:09:35:52 +0800] "GET /xingrg/javascript/jquery_easy_ui/themes/default/images/panel_tool_collapse.gif HTTP/1.1" 304 -
101.85.95.132 - - [07/Nov/2022:09:35:52 +0800] "POST /xingrg/load_menu.html HTTP/1.1" 200 5138
101.85.95.132 - - [07/Nov/2022:09:35:52 +0800] "GET /xingrg/javascript/jquery_easy_ui/themes/default/images/tree_arrows.gif HTTP/1.1" 304 -
101.85.95.132 - - [07/Nov/2022:09:35:52 +0800] "GET /xingrg/javascript/jquery_easy_ui/themes/default/images/tree_folder_open.gif HTTP/1.1" 304 -
101.85.95.132 - - [07/Nov/2022:09:35:52 +0800] "GET /xingrg/javascript/jquery_easy_ui/themes/default/images/tree_folder.gif HTTP/1.1" 304 -
101.85.95.132 - - [07/Nov/2022:09:35:52 +0800] "GET /xingrg/javascript/jquery_easy_ui/themes/icons/search_new.png HTTP/1.1" 304 -
101.85.95.132 - - [07/Nov/2022:09:35:52 +0800] "GET /xingrg/javascript/jquery_easy_ui/themes/icons/forms_new.png HTTP/1.1" 304 -
101.85.95.132 - - [07/Nov/2022:09:35:52 +0800] "GET /xingrg/javascript/jquery_easy_ui/themes/icons/storage_new.png HTTP/1.1" 304 -
101.85.95.132 - - [07/Nov/2022:09:35:52 +0800] "GET /xingrg/javascript/jquery_easy_ui/themes/default/images/tree_file.gif HTTP/1.1" 304 -
114.83.219.194 - - [07/Nov/2022:09:35:53 +0800] "GET /xingrg/all/function/internal_message.html?_=1667784959813&CODE_STATE=getMsg HTTP/1.1" 200 27
101.85.95.132 - - [07/Nov/2022:09:35:56 +0800] "GET /xingrg/javascript/jquery_easy_ui/themes/icons/area.png HTTP/1.1" 304 -
101.85.95.132 - - [07/Nov/2022:09:35:56 +0800] "GET /xingrg/javascript/jquery_easy_ui/themes/icons/rest.png HTTP/1.1" 304 -
180.162.229.95 - - [07/Nov/2022:09:35:56 +0800] "GET /xingrg/all/function/internal_message.html?_=1667784965584&CODE_STATE=getMsg HTTP/1.1" 200 27
114.83.219.194 - - [07/Nov/2022:09:35:56 +0800] "GET /xingrg/kc/buy/cgsh_order_add.html HTTP/1.1" 200 69355
114.84.81.136 - - [07/Nov/2022:09:35:57 +0800] "GET /xingrg/all/function/internal_message.html?_=1667784964721&CODE_STATE=getMsg HTTP/1.1" 200 27
114.83.219.194 - - [07/Nov/2022:09:35:57 +0800] "POST /xingrg/kc/buy/cgsh_order_operate.html HTTP/1.1" 200 8245
114.83.219.194 - - [07/Nov/2022:09:35:57 +0800] "GET /xingrg/javascript/easyui/themes/default/validatebox.css HTTP/1.1" 404 1104
218.81.217.29 - - [07/Nov/2022:09:36:08 +0800] "GET /xingrg/all/function/internal_message.html?_=1667784976835&CODE_STATE=getMsg HTTP/1.1" 200 27
120.253.135.82 - - [07/Nov/2022:09:36:08 +0800] "GET /xingrg/check_reg.html?_=1667784774616 HTTP/1.1" 200 22
114.88.159.190 - - [07/Nov/2022:09:36:10 +0800] "GET /xingrg/check_reg.html?_=1667784591937 HTTP/1.1" 200 22
114.88.159.190 - - [07/Nov/2022:09:36:10 +0800] "GET /xingrg/all/function/internal_message.html?_=1667784591939&CODE_STATE=getMsg HTTP/1.1" 200 27
114.83.219.194 - - [07/Nov/2022:09:36:12 +0800] "GET /xingrg/kc/buy/cgsh_order_operate.html?command=get_materiel&rest_code=00149&code=00101004017&supplier_code=00100083&order_time=2022-11-07 HTTP/1.1" 200 413
124.79.74.72 - - [07/Nov/2022:09:36:12 +0800] "GET /favicon.ico HTTP/1.1" 404 -
180.162.229.95 - - [07/Nov/2022:09:36:12 +0800] "GET /xingrg/all/function/internal_message.html?_=1667784980793&CODE_STATE=getMsg HTTP/1.1" 200 27
222.70.183.206 - - [07/Nov/2022:09:36:18 +0800] "GET /xingrg/all/function/internal_message.html?_=1667784988474&CODE_STATE=getMsg HTTP/1.1" 200 27
114.83.219.194 - - [07/Nov/2022:09:36:24 +0800] "GET /xingrg/kc/buy/cgsh_order_operate.html?command=get_materiel&rest_code=00149&code=00101004067&supplier_code=00100083&order_time=2022-11-07 HTTP/1.1" 200 413
116.230.105.139 - - [07/Nov/2022:09:36:25 +0800] "GET /xingrg/all/function/internal_message.html?_=1667784991030&CODE_STATE=getMsg HTTP/1.1" 200 27
116.235.93.82 - - [07/Nov/2022:09:36:28 +0800] "GET /xingrg/all/function/internal_message.html?_=1667785208308&CODE_STATE=getMsg HTTP/1.1" 200 27
180.169.147.146 - - [07/Nov/2022:09:36:28 +0800] "GET /xingrg/all/function/internal_message.html?_=1667784996227&CODE_STATE=getMsg HTTP/1.1" 200 27
124.79.74.72 - - [07/Nov/2022:09:36:30 +0800] "GET /xingrg/login.html HTTP/1.1" 200 7641
124.79.74.72 - - [07/Nov/2022:09:36:30 +0800] "GET /favicon.ico HTTP/1.1" 404 -
124.79.74.72 - - [07/Nov/2022:09:36:36 +0800] "POST /xingrg/login.do HTTP/1.1" 302 -
124.79.74.72 - - [07/Nov/2022:09:36:36 +0800] "GET /xingrg/index.html?sysBaseUrl=http%3A%2F%2F180.169.147.146%3A18081%2Fxingrg%2F&costTime=44×tamp=1667784996175 HTTP/1.1" 200 17179
124.79.74.72 - - [07/Nov/2022:09:36:36 +0800] "POST /xingrg/all/common/load_tree.html?tree=area_rest_tree_json&manage=1 HTTP/1.1" 200 470
124.79.74.72 - - [07/Nov/2022:09:36:36 +0800] "GET /xingrg/all/function/internal_message.html?_=1667785003752&CODE_STATE=count HTTP/1.1" 200 11
124.79.74.72 - - [07/Nov/2022:09:36:36 +0800] "GET /xingrg/check_reg.html?_=1667785003752 HTTP/1.1" 200 22
124.79.74.72 - - [07/Nov/2022:09:36:36 +0800] "POST /xingrg/load_menu.html HTTP/1.1" 200 5138
114.95.46.117 - - [07/Nov/2022:09:36:37 +0800] "GET /xingrg/all/function/internal_message.html?_=1667784855125&CODE_STATE=getMsg HTTP/1.1" 200 27
116.238.139.35 - - [07/Nov/2022:09:36:39 +0800] "GET /xingrg/all/function/internal_message.html?_=1667785006469&CODE_STATE=getMsg HTTP/1.1" 200 27
116.238.139.35 - - [07/Nov/2022:09:36:39 +0800] "GET /xingrg/check_reg.html?_=1667785006471 HTTP/1.1" 200 22
124.79.74.72 - - [07/Nov/2022:09:36:40 +0800] "GET /xingrg/kc/buy/buy_main.html HTTP/1.1" 200 12412
124.79.74.72 - - [07/Nov/2022:09:36:40 +0800] "GET /xingrg/css/new_ie.css HTTP/1.1" 404 1036
124.79.74.72 - - [07/Nov/2022:09:36:40 +0800] "GET /xingrg/kc/buy/cgsh_order_list.html HTTP/1.1" 200 53492
124.79.74.72 - - [07/Nov/2022:09:36:42 +0800] "POST /xingrg/kc/buy/cgsh_list_operate.html HTTP/1.1" 200 986
116.238.139.35 - - [07/Nov/2022:09:36:47 +0800] "GET /xingrg/all/function/internal_message.html?_=1667784938368&CODE_STATE=getMsg HTTP/1.1" 200 27
114.83.219.194 - - [07/Nov/2022:09:36:50 +0800] "GET /xingrg/kc/buy/cgsh_order_operate.html?command=get_materiel&rest_code=00149&code=00101004027&supplier_code=00100083&order_time=2022-11-07 HTTP/1.1" 200 409
124.79.74.72 - - [07/Nov/2022:09:36:51 +0800] "GET /xingrg/javascript/jquery_tools/images/prev.gif HTTP/1.1" 404 1086
124.79.74.72 - - [07/Nov/2022:09:36:51 +0800] "GET /xingrg/javascript/jquery_tools/images/next.gif HTTP/1.1" 404 1086
101.85.95.132 - - [07/Nov/2022:09:36:52 +0800] "GET /xingrg/all/function/internal_message.html?_=1667785017796&CODE_STATE=getMsg HTTP/1.1" 200 27
114.83.219.194 - - [07/Nov/2022:09:36:53 +0800] "GET /xingrg/all/function/internal_message.html?_=1667785019800&CODE_STATE=getMsg HTTP/1.1" 200 27
114.84.81.136 - - [07/Nov/2022:09:36:53 +0800] "GET /xingrg/check_reg.html?_=1667785021354 HTTP/1.1" 200 22
180.162.229.95 - - [07/Nov/2022:09:36:56 +0800] "GET /xingrg/all/function/internal_message.html?_=1667785025582&CODE_STATE=getMsg HTTP/1.1" 200 27
