180.162.229.95 - - [07/Nov/2022:10:26:54 +0800] "GET /xingrg/all/function/internal_message.html?_=1667788022704&CODE_STATE=getMsg HTTP/1.1" 200 27
222.70.183.206 - - [07/Nov/2022:10:26:55 +0800] "GET /xingrg/all/function/internal_message.html?_=1667788024659&CODE_STATE=getMsg HTTP/1.1" 200 27
114.84.81.136 - - [07/Nov/2022:10:26:56 +0800] "GET /xingrg/all/function/internal_message.html?_=1667788023698&CODE_STATE=getMsg HTTP/1.1" 200 27
116.238.139.35 - - [07/Nov/2022:10:27:05 +0800] "GET /xingrg/check_reg.html?_=1667787956399 HTTP/1.1" 200 22
180.162.229.95 - - [07/Nov/2022:10:27:06 +0800] "POST /xingrg/kc/cost/cost_operate.html HTTP/1.1" 200 4
218.81.217.29 - - [07/Nov/2022:10:27:07 +0800] "GET /xingrg/check_reg.html?_=1667788036165 HTTP/1.1" 200 22
218.81.217.29 - - [07/Nov/2022:10:27:08 +0800] "GET /xingrg/all/function/internal_message.html?_=1667788037528&CODE_STATE=getMsg HTTP/1.1" 200 27
114.88.159.190 - - [07/Nov/2022:10:27:09 +0800] "GET /xingrg/all/function/internal_message.html?_=1667787651197&CODE_STATE=getMsg HTTP/1.1" 200 27
116.230.105.139 - - [07/Nov/2022:10:27:15 +0800] "GET /xingrg/all/function/internal_message.html?_=1667788042613&CODE_STATE=getMsg HTTP/1.1" 200 27
116.238.139.35 - - [07/Nov/2022:10:27:21 +0800] "GET /xingrg/all/function/internal_message.html?_=1667787972213&CODE_STATE=getMsg HTTP/1.1" 200 27
116.238.139.35 - - [07/Nov/2022:10:27:21 +0800] "GET /xingrg/all/function/internal_message.html?_=1667788048015&CODE_STATE=getMsg HTTP/1.1" 200 27
116.238.139.35 - - [07/Nov/2022:10:27:21 +0800] "GET /xingrg/kc/base/wldb_order_list.html HTTP/1.1" 200 19066
116.238.139.35 - - [07/Nov/2022:10:27:22 +0800] "POST /xingrg/kc/base/wldb_list_operate.html HTTP/1.1" 200 928
116.238.139.35 - - [07/Nov/2022:10:27:24 +0800] "GET /xingrg/kc/base/wldb_order_add.html HTTP/1.1" 200 30301
116.238.139.35 - - [07/Nov/2022:10:27:24 +0800] "GET /xingrg/words/20221107095951_words.js HTTP/1.1" 304 -
116.238.139.35 - - [07/Nov/2022:10:27:24 +0800] "POST /xingrg/kc/base/wldb_order_operate.html HTTP/1.1" 200 6806
116.238.139.35 - - [07/Nov/2022:10:27:24 +0800] "GET /xingrg/all/common/auto_word.html?type=base&rest_code=00150 HTTP/1.1" 200 1799
116.238.139.35 - - [07/Nov/2022:10:27:24 +0800] "GET /xingrg/all/common/auto_word.html?type=base&rest_code=00150 HTTP/1.1" 200 1799
116.238.139.35 - - [07/Nov/2022:10:27:24 +0800] "GET /xingrg/javascript/easyui/themes/default/validatebox.css HTTP/1.1" 404 1104
116.230.105.139 - - [07/Nov/2022:10:27:25 +0800] "GET /xingrg/all/function/internal_message.html?_=1667788051037&CODE_STATE=getMsg HTTP/1.1" 200 27
116.230.105.139 - - [07/Nov/2022:10:27:25 +0800] "GET /xingrg/check_reg.html?_=1667788051041 HTTP/1.1" 200 22
180.162.229.95 - - [07/Nov/2022:10:27:27 +0800] "GET /xingrg/kc/cost/cost_page.html HTTP/1.1" 200 4089
180.162.229.95 - - [07/Nov/2022:10:27:27 +0800] "GET /xingrg/css/blue.css HTTP/1.1" 304 -
180.162.229.95 - - [07/Nov/2022:10:27:27 +0800] "GET /xingrg/javascript/jquery_easy_ui/themes/default/easyui.css HTTP/1.1" 304 -
180.162.229.95 - - [07/Nov/2022:10:27:27 +0800] "GET /xingrg/javascript/step/step.css HTTP/1.1" 304 -
180.162.229.95 - - [07/Nov/2022:10:27:27 +0800] "GET /xingrg/javascript/jquery_easy_ui/themes/icon.css HTTP/1.1" 304 -
180.162.229.95 - - [07/Nov/2022:10:27:27 +0800] "GET /xingrg/javascript/jquery-1.4.2.min.js HTTP/1.1" 304 -
180.162.229.95 - - [07/Nov/2022:10:27:27 +0800] "GET /xingrg/css/table.css HTTP/1.1" 304 -
180.162.229.95 - - [07/Nov/2022:10:27:27 +0800] "GET /xingrg/dwr/util.js HTTP/1.1" 304 -
180.162.229.95 - - [07/Nov/2022:10:27:27 +0800] "GET /xingrg/javascript/jquery.utils.js HTTP/1.1" 304 -
180.162.229.95 - - [07/Nov/2022:10:27:27 +0800] "GET /xingrg/javascript/jquery_easy_ui/easyui-lang-zh_CN.js HTTP/1.1" 304 -
180.162.229.95 - - [07/Nov/2022:10:27:27 +0800] "GET /xingrg/javascript/jquery_easy_ui/jquery.easyui.min.js HTTP/1.1" 304 -
180.162.229.95 - - [07/Nov/2022:10:27:27 +0800] "GET /xingrg/dwr/interface/AjaxReportQueryService.js HTTP/1.1" 200 13203
180.162.229.95 - - [07/Nov/2022:10:27:27 +0800] "GET /xingrg/dwr/engine.js HTTP/1.1" 200 43631
180.162.229.95 - - [07/Nov/2022:10:27:27 +0800] "GET /xingrg/images/control/ajaxLoader.gif HTTP/1.1" 304 -
116.235.93.82 - - [07/Nov/2022:10:27:28 +0800] "GET /xingrg/all/function/internal_message.html?_=1667788268397&CODE_STATE=getMsg HTTP/1.1" 200 27
124.79.74.72 - - [07/Nov/2022:10:27:37 +0800] "GET /xingrg/all/function/internal_message.html?_=1667788064706&CODE_STATE=getMsg HTTP/1.1" 200 27
114.95.46.117 - - [07/Nov/2022:10:27:37 +0800] "GET /xingrg/all/function/internal_message.html?_=1667787915199&CODE_STATE=getMsg HTTP/1.1" 200 27
114.95.46.117 - - [07/Nov/2022:10:27:37 +0800] "GET /xingrg/check_reg.html?_=1667787915204 HTTP/1.1" 200 22
180.169.147.146 - - [07/Nov/2022:10:27:44 +0800] "GET /xingrg/all/function/internal_message.html?_=1667788072045&CODE_STATE=getMsg HTTP/1.1" 200 27
114.84.81.136 - - [07/Nov/2022:10:27:45 +0800] "GET /xingrg/all/function/internal_message.html?_=1667788072605&CODE_STATE=getMsg HTTP/1.1" 200 27
180.162.229.95 - - [07/Nov/2022:10:27:46 +0800] "GET /favicon.ico HTTP/1.1" 404 -
114.95.46.117 - - [07/Nov/2022:10:27:47 +0800] "GET /xingrg/kc/buy/cgsh_order_operate.html?command=get_materiel&rest_code=00105&code=00101006040&supplier_code=00100012&order_time=2022-11-07 HTTP/1.1" 200 417
116.237.72.171 - - [07/Nov/2022:10:27:51 +0800] "GET /xingrg/all/function/internal_message.html?_=1667788075987&CODE_STATE=getMsg HTTP/1.1" 200 27
114.83.219.194 - - [07/Nov/2022:10:27:52 +0800] "GET /xingrg/all/function/internal_message.html?_=1667788078926&CODE_STATE=getMsg HTTP/1.1" 200 27
101.85.95.132 - - [07/Nov/2022:10:27:52 +0800] "GET /xingrg/all/function/internal_message.html?_=1667788077834&CODE_STATE=getMsg HTTP/1.1" 200 27
180.162.229.95 - - [07/Nov/2022:10:27:54 +0800] "GET /xingrg/all/function/internal_message.html?_=1667788082680&CODE_STATE=getMsg HTTP/1.1" 200 27
180.162.229.95 - - [07/Nov/2022:10:27:54 +0800] "GET /xingrg/check_reg.html?_=1667788082940 HTTP/1.1" 200 22
222.70.183.206 - - [07/Nov/2022:10:27:55 +0800] "GET /xingrg/all/function/internal_message.html?_=1667788084660&CODE_STATE=getMsg HTTP/1.1" 200 27
114.84.81.136 - - [07/Nov/2022:10:27:56 +0800] "GET /xingrg/all/function/internal_message.html?_=1667788083683&CODE_STATE=getMsg HTTP/1.1" 200 27
218.81.217.29 - - [07/Nov/2022:10:28:08 +0800] "GET /xingrg/all/function/internal_message.html?_=1667788097542&CODE_STATE=getMsg HTTP/1.1" 200 27
114.88.159.190 - - [07/Nov/2022:10:28:09 +0800] "GET /xingrg/all/function/internal_message.html?_=1667787711171&CODE_STATE=getMsg HTTP/1.1" 200 27
116.230.105.139 - - [07/Nov/2022:10:28:15 +0800] "GET /xingrg/all/function/internal_message.html?_=1667788102612&CODE_STATE=getMsg HTTP/1.1" 200 27
114.95.46.117 - - [07/Nov/2022:10:28:20 +0800] "POST /xingrg/kc/buy/cgsh_order_operate.html HTTP/1.1" 200 37
116.238.139.35 - - [07/Nov/2022:10:28:21 +0800] "GET /xingrg/all/function/internal_message.html?_=1667788032227&CODE_STATE=getMsg HTTP/1.1" 200 27
116.238.139.35 - - [07/Nov/2022:10:28:21 +0800] "GET /xingrg/all/function/internal_message.html?_=1667788108018&CODE_STATE=getMsg HTTP/1.1" 200 27
114.95.46.117 - - [07/Nov/2022:10:28:22 +0800] "POST /xingrg/kc/buy/cgsh_order_operate.html HTTP/1.1" 200 7967
114.95.46.117 - - [07/Nov/2022:10:28:25 +0800] "GET /xingrg/kc/print/load_data.html?order_code=212022110702099&kc_code=cgsh&condition= HTTP/1.1" 200 2770
116.230.105.139 - - [07/Nov/2022:10:28:25 +0800] "GET /xingrg/all/function/internal_message.html?_=1667788111042&CODE_STATE=getMsg HTTP/1.1" 200 27
116.235.93.82 - - [07/Nov/2022:10:28:28 +0800] "GET /xingrg/check_reg.html?_=1667788328396 HTTP/1.1" 200 22
116.235.93.82 - - [07/Nov/2022:10:28:28 +0800] "GET /xingrg/all/function/internal_message.html?_=1667788328397&CODE_STATE=getMsg HTTP/1.1" 200 27
124.79.74.72 - - [07/Nov/2022:10:28:37 +0800] "GET /xingrg/all/function/internal_message.html?_=1667788124714&CODE_STATE=getMsg HTTP/1.1" 200 27
114.95.46.117 - - [07/Nov/2022:10:28:37 +0800] "GET /xingrg/all/function/internal_message.html?_=1667787975161&CODE_STATE=getMsg HTTP/1.1" 200 27
180.169.147.146 - - [07/Nov/2022:10:28:44 +0800] "GET /xingrg/all/function/internal_message.html?_=1667788132035&CODE_STATE=getMsg HTTP/1.1" 200 27
114.84.81.136 - - [07/Nov/2022:10:28:45 +0800] "GET /xingrg/all/function/internal_message.html?_=1667788132619&CODE_STATE=getMsg HTTP/1.1" 200 27
180.169.147.146 - - [07/Nov/2022:10:28:47 +0800] "GET /xingrg/check_reg.html?_=1667788134439 HTTP/1.1" 200 22
116.237.72.171 - - [07/Nov/2022:10:28:51 +0800] "GET /xingrg/all/function/internal_message.html?_=1667788135961&CODE_STATE=getMsg HTTP/1.1" 200 27
180.163.28.68 - - [07/Nov/2022:10:28:51 +0800] "GET /xingrg/all/function/internal_message.html?_=1667788075987&CODE_STATE=getMsg HTTP/1.1" 302 -
180.163.28.68 - - [07/Nov/2022:10:28:51 +0800] "GET /xingrg/login.html HTTP/1.1" 200 7641
116.237.72.171 - - [07/Nov/2022:10:28:51 +0800] "GET /xingrg/check_reg.html?_=1667788136165 HTTP/1.1" 200 22
114.83.219.194 - - [07/Nov/2022:10:28:52 +0800] "GET /xingrg/all/function/internal_message.html?_=1667788138909&CODE_STATE=getMsg HTTP/1.1" 200 27
101.85.95.132 - - [07/Nov/2022:10:28:52 +0800] "GET /xingrg/all/function/internal_message.html?_=1667788137826&CODE_STATE=getMsg HTTP/1.1" 200 27
180.162.229.95 - - [07/Nov/2022:10:28:54 +0800] "GET /xingrg/all/function/internal_message.html?_=1667788142657&CODE_STATE=getMsg HTTP/1.1" 200 27
222.70.183.206 - - [07/Nov/2022:10:28:55 +0800] "GET /xingrg/all/function/internal_message.html?_=1667788144662&CODE_STATE=getMsg HTTP/1.1" 200 27
114.84.81.136 - - [07/Nov/2022:10:28:56 +0800] "GET /xingrg/all/function/internal_message.html?_=1667788143668&CODE_STATE=getMsg HTTP/1.1" 200 27
218.81.217.29 - - [07/Nov/2022:10:29:08 +0800] "GET /xingrg/all/function/internal_message.html?_=1667788157556&CODE_STATE=getMsg HTTP/1.1" 200 27
114.88.159.190 - - [07/Nov/2022:10:29:09 +0800] "GET /xingrg/all/function/internal_message.html?_=1667787771143&CODE_STATE=getMsg HTTP/1.1" 200 27
116.230.105.139 - - [07/Nov/2022:10:29:15 +0800] "GET /xingrg/all/function/internal_message.html?_=1667788162601&CODE_STATE=getMsg HTTP/1.1" 200 27
114.84.81.136 - - [07/Nov/2022:10:29:17 +0800] "GET /xingrg/kc/buy/cgsh_order_list.html HTTP/1.1" 200 53492
114.84.81.136 - - [07/Nov/2022:10:29:18 +0800] "POST /xingrg/kc/buy/cgsh_list_operate.html HTTP/1.1" 200 986
116.238.139.35 - - [07/Nov/2022:10:29:21 +0800] "GET /xingrg/all/function/internal_message.html?_=1667788092250&CODE_STATE=getMsg HTTP/1.1" 200 27
116.238.139.35 - - [07/Nov/2022:10:29:21 +0800] "GET /xingrg/all/function/internal_message.html?_=1667788168020&CODE_STATE=getMsg HTTP/1.1" 200 27
114.95.46.117 - - [07/Nov/2022:10:29:25 +0800] "GET /xingrg/kc/buy/cgsh_order_add.html HTTP/1.1" 200 69349
114.95.46.117 - - [07/Nov/2022:10:29:25 +0800] "GET /xingrg/words/20221107095951_words.js HTTP/1.1" 304 -
114.95.46.117 - - [07/Nov/2022:10:29:25 +0800] "POST /xingrg/kc/buy/cgsh_order_operate.html HTTP/1.1" 200 8245
114.95.46.117 - - [07/Nov/2022:10:29:25 +0800] "GET /xingrg/javascript/easyui/themes/default/validatebox.css HTTP/1.1" 404 1104
116.230.105.139 - - [07/Nov/2022:10:29:25 +0800] "GET /xingrg/all/function/internal_message.html?_=1667788171041&CODE_STATE=getMsg HTTP/1.1" 200 27
116.235.93.82 - - [07/Nov/2022:10:29:28 +0800] "GET /xingrg/all/function/internal_message.html?_=1667788388395&CODE_STATE=getMsg HTTP/1.1" 200 27
114.84.81.136 - - [07/Nov/2022:10:29:32 +0800] "GET /xingrg/index.html?sysBaseUrl=http%3A%2F%2F180.169.147.146%3A18081%2Fxingrg%2F&costTime=44×tamp=1622098168715 HTTP/1.1" 302 -
114.84.81.136 - - [07/Nov/2022:10:29:32 +0800] "GET /xingrg/login.html HTTP/1.1" 200 7641
114.84.81.136 - - [07/Nov/2022:10:29:33 +0800] "GET /favicon.ico HTTP/1.1" 404 -
114.84.81.136 - - [07/Nov/2022:10:29:35 +0800] "GET /xingrg/index.html?sysBaseUrl=http%3A%2F%2F180.169.147.146%3A18081%2Fxingrg%2F&costTime=44×tamp=1622098168715 HTTP/1.1" 302 -
114.84.81.136 - - [07/Nov/2022:10:29:35 +0800] "GET /xingrg/login.html HTTP/1.1" 200 7641
114.84.81.136 - - [07/Nov/2022:10:29:35 +0800] "GET /favicon.ico HTTP/1.1" 404 -
114.84.81.136 - - [07/Nov/2022:10:29:36 +0800] "POST /xingrg/login.do HTTP/1.1" 302 -
114.84.81.136 - - [07/Nov/2022:10:29:36 +0800] "GET /xingrg/index.html?sysBaseUrl=http%3A%2F%2F180.169.147.146%3A18081%2Fxingrg%2F&costTime=42×tamp=1667788176832 HTTP/1.1" 200 17179
114.84.81.136 - - [07/Nov/2022:10:29:36 +0800] "GET /favicon.ico HTTP/1.1" 404 -
114.84.81.136 - - [07/Nov/2022:10:29:37 +0800] "POST /xingrg/all/common/load_tree.html?tree=area_rest_tree_json&manage=1 HTTP/1.1" 200 351
114.84.81.136 - - [07/Nov/2022:10:29:37 +0800] "GET /xingrg/all/function/internal_message.html?_=1667788184391&CODE_STATE=count HTTP/1.1" 200 11
114.84.81.136 - - [07/Nov/2022:10:29:37 +0800] "GET /xingrg/check_reg.html?_=1667788184392 HTTP/1.1" 200 22
124.79.74.72 - - [07/Nov/2022:10:29:37 +0800] "GET /xingrg/all/function/internal_message.html?_=1667788184718&CODE_STATE=getMsg HTTP/1.1" 200 27
114.84.81.136 - - [07/Nov/2022:10:29:37 +0800] "POST /xingrg/load_menu.html HTTP/1.1" 200 5138
114.95.46.117 - - [07/Nov/2022:10:29:37 +0800] "GET /xingrg/all/function/internal_message.html?_=1667788035169&CODE_STATE=getMsg HTTP/1.1" 200 27
114.84.81.136 - - [07/Nov/2022:10:29:39 +0800] "GET /xingrg/kc/buy/cgsh_order_list.html HTTP/1.1" 200 53492
114.84.81.136 - - [07/Nov/2022:10:29:40 +0800] "POST /xingrg/kc/buy/cgsh_list_operate.html HTTP/1.1" 200 986
114.84.81.136 - - [07/Nov/2022:10:29:43 +0800] "GET /xingrg/kc/report/report_main.html HTTP/1.1" 200 7340
114.84.81.136 - - [07/Nov/2022:10:29:44 +0800] "GET /xingrg/all/report/report_query.html?fileName=kc/buy/gys_amount.xml&rh=99999 HTTP/1.1" 200 52006
114.84.81.136 - - [07/Nov/2022:10:29:44 +0800] "GET /xingrg/dwr/interface/AjaxReportQueryService.js HTTP/1.1" 200 13203
114.84.81.136 - - [07/Nov/2022:10:29:44 +0800] "GET /xingrg/dwr/engine.js HTTP/1.1" 200 43631
114.84.81.136 - - [07/Nov/2022:10:29:44 +0800] "POST /xingrg/dwr/call/plaincall/AjaxReportQueryService.getFixDate.dwr HTTP/1.1" 200 111
180.169.147.146 - - [07/Nov/2022:10:29:44 +0800] "GET /xingrg/all/function/internal_message.html?_=1667788192054&CODE_STATE=getMsg HTTP/1.1" 200 27
180.169.147.146 - - [07/Nov/2022:10:29:44 +0800] "GET /xingrg/check_reg.html?_=1667788192057 HTTP/1.1" 200 22
114.84.81.136 - - [07/Nov/2022:10:29:44 +0800] "POST /xingrg/all/common/load_tree.html?tree=supplier_tree_json&manage=1 HTTP/1.1" 200 71208
114.84.81.136 - - [07/Nov/2022:10:29:44 +0800] "POST /xingrg/all/common/load_tree.html?tree=materiel_sort_tree_json HTTP/1.1" 200 9500
114.84.81.136 - - [07/Nov/2022:10:29:46 +0800] "POST /xingrg/dwr/call/plaincall/AjaxReportQueryService.getInitString.dwr HTTP/1.1" 200 1023
114.84.81.136 - - [07/Nov/2022:10:29:48 +0800] "POST /xingrg/dwr/call/plaincall/AjaxReportQueryService.getFixDate.dwr HTTP/1.1" 200 111
114.95.46.117 - - [07/Nov/2022:10:29:49 +0800] "GET /xingrg/kc/buy/cgsh_order_operate.html?command=get_materiel&rest_code=00105&code=00101008045&supplier_code=00100203&order_time=2022-11-07 HTTP/1.1" 200 412
114.84.81.136 - - [07/Nov/2022:10:29:50 +0800] "POST /xingrg/dwr/call/plaincall/AjaxReportQueryService.refreshCache.dwr HTTP/1.1" 200 78
116.237.72.171 - - [07/Nov/2022:10:29:51 +0800] "GET /xingrg/all/function/internal_message.html?_=1667788195929&CODE_STATE=getMsg HTTP/1.1" 200 27
114.83.219.194 - - [07/Nov/2022:10:29:52 +0800] "GET /xingrg/all/function/internal_message.html?_=1667788198880&CODE_STATE=getMsg HTTP/1.1" 200 27
101.85.95.132 - - [07/Nov/2022:10:29:52 +0800] "GET /xingrg/all/function/internal_message.html?_=1667788197826&CODE_STATE=getMsg HTTP/1.1" 200 27
114.84.81.136 - - [07/Nov/2022:10:29:53 +0800] "POST /xingrg/all/report/load_report_page.html HTTP/1.1" 200 157001
114.84.81.136 - - [07/Nov/2022:10:29:53 +0800] "GET /xingrg/servlets/image?cache=0.9298803219660233&image=px HTTP/1.1" 200 807
180.162.229.95 - - [07/Nov/2022:10:29:54 +0800] "GET /xingrg/all/function/internal_message.html?_=1667788202641&CODE_STATE=getMsg HTTP/1.1" 200 27
222.70.183.206 - - [07/Nov/2022:10:29:55 +0800] "GET /xingrg/all/function/internal_message.html?_=1667788204648&CODE_STATE=getMsg HTTP/1.1" 200 27
114.84.81.136 - - [07/Nov/2022:10:29:56 +0800] "GET /xingrg/all/function/internal_message.html?_=1667788203653&CODE_STATE=getMsg HTTP/1.1" 200 27
218.81.217.29 - - [07/Nov/2022:10:30:08 +0800] "GET /xingrg/all/function/internal_message.html?_=1667788217574&CODE_STATE=getMsg HTTP/1.1" 200 27
114.88.159.190 - - [07/Nov/2022:10:30:09 +0800] "GET /xingrg/all/function/internal_message.html?_=1667787831115&CODE_STATE=getMsg HTTP/1.1" 200 27
114.84.81.136 - - [07/Nov/2022:10:30:11 +0800] "GET /xingrg/all/report/report_query.html?isQuery=1&fileName=kc/buy/wlcg_cate_hz.xml&queryString=(CONVERT(char(10)%252Ca.order_time%252C%2520120)%253E%253D'2022-10-01')%2520and%2520(CONVERT(char(10)%252Ca.order_time%252C%2520120)%253C%253D'2022-10-31')%2520and%2520(a.number%253E0%2520and%2520a.supplier_code%253D'00100028')&queryText=%25E3%2580%2590%25E9%2587%2587%25E8%25B4%25AD%25E6%2597%25A5%25E6%259C%259F%253A2022-10-01%2520%25E8%2587%25B3%25202022-10-31%25E3%2580%2591%2520%25E5%25B9%25B6%25E4%25B8%2594%2520%25E3%2580%2590%25E4%25BE%259B%25E5%25BA%2594%25E5%2595%2586%253D%25E7%25B2%25AE%25E6%25B2%25B9%25EF%25BC%2588%25E9%259F%25A9%25E6%25B5%25B7%25E5%2585%25B5%25EF%25BC%2589%25E3%2580%2591 HTTP/1.1" 200 54374
114.84.81.136 - - [07/Nov/2022:10:30:12 +0800] "GET /xingrg/dwr/interface/AjaxReportQueryService.js HTTP/1.1" 200 13203
114.84.81.136 - - [07/Nov/2022:10:30:12 +0800] "GET /xingrg/dwr/engine.js HTTP/1.1" 200 43631
114.84.81.136 - - [07/Nov/2022:10:30:14 +0800] "POST /xingrg/all/report/load_report_page.html HTTP/1.1" 200 8712
114.84.81.136 - - [07/Nov/2022:10:30:14 +0800] "GET /xingrg/servlets/image?cache=0.6925087698735681&image=px HTTP/1.1" 200 807
116.230.105.139 - - [07/Nov/2022:10:30:15 +0800] "GET /xingrg/all/function/internal_message.html?_=1667788222609&CODE_STATE=getMsg HTTP/1.1" 200 27
116.238.139.35 - - [07/Nov/2022:10:30:21 +0800] "GET /xingrg/check_reg.html?_=1667788228028 HTTP/1.1" 200 22
116.238.139.35 - - [07/Nov/2022:10:30:21 +0800] "GET /xingrg/all/function/internal_message.html?_=1667788152254&CODE_STATE=getMsg HTTP/1.1" 200 27
116.238.139.35 - - [07/Nov/2022:10:30:21 +0800] "GET /xingrg/all/function/internal_message.html?_=1667788228029&CODE_STATE=getMsg HTTP/1.1" 200 27
116.230.105.139 - - [07/Nov/2022:10:30:25 +0800] "GET /xingrg/all/function/internal_message.html?_=1667788231035&CODE_STATE=getMsg HTTP/1.1" 200 27
116.235.93.82 - - [07/Nov/2022:10:30:28 +0800] "GET /xingrg/all/function/internal_message.html?_=1667788448394&CODE_STATE=getMsg HTTP/1.1" 200 27
114.84.81.136 - - [07/Nov/2022:10:30:37 +0800] "GET /xingrg/all/function/internal_message.html?_=1667788244398&CODE_STATE=getMsg HTTP/1.1" 200 27
124.79.74.72 - - [07/Nov/2022:10:30:37 +0800] "GET /xingrg/all/function/internal_message.html?_=1667788244717&CODE_STATE=getMsg HTTP/1.1" 200 27
114.95.46.117 - - [07/Nov/2022:10:30:37 +0800] "GET /xingrg/all/function/internal_message.html?_=1667788095154&CODE_STATE=getMsg HTTP/1.1" 200 27
114.95.46.117 - - [07/Nov/2022:10:30:38 +0800] "GET /xingrg/kc/buy/cgsh_order_operate.html?command=get_materiel&rest_code=00105&code=00101008024&supplier_code=00100203&order_time=2022-11-07 HTTP/1.1" 200 408
116.237.72.171 - - [07/Nov/2022:10:30:42 +0800] "GET /xingrg/kc/buy/cgsh_order_add.html HTTP/1.1" 200 69267
116.237.72.171 - - [07/Nov/2022:10:30:43 +0800] "POST /xingrg/kc/buy/cgsh_order_operate.html HTTP/1.1" 200 8245
116.237.72.171 - - [07/Nov/2022:10:30:43 +0800] "GET /xingrg/javascript/easyui/themes/default/validatebox.css HTTP/1.1" 404 1104
114.83.219.194 - - [07/Nov/2022:10:30:43 +0800] "GET /xingrg/check_reg.html?_=1667788249951 HTTP/1.1" 200 22
180.169.147.146 - - [07/Nov/2022:10:30:44 +0800] "GET /xingrg/all/function/internal_message.html?_=1667788252054&CODE_STATE=getMsg HTTP/1.1" 200 27
116.237.72.171 - - [07/Nov/2022:10:30:47 +0800] "GET /xingrg/javascript/easyui/themes/default/tree.css HTTP/1.1" 404 1090
116.237.72.171 - - [07/Nov/2022:10:30:47 +0800] "POST /xingrg/all/common/load_tree.html?tree=supplier_tree_json&isDelete=1 HTTP/1.1" 200 69873
116.237.72.171 - - [07/Nov/2022:10:30:51 +0800] "GET /xingrg/all/function/internal_message.html?_=1667788255915&CODE_STATE=getMsg HTTP/1.1" 200 27
114.83.219.194 - - [07/Nov/2022:10:30:52 +0800] "GET /xingrg/all/function/internal_message.html?_=1667788258862&CODE_STATE=getMsg HTTP/1.1" 200 27
101.85.95.132 - - [07/Nov/2022:10:30:52 +0800] "GET /xingrg/all/function/internal_message.html?_=1667788257824&CODE_STATE=getMsg HTTP/1.1" 200 27
101.85.95.132 - - [07/Nov/2022:10:30:52 +0800] "GET /xingrg/check_reg.html?_=1667788257826 HTTP/1.1" 200 22
180.162.229.95 - - [07/Nov/2022:10:30:54 +0800] "GET /xingrg/all/function/internal_message.html?_=1667788262627&CODE_STATE=getMsg HTTP/1.1" 200 27
222.70.183.206 - - [07/Nov/2022:10:30:55 +0800] "GET /xingrg/all/function/internal_message.html?_=1667788264650&CODE_STATE=getMsg HTTP/1.1" 200 27
222.70.183.206 - - [07/Nov/2022:10:30:55 +0800] "GET /xingrg/check_reg.html?_=1667788264654 HTTP/1.1" 200 22
114.84.81.136 - - [07/Nov/2022:10:30:56 +0800] "GET /xingrg/all/function/internal_message.html?_=1667788263638&CODE_STATE=getMsg HTTP/1.1" 200 27
114.95.46.117 - - [07/Nov/2022:10:31:00 +0800] "GET /xingrg/kc/buy/cgsh_order_operate.html?command=get_materiel&rest_code=00105&code=00101008196&supplier_code=00100203&order_time=2022-11-07 HTTP/1.1" 200 416
116.237.72.171 - - [07/Nov/2022:10:31:04 +0800] "GET /xingrg/kc/buy/cgsh_order_operate.html?command=get_materiel&rest_code=00106&code=00101008147&supplier_code=00100009&order_time=2022-11-07 HTTP/1.1" 200 416
218.81.217.29 - - [07/Nov/2022:10:31:08 +0800] "GET /xingrg/all/function/internal_message.html?_=1667788277583&CODE_STATE=getMsg HTTP/1.1" 200 27
120.253.135.82 - - [07/Nov/2022:10:31:09 +0800] "GET /xingrg/check_reg.html?_=1667788074788 HTTP/1.1" 200 22
114.88.159.190 - - [07/Nov/2022:10:31:09 +0800] "GET /xingrg/all/function/internal_message.html?_=1667787891086&CODE_STATE=getMsg HTTP/1.1" 200 27
114.88.159.190 - - [07/Nov/2022:10:31:10 +0800] "GET /xingrg/check_reg.html?_=1667787892070 HTTP/1.1" 200 22
116.230.105.139 - - [07/Nov/2022:10:31:15 +0800] "GET /xingrg/check_reg.html?_=1667788282627 HTTP/1.1" 200 22
116.230.105.139 - - [07/Nov/2022:10:31:15 +0800] "GET /xingrg/all/function/internal_message.html?_=1667788282620&CODE_STATE=getMsg HTTP/1.1" 200 27
116.238.139.35 - - [07/Nov/2022:10:31:21 +0800] "GET /xingrg/all/function/internal_message.html?_=1667788288021&CODE_STATE=getMsg HTTP/1.1" 200 27
116.238.139.35 - - [07/Nov/2022:10:31:21 +0800] "GET /xingrg/all/function/internal_message.html?_=1667788212277&CODE_STATE=getMsg HTTP/1.1" 200 27
116.237.72.171 - - [07/Nov/2022:10:31:21 +0800] "GET /xingrg/kc/buy/cgsh_order_operate.html?command=get_materiel&rest_code=00106&code=00101008037&supplier_code=00100009&order_time=2022-11-07 HTTP/1.1" 200 413
114.95.46.117 - - [07/Nov/2022:10:31:22 +0800] "GET /xingrg/kc/buy/cgsh_order_operate.html?command=get_materiel&rest_code=00105&code=00101008357&supplier_code=00100203&order_time=2022-11-07 HTTP/1.1" 200 408
114.84.81.136 - - [07/Nov/2022:10:31:22 +0800] "POST /xingrg/all/report/load_report_page.html HTTP/1.1" 200 23230
114.84.81.136 - - [07/Nov/2022:10:31:22 +0800] "GET /xingrg/servlets/image?cache=0.5146670172552368&image=px HTTP/1.1" 200 807
116.230.105.139 - - [07/Nov/2022:10:31:25 +0800] "GET /xingrg/all/function/internal_message.html?_=1667788291024&CODE_STATE=getMsg HTTP/1.1" 200 27
114.84.81.136 - - [07/Nov/2022:10:31:26 +0800] "POST /xingrg/all/report/load_report_page.html HTTP/1.1" 200 23230
114.84.81.136 - - [07/Nov/2022:10:31:26 +0800] "GET /xingrg/servlets/image?cache=0.8553324512637409&image=px HTTP/1.1" 200 807
116.235.93.82 - - [07/Nov/2022:10:31:28 +0800] "GET /xingrg/all/function/internal_message.html?_=1667788508419&CODE_STATE=getMsg HTTP/1.1" 200 27
114.84.81.136 - - [07/Nov/2022:10:31:28 +0800] "POST /xingrg/all/report/report_print.html HTTP/1.1" 302 -
114.84.81.136 - - [07/Nov/2022:10:31:28 +0800] "GET /xingrg/servlets/html?sysBaseUrl=http%3A%2F%2F180.169.147.146%3A18081%2Fxingrg%2F&costTime=785×tamp=1667788288613 HTTP/1.1" 200 24158
114.84.81.136 - - [07/Nov/2022:10:31:28 +0800] "GET /xingrg/servlets/image?image=px HTTP/1.1" 200 807
114.84.81.136 - - [07/Nov/2022:10:31:28 +0800] "GET /favicon.ico HTTP/1.1" 404 -
116.238.139.35 - - [07/Nov/2022:10:31:31 +0800] "GET /xingrg/kc/base/wldb_order_operate.html?command=get_materiel&rest_code=00150&base_code=0010445&code=00101019368 HTTP/1.1" 200 466
114.84.81.136 - - [07/Nov/2022:10:31:37 +0800] "GET /xingrg/all/function/internal_message.html?_=1667788304402&CODE_STATE=getMsg HTTP/1.1" 200 27
124.79.74.72 - - [07/Nov/2022:10:31:37 +0800] "GET /xingrg/all/function/internal_message.html?_=1667788304705&CODE_STATE=getMsg HTTP/1.1" 200 27
124.79.74.72 - - [07/Nov/2022:10:31:37 +0800] "GET /xingrg/check_reg.html?_=1667788304706 HTTP/1.1" 200 22
114.95.46.117 - - [07/Nov/2022:10:31:37 +0800] "GET /xingrg/all/function/internal_message.html?_=1667788155164&CODE_STATE=getMsg HTTP/1.1" 200 27
114.95.46.117 - - [07/Nov/2022:10:31:38 +0800] "GET /xingrg/kc/buy/cgsh_order_operate.html?command=get_materiel&rest_code=00105&code=00101008131&supplier_code=00100203&order_time=2022-11-07 HTTP/1.1" 200 408
180.169.147.146 - - [07/Nov/2022:10:31:38 +0800] "GET /favicon.ico HTTP/1.1" 404 -
116.238.139.35 - - [07/Nov/2022:10:31:43 +0800] "GET /xingrg/kc/base/wldb_order_operate.html?command=get_materiel&rest_code=00150&base_code=0010445&code=00101016086 HTTP/1.1" 200 467
180.169.147.146 - - [07/Nov/2022:10:31:44 +0800] "GET /xingrg/all/function/internal_message.html?_=1667788312055&CODE_STATE=getMsg HTTP/1.1" 200 27
116.238.139.35 - - [07/Nov/2022:10:31:51 +0800] "GET /xingrg/kc/base/wldb_order_operate.html?command=get_materiel&rest_code=00150&base_code=0010445&code=00101020143 HTTP/1.1" 200 450
114.83.219.194 - - [07/Nov/2022:10:31:52 +0800] "GET /xingrg/all/function/internal_message.html?_=1667788318833&CODE_STATE=getMsg HTTP/1.1" 200 27
101.85.95.132 - - [07/Nov/2022:10:31:52 +0800] "GET /xingrg/all/function/internal_message.html?_=1667788317825&CODE_STATE=getMsg HTTP/1.1" 200 27
114.84.81.136 - - [07/Nov/2022:10:31:53 +0800] "GET /xingrg/check_reg.html?_=1667788321484 HTTP/1.1" 200 22
116.237.72.171 - - [07/Nov/2022:10:31:54 +0800] "POST /xingrg/kc/buy/cgsh_order_operate.html HTTP/1.1" 200 37
180.162.229.95 - - [07/Nov/2022:10:31:54 +0800] "GET /xingrg/all/function/internal_message.html?_=1667788322610&CODE_STATE=getMsg HTTP/1.1" 200 27
222.70.183.206 - - [07/Nov/2022:10:31:55 +0800] "GET /xingrg/all/function/internal_message.html?_=1667788324679&CODE_STATE=getMsg HTTP/1.1" 200 27
114.84.81.136 - - [07/Nov/2022:10:31:56 +0800] "GET /xingrg/all/function/internal_message.html?_=1667788323608&CODE_STATE=getMsg HTTP/1.1" 200 27
116.238.139.35 - - [07/Nov/2022:10:31:57 +0800] "POST /xingrg/kc/base/wldb_order_operate.html HTTP/1.1" 200 37
116.238.139.35 - - [07/Nov/2022:10:32:00 +0800] "POST /xingrg/kc/base/wldb_order_operate.html HTTP/1.1" 200 12
116.238.139.35 - - [07/Nov/2022:10:32:01 +0800] "POST /xingrg/kc/base/wldb_order_operate.html HTTP/1.1" 200 3193
116.237.72.171 - - [07/Nov/2022:10:32:03 +0800] "POST /xingrg/kc/buy/cgsh_order_operate.html HTTP/1.1" 200 12
116.237.72.171 - - [07/Nov/2022:10:32:05 +0800] "GET /xingrg/kc/buy/cgsh_order_info.html?code=212022110702100 HTTP/1.1" 200 64176
116.238.139.35 - - [07/Nov/2022:10:32:05 +0800] "GET /xingrg/check_reg.html?_=1667788256401 HTTP/1.1" 200 22
116.237.72.171 - - [07/Nov/2022:10:32:05 +0800] "GET /xingrg/javascript/easyui/themes/default/validatebox.css HTTP/1.1" 404 1104
116.238.139.35 - - [07/Nov/2022:10:32:05 +0800] "GET /xingrg/kc/base/wldb_order_info.html?code=422022110700495 HTTP/1.1" 200 26180
116.238.139.35 - - [07/Nov/2022:10:32:06 +0800] "GET /xingrg/words/20221107095951_words.js HTTP/1.1" 304 -
116.237.72.171 - - [07/Nov/2022:10:32:06 +0800] "POST /xingrg/kc/buy/cgsh_order_operate.html HTTP/1.1" 200 1202
116.238.139.35 - - [07/Nov/2022:10:32:06 +0800] "GET /xingrg/javascript/easyui/themes/default/validatebox.css HTTP/1.1" 404 1104
116.238.139.35 - - [07/Nov/2022:10:32:06 +0800] "POST /xingrg/kc/base/wldb_order_operate.html HTTP/1.1" 200 1466
218.81.217.29 - - [07/Nov/2022:10:32:07 +0800] "GET /xingrg/check_reg.html?_=1667788336166 HTTP/1.1" 200 22
116.237.72.171 - - [07/Nov/2022:10:32:07 +0800] "GET /xingrg/kc/print/load_data.html?order_code=212022110702100&kc_code=cgsh&condition= HTTP/1.1" 200 1007
218.81.217.29 - - [07/Nov/2022:10:32:08 +0800] "GET /xingrg/all/function/internal_message.html?_=1667788337596&CODE_STATE=getMsg HTTP/1.1" 200 27
114.88.159.190 - - [07/Nov/2022:10:32:09 +0800] "GET /xingrg/all/function/internal_message.html?_=1667787951063&CODE_STATE=getMsg HTTP/1.1" 200 27
114.95.46.117 - - [07/Nov/2022:10:32:10 +0800] "GET /xingrg/kc/buy/cgsh_order_operate.html?command=get_materiel&rest_code=00105&code=00101008271&supplier_code=00100203&order_time=2022-11-07 HTTP/1.1" 200 408
116.237.72.171 - - [07/Nov/2022:10:32:15 +0800] "GET /xingrg/kc/print/load_data.html?order_code=212022110702100&kc_code=cgsh HTTP/1.1" 200 1007
116.230.105.139 - - [07/Nov/2022:10:32:15 +0800] "GET /xingrg/all/function/internal_message.html?_=1667788342607&CODE_STATE=getMsg HTTP/1.1" 200 27
116.238.139.35 - - [07/Nov/2022:10:32:21 +0800] "GET /xingrg/all/function/internal_message.html?_=1667788348033&CODE_STATE=getMsg HTTP/1.1" 200 27
116.238.139.35 - - [07/Nov/2022:10:32:21 +0800] "GET /xingrg/all/function/internal_message.html?_=1667788272282&CODE_STATE=getMsg HTTP/1.1" 200 27
116.230.105.139 - - [07/Nov/2022:10:32:25 +0800] "GET /xingrg/all/function/internal_message.html?_=1667788351042&CODE_STATE=getMsg HTTP/1.1" 200 27
116.230.105.139 - - [07/Nov/2022:10:32:25 +0800] "GET /xingrg/check_reg.html?_=1667788351045 HTTP/1.1" 200 22
116.235.93.82 - - [07/Nov/2022:10:32:28 +0800] "GET /xingrg/all/function/internal_message.html?_=1667788568417&CODE_STATE=getMsg HTTP/1.1" 200 27
114.95.46.117 - - [07/Nov/2022:10:32:31 +0800] "GET /xingrg/kc/buy/cgsh_order_operate.html?command=get_materiel&rest_code=00105&code=00101008119&supplier_code=00100203&order_time=2022-11-07 HTTP/1.1" 200 413
114.84.81.136 - - [07/Nov/2022:10:32:37 +0800] "GET /xingrg/all/function/internal_message.html?_=1667788364400&CODE_STATE=getMsg HTTP/1.1" 200 27
124.79.74.72 - - [07/Nov/2022:10:32:37 +0800] "GET /xingrg/all/function/internal_message.html?_=1667788364708&CODE_STATE=getMsg HTTP/1.1" 200 27
114.95.46.117 - - [07/Nov/2022:10:32:37 +0800] "GET /xingrg/all/function/internal_message.html?_=1667788215171&CODE_STATE=getMsg HTTP/1.1" 200 27
114.95.46.117 - - [07/Nov/2022:10:32:37 +0800] "GET /xingrg/check_reg.html?_=1667788215178 HTTP/1.1" 200 22
116.237.72.171 - - [07/Nov/2022:10:32:43 +0800] "GET /xingrg/kc/buy/cgsh_order_add.html HTTP/1.1" 200 69267
116.237.72.171 - - [07/Nov/2022:10:32:43 +0800] "GET /xingrg/javascript/easyui/themes/default/validatebox.css HTTP/1.1" 404 1104
116.237.72.171 - - [07/Nov/2022:10:32:43 +0800] "POST /xingrg/kc/buy/cgsh_order_operate.html HTTP/1.1" 200 8245
180.169.147.146 - - [07/Nov/2022:10:32:44 +0800] "GET /xingrg/all/function/internal_message.html?_=1667788372036&CODE_STATE=getMsg HTTP/1.1" 200 27
114.95.46.117 - - [07/Nov/2022:10:32:50 +0800] "GET /xingrg/kc/buy/cgsh_order_operate.html?command=get_materiel&rest_code=00105&code=00101008478&supplier_code=00100203&order_time=2022-11-07 HTTP/1.1" 200 412
116.237.72.171 - - [07/Nov/2022:10:32:51 +0800] "GET /xingrg/all/function/internal_message.html?_=1667788375940&CODE_STATE=getMsg HTTP/1.1" 200 27
114.83.219.194 - - [07/Nov/2022:10:32:52 +0800] "GET /xingrg/all/function/internal_message.html?_=1667788378824&CODE_STATE=getMsg HTTP/1.1" 200 27
101.85.95.132 - - [07/Nov/2022:10:32:52 +0800] "GET /xingrg/all/function/internal_message.html?_=1667788377824&CODE_STATE=getMsg HTTP/1.1" 200 27
180.162.229.95 - - [07/Nov/2022:10:32:54 +0800] "GET /xingrg/all/function/internal_message.html?_=1667788382581&CODE_STATE=getMsg HTTP/1.1" 200 27
180.162.229.95 - - [07/Nov/2022:10:32:54 +0800] "GET /xingrg/check_reg.html?_=1667788382942 HTTP/1.1" 200 22
222.70.183.206 - - [07/Nov/2022:10:32:55 +0800] "GET /xingrg/all/function/internal_message.html?_=1667788384680&CODE_STATE=getMsg HTTP/1.1" 200 27
114.84.81.136 - - [07/Nov/2022:10:32:56 +0800] "GET /xingrg/all/function/internal_message.html?_=1667788383593&CODE_STATE=getMsg HTTP/1.1" 200 27
180.163.29.217 - - [07/Nov/2022:10:33:04 +0800] "GET /xingrg/kc/buy/cgsh_order_info.html?code=212022110702100 HTTP/1.1" 302 -
180.163.29.217 - - [07/Nov/2022:10:33:04 +0800] "GET /xingrg/login.html HTTP/1.1" 200 7641
218.81.217.29 - - [07/Nov/2022:10:33:08 +0800] "GET /xingrg/all/function/internal_message.html?_=1667788397610&CODE_STATE=getMsg HTTP/1.1" 200 27
114.88.159.190 - - [07/Nov/2022:10:33:09 +0800] "GET /xingrg/all/function/internal_message.html?_=1667788011060&CODE_STATE=getMsg HTTP/1.1" 200 27
116.237.72.171 - - [07/Nov/2022:10:33:10 +0800] "GET /xingrg/javascript/easyui/themes/default/tree.css HTTP/1.1" 404 1090
116.237.72.171 - - [07/Nov/2022:10:33:10 +0800] "POST /xingrg/all/common/load_tree.html?tree=supplier_tree_json&isDelete=1 HTTP/1.1" 200 69873
180.163.29.217 - - [07/Nov/2022:10:33:14 +0800] "GET /xingrg/kc/print/load_data.html?order_code=212022110702100&kc_code=cgsh HTTP/1.1" 302 -
180.163.29.217 - - [07/Nov/2022:10:33:14 +0800] "GET /xingrg/login.html HTTP/1.1" 200 7641
116.230.105.139 - - [07/Nov/2022:10:33:15 +0800] "GET /xingrg/all/function/internal_message.html?_=1667788402610&CODE_STATE=getMsg HTTP/1.1" 200 27
116.238.139.35 - - [07/Nov/2022:10:33:21 +0800] "GET /xingrg/all/function/internal_message.html?_=1667788408032&CODE_STATE=getMsg HTTP/1.1" 200 27
116.238.139.35 - - [07/Nov/2022:10:33:21 +0800] "GET /xingrg/all/function/internal_message.html?_=1667788332296&CODE_STATE=getMsg HTTP/1.1" 200 27
116.237.72.171 - - [07/Nov/2022:10:33:23 +0800] "GET /xingrg/kc/buy/cgsh_order_operate.html?command=get_materiel&rest_code=00106&code=00101006124&supplier_code=00100015&order_time=2022-11-07 HTTP/1.1" 200 409
116.230.105.139 - - [07/Nov/2022:10:33:25 +0800] "GET /xingrg/all/function/internal_message.html?_=1667788411046&CODE_STATE=getMsg HTTP/1.1" 200 27
116.235.93.82 - - [07/Nov/2022:10:33:28 +0800] "GET /xingrg/all/function/internal_message.html?_=1667788628415&CODE_STATE=getMsg HTTP/1.1" 200 27
116.235.93.82 - - [07/Nov/2022:10:33:28 +0800] "GET /xingrg/check_reg.html?_=1667788628416 HTTP/1.1" 200 22
124.79.74.72 - - [07/Nov/2022:10:33:37 +0800] "GET /xingrg/all/function/internal_message.html?_=1667788424734&CODE_STATE=getMsg HTTP/1.1" 200 27
114.95.46.117 - - [07/Nov/2022:10:33:37 +0800] "GET /xingrg/all/function/internal_message.html?_=1667788275177&CODE_STATE=getMsg HTTP/1.1" 200 27
180.169.147.146 - - [07/Nov/2022:10:33:44 +0800] "GET /xingrg/all/function/internal_message.html?_=1667788432045&CODE_STATE=getMsg HTTP/1.1" 200 27
180.169.147.146 - - [07/Nov/2022:10:33:47 +0800] "GET /xingrg/check_reg.html?_=1667788434425 HTTP/1.1" 200 22
116.237.72.171 - - [07/Nov/2022:10:33:48 +0800] "GET /xingrg/kc/buy/cgsh_order_operate.html?command=get_materiel&rest_code=00106&code=00101006184&supplier_code=00100015&order_time=2022-11-07 HTTP/1.1" 200 410
116.237.72.171 - - [07/Nov/2022:10:33:51 +0800] "GET /xingrg/all/function/internal_message.html?_=1667788435895&CODE_STATE=getMsg HTTP/1.1" 200 27
116.237.72.171 - - [07/Nov/2022:10:33:51 +0800] "GET /xingrg/check_reg.html?_=1667788436170 HTTP/1.1" 200 22
114.83.219.194 - - [07/Nov/2022:10:33:52 +0800] "GET /xingrg/all/function/internal_message.html?_=1667788438813&CODE_STATE=getMsg HTTP/1.1" 200 27
101.85.95.132 - - [07/Nov/2022:10:33:52 +0800] "GET /xingrg/all/function/internal_message.html?_=1667788437824&CODE_STATE=getMsg HTTP/1.1" 200 27
180.162.229.95 - - [07/Nov/2022:10:33:54 +0800] "GET /xingrg/all/function/internal_message.html?_=1667788442551&CODE_STATE=getMsg HTTP/1.1" 200 27
222.70.183.206 - - [07/Nov/2022:10:33:55 +0800] "GET /xingrg/all/function/internal_message.html?_=1667788444681&CODE_STATE=getMsg HTTP/1.1" 200 27
114.84.81.136 - - [07/Nov/2022:10:33:56 +0800] "GET /xingrg/all/function/internal_message.html?_=1667788443923&CODE_STATE=getMsg HTTP/1.1" 200 27
116.237.72.171 - - [07/Nov/2022:10:34:00 +0800] "GET /xingrg/kc/buy/cgsh_order_operate.html?command=get_materiel&rest_code=00106&code=00101006195&supplier_code=00100015&order_time=2022-11-07 HTTP/1.1" 200 409
218.81.217.29 - - [07/Nov/2022:10:34:08 +0800] "GET /xingrg/all/function/internal_message.html?_=1667788457623&CODE_STATE=getMsg HTTP/1.1" 200 27
114.88.159.190 - - [07/Nov/2022:10:34:09 +0800] "GET /xingrg/all/function/internal_message.html?_=1667788071040&CODE_STATE=getMsg HTTP/1.1" 200 27
116.230.105.139 - - [07/Nov/2022:10:34:15 +0800] "GET /xingrg/all/function/internal_message.html?_=1667788462616&CODE_STATE=getMsg HTTP/1.1" 200 27
116.238.139.35 - - [07/Nov/2022:10:34:21 +0800] "GET /xingrg/all/function/internal_message.html?_=1667788468033&CODE_STATE=getMsg HTTP/1.1" 200 27
116.238.139.35 - - [07/Nov/2022:10:34:21 +0800] "GET /xingrg/all/function/internal_message.html?_=1667788392319&CODE_STATE=getMsg HTTP/1.1" 200 27
116.230.105.139 - - [07/Nov/2022:10:34:25 +0800] "GET /xingrg/all/function/internal_message.html?_=1667788471024&CODE_STATE=getMsg HTTP/1.1" 200 27
116.235.93.82 - - [07/Nov/2022:10:34:28 +0800] "GET /xingrg/all/function/internal_message.html?_=1667788688414&CODE_STATE=getMsg HTTP/1.1" 200 27
124.79.74.72 - - [07/Nov/2022:10:34:37 +0800] "GET /xingrg/all/function/internal_message.html?_=1667788484727&CODE_STATE=getMsg HTTP/1.1" 200 27
114.95.46.117 - - [07/Nov/2022:10:34:37 +0800] "GET /xingrg/all/function/internal_message.html?_=1667788335187&CODE_STATE=getMsg HTTP/1.1" 200 27
116.237.72.171 - - [07/Nov/2022:10:34:42 +0800] "GET /xingrg/kc/buy/cgsh_order_operate.html?command=get_materiel&rest_code=00106&code=00101006065&supplier_code=00100015&order_time=2022-11-07 HTTP/1.1" 200 411
180.169.147.146 - - [07/Nov/2022:10:34:44 +0800] "GET /xingrg/all/function/internal_message.html?_=1667788492038&CODE_STATE=getMsg HTTP/1.1" 200 27
180.169.147.146 - - [07/Nov/2022:10:34:44 +0800] "GET /xingrg/check_reg.html?_=1667788492040 HTTP/1.1" 200 22
180.163.29.206 - - [07/Nov/2022:10:34:51 +0800] "GET /xingrg/all/function/internal_message.html?_=1667788435895&CODE_STATE=getMsg HTTP/1.1" 302 -
180.163.29.206 - - [07/Nov/2022:10:34:51 +0800] "GET /xingrg/login.html HTTP/1.1" 200 7641
116.237.72.171 - - [07/Nov/2022:10:34:51 +0800] "GET /xingrg/all/function/internal_message.html?_=1667788495895&CODE_STATE=getMsg HTTP/1.1" 200 27
180.163.29.79 - - [07/Nov/2022:10:34:51 +0800] "GET /xingrg/check_reg.html?_=1667788436170 HTTP/1.1" 302 -
180.163.29.79 - - [07/Nov/2022:10:34:51 +0800] "GET /xingrg/login.html HTTP/1.1" 200 7641
114.83.219.194 - - [07/Nov/2022:10:34:52 +0800] "GET /xingrg/all/function/internal_message.html?_=1667788498797&CODE_STATE=getMsg HTTP/1.1" 200 27
101.85.95.132 - - [07/Nov/2022:10:34:52 +0800] "GET /xingrg/all/function/internal_message.html?_=1667788497824&CODE_STATE=getMsg HTTP/1.1" 200 27
180.162.229.95 - - [07/Nov/2022:10:34:54 +0800] "GET /xingrg/all/function/internal_message.html?_=1667788502526&CODE_STATE=getMsg HTTP/1.1" 200 27
222.70.183.206 - - [07/Nov/2022:10:34:55 +0800] "GET /xingrg/all/function/internal_message.html?_=1667788504682&CODE_STATE=getMsg HTTP/1.1" 200 27
114.84.81.136 - - [07/Nov/2022:10:34:56 +0800] "GET /xingrg/all/function/internal_message.html?_=1667788503901&CODE_STATE=getMsg HTTP/1.1" 200 27
218.81.217.29 - - [07/Nov/2022:10:35:08 +0800] "GET /xingrg/all/function/internal_message.html?_=1667788517641&CODE_STATE=getMsg HTTP/1.1" 200 27
114.88.159.190 - - [07/Nov/2022:10:35:09 +0800] "GET /xingrg/all/function/internal_message.html?_=1667788131012&CODE_STATE=getMsg HTTP/1.1" 200 27
116.230.105.139 - - [07/Nov/2022:10:35:15 +0800] "GET /xingrg/all/function/internal_message.html?_=1667788522612&CODE_STATE=getMsg HTTP/1.1" 200 27
116.237.72.171 - - [07/Nov/2022:10:35:17 +0800] "GET /xingrg/kc/buy/cgsh_order_operate.html?command=get_materiel&rest_code=00106&code=00101006130&supplier_code=00100015&order_time=2022-11-07 HTTP/1.1" 200 429
58.35.213.73 - - [07/Nov/2022:10:35:19 +0800] "POST /xingrg/services/DataTransmitService HTTP/1.1" 200 524
58.35.213.73 - - [07/Nov/2022:10:35:20 +0800] "POST /xingrg/services/DataTransmitService HTTP/1.1" 200 2147
116.238.139.35 - - [07/Nov/2022:10:35:21 +0800] "GET /xingrg/all/function/internal_message.html?_=1667788528046&CODE_STATE=getMsg HTTP/1.1" 200 27
116.238.139.35 - - [07/Nov/2022:10:35:21 +0800] "GET /xingrg/check_reg.html?_=1667788528049 HTTP/1.1" 200 22
58.35.213.73 - - [07/Nov/2022:10:35:21 +0800] "POST /xingrg/services/DataTransmitService HTTP/1.1" 200 123347
116.238.139.35 - - [07/Nov/2022:10:35:21 +0800] "GET /xingrg/all/function/internal_message.html?_=1667788452322&CODE_STATE=getMsg HTTP/1.1" 200 27
114.95.46.117 - - [07/Nov/2022:10:35:23 +0800] "GET /xingrg/kc/buy/cgsh_order_operate.html?command=get_materiel&rest_code=00105&code=00101008356&supplier_code=00100203&order_time=2022-11-07 HTTP/1.1" 200 408
116.230.105.139 - - [07/Nov/2022:10:35:25 +0800] "GET /xingrg/all/function/internal_message.html?_=1667788531039&CODE_STATE=getMsg HTTP/1.1" 200 27
116.235.93.82 - - [07/Nov/2022:10:35:28 +0800] "GET /xingrg/all/function/internal_message.html?_=1667788748413&CODE_STATE=getMsg HTTP/1.1" 200 27
114.88.159.190 - - [07/Nov/2022:10:35:33 +0800] "POST /xingrg/services/DataTransmitService HTTP/1.1" 200 524
124.79.74.72 - - [07/Nov/2022:10:35:37 +0800] "GET /xingrg/all/function/internal_message.html?_=1667788544715&CODE_STATE=getMsg HTTP/1.1" 200 27
114.95.46.117 - - [07/Nov/2022:10:35:37 +0800] "GET /xingrg/all/function/internal_message.html?_=1667788395187&CODE_STATE=getMsg HTTP/1.1" 200 27
116.237.72.171 - - [07/Nov/2022:10:35:39 +0800] "GET /xingrg/kc/buy/cgsh_order_operate.html?command=get_materiel&rest_code=00106&code=00101006109&supplier_code=00100015&order_time=2022-11-07 HTTP/1.1" 200 411
114.83.219.194 - - [07/Nov/2022:10:35:43 +0800] "GET /xingrg/check_reg.html?_=1667788549953 HTTP/1.1" 200 22
180.169.147.146 - - [07/Nov/2022:10:35:44 +0800] "GET /xingrg/all/function/internal_message.html?_=1667788552057&CODE_STATE=getMsg HTTP/1.1" 200 27
116.237.72.171 - - [07/Nov/2022:10:35:49 +0800] "GET /xingrg/kc/buy/cgsh_order_operate.html?command=get_materiel&rest_code=00106&code=00101006112&supplier_code=00100015&order_time=2022-11-07 HTTP/1.1" 200 409
116.237.72.171 - - [07/Nov/2022:10:35:51 +0800] "GET /xingrg/all/function/internal_message.html?_=1667788555838&CODE_STATE=getMsg HTTP/1.1" 200 27
114.83.219.194 - - [07/Nov/2022:10:35:52 +0800] "GET /xingrg/all/function/internal_message.html?_=1667788558777&CODE_STATE=getMsg HTTP/1.1" 200 27
101.85.95.132 - - [07/Nov/2022:10:35:52 +0800] "GET /xingrg/all/function/internal_message.html?_=1667788557824&CODE_STATE=getMsg HTTP/1.1" 200 27
101.85.95.132 - - [07/Nov/2022:10:35:52 +0800] "GET /xingrg/check_reg.html?_=1667788557828 HTTP/1.1" 200 22
180.162.229.95 - - [07/Nov/2022:10:35:54 +0800] "GET /xingrg/all/function/internal_message.html?_=1667788562517&CODE_STATE=getMsg HTTP/1.1" 200 27
222.70.183.206 - - [07/Nov/2022:10:35:55 +0800] "GET /xingrg/check_reg.html?_=1667788564682 HTTP/1.1" 200 22
222.70.183.206 - - [07/Nov/2022:10:35:55 +0800] "GET /xingrg/all/function/internal_message.html?_=1667788564686&CODE_STATE=getMsg HTTP/1.1" 200 27
114.84.81.136 - - [07/Nov/2022:10:35:56 +0800] "GET /xingrg/all/function/internal_message.html?_=1667788563886&CODE_STATE=getMsg HTTP/1.1" 200 27
114.95.46.117 - - [07/Nov/2022:10:35:59 +0800] "GET /xingrg/kc/buy/cgsh_order_operate.html?command=get_materiel&rest_code=00105&code=00101008286&supplier_code=00100203&order_time=2022-11-07 HTTP/1.1" 200 408
218.81.217.29 - - [07/Nov/2022:10:36:08 +0800] "GET /xingrg/all/function/internal_message.html?_=1667788577651&CODE_STATE=getMsg HTTP/1.1" 200 27
120.253.135.82 - - [07/Nov/2022:10:36:09 +0800] "GET /xingrg/check_reg.html?_=1667788374822 HTTP/1.1" 200 22
114.88.159.190 - - [07/Nov/2022:10:36:09 +0800] "GET /xingrg/all/function/internal_message.html?_=1667788190991&CODE_STATE=getMsg HTTP/1.1" 200 27
114.88.159.190 - - [07/Nov/2022:10:36:10 +0800] "GET /xingrg/check_reg.html?_=1667788192100 HTTP/1.1" 200 22
116.230.105.139 - - [07/Nov/2022:10:36:15 +0800] "GET /xingrg/check_reg.html?_=1667788582604 HTTP/1.1" 200 22
116.230.105.139 - - [07/Nov/2022:10:36:15 +0800] "GET /xingrg/all/function/internal_message.html?_=1667788582601&CODE_STATE=getMsg HTTP/1.1" 200 27
116.238.139.35 - - [07/Nov/2022:10:36:21 +0800] "GET /xingrg/all/function/internal_message.html?_=1667788588037&CODE_STATE=getMsg HTTP/1.1" 200 27
116.238.139.35 - - [07/Nov/2022:10:36:21 +0800] "GET /xingrg/all/function/internal_message.html?_=1667788512345&CODE_STATE=getMsg HTTP/1.1" 200 27
116.230.105.139 - - [07/Nov/2022:10:36:25 +0800] "GET /xingrg/all/function/internal_message.html?_=1667788591039&CODE_STATE=getMsg HTTP/1.1" 200 27
116.237.72.171 - - [07/Nov/2022:10:36:27 +0800] "POST /xingrg/kc/buy/cgsh_order_operate.html HTTP/1.1" 200 37
116.235.93.82 - - [07/Nov/2022:10:36:28 +0800] "GET /xingrg/all/function/internal_message.html?_=1667788808411&CODE_STATE=getMsg HTTP/1.1" 200 27
180.162.229.95 - - [07/Nov/2022:10:36:32 +0800] "GET /xingrg/all/function/internal_message.html?_=1667788600993&CODE_STATE=getMsg HTTP/1.1" 200 27
180.162.229.95 - - [07/Nov/2022:10:36:32 +0800] "GET /xingrg/check_reg.html?_=1667788600997 HTTP/1.1" 200 22
116.237.72.171 - - [07/Nov/2022:10:36:32 +0800] "POST /xingrg/kc/buy/cgsh_order_operate.html HTTP/1.1" 200 12
124.79.74.72 - - [07/Nov/2022:10:36:37 +0800] "GET /xingrg/all/function/internal_message.html?_=1667788604742&CODE_STATE=getMsg HTTP/1.1" 200 27
124.79.74.72 - - [07/Nov/2022:10:36:37 +0800] "GET /xingrg/check_reg.html?_=1667788604744 HTTP/1.1" 200 22
114.95.46.117 - - [07/Nov/2022:10:36:37 +0800] "GET /xingrg/all/function/internal_message.html?_=1667788455157&CODE_STATE=getMsg HTTP/1.1" 200 27
116.238.139.35 - - [07/Nov/2022:10:36:42 +0800] "GET /xingrg/kc/base/yddb_order_list.html HTTP/1.1" 200 16672
116.238.139.35 - - [07/Nov/2022:10:36:43 +0800] "POST /xingrg/kc/base/yddb_list_operate.html HTTP/1.1" 200 636
116.238.139.35 - - [07/Nov/2022:10:36:44 +0800] "GET /xingrg/dwr/interface/AjaxYddbService.js HTTP/1.1" 200 13201
116.238.139.35 - - [07/Nov/2022:10:36:44 +0800] "GET /xingrg/dwr/interface/AjaxComOrderService.js HTTP/1.1" 200 18264
116.238.139.35 - - [07/Nov/2022:10:36:44 +0800] "GET /xingrg/kc/base/yddb_order_add.html HTTP/1.1" 200 29865
116.238.139.35 - - [07/Nov/2022:10:36:44 +0800] "GET /xingrg/dwr/engine.js HTTP/1.1" 200 43631
180.169.147.146 - - [07/Nov/2022:10:36:44 +0800] "GET /xingrg/all/function/internal_message.html?_=1667788612049&CODE_STATE=getMsg HTTP/1.1" 200 27
116.238.139.35 - - [07/Nov/2022:10:36:46 +0800] "POST /xingrg/dwr/call/plaincall/AjaxYddbService.getRestBases.dwr HTTP/1.1" 200 1616
116.237.72.171 - - [07/Nov/2022:10:36:48 +0800] "GET /xingrg/kc/buy/cgsh_order_info.html?code=212022110702101 HTTP/1.1" 200 64172
116.237.72.171 - - [07/Nov/2022:10:36:48 +0800] "GET /xingrg/javascript/easyui/themes/default/validatebox.css HTTP/1.1" 404 1104
116.237.72.171 - - [07/Nov/2022:10:36:49 +0800] "POST /xingrg/kc/buy/cgsh_order_operate.html HTTP/1.1" 200 4167
180.163.28.114 - - [07/Nov/2022:10:36:51 +0800] "GET /xingrg/all/function/internal_message.html?_=1667788555838&CODE_STATE=getMsg HTTP/1.1" 302 -
180.163.28.114 - - [07/Nov/2022:10:36:51 +0800] "GET /xingrg/login.html HTTP/1.1" 200 7641
116.237.72.171 - - [07/Nov/2022:10:36:51 +0800] "GET /xingrg/all/function/internal_message.html?_=1667788615821&CODE_STATE=getMsg HTTP/1.1" 200 27
114.83.219.194 - - [07/Nov/2022:10:36:51 +0800] "GET /xingrg/all/function/internal_message.html?_=1667788618747&CODE_STATE=getMsg HTTP/1.1" 200 27
101.85.95.132 - - [07/Nov/2022:10:36:52 +0800] "GET /xingrg/all/function/internal_message.html?_=1667788617828&CODE_STATE=getMsg HTTP/1.1" 200 27
116.238.139.35 - - [07/Nov/2022:10:36:53 +0800] "POST /xingrg/dwr/call/plaincall/AjaxYddbService.saveOrder.dwr HTTP/1.1" 200 78
114.84.81.136 - - [07/Nov/2022:10:36:53 +0800] "GET /xingrg/check_reg.html?_=1667788621511 HTTP/1.1" 200 22
180.162.229.95 - - [07/Nov/2022:10:36:54 +0800] "GET /xingrg/all/function/internal_message.html?_=1667788622489&CODE_STATE=getMsg HTTP/1.1" 200 27
222.70.183.206 - - [07/Nov/2022:10:36:55 +0800] "GET /xingrg/all/function/internal_message.html?_=1667788624685&CODE_STATE=getMsg HTTP/1.1" 200 27
114.84.81.136 - - [07/Nov/2022:10:36:56 +0800] "GET /xingrg/all/function/internal_message.html?_=1667788623886&CODE_STATE=getMsg HTTP/1.1" 200 27
116.237.72.171 - - [07/Nov/2022:10:36:56 +0800] "GET /xingrg/kc/print/load_data.html?order_code=212022110702101&kc_code=cgsh&condition= HTTP/1.1" 200 2154
116.238.139.35 - - [07/Nov/2022:10:36:56 +0800] "POST /xingrg/dwr/call/plaincall/AjaxComOrderService.getMaterielSearchList.dwr HTTP/1.1" 200 5289
116.238.139.35 - - [07/Nov/2022:10:36:57 +0800] "POST /xingrg/dwr/call/plaincall/AjaxComOrderService.getMaterielSearchList.dwr HTTP/1.1" 200 5289
116.238.139.35 - - [07/Nov/2022:10:36:58 +0800] "POST /xingrg/dwr/call/plaincall/AjaxYddbService.getMaterielByMap.dwr HTTP/1.1" 200 3957
116.238.139.35 - - [07/Nov/2022:10:37:00 +0800] "POST /xingrg/dwr/call/plaincall/AjaxYddbService.saveMaterielItem.dwr HTTP/1.1" 200 78
116.238.139.35 - - [07/Nov/2022:10:37:05 +0800] "GET /xingrg/check_reg.html?_=1667788556409 HTTP/1.1" 200 22
116.237.72.171 - - [07/Nov/2022:10:37:05 +0800] "GET /xingrg/kc/print/load_data.html?order_code=212022110702101&kc_code=cgsh HTTP/1.1" 200 2154
116.238.139.35 - - [07/Nov/2022:10:37:06 +0800] "POST /xingrg/services/DataTransmitService HTTP/1.1" 200 524
