124.78.153.35 - - [04/Nov/2022:08:59:53 +0800] "GET /xingrg/index.html?sysBaseUrl=http%3A%2F%2F180.169.147.146%3A18081%2Fxingrg%2F&costTime=49×tamp=1667523593799 HTTP/1.1" 200 17173
120.253.135.82 - - [04/Nov/2022:08:59:53 +0800] "POST /xingrg/kc/pszx/mdps_order_operate.html HTTP/1.1" 200 2985
120.253.135.82 - - [04/Nov/2022:08:59:53 +0800] "GET /xingrg/javascript/easyui/themes/default/validatebox.css HTTP/1.1" 404 1104
124.78.153.35 - - [04/Nov/2022:08:59:54 +0800] "GET /favicon.ico HTTP/1.1" 404 -
124.78.153.35 - - [04/Nov/2022:08:59:54 +0800] "POST /xingrg/all/common/load_tree.html?tree=area_rest_tree_json&manage=1 HTTP/1.1" 200 342
58.39.169.76 - - [04/Nov/2022:08:59:55 +0800] "GET /xingrg/check_reg.html?_=1667523455160 HTTP/1.1" 200 22
58.39.169.76 - - [04/Nov/2022:08:59:55 +0800] "GET /xingrg/all/function/internal_message.html?_=1667523455163&CODE_STATE=getMsg HTTP/1.1" 200 27
120.253.135.82 - - [04/Nov/2022:08:59:55 +0800] "POST /xingrg/kc/pszx/mdps_list_operate.html HTTP/1.1" 200 2063
124.78.153.35 - - [04/Nov/2022:08:59:55 +0800] "GET /xingrg/all/function/internal_message.html?_=1667523603176&CODE_STATE=count HTTP/1.1" 200 11
124.78.153.35 - - [04/Nov/2022:08:59:55 +0800] "GET /xingrg/check_reg.html?_=1667523603177 HTTP/1.1" 200 22
124.78.153.35 - - [04/Nov/2022:08:59:55 +0800] "POST /xingrg/load_menu.html HTTP/1.1" 200 5138
120.253.135.82 - - [04/Nov/2022:08:59:56 +0800] "POST /xingrg/kc/pszx/mdps_list_operate.html HTTP/1.1" 200 614
124.78.153.35 - - [04/Nov/2022:08:59:56 +0800] "GET /xingrg/kc/buy/buy_main.html HTTP/1.1" 200 12412
124.78.153.35 - - [04/Nov/2022:08:59:56 +0800] "GET /xingrg/css/new_ie.css HTTP/1.1" 404 1036
124.78.153.35 - - [04/Nov/2022:08:59:57 +0800] "GET /xingrg/kc/buy/buy_main.html HTTP/1.1" 200 12412
124.78.153.35 - - [04/Nov/2022:08:59:57 +0800] "GET /xingrg/css/new_ie.css HTTP/1.1" 404 1036
120.253.135.82 - - [04/Nov/2022:08:59:57 +0800] "GET /xingrg/kc/pszx/mdps_order_info.html?code=312022110300059 HTTP/1.1" 200 23978
120.253.135.82 - - [04/Nov/2022:08:59:57 +0800] "GET /xingrg/javascript/easyui/themes/default/validatebox.css HTTP/1.1" 404 1104
120.253.135.82 - - [04/Nov/2022:08:59:57 +0800] "POST /xingrg/kc/pszx/mdps_order_operate.html HTTP/1.1" 200 16603
124.78.153.35 - - [04/Nov/2022:08:59:58 +0800] "GET /xingrg/images/yd/bt.gif HTTP/1.1" 404 1040
124.78.153.35 - - [04/Nov/2022:08:59:58 +0800] "GET /xingrg/kc/buy/cgsh_order_list.html HTTP/1.1" 200 53417
222.70.183.206 - - [04/Nov/2022:08:59:59 +0800] "GET /xingrg/all/function/internal_message.html?_=1667523775967&CODE_STATE=getMsg HTTP/1.1" 200 27
124.78.153.35 - - [04/Nov/2022:09:00:01 +0800] "POST /xingrg/kc/buy/cgsh_list_operate.html HTTP/1.1" 200 986
120.253.135.82 - - [04/Nov/2022:09:00:09 +0800] "POST /xingrg/kc/pszx/mdps_order_operate.html HTTP/1.1" 200 37
120.253.135.82 - - [04/Nov/2022:09:00:11 +0800] "POST /xingrg/kc/pszx/mdps_order_operate.html HTTP/1.1" 200 12
116.230.105.139 - - [04/Nov/2022:09:00:13 +0800] "GET /xingrg/kc/buy/cgsh_order_operate.html?command=get_materiel&rest_code=00155&code=00101009051&supplier_code=00100037&order_time=2022-11-04 HTTP/1.1" 200 408
222.70.183.206 - - [04/Nov/2022:09:00:18 +0800] "GET /xingrg/kc/buy/cgsh_order_operate.html?command=get_materiel&rest_code=00111&code=00101008005&supplier_code=00100005&order_time=2022-11-04 HTTP/1.1" 200 412
180.162.229.95 - - [04/Nov/2022:09:00:18 +0800] "GET /xingrg/all/function/internal_message.html?_=1667523628498&CODE_STATE=getMsg HTTP/1.1" 200 27
180.169.147.146 - - [04/Nov/2022:09:00:19 +0800] "GET /xingrg/check_reg.html?_=1667523628040 HTTP/1.1" 200 22
180.169.147.146 - - [04/Nov/2022:09:00:22 +0800] "GET /xingrg/all/function/internal_message.html?_=1667523630973&CODE_STATE=getMsg HTTP/1.1" 200 27
114.84.81.136 - - [04/Nov/2022:09:00:24 +0800] "GET /xingrg/all/function/internal_message.html?_=1667523633296&CODE_STATE=getMsg HTTP/1.1" 200 27
116.230.105.139 - - [04/Nov/2022:09:00:24 +0800] "GET /xingrg/kc/buy/cgsh_order_operate.html?command=get_materiel&rest_code=00155&code=00101023022&supplier_code=00100037&order_time=2022-11-04 HTTP/1.1" 200 425
120.253.135.82 - - [04/Nov/2022:09:00:29 +0800] "GET /xingrg/kc/pszx/mdps_order_info.html?code=312022110300059 HTTP/1.1" 200 19638
120.253.135.82 - - [04/Nov/2022:09:00:29 +0800] "POST /xingrg/kc/pszx/mdps_order_operate.html HTTP/1.1" 200 14707
120.253.135.82 - - [04/Nov/2022:09:00:29 +0800] "GET /xingrg/javascript/easyui/themes/default/validatebox.css HTTP/1.1" 404 1104
120.253.135.82 - - [04/Nov/2022:09:00:31 +0800] "POST /xingrg/kc/pszx/mdps_list_operate.html HTTP/1.1" 200 1690
120.253.135.82 - - [04/Nov/2022:09:00:32 +0800] "POST /xingrg/kc/pszx/mdps_list_operate.html HTTP/1.1" 200 283
218.81.217.29 - - [04/Nov/2022:09:00:36 +0800] "GET /xingrg/check_reg.html?_=1667523662611 HTTP/1.1" 200 22
120.253.135.82 - - [04/Nov/2022:09:00:37 +0800] "GET /xingrg/all/function/internal_message.html?_=1667523444644&CODE_STATE=getMsg HTTP/1.1" 200 27
218.81.217.29 - - [04/Nov/2022:09:00:38 +0800] "GET /xingrg/all/function/internal_message.html?_=1667523665506&CODE_STATE=getMsg HTTP/1.1" 200 27
222.70.183.206 - - [04/Nov/2022:09:00:40 +0800] "GET /xingrg/all/function/internal_message.html?_=1667523647421&CODE_STATE=getMsg HTTP/1.1" 200 27
222.70.183.206 - - [04/Nov/2022:09:00:42 +0800] "GET /xingrg/kc/buy/cgsh_order_operate.html?command=get_materiel&rest_code=00111&code=00101008213&supplier_code=00100005&order_time=2022-11-04 HTTP/1.1" 200 412
124.78.153.35 - - [04/Nov/2022:09:00:42 +0800] "GET /xingrg/kc/buy/cgsh_order_add.html HTTP/1.1" 200 69198
116.230.105.139 - - [04/Nov/2022:09:00:42 +0800] "GET /xingrg/all/function/internal_message.html?_=1667523600626&CODE_STATE=getMsg HTTP/1.1" 200 27
124.78.153.35 - - [04/Nov/2022:09:00:43 +0800] "GET /xingrg/words/20221103130635_words.js HTTP/1.1" 304 -
180.169.147.146 - - [04/Nov/2022:09:00:43 +0800] "GET /xingrg/check_reg.html?_=1667523652573 HTTP/1.1" 200 22
180.169.147.146 - - [04/Nov/2022:09:00:43 +0800] "GET /xingrg/all/function/internal_message.html?_=1667523652575&CODE_STATE=getMsg HTTP/1.1" 200 27
124.78.153.35 - - [04/Nov/2022:09:00:43 +0800] "POST /xingrg/kc/buy/cgsh_order_operate.html HTTP/1.1" 200 8245
124.78.153.35 - - [04/Nov/2022:09:00:43 +0800] "GET /xingrg/javascript/easyui/themes/default/validatebox.css HTTP/1.1" 404 1104
124.78.153.35 - - [04/Nov/2022:09:00:43 +0800] "GET /xingrg/all/common/auto_word.html?type=employee&rest_code=00106 HTTP/1.1" 200 205
124.78.153.35 - - [04/Nov/2022:09:00:43 +0800] "GET /xingrg/all/common/auto_word.html?type=employee&rest_code=00106 HTTP/1.1" 200 205
124.78.153.35 - - [04/Nov/2022:09:00:45 +0800] "GET /xingrg/javascript/easyui/themes/default/tree.css HTTP/1.1" 404 1090
124.78.153.35 - - [04/Nov/2022:09:00:45 +0800] "POST /xingrg/all/common/load_tree.html?tree=supplier_tree_json&isDelete=1 HTTP/1.1" 200 69742
116.230.105.139 - - [04/Nov/2022:09:00:48 +0800] "GET /xingrg/kc/buy/cgsh_order_operate.html?command=get_materiel&rest_code=00155&code=00101015006&supplier_code=00100037&order_time=2022-11-04 HTTP/1.1" 200 413
172.20.0.100 - - [04/Nov/2022:09:00:48 +0800] "GET /xingrg/check_reg.html?_=1667523656621 HTTP/1.1" 302 -
101.229.170.33 - - [04/Nov/2022:09:00:50 +0800] "GET /xingrg/all/function/internal_message.html?_=1667523665305&CODE_STATE=getMsg HTTP/1.1" 200 27
116.238.139.35 - - [04/Nov/2022:09:00:52 +0800] "GET /xingrg/all/function/internal_message.html?_=1667523588415&CODE_STATE=getMsg HTTP/1.1" 200 27
222.70.183.206 - - [04/Nov/2022:09:00:52 +0800] "GET /xingrg/kc/buy/cgsh_order_operate.html?command=get_materiel&rest_code=00111&code=00101008283&supplier_code=00100005&order_time=2022-11-04 HTTP/1.1" 200 408
58.39.169.76 - - [04/Nov/2022:09:00:55 +0800] "GET /xingrg/all/function/internal_message.html?_=1667523515150&CODE_STATE=getMsg HTTP/1.1" 200 27
222.70.183.206 - - [04/Nov/2022:09:00:55 +0800] "POST /xingrg/kc/buy/cgsh_order_operate.html HTTP/1.1" 200 2065
124.78.153.35 - - [04/Nov/2022:09:00:55 +0800] "GET /xingrg/all/function/internal_message.html?_=1667523663220&CODE_STATE=getMsg HTTP/1.1" 200 27
124.78.153.35 - - [04/Nov/2022:09:00:58 +0800] "GET /xingrg/javascript/auto/indicator.gif HTTP/1.1" 404 1066
222.70.183.206 - - [04/Nov/2022:09:00:59 +0800] "GET /xingrg/all/function/internal_message.html?_=1667523835955&CODE_STATE=getMsg HTTP/1.1" 200 27
124.78.153.35 - - [04/Nov/2022:09:01:03 +0800] "GET /xingrg/kc/buy/cgsh_order_operate.html?command=get_materiel&rest_code=00106&code=00101008256&supplier_code=00100007&order_time=2022-11-04 HTTP/1.1" 200 413
222.70.183.206 - - [04/Nov/2022:09:01:04 +0800] "GET /xingrg/kc/buy/cgsh_order_operate.html?command=get_materiel&rest_code=00111&code=00101008173&supplier_code=00100005&order_time=2022-11-04 HTTP/1.1" 200 412
124.78.153.35 - - [04/Nov/2022:09:01:15 +0800] "GET /xingrg/kc/buy/cgsh_order_operate.html?command=get_materiel&rest_code=00106&code=00101008155&supplier_code=00100007&order_time=2022-11-04 HTTP/1.1" 200 410
180.162.229.95 - - [04/Nov/2022:09:01:18 +0800] "GET /xingrg/all/function/internal_message.html?_=1667523688480&CODE_STATE=getMsg HTTP/1.1" 200 27
222.70.183.206 - - [04/Nov/2022:09:01:18 +0800] "GET /xingrg/kc/buy/cgsh_order_operate.html?command=get_materiel&rest_code=00111&code=00101008113&supplier_code=00100005&order_time=2022-11-04 HTTP/1.1" 200 413
180.169.147.146 - - [04/Nov/2022:09:01:22 +0800] "GET /xingrg/all/function/internal_message.html?_=1667523690954&CODE_STATE=getMsg HTTP/1.1" 200 27
124.78.153.35 - - [04/Nov/2022:09:01:23 +0800] "GET /xingrg/kc/buy/cgsh_order_operate.html?command=get_materiel&rest_code=00106&code=00101008354&supplier_code=00100007&order_time=2022-11-04 HTTP/1.1" 200 412
114.84.81.136 - - [04/Nov/2022:09:01:24 +0800] "GET /xingrg/all/function/internal_message.html?_=1667523693283&CODE_STATE=getMsg HTTP/1.1" 200 27
116.230.105.139 - - [04/Nov/2022:09:01:26 +0800] "GET /xingrg/kc/buy/cgsh_order_operate.html?command=get_materiel&rest_code=00155&code=00101012022&supplier_code=00100037&order_time=2022-11-04 HTTP/1.1" 200 409
222.70.183.206 - - [04/Nov/2022:09:01:30 +0800] "GET /xingrg/kc/buy/cgsh_order_operate.html?command=get_materiel&rest_code=00111&code=00101008323&supplier_code=00100005&order_time=2022-11-04 HTTP/1.1" 200 408
124.78.153.35 - - [04/Nov/2022:09:01:32 +0800] "GET /xingrg/kc/buy/cgsh_order_operate.html?command=get_materiel&rest_code=00106&code=00101008351&supplier_code=00100007&order_time=2022-11-04 HTTP/1.1" 200 408
120.253.135.82 - - [04/Nov/2022:09:01:37 +0800] "GET /xingrg/check_reg.html?_=1667523504584 HTTP/1.1" 200 22
120.253.135.82 - - [04/Nov/2022:09:01:37 +0800] "GET /xingrg/all/function/internal_message.html?_=1667523504659&CODE_STATE=getMsg HTTP/1.1" 200 27
222.70.183.206 - - [04/Nov/2022:09:01:38 +0800] "GET /xingrg/kc/buy/cgsh_order_operate.html?command=get_materiel&rest_code=00111&code=00101008350&supplier_code=00100005&order_time=2022-11-04 HTTP/1.1" 200 408
218.81.217.29 - - [04/Nov/2022:09:01:38 +0800] "GET /xingrg/all/function/internal_message.html?_=1667523725520&CODE_STATE=getMsg HTTP/1.1" 200 27
222.70.183.206 - - [04/Nov/2022:09:01:40 +0800] "GET /xingrg/all/function/internal_message.html?_=1667523707444&CODE_STATE=getMsg HTTP/1.1" 200 27
116.230.105.139 - - [04/Nov/2022:09:01:42 +0800] "GET /xingrg/check_reg.html?_=1667523659643 HTTP/1.1" 200 22
116.230.105.139 - - [04/Nov/2022:09:01:42 +0800] "GET /xingrg/all/function/internal_message.html?_=1667523660615&CODE_STATE=getMsg HTTP/1.1" 200 27
180.169.147.146 - - [04/Nov/2022:09:01:43 +0800] "GET /xingrg/all/function/internal_message.html?_=1667523712572&CODE_STATE=getMsg HTTP/1.1" 200 27
116.230.105.139 - - [04/Nov/2022:09:01:45 +0800] "GET /xingrg/kc/buy/cgsh_order_operate.html?command=get_materiel&rest_code=00155&code=00101011001&supplier_code=00100037&order_time=2022-11-04 HTTP/1.1" 200 423
222.70.183.206 - - [04/Nov/2022:09:01:49 +0800] "GET /xingrg/kc/buy/cgsh_order_operate.html?command=get_materiel&rest_code=00111&code=00101013179&supplier_code=00100005&order_time=2022-11-04 HTTP/1.1" 200 412
101.229.170.33 - - [04/Nov/2022:09:01:50 +0800] "GET /xingrg/all/function/internal_message.html?_=1667523725305&CODE_STATE=getMsg HTTP/1.1" 200 27
116.238.139.35 - - [04/Nov/2022:09:01:52 +0800] "GET /xingrg/all/function/internal_message.html?_=1667523648425&CODE_STATE=getMsg HTTP/1.1" 200 27
124.78.153.35 - - [04/Nov/2022:09:01:53 +0800] "GET /xingrg/kc/buy/cgsh_order_operate.html?command=get_materiel&rest_code=00106&code=00101008038&supplier_code=00100007&order_time=2022-11-04 HTTP/1.1" 200 413
58.39.169.76 - - [04/Nov/2022:09:01:55 +0800] "GET /xingrg/all/function/internal_message.html?_=1667523575159&CODE_STATE=getMsg HTTP/1.1" 200 27
124.78.153.35 - - [04/Nov/2022:09:01:55 +0800] "GET /xingrg/all/function/internal_message.html?_=1667523723223&CODE_STATE=getMsg HTTP/1.1" 200 27
116.230.105.139 - - [04/Nov/2022:09:01:56 +0800] "GET /xingrg/kc/buy/cgsh_order_operate.html?command=get_materiel&rest_code=00155&code=00101016030&supplier_code=00100037&order_time=2022-11-04 HTTP/1.1" 200 412
222.70.183.206 - - [04/Nov/2022:09:01:58 +0800] "GET /xingrg/kc/buy/cgsh_order_operate.html?command=get_materiel&rest_code=00111&code=00101008558&supplier_code=00100005&order_time=2022-11-04 HTTP/1.1" 200 409
222.70.183.206 - - [04/Nov/2022:09:01:59 +0800] "GET /xingrg/all/function/internal_message.html?_=1667523895961&CODE_STATE=getMsg HTTP/1.1" 200 27
222.70.183.206 - - [04/Nov/2022:09:01:59 +0800] "GET /xingrg/check_reg.html?_=1667523895965 HTTP/1.1" 200 22
124.78.153.35 - - [04/Nov/2022:09:02:00 +0800] "GET /xingrg/kc/buy/cgsh_order_operate.html?command=get_materiel&rest_code=00106&code=00101008163&supplier_code=00100007&order_time=2022-11-04 HTTP/1.1" 200 409
222.70.183.206 - - [04/Nov/2022:09:02:01 +0800] "POST /xingrg/kc/buy/cgsh_order_operate.html HTTP/1.1" 200 2065
114.83.219.57 - - [04/Nov/2022:09:02:05 +0800] "GET /xingrg/login.html HTTP/1.1" 200 7641
116.230.105.139 - - [04/Nov/2022:09:02:06 +0800] "GET /xingrg/kc/buy/cgsh_order_operate.html?command=get_materiel&rest_code=00155&code=00101016025&supplier_code=00100037&order_time=2022-11-04 HTTP/1.1" 200 408
114.83.219.57 - - [04/Nov/2022:09:02:07 +0800] "GET /favicon.ico HTTP/1.1" 404 -
222.70.183.206 - - [04/Nov/2022:09:02:07 +0800] "GET /xingrg/kc/buy/cgsh_order_operate.html?command=get_materiel&rest_code=00111&code=00101008150&supplier_code=00100005&order_time=2022-11-04 HTTP/1.1" 200 409
124.78.153.35 - - [04/Nov/2022:09:02:11 +0800] "GET /xingrg/kc/buy/cgsh_order_operate.html?command=get_materiel&rest_code=00106&code=00101008141&supplier_code=00100007&order_time=2022-11-04 HTTP/1.1" 200 412
114.83.219.57 - - [04/Nov/2022:09:02:11 +0800] "POST /xingrg/login.do HTTP/1.1" 302 -
114.83.219.57 - - [04/Nov/2022:09:02:11 +0800] "GET /xingrg/index.html?sysBaseUrl=http%3A%2F%2F180.169.147.146%3A18081%2Fxingrg%2F&costTime=44×tamp=1667523731424 HTTP/1.1" 200 17179
114.83.219.57 - - [04/Nov/2022:09:02:12 +0800] "GET /favicon.ico HTTP/1.1" 404 -
114.83.219.57 - - [04/Nov/2022:09:02:12 +0800] "POST /xingrg/all/common/load_tree.html?tree=area_rest_tree_json&manage=1 HTTP/1.1" 200 351
114.83.219.57 - - [04/Nov/2022:09:02:13 +0800] "GET /xingrg/all/function/internal_message.html?_=1667523853716&CODE_STATE=count HTTP/1.1" 200 11
114.83.219.57 - - [04/Nov/2022:09:02:13 +0800] "GET /xingrg/check_reg.html?_=1667523853717 HTTP/1.1" 200 22
114.83.219.57 - - [04/Nov/2022:09:02:13 +0800] "POST /xingrg/load_menu.html HTTP/1.1" 200 5138
222.70.183.206 - - [04/Nov/2022:09:02:15 +0800] "GET /xingrg/kc/buy/cgsh_order_operate.html?command=get_materiel&rest_code=00111&code=00101008223&supplier_code=00100005&order_time=2022-11-04 HTTP/1.1" 200 414
116.230.105.139 - - [04/Nov/2022:09:02:17 +0800] "GET /xingrg/kc/buy/cgsh_order_operate.html?command=get_materiel&rest_code=00155&code=00101016059&supplier_code=00100037&order_time=2022-11-04 HTTP/1.1" 200 428
180.162.229.95 - - [04/Nov/2022:09:02:18 +0800] "GET /xingrg/all/function/internal_message.html?_=1667523748459&CODE_STATE=getMsg HTTP/1.1" 200 27
180.169.147.146 - - [04/Nov/2022:09:02:22 +0800] "GET /xingrg/all/function/internal_message.html?_=1667523750941&CODE_STATE=getMsg HTTP/1.1" 200 27
114.84.81.136 - - [04/Nov/2022:09:02:24 +0800] "GET /xingrg/all/function/internal_message.html?_=1667523753269&CODE_STATE=getMsg HTTP/1.1" 200 27
124.78.153.35 - - [04/Nov/2022:09:02:24 +0800] "GET /xingrg/kc/buy/cgsh_order_operate.html?command=get_materiel&rest_code=00106&code=00101008355&supplier_code=00100007&order_time=2022-11-04 HTTP/1.1" 200 408
116.230.105.139 - - [04/Nov/2022:09:02:28 +0800] "GET /xingrg/kc/buy/cgsh_order_operate.html?command=get_materiel&rest_code=00155&code=00101012028&supplier_code=00100037&order_time=2022-11-04 HTTP/1.1" 200 414
222.70.183.206 - - [04/Nov/2022:09:02:30 +0800] "POST /xingrg/kc/buy/cgsh_order_operate.html HTTP/1.1" 200 37
222.70.183.206 - - [04/Nov/2022:09:02:32 +0800] "POST /xingrg/kc/buy/cgsh_order_operate.html HTTP/1.1" 200 20377
222.70.183.206 - - [04/Nov/2022:09:02:33 +0800] "GET /xingrg/kc/print/load_data.html?order_code=212022110400912&kc_code=cgsh&condition= HTTP/1.1" 200 7392
124.78.153.35 - - [04/Nov/2022:09:02:34 +0800] "GET /xingrg/kc/buy/cgsh_order_operate.html?command=get_materiel&rest_code=00106&code=00101008562&supplier_code=00100007&order_time=2022-11-04 HTTP/1.1" 200 409
114.84.81.136 - - [04/Nov/2022:09:02:35 +0800] "GET /xingrg/check_reg.html?_=1667523765036 HTTP/1.1" 200 22
120.253.135.82 - - [04/Nov/2022:09:02:38 +0800] "GET /xingrg/all/function/internal_message.html?_=1667523564671&CODE_STATE=getMsg HTTP/1.1" 200 27
218.81.217.29 - - [04/Nov/2022:09:02:38 +0800] "GET /xingrg/all/function/internal_message.html?_=1667523785533&CODE_STATE=getMsg HTTP/1.1" 200 27
222.70.183.206 - - [04/Nov/2022:09:02:40 +0800] "GET /xingrg/check_reg.html?_=1667523767438 HTTP/1.1" 200 22
222.70.183.206 - - [04/Nov/2022:09:02:40 +0800] "GET /xingrg/all/function/internal_message.html?_=1667523767443&CODE_STATE=getMsg HTTP/1.1" 200 27
116.230.105.139 - - [04/Nov/2022:09:02:42 +0800] "GET /xingrg/all/function/internal_message.html?_=1667523720597&CODE_STATE=getMsg HTTP/1.1" 200 27
180.169.147.146 - - [04/Nov/2022:09:02:43 +0800] "GET /xingrg/all/function/internal_message.html?_=1667523772572&CODE_STATE=getMsg HTTP/1.1" 200 27
124.78.153.35 - - [04/Nov/2022:09:02:43 +0800] "GET /xingrg/kc/buy/cgsh_order_operate.html?command=get_materiel&rest_code=00106&code=00101008356&supplier_code=00100007&order_time=2022-11-04 HTTP/1.1" 200 408
116.230.105.139 - - [04/Nov/2022:09:02:45 +0800] "GET /xingrg/kc/buy/cgsh_order_operate.html?command=get_materiel&rest_code=00155&code=00101019253&supplier_code=00100037&order_time=2022-11-04 HTTP/1.1" 200 479
101.229.170.33 - - [04/Nov/2022:09:02:50 +0800] "GET /xingrg/check_reg.html?_=1667523785322 HTTP/1.1" 200 22
101.229.170.33 - - [04/Nov/2022:09:02:50 +0800] "GET /xingrg/all/function/internal_message.html?_=1667523785321&CODE_STATE=getMsg HTTP/1.1" 200 27
116.238.139.35 - - [04/Nov/2022:09:02:52 +0800] "GET /xingrg/check_reg.html?_=1667523708376 HTTP/1.1" 200 22
116.238.139.35 - - [04/Nov/2022:09:02:52 +0800] "GET /xingrg/all/function/internal_message.html?_=1667523708439&CODE_STATE=getMsg HTTP/1.1" 200 27
124.78.153.35 - - [04/Nov/2022:09:02:54 +0800] "GET /xingrg/kc/buy/cgsh_order_operate.html?command=get_materiel&rest_code=00106&code=00101008360&supplier_code=00100007&order_time=2022-11-04 HTTP/1.1" 200 413
116.235.93.82 - - [04/Nov/2022:09:02:54 +0800] "GET /favicon.ico HTTP/1.1" 404 -
58.39.169.76 - - [04/Nov/2022:09:02:55 +0800] "GET /xingrg/all/function/internal_message.html?_=1667523635149&CODE_STATE=getMsg HTTP/1.1" 200 27
124.78.153.35 - - [04/Nov/2022:09:02:55 +0800] "GET /xingrg/all/function/internal_message.html?_=1667523783184&CODE_STATE=getMsg HTTP/1.1" 200 27
116.235.93.82 - - [04/Nov/2022:09:02:56 +0800] "GET /xingrg/login.html HTTP/1.1" 200 7641
116.235.93.82 - - [04/Nov/2022:09:02:56 +0800] "GET /xingrg/images/blue/jxLogo.png HTTP/1.1" 200 6156
116.235.93.82 - - [04/Nov/2022:09:02:57 +0800] "GET /xingrg/images/blue/login_bg.png HTTP/1.1" 200 22101
116.235.93.82 - - [04/Nov/2022:09:02:57 +0800] "GET /xingrg/images/blue/hj.png HTTP/1.1" 200 1014
116.235.93.82 - - [04/Nov/2022:09:02:57 +0800] "GET /xingrg/images/blue/srbg.png HTTP/1.1" 200 138
116.235.93.82 - - [04/Nov/2022:09:02:57 +0800] "GET /favicon.ico HTTP/1.1" 404 -
222.70.183.206 - - [04/Nov/2022:09:02:59 +0800] "GET /xingrg/all/function/internal_message.html?_=1667523955958&CODE_STATE=getMsg HTTP/1.1" 200 27
124.78.153.35 - - [04/Nov/2022:09:03:02 +0800] "GET /xingrg/kc/buy/cgsh_order_operate.html?command=get_materiel&rest_code=00106&code=00101008439&supplier_code=00100007&order_time=2022-11-04 HTTP/1.1" 200 412
180.162.229.95 - - [04/Nov/2022:09:03:07 +0800] "GET /xingrg/check_reg.html?_=1667523797341 HTTP/1.1" 200 22
124.78.153.35 - - [04/Nov/2022:09:03:10 +0800] "GET /xingrg/kc/buy/cgsh_order_operate.html?command=get_materiel&rest_code=00106&code=00101008357&supplier_code=00100007&order_time=2022-11-04 HTTP/1.1" 200 408
114.83.219.57 - - [04/Nov/2022:09:03:13 +0800] "GET /xingrg/all/function/internal_message.html?_=1667523913895&CODE_STATE=getMsg HTTP/1.1" 200 27
180.162.229.95 - - [04/Nov/2022:09:03:18 +0800] "GET /xingrg/all/function/internal_message.html?_=1667523808451&CODE_STATE=getMsg HTTP/1.1" 200 27
124.78.153.35 - - [04/Nov/2022:09:03:19 +0800] "GET /xingrg/kc/buy/cgsh_order_operate.html?command=get_materiel&rest_code=00106&code=00101008069&supplier_code=00100007&order_time=2022-11-04 HTTP/1.1" 200 412
180.169.147.146 - - [04/Nov/2022:09:03:22 +0800] "GET /xingrg/all/function/internal_message.html?_=1667523810918&CODE_STATE=getMsg HTTP/1.1" 200 27
114.84.81.136 - - [04/Nov/2022:09:03:24 +0800] "GET /xingrg/all/function/internal_message.html?_=1667523813243&CODE_STATE=getMsg HTTP/1.1" 200 27
114.88.159.190 - - [04/Nov/2022:09:03:25 +0800] "POST /xingrg/services/DataTransmitService HTTP/1.1" 200 524
124.78.153.35 - - [04/Nov/2022:09:03:31 +0800] "GET /xingrg/kc/buy/cgsh_order_operate.html?command=get_materiel&rest_code=00106&code=00101008286&supplier_code=00100007&order_time=2022-11-04 HTTP/1.1" 200 408
120.253.135.82 - - [04/Nov/2022:09:03:38 +0800] "GET /xingrg/all/function/internal_message.html?_=1667523624765&CODE_STATE=getMsg HTTP/1.1" 200 27
218.81.217.29 - - [04/Nov/2022:09:03:39 +0800] "GET /xingrg/all/function/internal_message.html?_=1667523845607&CODE_STATE=getMsg HTTP/1.1" 200 27
222.70.183.206 - - [04/Nov/2022:09:03:40 +0800] "GET /xingrg/all/function/internal_message.html?_=1667523827443&CODE_STATE=getMsg HTTP/1.1" 200 27
116.230.105.139 - - [04/Nov/2022:09:03:42 +0800] "GET /xingrg/all/function/internal_message.html?_=1667523780576&CODE_STATE=getMsg HTTP/1.1" 200 27
180.169.147.146 - - [04/Nov/2022:09:03:43 +0800] "GET /xingrg/all/function/internal_message.html?_=1667523832574&CODE_STATE=getMsg HTTP/1.1" 200 27
124.78.153.35 - - [04/Nov/2022:09:03:45 +0800] "GET /xingrg/kc/buy/cgsh_order_operate.html?command=get_materiel&rest_code=00106&code=00101008318&supplier_code=00100007&order_time=2022-11-04 HTTP/1.1" 200 408
101.229.170.33 - - [04/Nov/2022:09:03:50 +0800] "GET /xingrg/all/function/internal_message.html?_=1667523845306&CODE_STATE=getMsg HTTP/1.1" 200 27
116.238.139.35 - - [04/Nov/2022:09:03:52 +0800] "GET /xingrg/all/function/internal_message.html?_=1667523768452&CODE_STATE=getMsg HTTP/1.1" 200 27
124.78.153.35 - - [04/Nov/2022:09:03:53 +0800] "GET /xingrg/kc/buy/cgsh_order_operate.html?command=get_materiel&rest_code=00106&code=00101008352&supplier_code=00100007&order_time=2022-11-04 HTTP/1.1" 200 412
58.39.169.76 - - [04/Nov/2022:09:03:55 +0800] "GET /xingrg/all/function/internal_message.html?_=1667523695149&CODE_STATE=getMsg HTTP/1.1" 200 27
124.78.153.35 - - [04/Nov/2022:09:03:55 +0800] "GET /xingrg/all/function/internal_message.html?_=1667523843188&CODE_STATE=getMsg HTTP/1.1" 200 27
222.70.183.206 - - [04/Nov/2022:09:03:59 +0800] "GET /xingrg/all/function/internal_message.html?_=1667524015967&CODE_STATE=getMsg HTTP/1.1" 200 27
124.78.153.35 - - [04/Nov/2022:09:04:00 +0800] "GET /xingrg/kc/buy/cgsh_order_operate.html?command=get_materiel&rest_code=00106&code=00101008005&supplier_code=00100007&order_time=2022-11-04 HTTP/1.1" 200 412
116.230.105.139 - - [04/Nov/2022:09:04:05 +0800] "POST /xingrg/kc/buy/cgsh_order_operate.html HTTP/1.1" 200 37
116.230.105.139 - - [04/Nov/2022:09:04:07 +0800] "POST /xingrg/kc/buy/cgsh_order_operate.html HTTP/1.1" 200 13357
124.78.153.35 - - [04/Nov/2022:09:04:10 +0800] "GET /xingrg/kc/buy/cgsh_order_operate.html?command=get_materiel&rest_code=00106&code=00101008353&supplier_code=00100007&order_time=2022-11-04 HTTP/1.1" 200 408
114.83.219.57 - - [04/Nov/2022:09:04:13 +0800] "GET /xingrg/all/function/internal_message.html?_=1667523973894&CODE_STATE=getMsg HTTP/1.1" 200 27
124.78.153.35 - - [04/Nov/2022:09:04:17 +0800] "POST /xingrg/kc/buy/cgsh_order_operate.html HTTP/1.1" 200 37
180.162.229.95 - - [04/Nov/2022:09:04:18 +0800] "GET /xingrg/all/function/internal_message.html?_=1667523868450&CODE_STATE=getMsg HTTP/1.1" 200 27
180.169.147.146 - - [04/Nov/2022:09:04:22 +0800] "GET /xingrg/all/function/internal_message.html?_=1667523870914&CODE_STATE=getMsg HTTP/1.1" 200 27
114.84.81.136 - - [04/Nov/2022:09:04:24 +0800] "GET /xingrg/all/function/internal_message.html?_=1667523873228&CODE_STATE=getMsg HTTP/1.1" 200 27
116.230.105.139 - - [04/Nov/2022:09:04:24 +0800] "POST /xingrg/kc/buy/cgsh_list_operate.html HTTP/1.1" 200 3593
116.230.105.139 - - [04/Nov/2022:09:04:24 +0800] "POST /xingrg/kc/buy/cgsh_list_operate.html HTTP/1.1" 200 3593
124.78.153.35 - - [04/Nov/2022:09:04:26 +0800] "POST /xingrg/kc/buy/cgsh_order_operate.html HTTP/1.1" 200 13278
116.230.105.139 - - [04/Nov/2022:09:04:29 +0800] "POST /xingrg/kc/buy/cgsh_list_operate.html HTTP/1.1" 200 3593
116.230.105.139 - - [04/Nov/2022:09:04:33 +0800] "POST /xingrg/kc/buy/cgsh_list_operate.html HTTP/1.1" 200 3593
116.230.105.139 - - [04/Nov/2022:09:04:34 +0800] "POST /xingrg/kc/buy/cgsh_list_operate.html HTTP/1.1" 200 593
116.230.105.139 - - [04/Nov/2022:09:04:34 +0800] "GET /xingrg/kc/buy/cgsh_order_info.html?code=212022110400907 HTTP/1.1" 200 69213
116.230.105.139 - - [04/Nov/2022:09:04:35 +0800] "GET /xingrg/javascript/easyui/themes/default/validatebox.css HTTP/1.1" 404 1104
116.230.105.139 - - [04/Nov/2022:09:04:36 +0800] "POST /xingrg/kc/buy/cgsh_order_operate.html HTTP/1.1" 200 5644
116.230.105.139 - - [04/Nov/2022:09:04:37 +0800] "POST /xingrg/kc/buy/cgsh_list_operate.html HTTP/1.1" 200 3593
120.253.135.82 - - [04/Nov/2022:09:04:38 +0800] "GET /xingrg/all/function/internal_message.html?_=1667523684804&CODE_STATE=getMsg HTTP/1.1" 200 27
218.81.217.29 - - [04/Nov/2022:09:04:39 +0800] "GET /xingrg/all/function/internal_message.html?_=1667523905607&CODE_STATE=getMsg HTTP/1.1" 200 27
222.70.183.206 - - [04/Nov/2022:09:04:40 +0800] "GET /xingrg/all/function/internal_message.html?_=1667523887430&CODE_STATE=getMsg HTTP/1.1" 200 27
116.230.105.139 - - [04/Nov/2022:09:04:42 +0800] "GET /xingrg/all/function/internal_message.html?_=1667523840558&CODE_STATE=getMsg HTTP/1.1" 200 27
180.169.147.146 - - [04/Nov/2022:09:04:43 +0800] "GET /xingrg/all/function/internal_message.html?_=1667523892576&CODE_STATE=getMsg HTTP/1.1" 200 27
101.229.170.33 - - [04/Nov/2022:09:04:50 +0800] "GET /xingrg/all/function/internal_message.html?_=1667523905322&CODE_STATE=getMsg HTTP/1.1" 200 27
116.238.139.35 - - [04/Nov/2022:09:04:52 +0800] "GET /xingrg/all/function/internal_message.html?_=1667523828466&CODE_STATE=getMsg HTTP/1.1" 200 27
58.39.169.76 - - [04/Nov/2022:09:04:55 +0800] "GET /xingrg/all/function/internal_message.html?_=1667523755149&CODE_STATE=getMsg HTTP/1.1" 200 27
58.39.169.76 - - [04/Nov/2022:09:04:55 +0800] "GET /xingrg/check_reg.html?_=1667523755153 HTTP/1.1" 200 22
124.78.153.35 - - [04/Nov/2022:09:04:55 +0800] "GET /xingrg/check_reg.html?_=1667523903257 HTTP/1.1" 200 22
124.78.153.35 - - [04/Nov/2022:09:04:55 +0800] "GET /xingrg/all/function/internal_message.html?_=1667523903258&CODE_STATE=getMsg HTTP/1.1" 200 27
222.70.183.206 - - [04/Nov/2022:09:04:59 +0800] "GET /xingrg/all/function/internal_message.html?_=1667524075967&CODE_STATE=getMsg HTTP/1.1" 200 27
58.39.169.76 - - [04/Nov/2022:09:05:05 +0800] "POST /xingrg/services/DataTransmitService HTTP/1.1" 200 524
114.83.219.57 - - [04/Nov/2022:09:05:13 +0800] "GET /xingrg/all/function/internal_message.html?_=1667524033886&CODE_STATE=getMsg HTTP/1.1" 200 27
58.35.213.73 - - [04/Nov/2022:09:05:16 +0800] "POST /xingrg/services/DataTransmitService HTTP/1.1" 200 524
180.162.229.95 - - [04/Nov/2022:09:05:18 +0800] "GET /xingrg/all/function/internal_message.html?_=1667523928422&CODE_STATE=getMsg HTTP/1.1" 200 27
180.169.147.146 - - [04/Nov/2022:09:05:19 +0800] "GET /xingrg/check_reg.html?_=1667523928022 HTTP/1.1" 200 22
180.169.147.146 - - [04/Nov/2022:09:05:22 +0800] "GET /xingrg/all/function/internal_message.html?_=1667523930902&CODE_STATE=getMsg HTTP/1.1" 200 27
114.84.81.136 - - [04/Nov/2022:09:05:24 +0800] "GET /xingrg/all/function/internal_message.html?_=1667523933214&CODE_STATE=getMsg HTTP/1.1" 200 27
218.81.217.29 - - [04/Nov/2022:09:05:36 +0800] "GET /xingrg/check_reg.html?_=1667523962676 HTTP/1.1" 200 22
120.253.135.82 - - [04/Nov/2022:09:05:38 +0800] "GET /xingrg/all/function/internal_message.html?_=1667523744822&CODE_STATE=getMsg HTTP/1.1" 200 27
218.81.217.29 - - [04/Nov/2022:09:05:39 +0800] "GET /xingrg/all/function/internal_message.html?_=1667523965620&CODE_STATE=getMsg HTTP/1.1" 200 27
222.70.183.206 - - [04/Nov/2022:09:05:40 +0800] "GET /xingrg/all/function/internal_message.html?_=1667523947437&CODE_STATE=getMsg HTTP/1.1" 200 27
116.230.105.139 - - [04/Nov/2022:09:05:42 +0800] "GET /xingrg/all/function/internal_message.html?_=1667523900549&CODE_STATE=getMsg HTTP/1.1" 200 27
180.169.147.146 - - [04/Nov/2022:09:05:43 +0800] "GET /xingrg/check_reg.html?_=1667523952561 HTTP/1.1" 200 22
180.169.147.146 - - [04/Nov/2022:09:05:43 +0800] "GET /xingrg/all/function/internal_message.html?_=1667523952564&CODE_STATE=getMsg HTTP/1.1" 200 27
116.238.139.35 - - [04/Nov/2022:09:05:45 +0800] "POST /xingrg/services/DataTransmitService HTTP/1.1" 200 524
172.20.0.100 - - [04/Nov/2022:09:05:48 +0800] "GET /xingrg/check_reg.html?_=1667523956595 HTTP/1.1" 302 -
101.229.170.33 - - [04/Nov/2022:09:05:50 +0800] "GET /xingrg/all/function/internal_message.html?_=1667523965308&CODE_STATE=getMsg HTTP/1.1" 200 27
124.78.153.35 - - [04/Nov/2022:09:05:51 +0800] "GET /xingrg/kc/buy/cgsh_order_operate.html?command=get_materiel&rest_code=00106&code=00101008010&supplier_code=00100007&order_time=2022-11-04 HTTP/1.1" 200 412
116.238.139.35 - - [04/Nov/2022:09:05:52 +0800] "GET /xingrg/all/function/internal_message.html?_=1667523888512&CODE_STATE=getMsg HTTP/1.1" 200 27
222.70.183.206 - - [04/Nov/2022:09:05:54 +0800] "GET /xingrg/kc/buy/cgsh_order_add.html HTTP/1.1" 200 69154
222.70.183.206 - - [04/Nov/2022:09:05:54 +0800] "POST /xingrg/kc/buy/cgsh_order_operate.html HTTP/1.1" 200 8245
222.70.183.206 - - [04/Nov/2022:09:05:55 +0800] "GET /xingrg/javascript/easyui/themes/default/validatebox.css HTTP/1.1" 404 1104
180.163.29.234 - - [04/Nov/2022:09:05:55 +0800] "GET /xingrg/check_reg.html?_=1667523903257 HTTP/1.1" 302 -
58.39.169.76 - - [04/Nov/2022:09:05:55 +0800] "GET /xingrg/all/function/internal_message.html?_=1667523815160&CODE_STATE=getMsg HTTP/1.1" 200 27
180.163.29.234 - - [04/Nov/2022:09:05:55 +0800] "GET /xingrg/login.html HTTP/1.1" 200 7641
180.163.29.206 - - [04/Nov/2022:09:05:55 +0800] "GET /xingrg/all/function/internal_message.html?_=1667523903258&CODE_STATE=getMsg HTTP/1.1" 302 -
180.163.29.206 - - [04/Nov/2022:09:05:55 +0800] "GET /xingrg/login.html HTTP/1.1" 200 7641
124.78.153.35 - - [04/Nov/2022:09:05:55 +0800] "GET /xingrg/all/function/internal_message.html?_=1667523963232&CODE_STATE=getMsg HTTP/1.1" 200 27
222.70.183.206 - - [04/Nov/2022:09:05:59 +0800] "GET /xingrg/all/function/internal_message.html?_=1667524135962&CODE_STATE=getMsg HTTP/1.1" 200 27
124.78.153.35 - - [04/Nov/2022:09:06:02 +0800] "GET /xingrg/kc/buy/cgsh_order_operate.html?command=get_materiel&rest_code=00106&code=00101008283&supplier_code=00100007&order_time=2022-11-04 HTTP/1.1" 200 408
124.78.153.35 - - [04/Nov/2022:09:06:09 +0800] "GET /xingrg/kc/buy/cgsh_order_operate.html?command=get_materiel&rest_code=00106&code=00101008096&supplier_code=00100007&order_time=2022-11-04 HTTP/1.1" 200 412
222.70.183.206 - - [04/Nov/2022:09:06:10 +0800] "GET /xingrg/kc/buy/cgsh_order_operate.html?command=get_materiel&rest_code=00111&code=00101006259&supplier_code=00100004&order_time=2022-11-04 HTTP/1.1" 200 409
114.83.219.57 - - [04/Nov/2022:09:06:13 +0800] "GET /xingrg/all/function/internal_message.html?_=1667524093896&CODE_STATE=getMsg HTTP/1.1" 200 27
124.78.153.35 - - [04/Nov/2022:09:06:18 +0800] "GET /xingrg/kc/buy/cgsh_order_operate.html?command=get_materiel&rest_code=00106&code=00101008125&supplier_code=00100007&order_time=2022-11-04 HTTP/1.1" 200 413
180.162.229.95 - - [04/Nov/2022:09:06:18 +0800] "GET /xingrg/all/function/internal_message.html?_=1667523988399&CODE_STATE=getMsg HTTP/1.1" 200 27
124.78.153.35 - - [04/Nov/2022:09:06:20 +0800] "POST /xingrg/kc/buy/cgsh_order_operate.html HTTP/1.1" 200 2065
222.70.183.206 - - [04/Nov/2022:09:06:22 +0800] "GET /xingrg/kc/buy/cgsh_order_operate.html?command=get_materiel&rest_code=00111&code=00101007085&supplier_code=00100004&order_time=2022-11-04 HTTP/1.1" 200 413
180.169.147.146 - - [04/Nov/2022:09:06:22 +0800] "GET /xingrg/all/function/internal_message.html?_=1667523990878&CODE_STATE=getMsg HTTP/1.1" 200 27
114.84.81.136 - - [04/Nov/2022:09:06:24 +0800] "GET /xingrg/all/function/internal_message.html?_=1667523993185&CODE_STATE=getMsg HTTP/1.1" 200 27
222.70.183.206 - - [04/Nov/2022:09:06:30 +0800] "GET /xingrg/kc/buy/cgsh_order_operate.html?command=get_materiel&rest_code=00111&code=00101007081&supplier_code=00100004&order_time=2022-11-04 HTTP/1.1" 200 413
120.253.135.82 - - [04/Nov/2022:09:06:37 +0800] "GET /xingrg/check_reg.html?_=1667523804587 HTTP/1.1" 200 22
120.253.135.82 - - [04/Nov/2022:09:06:38 +0800] "GET /xingrg/all/function/internal_message.html?_=1667523804837&CODE_STATE=getMsg HTTP/1.1" 200 27
218.81.217.29 - - [04/Nov/2022:09:06:39 +0800] "GET /xingrg/all/function/internal_message.html?_=1667524025634&CODE_STATE=getMsg HTTP/1.1" 200 27
222.70.183.206 - - [04/Nov/2022:09:06:40 +0800] "GET /xingrg/all/function/internal_message.html?_=1667524007437&CODE_STATE=getMsg HTTP/1.1" 200 27
116.230.105.139 - - [04/Nov/2022:09:06:42 +0800] "GET /xingrg/check_reg.html?_=1667523959660 HTTP/1.1" 200 22
116.230.105.139 - - [04/Nov/2022:09:06:42 +0800] "GET /xingrg/all/function/internal_message.html?_=1667523960548&CODE_STATE=getMsg HTTP/1.1" 200 27
180.169.147.146 - - [04/Nov/2022:09:06:43 +0800] "GET /xingrg/all/function/internal_message.html?_=1667524012557&CODE_STATE=getMsg HTTP/1.1" 200 27
222.70.183.206 - - [04/Nov/2022:09:06:43 +0800] "GET /xingrg/kc/buy/cgsh_order_operate.html?command=get_materiel&rest_code=00111&code=00101007061&supplier_code=00100004&order_time=2022-11-04 HTTP/1.1" 200 409
101.229.170.33 - - [04/Nov/2022:09:06:50 +0800] "GET /xingrg/all/function/internal_message.html?_=1667524025323&CODE_STATE=getMsg HTTP/1.1" 200 27
116.238.139.35 - - [04/Nov/2022:09:06:52 +0800] "GET /xingrg/all/function/internal_message.html?_=1667523948524&CODE_STATE=getMsg HTTP/1.1" 200 27
124.78.153.35 - - [04/Nov/2022:09:06:52 +0800] "GET /xingrg/kc/buy/cgsh_order_operate.html?command=get_materiel&rest_code=00106&code=00101008350&supplier_code=00100007&order_time=2022-11-04 HTTP/1.1" 200 408
58.39.169.76 - - [04/Nov/2022:09:06:55 +0800] "GET /xingrg/all/function/internal_message.html?_=1667523875149&CODE_STATE=getMsg HTTP/1.1" 200 27
124.78.153.35 - - [04/Nov/2022:09:06:55 +0800] "GET /xingrg/all/function/internal_message.html?_=1667524023202&CODE_STATE=getMsg HTTP/1.1" 200 27
222.70.183.206 - - [04/Nov/2022:09:06:59 +0800] "GET /xingrg/all/function/internal_message.html?_=1667524195977&CODE_STATE=getMsg HTTP/1.1" 200 27
222.70.183.206 - - [04/Nov/2022:09:06:59 +0800] "GET /xingrg/check_reg.html?_=1667524195979 HTTP/1.1" 200 22
180.163.29.219 - - [04/Nov/2022:09:07:07 +0800] "GET /xingrg/kc/buy/cgsh_order_operate.html?command=get_materiel&rest_code=00106&code=00101008096&supplier_code=00100007&order_time=2022-11-04 HTTP/1.1" 302 -
180.163.29.219 - - [04/Nov/2022:09:07:07 +0800] "GET /xingrg/login.html HTTP/1.1" 200 7641
114.83.219.57 - - [04/Nov/2022:09:07:13 +0800] "GET /xingrg/check_reg.html?_=1667524153891 HTTP/1.1" 200 22
114.83.219.57 - - [04/Nov/2022:09:07:13 +0800] "GET /xingrg/all/function/internal_message.html?_=1667524153895&CODE_STATE=getMsg HTTP/1.1" 200 27
124.78.153.35 - - [04/Nov/2022:09:07:18 +0800] "GET /xingrg/kc/buy/cgsh_order_operate.html?command=get_materiel&rest_code=00106&code=00101008087&supplier_code=00100007&order_time=2022-11-04 HTTP/1.1" 200 412
180.162.229.95 - - [04/Nov/2022:09:07:18 +0800] "GET /xingrg/all/function/internal_message.html?_=1667524048385&CODE_STATE=getMsg HTTP/1.1" 200 27
180.169.147.146 - - [04/Nov/2022:09:07:22 +0800] "GET /xingrg/all/function/internal_message.html?_=1667524050862&CODE_STATE=getMsg HTTP/1.1" 200 27
114.84.81.136 - - [04/Nov/2022:09:07:23 +0800] "GET /xingrg/all/function/internal_message.html?_=1667524053159&CODE_STATE=getMsg HTTP/1.1" 200 27
222.70.183.206 - - [04/Nov/2022:09:07:34 +0800] "POST /xingrg/kc/buy/cgsh_order_operate.html HTTP/1.1" 200 37
114.84.81.136 - - [04/Nov/2022:09:07:35 +0800] "GET /xingrg/check_reg.html?_=1667524065020 HTTP/1.1" 200 22
120.253.135.82 - - [04/Nov/2022:09:07:38 +0800] "GET /xingrg/all/function/internal_message.html?_=1667523864849&CODE_STATE=getMsg HTTP/1.1" 200 27
218.81.217.29 - - [04/Nov/2022:09:07:39 +0800] "GET /xingrg/all/function/internal_message.html?_=1667524085649&CODE_STATE=getMsg HTTP/1.1" 200 27
116.230.105.139 - - [04/Nov/2022:09:07:42 +0800] "GET /xingrg/all/function/internal_message.html?_=1667524020538&CODE_STATE=getMsg HTTP/1.1" 200 27
180.169.147.146 - - [04/Nov/2022:09:07:43 +0800] "GET /xingrg/all/function/internal_message.html?_=1667524072577&CODE_STATE=getMsg HTTP/1.1" 200 27
124.78.153.35 - - [04/Nov/2022:09:07:45 +0800] "GET /xingrg/kc/buy/cgsh_order_operate.html?command=get_materiel&rest_code=00106&code=00101008361&supplier_code=00100007&order_time=2022-11-04 HTTP/1.1" 200 408
101.229.170.33 - - [04/Nov/2022:09:07:50 +0800] "GET /xingrg/all/function/internal_message.html?_=1667524085322&CODE_STATE=getMsg HTTP/1.1" 200 27
101.229.170.33 - - [04/Nov/2022:09:07:50 +0800] "GET /xingrg/check_reg.html?_=1667524085323 HTTP/1.1" 200 22
222.70.183.206 - - [04/Nov/2022:09:07:50 +0800] "POST /xingrg/kc/buy/cgsh_order_operate.html HTTP/1.1" 200 5021
222.70.183.206 - - [04/Nov/2022:09:07:52 +0800] "GET /xingrg/kc/print/load_data.html?order_code=212022110400915&kc_code=cgsh&condition= HTTP/1.1" 200 1622
116.238.139.35 - - [04/Nov/2022:09:07:52 +0800] "GET /xingrg/check_reg.html?_=1667524008411 HTTP/1.1" 200 22
116.238.139.35 - - [04/Nov/2022:09:07:52 +0800] "GET /xingrg/all/function/internal_message.html?_=1667524008538&CODE_STATE=getMsg HTTP/1.1" 200 27
58.39.169.76 - - [04/Nov/2022:09:07:55 +0800] "GET /xingrg/all/function/internal_message.html?_=1667523935149&CODE_STATE=getMsg HTTP/1.1" 200 27
180.163.30.85 - - [04/Nov/2022:09:07:55 +0800] "GET /xingrg/all/function/internal_message.html?_=1667524023202&CODE_STATE=getMsg HTTP/1.1" 302 -
180.163.30.85 - - [04/Nov/2022:09:07:55 +0800] "GET /xingrg/login.html HTTP/1.1" 200 7641
124.78.153.35 - - [04/Nov/2022:09:07:55 +0800] "GET /xingrg/all/function/internal_message.html?_=1667524083187&CODE_STATE=getMsg HTTP/1.1" 200 27
124.78.153.35 - - [04/Nov/2022:09:07:55 +0800] "GET /xingrg/kc/buy/cgsh_order_operate.html?command=get_materiel&rest_code=00106&code=00101008059&supplier_code=00100007&order_time=2022-11-04 HTTP/1.1" 200 408
222.70.183.206 - - [04/Nov/2022:09:07:59 +0800] "GET /xingrg/all/function/internal_message.html?_=1667524255963&CODE_STATE=getMsg HTTP/1.1" 200 27
222.70.183.206 - - [04/Nov/2022:09:08:03 +0800] "GET /xingrg/kc/buy/cgsh_order_add.html HTTP/1.1" 200 69154
222.70.183.206 - - [04/Nov/2022:09:08:03 +0800] "POST /xingrg/kc/buy/cgsh_order_operate.html HTTP/1.1" 200 8245
222.70.183.206 - - [04/Nov/2022:09:08:03 +0800] "GET /xingrg/javascript/easyui/themes/default/validatebox.css HTTP/1.1" 404 1104
124.78.153.35 - - [04/Nov/2022:09:08:06 +0800] "GET /xingrg/kc/buy/cgsh_order_operate.html?command=get_materiel&rest_code=00106&code=00101011005&supplier_code=00100007&order_time=2022-11-04 HTTP/1.1" 200 428
180.162.229.95 - - [04/Nov/2022:09:08:07 +0800] "GET /xingrg/check_reg.html?_=1667524097356 HTTP/1.1" 200 22
124.78.153.35 - - [04/Nov/2022:09:08:11 +0800] "POST /xingrg/kc/buy/cgsh_order_operate.html HTTP/1.1" 200 2065
114.83.219.57 - - [04/Nov/2022:09:08:13 +0800] "GET /xingrg/all/function/internal_message.html?_=1667524213894&CODE_STATE=getMsg HTTP/1.1" 200 27
222.70.183.206 - - [04/Nov/2022:09:08:13 +0800] "GET /xingrg/kc/buy/cgsh_order_operate.html?command=get_materiel&rest_code=00111&code=00101002027&supplier_code=00100199&order_time=2022-11-04 HTTP/1.1" 200 415
180.163.30.85 - - [04/Nov/2022:09:08:16 +0800] "GET /xingrg/kc/buy/cgsh_order_operate.html?command=get_materiel&rest_code=00106&code=00101008087&supplier_code=00100007&order_time=2022-11-04 HTTP/1.1" 302 -
180.163.30.85 - - [04/Nov/2022:09:08:16 +0800] "GET /xingrg/login.html HTTP/1.1" 200 7641
180.162.229.95 - - [04/Nov/2022:09:08:18 +0800] "GET /xingrg/all/function/internal_message.html?_=1667524108372&CODE_STATE=getMsg HTTP/1.1" 200 27
124.78.153.35 - - [04/Nov/2022:09:08:21 +0800] "GET /xingrg/kc/buy/cgsh_order_operate.html?command=get_materiel&rest_code=00106&code=00101011010&supplier_code=00100007&order_time=2022-11-04 HTTP/1.1" 200 418
180.169.147.146 - - [04/Nov/2022:09:08:22 +0800] "GET /xingrg/all/function/internal_message.html?_=1667524110845&CODE_STATE=getMsg HTTP/1.1" 200 27
114.84.81.136 - - [04/Nov/2022:09:08:23 +0800] "GET /xingrg/all/function/internal_message.html?_=1667524113133&CODE_STATE=getMsg HTTP/1.1" 200 27
222.70.183.206 - - [04/Nov/2022:09:08:25 +0800] "GET /xingrg/kc/buy/cgsh_order_operate.html?command=get_materiel&rest_code=00111&code=00101002006&supplier_code=00100199&order_time=2022-11-04 HTTP/1.1" 200 414
222.70.183.206 - - [04/Nov/2022:09:08:35 +0800] "POST /xingrg/kc/buy/cgsh_order_operate.html HTTP/1.1" 200 37
120.253.135.82 - - [04/Nov/2022:09:08:38 +0800] "GET /xingrg/all/function/internal_message.html?_=1667523924863&CODE_STATE=getMsg HTTP/1.1" 200 27
218.81.217.29 - - [04/Nov/2022:09:08:39 +0800] "GET /xingrg/all/function/internal_message.html?_=1667524145744&CODE_STATE=getMsg HTTP/1.1" 200 27
222.70.183.206 - - [04/Nov/2022:09:08:39 +0800] "POST /xingrg/kc/buy/cgsh_order_operate.html HTTP/1.1" 200 3257
222.70.183.206 - - [04/Nov/2022:09:08:40 +0800] "GET /xingrg/all/function/internal_message.html?_=1667524127454&CODE_STATE=getMsg HTTP/1.1" 200 27
222.70.183.206 - - [04/Nov/2022:09:08:42 +0800] "GET /xingrg/kc/print/load_data.html?order_code=212022110400916&kc_code=cgsh&condition= HTTP/1.1" 200 898
180.163.29.212 - - [04/Nov/2022:09:08:42 +0800] "GET /xingrg/kc/buy/cgsh_order_operate.html?command=get_materiel&rest_code=00106&code=00101008361&supplier_code=00100007&order_time=2022-11-04 HTTP/1.1" 302 -
180.163.29.212 - - [04/Nov/2022:09:08:42 +0800] "GET /xingrg/login.html HTTP/1.1" 200 7641
116.230.105.139 - - [04/Nov/2022:09:08:42 +0800] "GET /xingrg/all/function/internal_message.html?_=1667524080521&CODE_STATE=getMsg HTTP/1.1" 200 27
180.169.147.146 - - [04/Nov/2022:09:08:43 +0800] "GET /xingrg/all/function/internal_message.html?_=1667524132558&CODE_STATE=getMsg HTTP/1.1" 200 27
222.70.183.206 - - [04/Nov/2022:09:08:48 +0800] "GET /xingrg/kc/buy/cgsh_order_add.html HTTP/1.1" 200 69154
222.70.183.206 - - [04/Nov/2022:09:08:48 +0800] "POST /xingrg/kc/buy/cgsh_order_operate.html HTTP/1.1" 200 8245
222.70.183.206 - - [04/Nov/2022:09:08:48 +0800] "GET /xingrg/javascript/easyui/themes/default/validatebox.css HTTP/1.1" 404 1104
101.229.170.33 - - [04/Nov/2022:09:08:50 +0800] "GET /xingrg/all/function/internal_message.html?_=1667524145322&CODE_STATE=getMsg HTTP/1.1" 200 27
116.238.139.35 - - [04/Nov/2022:09:08:52 +0800] "GET /xingrg/all/function/internal_message.html?_=1667524068552&CODE_STATE=getMsg HTTP/1.1" 200 27
180.163.29.206 - - [04/Nov/2022:09:08:53 +0800] "GET /xingrg/kc/buy/cgsh_order_operate.html?command=get_materiel&rest_code=00106&code=00101008059&supplier_code=00100007&order_time=2022-11-04 HTTP/1.1" 302 -
180.163.29.206 - - [04/Nov/2022:09:08:53 +0800] "GET /xingrg/login.html HTTP/1.1" 200 7641
180.163.28.109 - - [04/Nov/2022:09:08:55 +0800] "GET /xingrg/all/function/internal_message.html?_=1667524083187&CODE_STATE=getMsg HTTP/1.1" 302 -
180.163.28.109 - - [04/Nov/2022:09:08:55 +0800] "GET /xingrg/login.html HTTP/1.1" 200 7641
58.39.169.76 - - [04/Nov/2022:09:08:55 +0800] "GET /xingrg/all/function/internal_message.html?_=1667523995159&CODE_STATE=getMsg HTTP/1.1" 200 27
124.78.153.35 - - [04/Nov/2022:09:08:55 +0800] "GET /xingrg/all/function/internal_message.html?_=1667524143191&CODE_STATE=getMsg HTTP/1.1" 200 27
124.78.153.35 - - [04/Nov/2022:09:08:58 +0800] "GET /xingrg/kc/buy/cgsh_order_operate.html?command=get_materiel&rest_code=00106&code=00101020332&supplier_code=00100007&order_time=2022-11-04 HTTP/1.1" 200 408
180.169.147.146 - - [04/Nov/2022:09:08:58 +0800] "GET /favicon.ico HTTP/1.1" 404 -
222.70.183.206 - - [04/Nov/2022:09:08:59 +0800] "GET /xingrg/all/function/internal_message.html?_=1667524315962&CODE_STATE=getMsg HTTP/1.1" 200 27
222.70.183.206 - - [04/Nov/2022:09:09:01 +0800] "GET /xingrg/kc/buy/cgsh_order_operate.html?command=get_materiel&rest_code=00111&code=00101028008&supplier_code=00100017&order_time=2022-11-04 HTTP/1.1" 200 449
124.78.153.35 - - [04/Nov/2022:09:09:05 +0800] "GET /xingrg/kc/buy/cgsh_order_operate.html?command=get_materiel&rest_code=00106&code=00101020349&supplier_code=00100007&order_time=2022-11-04 HTTP/1.1" 200 409
114.83.219.57 - - [04/Nov/2022:09:09:13 +0800] "GET /xingrg/all/function/internal_message.html?_=1667524273883&CODE_STATE=getMsg HTTP/1.1" 200 27
180.162.229.95 - - [04/Nov/2022:09:09:18 +0800] "GET /xingrg/all/function/internal_message.html?_=1667524168358&CODE_STATE=getMsg HTTP/1.1" 200 27
222.70.183.206 - - [04/Nov/2022:09:09:21 +0800] "GET /xingrg/kc/buy/cgsh_order_operate.html?command=get_materiel&rest_code=00111&code=00101026082&supplier_code=00100017&order_time=2022-11-04 HTTP/1.1" 200 458
180.169.147.146 - - [04/Nov/2022:09:09:22 +0800] "GET /xingrg/all/function/internal_message.html?_=1667524170823&CODE_STATE=getMsg HTTP/1.1" 200 27
114.84.81.136 - - [04/Nov/2022:09:09:23 +0800] "GET /xingrg/all/function/internal_message.html?_=1667524173118&CODE_STATE=getMsg HTTP/1.1" 200 27
124.78.153.35 - - [04/Nov/2022:09:09:25 +0800] "POST /xingrg/kc/buy/cgsh_order_operate.html HTTP/1.1" 200 37
116.230.105.139 - - [04/Nov/2022:09:09:38 +0800] "POST /xingrg/all/user/operate.html HTTP/1.1" 200 36
120.253.135.82 - - [04/Nov/2022:09:09:38 +0800] "GET /xingrg/all/function/internal_message.html?_=1667523984900&CODE_STATE=getMsg HTTP/1.1" 200 27
116.230.105.139 - - [04/Nov/2022:09:09:38 +0800] "GET /xingrg/index.html?sysBaseUrl=http%3A%2F%2F180.169.147.146%3A18081%2Fxingrg%2F&costTime=45×tamp=1667522200812 HTTP/1.1" 200 17179
116.230.105.139 - - [04/Nov/2022:09:09:38 +0800] "GET /xingrg/javascript/jquery_easy_ui/themes/default/easyui.css HTTP/1.1" 304 -
116.230.105.139 - - [04/Nov/2022:09:09:38 +0800] "GET /xingrg/javascript/jquery_easy_ui/themes/icon.css HTTP/1.1" 304 -
116.230.105.139 - - [04/Nov/2022:09:09:38 +0800] "GET /xingrg/css/form.css HTTP/1.1" 304 -
116.230.105.139 - - [04/Nov/2022:09:09:38 +0800] "GET /xingrg/javascript/jquery-1.4.2.min.js HTTP/1.1" 304 -
116.230.105.139 - - [04/Nov/2022:09:09:38 +0800] "GET /xingrg/javascript/jquery_easy_ui/jquery.easyui.min.js HTTP/1.1" 304 -
116.230.105.139 - - [04/Nov/2022:09:09:38 +0800] "GET /xingrg/javascript/jquery_easy_ui/easyui-lang-zh_CN.js HTTP/1.1" 304 -
116.230.105.139 - - [04/Nov/2022:09:09:38 +0800] "GET /xingrg/javascript/jquery.form.js HTTP/1.1" 304 -
116.230.105.139 - - [04/Nov/2022:09:09:38 +0800] "GET /xingrg/javascript/jquery.utils.js HTTP/1.1" 304 -
116.230.105.139 - - [04/Nov/2022:09:09:38 +0800] "GET /xingrg/javascript/jquery.timers.js HTTP/1.1" 304 -
116.230.105.139 - - [04/Nov/2022:09:09:38 +0800] "GET /xingrg/images/blue/jxLogo.png HTTP/1.1" 304 -
116.230.105.139 - - [04/Nov/2022:09:09:38 +0800] "GET /xingrg/javascript/jquery_easy_ui/themes/icons/settle_new.png HTTP/1.1" 304 -
116.230.105.139 - - [04/Nov/2022:09:09:38 +0800] "GET /xingrg/images/blue/navBackgound.jpg HTTP/1.1" 304 -
116.230.105.139 - - [04/Nov/2022:09:09:38 +0800] "POST /xingrg/all/common/load_tree.html?tree=area_rest_tree_json&manage=1 HTTP/1.1" 200 479
116.230.105.139 - - [04/Nov/2022:09:09:38 +0800] "GET /xingrg/all/function/internal_message.html?_=1667524136443&CODE_STATE=count HTTP/1.1" 200 11
116.230.105.139 - - [04/Nov/2022:09:09:38 +0800] "GET /xingrg/check_reg.html?_=1667524136443 HTTP/1.1" 200 22
116.230.105.139 - - [04/Nov/2022:09:09:38 +0800] "GET /xingrg/javascript/jquery_easy_ui/themes/default/images/tabs_rightarrow.png HTTP/1.1" 304 -
116.230.105.139 - - [04/Nov/2022:09:09:38 +0800] "GET /xingrg/images/blue/pingpu.png HTTP/1.1" 304 -
116.230.105.139 - - [04/Nov/2022:09:09:38 +0800] "GET /xingrg/javascript/jquery_easy_ui/themes/default/images/panel_tool_collapse.gif HTTP/1.1" 304 -
116.230.105.139 - - [04/Nov/2022:09:09:38 +0800] "GET /xingrg/javascript/jquery_easy_ui/themes/default/images/tabs_leftarrow.png HTTP/1.1" 304 -
116.230.105.139 - - [04/Nov/2022:09:09:38 +0800] "POST /xingrg/load_menu.html HTTP/1.1" 200 5138
218.81.217.29 - - [04/Nov/2022:09:09:39 +0800] "GET /xingrg/all/function/internal_message.html?_=1667524205753&CODE_STATE=getMsg HTTP/1.1" 200 27
