222.70.183.206 - - [04/Nov/2022:08:43:49 +0800] "GET /xingrg/kc/buy/cgsh_order_operate.html?command=get_materiel&rest_code=00111&code=00101015147&supplier_code=00100037&order_time=2022-11-04 HTTP/1.1" 200 409
101.229.170.33 - - [04/Nov/2022:08:43:50 +0800] "GET /xingrg/all/function/internal_message.html?_=1667522645302&CODE_STATE=getMsg HTTP/1.1" 200 27
116.230.105.139 - - [04/Nov/2022:08:43:57 +0800] "GET /xingrg/kc/buy/cgsh_order_operate.html?command=get_materiel&rest_code=00155&code=00101008114&supplier_code=00100005&order_time=2022-11-04 HTTP/1.1" 200 412
222.70.183.206 - - [04/Nov/2022:08:43:58 +0800] "GET /xingrg/kc/buy/cgsh_order_operate.html?command=get_materiel&rest_code=00111&code=00101009107&supplier_code=00100037&order_time=2022-11-04 HTTP/1.1" 200 410
222.70.183.206 - - [04/Nov/2022:08:43:59 +0800] "GET /xingrg/all/function/internal_message.html?_=1667522815965&CODE_STATE=getMsg HTTP/1.1" 200 27
116.238.139.35 - - [04/Nov/2022:08:43:59 +0800] "GET /xingrg/all/function/internal_message.html?_=1667522575887&CODE_STATE=getMsg HTTP/1.1" 200 27
116.230.105.139 - - [04/Nov/2022:08:44:05 +0800] "GET /xingrg/kc/buy/cgsh_order_operate.html?command=get_materiel&rest_code=00155&code=00101008558&supplier_code=00100005&order_time=2022-11-04 HTTP/1.1" 200 409
180.162.229.95 - - [04/Nov/2022:08:44:07 +0800] "GET /xingrg/all/function/internal_message.html?_=1667522657362&CODE_STATE=getMsg HTTP/1.1" 200 27
58.39.169.76 - - [04/Nov/2022:08:44:08 +0800] "GET /xingrg/index.html?sysBaseUrl=http%3A%2F%2F180.169.147.146%3A18081%2Fxingrg%2F&costTime=32×tamp=1585224308505 HTTP/1.1" 302 -
58.39.169.76 - - [04/Nov/2022:08:44:08 +0800] "GET /xingrg/login.html HTTP/1.1" 200 7641
58.39.169.76 - - [04/Nov/2022:08:44:09 +0800] "GET /xingrg/images/blue/jxLogo.png HTTP/1.1" 304 -
222.70.183.206 - - [04/Nov/2022:08:44:10 +0800] "GET /xingrg/kc/buy/cgsh_order_operate.html?command=get_materiel&rest_code=00111&code=00101012033&supplier_code=00100037&order_time=2022-11-04 HTTP/1.1" 200 426
58.39.169.76 - - [04/Nov/2022:08:44:16 +0800] "GET /xingrg/images/blue/login_bg.png HTTP/1.1" 304 -
58.39.169.76 - - [04/Nov/2022:08:44:16 +0800] "GET /xingrg/images/blue/hj.png HTTP/1.1" 304 -
58.39.169.76 - - [04/Nov/2022:08:44:16 +0800] "GET /xingrg/images/blue/srbg.png HTTP/1.1" 304 -
58.39.169.76 - - [04/Nov/2022:08:44:17 +0800] "GET /favicon.ico HTTP/1.1" 404 -
222.70.183.206 - - [04/Nov/2022:08:44:21 +0800] "GET /xingrg/kc/buy/cgsh_order_operate.html?command=get_materiel&rest_code=00111&code=00101015021&supplier_code=00100037&order_time=2022-11-04 HTTP/1.1" 200 408
180.169.147.146 - - [04/Nov/2022:08:44:22 +0800] "GET /xingrg/all/function/internal_message.html?_=1667522670987&CODE_STATE=getMsg HTTP/1.1" 200 27
114.84.81.136 - - [04/Nov/2022:08:44:24 +0800] "GET /xingrg/all/function/internal_message.html?_=1667522673558&CODE_STATE=getMsg HTTP/1.1" 200 27
222.70.183.206 - - [04/Nov/2022:08:44:34 +0800] "GET /xingrg/kc/buy/cgsh_order_operate.html?command=get_materiel&rest_code=00111&code=00101015062&supplier_code=00100037&order_time=2022-11-04 HTTP/1.1" 200 412
116.230.105.139 - - [04/Nov/2022:08:44:37 +0800] "GET /xingrg/kc/buy/cgsh_order_operate.html?command=get_materiel&rest_code=00155&code=00101008223&supplier_code=00100005&order_time=2022-11-04 HTTP/1.1" 200 412
218.81.217.29 - - [04/Nov/2022:08:44:38 +0800] "GET /xingrg/all/function/internal_message.html?_=1667522705101&CODE_STATE=getMsg HTTP/1.1" 200 27
116.230.105.139 - - [04/Nov/2022:08:44:39 +0800] "POST /xingrg/kc/buy/cgsh_order_operate.html HTTP/1.1" 200 2065
222.70.183.206 - - [04/Nov/2022:08:44:40 +0800] "GET /xingrg/all/function/internal_message.html?_=1667522687416&CODE_STATE=getMsg HTTP/1.1" 200 27
180.162.229.95 - - [04/Nov/2022:08:44:41 +0800] "GET /xingrg/kc/buy/cgsh_order_operate.html?command=get_materiel&rest_code=00102&code=00101012070&supplier_code=00100096&order_time=2022-11-04 HTTP/1.1" 200 412
116.230.105.139 - - [04/Nov/2022:08:44:41 +0800] "GET /xingrg/all/function/internal_message.html?_=1667522639653&CODE_STATE=getMsg HTTP/1.1" 200 27
222.70.183.206 - - [04/Nov/2022:08:44:43 +0800] "GET /xingrg/kc/buy/cgsh_order_operate.html?command=get_materiel&rest_code=00111&code=00101007109&supplier_code=00100037&order_time=2022-11-04 HTTP/1.1" 200 408
180.169.147.146 - - [04/Nov/2022:08:44:43 +0800] "GET /xingrg/all/function/internal_message.html?_=1667522692561&CODE_STATE=getMsg HTTP/1.1" 200 27
116.230.105.139 - - [04/Nov/2022:08:44:45 +0800] "GET /xingrg/kc/buy/cgsh_order_operate.html?command=get_materiel&rest_code=00155&code=00101008168&supplier_code=00100005&order_time=2022-11-04 HTTP/1.1" 200 413
101.229.170.33 - - [04/Nov/2022:08:44:50 +0800] "GET /xingrg/all/function/internal_message.html?_=1667522705302&CODE_STATE=getMsg HTTP/1.1" 200 27
116.230.105.139 - - [04/Nov/2022:08:44:52 +0800] "GET /xingrg/kc/buy/cgsh_order_operate.html?command=get_materiel&rest_code=00155&code=00101008633&supplier_code=00100005&order_time=2022-11-04 HTTP/1.1" 200 414
180.162.229.95 - - [04/Nov/2022:08:44:52 +0800] "GET /xingrg/kc/buy/cgsh_order_operate.html?command=get_materiel&rest_code=00102&code=00101006111&supplier_code=00100096&order_time=2022-11-04 HTTP/1.1" 200 411
58.39.169.76 - - [04/Nov/2022:08:44:54 +0800] "POST /xingrg/login.do HTTP/1.1" 302 -
58.39.169.76 - - [04/Nov/2022:08:44:54 +0800] "GET /xingrg/index.html?sysBaseUrl=http%3A%2F%2F180.169.147.146%3A18081%2Fxingrg%2F&costTime=43×tamp=1667522694263 HTTP/1.1" 200 17173
58.39.169.76 - - [04/Nov/2022:08:44:54 +0800] "GET /xingrg/javascript/jquery_easy_ui/themes/default/easyui.css HTTP/1.1" 304 -
58.39.169.76 - - [04/Nov/2022:08:44:54 +0800] "GET /xingrg/javascript/jquery_easy_ui/themes/icon.css HTTP/1.1" 304 -
58.39.169.76 - - [04/Nov/2022:08:44:54 +0800] "GET /xingrg/css/form.css HTTP/1.1" 304 -
58.39.169.76 - - [04/Nov/2022:08:44:54 +0800] "GET /xingrg/javascript/jquery-1.4.2.min.js HTTP/1.1" 304 -
58.39.169.76 - - [04/Nov/2022:08:44:54 +0800] "GET /xingrg/javascript/jquery_easy_ui/jquery.easyui.min.js HTTP/1.1" 304 -
58.39.169.76 - - [04/Nov/2022:08:44:54 +0800] "GET /xingrg/javascript/jquery_easy_ui/easyui-lang-zh_CN.js HTTP/1.1" 304 -
58.39.169.76 - - [04/Nov/2022:08:44:54 +0800] "GET /xingrg/javascript/jquery.form.js HTTP/1.1" 304 -
58.39.169.76 - - [04/Nov/2022:08:44:54 +0800] "GET /xingrg/javascript/jquery.utils.js HTTP/1.1" 304 -
58.39.169.76 - - [04/Nov/2022:08:44:54 +0800] "GET /xingrg/javascript/jquery.timers.js HTTP/1.1" 304 -
58.39.169.76 - - [04/Nov/2022:08:44:54 +0800] "GET /favicon.ico HTTP/1.1" 404 -
58.39.169.76 - - [04/Nov/2022:08:44:54 +0800] "GET /xingrg/javascript/jquery_easy_ui/themes/icons/settle_new.png HTTP/1.1" 304 -
58.39.169.76 - - [04/Nov/2022:08:44:54 +0800] "GET /xingrg/images/blue/navBackgound.jpg HTTP/1.1" 304 -
58.39.169.76 - - [04/Nov/2022:08:44:54 +0800] "POST /xingrg/all/common/load_tree.html?tree=area_rest_tree_json&manage=1 HTTP/1.1" 200 342
58.39.169.76 - - [04/Nov/2022:08:44:55 +0800] "GET /xingrg/all/function/internal_message.html?_=1667522555113&CODE_STATE=count HTTP/1.1" 200 11
58.39.169.76 - - [04/Nov/2022:08:44:55 +0800] "GET /xingrg/check_reg.html?_=1667522555114 HTTP/1.1" 200 22
58.39.169.76 - - [04/Nov/2022:08:44:55 +0800] "GET /xingrg/images/blue/pingpu.png HTTP/1.1" 304 -
58.39.169.76 - - [04/Nov/2022:08:44:55 +0800] "GET /xingrg/javascript/jquery_easy_ui/themes/default/images/tabs_leftarrow.png HTTP/1.1" 304 -
58.39.169.76 - - [04/Nov/2022:08:44:55 +0800] "GET /xingrg/javascript/jquery_easy_ui/themes/default/images/tabs_rightarrow.png HTTP/1.1" 304 -
58.39.169.76 - - [04/Nov/2022:08:44:55 +0800] "GET /xingrg/javascript/jquery_easy_ui/themes/default/images/panel_tool_collapse.gif HTTP/1.1" 304 -
58.39.169.76 - - [04/Nov/2022:08:44:55 +0800] "POST /xingrg/load_menu.html HTTP/1.1" 200 5138
58.39.169.76 - - [04/Nov/2022:08:44:55 +0800] "GET /xingrg/javascript/jquery_easy_ui/themes/default/images/tree_arrows.gif HTTP/1.1" 304 -
58.39.169.76 - - [04/Nov/2022:08:44:55 +0800] "GET /xingrg/javascript/jquery_easy_ui/themes/default/images/tree_folder_open.gif HTTP/1.1" 304 -
58.39.169.76 - - [04/Nov/2022:08:44:55 +0800] "GET /xingrg/javascript/jquery_easy_ui/themes/icons/search_new.png HTTP/1.1" 304 -
58.39.169.76 - - [04/Nov/2022:08:44:55 +0800] "GET /xingrg/javascript/jquery_easy_ui/themes/default/images/tree_folder.gif HTTP/1.1" 304 -
58.39.169.76 - - [04/Nov/2022:08:44:55 +0800] "GET /xingrg/javascript/jquery_easy_ui/themes/icons/storage_new.png HTTP/1.1" 304 -
58.39.169.76 - - [04/Nov/2022:08:44:55 +0800] "GET /xingrg/javascript/jquery_easy_ui/themes/icons/forms_new.png HTTP/1.1" 304 -
58.39.169.76 - - [04/Nov/2022:08:44:55 +0800] "GET /xingrg/javascript/jquery_easy_ui/themes/default/images/tree_file.gif HTTP/1.1" 304 -
58.39.169.76 - - [04/Nov/2022:08:44:57 +0800] "GET /xingrg/kc/buy/buy_main.html HTTP/1.1" 200 12412
58.39.169.76 - - [04/Nov/2022:08:44:57 +0800] "GET /xingrg/javascript/jquery_easy_ui/themes/default/images/tabs_close.gif HTTP/1.1" 304 -
58.39.169.76 - - [04/Nov/2022:08:44:57 +0800] "GET /xingrg/css/blue.css HTTP/1.1" 304 -
58.39.169.76 - - [04/Nov/2022:08:44:57 +0800] "GET /xingrg/css/new_ie.css HTTP/1.1" 404 1036
58.39.169.76 - - [04/Nov/2022:08:44:57 +0800] "GET /xingrg/javascript/jquery_ui/themes/humanity/humanity.css HTTP/1.1" 304 -
58.39.169.76 - - [04/Nov/2022:08:44:57 +0800] "GET /xingrg/javascript/pic_change.js HTTP/1.1" 304 -
58.39.169.76 - - [04/Nov/2022:08:44:57 +0800] "GET /xingrg/javascript/ToolTips.js HTTP/1.1" 304 -
58.39.169.76 - - [04/Nov/2022:08:44:57 +0800] "GET /xingrg/javascript/myfunction.js HTTP/1.1" 304 -
58.39.169.76 - - [04/Nov/2022:08:44:57 +0800] "GET /xingrg/javascript/jquery_ui/jquery-ui.min.js HTTP/1.1" 304 -
58.39.169.76 - - [04/Nov/2022:08:44:57 +0800] "GET /xingrg/images/blue/button/cgxqd.gif HTTP/1.1" 304 -
58.39.169.76 - - [04/Nov/2022:08:44:57 +0800] "GET /xingrg/images/blue/button/cgydd.gif HTTP/1.1" 304 -
58.39.169.76 - - [04/Nov/2022:08:44:57 +0800] "GET /xingrg/images/blue/button/cgshd.gif HTTP/1.1" 304 -
58.39.169.76 - - [04/Nov/2022:08:44:57 +0800] "GET /xingrg/images/blue/button/cgfkd.gif HTTP/1.1" 304 -
58.39.169.76 - - [04/Nov/2022:08:44:57 +0800] "GET /xingrg/images/blue/button/kc.gif HTTP/1.1" 304 -
58.39.169.76 - - [04/Nov/2022:08:44:57 +0800] "GET /xingrg/images/blue/button/ckthd.gif HTTP/1.1" 304 -
58.39.169.76 - - [04/Nov/2022:08:44:57 +0800] "GET /xingrg/images/blue/pic_form2.gif HTTP/1.1" 304 -
58.39.169.76 - - [04/Nov/2022:08:44:57 +0800] "GET /xingrg/javascript/jquery_ui/themes/humanity/images/ui-bg_inset-soft_100_f4f0ec_1x100.png HTTP/1.1" 304 -
58.39.169.76 - - [04/Nov/2022:08:44:57 +0800] "GET /xingrg/images/blue/bg_dotted.jpg HTTP/1.1" 304 -
58.39.169.76 - - [04/Nov/2022:08:44:57 +0800] "GET /xingrg/images/blue/button/right_ah.jpg HTTP/1.1" 304 -
58.39.169.76 - - [04/Nov/2022:08:44:57 +0800] "GET /xingrg/images/blue/button/down_ah.jpg HTTP/1.1" 304 -
58.39.169.76 - - [04/Nov/2022:08:44:57 +0800] "GET /xingrg/javascript/jquery_ui/themes/humanity/images/ui-iconsnew.jpg HTTP/1.1" 304 -
58.39.169.76 - - [04/Nov/2022:08:44:57 +0800] "GET /xingrg/javascript/jquery_ui/themes/humanity/images/ui-icons_ffffff_256x240.png HTTP/1.1" 304 -
58.39.169.76 - - [04/Nov/2022:08:44:57 +0800] "GET /xingrg/javascript/jquery_ui/themes/humanity/images/ui-icons_c47a23_256x240.png HTTP/1.1" 304 -
58.39.169.76 - - [04/Nov/2022:08:44:58 +0800] "GET /xingrg/javascript/jquery_ui/themes/humanity/images/ui-bg_glass_70_ede4d4_1x400.png HTTP/1.1" 304 -
58.39.169.76 - - [04/Nov/2022:08:44:58 +0800] "GET /xingrg/images/yd/bt.gif HTTP/1.1" 404 1040
222.70.183.206 - - [04/Nov/2022:08:44:59 +0800] "GET /xingrg/all/function/internal_message.html?_=1667522875964&CODE_STATE=getMsg HTTP/1.1" 200 27
116.238.139.35 - - [04/Nov/2022:08:44:59 +0800] "GET /xingrg/check_reg.html?_=1667522635337 HTTP/1.1" 200 22
116.238.139.35 - - [04/Nov/2022:08:44:59 +0800] "GET /xingrg/all/function/internal_message.html?_=1667522635901&CODE_STATE=getMsg HTTP/1.1" 200 27
58.39.169.76 - - [04/Nov/2022:08:45:01 +0800] "GET /xingrg/kc/buy/cgsh_order_list.html HTTP/1.1" 200 53417
58.39.169.76 - - [04/Nov/2022:08:45:01 +0800] "GET /xingrg/css/base.css HTTP/1.1" 304 -
58.39.169.76 - - [04/Nov/2022:08:45:01 +0800] "GET /xingrg/css/site.css HTTP/1.1" 304 -
58.39.169.76 - - [04/Nov/2022:08:45:01 +0800] "GET /xingrg/javascript/jquery_tools/datebox.css HTTP/1.1" 304 -
58.39.169.76 - - [04/Nov/2022:08:45:01 +0800] "GET /xingrg/javascript/easyui/themes/default/easyui.css HTTP/1.1" 304 -
58.39.169.76 - - [04/Nov/2022:08:45:01 +0800] "GET /xingrg/javascript/easyui/themes/icon.css HTTP/1.1" 304 -
58.39.169.76 - - [04/Nov/2022:08:45:01 +0800] "GET /xingrg/javascript/auto/jquery.autocomplete.css HTTP/1.1" 304 -
58.39.169.76 - - [04/Nov/2022:08:45:01 +0800] "GET /xingrg/javascript/jquery_tools/fix.css HTTP/1.1" 304 -
58.39.169.76 - - [04/Nov/2022:08:45:01 +0800] "GET /xingrg/javascript/jquery_tools/table.css HTTP/1.1" 304 -
58.39.169.76 - - [04/Nov/2022:08:45:01 +0800] "GET /xingrg/javascript/jquery_tools/jquery.tools.min.js HTTP/1.1" 304 -
58.39.169.76 - - [04/Nov/2022:08:45:01 +0800] "GET /xingrg/javascript/jquery_tools/jquery.tools.extend.js HTTP/1.1" 304 -
58.39.169.76 - - [04/Nov/2022:08:45:01 +0800] "GET /xingrg/javascript/jquery_tools/jquery.tools.hotkey.js HTTP/1.1" 304 -
58.39.169.76 - - [04/Nov/2022:08:45:01 +0800] "GET /xingrg/javascript/jquery_tools/jquery.tools.table.js HTTP/1.1" 304 -
58.39.169.76 - - [04/Nov/2022:08:45:01 +0800] "GET /xingrg/javascript/jquery_tools/list_manager.js HTTP/1.1" 304 -
58.39.169.76 - - [04/Nov/2022:08:45:01 +0800] "GET /xingrg/javascript/auto/jquery.autocomplete.js HTTP/1.1" 304 -
58.39.169.76 - - [04/Nov/2022:08:45:01 +0800] "GET /xingrg/javascript/easyui/easyloader.js HTTP/1.1" 304 -
58.39.169.76 - - [04/Nov/2022:08:45:01 +0800] "GET /xingrg/javascript/jquery.cookie.js HTTP/1.1" 304 -
58.39.169.76 - - [04/Nov/2022:08:45:01 +0800] "GET /xingrg/javascript/print/LodopFuncs.js HTTP/1.1" 304 -
58.39.169.76 - - [04/Nov/2022:08:45:03 +0800] "GET /xingrg/javascript/easyui/themes/icons/edit_add_new.png HTTP/1.1" 304 -
58.39.169.76 - - [04/Nov/2022:08:45:03 +0800] "GET /xingrg/javascript/easyui/themes/icons/cance_new.png HTTP/1.1" 304 -
58.39.169.76 - - [04/Nov/2022:08:45:03 +0800] "GET /xingrg/javascript/easyui/themes/icons/check_new.png HTTP/1.1" 304 -
58.39.169.76 - - [04/Nov/2022:08:45:03 +0800] "GET /xingrg/javascript/easyui/themes/icons/field_new.png HTTP/1.1" 304 -
58.39.169.76 - - [04/Nov/2022:08:45:03 +0800] "GET /xingrg/javascript/easyui/themes/icons/import_new.png HTTP/1.1" 304 -
58.39.169.76 - - [04/Nov/2022:08:45:03 +0800] "GET /xingrg/javascript/easyui/plugins/jquery.parser.js HTTP/1.1" 304 -
58.39.169.76 - - [04/Nov/2022:08:45:03 +0800] "GET /xingrg/images/control/ajaxLoader.gif HTTP/1.1" 304 -
58.39.169.76 - - [04/Nov/2022:08:45:03 +0800] "GET /favicon.ico HTTP/1.1" 404 -
58.39.169.76 - - [04/Nov/2022:08:45:04 +0800] "POST /xingrg/kc/buy/cgsh_list_operate.html HTTP/1.1" 200 986
222.70.183.206 - - [04/Nov/2022:08:45:04 +0800] "GET /xingrg/kc/buy/cgsh_order_operate.html?command=get_materiel&rest_code=00111&code=00101011005&supplier_code=00100037&order_time=2022-11-04 HTTP/1.1" 200 428
116.230.105.139 - - [04/Nov/2022:08:45:05 +0800] "GET /xingrg/kc/buy/cgsh_order_operate.html?command=get_materiel&rest_code=00155&code=00101008125&supplier_code=00100005&order_time=2022-11-04 HTTP/1.1" 200 413
180.162.229.95 - - [04/Nov/2022:08:45:07 +0800] "GET /xingrg/all/function/internal_message.html?_=1667522717350&CODE_STATE=getMsg HTTP/1.1" 200 27
58.39.169.76 - - [04/Nov/2022:08:45:08 +0800] "GET /xingrg/kc/buy/cgsh_order_list.html HTTP/1.1" 200 53417
58.39.169.76 - - [04/Nov/2022:08:45:09 +0800] "POST /xingrg/kc/buy/cgsh_list_operate.html HTTP/1.1" 200 986
58.39.169.76 - - [04/Nov/2022:08:45:11 +0800] "GET /xingrg/javascript/easyui/themes/default/images/button_plain_hover.png HTTP/1.1" 304 -
116.230.105.139 - - [04/Nov/2022:08:45:12 +0800] "GET /xingrg/kc/buy/cgsh_order_operate.html?command=get_materiel&rest_code=00155&code=00101008041&supplier_code=00100005&order_time=2022-11-04 HTTP/1.1" 200 408
58.39.169.76 - - [04/Nov/2022:08:45:12 +0800] "GET /xingrg/kc/buy/cgsh_order_add.html HTTP/1.1" 200 69280
58.39.169.76 - - [04/Nov/2022:08:45:12 +0800] "GET /xingrg/javascript/jquery_tools/order_manager.js HTTP/1.1" 304 -
58.39.169.76 - - [04/Nov/2022:08:45:12 +0800] "GET /xingrg/javascript/convert.js HTTP/1.1" 304 -
58.39.169.76 - - [04/Nov/2022:08:45:12 +0800] "GET /xingrg/javascript/json2.js HTTP/1.1" 304 -
58.39.169.76 - - [04/Nov/2022:08:45:12 +0800] "GET /xingrg/javascript/print/kc_print.js HTTP/1.1" 304 -
58.39.169.76 - - [04/Nov/2022:08:45:12 +0800] "GET /xingrg/words/20221103130635_words.js HTTP/1.1" 200 929965
58.39.169.76 - - [04/Nov/2022:08:45:13 +0800] "GET /xingrg/javascript/easyui/themes/icons/copy_new.png HTTP/1.1" 304 -
58.39.169.76 - - [04/Nov/2022:08:45:13 +0800] "GET /xingrg/javascript/easyui/themes/icons/template_new.png HTTP/1.1" 304 -
58.39.169.76 - - [04/Nov/2022:08:45:13 +0800] "GET /xingrg/javascript/easyui/themes/icons/ok.png HTTP/1.1" 304 -
58.39.169.76 - - [04/Nov/2022:08:45:13 +0800] "GET /xingrg/javascript/easyui/themes/icons/print.png HTTP/1.1" 304 -
58.39.169.76 - - [04/Nov/2022:08:45:13 +0800] "GET /xingrg/javascript/easyui/themes/default/images/menu_downarrow.png HTTP/1.1" 304 -
58.39.169.76 - - [04/Nov/2022:08:45:13 +0800] "GET /xingrg/javascript/easyui/themes/icons/cancel.png HTTP/1.1" 304 -
58.39.169.76 - - [04/Nov/2022:08:45:13 +0800] "POST /xingrg/kc/buy/cgsh_order_operate.html HTTP/1.1" 200 8245
58.39.169.76 - - [04/Nov/2022:08:45:13 +0800] "GET /xingrg/all/common/auto_word.html?type=employee&rest_code=00105 HTTP/1.1" 200 193
58.39.169.76 - - [04/Nov/2022:08:45:13 +0800] "GET /xingrg/javascript/easyui/themes/default/validatebox.css HTTP/1.1" 404 1104
58.39.169.76 - - [04/Nov/2022:08:45:13 +0800] "GET /xingrg/all/common/auto_word.html?type=employee&rest_code=00105 HTTP/1.1" 200 193
58.39.169.76 - - [04/Nov/2022:08:45:13 +0800] "GET /xingrg/javascript/easyui/plugins/jquery.validatebox.js HTTP/1.1" 304 -
58.39.169.76 - - [04/Nov/2022:08:45:13 +0800] "GET /xingrg/javascript/easyui/plugins/jquery.numberbox.js HTTP/1.1" 304 -
58.39.169.76 - - [04/Nov/2022:08:45:13 +0800] "GET /xingrg/javascript/easyui/themes/icons/edit_remove.png HTTP/1.1" 304 -
222.70.183.206 - - [04/Nov/2022:08:45:15 +0800] "GET /xingrg/kc/buy/cgsh_order_operate.html?command=get_materiel&rest_code=00111&code=00101009118&supplier_code=00100037&order_time=2022-11-04 HTTP/1.1" 200 424
116.230.105.139 - - [04/Nov/2022:08:45:16 +0800] "POST /xingrg/kc/buy/cgsh_order_operate.html HTTP/1.1" 200 2065
58.39.169.76 - - [04/Nov/2022:08:45:18 +0800] "GET /xingrg/javascript/auto/indicator.gif HTTP/1.1" 404 1066
180.169.147.146 - - [04/Nov/2022:08:45:19 +0800] "GET /xingrg/check_reg.html?_=1667522728087 HTTP/1.1" 200 22
180.169.147.146 - - [04/Nov/2022:08:45:23 +0800] "GET /xingrg/all/function/internal_message.html?_=1667522731119&CODE_STATE=getMsg HTTP/1.1" 200 27
114.84.81.136 - - [04/Nov/2022:08:45:24 +0800] "GET /xingrg/all/function/internal_message.html?_=1667522733542&CODE_STATE=getMsg HTTP/1.1" 200 27
222.70.183.206 - - [04/Nov/2022:08:45:28 +0800] "GET /xingrg/kc/buy/cgsh_order_operate.html?command=get_materiel&rest_code=00111&code=00101016105&supplier_code=00100037&order_time=2022-11-04 HTTP/1.1" 200 409
116.230.105.139 - - [04/Nov/2022:08:45:30 +0800] "POST /xingrg/kc/buy/cgsh_order_operate.html HTTP/1.1" 200 37
116.230.105.139 - - [04/Nov/2022:08:45:32 +0800] "POST /xingrg/kc/buy/cgsh_order_operate.html HTTP/1.1" 200 28107
116.230.105.139 - - [04/Nov/2022:08:45:33 +0800] "GET /xingrg/kc/print/load_config.html?kc_code=cgsh HTTP/1.1" 200 1943
116.230.105.139 - - [04/Nov/2022:08:45:33 +0800] "GET /xingrg/kc/print/load_data.html?order_code=212022110400901&kc_code=cgsh&condition= HTTP/1.1" 200 10364
222.70.183.206 - - [04/Nov/2022:08:45:35 +0800] "GET /xingrg/kc/buy/cgsh_order_operate.html?command=get_materiel&rest_code=00111&code=00101012025&supplier_code=00100037&order_time=2022-11-04 HTTP/1.1" 200 412
58.39.169.76 - - [04/Nov/2022:08:45:35 +0800] "GET /xingrg/kc/buy/cgsh_order_operate.html?command=get_materiel&rest_code=00105&code=00101016030&supplier_code=00100034&order_time=2022-11-04 HTTP/1.1" 200 412
218.81.217.29 - - [04/Nov/2022:08:45:35 +0800] "GET /xingrg/check_reg.html?_=1667522762405 HTTP/1.1" 200 22
218.81.217.29 - - [04/Nov/2022:08:45:38 +0800] "GET /xingrg/all/function/internal_message.html?_=1667522765115&CODE_STATE=getMsg HTTP/1.1" 200 27
222.70.183.206 - - [04/Nov/2022:08:45:40 +0800] "GET /xingrg/all/function/internal_message.html?_=1667522747411&CODE_STATE=getMsg HTTP/1.1" 200 27
116.230.105.139 - - [04/Nov/2022:08:45:41 +0800] "GET /xingrg/all/function/internal_message.html?_=1667522699639&CODE_STATE=getMsg HTTP/1.1" 200 27
116.230.105.139 - - [04/Nov/2022:08:45:42 +0800] "GET /xingrg/kc/print/load_data.html?order_code=212022110400901&kc_code=cgsh HTTP/1.1" 200 10364
180.169.147.146 - - [04/Nov/2022:08:45:43 +0800] "GET /xingrg/check_reg.html?_=1667522752562 HTTP/1.1" 200 22
180.169.147.146 - - [04/Nov/2022:08:45:43 +0800] "GET /xingrg/all/function/internal_message.html?_=1667522752563&CODE_STATE=getMsg HTTP/1.1" 200 27
172.20.0.100 - - [04/Nov/2022:08:45:49 +0800] "GET /xingrg/check_reg.html?_=1667522756697 HTTP/1.1" 302 -
222.70.183.206 - - [04/Nov/2022:08:45:49 +0800] "GET /xingrg/kc/buy/cgsh_order_operate.html?command=get_materiel&rest_code=00111&code=00101007095&supplier_code=00100037&order_time=2022-11-04 HTTP/1.1" 200 415
101.229.170.33 - - [04/Nov/2022:08:45:50 +0800] "GET /xingrg/all/function/internal_message.html?_=1667522765301&CODE_STATE=getMsg HTTP/1.1" 200 27
58.39.169.76 - - [04/Nov/2022:08:45:55 +0800] "GET /xingrg/all/function/internal_message.html?_=1667522615124&CODE_STATE=getMsg HTTP/1.1" 200 27
58.39.169.76 - - [04/Nov/2022:08:45:56 +0800] "GET /xingrg/kc/buy/cgsh_order_operate.html?command=get_materiel&rest_code=00105&code=00101016057&supplier_code=00100034&order_time=2022-11-04 HTTP/1.1" 200 408
116.238.139.35 - - [04/Nov/2022:08:45:58 +0800] "GET /xingrg/kc/buy/cgsh_order_add.html HTTP/1.1" 200 69210
116.238.139.35 - - [04/Nov/2022:08:45:58 +0800] "POST /xingrg/kc/buy/cgsh_order_operate.html HTTP/1.1" 200 8245
116.238.139.35 - - [04/Nov/2022:08:45:58 +0800] "GET /xingrg/javascript/easyui/themes/default/validatebox.css HTTP/1.1" 404 1104
222.70.183.206 - - [04/Nov/2022:08:45:59 +0800] "GET /xingrg/all/function/internal_message.html?_=1667522935959&CODE_STATE=getMsg HTTP/1.1" 200 27
116.238.139.35 - - [04/Nov/2022:08:46:00 +0800] "GET /xingrg/all/function/internal_message.html?_=1667522696008&CODE_STATE=getMsg HTTP/1.1" 200 27
180.162.229.95 - - [04/Nov/2022:08:46:07 +0800] "GET /xingrg/all/function/internal_message.html?_=1667522777348&CODE_STATE=getMsg HTTP/1.1" 200 27
180.162.229.95 - - [04/Nov/2022:08:46:08 +0800] "GET /xingrg/kc/buy/cgsh_order_operate.html?command=get_materiel&rest_code=00102&code=00101018011&supplier_code=00100096&order_time=2022-11-04 HTTP/1.1" 200 413
116.238.139.35 - - [04/Nov/2022:08:46:08 +0800] "GET /xingrg/kc/buy/cgsh_order_operate.html?command=get_materiel&rest_code=00150&code=00101008027&supplier_code=00100008&order_time=2022-11-04 HTTP/1.1" 200 408
222.70.183.206 - - [04/Nov/2022:08:46:09 +0800] "GET /xingrg/kc/buy/cgsh_order_operate.html?command=get_materiel&rest_code=00111&code=00101019670&supplier_code=00100037&order_time=2022-11-04 HTTP/1.1" 200 435
116.230.105.139 - - [04/Nov/2022:08:46:15 +0800] "GET /xingrg/kc/buy/cgsh_order_add.html HTTP/1.1" 200 69204
116.230.105.139 - - [04/Nov/2022:08:46:16 +0800] "GET /xingrg/javascript/easyui/themes/default/validatebox.css HTTP/1.1" 404 1104
116.230.105.139 - - [04/Nov/2022:08:46:16 +0800] "POST /xingrg/kc/buy/cgsh_order_operate.html HTTP/1.1" 200 8245
222.70.183.206 - - [04/Nov/2022:08:46:19 +0800] "GET /xingrg/kc/buy/cgsh_order_operate.html?command=get_materiel&rest_code=00111&code=00101006006&supplier_code=00100037&order_time=2022-11-04 HTTP/1.1" 200 409
180.162.229.95 - - [04/Nov/2022:08:46:20 +0800] "GET /xingrg/kc/buy/cgsh_order_operate.html?command=get_materiel&rest_code=00102&code=00101006067&supplier_code=00100096&order_time=2022-11-04 HTTP/1.1" 200 409
180.169.147.146 - - [04/Nov/2022:08:46:22 +0800] "GET /xingrg/all/function/internal_message.html?_=1667522791101&CODE_STATE=getMsg HTTP/1.1" 200 27
222.70.183.206 - - [04/Nov/2022:08:46:23 +0800] "POST /xingrg/kc/buy/cgsh_order_operate.html HTTP/1.1" 200 2065
114.84.81.136 - - [04/Nov/2022:08:46:24 +0800] "GET /xingrg/all/function/internal_message.html?_=1667522793528&CODE_STATE=getMsg HTTP/1.1" 200 27
116.230.105.139 - - [04/Nov/2022:08:46:28 +0800] "GET /xingrg/kc/buy/cgsh_order_operate.html?command=get_materiel&rest_code=00155&code=00101007125&supplier_code=00100002&order_time=2022-11-04 HTTP/1.1" 200 406
222.70.183.206 - - [04/Nov/2022:08:46:29 +0800] "GET /xingrg/kc/buy/cgsh_order_operate.html?command=get_materiel&rest_code=00111&code=00101019498&supplier_code=00100037&order_time=2022-11-04 HTTP/1.1" 200 454
180.162.229.95 - - [04/Nov/2022:08:46:31 +0800] "GET /xingrg/kc/buy/cgsh_order_operate.html?command=get_materiel&rest_code=00102&code=00101012025&supplier_code=00100096&order_time=2022-11-04 HTTP/1.1" 200 412
116.230.105.139 - - [04/Nov/2022:08:46:38 +0800] "GET /xingrg/kc/buy/cgsh_order_operate.html?command=get_materiel&rest_code=00155&code=00101007072&supplier_code=00100002&order_time=2022-11-04 HTTP/1.1" 200 413
218.81.217.29 - - [04/Nov/2022:08:46:38 +0800] "GET /xingrg/all/function/internal_message.html?_=1667522825128&CODE_STATE=getMsg HTTP/1.1" 200 27
116.238.139.35 - - [04/Nov/2022:08:46:38 +0800] "GET /xingrg/kc/buy/cgsh_order_operate.html?command=get_materiel&rest_code=00150&code=00101008037&supplier_code=00100008&order_time=2022-11-04 HTTP/1.1" 200 413
222.70.183.206 - - [04/Nov/2022:08:46:40 +0800] "GET /xingrg/all/function/internal_message.html?_=1667522807414&CODE_STATE=getMsg HTTP/1.1" 200 27
116.230.105.139 - - [04/Nov/2022:08:46:42 +0800] "GET /xingrg/all/function/internal_message.html?_=1667522759668&CODE_STATE=getMsg HTTP/1.1" 200 27
116.230.105.139 - - [04/Nov/2022:08:46:42 +0800] "GET /xingrg/check_reg.html?_=1667522759673 HTTP/1.1" 200 22
180.169.147.146 - - [04/Nov/2022:08:46:43 +0800] "GET /xingrg/all/function/internal_message.html?_=1667522812563&CODE_STATE=getMsg HTTP/1.1" 200 27
116.230.105.139 - - [04/Nov/2022:08:46:47 +0800] "GET /xingrg/kc/buy/cgsh_order_operate.html?command=get_materiel&rest_code=00155&code=00101007032&supplier_code=00100002&order_time=2022-11-04 HTTP/1.1" 200 413
101.229.170.33 - - [04/Nov/2022:08:46:50 +0800] "GET /xingrg/all/function/internal_message.html?_=1667522825301&CODE_STATE=getMsg HTTP/1.1" 200 27
116.238.139.35 - - [04/Nov/2022:08:46:54 +0800] "GET /xingrg/kc/buy/cgsh_order_operate.html?command=get_materiel&rest_code=00150&code=00101008257&supplier_code=00100008&order_time=2022-11-04 HTTP/1.1" 200 416
58.39.169.76 - - [04/Nov/2022:08:46:55 +0800] "GET /xingrg/all/function/internal_message.html?_=1667522675123&CODE_STATE=getMsg HTTP/1.1" 200 27
116.230.105.139 - - [04/Nov/2022:08:46:55 +0800] "GET /xingrg/kc/buy/cgsh_order_operate.html?command=get_materiel&rest_code=00155&code=00101007071&supplier_code=00100002&order_time=2022-11-04 HTTP/1.1" 200 417
222.70.183.206 - - [04/Nov/2022:08:46:59 +0800] "GET /xingrg/all/function/internal_message.html?_=1667522995964&CODE_STATE=getMsg HTTP/1.1" 200 27
222.70.183.206 - - [04/Nov/2022:08:46:59 +0800] "GET /xingrg/check_reg.html?_=1667522995966 HTTP/1.1" 200 22
116.238.139.35 - - [04/Nov/2022:08:47:00 +0800] "GET /xingrg/all/function/internal_message.html?_=1667522756071&CODE_STATE=getMsg HTTP/1.1" 200 27
58.39.169.76 - - [04/Nov/2022:08:47:00 +0800] "GET /xingrg/kc/buy/cgsh_order_operate.html?command=get_materiel&rest_code=00105&code=00101012029&supplier_code=00100034&order_time=2022-11-04 HTTP/1.1" 200 414
116.238.139.35 - - [04/Nov/2022:08:47:02 +0800] "GET /xingrg/kc/buy/cgsh_order_operate.html?command=get_materiel&rest_code=00150&code=00101008156&supplier_code=00100008&order_time=2022-11-04 HTTP/1.1" 200 414
180.162.229.95 - - [04/Nov/2022:08:47:03 +0800] "GET /xingrg/kc/buy/cgsh_order_operate.html?command=get_materiel&rest_code=00102&code=00101006129&supplier_code=00100096&order_time=2022-11-04 HTTP/1.1" 200 431
180.162.229.95 - - [04/Nov/2022:08:47:07 +0800] "GET /xingrg/all/function/internal_message.html?_=1667522837346&CODE_STATE=getMsg HTTP/1.1" 200 27
116.230.105.139 - - [04/Nov/2022:08:47:08 +0800] "POST /xingrg/kc/buy/cgsh_order_operate.html HTTP/1.1" 200 37
222.70.183.206 - - [04/Nov/2022:08:47:08 +0800] "POST /xingrg/kc/buy/cgsh_order_operate.html HTTP/1.1" 200 88
116.230.105.139 - - [04/Nov/2022:08:47:09 +0800] "POST /xingrg/kc/buy/cgsh_order_operate.html HTTP/1.1" 200 4433
116.230.105.139 - - [04/Nov/2022:08:47:10 +0800] "GET /xingrg/kc/print/load_data.html?order_code=212022110400902&kc_code=cgsh&condition= HTTP/1.1" 200 1434
222.70.183.206 - - [04/Nov/2022:08:47:13 +0800] "POST /xingrg/kc/buy/cgsh_order_operate.html HTTP/1.1" 200 37
116.230.105.139 - - [04/Nov/2022:08:47:14 +0800] "GET /xingrg/kc/print/load_data.html?order_code=212022110400902&kc_code=cgsh HTTP/1.1" 200 1434
222.70.183.206 - - [04/Nov/2022:08:47:15 +0800] "POST /xingrg/kc/buy/cgsh_order_operate.html HTTP/1.1" 200 13941
222.70.183.206 - - [04/Nov/2022:08:47:20 +0800] "POST /xingrg/kc/buy/cgsh_order_operate.html HTTP/1.1" 200 37
116.238.139.35 - - [04/Nov/2022:08:47:22 +0800] "GET /xingrg/kc/buy/cgsh_order_operate.html?command=get_materiel&rest_code=00150&code=00101008080&supplier_code=00100008&order_time=2022-11-04 HTTP/1.1" 200 416
180.169.147.146 - - [04/Nov/2022:08:47:22 +0800] "GET /xingrg/all/function/internal_message.html?_=1667522851081&CODE_STATE=getMsg HTTP/1.1" 200 27
222.70.183.206 - - [04/Nov/2022:08:47:23 +0800] "POST /xingrg/kc/buy/cgsh_order_operate.html HTTP/1.1" 200 12
114.84.81.136 - - [04/Nov/2022:08:47:24 +0800] "GET /xingrg/all/function/internal_message.html?_=1667522853499&CODE_STATE=getMsg HTTP/1.1" 200 27
222.70.183.206 - - [04/Nov/2022:08:47:24 +0800] "GET /xingrg/kc/buy/cgsh_order_info.html?code=212022110400904 HTTP/1.1" 200 64059
222.70.183.206 - - [04/Nov/2022:08:47:25 +0800] "GET /xingrg/javascript/easyui/themes/default/validatebox.css HTTP/1.1" 404 1104
222.70.183.206 - - [04/Nov/2022:08:47:26 +0800] "POST /xingrg/kc/buy/cgsh_order_operate.html HTTP/1.1" 200 11885
222.70.183.206 - - [04/Nov/2022:08:47:27 +0800] "GET /xingrg/kc/print/load_config.html?kc_code=cgsh HTTP/1.1" 200 1943
222.70.183.206 - - [04/Nov/2022:08:47:27 +0800] "GET /xingrg/kc/print/load_data.html?order_code=212022110400904&kc_code=cgsh&condition= HTTP/1.1" 200 5033
116.238.139.35 - - [04/Nov/2022:08:47:32 +0800] "GET /xingrg/kc/buy/cgsh_order_operate.html?command=get_materiel&rest_code=00150&code=00101008331&supplier_code=00100008&order_time=2022-11-04 HTTP/1.1" 200 416
114.84.81.136 - - [04/Nov/2022:08:47:35 +0800] "GET /xingrg/check_reg.html?_=1667522865014 HTTP/1.1" 200 22
116.230.105.139 - - [04/Nov/2022:08:47:37 +0800] "GET /xingrg/kc/buy/cgsh_order_add.html HTTP/1.1" 200 69204
116.230.105.139 - - [04/Nov/2022:08:47:38 +0800] "POST /xingrg/kc/buy/cgsh_order_operate.html HTTP/1.1" 200 8245
116.230.105.139 - - [04/Nov/2022:08:47:38 +0800] "GET /xingrg/javascript/easyui/themes/default/validatebox.css HTTP/1.1" 404 1104
218.81.217.29 - - [04/Nov/2022:08:47:38 +0800] "GET /xingrg/all/function/internal_message.html?_=1667522885142&CODE_STATE=getMsg HTTP/1.1" 200 27
222.70.183.206 - - [04/Nov/2022:08:47:40 +0800] "GET /xingrg/check_reg.html?_=1667522867415 HTTP/1.1" 200 22
222.70.183.206 - - [04/Nov/2022:08:47:40 +0800] "GET /xingrg/all/function/internal_message.html?_=1667522867419&CODE_STATE=getMsg HTTP/1.1" 200 27
116.230.105.139 - - [04/Nov/2022:08:47:42 +0800] "GET /xingrg/all/function/internal_message.html?_=1667522819731&CODE_STATE=getMsg HTTP/1.1" 200 27
58.39.169.76 - - [04/Nov/2022:08:47:42 +0800] "GET /xingrg/kc/buy/cgsh_order_operate.html?command=get_materiel&rest_code=00105&code=00101012039&supplier_code=00100034&order_time=2022-11-04 HTTP/1.1" 200 408
116.238.139.35 - - [04/Nov/2022:08:47:43 +0800] "GET /xingrg/kc/buy/cgsh_order_operate.html?command=get_materiel&rest_code=00150&code=00101008350&supplier_code=00100008&order_time=2022-11-04 HTTP/1.1" 200 408
180.169.147.146 - - [04/Nov/2022:08:47:43 +0800] "GET /xingrg/all/function/internal_message.html?_=1667522872559&CODE_STATE=getMsg HTTP/1.1" 200 27
116.230.105.139 - - [04/Nov/2022:08:47:48 +0800] "GET /xingrg/kc/buy/cgsh_order_operate.html?command=get_materiel&rest_code=00155&code=00101006055&supplier_code=00100012&order_time=2022-11-04 HTTP/1.1" 200 409
101.229.170.33 - - [04/Nov/2022:08:47:50 +0800] "GET /xingrg/all/function/internal_message.html?_=1667522885300&CODE_STATE=getMsg HTTP/1.1" 200 27
101.229.170.33 - - [04/Nov/2022:08:47:50 +0800] "GET /xingrg/check_reg.html?_=1667522885302 HTTP/1.1" 200 22
180.162.229.95 - - [04/Nov/2022:08:47:53 +0800] "GET /xingrg/kc/buy/cgsh_order_operate.html?command=get_materiel&rest_code=00102&code=00101006184&supplier_code=00100096&order_time=2022-11-04 HTTP/1.1" 200 410
58.39.169.76 - - [04/Nov/2022:08:47:55 +0800] "GET /xingrg/all/function/internal_message.html?_=1667522735117&CODE_STATE=getMsg HTTP/1.1" 200 27
222.70.183.206 - - [04/Nov/2022:08:47:59 +0800] "GET /xingrg/all/function/internal_message.html?_=1667523055954&CODE_STATE=getMsg HTTP/1.1" 200 27
116.238.139.35 - - [04/Nov/2022:08:48:00 +0800] "GET /xingrg/all/function/internal_message.html?_=1667522816098&CODE_STATE=getMsg HTTP/1.1" 200 27
116.238.139.35 - - [04/Nov/2022:08:48:03 +0800] "GET /xingrg/kc/buy/cgsh_order_operate.html?command=get_materiel&rest_code=00150&code=00101008612&supplier_code=00100008&order_time=2022-11-04 HTTP/1.1" 200 420
116.230.105.139 - - [04/Nov/2022:08:48:05 +0800] "GET /xingrg/kc/buy/cgsh_order_operate.html?command=get_materiel&rest_code=00155&code=00101006071&supplier_code=00100012&order_time=2022-11-04 HTTP/1.1" 200 409
180.162.229.95 - - [04/Nov/2022:08:48:07 +0800] "GET /xingrg/check_reg.html?_=1667522897348 HTTP/1.1" 200 22
180.162.229.95 - - [04/Nov/2022:08:48:07 +0800] "GET /xingrg/all/function/internal_message.html?_=1667522897350&CODE_STATE=getMsg HTTP/1.1" 200 27
58.39.169.76 - - [04/Nov/2022:08:48:08 +0800] "POST /xingrg/kc/buy/cgsh_order_operate.html HTTP/1.1" 200 37
58.39.169.76 - - [04/Nov/2022:08:48:10 +0800] "POST /xingrg/kc/buy/cgsh_order_operate.html HTTP/1.1" 200 5018
58.39.169.76 - - [04/Nov/2022:08:48:17 +0800] "GET /xingrg/kc/print/load_config.html?kc_code=cgsh HTTP/1.1" 200 1943
58.39.169.76 - - [04/Nov/2022:08:48:17 +0800] "GET /xingrg/kc/print/load_data.html?order_code=212022110400905&kc_code=cgsh&condition= HTTP/1.1" 200 1612
180.162.229.95 - - [04/Nov/2022:08:48:20 +0800] "GET /xingrg/kc/buy/cgsh_order_operate.html?command=get_materiel&rest_code=00102&code=00101007077&supplier_code=00100096&order_time=2022-11-04 HTTP/1.1" 200 415
180.169.147.146 - - [04/Nov/2022:08:48:22 +0800] "GET /xingrg/all/function/internal_message.html?_=1667522911071&CODE_STATE=getMsg HTTP/1.1" 200 27
116.238.139.35 - - [04/Nov/2022:08:48:23 +0800] "GET /xingrg/kc/buy/cgsh_order_operate.html?command=get_materiel&rest_code=00150&code=00101008308&supplier_code=00100008&order_time=2022-11-04 HTTP/1.1" 200 420
114.84.81.136 - - [04/Nov/2022:08:48:24 +0800] "GET /xingrg/all/function/internal_message.html?_=1667522913471&CODE_STATE=getMsg HTTP/1.1" 200 27
180.162.229.95 - - [04/Nov/2022:08:48:31 +0800] "GET /xingrg/kc/buy/cgsh_order_operate.html?command=get_materiel&rest_code=00102&code=00101012029&supplier_code=00100096&order_time=2022-11-04 HTTP/1.1" 200 414
116.238.139.35 - - [04/Nov/2022:08:48:33 +0800] "GET /xingrg/kc/buy/cgsh_order_operate.html?command=get_materiel&rest_code=00150&code=00101008096&supplier_code=00100008&order_time=2022-11-04 HTTP/1.1" 200 412
218.81.217.29 - - [04/Nov/2022:08:48:38 +0800] "GET /xingrg/all/function/internal_message.html?_=1667522945218&CODE_STATE=getMsg HTTP/1.1" 200 27
222.70.183.206 - - [04/Nov/2022:08:48:40 +0800] "GET /xingrg/all/function/internal_message.html?_=1667522927412&CODE_STATE=getMsg HTTP/1.1" 200 27
116.238.139.35 - - [04/Nov/2022:08:48:41 +0800] "GET /xingrg/kc/buy/cgsh_order_operate.html?command=get_materiel&rest_code=00150&code=00101008221&supplier_code=00100008&order_time=2022-11-04 HTTP/1.1" 200 412
116.230.105.139 - - [04/Nov/2022:08:48:42 +0800] "GET /xingrg/all/function/internal_message.html?_=1667522879726&CODE_STATE=getMsg HTTP/1.1" 200 27
180.169.147.146 - - [04/Nov/2022:08:48:43 +0800] "GET /xingrg/all/function/internal_message.html?_=1667522932562&CODE_STATE=getMsg HTTP/1.1" 200 27
116.230.105.139 - - [04/Nov/2022:08:48:49 +0800] "GET /xingrg/kc/buy/cgsh_order_operate.html?command=get_materiel&rest_code=00155&code=00101006123&supplier_code=00100012&order_time=2022-11-04 HTTP/1.1" 200 409
116.238.139.35 - - [04/Nov/2022:08:48:49 +0800] "GET /xingrg/kc/buy/cgsh_order_operate.html?command=get_materiel&rest_code=00150&code=00101008088&supplier_code=00100008&order_time=2022-11-04 HTTP/1.1" 200 408
101.229.170.33 - - [04/Nov/2022:08:48:50 +0800] "GET /xingrg/all/function/internal_message.html?_=1667522945301&CODE_STATE=getMsg HTTP/1.1" 200 27
58.39.169.76 - - [04/Nov/2022:08:48:55 +0800] "GET /xingrg/all/function/internal_message.html?_=1667522795126&CODE_STATE=getMsg HTTP/1.1" 200 27
116.238.139.35 - - [04/Nov/2022:08:48:58 +0800] "GET /xingrg/kc/buy/cgsh_order_operate.html?command=get_materiel&rest_code=00150&code=00101008019&supplier_code=00100008&order_time=2022-11-04 HTTP/1.1" 200 416
222.70.183.206 - - [04/Nov/2022:08:48:59 +0800] "GET /xingrg/all/function/internal_message.html?_=1667523115957&CODE_STATE=getMsg HTTP/1.1" 200 27
116.238.139.35 - - [04/Nov/2022:08:49:00 +0800] "GET /xingrg/all/function/internal_message.html?_=1667522876111&CODE_STATE=getMsg HTTP/1.1" 200 27
222.70.183.206 - - [04/Nov/2022:08:49:03 +0800] "POST /xingrg/services/DataTransmitService HTTP/1.1" 200 524
116.230.105.139 - - [04/Nov/2022:08:49:04 +0800] "GET /xingrg/kc/buy/cgsh_order_operate.html?command=get_materiel&rest_code=00155&code=00101006293&supplier_code=00100012&order_time=2022-11-04 HTTP/1.1" 200 430
116.238.139.35 - - [04/Nov/2022:08:49:08 +0800] "GET /xingrg/kc/buy/cgsh_order_operate.html?command=get_materiel&rest_code=00150&code=00101008190&supplier_code=00100008&order_time=2022-11-04 HTTP/1.1" 200 412
116.230.105.139 - - [04/Nov/2022:08:49:16 +0800] "GET /xingrg/kc/buy/cgsh_order_operate.html?command=get_materiel&rest_code=00155&code=00101006074&supplier_code=00100012&order_time=2022-11-04 HTTP/1.1" 200 420
116.238.139.35 - - [04/Nov/2022:08:49:17 +0800] "GET /xingrg/kc/buy/cgsh_order_operate.html?command=get_materiel&rest_code=00150&code=00101008010&supplier_code=00100008&order_time=2022-11-04 HTTP/1.1" 200 412
180.162.229.95 - - [04/Nov/2022:08:49:18 +0800] "GET /xingrg/all/function/internal_message.html?_=1667522968678&CODE_STATE=getMsg HTTP/1.1" 200 27
180.162.229.95 - - [04/Nov/2022:08:49:21 +0800] "POST /xingrg/kc/buy/cgsh_order_operate.html HTTP/1.1" 200 37
180.169.147.146 - - [04/Nov/2022:08:49:22 +0800] "GET /xingrg/all/function/internal_message.html?_=1667522971071&CODE_STATE=getMsg HTTP/1.1" 200 27
114.84.81.136 - - [04/Nov/2022:08:49:24 +0800] "GET /xingrg/all/function/internal_message.html?_=1667522973456&CODE_STATE=getMsg HTTP/1.1" 200 27
116.230.105.139 - - [04/Nov/2022:08:49:24 +0800] "GET /xingrg/kc/buy/cgsh_order_operate.html?command=get_materiel&rest_code=00155&code=00101006168&supplier_code=00100012&order_time=2022-11-04 HTTP/1.1" 200 421
116.238.139.35 - - [04/Nov/2022:08:49:27 +0800] "GET /xingrg/kc/buy/cgsh_order_operate.html?command=get_materiel&rest_code=00150&code=00101008211&supplier_code=00100008&order_time=2022-11-04 HTTP/1.1" 200 412
180.162.229.95 - - [04/Nov/2022:08:49:29 +0800] "POST /xingrg/kc/buy/cgsh_order_operate.html HTTP/1.1" 200 12
180.162.229.95 - - [04/Nov/2022:08:49:33 +0800] "GET /xingrg/kc/buy/cgsh_order_info.html?code=212022110400906 HTTP/1.1" 200 64124
180.162.229.95 - - [04/Nov/2022:08:49:34 +0800] "GET /xingrg/javascript/easyui/themes/default/validatebox.css HTTP/1.1" 404 1104
180.162.229.95 - - [04/Nov/2022:08:49:34 +0800] "POST /xingrg/kc/buy/cgsh_order_operate.html HTTP/1.1" 200 6539
180.162.229.95 - - [04/Nov/2022:08:49:36 +0800] "GET /xingrg/kc/print/load_config.html?kc_code=cgsh HTTP/1.1" 200 1943
180.162.229.95 - - [04/Nov/2022:08:49:36 +0800] "GET /xingrg/kc/print/load_data.html?order_code=212022110400906&kc_code=cgsh&condition= HTTP/1.1" 200 2928
218.81.217.29 - - [04/Nov/2022:08:49:38 +0800] "GET /xingrg/all/function/internal_message.html?_=1667523005232&CODE_STATE=getMsg HTTP/1.1" 200 27
116.230.105.139 - - [04/Nov/2022:08:49:38 +0800] "POST /xingrg/kc/buy/cgsh_order_operate.html HTTP/1.1" 200 37
116.230.105.139 - - [04/Nov/2022:08:49:40 +0800] "POST /xingrg/kc/buy/cgsh_order_operate.html HTTP/1.1" 200 5644
222.70.183.206 - - [04/Nov/2022:08:49:40 +0800] "GET /xingrg/all/function/internal_message.html?_=1667522987418&CODE_STATE=getMsg HTTP/1.1" 200 27
116.230.105.139 - - [04/Nov/2022:08:49:41 +0800] "GET /xingrg/kc/print/load_data.html?order_code=212022110400907&kc_code=cgsh&condition= HTTP/1.1" 200 1921
116.238.139.35 - - [04/Nov/2022:08:49:42 +0800] "GET /xingrg/kc/buy/cgsh_order_operate.html?command=get_materiel&rest_code=00150&code=00101008087&supplier_code=00100008&order_time=2022-11-04 HTTP/1.1" 200 412
116.230.105.139 - - [04/Nov/2022:08:49:43 +0800] "GET /xingrg/all/function/internal_message.html?_=1667522940794&CODE_STATE=getMsg HTTP/1.1" 200 27
180.169.147.146 - - [04/Nov/2022:08:49:43 +0800] "GET /xingrg/all/function/internal_message.html?_=1667522992552&CODE_STATE=getMsg HTTP/1.1" 200 27
116.230.105.139 - - [04/Nov/2022:08:49:45 +0800] "GET /xingrg/kc/print/load_data.html?order_code=212022110400907&kc_code=cgsh HTTP/1.1" 200 1921
101.229.170.33 - - [04/Nov/2022:08:49:50 +0800] "GET /xingrg/all/function/internal_message.html?_=1667523005301&CODE_STATE=getMsg HTTP/1.1" 200 27
116.238.139.35 - - [04/Nov/2022:08:49:54 +0800] "GET /xingrg/kc/buy/cgsh_order_operate.html?command=get_materiel&rest_code=00150&code=00101008264&supplier_code=00100008&order_time=2022-11-04 HTTP/1.1" 200 412
58.39.169.76 - - [04/Nov/2022:08:49:55 +0800] "GET /xingrg/check_reg.html?_=1667522855135 HTTP/1.1" 200 22
58.39.169.76 - - [04/Nov/2022:08:49:55 +0800] "GET /xingrg/all/function/internal_message.html?_=1667522855138&CODE_STATE=getMsg HTTP/1.1" 200 27
222.70.183.206 - - [04/Nov/2022:08:49:59 +0800] "GET /xingrg/all/function/internal_message.html?_=1667523175963&CODE_STATE=getMsg HTTP/1.1" 200 27
116.238.139.35 - - [04/Nov/2022:08:49:59 +0800] "GET /xingrg/check_reg.html?_=1667522935331 HTTP/1.1" 200 22
116.238.139.35 - - [04/Nov/2022:08:50:01 +0800] "GET /xingrg/all/function/internal_message.html?_=1667522937646&CODE_STATE=getMsg HTTP/1.1" 200 27
116.238.139.35 - - [04/Nov/2022:08:50:03 +0800] "POST /xingrg/kc/buy/cgsh_order_operate.html HTTP/1.1" 200 37
116.230.105.139 - - [04/Nov/2022:08:50:04 +0800] "GET /xingrg/kc/buy/cgsh_order_add.html HTTP/1.1" 200 69204
116.230.105.139 - - [04/Nov/2022:08:50:05 +0800] "POST /xingrg/kc/buy/cgsh_order_operate.html HTTP/1.1" 200 8245
116.238.139.35 - - [04/Nov/2022:08:50:05 +0800] "POST /xingrg/kc/buy/cgsh_order_operate.html HTTP/1.1" 200 13943
116.230.105.139 - - [04/Nov/2022:08:50:05 +0800] "GET /xingrg/javascript/easyui/themes/default/validatebox.css HTTP/1.1" 404 1104
116.230.105.139 - - [04/Nov/2022:08:50:13 +0800] "GET /xingrg/kc/buy/cgsh_order_operate.html?command=get_materiel&rest_code=00155&code=00101002027&supplier_code=00100199&order_time=2022-11-04 HTTP/1.1" 200 414
116.238.139.35 - - [04/Nov/2022:08:50:13 +0800] "GET /xingrg/kc/buy/cgsh_order_operate.html?command=get_materiel&rest_code=00150&code=00101008024&supplier_code=00100008&order_time=2022-11-04 HTTP/1.1" 200 408
180.162.229.95 - - [04/Nov/2022:08:50:18 +0800] "GET /xingrg/all/function/internal_message.html?_=1667523028662&CODE_STATE=getMsg HTTP/1.1" 200 27
180.169.147.146 - - [04/Nov/2022:08:50:19 +0800] "GET /xingrg/check_reg.html?_=1667523028068 HTTP/1.1" 200 22
180.169.147.146 - - [04/Nov/2022:08:50:22 +0800] "GET /xingrg/all/function/internal_message.html?_=1667523031041&CODE_STATE=getMsg HTTP/1.1" 200 27
116.230.105.139 - - [04/Nov/2022:08:50:23 +0800] "GET /xingrg/kc/buy/cgsh_order_operate.html?command=get_materiel&rest_code=00155&code=00101002006&supplier_code=00100199&order_time=2022-11-04 HTTP/1.1" 200 414
114.84.81.136 - - [04/Nov/2022:08:50:24 +0800] "GET /xingrg/all/function/internal_message.html?_=1667523033467&CODE_STATE=getMsg HTTP/1.1" 200 27
116.238.139.35 - - [04/Nov/2022:08:50:25 +0800] "GET /xingrg/kc/buy/cgsh_order_operate.html?command=get_materiel&rest_code=00150&code=00101008356&supplier_code=00100008&order_time=2022-11-04 HTTP/1.1" 200 408
116.230.105.139 - - [04/Nov/2022:08:50:30 +0800] "GET /xingrg/kc/buy/cgsh_order_operate.html?command=get_materiel&rest_code=00155&code=00101001125&supplier_code=00100199&order_time=2022-11-04 HTTP/1.1" 200 417
218.81.217.29 - - [04/Nov/2022:08:50:35 +0800] "GET /xingrg/check_reg.html?_=1667523062476 HTTP/1.1" 200 22
116.238.139.35 - - [04/Nov/2022:08:50:36 +0800] "GET /xingrg/kc/buy/cgsh_order_operate.html?command=get_materiel&rest_code=00150&code=00101008411&supplier_code=00100008&order_time=2022-11-04 HTTP/1.1" 200 413
218.81.217.29 - - [04/Nov/2022:08:50:38 +0800] "GET /xingrg/all/function/internal_message.html?_=1667523065246&CODE_STATE=getMsg HTTP/1.1" 200 27
116.230.105.139 - - [04/Nov/2022:08:50:39 +0800] "GET /xingrg/kc/buy/cgsh_order_operate.html?command=get_materiel&rest_code=00155&code=00101003037&supplier_code=00100199&order_time=2022-11-04 HTTP/1.1" 200 417
222.70.183.206 - - [04/Nov/2022:08:50:40 +0800] "GET /xingrg/all/function/internal_message.html?_=1667523047419&CODE_STATE=getMsg HTTP/1.1" 200 27
116.230.105.139 - - [04/Nov/2022:08:50:43 +0800] "GET /xingrg/all/function/internal_message.html?_=1667523000771&CODE_STATE=getMsg HTTP/1.1" 200 27
180.169.147.146 - - [04/Nov/2022:08:50:43 +0800] "GET /xingrg/all/function/internal_message.html?_=1667523052563&CODE_STATE=getMsg HTTP/1.1" 200 27
180.169.147.146 - - [04/Nov/2022:08:50:43 +0800] "GET /xingrg/check_reg.html?_=1667523052565 HTTP/1.1" 200 22
172.20.0.100 - - [04/Nov/2022:08:50:49 +0800] "GET /xingrg/check_reg.html?_=1667523056671 HTTP/1.1" 302 -
116.230.105.139 - - [04/Nov/2022:08:50:49 +0800] "GET /xingrg/kc/buy/cgsh_order_operate.html?command=get_materiel&rest_code=00155&code=00101003035&supplier_code=00100199&order_time=2022-11-04 HTTP/1.1" 200 432
101.229.170.33 - - [04/Nov/2022:08:50:50 +0800] "GET /xingrg/all/function/internal_message.html?_=1667523065301&CODE_STATE=getMsg HTTP/1.1" 200 27
116.238.139.35 - - [04/Nov/2022:08:50:51 +0800] "GET /xingrg/kc/buy/cgsh_order_operate.html?command=get_materiel&rest_code=00150&code=00101008360&supplier_code=00100008&order_time=2022-11-04 HTTP/1.1" 200 413
58.39.169.76 - - [04/Nov/2022:08:50:55 +0800] "GET /xingrg/all/function/internal_message.html?_=1667522915125&CODE_STATE=getMsg HTTP/1.1" 200 27
116.230.105.139 - - [04/Nov/2022:08:50:57 +0800] "GET /xingrg/kc/buy/cgsh_order_operate.html?command=get_materiel&rest_code=00155&code=00101010161&supplier_code=00100199&order_time=2022-11-04 HTTP/1.1" 200 409
222.70.183.206 - - [04/Nov/2022:08:50:59 +0800] "GET /xingrg/all/function/internal_message.html?_=1667523235957&CODE_STATE=getMsg HTTP/1.1" 200 27
116.238.139.35 - - [04/Nov/2022:08:51:01 +0800] "GET /xingrg/all/function/internal_message.html?_=1667522997651&CODE_STATE=getMsg HTTP/1.1" 200 27
116.230.105.139 - - [04/Nov/2022:08:51:10 +0800] "POST /xingrg/kc/buy/cgsh_order_operate.html HTTP/1.1" 200 37
116.230.105.139 - - [04/Nov/2022:08:51:12 +0800] "POST /xingrg/kc/buy/cgsh_order_operate.html HTTP/1.1" 200 5636
116.238.139.35 - - [04/Nov/2022:08:51:13 +0800] "GET /xingrg/kc/buy/cgsh_order_operate.html?command=get_materiel&rest_code=00150&code=00101008077&supplier_code=00100008&order_time=2022-11-04 HTTP/1.1" 200 416
116.230.105.139 - - [04/Nov/2022:08:51:15 +0800] "GET /xingrg/kc/print/load_data.html?order_code=212022110400909&kc_code=cgsh&condition= HTTP/1.1" 200 1820
180.162.229.95 - - [04/Nov/2022:08:51:18 +0800] "GET /xingrg/all/function/internal_message.html?_=1667523088647&CODE_STATE=getMsg HTTP/1.1" 200 27
116.238.139.35 - - [04/Nov/2022:08:51:21 +0800] "POST /xingrg/kc/buy/cgsh_order_operate.html HTTP/1.1" 200 37
116.238.139.35 - - [04/Nov/2022:08:51:22 +0800] "POST /xingrg/kc/buy/cgsh_order_operate.html HTTP/1.1" 200 16905
180.169.147.146 - - [04/Nov/2022:08:51:22 +0800] "GET /xingrg/all/function/internal_message.html?_=1667523091028&CODE_STATE=getMsg HTTP/1.1" 200 27
114.84.81.136 - - [04/Nov/2022:08:51:24 +0800] "GET /xingrg/all/function/internal_message.html?_=1667523093453&CODE_STATE=getMsg HTTP/1.1" 200 27
222.70.183.206 - - [04/Nov/2022:08:51:25 +0800] "GET /xingrg/kc/buy/cgsh_order_add.html HTTP/1.1" 200 69154
222.70.183.206 - - [04/Nov/2022:08:51:25 +0800] "GET /xingrg/javascript/easyui/themes/default/validatebox.css HTTP/1.1" 404 1104
222.70.183.206 - - [04/Nov/2022:08:51:25 +0800] "POST /xingrg/kc/buy/cgsh_order_operate.html HTTP/1.1" 200 8245
222.70.183.206 - - [04/Nov/2022:08:51:38 +0800] "GET /xingrg/kc/buy/cgsh_order_operate.html?command=get_materiel&rest_code=00111&code=00101008261&supplier_code=00100005&order_time=2022-11-04 HTTP/1.1" 200 408
218.81.217.29 - - [04/Nov/2022:08:51:38 +0800] "GET /xingrg/all/function/internal_message.html?_=1667523125260&CODE_STATE=getMsg HTTP/1.1" 200 27
222.70.183.206 - - [04/Nov/2022:08:51:40 +0800] "GET /xingrg/all/function/internal_message.html?_=1667523107414&CODE_STATE=getMsg HTTP/1.1" 200 27
116.238.139.35 - - [04/Nov/2022:08:51:41 +0800] "GET /xingrg/kc/buy/cgsh_order_operate.html?command=get_materiel&rest_code=00150&code=00101008136&supplier_code=00100008&order_time=2022-11-04 HTTP/1.1" 200 413
