58.39.169.76 - - [04/Nov/2022:10:38:18 +0800] "GET /xingrg/kc/buy/cgsh_order_operate.html?command=get_materiel&rest_code=00105&code=00102006555&supplier_code=00100203&order_time=2022-11-04 HTTP/1.1" 200 405
222.70.183.206 - - [04/Nov/2022:10:38:18 +0800] "POST /xingrg/kc/buy/cgsh_list_operate.html HTTP/1.1" 200 986
180.169.147.146 - - [04/Nov/2022:10:38:19 +0800] "GET /xingrg/all/function/internal_message.html?_=1667529501832&CODE_STATE=getMsg HTTP/1.1" 200 27
180.162.229.95 - - [04/Nov/2022:10:38:19 +0800] "POST /xingrg/dwr/call/plaincall/AjaxReportQueryService.refreshCache.dwr HTTP/1.1" 200 78
180.169.147.146 - - [04/Nov/2022:10:38:20 +0800] "GET /xingrg/all/function/internal_message.html?_=1667529509760&CODE_STATE=getMsg HTTP/1.1" 200 27
180.162.229.95 - - [04/Nov/2022:10:38:20 +0800] "POST /xingrg/all/report/load_report_page.html HTTP/1.1" 200 89
180.169.147.146 - - [04/Nov/2022:10:38:21 +0800] "GET /xingrg/all/function/internal_message.html?_=1667529509340&CODE_STATE=getMsg HTTP/1.1" 200 27
114.84.81.136 - - [04/Nov/2022:10:38:22 +0800] "GET /xingrg/all/function/internal_message.html?_=1667529511591&CODE_STATE=getMsg HTTP/1.1" 200 27
180.162.229.95 - - [04/Nov/2022:10:38:28 +0800] "POST /xingrg/dwr/call/plaincall/AjaxReportQueryService.refreshCache.dwr HTTP/1.1" 200 78
222.70.183.206 - - [04/Nov/2022:10:38:28 +0800] "POST /xingrg/kc/buy/cgsh_list_operate.html HTTP/1.1" 200 11313
180.162.229.95 - - [04/Nov/2022:10:38:29 +0800] "POST /xingrg/all/report/load_report_page.html HTTP/1.1" 200 8916
180.162.229.95 - - [04/Nov/2022:10:38:29 +0800] "GET /xingrg/servlets/image?cache=0.853627624788712&image=px HTTP/1.1" 200 807
180.162.229.95 - - [04/Nov/2022:10:38:30 +0800] "GET /xingrg/all/report/report_query.html?isQuery=1&fileName=kc/buy/wlcg_cate_hz.xml&queryString=(CONVERT(char(10)%252Ca.order_time%252C%2520120)%253E%253D'2022-10-01')%2520and%2520(CONVERT(char(10)%252Ca.order_time%252C%2520120)%253C%253D'2022-10-31')%2520and%2520(a.supplier_code%2520in%2520('00100087'))%2520and%2520(a.supplier_code%253D'00100087')&queryText=%25E3%2580%2590%25E9%2587%2587%25E8%25B4%25AD%25E6%2597%25A5%25E6%259C%259F%253A2022-10-01%2520%25E8%2587%25B3%25202022-10-31%25E3%2580%2591%2520%25E5%25B9%25B6%25E4%25B8%2594%2520%2520%25E3%2580%2590%25E4%25BE%259B%25E5%25BA%2594%25E5%2595%2586%2520%253D%2520%25E9%25BE%2599%25E8%2599%25BE%25EF%25BC%2588%25E9%2583%2591%25E6%25B5%25B7%25E6%25BB%25A8%25EF%25BC%2589%25E3%2580%2591%2520%25E5%25B9%25B6%25E4%25B8%2594%2520%25E3%2580%2590%25E4%25BE%259B%25E5%25BA%2594%25E5%2595%2586%253D%25E9%25BE%2599%25E8%2599%25BE%25EF%25BC%2588%25E9%2583%2591%25E6%25B5%25B7%25E6%25BB%25A8%25EF%25BC%2589%25E3%2580%2591 HTTP/1.1" 200 54465
180.162.229.95 - - [04/Nov/2022:10:38:30 +0800] "GET /xingrg/dwr/interface/AjaxReportQueryService.js HTTP/1.1" 200 13203
180.162.229.95 - - [04/Nov/2022:10:38:31 +0800] "GET /xingrg/dwr/engine.js HTTP/1.1" 200 43631
58.39.169.76 - - [04/Nov/2022:10:38:31 +0800] "GET /xingrg/kc/buy/cgsh_order_operate.html?command=get_materiel&rest_code=00105&code=00101008027&supplier_code=00100203&order_time=2022-11-04 HTTP/1.1" 200 408
180.162.229.95 - - [04/Nov/2022:10:38:33 +0800] "POST /xingrg/all/report/load_report_page.html HTTP/1.1" 200 8722
180.162.229.95 - - [04/Nov/2022:10:38:33 +0800] "GET /xingrg/servlets/image?cache=0.12002374432930651&image=px HTTP/1.1" 200 807
180.162.229.95 - - [04/Nov/2022:10:38:35 +0800] "POST /xingrg/all/report/load_report_page.html HTTP/1.1" 200 16457
180.162.229.95 - - [04/Nov/2022:10:38:35 +0800] "GET /xingrg/servlets/image?cache=0.055054682717770254&image=px HTTP/1.1" 200 807
101.83.241.90 - - [04/Nov/2022:10:38:38 +0800] "GET /xingrg/kc/buy/cgsh_order_operate.html?command=get_materiel&rest_code=00149&code=00101030022&supplier_code=00100008&order_time=2022-11-04 HTTP/1.1" 200 410
222.70.183.206 - - [04/Nov/2022:10:38:38 +0800] "POST /xingrg/kc/buy/cgsh_list_operate.html HTTP/1.1" 200 208
180.162.229.95 - - [04/Nov/2022:10:38:38 +0800] "POST /xingrg/all/report/load_report_page.html HTTP/1.1" 200 16429
114.88.159.190 - - [04/Nov/2022:10:38:38 +0800] "GET /xingrg/all/function/internal_message.html?_=1667529524088&CODE_STATE=getMsg HTTP/1.1" 200 27
180.162.229.95 - - [04/Nov/2022:10:38:38 +0800] "GET /xingrg/servlets/image?cache=0.7869485729053058&image=px HTTP/1.1" 200 807
120.253.135.82 - - [04/Nov/2022:10:38:40 +0800] "GET /xingrg/all/function/internal_message.html?_=1667529327848&CODE_STATE=getMsg HTTP/1.1" 200 27
180.162.229.95 - - [04/Nov/2022:10:38:42 +0800] "POST /xingrg/all/report/load_report_page.html HTTP/1.1" 200 16443
180.162.229.95 - - [04/Nov/2022:10:38:42 +0800] "GET /xingrg/servlets/image?cache=0.12038646659594432&image=px HTTP/1.1" 200 807
222.70.183.206 - - [04/Nov/2022:10:38:42 +0800] "POST /xingrg/kc/buy/cgsh_list_operate.html HTTP/1.1" 200 4
218.81.217.29 - - [04/Nov/2022:10:38:42 +0800] "GET /xingrg/all/function/internal_message.html?_=1667529549650&CODE_STATE=getMsg HTTP/1.1" 200 27
180.162.229.95 - - [04/Nov/2022:10:38:44 +0800] "POST /xingrg/all/report/report_print.html HTTP/1.1" 200 5632
101.83.241.90 - - [04/Nov/2022:10:38:46 +0800] "GET /xingrg/kc/buy/cgsh_order_operate.html?command=get_materiel&rest_code=00149&code=00101008439&supplier_code=00100008&order_time=2022-11-04 HTTP/1.1" 200 412
220.250.46.137 - - [04/Nov/2022:10:38:46 +0800] "GET /xingrg/kc/mdqp/qp_main.html HTTP/1.1" 200 10633
222.70.183.206 - - [04/Nov/2022:10:38:46 +0800] "POST /xingrg/kc/buy/cgsh_list_operate.html HTTP/1.1" 200 11288
220.250.46.137 - - [04/Nov/2022:10:38:46 +0800] "GET /xingrg/images/blue/button/qqpsd.gif HTTP/1.1" 200 2548
220.250.46.137 - - [04/Nov/2022:10:38:47 +0800] "GET /xingrg/images/blue/button/pszx.gif HTTP/1.1" 200 2648
220.250.46.137 - - [04/Nov/2022:10:38:47 +0800] "GET /xingrg/images/blue/button/psshd.gif HTTP/1.1" 200 2692
180.162.229.95 - - [04/Nov/2022:10:38:47 +0800] "GET /xingrg/all/function/internal_message.html?_=1667529534314&CODE_STATE=getMsg HTTP/1.1" 200 27
220.250.46.137 - - [04/Nov/2022:10:38:50 +0800] "GET /xingrg/kc/mdqp/qqps_order_list.html HTTP/1.1" 200 9222
220.250.46.137 - - [04/Nov/2022:10:38:50 +0800] "GET /xingrg/dwr/util.js HTTP/1.1" 304 -
220.250.46.137 - - [04/Nov/2022:10:38:50 +0800] "GET /xingrg/dwr/interface/AjaxReportQueryService.js HTTP/1.1" 200 13203
220.250.46.137 - - [04/Nov/2022:10:38:50 +0800] "GET /xingrg/dwr/interface/AjaxQqpsService.js HTTP/1.1" 200 16326
220.250.46.137 - - [04/Nov/2022:10:38:50 +0800] "GET /xingrg/dwr/engine.js HTTP/1.1" 200 43631
101.229.170.33 - - [04/Nov/2022:10:38:50 +0800] "GET /xingrg/all/function/internal_message.html?_=1667529545365&CODE_STATE=getMsg HTTP/1.1" 200 27
220.250.46.137 - - [04/Nov/2022:10:38:50 +0800] "GET /xingrg/javascript/jquery_easy_ui/themes/icons/uncheck_new.png HTTP/1.1" 200 3197
220.250.46.137 - - [04/Nov/2022:10:38:50 +0800] "GET /xingrg/javascript/jquery_easy_ui/themes/icons/edit_add_new.png HTTP/1.1" 200 2997
222.70.183.206 - - [04/Nov/2022:10:38:52 +0800] "GET /xingrg/all/function/internal_message.html?_=1667529538717&CODE_STATE=getMsg HTTP/1.1" 200 27
220.250.46.137 - - [04/Nov/2022:10:38:52 +0800] "GET /xingrg/kc/mdqp/qqps_order_add.html HTTP/1.1" 200 26102
220.250.46.137 - - [04/Nov/2022:10:38:52 +0800] "GET /xingrg/dwr/interface/AjaxQqpsService.js HTTP/1.1" 200 16326
220.250.46.137 - - [04/Nov/2022:10:38:52 +0800] "GET /xingrg/javascript/Grid.js HTTP/1.1" 200 58908
220.250.46.137 - - [04/Nov/2022:10:38:52 +0800] "GET /xingrg/javascript/tools/jquery.qtip-1.0.0-rc3.min.js HTTP/1.1" 200 38404
220.250.46.137 - - [04/Nov/2022:10:38:52 +0800] "GET /xingrg/dwr/interface/AjaxComOrderService.js HTTP/1.1" 200 18264
220.250.46.137 - - [04/Nov/2022:10:38:52 +0800] "GET /xingrg/dwr/engine.js HTTP/1.1" 200 43631
116.235.93.82 - - [04/Nov/2022:10:38:52 +0800] "POST /xingrg/services/DataTransmitService HTTP/1.1" 200 524
220.250.46.137 - - [04/Nov/2022:10:38:52 +0800] "GET /xingrg/words/20221103130635_words.js HTTP/1.1" 200 929965
220.250.46.137 - - [04/Nov/2022:10:38:53 +0800] "GET /xingrg/javascript/jquery_easy_ui/themes/icons/ok.png HTTP/1.1" 200 883
220.250.46.137 - - [04/Nov/2022:10:38:53 +0800] "GET /xingrg/javascript/jquery_easy_ui/themes/icons/template_new.png HTTP/1.1" 200 3956
220.250.46.137 - - [04/Nov/2022:10:38:53 +0800] "GET /xingrg/javascript/jquery_easy_ui/themes/icons/copy_new.png HTTP/1.1" 200 815
116.235.93.82 - - [04/Nov/2022:10:38:53 +0800] "POST /xingrg/services/DataTransmitService HTTP/1.1" 200 2407
116.235.93.82 - - [04/Nov/2022:10:38:54 +0800] "POST /xingrg/services/DataTransmitService HTTP/1.1" 200 183091
58.39.169.76 - - [04/Nov/2022:10:38:55 +0800] "GET /xingrg/all/function/internal_message.html?_=1667529395285&CODE_STATE=getMsg HTTP/1.1" 200 27
222.70.183.206 - - [04/Nov/2022:10:38:55 +0800] "GET /xingrg/all/function/internal_message.html?_=1667529712184&CODE_STATE=getMsg HTTP/1.1" 200 27
220.250.46.137 - - [04/Nov/2022:10:38:55 +0800] "GET /xingrg/images/blue/button/kc_tab_add.gif HTTP/1.1" 200 375
220.250.46.137 - - [04/Nov/2022:10:38:55 +0800] "GET /xingrg/images/blue/button/kc_tab_edit.gif HTTP/1.1" 200 551
220.250.46.137 - - [04/Nov/2022:10:38:55 +0800] "GET /xingrg/images/blue/button/kc_tab_save.gif HTTP/1.1" 200 777
220.250.46.137 - - [04/Nov/2022:10:38:55 +0800] "GET /xingrg/images/blue/button/kc_tab_del.gif HTTP/1.1" 200 383
101.83.241.90 - - [04/Nov/2022:10:38:55 +0800] "GET /xingrg/kc/buy/cgsh_order_operate.html?command=get_materiel&rest_code=00149&code=00101008355&supplier_code=00100008&order_time=2022-11-04 HTTP/1.1" 200 408
220.250.46.137 - - [04/Nov/2022:10:38:55 +0800] "GET /xingrg/images/blue/kc_tab_left.gif HTTP/1.1" 200 188
220.250.46.137 - - [04/Nov/2022:10:38:55 +0800] "GET /xingrg/images/blue/kc_tab_mid.gif HTTP/1.1" 200 44
220.250.46.137 - - [04/Nov/2022:10:38:55 +0800] "GET /xingrg/images/blue/kc_tab_right.gif HTTP/1.1" 200 643
220.250.46.137 - - [04/Nov/2022:10:38:55 +0800] "GET /xingrg/images/blue/kc_tab2_left.gif HTTP/1.1" 200 625
220.250.46.137 - - [04/Nov/2022:10:38:55 +0800] "GET /xingrg/images/blue/kc_tab2_right.gif HTTP/1.1" 200 192
220.250.46.137 - - [04/Nov/2022:10:38:56 +0800] "GET /xingrg/all/function/internal_message.html?_=1667529545349&CODE_STATE=getMsg HTTP/1.1" 200 27
101.83.241.90 - - [04/Nov/2022:10:39:01 +0800] "GET /xingrg/all/function/internal_message.html?_=1667529547530&CODE_STATE=getMsg HTTP/1.1" 200 27
180.162.229.95 - - [04/Nov/2022:10:39:03 +0800] "GET /xingrg/all/function/internal_message.html?_=1667529553840&CODE_STATE=getMsg HTTP/1.1" 200 27
172.20.0.100 - - [04/Nov/2022:10:39:08 +0800] "GET /xingrg/all/function/internal_message.html?_=1667529555750&CODE_STATE=getMsg HTTP/1.1" 200 27
116.238.139.35 - - [04/Nov/2022:10:39:09 +0800] "GET /xingrg/all/function/internal_message.html?_=1667529485537&CODE_STATE=getMsg HTTP/1.1" 200 27
180.162.229.95 - - [04/Nov/2022:10:39:09 +0800] "POST /xingrg/dwr/call/plaincall/AjaxReportQueryService.refreshCache.dwr HTTP/1.1" 200 78
180.162.229.95 - - [04/Nov/2022:10:39:10 +0800] "POST /xingrg/all/report/load_report_page.html HTTP/1.1" 200 8940
180.162.229.95 - - [04/Nov/2022:10:39:10 +0800] "GET /xingrg/servlets/image?cache=0.04982846841170119&image=px HTTP/1.1" 200 807
180.162.229.95 - - [04/Nov/2022:10:39:11 +0800] "GET /xingrg/all/report/report_query.html?isQuery=1&fileName=kc/buy/wlcg_cate_hz.xml&queryString=(CONVERT(char(10)%252Ca.order_time%252C%2520120)%253E%253D'2022-10-01')%2520and%2520(CONVERT(char(10)%252Ca.order_time%252C%2520120)%253C%253D'2022-10-31')%2520and%2520(a.supplier_code%2520in%2520('00100088'))%2520and%2520(a.supplier_code%253D'00100088')&queryText=%25E3%2580%2590%25E9%2587%2587%25E8%25B4%25AD%25E6%2597%25A5%25E6%259C%259F%253A2022-10-01%2520%25E8%2587%25B3%25202022-10-31%25E3%2580%2591%2520%25E5%25B9%25B6%25E4%25B8%2594%2520%2520%25E3%2580%2590%25E4%25BE%259B%25E5%25BA%2594%25E5%2595%2586%2520%253D%2520%25E6%25A2%25AD%25E5%25AD%2590%25E8%259F%25B9%25EF%25BC%2588%25E6%259D%258E%25E5%25AE%2589%25E6%25B9%2598%25EF%25BC%2589%25E3%2580%2591%2520%25E5%25B9%25B6%25E4%25B8%2594%2520%25E3%2580%2590%25E4%25BE%259B%25E5%25BA%2594%25E5%2595%2586%253D%25E6%25A2%25AD%25E5%25AD%2590%25E8%259F%25B9%25EF%25BC%2588%25E6%259D%258E%25E5%25AE%2589%25E6%25B9%2598%25EF%25BC%2589%25E3%2580%2591 HTTP/1.1" 200 54473
180.162.229.95 - - [04/Nov/2022:10:39:11 +0800] "GET /xingrg/dwr/interface/AjaxReportQueryService.js HTTP/1.1" 200 13203
180.162.229.95 - - [04/Nov/2022:10:39:11 +0800] "GET /xingrg/dwr/engine.js HTTP/1.1" 200 43631
116.230.105.139 - - [04/Nov/2022:10:39:12 +0800] "GET /xingrg/all/function/internal_message.html?_=1667529510096&CODE_STATE=getMsg HTTP/1.1" 200 27
114.83.219.57 - - [04/Nov/2022:10:39:13 +0800] "GET /xingrg/all/function/internal_message.html?_=1667529673904&CODE_STATE=getMsg HTTP/1.1" 200 27
180.162.229.95 - - [04/Nov/2022:10:39:13 +0800] "POST /xingrg/all/report/load_report_page.html HTTP/1.1" 200 8719
180.162.229.95 - - [04/Nov/2022:10:39:13 +0800] "GET /xingrg/servlets/image?cache=0.07318760621093756&image=px HTTP/1.1" 200 807
180.162.229.95 - - [04/Nov/2022:10:39:17 +0800] "GET /xingrg/all/function/internal_message.html?_=1667529567111&CODE_STATE=getMsg HTTP/1.1" 200 27
116.235.93.82 - - [04/Nov/2022:10:39:17 +0800] "GET /xingrg/all/function/internal_message.html?_=1667529778627&CODE_STATE=getMsg HTTP/1.1" 200 27
180.169.147.146 - - [04/Nov/2022:10:39:19 +0800] "GET /xingrg/all/function/internal_message.html?_=1667529561833&CODE_STATE=getMsg HTTP/1.1" 200 27
180.169.147.146 - - [04/Nov/2022:10:39:20 +0800] "GET /xingrg/check_reg.html?_=1667529569759 HTTP/1.1" 200 22
180.169.147.146 - - [04/Nov/2022:10:39:20 +0800] "GET /xingrg/all/function/internal_message.html?_=1667529569760&CODE_STATE=getMsg HTTP/1.1" 200 27
180.169.147.146 - - [04/Nov/2022:10:39:21 +0800] "GET /xingrg/all/function/internal_message.html?_=1667529569328&CODE_STATE=getMsg HTTP/1.1" 200 27
114.84.81.136 - - [04/Nov/2022:10:39:22 +0800] "GET /xingrg/all/function/internal_message.html?_=1667529571566&CODE_STATE=getMsg HTTP/1.1" 200 27
101.83.241.90 - - [04/Nov/2022:10:39:30 +0800] "GET /xingrg/kc/buy/cgsh_order_operate.html?command=get_materiel&rest_code=00149&code=00101008264&supplier_code=00100008&order_time=2022-11-04 HTTP/1.1" 200 412
101.83.241.90 - - [04/Nov/2022:10:39:33 +0800] "POST /xingrg/kc/buy/cgsh_order_operate.html HTTP/1.1" 200 2065
180.162.229.95 - - [04/Nov/2022:10:39:34 +0800] "POST /xingrg/all/report/load_report_page.html HTTP/1.1" 200 13041
180.162.229.95 - - [04/Nov/2022:10:39:34 +0800] "GET /xingrg/servlets/image?cache=0.4826045467148007&image=px HTTP/1.1" 200 807
58.39.169.76 - - [04/Nov/2022:10:39:38 +0800] "GET /xingrg/kc/buy/cgsh_order_operate.html?command=get_materiel&rest_code=00105&code=00101008055&supplier_code=00100203&order_time=2022-11-04 HTTP/1.1" 200 409
114.88.159.190 - - [04/Nov/2022:10:39:38 +0800] "GET /xingrg/all/function/internal_message.html?_=1667529584069&CODE_STATE=getMsg HTTP/1.1" 200 27
101.83.241.90 - - [04/Nov/2022:10:39:39 +0800] "GET /xingrg/kc/buy/cgsh_order_operate.html?command=get_materiel&rest_code=00149&code=00101008360&supplier_code=00100008&order_time=2022-11-04 HTTP/1.1" 200 413
120.253.135.82 - - [04/Nov/2022:10:39:40 +0800] "GET /xingrg/all/function/internal_message.html?_=1667529387862&CODE_STATE=getMsg HTTP/1.1" 200 27
218.81.217.29 - - [04/Nov/2022:10:39:42 +0800] "GET /xingrg/all/function/internal_message.html?_=1667529609660&CODE_STATE=getMsg HTTP/1.1" 200 27
180.162.229.95 - - [04/Nov/2022:10:39:44 +0800] "POST /xingrg/all/report/report_print.html HTTP/1.1" 200 5632
180.162.229.95 - - [04/Nov/2022:10:39:47 +0800] "GET /xingrg/all/function/internal_message.html?_=1667529594315&CODE_STATE=getMsg HTTP/1.1" 200 27
101.229.170.33 - - [04/Nov/2022:10:39:50 +0800] "GET /xingrg/all/function/internal_message.html?_=1667529605367&CODE_STATE=getMsg HTTP/1.1" 200 27
222.70.183.206 - - [04/Nov/2022:10:39:52 +0800] "GET /xingrg/all/function/internal_message.html?_=1667529598717&CODE_STATE=getMsg HTTP/1.1" 200 27
222.70.183.206 - - [04/Nov/2022:10:39:52 +0800] "GET /xingrg/check_reg.html?_=1667529769288 HTTP/1.1" 200 22
222.70.183.206 - - [04/Nov/2022:10:39:55 +0800] "GET /xingrg/all/function/internal_message.html?_=1667529772167&CODE_STATE=getMsg HTTP/1.1" 200 27
58.39.169.76 - - [04/Nov/2022:10:39:55 +0800] "GET /xingrg/all/function/internal_message.html?_=1667529455287&CODE_STATE=getMsg HTTP/1.1" 200 27
58.39.169.76 - - [04/Nov/2022:10:39:55 +0800] "GET /xingrg/check_reg.html?_=1667529455291 HTTP/1.1" 200 22
120.253.135.82 - - [04/Nov/2022:10:39:55 +0800] "GET /xingrg/kc/report/report_main.html HTTP/1.1" 200 8599
220.250.46.137 - - [04/Nov/2022:10:39:56 +0800] "GET /xingrg/all/function/internal_message.html?_=1667529605367&CODE_STATE=getMsg HTTP/1.1" 200 27
120.253.135.82 - - [04/Nov/2022:10:39:57 +0800] "GET /xingrg/kc/base/kc_stocks.html HTTP/1.1" 200 16458
120.253.135.82 - - [04/Nov/2022:10:39:57 +0800] "GET /xingrg/javascript/easyui/themes/default/tree.css HTTP/1.1" 404 1090
120.253.135.82 - - [04/Nov/2022:10:39:57 +0800] "POST /xingrg/all/common/load_tree.html?tree=materiel_sort_tree_json HTTP/1.1" 200 9500
120.253.135.82 - - [04/Nov/2022:10:39:58 +0800] "POST /xingrg/all/common/load_combo.html?type=base HTTP/1.1" 200 1169
101.83.241.90 - - [04/Nov/2022:10:40:01 +0800] "GET /xingrg/all/function/internal_message.html?_=1667529607531&CODE_STATE=getMsg HTTP/1.1" 200 27
180.162.229.95 - - [04/Nov/2022:10:40:03 +0800] "GET /xingrg/all/function/internal_message.html?_=1667529613854&CODE_STATE=getMsg HTTP/1.1" 200 27
124.78.153.35 - - [04/Nov/2022:10:40:04 +0800] "GET /xingrg/login.html?r=1 HTTP/1.1" 200 7641
124.78.153.35 - - [04/Nov/2022:10:40:05 +0800] "GET /favicon.ico HTTP/1.1" 404 -
172.20.0.100 - - [04/Nov/2022:10:40:08 +0800] "GET /xingrg/all/function/internal_message.html?_=1667529615753&CODE_STATE=getMsg HTTP/1.1" 200 27
124.78.153.35 - - [04/Nov/2022:10:40:08 +0800] "POST /xingrg/login.do HTTP/1.1" 302 -
124.78.153.35 - - [04/Nov/2022:10:40:08 +0800] "GET /xingrg/index.html?sysBaseUrl=http%3A%2F%2F180.169.147.146%3A18081%2Fxingrg%2F&costTime=42×tamp=1667529608311 HTTP/1.1" 200 17173
124.78.153.35 - - [04/Nov/2022:10:40:08 +0800] "GET /favicon.ico HTTP/1.1" 404 -
124.78.153.35 - - [04/Nov/2022:10:40:08 +0800] "POST /xingrg/all/common/load_tree.html?tree=area_rest_tree_json&manage=1 HTTP/1.1" 200 342
124.78.153.35 - - [04/Nov/2022:10:40:08 +0800] "GET /xingrg/all/function/internal_message.html?_=1667529619706&CODE_STATE=count HTTP/1.1" 200 11
124.78.153.35 - - [04/Nov/2022:10:40:08 +0800] "GET /xingrg/check_reg.html?_=1667529619708 HTTP/1.1" 200 22
124.78.153.35 - - [04/Nov/2022:10:40:08 +0800] "POST /xingrg/load_menu.html HTTP/1.1" 200 5138
120.253.135.82 - - [04/Nov/2022:10:40:08 +0800] "POST /xingrg/kc/base/stock_operate.html HTTP/1.1" 200 1468
116.238.139.35 - - [04/Nov/2022:10:40:09 +0800] "GET /xingrg/all/function/internal_message.html?_=1667529545544&CODE_STATE=getMsg HTTP/1.1" 200 27
58.39.169.76 - - [04/Nov/2022:10:40:12 +0800] "GET /xingrg/kc/buy/cgsh_order_operate.html?command=get_materiel&rest_code=00105&code=00101008403&supplier_code=00100203&order_time=2022-11-04 HTTP/1.1" 200 412
116.230.105.139 - - [04/Nov/2022:10:40:12 +0800] "GET /xingrg/all/function/internal_message.html?_=1667529570086&CODE_STATE=getMsg HTTP/1.1" 200 27
124.78.153.35 - - [04/Nov/2022:10:40:12 +0800] "GET /xingrg/kc/base/base_main.html HTTP/1.1" 200 12142
114.83.219.57 - - [04/Nov/2022:10:40:13 +0800] "GET /xingrg/all/function/internal_message.html?_=1667529733891&CODE_STATE=getMsg HTTP/1.1" 200 27
124.78.153.35 - - [04/Nov/2022:10:40:17 +0800] "GET /xingrg/kc/buy/buy_main.html HTTP/1.1" 200 12412
124.78.153.35 - - [04/Nov/2022:10:40:17 +0800] "GET /xingrg/css/new_ie.css HTTP/1.1" 404 1036
180.162.229.95 - - [04/Nov/2022:10:40:17 +0800] "GET /xingrg/all/function/internal_message.html?_=1667529627101&CODE_STATE=getMsg HTTP/1.1" 200 27
116.235.93.82 - - [04/Nov/2022:10:40:17 +0800] "GET /xingrg/all/function/internal_message.html?_=1667529838627&CODE_STATE=getMsg HTTP/1.1" 200 27
124.78.153.35 - - [04/Nov/2022:10:40:18 +0800] "GET /xingrg/images/yd/bt.gif HTTP/1.1" 404 1040
124.78.153.35 - - [04/Nov/2022:10:40:19 +0800] "GET /xingrg/kc/buy/cgsh_order_list.html HTTP/1.1" 200 53417
101.83.241.90 - - [04/Nov/2022:10:40:19 +0800] "GET /xingrg/kc/buy/cgsh_order_operate.html?command=get_materiel&rest_code=00149&code=00101008024&supplier_code=00100008&order_time=2022-11-04 HTTP/1.1" 200 408
180.169.147.146 - - [04/Nov/2022:10:40:19 +0800] "GET /xingrg/all/function/internal_message.html?_=1667529621841&CODE_STATE=getMsg HTTP/1.1" 200 27
180.169.147.146 - - [04/Nov/2022:10:40:19 +0800] "GET /xingrg/check_reg.html?_=1667529627723 HTTP/1.1" 200 22
124.78.153.35 - - [04/Nov/2022:10:40:20 +0800] "POST /xingrg/kc/buy/cgsh_list_operate.html HTTP/1.1" 200 986
180.169.147.146 - - [04/Nov/2022:10:40:20 +0800] "GET /xingrg/all/function/internal_message.html?_=1667529629761&CODE_STATE=getMsg HTTP/1.1" 200 27
180.169.147.146 - - [04/Nov/2022:10:40:21 +0800] "GET /xingrg/all/function/internal_message.html?_=1667529629307&CODE_STATE=getMsg HTTP/1.1" 200 27
124.78.153.35 - - [04/Nov/2022:10:40:22 +0800] "GET /xingrg/kc/buy/cgsh_order_add.html HTTP/1.1" 200 69192
124.78.153.35 - - [04/Nov/2022:10:40:22 +0800] "GET /xingrg/words/20221103130635_words.js HTTP/1.1" 304 -
124.78.153.35 - - [04/Nov/2022:10:40:22 +0800] "POST /xingrg/kc/buy/cgsh_order_operate.html HTTP/1.1" 200 8245
124.78.153.35 - - [04/Nov/2022:10:40:22 +0800] "GET /xingrg/all/common/auto_word.html?type=employee&rest_code=00106 HTTP/1.1" 200 205
124.78.153.35 - - [04/Nov/2022:10:40:22 +0800] "GET /xingrg/javascript/easyui/themes/default/validatebox.css HTTP/1.1" 404 1104
124.78.153.35 - - [04/Nov/2022:10:40:22 +0800] "GET /xingrg/all/common/auto_word.html?type=employee&rest_code=00106 HTTP/1.1" 200 205
114.84.81.136 - - [04/Nov/2022:10:40:22 +0800] "GET /xingrg/all/function/internal_message.html?_=1667529631569&CODE_STATE=getMsg HTTP/1.1" 200 27
120.253.135.82 - - [04/Nov/2022:10:40:23 +0800] "POST /xingrg/kc/base/stock_operate.html HTTP/1.1" 200 1481
124.78.153.35 - - [04/Nov/2022:10:40:24 +0800] "GET /xingrg/javascript/easyui/themes/default/tree.css HTTP/1.1" 404 1090
124.78.153.35 - - [04/Nov/2022:10:40:24 +0800] "POST /xingrg/all/common/load_tree.html?tree=supplier_tree_json&isDelete=1 HTTP/1.1" 200 69742
120.253.135.82 - - [04/Nov/2022:10:40:24 +0800] "GET /xingrg/check_reg.html?_=1667529432030 HTTP/1.1" 200 22
114.88.159.190 - - [04/Nov/2022:10:40:26 +0800] "GET /xingrg/check_reg.html?_=1667529631463 HTTP/1.1" 200 22
101.83.241.90 - - [04/Nov/2022:10:40:34 +0800] "GET /xingrg/kc/buy/cgsh_order_operate.html?command=get_materiel&rest_code=00149&code=00101008356&supplier_code=00100008&order_time=2022-11-04 HTTP/1.1" 200 408
114.88.159.190 - - [04/Nov/2022:10:40:38 +0800] "GET /xingrg/all/function/internal_message.html?_=1667529644049&CODE_STATE=getMsg HTTP/1.1" 200 27
120.253.135.82 - - [04/Nov/2022:10:40:40 +0800] "GET /xingrg/all/function/internal_message.html?_=1667529447876&CODE_STATE=getMsg HTTP/1.1" 200 27
58.39.169.76 - - [04/Nov/2022:10:40:40 +0800] "POST /xingrg/kc/buy/cgsh_order_operate.html HTTP/1.1" 200 2065
218.81.217.29 - - [04/Nov/2022:10:40:41 +0800] "GET /xingrg/check_reg.html?_=1667529668346 HTTP/1.1" 200 22
218.81.217.29 - - [04/Nov/2022:10:40:42 +0800] "GET /xingrg/all/function/internal_message.html?_=1667529669673&CODE_STATE=getMsg HTTP/1.1" 200 27
222.70.183.206 - - [04/Nov/2022:10:40:43 +0800] "GET /xingrg/kc/base/check_order_list.html HTTP/1.1" 200 16446
222.70.183.206 - - [04/Nov/2022:10:40:43 +0800] "POST /xingrg/kc/base/check_list_operate.html HTTP/1.1" 200 1566
101.83.241.90 - - [04/Nov/2022:10:40:44 +0800] "GET /xingrg/kc/buy/cgsh_order_operate.html?command=get_materiel&rest_code=00149&code=00101008300&supplier_code=00100008&order_time=2022-11-04 HTTP/1.1" 200 412
180.162.229.95 - - [04/Nov/2022:10:40:44 +0800] "POST /xingrg/dwr/call/plaincall/AjaxReportQueryService.refreshCache.dwr HTTP/1.1" 200 78
222.70.183.206 - - [04/Nov/2022:10:40:45 +0800] "GET /xingrg/kc/base/check_order_info.html?code=452022103100323 HTTP/1.1" 200 26557
222.70.183.206 - - [04/Nov/2022:10:40:45 +0800] "GET /xingrg/dwr/interface/AjaxComOrderService.js HTTP/1.1" 200 18264
222.70.183.206 - - [04/Nov/2022:10:40:45 +0800] "GET /xingrg/dwr/interface/AjaxCheckService.js HTTP/1.1" 200 14003
222.70.183.206 - - [04/Nov/2022:10:40:45 +0800] "GET /xingrg/dwr/engine.js HTTP/1.1" 200 43631
180.162.229.95 - - [04/Nov/2022:10:40:45 +0800] "POST /xingrg/all/report/load_report_page.html HTTP/1.1" 200 8948
180.162.229.95 - - [04/Nov/2022:10:40:45 +0800] "GET /xingrg/servlets/image?cache=0.9734559058661162&image=px HTTP/1.1" 200 807
180.162.229.95 - - [04/Nov/2022:10:40:45 +0800] "POST /xingrg/kc/base/yddb_list_operate.html HTTP/1.1" 200 212
222.70.183.206 - - [04/Nov/2022:10:40:45 +0800] "POST /xingrg/dwr/call/plaincall/AjaxCheckService.loadOrderItems.dwr HTTP/1.1" 200 107161
124.78.153.35 - - [04/Nov/2022:10:40:46 +0800] "GET /xingrg/javascript/auto/indicator.gif HTTP/1.1" 404 1066
180.162.229.95 - - [04/Nov/2022:10:40:46 +0800] "POST /xingrg/kc/base/yddb_list_operate.html HTTP/1.1" 200 284
180.162.229.95 - - [04/Nov/2022:10:40:46 +0800] "POST /xingrg/kc/base/yddb_list_operate.html HTTP/1.1" 200 503
180.162.229.95 - - [04/Nov/2022:10:40:47 +0800] "POST /xingrg/kc/base/yddb_list_operate.html HTTP/1.1" 200 199
180.162.229.95 - - [04/Nov/2022:10:40:47 +0800] "GET /xingrg/all/report/report_query.html?isQuery=1&fileName=kc/buy/wlcg_cate_hz.xml&queryString=(CONVERT(char(10)%252Ca.order_time%252C%2520120)%253E%253D'2022-10-01')%2520and%2520(CONVERT(char(10)%252Ca.order_time%252C%2520120)%253C%253D'2022-10-31')%2520and%2520(a.supplier_code%2520in%2520('00100090'))%2520and%2520(a.supplier_code%253D'00100090')&queryText=%25E3%2580%2590%25E9%2587%2587%25E8%25B4%25AD%25E6%2597%25A5%25E6%259C%259F%253A2022-10-01%2520%25E8%2587%25B3%25202022-10-31%25E3%2580%2591%2520%25E5%25B9%25B6%25E4%25B8%2594%2520%2520%25E3%2580%2590%25E4%25BE%259B%25E5%25BA%2594%25E5%2595%2586%2520%253D%2520%25E6%25B5%25B7%25E6%2599%25AF%25E6%25B0%25B4%25E4%25BA%25A7%25EF%25BC%2588%25E6%25A2%2581%25E5%25BB%25BA%25E9%2582%25A6%25EF%25BC%2589%25E3%2580%2591%2520%25E5%25B9%25B6%25E4%25B8%2594%2520%25E3%2580%2590%25E4%25BE%259B%25E5%25BA%2594%25E5%2595%2586%253D%25E6%25B5%25B7%25E6%2599%25AF%25E6%25B0%25B4%25E4%25BA%25A7%25EF%25BC%2588%25E6%25A2%2581%25E5%25BB%25BA%25E9%2582%25A6%25EF%25BC%2589%25E3%2580%2591 HTTP/1.1" 200 54481
180.162.229.95 - - [04/Nov/2022:10:40:47 +0800] "GET /xingrg/dwr/interface/AjaxReportQueryService.js HTTP/1.1" 200 13203
180.162.229.95 - - [04/Nov/2022:10:40:47 +0800] "GET /xingrg/dwr/engine.js HTTP/1.1" 200 43631
180.162.229.95 - - [04/Nov/2022:10:40:47 +0800] "GET /xingrg/all/function/internal_message.html?_=1667529654333&CODE_STATE=getMsg HTTP/1.1" 200 27
172.20.0.100 - - [04/Nov/2022:10:40:48 +0800] "GET /xingrg/check_reg.html?_=1667529656111 HTTP/1.1" 302 -
180.162.229.95 - - [04/Nov/2022:10:40:50 +0800] "POST /xingrg/all/report/load_report_page.html HTTP/1.1" 200 8707
180.162.229.95 - - [04/Nov/2022:10:40:50 +0800] "GET /xingrg/servlets/image?cache=0.942179518870341&image=px HTTP/1.1" 200 807
101.229.170.33 - - [04/Nov/2022:10:40:50 +0800] "GET /xingrg/all/function/internal_message.html?_=1667529665365&CODE_STATE=getMsg HTTP/1.1" 200 27
124.78.153.35 - - [04/Nov/2022:10:40:50 +0800] "GET /xingrg/kc/buy/cgsh_order_operate.html?command=get_materiel&rest_code=00106&code=00101029005&supplier_code=00100017&order_time=2022-11-04 HTTP/1.1" 200 435
222.70.183.206 - - [04/Nov/2022:10:40:52 +0800] "GET /xingrg/check_reg.html?_=1667529658718 HTTP/1.1" 200 22
222.70.183.206 - - [04/Nov/2022:10:40:52 +0800] "GET /xingrg/all/function/internal_message.html?_=1667529658720&CODE_STATE=getMsg HTTP/1.1" 200 27
180.162.229.95 - - [04/Nov/2022:10:40:53 +0800] "POST /xingrg/kc/base/yddb_list_operate.html HTTP/1.1" 200 203
180.162.229.95 - - [04/Nov/2022:10:40:53 +0800] "POST /xingrg/all/report/load_report_page.html HTTP/1.1" 200 43409
180.162.229.95 - - [04/Nov/2022:10:40:53 +0800] "GET /xingrg/servlets/image?cache=0.43805522343232284&image=px HTTP/1.1" 200 807
101.83.241.90 - - [04/Nov/2022:10:40:53 +0800] "GET /xingrg/kc/buy/cgsh_order_operate.html?command=get_materiel&rest_code=00149&code=00101008205&supplier_code=00100008&order_time=2022-11-04 HTTP/1.1" 200 412
180.162.229.95 - - [04/Nov/2022:10:40:54 +0800] "POST /xingrg/kc/base/yddb_list_operate.html HTTP/1.1" 200 204
222.70.183.206 - - [04/Nov/2022:10:40:55 +0800] "GET /xingrg/all/function/internal_message.html?_=1667529832144&CODE_STATE=getMsg HTTP/1.1" 200 27
58.39.169.76 - - [04/Nov/2022:10:40:55 +0800] "GET /xingrg/all/function/internal_message.html?_=1667529515284&CODE_STATE=getMsg HTTP/1.1" 200 27
180.162.229.95 - - [04/Nov/2022:10:40:55 +0800] "POST /xingrg/kc/base/yddb_list_operate.html HTTP/1.1" 200 207
220.250.46.137 - - [04/Nov/2022:10:40:56 +0800] "GET /xingrg/all/function/internal_message.html?_=1667529665349&CODE_STATE=getMsg HTTP/1.1" 200 27
180.162.229.95 - - [04/Nov/2022:10:40:58 +0800] "POST /xingrg/all/report/load_report_page.html HTTP/1.1" 200 43381
180.162.229.95 - - [04/Nov/2022:10:40:58 +0800] "GET /xingrg/servlets/image?cache=0.670616845569359&image=px HTTP/1.1" 200 807
101.83.241.90 - - [04/Nov/2022:10:40:59 +0800] "POST /xingrg/kc/buy/cgsh_order_operate.html HTTP/1.1" 200 2065
180.162.229.95 - - [04/Nov/2022:10:41:00 +0800] "POST /xingrg/all/report/load_report_page.html HTTP/1.1" 200 43395
180.162.229.95 - - [04/Nov/2022:10:41:00 +0800] "GET /xingrg/servlets/image?cache=0.5772308240018512&image=px HTTP/1.1" 200 807
101.83.241.90 - - [04/Nov/2022:10:41:01 +0800] "GET /xingrg/all/function/internal_message.html?_=1667529667533&CODE_STATE=getMsg HTTP/1.1" 200 27
101.83.241.90 - - [04/Nov/2022:10:41:01 +0800] "GET /xingrg/check_reg.html?_=1667529667538 HTTP/1.1" 200 22
116.230.105.139 - - [04/Nov/2022:10:41:02 +0800] "GET /favicon.ico HTTP/1.1" 404 -
180.162.229.95 - - [04/Nov/2022:10:41:03 +0800] "GET /xingrg/check_reg.html?_=1667529673832 HTTP/1.1" 200 22
180.162.229.95 - - [04/Nov/2022:10:41:03 +0800] "GET /xingrg/all/function/internal_message.html?_=1667529673834&CODE_STATE=getMsg HTTP/1.1" 200 27
101.83.241.90 - - [04/Nov/2022:10:41:06 +0800] "GET /xingrg/kc/buy/cgsh_order_operate.html?command=get_materiel&rest_code=00149&code=00101008330&supplier_code=00100008&order_time=2022-11-04 HTTP/1.1" 200 408
180.162.229.95 - - [04/Nov/2022:10:41:07 +0800] "POST /xingrg/all/report/report_print.html HTTP/1.1" 200 7168
172.20.0.100 - - [04/Nov/2022:10:41:08 +0800] "GET /xingrg/all/function/internal_message.html?_=1667529675759&CODE_STATE=getMsg HTTP/1.1" 200 27
124.78.153.35 - - [04/Nov/2022:10:41:08 +0800] "GET /xingrg/all/function/internal_message.html?_=1667529679725&CODE_STATE=getMsg HTTP/1.1" 200 27
116.238.139.35 - - [04/Nov/2022:10:41:09 +0800] "GET /xingrg/check_reg.html?_=1667529605316 HTTP/1.1" 200 22
116.238.139.35 - - [04/Nov/2022:10:41:09 +0800] "GET /xingrg/all/function/internal_message.html?_=1667529605557&CODE_STATE=getMsg HTTP/1.1" 200 27
222.70.183.206 - - [04/Nov/2022:10:41:11 +0800] "POST /xingrg/kc/base/check_list_operate.html HTTP/1.1" 200 9149
116.230.105.139 - - [04/Nov/2022:10:41:12 +0800] "GET /xingrg/all/function/internal_message.html?_=1667529630075&CODE_STATE=getMsg HTTP/1.1" 200 27
114.83.219.57 - - [04/Nov/2022:10:41:13 +0800] "GET /xingrg/all/function/internal_message.html?_=1667529793900&CODE_STATE=getMsg HTTP/1.1" 200 27
180.162.229.95 - - [04/Nov/2022:10:41:17 +0800] "GET /xingrg/all/function/internal_message.html?_=1667529687094&CODE_STATE=getMsg HTTP/1.1" 200 27
116.235.93.82 - - [04/Nov/2022:10:41:17 +0800] "GET /xingrg/all/function/internal_message.html?_=1667529898626&CODE_STATE=getMsg HTTP/1.1" 200 27
222.70.183.206 - - [04/Nov/2022:10:41:17 +0800] "GET /xingrg/kc/base/check_order_info.html?code=452022103100424 HTTP/1.1" 200 23120
222.70.183.206 - - [04/Nov/2022:10:41:17 +0800] "GET /xingrg/dwr/interface/AjaxComOrderService.js HTTP/1.1" 200 18264
222.70.183.206 - - [04/Nov/2022:10:41:17 +0800] "GET /xingrg/dwr/interface/AjaxCheckService.js HTTP/1.1" 200 14003
222.70.183.206 - - [04/Nov/2022:10:41:17 +0800] "GET /xingrg/dwr/engine.js HTTP/1.1" 200 43631
222.70.183.206 - - [04/Nov/2022:10:41:17 +0800] "GET /xingrg/javascript/jquery_easy_ui/themes/icons/exam_new.png HTTP/1.1" 200 756
222.70.183.206 - - [04/Nov/2022:10:41:18 +0800] "POST /xingrg/dwr/call/plaincall/AjaxCheckService.loadOrderItems.dwr HTTP/1.1" 200 14376
180.169.147.146 - - [04/Nov/2022:10:41:19 +0800] "GET /xingrg/all/function/internal_message.html?_=1667529681841&CODE_STATE=getMsg HTTP/1.1" 200 27
180.169.147.146 - - [04/Nov/2022:10:41:20 +0800] "GET /xingrg/all/function/internal_message.html?_=1667529689752&CODE_STATE=getMsg HTTP/1.1" 200 27
180.169.147.146 - - [04/Nov/2022:10:41:21 +0800] "GET /xingrg/all/function/internal_message.html?_=1667529689303&CODE_STATE=getMsg HTTP/1.1" 200 27
222.70.183.206 - - [04/Nov/2022:10:41:21 +0800] "GET /xingrg/kc/base/check_order_info.html?code=452022103100327 HTTP/1.1" 200 23120
222.70.183.206 - - [04/Nov/2022:10:41:21 +0800] "GET /xingrg/dwr/interface/AjaxCheckService.js HTTP/1.1" 200 14003
222.70.183.206 - - [04/Nov/2022:10:41:21 +0800] "GET /xingrg/dwr/interface/AjaxComOrderService.js HTTP/1.1" 200 18264
222.70.183.206 - - [04/Nov/2022:10:41:21 +0800] "GET /xingrg/dwr/engine.js HTTP/1.1" 200 43631
114.84.81.136 - - [04/Nov/2022:10:41:22 +0800] "GET /xingrg/all/function/internal_message.html?_=1667529691555&CODE_STATE=getMsg HTTP/1.1" 200 27
222.70.183.206 - - [04/Nov/2022:10:41:22 +0800] "POST /xingrg/dwr/call/plaincall/AjaxCheckService.loadOrderItems.dwr HTTP/1.1" 200 63863
58.39.169.76 - - [04/Nov/2022:10:41:23 +0800] "GET /xingrg/kc/buy/cgsh_order_operate.html?command=get_materiel&rest_code=00105&code=00101008224&supplier_code=00100203&order_time=2022-11-04 HTTP/1.1" 200 416
124.78.153.35 - - [04/Nov/2022:10:41:24 +0800] "GET /xingrg/kc/buy/cgsh_order_operate.html?command=get_materiel&rest_code=00106&code=00101029025&supplier_code=00100017&order_time=2022-11-04 HTTP/1.1" 200 461
222.70.183.206 - - [04/Nov/2022:10:41:26 +0800] "GET /xingrg/kc/base/check_order_info.html?code=452022103100329 HTTP/1.1" 200 23124
222.70.183.206 - - [04/Nov/2022:10:41:26 +0800] "GET /xingrg/dwr/interface/AjaxComOrderService.js HTTP/1.1" 200 18264
222.70.183.206 - - [04/Nov/2022:10:41:26 +0800] "GET /xingrg/dwr/interface/AjaxCheckService.js HTTP/1.1" 200 14003
222.70.183.206 - - [04/Nov/2022:10:41:26 +0800] "GET /xingrg/dwr/engine.js HTTP/1.1" 200 43631
222.70.183.206 - - [04/Nov/2022:10:41:27 +0800] "POST /xingrg/dwr/call/plaincall/AjaxCheckService.loadOrderItems.dwr HTTP/1.1" 200 4212
222.70.183.206 - - [04/Nov/2022:10:41:32 +0800] "GET /xingrg/kc/base/check_order_info.html?code=452022103100330 HTTP/1.1" 200 23124
222.70.183.206 - - [04/Nov/2022:10:41:32 +0800] "GET /xingrg/dwr/interface/AjaxCheckService.js HTTP/1.1" 200 14003
222.70.183.206 - - [04/Nov/2022:10:41:32 +0800] "GET /xingrg/dwr/interface/AjaxComOrderService.js HTTP/1.1" 200 18264
222.70.183.206 - - [04/Nov/2022:10:41:32 +0800] "GET /xingrg/dwr/engine.js HTTP/1.1" 200 43631
222.70.183.206 - - [04/Nov/2022:10:41:33 +0800] "POST /xingrg/dwr/call/plaincall/AjaxCheckService.loadOrderItems.dwr HTTP/1.1" 200 3965
101.83.241.90 - - [04/Nov/2022:10:41:35 +0800] "GET /xingrg/kc/buy/cgsh_order_operate.html?command=get_materiel&rest_code=00149&code=00101008298&supplier_code=00100008&order_time=2022-11-04 HTTP/1.1" 200 412
222.70.183.206 - - [04/Nov/2022:10:41:36 +0800] "GET /xingrg/kc/base/check_order_info.html?code=452022103100337 HTTP/1.1" 200 23128
222.70.183.206 - - [04/Nov/2022:10:41:36 +0800] "GET /xingrg/dwr/interface/AjaxComOrderService.js HTTP/1.1" 200 18264
222.70.183.206 - - [04/Nov/2022:10:41:36 +0800] "GET /xingrg/dwr/interface/AjaxCheckService.js HTTP/1.1" 200 14003
222.70.183.206 - - [04/Nov/2022:10:41:36 +0800] "GET /xingrg/dwr/engine.js HTTP/1.1" 200 43631
222.70.183.206 - - [04/Nov/2022:10:41:37 +0800] "POST /xingrg/dwr/call/plaincall/AjaxCheckService.loadOrderItems.dwr HTTP/1.1" 200 31046
114.88.159.190 - - [04/Nov/2022:10:41:38 +0800] "GET /xingrg/all/function/internal_message.html?_=1667529704024&CODE_STATE=getMsg HTTP/1.1" 200 27
120.253.135.82 - - [04/Nov/2022:10:41:40 +0800] "GET /xingrg/all/function/internal_message.html?_=1667529507889&CODE_STATE=getMsg HTTP/1.1" 200 27
222.70.183.206 - - [04/Nov/2022:10:41:42 +0800] "GET /xingrg/kc/base/check_order_info.html?code=452022103100342 HTTP/1.1" 200 23124
222.70.183.206 - - [04/Nov/2022:10:41:42 +0800] "GET /xingrg/dwr/interface/AjaxCheckService.js HTTP/1.1" 200 14003
222.70.183.206 - - [04/Nov/2022:10:41:42 +0800] "GET /xingrg/dwr/interface/AjaxComOrderService.js HTTP/1.1" 200 18264
222.70.183.206 - - [04/Nov/2022:10:41:42 +0800] "GET /xingrg/dwr/engine.js HTTP/1.1" 200 43631
222.70.183.206 - - [04/Nov/2022:10:41:42 +0800] "POST /xingrg/dwr/call/plaincall/AjaxCheckService.loadOrderItems.dwr HTTP/1.1" 200 4274
218.81.217.29 - - [04/Nov/2022:10:41:42 +0800] "GET /xingrg/all/function/internal_message.html?_=1667529729686&CODE_STATE=getMsg HTTP/1.1" 200 27
180.162.229.95 - - [04/Nov/2022:10:41:42 +0800] "POST /xingrg/dwr/call/plaincall/AjaxReportQueryService.refreshCache.dwr HTTP/1.1" 200 78
180.162.229.95 - - [04/Nov/2022:10:41:44 +0800] "POST /xingrg/all/report/load_report_page.html HTTP/1.1" 200 8956
180.162.229.95 - - [04/Nov/2022:10:41:44 +0800] "GET /xingrg/servlets/image?cache=0.19232568304695374&image=px HTTP/1.1" 200 807
180.162.229.95 - - [04/Nov/2022:10:41:45 +0800] "GET /xingrg/all/report/report_query.html?isQuery=1&fileName=kc/buy/wlcg_cate_hz.xml&queryString=(CONVERT(char(10)%252Ca.order_time%252C%2520120)%253E%253D'2022-10-01')%2520and%2520(CONVERT(char(10)%252Ca.order_time%252C%2520120)%253C%253D'2022-10-31')%2520and%2520(a.supplier_code%2520in%2520('00100091'))%2520and%2520(a.supplier_code%253D'00100091')&queryText=%25E3%2580%2590%25E9%2587%2587%25E8%25B4%25AD%25E6%2597%25A5%25E6%259C%259F%253A2022-10-01%2520%25E8%2587%25B3%25202022-10-31%25E3%2580%2591%2520%25E5%25B9%25B6%25E4%25B8%2594%2520%2520%25E3%2580%2590%25E4%25BE%259B%25E5%25BA%2594%25E5%2595%2586%2520%253D%2520%25E5%258D%2597%25E5%25AE%2589%25E6%25B0%25B4%25E4%25BA%25A7%25EF%25BC%2588%25E9%2599%2588%25E7%258E%2589%25E7%25A7%2580%25EF%25BC%2589%25E3%2580%2591%2520%25E5%25B9%25B6%25E4%25B8%2594%2520%25E3%2580%2590%25E4%25BE%259B%25E5%25BA%2594%25E5%2595%2586%253D%25E5%258D%2597%25E5%25AE%2589%25E6%25B0%25B4%25E4%25BA%25A7%25EF%25BC%2588%25E9%2599%2588%25E7%258E%2589%25E7%25A7%2580%25EF%25BC%2589%25E3%2580%2591 HTTP/1.1" 200 54481
180.162.229.95 - - [04/Nov/2022:10:41:45 +0800] "GET /xingrg/dwr/interface/AjaxReportQueryService.js HTTP/1.1" 200 13203
180.162.229.95 - - [04/Nov/2022:10:41:45 +0800] "GET /xingrg/dwr/engine.js HTTP/1.1" 200 43631
124.78.153.35 - - [04/Nov/2022:10:41:45 +0800] "GET /xingrg/kc/buy/cgsh_order_operate.html?command=get_materiel&rest_code=00106&code=00101029017&supplier_code=00100017&order_time=2022-11-04 HTTP/1.1" 200 467
101.83.241.90 - - [04/Nov/2022:10:41:45 +0800] "GET /xingrg/kc/buy/cgsh_order_operate.html?command=get_materiel&rest_code=00149&code=00101008084&supplier_code=00100008&order_time=2022-11-04 HTTP/1.1" 200 412
180.162.229.95 - - [04/Nov/2022:10:41:47 +0800] "GET /xingrg/check_reg.html?_=1667529714322 HTTP/1.1" 200 22
180.162.229.95 - - [04/Nov/2022:10:41:47 +0800] "GET /xingrg/all/function/internal_message.html?_=1667529714326&CODE_STATE=getMsg HTTP/1.1" 200 27
180.162.229.95 - - [04/Nov/2022:10:41:48 +0800] "POST /xingrg/all/report/load_report_page.html HTTP/1.1" 200 8715
180.162.229.95 - - [04/Nov/2022:10:41:48 +0800] "GET /xingrg/servlets/image?cache=0.1265745078723005&image=px HTTP/1.1" 200 807
58.39.169.76 - - [04/Nov/2022:10:41:48 +0800] "GET /xingrg/kc/buy/cgsh_order_operate.html?command=get_materiel&rest_code=00105&code=00101008003&supplier_code=00100203&order_time=2022-11-04 HTTP/1.1" 200 408
180.162.229.95 - - [04/Nov/2022:10:41:49 +0800] "POST /xingrg/all/report/load_report_page.html HTTP/1.1" 200 16436
180.162.229.95 - - [04/Nov/2022:10:41:49 +0800] "GET /xingrg/servlets/image?cache=0.03249960335400659&image=px HTTP/1.1" 200 807
101.229.170.33 - - [04/Nov/2022:10:41:50 +0800] "GET /xingrg/all/function/internal_message.html?_=1667529725379&CODE_STATE=getMsg HTTP/1.1" 200 27
222.70.183.206 - - [04/Nov/2022:10:41:52 +0800] "GET /xingrg/all/function/internal_message.html?_=1667529718705&CODE_STATE=getMsg HTTP/1.1" 200 27
180.162.229.95 - - [04/Nov/2022:10:41:52 +0800] "POST /xingrg/all/report/load_report_page.html HTTP/1.1" 200 16421
180.162.229.95 - - [04/Nov/2022:10:41:52 +0800] "GET /xingrg/servlets/image?cache=0.7664621618505413&image=px HTTP/1.1" 200 807
180.162.229.95 - - [04/Nov/2022:10:41:54 +0800] "POST /xingrg/all/report/load_report_page.html HTTP/1.1" 200 16421
180.162.229.95 - - [04/Nov/2022:10:41:54 +0800] "GET /xingrg/servlets/image?cache=0.5695932074457594&image=px HTTP/1.1" 200 807
222.70.183.206 - - [04/Nov/2022:10:41:55 +0800] "GET /xingrg/all/function/internal_message.html?_=1667529892130&CODE_STATE=getMsg HTTP/1.1" 200 27
58.39.169.76 - - [04/Nov/2022:10:41:55 +0800] "GET /xingrg/all/function/internal_message.html?_=1667529575284&CODE_STATE=getMsg HTTP/1.1" 200 27
220.250.46.137 - - [04/Nov/2022:10:41:56 +0800] "GET /xingrg/check_reg.html?_=1667529725349 HTTP/1.1" 200 22
220.250.46.137 - - [04/Nov/2022:10:41:56 +0800] "GET /xingrg/all/function/internal_message.html?_=1667529725351&CODE_STATE=getMsg HTTP/1.1" 200 27
180.162.229.95 - - [04/Nov/2022:10:41:57 +0800] "POST /xingrg/all/report/report_print.html HTTP/1.1" 200 5632
101.83.241.90 - - [04/Nov/2022:10:42:01 +0800] "GET /xingrg/all/function/internal_message.html?_=1667529727537&CODE_STATE=getMsg HTTP/1.1" 200 27
180.162.229.95 - - [04/Nov/2022:10:42:03 +0800] "GET /xingrg/all/function/internal_message.html?_=1667529733838&CODE_STATE=getMsg HTTP/1.1" 200 27
58.39.169.76 - - [04/Nov/2022:10:42:04 +0800] "GET /xingrg/kc/buy/cgsh_order_operate.html?command=get_materiel&rest_code=00105&code=00101008201&supplier_code=00100203&order_time=2022-11-04 HTTP/1.1" 200 412
222.70.183.206 - - [04/Nov/2022:10:42:05 +0800] "GET /xingrg/kc/base/check_order_info.html?code=452022103100343 HTTP/1.1" 200 23124
222.70.183.206 - - [04/Nov/2022:10:42:05 +0800] "GET /xingrg/dwr/interface/AjaxComOrderService.js HTTP/1.1" 200 18264
222.70.183.206 - - [04/Nov/2022:10:42:05 +0800] "GET /xingrg/dwr/interface/AjaxCheckService.js HTTP/1.1" 200 14003
222.70.183.206 - - [04/Nov/2022:10:42:05 +0800] "GET /xingrg/dwr/engine.js HTTP/1.1" 200 43631
222.70.183.206 - - [04/Nov/2022:10:42:05 +0800] "POST /xingrg/dwr/call/plaincall/AjaxCheckService.loadOrderItems.dwr HTTP/1.1" 200 939
172.20.0.100 - - [04/Nov/2022:10:42:08 +0800] "GET /xingrg/all/function/internal_message.html?_=1667529735746&CODE_STATE=getMsg HTTP/1.1" 200 27
124.78.153.35 - - [04/Nov/2022:10:42:08 +0800] "GET /xingrg/all/function/internal_message.html?_=1667529739717&CODE_STATE=getMsg HTTP/1.1" 200 27
222.70.183.206 - - [04/Nov/2022:10:42:09 +0800] "GET /xingrg/kc/base/check_order_info.html?code=452022103100344 HTTP/1.1" 200 23128
222.70.183.206 - - [04/Nov/2022:10:42:09 +0800] "GET /xingrg/dwr/interface/AjaxComOrderService.js HTTP/1.1" 200 18264
222.70.183.206 - - [04/Nov/2022:10:42:09 +0800] "GET /xingrg/dwr/interface/AjaxCheckService.js HTTP/1.1" 200 14003
222.70.183.206 - - [04/Nov/2022:10:42:09 +0800] "GET /xingrg/dwr/engine.js HTTP/1.1" 200 43631
116.238.139.35 - - [04/Nov/2022:10:42:09 +0800] "GET /xingrg/all/function/internal_message.html?_=1667529665570&CODE_STATE=getMsg HTTP/1.1" 200 27
222.70.183.206 - - [04/Nov/2022:10:42:09 +0800] "POST /xingrg/dwr/call/plaincall/AjaxCheckService.loadOrderItems.dwr HTTP/1.1" 200 26629
116.230.105.139 - - [04/Nov/2022:10:42:12 +0800] "GET /xingrg/all/function/internal_message.html?_=1667529690096&CODE_STATE=getMsg HTTP/1.1" 200 27
116.230.105.139 - - [04/Nov/2022:10:42:12 +0800] "GET /xingrg/check_reg.html?_=1667529690103 HTTP/1.1" 200 22
222.70.183.206 - - [04/Nov/2022:10:42:13 +0800] "GET /xingrg/kc/base/check_order_info.html?code=452022103100366 HTTP/1.1" 200 23120
222.70.183.206 - - [04/Nov/2022:10:42:13 +0800] "GET /xingrg/dwr/interface/AjaxComOrderService.js HTTP/1.1" 200 18264
222.70.183.206 - - [04/Nov/2022:10:42:13 +0800] "GET /xingrg/dwr/interface/AjaxCheckService.js HTTP/1.1" 200 14003
222.70.183.206 - - [04/Nov/2022:10:42:13 +0800] "GET /xingrg/dwr/engine.js HTTP/1.1" 200 43631
114.83.219.57 - - [04/Nov/2022:10:42:13 +0800] "GET /xingrg/check_reg.html?_=1667529853899 HTTP/1.1" 200 22
114.83.219.57 - - [04/Nov/2022:10:42:13 +0800] "GET /xingrg/all/function/internal_message.html?_=1667529853900&CODE_STATE=getMsg HTTP/1.1" 200 27
222.70.183.206 - - [04/Nov/2022:10:42:13 +0800] "POST /xingrg/dwr/call/plaincall/AjaxCheckService.loadOrderItems.dwr HTTP/1.1" 200 48384
180.162.229.95 - - [04/Nov/2022:10:42:17 +0800] "GET /xingrg/all/function/internal_message.html?_=1667529747065&CODE_STATE=getMsg HTTP/1.1" 200 27
116.235.93.82 - - [04/Nov/2022:10:42:17 +0800] "GET /xingrg/all/function/internal_message.html?_=1667529958624&CODE_STATE=getMsg HTTP/1.1" 200 27
116.235.93.82 - - [04/Nov/2022:10:42:17 +0800] "GET /xingrg/check_reg.html?_=1667529958625 HTTP/1.1" 200 22
180.169.147.146 - - [04/Nov/2022:10:42:19 +0800] "GET /xingrg/all/function/internal_message.html?_=1667529741842&CODE_STATE=getMsg HTTP/1.1" 200 27
180.169.147.146 - - [04/Nov/2022:10:42:19 +0800] "GET /xingrg/check_reg.html?_=1667529741845 HTTP/1.1" 200 22
180.169.147.146 - - [04/Nov/2022:10:42:20 +0800] "GET /xingrg/all/function/internal_message.html?_=1667529749765&CODE_STATE=getMsg HTTP/1.1" 200 27
180.169.147.146 - - [04/Nov/2022:10:42:21 +0800] "GET /xingrg/all/function/internal_message.html?_=1667529749276&CODE_STATE=getMsg HTTP/1.1" 200 27
114.84.81.136 - - [04/Nov/2022:10:42:22 +0800] "GET /xingrg/all/function/internal_message.html?_=1667529751528&CODE_STATE=getMsg HTTP/1.1" 200 27
180.162.229.95 - - [04/Nov/2022:10:42:23 +0800] "POST /xingrg/dwr/call/plaincall/AjaxReportQueryService.refreshCache.dwr HTTP/1.1" 200 79
58.39.169.76 - - [04/Nov/2022:10:42:24 +0800] "GET /xingrg/kc/buy/cgsh_order_operate.html?command=get_materiel&rest_code=00105&code=00101008356&supplier_code=00100203&order_time=2022-11-04 HTTP/1.1" 200 408
180.162.229.95 - - [04/Nov/2022:10:42:25 +0800] "POST /xingrg/all/report/load_report_page.html HTTP/1.1" 200 8960
180.162.229.95 - - [04/Nov/2022:10:42:25 +0800] "GET /xingrg/servlets/image?cache=0.0028780411092107494&image=px HTTP/1.1" 200 807
180.162.229.95 - - [04/Nov/2022:10:42:26 +0800] "GET /xingrg/all/report/report_query.html?isQuery=1&fileName=kc/buy/wlcg_cate_hz.xml&queryString=(CONVERT(char(10)%252Ca.order_time%252C%2520120)%253E%253D'2022-10-01')%2520and%2520(CONVERT(char(10)%252Ca.order_time%252C%2520120)%253C%253D'2022-10-31')%2520and%2520(a.supplier_code%2520in%2520('00100092'))%2520and%2520(a.supplier_code%253D'00100092')&queryText=%25E3%2580%2590%25E9%2587%2587%25E8%25B4%25AD%25E6%2597%25A5%25E6%259C%259F%253A2022-10-01%2520%25E8%2587%25B3%25202022-10-31%25E3%2580%2591%2520%25E5%25B9%25B6%25E4%25B8%2594%2520%2520%25E3%2580%2590%25E4%25BE%259B%25E5%25BA%2594%25E5%2595%2586%2520%253D%2520%25E9%259D%2592%25E8%2586%258F%25E8%259F%25B9%25EF%25BC%2588%25E8%25B0%25A2%25E7%259F%25B3%25E5%258D%258E%25EF%25BC%2589%25E3%2580%2591%2520%25E5%25B9%25B6%25E4%25B8%2594%2520%25E3%2580%2590%25E4%25BE%259B%25E5%25BA%2594%25E5%2595%2586%253D%25E9%259D%2592%25E8%2586%258F%25E8%259F%25B9%25EF%25BC%2588%25E8%25B0%25A2%25E7%259F%25B3%25E5%258D%258E%25EF%25BC%2589%25E3%2580%2591 HTTP/1.1" 200 54473
180.162.229.95 - - [04/Nov/2022:10:42:26 +0800] "GET /xingrg/dwr/interface/AjaxReportQueryService.js HTTP/1.1" 200 13203
180.162.229.95 - - [04/Nov/2022:10:42:26 +0800] "GET /xingrg/dwr/engine.js HTTP/1.1" 200 43631
222.70.183.206 - - [04/Nov/2022:10:42:27 +0800] "POST /xingrg/kc/base/check_list_operate.html HTTP/1.1" 200 4
222.70.183.206 - - [04/Nov/2022:10:42:28 +0800] "POST /xingrg/kc/base/check_list_operate.html HTTP/1.1" 200 9099
180.162.229.95 - - [04/Nov/2022:10:42:28 +0800] "POST /xingrg/all/report/load_report_page.html HTTP/1.1" 200 8716
180.162.229.95 - - [04/Nov/2022:10:42:28 +0800] "GET /xingrg/servlets/image?cache=0.3472964325465372&image=px HTTP/1.1" 200 807
180.162.229.95 - - [04/Nov/2022:10:42:30 +0800] "POST /xingrg/kc/base/yddb_list_operate.html HTTP/1.1" 200 198
180.162.229.95 - - [04/Nov/2022:10:42:30 +0800] "POST /xingrg/all/report/load_report_page.html HTTP/1.1" 200 16404
180.162.229.95 - - [04/Nov/2022:10:42:30 +0800] "GET /xingrg/servlets/image?cache=0.9297974697317369&image=px HTTP/1.1" 200 807
222.70.183.206 - - [04/Nov/2022:10:42:30 +0800] "GET /xingrg/kc/base/check_order_info.html?code=452022103100366 HTTP/1.1" 200 23120
222.70.183.206 - - [04/Nov/2022:10:42:30 +0800] "GET /xingrg/dwr/interface/AjaxCheckService.js HTTP/1.1" 200 14003
222.70.183.206 - - [04/Nov/2022:10:42:30 +0800] "GET /xingrg/dwr/interface/AjaxComOrderService.js HTTP/1.1" 200 18264
222.70.183.206 - - [04/Nov/2022:10:42:30 +0800] "GET /xingrg/dwr/engine.js HTTP/1.1" 200 43631
222.70.183.206 - - [04/Nov/2022:10:42:31 +0800] "POST /xingrg/dwr/call/plaincall/AjaxCheckService.loadOrderItems.dwr HTTP/1.1" 200 48384
180.162.229.95 - - [04/Nov/2022:10:42:32 +0800] "POST /xingrg/kc/base/yddb_list_operate.html HTTP/1.1" 200 598
180.162.229.95 - - [04/Nov/2022:10:42:35 +0800] "POST /xingrg/all/report/report_print.html HTTP/1.1" 200 5632
114.84.81.136 - - [04/Nov/2022:10:42:35 +0800] "GET /xingrg/check_reg.html?_=1667529764853 HTTP/1.1" 200 22
114.88.159.190 - - [04/Nov/2022:10:42:38 +0800] "GET /xingrg/all/function/internal_message.html?_=1667529764001&CODE_STATE=getMsg HTTP/1.1" 200 27
180.162.229.95 - - [04/Nov/2022:10:42:40 +0800] "POST /xingrg/kc/base/yddb_list_operate.html HTTP/1.1" 200 202
120.253.135.82 - - [04/Nov/2022:10:42:40 +0800] "GET /xingrg/all/function/internal_message.html?_=1667529567980&CODE_STATE=getMsg HTTP/1.1" 200 27
