116.230.105.139 - - [04/Nov/2022:08:51:41 +0800] "GET /xingrg/check_reg.html?_=1667523059650 HTTP/1.1" 200 22
116.230.105.139 - - [04/Nov/2022:08:51:43 +0800] "GET /xingrg/all/function/internal_message.html?_=1667523060766&CODE_STATE=getMsg HTTP/1.1" 200 27
180.169.147.146 - - [04/Nov/2022:08:51:43 +0800] "GET /xingrg/all/function/internal_message.html?_=1667523112558&CODE_STATE=getMsg HTTP/1.1" 200 27
222.70.183.206 - - [04/Nov/2022:08:51:47 +0800] "GET /xingrg/kc/buy/cgsh_order_operate.html?command=get_materiel&rest_code=00111&code=00101008072&supplier_code=00100005&order_time=2022-11-04 HTTP/1.1" 200 408
101.229.170.33 - - [04/Nov/2022:08:51:50 +0800] "GET /xingrg/all/function/internal_message.html?_=1667523125300&CODE_STATE=getMsg HTTP/1.1" 200 27
116.238.139.35 - - [04/Nov/2022:08:51:54 +0800] "GET /xingrg/kc/buy/cgsh_order_operate.html?command=get_materiel&rest_code=00150&code=00101008079&supplier_code=00100008&order_time=2022-11-04 HTTP/1.1" 200 416
58.39.169.76 - - [04/Nov/2022:08:51:55 +0800] "GET /xingrg/all/function/internal_message.html?_=1667522975135&CODE_STATE=getMsg HTTP/1.1" 200 27
222.70.183.206 - - [04/Nov/2022:08:51:59 +0800] "GET /xingrg/all/function/internal_message.html?_=1667523295974&CODE_STATE=getMsg HTTP/1.1" 200 27
222.70.183.206 - - [04/Nov/2022:08:51:59 +0800] "GET /xingrg/check_reg.html?_=1667523295976 HTTP/1.1" 200 22
116.238.139.35 - - [04/Nov/2022:08:52:01 +0800] "GET /xingrg/all/function/internal_message.html?_=1667523057665&CODE_STATE=getMsg HTTP/1.1" 200 27
116.238.139.35 - - [04/Nov/2022:08:52:04 +0800] "GET /xingrg/kc/buy/cgsh_order_operate.html?command=get_materiel&rest_code=00150&code=00101008357&supplier_code=00100008&order_time=2022-11-04 HTTP/1.1" 200 408
116.238.139.35 - - [04/Nov/2022:08:52:13 +0800] "GET /xingrg/kc/buy/cgsh_order_operate.html?command=get_materiel&rest_code=00150&code=00101008069&supplier_code=00100008&order_time=2022-11-04 HTTP/1.1" 200 412
180.162.229.95 - - [04/Nov/2022:08:52:18 +0800] "GET /xingrg/all/function/internal_message.html?_=1667523148626&CODE_STATE=getMsg HTTP/1.1" 200 27
116.238.139.35 - - [04/Nov/2022:08:52:20 +0800] "POST /xingrg/kc/buy/cgsh_order_operate.html HTTP/1.1" 200 37
116.238.139.35 - - [04/Nov/2022:08:52:22 +0800] "POST /xingrg/kc/buy/cgsh_order_operate.html HTTP/1.1" 200 19867
116.232.35.89 - - [04/Nov/2022:08:52:22 +0800] "POST /xingrg/services/DataTransmitService HTTP/1.1" 200 524
180.169.147.146 - - [04/Nov/2022:08:52:22 +0800] "GET /xingrg/all/function/internal_message.html?_=1667523151012&CODE_STATE=getMsg HTTP/1.1" 200 27
114.84.81.136 - - [04/Nov/2022:08:52:24 +0800] "GET /xingrg/all/function/internal_message.html?_=1667523153424&CODE_STATE=getMsg HTTP/1.1" 200 27
116.238.139.35 - - [04/Nov/2022:08:52:29 +0800] "GET /xingrg/kc/buy/cgsh_order_operate.html?command=get_materiel&rest_code=00150&code=00101008286&supplier_code=00100008&order_time=2022-11-04 HTTP/1.1" 200 408
114.84.81.136 - - [04/Nov/2022:08:52:35 +0800] "GET /xingrg/check_reg.html?_=1667523165016 HTTP/1.1" 200 22
116.238.139.35 - - [04/Nov/2022:08:52:37 +0800] "GET /xingrg/kc/buy/cgsh_order_operate.html?command=get_materiel&rest_code=00150&code=00101008131&supplier_code=00100008&order_time=2022-11-04 HTTP/1.1" 200 408
218.81.217.29 - - [04/Nov/2022:08:52:38 +0800] "GET /xingrg/all/function/internal_message.html?_=1667523185272&CODE_STATE=getMsg HTTP/1.1" 200 27
222.70.183.206 - - [04/Nov/2022:08:52:40 +0800] "GET /xingrg/check_reg.html?_=1667523167434 HTTP/1.1" 200 22
222.70.183.206 - - [04/Nov/2022:08:52:40 +0800] "GET /xingrg/all/function/internal_message.html?_=1667523167430&CODE_STATE=getMsg HTTP/1.1" 200 27
116.230.105.139 - - [04/Nov/2022:08:52:43 +0800] "GET /xingrg/all/function/internal_message.html?_=1667523120752&CODE_STATE=getMsg HTTP/1.1" 200 27
180.169.147.146 - - [04/Nov/2022:08:52:43 +0800] "GET /xingrg/all/function/internal_message.html?_=1667523172560&CODE_STATE=getMsg HTTP/1.1" 200 27
101.229.170.33 - - [04/Nov/2022:08:52:50 +0800] "GET /xingrg/all/function/internal_message.html?_=1667523185315&CODE_STATE=getMsg HTTP/1.1" 200 27
101.229.170.33 - - [04/Nov/2022:08:52:50 +0800] "GET /xingrg/check_reg.html?_=1667523185325 HTTP/1.1" 200 22
58.39.169.76 - - [04/Nov/2022:08:52:55 +0800] "GET /xingrg/all/function/internal_message.html?_=1667523035125&CODE_STATE=getMsg HTTP/1.1" 200 27
116.238.139.35 - - [04/Nov/2022:08:52:57 +0800] "GET /xingrg/kc/buy/cgsh_order_operate.html?command=get_materiel&rest_code=00150&code=00101008296&supplier_code=00100008&order_time=2022-11-04 HTTP/1.1" 200 416
222.70.183.206 - - [04/Nov/2022:08:52:59 +0800] "GET /xingrg/all/function/internal_message.html?_=1667523355972&CODE_STATE=getMsg HTTP/1.1" 200 27
116.238.139.35 - - [04/Nov/2022:08:53:01 +0800] "GET /xingrg/all/function/internal_message.html?_=1667523117678&CODE_STATE=getMsg HTTP/1.1" 200 27
116.238.139.35 - - [04/Nov/2022:08:53:06 +0800] "GET /xingrg/kc/buy/cgsh_order_operate.html?command=get_materiel&rest_code=00150&code=00101008318&supplier_code=00100008&order_time=2022-11-04 HTTP/1.1" 200 408
180.162.229.95 - - [04/Nov/2022:08:53:07 +0800] "GET /xingrg/check_reg.html?_=1667523197362 HTTP/1.1" 200 22
116.238.139.35 - - [04/Nov/2022:08:53:15 +0800] "GET /xingrg/kc/buy/cgsh_order_operate.html?command=get_materiel&rest_code=00150&code=00101008352&supplier_code=00100008&order_time=2022-11-04 HTTP/1.1" 200 412
180.162.229.95 - - [04/Nov/2022:08:53:18 +0800] "GET /xingrg/all/function/internal_message.html?_=1667523208605&CODE_STATE=getMsg HTTP/1.1" 200 27
180.169.147.146 - - [04/Nov/2022:08:53:22 +0800] "GET /xingrg/all/function/internal_message.html?_=1667523211008&CODE_STATE=getMsg HTTP/1.1" 200 27
114.84.81.136 - - [04/Nov/2022:08:53:24 +0800] "GET /xingrg/all/function/internal_message.html?_=1667523213395&CODE_STATE=getMsg HTTP/1.1" 200 27
116.238.139.35 - - [04/Nov/2022:08:53:26 +0800] "POST /xingrg/kc/buy/cgsh_order_operate.html HTTP/1.1" 200 37
116.238.139.35 - - [04/Nov/2022:08:53:27 +0800] "POST /xingrg/kc/buy/cgsh_order_operate.html HTTP/1.1" 200 22815
116.238.139.35 - - [04/Nov/2022:08:53:38 +0800] "GET /xingrg/kc/buy/cgsh_order_operate.html?command=get_materiel&rest_code=00150&code=00101008371&supplier_code=00100008&order_time=2022-11-04 HTTP/1.1" 200 412
218.81.217.29 - - [04/Nov/2022:08:53:38 +0800] "GET /xingrg/all/function/internal_message.html?_=1667523245349&CODE_STATE=getMsg HTTP/1.1" 200 27
222.70.183.206 - - [04/Nov/2022:08:53:40 +0800] "GET /xingrg/all/function/internal_message.html?_=1667523227425&CODE_STATE=getMsg HTTP/1.1" 200 27
222.70.183.206 - - [04/Nov/2022:08:53:40 +0800] "GET /xingrg/kc/buy/cgsh_order_operate.html?command=get_materiel&rest_code=00111&code=00101008351&supplier_code=00100005&order_time=2022-11-04 HTTP/1.1" 200 408
116.230.105.139 - - [04/Nov/2022:08:53:43 +0800] "GET /xingrg/all/function/internal_message.html?_=1667523180730&CODE_STATE=getMsg HTTP/1.1" 200 27
180.169.147.146 - - [04/Nov/2022:08:53:43 +0800] "GET /xingrg/all/function/internal_message.html?_=1667523232560&CODE_STATE=getMsg HTTP/1.1" 200 27
222.70.183.206 - - [04/Nov/2022:08:53:48 +0800] "GET /xingrg/kc/buy/cgsh_order_operate.html?command=get_materiel&rest_code=00111&code=00101008003&supplier_code=00100005&order_time=2022-11-04 HTTP/1.1" 200 408
101.229.170.33 - - [04/Nov/2022:08:53:50 +0800] "GET /xingrg/all/function/internal_message.html?_=1667523245311&CODE_STATE=getMsg HTTP/1.1" 200 27
116.238.139.35 - - [04/Nov/2022:08:53:54 +0800] "GET /xingrg/kc/buy/cgsh_order_operate.html?command=get_materiel&rest_code=00150&code=00101008005&supplier_code=00100008&order_time=2022-11-04 HTTP/1.1" 200 412
58.39.169.76 - - [04/Nov/2022:08:53:55 +0800] "GET /xingrg/all/function/internal_message.html?_=1667523095136&CODE_STATE=getMsg HTTP/1.1" 200 27
222.70.183.206 - - [04/Nov/2022:08:53:57 +0800] "GET /xingrg/kc/buy/cgsh_order_operate.html?command=get_materiel&rest_code=00111&code=00101013168&supplier_code=00100005&order_time=2022-11-04 HTTP/1.1" 200 413
222.70.183.206 - - [04/Nov/2022:08:53:59 +0800] "GET /xingrg/all/function/internal_message.html?_=1667523415959&CODE_STATE=getMsg HTTP/1.1" 200 27
116.238.139.35 - - [04/Nov/2022:08:54:01 +0800] "GET /xingrg/all/function/internal_message.html?_=1667523177804&CODE_STATE=getMsg HTTP/1.1" 200 27
116.238.139.35 - - [04/Nov/2022:08:54:10 +0800] "GET /xingrg/kc/buy/cgsh_order_operate.html?command=get_materiel&rest_code=00150&code=00101008271&supplier_code=00100008&order_time=2022-11-04 HTTP/1.1" 200 408
58.39.169.76 - - [04/Nov/2022:08:54:13 +0800] "POST /xingrg/services/DataTransmitService HTTP/1.1" 200 524
58.39.169.76 - - [04/Nov/2022:08:54:13 +0800] "POST /xingrg/services/DataTransmitService HTTP/1.1" 200 2407
58.39.169.76 - - [04/Nov/2022:08:54:14 +0800] "POST /xingrg/services/DataTransmitService HTTP/1.1" 200 199631
180.162.229.95 - - [04/Nov/2022:08:54:18 +0800] "GET /xingrg/all/function/internal_message.html?_=1667523268588&CODE_STATE=getMsg HTTP/1.1" 200 27
180.169.147.146 - - [04/Nov/2022:08:54:22 +0800] "GET /xingrg/all/function/internal_message.html?_=1667523270989&CODE_STATE=getMsg HTTP/1.1" 200 27
114.84.81.136 - - [04/Nov/2022:08:54:24 +0800] "GET /xingrg/all/function/internal_message.html?_=1667523273380&CODE_STATE=getMsg HTTP/1.1" 200 27
116.238.139.35 - - [04/Nov/2022:08:54:27 +0800] "GET /xingrg/kc/buy/cgsh_order_operate.html?command=get_materiel&rest_code=00150&code=00101008353&supplier_code=00100008&order_time=2022-11-04 HTTP/1.1" 200 408
218.81.217.29 - - [04/Nov/2022:08:54:38 +0800] "GET /xingrg/all/function/internal_message.html?_=1667523305363&CODE_STATE=getMsg HTTP/1.1" 200 27
222.70.183.206 - - [04/Nov/2022:08:54:40 +0800] "GET /xingrg/all/function/internal_message.html?_=1667523287430&CODE_STATE=getMsg HTTP/1.1" 200 27
116.230.105.139 - - [04/Nov/2022:08:54:43 +0800] "GET /xingrg/all/function/internal_message.html?_=1667523240706&CODE_STATE=getMsg HTTP/1.1" 200 27
180.169.147.146 - - [04/Nov/2022:08:54:43 +0800] "GET /xingrg/all/function/internal_message.html?_=1667523292563&CODE_STATE=getMsg HTTP/1.1" 200 27
116.238.139.35 - - [04/Nov/2022:08:54:47 +0800] "POST /xingrg/kc/buy/cgsh_order_operate.html HTTP/1.1" 200 37
116.238.139.35 - - [04/Nov/2022:08:54:48 +0800] "POST /xingrg/kc/buy/cgsh_order_operate.html HTTP/1.1" 200 25771
101.229.170.33 - - [04/Nov/2022:08:54:50 +0800] "GET /xingrg/all/function/internal_message.html?_=1667523305309&CODE_STATE=getMsg HTTP/1.1" 200 27
58.39.169.76 - - [04/Nov/2022:08:54:55 +0800] "GET /xingrg/check_reg.html?_=1667523155125 HTTP/1.1" 200 22
58.39.169.76 - - [04/Nov/2022:08:54:55 +0800] "GET /xingrg/all/function/internal_message.html?_=1667523155128&CODE_STATE=getMsg HTTP/1.1" 200 27
116.238.139.35 - - [04/Nov/2022:08:54:55 +0800] "GET /xingrg/kc/buy/cgsh_order_operate.html?command=get_materiel&rest_code=00150&code=00101008312&supplier_code=00100008&order_time=2022-11-04 HTTP/1.1" 200 412
116.230.105.139 - - [04/Nov/2022:08:54:58 +0800] "GET /xingrg/kc/buy/cgsh_order_add.html HTTP/1.1" 200 69204
116.230.105.139 - - [04/Nov/2022:08:54:59 +0800] "POST /xingrg/kc/buy/cgsh_order_operate.html HTTP/1.1" 200 8245
116.230.105.139 - - [04/Nov/2022:08:54:59 +0800] "GET /xingrg/javascript/easyui/themes/default/validatebox.css HTTP/1.1" 404 1104
222.70.183.206 - - [04/Nov/2022:08:54:59 +0800] "GET /xingrg/all/function/internal_message.html?_=1667523475966&CODE_STATE=getMsg HTTP/1.1" 200 27
116.238.139.35 - - [04/Nov/2022:08:54:59 +0800] "GET /xingrg/check_reg.html?_=1667523235352 HTTP/1.1" 200 22
116.238.139.35 - - [04/Nov/2022:08:55:01 +0800] "GET /xingrg/all/function/internal_message.html?_=1667523237815&CODE_STATE=getMsg HTTP/1.1" 200 27
116.238.139.35 - - [04/Nov/2022:08:55:07 +0800] "GET /xingrg/kc/buy/cgsh_order_operate.html?command=get_materiel&rest_code=00150&code=00101008658&supplier_code=00100008&order_time=2022-11-04 HTTP/1.1" 200 408
116.230.105.139 - - [04/Nov/2022:08:55:07 +0800] "GET /xingrg/kc/buy/cgsh_order_operate.html?command=get_materiel&rest_code=00155&code=00101009113&supplier_code=00100037&order_time=2022-11-04 HTTP/1.1" 200 413
116.238.139.35 - - [04/Nov/2022:08:55:17 +0800] "GET /xingrg/kc/buy/cgsh_order_operate.html?command=get_materiel&rest_code=00150&code=00101008168&supplier_code=00100008&order_time=2022-11-04 HTTP/1.1" 200 413
116.230.105.139 - - [04/Nov/2022:08:55:18 +0800] "GET /xingrg/kc/buy/cgsh_order_operate.html?command=get_materiel&rest_code=00155&code=00101009016&supplier_code=00100037&order_time=2022-11-04 HTTP/1.1" 200 412
180.162.229.95 - - [04/Nov/2022:08:55:18 +0800] "GET /xingrg/all/function/internal_message.html?_=1667523328590&CODE_STATE=getMsg HTTP/1.1" 200 27
180.169.147.146 - - [04/Nov/2022:08:55:19 +0800] "GET /xingrg/check_reg.html?_=1667523328051 HTTP/1.1" 200 22
180.169.147.146 - - [04/Nov/2022:08:55:22 +0800] "GET /xingrg/all/function/internal_message.html?_=1667523330967&CODE_STATE=getMsg HTTP/1.1" 200 27
114.84.81.136 - - [04/Nov/2022:08:55:24 +0800] "GET /xingrg/all/function/internal_message.html?_=1667523333353&CODE_STATE=getMsg HTTP/1.1" 200 27
116.238.139.35 - - [04/Nov/2022:08:55:26 +0800] "GET /xingrg/kc/buy/cgsh_order_operate.html?command=get_materiel&rest_code=00150&code=00101008558&supplier_code=00100008&order_time=2022-11-04 HTTP/1.1" 200 409
218.81.217.29 - - [04/Nov/2022:08:55:35 +0800] "GET /xingrg/check_reg.html?_=1667523362550 HTTP/1.1" 200 22
116.238.139.35 - - [04/Nov/2022:08:55:38 +0800] "GET /xingrg/kc/buy/cgsh_order_operate.html?command=get_materiel&rest_code=00150&code=00101008278&supplier_code=00100008&order_time=2022-11-04 HTTP/1.1" 200 412
218.81.217.29 - - [04/Nov/2022:08:55:38 +0800] "GET /xingrg/all/function/internal_message.html?_=1667523365376&CODE_STATE=getMsg HTTP/1.1" 200 27
222.70.183.206 - - [04/Nov/2022:08:55:40 +0800] "GET /xingrg/all/function/internal_message.html?_=1667523347430&CODE_STATE=getMsg HTTP/1.1" 200 27
116.230.105.139 - - [04/Nov/2022:08:55:43 +0800] "GET /xingrg/all/function/internal_message.html?_=1667523300695&CODE_STATE=getMsg HTTP/1.1" 200 27
180.169.147.146 - - [04/Nov/2022:08:55:43 +0800] "GET /xingrg/all/function/internal_message.html?_=1667523352554&CODE_STATE=getMsg HTTP/1.1" 200 27
180.169.147.146 - - [04/Nov/2022:08:55:43 +0800] "GET /xingrg/check_reg.html?_=1667523352556 HTTP/1.1" 200 22
116.238.139.35 - - [04/Nov/2022:08:55:44 +0800] "POST /xingrg/kc/buy/cgsh_order_operate.html HTTP/1.1" 200 37
116.238.139.35 - - [04/Nov/2022:08:55:45 +0800] "POST /xingrg/kc/buy/cgsh_order_operate.html HTTP/1.1" 200 28721
172.20.0.100 - - [04/Nov/2022:08:55:48 +0800] "GET /xingrg/check_reg.html?_=1667523356642 HTTP/1.1" 302 -
101.229.170.33 - - [04/Nov/2022:08:55:50 +0800] "GET /xingrg/all/function/internal_message.html?_=1667523365310&CODE_STATE=getMsg HTTP/1.1" 200 27
116.238.139.35 - - [04/Nov/2022:08:55:52 +0800] "GET /xingrg/kc/buy/cgsh_order_operate.html?command=get_materiel&rest_code=00150&code=00101008095&supplier_code=00100008&order_time=2022-11-04 HTTP/1.1" 200 413
58.39.169.76 - - [04/Nov/2022:08:55:55 +0800] "GET /xingrg/all/function/internal_message.html?_=1667523215135&CODE_STATE=getMsg HTTP/1.1" 200 27
222.70.183.206 - - [04/Nov/2022:08:55:59 +0800] "GET /xingrg/all/function/internal_message.html?_=1667523535966&CODE_STATE=getMsg HTTP/1.1" 200 27
116.238.139.35 - - [04/Nov/2022:08:56:01 +0800] "GET /xingrg/all/function/internal_message.html?_=1667523297828&CODE_STATE=getMsg HTTP/1.1" 200 27
116.238.139.35 - - [04/Nov/2022:08:56:04 +0800] "GET /xingrg/kc/buy/cgsh_order_operate.html?command=get_materiel&rest_code=00150&code=00101008110&supplier_code=00100008&order_time=2022-11-04 HTTP/1.1" 200 409
222.70.183.206 - - [04/Nov/2022:08:56:05 +0800] "GET /xingrg/kc/buy/cgsh_order_operate.html?command=get_materiel&rest_code=00111&code=00101008354&supplier_code=00100005&order_time=2022-11-04 HTTP/1.1" 200 412
116.238.139.35 - - [04/Nov/2022:08:56:15 +0800] "GET /xingrg/kc/buy/cgsh_order_operate.html?command=get_materiel&rest_code=00150&code=00101008283&supplier_code=00100008&order_time=2022-11-04 HTTP/1.1" 200 408
222.70.183.206 - - [04/Nov/2022:08:56:16 +0800] "GET /xingrg/kc/buy/cgsh_order_operate.html?command=get_materiel&rest_code=00111&code=00101008148&supplier_code=00100005&order_time=2022-11-04 HTTP/1.1" 200 416
180.162.229.95 - - [04/Nov/2022:08:56:18 +0800] "GET /xingrg/all/function/internal_message.html?_=1667523388575&CODE_STATE=getMsg HTTP/1.1" 200 27
180.169.147.146 - - [04/Nov/2022:08:56:22 +0800] "GET /xingrg/all/function/internal_message.html?_=1667523390963&CODE_STATE=getMsg HTTP/1.1" 200 27
116.238.139.35 - - [04/Nov/2022:08:56:23 +0800] "GET /xingrg/kc/buy/cgsh_order_operate.html?command=get_materiel&rest_code=00150&code=00101008298&supplier_code=00100008&order_time=2022-11-04 HTTP/1.1" 200 412
114.84.81.136 - - [04/Nov/2022:08:56:24 +0800] "GET /xingrg/all/function/internal_message.html?_=1667523393345&CODE_STATE=getMsg HTTP/1.1" 200 27
222.70.183.206 - - [04/Nov/2022:08:56:27 +0800] "GET /xingrg/kc/buy/cgsh_order_operate.html?command=get_materiel&rest_code=00111&code=00101008355&supplier_code=00100005&order_time=2022-11-04 HTTP/1.1" 200 408
116.238.139.35 - - [04/Nov/2022:08:56:33 +0800] "GET /xingrg/kc/buy/cgsh_order_operate.html?command=get_materiel&rest_code=00150&code=00101008072&supplier_code=00100008&order_time=2022-11-04 HTTP/1.1" 200 408
120.253.135.82 - - [04/Nov/2022:08:56:33 +0800] "GET /xingrg/login.html HTTP/1.1" 200 7641
120.253.135.82 - - [04/Nov/2022:08:56:33 +0800] "GET /xingrg/images/blue/jxLogo.png HTTP/1.1" 200 6156
120.253.135.82 - - [04/Nov/2022:08:56:33 +0800] "GET /xingrg/images/blue/hj.png HTTP/1.1" 200 1014
120.253.135.82 - - [04/Nov/2022:08:56:33 +0800] "GET /xingrg/images/blue/login_bg.png HTTP/1.1" 200 22101
120.253.135.82 - - [04/Nov/2022:08:56:33 +0800] "GET /xingrg/images/blue/srbg.png HTTP/1.1" 200 138
120.253.135.82 - - [04/Nov/2022:08:56:33 +0800] "GET /favicon.ico HTTP/1.1" 404 -
222.70.183.206 - - [04/Nov/2022:08:56:35 +0800] "GET /xingrg/kc/buy/cgsh_order_operate.html?command=get_materiel&rest_code=00111&code=00101008264&supplier_code=00100005&order_time=2022-11-04 HTTP/1.1" 200 412
120.253.135.82 - - [04/Nov/2022:08:56:37 +0800] "POST /xingrg/login.do HTTP/1.1" 302 -
120.253.135.82 - - [04/Nov/2022:08:56:37 +0800] "GET /xingrg/index.html?sysBaseUrl=http%3A%2F%2F180.169.147.146%3A18081%2Fxingrg%2F&costTime=41×tamp=1667523397410 HTTP/1.1" 200 17173
120.253.135.82 - - [04/Nov/2022:08:56:37 +0800] "GET /xingrg/css/form.css HTTP/1.1" 200 893
120.253.135.82 - - [04/Nov/2022:08:56:37 +0800] "GET /xingrg/javascript/jquery-1.4.2.min.js HTTP/1.1" 200 72205
120.253.135.82 - - [04/Nov/2022:08:56:37 +0800] "GET /xingrg/javascript/jquery_easy_ui/jquery.easyui.min.js HTTP/1.1" 200 213662
120.253.135.82 - - [04/Nov/2022:08:56:37 +0800] "GET /xingrg/javascript/jquery_easy_ui/easyui-lang-zh_CN.js HTTP/1.1" 200 1900
120.253.135.82 - - [04/Nov/2022:08:56:37 +0800] "GET /xingrg/javascript/jquery.utils.js HTTP/1.1" 200 11805
120.253.135.82 - - [04/Nov/2022:08:56:37 +0800] "GET /xingrg/javascript/jquery_easy_ui/themes/icon.css HTTP/1.1" 200 3949
120.253.135.82 - - [04/Nov/2022:08:56:37 +0800] "GET /xingrg/javascript/jquery.timers.js HTTP/1.1" 200 3532
120.253.135.82 - - [04/Nov/2022:08:56:37 +0800] "GET /xingrg/javascript/jquery.form.js HTTP/1.1" 200 23110
120.253.135.82 - - [04/Nov/2022:08:56:37 +0800] "GET /xingrg/javascript/jquery_easy_ui/themes/default/easyui.css HTTP/1.1" 200 26500
120.253.135.82 - - [04/Nov/2022:08:56:37 +0800] "GET /favicon.ico HTTP/1.1" 404 -
120.253.135.82 - - [04/Nov/2022:08:56:37 +0800] "GET /xingrg/javascript/jquery_easy_ui/themes/icons/settle_new.png HTTP/1.1" 200 826
120.253.135.82 - - [04/Nov/2022:08:56:37 +0800] "GET /xingrg/images/blue/navBackgound.jpg HTTP/1.1" 200 12378
120.253.135.82 - - [04/Nov/2022:08:56:37 +0800] "GET /xingrg/images/blue/pingpu.png HTTP/1.1" 200 231
120.253.135.82 - - [04/Nov/2022:08:56:37 +0800] "GET /xingrg/javascript/jquery_easy_ui/themes/default/images/tabs_leftarrow.png HTTP/1.1" 200 389
120.253.135.82 - - [04/Nov/2022:08:56:37 +0800] "POST /xingrg/all/common/load_tree.html?tree=area_rest_tree_json&manage=1 HTTP/1.1" 200 344
120.253.135.82 - - [04/Nov/2022:08:56:37 +0800] "GET /xingrg/javascript/jquery_easy_ui/themes/default/images/tabs_rightarrow.png HTTP/1.1" 200 395
120.253.135.82 - - [04/Nov/2022:08:56:37 +0800] "GET /xingrg/javascript/jquery_easy_ui/themes/default/images/panel_tool_collapse.gif HTTP/1.1" 200 246
120.253.135.82 - - [04/Nov/2022:08:56:37 +0800] "POST /xingrg/load_menu.html HTTP/1.1" 200 6743
120.253.135.82 - - [04/Nov/2022:08:56:37 +0800] "GET /xingrg/javascript/jquery_easy_ui/themes/default/images/tree_arrows.gif HTTP/1.1" 200 1043
120.253.135.82 - - [04/Nov/2022:08:56:37 +0800] "GET /xingrg/check_reg.html?_=1667523204566 HTTP/1.1" 200 22
120.253.135.82 - - [04/Nov/2022:08:56:37 +0800] "GET /xingrg/all/function/internal_message.html?_=1667523204565&CODE_STATE=count HTTP/1.1" 200 11
120.253.135.82 - - [04/Nov/2022:08:56:38 +0800] "GET /xingrg/javascript/jquery_easy_ui/themes/icons/search_new.png HTTP/1.1" 200 586
120.253.135.82 - - [04/Nov/2022:08:56:38 +0800] "GET /xingrg/javascript/jquery_easy_ui/themes/icons/forms_new.png HTTP/1.1" 200 350
120.253.135.82 - - [04/Nov/2022:08:56:38 +0800] "GET /xingrg/javascript/jquery_easy_ui/themes/default/images/tree_folder_open.gif HTTP/1.1" 200 956
120.253.135.82 - - [04/Nov/2022:08:56:38 +0800] "GET /xingrg/javascript/jquery_easy_ui/themes/icons/delivery_new.png HTTP/1.1" 200 700
120.253.135.82 - - [04/Nov/2022:08:56:38 +0800] "GET /xingrg/javascript/jquery_easy_ui/themes/icons/storage_new.png HTTP/1.1" 200 853
120.253.135.82 - - [04/Nov/2022:08:56:38 +0800] "GET /xingrg/javascript/jquery_easy_ui/themes/default/images/tree_folder.gif HTTP/1.1" 200 952
120.253.135.82 - - [04/Nov/2022:08:56:38 +0800] "GET /xingrg/javascript/jquery_easy_ui/themes/default/images/tree_file.gif HTTP/1.1" 200 118
218.81.217.29 - - [04/Nov/2022:08:56:38 +0800] "GET /xingrg/all/function/internal_message.html?_=1667523425390&CODE_STATE=getMsg HTTP/1.1" 200 27
222.70.183.206 - - [04/Nov/2022:08:56:40 +0800] "GET /xingrg/all/function/internal_message.html?_=1667523407432&CODE_STATE=getMsg HTTP/1.1" 200 27
116.230.105.139 - - [04/Nov/2022:08:56:42 +0800] "GET /xingrg/check_reg.html?_=1667523359650 HTTP/1.1" 200 22
116.238.139.35 - - [04/Nov/2022:08:56:42 +0800] "POST /xingrg/kc/buy/cgsh_order_operate.html HTTP/1.1" 200 37
116.230.105.139 - - [04/Nov/2022:08:56:43 +0800] "GET /xingrg/all/function/internal_message.html?_=1667523360690&CODE_STATE=getMsg HTTP/1.1" 200 27
180.169.147.146 - - [04/Nov/2022:08:56:43 +0800] "GET /xingrg/all/function/internal_message.html?_=1667523412562&CODE_STATE=getMsg HTTP/1.1" 200 27
116.238.139.35 - - [04/Nov/2022:08:56:44 +0800] "POST /xingrg/kc/buy/cgsh_order_operate.html HTTP/1.1" 200 31668
101.229.170.33 - - [04/Nov/2022:08:56:50 +0800] "GET /xingrg/all/function/internal_message.html?_=1667523425308&CODE_STATE=getMsg HTTP/1.1" 200 27
116.238.139.35 - - [04/Nov/2022:08:56:51 +0800] "GET /xingrg/kc/buy/cgsh_order_operate.html?command=get_materiel&rest_code=00150&code=00101008224&supplier_code=00100008&order_time=2022-11-04 HTTP/1.1" 200 416
120.253.135.82 - - [04/Nov/2022:08:56:54 +0800] "GET /xingrg/javascript/jquery_easy_ui/themes/default/images/tabs_close.gif HTTP/1.1" 200 829
120.253.135.82 - - [04/Nov/2022:08:56:54 +0800] "GET /xingrg/css/site.css HTTP/1.1" 200 7541
120.253.135.82 - - [04/Nov/2022:08:56:54 +0800] "GET /xingrg/css/base.css HTTP/1.1" 200 2811
120.253.135.82 - - [04/Nov/2022:08:56:54 +0800] "GET /xingrg/kc/pszx/mdps_order_list.html?orderType=0 HTTP/1.1" 200 20946
120.253.135.82 - - [04/Nov/2022:08:56:54 +0800] "GET /xingrg/javascript/jquery_tools/datebox.css HTTP/1.1" 200 2597
120.253.135.82 - - [04/Nov/2022:08:56:54 +0800] "GET /xingrg/javascript/easyui/themes/icon.css HTTP/1.1" 200 4483
120.253.135.82 - - [04/Nov/2022:08:56:54 +0800] "GET /xingrg/javascript/auto/jquery.autocomplete.css HTTP/1.1" 200 587
120.253.135.82 - - [04/Nov/2022:08:56:54 +0800] "GET /xingrg/javascript/jquery_tools/table.css HTTP/1.1" 200 1032
120.253.135.82 - - [04/Nov/2022:08:56:54 +0800] "GET /xingrg/javascript/jquery_tools/fix.css HTTP/1.1" 200 1702
120.253.135.82 - - [04/Nov/2022:08:56:54 +0800] "GET /xingrg/javascript/jquery_tools/jquery.tools.min.js HTTP/1.1" 200 138801
120.253.135.82 - - [04/Nov/2022:08:56:54 +0800] "GET /xingrg/javascript/jquery_tools/list_manager.js HTTP/1.1" 200 3652
120.253.135.82 - - [04/Nov/2022:08:56:54 +0800] "GET /xingrg/javascript/jquery.cookie.js HTTP/1.1" 200 5513
120.253.135.82 - - [04/Nov/2022:08:56:54 +0800] "GET /xingrg/javascript/easyui/easyloader.js HTTP/1.1" 200 5975
120.253.135.82 - - [04/Nov/2022:08:56:54 +0800] "GET /xingrg/javascript/jquery_tools/jquery.tools.table.js HTTP/1.1" 200 6994
120.253.135.82 - - [04/Nov/2022:08:56:54 +0800] "GET /xingrg/javascript/jquery_tools/jquery.tools.hotkey.js HTTP/1.1" 200 3242
120.253.135.82 - - [04/Nov/2022:08:56:54 +0800] "GET /xingrg/javascript/print/LodopFuncs.js HTTP/1.1" 200 5121
120.253.135.82 - - [04/Nov/2022:08:56:54 +0800] "GET /xingrg/javascript/auto/jquery.autocomplete.js HTTP/1.1" 200 21624
120.253.135.82 - - [04/Nov/2022:08:56:54 +0800] "GET /xingrg/javascript/easyui/themes/default/easyui.css HTTP/1.1" 200 30432
120.253.135.82 - - [04/Nov/2022:08:56:54 +0800] "GET /xingrg/javascript/jquery_tools/jquery.tools.extend.js HTTP/1.1" 200 15385
120.253.135.82 - - [04/Nov/2022:08:56:54 +0800] "GET /xingrg/javascript/easyui/themes/icons/edit_add_new.png HTTP/1.1" 200 2997
120.253.135.82 - - [04/Nov/2022:08:56:54 +0800] "GET /xingrg/javascript/easyui/themes/icons/field_new.png HTTP/1.1" 200 1097
120.253.135.82 - - [04/Nov/2022:08:56:54 +0800] "GET /xingrg/javascript/easyui/themes/icons/cance_new.png HTTP/1.1" 200 3986
120.253.135.82 - - [04/Nov/2022:08:56:54 +0800] "GET /xingrg/javascript/easyui/themes/icons/uncheck_new.png HTTP/1.1" 200 3197
120.253.135.82 - - [04/Nov/2022:08:56:54 +0800] "GET /xingrg/javascript/easyui/themes/icons/check_new.png HTTP/1.1" 200 3224
120.253.135.82 - - [04/Nov/2022:08:56:54 +0800] "GET /xingrg/javascript/easyui/themes/icons/import_new.png HTTP/1.1" 200 1247
120.253.135.82 - - [04/Nov/2022:08:56:54 +0800] "GET /xingrg/javascript/easyui/plugins/jquery.parser.js HTTP/1.1" 200 1142
120.253.135.82 - - [04/Nov/2022:08:56:54 +0800] "GET /xingrg/images/control/ajaxLoader.gif HTTP/1.1" 200 4659
120.253.135.82 - - [04/Nov/2022:08:56:54 +0800] "GET /xingrg/javascript/jquery_easy_ui/themes/icons/area.png HTTP/1.1" 200 262
120.253.135.82 - - [04/Nov/2022:08:56:54 +0800] "GET /xingrg/javascript/jquery_easy_ui/themes/icons/manage.png HTTP/1.1" 200 696
120.253.135.82 - - [04/Nov/2022:08:56:55 +0800] "POST /xingrg/kc/pszx/mdps_list_operate.html HTTP/1.1" 200 5285
58.39.169.76 - - [04/Nov/2022:08:56:55 +0800] "GET /xingrg/all/function/internal_message.html?_=1667523275125&CODE_STATE=getMsg HTTP/1.1" 200 27
120.253.135.82 - - [04/Nov/2022:08:56:55 +0800] "GET /xingrg/javascript/easyui/themes/default/images/button_plain_hover.png HTTP/1.1" 200 144
120.253.135.82 - - [04/Nov/2022:08:56:56 +0800] "GET /xingrg/kc/pszx/mdps_order_add.html HTTP/1.1" 200 29015
120.253.135.82 - - [04/Nov/2022:08:56:56 +0800] "GET /xingrg/javascript/convert.js HTTP/1.1" 200 1239
120.253.135.82 - - [04/Nov/2022:08:56:56 +0800] "GET /xingrg/javascript/pic_change.js HTTP/1.1" 200 4739
120.253.135.82 - - [04/Nov/2022:08:56:56 +0800] "GET /xingrg/javascript/json2.js HTTP/1.1" 200 11259
120.253.135.82 - - [04/Nov/2022:08:56:56 +0800] "GET /xingrg/javascript/print/kc_print.js HTTP/1.1" 200 11415
120.253.135.82 - - [04/Nov/2022:08:56:56 +0800] "GET /xingrg/javascript/jquery_tools/order_manager.js HTTP/1.1" 200 11183
120.253.135.82 - - [04/Nov/2022:08:56:56 +0800] "GET /xingrg/javascript/myfunction.js HTTP/1.1" 200 24559
120.253.135.82 - - [04/Nov/2022:08:56:57 +0800] "GET /xingrg/words/20221103130635_words.js HTTP/1.1" 200 929965
120.253.135.82 - - [04/Nov/2022:08:56:57 +0800] "GET /xingrg/javascript/easyui/themes/default/images/menu_downarrow.png HTTP/1.1" 200 173
120.253.135.82 - - [04/Nov/2022:08:56:57 +0800] "GET /xingrg/javascript/easyui/themes/icons/ok.png HTTP/1.1" 200 883
120.253.135.82 - - [04/Nov/2022:08:56:57 +0800] "GET /xingrg/javascript/easyui/themes/icons/copy_new.png HTTP/1.1" 200 815
120.253.135.82 - - [04/Nov/2022:08:56:57 +0800] "GET /xingrg/javascript/easyui/themes/icons/print.png HTTP/1.1" 200 1057
120.253.135.82 - - [04/Nov/2022:08:56:57 +0800] "GET /xingrg/javascript/easyui/themes/icons/cancel.png HTTP/1.1" 200 1133
120.253.135.82 - - [04/Nov/2022:08:56:58 +0800] "GET /xingrg/all/common/auto_word.html?type=base&rest_code=00101 HTTP/1.1" 200 671
120.253.135.82 - - [04/Nov/2022:08:56:58 +0800] "GET /xingrg/javascript/easyui/themes/default/validatebox.css HTTP/1.1" 404 1104
120.253.135.82 - - [04/Nov/2022:08:56:58 +0800] "GET /xingrg/javascript/easyui/plugins/jquery.validatebox.js HTTP/1.1" 200 6103
120.253.135.82 - - [04/Nov/2022:08:56:58 +0800] "POST /xingrg/kc/pszx/mdps_order_operate.html HTTP/1.1" 200 7126
120.253.135.82 - - [04/Nov/2022:08:56:58 +0800] "GET /xingrg/javascript/easyui/plugins/jquery.numberbox.js HTTP/1.1" 200 5213
120.253.135.82 - - [04/Nov/2022:08:56:58 +0800] "GET /xingrg/javascript/easyui/themes/icons/edit_remove.png HTTP/1.1" 200 625
222.70.183.206 - - [04/Nov/2022:08:56:59 +0800] "GET /xingrg/all/function/internal_message.html?_=1667523595959&CODE_STATE=getMsg HTTP/1.1" 200 27
222.70.183.206 - - [04/Nov/2022:08:56:59 +0800] "GET /xingrg/check_reg.html?_=1667523595963 HTTP/1.1" 200 22
116.238.139.35 - - [04/Nov/2022:08:57:00 +0800] "GET /xingrg/kc/buy/cgsh_order_operate.html?command=get_materiel&rest_code=00150&code=00101008049&supplier_code=00100008&order_time=2022-11-04 HTTP/1.1" 200 408
116.238.139.35 - - [04/Nov/2022:08:57:01 +0800] "GET /xingrg/all/function/internal_message.html?_=1667523357859&CODE_STATE=getMsg HTTP/1.1" 200 27
120.253.135.82 - - [04/Nov/2022:08:57:02 +0800] "GET /xingrg/javascript/auto/indicator.gif HTTP/1.1" 404 1066
120.253.135.82 - - [04/Nov/2022:08:57:09 +0800] "GET /xingrg/css/images/panel_loading.gif HTTP/1.1" 200 1737
120.253.135.82 - - [04/Nov/2022:08:57:09 +0800] "POST /xingrg/all/common/load_combo.html?type=base HTTP/1.1" 200 1169
180.162.229.95 - - [04/Nov/2022:08:57:18 +0800] "GET /xingrg/all/function/internal_message.html?_=1667523448553&CODE_STATE=getMsg HTTP/1.1" 200 27
116.238.139.35 - - [04/Nov/2022:08:57:19 +0800] "GET /xingrg/kc/buy/cgsh_order_operate.html?command=get_materiel&rest_code=00150&code=00101020139&supplier_code=00100008&order_time=2022-11-04 HTTP/1.1" 200 435
120.253.135.82 - - [04/Nov/2022:08:57:19 +0800] "GET /xingrg/kc/pszx/mdps_order_operate.html?command=get_materiel&pszx_code=00101&rest_code=00103&base_code=0010250&code=00102002373 HTTP/1.1" 200 428
180.169.147.146 - - [04/Nov/2022:08:57:22 +0800] "GET /xingrg/all/function/internal_message.html?_=1667523450949&CODE_STATE=getMsg HTTP/1.1" 200 27
114.84.81.136 - - [04/Nov/2022:08:57:24 +0800] "GET /xingrg/all/function/internal_message.html?_=1667523453315&CODE_STATE=getMsg HTTP/1.1" 200 27
120.253.135.82 - - [04/Nov/2022:08:57:27 +0800] "POST /xingrg/kc/pszx/mdps_order_operate.html HTTP/1.1" 200 37
120.253.135.82 - - [04/Nov/2022:08:57:28 +0800] "GET /xingrg/kc/pszx/mdps_order_info.html?code=312022110400081 HTTP/1.1" 200 23976
120.253.135.82 - - [04/Nov/2022:08:57:28 +0800] "GET /xingrg/javascript/easyui/themes/default/validatebox.css HTTP/1.1" 404 1104
120.253.135.82 - - [04/Nov/2022:08:57:29 +0800] "POST /xingrg/kc/pszx/mdps_order_operate.html HTTP/1.1" 200 2284
116.238.139.35 - - [04/Nov/2022:08:57:31 +0800] "GET /xingrg/kc/buy/cgsh_order_operate.html?command=get_materiel&rest_code=00150&code=00101008040&supplier_code=00100008&order_time=2022-11-04 HTTP/1.1" 200 412
120.253.135.82 - - [04/Nov/2022:08:57:31 +0800] "GET /xingrg/kc/print/load_config.html?kc_code=mdps HTTP/1.1" 200 2390
120.253.135.82 - - [04/Nov/2022:08:57:31 +0800] "GET /xingrg/kc/print/load_data.html?order_code=312022110400081&kc_code=mdps&condition= HTTP/1.1" 200 678
114.84.81.136 - - [04/Nov/2022:08:57:35 +0800] "GET /xingrg/check_reg.html?_=1667523465028 HTTP/1.1" 200 22
120.253.135.82 - - [04/Nov/2022:08:57:37 +0800] "GET /xingrg/all/function/internal_message.html?_=1667523264573&CODE_STATE=getMsg HTTP/1.1" 200 27
218.81.217.29 - - [04/Nov/2022:08:57:38 +0800] "GET /xingrg/all/function/internal_message.html?_=1667523485403&CODE_STATE=getMsg HTTP/1.1" 200 27
116.238.139.35 - - [04/Nov/2022:08:57:40 +0800] "POST /xingrg/kc/buy/cgsh_order_operate.html HTTP/1.1" 200 37
222.70.183.206 - - [04/Nov/2022:08:57:40 +0800] "GET /xingrg/check_reg.html?_=1667523467427 HTTP/1.1" 200 22
222.70.183.206 - - [04/Nov/2022:08:57:40 +0800] "GET /xingrg/all/function/internal_message.html?_=1667523467423&CODE_STATE=getMsg HTTP/1.1" 200 27
116.230.105.139 - - [04/Nov/2022:08:57:43 +0800] "GET /xingrg/all/function/internal_message.html?_=1667523420666&CODE_STATE=getMsg HTTP/1.1" 200 27
180.169.147.146 - - [04/Nov/2022:08:57:43 +0800] "GET /xingrg/all/function/internal_message.html?_=1667523472565&CODE_STATE=getMsg HTTP/1.1" 200 27
116.238.139.35 - - [04/Nov/2022:08:57:45 +0800] "POST /xingrg/kc/buy/cgsh_order_operate.html HTTP/1.1" 200 34070
116.238.139.35 - - [04/Nov/2022:08:57:48 +0800] "GET /xingrg/javascript/jquery_easy_ui/themes/default/images/button_a_bg.gif HTTP/1.1" 304 -
116.238.139.35 - - [04/Nov/2022:08:57:48 +0800] "GET /xingrg/javascript/jquery_easy_ui/themes/default/images/button_span_bg.gif HTTP/1.1" 304 -
116.238.139.35 - - [04/Nov/2022:08:57:48 +0800] "GET /xingrg/javascript/jquery_easy_ui/themes/default/images/panel_tools.gif HTTP/1.1" 304 -
116.238.139.35 - - [04/Nov/2022:08:57:48 +0800] "GET /xingrg/javascript/jquery_easy_ui/themes/default/images/panel_title.png HTTP/1.1" 304 -
116.238.139.35 - - [04/Nov/2022:08:57:48 +0800] "GET /xingrg/javascript/jquery_easy_ui/themes/icons/ok.png HTTP/1.1" 304 -
101.229.170.33 - - [04/Nov/2022:08:57:50 +0800] "GET /xingrg/all/function/internal_message.html?_=1667523485308&CODE_STATE=getMsg HTTP/1.1" 200 27
101.229.170.33 - - [04/Nov/2022:08:57:50 +0800] "GET /xingrg/check_reg.html?_=1667523485310 HTTP/1.1" 200 22
116.238.139.35 - - [04/Nov/2022:08:57:50 +0800] "POST /xingrg/all/user/operate.html HTTP/1.1" 200 36
116.238.139.35 - - [04/Nov/2022:08:57:52 +0800] "GET /xingrg/index.html?sysBaseUrl=http%3A%2F%2F180.169.147.146%3A18081%2Fxingrg%2F&costTime=45×tamp=1667521498568 HTTP/1.1" 200 17177
116.238.139.35 - - [04/Nov/2022:08:57:52 +0800] "GET /xingrg/javascript/jquery_easy_ui/themes/default/easyui.css HTTP/1.1" 304 -
116.238.139.35 - - [04/Nov/2022:08:57:52 +0800] "GET /xingrg/javascript/jquery_easy_ui/themes/icon.css HTTP/1.1" 304 -
116.238.139.35 - - [04/Nov/2022:08:57:52 +0800] "GET /xingrg/css/form.css HTTP/1.1" 304 -
116.238.139.35 - - [04/Nov/2022:08:57:52 +0800] "GET /xingrg/javascript/jquery-1.4.2.min.js HTTP/1.1" 304 -
116.238.139.35 - - [04/Nov/2022:08:57:52 +0800] "GET /xingrg/javascript/jquery_easy_ui/jquery.easyui.min.js HTTP/1.1" 304 -
116.238.139.35 - - [04/Nov/2022:08:57:52 +0800] "GET /xingrg/javascript/jquery_easy_ui/easyui-lang-zh_CN.js HTTP/1.1" 304 -
116.238.139.35 - - [04/Nov/2022:08:57:52 +0800] "GET /xingrg/javascript/jquery.form.js HTTP/1.1" 304 -
116.238.139.35 - - [04/Nov/2022:08:57:52 +0800] "GET /xingrg/javascript/jquery.utils.js HTTP/1.1" 304 -
116.238.139.35 - - [04/Nov/2022:08:57:52 +0800] "GET /xingrg/javascript/jquery.timers.js HTTP/1.1" 304 -
116.238.139.35 - - [04/Nov/2022:08:57:52 +0800] "GET /xingrg/images/blue/jxLogo.png HTTP/1.1" 304 -
116.238.139.35 - - [04/Nov/2022:08:57:52 +0800] "GET /xingrg/images/blue/navBackgound.jpg HTTP/1.1" 304 -
116.238.139.35 - - [04/Nov/2022:08:57:52 +0800] "GET /xingrg/javascript/jquery_easy_ui/themes/icons/settle_new.png HTTP/1.1" 304 -
116.238.139.35 - - [04/Nov/2022:08:57:52 +0800] "POST /xingrg/all/common/load_tree.html?tree=area_rest_tree_json&manage=1 HTTP/1.1" 200 476
116.238.139.35 - - [04/Nov/2022:08:57:52 +0800] "GET /xingrg/images/blue/pingpu.png HTTP/1.1" 304 -
116.238.139.35 - - [04/Nov/2022:08:57:52 +0800] "GET /xingrg/javascript/jquery_easy_ui/themes/default/images/tabs_leftarrow.png HTTP/1.1" 304 -
116.238.139.35 - - [04/Nov/2022:08:57:52 +0800] "GET /xingrg/javascript/jquery_easy_ui/themes/default/images/tabs_rightarrow.png HTTP/1.1" 304 -
116.238.139.35 - - [04/Nov/2022:08:57:52 +0800] "GET /xingrg/javascript/jquery_easy_ui/themes/default/images/panel_tool_collapse.gif HTTP/1.1" 304 -
116.238.139.35 - - [04/Nov/2022:08:57:52 +0800] "GET /xingrg/all/function/internal_message.html?_=1667523408342&CODE_STATE=count HTTP/1.1" 200 11
116.238.139.35 - - [04/Nov/2022:08:57:52 +0800] "GET /xingrg/check_reg.html?_=1667523408343 HTTP/1.1" 200 22
116.238.139.35 - - [04/Nov/2022:08:57:52 +0800] "POST /xingrg/load_menu.html HTTP/1.1" 200 5138
58.39.169.76 - - [04/Nov/2022:08:57:55 +0800] "GET /xingrg/all/function/internal_message.html?_=1667523335133&CODE_STATE=getMsg HTTP/1.1" 200 27
222.70.183.206 - - [04/Nov/2022:08:57:59 +0800] "GET /xingrg/all/function/internal_message.html?_=1667523655953&CODE_STATE=getMsg HTTP/1.1" 200 27
222.70.183.206 - - [04/Nov/2022:08:58:00 +0800] "GET /xingrg/kc/buy/cgsh_order_operate.html?command=get_materiel&rest_code=00111&code=00101008357&supplier_code=00100005&order_time=2022-11-04 HTTP/1.1" 200 408
58.39.169.76 - - [04/Nov/2022:08:58:02 +0800] "GET /xingrg/kc/buy/cgsh_order_add.html HTTP/1.1" 200 69280
58.39.169.76 - - [04/Nov/2022:08:58:03 +0800] "POST /xingrg/kc/buy/cgsh_order_operate.html HTTP/1.1" 200 8245
58.39.169.76 - - [04/Nov/2022:08:58:03 +0800] "GET /xingrg/javascript/easyui/themes/default/validatebox.css HTTP/1.1" 404 1104
180.162.229.95 - - [04/Nov/2022:08:58:07 +0800] "GET /xingrg/check_reg.html?_=1667523497344 HTTP/1.1" 200 22
222.70.183.206 - - [04/Nov/2022:08:58:08 +0800] "GET /xingrg/kc/buy/cgsh_order_operate.html?command=get_materiel&rest_code=00111&code=00101008098&supplier_code=00100005&order_time=2022-11-04 HTTP/1.1" 200 412
116.238.139.35 - - [04/Nov/2022:08:58:16 +0800] "GET /xingrg/kc/buy/cgsh_order_list.html HTTP/1.1" 200 53421
116.238.139.35 - - [04/Nov/2022:08:58:18 +0800] "POST /xingrg/kc/buy/cgsh_list_operate.html HTTP/1.1" 200 986
180.162.229.95 - - [04/Nov/2022:08:58:18 +0800] "GET /xingrg/all/function/internal_message.html?_=1667523508534&CODE_STATE=getMsg HTTP/1.1" 200 27
116.238.139.35 - - [04/Nov/2022:08:58:19 +0800] "GET /xingrg/kc/buy/cgsh_order_add.html HTTP/1.1" 200 68808
222.70.183.206 - - [04/Nov/2022:08:58:19 +0800] "GET /xingrg/kc/buy/cgsh_order_operate.html?command=get_materiel&rest_code=00111&code=00101008101&supplier_code=00100005&order_time=2022-11-04 HTTP/1.1" 200 412
116.238.139.35 - - [04/Nov/2022:08:58:19 +0800] "POST /xingrg/kc/buy/cgsh_order_operate.html HTTP/1.1" 200 8245
116.238.139.35 - - [04/Nov/2022:08:58:19 +0800] "GET /xingrg/all/common/auto_word.html?type=employee&rest_code=00151 HTTP/1.1" 200 293
116.238.139.35 - - [04/Nov/2022:08:58:19 +0800] "GET /xingrg/all/common/auto_word.html?type=employee&rest_code=00151 HTTP/1.1" 200 293
116.238.139.35 - - [04/Nov/2022:08:58:19 +0800] "GET /xingrg/javascript/easyui/themes/default/validatebox.css HTTP/1.1" 404 1104
116.238.139.35 - - [04/Nov/2022:08:58:21 +0800] "GET /xingrg/javascript/auto/indicator.gif HTTP/1.1" 404 1066
180.169.147.146 - - [04/Nov/2022:08:58:22 +0800] "GET /xingrg/all/function/internal_message.html?_=1667523510995&CODE_STATE=getMsg HTTP/1.1" 200 27
114.84.81.136 - - [04/Nov/2022:08:58:24 +0800] "GET /xingrg/all/function/internal_message.html?_=1667523513297&CODE_STATE=getMsg HTTP/1.1" 200 27
222.70.183.206 - - [04/Nov/2022:08:58:27 +0800] "GET /xingrg/kc/buy/cgsh_order_operate.html?command=get_materiel&rest_code=00111&code=00101008027&supplier_code=00100005&order_time=2022-11-04 HTTP/1.1" 200 408
116.238.139.35 - - [04/Nov/2022:08:58:29 +0800] "GET /xingrg/kc/buy/cgsh_order_operate.html?command=get_materiel&rest_code=00151&code=00101012039&supplier_code=00100096&order_time=2022-11-04 HTTP/1.1" 200 408
58.39.169.76 - - [04/Nov/2022:08:58:32 +0800] "GET /xingrg/kc/buy/cgsh_order_operate.html?command=get_materiel&rest_code=00105&code=00101007032&supplier_code=00100002&order_time=2022-11-04 HTTP/1.1" 200 413
222.70.183.206 - - [04/Nov/2022:08:58:37 +0800] "GET /xingrg/kc/buy/cgsh_order_operate.html?command=get_materiel&rest_code=00111&code=00101008037&supplier_code=00100005&order_time=2022-11-04 HTTP/1.1" 200 415
120.253.135.82 - - [04/Nov/2022:08:58:37 +0800] "GET /xingrg/all/function/internal_message.html?_=1667523324601&CODE_STATE=getMsg HTTP/1.1" 200 27
218.81.217.29 - - [04/Nov/2022:08:58:38 +0800] "GET /xingrg/all/function/internal_message.html?_=1667523545477&CODE_STATE=getMsg HTTP/1.1" 200 27
116.238.139.35 - - [04/Nov/2022:08:58:39 +0800] "GET /xingrg/kc/buy/cgsh_order_operate.html?command=get_materiel&rest_code=00151&code=00101016038&supplier_code=00100096&order_time=2022-11-04 HTTP/1.1" 200 408
222.70.183.206 - - [04/Nov/2022:08:58:40 +0800] "GET /xingrg/all/function/internal_message.html?_=1667523527429&CODE_STATE=getMsg HTTP/1.1" 200 27
116.230.105.139 - - [04/Nov/2022:08:58:43 +0800] "GET /xingrg/all/function/internal_message.html?_=1667523480647&CODE_STATE=getMsg HTTP/1.1" 200 27
180.169.147.146 - - [04/Nov/2022:08:58:43 +0800] "GET /xingrg/all/function/internal_message.html?_=1667523532568&CODE_STATE=getMsg HTTP/1.1" 200 27
116.238.139.35 - - [04/Nov/2022:08:58:45 +0800] "GET /xingrg/kc/buy/cgsh_order_operate.html?command=get_materiel&rest_code=00151&code=00101016051&supplier_code=00100096&order_time=2022-11-04 HTTP/1.1" 200 408
101.229.170.33 - - [04/Nov/2022:08:58:50 +0800] "GET /xingrg/all/function/internal_message.html?_=1667523545307&CODE_STATE=getMsg HTTP/1.1" 200 27
116.230.105.139 - - [04/Nov/2022:08:58:51 +0800] "GET /xingrg/kc/buy/cgsh_order_operate.html?command=get_materiel&rest_code=00155&code=00101009013&supplier_code=00100037&order_time=2022-11-04 HTTP/1.1" 200 422
116.238.139.35 - - [04/Nov/2022:08:58:52 +0800] "GET /xingrg/all/function/internal_message.html?_=1667523468353&CODE_STATE=getMsg HTTP/1.1" 200 27
222.70.183.206 - - [04/Nov/2022:08:58:52 +0800] "GET /xingrg/kc/buy/cgsh_order_operate.html?command=get_materiel&rest_code=00111&code=00101008257&supplier_code=00100005&order_time=2022-11-04 HTTP/1.1" 200 416
116.238.139.35 - - [04/Nov/2022:08:58:52 +0800] "GET /xingrg/kc/buy/cgsh_order_operate.html?command=get_materiel&rest_code=00151&code=00101012025&supplier_code=00100096&order_time=2022-11-04 HTTP/1.1" 200 412
58.39.169.76 - - [04/Nov/2022:08:58:55 +0800] "GET /xingrg/all/function/internal_message.html?_=1667523395139&CODE_STATE=getMsg HTTP/1.1" 200 27
120.253.135.82 - - [04/Nov/2022:08:58:55 +0800] "POST /xingrg/kc/pszx/mdps_order_operate.html HTTP/1.1" 200 37
58.39.169.76 - - [04/Nov/2022:08:58:55 +0800] "GET /xingrg/kc/buy/cgsh_order_operate.html?command=get_materiel&rest_code=00105&code=00101007081&supplier_code=00100002&order_time=2022-11-04 HTTP/1.1" 200 413
120.253.135.82 - - [04/Nov/2022:08:58:57 +0800] "POST /xingrg/kc/pszx/mdps_order_operate.html HTTP/1.1" 200 12
222.70.183.206 - - [04/Nov/2022:08:58:59 +0800] "GET /xingrg/all/function/internal_message.html?_=1667523715969&CODE_STATE=getMsg HTTP/1.1" 200 27
116.238.139.35 - - [04/Nov/2022:08:59:01 +0800] "GET /xingrg/kc/buy/cgsh_order_operate.html?command=get_materiel&rest_code=00151&code=00101010711&supplier_code=00100096&order_time=2022-11-04 HTTP/1.1" 200 406
116.230.105.139 - - [04/Nov/2022:08:59:04 +0800] "GET /xingrg/kc/buy/cgsh_order_operate.html?command=get_materiel&rest_code=00155&code=00101009044&supplier_code=00100037&order_time=2022-11-04 HTTP/1.1" 200 412
222.70.183.206 - - [04/Nov/2022:08:59:08 +0800] "GET /xingrg/kc/buy/cgsh_order_operate.html?command=get_materiel&rest_code=00111&code=00101008077&supplier_code=00100005&order_time=2022-11-04 HTTP/1.1" 200 416
116.238.139.35 - - [04/Nov/2022:08:59:12 +0800] "GET /xingrg/kc/buy/cgsh_order_operate.html?command=get_materiel&rest_code=00151&code=00101006013&supplier_code=00100096&order_time=2022-11-04 HTTP/1.1" 200 409
116.230.105.139 - - [04/Nov/2022:08:59:14 +0800] "GET /xingrg/kc/buy/cgsh_order_operate.html?command=get_materiel&rest_code=00155&code=00101009118&supplier_code=00100037&order_time=2022-11-04 HTTP/1.1" 200 424
180.162.229.95 - - [04/Nov/2022:08:59:18 +0800] "GET /xingrg/all/function/internal_message.html?_=1667523568509&CODE_STATE=getMsg HTTP/1.1" 200 27
120.253.135.82 - - [04/Nov/2022:08:59:19 +0800] "GET /xingrg/kc/pszx/mdps_order_info.html?code=312022110400081 HTTP/1.1" 200 19636
120.253.135.82 - - [04/Nov/2022:08:59:19 +0800] "POST /xingrg/kc/pszx/mdps_order_operate.html HTTP/1.1" 200 504
120.253.135.82 - - [04/Nov/2022:08:59:19 +0800] "GET /xingrg/javascript/easyui/themes/default/validatebox.css HTTP/1.1" 404 1104
180.169.147.146 - - [04/Nov/2022:08:59:22 +0800] "GET /xingrg/all/function/internal_message.html?_=1667523570979&CODE_STATE=getMsg HTTP/1.1" 200 27
114.84.81.136 - - [04/Nov/2022:08:59:24 +0800] "GET /xingrg/all/function/internal_message.html?_=1667523573284&CODE_STATE=getMsg HTTP/1.1" 200 27
222.70.183.206 - - [04/Nov/2022:08:59:25 +0800] "GET /xingrg/kc/buy/cgsh_order_operate.html?command=get_materiel&rest_code=00111&code=00101008036&supplier_code=00100005&order_time=2022-11-04 HTTP/1.1" 200 408
101.83.241.90 - - [04/Nov/2022:08:59:28 +0800] "POST /xingrg/services/DataTransmitService HTTP/1.1" 200 524
116.230.105.139 - - [04/Nov/2022:08:59:28 +0800] "GET /xingrg/kc/buy/cgsh_order_operate.html?command=get_materiel&rest_code=00155&code=00101015061&supplier_code=00100037&order_time=2022-11-04 HTTP/1.1" 200 412
116.238.139.35 - - [04/Nov/2022:08:59:32 +0800] "POST /xingrg/kc/buy/cgsh_order_operate.html HTTP/1.1" 200 37
222.70.183.206 - - [04/Nov/2022:08:59:34 +0800] "GET /xingrg/kc/buy/cgsh_order_operate.html?command=get_materiel&rest_code=00111&code=00101008131&supplier_code=00100005&order_time=2022-11-04 HTTP/1.1" 200 408
120.253.135.82 - - [04/Nov/2022:08:59:34 +0800] "POST /xingrg/kc/pszx/mdps_list_operate.html HTTP/1.1" 200 2434
116.238.139.35 - - [04/Nov/2022:08:59:36 +0800] "POST /xingrg/kc/buy/cgsh_order_operate.html HTTP/1.1" 200 12
116.238.139.35 - - [04/Nov/2022:08:59:37 +0800] "GET /xingrg/kc/buy/cgsh_order_info.html?code=212022110400910 HTTP/1.1" 200 63705
116.238.139.35 - - [04/Nov/2022:08:59:37 +0800] "GET /xingrg/javascript/easyui/themes/default/validatebox.css HTTP/1.1" 404 1104
222.70.183.206 - - [04/Nov/2022:08:59:37 +0800] "POST /xingrg/kc/buy/cgsh_order_operate.html HTTP/1.1" 200 2065
120.253.135.82 - - [04/Nov/2022:08:59:37 +0800] "POST /xingrg/kc/pszx/mdps_list_operate.html HTTP/1.1" 200 601
120.253.135.82 - - [04/Nov/2022:08:59:37 +0800] "GET /xingrg/all/function/internal_message.html?_=1667523384643&CODE_STATE=getMsg HTTP/1.1" 200 27
116.238.139.35 - - [04/Nov/2022:08:59:38 +0800] "POST /xingrg/kc/buy/cgsh_order_operate.html HTTP/1.1" 200 3594
120.253.135.82 - - [04/Nov/2022:08:59:38 +0800] "GET /xingrg/kc/pszx/mdps_order_info.html?code=312022110300060 HTTP/1.1" 200 23978
218.81.217.29 - - [04/Nov/2022:08:59:38 +0800] "GET /xingrg/all/function/internal_message.html?_=1667523605493&CODE_STATE=getMsg HTTP/1.1" 200 27
120.253.135.82 - - [04/Nov/2022:08:59:39 +0800] "GET /xingrg/javascript/easyui/themes/default/validatebox.css HTTP/1.1" 404 1104
116.230.105.139 - - [04/Nov/2022:08:59:39 +0800] "GET /xingrg/kc/buy/cgsh_order_operate.html?command=get_materiel&rest_code=00155&code=00101015012&supplier_code=00100037&order_time=2022-11-04 HTTP/1.1" 200 412
120.253.135.82 - - [04/Nov/2022:08:59:39 +0800] "POST /xingrg/kc/pszx/mdps_order_operate.html HTTP/1.1" 200 4789
116.238.139.35 - - [04/Nov/2022:08:59:39 +0800] "GET /xingrg/kc/print/load_data.html?order_code=212022110400910&kc_code=cgsh&condition= HTTP/1.1" 200 1858
222.70.183.206 - - [04/Nov/2022:08:59:40 +0800] "GET /xingrg/all/function/internal_message.html?_=1667523587422&CODE_STATE=getMsg HTTP/1.1" 200 27
58.39.169.76 - - [04/Nov/2022:08:59:42 +0800] "POST /xingrg/kc/buy/cgsh_order_operate.html HTTP/1.1" 200 37
116.230.105.139 - - [04/Nov/2022:08:59:42 +0800] "GET /xingrg/all/function/internal_message.html?_=1667523540640&CODE_STATE=getMsg HTTP/1.1" 200 27
180.169.147.146 - - [04/Nov/2022:08:59:43 +0800] "GET /xingrg/all/function/internal_message.html?_=1667523592571&CODE_STATE=getMsg HTTP/1.1" 200 27
222.70.183.206 - - [04/Nov/2022:08:59:43 +0800] "GET /xingrg/kc/buy/cgsh_order_operate.html?command=get_materiel&rest_code=00111&code=00101008296&supplier_code=00100005&order_time=2022-11-04 HTTP/1.1" 200 416
58.39.169.76 - - [04/Nov/2022:08:59:44 +0800] "POST /xingrg/kc/buy/cgsh_order_operate.html HTTP/1.1" 200 3251
58.39.169.76 - - [04/Nov/2022:08:59:45 +0800] "GET /xingrg/kc/print/load_data.html?order_code=212022110400911&kc_code=cgsh&condition= HTTP/1.1" 200 971
124.78.153.35 - - [04/Nov/2022:08:59:49 +0800] "GET /xingrg/login.html HTTP/1.1" 200 7641
120.253.135.82 - - [04/Nov/2022:08:59:50 +0800] "POST /xingrg/kc/pszx/mdps_order_operate.html HTTP/1.1" 200 37
101.229.170.33 - - [04/Nov/2022:08:59:50 +0800] "GET /xingrg/all/function/internal_message.html?_=1667523605306&CODE_STATE=getMsg HTTP/1.1" 200 27
120.253.135.82 - - [04/Nov/2022:08:59:52 +0800] "POST /xingrg/kc/pszx/mdps_order_operate.html HTTP/1.1" 200 12
124.78.153.35 - - [04/Nov/2022:08:59:52 +0800] "GET /favicon.ico HTTP/1.1" 404 -
116.238.139.35 - - [04/Nov/2022:08:59:52 +0800] "GET /xingrg/all/function/internal_message.html?_=1667523528367&CODE_STATE=getMsg HTTP/1.1" 200 27
116.230.105.139 - - [04/Nov/2022:08:59:53 +0800] "GET /xingrg/kc/buy/cgsh_order_operate.html?command=get_materiel&rest_code=00155&code=00101013091&supplier_code=00100037&order_time=2022-11-04 HTTP/1.1" 200 413
120.253.135.82 - - [04/Nov/2022:08:59:53 +0800] "GET /xingrg/kc/pszx/mdps_order_info.html?code=312022110300060 HTTP/1.1" 200 19638
124.78.153.35 - - [04/Nov/2022:08:59:53 +0800] "POST /xingrg/login.do HTTP/1.1" 302 -
