222.70.183.206 - - [04/Nov/2022:09:55:59 +0800] "GET /xingrg/all/function/internal_message.html?_=1667527135957&CODE_STATE=getMsg HTTP/1.1" 200 27
114.88.159.190 - - [04/Nov/2022:09:56:01 +0800] "GET /xingrg/kc/buy/cgsh_order_operate.html?command=get_materiel&rest_code=00141&code=00101008242&supplier_code=00100007&order_time=2022-11-04 HTTP/1.1" 200 408
120.253.135.82 - - [04/Nov/2022:09:56:04 +0800] "GET /xingrg/all/function/internal_message.html?_=1667526770830&CODE_STATE=getMsg HTTP/1.1" 200 27
114.88.159.190 - - [04/Nov/2022:09:56:12 +0800] "GET /xingrg/kc/buy/cgsh_order_operate.html?command=get_materiel&rest_code=00141&code=00101008300&supplier_code=00100007&order_time=2022-11-04 HTTP/1.1" 200 412
116.230.105.139 - - [04/Nov/2022:09:56:12 +0800] "GET /xingrg/all/function/internal_message.html?_=1667526930094&CODE_STATE=getMsg HTTP/1.1" 200 27
114.83.219.57 - - [04/Nov/2022:09:56:13 +0800] "GET /xingrg/all/function/internal_message.html?_=1667527093896&CODE_STATE=getMsg HTTP/1.1" 200 27
114.88.159.190 - - [04/Nov/2022:09:56:14 +0800] "POST /xingrg/kc/buy/cgsh_order_operate.html HTTP/1.1" 200 2065
116.235.93.82 - - [04/Nov/2022:09:56:17 +0800] "GET /xingrg/all/function/internal_message.html?_=1667527198576&CODE_STATE=getMsg HTTP/1.1" 200 27
180.162.229.95 - - [04/Nov/2022:09:56:17 +0800] "GET /xingrg/all/function/internal_message.html?_=1667526987655&CODE_STATE=getMsg HTTP/1.1" 200 27
116.238.139.35 - - [04/Nov/2022:09:56:18 +0800] "GET /xingrg/all/function/internal_message.html?_=1667526914639&CODE_STATE=getMsg HTTP/1.1" 200 27
114.88.159.190 - - [04/Nov/2022:09:56:20 +0800] "GET /xingrg/kc/buy/cgsh_order_operate.html?command=get_materiel&rest_code=00141&code=00101008251&supplier_code=00100007&order_time=2022-11-04 HTTP/1.1" 200 408
180.169.147.146 - - [04/Nov/2022:09:56:20 +0800] "GET /xingrg/all/function/internal_message.html?_=1667526989735&CODE_STATE=getMsg HTTP/1.1" 200 27
180.169.147.146 - - [04/Nov/2022:09:56:21 +0800] "GET /xingrg/all/function/internal_message.html?_=1667526990018&CODE_STATE=getMsg HTTP/1.1" 200 27
114.84.81.136 - - [04/Nov/2022:09:56:23 +0800] "GET /xingrg/all/function/internal_message.html?_=1667526992291&CODE_STATE=getMsg HTTP/1.1" 200 27
120.253.135.82 - - [04/Nov/2022:09:56:38 +0800] "GET /xingrg/check_reg.html?_=1667526804831 HTTP/1.1" 200 22
114.88.159.190 - - [04/Nov/2022:09:56:39 +0800] "GET /xingrg/all/function/internal_message.html?_=1667527005025&CODE_STATE=getMsg HTTP/1.1" 200 27
218.81.217.29 - - [04/Nov/2022:09:56:41 +0800] "GET /xingrg/all/function/internal_message.html?_=1667527028435&CODE_STATE=getMsg HTTP/1.1" 200 27
114.88.159.190 - - [04/Nov/2022:09:56:45 +0800] "GET /xingrg/kc/buy/cgsh_order_operate.html?command=get_materiel&rest_code=00141&code=00101008295&supplier_code=00100007&order_time=2022-11-04 HTTP/1.1" 200 412
180.169.147.146 - - [04/Nov/2022:09:56:47 +0800] "GET /xingrg/all/function/internal_message.html?_=1667527009763&CODE_STATE=getMsg HTTP/1.1" 200 27
114.88.159.190 - - [04/Nov/2022:09:56:47 +0800] "POST /xingrg/kc/buy/cgsh_order_operate.html HTTP/1.1" 200 2065
101.229.170.33 - - [04/Nov/2022:09:56:50 +0800] "GET /xingrg/all/function/internal_message.html?_=1667527025342&CODE_STATE=getMsg HTTP/1.1" 200 27
222.70.183.206 - - [04/Nov/2022:09:56:51 +0800] "GET /xingrg/all/function/internal_message.html?_=1667527018667&CODE_STATE=getMsg HTTP/1.1" 200 27
114.88.159.190 - - [04/Nov/2022:09:56:52 +0800] "GET /xingrg/kc/buy/cgsh_order_operate.html?command=get_materiel&rest_code=00141&code=00101008271&supplier_code=00100007&order_time=2022-11-04 HTTP/1.1" 200 408
58.39.169.76 - - [04/Nov/2022:09:56:55 +0800] "GET /xingrg/all/function/internal_message.html?_=1667526875226&CODE_STATE=getMsg HTTP/1.1" 200 27
116.235.93.82 - - [04/Nov/2022:09:56:58 +0800] "POST /xingrg/services/DataTransmitService HTTP/1.1" 200 524
114.88.159.190 - - [04/Nov/2022:09:56:58 +0800] "GET /xingrg/all/function/internal_message.html?_=1667526642590&CODE_STATE=getMsg HTTP/1.1" 200 27
222.70.183.206 - - [04/Nov/2022:09:56:59 +0800] "GET /xingrg/all/function/internal_message.html?_=1667527195968&CODE_STATE=getMsg HTTP/1.1" 200 27
222.70.183.206 - - [04/Nov/2022:09:56:59 +0800] "GET /xingrg/check_reg.html?_=1667527195972 HTTP/1.1" 200 22
120.253.135.82 - - [04/Nov/2022:09:57:04 +0800] "GET /xingrg/all/function/internal_message.html?_=1667526830833&CODE_STATE=getMsg HTTP/1.1" 200 27
116.230.105.139 - - [04/Nov/2022:09:57:12 +0800] "GET /xingrg/check_reg.html?_=1667526990088 HTTP/1.1" 200 22
116.230.105.139 - - [04/Nov/2022:09:57:12 +0800] "GET /xingrg/all/function/internal_message.html?_=1667526990090&CODE_STATE=getMsg HTTP/1.1" 200 27
114.83.219.57 - - [04/Nov/2022:09:57:13 +0800] "GET /xingrg/all/function/internal_message.html?_=1667527153893&CODE_STATE=getMsg HTTP/1.1" 200 27
114.83.219.57 - - [04/Nov/2022:09:57:13 +0800] "GET /xingrg/check_reg.html?_=1667527153895 HTTP/1.1" 200 22
116.235.93.82 - - [04/Nov/2022:09:57:17 +0800] "GET /xingrg/check_reg.html?_=1667527258587 HTTP/1.1" 200 22
116.235.93.82 - - [04/Nov/2022:09:57:17 +0800] "GET /xingrg/all/function/internal_message.html?_=1667527258588&CODE_STATE=getMsg HTTP/1.1" 200 27
180.162.229.95 - - [04/Nov/2022:09:57:17 +0800] "GET /xingrg/all/function/internal_message.html?_=1667527047643&CODE_STATE=getMsg HTTP/1.1" 200 27
116.238.139.35 - - [04/Nov/2022:09:57:18 +0800] "GET /xingrg/all/function/internal_message.html?_=1667526974647&CODE_STATE=getMsg HTTP/1.1" 200 27
114.88.159.190 - - [04/Nov/2022:09:57:19 +0800] "GET /xingrg/kc/buy/cgsh_order_operate.html?command=get_materiel&rest_code=00141&code=00101008353&supplier_code=00100007&order_time=2022-11-04 HTTP/1.1" 200 408
180.169.147.146 - - [04/Nov/2022:09:57:20 +0800] "GET /xingrg/all/function/internal_message.html?_=1667527049750&CODE_STATE=getMsg HTTP/1.1" 200 27
180.169.147.146 - - [04/Nov/2022:09:57:21 +0800] "GET /xingrg/all/function/internal_message.html?_=1667527049997&CODE_STATE=getMsg HTTP/1.1" 200 27
114.84.81.136 - - [04/Nov/2022:09:57:23 +0800] "GET /xingrg/all/function/internal_message.html?_=1667527052275&CODE_STATE=getMsg HTTP/1.1" 200 27
114.88.159.190 - - [04/Nov/2022:09:57:30 +0800] "GET /xingrg/kc/buy/cgsh_order_operate.html?command=get_materiel&rest_code=00141&code=00101008298&supplier_code=00100007&order_time=2022-11-04 HTTP/1.1" 200 412
114.84.81.136 - - [04/Nov/2022:09:57:35 +0800] "GET /xingrg/check_reg.html?_=1667527064944 HTTP/1.1" 200 22
114.88.159.190 - - [04/Nov/2022:09:57:39 +0800] "GET /xingrg/all/function/internal_message.html?_=1667527065005&CODE_STATE=getMsg HTTP/1.1" 200 27
218.81.217.29 - - [04/Nov/2022:09:57:41 +0800] "GET /xingrg/all/function/internal_message.html?_=1667527088448&CODE_STATE=getMsg HTTP/1.1" 200 27
114.88.159.190 - - [04/Nov/2022:09:57:42 +0800] "GET /xingrg/kc/buy/cgsh_order_operate.html?command=get_materiel&rest_code=00141&code=00101008344&supplier_code=00100007&order_time=2022-11-04 HTTP/1.1" 200 412
114.88.159.190 - - [04/Nov/2022:09:57:46 +0800] "POST /xingrg/kc/buy/cgsh_order_operate.html HTTP/1.1" 200 2065
180.169.147.146 - - [04/Nov/2022:09:57:47 +0800] "GET /xingrg/all/function/internal_message.html?_=1667527069761&CODE_STATE=getMsg HTTP/1.1" 200 27
180.169.147.146 - - [04/Nov/2022:09:57:47 +0800] "GET /xingrg/check_reg.html?_=1667527069762 HTTP/1.1" 200 22
101.229.170.33 - - [04/Nov/2022:09:57:50 +0800] "GET /xingrg/all/function/internal_message.html?_=1667527085342&CODE_STATE=getMsg HTTP/1.1" 200 27
101.229.170.33 - - [04/Nov/2022:09:57:50 +0800] "GET /xingrg/check_reg.html?_=1667527085343 HTTP/1.1" 200 22
114.88.159.190 - - [04/Nov/2022:09:57:50 +0800] "GET /xingrg/kc/buy/cgsh_order_operate.html?command=get_materiel&rest_code=00141&code=00101008304&supplier_code=00100007&order_time=2022-11-04 HTTP/1.1" 200 412
222.70.183.206 - - [04/Nov/2022:09:57:51 +0800] "GET /xingrg/all/function/internal_message.html?_=1667527078669&CODE_STATE=getMsg HTTP/1.1" 200 27
58.39.169.76 - - [04/Nov/2022:09:57:55 +0800] "GET /xingrg/all/function/internal_message.html?_=1667526935246&CODE_STATE=getMsg HTTP/1.1" 200 27
114.88.159.190 - - [04/Nov/2022:09:57:57 +0800] "GET /xingrg/kc/buy/cgsh_order_operate.html?command=get_materiel&rest_code=00141&code=00101008225&supplier_code=00100007&order_time=2022-11-04 HTTP/1.1" 200 416
114.88.159.190 - - [04/Nov/2022:09:57:58 +0800] "GET /xingrg/all/function/internal_message.html?_=1667526702598&CODE_STATE=getMsg HTTP/1.1" 200 27
222.70.183.206 - - [04/Nov/2022:09:57:59 +0800] "GET /xingrg/all/function/internal_message.html?_=1667527255973&CODE_STATE=getMsg HTTP/1.1" 200 27
120.253.135.82 - - [04/Nov/2022:09:58:04 +0800] "GET /xingrg/all/function/internal_message.html?_=1667526890850&CODE_STATE=getMsg HTTP/1.1" 200 27
180.162.229.95 - - [04/Nov/2022:09:58:07 +0800] "GET /xingrg/check_reg.html?_=1667527097353 HTTP/1.1" 200 22
114.88.159.190 - - [04/Nov/2022:09:58:09 +0800] "GET /xingrg/kc/buy/cgsh_order_operate.html?command=get_materiel&rest_code=00141&code=00101008356&supplier_code=00100007&order_time=2022-11-04 HTTP/1.1" 200 408
116.230.105.139 - - [04/Nov/2022:09:58:12 +0800] "GET /xingrg/all/function/internal_message.html?_=1667527050076&CODE_STATE=getMsg HTTP/1.1" 200 27
114.83.219.57 - - [04/Nov/2022:09:58:13 +0800] "GET /xingrg/all/function/internal_message.html?_=1667527213896&CODE_STATE=getMsg HTTP/1.1" 200 27
116.235.93.82 - - [04/Nov/2022:09:58:17 +0800] "GET /xingrg/all/function/internal_message.html?_=1667527318570&CODE_STATE=getMsg HTTP/1.1" 200 27
180.162.229.95 - - [04/Nov/2022:09:58:17 +0800] "GET /xingrg/all/function/internal_message.html?_=1667527107629&CODE_STATE=getMsg HTTP/1.1" 200 27
116.238.139.35 - - [04/Nov/2022:09:58:18 +0800] "GET /xingrg/check_reg.html?_=1667527034489 HTTP/1.1" 200 22
116.238.139.35 - - [04/Nov/2022:09:58:18 +0800] "GET /xingrg/all/function/internal_message.html?_=1667527034662&CODE_STATE=getMsg HTTP/1.1" 200 27
114.88.159.190 - - [04/Nov/2022:09:58:20 +0800] "GET /xingrg/kc/buy/cgsh_order_operate.html?command=get_materiel&rest_code=00141&code=00101009031&supplier_code=00100007&order_time=2022-11-04 HTTP/1.1" 200 409
180.169.147.146 - - [04/Nov/2022:09:58:20 +0800] "GET /xingrg/all/function/internal_message.html?_=1667527109757&CODE_STATE=getMsg HTTP/1.1" 200 27
180.169.147.146 - - [04/Nov/2022:09:58:21 +0800] "GET /xingrg/all/function/internal_message.html?_=1667527109973&CODE_STATE=getMsg HTTP/1.1" 200 27
114.84.81.136 - - [04/Nov/2022:09:58:23 +0800] "GET /xingrg/all/function/internal_message.html?_=1667527112247&CODE_STATE=getMsg HTTP/1.1" 200 27
114.88.159.190 - - [04/Nov/2022:09:58:39 +0800] "GET /xingrg/all/function/internal_message.html?_=1667527124974&CODE_STATE=getMsg HTTP/1.1" 200 27
218.81.217.29 - - [04/Nov/2022:09:58:41 +0800] "GET /xingrg/all/function/internal_message.html?_=1667527148485&CODE_STATE=getMsg HTTP/1.1" 200 27
114.88.159.190 - - [04/Nov/2022:09:58:44 +0800] "GET /xingrg/kc/buy/cgsh_order_operate.html?command=get_materiel&rest_code=00141&code=00101009016&supplier_code=00100007&order_time=2022-11-04 HTTP/1.1" 200 412
180.169.147.146 - - [04/Nov/2022:09:58:47 +0800] "GET /xingrg/all/function/internal_message.html?_=1667527129761&CODE_STATE=getMsg HTTP/1.1" 200 27
101.83.241.90 - - [04/Nov/2022:09:58:49 +0800] "POST /xingrg/services/DataTransmitService HTTP/1.1" 200 524
101.229.170.33 - - [04/Nov/2022:09:58:50 +0800] "GET /xingrg/all/function/internal_message.html?_=1667527145342&CODE_STATE=getMsg HTTP/1.1" 200 27
222.70.183.206 - - [04/Nov/2022:09:58:51 +0800] "GET /xingrg/all/function/internal_message.html?_=1667527138652&CODE_STATE=getMsg HTTP/1.1" 200 27
58.39.169.76 - - [04/Nov/2022:09:58:55 +0800] "GET /xingrg/all/function/internal_message.html?_=1667526995246&CODE_STATE=getMsg HTTP/1.1" 200 27
114.88.159.190 - - [04/Nov/2022:09:58:58 +0800] "GET /xingrg/check_reg.html?_=1667526762692 HTTP/1.1" 200 22
114.88.159.190 - - [04/Nov/2022:09:58:58 +0800] "GET /xingrg/all/function/internal_message.html?_=1667526762691&CODE_STATE=getMsg HTTP/1.1" 200 27
222.70.183.206 - - [04/Nov/2022:09:58:59 +0800] "GET /xingrg/all/function/internal_message.html?_=1667527315964&CODE_STATE=getMsg HTTP/1.1" 200 27
120.253.135.82 - - [04/Nov/2022:09:59:04 +0800] "GET /xingrg/all/function/internal_message.html?_=1667526950957&CODE_STATE=getMsg HTTP/1.1" 200 27
114.88.159.190 - - [04/Nov/2022:09:59:06 +0800] "GET /xingrg/kc/buy/cgsh_order_operate.html?command=get_materiel&rest_code=00141&code=00101009013&supplier_code=00100007&order_time=2022-11-04 HTTP/1.1" 200 420
114.88.159.190 - - [04/Nov/2022:09:59:10 +0800] "POST /xingrg/kc/buy/cgsh_order_operate.html HTTP/1.1" 200 2065
116.230.105.139 - - [04/Nov/2022:09:59:12 +0800] "GET /xingrg/all/function/internal_message.html?_=1667527110094&CODE_STATE=getMsg HTTP/1.1" 200 27
114.83.219.57 - - [04/Nov/2022:09:59:13 +0800] "GET /xingrg/all/function/internal_message.html?_=1667527273887&CODE_STATE=getMsg HTTP/1.1" 200 27
116.235.93.82 - - [04/Nov/2022:09:59:17 +0800] "GET /xingrg/all/function/internal_message.html?_=1667527378573&CODE_STATE=getMsg HTTP/1.1" 200 27
180.162.229.95 - - [04/Nov/2022:09:59:17 +0800] "GET /xingrg/all/function/internal_message.html?_=1667527167608&CODE_STATE=getMsg HTTP/1.1" 200 27
116.238.139.35 - - [04/Nov/2022:09:59:18 +0800] "GET /xingrg/all/function/internal_message.html?_=1667527094674&CODE_STATE=getMsg HTTP/1.1" 200 27
114.88.159.190 - - [04/Nov/2022:09:59:19 +0800] "GET /xingrg/kc/buy/cgsh_order_operate.html?command=get_materiel&rest_code=00141&code=00101019816&supplier_code=00100007&order_time=2022-11-04 HTTP/1.1" 200 446
180.169.147.146 - - [04/Nov/2022:09:59:20 +0800] "GET /xingrg/check_reg.html?_=1667527169748 HTTP/1.1" 200 22
180.169.147.146 - - [04/Nov/2022:09:59:20 +0800] "GET /xingrg/all/function/internal_message.html?_=1667527169750&CODE_STATE=getMsg HTTP/1.1" 200 27
180.169.147.146 - - [04/Nov/2022:09:59:21 +0800] "GET /xingrg/all/function/internal_message.html?_=1667527169963&CODE_STATE=getMsg HTTP/1.1" 200 27
114.84.81.136 - - [04/Nov/2022:09:59:23 +0800] "GET /xingrg/all/function/internal_message.html?_=1667527172231&CODE_STATE=getMsg HTTP/1.1" 200 27
114.88.159.190 - - [04/Nov/2022:09:59:31 +0800] "GET /xingrg/kc/buy/cgsh_order_operate.html?command=get_materiel&rest_code=00141&code=00101013119&supplier_code=00100007&order_time=2022-11-04 HTTP/1.1" 200 441
114.88.159.190 - - [04/Nov/2022:09:59:39 +0800] "GET /xingrg/all/function/internal_message.html?_=1667527184942&CODE_STATE=getMsg HTTP/1.1" 200 27
218.81.217.29 - - [04/Nov/2022:09:59:41 +0800] "GET /xingrg/all/function/internal_message.html?_=1667527208491&CODE_STATE=getMsg HTTP/1.1" 200 27
114.88.159.190 - - [04/Nov/2022:09:59:43 +0800] "GET /xingrg/kc/buy/cgsh_order_operate.html?command=get_materiel&rest_code=00141&code=00101008210&supplier_code=00100007&order_time=2022-11-04 HTTP/1.1" 200 408
180.169.147.146 - - [04/Nov/2022:09:59:47 +0800] "GET /xingrg/all/function/internal_message.html?_=1667527189762&CODE_STATE=getMsg HTTP/1.1" 200 27
101.229.170.33 - - [04/Nov/2022:09:59:50 +0800] "GET /xingrg/all/function/internal_message.html?_=1667527205341&CODE_STATE=getMsg HTTP/1.1" 200 27
222.70.183.206 - - [04/Nov/2022:09:59:52 +0800] "GET /xingrg/all/function/internal_message.html?_=1667527198668&CODE_STATE=getMsg HTTP/1.1" 200 27
58.39.169.76 - - [04/Nov/2022:09:59:55 +0800] "GET /xingrg/check_reg.html?_=1667527055246 HTTP/1.1" 200 22
58.39.169.76 - - [04/Nov/2022:09:59:55 +0800] "GET /xingrg/all/function/internal_message.html?_=1667527055249&CODE_STATE=getMsg HTTP/1.1" 200 27
114.88.159.190 - - [04/Nov/2022:09:59:58 +0800] "GET /xingrg/all/function/internal_message.html?_=1667526822587&CODE_STATE=getMsg HTTP/1.1" 200 27
222.70.183.206 - - [04/Nov/2022:09:59:59 +0800] "GET /xingrg/all/function/internal_message.html?_=1667527375963&CODE_STATE=getMsg HTTP/1.1" 200 27
114.88.159.190 - - [04/Nov/2022:09:59:59 +0800] "GET /xingrg/kc/buy/cgsh_order_operate.html?command=get_materiel&rest_code=00141&code=00101008331&supplier_code=00100007&order_time=2022-11-04 HTTP/1.1" 200 416
114.88.159.190 - - [04/Nov/2022:10:00:09 +0800] "GET /xingrg/kc/buy/cgsh_order_operate.html?command=get_materiel&rest_code=00141&code=00101008351&supplier_code=00100007&order_time=2022-11-04 HTTP/1.1" 200 408
114.88.159.190 - - [04/Nov/2022:10:00:11 +0800] "POST /xingrg/kc/buy/cgsh_order_operate.html HTTP/1.1" 200 2065
116.230.105.139 - - [04/Nov/2022:10:00:12 +0800] "GET /xingrg/all/function/internal_message.html?_=1667527170091&CODE_STATE=getMsg HTTP/1.1" 200 27
114.83.219.57 - - [04/Nov/2022:10:00:13 +0800] "GET /xingrg/all/function/internal_message.html?_=1667527333904&CODE_STATE=getMsg HTTP/1.1" 200 27
114.88.159.190 - - [04/Nov/2022:10:00:17 +0800] "GET /xingrg/kc/buy/cgsh_order_operate.html?command=get_materiel&rest_code=00141&code=00101008199&supplier_code=00100007&order_time=2022-11-04 HTTP/1.1" 200 408
116.235.93.82 - - [04/Nov/2022:10:00:17 +0800] "GET /xingrg/all/function/internal_message.html?_=1667527438571&CODE_STATE=getMsg HTTP/1.1" 200 27
180.162.229.95 - - [04/Nov/2022:10:00:17 +0800] "GET /xingrg/all/function/internal_message.html?_=1667527227586&CODE_STATE=getMsg HTTP/1.1" 200 27
116.238.139.35 - - [04/Nov/2022:10:00:18 +0800] "GET /xingrg/all/function/internal_message.html?_=1667527154688&CODE_STATE=getMsg HTTP/1.1" 200 27
180.169.147.146 - - [04/Nov/2022:10:00:19 +0800] "GET /xingrg/check_reg.html?_=1667527227855 HTTP/1.1" 200 22
180.169.147.146 - - [04/Nov/2022:10:00:20 +0800] "GET /xingrg/all/function/internal_message.html?_=1667527229743&CODE_STATE=getMsg HTTP/1.1" 200 27
180.169.147.146 - - [04/Nov/2022:10:00:21 +0800] "GET /xingrg/all/function/internal_message.html?_=1667527229943&CODE_STATE=getMsg HTTP/1.1" 200 27
114.84.81.136 - - [04/Nov/2022:10:00:23 +0800] "GET /xingrg/all/function/internal_message.html?_=1667527232243&CODE_STATE=getMsg HTTP/1.1" 200 27
114.88.159.190 - - [04/Nov/2022:10:00:24 +0800] "GET /xingrg/kc/buy/cgsh_order_operate.html?command=get_materiel&rest_code=00141&code=00101008087&supplier_code=00100007&order_time=2022-11-04 HTTP/1.1" 200 412
114.88.159.190 - - [04/Nov/2022:10:00:26 +0800] "GET /xingrg/check_reg.html?_=1667527231380 HTTP/1.1" 200 22
114.88.159.190 - - [04/Nov/2022:10:00:33 +0800] "GET /xingrg/kc/buy/cgsh_order_operate.html?command=get_materiel&rest_code=00141&code=00101008137&supplier_code=00100007&order_time=2022-11-04 HTTP/1.1" 200 408
114.88.159.190 - - [04/Nov/2022:10:00:39 +0800] "GET /xingrg/all/function/internal_message.html?_=1667527244939&CODE_STATE=getMsg HTTP/1.1" 200 27
114.88.159.190 - - [04/Nov/2022:10:00:41 +0800] "GET /xingrg/kc/buy/cgsh_order_operate.html?command=get_materiel&rest_code=00141&code=00101008059&supplier_code=00100007&order_time=2022-11-04 HTTP/1.1" 200 408
218.81.217.29 - - [04/Nov/2022:10:00:41 +0800] "GET /xingrg/check_reg.html?_=1667527268102 HTTP/1.1" 200 22
218.81.217.29 - - [04/Nov/2022:10:00:41 +0800] "GET /xingrg/all/function/internal_message.html?_=1667527268520&CODE_STATE=getMsg HTTP/1.1" 200 27
180.169.147.146 - - [04/Nov/2022:10:00:47 +0800] "GET /xingrg/all/function/internal_message.html?_=1667527249762&CODE_STATE=getMsg HTTP/1.1" 200 27
172.20.0.100 - - [04/Nov/2022:10:00:48 +0800] "GET /xingrg/check_reg.html?_=1667527256305 HTTP/1.1" 302 -
114.88.159.190 - - [04/Nov/2022:10:00:48 +0800] "GET /xingrg/kc/buy/cgsh_order_operate.html?command=get_materiel&rest_code=00141&code=00101008169&supplier_code=00100007&order_time=2022-11-04 HTTP/1.1" 200 412
101.229.170.33 - - [04/Nov/2022:10:00:50 +0800] "GET /xingrg/all/function/internal_message.html?_=1667527265340&CODE_STATE=getMsg HTTP/1.1" 200 27
222.70.183.206 - - [04/Nov/2022:10:00:51 +0800] "GET /xingrg/check_reg.html?_=1667527258654 HTTP/1.1" 200 22
222.70.183.206 - - [04/Nov/2022:10:00:51 +0800] "GET /xingrg/all/function/internal_message.html?_=1667527258655&CODE_STATE=getMsg HTTP/1.1" 200 27
114.88.159.190 - - [04/Nov/2022:10:00:52 +0800] "POST /xingrg/kc/buy/cgsh_order_operate.html HTTP/1.1" 200 2065
58.39.169.76 - - [04/Nov/2022:10:00:55 +0800] "GET /xingrg/all/function/internal_message.html?_=1667527115246&CODE_STATE=getMsg HTTP/1.1" 200 27
114.88.159.190 - - [04/Nov/2022:10:00:57 +0800] "GET /xingrg/kc/buy/cgsh_order_operate.html?command=get_materiel&rest_code=00141&code=00101008312&supplier_code=00100007&order_time=2022-11-04 HTTP/1.1" 200 412
114.88.159.190 - - [04/Nov/2022:10:00:58 +0800] "GET /xingrg/all/function/internal_message.html?_=1667526882587&CODE_STATE=getMsg HTTP/1.1" 200 27
222.70.183.206 - - [04/Nov/2022:10:00:59 +0800] "GET /xingrg/all/function/internal_message.html?_=1667527435954&CODE_STATE=getMsg HTTP/1.1" 200 27
116.230.105.139 - - [04/Nov/2022:10:01:12 +0800] "GET /xingrg/all/function/internal_message.html?_=1667527230079&CODE_STATE=getMsg HTTP/1.1" 200 27
114.83.219.57 - - [04/Nov/2022:10:01:13 +0800] "GET /xingrg/all/function/internal_message.html?_=1667527393894&CODE_STATE=getMsg HTTP/1.1" 200 27
114.88.159.190 - - [04/Nov/2022:10:01:15 +0800] "GET /xingrg/kc/buy/cgsh_order_operate.html?command=get_materiel&rest_code=00141&code=00101009051&supplier_code=00100007&order_time=2022-11-04 HTTP/1.1" 200 410
116.235.93.82 - - [04/Nov/2022:10:01:17 +0800] "GET /xingrg/all/function/internal_message.html?_=1667527498571&CODE_STATE=getMsg HTTP/1.1" 200 27
180.162.229.95 - - [04/Nov/2022:10:01:17 +0800] "GET /xingrg/all/function/internal_message.html?_=1667527287572&CODE_STATE=getMsg HTTP/1.1" 200 27
116.238.139.35 - - [04/Nov/2022:10:01:18 +0800] "GET /xingrg/all/function/internal_message.html?_=1667527214710&CODE_STATE=getMsg HTTP/1.1" 200 27
180.169.147.146 - - [04/Nov/2022:10:01:20 +0800] "GET /xingrg/all/function/internal_message.html?_=1667527289739&CODE_STATE=getMsg HTTP/1.1" 200 27
180.169.147.146 - - [04/Nov/2022:10:01:21 +0800] "GET /xingrg/all/function/internal_message.html?_=1667527289935&CODE_STATE=getMsg HTTP/1.1" 200 27
114.84.81.136 - - [04/Nov/2022:10:01:23 +0800] "GET /xingrg/all/function/internal_message.html?_=1667527292227&CODE_STATE=getMsg HTTP/1.1" 200 27
114.88.159.190 - - [04/Nov/2022:10:01:29 +0800] "POST /xingrg/kc/buy/cgsh_order_operate.html HTTP/1.1" 200 37
114.88.159.190 - - [04/Nov/2022:10:01:37 +0800] "POST /xingrg/kc/buy/cgsh_order_operate.html HTTP/1.1" 200 12
114.88.159.190 - - [04/Nov/2022:10:01:38 +0800] "GET /xingrg/kc/buy/cgsh_order_info.html?code=212022110400940 HTTP/1.1" 200 64101
114.88.159.190 - - [04/Nov/2022:10:01:38 +0800] "GET /xingrg/javascript/easyui/themes/default/validatebox.css HTTP/1.1" 404 1104
114.88.159.190 - - [04/Nov/2022:10:01:39 +0800] "POST /xingrg/kc/buy/cgsh_order_operate.html HTTP/1.1" 200 30765
114.88.159.190 - - [04/Nov/2022:10:01:39 +0800] "GET /xingrg/all/function/internal_message.html?_=1667527304910&CODE_STATE=getMsg HTTP/1.1" 200 27
114.88.159.190 - - [04/Nov/2022:10:01:40 +0800] "GET /xingrg/kc/print/load_data.html?order_code=212022110400940&kc_code=cgsh&condition= HTTP/1.1" 200 12158
218.81.217.29 - - [04/Nov/2022:10:01:41 +0800] "GET /xingrg/all/function/internal_message.html?_=1667527328551&CODE_STATE=getMsg HTTP/1.1" 200 27
114.88.159.190 - - [04/Nov/2022:10:01:45 +0800] "GET /xingrg/kc/buy/cgsh_order_add.html HTTP/1.1" 200 69198
114.88.159.190 - - [04/Nov/2022:10:01:45 +0800] "POST /xingrg/kc/buy/cgsh_order_operate.html HTTP/1.1" 200 8245
114.88.159.190 - - [04/Nov/2022:10:01:45 +0800] "GET /xingrg/javascript/easyui/themes/default/validatebox.css HTTP/1.1" 404 1104
180.169.147.146 - - [04/Nov/2022:10:01:47 +0800] "GET /xingrg/all/function/internal_message.html?_=1667527309772&CODE_STATE=getMsg HTTP/1.1" 200 27
101.229.170.33 - - [04/Nov/2022:10:01:50 +0800] "GET /xingrg/all/function/internal_message.html?_=1667527325355&CODE_STATE=getMsg HTTP/1.1" 200 27
222.70.183.206 - - [04/Nov/2022:10:01:51 +0800] "GET /xingrg/all/function/internal_message.html?_=1667527318655&CODE_STATE=getMsg HTTP/1.1" 200 27
58.39.169.76 - - [04/Nov/2022:10:01:55 +0800] "GET /xingrg/all/function/internal_message.html?_=1667527175236&CODE_STATE=getMsg HTTP/1.1" 200 27
114.88.159.190 - - [04/Nov/2022:10:01:58 +0800] "GET /xingrg/all/function/internal_message.html?_=1667526942613&CODE_STATE=getMsg HTTP/1.1" 200 27
222.70.183.206 - - [04/Nov/2022:10:01:59 +0800] "GET /xingrg/all/function/internal_message.html?_=1667527495959&CODE_STATE=getMsg HTTP/1.1" 200 27
222.70.183.206 - - [04/Nov/2022:10:01:59 +0800] "GET /xingrg/check_reg.html?_=1667527495962 HTTP/1.1" 200 22
116.230.105.139 - - [04/Nov/2022:10:02:12 +0800] "GET /xingrg/all/function/internal_message.html?_=1667527290085&CODE_STATE=getMsg HTTP/1.1" 200 27
116.230.105.139 - - [04/Nov/2022:10:02:12 +0800] "GET /xingrg/check_reg.html?_=1667527290093 HTTP/1.1" 200 22
114.83.219.57 - - [04/Nov/2022:10:02:13 +0800] "GET /xingrg/check_reg.html?_=1667527453884 HTTP/1.1" 200 22
114.83.219.57 - - [04/Nov/2022:10:02:13 +0800] "GET /xingrg/all/function/internal_message.html?_=1667527453887&CODE_STATE=getMsg HTTP/1.1" 200 27
114.88.159.190 - - [04/Nov/2022:10:02:15 +0800] "GET /xingrg/kc/buy/cgsh_order_operate.html?command=get_materiel&rest_code=00141&code=00102013003&supplier_code=00100075&order_time=2022-11-04 HTTP/1.1" 200 411
116.235.93.82 - - [04/Nov/2022:10:02:17 +0800] "GET /xingrg/all/function/internal_message.html?_=1667527558570&CODE_STATE=getMsg HTTP/1.1" 200 27
116.235.93.82 - - [04/Nov/2022:10:02:17 +0800] "GET /xingrg/check_reg.html?_=1667527558573 HTTP/1.1" 200 22
180.162.229.95 - - [04/Nov/2022:10:02:17 +0800] "GET /xingrg/all/function/internal_message.html?_=1667527347547&CODE_STATE=getMsg HTTP/1.1" 200 27
116.238.139.35 - - [04/Nov/2022:10:02:18 +0800] "GET /xingrg/all/function/internal_message.html?_=1667527274716&CODE_STATE=getMsg HTTP/1.1" 200 27
180.169.147.146 - - [04/Nov/2022:10:02:20 +0800] "GET /xingrg/all/function/internal_message.html?_=1667527349737&CODE_STATE=getMsg HTTP/1.1" 200 27
101.85.95.132 - - [04/Nov/2022:10:02:21 +0800] "GET /favicon.ico HTTP/1.1" 404 -
101.85.95.132 - - [04/Nov/2022:10:02:21 +0800] "GET /xingrg/login.html HTTP/1.1" 200 7641
101.85.95.132 - - [04/Nov/2022:10:02:21 +0800] "GET /xingrg/images/blue/jxLogo.png HTTP/1.1" 304 -
180.169.147.146 - - [04/Nov/2022:10:02:21 +0800] "GET /xingrg/all/function/internal_message.html?_=1667527349907&CODE_STATE=getMsg HTTP/1.1" 200 27
101.85.95.132 - - [04/Nov/2022:10:02:21 +0800] "GET /xingrg/images/blue/login_bg.png HTTP/1.1" 304 -
101.85.95.132 - - [04/Nov/2022:10:02:21 +0800] "GET /xingrg/images/blue/hj.png HTTP/1.1" 304 -
101.85.95.132 - - [04/Nov/2022:10:02:21 +0800] "GET /xingrg/images/blue/srbg.png HTTP/1.1" 304 -
101.85.95.132 - - [04/Nov/2022:10:02:22 +0800] "GET /favicon.ico HTTP/1.1" 404 -
114.84.81.136 - - [04/Nov/2022:10:02:23 +0800] "GET /xingrg/all/function/internal_message.html?_=1667527352212&CODE_STATE=getMsg HTTP/1.1" 200 27
114.88.159.190 - - [04/Nov/2022:10:02:32 +0800] "POST /xingrg/kc/buy/cgsh_order_operate.html HTTP/1.1" 200 37
114.84.81.136 - - [04/Nov/2022:10:02:35 +0800] "GET /xingrg/check_reg.html?_=1667527364944 HTTP/1.1" 200 22
114.88.159.190 - - [04/Nov/2022:10:02:39 +0800] "POST /xingrg/kc/buy/cgsh_order_operate.html HTTP/1.1" 200 12
114.88.159.190 - - [04/Nov/2022:10:02:39 +0800] "GET /xingrg/all/function/internal_message.html?_=1667527364890&CODE_STATE=getMsg HTTP/1.1" 200 27
114.88.159.190 - - [04/Nov/2022:10:02:40 +0800] "GET /xingrg/kc/buy/cgsh_order_info.html?code=212022110400941 HTTP/1.1" 200 64105
114.88.159.190 - - [04/Nov/2022:10:02:40 +0800] "GET /xingrg/javascript/easyui/themes/default/validatebox.css HTTP/1.1" 404 1104
114.88.159.190 - - [04/Nov/2022:10:02:41 +0800] "POST /xingrg/kc/buy/cgsh_order_operate.html HTTP/1.1" 200 602
218.81.217.29 - - [04/Nov/2022:10:02:41 +0800] "GET /xingrg/all/function/internal_message.html?_=1667527388563&CODE_STATE=getMsg HTTP/1.1" 200 27
218.81.217.29 - - [04/Nov/2022:10:02:42 +0800] "GET /xingrg/kc/buy/cgsh_order_add.html HTTP/1.1" 200 69198
114.88.159.190 - - [04/Nov/2022:10:02:42 +0800] "GET /xingrg/kc/print/load_data.html?order_code=212022110400941&kc_code=cgsh&condition= HTTP/1.1" 200 711
218.81.217.29 - - [04/Nov/2022:10:02:42 +0800] "POST /xingrg/kc/buy/cgsh_order_operate.html HTTP/1.1" 200 8245
218.81.217.29 - - [04/Nov/2022:10:02:42 +0800] "GET /xingrg/javascript/easyui/themes/default/validatebox.css HTTP/1.1" 404 1104
114.88.159.190 - - [04/Nov/2022:10:02:45 +0800] "GET /xingrg/kc/buy/cgsh_order_add.html HTTP/1.1" 200 69198
114.88.159.190 - - [04/Nov/2022:10:02:45 +0800] "POST /xingrg/kc/buy/cgsh_order_operate.html HTTP/1.1" 200 8245
114.88.159.190 - - [04/Nov/2022:10:02:45 +0800] "GET /xingrg/javascript/easyui/themes/default/validatebox.css HTTP/1.1" 404 1104
180.169.147.146 - - [04/Nov/2022:10:02:47 +0800] "GET /xingrg/check_reg.html?_=1667527369761 HTTP/1.1" 200 22
180.169.147.146 - - [04/Nov/2022:10:02:47 +0800] "GET /xingrg/all/function/internal_message.html?_=1667527369764&CODE_STATE=getMsg HTTP/1.1" 200 27
101.229.170.33 - - [04/Nov/2022:10:02:50 +0800] "GET /xingrg/check_reg.html?_=1667527385356 HTTP/1.1" 200 22
101.229.170.33 - - [04/Nov/2022:10:02:50 +0800] "GET /xingrg/all/function/internal_message.html?_=1667527385357&CODE_STATE=getMsg HTTP/1.1" 200 27
222.70.183.206 - - [04/Nov/2022:10:02:51 +0800] "GET /xingrg/all/function/internal_message.html?_=1667527378654&CODE_STATE=getMsg HTTP/1.1" 200 27
58.39.169.76 - - [04/Nov/2022:10:02:55 +0800] "GET /xingrg/all/function/internal_message.html?_=1667527235236&CODE_STATE=getMsg HTTP/1.1" 200 27
114.88.159.190 - - [04/Nov/2022:10:02:58 +0800] "GET /xingrg/all/function/internal_message.html?_=1667527002631&CODE_STATE=getMsg HTTP/1.1" 200 27
218.81.217.29 - - [04/Nov/2022:10:02:58 +0800] "GET /xingrg/kc/buy/cgsh_order_operate.html?command=get_materiel&rest_code=00146&code=00101010161&supplier_code=00100041&order_time=2022-11-04 HTTP/1.1" 200 409
222.70.183.206 - - [04/Nov/2022:10:02:59 +0800] "GET /xingrg/all/function/internal_message.html?_=1667527555975&CODE_STATE=getMsg HTTP/1.1" 200 27
180.162.229.95 - - [04/Nov/2022:10:03:07 +0800] "GET /xingrg/check_reg.html?_=1667527397346 HTTP/1.1" 200 22
116.230.105.139 - - [04/Nov/2022:10:03:12 +0800] "GET /xingrg/all/function/internal_message.html?_=1667527350081&CODE_STATE=getMsg HTTP/1.1" 200 27
114.83.219.57 - - [04/Nov/2022:10:03:13 +0800] "GET /xingrg/all/function/internal_message.html?_=1667527513903&CODE_STATE=getMsg HTTP/1.1" 200 27
116.235.93.82 - - [04/Nov/2022:10:03:17 +0800] "GET /xingrg/all/function/internal_message.html?_=1667527618571&CODE_STATE=getMsg HTTP/1.1" 200 27
180.162.229.95 - - [04/Nov/2022:10:03:17 +0800] "GET /xingrg/all/function/internal_message.html?_=1667527407521&CODE_STATE=getMsg HTTP/1.1" 200 27
116.238.139.35 - - [04/Nov/2022:10:03:18 +0800] "GET /xingrg/check_reg.html?_=1667527334504 HTTP/1.1" 200 22
116.238.139.35 - - [04/Nov/2022:10:03:18 +0800] "GET /xingrg/all/function/internal_message.html?_=1667527334729&CODE_STATE=getMsg HTTP/1.1" 200 27
114.88.159.190 - - [04/Nov/2022:10:03:19 +0800] "GET /xingrg/kc/buy/cgsh_order_operate.html?command=get_materiel&rest_code=00141&code=00102012054&supplier_code=00100075&order_time=2022-11-04 HTTP/1.1" 200 417
180.169.147.146 - - [04/Nov/2022:10:03:20 +0800] "GET /xingrg/all/function/internal_message.html?_=1667527409747&CODE_STATE=getMsg HTTP/1.1" 200 27
180.169.147.146 - - [04/Nov/2022:10:03:21 +0800] "GET /xingrg/all/function/internal_message.html?_=1667527409884&CODE_STATE=getMsg HTTP/1.1" 200 27
114.84.81.136 - - [04/Nov/2022:10:03:23 +0800] "GET /xingrg/all/function/internal_message.html?_=1667527412190&CODE_STATE=getMsg HTTP/1.1" 200 27
114.88.159.190 - - [04/Nov/2022:10:03:39 +0800] "GET /xingrg/all/function/internal_message.html?_=1667527424864&CODE_STATE=getMsg HTTP/1.1" 200 27
218.81.217.29 - - [04/Nov/2022:10:03:41 +0800] "GET /xingrg/all/function/internal_message.html?_=1667527448577&CODE_STATE=getMsg HTTP/1.1" 200 27
180.169.147.146 - - [04/Nov/2022:10:03:47 +0800] "GET /xingrg/all/function/internal_message.html?_=1667527429759&CODE_STATE=getMsg HTTP/1.1" 200 27
101.229.170.33 - - [04/Nov/2022:10:03:50 +0800] "GET /xingrg/all/function/internal_message.html?_=1667527445357&CODE_STATE=getMsg HTTP/1.1" 200 27
222.70.183.206 - - [04/Nov/2022:10:03:51 +0800] "GET /xingrg/all/function/internal_message.html?_=1667527438655&CODE_STATE=getMsg HTTP/1.1" 200 27
180.169.147.146 - - [04/Nov/2022:10:03:55 +0800] "GET /xingrg/kc/base/base_main.html HTTP/1.1" 200 12142
218.81.217.29 - - [04/Nov/2022:10:03:55 +0800] "GET /xingrg/kc/buy/cgsh_order_operate.html?command=get_materiel&rest_code=00146&code=00101005037&supplier_code=00100041&order_time=2022-11-04 HTTP/1.1" 200 409
58.39.169.76 - - [04/Nov/2022:10:03:55 +0800] "GET /xingrg/all/function/internal_message.html?_=1667527295236&CODE_STATE=getMsg HTTP/1.1" 200 27
180.169.147.146 - - [04/Nov/2022:10:03:56 +0800] "GET /xingrg/kc/base/check_order_list.html HTTP/1.1" 200 16446
180.169.147.146 - - [04/Nov/2022:10:03:56 +0800] "POST /xingrg/kc/base/check_list_operate.html HTTP/1.1" 200 781
114.88.159.190 - - [04/Nov/2022:10:03:58 +0800] "GET /xingrg/all/function/internal_message.html?_=1667527062623&CODE_STATE=getMsg HTTP/1.1" 200 27
114.88.159.190 - - [04/Nov/2022:10:03:58 +0800] "GET /xingrg/check_reg.html?_=1667527062698 HTTP/1.1" 200 22
114.88.159.190 - - [04/Nov/2022:10:03:58 +0800] "GET /xingrg/kc/buy/cgsh_order_operate.html?command=get_materiel&rest_code=00141&code=00102010003&supplier_code=00100075&order_time=2022-11-04 HTTP/1.1" 200 416
222.70.183.206 - - [04/Nov/2022:10:03:59 +0800] "GET /xingrg/all/function/internal_message.html?_=1667527615976&CODE_STATE=getMsg HTTP/1.1" 200 27
180.169.147.146 - - [04/Nov/2022:10:04:00 +0800] "POST /xingrg/kc/base/check_list_operate.html HTTP/1.1" 200 5532
180.169.147.146 - - [04/Nov/2022:10:04:02 +0800] "GET /xingrg/kc/base/check_order_info.html?code=452022103100233 HTTP/1.1" 200 23124
180.169.147.146 - - [04/Nov/2022:10:04:02 +0800] "GET /xingrg/dwr/interface/AjaxComOrderService.js HTTP/1.1" 200 18264
180.169.147.146 - - [04/Nov/2022:10:04:02 +0800] "GET /xingrg/dwr/interface/AjaxCheckService.js HTTP/1.1" 200 14003
180.169.147.146 - - [04/Nov/2022:10:04:02 +0800] "GET /xingrg/dwr/engine.js HTTP/1.1" 200 43631
180.169.147.146 - - [04/Nov/2022:10:04:02 +0800] "POST /xingrg/dwr/call/plaincall/AjaxCheckService.loadOrderItems.dwr HTTP/1.1" 200 19645
180.169.147.146 - - [04/Nov/2022:10:04:05 +0800] "GET /xingrg/javascript/jquery_tools/images/prev.gif HTTP/1.1" 404 1086
180.169.147.146 - - [04/Nov/2022:10:04:05 +0800] "GET /xingrg/javascript/jquery_tools/images/next.gif HTTP/1.1" 404 1086
218.81.217.29 - - [04/Nov/2022:10:04:10 +0800] "GET /xingrg/kc/buy/cgsh_order_operate.html?command=get_materiel&rest_code=00146&code=00101018007&supplier_code=00100041&order_time=2022-11-04 HTTP/1.1" 200 409
114.88.159.190 - - [04/Nov/2022:10:04:10 +0800] "GET /xingrg/kc/buy/cgsh_order_operate.html?command=get_materiel&rest_code=00141&code=00102001071&supplier_code=00100075&order_time=2022-11-04 HTTP/1.1" 200 413
116.230.105.139 - - [04/Nov/2022:10:04:12 +0800] "GET /xingrg/all/function/internal_message.html?_=1667527410094&CODE_STATE=getMsg HTTP/1.1" 200 27
114.83.219.57 - - [04/Nov/2022:10:04:13 +0800] "GET /xingrg/all/function/internal_message.html?_=1667527573893&CODE_STATE=getMsg HTTP/1.1" 200 27
116.235.93.82 - - [04/Nov/2022:10:04:17 +0800] "GET /xingrg/all/function/internal_message.html?_=1667527678569&CODE_STATE=getMsg HTTP/1.1" 200 27
180.162.229.95 - - [04/Nov/2022:10:04:17 +0800] "GET /xingrg/all/function/internal_message.html?_=1667527467492&CODE_STATE=getMsg HTTP/1.1" 200 27
116.238.139.35 - - [04/Nov/2022:10:04:18 +0800] "GET /xingrg/all/function/internal_message.html?_=1667527394743&CODE_STATE=getMsg HTTP/1.1" 200 27
180.169.147.146 - - [04/Nov/2022:10:04:20 +0800] "GET /xingrg/all/function/internal_message.html?_=1667527469742&CODE_STATE=getMsg HTTP/1.1" 200 27
180.169.147.146 - - [04/Nov/2022:10:04:20 +0800] "GET /xingrg/check_reg.html?_=1667527469743 HTTP/1.1" 200 22
114.88.159.190 - - [04/Nov/2022:10:04:21 +0800] "GET /xingrg/kc/buy/cgsh_order_operate.html?command=get_materiel&rest_code=00141&code=00102003086&supplier_code=00100075&order_time=2022-11-04 HTTP/1.1" 200 409
180.169.147.146 - - [04/Nov/2022:10:04:21 +0800] "GET /xingrg/all/function/internal_message.html?_=1667527469874&CODE_STATE=getMsg HTTP/1.1" 200 27
114.84.81.136 - - [04/Nov/2022:10:04:23 +0800] "GET /xingrg/all/function/internal_message.html?_=1667527472162&CODE_STATE=getMsg HTTP/1.1" 200 27
114.88.159.190 - - [04/Nov/2022:10:04:30 +0800] "GET /xingrg/kc/buy/cgsh_order_operate.html?command=get_materiel&rest_code=00141&code=00102013051&supplier_code=00100075&order_time=2022-11-04 HTTP/1.1" 200 417
114.88.159.190 - - [04/Nov/2022:10:04:38 +0800] "GET /xingrg/kc/buy/cgsh_order_operate.html?command=get_materiel&rest_code=00141&code=00102003284&supplier_code=00100075&order_time=2022-11-04 HTTP/1.1" 200 408
114.88.159.190 - - [04/Nov/2022:10:04:39 +0800] "GET /xingrg/all/function/internal_message.html?_=1667527484834&CODE_STATE=getMsg HTTP/1.1" 200 27
218.81.217.29 - - [04/Nov/2022:10:04:41 +0800] "GET /xingrg/all/function/internal_message.html?_=1667527508591&CODE_STATE=getMsg HTTP/1.1" 200 27
218.81.217.29 - - [04/Nov/2022:10:04:44 +0800] "GET /xingrg/kc/buy/cgsh_order_operate.html?command=get_materiel&rest_code=00146&code=00101001075&supplier_code=00100041&order_time=2022-11-04 HTTP/1.1" 200 409
180.169.147.146 - - [04/Nov/2022:10:04:47 +0800] "GET /xingrg/all/function/internal_message.html?_=1667527489796&CODE_STATE=getMsg HTTP/1.1" 200 27
58.39.169.76 - - [04/Nov/2022:10:04:49 +0800] "POST /xingrg/services/DataTransmitService HTTP/1.1" 200 524
58.39.169.76 - - [04/Nov/2022:10:04:50 +0800] "POST /xingrg/services/DataTransmitService HTTP/1.1" 200 2407
101.229.170.33 - - [04/Nov/2022:10:04:50 +0800] "GET /xingrg/all/function/internal_message.html?_=1667527505355&CODE_STATE=getMsg HTTP/1.1" 200 27
58.39.169.76 - - [04/Nov/2022:10:04:50 +0800] "POST /xingrg/services/DataTransmitService HTTP/1.1" 200 199547
222.70.183.206 - - [04/Nov/2022:10:04:51 +0800] "GET /xingrg/all/function/internal_message.html?_=1667527498657&CODE_STATE=getMsg HTTP/1.1" 200 27
114.88.159.190 - - [04/Nov/2022:10:04:52 +0800] "POST /xingrg/kc/buy/cgsh_order_operate.html HTTP/1.1" 200 37
58.39.169.76 - - [04/Nov/2022:10:04:55 +0800] "GET /xingrg/all/function/internal_message.html?_=1667527355236&CODE_STATE=getMsg HTTP/1.1" 200 27
58.39.169.76 - - [04/Nov/2022:10:04:55 +0800] "GET /xingrg/check_reg.html?_=1667527355239 HTTP/1.1" 200 22
114.88.159.190 - - [04/Nov/2022:10:04:55 +0800] "POST /xingrg/kc/buy/cgsh_order_operate.html HTTP/1.1" 200 12
114.88.159.190 - - [04/Nov/2022:10:04:56 +0800] "GET /xingrg/kc/buy/cgsh_order_info.html?code=212022110400942 HTTP/1.1" 200 64105
114.88.159.190 - - [04/Nov/2022:10:04:57 +0800] "GET /xingrg/javascript/easyui/themes/default/validatebox.css HTTP/1.1" 404 1104
114.88.159.190 - - [04/Nov/2022:10:04:57 +0800] "POST /xingrg/kc/buy/cgsh_order_operate.html HTTP/1.1" 200 4739
114.88.159.190 - - [04/Nov/2022:10:04:58 +0800] "GET /xingrg/all/function/internal_message.html?_=1667527122630&CODE_STATE=getMsg HTTP/1.1" 200 27
114.88.159.190 - - [04/Nov/2022:10:04:59 +0800] "GET /xingrg/kc/print/load_data.html?order_code=212022110400942&kc_code=cgsh&condition= HTTP/1.1" 200 2296
222.70.183.206 - - [04/Nov/2022:10:04:59 +0800] "GET /xingrg/all/function/internal_message.html?_=1667527675968&CODE_STATE=getMsg HTTP/1.1" 200 27
218.81.217.29 - - [04/Nov/2022:10:05:02 +0800] "POST /xingrg/kc/buy/cgsh_order_operate.html HTTP/1.1" 200 37
218.81.217.29 - - [04/Nov/2022:10:05:04 +0800] "POST /xingrg/kc/buy/cgsh_order_operate.html HTTP/1.1" 200 5005
218.81.217.29 - - [04/Nov/2022:10:05:08 +0800] "GET /xingrg/kc/print/load_data.html?order_code=212022110400943&kc_code=cgsh&condition= HTTP/1.1" 200 1575
116.230.105.139 - - [04/Nov/2022:10:05:12 +0800] "GET /xingrg/all/function/internal_message.html?_=1667527470086&CODE_STATE=getMsg HTTP/1.1" 200 27
114.83.219.57 - - [04/Nov/2022:10:05:13 +0800] "GET /xingrg/all/function/internal_message.html?_=1667527633887&CODE_STATE=getMsg HTTP/1.1" 200 27
116.235.93.82 - - [04/Nov/2022:10:05:17 +0800] "GET /xingrg/all/function/internal_message.html?_=1667527738567&CODE_STATE=getMsg HTTP/1.1" 200 27
180.162.229.95 - - [04/Nov/2022:10:05:17 +0800] "GET /xingrg/all/function/internal_message.html?_=1667527527477&CODE_STATE=getMsg HTTP/1.1" 200 27
116.238.139.35 - - [04/Nov/2022:10:05:18 +0800] "GET /xingrg/all/function/internal_message.html?_=1667527454756&CODE_STATE=getMsg HTTP/1.1" 200 27
180.169.147.146 - - [04/Nov/2022:10:05:19 +0800] "GET /xingrg/check_reg.html?_=1667527527832 HTTP/1.1" 200 22
180.169.147.146 - - [04/Nov/2022:10:05:20 +0800] "GET /xingrg/all/function/internal_message.html?_=1667527529750&CODE_STATE=getMsg HTTP/1.1" 200 27
180.169.147.146 - - [04/Nov/2022:10:05:21 +0800] "GET /xingrg/all/function/internal_message.html?_=1667527529862&CODE_STATE=getMsg HTTP/1.1" 200 27
114.84.81.136 - - [04/Nov/2022:10:05:22 +0800] "GET /xingrg/all/function/internal_message.html?_=1667527532147&CODE_STATE=getMsg HTTP/1.1" 200 27
120.253.135.82 - - [04/Nov/2022:10:05:24 +0800] "GET /xingrg/all/function/internal_message.html?_=1667527320564&CODE_STATE=getMsg HTTP/1.1" 200 27
120.253.135.82 - - [04/Nov/2022:10:05:24 +0800] "GET /xingrg/check_reg.html?_=1667527327042 HTTP/1.1" 200 22
114.88.159.190 - - [04/Nov/2022:10:05:26 +0800] "GET /xingrg/check_reg.html?_=1667527531385 HTTP/1.1" 200 22
120.253.135.82 - - [04/Nov/2022:10:05:34 +0800] "GET /xingrg/kc/buy/cgsh_order_list.html HTTP/1.1" 200 53417
218.81.217.29 - - [04/Nov/2022:10:05:35 +0800] "GET /xingrg/kc/buy/cgsh_order_add.html HTTP/1.1" 200 69198
218.81.217.29 - - [04/Nov/2022:10:05:35 +0800] "POST /xingrg/kc/buy/cgsh_order_operate.html HTTP/1.1" 200 8245
218.81.217.29 - - [04/Nov/2022:10:05:36 +0800] "GET /xingrg/javascript/easyui/themes/default/validatebox.css HTTP/1.1" 404 1104
120.253.135.82 - - [04/Nov/2022:10:05:36 +0800] "POST /xingrg/kc/buy/cgsh_list_operate.html HTTP/1.1" 200 1862
120.253.135.82 - - [04/Nov/2022:10:05:39 +0800] "POST /xingrg/kc/buy/cgsh_list_operate.html HTTP/1.1" 200 296
114.88.159.190 - - [04/Nov/2022:10:05:39 +0800] "GET /xingrg/all/function/internal_message.html?_=1667527544802&CODE_STATE=getMsg HTTP/1.1" 200 27
120.253.135.82 - - [04/Nov/2022:10:05:40 +0800] "GET /xingrg/kc/buy/cgsh_order_info.html?code=212022110400898 HTTP/1.1" 200 68271
120.253.135.82 - - [04/Nov/2022:10:05:40 +0800] "GET /xingrg/javascript/easyui/themes/default/validatebox.css HTTP/1.1" 404 1104
120.253.135.82 - - [04/Nov/2022:10:05:41 +0800] "POST /xingrg/kc/buy/cgsh_order_operate.html HTTP/1.1" 200 3325
218.81.217.29 - - [04/Nov/2022:10:05:41 +0800] "GET /xingrg/check_reg.html?_=1667527568109 HTTP/1.1" 200 22
218.81.217.29 - - [04/Nov/2022:10:05:41 +0800] "GET /xingrg/all/function/internal_message.html?_=1667527568604&CODE_STATE=getMsg HTTP/1.1" 200 27
180.169.147.146 - - [04/Nov/2022:10:05:47 +0800] "GET /xingrg/all/function/internal_message.html?_=1667527549782&CODE_STATE=getMsg HTTP/1.1" 200 27
172.20.0.100 - - [04/Nov/2022:10:05:48 +0800] "GET /xingrg/check_reg.html?_=1667527556280 HTTP/1.1" 302 -
101.229.170.33 - - [04/Nov/2022:10:05:50 +0800] "GET /xingrg/all/function/internal_message.html?_=1667527565353&CODE_STATE=getMsg HTTP/1.1" 200 27
120.253.135.82 - - [04/Nov/2022:10:05:51 +0800] "GET /xingrg/kc/report/report_main.html HTTP/1.1" 200 8599
222.70.183.206 - - [04/Nov/2022:10:05:52 +0800] "GET /xingrg/check_reg.html?_=1667527558656 HTTP/1.1" 200 22
222.70.183.206 - - [04/Nov/2022:10:05:52 +0800] "GET /xingrg/all/function/internal_message.html?_=1667527558659&CODE_STATE=getMsg HTTP/1.1" 200 27
120.253.135.82 - - [04/Nov/2022:10:05:52 +0800] "GET /xingrg/kc/base/kc_stocks.html HTTP/1.1" 200 16458
120.253.135.82 - - [04/Nov/2022:10:05:53 +0800] "GET /xingrg/javascript/easyui/themes/sunny/easyui.css HTTP/1.1" 200 34304
120.253.135.82 - - [04/Nov/2022:10:05:53 +0800] "GET /xingrg/javascript/easyui/themes/icons/print_new.png HTTP/1.1" 200 3580
120.253.135.82 - - [04/Nov/2022:10:05:53 +0800] "GET /xingrg/javascript/easyui/themes/icons/filter_new.png HTTP/1.1" 200 795
120.253.135.82 - - [04/Nov/2022:10:05:53 +0800] "GET /xingrg/javascript/easyui/themes/icons/refresh_new.png HTTP/1.1" 200 685
120.253.135.82 - - [04/Nov/2022:10:05:53 +0800] "GET /xingrg/javascript/easyui/plugins/jquery.draggable.js HTTP/1.1" 200 6121
120.253.135.82 - - [04/Nov/2022:10:05:53 +0800] "GET /xingrg/javascript/easyui/plugins/jquery.droppable.js HTTP/1.1" 200 1167
120.253.135.82 - - [04/Nov/2022:10:05:53 +0800] "GET /xingrg/javascript/easyui/themes/default/tree.css HTTP/1.1" 404 1090
120.253.135.82 - - [04/Nov/2022:10:05:53 +0800] "GET /xingrg/javascript/easyui/plugins/jquery.tree.js HTTP/1.1" 200 20874
120.253.135.82 - - [04/Nov/2022:10:05:53 +0800] "POST /xingrg/all/common/load_tree.html?tree=materiel_sort_tree_json HTTP/1.1" 200 9500
120.253.135.82 - - [04/Nov/2022:10:05:53 +0800] "GET /xingrg/javascript/easyui/themes/sunny/images/tree_arrows.gif HTTP/1.1" 200 617
120.253.135.82 - - [04/Nov/2022:10:05:53 +0800] "GET /xingrg/javascript/easyui/themes/sunny/images/tree_folder_open.gif HTTP/1.1" 200 956
120.253.135.82 - - [04/Nov/2022:10:05:53 +0800] "GET /xingrg/javascript/easyui/themes/sunny/images/tree_folder.gif HTTP/1.1" 200 952
120.253.135.82 - - [04/Nov/2022:10:05:53 +0800] "GET /xingrg/javascript/easyui/themes/sunny/images/tree_file.gif HTTP/1.1" 200 118
120.253.135.82 - - [04/Nov/2022:10:05:54 +0800] "POST /xingrg/all/common/load_combo.html?type=base HTTP/1.1" 200 1169
58.39.169.76 - - [04/Nov/2022:10:05:55 +0800] "GET /xingrg/all/function/internal_message.html?_=1667527415236&CODE_STATE=getMsg HTTP/1.1" 200 27
114.88.159.190 - - [04/Nov/2022:10:05:58 +0800] "GET /xingrg/all/function/internal_message.html?_=1667527182626&CODE_STATE=getMsg HTTP/1.1" 200 27
222.70.183.206 - - [04/Nov/2022:10:05:59 +0800] "GET /xingrg/all/function/internal_message.html?_=1667527735956&CODE_STATE=getMsg HTTP/1.1" 200 27
120.253.135.82 - - [04/Nov/2022:10:06:00 +0800] "POST /xingrg/kc/base/stock_operate.html HTTP/1.1" 200 1471
120.253.135.82 - - [04/Nov/2022:10:06:00 +0800] "GET /xingrg/javascript/jquery_tools/fix_table.js HTTP/1.1" 200 6528
218.81.217.29 - - [04/Nov/2022:10:06:02 +0800] "GET /xingrg/kc/buy/cgsh_order_operate.html?command=get_materiel&rest_code=00146&code=00101016025&supplier_code=00100033&order_time=2022-11-04 HTTP/1.1" 200 408
120.253.135.82 - - [04/Nov/2022:10:06:10 +0800] "POST /xingrg/kc/base/stock_operate.html HTTP/1.1" 200 1942
116.230.105.139 - - [04/Nov/2022:10:06:12 +0800] "GET /xingrg/all/function/internal_message.html?_=1667527530087&CODE_STATE=getMsg HTTP/1.1" 200 27
114.83.219.57 - - [04/Nov/2022:10:06:13 +0800] "GET /xingrg/all/function/internal_message.html?_=1667527693904&CODE_STATE=getMsg HTTP/1.1" 200 27
116.235.93.82 - - [04/Nov/2022:10:06:17 +0800] "GET /xingrg/all/function/internal_message.html?_=1667527798565&CODE_STATE=getMsg HTTP/1.1" 200 27
180.162.229.95 - - [04/Nov/2022:10:06:17 +0800] "GET /xingrg/all/function/internal_message.html?_=1667527587480&CODE_STATE=getMsg HTTP/1.1" 200 27
116.238.139.35 - - [04/Nov/2022:10:06:18 +0800] "GET /xingrg/all/function/internal_message.html?_=1667527514777&CODE_STATE=getMsg HTTP/1.1" 200 27
120.253.135.82 - - [04/Nov/2022:10:06:19 +0800] "GET /xingrg/all/function/internal_message.html?_=1667527386992&CODE_STATE=getMsg HTTP/1.1" 200 27
180.169.147.146 - - [04/Nov/2022:10:06:20 +0800] "GET /xingrg/all/function/internal_message.html?_=1667527589744&CODE_STATE=getMsg HTTP/1.1" 200 27
180.169.147.146 - - [04/Nov/2022:10:06:21 +0800] "GET /xingrg/all/function/internal_message.html?_=1667527589834&CODE_STATE=getMsg HTTP/1.1" 200 27
114.84.81.136 - - [04/Nov/2022:10:06:22 +0800] "GET /xingrg/all/function/internal_message.html?_=1667527592133&CODE_STATE=getMsg HTTP/1.1" 200 27
218.81.217.29 - - [04/Nov/2022:10:06:24 +0800] "GET /xingrg/kc/buy/cgsh_order_operate.html?command=get_materiel&rest_code=00146&code=00101012025&supplier_code=00100033&order_time=2022-11-04 HTTP/1.1" 200 412
218.81.217.29 - - [04/Nov/2022:10:06:37 +0800] "GET /xingrg/kc/buy/cgsh_order_operate.html?command=get_materiel&rest_code=00146&code=00101016080&supplier_code=00100033&order_time=2022-11-04 HTTP/1.1" 200 408
114.88.159.190 - - [04/Nov/2022:10:06:39 +0800] "GET /xingrg/all/function/internal_message.html?_=1667527604773&CODE_STATE=getMsg HTTP/1.1" 200 27
218.81.217.29 - - [04/Nov/2022:10:06:42 +0800] "GET /xingrg/all/function/internal_message.html?_=1667527628753&CODE_STATE=getMsg HTTP/1.1" 200 27
180.169.147.146 - - [04/Nov/2022:10:06:47 +0800] "GET /xingrg/all/function/internal_message.html?_=1667527609789&CODE_STATE=getMsg HTTP/1.1" 200 27
101.229.170.33 - - [04/Nov/2022:10:06:50 +0800] "GET /xingrg/all/function/internal_message.html?_=1667527625350&CODE_STATE=getMsg HTTP/1.1" 200 27
218.81.217.29 - - [04/Nov/2022:10:06:50 +0800] "GET /xingrg/kc/buy/cgsh_order_operate.html?command=get_materiel&rest_code=00146&code=00101012051&supplier_code=00100033&order_time=2022-11-04 HTTP/1.1" 200 408
222.70.183.206 - - [04/Nov/2022:10:06:52 +0800] "GET /xingrg/all/function/internal_message.html?_=1667527618663&CODE_STATE=getMsg HTTP/1.1" 200 27
58.39.169.76 - - [04/Nov/2022:10:06:55 +0800] "GET /xingrg/all/function/internal_message.html?_=1667527475236&CODE_STATE=getMsg HTTP/1.1" 200 27
114.88.159.190 - - [04/Nov/2022:10:06:58 +0800] "GET /xingrg/all/function/internal_message.html?_=1667527242628&CODE_STATE=getMsg HTTP/1.1" 200 27
222.70.183.206 - - [04/Nov/2022:10:06:59 +0800] "GET /xingrg/all/function/internal_message.html?_=1667527795959&CODE_STATE=getMsg HTTP/1.1" 200 27
222.70.183.206 - - [04/Nov/2022:10:06:59 +0800] "GET /xingrg/check_reg.html?_=1667527795961 HTTP/1.1" 200 22
218.81.217.29 - - [04/Nov/2022:10:07:06 +0800] "POST /xingrg/kc/buy/cgsh_order_operate.html HTTP/1.1" 200 37
218.81.217.29 - - [04/Nov/2022:10:07:08 +0800] "POST /xingrg/kc/buy/cgsh_order_operate.html HTTP/1.1" 200 4416
