116.238.139.35 - - [03/Nov/2022:09:22:05 +0800] "GET /xingrg/kc/buy/cgsh_order_info.html?code=212022110300526 HTTP/1.1" 200 63697
116.238.139.35 - - [03/Nov/2022:09:22:05 +0800] "GET /xingrg/javascript/easyui/themes/default/validatebox.css HTTP/1.1" 404 1104
116.230.105.139 - - [03/Nov/2022:09:22:05 +0800] "POST /xingrg/kc/buy/cgsh_order_operate.html HTTP/1.1" 200 6226
116.238.139.35 - - [03/Nov/2022:09:22:06 +0800] "POST /xingrg/kc/buy/cgsh_order_operate.html HTTP/1.1" 200 4805
116.230.105.139 - - [03/Nov/2022:09:22:06 +0800] "GET /xingrg/kc/print/load_data.html?order_code=212022110300527&kc_code=cgsh&condition= HTTP/1.1" 200 2144
116.238.139.35 - - [03/Nov/2022:09:22:07 +0800] "GET /xingrg/kc/print/load_data.html?order_code=212022110300526&kc_code=cgsh&condition= HTTP/1.1" 200 2376
114.83.221.184 - - [03/Nov/2022:09:22:08 +0800] "GET /xingrg/check_reg.html?_=1667438536324 HTTP/1.1" 200 22
114.83.221.184 - - [03/Nov/2022:09:22:08 +0800] "GET /xingrg/all/function/internal_message.html?_=1667438536336&CODE_STATE=getMsg HTTP/1.1" 200 27
116.230.105.139 - - [03/Nov/2022:09:22:11 +0800] "GET /xingrg/kc/buy/cgsh_order_add.html HTTP/1.1" 200 69204
116.230.105.139 - - [03/Nov/2022:09:22:11 +0800] "POST /xingrg/kc/buy/cgsh_order_operate.html HTTP/1.1" 200 8245
116.230.105.139 - - [03/Nov/2022:09:22:11 +0800] "GET /xingrg/javascript/easyui/themes/default/validatebox.css HTTP/1.1" 404 1104
116.230.105.139 - - [03/Nov/2022:09:22:13 +0800] "GET /xingrg/kc/buy/cgsh_order_list.html HTTP/1.1" 200 53423
114.83.221.184 - - [03/Nov/2022:09:22:15 +0800] "GET /xingrg/kc/buy/cgsh_order_operate.html?command=get_materiel&rest_code=00149&code=00101008439&supplier_code=00100008&order_time=2022-11-03 HTTP/1.1" 200 412
116.230.105.139 - - [03/Nov/2022:09:22:15 +0800] "POST /xingrg/kc/buy/cgsh_list_operate.html HTTP/1.1" 200 2731
116.230.105.139 - - [03/Nov/2022:09:22:16 +0800] "POST /xingrg/kc/buy/cgsh_list_operate.html HTTP/1.1" 200 2731
58.39.169.76 - - [03/Nov/2022:09:22:18 +0800] "POST /xingrg/kc/buy/cgsh_order_operate.html HTTP/1.1" 200 37
58.39.169.76 - - [03/Nov/2022:09:22:20 +0800] "POST /xingrg/kc/buy/cgsh_order_operate.html HTTP/1.1" 200 3250
116.230.105.139 - - [03/Nov/2022:09:22:21 +0800] "POST /xingrg/kc/buy/cgsh_list_operate.html HTTP/1.1" 200 2731
58.39.169.76 - - [03/Nov/2022:09:22:21 +0800] "GET /xingrg/kc/print/load_data.html?order_code=212022110300528&kc_code=cgsh&condition= HTTP/1.1" 200 935
116.230.105.139 - - [03/Nov/2022:09:22:22 +0800] "POST /xingrg/kc/buy/cgsh_list_operate.html HTTP/1.1" 200 426
116.230.105.139 - - [03/Nov/2022:09:22:22 +0800] "GET /xingrg/kc/buy/cgsh_order_info.html?code=212022110300525 HTTP/1.1" 200 69213
116.230.105.139 - - [03/Nov/2022:09:22:23 +0800] "GET /xingrg/javascript/easyui/themes/default/validatebox.css HTTP/1.1" 404 1104
114.83.221.184 - - [03/Nov/2022:09:22:23 +0800] "GET /xingrg/kc/buy/cgsh_order_operate.html?command=get_materiel&rest_code=00149&code=00101008028&supplier_code=00100008&order_time=2022-11-03 HTTP/1.1" 200 412
116.230.105.139 - - [03/Nov/2022:09:22:24 +0800] "POST /xingrg/kc/buy/cgsh_order_operate.html HTTP/1.1" 200 4433
58.39.169.76 - - [03/Nov/2022:09:22:24 +0800] "GET /xingrg/kc/buy/cgsh_order_add.html HTTP/1.1" 200 69280
58.39.169.76 - - [03/Nov/2022:09:22:24 +0800] "POST /xingrg/kc/buy/cgsh_order_operate.html HTTP/1.1" 200 8245
58.39.169.76 - - [03/Nov/2022:09:22:24 +0800] "GET /xingrg/javascript/easyui/themes/default/validatebox.css HTTP/1.1" 404 1104
116.230.105.139 - - [03/Nov/2022:09:22:28 +0800] "GET /xingrg/all/function/internal_message.html?_=1667438508926&CODE_STATE=getMsg HTTP/1.1" 200 27
221.239.141.151 - - [03/Nov/2022:09:22:34 +0800] "GET /xingrg/all/function/internal_message.html?_=1667438564729&CODE_STATE=getMsg HTTP/1.1" 200 27
114.83.221.184 - - [03/Nov/2022:09:22:36 +0800] "GET /xingrg/kc/buy/cgsh_order_operate.html?command=get_materiel&rest_code=00149&code=00101008360&supplier_code=00100008&order_time=2022-11-03 HTTP/1.1" 200 413
218.81.217.29 - - [03/Nov/2022:09:22:39 +0800] "GET /xingrg/all/function/internal_message.html?_=1667438583106&CODE_STATE=getMsg HTTP/1.1" 200 27
58.39.169.76 - - [03/Nov/2022:09:22:40 +0800] "GET /xingrg/check_reg.html?_=1667438571750 HTTP/1.1" 200 22
58.39.169.76 - - [03/Nov/2022:09:22:40 +0800] "GET /xingrg/all/function/internal_message.html?_=1667438571753&CODE_STATE=getMsg HTTP/1.1" 200 27
222.70.183.206 - - [03/Nov/2022:09:22:40 +0800] "POST /xingrg/kc/buy/cgsh_order_operate.html HTTP/1.1" 200 37
58.39.169.76 - - [03/Nov/2022:09:22:40 +0800] "GET /xingrg/kc/buy/cgsh_order_operate.html?command=get_materiel&rest_code=00105&code=00101006171&supplier_code=00100012&order_time=2022-11-03 HTTP/1.1" 200 425
116.230.105.139 - - [03/Nov/2022:09:22:43 +0800] "POST /xingrg/kc/buy/cgsh_list_operate.html HTTP/1.1" 200 2731
114.83.219.57 - - [03/Nov/2022:09:22:44 +0800] "GET /xingrg/all/function/internal_message.html?_=1667438685308&CODE_STATE=getMsg HTTP/1.1" 200 27
116.238.139.35 - - [03/Nov/2022:09:22:44 +0800] "GET /xingrg/all/function/internal_message.html?_=1667438573541&CODE_STATE=getMsg HTTP/1.1" 200 27
116.238.139.35 - - [03/Nov/2022:09:22:44 +0800] "GET /xingrg/check_reg.html?_=1667438573545 HTTP/1.1" 200 22
116.230.105.139 - - [03/Nov/2022:09:22:44 +0800] "POST /xingrg/kc/buy/cgsh_list_operate.html HTTP/1.1" 200 585
222.70.183.206 - - [03/Nov/2022:09:22:44 +0800] "POST /xingrg/kc/buy/cgsh_order_operate.html HTTP/1.1" 200 3245
116.230.105.139 - - [03/Nov/2022:09:22:45 +0800] "GET /xingrg/kc/buy/cgsh_order_info.html?code=212022110300527 HTTP/1.1" 200 69213
116.230.105.139 - - [03/Nov/2022:09:22:45 +0800] "GET /xingrg/javascript/easyui/themes/default/validatebox.css HTTP/1.1" 404 1104
58.39.169.76 - - [03/Nov/2022:09:22:45 +0800] "GET /xingrg/all/function/internal_message.html?_=1667438426890&CODE_STATE=getMsg HTTP/1.1" 200 27
114.83.221.184 - - [03/Nov/2022:09:22:46 +0800] "POST /xingrg/kc/buy/cgsh_order_operate.html HTTP/1.1" 200 2065
116.230.105.139 - - [03/Nov/2022:09:22:46 +0800] "POST /xingrg/kc/buy/cgsh_order_operate.html HTTP/1.1" 200 6226
116.230.105.139 - - [03/Nov/2022:09:22:47 +0800] "GET /xingrg/kc/print/load_data.html?order_code=212022110300527&kc_code=cgsh HTTP/1.1" 200 2144
222.70.183.206 - - [03/Nov/2022:09:22:47 +0800] "GET /xingrg/kc/print/load_data.html?order_code=212022110300529&kc_code=cgsh&condition= HTTP/1.1" 200 872
116.238.139.35 - - [03/Nov/2022:09:22:48 +0800] "GET /xingrg/kc/print/report_design.html?orderType=cgsh HTTP/1.1" 200 8625
116.238.139.35 - - [03/Nov/2022:09:22:48 +0800] "GET /xingrg/kc/print/design_operate.html?_=1667438577546&command=load_config&code=cgsh HTTP/1.1" 200 2853
116.238.139.35 - - [03/Nov/2022:09:22:48 +0800] "GET /favicon.ico HTTP/1.1" 404 -
114.83.221.184 - - [03/Nov/2022:09:22:51 +0800] "GET /xingrg/kc/buy/cgsh_order_operate.html?command=get_materiel&rest_code=00149&code=00101008077&supplier_code=00100008&order_time=2022-11-03 HTTP/1.1" 200 416
222.70.183.206 - - [03/Nov/2022:09:22:53 +0800] "GET /xingrg/index.html?sysBaseUrl=http%3A%2F%2F180.169.147.146%3A18081%2Fxingrg%2F&costTime=39×tamp=1645767740089 HTTP/1.1" 302 -
222.70.183.206 - - [03/Nov/2022:09:22:53 +0800] "GET /xingrg/login.html HTTP/1.1" 200 7641
222.70.183.206 - - [03/Nov/2022:09:22:53 +0800] "GET /favicon.ico HTTP/1.1" 404 -
116.230.105.139 - - [03/Nov/2022:09:22:58 +0800] "GET /xingrg/kc/buy/cgsh_order_add.html HTTP/1.1" 200 69204
116.230.105.139 - - [03/Nov/2022:09:22:59 +0800] "POST /xingrg/kc/buy/cgsh_order_operate.html HTTP/1.1" 200 8245
116.230.105.139 - - [03/Nov/2022:09:22:59 +0800] "GET /xingrg/javascript/easyui/themes/default/validatebox.css HTTP/1.1" 404 1104
114.88.159.190 - - [03/Nov/2022:09:23:03 +0800] "GET /xingrg/all/function/internal_message.html?_=1667438226621&CODE_STATE=getMsg HTTP/1.1" 200 27
222.70.183.206 - - [03/Nov/2022:09:23:04 +0800] "GET /xingrg/all/function/internal_message.html?_=1667438592346&CODE_STATE=getMsg HTTP/1.1" 200 27
222.70.183.206 - - [03/Nov/2022:09:23:04 +0800] "GET /xingrg/check_reg.html?_=1667438592342 HTTP/1.1" 200 22
116.230.105.139 - - [03/Nov/2022:09:23:08 +0800] "GET /xingrg/kc/buy/cgsh_order_operate.html?command=get_materiel&rest_code=00155&code=00101002027&supplier_code=00100199&order_time=2022-11-03 HTTP/1.1" 200 415
114.83.221.184 - - [03/Nov/2022:09:23:08 +0800] "GET /xingrg/all/function/internal_message.html?_=1667438596309&CODE_STATE=getMsg HTTP/1.1" 200 27
58.39.169.76 - - [03/Nov/2022:09:23:13 +0800] "GET /xingrg/kc/buy/cgsh_order_operate.html?command=get_materiel&rest_code=00105&code=00101007122&supplier_code=00100012&order_time=2022-11-03 HTTP/1.1" 200 435
116.230.105.139 - - [03/Nov/2022:09:23:20 +0800] "GET /xingrg/kc/buy/cgsh_order_operate.html?command=get_materiel&rest_code=00155&code=00101002006&supplier_code=00100199&order_time=2022-11-03 HTTP/1.1" 200 414
116.238.139.35 - - [03/Nov/2022:09:23:22 +0800] "POST /xingrg/all/user/operate.html HTTP/1.1" 200 36
116.238.139.35 - - [03/Nov/2022:09:23:22 +0800] "GET /xingrg/index.html?sysBaseUrl=http%3A%2F%2F180.169.147.146%3A18081%2Fxingrg%2F&costTime=39×tamp=1667437363900 HTTP/1.1" 200 17179
116.238.139.35 - - [03/Nov/2022:09:23:22 +0800] "GET /xingrg/javascript/jquery_easy_ui/themes/default/easyui.css HTTP/1.1" 304 -
116.238.139.35 - - [03/Nov/2022:09:23:22 +0800] "GET /xingrg/javascript/jquery_easy_ui/themes/icon.css HTTP/1.1" 304 -
116.238.139.35 - - [03/Nov/2022:09:23:22 +0800] "GET /xingrg/css/form.css HTTP/1.1" 304 -
116.238.139.35 - - [03/Nov/2022:09:23:22 +0800] "GET /xingrg/javascript/jquery-1.4.2.min.js HTTP/1.1" 304 -
116.238.139.35 - - [03/Nov/2022:09:23:22 +0800] "GET /xingrg/javascript/jquery_easy_ui/jquery.easyui.min.js HTTP/1.1" 304 -
116.238.139.35 - - [03/Nov/2022:09:23:22 +0800] "GET /xingrg/javascript/jquery_easy_ui/easyui-lang-zh_CN.js HTTP/1.1" 304 -
116.238.139.35 - - [03/Nov/2022:09:23:22 +0800] "GET /xingrg/javascript/jquery.form.js HTTP/1.1" 304 -
116.238.139.35 - - [03/Nov/2022:09:23:22 +0800] "GET /xingrg/javascript/jquery.utils.js HTTP/1.1" 304 -
116.238.139.35 - - [03/Nov/2022:09:23:22 +0800] "GET /xingrg/javascript/jquery.timers.js HTTP/1.1" 304 -
116.238.139.35 - - [03/Nov/2022:09:23:23 +0800] "GET /xingrg/images/blue/jxLogo.png HTTP/1.1" 304 -
116.238.139.35 - - [03/Nov/2022:09:23:23 +0800] "GET /xingrg/images/blue/navBackgound.jpg HTTP/1.1" 304 -
116.238.139.35 - - [03/Nov/2022:09:23:23 +0800] "GET /xingrg/javascript/jquery_easy_ui/themes/icons/settle_new.png HTTP/1.1" 304 -
116.238.139.35 - - [03/Nov/2022:09:23:23 +0800] "POST /xingrg/all/common/load_tree.html?tree=area_rest_tree_json&manage=1 HTTP/1.1" 200 476
116.238.139.35 - - [03/Nov/2022:09:23:23 +0800] "GET /xingrg/all/function/internal_message.html?_=1667438612259&CODE_STATE=count HTTP/1.1" 200 11
116.238.139.35 - - [03/Nov/2022:09:23:23 +0800] "GET /xingrg/check_reg.html?_=1667438612260 HTTP/1.1" 200 22
116.238.139.35 - - [03/Nov/2022:09:23:23 +0800] "GET /xingrg/images/blue/pingpu.png HTTP/1.1" 304 -
116.238.139.35 - - [03/Nov/2022:09:23:23 +0800] "GET /xingrg/javascript/jquery_easy_ui/themes/default/images/panel_tool_collapse.gif HTTP/1.1" 304 -
116.238.139.35 - - [03/Nov/2022:09:23:23 +0800] "GET /xingrg/javascript/jquery_easy_ui/themes/default/images/tabs_rightarrow.png HTTP/1.1" 304 -
116.238.139.35 - - [03/Nov/2022:09:23:23 +0800] "GET /xingrg/javascript/jquery_easy_ui/themes/default/images/tabs_leftarrow.png HTTP/1.1" 304 -
116.238.139.35 - - [03/Nov/2022:09:23:23 +0800] "POST /xingrg/load_menu.html HTTP/1.1" 200 5138
116.238.139.35 - - [03/Nov/2022:09:23:25 +0800] "GET /xingrg/kc/buy/cgsh_order_list.html HTTP/1.1" 200 53423
114.83.221.184 - - [03/Nov/2022:09:23:25 +0800] "GET /xingrg/kc/buy/cgsh_order_operate.html?command=get_materiel&rest_code=00149&code=00101008223&supplier_code=00100008&order_time=2022-11-03 HTTP/1.1" 200 412
116.238.139.35 - - [03/Nov/2022:09:23:26 +0800] "POST /xingrg/kc/buy/cgsh_list_operate.html HTTP/1.1" 200 986
116.238.139.35 - - [03/Nov/2022:09:23:27 +0800] "GET /xingrg/kc/buy/cgsh_order_add.html HTTP/1.1" 200 69198
116.238.139.35 - - [03/Nov/2022:09:23:27 +0800] "POST /xingrg/kc/buy/cgsh_order_operate.html HTTP/1.1" 200 8245
116.238.139.35 - - [03/Nov/2022:09:23:27 +0800] "GET /xingrg/javascript/easyui/themes/default/validatebox.css HTTP/1.1" 404 1104
116.238.139.35 - - [03/Nov/2022:09:23:27 +0800] "GET /xingrg/all/common/auto_word.html?type=employee&rest_code=00150 HTTP/1.1" 200 159
116.238.139.35 - - [03/Nov/2022:09:23:27 +0800] "GET /xingrg/all/common/auto_word.html?type=employee&rest_code=00150 HTTP/1.1" 200 159
116.230.105.139 - - [03/Nov/2022:09:23:28 +0800] "GET /xingrg/kc/buy/cgsh_order_operate.html?command=get_materiel&rest_code=00155&code=00101001125&supplier_code=00100199&order_time=2022-11-03 HTTP/1.1" 200 417
116.230.105.139 - - [03/Nov/2022:09:23:28 +0800] "GET /xingrg/all/function/internal_message.html?_=1667438568905&CODE_STATE=getMsg HTTP/1.1" 200 27
180.169.147.146 - - [03/Nov/2022:09:23:30 +0800] "GET /xingrg/check_reg.html?_=1667438619838 HTTP/1.1" 302 -
116.238.139.35 - - [03/Nov/2022:09:23:32 +0800] "GET /xingrg/javascript/auto/indicator.gif HTTP/1.1" 404 1066
221.239.141.151 - - [03/Nov/2022:09:23:34 +0800] "GET /xingrg/check_reg.html?_=1667438624491 HTTP/1.1" 200 22
221.239.141.151 - - [03/Nov/2022:09:23:34 +0800] "GET /xingrg/all/function/internal_message.html?_=1667438624727&CODE_STATE=getMsg HTTP/1.1" 200 27
218.81.217.29 - - [03/Nov/2022:09:23:39 +0800] "GET /xingrg/all/function/internal_message.html?_=1667438643121&CODE_STATE=getMsg HTTP/1.1" 200 27
58.39.169.76 - - [03/Nov/2022:09:23:40 +0800] "GET /xingrg/all/function/internal_message.html?_=1667438631732&CODE_STATE=getMsg HTTP/1.1" 200 27
116.238.139.35 - - [03/Nov/2022:09:23:41 +0800] "GET /xingrg/kc/buy/cgsh_order_operate.html?command=get_materiel&rest_code=00150&code=00101009011&supplier_code=00100022&order_time=2022-11-03 HTTP/1.1" 200 416
114.83.219.57 - - [03/Nov/2022:09:23:44 +0800] "GET /xingrg/all/function/internal_message.html?_=1667438745315&CODE_STATE=getMsg HTTP/1.1" 200 27
58.39.169.76 - - [03/Nov/2022:09:23:45 +0800] "GET /xingrg/all/function/internal_message.html?_=1667438486890&CODE_STATE=getMsg HTTP/1.1" 200 27
120.253.135.82 - - [03/Nov/2022:09:23:49 +0800] "GET /xingrg/check_reg.html?_=1667438436555 HTTP/1.1" 200 22
120.253.135.82 - - [03/Nov/2022:09:23:51 +0800] "POST /xingrg/kc/pszx/mdps_order_operate.html HTTP/1.1" 200 22
120.253.135.82 - - [03/Nov/2022:09:23:52 +0800] "GET /xingrg/kc/pszx/mdps_order_info.html?code=312022110200048 HTTP/1.1" 200 23982
120.253.135.82 - - [03/Nov/2022:09:23:52 +0800] "POST /xingrg/kc/pszx/mdps_order_operate.html HTTP/1.1" 200 3310
120.253.135.82 - - [03/Nov/2022:09:23:52 +0800] "GET /xingrg/javascript/easyui/themes/default/validatebox.css HTTP/1.1" 404 1104
116.238.139.35 - - [03/Nov/2022:09:23:53 +0800] "GET /xingrg/kc/buy/cgsh_order_operate.html?command=get_materiel&rest_code=00150&code=00101009044&supplier_code=00100022&order_time=2022-11-03 HTTP/1.1" 200 412
120.253.135.82 - - [03/Nov/2022:09:23:59 +0800] "POST /xingrg/kc/pszx/mdps_order_operate.html HTTP/1.1" 200 37
120.253.135.82 - - [03/Nov/2022:09:24:01 +0800] "POST /xingrg/kc/pszx/mdps_order_operate.html HTTP/1.1" 200 12
116.238.139.35 - - [03/Nov/2022:09:24:02 +0800] "GET /xingrg/kc/buy/cgsh_order_operate.html?command=get_materiel&rest_code=00150&code=00101009063&supplier_code=00100022&order_time=2022-11-03 HTTP/1.1" 200 409
120.253.135.82 - - [03/Nov/2022:09:24:02 +0800] "GET /xingrg/kc/pszx/mdps_order_info.html?code=312022110200048 HTTP/1.1" 200 19642
120.253.135.82 - - [03/Nov/2022:09:24:03 +0800] "POST /xingrg/kc/pszx/mdps_order_operate.html HTTP/1.1" 200 1522
120.253.135.82 - - [03/Nov/2022:09:24:03 +0800] "GET /xingrg/javascript/easyui/themes/default/validatebox.css HTTP/1.1" 404 1104
114.88.159.190 - - [03/Nov/2022:09:24:03 +0800] "GET /xingrg/all/function/internal_message.html?_=1667438286604&CODE_STATE=getMsg HTTP/1.1" 200 27
222.70.183.206 - - [03/Nov/2022:09:24:04 +0800] "GET /xingrg/all/function/internal_message.html?_=1667438652332&CODE_STATE=getMsg HTTP/1.1" 200 27
120.253.135.82 - - [03/Nov/2022:09:24:07 +0800] "GET /xingrg/kc/pszx/mdqp_order_list.html?state=10 HTTP/1.1" 200 10231
120.253.135.82 - - [03/Nov/2022:09:24:08 +0800] "GET /xingrg/dwr/interface/AjaxReportQueryService.js HTTP/1.1" 200 13203
120.253.135.82 - - [03/Nov/2022:09:24:08 +0800] "GET /xingrg/dwr/interface/AjaxQqpsService.js HTTP/1.1" 200 16326
120.253.135.82 - - [03/Nov/2022:09:24:08 +0800] "GET /xingrg/dwr/engine.js HTTP/1.1" 200 43631
114.83.221.184 - - [03/Nov/2022:09:24:08 +0800] "GET /xingrg/all/function/internal_message.html?_=1667438656321&CODE_STATE=getMsg HTTP/1.1" 200 27
120.253.135.82 - - [03/Nov/2022:09:24:09 +0800] "GET /xingrg/javascript/jquery_easy_ui/themes/default/images/tabs_active.png HTTP/1.1" 200 2894
120.253.135.82 - - [03/Nov/2022:09:24:16 +0800] "GET /xingrg/kc/pszx/mdqp_order_list.html?state=10 HTTP/1.1" 200 10231
120.253.135.82 - - [03/Nov/2022:09:24:16 +0800] "GET /xingrg/dwr/interface/AjaxReportQueryService.js HTTP/1.1" 200 13203
120.253.135.82 - - [03/Nov/2022:09:24:16 +0800] "GET /xingrg/dwr/interface/AjaxQqpsService.js HTTP/1.1" 200 16326
120.253.135.82 - - [03/Nov/2022:09:24:16 +0800] "GET /xingrg/dwr/engine.js HTTP/1.1" 200 43631
58.39.169.76 - - [03/Nov/2022:09:24:21 +0800] "GET /xingrg/kc/buy/cgsh_order_operate.html?command=get_materiel&rest_code=00105&code=00101006330&supplier_code=00100012&order_time=2022-11-03 HTTP/1.1" 200 401
116.238.139.35 - - [03/Nov/2022:09:24:23 +0800] "GET /xingrg/all/function/internal_message.html?_=1667438672266&CODE_STATE=getMsg HTTP/1.1" 200 27
116.230.105.139 - - [03/Nov/2022:09:24:28 +0800] "GET /xingrg/all/function/internal_message.html?_=1667438628881&CODE_STATE=getMsg HTTP/1.1" 200 27
116.238.139.35 - - [03/Nov/2022:09:24:31 +0800] "POST /xingrg/kc/buy/cgsh_order_operate.html HTTP/1.1" 200 37
221.239.141.151 - - [03/Nov/2022:09:24:34 +0800] "GET /xingrg/all/function/internal_message.html?_=1667438684707&CODE_STATE=getMsg HTTP/1.1" 200 27
58.39.169.76 - - [03/Nov/2022:09:24:35 +0800] "GET /xingrg/kc/buy/cgsh_order_operate.html?command=get_materiel&rest_code=00105&code=00101010245&supplier_code=00100012&order_time=2022-11-03 HTTP/1.1" 200 417
116.238.139.35 - - [03/Nov/2022:09:24:35 +0800] "POST /xingrg/kc/buy/cgsh_order_operate.html HTTP/1.1" 200 12
116.238.139.35 - - [03/Nov/2022:09:24:36 +0800] "GET /xingrg/kc/buy/cgsh_order_info.html?code=212022110300530 HTTP/1.1" 200 64099
116.230.105.139 - - [03/Nov/2022:09:24:36 +0800] "GET /xingrg/kc/buy/cgsh_order_operate.html?command=get_materiel&rest_code=00155&code=00101003037&supplier_code=00100199&order_time=2022-11-03 HTTP/1.1" 200 417
116.238.139.35 - - [03/Nov/2022:09:24:37 +0800] "POST /xingrg/kc/buy/cgsh_order_operate.html HTTP/1.1" 200 1787
116.238.139.35 - - [03/Nov/2022:09:24:38 +0800] "GET /xingrg/kc/print/load_data.html?order_code=212022110300530&kc_code=cgsh&condition= HTTP/1.1" 200 1184
116.238.139.35 - - [03/Nov/2022:09:24:39 +0800] "GET /xingrg/javascript/easyui/themes/default/validatebox.css HTTP/1.1" 404 1104
218.81.217.29 - - [03/Nov/2022:09:24:40 +0800] "GET /xingrg/all/function/internal_message.html?_=1667438703296&CODE_STATE=getMsg HTTP/1.1" 200 27
58.39.169.76 - - [03/Nov/2022:09:24:40 +0800] "GET /xingrg/all/function/internal_message.html?_=1667438691726&CODE_STATE=getMsg HTTP/1.1" 200 27
114.83.219.57 - - [03/Nov/2022:09:24:44 +0800] "GET /xingrg/all/function/internal_message.html?_=1667438805321&CODE_STATE=getMsg HTTP/1.1" 200 27
114.83.221.184 - - [03/Nov/2022:09:24:44 +0800] "GET /xingrg/kc/buy/cgsh_order_operate.html?command=get_materiel&rest_code=00149&code=00101008088&supplier_code=00100008&order_time=2022-11-03 HTTP/1.1" 200 408
58.39.169.76 - - [03/Nov/2022:09:24:45 +0800] "GET /xingrg/check_reg.html?_=1667438546881 HTTP/1.1" 200 22
58.39.169.76 - - [03/Nov/2022:09:24:45 +0800] "GET /xingrg/all/function/internal_message.html?_=1667438546883&CODE_STATE=getMsg HTTP/1.1" 200 27
58.39.169.76 - - [03/Nov/2022:09:24:46 +0800] "POST /xingrg/services/DataTransmitService HTTP/1.1" 200 524
116.230.105.139 - - [03/Nov/2022:09:24:50 +0800] "GET /xingrg/kc/buy/cgsh_order_operate.html?command=get_materiel&rest_code=00155&code=00101001060&supplier_code=00100199&order_time=2022-11-03 HTTP/1.1" 200 421
116.238.139.35 - - [03/Nov/2022:09:24:51 +0800] "GET /xingrg/kc/buy/cgsh_order_add.html HTTP/1.1" 200 69198
116.238.139.35 - - [03/Nov/2022:09:24:51 +0800] "GET /xingrg/javascript/easyui/themes/default/validatebox.css HTTP/1.1" 404 1104
116.238.139.35 - - [03/Nov/2022:09:24:51 +0800] "POST /xingrg/kc/buy/cgsh_order_operate.html HTTP/1.1" 200 8245
58.39.169.76 - - [03/Nov/2022:09:24:53 +0800] "POST /xingrg/kc/buy/cgsh_order_operate.html HTTP/1.1" 200 37
58.39.169.76 - - [03/Nov/2022:09:24:54 +0800] "POST /xingrg/kc/buy/cgsh_order_operate.html HTTP/1.1" 200 3875
58.39.169.76 - - [03/Nov/2022:09:24:55 +0800] "GET /xingrg/kc/print/load_data.html?order_code=212022110300531&kc_code=cgsh&condition= HTTP/1.1" 200 1248
222.70.183.206 - - [03/Nov/2022:09:24:56 +0800] "GET /xingrg/kc/buy/cgsh_order_add.html HTTP/1.1" 200 69154
222.70.183.206 - - [03/Nov/2022:09:24:57 +0800] "POST /xingrg/kc/buy/cgsh_order_operate.html HTTP/1.1" 200 8245
222.70.183.206 - - [03/Nov/2022:09:24:57 +0800] "GET /xingrg/javascript/easyui/themes/default/validatebox.css HTTP/1.1" 404 1104
114.83.221.184 - - [03/Nov/2022:09:24:58 +0800] "GET /xingrg/kc/buy/cgsh_order_operate.html?command=get_materiel&rest_code=00149&code=00101008273&supplier_code=00100008&order_time=2022-11-03 HTTP/1.1" 200 412
116.230.105.139 - - [03/Nov/2022:09:25:01 +0800] "GET /xingrg/index.html?sysBaseUrl=http%3A%2F%2F180.169.147.146%3A18081%2Fxingrg%2F&costTime=39×tamp=1667437218727 HTTP/1.1" 200 17179
116.230.105.139 - - [03/Nov/2022:09:25:01 +0800] "GET /xingrg/javascript/jquery_easy_ui/themes/default/easyui.css HTTP/1.1" 200 26500
116.230.105.139 - - [03/Nov/2022:09:25:01 +0800] "GET /xingrg/kc/buy/cgsh_order_operate.html?command=get_materiel&rest_code=00155&code=00101001075&supplier_code=00100199&order_time=2022-11-03 HTTP/1.1" 200 409
114.88.159.190 - - [03/Nov/2022:09:25:03 +0800] "GET /xingrg/all/function/internal_message.html?_=1667438346573&CODE_STATE=getMsg HTTP/1.1" 200 27
114.83.221.184 - - [03/Nov/2022:09:25:03 +0800] "POST /xingrg/kc/buy/cgsh_order_operate.html HTTP/1.1" 200 2065
222.70.183.206 - - [03/Nov/2022:09:25:04 +0800] "GET /xingrg/all/function/internal_message.html?_=1667438712342&CODE_STATE=getMsg HTTP/1.1" 200 27
116.238.139.35 - - [03/Nov/2022:09:25:07 +0800] "GET /xingrg/kc/buy/cgsh_order_operate.html?command=get_materiel&rest_code=00150&code=00101008027&supplier_code=00100008&order_time=2022-11-03 HTTP/1.1" 200 408
114.83.221.184 - - [03/Nov/2022:09:25:08 +0800] "GET /xingrg/kc/buy/cgsh_order_operate.html?command=get_materiel&rest_code=00149&code=00101008286&supplier_code=00100008&order_time=2022-11-03 HTTP/1.1" 200 408
114.83.221.184 - - [03/Nov/2022:09:25:08 +0800] "GET /xingrg/all/function/internal_message.html?_=1667438716377&CODE_STATE=getMsg HTTP/1.1" 200 27
222.70.183.206 - - [03/Nov/2022:09:25:10 +0800] "GET /xingrg/kc/buy/cgsh_order_operate.html?command=get_materiel&rest_code=00111&code=00102002036&supplier_code=00100151&order_time=2022-11-03 HTTP/1.1" 200 425
120.253.135.82 - - [03/Nov/2022:09:25:12 +0800] "GET /xingrg/kc/pszx/mdqp_order_list.html?state=10 HTTP/1.1" 200 10231
120.253.135.82 - - [03/Nov/2022:09:25:12 +0800] "GET /xingrg/dwr/interface/AjaxReportQueryService.js HTTP/1.1" 200 13203
120.253.135.82 - - [03/Nov/2022:09:25:12 +0800] "GET /xingrg/dwr/interface/AjaxQqpsService.js HTTP/1.1" 200 16326
120.253.135.82 - - [03/Nov/2022:09:25:12 +0800] "GET /xingrg/dwr/engine.js HTTP/1.1" 200 43631
116.230.105.139 - - [03/Nov/2022:09:25:16 +0800] "GET /xingrg/kc/buy/cgsh_order_operate.html?command=get_materiel&rest_code=00155&code=00101001111&supplier_code=00100199&order_time=2022-11-03 HTTP/1.1" 200 409
116.238.139.35 - - [03/Nov/2022:09:25:17 +0800] "GET /xingrg/kc/buy/cgsh_order_operate.html?command=get_materiel&rest_code=00150&code=00101008132&supplier_code=00100008&order_time=2022-11-03 HTTP/1.1" 200 408
120.253.135.82 - - [03/Nov/2022:09:25:18 +0800] "GET /xingrg/kc/pszx/mdqp_order_list.html?state=10 HTTP/1.1" 200 10231
120.253.135.82 - - [03/Nov/2022:09:25:18 +0800] "GET /xingrg/dwr/interface/AjaxReportQueryService.js HTTP/1.1" 200 13203
120.253.135.82 - - [03/Nov/2022:09:25:18 +0800] "GET /xingrg/dwr/interface/AjaxQqpsService.js HTTP/1.1" 200 16326
120.253.135.82 - - [03/Nov/2022:09:25:18 +0800] "GET /xingrg/dwr/engine.js HTTP/1.1" 200 43631
116.230.105.139 - - [03/Nov/2022:09:25:19 +0800] "GET /xingrg/check_reg.html?_=1667438680180 HTTP/1.1" 200 22
116.238.139.35 - - [03/Nov/2022:09:25:23 +0800] "GET /xingrg/all/function/internal_message.html?_=1667438732271&CODE_STATE=getMsg HTTP/1.1" 200 27
116.238.139.35 - - [03/Nov/2022:09:25:24 +0800] "GET /xingrg/kc/buy/cgsh_order_operate.html?command=get_materiel&rest_code=00150&code=00101008331&supplier_code=00100008&order_time=2022-11-03 HTTP/1.1" 200 416
116.230.105.139 - - [03/Nov/2022:09:25:28 +0800] "GET /xingrg/all/function/internal_message.html?_=1667438688863&CODE_STATE=getMsg HTTP/1.1" 200 27
221.239.141.151 - - [03/Nov/2022:09:25:34 +0800] "GET /xingrg/all/function/internal_message.html?_=1667438744692&CODE_STATE=getMsg HTTP/1.1" 200 27
116.230.105.139 - - [03/Nov/2022:09:25:34 +0800] "POST /xingrg/kc/buy/cgsh_order_operate.html HTTP/1.1" 200 37
116.230.105.139 - - [03/Nov/2022:09:25:36 +0800] "POST /xingrg/kc/buy/cgsh_order_operate.html HTTP/1.1" 200 6239
120.253.135.82 - - [03/Nov/2022:09:25:36 +0800] "GET /xingrg/kc/pszx/mdqp_order_list.html?state=10 HTTP/1.1" 200 10231
120.253.135.82 - - [03/Nov/2022:09:25:36 +0800] "GET /xingrg/dwr/interface/AjaxReportQueryService.js HTTP/1.1" 200 13203
120.253.135.82 - - [03/Nov/2022:09:25:36 +0800] "GET /xingrg/dwr/interface/AjaxQqpsService.js HTTP/1.1" 200 16326
120.253.135.82 - - [03/Nov/2022:09:25:36 +0800] "GET /xingrg/dwr/engine.js HTTP/1.1" 200 43631
116.238.139.35 - - [03/Nov/2022:09:25:36 +0800] "GET /xingrg/kc/buy/cgsh_order_operate.html?command=get_materiel&rest_code=00150&code=00101008350&supplier_code=00100008&order_time=2022-11-03 HTTP/1.1" 200 408
116.230.105.139 - - [03/Nov/2022:09:25:36 +0800] "GET /xingrg/kc/print/load_data.html?order_code=212022110300532&kc_code=cgsh&condition= HTTP/1.1" 200 2051
218.81.217.29 - - [03/Nov/2022:09:25:40 +0800] "GET /xingrg/all/function/internal_message.html?_=1667438763304&CODE_STATE=getMsg HTTP/1.1" 200 27
58.39.169.76 - - [03/Nov/2022:09:25:40 +0800] "GET /xingrg/all/function/internal_message.html?_=1667438751734&CODE_STATE=getMsg HTTP/1.1" 200 27
116.238.139.35 - - [03/Nov/2022:09:25:42 +0800] "GET /xingrg/kc/buy/cgsh_order_operate.html?command=get_materiel&rest_code=00150&code=00101008096&supplier_code=00100008&order_time=2022-11-03 HTTP/1.1" 200 412
114.83.221.184 - - [03/Nov/2022:09:25:43 +0800] "GET /xingrg/kc/buy/cgsh_order_operate.html?command=get_materiel&rest_code=00149&code=00101008131&supplier_code=00100008&order_time=2022-11-03 HTTP/1.1" 200 408
114.83.219.57 - - [03/Nov/2022:09:25:44 +0800] "GET /xingrg/all/function/internal_message.html?_=1667438865310&CODE_STATE=getMsg HTTP/1.1" 200 27
114.83.219.57 - - [03/Nov/2022:09:25:44 +0800] "GET /xingrg/check_reg.html?_=1667438865311 HTTP/1.1" 200 22
58.39.169.76 - - [03/Nov/2022:09:25:45 +0800] "GET /xingrg/all/function/internal_message.html?_=1667438606881&CODE_STATE=getMsg HTTP/1.1" 200 27
172.20.0.100 - - [03/Nov/2022:09:25:46 +0800] "GET /xingrg/index.html?sysBaseUrl=http%3A%2F%2F172.17.0.8%3A18081%2Fxingrg%2F&costTime=213×tamp=1585200360465 HTTP/1.1" 302 -
172.20.0.100 - - [03/Nov/2022:09:25:46 +0800] "GET /xingrg/login.html HTTP/1.1" 200 7636
172.20.0.100 - - [03/Nov/2022:09:25:46 +0800] "GET /xingrg/images/blue/jxLogo.png HTTP/1.1" 200 6156
172.20.0.100 - - [03/Nov/2022:09:25:47 +0800] "GET /xingrg/images/blue/login_bg.png HTTP/1.1" 200 22101
172.20.0.100 - - [03/Nov/2022:09:25:47 +0800] "GET /xingrg/images/blue/hj.png HTTP/1.1" 200 1014
172.20.0.100 - - [03/Nov/2022:09:25:47 +0800] "GET /xingrg/images/blue/srbg.png HTTP/1.1" 200 138
172.20.0.100 - - [03/Nov/2022:09:25:47 +0800] "GET /favicon.ico HTTP/1.1" 404 -
172.20.0.100 - - [03/Nov/2022:09:25:48 +0800] "POST /xingrg/login.do HTTP/1.1" 302 -
172.20.0.100 - - [03/Nov/2022:09:25:48 +0800] "GET /xingrg/index.html?sysBaseUrl=http%3A%2F%2F172.20.0.8%3A18081%2Fxingrg%2F&costTime=41×tamp=1667438748813 HTTP/1.1" 200 17448
172.20.0.100 - - [03/Nov/2022:09:25:48 +0800] "GET /xingrg/javascript/jquery_easy_ui/themes/default/easyui.css HTTP/1.1" 200 26500
172.20.0.100 - - [03/Nov/2022:09:25:48 +0800] "GET /xingrg/javascript/jquery_easy_ui/themes/icon.css HTTP/1.1" 200 3949
172.20.0.100 - - [03/Nov/2022:09:25:48 +0800] "GET /xingrg/css/form.css HTTP/1.1" 200 893
172.20.0.100 - - [03/Nov/2022:09:25:48 +0800] "GET /xingrg/javascript/jquery-1.4.2.min.js HTTP/1.1" 200 72205
172.20.0.100 - - [03/Nov/2022:09:25:48 +0800] "GET /xingrg/javascript/jquery_easy_ui/jquery.easyui.min.js HTTP/1.1" 200 213662
172.20.0.100 - - [03/Nov/2022:09:25:48 +0800] "GET /xingrg/javascript/jquery_easy_ui/easyui-lang-zh_CN.js HTTP/1.1" 200 1900
172.20.0.100 - - [03/Nov/2022:09:25:48 +0800] "GET /xingrg/javascript/jquery.form.js HTTP/1.1" 200 23110
172.20.0.100 - - [03/Nov/2022:09:25:49 +0800] "GET /xingrg/javascript/jquery.utils.js HTTP/1.1" 200 11805
172.20.0.100 - - [03/Nov/2022:09:25:49 +0800] "GET /xingrg/javascript/jquery.timers.js HTTP/1.1" 200 3532
172.20.0.100 - - [03/Nov/2022:09:25:49 +0800] "GET /favicon.ico HTTP/1.1" 404 -
172.20.0.100 - - [03/Nov/2022:09:25:49 +0800] "GET /xingrg/javascript/jquery_easy_ui/themes/icons/settle_new.png HTTP/1.1" 200 826
172.20.0.100 - - [03/Nov/2022:09:25:49 +0800] "GET /xingrg/images/blue/navBackgound.jpg HTTP/1.1" 200 12378
172.20.0.100 - - [03/Nov/2022:09:25:49 +0800] "POST /xingrg/all/common/load_tree.html?tree=area_rest_tree_json&manage=1 HTTP/1.1" 200 3493
172.20.0.100 - - [03/Nov/2022:09:25:49 +0800] "GET /xingrg/all/function/internal_message.html?_=1667438758476&CODE_STATE=count HTTP/1.1" 200 11
172.20.0.100 - - [03/Nov/2022:09:25:49 +0800] "GET /xingrg/check_reg.html?_=1667438758477 HTTP/1.1" 200 22
172.20.0.100 - - [03/Nov/2022:09:25:49 +0800] "GET /xingrg/images/blue/pingpu.png HTTP/1.1" 200 231
172.20.0.100 - - [03/Nov/2022:09:25:49 +0800] "GET /xingrg/javascript/jquery_easy_ui/themes/default/images/tabs_leftarrow.png HTTP/1.1" 200 389
172.20.0.100 - - [03/Nov/2022:09:25:49 +0800] "GET /xingrg/javascript/jquery_easy_ui/themes/default/images/tabs_rightarrow.png HTTP/1.1" 200 395
172.20.0.100 - - [03/Nov/2022:09:25:49 +0800] "GET /xingrg/javascript/jquery_easy_ui/themes/default/images/panel_tool_expand.gif HTTP/1.1" 200 247
172.20.0.100 - - [03/Nov/2022:09:25:49 +0800] "GET /xingrg/javascript/jquery_easy_ui/themes/default/images/panel_tool_collapse.gif HTTP/1.1" 200 246
172.20.0.100 - - [03/Nov/2022:09:25:49 +0800] "POST /xingrg/load_menu.html HTTP/1.1" 200 11529
172.20.0.100 - - [03/Nov/2022:09:25:49 +0800] "GET /xingrg/javascript/jquery_easy_ui/themes/default/images/tree_arrows.gif HTTP/1.1" 200 1043
172.20.0.100 - - [03/Nov/2022:09:25:49 +0800] "GET /xingrg/javascript/jquery_easy_ui/themes/default/images/tree_folder_open.gif HTTP/1.1" 200 956
172.20.0.100 - - [03/Nov/2022:09:25:49 +0800] "GET /xingrg/javascript/jquery_easy_ui/themes/icons/search_new.png HTTP/1.1" 200 586
172.20.0.100 - - [03/Nov/2022:09:25:49 +0800] "GET /xingrg/javascript/jquery_easy_ui/themes/icons/delivery_new.png HTTP/1.1" 200 700
172.20.0.100 - - [03/Nov/2022:09:25:49 +0800] "GET /xingrg/javascript/jquery_easy_ui/themes/icons/storage_new.png HTTP/1.1" 200 853
172.20.0.100 - - [03/Nov/2022:09:25:49 +0800] "GET /xingrg/javascript/jquery_easy_ui/themes/icons/checkout_new.png HTTP/1.1" 200 744
172.20.0.100 - - [03/Nov/2022:09:25:49 +0800] "GET /xingrg/javascript/jquery_easy_ui/themes/icons/forms_new.png HTTP/1.1" 200 350
172.20.0.100 - - [03/Nov/2022:09:25:49 +0800] "GET /xingrg/javascript/jquery_easy_ui/themes/icons/setting_new.png HTTP/1.1" 200 450
172.20.0.100 - - [03/Nov/2022:09:25:49 +0800] "GET /xingrg/javascript/jquery_easy_ui/themes/icons/systemset_new.png HTTP/1.1" 200 606
172.20.0.100 - - [03/Nov/2022:09:25:49 +0800] "GET /xingrg/javascript/jquery_easy_ui/themes/default/images/tree_file.gif HTTP/1.1" 200 118
172.20.0.100 - - [03/Nov/2022:09:25:49 +0800] "GET /xingrg/javascript/jquery_easy_ui/themes/default/images/tree_folder.gif HTTP/1.1" 200 952
116.238.139.35 - - [03/Nov/2022:09:25:50 +0800] "GET /xingrg/kc/buy/cgsh_order_operate.html?command=get_materiel&rest_code=00150&code=00101008038&supplier_code=00100008&order_time=2022-11-03 HTTP/1.1" 200 413
172.20.0.100 - - [03/Nov/2022:09:25:51 +0800] "GET /xingrg/javascript/jquery_easy_ui/themes/icons/area.png HTTP/1.1" 200 262
172.20.0.100 - - [03/Nov/2022:09:25:51 +0800] "GET /xingrg/javascript/jquery_easy_ui/themes/icons/manage.png HTTP/1.1" 200 696
172.20.0.100 - - [03/Nov/2022:09:25:51 +0800] "GET /xingrg/javascript/jquery_easy_ui/themes/icons/rest.png HTTP/1.1" 200 695
172.20.0.100 - - [03/Nov/2022:09:25:51 +0800] "GET /xingrg/javascript/jquery_easy_ui/themes/default/images/button_a_bg.gif HTTP/1.1" 200 1194
172.20.0.100 - - [03/Nov/2022:09:25:51 +0800] "GET /xingrg/javascript/jquery_easy_ui/themes/default/images/button_span_bg.gif HTTP/1.1" 200 2061
172.20.0.100 - - [03/Nov/2022:09:25:51 +0800] "GET /xingrg/javascript/jquery_easy_ui/themes/icons/ok.png HTTP/1.1" 200 883
172.20.0.100 - - [03/Nov/2022:09:25:51 +0800] "GET /xingrg/javascript/jquery_easy_ui/themes/default/images/panel_title.png HTTP/1.1" 200 266
172.20.0.100 - - [03/Nov/2022:09:25:51 +0800] "GET /xingrg/javascript/jquery_easy_ui/themes/default/images/panel_tools.gif HTTP/1.1" 200 737
172.20.0.100 - - [03/Nov/2022:09:25:54 +0800] "GET /xingrg/check_reg.html?_=1667438763541 HTTP/1.1" 302 -
114.83.221.184 - - [03/Nov/2022:09:25:55 +0800] "GET /xingrg/kc/buy/cgsh_order_operate.html?command=get_materiel&rest_code=00149&code=00101008318&supplier_code=00100008&order_time=2022-11-03 HTTP/1.1" 200 408
172.20.0.100 - - [03/Nov/2022:09:25:56 +0800] "GET /xingrg/images/control/ajaxLoader.gif HTTP/1.1" 200 4659
172.20.0.100 - - [03/Nov/2022:09:25:56 +0800] "POST /xingrg/all/user/operate.html HTTP/1.1" 200 36
222.70.183.206 - - [03/Nov/2022:09:25:56 +0800] "GET /xingrg/kc/buy/cgsh_order_operate.html?command=get_materiel&rest_code=00111&code=00102002238&supplier_code=00100151&order_time=2022-11-03 HTTP/1.1" 200 432
172.20.0.100 - - [03/Nov/2022:09:25:56 +0800] "GET /xingrg/index.html?sysBaseUrl=http%3A%2F%2F172.20.0.8%3A18081%2Fxingrg%2F&costTime=41×tamp=1667438748813 HTTP/1.1" 200 17454
172.20.0.100 - - [03/Nov/2022:09:25:56 +0800] "GET /xingrg/javascript/jquery_easy_ui/themes/default/easyui.css HTTP/1.1" 304 -
172.20.0.100 - - [03/Nov/2022:09:25:56 +0800] "GET /xingrg/javascript/jquery_easy_ui/themes/icon.css HTTP/1.1" 304 -
172.20.0.100 - - [03/Nov/2022:09:25:56 +0800] "GET /xingrg/css/form.css HTTP/1.1" 304 -
172.20.0.100 - - [03/Nov/2022:09:25:56 +0800] "GET /xingrg/javascript/jquery-1.4.2.min.js HTTP/1.1" 304 -
172.20.0.100 - - [03/Nov/2022:09:25:56 +0800] "GET /xingrg/javascript/jquery_easy_ui/jquery.easyui.min.js HTTP/1.1" 304 -
172.20.0.100 - - [03/Nov/2022:09:25:56 +0800] "GET /xingrg/javascript/jquery_easy_ui/easyui-lang-zh_CN.js HTTP/1.1" 304 -
172.20.0.100 - - [03/Nov/2022:09:25:56 +0800] "GET /xingrg/javascript/jquery.form.js HTTP/1.1" 304 -
172.20.0.100 - - [03/Nov/2022:09:25:56 +0800] "GET /xingrg/javascript/jquery.utils.js HTTP/1.1" 304 -
172.20.0.100 - - [03/Nov/2022:09:25:56 +0800] "GET /xingrg/javascript/jquery.timers.js HTTP/1.1" 304 -
172.20.0.100 - - [03/Nov/2022:09:25:56 +0800] "GET /xingrg/images/blue/jxLogo.png HTTP/1.1" 304 -
172.20.0.100 - - [03/Nov/2022:09:25:56 +0800] "GET /xingrg/images/blue/navBackgound.jpg HTTP/1.1" 304 -
172.20.0.100 - - [03/Nov/2022:09:25:56 +0800] "GET /xingrg/javascript/jquery_easy_ui/themes/icons/settle_new.png HTTP/1.1" 304 -
172.20.0.100 - - [03/Nov/2022:09:25:56 +0800] "POST /xingrg/all/common/load_tree.html?tree=area_rest_tree_json&manage=1 HTTP/1.1" 200 3493
172.20.0.100 - - [03/Nov/2022:09:25:56 +0800] "GET /xingrg/check_reg.html?_=1667438765797 HTTP/1.1" 200 22
172.20.0.100 - - [03/Nov/2022:09:25:56 +0800] "GET /xingrg/all/function/internal_message.html?_=1667438765797&CODE_STATE=count HTTP/1.1" 200 11
172.20.0.100 - - [03/Nov/2022:09:25:56 +0800] "GET /xingrg/javascript/jquery_easy_ui/themes/default/images/tabs_leftarrow.png HTTP/1.1" 304 -
172.20.0.100 - - [03/Nov/2022:09:25:56 +0800] "GET /xingrg/javascript/jquery_easy_ui/themes/default/images/tabs_rightarrow.png HTTP/1.1" 304 -
172.20.0.100 - - [03/Nov/2022:09:25:56 +0800] "GET /xingrg/images/blue/pingpu.png HTTP/1.1" 304 -
172.20.0.100 - - [03/Nov/2022:09:25:56 +0800] "GET /xingrg/javascript/jquery_easy_ui/themes/default/images/panel_tool_expand.gif HTTP/1.1" 304 -
172.20.0.100 - - [03/Nov/2022:09:25:56 +0800] "GET /xingrg/javascript/jquery_easy_ui/themes/default/images/panel_tool_collapse.gif HTTP/1.1" 304 -
172.20.0.100 - - [03/Nov/2022:09:25:56 +0800] "POST /xingrg/load_menu.html HTTP/1.1" 200 9924
116.238.139.35 - - [03/Nov/2022:09:25:57 +0800] "GET /xingrg/kc/buy/cgsh_order_operate.html?command=get_materiel&rest_code=00150&code=00101008224&supplier_code=00100008&order_time=2022-11-03 HTTP/1.1" 200 416
172.20.0.100 - - [03/Nov/2022:09:25:59 +0800] "GET /xingrg/kc/base/check_order_list.html HTTP/1.1" 200 16425
172.20.0.100 - - [03/Nov/2022:09:25:59 +0800] "GET /xingrg/javascript/jquery_easy_ui/themes/default/images/tabs_close.gif HTTP/1.1" 200 829
172.20.0.100 - - [03/Nov/2022:09:25:59 +0800] "GET /xingrg/css/base.css HTTP/1.1" 200 2811
172.20.0.100 - - [03/Nov/2022:09:25:59 +0800] "GET /xingrg/css/site.css HTTP/1.1" 200 7541
172.20.0.100 - - [03/Nov/2022:09:25:59 +0800] "GET /xingrg/javascript/jquery_tools/datebox.css HTTP/1.1" 200 2597
172.20.0.100 - - [03/Nov/2022:09:25:59 +0800] "GET /xingrg/javascript/easyui/themes/default/easyui.css HTTP/1.1" 200 30432
172.20.0.100 - - [03/Nov/2022:09:25:59 +0800] "GET /xingrg/javascript/easyui/themes/icon.css HTTP/1.1" 200 4483
172.20.0.100 - - [03/Nov/2022:09:25:59 +0800] "GET /xingrg/javascript/auto/jquery.autocomplete.css HTTP/1.1" 200 587
172.20.0.100 - - [03/Nov/2022:09:25:59 +0800] "GET /xingrg/javascript/jquery_tools/fix.css HTTP/1.1" 200 1702
172.20.0.100 - - [03/Nov/2022:09:25:59 +0800] "GET /xingrg/javascript/jquery_tools/table.css HTTP/1.1" 200 1032
172.20.0.100 - - [03/Nov/2022:09:25:59 +0800] "GET /xingrg/javascript/jquery_tools/jquery.tools.min.js HTTP/1.1" 200 138801
172.20.0.100 - - [03/Nov/2022:09:25:59 +0800] "GET /xingrg/javascript/jquery_tools/jquery.tools.extend.js HTTP/1.1" 200 15385
172.20.0.100 - - [03/Nov/2022:09:25:59 +0800] "GET /xingrg/javascript/jquery_tools/jquery.tools.hotkey.js HTTP/1.1" 200 3242
172.20.0.100 - - [03/Nov/2022:09:25:59 +0800] "GET /xingrg/javascript/jquery_tools/jquery.tools.table.js HTTP/1.1" 200 6994
172.20.0.100 - - [03/Nov/2022:09:25:59 +0800] "GET /xingrg/javascript/jquery_tools/list_manager.js HTTP/1.1" 200 3652
172.20.0.100 - - [03/Nov/2022:09:25:59 +0800] "GET /xingrg/javascript/auto/jquery.autocomplete.js HTTP/1.1" 200 21624
172.20.0.100 - - [03/Nov/2022:09:25:59 +0800] "GET /xingrg/javascript/easyui/easyloader.js HTTP/1.1" 200 5975
172.20.0.100 - - [03/Nov/2022:09:25:59 +0800] "GET /xingrg/javascript/jquery.cookie.js HTTP/1.1" 200 5513
172.20.0.100 - - [03/Nov/2022:09:26:00 +0800] "GET /xingrg/javascript/easyui/themes/icons/field_new.png HTTP/1.1" 200 1097
172.20.0.100 - - [03/Nov/2022:09:26:00 +0800] "GET /xingrg/javascript/easyui/themes/icons/edit_add_new.png HTTP/1.1" 200 2997
172.20.0.100 - - [03/Nov/2022:09:26:00 +0800] "GET /xingrg/javascript/easyui/themes/icons/check_new.png HTTP/1.1" 200 3224
172.20.0.100 - - [03/Nov/2022:09:26:00 +0800] "GET /xingrg/javascript/easyui/themes/icons/cance_new.png HTTP/1.1" 200 3986
172.20.0.100 - - [03/Nov/2022:09:26:00 +0800] "GET /xingrg/javascript/easyui/themes/icons/uncheck_new.png HTTP/1.1" 200 3197
172.20.0.100 - - [03/Nov/2022:09:26:00 +0800] "GET /xingrg/javascript/easyui/plugins/jquery.parser.js HTTP/1.1" 200 1142
172.20.0.100 - - [03/Nov/2022:09:26:00 +0800] "POST /xingrg/kc/base/check_list_operate.html HTTP/1.1" 200 781
172.20.0.100 - - [03/Nov/2022:09:26:02 +0800] "POST /xingrg/kc/base/check_list_operate.html HTTP/1.1" 200 5607
114.88.159.190 - - [03/Nov/2022:09:26:03 +0800] "GET /xingrg/all/function/internal_message.html?_=1667438406580&CODE_STATE=getMsg HTTP/1.1" 200 27
222.70.183.206 - - [03/Nov/2022:09:26:04 +0800] "GET /xingrg/all/function/internal_message.html?_=1667438772336&CODE_STATE=getMsg HTTP/1.1" 200 27
116.238.139.35 - - [03/Nov/2022:09:26:05 +0800] "GET /xingrg/kc/buy/cgsh_order_operate.html?command=get_materiel&rest_code=00150&code=00101008126&supplier_code=00100008&order_time=2022-11-03 HTTP/1.1" 200 412
114.83.221.184 - - [03/Nov/2022:09:26:06 +0800] "GET /xingrg/kc/buy/cgsh_order_operate.html?command=get_materiel&rest_code=00149&code=00101008005&supplier_code=00100008&order_time=2022-11-03 HTTP/1.1" 200 412
172.20.0.100 - - [03/Nov/2022:09:26:06 +0800] "GET /xingrg/kc/cost/cost_list.html HTTP/1.1" 200 6073
172.20.0.100 - - [03/Nov/2022:09:26:06 +0800] "GET /xingrg/css/blue.css HTTP/1.1" 200 15949
172.20.0.100 - - [03/Nov/2022:09:26:07 +0800] "GET /xingrg/javascript/step/step.css HTTP/1.1" 200 999
172.20.0.100 - - [03/Nov/2022:09:26:07 +0800] "GET /xingrg/css/table.css HTTP/1.1" 200 3684
172.20.0.100 - - [03/Nov/2022:09:26:07 +0800] "GET /xingrg/dwr/interface/AjaxReportQueryService.js HTTP/1.1" 200 13203
172.20.0.100 - - [03/Nov/2022:09:26:07 +0800] "GET /xingrg/dwr/engine.js HTTP/1.1" 200 43631
172.20.0.100 - - [03/Nov/2022:09:26:07 +0800] "GET /xingrg/dwr/util.js HTTP/1.1" 200 35990
172.20.0.100 - - [03/Nov/2022:09:26:07 +0800] "GET /xingrg/javascript/myfunction.js HTTP/1.1" 200 24559
172.20.0.100 - - [03/Nov/2022:09:26:07 +0800] "GET /xingrg/javascript/jquery_easy_ui/themes/default/images/pagination_loading.gif HTTP/1.1" 200 1737
172.20.0.100 - - [03/Nov/2022:09:26:07 +0800] "GET /xingrg/javascript/jquery_easy_ui/themes/default/images/datagrid_header_bg.gif HTTP/1.1" 200 97
172.20.0.100 - - [03/Nov/2022:09:26:07 +0800] "GET /xingrg/javascript/jquery_easy_ui/themes/icons/pencil.png HTTP/1.1" 200 713
172.20.0.100 - - [03/Nov/2022:09:26:07 +0800] "GET /xingrg/javascript/jquery_easy_ui/themes/icons/edit_add.png HTTP/1.1" 200 1088
172.20.0.100 - - [03/Nov/2022:09:26:07 +0800] "GET /xingrg/javascript/jquery_easy_ui/themes/icons/edit_remove.png HTTP/1.1" 200 625
172.20.0.100 - - [03/Nov/2022:09:26:07 +0800] "GET /xingrg/kc/cost/cost_operate.html?_=1667438776453&command=load_cost_list HTTP/1.1" 200 8711
114.83.221.184 - - [03/Nov/2022:09:26:08 +0800] "POST /xingrg/kc/buy/cgsh_order_operate.html HTTP/1.1" 200 2065
114.83.221.184 - - [03/Nov/2022:09:26:08 +0800] "GET /xingrg/all/function/internal_message.html?_=1667438776419&CODE_STATE=getMsg HTTP/1.1" 200 27
116.230.105.139 - - [03/Nov/2022:09:26:09 +0800] "GET /xingrg/kc/buy/cgsh_order_add.html HTTP/1.1" 200 69204
172.20.0.100 - - [03/Nov/2022:09:26:09 +0800] "GET /xingrg/javascript/jquery_easy_ui/themes/default/images/button_plain_hover.png HTTP/1.1" 200 252
116.230.105.139 - - [03/Nov/2022:09:26:09 +0800] "POST /xingrg/kc/buy/cgsh_order_operate.html HTTP/1.1" 200 8245
116.230.105.139 - - [03/Nov/2022:09:26:10 +0800] "GET /xingrg/javascript/easyui/themes/default/validatebox.css HTTP/1.1" 404 1104
172.20.0.100 - - [03/Nov/2022:09:26:10 +0800] "GET /xingrg/kc/cost/cost_page.html HTTP/1.1" 200 4079
172.20.0.100 - - [03/Nov/2022:09:26:10 +0800] "GET /xingrg/dwr/interface/AjaxReportQueryService.js HTTP/1.1" 200 13203
172.20.0.100 - - [03/Nov/2022:09:26:10 +0800] "GET /xingrg/dwr/engine.js HTTP/1.1" 200 43631
172.20.0.100 - - [03/Nov/2022:09:26:10 +0800] "GET /xingrg/javascript/jquery_easy_ui/themes/icons/search.png HTTP/1.1" 200 813
172.20.0.100 - - [03/Nov/2022:09:26:10 +0800] "GET /xingrg/javascript/jquery_easy_ui/themes/icons/back_new.png HTTP/1.1" 200 3414
172.20.0.100 - - [03/Nov/2022:09:26:10 +0800] "GET /xingrg/javascript/jquery_easy_ui/themes/default/images/calendar_prevmonth.gif HTTP/1.1" 200 66
172.20.0.100 - - [03/Nov/2022:09:26:10 +0800] "GET /xingrg/javascript/jquery_easy_ui/themes/default/images/calendar_nextmonth.gif HTTP/1.1" 200 64
172.20.0.100 - - [03/Nov/2022:09:26:10 +0800] "GET /xingrg/javascript/jquery_easy_ui/themes/default/images/calendar_prevyear.gif HTTP/1.1" 200 76
172.20.0.100 - - [03/Nov/2022:09:26:10 +0800] "GET /xingrg/javascript/jquery_easy_ui/themes/default/images/calendar_nextyear.gif HTTP/1.1" 200 75
172.20.0.100 - - [03/Nov/2022:09:26:12 +0800] "POST /xingrg/kc/cost/cost_operate.html HTTP/1.1" 200 4
172.20.0.100 - - [03/Nov/2022:09:26:13 +0800] "GET /xingrg/kc/cost/cost_page.html HTTP/1.1" 200 4349
172.20.0.100 - - [03/Nov/2022:09:26:13 +0800] "GET /xingrg/css/blue.css HTTP/1.1" 304 -
172.20.0.100 - - [03/Nov/2022:09:26:13 +0800] "GET /xingrg/javascript/jquery_easy_ui/themes/default/easyui.css HTTP/1.1" 304 -
172.20.0.100 - - [03/Nov/2022:09:26:13 +0800] "GET /xingrg/javascript/jquery_easy_ui/themes/icon.css HTTP/1.1" 304 -
172.20.0.100 - - [03/Nov/2022:09:26:13 +0800] "GET /xingrg/javascript/step/step.css HTTP/1.1" 304 -
172.20.0.100 - - [03/Nov/2022:09:26:13 +0800] "GET /xingrg/css/table.css HTTP/1.1" 304 -
172.20.0.100 - - [03/Nov/2022:09:26:13 +0800] "GET /xingrg/dwr/interface/AjaxReportQueryService.js HTTP/1.1" 200 13203
172.20.0.100 - - [03/Nov/2022:09:26:13 +0800] "GET /xingrg/dwr/engine.js HTTP/1.1" 200 43631
172.20.0.100 - - [03/Nov/2022:09:26:13 +0800] "GET /xingrg/dwr/util.js HTTP/1.1" 304 -
172.20.0.100 - - [03/Nov/2022:09:26:13 +0800] "GET /xingrg/javascript/jquery-1.4.2.min.js HTTP/1.1" 304 -
172.20.0.100 - - [03/Nov/2022:09:26:13 +0800] "GET /xingrg/javascript/jquery_easy_ui/jquery.easyui.min.js HTTP/1.1" 304 -
172.20.0.100 - - [03/Nov/2022:09:26:13 +0800] "GET /xingrg/javascript/jquery_easy_ui/easyui-lang-zh_CN.js HTTP/1.1" 304 -
172.20.0.100 - - [03/Nov/2022:09:26:13 +0800] "GET /xingrg/javascript/jquery.utils.js HTTP/1.1" 304 -
172.20.0.100 - - [03/Nov/2022:09:26:13 +0800] "GET /xingrg/images/control/ajaxLoader.gif HTTP/1.1" 304 -
114.83.221.184 - - [03/Nov/2022:09:26:15 +0800] "GET /xingrg/kc/buy/cgsh_order_operate.html?command=get_materiel&rest_code=00149&code=00101008353&supplier_code=00100008&order_time=2022-11-03 HTTP/1.1" 200 408
116.238.139.35 - - [03/Nov/2022:09:26:16 +0800] "GET /xingrg/kc/buy/cgsh_order_operate.html?command=get_materiel&rest_code=00150&code=00101008361&supplier_code=00100008&order_time=2022-11-03 HTTP/1.1" 200 408
222.70.183.206 - - [03/Nov/2022:09:26:18 +0800] "GET /xingrg/kc/buy/cgsh_order_operate.html?command=get_materiel&rest_code=00111&code=00102003127&supplier_code=00100151&order_time=2022-11-03 HTTP/1.1" 200 414
116.230.105.139 - - [03/Nov/2022:09:26:21 +0800] "GET /xingrg/kc/buy/cgsh_order_operate.html?command=get_materiel&rest_code=00155&code=00102013003&supplier_code=00100075&order_time=2022-11-03 HTTP/1.1" 200 410
116.238.139.35 - - [03/Nov/2022:09:26:23 +0800] "GET /xingrg/all/function/internal_message.html?_=1667438792281&CODE_STATE=getMsg HTTP/1.1" 200 27
116.230.105.139 - - [03/Nov/2022:09:26:28 +0800] "GET /xingrg/all/function/internal_message.html?_=1667438748851&CODE_STATE=getMsg HTTP/1.1" 200 27
116.238.139.35 - - [03/Nov/2022:09:26:28 +0800] "GET /xingrg/kc/buy/cgsh_order_operate.html?command=get_materiel&rest_code=00150&code=00101008355&supplier_code=00100008&order_time=2022-11-03 HTTP/1.1" 200 408
114.83.221.184 - - [03/Nov/2022:09:26:29 +0800] "GET /xingrg/kc/buy/cgsh_order_operate.html?command=get_materiel&rest_code=00149&code=00101008213&supplier_code=00100008&order_time=2022-11-03 HTTP/1.1" 200 412
172.20.0.100 - - [03/Nov/2022:09:26:32 +0800] "POST /xingrg/kc/cost/cost_operate.html HTTP/1.1" 200 4
172.20.0.100 - - [03/Nov/2022:09:26:33 +0800] "GET /xingrg/kc/cost/cost_page.html HTTP/1.1" 200 4079
172.20.0.100 - - [03/Nov/2022:09:26:33 +0800] "GET /xingrg/css/blue.css HTTP/1.1" 304 -
172.20.0.100 - - [03/Nov/2022:09:26:33 +0800] "GET /xingrg/javascript/jquery_easy_ui/themes/default/easyui.css HTTP/1.1" 304 -
172.20.0.100 - - [03/Nov/2022:09:26:33 +0800] "GET /xingrg/javascript/jquery_easy_ui/themes/icon.css HTTP/1.1" 304 -
172.20.0.100 - - [03/Nov/2022:09:26:33 +0800] "GET /xingrg/javascript/step/step.css HTTP/1.1" 304 -
172.20.0.100 - - [03/Nov/2022:09:26:33 +0800] "GET /xingrg/css/table.css HTTP/1.1" 304 -
172.20.0.100 - - [03/Nov/2022:09:26:33 +0800] "GET /xingrg/dwr/interface/AjaxReportQueryService.js HTTP/1.1" 200 13203
172.20.0.100 - - [03/Nov/2022:09:26:33 +0800] "GET /xingrg/dwr/engine.js HTTP/1.1" 200 43631
172.20.0.100 - - [03/Nov/2022:09:26:33 +0800] "GET /xingrg/dwr/util.js HTTP/1.1" 304 -
172.20.0.100 - - [03/Nov/2022:09:26:33 +0800] "GET /xingrg/javascript/jquery-1.4.2.min.js HTTP/1.1" 304 -
172.20.0.100 - - [03/Nov/2022:09:26:33 +0800] "GET /xingrg/javascript/jquery_easy_ui/jquery.easyui.min.js HTTP/1.1" 304 -
172.20.0.100 - - [03/Nov/2022:09:26:33 +0800] "GET /xingrg/javascript/jquery_easy_ui/easyui-lang-zh_CN.js HTTP/1.1" 304 -
172.20.0.100 - - [03/Nov/2022:09:26:33 +0800] "GET /xingrg/javascript/jquery.utils.js HTTP/1.1" 304 -
172.20.0.100 - - [03/Nov/2022:09:26:33 +0800] "GET /xingrg/images/control/ajaxLoader.gif HTTP/1.1" 304 -
114.88.159.190 - - [03/Nov/2022:09:26:34 +0800] "GET /xingrg/check_reg.html?_=1667438437359 HTTP/1.1" 200 22
221.239.141.151 - - [03/Nov/2022:09:26:34 +0800] "GET /xingrg/all/function/internal_message.html?_=1667438804672&CODE_STATE=getMsg HTTP/1.1" 200 27
116.230.105.139 - - [03/Nov/2022:09:26:35 +0800] "GET /xingrg/kc/buy/cgsh_order_operate.html?command=get_materiel&rest_code=00155&code=00102003086&supplier_code=00100075&order_time=2022-11-03 HTTP/1.1" 200 408
172.20.0.100 - - [03/Nov/2022:09:26:36 +0800] "POST /xingrg/all/user/operate.html HTTP/1.1" 200 36
