61.170.233.76 - - [03/Nov/2022:11:06:30 +0800] "GET /xingrg/all/report/report_query.html?isQuery=1&onlyBody=1&rh=99999&rw=1800&varString=start:20221001,cost_id:3957,mid:20221001&fileName=kc/base/crk_hz_type_by_base.xml&queryString=%20a.base_code%20in%20('0010404','0010833')%20%20and%20m.sort_code%20in%20('00101001','00101002','00101003','00101004','00101005','00101006','00101007','00101008','00101009','00101010','00101011','00101012','00101013','00101014','00101015','00101016','00101017','00101018','00101019','00101020','00101021','00101022','00101023','00101024','00101025','00101026','00101027','00101028','00101029','00101030','00101031','00101032','00101033','00101034','00101036','00101037','00101038','00101039','00101040','00101041','00101042','00101043')%20&queryText=ÈÕÆÚ£º2022-10-01ÖÁ2022-10-31%20²Ö¿â£ºÔÁ²Ë,ÉÏʲ&tableQueryString=materiel_table$sp1$$sp$before_table$sp1$$sp$crk_table$sp1$order_day%20between%2020221001%20and%2020221031 HTTP/1.1" 200 49898
61.170.233.76 - - [03/Nov/2022:11:06:30 +0800] "GET /xingrg/dwr/interface/AjaxReportQueryService.js HTTP/1.1" 200 13203
61.170.233.76 - - [03/Nov/2022:11:06:30 +0800] "GET /xingrg/dwr/engine.js HTTP/1.1" 200 43631
180.169.147.146 - - [03/Nov/2022:11:06:30 +0800] "GET /xingrg/all/function/internal_message.html?_=1667444798059&CODE_STATE=getMsg HTTP/1.1" 200 27
61.170.233.76 - - [03/Nov/2022:11:06:31 +0800] "POST /xingrg/all/report/load_report_page.html HTTP/1.1" 200 118631
61.170.233.76 - - [03/Nov/2022:11:06:31 +0800] "GET /xingrg/servlets/image?cache=0.7356195965654965&image=px HTTP/1.1" 200 807
61.170.233.76 - - [03/Nov/2022:11:06:32 +0800] "GET /xingrg/kc/buy/cgsh_order_operate.html?command=get_materiel&rest_code=00106&code=00101012040&supplier_code=00100032&order_time=2022-11-03 HTTP/1.1" 200 412
221.239.141.151 - - [03/Nov/2022:11:06:33 +0800] "GET /xingrg/all/function/internal_message.html?_=1667444803969&CODE_STATE=getMsg HTTP/1.1" 200 27
114.88.159.190 - - [03/Nov/2022:11:06:34 +0800] "GET /xingrg/check_reg.html?_=1667444437626 HTTP/1.1" 200 22
61.170.233.76 - - [03/Nov/2022:11:06:38 +0800] "GET /xingrg/kc/base/wldb_order_operate.html?command=get_materiel&rest_code=00106&base_code=0010396&code=00101019183 HTTP/1.1" 200 448
58.39.169.76 - - [03/Nov/2022:11:06:40 +0800] "GET /xingrg/all/function/internal_message.html?_=1667444811894&CODE_STATE=getMsg HTTP/1.1" 200 27
218.81.217.29 - - [03/Nov/2022:11:06:41 +0800] "GET /xingrg/check_reg.html?_=1667444824614 HTTP/1.1" 200 22
114.83.219.57 - - [03/Nov/2022:11:06:44 +0800] "GET /xingrg/all/function/internal_message.html?_=1667444925329&CODE_STATE=getMsg HTTP/1.1" 200 27
61.170.233.76 - - [03/Nov/2022:11:06:44 +0800] "GET /xingrg/all/function/internal_message.html?_=1667444818180&CODE_STATE=getMsg HTTP/1.1" 200 27
58.39.169.76 - - [03/Nov/2022:11:06:45 +0800] "GET /xingrg/all/function/internal_message.html?_=1667444666443&CODE_STATE=getMsg HTTP/1.1" 200 27
180.163.29.103 - - [03/Nov/2022:11:06:46 +0800] "GET /xingrg/kc/buy/cgsh_order_operate.html?command=get_materiel&rest_code=00106&code=00101016071&supplier_code=00100032&order_time=2022-11-03 HTTP/1.1" 302 -
180.163.29.103 - - [03/Nov/2022:11:06:46 +0800] "GET /xingrg/login.html HTTP/1.1" 200 7641
218.81.217.29 - - [03/Nov/2022:11:06:46 +0800] "GET /xingrg/all/function/internal_message.html?_=1667444830230&CODE_STATE=getMsg HTTP/1.1" 200 27
180.162.109.76 - - [03/Nov/2022:11:06:53 +0800] "GET /xingrg/all/function/internal_message.html?_=1667443886963&CODE_STATE=getMsg HTTP/1.1" 200 27
180.162.109.76 - - [03/Nov/2022:11:06:53 +0800] "GET /xingrg/check_reg.html?_=1667443886960 HTTP/1.1" 200 22
61.170.233.76 - - [03/Nov/2022:11:06:54 +0800] "GET /xingrg/kc/base/wldb_order_operate.html?command=get_materiel&rest_code=00106&base_code=0010396&code=00101016020 HTTP/1.1" 200 447
61.170.233.76 - - [03/Nov/2022:11:06:56 +0800] "GET /xingrg/all/function/internal_message.html?_=1667444827227&CODE_STATE=getMsg HTTP/1.1" 200 27
116.238.139.35 - - [03/Nov/2022:11:06:56 +0800] "GET /xingrg/all/function/internal_message.html?_=1667444826022&CODE_STATE=getMsg HTTP/1.1" 200 27
180.169.147.146 - - [03/Nov/2022:11:06:56 +0800] "GET /xingrg/kc/mdqp/pssh_order_list.html HTTP/1.1" 200 17760
180.169.147.146 - - [03/Nov/2022:11:06:57 +0800] "POST /xingrg/kc/mdqp/pssh_list_operate.html HTTP/1.1" 200 5179
222.70.183.206 - - [03/Nov/2022:11:06:57 +0800] "GET /xingrg/kc/buy/buy_main.html HTTP/1.1" 200 12412
222.70.183.206 - - [03/Nov/2022:11:06:57 +0800] "GET /xingrg/css/new_ie.css HTTP/1.1" 404 1036
180.169.147.146 - - [03/Nov/2022:11:06:58 +0800] "POST /xingrg/kc/mdqp/pssh_list_operate.html HTTP/1.1" 200 798
180.169.147.146 - - [03/Nov/2022:11:06:58 +0800] "GET /xingrg/kc/mdqp/pssh_order_info.html?code=312022110300064 HTTP/1.1" 200 17281
180.169.147.146 - - [03/Nov/2022:11:06:58 +0800] "GET /xingrg/javascript/jquery_tools/jquery-1.4.2.min.js HTTP/1.1" 404 1094
222.70.183.206 - - [03/Nov/2022:11:06:58 +0800] "GET /xingrg/images/yd/bt.gif HTTP/1.1" 404 1040
180.169.147.146 - - [03/Nov/2022:11:06:58 +0800] "POST /xingrg/kc/mdqp/pssh_order_operate.html HTTP/1.1" 200 12395
180.169.147.146 - - [03/Nov/2022:11:06:58 +0800] "GET /xingrg/all/common/auto_word.html?type=base&rest_code=00147&rest_code=00147 HTTP/1.1" 200 1803
180.169.147.146 - - [03/Nov/2022:11:06:58 +0800] "GET /xingrg/javascript/easyui/themes/default/validatebox.css HTTP/1.1" 404 1104
222.70.183.206 - - [03/Nov/2022:11:06:59 +0800] "GET /xingrg/kc/buy/cgsh_order_list.html HTTP/1.1" 200 53417
180.169.147.146 - - [03/Nov/2022:11:07:00 +0800] "GET /xingrg/all/function/internal_message.html?_=1667444825311&CODE_STATE=getMsg HTTP/1.1" 200 27
114.88.159.190 - - [03/Nov/2022:11:07:01 +0800] "GET /xingrg/all/function/internal_message.html?_=1667444464547&CODE_STATE=getMsg HTTP/1.1" 200 27
222.70.183.206 - - [03/Nov/2022:11:07:01 +0800] "POST /xingrg/kc/buy/cgsh_list_operate.html HTTP/1.1" 200 5760
114.83.221.184 - - [03/Nov/2022:11:07:03 +0800] "GET /xingrg/kc/buy/cgsh_order_operate.html?command=get_materiel&rest_code=00149&code=00101011005&supplier_code=00100051&order_time=2022-11-03 HTTP/1.1" 200 428
61.170.233.76 - - [03/Nov/2022:11:07:03 +0800] "GET /xingrg/kc/buy/cgsh_order_operate.html?command=get_materiel&rest_code=00106&code=00101005037&supplier_code=00100032&order_time=2022-11-03 HTTP/1.1" 200 409
180.169.147.146 - - [03/Nov/2022:11:07:05 +0800] "GET /xingrg/kc/mdqp/pssh_order_list.html?isBack=1 HTTP/1.1" 200 17760
180.169.147.146 - - [03/Nov/2022:11:07:05 +0800] "POST /xingrg/kc/mdqp/pssh_list_operate.html HTTP/1.1" 200 5179
180.169.147.146 - - [03/Nov/2022:11:07:06 +0800] "GET /xingrg/all/function/internal_message.html?_=1667444836000&CODE_STATE=getMsg HTTP/1.1" 200 27
61.170.233.76 - - [03/Nov/2022:11:07:08 +0800] "GET /xingrg/kc/base/wldb_order_operate.html?command=get_materiel&rest_code=00106&base_code=0010396&code=00101016083 HTTP/1.1" 200 448
222.70.183.206 - - [03/Nov/2022:11:07:08 +0800] "GET /xingrg/all/function/internal_message.html?_=1667444836335&CODE_STATE=getMsg HTTP/1.1" 200 27
222.70.183.206 - - [03/Nov/2022:11:07:08 +0800] "GET /xingrg/check_reg.html?_=1667444836336 HTTP/1.1" 200 22
180.169.147.146 - - [03/Nov/2022:11:07:08 +0800] "GET /xingrg/kc/mdqp/qqps_order_list.html HTTP/1.1" 200 9668
180.169.147.146 - - [03/Nov/2022:11:07:08 +0800] "GET /xingrg/dwr/interface/AjaxQqpsService.js HTTP/1.1" 200 16326
180.169.147.146 - - [03/Nov/2022:11:07:08 +0800] "GET /xingrg/dwr/interface/AjaxReportQueryService.js HTTP/1.1" 200 13203
180.169.147.146 - - [03/Nov/2022:11:07:08 +0800] "GET /xingrg/dwr/util.js HTTP/1.1" 200 35990
180.169.147.146 - - [03/Nov/2022:11:07:08 +0800] "GET /xingrg/dwr/engine.js HTTP/1.1" 200 43631
114.83.221.184 - - [03/Nov/2022:11:07:09 +0800] "GET /xingrg/check_reg.html?_=1667444836723 HTTP/1.1" 200 22
114.83.221.184 - - [03/Nov/2022:11:07:09 +0800] "GET /xingrg/all/function/internal_message.html?_=1667444836728&CODE_STATE=getMsg HTTP/1.1" 200 27
180.169.147.146 - - [03/Nov/2022:11:07:10 +0800] "GET /xingrg/kc/mdqp/qqps_order_add.html HTTP/1.1" 200 28074
180.169.147.146 - - [03/Nov/2022:11:07:10 +0800] "GET /xingrg/dwr/interface/AjaxComOrderService.js HTTP/1.1" 200 18264
180.169.147.146 - - [03/Nov/2022:11:07:10 +0800] "GET /xingrg/dwr/interface/AjaxQqpsService.js HTTP/1.1" 200 16326
180.169.147.146 - - [03/Nov/2022:11:07:10 +0800] "GET /xingrg/dwr/engine.js HTTP/1.1" 200 43631
61.170.233.76 - - [03/Nov/2022:11:07:10 +0800] "GET /xingrg/all/function/internal_message.html?_=1667444838916&CODE_STATE=getMsg HTTP/1.1" 200 27
180.163.29.219 - - [03/Nov/2022:11:07:10 +0800] "GET /xingrg/all/function/internal_message.html?_=1667444778944&CODE_STATE=getMsg HTTP/1.1" 302 -
180.163.29.219 - - [03/Nov/2022:11:07:10 +0800] "GET /xingrg/login.html HTTP/1.1" 200 7641
114.83.221.184 - - [03/Nov/2022:11:07:10 +0800] "GET /xingrg/all/function/internal_message.html?_=1667444840156&CODE_STATE=getMsg HTTP/1.1" 200 27
180.169.147.146 - - [03/Nov/2022:11:07:16 +0800] "GET /xingrg/check_reg.html?_=1667444845845 HTTP/1.1" 200 22
180.169.147.146 - - [03/Nov/2022:11:07:16 +0800] "GET /xingrg/all/function/internal_message.html?_=1667444845852&CODE_STATE=getMsg HTTP/1.1" 200 27
61.170.233.76 - - [03/Nov/2022:11:07:18 +0800] "GET /xingrg/kc/base/wldb_order_operate.html?command=get_materiel&rest_code=00106&base_code=0010396&code=00101016001 HTTP/1.1" 200 458
61.170.233.76 - - [03/Nov/2022:11:07:18 +0800] "GET /xingrg/kc/buy/cgsh_order_operate.html?command=get_materiel&rest_code=00106&code=00101016053&supplier_code=00100032&order_time=2022-11-03 HTTP/1.1" 200 408
180.169.147.146 - - [03/Nov/2022:11:07:18 +0800] "POST /xingrg/dwr/call/plaincall/AjaxQqpsService.saveOrder.dwr HTTP/1.1" 200 78
222.70.183.206 - - [03/Nov/2022:11:07:20 +0800] "GET /xingrg/javascript/jquery_tools/images/prev.gif HTTP/1.1" 404 1086
222.70.183.206 - - [03/Nov/2022:11:07:20 +0800] "GET /xingrg/javascript/jquery_tools/images/next.gif HTTP/1.1" 404 1086
172.20.0.100 - - [03/Nov/2022:11:07:21 +0800] "GET /xingrg/all/function/internal_message.html?_=1667444851029&CODE_STATE=getMsg HTTP/1.1" 200 27
61.170.233.76 - - [03/Nov/2022:11:07:25 +0800] "GET /xingrg/kc/buy/cgsh_order_operate.html?command=get_materiel&rest_code=00106&code=00101016017&supplier_code=00100032&order_time=2022-11-03 HTTP/1.1" 200 408
114.83.221.184 - - [03/Nov/2022:11:07:25 +0800] "GET /xingrg/kc/buy/cgsh_order_operate.html?command=get_materiel&rest_code=00149&code=00101011007&supplier_code=00100051&order_time=2022-11-03 HTTP/1.1" 200 414
180.169.147.146 - - [03/Nov/2022:11:07:26 +0800] "POST /xingrg/dwr/call/plaincall/AjaxQqpsService.getMaterielByCode.dwr HTTP/1.1" 200 2787
116.230.105.139 - - [03/Nov/2022:11:07:27 +0800] "GET /xingrg/all/function/internal_message.html?_=1667444807264&CODE_STATE=getMsg HTTP/1.1" 200 27
180.169.147.146 - - [03/Nov/2022:11:07:30 +0800] "GET /xingrg/all/function/internal_message.html?_=1667444858048&CODE_STATE=getMsg HTTP/1.1" 200 27
180.169.147.146 - - [03/Nov/2022:11:07:30 +0800] "GET /xingrg/check_reg.html?_=1667444858561 HTTP/1.1" 200 22
180.169.147.146 - - [03/Nov/2022:11:07:31 +0800] "POST /xingrg/dwr/call/plaincall/AjaxQqpsService.saveMaterielItem.dwr HTTP/1.1" 200 78
222.70.183.206 - - [03/Nov/2022:11:07:32 +0800] "POST /xingrg/kc/buy/cgsh_list_operate.html HTTP/1.1" 200 5969
180.169.147.146 - - [03/Nov/2022:11:07:33 +0800] "POST /xingrg/dwr/call/plaincall/AjaxQqpsService.checkOrder.dwr HTTP/1.1" 200 78
221.239.141.151 - - [03/Nov/2022:11:07:33 +0800] "GET /xingrg/all/function/internal_message.html?_=1667444863955&CODE_STATE=getMsg HTTP/1.1" 200 27
180.169.147.146 - - [03/Nov/2022:11:07:34 +0800] "GET /xingrg/kc/mdqp/qqps_order_info.html?code=302022110300056 HTTP/1.1" 200 26477
180.169.147.146 - - [03/Nov/2022:11:07:34 +0800] "GET /xingrg/dwr/interface/AjaxComOrderService.js HTTP/1.1" 200 18264
180.169.147.146 - - [03/Nov/2022:11:07:34 +0800] "GET /xingrg/dwr/interface/AjaxQqpsService.js HTTP/1.1" 200 16326
180.169.147.146 - - [03/Nov/2022:11:07:34 +0800] "GET /xingrg/dwr/engine.js HTTP/1.1" 200 43631
180.169.147.146 - - [03/Nov/2022:11:07:34 +0800] "POST /xingrg/dwr/call/plaincall/AjaxQqpsService.loadMaterielItems.dwr HTTP/1.1" 200 330
61.170.233.76 - - [03/Nov/2022:11:07:34 +0800] "GET /xingrg/kc/base/wldb_order_operate.html?command=get_materiel&rest_code=00106&base_code=0010396&code=00101019133 HTTP/1.1" 200 480
114.83.221.184 - - [03/Nov/2022:11:07:40 +0800] "GET /xingrg/kc/buy/cgsh_order_operate.html?command=get_materiel&rest_code=00149&code=00101011003&supplier_code=00100051&order_time=2022-11-03 HTTP/1.1" 200 413
58.39.169.76 - - [03/Nov/2022:11:07:40 +0800] "GET /xingrg/check_reg.html?_=1667444871894 HTTP/1.1" 200 22
58.39.169.76 - - [03/Nov/2022:11:07:40 +0800] "GET /xingrg/all/function/internal_message.html?_=1667444871897&CODE_STATE=getMsg HTTP/1.1" 200 27
61.170.233.76 - - [03/Nov/2022:11:07:42 +0800] "GET /xingrg/kc/buy/cgsh_order_operate.html?command=get_materiel&rest_code=00106&code=00101001111&supplier_code=00100032&order_time=2022-11-03 HTTP/1.1" 200 409
114.83.219.57 - - [03/Nov/2022:11:07:44 +0800] "GET /xingrg/all/function/internal_message.html?_=1667444985325&CODE_STATE=getMsg HTTP/1.1" 200 27
61.170.233.76 - - [03/Nov/2022:11:07:44 +0800] "GET /xingrg/all/function/internal_message.html?_=1667444878192&CODE_STATE=getMsg HTTP/1.1" 200 27
61.170.233.76 - - [03/Nov/2022:11:07:44 +0800] "GET /xingrg/check_reg.html?_=1667444878192 HTTP/1.1" 200 22
58.39.169.76 - - [03/Nov/2022:11:07:45 +0800] "GET /xingrg/all/function/internal_message.html?_=1667444726433&CODE_STATE=getMsg HTTP/1.1" 200 27
61.170.233.76 - - [03/Nov/2022:11:07:46 +0800] "GET /xingrg/kc/base/wldb_order_operate.html?command=get_materiel&rest_code=00106&base_code=0010396&code=00101016094 HTTP/1.1" 200 470
218.81.217.29 - - [03/Nov/2022:11:07:46 +0800] "GET /xingrg/all/function/internal_message.html?_=1667444890243&CODE_STATE=getMsg HTTP/1.1" 200 27
180.162.109.76 - - [03/Nov/2022:11:07:53 +0800] "GET /xingrg/all/function/internal_message.html?_=1667443946987&CODE_STATE=getMsg HTTP/1.1" 200 27
116.238.139.35 - - [03/Nov/2022:11:07:53 +0800] "GET /xingrg/check_reg.html?_=1667444882795 HTTP/1.1" 200 22
61.170.233.76 - - [03/Nov/2022:11:07:53 +0800] "POST /xingrg/kc/buy/cgsh_order_operate.html HTTP/1.1" 200 37
61.170.233.76 - - [03/Nov/2022:11:07:55 +0800] "GET /xingrg/kc/base/wldb_order_operate.html?command=get_materiel&rest_code=00106&base_code=0010396&code=00101019391 HTTP/1.1" 200 485
61.170.233.76 - - [03/Nov/2022:11:07:56 +0800] "GET /xingrg/all/function/internal_message.html?_=1667444887237&CODE_STATE=getMsg HTTP/1.1" 200 27
116.238.139.35 - - [03/Nov/2022:11:07:56 +0800] "GET /xingrg/all/function/internal_message.html?_=1667444885996&CODE_STATE=getMsg HTTP/1.1" 200 27
114.83.221.184 - - [03/Nov/2022:11:07:58 +0800] "GET /xingrg/kc/buy/cgsh_order_operate.html?command=get_materiel&rest_code=00149&code=00101011010&supplier_code=00100051&order_time=2022-11-03 HTTP/1.1" 200 418
180.169.147.146 - - [03/Nov/2022:11:08:00 +0800] "GET /xingrg/all/function/internal_message.html?_=1667444885297&CODE_STATE=getMsg HTTP/1.1" 200 27
61.170.233.76 - - [03/Nov/2022:11:08:00 +0800] "GET /xingrg/all/report/report_query.html?isQuery=1&fileName=kc/base/crk_detail_by_small.xml&rh=99999&queryString=&queryText=%25E3%2580%2590%25E4%25BB%2593%25E5%25BA%2593%25E5%2590%258D%25E7%25A7%25B0%253A%25E7%25B2%25A4%25E8%258F%259C%25E3%2580%2591%25E3%2580%2590%25E4%25B8%259A%25E5%258A%25A1%25E7%25B1%25BB%25E5%259E%258B%25EF%25BC%259A%25E5%2586%2585%25E9%2583%25A8%25E8%25B0%2583%25E5%2585%25A5%25E3%2580%2591%2520%253F%253F%253F%253F%253F2022-10-01%253F%253F2022-10-31%2520%253F%253F%253F%253F%253F%253F%253F%252C%253F%253F%253F&tableQueryString=crk_table%2524sp1%2524order_day%2520between%252020221001%2520and%252020221031%2520and%2520(base_code%253D'0010404')%2520and%2520(src_order_type%2520in%2520(42))%2520and%2520(is_rk%2520in%2520(1)) HTTP/1.1" 200 53786
61.170.233.76 - - [03/Nov/2022:11:08:01 +0800] "GET /xingrg/dwr/interface/AjaxReportQueryService.js HTTP/1.1" 200 13203
61.170.233.76 - - [03/Nov/2022:11:08:01 +0800] "GET /xingrg/dwr/engine.js HTTP/1.1" 200 43631
114.88.159.190 - - [03/Nov/2022:11:08:01 +0800] "GET /xingrg/all/function/internal_message.html?_=1667444524527&CODE_STATE=getMsg HTTP/1.1" 200 27
180.163.29.234 - - [03/Nov/2022:11:08:01 +0800] "GET /xingrg/kc/buy/cgsh_order_operate.html?command=get_materiel&rest_code=00106&code=00101005037&supplier_code=00100032&order_time=2022-11-03 HTTP/1.1" 302 -
180.163.29.234 - - [03/Nov/2022:11:08:01 +0800] "GET /xingrg/login.html HTTP/1.1" 200 7641
61.170.233.76 - - [03/Nov/2022:11:08:01 +0800] "POST /xingrg/all/report/load_report_page.html HTTP/1.1" 200 34654
61.170.233.76 - - [03/Nov/2022:11:08:01 +0800] "GET /xingrg/servlets/image?cache=0.3271634236219818&image=px HTTP/1.1" 200 807
180.169.147.146 - - [03/Nov/2022:11:08:02 +0800] "GET /xingrg/kc/mdqp/qqps_order_list.html?isBack=1 HTTP/1.1" 200 10088
180.169.147.146 - - [03/Nov/2022:11:08:02 +0800] "GET /xingrg/dwr/interface/AjaxQqpsService.js HTTP/1.1" 200 16326
180.169.147.146 - - [03/Nov/2022:11:08:02 +0800] "GET /xingrg/dwr/interface/AjaxReportQueryService.js HTTP/1.1" 200 13203
180.169.147.146 - - [03/Nov/2022:11:08:02 +0800] "GET /xingrg/dwr/engine.js HTTP/1.1" 200 43631
61.170.233.76 - - [03/Nov/2022:11:08:04 +0800] "POST /xingrg/all/report/load_report_page.html HTTP/1.1" 200 284064
61.170.233.76 - - [03/Nov/2022:11:08:04 +0800] "GET /xingrg/servlets/image?cache=0.674190498358344&image=px HTTP/1.1" 200 807
180.169.147.146 - - [03/Nov/2022:11:08:06 +0800] "GET /xingrg/all/function/internal_message.html?_=1667444896005&CODE_STATE=getMsg HTTP/1.1" 200 27
114.83.221.184 - - [03/Nov/2022:11:08:06 +0800] "POST /xingrg/kc/buy/cgsh_order_operate.html HTTP/1.1" 200 37
222.70.183.206 - - [03/Nov/2022:11:08:08 +0800] "GET /xingrg/all/function/internal_message.html?_=1667444896343&CODE_STATE=getMsg HTTP/1.1" 200 27
61.170.233.76 - - [03/Nov/2022:11:08:08 +0800] "GET /xingrg/kc/base/wldb_order_operate.html?command=get_materiel&rest_code=00106&base_code=0010396&code=00101019450 HTTP/1.1" 200 482
114.83.221.184 - - [03/Nov/2022:11:08:09 +0800] "GET /xingrg/all/function/internal_message.html?_=1667444896711&CODE_STATE=getMsg HTTP/1.1" 200 27
114.83.221.184 - - [03/Nov/2022:11:08:10 +0800] "GET /xingrg/all/function/internal_message.html?_=1667444900155&CODE_STATE=getMsg HTTP/1.1" 200 27
114.83.221.184 - - [03/Nov/2022:11:08:11 +0800] "POST /xingrg/kc/buy/cgsh_order_operate.html HTTP/1.1" 200 12
61.170.233.76 - - [03/Nov/2022:11:08:12 +0800] "POST /xingrg/kc/buy/cgsh_order_operate.html HTTP/1.1" 200 7370
114.83.221.184 - - [03/Nov/2022:11:08:13 +0800] "GET /xingrg/kc/buy/cgsh_order_info.html?code=212022110300573 HTTP/1.1" 200 64189
114.83.221.184 - - [03/Nov/2022:11:08:13 +0800] "GET /xingrg/javascript/easyui/themes/default/validatebox.css HTTP/1.1" 404 1104
114.83.221.184 - - [03/Nov/2022:11:08:14 +0800] "POST /xingrg/kc/buy/cgsh_order_operate.html HTTP/1.1" 200 2392
114.83.221.184 - - [03/Nov/2022:11:08:15 +0800] "GET /xingrg/kc/print/load_data.html?order_code=212022110300573&kc_code=cgsh&condition= HTTP/1.1" 200 1407
180.169.147.146 - - [03/Nov/2022:11:08:16 +0800] "GET /xingrg/all/function/internal_message.html?_=1667444905842&CODE_STATE=getMsg HTTP/1.1" 200 27
61.170.233.76 - - [03/Nov/2022:11:08:20 +0800] "POST /xingrg/kc/base/wldb_order_operate.html HTTP/1.1" 200 37
114.83.221.184 - - [03/Nov/2022:11:08:21 +0800] "GET /xingrg/kc/buy/cgsh_order_add.html HTTP/1.1" 200 69286
61.170.233.76 - - [03/Nov/2022:11:08:21 +0800] "POST /xingrg/kc/base/wldb_order_operate.html HTTP/1.1" 200 8764
114.83.221.184 - - [03/Nov/2022:11:08:21 +0800] "POST /xingrg/kc/buy/cgsh_order_operate.html HTTP/1.1" 200 8245
114.83.221.184 - - [03/Nov/2022:11:08:21 +0800] "GET /xingrg/javascript/easyui/themes/default/validatebox.css HTTP/1.1" 404 1104
61.170.233.76 - - [03/Nov/2022:11:08:21 +0800] "GET /xingrg/kc/base/wldb_order_info.html?code=422022110300158 HTTP/1.1" 200 30310
61.170.233.76 - - [03/Nov/2022:11:08:21 +0800] "GET /xingrg/javascript/easyui/themes/default/validatebox.css HTTP/1.1" 404 1104
172.20.0.100 - - [03/Nov/2022:11:08:21 +0800] "GET /xingrg/all/function/internal_message.html?_=1667444911030&CODE_STATE=getMsg HTTP/1.1" 200 27
61.170.233.76 - - [03/Nov/2022:11:08:22 +0800] "POST /xingrg/kc/base/wldb_order_operate.html HTTP/1.1" 200 8764
61.170.233.76 - - [03/Nov/2022:11:08:25 +0800] "GET /xingrg/kc/base/wldb_order_add.html HTTP/1.1" 200 30295
61.170.233.76 - - [03/Nov/2022:11:08:25 +0800] "POST /xingrg/kc/base/wldb_order_operate.html HTTP/1.1" 200 6806
61.170.233.76 - - [03/Nov/2022:11:08:25 +0800] "GET /xingrg/javascript/easyui/themes/default/validatebox.css HTTP/1.1" 404 1104
222.70.183.206 - - [03/Nov/2022:11:08:26 +0800] "GET /xingrg/kc/buy/cgsh_order_add.html HTTP/1.1" 200 69154
222.70.183.206 - - [03/Nov/2022:11:08:26 +0800] "POST /xingrg/kc/buy/cgsh_order_operate.html HTTP/1.1" 200 8245
222.70.183.206 - - [03/Nov/2022:11:08:26 +0800] "GET /xingrg/javascript/easyui/themes/default/validatebox.css HTTP/1.1" 404 1104
61.170.233.76 - - [03/Nov/2022:11:08:26 +0800] "POST /xingrg/all/common/load_combo.html?type=base HTTP/1.1" 200 3227
116.230.105.139 - - [03/Nov/2022:11:08:27 +0800] "GET /xingrg/all/function/internal_message.html?_=1667444867258&CODE_STATE=getMsg HTTP/1.1" 200 27
58.40.7.146 - - [03/Nov/2022:11:08:29 +0800] "POST /xingrg/services/DataTransmitService HTTP/1.1" 200 524
61.170.233.76 - - [03/Nov/2022:11:08:29 +0800] "POST /xingrg/all/common/load_combo.html?type=base HTTP/1.1" 200 3227
114.83.221.184 - - [03/Nov/2022:11:08:30 +0800] "GET /xingrg/kc/buy/cgsh_order_operate.html?command=get_materiel&rest_code=00149&code=00101011005&supplier_code=00100051&order_time=2022-11-02 HTTP/1.1" 200 428
180.169.147.146 - - [03/Nov/2022:11:08:30 +0800] "GET /xingrg/all/function/internal_message.html?_=1667444918031&CODE_STATE=getMsg HTTP/1.1" 200 27
114.84.81.136 - - [03/Nov/2022:11:08:30 +0800] "GET /xingrg/login.html HTTP/1.1" 200 7641
114.84.81.136 - - [03/Nov/2022:11:08:30 +0800] "GET /favicon.ico HTTP/1.1" 404 -
114.84.81.136 - - [03/Nov/2022:11:08:32 +0800] "POST /xingrg/login.do HTTP/1.1" 302 -
114.84.81.136 - - [03/Nov/2022:11:08:32 +0800] "GET /xingrg/index.html?sysBaseUrl=http%3A%2F%2F180.169.147.146%3A18081%2Fxingrg%2F&costTime=40×tamp=1667444912219 HTTP/1.1" 200 17503
114.84.81.136 - - [03/Nov/2022:11:08:32 +0800] "GET /favicon.ico HTTP/1.1" 404 -
114.84.81.136 - - [03/Nov/2022:11:08:32 +0800] "POST /xingrg/all/common/load_tree.html?tree=area_rest_tree_json&manage=1 HTTP/1.1" 200 3493
114.84.81.136 - - [03/Nov/2022:11:08:32 +0800] "GET /xingrg/all/function/internal_message.html?_=1667444922130&CODE_STATE=count HTTP/1.1" 200 11
114.84.81.136 - - [03/Nov/2022:11:08:32 +0800] "GET /xingrg/check_reg.html?_=1667444922131 HTTP/1.1" 200 22
114.84.81.136 - - [03/Nov/2022:11:08:32 +0800] "POST /xingrg/load_menu.html HTTP/1.1" 200 11564
221.239.141.151 - - [03/Nov/2022:11:08:33 +0800] "GET /xingrg/all/function/internal_message.html?_=1667444923935&CODE_STATE=getMsg HTTP/1.1" 200 27
221.239.141.151 - - [03/Nov/2022:11:08:34 +0800] "GET /xingrg/check_reg.html?_=1667444924479 HTTP/1.1" 200 22
114.84.81.136 - - [03/Nov/2022:11:08:36 +0800] "POST /xingrg/all/user/operate.html HTTP/1.1" 200 36
114.84.81.136 - - [03/Nov/2022:11:08:36 +0800] "GET /xingrg/index.html?sysBaseUrl=http%3A%2F%2F180.169.147.146%3A18081%2Fxingrg%2F&costTime=40×tamp=1667444912219 HTTP/1.1" 200 17509
114.84.81.136 - - [03/Nov/2022:11:08:36 +0800] "GET /xingrg/javascript/jquery_easy_ui/themes/default/easyui.css HTTP/1.1" 304 -
114.84.81.136 - - [03/Nov/2022:11:08:36 +0800] "GET /xingrg/javascript/jquery_easy_ui/themes/icon.css HTTP/1.1" 304 -
114.84.81.136 - - [03/Nov/2022:11:08:36 +0800] "GET /xingrg/css/form.css HTTP/1.1" 304 -
114.84.81.136 - - [03/Nov/2022:11:08:36 +0800] "GET /xingrg/javascript/jquery-1.4.2.min.js HTTP/1.1" 304 -
114.84.81.136 - - [03/Nov/2022:11:08:36 +0800] "GET /xingrg/javascript/jquery_easy_ui/jquery.easyui.min.js HTTP/1.1" 304 -
114.84.81.136 - - [03/Nov/2022:11:08:36 +0800] "GET /xingrg/javascript/jquery_easy_ui/easyui-lang-zh_CN.js HTTP/1.1" 304 -
114.84.81.136 - - [03/Nov/2022:11:08:36 +0800] "GET /xingrg/javascript/jquery.form.js HTTP/1.1" 304 -
114.84.81.136 - - [03/Nov/2022:11:08:36 +0800] "GET /xingrg/javascript/jquery.utils.js HTTP/1.1" 304 -
114.84.81.136 - - [03/Nov/2022:11:08:36 +0800] "GET /xingrg/javascript/jquery.timers.js HTTP/1.1" 304 -
114.84.81.136 - - [03/Nov/2022:11:08:36 +0800] "GET /xingrg/images/blue/jxLogo.png HTTP/1.1" 304 -
114.84.81.136 - - [03/Nov/2022:11:08:36 +0800] "GET /xingrg/images/blue/navBackgound.jpg HTTP/1.1" 304 -
114.84.81.136 - - [03/Nov/2022:11:08:36 +0800] "GET /xingrg/javascript/jquery_easy_ui/themes/icons/settle_new.png HTTP/1.1" 304 -
114.84.81.136 - - [03/Nov/2022:11:08:36 +0800] "POST /xingrg/all/common/load_tree.html?tree=area_rest_tree_json&manage=1 HTTP/1.1" 200 3493
114.84.81.136 - - [03/Nov/2022:11:08:36 +0800] "GET /xingrg/check_reg.html?_=1667444926413 HTTP/1.1" 200 22
114.84.81.136 - - [03/Nov/2022:11:08:36 +0800] "GET /xingrg/all/function/internal_message.html?_=1667444926413&CODE_STATE=count HTTP/1.1" 200 11
114.84.81.136 - - [03/Nov/2022:11:08:36 +0800] "GET /xingrg/javascript/jquery_easy_ui/themes/default/images/panel_tool_collapse.gif HTTP/1.1" 304 -
114.84.81.136 - - [03/Nov/2022:11:08:36 +0800] "GET /xingrg/javascript/jquery_easy_ui/themes/default/images/tabs_rightarrow.png HTTP/1.1" 304 -
114.84.81.136 - - [03/Nov/2022:11:08:36 +0800] "GET /xingrg/images/blue/pingpu.png HTTP/1.1" 304 -
114.84.81.136 - - [03/Nov/2022:11:08:36 +0800] "GET /xingrg/javascript/jquery_easy_ui/themes/default/images/panel_tool_expand.gif HTTP/1.1" 304 -
114.84.81.136 - - [03/Nov/2022:11:08:36 +0800] "GET /xingrg/javascript/jquery_easy_ui/themes/default/images/tabs_leftarrow.png HTTP/1.1" 304 -
114.84.81.136 - - [03/Nov/2022:11:08:36 +0800] "POST /xingrg/load_menu.html HTTP/1.1" 200 9959
114.84.81.136 - - [03/Nov/2022:11:08:37 +0800] "GET /xingrg/kc/base/base_main.html HTTP/1.1" 200 12142
114.84.81.136 - - [03/Nov/2022:11:08:38 +0800] "GET /xingrg/kc/base/check_order_list.html HTTP/1.1" 200 16446
114.84.81.136 - - [03/Nov/2022:11:08:38 +0800] "POST /xingrg/kc/base/check_list_operate.html HTTP/1.1" 200 781
114.84.81.136 - - [03/Nov/2022:11:08:40 +0800] "GET /xingrg/kc/report/report_main.html HTTP/1.1" 200 7340
58.39.169.76 - - [03/Nov/2022:11:08:40 +0800] "GET /xingrg/all/function/internal_message.html?_=1667444931896&CODE_STATE=getMsg HTTP/1.1" 200 27
58.40.7.146 - - [03/Nov/2022:11:08:40 +0800] "POST /xingrg/services/DataTransmitService HTTP/1.1" 200 524
114.84.81.136 - - [03/Nov/2022:11:08:42 +0800] "GET /xingrg/kc/base/crk_hz.html HTTP/1.1" 200 11247
114.84.81.136 - - [03/Nov/2022:11:08:42 +0800] "POST /xingrg/kc/cost/cost_operate.html?command=get_base_tree HTTP/1.1" 200 2583
114.84.81.136 - - [03/Nov/2022:11:08:42 +0800] "POST /xingrg/all/common/load_tree.html?tree=materiel_sort_tree_json HTTP/1.1" 200 9500
114.83.219.57 - - [03/Nov/2022:11:08:44 +0800] "GET /xingrg/all/function/internal_message.html?_=1667445045322&CODE_STATE=getMsg HTTP/1.1" 200 27
61.170.233.76 - - [03/Nov/2022:11:08:44 +0800] "GET /xingrg/all/function/internal_message.html?_=1667444938179&CODE_STATE=getMsg HTTP/1.1" 200 27
114.84.81.136 - - [03/Nov/2022:11:08:44 +0800] "GET /xingrg/all/common/get_data_part.html?part=previousMonth&_=1667444933857 HTTP/1.1" 200 41
114.84.81.136 - - [03/Nov/2022:11:08:44 +0800] "GET /xingrg/kc/base/crk_hz.html?_=1667444934677&command=get_cost_id&end_date=2022-10-31&start_date=2022-10-01 HTTP/1.1" 200 51
114.84.81.136 - - [03/Nov/2022:11:08:45 +0800] "GET /xingrg/all/report/report_query.html?isQuery=1&onlyBody=1&rh=99999&rw=1800&varString=start:20221001,cost_id:3944,mid:20221001&fileName=kc/base/crk_hz_type_by_base.xml&queryString=&queryText=ÈÕÆÚ£º2022-10-01ÖÁ2022-10-31&tableQueryString=materiel_table$sp1$$sp$before_table$sp1$$sp$crk_table$sp1$order_day%20between%2020221001%20and%2020221031 HTTP/1.1" 200 49363
222.70.183.206 - - [03/Nov/2022:11:08:45 +0800] "GET /xingrg/kc/buy/cgsh_order_operate.html?command=get_materiel&rest_code=00111&code=00101001168&supplier_code=00100313&order_time=2022-10-03 HTTP/1.1" 200 414
114.84.81.136 - - [03/Nov/2022:11:08:45 +0800] "GET /xingrg/dwr/interface/AjaxReportQueryService.js HTTP/1.1" 200 13203
114.84.81.136 - - [03/Nov/2022:11:08:45 +0800] "GET /xingrg/dwr/engine.js HTTP/1.1" 200 43631
58.39.169.76 - - [03/Nov/2022:11:08:45 +0800] "GET /xingrg/all/function/internal_message.html?_=1667444786424&CODE_STATE=getMsg HTTP/1.1" 200 27
114.84.81.136 - - [03/Nov/2022:11:08:46 +0800] "POST /xingrg/all/report/load_report_page.html HTTP/1.1" 200 883514
114.84.81.136 - - [03/Nov/2022:11:08:46 +0800] "GET /xingrg/servlets/image?cache=0.10613844616566448&image=px HTTP/1.1" 200 807
218.81.217.29 - - [03/Nov/2022:11:08:47 +0800] "GET /xingrg/all/function/internal_message.html?_=1667444950542&CODE_STATE=getMsg HTTP/1.1" 200 27
180.169.147.146 - - [03/Nov/2022:11:08:50 +0800] "GET /xingrg/kc/buy/buy_main.html HTTP/1.1" 200 12412
180.169.147.146 - - [03/Nov/2022:11:08:50 +0800] "GET /xingrg/css/new_ie.css HTTP/1.1" 404 1036
180.169.147.146 - - [03/Nov/2022:11:08:50 +0800] "GET /xingrg/images/yd/bt.gif HTTP/1.1" 404 1040
180.169.147.146 - - [03/Nov/2022:11:08:51 +0800] "GET /xingrg/kc/buy/cgsh_order_list.html HTTP/1.1" 200 53423
180.169.147.146 - - [03/Nov/2022:11:08:52 +0800] "POST /xingrg/kc/buy/cgsh_list_operate.html HTTP/1.1" 200 986
180.162.109.76 - - [03/Nov/2022:11:08:53 +0800] "GET /xingrg/all/function/internal_message.html?_=1667444006977&CODE_STATE=getMsg HTTP/1.1" 200 27
61.170.233.76 - - [03/Nov/2022:11:08:56 +0800] "GET /xingrg/all/function/internal_message.html?_=1667444947249&CODE_STATE=getMsg HTTP/1.1" 200 27
222.70.183.206 - - [03/Nov/2022:11:08:56 +0800] "GET /xingrg/kc/buy/cgsh_order_operate.html?command=get_materiel&rest_code=00111&code=00101001138&supplier_code=00100313&order_time=2022-10-03 HTTP/1.1" 200 413
116.238.139.35 - - [03/Nov/2022:11:08:56 +0800] "GET /xingrg/all/function/internal_message.html?_=1667444945989&CODE_STATE=getMsg HTTP/1.1" 200 27
61.170.233.76 - - [03/Nov/2022:11:08:57 +0800] "GET /xingrg/kc/base/wldb_order_operate.html?command=get_materiel&rest_code=00106&base_code=0010396&code=00101019492 HTTP/1.1" 200 459
180.169.147.146 - - [03/Nov/2022:11:09:00 +0800] "GET /xingrg/all/function/internal_message.html?_=1667444945283&CODE_STATE=getMsg HTTP/1.1" 200 27
180.169.147.146 - - [03/Nov/2022:11:09:00 +0800] "GET /xingrg/javascript/jquery_tools/images/next.gif HTTP/1.1" 404 1086
180.169.147.146 - - [03/Nov/2022:11:09:00 +0800] "GET /xingrg/javascript/jquery_tools/images/prev.gif HTTP/1.1" 404 1086
114.83.221.184 - - [03/Nov/2022:11:09:01 +0800] "GET /xingrg/kc/buy/cgsh_order_operate.html?command=get_materiel&rest_code=00149&code=00101011003&supplier_code=00100051&order_time=2022-11-02 HTTP/1.1" 200 413
114.88.159.190 - - [03/Nov/2022:11:09:01 +0800] "GET /xingrg/all/function/internal_message.html?_=1667444584501&CODE_STATE=getMsg HTTP/1.1" 200 27
114.84.81.136 - - [03/Nov/2022:11:09:02 +0800] "GET /xingrg/all/report/report_query.html?isQuery=1&fileName=kc/base/crk_detail_by_small.xml&rh=99999&queryString=&queryText=%25E3%2580%2590%25E4%25BB%2593%25E5%25BA%2593%25E5%2590%258D%25E7%25A7%25B0%253A%25E9%25A3%259F%25E5%2593%2581%25E4%25BB%2593%25E5%25BA%2593%25E3%2580%2591%25E3%2580%2590%25E4%25B8%259A%25E5%258A%25A1%25E7%25B1%25BB%25E5%259E%258B%25EF%25BC%259A%25E9%2597%25A8%25E5%25BA%2597%25E9%2580%2580%25E8%25B4%25A7%25E3%2580%2591%2520%253F%253F%253F%253F%253F2022-10-01%253F%253F2022-10-31&tableQueryString=crk_table%2524sp1%2524order_day%2520between%252020221001%2520and%252020221031%2520and%2520(base_code%253D'0010001')%2520and%2520(src_order_type%2520in%2520(32))%2520and%2520(is_rk%2520in%2520(0)) HTTP/1.1" 200 53770
114.84.81.136 - - [03/Nov/2022:11:09:03 +0800] "GET /xingrg/dwr/interface/AjaxReportQueryService.js HTTP/1.1" 200 13203
114.84.81.136 - - [03/Nov/2022:11:09:03 +0800] "GET /xingrg/dwr/engine.js HTTP/1.1" 200 43631
114.84.81.136 - - [03/Nov/2022:11:09:04 +0800] "POST /xingrg/all/report/load_report_page.html HTTP/1.1" 200 11732
114.84.81.136 - - [03/Nov/2022:11:09:04 +0800] "GET /xingrg/servlets/image?cache=0.8432851456454724&image=px HTTP/1.1" 200 807
114.84.81.136 - - [03/Nov/2022:11:09:06 +0800] "POST /xingrg/all/report/load_report_page.html HTTP/1.1" 200 16048
114.84.81.136 - - [03/Nov/2022:11:09:06 +0800] "GET /xingrg/servlets/image?cache=0.8603279324996159&image=px HTTP/1.1" 200 807
180.169.147.146 - - [03/Nov/2022:11:09:06 +0800] "GET /xingrg/all/function/internal_message.html?_=1667444956009&CODE_STATE=getMsg HTTP/1.1" 200 27
222.70.183.206 - - [03/Nov/2022:11:09:08 +0800] "GET /xingrg/all/function/internal_message.html?_=1667444956342&CODE_STATE=getMsg HTTP/1.1" 200 27
114.83.221.184 - - [03/Nov/2022:11:09:09 +0800] "GET /xingrg/all/function/internal_message.html?_=1667444956699&CODE_STATE=getMsg HTTP/1.1" 200 27
180.169.147.146 - - [03/Nov/2022:11:09:09 +0800] "POST /xingrg/kc/buy/cgsh_list_operate.html HTTP/1.1" 200 6286
61.170.233.76 - - [03/Nov/2022:11:09:09 +0800] "GET /xingrg/kc/base/wldb_order_operate.html?command=get_materiel&rest_code=00106&base_code=0010396&code=00101019405 HTTP/1.1" 200 482
61.170.233.76 - - [03/Nov/2022:11:09:10 +0800] "GET /xingrg/all/function/internal_message.html?_=1667444958957&CODE_STATE=getMsg HTTP/1.1" 200 27
114.83.221.184 - - [03/Nov/2022:11:09:10 +0800] "GET /xingrg/all/function/internal_message.html?_=1667444960162&CODE_STATE=getMsg HTTP/1.1" 200 27
180.169.147.146 - - [03/Nov/2022:11:09:16 +0800] "GET /xingrg/all/function/internal_message.html?_=1667444965833&CODE_STATE=getMsg HTTP/1.1" 200 27
61.170.233.76 - - [03/Nov/2022:11:09:19 +0800] "POST /xingrg/kc/buy/cgsh_order_operate.html HTTP/1.1" 200 37
180.169.147.146 - - [03/Nov/2022:11:09:20 +0800] "POST /xingrg/kc/buy/cgsh_list_operate.html HTTP/1.1" 200 497
172.20.0.100 - - [03/Nov/2022:11:09:21 +0800] "GET /xingrg/all/function/internal_message.html?_=1667444971033&CODE_STATE=getMsg HTTP/1.1" 200 27
222.70.183.206 - - [03/Nov/2022:11:09:26 +0800] "GET /xingrg/kc/buy/cgsh_order_operate.html?command=get_materiel&rest_code=00111&code=00101001016&supplier_code=00100313&order_time=2022-10-03 HTTP/1.1" 200 413
116.230.105.139 - - [03/Nov/2022:11:09:27 +0800] "GET /xingrg/all/function/internal_message.html?_=1667444927248&CODE_STATE=getMsg HTTP/1.1" 200 27
61.170.233.76 - - [03/Nov/2022:11:09:29 +0800] "POST /xingrg/kc/buy/cgsh_order_operate.html HTTP/1.1" 200 12
180.169.147.146 - - [03/Nov/2022:11:09:30 +0800] "GET /xingrg/all/function/internal_message.html?_=1667444978008&CODE_STATE=getMsg HTTP/1.1" 200 27
61.170.233.76 - - [03/Nov/2022:11:09:32 +0800] "GET /xingrg/kc/buy/cgsh_order_info.html?code=212022110300572 HTTP/1.1" 200 64105
61.170.233.76 - - [03/Nov/2022:11:09:33 +0800] "GET /xingrg/javascript/easyui/themes/default/validatebox.css HTTP/1.1" 404 1104
221.239.141.151 - - [03/Nov/2022:11:09:33 +0800] "GET /xingrg/all/function/internal_message.html?_=1667444983924&CODE_STATE=getMsg HTTP/1.1" 200 27
61.170.233.76 - - [03/Nov/2022:11:09:33 +0800] "POST /xingrg/kc/buy/cgsh_order_operate.html HTTP/1.1" 200 5315
114.84.81.136 - - [03/Nov/2022:11:09:36 +0800] "GET /xingrg/all/function/internal_message.html?_=1667444986439&CODE_STATE=getMsg HTTP/1.1" 200 27
61.170.233.76 - - [03/Nov/2022:11:09:37 +0800] "GET /xingrg/kc/base/wldb_order_operate.html?command=get_materiel&rest_code=00106&base_code=0010396&code=00101019359 HTTP/1.1" 200 462
114.83.221.184 - - [03/Nov/2022:11:09:38 +0800] "POST /xingrg/kc/buy/cgsh_order_operate.html HTTP/1.1" 200 37
222.70.183.206 - - [03/Nov/2022:11:09:38 +0800] "GET /xingrg/kc/buy/cgsh_order_operate.html?command=get_materiel&rest_code=00111&code=00101001096&supplier_code=00100313&order_time=2022-10-03 HTTP/1.1" 200 413
61.170.233.76 - - [03/Nov/2022:11:09:38 +0800] "GET /xingrg/kc/print/load_data.html?order_code=212022110300572&kc_code=cgsh&condition= HTTP/1.1" 200 2503
58.39.169.76 - - [03/Nov/2022:11:09:40 +0800] "GET /xingrg/all/function/internal_message.html?_=1667444991909&CODE_STATE=getMsg HTTP/1.1" 200 27
114.83.221.184 - - [03/Nov/2022:11:09:43 +0800] "POST /xingrg/kc/buy/cgsh_order_operate.html HTTP/1.1" 200 12
114.83.219.57 - - [03/Nov/2022:11:09:44 +0800] "GET /xingrg/all/function/internal_message.html?_=1667445105314&CODE_STATE=getMsg HTTP/1.1" 200 27
61.170.233.76 - - [03/Nov/2022:11:09:44 +0800] "GET /xingrg/all/function/internal_message.html?_=1667444998184&CODE_STATE=getMsg HTTP/1.1" 200 27
61.170.233.76 - - [03/Nov/2022:11:09:44 +0800] "GET /xingrg/kc/print/load_data.html?order_code=212022110300572&kc_code=cgsh HTTP/1.1" 200 2503
114.83.221.184 - - [03/Nov/2022:11:09:44 +0800] "GET /xingrg/kc/buy/cgsh_order_info.html?code=212022110300574 HTTP/1.1" 200 64189
114.83.221.184 - - [03/Nov/2022:11:09:45 +0800] "GET /xingrg/javascript/easyui/themes/default/validatebox.css HTTP/1.1" 404 1104
58.39.169.76 - - [03/Nov/2022:11:09:45 +0800] "GET /xingrg/all/function/internal_message.html?_=1667444846414&CODE_STATE=getMsg HTTP/1.1" 200 27
180.169.147.146 - - [03/Nov/2022:11:09:45 +0800] "POST /xingrg/kc/buy/cgsh_list_operate.html HTTP/1.1" 200 6277
58.39.169.76 - - [03/Nov/2022:11:09:45 +0800] "GET /xingrg/check_reg.html?_=1667444846963 HTTP/1.1" 200 22
114.83.221.184 - - [03/Nov/2022:11:09:45 +0800] "POST /xingrg/kc/buy/cgsh_order_operate.html HTTP/1.1" 200 1197
114.83.221.184 - - [03/Nov/2022:11:09:47 +0800] "GET /xingrg/kc/print/load_data.html?order_code=212022110300574&kc_code=cgsh&condition= HTTP/1.1" 200 948
218.81.217.29 - - [03/Nov/2022:11:09:47 +0800] "GET /xingrg/all/function/internal_message.html?_=1667445010551&CODE_STATE=getMsg HTTP/1.1" 200 27
61.170.233.76 - - [03/Nov/2022:11:09:49 +0800] "GET /xingrg/kc/base/wldb_order_operate.html?command=get_materiel&rest_code=00106&base_code=0010396&code=00101019400 HTTP/1.1" 200 463
114.83.221.184 - - [03/Nov/2022:11:09:50 +0800] "GET /xingrg/kc/buy/cgsh_order_add.html HTTP/1.1" 200 69286
114.83.221.184 - - [03/Nov/2022:11:09:51 +0800] "POST /xingrg/kc/buy/cgsh_order_operate.html HTTP/1.1" 200 8245
114.83.221.184 - - [03/Nov/2022:11:09:51 +0800] "GET /xingrg/javascript/easyui/themes/default/validatebox.css HTTP/1.1" 404 1104
222.70.183.206 - - [03/Nov/2022:11:09:51 +0800] "GET /xingrg/kc/buy/cgsh_order_operate.html?command=get_materiel&rest_code=00111&code=00101005066&supplier_code=00100313&order_time=2022-10-03 HTTP/1.1" 200 410
180.162.109.76 - - [03/Nov/2022:11:09:53 +0800] "GET /xingrg/all/function/internal_message.html?_=1667444066961&CODE_STATE=getMsg HTTP/1.1" 200 27
180.169.147.146 - - [03/Nov/2022:11:09:53 +0800] "POST /xingrg/kc/buy/cgsh_list_operate.html HTTP/1.1" 200 6370
61.170.233.76 - - [03/Nov/2022:11:09:56 +0800] "GET /xingrg/check_reg.html?_=1667445007250 HTTP/1.1" 200 22
61.170.233.76 - - [03/Nov/2022:11:09:56 +0800] "GET /xingrg/all/function/internal_message.html?_=1667445007254&CODE_STATE=getMsg HTTP/1.1" 200 27
116.238.139.35 - - [03/Nov/2022:11:09:56 +0800] "GET /xingrg/all/function/internal_message.html?_=1667445005974&CODE_STATE=getMsg HTTP/1.1" 200 27
61.170.233.76 - - [03/Nov/2022:11:09:59 +0800] "POST /xingrg/kc/base/wldb_order_operate.html HTTP/1.1" 200 37
61.170.233.76 - - [03/Nov/2022:11:09:59 +0800] "POST /xingrg/kc/base/wldb_order_operate.html HTTP/1.1" 200 4698
180.169.147.146 - - [03/Nov/2022:11:10:00 +0800] "GET /xingrg/all/function/internal_message.html?_=1667445005269&CODE_STATE=getMsg HTTP/1.1" 200 27
61.170.233.76 - - [03/Nov/2022:11:10:01 +0800] "GET /xingrg/kc/base/wldb_order_info.html?code=422022110300159 HTTP/1.1" 200 30310
114.88.159.190 - - [03/Nov/2022:11:10:01 +0800] "GET /xingrg/all/function/internal_message.html?_=1667444644477&CODE_STATE=getMsg HTTP/1.1" 200 27
61.170.233.76 - - [03/Nov/2022:11:10:01 +0800] "GET /xingrg/javascript/easyui/themes/default/validatebox.css HTTP/1.1" 404 1104
61.170.233.76 - - [03/Nov/2022:11:10:02 +0800] "POST /xingrg/kc/base/wldb_order_operate.html HTTP/1.1" 200 4698
180.169.147.146 - - [03/Nov/2022:11:10:04 +0800] "POST /xingrg/kc/buy/cgsh_list_operate.html HTTP/1.1" 200 4890
222.70.183.206 - - [03/Nov/2022:11:10:04 +0800] "GET /xingrg/kc/buy/cgsh_order_operate.html?command=get_materiel&rest_code=00111&code=00101005024&supplier_code=00100313&order_time=2022-10-03 HTTP/1.1" 200 409
61.170.233.76 - - [03/Nov/2022:11:10:05 +0800] "GET /xingrg/kc/base/base_main.html HTTP/1.1" 200 12142
180.169.147.146 - - [03/Nov/2022:11:10:06 +0800] "GET /xingrg/check_reg.html?_=1667445016002 HTTP/1.1" 200 22
180.169.147.146 - - [03/Nov/2022:11:10:06 +0800] "GET /xingrg/all/function/internal_message.html?_=1667445016004&CODE_STATE=getMsg HTTP/1.1" 200 27
180.169.147.146 - - [03/Nov/2022:11:10:06 +0800] "POST /xingrg/kc/buy/cgsh_list_operate.html HTTP/1.1" 200 575
61.170.233.76 - - [03/Nov/2022:11:10:07 +0800] "GET /xingrg/kc/mdqp/qp_main.html HTTP/1.1" 200 10633
180.169.147.146 - - [03/Nov/2022:11:10:08 +0800] "GET /xingrg/kc/buy/cgsh_order_info.html?code=212022110200477 HTTP/1.1" 200 64108
61.170.233.76 - - [03/Nov/2022:11:10:08 +0800] "GET /xingrg/images/yd/bt.gif HTTP/1.1" 404 1040
180.169.147.146 - - [03/Nov/2022:11:10:08 +0800] "GET /xingrg/javascript/easyui/themes/default/validatebox.css HTTP/1.1" 404 1104
222.70.183.206 - - [03/Nov/2022:11:10:08 +0800] "GET /xingrg/all/function/internal_message.html?_=1667445016333&CODE_STATE=getMsg HTTP/1.1" 200 27
61.170.233.76 - - [03/Nov/2022:11:10:08 +0800] "GET /xingrg/kc/mdqp/pssh_order_list.html HTTP/1.1" 200 17758
61.170.233.76 - - [03/Nov/2022:11:10:08 +0800] "POST /xingrg/kc/mdqp/pssh_list_operate.html HTTP/1.1" 200 5431
114.83.221.184 - - [03/Nov/2022:11:10:09 +0800] "GET /xingrg/all/function/internal_message.html?_=1667445016683&CODE_STATE=getMsg HTTP/1.1" 200 27
180.169.147.146 - - [03/Nov/2022:11:10:09 +0800] "POST /xingrg/kc/buy/cgsh_order_operate.html HTTP/1.1" 200 3580
61.170.233.76 - - [03/Nov/2022:11:10:10 +0800] "GET /xingrg/all/function/internal_message.html?_=1667445018889&CODE_STATE=getMsg HTTP/1.1" 200 27
180.169.147.146 - - [03/Nov/2022:11:10:10 +0800] "GET /xingrg/kc/print/load_config.html?kc_code=cgsh HTTP/1.1" 200 1943
114.83.221.184 - - [03/Nov/2022:11:10:10 +0800] "GET /xingrg/all/function/internal_message.html?_=1667445020158&CODE_STATE=getMsg HTTP/1.1" 200 27
180.169.147.146 - - [03/Nov/2022:11:10:10 +0800] "GET /xingrg/kc/print/load_data.html?order_code=212022110200477&kc_code=cgsh&condition= HTTP/1.1" 200 1855
61.170.233.76 - - [03/Nov/2022:11:10:13 +0800] "GET /xingrg/kc/buy/buy_main.html HTTP/1.1" 200 12412
61.170.233.76 - - [03/Nov/2022:11:10:13 +0800] "GET /xingrg/css/new_ie.css HTTP/1.1" 404 1036
61.170.233.76 - - [03/Nov/2022:11:10:14 +0800] "GET /xingrg/kc/buy/cgsh_order_list.html HTTP/1.1" 200 53417
61.170.233.76 - - [03/Nov/2022:11:10:16 +0800] "POST /xingrg/kc/buy/cgsh_list_operate.html HTTP/1.1" 200 986
222.70.183.206 - - [03/Nov/2022:11:10:16 +0800] "GET /xingrg/kc/buy/cgsh_order_operate.html?command=get_materiel&rest_code=00111&code=00101001164&supplier_code=00100313&order_time=2022-10-03 HTTP/1.1" 200 411
180.169.147.146 - - [03/Nov/2022:11:10:16 +0800] "GET /xingrg/all/function/internal_message.html?_=1667445025850&CODE_STATE=getMsg HTTP/1.1" 200 27
114.83.221.184 - - [03/Nov/2022:11:10:17 +0800] "GET /xingrg/kc/buy/cgsh_order_operate.html?command=get_materiel&rest_code=00149&code=00102002334&supplier_code=00100072&order_time=2022-11-03 HTTP/1.1" 200 412
116.230.105.139 - - [03/Nov/2022:11:10:20 +0800] "GET /xingrg/check_reg.html?_=1667444980174 HTTP/1.1" 200 22
172.20.0.100 - - [03/Nov/2022:11:10:22 +0800] "GET /xingrg/check_reg.html?_=1667445031037 HTTP/1.1" 200 22
172.20.0.100 - - [03/Nov/2022:11:10:22 +0800] "GET /xingrg/all/function/internal_message.html?_=1667445031035&CODE_STATE=getMsg HTTP/1.1" 200 27
114.83.221.184 - - [03/Nov/2022:11:10:26 +0800] "GET /xingrg/kc/buy/cgsh_order_operate.html?command=get_materiel&rest_code=00149&code=00102002453&supplier_code=00100072&order_time=2022-11-03 HTTP/1.1" 200 433
180.169.147.146 - - [03/Nov/2022:11:10:26 +0800] "GET /xingrg/kc/base/base_main.html HTTP/1.1" 200 12142
222.70.183.206 - - [03/Nov/2022:11:10:27 +0800] "GET /xingrg/kc/buy/cgsh_order_operate.html?command=get_materiel&rest_code=00111&code=00102026001&supplier_code=00100313&order_time=2022-10-03 HTTP/1.1" 200 409
116.230.105.139 - - [03/Nov/2022:11:10:27 +0800] "GET /xingrg/all/function/internal_message.html?_=1667444987233&CODE_STATE=getMsg HTTP/1.1" 200 27
180.169.147.146 - - [03/Nov/2022:11:10:28 +0800] "GET /xingrg/kc/base/yddb_order_list.html HTTP/1.1" 200 16672
180.169.147.146 - - [03/Nov/2022:11:10:28 +0800] "POST /xingrg/kc/base/yddb_list_operate.html HTTP/1.1" 200 636
180.169.147.146 - - [03/Nov/2022:11:10:30 +0800] "GET /xingrg/all/function/internal_message.html?_=1667445037995&CODE_STATE=getMsg HTTP/1.1" 200 27
180.169.147.146 - - [03/Nov/2022:11:10:30 +0800] "POST /xingrg/kc/base/yddb_list_operate.html HTTP/1.1" 200 3842
180.169.147.146 - - [03/Nov/2022:11:10:33 +0800] "POST /xingrg/kc/base/yddb_list_operate.html HTTP/1.1" 200 205
221.239.141.151 - - [03/Nov/2022:11:10:33 +0800] "GET /xingrg/all/function/internal_message.html?_=1667445043904&CODE_STATE=getMsg HTTP/1.1" 200 27
114.84.81.136 - - [03/Nov/2022:11:10:36 +0800] "GET /xingrg/all/function/internal_message.html?_=1667445046434&CODE_STATE=getMsg HTTP/1.1" 200 27
180.163.28.114 - - [03/Nov/2022:11:10:37 +0800] "GET /xingrg/kc/print/load_data.html?order_code=212022110300572&kc_code=cgsh&condition= HTTP/1.1" 302 -
180.163.28.114 - - [03/Nov/2022:11:10:37 +0800] "GET /xingrg/login.html HTTP/1.1" 200 7641
58.39.169.76 - - [03/Nov/2022:11:10:40 +0800] "GET /xingrg/all/function/internal_message.html?_=1667445051909&CODE_STATE=getMsg HTTP/1.1" 200 27
222.70.183.206 - - [03/Nov/2022:11:10:42 +0800] "POST /xingrg/kc/buy/cgsh_order_operate.html HTTP/1.1" 200 37
114.83.219.57 - - [03/Nov/2022:11:10:44 +0800] "GET /xingrg/all/function/internal_message.html?_=1667445165330&CODE_STATE=getMsg HTTP/1.1" 200 27
114.83.219.57 - - [03/Nov/2022:11:10:44 +0800] "GET /xingrg/check_reg.html?_=1667445165335 HTTP/1.1" 200 22
61.170.233.76 - - [03/Nov/2022:11:10:44 +0800] "GET /xingrg/all/function/internal_message.html?_=1667445058187&CODE_STATE=getMsg HTTP/1.1" 200 27
58.39.169.76 - - [03/Nov/2022:11:10:45 +0800] "GET /xingrg/all/function/internal_message.html?_=1667444906393&CODE_STATE=getMsg HTTP/1.1" 200 27
218.81.217.29 - - [03/Nov/2022:11:10:47 +0800] "GET /xingrg/all/function/internal_message.html?_=1667445070823&CODE_STATE=getMsg HTTP/1.1" 200 27
180.162.109.76 - - [03/Nov/2022:11:10:53 +0800] "GET /xingrg/all/function/internal_message.html?_=1667444126970&CODE_STATE=getMsg HTTP/1.1" 200 27
172.20.0.100 - - [03/Nov/2022:11:10:54 +0800] "GET /xingrg/check_reg.html?_=1667445063055 HTTP/1.1" 302 -
61.170.233.76 - - [03/Nov/2022:11:10:56 +0800] "GET /xingrg/all/function/internal_message.html?_=1667445067257&CODE_STATE=getMsg HTTP/1.1" 200 27
116.238.139.35 - - [03/Nov/2022:11:10:56 +0800] "GET /xingrg/all/function/internal_message.html?_=1667445065958&CODE_STATE=getMsg HTTP/1.1" 200 27
114.84.81.136 - - [03/Nov/2022:11:10:59 +0800] "GET /xingrg/kc/base/base_main.html HTTP/1.1" 200 12142
180.169.147.146 - - [03/Nov/2022:11:10:59 +0800] "GET /xingrg/check_reg.html?_=1667445064181 HTTP/1.1" 200 22
180.169.147.146 - - [03/Nov/2022:11:11:00 +0800] "GET /xingrg/all/function/internal_message.html?_=1667445065261&CODE_STATE=getMsg HTTP/1.1" 200 27
114.84.81.136 - - [03/Nov/2022:11:11:01 +0800] "GET /xingrg/kc/base/check_order_list.html HTTP/1.1" 200 16446
114.88.159.190 - - [03/Nov/2022:11:11:01 +0800] "GET /xingrg/all/function/internal_message.html?_=1667444704459&CODE_STATE=getMsg HTTP/1.1" 200 27
114.84.81.136 - - [03/Nov/2022:11:11:01 +0800] "POST /xingrg/kc/base/check_list_operate.html HTTP/1.1" 200 781
114.84.81.136 - - [03/Nov/2022:11:11:02 +0800] "GET /xingrg/kc/cost/cost_list.html HTTP/1.1" 200 6093
114.84.81.136 - - [03/Nov/2022:11:11:02 +0800] "GET /xingrg/dwr/interface/AjaxReportQueryService.js HTTP/1.1" 200 13203
114.84.81.136 - - [03/Nov/2022:11:11:02 +0800] "GET /xingrg/dwr/engine.js HTTP/1.1" 200 43631
114.84.81.136 - - [03/Nov/2022:11:11:02 +0800] "GET /xingrg/kc/cost/cost_operate.html?_=1667445072635&command=load_cost_list HTTP/1.1" 200 8663
58.39.169.76 - - [03/Nov/2022:11:11:03 +0800] "POST /xingrg/services/DataTransmitService HTTP/1.1" 200 524
114.84.81.136 - - [03/Nov/2022:11:11:04 +0800] "GET /xingrg/kc/cost/cost_page.html HTTP/1.1" 200 4089
114.84.81.136 - - [03/Nov/2022:11:11:04 +0800] "GET /xingrg/dwr/interface/AjaxReportQueryService.js HTTP/1.1" 200 13203
114.84.81.136 - - [03/Nov/2022:11:11:04 +0800] "GET /xingrg/dwr/engine.js HTTP/1.1" 200 43631
221.239.141.151 - - [03/Nov/2022:11:11:06 +0800] "GET /xingrg/login.html HTTP/1.1" 200 7641
114.84.81.136 - - [03/Nov/2022:11:11:06 +0800] "POST /xingrg/kc/cost/cost_operate.html HTTP/1.1" 200 4
180.169.147.146 - - [03/Nov/2022:11:11:06 +0800] "GET /xingrg/all/function/internal_message.html?_=1667445076007&CODE_STATE=getMsg HTTP/1.1" 200 27
221.239.141.151 - - [03/Nov/2022:11:11:06 +0800] "GET /favicon.ico HTTP/1.1" 404 -
114.84.81.136 - - [03/Nov/2022:11:11:06 +0800] "GET /xingrg/kc/cost/cost_page.html HTTP/1.1" 200 4364
114.84.81.136 - - [03/Nov/2022:11:11:06 +0800] "GET /xingrg/css/blue.css HTTP/1.1" 304 -
114.84.81.136 - - [03/Nov/2022:11:11:06 +0800] "GET /xingrg/javascript/jquery_easy_ui/themes/default/easyui.css HTTP/1.1" 304 -
114.84.81.136 - - [03/Nov/2022:11:11:06 +0800] "GET /xingrg/javascript/jquery_easy_ui/themes/icon.css HTTP/1.1" 304 -
114.84.81.136 - - [03/Nov/2022:11:11:06 +0800] "GET /xingrg/javascript/step/step.css HTTP/1.1" 304 -
114.84.81.136 - - [03/Nov/2022:11:11:06 +0800] "GET /xingrg/css/table.css HTTP/1.1" 304 -
114.84.81.136 - - [03/Nov/2022:11:11:06 +0800] "GET /xingrg/dwr/interface/AjaxReportQueryService.js HTTP/1.1" 200 13203
114.84.81.136 - - [03/Nov/2022:11:11:06 +0800] "GET /xingrg/dwr/engine.js HTTP/1.1" 200 43631
