180.162.109.76 - - [03/Nov/2022:11:15:35 +0800] "GET /xingrg/javascript/easyui/themes/default/images/tree_arrows.gif HTTP/1.1" 304 -
180.162.109.76 - - [03/Nov/2022:11:15:35 +0800] "GET /xingrg/javascript/easyui/themes/default/images/tree_file.gif HTTP/1.1" 304 -
180.162.109.76 - - [03/Nov/2022:11:15:35 +0800] "GET /xingrg/javascript/easyui/themes/default/images/tree_folder.gif HTTP/1.1" 304 -
180.162.109.76 - - [03/Nov/2022:11:15:35 +0800] "GET /xingrg/javascript/easyui/themes/default/images/tree_folder_open.gif HTTP/1.1" 304 -
124.79.74.72 - - [03/Nov/2022:11:15:38 +0800] "GET /xingrg/kc/buy/cgsh_order_operate.html?command=get_materiel&rest_code=00156&code=00101008358&supplier_code=00100007&order_time=2022-11-01 HTTP/1.1" 200 412
58.39.169.76 - - [03/Nov/2022:11:15:40 +0800] "GET /xingrg/all/function/internal_message.html?_=1667445351923&CODE_STATE=getMsg HTTP/1.1" 200 27
58.39.169.76 - - [03/Nov/2022:11:15:41 +0800] "POST /xingrg/dwr/call/plaincall/AjaxCheckService.saveOrder.dwr HTTP/1.1" 200 275
114.83.219.57 - - [03/Nov/2022:11:15:44 +0800] "GET /xingrg/all/function/internal_message.html?_=1667445465329&CODE_STATE=getMsg HTTP/1.1" 200 27
114.83.219.57 - - [03/Nov/2022:11:15:44 +0800] "GET /xingrg/check_reg.html?_=1667445465332 HTTP/1.1" 200 22
61.170.233.76 - - [03/Nov/2022:11:15:44 +0800] "GET /xingrg/all/function/internal_message.html?_=1667445358185&CODE_STATE=getMsg HTTP/1.1" 200 27
58.39.169.76 - - [03/Nov/2022:11:15:45 +0800] "GET /xingrg/all/function/internal_message.html?_=1667445206332&CODE_STATE=getMsg HTTP/1.1" 200 27
114.83.221.184 - - [03/Nov/2022:11:15:46 +0800] "POST /xingrg/kc/buy/cgsh_order_operate.html HTTP/1.1" 200 37
116.238.139.35 - - [03/Nov/2022:11:15:47 +0800] "GET /xingrg/kc/buy/cgsh_order_list.html HTTP/1.1" 200 53423
218.81.217.29 - - [03/Nov/2022:11:15:47 +0800] "GET /xingrg/all/function/internal_message.html?_=1667445371420&CODE_STATE=getMsg HTTP/1.1" 200 27
180.162.109.76 - - [03/Nov/2022:11:15:48 +0800] "POST /xingrg/kc/buy/cgsh_order_operate.html HTTP/1.1" 200 37
124.79.74.72 - - [03/Nov/2022:11:15:48 +0800] "GET /xingrg/kc/buy/cgsh_order_operate.html?command=get_materiel&rest_code=00156&code=00101008290&supplier_code=00100007&order_time=2022-11-01 HTTP/1.1" 200 416
116.238.139.35 - - [03/Nov/2022:11:15:48 +0800] "POST /xingrg/kc/buy/cgsh_list_operate.html HTTP/1.1" 200 986
116.238.139.35 - - [03/Nov/2022:11:15:50 +0800] "GET /xingrg/kc/buy/cgsh_order_add.html HTTP/1.1" 200 69198
180.162.109.76 - - [03/Nov/2022:11:15:50 +0800] "POST /xingrg/kc/buy/cgsh_order_operate.html HTTP/1.1" 200 7989
116.238.139.35 - - [03/Nov/2022:11:15:51 +0800] "GET /xingrg/javascript/easyui/themes/default/validatebox.css HTTP/1.1" 404 1104
116.238.139.35 - - [03/Nov/2022:11:15:51 +0800] "POST /xingrg/kc/buy/cgsh_order_operate.html HTTP/1.1" 200 8245
58.39.169.76 - - [03/Nov/2022:11:15:52 +0800] "GET /xingrg/javascript/jquery_easy_ui/themes/default/images/button_plain_hover.png HTTP/1.1" 304 -
114.83.221.184 - - [03/Nov/2022:11:15:53 +0800] "POST /xingrg/kc/buy/cgsh_order_operate.html HTTP/1.1" 200 12
180.162.109.76 - - [03/Nov/2022:11:15:53 +0800] "GET /xingrg/all/function/internal_message.html?_=1667444426970&CODE_STATE=getMsg HTTP/1.1" 200 27
172.20.0.100 - - [03/Nov/2022:11:15:54 +0800] "GET /xingrg/check_reg.html?_=1667445363028 HTTP/1.1" 302 -
58.39.169.76 - - [03/Nov/2022:11:15:55 +0800] "POST /xingrg/dwr/call/plaincall/AjaxCheckService.saveOrder.dwr HTTP/1.1" 200 275
114.83.221.184 - - [03/Nov/2022:11:15:56 +0800] "GET /xingrg/kc/buy/cgsh_order_info.html?code=212022110300579 HTTP/1.1" 200 64189
116.238.139.35 - - [03/Nov/2022:11:15:56 +0800] "GET /xingrg/all/function/internal_message.html?_=1667445365863&CODE_STATE=getMsg HTTP/1.1" 200 27
114.83.221.184 - - [03/Nov/2022:11:15:56 +0800] "GET /xingrg/javascript/easyui/themes/default/validatebox.css HTTP/1.1" 404 1104
114.83.221.184 - - [03/Nov/2022:11:15:57 +0800] "POST /xingrg/kc/buy/cgsh_order_operate.html HTTP/1.1" 200 3603
114.83.221.184 - - [03/Nov/2022:11:15:58 +0800] "GET /xingrg/kc/print/load_data.html?order_code=212022110300579&kc_code=cgsh&condition= HTTP/1.1" 200 1970
180.169.147.146 - - [03/Nov/2022:11:15:59 +0800] "GET /xingrg/check_reg.html?_=1667445364160 HTTP/1.1" 200 22
124.79.74.72 - - [03/Nov/2022:11:16:00 +0800] "GET /xingrg/kc/buy/cgsh_order_operate.html?command=get_materiel&rest_code=00156&code=00101008248&supplier_code=00100007&order_time=2022-11-01 HTTP/1.1" 200 412
180.169.147.146 - - [03/Nov/2022:11:16:00 +0800] "GET /xingrg/all/function/internal_message.html?_=1667445365162&CODE_STATE=getMsg HTTP/1.1" 200 27
114.88.159.190 - - [03/Nov/2022:11:16:01 +0800] "GET /xingrg/all/function/internal_message.html?_=1667445004361&CODE_STATE=getMsg HTTP/1.1" 200 27
58.39.169.76 - - [03/Nov/2022:11:16:02 +0800] "POST /xingrg/dwr/call/plaincall/AjaxCheckService.saveOrder.dwr HTTP/1.1" 200 78
180.162.109.76 - - [03/Nov/2022:11:16:02 +0800] "GET /xingrg/kc/buy/buy_main.html HTTP/1.1" 200 12412
180.162.109.76 - - [03/Nov/2022:11:16:02 +0800] "GET /xingrg/css/new_ie.css HTTP/1.1" 404 1036
180.162.109.76 - - [03/Nov/2022:11:16:03 +0800] "GET /xingrg/images/yd/bt.gif HTTP/1.1" 404 1040
114.84.81.136 - - [03/Nov/2022:11:16:03 +0800] "GET /xingrg/all/function/internal_message.html?_=1667445373497&CODE_STATE=getMsg HTTP/1.1" 200 27
180.162.109.76 - - [03/Nov/2022:11:16:04 +0800] "GET /xingrg/kc/buy/cgsh_order_list.html HTTP/1.1" 200 53423
58.39.169.76 - - [03/Nov/2022:11:16:04 +0800] "POST /xingrg/dwr/call/plaincall/AjaxCheckService.loadOrderItems.dwr HTTP/1.1" 200 367
58.39.169.76 - - [03/Nov/2022:11:16:04 +0800] "GET /xingrg/javascript/jquery_easy_ui/themes/default/images/button_a_bg.gif HTTP/1.1" 304 -
58.39.169.76 - - [03/Nov/2022:11:16:04 +0800] "GET /xingrg/javascript/jquery_easy_ui/themes/default/images/button_span_bg.gif HTTP/1.1" 304 -
58.39.169.76 - - [03/Nov/2022:11:16:04 +0800] "GET /xingrg/javascript/jquery_easy_ui/themes/default/images/panel_tools.gif HTTP/1.1" 304 -
58.39.169.76 - - [03/Nov/2022:11:16:04 +0800] "GET /xingrg/javascript/jquery_easy_ui/themes/default/images/panel_title.png HTTP/1.1" 304 -
58.39.169.76 - - [03/Nov/2022:11:16:04 +0800] "GET /xingrg/javascript/jquery_easy_ui/themes/icons/pencil.png HTTP/1.1" 304 -
58.39.169.76 - - [03/Nov/2022:11:16:04 +0800] "GET /xingrg/javascript/jquery_easy_ui/themes/icons/ok.png HTTP/1.1" 304 -
124.79.74.72 - - [03/Nov/2022:11:16:06 +0800] "GET /xingrg/kc/buy/cgsh_order_operate.html?command=get_materiel&rest_code=00156&code=00101008141&supplier_code=00100007&order_time=2022-11-01 HTTP/1.1" 200 412
180.169.147.146 - - [03/Nov/2022:11:16:06 +0800] "GET /xingrg/all/function/internal_message.html?_=1667445376029&CODE_STATE=getMsg HTTP/1.1" 200 27
58.39.169.76 - - [03/Nov/2022:11:16:06 +0800] "POST /xingrg/kc/report/common_data.html?type=materiel_category_tree HTTP/1.1" 200 3921
58.39.169.76 - - [03/Nov/2022:11:16:06 +0800] "GET /xingrg/javascript/jquery_easy_ui/themes/default/images/tree_checkbox_0.gif HTTP/1.1" 304 -
180.162.109.76 - - [03/Nov/2022:11:16:06 +0800] "POST /xingrg/kc/buy/cgsh_list_operate.html HTTP/1.1" 200 1875
114.83.221.184 - - [03/Nov/2022:11:16:07 +0800] "POST /xingrg/kc/buy/cgsh_list_operate.html HTTP/1.1" 200 2298
221.239.141.151 - - [03/Nov/2022:11:16:08 +0800] "GET /xingrg/check_reg.html?_=1667445397067 HTTP/1.1" 200 22
221.239.141.151 - - [03/Nov/2022:11:16:08 +0800] "GET /xingrg/all/function/internal_message.html?_=1667445397118&CODE_STATE=getMsg HTTP/1.1" 200 27
114.83.221.184 - - [03/Nov/2022:11:16:08 +0800] "GET /xingrg/all/function/internal_message.html?_=1667445376555&CODE_STATE=getMsg HTTP/1.1" 200 27
61.170.233.76 - - [03/Nov/2022:11:16:10 +0800] "GET /xingrg/all/function/internal_message.html?_=1667445378737&CODE_STATE=getMsg HTTP/1.1" 200 27
114.83.221.184 - - [03/Nov/2022:11:16:10 +0800] "GET /xingrg/all/function/internal_message.html?_=1667445380174&CODE_STATE=getMsg HTTP/1.1" 200 27
114.83.221.184 - - [03/Nov/2022:11:16:10 +0800] "GET /xingrg/check_reg.html?_=1667445380177 HTTP/1.1" 200 22
124.79.74.72 - - [03/Nov/2022:11:16:13 +0800] "GET /xingrg/kc/buy/cgsh_order_operate.html?command=get_materiel&rest_code=00156&code=00101008126&supplier_code=00100007&order_time=2022-11-01 HTTP/1.1" 200 412
180.162.109.76 - - [03/Nov/2022:11:16:13 +0800] "GET /xingrg/kc/base/base_main.html HTTP/1.1" 200 12142
180.162.109.76 - - [03/Nov/2022:11:16:13 +0800] "GET /xingrg/images/blue/button/wlsy.gif HTTP/1.1" 304 -
180.162.109.76 - - [03/Nov/2022:11:16:13 +0800] "GET /xingrg/images/blue/button/ckpd.gif HTTP/1.1" 304 -
180.162.109.76 - - [03/Nov/2022:11:16:13 +0800] "GET /xingrg/images/blue/button/ckdb.gif HTTP/1.1" 304 -
180.162.109.76 - - [03/Nov/2022:11:16:13 +0800] "GET /xingrg/images/blue/button/yddb.gif HTTP/1.1" 304 -
180.162.109.76 - - [03/Nov/2022:11:16:13 +0800] "GET /xingrg/images/blue/button/bottom_right.jpg HTTP/1.1" 304 -
180.162.109.76 - - [03/Nov/2022:11:16:13 +0800] "GET /xingrg/images/blue/button/left_ah.jpg HTTP/1.1" 304 -
180.162.109.76 - - [03/Nov/2022:11:16:13 +0800] "GET /xingrg/images/blue/button/bottom_left.jpg HTTP/1.1" 304 -
180.162.109.76 - - [03/Nov/2022:11:16:13 +0800] "GET /xingrg/images/blue/button/down.jpg HTTP/1.1" 304 -
180.162.109.76 - - [03/Nov/2022:11:16:13 +0800] "GET /xingrg/images/blue/button/top_right.jpg HTTP/1.1" 304 -
180.162.109.76 - - [03/Nov/2022:11:16:13 +0800] "GET /xingrg/images/blue/button/top_left.jpg HTTP/1.1" 304 -
58.39.169.76 - - [03/Nov/2022:11:16:15 +0800] "GET /xingrg/javascript/jquery_easy_ui/themes/default/images/tree_checkbox_1.gif HTTP/1.1" 304 -
58.39.169.76 - - [03/Nov/2022:11:16:15 +0800] "GET /xingrg/javascript/jquery_easy_ui/themes/default/images/tree_checkbox_2.gif HTTP/1.1" 304 -
180.169.147.146 - - [03/Nov/2022:11:16:16 +0800] "GET /xingrg/all/function/internal_message.html?_=1667445385849&CODE_STATE=getMsg HTTP/1.1" 200 27
180.162.109.76 - - [03/Nov/2022:11:16:16 +0800] "GET /xingrg/kc/mdqp/qp_main.html HTTP/1.1" 200 10633
180.162.109.76 - - [03/Nov/2022:11:16:16 +0800] "GET /xingrg/images/blue/button/qqpsd.gif HTTP/1.1" 304 -
180.162.109.76 - - [03/Nov/2022:11:16:16 +0800] "GET /xingrg/images/blue/button/pszx.gif HTTP/1.1" 304 -
180.162.109.76 - - [03/Nov/2022:11:16:16 +0800] "GET /xingrg/images/blue/button/psshd.gif HTTP/1.1" 304 -
180.162.109.76 - - [03/Nov/2022:11:16:17 +0800] "GET /xingrg/images/yd/bt.gif HTTP/1.1" 404 1040
180.162.109.76 - - [03/Nov/2022:11:16:17 +0800] "GET /xingrg/kc/mdqp/pssh_order_list.html HTTP/1.1" 200 16850
114.83.221.184 - - [03/Nov/2022:11:16:17 +0800] "POST /xingrg/kc/buy/cgsh_list_operate.html HTTP/1.1" 200 4
180.162.109.76 - - [03/Nov/2022:11:16:18 +0800] "POST /xingrg/kc/mdqp/pssh_list_operate.html HTTP/1.1" 200 5459
58.39.169.76 - - [03/Nov/2022:11:16:18 +0800] "POST /xingrg/dwr/call/plaincall/AjaxCheckService.importOrderItems.dwr HTTP/1.1" 200 78
58.39.169.76 - - [03/Nov/2022:11:16:19 +0800] "POST /xingrg/dwr/call/plaincall/AjaxCheckService.loadOrderItems.dwr HTTP/1.1" 200 367
180.162.109.76 - - [03/Nov/2022:11:16:20 +0800] "POST /xingrg/kc/mdqp/pssh_list_operate.html HTTP/1.1" 200 793
180.162.109.76 - - [03/Nov/2022:11:16:20 +0800] "GET /xingrg/kc/mdqp/pssh_order_info.html?code=312022110300057 HTTP/1.1" 200 17279
180.162.109.76 - - [03/Nov/2022:11:16:20 +0800] "GET /xingrg/javascript/jquery_tools/jquery-1.4.2.min.js HTTP/1.1" 404 1094
180.162.109.76 - - [03/Nov/2022:11:16:20 +0800] "GET /xingrg/javascript/easyui/themes/icons/back_new.png HTTP/1.1" 304 -
180.162.109.76 - - [03/Nov/2022:11:16:20 +0800] "POST /xingrg/kc/mdqp/pssh_order_operate.html HTTP/1.1" 200 8970
180.162.109.76 - - [03/Nov/2022:11:16:20 +0800] "GET /xingrg/all/common/auto_word.html?type=base&rest_code=00143&rest_code=00143 HTTP/1.1" 200 673
180.162.109.76 - - [03/Nov/2022:11:16:20 +0800] "GET /xingrg/javascript/easyui/themes/default/validatebox.css HTTP/1.1" 404 1104
124.79.74.72 - - [03/Nov/2022:11:16:20 +0800] "GET /xingrg/kc/buy/cgsh_order_operate.html?command=get_materiel&rest_code=00156&code=00101008558&supplier_code=00100007&order_time=2022-11-01 HTTP/1.1" 200 409
172.20.0.100 - - [03/Nov/2022:11:16:22 +0800] "GET /xingrg/all/function/internal_message.html?_=1667445391029&CODE_STATE=getMsg HTTP/1.1" 200 27
114.83.221.184 - - [03/Nov/2022:11:16:25 +0800] "POST /xingrg/kc/buy/cgsh_list_operate.html HTTP/1.1" 200 986
58.39.169.76 - - [03/Nov/2022:11:16:26 +0800] "POST /xingrg/dwr/call/plaincall/AjaxCheckService.importOrderItems.dwr HTTP/1.1" 200 78
114.83.221.184 - - [03/Nov/2022:11:16:26 +0800] "GET /xingrg/kc/buy/cgsh_order_add.html HTTP/1.1" 200 69286
114.83.221.184 - - [03/Nov/2022:11:16:26 +0800] "POST /xingrg/kc/buy/cgsh_order_operate.html HTTP/1.1" 200 8245
114.83.221.184 - - [03/Nov/2022:11:16:26 +0800] "GET /xingrg/javascript/easyui/themes/default/validatebox.css HTTP/1.1" 404 1104
116.230.105.139 - - [03/Nov/2022:11:16:27 +0800] "GET /xingrg/all/function/internal_message.html?_=1667445347104&CODE_STATE=getMsg HTTP/1.1" 200 27
114.83.221.184 - - [03/Nov/2022:11:16:27 +0800] "POST /xingrg/kc/buy/cgsh_list_operate.html HTTP/1.1" 200 986
58.39.169.76 - - [03/Nov/2022:11:16:27 +0800] "POST /xingrg/dwr/call/plaincall/AjaxCheckService.loadOrderItems.dwr HTTP/1.1" 200 4265
58.39.169.76 - - [03/Nov/2022:11:16:27 +0800] "GET /xingrg/javascript/jquery_easy_ui/themes/icons/no.png HTTP/1.1" 304 -
58.39.169.76 - - [03/Nov/2022:11:16:29 +0800] "GET /xingrg/kc/print/load_config.html?_=1667445400526&kc_code=check HTTP/1.1" 200 2243
58.39.169.76 - - [03/Nov/2022:11:16:29 +0800] "GET /xingrg/kc/print/load_data.html?_=1667445400598&order_code=452022110300015&kc_code=check&condition= HTTP/1.1" 200 1329
124.79.74.72 - - [03/Nov/2022:11:16:29 +0800] "GET /xingrg/kc/buy/cgsh_order_operate.html?command=get_materiel&rest_code=00156&code=00101008150&supplier_code=00100007&order_time=2022-11-01 HTTP/1.1" 200 409
180.169.147.146 - - [03/Nov/2022:11:16:30 +0800] "GET /xingrg/all/function/internal_message.html?_=1667445397897&CODE_STATE=getMsg HTTP/1.1" 200 27
124.79.74.72 - - [03/Nov/2022:11:16:33 +0800] "GET /xingrg/all/function/internal_message.html?_=1667445415425&CODE_STATE=getMsg HTTP/1.1" 200 27
221.239.141.151 - - [03/Nov/2022:11:16:33 +0800] "GET /xingrg/all/function/internal_message.html?_=1667445403798&CODE_STATE=getMsg HTTP/1.1" 200 27
114.88.159.190 - - [03/Nov/2022:11:16:34 +0800] "GET /xingrg/check_reg.html?_=1667445037651 HTTP/1.1" 200 22
124.79.74.72 - - [03/Nov/2022:11:16:36 +0800] "GET /xingrg/kc/buy/cgsh_order_operate.html?command=get_materiel&rest_code=00156&code=00101009113&supplier_code=00100007&order_time=2022-11-01 HTTP/1.1" 200 413
58.39.169.76 - - [03/Nov/2022:11:16:40 +0800] "GET /xingrg/all/function/internal_message.html?_=1667445411939&CODE_STATE=getMsg HTTP/1.1" 200 27
114.83.221.184 - - [03/Nov/2022:11:16:40 +0800] "GET /xingrg/kc/buy/cgsh_order_operate.html?command=get_materiel&rest_code=00149&code=00101006130&supplier_code=00100012&order_time=2022-11-02 HTTP/1.1" 200 427
218.81.217.29 - - [03/Nov/2022:11:16:41 +0800] "GET /xingrg/check_reg.html?_=1667445424624 HTTP/1.1" 200 22
114.83.219.57 - - [03/Nov/2022:11:16:44 +0800] "GET /xingrg/all/function/internal_message.html?_=1667445525331&CODE_STATE=getMsg HTTP/1.1" 200 27
61.170.233.76 - - [03/Nov/2022:11:16:44 +0800] "GET /xingrg/all/function/internal_message.html?_=1667445418185&CODE_STATE=getMsg HTTP/1.1" 200 27
124.79.74.72 - - [03/Nov/2022:11:16:44 +0800] "GET /xingrg/kc/buy/cgsh_order_operate.html?command=get_materiel&rest_code=00156&code=00101008137&supplier_code=00100007&order_time=2022-11-01 HTTP/1.1" 200 408
58.39.169.76 - - [03/Nov/2022:11:16:45 +0800] "GET /xingrg/all/function/internal_message.html?_=1667445266322&CODE_STATE=getMsg HTTP/1.1" 200 27
116.238.139.35 - - [03/Nov/2022:11:16:45 +0800] "GET /xingrg/kc/buy/cgsh_order_operate.html?command=get_materiel&rest_code=00150&code=00102001126&supplier_code=00100151&order_time=2022-11-03 HTTP/1.1" 200 426
218.81.217.29 - - [03/Nov/2022:11:16:47 +0800] "GET /xingrg/all/function/internal_message.html?_=1667445431426&CODE_STATE=getMsg HTTP/1.1" 200 27
114.83.221.184 - - [03/Nov/2022:11:16:51 +0800] "GET /xingrg/kc/buy/cgsh_order_operate.html?command=get_materiel&rest_code=00149&code=00101006057&supplier_code=00100012&order_time=2022-11-02 HTTP/1.1" 200 413
180.162.109.76 - - [03/Nov/2022:11:16:53 +0800] "GET /xingrg/check_reg.html?_=1667444487048 HTTP/1.1" 200 22
180.162.109.76 - - [03/Nov/2022:11:16:53 +0800] "GET /xingrg/all/function/internal_message.html?_=1667444487049&CODE_STATE=getMsg HTTP/1.1" 200 27
218.81.217.29 - - [03/Nov/2022:11:16:53 +0800] "GET /xingrg/kc/buy/cgsh_order_add.html HTTP/1.1" 200 69198
218.81.217.29 - - [03/Nov/2022:11:16:53 +0800] "POST /xingrg/kc/buy/cgsh_order_operate.html HTTP/1.1" 200 8245
218.81.217.29 - - [03/Nov/2022:11:16:53 +0800] "GET /xingrg/javascript/easyui/themes/default/validatebox.css HTTP/1.1" 404 1104
116.238.139.35 - - [03/Nov/2022:11:16:56 +0800] "GET /xingrg/all/function/internal_message.html?_=1667445425833&CODE_STATE=getMsg HTTP/1.1" 200 27
180.169.147.146 - - [03/Nov/2022:11:17:00 +0800] "GET /xingrg/all/function/internal_message.html?_=1667445425146&CODE_STATE=getMsg HTTP/1.1" 200 27
124.79.74.72 - - [03/Nov/2022:11:17:00 +0800] "POST /xingrg/kc/buy/cgsh_order_operate.html HTTP/1.1" 200 37
114.88.159.190 - - [03/Nov/2022:11:17:01 +0800] "GET /xingrg/all/function/internal_message.html?_=1667445064335&CODE_STATE=getMsg HTTP/1.1" 200 27
114.83.221.184 - - [03/Nov/2022:11:17:01 +0800] "GET /xingrg/kc/buy/cgsh_order_operate.html?command=get_materiel&rest_code=00149&code=00101006144&supplier_code=00100012&order_time=2022-11-02 HTTP/1.1" 200 409
114.84.81.136 - - [03/Nov/2022:11:17:03 +0800] "GET /xingrg/check_reg.html?_=1667445433490 HTTP/1.1" 200 22
114.84.81.136 - - [03/Nov/2022:11:17:03 +0800] "GET /xingrg/all/function/internal_message.html?_=1667445433491&CODE_STATE=getMsg HTTP/1.1" 200 27
124.79.74.72 - - [03/Nov/2022:11:17:05 +0800] "POST /xingrg/kc/buy/cgsh_order_operate.html HTTP/1.1" 200 12721
180.169.147.146 - - [03/Nov/2022:11:17:06 +0800] "GET /xingrg/all/function/internal_message.html?_=1667445436016&CODE_STATE=getMsg HTTP/1.1" 200 27
124.79.74.72 - - [03/Nov/2022:11:17:06 +0800] "GET /xingrg/kc/print/load_config.html?kc_code=cgsh HTTP/1.1" 200 1943
124.79.74.72 - - [03/Nov/2022:11:17:06 +0800] "GET /xingrg/kc/print/load_data.html?order_code=212022110300580&kc_code=cgsh&condition= HTTP/1.1" 200 4527
221.239.141.151 - - [03/Nov/2022:11:17:08 +0800] "GET /xingrg/all/function/internal_message.html?_=1667445457103&CODE_STATE=getMsg HTTP/1.1" 200 27
114.83.221.184 - - [03/Nov/2022:11:17:09 +0800] "GET /xingrg/all/function/internal_message.html?_=1667445436645&CODE_STATE=getMsg HTTP/1.1" 200 27
114.83.221.184 - - [03/Nov/2022:11:17:09 +0800] "GET /xingrg/check_reg.html?_=1667445436742 HTTP/1.1" 200 22
180.163.28.143 - - [03/Nov/2022:11:17:09 +0800] "GET /xingrg/all/function/internal_message.html?_=1667445378737&CODE_STATE=getMsg HTTP/1.1" 302 -
61.170.233.76 - - [03/Nov/2022:11:17:10 +0800] "GET /xingrg/all/function/internal_message.html?_=1667445438707&CODE_STATE=getMsg HTTP/1.1" 200 27
114.83.221.184 - - [03/Nov/2022:11:17:10 +0800] "GET /xingrg/all/function/internal_message.html?_=1667445440168&CODE_STATE=getMsg HTTP/1.1" 200 27
124.79.74.72 - - [03/Nov/2022:11:17:10 +0800] "GET /xingrg/kc/buy/cgsh_order_add.html HTTP/1.1" 200 69277
124.79.74.72 - - [03/Nov/2022:11:17:11 +0800] "POST /xingrg/kc/buy/cgsh_order_operate.html HTTP/1.1" 200 8245
124.79.74.72 - - [03/Nov/2022:11:17:11 +0800] "GET /xingrg/all/common/auto_word.html?type=employee&rest_code=00156 HTTP/1.1" 200 97
124.79.74.72 - - [03/Nov/2022:11:17:11 +0800] "GET /xingrg/all/common/auto_word.html?type=employee&rest_code=00156 HTTP/1.1" 200 97
124.79.74.72 - - [03/Nov/2022:11:17:11 +0800] "GET /xingrg/javascript/easyui/themes/default/validatebox.css HTTP/1.1" 404 1104
180.163.28.143 - - [03/Nov/2022:11:17:12 +0800] "GET /xingrg/login.html HTTP/1.1" 200 7641
114.83.221.184 - - [03/Nov/2022:11:17:15 +0800] "GET /xingrg/kc/buy/cgsh_order_operate.html?command=get_materiel&rest_code=00149&code=00101006299&supplier_code=00100012&order_time=2022-11-02 HTTP/1.1" 200 418
180.169.147.146 - - [03/Nov/2022:11:17:16 +0800] "GET /xingrg/check_reg.html?_=1667445445851 HTTP/1.1" 200 22
180.169.147.146 - - [03/Nov/2022:11:17:16 +0800] "GET /xingrg/all/function/internal_message.html?_=1667445445856&CODE_STATE=getMsg HTTP/1.1" 200 27
124.79.74.72 - - [03/Nov/2022:11:17:19 +0800] "GET /xingrg/javascript/jquery_tools/images/prev.gif HTTP/1.1" 404 1086
124.79.74.72 - - [03/Nov/2022:11:17:19 +0800] "GET /xingrg/javascript/jquery_tools/images/next.gif HTTP/1.1" 404 1086
172.20.0.100 - - [03/Nov/2022:11:17:22 +0800] "GET /xingrg/all/function/internal_message.html?_=1667445451031&CODE_STATE=getMsg HTTP/1.1" 200 27
124.79.74.72 - - [03/Nov/2022:11:17:26 +0800] "GET /xingrg/kc/buy/cgsh_order_operate.html?command=get_materiel&rest_code=00156&code=00101009044&supplier_code=00100007&order_time=2022-11-02 HTTP/1.1" 200 412
116.230.105.139 - - [03/Nov/2022:11:17:27 +0800] "GET /xingrg/all/function/internal_message.html?_=1667445407079&CODE_STATE=getMsg HTTP/1.1" 200 27
180.169.147.146 - - [03/Nov/2022:11:17:30 +0800] "GET /xingrg/all/function/internal_message.html?_=1667445457880&CODE_STATE=getMsg HTTP/1.1" 200 27
180.169.147.146 - - [03/Nov/2022:11:17:30 +0800] "GET /xingrg/check_reg.html?_=1667445458521 HTTP/1.1" 200 22
124.79.74.72 - - [03/Nov/2022:11:17:33 +0800] "GET /xingrg/all/function/internal_message.html?_=1667445475430&CODE_STATE=getMsg HTTP/1.1" 200 27
221.239.141.151 - - [03/Nov/2022:11:17:33 +0800] "GET /xingrg/all/function/internal_message.html?_=1667445463785&CODE_STATE=getMsg HTTP/1.1" 200 27
114.83.221.184 - - [03/Nov/2022:11:17:34 +0800] "GET /xingrg/kc/buy/cgsh_order_operate.html?command=get_materiel&rest_code=00149&code=00101006108&supplier_code=00100012&order_time=2022-11-02 HTTP/1.1" 200 421
218.81.217.29 - - [03/Nov/2022:11:17:37 +0800] "GET /xingrg/kc/buy/cgsh_order_operate.html?command=get_materiel&rest_code=00146&code=00101009031&supplier_code=00100023&order_time=2022-11-03 HTTP/1.1" 200 409
124.79.74.72 - - [03/Nov/2022:11:17:37 +0800] "GET /xingrg/kc/buy/cgsh_order_operate.html?command=get_materiel&rest_code=00156&code=00101008168&supplier_code=00100007&order_time=2022-11-02 HTTP/1.1" 200 413
221.239.141.151 - - [03/Nov/2022:11:17:38 +0800] "GET /xingrg/kc/mdqp/pssh_order_list.html HTTP/1.1" 200 17802
221.239.141.151 - - [03/Nov/2022:11:17:38 +0800] "POST /xingrg/kc/mdqp/pssh_list_operate.html HTTP/1.1" 200 5440
221.239.141.151 - - [03/Nov/2022:11:17:38 +0800] "POST /xingrg/kc/mdqp/pssh_list_operate.html HTTP/1.1" 200 267
222.70.183.206 - - [03/Nov/2022:11:17:39 +0800] "POST /xingrg/kc/buy/cgsh_order_operate.html HTTP/1.1" 200 6820
221.239.141.151 - - [03/Nov/2022:11:17:39 +0800] "POST /xingrg/kc/mdqp/pssh_list_operate.html HTTP/1.1" 200 271
221.239.141.151 - - [03/Nov/2022:11:17:39 +0800] "POST /xingrg/kc/mdqp/pssh_list_operate.html HTTP/1.1" 200 676
221.239.141.151 - - [03/Nov/2022:11:17:39 +0800] "POST /xingrg/kc/mdqp/pssh_list_operate.html HTTP/1.1" 200 263
221.239.141.151 - - [03/Nov/2022:11:17:40 +0800] "POST /xingrg/kc/mdqp/pssh_list_operate.html HTTP/1.1" 200 258
58.39.169.76 - - [03/Nov/2022:11:17:40 +0800] "GET /xingrg/check_reg.html?_=1667445471925 HTTP/1.1" 200 22
58.39.169.76 - - [03/Nov/2022:11:17:40 +0800] "GET /xingrg/all/function/internal_message.html?_=1667445471927&CODE_STATE=getMsg HTTP/1.1" 200 27
114.83.219.57 - - [03/Nov/2022:11:17:44 +0800] "GET /xingrg/all/function/internal_message.html?_=1667445585320&CODE_STATE=getMsg HTTP/1.1" 200 27
222.70.183.206 - - [03/Nov/2022:11:17:44 +0800] "GET /xingrg/kc/print/load_data.html?order_code=212022110300575&kc_code=cgsh&condition= HTTP/1.1" 200 2263
61.170.233.76 - - [03/Nov/2022:11:17:44 +0800] "GET /xingrg/all/function/internal_message.html?_=1667445478188&CODE_STATE=getMsg HTTP/1.1" 200 27
61.170.233.76 - - [03/Nov/2022:11:17:44 +0800] "GET /xingrg/check_reg.html?_=1667445478189 HTTP/1.1" 200 22
58.39.169.76 - - [03/Nov/2022:11:17:45 +0800] "GET /xingrg/all/function/internal_message.html?_=1667445326313&CODE_STATE=getMsg HTTP/1.1" 200 27
218.81.217.29 - - [03/Nov/2022:11:17:48 +0800] "GET /xingrg/all/function/internal_message.html?_=1667445491557&CODE_STATE=getMsg HTTP/1.1" 200 27
180.162.109.76 - - [03/Nov/2022:11:17:53 +0800] "GET /xingrg/all/function/internal_message.html?_=1667444547032&CODE_STATE=getMsg HTTP/1.1" 200 27
116.238.139.35 - - [03/Nov/2022:11:17:53 +0800] "GET /xingrg/check_reg.html?_=1667445482828 HTTP/1.1" 200 22
124.79.74.72 - - [03/Nov/2022:11:17:54 +0800] "GET /xingrg/kc/buy/cgsh_order_operate.html?command=get_materiel&rest_code=00156&code=00101008098&supplier_code=00100007&order_time=2022-11-02 HTTP/1.1" 200 412
222.70.183.206 - - [03/Nov/2022:11:17:56 +0800] "POST /xingrg/kc/buy/cgsh_order_operate.html HTTP/1.1" 200 37
116.238.139.35 - - [03/Nov/2022:11:17:56 +0800] "GET /xingrg/all/function/internal_message.html?_=1667445485808&CODE_STATE=getMsg HTTP/1.1" 200 27
221.239.141.151 - - [03/Nov/2022:11:17:57 +0800] "POST /xingrg/kc/mdqp/pssh_list_operate.html HTTP/1.1" 200 357
218.81.217.29 - - [03/Nov/2022:11:17:57 +0800] "GET /xingrg/kc/buy/cgsh_order_operate.html?command=get_materiel&rest_code=00146&code=00101009013&supplier_code=00100023&order_time=2022-11-03 HTTP/1.1" 200 420
221.239.141.151 - - [03/Nov/2022:11:17:57 +0800] "POST /xingrg/kc/mdqp/pssh_list_operate.html HTTP/1.1" 200 255
180.169.147.146 - - [03/Nov/2022:11:18:00 +0800] "GET /xingrg/all/function/internal_message.html?_=1667445485131&CODE_STATE=getMsg HTTP/1.1" 200 27
221.239.141.151 - - [03/Nov/2022:11:18:00 +0800] "POST /xingrg/kc/mdqp/pssh_list_operate.html HTTP/1.1" 200 1586
114.88.159.190 - - [03/Nov/2022:11:18:01 +0800] "GET /xingrg/all/function/internal_message.html?_=1667445124314&CODE_STATE=getMsg HTTP/1.1" 200 27
222.70.183.206 - - [03/Nov/2022:11:18:02 +0800] "POST /xingrg/kc/buy/cgsh_order_operate.html HTTP/1.1" 200 12
58.39.169.76 - - [03/Nov/2022:11:18:03 +0800] "GET /xingrg/kc/base/check_order_add.html HTTP/1.1" 200 26518
58.39.169.76 - - [03/Nov/2022:11:18:03 +0800] "GET /xingrg/dwr/interface/AjaxCheckService.js HTTP/1.1" 200 14003
58.39.169.76 - - [03/Nov/2022:11:18:03 +0800] "GET /xingrg/dwr/interface/AjaxComOrderService.js HTTP/1.1" 200 18264
58.39.169.76 - - [03/Nov/2022:11:18:03 +0800] "GET /xingrg/dwr/engine.js HTTP/1.1" 200 43631
222.70.183.206 - - [03/Nov/2022:11:18:03 +0800] "GET /xingrg/kc/buy/cgsh_order_info.html?code=212022110300575 HTTP/1.1" 200 64061
114.84.81.136 - - [03/Nov/2022:11:18:03 +0800] "GET /xingrg/all/function/internal_message.html?_=1667445493494&CODE_STATE=getMsg HTTP/1.1" 200 27
222.70.183.206 - - [03/Nov/2022:11:18:04 +0800] "GET /xingrg/javascript/easyui/themes/default/validatebox.css HTTP/1.1" 404 1104
222.70.183.206 - - [03/Nov/2022:11:18:04 +0800] "POST /xingrg/kc/buy/cgsh_order_operate.html HTTP/1.1" 200 4766
124.79.74.72 - - [03/Nov/2022:11:18:05 +0800] "GET /xingrg/kc/buy/cgsh_order_operate.html?command=get_materiel&rest_code=00156&code=00101008331&supplier_code=00100007&order_time=2022-11-02 HTTP/1.1" 200 416
180.169.147.146 - - [03/Nov/2022:11:18:06 +0800] "GET /xingrg/all/function/internal_message.html?_=1667445496013&CODE_STATE=getMsg HTTP/1.1" 200 27
222.70.183.206 - - [03/Nov/2022:11:18:08 +0800] "GET /xingrg/all/function/internal_message.html?_=1667445496347&CODE_STATE=getMsg HTTP/1.1" 200 27
221.239.141.151 - - [03/Nov/2022:11:18:08 +0800] "GET /xingrg/all/function/internal_message.html?_=1667445517089&CODE_STATE=getMsg HTTP/1.1" 200 27
114.83.221.184 - - [03/Nov/2022:11:18:09 +0800] "GET /xingrg/all/function/internal_message.html?_=1667445496627&CODE_STATE=getMsg HTTP/1.1" 200 27
61.170.233.76 - - [03/Nov/2022:11:18:09 +0800] "GET /xingrg/all/function/internal_message.html?_=1667445498681&CODE_STATE=getMsg HTTP/1.1" 200 27
61.170.233.76 - - [03/Nov/2022:11:18:10 +0800] "GET /xingrg/check_reg.html?_=1667445498818 HTTP/1.1" 200 22
114.83.221.184 - - [03/Nov/2022:11:18:10 +0800] "GET /xingrg/all/function/internal_message.html?_=1667445500163&CODE_STATE=getMsg HTTP/1.1" 200 27
124.79.74.72 - - [03/Nov/2022:11:18:11 +0800] "GET /xingrg/kc/buy/cgsh_order_operate.html?command=get_materiel&rest_code=00156&code=00101008529&supplier_code=00100007&order_time=2022-11-02 HTTP/1.1" 200 417
58.39.169.76 - - [03/Nov/2022:11:18:11 +0800] "POST /xingrg/dwr/call/plaincall/AjaxCheckService.saveOrder.dwr HTTP/1.1" 200 275
180.169.147.146 - - [03/Nov/2022:11:18:16 +0800] "GET /xingrg/all/function/internal_message.html?_=1667445505841&CODE_STATE=getMsg HTTP/1.1" 200 27
58.39.169.76 - - [03/Nov/2022:11:18:17 +0800] "GET /xingrg/kc/base/check_order_list.html HTTP/1.1" 200 16179
58.39.169.76 - - [03/Nov/2022:11:18:18 +0800] "POST /xingrg/kc/base/check_list_operate.html HTTP/1.1" 200 1563
218.81.217.29 - - [03/Nov/2022:11:18:20 +0800] "GET /xingrg/kc/buy/cgsh_order_operate.html?command=get_materiel&rest_code=00146&code=00101009079&supplier_code=00100023&order_time=2022-11-03 HTTP/1.1" 200 409
172.20.0.100 - - [03/Nov/2022:11:18:22 +0800] "GET /xingrg/all/function/internal_message.html?_=1667445511034&CODE_STATE=getMsg HTTP/1.1" 200 27
124.79.74.72 - - [03/Nov/2022:11:18:22 +0800] "GET /xingrg/kc/buy/cgsh_order_operate.html?command=get_materiel&rest_code=00156&code=00101008134&supplier_code=00100007&order_time=2022-11-02 HTTP/1.1" 200 412
116.230.105.139 - - [03/Nov/2022:11:18:27 +0800] "GET /xingrg/all/function/internal_message.html?_=1667445467061&CODE_STATE=getMsg HTTP/1.1" 200 27
218.81.217.29 - - [03/Nov/2022:11:18:27 +0800] "POST /xingrg/services/DataTransmitService HTTP/1.1" 200 524
124.79.74.72 - - [03/Nov/2022:11:18:29 +0800] "GET /xingrg/kc/buy/cgsh_order_operate.html?command=get_materiel&rest_code=00156&code=00101008010&supplier_code=00100007&order_time=2022-11-02 HTTP/1.1" 200 412
180.169.147.146 - - [03/Nov/2022:11:18:30 +0800] "GET /xingrg/all/function/internal_message.html?_=1667445517864&CODE_STATE=getMsg HTTP/1.1" 200 27
58.39.169.76 - - [03/Nov/2022:11:18:30 +0800] "GET /xingrg/kc/base/wldb_order_list.html HTTP/1.1" 200 19060
58.39.169.76 - - [03/Nov/2022:11:18:31 +0800] "POST /xingrg/kc/base/wldb_list_operate.html HTTP/1.1" 200 3719
218.81.217.29 - - [03/Nov/2022:11:18:31 +0800] "GET /xingrg/kc/buy/cgsh_order_operate.html?command=get_materiel&rest_code=00146&code=00101009050&supplier_code=00100023&order_time=2022-11-03 HTTP/1.1" 200 408
58.39.169.76 - - [03/Nov/2022:11:18:32 +0800] "GET /xingrg/kc/base/wldb_order_add.html HTTP/1.1" 200 30295
58.39.169.76 - - [03/Nov/2022:11:18:32 +0800] "POST /xingrg/kc/base/wldb_order_operate.html HTTP/1.1" 200 6806
58.39.169.76 - - [03/Nov/2022:11:18:32 +0800] "GET /xingrg/javascript/easyui/themes/default/validatebox.css HTTP/1.1" 404 1104
124.79.74.72 - - [03/Nov/2022:11:18:33 +0800] "GET /xingrg/all/function/internal_message.html?_=1667445535430&CODE_STATE=getMsg HTTP/1.1" 200 27
124.79.74.72 - - [03/Nov/2022:11:18:33 +0800] "GET /xingrg/check_reg.html?_=1667445535432 HTTP/1.1" 200 22
218.81.217.29 - - [03/Nov/2022:11:18:33 +0800] "POST /xingrg/services/DataTransmitService HTTP/1.1" 200 501
221.239.141.151 - - [03/Nov/2022:11:18:33 +0800] "GET /xingrg/all/function/internal_message.html?_=1667445523767&CODE_STATE=getMsg HTTP/1.1" 200 27
221.239.141.151 - - [03/Nov/2022:11:18:34 +0800] "GET /xingrg/check_reg.html?_=1667445524485 HTTP/1.1" 200 22
58.39.169.76 - - [03/Nov/2022:11:18:34 +0800] "POST /xingrg/all/common/load_combo.html?type=base HTTP/1.1" 200 3409
124.79.74.72 - - [03/Nov/2022:11:18:36 +0800] "GET /xingrg/kc/buy/cgsh_order_operate.html?command=get_materiel&rest_code=00156&code=00101008543&supplier_code=00100007&order_time=2022-11-02 HTTP/1.1" 200 410
58.39.169.76 - - [03/Nov/2022:11:18:40 +0800] "GET /xingrg/all/function/internal_message.html?_=1667445532008&CODE_STATE=getMsg HTTP/1.1" 200 27
114.83.219.57 - - [03/Nov/2022:11:18:44 +0800] "GET /xingrg/all/function/internal_message.html?_=1667445645319&CODE_STATE=getMsg HTTP/1.1" 200 27
61.170.233.76 - - [03/Nov/2022:11:18:44 +0800] "GET /xingrg/all/function/internal_message.html?_=1667445538184&CODE_STATE=getMsg HTTP/1.1" 200 27
124.79.74.72 - - [03/Nov/2022:11:18:44 +0800] "GET /xingrg/kc/buy/cgsh_order_operate.html?command=get_materiel&rest_code=00156&code=00101008283&supplier_code=00100007&order_time=2022-11-02 HTTP/1.1" 200 408
58.39.169.76 - - [03/Nov/2022:11:18:45 +0800] "GET /xingrg/kc/base/wldb_order_operate.html?command=get_materiel&rest_code=00105&base_code=0010507&code=00101016037 HTTP/1.1" 200 452
58.39.169.76 - - [03/Nov/2022:11:18:45 +0800] "GET /xingrg/all/function/internal_message.html?_=1667445386306&CODE_STATE=getMsg HTTP/1.1" 200 27
58.39.169.76 - - [03/Nov/2022:11:18:45 +0800] "POST /xingrg/all/common/load_select.html HTTP/1.1" 200 25
58.39.169.76 - - [03/Nov/2022:11:18:47 +0800] "GET /xingrg/kc/base/wldb_order_operate.html?command=get_materiel_price&rest_code=00105&base_code=0010507&code=00101016037&unit_code=00100098 HTTP/1.1" 200 37
218.81.217.29 - - [03/Nov/2022:11:18:47 +0800] "POST /xingrg/kc/buy/cgsh_order_operate.html HTTP/1.1" 200 37
218.81.217.29 - - [03/Nov/2022:11:18:49 +0800] "POST /xingrg/kc/buy/cgsh_order_operate.html HTTP/1.1" 200 4427
124.79.74.72 - - [03/Nov/2022:11:18:50 +0800] "GET /xingrg/kc/buy/cgsh_order_operate.html?command=get_materiel&rest_code=00156&code=00101008290&supplier_code=00100007&order_time=2022-11-02 HTTP/1.1" 200 416
58.39.169.76 - - [03/Nov/2022:11:18:50 +0800] "POST /xingrg/kc/base/wldb_order_operate.html HTTP/1.1" 200 37
58.39.169.76 - - [03/Nov/2022:11:18:51 +0800] "POST /xingrg/kc/base/wldb_order_operate.html HTTP/1.1" 200 2195
58.39.169.76 - - [03/Nov/2022:11:18:51 +0800] "GET /xingrg/kc/base/wldb_order_info.html?code=422022110300162 HTTP/1.1" 200 30309
218.81.217.29 - - [03/Nov/2022:11:18:52 +0800] "GET /xingrg/all/function/internal_message.html?_=1667445555680&CODE_STATE=getMsg HTTP/1.1" 200 27
58.39.169.76 - - [03/Nov/2022:11:18:52 +0800] "GET /xingrg/javascript/easyui/themes/default/validatebox.css HTTP/1.1" 404 1104
58.39.169.76 - - [03/Nov/2022:11:18:52 +0800] "POST /xingrg/kc/base/wldb_order_operate.html HTTP/1.1" 200 2195
180.162.109.76 - - [03/Nov/2022:11:18:53 +0800] "GET /xingrg/all/function/internal_message.html?_=1667444607015&CODE_STATE=getMsg HTTP/1.1" 200 27
114.83.221.184 - - [03/Nov/2022:11:18:54 +0800] "POST /xingrg/kc/buy/cgsh_order_operate.html HTTP/1.1" 200 37
218.81.217.29 - - [03/Nov/2022:11:18:54 +0800] "GET /xingrg/kc/print/load_data.html?order_code=212022110300581&kc_code=cgsh&condition= HTTP/1.1" 200 1369
116.238.139.35 - - [03/Nov/2022:11:18:56 +0800] "GET /xingrg/all/function/internal_message.html?_=1667445545787&CODE_STATE=getMsg HTTP/1.1" 200 27
124.79.74.72 - - [03/Nov/2022:11:18:56 +0800] "GET /xingrg/kc/buy/cgsh_order_operate.html?command=get_materiel&rest_code=00156&code=00101008318&supplier_code=00100007&order_time=2022-11-02 HTTP/1.1" 200 408
180.169.147.146 - - [03/Nov/2022:11:19:00 +0800] "GET /xingrg/all/function/internal_message.html?_=1667445545116&CODE_STATE=getMsg HTTP/1.1" 200 27
114.83.221.184 - - [03/Nov/2022:11:19:00 +0800] "POST /xingrg/kc/buy/cgsh_order_operate.html HTTP/1.1" 200 12
114.88.159.190 - - [03/Nov/2022:11:19:01 +0800] "GET /xingrg/all/function/internal_message.html?_=1667445184287&CODE_STATE=getMsg HTTP/1.1" 200 27
58.39.169.76 - - [03/Nov/2022:11:19:02 +0800] "GET /xingrg/kc/base/wldb_order_add.html HTTP/1.1" 200 30295
58.39.169.76 - - [03/Nov/2022:11:19:03 +0800] "GET /xingrg/javascript/easyui/themes/default/validatebox.css HTTP/1.1" 404 1104
58.39.169.76 - - [03/Nov/2022:11:19:03 +0800] "POST /xingrg/kc/base/wldb_order_operate.html HTTP/1.1" 200 6806
114.84.81.136 - - [03/Nov/2022:11:19:03 +0800] "GET /xingrg/all/function/internal_message.html?_=1667445553492&CODE_STATE=getMsg HTTP/1.1" 200 27
58.39.169.76 - - [03/Nov/2022:11:19:04 +0800] "POST /xingrg/all/common/load_combo.html?type=base HTTP/1.1" 200 3409
124.79.74.72 - - [03/Nov/2022:11:19:04 +0800] "GET /xingrg/kc/buy/cgsh_order_operate.html?command=get_materiel&rest_code=00156&code=00101008361&supplier_code=00100007&order_time=2022-11-02 HTTP/1.1" 200 408
180.169.147.146 - - [03/Nov/2022:11:19:06 +0800] "GET /xingrg/all/function/internal_message.html?_=1667445556012&CODE_STATE=getMsg HTTP/1.1" 200 27
222.70.183.206 - - [03/Nov/2022:11:19:08 +0800] "GET /xingrg/all/function/internal_message.html?_=1667445556325&CODE_STATE=getMsg HTTP/1.1" 200 27
221.239.141.151 - - [03/Nov/2022:11:19:08 +0800] "GET /xingrg/all/function/internal_message.html?_=1667445577060&CODE_STATE=getMsg HTTP/1.1" 200 27
180.163.30.76 - - [03/Nov/2022:11:19:09 +0800] "GET /xingrg/check_reg.html?_=1667445498818 HTTP/1.1" 302 -
180.163.30.76 - - [03/Nov/2022:11:19:09 +0800] "GET /xingrg/login.html HTTP/1.1" 200 7641
61.170.233.76 - - [03/Nov/2022:11:19:09 +0800] "GET /xingrg/all/function/internal_message.html?_=1667445558649&CODE_STATE=getMsg HTTP/1.1" 200 27
180.163.29.212 - - [03/Nov/2022:11:19:10 +0800] "GET /xingrg/all/function/internal_message.html?_=1667445498681&CODE_STATE=getMsg HTTP/1.1" 302 -
180.163.29.212 - - [03/Nov/2022:11:19:10 +0800] "GET /xingrg/login.html HTTP/1.1" 200 7641
114.83.221.184 - - [03/Nov/2022:11:19:10 +0800] "GET /xingrg/all/function/internal_message.html?_=1667445560181&CODE_STATE=getMsg HTTP/1.1" 200 27
124.79.74.72 - - [03/Nov/2022:11:19:12 +0800] "GET /xingrg/kc/buy/cgsh_order_operate.html?command=get_materiel&rest_code=00156&code=00101008077&supplier_code=00100007&order_time=2022-11-02 HTTP/1.1" 200 416
180.169.147.146 - - [03/Nov/2022:11:19:16 +0800] "GET /xingrg/all/function/internal_message.html?_=1667445565844&CODE_STATE=getMsg HTTP/1.1" 200 27
58.39.169.76 - - [03/Nov/2022:11:19:17 +0800] "GET /xingrg/kc/base/wldb_order_operate.html?command=get_materiel&rest_code=00105&base_code=0010508&code=00102002025 HTTP/1.1" 200 453
116.238.139.35 - - [03/Nov/2022:11:19:17 +0800] "GET /xingrg/kc/buy/cgsh_order_operate.html?command=get_materiel&rest_code=00150&code=00102005373&supplier_code=00100151&order_time=2022-11-03 HTTP/1.1" 200 409
114.83.221.184 - - [03/Nov/2022:11:19:18 +0800] "GET /xingrg/kc/buy/cgsh_order_info.html?code=212022110300582 HTTP/1.1" 200 64189
114.83.221.184 - - [03/Nov/2022:11:19:18 +0800] "GET /xingrg/javascript/easyui/themes/default/validatebox.css HTTP/1.1" 404 1104
58.39.169.76 - - [03/Nov/2022:11:19:18 +0800] "POST /xingrg/all/common/load_select.html HTTP/1.1" 200 25
114.83.221.184 - - [03/Nov/2022:11:19:19 +0800] "POST /xingrg/kc/buy/cgsh_order_operate.html HTTP/1.1" 200 3010
58.39.169.76 - - [03/Nov/2022:11:19:19 +0800] "GET /xingrg/kc/base/wldb_order_operate.html?command=get_materiel_price&rest_code=00105&base_code=0010508&code=00102002025&unit_code=00100351 HTTP/1.1" 200 36
114.83.221.184 - - [03/Nov/2022:11:19:20 +0800] "GET /xingrg/kc/print/load_data.html?order_code=212022110300582&kc_code=cgsh&condition= HTTP/1.1" 200 1737
124.79.74.72 - - [03/Nov/2022:11:19:21 +0800] "GET /xingrg/javascript/auto/indicator.gif HTTP/1.1" 404 1066
172.20.0.100 - - [03/Nov/2022:11:19:22 +0800] "GET /xingrg/all/function/internal_message.html?_=1667445571026&CODE_STATE=getMsg HTTP/1.1" 200 27
114.83.221.184 - - [03/Nov/2022:11:19:25 +0800] "GET /xingrg/kc/buy/cgsh_order_add.html HTTP/1.1" 200 69286
58.39.169.76 - - [03/Nov/2022:11:19:25 +0800] "POST /xingrg/kc/base/wldb_order_operate.html HTTP/1.1" 200 37
114.83.221.184 - - [03/Nov/2022:11:19:25 +0800] "POST /xingrg/kc/buy/cgsh_order_operate.html HTTP/1.1" 200 8245
114.83.221.184 - - [03/Nov/2022:11:19:25 +0800] "GET /xingrg/javascript/easyui/themes/default/validatebox.css HTTP/1.1" 404 1104
58.39.169.76 - - [03/Nov/2022:11:19:25 +0800] "POST /xingrg/kc/base/wldb_order_operate.html HTTP/1.1" 200 2205
58.39.169.76 - - [03/Nov/2022:11:19:25 +0800] "GET /xingrg/kc/base/wldb_order_info.html?code=422022110300163 HTTP/1.1" 200 30309
218.81.217.29 - - [03/Nov/2022:11:19:26 +0800] "GET /xingrg/kc/buy/cgsh_order_add.html HTTP/1.1" 200 69198
58.39.169.76 - - [03/Nov/2022:11:19:26 +0800] "GET /xingrg/javascript/easyui/themes/default/validatebox.css HTTP/1.1" 404 1104
124.79.74.72 - - [03/Nov/2022:11:19:26 +0800] "GET /xingrg/kc/buy/cgsh_order_operate.html?command=get_materiel&rest_code=00156&code=00101008079&supplier_code=00100007&order_time=2022-11-02 HTTP/1.1" 200 416
58.39.169.76 - - [03/Nov/2022:11:19:26 +0800] "POST /xingrg/kc/base/wldb_order_operate.html HTTP/1.1" 200 2205
116.230.105.139 - - [03/Nov/2022:11:19:27 +0800] "GET /xingrg/all/function/internal_message.html?_=1667445527039&CODE_STATE=getMsg HTTP/1.1" 200 27
218.81.217.29 - - [03/Nov/2022:11:19:27 +0800] "POST /xingrg/kc/buy/cgsh_order_operate.html HTTP/1.1" 200 8245
218.81.217.29 - - [03/Nov/2022:11:19:27 +0800] "GET /xingrg/javascript/easyui/themes/default/validatebox.css HTTP/1.1" 404 1104
180.169.147.146 - - [03/Nov/2022:11:19:29 +0800] "POST /xingrg/kc/buy/cgsh_list_operate.html HTTP/1.1" 200 273
180.169.147.146 - - [03/Nov/2022:11:19:29 +0800] "GET /xingrg/kc/buy/cgsh_order_info.html?code=212022110200491 HTTP/1.1" 200 64108
180.169.147.146 - - [03/Nov/2022:11:19:29 +0800] "GET /xingrg/javascript/easyui/themes/default/validatebox.css HTTP/1.1" 404 1104
180.169.147.146 - - [03/Nov/2022:11:19:30 +0800] "GET /xingrg/all/function/internal_message.html?_=1667445577845&CODE_STATE=getMsg HTTP/1.1" 200 27
180.169.147.146 - - [03/Nov/2022:11:19:30 +0800] "POST /xingrg/kc/buy/cgsh_order_operate.html HTTP/1.1" 200 1202
180.169.147.146 - - [03/Nov/2022:11:19:31 +0800] "GET /xingrg/kc/print/load_data.html?order_code=212022110200491&kc_code=cgsh&condition= HTTP/1.1" 200 934
124.79.74.72 - - [03/Nov/2022:11:19:33 +0800] "GET /xingrg/all/function/internal_message.html?_=1667445595431&CODE_STATE=getMsg HTTP/1.1" 200 27
221.239.141.151 - - [03/Nov/2022:11:19:33 +0800] "GET /xingrg/all/function/internal_message.html?_=1667445583754&CODE_STATE=getMsg HTTP/1.1" 200 27
124.79.74.72 - - [03/Nov/2022:11:19:33 +0800] "GET /xingrg/kc/buy/cgsh_order_operate.html?command=get_materiel&rest_code=00156&code=00101008024&supplier_code=00100007&order_time=2022-11-02 HTTP/1.1" 200 408
58.39.169.76 - - [03/Nov/2022:11:19:37 +0800] "GET /xingrg/kc/base/wldb_order_add.html HTTP/1.1" 200 30295
58.39.169.76 - - [03/Nov/2022:11:19:37 +0800] "POST /xingrg/kc/base/wldb_order_operate.html HTTP/1.1" 200 6806
58.39.169.76 - - [03/Nov/2022:11:19:37 +0800] "GET /xingrg/javascript/easyui/themes/default/validatebox.css HTTP/1.1" 404 1104
180.169.147.146 - - [03/Nov/2022:11:19:38 +0800] "POST /xingrg/kc/buy/cgsh_list_operate.html HTTP/1.1" 200 4890
58.39.169.76 - - [03/Nov/2022:11:19:38 +0800] "POST /xingrg/all/common/load_combo.html?type=base HTTP/1.1" 200 3409
58.39.169.76 - - [03/Nov/2022:11:19:40 +0800] "GET /xingrg/all/function/internal_message.html?_=1667445591996&CODE_STATE=getMsg HTTP/1.1" 200 27
124.79.74.72 - - [03/Nov/2022:11:19:41 +0800] "GET /xingrg/kc/buy/cgsh_order_operate.html?command=get_materiel&rest_code=00156&code=00101008357&supplier_code=00100007&order_time=2022-11-02 HTTP/1.1" 200 408
114.83.219.57 - - [03/Nov/2022:11:19:44 +0800] "GET /xingrg/all/function/internal_message.html?_=1667445705327&CODE_STATE=getMsg HTTP/1.1" 200 27
61.170.233.76 - - [03/Nov/2022:11:19:44 +0800] "GET /xingrg/all/function/internal_message.html?_=1667445598188&CODE_STATE=getMsg HTTP/1.1" 200 27
58.39.169.76 - - [03/Nov/2022:11:19:45 +0800] "GET /xingrg/all/function/internal_message.html?_=1667445446295&CODE_STATE=getMsg HTTP/1.1" 200 27
58.39.169.76 - - [03/Nov/2022:11:19:45 +0800] "GET /xingrg/check_reg.html?_=1667445446966 HTTP/1.1" 200 22
116.238.139.35 - - [03/Nov/2022:11:19:48 +0800] "POST /xingrg/kc/buy/cgsh_order_operate.html HTTP/1.1" 200 37
58.39.169.76 - - [03/Nov/2022:11:19:49 +0800] "GET /xingrg/kc/base/wldb_order_operate.html?command=get_materiel&rest_code=00105&base_code=0010508&code=00102002035 HTTP/1.1" 200 440
124.79.74.72 - - [03/Nov/2022:11:19:50 +0800] "GET /xingrg/kc/buy/cgsh_order_operate.html?command=get_materiel&rest_code=00156&code=00101008286&supplier_code=00100007&order_time=2022-11-02 HTTP/1.1" 200 408
114.83.221.184 - - [03/Nov/2022:11:19:51 +0800] "GET /xingrg/kc/buy/cgsh_order_operate.html?command=get_materiel&rest_code=00149&code=00101012025&supplier_code=00100036&order_time=2022-11-03 HTTP/1.1" 200 412
218.81.217.29 - - [03/Nov/2022:11:19:52 +0800] "GET /xingrg/all/function/internal_message.html?_=1667445615694&CODE_STATE=getMsg HTTP/1.1" 200 27
116.238.139.35 - - [03/Nov/2022:11:19:52 +0800] "POST /xingrg/kc/buy/cgsh_order_operate.html HTTP/1.1" 200 12
180.162.109.76 - - [03/Nov/2022:11:19:53 +0800] "GET /xingrg/all/function/internal_message.html?_=1667444666999&CODE_STATE=getMsg HTTP/1.1" 200 27
116.238.139.35 - - [03/Nov/2022:11:19:54 +0800] "GET /xingrg/kc/buy/cgsh_order_info.html?code=212022110300583 HTTP/1.1" 200 64091
116.238.139.35 - - [03/Nov/2022:11:19:54 +0800] "GET /xingrg/javascript/easyui/themes/default/validatebox.css HTTP/1.1" 404 1104
116.238.139.35 - - [03/Nov/2022:11:19:55 +0800] "POST /xingrg/kc/buy/cgsh_order_operate.html HTTP/1.1" 200 1211
180.169.147.146 - - [03/Nov/2022:11:19:55 +0800] "POST /xingrg/kc/buy/cgsh_list_operate.html HTTP/1.1" 200 6264
58.39.169.76 - - [03/Nov/2022:11:19:56 +0800] "POST /xingrg/kc/base/wldb_order_operate.html HTTP/1.1" 200 37
116.238.139.35 - - [03/Nov/2022:11:19:56 +0800] "GET /xingrg/all/function/internal_message.html?_=1667445605771&CODE_STATE=getMsg HTTP/1.1" 200 27
58.39.169.76 - - [03/Nov/2022:11:19:56 +0800] "POST /xingrg/kc/base/wldb_order_operate.html HTTP/1.1" 200 2189
116.238.139.35 - - [03/Nov/2022:11:19:56 +0800] "GET /xingrg/kc/print/load_data.html?order_code=212022110300583&kc_code=cgsh&condition= HTTP/1.1" 200 922
58.39.169.76 - - [03/Nov/2022:11:19:57 +0800] "GET /xingrg/kc/base/wldb_order_info.html?code=422022110300164 HTTP/1.1" 200 30305
58.39.169.76 - - [03/Nov/2022:11:19:58 +0800] "GET /xingrg/javascript/easyui/themes/default/validatebox.css HTTP/1.1" 404 1104
58.39.169.76 - - [03/Nov/2022:11:19:58 +0800] "POST /xingrg/kc/base/wldb_order_operate.html HTTP/1.1" 200 2189
124.79.74.72 - - [03/Nov/2022:11:19:59 +0800] "GET /xingrg/kc/buy/cgsh_order_operate.html?command=get_materiel&rest_code=00156&code=00101008353&supplier_code=00100007&order_time=2022-11-02 HTTP/1.1" 200 408
180.169.147.146 - - [03/Nov/2022:11:20:00 +0800] "GET /xingrg/all/function/internal_message.html?_=1667445605101&CODE_STATE=getMsg HTTP/1.1" 200 27
180.169.147.146 - - [03/Nov/2022:11:20:00 +0800] "POST /xingrg/kc/buy/cgsh_list_operate.html HTTP/1.1" 200 2149
114.88.159.190 - - [03/Nov/2022:11:20:01 +0800] "GET /xingrg/all/function/internal_message.html?_=1667445244260&CODE_STATE=getMsg HTTP/1.1" 200 27
180.169.147.146 - - [03/Nov/2022:11:20:02 +0800] "POST /xingrg/kc/buy/cgsh_list_operate.html HTTP/1.1" 200 499
114.83.221.184 - - [03/Nov/2022:11:20:03 +0800] "GET /xingrg/kc/buy/cgsh_order_operate.html?command=get_materiel&rest_code=00149&code=00101016025&supplier_code=00100036&order_time=2022-11-03 HTTP/1.1" 200 408
114.84.81.136 - - [03/Nov/2022:11:20:03 +0800] "GET /xingrg/all/function/internal_message.html?_=1667445613491&CODE_STATE=getMsg HTTP/1.1" 200 27
180.169.147.146 - - [03/Nov/2022:11:20:04 +0800] "GET /xingrg/kc/buy/cgsh_order_info.html?code=212022110200493 HTTP/1.1" 200 64108
180.169.147.146 - - [03/Nov/2022:11:20:05 +0800] "GET /xingrg/javascript/easyui/themes/default/validatebox.css HTTP/1.1" 404 1104
124.79.74.72 - - [03/Nov/2022:11:20:05 +0800] "GET /xingrg/kc/buy/cgsh_order_operate.html?command=get_materiel&rest_code=00156&code=00101008131&supplier_code=00100007&order_time=2022-11-02 HTTP/1.1" 200 408
180.169.147.146 - - [03/Nov/2022:11:20:05 +0800] "POST /xingrg/kc/buy/cgsh_order_operate.html HTTP/1.1" 200 2979
180.169.147.146 - - [03/Nov/2022:11:20:06 +0800] "GET /xingrg/all/function/internal_message.html?_=1667445616013&CODE_STATE=getMsg HTTP/1.1" 200 27
180.169.147.146 - - [03/Nov/2022:11:20:06 +0800] "GET /xingrg/check_reg.html?_=1667445616015 HTTP/1.1" 200 22
180.169.147.146 - - [03/Nov/2022:11:20:06 +0800] "GET /xingrg/kc/print/load_data.html?order_code=212022110200493&kc_code=cgsh&condition= HTTP/1.1" 200 1634
124.79.74.72 - - [03/Nov/2022:11:20:06 +0800] "POST /xingrg/kc/buy/cgsh_order_operate.html HTTP/1.1" 200 2065
222.70.183.206 - - [03/Nov/2022:11:20:08 +0800] "GET /xingrg/all/function/internal_message.html?_=1667445616309&CODE_STATE=getMsg HTTP/1.1" 200 27
221.239.141.151 - - [03/Nov/2022:11:20:08 +0800] "GET /xingrg/all/function/internal_message.html?_=1667445637062&CODE_STATE=getMsg HTTP/1.1" 200 27
114.83.221.184 - - [03/Nov/2022:11:20:09 +0800] "GET /xingrg/all/function/internal_message.html?_=1667445616638&CODE_STATE=getMsg HTTP/1.1" 200 27
180.163.30.27 - - [03/Nov/2022:11:20:09 +0800] "GET /xingrg/all/function/internal_message.html?_=1667445558649&CODE_STATE=getMsg HTTP/1.1" 302 -
180.163.30.27 - - [03/Nov/2022:11:20:09 +0800] "GET /xingrg/login.html HTTP/1.1" 200 7641
61.170.233.76 - - [03/Nov/2022:11:20:09 +0800] "GET /xingrg/all/function/internal_message.html?_=1667445618628&CODE_STATE=getMsg HTTP/1.1" 200 27
124.79.74.72 - - [03/Nov/2022:11:20:12 +0800] "GET /xingrg/kc/buy/cgsh_order_operate.html?command=get_materiel&rest_code=00156&code=00101008155&supplier_code=00100007&order_time=2022-11-02 HTTP/1.1" 200 408
218.81.217.29 - - [03/Nov/2022:11:20:12 +0800] "GET /xingrg/kc/buy/cgsh_order_operate.html?command=get_materiel&rest_code=00146&code=00101006056&supplier_code=00100012&order_time=2022-11-03 HTTP/1.1" 200 413
180.169.147.146 - - [03/Nov/2022:11:20:13 +0800] "POST /xingrg/kc/buy/cgsh_list_operate.html HTTP/1.1" 200 2149
114.83.221.184 - - [03/Nov/2022:11:20:13 +0800] "GET /xingrg/kc/buy/cgsh_order_operate.html?command=get_materiel&rest_code=00149&code=00101012030&supplier_code=00100036&order_time=2022-11-03 HTTP/1.1" 200 416
180.169.147.146 - - [03/Nov/2022:11:20:16 +0800] "GET /xingrg/all/function/internal_message.html?_=1667445625837&CODE_STATE=getMsg HTTP/1.1" 200 27
