114.83.221.184 - - [03/Nov/2022:09:54:08 +0800] "POST /xingrg/dwr/call/plaincall/AjaxReportQueryService.refreshCache.dwr HTTP/1.1" 200 78
222.70.183.206 - - [03/Nov/2022:09:54:08 +0800] "GET /xingrg/all/function/internal_message.html?_=1667440456251&CODE_STATE=getMsg HTTP/1.1" 200 27
114.83.221.184 - - [03/Nov/2022:09:54:08 +0800] "GET /xingrg/all/function/internal_message.html?_=1667440456444&CODE_STATE=getMsg HTTP/1.1" 200 27
114.83.221.184 - - [03/Nov/2022:09:54:09 +0800] "POST /xingrg/all/report/load_report_page.html HTTP/1.1" 200 8956
114.83.221.184 - - [03/Nov/2022:09:54:09 +0800] "GET /xingrg/servlets/image?cache=0.6180360673270798&image=px HTTP/1.1" 200 807
61.170.233.76 - - [03/Nov/2022:09:54:09 +0800] "GET /xingrg/all/function/internal_message.html?_=1667440458709&CODE_STATE=getMsg HTTP/1.1" 200 27
180.163.29.79 - - [03/Nov/2022:09:54:12 +0800] "GET /xingrg/all/function/internal_message.html?_=1667440398728&CODE_STATE=getMsg HTTP/1.1" 302 -
180.163.29.79 - - [03/Nov/2022:09:54:12 +0800] "GET /xingrg/login.html HTTP/1.1" 200 7641
180.163.29.206 - - [03/Nov/2022:09:54:12 +0800] "GET /xingrg/check_reg.html?_=1667440398727 HTTP/1.1" 302 -
180.163.29.206 - - [03/Nov/2022:09:54:12 +0800] "GET /xingrg/login.html HTTP/1.1" 200 7641
61.170.233.76 - - [03/Nov/2022:09:54:14 +0800] "GET /xingrg/kc/buy/cgsh_order_operate.html?command=get_materiel&rest_code=00106&code=00101008312&supplier_code=00100007&order_time=2022-11-03 HTTP/1.1" 200 412
114.83.221.184 - - [03/Nov/2022:09:54:15 +0800] "POST /xingrg/dwr/call/plaincall/AjaxReportQueryService.refreshCache.dwr HTTP/1.1" 200 78
114.83.221.184 - - [03/Nov/2022:09:54:16 +0800] "POST /xingrg/all/report/load_report_page.html HTTP/1.1" 200 8956
114.83.221.184 - - [03/Nov/2022:09:54:16 +0800] "GET /xingrg/servlets/image?cache=0.6419893139866124&image=px HTTP/1.1" 200 807
180.169.147.146 - - [03/Nov/2022:09:54:16 +0800] "GET /xingrg/all/function/internal_message.html?_=1667440465839&CODE_STATE=getMsg HTTP/1.1" 200 27
172.20.0.100 - - [03/Nov/2022:09:54:21 +0800] "GET /xingrg/all/function/internal_message.html?_=1667440471026&CODE_STATE=getMsg HTTP/1.1" 200 27
61.170.233.76 - - [03/Nov/2022:09:54:24 +0800] "GET /xingrg/kc/buy/cgsh_order_operate.html?command=get_materiel&rest_code=00106&code=00101008134&supplier_code=00100007&order_time=2022-11-03 HTTP/1.1" 200 412
116.230.105.139 - - [03/Nov/2022:09:54:28 +0800] "GET /xingrg/all/function/internal_message.html?_=1667440428547&CODE_STATE=getMsg HTTP/1.1" 200 27
61.170.233.76 - - [03/Nov/2022:09:54:33 +0800] "GET /xingrg/kc/buy/cgsh_order_operate.html?command=get_materiel&rest_code=00106&code=00101008246&supplier_code=00100007&order_time=2022-11-03 HTTP/1.1" 200 408
221.239.141.151 - - [03/Nov/2022:09:54:34 +0800] "GET /xingrg/all/function/internal_message.html?_=1667440484497&CODE_STATE=getMsg HTTP/1.1" 200 27
58.39.169.76 - - [03/Nov/2022:09:54:40 +0800] "GET /xingrg/all/function/internal_message.html?_=1667440491781&CODE_STATE=getMsg HTTP/1.1" 200 27
218.81.217.29 - - [03/Nov/2022:09:54:41 +0800] "GET /xingrg/all/function/internal_message.html?_=1667440504631&CODE_STATE=getMsg HTTP/1.1" 200 27
114.83.221.184 - - [03/Nov/2022:09:54:43 +0800] "GET /xingrg/all/function/internal_message.html?_=1667440492614&CODE_STATE=getMsg HTTP/1.1" 200 27
114.83.219.57 - - [03/Nov/2022:09:54:44 +0800] "GET /xingrg/all/function/internal_message.html?_=1667440605319&CODE_STATE=getMsg HTTP/1.1" 200 27
61.170.233.76 - - [03/Nov/2022:09:54:44 +0800] "POST /xingrg/kc/buy/cgsh_order_operate.html HTTP/1.1" 200 37
221.239.141.151 - - [03/Nov/2022:09:54:45 +0800] "GET /xingrg/check_reg.html?_=1667440513145 HTTP/1.1" 200 22
221.239.141.151 - - [03/Nov/2022:09:54:45 +0800] "GET /xingrg/all/function/internal_message.html?_=1667440513141&CODE_STATE=getMsg HTTP/1.1" 200 27
58.39.169.76 - - [03/Nov/2022:09:54:45 +0800] "GET /xingrg/check_reg.html?_=1667440346907 HTTP/1.1" 200 22
58.39.169.76 - - [03/Nov/2022:09:54:45 +0800] "GET /xingrg/all/function/internal_message.html?_=1667440346910&CODE_STATE=getMsg HTTP/1.1" 200 27
61.170.233.76 - - [03/Nov/2022:09:54:47 +0800] "POST /xingrg/kc/buy/cgsh_order_operate.html HTTP/1.1" 200 11510
116.238.139.35 - - [03/Nov/2022:09:54:50 +0800] "GET /xingrg/all/function/internal_message.html?_=1667440499948&CODE_STATE=getMsg HTTP/1.1" 200 27
120.253.135.82 - - [03/Nov/2022:09:54:51 +0800] "GET /xingrg/kc/pszx/mdqp_order_list.html?state=10 HTTP/1.1" 200 10231
120.253.135.82 - - [03/Nov/2022:09:54:51 +0800] "GET /xingrg/dwr/interface/AjaxQqpsService.js HTTP/1.1" 200 16326
120.253.135.82 - - [03/Nov/2022:09:54:51 +0800] "GET /xingrg/dwr/interface/AjaxReportQueryService.js HTTP/1.1" 200 13203
120.253.135.82 - - [03/Nov/2022:09:54:51 +0800] "GET /xingrg/dwr/engine.js HTTP/1.1" 200 43631
120.253.135.82 - - [03/Nov/2022:09:54:52 +0800] "GET /xingrg/kc/pszx/mdqp_order_list.html?state=10 HTTP/1.1" 200 10231
120.253.135.82 - - [03/Nov/2022:09:54:52 +0800] "GET /xingrg/css/blue.css HTTP/1.1" 304 -
120.253.135.82 - - [03/Nov/2022:09:54:52 +0800] "GET /xingrg/dwr/util.js HTTP/1.1" 304 -
120.253.135.82 - - [03/Nov/2022:09:54:52 +0800] "GET /xingrg/javascript/Calendar.js HTTP/1.1" 304 -
120.253.135.82 - - [03/Nov/2022:09:54:52 +0800] "GET /xingrg/javascript/pic_change.js HTTP/1.1" 304 -
120.253.135.82 - - [03/Nov/2022:09:54:52 +0800] "GET /xingrg/javascript/jquery_easy_ui/themes/default/easyui.css HTTP/1.1" 304 -
120.253.135.82 - - [03/Nov/2022:09:54:52 +0800] "GET /xingrg/javascript/myfunction.js HTTP/1.1" 304 -
120.253.135.82 - - [03/Nov/2022:09:54:52 +0800] "GET /xingrg/javascript/jquery_easy_ui/themes/icon.css HTTP/1.1" 304 -
120.253.135.82 - - [03/Nov/2022:09:54:52 +0800] "GET /xingrg/dwr/engine.js HTTP/1.1" 200 43631
120.253.135.82 - - [03/Nov/2022:09:54:53 +0800] "GET /favicon.ico HTTP/1.1" 404 -
120.253.135.82 - - [03/Nov/2022:09:54:53 +0800] "GET /xingrg/javascript/jquery_easy_ui/themes/icons/check_new.png HTTP/1.1" 304 -
120.253.135.82 - - [03/Nov/2022:09:54:53 +0800] "GET /xingrg/javascript/jquery_easy_ui/themes/icons/back_new.png HTTP/1.1" 304 -
120.253.135.82 - - [03/Nov/2022:09:54:53 +0800] "GET /xingrg/javascript/jquery_easy_ui/themes/icons/uncheck_new.png HTTP/1.1" 304 -
120.253.135.82 - - [03/Nov/2022:09:54:57 +0800] "GET /xingrg/kc/pszx/mdqp_order_list.html?state=10 HTTP/1.1" 200 10231
120.253.135.82 - - [03/Nov/2022:09:54:57 +0800] "GET /xingrg/dwr/interface/AjaxReportQueryService.js HTTP/1.1" 200 13203
120.253.135.82 - - [03/Nov/2022:09:54:57 +0800] "GET /xingrg/dwr/interface/AjaxQqpsService.js HTTP/1.1" 200 16326
120.253.135.82 - - [03/Nov/2022:09:54:57 +0800] "GET /xingrg/dwr/engine.js HTTP/1.1" 200 43631
180.163.30.100 - - [03/Nov/2022:09:55:02 +0800] "GET /xingrg/kc/buy/cgsh_order_operate.html?command=get_materiel&rest_code=00106&code=00101008275&supplier_code=00100007&order_time=2022-11-03 HTTP/1.1" 302 -
180.163.30.100 - - [03/Nov/2022:09:55:02 +0800] "GET /xingrg/login.html HTTP/1.1" 200 7641
114.88.159.190 - - [03/Nov/2022:09:55:02 +0800] "GET /xingrg/all/function/internal_message.html?_=1667440146116&CODE_STATE=getMsg HTTP/1.1" 200 27
222.70.183.206 - - [03/Nov/2022:09:55:08 +0800] "GET /xingrg/all/function/internal_message.html?_=1667440516254&CODE_STATE=getMsg HTTP/1.1" 200 27
114.83.221.184 - - [03/Nov/2022:09:55:08 +0800] "GET /xingrg/all/function/internal_message.html?_=1667440516431&CODE_STATE=getMsg HTTP/1.1" 200 27
61.170.233.76 - - [03/Nov/2022:09:55:09 +0800] "GET /xingrg/all/function/internal_message.html?_=1667440518761&CODE_STATE=getMsg HTTP/1.1" 200 27
180.169.147.146 - - [03/Nov/2022:09:55:16 +0800] "GET /xingrg/all/function/internal_message.html?_=1667440525847&CODE_STATE=getMsg HTTP/1.1" 200 27
116.230.105.139 - - [03/Nov/2022:09:55:20 +0800] "GET /xingrg/check_reg.html?_=1667440480178 HTTP/1.1" 200 22
172.20.0.100 - - [03/Nov/2022:09:55:21 +0800] "GET /xingrg/all/function/internal_message.html?_=1667440531028&CODE_STATE=getMsg HTTP/1.1" 200 27
172.20.0.100 - - [03/Nov/2022:09:55:21 +0800] "GET /xingrg/check_reg.html?_=1667440531031 HTTP/1.1" 200 22
116.230.105.139 - - [03/Nov/2022:09:55:28 +0800] "GET /xingrg/all/function/internal_message.html?_=1667440488538&CODE_STATE=getMsg HTTP/1.1" 200 27
221.239.141.151 - - [03/Nov/2022:09:55:34 +0800] "GET /xingrg/all/function/internal_message.html?_=1667440544479&CODE_STATE=getMsg HTTP/1.1" 200 27
58.39.169.76 - - [03/Nov/2022:09:55:40 +0800] "GET /xingrg/all/function/internal_message.html?_=1667440551781&CODE_STATE=getMsg HTTP/1.1" 200 27
61.170.233.76 - - [03/Nov/2022:09:55:40 +0800] "GET /xingrg/kc/buy/cgsh_order_operate.html?command=get_materiel&rest_code=00106&code=00101008370&supplier_code=00100007&order_time=2022-11-03 HTTP/1.1" 200 412
218.81.217.29 - - [03/Nov/2022:09:55:41 +0800] "GET /xingrg/all/function/internal_message.html?_=1667440564632&CODE_STATE=getMsg HTTP/1.1" 200 27
114.83.221.184 - - [03/Nov/2022:09:55:43 +0800] "GET /xingrg/all/function/internal_message.html?_=1667440552602&CODE_STATE=getMsg HTTP/1.1" 200 27
114.83.219.57 - - [03/Nov/2022:09:55:44 +0800] "GET /xingrg/check_reg.html?_=1667440665317 HTTP/1.1" 200 22
114.83.219.57 - - [03/Nov/2022:09:55:44 +0800] "GET /xingrg/all/function/internal_message.html?_=1667440665318&CODE_STATE=getMsg HTTP/1.1" 200 27
221.239.141.151 - - [03/Nov/2022:09:55:45 +0800] "GET /xingrg/all/function/internal_message.html?_=1667440573146&CODE_STATE=getMsg HTTP/1.1" 200 27
58.39.169.76 - - [03/Nov/2022:09:55:45 +0800] "GET /xingrg/all/function/internal_message.html?_=1667440406910&CODE_STATE=getMsg HTTP/1.1" 200 27
61.170.233.76 - - [03/Nov/2022:09:55:50 +0800] "GET /xingrg/kc/buy/cgsh_order_operate.html?command=get_materiel&rest_code=00106&code=00101008126&supplier_code=00100007&order_time=2022-11-03 HTTP/1.1" 200 412
116.238.139.35 - - [03/Nov/2022:09:55:50 +0800] "GET /xingrg/all/function/internal_message.html?_=1667440559927&CODE_STATE=getMsg HTTP/1.1" 200 27
172.20.0.100 - - [03/Nov/2022:09:55:54 +0800] "GET /xingrg/check_reg.html?_=1667440563405 HTTP/1.1" 302 -
114.88.159.190 - - [03/Nov/2022:09:56:02 +0800] "GET /xingrg/all/function/internal_message.html?_=1667440206093&CODE_STATE=getMsg HTTP/1.1" 200 27
222.70.183.206 - - [03/Nov/2022:09:56:08 +0800] "GET /xingrg/all/function/internal_message.html?_=1667440576255&CODE_STATE=getMsg HTTP/1.1" 200 27
114.83.221.184 - - [03/Nov/2022:09:56:08 +0800] "GET /xingrg/all/function/internal_message.html?_=1667440576432&CODE_STATE=getMsg HTTP/1.1" 200 27
61.170.233.76 - - [03/Nov/2022:09:56:09 +0800] "GET /xingrg/all/function/internal_message.html?_=1667440578710&CODE_STATE=getMsg HTTP/1.1" 200 27
180.163.30.100 - - [03/Nov/2022:09:56:10 +0800] "GET /xingrg/all/function/internal_message.html?_=1667440518761&CODE_STATE=getMsg HTTP/1.1" 302 -
180.163.30.100 - - [03/Nov/2022:09:56:10 +0800] "GET /xingrg/login.html HTTP/1.1" 200 7641
180.169.147.146 - - [03/Nov/2022:09:56:16 +0800] "GET /xingrg/all/function/internal_message.html?_=1667440585845&CODE_STATE=getMsg HTTP/1.1" 200 27
172.20.0.100 - - [03/Nov/2022:09:56:21 +0800] "GET /xingrg/all/function/internal_message.html?_=1667440591032&CODE_STATE=getMsg HTTP/1.1" 200 27
116.235.93.82 - - [03/Nov/2022:09:56:26 +0800] "POST /xingrg/services/DataTransmitService HTTP/1.1" 200 524
116.230.105.139 - - [03/Nov/2022:09:56:28 +0800] "GET /xingrg/all/function/internal_message.html?_=1667440548510&CODE_STATE=getMsg HTTP/1.1" 200 27
221.239.141.151 - - [03/Nov/2022:09:56:34 +0800] "GET /xingrg/all/function/internal_message.html?_=1667440604484&CODE_STATE=getMsg HTTP/1.1" 200 27
114.88.159.190 - - [03/Nov/2022:09:56:34 +0800] "GET /xingrg/check_reg.html?_=1667440237416 HTTP/1.1" 200 22
58.39.169.76 - - [03/Nov/2022:09:56:40 +0800] "GET /xingrg/all/function/internal_message.html?_=1667440611782&CODE_STATE=getMsg HTTP/1.1" 200 27
218.81.217.29 - - [03/Nov/2022:09:56:40 +0800] "GET /xingrg/check_reg.html?_=1667440624099 HTTP/1.1" 200 22
218.81.217.29 - - [03/Nov/2022:09:56:41 +0800] "GET /xingrg/all/function/internal_message.html?_=1667440624646&CODE_STATE=getMsg HTTP/1.1" 200 27
114.83.221.184 - - [03/Nov/2022:09:56:43 +0800] "GET /xingrg/all/function/internal_message.html?_=1667440612612&CODE_STATE=getMsg HTTP/1.1" 200 27
114.83.219.57 - - [03/Nov/2022:09:56:44 +0800] "GET /xingrg/all/function/internal_message.html?_=1667440725321&CODE_STATE=getMsg HTTP/1.1" 200 27
221.239.141.151 - - [03/Nov/2022:09:56:45 +0800] "GET /xingrg/all/function/internal_message.html?_=1667440633146&CODE_STATE=getMsg HTTP/1.1" 200 27
58.39.169.76 - - [03/Nov/2022:09:56:45 +0800] "GET /xingrg/all/function/internal_message.html?_=1667440466909&CODE_STATE=getMsg HTTP/1.1" 200 27
221.239.141.151 - - [03/Nov/2022:09:56:47 +0800] "GET /xingrg/kc/buy/cgsh_order_list.html HTTP/1.1" 200 53417
221.239.141.151 - - [03/Nov/2022:09:56:48 +0800] "POST /xingrg/kc/buy/cgsh_list_operate.html HTTP/1.1" 200 986
180.163.29.234 - - [03/Nov/2022:09:56:48 +0800] "GET /xingrg/kc/buy/cgsh_order_operate.html?command=get_materiel&rest_code=00106&code=00101008126&supplier_code=00100007&order_time=2022-11-03 HTTP/1.1" 302 -
180.163.29.234 - - [03/Nov/2022:09:56:48 +0800] "GET /xingrg/login.html HTTP/1.1" 200 7641
116.238.139.35 - - [03/Nov/2022:09:56:50 +0800] "GET /xingrg/all/function/internal_message.html?_=1667440619898&CODE_STATE=getMsg HTTP/1.1" 200 27
114.88.159.190 - - [03/Nov/2022:09:57:02 +0800] "GET /xingrg/all/function/internal_message.html?_=1667440266073&CODE_STATE=getMsg HTTP/1.1" 200 27
222.70.183.206 - - [03/Nov/2022:09:57:08 +0800] "GET /xingrg/all/function/internal_message.html?_=1667440636261&CODE_STATE=getMsg HTTP/1.1" 200 27
222.70.183.206 - - [03/Nov/2022:09:57:08 +0800] "GET /xingrg/check_reg.html?_=1667440636257 HTTP/1.1" 200 22
114.83.221.184 - - [03/Nov/2022:09:57:08 +0800] "GET /xingrg/all/function/internal_message.html?_=1667440636442&CODE_STATE=getMsg HTTP/1.1" 200 27
114.83.221.184 - - [03/Nov/2022:09:57:08 +0800] "GET /xingrg/check_reg.html?_=1667440636448 HTTP/1.1" 200 22
61.170.233.76 - - [03/Nov/2022:09:57:09 +0800] "GET /xingrg/all/function/internal_message.html?_=1667440638714&CODE_STATE=getMsg HTTP/1.1" 200 27
180.169.147.146 - - [03/Nov/2022:09:57:16 +0800] "GET /xingrg/all/function/internal_message.html?_=1667440645845&CODE_STATE=getMsg HTTP/1.1" 200 27
180.169.147.146 - - [03/Nov/2022:09:57:16 +0800] "GET /xingrg/check_reg.html?_=1667440645846 HTTP/1.1" 200 22
172.20.0.100 - - [03/Nov/2022:09:57:21 +0800] "GET /xingrg/all/function/internal_message.html?_=1667440651034&CODE_STATE=getMsg HTTP/1.1" 200 27
116.230.105.139 - - [03/Nov/2022:09:57:28 +0800] "GET /xingrg/all/function/internal_message.html?_=1667440608491&CODE_STATE=getMsg HTTP/1.1" 200 27
116.238.139.35 - - [03/Nov/2022:09:57:31 +0800] "GET /xingrg/kc/buy/cgsh_order_operate.html?command=get_materiel&rest_code=00151&code=00101012051&supplier_code=00100096&order_time=2022-11-03 HTTP/1.1" 200 408
221.239.141.151 - - [03/Nov/2022:09:57:34 +0800] "GET /xingrg/all/function/internal_message.html?_=1667440664479&CODE_STATE=getMsg HTTP/1.1" 200 27
58.39.169.76 - - [03/Nov/2022:09:57:40 +0800] "GET /xingrg/all/function/internal_message.html?_=1667440671782&CODE_STATE=getMsg HTTP/1.1" 200 27
58.39.169.76 - - [03/Nov/2022:09:57:40 +0800] "GET /xingrg/check_reg.html?_=1667440671785 HTTP/1.1" 200 22
218.81.217.29 - - [03/Nov/2022:09:57:41 +0800] "GET /xingrg/all/function/internal_message.html?_=1667440684658&CODE_STATE=getMsg HTTP/1.1" 200 27
116.238.139.35 - - [03/Nov/2022:09:57:42 +0800] "GET /xingrg/kc/buy/cgsh_order_operate.html?command=get_materiel&rest_code=00151&code=00101012044&supplier_code=00100096&order_time=2022-11-03 HTTP/1.1" 200 408
114.83.221.184 - - [03/Nov/2022:09:57:43 +0800] "GET /xingrg/all/function/internal_message.html?_=1667440672613&CODE_STATE=getMsg HTTP/1.1" 200 27
114.83.219.57 - - [03/Nov/2022:09:57:44 +0800] "GET /xingrg/all/function/internal_message.html?_=1667440785309&CODE_STATE=getMsg HTTP/1.1" 200 27
221.239.141.151 - - [03/Nov/2022:09:57:45 +0800] "GET /xingrg/all/function/internal_message.html?_=1667440693146&CODE_STATE=getMsg HTTP/1.1" 200 27
58.39.169.76 - - [03/Nov/2022:09:57:45 +0800] "GET /xingrg/all/function/internal_message.html?_=1667440526908&CODE_STATE=getMsg HTTP/1.1" 200 27
116.238.139.35 - - [03/Nov/2022:09:57:50 +0800] "GET /xingrg/all/function/internal_message.html?_=1667440679897&CODE_STATE=getMsg HTTP/1.1" 200 27
116.238.139.35 - - [03/Nov/2022:09:57:53 +0800] "GET /xingrg/kc/buy/cgsh_order_operate.html?command=get_materiel&rest_code=00151&code=00101012059&supplier_code=00100096&order_time=2022-11-03 HTTP/1.1" 200 412
61.170.233.76 - - [03/Nov/2022:09:57:57 +0800] "GET /xingrg/kc/buy/cgsh_order_operate.html?command=get_materiel&rest_code=00106&code=00101008067&supplier_code=00100007&order_time=2022-11-03 HTTP/1.1" 200 416
114.88.159.190 - - [03/Nov/2022:09:58:02 +0800] "GET /xingrg/all/function/internal_message.html?_=1667440326056&CODE_STATE=getMsg HTTP/1.1" 200 27
116.238.139.35 - - [03/Nov/2022:09:58:06 +0800] "GET /xingrg/kc/buy/cgsh_order_operate.html?command=get_materiel&rest_code=00151&code=00101006109&supplier_code=00100096&order_time=2022-11-03 HTTP/1.1" 200 411
222.70.183.206 - - [03/Nov/2022:09:58:08 +0800] "GET /xingrg/all/function/internal_message.html?_=1667440696247&CODE_STATE=getMsg HTTP/1.1" 200 27
114.83.221.184 - - [03/Nov/2022:09:58:08 +0800] "GET /xingrg/all/function/internal_message.html?_=1667440696448&CODE_STATE=getMsg HTTP/1.1" 200 27
61.170.233.76 - - [03/Nov/2022:09:58:09 +0800] "GET /xingrg/check_reg.html?_=1667440698762 HTTP/1.1" 200 22
61.170.233.76 - - [03/Nov/2022:09:58:09 +0800] "GET /xingrg/all/function/internal_message.html?_=1667440698764&CODE_STATE=getMsg HTTP/1.1" 200 27
61.170.233.76 - - [03/Nov/2022:09:58:10 +0800] "GET /xingrg/kc/buy/cgsh_order_operate.html?command=get_materiel&rest_code=00106&code=00101008321&supplier_code=00100007&order_time=2022-11-03 HTTP/1.1" 200 412
61.170.233.76 - - [03/Nov/2022:09:58:14 +0800] "POST /xingrg/kc/buy/cgsh_order_operate.html HTTP/1.1" 200 2065
180.169.147.146 - - [03/Nov/2022:09:58:16 +0800] "GET /xingrg/all/function/internal_message.html?_=1667440705843&CODE_STATE=getMsg HTTP/1.1" 200 27
172.20.0.100 - - [03/Nov/2022:09:58:21 +0800] "GET /xingrg/all/function/internal_message.html?_=1667440711039&CODE_STATE=getMsg HTTP/1.1" 200 27
116.238.139.35 - - [03/Nov/2022:09:58:22 +0800] "GET /xingrg/kc/buy/cgsh_order_operate.html?command=get_materiel&rest_code=00151&code=00101006112&supplier_code=00100096&order_time=2022-11-03 HTTP/1.1" 200 411
114.83.221.184 - - [03/Nov/2022:09:58:27 +0800] "POST /xingrg/services/DataTransmitService HTTP/1.1" 200 524
61.170.233.76 - - [03/Nov/2022:09:58:28 +0800] "GET /xingrg/kc/buy/cgsh_order_operate.html?command=get_materiel&rest_code=00106&code=00101008100&supplier_code=00100007&order_time=2022-11-03 HTTP/1.1" 200 408
116.230.105.139 - - [03/Nov/2022:09:58:28 +0800] "GET /xingrg/all/function/internal_message.html?_=1667440668470&CODE_STATE=getMsg HTTP/1.1" 200 27
180.169.147.146 - - [03/Nov/2022:09:58:30 +0800] "GET /xingrg/check_reg.html?_=1667440719799 HTTP/1.1" 302 -
180.169.147.146 - - [03/Nov/2022:09:58:30 +0800] "GET /xingrg/login.html HTTP/1.1" 200 7641
221.239.141.151 - - [03/Nov/2022:09:58:34 +0800] "GET /xingrg/check_reg.html?_=1667440724485 HTTP/1.1" 200 22
221.239.141.151 - - [03/Nov/2022:09:58:34 +0800] "GET /xingrg/all/function/internal_message.html?_=1667440724487&CODE_STATE=getMsg HTTP/1.1" 200 27
58.39.169.76 - - [03/Nov/2022:09:58:40 +0800] "GET /xingrg/all/function/internal_message.html?_=1667440731784&CODE_STATE=getMsg HTTP/1.1" 200 27
218.81.217.29 - - [03/Nov/2022:09:58:41 +0800] "GET /xingrg/all/function/internal_message.html?_=1667440744812&CODE_STATE=getMsg HTTP/1.1" 200 27
114.83.221.184 - - [03/Nov/2022:09:58:43 +0800] "GET /xingrg/check_reg.html?_=1667440732615 HTTP/1.1" 200 22
114.83.221.184 - - [03/Nov/2022:09:58:43 +0800] "GET /xingrg/all/function/internal_message.html?_=1667440732619&CODE_STATE=getMsg HTTP/1.1" 200 27
114.83.219.57 - - [03/Nov/2022:09:58:44 +0800] "GET /xingrg/all/function/internal_message.html?_=1667440845324&CODE_STATE=getMsg HTTP/1.1" 200 27
221.239.141.151 - - [03/Nov/2022:09:58:45 +0800] "GET /xingrg/all/function/internal_message.html?_=1667440753149&CODE_STATE=getMsg HTTP/1.1" 200 27
58.39.169.76 - - [03/Nov/2022:09:58:45 +0800] "GET /xingrg/all/function/internal_message.html?_=1667440586908&CODE_STATE=getMsg HTTP/1.1" 200 27
120.253.135.82 - - [03/Nov/2022:09:58:49 +0800] "GET /xingrg/check_reg.html?_=1667440536594 HTTP/1.1" 200 22
116.238.139.35 - - [03/Nov/2022:09:58:50 +0800] "GET /xingrg/all/function/internal_message.html?_=1667440739874&CODE_STATE=getMsg HTTP/1.1" 200 27
116.238.139.35 - - [03/Nov/2022:09:58:51 +0800] "GET /xingrg/check_reg.html?_=1667440740274 HTTP/1.1" 200 22
61.170.233.76 - - [03/Nov/2022:09:58:51 +0800] "GET /xingrg/kc/buy/cgsh_order_operate.html?command=get_materiel&rest_code=00106&code=00101008323&supplier_code=00100007&order_time=2022-11-03 HTTP/1.1" 200 408
116.238.139.35 - - [03/Nov/2022:09:58:59 +0800] "GET /xingrg/kc/buy/cgsh_order_operate.html?command=get_materiel&rest_code=00151&code=00101006013&supplier_code=00100096&order_time=2022-11-03 HTTP/1.1" 200 409
114.88.159.190 - - [03/Nov/2022:09:59:02 +0800] "GET /xingrg/all/function/internal_message.html?_=1667440386032&CODE_STATE=getMsg HTTP/1.1" 200 27
61.170.233.76 - - [03/Nov/2022:09:59:04 +0800] "GET /xingrg/kc/buy/cgsh_order_operate.html?command=get_materiel&rest_code=00106&code=00101008027&supplier_code=00100007&order_time=2022-11-03 HTTP/1.1" 200 408
222.70.183.206 - - [03/Nov/2022:09:59:08 +0800] "GET /xingrg/all/function/internal_message.html?_=1667440756248&CODE_STATE=getMsg HTTP/1.1" 200 27
180.163.29.217 - - [03/Nov/2022:09:59:08 +0800] "GET /xingrg/kc/buy/cgsh_order_operate.html?command=get_materiel&rest_code=00106&code=00101008321&supplier_code=00100007&order_time=2022-11-03 HTTP/1.1" 302 -
180.163.29.217 - - [03/Nov/2022:09:59:08 +0800] "GET /xingrg/login.html HTTP/1.1" 200 7641
114.83.221.184 - - [03/Nov/2022:09:59:08 +0800] "GET /xingrg/all/function/internal_message.html?_=1667440756456&CODE_STATE=getMsg HTTP/1.1" 200 27
61.170.233.76 - - [03/Nov/2022:09:59:09 +0800] "GET /xingrg/all/function/internal_message.html?_=1667440758779&CODE_STATE=getMsg HTTP/1.1" 200 27
116.238.139.35 - - [03/Nov/2022:09:59:15 +0800] "GET /xingrg/kc/buy/cgsh_order_operate.html?command=get_materiel&rest_code=00151&code=00101006184&supplier_code=00100096&order_time=2022-11-03 HTTP/1.1" 200 410
180.169.147.146 - - [03/Nov/2022:09:59:16 +0800] "GET /xingrg/all/function/internal_message.html?_=1667440765851&CODE_STATE=getMsg HTTP/1.1" 200 27
61.170.233.76 - - [03/Nov/2022:09:59:21 +0800] "GET /xingrg/kc/buy/cgsh_order_operate.html?command=get_materiel&rest_code=00106&code=00101008080&supplier_code=00100007&order_time=2022-11-03 HTTP/1.1" 200 416
172.20.0.100 - - [03/Nov/2022:09:59:21 +0800] "GET /xingrg/all/function/internal_message.html?_=1667440771025&CODE_STATE=getMsg HTTP/1.1" 200 27
116.238.139.35 - - [03/Nov/2022:09:59:26 +0800] "GET /xingrg/kc/buy/cgsh_order_operate.html?command=get_materiel&rest_code=00151&code=00101006055&supplier_code=00100096&order_time=2022-11-03 HTTP/1.1" 200 409
116.230.105.139 - - [03/Nov/2022:09:59:28 +0800] "GET /xingrg/all/function/internal_message.html?_=1667440728448&CODE_STATE=getMsg HTTP/1.1" 200 27
61.170.233.76 - - [03/Nov/2022:09:59:33 +0800] "GET /xingrg/kc/buy/cgsh_order_operate.html?command=get_materiel&rest_code=00106&code=00101008096&supplier_code=00100007&order_time=2022-11-03 HTTP/1.1" 200 412
221.239.141.151 - - [03/Nov/2022:09:59:34 +0800] "GET /xingrg/all/function/internal_message.html?_=1667440784482&CODE_STATE=getMsg HTTP/1.1" 200 27
58.39.169.76 - - [03/Nov/2022:09:59:40 +0800] "GET /xingrg/all/function/internal_message.html?_=1667440791784&CODE_STATE=getMsg HTTP/1.1" 200 27
218.81.217.29 - - [03/Nov/2022:09:59:41 +0800] "GET /xingrg/all/function/internal_message.html?_=1667440804827&CODE_STATE=getMsg HTTP/1.1" 200 27
114.83.221.184 - - [03/Nov/2022:09:59:43 +0800] "GET /xingrg/all/function/internal_message.html?_=1667440792614&CODE_STATE=getMsg HTTP/1.1" 200 27
116.238.139.35 - - [03/Nov/2022:09:59:43 +0800] "GET /xingrg/kc/buy/cgsh_order_operate.html?command=get_materiel&rest_code=00151&code=00101006124&supplier_code=00100096&order_time=2022-11-03 HTTP/1.1" 200 411
61.170.233.76 - - [03/Nov/2022:09:59:43 +0800] "POST /xingrg/kc/buy/cgsh_order_operate.html HTTP/1.1" 200 2065
114.83.219.57 - - [03/Nov/2022:09:59:44 +0800] "GET /xingrg/all/function/internal_message.html?_=1667440905320&CODE_STATE=getMsg HTTP/1.1" 200 27
221.239.141.151 - - [03/Nov/2022:09:59:45 +0800] "GET /xingrg/check_reg.html?_=1667440813150 HTTP/1.1" 200 22
221.239.141.151 - - [03/Nov/2022:09:59:45 +0800] "GET /xingrg/all/function/internal_message.html?_=1667440813148&CODE_STATE=getMsg HTTP/1.1" 200 27
58.39.169.76 - - [03/Nov/2022:09:59:45 +0800] "GET /xingrg/check_reg.html?_=1667440646906 HTTP/1.1" 200 22
58.39.169.76 - - [03/Nov/2022:09:59:45 +0800] "GET /xingrg/all/function/internal_message.html?_=1667440646908&CODE_STATE=getMsg HTTP/1.1" 200 27
116.238.139.35 - - [03/Nov/2022:09:59:50 +0800] "GET /xingrg/all/function/internal_message.html?_=1667440799850&CODE_STATE=getMsg HTTP/1.1" 200 27
116.238.139.35 - - [03/Nov/2022:09:59:54 +0800] "GET /xingrg/kc/buy/cgsh_order_operate.html?command=get_materiel&rest_code=00151&code=00101007049&supplier_code=00100096&order_time=2022-11-03 HTTP/1.1" 200 409
114.88.159.190 - - [03/Nov/2022:10:00:02 +0800] "GET /xingrg/all/function/internal_message.html?_=1667440446038&CODE_STATE=getMsg HTTP/1.1" 200 27
61.170.233.76 - - [03/Nov/2022:10:00:06 +0800] "GET /xingrg/kc/buy/cgsh_order_operate.html?command=get_materiel&rest_code=00106&code=00101008356&supplier_code=00100007&order_time=2022-11-03 HTTP/1.1" 200 408
222.70.183.206 - - [03/Nov/2022:10:00:08 +0800] "GET /xingrg/all/function/internal_message.html?_=1667440816249&CODE_STATE=getMsg HTTP/1.1" 200 27
114.83.221.184 - - [03/Nov/2022:10:00:08 +0800] "GET /xingrg/all/function/internal_message.html?_=1667440816457&CODE_STATE=getMsg HTTP/1.1" 200 27
61.170.233.76 - - [03/Nov/2022:10:00:09 +0800] "GET /xingrg/all/function/internal_message.html?_=1667440818715&CODE_STATE=getMsg HTTP/1.1" 200 27
180.163.29.234 - - [03/Nov/2022:10:00:10 +0800] "GET /xingrg/all/function/internal_message.html?_=1667440758779&CODE_STATE=getMsg HTTP/1.1" 302 -
180.163.29.234 - - [03/Nov/2022:10:00:10 +0800] "GET /xingrg/login.html HTTP/1.1" 200 7641
180.169.147.146 - - [03/Nov/2022:10:00:16 +0800] "GET /xingrg/all/function/internal_message.html?_=1667440825845&CODE_STATE=getMsg HTTP/1.1" 200 27
116.230.105.139 - - [03/Nov/2022:10:00:20 +0800] "GET /xingrg/check_reg.html?_=1667440780185 HTTP/1.1" 200 22
116.238.139.35 - - [03/Nov/2022:10:00:21 +0800] "POST /xingrg/kc/buy/cgsh_order_operate.html HTTP/1.1" 200 37
172.20.0.100 - - [03/Nov/2022:10:00:21 +0800] "GET /xingrg/all/function/internal_message.html?_=1667440831028&CODE_STATE=getMsg HTTP/1.1" 200 27
172.20.0.100 - - [03/Nov/2022:10:00:21 +0800] "GET /xingrg/check_reg.html?_=1667440831029 HTTP/1.1" 200 22
61.170.233.76 - - [03/Nov/2022:10:00:23 +0800] "GET /xingrg/kc/buy/cgsh_order_operate.html?command=get_materiel&rest_code=00106&code=00101008131&supplier_code=00100007&order_time=2022-11-03 HTTP/1.1" 200 408
116.238.139.35 - - [03/Nov/2022:10:00:23 +0800] "POST /xingrg/kc/buy/cgsh_order_operate.html HTTP/1.1" 200 12264
116.230.105.139 - - [03/Nov/2022:10:00:28 +0800] "GET /xingrg/all/function/internal_message.html?_=1667440788436&CODE_STATE=getMsg HTTP/1.1" 200 27
221.239.141.151 - - [03/Nov/2022:10:00:34 +0800] "GET /xingrg/all/function/internal_message.html?_=1667440844483&CODE_STATE=getMsg HTTP/1.1" 200 27
61.170.233.76 - - [03/Nov/2022:10:00:34 +0800] "POST /xingrg/kc/buy/cgsh_order_operate.html HTTP/1.1" 200 37
61.170.233.76 - - [03/Nov/2022:10:00:36 +0800] "POST /xingrg/kc/buy/cgsh_order_operate.html HTTP/1.1" 200 18618
58.39.169.76 - - [03/Nov/2022:10:00:40 +0800] "GET /xingrg/all/function/internal_message.html?_=1667440851785&CODE_STATE=getMsg HTTP/1.1" 200 27
218.81.217.29 - - [03/Nov/2022:10:00:41 +0800] "GET /xingrg/all/function/internal_message.html?_=1667440865009&CODE_STATE=getMsg HTTP/1.1" 200 27
114.83.221.184 - - [03/Nov/2022:10:00:43 +0800] "GET /xingrg/all/function/internal_message.html?_=1667440852612&CODE_STATE=getMsg HTTP/1.1" 200 27
114.83.219.57 - - [03/Nov/2022:10:00:44 +0800] "GET /xingrg/check_reg.html?_=1667440965335 HTTP/1.1" 200 22
114.83.219.57 - - [03/Nov/2022:10:00:44 +0800] "GET /xingrg/all/function/internal_message.html?_=1667440965336&CODE_STATE=getMsg HTTP/1.1" 200 27
221.239.141.151 - - [03/Nov/2022:10:00:45 +0800] "GET /xingrg/all/function/internal_message.html?_=1667440873150&CODE_STATE=getMsg HTTP/1.1" 200 27
58.39.169.76 - - [03/Nov/2022:10:00:45 +0800] "GET /xingrg/all/function/internal_message.html?_=1667440706908&CODE_STATE=getMsg HTTP/1.1" 200 27
116.238.139.35 - - [03/Nov/2022:10:00:50 +0800] "GET /xingrg/all/function/internal_message.html?_=1667440859828&CODE_STATE=getMsg HTTP/1.1" 200 27
172.20.0.100 - - [03/Nov/2022:10:00:54 +0800] "GET /xingrg/check_reg.html?_=1667440863391 HTTP/1.1" 302 -
61.170.233.76 - - [03/Nov/2022:10:01:00 +0800] "GET /xingrg/kc/buy/cgsh_order_operate.html?command=get_materiel&rest_code=00106&code=00101008295&supplier_code=00100007&order_time=2022-11-03 HTTP/1.1" 200 412
114.88.159.190 - - [03/Nov/2022:10:01:02 +0800] "GET /xingrg/all/function/internal_message.html?_=1667440506008&CODE_STATE=getMsg HTTP/1.1" 200 27
222.70.183.206 - - [03/Nov/2022:10:01:08 +0800] "GET /xingrg/all/function/internal_message.html?_=1667440876250&CODE_STATE=getMsg HTTP/1.1" 200 27
114.83.221.184 - - [03/Nov/2022:10:01:08 +0800] "GET /xingrg/all/function/internal_message.html?_=1667440876461&CODE_STATE=getMsg HTTP/1.1" 200 27
61.170.233.76 - - [03/Nov/2022:10:01:09 +0800] "GET /xingrg/all/function/internal_message.html?_=1667440878713&CODE_STATE=getMsg HTTP/1.1" 200 27
61.170.233.76 - - [03/Nov/2022:10:01:10 +0800] "GET /xingrg/kc/buy/cgsh_order_operate.html?command=get_materiel&rest_code=00106&code=00101008213&supplier_code=00100007&order_time=2022-11-03 HTTP/1.1" 200 412
180.169.147.146 - - [03/Nov/2022:10:01:16 +0800] "GET /xingrg/all/function/internal_message.html?_=1667440885846&CODE_STATE=getMsg HTTP/1.1" 200 27
172.20.0.100 - - [03/Nov/2022:10:01:21 +0800] "GET /xingrg/all/function/internal_message.html?_=1667440891031&CODE_STATE=getMsg HTTP/1.1" 200 27
61.170.233.76 - - [03/Nov/2022:10:01:26 +0800] "GET /xingrg/kc/buy/cgsh_order_operate.html?command=get_materiel&rest_code=00106&code=00101008283&supplier_code=00100007&order_time=2022-11-03 HTTP/1.1" 200 408
116.230.105.139 - - [03/Nov/2022:10:01:28 +0800] "GET /xingrg/all/function/internal_message.html?_=1667440848414&CODE_STATE=getMsg HTTP/1.1" 200 27
221.239.141.151 - - [03/Nov/2022:10:01:34 +0800] "GET /xingrg/all/function/internal_message.html?_=1667440904479&CODE_STATE=getMsg HTTP/1.1" 200 27
114.88.159.190 - - [03/Nov/2022:10:01:34 +0800] "GET /xingrg/check_reg.html?_=1667440537442 HTTP/1.1" 200 22
61.170.233.76 - - [03/Nov/2022:10:01:39 +0800] "POST /xingrg/kc/buy/cgsh_order_operate.html HTTP/1.1" 200 2065
58.39.169.76 - - [03/Nov/2022:10:01:40 +0800] "GET /xingrg/all/function/internal_message.html?_=1667440911785&CODE_STATE=getMsg HTTP/1.1" 200 27
218.81.217.29 - - [03/Nov/2022:10:01:40 +0800] "GET /xingrg/check_reg.html?_=1667440924113 HTTP/1.1" 200 22
218.81.217.29 - - [03/Nov/2022:10:01:41 +0800] "GET /xingrg/all/function/internal_message.html?_=1667440925155&CODE_STATE=getMsg HTTP/1.1" 200 27
114.83.221.184 - - [03/Nov/2022:10:01:43 +0800] "GET /xingrg/all/function/internal_message.html?_=1667440912627&CODE_STATE=getMsg HTTP/1.1" 200 27
114.83.219.57 - - [03/Nov/2022:10:01:44 +0800] "GET /xingrg/all/function/internal_message.html?_=1667441025325&CODE_STATE=getMsg HTTP/1.1" 200 27
221.239.141.151 - - [03/Nov/2022:10:01:45 +0800] "GET /xingrg/all/function/internal_message.html?_=1667440933152&CODE_STATE=getMsg HTTP/1.1" 200 27
58.39.169.76 - - [03/Nov/2022:10:01:45 +0800] "GET /xingrg/all/function/internal_message.html?_=1667440766908&CODE_STATE=getMsg HTTP/1.1" 200 27
61.170.233.76 - - [03/Nov/2022:10:01:47 +0800] "POST /xingrg/kc/buy/cgsh_order_operate.html HTTP/1.1" 200 37
116.238.139.35 - - [03/Nov/2022:10:01:50 +0800] "GET /xingrg/all/function/internal_message.html?_=1667440919801&CODE_STATE=getMsg HTTP/1.1" 200 27
61.170.233.76 - - [03/Nov/2022:10:01:58 +0800] "POST /xingrg/kc/buy/cgsh_order_operate.html HTTP/1.1" 200 20978
114.88.159.190 - - [03/Nov/2022:10:02:02 +0800] "GET /xingrg/all/function/internal_message.html?_=1667440565986&CODE_STATE=getMsg HTTP/1.1" 200 27
222.70.183.206 - - [03/Nov/2022:10:02:08 +0800] "GET /xingrg/check_reg.html?_=1667440936255 HTTP/1.1" 200 22
222.70.183.206 - - [03/Nov/2022:10:02:08 +0800] "GET /xingrg/all/function/internal_message.html?_=1667440936251&CODE_STATE=getMsg HTTP/1.1" 200 27
114.83.221.184 - - [03/Nov/2022:10:02:08 +0800] "GET /xingrg/all/function/internal_message.html?_=1667440936462&CODE_STATE=getMsg HTTP/1.1" 200 27
114.83.221.184 - - [03/Nov/2022:10:02:08 +0800] "GET /xingrg/check_reg.html?_=1667440936465 HTTP/1.1" 200 22
61.170.233.76 - - [03/Nov/2022:10:02:09 +0800] "GET /xingrg/all/function/internal_message.html?_=1667440938704&CODE_STATE=getMsg HTTP/1.1" 200 27
180.163.30.100 - - [03/Nov/2022:10:02:10 +0800] "GET /xingrg/all/function/internal_message.html?_=1667440878713&CODE_STATE=getMsg HTTP/1.1" 302 -
180.163.30.100 - - [03/Nov/2022:10:02:10 +0800] "GET /xingrg/login.html HTTP/1.1" 200 7641
180.169.147.146 - - [03/Nov/2022:10:02:16 +0800] "GET /xingrg/all/function/internal_message.html?_=1667440945841&CODE_STATE=getMsg HTTP/1.1" 200 27
180.169.147.146 - - [03/Nov/2022:10:02:16 +0800] "GET /xingrg/check_reg.html?_=1667440945842 HTTP/1.1" 200 22
61.170.233.76 - - [03/Nov/2022:10:02:16 +0800] "GET /xingrg/kc/buy/cgsh_order_operate.html?command=get_materiel&rest_code=00106&code=00101008298&supplier_code=00100007&order_time=2022-11-03 HTTP/1.1" 200 412
172.20.0.100 - - [03/Nov/2022:10:02:21 +0800] "GET /xingrg/all/function/internal_message.html?_=1667440951033&CODE_STATE=getMsg HTTP/1.1" 200 27
61.170.233.76 - - [03/Nov/2022:10:02:27 +0800] "GET /xingrg/kc/buy/cgsh_order_operate.html?command=get_materiel&rest_code=00106&code=00101008223&supplier_code=00100007&order_time=2022-11-03 HTTP/1.1" 200 412
116.230.105.139 - - [03/Nov/2022:10:02:28 +0800] "GET /xingrg/all/function/internal_message.html?_=1667440908392&CODE_STATE=getMsg HTTP/1.1" 200 27
221.239.141.151 - - [03/Nov/2022:10:02:34 +0800] "GET /xingrg/all/function/internal_message.html?_=1667440964488&CODE_STATE=getMsg HTTP/1.1" 200 27
58.39.169.76 - - [03/Nov/2022:10:02:40 +0800] "GET /xingrg/check_reg.html?_=1667440971786 HTTP/1.1" 200 22
58.39.169.76 - - [03/Nov/2022:10:02:40 +0800] "GET /xingrg/all/function/internal_message.html?_=1667440971789&CODE_STATE=getMsg HTTP/1.1" 200 27
218.81.217.29 - - [03/Nov/2022:10:02:41 +0800] "GET /xingrg/all/function/internal_message.html?_=1667440985163&CODE_STATE=getMsg HTTP/1.1" 200 27
58.39.169.76 - - [03/Nov/2022:10:02:43 +0800] "GET /xingrg/kc/mdqp/qp_main.html HTTP/1.1" 200 10633
61.170.233.76 - - [03/Nov/2022:10:02:43 +0800] "POST /xingrg/kc/buy/cgsh_order_operate.html HTTP/1.1" 200 2065
58.39.169.76 - - [03/Nov/2022:10:02:43 +0800] "GET /xingrg/images/blue/button/qqpsd.gif HTTP/1.1" 304 -
58.39.169.76 - - [03/Nov/2022:10:02:43 +0800] "GET /xingrg/images/blue/button/psshd.gif HTTP/1.1" 304 -
58.39.169.76 - - [03/Nov/2022:10:02:43 +0800] "GET /xingrg/images/blue/button/pszx.gif HTTP/1.1" 304 -
58.39.169.76 - - [03/Nov/2022:10:02:43 +0800] "GET /xingrg/images/yd/bt.gif HTTP/1.1" 404 1040
114.83.219.57 - - [03/Nov/2022:10:02:44 +0800] "GET /xingrg/all/function/internal_message.html?_=1667441085316&CODE_STATE=getMsg HTTP/1.1" 200 27
58.39.169.76 - - [03/Nov/2022:10:02:44 +0800] "GET /xingrg/kc/mdqp/pssh_order_list.html HTTP/1.1" 200 17842
58.39.169.76 - - [03/Nov/2022:10:02:45 +0800] "POST /xingrg/kc/mdqp/pssh_list_operate.html HTTP/1.1" 200 5382
221.239.141.151 - - [03/Nov/2022:10:02:45 +0800] "GET /xingrg/all/function/internal_message.html?_=1667440993153&CODE_STATE=getMsg HTTP/1.1" 200 27
58.39.169.76 - - [03/Nov/2022:10:02:45 +0800] "GET /xingrg/all/function/internal_message.html?_=1667440826926&CODE_STATE=getMsg HTTP/1.1" 200 27
61.170.233.76 - - [03/Nov/2022:10:02:47 +0800] "GET /xingrg/kc/buy/cgsh_order_operate.html?command=get_materiel&rest_code=00106&code=00101008095&supplier_code=00100007&order_time=2022-11-03 HTTP/1.1" 200 413
116.238.139.35 - - [03/Nov/2022:10:02:50 +0800] "GET /xingrg/all/function/internal_message.html?_=1667440979784&CODE_STATE=getMsg HTTP/1.1" 200 27
61.170.233.76 - - [03/Nov/2022:10:03:01 +0800] "GET /xingrg/kc/buy/cgsh_order_operate.html?command=get_materiel&rest_code=00106&code=00101008110&supplier_code=00100007&order_time=2022-11-03 HTTP/1.1" 200 409
116.238.139.35 - - [03/Nov/2022:10:03:02 +0800] "POST /xingrg/kc/buy/cgsh_order_operate.html HTTP/1.1" 200 37
114.88.159.190 - - [03/Nov/2022:10:03:02 +0800] "GET /xingrg/all/function/internal_message.html?_=1667440625968&CODE_STATE=getMsg HTTP/1.1" 200 27
116.238.139.35 - - [03/Nov/2022:10:03:05 +0800] "POST /xingrg/kc/buy/cgsh_order_operate.html HTTP/1.1" 200 12
58.39.169.76 - - [03/Nov/2022:10:03:06 +0800] "POST /xingrg/kc/mdqp/pssh_list_operate.html HTTP/1.1" 200 812
116.238.139.35 - - [03/Nov/2022:10:03:06 +0800] "GET /xingrg/kc/buy/cgsh_order_info.html?code=212022110300550 HTTP/1.1" 200 63689
58.39.169.76 - - [03/Nov/2022:10:03:06 +0800] "GET /xingrg/kc/mdqp/pssh_order_info.html?code=312022110100006 HTTP/1.1" 200 17297
58.39.169.76 - - [03/Nov/2022:10:03:06 +0800] "GET /xingrg/javascript/jquery_tools/jquery-1.4.2.min.js HTTP/1.1" 404 1094
58.39.169.76 - - [03/Nov/2022:10:03:06 +0800] "GET /xingrg/javascript/jquery_tools/order_manager.js HTTP/1.1" 304 -
58.39.169.76 - - [03/Nov/2022:10:03:06 +0800] "GET /xingrg/javascript/convert.js HTTP/1.1" 304 -
58.39.169.76 - - [03/Nov/2022:10:03:06 +0800] "GET /xingrg/javascript/json2.js HTTP/1.1" 304 -
58.39.169.76 - - [03/Nov/2022:10:03:06 +0800] "GET /xingrg/javascript/print/kc_print.js HTTP/1.1" 304 -
58.39.169.76 - - [03/Nov/2022:10:03:06 +0800] "GET /xingrg/words/20221101104635_words.js HTTP/1.1" 200 929789
116.238.139.35 - - [03/Nov/2022:10:03:07 +0800] "GET /xingrg/javascript/easyui/themes/default/validatebox.css HTTP/1.1" 404 1104
58.39.169.76 - - [03/Nov/2022:10:03:07 +0800] "GET /xingrg/javascript/easyui/themes/default/images/menu_downarrow.png HTTP/1.1" 304 -
58.39.169.76 - - [03/Nov/2022:10:03:07 +0800] "GET /xingrg/javascript/easyui/themes/icons/print.png HTTP/1.1" 304 -
58.39.169.76 - - [03/Nov/2022:10:03:07 +0800] "GET /xingrg/javascript/easyui/themes/icons/ok.png HTTP/1.1" 304 -
58.39.169.76 - - [03/Nov/2022:10:03:07 +0800] "GET /xingrg/javascript/easyui/themes/icons/back_new.png HTTP/1.1" 304 -
58.39.169.76 - - [03/Nov/2022:10:03:07 +0800] "POST /xingrg/kc/mdqp/pssh_order_operate.html HTTP/1.1" 200 14944
58.39.169.76 - - [03/Nov/2022:10:03:07 +0800] "GET /xingrg/all/common/auto_word.html?type=base&rest_code=00105&rest_code=00105 HTTP/1.1" 200 1907
116.238.139.35 - - [03/Nov/2022:10:03:07 +0800] "POST /xingrg/kc/buy/cgsh_order_operate.html HTTP/1.1" 200 10209
58.39.169.76 - - [03/Nov/2022:10:03:07 +0800] "GET /xingrg/all/common/auto_word.html?type=employee&rest_code=00105 HTTP/1.1" 200 193
58.39.169.76 - - [03/Nov/2022:10:03:07 +0800] "GET /xingrg/javascript/easyui/themes/default/validatebox.css HTTP/1.1" 404 1104
58.39.169.76 - - [03/Nov/2022:10:03:07 +0800] "GET /xingrg/javascript/easyui/plugins/jquery.validatebox.js HTTP/1.1" 304 -
58.39.169.76 - - [03/Nov/2022:10:03:07 +0800] "GET /xingrg/javascript/easyui/plugins/jquery.numberbox.js HTTP/1.1" 304 -
222.70.183.206 - - [03/Nov/2022:10:03:08 +0800] "GET /xingrg/all/function/internal_message.html?_=1667440996255&CODE_STATE=getMsg HTTP/1.1" 200 27
114.83.221.184 - - [03/Nov/2022:10:03:08 +0800] "GET /xingrg/all/function/internal_message.html?_=1667440996471&CODE_STATE=getMsg HTTP/1.1" 200 27
116.238.139.35 - - [03/Nov/2022:10:03:09 +0800] "GET /xingrg/kc/print/load_data.html?order_code=212022110300550&kc_code=cgsh&condition= HTTP/1.1" 200 4386
61.170.233.76 - - [03/Nov/2022:10:03:10 +0800] "GET /xingrg/check_reg.html?_=1667440998773 HTTP/1.1" 200 22
61.170.233.76 - - [03/Nov/2022:10:03:10 +0800] "GET /xingrg/all/function/internal_message.html?_=1667440998772&CODE_STATE=getMsg HTTP/1.1" 200 27
58.39.169.76 - - [03/Nov/2022:10:03:12 +0800] "GET /xingrg/javascript/jquery_tools/images/next.gif HTTP/1.1" 404 1086
58.39.169.76 - - [03/Nov/2022:10:03:12 +0800] "GET /xingrg/javascript/jquery_tools/images/prev.gif HTTP/1.1" 404 1086
180.169.147.146 - - [03/Nov/2022:10:03:16 +0800] "GET /xingrg/all/function/internal_message.html?_=1667441005846&CODE_STATE=getMsg HTTP/1.1" 200 27
61.170.233.76 - - [03/Nov/2022:10:03:16 +0800] "GET /xingrg/kc/buy/cgsh_order_operate.html?command=get_materiel&rest_code=00106&code=00101008061&supplier_code=00100007&order_time=2022-11-03 HTTP/1.1" 200 422
58.39.169.76 - - [03/Nov/2022:10:03:18 +0800] "POST /xingrg/all/common/load_combo.html?type=employee HTTP/1.1" 200 356
58.39.169.76 - - [03/Nov/2022:10:03:18 +0800] "GET /xingrg/css/images/panel_loading.gif HTTP/1.1" 304 -
172.20.0.100 - - [03/Nov/2022:10:03:21 +0800] "GET /xingrg/all/function/internal_message.html?_=1667441011038&CODE_STATE=getMsg HTTP/1.1" 200 27
61.170.233.76 - - [03/Nov/2022:10:03:26 +0800] "GET /xingrg/kc/buy/cgsh_order_operate.html?command=get_materiel&rest_code=00106&code=00101008150&supplier_code=00100007&order_time=2022-11-03 HTTP/1.1" 200 409
116.230.105.139 - - [03/Nov/2022:10:03:28 +0800] "GET /xingrg/all/function/internal_message.html?_=1667440968393&CODE_STATE=getMsg HTTP/1.1" 200 27
58.39.169.76 - - [03/Nov/2022:10:03:29 +0800] "GET /xingrg/javascript/easyui/themes/default/images/button_plain_hover.png HTTP/1.1" 304 -
180.169.147.146 - - [03/Nov/2022:10:03:30 +0800] "GET /xingrg/check_reg.html?_=1667441019767 HTTP/1.1" 302 -
58.39.169.76 - - [03/Nov/2022:10:03:30 +0800] "POST /xingrg/kc/mdqp/pssh_order_operate.html HTTP/1.1" 200 37
58.39.169.76 - - [03/Nov/2022:10:03:31 +0800] "POST /xingrg/kc/mdqp/pssh_order_operate.html HTTP/1.1" 200 14944
221.239.141.151 - - [03/Nov/2022:10:03:34 +0800] "GET /xingrg/check_reg.html?_=1667441024485 HTTP/1.1" 200 22
221.239.141.151 - - [03/Nov/2022:10:03:34 +0800] "GET /xingrg/all/function/internal_message.html?_=1667441024488&CODE_STATE=getMsg HTTP/1.1" 200 27
58.39.169.76 - - [03/Nov/2022:10:03:35 +0800] "POST /xingrg/kc/mdqp/pssh_order_operate.html HTTP/1.1" 200 37
58.39.169.76 - - [03/Nov/2022:10:03:36 +0800] "POST /xingrg/kc/mdqp/pssh_order_operate.html HTTP/1.1" 200 12
58.39.169.76 - - [03/Nov/2022:10:03:37 +0800] "GET /xingrg/kc/mdqp/pssh_order_info.html?code=312022110100006 HTTP/1.1" 200 14386
58.39.169.76 - - [03/Nov/2022:10:03:37 +0800] "GET /xingrg/javascript/jquery_tools/jquery-1.4.2.min.js HTTP/1.1" 404 1094
58.39.169.76 - - [03/Nov/2022:10:03:38 +0800] "GET /xingrg/javascript/easyui/themes/icons/uncheck_new.png HTTP/1.1" 304 -
58.39.169.76 - - [03/Nov/2022:10:03:38 +0800] "GET /xingrg/javascript/easyui/themes/default/validatebox.css HTTP/1.1" 404 1104
58.39.169.76 - - [03/Nov/2022:10:03:38 +0800] "POST /xingrg/kc/mdqp/pssh_order_operate.html HTTP/1.1" 200 14944
58.39.169.76 - - [03/Nov/2022:10:03:40 +0800] "GET /xingrg/all/function/internal_message.html?_=1667441031789&CODE_STATE=getMsg HTTP/1.1" 200 27
58.39.169.76 - - [03/Nov/2022:10:03:40 +0800] "GET /xingrg/kc/print/load_config.html?kc_code=pssh HTTP/1.1" 200 2291
58.39.169.76 - - [03/Nov/2022:10:03:41 +0800] "GET /xingrg/kc/print/load_data.html?order_code=312022110100006&kc_code=pssh&condition= HTTP/1.1" 200 5717
218.81.217.29 - - [03/Nov/2022:10:03:42 +0800] "GET /xingrg/all/function/internal_message.html?_=1667441045178&CODE_STATE=getMsg HTTP/1.1" 200 27
61.170.233.76 - - [03/Nov/2022:10:03:43 +0800] "GET /xingrg/kc/buy/cgsh_order_operate.html?command=get_materiel&rest_code=00106&code=00101008114&supplier_code=00100007&order_time=2022-11-03 HTTP/1.1" 200 412
114.83.219.57 - - [03/Nov/2022:10:03:44 +0800] "GET /xingrg/all/function/internal_message.html?_=1667441145321&CODE_STATE=getMsg HTTP/1.1" 200 27
221.239.141.151 - - [03/Nov/2022:10:03:45 +0800] "GET /xingrg/all/function/internal_message.html?_=1667441053153&CODE_STATE=getMsg HTTP/1.1" 200 27
58.39.169.76 - - [03/Nov/2022:10:03:46 +0800] "GET /xingrg/all/function/internal_message.html?_=1667440887439&CODE_STATE=getMsg HTTP/1.1" 200 27
61.170.233.76 - - [03/Nov/2022:10:03:49 +0800] "POST /xingrg/kc/buy/cgsh_order_operate.html HTTP/1.1" 200 2065
120.253.135.82 - - [03/Nov/2022:10:03:49 +0800] "GET /xingrg/check_reg.html?_=1667440836599 HTTP/1.1" 200 22
116.238.139.35 - - [03/Nov/2022:10:03:50 +0800] "GET /xingrg/all/function/internal_message.html?_=1667441039761&CODE_STATE=getMsg HTTP/1.1" 200 27
116.238.139.35 - - [03/Nov/2022:10:03:51 +0800] "GET /xingrg/check_reg.html?_=1667441040291 HTTP/1.1" 200 22
61.170.233.76 - - [03/Nov/2022:10:03:54 +0800] "GET /xingrg/kc/buy/cgsh_order_operate.html?command=get_materiel&rest_code=00106&code=00101008041&supplier_code=00100007&order_time=2022-11-03 HTTP/1.1" 200 408
114.88.159.190 - - [03/Nov/2022:10:04:02 +0800] "GET /xingrg/all/function/internal_message.html?_=1667440685942&CODE_STATE=getMsg HTTP/1.1" 200 27
222.70.183.206 - - [03/Nov/2022:10:04:08 +0800] "GET /xingrg/all/function/internal_message.html?_=1667441056257&CODE_STATE=getMsg HTTP/1.1" 200 27
114.83.221.184 - - [03/Nov/2022:10:04:08 +0800] "GET /xingrg/all/function/internal_message.html?_=1667441056474&CODE_STATE=getMsg HTTP/1.1" 200 27
61.170.233.76 - - [03/Nov/2022:10:04:09 +0800] "GET /xingrg/all/function/internal_message.html?_=1667441058779&CODE_STATE=getMsg HTTP/1.1" 200 27
61.170.233.76 - - [03/Nov/2022:10:04:10 +0800] "POST /xingrg/kc/buy/cgsh_order_operate.html HTTP/1.1" 200 37
218.81.217.29 - - [03/Nov/2022:10:04:13 +0800] "GET /xingrg/javascript/jquery_tools/order_manager.js HTTP/1.1" 304 -
218.81.217.29 - - [03/Nov/2022:10:04:13 +0800] "GET /xingrg/javascript/json2.js HTTP/1.1" 304 -
218.81.217.29 - - [03/Nov/2022:10:04:13 +0800] "GET /xingrg/javascript/pic_change.js HTTP/1.1" 304 -
218.81.217.29 - - [03/Nov/2022:10:04:13 +0800] "GET /xingrg/javascript/print/kc_print.js HTTP/1.1" 304 -
218.81.217.29 - - [03/Nov/2022:10:04:13 +0800] "GET /xingrg/javascript/convert.js HTTP/1.1" 304 -
218.81.217.29 - - [03/Nov/2022:10:04:13 +0800] "GET /xingrg/kc/buy/cgsh_order_add.html HTTP/1.1" 200 69198
218.81.217.29 - - [03/Nov/2022:10:04:13 +0800] "GET /xingrg/words/20221101104635_words.js HTTP/1.1" 304 -
218.81.217.29 - - [03/Nov/2022:10:04:14 +0800] "POST /xingrg/kc/buy/cgsh_order_operate.html HTTP/1.1" 200 8245
218.81.217.29 - - [03/Nov/2022:10:04:14 +0800] "GET /xingrg/all/common/auto_word.html?type=employee&rest_code=00146 HTTP/1.1" 200 101
218.81.217.29 - - [03/Nov/2022:10:04:14 +0800] "GET /xingrg/all/common/auto_word.html?type=employee&rest_code=00146 HTTP/1.1" 200 101
218.81.217.29 - - [03/Nov/2022:10:04:14 +0800] "GET /xingrg/javascript/easyui/themes/default/validatebox.css HTTP/1.1" 404 1104
218.81.217.29 - - [03/Nov/2022:10:04:14 +0800] "GET /xingrg/javascript/easyui/plugins/jquery.validatebox.js HTTP/1.1" 304 -
218.81.217.29 - - [03/Nov/2022:10:04:14 +0800] "GET /xingrg/javascript/easyui/plugins/jquery.numberbox.js HTTP/1.1" 304 -
180.163.28.143 - - [03/Nov/2022:10:04:14 +0800] "GET /xingrg/kc/buy/cgsh_order_operate.html?command=get_materiel&rest_code=00106&code=00101008061&supplier_code=00100007&order_time=2022-11-03 HTTP/1.1" 302 -
180.163.28.143 - - [03/Nov/2022:10:04:14 +0800] "GET /xingrg/login.html HTTP/1.1" 200 7641
180.169.147.146 - - [03/Nov/2022:10:04:16 +0800] "GET /xingrg/all/function/internal_message.html?_=1667441065840&CODE_STATE=getMsg HTTP/1.1" 200 27
61.170.233.76 - - [03/Nov/2022:10:04:21 +0800] "POST /xingrg/kc/buy/cgsh_order_operate.html HTTP/1.1" 200 26885
172.20.0.100 - - [03/Nov/2022:10:04:21 +0800] "GET /xingrg/all/function/internal_message.html?_=1667441071025&CODE_STATE=getMsg HTTP/1.1" 200 27
180.163.28.109 - - [03/Nov/2022:10:04:24 +0800] "GET /xingrg/kc/buy/cgsh_order_operate.html?command=get_materiel&rest_code=00106&code=00101008150&supplier_code=00100007&order_time=2022-11-03 HTTP/1.1" 302 -
180.163.28.109 - - [03/Nov/2022:10:04:24 +0800] "GET /xingrg/login.html HTTP/1.1" 200 7641
116.230.105.139 - - [03/Nov/2022:10:04:28 +0800] "GET /xingrg/all/function/internal_message.html?_=1667441028383&CODE_STATE=getMsg HTTP/1.1" 200 27
218.81.217.29 - - [03/Nov/2022:10:04:30 +0800] "GET /xingrg/kc/buy/cgsh_order_operate.html?command=get_materiel&rest_code=00146&code=00101008199&supplier_code=00100005&order_time=2022-11-03 HTTP/1.1" 200 408
61.170.233.76 - - [03/Nov/2022:10:04:31 +0800] "GET /xingrg/kc/print/load_config.html?kc_code=cgsh HTTP/1.1" 200 1943
61.170.233.76 - - [03/Nov/2022:10:04:31 +0800] "GET /xingrg/kc/print/load_data.html?order_code=212022110300549&kc_code=cgsh HTTP/1.1" 200 9876
221.239.141.151 - - [03/Nov/2022:10:04:34 +0800] "GET /xingrg/all/function/internal_message.html?_=1667441084483&CODE_STATE=getMsg HTTP/1.1" 200 27
58.39.169.76 - - [03/Nov/2022:10:04:40 +0800] "GET /xingrg/all/function/internal_message.html?_=1667441091789&CODE_STATE=getMsg HTTP/1.1" 200 27
218.81.217.29 - - [03/Nov/2022:10:04:42 +0800] "GET /xingrg/all/function/internal_message.html?_=1667441105347&CODE_STATE=getMsg HTTP/1.1" 200 27
114.83.219.57 - - [03/Nov/2022:10:04:44 +0800] "GET /xingrg/all/function/internal_message.html?_=1667441205321&CODE_STATE=getMsg HTTP/1.1" 200 27
221.239.141.151 - - [03/Nov/2022:10:04:45 +0800] "GET /xingrg/check_reg.html?_=1667441113154 HTTP/1.1" 200 22
221.239.141.151 - - [03/Nov/2022:10:04:45 +0800] "GET /xingrg/all/function/internal_message.html?_=1667441113156&CODE_STATE=getMsg HTTP/1.1" 200 27
58.39.169.76 - - [03/Nov/2022:10:04:45 +0800] "GET /xingrg/check_reg.html?_=1667440946927 HTTP/1.1" 200 22
