221.239.141.151 - - [29/Oct/2022:11:21:43 +0800] "GET /xingrg/images/blue/button/advanceover.gif HTTP/1.1" 200 1347
221.239.141.151 - - [29/Oct/2022:11:21:43 +0800] "GET /xingrg/images/blue/button/advance2over.gif HTTP/1.1" 200 1336
221.239.141.151 - - [29/Oct/2022:11:21:43 +0800] "GET /xingrg/images/blue/button/back2over.gif HTTP/1.1" 200 1335
221.239.141.151 - - [29/Oct/2022:11:21:43 +0800] "GET /xingrg/images/blue/button/backover.gif HTTP/1.1" 200 1348
221.239.141.151 - - [29/Oct/2022:11:21:43 +0800] "GET /xingrg/images/control/loading.gif HTTP/1.1" 200 13463
221.239.141.151 - - [29/Oct/2022:11:21:43 +0800] "GET /xingrg/javascript/jquery_easy_ui/themes/icons/help.png HTTP/1.1" 200 1187
124.78.158.69 - - [29/Oct/2022:11:21:44 +0800] "GET /xingrg/javascript/easyui/themes/default/tree.css HTTP/1.1" 404 1090
221.239.141.151 - - [29/Oct/2022:11:21:44 +0800] "POST /xingrg/all/report/load_report_page.html HTTP/1.1" 200 89
124.78.158.69 - - [29/Oct/2022:11:21:44 +0800] "POST /xingrg/all/common/load_tree.html?tree=supplier_tree_json&isDelete=1 HTTP/1.1" 200 69500
221.239.141.151 - - [29/Oct/2022:11:21:48 +0800] "GET /xingrg/kc/base/stock_operate.html?_=1667013700925&command=get_report_file&start_day=20220601 HTTP/1.1" 200 53
221.239.141.151 - - [29/Oct/2022:11:21:48 +0800] "GET /xingrg/all/report/report_query.html?isQuery=1&onlyBody=1&rh=2000&fileName=kc/base/kc_stock_detail_new.xml&queryString=(1=1)&queryText=&tableQueryString=init_table$sp1$$sp$crk_table$sp1$order_day%20between%2020220601%20and%2020221031&varString=start_day:20220601,materiel_code:00101026078,cost_id:3926,end_date:20220531 HTTP/1.1" 200 48701
221.239.141.151 - - [29/Oct/2022:11:21:48 +0800] "GET /xingrg/dwr/interface/AjaxReportQueryService.js HTTP/1.1" 200 13203
221.239.141.151 - - [29/Oct/2022:11:21:48 +0800] "GET /xingrg/dwr/engine.js HTTP/1.1" 200 43631
222.69.192.207 - - [29/Oct/2022:11:21:48 +0800] "GET /xingrg/kc/base/wldb_order_operate.html?command=get_materiel&rest_code=00105&base_code=0010507&code=00101019079 HTTP/1.1" 200 479
221.239.141.151 - - [29/Oct/2022:11:21:49 +0800] "POST /xingrg/all/report/load_report_page.html HTTP/1.1" 200 89
221.239.141.151 - - [29/Oct/2022:11:21:53 +0800] "GET /xingrg/kc/base/stock_operate.html?_=1667013705564&command=get_report_file&start_day=20220401 HTTP/1.1" 200 53
221.239.141.151 - - [29/Oct/2022:11:21:53 +0800] "GET /xingrg/all/report/report_query.html?isQuery=1&onlyBody=1&rh=2000&fileName=kc/base/kc_stock_detail_new.xml&queryString=(1=1)&queryText=&tableQueryString=init_table$sp1$$sp$crk_table$sp1$order_day%20between%2020220401%20and%2020221031&varString=start_day:20220401,materiel_code:00101026078,cost_id:3647,end_date:20220331 HTTP/1.1" 200 48701
221.239.141.151 - - [29/Oct/2022:11:21:53 +0800] "GET /xingrg/dwr/interface/AjaxReportQueryService.js HTTP/1.1" 200 13203
221.239.141.151 - - [29/Oct/2022:11:21:53 +0800] "GET /xingrg/dwr/engine.js HTTP/1.1" 200 43631
221.239.141.151 - - [29/Oct/2022:11:21:53 +0800] "POST /xingrg/all/report/load_report_page.html HTTP/1.1" 200 89
124.78.158.69 - - [29/Oct/2022:11:21:54 +0800] "GET /xingrg/all/function/internal_message.html?_=1667013707595&CODE_STATE=getMsg HTTP/1.1" 200 27
124.78.158.69 - - [29/Oct/2022:11:21:55 +0800] "GET /xingrg/check_reg.html?_=1667013708051 HTTP/1.1" 200 22
221.239.141.151 - - [29/Oct/2022:11:21:56 +0800] "GET /xingrg/kc/base/stock_operate.html?_=1667013708944&command=get_report_file&start_day=20210401 HTTP/1.1" 200 53
221.239.141.151 - - [29/Oct/2022:11:21:56 +0800] "GET /xingrg/all/report/report_query.html?isQuery=1&onlyBody=1&rh=2000&fileName=kc/base/kc_stock_detail_new.xml&queryString=(1=1)&queryText=&tableQueryString=init_table$sp1$$sp$crk_table$sp1$order_day%20between%2020210401%20and%2020221031&varString=start_day:20210401,materiel_code:00101026078,cost_id:3117,end_date:20210331 HTTP/1.1" 200 48701
221.239.141.151 - - [29/Oct/2022:11:21:56 +0800] "GET /xingrg/dwr/interface/AjaxReportQueryService.js HTTP/1.1" 200 13203
221.239.141.151 - - [29/Oct/2022:11:21:56 +0800] "GET /xingrg/dwr/engine.js HTTP/1.1" 200 43631
124.78.158.69 - - [29/Oct/2022:11:21:57 +0800] "GET /xingrg/kc/buy/cgsh_order_operate.html?command=get_materiel&rest_code=00106&code=00102014026&supplier_code=00100151&order_time=2022-10-29 HTTP/1.1" 200 410
221.239.141.151 - - [29/Oct/2022:11:21:57 +0800] "POST /xingrg/all/report/load_report_page.html HTTP/1.1" 200 89
183.192.89.222 - - [29/Oct/2022:11:21:59 +0800] "GET /xingrg/all/function/internal_message.html?_=1667013710529&CODE_STATE=getMsg HTTP/1.1" 200 27
221.239.141.151 - - [29/Oct/2022:11:22:00 +0800] "GET /xingrg/kc/base/stock_operate.html?_=1667013713087&command=get_report_file&start_day=20200401 HTTP/1.1" 200 53
221.239.141.151 - - [29/Oct/2022:11:22:00 +0800] "GET /xingrg/all/report/report_query.html?isQuery=1&onlyBody=1&rh=2000&fileName=kc/base/kc_stock_detail_new.xml&queryString=(1=1)&queryText=&tableQueryString=init_table$sp1$$sp$crk_table$sp1$order_day%20between%2020200401%20and%2020221031&varString=start_day:20200401,materiel_code:00101026078,cost_id:2622,end_date:20200331 HTTP/1.1" 200 48701
221.239.141.151 - - [29/Oct/2022:11:22:00 +0800] "GET /xingrg/dwr/interface/AjaxReportQueryService.js HTTP/1.1" 200 13203
221.239.141.151 - - [29/Oct/2022:11:22:00 +0800] "GET /xingrg/dwr/engine.js HTTP/1.1" 200 43631
116.238.139.35 - - [29/Oct/2022:11:22:00 +0800] "GET /xingrg/all/function/internal_message.html?_=1667013711340&CODE_STATE=getMsg HTTP/1.1" 200 27
221.239.141.151 - - [29/Oct/2022:11:22:01 +0800] "POST /xingrg/all/report/load_report_page.html HTTP/1.1" 200 89
101.85.95.132 - - [29/Oct/2022:11:22:02 +0800] "GET /xingrg/all/function/internal_message.html?_=1667013712489&CODE_STATE=getMsg HTTP/1.1" 200 27
116.238.139.35 - - [29/Oct/2022:11:22:03 +0800] "GET /xingrg/all/function/internal_message.html?_=1667013647126&CODE_STATE=getMsg HTTP/1.1" 200 27
222.69.131.252 - - [29/Oct/2022:11:22:03 +0800] "GET /xingrg/all/function/internal_message.html?_=1667013711221&CODE_STATE=getMsg HTTP/1.1" 200 27
221.239.141.151 - - [29/Oct/2022:11:22:05 +0800] "GET /xingrg/kc/base/stock_operate.html?_=1667013718257&command=get_report_file&start_day=20200301 HTTP/1.1" 200 53
221.239.141.151 - - [29/Oct/2022:11:22:05 +0800] "GET /xingrg/all/report/report_query.html?isQuery=1&onlyBody=1&rh=2000&fileName=kc/base/kc_stock_detail_new.xml&queryString=(1=1)&queryText=&tableQueryString=init_table$sp1$$sp$crk_table$sp1$order_day%20between%2020200301%20and%2020221031&varString=start_day:20200301,materiel_code:00101026078,cost_id:2580,end_date:20200229 HTTP/1.1" 200 48701
221.239.141.151 - - [29/Oct/2022:11:22:06 +0800] "GET /xingrg/dwr/interface/AjaxReportQueryService.js HTTP/1.1" 200 13203
221.239.141.151 - - [29/Oct/2022:11:22:06 +0800] "GET /xingrg/dwr/engine.js HTTP/1.1" 200 43631
114.84.81.136 - - [29/Oct/2022:11:22:06 +0800] "GET /xingrg/all/function/internal_message.html?_=1667013717551&CODE_STATE=getMsg HTTP/1.1" 302 -
221.239.141.151 - - [29/Oct/2022:11:22:06 +0800] "POST /xingrg/all/report/load_report_page.html HTTP/1.1" 200 89
222.69.192.207 - - [29/Oct/2022:11:22:09 +0800] "GET /xingrg/kc/base/wldb_order_operate.html?command=get_materiel&rest_code=00105&base_code=0010507&code=00101016019 HTTP/1.1" 200 451
221.239.141.151 - - [29/Oct/2022:11:22:11 +0800] "GET /xingrg/kc/base/stock_operate.html?_=1667013724312&command=get_report_file&start_day=20191201 HTTP/1.1" 200 53
221.239.141.151 - - [29/Oct/2022:11:22:12 +0800] "GET /xingrg/all/report/report_query.html?isQuery=1&onlyBody=1&rh=2000&fileName=kc/base/kc_stock_detail_new.xml&queryString=(1=1)&queryText=&tableQueryString=init_table$sp1$$sp$crk_table$sp1$order_day%20between%2020191201%20and%2020221031&varString=start_day:20191201,materiel_code:00101026078,cost_id:2494,end_date:20181231 HTTP/1.1" 200 48701
221.239.141.151 - - [29/Oct/2022:11:22:12 +0800] "GET /xingrg/dwr/interface/AjaxReportQueryService.js HTTP/1.1" 200 13203
221.239.141.151 - - [29/Oct/2022:11:22:12 +0800] "GET /xingrg/dwr/engine.js HTTP/1.1" 200 43631
221.239.141.151 - - [29/Oct/2022:11:22:13 +0800] "POST /xingrg/all/report/load_report_page.html HTTP/1.1" 200 89
221.239.141.151 - - [29/Oct/2022:11:22:14 +0800] "GET /xingrg/all/function/internal_message.html?_=1667013727037&CODE_STATE=getMsg HTTP/1.1" 200 27
221.239.141.151 - - [29/Oct/2022:11:22:17 +0800] "GET /xingrg/kc/base/stock_operate.html?_=1667013729672&command=get_report_file&start_day=20191001 HTTP/1.1" 200 53
221.239.141.151 - - [29/Oct/2022:11:22:17 +0800] "GET /xingrg/all/report/report_query.html?isQuery=1&onlyBody=1&rh=2000&fileName=kc/base/kc_stock_detail_new.xml&queryString=(1=1)&queryText=&tableQueryString=init_table$sp1$$sp$crk_table$sp1$order_day%20between%2020191001%20and%2020221031&varString=start_day:20191001,materiel_code:00101026078,cost_id:2494,end_date:20181231 HTTP/1.1" 200 48701
221.239.141.151 - - [29/Oct/2022:11:22:17 +0800] "GET /xingrg/dwr/interface/AjaxReportQueryService.js HTTP/1.1" 200 13203
221.239.141.151 - - [29/Oct/2022:11:22:17 +0800] "GET /xingrg/dwr/engine.js HTTP/1.1" 200 43631
221.239.141.151 - - [29/Oct/2022:11:22:18 +0800] "POST /xingrg/all/report/load_report_page.html HTTP/1.1" 200 89
58.40.7.146 - - [29/Oct/2022:11:22:18 +0800] "GET /xingrg/all/function/internal_message.html?_=1667013729366&CODE_STATE=getMsg HTTP/1.1" 302 -
124.78.158.69 - - [29/Oct/2022:11:22:19 +0800] "POST /xingrg/kc/buy/cgsh_order_operate.html HTTP/1.1" 200 37
124.78.158.69 - - [29/Oct/2022:11:22:22 +0800] "POST /xingrg/kc/buy/cgsh_order_operate.html HTTP/1.1" 200 2653
221.239.141.151 - - [29/Oct/2022:11:22:22 +0800] "GET /xingrg/kc/base/stock_operate.html?_=1667013734857&command=get_report_file&start_day=20190801 HTTP/1.1" 200 53
221.239.141.151 - - [29/Oct/2022:11:22:22 +0800] "GET /xingrg/all/report/report_query.html?isQuery=1&onlyBody=1&rh=2000&fileName=kc/base/kc_stock_detail_new.xml&queryString=(1=1)&queryText=&tableQueryString=init_table$sp1$$sp$crk_table$sp1$order_day%20between%2020190801%20and%2020221031&varString=start_day:20190801,materiel_code:00101026078,cost_id:2494,end_date:20181231 HTTP/1.1" 200 48701
221.239.141.151 - - [29/Oct/2022:11:22:22 +0800] "GET /xingrg/dwr/interface/AjaxReportQueryService.js HTTP/1.1" 200 13203
221.239.141.151 - - [29/Oct/2022:11:22:22 +0800] "GET /xingrg/dwr/engine.js HTTP/1.1" 200 43631
221.239.141.151 - - [29/Oct/2022:11:22:23 +0800] "POST /xingrg/all/report/load_report_page.html HTTP/1.1" 200 89
221.239.141.151 - - [29/Oct/2022:11:22:24 +0800] "GET /xingrg/javascript/jquery_easy_ui/themes/default/images/tabs_active.png HTTP/1.1" 200 2894
124.78.158.69 - - [29/Oct/2022:11:22:24 +0800] "GET /xingrg/kc/buy/cgsh_order_add.html HTTP/1.1" 200 69040
124.78.158.69 - - [29/Oct/2022:11:22:25 +0800] "GET /xingrg/javascript/easyui/themes/default/validatebox.css HTTP/1.1" 404 1104
124.78.158.69 - - [29/Oct/2022:11:22:25 +0800] "POST /xingrg/kc/buy/cgsh_order_operate.html HTTP/1.1" 200 8245
124.78.158.69 - - [29/Oct/2022:11:22:26 +0800] "GET /xingrg/javascript/easyui/themes/default/tree.css HTTP/1.1" 404 1090
124.78.158.69 - - [29/Oct/2022:11:22:26 +0800] "POST /xingrg/all/common/load_tree.html?tree=supplier_tree_json&isDelete=1 HTTP/1.1" 200 69500
116.230.105.139 - - [29/Oct/2022:11:22:27 +0800] "GET /xingrg/all/function/internal_message.html?_=1667013698970&CODE_STATE=getMsg HTTP/1.1" 200 27
180.169.147.146 - - [29/Oct/2022:11:22:28 +0800] "GET /xingrg/check_reg.html?_=1667013735749 HTTP/1.1" 200 22
222.69.192.207 - - [29/Oct/2022:11:22:29 +0800] "GET /xingrg/all/function/internal_message.html?_=1667013740512&CODE_STATE=getMsg HTTP/1.1" 200 27
221.239.141.151 - - [29/Oct/2022:11:22:30 +0800] "POST /xingrg/load_menu.html HTTP/1.1" 200 9695
222.69.192.207 - - [29/Oct/2022:11:22:30 +0800] "GET /xingrg/kc/base/wldb_order_operate.html?command=get_materiel&rest_code=00105&base_code=0010507&code=00101019014 HTTP/1.1" 200 454
221.239.141.151 - - [29/Oct/2022:11:22:32 +0800] "GET /xingrg/all/function/internal_message.html?_=1667013744291&CODE_STATE=getMsg HTTP/1.1" 200 27
218.81.217.29 - - [29/Oct/2022:11:22:35 +0800] "GET /xingrg/all/function/internal_message.html?_=1667013771845&CODE_STATE=getMsg HTTP/1.1" 200 27
124.78.158.69 - - [29/Oct/2022:11:22:35 +0800] "GET /xingrg/kc/buy/cgsh_order_operate.html?command=get_materiel&rest_code=00106&code=00102002145&supplier_code=00100151&order_time=2022-10-29 HTTP/1.1" 200 432
180.169.147.146 - - [29/Oct/2022:11:22:35 +0800] "GET /xingrg/all/function/internal_message.html?_=1667013743156&CODE_STATE=getMsg HTTP/1.1" 200 27
180.169.147.146 - - [29/Oct/2022:11:22:38 +0800] "GET /xingrg/all/function/internal_message.html?_=1667013749129&CODE_STATE=getMsg HTTP/1.1" 200 27
124.78.158.69 - - [29/Oct/2022:11:22:39 +0800] "GET /xingrg/all/function/internal_message.html?_=1667013746243&CODE_STATE=getMsg HTTP/1.1" 200 27
222.69.192.207 - - [29/Oct/2022:11:22:41 +0800] "GET /xingrg/kc/base/wldb_order_operate.html?command=get_materiel&rest_code=00105&base_code=0010507&code=00101019018 HTTP/1.1" 200 465
114.88.159.190 - - [29/Oct/2022:11:22:41 +0800] "GET /xingrg/all/function/internal_message.html?_=1667013378112&CODE_STATE=getMsg HTTP/1.1" 200 27
114.88.159.190 - - [29/Oct/2022:11:22:41 +0800] "GET /xingrg/check_reg.html?_=1667013378128 HTTP/1.1" 200 22
124.79.74.72 - - [29/Oct/2022:11:22:42 +0800] "GET /xingrg/all/function/internal_message.html?_=1667013757395&CODE_STATE=getMsg HTTP/1.1" 200 27
124.78.158.69 - - [29/Oct/2022:11:22:47 +0800] "GET /xingrg/kc/buy/cgsh_order_operate.html?command=get_materiel&rest_code=00106&code=00102002146&supplier_code=00100151&order_time=2022-10-29 HTTP/1.1" 200 413
222.69.192.207 - - [29/Oct/2022:11:22:50 +0800] "GET /xingrg/kc/base/wldb_order_operate.html?command=get_materiel&rest_code=00105&base_code=0010507&code=00101016020 HTTP/1.1" 200 447
124.78.158.69 - - [29/Oct/2022:11:22:54 +0800] "GET /xingrg/all/function/internal_message.html?_=1667013767569&CODE_STATE=getMsg HTTP/1.1" 200 27
183.192.89.222 - - [29/Oct/2022:11:22:59 +0800] "GET /xingrg/check_reg.html?_=1667013770514 HTTP/1.1" 200 22
183.192.89.222 - - [29/Oct/2022:11:22:59 +0800] "GET /xingrg/all/function/internal_message.html?_=1667013770516&CODE_STATE=getMsg HTTP/1.1" 200 27
116.238.139.35 - - [29/Oct/2022:11:23:00 +0800] "GET /xingrg/all/function/internal_message.html?_=1667013771352&CODE_STATE=getMsg HTTP/1.1" 200 27
116.238.139.35 - - [29/Oct/2022:11:23:00 +0800] "GET /xingrg/check_reg.html?_=1667013771356 HTTP/1.1" 200 22
222.69.192.207 - - [29/Oct/2022:11:23:01 +0800] "GET /xingrg/kc/base/wldb_order_operate.html?command=get_materiel&rest_code=00105&base_code=0010507&code=00101019199 HTTP/1.1" 200 473
101.85.95.132 - - [29/Oct/2022:11:23:02 +0800] "GET /xingrg/all/function/internal_message.html?_=1667013772500&CODE_STATE=getMsg HTTP/1.1" 200 27
101.85.95.132 - - [29/Oct/2022:11:23:02 +0800] "GET /xingrg/check_reg.html?_=1667013772502 HTTP/1.1" 200 22
116.238.139.35 - - [29/Oct/2022:11:23:03 +0800] "GET /xingrg/all/function/internal_message.html?_=1667013707130&CODE_STATE=getMsg HTTP/1.1" 200 27
222.69.131.252 - - [29/Oct/2022:11:23:03 +0800] "GET /xingrg/all/function/internal_message.html?_=1667013771222&CODE_STATE=getMsg HTTP/1.1" 200 27
114.84.81.136 - - [29/Oct/2022:11:23:06 +0800] "GET /xingrg/all/function/internal_message.html?_=1667013777557&CODE_STATE=getMsg HTTP/1.1" 302 -
114.84.81.136 - - [29/Oct/2022:11:23:06 +0800] "GET /xingrg/check_reg.html?_=1667013777563 HTTP/1.1" 302 -
222.69.192.207 - - [29/Oct/2022:11:23:09 +0800] "GET /xingrg/kc/base/wldb_order_operate.html?command=get_materiel&rest_code=00105&base_code=0010507&code=00101019175 HTTP/1.1" 200 439
221.239.141.151 - - [29/Oct/2022:11:23:14 +0800] "GET /xingrg/all/function/internal_message.html?_=1667013787019&CODE_STATE=getMsg HTTP/1.1" 200 27
222.69.192.207 - - [29/Oct/2022:11:23:14 +0800] "POST /xingrg/kc/base/wldb_order_operate.html HTTP/1.1" 200 37
222.69.192.207 - - [29/Oct/2022:11:23:15 +0800] "POST /xingrg/kc/base/wldb_order_operate.html HTTP/1.1" 200 8668
58.40.7.146 - - [29/Oct/2022:11:23:18 +0800] "GET /xingrg/all/function/internal_message.html?_=1667013789352&CODE_STATE=getMsg HTTP/1.1" 302 -
124.78.158.69 - - [29/Oct/2022:11:23:19 +0800] "GET /xingrg/check_reg.html?_=1667013786033 HTTP/1.1" 200 22
180.162.109.76 - - [29/Oct/2022:11:23:26 +0800] "GET /xingrg HTTP/1.1" 302 -
180.162.109.76 - - [29/Oct/2022:11:23:26 +0800] "GET /favicon.ico HTTP/1.1" 404 -
180.162.109.76 - - [29/Oct/2022:11:23:26 +0800] "GET /xingrg/index.html HTTP/1.1" 302 -
180.162.109.76 - - [29/Oct/2022:11:23:26 +0800] "GET /xingrg/login.html HTTP/1.1" 200 7641
180.162.109.76 - - [29/Oct/2022:11:23:26 +0800] "GET /favicon.ico HTTP/1.1" 404 -
116.230.105.139 - - [29/Oct/2022:11:23:27 +0800] "GET /xingrg/all/function/internal_message.html?_=1667013758982&CODE_STATE=getMsg HTTP/1.1" 200 27
58.40.7.146 - - [29/Oct/2022:11:23:28 +0800] "GET /xingrg/check_reg.html?_=1667013799027 HTTP/1.1" 302 -
218.81.217.29 - - [29/Oct/2022:11:23:30 +0800] "GET /xingrg/check_reg.html?_=1667013827084 HTTP/1.1" 200 22
221.239.141.151 - - [29/Oct/2022:11:23:32 +0800] "GET /xingrg/all/function/internal_message.html?_=1667013804280&CODE_STATE=getMsg HTTP/1.1" 200 27
218.81.217.29 - - [29/Oct/2022:11:23:35 +0800] "GET /xingrg/all/function/internal_message.html?_=1667013831858&CODE_STATE=getMsg HTTP/1.1" 200 27
180.169.147.146 - - [29/Oct/2022:11:23:35 +0800] "GET /xingrg/all/function/internal_message.html?_=1667013803134&CODE_STATE=getMsg HTTP/1.1" 200 27
180.169.147.146 - - [29/Oct/2022:11:23:38 +0800] "GET /xingrg/all/function/internal_message.html?_=1667013809115&CODE_STATE=getMsg HTTP/1.1" 200 27
124.78.158.69 - - [29/Oct/2022:11:23:39 +0800] "GET /xingrg/all/function/internal_message.html?_=1667013806231&CODE_STATE=getMsg HTTP/1.1" 200 27
222.69.192.207 - - [29/Oct/2022:11:23:40 +0800] "GET /xingrg/kc/base/wldb_order_info.html?code=422022102902148 HTTP/1.1" 200 30272
222.69.192.207 - - [29/Oct/2022:11:23:41 +0800] "GET /xingrg/javascript/easyui/themes/default/validatebox.css HTTP/1.1" 404 1104
222.69.192.207 - - [29/Oct/2022:11:23:41 +0800] "POST /xingrg/kc/base/wldb_order_operate.html HTTP/1.1" 200 8668
114.88.159.190 - - [29/Oct/2022:11:23:41 +0800] "GET /xingrg/all/function/internal_message.html?_=1667013438125&CODE_STATE=getMsg HTTP/1.1" 200 27
124.79.74.72 - - [29/Oct/2022:11:23:42 +0800] "GET /xingrg/all/function/internal_message.html?_=1667013817387&CODE_STATE=getMsg HTTP/1.1" 200 27
180.162.109.76 - - [29/Oct/2022:11:23:50 +0800] "POST /xingrg/login.do HTTP/1.1" 302 -
180.162.109.76 - - [29/Oct/2022:11:23:51 +0800] "GET /xingrg/index.html?sysBaseUrl=http%3A%2F%2F180.169.147.146%3A18081%2Fxingrg%2F&costTime=43×tamp=1667013830927 HTTP/1.1" 200 17179
180.162.109.76 - - [29/Oct/2022:11:23:51 +0800] "GET /favicon.ico HTTP/1.1" 404 -
180.162.109.76 - - [29/Oct/2022:11:23:51 +0800] "POST /xingrg/all/common/load_tree.html?tree=area_rest_tree_json&manage=1 HTTP/1.1" 200 351
180.162.109.76 - - [29/Oct/2022:11:23:51 +0800] "GET /xingrg/all/function/internal_message.html?_=1667012892725&CODE_STATE=count HTTP/1.1" 200 11
180.162.109.76 - - [29/Oct/2022:11:23:51 +0800] "GET /xingrg/check_reg.html?_=1667012892726 HTTP/1.1" 200 22
180.162.109.76 - - [29/Oct/2022:11:23:51 +0800] "POST /xingrg/load_menu.html HTTP/1.1" 200 5138
180.162.109.76 - - [29/Oct/2022:11:23:53 +0800] "GET /xingrg/kc/buy/buy_main.html HTTP/1.1" 200 12412
180.162.109.76 - - [29/Oct/2022:11:23:53 +0800] "GET /xingrg/css/new_ie.css HTTP/1.1" 404 1036
180.162.109.76 - - [29/Oct/2022:11:23:53 +0800] "GET /xingrg/images/yd/bt.gif HTTP/1.1" 404 1040
180.162.109.76 - - [29/Oct/2022:11:23:54 +0800] "GET /xingrg/kc/buy/cgsh_order_list.html HTTP/1.1" 200 53264
124.78.158.69 - - [29/Oct/2022:11:23:54 +0800] "GET /xingrg/all/function/internal_message.html?_=1667013827555&CODE_STATE=getMsg HTTP/1.1" 200 27
183.192.89.222 - - [29/Oct/2022:11:23:59 +0800] "GET /xingrg/all/function/internal_message.html?_=1667013830515&CODE_STATE=getMsg HTTP/1.1" 200 27
116.238.139.35 - - [29/Oct/2022:11:24:00 +0800] "GET /xingrg/all/function/internal_message.html?_=1667013831353&CODE_STATE=getMsg HTTP/1.1" 200 27
124.78.158.69 - - [29/Oct/2022:11:24:01 +0800] "POST /xingrg/kc/buy/cgsh_order_operate.html HTTP/1.1" 200 37
180.162.109.76 - - [29/Oct/2022:11:24:01 +0800] "POST /xingrg/kc/buy/cgsh_list_operate.html HTTP/1.1" 200 3187
101.85.95.132 - - [29/Oct/2022:11:24:02 +0800] "GET /xingrg/all/function/internal_message.html?_=1667013832487&CODE_STATE=getMsg HTTP/1.1" 200 27
116.238.139.35 - - [29/Oct/2022:11:24:03 +0800] "GET /xingrg/check_reg.html?_=1667013766621 HTTP/1.1" 200 22
116.238.139.35 - - [29/Oct/2022:11:24:03 +0800] "GET /xingrg/all/function/internal_message.html?_=1667013767143&CODE_STATE=getMsg HTTP/1.1" 200 27
222.69.131.252 - - [29/Oct/2022:11:24:03 +0800] "GET /xingrg/all/function/internal_message.html?_=1667013831226&CODE_STATE=getMsg HTTP/1.1" 200 27
114.84.81.136 - - [29/Oct/2022:11:24:06 +0800] "GET /xingrg/all/function/internal_message.html?_=1667013837551&CODE_STATE=getMsg HTTP/1.1" 302 -
124.78.158.69 - - [29/Oct/2022:11:24:06 +0800] "POST /xingrg/kc/buy/cgsh_order_operate.html HTTP/1.1" 200 2656
124.78.158.69 - - [29/Oct/2022:11:24:07 +0800] "GET /xingrg/kc/buy/cgsh_order_add.html HTTP/1.1" 200 69040
124.78.158.69 - - [29/Oct/2022:11:24:08 +0800] "POST /xingrg/kc/buy/cgsh_order_operate.html HTTP/1.1" 200 8245
124.78.158.69 - - [29/Oct/2022:11:24:08 +0800] "GET /xingrg/javascript/easyui/themes/default/validatebox.css HTTP/1.1" 404 1104
124.78.158.69 - - [29/Oct/2022:11:24:08 +0800] "GET /xingrg/javascript/easyui/themes/default/tree.css HTTP/1.1" 404 1090
124.78.158.69 - - [29/Oct/2022:11:24:09 +0800] "POST /xingrg/all/common/load_tree.html?tree=supplier_tree_json&isDelete=1 HTTP/1.1" 200 69500
180.162.109.76 - - [29/Oct/2022:11:24:10 +0800] "POST /xingrg/kc/buy/cgsh_list_operate.html HTTP/1.1" 200 211
180.162.109.76 - - [29/Oct/2022:11:24:10 +0800] "GET /xingrg/kc/buy/cgsh_order_info.html?code=212022102808650 HTTP/1.1" 200 68128
180.162.109.76 - - [29/Oct/2022:11:24:11 +0800] "GET /xingrg/all/common/auto_word.html?type=employee&rest_code=00143 HTTP/1.1" 200 55
180.162.109.76 - - [29/Oct/2022:11:24:11 +0800] "GET /xingrg/javascript/easyui/themes/default/validatebox.css HTTP/1.1" 404 1104
180.162.109.76 - - [29/Oct/2022:11:24:11 +0800] "GET /xingrg/all/common/auto_word.html?type=employee&rest_code=00143 HTTP/1.1" 200 55
116.235.93.82 - - [29/Oct/2022:11:24:11 +0800] "POST /xingrg/services/DataTransmitService HTTP/1.1" 200 524
116.235.93.82 - - [29/Oct/2022:11:24:11 +0800] "POST /xingrg/services/DataTransmitService HTTP/1.1" 200 501
116.235.93.82 - - [29/Oct/2022:11:24:11 +0800] "POST /xingrg/services/DataTransmitService HTTP/1.1" 200 501
180.162.109.76 - - [29/Oct/2022:11:24:11 +0800] "POST /xingrg/kc/buy/cgsh_order_operate.html HTTP/1.1" 200 2668
116.235.93.82 - - [29/Oct/2022:11:24:11 +0800] "POST /xingrg/services/DataTransmitService HTTP/1.1" 200 501
116.235.93.82 - - [29/Oct/2022:11:24:12 +0800] "POST /xingrg/services/DataTransmitService HTTP/1.1" 200 501
116.235.93.82 - - [29/Oct/2022:11:24:12 +0800] "POST /xingrg/services/DataTransmitService HTTP/1.1" 200 501
116.235.93.82 - - [29/Oct/2022:11:24:12 +0800] "POST /xingrg/services/DataTransmitService HTTP/1.1" 200 501
116.235.93.82 - - [29/Oct/2022:11:24:12 +0800] "POST /xingrg/services/DataTransmitService HTTP/1.1" 200 412
221.239.141.151 - - [29/Oct/2022:11:24:14 +0800] "GET /xingrg/all/function/internal_message.html?_=1667013847024&CODE_STATE=getMsg HTTP/1.1" 200 27
58.40.7.146 - - [29/Oct/2022:11:24:18 +0800] "GET /xingrg/all/function/internal_message.html?_=1667013849328&CODE_STATE=getMsg HTTP/1.1" 302 -
116.230.105.139 - - [29/Oct/2022:11:24:27 +0800] "GET /xingrg/all/function/internal_message.html?_=1667013818982&CODE_STATE=getMsg HTTP/1.1" 200 27
222.69.192.207 - - [29/Oct/2022:11:24:29 +0800] "GET /xingrg/all/function/internal_message.html?_=1667013860750&CODE_STATE=getMsg HTTP/1.1" 200 27
221.239.141.151 - - [29/Oct/2022:11:24:32 +0800] "GET /xingrg/all/function/internal_message.html?_=1667013864254&CODE_STATE=getMsg HTTP/1.1" 200 27
218.81.217.29 - - [29/Oct/2022:11:24:35 +0800] "GET /xingrg/all/function/internal_message.html?_=1667013891871&CODE_STATE=getMsg HTTP/1.1" 200 27
180.169.147.146 - - [29/Oct/2022:11:24:35 +0800] "GET /xingrg/all/function/internal_message.html?_=1667013863117&CODE_STATE=getMsg HTTP/1.1" 200 27
180.169.147.146 - - [29/Oct/2022:11:24:38 +0800] "GET /xingrg/check_reg.html?_=1667013869108 HTTP/1.1" 200 22
180.169.147.146 - - [29/Oct/2022:11:24:38 +0800] "GET /xingrg/all/function/internal_message.html?_=1667013869110&CODE_STATE=getMsg HTTP/1.1" 200 27
124.78.158.69 - - [29/Oct/2022:11:24:39 +0800] "GET /xingrg/all/function/internal_message.html?_=1667013866187&CODE_STATE=getMsg HTTP/1.1" 200 27
114.88.159.190 - - [29/Oct/2022:11:24:41 +0800] "GET /xingrg/all/function/internal_message.html?_=1667013498113&CODE_STATE=getMsg HTTP/1.1" 200 27
124.79.74.72 - - [29/Oct/2022:11:24:42 +0800] "GET /xingrg/all/function/internal_message.html?_=1667013877379&CODE_STATE=getMsg HTTP/1.1" 200 27
124.79.74.72 - - [29/Oct/2022:11:24:42 +0800] "GET /xingrg/check_reg.html?_=1667013877392 HTTP/1.1" 200 22
180.162.109.76 - - [29/Oct/2022:11:24:51 +0800] "GET /xingrg/all/function/internal_message.html?_=1667012952725&CODE_STATE=getMsg HTTP/1.1" 200 27
180.162.109.76 - - [29/Oct/2022:11:24:59 +0800] "POST /xingrg/kc/buy/cgsh_order_operate.html HTTP/1.1" 200 37
183.192.89.222 - - [29/Oct/2022:11:24:59 +0800] "GET /xingrg/all/function/internal_message.html?_=1667013890518&CODE_STATE=getMsg HTTP/1.1" 200 27
116.238.139.35 - - [29/Oct/2022:11:25:00 +0800] "GET /xingrg/all/function/internal_message.html?_=1667013891354&CODE_STATE=getMsg HTTP/1.1" 200 27
101.85.95.132 - - [29/Oct/2022:11:25:02 +0800] "GET /xingrg/all/function/internal_message.html?_=1667013892495&CODE_STATE=getMsg HTTP/1.1" 200 27
180.162.109.76 - - [29/Oct/2022:11:25:03 +0800] "POST /xingrg/kc/buy/cgsh_order_operate.html HTTP/1.1" 200 12
222.69.131.252 - - [29/Oct/2022:11:25:03 +0800] "GET /xingrg/check_reg.html?_=1667013891230 HTTP/1.1" 200 22
116.238.139.35 - - [29/Oct/2022:11:25:03 +0800] "GET /xingrg/all/function/internal_message.html?_=1667013827157&CODE_STATE=getMsg HTTP/1.1" 200 27
222.69.131.252 - - [29/Oct/2022:11:25:03 +0800] "GET /xingrg/all/function/internal_message.html?_=1667013891234&CODE_STATE=getMsg HTTP/1.1" 200 27
180.162.109.76 - - [29/Oct/2022:11:25:04 +0800] "GET /xingrg/kc/buy/cgsh_order_info.html?code=212022102808650 HTTP/1.1" 200 63024
180.162.109.76 - - [29/Oct/2022:11:25:04 +0800] "GET /xingrg/javascript/easyui/themes/default/validatebox.css HTTP/1.1" 404 1104
180.162.109.76 - - [29/Oct/2022:11:25:05 +0800] "POST /xingrg/kc/buy/cgsh_order_operate.html HTTP/1.1" 200 618
124.78.158.69 - - [29/Oct/2022:11:25:05 +0800] "GET /xingrg/kc/buy/cgsh_order_operate.html?command=get_materiel&rest_code=00106&code=00102010429&supplier_code=00100151&order_time=2022-10-29 HTTP/1.1" 200 418
114.84.81.136 - - [29/Oct/2022:11:25:06 +0800] "GET /xingrg/all/function/internal_message.html?_=1667013897553&CODE_STATE=getMsg HTTP/1.1" 302 -
180.162.109.76 - - [29/Oct/2022:11:25:07 +0800] "GET /xingrg/kc/print/load_config.html?kc_code=cgsh HTTP/1.1" 200 1943
180.162.109.76 - - [29/Oct/2022:11:25:07 +0800] "GET /xingrg/kc/print/load_data.html?order_code=212022102808650&kc_code=cgsh&condition= HTTP/1.1" 200 726
221.239.141.151 - - [29/Oct/2022:11:25:14 +0800] "GET /xingrg/all/function/internal_message.html?_=1667013907025&CODE_STATE=getMsg HTTP/1.1" 200 27
124.78.158.69 - - [29/Oct/2022:11:25:17 +0800] "GET /xingrg/kc/buy/cgsh_order_operate.html?command=get_materiel&rest_code=00106&code=00102009760&supplier_code=00100151&order_time=2022-10-29 HTTP/1.1" 200 409
58.40.7.146 - - [29/Oct/2022:11:25:18 +0800] "GET /xingrg/all/function/internal_message.html?_=1667013909299&CODE_STATE=getMsg HTTP/1.1" 302 -
116.230.105.139 - - [29/Oct/2022:11:25:27 +0800] "GET /xingrg/check_reg.html?_=1667013878977 HTTP/1.1" 200 22
116.230.105.139 - - [29/Oct/2022:11:25:27 +0800] "GET /xingrg/all/function/internal_message.html?_=1667013878979&CODE_STATE=getMsg HTTP/1.1" 200 27
222.69.192.207 - - [29/Oct/2022:11:25:29 +0800] "GET /xingrg/all/function/internal_message.html?_=1667013920504&CODE_STATE=getMsg HTTP/1.1" 200 27
221.239.141.151 - - [29/Oct/2022:11:25:32 +0800] "GET /xingrg/all/function/internal_message.html?_=1667013924230&CODE_STATE=getMsg HTTP/1.1" 200 27
218.81.217.29 - - [29/Oct/2022:11:25:35 +0800] "GET /xingrg/all/function/internal_message.html?_=1667013952148&CODE_STATE=getMsg HTTP/1.1" 200 27
180.169.147.146 - - [29/Oct/2022:11:25:35 +0800] "GET /xingrg/all/function/internal_message.html?_=1667013923121&CODE_STATE=getMsg HTTP/1.1" 200 27
180.169.147.146 - - [29/Oct/2022:11:25:38 +0800] "GET /xingrg/all/function/internal_message.html?_=1667013929118&CODE_STATE=getMsg HTTP/1.1" 200 27
124.78.158.69 - - [29/Oct/2022:11:25:39 +0800] "GET /xingrg/all/function/internal_message.html?_=1667013926163&CODE_STATE=getMsg HTTP/1.1" 200 27
114.88.159.190 - - [29/Oct/2022:11:25:41 +0800] "GET /xingrg/all/function/internal_message.html?_=1667013558122&CODE_STATE=getMsg HTTP/1.1" 200 27
124.79.74.72 - - [29/Oct/2022:11:25:42 +0800] "GET /xingrg/all/function/internal_message.html?_=1667013937403&CODE_STATE=getMsg HTTP/1.1" 200 27
180.162.109.76 - - [29/Oct/2022:11:25:51 +0800] "GET /xingrg/all/function/internal_message.html?_=1667013012729&CODE_STATE=getMsg HTTP/1.1" 200 27
124.78.158.69 - - [29/Oct/2022:11:25:51 +0800] "GET /xingrg/kc/buy/cgsh_order_operate.html?command=get_materiel&rest_code=00106&code=00102010562&supplier_code=00100151&order_time=2022-10-29 HTTP/1.1" 200 413
183.192.89.222 - - [29/Oct/2022:11:25:59 +0800] "GET /xingrg/all/function/internal_message.html?_=1667013950522&CODE_STATE=getMsg HTTP/1.1" 200 27
116.238.139.35 - - [29/Oct/2022:11:26:00 +0800] "GET /xingrg/all/function/internal_message.html?_=1667013951354&CODE_STATE=getMsg HTTP/1.1" 200 27
101.85.95.132 - - [29/Oct/2022:11:26:02 +0800] "GET /xingrg/all/function/internal_message.html?_=1667013952510&CODE_STATE=getMsg HTTP/1.1" 200 27
222.69.131.252 - - [29/Oct/2022:11:26:03 +0800] "GET /xingrg/all/function/internal_message.html?_=1667013951232&CODE_STATE=getMsg HTTP/1.1" 200 27
116.238.139.35 - - [29/Oct/2022:11:26:03 +0800] "GET /xingrg/all/function/internal_message.html?_=1667013887171&CODE_STATE=getMsg HTTP/1.1" 200 27
114.84.81.136 - - [29/Oct/2022:11:26:06 +0800] "GET /xingrg/all/function/internal_message.html?_=1667013957554&CODE_STATE=getMsg HTTP/1.1" 302 -
221.239.141.151 - - [29/Oct/2022:11:26:14 +0800] "GET /xingrg/check_reg.html?_=1667013967029 HTTP/1.1" 200 22
221.239.141.151 - - [29/Oct/2022:11:26:14 +0800] "GET /xingrg/all/function/internal_message.html?_=1667013967032&CODE_STATE=getMsg HTTP/1.1" 200 27
124.78.158.69 - - [29/Oct/2022:11:26:16 +0800] "GET /xingrg/kc/buy/cgsh_order_operate.html?command=get_materiel&rest_code=00106&code=00102009758&supplier_code=00100151&order_time=2022-10-29 HTTP/1.1" 200 410
58.40.7.146 - - [29/Oct/2022:11:26:18 +0800] "GET /xingrg/all/function/internal_message.html?_=1667013969272&CODE_STATE=getMsg HTTP/1.1" 302 -
116.230.105.139 - - [29/Oct/2022:11:26:27 +0800] "GET /xingrg/all/function/internal_message.html?_=1667013938965&CODE_STATE=getMsg HTTP/1.1" 200 27
222.69.192.207 - - [29/Oct/2022:11:26:28 +0800] "GET /xingrg/kc/base/wldb_order_add.html HTTP/1.1" 200 30257
222.69.192.207 - - [29/Oct/2022:11:26:28 +0800] "POST /xingrg/kc/base/wldb_order_operate.html HTTP/1.1" 200 6806
222.69.192.207 - - [29/Oct/2022:11:26:28 +0800] "GET /xingrg/javascript/easyui/themes/default/validatebox.css HTTP/1.1" 404 1104
222.69.192.207 - - [29/Oct/2022:11:26:29 +0800] "GET /xingrg/all/function/internal_message.html?_=1667013980487&CODE_STATE=getMsg HTTP/1.1" 200 27
221.239.141.151 - - [29/Oct/2022:11:26:30 +0800] "GET /xingrg/check_reg.html?_=1667013981816 HTTP/1.1" 200 22
221.239.141.151 - - [29/Oct/2022:11:26:32 +0800] "GET /xingrg/all/function/internal_message.html?_=1667013984210&CODE_STATE=getMsg HTTP/1.1" 200 27
222.69.192.207 - - [29/Oct/2022:11:26:32 +0800] "GET /xingrg/check_reg.html?_=1667013983899 HTTP/1.1" 200 22
218.81.217.29 - - [29/Oct/2022:11:26:35 +0800] "GET /xingrg/all/function/internal_message.html?_=1667014012148&CODE_STATE=getMsg HTTP/1.1" 200 27
180.169.147.146 - - [29/Oct/2022:11:26:35 +0800] "GET /xingrg/all/function/internal_message.html?_=1667013983100&CODE_STATE=getMsg HTTP/1.1" 200 27
180.169.147.146 - - [29/Oct/2022:11:26:38 +0800] "GET /xingrg/all/function/internal_message.html?_=1667013989110&CODE_STATE=getMsg HTTP/1.1" 200 27
124.78.158.69 - - [29/Oct/2022:11:26:39 +0800] "GET /xingrg/all/function/internal_message.html?_=1667013986189&CODE_STATE=getMsg HTTP/1.1" 200 27
114.88.159.190 - - [29/Oct/2022:11:26:41 +0800] "GET /xingrg/all/function/internal_message.html?_=1667013618126&CODE_STATE=getMsg HTTP/1.1" 200 27
222.69.192.207 - - [29/Oct/2022:11:26:41 +0800] "GET /xingrg/kc/base/wldb_order_operate.html?command=get_materiel&rest_code=00105&base_code=0010514&code=00101006029 HTTP/1.1" 200 431
124.79.74.72 - - [29/Oct/2022:11:26:42 +0800] "GET /xingrg/all/function/internal_message.html?_=1667013997395&CODE_STATE=getMsg HTTP/1.1" 200 27
222.69.192.207 - - [29/Oct/2022:11:26:46 +0800] "POST /xingrg/all/common/load_combo.html?type=base HTTP/1.1" 200 3409
180.162.109.76 - - [29/Oct/2022:11:26:51 +0800] "GET /xingrg/all/function/internal_message.html?_=1667013072744&CODE_STATE=getMsg HTTP/1.1" 200 27
222.69.192.207 - - [29/Oct/2022:11:26:54 +0800] "GET /xingrg/kc/base/wldb_order_operate.html?command=get_materiel&rest_code=00105&base_code=0010513&code=00101006029 HTTP/1.1" 200 432
183.192.89.222 - - [29/Oct/2022:11:26:59 +0800] "GET /xingrg/all/function/internal_message.html?_=1667014010524&CODE_STATE=getMsg HTTP/1.1" 200 27
116.238.139.35 - - [29/Oct/2022:11:27:00 +0800] "GET /xingrg/all/function/internal_message.html?_=1667014011353&CODE_STATE=getMsg HTTP/1.1" 200 27
101.85.95.132 - - [29/Oct/2022:11:27:02 +0800] "GET /xingrg/all/function/internal_message.html?_=1667014012502&CODE_STATE=getMsg HTTP/1.1" 200 27
222.69.131.252 - - [29/Oct/2022:11:27:03 +0800] "GET /xingrg/all/function/internal_message.html?_=1667014011232&CODE_STATE=getMsg HTTP/1.1" 200 27
116.238.139.35 - - [29/Oct/2022:11:27:03 +0800] "GET /xingrg/all/function/internal_message.html?_=1667013947210&CODE_STATE=getMsg HTTP/1.1" 200 27
222.69.192.207 - - [29/Oct/2022:11:27:06 +0800] "GET /xingrg/kc/report/report_main.html HTTP/1.1" 200 7340
222.69.192.207 - - [29/Oct/2022:11:27:06 +0800] "GET /xingrg/css/blue.css HTTP/1.1" 304 -
222.69.192.207 - - [29/Oct/2022:11:27:06 +0800] "GET /xingrg/javascript/jquery_ui/themes/humanity/humanity.css HTTP/1.1" 304 -
222.69.192.207 - - [29/Oct/2022:11:27:06 +0800] "GET /xingrg/javascript/myfunction.js HTTP/1.1" 304 -
124.78.158.69 - - [29/Oct/2022:11:27:06 +0800] "GET /xingrg/kc/buy/cgsh_order_operate.html?command=get_materiel&rest_code=00106&code=00102009404&supplier_code=00100151&order_time=2022-10-29 HTTP/1.1" 200 414
114.84.81.136 - - [29/Oct/2022:11:27:06 +0800] "GET /xingrg/all/function/internal_message.html?_=1667014017556&CODE_STATE=getMsg HTTP/1.1" 302 -
222.69.192.207 - - [29/Oct/2022:11:27:06 +0800] "GET /xingrg/javascript/jquery_easy_ui/themes/icons/back_new.png HTTP/1.1" 304 -
222.69.192.207 - - [29/Oct/2022:11:27:08 +0800] "GET /xingrg/kc/base/crk_hz.html HTTP/1.1" 200 11247
222.69.192.207 - - [29/Oct/2022:11:27:08 +0800] "GET /xingrg/css/table.css HTTP/1.1" 304 -
222.69.192.207 - - [29/Oct/2022:11:27:08 +0800] "GET /xingrg/javascript/step/step.css HTTP/1.1" 200 999
222.69.192.207 - - [29/Oct/2022:11:27:08 +0800] "POST /xingrg/kc/cost/cost_operate.html?command=get_base_tree HTTP/1.1" 200 2657
222.69.192.207 - - [29/Oct/2022:11:27:08 +0800] "POST /xingrg/all/common/load_tree.html?tree=materiel_sort_tree_json HTTP/1.1" 200 9500
101.85.95.132 - - [29/Oct/2022:11:27:08 +0800] "GET /xingrg/kc/buy/cgsh_order_operate.html?command=get_materiel&rest_code=00142&code=00101028032&supplier_code=00100156&order_time=2022-10-29 HTTP/1.1" 200 439
222.69.192.207 - - [29/Oct/2022:11:27:08 +0800] "GET /xingrg/javascript/jquery_easy_ui/themes/default/images/button_a_bg.gif HTTP/1.1" 304 -
222.69.192.207 - - [29/Oct/2022:11:27:08 +0800] "GET /xingrg/javascript/jquery_easy_ui/themes/default/images/button_span_bg.gif HTTP/1.1" 304 -
222.69.192.207 - - [29/Oct/2022:11:27:08 +0800] "GET /xingrg/javascript/jquery_easy_ui/themes/default/images/menu.gif HTTP/1.1" 200 834
222.69.192.207 - - [29/Oct/2022:11:27:08 +0800] "GET /xingrg/javascript/jquery_easy_ui/themes/default/images/combo_arrow_dot.gif HTTP/1.1" 304 -
222.69.192.207 - - [29/Oct/2022:11:27:08 +0800] "GET /xingrg/javascript/jquery_easy_ui/themes/icons/search.png HTTP/1.1" 304 -
222.69.192.207 - - [29/Oct/2022:11:27:08 +0800] "GET /xingrg/javascript/jquery_easy_ui/themes/icons/print.png HTTP/1.1" 304 -
222.69.192.207 - - [29/Oct/2022:11:27:08 +0800] "GET /xingrg/javascript/jquery_easy_ui/themes/default/images/calendar_nextmonth.gif HTTP/1.1" 200 64
222.69.192.207 - - [29/Oct/2022:11:27:08 +0800] "GET /xingrg/javascript/jquery_easy_ui/themes/default/images/menu_downarrow.png HTTP/1.1" 304 -
222.69.192.207 - - [29/Oct/2022:11:27:08 +0800] "GET /xingrg/javascript/jquery_easy_ui/themes/default/images/calendar_nextyear.gif HTTP/1.1" 200 75
222.69.192.207 - - [29/Oct/2022:11:27:08 +0800] "GET /xingrg/javascript/jquery_easy_ui/themes/default/images/calendar_prevmonth.gif HTTP/1.1" 200 66
222.69.192.207 - - [29/Oct/2022:11:27:08 +0800] "GET /xingrg/javascript/jquery_easy_ui/themes/default/images/calendar_prevyear.gif HTTP/1.1" 200 76
222.69.192.207 - - [29/Oct/2022:11:27:09 +0800] "GET /xingrg/javascript/jquery_easy_ui/themes/default/images/tree_checkbox_0.gif HTTP/1.1" 304 -
221.239.141.151 - - [29/Oct/2022:11:27:14 +0800] "GET /xingrg/all/function/internal_message.html?_=1667014027035&CODE_STATE=getMsg HTTP/1.1" 200 27
222.69.192.207 - - [29/Oct/2022:11:27:15 +0800] "GET /xingrg/javascript/jquery_easy_ui/themes/default/images/tree_checkbox_1.gif HTTP/1.1" 304 -
222.69.192.207 - - [29/Oct/2022:11:27:15 +0800] "GET /xingrg/javascript/jquery_easy_ui/themes/default/images/tree_checkbox_2.gif HTTP/1.1" 304 -
222.69.192.207 - - [29/Oct/2022:11:27:17 +0800] "GET /xingrg/kc/base/crk_hz.html?_=1667014028269&command=get_cost_id&end_date=2022-10-31&start_date=2022-10-01 HTTP/1.1" 200 51
222.69.192.207 - - [29/Oct/2022:11:27:17 +0800] "GET /xingrg/javascript/multi_select/jqueryMultiSelect.css HTTP/1.1" 200 951
222.69.192.207 - - [29/Oct/2022:11:27:17 +0800] "GET /xingrg/javascript/bigrid/fix.css HTTP/1.1" 200 1702
222.69.192.207 - - [29/Oct/2022:11:27:17 +0800] "GET /xingrg/javascript/calendar/timePicker.css HTTP/1.1" 200 523
222.69.192.207 - - [29/Oct/2022:11:27:17 +0800] "GET /xingrg/javascript/Calendar.js HTTP/1.1" 304 -
222.69.192.207 - - [29/Oct/2022:11:27:17 +0800] "GET /xingrg/all/report/report_query.html?isQuery=1&onlyBody=1&rh=99999&rw=1800&varString=start:20221001,cost_id:3921,mid:20221001&fileName=kc/base/crk_hz_type_by_base.xml&queryString=%20a.base_code%20in%20('0010513')%20&queryText=ÈÕÆÚ£º2022-10-01ÖÁ2022-10-31%20²Ö¿â£ºÔÁ²Ë&tableQueryString=materiel_table$sp1$$sp$before_table$sp1$$sp$crk_table$sp1$order_day%20between%2020221001%20and%2020221031 HTTP/1.1" 200 49399
222.69.192.207 - - [29/Oct/2022:11:27:17 +0800] "GET /xingrg/dwr/interface/AjaxReportQueryService.js HTTP/1.1" 200 13203
222.69.192.207 - - [29/Oct/2022:11:27:17 +0800] "GET /xingrg/javascript/jqueryMultiSelect.js HTTP/1.1" 200 11866
222.69.192.207 - - [29/Oct/2022:11:27:17 +0800] "GET /xingrg/javascript/calendar/jquery.timePicker.min.js HTTP/1.1" 200 2997
222.69.192.207 - - [29/Oct/2022:11:27:17 +0800] "GET /xingrg/javascript/bigrid/fix.js HTTP/1.1" 200 6439
222.69.192.207 - - [29/Oct/2022:11:27:17 +0800] "GET /xingrg/dwr/engine.js HTTP/1.1" 200 43631
222.69.192.207 - - [29/Oct/2022:11:27:17 +0800] "GET /xingrg/dwr/util.js HTTP/1.1" 200 35990
222.69.192.207 - - [29/Oct/2022:11:27:17 +0800] "GET /xingrg/images/blue/button/advanceover.gif HTTP/1.1" 200 1347
222.69.192.207 - - [29/Oct/2022:11:27:17 +0800] "GET /xingrg/images/blue/button/back2over.gif HTTP/1.1" 200 1335
222.69.192.207 - - [29/Oct/2022:11:27:17 +0800] "GET /xingrg/images/blue/button/advance2over.gif HTTP/1.1" 200 1336
222.69.192.207 - - [29/Oct/2022:11:27:17 +0800] "GET /xingrg/images/blue/button/backover.gif HTTP/1.1" 200 1348
222.69.192.207 - - [29/Oct/2022:11:27:17 +0800] "GET /xingrg/javascript/jquery_easy_ui/themes/icons/help.png HTTP/1.1" 200 1187
222.69.192.207 - - [29/Oct/2022:11:27:17 +0800] "GET /xingrg/images/control/loading.gif HTTP/1.1" 200 13463
222.69.192.207 - - [29/Oct/2022:11:27:18 +0800] "POST /xingrg/all/report/load_report_page.html HTTP/1.1" 200 94580
222.69.192.207 - - [29/Oct/2022:11:27:18 +0800] "GET /xingrg/servlets/image?cache=0.2011415349125938&image=px HTTP/1.1" 200 807
58.40.7.146 - - [29/Oct/2022:11:27:18 +0800] "GET /xingrg/all/function/internal_message.html?_=1667014029259&CODE_STATE=getMsg HTTP/1.1" 302 -
222.69.192.207 - - [29/Oct/2022:11:27:21 +0800] "POST /xingrg/all/report/load_report_page.html HTTP/1.1" 200 94580
222.69.192.207 - - [29/Oct/2022:11:27:21 +0800] "GET /xingrg/servlets/image?cache=0.6801628982706656&image=px HTTP/1.1" 200 807
222.69.192.207 - - [29/Oct/2022:11:27:24 +0800] "POST /xingrg/all/report/load_report_page.html HTTP/1.1" 200 94674
222.69.192.207 - - [29/Oct/2022:11:27:24 +0800] "GET /xingrg/servlets/image?cache=0.21457615715141531&image=px HTTP/1.1" 200 807
116.230.105.139 - - [29/Oct/2022:11:27:27 +0800] "GET /xingrg/all/function/internal_message.html?_=1667013998978&CODE_STATE=getMsg HTTP/1.1" 200 27
180.169.147.146 - - [29/Oct/2022:11:27:28 +0800] "GET /xingrg/check_reg.html?_=1667014035769 HTTP/1.1" 200 22
222.69.192.207 - - [29/Oct/2022:11:27:29 +0800] "GET /xingrg/all/function/internal_message.html?_=1667014040460&CODE_STATE=getMsg HTTP/1.1" 200 27
222.69.192.207 - - [29/Oct/2022:11:27:31 +0800] "GET /xingrg/dwr/interface/AjaxReportQueryService.js HTTP/1.1" 200 13203
222.69.192.207 - - [29/Oct/2022:11:27:31 +0800] "GET /xingrg/all/report/report_query.html?fileName=kc/base/rk_by_base.xml&rh=9999 HTTP/1.1" 200 51953
222.69.192.207 - - [29/Oct/2022:11:27:31 +0800] "GET /xingrg/dwr/engine.js HTTP/1.1" 200 43631
222.69.192.207 - - [29/Oct/2022:11:27:32 +0800] "GET /xingrg/javascript/jquery_easy_ui/themes/icons/pencil.png HTTP/1.1" 304 -
222.69.192.207 - - [29/Oct/2022:11:27:32 +0800] "POST /xingrg/dwr/call/plaincall/AjaxReportQueryService.getFixDate.dwr HTTP/1.1" 200 111
222.69.192.207 - - [29/Oct/2022:11:27:32 +0800] "GET /xingrg/javascript/jquery_easy_ui/themes/default/images/menu_rightarrow.png HTTP/1.1" 200 3617
101.85.95.132 - - [29/Oct/2022:11:27:32 +0800] "GET /xingrg/kc/buy/cgsh_order_operate.html?command=get_materiel&rest_code=00142&code=00101029022&supplier_code=00100156&order_time=2022-10-29 HTTP/1.1" 200 474
222.69.192.207 - - [29/Oct/2022:11:27:32 +0800] "POST /xingrg/all/common/load_tree.html?tree=materiel_sort_tree_json HTTP/1.1" 200 9500
222.69.192.207 - - [29/Oct/2022:11:27:32 +0800] "POST /xingrg/dwr/call/plaincall/AjaxReportQueryService.getInitString.dwr HTTP/1.1" 200 1062
222.69.192.207 - - [29/Oct/2022:11:27:32 +0800] "GET /xingrg/javascript/multi_select/dropdown.gif HTTP/1.1" 200 61
221.239.141.151 - - [29/Oct/2022:11:27:32 +0800] "GET /xingrg/all/function/internal_message.html?_=1667014044210&CODE_STATE=getMsg HTTP/1.1" 200 27
101.85.95.132 - - [29/Oct/2022:11:27:34 +0800] "POST /xingrg/all/common/load_select.html HTTP/1.1" 200 25
222.69.192.207 - - [29/Oct/2022:11:27:35 +0800] "GET /xingrg/javascript/multi_select/dropdown_hover.gif HTTP/1.1" 200 61
180.169.147.146 - - [29/Oct/2022:11:27:35 +0800] "GET /xingrg/all/function/internal_message.html?_=1667014043082&CODE_STATE=getMsg HTTP/1.1" 200 27
218.81.217.29 - - [29/Oct/2022:11:27:35 +0800] "GET /xingrg/all/function/internal_message.html?_=1667014072404&CODE_STATE=getMsg HTTP/1.1" 200 27
222.69.192.207 - - [29/Oct/2022:11:27:36 +0800] "GET /xingrg/javascript/multi_select/dropdown_active.gif HTTP/1.1" 200 61
180.169.147.146 - - [29/Oct/2022:11:27:38 +0800] "GET /xingrg/all/function/internal_message.html?_=1667014049121&CODE_STATE=getMsg HTTP/1.1" 200 27
101.85.95.132 - - [29/Oct/2022:11:27:38 +0800] "GET /xingrg/kc/buy/cgsh_order_operate.html?command=get_materiel_price&rest_code=00142&code=00101029022&unit_code=00100157&supplier_code=00100156&order_time=2022-10-29 HTTP/1.1" 200 29
124.78.158.69 - - [29/Oct/2022:11:27:39 +0800] "GET /xingrg/all/function/internal_message.html?_=1667014046146&CODE_STATE=getMsg HTTP/1.1" 200 27
222.69.192.207 - - [29/Oct/2022:11:27:40 +0800] "POST /xingrg/dwr/call/plaincall/AjaxReportQueryService.refreshCache.dwr HTTP/1.1" 200 78
222.69.192.207 - - [29/Oct/2022:11:27:40 +0800] "POST /xingrg/all/report/load_report_page.html HTTP/1.1" 200 7453
222.69.192.207 - - [29/Oct/2022:11:27:40 +0800] "GET /xingrg/servlets/image?cache=0.8835997032819042&image=px HTTP/1.1" 200 807
114.88.159.190 - - [29/Oct/2022:11:27:41 +0800] "GET /xingrg/all/function/internal_message.html?_=1667013678120&CODE_STATE=getMsg HTTP/1.1" 200 27
114.88.159.190 - - [29/Oct/2022:11:27:41 +0800] "GET /xingrg/check_reg.html?_=1667013678122 HTTP/1.1" 200 22
222.69.192.207 - - [29/Oct/2022:11:27:42 +0800] "POST /xingrg/all/report/load_report_page.html HTTP/1.1" 200 7453
222.69.192.207 - - [29/Oct/2022:11:27:42 +0800] "GET /xingrg/servlets/image?cache=0.6792036774915574&image=px HTTP/1.1" 200 807
124.79.74.72 - - [29/Oct/2022:11:27:42 +0800] "GET /xingrg/all/function/internal_message.html?_=1667014057404&CODE_STATE=getMsg HTTP/1.1" 200 27
124.78.158.69 - - [29/Oct/2022:11:27:42 +0800] "GET /xingrg/kc/buy/cgsh_order_operate.html?command=get_materiel&rest_code=00106&code=00102009684&supplier_code=00100151&order_time=2022-10-29 HTTP/1.1" 200 409
222.69.192.207 - - [29/Oct/2022:11:27:44 +0800] "POST /xingrg/all/report/load_report_page.html HTTP/1.1" 200 7453
222.69.192.207 - - [29/Oct/2022:11:27:44 +0800] "GET /xingrg/servlets/image?cache=0.5098284085714458&image=px HTTP/1.1" 200 807
222.69.192.207 - - [29/Oct/2022:11:27:45 +0800] "GET /xingrg/all/report/report_query.html?isQuery=1&fileName=kc/base/crk_detail_by_small.xml&rh=99999&queryString=&queryText=%25E3%2580%2590%25E4%25BB%2593%25E5%25BA%2593%25E5%2590%258D%25E7%25A7%25B0%253A%25E7%25B2%25A4%25E8%258F%259C%25E3%2580%2591%25E3%2580%2590%25E4%25B8%259A%25E5%258A%25A1%25E7%25B1%25BB%25E5%259E%258B%25EF%25BC%259A%25E9%2587%2587%25E8%25B4%25AD%25E5%2585%25A5%25E5%25BA%2593%25E3%2580%2591%2520%25E3%2580%2590%25E6%259F%25A5%25E8%25AF%25A2%25E6%2597%25A5%25E6%259C%259F%253A2022-10-01%2520%25E8%2587%25B3%25202022-10-31%25E3%2580%2591%2520%25E5%25B9%25B6%25E4%25B8%2594%2520%2520%25E3%2580%2590%25E4%25BB%2593%25E5%25BA%2593%25E5%2590%258D%25E7%25A7%25B0%2520%253D%2520%25E7%25B2%25A4%25E8%258F%259C%25E3%2580%2591&tableQueryString=crk_table%2524sp1%2524(a.order_day%2520between%252020221001%2520and%252020221031)%2520and%2520(base_code%253D'0010513')%2520and%2520(src_order_type%2520in%2520(21%252C23))%2520and%2520(is_rk%2520in%2520(0%252C1)) HTTP/1.1" 200 53843
222.69.192.207 - - [29/Oct/2022:11:27:45 +0800] "GET /xingrg/dwr/interface/AjaxReportQueryService.js HTTP/1.1" 200 13203
222.69.192.207 - - [29/Oct/2022:11:27:45 +0800] "GET /xingrg/dwr/engine.js HTTP/1.1" 200 43631
222.69.192.207 - - [29/Oct/2022:11:27:46 +0800] "POST /xingrg/all/report/load_report_page.html HTTP/1.1" 200 54289
222.69.192.207 - - [29/Oct/2022:11:27:46 +0800] "GET /xingrg/servlets/image?cache=0.7958750856555453&image=px HTTP/1.1" 200 807
180.162.109.76 - - [29/Oct/2022:11:27:51 +0800] "GET /xingrg/all/function/internal_message.html?_=1667013132745&CODE_STATE=getMsg HTTP/1.1" 200 27
101.85.95.132 - - [29/Oct/2022:11:27:52 +0800] "GET /xingrg/kc/buy/cgsh_order_operate.html?command=get_materiel&rest_code=00142&code=00101029002&supplier_code=00100156&order_time=2022-10-29 HTTP/1.1" 200 471
222.69.192.207 - - [29/Oct/2022:11:27:52 +0800] "GET /xingrg/all/report/report_query.html?isQuery=1&fileName=kc/base/crk_detail_by_materiel.xml&queryString=&queryText=%25E3%2580%2590%25E4%25BB%2593%25E5%25BA%2593%25E5%2590%258D%25E7%25A7%25B0%253A%25E7%25B2%25A4%25E8%258F%259C%25E3%2580%2591%25E3%2580%2590%25E4%25B8%259A%25E5%258A%25A1%25E7%25B1%25BB%25E5%259E%258B%25EF%25BC%259A%25E9%2587%2587%25E8%25B4%25AD%25E5%2585%25A5%25E5%25BA%2593%25E3%2580%2591%2520%25E3%2580%2590%25E6%259F%25A5%25E8%25AF%25A2%25E6%2597%25A5%25E6%259C%259F%253A2022-10-01%2520%25E8%2587%25B3%25202022-10-31%25E3%2580%2591%2520%25E5%25B9%25B6%25E4%25B8%2594%2520%2520%25E3%2580%2590%25E4%25BB%2593%25E5%25BA%2593%25E5%2590%258D%25E7%25A7%25B0%2520%253D%2520%25E7%25B2%25A4%25E8%258F%259C%25E3%2580%2591&tableQueryString=crk_table%2524sp1%2524(a.order_day%2520between%252020221001%2520and%252020221031)%2520and%2520(base_code%253D'0010513')%2520and%2520(src_order_type%2520in%2520(21%252C23))%2520and%2520(is_rk%2520in%2520(0%252C1))%2520and%2520(m.sort_code%253D'00101006') HTTP/1.1" 200 53870
222.69.192.207 - - [29/Oct/2022:11:27:53 +0800] "GET /xingrg/dwr/interface/AjaxReportQueryService.js HTTP/1.1" 200 13203
222.69.192.207 - - [29/Oct/2022:11:27:53 +0800] "GET /xingrg/dwr/engine.js HTTP/1.1" 200 43631
222.69.192.207 - - [29/Oct/2022:11:27:53 +0800] "POST /xingrg/all/report/load_report_page.html HTTP/1.1" 200 50179
101.85.95.132 - - [29/Oct/2022:11:27:53 +0800] "POST /xingrg/all/common/load_select.html HTTP/1.1" 200 25
222.69.192.207 - - [29/Oct/2022:11:27:53 +0800] "GET /xingrg/images/blue/button/back2.gif HTTP/1.1" 200 1339
222.69.192.207 - - [29/Oct/2022:11:27:53 +0800] "GET /xingrg/images/blue/button/back.gif HTTP/1.1" 200 1352
222.69.192.207 - - [29/Oct/2022:11:27:53 +0800] "GET /xingrg/servlets/image?cache=0.29702900829600143&image=px HTTP/1.1" 200 807
124.78.158.69 - - [29/Oct/2022:11:27:56 +0800] "POST /xingrg/kc/buy/cgsh_order_operate.html HTTP/1.1" 200 37
