116.230.105.139 - - [29/Oct/2022:11:35:27 +0800] "GET /xingrg/all/function/internal_message.html?_=1667014478976&CODE_STATE=getMsg HTTP/1.1" 200 27
116.230.105.139 - - [29/Oct/2022:11:35:27 +0800] "GET /xingrg/check_reg.html?_=1667014478978 HTTP/1.1" 200 22
101.85.95.132 - - [29/Oct/2022:11:35:27 +0800] "POST /xingrg/kc/buy/cgsh_order_operate.html HTTP/1.1" 200 37
101.85.95.132 - - [29/Oct/2022:11:35:31 +0800] "POST /xingrg/kc/buy/cgsh_order_operate.html HTTP/1.1" 200 12
101.85.95.132 - - [29/Oct/2022:11:35:32 +0800] "GET /xingrg/kc/buy/cgsh_order_info.html?code=212022102908984 HTTP/1.1" 200 63066
221.239.141.151 - - [29/Oct/2022:11:35:32 +0800] "GET /xingrg/all/function/internal_message.html?_=1667014524133&CODE_STATE=getMsg HTTP/1.1" 200 27
101.85.95.132 - - [29/Oct/2022:11:35:32 +0800] "GET /xingrg/javascript/easyui/themes/default/validatebox.css HTTP/1.1" 404 1104
101.85.95.132 - - [29/Oct/2022:11:35:33 +0800] "POST /xingrg/kc/buy/cgsh_order_operate.html HTTP/1.1" 200 2361
101.85.95.132 - - [29/Oct/2022:11:35:34 +0800] "GET /xingrg/kc/print/load_data.html?order_code=212022102908984&kc_code=cgsh&condition= HTTP/1.1" 200 1429
180.169.147.146 - - [29/Oct/2022:11:35:35 +0800] "GET /xingrg/all/function/internal_message.html?_=1667014522904&CODE_STATE=getMsg HTTP/1.1" 200 27
218.81.217.29 - - [29/Oct/2022:11:35:36 +0800] "GET /xingrg/all/function/internal_message.html?_=1667014553467&CODE_STATE=getMsg HTTP/1.1" 200 27
222.69.192.207 - - [29/Oct/2022:11:35:37 +0800] "POST /xingrg/kc/base/check_list_operate.html HTTP/1.1" 200 4922
180.169.147.146 - - [29/Oct/2022:11:35:38 +0800] "GET /xingrg/all/function/internal_message.html?_=1667014529118&CODE_STATE=getMsg HTTP/1.1" 200 27
124.78.158.69 - - [29/Oct/2022:11:35:39 +0800] "GET /xingrg/all/function/internal_message.html?_=1667014525930&CODE_STATE=getMsg HTTP/1.1" 200 27
101.85.95.132 - - [29/Oct/2022:11:35:40 +0800] "POST /xingrg/kc/buy/cgsh_list_operate.html HTTP/1.1" 200 986
114.88.159.190 - - [29/Oct/2022:11:35:41 +0800] "GET /xingrg/all/function/internal_message.html?_=1667014158156&CODE_STATE=getMsg HTTP/1.1" 200 27
222.69.192.207 - - [29/Oct/2022:11:35:42 +0800] "GET /xingrg/kc/base/check_order_info.html?code=452022093000235 HTTP/1.1" 200 22858
222.69.192.207 - - [29/Oct/2022:11:35:42 +0800] "GET /xingrg/dwr/interface/AjaxComOrderService.js HTTP/1.1" 200 18264
222.69.192.207 - - [29/Oct/2022:11:35:42 +0800] "GET /xingrg/dwr/interface/AjaxCheckService.js HTTP/1.1" 200 14003
222.69.192.207 - - [29/Oct/2022:11:35:42 +0800] "GET /xingrg/dwr/engine.js HTTP/1.1" 200 43631
124.79.74.72 - - [29/Oct/2022:11:35:42 +0800] "GET /xingrg/all/function/internal_message.html?_=1667014537398&CODE_STATE=getMsg HTTP/1.1" 200 27
222.69.192.207 - - [29/Oct/2022:11:35:43 +0800] "POST /xingrg/dwr/call/plaincall/AjaxCheckService.loadOrderItems.dwr HTTP/1.1" 200 3992
180.162.109.76 - - [29/Oct/2022:11:35:51 +0800] "GET /xingrg/all/function/internal_message.html?_=1667013612749&CODE_STATE=getMsg HTTP/1.1" 200 27
183.192.89.222 - - [29/Oct/2022:11:35:59 +0800] "GET /xingrg/all/function/internal_message.html?_=1667014550523&CODE_STATE=getMsg HTTP/1.1" 200 27
222.69.192.207 - - [29/Oct/2022:11:36:00 +0800] "GET /xingrg/all/function/internal_message.html?_=1667014551511&CODE_STATE=getMsg HTTP/1.1" 200 27
116.238.139.35 - - [29/Oct/2022:11:36:01 +0800] "GET /xingrg/all/function/internal_message.html?_=1667014551395&CODE_STATE=getMsg HTTP/1.1" 200 27
101.85.95.132 - - [29/Oct/2022:11:36:02 +0800] "GET /xingrg/all/function/internal_message.html?_=1667014552519&CODE_STATE=getMsg HTTP/1.1" 200 27
222.69.131.252 - - [29/Oct/2022:11:36:03 +0800] "GET /xingrg/all/function/internal_message.html?_=1667014551264&CODE_STATE=getMsg HTTP/1.1" 200 27
116.238.139.35 - - [29/Oct/2022:11:36:03 +0800] "GET /xingrg/all/function/internal_message.html?_=1667014487338&CODE_STATE=getMsg HTTP/1.1" 200 27
114.84.81.136 - - [29/Oct/2022:11:36:06 +0800] "GET /xingrg/all/function/internal_message.html?_=1667014557584&CODE_STATE=getMsg HTTP/1.1" 302 -
180.162.109.76 - - [29/Oct/2022:11:36:12 +0800] "GET /xingrg/kc/report/report_main.html HTTP/1.1" 200 7340
180.162.109.76 - - [29/Oct/2022:11:36:14 +0800] "GET /xingrg/all/report/report_query.html?fileName=kc/buy/gys_amount.xml&rh=99999 HTTP/1.1" 200 52006
180.162.109.76 - - [29/Oct/2022:11:36:14 +0800] "GET /xingrg/dwr/interface/AjaxReportQueryService.js HTTP/1.1" 200 13203
180.162.109.76 - - [29/Oct/2022:11:36:14 +0800] "GET /xingrg/dwr/engine.js HTTP/1.1" 200 43631
180.162.109.76 - - [29/Oct/2022:11:36:14 +0800] "POST /xingrg/dwr/call/plaincall/AjaxReportQueryService.getFixDate.dwr HTTP/1.1" 200 111
180.162.109.76 - - [29/Oct/2022:11:36:14 +0800] "POST /xingrg/all/common/load_tree.html?tree=supplier_tree_json&manage=1 HTTP/1.1" 200 70836
180.162.109.76 - - [29/Oct/2022:11:36:14 +0800] "POST /xingrg/all/common/load_tree.html?tree=materiel_sort_tree_json HTTP/1.1" 200 9500
180.162.109.76 - - [29/Oct/2022:11:36:16 +0800] "POST /xingrg/dwr/call/plaincall/AjaxReportQueryService.getInitString.dwr HTTP/1.1" 200 411
58.40.7.146 - - [29/Oct/2022:11:36:18 +0800] "GET /xingrg/all/function/internal_message.html?_=1667014569106&CODE_STATE=getMsg HTTP/1.1" 302 -
180.162.109.76 - - [29/Oct/2022:11:36:20 +0800] "POST /xingrg/dwr/call/plaincall/AjaxReportQueryService.refreshCache.dwr HTTP/1.1" 200 78
180.162.109.76 - - [29/Oct/2022:11:36:22 +0800] "POST /xingrg/all/report/load_report_page.html HTTP/1.1" 200 29897
180.162.109.76 - - [29/Oct/2022:11:36:22 +0800] "GET /xingrg/servlets/image?cache=0.5180349314156865&image=px HTTP/1.1" 200 807
116.230.105.139 - - [29/Oct/2022:11:36:27 +0800] "GET /xingrg/all/function/internal_message.html?_=1667014538969&CODE_STATE=getMsg HTTP/1.1" 200 27
221.239.141.151 - - [29/Oct/2022:11:36:30 +0800] "GET /xingrg/check_reg.html?_=1667014581782 HTTP/1.1" 200 22
221.239.141.151 - - [29/Oct/2022:11:36:32 +0800] "GET /xingrg/all/function/internal_message.html?_=1667014584122&CODE_STATE=getMsg HTTP/1.1" 200 27
180.169.147.146 - - [29/Oct/2022:11:36:35 +0800] "GET /xingrg/kc/buy/cgsh_order_operate.html?command=get_materiel&rest_code=00147&code=00101006055&supplier_code=00100015&order_time=2022-10-29 HTTP/1.1" 200 409
180.169.147.146 - - [29/Oct/2022:11:36:35 +0800] "GET /xingrg/all/function/internal_message.html?_=1667014582888&CODE_STATE=getMsg HTTP/1.1" 200 27
218.81.217.29 - - [29/Oct/2022:11:36:36 +0800] "GET /xingrg/all/function/internal_message.html?_=1667014613470&CODE_STATE=getMsg HTTP/1.1" 200 27
180.169.147.146 - - [29/Oct/2022:11:36:38 +0800] "GET /xingrg/all/function/internal_message.html?_=1667014589126&CODE_STATE=getMsg HTTP/1.1" 200 27
124.78.158.69 - - [29/Oct/2022:11:36:39 +0800] "GET /xingrg/all/function/internal_message.html?_=1667014585899&CODE_STATE=getMsg HTTP/1.1" 200 27
180.162.109.76 - - [29/Oct/2022:11:36:40 +0800] "GET /xingrg/all/report/report_query.html?isQuery=1&fileName=kc/buy/wlcg_cate_hz.xml&queryString=(CONVERT(char(10)%252Ca.order_time%252C%2520120)%253E%253D'2022-10-01')%2520and%2520(CONVERT(char(10)%252Ca.order_time%252C%2520120)%253C%253D'2022-10-31')%2520and%2520(a.supplier_code%253D'00100376')&queryText=%25E3%2580%2590%25E9%2587%2587%25E8%25B4%25AD%25E6%2597%25A5%25E6%259C%259F%253A2022-10-01%2520%25E8%2587%25B3%25202022-10-31%25E3%2580%2591%2520%25E5%25B9%25B6%25E4%25B8%2594%2520%25E3%2580%2590%25E4%25BE%259B%25E5%25BA%2594%25E5%2595%2586%253D%25E6%2599%25BA%25E7%2590%25AA%25E6%25B0%25B4%25E5%258F%2591*%25E7%2581%25AB%25E9%2594%2585%25E3%2580%2591 HTTP/1.1" 200 54357
180.162.109.76 - - [29/Oct/2022:11:36:40 +0800] "GET /xingrg/dwr/interface/AjaxReportQueryService.js HTTP/1.1" 200 13203
180.162.109.76 - - [29/Oct/2022:11:36:40 +0800] "GET /xingrg/dwr/engine.js HTTP/1.1" 200 43631
114.88.159.190 - - [29/Oct/2022:11:36:41 +0800] "GET /xingrg/all/function/internal_message.html?_=1667014218150&CODE_STATE=getMsg HTTP/1.1" 200 27
180.162.109.76 - - [29/Oct/2022:11:36:42 +0800] "POST /xingrg/all/report/load_report_page.html HTTP/1.1" 200 8721
180.162.109.76 - - [29/Oct/2022:11:36:42 +0800] "GET /xingrg/servlets/image?cache=0.17570525038638085&image=px HTTP/1.1" 200 807
124.79.74.72 - - [29/Oct/2022:11:36:42 +0800] "GET /xingrg/all/function/internal_message.html?_=1667014597405&CODE_STATE=getMsg HTTP/1.1" 200 27
180.169.147.146 - - [29/Oct/2022:11:36:47 +0800] "GET /xingrg/kc/buy/cgsh_order_operate.html?command=get_materiel&rest_code=00147&code=00101006113&supplier_code=00100015&order_time=2022-10-29 HTTP/1.1" 200 413
180.162.109.76 - - [29/Oct/2022:11:36:47 +0800] "POST /xingrg/all/report/load_report_page.html HTTP/1.1" 200 16405
180.162.109.76 - - [29/Oct/2022:11:36:47 +0800] "GET /xingrg/servlets/image?cache=0.18934553373165242&image=px HTTP/1.1" 200 807
180.162.109.76 - - [29/Oct/2022:11:36:51 +0800] "GET /xingrg/all/function/internal_message.html?_=1667013672757&CODE_STATE=getMsg HTTP/1.1" 200 27
180.162.109.76 - - [29/Oct/2022:11:36:52 +0800] "POST /xingrg/all/report/report_print.html HTTP/1.1" 200 6144
183.192.89.222 - - [29/Oct/2022:11:36:59 +0800] "GET /xingrg/all/function/internal_message.html?_=1667014610524&CODE_STATE=getMsg HTTP/1.1" 200 27
222.69.192.207 - - [29/Oct/2022:11:37:00 +0800] "GET /xingrg/all/function/internal_message.html?_=1667014611512&CODE_STATE=getMsg HTTP/1.1" 200 27
116.238.139.35 - - [29/Oct/2022:11:37:01 +0800] "GET /xingrg/all/function/internal_message.html?_=1667014611400&CODE_STATE=getMsg HTTP/1.1" 200 27
101.85.95.132 - - [29/Oct/2022:11:37:02 +0800] "GET /xingrg/all/function/internal_message.html?_=1667014612512&CODE_STATE=getMsg HTTP/1.1" 200 27
222.69.131.252 - - [29/Oct/2022:11:37:03 +0800] "GET /xingrg/all/function/internal_message.html?_=1667014611268&CODE_STATE=getMsg HTTP/1.1" 200 27
116.238.139.35 - - [29/Oct/2022:11:37:03 +0800] "GET /xingrg/all/function/internal_message.html?_=1667014547378&CODE_STATE=getMsg HTTP/1.1" 200 27
180.169.147.146 - - [29/Oct/2022:11:37:06 +0800] "GET /xingrg/kc/buy/cgsh_order_operate.html?command=get_materiel&rest_code=00147&code=00101006029&supplier_code=00100015&order_time=2022-10-29 HTTP/1.1" 200 430
114.84.81.136 - - [29/Oct/2022:11:37:06 +0800] "GET /xingrg/all/function/internal_message.html?_=1667014617586&CODE_STATE=getMsg HTTP/1.1" 302 -
58.40.7.146 - - [29/Oct/2022:11:37:18 +0800] "GET /xingrg/all/function/internal_message.html?_=1667014629080&CODE_STATE=getMsg HTTP/1.1" 302 -
180.169.147.146 - - [29/Oct/2022:11:37:18 +0800] "GET /xingrg/kc/buy/cgsh_order_operate.html?command=get_materiel&rest_code=00147&code=00101006062&supplier_code=00100015&order_time=2022-10-29 HTTP/1.1" 200 409
116.230.105.139 - - [29/Oct/2022:11:37:27 +0800] "GET /xingrg/all/function/internal_message.html?_=1667014598973&CODE_STATE=getMsg HTTP/1.1" 200 27
180.169.147.146 - - [29/Oct/2022:11:37:28 +0800] "GET /xingrg/check_reg.html?_=1667014635789 HTTP/1.1" 200 22
221.239.141.151 - - [29/Oct/2022:11:37:32 +0800] "GET /xingrg/all/function/internal_message.html?_=1667014644107&CODE_STATE=getMsg HTTP/1.1" 200 27
180.169.147.146 - - [29/Oct/2022:11:37:35 +0800] "GET /xingrg/all/function/internal_message.html?_=1667014642866&CODE_STATE=getMsg HTTP/1.1" 200 27
218.81.217.29 - - [29/Oct/2022:11:37:37 +0800] "GET /xingrg/all/function/internal_message.html?_=1667014673709&CODE_STATE=getMsg HTTP/1.1" 200 27
180.169.147.146 - - [29/Oct/2022:11:37:38 +0800] "GET /xingrg/all/function/internal_message.html?_=1667014649135&CODE_STATE=getMsg HTTP/1.1" 200 27
124.78.158.69 - - [29/Oct/2022:11:37:39 +0800] "GET /xingrg/all/function/internal_message.html?_=1667014645875&CODE_STATE=getMsg HTTP/1.1" 200 27
180.169.147.146 - - [29/Oct/2022:11:37:41 +0800] "GET /xingrg/kc/buy/cgsh_order_operate.html?command=get_materiel&rest_code=00147&code=00101006180&supplier_code=00100015&order_time=2022-10-29 HTTP/1.1" 200 423
114.88.159.190 - - [29/Oct/2022:11:37:41 +0800] "GET /xingrg/check_reg.html?_=1667014278146 HTTP/1.1" 200 22
114.88.159.190 - - [29/Oct/2022:11:37:41 +0800] "GET /xingrg/all/function/internal_message.html?_=1667014278147&CODE_STATE=getMsg HTTP/1.1" 200 27
124.79.74.72 - - [29/Oct/2022:11:37:42 +0800] "GET /xingrg/all/function/internal_message.html?_=1667014657397&CODE_STATE=getMsg HTTP/1.1" 200 27
180.169.147.146 - - [29/Oct/2022:11:37:49 +0800] "POST /xingrg/kc/buy/cgsh_order_operate.html HTTP/1.1" 200 37
180.169.147.146 - - [29/Oct/2022:11:37:51 +0800] "POST /xingrg/kc/buy/cgsh_order_operate.html HTTP/1.1" 200 6202
180.162.109.76 - - [29/Oct/2022:11:37:51 +0800] "GET /xingrg/all/function/internal_message.html?_=1667013732758&CODE_STATE=getMsg HTTP/1.1" 200 27
180.169.147.146 - - [29/Oct/2022:11:37:51 +0800] "GET /xingrg/kc/print/report_design.html?orderType=cgsh HTTP/1.1" 200 8625
180.169.147.146 - - [29/Oct/2022:11:37:52 +0800] "GET /xingrg/kc/print/design_operate.html?_=1667014659339&command=load_config&code=cgsh HTTP/1.1" 200 2853
180.169.147.146 - - [29/Oct/2022:11:37:52 +0800] "GET /favicon.ico HTTP/1.1" 404 -
180.169.147.146 - - [29/Oct/2022:11:37:54 +0800] "GET /xingrg/kc/print/load_data.html?order_code=212022102908985&kc_code=cgsh&condition= HTTP/1.1" 200 2107
183.192.89.222 - - [29/Oct/2022:11:37:59 +0800] "GET /xingrg/all/function/internal_message.html?_=1667014670524&CODE_STATE=getMsg HTTP/1.1" 200 27
183.192.89.222 - - [29/Oct/2022:11:37:59 +0800] "GET /xingrg/check_reg.html?_=1667014670527 HTTP/1.1" 200 22
222.69.192.207 - - [29/Oct/2022:11:38:00 +0800] "GET /xingrg/all/function/internal_message.html?_=1667014671498&CODE_STATE=getMsg HTTP/1.1" 200 27
116.238.139.35 - - [29/Oct/2022:11:38:01 +0800] "GET /xingrg/check_reg.html?_=1667014671401 HTTP/1.1" 200 22
116.238.139.35 - - [29/Oct/2022:11:38:01 +0800] "GET /xingrg/all/function/internal_message.html?_=1667014671404&CODE_STATE=getMsg HTTP/1.1" 200 27
101.85.95.132 - - [29/Oct/2022:11:38:02 +0800] "GET /xingrg/all/function/internal_message.html?_=1667014672515&CODE_STATE=getMsg HTTP/1.1" 200 27
101.85.95.132 - - [29/Oct/2022:11:38:02 +0800] "GET /xingrg/check_reg.html?_=1667014672521 HTTP/1.1" 200 22
222.69.131.252 - - [29/Oct/2022:11:38:03 +0800] "GET /xingrg/all/function/internal_message.html?_=1667014671280&CODE_STATE=getMsg HTTP/1.1" 200 27
116.238.139.35 - - [29/Oct/2022:11:38:03 +0800] "GET /xingrg/all/function/internal_message.html?_=1667014607380&CODE_STATE=getMsg HTTP/1.1" 200 27
114.84.81.136 - - [29/Oct/2022:11:38:06 +0800] "GET /xingrg/all/function/internal_message.html?_=1667014677605&CODE_STATE=getMsg HTTP/1.1" 302 -
114.84.81.136 - - [29/Oct/2022:11:38:06 +0800] "GET /xingrg/check_reg.html?_=1667014677602 HTTP/1.1" 302 -
58.40.7.146 - - [29/Oct/2022:11:38:18 +0800] "GET /xingrg/all/function/internal_message.html?_=1667014689066&CODE_STATE=getMsg HTTP/1.1" 302 -
124.78.158.69 - - [29/Oct/2022:11:38:19 +0800] "GET /xingrg/check_reg.html?_=1667014685948 HTTP/1.1" 200 22
180.169.147.146 - - [29/Oct/2022:11:38:20 +0800] "GET /xingrg/kc/buy/cgsh_order_add.html HTTP/1.1" 200 69043
180.169.147.146 - - [29/Oct/2022:11:38:20 +0800] "GET /xingrg/javascript/easyui/themes/default/validatebox.css HTTP/1.1" 404 1104
180.169.147.146 - - [29/Oct/2022:11:38:20 +0800] "POST /xingrg/kc/buy/cgsh_order_operate.html HTTP/1.1" 200 8245
116.230.105.139 - - [29/Oct/2022:11:38:27 +0800] "GET /xingrg/all/function/internal_message.html?_=1667014658982&CODE_STATE=getMsg HTTP/1.1" 200 27
58.40.7.146 - - [29/Oct/2022:11:38:28 +0800] "GET /xingrg/check_reg.html?_=1667014699018 HTTP/1.1" 302 -
218.81.217.29 - - [29/Oct/2022:11:38:30 +0800] "GET /xingrg/check_reg.html?_=1667014727101 HTTP/1.1" 200 22
180.169.147.146 - - [29/Oct/2022:11:38:31 +0800] "GET /xingrg/kc/buy/cgsh_order_operate.html?command=get_materiel&rest_code=00147&code=00101008027&supplier_code=00100006&order_time=2022-10-29 HTTP/1.1" 200 409
221.239.141.151 - - [29/Oct/2022:11:38:32 +0800] "GET /xingrg/all/function/internal_message.html?_=1667014704095&CODE_STATE=getMsg HTTP/1.1" 200 27
180.169.147.146 - - [29/Oct/2022:11:38:35 +0800] "GET /xingrg/all/function/internal_message.html?_=1667014702859&CODE_STATE=getMsg HTTP/1.1" 200 27
218.81.217.29 - - [29/Oct/2022:11:38:37 +0800] "GET /xingrg/all/function/internal_message.html?_=1667014733715&CODE_STATE=getMsg HTTP/1.1" 200 27
180.169.147.146 - - [29/Oct/2022:11:38:38 +0800] "GET /xingrg/all/function/internal_message.html?_=1667014709139&CODE_STATE=getMsg HTTP/1.1" 200 27
124.78.158.69 - - [29/Oct/2022:11:38:39 +0800] "GET /xingrg/all/function/internal_message.html?_=1667014705843&CODE_STATE=getMsg HTTP/1.1" 200 27
180.169.147.146 - - [29/Oct/2022:11:38:39 +0800] "GET /xingrg/kc/buy/cgsh_order_operate.html?command=get_materiel&rest_code=00147&code=00101008355&supplier_code=00100006&order_time=2022-10-29 HTTP/1.1" 200 408
114.88.159.190 - - [29/Oct/2022:11:38:41 +0800] "GET /xingrg/all/function/internal_message.html?_=1667014338144&CODE_STATE=getMsg HTTP/1.1" 200 27
124.79.74.72 - - [29/Oct/2022:11:38:42 +0800] "GET /xingrg/all/function/internal_message.html?_=1667014717429&CODE_STATE=getMsg HTTP/1.1" 200 27
180.169.147.146 - - [29/Oct/2022:11:38:46 +0800] "GET /xingrg/kc/buy/cgsh_order_operate.html?command=get_materiel&rest_code=00147&code=00101008264&supplier_code=00100006&order_time=2022-10-29 HTTP/1.1" 200 412
180.162.109.76 - - [29/Oct/2022:11:38:51 +0800] "GET /xingrg/all/function/internal_message.html?_=1667013792767&CODE_STATE=getMsg HTTP/1.1" 200 27
180.162.109.76 - - [29/Oct/2022:11:38:51 +0800] "GET /xingrg/check_reg.html?_=1667013792769 HTTP/1.1" 200 22
180.169.147.146 - - [29/Oct/2022:11:38:52 +0800] "GET /xingrg/kc/buy/cgsh_order_operate.html?command=get_materiel&rest_code=00147&code=00101015004&supplier_code=00100006&order_time=2022-10-29 HTTP/1.1" 200 409
183.192.89.222 - - [29/Oct/2022:11:38:59 +0800] "GET /xingrg/all/function/internal_message.html?_=1667014730529&CODE_STATE=getMsg HTTP/1.1" 200 27
222.69.192.207 - - [29/Oct/2022:11:39:00 +0800] "GET /xingrg/all/function/internal_message.html?_=1667014731498&CODE_STATE=getMsg HTTP/1.1" 200 27
116.238.139.35 - - [29/Oct/2022:11:39:01 +0800] "GET /xingrg/all/function/internal_message.html?_=1667014731404&CODE_STATE=getMsg HTTP/1.1" 200 27
101.85.95.132 - - [29/Oct/2022:11:39:02 +0800] "GET /xingrg/all/function/internal_message.html?_=1667014732506&CODE_STATE=getMsg HTTP/1.1" 200 27
116.238.139.35 - - [29/Oct/2022:11:39:03 +0800] "GET /xingrg/check_reg.html?_=1667014666700 HTTP/1.1" 200 22
222.69.131.252 - - [29/Oct/2022:11:39:03 +0800] "GET /xingrg/all/function/internal_message.html?_=1667014731278&CODE_STATE=getMsg HTTP/1.1" 200 27
116.238.139.35 - - [29/Oct/2022:11:39:03 +0800] "GET /xingrg/all/function/internal_message.html?_=1667014667394&CODE_STATE=getMsg HTTP/1.1" 200 27
180.169.147.146 - - [29/Oct/2022:11:39:05 +0800] "GET /xingrg/kc/buy/cgsh_order_operate.html?command=get_materiel&rest_code=00147&code=00101008196&supplier_code=00100006&order_time=2022-10-29 HTTP/1.1" 200 416
114.84.81.136 - - [29/Oct/2022:11:39:06 +0800] "GET /xingrg/all/function/internal_message.html?_=1667014737605&CODE_STATE=getMsg HTTP/1.1" 302 -
180.169.147.146 - - [29/Oct/2022:11:39:11 +0800] "GET /xingrg/kc/buy/cgsh_order_operate.html?command=get_materiel&rest_code=00147&code=00101008197&supplier_code=00100006&order_time=2022-10-29 HTTP/1.1" 200 416
101.85.95.132 - - [29/Oct/2022:11:39:15 +0800] "GET /xingrg/kc/buy/cgsh_order_add.html HTTP/1.1" 200 68159
101.85.95.132 - - [29/Oct/2022:11:39:15 +0800] "POST /xingrg/kc/buy/cgsh_order_operate.html HTTP/1.1" 200 8245
101.85.95.132 - - [29/Oct/2022:11:39:15 +0800] "GET /xingrg/javascript/easyui/themes/default/validatebox.css HTTP/1.1" 404 1104
58.40.7.146 - - [29/Oct/2022:11:39:18 +0800] "GET /xingrg/all/function/internal_message.html?_=1667014749069&CODE_STATE=getMsg HTTP/1.1" 302 -
180.169.147.146 - - [29/Oct/2022:11:39:19 +0800] "GET /xingrg/kc/buy/cgsh_order_operate.html?command=get_materiel&rest_code=00147&code=00101008069&supplier_code=00100006&order_time=2022-10-29 HTTP/1.1" 200 412
180.163.30.100 - - [29/Oct/2022:11:39:19 +0800] "GET /xingrg/check_reg.html?_=1667014685948 HTTP/1.1" 302 -
180.163.30.100 - - [29/Oct/2022:11:39:19 +0800] "GET /xingrg/login.html HTTP/1.1" 200 7641
180.169.147.146 - - [29/Oct/2022:11:39:26 +0800] "GET /xingrg/kc/buy/cgsh_order_operate.html?command=get_materiel&rest_code=00147&code=00101008286&supplier_code=00100006&order_time=2022-10-29 HTTP/1.1" 200 408
116.230.105.139 - - [29/Oct/2022:11:39:27 +0800] "GET /xingrg/all/function/internal_message.html?_=1667014718970&CODE_STATE=getMsg HTTP/1.1" 200 27
180.169.147.146 - - [29/Oct/2022:11:39:32 +0800] "GET /xingrg/kc/buy/cgsh_order_operate.html?command=get_materiel&rest_code=00147&code=00101008131&supplier_code=00100006&order_time=2022-10-29 HTTP/1.1" 200 408
221.239.141.151 - - [29/Oct/2022:11:39:32 +0800] "GET /xingrg/all/function/internal_message.html?_=1667014764083&CODE_STATE=getMsg HTTP/1.1" 200 27
101.85.95.132 - - [29/Oct/2022:11:39:32 +0800] "GET /xingrg/kc/buy/cgsh_order_operate.html?command=get_materiel&rest_code=00142&code=00101008268&supplier_code=00100161&order_time=2022-10-29 HTTP/1.1" 200 408
180.169.147.146 - - [29/Oct/2022:11:39:35 +0800] "GET /xingrg/all/function/internal_message.html?_=1667014762833&CODE_STATE=getMsg HTTP/1.1" 200 27
218.81.217.29 - - [29/Oct/2022:11:39:37 +0800] "GET /xingrg/all/function/internal_message.html?_=1667014793730&CODE_STATE=getMsg HTTP/1.1" 200 27
180.169.147.146 - - [29/Oct/2022:11:39:38 +0800] "GET /xingrg/kc/buy/cgsh_order_operate.html?command=get_materiel&rest_code=00147&code=00101008296&supplier_code=00100006&order_time=2022-10-29 HTTP/1.1" 200 416
180.169.147.146 - - [29/Oct/2022:11:39:38 +0800] "GET /xingrg/check_reg.html?_=1667014769140 HTTP/1.1" 200 22
180.169.147.146 - - [29/Oct/2022:11:39:38 +0800] "GET /xingrg/all/function/internal_message.html?_=1667014769143&CODE_STATE=getMsg HTTP/1.1" 200 27
124.78.158.69 - - [29/Oct/2022:11:39:39 +0800] "GET /xingrg/all/function/internal_message.html?_=1667014765842&CODE_STATE=getMsg HTTP/1.1" 200 27
114.88.159.190 - - [29/Oct/2022:11:39:41 +0800] "GET /xingrg/all/function/internal_message.html?_=1667014398179&CODE_STATE=getMsg HTTP/1.1" 200 27
124.79.74.72 - - [29/Oct/2022:11:39:42 +0800] "GET /xingrg/all/function/internal_message.html?_=1667014777422&CODE_STATE=getMsg HTTP/1.1" 200 27
124.79.74.72 - - [29/Oct/2022:11:39:42 +0800] "GET /xingrg/check_reg.html?_=1667014777431 HTTP/1.1" 200 22
101.85.95.132 - - [29/Oct/2022:11:39:43 +0800] "GET /xingrg/kc/buy/cgsh_order_operate.html?command=get_materiel&rest_code=00142&code=00101008059&supplier_code=00100161&order_time=2022-10-29 HTTP/1.1" 200 408
180.169.147.146 - - [29/Oct/2022:11:39:46 +0800] "GET /xingrg/kc/buy/cgsh_order_operate.html?command=get_materiel&rest_code=00147&code=00101008318&supplier_code=00100006&order_time=2022-10-29 HTTP/1.1" 200 408
180.162.109.76 - - [29/Oct/2022:11:39:51 +0800] "GET /xingrg/all/function/internal_message.html?_=1667013852766&CODE_STATE=getMsg HTTP/1.1" 200 27
101.85.95.132 - - [29/Oct/2022:11:39:53 +0800] "GET /xingrg/kc/buy/cgsh_order_operate.html?command=get_materiel&rest_code=00142&code=00101008370&supplier_code=00100161&order_time=2022-10-29 HTTP/1.1" 200 412
180.169.147.146 - - [29/Oct/2022:11:39:54 +0800] "GET /xingrg/kc/buy/cgsh_order_operate.html?command=get_materiel&rest_code=00147&code=00101008353&supplier_code=00100006&order_time=2022-10-29 HTTP/1.1" 200 408
183.192.89.222 - - [29/Oct/2022:11:39:59 +0800] "GET /xingrg/all/function/internal_message.html?_=1667014790531&CODE_STATE=getMsg HTTP/1.1" 200 27
222.69.192.207 - - [29/Oct/2022:11:40:00 +0800] "GET /xingrg/check_reg.html?_=1667014791498 HTTP/1.1" 200 22
222.69.192.207 - - [29/Oct/2022:11:40:00 +0800] "GET /xingrg/all/function/internal_message.html?_=1667014791501&CODE_STATE=getMsg HTTP/1.1" 200 27
116.238.139.35 - - [29/Oct/2022:11:40:01 +0800] "GET /xingrg/all/function/internal_message.html?_=1667014791404&CODE_STATE=getMsg HTTP/1.1" 200 27
180.169.147.146 - - [29/Oct/2022:11:40:01 +0800] "GET /xingrg/kc/buy/cgsh_order_operate.html?command=get_materiel&rest_code=00147&code=00101008155&supplier_code=00100006&order_time=2022-10-29 HTTP/1.1" 200 408
101.85.95.132 - - [29/Oct/2022:11:40:02 +0800] "GET /xingrg/all/function/internal_message.html?_=1667014792533&CODE_STATE=getMsg HTTP/1.1" 200 27
101.85.95.132 - - [29/Oct/2022:11:40:03 +0800] "GET /xingrg/kc/buy/cgsh_order_operate.html?command=get_materiel&rest_code=00142&code=00101008361&supplier_code=00100161&order_time=2022-10-29 HTTP/1.1" 200 408
222.69.131.252 - - [29/Oct/2022:11:40:03 +0800] "GET /xingrg/check_reg.html?_=1667014791269 HTTP/1.1" 200 22
222.69.131.252 - - [29/Oct/2022:11:40:03 +0800] "GET /xingrg/all/function/internal_message.html?_=1667014791270&CODE_STATE=getMsg HTTP/1.1" 200 27
116.238.139.35 - - [29/Oct/2022:11:40:03 +0800] "GET /xingrg/all/function/internal_message.html?_=1667014727408&CODE_STATE=getMsg HTTP/1.1" 200 27
114.84.81.136 - - [29/Oct/2022:11:40:06 +0800] "GET /xingrg/all/function/internal_message.html?_=1667014797608&CODE_STATE=getMsg HTTP/1.1" 302 -
101.85.95.132 - - [29/Oct/2022:11:40:10 +0800] "GET /xingrg/kc/buy/cgsh_order_operate.html?command=get_materiel&rest_code=00142&code=00101008155&supplier_code=00100161&order_time=2022-10-29 HTTP/1.1" 200 408
180.169.147.146 - - [29/Oct/2022:11:40:11 +0800] "GET /xingrg/kc/buy/cgsh_order_operate.html?command=get_materiel&rest_code=00147&code=00101015038&supplier_code=00100006&order_time=2022-10-29 HTTP/1.1" 200 418
58.40.7.146 - - [29/Oct/2022:11:40:18 +0800] "GET /xingrg/all/function/internal_message.html?_=1667014809041&CODE_STATE=getMsg HTTP/1.1" 302 -
101.85.95.132 - - [29/Oct/2022:11:40:20 +0800] "GET /xingrg/kc/buy/cgsh_order_operate.html?command=get_materiel&rest_code=00142&code=00101008355&supplier_code=00100161&order_time=2022-10-29 HTTP/1.1" 200 408
180.169.147.146 - - [29/Oct/2022:11:40:21 +0800] "GET /xingrg/kc/buy/cgsh_order_operate.html?command=get_materiel&rest_code=00147&code=00101008163&supplier_code=00100006&order_time=2022-10-29 HTTP/1.1" 200 409
116.230.105.139 - - [29/Oct/2022:11:40:27 +0800] "GET /xingrg/check_reg.html?_=1667014778989 HTTP/1.1" 200 22
116.230.105.139 - - [29/Oct/2022:11:40:27 +0800] "GET /xingrg/all/function/internal_message.html?_=1667014778987&CODE_STATE=getMsg HTTP/1.1" 200 27
101.85.95.132 - - [29/Oct/2022:11:40:28 +0800] "GET /xingrg/kc/buy/cgsh_order_operate.html?command=get_materiel&rest_code=00142&code=00101008024&supplier_code=00100161&order_time=2022-10-29 HTTP/1.1" 200 408
180.169.147.146 - - [29/Oct/2022:11:40:29 +0800] "GET /xingrg/kc/buy/cgsh_order_operate.html?command=get_materiel&rest_code=00147&code=00101008037&supplier_code=00100006&order_time=2022-10-29 HTTP/1.1" 200 413
221.239.141.151 - - [29/Oct/2022:11:40:32 +0800] "GET /xingrg/all/function/internal_message.html?_=1667014824081&CODE_STATE=getMsg HTTP/1.1" 200 27
180.169.147.146 - - [29/Oct/2022:11:40:35 +0800] "GET /xingrg/all/function/internal_message.html?_=1667014822809&CODE_STATE=getMsg HTTP/1.1" 200 27
101.85.95.132 - - [29/Oct/2022:11:40:36 +0800] "GET /xingrg/kc/buy/cgsh_order_operate.html?command=get_materiel&rest_code=00142&code=00101008356&supplier_code=00100161&order_time=2022-10-29 HTTP/1.1" 200 408
218.81.217.29 - - [29/Oct/2022:11:40:37 +0800] "GET /xingrg/all/function/internal_message.html?_=1667014854046&CODE_STATE=getMsg HTTP/1.1" 200 27
180.169.147.146 - - [29/Oct/2022:11:40:38 +0800] "GET /xingrg/kc/buy/cgsh_order_operate.html?command=get_materiel&rest_code=00147&code=00101008134&supplier_code=00100006&order_time=2022-10-29 HTTP/1.1" 200 412
180.169.147.146 - - [29/Oct/2022:11:40:38 +0800] "GET /xingrg/all/function/internal_message.html?_=1667014829140&CODE_STATE=getMsg HTTP/1.1" 200 27
124.78.158.69 - - [29/Oct/2022:11:40:39 +0800] "GET /xingrg/all/function/internal_message.html?_=1667014825813&CODE_STATE=getMsg HTTP/1.1" 200 27
114.88.159.190 - - [29/Oct/2022:11:40:41 +0800] "GET /xingrg/all/function/internal_message.html?_=1667014458179&CODE_STATE=getMsg HTTP/1.1" 200 27
124.79.74.72 - - [29/Oct/2022:11:40:42 +0800] "GET /xingrg/all/function/internal_message.html?_=1667014837431&CODE_STATE=getMsg HTTP/1.1" 200 27
101.85.95.132 - - [29/Oct/2022:11:40:46 +0800] "GET /xingrg/kc/buy/cgsh_order_operate.html?command=get_materiel&rest_code=00142&code=00101008286&supplier_code=00100161&order_time=2022-10-29 HTTP/1.1" 200 408
180.169.147.146 - - [29/Oct/2022:11:40:46 +0800] "GET /xingrg/kc/buy/cgsh_order_operate.html?command=get_materiel&rest_code=00147&code=00101008358&supplier_code=00100006&order_time=2022-10-29 HTTP/1.1" 200 412
180.162.109.76 - - [29/Oct/2022:11:40:51 +0800] "GET /xingrg/all/function/internal_message.html?_=1667013912751&CODE_STATE=getMsg HTTP/1.1" 200 27
101.85.95.132 - - [29/Oct/2022:11:40:57 +0800] "GET /xingrg/kc/buy/cgsh_order_operate.html?command=get_materiel&rest_code=00142&code=00101008353&supplier_code=00100161&order_time=2022-10-29 HTTP/1.1" 200 408
180.169.147.146 - - [29/Oct/2022:11:40:57 +0800] "POST /xingrg/kc/buy/cgsh_order_operate.html HTTP/1.1" 200 2065
183.192.89.222 - - [29/Oct/2022:11:40:59 +0800] "GET /xingrg/all/function/internal_message.html?_=1667014850532&CODE_STATE=getMsg HTTP/1.1" 200 27
222.69.192.207 - - [29/Oct/2022:11:41:00 +0800] "GET /xingrg/all/function/internal_message.html?_=1667014851500&CODE_STATE=getMsg HTTP/1.1" 200 27
116.238.139.35 - - [29/Oct/2022:11:41:01 +0800] "GET /xingrg/all/function/internal_message.html?_=1667014851419&CODE_STATE=getMsg HTTP/1.1" 200 27
101.85.95.132 - - [29/Oct/2022:11:41:02 +0800] "GET /xingrg/all/function/internal_message.html?_=1667014852513&CODE_STATE=getMsg HTTP/1.1" 200 27
222.69.131.252 - - [29/Oct/2022:11:41:03 +0800] "GET /xingrg/all/function/internal_message.html?_=1667014851278&CODE_STATE=getMsg HTTP/1.1" 200 27
116.238.139.35 - - [29/Oct/2022:11:41:03 +0800] "GET /xingrg/all/function/internal_message.html?_=1667014787422&CODE_STATE=getMsg HTTP/1.1" 200 27
114.84.81.136 - - [29/Oct/2022:11:41:06 +0800] "GET /xingrg/all/function/internal_message.html?_=1667014857611&CODE_STATE=getMsg HTTP/1.1" 302 -
101.85.95.132 - - [29/Oct/2022:11:41:09 +0800] "GET /xingrg/kc/buy/cgsh_order_operate.html?command=get_materiel&rest_code=00142&code=00101008351&supplier_code=00100161&order_time=2022-10-29 HTTP/1.1" 200 427
58.40.7.146 - - [29/Oct/2022:11:41:18 +0800] "GET /xingrg/all/function/internal_message.html?_=1667014869014&CODE_STATE=getMsg HTTP/1.1" 302 -
101.85.95.132 - - [29/Oct/2022:11:41:19 +0800] "GET /xingrg/kc/buy/cgsh_order_operate.html?command=get_materiel&rest_code=00142&code=00101008350&supplier_code=00100161&order_time=2022-10-29 HTTP/1.1" 200 408
180.169.147.146 - - [29/Oct/2022:11:41:22 +0800] "GET /xingrg/kc/buy/cgsh_order_operate.html?command=get_materiel&rest_code=00147&code=00101008370&supplier_code=00100006&order_time=2022-10-29 HTTP/1.1" 200 412
116.230.105.139 - - [29/Oct/2022:11:41:27 +0800] "GET /xingrg/all/function/internal_message.html?_=1667014838988&CODE_STATE=getMsg HTTP/1.1" 200 27
101.85.95.132 - - [29/Oct/2022:11:41:28 +0800] "GET /xingrg/kc/buy/cgsh_order_operate.html?command=get_materiel&rest_code=00142&code=00101008357&supplier_code=00100161&order_time=2022-10-29 HTTP/1.1" 200 408
221.239.141.151 - - [29/Oct/2022:11:41:30 +0800] "GET /xingrg/check_reg.html?_=1667014881764 HTTP/1.1" 200 22
221.239.141.151 - - [29/Oct/2022:11:41:32 +0800] "GET /xingrg/all/function/internal_message.html?_=1667014884069&CODE_STATE=getMsg HTTP/1.1" 200 27
180.169.147.146 - - [29/Oct/2022:11:41:33 +0800] "GET /xingrg/kc/buy/cgsh_order_operate.html?command=get_materiel&rest_code=00147&code=00101008087&supplier_code=00100006&order_time=2022-10-29 HTTP/1.1" 200 412
180.169.147.146 - - [29/Oct/2022:11:41:35 +0800] "GET /xingrg/all/function/internal_message.html?_=1667014882809&CODE_STATE=getMsg HTTP/1.1" 200 27
218.81.217.29 - - [29/Oct/2022:11:41:37 +0800] "GET /xingrg/all/function/internal_message.html?_=1667014914052&CODE_STATE=getMsg HTTP/1.1" 200 27
101.85.95.132 - - [29/Oct/2022:11:41:37 +0800] "GET /xingrg/kc/buy/cgsh_order_operate.html?command=get_materiel&rest_code=00142&code=00101008312&supplier_code=00100161&order_time=2022-10-29 HTTP/1.1" 200 412
180.169.147.146 - - [29/Oct/2022:11:41:38 +0800] "GET /xingrg/all/function/internal_message.html?_=1667014889134&CODE_STATE=getMsg HTTP/1.1" 200 27
124.78.158.69 - - [29/Oct/2022:11:41:39 +0800] "GET /xingrg/all/function/internal_message.html?_=1667014885790&CODE_STATE=getMsg HTTP/1.1" 200 27
180.169.147.146 - - [29/Oct/2022:11:41:40 +0800] "GET /xingrg/kc/buy/cgsh_order_operate.html?command=get_materiel&rest_code=00147&code=00101008321&supplier_code=00100006&order_time=2022-10-29 HTTP/1.1" 200 412
114.88.159.190 - - [29/Oct/2022:11:41:41 +0800] "GET /xingrg/all/function/internal_message.html?_=1667014518173&CODE_STATE=getMsg HTTP/1.1" 200 27
124.79.74.72 - - [29/Oct/2022:11:41:42 +0800] "GET /xingrg/all/function/internal_message.html?_=1667014897423&CODE_STATE=getMsg HTTP/1.1" 200 27
101.85.95.132 - - [29/Oct/2022:11:41:44 +0800] "GET /xingrg/kc/buy/cgsh_order_operate.html?command=get_materiel&rest_code=00142&code=00101008264&supplier_code=00100161&order_time=2022-10-29 HTTP/1.1" 200 412
180.169.147.146 - - [29/Oct/2022:11:41:50 +0800] "GET /xingrg/kc/buy/cgsh_order_operate.html?command=get_materiel&rest_code=00147&code=00101008357&supplier_code=00100006&order_time=2022-10-29 HTTP/1.1" 200 408
180.162.109.76 - - [29/Oct/2022:11:41:51 +0800] "GET /xingrg/all/function/internal_message.html?_=1667013972751&CODE_STATE=getMsg HTTP/1.1" 200 27
183.192.89.222 - - [29/Oct/2022:11:41:59 +0800] "GET /xingrg/all/function/internal_message.html?_=1667014910533&CODE_STATE=getMsg HTTP/1.1" 200 27
222.69.192.207 - - [29/Oct/2022:11:42:00 +0800] "GET /xingrg/all/function/internal_message.html?_=1667014911500&CODE_STATE=getMsg HTTP/1.1" 200 27
116.238.139.35 - - [29/Oct/2022:11:42:01 +0800] "GET /xingrg/all/function/internal_message.html?_=1667014911406&CODE_STATE=getMsg HTTP/1.1" 200 27
101.85.95.132 - - [29/Oct/2022:11:42:02 +0800] "GET /xingrg/all/function/internal_message.html?_=1667014912518&CODE_STATE=getMsg HTTP/1.1" 200 27
180.169.147.146 - - [29/Oct/2022:11:42:02 +0800] "GET /xingrg/kc/buy/cgsh_order_operate.html?command=get_materiel&rest_code=00147&code=00101008005&supplier_code=00100006&order_time=2022-10-29 HTTP/1.1" 200 412
101.85.95.132 - - [29/Oct/2022:11:42:03 +0800] "GET /xingrg/kc/buy/cgsh_order_operate.html?command=get_materiel&rest_code=00142&code=00101008298&supplier_code=00100161&order_time=2022-10-29 HTTP/1.1" 200 431
222.69.131.252 - - [29/Oct/2022:11:42:03 +0800] "GET /xingrg/all/function/internal_message.html?_=1667014911283&CODE_STATE=getMsg HTTP/1.1" 200 27
116.238.139.35 - - [29/Oct/2022:11:42:03 +0800] "GET /xingrg/all/function/internal_message.html?_=1667014847459&CODE_STATE=getMsg HTTP/1.1" 200 27
114.84.81.136 - - [29/Oct/2022:11:42:06 +0800] "GET /xingrg/all/function/internal_message.html?_=1667014917613&CODE_STATE=getMsg HTTP/1.1" 302 -
101.85.95.132 - - [29/Oct/2022:11:42:11 +0800] "GET /xingrg/kc/buy/cgsh_order_operate.html?command=get_materiel&rest_code=00142&code=00101008354&supplier_code=00100161&order_time=2022-10-29 HTTP/1.1" 200 412
180.169.147.146 - - [29/Oct/2022:11:42:14 +0800] "GET /xingrg/kc/buy/cgsh_order_operate.html?command=get_materiel&rest_code=00147&code=00101008245&supplier_code=00100006&order_time=2022-10-29 HTTP/1.1" 200 409
101.85.95.132 - - [29/Oct/2022:11:42:18 +0800] "GET /xingrg/kc/buy/cgsh_order_operate.html?command=get_materiel&rest_code=00142&code=00101008352&supplier_code=00100161&order_time=2022-10-29 HTTP/1.1" 200 412
58.40.7.146 - - [29/Oct/2022:11:42:18 +0800] "GET /xingrg/all/function/internal_message.html?_=1667014928985&CODE_STATE=getMsg HTTP/1.1" 302 -
180.169.147.146 - - [29/Oct/2022:11:42:22 +0800] "POST /xingrg/kc/buy/cgsh_order_operate.html HTTP/1.1" 200 2065
101.85.95.132 - - [29/Oct/2022:11:42:26 +0800] "GET /xingrg/kc/buy/cgsh_order_operate.html?command=get_materiel&rest_code=00142&code=00101015070&supplier_code=00100161&order_time=2022-10-29 HTTP/1.1" 200 413
180.169.147.146 - - [29/Oct/2022:11:42:26 +0800] "GET /xingrg/kc/buy/cgsh_order_operate.html?command=get_materiel&rest_code=00147&code=00101008213&supplier_code=00100006&order_time=2022-10-29 HTTP/1.1" 200 412
116.230.105.139 - - [29/Oct/2022:11:42:27 +0800] "GET /xingrg/all/function/internal_message.html?_=1667014898987&CODE_STATE=getMsg HTTP/1.1" 200 27
101.85.95.132 - - [29/Oct/2022:11:42:28 +0800] "POST /xingrg/kc/buy/cgsh_order_operate.html HTTP/1.1" 200 2065
180.169.147.146 - - [29/Oct/2022:11:42:28 +0800] "GET /xingrg/check_reg.html?_=1667014935786 HTTP/1.1" 200 22
221.239.141.151 - - [29/Oct/2022:11:42:32 +0800] "GET /xingrg/all/function/internal_message.html?_=1667014944054&CODE_STATE=getMsg HTTP/1.1" 200 27
180.169.147.146 - - [29/Oct/2022:11:42:33 +0800] "GET /xingrg/kc/buy/cgsh_order_operate.html?command=get_materiel&rest_code=00147&code=00101008247&supplier_code=00100006&order_time=2022-10-29 HTTP/1.1" 200 412
180.169.147.146 - - [29/Oct/2022:11:42:35 +0800] "GET /xingrg/all/function/internal_message.html?_=1667014942792&CODE_STATE=getMsg HTTP/1.1" 200 27
218.81.217.29 - - [29/Oct/2022:11:42:37 +0800] "GET /xingrg/all/function/internal_message.html?_=1667014974319&CODE_STATE=getMsg HTTP/1.1" 200 27
180.169.147.146 - - [29/Oct/2022:11:42:38 +0800] "GET /xingrg/all/function/internal_message.html?_=1667014949128&CODE_STATE=getMsg HTTP/1.1" 200 27
124.78.158.69 - - [29/Oct/2022:11:42:39 +0800] "GET /xingrg/all/function/internal_message.html?_=1667014945769&CODE_STATE=getMsg HTTP/1.1" 200 27
101.85.95.132 - - [29/Oct/2022:11:42:40 +0800] "GET /xingrg/kc/buy/cgsh_order_operate.html?command=get_materiel&rest_code=00142&code=00101008092&supplier_code=00100161&order_time=2022-10-29 HTTP/1.1" 200 412
180.169.147.146 - - [29/Oct/2022:11:42:41 +0800] "GET /xingrg/kc/buy/cgsh_order_operate.html?command=get_materiel&rest_code=00147&code=00101008041&supplier_code=00100006&order_time=2022-10-29 HTTP/1.1" 200 408
114.88.159.190 - - [29/Oct/2022:11:42:41 +0800] "GET /xingrg/check_reg.html?_=1667014578165 HTTP/1.1" 200 22
114.88.159.190 - - [29/Oct/2022:11:42:41 +0800] "GET /xingrg/all/function/internal_message.html?_=1667014578166&CODE_STATE=getMsg HTTP/1.1" 200 27
124.79.74.72 - - [29/Oct/2022:11:42:42 +0800] "GET /xingrg/all/function/internal_message.html?_=1667014957431&CODE_STATE=getMsg HTTP/1.1" 200 27
101.85.95.132 - - [29/Oct/2022:11:42:49 +0800] "GET /xingrg/kc/buy/cgsh_order_operate.html?command=get_materiel&rest_code=00142&code=00101012029&supplier_code=00100161&order_time=2022-10-29 HTTP/1.1" 200 412
180.162.109.76 - - [29/Oct/2022:11:42:51 +0800] "GET /xingrg/all/function/internal_message.html?_=1667014032751&CODE_STATE=getMsg HTTP/1.1" 200 27
180.169.147.146 - - [29/Oct/2022:11:42:53 +0800] "GET /xingrg/kc/buy/cgsh_order_operate.html?command=get_materiel&rest_code=00147&code=00101008223&supplier_code=00100006&order_time=2022-10-29 HTTP/1.1" 200 412
101.85.95.132 - - [29/Oct/2022:11:42:58 +0800] "GET /xingrg/kc/buy/cgsh_order_operate.html?command=get_materiel&rest_code=00142&code=00101012024&supplier_code=00100161&order_time=2022-10-29 HTTP/1.1" 200 408
183.192.89.222 - - [29/Oct/2022:11:42:59 +0800] "GET /xingrg/check_reg.html?_=1667014970534 HTTP/1.1" 200 22
183.192.89.222 - - [29/Oct/2022:11:42:59 +0800] "GET /xingrg/all/function/internal_message.html?_=1667014970539&CODE_STATE=getMsg HTTP/1.1" 200 27
222.69.192.207 - - [29/Oct/2022:11:43:00 +0800] "GET /xingrg/all/function/internal_message.html?_=1667014971501&CODE_STATE=getMsg HTTP/1.1" 200 27
116.238.139.35 - - [29/Oct/2022:11:43:01 +0800] "GET /xingrg/all/function/internal_message.html?_=1667014971406&CODE_STATE=getMsg HTTP/1.1" 200 27
116.238.139.35 - - [29/Oct/2022:11:43:01 +0800] "GET /xingrg/check_reg.html?_=1667014971409 HTTP/1.1" 200 22
101.85.95.132 - - [29/Oct/2022:11:43:02 +0800] "GET /xingrg/all/function/internal_message.html?_=1667014972603&CODE_STATE=getMsg HTTP/1.1" 200 27
101.85.95.132 - - [29/Oct/2022:11:43:02 +0800] "GET /xingrg/check_reg.html?_=1667014972604 HTTP/1.1" 200 22
222.69.131.252 - - [29/Oct/2022:11:43:03 +0800] "GET /xingrg/all/function/internal_message.html?_=1667014971298&CODE_STATE=getMsg HTTP/1.1" 200 27
116.238.139.35 - - [29/Oct/2022:11:43:03 +0800] "GET /xingrg/all/function/internal_message.html?_=1667014907464&CODE_STATE=getMsg HTTP/1.1" 200 27
180.169.147.146 - - [29/Oct/2022:11:43:04 +0800] "GET /xingrg/kc/buy/cgsh_order_operate.html?command=get_materiel&rest_code=00147&code=00101008168&supplier_code=00100006&order_time=2022-10-29 HTTP/1.1" 200 413
180.169.147.146 - - [29/Oct/2022:11:43:05 +0800] "POST /xingrg/kc/buy/cgsh_order_operate.html HTTP/1.1" 200 2065
114.84.81.136 - - [29/Oct/2022:11:43:06 +0800] "GET /xingrg/check_reg.html?_=1667014977613 HTTP/1.1" 302 -
114.84.81.136 - - [29/Oct/2022:11:43:06 +0800] "GET /xingrg/all/function/internal_message.html?_=1667014977618&CODE_STATE=getMsg HTTP/1.1" 302 -
101.85.95.132 - - [29/Oct/2022:11:43:07 +0800] "GET /xingrg/kc/buy/cgsh_order_operate.html?command=get_materiel&rest_code=00142&code=00101012059&supplier_code=00100161&order_time=2022-10-29 HTTP/1.1" 200 412
180.169.147.146 - - [29/Oct/2022:11:43:10 +0800] "GET /xingrg/kc/buy/cgsh_order_operate.html?command=get_materiel&rest_code=00147&code=00101008563&supplier_code=00100006&order_time=2022-10-29 HTTP/1.1" 200 413
101.85.95.132 - - [29/Oct/2022:11:43:13 +0800] "GET /xingrg/kc/buy/cgsh_order_operate.html?command=get_materiel&rest_code=00142&code=00101016057&supplier_code=00100161&order_time=2022-10-29 HTTP/1.1" 200 408
58.40.7.146 - - [29/Oct/2022:11:43:18 +0800] "GET /xingrg/all/function/internal_message.html?_=1667014988957&CODE_STATE=getMsg HTTP/1.1" 302 -
124.78.158.69 - - [29/Oct/2022:11:43:19 +0800] "GET /xingrg/check_reg.html?_=1667014985942 HTTP/1.1" 200 22
101.85.95.132 - - [29/Oct/2022:11:43:21 +0800] "POST /xingrg/kc/buy/cgsh_order_operate.html HTTP/1.1" 200 37
180.169.147.146 - - [29/Oct/2022:11:43:21 +0800] "GET /xingrg/kc/buy/cgsh_order_operate.html?command=get_materiel&rest_code=00147&code=00101008095&supplier_code=00100006&order_time=2022-10-29 HTTP/1.1" 200 412
101.85.95.132 - - [29/Oct/2022:11:43:22 +0800] "POST /xingrg/kc/buy/cgsh_order_operate.html HTTP/1.1" 200 16210
116.230.105.139 - - [29/Oct/2022:11:43:27 +0800] "GET /xingrg/all/function/internal_message.html?_=1667014958987&CODE_STATE=getMsg HTTP/1.1" 200 27
180.169.147.146 - - [29/Oct/2022:11:43:28 +0800] "GET /xingrg/kc/buy/cgsh_order_operate.html?command=get_materiel&rest_code=00147&code=00101008110&supplier_code=00100006&order_time=2022-10-29 HTTP/1.1" 200 408
58.40.7.146 - - [29/Oct/2022:11:43:28 +0800] "GET /xingrg/check_reg.html?_=1667014999006 HTTP/1.1" 302 -
218.81.217.29 - - [29/Oct/2022:11:43:30 +0800] "GET /xingrg/check_reg.html?_=1667015027110 HTTP/1.1" 200 22
221.239.141.151 - - [29/Oct/2022:11:43:32 +0800] "GET /xingrg/all/function/internal_message.html?_=1667015004027&CODE_STATE=getMsg HTTP/1.1" 200 27
180.169.147.146 - - [29/Oct/2022:11:43:35 +0800] "GET /xingrg/all/function/internal_message.html?_=1667015002766&CODE_STATE=getMsg HTTP/1.1" 200 27
101.85.95.132 - - [29/Oct/2022:11:43:37 +0800] "POST /xingrg/kc/buy/cgsh_list_operate.html HTTP/1.1" 200 1869
218.81.217.29 - - [29/Oct/2022:11:43:37 +0800] "GET /xingrg/all/function/internal_message.html?_=1667015034329&CODE_STATE=getMsg HTTP/1.1" 200 27
180.169.147.146 - - [29/Oct/2022:11:43:38 +0800] "GET /xingrg/all/function/internal_message.html?_=1667015009144&CODE_STATE=getMsg HTTP/1.1" 200 27
180.169.147.146 - - [29/Oct/2022:11:43:38 +0800] "GET /xingrg/kc/buy/cgsh_order_operate.html?command=get_materiel&rest_code=00147&code=00101008061&supplier_code=00100006&order_time=2022-10-29 HTTP/1.1" 200 422
124.78.158.69 - - [29/Oct/2022:11:43:39 +0800] "GET /xingrg/all/function/internal_message.html?_=1667015005737&CODE_STATE=getMsg HTTP/1.1" 200 27
114.88.159.190 - - [29/Oct/2022:11:43:41 +0800] "GET /xingrg/all/function/internal_message.html?_=1667014638175&CODE_STATE=getMsg HTTP/1.1" 200 27
124.79.74.72 - - [29/Oct/2022:11:43:42 +0800] "GET /xingrg/all/function/internal_message.html?_=1667015017423&CODE_STATE=getMsg HTTP/1.1" 200 27
180.162.109.76 - - [29/Oct/2022:11:43:51 +0800] "GET /xingrg/all/function/internal_message.html?_=1667014092751&CODE_STATE=getMsg HTTP/1.1" 200 27
180.162.109.76 - - [29/Oct/2022:11:43:51 +0800] "GET /xingrg/check_reg.html?_=1667014092753 HTTP/1.1" 200 22
183.192.89.222 - - [29/Oct/2022:11:43:59 +0800] "GET /xingrg/all/function/internal_message.html?_=1667015030539&CODE_STATE=getMsg HTTP/1.1" 200 27
180.169.147.146 - - [29/Oct/2022:11:44:00 +0800] "GET /xingrg/kc/buy/cgsh_order_operate.html?command=get_materiel&rest_code=00147&code=00101008283&supplier_code=00100006&order_time=2022-10-29 HTTP/1.1" 200 408
222.69.192.207 - - [29/Oct/2022:11:44:00 +0800] "GET /xingrg/all/function/internal_message.html?_=1667015031502&CODE_STATE=getMsg HTTP/1.1" 200 27
116.238.139.35 - - [29/Oct/2022:11:44:01 +0800] "GET /xingrg/all/function/internal_message.html?_=1667015031420&CODE_STATE=getMsg HTTP/1.1" 200 27
101.85.95.132 - - [29/Oct/2022:11:44:02 +0800] "GET /xingrg/all/function/internal_message.html?_=1667015032576&CODE_STATE=getMsg HTTP/1.1" 200 27
180.169.147.146 - - [29/Oct/2022:11:44:02 +0800] "POST /xingrg/kc/buy/cgsh_order_operate.html HTTP/1.1" 200 2065
116.238.139.35 - - [29/Oct/2022:11:44:03 +0800] "GET /xingrg/check_reg.html?_=1667014966713 HTTP/1.1" 200 22
222.69.131.252 - - [29/Oct/2022:11:44:03 +0800] "GET /xingrg/all/function/internal_message.html?_=1667015031304&CODE_STATE=getMsg HTTP/1.1" 200 27
116.238.139.35 - - [29/Oct/2022:11:44:03 +0800] "GET /xingrg/all/function/internal_message.html?_=1667014967479&CODE_STATE=getMsg HTTP/1.1" 200 27
114.84.81.136 - - [29/Oct/2022:11:44:06 +0800] "GET /xingrg/all/function/internal_message.html?_=1667015037605&CODE_STATE=getMsg HTTP/1.1" 302 -
180.169.147.146 - - [29/Oct/2022:11:44:09 +0800] "GET /xingrg/kc/buy/cgsh_order_operate.html?command=get_materiel&rest_code=00147&code=00101008096&supplier_code=00100006&order_time=2022-10-29 HTTP/1.1" 200 412
58.40.7.146 - - [29/Oct/2022:11:44:18 +0800] "GET /xingrg/all/function/internal_message.html?_=1667015048931&CODE_STATE=getMsg HTTP/1.1" 302 -
180.169.147.146 - - [29/Oct/2022:11:44:19 +0800] "GET /xingrg/kc/buy/cgsh_order_operate.html?command=get_materiel&rest_code=00147&code=00101008658&supplier_code=00100006&order_time=2022-10-29 HTTP/1.1" 200 409
180.169.147.146 - - [29/Oct/2022:11:44:26 +0800] "GET /xingrg/kc/buy/cgsh_order_operate.html?command=get_materiel&rest_code=00147&code=00101008558&supplier_code=00100006&order_time=2022-10-29 HTTP/1.1" 200 409
116.230.105.139 - - [29/Oct/2022:11:44:27 +0800] "GET /xingrg/all/function/internal_message.html?_=1667015018974&CODE_STATE=getMsg HTTP/1.1" 200 27
221.239.141.151 - - [29/Oct/2022:11:44:32 +0800] "GET /xingrg/all/function/internal_message.html?_=1667015064028&CODE_STATE=getMsg HTTP/1.1" 200 27
180.169.147.146 - - [29/Oct/2022:11:44:35 +0800] "GET /xingrg/all/function/internal_message.html?_=1667015062741&CODE_STATE=getMsg HTTP/1.1" 200 27
218.81.217.29 - - [29/Oct/2022:11:44:37 +0800] "GET /xingrg/all/function/internal_message.html?_=1667015094344&CODE_STATE=getMsg HTTP/1.1" 200 27
180.169.147.146 - - [29/Oct/2022:11:44:38 +0800] "GET /xingrg/all/function/internal_message.html?_=1667015069137&CODE_STATE=getMsg HTTP/1.1" 200 27
180.169.147.146 - - [29/Oct/2022:11:44:38 +0800] "GET /xingrg/check_reg.html?_=1667015069139 HTTP/1.1" 200 22
124.78.158.69 - - [29/Oct/2022:11:44:39 +0800] "GET /xingrg/all/function/internal_message.html?_=1667015065709&CODE_STATE=getMsg HTTP/1.1" 200 27
180.169.147.146 - - [29/Oct/2022:11:44:40 +0800] "GET /xingrg/kc/buy/cgsh_order_operate.html?command=get_materiel&rest_code=00147&code=00101008132&supplier_code=00100006&order_time=2022-10-29 HTTP/1.1" 200 408
114.88.159.190 - - [29/Oct/2022:11:44:41 +0800] "GET /xingrg/all/function/internal_message.html?_=1667014698171&CODE_STATE=getMsg HTTP/1.1" 200 27
124.79.74.72 - - [29/Oct/2022:11:44:42 +0800] "GET /xingrg/all/function/internal_message.html?_=1667015077430&CODE_STATE=getMsg HTTP/1.1" 200 27
124.79.74.72 - - [29/Oct/2022:11:44:42 +0800] "GET /xingrg/check_reg.html?_=1667015077442 HTTP/1.1" 200 22
180.162.109.76 - - [29/Oct/2022:11:44:51 +0800] "GET /xingrg/all/function/internal_message.html?_=1667014152767&CODE_STATE=getMsg HTTP/1.1" 200 27
183.192.89.222 - - [29/Oct/2022:11:44:59 +0800] "GET /xingrg/all/function/internal_message.html?_=1667015090540&CODE_STATE=getMsg HTTP/1.1" 200 27
222.69.192.207 - - [29/Oct/2022:11:45:00 +0800] "GET /xingrg/check_reg.html?_=1667015091503 HTTP/1.1" 200 22
222.69.192.207 - - [29/Oct/2022:11:45:00 +0800] "GET /xingrg/all/function/internal_message.html?_=1667015091506&CODE_STATE=getMsg HTTP/1.1" 200 27
116.238.139.35 - - [29/Oct/2022:11:45:01 +0800] "GET /xingrg/all/function/internal_message.html?_=1667015091421&CODE_STATE=getMsg HTTP/1.1" 200 27
101.85.95.132 - - [29/Oct/2022:11:45:02 +0800] "GET /xingrg/all/function/internal_message.html?_=1667015092562&CODE_STATE=getMsg HTTP/1.1" 200 27
222.69.131.252 - - [29/Oct/2022:11:45:03 +0800] "GET /xingrg/check_reg.html?_=1667015091301 HTTP/1.1" 200 22
222.69.131.252 - - [29/Oct/2022:11:45:03 +0800] "GET /xingrg/all/function/internal_message.html?_=1667015091303&CODE_STATE=getMsg HTTP/1.1" 200 27
116.238.139.35 - - [29/Oct/2022:11:45:03 +0800] "GET /xingrg/all/function/internal_message.html?_=1667015027492&CODE_STATE=getMsg HTTP/1.1" 200 27
114.84.81.136 - - [29/Oct/2022:11:45:06 +0800] "GET /xingrg/all/function/internal_message.html?_=1667015097605&CODE_STATE=getMsg HTTP/1.1" 302 -
58.40.7.146 - - [29/Oct/2022:11:45:18 +0800] "GET /xingrg/all/function/internal_message.html?_=1667015108902&CODE_STATE=getMsg HTTP/1.1" 302 -
114.84.81.136 - - [29/Oct/2022:11:45:22 +0800] "GET /xingrg/index.html?sysBaseUrl=http%3A%2F%2F180.169.147.146%3A18081%2Fxingrg%2F&costTime=44×tamp=1622098168715 HTTP/1.1" 302 -
114.84.81.136 - - [29/Oct/2022:11:45:22 +0800] "GET /xingrg/login.html HTTP/1.1" 200 7641
