101.85.95.132 - - [29/Oct/2022:11:27:58 +0800] "GET /xingrg/kc/buy/cgsh_order_operate.html?command=get_materiel_price&rest_code=00142&code=00101029002&unit_code=00100157&supplier_code=00100156&order_time=2022-10-29 HTTP/1.1" 200 29
183.192.89.222 - - [29/Oct/2022:11:27:59 +0800] "GET /xingrg/check_reg.html?_=1667014070525 HTTP/1.1" 200 22
183.192.89.222 - - [29/Oct/2022:11:27:59 +0800] "GET /xingrg/all/function/internal_message.html?_=1667014070527&CODE_STATE=getMsg HTTP/1.1" 200 27
116.238.139.35 - - [29/Oct/2022:11:28:00 +0800] "GET /xingrg/all/function/internal_message.html?_=1667014071372&CODE_STATE=getMsg HTTP/1.1" 200 27
116.238.139.35 - - [29/Oct/2022:11:28:01 +0800] "GET /xingrg/check_reg.html?_=1667014071373 HTTP/1.1" 200 22
101.85.95.132 - - [29/Oct/2022:11:28:02 +0800] "GET /xingrg/check_reg.html?_=1667014072546 HTTP/1.1" 200 22
101.85.95.132 - - [29/Oct/2022:11:28:02 +0800] "GET /xingrg/all/function/internal_message.html?_=1667014072547&CODE_STATE=getMsg HTTP/1.1" 200 27
222.69.131.252 - - [29/Oct/2022:11:28:03 +0800] "GET /xingrg/all/function/internal_message.html?_=1667014071240&CODE_STATE=getMsg HTTP/1.1" 200 27
116.238.139.35 - - [29/Oct/2022:11:28:03 +0800] "GET /xingrg/all/function/internal_message.html?_=1667014007213&CODE_STATE=getMsg HTTP/1.1" 200 27
114.84.81.136 - - [29/Oct/2022:11:28:06 +0800] "GET /xingrg/all/function/internal_message.html?_=1667014077558&CODE_STATE=getMsg HTTP/1.1" 302 -
114.84.81.136 - - [29/Oct/2022:11:28:06 +0800] "GET /xingrg/check_reg.html?_=1667014077562 HTTP/1.1" 302 -
124.78.158.69 - - [29/Oct/2022:11:28:12 +0800] "POST /xingrg/kc/buy/cgsh_order_operate.html HTTP/1.1" 200 5632
101.85.95.132 - - [29/Oct/2022:11:28:13 +0800] "GET /xingrg/kc/buy/cgsh_order_operate.html?command=get_materiel&rest_code=00142&code=00101029094&supplier_code=00100156&order_time=2022-10-29 HTTP/1.1" 200 461
221.239.141.151 - - [29/Oct/2022:11:28:14 +0800] "GET /xingrg/all/function/internal_message.html?_=1667014087035&CODE_STATE=getMsg HTTP/1.1" 200 27
101.85.95.132 - - [29/Oct/2022:11:28:14 +0800] "POST /xingrg/all/common/load_select.html HTTP/1.1" 200 25
124.78.158.69 - - [29/Oct/2022:11:28:16 +0800] "POST /xingrg/kc/buy/cgsh_list_operate.html HTTP/1.1" 200 3097
58.40.7.146 - - [29/Oct/2022:11:28:18 +0800] "GET /xingrg/all/function/internal_message.html?_=1667014089234&CODE_STATE=getMsg HTTP/1.1" 302 -
101.85.95.132 - - [29/Oct/2022:11:28:19 +0800] "GET /xingrg/kc/buy/cgsh_order_operate.html?command=get_materiel_price&rest_code=00142&code=00101029094&unit_code=00100179&supplier_code=00100156&order_time=2022-10-29 HTTP/1.1" 200 29
124.78.158.69 - - [29/Oct/2022:11:28:19 +0800] "GET /xingrg/check_reg.html?_=1667014086039 HTTP/1.1" 200 22
222.69.192.207 - - [29/Oct/2022:11:28:19 +0800] "GET /xingrg/javascript/jquery_easy_ui/themes/default/images/button_plain_hover.png HTTP/1.1" 304 -
222.69.192.207 - - [29/Oct/2022:11:28:20 +0800] "POST /xingrg/dwr/call/plaincall/AjaxReportQueryService.refreshCache.dwr HTTP/1.1" 200 78
222.69.192.207 - - [29/Oct/2022:11:28:20 +0800] "POST /xingrg/all/report/load_report_page.html HTTP/1.1" 200 9377
222.69.192.207 - - [29/Oct/2022:11:28:20 +0800] "GET /xingrg/servlets/image?cache=0.8023163759013038&image=px HTTP/1.1" 200 807
222.69.192.207 - - [29/Oct/2022:11:28:23 +0800] "GET /xingrg/all/report/report_query.html?isQuery=1&fileName=kc/base/crk_detail_by_small.xml&rh=99999&queryString=&queryText=%25E3%2580%2590%25E4%25BB%2593%25E5%25BA%2593%25E5%2590%258D%25E7%25A7%25B0%253A%25E7%25B2%25A4%25E8%258F%259C%25E3%2580%2591%25E3%2580%2590%25E4%25B8%259A%25E5%258A%25A1%25E7%25B1%25BB%25E5%259E%258B%25EF%25BC%259A%25E9%2587%2587%25E8%25B4%25AD%25E5%2585%25A5%25E5%25BA%2593%25E3%2580%2591%2520%25E3%2580%2590%25E6%259F%25A5%25E8%25AF%25A2%25E6%2597%25A5%25E6%259C%259F%253A2022-10-01%2520%25E8%2587%25B3%25202022-10-31%25E3%2580%2591%2520%25E5%25B9%25B6%25E4%25B8%2594%2520%2520%25E3%2580%2590%25E4%25BB%2593%25E5%25BA%2593%25E5%2590%258D%25E7%25A7%25B0%2520%253D%2520%25E7%25B2%25A4%25E8%258F%259C%252C%2520%25E6%25B5%25B7%25E6%25B4%25BE%25E3%2580%2591&tableQueryString=crk_table%2524sp1%2524(a.order_day%2520between%252020221001%2520and%252020221031)%2520and%2520(base_code%253D'0010513')%2520and%2520(src_order_type%2520in%2520(21%252C23))%2520and%2520(is_rk%2520in%2520(0%252C1)) HTTP/1.1" 200 53855
222.69.192.207 - - [29/Oct/2022:11:28:23 +0800] "GET /xingrg/dwr/interface/AjaxReportQueryService.js HTTP/1.1" 200 13203
222.69.192.207 - - [29/Oct/2022:11:28:23 +0800] "GET /xingrg/dwr/engine.js HTTP/1.1" 200 43631
222.69.192.207 - - [29/Oct/2022:11:28:23 +0800] "POST /xingrg/all/report/load_report_page.html HTTP/1.1" 200 54289
222.69.192.207 - - [29/Oct/2022:11:28:23 +0800] "GET /xingrg/servlets/image?cache=0.4400283779960368&image=px HTTP/1.1" 200 807
222.69.192.207 - - [29/Oct/2022:11:28:27 +0800] "GET /xingrg/all/report/report_query.html?isQuery=1&fileName=kc/base/crk_detail_by_materiel.xml&queryString=&queryText=%25E3%2580%2590%25E4%25BB%2593%25E5%25BA%2593%25E5%2590%258D%25E7%25A7%25B0%253A%25E7%25B2%25A4%25E8%258F%259C%25E3%2580%2591%25E3%2580%2590%25E4%25B8%259A%25E5%258A%25A1%25E7%25B1%25BB%25E5%259E%258B%25EF%25BC%259A%25E9%2587%2587%25E8%25B4%25AD%25E5%2585%25A5%25E5%25BA%2593%25E3%2580%2591%2520%25E3%2580%2590%25E6%259F%25A5%25E8%25AF%25A2%25E6%2597%25A5%25E6%259C%259F%253A2022-10-01%2520%25E8%2587%25B3%25202022-10-31%25E3%2580%2591%2520%25E5%25B9%25B6%25E4%25B8%2594%2520%2520%25E3%2580%2590%25E4%25BB%2593%25E5%25BA%2593%25E5%2590%258D%25E7%25A7%25B0%2520%253D%2520%25E7%25B2%25A4%25E8%258F%259C%252C%2520%25E6%25B5%25B7%25E6%25B4%25BE%25E3%2580%2591&tableQueryString=crk_table%2524sp1%2524(a.order_day%2520between%252020221001%2520and%252020221031)%2520and%2520(base_code%253D'0010513')%2520and%2520(src_order_type%2520in%2520(21%252C23))%2520and%2520(is_rk%2520in%2520(0%252C1))%2520and%2520(m.sort_code%253D'00101006') HTTP/1.1" 200 53882
222.69.192.207 - - [29/Oct/2022:11:28:27 +0800] "GET /xingrg/dwr/interface/AjaxReportQueryService.js HTTP/1.1" 200 13203
222.69.192.207 - - [29/Oct/2022:11:28:27 +0800] "GET /xingrg/dwr/engine.js HTTP/1.1" 200 43631
222.69.192.207 - - [29/Oct/2022:11:28:27 +0800] "POST /xingrg/all/report/load_report_page.html HTTP/1.1" 200 50156
222.69.192.207 - - [29/Oct/2022:11:28:27 +0800] "GET /xingrg/servlets/image?cache=0.6585944409902843&image=px HTTP/1.1" 200 807
116.230.105.139 - - [29/Oct/2022:11:28:27 +0800] "GET /xingrg/all/function/internal_message.html?_=1667014058979&CODE_STATE=getMsg HTTP/1.1" 200 27
58.40.7.146 - - [29/Oct/2022:11:28:28 +0800] "GET /xingrg/check_reg.html?_=1667014099016 HTTP/1.1" 302 -
222.69.192.207 - - [29/Oct/2022:11:28:29 +0800] "GET /xingrg/all/function/internal_message.html?_=1667014100435&CODE_STATE=getMsg HTTP/1.1" 200 27
218.81.217.29 - - [29/Oct/2022:11:28:30 +0800] "GET /xingrg/check_reg.html?_=1667014127098 HTTP/1.1" 200 22
180.162.109.76 - - [29/Oct/2022:11:28:31 +0800] "POST /xingrg/kc/buy/cgsh_list_operate.html HTTP/1.1" 200 2750
221.239.141.151 - - [29/Oct/2022:11:28:32 +0800] "GET /xingrg/all/function/internal_message.html?_=1667014104195&CODE_STATE=getMsg HTTP/1.1" 200 27
101.85.95.132 - - [29/Oct/2022:11:28:34 +0800] "GET /xingrg/kc/buy/cgsh_order_operate.html?command=get_materiel&rest_code=00142&code=00101028026&supplier_code=00100156&order_time=2022-10-29 HTTP/1.1" 200 444
101.85.95.132 - - [29/Oct/2022:11:28:35 +0800] "POST /xingrg/all/common/load_select.html HTTP/1.1" 200 25
180.169.147.146 - - [29/Oct/2022:11:28:35 +0800] "GET /xingrg/all/function/internal_message.html?_=1667014103061&CODE_STATE=getMsg HTTP/1.1" 200 27
218.81.217.29 - - [29/Oct/2022:11:28:35 +0800] "GET /xingrg/all/function/internal_message.html?_=1667014132409&CODE_STATE=getMsg HTTP/1.1" 200 27
180.169.147.146 - - [29/Oct/2022:11:28:38 +0800] "GET /xingrg/all/function/internal_message.html?_=1667014109116&CODE_STATE=getMsg HTTP/1.1" 200 27
101.85.95.132 - - [29/Oct/2022:11:28:39 +0800] "GET /xingrg/kc/buy/cgsh_order_operate.html?command=get_materiel_price&rest_code=00142&code=00101028026&unit_code=00100157&supplier_code=00100156&order_time=2022-10-29 HTTP/1.1" 200 29
124.78.158.69 - - [29/Oct/2022:11:28:39 +0800] "GET /xingrg/all/function/internal_message.html?_=1667014106089&CODE_STATE=getMsg HTTP/1.1" 200 27
114.88.159.190 - - [29/Oct/2022:11:28:41 +0800] "GET /xingrg/all/function/internal_message.html?_=1667013738115&CODE_STATE=getMsg HTTP/1.1" 200 27
124.79.74.72 - - [29/Oct/2022:11:28:42 +0800] "GET /xingrg/all/function/internal_message.html?_=1667014117399&CODE_STATE=getMsg HTTP/1.1" 200 27
180.162.109.76 - - [29/Oct/2022:11:28:51 +0800] "GET /xingrg/check_reg.html?_=1667013192728 HTTP/1.1" 200 22
180.162.109.76 - - [29/Oct/2022:11:28:51 +0800] "GET /xingrg/all/function/internal_message.html?_=1667013192730&CODE_STATE=getMsg HTTP/1.1" 200 27
101.85.95.132 - - [29/Oct/2022:11:28:51 +0800] "GET /xingrg/kc/buy/cgsh_order_operate.html?command=get_materiel&rest_code=00142&code=00101027041&supplier_code=00100156&order_time=2022-10-29 HTTP/1.1" 200 471
101.85.95.132 - - [29/Oct/2022:11:28:52 +0800] "POST /xingrg/all/common/load_select.html HTTP/1.1" 200 25
101.85.95.132 - - [29/Oct/2022:11:28:56 +0800] "GET /xingrg/kc/buy/cgsh_order_operate.html?command=get_materiel_price&rest_code=00142&code=00101027041&unit_code=00100189&supplier_code=00100156&order_time=2022-10-29 HTTP/1.1" 200 28
183.192.89.222 - - [29/Oct/2022:11:28:59 +0800] "GET /xingrg/all/function/internal_message.html?_=1667014130527&CODE_STATE=getMsg HTTP/1.1" 200 27
222.69.192.207 - - [29/Oct/2022:11:29:00 +0800] "POST /xingrg/dwr/call/plaincall/AjaxReportQueryService.getFixDate.dwr HTTP/1.1" 200 111
116.238.139.35 - - [29/Oct/2022:11:29:00 +0800] "GET /xingrg/all/function/internal_message.html?_=1667014131375&CODE_STATE=getMsg HTTP/1.1" 200 27
101.85.95.132 - - [29/Oct/2022:11:29:02 +0800] "GET /xingrg/all/function/internal_message.html?_=1667014132528&CODE_STATE=getMsg HTTP/1.1" 200 27
222.69.192.207 - - [29/Oct/2022:11:29:02 +0800] "POST /xingrg/dwr/call/plaincall/AjaxReportQueryService.refreshCache.dwr HTTP/1.1" 200 78
222.69.192.207 - - [29/Oct/2022:11:29:02 +0800] "POST /xingrg/all/report/load_report_page.html HTTP/1.1" 200 9383
222.69.192.207 - - [29/Oct/2022:11:29:02 +0800] "GET /xingrg/servlets/image?cache=0.36919669720851767&image=px HTTP/1.1" 200 807
116.238.139.35 - - [29/Oct/2022:11:29:03 +0800] "GET /xingrg/check_reg.html?_=1667014066648 HTTP/1.1" 200 22
222.69.131.252 - - [29/Oct/2022:11:29:03 +0800] "GET /xingrg/all/function/internal_message.html?_=1667014131239&CODE_STATE=getMsg HTTP/1.1" 200 27
116.238.139.35 - - [29/Oct/2022:11:29:03 +0800] "GET /xingrg/all/function/internal_message.html?_=1667014067227&CODE_STATE=getMsg HTTP/1.1" 200 27
222.69.192.207 - - [29/Oct/2022:11:29:04 +0800] "POST /xingrg/all/report/load_report_page.html HTTP/1.1" 200 9368
222.69.192.207 - - [29/Oct/2022:11:29:05 +0800] "GET /xingrg/servlets/image?cache=0.89322623661376&image=px HTTP/1.1" 200 807
114.84.81.136 - - [29/Oct/2022:11:29:06 +0800] "GET /xingrg/all/function/internal_message.html?_=1667014137563&CODE_STATE=getMsg HTTP/1.1" 302 -
222.69.192.207 - - [29/Oct/2022:11:29:07 +0800] "POST /xingrg/all/report/load_report_page.html HTTP/1.1" 200 9383
222.69.192.207 - - [29/Oct/2022:11:29:07 +0800] "GET /xingrg/servlets/image?cache=0.33013955951081175&image=px HTTP/1.1" 200 807
222.69.192.207 - - [29/Oct/2022:11:29:09 +0800] "GET /xingrg/all/report/report_query.html?isQuery=1&fileName=kc/base/crk_detail_by_small.xml&rh=99999&queryString=&queryText=%25E3%2580%2590%25E4%25BB%2593%25E5%25BA%2593%25E5%2590%258D%25E7%25A7%25B0%253A%25E7%25B2%25A4%25E8%258F%259C%25E3%2580%2591%25E3%2580%2590%25E4%25B8%259A%25E5%258A%25A1%25E7%25B1%25BB%25E5%259E%258B%25EF%25BC%259A%25E9%2587%2587%25E8%25B4%25AD%25E5%2585%25A5%25E5%25BA%2593%25E3%2580%2591%2520%25E3%2580%2590%25E6%259F%25A5%25E8%25AF%25A2%25E6%2597%25A5%25E6%259C%259F%253A2022-09-01%2520%25E8%2587%25B3%25202022-09-30%25E3%2580%2591%2520%25E5%25B9%25B6%25E4%25B8%2594%2520%2520%25E3%2580%2590%25E4%25BB%2593%25E5%25BA%2593%25E5%2590%258D%25E7%25A7%25B0%2520%253D%2520%25E7%25B2%25A4%25E8%258F%259C%252C%2520%25E6%25B5%25B7%25E6%25B4%25BE%25E3%2580%2591&tableQueryString=crk_table%2524sp1%2524(a.order_day%2520between%252020220901%2520and%252020220930)%2520and%2520(base_code%253D'0010513')%2520and%2520(src_order_type%2520in%2520(21%252C23))%2520and%2520(is_rk%2520in%2520(0%252C1)) HTTP/1.1" 200 53855
222.69.192.207 - - [29/Oct/2022:11:29:09 +0800] "GET /xingrg/dwr/interface/AjaxReportQueryService.js HTTP/1.1" 200 13203
222.69.192.207 - - [29/Oct/2022:11:29:09 +0800] "GET /xingrg/dwr/engine.js HTTP/1.1" 200 43631
222.69.192.207 - - [29/Oct/2022:11:29:10 +0800] "POST /xingrg/all/report/load_report_page.html HTTP/1.1" 200 56457
222.69.192.207 - - [29/Oct/2022:11:29:10 +0800] "GET /xingrg/servlets/image?cache=0.5120093147783676&image=px HTTP/1.1" 200 807
222.69.192.207 - - [29/Oct/2022:11:29:13 +0800] "GET /xingrg/all/report/report_query.html?isQuery=1&fileName=kc/base/crk_detail_by_materiel.xml&queryString=&queryText=%25E3%2580%2590%25E4%25BB%2593%25E5%25BA%2593%25E5%2590%258D%25E7%25A7%25B0%253A%25E7%25B2%25A4%25E8%258F%259C%25E3%2580%2591%25E3%2580%2590%25E4%25B8%259A%25E5%258A%25A1%25E7%25B1%25BB%25E5%259E%258B%25EF%25BC%259A%25E9%2587%2587%25E8%25B4%25AD%25E5%2585%25A5%25E5%25BA%2593%25E3%2580%2591%2520%25E3%2580%2590%25E6%259F%25A5%25E8%25AF%25A2%25E6%2597%25A5%25E6%259C%259F%253A2022-09-01%2520%25E8%2587%25B3%25202022-09-30%25E3%2580%2591%2520%25E5%25B9%25B6%25E4%25B8%2594%2520%2520%25E3%2580%2590%25E4%25BB%2593%25E5%25BA%2593%25E5%2590%258D%25E7%25A7%25B0%2520%253D%2520%25E7%25B2%25A4%25E8%258F%259C%252C%2520%25E6%25B5%25B7%25E6%25B4%25BE%25E3%2580%2591&tableQueryString=crk_table%2524sp1%2524(a.order_day%2520between%252020220901%2520and%252020220930)%2520and%2520(base_code%253D'0010513')%2520and%2520(src_order_type%2520in%2520(21%252C23))%2520and%2520(is_rk%2520in%2520(0%252C1))%2520and%2520(m.sort_code%253D'00101006') HTTP/1.1" 200 53882
222.69.192.207 - - [29/Oct/2022:11:29:13 +0800] "GET /xingrg/dwr/interface/AjaxReportQueryService.js HTTP/1.1" 200 13203
222.69.192.207 - - [29/Oct/2022:11:29:13 +0800] "GET /xingrg/dwr/engine.js HTTP/1.1" 200 43631
222.69.192.207 - - [29/Oct/2022:11:29:14 +0800] "POST /xingrg/all/report/load_report_page.html HTTP/1.1" 200 50185
222.69.192.207 - - [29/Oct/2022:11:29:14 +0800] "GET /xingrg/servlets/image?cache=0.7254916304185889&image=px HTTP/1.1" 200 807
221.239.141.151 - - [29/Oct/2022:11:29:14 +0800] "GET /xingrg/all/function/internal_message.html?_=1667014147036&CODE_STATE=getMsg HTTP/1.1" 200 27
58.40.7.146 - - [29/Oct/2022:11:29:18 +0800] "GET /xingrg/all/function/internal_message.html?_=1667014149220&CODE_STATE=getMsg HTTP/1.1" 302 -
101.85.95.132 - - [29/Oct/2022:11:29:24 +0800] "POST /xingrg/kc/buy/cgsh_order_operate.html HTTP/1.1" 200 37
101.85.95.132 - - [29/Oct/2022:11:29:26 +0800] "POST /xingrg/kc/buy/cgsh_order_operate.html HTTP/1.1" 200 5777
116.230.105.139 - - [29/Oct/2022:11:29:27 +0800] "GET /xingrg/all/function/internal_message.html?_=1667014118979&CODE_STATE=getMsg HTTP/1.1" 200 27
222.69.192.207 - - [29/Oct/2022:11:29:29 +0800] "GET /xingrg/all/function/internal_message.html?_=1667014160409&CODE_STATE=getMsg HTTP/1.1" 200 27
222.69.192.207 - - [29/Oct/2022:11:29:30 +0800] "GET /xingrg/all/report/report_query.html?isQuery=1&fileName=kc/base/crk_detail_by_small.xml&rh=99999&queryString=&queryText=%25E3%2580%2590%25E4%25BB%2593%25E5%25BA%2593%25E5%2590%258D%25E7%25A7%25B0%253A%25E6%25B5%25B7%25E6%25B4%25BE%25E3%2580%2591%25E3%2580%2590%25E4%25B8%259A%25E5%258A%25A1%25E7%25B1%25BB%25E5%259E%258B%25EF%25BC%259A%25E9%2587%2587%25E8%25B4%25AD%25E5%2585%25A5%25E5%25BA%2593%25E3%2580%2591%2520%25E3%2580%2590%25E6%259F%25A5%25E8%25AF%25A2%25E6%2597%25A5%25E6%259C%259F%253A2022-09-01%2520%25E8%2587%25B3%25202022-09-30%25E3%2580%2591%2520%25E5%25B9%25B6%25E4%25B8%2594%2520%2520%25E3%2580%2590%25E4%25BB%2593%25E5%25BA%2593%25E5%2590%258D%25E7%25A7%25B0%2520%253D%2520%25E7%25B2%25A4%25E8%258F%259C%252C%2520%25E6%25B5%25B7%25E6%25B4%25BE%25E3%2580%2591&tableQueryString=crk_table%2524sp1%2524(a.order_day%2520between%252020220901%2520and%252020220930)%2520and%2520(base_code%253D'0010514')%2520and%2520(src_order_type%2520in%2520(21%252C23))%2520and%2520(is_rk%2520in%2520(0%252C1)) HTTP/1.1" 200 53855
222.69.192.207 - - [29/Oct/2022:11:29:30 +0800] "GET /xingrg/dwr/interface/AjaxReportQueryService.js HTTP/1.1" 200 13203
222.69.192.207 - - [29/Oct/2022:11:29:30 +0800] "GET /xingrg/dwr/engine.js HTTP/1.1" 200 43631
222.69.192.207 - - [29/Oct/2022:11:29:30 +0800] "POST /xingrg/all/report/load_report_page.html HTTP/1.1" 200 46654
222.69.192.207 - - [29/Oct/2022:11:29:30 +0800] "GET /xingrg/servlets/image?cache=0.7377978834023472&image=px HTTP/1.1" 200 807
221.239.141.151 - - [29/Oct/2022:11:29:32 +0800] "GET /xingrg/all/function/internal_message.html?_=1667014164178&CODE_STATE=getMsg HTTP/1.1" 200 27
222.69.192.207 - - [29/Oct/2022:11:29:33 +0800] "GET /xingrg/all/report/report_query.html?isQuery=1&fileName=kc/base/crk_detail_by_materiel.xml&queryString=&queryText=%25E3%2580%2590%25E4%25BB%2593%25E5%25BA%2593%25E5%2590%258D%25E7%25A7%25B0%253A%25E6%25B5%25B7%25E6%25B4%25BE%25E3%2580%2591%25E3%2580%2590%25E4%25B8%259A%25E5%258A%25A1%25E7%25B1%25BB%25E5%259E%258B%25EF%25BC%259A%25E9%2587%2587%25E8%25B4%25AD%25E5%2585%25A5%25E5%25BA%2593%25E3%2580%2591%2520%25E3%2580%2590%25E6%259F%25A5%25E8%25AF%25A2%25E6%2597%25A5%25E6%259C%259F%253A2022-09-01%2520%25E8%2587%25B3%25202022-09-30%25E3%2580%2591%2520%25E5%25B9%25B6%25E4%25B8%2594%2520%2520%25E3%2580%2590%25E4%25BB%2593%25E5%25BA%2593%25E5%2590%258D%25E7%25A7%25B0%2520%253D%2520%25E7%25B2%25A4%25E8%258F%259C%252C%2520%25E6%25B5%25B7%25E6%25B4%25BE%25E3%2580%2591&tableQueryString=crk_table%2524sp1%2524(a.order_day%2520between%252020220901%2520and%252020220930)%2520and%2520(base_code%253D'0010514')%2520and%2520(src_order_type%2520in%2520(21%252C23))%2520and%2520(is_rk%2520in%2520(0%252C1))%2520and%2520(m.sort_code%253D'00101006') HTTP/1.1" 200 53882
222.69.192.207 - - [29/Oct/2022:11:29:33 +0800] "GET /xingrg/dwr/interface/AjaxReportQueryService.js HTTP/1.1" 200 13203
222.69.192.207 - - [29/Oct/2022:11:29:33 +0800] "GET /xingrg/dwr/engine.js HTTP/1.1" 200 43631
222.69.192.207 - - [29/Oct/2022:11:29:34 +0800] "POST /xingrg/all/report/load_report_page.html HTTP/1.1" 200 50225
222.69.192.207 - - [29/Oct/2022:11:29:34 +0800] "GET /xingrg/servlets/image?cache=0.8445762923372465&image=px HTTP/1.1" 200 807
180.169.147.146 - - [29/Oct/2022:11:29:35 +0800] "GET /xingrg/all/function/internal_message.html?_=1667014163041&CODE_STATE=getMsg HTTP/1.1" 200 27
218.81.217.29 - - [29/Oct/2022:11:29:35 +0800] "GET /xingrg/all/function/internal_message.html?_=1667014192424&CODE_STATE=getMsg HTTP/1.1" 200 27
180.169.147.146 - - [29/Oct/2022:11:29:38 +0800] "GET /xingrg/check_reg.html?_=1667014169126 HTTP/1.1" 200 22
180.169.147.146 - - [29/Oct/2022:11:29:38 +0800] "GET /xingrg/all/function/internal_message.html?_=1667014169129&CODE_STATE=getMsg HTTP/1.1" 200 27
222.69.192.207 - - [29/Oct/2022:11:29:39 +0800] "GET /xingrg/kc/base/wldb_order_list.html HTTP/1.1" 200 19022
222.69.192.207 - - [29/Oct/2022:11:29:39 +0800] "POST /xingrg/kc/base/wldb_list_operate.html HTTP/1.1" 200 5312
124.78.158.69 - - [29/Oct/2022:11:29:39 +0800] "GET /xingrg/all/function/internal_message.html?_=1667014166071&CODE_STATE=getMsg HTTP/1.1" 200 27
114.88.159.190 - - [29/Oct/2022:11:29:41 +0800] "GET /xingrg/all/function/internal_message.html?_=1667013798146&CODE_STATE=getMsg HTTP/1.1" 200 27
222.69.192.207 - - [29/Oct/2022:11:29:42 +0800] "GET /xingrg/kc/base/wldb_order_add.html HTTP/1.1" 200 30257
124.79.74.72 - - [29/Oct/2022:11:29:42 +0800] "GET /xingrg/all/function/internal_message.html?_=1667014177406&CODE_STATE=getMsg HTTP/1.1" 200 27
124.79.74.72 - - [29/Oct/2022:11:29:42 +0800] "GET /xingrg/check_reg.html?_=1667014177419 HTTP/1.1" 200 22
222.69.192.207 - - [29/Oct/2022:11:29:43 +0800] "GET /xingrg/javascript/easyui/themes/default/validatebox.css HTTP/1.1" 404 1104
222.69.192.207 - - [29/Oct/2022:11:29:43 +0800] "POST /xingrg/kc/base/wldb_order_operate.html HTTP/1.1" 200 6806
222.69.192.207 - - [29/Oct/2022:11:29:45 +0800] "POST /xingrg/all/common/load_combo.html?type=base HTTP/1.1" 200 3409
180.162.109.76 - - [29/Oct/2022:11:29:51 +0800] "GET /xingrg/all/function/internal_message.html?_=1667013252735&CODE_STATE=getMsg HTTP/1.1" 200 27
101.85.95.132 - - [29/Oct/2022:11:29:59 +0800] "POST /xingrg/kc/buy/cgsh_order_operate.html HTTP/1.1" 200 37
183.192.89.222 - - [29/Oct/2022:11:29:59 +0800] "GET /xingrg/all/function/internal_message.html?_=1667014190529&CODE_STATE=getMsg HTTP/1.1" 200 27
116.238.139.35 - - [29/Oct/2022:11:30:00 +0800] "GET /xingrg/all/function/internal_message.html?_=1667014191370&CODE_STATE=getMsg HTTP/1.1" 200 27
101.85.95.132 - - [29/Oct/2022:11:30:02 +0800] "GET /xingrg/all/function/internal_message.html?_=1667014192512&CODE_STATE=getMsg HTTP/1.1" 200 27
101.85.95.132 - - [29/Oct/2022:11:30:02 +0800] "POST /xingrg/kc/buy/cgsh_order_operate.html HTTP/1.1" 200 12
222.69.131.252 - - [29/Oct/2022:11:30:03 +0800] "GET /xingrg/all/function/internal_message.html?_=1667014191243&CODE_STATE=getMsg HTTP/1.1" 200 27
222.69.131.252 - - [29/Oct/2022:11:30:03 +0800] "GET /xingrg/check_reg.html?_=1667014191244 HTTP/1.1" 200 22
116.238.139.35 - - [29/Oct/2022:11:30:03 +0800] "GET /xingrg/all/function/internal_message.html?_=1667014127241&CODE_STATE=getMsg HTTP/1.1" 200 27
101.85.95.132 - - [29/Oct/2022:11:30:04 +0800] "GET /xingrg/kc/buy/cgsh_order_info.html?code=212022102908983 HTTP/1.1" 200 63062
101.85.95.132 - - [29/Oct/2022:11:30:04 +0800] "GET /xingrg/javascript/easyui/themes/default/validatebox.css HTTP/1.1" 404 1104
101.85.95.132 - - [29/Oct/2022:11:30:05 +0800] "POST /xingrg/kc/buy/cgsh_order_operate.html HTTP/1.1" 200 3725
114.84.81.136 - - [29/Oct/2022:11:30:06 +0800] "GET /xingrg/all/function/internal_message.html?_=1667014197575&CODE_STATE=getMsg HTTP/1.1" 302 -
101.85.95.132 - - [29/Oct/2022:11:30:07 +0800] "GET /xingrg/kc/print/load_config.html?kc_code=cgsh HTTP/1.1" 200 1943
101.85.95.132 - - [29/Oct/2022:11:30:08 +0800] "GET /xingrg/kc/print/load_data.html?order_code=212022102908983&kc_code=cgsh&condition= HTTP/1.1" 200 2076
58.40.7.146 - - [29/Oct/2022:11:30:18 +0800] "GET /xingrg/all/function/internal_message.html?_=1667014209193&CODE_STATE=getMsg HTTP/1.1" 302 -
222.69.192.207 - - [29/Oct/2022:11:30:26 +0800] "GET /xingrg/kc/mdqp/pssh_order_list.html HTTP/1.1" 200 17804
222.69.192.207 - - [29/Oct/2022:11:30:26 +0800] "POST /xingrg/kc/mdqp/pssh_list_operate.html HTTP/1.1" 200 5462
116.230.105.139 - - [29/Oct/2022:11:30:27 +0800] "GET /xingrg/check_reg.html?_=1667014178977 HTTP/1.1" 200 22
116.230.105.139 - - [29/Oct/2022:11:30:27 +0800] "GET /xingrg/all/function/internal_message.html?_=1667014178979&CODE_STATE=getMsg HTTP/1.1" 200 27
222.69.192.207 - - [29/Oct/2022:11:30:29 +0800] "GET /xingrg/all/function/internal_message.html?_=1667014220565&CODE_STATE=getMsg HTTP/1.1" 200 27
222.69.192.207 - - [29/Oct/2022:11:30:29 +0800] "GET /xingrg/kc/mdqp/qqps_order_list.html HTTP/1.1" 200 9222
222.69.192.207 - - [29/Oct/2022:11:30:29 +0800] "GET /xingrg/javascript/ToolTips.js HTTP/1.1" 304 -
222.69.192.207 - - [29/Oct/2022:11:30:29 +0800] "GET /xingrg/dwr/interface/AjaxQqpsService.js HTTP/1.1" 200 16326
222.69.192.207 - - [29/Oct/2022:11:30:29 +0800] "GET /xingrg/dwr/interface/AjaxReportQueryService.js HTTP/1.1" 200 13203
222.69.192.207 - - [29/Oct/2022:11:30:29 +0800] "GET /xingrg/dwr/engine.js HTTP/1.1" 200 43631
222.69.192.207 - - [29/Oct/2022:11:30:29 +0800] "GET /xingrg/javascript/jquery_easy_ui/themes/icons/uncheck_new.png HTTP/1.1" 304 -
222.69.192.207 - - [29/Oct/2022:11:30:29 +0800] "GET /xingrg/javascript/jquery_easy_ui/themes/icons/cance_new.png HTTP/1.1" 304 -
222.69.192.207 - - [29/Oct/2022:11:30:29 +0800] "GET /xingrg/javascript/jquery_easy_ui/themes/icons/check_new.png HTTP/1.1" 304 -
222.69.192.207 - - [29/Oct/2022:11:30:29 +0800] "GET /xingrg/javascript/jquery_easy_ui/themes/icons/edit_add_new.png HTTP/1.1" 304 -
221.239.141.151 - - [29/Oct/2022:11:30:32 +0800] "GET /xingrg/all/function/internal_message.html?_=1667014224177&CODE_STATE=getMsg HTTP/1.1" 200 27
180.169.147.146 - - [29/Oct/2022:11:30:35 +0800] "GET /xingrg/all/function/internal_message.html?_=1667014223024&CODE_STATE=getMsg HTTP/1.1" 200 27
218.81.217.29 - - [29/Oct/2022:11:30:36 +0800] "GET /xingrg/all/function/internal_message.html?_=1667014252712&CODE_STATE=getMsg HTTP/1.1" 200 27
222.69.192.207 - - [29/Oct/2022:11:30:36 +0800] "GET /xingrg/kc/base/check_order_list.html HTTP/1.1" 200 16141
222.69.192.207 - - [29/Oct/2022:11:30:36 +0800] "POST /xingrg/kc/base/check_list_operate.html HTTP/1.1" 200 781
180.169.147.146 - - [29/Oct/2022:11:30:38 +0800] "GET /xingrg/all/function/internal_message.html?_=1667014229120&CODE_STATE=getMsg HTTP/1.1" 200 27
124.78.158.69 - - [29/Oct/2022:11:30:39 +0800] "GET /xingrg/all/function/internal_message.html?_=1667014226049&CODE_STATE=getMsg HTTP/1.1" 200 27
114.88.159.190 - - [29/Oct/2022:11:30:41 +0800] "GET /xingrg/all/function/internal_message.html?_=1667013858148&CODE_STATE=getMsg HTTP/1.1" 200 27
124.79.74.72 - - [29/Oct/2022:11:30:42 +0800] "GET /xingrg/all/function/internal_message.html?_=1667014237405&CODE_STATE=getMsg HTTP/1.1" 200 27
222.69.192.207 - - [29/Oct/2022:11:30:46 +0800] "POST /xingrg/kc/base/check_list_operate.html HTTP/1.1" 200 4922
222.69.192.207 - - [29/Oct/2022:11:30:51 +0800] "GET /xingrg/kc/base/check_order_info.html?code=452022093000217 HTTP/1.1" 200 22854
222.69.192.207 - - [29/Oct/2022:11:30:51 +0800] "GET /xingrg/dwr/interface/AjaxComOrderService.js HTTP/1.1" 200 18264
222.69.192.207 - - [29/Oct/2022:11:30:51 +0800] "GET /xingrg/javascript/AjaxInfoList.js HTTP/1.1" 304 -
222.69.192.207 - - [29/Oct/2022:11:30:51 +0800] "GET /xingrg/dwr/interface/AjaxCheckService.js HTTP/1.1" 200 14003
222.69.192.207 - - [29/Oct/2022:11:30:51 +0800] "GET /xingrg/dwr/engine.js HTTP/1.1" 200 43631
222.69.192.207 - - [29/Oct/2022:11:30:51 +0800] "GET /xingrg/javascript/jquery_easy_ui/themes/icons/exam_new.png HTTP/1.1" 304 -
180.162.109.76 - - [29/Oct/2022:11:30:51 +0800] "GET /xingrg/all/function/internal_message.html?_=1667013312750&CODE_STATE=getMsg HTTP/1.1" 200 27
222.69.192.207 - - [29/Oct/2022:11:30:51 +0800] "POST /xingrg/dwr/call/plaincall/AjaxCheckService.loadOrderItems.dwr HTTP/1.1" 200 66580
180.162.109.76 - - [29/Oct/2022:11:30:55 +0800] "POST /xingrg/kc/buy/cgsh_list_operate.html HTTP/1.1" 200 588
180.162.109.76 - - [29/Oct/2022:11:30:56 +0800] "GET /xingrg/kc/buy/cgsh_order_info.html?code=212022102206833 HTTP/1.1" 200 68129
180.162.109.76 - - [29/Oct/2022:11:30:56 +0800] "GET /xingrg/javascript/easyui/themes/default/validatebox.css HTTP/1.1" 404 1104
180.162.109.76 - - [29/Oct/2022:11:30:57 +0800] "POST /xingrg/kc/buy/cgsh_order_operate.html HTTP/1.1" 200 5628
183.192.89.222 - - [29/Oct/2022:11:30:59 +0800] "GET /xingrg/all/function/internal_message.html?_=1667014250534&CODE_STATE=getMsg HTTP/1.1" 200 27
116.238.139.35 - - [29/Oct/2022:11:31:01 +0800] "GET /xingrg/all/function/internal_message.html?_=1667014251375&CODE_STATE=getMsg HTTP/1.1" 200 27
101.85.95.132 - - [29/Oct/2022:11:31:02 +0800] "GET /xingrg/all/function/internal_message.html?_=1667014252499&CODE_STATE=getMsg HTTP/1.1" 200 27
222.69.131.252 - - [29/Oct/2022:11:31:03 +0800] "GET /xingrg/all/function/internal_message.html?_=1667014251246&CODE_STATE=getMsg HTTP/1.1" 200 27
116.238.139.35 - - [29/Oct/2022:11:31:03 +0800] "GET /xingrg/all/function/internal_message.html?_=1667014187254&CODE_STATE=getMsg HTTP/1.1" 200 27
114.84.81.136 - - [29/Oct/2022:11:31:06 +0800] "GET /xingrg/all/function/internal_message.html?_=1667014257575&CODE_STATE=getMsg HTTP/1.1" 302 -
180.162.109.76 - - [29/Oct/2022:11:31:10 +0800] "GET /xingrg/javascript/jquery_tools/images/prev.gif HTTP/1.1" 404 1086
180.162.109.76 - - [29/Oct/2022:11:31:10 +0800] "GET /xingrg/javascript/jquery_tools/images/next.gif HTTP/1.1" 404 1086
222.69.192.207 - - [29/Oct/2022:11:31:13 +0800] "GET /xingrg/kc/base/check_order_info.html?code=452022093000216 HTTP/1.1" 200 22854
222.69.192.207 - - [29/Oct/2022:11:31:13 +0800] "GET /xingrg/dwr/interface/AjaxCheckService.js HTTP/1.1" 200 14003
222.69.192.207 - - [29/Oct/2022:11:31:13 +0800] "GET /xingrg/dwr/interface/AjaxComOrderService.js HTTP/1.1" 200 18264
222.69.192.207 - - [29/Oct/2022:11:31:13 +0800] "GET /xingrg/dwr/engine.js HTTP/1.1" 200 43631
222.69.192.207 - - [29/Oct/2022:11:31:13 +0800] "POST /xingrg/dwr/call/plaincall/AjaxCheckService.loadOrderItems.dwr HTTP/1.1" 200 83031
58.40.7.146 - - [29/Oct/2022:11:31:18 +0800] "GET /xingrg/all/function/internal_message.html?_=1667014269180&CODE_STATE=getMsg HTTP/1.1" 302 -
180.162.109.76 - - [29/Oct/2022:11:31:26 +0800] "POST /xingrg/kc/buy/cgsh_order_operate.html HTTP/1.1" 200 37
116.230.105.139 - - [29/Oct/2022:11:31:27 +0800] "GET /xingrg/all/function/internal_message.html?_=1667014238968&CODE_STATE=getMsg HTTP/1.1" 200 27
180.162.109.76 - - [29/Oct/2022:11:31:28 +0800] "POST /xingrg/kc/buy/cgsh_order_operate.html HTTP/1.1" 200 5628
222.69.192.207 - - [29/Oct/2022:11:31:29 +0800] "GET /xingrg/all/function/internal_message.html?_=1667014280361&CODE_STATE=getMsg HTTP/1.1" 200 27
221.239.141.151 - - [29/Oct/2022:11:31:30 +0800] "GET /xingrg/check_reg.html?_=1667014281801 HTTP/1.1" 200 22
221.239.141.151 - - [29/Oct/2022:11:31:32 +0800] "GET /xingrg/all/function/internal_message.html?_=1667014284171&CODE_STATE=getMsg HTTP/1.1" 200 27
222.69.192.207 - - [29/Oct/2022:11:31:32 +0800] "GET /xingrg/check_reg.html?_=1667014283905 HTTP/1.1" 200 22
180.169.147.146 - - [29/Oct/2022:11:31:35 +0800] "GET /xingrg/all/function/internal_message.html?_=1667014283000&CODE_STATE=getMsg HTTP/1.1" 200 27
218.81.217.29 - - [29/Oct/2022:11:31:36 +0800] "GET /xingrg/all/function/internal_message.html?_=1667014312715&CODE_STATE=getMsg HTTP/1.1" 200 27
180.162.109.76 - - [29/Oct/2022:11:31:37 +0800] "POST /xingrg/kc/buy/cgsh_order_operate.html HTTP/1.1" 200 37
180.169.147.146 - - [29/Oct/2022:11:31:38 +0800] "GET /xingrg/all/function/internal_message.html?_=1667014289118&CODE_STATE=getMsg HTTP/1.1" 200 27
180.163.30.85 - - [29/Oct/2022:11:31:39 +0800] "GET /xingrg/all/function/internal_message.html?_=1667014226049&CODE_STATE=getMsg HTTP/1.1" 302 -
180.163.30.85 - - [29/Oct/2022:11:31:39 +0800] "GET /xingrg/login.html HTTP/1.1" 200 7641
124.78.158.69 - - [29/Oct/2022:11:31:39 +0800] "GET /xingrg/all/function/internal_message.html?_=1667014286031&CODE_STATE=getMsg HTTP/1.1" 200 27
114.88.159.190 - - [29/Oct/2022:11:31:41 +0800] "GET /xingrg/all/function/internal_message.html?_=1667013918149&CODE_STATE=getMsg HTTP/1.1" 200 27
180.162.109.76 - - [29/Oct/2022:11:31:42 +0800] "POST /xingrg/kc/buy/cgsh_order_operate.html HTTP/1.1" 200 12
124.79.74.72 - - [29/Oct/2022:11:31:42 +0800] "GET /xingrg/all/function/internal_message.html?_=1667014297398&CODE_STATE=getMsg HTTP/1.1" 200 27
180.162.109.76 - - [29/Oct/2022:11:31:44 +0800] "GET /xingrg/kc/buy/cgsh_order_info.html?code=212022102206833 HTTP/1.1" 200 63025
180.162.109.76 - - [29/Oct/2022:11:31:44 +0800] "GET /xingrg/javascript/easyui/themes/default/validatebox.css HTTP/1.1" 404 1104
180.162.109.76 - - [29/Oct/2022:11:31:45 +0800] "POST /xingrg/kc/buy/cgsh_order_operate.html HTTP/1.1" 200 3576
180.162.109.76 - - [29/Oct/2022:11:31:51 +0800] "GET /xingrg/all/function/internal_message.html?_=1667013372738&CODE_STATE=getMsg HTTP/1.1" 200 27
183.192.89.222 - - [29/Oct/2022:11:31:59 +0800] "GET /xingrg/all/function/internal_message.html?_=1667014310535&CODE_STATE=getMsg HTTP/1.1" 200 27
116.238.139.35 - - [29/Oct/2022:11:32:01 +0800] "GET /xingrg/all/function/internal_message.html?_=1667014311376&CODE_STATE=getMsg HTTP/1.1" 200 27
101.85.95.132 - - [29/Oct/2022:11:32:02 +0800] "GET /xingrg/all/function/internal_message.html?_=1667014312500&CODE_STATE=getMsg HTTP/1.1" 200 27
222.69.131.252 - - [29/Oct/2022:11:32:03 +0800] "GET /xingrg/all/function/internal_message.html?_=1667014311256&CODE_STATE=getMsg HTTP/1.1" 200 27
116.238.139.35 - - [29/Oct/2022:11:32:03 +0800] "GET /xingrg/all/function/internal_message.html?_=1667014247294&CODE_STATE=getMsg HTTP/1.1" 200 27
114.84.81.136 - - [29/Oct/2022:11:32:06 +0800] "GET /xingrg/all/function/internal_message.html?_=1667014317576&CODE_STATE=getMsg HTTP/1.1" 302 -
180.162.109.76 - - [29/Oct/2022:11:32:13 +0800] "GET /xingrg/kc/print/load_data.html?order_code=212022102206833&kc_code=cgsh&condition= HTTP/1.1" 200 1844
58.40.7.146 - - [29/Oct/2022:11:32:18 +0800] "GET /xingrg/all/function/internal_message.html?_=1667014329169&CODE_STATE=getMsg HTTP/1.1" 302 -
116.230.105.139 - - [29/Oct/2022:11:32:27 +0800] "GET /xingrg/all/function/internal_message.html?_=1667014298983&CODE_STATE=getMsg HTTP/1.1" 200 27
180.169.147.146 - - [29/Oct/2022:11:32:28 +0800] "GET /xingrg/check_reg.html?_=1667014335761 HTTP/1.1" 200 22
222.69.192.207 - - [29/Oct/2022:11:32:29 +0800] "GET /xingrg/all/function/internal_message.html?_=1667014340340&CODE_STATE=getMsg HTTP/1.1" 200 27
221.239.141.151 - - [29/Oct/2022:11:32:32 +0800] "GET /xingrg/all/function/internal_message.html?_=1667014344159&CODE_STATE=getMsg HTTP/1.1" 200 27
180.169.147.146 - - [29/Oct/2022:11:32:35 +0800] "GET /xingrg/all/function/internal_message.html?_=1667014342979&CODE_STATE=getMsg HTTP/1.1" 200 27
218.81.217.29 - - [29/Oct/2022:11:32:36 +0800] "GET /xingrg/all/function/internal_message.html?_=1667014372958&CODE_STATE=getMsg HTTP/1.1" 200 27
180.169.147.146 - - [29/Oct/2022:11:32:38 +0800] "GET /xingrg/all/function/internal_message.html?_=1667014349138&CODE_STATE=getMsg HTTP/1.1" 200 27
124.78.158.69 - - [29/Oct/2022:11:32:39 +0800] "GET /xingrg/all/function/internal_message.html?_=1667014346009&CODE_STATE=getMsg HTTP/1.1" 200 27
114.88.159.190 - - [29/Oct/2022:11:32:41 +0800] "GET /xingrg/check_reg.html?_=1667013978138 HTTP/1.1" 200 22
114.88.159.190 - - [29/Oct/2022:11:32:41 +0800] "GET /xingrg/all/function/internal_message.html?_=1667013978140&CODE_STATE=getMsg HTTP/1.1" 200 27
124.79.74.72 - - [29/Oct/2022:11:32:42 +0800] "GET /xingrg/all/function/internal_message.html?_=1667014357405&CODE_STATE=getMsg HTTP/1.1" 200 27
180.162.109.76 - - [29/Oct/2022:11:32:51 +0800] "GET /xingrg/all/function/internal_message.html?_=1667013432759&CODE_STATE=getMsg HTTP/1.1" 200 27
101.85.95.132 - - [29/Oct/2022:11:32:59 +0800] "GET /xingrg/kc/buy/cgsh_order_add.html HTTP/1.1" 200 68159
101.85.95.132 - - [29/Oct/2022:11:32:59 +0800] "POST /xingrg/kc/buy/cgsh_order_operate.html HTTP/1.1" 200 8245
101.85.95.132 - - [29/Oct/2022:11:32:59 +0800] "GET /xingrg/javascript/easyui/themes/default/validatebox.css HTTP/1.1" 404 1104
183.192.89.222 - - [29/Oct/2022:11:32:59 +0800] "GET /xingrg/check_reg.html?_=1667014370536 HTTP/1.1" 200 22
183.192.89.222 - - [29/Oct/2022:11:32:59 +0800] "GET /xingrg/all/function/internal_message.html?_=1667014370539&CODE_STATE=getMsg HTTP/1.1" 200 27
116.238.139.35 - - [29/Oct/2022:11:33:01 +0800] "GET /xingrg/all/function/internal_message.html?_=1667014371376&CODE_STATE=getMsg HTTP/1.1" 200 27
116.238.139.35 - - [29/Oct/2022:11:33:01 +0800] "GET /xingrg/check_reg.html?_=1667014371390 HTTP/1.1" 200 22
101.85.95.132 - - [29/Oct/2022:11:33:02 +0800] "GET /xingrg/all/function/internal_message.html?_=1667014372509&CODE_STATE=getMsg HTTP/1.1" 200 27
101.85.95.132 - - [29/Oct/2022:11:33:02 +0800] "GET /xingrg/check_reg.html?_=1667014372543 HTTP/1.1" 200 22
222.69.131.252 - - [29/Oct/2022:11:33:03 +0800] "GET /xingrg/all/function/internal_message.html?_=1667014371256&CODE_STATE=getMsg HTTP/1.1" 200 27
116.238.139.35 - - [29/Oct/2022:11:33:03 +0800] "GET /xingrg/all/function/internal_message.html?_=1667014307297&CODE_STATE=getMsg HTTP/1.1" 200 27
114.84.81.136 - - [29/Oct/2022:11:33:06 +0800] "GET /xingrg/all/function/internal_message.html?_=1667014377582&CODE_STATE=getMsg HTTP/1.1" 302 -
114.84.81.136 - - [29/Oct/2022:11:33:06 +0800] "GET /xingrg/check_reg.html?_=1667014377584 HTTP/1.1" 302 -
222.69.192.207 - - [29/Oct/2022:11:33:12 +0800] "GET /xingrg/index.html?sysBaseUrl=http%3A%2F%2F180.169.147.146%3A18081%2Fxingrg%2F&costTime=36×tamp=1585223203754 HTTP/1.1" 302 -
222.69.192.207 - - [29/Oct/2022:11:33:12 +0800] "GET /xingrg/login.html HTTP/1.1" 200 7641
222.69.192.207 - - [29/Oct/2022:11:33:13 +0800] "GET /favicon.ico HTTP/1.1" 404 -
58.40.7.146 - - [29/Oct/2022:11:33:18 +0800] "GET /xingrg/all/function/internal_message.html?_=1667014389158&CODE_STATE=getMsg HTTP/1.1" 302 -
124.78.158.69 - - [29/Oct/2022:11:33:19 +0800] "GET /xingrg/check_reg.html?_=1667014385980 HTTP/1.1" 200 22
116.230.105.139 - - [29/Oct/2022:11:33:27 +0800] "GET /xingrg/all/function/internal_message.html?_=1667014358976&CODE_STATE=getMsg HTTP/1.1" 200 27
58.40.7.146 - - [29/Oct/2022:11:33:28 +0800] "GET /xingrg/check_reg.html?_=1667014399018 HTTP/1.1" 302 -
222.69.192.207 - - [29/Oct/2022:11:33:29 +0800] "POST /xingrg/login.do HTTP/1.1" 302 -
222.69.192.207 - - [29/Oct/2022:11:33:29 +0800] "GET /xingrg/index.html?sysBaseUrl=http%3A%2F%2F180.169.147.146%3A18081%2Fxingrg%2F&costTime=48×tamp=1667014409661 HTTP/1.1" 200 17503
222.69.192.207 - - [29/Oct/2022:11:33:29 +0800] "GET /favicon.ico HTTP/1.1" 404 -
222.69.192.207 - - [29/Oct/2022:11:33:29 +0800] "POST /xingrg/all/common/load_tree.html?tree=area_rest_tree_json&manage=1 HTTP/1.1" 200 2091
222.69.192.207 - - [29/Oct/2022:11:33:29 +0800] "GET /xingrg/javascript/jquery_easy_ui/themes/default/images/panel_tool_expand.gif HTTP/1.1" 304 -
222.69.192.207 - - [29/Oct/2022:11:33:29 +0800] "GET /xingrg/all/function/internal_message.html?_=1667014400926&CODE_STATE=count HTTP/1.1" 200 11
222.69.192.207 - - [29/Oct/2022:11:33:29 +0800] "GET /xingrg/check_reg.html?_=1667014400927 HTTP/1.1" 200 22
222.69.192.207 - - [29/Oct/2022:11:33:29 +0800] "POST /xingrg/load_menu.html HTTP/1.1" 200 11564
222.69.192.207 - - [29/Oct/2022:11:33:30 +0800] "GET /xingrg/javascript/jquery_easy_ui/themes/icons/delivery_new.png HTTP/1.1" 304 -
222.69.192.207 - - [29/Oct/2022:11:33:30 +0800] "GET /xingrg/javascript/jquery_easy_ui/themes/icons/checkout_new.png HTTP/1.1" 304 -
222.69.192.207 - - [29/Oct/2022:11:33:30 +0800] "GET /xingrg/javascript/jquery_easy_ui/themes/icons/systemset_new.png HTTP/1.1" 304 -
222.69.192.207 - - [29/Oct/2022:11:33:30 +0800] "GET /xingrg/javascript/jquery_easy_ui/themes/icons/setting_new.png HTTP/1.1" 304 -
101.85.95.132 - - [29/Oct/2022:11:33:30 +0800] "GET /xingrg/kc/buy/cgsh_order_operate.html?command=get_materiel&rest_code=00142&code=00101003002&supplier_code=00100092&order_time=2022-10-29 HTTP/1.1" 200 411
218.81.217.29 - - [29/Oct/2022:11:33:30 +0800] "GET /xingrg/check_reg.html?_=1667014427095 HTTP/1.1" 200 22
221.239.141.151 - - [29/Oct/2022:11:33:32 +0800] "GET /xingrg/all/function/internal_message.html?_=1667014404148&CODE_STATE=getMsg HTTP/1.1" 200 27
180.169.147.146 - - [29/Oct/2022:11:33:34 +0800] "GET /xingrg/kc/buy/cgsh_order_operate.html?command=get_materiel&rest_code=00147&code=00101006109&supplier_code=00100015&order_time=2022-10-29 HTTP/1.1" 200 409
180.169.147.146 - - [29/Oct/2022:11:33:35 +0800] "GET /xingrg/all/function/internal_message.html?_=1667014402949&CODE_STATE=getMsg HTTP/1.1" 200 27
218.81.217.29 - - [29/Oct/2022:11:33:36 +0800] "GET /xingrg/all/function/internal_message.html?_=1667014432961&CODE_STATE=getMsg HTTP/1.1" 200 27
180.169.147.146 - - [29/Oct/2022:11:33:38 +0800] "GET /xingrg/all/function/internal_message.html?_=1667014409127&CODE_STATE=getMsg HTTP/1.1" 200 27
222.69.192.207 - - [29/Oct/2022:11:33:39 +0800] "GET /xingrg/kc/base/check_order_list.html HTTP/1.1" 200 16396
124.78.158.69 - - [29/Oct/2022:11:33:39 +0800] "GET /xingrg/all/function/internal_message.html?_=1667014405978&CODE_STATE=getMsg HTTP/1.1" 200 27
222.69.192.207 - - [29/Oct/2022:11:33:39 +0800] "GET /xingrg/javascript/easyui/themes/icons/uncheck_new.png HTTP/1.1" 304 -
222.69.192.207 - - [29/Oct/2022:11:33:39 +0800] "POST /xingrg/kc/base/check_list_operate.html HTTP/1.1" 200 4549
114.88.159.190 - - [29/Oct/2022:11:33:41 +0800] "GET /xingrg/all/function/internal_message.html?_=1667014038149&CODE_STATE=getMsg HTTP/1.1" 200 27
124.79.74.72 - - [29/Oct/2022:11:33:42 +0800] "GET /xingrg/all/function/internal_message.html?_=1667014417396&CODE_STATE=getMsg HTTP/1.1" 200 27
222.69.192.207 - - [29/Oct/2022:11:33:47 +0800] "GET /xingrg/javascript/easyui/plugins/jquery.draggable.js HTTP/1.1" 304 -
222.69.192.207 - - [29/Oct/2022:11:33:47 +0800] "GET /xingrg/javascript/easyui/plugins/jquery.droppable.js HTTP/1.1" 304 -
222.69.192.207 - - [29/Oct/2022:11:33:47 +0800] "GET /xingrg/javascript/easyui/themes/default/tree.css HTTP/1.1" 404 1090
222.69.192.207 - - [29/Oct/2022:11:33:47 +0800] "GET /xingrg/javascript/easyui/plugins/jquery.tree.js HTTP/1.1" 304 -
222.69.192.207 - - [29/Oct/2022:11:33:47 +0800] "POST /xingrg/all/common/load_tree.html?tree=area_rest_tree_json&manage=1 HTTP/1.1" 200 2091
222.69.192.207 - - [29/Oct/2022:11:33:47 +0800] "GET /xingrg/javascript/easyui/themes/default/images/tree_arrows.gif HTTP/1.1" 304 -
222.69.192.207 - - [29/Oct/2022:11:33:47 +0800] "GET /xingrg/javascript/easyui/themes/default/images/tree_checkbox_1.gif HTTP/1.1" 304 -
222.69.192.207 - - [29/Oct/2022:11:33:47 +0800] "GET /xingrg/javascript/easyui/themes/default/images/tree_checkbox_2.gif HTTP/1.1" 304 -
222.69.192.207 - - [29/Oct/2022:11:33:47 +0800] "GET /xingrg/javascript/easyui/themes/default/images/tree_checkbox_0.gif HTTP/1.1" 304 -
222.69.192.207 - - [29/Oct/2022:11:33:47 +0800] "GET /xingrg/javascript/easyui/themes/icons/area.png HTTP/1.1" 304 -
222.69.192.207 - - [29/Oct/2022:11:33:47 +0800] "GET /xingrg/javascript/easyui/themes/default/images/tree_folder_open.gif HTTP/1.1" 304 -
222.69.192.207 - - [29/Oct/2022:11:33:47 +0800] "GET /xingrg/javascript/easyui/themes/icons/manage.png HTTP/1.1" 304 -
222.69.192.207 - - [29/Oct/2022:11:33:47 +0800] "GET /xingrg/javascript/easyui/themes/icons/rest.png HTTP/1.1" 304 -
180.162.109.76 - - [29/Oct/2022:11:33:51 +0800] "GET /xingrg/check_reg.html?_=1667013492764 HTTP/1.1" 200 22
180.162.109.76 - - [29/Oct/2022:11:33:51 +0800] "GET /xingrg/all/function/internal_message.html?_=1667013492767&CODE_STATE=getMsg HTTP/1.1" 200 27
101.85.95.132 - - [29/Oct/2022:11:33:52 +0800] "GET /xingrg/kc/buy/cgsh_order_operate.html?command=get_materiel&rest_code=00142&code=00102026001&supplier_code=00100092&order_time=2022-10-29 HTTP/1.1" 200 409
222.69.192.207 - - [29/Oct/2022:11:33:57 +0800] "POST /xingrg/kc/base/check_list_operate.html HTTP/1.1" 200 4922
183.192.89.222 - - [29/Oct/2022:11:33:59 +0800] "GET /xingrg/all/function/internal_message.html?_=1667014430523&CODE_STATE=getMsg HTTP/1.1" 200 27
116.238.139.35 - - [29/Oct/2022:11:34:01 +0800] "GET /xingrg/all/function/internal_message.html?_=1667014431391&CODE_STATE=getMsg HTTP/1.1" 200 27
222.69.192.207 - - [29/Oct/2022:11:34:01 +0800] "GET /xingrg/kc/base/check_order_info.html?code=452022093000216 HTTP/1.1" 200 23114
222.69.192.207 - - [29/Oct/2022:11:34:01 +0800] "GET /xingrg/dwr/interface/AjaxCheckService.js HTTP/1.1" 200 14003
222.69.192.207 - - [29/Oct/2022:11:34:01 +0800] "GET /xingrg/dwr/interface/AjaxComOrderService.js HTTP/1.1" 200 18264
222.69.192.207 - - [29/Oct/2022:11:34:01 +0800] "GET /xingrg/dwr/engine.js HTTP/1.1" 200 43631
101.85.95.132 - - [29/Oct/2022:11:34:02 +0800] "GET /xingrg/all/function/internal_message.html?_=1667014432511&CODE_STATE=getMsg HTTP/1.1" 200 27
222.69.192.207 - - [29/Oct/2022:11:34:02 +0800] "POST /xingrg/dwr/call/plaincall/AjaxCheckService.loadOrderItems.dwr HTTP/1.1" 200 83031
116.238.139.35 - - [29/Oct/2022:11:34:03 +0800] "GET /xingrg/check_reg.html?_=1667014366679 HTTP/1.1" 200 22
222.69.131.252 - - [29/Oct/2022:11:34:03 +0800] "GET /xingrg/all/function/internal_message.html?_=1667014431261&CODE_STATE=getMsg HTTP/1.1" 200 27
116.238.139.35 - - [29/Oct/2022:11:34:03 +0800] "GET /xingrg/all/function/internal_message.html?_=1667014367312&CODE_STATE=getMsg HTTP/1.1" 200 27
114.84.81.136 - - [29/Oct/2022:11:34:06 +0800] "GET /xingrg/all/function/internal_message.html?_=1667014437583&CODE_STATE=getMsg HTTP/1.1" 302 -
222.69.192.207 - - [29/Oct/2022:11:34:07 +0800] "POST /xingrg/dwr/call/plaincall/AjaxCheckService.uncheckOrder.dwr HTTP/1.1" 200 293
58.40.7.146 - - [29/Oct/2022:11:34:18 +0800] "GET /xingrg/all/function/internal_message.html?_=1667014449145&CODE_STATE=getMsg HTTP/1.1" 302 -
116.230.105.139 - - [29/Oct/2022:11:34:27 +0800] "GET /xingrg/all/function/internal_message.html?_=1667014418964&CODE_STATE=getMsg HTTP/1.1" 200 27
221.239.141.151 - - [29/Oct/2022:11:34:32 +0800] "GET /xingrg/all/function/internal_message.html?_=1667014464137&CODE_STATE=getMsg HTTP/1.1" 200 27
180.169.147.146 - - [29/Oct/2022:11:34:35 +0800] "GET /xingrg/all/function/internal_message.html?_=1667014462921&CODE_STATE=getMsg HTTP/1.1" 200 27
218.81.217.29 - - [29/Oct/2022:11:34:36 +0800] "GET /xingrg/all/function/internal_message.html?_=1667014492975&CODE_STATE=getMsg HTTP/1.1" 200 27
180.169.147.146 - - [29/Oct/2022:11:34:38 +0800] "GET /xingrg/all/function/internal_message.html?_=1667014469126&CODE_STATE=getMsg HTTP/1.1" 200 27
180.169.147.146 - - [29/Oct/2022:11:34:38 +0800] "GET /xingrg/check_reg.html?_=1667014469128 HTTP/1.1" 200 22
124.78.158.69 - - [29/Oct/2022:11:34:39 +0800] "GET /xingrg/all/function/internal_message.html?_=1667014465950&CODE_STATE=getMsg HTTP/1.1" 200 27
114.88.159.190 - - [29/Oct/2022:11:34:41 +0800] "GET /xingrg/all/function/internal_message.html?_=1667014098144&CODE_STATE=getMsg HTTP/1.1" 200 27
124.79.74.72 - - [29/Oct/2022:11:34:42 +0800] "GET /xingrg/check_reg.html?_=1667014477414 HTTP/1.1" 200 22
124.79.74.72 - - [29/Oct/2022:11:34:42 +0800] "GET /xingrg/all/function/internal_message.html?_=1667014477404&CODE_STATE=getMsg HTTP/1.1" 200 27
180.162.109.76 - - [29/Oct/2022:11:34:51 +0800] "GET /xingrg/all/function/internal_message.html?_=1667013552764&CODE_STATE=getMsg HTTP/1.1" 200 27
101.85.95.132 - - [29/Oct/2022:11:34:56 +0800] "POST /xingrg/kc/buy/cgsh_order_operate.html HTTP/1.1" 200 37
222.69.192.207 - - [29/Oct/2022:11:34:56 +0800] "GET /xingrg/index.html?sysBaseUrl=http%3A%2F%2F180.169.147.146%3A18081%2Fxingrg%2F&costTime=36×tamp=1585223203754 HTTP/1.1" 302 -
222.69.192.207 - - [29/Oct/2022:11:34:56 +0800] "GET /xingrg/login.html HTTP/1.1" 200 7641
222.69.192.207 - - [29/Oct/2022:11:34:56 +0800] "GET /favicon.ico HTTP/1.1" 404 -
101.85.95.132 - - [29/Oct/2022:11:34:57 +0800] "POST /xingrg/kc/buy/cgsh_order_operate.html HTTP/1.1" 200 4411
222.69.192.207 - - [29/Oct/2022:11:34:58 +0800] "POST /xingrg/login.do HTTP/1.1" 200 2421
222.69.192.207 - - [29/Oct/2022:11:34:58 +0800] "GET /xingrg/images/blue/pic_top.gif HTTP/1.1" 304 -
222.69.192.207 - - [29/Oct/2022:11:34:58 +0800] "GET /xingrg/images/blue/pic_notice.jpg HTTP/1.1" 304 -
222.69.192.207 - - [29/Oct/2022:11:34:58 +0800] "GET /xingrg/images/blue/error_buttom.gif HTTP/1.1" 304 -
222.69.192.207 - - [29/Oct/2022:11:34:58 +0800] "GET /xingrg/images/blue/error_mid.gif HTTP/1.1" 304 -
222.69.192.207 - - [29/Oct/2022:11:34:58 +0800] "GET /xingrg/images/blue/error_top.gif HTTP/1.1" 304 -
222.69.192.207 - - [29/Oct/2022:11:34:58 +0800] "GET /favicon.ico HTTP/1.1" 404 -
222.69.192.207 - - [29/Oct/2022:11:34:59 +0800] "GET /xingrg/login.html HTTP/1.1" 200 7641
222.69.192.207 - - [29/Oct/2022:11:34:59 +0800] "GET /favicon.ico HTTP/1.1" 404 -
183.192.89.222 - - [29/Oct/2022:11:34:59 +0800] "GET /xingrg/all/function/internal_message.html?_=1667014490524&CODE_STATE=getMsg HTTP/1.1" 200 27
222.69.192.207 - - [29/Oct/2022:11:35:00 +0800] "POST /xingrg/login.do HTTP/1.1" 302 -
222.69.192.207 - - [29/Oct/2022:11:35:00 +0800] "GET /xingrg/index.html?sysBaseUrl=http%3A%2F%2F180.169.147.146%3A18081%2Fxingrg%2F&costTime=47×tamp=1667014500279 HTTP/1.1" 200 17173
222.69.192.207 - - [29/Oct/2022:11:35:00 +0800] "GET /favicon.ico HTTP/1.1" 404 -
222.69.192.207 - - [29/Oct/2022:11:35:00 +0800] "POST /xingrg/all/common/load_tree.html?tree=area_rest_tree_json&manage=1 HTTP/1.1" 200 3493
222.69.192.207 - - [29/Oct/2022:11:35:00 +0800] "GET /xingrg/all/function/internal_message.html?_=1667014491495&CODE_STATE=count HTTP/1.1" 200 11
222.69.192.207 - - [29/Oct/2022:11:35:00 +0800] "GET /xingrg/check_reg.html?_=1667014491495 HTTP/1.1" 200 22
222.69.192.207 - - [29/Oct/2022:11:35:00 +0800] "POST /xingrg/load_menu.html HTTP/1.1" 200 5138
116.238.139.35 - - [29/Oct/2022:11:35:01 +0800] "GET /xingrg/all/function/internal_message.html?_=1667014491394&CODE_STATE=getMsg HTTP/1.1" 200 27
101.85.95.132 - - [29/Oct/2022:11:35:02 +0800] "GET /xingrg/all/function/internal_message.html?_=1667014492505&CODE_STATE=getMsg HTTP/1.1" 200 27
222.69.131.252 - - [29/Oct/2022:11:35:03 +0800] "GET /xingrg/all/function/internal_message.html?_=1667014491258&CODE_STATE=getMsg HTTP/1.1" 200 27
222.69.131.252 - - [29/Oct/2022:11:35:03 +0800] "GET /xingrg/check_reg.html?_=1667014491259 HTTP/1.1" 200 22
116.238.139.35 - - [29/Oct/2022:11:35:03 +0800] "GET /xingrg/all/function/internal_message.html?_=1667014427325&CODE_STATE=getMsg HTTP/1.1" 200 27
222.69.192.207 - - [29/Oct/2022:11:35:05 +0800] "GET /xingrg/kc/buy/cgsh_order_list.html HTTP/1.1" 200 53258
114.84.81.136 - - [29/Oct/2022:11:35:06 +0800] "GET /xingrg/all/function/internal_message.html?_=1667014497584&CODE_STATE=getMsg HTTP/1.1" 302 -
222.69.192.207 - - [29/Oct/2022:11:35:08 +0800] "POST /xingrg/kc/buy/cgsh_list_operate.html HTTP/1.1" 200 4795
180.162.109.76 - - [29/Oct/2022:11:35:13 +0800] "POST /xingrg/kc/buy/cgsh_list_operate.html HTTP/1.1" 200 2311
222.69.192.207 - - [29/Oct/2022:11:35:14 +0800] "GET /xingrg/kc/base/check_order_list.html HTTP/1.1" 200 16141
222.69.192.207 - - [29/Oct/2022:11:35:14 +0800] "POST /xingrg/kc/base/check_list_operate.html HTTP/1.1" 200 781
58.40.7.146 - - [29/Oct/2022:11:35:18 +0800] "GET /xingrg/all/function/internal_message.html?_=1667014509128&CODE_STATE=getMsg HTTP/1.1" 302 -
