218.81.217.29 - - [29/Oct/2022:09:05:12 +0800] "POST /xingrg/services/DataTransmitService HTTP/1.1" 200 2339
218.81.217.29 - - [29/Oct/2022:09:05:13 +0800] "GET /xingrg/all/function/internal_message.html?_=1667005529867&CODE_STATE=getMsg HTTP/1.1" 200 27
218.81.217.29 - - [29/Oct/2022:09:05:14 +0800] "POST /xingrg/services/DataTransmitService HTTP/1.1" 200 524
218.81.217.29 - - [29/Oct/2022:09:05:14 +0800] "POST /xingrg/services/DataTransmitService HTTP/1.1" 200 2339
114.88.159.190 - - [29/Oct/2022:09:05:19 +0800] "GET /favicon.ico HTTP/1.1" 404 -
124.78.158.69 - - [29/Oct/2022:09:05:19 +0800] "GET /xingrg/kc/buy/cgsh_order_operate.html?command=get_materiel&rest_code=00106&code=00101008331&supplier_code=00100007&order_time=2022-10-29 HTTP/1.1" 200 416
58.40.7.146 - - [29/Oct/2022:09:05:21 +0800] "GET /xingrg/all/function/internal_message.html?_=1667005512117&CODE_STATE=getMsg HTTP/1.1" 302 -
114.88.159.190 - - [29/Oct/2022:09:05:22 +0800] "GET /xingrg/check_reg.html?_=1667005138017 HTTP/1.1" 200 22
116.238.139.35 - - [29/Oct/2022:09:05:23 +0800] "GET /xingrg/kc/buy/cgsh_order_operate.html?command=get_materiel&rest_code=00150&code=00101001010&supplier_code=00100096&order_time=2022-10-29 HTTP/1.1" 200 411
116.230.105.139 - - [29/Oct/2022:09:05:27 +0800] "GET /xingrg/all/function/internal_message.html?_=1667005478971&CODE_STATE=getMsg HTTP/1.1" 200 27
116.230.105.139 - - [29/Oct/2022:09:05:27 +0800] "GET /xingrg/check_reg.html?_=1667005478973 HTTP/1.1" 200 22
116.238.139.35 - - [29/Oct/2022:09:05:29 +0800] "POST /xingrg/kc/buy/cgsh_order_operate.html HTTP/1.1" 200 37
124.78.158.69 - - [29/Oct/2022:09:05:31 +0800] "GET /xingrg/all/function/internal_message.html?_=1667005517897&CODE_STATE=getMsg HTTP/1.1" 200 27
116.238.139.35 - - [29/Oct/2022:09:05:31 +0800] "POST /xingrg/kc/buy/cgsh_order_operate.html HTTP/1.1" 200 8611
120.253.135.82 - - [29/Oct/2022:09:05:32 +0800] "GET /xingrg/all/function/internal_message.html?_=1667005319634&CODE_STATE=getMsg HTTP/1.1" 200 27
222.69.192.207 - - [29/Oct/2022:09:05:32 +0800] "GET /xingrg/all/function/internal_message.html?_=1667005523494&CODE_STATE=getMsg HTTP/1.1" 200 27
221.239.141.151 - - [29/Oct/2022:09:05:34 +0800] "GET /xingrg/all/function/internal_message.html?_=1667005526245&CODE_STATE=getMsg HTTP/1.1" 200 27
124.78.158.69 - - [29/Oct/2022:09:05:43 +0800] "GET /xingrg/kc/buy/cgsh_order_operate.html?command=get_materiel&rest_code=00106&code=00101008354&supplier_code=00100007&order_time=2022-10-29 HTTP/1.1" 200 412
124.78.158.69 - - [29/Oct/2022:09:05:52 +0800] "GET /xingrg/kc/buy/cgsh_order_operate.html?command=get_materiel&rest_code=00106&code=00101008351&supplier_code=00100007&order_time=2022-10-29 HTTP/1.1" 200 427
120.253.135.82 - - [29/Oct/2022:09:05:53 +0800] "POST /xingrg/kc/pszx/mdps_order_operate.html HTTP/1.1" 200 37
120.253.135.82 - - [29/Oct/2022:09:05:54 +0800] "GET /xingrg/kc/pszx/mdps_order_info.html?code=312022102900562 HTTP/1.1" 200 23976
218.81.217.29 - - [29/Oct/2022:09:05:54 +0800] "POST /xingrg/services/DataTransmitService HTTP/1.1" 200 524
120.253.135.82 - - [29/Oct/2022:09:05:54 +0800] "GET /xingrg/javascript/easyui/themes/default/validatebox.css HTTP/1.1" 404 1104
120.253.135.82 - - [29/Oct/2022:09:05:54 +0800] "POST /xingrg/kc/pszx/mdps_order_operate.html HTTP/1.1" 200 7876
116.238.139.35 - - [29/Oct/2022:09:05:55 +0800] "GET /xingrg/all/function/internal_message.html?_=1667005479342&CODE_STATE=getMsg HTTP/1.1" 200 27
116.238.139.35 - - [29/Oct/2022:09:05:58 +0800] "GET /xingrg/all/function/internal_message.html?_=1667005549008&CODE_STATE=getMsg HTTP/1.1" 200 27
116.238.139.35 - - [29/Oct/2022:09:05:58 +0800] "GET /xingrg/kc/buy/cgsh_order_operate.html?command=get_materiel&rest_code=00150&code=00101012029&supplier_code=00100096&order_time=2022-10-29 HTTP/1.1" 200 412
183.192.89.222 - - [29/Oct/2022:09:05:59 +0800] "GET /xingrg/all/function/internal_message.html?_=1667005550471&CODE_STATE=getMsg HTTP/1.1" 200 27
218.81.217.29 - - [29/Oct/2022:09:05:59 +0800] "POST /xingrg/services/DataTransmitService HTTP/1.1" 200 501
120.253.135.82 - - [29/Oct/2022:09:06:01 +0800] "GET /xingrg/kc/pszx/mdqp_order_list.html?state=10 HTTP/1.1" 200 10231
120.253.135.82 - - [29/Oct/2022:09:06:01 +0800] "GET /xingrg/dwr/interface/AjaxReportQueryService.js HTTP/1.1" 200 13203
120.253.135.82 - - [29/Oct/2022:09:06:01 +0800] "GET /xingrg/dwr/interface/AjaxQqpsService.js HTTP/1.1" 200 16326
120.253.135.82 - - [29/Oct/2022:09:06:01 +0800] "GET /xingrg/dwr/engine.js HTTP/1.1" 200 43631
124.78.158.69 - - [29/Oct/2022:09:06:03 +0800] "GET /xingrg/kc/buy/cgsh_order_operate.html?command=get_materiel&rest_code=00106&code=00101008038&supplier_code=00100007&order_time=2022-10-29 HTTP/1.1" 200 413
114.84.81.136 - - [29/Oct/2022:09:06:05 +0800] "GET /xingrg/all/function/internal_message.html?_=1667005557076&CODE_STATE=getMsg HTTP/1.1" 302 -
124.78.158.69 - - [29/Oct/2022:09:06:11 +0800] "GET /xingrg/kc/buy/cgsh_order_operate.html?command=get_materiel&rest_code=00106&code=00101008355&supplier_code=00100007&order_time=2022-10-29 HTTP/1.1" 200 408
218.81.217.29 - - [29/Oct/2022:09:06:13 +0800] "GET /xingrg/all/function/internal_message.html?_=1667005589874&CODE_STATE=getMsg HTTP/1.1" 200 27
124.78.158.69 - - [29/Oct/2022:09:06:19 +0800] "GET /xingrg/kc/buy/cgsh_order_operate.html?command=get_materiel&rest_code=00106&code=00101008264&supplier_code=00100007&order_time=2022-10-29 HTTP/1.1" 200 412
58.40.7.146 - - [29/Oct/2022:09:06:21 +0800] "GET /xingrg/all/function/internal_message.html?_=1667005572093&CODE_STATE=getMsg HTTP/1.1" 302 -
116.230.105.139 - - [29/Oct/2022:09:06:27 +0800] "GET /xingrg/all/function/internal_message.html?_=1667005538982&CODE_STATE=getMsg HTTP/1.1" 200 27
221.239.141.151 - - [29/Oct/2022:09:06:30 +0800] "GET /xingrg/check_reg.html?_=1667005581872 HTTP/1.1" 200 22
124.78.158.69 - - [29/Oct/2022:09:06:30 +0800] "GET /xingrg/kc/buy/cgsh_order_operate.html?command=get_materiel&rest_code=00106&code=00101008356&supplier_code=00100007&order_time=2022-10-29 HTTP/1.1" 200 408
124.78.158.69 - - [29/Oct/2022:09:06:31 +0800] "GET /xingrg/all/function/internal_message.html?_=1667005577904&CODE_STATE=getMsg HTTP/1.1" 200 27
120.253.135.82 - - [29/Oct/2022:09:06:32 +0800] "GET /xingrg/check_reg.html?_=1667005379698 HTTP/1.1" 200 22
120.253.135.82 - - [29/Oct/2022:09:06:32 +0800] "GET /xingrg/all/function/internal_message.html?_=1667005379700&CODE_STATE=getMsg HTTP/1.1" 200 27
222.69.192.207 - - [29/Oct/2022:09:06:32 +0800] "GET /xingrg/all/function/internal_message.html?_=1667005583466&CODE_STATE=getMsg HTTP/1.1" 200 27
222.69.192.207 - - [29/Oct/2022:09:06:32 +0800] "GET /xingrg/check_reg.html?_=1667005583684 HTTP/1.1" 200 22
221.239.141.151 - - [29/Oct/2022:09:06:34 +0800] "GET /xingrg/all/function/internal_message.html?_=1667005586229&CODE_STATE=getMsg HTTP/1.1" 200 27
124.78.158.69 - - [29/Oct/2022:09:06:37 +0800] "GET /xingrg/kc/buy/cgsh_order_operate.html?command=get_materiel&rest_code=00106&code=00101008360&supplier_code=00100007&order_time=2022-10-29 HTTP/1.1" 200 413
124.78.158.69 - - [29/Oct/2022:09:06:45 +0800] "GET /xingrg/kc/buy/cgsh_order_operate.html?command=get_materiel&rest_code=00106&code=00101008357&supplier_code=00100007&order_time=2022-10-29 HTTP/1.1" 200 408
116.238.139.35 - - [29/Oct/2022:09:06:55 +0800] "GET /xingrg/all/function/internal_message.html?_=1667005539354&CODE_STATE=getMsg HTTP/1.1" 200 27
124.78.158.69 - - [29/Oct/2022:09:06:57 +0800] "GET /xingrg/kc/buy/cgsh_order_operate.html?command=get_materiel&rest_code=00106&code=00101008286&supplier_code=00100007&order_time=2022-10-29 HTTP/1.1" 200 408
116.238.139.35 - - [29/Oct/2022:09:06:58 +0800] "GET /xingrg/all/function/internal_message.html?_=1667005608994&CODE_STATE=getMsg HTTP/1.1" 200 27
183.192.89.222 - - [29/Oct/2022:09:06:59 +0800] "GET /xingrg/all/function/internal_message.html?_=1667005610471&CODE_STATE=getMsg HTTP/1.1" 200 27
116.238.139.35 - - [29/Oct/2022:09:07:00 +0800] "POST /xingrg/kc/buy/cgsh_order_operate.html HTTP/1.1" 200 37
116.238.139.35 - - [29/Oct/2022:09:07:04 +0800] "POST /xingrg/kc/buy/cgsh_order_operate.html HTTP/1.1" 200 12
124.78.158.69 - - [29/Oct/2022:09:07:05 +0800] "GET /xingrg/kc/buy/cgsh_order_operate.html?command=get_materiel&rest_code=00106&code=00101008036&supplier_code=00100007&order_time=2022-10-29 HTTP/1.1" 200 408
116.238.139.35 - - [29/Oct/2022:09:07:05 +0800] "GET /xingrg/kc/buy/cgsh_order_info.html?code=212022102908930 HTTP/1.1" 200 63949
116.238.139.35 - - [29/Oct/2022:09:07:05 +0800] "GET /xingrg/javascript/easyui/themes/default/validatebox.css HTTP/1.1" 404 1104
114.84.81.136 - - [29/Oct/2022:09:07:05 +0800] "GET /xingrg/all/function/internal_message.html?_=1667005617105&CODE_STATE=getMsg HTTP/1.1" 302 -
116.238.139.35 - - [29/Oct/2022:09:07:06 +0800] "POST /xingrg/kc/buy/cgsh_order_operate.html HTTP/1.1" 200 7727
116.238.139.35 - - [29/Oct/2022:09:07:07 +0800] "GET /xingrg/kc/print/load_config.html?kc_code=cgsh HTTP/1.1" 200 1943
116.238.139.35 - - [29/Oct/2022:09:07:07 +0800] "GET /xingrg/kc/print/load_data.html?order_code=212022102908930&kc_code=cgsh&condition= HTTP/1.1" 200 3421
124.78.158.69 - - [29/Oct/2022:09:07:11 +0800] "GET /xingrg/kc/buy/cgsh_order_operate.html?command=get_materiel&rest_code=00106&code=00101008131&supplier_code=00100007&order_time=2022-10-29 HTTP/1.1" 200 408
218.81.217.29 - - [29/Oct/2022:09:07:12 +0800] "GET /xingrg/check_reg.html?_=1667005649055 HTTP/1.1" 200 22
218.81.217.29 - - [29/Oct/2022:09:07:13 +0800] "GET /xingrg/all/function/internal_message.html?_=1667005649886&CODE_STATE=getMsg HTTP/1.1" 200 27
58.40.7.146 - - [29/Oct/2022:09:07:21 +0800] "GET /xingrg/all/function/internal_message.html?_=1667005632078&CODE_STATE=getMsg HTTP/1.1" 302 -
116.238.139.35 - - [29/Oct/2022:09:07:23 +0800] "GET /xingrg/javascript/jquery_easy_ui/themes/default/images/button_a_bg.gif HTTP/1.1" 304 -
116.238.139.35 - - [29/Oct/2022:09:07:23 +0800] "GET /xingrg/javascript/jquery_easy_ui/themes/default/images/button_span_bg.gif HTTP/1.1" 304 -
116.238.139.35 - - [29/Oct/2022:09:07:23 +0800] "GET /xingrg/javascript/jquery_easy_ui/themes/icons/ok.png HTTP/1.1" 304 -
116.238.139.35 - - [29/Oct/2022:09:07:23 +0800] "GET /xingrg/javascript/jquery_easy_ui/themes/default/images/panel_tools.gif HTTP/1.1" 304 -
116.238.139.35 - - [29/Oct/2022:09:07:24 +0800] "GET /xingrg/javascript/jquery_easy_ui/themes/default/images/panel_title.png HTTP/1.1" 304 -
116.238.139.35 - - [29/Oct/2022:09:07:26 +0800] "POST /xingrg/all/user/operate.html HTTP/1.1" 200 36
116.230.105.139 - - [29/Oct/2022:09:07:27 +0800] "GET /xingrg/all/function/internal_message.html?_=1667005598973&CODE_STATE=getMsg HTTP/1.1" 200 27
124.78.158.69 - - [29/Oct/2022:09:07:28 +0800] "GET /xingrg/kc/buy/cgsh_order_operate.html?command=get_materiel&rest_code=00106&code=00101008352&supplier_code=00100007&order_time=2022-10-29 HTTP/1.1" 200 412
124.78.158.69 - - [29/Oct/2022:09:07:31 +0800] "GET /xingrg/all/function/internal_message.html?_=1667005637886&CODE_STATE=getMsg HTTP/1.1" 200 27
218.81.217.29 - - [29/Oct/2022:09:07:32 +0800] "POST /xingrg/services/DataTransmitService HTTP/1.1" 200 524
120.253.135.82 - - [29/Oct/2022:09:07:32 +0800] "GET /xingrg/all/function/internal_message.html?_=1667005439708&CODE_STATE=getMsg HTTP/1.1" 200 27
222.69.192.207 - - [29/Oct/2022:09:07:32 +0800] "GET /xingrg/all/function/internal_message.html?_=1667005643439&CODE_STATE=getMsg HTTP/1.1" 200 27
218.81.217.29 - - [29/Oct/2022:09:07:32 +0800] "POST /xingrg/services/DataTransmitService HTTP/1.1" 200 501
116.238.139.35 - - [29/Oct/2022:09:07:32 +0800] "GET /xingrg/javascript/jquery_easy_ui/themes/default/easyui.css HTTP/1.1" 304 -
116.238.139.35 - - [29/Oct/2022:09:07:32 +0800] "GET /xingrg/index.html?sysBaseUrl=http%3A%2F%2F180.169.147.146%3A18081%2Fxingrg%2F&costTime=48×tamp=1666612650813 HTTP/1.1" 200 17177
116.238.139.35 - - [29/Oct/2022:09:07:32 +0800] "GET /xingrg/javascript/jquery_easy_ui/themes/icon.css HTTP/1.1" 304 -
116.238.139.35 - - [29/Oct/2022:09:07:32 +0800] "GET /xingrg/css/form.css HTTP/1.1" 304 -
116.238.139.35 - - [29/Oct/2022:09:07:32 +0800] "GET /xingrg/javascript/jquery-1.4.2.min.js HTTP/1.1" 304 -
116.238.139.35 - - [29/Oct/2022:09:07:32 +0800] "GET /xingrg/javascript/jquery_easy_ui/jquery.easyui.min.js HTTP/1.1" 304 -
116.238.139.35 - - [29/Oct/2022:09:07:33 +0800] "GET /xingrg/javascript/jquery_easy_ui/easyui-lang-zh_CN.js HTTP/1.1" 304 -
116.238.139.35 - - [29/Oct/2022:09:07:33 +0800] "GET /xingrg/javascript/jquery.form.js HTTP/1.1" 304 -
116.238.139.35 - - [29/Oct/2022:09:07:33 +0800] "GET /xingrg/javascript/jquery.utils.js HTTP/1.1" 304 -
116.238.139.35 - - [29/Oct/2022:09:07:33 +0800] "GET /xingrg/javascript/jquery.timers.js HTTP/1.1" 304 -
116.238.139.35 - - [29/Oct/2022:09:07:33 +0800] "GET /xingrg/images/blue/jxLogo.png HTTP/1.1" 304 -
116.238.139.35 - - [29/Oct/2022:09:07:33 +0800] "GET /xingrg/images/blue/navBackgound.jpg HTTP/1.1" 304 -
116.238.139.35 - - [29/Oct/2022:09:07:33 +0800] "GET /xingrg/javascript/jquery_easy_ui/themes/icons/settle_new.png HTTP/1.1" 304 -
116.238.139.35 - - [29/Oct/2022:09:07:33 +0800] "POST /xingrg/all/common/load_tree.html?tree=area_rest_tree_json&manage=1 HTTP/1.1" 200 476
116.238.139.35 - - [29/Oct/2022:09:07:33 +0800] "GET /xingrg/images/blue/pingpu.png HTTP/1.1" 304 -
116.238.139.35 - - [29/Oct/2022:09:07:33 +0800] "GET /xingrg/javascript/jquery_easy_ui/themes/default/images/tabs_leftarrow.png HTTP/1.1" 304 -
116.238.139.35 - - [29/Oct/2022:09:07:33 +0800] "GET /xingrg/javascript/jquery_easy_ui/themes/default/images/tabs_rightarrow.png HTTP/1.1" 304 -
116.238.139.35 - - [29/Oct/2022:09:07:33 +0800] "GET /xingrg/javascript/jquery_easy_ui/themes/default/images/panel_tool_collapse.gif HTTP/1.1" 304 -
116.238.139.35 - - [29/Oct/2022:09:07:33 +0800] "GET /xingrg/check_reg.html?_=1667005576886 HTTP/1.1" 200 22
116.238.139.35 - - [29/Oct/2022:09:07:33 +0800] "GET /xingrg/all/function/internal_message.html?_=1667005576885&CODE_STATE=count HTTP/1.1" 200 11
116.238.139.35 - - [29/Oct/2022:09:07:33 +0800] "POST /xingrg/load_menu.html HTTP/1.1" 200 5138
116.238.139.35 - - [29/Oct/2022:09:07:33 +0800] "GET /xingrg/javascript/jquery_easy_ui/themes/default/images/tree_arrows.gif HTTP/1.1" 304 -
116.238.139.35 - - [29/Oct/2022:09:07:33 +0800] "GET /xingrg/javascript/jquery_easy_ui/themes/default/images/tree_folder_open.gif HTTP/1.1" 304 -
116.238.139.35 - - [29/Oct/2022:09:07:33 +0800] "GET /xingrg/javascript/jquery_easy_ui/themes/default/images/tree_folder.gif HTTP/1.1" 304 -
116.238.139.35 - - [29/Oct/2022:09:07:33 +0800] "GET /xingrg/javascript/jquery_easy_ui/themes/icons/search_new.png HTTP/1.1" 304 -
116.238.139.35 - - [29/Oct/2022:09:07:33 +0800] "GET /xingrg/javascript/jquery_easy_ui/themes/icons/forms_new.png HTTP/1.1" 304 -
116.238.139.35 - - [29/Oct/2022:09:07:33 +0800] "GET /xingrg/javascript/jquery_easy_ui/themes/icons/storage_new.png HTTP/1.1" 304 -
116.238.139.35 - - [29/Oct/2022:09:07:33 +0800] "GET /xingrg/javascript/jquery_easy_ui/themes/default/images/tree_file.gif HTTP/1.1" 304 -
218.81.217.29 - - [29/Oct/2022:09:07:33 +0800] "POST /xingrg/services/DataTransmitService HTTP/1.1" 200 524
218.81.217.29 - - [29/Oct/2022:09:07:34 +0800] "POST /xingrg/services/DataTransmitService HTTP/1.1" 200 497
221.239.141.151 - - [29/Oct/2022:09:07:34 +0800] "GET /xingrg/all/function/internal_message.html?_=1667005646212&CODE_STATE=getMsg HTTP/1.1" 200 27
218.81.217.29 - - [29/Oct/2022:09:07:35 +0800] "POST /xingrg/services/DataTransmitService HTTP/1.1" 200 524
124.78.158.69 - - [29/Oct/2022:09:07:37 +0800] "GET /xingrg/kc/buy/cgsh_order_operate.html?command=get_materiel&rest_code=00106&code=00101008005&supplier_code=00100007&order_time=2022-10-29 HTTP/1.1" 200 412
218.81.217.29 - - [29/Oct/2022:09:07:37 +0800] "POST /xingrg/services/DataTransmitService HTTP/1.1" 200 412
116.238.139.35 - - [29/Oct/2022:09:07:38 +0800] "GET /xingrg/javascript/jquery_easy_ui/themes/default/images/tabs_close.gif HTTP/1.1" 304 -
116.238.139.35 - - [29/Oct/2022:09:07:38 +0800] "GET /xingrg/kc/buy/cgsh_order_list.html HTTP/1.1" 200 53262
116.238.139.35 - - [29/Oct/2022:09:07:38 +0800] "GET /xingrg/javascript/easyui/themes/icons/edit_add_new.png HTTP/1.1" 304 -
116.238.139.35 - - [29/Oct/2022:09:07:38 +0800] "GET /xingrg/javascript/easyui/themes/icons/cance_new.png HTTP/1.1" 304 -
116.238.139.35 - - [29/Oct/2022:09:07:38 +0800] "GET /xingrg/javascript/easyui/themes/icons/check_new.png HTTP/1.1" 304 -
116.238.139.35 - - [29/Oct/2022:09:07:38 +0800] "GET /xingrg/images/control/ajaxLoader.gif HTTP/1.1" 304 -
116.238.139.35 - - [29/Oct/2022:09:07:39 +0800] "POST /xingrg/kc/buy/cgsh_list_operate.html HTTP/1.1" 200 986
116.238.139.35 - - [29/Oct/2022:09:07:42 +0800] "GET /xingrg/kc/buy/cgsh_order_add.html HTTP/1.1" 200 68650
116.238.139.35 - - [29/Oct/2022:09:07:42 +0800] "POST /xingrg/kc/buy/cgsh_order_operate.html HTTP/1.1" 200 8245
116.238.139.35 - - [29/Oct/2022:09:07:43 +0800] "GET /xingrg/all/common/auto_word.html?type=employee&rest_code=00151 HTTP/1.1" 200 293
116.238.139.35 - - [29/Oct/2022:09:07:43 +0800] "GET /xingrg/all/common/auto_word.html?type=employee&rest_code=00151 HTTP/1.1" 200 293
116.238.139.35 - - [29/Oct/2022:09:07:43 +0800] "GET /xingrg/javascript/easyui/themes/default/validatebox.css HTTP/1.1" 404 1104
116.238.139.35 - - [29/Oct/2022:09:07:44 +0800] "GET /xingrg/javascript/auto/indicator.gif HTTP/1.1" 404 1066
124.78.158.69 - - [29/Oct/2022:09:07:48 +0800] "GET /xingrg/kc/buy/cgsh_order_operate.html?command=get_materiel&rest_code=00106&code=00101008275&supplier_code=00100007&order_time=2022-10-29 HTTP/1.1" 200 416
218.81.217.29 - - [29/Oct/2022:09:07:51 +0800] "POST /xingrg/services/DataTransmitService HTTP/1.1" 200 524
218.81.217.29 - - [29/Oct/2022:09:07:51 +0800] "POST /xingrg/services/DataTransmitService HTTP/1.1" 200 412
218.81.217.29 - - [29/Oct/2022:09:07:52 +0800] "POST /xingrg/services/DataTransmitService HTTP/1.1" 200 524
218.81.217.29 - - [29/Oct/2022:09:07:53 +0800] "POST /xingrg/services/DataTransmitService HTTP/1.1" 200 412
218.81.217.29 - - [29/Oct/2022:09:07:53 +0800] "POST /xingrg/services/DataTransmitService HTTP/1.1" 200 524
218.81.217.29 - - [29/Oct/2022:09:07:54 +0800] "POST /xingrg/services/DataTransmitService HTTP/1.1" 200 412
116.238.139.35 - - [29/Oct/2022:09:07:54 +0800] "GET /xingrg/kc/buy/cgsh_order_operate.html?command=get_materiel&rest_code=00151&code=00101008084&supplier_code=00100096&order_time=2022-10-29 HTTP/1.1" 200 412
218.81.217.29 - - [29/Oct/2022:09:07:54 +0800] "POST /xingrg/services/DataTransmitService HTTP/1.1" 200 524
218.81.217.29 - - [29/Oct/2022:09:07:55 +0800] "POST /xingrg/services/DataTransmitService HTTP/1.1" 200 412
218.81.217.29 - - [29/Oct/2022:09:07:57 +0800] "POST /xingrg/services/DataTransmitService HTTP/1.1" 200 524
116.238.139.35 - - [29/Oct/2022:09:07:58 +0800] "GET /xingrg/check_reg.html?_=1667005668986 HTTP/1.1" 200 22
116.238.139.35 - - [29/Oct/2022:09:07:58 +0800] "GET /xingrg/all/function/internal_message.html?_=1667005668987&CODE_STATE=getMsg HTTP/1.1" 200 27
218.81.217.29 - - [29/Oct/2022:09:07:58 +0800] "POST /xingrg/services/DataTransmitService HTTP/1.1" 200 412
218.81.217.29 - - [29/Oct/2022:09:07:58 +0800] "POST /xingrg/services/DataTransmitService HTTP/1.1" 200 524
218.81.217.29 - - [29/Oct/2022:09:07:59 +0800] "POST /xingrg/services/DataTransmitService HTTP/1.1" 200 412
183.192.89.222 - - [29/Oct/2022:09:07:59 +0800] "GET /xingrg/all/function/internal_message.html?_=1667005670472&CODE_STATE=getMsg HTTP/1.1" 200 27
183.192.89.222 - - [29/Oct/2022:09:07:59 +0800] "GET /xingrg/check_reg.html?_=1667005670473 HTTP/1.1" 200 22
218.81.217.29 - - [29/Oct/2022:09:07:59 +0800] "POST /xingrg/services/DataTransmitService HTTP/1.1" 200 524
218.81.217.29 - - [29/Oct/2022:09:08:00 +0800] "POST /xingrg/services/DataTransmitService HTTP/1.1" 200 412
124.78.158.69 - - [29/Oct/2022:09:08:02 +0800] "GET /xingrg/kc/buy/cgsh_order_operate.html?command=get_materiel&rest_code=00106&code=00101008562&supplier_code=00100007&order_time=2022-10-29 HTTP/1.1" 200 409
218.81.217.29 - - [29/Oct/2022:09:08:02 +0800] "POST /xingrg/services/DataTransmitService HTTP/1.1" 200 524
180.163.29.206 - - [29/Oct/2022:09:08:02 +0800] "GET /xingrg/kc/buy/cgsh_order_operate.html?command=get_materiel&rest_code=00106&code=00101008036&supplier_code=00100007&order_time=2022-10-29 HTTP/1.1" 302 -
180.163.29.206 - - [29/Oct/2022:09:08:02 +0800] "GET /xingrg/login.html HTTP/1.1" 200 7641
218.81.217.29 - - [29/Oct/2022:09:08:03 +0800] "POST /xingrg/services/DataTransmitService HTTP/1.1" 200 412
114.84.81.136 - - [29/Oct/2022:09:08:05 +0800] "GET /xingrg/all/function/internal_message.html?_=1667005677106&CODE_STATE=getMsg HTTP/1.1" 302 -
114.84.81.136 - - [29/Oct/2022:09:08:05 +0800] "GET /xingrg/check_reg.html?_=1667005677109 HTTP/1.1" 302 -
116.238.139.35 - - [29/Oct/2022:09:08:06 +0800] "GET /xingrg/kc/buy/cgsh_order_operate.html?command=get_materiel&rest_code=00151&code=00101016025&supplier_code=00100096&order_time=2022-10-29 HTTP/1.1" 200 408
124.78.158.69 - - [29/Oct/2022:09:08:13 +0800] "GET /xingrg/kc/buy/cgsh_order_operate.html?command=get_materiel&rest_code=00106&code=00101008010&supplier_code=00100007&order_time=2022-10-29 HTTP/1.1" 200 412
218.81.217.29 - - [29/Oct/2022:09:08:13 +0800] "GET /xingrg/all/function/internal_message.html?_=1667005709900&CODE_STATE=getMsg HTTP/1.1" 200 27
116.238.139.35 - - [29/Oct/2022:09:08:14 +0800] "GET /xingrg/kc/buy/cgsh_order_operate.html?command=get_materiel&rest_code=00151&code=00101012039&supplier_code=00100096&order_time=2022-10-29 HTTP/1.1" 200 408
218.81.217.29 - - [29/Oct/2022:09:08:15 +0800] "POST /xingrg/services/DataTransmitService HTTP/1.1" 200 524
218.81.217.29 - - [29/Oct/2022:09:08:16 +0800] "POST /xingrg/services/DataTransmitService HTTP/1.1" 200 412
218.81.217.29 - - [29/Oct/2022:09:08:16 +0800] "POST /xingrg/services/DataTransmitService HTTP/1.1" 200 524
218.81.217.29 - - [29/Oct/2022:09:08:17 +0800] "POST /xingrg/services/DataTransmitService HTTP/1.1" 200 412
218.81.217.29 - - [29/Oct/2022:09:08:17 +0800] "POST /xingrg/services/DataTransmitService HTTP/1.1" 200 524
218.81.217.29 - - [29/Oct/2022:09:08:18 +0800] "POST /xingrg/services/DataTransmitService HTTP/1.1" 200 412
218.81.217.29 - - [29/Oct/2022:09:08:19 +0800] "POST /xingrg/services/DataTransmitService HTTP/1.1" 200 524
218.81.217.29 - - [29/Oct/2022:09:08:19 +0800] "POST /xingrg/services/DataTransmitService HTTP/1.1" 200 412
218.81.217.29 - - [29/Oct/2022:09:08:20 +0800] "POST /xingrg/services/DataTransmitService HTTP/1.1" 200 524
218.81.217.29 - - [29/Oct/2022:09:08:21 +0800] "POST /xingrg/services/DataTransmitService HTTP/1.1" 200 412
218.81.217.29 - - [29/Oct/2022:09:08:21 +0800] "POST /xingrg/services/DataTransmitService HTTP/1.1" 200 524
58.40.7.146 - - [29/Oct/2022:09:08:21 +0800] "GET /xingrg/all/function/internal_message.html?_=1667005692054&CODE_STATE=getMsg HTTP/1.1" 302 -
218.81.217.29 - - [29/Oct/2022:09:08:21 +0800] "POST /xingrg/services/DataTransmitService HTTP/1.1" 200 412
218.81.217.29 - - [29/Oct/2022:09:08:22 +0800] "POST /xingrg/services/DataTransmitService HTTP/1.1" 200 524
116.238.139.35 - - [29/Oct/2022:09:08:23 +0800] "GET /xingrg/kc/buy/cgsh_order_operate.html?command=get_materiel&rest_code=00151&code=00101016038&supplier_code=00100096&order_time=2022-10-29 HTTP/1.1" 200 408
218.81.217.29 - - [29/Oct/2022:09:08:23 +0800] "POST /xingrg/services/DataTransmitService HTTP/1.1" 200 412
218.81.217.29 - - [29/Oct/2022:09:08:24 +0800] "POST /xingrg/services/DataTransmitService HTTP/1.1" 200 524
218.81.217.29 - - [29/Oct/2022:09:08:25 +0800] "POST /xingrg/services/DataTransmitService HTTP/1.1" 200 2339
116.230.105.139 - - [29/Oct/2022:09:08:27 +0800] "GET /xingrg/all/function/internal_message.html?_=1667005658961&CODE_STATE=getMsg HTTP/1.1" 200 27
58.40.7.146 - - [29/Oct/2022:09:08:28 +0800] "GET /xingrg/check_reg.html?_=1667005699275 HTTP/1.1" 302 -
124.78.158.69 - - [29/Oct/2022:09:08:28 +0800] "GET /xingrg/kc/buy/cgsh_order_operate.html?command=get_materiel&rest_code=00106&code=00101008125&supplier_code=00100007&order_time=2022-10-29 HTTP/1.1" 200 413
124.78.158.69 - - [29/Oct/2022:09:08:31 +0800] "GET /xingrg/all/function/internal_message.html?_=1667005697932&CODE_STATE=getMsg HTTP/1.1" 200 27
116.238.139.35 - - [29/Oct/2022:09:08:32 +0800] "GET /xingrg/kc/buy/cgsh_order_operate.html?command=get_materiel&rest_code=00151&code=00101016051&supplier_code=00100096&order_time=2022-10-29 HTTP/1.1" 200 408
124.78.158.69 - - [29/Oct/2022:09:08:32 +0800] "POST /xingrg/kc/buy/cgsh_order_operate.html HTTP/1.1" 200 2065
222.69.192.207 - - [29/Oct/2022:09:08:32 +0800] "GET /xingrg/all/function/internal_message.html?_=1667005703408&CODE_STATE=getMsg HTTP/1.1" 200 27
120.253.135.82 - - [29/Oct/2022:09:08:32 +0800] "GET /xingrg/all/function/internal_message.html?_=1667005499722&CODE_STATE=getMsg HTTP/1.1" 200 27
116.238.139.35 - - [29/Oct/2022:09:08:33 +0800] "GET /xingrg/all/function/internal_message.html?_=1667005636886&CODE_STATE=getMsg HTTP/1.1" 200 27
221.239.141.151 - - [29/Oct/2022:09:08:34 +0800] "GET /xingrg/all/function/internal_message.html?_=1667005706196&CODE_STATE=getMsg HTTP/1.1" 200 27
116.238.139.35 - - [29/Oct/2022:09:08:40 +0800] "GET /xingrg/kc/buy/cgsh_order_operate.html?command=get_materiel&rest_code=00151&code=00101012025&supplier_code=00100096&order_time=2022-10-29 HTTP/1.1" 200 412
218.81.217.29 - - [29/Oct/2022:09:08:41 +0800] "POST /xingrg/services/DataTransmitService HTTP/1.1" 200 524
218.81.217.29 - - [29/Oct/2022:09:08:42 +0800] "POST /xingrg/services/DataTransmitService HTTP/1.1" 200 412
218.81.217.29 - - [29/Oct/2022:09:08:42 +0800] "POST /xingrg/services/DataTransmitService HTTP/1.1" 200 524
218.81.217.29 - - [29/Oct/2022:09:08:43 +0800] "POST /xingrg/services/DataTransmitService HTTP/1.1" 200 412
218.81.217.29 - - [29/Oct/2022:09:08:44 +0800] "POST /xingrg/services/DataTransmitService HTTP/1.1" 200 524
218.81.217.29 - - [29/Oct/2022:09:08:44 +0800] "POST /xingrg/services/DataTransmitService HTTP/1.1" 200 412
218.81.217.29 - - [29/Oct/2022:09:08:45 +0800] "POST /xingrg/services/DataTransmitService HTTP/1.1" 200 524
218.81.217.29 - - [29/Oct/2022:09:08:45 +0800] "POST /xingrg/services/DataTransmitService HTTP/1.1" 200 412
218.81.217.29 - - [29/Oct/2022:09:08:46 +0800] "POST /xingrg/services/DataTransmitService HTTP/1.1" 200 524
218.81.217.29 - - [29/Oct/2022:09:08:46 +0800] "POST /xingrg/services/DataTransmitService HTTP/1.1" 200 412
218.81.217.29 - - [29/Oct/2022:09:08:48 +0800] "POST /xingrg/services/DataTransmitService HTTP/1.1" 200 524
116.238.139.35 - - [29/Oct/2022:09:08:48 +0800] "GET /xingrg/kc/buy/cgsh_order_operate.html?command=get_materiel&rest_code=00151&code=00101012059&supplier_code=00100096&order_time=2022-10-29 HTTP/1.1" 200 412
218.81.217.29 - - [29/Oct/2022:09:08:49 +0800] "POST /xingrg/services/DataTransmitService HTTP/1.1" 200 412
218.81.217.29 - - [29/Oct/2022:09:08:49 +0800] "POST /xingrg/services/DataTransmitService HTTP/1.1" 200 524
218.81.217.29 - - [29/Oct/2022:09:08:49 +0800] "POST /xingrg/services/DataTransmitService HTTP/1.1" 200 412
218.81.217.29 - - [29/Oct/2022:09:08:49 +0800] "POST /xingrg/services/DataTransmitService HTTP/1.1" 200 524
218.81.217.29 - - [29/Oct/2022:09:08:50 +0800] "POST /xingrg/services/DataTransmitService HTTP/1.1" 200 412
222.69.192.207 - - [29/Oct/2022:09:08:55 +0800] "POST /xingrg/kc/buy/cgsh_list_operate.html HTTP/1.1" 200 3119
116.238.139.35 - - [29/Oct/2022:09:08:58 +0800] "GET /xingrg/all/function/internal_message.html?_=1667005728981&CODE_STATE=getMsg HTTP/1.1" 200 27
116.238.139.35 - - [29/Oct/2022:09:08:59 +0800] "GET /xingrg/kc/buy/cgsh_order_operate.html?command=get_materiel&rest_code=00151&code=00101010711&supplier_code=00100096&order_time=2022-10-29 HTTP/1.1" 200 406
183.192.89.222 - - [29/Oct/2022:09:08:59 +0800] "GET /xingrg/all/function/internal_message.html?_=1667005730472&CODE_STATE=getMsg HTTP/1.1" 200 27
218.81.217.29 - - [29/Oct/2022:09:09:01 +0800] "POST /xingrg/services/DataTransmitService HTTP/1.1" 200 524
218.81.217.29 - - [29/Oct/2022:09:09:02 +0800] "POST /xingrg/services/DataTransmitService HTTP/1.1" 200 412
218.81.217.29 - - [29/Oct/2022:09:09:02 +0800] "POST /xingrg/services/DataTransmitService HTTP/1.1" 200 524
218.81.217.29 - - [29/Oct/2022:09:09:03 +0800] "POST /xingrg/services/DataTransmitService HTTP/1.1" 200 412
218.81.217.29 - - [29/Oct/2022:09:09:03 +0800] "POST /xingrg/services/DataTransmitService HTTP/1.1" 200 524
124.78.158.69 - - [29/Oct/2022:09:09:03 +0800] "GET /xingrg/kc/buy/cgsh_order_operate.html?command=get_materiel&rest_code=00106&code=00101008141&supplier_code=00100007&order_time=2022-10-29 HTTP/1.1" 200 412
218.81.217.29 - - [29/Oct/2022:09:09:04 +0800] "POST /xingrg/services/DataTransmitService HTTP/1.1" 200 412
218.81.217.29 - - [29/Oct/2022:09:09:04 +0800] "POST /xingrg/services/DataTransmitService HTTP/1.1" 200 524
218.81.217.29 - - [29/Oct/2022:09:09:05 +0800] "POST /xingrg/services/DataTransmitService HTTP/1.1" 200 412
218.81.217.29 - - [29/Oct/2022:09:09:05 +0800] "POST /xingrg/services/DataTransmitService HTTP/1.1" 200 524
114.84.81.136 - - [29/Oct/2022:09:09:05 +0800] "GET /xingrg/all/function/internal_message.html?_=1667005737110&CODE_STATE=getMsg HTTP/1.1" 302 -
218.81.217.29 - - [29/Oct/2022:09:09:06 +0800] "POST /xingrg/services/DataTransmitService HTTP/1.1" 200 412
218.81.217.29 - - [29/Oct/2022:09:09:06 +0800] "POST /xingrg/services/DataTransmitService HTTP/1.1" 200 524
218.81.217.29 - - [29/Oct/2022:09:09:07 +0800] "POST /xingrg/services/DataTransmitService HTTP/1.1" 200 412
218.81.217.29 - - [29/Oct/2022:09:09:07 +0800] "POST /xingrg/services/DataTransmitService HTTP/1.1" 200 524
218.81.217.29 - - [29/Oct/2022:09:09:08 +0800] "POST /xingrg/services/DataTransmitService HTTP/1.1" 200 412
218.81.217.29 - - [29/Oct/2022:09:09:08 +0800] "POST /xingrg/services/DataTransmitService HTTP/1.1" 200 524
218.81.217.29 - - [29/Oct/2022:09:09:09 +0800] "POST /xingrg/services/DataTransmitService HTTP/1.1" 200 412
218.81.217.29 - - [29/Oct/2022:09:09:09 +0800] "POST /xingrg/services/DataTransmitService HTTP/1.1" 200 524
218.81.217.29 - - [29/Oct/2022:09:09:10 +0800] "POST /xingrg/services/DataTransmitService HTTP/1.1" 200 412
218.81.217.29 - - [29/Oct/2022:09:09:10 +0800] "POST /xingrg/services/DataTransmitService HTTP/1.1" 200 524
221.239.141.151 - - [29/Oct/2022:09:09:11 +0800] "GET /xingrg/kc/base/wldb_order_operate.html?command=get_materiel&rest_code=00102&base_code=0010476&code=00101019185 HTTP/1.1" 200 469
218.81.217.29 - - [29/Oct/2022:09:09:11 +0800] "POST /xingrg/services/DataTransmitService HTTP/1.1" 200 412
218.81.217.29 - - [29/Oct/2022:09:09:11 +0800] "POST /xingrg/services/DataTransmitService HTTP/1.1" 200 524
218.81.217.29 - - [29/Oct/2022:09:09:12 +0800] "POST /xingrg/services/DataTransmitService HTTP/1.1" 200 412
218.81.217.29 - - [29/Oct/2022:09:09:13 +0800] "GET /xingrg/all/function/internal_message.html?_=1667005769914&CODE_STATE=getMsg HTTP/1.1" 200 27
124.78.158.69 - - [29/Oct/2022:09:09:14 +0800] "GET /xingrg/kc/buy/cgsh_order_operate.html?command=get_materiel&rest_code=00106&code=00101008126&supplier_code=00100007&order_time=2022-10-29 HTTP/1.1" 200 412
116.238.139.35 - - [29/Oct/2022:09:09:14 +0800] "GET /xingrg/kc/buy/cgsh_order_operate.html?command=get_materiel&rest_code=00151&code=00101006006&supplier_code=00100096&order_time=2022-10-29 HTTP/1.1" 200 409
221.239.141.151 - - [29/Oct/2022:09:09:21 +0800] "GET /xingrg/kc/base/wldb_order_operate.html?command=get_materiel&rest_code=00102&base_code=0010476&code=00101019306 HTTP/1.1" 200 478
58.40.7.146 - - [29/Oct/2022:09:09:21 +0800] "GET /xingrg/all/function/internal_message.html?_=1667005752041&CODE_STATE=getMsg HTTP/1.1" 302 -
124.78.158.69 - - [29/Oct/2022:09:09:21 +0800] "POST /xingrg/kc/buy/cgsh_order_operate.html HTTP/1.1" 200 37
218.81.217.29 - - [29/Oct/2022:09:09:22 +0800] "POST /xingrg/services/DataTransmitService HTTP/1.1" 200 524
218.81.217.29 - - [29/Oct/2022:09:09:22 +0800] "POST /xingrg/services/DataTransmitService HTTP/1.1" 200 412
124.78.158.69 - - [29/Oct/2022:09:09:23 +0800] "POST /xingrg/kc/buy/cgsh_order_operate.html HTTP/1.1" 200 14480
218.81.217.29 - - [29/Oct/2022:09:09:23 +0800] "POST /xingrg/services/DataTransmitService HTTP/1.1" 200 524
218.81.217.29 - - [29/Oct/2022:09:09:24 +0800] "POST /xingrg/services/DataTransmitService HTTP/1.1" 200 412
218.81.217.29 - - [29/Oct/2022:09:09:24 +0800] "POST /xingrg/services/DataTransmitService HTTP/1.1" 200 524
218.81.217.29 - - [29/Oct/2022:09:09:25 +0800] "POST /xingrg/services/DataTransmitService HTTP/1.1" 200 412
218.81.217.29 - - [29/Oct/2022:09:09:26 +0800] "POST /xingrg/services/DataTransmitService HTTP/1.1" 200 524
218.81.217.29 - - [29/Oct/2022:09:09:26 +0800] "POST /xingrg/services/DataTransmitService HTTP/1.1" 200 412
218.81.217.29 - - [29/Oct/2022:09:09:27 +0800] "POST /xingrg/services/DataTransmitService HTTP/1.1" 200 524
221.239.141.151 - - [29/Oct/2022:09:09:27 +0800] "GET /xingrg/kc/base/wldb_order_operate.html?command=get_materiel&rest_code=00102&base_code=0010476&code=00101019079 HTTP/1.1" 200 479
116.230.105.139 - - [29/Oct/2022:09:09:27 +0800] "GET /xingrg/all/function/internal_message.html?_=1667005718977&CODE_STATE=getMsg HTTP/1.1" 200 27
218.81.217.29 - - [29/Oct/2022:09:09:27 +0800] "POST /xingrg/services/DataTransmitService HTTP/1.1" 200 412
218.81.217.29 - - [29/Oct/2022:09:09:28 +0800] "POST /xingrg/services/DataTransmitService HTTP/1.1" 200 524
218.81.217.29 - - [29/Oct/2022:09:09:29 +0800] "POST /xingrg/services/DataTransmitService HTTP/1.1" 200 412
124.78.158.69 - - [29/Oct/2022:09:09:30 +0800] "GET /xingrg/kc/buy/cgsh_order_operate.html?command=get_materiel&rest_code=00106&code=00101008059&supplier_code=00100007&order_time=2022-10-29 HTTP/1.1" 200 408
116.238.139.35 - - [29/Oct/2022:09:09:30 +0800] "GET /xingrg/kc/buy/cgsh_order_operate.html?command=get_materiel&rest_code=00151&code=00101006084&supplier_code=00100096&order_time=2022-10-29 HTTP/1.1" 200 413
124.78.158.69 - - [29/Oct/2022:09:09:31 +0800] "GET /xingrg/check_reg.html?_=1667005757891 HTTP/1.1" 200 22
124.78.158.69 - - [29/Oct/2022:09:09:31 +0800] "GET /xingrg/all/function/internal_message.html?_=1667005757893&CODE_STATE=getMsg HTTP/1.1" 200 27
218.81.217.29 - - [29/Oct/2022:09:09:31 +0800] "POST /xingrg/services/DataTransmitService HTTP/1.1" 200 524
120.253.135.82 - - [29/Oct/2022:09:09:32 +0800] "GET /xingrg/all/function/internal_message.html?_=1667005559829&CODE_STATE=getMsg HTTP/1.1" 200 27
218.81.217.29 - - [29/Oct/2022:09:09:32 +0800] "POST /xingrg/services/DataTransmitService HTTP/1.1" 200 412
222.69.192.207 - - [29/Oct/2022:09:09:32 +0800] "GET /xingrg/all/function/internal_message.html?_=1667005763718&CODE_STATE=getMsg HTTP/1.1" 200 27
218.81.217.29 - - [29/Oct/2022:09:09:33 +0800] "POST /xingrg/services/DataTransmitService HTTP/1.1" 200 524
116.238.139.35 - - [29/Oct/2022:09:09:33 +0800] "GET /xingrg/all/function/internal_message.html?_=1667005696901&CODE_STATE=getMsg HTTP/1.1" 200 27
218.81.217.29 - - [29/Oct/2022:09:09:33 +0800] "POST /xingrg/services/DataTransmitService HTTP/1.1" 200 412
218.81.217.29 - - [29/Oct/2022:09:09:33 +0800] "POST /xingrg/services/DataTransmitService HTTP/1.1" 200 524
218.81.217.29 - - [29/Oct/2022:09:09:34 +0800] "POST /xingrg/services/DataTransmitService HTTP/1.1" 200 412
221.239.141.151 - - [29/Oct/2022:09:09:34 +0800] "GET /xingrg/all/function/internal_message.html?_=1667005766184&CODE_STATE=getMsg HTTP/1.1" 200 27
218.81.217.29 - - [29/Oct/2022:09:09:37 +0800] "POST /xingrg/services/DataTransmitService HTTP/1.1" 200 524
218.81.217.29 - - [29/Oct/2022:09:09:38 +0800] "POST /xingrg/services/DataTransmitService HTTP/1.1" 200 412
120.253.135.82 - - [29/Oct/2022:09:09:40 +0800] "GET /xingrg/kc/pszx/mdqp_order_list.html?state=10 HTTP/1.1" 200 10231
120.253.135.82 - - [29/Oct/2022:09:09:40 +0800] "GET /xingrg/dwr/interface/AjaxReportQueryService.js HTTP/1.1" 200 13203
120.253.135.82 - - [29/Oct/2022:09:09:40 +0800] "GET /xingrg/dwr/interface/AjaxQqpsService.js HTTP/1.1" 200 16326
120.253.135.82 - - [29/Oct/2022:09:09:40 +0800] "GET /xingrg/dwr/engine.js HTTP/1.1" 200 43631
120.253.135.82 - - [29/Oct/2022:09:09:45 +0800] "GET /xingrg/kc/pszx/mdqp_order_list.html?state=10 HTTP/1.1" 200 10231
120.253.135.82 - - [29/Oct/2022:09:09:45 +0800] "GET /xingrg/dwr/interface/AjaxReportQueryService.js HTTP/1.1" 200 13203
120.253.135.82 - - [29/Oct/2022:09:09:45 +0800] "GET /xingrg/dwr/interface/AjaxQqpsService.js HTTP/1.1" 200 16326
120.253.135.82 - - [29/Oct/2022:09:09:45 +0800] "GET /xingrg/dwr/engine.js HTTP/1.1" 200 43631
124.78.158.69 - - [29/Oct/2022:09:09:45 +0800] "GET /xingrg/kc/buy/cgsh_order_operate.html?command=get_materiel&rest_code=00106&code=00101011005&supplier_code=00100007&order_time=2022-10-29 HTTP/1.1" 200 429
120.253.135.82 - - [29/Oct/2022:09:09:47 +0800] "GET /xingrg/kc/pszx/mdqp_order_list.html?state=10 HTTP/1.1" 200 10231
120.253.135.82 - - [29/Oct/2022:09:09:47 +0800] "GET /xingrg/dwr/interface/AjaxReportQueryService.js HTTP/1.1" 200 13203
120.253.135.82 - - [29/Oct/2022:09:09:47 +0800] "GET /xingrg/dwr/interface/AjaxQqpsService.js HTTP/1.1" 200 16326
120.253.135.82 - - [29/Oct/2022:09:09:47 +0800] "GET /xingrg/dwr/engine.js HTTP/1.1" 200 43631
218.81.217.29 - - [29/Oct/2022:09:09:48 +0800] "POST /xingrg/services/DataTransmitService HTTP/1.1" 200 524
218.81.217.29 - - [29/Oct/2022:09:09:49 +0800] "POST /xingrg/services/DataTransmitService HTTP/1.1" 200 412
120.253.135.82 - - [29/Oct/2022:09:09:50 +0800] "GET /xingrg/kc/pszx/mdqp_order_list.html?state=10 HTTP/1.1" 200 10231
120.253.135.82 - - [29/Oct/2022:09:09:50 +0800] "GET /xingrg/dwr/interface/AjaxQqpsService.js HTTP/1.1" 200 16326
120.253.135.82 - - [29/Oct/2022:09:09:50 +0800] "GET /xingrg/dwr/interface/AjaxReportQueryService.js HTTP/1.1" 200 13203
120.253.135.82 - - [29/Oct/2022:09:09:50 +0800] "GET /xingrg/dwr/engine.js HTTP/1.1" 200 43631
218.81.217.29 - - [29/Oct/2022:09:09:50 +0800] "POST /xingrg/services/DataTransmitService HTTP/1.1" 200 524
218.81.217.29 - - [29/Oct/2022:09:09:50 +0800] "POST /xingrg/services/DataTransmitService HTTP/1.1" 200 412
218.81.217.29 - - [29/Oct/2022:09:09:51 +0800] "POST /xingrg/services/DataTransmitService HTTP/1.1" 200 524
218.81.217.29 - - [29/Oct/2022:09:09:51 +0800] "POST /xingrg/services/DataTransmitService HTTP/1.1" 200 412
218.81.217.29 - - [29/Oct/2022:09:09:52 +0800] "POST /xingrg/services/DataTransmitService HTTP/1.1" 200 524
218.81.217.29 - - [29/Oct/2022:09:09:52 +0800] "POST /xingrg/services/DataTransmitService HTTP/1.1" 200 412
218.81.217.29 - - [29/Oct/2022:09:09:52 +0800] "POST /xingrg/services/DataTransmitService HTTP/1.1" 200 524
218.81.217.29 - - [29/Oct/2022:09:09:53 +0800] "POST /xingrg/services/DataTransmitService HTTP/1.1" 200 412
218.81.217.29 - - [29/Oct/2022:09:09:53 +0800] "POST /xingrg/services/DataTransmitService HTTP/1.1" 200 524
218.81.217.29 - - [29/Oct/2022:09:09:54 +0800] "POST /xingrg/services/DataTransmitService HTTP/1.1" 200 412
218.81.217.29 - - [29/Oct/2022:09:09:54 +0800] "POST /xingrg/services/DataTransmitService HTTP/1.1" 200 524
218.81.217.29 - - [29/Oct/2022:09:09:55 +0800] "POST /xingrg/services/DataTransmitService HTTP/1.1" 200 412
120.253.135.82 - - [29/Oct/2022:09:09:55 +0800] "GET /xingrg/kc/buy/cgsh_order_list.html HTTP/1.1" 200 53258
116.238.139.35 - - [29/Oct/2022:09:09:57 +0800] "POST /xingrg/kc/buy/cgsh_order_operate.html HTTP/1.1" 200 37
120.253.135.82 - - [29/Oct/2022:09:09:58 +0800] "POST /xingrg/kc/buy/cgsh_list_operate.html HTTP/1.1" 200 986
116.238.139.35 - - [29/Oct/2022:09:09:58 +0800] "GET /xingrg/all/function/internal_message.html?_=1667005788966&CODE_STATE=getMsg HTTP/1.1" 200 27
124.78.158.69 - - [29/Oct/2022:09:09:58 +0800] "GET /xingrg/kc/buy/cgsh_order_operate.html?command=get_materiel&rest_code=00106&code=00101008332&supplier_code=00100007&order_time=2022-10-29 HTTP/1.1" 200 412
183.192.89.222 - - [29/Oct/2022:09:09:59 +0800] "GET /xingrg/all/function/internal_message.html?_=1667005790470&CODE_STATE=getMsg HTTP/1.1" 200 27
120.253.135.82 - - [29/Oct/2022:09:10:00 +0800] "GET /xingrg/kc/buy/cgsh_order_list.html HTTP/1.1" 200 53258
116.238.139.35 - - [29/Oct/2022:09:10:00 +0800] "POST /xingrg/kc/buy/cgsh_order_operate.html HTTP/1.1" 200 12
116.238.139.35 - - [29/Oct/2022:09:10:01 +0800] "GET /xingrg/kc/buy/cgsh_order_info.html?code=212022102908933 HTTP/1.1" 200 63547
120.253.135.82 - - [29/Oct/2022:09:10:01 +0800] "POST /xingrg/kc/buy/cgsh_list_operate.html HTTP/1.1" 200 986
116.238.139.35 - - [29/Oct/2022:09:10:01 +0800] "GET /xingrg/javascript/jquery_easy_ui/themes/icons/rest.png HTTP/1.1" 304 -
116.238.139.35 - - [29/Oct/2022:09:10:01 +0800] "GET /xingrg/javascript/jquery_easy_ui/themes/icons/area.png HTTP/1.1" 304 -
116.238.139.35 - - [29/Oct/2022:09:10:01 +0800] "GET /xingrg/javascript/easyui/themes/default/validatebox.css HTTP/1.1" 404 1104
116.238.139.35 - - [29/Oct/2022:09:10:02 +0800] "POST /xingrg/kc/buy/cgsh_order_operate.html HTTP/1.1" 200 5986
116.238.139.35 - - [29/Oct/2022:09:10:03 +0800] "GET /xingrg/kc/print/load_data.html?order_code=212022102908933&kc_code=cgsh&condition= HTTP/1.1" 200 2780
120.253.135.82 - - [29/Oct/2022:09:10:04 +0800] "GET /xingrg/kc/pszx/mdqp_order_list.html?state=10 HTTP/1.1" 200 10231
120.253.135.82 - - [29/Oct/2022:09:10:04 +0800] "GET /xingrg/dwr/interface/AjaxQqpsService.js HTTP/1.1" 200 16326
120.253.135.82 - - [29/Oct/2022:09:10:04 +0800] "GET /xingrg/dwr/interface/AjaxReportQueryService.js HTTP/1.1" 200 13203
120.253.135.82 - - [29/Oct/2022:09:10:04 +0800] "GET /xingrg/dwr/engine.js HTTP/1.1" 200 43631
114.84.81.136 - - [29/Oct/2022:09:10:05 +0800] "GET /xingrg/all/function/internal_message.html?_=1667005797112&CODE_STATE=getMsg HTTP/1.1" 302 -
180.163.30.85 - - [29/Oct/2022:09:10:11 +0800] "GET /xingrg/kc/buy/cgsh_order_operate.html?command=get_materiel&rest_code=00106&code=00101008126&supplier_code=00100007&order_time=2022-10-29 HTTP/1.1" 302 -
180.163.30.85 - - [29/Oct/2022:09:10:11 +0800] "GET /xingrg/login.html HTTP/1.1" 200 7641
218.81.217.29 - - [29/Oct/2022:09:10:13 +0800] "GET /xingrg/all/function/internal_message.html?_=1667005829961&CODE_STATE=getMsg HTTP/1.1" 200 27
218.81.217.29 - - [29/Oct/2022:09:10:15 +0800] "POST /xingrg/services/DataTransmitService HTTP/1.1" 200 524
218.81.217.29 - - [29/Oct/2022:09:10:15 +0800] "POST /xingrg/services/DataTransmitService HTTP/1.1" 200 2339
218.81.217.29 - - [29/Oct/2022:09:10:17 +0800] "POST /xingrg/services/DataTransmitService HTTP/1.1" 200 524
218.81.217.29 - - [29/Oct/2022:09:10:17 +0800] "POST /xingrg/services/DataTransmitService HTTP/1.1" 200 2339
218.81.217.29 - - [29/Oct/2022:09:10:17 +0800] "POST /xingrg/services/DataTransmitService HTTP/1.1" 200 524
218.81.217.29 - - [29/Oct/2022:09:10:18 +0800] "POST /xingrg/services/DataTransmitService HTTP/1.1" 200 2339
218.81.217.29 - - [29/Oct/2022:09:10:18 +0800] "POST /xingrg/services/DataTransmitService HTTP/1.1" 200 524
218.81.217.29 - - [29/Oct/2022:09:10:18 +0800] "POST /xingrg/services/DataTransmitService HTTP/1.1" 200 2339
218.81.217.29 - - [29/Oct/2022:09:10:19 +0800] "POST /xingrg/services/DataTransmitService HTTP/1.1" 200 524
218.81.217.29 - - [29/Oct/2022:09:10:19 +0800] "POST /xingrg/services/DataTransmitService HTTP/1.1" 200 2339
218.81.217.29 - - [29/Oct/2022:09:10:19 +0800] "POST /xingrg/services/DataTransmitService HTTP/1.1" 200 524
218.81.217.29 - - [29/Oct/2022:09:10:20 +0800] "POST /xingrg/services/DataTransmitService HTTP/1.1" 200 2339
58.40.7.146 - - [29/Oct/2022:09:10:21 +0800] "GET /xingrg/all/function/internal_message.html?_=1667005812015&CODE_STATE=getMsg HTTP/1.1" 302 -
114.88.159.190 - - [29/Oct/2022:09:10:21 +0800] "GET /xingrg/check_reg.html?_=1667005438020 HTTP/1.1" 200 22
116.230.105.139 - - [29/Oct/2022:09:10:27 +0800] "GET /xingrg/check_reg.html?_=1667005778971 HTTP/1.1" 200 22
116.230.105.139 - - [29/Oct/2022:09:10:27 +0800] "GET /xingrg/all/function/internal_message.html?_=1667005778972&CODE_STATE=getMsg HTTP/1.1" 200 27
124.78.158.69 - - [29/Oct/2022:09:10:31 +0800] "GET /xingrg/all/function/internal_message.html?_=1667005817956&CODE_STATE=getMsg HTTP/1.1" 200 27
222.69.192.207 - - [29/Oct/2022:09:10:32 +0800] "GET /xingrg/all/function/internal_message.html?_=1667005823362&CODE_STATE=getMsg HTTP/1.1" 200 27
116.238.139.35 - - [29/Oct/2022:09:10:32 +0800] "GET /xingrg/kc/buy/cgsh_order_add.html HTTP/1.1" 200 68650
120.253.135.82 - - [29/Oct/2022:09:10:32 +0800] "GET /xingrg/all/function/internal_message.html?_=1667005619936&CODE_STATE=getMsg HTTP/1.1" 200 27
116.238.139.35 - - [29/Oct/2022:09:10:32 +0800] "POST /xingrg/kc/buy/cgsh_order_operate.html HTTP/1.1" 200 8245
116.238.139.35 - - [29/Oct/2022:09:10:33 +0800] "GET /xingrg/javascript/easyui/themes/default/validatebox.css HTTP/1.1" 404 1104
116.238.139.35 - - [29/Oct/2022:09:10:33 +0800] "GET /xingrg/all/function/internal_message.html?_=1667005756913&CODE_STATE=getMsg HTTP/1.1" 200 27
221.239.141.151 - - [29/Oct/2022:09:10:34 +0800] "GET /xingrg/all/function/internal_message.html?_=1667005826175&CODE_STATE=getMsg HTTP/1.1" 200 27
120.253.135.82 - - [29/Oct/2022:09:10:37 +0800] "GET /xingrg/javascript/jquery_easy_ui/themes/default/images/tabs_active.png HTTP/1.1" 200 2894
120.253.135.82 - - [29/Oct/2022:09:10:38 +0800] "GET /xingrg/kc/pszx/mdqp_order_list.html?state=10 HTTP/1.1" 200 10231
120.253.135.82 - - [29/Oct/2022:09:10:38 +0800] "GET /xingrg/dwr/interface/AjaxQqpsService.js HTTP/1.1" 200 16326
120.253.135.82 - - [29/Oct/2022:09:10:38 +0800] "GET /xingrg/dwr/interface/AjaxReportQueryService.js HTTP/1.1" 200 13203
120.253.135.82 - - [29/Oct/2022:09:10:38 +0800] "GET /xingrg/dwr/engine.js HTTP/1.1" 200 43631
218.81.217.29 - - [29/Oct/2022:09:10:39 +0800] "POST /xingrg/services/DataTransmitService HTTP/1.1" 200 524
218.81.217.29 - - [29/Oct/2022:09:10:40 +0800] "POST /xingrg/services/DataTransmitService HTTP/1.1" 200 412
116.238.139.35 - - [29/Oct/2022:09:10:42 +0800] "GET /xingrg/kc/buy/cgsh_order_operate.html?command=get_materiel&rest_code=00151&code=00101008323&supplier_code=00100008&order_time=2022-10-29 HTTP/1.1" 200 408
180.163.30.100 - - [29/Oct/2022:09:10:43 +0800] "GET /xingrg/kc/buy/cgsh_order_operate.html?command=get_materiel&rest_code=00106&code=00101011005&supplier_code=00100007&order_time=2022-10-29 HTTP/1.1" 302 -
180.163.30.100 - - [29/Oct/2022:09:10:43 +0800] "GET /xingrg/login.html HTTP/1.1" 200 7641
218.81.217.29 - - [29/Oct/2022:09:10:43 +0800] "POST /xingrg/services/DataTransmitService HTTP/1.1" 200 524
218.81.217.29 - - [29/Oct/2022:09:10:44 +0800] "POST /xingrg/services/DataTransmitService HTTP/1.1" 200 412
218.81.217.29 - - [29/Oct/2022:09:10:45 +0800] "POST /xingrg/services/DataTransmitService HTTP/1.1" 200 524
124.78.158.69 - - [29/Oct/2022:09:10:45 +0800] "GET /xingrg/kc/buy/cgsh_order_operate.html?command=get_materiel&rest_code=00106&code=00101008118&supplier_code=00100007&order_time=2022-10-29 HTTP/1.1" 200 418
218.81.217.29 - - [29/Oct/2022:09:10:45 +0800] "POST /xingrg/services/DataTransmitService HTTP/1.1" 200 412
218.81.217.29 - - [29/Oct/2022:09:10:53 +0800] "POST /xingrg/services/DataTransmitService HTTP/1.1" 200 501
116.238.139.35 - - [29/Oct/2022:09:10:54 +0800] "GET /xingrg/kc/buy/cgsh_order_operate.html?command=get_materiel&rest_code=00151&code=00101008176&supplier_code=00100008&order_time=2022-10-29 HTTP/1.1" 200 413
124.78.158.69 - - [29/Oct/2022:09:10:56 +0800] "POST /xingrg/kc/buy/cgsh_order_operate.html HTTP/1.1" 200 2065
116.238.139.35 - - [29/Oct/2022:09:10:58 +0800] "GET /xingrg/all/function/internal_message.html?_=1667005848982&CODE_STATE=getMsg HTTP/1.1" 200 27
218.81.217.29 - - [29/Oct/2022:09:10:58 +0800] "POST /xingrg/services/DataTransmitService HTTP/1.1" 200 501
218.81.217.29 - - [29/Oct/2022:09:10:58 +0800] "POST /xingrg/services/DataTransmitService HTTP/1.1" 200 501
218.81.217.29 - - [29/Oct/2022:09:10:58 +0800] "POST /xingrg/services/DataTransmitService HTTP/1.1" 200 501
218.81.217.29 - - [29/Oct/2022:09:10:58 +0800] "POST /xingrg/services/DataTransmitService HTTP/1.1" 200 501
183.192.89.222 - - [29/Oct/2022:09:10:59 +0800] "GET /xingrg/all/function/internal_message.html?_=1667005850470&CODE_STATE=getMsg HTTP/1.1" 200 27
218.81.217.29 - - [29/Oct/2022:09:11:01 +0800] "POST /xingrg/services/DataTransmitService HTTP/1.1" 200 524
218.81.217.29 - - [29/Oct/2022:09:11:01 +0800] "POST /xingrg/services/DataTransmitService HTTP/1.1" 200 2339
116.238.139.35 - - [29/Oct/2022:09:11:02 +0800] "GET /xingrg/kc/buy/cgsh_order_operate.html?command=get_materiel&rest_code=00151&code=00101008091&supplier_code=00100008&order_time=2022-10-29 HTTP/1.1" 200 413
114.84.81.136 - - [29/Oct/2022:09:11:05 +0800] "GET /xingrg/all/function/internal_message.html?_=1667005857105&CODE_STATE=getMsg HTTP/1.1" 302 -
124.78.158.69 - - [29/Oct/2022:09:11:06 +0800] "GET /xingrg/kc/buy/cgsh_order_operate.html?command=get_materiel&rest_code=00106&code=00101008108&supplier_code=00100007&order_time=2022-10-29 HTTP/1.1" 200 412
218.81.217.29 - - [29/Oct/2022:09:11:13 +0800] "GET /xingrg/all/function/internal_message.html?_=1667005889972&CODE_STATE=getMsg HTTP/1.1" 200 27
116.238.139.35 - - [29/Oct/2022:09:11:13 +0800] "GET /xingrg/kc/buy/cgsh_order_operate.html?command=get_materiel&rest_code=00151&code=00101008234&supplier_code=00100008&order_time=2022-10-29 HTTP/1.1" 200 408
218.81.217.29 - - [29/Oct/2022:09:11:18 +0800] "POST /xingrg/services/DataTransmitService HTTP/1.1" 200 524
218.81.217.29 - - [29/Oct/2022:09:11:19 +0800] "POST /xingrg/services/DataTransmitService HTTP/1.1" 200 412
218.81.217.29 - - [29/Oct/2022:09:11:19 +0800] "POST /xingrg/services/DataTransmitService HTTP/1.1" 200 524
218.81.217.29 - - [29/Oct/2022:09:11:20 +0800] "POST /xingrg/services/DataTransmitService HTTP/1.1" 200 412
218.81.217.29 - - [29/Oct/2022:09:11:20 +0800] "POST /xingrg/services/DataTransmitService HTTP/1.1" 200 524
218.81.217.29 - - [29/Oct/2022:09:11:21 +0800] "POST /xingrg/services/DataTransmitService HTTP/1.1" 200 412
