180.169.147.146 - - [29/Oct/2022:07:44:48 +0800] "GET /xingrg/all/function/internal_message.html?_=1667000678728&CODE_STATE=getMsg HTTP/1.1" 200 27
116.238.139.35 - - [29/Oct/2022:07:44:53 +0800] "GET /xingrg/all/function/internal_message.html?_=1667000617182&CODE_STATE=getMsg HTTP/1.1" 200 27
183.192.89.222 - - [29/Oct/2022:07:45:00 +0800] "GET /xingrg/all/function/internal_message.html?_=1667000690763&CODE_STATE=getMsg HTTP/1.1" 200 27
116.230.105.139 - - [29/Oct/2022:07:45:03 +0800] "GET /xingrg/all/function/internal_message.html?_=1667000655451&CODE_STATE=getMsg HTTP/1.1" 200 27
114.84.81.136 - - [29/Oct/2022:07:45:05 +0800] "GET /xingrg/all/function/internal_message.html?_=1667000696812&CODE_STATE=getMsg HTTP/1.1" 302 -
124.78.158.69 - - [29/Oct/2022:07:45:07 +0800] "POST /xingrg/services/DataTransmitService HTTP/1.1" 200 524
114.88.159.190 - - [29/Oct/2022:07:45:22 +0800] "GET /xingrg/check_reg.html?_=1667000338226 HTTP/1.1" 200 22
58.40.7.146 - - [29/Oct/2022:07:45:23 +0800] "GET /xingrg/all/function/internal_message.html?_=1667000714127&CODE_STATE=getMsg HTTP/1.1" 302 -
180.169.147.146 - - [29/Oct/2022:07:45:48 +0800] "GET /xingrg/all/function/internal_message.html?_=1667000738706&CODE_STATE=getMsg HTTP/1.1" 200 27
116.238.139.35 - - [29/Oct/2022:07:45:53 +0800] "GET /xingrg/all/function/internal_message.html?_=1667000677193&CODE_STATE=getMsg HTTP/1.1" 200 27
183.192.89.222 - - [29/Oct/2022:07:46:00 +0800] "GET /xingrg/all/function/internal_message.html?_=1667000750734&CODE_STATE=getMsg HTTP/1.1" 200 27
116.230.105.139 - - [29/Oct/2022:07:46:03 +0800] "GET /xingrg/all/function/internal_message.html?_=1667000715458&CODE_STATE=getMsg HTTP/1.1" 200 27
114.84.81.136 - - [29/Oct/2022:07:46:05 +0800] "GET /xingrg/all/function/internal_message.html?_=1667000756814&CODE_STATE=getMsg HTTP/1.1" 302 -
114.84.81.136 - - [29/Oct/2022:07:46:21 +0800] "POST /xingrg/services/DataTransmitService HTTP/1.1" 200 524
58.40.7.146 - - [29/Oct/2022:07:46:23 +0800] "GET /xingrg/all/function/internal_message.html?_=1667000774098&CODE_STATE=getMsg HTTP/1.1" 302 -
180.169.147.146 - - [29/Oct/2022:07:46:48 +0800] "GET /xingrg/all/function/internal_message.html?_=1667000798691&CODE_STATE=getMsg HTTP/1.1" 200 27
116.238.139.35 - - [29/Oct/2022:07:46:53 +0800] "GET /xingrg/all/function/internal_message.html?_=1667000737251&CODE_STATE=getMsg HTTP/1.1" 200 27
183.192.89.222 - - [29/Oct/2022:07:47:00 +0800] "GET /xingrg/all/function/internal_message.html?_=1667000810703&CODE_STATE=getMsg HTTP/1.1" 200 27
116.230.105.139 - - [29/Oct/2022:07:47:03 +0800] "GET /xingrg/all/function/internal_message.html?_=1667000775445&CODE_STATE=getMsg HTTP/1.1" 200 27
114.84.81.136 - - [29/Oct/2022:07:47:05 +0800] "GET /xingrg/all/function/internal_message.html?_=1667000816842&CODE_STATE=getMsg HTTP/1.1" 302 -
180.169.147.146 - - [29/Oct/2022:07:47:12 +0800] "GET /xingrg/check_reg.html?_=1667000823143 HTTP/1.1" 200 22
58.40.7.146 - - [29/Oct/2022:07:47:23 +0800] "GET /xingrg/all/function/internal_message.html?_=1667000834068&CODE_STATE=getMsg HTTP/1.1" 302 -
180.169.147.146 - - [29/Oct/2022:07:47:48 +0800] "GET /xingrg/all/function/internal_message.html?_=1667000858681&CODE_STATE=getMsg HTTP/1.1" 200 27
116.238.139.35 - - [29/Oct/2022:07:47:49 +0800] "GET /xingrg/check_reg.html?_=1667000792806 HTTP/1.1" 200 22
116.238.139.35 - - [29/Oct/2022:07:47:53 +0800] "GET /xingrg/all/function/internal_message.html?_=1667000797252&CODE_STATE=getMsg HTTP/1.1" 200 27
183.192.89.222 - - [29/Oct/2022:07:47:59 +0800] "GET /xingrg/check_reg.html?_=1667000870438 HTTP/1.1" 200 22
183.192.89.222 - - [29/Oct/2022:07:48:00 +0800] "GET /xingrg/all/function/internal_message.html?_=1667000870676&CODE_STATE=getMsg HTTP/1.1" 200 27
116.230.105.139 - - [29/Oct/2022:07:48:03 +0800] "GET /xingrg/all/function/internal_message.html?_=1667000835450&CODE_STATE=getMsg HTTP/1.1" 200 27
114.84.81.136 - - [29/Oct/2022:07:48:05 +0800] "GET /xingrg/all/function/internal_message.html?_=1667000876848&CODE_STATE=getMsg HTTP/1.1" 302 -
114.84.81.136 - - [29/Oct/2022:07:48:05 +0800] "GET /xingrg/check_reg.html?_=1667000876853 HTTP/1.1" 302 -
58.40.7.146 - - [29/Oct/2022:07:48:23 +0800] "GET /xingrg/all/function/internal_message.html?_=1667000894040&CODE_STATE=getMsg HTTP/1.1" 302 -
222.70.183.206 - - [29/Oct/2022:07:48:26 +0800] "POST /xingrg/services/DataTransmitService HTTP/1.1" 200 524
58.40.7.146 - - [29/Oct/2022:07:48:28 +0800] "GET /xingrg/check_reg.html?_=1667000899418 HTTP/1.1" 302 -
180.169.147.146 - - [29/Oct/2022:07:48:48 +0800] "GET /xingrg/all/function/internal_message.html?_=1667000918654&CODE_STATE=getMsg HTTP/1.1" 200 27
116.238.139.35 - - [29/Oct/2022:07:48:53 +0800] "GET /xingrg/all/function/internal_message.html?_=1667000857266&CODE_STATE=getMsg HTTP/1.1" 200 27
183.192.89.222 - - [29/Oct/2022:07:48:59 +0800] "GET /xingrg/all/function/internal_message.html?_=1667000930657&CODE_STATE=getMsg HTTP/1.1" 200 27
116.230.105.139 - - [29/Oct/2022:07:49:03 +0800] "GET /xingrg/all/function/internal_message.html?_=1667000895460&CODE_STATE=getMsg HTTP/1.1" 200 27
116.230.105.139 - - [29/Oct/2022:07:49:03 +0800] "GET /xingrg/check_reg.html?_=1667000895463 HTTP/1.1" 200 22
114.84.81.136 - - [29/Oct/2022:07:49:05 +0800] "GET /xingrg/all/function/internal_message.html?_=1667000936840&CODE_STATE=getMsg HTTP/1.1" 302 -
58.40.7.146 - - [29/Oct/2022:07:49:23 +0800] "GET /xingrg/all/function/internal_message.html?_=1667000954015&CODE_STATE=getMsg HTTP/1.1" 302 -
180.169.147.146 - - [29/Oct/2022:07:49:48 +0800] "GET /xingrg/all/function/internal_message.html?_=1667000978639&CODE_STATE=getMsg HTTP/1.1" 200 27
116.238.139.35 - - [29/Oct/2022:07:49:53 +0800] "GET /xingrg/all/function/internal_message.html?_=1667000917313&CODE_STATE=getMsg HTTP/1.1" 200 27
183.192.89.222 - - [29/Oct/2022:07:49:59 +0800] "GET /xingrg/all/function/internal_message.html?_=1667000990627&CODE_STATE=getMsg HTTP/1.1" 200 27
116.230.105.139 - - [29/Oct/2022:07:50:03 +0800] "GET /xingrg/all/function/internal_message.html?_=1667000955454&CODE_STATE=getMsg HTTP/1.1" 200 27
114.84.81.136 - - [29/Oct/2022:07:50:05 +0800] "GET /xingrg/all/function/internal_message.html?_=1667000996844&CODE_STATE=getMsg HTTP/1.1" 302 -
114.88.159.190 - - [29/Oct/2022:07:50:21 +0800] "GET /xingrg/check_reg.html?_=1667000638230 HTTP/1.1" 200 22
58.40.7.146 - - [29/Oct/2022:07:50:23 +0800] "GET /xingrg/all/function/internal_message.html?_=1667001013987&CODE_STATE=getMsg HTTP/1.1" 302 -
180.169.147.146 - - [29/Oct/2022:07:50:48 +0800] "GET /xingrg/all/function/internal_message.html?_=1667001038630&CODE_STATE=getMsg HTTP/1.1" 200 27
116.238.139.35 - - [29/Oct/2022:07:50:53 +0800] "GET /xingrg/all/function/internal_message.html?_=1667000977323&CODE_STATE=getMsg HTTP/1.1" 200 27
183.192.89.222 - - [29/Oct/2022:07:50:59 +0800] "GET /xingrg/all/function/internal_message.html?_=1667001050608&CODE_STATE=getMsg HTTP/1.1" 200 27
116.230.105.139 - - [29/Oct/2022:07:51:03 +0800] "GET /xingrg/all/function/internal_message.html?_=1667001015467&CODE_STATE=getMsg HTTP/1.1" 200 27
114.84.81.136 - - [29/Oct/2022:07:51:05 +0800] "GET /xingrg/all/function/internal_message.html?_=1667001056882&CODE_STATE=getMsg HTTP/1.1" 302 -
58.40.7.146 - - [29/Oct/2022:07:51:23 +0800] "GET /xingrg/all/function/internal_message.html?_=1667001073958&CODE_STATE=getMsg HTTP/1.1" 302 -
222.69.192.207 - - [29/Oct/2022:07:51:24 +0800] "GET /favicon.ico HTTP/1.1" 404 -
222.69.192.207 - - [29/Oct/2022:07:51:28 +0800] "GET /xingrg/index.html?sysBaseUrl=http%3A%2F%2F180.169.147.146%3A18081%2Fxingrg%2F&costTime=36×tamp=1585223203754 HTTP/1.1" 302 -
222.69.192.207 - - [29/Oct/2022:07:51:29 +0800] "GET /xingrg/login.html HTTP/1.1" 200 7641
222.69.192.207 - - [29/Oct/2022:07:51:29 +0800] "GET /xingrg/images/blue/jxLogo.png HTTP/1.1" 304 -
222.69.192.207 - - [29/Oct/2022:07:51:29 +0800] "GET /xingrg/images/blue/login_bg.png HTTP/1.1" 304 -
222.69.192.207 - - [29/Oct/2022:07:51:29 +0800] "GET /xingrg/images/blue/hj.png HTTP/1.1" 304 -
222.69.192.207 - - [29/Oct/2022:07:51:29 +0800] "GET /xingrg/images/blue/srbg.png HTTP/1.1" 304 -
222.69.192.207 - - [29/Oct/2022:07:51:30 +0800] "GET /favicon.ico HTTP/1.1" 404 -
222.69.192.207 - - [29/Oct/2022:07:51:31 +0800] "POST /xingrg/login.do HTTP/1.1" 302 -
222.69.192.207 - - [29/Oct/2022:07:51:31 +0800] "GET /xingrg/index.html?sysBaseUrl=http%3A%2F%2F180.169.147.146%3A18081%2Fxingrg%2F&costTime=43×tamp=1667001091437 HTTP/1.1" 200 17173
222.69.192.207 - - [29/Oct/2022:07:51:31 +0800] "GET /xingrg/javascript/jquery_easy_ui/themes/default/easyui.css HTTP/1.1" 304 -
222.69.192.207 - - [29/Oct/2022:07:51:31 +0800] "GET /xingrg/javascript/jquery_easy_ui/themes/icon.css HTTP/1.1" 304 -
222.69.192.207 - - [29/Oct/2022:07:51:31 +0800] "GET /xingrg/css/form.css HTTP/1.1" 304 -
222.69.192.207 - - [29/Oct/2022:07:51:31 +0800] "GET /xingrg/javascript/jquery-1.4.2.min.js HTTP/1.1" 304 -
222.69.192.207 - - [29/Oct/2022:07:51:31 +0800] "GET /xingrg/javascript/jquery_easy_ui/jquery.easyui.min.js HTTP/1.1" 304 -
222.69.192.207 - - [29/Oct/2022:07:51:31 +0800] "GET /xingrg/javascript/jquery_easy_ui/easyui-lang-zh_CN.js HTTP/1.1" 304 -
222.69.192.207 - - [29/Oct/2022:07:51:31 +0800] "GET /xingrg/javascript/jquery.form.js HTTP/1.1" 304 -
222.69.192.207 - - [29/Oct/2022:07:51:31 +0800] "GET /xingrg/javascript/jquery.utils.js HTTP/1.1" 304 -
222.69.192.207 - - [29/Oct/2022:07:51:31 +0800] "GET /xingrg/javascript/jquery.timers.js HTTP/1.1" 304 -
222.69.192.207 - - [29/Oct/2022:07:51:32 +0800] "GET /favicon.ico HTTP/1.1" 404 -
222.69.192.207 - - [29/Oct/2022:07:51:32 +0800] "GET /xingrg/javascript/jquery_easy_ui/themes/icons/settle_new.png HTTP/1.1" 304 -
222.69.192.207 - - [29/Oct/2022:07:51:32 +0800] "GET /xingrg/images/blue/navBackgound.jpg HTTP/1.1" 304 -
222.69.192.207 - - [29/Oct/2022:07:51:32 +0800] "POST /xingrg/all/common/load_tree.html?tree=area_rest_tree_json&manage=1 HTTP/1.1" 200 3493
222.69.192.207 - - [29/Oct/2022:07:51:32 +0800] "GET /xingrg/all/function/internal_message.html?_=1667001083566&CODE_STATE=count HTTP/1.1" 200 11
222.69.192.207 - - [29/Oct/2022:07:51:32 +0800] "GET /xingrg/check_reg.html?_=1667001083567 HTTP/1.1" 200 22
222.69.192.207 - - [29/Oct/2022:07:51:32 +0800] "GET /xingrg/images/blue/pingpu.png HTTP/1.1" 304 -
222.69.192.207 - - [29/Oct/2022:07:51:32 +0800] "GET /xingrg/javascript/jquery_easy_ui/themes/default/images/tabs_leftarrow.png HTTP/1.1" 304 -
222.69.192.207 - - [29/Oct/2022:07:51:32 +0800] "GET /xingrg/javascript/jquery_easy_ui/themes/default/images/panel_tool_collapse.gif HTTP/1.1" 304 -
222.69.192.207 - - [29/Oct/2022:07:51:32 +0800] "GET /xingrg/javascript/jquery_easy_ui/themes/default/images/tabs_rightarrow.png HTTP/1.1" 304 -
222.69.192.207 - - [29/Oct/2022:07:51:32 +0800] "POST /xingrg/load_menu.html HTTP/1.1" 200 5138
222.69.192.207 - - [29/Oct/2022:07:51:32 +0800] "GET /xingrg/javascript/jquery_easy_ui/themes/default/images/tree_arrows.gif HTTP/1.1" 304 -
222.69.192.207 - - [29/Oct/2022:07:51:32 +0800] "GET /xingrg/javascript/jquery_easy_ui/themes/default/images/tree_folder_open.gif HTTP/1.1" 304 -
222.69.192.207 - - [29/Oct/2022:07:51:32 +0800] "GET /xingrg/javascript/jquery_easy_ui/themes/icons/search_new.png HTTP/1.1" 304 -
222.69.192.207 - - [29/Oct/2022:07:51:32 +0800] "GET /xingrg/javascript/jquery_easy_ui/themes/default/images/tree_folder.gif HTTP/1.1" 304 -
222.69.192.207 - - [29/Oct/2022:07:51:32 +0800] "GET /xingrg/javascript/jquery_easy_ui/themes/icons/storage_new.png HTTP/1.1" 304 -
222.69.192.207 - - [29/Oct/2022:07:51:32 +0800] "GET /xingrg/javascript/jquery_easy_ui/themes/icons/forms_new.png HTTP/1.1" 304 -
222.69.192.207 - - [29/Oct/2022:07:51:32 +0800] "GET /xingrg/javascript/jquery_easy_ui/themes/default/images/tree_file.gif HTTP/1.1" 304 -
180.169.147.146 - - [29/Oct/2022:07:51:48 +0800] "GET /xingrg/all/function/internal_message.html?_=1667001098614&CODE_STATE=getMsg HTTP/1.1" 200 27
116.238.139.35 - - [29/Oct/2022:07:51:53 +0800] "GET /xingrg/all/function/internal_message.html?_=1667001037378&CODE_STATE=getMsg HTTP/1.1" 200 27
183.192.89.222 - - [29/Oct/2022:07:51:59 +0800] "GET /xingrg/all/function/internal_message.html?_=1667001110581&CODE_STATE=getMsg HTTP/1.1" 200 27
116.230.105.139 - - [29/Oct/2022:07:52:03 +0800] "GET /xingrg/all/function/internal_message.html?_=1667001075460&CODE_STATE=getMsg HTTP/1.1" 200 27
114.84.81.136 - - [29/Oct/2022:07:52:05 +0800] "GET /xingrg/all/function/internal_message.html?_=1667001116853&CODE_STATE=getMsg HTTP/1.1" 302 -
218.81.217.29 - - [29/Oct/2022:07:52:09 +0800] "GET /favicon.ico HTTP/1.1" 404 -
218.81.217.29 - - [29/Oct/2022:07:52:09 +0800] "GET /xingrg/login.html HTTP/1.1" 200 7641
218.81.217.29 - - [29/Oct/2022:07:52:09 +0800] "GET /xingrg/images/blue/jxLogo.png HTTP/1.1" 304 -
218.81.217.29 - - [29/Oct/2022:07:52:09 +0800] "GET /xingrg/images/blue/login_bg.png HTTP/1.1" 304 -
218.81.217.29 - - [29/Oct/2022:07:52:09 +0800] "GET /xingrg/images/blue/srbg.png HTTP/1.1" 304 -
218.81.217.29 - - [29/Oct/2022:07:52:09 +0800] "GET /xingrg/images/blue/hj.png HTTP/1.1" 304 -
218.81.217.29 - - [29/Oct/2022:07:52:09 +0800] "GET /favicon.ico HTTP/1.1" 404 -
218.81.217.29 - - [29/Oct/2022:07:52:12 +0800] "POST /xingrg/login.do HTTP/1.1" 302 -
218.81.217.29 - - [29/Oct/2022:07:52:12 +0800] "GET /xingrg/javascript/jquery_easy_ui/themes/default/easyui.css HTTP/1.1" 304 -
218.81.217.29 - - [29/Oct/2022:07:52:12 +0800] "GET /xingrg/javascript/jquery_easy_ui/themes/icon.css HTTP/1.1" 304 -
218.81.217.29 - - [29/Oct/2022:07:52:12 +0800] "GET /xingrg/css/form.css HTTP/1.1" 304 -
218.81.217.29 - - [29/Oct/2022:07:52:12 +0800] "GET /xingrg/javascript/jquery-1.4.2.min.js HTTP/1.1" 304 -
218.81.217.29 - - [29/Oct/2022:07:52:12 +0800] "GET /xingrg/javascript/jquery_easy_ui/jquery.easyui.min.js HTTP/1.1" 304 -
218.81.217.29 - - [29/Oct/2022:07:52:12 +0800] "GET /xingrg/index.html?sysBaseUrl=http%3A%2F%2F180.169.147.146%3A18081%2Fxingrg%2F&costTime=45×tamp=1667001132213 HTTP/1.1" 200 17179
218.81.217.29 - - [29/Oct/2022:07:52:12 +0800] "GET /xingrg/javascript/jquery_easy_ui/easyui-lang-zh_CN.js HTTP/1.1" 304 -
218.81.217.29 - - [29/Oct/2022:07:52:12 +0800] "GET /xingrg/javascript/jquery.form.js HTTP/1.1" 304 -
218.81.217.29 - - [29/Oct/2022:07:52:12 +0800] "GET /xingrg/javascript/jquery.utils.js HTTP/1.1" 304 -
218.81.217.29 - - [29/Oct/2022:07:52:12 +0800] "GET /xingrg/javascript/jquery.timers.js HTTP/1.1" 304 -
218.81.217.29 - - [29/Oct/2022:07:52:12 +0800] "GET /favicon.ico HTTP/1.1" 404 -
218.81.217.29 - - [29/Oct/2022:07:52:12 +0800] "GET /xingrg/images/blue/navBackgound.jpg HTTP/1.1" 304 -
218.81.217.29 - - [29/Oct/2022:07:52:12 +0800] "GET /xingrg/javascript/jquery_easy_ui/themes/icons/settle_new.png HTTP/1.1" 304 -
218.81.217.29 - - [29/Oct/2022:07:52:12 +0800] "POST /xingrg/all/common/load_tree.html?tree=area_rest_tree_json&manage=1 HTTP/1.1" 200 479
218.81.217.29 - - [29/Oct/2022:07:52:12 +0800] "GET /xingrg/images/blue/pingpu.png HTTP/1.1" 304 -
218.81.217.29 - - [29/Oct/2022:07:52:12 +0800] "GET /xingrg/javascript/jquery_easy_ui/themes/default/images/tabs_leftarrow.png HTTP/1.1" 304 -
218.81.217.29 - - [29/Oct/2022:07:52:12 +0800] "GET /xingrg/javascript/jquery_easy_ui/themes/default/images/tabs_rightarrow.png HTTP/1.1" 304 -
218.81.217.29 - - [29/Oct/2022:07:52:12 +0800] "GET /xingrg/javascript/jquery_easy_ui/themes/default/images/panel_tool_collapse.gif HTTP/1.1" 304 -
218.81.217.29 - - [29/Oct/2022:07:52:12 +0800] "GET /xingrg/all/function/internal_message.html?_=1667001148429&CODE_STATE=count HTTP/1.1" 200 11
218.81.217.29 - - [29/Oct/2022:07:52:12 +0800] "GET /xingrg/check_reg.html?_=1667001148429 HTTP/1.1" 200 22
218.81.217.29 - - [29/Oct/2022:07:52:12 +0800] "GET /xingrg/javascript/jquery_easy_ui/themes/default/images/tree_arrows.gif HTTP/1.1" 304 -
218.81.217.29 - - [29/Oct/2022:07:52:12 +0800] "POST /xingrg/load_menu.html HTTP/1.1" 200 5138
218.81.217.29 - - [29/Oct/2022:07:52:12 +0800] "GET /xingrg/javascript/jquery_easy_ui/themes/default/images/tree_folder_open.gif HTTP/1.1" 304 -
218.81.217.29 - - [29/Oct/2022:07:52:12 +0800] "GET /xingrg/javascript/jquery_easy_ui/themes/icons/search_new.png HTTP/1.1" 304 -
218.81.217.29 - - [29/Oct/2022:07:52:12 +0800] "GET /xingrg/javascript/jquery_easy_ui/themes/default/images/tree_folder.gif HTTP/1.1" 304 -
218.81.217.29 - - [29/Oct/2022:07:52:12 +0800] "GET /xingrg/javascript/jquery_easy_ui/themes/icons/storage_new.png HTTP/1.1" 304 -
218.81.217.29 - - [29/Oct/2022:07:52:12 +0800] "GET /xingrg/javascript/jquery_easy_ui/themes/icons/forms_new.png HTTP/1.1" 304 -
218.81.217.29 - - [29/Oct/2022:07:52:12 +0800] "GET /xingrg/javascript/jquery_easy_ui/themes/default/images/tree_file.gif HTTP/1.1" 304 -
180.169.147.146 - - [29/Oct/2022:07:52:12 +0800] "GET /xingrg/check_reg.html?_=1667001123149 HTTP/1.1" 200 22
218.81.217.29 - - [29/Oct/2022:07:52:17 +0800] "GET /xingrg/javascript/jquery_easy_ui/themes/default/images/tabs_close.gif HTTP/1.1" 304 -
218.81.217.29 - - [29/Oct/2022:07:52:17 +0800] "GET /xingrg/css/base.css HTTP/1.1" 304 -
218.81.217.29 - - [29/Oct/2022:07:52:17 +0800] "GET /xingrg/css/site.css HTTP/1.1" 304 -
218.81.217.29 - - [29/Oct/2022:07:52:17 +0800] "GET /xingrg/javascript/jquery_tools/datebox.css HTTP/1.1" 304 -
218.81.217.29 - - [29/Oct/2022:07:52:17 +0800] "GET /xingrg/javascript/easyui/themes/default/easyui.css HTTP/1.1" 304 -
218.81.217.29 - - [29/Oct/2022:07:52:17 +0800] "GET /xingrg/javascript/jquery_tools/fix.css HTTP/1.1" 304 -
218.81.217.29 - - [29/Oct/2022:07:52:17 +0800] "GET /xingrg/javascript/auto/jquery.autocomplete.css HTTP/1.1" 304 -
218.81.217.29 - - [29/Oct/2022:07:52:17 +0800] "GET /xingrg/javascript/easyui/themes/icon.css HTTP/1.1" 304 -
218.81.217.29 - - [29/Oct/2022:07:52:17 +0800] "GET /xingrg/javascript/jquery_tools/jquery.tools.hotkey.js HTTP/1.1" 304 -
218.81.217.29 - - [29/Oct/2022:07:52:17 +0800] "GET /xingrg/javascript/jquery_tools/jquery.tools.extend.js HTTP/1.1" 304 -
218.81.217.29 - - [29/Oct/2022:07:52:17 +0800] "GET /xingrg/javascript/jquery_tools/list_manager.js HTTP/1.1" 304 -
218.81.217.29 - - [29/Oct/2022:07:52:17 +0800] "GET /xingrg/javascript/auto/jquery.autocomplete.js HTTP/1.1" 304 -
218.81.217.29 - - [29/Oct/2022:07:52:17 +0800] "GET /xingrg/javascript/jquery_tools/table.css HTTP/1.1" 304 -
218.81.217.29 - - [29/Oct/2022:07:52:17 +0800] "GET /xingrg/javascript/easyui/easyloader.js HTTP/1.1" 304 -
218.81.217.29 - - [29/Oct/2022:07:52:17 +0800] "GET /xingrg/javascript/jquery.cookie.js HTTP/1.1" 304 -
218.81.217.29 - - [29/Oct/2022:07:52:17 +0800] "GET /xingrg/javascript/print/LodopFuncs.js HTTP/1.1" 304 -
218.81.217.29 - - [29/Oct/2022:07:52:17 +0800] "GET /xingrg/javascript/jquery_tools/jquery.tools.min.js HTTP/1.1" 304 -
218.81.217.29 - - [29/Oct/2022:07:52:17 +0800] "GET /xingrg/javascript/jquery_tools/jquery.tools.table.js HTTP/1.1" 304 -
218.81.217.29 - - [29/Oct/2022:07:52:17 +0800] "GET /xingrg/kc/buy/cgsh_order_list.html HTTP/1.1" 200 53264
218.81.217.29 - - [29/Oct/2022:07:52:17 +0800] "GET /xingrg/javascript/easyui/themes/icons/field_new.png HTTP/1.1" 304 -
218.81.217.29 - - [29/Oct/2022:07:52:17 +0800] "GET /xingrg/javascript/easyui/themes/icons/edit_add_new.png HTTP/1.1" 304 -
218.81.217.29 - - [29/Oct/2022:07:52:17 +0800] "GET /xingrg/javascript/easyui/themes/icons/import_new.png HTTP/1.1" 304 -
218.81.217.29 - - [29/Oct/2022:07:52:17 +0800] "GET /xingrg/javascript/jquery_easy_ui/themes/icons/area.png HTTP/1.1" 304 -
218.81.217.29 - - [29/Oct/2022:07:52:17 +0800] "GET /xingrg/javascript/jquery_easy_ui/themes/icons/rest.png HTTP/1.1" 304 -
218.81.217.29 - - [29/Oct/2022:07:52:17 +0800] "GET /xingrg/javascript/easyui/plugins/jquery.parser.js HTTP/1.1" 304 -
218.81.217.29 - - [29/Oct/2022:07:52:17 +0800] "GET /xingrg/images/control/ajaxLoader.gif HTTP/1.1" 304 -
218.81.217.29 - - [29/Oct/2022:07:52:18 +0800] "POST /xingrg/kc/buy/cgsh_list_operate.html HTTP/1.1" 200 986
218.81.217.29 - - [29/Oct/2022:07:52:20 +0800] "GET /xingrg/javascript/pic_change.js HTTP/1.1" 304 -
218.81.217.29 - - [29/Oct/2022:07:52:20 +0800] "GET /xingrg/javascript/jquery_tools/order_manager.js HTTP/1.1" 304 -
218.81.217.29 - - [29/Oct/2022:07:52:20 +0800] "GET /xingrg/javascript/convert.js HTTP/1.1" 304 -
218.81.217.29 - - [29/Oct/2022:07:52:20 +0800] "GET /xingrg/javascript/print/kc_print.js HTTP/1.1" 304 -
218.81.217.29 - - [29/Oct/2022:07:52:20 +0800] "GET /xingrg/javascript/json2.js HTTP/1.1" 304 -
218.81.217.29 - - [29/Oct/2022:07:52:20 +0800] "GET /xingrg/kc/buy/cgsh_order_add.html HTTP/1.1" 200 69040
218.81.217.29 - - [29/Oct/2022:07:52:20 +0800] "GET /xingrg/words/20221028134504_words.js HTTP/1.1" 304 -
218.81.217.29 - - [29/Oct/2022:07:52:20 +0800] "POST /xingrg/kc/buy/cgsh_order_operate.html HTTP/1.1" 200 8245
218.81.217.29 - - [29/Oct/2022:07:52:20 +0800] "GET /xingrg/all/common/auto_word.html?type=employee&rest_code=00146 HTTP/1.1" 200 101
218.81.217.29 - - [29/Oct/2022:07:52:20 +0800] "GET /xingrg/all/common/auto_word.html?type=employee&rest_code=00146 HTTP/1.1" 200 101
218.81.217.29 - - [29/Oct/2022:07:52:20 +0800] "GET /xingrg/javascript/easyui/themes/icons/edit_remove.png HTTP/1.1" 304 -
218.81.217.29 - - [29/Oct/2022:07:52:20 +0800] "GET /xingrg/javascript/easyui/themes/default/validatebox.css HTTP/1.1" 404 1104
218.81.217.29 - - [29/Oct/2022:07:52:20 +0800] "GET /xingrg/javascript/easyui/plugins/jquery.validatebox.js HTTP/1.1" 304 -
218.81.217.29 - - [29/Oct/2022:07:52:20 +0800] "GET /xingrg/javascript/easyui/plugins/jquery.numberbox.js HTTP/1.1" 304 -
58.40.7.146 - - [29/Oct/2022:07:52:23 +0800] "GET /xingrg/all/function/internal_message.html?_=1667001133931&CODE_STATE=getMsg HTTP/1.1" 302 -
218.81.217.29 - - [29/Oct/2022:07:52:25 +0800] "GET /xingrg/javascript/auto/indicator.gif HTTP/1.1" 404 1066
218.81.217.29 - - [29/Oct/2022:07:52:28 +0800] "GET /xingrg/javascript/jquery_tools/images/prev.gif HTTP/1.1" 404 1086
218.81.217.29 - - [29/Oct/2022:07:52:28 +0800] "GET /xingrg/javascript/jquery_tools/images/next.gif HTTP/1.1" 404 1086
222.69.192.207 - - [29/Oct/2022:07:52:32 +0800] "GET /xingrg/all/function/internal_message.html?_=1667001143578&CODE_STATE=getMsg HTTP/1.1" 200 27
218.81.217.29 - - [29/Oct/2022:07:52:47 +0800] "GET /xingrg/kc/buy/cgsh_order_operate.html?command=get_materiel&rest_code=00146&code=00101008176&supplier_code=00100005&order_time=2022-10-28 HTTP/1.1" 200 412
180.169.147.146 - - [29/Oct/2022:07:52:48 +0800] "GET /xingrg/all/function/internal_message.html?_=1667001158600&CODE_STATE=getMsg HTTP/1.1" 200 27
116.238.139.35 - - [29/Oct/2022:07:52:49 +0800] "GET /xingrg/check_reg.html?_=1667001092815 HTTP/1.1" 200 22
116.238.139.35 - - [29/Oct/2022:07:52:53 +0800] "GET /xingrg/all/function/internal_message.html?_=1667001097382&CODE_STATE=getMsg HTTP/1.1" 200 27
183.192.89.222 - - [29/Oct/2022:07:52:59 +0800] "GET /xingrg/check_reg.html?_=1667001170426 HTTP/1.1" 200 22
183.192.89.222 - - [29/Oct/2022:07:52:59 +0800] "GET /xingrg/all/function/internal_message.html?_=1667001170555&CODE_STATE=getMsg HTTP/1.1" 200 27
116.230.105.139 - - [29/Oct/2022:07:53:03 +0800] "GET /xingrg/all/function/internal_message.html?_=1667001135459&CODE_STATE=getMsg HTTP/1.1" 200 27
218.81.217.29 - - [29/Oct/2022:07:53:05 +0800] "GET /xingrg/kc/buy/cgsh_order_operate.html?command=get_materiel&rest_code=00146&code=00101008049&supplier_code=00100005&order_time=2022-10-28 HTTP/1.1" 200 408
114.84.81.136 - - [29/Oct/2022:07:53:05 +0800] "GET /xingrg/check_reg.html?_=1667001176837 HTTP/1.1" 302 -
114.84.81.136 - - [29/Oct/2022:07:53:05 +0800] "GET /xingrg/all/function/internal_message.html?_=1667001176841&CODE_STATE=getMsg HTTP/1.1" 302 -
218.81.217.29 - - [29/Oct/2022:07:53:12 +0800] "GET /xingrg/all/function/internal_message.html?_=1667001208431&CODE_STATE=getMsg HTTP/1.1" 200 27
222.69.131.252 - - [29/Oct/2022:07:53:22 +0800] "POST /xingrg/services/DataTransmitService HTTP/1.1" 200 524
58.40.7.146 - - [29/Oct/2022:07:53:23 +0800] "GET /xingrg/all/function/internal_message.html?_=1667001193901&CODE_STATE=getMsg HTTP/1.1" 302 -
218.81.217.29 - - [29/Oct/2022:07:53:24 +0800] "GET /xingrg/kc/buy/cgsh_order_operate.html?command=get_materiel&rest_code=00146&code=00101008003&supplier_code=00100005&order_time=2022-10-28 HTTP/1.1" 200 408
58.40.7.146 - - [29/Oct/2022:07:53:28 +0800] "GET /xingrg/check_reg.html?_=1667001199404 HTTP/1.1" 302 -
222.69.192.207 - - [29/Oct/2022:07:53:32 +0800] "GET /xingrg/all/function/internal_message.html?_=1667001203576&CODE_STATE=getMsg HTTP/1.1" 200 27
218.81.217.29 - - [29/Oct/2022:07:53:36 +0800] "GET /xingrg/kc/buy/cgsh_order_operate.html?command=get_materiel&rest_code=00146&code=00101008087&supplier_code=00100005&order_time=2022-10-28 HTTP/1.1" 200 412
180.169.147.146 - - [29/Oct/2022:07:53:48 +0800] "GET /xingrg/all/function/internal_message.html?_=1667001218584&CODE_STATE=getMsg HTTP/1.1" 200 27
218.81.217.29 - - [29/Oct/2022:07:53:51 +0800] "GET /xingrg/kc/buy/cgsh_order_operate.html?command=get_materiel&rest_code=00146&code=00101008270&supplier_code=00100005&order_time=2022-10-28 HTTP/1.1" 200 412
116.238.139.35 - - [29/Oct/2022:07:53:53 +0800] "GET /xingrg/all/function/internal_message.html?_=1667001157395&CODE_STATE=getMsg HTTP/1.1" 200 27
183.192.89.222 - - [29/Oct/2022:07:53:59 +0800] "GET /xingrg/all/function/internal_message.html?_=1667001230541&CODE_STATE=getMsg HTTP/1.1" 200 27
116.230.105.139 - - [29/Oct/2022:07:54:03 +0800] "GET /xingrg/all/function/internal_message.html?_=1667001195457&CODE_STATE=getMsg HTTP/1.1" 200 27
116.230.105.139 - - [29/Oct/2022:07:54:03 +0800] "GET /xingrg/check_reg.html?_=1667001195458 HTTP/1.1" 200 22
114.84.81.136 - - [29/Oct/2022:07:54:05 +0800] "GET /xingrg/all/function/internal_message.html?_=1667001236841&CODE_STATE=getMsg HTTP/1.1" 302 -
218.81.217.29 - - [29/Oct/2022:07:54:07 +0800] "GET /xingrg/kc/buy/cgsh_order_operate.html?command=get_materiel&rest_code=00146&code=00101008286&supplier_code=00100005&order_time=2022-10-28 HTTP/1.1" 200 408
218.81.217.29 - - [29/Oct/2022:07:54:12 +0800] "GET /xingrg/all/function/internal_message.html?_=1667001268443&CODE_STATE=getMsg HTTP/1.1" 200 27
218.81.217.29 - - [29/Oct/2022:07:54:18 +0800] "GET /xingrg/kc/buy/cgsh_order_operate.html?command=get_materiel&rest_code=00146&code=00101008502&supplier_code=00100005&order_time=2022-10-28 HTTP/1.1" 200 412
58.40.7.146 - - [29/Oct/2022:07:54:23 +0800] "GET /xingrg/all/function/internal_message.html?_=1667001253877&CODE_STATE=getMsg HTTP/1.1" 302 -
222.69.192.207 - - [29/Oct/2022:07:54:32 +0800] "GET /xingrg/all/function/internal_message.html?_=1667001263577&CODE_STATE=getMsg HTTP/1.1" 200 27
218.81.217.29 - - [29/Oct/2022:07:54:43 +0800] "POST /xingrg/kc/buy/cgsh_order_operate.html HTTP/1.1" 200 37
218.81.217.29 - - [29/Oct/2022:07:54:47 +0800] "POST /xingrg/kc/buy/cgsh_order_operate.html HTTP/1.1" 200 12
180.169.147.146 - - [29/Oct/2022:07:54:47 +0800] "GET /xingrg/all/function/internal_message.html?_=1667001278567&CODE_STATE=getMsg HTTP/1.1" 200 27
218.81.217.29 - - [29/Oct/2022:07:54:48 +0800] "GET /xingrg/kc/buy/cgsh_order_info.html?code=212022102908918 HTTP/1.1" 200 63943
218.81.217.29 - - [29/Oct/2022:07:54:49 +0800] "GET /xingrg/javascript/easyui/themes/default/validatebox.css HTTP/1.1" 404 1104
218.81.217.29 - - [29/Oct/2022:07:54:49 +0800] "POST /xingrg/kc/buy/cgsh_order_operate.html HTTP/1.1" 200 4157
218.81.217.29 - - [29/Oct/2022:07:54:51 +0800] "GET /xingrg/kc/print/load_config.html?kc_code=cgsh HTTP/1.1" 200 1943
218.81.217.29 - - [29/Oct/2022:07:54:51 +0800] "GET /xingrg/kc/print/load_data.html?order_code=212022102908918&kc_code=cgsh&condition= HTTP/1.1" 200 2120
116.238.139.35 - - [29/Oct/2022:07:54:53 +0800] "GET /xingrg/all/function/internal_message.html?_=1667001217446&CODE_STATE=getMsg HTTP/1.1" 200 27
183.192.89.222 - - [29/Oct/2022:07:54:59 +0800] "GET /xingrg/all/function/internal_message.html?_=1667001290512&CODE_STATE=getMsg HTTP/1.1" 200 27
116.230.105.139 - - [29/Oct/2022:07:55:03 +0800] "GET /xingrg/all/function/internal_message.html?_=1667001255477&CODE_STATE=getMsg HTTP/1.1" 200 27
114.84.81.136 - - [29/Oct/2022:07:55:05 +0800] "GET /xingrg/all/function/internal_message.html?_=1667001296869&CODE_STATE=getMsg HTTP/1.1" 302 -
218.81.217.29 - - [29/Oct/2022:07:55:07 +0800] "GET /xingrg/kc/buy/cgsh_order_add.html HTTP/1.1" 200 69040
218.81.217.29 - - [29/Oct/2022:07:55:08 +0800] "GET /xingrg/javascript/easyui/themes/default/validatebox.css HTTP/1.1" 404 1104
218.81.217.29 - - [29/Oct/2022:07:55:08 +0800] "POST /xingrg/kc/buy/cgsh_order_operate.html HTTP/1.1" 200 8245
218.81.217.29 - - [29/Oct/2022:07:55:12 +0800] "GET /xingrg/all/function/internal_message.html?_=1667001328457&CODE_STATE=getMsg HTTP/1.1" 200 27
114.88.159.190 - - [29/Oct/2022:07:55:22 +0800] "GET /xingrg/check_reg.html?_=1667000938203 HTTP/1.1" 200 22
58.40.7.146 - - [29/Oct/2022:07:55:23 +0800] "GET /xingrg/all/function/internal_message.html?_=1667001313849&CODE_STATE=getMsg HTTP/1.1" 302 -
222.69.192.207 - - [29/Oct/2022:07:55:32 +0800] "GET /xingrg/all/function/internal_message.html?_=1667001323580&CODE_STATE=getMsg HTTP/1.1" 200 27
180.169.147.146 - - [29/Oct/2022:07:55:47 +0800] "GET /xingrg/all/function/internal_message.html?_=1667001338544&CODE_STATE=getMsg HTTP/1.1" 200 27
116.238.139.35 - - [29/Oct/2022:07:55:53 +0800] "GET /xingrg/all/function/internal_message.html?_=1667001277454&CODE_STATE=getMsg HTTP/1.1" 200 27
218.81.217.29 - - [29/Oct/2022:07:55:57 +0800] "GET /xingrg/kc/buy/cgsh_order_operate.html?command=get_materiel&rest_code=00146&code=00101006129&supplier_code=00100012&order_time=2022-10-28 HTTP/1.1" 200 452
183.192.89.222 - - [29/Oct/2022:07:55:59 +0800] "GET /xingrg/all/function/internal_message.html?_=1667001350484&CODE_STATE=getMsg HTTP/1.1" 200 27
116.230.105.139 - - [29/Oct/2022:07:56:03 +0800] "GET /xingrg/all/function/internal_message.html?_=1667001315454&CODE_STATE=getMsg HTTP/1.1" 200 27
114.84.81.136 - - [29/Oct/2022:07:56:05 +0800] "GET /xingrg/all/function/internal_message.html?_=1667001356870&CODE_STATE=getMsg HTTP/1.1" 302 -
218.81.217.29 - - [29/Oct/2022:07:56:12 +0800] "GET /xingrg/all/function/internal_message.html?_=1667001388470&CODE_STATE=getMsg HTTP/1.1" 200 27
58.40.7.146 - - [29/Oct/2022:07:56:23 +0800] "GET /xingrg/all/function/internal_message.html?_=1667001373827&CODE_STATE=getMsg HTTP/1.1" 302 -
218.81.217.29 - - [29/Oct/2022:07:56:25 +0800] "GET /xingrg/kc/buy/cgsh_order_operate.html?command=get_materiel&rest_code=00146&code=00101006111&supplier_code=00100012&order_time=2022-10-28 HTTP/1.1" 200 409
222.69.192.207 - - [29/Oct/2022:07:56:32 +0800] "GET /xingrg/check_reg.html?_=1667001383581 HTTP/1.1" 200 22
222.69.192.207 - - [29/Oct/2022:07:56:32 +0800] "GET /xingrg/all/function/internal_message.html?_=1667001383584&CODE_STATE=getMsg HTTP/1.1" 200 27
180.169.147.146 - - [29/Oct/2022:07:56:47 +0800] "GET /xingrg/all/function/internal_message.html?_=1667001398520&CODE_STATE=getMsg HTTP/1.1" 200 27
116.238.139.35 - - [29/Oct/2022:07:56:53 +0800] "GET /xingrg/all/function/internal_message.html?_=1667001337499&CODE_STATE=getMsg HTTP/1.1" 200 27
183.192.89.222 - - [29/Oct/2022:07:56:59 +0800] "GET /xingrg/all/function/internal_message.html?_=1667001410470&CODE_STATE=getMsg HTTP/1.1" 200 27
116.230.105.139 - - [29/Oct/2022:07:57:03 +0800] "GET /xingrg/all/function/internal_message.html?_=1667001375473&CODE_STATE=getMsg HTTP/1.1" 200 27
218.81.217.29 - - [29/Oct/2022:07:57:04 +0800] "POST /xingrg/kc/buy/cgsh_order_operate.html HTTP/1.1" 200 37
114.84.81.136 - - [29/Oct/2022:07:57:05 +0800] "GET /xingrg/all/function/internal_message.html?_=1667001416873&CODE_STATE=getMsg HTTP/1.1" 302 -
218.81.217.29 - - [29/Oct/2022:07:57:06 +0800] "POST /xingrg/kc/buy/cgsh_order_operate.html HTTP/1.1" 200 3270
218.81.217.29 - - [29/Oct/2022:07:57:12 +0800] "GET /xingrg/check_reg.html?_=1667001448425 HTTP/1.1" 200 22
218.81.217.29 - - [29/Oct/2022:07:57:12 +0800] "GET /xingrg/all/function/internal_message.html?_=1667001448483&CODE_STATE=getMsg HTTP/1.1" 200 27
180.169.147.146 - - [29/Oct/2022:07:57:12 +0800] "GET /xingrg/check_reg.html?_=1667001423157 HTTP/1.1" 200 22
218.81.217.29 - - [29/Oct/2022:07:57:13 +0800] "POST /xingrg/kc/buy/cgsh_order_operate.html HTTP/1.1" 200 37
218.81.217.29 - - [29/Oct/2022:07:57:17 +0800] "POST /xingrg/kc/buy/cgsh_order_operate.html HTTP/1.1" 200 12
218.81.217.29 - - [29/Oct/2022:07:57:19 +0800] "GET /xingrg/kc/buy/cgsh_order_info.html?code=212022102908919 HTTP/1.1" 200 63943
218.81.217.29 - - [29/Oct/2022:07:57:19 +0800] "GET /xingrg/javascript/easyui/themes/default/validatebox.css HTTP/1.1" 404 1104
218.81.217.29 - - [29/Oct/2022:07:57:20 +0800] "POST /xingrg/kc/buy/cgsh_order_operate.html HTTP/1.1" 200 1220
218.81.217.29 - - [29/Oct/2022:07:57:22 +0800] "GET /xingrg/kc/print/load_data.html?order_code=212022102908919&kc_code=cgsh&condition= HTTP/1.1" 200 1042
58.40.7.146 - - [29/Oct/2022:07:57:23 +0800] "GET /xingrg/all/function/internal_message.html?_=1667001433813&CODE_STATE=getMsg HTTP/1.1" 302 -
222.69.192.207 - - [29/Oct/2022:07:57:32 +0800] "GET /xingrg/all/function/internal_message.html?_=1667001443569&CODE_STATE=getMsg HTTP/1.1" 200 27
180.169.147.146 - - [29/Oct/2022:07:57:47 +0800] "GET /xingrg/all/function/internal_message.html?_=1667001458515&CODE_STATE=getMsg HTTP/1.1" 200 27
116.238.139.35 - - [29/Oct/2022:07:57:49 +0800] "GET /xingrg/check_reg.html?_=1667001392821 HTTP/1.1" 200 22
116.238.139.35 - - [29/Oct/2022:07:57:53 +0800] "GET /xingrg/all/function/internal_message.html?_=1667001397512&CODE_STATE=getMsg HTTP/1.1" 200 27
183.192.89.222 - - [29/Oct/2022:07:57:59 +0800] "GET /xingrg/check_reg.html?_=1667001470438 HTTP/1.1" 200 22
183.192.89.222 - - [29/Oct/2022:07:57:59 +0800] "GET /xingrg/all/function/internal_message.html?_=1667001470441&CODE_STATE=getMsg HTTP/1.1" 200 27
116.230.105.139 - - [29/Oct/2022:07:58:03 +0800] "GET /xingrg/all/function/internal_message.html?_=1667001435447&CODE_STATE=getMsg HTTP/1.1" 200 27
114.84.81.136 - - [29/Oct/2022:07:58:05 +0800] "GET /xingrg/check_reg.html?_=1667001476874 HTTP/1.1" 302 -
114.84.81.136 - - [29/Oct/2022:07:58:05 +0800] "GET /xingrg/all/function/internal_message.html?_=1667001476879&CODE_STATE=getMsg HTTP/1.1" 302 -
218.81.217.29 - - [29/Oct/2022:07:58:12 +0800] "GET /xingrg/all/function/internal_message.html?_=1667001508497&CODE_STATE=getMsg HTTP/1.1" 200 27
58.40.7.146 - - [29/Oct/2022:07:58:23 +0800] "GET /xingrg/all/function/internal_message.html?_=1667001493788&CODE_STATE=getMsg HTTP/1.1" 302 -
58.40.7.146 - - [29/Oct/2022:07:58:28 +0800] "GET /xingrg/check_reg.html?_=1667001499385 HTTP/1.1" 302 -
222.69.192.207 - - [29/Oct/2022:07:58:32 +0800] "GET /xingrg/all/function/internal_message.html?_=1667001503569&CODE_STATE=getMsg HTTP/1.1" 200 27
180.169.147.146 - - [29/Oct/2022:07:58:47 +0800] "GET /xingrg/all/function/internal_message.html?_=1667001518504&CODE_STATE=getMsg HTTP/1.1" 200 27
116.238.139.35 - - [29/Oct/2022:07:58:53 +0800] "GET /xingrg/all/function/internal_message.html?_=1667001457526&CODE_STATE=getMsg HTTP/1.1" 200 27
183.192.89.222 - - [29/Oct/2022:07:58:59 +0800] "GET /xingrg/all/function/internal_message.html?_=1667001530440&CODE_STATE=getMsg HTTP/1.1" 200 27
116.230.105.139 - - [29/Oct/2022:07:59:03 +0800] "GET /xingrg/all/function/internal_message.html?_=1667001495459&CODE_STATE=getMsg HTTP/1.1" 200 27
116.230.105.139 - - [29/Oct/2022:07:59:03 +0800] "GET /xingrg/check_reg.html?_=1667001495460 HTTP/1.1" 200 22
114.84.81.136 - - [29/Oct/2022:07:59:05 +0800] "GET /xingrg/all/function/internal_message.html?_=1667001536866&CODE_STATE=getMsg HTTP/1.1" 302 -
218.81.217.29 - - [29/Oct/2022:07:59:12 +0800] "GET /xingrg/all/function/internal_message.html?_=1667001568510&CODE_STATE=getMsg HTTP/1.1" 200 27
58.40.7.146 - - [29/Oct/2022:07:59:23 +0800] "GET /xingrg/all/function/internal_message.html?_=1667001553776&CODE_STATE=getMsg HTTP/1.1" 302 -
222.69.192.207 - - [29/Oct/2022:07:59:32 +0800] "GET /xingrg/all/function/internal_message.html?_=1667001563569&CODE_STATE=getMsg HTTP/1.1" 200 27
180.169.147.146 - - [29/Oct/2022:07:59:47 +0800] "GET /xingrg/all/function/internal_message.html?_=1667001578493&CODE_STATE=getMsg HTTP/1.1" 200 27
116.238.139.35 - - [29/Oct/2022:07:59:53 +0800] "GET /xingrg/all/function/internal_message.html?_=1667001517580&CODE_STATE=getMsg HTTP/1.1" 200 27
183.192.89.222 - - [29/Oct/2022:07:59:59 +0800] "GET /xingrg/all/function/internal_message.html?_=1667001590442&CODE_STATE=getMsg HTTP/1.1" 200 27
116.230.105.139 - - [29/Oct/2022:08:00:03 +0800] "GET /xingrg/all/function/internal_message.html?_=1667001555458&CODE_STATE=getMsg HTTP/1.1" 200 27
114.84.81.136 - - [29/Oct/2022:08:00:05 +0800] "GET /xingrg/all/function/internal_message.html?_=1667001596866&CODE_STATE=getMsg HTTP/1.1" 302 -
218.81.217.29 - - [29/Oct/2022:08:00:12 +0800] "GET /xingrg/all/function/internal_message.html?_=1667001628525&CODE_STATE=getMsg HTTP/1.1" 200 27
114.88.159.190 - - [29/Oct/2022:08:00:21 +0800] "GET /xingrg/check_reg.html?_=1667001238207 HTTP/1.1" 200 22
58.40.7.146 - - [29/Oct/2022:08:00:23 +0800] "GET /xingrg/all/function/internal_message.html?_=1667001613750&CODE_STATE=getMsg HTTP/1.1" 302 -
222.69.192.207 - - [29/Oct/2022:08:00:32 +0800] "GET /xingrg/all/function/internal_message.html?_=1667001623570&CODE_STATE=getMsg HTTP/1.1" 200 27
180.169.147.146 - - [29/Oct/2022:08:00:47 +0800] "GET /xingrg/all/function/internal_message.html?_=1667001638479&CODE_STATE=getMsg HTTP/1.1" 200 27
116.238.139.35 - - [29/Oct/2022:08:00:53 +0800] "GET /xingrg/all/function/internal_message.html?_=1667001577584&CODE_STATE=getMsg HTTP/1.1" 200 27
183.192.89.222 - - [29/Oct/2022:08:00:59 +0800] "GET /xingrg/all/function/internal_message.html?_=1667001650441&CODE_STATE=getMsg HTTP/1.1" 200 27
116.230.105.139 - - [29/Oct/2022:08:01:03 +0800] "GET /xingrg/all/function/internal_message.html?_=1667001615453&CODE_STATE=getMsg HTTP/1.1" 200 27
114.84.81.136 - - [29/Oct/2022:08:01:05 +0800] "GET /xingrg/all/function/internal_message.html?_=1667001656868&CODE_STATE=getMsg HTTP/1.1" 302 -
218.81.217.29 - - [29/Oct/2022:08:01:12 +0800] "GET /xingrg/all/function/internal_message.html?_=1667001688537&CODE_STATE=getMsg HTTP/1.1" 200 27
120.253.135.82 - - [29/Oct/2022:08:01:16 +0800] "GET /xingrg/all/function/internal_message.html?_=1667001439501&CODE_STATE=getMsg HTTP/1.1" 200 27
120.253.135.82 - - [29/Oct/2022:08:01:16 +0800] "GET /xingrg/check_reg.html?_=1667001439573 HTTP/1.1" 200 22
120.253.135.82 - - [29/Oct/2022:08:01:17 +0800] "GET /xingrg/kc/pszx/mdqp_order_list.html?state=10 HTTP/1.1" 200 10669
120.253.135.82 - - [29/Oct/2022:08:01:17 +0800] "GET /xingrg/kc/pszx/mdqp_order_list.html?state=10 HTTP/1.1" 200 10669
120.253.135.82 - - [29/Oct/2022:08:01:17 +0800] "GET /xingrg/kc/pszx/mdqp_order_list.html?state=10 HTTP/1.1" 200 10669
120.253.135.82 - - [29/Oct/2022:08:01:17 +0800] "GET /xingrg/kc/pszx/mdqp_order_list.html?state=10 HTTP/1.1" 200 10669
120.253.135.82 - - [29/Oct/2022:08:01:17 +0800] "GET /xingrg/dwr/interface/AjaxQqpsService.js HTTP/1.1" 200 16326
120.253.135.82 - - [29/Oct/2022:08:01:17 +0800] "GET /xingrg/dwr/engine.js HTTP/1.1" 200 43631
120.253.135.82 - - [29/Oct/2022:08:01:17 +0800] "GET /xingrg/dwr/interface/AjaxReportQueryService.js HTTP/1.1" 200 13203
120.253.135.82 - - [29/Oct/2022:08:01:21 +0800] "GET /xingrg/kc/pszx/mdqp_order_info.html?code=302022102500389 HTTP/1.1" 200 13350
120.253.135.82 - - [29/Oct/2022:08:01:21 +0800] "GET /xingrg/dwr/interface/AjaxQqpsService.js HTTP/1.1" 200 16326
120.253.135.82 - - [29/Oct/2022:08:01:21 +0800] "GET /xingrg/dwr/interface/AjaxComOrderService.js HTTP/1.1" 200 18264
120.253.135.82 - - [29/Oct/2022:08:01:21 +0800] "GET /xingrg/dwr/engine.js HTTP/1.1" 200 43631
120.253.135.82 - - [29/Oct/2022:08:01:22 +0800] "POST /xingrg/dwr/call/plaincall/AjaxQqpsService.loadMaterielItems.dwr HTTP/1.1" 200 2125
58.40.7.146 - - [29/Oct/2022:08:01:23 +0800] "GET /xingrg/all/function/internal_message.html?_=1667001673727&CODE_STATE=getMsg HTTP/1.1" 302 -
222.69.192.207 - - [29/Oct/2022:08:01:32 +0800] "GET /xingrg/all/function/internal_message.html?_=1667001683569&CODE_STATE=getMsg HTTP/1.1" 200 27
222.69.192.207 - - [29/Oct/2022:08:01:32 +0800] "GET /xingrg/check_reg.html?_=1667001683573 HTTP/1.1" 200 22
120.253.135.82 - - [29/Oct/2022:08:01:45 +0800] "GET /xingrg/kc/pszx/mdqp_order_list.html?isBack=1 HTTP/1.1" 302 -
120.253.135.82 - - [29/Oct/2022:08:01:45 +0800] "GET /xingrg/kc/pszx/mdqp_order_list.html?state=10 HTTP/1.1" 200 10669
120.253.135.82 - - [29/Oct/2022:08:01:45 +0800] "GET /xingrg/dwr/interface/AjaxReportQueryService.js HTTP/1.1" 200 13203
120.253.135.82 - - [29/Oct/2022:08:01:45 +0800] "GET /xingrg/dwr/interface/AjaxQqpsService.js HTTP/1.1" 200 16326
120.253.135.82 - - [29/Oct/2022:08:01:45 +0800] "GET /xingrg/dwr/engine.js HTTP/1.1" 200 43631
180.169.147.146 - - [29/Oct/2022:08:01:47 +0800] "GET /xingrg/all/function/internal_message.html?_=1667001698456&CODE_STATE=getMsg HTTP/1.1" 200 27
120.253.135.82 - - [29/Oct/2022:08:01:52 +0800] "GET /xingrg/all/function/internal_message.html?_=1667001499513&CODE_STATE=getMsg HTTP/1.1" 200 27
116.238.139.35 - - [29/Oct/2022:08:01:53 +0800] "GET /xingrg/all/function/internal_message.html?_=1667001637647&CODE_STATE=getMsg HTTP/1.1" 200 27
183.192.89.222 - - [29/Oct/2022:08:01:59 +0800] "GET /xingrg/all/function/internal_message.html?_=1667001710443&CODE_STATE=getMsg HTTP/1.1" 200 27
120.253.135.82 - - [29/Oct/2022:08:01:59 +0800] "GET /xingrg/kc/pszx/jzcl_ps.html HTTP/1.1" 200 7683
120.253.135.82 - - [29/Oct/2022:08:02:00 +0800] "POST /xingrg/all/common/load_tree.html?tree=area_rest_tree_json HTTP/1.1" 200 3493
120.253.135.82 - - [29/Oct/2022:08:02:00 +0800] "POST /xingrg/kc/pszx/jzcl_ps_operate.html HTTP/1.1" 200 460
120.253.135.82 - - [29/Oct/2022:08:02:00 +0800] "POST /xingrg/kc/pszx/jzcl_ps_operate.html HTTP/1.1" 200 460
116.230.105.139 - - [29/Oct/2022:08:02:03 +0800] "GET /xingrg/all/function/internal_message.html?_=1667001675466&CODE_STATE=getMsg HTTP/1.1" 200 27
120.253.135.82 - - [29/Oct/2022:08:02:05 +0800] "POST /xingrg/kc/pszx/jzcl_ps_operate.html HTTP/1.1" 200 4
114.84.81.136 - - [29/Oct/2022:08:02:05 +0800] "GET /xingrg/all/function/internal_message.html?_=1667001716869&CODE_STATE=getMsg HTTP/1.1" 302 -
120.253.135.82 - - [29/Oct/2022:08:02:06 +0800] "GET /xingrg/kc/pszx/mdps_order_list.html HTTP/1.1" 200 20908
120.253.135.82 - - [29/Oct/2022:08:02:07 +0800] "POST /xingrg/kc/pszx/mdps_list_operate.html HTTP/1.1" 200 5277
218.81.217.29 - - [29/Oct/2022:08:02:12 +0800] "GET /xingrg/check_reg.html?_=1667001748426 HTTP/1.1" 200 22
218.81.217.29 - - [29/Oct/2022:08:02:12 +0800] "GET /xingrg/all/function/internal_message.html?_=1667001748551&CODE_STATE=getMsg HTTP/1.1" 200 27
180.169.147.146 - - [29/Oct/2022:08:02:12 +0800] "GET /xingrg/check_reg.html?_=1667001723158 HTTP/1.1" 200 22
120.253.135.82 - - [29/Oct/2022:08:02:20 +0800] "POST /xingrg/kc/pszx/mdps_list_operate.html HTTP/1.1" 200 3181
58.40.7.146 - - [29/Oct/2022:08:02:23 +0800] "GET /xingrg/all/function/internal_message.html?_=1667001733712&CODE_STATE=getMsg HTTP/1.1" 302 -
120.253.135.82 - - [29/Oct/2022:08:02:24 +0800] "POST /xingrg/kc/pszx/mdps_list_operate.html HTTP/1.1" 200 202
120.253.135.82 - - [29/Oct/2022:08:02:26 +0800] "POST /xingrg/kc/pszx/mdps_list_operate.html HTTP/1.1" 200 621
120.253.135.82 - - [29/Oct/2022:08:02:28 +0800] "POST /xingrg/kc/pszx/mdps_list_operate.html HTTP/1.1" 200 202
120.253.135.82 - - [29/Oct/2022:08:02:31 +0800] "GET /xingrg/kc/pszx/mdps_order_info.html?code=312022102900565 HTTP/1.1" 200 23978
120.253.135.82 - - [29/Oct/2022:08:02:31 +0800] "GET /xingrg/javascript/easyui/themes/default/validatebox.css HTTP/1.1" 404 1104
120.253.135.82 - - [29/Oct/2022:08:02:32 +0800] "POST /xingrg/kc/pszx/mdps_order_operate.html HTTP/1.1" 200 5246
222.69.192.207 - - [29/Oct/2022:08:02:32 +0800] "GET /xingrg/all/function/internal_message.html?_=1667001743572&CODE_STATE=getMsg HTTP/1.1" 200 27
120.253.135.82 - - [29/Oct/2022:08:02:34 +0800] "POST /xingrg/all/common/load_combo.html?type=base HTTP/1.1" 200 1169
120.253.135.82 - - [29/Oct/2022:08:02:39 +0800] "POST /xingrg/kc/pszx/mdps_order_operate.html HTTP/1.1" 200 37
120.253.135.82 - - [29/Oct/2022:08:02:40 +0800] "GET /xingrg/kc/pszx/mdps_order_info.html?code=312022102900565 HTTP/1.1" 200 23978
120.253.135.82 - - [29/Oct/2022:08:02:40 +0800] "GET /xingrg/javascript/easyui/themes/default/validatebox.css HTTP/1.1" 404 1104
120.253.135.82 - - [29/Oct/2022:08:02:40 +0800] "POST /xingrg/kc/pszx/mdps_order_operate.html HTTP/1.1" 200 5304
180.169.147.146 - - [29/Oct/2022:08:02:47 +0800] "GET /xingrg/all/function/internal_message.html?_=1667001758443&CODE_STATE=getMsg HTTP/1.1" 200 27
116.238.139.35 - - [29/Oct/2022:08:02:49 +0800] "GET /xingrg/check_reg.html?_=1667001692826 HTTP/1.1" 200 22
120.253.135.82 - - [29/Oct/2022:08:02:52 +0800] "GET /xingrg/all/function/internal_message.html?_=1667001559526&CODE_STATE=getMsg HTTP/1.1" 200 27
116.238.139.35 - - [29/Oct/2022:08:02:53 +0800] "GET /xingrg/all/function/internal_message.html?_=1667001697659&CODE_STATE=getMsg HTTP/1.1" 200 27
183.192.89.222 - - [29/Oct/2022:08:02:59 +0800] "GET /xingrg/check_reg.html?_=1667001770443 HTTP/1.1" 200 22
183.192.89.222 - - [29/Oct/2022:08:02:59 +0800] "GET /xingrg/all/function/internal_message.html?_=1667001770446&CODE_STATE=getMsg HTTP/1.1" 200 27
116.230.105.139 - - [29/Oct/2022:08:03:03 +0800] "GET /xingrg/all/function/internal_message.html?_=1667001735461&CODE_STATE=getMsg HTTP/1.1" 200 27
114.84.81.136 - - [29/Oct/2022:08:03:05 +0800] "GET /xingrg/all/function/internal_message.html?_=1667001776898&CODE_STATE=getMsg HTTP/1.1" 302 -
114.84.81.136 - - [29/Oct/2022:08:03:05 +0800] "GET /xingrg/check_reg.html?_=1667001776904 HTTP/1.1" 302 -
120.253.135.82 - - [29/Oct/2022:08:03:06 +0800] "GET /xingrg/kc/pszx/mdps_order_operate.html?command=get_materiel&pszx_code=00101&rest_code=00148&base_code=0010250&code=00102015103 HTTP/1.1" 200 438
218.81.217.29 - - [29/Oct/2022:08:03:12 +0800] "GET /xingrg/all/function/internal_message.html?_=1667001808564&CODE_STATE=getMsg HTTP/1.1" 200 27
120.253.135.82 - - [29/Oct/2022:08:03:16 +0800] "POST /xingrg/kc/pszx/mdps_order_operate.html HTTP/1.1" 200 37
120.253.135.82 - - [29/Oct/2022:08:03:17 +0800] "GET /xingrg/kc/pszx/mdps_order_info.html?code=312022102900565 HTTP/1.1" 200 23978
120.253.135.82 - - [29/Oct/2022:08:03:17 +0800] "GET /xingrg/javascript/easyui/themes/default/validatebox.css HTTP/1.1" 404 1104
120.253.135.82 - - [29/Oct/2022:08:03:17 +0800] "POST /xingrg/kc/pszx/mdps_order_operate.html HTTP/1.1" 200 5306
120.253.135.82 - - [29/Oct/2022:08:03:20 +0800] "POST /xingrg/kc/pszx/mdps_order_operate.html HTTP/1.1" 200 37
120.253.135.82 - - [29/Oct/2022:08:03:21 +0800] "GET /xingrg/kc/pszx/mdps_order_info.html?code=312022102900565 HTTP/1.1" 200 23978
120.253.135.82 - - [29/Oct/2022:08:03:21 +0800] "GET /xingrg/javascript/easyui/themes/default/validatebox.css HTTP/1.1" 404 1104
120.253.135.82 - - [29/Oct/2022:08:03:22 +0800] "POST /xingrg/kc/pszx/mdps_order_operate.html HTTP/1.1" 200 5306
58.40.7.146 - - [29/Oct/2022:08:03:23 +0800] "GET /xingrg/all/function/internal_message.html?_=1667001793700&CODE_STATE=getMsg HTTP/1.1" 302 -
58.40.7.146 - - [29/Oct/2022:08:03:28 +0800] "GET /xingrg/check_reg.html?_=1667001799388 HTTP/1.1" 302 -
120.253.135.82 - - [29/Oct/2022:08:03:29 +0800] "GET /xingrg/kc/pszx/mdps_order_info.html?code=312022102900565 HTTP/1.1" 200 23978
120.253.135.82 - - [29/Oct/2022:08:03:29 +0800] "GET /xingrg/javascript/easyui/themes/default/validatebox.css HTTP/1.1" 404 1104
120.253.135.82 - - [29/Oct/2022:08:03:29 +0800] "POST /xingrg/kc/pszx/mdps_order_operate.html HTTP/1.1" 200 5306
120.253.135.82 - - [29/Oct/2022:08:03:32 +0800] "POST /xingrg/kc/pszx/mdps_list_operate.html HTTP/1.1" 200 3181
222.69.192.207 - - [29/Oct/2022:08:03:32 +0800] "GET /xingrg/all/function/internal_message.html?_=1667001803572&CODE_STATE=getMsg HTTP/1.1" 200 27
120.253.135.82 - - [29/Oct/2022:08:03:35 +0800] "POST /xingrg/kc/pszx/mdps_list_operate.html HTTP/1.1" 200 621
120.253.135.82 - - [29/Oct/2022:08:03:36 +0800] "GET /xingrg/kc/pszx/mdps_order_info.html?code=312022102900565 HTTP/1.1" 200 23978
120.253.135.82 - - [29/Oct/2022:08:03:36 +0800] "GET /xingrg/javascript/easyui/themes/default/validatebox.css HTTP/1.1" 404 1104
120.253.135.82 - - [29/Oct/2022:08:03:36 +0800] "POST /xingrg/kc/pszx/mdps_order_operate.html HTTP/1.1" 200 5306
120.253.135.82 - - [29/Oct/2022:08:03:41 +0800] "GET /xingrg/kc/print/load_data.html?order_code=312022102900565&kc_code=mdps&condition= HTTP/1.1" 200 2086
180.169.147.146 - - [29/Oct/2022:08:03:47 +0800] "GET /xingrg/all/function/internal_message.html?_=1667001818426&CODE_STATE=getMsg HTTP/1.1" 200 27
120.253.135.82 - - [29/Oct/2022:08:03:52 +0800] "GET /xingrg/all/function/internal_message.html?_=1667001619542&CODE_STATE=getMsg HTTP/1.1" 200 27
116.238.139.35 - - [29/Oct/2022:08:03:53 +0800] "GET /xingrg/all/function/internal_message.html?_=1667001757672&CODE_STATE=getMsg HTTP/1.1" 200 27
183.192.89.222 - - [29/Oct/2022:08:03:59 +0800] "GET /xingrg/all/function/internal_message.html?_=1667001830445&CODE_STATE=getMsg HTTP/1.1" 200 27
116.230.105.139 - - [29/Oct/2022:08:04:03 +0800] "GET /xingrg/check_reg.html?_=1667001795452 HTTP/1.1" 200 22
116.230.105.139 - - [29/Oct/2022:08:04:03 +0800] "GET /xingrg/all/function/internal_message.html?_=1667001795455&CODE_STATE=getMsg HTTP/1.1" 200 27
114.84.81.136 - - [29/Oct/2022:08:04:05 +0800] "GET /xingrg/all/function/internal_message.html?_=1667001836894&CODE_STATE=getMsg HTTP/1.1" 302 -
218.81.217.29 - - [29/Oct/2022:08:04:12 +0800] "GET /xingrg/all/function/internal_message.html?_=1667001868578&CODE_STATE=getMsg HTTP/1.1" 200 27
58.40.7.146 - - [29/Oct/2022:08:04:22 +0800] "GET /xingrg/all/function/internal_message.html?_=1667001853675&CODE_STATE=getMsg HTTP/1.1" 302 -
222.69.192.207 - - [29/Oct/2022:08:04:32 +0800] "GET /xingrg/all/function/internal_message.html?_=1667001863572&CODE_STATE=getMsg HTTP/1.1" 200 27
