58.40.7.146 - - [29/Oct/2022:10:55:19 +0800] "GET /xingrg/all/function/internal_message.html?_=1667012109939&CODE_STATE=getMsg HTTP/1.1" 302 -
116.238.139.35 - - [29/Oct/2022:10:55:21 +0800] "POST /xingrg/kc/mdqp/pssh_order_operate.html HTTP/1.1" 200 37
116.238.139.35 - - [29/Oct/2022:10:55:21 +0800] "POST /xingrg/kc/mdqp/pssh_order_operate.html HTTP/1.1" 200 12
116.238.139.35 - - [29/Oct/2022:10:55:22 +0800] "GET /xingrg/kc/mdqp/pssh_order_info.html?code=312022102800560 HTTP/1.1" 200 14388
116.238.139.35 - - [29/Oct/2022:10:55:22 +0800] "GET /xingrg/javascript/jquery_tools/jquery-1.4.2.min.js HTTP/1.1" 404 1094
116.238.139.35 - - [29/Oct/2022:10:55:22 +0800] "POST /xingrg/kc/mdqp/pssh_order_operate.html HTTP/1.1" 200 555
116.238.139.35 - - [29/Oct/2022:10:55:23 +0800] "GET /xingrg/javascript/easyui/themes/default/validatebox.css HTTP/1.1" 404 1104
116.238.139.35 - - [29/Oct/2022:10:55:24 +0800] "GET /xingrg/kc/print/load_data.html?order_code=312022102800560&kc_code=pssh&condition= HTTP/1.1" 200 686
116.230.105.139 - - [29/Oct/2022:10:55:27 +0800] "GET /xingrg/all/function/internal_message.html?_=1667012078976&CODE_STATE=getMsg HTTP/1.1" 200 27
116.230.105.139 - - [29/Oct/2022:10:55:27 +0800] "GET /xingrg/check_reg.html?_=1667012078979 HTTP/1.1" 200 22
222.69.192.207 - - [29/Oct/2022:10:55:30 +0800] "GET /xingrg/all/function/internal_message.html?_=1667012121036&CODE_STATE=getMsg HTTP/1.1" 200 27
116.238.139.35 - - [29/Oct/2022:10:55:30 +0800] "GET /xingrg/kc/mdqp/pssh_order_list.html?isBack=1 HTTP/1.1" 200 17720
116.238.139.35 - - [29/Oct/2022:10:55:30 +0800] "POST /xingrg/kc/mdqp/pssh_list_operate.html HTTP/1.1" 200 5409
116.238.139.35 - - [29/Oct/2022:10:55:31 +0800] "POST /xingrg/kc/mdqp/pssh_list_operate.html HTTP/1.1" 200 259
116.238.139.35 - - [29/Oct/2022:10:55:32 +0800] "GET /xingrg/javascript/jquery_tools/jquery-1.4.2.min.js HTTP/1.1" 404 1094
116.238.139.35 - - [29/Oct/2022:10:55:33 +0800] "POST /xingrg/kc/mdqp/pssh_list_operate.html HTTP/1.1" 200 1924
218.81.217.29 - - [29/Oct/2022:10:55:33 +0800] "GET /xingrg/all/function/internal_message.html?_=1667012149499&CODE_STATE=getMsg HTTP/1.1" 200 27
116.238.139.35 - - [29/Oct/2022:10:55:33 +0800] "GET /xingrg/kc/mdqp/pssh_order_info.html?code=312022102800561 HTTP/1.1" 200 17272
221.239.141.151 - - [29/Oct/2022:10:55:33 +0800] "GET /xingrg/all/function/internal_message.html?_=1667012124732&CODE_STATE=getMsg HTTP/1.1" 200 27
116.238.139.35 - - [29/Oct/2022:10:55:33 +0800] "POST /xingrg/kc/mdqp/pssh_order_operate.html HTTP/1.1" 200 540
116.238.139.35 - - [29/Oct/2022:10:55:33 +0800] "GET /xingrg/javascript/easyui/themes/default/validatebox.css HTTP/1.1" 404 1104
180.169.147.146 - - [29/Oct/2022:10:55:36 +0800] "GET /xingrg/all/function/internal_message.html?_=1667012123652&CODE_STATE=getMsg HTTP/1.1" 200 27
116.238.139.35 - - [29/Oct/2022:10:55:36 +0800] "POST /xingrg/all/common/load_combo.html?type=employee HTTP/1.1" 200 280
116.238.139.35 - - [29/Oct/2022:10:55:39 +0800] "POST /xingrg/kc/mdqp/pssh_order_operate.html HTTP/1.1" 200 37
124.78.158.69 - - [29/Oct/2022:10:55:40 +0800] "GET /xingrg/all/function/internal_message.html?_=1667012126827&CODE_STATE=getMsg HTTP/1.1" 200 27
116.238.139.35 - - [29/Oct/2022:10:55:40 +0800] "POST /xingrg/kc/mdqp/pssh_order_operate.html HTTP/1.1" 200 12
222.70.183.206 - - [29/Oct/2022:10:55:40 +0800] "GET /xingrg/all/function/internal_message.html?_=1667012127846&CODE_STATE=getMsg HTTP/1.1" 200 27
116.238.139.35 - - [29/Oct/2022:10:55:41 +0800] "GET /xingrg/kc/mdqp/pssh_order_info.html?code=312022102800561 HTTP/1.1" 200 14388
116.238.139.35 - - [29/Oct/2022:10:55:41 +0800] "GET /xingrg/javascript/jquery_tools/jquery-1.4.2.min.js HTTP/1.1" 404 1094
116.238.139.35 - - [29/Oct/2022:10:55:41 +0800] "POST /xingrg/kc/mdqp/pssh_order_operate.html HTTP/1.1" 200 540
116.238.139.35 - - [29/Oct/2022:10:55:41 +0800] "GET /xingrg/javascript/easyui/themes/default/validatebox.css HTTP/1.1" 404 1104
114.88.159.190 - - [29/Oct/2022:10:55:41 +0800] "GET /xingrg/all/function/internal_message.html?_=1667011758048&CODE_STATE=getMsg HTTP/1.1" 200 27
120.253.135.82 - - [29/Oct/2022:10:55:42 +0800] "GET /xingrg/check_reg.html?_=1667011929431 HTTP/1.1" 200 22
120.253.135.82 - - [29/Oct/2022:10:55:42 +0800] "GET /xingrg/all/function/internal_message.html?_=1667011929961&CODE_STATE=getMsg HTTP/1.1" 200 27
116.238.139.35 - - [29/Oct/2022:10:55:43 +0800] "GET /xingrg/kc/print/load_data.html?order_code=312022102800561&kc_code=pssh&condition= HTTP/1.1" 200 674
124.78.158.69 - - [29/Oct/2022:10:55:48 +0800] "GET /xingrg/kc/base/wldb_order_add.html HTTP/1.1" 200 30261
124.78.158.69 - - [29/Oct/2022:10:55:49 +0800] "GET /xingrg/javascript/easyui/themes/default/validatebox.css HTTP/1.1" 404 1104
124.78.158.69 - - [29/Oct/2022:10:55:49 +0800] "POST /xingrg/kc/base/wldb_order_operate.html HTTP/1.1" 200 6806
116.238.139.35 - - [29/Oct/2022:10:55:50 +0800] "GET /xingrg/kc/mdqp/pssh_order_list.html?isBack=1 HTTP/1.1" 200 17720
116.238.139.35 - - [29/Oct/2022:10:55:50 +0800] "POST /xingrg/kc/mdqp/pssh_list_operate.html HTTP/1.1" 200 5440
124.78.158.69 - - [29/Oct/2022:10:55:51 +0800] "POST /xingrg/all/common/load_combo.html?type=base HTTP/1.1" 200 3227
124.78.158.69 - - [29/Oct/2022:10:55:54 +0800] "POST /xingrg/all/common/load_combo.html?type=base HTTP/1.1" 200 3227
124.78.158.69 - - [29/Oct/2022:10:55:55 +0800] "GET /xingrg/all/function/internal_message.html?_=1667012148047&CODE_STATE=getMsg HTTP/1.1" 200 27
183.192.89.222 - - [29/Oct/2022:10:55:59 +0800] "GET /xingrg/all/function/internal_message.html?_=1667012150509&CODE_STATE=getMsg HTTP/1.1" 200 27
180.162.109.76 - - [29/Oct/2022:10:56:00 +0800] "GET /xingrg/all/function/internal_message.html?_=1667011221478&CODE_STATE=getMsg HTTP/1.1" 200 27
116.238.139.35 - - [29/Oct/2022:10:56:01 +0800] "POST /xingrg/kc/mdqp/pssh_list_operate.html HTTP/1.1" 200 1924
101.85.95.132 - - [29/Oct/2022:10:56:01 +0800] "GET /xingrg/all/function/internal_message.html?_=1667012152458&CODE_STATE=getMsg HTTP/1.1" 200 27
116.238.139.35 - - [29/Oct/2022:10:56:03 +0800] "GET /xingrg/all/function/internal_message.html?_=1667012086670&CODE_STATE=getMsg HTTP/1.1" 200 27
116.238.139.35 - - [29/Oct/2022:10:56:03 +0800] "GET /xingrg/kc/base/wldb_order_list.html HTTP/1.1" 200 19028
222.69.131.252 - - [29/Oct/2022:10:56:03 +0800] "GET /xingrg/all/function/internal_message.html?_=1667012151108&CODE_STATE=getMsg HTTP/1.1" 200 27
116.238.139.35 - - [29/Oct/2022:10:56:03 +0800] "POST /xingrg/kc/base/wldb_list_operate.html HTTP/1.1" 200 928
116.238.139.35 - - [29/Oct/2022:10:56:06 +0800] "GET /xingrg/kc/base/wldb_order_add.html HTTP/1.1" 200 30263
114.84.81.136 - - [29/Oct/2022:10:56:06 +0800] "GET /xingrg/all/function/internal_message.html?_=1667012157506&CODE_STATE=getMsg HTTP/1.1" 302 -
116.238.139.35 - - [29/Oct/2022:10:56:06 +0800] "POST /xingrg/kc/base/wldb_order_operate.html HTTP/1.1" 200 6806
124.78.158.69 - - [29/Oct/2022:10:56:06 +0800] "GET /xingrg/kc/base/wldb_order_operate.html?command=get_materiel&rest_code=00106&base_code=0010397&code=00102002685 HTTP/1.1" 200 458
116.238.139.35 - - [29/Oct/2022:10:56:06 +0800] "GET /xingrg/javascript/easyui/themes/default/validatebox.css HTTP/1.1" 404 1104
124.78.158.69 - - [29/Oct/2022:10:56:12 +0800] "GET /xingrg/kc/base/wldb_order_operate.html?command=get_materiel&rest_code=00106&base_code=0010397&code=00102002257 HTTP/1.1" 200 451
58.40.7.146 - - [29/Oct/2022:10:56:19 +0800] "GET /xingrg/all/function/internal_message.html?_=1667012169912&CODE_STATE=getMsg HTTP/1.1" 302 -
116.238.139.35 - - [29/Oct/2022:10:56:19 +0800] "GET /xingrg/kc/base/wldb_order_operate.html?command=get_materiel&rest_code=00150&base_code=0010446&code=00102002391 HTTP/1.1" 200 435
124.78.158.69 - - [29/Oct/2022:10:56:25 +0800] "GET /xingrg/kc/base/wldb_order_operate.html?command=get_materiel&rest_code=00106&base_code=0010397&code=00102002197 HTTP/1.1" 200 460
116.238.139.35 - - [29/Oct/2022:10:56:25 +0800] "GET /xingrg/kc/base/wldb_order_operate.html?command=get_materiel&rest_code=00150&base_code=0010446&code=00102002161 HTTP/1.1" 200 437
124.78.158.69 - - [29/Oct/2022:10:56:27 +0800] "POST /xingrg/all/common/load_select.html HTTP/1.1" 200 25
116.230.105.139 - - [29/Oct/2022:10:56:27 +0800] "GET /xingrg/all/function/internal_message.html?_=1667012138966&CODE_STATE=getMsg HTTP/1.1" 200 27
124.78.158.69 - - [29/Oct/2022:10:56:28 +0800] "GET /xingrg/kc/base/wldb_order_operate.html?command=get_materiel_price&rest_code=00106&base_code=0010397&code=00102002197&unit_code=00100018 HTTP/1.1" 200 36
116.238.139.35 - - [29/Oct/2022:10:56:29 +0800] "GET /xingrg/kc/base/wldb_order_operate.html?command=get_materiel&rest_code=00150&base_code=0010446&code=00102002610 HTTP/1.1" 200 444
222.69.192.207 - - [29/Oct/2022:10:56:29 +0800] "GET /xingrg/all/function/internal_message.html?_=1667012181013&CODE_STATE=getMsg HTTP/1.1" 200 27
221.239.141.151 - - [29/Oct/2022:10:56:31 +0800] "GET /xingrg/kc/base/wldb_order_add.html HTTP/1.1" 200 30253
221.239.141.151 - - [29/Oct/2022:10:56:31 +0800] "POST /xingrg/kc/base/wldb_order_operate.html HTTP/1.1" 200 6806
221.239.141.151 - - [29/Oct/2022:10:56:31 +0800] "GET /xingrg/javascript/easyui/themes/default/validatebox.css HTTP/1.1" 404 1104
222.69.192.207 - - [29/Oct/2022:10:56:32 +0800] "GET /xingrg/check_reg.html?_=1667012183855 HTTP/1.1" 200 22
221.239.141.151 - - [29/Oct/2022:10:56:33 +0800] "POST /xingrg/all/common/load_combo.html?type=base HTTP/1.1" 200 3321
218.81.217.29 - - [29/Oct/2022:10:56:33 +0800] "GET /xingrg/all/function/internal_message.html?_=1667012209510&CODE_STATE=getMsg HTTP/1.1" 200 27
221.239.141.151 - - [29/Oct/2022:10:56:33 +0800] "GET /xingrg/all/function/internal_message.html?_=1667012184713&CODE_STATE=getMsg HTTP/1.1" 200 27
180.169.147.146 - - [29/Oct/2022:10:56:36 +0800] "GET /xingrg/all/function/internal_message.html?_=1667012183661&CODE_STATE=getMsg HTTP/1.1" 200 27
124.78.158.69 - - [29/Oct/2022:10:56:40 +0800] "GET /xingrg/all/function/internal_message.html?_=1667012186812&CODE_STATE=getMsg HTTP/1.1" 200 27
222.70.183.206 - - [29/Oct/2022:10:56:40 +0800] "GET /xingrg/all/function/internal_message.html?_=1667012187831&CODE_STATE=getMsg HTTP/1.1" 200 27
114.88.159.190 - - [29/Oct/2022:10:56:41 +0800] "GET /xingrg/all/function/internal_message.html?_=1667011818044&CODE_STATE=getMsg HTTP/1.1" 200 27
120.253.135.82 - - [29/Oct/2022:10:56:42 +0800] "GET /xingrg/all/function/internal_message.html?_=1667011989973&CODE_STATE=getMsg HTTP/1.1" 200 27
221.239.141.151 - - [29/Oct/2022:10:56:44 +0800] "GET /xingrg/kc/base/wldb_order_operate.html?command=get_materiel&rest_code=00102&base_code=0010480&code=00101025043 HTTP/1.1" 200 463
116.238.139.35 - - [29/Oct/2022:10:56:47 +0800] "GET /xingrg/kc/base/wldb_order_operate.html?command=get_materiel&rest_code=00150&base_code=0010446&code=00102002497 HTTP/1.1" 200 440
221.239.141.151 - - [29/Oct/2022:10:56:49 +0800] "GET /xingrg/kc/base/wldb_order_operate.html?command=get_materiel&rest_code=00102&base_code=0010480&code=00101025054 HTTP/1.1" 200 443
124.78.158.69 - - [29/Oct/2022:10:56:55 +0800] "GET /xingrg/all/function/internal_message.html?_=1667012208016&CODE_STATE=getMsg HTTP/1.1" 200 27
124.78.158.69 - - [29/Oct/2022:10:56:55 +0800] "GET /xingrg/check_reg.html?_=1667012208098 HTTP/1.1" 200 22
183.192.89.222 - - [29/Oct/2022:10:56:59 +0800] "GET /xingrg/all/function/internal_message.html?_=1667012210510&CODE_STATE=getMsg HTTP/1.1" 200 27
180.162.109.76 - - [29/Oct/2022:10:57:00 +0800] "GET /xingrg/all/function/internal_message.html?_=1667011281477&CODE_STATE=getMsg HTTP/1.1" 200 27
221.239.141.151 - - [29/Oct/2022:10:57:00 +0800] "GET /xingrg/kc/base/wldb_order_operate.html?command=get_materiel&rest_code=00102&base_code=0010480&code=00101025041 HTTP/1.1" 200 454
101.85.95.132 - - [29/Oct/2022:10:57:01 +0800] "GET /xingrg/all/function/internal_message.html?_=1667012212459&CODE_STATE=getMsg HTTP/1.1" 200 27
116.238.139.35 - - [29/Oct/2022:10:57:03 +0800] "GET /xingrg/all/function/internal_message.html?_=1667012146707&CODE_STATE=getMsg HTTP/1.1" 200 27
222.69.131.252 - - [29/Oct/2022:10:57:03 +0800] "GET /xingrg/all/function/internal_message.html?_=1667012211128&CODE_STATE=getMsg HTTP/1.1" 200 27
221.239.141.151 - - [29/Oct/2022:10:57:04 +0800] "GET /xingrg/kc/base/wldb_order_operate.html?command=get_materiel&rest_code=00102&base_code=0010480&code=00101025014 HTTP/1.1" 200 463
114.84.81.136 - - [29/Oct/2022:10:57:06 +0800] "GET /xingrg/all/function/internal_message.html?_=1667012217492&CODE_STATE=getMsg HTTP/1.1" 302 -
221.239.141.151 - - [29/Oct/2022:10:57:09 +0800] "GET /xingrg/kc/base/wldb_order_operate.html?command=get_materiel&rest_code=00102&base_code=0010480&code=00101025021 HTTP/1.1" 200 475
221.239.141.151 - - [29/Oct/2022:10:57:13 +0800] "GET /xingrg/kc/base/wldb_order_operate.html?command=get_materiel&rest_code=00102&base_code=0010480&code=00101025020 HTTP/1.1" 200 475
180.162.109.76 - - [29/Oct/2022:10:57:16 +0800] "POST /xingrg/kc/buy/cgsh_order_operate.html HTTP/1.1" 200 37
180.162.109.76 - - [29/Oct/2022:10:57:18 +0800] "POST /xingrg/kc/buy/cgsh_order_operate.html HTTP/1.1" 200 8533
221.239.141.151 - - [29/Oct/2022:10:57:19 +0800] "GET /xingrg/kc/base/wldb_order_operate.html?command=get_materiel&rest_code=00102&base_code=0010480&code=00101025034 HTTP/1.1" 200 465
58.40.7.146 - - [29/Oct/2022:10:57:19 +0800] "GET /xingrg/all/function/internal_message.html?_=1667012229883&CODE_STATE=getMsg HTTP/1.1" 302 -
221.239.141.151 - - [29/Oct/2022:10:57:22 +0800] "GET /xingrg/kc/base/wldb_order_operate.html?command=get_materiel&rest_code=00102&base_code=0010480&code=00101025033 HTTP/1.1" 200 465
116.230.105.139 - - [29/Oct/2022:10:57:27 +0800] "GET /xingrg/all/function/internal_message.html?_=1667012198981&CODE_STATE=getMsg HTTP/1.1" 200 27
221.239.141.151 - - [29/Oct/2022:10:57:28 +0800] "GET /xingrg/kc/base/wldb_order_operate.html?command=get_materiel&rest_code=00102&base_code=0010480&code=00101025032 HTTP/1.1" 200 464
180.169.147.146 - - [29/Oct/2022:10:57:28 +0800] "GET /xingrg/check_reg.html?_=1667012235734 HTTP/1.1" 200 22
222.69.192.207 - - [29/Oct/2022:10:57:29 +0800] "GET /xingrg/all/function/internal_message.html?_=1667012240986&CODE_STATE=getMsg HTTP/1.1" 200 27
218.81.217.29 - - [29/Oct/2022:10:57:33 +0800] "GET /xingrg/all/function/internal_message.html?_=1667012269729&CODE_STATE=getMsg HTTP/1.1" 200 27
221.239.141.151 - - [29/Oct/2022:10:57:33 +0800] "GET /xingrg/all/function/internal_message.html?_=1667012244698&CODE_STATE=getMsg HTTP/1.1" 200 27
180.169.147.146 - - [29/Oct/2022:10:57:36 +0800] "GET /xingrg/all/function/internal_message.html?_=1667012243645&CODE_STATE=getMsg HTTP/1.1" 200 27
221.239.141.151 - - [29/Oct/2022:10:57:37 +0800] "GET /xingrg/kc/base/wldb_order_operate.html?command=get_materiel&rest_code=00102&base_code=0010480&code=00101025035 HTTP/1.1" 200 465
124.78.158.69 - - [29/Oct/2022:10:57:40 +0800] "GET /xingrg/all/function/internal_message.html?_=1667012246835&CODE_STATE=getMsg HTTP/1.1" 200 27
222.70.183.206 - - [29/Oct/2022:10:57:40 +0800] "GET /xingrg/all/function/internal_message.html?_=1667012247816&CODE_STATE=getMsg HTTP/1.1" 200 27
114.88.159.190 - - [29/Oct/2022:10:57:41 +0800] "GET /xingrg/all/function/internal_message.html?_=1667011878055&CODE_STATE=getMsg HTTP/1.1" 200 27
114.88.159.190 - - [29/Oct/2022:10:57:41 +0800] "GET /xingrg/check_reg.html?_=1667011878056 HTTP/1.1" 200 22
120.253.135.82 - - [29/Oct/2022:10:57:42 +0800] "GET /xingrg/all/function/internal_message.html?_=1667012049988&CODE_STATE=getMsg HTTP/1.1" 200 27
221.239.141.151 - - [29/Oct/2022:10:57:46 +0800] "GET /xingrg/kc/base/wldb_order_operate.html?command=get_materiel&rest_code=00102&base_code=0010480&code=00101025038 HTTP/1.1" 200 469
221.239.141.151 - - [29/Oct/2022:10:57:51 +0800] "GET /xingrg/kc/base/wldb_order_operate.html?command=get_materiel&rest_code=00102&base_code=0010480&code=00101025025 HTTP/1.1" 200 468
124.78.158.69 - - [29/Oct/2022:10:57:55 +0800] "GET /xingrg/all/function/internal_message.html?_=1667012267989&CODE_STATE=getMsg HTTP/1.1" 200 27
221.239.141.151 - - [29/Oct/2022:10:57:57 +0800] "GET /xingrg/kc/base/wldb_order_operate.html?command=get_materiel&rest_code=00102&base_code=0010480&code=00101025022 HTTP/1.1" 200 485
183.192.89.222 - - [29/Oct/2022:10:57:59 +0800] "GET /xingrg/check_reg.html?_=1667012270507 HTTP/1.1" 200 22
183.192.89.222 - - [29/Oct/2022:10:57:59 +0800] "GET /xingrg/all/function/internal_message.html?_=1667012270509&CODE_STATE=getMsg HTTP/1.1" 200 27
180.162.109.76 - - [29/Oct/2022:10:58:00 +0800] "GET /xingrg/all/function/internal_message.html?_=1667011341484&CODE_STATE=getMsg HTTP/1.1" 200 27
180.162.109.76 - - [29/Oct/2022:10:58:00 +0800] "GET /xingrg/check_reg.html?_=1667011341480 HTTP/1.1" 200 22
221.239.141.151 - - [29/Oct/2022:10:58:01 +0800] "GET /xingrg/kc/base/wldb_order_operate.html?command=get_materiel&rest_code=00102&base_code=0010480&code=00101025039 HTTP/1.1" 200 459
101.85.95.132 - - [29/Oct/2022:10:58:01 +0800] "GET /xingrg/check_reg.html?_=1667012272445 HTTP/1.1" 200 22
101.85.95.132 - - [29/Oct/2022:10:58:01 +0800] "GET /xingrg/all/function/internal_message.html?_=1667012272447&CODE_STATE=getMsg HTTP/1.1" 200 27
116.238.139.35 - - [29/Oct/2022:10:58:03 +0800] "GET /xingrg/all/function/internal_message.html?_=1667012206712&CODE_STATE=getMsg HTTP/1.1" 200 27
222.69.131.252 - - [29/Oct/2022:10:58:03 +0800] "GET /xingrg/all/function/internal_message.html?_=1667012271136&CODE_STATE=getMsg HTTP/1.1" 200 27
114.84.81.136 - - [29/Oct/2022:10:58:06 +0800] "GET /xingrg/all/function/internal_message.html?_=1667012277503&CODE_STATE=getMsg HTTP/1.1" 302 -
114.84.81.136 - - [29/Oct/2022:10:58:06 +0800] "GET /xingrg/check_reg.html?_=1667012277552 HTTP/1.1" 302 -
221.239.141.151 - - [29/Oct/2022:10:58:07 +0800] "GET /xingrg/kc/base/wldb_order_operate.html?command=get_materiel&rest_code=00102&base_code=0010480&code=00101025013 HTTP/1.1" 200 463
58.40.7.146 - - [29/Oct/2022:10:58:19 +0800] "GET /xingrg/all/function/internal_message.html?_=1667012289855&CODE_STATE=getMsg HTTP/1.1" 302 -
124.78.158.69 - - [29/Oct/2022:10:58:19 +0800] "GET /xingrg/check_reg.html?_=1667012285984 HTTP/1.1" 200 22
116.230.105.139 - - [29/Oct/2022:10:58:27 +0800] "GET /xingrg/all/function/internal_message.html?_=1667012258976&CODE_STATE=getMsg HTTP/1.1" 200 27
58.40.7.146 - - [29/Oct/2022:10:58:28 +0800] "GET /xingrg/check_reg.html?_=1667012299075 HTTP/1.1" 302 -
222.69.192.207 - - [29/Oct/2022:10:58:29 +0800] "GET /xingrg/all/function/internal_message.html?_=1667012300954&CODE_STATE=getMsg HTTP/1.1" 200 27
218.81.217.29 - - [29/Oct/2022:10:58:30 +0800] "GET /xingrg/check_reg.html?_=1667012327057 HTTP/1.1" 200 22
221.239.141.151 - - [29/Oct/2022:10:58:33 +0800] "GET /xingrg/all/function/internal_message.html?_=1667012304681&CODE_STATE=getMsg HTTP/1.1" 200 27
218.81.217.29 - - [29/Oct/2022:10:58:33 +0800] "GET /xingrg/all/function/internal_message.html?_=1667012329938&CODE_STATE=getMsg HTTP/1.1" 200 27
124.78.158.69 - - [29/Oct/2022:10:58:34 +0800] "GET /xingrg/kc/base/wldb_order_operate.html?command=get_materiel&rest_code=00106&base_code=0010397&code=00102002610 HTTP/1.1" 200 444
180.169.147.146 - - [29/Oct/2022:10:58:36 +0800] "GET /xingrg/all/function/internal_message.html?_=1667012303629&CODE_STATE=getMsg HTTP/1.1" 200 27
124.78.158.69 - - [29/Oct/2022:10:58:40 +0800] "GET /xingrg/all/function/internal_message.html?_=1667012306781&CODE_STATE=getMsg HTTP/1.1" 200 27
222.70.183.206 - - [29/Oct/2022:10:58:40 +0800] "GET /xingrg/all/function/internal_message.html?_=1667012307800&CODE_STATE=getMsg HTTP/1.1" 200 27
222.70.183.206 - - [29/Oct/2022:10:58:40 +0800] "GET /xingrg/check_reg.html?_=1667012307943 HTTP/1.1" 200 22
114.88.159.190 - - [29/Oct/2022:10:58:41 +0800] "GET /xingrg/all/function/internal_message.html?_=1667011938058&CODE_STATE=getMsg HTTP/1.1" 200 27
120.253.135.82 - - [29/Oct/2022:10:58:42 +0800] "GET /xingrg/all/function/internal_message.html?_=1667012110066&CODE_STATE=getMsg HTTP/1.1" 200 27
124.78.158.69 - - [29/Oct/2022:10:58:55 +0800] "GET /xingrg/all/function/internal_message.html?_=1667012327974&CODE_STATE=getMsg HTTP/1.1" 200 27
183.192.89.222 - - [29/Oct/2022:10:58:59 +0800] "GET /xingrg/all/function/internal_message.html?_=1667012330508&CODE_STATE=getMsg HTTP/1.1" 200 27
180.162.109.76 - - [29/Oct/2022:10:59:00 +0800] "GET /xingrg/all/function/internal_message.html?_=1667011401491&CODE_STATE=getMsg HTTP/1.1" 200 27
101.85.95.132 - - [29/Oct/2022:10:59:01 +0800] "GET /xingrg/all/function/internal_message.html?_=1667012332447&CODE_STATE=getMsg HTTP/1.1" 200 27
116.238.139.35 - - [29/Oct/2022:10:59:02 +0800] "GET /xingrg/check_reg.html?_=1667012266493 HTTP/1.1" 200 22
116.238.139.35 - - [29/Oct/2022:10:59:03 +0800] "GET /xingrg/all/function/internal_message.html?_=1667012266726&CODE_STATE=getMsg HTTP/1.1" 200 27
222.69.131.252 - - [29/Oct/2022:10:59:03 +0800] "GET /xingrg/all/function/internal_message.html?_=1667012331140&CODE_STATE=getMsg HTTP/1.1" 200 27
124.78.158.69 - - [29/Oct/2022:10:59:04 +0800] "GET /xingrg/kc/base/wldb_order_operate.html?command=get_materiel&rest_code=00106&base_code=0010397&code=00102002547 HTTP/1.1" 200 451
180.169.147.146 - - [29/Oct/2022:10:59:05 +0800] "GET /xingrg/kc/buy/cgsh_order_add.html HTTP/1.1" 200 69043
180.169.147.146 - - [29/Oct/2022:10:59:05 +0800] "GET /xingrg/words/20221028134504_words.js HTTP/1.1" 304 -
180.169.147.146 - - [29/Oct/2022:10:59:06 +0800] "POST /xingrg/kc/buy/cgsh_order_operate.html HTTP/1.1" 200 8245
180.169.147.146 - - [29/Oct/2022:10:59:06 +0800] "GET /xingrg/all/common/auto_word.html?type=employee&rest_code=00147 HTTP/1.1" 200 101
180.169.147.146 - - [29/Oct/2022:10:59:06 +0800] "GET /xingrg/javascript/easyui/themes/default/validatebox.css HTTP/1.1" 404 1104
180.169.147.146 - - [29/Oct/2022:10:59:06 +0800] "GET /xingrg/all/common/auto_word.html?type=employee&rest_code=00147 HTTP/1.1" 200 101
114.84.81.136 - - [29/Oct/2022:10:59:06 +0800] "GET /xingrg/all/function/internal_message.html?_=1667012337474&CODE_STATE=getMsg HTTP/1.1" 302 -
116.238.139.35 - - [29/Oct/2022:10:59:16 +0800] "POST /xingrg/kc/base/wldb_order_operate.html HTTP/1.1" 200 37
116.238.139.35 - - [29/Oct/2022:10:59:18 +0800] "POST /xingrg/kc/base/wldb_order_operate.html HTTP/1.1" 200 12
116.238.139.35 - - [29/Oct/2022:10:59:18 +0800] "POST /xingrg/kc/base/wldb_order_operate.html HTTP/1.1" 200 3143
58.40.7.146 - - [29/Oct/2022:10:59:19 +0800] "GET /xingrg/all/function/internal_message.html?_=1667012349830&CODE_STATE=getMsg HTTP/1.1" 302 -
124.78.158.69 - - [29/Oct/2022:10:59:22 +0800] "GET /xingrg/kc/base/wldb_order_operate.html?command=get_materiel&rest_code=00106&base_code=0010397&code=00102002457 HTTP/1.1" 200 454
180.169.147.146 - - [29/Oct/2022:10:59:23 +0800] "GET /xingrg/javascript/auto/indicator.gif HTTP/1.1" 404 1066
180.169.147.146 - - [29/Oct/2022:10:59:24 +0800] "GET /xingrg/javascript/jquery_tools/images/prev.gif HTTP/1.1" 404 1086
180.169.147.146 - - [29/Oct/2022:10:59:24 +0800] "GET /xingrg/javascript/jquery_tools/images/next.gif HTTP/1.1" 404 1086
180.169.147.146 - - [29/Oct/2022:10:59:24 +0800] "GET /xingrg/index.html?sysBaseUrl=http%3A%2F%2F180.169.147.146%3A18081%2Fxingrg%2F&costTime=39×tamp=1592034574635 HTTP/1.1" 302 -
180.169.147.146 - - [29/Oct/2022:10:59:24 +0800] "GET /xingrg/login.html HTTP/1.1" 200 7641
180.169.147.146 - - [29/Oct/2022:10:59:24 +0800] "GET /xingrg/images/blue/jxLogo.png HTTP/1.1" 200 6156
180.169.147.146 - - [29/Oct/2022:10:59:24 +0800] "GET /xingrg/images/blue/login_bg.png HTTP/1.1" 200 22101
180.169.147.146 - - [29/Oct/2022:10:59:24 +0800] "GET /xingrg/images/blue/srbg.png HTTP/1.1" 200 138
180.169.147.146 - - [29/Oct/2022:10:59:25 +0800] "GET /xingrg/images/blue/hj.png HTTP/1.1" 200 1014
180.169.147.146 - - [29/Oct/2022:10:59:25 +0800] "GET /favicon.ico HTTP/1.1" 404 -
180.169.147.146 - - [29/Oct/2022:10:59:26 +0800] "POST /xingrg/login.do HTTP/1.1" 302 -
180.169.147.146 - - [29/Oct/2022:10:59:26 +0800] "GET /xingrg/index.html?sysBaseUrl=http%3A%2F%2F180.169.147.146%3A18081%2Fxingrg%2F&costTime=41×tamp=1667012366313 HTTP/1.1" 200 17503
180.169.147.146 - - [29/Oct/2022:10:59:26 +0800] "GET /xingrg/javascript/jquery-1.4.2.min.js HTTP/1.1" 200 72205
180.169.147.146 - - [29/Oct/2022:10:59:26 +0800] "GET /xingrg/javascript/jquery_easy_ui/themes/default/easyui.css HTTP/1.1" 200 26500
180.169.147.146 - - [29/Oct/2022:10:59:26 +0800] "GET /xingrg/javascript/jquery_easy_ui/themes/icon.css HTTP/1.1" 200 3949
180.169.147.146 - - [29/Oct/2022:10:59:26 +0800] "GET /xingrg/javascript/jquery_easy_ui/jquery.easyui.min.js HTTP/1.1" 200 213662
180.169.147.146 - - [29/Oct/2022:10:59:26 +0800] "GET /xingrg/css/form.css HTTP/1.1" 200 893
180.169.147.146 - - [29/Oct/2022:10:59:26 +0800] "GET /xingrg/javascript/jquery_easy_ui/easyui-lang-zh_CN.js HTTP/1.1" 200 1900
180.169.147.146 - - [29/Oct/2022:10:59:26 +0800] "GET /xingrg/javascript/jquery.utils.js HTTP/1.1" 200 11805
180.169.147.146 - - [29/Oct/2022:10:59:26 +0800] "GET /xingrg/javascript/jquery.timers.js HTTP/1.1" 200 3532
180.169.147.146 - - [29/Oct/2022:10:59:26 +0800] "GET /xingrg/javascript/jquery.form.js HTTP/1.1" 200 23110
180.169.147.146 - - [29/Oct/2022:10:59:26 +0800] "GET /favicon.ico HTTP/1.1" 404 -
180.169.147.146 - - [29/Oct/2022:10:59:26 +0800] "GET /xingrg/javascript/jquery_easy_ui/themes/icons/settle_new.png HTTP/1.1" 200 826
180.169.147.146 - - [29/Oct/2022:10:59:26 +0800] "GET /xingrg/images/blue/navBackgound.jpg HTTP/1.1" 200 12378
180.169.147.146 - - [29/Oct/2022:10:59:26 +0800] "POST /xingrg/all/common/load_tree.html?tree=area_rest_tree_json&manage=1 HTTP/1.1" 200 3493
180.169.147.146 - - [29/Oct/2022:10:59:26 +0800] "GET /xingrg/all/function/internal_message.html?_=1667012357143&CODE_STATE=count HTTP/1.1" 200 11
180.169.147.146 - - [29/Oct/2022:10:59:26 +0800] "GET /xingrg/check_reg.html?_=1667012357144 HTTP/1.1" 200 22
180.169.147.146 - - [29/Oct/2022:10:59:26 +0800] "GET /xingrg/images/blue/pingpu.png HTTP/1.1" 200 231
180.169.147.146 - - [29/Oct/2022:10:59:26 +0800] "GET /xingrg/javascript/jquery_easy_ui/themes/default/images/tabs_rightarrow.png HTTP/1.1" 200 395
180.169.147.146 - - [29/Oct/2022:10:59:26 +0800] "GET /xingrg/javascript/jquery_easy_ui/themes/default/images/panel_tool_expand.gif HTTP/1.1" 200 247
180.169.147.146 - - [29/Oct/2022:10:59:26 +0800] "GET /xingrg/javascript/jquery_easy_ui/themes/default/images/panel_tool_collapse.gif HTTP/1.1" 200 246
180.169.147.146 - - [29/Oct/2022:10:59:26 +0800] "GET /xingrg/javascript/jquery_easy_ui/themes/default/images/tabs_leftarrow.png HTTP/1.1" 200 389
180.169.147.146 - - [29/Oct/2022:10:59:26 +0800] "POST /xingrg/load_menu.html HTTP/1.1" 200 11564
180.169.147.146 - - [29/Oct/2022:10:59:26 +0800] "GET /xingrg/javascript/jquery_easy_ui/themes/default/images/tree_arrows.gif HTTP/1.1" 200 1043
180.169.147.146 - - [29/Oct/2022:10:59:26 +0800] "GET /xingrg/javascript/jquery_easy_ui/themes/default/images/tree_folder_open.gif HTTP/1.1" 200 956
180.169.147.146 - - [29/Oct/2022:10:59:26 +0800] "GET /xingrg/javascript/jquery_easy_ui/themes/icons/search_new.png HTTP/1.1" 200 586
180.169.147.146 - - [29/Oct/2022:10:59:26 +0800] "GET /xingrg/javascript/jquery_easy_ui/themes/icons/delivery_new.png HTTP/1.1" 200 700
180.169.147.146 - - [29/Oct/2022:10:59:26 +0800] "GET /xingrg/javascript/jquery_easy_ui/themes/icons/checkout_new.png HTTP/1.1" 200 744
180.169.147.146 - - [29/Oct/2022:10:59:26 +0800] "GET /xingrg/javascript/jquery_easy_ui/themes/icons/storage_new.png HTTP/1.1" 200 853
180.169.147.146 - - [29/Oct/2022:10:59:26 +0800] "GET /xingrg/javascript/jquery_easy_ui/themes/icons/forms_new.png HTTP/1.1" 200 350
180.169.147.146 - - [29/Oct/2022:10:59:26 +0800] "GET /xingrg/javascript/jquery_easy_ui/themes/icons/setting_new.png HTTP/1.1" 200 450
180.169.147.146 - - [29/Oct/2022:10:59:26 +0800] "GET /xingrg/javascript/jquery_easy_ui/themes/default/images/tree_file.gif HTTP/1.1" 200 118
180.169.147.146 - - [29/Oct/2022:10:59:26 +0800] "GET /xingrg/javascript/jquery_easy_ui/themes/default/images/tree_folder.gif HTTP/1.1" 200 952
180.169.147.146 - - [29/Oct/2022:10:59:26 +0800] "GET /xingrg/javascript/jquery_easy_ui/themes/icons/systemset_new.png HTTP/1.1" 200 606
116.230.105.139 - - [29/Oct/2022:10:59:27 +0800] "GET /xingrg/all/function/internal_message.html?_=1667012318970&CODE_STATE=getMsg HTTP/1.1" 200 27
180.169.147.146 - - [29/Oct/2022:10:59:29 +0800] "GET /xingrg/javascript/jquery_easy_ui/themes/default/images/tabs_close.gif HTTP/1.1" 200 829
180.169.147.146 - - [29/Oct/2022:10:59:29 +0800] "GET /xingrg/kc/buy/cgsh_order_list.html HTTP/1.1" 200 53514
180.169.147.146 - - [29/Oct/2022:10:59:29 +0800] "GET /xingrg/css/base.css HTTP/1.1" 200 2811
180.169.147.146 - - [29/Oct/2022:10:59:29 +0800] "GET /xingrg/css/site.css HTTP/1.1" 200 7541
180.169.147.146 - - [29/Oct/2022:10:59:29 +0800] "GET /xingrg/javascript/jquery_tools/datebox.css HTTP/1.1" 200 2597
180.169.147.146 - - [29/Oct/2022:10:59:29 +0800] "GET /xingrg/javascript/easyui/themes/icon.css HTTP/1.1" 200 4483
180.169.147.146 - - [29/Oct/2022:10:59:29 +0800] "GET /xingrg/javascript/easyui/themes/default/easyui.css HTTP/1.1" 200 30432
180.169.147.146 - - [29/Oct/2022:10:59:29 +0800] "GET /xingrg/javascript/auto/jquery.autocomplete.css HTTP/1.1" 200 587
180.169.147.146 - - [29/Oct/2022:10:59:29 +0800] "GET /xingrg/javascript/jquery_tools/fix.css HTTP/1.1" 200 1702
180.169.147.146 - - [29/Oct/2022:10:59:29 +0800] "GET /xingrg/javascript/jquery_tools/table.css HTTP/1.1" 200 1032
180.169.147.146 - - [29/Oct/2022:10:59:29 +0800] "GET /xingrg/javascript/jquery_tools/jquery.tools.extend.js HTTP/1.1" 200 15385
180.169.147.146 - - [29/Oct/2022:10:59:29 +0800] "GET /xingrg/javascript/jquery_tools/jquery.tools.hotkey.js HTTP/1.1" 200 3242
180.169.147.146 - - [29/Oct/2022:10:59:29 +0800] "GET /xingrg/javascript/jquery_tools/jquery.tools.table.js HTTP/1.1" 200 6994
180.169.147.146 - - [29/Oct/2022:10:59:29 +0800] "GET /xingrg/javascript/easyui/easyloader.js HTTP/1.1" 200 5975
180.169.147.146 - - [29/Oct/2022:10:59:29 +0800] "GET /xingrg/javascript/jquery_tools/jquery.tools.min.js HTTP/1.1" 200 138801
180.169.147.146 - - [29/Oct/2022:10:59:29 +0800] "GET /xingrg/javascript/jquery_tools/list_manager.js HTTP/1.1" 200 3652
180.169.147.146 - - [29/Oct/2022:10:59:29 +0800] "GET /xingrg/javascript/print/LodopFuncs.js HTTP/1.1" 200 5121
180.169.147.146 - - [29/Oct/2022:10:59:29 +0800] "GET /xingrg/javascript/auto/jquery.autocomplete.js HTTP/1.1" 200 21624
180.169.147.146 - - [29/Oct/2022:10:59:29 +0800] "GET /xingrg/javascript/jquery.cookie.js HTTP/1.1" 200 5513
180.169.147.146 - - [29/Oct/2022:10:59:29 +0800] "GET /xingrg/javascript/easyui/themes/icons/edit_add_new.png HTTP/1.1" 200 2997
180.169.147.146 - - [29/Oct/2022:10:59:29 +0800] "GET /xingrg/javascript/easyui/themes/icons/cance_new.png HTTP/1.1" 200 3986
180.169.147.146 - - [29/Oct/2022:10:59:29 +0800] "GET /xingrg/javascript/easyui/themes/icons/check_new.png HTTP/1.1" 200 3224
180.169.147.146 - - [29/Oct/2022:10:59:29 +0800] "GET /xingrg/javascript/easyui/themes/icons/field_new.png HTTP/1.1" 200 1097
180.169.147.146 - - [29/Oct/2022:10:59:29 +0800] "GET /xingrg/javascript/easyui/themes/icons/import_new.png HTTP/1.1" 200 1247
180.169.147.146 - - [29/Oct/2022:10:59:29 +0800] "GET /xingrg/javascript/easyui/themes/icons/uncheck_new.png HTTP/1.1" 200 3197
180.169.147.146 - - [29/Oct/2022:10:59:29 +0800] "GET /xingrg/javascript/easyui/plugins/jquery.parser.js HTTP/1.1" 200 1142
180.169.147.146 - - [29/Oct/2022:10:59:29 +0800] "GET /xingrg/images/control/ajaxLoader.gif HTTP/1.1" 200 4659
222.69.192.207 - - [29/Oct/2022:10:59:29 +0800] "GET /xingrg/all/function/internal_message.html?_=1667012360936&CODE_STATE=getMsg HTTP/1.1" 200 27
180.169.147.146 - - [29/Oct/2022:10:59:30 +0800] "POST /xingrg/kc/buy/cgsh_list_operate.html HTTP/1.1" 200 986
221.239.141.151 - - [29/Oct/2022:10:59:33 +0800] "GET /xingrg/all/function/internal_message.html?_=1667012364662&CODE_STATE=getMsg HTTP/1.1" 200 27
218.81.217.29 - - [29/Oct/2022:10:59:33 +0800] "GET /xingrg/all/function/internal_message.html?_=1667012389941&CODE_STATE=getMsg HTTP/1.1" 200 27
180.169.147.146 - - [29/Oct/2022:10:59:36 +0800] "GET /xingrg/all/function/internal_message.html?_=1667012363608&CODE_STATE=getMsg HTTP/1.1" 200 27
124.78.158.69 - - [29/Oct/2022:10:59:36 +0800] "GET /xingrg/kc/base/wldb_order_operate.html?command=get_materiel&rest_code=00106&base_code=0010397&code=00102002362 HTTP/1.1" 200 434
180.169.147.146 - - [29/Oct/2022:10:59:37 +0800] "GET /xingrg/javascript/jquery_easy_ui/themes/icons/area.png HTTP/1.1" 200 262
180.169.147.146 - - [29/Oct/2022:10:59:37 +0800] "GET /xingrg/javascript/jquery_easy_ui/themes/icons/manage.png HTTP/1.1" 200 696
180.169.147.146 - - [29/Oct/2022:10:59:37 +0800] "GET /xingrg/javascript/jquery_easy_ui/themes/icons/rest.png HTTP/1.1" 200 695
180.169.147.146 - - [29/Oct/2022:10:59:37 +0800] "GET /xingrg/javascript/jquery_easy_ui/themes/default/images/button_a_bg.gif HTTP/1.1" 200 1194
180.169.147.146 - - [29/Oct/2022:10:59:37 +0800] "GET /xingrg/javascript/jquery_easy_ui/themes/default/images/button_span_bg.gif HTTP/1.1" 200 2061
180.169.147.146 - - [29/Oct/2022:10:59:37 +0800] "GET /xingrg/javascript/jquery_easy_ui/themes/icons/ok.png HTTP/1.1" 200 883
180.169.147.146 - - [29/Oct/2022:10:59:37 +0800] "GET /xingrg/javascript/jquery_easy_ui/themes/default/images/panel_title.png HTTP/1.1" 200 266
180.169.147.146 - - [29/Oct/2022:10:59:37 +0800] "GET /xingrg/javascript/jquery_easy_ui/themes/default/images/panel_tools.gif HTTP/1.1" 200 737
124.79.74.72 - - [29/Oct/2022:10:59:37 +0800] "GET /xingrg/login.html HTTP/1.1" 200 7641
124.79.74.72 - - [29/Oct/2022:10:59:37 +0800] "GET /favicon.ico HTTP/1.1" 404 -
180.169.147.146 - - [29/Oct/2022:10:59:38 +0800] "POST /xingrg/all/user/operate.html HTTP/1.1" 200 36
180.169.147.146 - - [29/Oct/2022:10:59:38 +0800] "GET /xingrg/index.html?sysBaseUrl=http%3A%2F%2F180.169.147.146%3A18081%2Fxingrg%2F&costTime=41×tamp=1667012366313 HTTP/1.1" 200 17509
180.169.147.146 - - [29/Oct/2022:10:59:38 +0800] "GET /xingrg/javascript/jquery_easy_ui/themes/default/easyui.css HTTP/1.1" 304 -
180.169.147.146 - - [29/Oct/2022:10:59:38 +0800] "GET /xingrg/javascript/jquery_easy_ui/themes/icon.css HTTP/1.1" 304 -
180.169.147.146 - - [29/Oct/2022:10:59:38 +0800] "GET /xingrg/css/form.css HTTP/1.1" 304 -
180.169.147.146 - - [29/Oct/2022:10:59:38 +0800] "GET /xingrg/javascript/jquery-1.4.2.min.js HTTP/1.1" 304 -
180.169.147.146 - - [29/Oct/2022:10:59:38 +0800] "GET /xingrg/javascript/jquery_easy_ui/jquery.easyui.min.js HTTP/1.1" 304 -
180.169.147.146 - - [29/Oct/2022:10:59:38 +0800] "GET /xingrg/javascript/jquery_easy_ui/easyui-lang-zh_CN.js HTTP/1.1" 304 -
180.169.147.146 - - [29/Oct/2022:10:59:38 +0800] "GET /xingrg/javascript/jquery.form.js HTTP/1.1" 304 -
180.169.147.146 - - [29/Oct/2022:10:59:38 +0800] "GET /xingrg/javascript/jquery.utils.js HTTP/1.1" 304 -
180.169.147.146 - - [29/Oct/2022:10:59:38 +0800] "GET /xingrg/javascript/jquery.timers.js HTTP/1.1" 304 -
180.169.147.146 - - [29/Oct/2022:10:59:38 +0800] "GET /xingrg/images/blue/jxLogo.png HTTP/1.1" 304 -
180.169.147.146 - - [29/Oct/2022:10:59:38 +0800] "GET /xingrg/javascript/jquery_easy_ui/themes/icons/settle_new.png HTTP/1.1" 304 -
180.169.147.146 - - [29/Oct/2022:10:59:38 +0800] "GET /xingrg/images/blue/navBackgound.jpg HTTP/1.1" 304 -
180.169.147.146 - - [29/Oct/2022:10:59:38 +0800] "POST /xingrg/all/common/load_tree.html?tree=area_rest_tree_json&manage=1 HTTP/1.1" 200 3493
180.169.147.146 - - [29/Oct/2022:10:59:38 +0800] "GET /xingrg/check_reg.html?_=1667012369070 HTTP/1.1" 200 22
180.169.147.146 - - [29/Oct/2022:10:59:38 +0800] "GET /xingrg/all/function/internal_message.html?_=1667012369070&CODE_STATE=count HTTP/1.1" 200 11
180.169.147.146 - - [29/Oct/2022:10:59:38 +0800] "GET /xingrg/javascript/jquery_easy_ui/themes/default/images/panel_tool_collapse.gif HTTP/1.1" 304 -
180.169.147.146 - - [29/Oct/2022:10:59:38 +0800] "GET /xingrg/images/blue/pingpu.png HTTP/1.1" 304 -
180.169.147.146 - - [29/Oct/2022:10:59:38 +0800] "GET /xingrg/javascript/jquery_easy_ui/themes/default/images/panel_tool_expand.gif HTTP/1.1" 304 -
180.169.147.146 - - [29/Oct/2022:10:59:38 +0800] "GET /xingrg/javascript/jquery_easy_ui/themes/default/images/tabs_leftarrow.png HTTP/1.1" 304 -
180.169.147.146 - - [29/Oct/2022:10:59:38 +0800] "GET /xingrg/javascript/jquery_easy_ui/themes/default/images/tabs_rightarrow.png HTTP/1.1" 304 -
180.169.147.146 - - [29/Oct/2022:10:59:38 +0800] "POST /xingrg/load_menu.html HTTP/1.1" 200 9959
180.163.29.219 - - [29/Oct/2022:10:59:39 +0800] "GET /xingrg/all/function/internal_message.html?_=1667012306781&CODE_STATE=getMsg HTTP/1.1" 302 -
180.163.29.219 - - [29/Oct/2022:10:59:39 +0800] "GET /xingrg/login.html HTTP/1.1" 200 7641
180.169.147.146 - - [29/Oct/2022:10:59:40 +0800] "GET /xingrg/kc/buy/cgsh_order_list.html HTTP/1.1" 200 53520
124.78.158.69 - - [29/Oct/2022:10:59:40 +0800] "GET /xingrg/all/function/internal_message.html?_=1667012366813&CODE_STATE=getMsg HTTP/1.1" 200 27
222.70.183.206 - - [29/Oct/2022:10:59:40 +0800] "GET /xingrg/all/function/internal_message.html?_=1667012367773&CODE_STATE=getMsg HTTP/1.1" 200 27
180.169.147.146 - - [29/Oct/2022:10:59:41 +0800] "POST /xingrg/kc/buy/cgsh_list_operate.html HTTP/1.1" 200 986
114.88.159.190 - - [29/Oct/2022:10:59:41 +0800] "GET /xingrg/all/function/internal_message.html?_=1667011998054&CODE_STATE=getMsg HTTP/1.1" 200 27
116.238.139.35 - - [29/Oct/2022:10:59:42 +0800] "GET /xingrg/kc/base/wldb_order_info.html?code=422022102902137 HTTP/1.1" 200 26141
116.238.139.35 - - [29/Oct/2022:10:59:42 +0800] "GET /xingrg/javascript/easyui/themes/default/validatebox.css HTTP/1.1" 404 1104
124.79.74.72 - - [29/Oct/2022:10:59:42 +0800] "POST /xingrg/login.do HTTP/1.1" 302 -
124.79.74.72 - - [29/Oct/2022:10:59:42 +0800] "GET /xingrg/index.html?sysBaseUrl=http%3A%2F%2F180.169.147.146%3A18081%2Fxingrg%2F&costTime=43×tamp=1667012382743 HTTP/1.1" 200 17179
116.238.139.35 - - [29/Oct/2022:10:59:42 +0800] "POST /xingrg/kc/base/wldb_order_operate.html HTTP/1.1" 200 1417
124.79.74.72 - - [29/Oct/2022:10:59:42 +0800] "GET /favicon.ico HTTP/1.1" 404 -
124.79.74.72 - - [29/Oct/2022:10:59:42 +0800] "POST /xingrg/all/common/load_tree.html?tree=area_rest_tree_json&manage=1 HTTP/1.1" 200 470
120.253.135.82 - - [29/Oct/2022:10:59:42 +0800] "GET /xingrg/all/function/internal_message.html?_=1667012170079&CODE_STATE=getMsg HTTP/1.1" 200 27
124.79.74.72 - - [29/Oct/2022:10:59:42 +0800] "GET /xingrg/all/function/internal_message.html?_=1667012377339&CODE_STATE=count HTTP/1.1" 200 11
124.79.74.72 - - [29/Oct/2022:10:59:42 +0800] "GET /xingrg/check_reg.html?_=1667012377339 HTTP/1.1" 200 22
124.79.74.72 - - [29/Oct/2022:10:59:42 +0800] "POST /xingrg/load_menu.html HTTP/1.1" 200 5138
124.79.74.72 - - [29/Oct/2022:10:59:46 +0800] "GET /xingrg/kc/base/base_main.html HTTP/1.1" 200 12142
180.169.147.146 - - [29/Oct/2022:10:59:47 +0800] "GET /xingrg/javascript/auto/indicator.gif HTTP/1.1" 404 1066
124.79.74.72 - - [29/Oct/2022:10:59:47 +0800] "GET /xingrg/kc/report/report_main.html HTTP/1.1" 200 7340
116.238.139.35 - - [29/Oct/2022:10:59:48 +0800] "POST /xingrg/kc/base/wldb_order_operate.html HTTP/1.1" 200 12
124.79.74.72 - - [29/Oct/2022:10:59:49 +0800] "GET /xingrg/javascript/multi_select/jqueryMultiSelect.css HTTP/1.1" 200 951
124.79.74.72 - - [29/Oct/2022:10:59:49 +0800] "GET /xingrg/javascript/calendar/timePicker.css HTTP/1.1" 200 523
124.79.74.72 - - [29/Oct/2022:10:59:49 +0800] "GET /xingrg/javascript/bigrid/fix.css HTTP/1.1" 200 1702
124.79.74.72 - - [29/Oct/2022:10:59:49 +0800] "GET /xingrg/all/report/report_query.html?fileName=kc/buy/gys_amount.xml&rh=99999 HTTP/1.1" 200 52006
124.79.74.72 - - [29/Oct/2022:10:59:49 +0800] "GET /xingrg/dwr/util.js HTTP/1.1" 304 -
124.79.74.72 - - [29/Oct/2022:10:59:49 +0800] "GET /xingrg/javascript/calendar/jquery.timePicker.min.js HTTP/1.1" 200 2997
124.79.74.72 - - [29/Oct/2022:10:59:49 +0800] "GET /xingrg/javascript/bigrid/fix.js HTTP/1.1" 200 6439
124.79.74.72 - - [29/Oct/2022:10:59:49 +0800] "GET /xingrg/dwr/interface/AjaxReportQueryService.js HTTP/1.1" 200 13203
124.79.74.72 - - [29/Oct/2022:10:59:49 +0800] "GET /xingrg/javascript/jqueryMultiSelect.js HTTP/1.1" 200 11866
124.79.74.72 - - [29/Oct/2022:10:59:49 +0800] "GET /xingrg/dwr/engine.js HTTP/1.1" 200 43631
124.79.74.72 - - [29/Oct/2022:10:59:49 +0800] "GET /xingrg/images/blue/button/advanceover.gif HTTP/1.1" 200 1347
124.79.74.72 - - [29/Oct/2022:10:59:49 +0800] "GET /xingrg/images/blue/button/advance2over.gif HTTP/1.1" 200 1336
124.79.74.72 - - [29/Oct/2022:10:59:49 +0800] "GET /xingrg/images/blue/button/backover.gif HTTP/1.1" 200 1348
124.79.74.72 - - [29/Oct/2022:10:59:49 +0800] "GET /xingrg/images/blue/button/back2over.gif HTTP/1.1" 200 1335
124.79.74.72 - - [29/Oct/2022:10:59:49 +0800] "GET /xingrg/images/control/loading.gif HTTP/1.1" 200 13463
124.79.74.72 - - [29/Oct/2022:10:59:49 +0800] "GET /xingrg/javascript/jquery_easy_ui/themes/default/images/button_a_bg.gif HTTP/1.1" 200 1194
124.79.74.72 - - [29/Oct/2022:10:59:49 +0800] "GET /xingrg/javascript/jquery_easy_ui/themes/icons/pencil.png HTTP/1.1" 200 713
124.79.74.72 - - [29/Oct/2022:10:59:49 +0800] "GET /xingrg/javascript/jquery_easy_ui/themes/default/images/menu_rightarrow.png HTTP/1.1" 200 3617
124.79.74.72 - - [29/Oct/2022:10:59:49 +0800] "GET /xingrg/javascript/jquery_easy_ui/themes/default/images/menu.gif HTTP/1.1" 200 834
124.79.74.72 - - [29/Oct/2022:10:59:49 +0800] "GET /xingrg/javascript/jquery_easy_ui/themes/icons/help.png HTTP/1.1" 200 1187
124.79.74.72 - - [29/Oct/2022:10:59:49 +0800] "POST /xingrg/dwr/call/plaincall/AjaxReportQueryService.getFixDate.dwr HTTP/1.1" 200 111
116.238.139.35 - - [29/Oct/2022:10:59:49 +0800] "GET /xingrg/kc/base/wldb_order_info.html?code=422022102902137 HTTP/1.1" 200 30277
124.79.74.72 - - [29/Oct/2022:10:59:49 +0800] "POST /xingrg/all/common/load_tree.html?tree=supplier_tree_json&manage=1 HTTP/1.1" 200 70836
124.79.74.72 - - [29/Oct/2022:10:59:49 +0800] "POST /xingrg/all/common/load_tree.html?tree=materiel_sort_tree_json HTTP/1.1" 200 9500
116.238.139.35 - - [29/Oct/2022:10:59:50 +0800] "GET /xingrg/javascript/easyui/themes/default/validatebox.css HTTP/1.1" 404 1104
116.238.139.35 - - [29/Oct/2022:10:59:50 +0800] "POST /xingrg/kc/base/wldb_order_operate.html HTTP/1.1" 200 3144
124.79.74.72 - - [29/Oct/2022:10:59:50 +0800] "GET /xingrg/javascript/jquery_easy_ui/themes/default/images/tree_checkbox_0.gif HTTP/1.1" 200 168
124.79.74.72 - - [29/Oct/2022:10:59:50 +0800] "POST /xingrg/dwr/call/plaincall/AjaxReportQueryService.getInitString.dwr HTTP/1.1" 200 1083
124.79.74.72 - - [29/Oct/2022:10:59:50 +0800] "GET /xingrg/javascript/multi_select/dropdown.gif HTTP/1.1" 200 61
180.169.147.146 - - [29/Oct/2022:10:59:52 +0800] "POST /xingrg/kc/buy/cgsh_list_operate.html HTTP/1.1" 200 2355
124.78.158.69 - - [29/Oct/2022:10:59:55 +0800] "GET /xingrg/all/function/internal_message.html?_=1667012387946&CODE_STATE=getMsg HTTP/1.1" 200 27
116.238.139.35 - - [29/Oct/2022:10:59:55 +0800] "POST /xingrg/kc/base/wldb_order_operate.html HTTP/1.1" 200 37
124.79.74.72 - - [29/Oct/2022:10:59:56 +0800] "GET /xingrg/javascript/multi_select/dropdown_hover.gif HTTP/1.1" 200 61
124.79.74.72 - - [29/Oct/2022:10:59:57 +0800] "POST /xingrg/dwr/call/plaincall/AjaxReportQueryService.refreshCache.dwr HTTP/1.1" 200 78
116.238.139.35 - - [29/Oct/2022:10:59:57 +0800] "POST /xingrg/kc/base/wldb_order_operate.html HTTP/1.1" 200 12
116.238.139.35 - - [29/Oct/2022:10:59:57 +0800] "POST /xingrg/kc/base/wldb_order_operate.html HTTP/1.1" 200 3142
183.192.89.222 - - [29/Oct/2022:10:59:59 +0800] "GET /xingrg/all/function/internal_message.html?_=1667012390507&CODE_STATE=getMsg HTTP/1.1" 200 27
180.162.109.76 - - [29/Oct/2022:11:00:00 +0800] "GET /xingrg/all/function/internal_message.html?_=1667011461476&CODE_STATE=getMsg HTTP/1.1" 200 27
124.79.74.72 - - [29/Oct/2022:11:00:00 +0800] "POST /xingrg/all/report/load_report_page.html HTTP/1.1" 200 90848
124.79.74.72 - - [29/Oct/2022:11:00:00 +0800] "GET /xingrg/servlets/image?cache=0.4632028378423477&image=px HTTP/1.1" 200 807
116.238.139.35 - - [29/Oct/2022:11:00:00 +0800] "GET /xingrg/kc/base/wldb_order_info.html?code=422022102902137 HTTP/1.1" 200 26140
116.238.139.35 - - [29/Oct/2022:11:00:01 +0800] "GET /xingrg/javascript/easyui/themes/default/validatebox.css HTTP/1.1" 404 1104
116.238.139.35 - - [29/Oct/2022:11:00:01 +0800] "POST /xingrg/kc/base/wldb_order_operate.html HTTP/1.1" 200 1416
101.85.95.132 - - [29/Oct/2022:11:00:01 +0800] "GET /xingrg/all/function/internal_message.html?_=1667012392447&CODE_STATE=getMsg HTTP/1.1" 200 27
116.238.139.35 - - [29/Oct/2022:11:00:03 +0800] "GET /xingrg/all/function/internal_message.html?_=1667012326739&CODE_STATE=getMsg HTTP/1.1" 200 27
222.69.131.252 - - [29/Oct/2022:11:00:03 +0800] "GET /xingrg/check_reg.html?_=1667012391141 HTTP/1.1" 200 22
222.69.131.252 - - [29/Oct/2022:11:00:03 +0800] "GET /xingrg/all/function/internal_message.html?_=1667012391143&CODE_STATE=getMsg HTTP/1.1" 200 27
116.238.139.35 - - [29/Oct/2022:11:00:03 +0800] "GET /xingrg/kc/base/wldb_order_add.html HTTP/1.1" 200 30263
116.238.139.35 - - [29/Oct/2022:11:00:04 +0800] "POST /xingrg/kc/base/wldb_order_operate.html HTTP/1.1" 200 6806
116.238.139.35 - - [29/Oct/2022:11:00:04 +0800] "GET /xingrg/javascript/easyui/themes/default/validatebox.css HTTP/1.1" 404 1104
114.84.81.136 - - [29/Oct/2022:11:00:06 +0800] "GET /xingrg/all/function/internal_message.html?_=1667012397475&CODE_STATE=getMsg HTTP/1.1" 302 -
124.79.74.72 - - [29/Oct/2022:11:00:07 +0800] "GET /xingrg/all/report/report_query.html?isQuery=1&fileName=kc/buy/wlcg_cate_hz.xml&queryString=(CONVERT(char(10)%252Ca.order_time%252C%2520120)%253E%253D'2022-10-11')%2520and%2520(CONVERT(char(10)%252Ca.order_time%252C%2520120)%253C%253D'2022-10-20')%2520and%2520(a.number%253E0%2520and%2520a.supplier_code%253D'00100348')&queryText=%25E3%2580%2590%25E9%2587%2587%25E8%25B4%25AD%25E6%2597%25A5%25E6%259C%259F%253A2022-10-11%2520%25E8%2587%25B3%25202022-10-20%25E3%2580%2591%2520%25E5%25B9%25B6%25E4%25B8%2594%2520%25E3%2580%2590%25E4%25BE%259B%25E5%25BA%2594%25E5%2595%2586%253D%25E7%25BA%25A2%25E8%2586%258F%25E5%25A4%25A7%25E9%2597%25B8%25E8%259F%25B9%25EF%25BC%2588%25E8%25A3%25B4%25E6%25A0%2591%25E7%25A4%25BC%25EF%25BC%2589%25E3%2580%2591 HTTP/1.1" 200 54386
124.79.74.72 - - [29/Oct/2022:11:00:07 +0800] "GET /xingrg/dwr/interface/AjaxReportQueryService.js HTTP/1.1" 200 13203
124.79.74.72 - - [29/Oct/2022:11:00:07 +0800] "GET /xingrg/dwr/engine.js HTTP/1.1" 200 43631
124.79.74.72 - - [29/Oct/2022:11:00:08 +0800] "POST /xingrg/all/report/load_report_page.html HTTP/1.1" 200 8708
124.79.74.72 - - [29/Oct/2022:11:00:08 +0800] "GET /xingrg/servlets/image?cache=0.5787865474177498&image=px HTTP/1.1" 200 807
124.79.74.72 - - [29/Oct/2022:11:00:10 +0800] "POST /xingrg/all/report/load_report_page.html HTTP/1.1" 200 13028
124.79.74.72 - - [29/Oct/2022:11:00:10 +0800] "GET /xingrg/servlets/image?cache=0.2525484745173133&image=px HTTP/1.1" 200 807
124.79.74.72 - - [29/Oct/2022:11:00:12 +0800] "POST /xingrg/all/report/report_print.html HTTP/1.1" 302 -
124.79.74.72 - - [29/Oct/2022:11:00:12 +0800] "GET /xingrg/servlets/html?sysBaseUrl=http%3A%2F%2F180.169.147.146%3A18081%2Fxingrg%2F&costTime=218×tamp=1667012412643 HTTP/1.1" 200 14658
124.79.74.72 - - [29/Oct/2022:11:00:12 +0800] "GET /xingrg/servlets/image?image=px HTTP/1.1" 200 807
124.79.74.72 - - [29/Oct/2022:11:00:12 +0800] "GET /favicon.ico HTTP/1.1" 404 -
124.79.74.72 - - [29/Oct/2022:11:00:12 +0800] "GET /xingrg/javascript/jquery_easy_ui/themes/default/images/tabs_active.png HTTP/1.1" 200 2894
58.40.7.146 - - [29/Oct/2022:11:00:19 +0800] "GET /xingrg/all/function/internal_message.html?_=1667012409803&CODE_STATE=getMsg HTTP/1.1" 302 -
116.230.105.139 - - [29/Oct/2022:11:00:27 +0800] "GET /xingrg/all/function/internal_message.html?_=1667012378983&CODE_STATE=getMsg HTTP/1.1" 200 27
116.230.105.139 - - [29/Oct/2022:11:00:27 +0800] "GET /xingrg/check_reg.html?_=1667012378986 HTTP/1.1" 200 22
124.78.158.69 - - [29/Oct/2022:11:00:27 +0800] "GET /xingrg/kc/base/wldb_order_operate.html?command=get_materiel&rest_code=00106&base_code=0010397&code=00102002523 HTTP/1.1" 200 443
222.69.192.207 - - [29/Oct/2022:11:00:29 +0800] "GET /xingrg/all/function/internal_message.html?_=1667012420911&CODE_STATE=getMsg HTTP/1.1" 200 27
221.239.141.151 - - [29/Oct/2022:11:00:33 +0800] "GET /xingrg/all/function/internal_message.html?_=1667012424656&CODE_STATE=getMsg HTTP/1.1" 200 27
116.238.139.35 - - [29/Oct/2022:11:00:33 +0800] "GET /xingrg/kc/base/wldb_order_operate.html?command=get_materiel&rest_code=00150&base_code=0010446&code=00102002321 HTTP/1.1" 200 447
218.81.217.29 - - [29/Oct/2022:11:00:33 +0800] "GET /xingrg/all/function/internal_message.html?_=1667012449955&CODE_STATE=getMsg HTTP/1.1" 200 27
180.169.147.146 - - [29/Oct/2022:11:00:36 +0800] "GET /xingrg/all/function/internal_message.html?_=1667012423588&CODE_STATE=getMsg HTTP/1.1" 200 27
180.169.147.146 - - [29/Oct/2022:11:00:38 +0800] "GET /xingrg/all/function/internal_message.html?_=1667012429086&CODE_STATE=getMsg HTTP/1.1" 200 27
116.238.139.35 - - [29/Oct/2022:11:00:39 +0800] "GET /xingrg/kc/base/wldb_order_operate.html?command=get_materiel&rest_code=00150&base_code=0010446&code=00102002448 HTTP/1.1" 200 440
124.78.158.69 - - [29/Oct/2022:11:00:40 +0800] "GET /xingrg/all/function/internal_message.html?_=1667012426736&CODE_STATE=getMsg HTTP/1.1" 200 27
222.70.183.206 - - [29/Oct/2022:11:00:40 +0800] "GET /xingrg/all/function/internal_message.html?_=1667012427757&CODE_STATE=getMsg HTTP/1.1" 200 27
114.88.159.190 - - [29/Oct/2022:11:00:41 +0800] "GET /xingrg/all/function/internal_message.html?_=1667012058047&CODE_STATE=getMsg HTTP/1.1" 200 27
120.253.135.82 - - [29/Oct/2022:11:00:42 +0800] "GET /xingrg/check_reg.html?_=1667012229433 HTTP/1.1" 200 22
