180.162.109.76 - - [28/Oct/2022:12:18:48 +0800] "GET /xingrg/check_reg.html?_=1666929791225 HTTP/1.1" 200 22
222.69.192.207 - - [28/Oct/2022:12:18:50 +0800] "GET /xingrg/check_reg.html?_=1666930721971 HTTP/1.1" 200 22
222.69.192.207 - - [28/Oct/2022:12:18:50 +0800] "GET /xingrg/all/function/internal_message.html?_=1666930721974&CODE_STATE=getMsg HTTP/1.1" 200 27
116.230.105.139 - - [28/Oct/2022:12:18:54 +0800] "GET /xingrg/all/function/internal_message.html?_=1666930688440&CODE_STATE=getMsg HTTP/1.1" 200 27
180.169.147.146 - - [28/Oct/2022:12:18:57 +0800] "GET /xingrg/kc/buy/cgsh_order_operate.html?command=get_materiel&rest_code=00147&code=00102013003&supplier_code=00100075&order_time=2022-10-28 HTTP/1.1" 200 409
116.230.105.139 - - [28/Oct/2022:12:19:00 +0800] "GET /xingrg/kc/buy/cgsh_order_list.html HTTP/1.1" 200 53328
116.230.105.139 - - [28/Oct/2022:12:19:01 +0800] "GET /xingrg/kc/buy/cgsh_order_list.html HTTP/1.1" 200 53328
116.230.105.139 - - [28/Oct/2022:12:19:01 +0800] "GET /xingrg/kc/buy/cgsh_order_list.html HTTP/1.1" 200 53328
116.230.105.139 - - [28/Oct/2022:12:19:03 +0800] "POST /xingrg/kc/buy/cgsh_list_operate.html HTTP/1.1" 200 8212
116.230.105.139 - - [28/Oct/2022:12:19:03 +0800] "POST /xingrg/kc/buy/cgsh_list_operate.html HTTP/1.1" 200 8212
58.37.5.139 - - [28/Oct/2022:12:19:03 +0800] "GET /xingrg/all/function/internal_message.html?_=1666930731440&CODE_STATE=getMsg HTTP/1.1" 200 27
116.230.105.139 - - [28/Oct/2022:12:19:04 +0800] "POST /xingrg/kc/buy/cgsh_list_operate.html HTTP/1.1" 200 8212
116.238.139.35 - - [28/Oct/2022:12:19:04 +0800] "GET /xingrg/all/function/internal_message.html?_=1666930735568&CODE_STATE=getMsg HTTP/1.1" 200 27
116.230.105.139 - - [28/Oct/2022:12:19:04 +0800] "POST /xingrg/kc/buy/cgsh_list_operate.html HTTP/1.1" 200 10336
58.37.5.139 - - [28/Oct/2022:12:19:06 +0800] "GET /xingrg/kc/buy/cgsh_order_operate.html?command=get_materiel&rest_code=00106&code=00101002007&supplier_code=00100442&order_time=2022-10-28 HTTP/1.1" 200 409
58.37.5.139 - - [28/Oct/2022:12:19:07 +0800] "GET /xingrg/all/function/internal_message.html?_=1666930740261&CODE_STATE=getMsg HTTP/1.1" 200 27
180.162.109.76 - - [28/Oct/2022:12:19:11 +0800] "GET /xingrg/kc/buy/buy_main.html HTTP/1.1" 200 12412
180.162.109.76 - - [28/Oct/2022:12:19:11 +0800] "GET /xingrg/css/new_ie.css HTTP/1.1" 404 1036
180.162.109.76 - - [28/Oct/2022:12:19:12 +0800] "GET /xingrg/images/yd/bt.gif HTTP/1.1" 404 1040
180.162.109.76 - - [28/Oct/2022:12:19:13 +0800] "GET /xingrg/kc/buy/cgsh_order_list.html HTTP/1.1" 200 53328
116.230.105.139 - - [28/Oct/2022:12:19:19 +0800] "POST /xingrg/kc/buy/cgsh_list_operate.html HTTP/1.1" 200 4668
180.162.109.76 - - [28/Oct/2022:12:19:22 +0800] "POST /xingrg/kc/buy/cgsh_list_operate.html HTTP/1.1" 200 4062
116.230.105.139 - - [28/Oct/2022:12:19:22 +0800] "GET /xingrg/kc/buy/cgsh_order_add.html HTTP/1.1" 200 69109
116.230.105.139 - - [28/Oct/2022:12:19:22 +0800] "GET /xingrg/words/20221028111829_words.js HTTP/1.1" 304 -
116.230.105.139 - - [28/Oct/2022:12:19:23 +0800] "POST /xingrg/kc/buy/cgsh_order_operate.html HTTP/1.1" 200 8245
116.230.105.139 - - [28/Oct/2022:12:19:23 +0800] "GET /xingrg/javascript/easyui/themes/default/validatebox.css HTTP/1.1" 404 1104
116.238.139.35 - - [28/Oct/2022:12:19:23 +0800] "GET /xingrg/all/function/internal_message.html?_=1666930688452&CODE_STATE=getMsg HTTP/1.1" 200 27
101.85.95.132 - - [28/Oct/2022:12:19:26 +0800] "GET /xingrg/all/function/internal_message.html?_=1666930755827&CODE_STATE=getMsg HTTP/1.1" 200 27
58.37.5.139 - - [28/Oct/2022:12:19:31 +0800] "POST /xingrg/kc/buy/cgsh_order_operate.html HTTP/1.1" 200 37
114.83.221.131 - - [28/Oct/2022:12:19:31 +0800] "GET /xingrg/all/function/internal_message.html?_=1666930760160&CODE_STATE=getMsg HTTP/1.1" 200 27
116.230.105.139 - - [28/Oct/2022:12:19:33 +0800] "GET /xingrg/kc/buy/cgsh_order_operate.html?command=get_materiel&rest_code=00155&code=00101010522&supplier_code=00100337&order_time=2022-10-28 HTTP/1.1" 200 441
114.84.81.136 - - [28/Oct/2022:12:19:33 +0800] "GET /xingrg/all/function/internal_message.html?_=1666930765417&CODE_STATE=getMsg HTTP/1.1" 200 27
114.83.221.131 - - [28/Oct/2022:12:19:33 +0800] "GET /xingrg/check_reg.html?_=1666930762209 HTTP/1.1" 200 22
221.239.141.151 - - [28/Oct/2022:12:19:34 +0800] "GET /xingrg/all/function/internal_message.html?_=1666930787201&CODE_STATE=getMsg HTTP/1.1" 200 27
114.84.81.136 - - [28/Oct/2022:12:19:34 +0800] "GET /xingrg/check_reg.html?_=1666930765762 HTTP/1.1" 200 22
114.83.219.57 - - [28/Oct/2022:12:19:36 +0800] "GET /xingrg/check_reg.html?_=1666930874777 HTTP/1.1" 200 22
114.83.219.57 - - [28/Oct/2022:12:19:36 +0800] "GET /xingrg/all/function/internal_message.html?_=1666930874778&CODE_STATE=getMsg HTTP/1.1" 200 27
58.37.5.139 - - [28/Oct/2022:12:19:37 +0800] "POST /xingrg/kc/buy/cgsh_order_operate.html HTTP/1.1" 200 12
58.37.5.139 - - [28/Oct/2022:12:19:37 +0800] "GET /xingrg/kc/buy/cgsh_order_info.html?code=212022102808664 HTTP/1.1" 200 64002
58.37.5.139 - - [28/Oct/2022:12:19:38 +0800] "GET /xingrg/javascript/easyui/themes/default/validatebox.css HTTP/1.1" 404 1104
116.230.105.139 - - [28/Oct/2022:12:19:38 +0800] "POST /xingrg/all/common/load_select.html HTTP/1.1" 200 25
58.37.5.139 - - [28/Oct/2022:12:19:38 +0800] "POST /xingrg/kc/buy/cgsh_order_operate.html HTTP/1.1" 200 1208
180.169.147.146 - - [28/Oct/2022:12:19:40 +0800] "GET /xingrg/all/function/internal_message.html?_=1666930769300&CODE_STATE=getMsg HTTP/1.1" 200 27
180.169.147.146 - - [28/Oct/2022:12:19:40 +0800] "GET /xingrg/kc/buy/cgsh_order_operate.html?command=get_materiel&rest_code=00147&code=00102012054&supplier_code=00100075&order_time=2022-10-28 HTTP/1.1" 200 416
58.37.5.139 - - [28/Oct/2022:12:19:41 +0800] "GET /xingrg/kc/print/load_data.html?order_code=212022102808664&kc_code=cgsh&condition= HTTP/1.1" 200 944
116.230.105.139 - - [28/Oct/2022:12:19:42 +0800] "GET /xingrg/kc/buy/cgsh_order_operate.html?command=get_materiel_price&rest_code=00155&code=00101010522&unit_code=00100189&supplier_code=00100337&order_time=2022-10-28 HTTP/1.1" 200 29
221.239.141.151 - - [28/Oct/2022:12:19:45 +0800] "GET /xingrg/all/function/internal_message.html?_=1666930776723&CODE_STATE=getMsg HTTP/1.1" 200 27
218.81.217.29 - - [28/Oct/2022:12:19:46 +0800] "GET /xingrg/all/function/internal_message.html?_=1666930799237&CODE_STATE=getMsg HTTP/1.1" 200 27
180.162.109.76 - - [28/Oct/2022:12:19:48 +0800] "GET /xingrg/all/function/internal_message.html?_=1666929851143&CODE_STATE=getMsg HTTP/1.1" 200 27
222.69.192.207 - - [28/Oct/2022:12:19:50 +0800] "GET /xingrg/all/function/internal_message.html?_=1666930781962&CODE_STATE=getMsg HTTP/1.1" 200 27
180.169.147.146 - - [28/Oct/2022:12:19:50 +0800] "GET /xingrg/kc/buy/cgsh_order_operate.html?command=get_materiel&rest_code=00147&code=00102001071&supplier_code=00100075&order_time=2022-10-28 HTTP/1.1" 200 413
58.37.5.139 - - [28/Oct/2022:12:19:51 +0800] "GET /xingrg/kc/buy/cgsh_order_add.html HTTP/1.1" 200 69097
58.37.5.139 - - [28/Oct/2022:12:19:51 +0800] "POST /xingrg/kc/buy/cgsh_order_operate.html HTTP/1.1" 200 8245
58.37.5.139 - - [28/Oct/2022:12:19:51 +0800] "GET /xingrg/javascript/easyui/themes/default/validatebox.css HTTP/1.1" 404 1104
58.37.5.139 - - [28/Oct/2022:12:19:53 +0800] "GET /xingrg/javascript/easyui/themes/default/tree.css HTTP/1.1" 404 1090
58.37.5.139 - - [28/Oct/2022:12:19:53 +0800] "POST /xingrg/all/common/load_tree.html?tree=supplier_tree_json&isDelete=1 HTTP/1.1" 200 69393
116.230.105.139 - - [28/Oct/2022:12:19:54 +0800] "GET /xingrg/all/function/internal_message.html?_=1666930748426&CODE_STATE=getMsg HTTP/1.1" 200 27
116.230.105.139 - - [28/Oct/2022:12:19:55 +0800] "GET /xingrg/kc/buy/cgsh_order_operate.html?command=get_materiel&rest_code=00155&code=00101010059&supplier_code=00100337&order_time=2022-10-28 HTTP/1.1" 200 434
218.81.217.29 - - [28/Oct/2022:12:20:01 +0800] "GET /xingrg/check_reg.html?_=1666930815022 HTTP/1.1" 200 22
180.163.28.114 - - [28/Oct/2022:12:20:03 +0800] "GET /xingrg/all/function/internal_message.html?_=1666930731440&CODE_STATE=getMsg HTTP/1.1" 302 -
116.230.105.139 - - [28/Oct/2022:12:20:03 +0800] "POST /xingrg/kc/buy/cgsh_order_operate.html HTTP/1.1" 200 37
58.37.5.139 - - [28/Oct/2022:12:20:03 +0800] "GET /xingrg/all/function/internal_message.html?_=1666930791415&CODE_STATE=getMsg HTTP/1.1" 200 27
116.238.139.35 - - [28/Oct/2022:12:20:04 +0800] "GET /xingrg/all/function/internal_message.html?_=1666930795572&CODE_STATE=getMsg HTTP/1.1" 200 27
116.230.105.139 - - [28/Oct/2022:12:20:04 +0800] "POST /xingrg/kc/buy/cgsh_order_operate.html HTTP/1.1" 200 3255
116.230.105.139 - - [28/Oct/2022:12:20:05 +0800] "GET /xingrg/kc/print/load_data.html?order_code=212022102808665&kc_code=cgsh&condition= HTTP/1.1" 200 913
180.163.28.114 - - [28/Oct/2022:12:20:06 +0800] "GET /xingrg/login.html HTTP/1.1" 200 7641
58.37.5.139 - - [28/Oct/2022:12:20:07 +0800] "GET /xingrg/all/function/internal_message.html?_=1666930800253&CODE_STATE=getMsg HTTP/1.1" 200 27
180.169.147.146 - - [28/Oct/2022:12:20:11 +0800] "POST /xingrg/kc/buy/cgsh_order_operate.html HTTP/1.1" 200 37
58.37.5.139 - - [28/Oct/2022:12:20:13 +0800] "GET /xingrg/kc/buy/cgsh_order_operate.html?command=get_materiel&rest_code=00106&code=00101001115&supplier_code=00100089&order_time=2022-10-28 HTTP/1.1" 200 413
180.169.147.146 - - [28/Oct/2022:12:20:15 +0800] "POST /xingrg/kc/buy/cgsh_order_operate.html HTTP/1.1" 200 3851
116.238.139.35 - - [28/Oct/2022:12:20:23 +0800] "GET /xingrg/all/function/internal_message.html?_=1666930748498&CODE_STATE=getMsg HTTP/1.1" 200 27
114.88.159.190 - - [28/Oct/2022:12:20:25 +0800] "GET /xingrg/check_reg.html?_=1666930440817 HTTP/1.1" 200 22
101.85.95.132 - - [28/Oct/2022:12:20:26 +0800] "GET /xingrg/all/function/internal_message.html?_=1666930815827&CODE_STATE=getMsg HTTP/1.1" 200 27
101.85.95.132 - - [28/Oct/2022:12:20:26 +0800] "GET /xingrg/check_reg.html?_=1666930815828 HTTP/1.1" 200 22
58.37.5.139 - - [28/Oct/2022:12:20:28 +0800] "POST /xingrg/kc/buy/cgsh_order_operate.html HTTP/1.1" 200 37
114.83.221.131 - - [28/Oct/2022:12:20:31 +0800] "GET /xingrg/all/function/internal_message.html?_=1666930820137&CODE_STATE=getMsg HTTP/1.1" 200 27
114.84.81.136 - - [28/Oct/2022:12:20:33 +0800] "GET /xingrg/all/function/internal_message.html?_=1666930825387&CODE_STATE=getMsg HTTP/1.1" 200 27
221.239.141.151 - - [28/Oct/2022:12:20:34 +0800] "GET /xingrg/all/function/internal_message.html?_=1666930847174&CODE_STATE=getMsg HTTP/1.1" 200 27
58.37.5.139 - - [28/Oct/2022:12:20:34 +0800] "POST /xingrg/kc/buy/cgsh_order_operate.html HTTP/1.1" 200 12
58.37.5.139 - - [28/Oct/2022:12:20:35 +0800] "GET /xingrg/kc/buy/cgsh_order_info.html?code=212022102808667 HTTP/1.1" 200 64002
58.37.5.139 - - [28/Oct/2022:12:20:35 +0800] "GET /xingrg/javascript/easyui/themes/default/validatebox.css HTTP/1.1" 404 1104
114.83.219.57 - - [28/Oct/2022:12:20:36 +0800] "GET /xingrg/all/function/internal_message.html?_=1666930934770&CODE_STATE=getMsg HTTP/1.1" 200 27
58.37.5.139 - - [28/Oct/2022:12:20:36 +0800] "POST /xingrg/kc/buy/cgsh_order_operate.html HTTP/1.1" 200 611
180.169.147.146 - - [28/Oct/2022:12:20:38 +0800] "GET /xingrg/kc/buy/cgsh_order_operate.html?command=get_materiel&rest_code=00147&code=00102002080&supplier_code=00100075&order_time=2022-10-28 HTTP/1.1" 200 409
58.37.5.139 - - [28/Oct/2022:12:20:38 +0800] "GET /xingrg/kc/print/load_data.html?order_code=212022102808667&kc_code=cgsh&condition= HTTP/1.1" 200 783
180.169.147.146 - - [28/Oct/2022:12:20:40 +0800] "GET /xingrg/all/function/internal_message.html?_=1666930829280&CODE_STATE=getMsg HTTP/1.1" 200 27
58.37.5.139 - - [28/Oct/2022:12:20:43 +0800] "GET /xingrg/kc/buy/cgsh_order_add.html HTTP/1.1" 200 69097
58.37.5.139 - - [28/Oct/2022:12:20:43 +0800] "POST /xingrg/kc/buy/cgsh_order_operate.html HTTP/1.1" 200 8245
58.37.5.139 - - [28/Oct/2022:12:20:44 +0800] "GET /xingrg/javascript/easyui/themes/default/validatebox.css HTTP/1.1" 404 1104
221.239.141.151 - - [28/Oct/2022:12:20:45 +0800] "GET /xingrg/all/function/internal_message.html?_=1666930836726&CODE_STATE=getMsg HTTP/1.1" 200 27
58.37.5.139 - - [28/Oct/2022:12:20:45 +0800] "GET /xingrg/javascript/easyui/themes/default/tree.css HTTP/1.1" 404 1090
58.37.5.139 - - [28/Oct/2022:12:20:45 +0800] "POST /xingrg/all/common/load_tree.html?tree=supplier_tree_json&isDelete=1 HTTP/1.1" 200 69393
58.37.5.139 - - [28/Oct/2022:12:20:45 +0800] "GET /xingrg/check_reg.html?_=1666930833421 HTTP/1.1" 200 22
218.81.217.29 - - [28/Oct/2022:12:20:46 +0800] "GET /xingrg/all/function/internal_message.html?_=1666930859247&CODE_STATE=getMsg HTTP/1.1" 200 27
180.169.147.146 - - [28/Oct/2022:12:20:48 +0800] "POST /xingrg/kc/buy/cgsh_order_operate.html HTTP/1.1" 200 37
180.162.109.76 - - [28/Oct/2022:12:20:48 +0800] "GET /xingrg/all/function/internal_message.html?_=1666929911128&CODE_STATE=getMsg HTTP/1.1" 200 27
180.169.147.146 - - [28/Oct/2022:12:20:49 +0800] "POST /xingrg/kc/buy/cgsh_order_operate.html HTTP/1.1" 200 4441
180.169.147.146 - - [28/Oct/2022:12:20:50 +0800] "GET /xingrg/kc/print/load_data.html?order_code=212022102808666&kc_code=cgsh&condition= HTTP/1.1" 200 1380
222.69.192.207 - - [28/Oct/2022:12:20:50 +0800] "GET /xingrg/all/function/internal_message.html?_=1666930841990&CODE_STATE=getMsg HTTP/1.1" 200 27
180.169.147.146 - - [28/Oct/2022:12:20:53 +0800] "GET /xingrg/kc/buy/cgsh_order_add.html HTTP/1.1" 200 69106
180.169.147.146 - - [28/Oct/2022:12:20:53 +0800] "GET /xingrg/javascript/easyui/themes/default/validatebox.css HTTP/1.1" 404 1104
180.169.147.146 - - [28/Oct/2022:12:20:53 +0800] "POST /xingrg/kc/buy/cgsh_order_operate.html HTTP/1.1" 200 8245
116.230.105.139 - - [28/Oct/2022:12:20:54 +0800] "GET /xingrg/all/function/internal_message.html?_=1666930808429&CODE_STATE=getMsg HTTP/1.1" 200 27
180.163.29.219 - - [28/Oct/2022:12:21:03 +0800] "GET /xingrg/all/function/internal_message.html?_=1666930791415&CODE_STATE=getMsg HTTP/1.1" 302 -
180.163.29.219 - - [28/Oct/2022:12:21:03 +0800] "GET /xingrg/login.html HTTP/1.1" 200 7641
58.37.5.139 - - [28/Oct/2022:12:21:03 +0800] "GET /xingrg/all/function/internal_message.html?_=1666930851385&CODE_STATE=getMsg HTTP/1.1" 200 27
116.238.139.35 - - [28/Oct/2022:12:21:04 +0800] "GET /xingrg/all/function/internal_message.html?_=1666930855576&CODE_STATE=getMsg HTTP/1.1" 200 27
116.238.139.35 - - [28/Oct/2022:12:21:04 +0800] "GET /xingrg/check_reg.html?_=1666930855579 HTTP/1.1" 200 22
58.37.5.139 - - [28/Oct/2022:12:21:07 +0800] "GET /xingrg/all/function/internal_message.html?_=1666930860234&CODE_STATE=getMsg HTTP/1.1" 200 27
58.37.5.139 - - [28/Oct/2022:12:21:12 +0800] "GET /xingrg/kc/buy/cgsh_order_operate.html?command=get_materiel&rest_code=00106&code=00101019150&supplier_code=00100337&order_time=2022-10-28 HTTP/1.1" 200 454
222.69.192.207 - - [28/Oct/2022:12:21:19 +0800] "POST /xingrg/kc/buy/cgsh_list_operate.html HTTP/1.1" 200 4
116.238.139.35 - - [28/Oct/2022:12:21:23 +0800] "GET /xingrg/all/function/internal_message.html?_=1666930808511&CODE_STATE=getMsg HTTP/1.1" 200 27
180.169.147.146 - - [28/Oct/2022:12:21:23 +0800] "GET /xingrg/kc/buy/cgsh_order_operate.html?command=get_materiel&rest_code=00147&code=00101009140&supplier_code=00100022&order_time=2022-10-28 HTTP/1.1" 200 412
222.69.192.207 - - [28/Oct/2022:12:21:24 +0800] "POST /xingrg/kc/buy/cgsh_list_operate.html HTTP/1.1" 200 5950
101.85.95.132 - - [28/Oct/2022:12:21:26 +0800] "GET /xingrg/all/function/internal_message.html?_=1666930875818&CODE_STATE=getMsg HTTP/1.1" 200 27
58.37.5.139 - - [28/Oct/2022:12:21:27 +0800] "POST /xingrg/kc/buy/cgsh_order_operate.html HTTP/1.1" 200 37
114.83.221.131 - - [28/Oct/2022:12:21:31 +0800] "GET /xingrg/all/function/internal_message.html?_=1666930880108&CODE_STATE=getMsg HTTP/1.1" 200 27
114.84.81.136 - - [28/Oct/2022:12:21:33 +0800] "GET /xingrg/all/function/internal_message.html?_=1666930885371&CODE_STATE=getMsg HTTP/1.1" 200 27
221.239.141.151 - - [28/Oct/2022:12:21:34 +0800] "GET /xingrg/all/function/internal_message.html?_=1666930907147&CODE_STATE=getMsg HTTP/1.1" 200 27
180.169.147.146 - - [28/Oct/2022:12:21:34 +0800] "POST /xingrg/kc/buy/cgsh_order_operate.html HTTP/1.1" 200 37
58.37.5.139 - - [28/Oct/2022:12:21:34 +0800] "POST /xingrg/kc/buy/cgsh_order_operate.html HTTP/1.1" 200 12
114.83.219.57 - - [28/Oct/2022:12:21:36 +0800] "GET /xingrg/all/function/internal_message.html?_=1666930994779&CODE_STATE=getMsg HTTP/1.1" 200 27
58.37.5.139 - - [28/Oct/2022:12:21:36 +0800] "GET /xingrg/kc/buy/cgsh_order_info.html?code=212022102808668 HTTP/1.1" 200 64002
58.37.5.139 - - [28/Oct/2022:12:21:36 +0800] "GET /xingrg/javascript/easyui/themes/default/validatebox.css HTTP/1.1" 404 1104
58.37.5.139 - - [28/Oct/2022:12:21:37 +0800] "POST /xingrg/kc/buy/cgsh_order_operate.html HTTP/1.1" 200 624
58.37.5.139 - - [28/Oct/2022:12:21:40 +0800] "GET /xingrg/kc/print/load_data.html?order_code=212022102808668&kc_code=cgsh&condition= HTTP/1.1" 200 713
221.239.141.151 - - [28/Oct/2022:12:21:45 +0800] "GET /xingrg/all/function/internal_message.html?_=1666930896724&CODE_STATE=getMsg HTTP/1.1" 200 27
180.163.29.212 - - [28/Oct/2022:12:21:45 +0800] "GET /xingrg/check_reg.html?_=1666930833421 HTTP/1.1" 302 -
180.163.29.212 - - [28/Oct/2022:12:21:45 +0800] "GET /xingrg/login.html HTTP/1.1" 200 7641
218.81.217.29 - - [28/Oct/2022:12:21:46 +0800] "GET /xingrg/all/function/internal_message.html?_=1666930919263&CODE_STATE=getMsg HTTP/1.1" 200 27
58.37.5.139 - - [28/Oct/2022:12:21:46 +0800] "GET /xingrg/kc/buy/cgsh_order_add.html HTTP/1.1" 200 69097
58.37.5.139 - - [28/Oct/2022:12:21:47 +0800] "POST /xingrg/kc/buy/cgsh_order_operate.html HTTP/1.1" 200 8245
58.37.5.139 - - [28/Oct/2022:12:21:47 +0800] "GET /xingrg/javascript/easyui/themes/default/validatebox.css HTTP/1.1" 404 1104
180.162.109.76 - - [28/Oct/2022:12:21:48 +0800] "GET /xingrg/all/function/internal_message.html?_=1666929971113&CODE_STATE=getMsg HTTP/1.1" 200 27
58.37.5.139 - - [28/Oct/2022:12:21:48 +0800] "GET /xingrg/javascript/easyui/themes/default/tree.css HTTP/1.1" 404 1090
58.37.5.139 - - [28/Oct/2022:12:21:48 +0800] "POST /xingrg/all/common/load_tree.html?tree=supplier_tree_json&isDelete=1 HTTP/1.1" 200 69393
222.69.192.207 - - [28/Oct/2022:12:21:50 +0800] "GET /xingrg/all/function/internal_message.html?_=1666930901972&CODE_STATE=getMsg HTTP/1.1" 200 27
180.169.147.146 - - [28/Oct/2022:12:21:51 +0800] "POST /xingrg/kc/buy/cgsh_order_operate.html HTTP/1.1" 200 3836
180.169.147.146 - - [28/Oct/2022:12:21:52 +0800] "GET /xingrg/kc/print/load_data.html?order_code=212022102808669&kc_code=cgsh&condition= HTTP/1.1" 200 1159
116.230.105.139 - - [28/Oct/2022:12:21:54 +0800] "GET /xingrg/all/function/internal_message.html?_=1666930868422&CODE_STATE=getMsg HTTP/1.1" 200 27
222.69.192.207 - - [28/Oct/2022:12:21:59 +0800] "POST /xingrg/kc/buy/cgsh_list_operate.html HTTP/1.1" 200 4
180.169.147.146 - - [28/Oct/2022:12:22:01 +0800] "GET /xingrg/kc/buy/cgsh_order_add.html HTTP/1.1" 200 69106
180.169.147.146 - - [28/Oct/2022:12:22:02 +0800] "POST /xingrg/kc/buy/cgsh_order_operate.html HTTP/1.1" 200 8245
180.169.147.146 - - [28/Oct/2022:12:22:02 +0800] "GET /xingrg/javascript/easyui/themes/default/validatebox.css HTTP/1.1" 404 1104
58.37.5.139 - - [28/Oct/2022:12:22:03 +0800] "GET /xingrg/all/function/internal_message.html?_=1666930911358&CODE_STATE=getMsg HTTP/1.1" 200 27
222.69.192.207 - - [28/Oct/2022:12:22:03 +0800] "POST /xingrg/kc/buy/cgsh_list_operate.html HTTP/1.1" 200 5892
116.238.139.35 - - [28/Oct/2022:12:22:04 +0800] "GET /xingrg/all/function/internal_message.html?_=1666930915576&CODE_STATE=getMsg HTTP/1.1" 200 27
58.37.5.139 - - [28/Oct/2022:12:22:07 +0800] "GET /xingrg/all/function/internal_message.html?_=1666930920214&CODE_STATE=getMsg HTTP/1.1" 200 27
58.37.5.139 - - [28/Oct/2022:12:22:07 +0800] "GET /xingrg/check_reg.html?_=1666930920390 HTTP/1.1" 200 22
58.37.5.139 - - [28/Oct/2022:12:22:15 +0800] "GET /xingrg/kc/buy/cgsh_order_operate.html?command=get_materiel&rest_code=00106&code=00101014017&supplier_code=00100211&order_time=2022-10-28 HTTP/1.1" 200 419
180.169.147.146 - - [28/Oct/2022:12:22:17 +0800] "GET /xingrg/kc/buy/cgsh_order_operate.html?command=get_materiel&rest_code=00147&code=00101028020&supplier_code=00100017&order_time=2022-10-28 HTTP/1.1" 200 451
180.169.147.146 - - [28/Oct/2022:12:22:21 +0800] "POST /xingrg/all/common/load_select.html HTTP/1.1" 200 25
116.230.105.139 - - [28/Oct/2022:12:22:22 +0800] "GET /xingrg/kc/buy/cgsh_order_add.html HTTP/1.1" 200 69109
116.230.105.139 - - [28/Oct/2022:12:22:23 +0800] "POST /xingrg/kc/buy/cgsh_order_operate.html HTTP/1.1" 200 8245
116.230.105.139 - - [28/Oct/2022:12:22:23 +0800] "GET /xingrg/javascript/easyui/themes/default/validatebox.css HTTP/1.1" 404 1104
116.238.139.35 - - [28/Oct/2022:12:22:23 +0800] "GET /xingrg/all/function/internal_message.html?_=1666930868563&CODE_STATE=getMsg HTTP/1.1" 200 27
180.169.147.146 - - [28/Oct/2022:12:22:25 +0800] "GET /xingrg/kc/buy/cgsh_order_operate.html?command=get_materiel_price&rest_code=00147&code=00101028020&unit_code=00100159&supplier_code=00100017&order_time=2022-10-28 HTTP/1.1" 200 30
101.85.95.132 - - [28/Oct/2022:12:22:26 +0800] "GET /xingrg/all/function/internal_message.html?_=1666930935850&CODE_STATE=getMsg HTTP/1.1" 200 27
58.37.5.139 - - [28/Oct/2022:12:22:28 +0800] "POST /xingrg/kc/buy/cgsh_order_operate.html HTTP/1.1" 200 37
114.83.221.131 - - [28/Oct/2022:12:22:31 +0800] "GET /xingrg/all/function/internal_message.html?_=1666930940120&CODE_STATE=getMsg HTTP/1.1" 200 27
114.84.81.136 - - [28/Oct/2022:12:22:33 +0800] "GET /xingrg/all/function/internal_message.html?_=1666930945356&CODE_STATE=getMsg HTTP/1.1" 200 27
221.239.141.151 - - [28/Oct/2022:12:22:33 +0800] "GET /xingrg/all/function/internal_message.html?_=1666930967116&CODE_STATE=getMsg HTTP/1.1" 200 27
180.169.147.146 - - [28/Oct/2022:12:22:34 +0800] "POST /xingrg/kc/buy/cgsh_order_operate.html HTTP/1.1" 200 37
58.37.5.139 - - [28/Oct/2022:12:22:35 +0800] "POST /xingrg/kc/buy/cgsh_order_operate.html HTTP/1.1" 200 12
114.83.219.57 - - [28/Oct/2022:12:22:36 +0800] "GET /xingrg/all/function/internal_message.html?_=1666931054780&CODE_STATE=getMsg HTTP/1.1" 200 27
180.169.147.146 - - [28/Oct/2022:12:22:36 +0800] "POST /xingrg/kc/buy/cgsh_order_operate.html HTTP/1.1" 200 2690
58.37.5.139 - - [28/Oct/2022:12:22:37 +0800] "GET /xingrg/kc/buy/cgsh_order_info.html?code=212022102808670 HTTP/1.1" 200 63998
58.37.5.139 - - [28/Oct/2022:12:22:37 +0800] "GET /xingrg/javascript/easyui/themes/default/validatebox.css HTTP/1.1" 404 1104
180.169.147.146 - - [28/Oct/2022:12:22:37 +0800] "GET /xingrg/kc/print/load_data.html?order_code=212022102808671&kc_code=cgsh&condition= HTTP/1.1" 200 769
58.37.5.139 - - [28/Oct/2022:12:22:38 +0800] "POST /xingrg/kc/buy/cgsh_order_operate.html HTTP/1.1" 200 614
180.169.147.146 - - [28/Oct/2022:12:22:40 +0800] "GET /xingrg/all/function/internal_message.html?_=1666930949307&CODE_STATE=getMsg HTTP/1.1" 200 27
58.37.5.139 - - [28/Oct/2022:12:22:40 +0800] "GET /xingrg/kc/print/load_data.html?order_code=212022102808670&kc_code=cgsh&condition= HTTP/1.1" 200 694
116.238.139.35 - - [28/Oct/2022:12:22:44 +0800] "GET /xingrg/check_reg.html?_=1666930889693 HTTP/1.1" 200 22
58.37.5.139 - - [28/Oct/2022:12:22:44 +0800] "GET /xingrg/kc/buy/cgsh_order_add.html HTTP/1.1" 200 69097
58.37.5.139 - - [28/Oct/2022:12:22:45 +0800] "POST /xingrg/kc/buy/cgsh_order_operate.html HTTP/1.1" 200 8245
221.239.141.151 - - [28/Oct/2022:12:22:45 +0800] "GET /xingrg/all/function/internal_message.html?_=1666930956718&CODE_STATE=getMsg HTTP/1.1" 200 27
58.37.5.139 - - [28/Oct/2022:12:22:45 +0800] "GET /xingrg/javascript/easyui/themes/default/validatebox.css HTTP/1.1" 404 1104
221.239.141.151 - - [28/Oct/2022:12:22:45 +0800] "GET /xingrg/check_reg.html?_=1666930957439 HTTP/1.1" 200 22
218.81.217.29 - - [28/Oct/2022:12:22:46 +0800] "GET /xingrg/all/function/internal_message.html?_=1666930979457&CODE_STATE=getMsg HTTP/1.1" 200 27
58.37.5.139 - - [28/Oct/2022:12:22:46 +0800] "GET /xingrg/javascript/easyui/themes/default/tree.css HTTP/1.1" 404 1090
58.37.5.139 - - [28/Oct/2022:12:22:46 +0800] "POST /xingrg/all/common/load_tree.html?tree=supplier_tree_json&isDelete=1 HTTP/1.1" 200 69393
114.83.221.131 - - [28/Oct/2022:12:22:47 +0800] "POST /xingrg/services/DataTransmitService HTTP/1.1" 200 524
180.162.109.76 - - [28/Oct/2022:12:22:48 +0800] "GET /xingrg/all/function/internal_message.html?_=1666930031098&CODE_STATE=getMsg HTTP/1.1" 200 27
222.69.192.207 - - [28/Oct/2022:12:22:48 +0800] "POST /xingrg/kc/buy/cgsh_list_operate.html HTTP/1.1" 200 4
222.69.192.207 - - [28/Oct/2022:12:22:50 +0800] "GET /xingrg/all/function/internal_message.html?_=1666930961967&CODE_STATE=getMsg HTTP/1.1" 200 27
222.69.192.207 - - [28/Oct/2022:12:22:52 +0800] "POST /xingrg/kc/buy/cgsh_list_operate.html HTTP/1.1" 200 3562
114.83.221.131 - - [28/Oct/2022:12:22:53 +0800] "POST /xingrg/services/DataTransmitService HTTP/1.1" 200 501
116.230.105.139 - - [28/Oct/2022:12:22:54 +0800] "GET /xingrg/all/function/internal_message.html?_=1666930928439&CODE_STATE=getMsg HTTP/1.1" 200 27
116.230.105.139 - - [28/Oct/2022:12:22:54 +0800] "GET /xingrg/check_reg.html?_=1666930928441 HTTP/1.1" 200 22
58.37.5.139 - - [28/Oct/2022:12:23:03 +0800] "GET /xingrg/all/function/internal_message.html?_=1666930971337&CODE_STATE=getMsg HTTP/1.1" 200 27
116.238.139.35 - - [28/Oct/2022:12:23:04 +0800] "GET /xingrg/all/function/internal_message.html?_=1666930975583&CODE_STATE=getMsg HTTP/1.1" 200 27
58.37.5.139 - - [28/Oct/2022:12:23:05 +0800] "GET /xingrg/kc/buy/cgsh_order_operate.html?command=get_materiel&rest_code=00106&code=00101009034&supplier_code=00100335&order_time=2022-10-28 HTTP/1.1" 200 428
58.37.5.139 - - [28/Oct/2022:12:23:07 +0800] "GET /xingrg/all/function/internal_message.html?_=1666930980211&CODE_STATE=getMsg HTTP/1.1" 200 27
222.69.192.207 - - [28/Oct/2022:12:23:10 +0800] "POST /xingrg/kc/buy/cgsh_list_operate.html HTTP/1.1" 200 4
222.69.192.207 - - [28/Oct/2022:12:23:13 +0800] "POST /xingrg/kc/buy/cgsh_list_operate.html HTTP/1.1" 200 986
58.37.5.139 - - [28/Oct/2022:12:23:16 +0800] "POST /xingrg/kc/buy/cgsh_order_operate.html HTTP/1.1" 200 37
222.69.192.207 - - [28/Oct/2022:12:23:22 +0800] "GET /xingrg/kc/mdqp/pssh_order_list.html HTTP/1.1" 200 17912
222.69.192.207 - - [28/Oct/2022:12:23:22 +0800] "POST /xingrg/kc/mdqp/pssh_list_operate.html HTTP/1.1" 200 5462
58.37.5.139 - - [28/Oct/2022:12:23:22 +0800] "POST /xingrg/kc/buy/cgsh_order_operate.html HTTP/1.1" 200 12
58.37.5.139 - - [28/Oct/2022:12:23:23 +0800] "GET /xingrg/kc/buy/cgsh_order_info.html?code=212022102808672 HTTP/1.1" 200 64000
116.238.139.35 - - [28/Oct/2022:12:23:23 +0800] "GET /xingrg/all/function/internal_message.html?_=1666930928569&CODE_STATE=getMsg HTTP/1.1" 200 27
58.37.5.139 - - [28/Oct/2022:12:23:23 +0800] "GET /xingrg/javascript/easyui/themes/default/validatebox.css HTTP/1.1" 404 1104
58.37.5.139 - - [28/Oct/2022:12:23:24 +0800] "POST /xingrg/kc/buy/cgsh_order_operate.html HTTP/1.1" 200 616
222.69.192.207 - - [28/Oct/2022:12:23:26 +0800] "GET /xingrg/kc/base/wldb_order_list.html HTTP/1.1" 200 19142
101.85.95.132 - - [28/Oct/2022:12:23:26 +0800] "GET /xingrg/all/function/internal_message.html?_=1666930995847&CODE_STATE=getMsg HTTP/1.1" 200 27
58.37.5.139 - - [28/Oct/2022:12:23:26 +0800] "GET /xingrg/kc/print/load_data.html?order_code=212022102808672&kc_code=cgsh&condition= HTTP/1.1" 200 699
222.69.192.207 - - [28/Oct/2022:12:23:26 +0800] "POST /xingrg/kc/base/wldb_list_operate.html HTTP/1.1" 200 5485
114.83.221.131 - - [28/Oct/2022:12:23:31 +0800] "GET /xingrg/all/function/internal_message.html?_=1666931000103&CODE_STATE=getMsg HTTP/1.1" 200 27
58.37.5.139 - - [28/Oct/2022:12:23:31 +0800] "GET /xingrg/kc/buy/cgsh_order_add.html HTTP/1.1" 200 69097
58.37.5.139 - - [28/Oct/2022:12:23:32 +0800] "POST /xingrg/kc/buy/cgsh_order_operate.html HTTP/1.1" 200 8245
58.37.5.139 - - [28/Oct/2022:12:23:32 +0800] "GET /xingrg/javascript/easyui/themes/default/validatebox.css HTTP/1.1" 404 1104
114.84.81.136 - - [28/Oct/2022:12:23:33 +0800] "GET /xingrg/all/function/internal_message.html?_=1666931005341&CODE_STATE=getMsg HTTP/1.1" 200 27
221.239.141.151 - - [28/Oct/2022:12:23:33 +0800] "GET /xingrg/all/function/internal_message.html?_=1666931027094&CODE_STATE=getMsg HTTP/1.1" 200 27
221.239.141.151 - - [28/Oct/2022:12:23:35 +0800] "GET /xingrg/check_reg.html?_=1666931028165 HTTP/1.1" 200 22
58.37.5.139 - - [28/Oct/2022:12:23:35 +0800] "GET /xingrg/javascript/easyui/themes/default/tree.css HTTP/1.1" 404 1090
58.37.5.139 - - [28/Oct/2022:12:23:35 +0800] "POST /xingrg/all/common/load_tree.html?tree=supplier_tree_json&isDelete=1 HTTP/1.1" 200 69393
114.83.219.57 - - [28/Oct/2022:12:23:36 +0800] "GET /xingrg/all/function/internal_message.html?_=1666931114767&CODE_STATE=getMsg HTTP/1.1" 200 27
180.169.147.146 - - [28/Oct/2022:12:23:40 +0800] "GET /xingrg/all/function/internal_message.html?_=1666931009284&CODE_STATE=getMsg HTTP/1.1" 200 27
221.239.141.151 - - [28/Oct/2022:12:23:45 +0800] "GET /xingrg/all/function/internal_message.html?_=1666931016699&CODE_STATE=getMsg HTTP/1.1" 200 27
218.81.217.29 - - [28/Oct/2022:12:23:46 +0800] "GET /xingrg/all/function/internal_message.html?_=1666931039461&CODE_STATE=getMsg HTTP/1.1" 200 27
180.162.109.76 - - [28/Oct/2022:12:23:48 +0800] "GET /xingrg/all/function/internal_message.html?_=1666930091084&CODE_STATE=getMsg HTTP/1.1" 200 27
180.162.109.76 - - [28/Oct/2022:12:23:48 +0800] "GET /xingrg/check_reg.html?_=1666930091212 HTTP/1.1" 200 22
222.69.192.207 - - [28/Oct/2022:12:23:50 +0800] "GET /xingrg/all/function/internal_message.html?_=1666931021983&CODE_STATE=getMsg HTTP/1.1" 200 27
222.69.192.207 - - [28/Oct/2022:12:23:50 +0800] "GET /xingrg/check_reg.html?_=1666931021986 HTTP/1.1" 200 22
116.230.105.139 - - [28/Oct/2022:12:23:54 +0800] "GET /xingrg/all/function/internal_message.html?_=1666930988432&CODE_STATE=getMsg HTTP/1.1" 200 27
58.37.5.139 - - [28/Oct/2022:12:23:56 +0800] "GET /xingrg/kc/buy/cgsh_order_operate.html?command=get_materiel&rest_code=00106&code=00101012046&supplier_code=00100487&order_time=2022-10-28 HTTP/1.1" 200 417
116.230.105.139 - - [28/Oct/2022:12:23:59 +0800] "GET /xingrg/kc/mdqp/pssh_order_list.html HTTP/1.1" 200 17832
116.230.105.139 - - [28/Oct/2022:12:23:59 +0800] "POST /xingrg/kc/mdqp/pssh_list_operate.html HTTP/1.1" 200 9078
116.230.105.139 - - [28/Oct/2022:12:24:01 +0800] "POST /xingrg/kc/mdqp/pssh_list_operate.html HTTP/1.1" 200 286
116.230.105.139 - - [28/Oct/2022:12:24:01 +0800] "GET /xingrg/kc/mdqp/pssh_order_info.html?code=312022102700520 HTTP/1.1" 200 17303
116.230.105.139 - - [28/Oct/2022:12:24:01 +0800] "GET /xingrg/javascript/jquery_tools/jquery-1.4.2.min.js HTTP/1.1" 404 1094
116.230.105.139 - - [28/Oct/2022:12:24:02 +0800] "GET /xingrg/all/common/auto_word.html?type=base&rest_code=00155&rest_code=00155 HTTP/1.1" 200 1807
116.230.105.139 - - [28/Oct/2022:12:24:02 +0800] "GET /xingrg/javascript/easyui/themes/default/validatebox.css HTTP/1.1" 404 1104
116.230.105.139 - - [28/Oct/2022:12:24:02 +0800] "POST /xingrg/kc/mdqp/pssh_order_operate.html HTTP/1.1" 200 564
58.37.5.139 - - [28/Oct/2022:12:24:03 +0800] "GET /xingrg/all/function/internal_message.html?_=1666931031319&CODE_STATE=getMsg HTTP/1.1" 200 27
116.238.139.35 - - [28/Oct/2022:12:24:04 +0800] "GET /xingrg/all/function/internal_message.html?_=1666931035577&CODE_STATE=getMsg HTTP/1.1" 200 27
58.37.5.139 - - [28/Oct/2022:12:24:07 +0800] "GET /xingrg/all/function/internal_message.html?_=1666931040187&CODE_STATE=getMsg HTTP/1.1" 200 27
222.69.192.207 - - [28/Oct/2022:12:24:07 +0800] "POST /xingrg/kc/base/wldb_list_operate.html HTTP/1.1" 200 4
116.230.105.139 - - [28/Oct/2022:12:24:09 +0800] "POST /xingrg/kc/mdqp/pssh_order_operate.html HTTP/1.1" 200 37
222.69.192.207 - - [28/Oct/2022:12:24:09 +0800] "POST /xingrg/kc/base/wldb_list_operate.html HTTP/1.1" 200 2540
116.230.105.139 - - [28/Oct/2022:12:24:10 +0800] "POST /xingrg/kc/mdqp/pssh_order_operate.html HTTP/1.1" 200 12
116.230.105.139 - - [28/Oct/2022:12:24:10 +0800] "GET /xingrg/kc/mdqp/pssh_order_info.html?code=312022102700520 HTTP/1.1" 200 14392
116.230.105.139 - - [28/Oct/2022:12:24:10 +0800] "GET /xingrg/javascript/jquery_tools/jquery-1.4.2.min.js HTTP/1.1" 404 1094
116.230.105.139 - - [28/Oct/2022:12:24:11 +0800] "POST /xingrg/kc/mdqp/pssh_order_operate.html HTTP/1.1" 200 564
116.230.105.139 - - [28/Oct/2022:12:24:11 +0800] "GET /xingrg/javascript/easyui/themes/default/validatebox.css HTTP/1.1" 404 1104
116.230.105.139 - - [28/Oct/2022:12:24:11 +0800] "GET /xingrg/kc/print/load_config.html?kc_code=pssh HTTP/1.1" 200 2291
116.230.105.139 - - [28/Oct/2022:12:24:12 +0800] "GET /xingrg/kc/print/load_data.html?order_code=312022102700520&kc_code=pssh&condition= HTTP/1.1" 200 707
116.230.105.139 - - [28/Oct/2022:12:24:18 +0800] "POST /xingrg/kc/mdqp/pssh_list_operate.html HTTP/1.1" 200 9103
116.230.105.139 - - [28/Oct/2022:12:24:19 +0800] "POST /xingrg/kc/mdqp/pssh_list_operate.html HTTP/1.1" 200 574
116.230.105.139 - - [28/Oct/2022:12:24:20 +0800] "GET /xingrg/kc/mdqp/pssh_order_info.html?code=312022102700519 HTTP/1.1" 200 17307
116.230.105.139 - - [28/Oct/2022:12:24:20 +0800] "GET /xingrg/javascript/jquery_tools/jquery-1.4.2.min.js HTTP/1.1" 404 1094
116.230.105.139 - - [28/Oct/2022:12:24:20 +0800] "POST /xingrg/kc/mdqp/pssh_list_operate.html HTTP/1.1" 200 9103
116.230.105.139 - - [28/Oct/2022:12:24:21 +0800] "GET /xingrg/javascript/easyui/themes/default/validatebox.css HTTP/1.1" 404 1104
116.230.105.139 - - [28/Oct/2022:12:24:21 +0800] "POST /xingrg/kc/mdqp/pssh_order_operate.html HTTP/1.1" 200 2122
116.238.139.35 - - [28/Oct/2022:12:24:23 +0800] "GET /xingrg/all/function/internal_message.html?_=1666930988582&CODE_STATE=getMsg HTTP/1.1" 200 27
222.69.192.207 - - [28/Oct/2022:12:24:24 +0800] "POST /xingrg/kc/base/wldb_list_operate.html HTTP/1.1" 200 4
116.230.105.139 - - [28/Oct/2022:12:24:25 +0800] "POST /xingrg/kc/mdqp/pssh_order_operate.html HTTP/1.1" 200 37
58.37.5.139 - - [28/Oct/2022:12:24:25 +0800] "POST /xingrg/kc/buy/cgsh_order_operate.html HTTP/1.1" 200 37
116.230.105.139 - - [28/Oct/2022:12:24:25 +0800] "POST /xingrg/kc/mdqp/pssh_order_operate.html HTTP/1.1" 200 12
222.69.192.207 - - [28/Oct/2022:12:24:26 +0800] "POST /xingrg/kc/base/wldb_list_operate.html HTTP/1.1" 200 928
101.85.95.132 - - [28/Oct/2022:12:24:26 +0800] "GET /xingrg/all/function/internal_message.html?_=1666931055848&CODE_STATE=getMsg HTTP/1.1" 200 27
116.230.105.139 - - [28/Oct/2022:12:24:26 +0800] "GET /xingrg/kc/mdqp/pssh_order_info.html?code=312022102700519 HTTP/1.1" 200 14396
116.230.105.139 - - [28/Oct/2022:12:24:26 +0800] "GET /xingrg/javascript/jquery_tools/jquery-1.4.2.min.js HTTP/1.1" 404 1094
116.230.105.139 - - [28/Oct/2022:12:24:26 +0800] "POST /xingrg/kc/mdqp/pssh_order_operate.html HTTP/1.1" 200 2122
116.230.105.139 - - [28/Oct/2022:12:24:26 +0800] "GET /xingrg/javascript/easyui/themes/default/validatebox.css HTTP/1.1" 404 1104
116.230.105.139 - - [28/Oct/2022:12:24:27 +0800] "GET /xingrg/kc/print/load_data.html?order_code=312022102700519&kc_code=pssh&condition= HTTP/1.1" 200 1226
58.37.5.139 - - [28/Oct/2022:12:24:28 +0800] "POST /xingrg/kc/buy/cgsh_order_operate.html HTTP/1.1" 200 12
58.37.5.139 - - [28/Oct/2022:12:24:29 +0800] "GET /xingrg/kc/buy/cgsh_order_info.html?code=212022102808673 HTTP/1.1" 200 64010
58.37.5.139 - - [28/Oct/2022:12:24:29 +0800] "GET /xingrg/words/20221028111829_words.js HTTP/1.1" 304 -
58.37.5.139 - - [28/Oct/2022:12:24:29 +0800] "GET /xingrg/javascript/easyui/themes/default/validatebox.css HTTP/1.1" 404 1104
58.37.5.139 - - [28/Oct/2022:12:24:30 +0800] "POST /xingrg/kc/buy/cgsh_order_operate.html HTTP/1.1" 200 1205
116.230.105.139 - - [28/Oct/2022:12:24:31 +0800] "POST /xingrg/kc/mdqp/pssh_list_operate.html HTTP/1.1" 200 9128
114.83.221.131 - - [28/Oct/2022:12:24:31 +0800] "GET /xingrg/all/function/internal_message.html?_=1666931060088&CODE_STATE=getMsg HTTP/1.1" 200 27
58.37.5.139 - - [28/Oct/2022:12:24:32 +0800] "GET /xingrg/kc/print/load_data.html?order_code=212022102808673&kc_code=cgsh&condition= HTTP/1.1" 200 932
116.230.105.139 - - [28/Oct/2022:12:24:32 +0800] "POST /xingrg/kc/mdqp/pssh_list_operate.html HTTP/1.1" 200 586
114.84.81.136 - - [28/Oct/2022:12:24:33 +0800] "GET /xingrg/all/function/internal_message.html?_=1666931065353&CODE_STATE=getMsg HTTP/1.1" 200 27
116.230.105.139 - - [28/Oct/2022:12:24:33 +0800] "GET /xingrg/kc/mdqp/pssh_order_info.html?code=312022102700518 HTTP/1.1" 200 17307
114.83.221.131 - - [28/Oct/2022:12:24:33 +0800] "GET /xingrg/check_reg.html?_=1666931062218 HTTP/1.1" 200 22
116.230.105.139 - - [28/Oct/2022:12:24:33 +0800] "GET /xingrg/javascript/jquery_tools/jquery-1.4.2.min.js HTTP/1.1" 404 1094
116.230.105.139 - - [28/Oct/2022:12:24:33 +0800] "POST /xingrg/kc/mdqp/pssh_list_operate.html HTTP/1.1" 200 9128
221.239.141.151 - - [28/Oct/2022:12:24:33 +0800] "GET /xingrg/all/function/internal_message.html?_=1666931087073&CODE_STATE=getMsg HTTP/1.1" 200 27
114.84.81.136 - - [28/Oct/2022:12:24:34 +0800] "GET /xingrg/check_reg.html?_=1666931065760 HTTP/1.1" 200 22
116.230.105.139 - - [28/Oct/2022:12:24:34 +0800] "GET /xingrg/javascript/easyui/themes/default/validatebox.css HTTP/1.1" 404 1104
116.230.105.139 - - [28/Oct/2022:12:24:34 +0800] "POST /xingrg/kc/mdqp/pssh_order_operate.html HTTP/1.1" 200 2140
114.83.219.57 - - [28/Oct/2022:12:24:36 +0800] "GET /xingrg/all/function/internal_message.html?_=1666931174784&CODE_STATE=getMsg HTTP/1.1" 200 27
114.83.219.57 - - [28/Oct/2022:12:24:36 +0800] "GET /xingrg/check_reg.html?_=1666931174786 HTTP/1.1" 200 22
116.230.105.139 - - [28/Oct/2022:12:24:40 +0800] "POST /xingrg/kc/mdqp/pssh_order_operate.html HTTP/1.1" 200 37
180.169.147.146 - - [28/Oct/2022:12:24:40 +0800] "GET /xingrg/all/function/internal_message.html?_=1666931069269&CODE_STATE=getMsg HTTP/1.1" 200 27
116.230.105.139 - - [28/Oct/2022:12:24:40 +0800] "POST /xingrg/kc/mdqp/pssh_order_operate.html HTTP/1.1" 200 12
116.230.105.139 - - [28/Oct/2022:12:24:41 +0800] "GET /xingrg/kc/mdqp/pssh_order_info.html?code=312022102700518 HTTP/1.1" 200 14396
116.230.105.139 - - [28/Oct/2022:12:24:41 +0800] "GET /xingrg/javascript/jquery_tools/jquery-1.4.2.min.js HTTP/1.1" 404 1094
116.230.105.139 - - [28/Oct/2022:12:24:41 +0800] "POST /xingrg/kc/mdqp/pssh_order_operate.html HTTP/1.1" 200 2140
116.230.105.139 - - [28/Oct/2022:12:24:41 +0800] "GET /xingrg/javascript/easyui/themes/default/validatebox.css HTTP/1.1" 404 1104
116.230.105.139 - - [28/Oct/2022:12:24:42 +0800] "GET /xingrg/kc/print/load_data.html?order_code=312022102700518&kc_code=pssh&condition= HTTP/1.1" 200 1254
58.37.5.139 - - [28/Oct/2022:12:24:42 +0800] "GET /xingrg/kc/buy/cgsh_order_add.html HTTP/1.1" 200 69097
58.37.5.139 - - [28/Oct/2022:12:24:42 +0800] "POST /xingrg/kc/buy/cgsh_order_operate.html HTTP/1.1" 200 8245
58.37.5.139 - - [28/Oct/2022:12:24:42 +0800] "GET /xingrg/javascript/easyui/themes/default/validatebox.css HTTP/1.1" 404 1104
58.37.5.139 - - [28/Oct/2022:12:24:45 +0800] "GET /xingrg/javascript/easyui/themes/default/tree.css HTTP/1.1" 404 1090
58.37.5.139 - - [28/Oct/2022:12:24:45 +0800] "POST /xingrg/all/common/load_tree.html?tree=supplier_tree_json&isDelete=1 HTTP/1.1" 200 69393
221.239.141.151 - - [28/Oct/2022:12:24:45 +0800] "GET /xingrg/all/function/internal_message.html?_=1666931076677&CODE_STATE=getMsg HTTP/1.1" 200 27
218.81.217.29 - - [28/Oct/2022:12:24:46 +0800] "GET /xingrg/all/function/internal_message.html?_=1666931099659&CODE_STATE=getMsg HTTP/1.1" 200 27
180.162.109.76 - - [28/Oct/2022:12:24:48 +0800] "GET /xingrg/all/function/internal_message.html?_=1666930151056&CODE_STATE=getMsg HTTP/1.1" 200 27
222.69.192.207 - - [28/Oct/2022:12:24:50 +0800] "GET /xingrg/all/function/internal_message.html?_=1666931081982&CODE_STATE=getMsg HTTP/1.1" 200 27
116.230.105.139 - - [28/Oct/2022:12:24:54 +0800] "GET /xingrg/all/function/internal_message.html?_=1666931048436&CODE_STATE=getMsg HTTP/1.1" 200 27
218.81.217.29 - - [28/Oct/2022:12:25:01 +0800] "GET /xingrg/check_reg.html?_=1666931115027 HTTP/1.1" 200 22
180.163.29.234 - - [28/Oct/2022:12:25:03 +0800] "GET /xingrg/all/function/internal_message.html?_=1666931031319&CODE_STATE=getMsg HTTP/1.1" 302 -
180.163.29.234 - - [28/Oct/2022:12:25:03 +0800] "GET /xingrg/login.html HTTP/1.1" 200 7641
58.37.5.139 - - [28/Oct/2022:12:25:03 +0800] "GET /xingrg/all/function/internal_message.html?_=1666931091295&CODE_STATE=getMsg HTTP/1.1" 200 27
116.238.139.35 - - [28/Oct/2022:12:25:04 +0800] "GET /xingrg/all/function/internal_message.html?_=1666931095572&CODE_STATE=getMsg HTTP/1.1" 200 27
58.37.5.139 - - [28/Oct/2022:12:25:07 +0800] "GET /xingrg/all/function/internal_message.html?_=1666931100164&CODE_STATE=getMsg HTTP/1.1" 200 27
58.37.5.139 - - [28/Oct/2022:12:25:11 +0800] "GET /xingrg/kc/buy/cgsh_order_operate.html?command=get_materiel&rest_code=00106&code=00101007106&supplier_code=00100323&order_time=2022-10-28 HTTP/1.1" 200 409
116.238.139.35 - - [28/Oct/2022:12:25:23 +0800] "GET /xingrg/all/function/internal_message.html?_=1666931048629&CODE_STATE=getMsg HTTP/1.1" 200 27
114.88.159.190 - - [28/Oct/2022:12:25:25 +0800] "GET /xingrg/check_reg.html?_=1666930740814 HTTP/1.1" 200 22
101.85.95.132 - - [28/Oct/2022:12:25:26 +0800] "GET /xingrg/check_reg.html?_=1666931115851 HTTP/1.1" 200 22
101.85.95.132 - - [28/Oct/2022:12:25:26 +0800] "GET /xingrg/all/function/internal_message.html?_=1666931115847&CODE_STATE=getMsg HTTP/1.1" 200 27
58.37.5.139 - - [28/Oct/2022:12:25:30 +0800] "GET /xingrg/kc/buy/cgsh_order_operate.html?command=get_materiel&rest_code=00106&code=00101010785&supplier_code=00100323&order_time=2022-10-28 HTTP/1.1" 200 461
114.83.221.131 - - [28/Oct/2022:12:25:31 +0800] "GET /xingrg/all/function/internal_message.html?_=1666931120065&CODE_STATE=getMsg HTTP/1.1" 200 27
114.84.81.136 - - [28/Oct/2022:12:25:33 +0800] "GET /xingrg/all/function/internal_message.html?_=1666931125323&CODE_STATE=getMsg HTTP/1.1" 200 27
221.239.141.151 - - [28/Oct/2022:12:25:33 +0800] "GET /xingrg/all/function/internal_message.html?_=1666931147049&CODE_STATE=getMsg HTTP/1.1" 200 27
222.70.183.206 - - [28/Oct/2022:12:25:34 +0800] "POST /xingrg/services/DataTransmitService HTTP/1.1" 200 524
114.83.219.57 - - [28/Oct/2022:12:25:36 +0800] "GET /xingrg/all/function/internal_message.html?_=1666931234780&CODE_STATE=getMsg HTTP/1.1" 200 27
180.169.147.146 - - [28/Oct/2022:12:25:40 +0800] "GET /xingrg/all/function/internal_message.html?_=1666931129253&CODE_STATE=getMsg HTTP/1.1" 200 27
221.239.141.151 - - [28/Oct/2022:12:25:45 +0800] "GET /xingrg/all/function/internal_message.html?_=1666931136679&CODE_STATE=getMsg HTTP/1.1" 200 27
58.37.5.139 - - [28/Oct/2022:12:25:45 +0800] "GET /xingrg/check_reg.html?_=1666931133400 HTTP/1.1" 200 22
218.81.217.29 - - [28/Oct/2022:12:25:46 +0800] "GET /xingrg/all/function/internal_message.html?_=1666931159674&CODE_STATE=getMsg HTTP/1.1" 200 27
180.162.109.76 - - [28/Oct/2022:12:25:48 +0800] "GET /xingrg/all/function/internal_message.html?_=1666930211042&CODE_STATE=getMsg HTTP/1.1" 200 27
222.69.192.207 - - [28/Oct/2022:12:25:50 +0800] "GET /xingrg/all/function/internal_message.html?_=1666931141982&CODE_STATE=getMsg HTTP/1.1" 200 27
116.230.105.139 - - [28/Oct/2022:12:25:54 +0800] "GET /xingrg/all/function/internal_message.html?_=1666931108442&CODE_STATE=getMsg HTTP/1.1" 200 27
180.163.28.109 - - [28/Oct/2022:12:26:02 +0800] "GET /xingrg/all/function/internal_message.html?_=1666931091295&CODE_STATE=getMsg HTTP/1.1" 302 -
58.37.5.139 - - [28/Oct/2022:12:26:03 +0800] "GET /xingrg/all/function/internal_message.html?_=1666931151266&CODE_STATE=getMsg HTTP/1.1" 200 27
180.163.28.109 - - [28/Oct/2022:12:26:03 +0800] "GET /xingrg/login.html HTTP/1.1" 200 7641
116.238.139.35 - - [28/Oct/2022:12:26:04 +0800] "GET /xingrg/all/function/internal_message.html?_=1666931155573&CODE_STATE=getMsg HTTP/1.1" 200 27
116.238.139.35 - - [28/Oct/2022:12:26:04 +0800] "GET /xingrg/check_reg.html?_=1666931155576 HTTP/1.1" 200 22
58.37.5.139 - - [28/Oct/2022:12:26:07 +0800] "GET /xingrg/all/function/internal_message.html?_=1666931160134&CODE_STATE=getMsg HTTP/1.1" 200 27
58.37.5.139 - - [28/Oct/2022:12:26:16 +0800] "GET /xingrg/kc/buy/cgsh_order_operate.html?command=get_materiel&rest_code=00106&code=00101004019&supplier_code=00100323&order_time=2022-10-28 HTTP/1.1" 200 413
116.238.139.35 - - [28/Oct/2022:12:26:23 +0800] "GET /xingrg/all/function/internal_message.html?_=1666931108641&CODE_STATE=getMsg HTTP/1.1" 200 27
101.85.95.132 - - [28/Oct/2022:12:26:26 +0800] "GET /xingrg/all/function/internal_message.html?_=1666931175851&CODE_STATE=getMsg HTTP/1.1" 200 27
114.83.221.131 - - [28/Oct/2022:12:26:31 +0800] "GET /xingrg/all/function/internal_message.html?_=1666931180036&CODE_STATE=getMsg HTTP/1.1" 200 27
114.84.81.136 - - [28/Oct/2022:12:26:33 +0800] "GET /xingrg/all/function/internal_message.html?_=1666931185308&CODE_STATE=getMsg HTTP/1.1" 200 27
221.239.141.151 - - [28/Oct/2022:12:26:33 +0800] "GET /xingrg/all/function/internal_message.html?_=1666931207028&CODE_STATE=getMsg HTTP/1.1" 200 27
114.83.219.57 - - [28/Oct/2022:12:26:36 +0800] "GET /xingrg/all/function/internal_message.html?_=1666931294768&CODE_STATE=getMsg HTTP/1.1" 200 27
180.169.147.146 - - [28/Oct/2022:12:26:40 +0800] "GET /xingrg/all/function/internal_message.html?_=1666931189237&CODE_STATE=getMsg HTTP/1.1" 200 27
180.169.147.146 - - [28/Oct/2022:12:26:41 +0800] "GET /xingrg/check_reg.html?_=1666931190908 HTTP/1.1" 200 22
58.37.5.139 - - [28/Oct/2022:12:26:42 +0800] "GET /xingrg/kc/buy/cgsh_order_operate.html?command=get_materiel&rest_code=00106&code=00101001080&supplier_code=00100323&order_time=2022-10-28 HTTP/1.1" 200 421
221.239.141.151 - - [28/Oct/2022:12:26:45 +0800] "GET /xingrg/all/function/internal_message.html?_=1666931196691&CODE_STATE=getMsg HTTP/1.1" 200 27
180.163.30.100 - - [28/Oct/2022:12:26:45 +0800] "GET /xingrg/check_reg.html?_=1666931133400 HTTP/1.1" 302 -
180.163.30.100 - - [28/Oct/2022:12:26:45 +0800] "GET /xingrg/login.html HTTP/1.1" 200 7641
218.81.217.29 - - [28/Oct/2022:12:26:46 +0800] "GET /xingrg/all/function/internal_message.html?_=1666931219690&CODE_STATE=getMsg HTTP/1.1" 200 27
180.162.109.76 - - [28/Oct/2022:12:26:48 +0800] "GET /xingrg/all/function/internal_message.html?_=1666930271027&CODE_STATE=getMsg HTTP/1.1" 200 27
222.69.192.207 - - [28/Oct/2022:12:26:50 +0800] "GET /xingrg/all/function/internal_message.html?_=1666931201983&CODE_STATE=getMsg HTTP/1.1" 200 27
116.230.105.139 - - [28/Oct/2022:12:26:54 +0800] "GET /xingrg/all/function/internal_message.html?_=1666931168444&CODE_STATE=getMsg HTTP/1.1" 200 27
58.37.5.139 - - [28/Oct/2022:12:26:55 +0800] "GET /xingrg/kc/buy/cgsh_order_operate.html?command=get_materiel&rest_code=00106&code=00101002029&supplier_code=00100323&order_time=2022-10-28 HTTP/1.1" 200 414
180.163.29.103 - - [28/Oct/2022:12:27:03 +0800] "GET /xingrg/all/function/internal_message.html?_=1666931151266&CODE_STATE=getMsg HTTP/1.1" 302 -
180.163.29.103 - - [28/Oct/2022:12:27:03 +0800] "GET /xingrg/login.html HTTP/1.1" 200 7641
58.37.5.139 - - [28/Oct/2022:12:27:03 +0800] "GET /xingrg/all/function/internal_message.html?_=1666931211238&CODE_STATE=getMsg HTTP/1.1" 200 27
116.238.139.35 - - [28/Oct/2022:12:27:04 +0800] "GET /xingrg/all/function/internal_message.html?_=1666931215575&CODE_STATE=getMsg HTTP/1.1" 200 27
58.37.5.139 - - [28/Oct/2022:12:27:07 +0800] "GET /xingrg/all/function/internal_message.html?_=1666931220108&CODE_STATE=getMsg HTTP/1.1" 200 27
58.37.5.139 - - [28/Oct/2022:12:27:07 +0800] "GET /xingrg/check_reg.html?_=1666931220403 HTTP/1.1" 200 22
58.37.5.139 - - [28/Oct/2022:12:27:17 +0800] "GET /xingrg/kc/buy/cgsh_order_operate.html?command=get_materiel&rest_code=00106&code=00101010017&supplier_code=00100323&order_time=2022-10-28 HTTP/1.1" 200 424
116.238.139.35 - - [28/Oct/2022:12:27:23 +0800] "GET /xingrg/all/function/internal_message.html?_=1666931168690&CODE_STATE=getMsg HTTP/1.1" 200 27
101.85.95.132 - - [28/Oct/2022:12:27:26 +0800] "GET /xingrg/all/function/internal_message.html?_=1666931235853&CODE_STATE=getMsg HTTP/1.1" 200 27
114.83.221.131 - - [28/Oct/2022:12:27:31 +0800] "GET /xingrg/all/function/internal_message.html?_=1666931240007&CODE_STATE=getMsg HTTP/1.1" 200 27
58.37.5.139 - - [28/Oct/2022:12:27:32 +0800] "GET /xingrg/kc/buy/cgsh_order_operate.html?command=get_materiel&rest_code=00106&code=00101001035&supplier_code=00100323&order_time=2022-10-28 HTTP/1.1" 200 413
114.84.81.136 - - [28/Oct/2022:12:27:33 +0800] "GET /xingrg/all/function/internal_message.html?_=1666931245294&CODE_STATE=getMsg HTTP/1.1" 200 27
221.239.141.151 - - [28/Oct/2022:12:27:33 +0800] "GET /xingrg/all/function/internal_message.html?_=1666931266998&CODE_STATE=getMsg HTTP/1.1" 200 27
114.83.219.57 - - [28/Oct/2022:12:27:36 +0800] "GET /xingrg/all/function/internal_message.html?_=1666931354785&CODE_STATE=getMsg HTTP/1.1" 200 27
180.169.147.146 - - [28/Oct/2022:12:27:40 +0800] "GET /xingrg/all/function/internal_message.html?_=1666931249207&CODE_STATE=getMsg HTTP/1.1" 200 27
116.238.139.35 - - [28/Oct/2022:12:27:44 +0800] "GET /xingrg/check_reg.html?_=1666931189703 HTTP/1.1" 200 22
221.239.141.151 - - [28/Oct/2022:12:27:45 +0800] "GET /xingrg/all/function/internal_message.html?_=1666931256673&CODE_STATE=getMsg HTTP/1.1" 200 27
221.239.141.151 - - [28/Oct/2022:12:27:45 +0800] "GET /xingrg/check_reg.html?_=1666931257427 HTTP/1.1" 200 22
218.81.217.29 - - [28/Oct/2022:12:27:46 +0800] "GET /xingrg/all/function/internal_message.html?_=1666931279894&CODE_STATE=getMsg HTTP/1.1" 200 27
180.162.109.76 - - [28/Oct/2022:12:27:48 +0800] "GET /xingrg/all/function/internal_message.html?_=1666930330997&CODE_STATE=getMsg HTTP/1.1" 200 27
58.37.5.139 - - [28/Oct/2022:12:27:49 +0800] "GET /xingrg/kc/buy/cgsh_order_operate.html?command=get_materiel&rest_code=00106&code=00101006047&supplier_code=00100323&order_time=2022-10-28 HTTP/1.1" 200 413
222.69.192.207 - - [28/Oct/2022:12:27:50 +0800] "GET /xingrg/all/function/internal_message.html?_=1666931261983&CODE_STATE=getMsg HTTP/1.1" 200 27
