58.37.5.139 - - [28/Oct/2022:11:21:05 +0800] "GET /xingrg/all/function/internal_message.html?_=1666927252771&CODE_STATE=getMsg HTTP/1.1" 200 27
180.162.109.76 - - [28/Oct/2022:11:21:05 +0800] "GET /xingrg/kc/buy/cgsh_order_operate.html?command=get_materiel&rest_code=00143&code=00101008353&supplier_code=00100161&order_time=2022-10-28 HTTP/1.1" 200 408
222.70.183.206 - - [28/Oct/2022:11:21:08 +0800] "POST /xingrg/kc/buy/cgsh_list_operate.html HTTP/1.1" 200 296
221.239.141.151 - - [28/Oct/2022:11:21:08 +0800] "GET /xingrg/all/function/internal_message.html?_=1666927259738&CODE_STATE=getMsg HTTP/1.1" 200 27
180.169.147.146 - - [28/Oct/2022:11:21:08 +0800] "GET /xingrg/kc/buy/cgsh_order_operate.html?command=get_materiel&rest_code=00147&code=00101006055&supplier_code=00100015&order_time=2022-10-28 HTTP/1.1" 200 409
114.84.81.136 - - [28/Oct/2022:11:21:08 +0800] "GET /xingrg/all/function/internal_message.html?_=1666927260490&CODE_STATE=getMsg HTTP/1.1" 200 27
114.84.81.136 - - [28/Oct/2022:11:21:08 +0800] "GET /xingrg/check_reg.html?_=1666927260492 HTTP/1.1" 200 22
222.70.183.206 - - [28/Oct/2022:11:21:09 +0800] "GET /xingrg/kc/buy/cgsh_order_info.html?code=212022102808541 HTTP/1.1" 200 69072
222.70.183.206 - - [28/Oct/2022:11:21:09 +0800] "GET /xingrg/words/20221028111829_words.js HTTP/1.1" 200 928159
222.70.183.206 - - [28/Oct/2022:11:21:10 +0800] "GET /xingrg/javascript/easyui/themes/default/validatebox.css HTTP/1.1" 404 1104
222.70.183.206 - - [28/Oct/2022:11:21:10 +0800] "POST /xingrg/kc/buy/cgsh_order_operate.html HTTP/1.1" 200 3279
114.83.221.131 - - [28/Oct/2022:11:21:11 +0800] "GET /xingrg/kc/buy/cgsh_order_operate.html?command=get_materiel&rest_code=00149&code=00101006065&supplier_code=00100012&order_time=2022-10-28 HTTP/1.1" 200 409
221.239.141.151 - - [28/Oct/2022:11:21:16 +0800] "GET /xingrg/kc/buy/cgsh_order_operate.html?command=get_materiel&rest_code=00102&code=00102010188&supplier_code=00100219&order_time=2022-10-28 HTTP/1.1" 200 413
222.70.183.206 - - [28/Oct/2022:11:21:19 +0800] "POST /xingrg/kc/buy/cgsh_order_operate.html HTTP/1.1" 200 37
116.238.139.35 - - [28/Oct/2022:11:21:21 +0800] "GET /xingrg/all/function/internal_message.html?_=1666927206962&CODE_STATE=getMsg HTTP/1.1" 200 27
222.70.183.206 - - [28/Oct/2022:11:21:22 +0800] "POST /xingrg/kc/buy/cgsh_order_operate.html HTTP/1.1" 200 3279
180.169.147.146 - - [28/Oct/2022:11:21:22 +0800] "GET /xingrg/kc/buy/cgsh_order_operate.html?command=get_materiel&rest_code=00147&code=00101006129&supplier_code=00100015&order_time=2022-10-28 HTTP/1.1" 200 452
221.239.141.151 - - [28/Oct/2022:11:21:22 +0800] "GET /xingrg/kc/buy/cgsh_order_operate.html?command=get_materiel&rest_code=00102&code=00102026001&supplier_code=00100219&order_time=2022-10-28 HTTP/1.1" 200 409
114.83.221.131 - - [28/Oct/2022:11:21:23 +0800] "GET /xingrg/kc/buy/cgsh_order_operate.html?command=get_materiel&rest_code=00149&code=00101006055&supplier_code=00100012&order_time=2022-10-28 HTTP/1.1" 200 409
120.253.135.82 - - [28/Oct/2022:11:21:25 +0800] "GET /xingrg/all/function/internal_message.html?_=1666927073754&CODE_STATE=getMsg HTTP/1.1" 200 27
101.85.95.132 - - [28/Oct/2022:11:21:26 +0800] "GET /xingrg/all/function/internal_message.html?_=1666927275775&CODE_STATE=getMsg HTTP/1.1" 200 27
180.169.147.146 - - [28/Oct/2022:11:21:32 +0800] "POST /xingrg/kc/buy/cgsh_order_operate.html HTTP/1.1" 200 37
114.83.221.131 - - [28/Oct/2022:11:21:32 +0800] "GET /xingrg/all/function/internal_message.html?_=1666927281241&CODE_STATE=getMsg HTTP/1.1" 200 27
221.239.141.151 - - [28/Oct/2022:11:21:35 +0800] "GET /xingrg/all/function/internal_message.html?_=1666927308370&CODE_STATE=getMsg HTTP/1.1" 200 27
180.169.147.146 - - [28/Oct/2022:11:21:35 +0800] "POST /xingrg/kc/buy/cgsh_order_operate.html HTTP/1.1" 200 5052
180.169.147.146 - - [28/Oct/2022:11:21:36 +0800] "GET /xingrg/kc/print/load_data.html?order_code=212022102808569&kc_code=cgsh&condition= HTTP/1.1" 200 1703
114.83.219.57 - - [28/Oct/2022:11:21:36 +0800] "GET /xingrg/all/function/internal_message.html?_=1666927394769&CODE_STATE=getMsg HTTP/1.1" 200 27
222.70.183.206 - - [28/Oct/2022:11:21:37 +0800] "GET /xingrg/all/function/internal_message.html?_=1666927285830&CODE_STATE=getMsg HTTP/1.1" 200 27
222.70.183.206 - - [28/Oct/2022:11:21:37 +0800] "GET /xingrg/check_reg.html?_=1666927285832 HTTP/1.1" 200 22
221.239.141.151 - - [28/Oct/2022:11:21:39 +0800] "POST /xingrg/kc/buy/cgsh_order_operate.html HTTP/1.1" 200 37
101.85.95.132 - - [28/Oct/2022:11:21:40 +0800] "GET /xingrg/kc/buy/cgsh_order_add.html HTTP/1.1" 200 68222
101.85.95.132 - - [28/Oct/2022:11:21:40 +0800] "GET /xingrg/words/20221028111829_words.js HTTP/1.1" 200 928159
180.169.147.146 - - [28/Oct/2022:11:21:40 +0800] "GET /xingrg/all/function/internal_message.html?_=1666927290244&CODE_STATE=getMsg HTTP/1.1" 200 27
218.81.217.29 - - [28/Oct/2022:11:21:40 +0800] "GET /xingrg/all/function/internal_message.html?_=1666927313893&CODE_STATE=getMsg HTTP/1.1" 200 27
101.85.95.132 - - [28/Oct/2022:11:21:41 +0800] "POST /xingrg/kc/buy/cgsh_order_operate.html HTTP/1.1" 200 8245
101.85.95.132 - - [28/Oct/2022:11:21:41 +0800] "GET /xingrg/javascript/easyui/themes/default/validatebox.css HTTP/1.1" 404 1104
180.169.147.146 - - [28/Oct/2022:11:21:41 +0800] "GET /xingrg/check_reg.html?_=1666927291024 HTTP/1.1" 200 22
180.162.109.76 - - [28/Oct/2022:11:21:43 +0800] "GET /xingrg/kc/buy/cgsh_order_operate.html?command=get_materiel&rest_code=00143&code=00101008357&supplier_code=00100161&order_time=2022-10-28 HTTP/1.1" 200 408
116.230.105.139 - - [28/Oct/2022:11:21:43 +0800] "GET /xingrg/all/function/internal_message.html?_=1666927257790&CODE_STATE=getMsg HTTP/1.1" 200 27
221.239.141.151 - - [28/Oct/2022:11:21:44 +0800] "POST /xingrg/kc/buy/cgsh_order_operate.html HTTP/1.1" 200 12
221.239.141.151 - - [28/Oct/2022:11:21:45 +0800] "GET /xingrg/kc/buy/cgsh_order_info.html?code=212022102808570 HTTP/1.1" 200 64041
114.83.221.131 - - [28/Oct/2022:11:21:45 +0800] "GET /xingrg/kc/buy/cgsh_order_operate.html?command=get_materiel&rest_code=00149&code=00101006194&supplier_code=00100012&order_time=2022-10-28 HTTP/1.1" 200 413
221.239.141.151 - - [28/Oct/2022:11:21:45 +0800] "GET /xingrg/javascript/easyui/themes/default/validatebox.css HTTP/1.1" 404 1104
221.239.141.151 - - [28/Oct/2022:11:21:45 +0800] "GET /xingrg/all/function/internal_message.html?_=1666927297268&CODE_STATE=getMsg HTTP/1.1" 200 27
180.163.28.68 - - [28/Oct/2022:11:21:45 +0800] "GET /xingrg/check_reg.html?_=1666927233565 HTTP/1.1" 302 -
180.163.28.68 - - [28/Oct/2022:11:21:45 +0800] "GET /xingrg/login.html HTTP/1.1" 200 7641
221.239.141.151 - - [28/Oct/2022:11:21:46 +0800] "POST /xingrg/kc/buy/cgsh_order_operate.html HTTP/1.1" 200 5381
221.239.141.151 - - [28/Oct/2022:11:21:46 +0800] "GET /xingrg/kc/print/load_data.html?order_code=212022102808570&kc_code=cgsh&condition= HTTP/1.1" 200 2518
180.162.109.76 - - [28/Oct/2022:11:21:48 +0800] "GET /xingrg/all/function/internal_message.html?_=1666926371120&CODE_STATE=getMsg HTTP/1.1" 200 27
221.239.141.151 - - [28/Oct/2022:11:21:50 +0800] "GET /xingrg/kc/buy/cgsh_order_add.html HTTP/1.1" 200 69144
221.239.141.151 - - [28/Oct/2022:11:21:50 +0800] "POST /xingrg/kc/buy/cgsh_order_operate.html HTTP/1.1" 200 8245
221.239.141.151 - - [28/Oct/2022:11:21:50 +0800] "GET /xingrg/javascript/easyui/themes/default/validatebox.css HTTP/1.1" 404 1104
116.238.139.35 - - [28/Oct/2022:11:21:56 +0800] "GET /xingrg/all/function/internal_message.html?_=1666927307821&CODE_STATE=getMsg HTTP/1.1" 200 27
114.83.221.131 - - [28/Oct/2022:11:21:58 +0800] "GET /xingrg/kc/buy/cgsh_order_operate.html?command=get_materiel&rest_code=00149&code=00101006056&supplier_code=00100012&order_time=2022-10-28 HTTP/1.1" 200 413
222.69.192.207 - - [28/Oct/2022:11:22:00 +0800] "GET /xingrg/all/function/internal_message.html?_=1666927311550&CODE_STATE=getMsg HTTP/1.1" 200 27
222.69.192.207 - - [28/Oct/2022:11:22:00 +0800] "GET /xingrg/check_reg.html?_=1666927311552 HTTP/1.1" 200 22
221.239.141.151 - - [28/Oct/2022:11:22:00 +0800] "GET /xingrg/kc/buy/cgsh_order_operate.html?command=get_materiel&rest_code=00102&code=00102010263&supplier_code=00100219&order_time=2022-10-28 HTTP/1.1" 200 414
101.85.95.132 - - [28/Oct/2022:11:22:01 +0800] "GET /xingrg/kc/buy/cgsh_order_operate.html?command=get_materiel&rest_code=00142&code=00101008126&supplier_code=00100161&order_time=2022-10-28 HTTP/1.1" 200 412
180.162.109.76 - - [28/Oct/2022:11:22:02 +0800] "GET /xingrg/kc/buy/cgsh_order_operate.html?command=get_materiel&rest_code=00143&code=00101008312&supplier_code=00100161&order_time=2022-10-28 HTTP/1.1" 200 412
180.163.28.68 - - [28/Oct/2022:11:22:04 +0800] "GET /xingrg/all/function/internal_message.html?_=1666927252771&CODE_STATE=getMsg HTTP/1.1" 302 -
180.163.28.68 - - [28/Oct/2022:11:22:05 +0800] "GET /xingrg/login.html HTTP/1.1" 200 7641
58.37.5.139 - - [28/Oct/2022:11:22:05 +0800] "GET /xingrg/all/function/internal_message.html?_=1666927312750&CODE_STATE=getMsg HTTP/1.1" 200 27
120.253.135.82 - - [28/Oct/2022:11:22:08 +0800] "GET /xingrg/kc/pszx/mdqp_order_list.html?state=10 HTTP/1.1" 200 10663
120.253.135.82 - - [28/Oct/2022:11:22:08 +0800] "GET /xingrg/dwr/interface/AjaxReportQueryService.js HTTP/1.1" 200 13203
120.253.135.82 - - [28/Oct/2022:11:22:08 +0800] "GET /xingrg/dwr/interface/AjaxQqpsService.js HTTP/1.1" 200 16326
120.253.135.82 - - [28/Oct/2022:11:22:08 +0800] "GET /xingrg/dwr/engine.js HTTP/1.1" 200 43631
221.239.141.151 - - [28/Oct/2022:11:22:08 +0800] "GET /xingrg/all/function/internal_message.html?_=1666927319754&CODE_STATE=getMsg HTTP/1.1" 200 27
114.84.81.136 - - [28/Oct/2022:11:22:08 +0800] "GET /xingrg/all/function/internal_message.html?_=1666927320507&CODE_STATE=getMsg HTTP/1.1" 200 27
114.83.221.131 - - [28/Oct/2022:11:22:09 +0800] "GET /xingrg/kc/buy/cgsh_order_operate.html?command=get_materiel&rest_code=00149&code=00101006108&supplier_code=00100012&order_time=2022-10-28 HTTP/1.1" 200 421
101.85.95.132 - - [28/Oct/2022:11:22:13 +0800] "GET /xingrg/kc/buy/cgsh_order_operate.html?command=get_materiel&rest_code=00142&code=00101008108&supplier_code=00100161&order_time=2022-10-28 HTTP/1.1" 200 412
120.253.135.82 - - [28/Oct/2022:11:22:14 +0800] "GET /xingrg/kc/pszx/mdqp_order_list.html?state=10 HTTP/1.1" 200 10663
120.253.135.82 - - [28/Oct/2022:11:22:14 +0800] "GET /xingrg/dwr/interface/AjaxReportQueryService.js HTTP/1.1" 200 13203
120.253.135.82 - - [28/Oct/2022:11:22:14 +0800] "GET /xingrg/dwr/interface/AjaxQqpsService.js HTTP/1.1" 200 16326
120.253.135.82 - - [28/Oct/2022:11:22:14 +0800] "GET /xingrg/dwr/engine.js HTTP/1.1" 200 43631
221.239.141.151 - - [28/Oct/2022:11:22:15 +0800] "GET /xingrg/kc/buy/cgsh_order_operate.html?command=get_materiel&rest_code=00102&code=00102009693&supplier_code=00100219&order_time=2022-10-28 HTTP/1.1" 200 420
180.162.109.76 - - [28/Oct/2022:11:22:17 +0800] "GET /xingrg/kc/buy/cgsh_order_operate.html?command=get_materiel&rest_code=00143&code=00101008264&supplier_code=00100161&order_time=2022-10-28 HTTP/1.1" 200 412
120.253.135.82 - - [28/Oct/2022:11:22:18 +0800] "GET /xingrg/kc/pszx/jzcl_ps.html HTTP/1.1" 200 7683
120.253.135.82 - - [28/Oct/2022:11:22:18 +0800] "GET /xingrg/javascript/jquery_easy_ui/easyui-lang-zh_CN.js HTTP/1.1" 200 1900
120.253.135.82 - - [28/Oct/2022:11:22:18 +0800] "GET /xingrg/javascript/step/step.css HTTP/1.1" 200 999
120.253.135.82 - - [28/Oct/2022:11:22:18 +0800] "GET /xingrg/css/table.css HTTP/1.1" 200 3684
120.253.135.82 - - [28/Oct/2022:11:22:18 +0800] "GET /xingrg/javascript/tools/jquery.qtip-1.0.0-rc3.min.js HTTP/1.1" 200 38404
120.253.135.82 - - [28/Oct/2022:11:22:18 +0800] "GET /xingrg/javascript/step/images/navCurrentBtn.gif HTTP/1.1" 200 557
120.253.135.82 - - [28/Oct/2022:11:22:18 +0800] "GET /xingrg/javascript/jquery_easy_ui/themes/default/images/button_a_bg.gif HTTP/1.1" 200 1194
120.253.135.82 - - [28/Oct/2022:11:22:18 +0800] "GET /xingrg/javascript/jquery_easy_ui/themes/icons/search.png HTTP/1.1" 200 813
120.253.135.82 - - [28/Oct/2022:11:22:18 +0800] "GET /xingrg/javascript/jquery_easy_ui/themes/default/images/button_span_bg.gif HTTP/1.1" 200 2061
120.253.135.82 - - [28/Oct/2022:11:22:18 +0800] "GET /xingrg/javascript/jquery_easy_ui/themes/default/images/combo_arrow_dot.gif HTTP/1.1" 200 79
120.253.135.82 - - [28/Oct/2022:11:22:18 +0800] "POST /xingrg/all/common/load_tree.html?tree=area_rest_tree_json HTTP/1.1" 200 3481
120.253.135.82 - - [28/Oct/2022:11:22:18 +0800] "GET /xingrg/javascript/jquery_easy_ui/themes/default/images/calendar_prevmonth.gif HTTP/1.1" 200 66
120.253.135.82 - - [28/Oct/2022:11:22:18 +0800] "GET /xingrg/javascript/jquery_easy_ui/themes/default/images/calendar_prevyear.gif HTTP/1.1" 200 76
120.253.135.82 - - [28/Oct/2022:11:22:18 +0800] "GET /xingrg/javascript/jquery_easy_ui/themes/default/images/calendar_nextmonth.gif HTTP/1.1" 200 64
120.253.135.82 - - [28/Oct/2022:11:22:18 +0800] "GET /xingrg/javascript/jquery_easy_ui/themes/default/images/calendar_nextyear.gif HTTP/1.1" 200 75
120.253.135.82 - - [28/Oct/2022:11:22:18 +0800] "GET /xingrg/javascript/jquery_easy_ui/themes/default/images/datagrid_header_bg.gif HTTP/1.1" 200 97
120.253.135.82 - - [28/Oct/2022:11:22:18 +0800] "GET /xingrg/javascript/jquery_easy_ui/themes/default/images/pagination_loading.gif HTTP/1.1" 200 1737
120.253.135.82 - - [28/Oct/2022:11:22:18 +0800] "GET /xingrg/javascript/jquery_easy_ui/themes/default/images/tree_checkbox_0.gif HTTP/1.1" 200 168
120.253.135.82 - - [28/Oct/2022:11:22:18 +0800] "GET /xingrg/javascript/jquery_easy_ui/themes/icons/rest.png HTTP/1.1" 200 695
120.253.135.82 - - [28/Oct/2022:11:22:18 +0800] "POST /xingrg/kc/pszx/jzcl_ps_operate.html HTTP/1.1" 200 412
120.253.135.82 - - [28/Oct/2022:11:22:18 +0800] "POST /xingrg/kc/pszx/jzcl_ps_operate.html HTTP/1.1" 200 412
114.83.221.131 - - [28/Oct/2022:11:22:21 +0800] "POST /xingrg/kc/buy/cgsh_order_operate.html HTTP/1.1" 200 37
116.238.139.35 - - [28/Oct/2022:11:22:21 +0800] "GET /xingrg/all/function/internal_message.html?_=1666927267011&CODE_STATE=getMsg HTTP/1.1" 200 27
101.85.95.132 - - [28/Oct/2022:11:22:23 +0800] "GET /xingrg/kc/buy/cgsh_order_operate.html?command=get_materiel&rest_code=00142&code=00101008368&supplier_code=00100161&order_time=2022-10-28 HTTP/1.1" 200 408
221.239.141.151 - - [28/Oct/2022:11:22:23 +0800] "GET /xingrg/kc/buy/cgsh_order_operate.html?command=get_materiel&rest_code=00102&code=00102010678&supplier_code=00100219&order_time=2022-10-28 HTTP/1.1" 200 421
120.253.135.82 - - [28/Oct/2022:11:22:23 +0800] "POST /xingrg/kc/pszx/jzcl_ps_operate.html HTTP/1.1" 200 4
120.253.135.82 - - [28/Oct/2022:11:22:23 +0800] "GET /xingrg/javascript/step/images/navDoneBtn.gif HTTP/1.1" 200 394
120.253.135.82 - - [28/Oct/2022:11:22:23 +0800] "GET /xingrg/javascript/step/images/navLastDoneBtn.gif HTTP/1.1" 200 552
120.253.135.82 - - [28/Oct/2022:11:22:24 +0800] "GET /xingrg/kc/pszx/mdps_order_list.html HTTP/1.1" 200 21016
120.253.135.82 - - [28/Oct/2022:11:22:25 +0800] "POST /xingrg/kc/pszx/jzcl_ps_operate.html HTTP/1.1" 200 21
120.253.135.82 - - [28/Oct/2022:11:22:25 +0800] "POST /xingrg/kc/pszx/mdps_list_operate.html HTTP/1.1" 200 5342
120.253.135.82 - - [28/Oct/2022:11:22:25 +0800] "GET /xingrg/all/function/internal_message.html?_=1666927133770&CODE_STATE=getMsg HTTP/1.1" 200 27
101.85.95.132 - - [28/Oct/2022:11:22:26 +0800] "GET /xingrg/all/function/internal_message.html?_=1666927335776&CODE_STATE=getMsg HTTP/1.1" 200 27
221.239.141.151 - - [28/Oct/2022:11:22:28 +0800] "GET /xingrg/kc/buy/cgsh_order_operate.html?command=get_materiel&rest_code=00102&code=00102010297&supplier_code=00100219&order_time=2022-10-28 HTTP/1.1" 200 412
114.83.221.131 - - [28/Oct/2022:11:22:29 +0800] "POST /xingrg/kc/buy/cgsh_order_operate.html HTTP/1.1" 200 12
114.83.221.131 - - [28/Oct/2022:11:22:30 +0800] "GET /xingrg/kc/buy/cgsh_order_info.html?code=212022102808571 HTTP/1.1" 200 64094
114.83.221.131 - - [28/Oct/2022:11:22:30 +0800] "GET /xingrg/words/20221028111829_words.js HTTP/1.1" 304 -
114.83.221.131 - - [28/Oct/2022:11:22:31 +0800] "GET /xingrg/javascript/easyui/themes/default/validatebox.css HTTP/1.1" 404 1104
114.83.221.131 - - [28/Oct/2022:11:22:31 +0800] "POST /xingrg/kc/buy/cgsh_order_operate.html HTTP/1.1" 200 4180
180.162.109.76 - - [28/Oct/2022:11:22:31 +0800] "GET /xingrg/kc/buy/cgsh_order_operate.html?command=get_materiel&rest_code=00143&code=00101013044&supplier_code=00100161&order_time=2022-10-28 HTTP/1.1" 200 447
114.83.221.131 - - [28/Oct/2022:11:22:32 +0800] "GET /xingrg/all/function/internal_message.html?_=1666927341223&CODE_STATE=getMsg HTTP/1.1" 200 27
114.83.221.131 - - [28/Oct/2022:11:22:32 +0800] "GET /xingrg/kc/print/load_data.html?order_code=212022102808571&kc_code=cgsh&condition= HTTP/1.1" 200 2179
101.85.95.132 - - [28/Oct/2022:11:22:33 +0800] "GET /xingrg/kc/buy/cgsh_order_operate.html?command=get_materiel&rest_code=00142&code=00101008049&supplier_code=00100161&order_time=2022-10-28 HTTP/1.1" 200 408
221.239.141.151 - - [28/Oct/2022:11:22:35 +0800] "GET /xingrg/all/function/internal_message.html?_=1666927368336&CODE_STATE=getMsg HTTP/1.1" 200 27
221.239.141.151 - - [28/Oct/2022:11:22:35 +0800] "GET /xingrg/kc/buy/cgsh_order_list.html HTTP/1.1" 200 53322
114.88.159.190 - - [28/Oct/2022:11:22:35 +0800] "GET /xingrg/kc/buy/cgsh_order_add.html HTTP/1.1" 200 69103
114.88.159.190 - - [28/Oct/2022:11:22:36 +0800] "POST /xingrg/kc/buy/cgsh_order_operate.html HTTP/1.1" 200 8245
114.88.159.190 - - [28/Oct/2022:11:22:36 +0800] "GET /xingrg/javascript/easyui/themes/default/validatebox.css HTTP/1.1" 404 1104
114.83.219.57 - - [28/Oct/2022:11:22:36 +0800] "GET /xingrg/all/function/internal_message.html?_=1666927454786&CODE_STATE=getMsg HTTP/1.1" 200 27
221.239.141.151 - - [28/Oct/2022:11:22:36 +0800] "POST /xingrg/kc/buy/cgsh_list_operate.html HTTP/1.1" 200 986
221.239.141.151 - - [28/Oct/2022:11:22:36 +0800] "GET /xingrg/kc/buy/cgsh_order_operate.html?command=get_materiel&rest_code=00102&code=00102010331&supplier_code=00100219&order_time=2022-10-28 HTTP/1.1" 200 408
180.162.109.76 - - [28/Oct/2022:11:22:37 +0800] "POST /xingrg/kc/buy/cgsh_order_operate.html HTTP/1.1" 200 2065
222.70.183.206 - - [28/Oct/2022:11:22:37 +0800] "GET /xingrg/all/function/internal_message.html?_=1666927345817&CODE_STATE=getMsg HTTP/1.1" 200 27
114.83.221.131 - - [28/Oct/2022:11:22:39 +0800] "GET /xingrg/kc/buy/cgsh_order_add.html HTTP/1.1" 200 69191
114.83.221.131 - - [28/Oct/2022:11:22:39 +0800] "POST /xingrg/kc/buy/cgsh_order_operate.html HTTP/1.1" 200 8245
114.83.221.131 - - [28/Oct/2022:11:22:39 +0800] "GET /xingrg/javascript/easyui/themes/default/validatebox.css HTTP/1.1" 404 1104
180.169.147.146 - - [28/Oct/2022:11:22:40 +0800] "GET /xingrg/all/function/internal_message.html?_=1666927350224&CODE_STATE=getMsg HTTP/1.1" 200 27
114.83.221.131 - - [28/Oct/2022:11:22:40 +0800] "GET /xingrg/javascript/auto/indicator.gif HTTP/1.1" 404 1066
218.81.217.29 - - [28/Oct/2022:11:22:40 +0800] "GET /xingrg/all/function/internal_message.html?_=1666927374079&CODE_STATE=getMsg HTTP/1.1" 200 27
120.253.135.82 - - [28/Oct/2022:11:22:41 +0800] "POST /xingrg/kc/pszx/mdps_list_operate.html HTTP/1.1" 200 3547
114.83.221.131 - - [28/Oct/2022:11:22:43 +0800] "GET /xingrg/javascript/jquery_tools/images/next.gif HTTP/1.1" 404 1086
114.83.221.131 - - [28/Oct/2022:11:22:43 +0800] "GET /xingrg/javascript/jquery_tools/images/prev.gif HTTP/1.1" 404 1086
120.253.135.82 - - [28/Oct/2022:11:22:43 +0800] "POST /xingrg/kc/pszx/mdps_list_operate.html HTTP/1.1" 200 212
116.230.105.139 - - [28/Oct/2022:11:22:43 +0800] "GET /xingrg/all/function/internal_message.html?_=1666927317800&CODE_STATE=getMsg HTTP/1.1" 200 27
116.238.139.35 - - [28/Oct/2022:11:22:44 +0800] "GET /xingrg/check_reg.html?_=1666927289627 HTTP/1.1" 200 22
221.239.141.151 - - [28/Oct/2022:11:22:44 +0800] "GET /xingrg/kc/buy/cgsh_order_operate.html?command=get_materiel&rest_code=00102&code=00102003555&supplier_code=00100219&order_time=2022-10-28 HTTP/1.1" 200 413
120.253.135.82 - - [28/Oct/2022:11:22:44 +0800] "GET /xingrg/kc/pszx/mdps_order_info.html?code=312022102800554 HTTP/1.1" 200 23978
221.239.141.151 - - [28/Oct/2022:11:22:44 +0800] "POST /xingrg/kc/buy/cgsh_list_operate.html HTTP/1.1" 200 6448
120.253.135.82 - - [28/Oct/2022:11:22:44 +0800] "GET /xingrg/words/20221028111829_words.js HTTP/1.1" 200 928159
221.239.141.151 - - [28/Oct/2022:11:22:45 +0800] "GET /xingrg/all/function/internal_message.html?_=1666927357236&CODE_STATE=getMsg HTTP/1.1" 200 27
120.253.135.82 - - [28/Oct/2022:11:22:45 +0800] "GET /xingrg/javascript/easyui/themes/default/validatebox.css HTTP/1.1" 404 1104
120.253.135.82 - - [28/Oct/2022:11:22:45 +0800] "POST /xingrg/kc/pszx/mdps_order_operate.html HTTP/1.1" 200 2305
101.85.95.132 - - [28/Oct/2022:11:22:45 +0800] "GET /xingrg/kc/buy/cgsh_order_operate.html?command=get_materiel&rest_code=00142&code=00101008268&supplier_code=00100161&order_time=2022-10-28 HTTP/1.1" 200 408
221.239.141.151 - - [28/Oct/2022:11:22:45 +0800] "GET /xingrg/check_reg.html?_=1666927357603 HTTP/1.1" 200 22
221.239.141.151 - - [28/Oct/2022:11:22:47 +0800] "POST /xingrg/kc/buy/cgsh_list_operate.html HTTP/1.1" 200 287
180.162.109.76 - - [28/Oct/2022:11:22:47 +0800] "GET /xingrg/kc/buy/cgsh_order_operate.html?command=get_materiel&rest_code=00143&code=00101008275&supplier_code=00100161&order_time=2022-10-28 HTTP/1.1" 200 417
180.162.109.76 - - [28/Oct/2022:11:22:48 +0800] "GET /xingrg/all/function/internal_message.html?_=1666926431126&CODE_STATE=getMsg HTTP/1.1" 200 27
221.239.141.151 - - [28/Oct/2022:11:22:48 +0800] "GET /xingrg/kc/buy/cgsh_order_info.html?code=212022102808523 HTTP/1.1" 200 64037
221.239.141.151 - - [28/Oct/2022:11:22:48 +0800] "GET /xingrg/words/20221028111829_words.js HTTP/1.1" 200 928159
120.253.135.82 - - [28/Oct/2022:11:22:49 +0800] "POST /xingrg/kc/pszx/mdps_order_operate.html HTTP/1.1" 200 37
221.239.141.151 - - [28/Oct/2022:11:22:49 +0800] "GET /xingrg/javascript/easyui/themes/default/validatebox.css HTTP/1.1" 404 1104
120.253.135.82 - - [28/Oct/2022:11:22:49 +0800] "GET /xingrg/kc/pszx/mdps_order_info.html?code=312022102800554 HTTP/1.1" 200 23978
221.239.141.151 - - [28/Oct/2022:11:22:49 +0800] "POST /xingrg/kc/buy/cgsh_order_operate.html HTTP/1.1" 200 1206
120.253.135.82 - - [28/Oct/2022:11:22:50 +0800] "GET /xingrg/javascript/easyui/themes/default/validatebox.css HTTP/1.1" 404 1104
120.253.135.82 - - [28/Oct/2022:11:22:50 +0800] "POST /xingrg/kc/pszx/mdps_order_operate.html HTTP/1.1" 200 2313
116.238.139.35 - - [28/Oct/2022:11:22:56 +0800] "GET /xingrg/all/function/internal_message.html?_=1666927367821&CODE_STATE=getMsg HTTP/1.1" 200 27
221.239.141.151 - - [28/Oct/2022:11:22:56 +0800] "GET /xingrg/kc/buy/cgsh_order_operate.html?command=get_materiel&rest_code=00102&code=00102009563&supplier_code=00100219&order_time=2022-10-28 HTTP/1.1" 200 420
101.85.95.132 - - [28/Oct/2022:11:22:57 +0800] "GET /xingrg/kc/buy/cgsh_order_operate.html?command=get_materiel&rest_code=00142&code=00101008059&supplier_code=00100161&order_time=2022-10-28 HTTP/1.1" 200 408
114.83.221.131 - - [28/Oct/2022:11:22:58 +0800] "GET /xingrg/kc/buy/cgsh_order_operate.html?command=get_materiel&rest_code=00149&code=00101012038&supplier_code=00100036&order_time=2022-10-28 HTTP/1.1" 200 412
120.253.135.82 - - [28/Oct/2022:11:22:58 +0800] "POST /xingrg/kc/pszx/mdps_order_operate.html HTTP/1.1" 200 37
120.253.135.82 - - [28/Oct/2022:11:22:59 +0800] "GET /xingrg/kc/pszx/mdps_order_info.html?code=312022102800554 HTTP/1.1" 200 23978
222.69.192.207 - - [28/Oct/2022:11:23:00 +0800] "GET /xingrg/all/function/internal_message.html?_=1666927371551&CODE_STATE=getMsg HTTP/1.1" 200 27
120.253.135.82 - - [28/Oct/2022:11:23:00 +0800] "GET /xingrg/javascript/easyui/themes/default/validatebox.css HTTP/1.1" 404 1104
120.253.135.82 - - [28/Oct/2022:11:23:00 +0800] "POST /xingrg/kc/pszx/mdps_order_operate.html HTTP/1.1" 200 2313
120.253.135.82 - - [28/Oct/2022:11:23:02 +0800] "GET /xingrg/kc/print/load_data.html?order_code=312022102800554&kc_code=mdps&condition= HTTP/1.1" 200 712
180.162.109.76 - - [28/Oct/2022:11:23:02 +0800] "GET /xingrg/kc/buy/cgsh_order_operate.html?command=get_materiel&rest_code=00143&code=00101008283&supplier_code=00100161&order_time=2022-10-28 HTTP/1.1" 200 408
221.239.141.151 - - [28/Oct/2022:11:23:03 +0800] "GET /xingrg/kc/buy/cgsh_order_operate.html?command=get_materiel&rest_code=00102&code=00102002235&supplier_code=00100219&order_time=2022-10-28 HTTP/1.1" 200 410
58.37.5.139 - - [28/Oct/2022:11:23:05 +0800] "GET /xingrg/all/function/internal_message.html?_=1666927372721&CODE_STATE=getMsg HTTP/1.1" 200 27
180.163.30.76 - - [28/Oct/2022:11:23:05 +0800] "GET /xingrg/all/function/internal_message.html?_=1666927312750&CODE_STATE=getMsg HTTP/1.1" 302 -
180.163.30.76 - - [28/Oct/2022:11:23:05 +0800] "GET /xingrg/login.html HTTP/1.1" 200 7641
101.85.95.132 - - [28/Oct/2022:11:23:05 +0800] "GET /xingrg/kc/buy/cgsh_order_operate.html?command=get_materiel&rest_code=00142&code=00101008361&supplier_code=00100161&order_time=2022-10-28 HTTP/1.1" 200 408
221.239.141.151 - - [28/Oct/2022:11:23:08 +0800] "GET /xingrg/all/function/internal_message.html?_=1666927379731&CODE_STATE=getMsg HTTP/1.1" 200 27
114.84.81.136 - - [28/Oct/2022:11:23:08 +0800] "GET /xingrg/all/function/internal_message.html?_=1666927380492&CODE_STATE=getMsg HTTP/1.1" 200 27
114.83.221.131 - - [28/Oct/2022:11:23:10 +0800] "GET /xingrg/kc/buy/cgsh_order_operate.html?command=get_materiel&rest_code=00149&code=00101010092&supplier_code=00100036&order_time=2022-10-28 HTTP/1.1" 200 450
101.85.95.132 - - [28/Oct/2022:11:23:13 +0800] "GET /xingrg/kc/buy/cgsh_order_operate.html?command=get_materiel&rest_code=00142&code=00101008155&supplier_code=00100161&order_time=2022-10-28 HTTP/1.1" 200 408
180.162.109.76 - - [28/Oct/2022:11:23:16 +0800] "GET /xingrg/kc/buy/cgsh_order_operate.html?command=get_materiel&rest_code=00143&code=00101008354&supplier_code=00100161&order_time=2022-10-28 HTTP/1.1" 200 412
114.83.221.131 - - [28/Oct/2022:11:23:20 +0800] "GET /xingrg/kc/buy/cgsh_order_operate.html?command=get_materiel&rest_code=00149&code=00101016030&supplier_code=00100036&order_time=2022-10-28 HTTP/1.1" 200 412
222.69.192.207 - - [28/Oct/2022:11:23:20 +0800] "GET /xingrg/kc/base/wldb_order_add.html HTTP/1.1" 200 30365
222.69.192.207 - - [28/Oct/2022:11:23:20 +0800] "GET /xingrg/words/20221028111829_words.js HTTP/1.1" 200 928159
222.69.192.207 - - [28/Oct/2022:11:23:21 +0800] "POST /xingrg/kc/base/wldb_order_operate.html HTTP/1.1" 200 6806
222.69.192.207 - - [28/Oct/2022:11:23:21 +0800] "GET /xingrg/javascript/easyui/themes/default/validatebox.css HTTP/1.1" 404 1104
116.238.139.35 - - [28/Oct/2022:11:23:21 +0800] "GET /xingrg/all/function/internal_message.html?_=1666927327021&CODE_STATE=getMsg HTTP/1.1" 200 27
120.253.135.82 - - [28/Oct/2022:11:23:23 +0800] "GET /xingrg/check_reg.html?_=1666927191245 HTTP/1.1" 200 22
101.85.95.132 - - [28/Oct/2022:11:23:23 +0800] "GET /xingrg/kc/buy/cgsh_order_operate.html?command=get_materiel&rest_code=00142&code=00101008371&supplier_code=00100161&order_time=2022-10-28 HTTP/1.1" 200 412
222.69.192.207 - - [28/Oct/2022:11:23:23 +0800] "POST /xingrg/all/common/load_combo.html?type=base HTTP/1.1" 200 3409
120.253.135.82 - - [28/Oct/2022:11:23:25 +0800] "GET /xingrg/all/function/internal_message.html?_=1666927193784&CODE_STATE=getMsg HTTP/1.1" 200 27
101.85.95.132 - - [28/Oct/2022:11:23:26 +0800] "GET /xingrg/all/function/internal_message.html?_=1666927395782&CODE_STATE=getMsg HTTP/1.1" 200 27
114.83.221.131 - - [28/Oct/2022:11:23:28 +0800] "POST /xingrg/kc/buy/cgsh_order_operate.html HTTP/1.1" 200 37
180.162.109.76 - - [28/Oct/2022:11:23:28 +0800] "GET /xingrg/kc/buy/cgsh_order_operate.html?command=get_materiel&rest_code=00143&code=00101008323&supplier_code=00100161&order_time=2022-10-28 HTTP/1.1" 200 408
114.88.159.190 - - [28/Oct/2022:11:23:29 +0800] "GET /xingrg/kc/buy/cgsh_order_operate.html?command=get_materiel&rest_code=00141&code=00101018019&supplier_code=00100330&order_time=2022-10-28 HTTP/1.1" 200 421
221.239.141.151 - - [28/Oct/2022:11:23:31 +0800] "GET /xingrg/kc/buy/cgsh_order_operate.html?command=get_materiel&rest_code=00102&code=00102002293&supplier_code=00100219&order_time=2022-10-28 HTTP/1.1" 200 412
101.85.95.132 - - [28/Oct/2022:11:23:32 +0800] "GET /xingrg/kc/buy/cgsh_order_operate.html?command=get_materiel&rest_code=00142&code=00101008355&supplier_code=00100161&order_time=2022-10-28 HTTP/1.1" 200 408
116.235.93.82 - - [28/Oct/2022:11:23:35 +0800] "POST /xingrg/services/DataTransmitService HTTP/1.1" 200 524
221.239.141.151 - - [28/Oct/2022:11:23:35 +0800] "GET /xingrg/all/function/internal_message.html?_=1666927428310&CODE_STATE=getMsg HTTP/1.1" 200 27
221.239.141.151 - - [28/Oct/2022:11:23:35 +0800] "GET /xingrg/check_reg.html?_=1666927428388 HTTP/1.1" 200 22
222.69.192.207 - - [28/Oct/2022:11:23:35 +0800] "GET /xingrg/kc/base/wldb_order_operate.html?command=get_materiel&rest_code=00105&base_code=0010507&code=00101019258 HTTP/1.1" 200 483
114.83.221.131 - - [28/Oct/2022:11:23:36 +0800] "POST /xingrg/kc/buy/cgsh_order_operate.html HTTP/1.1" 200 12
114.83.219.57 - - [28/Oct/2022:11:23:36 +0800] "GET /xingrg/all/function/internal_message.html?_=1666927514788&CODE_STATE=getMsg HTTP/1.1" 200 27
222.70.183.206 - - [28/Oct/2022:11:23:37 +0800] "GET /xingrg/all/function/internal_message.html?_=1666927405817&CODE_STATE=getMsg HTTP/1.1" 200 27
114.83.221.131 - - [28/Oct/2022:11:23:37 +0800] "GET /xingrg/kc/buy/cgsh_order_info.html?code=212022102808572 HTTP/1.1" 200 64096
114.83.221.131 - - [28/Oct/2022:11:23:37 +0800] "GET /xingrg/words/20221028111829_words.js HTTP/1.1" 304 -
114.83.221.131 - - [28/Oct/2022:11:23:37 +0800] "GET /xingrg/javascript/easyui/themes/default/validatebox.css HTTP/1.1" 404 1104
114.83.221.131 - - [28/Oct/2022:11:23:38 +0800] "POST /xingrg/kc/buy/cgsh_order_operate.html HTTP/1.1" 200 1805
180.162.109.76 - - [28/Oct/2022:11:23:38 +0800] "GET /xingrg/kc/buy/cgsh_order_operate.html?command=get_materiel&rest_code=00143&code=00101008205&supplier_code=00100161&order_time=2022-10-28 HTTP/1.1" 200 412
221.239.141.151 - - [28/Oct/2022:11:23:39 +0800] "GET /xingrg/kc/buy/cgsh_order_operate.html?command=get_materiel&rest_code=00102&code=00102002294&supplier_code=00100219&order_time=2022-10-28 HTTP/1.1" 200 416
116.235.93.82 - - [28/Oct/2022:11:23:40 +0800] "POST /xingrg/services/DataTransmitService HTTP/1.1" 200 501
180.169.147.146 - - [28/Oct/2022:11:23:40 +0800] "GET /xingrg/all/function/internal_message.html?_=1666927410208&CODE_STATE=getMsg HTTP/1.1" 200 27
114.83.221.131 - - [28/Oct/2022:11:23:40 +0800] "GET /xingrg/kc/print/load_data.html?order_code=212022102808572&kc_code=cgsh&condition= HTTP/1.1" 200 1248
218.81.217.29 - - [28/Oct/2022:11:23:41 +0800] "GET /xingrg/all/function/internal_message.html?_=1666927434090&CODE_STATE=getMsg HTTP/1.1" 200 27
114.88.159.190 - - [28/Oct/2022:11:23:42 +0800] "GET /xingrg/kc/buy/cgsh_order_operate.html?command=get_materiel&rest_code=00141&code=00101018007&supplier_code=00100330&order_time=2022-10-28 HTTP/1.1" 200 409
222.69.192.207 - - [28/Oct/2022:11:23:43 +0800] "GET /xingrg/kc/base/wldb_order_operate.html?command=get_materiel&rest_code=00105&base_code=0010507&code=00101019384 HTTP/1.1" 200 471
180.162.109.76 - - [28/Oct/2022:11:23:43 +0800] "POST /xingrg/kc/buy/cgsh_order_operate.html HTTP/1.1" 200 2065
116.230.105.139 - - [28/Oct/2022:11:23:43 +0800] "GET /xingrg/all/function/internal_message.html?_=1666927377803&CODE_STATE=getMsg HTTP/1.1" 200 27
116.230.105.139 - - [28/Oct/2022:11:23:43 +0800] "GET /xingrg/check_reg.html?_=1666927377807 HTTP/1.1" 200 22
114.83.221.131 - - [28/Oct/2022:11:23:45 +0800] "GET /xingrg/kc/buy/cgsh_order_add.html HTTP/1.1" 200 69191
114.83.221.131 - - [28/Oct/2022:11:23:45 +0800] "POST /xingrg/kc/buy/cgsh_order_operate.html HTTP/1.1" 200 8245
221.239.141.151 - - [28/Oct/2022:11:23:45 +0800] "GET /xingrg/all/function/internal_message.html?_=1666927417222&CODE_STATE=getMsg HTTP/1.1" 200 27
114.83.221.131 - - [28/Oct/2022:11:23:45 +0800] "GET /xingrg/javascript/easyui/themes/default/validatebox.css HTTP/1.1" 404 1104
101.85.95.132 - - [28/Oct/2022:11:23:45 +0800] "GET /xingrg/kc/buy/cgsh_order_operate.html?command=get_materiel&rest_code=00142&code=00101008024&supplier_code=00100161&order_time=2022-10-28 HTTP/1.1" 200 408
114.83.221.131 - - [28/Oct/2022:11:23:46 +0800] "GET /xingrg/javascript/auto/indicator.gif HTTP/1.1" 404 1066
221.239.141.151 - - [28/Oct/2022:11:23:47 +0800] "GET /xingrg/kc/buy/cgsh_order_operate.html?command=get_materiel&rest_code=00102&code=00102002130&supplier_code=00100219&order_time=2022-10-28 HTTP/1.1" 200 408
114.83.221.131 - - [28/Oct/2022:11:23:47 +0800] "GET /xingrg/javascript/jquery_tools/images/next.gif HTTP/1.1" 404 1086
114.83.221.131 - - [28/Oct/2022:11:23:47 +0800] "GET /xingrg/javascript/jquery_tools/images/prev.gif HTTP/1.1" 404 1086
180.162.109.76 - - [28/Oct/2022:11:23:48 +0800] "GET /xingrg/all/function/internal_message.html?_=1666926491114&CODE_STATE=getMsg HTTP/1.1" 200 27
180.162.109.76 - - [28/Oct/2022:11:23:48 +0800] "GET /xingrg/check_reg.html?_=1666926491117 HTTP/1.1" 200 22
222.69.192.207 - - [28/Oct/2022:11:23:50 +0800] "GET /xingrg/kc/base/wldb_order_operate.html?command=get_materiel&rest_code=00105&base_code=0010507&code=00101019438 HTTP/1.1" 200 461
221.239.141.151 - - [28/Oct/2022:11:23:54 +0800] "GET /xingrg/kc/buy/cgsh_order_operate.html?command=get_materiel&rest_code=00102&code=00102009657&supplier_code=00100219&order_time=2022-10-28 HTTP/1.1" 200 416
101.85.95.132 - - [28/Oct/2022:11:23:54 +0800] "GET /xingrg/kc/buy/cgsh_order_operate.html?command=get_materiel&rest_code=00142&code=00101008356&supplier_code=00100161&order_time=2022-10-28 HTTP/1.1" 200 408
180.162.109.76 - - [28/Oct/2022:11:23:54 +0800] "GET /xingrg/kc/buy/cgsh_order_operate.html?command=get_materiel&rest_code=00143&code=00101008459&supplier_code=00100161&order_time=2022-10-28 HTTP/1.1" 200 409
222.69.192.207 - - [28/Oct/2022:11:23:56 +0800] "GET /xingrg/kc/base/wldb_order_operate.html?command=get_materiel&rest_code=00105&base_code=0010507&code=00101016076 HTTP/1.1" 200 477
116.238.139.35 - - [28/Oct/2022:11:23:56 +0800] "GET /xingrg/all/function/internal_message.html?_=1666927427825&CODE_STATE=getMsg HTTP/1.1" 200 27
116.238.139.35 - - [28/Oct/2022:11:23:56 +0800] "GET /xingrg/check_reg.html?_=1666927427829 HTTP/1.1" 200 22
222.69.192.207 - - [28/Oct/2022:11:24:00 +0800] "GET /xingrg/all/function/internal_message.html?_=1666927431756&CODE_STATE=getMsg HTTP/1.1" 200 27
221.239.141.151 - - [28/Oct/2022:11:24:01 +0800] "GET /xingrg/kc/buy/cgsh_order_operate.html?command=get_materiel&rest_code=00102&code=00102009656&supplier_code=00100219&order_time=2022-10-28 HTTP/1.1" 200 418
222.69.192.207 - - [28/Oct/2022:11:24:02 +0800] "GET /xingrg/kc/base/wldb_order_operate.html?command=get_materiel&rest_code=00105&base_code=0010507&code=00101019015 HTTP/1.1" 200 450
114.88.159.190 - - [28/Oct/2022:11:24:04 +0800] "POST /xingrg/kc/buy/cgsh_order_operate.html HTTP/1.1" 200 37
114.83.221.131 - - [28/Oct/2022:11:24:04 +0800] "GET /xingrg/kc/buy/cgsh_order_operate.html?command=get_materiel&rest_code=00149&code=00101007061&supplier_code=00100205&order_time=2022-10-28 HTTP/1.1" 200 411
58.37.5.139 - - [28/Oct/2022:11:24:05 +0800] "GET /xingrg/all/function/internal_message.html?_=1666927432691&CODE_STATE=getMsg HTTP/1.1" 200 27
101.85.95.132 - - [28/Oct/2022:11:24:05 +0800] "GET /xingrg/kc/buy/cgsh_order_operate.html?command=get_materiel&rest_code=00142&code=00101008286&supplier_code=00100161&order_time=2022-10-28 HTTP/1.1" 200 408
180.162.109.76 - - [28/Oct/2022:11:24:05 +0800] "GET /xingrg/kc/buy/cgsh_order_operate.html?command=get_materiel&rest_code=00143&code=00101012029&supplier_code=00100161&order_time=2022-10-28 HTTP/1.1" 200 412
114.88.159.190 - - [28/Oct/2022:11:24:07 +0800] "POST /xingrg/kc/buy/cgsh_order_operate.html HTTP/1.1" 200 12
114.84.81.136 - - [28/Oct/2022:11:24:08 +0800] "GET /xingrg/all/function/internal_message.html?_=1666927440505&CODE_STATE=getMsg HTTP/1.1" 200 27
114.88.159.190 - - [28/Oct/2022:11:24:08 +0800] "GET /xingrg/kc/buy/cgsh_order_info.html?code=212022102808573 HTTP/1.1" 200 64012
222.69.192.207 - - [28/Oct/2022:11:24:09 +0800] "GET /xingrg/kc/base/wldb_order_operate.html?command=get_materiel&rest_code=00105&base_code=0010507&code=00101019295 HTTP/1.1" 200 477
114.88.159.190 - - [28/Oct/2022:11:24:09 +0800] "GET /xingrg/javascript/easyui/themes/default/validatebox.css HTTP/1.1" 404 1104
221.239.141.151 - - [28/Oct/2022:11:24:12 +0800] "POST /xingrg/kc/buy/cgsh_order_operate.html HTTP/1.1" 200 37
114.88.159.190 - - [28/Oct/2022:11:24:12 +0800] "POST /xingrg/kc/buy/cgsh_order_operate.html HTTP/1.1" 200 1202
114.88.159.190 - - [28/Oct/2022:11:24:13 +0800] "GET /xingrg/kc/print/load_data.html?order_code=212022102808573&kc_code=cgsh&condition= HTTP/1.1" 200 945
101.85.95.132 - - [28/Oct/2022:11:24:14 +0800] "GET /xingrg/kc/buy/cgsh_order_operate.html?command=get_materiel&rest_code=00142&code=00101008353&supplier_code=00100161&order_time=2022-10-28 HTTP/1.1" 200 408
221.239.141.151 - - [28/Oct/2022:11:24:14 +0800] "POST /xingrg/kc/buy/cgsh_order_operate.html HTTP/1.1" 200 8038
180.162.109.76 - - [28/Oct/2022:11:24:16 +0800] "GET /xingrg/kc/buy/cgsh_order_operate.html?command=get_materiel&rest_code=00143&code=00101012024&supplier_code=00100161&order_time=2022-10-28 HTTP/1.1" 200 408
222.69.192.207 - - [28/Oct/2022:11:24:17 +0800] "GET /xingrg/kc/base/wldb_order_operate.html?command=get_materiel&rest_code=00105&base_code=0010507&code=00101019133 HTTP/1.1" 200 480
114.88.159.190 - - [28/Oct/2022:11:24:17 +0800] "GET /xingrg/kc/buy/cgsh_order_add.html HTTP/1.1" 200 69103
114.88.159.190 - - [28/Oct/2022:11:24:17 +0800] "POST /xingrg/kc/buy/cgsh_order_operate.html HTTP/1.1" 200 8245
114.88.159.190 - - [28/Oct/2022:11:24:18 +0800] "GET /xingrg/javascript/easyui/themes/default/validatebox.css HTTP/1.1" 404 1104
114.83.221.131 - - [28/Oct/2022:11:24:18 +0800] "GET /xingrg/kc/buy/cgsh_order_operate.html?command=get_materiel&rest_code=00149&code=00101007083&supplier_code=00100205&order_time=2022-10-28 HTTP/1.1" 200 421
221.239.141.151 - - [28/Oct/2022:11:24:18 +0800] "GET /xingrg/kc/buy/cgsh_order_list.html HTTP/1.1" 200 53322
221.239.141.151 - - [28/Oct/2022:11:24:21 +0800] "POST /xingrg/kc/buy/cgsh_list_operate.html HTTP/1.1" 200 1851
116.238.139.35 - - [28/Oct/2022:11:24:21 +0800] "GET /xingrg/all/function/internal_message.html?_=1666927387034&CODE_STATE=getMsg HTTP/1.1" 200 27
221.239.141.151 - - [28/Oct/2022:11:24:23 +0800] "POST /xingrg/kc/buy/cgsh_list_operate.html HTTP/1.1" 200 588
222.69.192.207 - - [28/Oct/2022:11:24:24 +0800] "GET /xingrg/kc/base/wldb_order_operate.html?command=get_materiel&rest_code=00105&base_code=0010507&code=00101019535 HTTP/1.1" 200 477
221.239.141.151 - - [28/Oct/2022:11:24:24 +0800] "GET /xingrg/kc/buy/cgsh_order_info.html?code=212022102808574 HTTP/1.1" 200 69147
221.239.141.151 - - [28/Oct/2022:11:24:25 +0800] "GET /xingrg/javascript/easyui/themes/default/validatebox.css HTTP/1.1" 404 1104
114.88.159.190 - - [28/Oct/2022:11:24:25 +0800] "GET /xingrg/kc/buy/cgsh_order_operate.html?command=get_materiel&rest_code=00141&code=00101001140&supplier_code=00100090&order_time=2022-10-28 HTTP/1.1" 200 417
120.253.135.82 - - [28/Oct/2022:11:24:25 +0800] "GET /xingrg/all/function/internal_message.html?_=1666927253797&CODE_STATE=getMsg HTTP/1.1" 200 27
221.239.141.151 - - [28/Oct/2022:11:24:26 +0800] "POST /xingrg/kc/buy/cgsh_order_operate.html HTTP/1.1" 200 8038
101.85.95.132 - - [28/Oct/2022:11:24:26 +0800] "GET /xingrg/all/function/internal_message.html?_=1666927455784&CODE_STATE=getMsg HTTP/1.1" 200 27
101.85.95.132 - - [28/Oct/2022:11:24:26 +0800] "GET /xingrg/kc/buy/cgsh_order_operate.html?command=get_materiel&rest_code=00142&code=00101008366&supplier_code=00100161&order_time=2022-10-28 HTTP/1.1" 200 408
114.83.221.131 - - [28/Oct/2022:11:24:31 +0800] "GET /xingrg/kc/buy/cgsh_order_operate.html?command=get_materiel&rest_code=00149&code=00101007023&supplier_code=00100205&order_time=2022-10-28 HTTP/1.1" 200 411
114.83.221.131 - - [28/Oct/2022:11:24:32 +0800] "GET /xingrg/all/function/internal_message.html?_=1666927461238&CODE_STATE=getMsg HTTP/1.1" 200 27
222.69.192.207 - - [28/Oct/2022:11:24:33 +0800] "GET /xingrg/kc/base/wldb_order_operate.html?command=get_materiel&rest_code=00105&base_code=0010507&code=00101019430 HTTP/1.1" 200 477
114.83.221.131 - - [28/Oct/2022:11:24:33 +0800] "GET /xingrg/check_reg.html?_=1666927462253 HTTP/1.1" 200 22
101.85.95.132 - - [28/Oct/2022:11:24:35 +0800] "GET /xingrg/kc/buy/cgsh_order_operate.html?command=get_materiel&rest_code=00142&code=00101008350&supplier_code=00100161&order_time=2022-10-28 HTTP/1.1" 200 408
221.239.141.151 - - [28/Oct/2022:11:24:35 +0800] "GET /xingrg/all/function/internal_message.html?_=1666927488325&CODE_STATE=getMsg HTTP/1.1" 200 27
180.162.109.76 - - [28/Oct/2022:11:24:35 +0800] "GET /xingrg/kc/buy/cgsh_order_operate.html?command=get_materiel&rest_code=00143&code=00101016057&supplier_code=00100161&order_time=2022-10-28 HTTP/1.1" 200 408
114.88.159.190 - - [28/Oct/2022:11:24:36 +0800] "GET /xingrg/kc/buy/cgsh_order_operate.html?command=get_materiel&rest_code=00141&code=00101001125&supplier_code=00100090&order_time=2022-10-28 HTTP/1.1" 200 417
114.83.219.57 - - [28/Oct/2022:11:24:36 +0800] "GET /xingrg/check_reg.html?_=1666927574784 HTTP/1.1" 200 22
114.83.219.57 - - [28/Oct/2022:11:24:36 +0800] "GET /xingrg/all/function/internal_message.html?_=1666927574785&CODE_STATE=getMsg HTTP/1.1" 200 27
222.70.183.206 - - [28/Oct/2022:11:24:37 +0800] "GET /xingrg/all/function/internal_message.html?_=1666927465816&CODE_STATE=getMsg HTTP/1.1" 200 27
222.69.192.207 - - [28/Oct/2022:11:24:40 +0800] "GET /xingrg/kc/base/wldb_order_operate.html?command=get_materiel&rest_code=00105&base_code=0010507&code=00101019469 HTTP/1.1" 200 455
180.169.147.146 - - [28/Oct/2022:11:24:40 +0800] "GET /xingrg/all/function/internal_message.html?_=1666927470191&CODE_STATE=getMsg HTTP/1.1" 200 27
218.81.217.29 - - [28/Oct/2022:11:24:41 +0800] "GET /xingrg/all/function/internal_message.html?_=1666927494344&CODE_STATE=getMsg HTTP/1.1" 200 27
116.230.105.139 - - [28/Oct/2022:11:24:43 +0800] "GET /xingrg/all/function/internal_message.html?_=1666927437806&CODE_STATE=getMsg HTTP/1.1" 200 27
114.88.159.190 - - [28/Oct/2022:11:24:45 +0800] "POST /xingrg/kc/buy/cgsh_order_operate.html HTTP/1.1" 200 37
221.239.141.151 - - [28/Oct/2022:11:24:45 +0800] "GET /xingrg/all/function/internal_message.html?_=1666927477213&CODE_STATE=getMsg HTTP/1.1" 200 27
114.83.221.131 - - [28/Oct/2022:11:24:46 +0800] "GET /xingrg/kc/buy/cgsh_order_operate.html?command=get_materiel&rest_code=00149&code=00101007049&supplier_code=00100205&order_time=2022-10-28 HTTP/1.1" 200 409
101.85.95.132 - - [28/Oct/2022:11:24:46 +0800] "GET /xingrg/kc/buy/cgsh_order_operate.html?command=get_materiel&rest_code=00142&code=00101008312&supplier_code=00100161&order_time=2022-10-28 HTTP/1.1" 200 412
222.69.192.207 - - [28/Oct/2022:11:24:47 +0800] "GET /xingrg/kc/base/wldb_order_operate.html?command=get_materiel&rest_code=00105&base_code=0010507&code=00101013052 HTTP/1.1" 200 441
180.162.109.76 - - [28/Oct/2022:11:24:48 +0800] "GET /xingrg/all/function/internal_message.html?_=1666926551314&CODE_STATE=getMsg HTTP/1.1" 200 27
180.162.109.76 - - [28/Oct/2022:11:24:50 +0800] "POST /xingrg/kc/buy/cgsh_order_operate.html HTTP/1.1" 200 37
114.88.159.190 - - [28/Oct/2022:11:24:50 +0800] "POST /xingrg/kc/buy/cgsh_order_operate.html HTTP/1.1" 200 12
180.162.109.76 - - [28/Oct/2022:11:24:53 +0800] "POST /xingrg/kc/buy/cgsh_order_operate.html HTTP/1.1" 200 19189
114.88.159.190 - - [28/Oct/2022:11:24:53 +0800] "GET /xingrg/kc/buy/cgsh_order_info.html?code=212022102808575 HTTP/1.1" 200 64010
114.88.159.190 - - [28/Oct/2022:11:24:53 +0800] "GET /xingrg/javascript/easyui/themes/default/validatebox.css HTTP/1.1" 404 1104
114.88.159.190 - - [28/Oct/2022:11:24:54 +0800] "POST /xingrg/kc/buy/cgsh_order_operate.html HTTP/1.1" 200 1213
222.69.192.207 - - [28/Oct/2022:11:24:54 +0800] "GET /xingrg/kc/base/wldb_order_operate.html?command=get_materiel&rest_code=00105&base_code=0010507&code=00101013011 HTTP/1.1" 200 451
114.88.159.190 - - [28/Oct/2022:11:24:55 +0800] "GET /xingrg/kc/print/load_data.html?order_code=212022102808575&kc_code=cgsh&condition= HTTP/1.1" 200 1012
101.85.95.132 - - [28/Oct/2022:11:24:55 +0800] "GET /xingrg/kc/buy/cgsh_order_operate.html?command=get_materiel&rest_code=00142&code=00101008264&supplier_code=00100161&order_time=2022-10-28 HTTP/1.1" 200 412
116.238.139.35 - - [28/Oct/2022:11:24:56 +0800] "GET /xingrg/all/function/internal_message.html?_=1666927487830&CODE_STATE=getMsg HTTP/1.1" 200 27
114.88.159.190 - - [28/Oct/2022:11:24:59 +0800] "GET /xingrg/kc/buy/cgsh_order_add.html HTTP/1.1" 200 69103
114.88.159.190 - - [28/Oct/2022:11:25:00 +0800] "GET /xingrg/javascript/easyui/themes/default/validatebox.css HTTP/1.1" 404 1104
114.88.159.190 - - [28/Oct/2022:11:25:00 +0800] "POST /xingrg/kc/buy/cgsh_order_operate.html HTTP/1.1" 200 8245
222.69.192.207 - - [28/Oct/2022:11:25:00 +0800] "GET /xingrg/all/function/internal_message.html?_=1666927491777&CODE_STATE=getMsg HTTP/1.1" 200 27
218.81.217.29 - - [28/Oct/2022:11:25:01 +0800] "GET /xingrg/check_reg.html?_=1666927514960 HTTP/1.1" 200 22
222.69.192.207 - - [28/Oct/2022:11:25:03 +0800] "GET /xingrg/kc/base/wldb_order_operate.html?command=get_materiel&rest_code=00105&base_code=0010507&code=00101013139 HTTP/1.1" 200 450
58.37.5.139 - - [28/Oct/2022:11:25:04 +0800] "GET /xingrg/all/function/internal_message.html?_=1666927492666&CODE_STATE=getMsg HTTP/1.1" 200 27
114.84.81.136 - - [28/Oct/2022:11:25:08 +0800] "GET /xingrg/all/function/internal_message.html?_=1666927500504&CODE_STATE=getMsg HTTP/1.1" 200 27
114.88.159.190 - - [28/Oct/2022:11:25:09 +0800] "GET /xingrg/kc/buy/cgsh_order_operate.html?command=get_materiel&rest_code=00141&code=00102002195&supplier_code=00100093&order_time=2022-10-28 HTTP/1.1" 200 414
222.69.192.207 - - [28/Oct/2022:11:25:09 +0800] "POST /xingrg/kc/base/wldb_order_operate.html HTTP/1.1" 200 37
222.69.192.207 - - [28/Oct/2022:11:25:10 +0800] "POST /xingrg/kc/base/wldb_order_operate.html HTTP/1.1" 200 8189
222.69.192.207 - - [28/Oct/2022:11:25:17 +0800] "GET /xingrg/kc/base/wldb_order_info.html?code=422022102802050 HTTP/1.1" 200 30377
222.69.192.207 - - [28/Oct/2022:11:25:18 +0800] "GET /xingrg/javascript/easyui/themes/default/validatebox.css HTTP/1.1" 404 1104
222.69.192.207 - - [28/Oct/2022:11:25:18 +0800] "POST /xingrg/kc/base/wldb_order_operate.html HTTP/1.1" 200 8189
114.83.221.131 - - [28/Oct/2022:11:25:19 +0800] "POST /xingrg/kc/buy/cgsh_order_operate.html HTTP/1.1" 200 37
222.69.192.207 - - [28/Oct/2022:11:25:20 +0800] "GET /xingrg/kc/base/wldb_order_add.html HTTP/1.1" 200 30365
222.69.192.207 - - [28/Oct/2022:11:25:20 +0800] "POST /xingrg/kc/base/wldb_order_operate.html HTTP/1.1" 200 6806
222.69.192.207 - - [28/Oct/2022:11:25:20 +0800] "GET /xingrg/javascript/easyui/themes/default/validatebox.css HTTP/1.1" 404 1104
222.69.192.207 - - [28/Oct/2022:11:25:21 +0800] "POST /xingrg/all/common/load_combo.html?type=base HTTP/1.1" 200 3409
116.238.139.35 - - [28/Oct/2022:11:25:21 +0800] "GET /xingrg/all/function/internal_message.html?_=1666927447088&CODE_STATE=getMsg HTTP/1.1" 200 27
114.83.221.131 - - [28/Oct/2022:11:25:23 +0800] "POST /xingrg/kc/buy/cgsh_order_operate.html HTTP/1.1" 200 12
120.253.135.82 - - [28/Oct/2022:11:25:25 +0800] "GET /xingrg/all/function/internal_message.html?_=1666927313889&CODE_STATE=getMsg HTTP/1.1" 200 27
101.85.95.132 - - [28/Oct/2022:11:25:26 +0800] "GET /xingrg/check_reg.html?_=1666927515782 HTTP/1.1" 200 22
101.85.95.132 - - [28/Oct/2022:11:25:26 +0800] "GET /xingrg/all/function/internal_message.html?_=1666927515777&CODE_STATE=getMsg HTTP/1.1" 200 27
222.69.192.207 - - [28/Oct/2022:11:25:32 +0800] "GET /xingrg/kc/base/wldb_order_operate.html?command=get_materiel&rest_code=00105&base_code=0010508&code=00102002150 HTTP/1.1" 200 447
114.83.221.131 - - [28/Oct/2022:11:25:32 +0800] "GET /xingrg/all/function/internal_message.html?_=1666927521214&CODE_STATE=getMsg HTTP/1.1" 200 27
114.88.159.190 - - [28/Oct/2022:11:25:33 +0800] "POST /xingrg/kc/buy/cgsh_order_operate.html HTTP/1.1" 200 37
114.83.221.131 - - [28/Oct/2022:11:25:33 +0800] "GET /xingrg/kc/buy/cgsh_order_info.html?code=212022102808577 HTTP/1.1" 200 64092
114.83.221.131 - - [28/Oct/2022:11:25:33 +0800] "GET /xingrg/words/20221028111829_words.js HTTP/1.1" 304 -
114.83.221.131 - - [28/Oct/2022:11:25:33 +0800] "GET /xingrg/javascript/easyui/themes/default/validatebox.css HTTP/1.1" 404 1104
114.83.221.131 - - [28/Oct/2022:11:25:34 +0800] "POST /xingrg/kc/buy/cgsh_order_operate.html HTTP/1.1" 200 2972
221.239.141.151 - - [28/Oct/2022:11:25:35 +0800] "GET /xingrg/all/function/internal_message.html?_=1666927548310&CODE_STATE=getMsg HTTP/1.1" 200 27
114.83.221.131 - - [28/Oct/2022:11:25:35 +0800] "GET /xingrg/kc/print/load_data.html?order_code=212022102808577&kc_code=cgsh&condition= HTTP/1.1" 200 1596
114.83.219.57 - - [28/Oct/2022:11:25:36 +0800] "GET /xingrg/all/function/internal_message.html?_=1666927634786&CODE_STATE=getMsg HTTP/1.1" 200 27
114.88.159.190 - - [28/Oct/2022:11:25:37 +0800] "POST /xingrg/kc/buy/cgsh_order_operate.html HTTP/1.1" 200 12
222.70.183.206 - - [28/Oct/2022:11:25:37 +0800] "GET /xingrg/all/function/internal_message.html?_=1666927525815&CODE_STATE=getMsg HTTP/1.1" 200 27
114.88.159.190 - - [28/Oct/2022:11:25:38 +0800] "GET /xingrg/kc/buy/cgsh_order_info.html?code=212022102808578 HTTP/1.1" 200 64008
114.88.159.190 - - [28/Oct/2022:11:25:38 +0800] "GET /xingrg/javascript/easyui/themes/default/validatebox.css HTTP/1.1" 404 1104
114.88.159.190 - - [28/Oct/2022:11:25:39 +0800] "POST /xingrg/kc/buy/cgsh_order_operate.html HTTP/1.1" 200 611
114.88.159.190 - - [28/Oct/2022:11:25:40 +0800] "GET /xingrg/kc/print/load_data.html?order_code=212022102808578&kc_code=cgsh&condition= HTTP/1.1" 200 759
