221.239.141.151 - - [28/Oct/2022:10:34:38 +0800] "GET /xingrg/kc/print/load_config.html?kc_code=cgsh HTTP/1.1" 200 1943
221.239.141.151 - - [28/Oct/2022:10:34:39 +0800] "GET /xingrg/kc/print/load_data.html?order_code=212022102808522&kc_code=cgsh&condition= HTTP/1.1" 200 681
222.69.192.207 - - [28/Oct/2022:10:34:41 +0800] "GET /xingrg/kc/buy/cgsh_order_add.html HTTP/1.1" 200 69185
222.69.192.207 - - [28/Oct/2022:10:34:41 +0800] "GET /xingrg/javascript/easyui/themes/default/validatebox.css HTTP/1.1" 404 1104
222.69.192.207 - - [28/Oct/2022:10:34:41 +0800] "POST /xingrg/kc/buy/cgsh_order_operate.html HTTP/1.1" 200 8245
180.169.147.146 - - [28/Oct/2022:10:34:41 +0800] "GET /xingrg/all/function/internal_message.html?_=1666924471104&CODE_STATE=getMsg HTTP/1.1" 200 27
221.239.141.151 - - [28/Oct/2022:10:34:43 +0800] "GET /xingrg/kc/buy/cgsh_order_add.html HTTP/1.1" 200 69144
221.239.141.151 - - [28/Oct/2022:10:34:43 +0800] "POST /xingrg/kc/buy/cgsh_order_operate.html HTTP/1.1" 200 8245
221.239.141.151 - - [28/Oct/2022:10:34:43 +0800] "GET /xingrg/javascript/easyui/themes/default/validatebox.css HTTP/1.1" 404 1104
116.230.105.139 - - [28/Oct/2022:10:34:43 +0800] "GET /xingrg/all/function/internal_message.html?_=1666924437799&CODE_STATE=getMsg HTTP/1.1" 200 27
221.239.141.151 - - [28/Oct/2022:10:34:45 +0800] "GET /xingrg/all/function/internal_message.html?_=1666924477408&CODE_STATE=getMsg HTTP/1.1" 200 27
114.83.221.131 - - [28/Oct/2022:10:34:46 +0800] "POST /xingrg/kc/buy/cgsh_order_operate.html HTTP/1.1" 200 37
114.88.159.190 - - [28/Oct/2022:10:34:49 +0800] "GET /xingrg/kc/buy/cgsh_order_operate.html?command=get_materiel&rest_code=00141&code=00101008437&supplier_code=00100007&order_time=2022-10-28 HTTP/1.1" 200 410
114.83.221.131 - - [28/Oct/2022:10:34:54 +0800] "POST /xingrg/kc/buy/cgsh_order_operate.html HTTP/1.1" 200 12
116.238.139.35 - - [28/Oct/2022:10:34:56 +0800] "GET /xingrg/all/function/internal_message.html?_=1666924487787&CODE_STATE=getMsg HTTP/1.1" 200 27
114.84.81.136 - - [28/Oct/2022:10:34:56 +0800] "GET /xingrg/all/function/internal_message.html?_=1666924488333&CODE_STATE=getMsg HTTP/1.1" 200 27
222.69.192.207 - - [28/Oct/2022:10:35:00 +0800] "GET /xingrg/all/function/internal_message.html?_=1666924491409&CODE_STATE=getMsg HTTP/1.1" 200 27
221.239.141.151 - - [28/Oct/2022:10:35:00 +0800] "GET /xingrg/kc/buy/cgsh_order_operate.html?command=get_materiel&rest_code=00102&code=00102008143&supplier_code=00100151&order_time=2022-10-28 HTTP/1.1" 200 417
218.81.217.29 - - [28/Oct/2022:10:35:01 +0800] "GET /xingrg/check_reg.html?_=1666924514737 HTTP/1.1" 200 22
114.88.159.190 - - [28/Oct/2022:10:35:04 +0800] "GET /xingrg/kc/buy/cgsh_order_operate.html?command=get_materiel&rest_code=00141&code=00101008049&supplier_code=00100007&order_time=2022-10-28 HTTP/1.1" 200 408
58.37.5.139 - - [28/Oct/2022:10:35:06 +0800] "GET /xingrg/all/function/internal_message.html?_=1666924493742&CODE_STATE=getMsg HTTP/1.1" 200 27
114.83.221.131 - - [28/Oct/2022:10:35:06 +0800] "GET /xingrg/kc/buy/cgsh_order_info.html?code=212022102808510 HTTP/1.1" 200 64094
114.83.221.131 - - [28/Oct/2022:10:35:07 +0800] "GET /xingrg/words/20221028091152_words.js HTTP/1.1" 304 -
114.83.221.131 - - [28/Oct/2022:10:35:07 +0800] "GET /xingrg/javascript/easyui/themes/default/validatebox.css HTTP/1.1" 404 1104
114.83.221.131 - - [28/Oct/2022:10:35:08 +0800] "POST /xingrg/kc/buy/cgsh_order_operate.html HTTP/1.1" 200 40240
218.81.217.29 - - [28/Oct/2022:10:35:11 +0800] "POST /xingrg/services/DataTransmitService HTTP/1.1" 200 524
218.81.217.29 - - [28/Oct/2022:10:35:12 +0800] "POST /xingrg/services/DataTransmitService HTTP/1.1" 200 412
114.83.221.131 - - [28/Oct/2022:10:35:13 +0800] "GET /xingrg/kc/print/load_config.html?kc_code=cgsh HTTP/1.1" 200 1943
114.83.221.131 - - [28/Oct/2022:10:35:13 +0800] "GET /xingrg/kc/print/load_data.html?order_code=212022102808510&kc_code=cgsh&condition= HTTP/1.1" 200 15693
221.239.141.151 - - [28/Oct/2022:10:35:16 +0800] "GET /xingrg/all/function/internal_message.html?_=1666924529545&CODE_STATE=getMsg HTTP/1.1" 200 27
221.239.141.151 - - [28/Oct/2022:10:35:16 +0800] "GET /xingrg/check_reg.html?_=1666924529550 HTTP/1.1" 200 22
221.239.141.151 - - [28/Oct/2022:10:35:20 +0800] "GET /xingrg/kc/buy/cgsh_order_operate.html?command=get_materiel&rest_code=00102&code=00101001075&supplier_code=00100400&order_time=2022-10-28 HTTP/1.1" 200 409
116.238.139.35 - - [28/Oct/2022:10:35:20 +0800] "GET /xingrg/all/function/internal_message.html?_=1666924445800&CODE_STATE=getMsg HTTP/1.1" 200 27
120.253.135.82 - - [28/Oct/2022:10:35:22 +0800] "GET /xingrg/all/function/internal_message.html?_=1666924310776&CODE_STATE=getMsg HTTP/1.1" 200 27
114.88.159.190 - - [28/Oct/2022:10:35:25 +0800] "GET /xingrg/check_reg.html?_=1666924140922 HTTP/1.1" 200 22
221.239.141.151 - - [28/Oct/2022:10:35:28 +0800] "GET /xingrg/kc/buy/cgsh_order_operate.html?command=get_materiel&rest_code=00102&code=00102008142&supplier_code=00100151&order_time=2022-10-28 HTTP/1.1" 200 417
114.88.159.190 - - [28/Oct/2022:10:35:30 +0800] "GET /xingrg/kc/buy/cgsh_order_operate.html?command=get_materiel&rest_code=00141&code=00101008199&supplier_code=00100007&order_time=2022-10-28 HTTP/1.1" 200 408
114.83.221.131 - - [28/Oct/2022:10:35:33 +0800] "GET /xingrg/all/function/internal_message.html?_=1666924522115&CODE_STATE=getMsg HTTP/1.1" 200 27
114.83.219.57 - - [28/Oct/2022:10:35:36 +0800] "GET /xingrg/all/function/internal_message.html?_=1666924634771&CODE_STATE=getMsg HTTP/1.1" 200 27
114.88.159.190 - - [28/Oct/2022:10:35:36 +0800] "GET /xingrg/kc/buy/cgsh_order_operate.html?command=get_materiel&rest_code=00141&code=00101008126&supplier_code=00100007&order_time=2022-10-28 HTTP/1.1" 200 412
218.81.217.29 - - [28/Oct/2022:10:35:37 +0800] "GET /xingrg/all/function/internal_message.html?_=1666924550723&CODE_STATE=getMsg HTTP/1.1" 200 27
114.88.159.190 - - [28/Oct/2022:10:35:39 +0800] "POST /xingrg/kc/buy/cgsh_order_operate.html HTTP/1.1" 200 2065
180.169.147.146 - - [28/Oct/2022:10:35:41 +0800] "GET /xingrg/all/function/internal_message.html?_=1666924531084&CODE_STATE=getMsg HTTP/1.1" 200 27
221.239.141.151 - - [28/Oct/2022:10:35:42 +0800] "POST /xingrg/kc/buy/cgsh_order_operate.html HTTP/1.1" 200 37
116.230.105.139 - - [28/Oct/2022:10:35:43 +0800] "GET /xingrg/all/function/internal_message.html?_=1666924497799&CODE_STATE=getMsg HTTP/1.1" 200 27
221.239.141.151 - - [28/Oct/2022:10:35:45 +0800] "GET /xingrg/all/function/internal_message.html?_=1666924537390&CODE_STATE=getMsg HTTP/1.1" 200 27
58.37.5.139 - - [28/Oct/2022:10:35:45 +0800] "GET /xingrg/check_reg.html?_=1666924533633 HTTP/1.1" 200 22
221.239.141.151 - - [28/Oct/2022:10:35:46 +0800] "POST /xingrg/kc/buy/cgsh_order_operate.html HTTP/1.1" 200 12
114.88.159.190 - - [28/Oct/2022:10:35:47 +0800] "GET /xingrg/kc/buy/cgsh_order_operate.html?command=get_materiel&rest_code=00141&code=00101008087&supplier_code=00100007&order_time=2022-10-28 HTTP/1.1" 200 412
221.239.141.151 - - [28/Oct/2022:10:35:48 +0800] "GET /xingrg/kc/buy/cgsh_order_info.html?code=212022102808523 HTTP/1.1" 200 64037
221.239.141.151 - - [28/Oct/2022:10:35:48 +0800] "GET /xingrg/javascript/easyui/themes/default/validatebox.css HTTP/1.1" 404 1104
221.239.141.151 - - [28/Oct/2022:10:35:49 +0800] "POST /xingrg/kc/buy/cgsh_order_operate.html HTTP/1.1" 200 1206
221.239.141.151 - - [28/Oct/2022:10:35:50 +0800] "GET /xingrg/kc/print/load_data.html?order_code=212022102808523&kc_code=cgsh&condition= HTTP/1.1" 200 901
221.239.141.151 - - [28/Oct/2022:10:35:52 +0800] "GET /xingrg/kc/buy/cgsh_order_add.html HTTP/1.1" 200 69144
221.239.141.151 - - [28/Oct/2022:10:35:53 +0800] "POST /xingrg/kc/buy/cgsh_order_operate.html HTTP/1.1" 200 8245
221.239.141.151 - - [28/Oct/2022:10:35:53 +0800] "GET /xingrg/javascript/easyui/themes/default/validatebox.css HTTP/1.1" 404 1104
116.238.139.35 - - [28/Oct/2022:10:35:56 +0800] "GET /xingrg/all/function/internal_message.html?_=1666924547788&CODE_STATE=getMsg HTTP/1.1" 200 27
114.84.81.136 - - [28/Oct/2022:10:35:56 +0800] "GET /xingrg/all/function/internal_message.html?_=1666924548319&CODE_STATE=getMsg HTTP/1.1" 200 27
114.83.221.131 - - [28/Oct/2022:10:35:57 +0800] "GET /xingrg/kc/buy/cgsh_order_add.html HTTP/1.1" 200 69191
114.83.221.131 - - [28/Oct/2022:10:35:58 +0800] "POST /xingrg/kc/buy/cgsh_order_operate.html HTTP/1.1" 200 8245
114.83.221.131 - - [28/Oct/2022:10:35:58 +0800] "GET /xingrg/javascript/easyui/themes/default/validatebox.css HTTP/1.1" 404 1104
222.69.192.207 - - [28/Oct/2022:10:36:00 +0800] "GET /xingrg/all/function/internal_message.html?_=1666924551380&CODE_STATE=getMsg HTTP/1.1" 200 27
222.69.192.207 - - [28/Oct/2022:10:36:01 +0800] "GET /xingrg/check_reg.html?_=1666924552430 HTTP/1.1" 200 22
114.88.159.190 - - [28/Oct/2022:10:36:03 +0800] "GET /xingrg/kc/buy/cgsh_order_operate.html?command=get_materiel&rest_code=00141&code=00101008357&supplier_code=00100007&order_time=2022-10-28 HTTP/1.1" 200 408
180.163.29.217 - - [28/Oct/2022:10:36:05 +0800] "GET /xingrg/all/function/internal_message.html?_=1666924493742&CODE_STATE=getMsg HTTP/1.1" 302 -
180.163.29.217 - - [28/Oct/2022:10:36:05 +0800] "GET /xingrg/login.html HTTP/1.1" 200 7641
58.37.5.139 - - [28/Oct/2022:10:36:06 +0800] "GET /xingrg/all/function/internal_message.html?_=1666924553719&CODE_STATE=getMsg HTTP/1.1" 200 27
114.84.81.136 - - [28/Oct/2022:10:36:07 +0800] "POST /xingrg/all/user/operate.html HTTP/1.1" 200 36
114.84.81.136 - - [28/Oct/2022:10:36:08 +0800] "GET /xingrg/index.html?sysBaseUrl=http%3A%2F%2F180.169.147.146%3A18081%2Fxingrg%2F&costTime=41×tamp=1666867131728 HTTP/1.1" 200 17177
114.84.81.136 - - [28/Oct/2022:10:36:08 +0800] "GET /xingrg/javascript/jquery_easy_ui/themes/default/easyui.css HTTP/1.1" 304 -
114.84.81.136 - - [28/Oct/2022:10:36:08 +0800] "GET /xingrg/javascript/jquery_easy_ui/easyui-lang-zh_CN.js HTTP/1.1" 304 -
114.84.81.136 - - [28/Oct/2022:10:36:08 +0800] "GET /xingrg/css/form.css HTTP/1.1" 304 -
114.84.81.136 - - [28/Oct/2022:10:36:08 +0800] "GET /xingrg/javascript/jquery_easy_ui/themes/icon.css HTTP/1.1" 304 -
114.84.81.136 - - [28/Oct/2022:10:36:08 +0800] "GET /xingrg/javascript/jquery.utils.js HTTP/1.1" 304 -
114.84.81.136 - - [28/Oct/2022:10:36:08 +0800] "GET /xingrg/javascript/jquery-1.4.2.min.js HTTP/1.1" 304 -
114.84.81.136 - - [28/Oct/2022:10:36:08 +0800] "GET /xingrg/javascript/jquery_easy_ui/jquery.easyui.min.js HTTP/1.1" 304 -
114.84.81.136 - - [28/Oct/2022:10:36:08 +0800] "GET /xingrg/images/blue/jxLogo.png HTTP/1.1" 304 -
114.84.81.136 - - [28/Oct/2022:10:36:08 +0800] "GET /xingrg/javascript/jquery.timers.js HTTP/1.1" 304 -
114.84.81.136 - - [28/Oct/2022:10:36:08 +0800] "GET /xingrg/javascript/jquery.form.js HTTP/1.1" 304 -
114.84.81.136 - - [28/Oct/2022:10:36:08 +0800] "GET /xingrg/javascript/jquery_easy_ui/themes/icons/settle_new.png HTTP/1.1" 304 -
114.84.81.136 - - [28/Oct/2022:10:36:08 +0800] "GET /xingrg/images/blue/navBackgound.jpg HTTP/1.1" 304 -
114.84.81.136 - - [28/Oct/2022:10:36:08 +0800] "POST /xingrg/all/common/load_tree.html?tree=area_rest_tree_json&manage=1 HTTP/1.1" 200 476
114.84.81.136 - - [28/Oct/2022:10:36:08 +0800] "GET /xingrg/all/function/internal_message.html?_=1666924560339&CODE_STATE=count HTTP/1.1" 200 11
114.84.81.136 - - [28/Oct/2022:10:36:08 +0800] "GET /xingrg/check_reg.html?_=1666924560340 HTTP/1.1" 200 22
114.84.81.136 - - [28/Oct/2022:10:36:08 +0800] "GET /xingrg/javascript/jquery_easy_ui/themes/default/images/tabs_rightarrow.png HTTP/1.1" 304 -
114.84.81.136 - - [28/Oct/2022:10:36:08 +0800] "GET /xingrg/javascript/jquery_easy_ui/themes/default/images/panel_tool_collapse.gif HTTP/1.1" 304 -
114.84.81.136 - - [28/Oct/2022:10:36:08 +0800] "GET /xingrg/images/blue/pingpu.png HTTP/1.1" 304 -
114.84.81.136 - - [28/Oct/2022:10:36:08 +0800] "GET /xingrg/javascript/jquery_easy_ui/themes/default/images/tabs_leftarrow.png HTTP/1.1" 304 -
114.84.81.136 - - [28/Oct/2022:10:36:08 +0800] "POST /xingrg/load_menu.html HTTP/1.1" 200 5138
114.84.81.136 - - [28/Oct/2022:10:36:09 +0800] "GET /xingrg/kc/mdqp/qp_main.html HTTP/1.1" 200 10633
114.84.81.136 - - [28/Oct/2022:10:36:09 +0800] "GET /xingrg/images/yd/bt.gif HTTP/1.1" 404 1040
114.84.81.136 - - [28/Oct/2022:10:36:10 +0800] "GET /xingrg/kc/mdqp/pssh_order_list.html HTTP/1.1" 200 17710
114.84.81.136 - - [28/Oct/2022:10:36:11 +0800] "POST /xingrg/kc/mdqp/pssh_list_operate.html HTTP/1.1" 200 5274
114.88.159.190 - - [28/Oct/2022:10:36:11 +0800] "GET /xingrg/kc/buy/cgsh_order_operate.html?command=get_materiel&rest_code=00141&code=00101019738&supplier_code=00100007&order_time=2022-10-28 HTTP/1.1" 200 468
114.84.81.136 - - [28/Oct/2022:10:36:12 +0800] "POST /xingrg/kc/mdqp/pssh_list_operate.html HTTP/1.1" 200 657
114.84.81.136 - - [28/Oct/2022:10:36:13 +0800] "POST /xingrg/kc/mdqp/pssh_list_operate.html HTTP/1.1" 200 258
114.84.81.136 - - [28/Oct/2022:10:36:14 +0800] "POST /xingrg/kc/mdqp/pssh_list_operate.html HTTP/1.1" 200 383
114.84.81.136 - - [28/Oct/2022:10:36:15 +0800] "POST /xingrg/kc/mdqp/pssh_list_operate.html HTTP/1.1" 200 683
221.239.141.151 - - [28/Oct/2022:10:36:16 +0800] "GET /xingrg/all/function/internal_message.html?_=1666924589554&CODE_STATE=getMsg HTTP/1.1" 200 27
114.84.81.136 - - [28/Oct/2022:10:36:17 +0800] "GET /xingrg/kc/mdqp/pssh_order_info.html?code=312022102700536 HTTP/1.1" 200 17270
114.84.81.136 - - [28/Oct/2022:10:36:17 +0800] "GET /xingrg/javascript/jquery_tools/jquery-1.4.2.min.js HTTP/1.1" 404 1094
114.84.81.136 - - [28/Oct/2022:10:36:17 +0800] "GET /xingrg/javascript/easyui/themes/icons/back_new.png HTTP/1.1" 304 -
114.84.81.136 - - [28/Oct/2022:10:36:17 +0800] "POST /xingrg/kc/mdqp/pssh_order_operate.html HTTP/1.1" 200 2664
114.84.81.136 - - [28/Oct/2022:10:36:17 +0800] "GET /xingrg/all/common/auto_word.html?type=base&rest_code=00103&rest_code=00103 HTTP/1.1" 200 1653
114.84.81.136 - - [28/Oct/2022:10:36:17 +0800] "GET /xingrg/all/common/auto_word.html?type=employee&rest_code=00103 HTTP/1.1" 200 2
114.84.81.136 - - [28/Oct/2022:10:36:17 +0800] "GET /xingrg/javascript/easyui/themes/default/validatebox.css HTTP/1.1" 404 1104
116.238.139.35 - - [28/Oct/2022:10:36:20 +0800] "GET /xingrg/all/function/internal_message.html?_=1666924505805&CODE_STATE=getMsg HTTP/1.1" 200 27
120.253.135.82 - - [28/Oct/2022:10:36:23 +0800] "GET /xingrg/all/function/internal_message.html?_=1666924371088&CODE_STATE=getMsg HTTP/1.1" 200 27
116.235.93.82 - - [28/Oct/2022:10:36:26 +0800] "GET /xingrg/login.html HTTP/1.1" 200 7641
114.88.159.190 - - [28/Oct/2022:10:36:29 +0800] "POST /xingrg/kc/buy/cgsh_order_operate.html HTTP/1.1" 200 2065
114.83.221.131 - - [28/Oct/2022:10:36:33 +0800] "GET /xingrg/all/function/internal_message.html?_=1666924582096&CODE_STATE=getMsg HTTP/1.1" 200 27
114.88.159.190 - - [28/Oct/2022:10:36:35 +0800] "GET /xingrg/kc/buy/cgsh_order_operate.html?command=get_materiel&rest_code=00141&code=00101008036&supplier_code=00100007&order_time=2022-10-28 HTTP/1.1" 200 408
114.83.219.57 - - [28/Oct/2022:10:36:36 +0800] "GET /xingrg/all/function/internal_message.html?_=1666924694766&CODE_STATE=getMsg HTTP/1.1" 200 27
218.81.217.29 - - [28/Oct/2022:10:36:37 +0800] "GET /xingrg/all/function/internal_message.html?_=1666924610738&CODE_STATE=getMsg HTTP/1.1" 200 27
180.169.147.146 - - [28/Oct/2022:10:36:41 +0800] "GET /xingrg/all/function/internal_message.html?_=1666924591068&CODE_STATE=getMsg HTTP/1.1" 200 27
180.169.147.146 - - [28/Oct/2022:10:36:41 +0800] "GET /xingrg/check_reg.html?_=1666924591132 HTTP/1.1" 200 22
116.235.93.82 - - [28/Oct/2022:10:36:41 +0800] "GET /favicon.ico HTTP/1.1" 404 -
116.230.105.139 - - [28/Oct/2022:10:36:43 +0800] "GET /xingrg/all/function/internal_message.html?_=1666924557802&CODE_STATE=getMsg HTTP/1.1" 200 27
221.239.141.151 - - [28/Oct/2022:10:36:45 +0800] "GET /xingrg/all/function/internal_message.html?_=1666924597374&CODE_STATE=getMsg HTTP/1.1" 200 27
180.163.29.219 - - [28/Oct/2022:10:36:45 +0800] "GET /xingrg/check_reg.html?_=1666924533633 HTTP/1.1" 302 -
180.163.29.219 - - [28/Oct/2022:10:36:45 +0800] "GET /xingrg/login.html HTTP/1.1" 200 7641
114.88.159.190 - - [28/Oct/2022:10:36:55 +0800] "POST /xingrg/kc/buy/cgsh_order_operate.html HTTP/1.1" 200 37
116.238.139.35 - - [28/Oct/2022:10:36:56 +0800] "GET /xingrg/all/function/internal_message.html?_=1666924607791&CODE_STATE=getMsg HTTP/1.1" 200 27
221.239.141.151 - - [28/Oct/2022:10:36:57 +0800] "GET /xingrg/kc/buy/cgsh_order_operate.html?command=get_materiel&rest_code=00102&code=00102009806&supplier_code=00100219&order_time=2022-10-28 HTTP/1.1" 200 422
222.69.192.207 - - [28/Oct/2022:10:37:00 +0800] "GET /xingrg/all/function/internal_message.html?_=1666924611361&CODE_STATE=getMsg HTTP/1.1" 200 27
114.88.159.190 - - [28/Oct/2022:10:37:01 +0800] "POST /xingrg/kc/buy/cgsh_order_operate.html HTTP/1.1" 200 12
114.88.159.190 - - [28/Oct/2022:10:37:02 +0800] "GET /xingrg/kc/buy/cgsh_order_info.html?code=212022102808524 HTTP/1.1" 200 64006
114.88.159.190 - - [28/Oct/2022:10:37:03 +0800] "GET /xingrg/javascript/easyui/themes/default/validatebox.css HTTP/1.1" 404 1104
114.88.159.190 - - [28/Oct/2022:10:37:04 +0800] "POST /xingrg/kc/buy/cgsh_order_operate.html HTTP/1.1" 200 21291
114.88.159.190 - - [28/Oct/2022:10:37:05 +0800] "GET /xingrg/kc/print/load_data.html?order_code=212022102808524&kc_code=cgsh&condition= HTTP/1.1" 200 8593
58.37.5.139 - - [28/Oct/2022:10:37:05 +0800] "GET /xingrg/all/function/internal_message.html?_=1666924613698&CODE_STATE=getMsg HTTP/1.1" 200 27
114.83.221.131 - - [28/Oct/2022:10:37:07 +0800] "GET /xingrg/kc/buy/cgsh_order_add.html HTTP/1.1" 200 69191
114.83.221.131 - - [28/Oct/2022:10:37:07 +0800] "POST /xingrg/kc/buy/cgsh_order_operate.html HTTP/1.1" 200 8245
114.83.221.131 - - [28/Oct/2022:10:37:07 +0800] "GET /xingrg/javascript/easyui/themes/default/validatebox.css HTTP/1.1" 404 1104
114.84.81.136 - - [28/Oct/2022:10:37:08 +0800] "GET /xingrg/all/function/internal_message.html?_=1666924620345&CODE_STATE=getMsg HTTP/1.1" 200 27
221.239.141.151 - - [28/Oct/2022:10:37:16 +0800] "GET /xingrg/all/function/internal_message.html?_=1666924649559&CODE_STATE=getMsg HTTP/1.1" 200 27
116.238.139.35 - - [28/Oct/2022:10:37:20 +0800] "GET /xingrg/all/function/internal_message.html?_=1666924565859&CODE_STATE=getMsg HTTP/1.1" 200 27
120.253.135.82 - - [28/Oct/2022:10:37:23 +0800] "GET /xingrg/all/function/internal_message.html?_=1666924431100&CODE_STATE=getMsg HTTP/1.1" 200 27
116.230.105.139 - - [28/Oct/2022:10:37:33 +0800] "GET /favicon.ico HTTP/1.1" 404 -
114.83.221.131 - - [28/Oct/2022:10:37:33 +0800] "GET /xingrg/all/function/internal_message.html?_=1666924642080&CODE_STATE=getMsg HTTP/1.1" 200 27
114.83.219.57 - - [28/Oct/2022:10:37:36 +0800] "GET /xingrg/all/function/internal_message.html?_=1666924754784&CODE_STATE=getMsg HTTP/1.1" 200 27
218.81.217.29 - - [28/Oct/2022:10:37:37 +0800] "GET /xingrg/all/function/internal_message.html?_=1666924670930&CODE_STATE=getMsg HTTP/1.1" 200 27
180.169.147.146 - - [28/Oct/2022:10:37:41 +0800] "GET /xingrg/all/function/internal_message.html?_=1666924651038&CODE_STATE=getMsg HTTP/1.1" 200 27
116.230.105.139 - - [28/Oct/2022:10:37:43 +0800] "GET /xingrg/all/function/internal_message.html?_=1666924617792&CODE_STATE=getMsg HTTP/1.1" 200 27
116.238.139.35 - - [28/Oct/2022:10:37:44 +0800] "GET /xingrg/check_reg.html?_=1666924589577 HTTP/1.1" 200 22
221.239.141.151 - - [28/Oct/2022:10:37:45 +0800] "GET /xingrg/all/function/internal_message.html?_=1666924657345&CODE_STATE=getMsg HTTP/1.1" 200 27
221.239.141.151 - - [28/Oct/2022:10:37:46 +0800] "GET /xingrg/check_reg.html?_=1666924657710 HTTP/1.1" 200 22
222.69.192.207 - - [28/Oct/2022:10:37:46 +0800] "GET /xingrg/kc/buy/cgsh_order_operate.html?command=get_materiel&rest_code=00105&code=00102005690&supplier_code=00100076&order_time=2022-10-28 HTTP/1.1" 200 420
221.239.141.151 - - [28/Oct/2022:10:37:49 +0800] "GET /xingrg/kc/buy/cgsh_order_operate.html?command=get_materiel&rest_code=00102&code=00102016034&supplier_code=00100219&order_time=2022-10-28 HTTP/1.1" 200 416
114.88.159.190 - - [28/Oct/2022:10:37:50 +0800] "GET /xingrg/kc/buy/cgsh_order_add.html HTTP/1.1" 200 69103
114.88.159.190 - - [28/Oct/2022:10:37:50 +0800] "GET /xingrg/javascript/easyui/themes/default/validatebox.css HTTP/1.1" 404 1104
114.88.159.190 - - [28/Oct/2022:10:37:50 +0800] "POST /xingrg/kc/buy/cgsh_order_operate.html HTTP/1.1" 200 8245
116.238.139.35 - - [28/Oct/2022:10:37:56 +0800] "GET /xingrg/all/function/internal_message.html?_=1666924667790&CODE_STATE=getMsg HTTP/1.1" 200 27
222.69.192.207 - - [28/Oct/2022:10:38:00 +0800] "GET /xingrg/all/function/internal_message.html?_=1666924671334&CODE_STATE=getMsg HTTP/1.1" 200 27
222.69.192.207 - - [28/Oct/2022:10:38:01 +0800] "POST /xingrg/kc/buy/cgsh_order_operate.html HTTP/1.1" 200 37
114.88.159.190 - - [28/Oct/2022:10:38:01 +0800] "GET /xingrg/kc/buy/cgsh_order_operate.html?command=get_materiel&rest_code=00141&code=00102005894&supplier_code=00100075&order_time=2022-10-28 HTTP/1.1" 200 436
222.69.192.207 - - [28/Oct/2022:10:38:02 +0800] "POST /xingrg/kc/buy/cgsh_order_operate.html HTTP/1.1" 200 2666
221.239.141.151 - - [28/Oct/2022:10:38:02 +0800] "GET /xingrg/kc/buy/cgsh_order_operate.html?command=get_materiel&rest_code=00102&code=00102009059&supplier_code=00100219&order_time=2022-10-28 HTTP/1.1" 200 424
222.69.192.207 - - [28/Oct/2022:10:38:03 +0800] "GET /xingrg/kc/print/load_data.html?order_code=212022102808525&kc_code=cgsh&condition= HTTP/1.1" 200 711
58.37.5.139 - - [28/Oct/2022:10:38:05 +0800] "GET /xingrg/all/function/internal_message.html?_=1666924673703&CODE_STATE=getMsg HTTP/1.1" 200 27
114.84.81.136 - - [28/Oct/2022:10:38:08 +0800] "GET /xingrg/all/function/internal_message.html?_=1666924680348&CODE_STATE=getMsg HTTP/1.1" 200 27
221.239.141.151 - - [28/Oct/2022:10:38:16 +0800] "GET /xingrg/all/function/internal_message.html?_=1666924709554&CODE_STATE=getMsg HTTP/1.1" 200 27
221.239.141.151 - - [28/Oct/2022:10:38:18 +0800] "POST /xingrg/kc/buy/cgsh_order_operate.html HTTP/1.1" 200 37
114.88.159.190 - - [28/Oct/2022:10:38:20 +0800] "GET /xingrg/kc/buy/cgsh_order_operate.html?command=get_materiel&rest_code=00141&code=00102013032&supplier_code=00100075&order_time=2022-10-28 HTTP/1.1" 200 442
120.253.135.82 - - [28/Oct/2022:10:38:20 +0800] "GET /xingrg/kc/report/report_main.html HTTP/1.1" 200 8599
116.238.139.35 - - [28/Oct/2022:10:38:20 +0800] "GET /xingrg/all/function/internal_message.html?_=1666924625863&CODE_STATE=getMsg HTTP/1.1" 200 27
120.253.135.82 - - [28/Oct/2022:10:38:21 +0800] "GET /xingrg/kc/base/kc_stocks.html HTTP/1.1" 200 16446
120.253.135.82 - - [28/Oct/2022:10:38:21 +0800] "GET /xingrg/javascript/easyui/themes/default/tree.css HTTP/1.1" 404 1090
120.253.135.82 - - [28/Oct/2022:10:38:21 +0800] "POST /xingrg/all/common/load_tree.html?tree=materiel_sort_tree_json HTTP/1.1" 200 9500
120.253.135.82 - - [28/Oct/2022:10:38:22 +0800] "GET /xingrg/check_reg.html?_=1666924490005 HTTP/1.1" 200 22
120.253.135.82 - - [28/Oct/2022:10:38:22 +0800] "POST /xingrg/all/common/load_combo.html?type=base HTTP/1.1" 200 1169
120.253.135.82 - - [28/Oct/2022:10:38:23 +0800] "GET /xingrg/all/function/internal_message.html?_=1666924491113&CODE_STATE=getMsg HTTP/1.1" 200 27
221.239.141.151 - - [28/Oct/2022:10:38:24 +0800] "POST /xingrg/kc/buy/cgsh_order_operate.html HTTP/1.1" 200 12
221.239.141.151 - - [28/Oct/2022:10:38:26 +0800] "GET /xingrg/kc/buy/cgsh_order_info.html?code=212022102808526 HTTP/1.1" 200 64037
221.239.141.151 - - [28/Oct/2022:10:38:26 +0800] "GET /xingrg/words/20221028091152_words.js HTTP/1.1" 304 -
221.239.141.151 - - [28/Oct/2022:10:38:26 +0800] "GET /xingrg/javascript/easyui/themes/default/validatebox.css HTTP/1.1" 404 1104
221.239.141.151 - - [28/Oct/2022:10:38:27 +0800] "POST /xingrg/kc/buy/cgsh_order_operate.html HTTP/1.1" 200 2380
221.239.141.151 - - [28/Oct/2022:10:38:28 +0800] "GET /xingrg/kc/print/load_data.html?order_code=212022102808526&kc_code=cgsh&condition= HTTP/1.1" 200 1348
120.253.135.82 - - [28/Oct/2022:10:38:30 +0800] "POST /xingrg/kc/base/stock_operate.html HTTP/1.1" 200 1476
221.239.141.151 - - [28/Oct/2022:10:38:33 +0800] "GET /xingrg/kc/buy/cgsh_order_add.html HTTP/1.1" 200 69138
114.83.221.131 - - [28/Oct/2022:10:38:33 +0800] "GET /xingrg/all/function/internal_message.html?_=1666924702060&CODE_STATE=getMsg HTTP/1.1" 200 27
221.239.141.151 - - [28/Oct/2022:10:38:33 +0800] "POST /xingrg/kc/buy/cgsh_order_operate.html HTTP/1.1" 200 8245
221.239.141.151 - - [28/Oct/2022:10:38:33 +0800] "GET /xingrg/javascript/easyui/themes/default/validatebox.css HTTP/1.1" 404 1104
221.239.141.151 - - [28/Oct/2022:10:38:36 +0800] "GET /xingrg/javascript/easyui/themes/default/tree.css HTTP/1.1" 404 1090
221.239.141.151 - - [28/Oct/2022:10:38:36 +0800] "POST /xingrg/all/common/load_tree.html?tree=supplier_tree_json&isDelete=1 HTTP/1.1" 200 69393
114.83.219.57 - - [28/Oct/2022:10:38:36 +0800] "GET /xingrg/all/function/internal_message.html?_=1666924814770&CODE_STATE=getMsg HTTP/1.1" 200 27
114.88.159.190 - - [28/Oct/2022:10:38:37 +0800] "GET /xingrg/kc/buy/cgsh_order_operate.html?command=get_materiel&rest_code=00141&code=00102012054&supplier_code=00100075&order_time=2022-10-28 HTTP/1.1" 200 416
218.81.217.29 - - [28/Oct/2022:10:38:37 +0800] "GET /xingrg/all/function/internal_message.html?_=1666924730936&CODE_STATE=getMsg HTTP/1.1" 200 27
180.169.147.146 - - [28/Oct/2022:10:38:41 +0800] "GET /xingrg/all/function/internal_message.html?_=1666924711023&CODE_STATE=getMsg HTTP/1.1" 200 27
116.230.105.139 - - [28/Oct/2022:10:38:43 +0800] "GET /xingrg/all/function/internal_message.html?_=1666924677795&CODE_STATE=getMsg HTTP/1.1" 200 27
116.230.105.139 - - [28/Oct/2022:10:38:43 +0800] "GET /xingrg/check_reg.html?_=1666924677802 HTTP/1.1" 200 22
221.239.141.151 - - [28/Oct/2022:10:38:45 +0800] "GET /xingrg/all/function/internal_message.html?_=1666924717339&CODE_STATE=getMsg HTTP/1.1" 200 27
114.88.159.190 - - [28/Oct/2022:10:38:51 +0800] "POST /xingrg/kc/buy/cgsh_order_operate.html HTTP/1.1" 200 37
114.88.159.190 - - [28/Oct/2022:10:38:56 +0800] "POST /xingrg/kc/buy/cgsh_order_operate.html HTTP/1.1" 200 12
116.238.139.35 - - [28/Oct/2022:10:38:56 +0800] "GET /xingrg/check_reg.html?_=1666924727792 HTTP/1.1" 200 22
116.238.139.35 - - [28/Oct/2022:10:38:56 +0800] "GET /xingrg/all/function/internal_message.html?_=1666924727793&CODE_STATE=getMsg HTTP/1.1" 200 27
222.69.192.207 - - [28/Oct/2022:10:38:58 +0800] "GET /xingrg/kc/mdqp/pssh_order_list.html HTTP/1.1" 200 17912
222.69.192.207 - - [28/Oct/2022:10:38:59 +0800] "POST /xingrg/kc/mdqp/pssh_list_operate.html HTTP/1.1" 200 5362
222.69.192.207 - - [28/Oct/2022:10:39:00 +0800] "GET /xingrg/all/function/internal_message.html?_=1666924731320&CODE_STATE=getMsg HTTP/1.1" 200 27
222.69.192.207 - - [28/Oct/2022:10:39:01 +0800] "POST /xingrg/kc/mdqp/pssh_list_operate.html HTTP/1.1" 200 356
222.69.192.207 - - [28/Oct/2022:10:39:02 +0800] "GET /xingrg/kc/mdqp/pssh_order_info.html?code=312022102600500 HTTP/1.1" 200 17293
222.69.192.207 - - [28/Oct/2022:10:39:02 +0800] "GET /xingrg/javascript/jquery_tools/jquery-1.4.2.min.js HTTP/1.1" 404 1094
222.69.192.207 - - [28/Oct/2022:10:39:02 +0800] "POST /xingrg/kc/mdqp/pssh_order_operate.html HTTP/1.1" 200 1053
222.69.192.207 - - [28/Oct/2022:10:39:02 +0800] "GET /xingrg/javascript/easyui/themes/default/validatebox.css HTTP/1.1" 404 1104
58.37.5.139 - - [28/Oct/2022:10:39:05 +0800] "GET /xingrg/all/function/internal_message.html?_=1666924733674&CODE_STATE=getMsg HTTP/1.1" 200 27
180.163.29.234 - - [28/Oct/2022:10:39:06 +0800] "GET /xingrg/all/function/internal_message.html?_=1666924673703&CODE_STATE=getMsg HTTP/1.1" 302 -
180.163.29.234 - - [28/Oct/2022:10:39:06 +0800] "GET /xingrg/login.html HTTP/1.1" 200 7641
114.84.81.136 - - [28/Oct/2022:10:39:08 +0800] "GET /xingrg/all/function/internal_message.html?_=1666924740349&CODE_STATE=getMsg HTTP/1.1" 200 27
222.69.192.207 - - [28/Oct/2022:10:39:10 +0800] "POST /xingrg/all/common/load_combo.html?type=employee HTTP/1.1" 200 356
114.88.159.190 - - [28/Oct/2022:10:39:10 +0800] "GET /xingrg/kc/buy/cgsh_order_info.html?code=212022102808527 HTTP/1.1" 200 64010
114.88.159.190 - - [28/Oct/2022:10:39:11 +0800] "GET /xingrg/javascript/easyui/themes/default/validatebox.css HTTP/1.1" 404 1104
114.88.159.190 - - [28/Oct/2022:10:39:12 +0800] "POST /xingrg/kc/buy/cgsh_order_operate.html HTTP/1.1" 200 1231
114.88.159.190 - - [28/Oct/2022:10:39:13 +0800] "GET /xingrg/kc/print/load_data.html?order_code=212022102808527&kc_code=cgsh&condition= HTTP/1.1" 200 980
222.69.192.207 - - [28/Oct/2022:10:39:14 +0800] "POST /xingrg/kc/mdqp/pssh_order_operate.html HTTP/1.1" 200 37
222.69.192.207 - - [28/Oct/2022:10:39:15 +0800] "POST /xingrg/kc/mdqp/pssh_order_operate.html HTTP/1.1" 200 1053
221.239.141.151 - - [28/Oct/2022:10:39:16 +0800] "GET /xingrg/all/function/internal_message.html?_=1666924769562&CODE_STATE=getMsg HTTP/1.1" 200 27
114.88.159.190 - - [28/Oct/2022:10:39:16 +0800] "GET /xingrg/kc/buy/cgsh_order_add.html HTTP/1.1" 200 69103
114.88.159.190 - - [28/Oct/2022:10:39:17 +0800] "POST /xingrg/kc/buy/cgsh_order_operate.html HTTP/1.1" 200 8245
114.88.159.190 - - [28/Oct/2022:10:39:17 +0800] "GET /xingrg/javascript/easyui/themes/default/validatebox.css HTTP/1.1" 404 1104
222.69.192.207 - - [28/Oct/2022:10:39:19 +0800] "POST /xingrg/kc/mdqp/pssh_order_operate.html HTTP/1.1" 200 37
222.69.192.207 - - [28/Oct/2022:10:39:20 +0800] "POST /xingrg/kc/mdqp/pssh_order_operate.html HTTP/1.1" 200 12
116.238.139.35 - - [28/Oct/2022:10:39:20 +0800] "GET /xingrg/all/function/internal_message.html?_=1666924685877&CODE_STATE=getMsg HTTP/1.1" 200 27
222.69.192.207 - - [28/Oct/2022:10:39:22 +0800] "GET /xingrg/kc/mdqp/pssh_order_info.html?code=312022102600500 HTTP/1.1" 200 14382
222.69.192.207 - - [28/Oct/2022:10:39:22 +0800] "GET /xingrg/javascript/jquery_tools/jquery-1.4.2.min.js HTTP/1.1" 404 1094
222.69.192.207 - - [28/Oct/2022:10:39:22 +0800] "POST /xingrg/kc/mdqp/pssh_order_operate.html HTTP/1.1" 200 1053
222.69.192.207 - - [28/Oct/2022:10:39:22 +0800] "GET /xingrg/javascript/easyui/themes/default/validatebox.css HTTP/1.1" 404 1104
120.253.135.82 - - [28/Oct/2022:10:39:23 +0800] "GET /xingrg/all/function/internal_message.html?_=1666924551127&CODE_STATE=getMsg HTTP/1.1" 200 27
222.69.192.207 - - [28/Oct/2022:10:39:27 +0800] "GET /xingrg/kc/print/load_data.html?order_code=312022102600500&kc_code=pssh&condition= HTTP/1.1" 200 823
114.83.221.131 - - [28/Oct/2022:10:39:33 +0800] "GET /xingrg/all/function/internal_message.html?_=1666924762031&CODE_STATE=getMsg HTTP/1.1" 200 27
114.83.221.131 - - [28/Oct/2022:10:39:33 +0800] "GET /xingrg/check_reg.html?_=1666924762273 HTTP/1.1" 200 22
114.83.219.57 - - [28/Oct/2022:10:39:36 +0800] "GET /xingrg/all/function/internal_message.html?_=1666924874774&CODE_STATE=getMsg HTTP/1.1" 200 27
114.83.219.57 - - [28/Oct/2022:10:39:36 +0800] "GET /xingrg/check_reg.html?_=1666924874775 HTTP/1.1" 200 22
222.69.192.207 - - [28/Oct/2022:10:39:37 +0800] "GET /xingrg/kc/base/wldb_order_list.html HTTP/1.1" 200 19142
58.37.5.139 - - [28/Oct/2022:10:39:37 +0800] "GET /xingrg/kc/buy/cgsh_order_add.html HTTP/1.1" 200 69103
58.37.5.139 - - [28/Oct/2022:10:39:37 +0800] "GET /xingrg/javascript/easyui/themes/default/validatebox.css HTTP/1.1" 404 1104
58.37.5.139 - - [28/Oct/2022:10:39:37 +0800] "POST /xingrg/kc/buy/cgsh_order_operate.html HTTP/1.1" 200 8245
222.69.192.207 - - [28/Oct/2022:10:39:37 +0800] "POST /xingrg/kc/base/wldb_list_operate.html HTTP/1.1" 200 928
218.81.217.29 - - [28/Oct/2022:10:39:38 +0800] "GET /xingrg/all/function/internal_message.html?_=1666924791128&CODE_STATE=getMsg HTTP/1.1" 200 27
222.69.192.207 - - [28/Oct/2022:10:39:38 +0800] "GET /xingrg/kc/base/wldb_order_add.html HTTP/1.1" 200 30365
222.69.192.207 - - [28/Oct/2022:10:39:39 +0800] "GET /xingrg/all/common/auto_word.html?type=base&rest_code=00105 HTTP/1.1" 200 1907
222.69.192.207 - - [28/Oct/2022:10:39:39 +0800] "GET /xingrg/all/common/auto_word.html?type=base&rest_code=00105 HTTP/1.1" 200 1907
222.69.192.207 - - [28/Oct/2022:10:39:39 +0800] "GET /xingrg/javascript/easyui/themes/default/validatebox.css HTTP/1.1" 404 1104
222.69.192.207 - - [28/Oct/2022:10:39:39 +0800] "POST /xingrg/kc/base/wldb_order_operate.html HTTP/1.1" 200 6806
114.88.159.190 - - [28/Oct/2022:10:39:39 +0800] "GET /xingrg/kc/buy/cgsh_order_operate.html?command=get_materiel&rest_code=00141&code=00102002080&supplier_code=00100075&order_time=2022-10-28 HTTP/1.1" 200 409
222.69.192.207 - - [28/Oct/2022:10:39:39 +0800] "POST /xingrg/all/common/load_combo.html?type=base HTTP/1.1" 200 3409
180.169.147.146 - - [28/Oct/2022:10:39:41 +0800] "GET /xingrg/all/function/internal_message.html?_=1666924771007&CODE_STATE=getMsg HTTP/1.1" 200 27
58.37.5.139 - - [28/Oct/2022:10:39:42 +0800] "GET /xingrg/javascript/easyui/themes/default/tree.css HTTP/1.1" 404 1090
58.37.5.139 - - [28/Oct/2022:10:39:42 +0800] "POST /xingrg/all/common/load_tree.html?tree=supplier_tree_json&isDelete=1 HTTP/1.1" 200 69393
116.230.105.139 - - [28/Oct/2022:10:39:43 +0800] "GET /xingrg/all/function/internal_message.html?_=1666924737800&CODE_STATE=getMsg HTTP/1.1" 200 27
221.239.141.151 - - [28/Oct/2022:10:39:45 +0800] "GET /xingrg/all/function/internal_message.html?_=1666924777323&CODE_STATE=getMsg HTTP/1.1" 200 27
114.88.159.190 - - [28/Oct/2022:10:39:52 +0800] "POST /xingrg/kc/buy/cgsh_order_operate.html HTTP/1.1" 200 37
114.88.159.190 - - [28/Oct/2022:10:39:56 +0800] "POST /xingrg/kc/buy/cgsh_order_operate.html HTTP/1.1" 200 12
222.69.192.207 - - [28/Oct/2022:10:39:56 +0800] "GET /xingrg/kc/base/wldb_order_operate.html?command=get_materiel&rest_code=00105&base_code=0010824&code=00102002504 HTTP/1.1" 200 438
116.238.139.35 - - [28/Oct/2022:10:39:56 +0800] "GET /xingrg/all/function/internal_message.html?_=1666924787794&CODE_STATE=getMsg HTTP/1.1" 200 27
114.88.159.190 - - [28/Oct/2022:10:39:57 +0800] "GET /xingrg/kc/buy/cgsh_order_info.html?code=212022102808528 HTTP/1.1" 200 64010
114.88.159.190 - - [28/Oct/2022:10:39:58 +0800] "GET /xingrg/javascript/easyui/themes/default/validatebox.css HTTP/1.1" 404 1104
114.88.159.190 - - [28/Oct/2022:10:39:59 +0800] "POST /xingrg/kc/buy/cgsh_order_operate.html HTTP/1.1" 200 602
222.69.192.207 - - [28/Oct/2022:10:40:00 +0800] "GET /xingrg/all/function/internal_message.html?_=1666924791297&CODE_STATE=getMsg HTTP/1.1" 200 27
114.88.159.190 - - [28/Oct/2022:10:40:00 +0800] "GET /xingrg/kc/print/load_data.html?order_code=212022102808528&kc_code=cgsh&condition= HTTP/1.1" 200 711
218.81.217.29 - - [28/Oct/2022:10:40:01 +0800] "GET /xingrg/check_reg.html?_=1666924814742 HTTP/1.1" 200 22
58.37.5.139 - - [28/Oct/2022:10:40:04 +0800] "GET /xingrg/kc/buy/cgsh_order_operate.html?command=get_materiel&rest_code=00106&code=00101008147&supplier_code=00100009&order_time=2022-10-28 HTTP/1.1" 200 416
222.69.192.207 - - [28/Oct/2022:10:40:04 +0800] "POST /xingrg/kc/base/wldb_order_operate.html HTTP/1.1" 200 37
222.69.192.207 - - [28/Oct/2022:10:40:05 +0800] "POST /xingrg/kc/base/wldb_order_operate.html HTTP/1.1" 200 2185
58.37.5.139 - - [28/Oct/2022:10:40:05 +0800] "GET /xingrg/all/function/internal_message.html?_=1666924793654&CODE_STATE=getMsg HTTP/1.1" 200 27
180.163.29.217 - - [28/Oct/2022:10:40:05 +0800] "GET /xingrg/all/function/internal_message.html?_=1666924733674&CODE_STATE=getMsg HTTP/1.1" 302 -
180.163.29.217 - - [28/Oct/2022:10:40:05 +0800] "GET /xingrg/login.html HTTP/1.1" 200 7641
114.84.81.136 - - [28/Oct/2022:10:40:08 +0800] "GET /xingrg/all/function/internal_message.html?_=1666924800350&CODE_STATE=getMsg HTTP/1.1" 200 27
58.37.5.139 - - [28/Oct/2022:10:40:16 +0800] "GET /xingrg/kc/buy/cgsh_order_operate.html?command=get_materiel&rest_code=00106&code=00101008037&supplier_code=00100009&order_time=2022-10-28 HTTP/1.1" 200 413
221.239.141.151 - - [28/Oct/2022:10:40:16 +0800] "GET /xingrg/check_reg.html?_=1666924829561 HTTP/1.1" 200 22
221.239.141.151 - - [28/Oct/2022:10:40:16 +0800] "GET /xingrg/all/function/internal_message.html?_=1666924829565&CODE_STATE=getMsg HTTP/1.1" 200 27
221.239.141.151 - - [28/Oct/2022:10:40:17 +0800] "GET /xingrg/kc/buy/cgsh_order_operate.html?command=get_materiel&rest_code=00102&code=00102010822&supplier_code=00100219&order_time=2022-10-28 HTTP/1.1" 200 410
116.238.139.35 - - [28/Oct/2022:10:40:20 +0800] "GET /xingrg/all/function/internal_message.html?_=1666924745928&CODE_STATE=getMsg HTTP/1.1" 200 27
120.253.135.82 - - [28/Oct/2022:10:40:23 +0800] "GET /xingrg/all/function/internal_message.html?_=1666924611140&CODE_STATE=getMsg HTTP/1.1" 200 27
114.88.159.190 - - [28/Oct/2022:10:40:25 +0800] "GET /xingrg/check_reg.html?_=1666924440927 HTTP/1.1" 200 22
58.37.5.139 - - [28/Oct/2022:10:40:26 +0800] "GET /xingrg/kc/buy/cgsh_order_operate.html?command=get_materiel&rest_code=00106&code=00101008530&supplier_code=00100009&order_time=2022-10-28 HTTP/1.1" 200 436
222.69.192.207 - - [28/Oct/2022:10:40:26 +0800] "GET /xingrg/kc/base/wldb_order_info.html?code=422022102802032 HTTP/1.1" 200 30373
222.69.192.207 - - [28/Oct/2022:10:40:27 +0800] "GET /xingrg/javascript/easyui/themes/default/validatebox.css HTTP/1.1" 404 1104
222.69.192.207 - - [28/Oct/2022:10:40:27 +0800] "POST /xingrg/kc/base/wldb_order_operate.html HTTP/1.1" 200 2185
222.69.192.207 - - [28/Oct/2022:10:40:28 +0800] "GET /xingrg/kc/mdqp/pssh_order_list.html HTTP/1.1" 200 17912
222.69.192.207 - - [28/Oct/2022:10:40:28 +0800] "POST /xingrg/kc/mdqp/pssh_list_operate.html HTTP/1.1" 200 5387
222.69.192.207 - - [28/Oct/2022:10:40:30 +0800] "POST /xingrg/kc/mdqp/pssh_list_operate.html HTTP/1.1" 200 286
222.69.192.207 - - [28/Oct/2022:10:40:31 +0800] "GET /xingrg/kc/mdqp/pssh_order_info.html?code=312022102600503 HTTP/1.1" 200 17293
222.69.192.207 - - [28/Oct/2022:10:40:31 +0800] "GET /xingrg/javascript/jquery_tools/jquery-1.4.2.min.js HTTP/1.1" 404 1094
222.69.192.207 - - [28/Oct/2022:10:40:31 +0800] "POST /xingrg/kc/mdqp/pssh_order_operate.html HTTP/1.1" 200 565
222.69.192.207 - - [28/Oct/2022:10:40:31 +0800] "GET /xingrg/javascript/easyui/themes/default/validatebox.css HTTP/1.1" 404 1104
114.83.221.131 - - [28/Oct/2022:10:40:33 +0800] "GET /xingrg/all/function/internal_message.html?_=1666924822009&CODE_STATE=getMsg HTTP/1.1" 200 27
222.69.192.207 - - [28/Oct/2022:10:40:35 +0800] "POST /xingrg/all/common/load_combo.html?type=employee HTTP/1.1" 200 356
114.83.219.57 - - [28/Oct/2022:10:40:36 +0800] "GET /xingrg/all/function/internal_message.html?_=1666924934787&CODE_STATE=getMsg HTTP/1.1" 200 27
218.81.217.29 - - [28/Oct/2022:10:40:38 +0800] "GET /xingrg/all/function/internal_message.html?_=1666924851135&CODE_STATE=getMsg HTTP/1.1" 200 27
58.37.5.139 - - [28/Oct/2022:10:40:38 +0800] "POST /xingrg/kc/buy/cgsh_order_operate.html HTTP/1.1" 200 37
221.239.141.151 - - [28/Oct/2022:10:40:38 +0800] "GET /xingrg/kc/buy/cgsh_order_operate.html?command=get_materiel&rest_code=00102&code=00102016094&supplier_code=00100219&order_time=2022-10-28 HTTP/1.1" 200 417
222.69.192.207 - - [28/Oct/2022:10:40:38 +0800] "POST /xingrg/kc/mdqp/pssh_order_operate.html HTTP/1.1" 200 37
222.69.192.207 - - [28/Oct/2022:10:40:40 +0800] "POST /xingrg/kc/mdqp/pssh_order_operate.html HTTP/1.1" 200 565
180.169.147.146 - - [28/Oct/2022:10:40:41 +0800] "GET /xingrg/all/function/internal_message.html?_=1666924830991&CODE_STATE=getMsg HTTP/1.1" 200 27
116.230.105.139 - - [28/Oct/2022:10:40:43 +0800] "GET /xingrg/all/function/internal_message.html?_=1666924797812&CODE_STATE=getMsg HTTP/1.1" 200 27
58.37.5.139 - - [28/Oct/2022:10:40:45 +0800] "POST /xingrg/kc/buy/cgsh_order_operate.html HTTP/1.1" 200 12
221.239.141.151 - - [28/Oct/2022:10:40:45 +0800] "GET /xingrg/all/function/internal_message.html?_=1666924837295&CODE_STATE=getMsg HTTP/1.1" 200 27
221.239.141.151 - - [28/Oct/2022:10:40:46 +0800] "GET /xingrg/kc/buy/cgsh_order_operate.html?command=get_materiel&rest_code=00102&code=00102010228&supplier_code=00100219&order_time=2022-10-28 HTTP/1.1" 200 414
222.69.192.207 - - [28/Oct/2022:10:40:47 +0800] "POST /xingrg/kc/mdqp/pssh_order_operate.html HTTP/1.1" 200 37
222.69.192.207 - - [28/Oct/2022:10:40:48 +0800] "POST /xingrg/kc/mdqp/pssh_order_operate.html HTTP/1.1" 200 12
222.69.192.207 - - [28/Oct/2022:10:40:50 +0800] "GET /xingrg/kc/mdqp/pssh_order_info.html?code=312022102600503 HTTP/1.1" 200 14382
222.69.192.207 - - [28/Oct/2022:10:40:50 +0800] "GET /xingrg/javascript/jquery_tools/jquery-1.4.2.min.js HTTP/1.1" 404 1094
222.69.192.207 - - [28/Oct/2022:10:40:50 +0800] "GET /xingrg/javascript/easyui/themes/default/validatebox.css HTTP/1.1" 404 1104
222.69.192.207 - - [28/Oct/2022:10:40:50 +0800] "POST /xingrg/kc/mdqp/pssh_order_operate.html HTTP/1.1" 200 565
222.69.192.207 - - [28/Oct/2022:10:40:51 +0800] "GET /xingrg/kc/print/load_data.html?order_code=312022102600503&kc_code=pssh&condition= HTTP/1.1" 200 697
58.37.5.139 - - [28/Oct/2022:10:40:56 +0800] "GET /xingrg/kc/buy/cgsh_order_info.html?code=212022102808529 HTTP/1.1" 200 64012
116.238.139.35 - - [28/Oct/2022:10:40:56 +0800] "GET /xingrg/all/function/internal_message.html?_=1666924847796&CODE_STATE=getMsg HTTP/1.1" 200 27
58.37.5.139 - - [28/Oct/2022:10:40:56 +0800] "GET /xingrg/javascript/easyui/themes/default/validatebox.css HTTP/1.1" 404 1104
222.69.192.207 - - [28/Oct/2022:10:40:57 +0800] "POST /xingrg/kc/mdqp/pssh_list_operate.html HTTP/1.1" 200 1574
58.37.5.139 - - [28/Oct/2022:10:40:57 +0800] "POST /xingrg/kc/buy/cgsh_order_operate.html HTTP/1.1" 200 1813
222.69.192.207 - - [28/Oct/2022:10:40:59 +0800] "GET /xingrg/kc/mdqp/pssh_order_list.html HTTP/1.1" 200 17912
222.69.192.207 - - [28/Oct/2022:10:40:59 +0800] "POST /xingrg/kc/mdqp/pssh_list_operate.html HTTP/1.1" 200 5412
222.69.192.207 - - [28/Oct/2022:10:41:00 +0800] "GET /xingrg/all/function/internal_message.html?_=1666924851271&CODE_STATE=getMsg HTTP/1.1" 200 27
58.37.5.139 - - [28/Oct/2022:10:41:00 +0800] "GET /xingrg/kc/print/load_data.html?order_code=212022102808529&kc_code=cgsh&condition= HTTP/1.1" 200 1246
222.69.192.207 - - [28/Oct/2022:10:41:01 +0800] "GET /xingrg/check_reg.html?_=1666924852417 HTTP/1.1" 200 22
222.69.192.207 - - [28/Oct/2022:10:41:01 +0800] "POST /xingrg/kc/mdqp/pssh_list_operate.html HTTP/1.1" 200 753
180.163.29.212 - - [28/Oct/2022:10:41:01 +0800] "GET /xingrg/kc/buy/cgsh_order_operate.html?command=get_materiel&rest_code=00106&code=00101008147&supplier_code=00100009&order_time=2022-10-28 HTTP/1.1" 302 -
180.163.29.212 - - [28/Oct/2022:10:41:01 +0800] "GET /xingrg/login.html HTTP/1.1" 200 7641
222.69.192.207 - - [28/Oct/2022:10:41:03 +0800] "POST /xingrg/kc/mdqp/pssh_list_operate.html HTTP/1.1" 200 813
222.69.192.207 - - [28/Oct/2022:10:41:03 +0800] "GET /xingrg/kc/mdqp/pssh_order_info.html?code=312022102600504 HTTP/1.1" 200 17297
222.69.192.207 - - [28/Oct/2022:10:41:04 +0800] "GET /xingrg/javascript/jquery_tools/jquery-1.4.2.min.js HTTP/1.1" 404 1094
222.69.192.207 - - [28/Oct/2022:10:41:04 +0800] "GET /xingrg/javascript/easyui/themes/default/validatebox.css HTTP/1.1" 404 1104
222.69.192.207 - - [28/Oct/2022:10:41:04 +0800] "POST /xingrg/kc/mdqp/pssh_order_operate.html HTTP/1.1" 200 7499
180.163.30.100 - - [28/Oct/2022:10:41:05 +0800] "GET /xingrg/all/function/internal_message.html?_=1666924793654&CODE_STATE=getMsg HTTP/1.1" 302 -
58.37.5.139 - - [28/Oct/2022:10:41:05 +0800] "GET /xingrg/all/function/internal_message.html?_=1666924853627&CODE_STATE=getMsg HTTP/1.1" 200 27
180.163.30.100 - - [28/Oct/2022:10:41:05 +0800] "GET /xingrg/login.html HTTP/1.1" 200 7641
222.69.192.207 - - [28/Oct/2022:10:41:05 +0800] "GET /xingrg/javascript/jquery_tools/images/next.gif HTTP/1.1" 404 1086
222.69.192.207 - - [28/Oct/2022:10:41:05 +0800] "GET /xingrg/javascript/jquery_tools/images/prev.gif HTTP/1.1" 404 1086
222.69.192.207 - - [28/Oct/2022:10:41:08 +0800] "POST /xingrg/all/common/load_combo.html?type=employee HTTP/1.1" 200 356
114.84.81.136 - - [28/Oct/2022:10:41:08 +0800] "GET /xingrg/check_reg.html?_=1666924860352 HTTP/1.1" 200 22
114.84.81.136 - - [28/Oct/2022:10:41:08 +0800] "GET /xingrg/all/function/internal_message.html?_=1666924860355&CODE_STATE=getMsg HTTP/1.1" 200 27
58.37.5.139 - - [28/Oct/2022:10:41:08 +0800] "GET /xingrg/kc/print/load_data.html?order_code=212022102808529&kc_code=cgsh HTTP/1.1" 200 1246
222.69.192.207 - - [28/Oct/2022:10:41:12 +0800] "POST /xingrg/kc/mdqp/pssh_order_operate.html HTTP/1.1" 200 37
180.163.28.114 - - [28/Oct/2022:10:41:13 +0800] "GET /xingrg/kc/buy/cgsh_order_operate.html?command=get_materiel&rest_code=00106&code=00101008037&supplier_code=00100009&order_time=2022-10-28 HTTP/1.1" 302 -
180.163.28.114 - - [28/Oct/2022:10:41:13 +0800] "GET /xingrg/login.html HTTP/1.1" 200 7641
222.69.192.207 - - [28/Oct/2022:10:41:13 +0800] "POST /xingrg/kc/mdqp/pssh_order_operate.html HTTP/1.1" 200 7499
221.239.141.151 - - [28/Oct/2022:10:41:16 +0800] "GET /xingrg/all/function/internal_message.html?_=1666924889559&CODE_STATE=getMsg HTTP/1.1" 200 27
116.238.139.35 - - [28/Oct/2022:10:41:20 +0800] "GET /xingrg/all/function/internal_message.html?_=1666924805935&CODE_STATE=getMsg HTTP/1.1" 200 27
221.239.141.151 - - [28/Oct/2022:10:41:20 +0800] "GET /xingrg/kc/buy/cgsh_order_operate.html?command=get_materiel&rest_code=00102&code=00102011247&supplier_code=00100219&order_time=2022-10-28 HTTP/1.1" 200 408
222.69.192.207 - - [28/Oct/2022:10:41:22 +0800] "POST /xingrg/kc/mdqp/pssh_order_operate.html HTTP/1.1" 200 37
222.69.192.207 - - [28/Oct/2022:10:41:23 +0800] "POST /xingrg/kc/mdqp/pssh_order_operate.html HTTP/1.1" 200 12
120.253.135.82 - - [28/Oct/2022:10:41:23 +0800] "GET /xingrg/all/function/internal_message.html?_=1666924671332&CODE_STATE=getMsg HTTP/1.1" 200 27
180.163.28.114 - - [28/Oct/2022:10:41:24 +0800] "GET /xingrg/kc/buy/cgsh_order_operate.html?command=get_materiel&rest_code=00106&code=00101008530&supplier_code=00100009&order_time=2022-10-28 HTTP/1.1" 302 -
180.163.28.114 - - [28/Oct/2022:10:41:24 +0800] "GET /xingrg/login.html HTTP/1.1" 200 7641
58.37.5.139 - - [28/Oct/2022:10:41:30 +0800] "GET /xingrg/kc/buy/cgsh_order_add.html HTTP/1.1" 200 69103
58.37.5.139 - - [28/Oct/2022:10:41:31 +0800] "GET /xingrg/javascript/easyui/themes/default/validatebox.css HTTP/1.1" 404 1104
58.37.5.139 - - [28/Oct/2022:10:41:31 +0800] "POST /xingrg/kc/buy/cgsh_order_operate.html HTTP/1.1" 200 8245
221.239.141.151 - - [28/Oct/2022:10:41:31 +0800] "GET /xingrg/kc/buy/cgsh_order_operate.html?command=get_materiel&rest_code=00102&code=00102016220&supplier_code=00100219&order_time=2022-10-28 HTTP/1.1" 200 418
58.37.5.139 - - [28/Oct/2022:10:41:32 +0800] "GET /xingrg/javascript/easyui/themes/default/tree.css HTTP/1.1" 404 1090
58.37.5.139 - - [28/Oct/2022:10:41:32 +0800] "POST /xingrg/all/common/load_tree.html?tree=supplier_tree_json&isDelete=1 HTTP/1.1" 200 69393
114.83.221.131 - - [28/Oct/2022:10:41:33 +0800] "GET /xingrg/all/function/internal_message.html?_=1666924881994&CODE_STATE=getMsg HTTP/1.1" 200 27
222.69.192.207 - - [28/Oct/2022:10:41:33 +0800] "GET /xingrg/kc/mdqp/pssh_order_info.html?code=312022102600504 HTTP/1.1" 200 14386
222.69.192.207 - - [28/Oct/2022:10:41:33 +0800] "GET /xingrg/javascript/jquery_tools/jquery-1.4.2.min.js HTTP/1.1" 404 1094
222.69.192.207 - - [28/Oct/2022:10:41:34 +0800] "GET /xingrg/javascript/easyui/themes/default/validatebox.css HTTP/1.1" 404 1104
222.69.192.207 - - [28/Oct/2022:10:41:34 +0800] "POST /xingrg/kc/mdqp/pssh_order_operate.html HTTP/1.1" 200 7499
222.69.192.207 - - [28/Oct/2022:10:41:35 +0800] "GET /xingrg/kc/print/load_data.html?order_code=312022102600504&kc_code=pssh&condition= HTTP/1.1" 200 3156
114.83.219.57 - - [28/Oct/2022:10:41:36 +0800] "GET /xingrg/all/function/internal_message.html?_=1666924994784&CODE_STATE=getMsg HTTP/1.1" 200 27
218.81.217.29 - - [28/Oct/2022:10:41:38 +0800] "GET /xingrg/all/function/internal_message.html?_=1666924911148&CODE_STATE=getMsg HTTP/1.1" 200 27
221.239.141.151 - - [28/Oct/2022:10:41:40 +0800] "GET /xingrg/kc/buy/cgsh_order_operate.html?command=get_materiel&rest_code=00102&code=00102010759&supplier_code=00100219&order_time=2022-10-28 HTTP/1.1" 200 412
180.169.147.146 - - [28/Oct/2022:10:41:41 +0800] "GET /xingrg/all/function/internal_message.html?_=1666924890975&CODE_STATE=getMsg HTTP/1.1" 200 27
180.169.147.146 - - [28/Oct/2022:10:41:41 +0800] "GET /xingrg/check_reg.html?_=1666924891117 HTTP/1.1" 200 22
116.230.105.139 - - [28/Oct/2022:10:41:43 +0800] "GET /xingrg/all/function/internal_message.html?_=1666924857793&CODE_STATE=getMsg HTTP/1.1" 200 27
221.239.141.151 - - [28/Oct/2022:10:41:45 +0800] "GET /xingrg/all/function/internal_message.html?_=1666924897286&CODE_STATE=getMsg HTTP/1.1" 200 27
221.239.141.151 - - [28/Oct/2022:10:41:47 +0800] "GET /xingrg/kc/buy/cgsh_order_operate.html?command=get_materiel&rest_code=00102&code=00102010900&supplier_code=00100219&order_time=2022-10-28 HTTP/1.1" 200 408
58.37.5.139 - - [28/Oct/2022:10:41:47 +0800] "GET /xingrg/kc/buy/cgsh_order_operate.html?command=get_materiel&rest_code=00106&code=00101006113&supplier_code=00100015&order_time=2022-10-28 HTTP/1.1" 200 415
221.239.141.151 - - [28/Oct/2022:10:41:53 +0800] "GET /xingrg/kc/buy/cgsh_order_operate.html?command=get_materiel&rest_code=00102&code=00102010138&supplier_code=00100219&order_time=2022-10-28 HTTP/1.1" 200 413
116.238.139.35 - - [28/Oct/2022:10:41:56 +0800] "GET /xingrg/all/function/internal_message.html?_=1666924907793&CODE_STATE=getMsg HTTP/1.1" 200 27
222.69.192.207 - - [28/Oct/2022:10:41:59 +0800] "GET /xingrg/all/function/internal_message.html?_=1666924911251&CODE_STATE=getMsg HTTP/1.1" 200 27
180.163.29.103 - - [28/Oct/2022:10:42:00 +0800] "GET /xingrg/kc/print/load_data.html?order_code=212022102808529&kc_code=cgsh&condition= HTTP/1.1" 302 -
180.163.29.103 - - [28/Oct/2022:10:42:00 +0800] "GET /xingrg/login.html HTTP/1.1" 200 7641
222.69.192.207 - - [28/Oct/2022:10:42:01 +0800] "GET /xingrg/kc/mdqp/pssh_order_list.html HTTP/1.1" 200 17912
222.69.192.207 - - [28/Oct/2022:10:42:02 +0800] "POST /xingrg/kc/mdqp/pssh_list_operate.html HTTP/1.1" 200 5437
222.69.192.207 - - [28/Oct/2022:10:42:04 +0800] "POST /xingrg/kc/mdqp/pssh_list_operate.html HTTP/1.1" 200 753
