58.37.5.139 - - [28/Oct/2022:11:05:27 +0800] "POST /xingrg/all/common/load_combo.html?type=base HTTP/1.1" 200 3227
221.239.141.151 - - [28/Oct/2022:11:05:28 +0800] "GET /xingrg/system/info/unit_group_list.html HTTP/1.1" 200 8578
58.37.5.139 - - [28/Oct/2022:11:05:28 +0800] "GET /xingrg/kc/base/base_main.html HTTP/1.1" 200 12142
221.239.141.151 - - [28/Oct/2022:11:05:28 +0800] "GET /xingrg/dwr/interface/AjaxBaseInfoService.js HTTP/1.1" 200 21363
221.239.141.151 - - [28/Oct/2022:11:05:28 +0800] "GET /xingrg/dwr/engine.js HTTP/1.1" 200 43631
221.239.141.151 - - [28/Oct/2022:11:05:28 +0800] "GET /xingrg/javascript/jquery_easy_ui/themes/icons/cance_new.png HTTP/1.1" 200 3986
221.239.141.151 - - [28/Oct/2022:11:05:28 +0800] "GET /xingrg/javascript/jquery_easy_ui/themes/icons/edit_add_new.png HTTP/1.1" 200 2997
58.37.5.139 - - [28/Oct/2022:11:05:30 +0800] "GET /xingrg/kc/base/wldb_order_list.html HTTP/1.1" 200 19142
221.239.141.151 - - [28/Oct/2022:11:05:30 +0800] "POST /xingrg/kc/buy/cgsh_list_operate.html HTTP/1.1" 200 560
221.239.141.151 - - [28/Oct/2022:11:05:30 +0800] "GET /xingrg/kc/buy/cgsh_order_info.html?code=212022102808532 HTTP/1.1" 200 69147
58.37.5.139 - - [28/Oct/2022:11:05:30 +0800] "POST /xingrg/kc/base/wldb_list_operate.html HTTP/1.1" 200 2950
221.239.141.151 - - [28/Oct/2022:11:05:30 +0800] "GET /xingrg/javascript/easyui/themes/default/validatebox.css HTTP/1.1" 404 1104
58.37.5.139 - - [28/Oct/2022:11:05:31 +0800] "POST /xingrg/all/common/load_combo.html?type=base HTTP/1.1" 200 3227
221.239.141.151 - - [28/Oct/2022:11:05:31 +0800] "POST /xingrg/kc/buy/cgsh_order_operate.html HTTP/1.1" 200 6787
221.239.141.151 - - [28/Oct/2022:11:05:31 +0800] "GET /xingrg/kc/report/report_main.html HTTP/1.1" 200 7340
58.37.5.139 - - [28/Oct/2022:11:05:32 +0800] "GET /xingrg/kc/buy/buy_main.html HTTP/1.1" 200 12412
58.37.5.139 - - [28/Oct/2022:11:05:32 +0800] "GET /xingrg/css/new_ie.css HTTP/1.1" 404 1036
180.169.147.146 - - [28/Oct/2022:11:05:32 +0800] "GET /xingrg/kc/buy/cgsh_order_operate.html?command=get_materiel&rest_code=00147&code=00101008163&supplier_code=00100006&order_time=2022-10-28 HTTP/1.1" 200 409
221.239.141.151 - - [28/Oct/2022:11:05:32 +0800] "GET /xingrg/kc/info/info_main.html HTTP/1.1" 200 6010
114.83.221.131 - - [28/Oct/2022:11:05:33 +0800] "GET /xingrg/all/function/internal_message.html?_=1666926321528&CODE_STATE=getMsg HTTP/1.1" 200 27
221.239.141.151 - - [28/Oct/2022:11:05:33 +0800] "POST /xingrg/kc/buy/cgsh_list_operate.html HTTP/1.1" 200 435
58.37.5.139 - - [28/Oct/2022:11:05:33 +0800] "GET /xingrg/images/yd/bt.gif HTTP/1.1" 404 1040
221.239.141.151 - - [28/Oct/2022:11:05:33 +0800] "GET /xingrg/kc/buy/cgsh_order_info.html?code=212022102808535 HTTP/1.1" 200 69147
221.239.141.151 - - [28/Oct/2022:11:05:33 +0800] "GET /xingrg/system/info/materiel_manager.html HTTP/1.1" 200 19497
221.239.141.151 - - [28/Oct/2022:11:05:33 +0800] "GET /xingrg/css/xtree.css HTTP/1.1" 200 880
221.239.141.151 - - [28/Oct/2022:11:05:33 +0800] "GET /xingrg/javascript/jquery_ui/themes/base/base.css HTTP/1.1" 200 28568
221.239.141.151 - - [28/Oct/2022:11:05:34 +0800] "GET /xingrg/dwr/interface/AjaxBaseInfoService.js HTTP/1.1" 200 21363
221.239.141.151 - - [28/Oct/2022:11:05:34 +0800] "GET /xingrg/dwr/interface/AjaxComOrderService.js HTTP/1.1" 200 18264
221.239.141.151 - - [28/Oct/2022:11:05:34 +0800] "GET /xingrg/javascript/Grid.js HTTP/1.1" 200 58908
221.239.141.151 - - [28/Oct/2022:11:05:34 +0800] "GET /xingrg/dwr/engine.js HTTP/1.1" 200 43631
221.239.141.151 - - [28/Oct/2022:11:05:34 +0800] "GET /xingrg/javascript/xtree.js HTTP/1.1" 200 26582
221.239.141.151 - - [28/Oct/2022:11:05:34 +0800] "GET /xingrg/images/xtree/openfoldericon.png HTTP/1.1" 200 232
221.239.141.151 - - [28/Oct/2022:11:05:34 +0800] "GET /xingrg/javascript/jquery_easy_ui/themes/icons/print_new.png HTTP/1.1" 200 3580
221.239.141.151 - - [28/Oct/2022:11:05:34 +0800] "GET /xingrg/javascript/jquery_easy_ui/themes/icons/import_new.png HTTP/1.1" 200 1247
221.239.141.151 - - [28/Oct/2022:11:05:34 +0800] "GET /xingrg/javascript/easyui/themes/default/validatebox.css HTTP/1.1" 404 1104
58.37.5.139 - - [28/Oct/2022:11:05:34 +0800] "GET /xingrg/kc/buy/cgsh_order_list.html HTTP/1.1" 200 53322
221.239.141.151 - - [28/Oct/2022:11:05:34 +0800] "GET /xingrg/images/blue/wait.gif HTTP/1.1" 200 1100
221.239.141.151 - - [28/Oct/2022:11:05:34 +0800] "POST /xingrg/dwr/call/plaincall/AjaxBaseInfoService.getSubMaterielSorts.dwr HTTP/1.1" 200 219
221.239.141.151 - - [28/Oct/2022:11:05:34 +0800] "GET /xingrg/images/xtree/Lplus.png HTTP/1.1" 200 224
221.239.141.151 - - [28/Oct/2022:11:05:34 +0800] "GET /xingrg/images/xtree/foldericon.png HTTP/1.1" 200 229
221.239.141.151 - - [28/Oct/2022:11:05:34 +0800] "GET /xingrg/images/xtree/Tplus.png HTTP/1.1" 200 222
221.239.141.151 - - [28/Oct/2022:11:05:34 +0800] "GET /xingrg/images/xtree/Lplus.png HTTP/1.1" 200 224
221.239.141.151 - - [28/Oct/2022:11:05:34 +0800] "POST /xingrg/dwr/call/plaincall/AjaxBaseInfoService.getMateriels.dwr HTTP/1.1" 200 2930
221.239.141.151 - - [28/Oct/2022:11:05:34 +0800] "POST /xingrg/kc/buy/cgsh_order_operate.html HTTP/1.1" 200 4459
222.70.183.206 - - [28/Oct/2022:11:05:35 +0800] "GET /xingrg/kc/buy/cgsh_order_operate.html?command=get_materiel&rest_code=00111&code=00101004046&supplier_code=00100312&order_time=2022-10-28 HTTP/1.1" 200 419
58.37.5.139 - - [28/Oct/2022:11:05:35 +0800] "POST /xingrg/kc/buy/cgsh_list_operate.html HTTP/1.1" 200 986
221.239.141.151 - - [28/Oct/2022:11:05:35 +0800] "GET /xingrg/all/function/internal_message.html?_=1666926348381&CODE_STATE=getMsg HTTP/1.1" 200 27
221.239.141.151 - - [28/Oct/2022:11:05:35 +0800] "POST /xingrg/dwr/call/plaincall/AjaxBaseInfoService.getSubMaterielSorts.dwr HTTP/1.1" 200 4044
221.239.141.151 - - [28/Oct/2022:11:05:35 +0800] "GET /xingrg/images/xtree/I.png HTTP/1.1" 200 148
221.239.141.151 - - [28/Oct/2022:11:05:35 +0800] "GET /xingrg/images/xtree/L.png HTTP/1.1" 200 153
221.239.141.151 - - [28/Oct/2022:11:05:35 +0800] "GET /xingrg/images/xtree/file.png HTTP/1.1" 200 251
221.239.141.151 - - [28/Oct/2022:11:05:35 +0800] "GET /xingrg/images/xtree/T.png HTTP/1.1" 200 152
221.239.141.151 - - [28/Oct/2022:11:05:35 +0800] "GET /xingrg/images/xtree/L.png HTTP/1.1" 200 153
221.239.141.151 - - [28/Oct/2022:11:05:35 +0800] "GET /xingrg/images/xtree/L.png HTTP/1.1" 200 153
221.239.141.151 - - [28/Oct/2022:11:05:35 +0800] "GET /xingrg/images/xtree/L.png HTTP/1.1" 200 153
221.239.141.151 - - [28/Oct/2022:11:05:35 +0800] "GET /xingrg/images/xtree/Tminus.png HTTP/1.1" 200 207
221.239.141.151 - - [28/Oct/2022:11:05:35 +0800] "POST /xingrg/dwr/call/plaincall/AjaxBaseInfoService.getMateriels.dwr HTTP/1.1" 200 2928
221.239.141.151 - - [28/Oct/2022:11:05:35 +0800] "POST /xingrg/dwr/call/plaincall/AjaxBaseInfoService.getMateriels.dwr HTTP/1.1" 200 2928
114.83.219.57 - - [28/Oct/2022:11:05:36 +0800] "GET /xingrg/all/function/internal_message.html?_=1666926434775&CODE_STATE=getMsg HTTP/1.1" 200 27
221.239.141.151 - - [28/Oct/2022:11:05:36 +0800] "POST /xingrg/dwr/call/plaincall/AjaxBaseInfoService.getMateriels.dwr HTTP/1.1" 200 2928
58.37.5.139 - - [28/Oct/2022:11:05:36 +0800] "GET /xingrg/kc/base/base_main.html HTTP/1.1" 200 12142
222.70.183.206 - - [28/Oct/2022:11:05:37 +0800] "GET /xingrg/all/function/internal_message.html?_=1666926325803&CODE_STATE=getMsg HTTP/1.1" 200 27
58.37.5.139 - - [28/Oct/2022:11:05:38 +0800] "GET /xingrg/kc/base/wldb_order_operate.html?command=get_materiel&rest_code=00106&base_code=0010397&code=00102002448 HTTP/1.1" 200 440
58.37.5.139 - - [28/Oct/2022:11:05:38 +0800] "GET /xingrg/kc/base/wldb_order_list.html HTTP/1.1" 200 19142
221.239.141.151 - - [28/Oct/2022:11:05:38 +0800] "POST /xingrg/dwr/call/plaincall/AjaxBaseInfoService.getSubMaterielSorts.dwr HTTP/1.1" 200 3802
221.239.141.151 - - [28/Oct/2022:11:05:38 +0800] "GET /xingrg/images/xtree/blank.png HTTP/1.1" 200 144
221.239.141.151 - - [28/Oct/2022:11:05:38 +0800] "GET /xingrg/images/xtree/Lminus.png HTTP/1.1" 200 219
221.239.141.151 - - [28/Oct/2022:11:05:38 +0800] "POST /xingrg/dwr/call/plaincall/AjaxBaseInfoService.getMateriels.dwr HTTP/1.1" 200 3020
58.37.5.139 - - [28/Oct/2022:11:05:38 +0800] "POST /xingrg/kc/base/wldb_list_operate.html HTTP/1.1" 200 2950
221.239.141.151 - - [28/Oct/2022:11:05:38 +0800] "POST /xingrg/dwr/call/plaincall/AjaxBaseInfoService.getMateriels.dwr HTTP/1.1" 200 3020
218.81.217.29 - - [28/Oct/2022:11:05:40 +0800] "GET /xingrg/all/function/internal_message.html?_=1666926353238&CODE_STATE=getMsg HTTP/1.1" 200 27
180.169.147.146 - - [28/Oct/2022:11:05:41 +0800] "GET /xingrg/all/function/internal_message.html?_=1666926330577&CODE_STATE=getMsg HTTP/1.1" 200 27
116.230.105.139 - - [28/Oct/2022:11:05:43 +0800] "GET /xingrg/all/function/internal_message.html?_=1666926297793&CODE_STATE=getMsg HTTP/1.1" 200 27
58.37.5.139 - - [28/Oct/2022:11:05:44 +0800] "GET /xingrg/kc/base/base_main.html HTTP/1.1" 200 12142
222.70.183.206 - - [28/Oct/2022:11:05:44 +0800] "GET /xingrg/kc/buy/cgsh_order_operate.html?command=get_materiel&rest_code=00111&code=00101004004&supplier_code=00100312&order_time=2022-10-28 HTTP/1.1" 200 413
58.37.5.139 - - [28/Oct/2022:11:05:45 +0800] "GET /xingrg/kc/base/wldb_order_list.html HTTP/1.1" 200 19142
221.239.141.151 - - [28/Oct/2022:11:05:45 +0800] "GET /xingrg/all/function/internal_message.html?_=1666926337473&CODE_STATE=getMsg HTTP/1.1" 200 27
58.37.5.139 - - [28/Oct/2022:11:05:45 +0800] "GET /xingrg/check_reg.html?_=1666926333646 HTTP/1.1" 200 22
58.37.5.139 - - [28/Oct/2022:11:05:46 +0800] "POST /xingrg/kc/base/wldb_list_operate.html HTTP/1.1" 200 2950
58.37.5.139 - - [28/Oct/2022:11:05:46 +0800] "GET /xingrg/kc/base/wldb_order_operate.html?command=get_materiel&rest_code=00106&base_code=0010397&code=00102002204 HTTP/1.1" 200 447
218.81.217.29 - - [28/Oct/2022:11:05:47 +0800] "GET /xingrg/javascript/jquery_tools/datebox.css HTTP/1.1" 304 -
218.81.217.29 - - [28/Oct/2022:11:05:47 +0800] "GET /xingrg/css/site.css HTTP/1.1" 304 -
218.81.217.29 - - [28/Oct/2022:11:05:47 +0800] "GET /xingrg/css/base.css HTTP/1.1" 304 -
218.81.217.29 - - [28/Oct/2022:11:05:47 +0800] "GET /xingrg/javascript/easyui/themes/default/easyui.css HTTP/1.1" 304 -
218.81.217.29 - - [28/Oct/2022:11:05:47 +0800] "GET /xingrg/javascript/auto/jquery.autocomplete.css HTTP/1.1" 304 -
218.81.217.29 - - [28/Oct/2022:11:05:47 +0800] "GET /xingrg/javascript/jquery_tools/jquery.tools.min.js HTTP/1.1" 304 -
218.81.217.29 - - [28/Oct/2022:11:05:47 +0800] "GET /xingrg/kc/base/yddb_order_list.html HTTP/1.1" 200 16754
218.81.217.29 - - [28/Oct/2022:11:05:47 +0800] "GET /xingrg/javascript/jquery_tools/table.css HTTP/1.1" 304 -
218.81.217.29 - - [28/Oct/2022:11:05:47 +0800] "GET /xingrg/javascript/jquery_tools/fix.css HTTP/1.1" 304 -
218.81.217.29 - - [28/Oct/2022:11:05:47 +0800] "GET /xingrg/javascript/jquery_tools/jquery.tools.extend.js HTTP/1.1" 304 -
218.81.217.29 - - [28/Oct/2022:11:05:47 +0800] "GET /xingrg/javascript/easyui/themes/icon.css HTTP/1.1" 304 -
218.81.217.29 - - [28/Oct/2022:11:05:47 +0800] "GET /xingrg/javascript/jquery_tools/jquery.tools.hotkey.js HTTP/1.1" 304 -
218.81.217.29 - - [28/Oct/2022:11:05:47 +0800] "GET /xingrg/javascript/jquery_tools/jquery.tools.table.js HTTP/1.1" 304 -
218.81.217.29 - - [28/Oct/2022:11:05:47 +0800] "GET /xingrg/javascript/jquery_tools/list_manager.js HTTP/1.1" 304 -
218.81.217.29 - - [28/Oct/2022:11:05:47 +0800] "GET /xingrg/javascript/easyui/easyloader.js HTTP/1.1" 304 -
218.81.217.29 - - [28/Oct/2022:11:05:47 +0800] "GET /xingrg/javascript/jquery.utils.js HTTP/1.1" 304 -
218.81.217.29 - - [28/Oct/2022:11:05:47 +0800] "GET /xingrg/javascript/jquery.cookie.js HTTP/1.1" 304 -
218.81.217.29 - - [28/Oct/2022:11:05:47 +0800] "GET /xingrg/javascript/print/LodopFuncs.js HTTP/1.1" 304 -
218.81.217.29 - - [28/Oct/2022:11:05:47 +0800] "GET /xingrg/javascript/auto/jquery.autocomplete.js HTTP/1.1" 304 -
218.81.217.29 - - [28/Oct/2022:11:05:47 +0800] "GET /xingrg/javascript/easyui/plugins/jquery.parser.js HTTP/1.1" 304 -
218.81.217.29 - - [28/Oct/2022:11:05:47 +0800] "POST /xingrg/kc/base/yddb_list_operate.html HTTP/1.1" 200 636
58.37.5.139 - - [28/Oct/2022:11:05:49 +0800] "GET /xingrg/kc/buy/buy_main.html HTTP/1.1" 200 12412
58.37.5.139 - - [28/Oct/2022:11:05:49 +0800] "GET /xingrg/css/new_ie.css HTTP/1.1" 404 1036
58.37.5.139 - - [28/Oct/2022:11:05:50 +0800] "GET /xingrg/images/yd/bt.gif HTTP/1.1" 404 1040
58.37.5.139 - - [28/Oct/2022:11:05:51 +0800] "GET /xingrg/kc/buy/cgsh_order_list.html HTTP/1.1" 200 53322
114.83.221.131 - - [28/Oct/2022:11:05:52 +0800] "GET /xingrg/kc/buy/cgsh_order_operate.html?command=get_materiel&rest_code=00149&code=00102001150&supplier_code=00100075&order_time=2022-10-26 HTTP/1.1" 200 420
58.37.5.139 - - [28/Oct/2022:11:05:52 +0800] "POST /xingrg/kc/buy/cgsh_list_operate.html HTTP/1.1" 200 986
58.37.5.139 - - [28/Oct/2022:11:05:52 +0800] "GET /xingrg/kc/base/wldb_order_operate.html?command=get_materiel&rest_code=00106&base_code=0010397&code=00102004030 HTTP/1.1" 200 443
58.37.5.139 - - [28/Oct/2022:11:05:54 +0800] "GET /xingrg/kc/base/base_main.html HTTP/1.1" 200 12142
58.37.5.139 - - [28/Oct/2022:11:05:56 +0800] "GET /xingrg/kc/base/wldb_order_list.html HTTP/1.1" 200 19142
116.238.139.35 - - [28/Oct/2022:11:05:56 +0800] "GET /xingrg/all/function/internal_message.html?_=1666926347803&CODE_STATE=getMsg HTTP/1.1" 200 27
58.37.5.139 - - [28/Oct/2022:11:05:56 +0800] "POST /xingrg/kc/base/wldb_list_operate.html HTTP/1.1" 200 2950
222.69.192.207 - - [28/Oct/2022:11:06:00 +0800] "GET /xingrg/all/function/internal_message.html?_=1666926351531&CODE_STATE=getMsg HTTP/1.1" 200 27
222.70.183.206 - - [28/Oct/2022:11:06:00 +0800] "GET /xingrg/kc/buy/cgsh_order_operate.html?command=get_materiel&rest_code=00111&code=00101004027&supplier_code=00100312&order_time=2022-10-28 HTTP/1.1" 200 409
221.239.141.151 - - [28/Oct/2022:11:06:00 +0800] "GET /xingrg/check_reg.html?_=1666926351995 HTTP/1.1" 200 22
58.37.5.139 - - [28/Oct/2022:11:06:01 +0800] "POST /xingrg/kc/base/wldb_order_operate.html HTTP/1.1" 200 37
58.37.5.139 - - [28/Oct/2022:11:06:02 +0800] "POST /xingrg/kc/base/wldb_order_operate.html HTTP/1.1" 200 3157
58.37.5.139 - - [28/Oct/2022:11:06:02 +0800] "GET /xingrg/kc/base/wldb_order_info.html?code=422022102802047 HTTP/1.1" 200 30383
114.83.221.131 - - [28/Oct/2022:11:06:02 +0800] "POST /xingrg/kc/buy/cgsh_order_operate.html HTTP/1.1" 200 37
58.37.5.139 - - [28/Oct/2022:11:06:02 +0800] "GET /xingrg/javascript/easyui/themes/default/validatebox.css HTTP/1.1" 404 1104
58.37.5.139 - - [28/Oct/2022:11:06:03 +0800] "POST /xingrg/kc/base/wldb_order_operate.html HTTP/1.1" 200 3157
58.37.5.139 - - [28/Oct/2022:11:06:03 +0800] "GET /xingrg/kc/buy/buy_main.html HTTP/1.1" 200 12412
58.37.5.139 - - [28/Oct/2022:11:06:03 +0800] "GET /xingrg/css/new_ie.css HTTP/1.1" 404 1036
58.37.5.139 - - [28/Oct/2022:11:06:04 +0800] "GET /xingrg/images/yd/bt.gif HTTP/1.1" 404 1040
58.37.5.139 - - [28/Oct/2022:11:06:05 +0800] "GET /xingrg/kc/buy/cgsh_order_list.html HTTP/1.1" 200 53322
58.37.5.139 - - [28/Oct/2022:11:06:05 +0800] "GET /xingrg/all/function/internal_message.html?_=1666926353148&CODE_STATE=getMsg HTTP/1.1" 200 27
180.163.28.114 - - [28/Oct/2022:11:06:05 +0800] "GET /xingrg/all/function/internal_message.html?_=1666926293143&CODE_STATE=getMsg HTTP/1.1" 302 -
180.163.28.114 - - [28/Oct/2022:11:06:05 +0800] "GET /xingrg/login.html HTTP/1.1" 200 7641
114.83.221.131 - - [28/Oct/2022:11:06:07 +0800] "POST /xingrg/kc/buy/cgsh_order_operate.html HTTP/1.1" 200 12
58.37.5.139 - - [28/Oct/2022:11:06:07 +0800] "POST /xingrg/kc/buy/cgsh_list_operate.html HTTP/1.1" 200 986
222.70.183.206 - - [28/Oct/2022:11:06:07 +0800] "GET /xingrg/kc/buy/cgsh_order_operate.html?command=get_materiel&rest_code=00111&code=00101004061&supplier_code=00100312&order_time=2022-10-28 HTTP/1.1" 200 409
218.81.217.29 - - [28/Oct/2022:11:06:07 +0800] "POST /xingrg/kc/base/yddb_list_operate.html HTTP/1.1" 200 4385
114.84.81.136 - - [28/Oct/2022:11:06:08 +0800] "GET /xingrg/check_reg.html?_=1666926360431 HTTP/1.1" 200 22
114.84.81.136 - - [28/Oct/2022:11:06:08 +0800] "GET /xingrg/all/function/internal_message.html?_=1666926360434&CODE_STATE=getMsg HTTP/1.1" 200 27
114.83.221.131 - - [28/Oct/2022:11:06:08 +0800] "GET /xingrg/kc/buy/cgsh_order_info.html?code=212022102808547 HTTP/1.1" 200 64098
221.239.141.151 - - [28/Oct/2022:11:06:08 +0800] "GET /xingrg/all/function/internal_message.html?_=1666926360048&CODE_STATE=getMsg HTTP/1.1" 200 27
114.83.221.131 - - [28/Oct/2022:11:06:08 +0800] "GET /xingrg/words/20221028091152_words.js HTTP/1.1" 304 -
114.83.221.131 - - [28/Oct/2022:11:06:09 +0800] "GET /xingrg/javascript/easyui/themes/default/validatebox.css HTTP/1.1" 404 1104
114.83.221.131 - - [28/Oct/2022:11:06:09 +0800] "POST /xingrg/kc/buy/cgsh_order_operate.html HTTP/1.1" 200 616
58.37.5.139 - - [28/Oct/2022:11:06:10 +0800] "GET /xingrg/kc/base/base_main.html HTTP/1.1" 200 12142
218.81.217.29 - - [28/Oct/2022:11:06:12 +0800] "GET /xingrg/javascript/pic_change.js HTTP/1.1" 304 -
218.81.217.29 - - [28/Oct/2022:11:06:12 +0800] "GET /xingrg/css/blue.css HTTP/1.1" 304 -
218.81.217.29 - - [28/Oct/2022:11:06:12 +0800] "GET /xingrg/dwr/util.js HTTP/1.1" 304 -
218.81.217.29 - - [28/Oct/2022:11:06:12 +0800] "GET /xingrg/javascript/Calendar.js HTTP/1.1" 304 -
218.81.217.29 - - [28/Oct/2022:11:06:12 +0800] "GET /xingrg/javascript/myfunction.js HTTP/1.1" 304 -
218.81.217.29 - - [28/Oct/2022:11:06:12 +0800] "GET /xingrg/dwr/interface/AjaxYddbService.js HTTP/1.1" 200 13201
218.81.217.29 - - [28/Oct/2022:11:06:12 +0800] "GET /xingrg/javascript/Grid.js HTTP/1.1" 304 -
218.81.217.29 - - [28/Oct/2022:11:06:12 +0800] "GET /xingrg/kc/base/yddb_order_add.html HTTP/1.1" 200 29849
218.81.217.29 - - [28/Oct/2022:11:06:12 +0800] "GET /xingrg/javascript/AjaxInfoList.js HTTP/1.1" 304 -
218.81.217.29 - - [28/Oct/2022:11:06:12 +0800] "GET /xingrg/javascript/ToolTips.js HTTP/1.1" 304 -
218.81.217.29 - - [28/Oct/2022:11:06:12 +0800] "GET /xingrg/javascript/jquery_easy_ui/themes/default/easyui.css HTTP/1.1" 304 -
218.81.217.29 - - [28/Oct/2022:11:06:12 +0800] "GET /xingrg/javascript/jquery_easy_ui/themes/icon.css HTTP/1.1" 304 -
218.81.217.29 - - [28/Oct/2022:11:06:12 +0800] "GET /xingrg/javascript/checkform.js HTTP/1.1" 200 18351
218.81.217.29 - - [28/Oct/2022:11:06:12 +0800] "GET /xingrg/dwr/interface/AjaxComOrderService.js HTTP/1.1" 200 18264
218.81.217.29 - - [28/Oct/2022:11:06:12 +0800] "GET /xingrg/dwr/engine.js HTTP/1.1" 200 43631
218.81.217.29 - - [28/Oct/2022:11:06:12 +0800] "GET /xingrg/javascript/jquery_easy_ui/themes/icons/edit_add_new.png HTTP/1.1" 304 -
218.81.217.29 - - [28/Oct/2022:11:06:12 +0800] "GET /xingrg/javascript/jquery_easy_ui/themes/icons/print.png HTTP/1.1" 304 -
218.81.217.29 - - [28/Oct/2022:11:06:12 +0800] "GET /xingrg/javascript/jquery_easy_ui/themes/icons/check_new.png HTTP/1.1" 304 -
218.81.217.29 - - [28/Oct/2022:11:06:12 +0800] "GET /xingrg/javascript/jquery_easy_ui/themes/default/images/menu_downarrow.png HTTP/1.1" 304 -
218.81.217.29 - - [28/Oct/2022:11:06:12 +0800] "GET /xingrg/javascript/jquery_easy_ui/themes/icons/back_new.png HTTP/1.1" 304 -
218.81.217.29 - - [28/Oct/2022:11:06:12 +0800] "GET /xingrg/javascript/jquery_easy_ui/themes/icons/cance_new.png HTTP/1.1" 304 -
218.81.217.29 - - [28/Oct/2022:11:06:12 +0800] "GET /xingrg/images/blue/button/kc_tab_add.gif HTTP/1.1" 304 -
218.81.217.29 - - [28/Oct/2022:11:06:12 +0800] "GET /xingrg/images/blue/button/kc_tab_edit.gif HTTP/1.1" 304 -
218.81.217.29 - - [28/Oct/2022:11:06:12 +0800] "GET /xingrg/images/blue/button/kc_tab_del.gif HTTP/1.1" 304 -
218.81.217.29 - - [28/Oct/2022:11:06:12 +0800] "GET /xingrg/images/blue/button/kc_tab_save.gif HTTP/1.1" 304 -
218.81.217.29 - - [28/Oct/2022:11:06:12 +0800] "GET /xingrg/images/blue/kc_tab_left.gif HTTP/1.1" 304 -
218.81.217.29 - - [28/Oct/2022:11:06:12 +0800] "GET /xingrg/images/blue/kc_tab_mid.gif HTTP/1.1" 304 -
218.81.217.29 - - [28/Oct/2022:11:06:12 +0800] "GET /xingrg/images/blue/kc_tab_right.gif HTTP/1.1" 304 -
218.81.217.29 - - [28/Oct/2022:11:06:12 +0800] "GET /xingrg/images/blue/kc_tab2_left.gif HTTP/1.1" 304 -
218.81.217.29 - - [28/Oct/2022:11:06:12 +0800] "GET /xingrg/images/blue/kc_tab2_right.gif HTTP/1.1" 304 -
58.37.5.139 - - [28/Oct/2022:11:06:12 +0800] "GET /xingrg/kc/base/wldb_order_list.html HTTP/1.1" 200 19142
58.37.5.139 - - [28/Oct/2022:11:06:12 +0800] "POST /xingrg/kc/base/wldb_list_operate.html HTTP/1.1" 200 3348
114.83.221.131 - - [28/Oct/2022:11:06:13 +0800] "GET /xingrg/kc/print/load_data.html?order_code=212022102808547&kc_code=cgsh&condition= HTTP/1.1" 200 728
58.37.5.139 - - [28/Oct/2022:11:06:13 +0800] "GET /xingrg/all/function/internal_message.html?_=1666926367096&CODE_STATE=getMsg HTTP/1.1" 200 27
58.37.5.139 - - [28/Oct/2022:11:06:15 +0800] "GET /xingrg/kc/base/wldb_order_add.html HTTP/1.1" 200 30369
58.37.5.139 - - [28/Oct/2022:11:06:15 +0800] "POST /xingrg/kc/base/wldb_order_operate.html HTTP/1.1" 200 6806
58.37.5.139 - - [28/Oct/2022:11:06:15 +0800] "GET /xingrg/javascript/easyui/themes/default/validatebox.css HTTP/1.1" 404 1104
222.70.183.206 - - [28/Oct/2022:11:06:16 +0800] "GET /xingrg/kc/buy/cgsh_order_operate.html?command=get_materiel&rest_code=00111&code=00101004028&supplier_code=00100312&order_time=2022-10-28 HTTP/1.1" 200 413
58.37.5.139 - - [28/Oct/2022:11:06:17 +0800] "POST /xingrg/all/common/load_combo.html?type=base HTTP/1.1" 200 3227
114.83.221.131 - - [28/Oct/2022:11:06:19 +0800] "GET /xingrg/kc/buy/cgsh_order_add.html HTTP/1.1" 200 69191
114.83.221.131 - - [28/Oct/2022:11:06:19 +0800] "POST /xingrg/kc/buy/cgsh_order_operate.html HTTP/1.1" 200 8245
114.83.221.131 - - [28/Oct/2022:11:06:19 +0800] "GET /xingrg/javascript/easyui/themes/default/validatebox.css HTTP/1.1" 404 1104
58.37.5.139 - - [28/Oct/2022:11:06:20 +0800] "POST /xingrg/all/common/load_combo.html?type=base HTTP/1.1" 200 3227
218.81.217.29 - - [28/Oct/2022:11:06:21 +0800] "GET /xingrg/images/blue/wait.gif HTTP/1.1" 304 -
218.81.217.29 - - [28/Oct/2022:11:06:21 +0800] "POST /xingrg/dwr/call/plaincall/AjaxYddbService.getRestBases.dwr HTTP/1.1" 200 1055
116.238.139.35 - - [28/Oct/2022:11:06:21 +0800] "GET /xingrg/all/function/internal_message.html?_=1666926306571&CODE_STATE=getMsg HTTP/1.1" 200 27
120.253.135.82 - - [28/Oct/2022:11:06:24 +0800] "GET /xingrg/all/function/internal_message.html?_=1666926172772&CODE_STATE=getMsg HTTP/1.1" 200 27
222.70.183.206 - - [28/Oct/2022:11:06:25 +0800] "GET /xingrg/kc/buy/cgsh_order_operate.html?command=get_materiel&rest_code=00111&code=00101004030&supplier_code=00100312&order_time=2022-10-28 HTTP/1.1" 200 408
180.163.28.55 - - [28/Oct/2022:11:06:26 +0800] "GET /xingrg/all/common/auto_word.html?type=base&rest_code=00106 HTTP/1.1" 302 -
101.85.95.132 - - [28/Oct/2022:11:06:26 +0800] "GET /xingrg/all/function/internal_message.html?_=1666926375753&CODE_STATE=getMsg HTTP/1.1" 200 27
180.163.28.55 - - [28/Oct/2022:11:06:26 +0800] "GET /xingrg/login.html HTTP/1.1" 200 7641
58.37.5.139 - - [28/Oct/2022:11:06:32 +0800] "GET /xingrg/kc/base/wldb_order_operate.html?command=get_materiel&rest_code=00106&base_code=0010397&code=00102002433 HTTP/1.1" 200 457
114.83.221.131 - - [28/Oct/2022:11:06:33 +0800] "GET /xingrg/all/function/internal_message.html?_=1666926381529&CODE_STATE=getMsg HTTP/1.1" 200 27
221.239.141.151 - - [28/Oct/2022:11:06:35 +0800] "GET /xingrg/all/function/internal_message.html?_=1666926408375&CODE_STATE=getMsg HTTP/1.1" 200 27
114.83.219.57 - - [28/Oct/2022:11:06:36 +0800] "GET /xingrg/all/function/internal_message.html?_=1666926494793&CODE_STATE=getMsg HTTP/1.1" 200 27
222.70.183.206 - - [28/Oct/2022:11:06:37 +0800] "GET /xingrg/all/function/internal_message.html?_=1666926385809&CODE_STATE=getMsg HTTP/1.1" 200 27
222.70.183.206 - - [28/Oct/2022:11:06:37 +0800] "GET /xingrg/check_reg.html?_=1666926385812 HTTP/1.1" 200 22
180.163.29.219 - - [28/Oct/2022:11:06:38 +0800] "GET /xingrg/kc/base/wldb_order_operate.html?command=get_materiel&rest_code=00106&base_code=0010397&code=00102002448 HTTP/1.1" 302 -
180.163.29.219 - - [28/Oct/2022:11:06:38 +0800] "GET /xingrg/login.html HTTP/1.1" 200 7641
222.70.183.206 - - [28/Oct/2022:11:06:38 +0800] "GET /xingrg/kc/buy/cgsh_order_operate.html?command=get_materiel&rest_code=00111&code=00101004057&supplier_code=00100312&order_time=2022-10-28 HTTP/1.1" 200 409
218.81.217.29 - - [28/Oct/2022:11:06:40 +0800] "GET /xingrg/all/function/internal_message.html?_=1666926413251&CODE_STATE=getMsg HTTP/1.1" 200 27
180.169.147.146 - - [28/Oct/2022:11:06:41 +0800] "GET /xingrg/all/function/internal_message.html?_=1666926390552&CODE_STATE=getMsg HTTP/1.1" 200 27
180.169.147.146 - - [28/Oct/2022:11:06:41 +0800] "GET /xingrg/check_reg.html?_=1666926391068 HTTP/1.1" 200 22
116.230.105.139 - - [28/Oct/2022:11:06:43 +0800] "GET /xingrg/all/function/internal_message.html?_=1666926357794&CODE_STATE=getMsg HTTP/1.1" 200 27
221.239.141.151 - - [28/Oct/2022:11:06:45 +0800] "GET /xingrg/all/function/internal_message.html?_=1666926397453&CODE_STATE=getMsg HTTP/1.1" 200 27
180.163.28.55 - - [28/Oct/2022:11:06:45 +0800] "GET /xingrg/check_reg.html?_=1666926333646 HTTP/1.1" 302 -
180.163.28.55 - - [28/Oct/2022:11:06:45 +0800] "GET /xingrg/login.html HTTP/1.1" 200 7641
180.163.28.143 - - [28/Oct/2022:11:06:46 +0800] "GET /xingrg/kc/base/wldb_order_operate.html?command=get_materiel&rest_code=00106&base_code=0010397&code=00102002204 HTTP/1.1" 302 -
222.70.183.206 - - [28/Oct/2022:11:06:46 +0800] "GET /xingrg/kc/buy/cgsh_order_operate.html?command=get_materiel&rest_code=00111&code=00101005022&supplier_code=00100312&order_time=2022-10-28 HTTP/1.1" 200 417
180.163.28.143 - - [28/Oct/2022:11:06:49 +0800] "GET /xingrg/login.html HTTP/1.1" 200 7641
218.81.217.29 - - [28/Oct/2022:11:06:51 +0800] "POST /xingrg/dwr/call/plaincall/AjaxYddbService.saveOrder.dwr HTTP/1.1" 200 78
221.239.141.151 - - [28/Oct/2022:11:06:54 +0800] "POST /xingrg/kc/buy/cgsh_order_operate.html HTTP/1.1" 200 37
221.239.141.151 - - [28/Oct/2022:11:06:54 +0800] "POST /xingrg/dwr/call/plaincall/AjaxBaseInfoService.getMateriels.dwr HTTP/1.1" 200 3027
222.70.183.206 - - [28/Oct/2022:11:06:55 +0800] "GET /xingrg/kc/buy/cgsh_order_operate.html?command=get_materiel&rest_code=00111&code=00101001029&supplier_code=00100312&order_time=2022-10-28 HTTP/1.1" 200 417
116.238.139.35 - - [28/Oct/2022:11:06:56 +0800] "GET /xingrg/all/function/internal_message.html?_=1666926407803&CODE_STATE=getMsg HTTP/1.1" 200 27
218.81.217.29 - - [28/Oct/2022:11:06:58 +0800] "POST /xingrg/dwr/call/plaincall/AjaxComOrderService.getMaterielSearchList.dwr HTTP/1.1" 200 13189
221.239.141.151 - - [28/Oct/2022:11:06:58 +0800] "POST /xingrg/kc/buy/cgsh_order_operate.html HTTP/1.1" 200 12
218.81.217.29 - - [28/Oct/2022:11:06:58 +0800] "POST /xingrg/dwr/call/plaincall/AjaxComOrderService.getMaterielSearchList.dwr HTTP/1.1" 200 1876
221.239.141.151 - - [28/Oct/2022:11:06:59 +0800] "GET /xingrg/system/info/materiel_info.html?code=00102035&isAdd=1 HTTP/1.1" 200 36661
221.239.141.151 - - [28/Oct/2022:11:06:59 +0800] "GET /xingrg/dwr/interface/AjaxGetFirstChart.js HTTP/1.1" 200 631
221.239.141.151 - - [28/Oct/2022:11:06:59 +0800] "GET /xingrg/javascript/checkform.js HTTP/1.1" 200 18351
221.239.141.151 - - [28/Oct/2022:11:06:59 +0800] "GET /xingrg/dwr/engine.js HTTP/1.1" 200 43631
221.239.141.151 - - [28/Oct/2022:11:06:59 +0800] "POST /xingrg/all/common/load_tree.html?tree=area_rest_tree_json HTTP/1.1" 200 3481
221.239.141.151 - - [28/Oct/2022:11:06:59 +0800] "GET /favicon.ico HTTP/1.1" 404 -
221.239.141.151 - - [28/Oct/2022:11:06:59 +0800] "POST /xingrg/dwr/call/plaincall/AjaxBaseInfoService.getMaterielInfo.dwr HTTP/1.1" 200 217
221.239.141.151 - - [28/Oct/2022:11:06:59 +0800] "GET /xingrg/kc/buy/cgsh_order_info.html?code=212022102808532 HTTP/1.1" 200 64039
221.239.141.151 - - [28/Oct/2022:11:06:59 +0800] "POST /xingrg/all/common/load_tree.html?tree=area_rest_tree_json&defaultRests=undefined HTTP/1.1" 200 3481
221.239.141.151 - - [28/Oct/2022:11:06:59 +0800] "GET /xingrg/javascript/easyui/themes/default/validatebox.css HTTP/1.1" 404 1104
222.69.192.207 - - [28/Oct/2022:11:07:00 +0800] "GET /xingrg/check_reg.html?_=1666926411531 HTTP/1.1" 200 22
222.69.192.207 - - [28/Oct/2022:11:07:00 +0800] "GET /xingrg/all/function/internal_message.html?_=1666926411534&CODE_STATE=getMsg HTTP/1.1" 200 27
221.239.141.151 - - [28/Oct/2022:11:07:00 +0800] "POST /xingrg/kc/buy/cgsh_order_operate.html HTTP/1.1" 200 4733
114.83.221.131 - - [28/Oct/2022:11:07:00 +0800] "GET /xingrg/kc/buy/cgsh_order_operate.html?command=get_materiel&rest_code=00149&code=00102035093&supplier_code=00100075&order_time=2022-10-27 HTTP/1.1" 200 417
221.239.141.151 - - [28/Oct/2022:11:07:01 +0800] "GET /xingrg/kc/print/load_data.html?order_code=212022102808532&kc_code=cgsh&condition= HTTP/1.1" 200 2302
218.81.217.29 - - [28/Oct/2022:11:07:02 +0800] "POST /xingrg/dwr/call/plaincall/AjaxYddbService.getMaterielByMap.dwr HTTP/1.1" 200 2748
58.37.5.139 - - [28/Oct/2022:11:07:05 +0800] "GET /xingrg/all/function/internal_message.html?_=1666926413108&CODE_STATE=getMsg HTTP/1.1" 200 27
180.163.28.55 - - [28/Oct/2022:11:07:05 +0800] "GET /xingrg/all/function/internal_message.html?_=1666926353148&CODE_STATE=getMsg HTTP/1.1" 302 -
180.163.28.55 - - [28/Oct/2022:11:07:05 +0800] "GET /xingrg/login.html HTTP/1.1" 200 7641
114.84.81.136 - - [28/Oct/2022:11:07:08 +0800] "GET /xingrg/all/function/internal_message.html?_=1666926420437&CODE_STATE=getMsg HTTP/1.1" 200 27
221.239.141.151 - - [28/Oct/2022:11:07:08 +0800] "GET /xingrg/all/function/internal_message.html?_=1666926420027&CODE_STATE=getMsg HTTP/1.1" 200 27
114.83.221.131 - - [28/Oct/2022:11:07:13 +0800] "POST /xingrg/kc/buy/cgsh_order_operate.html HTTP/1.1" 200 37
222.70.183.206 - - [28/Oct/2022:11:07:15 +0800] "GET /xingrg/kc/buy/cgsh_order_operate.html?command=get_materiel&rest_code=00111&code=00101001096&supplier_code=00100312&order_time=2022-10-28 HTTP/1.1" 200 413
114.83.221.131 - - [28/Oct/2022:11:07:17 +0800] "POST /xingrg/kc/buy/cgsh_order_operate.html HTTP/1.1" 200 12
114.83.221.131 - - [28/Oct/2022:11:07:18 +0800] "GET /xingrg/kc/buy/cgsh_order_info.html?code=212022102808548 HTTP/1.1" 200 64098
114.83.221.131 - - [28/Oct/2022:11:07:19 +0800] "GET /xingrg/javascript/easyui/themes/default/validatebox.css HTTP/1.1" 404 1104
114.83.221.131 - - [28/Oct/2022:11:07:19 +0800] "POST /xingrg/kc/buy/cgsh_order_operate.html HTTP/1.1" 200 614
114.83.221.131 - - [28/Oct/2022:11:07:21 +0800] "GET /xingrg/kc/print/load_data.html?order_code=212022102808548&kc_code=cgsh&condition= HTTP/1.1" 200 723
116.238.139.35 - - [28/Oct/2022:11:07:21 +0800] "GET /xingrg/all/function/internal_message.html?_=1666926366620&CODE_STATE=getMsg HTTP/1.1" 200 27
120.253.135.82 - - [28/Oct/2022:11:07:24 +0800] "GET /xingrg/all/function/internal_message.html?_=1666926232787&CODE_STATE=getMsg HTTP/1.1" 200 27
222.70.183.206 - - [28/Oct/2022:11:07:24 +0800] "GET /xingrg/kc/buy/cgsh_order_operate.html?command=get_materiel&rest_code=00111&code=00101001031&supplier_code=00100312&order_time=2022-10-28 HTTP/1.1" 200 413
218.81.217.29 - - [28/Oct/2022:11:07:25 +0800] "POST /xingrg/dwr/call/plaincall/AjaxYddbService.saveMaterielItem.dwr HTTP/1.1" 200 78
218.81.217.29 - - [28/Oct/2022:11:07:25 +0800] "GET /xingrg/images/yd/bt.gif HTTP/1.1" 404 1040
58.35.213.73 - - [28/Oct/2022:11:07:25 +0800] "POST /xingrg/services/DataTransmitService HTTP/1.1" 200 524
101.85.95.132 - - [28/Oct/2022:11:07:26 +0800] "GET /xingrg/all/function/internal_message.html?_=1666926435756&CODE_STATE=getMsg HTTP/1.1" 200 27
114.83.221.131 - - [28/Oct/2022:11:07:27 +0800] "GET /xingrg/kc/buy/cgsh_order_add.html HTTP/1.1" 200 69191
114.83.221.131 - - [28/Oct/2022:11:07:27 +0800] "GET /xingrg/javascript/easyui/themes/default/validatebox.css HTTP/1.1" 404 1104
114.83.221.131 - - [28/Oct/2022:11:07:27 +0800] "POST /xingrg/kc/buy/cgsh_order_operate.html HTTP/1.1" 200 8245
218.81.217.29 - - [28/Oct/2022:11:07:29 +0800] "POST /xingrg/dwr/call/plaincall/AjaxComOrderService.getMaterielSearchList.dwr HTTP/1.1" 200 477661
218.81.217.29 - - [28/Oct/2022:11:07:30 +0800] "POST /xingrg/dwr/call/plaincall/AjaxComOrderService.getMaterielSearchList.dwr HTTP/1.1" 200 1032
218.81.217.29 - - [28/Oct/2022:11:07:31 +0800] "POST /xingrg/dwr/call/plaincall/AjaxComOrderService.getMaterielSearchList.dwr HTTP/1.1" 200 1032
58.37.5.139 - - [28/Oct/2022:11:07:31 +0800] "POST /xingrg/kc/base/wldb_order_operate.html HTTP/1.1" 200 37
58.37.5.139 - - [28/Oct/2022:11:07:32 +0800] "POST /xingrg/kc/base/wldb_order_operate.html HTTP/1.1" 200 2200
58.37.5.139 - - [28/Oct/2022:11:07:32 +0800] "GET /xingrg/kc/base/wldb_order_info.html?code=422022102802048 HTTP/1.1" 200 30382
180.163.29.219 - - [28/Oct/2022:11:07:32 +0800] "GET /xingrg/kc/base/wldb_order_operate.html?command=get_materiel&rest_code=00106&base_code=0010397&code=00102002433 HTTP/1.1" 302 -
180.163.29.219 - - [28/Oct/2022:11:07:32 +0800] "GET /xingrg/login.html HTTP/1.1" 200 7641
222.70.183.206 - - [28/Oct/2022:11:07:32 +0800] "GET /xingrg/kc/buy/cgsh_order_operate.html?command=get_materiel&rest_code=00111&code=00101004051&supplier_code=00100312&order_time=2022-10-28 HTTP/1.1" 200 408
58.37.5.139 - - [28/Oct/2022:11:07:32 +0800] "GET /xingrg/javascript/easyui/themes/default/validatebox.css HTTP/1.1" 404 1104
58.37.5.139 - - [28/Oct/2022:11:07:33 +0800] "POST /xingrg/kc/base/wldb_order_operate.html HTTP/1.1" 200 2200
114.83.221.131 - - [28/Oct/2022:11:07:33 +0800] "GET /xingrg/all/function/internal_message.html?_=1666926441495&CODE_STATE=getMsg HTTP/1.1" 200 27
218.81.217.29 - - [28/Oct/2022:11:07:33 +0800] "POST /xingrg/dwr/call/plaincall/AjaxYddbService.getMaterielByMap.dwr HTTP/1.1" 200 2745
221.239.141.151 - - [28/Oct/2022:11:07:35 +0800] "GET /xingrg/all/function/internal_message.html?_=1666926468375&CODE_STATE=getMsg HTTP/1.1" 200 27
114.83.219.57 - - [28/Oct/2022:11:07:36 +0800] "GET /xingrg/all/function/internal_message.html?_=1666926554776&CODE_STATE=getMsg HTTP/1.1" 200 27
222.70.183.206 - - [28/Oct/2022:11:07:37 +0800] "GET /xingrg/all/function/internal_message.html?_=1666926445841&CODE_STATE=getMsg HTTP/1.1" 200 27
218.81.217.29 - - [28/Oct/2022:11:07:40 +0800] "GET /xingrg/all/function/internal_message.html?_=1666926473264&CODE_STATE=getMsg HTTP/1.1" 200 27
180.169.147.146 - - [28/Oct/2022:11:07:41 +0800] "GET /xingrg/all/function/internal_message.html?_=1666926450529&CODE_STATE=getMsg HTTP/1.1" 200 27
222.70.183.206 - - [28/Oct/2022:11:07:41 +0800] "GET /xingrg/kc/buy/cgsh_order_operate.html?command=get_materiel&rest_code=00111&code=00101004023&supplier_code=00100312&order_time=2022-10-28 HTTP/1.1" 200 409
116.230.105.139 - - [28/Oct/2022:11:07:43 +0800] "GET /xingrg/all/function/internal_message.html?_=1666926417790&CODE_STATE=getMsg HTTP/1.1" 200 27
116.238.139.35 - - [28/Oct/2022:11:07:44 +0800] "GET /xingrg/check_reg.html?_=1666926389611 HTTP/1.1" 200 22
218.81.217.29 - - [28/Oct/2022:11:07:45 +0800] "POST /xingrg/dwr/call/plaincall/AjaxYddbService.saveMaterielItem.dwr HTTP/1.1" 200 79
221.239.141.151 - - [28/Oct/2022:11:07:45 +0800] "GET /xingrg/all/function/internal_message.html?_=1666926457441&CODE_STATE=getMsg HTTP/1.1" 200 27
218.81.217.29 - - [28/Oct/2022:11:07:45 +0800] "POST /xingrg/dwr/call/plaincall/AjaxComOrderService.getMaterielSearchList.dwr HTTP/1.1" 200 77
221.239.141.151 - - [28/Oct/2022:11:07:45 +0800] "GET /xingrg/check_reg.html?_=1666926457628 HTTP/1.1" 200 22
114.83.221.131 - - [28/Oct/2022:11:07:47 +0800] "GET /xingrg/kc/buy/cgsh_order_operate.html?command=get_materiel&rest_code=00149&code=00102013013&supplier_code=00100073&order_time=2022-10-27 HTTP/1.1" 200 409
218.81.217.29 - - [28/Oct/2022:11:07:51 +0800] "POST /xingrg/dwr/call/plaincall/AjaxComOrderService.getMaterielSearchList.dwr HTTP/1.1" 200 477662
218.81.217.29 - - [28/Oct/2022:11:07:51 +0800] "POST /xingrg/dwr/call/plaincall/AjaxComOrderService.getMaterielSearchList.dwr HTTP/1.1" 200 18695
218.81.217.29 - - [28/Oct/2022:11:07:52 +0800] "POST /xingrg/dwr/call/plaincall/AjaxComOrderService.getMaterielSearchList.dwr HTTP/1.1" 200 669
218.81.217.29 - - [28/Oct/2022:11:07:54 +0800] "POST /xingrg/dwr/call/plaincall/AjaxYddbService.getMaterielByMap.dwr HTTP/1.1" 200 2752
116.238.139.35 - - [28/Oct/2022:11:07:56 +0800] "GET /xingrg/all/function/internal_message.html?_=1666926467804&CODE_STATE=getMsg HTTP/1.1" 200 27
222.69.192.207 - - [28/Oct/2022:11:08:00 +0800] "GET /xingrg/all/function/internal_message.html?_=1666926471518&CODE_STATE=getMsg HTTP/1.1" 200 27
114.83.221.131 - - [28/Oct/2022:11:08:02 +0800] "POST /xingrg/kc/buy/cgsh_order_operate.html HTTP/1.1" 200 37
180.163.28.143 - - [28/Oct/2022:11:08:05 +0800] "GET /xingrg/all/function/internal_message.html?_=1666926413108&CODE_STATE=getMsg HTTP/1.1" 302 -
180.163.28.143 - - [28/Oct/2022:11:08:05 +0800] "GET /xingrg/login.html HTTP/1.1" 200 7641
58.37.5.139 - - [28/Oct/2022:11:08:05 +0800] "GET /xingrg/all/function/internal_message.html?_=1666926473070&CODE_STATE=getMsg HTTP/1.1" 200 27
218.81.217.29 - - [28/Oct/2022:11:08:07 +0800] "POST /xingrg/dwr/call/plaincall/AjaxYddbService.saveMaterielItem.dwr HTTP/1.1" 200 79
218.81.217.29 - - [28/Oct/2022:11:08:08 +0800] "POST /xingrg/dwr/call/plaincall/AjaxComOrderService.getMaterielSearchList.dwr HTTP/1.1" 200 77
114.84.81.136 - - [28/Oct/2022:11:08:08 +0800] "GET /xingrg/all/function/internal_message.html?_=1666926480450&CODE_STATE=getMsg HTTP/1.1" 200 27
221.239.141.151 - - [28/Oct/2022:11:08:08 +0800] "GET /xingrg/all/function/internal_message.html?_=1666926480010&CODE_STATE=getMsg HTTP/1.1" 200 27
58.37.5.139 - - [28/Oct/2022:11:08:11 +0800] "GET /xingrg/kc/base/wldb_order_add.html HTTP/1.1" 200 30369
114.83.221.131 - - [28/Oct/2022:11:08:11 +0800] "POST /xingrg/kc/buy/cgsh_order_operate.html HTTP/1.1" 200 12
58.37.5.139 - - [28/Oct/2022:11:08:11 +0800] "GET /xingrg/javascript/easyui/themes/default/validatebox.css HTTP/1.1" 404 1104
58.37.5.139 - - [28/Oct/2022:11:08:11 +0800] "POST /xingrg/kc/base/wldb_order_operate.html HTTP/1.1" 200 6806
114.83.221.131 - - [28/Oct/2022:11:08:12 +0800] "GET /xingrg/kc/buy/cgsh_order_info.html?code=212022102808549 HTTP/1.1" 200 64096
114.83.221.131 - - [28/Oct/2022:11:08:12 +0800] "GET /xingrg/javascript/easyui/themes/default/validatebox.css HTTP/1.1" 404 1104
114.83.221.131 - - [28/Oct/2022:11:08:13 +0800] "POST /xingrg/kc/buy/cgsh_order_operate.html HTTP/1.1" 200 605
114.83.221.131 - - [28/Oct/2022:11:08:15 +0800] "GET /xingrg/kc/print/load_data.html?order_code=212022102808549&kc_code=cgsh&condition= HTTP/1.1" 200 748
218.81.217.29 - - [28/Oct/2022:11:08:18 +0800] "POST /xingrg/dwr/call/plaincall/AjaxComOrderService.getMaterielSearchList.dwr HTTP/1.1" 200 3384
114.83.221.131 - - [28/Oct/2022:11:08:19 +0800] "GET /xingrg/kc/buy/cgsh_order_add.html HTTP/1.1" 200 69191
114.83.221.131 - - [28/Oct/2022:11:08:19 +0800] "POST /xingrg/kc/buy/cgsh_order_operate.html HTTP/1.1" 200 8245
114.83.221.131 - - [28/Oct/2022:11:08:19 +0800] "GET /xingrg/javascript/easyui/themes/default/validatebox.css HTTP/1.1" 404 1104
58.37.5.139 - - [28/Oct/2022:11:08:19 +0800] "POST /xingrg/all/common/load_combo.html?type=base HTTP/1.1" 200 3227
218.81.217.29 - - [28/Oct/2022:11:08:20 +0800] "POST /xingrg/dwr/call/plaincall/AjaxComOrderService.getMaterielSearchList.dwr HTTP/1.1" 200 694
218.81.217.29 - - [28/Oct/2022:11:08:21 +0800] "POST /xingrg/dwr/call/plaincall/AjaxComOrderService.getMaterielSearchList.dwr HTTP/1.1" 200 557
116.238.139.35 - - [28/Oct/2022:11:08:21 +0800] "GET /xingrg/all/function/internal_message.html?_=1666926426630&CODE_STATE=getMsg HTTP/1.1" 200 27
180.169.147.146 - - [28/Oct/2022:11:08:22 +0800] "GET /xingrg/kc/buy/cgsh_order_operate.html?command=get_materiel&rest_code=00147&code=00101008190&supplier_code=00100006&order_time=2022-10-28 HTTP/1.1" 200 412
218.81.217.29 - - [28/Oct/2022:11:08:22 +0800] "POST /xingrg/dwr/call/plaincall/AjaxYddbService.getMaterielByMap.dwr HTTP/1.1" 200 2754
120.253.135.82 - - [28/Oct/2022:11:08:22 +0800] "GET /xingrg/check_reg.html?_=1666926290800 HTTP/1.1" 200 22
120.253.135.82 - - [28/Oct/2022:11:08:24 +0800] "GET /xingrg/all/function/internal_message.html?_=1666926292801&CODE_STATE=getMsg HTTP/1.1" 200 27
101.85.95.132 - - [28/Oct/2022:11:08:26 +0800] "GET /xingrg/all/function/internal_message.html?_=1666926495757&CODE_STATE=getMsg HTTP/1.1" 200 27
221.239.141.151 - - [28/Oct/2022:11:08:30 +0800] "POST /xingrg/dwr/call/plaincall/AjaxGetFirstChart.getFirstChart.dwr HTTP/1.1" 200 93
180.169.147.146 - - [28/Oct/2022:11:08:31 +0800] "GET /xingrg/kc/buy/cgsh_order_operate.html?command=get_materiel&rest_code=00147&code=00101008040&supplier_code=00100006&order_time=2022-10-28 HTTP/1.1" 200 412
180.163.29.219 - - [28/Oct/2022:11:08:32 +0800] "GET /xingrg/kc/base/wldb_order_info.html?code=422022102802048 HTTP/1.1" 302 -
114.83.221.131 - - [28/Oct/2022:11:08:33 +0800] "GET /xingrg/all/function/internal_message.html?_=1666926501480&CODE_STATE=getMsg HTTP/1.1" 200 27
218.81.217.29 - - [28/Oct/2022:11:08:33 +0800] "POST /xingrg/dwr/call/plaincall/AjaxYddbService.saveMaterielItem.dwr HTTP/1.1" 200 79
218.81.217.29 - - [28/Oct/2022:11:08:34 +0800] "POST /xingrg/dwr/call/plaincall/AjaxComOrderService.getMaterielSearchList.dwr HTTP/1.1" 200 77
180.163.29.219 - - [28/Oct/2022:11:08:35 +0800] "GET /xingrg/login.html HTTP/1.1" 200 7641
221.239.141.151 - - [28/Oct/2022:11:08:35 +0800] "GET /xingrg/check_reg.html?_=1666926528384 HTTP/1.1" 200 22
221.239.141.151 - - [28/Oct/2022:11:08:35 +0800] "GET /xingrg/all/function/internal_message.html?_=1666926528388&CODE_STATE=getMsg HTTP/1.1" 200 27
114.83.219.57 - - [28/Oct/2022:11:08:36 +0800] "GET /xingrg/all/function/internal_message.html?_=1666926614790&CODE_STATE=getMsg HTTP/1.1" 200 27
222.70.183.206 - - [28/Oct/2022:11:08:37 +0800] "GET /xingrg/all/function/internal_message.html?_=1666926505812&CODE_STATE=getMsg HTTP/1.1" 200 27
218.81.217.29 - - [28/Oct/2022:11:08:37 +0800] "POST /xingrg/dwr/call/plaincall/AjaxComOrderService.getMaterielSearchList.dwr HTTP/1.1" 200 506643
218.81.217.29 - - [28/Oct/2022:11:08:37 +0800] "POST /xingrg/dwr/call/plaincall/AjaxComOrderService.getMaterielSearchList.dwr HTTP/1.1" 200 1068
221.239.141.151 - - [28/Oct/2022:11:08:38 +0800] "POST /xingrg/dwr/call/plaincall/AjaxBaseInfoService.changeUnitGroup.dwr HTTP/1.1" 200 243
114.83.221.131 - - [28/Oct/2022:11:08:39 +0800] "GET /xingrg/kc/buy/cgsh_order_operate.html?command=get_materiel&rest_code=00149&code=00101029007&supplier_code=00100019&order_time=2022-10-28 HTTP/1.1" 200 477
218.81.217.29 - - [28/Oct/2022:11:08:39 +0800] "POST /xingrg/dwr/call/plaincall/AjaxYddbService.getMaterielByMap.dwr HTTP/1.1" 200 2750
218.81.217.29 - - [28/Oct/2022:11:08:40 +0800] "GET /xingrg/all/function/internal_message.html?_=1666926533277&CODE_STATE=getMsg HTTP/1.1" 200 27
180.169.147.146 - - [28/Oct/2022:11:08:41 +0800] "GET /xingrg/all/function/internal_message.html?_=1666926510499&CODE_STATE=getMsg HTTP/1.1" 200 27
180.162.109.76 - - [28/Oct/2022:11:08:41 +0800] "GET /xingrg HTTP/1.1" 302 -
180.162.109.76 - - [28/Oct/2022:11:08:41 +0800] "GET /xingrg/ HTTP/1.1" 304 -
180.162.109.76 - - [28/Oct/2022:11:08:42 +0800] "GET /favicon.ico HTTP/1.1" 404 -
180.162.109.76 - - [28/Oct/2022:11:08:42 +0800] "GET /xingrg/index.html HTTP/1.1" 302 -
180.162.109.76 - - [28/Oct/2022:11:08:42 +0800] "GET /xingrg/login.html HTTP/1.1" 200 7641
180.162.109.76 - - [28/Oct/2022:11:08:42 +0800] "GET /xingrg/images/blue/jxLogo.png HTTP/1.1" 304 -
180.162.109.76 - - [28/Oct/2022:11:08:42 +0800] "GET /xingrg/images/blue/login_bg.png HTTP/1.1" 304 -
180.162.109.76 - - [28/Oct/2022:11:08:42 +0800] "GET /xingrg/images/blue/hj.png HTTP/1.1" 304 -
180.162.109.76 - - [28/Oct/2022:11:08:42 +0800] "GET /xingrg/images/blue/srbg.png HTTP/1.1" 304 -
180.162.109.76 - - [28/Oct/2022:11:08:42 +0800] "GET /favicon.ico HTTP/1.1" 404 -
116.230.105.139 - - [28/Oct/2022:11:08:43 +0800] "GET /xingrg/all/function/internal_message.html?_=1666926477793&CODE_STATE=getMsg HTTP/1.1" 200 27
116.230.105.139 - - [28/Oct/2022:11:08:43 +0800] "GET /xingrg/check_reg.html?_=1666926477798 HTTP/1.1" 200 22
221.239.141.151 - - [28/Oct/2022:11:08:45 +0800] "GET /xingrg/all/function/internal_message.html?_=1666926517435&CODE_STATE=getMsg HTTP/1.1" 200 27
180.162.109.76 - - [28/Oct/2022:11:08:47 +0800] "POST /xingrg/login.do HTTP/1.1" 302 -
222.70.183.206 - - [28/Oct/2022:11:08:47 +0800] "POST /xingrg/kc/buy/cgsh_order_operate.html HTTP/1.1" 200 37
180.169.147.146 - - [28/Oct/2022:11:08:47 +0800] "GET /xingrg/kc/buy/cgsh_order_operate.html?command=get_materiel&rest_code=00147&code=00101008148&supplier_code=00100006&order_time=2022-10-28 HTTP/1.1" 200 416
180.162.109.76 - - [28/Oct/2022:11:08:47 +0800] "GET /xingrg/index.html?sysBaseUrl=http%3A%2F%2F180.169.147.146%3A18081%2Fxingrg%2F&costTime=40×tamp=1666926527258 HTTP/1.1" 200 17179
180.162.109.76 - - [28/Oct/2022:11:08:47 +0800] "GET /xingrg/javascript/jquery_easy_ui/themes/default/easyui.css HTTP/1.1" 304 -
180.162.109.76 - - [28/Oct/2022:11:08:47 +0800] "GET /xingrg/css/form.css HTTP/1.1" 304 -
180.162.109.76 - - [28/Oct/2022:11:08:47 +0800] "GET /xingrg/javascript/jquery_easy_ui/themes/icon.css HTTP/1.1" 304 -
180.162.109.76 - - [28/Oct/2022:11:08:47 +0800] "GET /xingrg/javascript/jquery_easy_ui/easyui-lang-zh_CN.js HTTP/1.1" 304 -
180.162.109.76 - - [28/Oct/2022:11:08:47 +0800] "GET /xingrg/javascript/jquery.form.js HTTP/1.1" 304 -
180.162.109.76 - - [28/Oct/2022:11:08:47 +0800] "GET /xingrg/javascript/jquery-1.4.2.min.js HTTP/1.1" 304 -
180.162.109.76 - - [28/Oct/2022:11:08:47 +0800] "GET /xingrg/javascript/jquery_easy_ui/jquery.easyui.min.js HTTP/1.1" 304 -
180.162.109.76 - - [28/Oct/2022:11:08:47 +0800] "GET /xingrg/javascript/jquery.utils.js HTTP/1.1" 304 -
180.162.109.76 - - [28/Oct/2022:11:08:47 +0800] "GET /xingrg/javascript/jquery.timers.js HTTP/1.1" 304 -
180.162.109.76 - - [28/Oct/2022:11:08:47 +0800] "GET /favicon.ico HTTP/1.1" 404 -
221.239.141.151 - - [28/Oct/2022:11:08:47 +0800] "GET /xingrg/kc/buy/cgsh_order_operate.html?command=get_materiel&rest_code=00102&code=00102011259&supplier_code=00100219&order_time=2022-10-28 HTTP/1.1" 200 417
180.162.109.76 - - [28/Oct/2022:11:08:48 +0800] "GET /xingrg/javascript/jquery_easy_ui/themes/icons/settle_new.png HTTP/1.1" 304 -
180.162.109.76 - - [28/Oct/2022:11:08:48 +0800] "GET /xingrg/images/blue/navBackgound.jpg HTTP/1.1" 304 -
180.162.109.76 - - [28/Oct/2022:11:08:48 +0800] "POST /xingrg/all/common/load_tree.html?tree=area_rest_tree_json&manage=1 HTTP/1.1" 200 351
180.162.109.76 - - [28/Oct/2022:11:08:48 +0800] "GET /xingrg/all/function/internal_message.html?_=1666925591093&CODE_STATE=count HTTP/1.1" 200 11
180.162.109.76 - - [28/Oct/2022:11:08:48 +0800] "GET /xingrg/images/blue/pingpu.png HTTP/1.1" 304 -
180.162.109.76 - - [28/Oct/2022:11:08:48 +0800] "GET /xingrg/check_reg.html?_=1666925591095 HTTP/1.1" 200 22
180.162.109.76 - - [28/Oct/2022:11:08:48 +0800] "GET /xingrg/javascript/jquery_easy_ui/themes/default/images/tabs_leftarrow.png HTTP/1.1" 304 -
180.162.109.76 - - [28/Oct/2022:11:08:48 +0800] "GET /xingrg/javascript/jquery_easy_ui/themes/default/images/tabs_rightarrow.png HTTP/1.1" 304 -
180.162.109.76 - - [28/Oct/2022:11:08:48 +0800] "GET /xingrg/javascript/jquery_easy_ui/themes/default/images/panel_tool_collapse.gif HTTP/1.1" 304 -
180.162.109.76 - - [28/Oct/2022:11:08:48 +0800] "POST /xingrg/load_menu.html HTTP/1.1" 200 5138
180.162.109.76 - - [28/Oct/2022:11:08:48 +0800] "GET /xingrg/javascript/jquery_easy_ui/themes/default/images/tree_arrows.gif HTTP/1.1" 304 -
180.162.109.76 - - [28/Oct/2022:11:08:48 +0800] "GET /xingrg/javascript/jquery_easy_ui/themes/default/images/tree_folder_open.gif HTTP/1.1" 304 -
180.162.109.76 - - [28/Oct/2022:11:08:48 +0800] "GET /xingrg/javascript/jquery_easy_ui/themes/default/images/tree_folder.gif HTTP/1.1" 304 -
180.162.109.76 - - [28/Oct/2022:11:08:48 +0800] "GET /xingrg/javascript/jquery_easy_ui/themes/icons/search_new.png HTTP/1.1" 304 -
180.162.109.76 - - [28/Oct/2022:11:08:48 +0800] "GET /xingrg/javascript/jquery_easy_ui/themes/icons/storage_new.png HTTP/1.1" 304 -
180.162.109.76 - - [28/Oct/2022:11:08:48 +0800] "GET /xingrg/javascript/jquery_easy_ui/themes/icons/forms_new.png HTTP/1.1" 304 -
180.162.109.76 - - [28/Oct/2022:11:08:48 +0800] "GET /xingrg/javascript/jquery_easy_ui/themes/default/images/tree_file.gif HTTP/1.1" 304 -
222.70.183.206 - - [28/Oct/2022:11:08:48 +0800] "POST /xingrg/kc/buy/cgsh_order_operate.html HTTP/1.1" 200 9218
221.239.141.151 - - [28/Oct/2022:11:08:48 +0800] "POST /xingrg/dwr/call/plaincall/AjaxBaseInfoService.saveMateriel.dwr HTTP/1.1" 200 109
218.81.217.29 - - [28/Oct/2022:11:08:48 +0800] "POST /xingrg/dwr/call/plaincall/AjaxYddbService.saveMaterielItem.dwr HTTP/1.1" 200 79
221.239.141.151 - - [28/Oct/2022:11:08:49 +0800] "POST /xingrg/dwr/call/plaincall/AjaxBaseInfoService.getMateriels.dwr HTTP/1.1" 200 3028
114.83.221.131 - - [28/Oct/2022:11:08:50 +0800] "GET /xingrg/kc/buy/cgsh_order_operate.html?command=get_materiel&rest_code=00149&code=00101027040&supplier_code=00100019&order_time=2022-10-28 HTTP/1.1" 200 422
221.239.141.151 - - [28/Oct/2022:11:08:50 +0800] "GET /xingrg/system/info/materiel_info.html?code=00102035&isAdd=1 HTTP/1.1" 200 36661
221.239.141.151 - - [28/Oct/2022:11:08:50 +0800] "GET /xingrg/dwr/interface/AjaxGetFirstChart.js HTTP/1.1" 200 631
221.239.141.151 - - [28/Oct/2022:11:08:50 +0800] "GET /xingrg/dwr/interface/AjaxComOrderService.js HTTP/1.1" 200 18264
221.239.141.151 - - [28/Oct/2022:11:08:50 +0800] "GET /xingrg/dwr/interface/AjaxBaseInfoService.js HTTP/1.1" 200 21363
221.239.141.151 - - [28/Oct/2022:11:08:50 +0800] "GET /xingrg/dwr/engine.js HTTP/1.1" 200 43631
221.239.141.151 - - [28/Oct/2022:11:08:50 +0800] "POST /xingrg/all/common/load_tree.html?tree=area_rest_tree_json HTTP/1.1" 200 3481
221.239.141.151 - - [28/Oct/2022:11:08:50 +0800] "POST /xingrg/dwr/call/plaincall/AjaxBaseInfoService.getMaterielInfo.dwr HTTP/1.1" 200 217
