114.84.81.136 - - [27/Oct/2022:11:31:48 +0800] "GET /xingrg/all/function/internal_message.html?_=1666841506830&CODE_STATE=getMsg HTTP/1.1" 200 27
120.253.135.82 - - [27/Oct/2022:11:31:49 +0800] "GET /xingrg/all/function/internal_message.html?_=1666841297185&CODE_STATE=getMsg HTTP/1.1" 200 27
116.237.72.181 - - [27/Oct/2022:11:31:49 +0800] "GET /xingrg/kc/base/wldb_order_operate.html?command=get_materiel&rest_code=00106&base_code=0010397&code=00102002448 HTTP/1.1" 200 440
180.169.147.146 - - [27/Oct/2022:11:31:49 +0800] "GET /xingrg/kc/buy/cgsh_order_operate.html?command=get_materiel&rest_code=00147&code=00101008213&supplier_code=00100006&order_time=2022-10-27 HTTP/1.1" 200 412
180.163.29.206 - - [27/Oct/2022:11:31:51 +0800] "GET /xingrg/kc/base/base_main.html HTTP/1.1" 302 -
180.163.29.206 - - [27/Oct/2022:11:31:51 +0800] "GET /xingrg/login.html HTTP/1.1" 200 7641
180.163.29.103 - - [27/Oct/2022:11:31:52 +0800] "GET /xingrg/kc/base/wldb_order_list.html HTTP/1.1" 302 -
180.163.29.103 - - [27/Oct/2022:11:31:52 +0800] "GET /xingrg/login.html HTTP/1.1" 200 7641
116.237.72.181 - - [27/Oct/2022:11:31:53 +0800] "GET /xingrg/check_reg.html?_=1666841502666 HTTP/1.1" 200 22
116.237.72.181 - - [27/Oct/2022:11:31:53 +0800] "GET /xingrg/kc/base/wldb_order_operate.html?command=get_materiel&rest_code=00106&base_code=0010397&code=00102002287 HTTP/1.1" 200 439
180.169.147.146 - - [27/Oct/2022:11:31:56 +0800] "GET /xingrg/all/function/internal_message.html?_=1666841507145&CODE_STATE=getMsg HTTP/1.1" 200 27
222.69.130.135 - - [27/Oct/2022:11:31:56 +0800] "GET /xingrg/all/function/internal_message.html?_=1666841506757&CODE_STATE=getMsg HTTP/1.1" 200 27
180.169.147.146 - - [27/Oct/2022:11:31:56 +0800] "GET /xingrg/kc/buy/cgsh_order_operate.html?command=get_materiel&rest_code=00147&code=00101008283&supplier_code=00100006&order_time=2022-10-27 HTTP/1.1" 200 408
116.237.72.181 - - [27/Oct/2022:11:31:59 +0800] "POST /xingrg/kc/base/wldb_order_operate.html HTTP/1.1" 200 37
58.40.7.146 - - [27/Oct/2022:11:32:00 +0800] "GET /xingrg/all/function/internal_message.html?_=1666841512046&CODE_STATE=getMsg HTTP/1.1" 200 27
116.237.72.181 - - [27/Oct/2022:11:32:00 +0800] "POST /xingrg/kc/base/wldb_order_operate.html HTTP/1.1" 200 2190
116.237.72.181 - - [27/Oct/2022:11:32:00 +0800] "GET /xingrg/kc/base/wldb_order_info.html?code=422022102701964 HTTP/1.1" 200 30383
116.230.114.213 - - [27/Oct/2022:11:32:01 +0800] "GET /xingrg/all/function/internal_message.html?_=1666841531165&CODE_STATE=getMsg HTTP/1.1" 200 27
116.237.72.181 - - [27/Oct/2022:11:32:01 +0800] "GET /xingrg/javascript/easyui/themes/default/validatebox.css HTTP/1.1" 404 1104
116.237.72.181 - - [27/Oct/2022:11:32:02 +0800] "POST /xingrg/kc/base/wldb_order_operate.html HTTP/1.1" 200 2190
120.253.135.82 - - [27/Oct/2022:11:32:03 +0800] "GET /xingrg/all/function/internal_message.html?_=1666841616964&CODE_STATE=getMsg HTTP/1.1" 200 27
180.169.147.146 - - [27/Oct/2022:11:32:05 +0800] "GET /xingrg/kc/buy/cgsh_order_operate.html?command=get_materiel&rest_code=00147&code=00101008223&supplier_code=00100006&order_time=2022-10-27 HTTP/1.1" 200 412
116.237.72.181 - - [27/Oct/2022:11:32:05 +0800] "GET /xingrg/kc/base/wldb_order_add.html HTTP/1.1" 200 30369
101.85.95.132 - - [27/Oct/2022:11:32:06 +0800] "GET /xingrg/all/function/internal_message.html?_=1666841516724&CODE_STATE=getMsg HTTP/1.1" 200 27
116.237.72.181 - - [27/Oct/2022:11:32:06 +0800] "GET /xingrg/javascript/easyui/themes/default/validatebox.css HTTP/1.1" 404 1104
116.237.72.181 - - [27/Oct/2022:11:32:06 +0800] "POST /xingrg/kc/base/wldb_order_operate.html HTTP/1.1" 200 6806
180.162.109.76 - - [27/Oct/2022:11:32:07 +0800] "GET /xingrg/check_reg.html?_=1666840591951 HTTP/1.1" 200 22
180.162.109.76 - - [27/Oct/2022:11:32:07 +0800] "GET /xingrg/all/function/internal_message.html?_=1666840591948&CODE_STATE=getMsg HTTP/1.1" 200 27
116.237.72.181 - - [27/Oct/2022:11:32:07 +0800] "POST /xingrg/all/common/load_combo.html?type=base HTTP/1.1" 200 3227
116.237.72.181 - - [27/Oct/2022:11:32:10 +0800] "POST /xingrg/all/common/load_combo.html?type=base HTTP/1.1" 200 3227
222.69.192.207 - - [27/Oct/2022:11:32:15 +0800] "GET /xingrg/check_reg.html?_=1666841529220 HTTP/1.1" 200 22
222.69.192.207 - - [27/Oct/2022:11:32:15 +0800] "GET /xingrg/all/function/internal_message.html?_=1666841529223&CODE_STATE=getMsg HTTP/1.1" 200 27
180.169.147.146 - - [27/Oct/2022:11:32:16 +0800] "GET /xingrg/kc/buy/cgsh_order_operate.html?command=get_materiel&rest_code=00147&code=00101008150&supplier_code=00100006&order_time=2022-10-27 HTTP/1.1" 200 409
116.237.72.181 - - [27/Oct/2022:11:32:22 +0800] "GET /xingrg/all/function/internal_message.html?_=1666841534920&CODE_STATE=getMsg HTTP/1.1" 200 27
116.237.72.181 - - [27/Oct/2022:11:32:23 +0800] "GET /xingrg/kc/base/wldb_order_operate.html?command=get_materiel&rest_code=00106&base_code=0010397&code=00102002189 HTTP/1.1" 200 434
180.169.147.146 - - [27/Oct/2022:11:32:23 +0800] "GET /xingrg/kc/buy/cgsh_order_operate.html?command=get_materiel&rest_code=00147&code=00101010889&supplier_code=00100006&order_time=2022-10-27 HTTP/1.1" 200 399
116.237.72.181 - - [27/Oct/2022:11:32:24 +0800] "GET /xingrg/all/function/internal_message.html?_=1666841535750&CODE_STATE=getMsg HTTP/1.1" 200 27
124.79.74.72 - - [27/Oct/2022:11:32:25 +0800] "GET /xingrg/check_reg.html?_=1666841535892 HTTP/1.1" 200 22
124.79.74.72 - - [27/Oct/2022:11:32:25 +0800] "GET /xingrg/all/function/internal_message.html?_=1666841535894&CODE_STATE=getMsg HTTP/1.1" 200 27
180.169.147.146 - - [27/Oct/2022:11:32:25 +0800] "POST /xingrg/kc/buy/cgsh_order_operate.html HTTP/1.1" 200 2065
116.230.105.139 - - [27/Oct/2022:11:32:29 +0800] "GET /xingrg/all/function/internal_message.html?_=1666841505048&CODE_STATE=getMsg HTTP/1.1" 200 27
180.169.147.146 - - [27/Oct/2022:11:32:31 +0800] "GET /xingrg/kc/buy/cgsh_order_operate.html?command=get_materiel&rest_code=00147&code=00101015004&supplier_code=00100006&order_time=2022-10-27 HTTP/1.1" 200 409
221.239.141.151 - - [27/Oct/2022:11:32:31 +0800] "GET /xingrg/all/function/internal_message.html?_=1666841543583&CODE_STATE=getMsg HTTP/1.1" 200 27
116.237.72.181 - - [27/Oct/2022:11:32:33 +0800] "POST /xingrg/kc/base/wldb_order_operate.html HTTP/1.1" 200 37
116.237.72.181 - - [27/Oct/2022:11:32:34 +0800] "POST /xingrg/kc/base/wldb_order_operate.html HTTP/1.1" 200 2661
116.237.72.181 - - [27/Oct/2022:11:32:35 +0800] "GET /xingrg/kc/base/wldb_order_info.html?code=422022102701965 HTTP/1.1" 200 30383
116.237.72.181 - - [27/Oct/2022:11:32:35 +0800] "GET /xingrg/javascript/easyui/themes/default/validatebox.css HTTP/1.1" 404 1104
116.237.72.181 - - [27/Oct/2022:11:32:36 +0800] "POST /xingrg/kc/base/wldb_order_operate.html HTTP/1.1" 200 2661
180.169.147.146 - - [27/Oct/2022:11:32:38 +0800] "GET /xingrg/kc/buy/cgsh_order_operate.html?command=get_materiel&rest_code=00147&code=00101008563&supplier_code=00100006&order_time=2022-10-27 HTTP/1.1" 200 413
116.237.72.181 - - [27/Oct/2022:11:32:39 +0800] "GET /xingrg/kc/base/wldb_order_add.html HTTP/1.1" 200 30369
116.237.72.181 - - [27/Oct/2022:11:32:40 +0800] "POST /xingrg/kc/base/wldb_order_operate.html HTTP/1.1" 200 6806
116.237.72.181 - - [27/Oct/2022:11:32:40 +0800] "GET /xingrg/javascript/easyui/themes/default/validatebox.css HTTP/1.1" 404 1104
116.238.139.35 - - [27/Oct/2022:11:32:41 +0800] "GET /xingrg/check_reg.html?_=1666841488048 HTTP/1.1" 200 22
116.237.72.181 - - [27/Oct/2022:11:32:41 +0800] "POST /xingrg/all/common/load_combo.html?type=base HTTP/1.1" 200 3227
116.237.72.181 - - [27/Oct/2022:11:32:43 +0800] "POST /xingrg/all/common/load_combo.html?type=base HTTP/1.1" 200 3227
116.238.139.35 - - [27/Oct/2022:11:32:44 +0800] "GET /xingrg/all/function/internal_message.html?_=1666841491261&CODE_STATE=getMsg HTTP/1.1" 200 27
180.169.147.146 - - [27/Oct/2022:11:32:45 +0800] "GET /xingrg/kc/buy/cgsh_order_operate.html?command=get_materiel&rest_code=00147&code=00101008558&supplier_code=00100006&order_time=2022-10-27 HTTP/1.1" 200 409
114.84.81.136 - - [27/Oct/2022:11:32:48 +0800] "GET /xingrg/all/function/internal_message.html?_=1666841566829&CODE_STATE=getMsg HTTP/1.1" 200 27
120.253.135.82 - - [27/Oct/2022:11:32:49 +0800] "GET /xingrg/all/function/internal_message.html?_=1666841357197&CODE_STATE=getMsg HTTP/1.1" 200 27
116.238.139.35 - - [27/Oct/2022:11:32:49 +0800] "GET /xingrg/kc/buy/cgsh_order_list.html HTTP/1.1" 200 53328
116.238.139.35 - - [27/Oct/2022:11:32:50 +0800] "POST /xingrg/kc/buy/cgsh_list_operate.html HTTP/1.1" 200 986
116.237.72.181 - - [27/Oct/2022:11:32:51 +0800] "GET /xingrg/kc/base/wldb_order_operate.html?command=get_materiel&rest_code=00106&base_code=0010397&code=00102002114 HTTP/1.1" 200 463
116.238.139.35 - - [27/Oct/2022:11:32:51 +0800] "GET /xingrg/kc/buy/cgsh_order_add.html HTTP/1.1" 200 69103
116.238.139.35 - - [27/Oct/2022:11:32:51 +0800] "GET /xingrg/javascript/easyui/themes/default/validatebox.css HTTP/1.1" 404 1104
116.238.139.35 - - [27/Oct/2022:11:32:51 +0800] "POST /xingrg/kc/buy/cgsh_order_operate.html HTTP/1.1" 200 8245
116.237.72.181 - - [27/Oct/2022:11:32:55 +0800] "GET /xingrg/kc/base/wldb_order_operate.html?command=get_materiel&rest_code=00106&base_code=0010397&code=00102002028 HTTP/1.1" 200 466
180.169.147.146 - - [27/Oct/2022:11:32:56 +0800] "GET /xingrg/all/function/internal_message.html?_=1666841567123&CODE_STATE=getMsg HTTP/1.1" 200 27
222.69.130.135 - - [27/Oct/2022:11:32:56 +0800] "GET /xingrg/all/function/internal_message.html?_=1666841566746&CODE_STATE=getMsg HTTP/1.1" 200 27
116.237.72.181 - - [27/Oct/2022:11:32:58 +0800] "POST /xingrg/all/common/load_select.html HTTP/1.1" 200 25
222.69.130.135 - - [27/Oct/2022:11:32:58 +0800] "GET /xingrg/check_reg.html?_=1666841568333 HTTP/1.1" 200 22
116.237.72.181 - - [27/Oct/2022:11:32:59 +0800] "GET /xingrg/javascript/jquery_tools/images/prev.gif HTTP/1.1" 404 1086
116.237.72.181 - - [27/Oct/2022:11:32:59 +0800] "GET /xingrg/javascript/jquery_tools/images/next.gif HTTP/1.1" 404 1086
116.237.72.181 - - [27/Oct/2022:11:32:59 +0800] "GET /xingrg/kc/base/wldb_order_operate.html?command=get_materiel_price&rest_code=00106&base_code=0010397&code=00102002028&unit_code=00100328 HTTP/1.1" 200 34
58.40.7.146 - - [27/Oct/2022:11:33:00 +0800] "GET /xingrg/all/function/internal_message.html?_=1666841572048&CODE_STATE=getMsg HTTP/1.1" 200 27
180.163.29.206 - - [27/Oct/2022:11:33:00 +0800] "GET /xingrg/kc/base/wldb_order_info.html?code=422022102701964 HTTP/1.1" 302 -
180.163.29.206 - - [27/Oct/2022:11:33:00 +0800] "GET /xingrg/login.html HTTP/1.1" 200 7641
116.230.114.213 - - [27/Oct/2022:11:33:01 +0800] "GET /xingrg/all/function/internal_message.html?_=1666841591170&CODE_STATE=getMsg HTTP/1.1" 200 27
120.253.135.82 - - [27/Oct/2022:11:33:03 +0800] "GET /xingrg/all/function/internal_message.html?_=1666841676981&CODE_STATE=getMsg HTTP/1.1" 200 27
101.85.95.132 - - [27/Oct/2022:11:33:06 +0800] "GET /xingrg/all/function/internal_message.html?_=1666841576739&CODE_STATE=getMsg HTTP/1.1" 200 27
180.162.109.76 - - [27/Oct/2022:11:33:07 +0800] "GET /xingrg/all/function/internal_message.html?_=1666840651962&CODE_STATE=getMsg HTTP/1.1" 200 27
116.237.72.181 - - [27/Oct/2022:11:33:13 +0800] "GET /xingrg/kc/base/wldb_order_operate.html?command=get_materiel&rest_code=00106&base_code=0010397&code=00102001078 HTTP/1.1" 200 431
222.69.192.207 - - [27/Oct/2022:11:33:15 +0800] "GET /xingrg/all/function/internal_message.html?_=1666841589223&CODE_STATE=getMsg HTTP/1.1" 200 27
116.237.72.181 - - [27/Oct/2022:11:33:22 +0800] "GET /xingrg/all/function/internal_message.html?_=1666841594921&CODE_STATE=getMsg HTTP/1.1" 200 27
116.237.72.181 - - [27/Oct/2022:11:33:22 +0800] "POST /xingrg/kc/base/wldb_order_operate.html HTTP/1.1" 200 37
116.237.72.181 - - [27/Oct/2022:11:33:23 +0800] "POST /xingrg/kc/base/wldb_order_operate.html HTTP/1.1" 200 2717
116.237.72.181 - - [27/Oct/2022:11:33:23 +0800] "GET /xingrg/kc/base/wldb_order_info.html?code=422022102701966 HTTP/1.1" 200 30384
116.237.72.181 - - [27/Oct/2022:11:33:24 +0800] "GET /xingrg/all/function/internal_message.html?_=1666841595752&CODE_STATE=getMsg HTTP/1.1" 200 27
116.237.72.181 - - [27/Oct/2022:11:33:24 +0800] "GET /xingrg/javascript/easyui/themes/default/validatebox.css HTTP/1.1" 404 1104
116.237.72.181 - - [27/Oct/2022:11:33:25 +0800] "POST /xingrg/kc/base/wldb_order_operate.html HTTP/1.1" 200 2717
124.79.74.72 - - [27/Oct/2022:11:33:25 +0800] "GET /xingrg/all/function/internal_message.html?_=1666841595892&CODE_STATE=getMsg HTTP/1.1" 200 27
116.230.105.139 - - [27/Oct/2022:11:33:29 +0800] "GET /xingrg/all/function/internal_message.html?_=1666841565034&CODE_STATE=getMsg HTTP/1.1" 200 27
116.237.72.181 - - [27/Oct/2022:11:33:31 +0800] "GET /xingrg/kc/base/wldb_order_add.html HTTP/1.1" 200 30369
221.239.141.151 - - [27/Oct/2022:11:33:31 +0800] "GET /xingrg/all/function/internal_message.html?_=1666841603574&CODE_STATE=getMsg HTTP/1.1" 200 27
116.237.72.181 - - [27/Oct/2022:11:33:31 +0800] "POST /xingrg/kc/base/wldb_order_operate.html HTTP/1.1" 200 6806
116.237.72.181 - - [27/Oct/2022:11:33:31 +0800] "GET /xingrg/javascript/easyui/themes/default/validatebox.css HTTP/1.1" 404 1104
116.237.72.181 - - [27/Oct/2022:11:33:33 +0800] "POST /xingrg/all/common/load_combo.html?type=base HTTP/1.1" 200 3227
180.163.28.68 - - [27/Oct/2022:11:33:34 +0800] "GET /xingrg/kc/base/wldb_order_info.html?code=422022102701965 HTTP/1.1" 302 -
180.163.28.68 - - [27/Oct/2022:11:33:35 +0800] "GET /xingrg/login.html HTTP/1.1" 200 7641
116.237.72.181 - - [27/Oct/2022:11:33:35 +0800] "POST /xingrg/all/common/load_combo.html?type=base HTTP/1.1" 200 3227
116.237.72.181 - - [27/Oct/2022:11:33:41 +0800] "GET /xingrg/kc/base/wldb_order_operate.html?command=get_materiel&rest_code=00106&base_code=0010397&code=00101017003 HTTP/1.1" 200 445
116.238.139.35 - - [27/Oct/2022:11:33:44 +0800] "GET /xingrg/all/function/internal_message.html?_=1666841551275&CODE_STATE=getMsg HTTP/1.1" 200 27
114.84.81.136 - - [27/Oct/2022:11:33:48 +0800] "GET /xingrg/all/function/internal_message.html?_=1666841626827&CODE_STATE=getMsg HTTP/1.1" 200 27
114.84.81.136 - - [27/Oct/2022:11:33:48 +0800] "GET /xingrg/check_reg.html?_=1666841626843 HTTP/1.1" 200 22
120.253.135.82 - - [27/Oct/2022:11:33:49 +0800] "GET /xingrg/all/function/internal_message.html?_=1666841417342&CODE_STATE=getMsg HTTP/1.1" 200 27
116.237.72.181 - - [27/Oct/2022:11:33:50 +0800] "POST /xingrg/kc/base/wldb_order_operate.html HTTP/1.1" 200 37
116.237.72.181 - - [27/Oct/2022:11:33:51 +0800] "POST /xingrg/kc/base/wldb_order_operate.html HTTP/1.1" 200 2197
116.237.72.181 - - [27/Oct/2022:11:33:51 +0800] "GET /xingrg/kc/base/wldb_order_info.html?code=422022102701967 HTTP/1.1" 200 30383
116.237.72.181 - - [27/Oct/2022:11:33:51 +0800] "GET /xingrg/javascript/easyui/themes/default/validatebox.css HTTP/1.1" 404 1104
116.237.72.181 - - [27/Oct/2022:11:33:52 +0800] "POST /xingrg/kc/base/wldb_order_operate.html HTTP/1.1" 200 2197
180.169.147.146 - - [27/Oct/2022:11:33:56 +0800] "GET /xingrg/all/function/internal_message.html?_=1666841627146&CODE_STATE=getMsg HTTP/1.1" 200 27
222.69.130.135 - - [27/Oct/2022:11:33:56 +0800] "GET /xingrg/all/function/internal_message.html?_=1666841626726&CODE_STATE=getMsg HTTP/1.1" 200 27
58.40.7.146 - - [27/Oct/2022:11:34:00 +0800] "GET /xingrg/all/function/internal_message.html?_=1666841632051&CODE_STATE=getMsg HTTP/1.1" 200 27
116.230.114.213 - - [27/Oct/2022:11:34:01 +0800] "GET /xingrg/all/function/internal_message.html?_=1666841651230&CODE_STATE=getMsg HTTP/1.1" 200 27
120.253.135.82 - - [27/Oct/2022:11:34:03 +0800] "GET /xingrg/all/function/internal_message.html?_=1666841737004&CODE_STATE=getMsg HTTP/1.1" 200 27
101.85.95.132 - - [27/Oct/2022:11:34:06 +0800] "GET /xingrg/all/function/internal_message.html?_=1666841636729&CODE_STATE=getMsg HTTP/1.1" 200 27
101.85.95.132 - - [27/Oct/2022:11:34:06 +0800] "GET /xingrg/check_reg.html?_=1666841636732 HTTP/1.1" 200 22
180.162.109.76 - - [27/Oct/2022:11:34:07 +0800] "GET /xingrg/all/function/internal_message.html?_=1666840711962&CODE_STATE=getMsg HTTP/1.1" 200 27
222.69.192.207 - - [27/Oct/2022:11:34:15 +0800] "GET /xingrg/all/function/internal_message.html?_=1666841649222&CODE_STATE=getMsg HTTP/1.1" 200 27
116.237.72.181 - - [27/Oct/2022:11:34:22 +0800] "GET /xingrg/check_reg.html?_=1666841654928 HTTP/1.1" 200 22
116.237.72.181 - - [27/Oct/2022:11:34:22 +0800] "GET /xingrg/all/function/internal_message.html?_=1666841654940&CODE_STATE=getMsg HTTP/1.1" 200 27
180.163.29.206 - - [27/Oct/2022:11:34:23 +0800] "GET /xingrg/kc/base/wldb_order_info.html?code=422022102701966 HTTP/1.1" 302 -
180.163.29.206 - - [27/Oct/2022:11:34:23 +0800] "GET /xingrg/login.html HTTP/1.1" 200 7641
116.237.72.181 - - [27/Oct/2022:11:34:24 +0800] "GET /xingrg/all/function/internal_message.html?_=1666841655754&CODE_STATE=getMsg HTTP/1.1" 200 27
124.79.74.72 - - [27/Oct/2022:11:34:25 +0800] "GET /xingrg/all/function/internal_message.html?_=1666841655881&CODE_STATE=getMsg HTTP/1.1" 200 27
116.230.105.139 - - [27/Oct/2022:11:34:29 +0800] "GET /xingrg/all/function/internal_message.html?_=1666841625026&CODE_STATE=getMsg HTTP/1.1" 200 27
221.239.141.151 - - [27/Oct/2022:11:34:31 +0800] "GET /xingrg/all/function/internal_message.html?_=1666841663589&CODE_STATE=getMsg HTTP/1.1" 200 27
116.238.139.35 - - [27/Oct/2022:11:34:44 +0800] "GET /xingrg/all/function/internal_message.html?_=1666841611316&CODE_STATE=getMsg HTTP/1.1" 200 27
116.238.139.35 - - [27/Oct/2022:11:34:46 +0800] "GET /xingrg/check_reg.html?_=1666841677866 HTTP/1.1" 200 22
114.84.81.136 - - [27/Oct/2022:11:34:48 +0800] "GET /xingrg/all/function/internal_message.html?_=1666841686826&CODE_STATE=getMsg HTTP/1.1" 200 27
120.253.135.82 - - [27/Oct/2022:11:34:49 +0800] "GET /xingrg/all/function/internal_message.html?_=1666841477354&CODE_STATE=getMsg HTTP/1.1" 200 27
116.230.114.213 - - [27/Oct/2022:11:34:56 +0800] "GET /xingrg/check_reg.html?_=1666841706008 HTTP/1.1" 200 22
180.169.147.146 - - [27/Oct/2022:11:34:56 +0800] "GET /xingrg/all/function/internal_message.html?_=1666841687122&CODE_STATE=getMsg HTTP/1.1" 200 27
222.69.130.135 - - [27/Oct/2022:11:34:56 +0800] "GET /xingrg/all/function/internal_message.html?_=1666841686714&CODE_STATE=getMsg HTTP/1.1" 200 27
58.40.7.146 - - [27/Oct/2022:11:35:00 +0800] "GET /xingrg/check_reg.html?_=1666841692053 HTTP/1.1" 200 22
58.40.7.146 - - [27/Oct/2022:11:35:00 +0800] "GET /xingrg/all/function/internal_message.html?_=1666841692055&CODE_STATE=getMsg HTTP/1.1" 200 27
116.230.114.213 - - [27/Oct/2022:11:35:01 +0800] "GET /xingrg/all/function/internal_message.html?_=1666841711243&CODE_STATE=getMsg HTTP/1.1" 200 27
120.253.135.82 - - [27/Oct/2022:11:35:03 +0800] "GET /xingrg/all/function/internal_message.html?_=1666841797017&CODE_STATE=getMsg HTTP/1.1" 200 27
101.85.95.132 - - [27/Oct/2022:11:35:06 +0800] "GET /xingrg/all/function/internal_message.html?_=1666841696731&CODE_STATE=getMsg HTTP/1.1" 200 27
180.162.109.76 - - [27/Oct/2022:11:35:07 +0800] "GET /xingrg/all/function/internal_message.html?_=1666840771961&CODE_STATE=getMsg HTTP/1.1" 200 27
222.69.192.207 - - [27/Oct/2022:11:35:15 +0800] "GET /xingrg/all/function/internal_message.html?_=1666841709223&CODE_STATE=getMsg HTTP/1.1" 200 27
116.237.72.181 - - [27/Oct/2022:11:35:22 +0800] "GET /xingrg/all/function/internal_message.html?_=1666841714925&CODE_STATE=getMsg HTTP/1.1" 200 27
116.237.72.181 - - [27/Oct/2022:11:35:24 +0800] "GET /xingrg/all/function/internal_message.html?_=1666841715740&CODE_STATE=getMsg HTTP/1.1" 200 27
124.79.74.72 - - [27/Oct/2022:11:35:25 +0800] "GET /xingrg/all/function/internal_message.html?_=1666841715895&CODE_STATE=getMsg HTTP/1.1" 200 27
114.88.159.190 - - [27/Oct/2022:11:35:29 +0800] "GET /xingrg/check_reg.html?_=1666841343940 HTTP/1.1" 200 22
116.230.105.139 - - [27/Oct/2022:11:35:29 +0800] "GET /xingrg/all/function/internal_message.html?_=1666841685017&CODE_STATE=getMsg HTTP/1.1" 200 27
221.239.141.151 - - [27/Oct/2022:11:35:31 +0800] "GET /xingrg/all/function/internal_message.html?_=1666841723551&CODE_STATE=getMsg HTTP/1.1" 200 27
116.230.105.139 - - [27/Oct/2022:11:35:32 +0800] "GET /xingrg/check_reg.html?_=1666841687429 HTTP/1.1" 200 22
116.238.139.35 - - [27/Oct/2022:11:35:44 +0800] "GET /xingrg/all/function/internal_message.html?_=1666841671318&CODE_STATE=getMsg HTTP/1.1" 200 27
120.253.135.82 - - [27/Oct/2022:11:35:47 +0800] "GET /xingrg/check_reg.html?_=1666841535645 HTTP/1.1" 200 22
114.84.81.136 - - [27/Oct/2022:11:35:48 +0800] "GET /xingrg/all/function/internal_message.html?_=1666841746824&CODE_STATE=getMsg HTTP/1.1" 200 27
120.253.135.82 - - [27/Oct/2022:11:35:49 +0800] "GET /xingrg/all/function/internal_message.html?_=1666841537363&CODE_STATE=getMsg HTTP/1.1" 200 27
180.169.147.146 - - [27/Oct/2022:11:35:56 +0800] "GET /xingrg/check_reg.html?_=1666841747121 HTTP/1.1" 200 22
180.169.147.146 - - [27/Oct/2022:11:35:56 +0800] "GET /xingrg/all/function/internal_message.html?_=1666841747120&CODE_STATE=getMsg HTTP/1.1" 200 27
222.69.130.135 - - [27/Oct/2022:11:35:56 +0800] "GET /xingrg/all/function/internal_message.html?_=1666841746687&CODE_STATE=getMsg HTTP/1.1" 200 27
58.40.7.146 - - [27/Oct/2022:11:36:00 +0800] "GET /xingrg/all/function/internal_message.html?_=1666841752040&CODE_STATE=getMsg HTTP/1.1" 200 27
116.230.114.213 - - [27/Oct/2022:11:36:01 +0800] "GET /xingrg/all/function/internal_message.html?_=1666841771257&CODE_STATE=getMsg HTTP/1.1" 200 27
120.253.135.82 - - [27/Oct/2022:11:36:01 +0800] "GET /xingrg/check_reg.html?_=1666841854874 HTTP/1.1" 200 22
120.253.135.82 - - [27/Oct/2022:11:36:03 +0800] "GET /xingrg/all/function/internal_message.html?_=1666841857031&CODE_STATE=getMsg HTTP/1.1" 200 27
101.85.95.132 - - [27/Oct/2022:11:36:06 +0800] "GET /xingrg/all/function/internal_message.html?_=1666841756730&CODE_STATE=getMsg HTTP/1.1" 200 27
180.162.109.76 - - [27/Oct/2022:11:36:07 +0800] "GET /xingrg/all/function/internal_message.html?_=1666840831960&CODE_STATE=getMsg HTTP/1.1" 200 27
222.69.192.207 - - [27/Oct/2022:11:36:15 +0800] "GET /xingrg/all/function/internal_message.html?_=1666841769224&CODE_STATE=getMsg HTTP/1.1" 200 27
116.237.72.181 - - [27/Oct/2022:11:36:22 +0800] "GET /xingrg/all/function/internal_message.html?_=1666841774936&CODE_STATE=getMsg HTTP/1.1" 200 27
116.237.72.181 - - [27/Oct/2022:11:36:24 +0800] "GET /xingrg/all/function/internal_message.html?_=1666841775742&CODE_STATE=getMsg HTTP/1.1" 200 27
116.237.72.181 - - [27/Oct/2022:11:36:24 +0800] "GET /xingrg/check_reg.html?_=1666841775742 HTTP/1.1" 200 22
124.79.74.72 - - [27/Oct/2022:11:36:25 +0800] "GET /xingrg/all/function/internal_message.html?_=1666841775890&CODE_STATE=getMsg HTTP/1.1" 200 27
116.230.105.139 - - [27/Oct/2022:11:36:29 +0800] "GET /xingrg/all/function/internal_message.html?_=1666841744999&CODE_STATE=getMsg HTTP/1.1" 200 27
221.239.141.151 - - [27/Oct/2022:11:36:31 +0800] "GET /xingrg/all/function/internal_message.html?_=1666841783549&CODE_STATE=getMsg HTTP/1.1" 200 27
221.239.141.151 - - [27/Oct/2022:11:36:33 +0800] "GET /xingrg/check_reg.html?_=1666841785125 HTTP/1.1" 200 22
116.238.139.35 - - [27/Oct/2022:11:36:44 +0800] "GET /xingrg/all/function/internal_message.html?_=1666841731360&CODE_STATE=getMsg HTTP/1.1" 200 27
114.84.81.136 - - [27/Oct/2022:11:36:48 +0800] "GET /xingrg/all/function/internal_message.html?_=1666841806822&CODE_STATE=getMsg HTTP/1.1" 200 27
120.253.135.82 - - [27/Oct/2022:11:36:49 +0800] "GET /xingrg/all/function/internal_message.html?_=1666841597377&CODE_STATE=getMsg HTTP/1.1" 200 27
180.169.147.146 - - [27/Oct/2022:11:36:50 +0800] "POST /xingrg/kc/buy/cgsh_order_operate.html HTTP/1.1" 200 37
180.169.147.146 - - [27/Oct/2022:11:36:53 +0800] "POST /xingrg/kc/buy/cgsh_order_operate.html HTTP/1.1" 200 23953
180.169.147.146 - - [27/Oct/2022:11:36:53 +0800] "GET /xingrg/kc/print/load_data.html?order_code=212022102708204&kc_code=cgsh&condition= HTTP/1.1" 200 8759
116.237.72.181 - - [27/Oct/2022:11:36:53 +0800] "GET /xingrg/check_reg.html?_=1666841802633 HTTP/1.1" 200 22
222.69.130.135 - - [27/Oct/2022:11:36:56 +0800] "GET /xingrg/all/function/internal_message.html?_=1666841806681&CODE_STATE=getMsg HTTP/1.1" 200 27
180.169.147.146 - - [27/Oct/2022:11:36:56 +0800] "GET /xingrg/all/function/internal_message.html?_=1666841807323&CODE_STATE=getMsg HTTP/1.1" 200 27
58.40.7.146 - - [27/Oct/2022:11:37:00 +0800] "GET /xingrg/all/function/internal_message.html?_=1666841812040&CODE_STATE=getMsg HTTP/1.1" 200 27
116.230.114.213 - - [27/Oct/2022:11:37:01 +0800] "GET /xingrg/all/function/internal_message.html?_=1666841831327&CODE_STATE=getMsg HTTP/1.1" 200 27
120.253.135.82 - - [27/Oct/2022:11:37:03 +0800] "GET /xingrg/all/function/internal_message.html?_=1666841917048&CODE_STATE=getMsg HTTP/1.1" 200 27
101.85.95.132 - - [27/Oct/2022:11:37:06 +0800] "GET /xingrg/all/function/internal_message.html?_=1666841816729&CODE_STATE=getMsg HTTP/1.1" 200 27
180.162.109.76 - - [27/Oct/2022:11:37:07 +0800] "GET /xingrg/check_reg.html?_=1666840891945 HTTP/1.1" 200 22
180.162.109.76 - - [27/Oct/2022:11:37:07 +0800] "GET /xingrg/all/function/internal_message.html?_=1666840891947&CODE_STATE=getMsg HTTP/1.1" 200 27
222.69.192.207 - - [27/Oct/2022:11:37:15 +0800] "GET /xingrg/check_reg.html?_=1666841829224 HTTP/1.1" 200 22
222.69.192.207 - - [27/Oct/2022:11:37:15 +0800] "GET /xingrg/all/function/internal_message.html?_=1666841829228&CODE_STATE=getMsg HTTP/1.1" 200 27
116.237.72.181 - - [27/Oct/2022:11:37:22 +0800] "GET /xingrg/all/function/internal_message.html?_=1666841834937&CODE_STATE=getMsg HTTP/1.1" 200 27
116.237.72.181 - - [27/Oct/2022:11:37:24 +0800] "GET /xingrg/all/function/internal_message.html?_=1666841835746&CODE_STATE=getMsg HTTP/1.1" 200 27
124.79.74.72 - - [27/Oct/2022:11:37:25 +0800] "GET /xingrg/all/function/internal_message.html?_=1666841835891&CODE_STATE=getMsg HTTP/1.1" 200 27
124.79.74.72 - - [27/Oct/2022:11:37:25 +0800] "GET /xingrg/check_reg.html?_=1666841835894 HTTP/1.1" 200 22
116.230.105.139 - - [27/Oct/2022:11:37:29 +0800] "GET /xingrg/all/function/internal_message.html?_=1666841804989&CODE_STATE=getMsg HTTP/1.1" 200 27
221.239.141.151 - - [27/Oct/2022:11:37:31 +0800] "GET /xingrg/all/function/internal_message.html?_=1666841843535&CODE_STATE=getMsg HTTP/1.1" 200 27
116.238.139.35 - - [27/Oct/2022:11:37:41 +0800] "GET /xingrg/check_reg.html?_=1666841788053 HTTP/1.1" 200 22
116.238.139.35 - - [27/Oct/2022:11:37:44 +0800] "GET /xingrg/all/function/internal_message.html?_=1666841791376&CODE_STATE=getMsg HTTP/1.1" 200 27
114.84.81.136 - - [27/Oct/2022:11:37:48 +0800] "GET /xingrg/all/function/internal_message.html?_=1666841866836&CODE_STATE=getMsg HTTP/1.1" 200 27
120.253.135.82 - - [27/Oct/2022:11:37:49 +0800] "GET /xingrg/all/function/internal_message.html?_=1666841657392&CODE_STATE=getMsg HTTP/1.1" 200 27
222.69.130.135 - - [27/Oct/2022:11:37:56 +0800] "GET /xingrg/all/function/internal_message.html?_=1666841866659&CODE_STATE=getMsg HTTP/1.1" 200 27
180.169.147.146 - - [27/Oct/2022:11:37:56 +0800] "GET /xingrg/all/function/internal_message.html?_=1666841867307&CODE_STATE=getMsg HTTP/1.1" 200 27
222.69.130.135 - - [27/Oct/2022:11:37:58 +0800] "GET /xingrg/check_reg.html?_=1666841868349 HTTP/1.1" 200 22
58.40.7.146 - - [27/Oct/2022:11:38:00 +0800] "GET /xingrg/all/function/internal_message.html?_=1666841872043&CODE_STATE=getMsg HTTP/1.1" 200 27
116.230.114.213 - - [27/Oct/2022:11:38:01 +0800] "GET /xingrg/all/function/internal_message.html?_=1666841891331&CODE_STATE=getMsg HTTP/1.1" 200 27
120.253.135.82 - - [27/Oct/2022:11:38:03 +0800] "GET /xingrg/all/function/internal_message.html?_=1666841977057&CODE_STATE=getMsg HTTP/1.1" 200 27
101.85.95.132 - - [27/Oct/2022:11:38:06 +0800] "GET /xingrg/all/function/internal_message.html?_=1666841876730&CODE_STATE=getMsg HTTP/1.1" 200 27
180.162.109.76 - - [27/Oct/2022:11:38:07 +0800] "GET /xingrg/all/function/internal_message.html?_=1666840951959&CODE_STATE=getMsg HTTP/1.1" 200 27
222.69.192.207 - - [27/Oct/2022:11:38:15 +0800] "GET /xingrg/all/function/internal_message.html?_=1666841889239&CODE_STATE=getMsg HTTP/1.1" 200 27
116.237.72.181 - - [27/Oct/2022:11:38:22 +0800] "GET /xingrg/all/function/internal_message.html?_=1666841894938&CODE_STATE=getMsg HTTP/1.1" 200 27
116.237.72.181 - - [27/Oct/2022:11:38:24 +0800] "GET /xingrg/all/function/internal_message.html?_=1666841895748&CODE_STATE=getMsg HTTP/1.1" 200 27
124.79.74.72 - - [27/Oct/2022:11:38:25 +0800] "GET /xingrg/all/function/internal_message.html?_=1666841895889&CODE_STATE=getMsg HTTP/1.1" 200 27
116.230.105.139 - - [27/Oct/2022:11:38:29 +0800] "GET /xingrg/all/function/internal_message.html?_=1666841864974&CODE_STATE=getMsg HTTP/1.1" 200 27
221.239.141.151 - - [27/Oct/2022:11:38:31 +0800] "GET /xingrg/all/function/internal_message.html?_=1666841903535&CODE_STATE=getMsg HTTP/1.1" 200 27
222.69.130.135 - - [27/Oct/2022:11:38:31 +0800] "GET /xingrg/kc/mdqp/qqps_order_list.html?isBack=1 HTTP/1.1" 200 9677
222.69.130.135 - - [27/Oct/2022:11:38:31 +0800] "GET /xingrg/dwr/interface/AjaxReportQueryService.js HTTP/1.1" 200 13203
222.69.130.135 - - [27/Oct/2022:11:38:31 +0800] "GET /xingrg/dwr/interface/AjaxQqpsService.js HTTP/1.1" 200 16326
222.69.130.135 - - [27/Oct/2022:11:38:32 +0800] "GET /xingrg/dwr/engine.js HTTP/1.1" 200 43631
222.69.130.135 - - [27/Oct/2022:11:38:38 +0800] "GET /xingrg/kc/base/wldb_order_list.html HTTP/1.1" 200 19148
222.69.130.135 - - [27/Oct/2022:11:38:39 +0800] "POST /xingrg/kc/base/wldb_list_operate.html HTTP/1.1" 200 928
222.69.130.135 - - [27/Oct/2022:11:38:44 +0800] "GET /xingrg/kc/base/wldb_order_add.html HTTP/1.1" 200 30371
222.69.130.135 - - [27/Oct/2022:11:38:44 +0800] "POST /xingrg/kc/base/wldb_order_operate.html HTTP/1.1" 200 6806
116.238.139.35 - - [27/Oct/2022:11:38:44 +0800] "GET /xingrg/all/function/internal_message.html?_=1666841851390&CODE_STATE=getMsg HTTP/1.1" 200 27
222.69.130.135 - - [27/Oct/2022:11:38:44 +0800] "GET /xingrg/all/common/auto_word.html?type=base&rest_code=00149 HTTP/1.1" 200 1907
222.69.130.135 - - [27/Oct/2022:11:38:44 +0800] "GET /xingrg/all/common/auto_word.html?type=base&rest_code=00149 HTTP/1.1" 200 1907
222.69.130.135 - - [27/Oct/2022:11:38:44 +0800] "GET /xingrg/javascript/easyui/themes/default/validatebox.css HTTP/1.1" 404 1104
114.84.81.136 - - [27/Oct/2022:11:38:48 +0800] "GET /xingrg/check_reg.html?_=1666841926834 HTTP/1.1" 200 22
114.84.81.136 - - [27/Oct/2022:11:38:48 +0800] "GET /xingrg/all/function/internal_message.html?_=1666841926834&CODE_STATE=getMsg HTTP/1.1" 200 27
120.253.135.82 - - [27/Oct/2022:11:38:49 +0800] "GET /xingrg/all/function/internal_message.html?_=1666841717618&CODE_STATE=getMsg HTTP/1.1" 200 27
222.69.130.135 - - [27/Oct/2022:11:38:56 +0800] "GET /xingrg/all/function/internal_message.html?_=1666841926640&CODE_STATE=getMsg HTTP/1.1" 200 27
180.169.147.146 - - [27/Oct/2022:11:38:56 +0800] "GET /xingrg/all/function/internal_message.html?_=1666841927291&CODE_STATE=getMsg HTTP/1.1" 200 27
58.40.7.146 - - [27/Oct/2022:11:39:00 +0800] "GET /xingrg/all/function/internal_message.html?_=1666841932047&CODE_STATE=getMsg HTTP/1.1" 200 27
116.230.114.213 - - [27/Oct/2022:11:39:01 +0800] "GET /xingrg/all/function/internal_message.html?_=1666841951404&CODE_STATE=getMsg HTTP/1.1" 200 27
120.253.135.82 - - [27/Oct/2022:11:39:03 +0800] "GET /xingrg/all/function/internal_message.html?_=1666842037087&CODE_STATE=getMsg HTTP/1.1" 200 27
101.85.95.132 - - [27/Oct/2022:11:39:06 +0800] "GET /xingrg/all/function/internal_message.html?_=1666841936729&CODE_STATE=getMsg HTTP/1.1" 200 27
101.85.95.132 - - [27/Oct/2022:11:39:06 +0800] "GET /xingrg/check_reg.html?_=1666841936731 HTTP/1.1" 200 22
180.162.109.76 - - [27/Oct/2022:11:39:07 +0800] "GET /xingrg/all/function/internal_message.html?_=1666841011958&CODE_STATE=getMsg HTTP/1.1" 200 27
222.69.192.207 - - [27/Oct/2022:11:39:15 +0800] "GET /xingrg/all/function/internal_message.html?_=1666841949238&CODE_STATE=getMsg HTTP/1.1" 200 27
116.237.72.181 - - [27/Oct/2022:11:39:22 +0800] "GET /xingrg/all/function/internal_message.html?_=1666841954939&CODE_STATE=getMsg HTTP/1.1" 200 27
116.237.72.181 - - [27/Oct/2022:11:39:22 +0800] "GET /xingrg/check_reg.html?_=1666841954941 HTTP/1.1" 200 22
116.237.72.181 - - [27/Oct/2022:11:39:24 +0800] "GET /xingrg/all/function/internal_message.html?_=1666841955750&CODE_STATE=getMsg HTTP/1.1" 200 27
124.79.74.72 - - [27/Oct/2022:11:39:25 +0800] "GET /xingrg/all/function/internal_message.html?_=1666841955888&CODE_STATE=getMsg HTTP/1.1" 200 27
116.237.72.181 - - [27/Oct/2022:11:39:27 +0800] "POST /xingrg/kc/base/wldb_list_operate.html HTTP/1.1" 200 3761
116.230.105.139 - - [27/Oct/2022:11:39:29 +0800] "GET /xingrg/all/function/internal_message.html?_=1666841924955&CODE_STATE=getMsg HTTP/1.1" 200 27
221.239.141.151 - - [27/Oct/2022:11:39:31 +0800] "GET /xingrg/all/function/internal_message.html?_=1666841963531&CODE_STATE=getMsg HTTP/1.1" 200 27
116.237.72.181 - - [27/Oct/2022:11:39:34 +0800] "GET /xingrg/kc/mdqp/qp_main.html HTTP/1.1" 200 10633
116.237.72.181 - - [27/Oct/2022:11:39:35 +0800] "GET /xingrg/images/yd/bt.gif HTTP/1.1" 404 1040
116.237.72.181 - - [27/Oct/2022:11:39:36 +0800] "GET /xingrg/kc/mdqp/qqps_order_list.html HTTP/1.1" 200 9222
116.237.72.181 - - [27/Oct/2022:11:39:36 +0800] "GET /xingrg/dwr/interface/AjaxReportQueryService.js HTTP/1.1" 200 13203
116.237.72.181 - - [27/Oct/2022:11:39:36 +0800] "GET /xingrg/dwr/interface/AjaxQqpsService.js HTTP/1.1" 200 16326
116.237.72.181 - - [27/Oct/2022:11:39:36 +0800] "GET /xingrg/dwr/util.js HTTP/1.1" 304 -
116.237.72.181 - - [27/Oct/2022:11:39:36 +0800] "GET /xingrg/dwr/engine.js HTTP/1.1" 200 43631
222.69.130.135 - - [27/Oct/2022:11:39:38 +0800] "GET /xingrg/javascript/auto/indicator.gif HTTP/1.1" 404 1066
116.237.72.181 - - [27/Oct/2022:11:39:38 +0800] "GET /xingrg/kc/mdqp/qp_main.html HTTP/1.1" 200 10633
116.237.72.181 - - [27/Oct/2022:11:39:39 +0800] "GET /xingrg/kc/mdqp/pssh_order_list.html HTTP/1.1" 200 17828
116.237.72.181 - - [27/Oct/2022:11:39:39 +0800] "POST /xingrg/kc/mdqp/pssh_list_operate.html HTTP/1.1" 200 5252
222.69.130.135 - - [27/Oct/2022:11:39:41 +0800] "GET /xingrg/javascript/jquery_tools/images/prev.gif HTTP/1.1" 404 1086
222.69.130.135 - - [27/Oct/2022:11:39:41 +0800] "GET /xingrg/javascript/jquery_tools/images/next.gif HTTP/1.1" 404 1086
116.238.139.35 - - [27/Oct/2022:11:39:44 +0800] "GET /xingrg/all/function/internal_message.html?_=1666841911431&CODE_STATE=getMsg HTTP/1.1" 200 27
116.237.72.181 - - [27/Oct/2022:11:39:46 +0800] "POST /xingrg/kc/mdqp/pssh_list_operate.html HTTP/1.1" 200 796
116.238.139.35 - - [27/Oct/2022:11:39:46 +0800] "GET /xingrg/check_reg.html?_=1666841977860 HTTP/1.1" 200 22
116.237.72.181 - - [27/Oct/2022:11:39:47 +0800] "GET /xingrg/kc/mdqp/pssh_order_info.html?code=312022102600507 HTTP/1.1" 200 17275
116.237.72.181 - - [27/Oct/2022:11:39:47 +0800] "GET /xingrg/javascript/jquery_tools/jquery-1.4.2.min.js HTTP/1.1" 404 1094
116.237.72.181 - - [27/Oct/2022:11:39:47 +0800] "GET /xingrg/javascript/easyui/themes/icons/back_new.png HTTP/1.1" 200 3414
116.237.72.181 - - [27/Oct/2022:11:39:47 +0800] "GET /xingrg/all/common/auto_word.html?type=base&rest_code=00106&rest_code=00106 HTTP/1.1" 200 1799
116.237.72.181 - - [27/Oct/2022:11:39:47 +0800] "GET /xingrg/javascript/easyui/themes/default/validatebox.css HTTP/1.1" 404 1104
116.237.72.181 - - [27/Oct/2022:11:39:47 +0800] "POST /xingrg/kc/mdqp/pssh_order_operate.html HTTP/1.1" 200 8014
114.84.81.136 - - [27/Oct/2022:11:39:48 +0800] "GET /xingrg/all/function/internal_message.html?_=1666841986832&CODE_STATE=getMsg HTTP/1.1" 200 27
120.253.135.82 - - [27/Oct/2022:11:39:49 +0800] "GET /xingrg/all/function/internal_message.html?_=1666841777621&CODE_STATE=getMsg HTTP/1.1" 200 27
116.237.72.181 - - [27/Oct/2022:11:39:53 +0800] "GET /xingrg/kc/print/load_config.html?kc_code=pssh HTTP/1.1" 200 2291
116.237.72.181 - - [27/Oct/2022:11:39:53 +0800] "GET /xingrg/kc/print/load_data.html?order_code=312022102600507&kc_code=pssh HTTP/1.1" 200 3193
222.69.130.135 - - [27/Oct/2022:11:39:55 +0800] "GET /xingrg/kc/base/wldb_order_operate.html?command=get_materiel&rest_code=00149&base_code=0010400&code=00101001170 HTTP/1.1" 200 434
116.230.114.213 - - [27/Oct/2022:11:39:56 +0800] "GET /xingrg/check_reg.html?_=1666842006012 HTTP/1.1" 200 22
222.69.130.135 - - [27/Oct/2022:11:39:56 +0800] "GET /xingrg/all/function/internal_message.html?_=1666841986611&CODE_STATE=getMsg HTTP/1.1" 200 27
180.169.147.146 - - [27/Oct/2022:11:39:56 +0800] "GET /xingrg/all/function/internal_message.html?_=1666841987275&CODE_STATE=getMsg HTTP/1.1" 200 27
58.40.7.146 - - [27/Oct/2022:11:40:00 +0800] "GET /xingrg/all/function/internal_message.html?_=1666841992049&CODE_STATE=getMsg HTTP/1.1" 200 27
58.40.7.146 - - [27/Oct/2022:11:40:00 +0800] "GET /xingrg/check_reg.html?_=1666841992050 HTTP/1.1" 200 22
116.230.114.213 - - [27/Oct/2022:11:40:01 +0800] "GET /xingrg/all/function/internal_message.html?_=1666842011408&CODE_STATE=getMsg HTTP/1.1" 200 27
120.253.135.82 - - [27/Oct/2022:11:40:03 +0800] "GET /xingrg/all/function/internal_message.html?_=1666842097101&CODE_STATE=getMsg HTTP/1.1" 200 27
101.85.95.132 - - [27/Oct/2022:11:40:06 +0800] "GET /xingrg/all/function/internal_message.html?_=1666841996729&CODE_STATE=getMsg HTTP/1.1" 200 27
180.162.109.76 - - [27/Oct/2022:11:40:07 +0800] "GET /xingrg/all/function/internal_message.html?_=1666841071957&CODE_STATE=getMsg HTTP/1.1" 200 27
222.69.130.135 - - [27/Oct/2022:11:40:08 +0800] "POST /xingrg/kc/base/wldb_order_operate.html HTTP/1.1" 200 37
222.69.130.135 - - [27/Oct/2022:11:40:09 +0800] "POST /xingrg/kc/base/wldb_order_operate.html HTTP/1.1" 200 2183
222.69.130.135 - - [27/Oct/2022:11:40:09 +0800] "GET /xingrg/kc/base/wldb_order_info.html?code=422022102701968 HTTP/1.1" 200 30383
222.69.130.135 - - [27/Oct/2022:11:40:09 +0800] "GET /xingrg/javascript/easyui/themes/default/validatebox.css HTTP/1.1" 404 1104
222.69.130.135 - - [27/Oct/2022:11:40:10 +0800] "POST /xingrg/kc/base/wldb_order_operate.html HTTP/1.1" 200 2183
222.69.192.207 - - [27/Oct/2022:11:40:15 +0800] "GET /xingrg/all/function/internal_message.html?_=1666842009239&CODE_STATE=getMsg HTTP/1.1" 200 27
222.69.130.135 - - [27/Oct/2022:11:40:16 +0800] "GET /xingrg/kc/base/wldb_order_add.html HTTP/1.1" 200 30371
222.69.130.135 - - [27/Oct/2022:11:40:17 +0800] "POST /xingrg/kc/base/wldb_order_operate.html HTTP/1.1" 200 6806
222.69.130.135 - - [27/Oct/2022:11:40:17 +0800] "GET /xingrg/javascript/easyui/themes/default/validatebox.css HTTP/1.1" 404 1104
116.237.72.181 - - [27/Oct/2022:11:40:22 +0800] "GET /xingrg/all/function/internal_message.html?_=1666842014940&CODE_STATE=getMsg HTTP/1.1" 200 27
116.237.72.181 - - [27/Oct/2022:11:40:24 +0800] "GET /xingrg/all/function/internal_message.html?_=1666842015752&CODE_STATE=getMsg HTTP/1.1" 200 27
222.69.130.135 - - [27/Oct/2022:11:40:24 +0800] "GET /xingrg/kc/base/wldb_order_operate.html?command=get_materiel&rest_code=00149&base_code=0010394&code=00101019637 HTTP/1.1" 200 449
124.79.74.72 - - [27/Oct/2022:11:40:25 +0800] "GET /xingrg/all/function/internal_message.html?_=1666842015891&CODE_STATE=getMsg HTTP/1.1" 200 27
222.69.130.135 - - [27/Oct/2022:11:40:28 +0800] "GET /xingrg/kc/base/wldb_order_operate.html?command=get_materiel&rest_code=00149&base_code=0010394&code=00101019133 HTTP/1.1" 200 480
114.88.159.190 - - [27/Oct/2022:11:40:29 +0800] "GET /xingrg/check_reg.html?_=1666841643941 HTTP/1.1" 200 22
116.230.105.139 - - [27/Oct/2022:11:40:29 +0800] "GET /xingrg/all/function/internal_message.html?_=1666841984927&CODE_STATE=getMsg HTTP/1.1" 200 27
221.239.141.151 - - [27/Oct/2022:11:40:31 +0800] "GET /xingrg/all/function/internal_message.html?_=1666842023524&CODE_STATE=getMsg HTTP/1.1" 200 27
222.69.130.135 - - [27/Oct/2022:11:40:31 +0800] "GET /xingrg/kc/base/wldb_order_operate.html?command=get_materiel&rest_code=00149&base_code=0010394&code=00101019185 HTTP/1.1" 200 469
116.230.105.139 - - [27/Oct/2022:11:40:32 +0800] "GET /xingrg/check_reg.html?_=1666841987414 HTTP/1.1" 200 22
180.163.28.55 - - [27/Oct/2022:11:40:34 +0800] "GET /xingrg/kc/mdqp/qp_main.html HTTP/1.1" 302 -
180.163.28.55 - - [27/Oct/2022:11:40:34 +0800] "GET /xingrg/login.html HTTP/1.1" 200 7641
222.69.130.135 - - [27/Oct/2022:11:40:35 +0800] "GET /xingrg/kc/base/wldb_order_operate.html?command=get_materiel&rest_code=00149&base_code=0010394&code=00101016029 HTTP/1.1" 200 463
180.163.29.206 - - [27/Oct/2022:11:40:36 +0800] "GET /xingrg/kc/mdqp/qqps_order_list.html HTTP/1.1" 302 -
180.163.29.206 - - [27/Oct/2022:11:40:36 +0800] "GET /xingrg/login.html HTTP/1.1" 200 7641
222.69.130.135 - - [27/Oct/2022:11:40:40 +0800] "GET /xingrg/kc/base/wldb_order_operate.html?command=get_materiel&rest_code=00149&base_code=0010394&code=00101016044 HTTP/1.1" 200 464
116.238.139.35 - - [27/Oct/2022:11:40:44 +0800] "GET /xingrg/all/function/internal_message.html?_=1666841971432&CODE_STATE=getMsg HTTP/1.1" 200 27
222.69.130.135 - - [27/Oct/2022:11:40:44 +0800] "GET /xingrg/kc/base/wldb_order_operate.html?command=get_materiel&rest_code=00149&base_code=0010394&code=00101019391 HTTP/1.1" 200 485
180.163.30.100 - - [27/Oct/2022:11:40:46 +0800] "GET /xingrg/kc/mdqp/pssh_order_info.html?code=312022102600507 HTTP/1.1" 302 -
180.163.30.100 - - [27/Oct/2022:11:40:46 +0800] "GET /xingrg/login.html HTTP/1.1" 200 7641
120.253.135.82 - - [27/Oct/2022:11:40:47 +0800] "GET /xingrg/check_reg.html?_=1666841835815 HTTP/1.1" 200 22
114.84.81.136 - - [27/Oct/2022:11:40:48 +0800] "GET /xingrg/all/function/internal_message.html?_=1666842046856&CODE_STATE=getMsg HTTP/1.1" 200 27
222.69.130.135 - - [27/Oct/2022:11:40:48 +0800] "GET /xingrg/kc/base/wldb_order_operate.html?command=get_materiel&rest_code=00149&base_code=0010394&code=00101019438 HTTP/1.1" 200 460
120.253.135.82 - - [27/Oct/2022:11:40:49 +0800] "GET /xingrg/all/function/internal_message.html?_=1666841837640&CODE_STATE=getMsg HTTP/1.1" 200 27
222.69.130.135 - - [27/Oct/2022:11:40:54 +0800] "GET /xingrg/kc/base/wldb_order_operate.html?command=get_materiel&rest_code=00149&base_code=0010394&code=00101016094 HTTP/1.1" 200 470
222.69.130.135 - - [27/Oct/2022:11:40:56 +0800] "GET /xingrg/all/function/internal_message.html?_=1666842046600&CODE_STATE=getMsg HTTP/1.1" 200 27
180.169.147.146 - - [27/Oct/2022:11:40:56 +0800] "GET /xingrg/check_reg.html?_=1666842047133 HTTP/1.1" 200 22
180.169.147.146 - - [27/Oct/2022:11:40:56 +0800] "GET /xingrg/all/function/internal_message.html?_=1666842047259&CODE_STATE=getMsg HTTP/1.1" 200 27
58.40.7.146 - - [27/Oct/2022:11:41:00 +0800] "GET /xingrg/all/function/internal_message.html?_=1666842052052&CODE_STATE=getMsg HTTP/1.1" 200 27
120.253.135.82 - - [27/Oct/2022:11:41:01 +0800] "GET /xingrg/check_reg.html?_=1666842154893 HTTP/1.1" 200 22
116.230.114.213 - - [27/Oct/2022:11:41:01 +0800] "GET /xingrg/all/function/internal_message.html?_=1666842071419&CODE_STATE=getMsg HTTP/1.1" 200 27
120.253.135.82 - - [27/Oct/2022:11:41:03 +0800] "GET /xingrg/all/function/internal_message.html?_=1666842157115&CODE_STATE=getMsg HTTP/1.1" 200 27
101.85.95.132 - - [27/Oct/2022:11:41:06 +0800] "GET /xingrg/all/function/internal_message.html?_=1666842056730&CODE_STATE=getMsg HTTP/1.1" 200 27
180.162.109.76 - - [27/Oct/2022:11:41:07 +0800] "GET /xingrg/all/function/internal_message.html?_=1666841131956&CODE_STATE=getMsg HTTP/1.1" 200 27
222.69.192.207 - - [27/Oct/2022:11:41:15 +0800] "GET /xingrg/all/function/internal_message.html?_=1666842069239&CODE_STATE=getMsg HTTP/1.1" 200 27
222.69.130.135 - - [27/Oct/2022:11:41:16 +0800] "GET /xingrg/kc/base/wldb_order_operate.html?command=get_materiel&rest_code=00149&base_code=0010394&code=00101019199 HTTP/1.1" 200 473
222.69.130.135 - - [27/Oct/2022:11:41:19 +0800] "GET /xingrg/kc/base/wldb_order_operate.html?command=get_materiel&rest_code=00149&base_code=0010394&code=00101019222 HTTP/1.1" 200 453
116.237.72.181 - - [27/Oct/2022:11:41:22 +0800] "GET /xingrg/all/function/internal_message.html?_=1666842074940&CODE_STATE=getMsg HTTP/1.1" 200 27
222.69.130.135 - - [27/Oct/2022:11:41:23 +0800] "GET /xingrg/kc/base/wldb_order_operate.html?command=get_materiel&rest_code=00149&base_code=0010394&code=00101019187 HTTP/1.1" 200 479
116.237.72.181 - - [27/Oct/2022:11:41:24 +0800] "GET /xingrg/check_reg.html?_=1666842075754 HTTP/1.1" 200 22
116.237.72.181 - - [27/Oct/2022:11:41:24 +0800] "GET /xingrg/all/function/internal_message.html?_=1666842075756&CODE_STATE=getMsg HTTP/1.1" 200 27
124.79.74.72 - - [27/Oct/2022:11:41:25 +0800] "GET /xingrg/all/function/internal_message.html?_=1666842075893&CODE_STATE=getMsg HTTP/1.1" 200 27
222.69.130.135 - - [27/Oct/2022:11:41:27 +0800] "GET /xingrg/kc/base/wldb_order_operate.html?command=get_materiel&rest_code=00149&base_code=0010394&code=00101019249 HTTP/1.1" 200 470
116.230.105.139 - - [27/Oct/2022:11:41:29 +0800] "GET /xingrg/all/function/internal_message.html?_=1666842044902&CODE_STATE=getMsg HTTP/1.1" 200 27
221.239.141.151 - - [27/Oct/2022:11:41:31 +0800] "GET /xingrg/all/function/internal_message.html?_=1666842083503&CODE_STATE=getMsg HTTP/1.1" 200 27
222.69.130.135 - - [27/Oct/2022:11:41:31 +0800] "GET /xingrg/kc/base/wldb_order_operate.html?command=get_materiel&rest_code=00149&base_code=0010394&code=00101019527 HTTP/1.1" 200 474
221.239.141.151 - - [27/Oct/2022:11:41:33 +0800] "GET /xingrg/check_reg.html?_=1666842085106 HTTP/1.1" 200 22
116.238.139.35 - - [27/Oct/2022:11:41:44 +0800] "GET /xingrg/all/function/internal_message.html?_=1666842031470&CODE_STATE=getMsg HTTP/1.1" 200 27
222.69.130.135 - - [27/Oct/2022:11:41:45 +0800] "POST /xingrg/kc/base/wldb_order_operate.html HTTP/1.1" 200 37
222.69.130.135 - - [27/Oct/2022:11:41:45 +0800] "POST /xingrg/kc/base/wldb_order_operate.html HTTP/1.1" 200 8250
222.69.130.135 - - [27/Oct/2022:11:41:45 +0800] "GET /xingrg/kc/base/wldb_order_info.html?code=422022102701969 HTTP/1.1" 200 30386
222.69.130.135 - - [27/Oct/2022:11:41:46 +0800] "GET /xingrg/javascript/easyui/themes/default/validatebox.css HTTP/1.1" 404 1104
222.69.130.135 - - [27/Oct/2022:11:41:46 +0800] "POST /xingrg/kc/base/wldb_order_operate.html HTTP/1.1" 200 8250
114.84.81.136 - - [27/Oct/2022:11:41:48 +0800] "GET /xingrg/all/function/internal_message.html?_=1666842106854&CODE_STATE=getMsg HTTP/1.1" 200 27
120.253.135.82 - - [27/Oct/2022:11:41:49 +0800] "GET /xingrg/all/function/internal_message.html?_=1666841897647&CODE_STATE=getMsg HTTP/1.1" 200 27
116.237.72.181 - - [27/Oct/2022:11:41:53 +0800] "GET /xingrg/check_reg.html?_=1666842102621 HTTP/1.1" 200 22
222.69.130.135 - - [27/Oct/2022:11:41:56 +0800] "GET /xingrg/all/function/internal_message.html?_=1666842106579&CODE_STATE=getMsg HTTP/1.1" 200 27
180.169.147.146 - - [27/Oct/2022:11:41:56 +0800] "GET /xingrg/all/function/internal_message.html?_=1666842107242&CODE_STATE=getMsg HTTP/1.1" 200 27
58.40.7.146 - - [27/Oct/2022:11:42:00 +0800] "GET /xingrg/all/function/internal_message.html?_=1666842112052&CODE_STATE=getMsg HTTP/1.1" 200 27
116.230.114.213 - - [27/Oct/2022:11:42:01 +0800] "GET /xingrg/all/function/internal_message.html?_=1666842131474&CODE_STATE=getMsg HTTP/1.1" 200 27
222.69.130.135 - - [27/Oct/2022:11:42:02 +0800] "GET /xingrg/kc/base/wldb_order_add.html HTTP/1.1" 200 30371
222.69.130.135 - - [27/Oct/2022:11:42:02 +0800] "GET /xingrg/javascript/easyui/themes/default/validatebox.css HTTP/1.1" 404 1104
222.69.130.135 - - [27/Oct/2022:11:42:02 +0800] "POST /xingrg/kc/base/wldb_order_operate.html HTTP/1.1" 200 6806
120.253.135.82 - - [27/Oct/2022:11:42:03 +0800] "GET /xingrg/all/function/internal_message.html?_=1666842217132&CODE_STATE=getMsg HTTP/1.1" 200 27
101.85.95.132 - - [27/Oct/2022:11:42:06 +0800] "GET /xingrg/all/function/internal_message.html?_=1666842116729&CODE_STATE=getMsg HTTP/1.1" 200 27
180.162.109.76 - - [27/Oct/2022:11:42:07 +0800] "GET /xingrg/all/function/internal_message.html?_=1666841191943&CODE_STATE=getMsg HTTP/1.1" 200 27
180.162.109.76 - - [27/Oct/2022:11:42:07 +0800] "GET /xingrg/check_reg.html?_=1666841191941 HTTP/1.1" 200 22
222.69.130.135 - - [27/Oct/2022:11:42:10 +0800] "GET /xingrg/kc/base/wldb_order_operate.html?command=get_materiel&rest_code=00149&base_code=0010436&code=00101014041 HTTP/1.1" 200 436
222.69.192.207 - - [27/Oct/2022:11:42:15 +0800] "GET /xingrg/all/function/internal_message.html?_=1666842129239&CODE_STATE=getMsg HTTP/1.1" 200 27
222.69.192.207 - - [27/Oct/2022:11:42:15 +0800] "GET /xingrg/check_reg.html?_=1666842129243 HTTP/1.1" 200 22
222.69.130.135 - - [27/Oct/2022:11:42:20 +0800] "POST /xingrg/kc/base/wldb_order_operate.html HTTP/1.1" 200 37
222.69.130.135 - - [27/Oct/2022:11:42:20 +0800] "POST /xingrg/kc/base/wldb_order_operate.html HTTP/1.1" 200 2188
222.69.130.135 - - [27/Oct/2022:11:42:21 +0800] "GET /xingrg/kc/base/wldb_order_info.html?code=422022102701970 HTTP/1.1" 200 30388
222.69.130.135 - - [27/Oct/2022:11:42:21 +0800] "GET /xingrg/javascript/easyui/themes/default/validatebox.css HTTP/1.1" 404 1104
116.237.72.181 - - [27/Oct/2022:11:42:22 +0800] "GET /xingrg/all/function/internal_message.html?_=1666842134940&CODE_STATE=getMsg HTTP/1.1" 200 27
222.69.130.135 - - [27/Oct/2022:11:42:22 +0800] "POST /xingrg/kc/base/wldb_order_operate.html HTTP/1.1" 200 2188
116.237.72.181 - - [27/Oct/2022:11:42:24 +0800] "GET /xingrg/all/function/internal_message.html?_=1666842135742&CODE_STATE=getMsg HTTP/1.1" 200 27
222.69.130.135 - - [27/Oct/2022:11:42:25 +0800] "GET /xingrg/kc/base/wldb_order_add.html HTTP/1.1" 200 30371
124.79.74.72 - - [27/Oct/2022:11:42:25 +0800] "GET /xingrg/check_reg.html?_=1666842135887 HTTP/1.1" 200 22
124.79.74.72 - - [27/Oct/2022:11:42:25 +0800] "GET /xingrg/all/function/internal_message.html?_=1666842135890&CODE_STATE=getMsg HTTP/1.1" 200 27
222.69.130.135 - - [27/Oct/2022:11:42:25 +0800] "GET /xingrg/javascript/easyui/themes/default/validatebox.css HTTP/1.1" 404 1104
222.69.130.135 - - [27/Oct/2022:11:42:25 +0800] "POST /xingrg/kc/base/wldb_order_operate.html HTTP/1.1" 200 6806
