180.169.147.146 - - [27/Oct/2022:10:34:18 +0800] "POST /xingrg/kc/buy/cgsh_list_operate.html HTTP/1.1" 200 4
222.70.183.206 - - [27/Oct/2022:10:34:18 +0800] "POST /xingrg/kc/base/wldb_order_operate.html HTTP/1.1" 200 2193
120.253.135.82 - - [27/Oct/2022:10:34:18 +0800] "GET /xingrg/javascript/easyui/themes/default/validatebox.css HTTP/1.1" 404 1104
120.253.135.82 - - [27/Oct/2022:10:34:18 +0800] "POST /xingrg/kc/pszx/mdps_order_operate.html HTTP/1.1" 200 2276
222.70.183.206 - - [27/Oct/2022:10:34:20 +0800] "GET /xingrg/kc/print/load_data.html?order_code=422022102701953&kc_code=wldb&condition= HTTP/1.1" 200 537
180.169.147.146 - - [27/Oct/2022:10:34:21 +0800] "POST /xingrg/kc/buy/cgsh_list_operate.html HTTP/1.1" 200 4456
116.237.72.181 - - [27/Oct/2022:10:34:23 +0800] "GET /xingrg/all/function/internal_message.html?_=1666838055748&CODE_STATE=getMsg HTTP/1.1" 200 27
120.253.135.82 - - [27/Oct/2022:10:34:24 +0800] "GET /xingrg/kc/pszx/mdqp_order_list.html?state=10 HTTP/1.1" 200 10223
120.253.135.82 - - [27/Oct/2022:10:34:24 +0800] "GET /xingrg/dwr/interface/AjaxReportQueryService.js HTTP/1.1" 200 13203
120.253.135.82 - - [27/Oct/2022:10:34:24 +0800] "GET /xingrg/dwr/interface/AjaxQqpsService.js HTTP/1.1" 200 16326
120.253.135.82 - - [27/Oct/2022:10:34:24 +0800] "POST /xingrg/kc/pszx/mdps_list_operate.html HTTP/1.1" 200 3497
120.253.135.82 - - [27/Oct/2022:10:34:24 +0800] "GET /xingrg/dwr/engine.js HTTP/1.1" 200 43631
114.88.159.190 - - [27/Oct/2022:10:34:25 +0800] "GET /xingrg/kc/buy/cgsh_order_operate.html?command=get_materiel&rest_code=00141&code=00101012059&supplier_code=00100036&order_time=2022-10-27 HTTP/1.1" 200 413
120.253.135.82 - - [27/Oct/2022:10:34:28 +0800] "GET /xingrg/kc/pszx/mdps_order_list.html?orderType=0 HTTP/1.1" 200 21016
120.253.135.82 - - [27/Oct/2022:10:34:28 +0800] "POST /xingrg/kc/pszx/mdps_list_operate.html HTTP/1.1" 200 5416
116.230.105.139 - - [27/Oct/2022:10:34:30 +0800] "GET /xingrg/all/function/internal_message.html?_=1666838025858&CODE_STATE=getMsg HTTP/1.1" 200 27
222.69.192.207 - - [27/Oct/2022:10:34:31 +0800] "GET /xingrg/kc/base/wldb_order_operate.html?command=get_materiel&rest_code=00105&base_code=0010507&code=00101019297 HTTP/1.1" 200 478
114.88.159.190 - - [27/Oct/2022:10:34:31 +0800] "GET /xingrg/kc/buy/cgsh_order_operate.html?command=get_materiel&rest_code=00141&code=00101012038&supplier_code=00100036&order_time=2022-10-27 HTTP/1.1" 200 412
221.239.141.151 - - [27/Oct/2022:10:34:32 +0800] "GET /xingrg/all/function/internal_message.html?_=1666838064134&CODE_STATE=getMsg HTTP/1.1" 200 27
120.253.135.82 - - [27/Oct/2022:10:34:32 +0800] "POST /xingrg/kc/pszx/mdps_list_operate.html HTTP/1.1" 200 472
180.169.147.146 - - [27/Oct/2022:10:34:37 +0800] "POST /xingrg/kc/buy/cgsh_list_operate.html HTTP/1.1" 200 156
116.238.139.35 - - [27/Oct/2022:10:34:43 +0800] "GET /xingrg/all/function/internal_message.html?_=1666838010177&CODE_STATE=getMsg HTTP/1.1" 200 27
114.88.159.190 - - [27/Oct/2022:10:34:44 +0800] "POST /xingrg/kc/buy/cgsh_order_operate.html HTTP/1.1" 200 37
120.253.135.82 - - [27/Oct/2022:10:34:46 +0800] "GET /xingrg/all/function/internal_message.html?_=1666837875131&CODE_STATE=getMsg HTTP/1.1" 200 27
114.88.159.190 - - [27/Oct/2022:10:34:50 +0800] "POST /xingrg/kc/buy/cgsh_order_operate.html HTTP/1.1" 200 12
180.169.147.146 - - [27/Oct/2022:10:34:50 +0800] "POST /xingrg/kc/buy/cgsh_list_operate.html HTTP/1.1" 200 2739
222.69.192.207 - - [27/Oct/2022:10:34:51 +0800] "GET /xingrg/kc/base/wldb_order_operate.html?command=get_materiel&rest_code=00105&base_code=0010507&code=00101019339 HTTP/1.1" 200 469
120.253.135.82 - - [27/Oct/2022:10:34:51 +0800] "GET /xingrg/kc/pszx/mdqp_order_list.html?state=10 HTTP/1.1" 200 10223
120.253.135.82 - - [27/Oct/2022:10:34:51 +0800] "GET /xingrg/dwr/interface/AjaxReportQueryService.js HTTP/1.1" 200 13203
120.253.135.82 - - [27/Oct/2022:10:34:51 +0800] "GET /xingrg/dwr/interface/AjaxQqpsService.js HTTP/1.1" 200 16326
120.253.135.82 - - [27/Oct/2022:10:34:51 +0800] "GET /xingrg/dwr/engine.js HTTP/1.1" 200 43631
114.88.159.190 - - [27/Oct/2022:10:34:51 +0800] "GET /xingrg/kc/buy/cgsh_order_info.html?code=212022102708191 HTTP/1.1" 200 64008
114.88.159.190 - - [27/Oct/2022:10:34:51 +0800] "GET /xingrg/javascript/easyui/themes/default/validatebox.css HTTP/1.1" 404 1104
114.88.159.190 - - [27/Oct/2022:10:34:52 +0800] "POST /xingrg/kc/buy/cgsh_order_operate.html HTTP/1.1" 200 4748
180.169.147.146 - - [27/Oct/2022:10:34:54 +0800] "POST /xingrg/kc/buy/cgsh_list_operate.html HTTP/1.1" 200 597
120.253.135.82 - - [27/Oct/2022:10:34:54 +0800] "GET /xingrg/kc/pszx/mdqp_order_list.html?state=10 HTTP/1.1" 200 10223
120.253.135.82 - - [27/Oct/2022:10:34:54 +0800] "GET /xingrg/dwr/interface/AjaxQqpsService.js HTTP/1.1" 200 16326
120.253.135.82 - - [27/Oct/2022:10:34:54 +0800] "GET /xingrg/dwr/interface/AjaxReportQueryService.js HTTP/1.1" 200 13203
120.253.135.82 - - [27/Oct/2022:10:34:55 +0800] "GET /xingrg/dwr/engine.js HTTP/1.1" 200 43631
116.230.114.213 - - [27/Oct/2022:10:34:56 +0800] "GET /xingrg/check_reg.html?_=1666838105943 HTTP/1.1" 200 22
180.169.147.146 - - [27/Oct/2022:10:34:56 +0800] "GET /xingrg/all/function/internal_message.html?_=1666838087042&CODE_STATE=getMsg HTTP/1.1" 200 27
222.69.130.135 - - [27/Oct/2022:10:34:57 +0800] "GET /xingrg/all/function/internal_message.html?_=1666838087796&CODE_STATE=getMsg HTTP/1.1" 200 27
116.230.114.213 - - [27/Oct/2022:10:34:57 +0800] "POST /xingrg/services/DataTransmitService HTTP/1.1" 200 524
222.69.192.207 - - [27/Oct/2022:10:34:58 +0800] "GET /xingrg/kc/base/wldb_order_operate.html?command=get_materiel&rest_code=00105&base_code=0010507&code=00101019249 HTTP/1.1" 200 470
116.238.139.35 - - [27/Oct/2022:10:34:58 +0800] "GET /xingrg/all/function/internal_message.html?_=1666838090238&CODE_STATE=getMsg HTTP/1.1" 200 27
116.230.114.213 - - [27/Oct/2022:10:34:58 +0800] "POST /xingrg/services/DataTransmitService HTTP/1.1" 200 412
180.169.147.146 - - [27/Oct/2022:10:34:59 +0800] "POST /xingrg/kc/buy/cgsh_list_operate.html HTTP/1.1" 200 4
116.230.114.213 - - [27/Oct/2022:10:34:59 +0800] "GET /xingrg/all/function/internal_message.html?_=1666838109305&CODE_STATE=getMsg HTTP/1.1" 200 27
120.253.135.82 - - [27/Oct/2022:10:34:59 +0800] "GET /xingrg/kc/pszx/mdth_order_list.html HTTP/1.1" 200 18440
58.40.7.146 - - [27/Oct/2022:10:35:00 +0800] "GET /xingrg/all/function/internal_message.html?_=1666838092017&CODE_STATE=getMsg HTTP/1.1" 200 27
58.40.7.146 - - [27/Oct/2022:10:35:00 +0800] "GET /xingrg/check_reg.html?_=1666838092019 HTTP/1.1" 200 22
120.253.135.82 - - [27/Oct/2022:10:35:00 +0800] "POST /xingrg/kc/pszx/mdth_order_new_list.html HTTP/1.1" 200 4700
222.69.192.207 - - [27/Oct/2022:10:35:02 +0800] "POST /xingrg/kc/base/wldb_order_operate.html HTTP/1.1" 200 37
180.169.147.146 - - [27/Oct/2022:10:35:02 +0800] "POST /xingrg/kc/buy/cgsh_list_operate.html HTTP/1.1" 200 2311
222.69.192.207 - - [27/Oct/2022:10:35:02 +0800] "POST /xingrg/kc/base/wldb_order_operate.html HTTP/1.1" 200 4210
222.69.192.207 - - [27/Oct/2022:10:35:02 +0800] "GET /xingrg/kc/base/wldb_order_info.html?code=422022102701954 HTTP/1.1" 200 30377
120.253.135.82 - - [27/Oct/2022:10:35:02 +0800] "GET /xingrg/all/function/internal_message.html?_=1666838196155&CODE_STATE=getMsg HTTP/1.1" 200 27
222.69.192.207 - - [27/Oct/2022:10:35:03 +0800] "GET /xingrg/javascript/easyui/themes/default/validatebox.css HTTP/1.1" 404 1104
222.69.192.207 - - [27/Oct/2022:10:35:03 +0800] "POST /xingrg/kc/base/wldb_order_operate.html HTTP/1.1" 200 4210
101.85.95.132 - - [27/Oct/2022:10:35:06 +0800] "GET /xingrg/all/function/internal_message.html?_=1666838096675&CODE_STATE=getMsg HTTP/1.1" 200 27
120.253.135.82 - - [27/Oct/2022:10:35:06 +0800] "GET /xingrg/kc/pszx/mdqp_order_list.html?state=10 HTTP/1.1" 200 10223
120.253.135.82 - - [27/Oct/2022:10:35:06 +0800] "GET /xingrg/dwr/interface/AjaxReportQueryService.js HTTP/1.1" 200 13203
120.253.135.82 - - [27/Oct/2022:10:35:06 +0800] "GET /xingrg/dwr/interface/AjaxQqpsService.js HTTP/1.1" 200 16326
120.253.135.82 - - [27/Oct/2022:10:35:06 +0800] "GET /xingrg/dwr/engine.js HTTP/1.1" 200 43631
180.169.147.146 - - [27/Oct/2022:10:35:08 +0800] "GET /xingrg/kc/report/report_main.html HTTP/1.1" 200 7340
120.253.135.82 - - [27/Oct/2022:10:35:08 +0800] "GET /xingrg/kc/pszx/mdqp_order_list.html?state=10 HTTP/1.1" 200 10223
120.253.135.82 - - [27/Oct/2022:10:35:08 +0800] "GET /xingrg/dwr/interface/AjaxReportQueryService.js HTTP/1.1" 200 13203
120.253.135.82 - - [27/Oct/2022:10:35:08 +0800] "GET /xingrg/dwr/interface/AjaxQqpsService.js HTTP/1.1" 200 16326
120.253.135.82 - - [27/Oct/2022:10:35:08 +0800] "GET /xingrg/dwr/engine.js HTTP/1.1" 200 43631
180.169.147.146 - - [27/Oct/2022:10:35:09 +0800] "GET /xingrg/all/report/report_query.html?fileName=kc/buy/gys_amount_base.xml&rh=99999 HTTP/1.1" 200 51871
180.169.147.146 - - [27/Oct/2022:10:35:09 +0800] "GET /xingrg/dwr/interface/AjaxReportQueryService.js HTTP/1.1" 200 13203
180.169.147.146 - - [27/Oct/2022:10:35:09 +0800] "GET /xingrg/dwr/engine.js HTTP/1.1" 200 43631
180.169.147.146 - - [27/Oct/2022:10:35:09 +0800] "POST /xingrg/dwr/call/plaincall/AjaxReportQueryService.getFixDate.dwr HTTP/1.1" 200 111
180.169.147.146 - - [27/Oct/2022:10:35:09 +0800] "POST /xingrg/dwr/call/plaincall/AjaxReportQueryService.getInitString.dwr HTTP/1.1" 200 1083
180.169.147.146 - - [27/Oct/2022:10:35:09 +0800] "POST /xingrg/all/common/load_tree.html?tree=supplier_tree_json&manage=1 HTTP/1.1" 200 70729
180.169.147.146 - - [27/Oct/2022:10:35:10 +0800] "POST /xingrg/all/common/load_tree.html?tree=materiel_sort_tree_json HTTP/1.1" 200 9500
120.253.135.82 - - [27/Oct/2022:10:35:11 +0800] "GET /xingrg/kc/pszx/jzcl_cg.html HTTP/1.1" 200 10102
120.253.135.82 - - [27/Oct/2022:10:35:11 +0800] "GET /xingrg/javascript/step/step.css HTTP/1.1" 200 999
120.253.135.82 - - [27/Oct/2022:10:35:11 +0800] "GET /xingrg/css/table.css HTTP/1.1" 200 3684
120.253.135.82 - - [27/Oct/2022:10:35:11 +0800] "GET /xingrg/dwr/interface/AjaxReportQueryService.js HTTP/1.1" 200 13203
120.253.135.82 - - [27/Oct/2022:10:35:11 +0800] "GET /xingrg/dwr/engine.js HTTP/1.1" 200 43631
120.253.135.82 - - [27/Oct/2022:10:35:11 +0800] "GET /xingrg/javascript/jquery_easy_ui/themes/default/images/combo_arrow_dot.gif HTTP/1.1" 200 79
120.253.135.82 - - [27/Oct/2022:10:35:11 +0800] "GET /xingrg/javascript/jquery_easy_ui/themes/default/images/calendar_prevmonth.gif HTTP/1.1" 200 66
120.253.135.82 - - [27/Oct/2022:10:35:11 +0800] "GET /xingrg/javascript/jquery_easy_ui/themes/default/images/calendar_nextmonth.gif HTTP/1.1" 200 64
120.253.135.82 - - [27/Oct/2022:10:35:11 +0800] "GET /xingrg/javascript/jquery_easy_ui/themes/default/images/calendar_nextyear.gif HTTP/1.1" 200 75
120.253.135.82 - - [27/Oct/2022:10:35:11 +0800] "GET /xingrg/javascript/jquery_easy_ui/themes/default/images/calendar_prevyear.gif HTTP/1.1" 200 76
222.70.183.206 - - [27/Oct/2022:10:35:11 +0800] "GET /xingrg/all/function/internal_message.html?_=1666838101733&CODE_STATE=getMsg HTTP/1.1" 200 27
120.253.135.82 - - [27/Oct/2022:10:35:14 +0800] "GET /xingrg/kc/pszx/mdps_order_list.html?orderType=0 HTTP/1.1" 200 21016
120.253.135.82 - - [27/Oct/2022:10:35:14 +0800] "POST /xingrg/kc/pszx/mdps_list_operate.html HTTP/1.1" 200 5416
222.69.192.207 - - [27/Oct/2022:10:35:15 +0800] "GET /xingrg/all/function/internal_message.html?_=1666838109221&CODE_STATE=getMsg HTTP/1.1" 200 27
180.169.147.146 - - [27/Oct/2022:10:35:18 +0800] "POST /xingrg/dwr/call/plaincall/AjaxReportQueryService.refreshCache.dwr HTTP/1.1" 200 78
180.169.147.146 - - [27/Oct/2022:10:35:20 +0800] "POST /xingrg/all/report/load_report_page.html HTTP/1.1" 200 18311
180.169.147.146 - - [27/Oct/2022:10:35:21 +0800] "GET /xingrg/servlets/image?cache=0.19405614888479683&image=px HTTP/1.1" 200 807
116.237.72.181 - - [27/Oct/2022:10:35:23 +0800] "GET /xingrg/all/function/internal_message.html?_=1666838115750&CODE_STATE=getMsg HTTP/1.1" 200 27
114.88.159.190 - - [27/Oct/2022:10:35:29 +0800] "GET /xingrg/check_reg.html?_=1666837744095 HTTP/1.1" 200 22
116.230.105.139 - - [27/Oct/2022:10:35:30 +0800] "GET /xingrg/all/function/internal_message.html?_=1666838085835&CODE_STATE=getMsg HTTP/1.1" 200 27
116.230.105.139 - - [27/Oct/2022:10:35:32 +0800] "GET /xingrg/check_reg.html?_=1666838087426 HTTP/1.1" 200 22
221.239.141.151 - - [27/Oct/2022:10:35:32 +0800] "GET /xingrg/all/function/internal_message.html?_=1666838124118&CODE_STATE=getMsg HTTP/1.1" 200 27
116.238.139.35 - - [27/Oct/2022:10:35:43 +0800] "GET /xingrg/all/function/internal_message.html?_=1666838070221&CODE_STATE=getMsg HTTP/1.1" 200 27
114.88.159.190 - - [27/Oct/2022:10:35:45 +0800] "GET /xingrg/kc/print/load_config.html?kc_code=cgsh HTTP/1.1" 200 1943
114.88.159.190 - - [27/Oct/2022:10:35:45 +0800] "GET /xingrg/kc/print/load_data.html?order_code=212022102708191&kc_code=cgsh&condition= HTTP/1.1" 200 2363
120.253.135.82 - - [27/Oct/2022:10:35:46 +0800] "GET /xingrg/check_reg.html?_=1666837934336 HTTP/1.1" 200 22
120.253.135.82 - - [27/Oct/2022:10:35:46 +0800] "GET /xingrg/all/function/internal_message.html?_=1666837935144&CODE_STATE=getMsg HTTP/1.1" 200 27
114.88.159.190 - - [27/Oct/2022:10:35:51 +0800] "GET /xingrg/kc/buy/cgsh_order_add.html HTTP/1.1" 200 69103
222.70.183.206 - - [27/Oct/2022:10:35:51 +0800] "GET /xingrg/kc/base/wldb_order_add.html HTTP/1.1" 200 30365
114.88.159.190 - - [27/Oct/2022:10:35:51 +0800] "GET /xingrg/javascript/easyui/themes/default/validatebox.css HTTP/1.1" 404 1104
114.88.159.190 - - [27/Oct/2022:10:35:51 +0800] "POST /xingrg/kc/buy/cgsh_order_operate.html HTTP/1.1" 200 8245
222.70.183.206 - - [27/Oct/2022:10:35:51 +0800] "POST /xingrg/kc/base/wldb_order_operate.html HTTP/1.1" 200 6806
222.70.183.206 - - [27/Oct/2022:10:35:51 +0800] "GET /xingrg/javascript/easyui/themes/default/validatebox.css HTTP/1.1" 404 1104
180.169.147.146 - - [27/Oct/2022:10:35:56 +0800] "GET /xingrg/check_reg.html?_=1666838147058 HTTP/1.1" 200 22
180.169.147.146 - - [27/Oct/2022:10:35:56 +0800] "GET /xingrg/all/function/internal_message.html?_=1666838147059&CODE_STATE=getMsg HTTP/1.1" 200 27
222.69.130.135 - - [27/Oct/2022:10:35:57 +0800] "GET /xingrg/all/function/internal_message.html?_=1666838147788&CODE_STATE=getMsg HTTP/1.1" 200 27
116.238.139.35 - - [27/Oct/2022:10:35:58 +0800] "GET /xingrg/all/function/internal_message.html?_=1666838150239&CODE_STATE=getMsg HTTP/1.1" 200 27
116.230.114.213 - - [27/Oct/2022:10:35:59 +0800] "GET /xingrg/all/function/internal_message.html?_=1666838169319&CODE_STATE=getMsg HTTP/1.1" 200 27
58.40.7.146 - - [27/Oct/2022:10:36:00 +0800] "GET /xingrg/all/function/internal_message.html?_=1666838152022&CODE_STATE=getMsg HTTP/1.1" 200 27
120.253.135.82 - - [27/Oct/2022:10:36:01 +0800] "GET /xingrg/check_reg.html?_=1666838254632 HTTP/1.1" 200 22
120.253.135.82 - - [27/Oct/2022:10:36:02 +0800] "GET /xingrg/all/function/internal_message.html?_=1666838256169&CODE_STATE=getMsg HTTP/1.1" 200 27
101.85.95.132 - - [27/Oct/2022:10:36:06 +0800] "GET /xingrg/all/function/internal_message.html?_=1666838156673&CODE_STATE=getMsg HTTP/1.1" 200 27
114.88.159.190 - - [27/Oct/2022:10:36:06 +0800] "GET /xingrg/kc/buy/cgsh_order_operate.html?command=get_materiel&rest_code=00141&code=00101006129&supplier_code=00100012&order_time=2022-10-27 HTTP/1.1" 200 452
222.70.183.206 - - [27/Oct/2022:10:36:10 +0800] "GET /xingrg/kc/base/wldb_order_operate.html?command=get_materiel&rest_code=00111&base_code=0010283&code=00101030035 HTTP/1.1" 200 434
222.70.183.206 - - [27/Oct/2022:10:36:11 +0800] "GET /xingrg/all/function/internal_message.html?_=1666838161738&CODE_STATE=getMsg HTTP/1.1" 200 27
222.69.192.207 - - [27/Oct/2022:10:36:15 +0800] "GET /xingrg/all/function/internal_message.html?_=1666838169190&CODE_STATE=getMsg HTTP/1.1" 200 27
114.88.159.190 - - [27/Oct/2022:10:36:16 +0800] "GET /xingrg/kc/buy/cgsh_order_operate.html?command=get_materiel&rest_code=00141&code=00101006006&supplier_code=00100012&order_time=2022-10-27 HTTP/1.1" 200 409
222.70.183.206 - - [27/Oct/2022:10:36:20 +0800] "GET /xingrg/kc/base/wldb_order_operate.html?command=get_materiel&rest_code=00111&base_code=0010283&code=00101030030 HTTP/1.1" 200 437
116.237.72.181 - - [27/Oct/2022:10:36:23 +0800] "GET /xingrg/check_reg.html?_=1666838175752 HTTP/1.1" 200 22
116.237.72.181 - - [27/Oct/2022:10:36:23 +0800] "GET /xingrg/all/function/internal_message.html?_=1666838175754&CODE_STATE=getMsg HTTP/1.1" 200 27
114.88.159.190 - - [27/Oct/2022:10:36:25 +0800] "GET /xingrg/kc/buy/cgsh_order_operate.html?command=get_materiel&rest_code=00141&code=00101006177&supplier_code=00100012&order_time=2022-10-27 HTTP/1.1" 200 409
222.70.183.206 - - [27/Oct/2022:10:36:26 +0800] "POST /xingrg/kc/base/wldb_order_operate.html HTTP/1.1" 200 37
222.70.183.206 - - [27/Oct/2022:10:36:27 +0800] "POST /xingrg/kc/base/wldb_order_operate.html HTTP/1.1" 200 2659
116.230.105.139 - - [27/Oct/2022:10:36:30 +0800] "GET /xingrg/all/function/internal_message.html?_=1666838145831&CODE_STATE=getMsg HTTP/1.1" 200 27
222.70.183.206 - - [27/Oct/2022:10:36:30 +0800] "GET /xingrg/kc/base/wldb_order_info.html?code=422022102701955 HTTP/1.1" 200 30379
222.70.183.206 - - [27/Oct/2022:10:36:31 +0800] "GET /xingrg/javascript/easyui/themes/default/validatebox.css HTTP/1.1" 404 1104
222.70.183.206 - - [27/Oct/2022:10:36:31 +0800] "POST /xingrg/kc/base/wldb_order_operate.html HTTP/1.1" 200 2659
221.239.141.151 - - [27/Oct/2022:10:36:32 +0800] "GET /xingrg/all/function/internal_message.html?_=1666838184113&CODE_STATE=getMsg HTTP/1.1" 200 27
222.70.183.206 - - [27/Oct/2022:10:36:32 +0800] "GET /xingrg/kc/print/load_data.html?order_code=422022102701955&kc_code=wldb&condition= HTTP/1.1" 200 662
221.239.141.151 - - [27/Oct/2022:10:36:33 +0800] "GET /xingrg/check_reg.html?_=1666838185107 HTTP/1.1" 200 22
116.238.139.35 - - [27/Oct/2022:10:36:43 +0800] "GET /xingrg/all/function/internal_message.html?_=1666838130235&CODE_STATE=getMsg HTTP/1.1" 200 27
114.88.159.190 - - [27/Oct/2022:10:36:46 +0800] "POST /xingrg/kc/buy/cgsh_order_operate.html HTTP/1.1" 200 37
120.253.135.82 - - [27/Oct/2022:10:36:46 +0800] "GET /xingrg/all/function/internal_message.html?_=1666837995157&CODE_STATE=getMsg HTTP/1.1" 200 27
114.88.159.190 - - [27/Oct/2022:10:36:50 +0800] "POST /xingrg/kc/buy/cgsh_order_operate.html HTTP/1.1" 200 12
222.70.183.206 - - [27/Oct/2022:10:36:52 +0800] "GET /xingrg/kc/base/wldb_order_operate.html?command=get_materiel&rest_code=00111&base_code=0010283&code=00101018012 HTTP/1.1" 200 462
114.88.159.190 - - [27/Oct/2022:10:36:52 +0800] "GET /xingrg/kc/buy/cgsh_order_info.html?code=212022102708192 HTTP/1.1" 200 64006
114.88.159.190 - - [27/Oct/2022:10:36:52 +0800] "GET /xingrg/javascript/easyui/themes/default/validatebox.css HTTP/1.1" 404 1104
114.88.159.190 - - [27/Oct/2022:10:36:53 +0800] "POST /xingrg/kc/buy/cgsh_order_operate.html HTTP/1.1" 200 2416
116.237.72.181 - - [27/Oct/2022:10:36:53 +0800] "GET /xingrg/check_reg.html?_=1666838202834 HTTP/1.1" 200 22
114.88.159.190 - - [27/Oct/2022:10:36:56 +0800] "GET /xingrg/kc/print/load_data.html?order_code=212022102708192&kc_code=cgsh&condition= HTTP/1.1" 200 1514
180.169.147.146 - - [27/Oct/2022:10:36:56 +0800] "GET /xingrg/all/function/internal_message.html?_=1666838207046&CODE_STATE=getMsg HTTP/1.1" 200 27
222.69.130.135 - - [27/Oct/2022:10:36:57 +0800] "GET /xingrg/all/function/internal_message.html?_=1666838207775&CODE_STATE=getMsg HTTP/1.1" 200 27
116.238.139.35 - - [27/Oct/2022:10:36:58 +0800] "GET /xingrg/all/function/internal_message.html?_=1666838210241&CODE_STATE=getMsg HTTP/1.1" 200 27
116.230.105.139 - - [27/Oct/2022:10:36:59 +0800] "GET /favicon.ico HTTP/1.1" 404 -
116.230.114.213 - - [27/Oct/2022:10:36:59 +0800] "GET /xingrg/all/function/internal_message.html?_=1666838229389&CODE_STATE=getMsg HTTP/1.1" 200 27
58.40.7.146 - - [27/Oct/2022:10:37:00 +0800] "GET /xingrg/all/function/internal_message.html?_=1666838212024&CODE_STATE=getMsg HTTP/1.1" 200 27
114.88.159.190 - - [27/Oct/2022:10:37:01 +0800] "GET /xingrg/kc/buy/cgsh_order_add.html HTTP/1.1" 200 69103
114.88.159.190 - - [27/Oct/2022:10:37:01 +0800] "GET /xingrg/javascript/easyui/themes/default/validatebox.css HTTP/1.1" 404 1104
114.88.159.190 - - [27/Oct/2022:10:37:01 +0800] "POST /xingrg/kc/buy/cgsh_order_operate.html HTTP/1.1" 200 8245
120.253.135.82 - - [27/Oct/2022:10:37:02 +0800] "GET /xingrg/all/function/internal_message.html?_=1666838316182&CODE_STATE=getMsg HTTP/1.1" 200 27
101.85.95.132 - - [27/Oct/2022:10:37:06 +0800] "GET /xingrg/all/function/internal_message.html?_=1666838216684&CODE_STATE=getMsg HTTP/1.1" 200 27
116.237.72.181 - - [27/Oct/2022:10:37:07 +0800] "POST /xingrg/services/DataTransmitService HTTP/1.1" 200 524
222.70.183.206 - - [27/Oct/2022:10:37:11 +0800] "GET /xingrg/check_reg.html?_=1666838221733 HTTP/1.1" 200 22
222.70.183.206 - - [27/Oct/2022:10:37:11 +0800] "GET /xingrg/all/function/internal_message.html?_=1666838221735&CODE_STATE=getMsg HTTP/1.1" 200 27
222.69.192.207 - - [27/Oct/2022:10:37:15 +0800] "GET /xingrg/all/function/internal_message.html?_=1666838229190&CODE_STATE=getMsg HTTP/1.1" 200 27
222.69.192.207 - - [27/Oct/2022:10:37:15 +0800] "GET /xingrg/check_reg.html?_=1666838229238 HTTP/1.1" 200 22
114.88.159.190 - - [27/Oct/2022:10:37:17 +0800] "GET /xingrg/kc/buy/cgsh_order_operate.html?command=get_materiel&rest_code=00141&code=00101001075&supplier_code=00100040&order_time=2022-10-27 HTTP/1.1" 200 409
116.237.72.181 - - [27/Oct/2022:10:37:23 +0800] "GET /xingrg/all/function/internal_message.html?_=1666838235740&CODE_STATE=getMsg HTTP/1.1" 200 27
222.70.183.206 - - [27/Oct/2022:10:37:25 +0800] "GET /xingrg/kc/base/wldb_order_operate.html?command=get_materiel&rest_code=00111&base_code=0010283&code=00101018006 HTTP/1.1" 200 442
116.230.105.139 - - [27/Oct/2022:10:37:30 +0800] "GET /xingrg/all/function/internal_message.html?_=1666838205821&CODE_STATE=getMsg HTTP/1.1" 200 27
222.70.183.206 - - [27/Oct/2022:10:37:31 +0800] "GET /xingrg/kc/base/wldb_order_operate.html?command=get_materiel&rest_code=00111&base_code=0010283&code=00101019158 HTTP/1.1" 200 454
221.239.141.151 - - [27/Oct/2022:10:37:32 +0800] "GET /xingrg/all/function/internal_message.html?_=1666838244094&CODE_STATE=getMsg HTTP/1.1" 200 27
114.88.159.190 - - [27/Oct/2022:10:37:33 +0800] "GET /xingrg/kc/buy/cgsh_order_operate.html?command=get_materiel&rest_code=00141&code=00101005037&supplier_code=00100040&order_time=2022-10-27 HTTP/1.1" 200 409
116.238.139.35 - - [27/Oct/2022:10:37:40 +0800] "GET /xingrg/check_reg.html?_=1666838187735 HTTP/1.1" 200 22
116.238.139.35 - - [27/Oct/2022:10:37:43 +0800] "GET /xingrg/all/function/internal_message.html?_=1666838190249&CODE_STATE=getMsg HTTP/1.1" 200 27
114.88.159.190 - - [27/Oct/2022:10:37:44 +0800] "GET /xingrg/kc/buy/cgsh_order_operate.html?command=get_materiel&rest_code=00141&code=00101001010&supplier_code=00100040&order_time=2022-10-27 HTTP/1.1" 200 409
120.253.135.82 - - [27/Oct/2022:10:37:46 +0800] "GET /xingrg/all/function/internal_message.html?_=1666838055171&CODE_STATE=getMsg HTTP/1.1" 200 27
180.169.147.146 - - [27/Oct/2022:10:37:56 +0800] "GET /xingrg/all/function/internal_message.html?_=1666838267051&CODE_STATE=getMsg HTTP/1.1" 200 27
222.69.130.135 - - [27/Oct/2022:10:37:57 +0800] "GET /xingrg/all/function/internal_message.html?_=1666838267763&CODE_STATE=getMsg HTTP/1.1" 200 27
222.69.130.135 - - [27/Oct/2022:10:37:58 +0800] "GET /xingrg/check_reg.html?_=1666838268128 HTTP/1.1" 200 22
114.88.159.190 - - [27/Oct/2022:10:37:58 +0800] "POST /xingrg/kc/buy/cgsh_order_operate.html HTTP/1.1" 200 37
116.238.139.35 - - [27/Oct/2022:10:37:58 +0800] "GET /xingrg/check_reg.html?_=1666838270227 HTTP/1.1" 200 22
116.238.139.35 - - [27/Oct/2022:10:37:58 +0800] "GET /xingrg/all/function/internal_message.html?_=1666838270231&CODE_STATE=getMsg HTTP/1.1" 200 27
116.230.114.213 - - [27/Oct/2022:10:37:59 +0800] "GET /xingrg/all/function/internal_message.html?_=1666838289393&CODE_STATE=getMsg HTTP/1.1" 200 27
58.40.7.146 - - [27/Oct/2022:10:38:00 +0800] "GET /xingrg/all/function/internal_message.html?_=1666838272026&CODE_STATE=getMsg HTTP/1.1" 200 27
114.88.159.190 - - [27/Oct/2022:10:38:01 +0800] "POST /xingrg/kc/buy/cgsh_order_operate.html HTTP/1.1" 200 12
120.253.135.82 - - [27/Oct/2022:10:38:02 +0800] "GET /xingrg/all/function/internal_message.html?_=1666838376195&CODE_STATE=getMsg HTTP/1.1" 200 27
114.88.159.190 - - [27/Oct/2022:10:38:03 +0800] "GET /xingrg/kc/buy/cgsh_order_info.html?code=212022102708193 HTTP/1.1" 200 64006
114.88.159.190 - - [27/Oct/2022:10:38:03 +0800] "GET /xingrg/javascript/easyui/themes/default/validatebox.css HTTP/1.1" 404 1104
114.88.159.190 - - [27/Oct/2022:10:38:04 +0800] "POST /xingrg/kc/buy/cgsh_order_operate.html HTTP/1.1" 200 1780
101.85.95.132 - - [27/Oct/2022:10:38:06 +0800] "GET /xingrg/all/function/internal_message.html?_=1666838276682&CODE_STATE=getMsg HTTP/1.1" 200 27
222.70.183.206 - - [27/Oct/2022:10:38:11 +0800] "GET /xingrg/all/function/internal_message.html?_=1666838281733&CODE_STATE=getMsg HTTP/1.1" 200 27
222.69.192.207 - - [27/Oct/2022:10:38:15 +0800] "GET /xingrg/all/function/internal_message.html?_=1666838289191&CODE_STATE=getMsg HTTP/1.1" 200 27
116.237.72.181 - - [27/Oct/2022:10:38:23 +0800] "GET /xingrg/all/function/internal_message.html?_=1666838295740&CODE_STATE=getMsg HTTP/1.1" 200 27
116.230.105.139 - - [27/Oct/2022:10:38:30 +0800] "GET /xingrg/all/function/internal_message.html?_=1666838265795&CODE_STATE=getMsg HTTP/1.1" 200 27
221.239.141.151 - - [27/Oct/2022:10:38:32 +0800] "GET /xingrg/all/function/internal_message.html?_=1666838304085&CODE_STATE=getMsg HTTP/1.1" 200 27
114.88.159.190 - - [27/Oct/2022:10:38:40 +0800] "GET /xingrg/kc/print/load_data.html?order_code=212022102708193&kc_code=cgsh&condition= HTTP/1.1" 200 1227
116.238.139.35 - - [27/Oct/2022:10:38:43 +0800] "GET /xingrg/all/function/internal_message.html?_=1666838250263&CODE_STATE=getMsg HTTP/1.1" 200 27
180.169.147.146 - - [27/Oct/2022:10:38:46 +0800] "POST /xingrg/kc/buy/cgsh_list_operate.html HTTP/1.1" 200 2311
120.253.135.82 - - [27/Oct/2022:10:38:47 +0800] "GET /xingrg/all/function/internal_message.html?_=1666838115290&CODE_STATE=getMsg HTTP/1.1" 200 27
114.88.159.190 - - [27/Oct/2022:10:38:48 +0800] "GET /xingrg/kc/buy/cgsh_order_add.html HTTP/1.1" 200 69103
114.88.159.190 - - [27/Oct/2022:10:38:48 +0800] "GET /xingrg/javascript/easyui/themes/default/validatebox.css HTTP/1.1" 404 1104
114.88.159.190 - - [27/Oct/2022:10:38:48 +0800] "POST /xingrg/kc/buy/cgsh_order_operate.html HTTP/1.1" 200 8245
222.70.183.206 - - [27/Oct/2022:10:38:51 +0800] "GET /xingrg/kc/base/wldb_order_add.html HTTP/1.1" 200 30365
222.70.183.206 - - [27/Oct/2022:10:38:52 +0800] "GET /xingrg/javascript/easyui/themes/default/validatebox.css HTTP/1.1" 404 1104
222.70.183.206 - - [27/Oct/2022:10:38:52 +0800] "POST /xingrg/kc/base/wldb_order_operate.html HTTP/1.1" 200 6806
180.169.147.146 - - [27/Oct/2022:10:38:56 +0800] "GET /xingrg/all/function/internal_message.html?_=1666838327051&CODE_STATE=getMsg HTTP/1.1" 200 27
114.88.159.190 - - [27/Oct/2022:10:38:57 +0800] "GET /xingrg/kc/buy/cgsh_order_operate.html?command=get_materiel&rest_code=00141&code=00101007077&supplier_code=00100004&order_time=2022-10-27 HTTP/1.1" 200 415
222.69.130.135 - - [27/Oct/2022:10:38:57 +0800] "GET /xingrg/all/function/internal_message.html?_=1666838327737&CODE_STATE=getMsg HTTP/1.1" 200 27
116.238.139.35 - - [27/Oct/2022:10:38:58 +0800] "GET /xingrg/all/function/internal_message.html?_=1666838330232&CODE_STATE=getMsg HTTP/1.1" 200 27
116.230.114.213 - - [27/Oct/2022:10:38:59 +0800] "GET /xingrg/all/function/internal_message.html?_=1666838349464&CODE_STATE=getMsg HTTP/1.1" 200 27
58.40.7.146 - - [27/Oct/2022:10:39:00 +0800] "GET /xingrg/all/function/internal_message.html?_=1666838332027&CODE_STATE=getMsg HTTP/1.1" 200 27
120.253.135.82 - - [27/Oct/2022:10:39:02 +0800] "GET /xingrg/all/function/internal_message.html?_=1666838436220&CODE_STATE=getMsg HTTP/1.1" 200 27
222.70.183.206 - - [27/Oct/2022:10:39:04 +0800] "GET /xingrg/kc/base/wldb_order_operate.html?command=get_materiel&rest_code=00111&base_code=0010283&code=00101019527 HTTP/1.1" 200 474
114.88.159.190 - - [27/Oct/2022:10:39:05 +0800] "GET /xingrg/kc/buy/cgsh_order_operate.html?command=get_materiel&rest_code=00141&code=00101007085&supplier_code=00100004&order_time=2022-10-27 HTTP/1.1" 200 413
101.85.95.132 - - [27/Oct/2022:10:39:06 +0800] "GET /xingrg/check_reg.html?_=1666838336683 HTTP/1.1" 200 22
101.85.95.132 - - [27/Oct/2022:10:39:06 +0800] "GET /xingrg/all/function/internal_message.html?_=1666838336686&CODE_STATE=getMsg HTTP/1.1" 200 27
222.70.183.206 - - [27/Oct/2022:10:39:11 +0800] "GET /xingrg/kc/base/wldb_order_operate.html?command=get_materiel&rest_code=00111&base_code=0010283&code=00101019133 HTTP/1.1" 200 480
222.70.183.206 - - [27/Oct/2022:10:39:11 +0800] "GET /xingrg/all/function/internal_message.html?_=1666838341744&CODE_STATE=getMsg HTTP/1.1" 200 27
114.88.159.190 - - [27/Oct/2022:10:39:14 +0800] "POST /xingrg/kc/buy/cgsh_order_operate.html HTTP/1.1" 200 37
222.69.192.207 - - [27/Oct/2022:10:39:15 +0800] "GET /xingrg/all/function/internal_message.html?_=1666838349191&CODE_STATE=getMsg HTTP/1.1" 200 27
222.70.183.206 - - [27/Oct/2022:10:39:17 +0800] "GET /xingrg/kc/base/wldb_order_operate.html?command=get_materiel&rest_code=00111&base_code=0010283&code=00101019315 HTTP/1.1" 200 474
114.88.159.190 - - [27/Oct/2022:10:39:19 +0800] "POST /xingrg/kc/buy/cgsh_order_operate.html HTTP/1.1" 200 12
222.70.183.206 - - [27/Oct/2022:10:39:23 +0800] "POST /xingrg/kc/base/wldb_order_operate.html HTTP/1.1" 200 37
120.253.135.82 - - [27/Oct/2022:10:39:23 +0800] "GET /xingrg/kc/pszx/mdqp_order_list.html?state=10 HTTP/1.1" 200 10223
120.253.135.82 - - [27/Oct/2022:10:39:23 +0800] "GET /xingrg/dwr/interface/AjaxReportQueryService.js HTTP/1.1" 200 13203
120.253.135.82 - - [27/Oct/2022:10:39:23 +0800] "GET /xingrg/dwr/interface/AjaxQqpsService.js HTTP/1.1" 200 16326
120.253.135.82 - - [27/Oct/2022:10:39:23 +0800] "GET /xingrg/dwr/engine.js HTTP/1.1" 200 43631
222.70.183.206 - - [27/Oct/2022:10:39:23 +0800] "POST /xingrg/kc/base/wldb_order_operate.html HTTP/1.1" 200 3233
116.237.72.181 - - [27/Oct/2022:10:39:23 +0800] "GET /xingrg/all/function/internal_message.html?_=1666838355744&CODE_STATE=getMsg HTTP/1.1" 200 27
222.70.183.206 - - [27/Oct/2022:10:39:25 +0800] "GET /xingrg/kc/base/wldb_order_info.html?code=422022102701956 HTTP/1.1" 200 30379
222.70.183.206 - - [27/Oct/2022:10:39:25 +0800] "GET /xingrg/javascript/easyui/themes/default/validatebox.css HTTP/1.1" 404 1104
222.70.183.206 - - [27/Oct/2022:10:39:26 +0800] "POST /xingrg/kc/base/wldb_order_operate.html HTTP/1.1" 200 3233
222.70.183.206 - - [27/Oct/2022:10:39:28 +0800] "GET /xingrg/kc/base/wldb_order_add.html HTTP/1.1" 200 30365
222.70.183.206 - - [27/Oct/2022:10:39:28 +0800] "POST /xingrg/kc/base/wldb_order_operate.html HTTP/1.1" 200 6806
222.70.183.206 - - [27/Oct/2022:10:39:28 +0800] "GET /xingrg/javascript/easyui/themes/default/validatebox.css HTTP/1.1" 404 1104
116.230.105.139 - - [27/Oct/2022:10:39:30 +0800] "GET /xingrg/all/function/internal_message.html?_=1666838325779&CODE_STATE=getMsg HTTP/1.1" 200 27
221.239.141.151 - - [27/Oct/2022:10:39:32 +0800] "GET /xingrg/all/function/internal_message.html?_=1666838364068&CODE_STATE=getMsg HTTP/1.1" 200 27
114.88.159.190 - - [27/Oct/2022:10:39:34 +0800] "GET /xingrg/kc/buy/cgsh_order_info.html?code=212022102708194 HTTP/1.1" 200 64006
114.88.159.190 - - [27/Oct/2022:10:39:34 +0800] "GET /xingrg/javascript/easyui/themes/default/validatebox.css HTTP/1.1" 404 1104
114.88.159.190 - - [27/Oct/2022:10:39:35 +0800] "POST /xingrg/kc/buy/cgsh_order_operate.html HTTP/1.1" 200 1202
114.88.159.190 - - [27/Oct/2022:10:39:36 +0800] "GET /xingrg/kc/print/load_data.html?order_code=212022102708194&kc_code=cgsh&condition= HTTP/1.1" 200 991
222.70.183.206 - - [27/Oct/2022:10:39:36 +0800] "GET /xingrg/kc/base/wldb_order_operate.html?command=get_materiel&rest_code=00111&base_code=0010306&code=00102002453 HTTP/1.1" 200 434
116.238.139.35 - - [27/Oct/2022:10:39:43 +0800] "GET /xingrg/all/function/internal_message.html?_=1666838310276&CODE_STATE=getMsg HTTP/1.1" 200 27
114.88.159.190 - - [27/Oct/2022:10:39:43 +0800] "GET /xingrg/kc/buy/cgsh_order_add.html HTTP/1.1" 200 69103
114.88.159.190 - - [27/Oct/2022:10:39:43 +0800] "GET /xingrg/javascript/easyui/themes/default/validatebox.css HTTP/1.1" 404 1104
114.88.159.190 - - [27/Oct/2022:10:39:43 +0800] "POST /xingrg/kc/buy/cgsh_order_operate.html HTTP/1.1" 200 8245
222.70.183.206 - - [27/Oct/2022:10:39:44 +0800] "GET /xingrg/kc/base/wldb_order_operate.html?command=get_materiel&rest_code=00111&base_code=0010306&code=00102002586 HTTP/1.1" 200 438
116.238.139.35 - - [27/Oct/2022:10:39:45 +0800] "POST /xingrg/all/user/operate.html HTTP/1.1" 200 36
116.238.139.35 - - [27/Oct/2022:10:39:45 +0800] "GET /xingrg/javascript/jquery_easy_ui/themes/default/easyui.css HTTP/1.1" 304 -
116.238.139.35 - - [27/Oct/2022:10:39:45 +0800] "GET /xingrg/index.html?sysBaseUrl=http%3A%2F%2F180.169.147.146%3A18081%2Fxingrg%2F&costTime=41×tamp=1666831736994 HTTP/1.1" 200 17179
116.238.139.35 - - [27/Oct/2022:10:39:45 +0800] "GET /xingrg/javascript/jquery_easy_ui/themes/icon.css HTTP/1.1" 304 -
116.238.139.35 - - [27/Oct/2022:10:39:45 +0800] "GET /xingrg/css/form.css HTTP/1.1" 304 -
116.238.139.35 - - [27/Oct/2022:10:39:45 +0800] "GET /xingrg/javascript/jquery-1.4.2.min.js HTTP/1.1" 304 -
116.238.139.35 - - [27/Oct/2022:10:39:45 +0800] "GET /xingrg/javascript/jquery_easy_ui/jquery.easyui.min.js HTTP/1.1" 304 -
116.238.139.35 - - [27/Oct/2022:10:39:45 +0800] "GET /xingrg/javascript/jquery_easy_ui/easyui-lang-zh_CN.js HTTP/1.1" 304 -
116.238.139.35 - - [27/Oct/2022:10:39:45 +0800] "GET /xingrg/javascript/jquery.form.js HTTP/1.1" 304 -
116.238.139.35 - - [27/Oct/2022:10:39:45 +0800] "GET /xingrg/javascript/jquery.utils.js HTTP/1.1" 304 -
116.238.139.35 - - [27/Oct/2022:10:39:45 +0800] "GET /xingrg/javascript/jquery.timers.js HTTP/1.1" 304 -
116.238.139.35 - - [27/Oct/2022:10:39:45 +0800] "GET /xingrg/images/blue/jxLogo.png HTTP/1.1" 304 -
116.238.139.35 - - [27/Oct/2022:10:39:45 +0800] "GET /xingrg/images/blue/navBackgound.jpg HTTP/1.1" 304 -
116.238.139.35 - - [27/Oct/2022:10:39:45 +0800] "GET /xingrg/javascript/jquery_easy_ui/themes/icons/settle_new.png HTTP/1.1" 304 -
116.238.139.35 - - [27/Oct/2022:10:39:45 +0800] "POST /xingrg/all/common/load_tree.html?tree=area_rest_tree_json&manage=1 HTTP/1.1" 200 476
116.238.139.35 - - [27/Oct/2022:10:39:45 +0800] "GET /xingrg/all/function/internal_message.html?_=1666838377808&CODE_STATE=count HTTP/1.1" 200 11
116.238.139.35 - - [27/Oct/2022:10:39:45 +0800] "GET /xingrg/images/blue/pingpu.png HTTP/1.1" 304 -
116.238.139.35 - - [27/Oct/2022:10:39:45 +0800] "GET /xingrg/check_reg.html?_=1666838377808 HTTP/1.1" 200 22
116.238.139.35 - - [27/Oct/2022:10:39:45 +0800] "GET /xingrg/javascript/jquery_easy_ui/themes/default/images/panel_tool_collapse.gif HTTP/1.1" 304 -
116.238.139.35 - - [27/Oct/2022:10:39:45 +0800] "GET /xingrg/javascript/jquery_easy_ui/themes/default/images/tabs_rightarrow.png HTTP/1.1" 304 -
116.238.139.35 - - [27/Oct/2022:10:39:45 +0800] "GET /xingrg/javascript/jquery_easy_ui/themes/default/images/tabs_leftarrow.png HTTP/1.1" 304 -
116.238.139.35 - - [27/Oct/2022:10:39:45 +0800] "POST /xingrg/load_menu.html HTTP/1.1" 200 5138
120.253.135.82 - - [27/Oct/2022:10:39:47 +0800] "GET /xingrg/all/function/internal_message.html?_=1666838175373&CODE_STATE=getMsg HTTP/1.1" 200 27
116.238.139.35 - - [27/Oct/2022:10:39:47 +0800] "GET /xingrg/kc/base/wldb_order_list.html HTTP/1.1" 200 19148
116.238.139.35 - - [27/Oct/2022:10:39:48 +0800] "POST /xingrg/kc/base/wldb_list_operate.html HTTP/1.1" 200 928
116.238.139.35 - - [27/Oct/2022:10:39:49 +0800] "GET /xingrg/kc/base/wldb_order_add.html HTTP/1.1" 200 30371
116.238.139.35 - - [27/Oct/2022:10:39:49 +0800] "POST /xingrg/kc/base/wldb_order_operate.html HTTP/1.1" 200 6806
116.238.139.35 - - [27/Oct/2022:10:39:49 +0800] "GET /xingrg/javascript/easyui/themes/default/validatebox.css HTTP/1.1" 404 1104
116.238.139.35 - - [27/Oct/2022:10:39:50 +0800] "GET /xingrg/javascript/auto/indicator.gif HTTP/1.1" 404 1066
114.88.159.190 - - [27/Oct/2022:10:39:53 +0800] "GET /xingrg/kc/buy/cgsh_order_operate.html?command=get_materiel&rest_code=00141&code=00101008112&supplier_code=00100007&order_time=2022-10-27 HTTP/1.1" 200 412
116.238.139.35 - - [27/Oct/2022:10:39:54 +0800] "GET /xingrg/kc/base/wldb_order_operate.html?command=get_materiel&rest_code=00150&base_code=0010445&code=00101013162 HTTP/1.1" 200 433
116.230.114.213 - - [27/Oct/2022:10:39:56 +0800] "GET /xingrg/check_reg.html?_=1666838405942 HTTP/1.1" 200 22
180.169.147.146 - - [27/Oct/2022:10:39:56 +0800] "GET /xingrg/all/function/internal_message.html?_=1666838387050&CODE_STATE=getMsg HTTP/1.1" 200 27
222.69.130.135 - - [27/Oct/2022:10:39:57 +0800] "GET /xingrg/all/function/internal_message.html?_=1666838387717&CODE_STATE=getMsg HTTP/1.1" 200 27
116.230.114.213 - - [27/Oct/2022:10:39:59 +0800] "GET /xingrg/all/function/internal_message.html?_=1666838409467&CODE_STATE=getMsg HTTP/1.1" 200 27
58.40.7.146 - - [27/Oct/2022:10:40:00 +0800] "GET /xingrg/check_reg.html?_=1666838392029 HTTP/1.1" 200 22
58.40.7.146 - - [27/Oct/2022:10:40:00 +0800] "GET /xingrg/all/function/internal_message.html?_=1666838392030&CODE_STATE=getMsg HTTP/1.1" 200 27
222.70.183.206 - - [27/Oct/2022:10:40:01 +0800] "GET /xingrg/kc/base/wldb_order_operate.html?command=get_materiel&rest_code=00111&base_code=0010306&code=00102002439 HTTP/1.1" 200 472
120.253.135.82 - - [27/Oct/2022:10:40:02 +0800] "GET /xingrg/all/function/internal_message.html?_=1666838496223&CODE_STATE=getMsg HTTP/1.1" 200 27
101.85.95.132 - - [27/Oct/2022:10:40:06 +0800] "GET /xingrg/all/function/internal_message.html?_=1666838396670&CODE_STATE=getMsg HTTP/1.1" 200 27
114.88.159.190 - - [27/Oct/2022:10:40:08 +0800] "GET /xingrg/kc/buy/cgsh_order_operate.html?command=get_materiel&rest_code=00141&code=00101008038&supplier_code=00100007&order_time=2022-10-27 HTTP/1.1" 200 413
222.70.183.206 - - [27/Oct/2022:10:40:10 +0800] "GET /xingrg/kc/base/wldb_order_operate.html?command=get_materiel&rest_code=00111&base_code=0010306&code=00102002547 HTTP/1.1" 200 450
222.70.183.206 - - [27/Oct/2022:10:40:11 +0800] "GET /xingrg/all/function/internal_message.html?_=1666838401733&CODE_STATE=getMsg HTTP/1.1" 200 27
120.253.135.82 - - [27/Oct/2022:10:40:12 +0800] "GET /xingrg/kc/pszx/mdqp_order_list.html?state=10 HTTP/1.1" 200 10223
120.253.135.82 - - [27/Oct/2022:10:40:12 +0800] "GET /xingrg/dwr/interface/AjaxQqpsService.js HTTP/1.1" 200 16326
120.253.135.82 - - [27/Oct/2022:10:40:12 +0800] "GET /xingrg/dwr/interface/AjaxReportQueryService.js HTTP/1.1" 200 13203
120.253.135.82 - - [27/Oct/2022:10:40:12 +0800] "GET /xingrg/dwr/engine.js HTTP/1.1" 200 43631
222.69.192.207 - - [27/Oct/2022:10:40:15 +0800] "GET /xingrg/all/function/internal_message.html?_=1666838409193&CODE_STATE=getMsg HTTP/1.1" 200 27
222.70.183.206 - - [27/Oct/2022:10:40:18 +0800] "GET /xingrg/kc/base/wldb_order_operate.html?command=get_materiel&rest_code=00111&base_code=0010306&code=00102002022 HTTP/1.1" 200 473
120.253.135.82 - - [27/Oct/2022:10:40:19 +0800] "GET /xingrg/kc/pszx/mdqp_order_list.html?state=10 HTTP/1.1" 200 10223
120.253.135.82 - - [27/Oct/2022:10:40:19 +0800] "GET /xingrg/dwr/interface/AjaxReportQueryService.js HTTP/1.1" 200 13203
120.253.135.82 - - [27/Oct/2022:10:40:19 +0800] "GET /xingrg/dwr/interface/AjaxQqpsService.js HTTP/1.1" 200 16326
120.253.135.82 - - [27/Oct/2022:10:40:19 +0800] "GET /xingrg/dwr/engine.js HTTP/1.1" 200 43631
114.88.159.190 - - [27/Oct/2022:10:40:22 +0800] "GET /xingrg/kc/buy/cgsh_order_operate.html?command=get_materiel&rest_code=00141&code=00101008190&supplier_code=00100007&order_time=2022-10-27 HTTP/1.1" 200 412
116.237.72.181 - - [27/Oct/2022:10:40:24 +0800] "GET /xingrg/all/function/internal_message.html?_=1666838415748&CODE_STATE=getMsg HTTP/1.1" 200 27
114.88.159.190 - - [27/Oct/2022:10:40:29 +0800] "GET /xingrg/check_reg.html?_=1666838044087 HTTP/1.1" 200 22
222.70.183.206 - - [27/Oct/2022:10:40:29 +0800] "GET /xingrg/kc/base/wldb_order_operate.html?command=get_materiel&rest_code=00111&base_code=0010306&code=00102002204 HTTP/1.1" 200 448
116.230.105.139 - - [27/Oct/2022:10:40:30 +0800] "GET /xingrg/all/function/internal_message.html?_=1666838385761&CODE_STATE=getMsg HTTP/1.1" 200 27
221.239.141.151 - - [27/Oct/2022:10:40:32 +0800] "GET /xingrg/all/function/internal_message.html?_=1666838424065&CODE_STATE=getMsg HTTP/1.1" 200 27
116.230.105.139 - - [27/Oct/2022:10:40:32 +0800] "GET /xingrg/check_reg.html?_=1666838387428 HTTP/1.1" 200 22
222.70.183.206 - - [27/Oct/2022:10:40:36 +0800] "GET /xingrg/kc/base/wldb_order_operate.html?command=get_materiel&rest_code=00111&base_code=0010306&code=00102002610 HTTP/1.1" 200 443
114.88.159.190 - - [27/Oct/2022:10:40:36 +0800] "GET /xingrg/kc/buy/cgsh_order_operate.html?command=get_materiel&rest_code=00141&code=00101008355&supplier_code=00100007&order_time=2022-10-27 HTTP/1.1" 200 408
120.253.135.82 - - [27/Oct/2022:10:40:41 +0800] "GET /xingrg/kc/pszx/mdqp_order_list.html?state=10 HTTP/1.1" 200 10223
120.253.135.82 - - [27/Oct/2022:10:40:41 +0800] "GET /xingrg/dwr/interface/AjaxReportQueryService.js HTTP/1.1" 200 13203
120.253.135.82 - - [27/Oct/2022:10:40:41 +0800] "GET /xingrg/dwr/interface/AjaxQqpsService.js HTTP/1.1" 200 16326
120.253.135.82 - - [27/Oct/2022:10:40:41 +0800] "GET /xingrg/dwr/engine.js HTTP/1.1" 200 43631
116.238.139.35 - - [27/Oct/2022:10:40:43 +0800] "GET /xingrg/all/function/internal_message.html?_=1666838370316&CODE_STATE=getMsg HTTP/1.1" 200 27
114.88.159.190 - - [27/Oct/2022:10:40:44 +0800] "GET /xingrg/kc/buy/cgsh_order_operate.html?command=get_materiel&rest_code=00141&code=00101008264&supplier_code=00100007&order_time=2022-10-27 HTTP/1.1" 200 412
116.238.139.35 - - [27/Oct/2022:10:40:45 +0800] "GET /xingrg/all/function/internal_message.html?_=1666838437813&CODE_STATE=getMsg HTTP/1.1" 200 27
120.253.135.82 - - [27/Oct/2022:10:40:46 +0800] "GET /xingrg/check_reg.html?_=1666838234342 HTTP/1.1" 200 22
120.253.135.82 - - [27/Oct/2022:10:40:47 +0800] "GET /xingrg/all/function/internal_message.html?_=1666838235383&CODE_STATE=getMsg HTTP/1.1" 200 27
114.88.159.190 - - [27/Oct/2022:10:40:51 +0800] "GET /xingrg/kc/buy/cgsh_order_operate.html?command=get_materiel&rest_code=00141&code=00101008137&supplier_code=00100007&order_time=2022-10-27 HTTP/1.1" 200 408
180.169.147.146 - - [27/Oct/2022:10:40:56 +0800] "GET /xingrg/all/function/internal_message.html?_=1666838447050&CODE_STATE=getMsg HTTP/1.1" 200 27
180.169.147.146 - - [27/Oct/2022:10:40:56 +0800] "GET /xingrg/check_reg.html?_=1666838447052 HTTP/1.1" 200 22
222.69.130.135 - - [27/Oct/2022:10:40:57 +0800] "GET /xingrg/all/function/internal_message.html?_=1666838447705&CODE_STATE=getMsg HTTP/1.1" 200 27
116.230.114.213 - - [27/Oct/2022:10:40:59 +0800] "GET /xingrg/all/function/internal_message.html?_=1666838469481&CODE_STATE=getMsg HTTP/1.1" 200 27
114.88.159.190 - - [27/Oct/2022:10:41:00 +0800] "GET /xingrg/kc/buy/cgsh_order_operate.html?command=get_materiel&rest_code=00141&code=00101008077&supplier_code=00100007&order_time=2022-10-27 HTTP/1.1" 200 416
58.40.7.146 - - [27/Oct/2022:10:41:00 +0800] "GET /xingrg/all/function/internal_message.html?_=1666838452032&CODE_STATE=getMsg HTTP/1.1" 200 27
120.253.135.82 - - [27/Oct/2022:10:41:01 +0800] "GET /xingrg/check_reg.html?_=1666838554651 HTTP/1.1" 200 22
222.70.183.206 - - [27/Oct/2022:10:41:01 +0800] "POST /xingrg/kc/base/wldb_order_operate.html HTTP/1.1" 200 37
222.70.183.206 - - [27/Oct/2022:10:41:02 +0800] "POST /xingrg/kc/base/wldb_order_operate.html HTTP/1.1" 200 4650
120.253.135.82 - - [27/Oct/2022:10:41:02 +0800] "GET /xingrg/all/function/internal_message.html?_=1666838556242&CODE_STATE=getMsg HTTP/1.1" 200 27
116.237.72.181 - - [27/Oct/2022:10:41:03 +0800] "GET /xingrg/kc/buy/cgsh_order_add.html HTTP/1.1" 200 69103
116.237.72.181 - - [27/Oct/2022:10:41:04 +0800] "GET /xingrg/javascript/easyui/themes/default/validatebox.css HTTP/1.1" 404 1104
116.237.72.181 - - [27/Oct/2022:10:41:04 +0800] "POST /xingrg/kc/buy/cgsh_order_operate.html HTTP/1.1" 200 8245
222.70.183.206 - - [27/Oct/2022:10:41:04 +0800] "GET /xingrg/kc/base/wldb_order_info.html?code=422022102701957 HTTP/1.1" 200 30382
222.70.183.206 - - [27/Oct/2022:10:41:04 +0800] "GET /xingrg/javascript/easyui/themes/default/validatebox.css HTTP/1.1" 404 1104
222.70.183.206 - - [27/Oct/2022:10:41:05 +0800] "POST /xingrg/kc/base/wldb_order_operate.html HTTP/1.1" 200 4650
116.237.72.181 - - [27/Oct/2022:10:41:05 +0800] "GET /xingrg/javascript/easyui/themes/default/tree.css HTTP/1.1" 404 1090
116.237.72.181 - - [27/Oct/2022:10:41:05 +0800] "POST /xingrg/all/common/load_tree.html?tree=supplier_tree_json&isDelete=1 HTTP/1.1" 200 69393
101.85.95.132 - - [27/Oct/2022:10:41:06 +0800] "GET /xingrg/all/function/internal_message.html?_=1666838456670&CODE_STATE=getMsg HTTP/1.1" 200 27
222.70.183.206 - - [27/Oct/2022:10:41:07 +0800] "GET /xingrg/kc/base/wldb_order_add.html HTTP/1.1" 200 30365
114.88.159.190 - - [27/Oct/2022:10:41:07 +0800] "GET /xingrg/kc/buy/cgsh_order_operate.html?command=get_materiel&rest_code=00141&code=00101008286&supplier_code=00100007&order_time=2022-10-27 HTTP/1.1" 200 408
222.70.183.206 - - [27/Oct/2022:10:41:07 +0800] "POST /xingrg/kc/base/wldb_order_operate.html HTTP/1.1" 200 6806
222.70.183.206 - - [27/Oct/2022:10:41:07 +0800] "GET /xingrg/javascript/easyui/themes/default/validatebox.css HTTP/1.1" 404 1104
222.70.183.206 - - [27/Oct/2022:10:41:11 +0800] "GET /xingrg/all/function/internal_message.html?_=1666838461737&CODE_STATE=getMsg HTTP/1.1" 200 27
114.88.159.190 - - [27/Oct/2022:10:41:14 +0800] "GET /xingrg/kc/buy/cgsh_order_operate.html?command=get_materiel&rest_code=00141&code=00101008131&supplier_code=00100007&order_time=2022-10-27 HTTP/1.1" 200 408
222.69.192.207 - - [27/Oct/2022:10:41:15 +0800] "GET /xingrg/all/function/internal_message.html?_=1666838469193&CODE_STATE=getMsg HTTP/1.1" 200 27
116.237.72.181 - - [27/Oct/2022:10:41:18 +0800] "GET /xingrg/kc/buy/cgsh_order_operate.html?command=get_materiel&rest_code=00106&code=00101016025&supplier_code=00100032&order_time=2022-10-27 HTTP/1.1" 200 408
222.70.183.206 - - [27/Oct/2022:10:41:19 +0800] "GET /xingrg/kc/base/wldb_order_operate.html?command=get_materiel&rest_code=00111&base_code=0010283&code=00101019222 HTTP/1.1" 200 453
114.88.159.190 - - [27/Oct/2022:10:41:21 +0800] "GET /xingrg/kc/buy/cgsh_order_operate.html?command=get_materiel&rest_code=00141&code=00101008005&supplier_code=00100007&order_time=2022-10-27 HTTP/1.1" 200 412
116.237.72.181 - - [27/Oct/2022:10:41:24 +0800] "GET /xingrg/all/function/internal_message.html?_=1666838475748&CODE_STATE=getMsg HTTP/1.1" 200 27
116.237.72.181 - - [27/Oct/2022:10:41:24 +0800] "GET /xingrg/check_reg.html?_=1666838475750 HTTP/1.1" 200 22
222.70.183.206 - - [27/Oct/2022:10:41:24 +0800] "GET /xingrg/kc/base/wldb_order_operate.html?command=get_materiel&rest_code=00111&base_code=0010283&code=00101019184 HTTP/1.1" 200 458
120.253.135.82 - - [27/Oct/2022:10:41:26 +0800] "GET /xingrg/kc/pszx/mdqp_order_list.html?state=10 HTTP/1.1" 200 10223
120.253.135.82 - - [27/Oct/2022:10:41:26 +0800] "GET /xingrg/dwr/interface/AjaxQqpsService.js HTTP/1.1" 200 16326
120.253.135.82 - - [27/Oct/2022:10:41:26 +0800] "GET /xingrg/dwr/interface/AjaxReportQueryService.js HTTP/1.1" 200 13203
120.253.135.82 - - [27/Oct/2022:10:41:26 +0800] "GET /xingrg/dwr/engine.js HTTP/1.1" 200 43631
114.88.159.190 - - [27/Oct/2022:10:41:28 +0800] "GET /xingrg/kc/buy/cgsh_order_operate.html?command=get_materiel&rest_code=00141&code=00101008353&supplier_code=00100007&order_time=2022-10-27 HTTP/1.1" 200 408
120.253.135.82 - - [27/Oct/2022:10:41:28 +0800] "GET /xingrg/kc/pszx/mdth_order_list.html HTTP/1.1" 200 18440
120.253.135.82 - - [27/Oct/2022:10:41:29 +0800] "POST /xingrg/kc/pszx/mdth_order_new_list.html HTTP/1.1" 200 4700
116.230.105.139 - - [27/Oct/2022:10:41:30 +0800] "GET /xingrg/all/function/internal_message.html?_=1666838445744&CODE_STATE=getMsg HTTP/1.1" 200 27
221.239.141.151 - - [27/Oct/2022:10:41:32 +0800] "GET /xingrg/all/function/internal_message.html?_=1666838484055&CODE_STATE=getMsg HTTP/1.1" 200 27
222.70.183.206 - - [27/Oct/2022:10:41:32 +0800] "GET /xingrg/kc/base/wldb_order_operate.html?command=get_materiel&rest_code=00111&base_code=0010283&code=00101019400 HTTP/1.1" 200 463
221.239.141.151 - - [27/Oct/2022:10:41:33 +0800] "GET /xingrg/check_reg.html?_=1666838485115 HTTP/1.1" 200 22
120.253.135.82 - - [27/Oct/2022:10:41:33 +0800] "GET /xingrg/kc/pszx/mdqp_order_list.html?state=10 HTTP/1.1" 200 10223
120.253.135.82 - - [27/Oct/2022:10:41:33 +0800] "GET /xingrg/dwr/interface/AjaxQqpsService.js HTTP/1.1" 200 16326
120.253.135.82 - - [27/Oct/2022:10:41:33 +0800] "GET /xingrg/dwr/interface/AjaxReportQueryService.js HTTP/1.1" 200 13203
120.253.135.82 - - [27/Oct/2022:10:41:33 +0800] "GET /xingrg/dwr/engine.js HTTP/1.1" 200 43631
114.88.159.190 - - [27/Oct/2022:10:41:35 +0800] "GET /xingrg/kc/buy/cgsh_order_operate.html?command=get_materiel&rest_code=00141&code=00101008213&supplier_code=00100007&order_time=2022-10-27 HTTP/1.1" 200 412
222.70.183.206 - - [27/Oct/2022:10:41:38 +0800] "GET /xingrg/kc/base/wldb_order_operate.html?command=get_materiel&rest_code=00111&base_code=0010283&code=00101019359 HTTP/1.1" 200 461
120.253.135.82 - - [27/Oct/2022:10:41:40 +0800] "GET /xingrg/kc/pszx/mdqp_order_list.html?state=10 HTTP/1.1" 200 10223
120.253.135.82 - - [27/Oct/2022:10:41:40 +0800] "GET /xingrg/dwr/interface/AjaxQqpsService.js HTTP/1.1" 200 16326
120.253.135.82 - - [27/Oct/2022:10:41:40 +0800] "GET /xingrg/dwr/interface/AjaxReportQueryService.js HTTP/1.1" 200 13203
120.253.135.82 - - [27/Oct/2022:10:41:40 +0800] "GET /xingrg/dwr/engine.js HTTP/1.1" 200 43631
