116.237.72.181 - - [27/Oct/2022:09:06:23 +0800] "GET /xingrg/check_reg.html?_=1666832779723 HTTP/1.1" 200 22
222.69.192.207 - - [27/Oct/2022:09:06:26 +0800] "GET /xingrg/kc/buy/cgsh_order_operate.html?command=get_materiel&rest_code=00105&code=00101008283&supplier_code=00100203&order_time=2022-10-27 HTTP/1.1" 200 408
222.69.192.207 - - [27/Oct/2022:09:06:31 +0800] "POST /xingrg/kc/buy/cgsh_order_operate.html HTTP/1.1" 200 2065
116.230.105.139 - - [27/Oct/2022:09:06:31 +0800] "GET /xingrg/all/function/internal_message.html?_=1666832747349&CODE_STATE=getMsg HTTP/1.1" 200 27
222.69.192.207 - - [27/Oct/2022:09:06:33 +0800] "POST /xingrg/kc/buy/cgsh_order_operate.html HTTP/1.1" 200 2065
116.238.139.35 - - [27/Oct/2022:09:06:36 +0800] "GET /xingrg/kc/buy/cgsh_order_operate.html?command=get_materiel&rest_code=00150&code=00101006168&supplier_code=00100096&order_time=2022-10-27 HTTP/1.1" 200 421
116.238.139.35 - - [27/Oct/2022:09:06:41 +0800] "GET /xingrg/all/function/internal_message.html?_=1666832728591&CODE_STATE=getMsg HTTP/1.1" 200 27
222.69.192.207 - - [27/Oct/2022:09:06:43 +0800] "GET /xingrg/kc/buy/cgsh_order_operate.html?command=get_materiel&rest_code=00105&code=00101008038&supplier_code=00100203&order_time=2022-10-27 HTTP/1.1" 200 413
120.253.135.82 - - [27/Oct/2022:09:06:45 +0800] "GET /xingrg/all/function/internal_message.html?_=1666832273518&CODE_STATE=getMsg HTTP/1.1" 302 -
222.69.192.207 - - [27/Oct/2022:09:06:51 +0800] "GET /xingrg/kc/buy/cgsh_order_operate.html?command=get_materiel&rest_code=00105&code=00101008199&supplier_code=00100203&order_time=2022-10-27 HTTP/1.1" 200 408
116.238.139.35 - - [27/Oct/2022:09:06:55 +0800] "GET /xingrg/kc/buy/cgsh_order_operate.html?command=get_materiel&rest_code=00150&code=00101006129&supplier_code=00100096&order_time=2022-10-27 HTTP/1.1" 200 452
116.230.114.213 - - [27/Oct/2022:09:06:57 +0800] "GET /xingrg/all/function/internal_message.html?_=1666832827051&CODE_STATE=getMsg HTTP/1.1" 200 27
222.69.192.207 - - [27/Oct/2022:09:06:59 +0800] "GET /xingrg/kc/buy/cgsh_order_operate.html?command=get_materiel&rest_code=00105&code=00101008224&supplier_code=00100203&order_time=2022-10-27 HTTP/1.1" 200 416
58.40.7.146 - - [27/Oct/2022:09:07:00 +0800] "GET /xingrg/all/function/internal_message.html?_=1666832811981&CODE_STATE=getMsg HTTP/1.1" 200 27
120.253.135.82 - - [27/Oct/2022:09:07:01 +0800] "GET /xingrg/all/function/internal_message.html?_=1666832914854&CODE_STATE=getMsg HTTP/1.1" 200 27
116.238.139.35 - - [27/Oct/2022:09:07:01 +0800] "GET /xingrg/all/function/internal_message.html?_=1666832813603&CODE_STATE=getMsg HTTP/1.1" 200 27
116.238.139.35 - - [27/Oct/2022:09:07:06 +0800] "GET /xingrg/kc/buy/cgsh_order_operate.html?command=get_materiel&rest_code=00150&code=00101006111&supplier_code=00100096&order_time=2022-10-27 HTTP/1.1" 200 409
120.253.135.82 - - [27/Oct/2022:09:07:12 +0800] "GET /xingrg/all/function/internal_message.html?_=1666832621859&CODE_STATE=getMsg HTTP/1.1" 200 27
222.69.192.207 - - [27/Oct/2022:09:07:15 +0800] "GET /xingrg/all/function/internal_message.html?_=1666832829220&CODE_STATE=getMsg HTTP/1.1" 200 27
222.69.192.207 - - [27/Oct/2022:09:07:15 +0800] "GET /xingrg/check_reg.html?_=1666832829221 HTTP/1.1" 200 22
116.238.139.35 - - [27/Oct/2022:09:07:20 +0800] "GET /xingrg/kc/buy/cgsh_order_operate.html?command=get_materiel&rest_code=00150&code=00101007077&supplier_code=00100096&order_time=2022-10-27 HTTP/1.1" 200 415
116.237.72.181 - - [27/Oct/2022:09:07:23 +0800] "GET /xingrg/all/function/internal_message.html?_=1666832839723&CODE_STATE=getMsg HTTP/1.1" 200 27
222.69.192.207 - - [27/Oct/2022:09:07:29 +0800] "GET /xingrg/kc/buy/cgsh_order_operate.html?command=get_materiel&rest_code=00105&code=00101008118&supplier_code=00100203&order_time=2022-10-27 HTTP/1.1" 200 418
116.230.105.139 - - [27/Oct/2022:09:07:31 +0800] "GET /xingrg/all/function/internal_message.html?_=1666832807348&CODE_STATE=getMsg HTTP/1.1" 200 27
116.238.139.35 - - [27/Oct/2022:09:07:31 +0800] "GET /xingrg/kc/buy/cgsh_order_operate.html?command=get_materiel&rest_code=00150&code=00101007048&supplier_code=00100096&order_time=2022-10-27 HTTP/1.1" 200 408
222.69.192.207 - - [27/Oct/2022:09:07:39 +0800] "GET /xingrg/kc/buy/cgsh_order_operate.html?command=get_materiel&rest_code=00105&code=00101008357&supplier_code=00100203&order_time=2022-10-27 HTTP/1.1" 200 408
116.238.139.35 - - [27/Oct/2022:09:07:40 +0800] "GET /xingrg/check_reg.html?_=1666832787199 HTTP/1.1" 200 22
116.238.139.35 - - [27/Oct/2022:09:07:41 +0800] "GET /xingrg/all/function/internal_message.html?_=1666832788605&CODE_STATE=getMsg HTTP/1.1" 200 27
120.253.135.82 - - [27/Oct/2022:09:07:45 +0800] "GET /xingrg/all/function/internal_message.html?_=1666832333505&CODE_STATE=getMsg HTTP/1.1" 302 -
222.69.192.207 - - [27/Oct/2022:09:07:49 +0800] "GET /xingrg/kc/buy/cgsh_order_operate.html?command=get_materiel&rest_code=00105&code=00101008041&supplier_code=00100203&order_time=2022-10-27 HTTP/1.1" 200 408
222.69.192.207 - - [27/Oct/2022:09:07:56 +0800] "GET /xingrg/kc/buy/cgsh_order_operate.html?command=get_materiel&rest_code=00105&code=00101015026&supplier_code=00100203&order_time=2022-10-27 HTTP/1.1" 200 412
116.230.114.213 - - [27/Oct/2022:09:07:57 +0800] "GET /xingrg/all/function/internal_message.html?_=1666832887114&CODE_STATE=getMsg HTTP/1.1" 200 27
58.40.7.146 - - [27/Oct/2022:09:08:00 +0800] "GET /xingrg/all/function/internal_message.html?_=1666832871983&CODE_STATE=getMsg HTTP/1.1" 200 27
120.253.135.82 - - [27/Oct/2022:09:08:01 +0800] "GET /xingrg/all/function/internal_message.html?_=1666832974866&CODE_STATE=getMsg HTTP/1.1" 200 27
116.238.139.35 - - [27/Oct/2022:09:08:01 +0800] "GET /xingrg/all/function/internal_message.html?_=1666832873609&CODE_STATE=getMsg HTTP/1.1" 200 27
116.238.139.35 - - [27/Oct/2022:09:08:03 +0800] "POST /xingrg/kc/buy/cgsh_order_operate.html HTTP/1.1" 200 105
116.238.139.35 - - [27/Oct/2022:09:08:07 +0800] "POST /xingrg/kc/buy/cgsh_order_operate.html HTTP/1.1" 200 105
120.253.135.82 - - [27/Oct/2022:09:08:12 +0800] "GET /xingrg/check_reg.html?_=1666832681602 HTTP/1.1" 200 22
120.253.135.82 - - [27/Oct/2022:09:08:12 +0800] "GET /xingrg/all/function/internal_message.html?_=1666832681872&CODE_STATE=getMsg HTTP/1.1" 200 27
116.238.139.35 - - [27/Oct/2022:09:08:13 +0800] "POST /xingrg/kc/buy/cgsh_order_operate.html HTTP/1.1" 200 105
222.69.192.207 - - [27/Oct/2022:09:08:15 +0800] "GET /xingrg/all/function/internal_message.html?_=1666832889116&CODE_STATE=getMsg HTTP/1.1" 200 27
116.238.139.35 - - [27/Oct/2022:09:08:17 +0800] "POST /xingrg/kc/buy/cgsh_order_operate.html HTTP/1.1" 200 105
116.238.139.35 - - [27/Oct/2022:09:08:22 +0800] "POST /xingrg/kc/buy/cgsh_order_operate.html HTTP/1.1" 200 105
222.69.192.207 - - [27/Oct/2022:09:08:23 +0800] "GET /xingrg/kc/buy/cgsh_order_operate.html?command=get_materiel&rest_code=00105&code=00101008108&supplier_code=00100203&order_time=2022-10-27 HTTP/1.1" 200 412
116.237.72.181 - - [27/Oct/2022:09:08:23 +0800] "GET /xingrg/all/function/internal_message.html?_=1666832899725&CODE_STATE=getMsg HTTP/1.1" 200 27
116.238.139.35 - - [27/Oct/2022:09:08:25 +0800] "GET /xingrg/kc/buy/cgsh_order_list.html HTTP/1.1" 200 53328
116.238.139.35 - - [27/Oct/2022:09:08:26 +0800] "POST /xingrg/kc/buy/cgsh_list_operate.html HTTP/1.1" 200 986
116.238.139.35 - - [27/Oct/2022:09:08:27 +0800] "GET /xingrg/kc/buy/cgsh_order_add.html HTTP/1.1" 200 69103
116.238.139.35 - - [27/Oct/2022:09:08:28 +0800] "POST /xingrg/kc/buy/cgsh_order_operate.html HTTP/1.1" 200 8245
116.238.139.35 - - [27/Oct/2022:09:08:28 +0800] "GET /xingrg/javascript/easyui/themes/default/validatebox.css HTTP/1.1" 404 1104
58.40.7.146 - - [27/Oct/2022:09:08:30 +0800] "POST /xingrg/services/DataTransmitService HTTP/1.1" 200 524
116.230.105.139 - - [27/Oct/2022:09:08:31 +0800] "GET /xingrg/all/function/internal_message.html?_=1666832867338&CODE_STATE=getMsg HTTP/1.1" 200 27
222.69.192.207 - - [27/Oct/2022:09:08:40 +0800] "GET /xingrg/kc/buy/cgsh_order_operate.html?command=get_materiel&rest_code=00105&code=00101019525&supplier_code=00100203&order_time=2022-10-27 HTTP/1.1" 200 440
116.238.139.35 - - [27/Oct/2022:09:08:41 +0800] "GET /xingrg/all/function/internal_message.html?_=1666832848619&CODE_STATE=getMsg HTTP/1.1" 200 27
222.69.192.207 - - [27/Oct/2022:09:08:45 +0800] "POST /xingrg/kc/buy/cgsh_order_operate.html HTTP/1.1" 200 2065
120.253.135.82 - - [27/Oct/2022:09:08:45 +0800] "GET /xingrg/all/function/internal_message.html?_=1666832393497&CODE_STATE=getMsg HTTP/1.1" 302 -
222.69.192.207 - - [27/Oct/2022:09:08:47 +0800] "POST /xingrg/kc/buy/cgsh_order_operate.html HTTP/1.1" 200 2065
222.69.192.207 - - [27/Oct/2022:09:08:54 +0800] "GET /xingrg/kc/buy/cgsh_order_operate.html?command=get_materiel&rest_code=00105&code=00101008403&supplier_code=00100203&order_time=2022-10-27 HTTP/1.1" 200 412
120.253.135.82 - - [27/Oct/2022:09:08:56 +0800] "GET /xingrg/check_reg.html?_=1666832404191 HTTP/1.1" 302 -
116.230.114.213 - - [27/Oct/2022:09:08:57 +0800] "GET /xingrg/all/function/internal_message.html?_=1666832947124&CODE_STATE=getMsg HTTP/1.1" 200 27
58.40.7.146 - - [27/Oct/2022:09:09:00 +0800] "GET /xingrg/all/function/internal_message.html?_=1666832931989&CODE_STATE=getMsg HTTP/1.1" 200 27
120.253.135.82 - - [27/Oct/2022:09:09:01 +0800] "GET /xingrg/all/function/internal_message.html?_=1666833034892&CODE_STATE=getMsg HTTP/1.1" 200 27
116.238.139.35 - - [27/Oct/2022:09:09:01 +0800] "GET /xingrg/check_reg.html?_=1666832933609 HTTP/1.1" 200 22
116.238.139.35 - - [27/Oct/2022:09:09:01 +0800] "GET /xingrg/all/function/internal_message.html?_=1666832933612&CODE_STATE=getMsg HTTP/1.1" 200 27
120.253.135.82 - - [27/Oct/2022:09:09:13 +0800] "GET /xingrg/all/function/internal_message.html?_=1666832741886&CODE_STATE=getMsg HTTP/1.1" 200 27
222.69.192.207 - - [27/Oct/2022:09:09:15 +0800] "GET /xingrg/all/function/internal_message.html?_=1666832949117&CODE_STATE=getMsg HTTP/1.1" 200 27
116.237.72.181 - - [27/Oct/2022:09:09:23 +0800] "GET /xingrg/all/function/internal_message.html?_=1666832959727&CODE_STATE=getMsg HTTP/1.1" 200 27
116.230.105.139 - - [27/Oct/2022:09:09:31 +0800] "GET /xingrg/all/function/internal_message.html?_=1666832927313&CODE_STATE=getMsg HTTP/1.1" 200 27
116.238.139.35 - - [27/Oct/2022:09:09:33 +0800] "POST /xingrg/kc/buy/cgsh_order_operate.html HTTP/1.1" 200 37
116.238.139.35 - - [27/Oct/2022:09:09:34 +0800] "POST /xingrg/kc/buy/cgsh_order_operate.html HTTP/1.1" 200 5044
116.238.139.35 - - [27/Oct/2022:09:09:41 +0800] "GET /xingrg/all/function/internal_message.html?_=1666832908632&CODE_STATE=getMsg HTTP/1.1" 200 27
120.253.135.82 - - [27/Oct/2022:09:09:45 +0800] "GET /xingrg/all/function/internal_message.html?_=1666832453465&CODE_STATE=getMsg HTTP/1.1" 302 -
116.230.114.213 - - [27/Oct/2022:09:09:55 +0800] "GET /xingrg/check_reg.html?_=1666833005122 HTTP/1.1" 200 22
116.230.114.213 - - [27/Oct/2022:09:09:57 +0800] "GET /xingrg/all/function/internal_message.html?_=1666833007137&CODE_STATE=getMsg HTTP/1.1" 200 27
58.40.7.146 - - [27/Oct/2022:09:10:00 +0800] "GET /xingrg/all/function/internal_message.html?_=1666832992007&CODE_STATE=getMsg HTTP/1.1" 200 27
58.40.7.146 - - [27/Oct/2022:09:10:00 +0800] "GET /xingrg/check_reg.html?_=1666832992007 HTTP/1.1" 200 22
120.253.135.82 - - [27/Oct/2022:09:10:01 +0800] "GET /xingrg/all/function/internal_message.html?_=1666833094907&CODE_STATE=getMsg HTTP/1.1" 200 27
116.238.139.35 - - [27/Oct/2022:09:10:01 +0800] "GET /xingrg/all/function/internal_message.html?_=1666832993607&CODE_STATE=getMsg HTTP/1.1" 200 27
222.69.192.207 - - [27/Oct/2022:09:10:03 +0800] "GET /xingrg/kc/buy/cgsh_order_operate.html?command=get_materiel&rest_code=00105&code=00101008323&supplier_code=00100203&order_time=2022-10-27 HTTP/1.1" 200 408
120.253.135.82 - - [27/Oct/2022:09:10:13 +0800] "GET /xingrg/all/function/internal_message.html?_=1666832801899&CODE_STATE=getMsg HTTP/1.1" 200 27
222.69.192.207 - - [27/Oct/2022:09:10:15 +0800] "GET /xingrg/all/function/internal_message.html?_=1666833009125&CODE_STATE=getMsg HTTP/1.1" 200 27
116.238.139.35 - - [27/Oct/2022:09:10:18 +0800] "POST /xingrg/kc/buy/cgsh_order_operate.html HTTP/1.1" 200 37
116.238.139.35 - - [27/Oct/2022:09:10:21 +0800] "POST /xingrg/kc/buy/cgsh_order_operate.html HTTP/1.1" 200 12
116.238.139.35 - - [27/Oct/2022:09:10:23 +0800] "GET /xingrg/kc/buy/cgsh_order_info.html?code=212022102708161 HTTP/1.1" 200 63996
116.238.139.35 - - [27/Oct/2022:09:10:23 +0800] "GET /xingrg/javascript/easyui/themes/default/validatebox.css HTTP/1.1" 404 1104
116.237.72.181 - - [27/Oct/2022:09:10:23 +0800] "GET /xingrg/all/function/internal_message.html?_=1666833019711&CODE_STATE=getMsg HTTP/1.1" 200 27
116.238.139.35 - - [27/Oct/2022:09:10:24 +0800] "POST /xingrg/kc/buy/cgsh_order_operate.html HTTP/1.1" 200 4769
116.238.139.35 - - [27/Oct/2022:09:10:25 +0800] "GET /xingrg/kc/print/load_data.html?order_code=212022102708161&kc_code=cgsh&condition= HTTP/1.1" 200 2283
114.88.159.190 - - [27/Oct/2022:09:10:29 +0800] "GET /xingrg/check_reg.html?_=1666832644288 HTTP/1.1" 200 22
116.230.105.139 - - [27/Oct/2022:09:10:31 +0800] "GET /xingrg/all/function/internal_message.html?_=1666832987301&CODE_STATE=getMsg HTTP/1.1" 200 27
116.230.105.139 - - [27/Oct/2022:09:10:31 +0800] "GET /xingrg/check_reg.html?_=1666832987422 HTTP/1.1" 200 22
116.238.139.35 - - [27/Oct/2022:09:10:41 +0800] "GET /xingrg/all/function/internal_message.html?_=1666832968680&CODE_STATE=getMsg HTTP/1.1" 200 27
120.253.135.82 - - [27/Oct/2022:09:10:45 +0800] "GET /xingrg/all/function/internal_message.html?_=1666832513437&CODE_STATE=getMsg HTTP/1.1" 302 -
222.69.192.207 - - [27/Oct/2022:09:10:49 +0800] "POST /xingrg/kc/buy/cgsh_order_operate.html HTTP/1.1" 200 2065
222.69.192.207 - - [27/Oct/2022:09:10:51 +0800] "POST /xingrg/kc/buy/cgsh_order_operate.html HTTP/1.1" 200 2065
116.230.114.213 - - [27/Oct/2022:09:10:57 +0800] "GET /xingrg/all/function/internal_message.html?_=1666833067151&CODE_STATE=getMsg HTTP/1.1" 200 27
222.69.192.207 - - [27/Oct/2022:09:10:58 +0800] "GET /xingrg/kc/buy/cgsh_order_operate.html?command=get_materiel&rest_code=00105&code=00101008298&supplier_code=00100203&order_time=2022-10-27 HTTP/1.1" 200 431
58.40.7.146 - - [27/Oct/2022:09:11:00 +0800] "GET /xingrg/all/function/internal_message.html?_=1666833051992&CODE_STATE=getMsg HTTP/1.1" 200 27
120.253.135.82 - - [27/Oct/2022:09:11:00 +0800] "GET /xingrg/check_reg.html?_=1666833154377 HTTP/1.1" 200 22
120.253.135.82 - - [27/Oct/2022:09:11:01 +0800] "GET /xingrg/all/function/internal_message.html?_=1666833154921&CODE_STATE=getMsg HTTP/1.1" 200 27
116.238.139.35 - - [27/Oct/2022:09:11:01 +0800] "GET /xingrg/all/function/internal_message.html?_=1666833053604&CODE_STATE=getMsg HTTP/1.1" 200 27
222.69.192.207 - - [27/Oct/2022:09:11:05 +0800] "GET /xingrg/kc/buy/cgsh_order_operate.html?command=get_materiel&rest_code=00105&code=00101008105&supplier_code=00100203&order_time=2022-10-27 HTTP/1.1" 200 412
120.253.135.82 - - [27/Oct/2022:09:11:13 +0800] "GET /xingrg/all/function/internal_message.html?_=1666832861914&CODE_STATE=getMsg HTTP/1.1" 200 27
222.69.192.207 - - [27/Oct/2022:09:11:15 +0800] "GET /xingrg/kc/buy/cgsh_order_operate.html?command=get_materiel&rest_code=00105&code=00101008119&supplier_code=00100203&order_time=2022-10-27 HTTP/1.1" 200 412
222.69.192.207 - - [27/Oct/2022:09:11:15 +0800] "GET /xingrg/all/function/internal_message.html?_=1666833069114&CODE_STATE=getMsg HTTP/1.1" 200 27
222.69.192.207 - - [27/Oct/2022:09:11:22 +0800] "GET /xingrg/kc/buy/cgsh_order_operate.html?command=get_materiel&rest_code=00105&code=00101008114&supplier_code=00100203&order_time=2022-10-27 HTTP/1.1" 200 412
116.237.72.181 - - [27/Oct/2022:09:11:23 +0800] "GET /xingrg/all/function/internal_message.html?_=1666833079713&CODE_STATE=getMsg HTTP/1.1" 200 27
116.237.72.181 - - [27/Oct/2022:09:11:23 +0800] "GET /xingrg/check_reg.html?_=1666833079715 HTTP/1.1" 200 22
116.230.105.139 - - [27/Oct/2022:09:11:31 +0800] "GET /xingrg/all/function/internal_message.html?_=1666833047291&CODE_STATE=getMsg HTTP/1.1" 200 27
222.69.192.207 - - [27/Oct/2022:09:11:33 +0800] "GET /xingrg/kc/buy/cgsh_order_operate.html?command=get_materiel&rest_code=00105&code=00101008405&supplier_code=00100203&order_time=2022-10-27 HTTP/1.1" 200 413
116.238.139.35 - - [27/Oct/2022:09:11:41 +0800] "GET /xingrg/all/function/internal_message.html?_=1666833028691&CODE_STATE=getMsg HTTP/1.1" 200 27
120.253.135.82 - - [27/Oct/2022:09:11:45 +0800] "GET /xingrg/all/function/internal_message.html?_=1666832573412&CODE_STATE=getMsg HTTP/1.1" 302 -
222.69.192.207 - - [27/Oct/2022:09:11:52 +0800] "GET /xingrg/kc/buy/cgsh_order_operate.html?command=get_materiel&rest_code=00105&code=00101008123&supplier_code=00100203&order_time=2022-10-27 HTTP/1.1" 200 412
116.230.114.213 - - [27/Oct/2022:09:11:57 +0800] "GET /xingrg/all/function/internal_message.html?_=1666833127164&CODE_STATE=getMsg HTTP/1.1" 200 27
58.40.7.146 - - [27/Oct/2022:09:12:00 +0800] "GET /xingrg/all/function/internal_message.html?_=1666833111994&CODE_STATE=getMsg HTTP/1.1" 200 27
222.69.192.207 - - [27/Oct/2022:09:12:00 +0800] "GET /xingrg/kc/buy/cgsh_order_operate.html?command=get_materiel&rest_code=00105&code=00101008509&supplier_code=00100203&order_time=2022-10-27 HTTP/1.1" 200 409
120.253.135.82 - - [27/Oct/2022:09:12:01 +0800] "GET /xingrg/all/function/internal_message.html?_=1666833214937&CODE_STATE=getMsg HTTP/1.1" 200 27
116.238.139.35 - - [27/Oct/2022:09:12:01 +0800] "GET /xingrg/all/function/internal_message.html?_=1666833113604&CODE_STATE=getMsg HTTP/1.1" 200 27
116.237.72.181 - - [27/Oct/2022:09:12:12 +0800] "POST /xingrg/services/DataTransmitService HTTP/1.1" 200 524
120.253.135.82 - - [27/Oct/2022:09:12:13 +0800] "GET /xingrg/all/function/internal_message.html?_=1666832921929&CODE_STATE=getMsg HTTP/1.1" 200 27
222.69.192.207 - - [27/Oct/2022:09:12:15 +0800] "GET /xingrg/all/function/internal_message.html?_=1666833129272&CODE_STATE=getMsg HTTP/1.1" 200 27
222.69.192.207 - - [27/Oct/2022:09:12:15 +0800] "GET /xingrg/check_reg.html?_=1666833129273 HTTP/1.1" 200 22
116.237.72.181 - - [27/Oct/2022:09:12:23 +0800] "GET /xingrg/all/function/internal_message.html?_=1666833139717&CODE_STATE=getMsg HTTP/1.1" 200 27
116.230.105.139 - - [27/Oct/2022:09:12:31 +0800] "GET /xingrg/all/function/internal_message.html?_=1666833107291&CODE_STATE=getMsg HTTP/1.1" 200 27
116.238.139.35 - - [27/Oct/2022:09:12:40 +0800] "GET /xingrg/check_reg.html?_=1666833087223 HTTP/1.1" 200 22
116.238.139.35 - - [27/Oct/2022:09:12:41 +0800] "GET /xingrg/all/function/internal_message.html?_=1666833088704&CODE_STATE=getMsg HTTP/1.1" 200 27
120.253.135.82 - - [27/Oct/2022:09:12:45 +0800] "GET /xingrg/all/function/internal_message.html?_=1666832633387&CODE_STATE=getMsg HTTP/1.1" 302 -
116.230.114.213 - - [27/Oct/2022:09:12:57 +0800] "GET /xingrg/all/function/internal_message.html?_=1666833187241&CODE_STATE=getMsg HTTP/1.1" 200 27
58.40.7.146 - - [27/Oct/2022:09:13:00 +0800] "GET /xingrg/all/function/internal_message.html?_=1666833171996&CODE_STATE=getMsg HTTP/1.1" 200 27
120.253.135.82 - - [27/Oct/2022:09:13:01 +0800] "GET /xingrg/all/function/internal_message.html?_=1666833274948&CODE_STATE=getMsg HTTP/1.1" 200 27
116.238.139.35 - - [27/Oct/2022:09:13:01 +0800] "GET /xingrg/all/function/internal_message.html?_=1666833173605&CODE_STATE=getMsg HTTP/1.1" 200 27
120.253.135.82 - - [27/Oct/2022:09:13:12 +0800] "GET /xingrg/check_reg.html?_=1666832981597 HTTP/1.1" 200 22
120.253.135.82 - - [27/Oct/2022:09:13:13 +0800] "GET /xingrg/all/function/internal_message.html?_=1666832981941&CODE_STATE=getMsg HTTP/1.1" 200 27
222.69.192.207 - - [27/Oct/2022:09:13:15 +0800] "GET /xingrg/all/function/internal_message.html?_=1666833189122&CODE_STATE=getMsg HTTP/1.1" 200 27
222.69.192.207 - - [27/Oct/2022:09:13:18 +0800] "POST /xingrg/kc/buy/cgsh_order_operate.html HTTP/1.1" 200 2065
116.237.72.181 - - [27/Oct/2022:09:13:23 +0800] "GET /xingrg/all/function/internal_message.html?_=1666833199719&CODE_STATE=getMsg HTTP/1.1" 200 27
116.230.105.139 - - [27/Oct/2022:09:13:31 +0800] "GET /xingrg/all/function/internal_message.html?_=1666833167266&CODE_STATE=getMsg HTTP/1.1" 200 27
116.238.139.35 - - [27/Oct/2022:09:13:41 +0800] "GET /xingrg/all/function/internal_message.html?_=1666833148718&CODE_STATE=getMsg HTTP/1.1" 200 27
120.253.135.82 - - [27/Oct/2022:09:13:45 +0800] "GET /xingrg/all/function/internal_message.html?_=1666832693367&CODE_STATE=getMsg HTTP/1.1" 302 -
120.253.135.82 - - [27/Oct/2022:09:13:56 +0800] "GET /xingrg/check_reg.html?_=1666832704168 HTTP/1.1" 302 -
116.230.114.213 - - [27/Oct/2022:09:13:57 +0800] "GET /xingrg/all/function/internal_message.html?_=1666833247253&CODE_STATE=getMsg HTTP/1.1" 200 27
58.40.7.146 - - [27/Oct/2022:09:14:00 +0800] "GET /xingrg/all/function/internal_message.html?_=1666833231997&CODE_STATE=getMsg HTTP/1.1" 200 27
120.253.135.82 - - [27/Oct/2022:09:14:01 +0800] "GET /xingrg/all/function/internal_message.html?_=1666833334968&CODE_STATE=getMsg HTTP/1.1" 200 27
116.238.139.35 - - [27/Oct/2022:09:14:01 +0800] "GET /xingrg/all/function/internal_message.html?_=1666833233605&CODE_STATE=getMsg HTTP/1.1" 200 27
116.238.139.35 - - [27/Oct/2022:09:14:01 +0800] "GET /xingrg/check_reg.html?_=1666833233609 HTTP/1.1" 200 22
120.253.135.82 - - [27/Oct/2022:09:14:13 +0800] "GET /xingrg/all/function/internal_message.html?_=1666833041958&CODE_STATE=getMsg HTTP/1.1" 200 27
222.69.192.207 - - [27/Oct/2022:09:14:15 +0800] "GET /xingrg/all/function/internal_message.html?_=1666833249256&CODE_STATE=getMsg HTTP/1.1" 200 27
116.237.72.181 - - [27/Oct/2022:09:14:23 +0800] "GET /xingrg/all/function/internal_message.html?_=1666833259721&CODE_STATE=getMsg HTTP/1.1" 200 27
116.230.105.139 - - [27/Oct/2022:09:14:31 +0800] "GET /xingrg/all/function/internal_message.html?_=1666833227237&CODE_STATE=getMsg HTTP/1.1" 200 27
116.238.139.35 - - [27/Oct/2022:09:14:41 +0800] "GET /xingrg/all/function/internal_message.html?_=1666833208731&CODE_STATE=getMsg HTTP/1.1" 200 27
120.253.135.82 - - [27/Oct/2022:09:14:45 +0800] "GET /xingrg/all/function/internal_message.html?_=1666832753368&CODE_STATE=getMsg HTTP/1.1" 302 -
116.230.114.213 - - [27/Oct/2022:09:14:55 +0800] "GET /xingrg/check_reg.html?_=1666833305183 HTTP/1.1" 200 22
116.230.114.213 - - [27/Oct/2022:09:14:57 +0800] "GET /xingrg/all/function/internal_message.html?_=1666833307269&CODE_STATE=getMsg HTTP/1.1" 200 27
58.40.7.146 - - [27/Oct/2022:09:15:00 +0800] "GET /xingrg/all/function/internal_message.html?_=1666833292000&CODE_STATE=getMsg HTTP/1.1" 200 27
58.40.7.146 - - [27/Oct/2022:09:15:00 +0800] "GET /xingrg/check_reg.html?_=1666833292001 HTTP/1.1" 200 22
120.253.135.82 - - [27/Oct/2022:09:15:01 +0800] "GET /xingrg/all/function/internal_message.html?_=1666833394974&CODE_STATE=getMsg HTTP/1.1" 200 27
116.238.139.35 - - [27/Oct/2022:09:15:01 +0800] "GET /xingrg/all/function/internal_message.html?_=1666833293609&CODE_STATE=getMsg HTTP/1.1" 200 27
120.253.135.82 - - [27/Oct/2022:09:15:13 +0800] "GET /xingrg/all/function/internal_message.html?_=1666833102092&CODE_STATE=getMsg HTTP/1.1" 200 27
222.69.192.207 - - [27/Oct/2022:09:15:15 +0800] "GET /xingrg/all/function/internal_message.html?_=1666833309118&CODE_STATE=getMsg HTTP/1.1" 200 27
114.84.81.136 - - [27/Oct/2022:09:15:15 +0800] "POST /xingrg/services/DataTransmitService HTTP/1.1" 200 524
116.237.72.181 - - [27/Oct/2022:09:15:23 +0800] "GET /xingrg/all/function/internal_message.html?_=1666833319723&CODE_STATE=getMsg HTTP/1.1" 200 27
114.88.159.190 - - [27/Oct/2022:09:15:29 +0800] "GET /xingrg/check_reg.html?_=1666832944258 HTTP/1.1" 200 22
116.230.105.139 - - [27/Oct/2022:09:15:31 +0800] "GET /xingrg/all/function/internal_message.html?_=1666833287214&CODE_STATE=getMsg HTTP/1.1" 200 27
116.230.105.139 - - [27/Oct/2022:09:15:31 +0800] "GET /xingrg/check_reg.html?_=1666833287426 HTTP/1.1" 200 22
116.238.139.35 - - [27/Oct/2022:09:15:41 +0800] "GET /xingrg/all/function/internal_message.html?_=1666833268776&CODE_STATE=getMsg HTTP/1.1" 200 27
120.253.135.82 - - [27/Oct/2022:09:15:45 +0800] "GET /xingrg/all/function/internal_message.html?_=1666832813345&CODE_STATE=getMsg HTTP/1.1" 302 -
116.230.114.213 - - [27/Oct/2022:09:15:57 +0800] "GET /xingrg/all/function/internal_message.html?_=1666833367280&CODE_STATE=getMsg HTTP/1.1" 200 27
58.40.7.146 - - [27/Oct/2022:09:16:00 +0800] "GET /xingrg/all/function/internal_message.html?_=1666833351986&CODE_STATE=getMsg HTTP/1.1" 200 27
120.253.135.82 - - [27/Oct/2022:09:16:00 +0800] "GET /xingrg/check_reg.html?_=1666833454394 HTTP/1.1" 200 22
120.253.135.82 - - [27/Oct/2022:09:16:01 +0800] "GET /xingrg/all/function/internal_message.html?_=1666833454989&CODE_STATE=getMsg HTTP/1.1" 200 27
116.238.139.35 - - [27/Oct/2022:09:16:01 +0800] "GET /xingrg/all/function/internal_message.html?_=1666833353609&CODE_STATE=getMsg HTTP/1.1" 200 27
120.253.135.82 - - [27/Oct/2022:09:16:13 +0800] "GET /xingrg/all/function/internal_message.html?_=1666833162181&CODE_STATE=getMsg HTTP/1.1" 200 27
222.69.192.207 - - [27/Oct/2022:09:16:15 +0800] "GET /xingrg/all/function/internal_message.html?_=1666833369115&CODE_STATE=getMsg HTTP/1.1" 200 27
222.69.192.207 - - [27/Oct/2022:09:16:22 +0800] "GET /xingrg/kc/buy/cgsh_order_operate.html?command=get_materiel&rest_code=00105&code=00101008096&supplier_code=00100203&order_time=2022-10-27 HTTP/1.1" 200 412
116.237.72.181 - - [27/Oct/2022:09:16:23 +0800] "GET /xingrg/check_reg.html?_=1666833379725 HTTP/1.1" 200 22
116.237.72.181 - - [27/Oct/2022:09:16:23 +0800] "GET /xingrg/all/function/internal_message.html?_=1666833379727&CODE_STATE=getMsg HTTP/1.1" 200 27
221.239.141.151 - - [27/Oct/2022:09:16:26 +0800] "POST /xingrg/services/DataTransmitService HTTP/1.1" 200 524
221.239.141.151 - - [27/Oct/2022:09:16:29 +0800] "GET /xingrg/index.html HTTP/1.1" 302 -
221.239.141.151 - - [27/Oct/2022:09:16:29 +0800] "GET /xingrg/login.html HTTP/1.1" 200 7641
221.239.141.151 - - [27/Oct/2022:09:16:30 +0800] "GET /favicon.ico HTTP/1.1" 404 -
116.230.105.139 - - [27/Oct/2022:09:16:31 +0800] "GET /xingrg/all/function/internal_message.html?_=1666833347199&CODE_STATE=getMsg HTTP/1.1" 200 27
221.239.141.151 - - [27/Oct/2022:09:16:32 +0800] "POST /xingrg/login.do HTTP/1.1" 302 -
221.239.141.151 - - [27/Oct/2022:09:16:32 +0800] "GET /xingrg/index.html?sysBaseUrl=http%3A%2F%2F180.169.147.146%3A18081%2Fxingrg%2F&costTime=41×tamp=1666833392716 HTTP/1.1" 200 17173
221.239.141.151 - - [27/Oct/2022:09:16:32 +0800] "GET /favicon.ico HTTP/1.1" 404 -
221.239.141.151 - - [27/Oct/2022:09:16:32 +0800] "POST /xingrg/all/common/load_tree.html?tree=area_rest_tree_json&manage=1 HTTP/1.1" 200 342
221.239.141.151 - - [27/Oct/2022:09:16:32 +0800] "GET /xingrg/check_reg.html?_=1666833385096 HTTP/1.1" 200 22
221.239.141.151 - - [27/Oct/2022:09:16:32 +0800] "GET /xingrg/all/function/internal_message.html?_=1666833385096&CODE_STATE=count HTTP/1.1" 200 11
221.239.141.151 - - [27/Oct/2022:09:16:32 +0800] "POST /xingrg/load_menu.html HTTP/1.1" 200 5138
222.69.192.207 - - [27/Oct/2022:09:16:34 +0800] "GET /xingrg/kc/buy/cgsh_order_operate.html?command=get_materiel&rest_code=00105&code=00101008246&supplier_code=00100203&order_time=2022-10-27 HTTP/1.1" 200 408
221.239.141.151 - - [27/Oct/2022:09:16:41 +0800] "GET /xingrg/kc/buy/cgsh_order_list.html HTTP/1.1" 200 53322
116.238.139.35 - - [27/Oct/2022:09:16:41 +0800] "GET /xingrg/all/function/internal_message.html?_=1666833328790&CODE_STATE=getMsg HTTP/1.1" 200 27
221.239.141.151 - - [27/Oct/2022:09:16:42 +0800] "POST /xingrg/kc/buy/cgsh_list_operate.html HTTP/1.1" 200 986
120.253.135.82 - - [27/Oct/2022:09:16:45 +0800] "GET /xingrg/all/function/internal_message.html?_=1666832873321&CODE_STATE=getMsg HTTP/1.1" 302 -
221.239.141.151 - - [27/Oct/2022:09:16:47 +0800] "GET /xingrg/kc/buy/cgsh_order_add.html HTTP/1.1" 200 69138
221.239.141.151 - - [27/Oct/2022:09:16:47 +0800] "GET /xingrg/words/20221024164613_words.js HTTP/1.1" 200 926925
221.239.141.151 - - [27/Oct/2022:09:16:47 +0800] "POST /xingrg/kc/buy/cgsh_order_operate.html HTTP/1.1" 200 8245
221.239.141.151 - - [27/Oct/2022:09:16:47 +0800] "GET /xingrg/all/common/auto_word.html?type=employee&rest_code=00102 HTTP/1.1" 200 189
221.239.141.151 - - [27/Oct/2022:09:16:47 +0800] "GET /xingrg/all/common/auto_word.html?type=employee&rest_code=00102 HTTP/1.1" 200 189
221.239.141.151 - - [27/Oct/2022:09:16:47 +0800] "GET /xingrg/javascript/easyui/themes/default/validatebox.css HTTP/1.1" 404 1104
221.239.141.151 - - [27/Oct/2022:09:16:49 +0800] "GET /xingrg/javascript/auto/indicator.gif HTTP/1.1" 404 1066
116.230.114.213 - - [27/Oct/2022:09:16:57 +0800] "GET /xingrg/all/function/internal_message.html?_=1666833427295&CODE_STATE=getMsg HTTP/1.1" 200 27
58.40.7.146 - - [27/Oct/2022:09:17:00 +0800] "GET /xingrg/all/function/internal_message.html?_=1666833411991&CODE_STATE=getMsg HTTP/1.1" 200 27
120.253.135.82 - - [27/Oct/2022:09:17:01 +0800] "GET /xingrg/all/function/internal_message.html?_=1666833515005&CODE_STATE=getMsg HTTP/1.1" 200 27
116.238.139.35 - - [27/Oct/2022:09:17:01 +0800] "GET /xingrg/all/function/internal_message.html?_=1666833413624&CODE_STATE=getMsg HTTP/1.1" 200 27
221.239.141.151 - - [27/Oct/2022:09:17:03 +0800] "GET /xingrg/kc/buy/cgsh_order_operate.html?command=get_materiel&rest_code=00102&code=00101012025&supplier_code=00100096&order_time=2022-10-27 HTTP/1.1" 200 412
222.70.183.206 - - [27/Oct/2022:09:17:12 +0800] "POST /xingrg/services/DataTransmitService HTTP/1.1" 200 524
120.253.135.82 - - [27/Oct/2022:09:17:13 +0800] "GET /xingrg/all/function/internal_message.html?_=1666833222182&CODE_STATE=getMsg HTTP/1.1" 200 27
222.69.192.207 - - [27/Oct/2022:09:17:14 +0800] "GET /xingrg/kc/buy/cgsh_order_operate.html?command=get_materiel&rest_code=00105&code=00101008355&supplier_code=00100203&order_time=2022-10-27 HTTP/1.1" 200 408
222.69.192.207 - - [27/Oct/2022:09:17:15 +0800] "GET /xingrg/all/function/internal_message.html?_=1666833429122&CODE_STATE=getMsg HTTP/1.1" 200 27
222.69.192.207 - - [27/Oct/2022:09:17:15 +0800] "GET /xingrg/check_reg.html?_=1666833429245 HTTP/1.1" 200 22
221.239.141.151 - - [27/Oct/2022:09:17:17 +0800] "GET /xingrg/kc/buy/cgsh_order_operate.html?command=get_materiel&rest_code=00102&code=00101012030&supplier_code=00100096&order_time=2022-10-27 HTTP/1.1" 200 416
116.237.72.181 - - [27/Oct/2022:09:17:23 +0800] "GET /xingrg/all/function/internal_message.html?_=1666833439727&CODE_STATE=getMsg HTTP/1.1" 200 27
222.69.192.207 - - [27/Oct/2022:09:17:24 +0800] "GET /xingrg/kc/buy/cgsh_order_operate.html?command=get_materiel&rest_code=00105&code=00101008059&supplier_code=00100203&order_time=2022-10-27 HTTP/1.1" 200 408
116.230.105.139 - - [27/Oct/2022:09:17:31 +0800] "GET /xingrg/all/function/internal_message.html?_=1666833407175&CODE_STATE=getMsg HTTP/1.1" 200 27
222.69.192.207 - - [27/Oct/2022:09:17:32 +0800] "GET /xingrg/kc/buy/cgsh_order_operate.html?command=get_materiel&rest_code=00105&code=00101010136&supplier_code=00100203&order_time=2022-10-27 HTTP/1.1" 200 408
221.239.141.151 - - [27/Oct/2022:09:17:32 +0800] "GET /xingrg/all/function/internal_message.html?_=1666833445114&CODE_STATE=getMsg HTTP/1.1" 200 27
221.239.141.151 - - [27/Oct/2022:09:17:34 +0800] "GET /xingrg/kc/buy/cgsh_order_operate.html?command=get_materiel&rest_code=00102&code=00101006111&supplier_code=00100096&order_time=2022-10-27 HTTP/1.1" 200 411
116.238.139.35 - - [27/Oct/2022:09:17:40 +0800] "GET /xingrg/check_reg.html?_=1666833387259 HTTP/1.1" 200 22
116.238.139.35 - - [27/Oct/2022:09:17:41 +0800] "GET /xingrg/all/function/internal_message.html?_=1666833388803&CODE_STATE=getMsg HTTP/1.1" 200 27
222.69.192.207 - - [27/Oct/2022:09:17:42 +0800] "POST /xingrg/kc/buy/cgsh_order_operate.html HTTP/1.1" 200 37
222.69.192.207 - - [27/Oct/2022:09:17:44 +0800] "POST /xingrg/kc/buy/cgsh_order_operate.html HTTP/1.1" 200 38689
120.253.135.82 - - [27/Oct/2022:09:17:45 +0800] "GET /xingrg/all/function/internal_message.html?_=1666832933293&CODE_STATE=getMsg HTTP/1.1" 302 -
222.69.192.207 - - [27/Oct/2022:09:17:46 +0800] "GET /xingrg/kc/buy/cgsh_order_list.html HTTP/1.1" 200 53322
222.69.192.207 - - [27/Oct/2022:09:17:48 +0800] "POST /xingrg/kc/buy/cgsh_list_operate.html HTTP/1.1" 200 3118
222.69.130.135 - - [27/Oct/2022:09:17:55 +0800] "GET /xingrg/login.html?sysBaseUrl=http%3A%2F%2F180.169.147.146%3A18081%2Fxingrg%2F&costTime=31×tamp=1615347190560 HTTP/1.1" 200 7641
222.69.130.135 - - [27/Oct/2022:09:17:55 +0800] "GET /xingrg/login.html?sysBaseUrl=http%3A%2F%2F180.169.147.146%3A18081%2Fxingrg%2F&costTime=31×tamp=1615347190560 HTTP/1.1" 200 7641
221.239.141.151 - - [27/Oct/2022:09:17:55 +0800] "GET /xingrg/kc/buy/cgsh_order_operate.html?command=get_materiel&rest_code=00102&code=00101006112&supplier_code=00100096&order_time=2022-10-27 HTTP/1.1" 200 409
222.69.130.135 - - [27/Oct/2022:09:17:56 +0800] "GET /favicon.ico HTTP/1.1" 404 -
222.69.130.135 - - [27/Oct/2022:09:17:56 +0800] "GET /favicon.ico HTTP/1.1" 404 -
222.69.130.135 - - [27/Oct/2022:09:17:57 +0800] "POST /xingrg/login.do HTTP/1.1" 302 -
222.69.130.135 - - [27/Oct/2022:09:17:57 +0800] "GET /xingrg/index.html?sysBaseUrl=http%3A%2F%2F180.169.147.146%3A18081%2Fxingrg%2F&costTime=54×tamp=1666833477295 HTTP/1.1" 200 17179
222.69.130.135 - - [27/Oct/2022:09:17:57 +0800] "GET /favicon.ico HTTP/1.1" 404 -
222.69.130.135 - - [27/Oct/2022:09:17:57 +0800] "POST /xingrg/all/common/load_tree.html?tree=area_rest_tree_json&manage=1 HTTP/1.1" 200 351
222.69.130.135 - - [27/Oct/2022:09:17:57 +0800] "GET /xingrg/all/function/internal_message.html?_=1666833467836&CODE_STATE=count HTTP/1.1" 200 11
222.69.130.135 - - [27/Oct/2022:09:17:57 +0800] "GET /xingrg/check_reg.html?_=1666833467838 HTTP/1.1" 200 22
222.69.130.135 - - [27/Oct/2022:09:17:57 +0800] "POST /xingrg/load_menu.html HTTP/1.1" 200 5138
116.230.114.213 - - [27/Oct/2022:09:17:57 +0800] "GET /xingrg/all/function/internal_message.html?_=1666833487372&CODE_STATE=getMsg HTTP/1.1" 200 27
58.40.7.146 - - [27/Oct/2022:09:18:00 +0800] "GET /xingrg/all/function/internal_message.html?_=1666833471992&CODE_STATE=getMsg HTTP/1.1" 200 27
222.69.192.207 - - [27/Oct/2022:09:18:01 +0800] "POST /xingrg/kc/buy/cgsh_list_operate.html HTTP/1.1" 200 1876
222.69.130.135 - - [27/Oct/2022:09:18:01 +0800] "GET /xingrg/kc/buy/cgsh_order_list.html HTTP/1.1" 200 53328
116.238.139.35 - - [27/Oct/2022:09:18:01 +0800] "GET /xingrg/all/function/internal_message.html?_=1666833473614&CODE_STATE=getMsg HTTP/1.1" 200 27
120.253.135.82 - - [27/Oct/2022:09:18:01 +0800] "GET /xingrg/all/function/internal_message.html?_=1666833575019&CODE_STATE=getMsg HTTP/1.1" 200 27
222.69.130.135 - - [27/Oct/2022:09:18:02 +0800] "POST /xingrg/kc/buy/cgsh_list_operate.html HTTP/1.1" 200 986
222.69.192.207 - - [27/Oct/2022:09:18:03 +0800] "POST /xingrg/kc/buy/cgsh_list_operate.html HTTP/1.1" 200 562
222.69.192.207 - - [27/Oct/2022:09:18:04 +0800] "GET /xingrg/kc/buy/cgsh_order_info.html?code=212022102607926 HTTP/1.1" 200 64082
222.69.192.207 - - [27/Oct/2022:09:18:04 +0800] "GET /xingrg/javascript/easyui/themes/default/validatebox.css HTTP/1.1" 404 1104
222.69.192.207 - - [27/Oct/2022:09:18:05 +0800] "POST /xingrg/kc/buy/cgsh_order_operate.html HTTP/1.1" 200 30743
222.69.130.135 - - [27/Oct/2022:09:18:05 +0800] "GET /xingrg/kc/buy/cgsh_order_add.html HTTP/1.1" 200 69191
222.69.130.135 - - [27/Oct/2022:09:18:05 +0800] "GET /xingrg/words/20221024164613_words.js HTTP/1.1" 304 -
222.69.130.135 - - [27/Oct/2022:09:18:06 +0800] "POST /xingrg/kc/buy/cgsh_order_operate.html HTTP/1.1" 200 8245
222.69.130.135 - - [27/Oct/2022:09:18:06 +0800] "GET /xingrg/all/common/auto_word.html?type=employee&rest_code=00149 HTTP/1.1" 200 197
222.69.130.135 - - [27/Oct/2022:09:18:06 +0800] "GET /xingrg/all/common/auto_word.html?type=employee&rest_code=00149 HTTP/1.1" 200 197
222.69.130.135 - - [27/Oct/2022:09:18:06 +0800] "GET /xingrg/javascript/easyui/themes/default/validatebox.css HTTP/1.1" 404 1104
221.239.141.151 - - [27/Oct/2022:09:18:09 +0800] "GET /xingrg/kc/buy/cgsh_order_operate.html?command=get_materiel&rest_code=00102&code=00101006144&supplier_code=00100096&order_time=2022-10-27 HTTP/1.1" 200 411
120.253.135.82 - - [27/Oct/2022:09:18:12 +0800] "GET /xingrg/check_reg.html?_=1666833281680 HTTP/1.1" 200 22
120.253.135.82 - - [27/Oct/2022:09:18:13 +0800] "GET /xingrg/all/function/internal_message.html?_=1666833282196&CODE_STATE=getMsg HTTP/1.1" 200 27
222.69.192.207 - - [27/Oct/2022:09:18:15 +0800] "GET /xingrg/all/function/internal_message.html?_=1666833489127&CODE_STATE=getMsg HTTP/1.1" 200 27
221.239.141.151 - - [27/Oct/2022:09:18:23 +0800] "GET /xingrg/kc/buy/cgsh_order_operate.html?command=get_materiel&rest_code=00102&code=00101007082&supplier_code=00100096&order_time=2022-10-27 HTTP/1.1" 200 427
116.237.72.181 - - [27/Oct/2022:09:18:23 +0800] "GET /xingrg/all/function/internal_message.html?_=1666833499713&CODE_STATE=getMsg HTTP/1.1" 200 27
222.69.192.207 - - [27/Oct/2022:09:18:26 +0800] "POST /xingrg/kc/buy/cgsh_list_operate.html HTTP/1.1" 200 1876
222.69.192.207 - - [27/Oct/2022:09:18:27 +0800] "GET /xingrg/javascript/jquery_tools/images/prev.gif HTTP/1.1" 404 1086
222.69.192.207 - - [27/Oct/2022:09:18:27 +0800] "GET /xingrg/javascript/jquery_tools/images/next.gif HTTP/1.1" 404 1086
116.230.105.139 - - [27/Oct/2022:09:18:31 +0800] "GET /xingrg/all/function/internal_message.html?_=1666833467155&CODE_STATE=getMsg HTTP/1.1" 200 27
222.69.192.207 - - [27/Oct/2022:09:18:32 +0800] "POST /xingrg/kc/buy/cgsh_list_operate.html HTTP/1.1" 200 2313
221.239.141.151 - - [27/Oct/2022:09:18:32 +0800] "GET /xingrg/all/function/internal_message.html?_=1666833505114&CODE_STATE=getMsg HTTP/1.1" 200 27
221.239.141.151 - - [27/Oct/2022:09:18:33 +0800] "GET /xingrg/kc/buy/cgsh_order_operate.html?command=get_materiel&rest_code=00102&code=00101007033&supplier_code=00100096&order_time=2022-10-27 HTTP/1.1" 200 417
222.69.192.207 - - [27/Oct/2022:09:18:36 +0800] "POST /xingrg/kc/buy/cgsh_list_operate.html HTTP/1.1" 200 571
222.69.192.207 - - [27/Oct/2022:09:18:37 +0800] "GET /xingrg/kc/buy/cgsh_order_info.html?code=212022102507567 HTTP/1.1" 200 64082
222.69.192.207 - - [27/Oct/2022:09:18:37 +0800] "GET /xingrg/javascript/easyui/themes/default/validatebox.css HTTP/1.1" 404 1104
222.69.192.207 - - [27/Oct/2022:09:18:38 +0800] "POST /xingrg/kc/buy/cgsh_order_operate.html HTTP/1.1" 200 15366
116.238.139.35 - - [27/Oct/2022:09:18:41 +0800] "GET /xingrg/all/function/internal_message.html?_=1666833448817&CODE_STATE=getMsg HTTP/1.1" 200 27
101.85.95.132 - - [27/Oct/2022:09:18:42 +0800] "GET /xingrg/login.html HTTP/1.1" 200 7641
101.85.95.132 - - [27/Oct/2022:09:18:42 +0800] "GET /favicon.ico HTTP/1.1" 404 -
101.85.95.132 - - [27/Oct/2022:09:18:42 +0800] "GET /xingrg/images/blue/jxLogo.png HTTP/1.1" 304 -
101.85.95.132 - - [27/Oct/2022:09:18:42 +0800] "GET /xingrg/images/blue/login_bg.png HTTP/1.1" 304 -
101.85.95.132 - - [27/Oct/2022:09:18:42 +0800] "GET /xingrg/images/blue/hj.png HTTP/1.1" 304 -
101.85.95.132 - - [27/Oct/2022:09:18:42 +0800] "GET /xingrg/images/blue/srbg.png HTTP/1.1" 304 -
101.85.95.132 - - [27/Oct/2022:09:18:43 +0800] "GET /favicon.ico HTTP/1.1" 404 -
221.239.141.151 - - [27/Oct/2022:09:18:44 +0800] "GET /xingrg/kc/buy/cgsh_order_operate.html?command=get_materiel&rest_code=00102&code=00101007049&supplier_code=00100096&order_time=2022-10-27 HTTP/1.1" 200 409
120.253.135.82 - - [27/Oct/2022:09:18:45 +0800] "GET /xingrg/all/function/internal_message.html?_=1666832993265&CODE_STATE=getMsg HTTP/1.1" 302 -
222.69.192.207 - - [27/Oct/2022:09:18:51 +0800] "POST /xingrg/kc/buy/cgsh_list_operate.html HTTP/1.1" 200 2313
120.253.135.82 - - [27/Oct/2022:09:18:56 +0800] "GET /xingrg/check_reg.html?_=1666833004170 HTTP/1.1" 302 -
222.69.130.135 - - [27/Oct/2022:09:18:57 +0800] "GET /xingrg/all/function/internal_message.html?_=1666833527929&CODE_STATE=getMsg HTTP/1.1" 200 27
116.230.114.213 - - [27/Oct/2022:09:18:57 +0800] "GET /xingrg/all/function/internal_message.html?_=1666833547384&CODE_STATE=getMsg HTTP/1.1" 200 27
222.69.192.207 - - [27/Oct/2022:09:18:57 +0800] "POST /xingrg/kc/buy/cgsh_list_operate.html HTTP/1.1" 200 3188
58.40.7.146 - - [27/Oct/2022:09:19:00 +0800] "GET /xingrg/all/function/internal_message.html?_=1666833531995&CODE_STATE=getMsg HTTP/1.1" 200 27
222.69.192.207 - - [27/Oct/2022:09:19:00 +0800] "POST /xingrg/kc/buy/cgsh_list_operate.html HTTP/1.1" 200 558
116.238.139.35 - - [27/Oct/2022:09:19:01 +0800] "GET /xingrg/check_reg.html?_=1666833533623 HTTP/1.1" 200 22
116.238.139.35 - - [27/Oct/2022:09:19:01 +0800] "GET /xingrg/all/function/internal_message.html?_=1666833533624&CODE_STATE=getMsg HTTP/1.1" 200 27
120.253.135.82 - - [27/Oct/2022:09:19:01 +0800] "GET /xingrg/all/function/internal_message.html?_=1666833635044&CODE_STATE=getMsg HTTP/1.1" 200 27
221.239.141.151 - - [27/Oct/2022:09:19:01 +0800] "GET /xingrg/kc/buy/cgsh_order_operate.html?command=get_materiel&rest_code=00102&code=00101007077&supplier_code=00100096&order_time=2022-10-27 HTTP/1.1" 200 415
222.69.192.207 - - [27/Oct/2022:09:19:02 +0800] "GET /xingrg/kc/buy/cgsh_order_info.html?code=212022102407292 HTTP/1.1" 200 64082
222.69.192.207 - - [27/Oct/2022:09:19:02 +0800] "GET /xingrg/javascript/easyui/themes/default/validatebox.css HTTP/1.1" 404 1104
222.69.192.207 - - [27/Oct/2022:09:19:03 +0800] "POST /xingrg/kc/buy/cgsh_order_operate.html HTTP/1.1" 200 18927
101.85.95.132 - - [27/Oct/2022:09:19:05 +0800] "POST /xingrg/login.do HTTP/1.1" 302 -
101.85.95.132 - - [27/Oct/2022:09:19:05 +0800] "GET /xingrg/javascript/jquery_easy_ui/themes/default/easyui.css HTTP/1.1" 304 -
101.85.95.132 - - [27/Oct/2022:09:19:05 +0800] "GET /xingrg/javascript/jquery_easy_ui/themes/icon.css HTTP/1.1" 304 -
101.85.95.132 - - [27/Oct/2022:09:19:05 +0800] "GET /xingrg/index.html?sysBaseUrl=http%3A%2F%2F180.169.147.146%3A18081%2Fxingrg%2F&costTime=40×tamp=1666833545372 HTTP/1.1" 200 17179
101.85.95.132 - - [27/Oct/2022:09:19:05 +0800] "GET /xingrg/css/form.css HTTP/1.1" 304 -
101.85.95.132 - - [27/Oct/2022:09:19:05 +0800] "GET /xingrg/javascript/jquery_easy_ui/easyui-lang-zh_CN.js HTTP/1.1" 304 -
101.85.95.132 - - [27/Oct/2022:09:19:05 +0800] "GET /xingrg/javascript/jquery_easy_ui/jquery.easyui.min.js HTTP/1.1" 304 -
101.85.95.132 - - [27/Oct/2022:09:19:05 +0800] "GET /xingrg/javascript/jquery.form.js HTTP/1.1" 304 -
101.85.95.132 - - [27/Oct/2022:09:19:05 +0800] "GET /xingrg/javascript/jquery-1.4.2.min.js HTTP/1.1" 304 -
101.85.95.132 - - [27/Oct/2022:09:19:05 +0800] "GET /xingrg/javascript/jquery.timers.js HTTP/1.1" 304 -
101.85.95.132 - - [27/Oct/2022:09:19:05 +0800] "GET /xingrg/javascript/jquery.utils.js HTTP/1.1" 304 -
101.85.95.132 - - [27/Oct/2022:09:19:05 +0800] "GET /favicon.ico HTTP/1.1" 404 -
101.85.95.132 - - [27/Oct/2022:09:19:05 +0800] "GET /xingrg/javascript/jquery_easy_ui/themes/icons/settle_new.png HTTP/1.1" 304 -
101.85.95.132 - - [27/Oct/2022:09:19:05 +0800] "GET /xingrg/images/blue/navBackgound.jpg HTTP/1.1" 304 -
101.85.95.132 - - [27/Oct/2022:09:19:05 +0800] "POST /xingrg/all/common/load_tree.html?tree=area_rest_tree_json&manage=1 HTTP/1.1" 200 351
101.85.95.132 - - [27/Oct/2022:09:19:05 +0800] "GET /xingrg/images/blue/pingpu.png HTTP/1.1" 304 -
101.85.95.132 - - [27/Oct/2022:09:19:05 +0800] "GET /xingrg/all/function/internal_message.html?_=1666833536617&CODE_STATE=count HTTP/1.1" 200 11
101.85.95.132 - - [27/Oct/2022:09:19:05 +0800] "GET /xingrg/check_reg.html?_=1666833536618 HTTP/1.1" 200 22
101.85.95.132 - - [27/Oct/2022:09:19:05 +0800] "GET /xingrg/javascript/jquery_easy_ui/themes/default/images/tabs_leftarrow.png HTTP/1.1" 304 -
101.85.95.132 - - [27/Oct/2022:09:19:05 +0800] "GET /xingrg/javascript/jquery_easy_ui/themes/default/images/tabs_rightarrow.png HTTP/1.1" 304 -
101.85.95.132 - - [27/Oct/2022:09:19:05 +0800] "GET /xingrg/javascript/jquery_easy_ui/themes/default/images/panel_tool_collapse.gif HTTP/1.1" 304 -
101.85.95.132 - - [27/Oct/2022:09:19:05 +0800] "POST /xingrg/load_menu.html HTTP/1.1" 200 5138
101.85.95.132 - - [27/Oct/2022:09:19:06 +0800] "GET /xingrg/javascript/jquery_easy_ui/themes/default/images/tree_arrows.gif HTTP/1.1" 304 -
101.85.95.132 - - [27/Oct/2022:09:19:06 +0800] "GET /xingrg/javascript/jquery_easy_ui/themes/default/images/tree_folder_open.gif HTTP/1.1" 304 -
101.85.95.132 - - [27/Oct/2022:09:19:06 +0800] "GET /xingrg/javascript/jquery_easy_ui/themes/icons/storage_new.png HTTP/1.1" 304 -
101.85.95.132 - - [27/Oct/2022:09:19:06 +0800] "GET /xingrg/javascript/jquery_easy_ui/themes/icons/search_new.png HTTP/1.1" 304 -
101.85.95.132 - - [27/Oct/2022:09:19:06 +0800] "GET /xingrg/javascript/jquery_easy_ui/themes/default/images/tree_folder.gif HTTP/1.1" 304 -
101.85.95.132 - - [27/Oct/2022:09:19:06 +0800] "GET /xingrg/javascript/jquery_easy_ui/themes/icons/forms_new.png HTTP/1.1" 304 -
101.85.95.132 - - [27/Oct/2022:09:19:06 +0800] "GET /xingrg/javascript/jquery_easy_ui/themes/default/images/tree_file.gif HTTP/1.1" 304 -
120.253.135.82 - - [27/Oct/2022:09:19:13 +0800] "GET /xingrg/all/function/internal_message.html?_=1666833342210&CODE_STATE=getMsg HTTP/1.1" 200 27
222.69.192.207 - - [27/Oct/2022:09:19:15 +0800] "POST /xingrg/kc/buy/cgsh_list_operate.html HTTP/1.1" 200 3188
222.69.192.207 - - [27/Oct/2022:09:19:15 +0800] "GET /xingrg/all/function/internal_message.html?_=1666833549242&CODE_STATE=getMsg HTTP/1.1" 200 27
222.69.192.207 - - [27/Oct/2022:09:19:17 +0800] "POST /xingrg/kc/buy/cgsh_list_operate.html HTTP/1.1" 200 571
222.69.192.207 - - [27/Oct/2022:09:19:18 +0800] "GET /xingrg/kc/buy/cgsh_order_info.html?code=212022102306978 HTTP/1.1" 200 64082
222.69.192.207 - - [27/Oct/2022:09:19:18 +0800] "GET /xingrg/javascript/easyui/themes/default/validatebox.css HTTP/1.1" 404 1104
222.69.192.207 - - [27/Oct/2022:09:19:19 +0800] "POST /xingrg/kc/buy/cgsh_order_operate.html HTTP/1.1" 200 36686
116.237.72.181 - - [27/Oct/2022:09:19:23 +0800] "GET /xingrg/all/function/internal_message.html?_=1666833559715&CODE_STATE=getMsg HTTP/1.1" 200 27
116.230.105.139 - - [27/Oct/2022:09:19:31 +0800] "GET /xingrg/all/function/internal_message.html?_=1666833527136&CODE_STATE=getMsg HTTP/1.1" 200 27
221.239.141.151 - - [27/Oct/2022:09:19:32 +0800] "GET /xingrg/all/function/internal_message.html?_=1666833565110&CODE_STATE=getMsg HTTP/1.1" 200 27
116.238.139.35 - - [27/Oct/2022:09:19:41 +0800] "GET /xingrg/all/function/internal_message.html?_=1666833508831&CODE_STATE=getMsg HTTP/1.1" 200 27
221.239.141.151 - - [27/Oct/2022:09:19:42 +0800] "POST /xingrg/kc/buy/cgsh_order_operate.html HTTP/1.1" 200 37
222.69.192.207 - - [27/Oct/2022:09:19:44 +0800] "POST /xingrg/kc/buy/cgsh_list_operate.html HTTP/1.1" 200 3188
120.253.135.82 - - [27/Oct/2022:09:19:45 +0800] "GET /xingrg/all/function/internal_message.html?_=1666833053246&CODE_STATE=getMsg HTTP/1.1" 302 -
221.239.141.151 - - [27/Oct/2022:09:19:54 +0800] "POST /xingrg/kc/buy/cgsh_order_operate.html HTTP/1.1" 200 12
221.239.141.151 - - [27/Oct/2022:09:19:55 +0800] "GET /xingrg/kc/buy/cgsh_order_info.html?code=212022102708163 HTTP/1.1" 200 64029
116.230.114.213 - - [27/Oct/2022:09:19:55 +0800] "GET /xingrg/check_reg.html?_=1666833605230 HTTP/1.1" 200 22
221.239.141.151 - - [27/Oct/2022:09:19:55 +0800] "GET /xingrg/javascript/easyui/themes/default/validatebox.css HTTP/1.1" 404 1104
222.69.192.207 - - [27/Oct/2022:09:19:56 +0800] "POST /xingrg/kc/buy/cgsh_list_operate.html HTTP/1.1" 200 3626
221.239.141.151 - - [27/Oct/2022:09:19:56 +0800] "POST /xingrg/kc/buy/cgsh_order_operate.html HTTP/1.1" 200 5372
222.69.130.135 - - [27/Oct/2022:09:19:57 +0800] "GET /xingrg/all/function/internal_message.html?_=1666833587856&CODE_STATE=getMsg HTTP/1.1" 200 27
116.230.114.213 - - [27/Oct/2022:09:19:58 +0800] "GET /xingrg/all/function/internal_message.html?_=1666833607397&CODE_STATE=getMsg HTTP/1.1" 200 27
221.239.141.151 - - [27/Oct/2022:09:19:58 +0800] "GET /xingrg/kc/print/load_config.html?kc_code=cgsh HTTP/1.1" 200 1943
221.239.141.151 - - [27/Oct/2022:09:19:58 +0800] "GET /xingrg/kc/print/load_data.html?order_code=212022102708163&kc_code=cgsh&condition= HTTP/1.1" 200 2485
58.40.7.146 - - [27/Oct/2022:09:20:00 +0800] "GET /xingrg/all/function/internal_message.html?_=1666833592001&CODE_STATE=getMsg HTTP/1.1" 200 27
58.40.7.146 - - [27/Oct/2022:09:20:00 +0800] "GET /xingrg/check_reg.html?_=1666833592004 HTTP/1.1" 200 22
222.69.192.207 - - [27/Oct/2022:09:20:00 +0800] "POST /xingrg/kc/buy/cgsh_list_operate.html HTTP/1.1" 200 571
116.238.139.35 - - [27/Oct/2022:09:20:01 +0800] "GET /xingrg/all/function/internal_message.html?_=1666833593619&CODE_STATE=getMsg HTTP/1.1" 200 27
120.253.135.82 - - [27/Oct/2022:09:20:01 +0800] "GET /xingrg/all/function/internal_message.html?_=1666833695058&CODE_STATE=getMsg HTTP/1.1" 200 27
222.69.192.207 - - [27/Oct/2022:09:20:02 +0800] "POST /xingrg/kc/buy/cgsh_list_operate.html HTTP/1.1" 200 562
222.69.192.207 - - [27/Oct/2022:09:20:04 +0800] "GET /xingrg/kc/buy/cgsh_order_info.html?code=212022102206626 HTTP/1.1" 200 64082
222.69.192.207 - - [27/Oct/2022:09:20:04 +0800] "GET /xingrg/javascript/easyui/themes/default/validatebox.css HTTP/1.1" 404 1104
221.239.141.151 - - [27/Oct/2022:09:20:05 +0800] "GET /xingrg/kc/buy/cgsh_order_add.html HTTP/1.1" 200 69138
221.239.141.151 - - [27/Oct/2022:09:20:05 +0800] "POST /xingrg/kc/buy/cgsh_order_operate.html HTTP/1.1" 200 8245
221.239.141.151 - - [27/Oct/2022:09:20:05 +0800] "GET /xingrg/javascript/easyui/themes/default/validatebox.css HTTP/1.1" 404 1104
222.69.192.207 - - [27/Oct/2022:09:20:05 +0800] "POST /xingrg/kc/buy/cgsh_order_operate.html HTTP/1.1" 200 26036
101.85.95.132 - - [27/Oct/2022:09:20:05 +0800] "GET /xingrg/all/function/internal_message.html?_=1666833596629&CODE_STATE=getMsg HTTP/1.1" 200 27
221.239.141.151 - - [27/Oct/2022:09:20:06 +0800] "GET /xingrg/javascript/easyui/plugins/jquery.draggable.js HTTP/1.1" 200 6121
221.239.141.151 - - [27/Oct/2022:09:20:06 +0800] "GET /xingrg/css/images/panel_loading.gif HTTP/1.1" 200 1737
