222.69.130.135 - - [27/Oct/2022:12:23:26 +0800] "GET /xingrg/index_mobile.html?sysBaseUrl=http%3A%2F%2F180.169.147.146%3A18081%2Fxingrg%2F&costTime=73×tamp=1666844606318 HTTP/1.1" 200 3182
222.69.130.135 - - [27/Oct/2022:12:23:26 +0800] "GET /xingrg/javascript/mobile/mobile.css HTTP/1.1" 200 347
222.69.130.135 - - [27/Oct/2022:12:23:26 +0800] "GET /xingrg/javascript/convert.js HTTP/1.1" 200 1239
222.69.130.135 - - [27/Oct/2022:12:23:26 +0800] "GET /xingrg/javascript/mobile/mobiscroll/mobiscroll.custom-2.6.2.min.css HTTP/1.1" 200 38004
222.69.130.135 - - [27/Oct/2022:12:23:26 +0800] "GET /xingrg/javascript/mobile/mobiscroll/mobiscroll.custom-2.6.2.min.js HTTP/1.1" 200 43737
222.69.130.135 - - [27/Oct/2022:12:23:26 +0800] "GET /xingrg/javascript/mobile/images/album-k.jpg HTTP/1.1" 200 4120
222.69.130.135 - - [27/Oct/2022:12:23:26 +0800] "GET /xingrg/javascript/mobile/images/icons-36-white.png HTTP/1.1" 200 3861
222.69.130.135 - - [27/Oct/2022:12:23:27 +0800] "GET /xingrg/dma/mobile/column_pie.html?type=yyfx&title=%D3%AA%D2%B5%B7%D6%CE%F6 HTTP/1.1" 200 10245
222.69.130.135 - - [27/Oct/2022:12:23:27 +0800] "GET /xingrg/javascript/mobile/js/highcharts.js HTTP/1.1" 200 134656
222.69.130.135 - - [27/Oct/2022:12:23:27 +0800] "GET /xingrg/javascript/mobile/js/modules/exporting.js HTTP/1.1" 200 7123
222.69.130.135 - - [27/Oct/2022:12:23:27 +0800] "GET /xingrg/javascript/mobile/mobile-common.js HTTP/1.1" 200 1484
222.69.130.135 - - [27/Oct/2022:12:23:28 +0800] "POST /xingrg/dma/mobile/report_query.html HTTP/1.1" 200 150
124.79.74.72 - - [27/Oct/2022:12:23:28 +0800] "GET /xingrg/kc/base/wldb_order_operate.html?command=get_materiel&rest_code=00156&base_code=0010779&code=00101016040 HTTP/1.1" 200 458
116.230.105.139 - - [27/Oct/2022:12:23:29 +0800] "GET /xingrg/all/function/internal_message.html?_=1666844564239&CODE_STATE=getMsg HTTP/1.1" 200 27
222.69.130.135 - - [27/Oct/2022:12:23:34 +0800] "POST /xingrg/dma/mobile/report_query.html HTTP/1.1" 200 492
116.238.139.35 - - [27/Oct/2022:12:23:34 +0800] "GET /xingrg/check_reg.html?_=1666844606425 HTTP/1.1" 200 22
116.238.139.35 - - [27/Oct/2022:12:23:34 +0800] "GET /xingrg/all/function/internal_message.html?_=1666844606428&CODE_STATE=getMsg HTTP/1.1" 200 27
124.79.74.72 - - [27/Oct/2022:12:23:35 +0800] "POST /xingrg/kc/base/wldb_order_operate.html HTTP/1.1" 200 37
124.79.74.72 - - [27/Oct/2022:12:23:36 +0800] "POST /xingrg/kc/base/wldb_order_operate.html HTTP/1.1" 200 14151
124.79.74.72 - - [27/Oct/2022:12:23:36 +0800] "GET /xingrg/kc/base/wldb_order_info.html?code=422022102701974 HTTP/1.1" 200 30384
124.79.74.72 - - [27/Oct/2022:12:23:36 +0800] "GET /xingrg/all/common/auto_word.html?type=base&rest_code=00156 HTTP/1.1" 200 1903
124.79.74.72 - - [27/Oct/2022:12:23:36 +0800] "GET /xingrg/javascript/easyui/themes/default/validatebox.css HTTP/1.1" 404 1104
124.79.74.72 - - [27/Oct/2022:12:23:36 +0800] "GET /xingrg/all/common/auto_word.html?type=base&rest_code=00156 HTTP/1.1" 200 1903
124.79.74.72 - - [27/Oct/2022:12:23:37 +0800] "POST /xingrg/kc/base/wldb_order_operate.html HTTP/1.1" 200 14151
124.79.74.72 - - [27/Oct/2022:12:23:38 +0800] "GET /xingrg/kc/base/wldb_order_add.html HTTP/1.1" 200 30367
124.79.74.72 - - [27/Oct/2022:12:23:38 +0800] "POST /xingrg/kc/base/wldb_order_operate.html HTTP/1.1" 200 6806
124.79.74.72 - - [27/Oct/2022:12:23:38 +0800] "GET /xingrg/all/common/auto_word.html?type=base&rest_code=00156 HTTP/1.1" 200 1903
124.79.74.72 - - [27/Oct/2022:12:23:38 +0800] "GET /xingrg/all/common/auto_word.html?type=base&rest_code=00156 HTTP/1.1" 200 1903
124.79.74.72 - - [27/Oct/2022:12:23:38 +0800] "GET /xingrg/javascript/easyui/themes/default/validatebox.css HTTP/1.1" 404 1104
124.79.74.72 - - [27/Oct/2022:12:23:42 +0800] "GET /xingrg/all/function/internal_message.html?_=1666844612466&CODE_STATE=getMsg HTTP/1.1" 200 27
116.238.139.35 - - [27/Oct/2022:12:23:45 +0800] "GET /xingrg/all/function/internal_message.html?_=1666844552469&CODE_STATE=getMsg HTTP/1.1" 200 27
124.79.74.72 - - [27/Oct/2022:12:23:45 +0800] "GET /xingrg/kc/base/wldb_order_operate.html?command=get_materiel&rest_code=00156&base_code=0010779&code=00101019430 HTTP/1.1" 200 477
114.84.81.136 - - [27/Oct/2022:12:23:48 +0800] "GET /xingrg/all/function/internal_message.html?_=1666844626931&CODE_STATE=getMsg HTTP/1.1" 200 27
114.84.81.136 - - [27/Oct/2022:12:23:48 +0800] "GET /xingrg/check_reg.html?_=1666844626930 HTTP/1.1" 200 22
124.79.74.72 - - [27/Oct/2022:12:23:48 +0800] "GET /xingrg/kc/base/wldb_order_operate.html?command=get_materiel&rest_code=00156&base_code=0010779&code=00101019295 HTTP/1.1" 200 477
124.79.74.72 - - [27/Oct/2022:12:23:52 +0800] "GET /xingrg/kc/base/wldb_order_operate.html?command=get_materiel&rest_code=00156&base_code=0010779&code=00101019339 HTTP/1.1" 200 469
124.79.74.72 - - [27/Oct/2022:12:23:55 +0800] "GET /xingrg/kc/base/wldb_order_operate.html?command=get_materiel&rest_code=00156&base_code=0010779&code=00101019438 HTTP/1.1" 200 462
222.69.130.135 - - [27/Oct/2022:12:23:55 +0800] "GET /xingrg/all/function/internal_message.html?_=1666844625839&CODE_STATE=getMsg HTTP/1.1" 200 27
180.169.147.146 - - [27/Oct/2022:12:23:56 +0800] "GET /xingrg/all/function/internal_message.html?_=1666844627244&CODE_STATE=getMsg HTTP/1.1" 200 27
58.40.7.146 - - [27/Oct/2022:12:24:00 +0800] "GET /xingrg/all/function/internal_message.html?_=1666844632069&CODE_STATE=getMsg HTTP/1.1" 200 27
124.79.74.72 - - [27/Oct/2022:12:24:02 +0800] "POST /xingrg/kc/base/wldb_order_operate.html HTTP/1.1" 200 37
124.79.74.72 - - [27/Oct/2022:12:24:02 +0800] "POST /xingrg/kc/base/wldb_order_operate.html HTTP/1.1" 200 3720
124.79.74.72 - - [27/Oct/2022:12:24:02 +0800] "GET /xingrg/kc/base/wldb_order_info.html?code=422022102701975 HTTP/1.1" 200 30381
124.79.74.72 - - [27/Oct/2022:12:24:02 +0800] "GET /xingrg/all/common/auto_word.html?type=base&rest_code=00156 HTTP/1.1" 200 1903
124.79.74.72 - - [27/Oct/2022:12:24:02 +0800] "GET /xingrg/javascript/easyui/themes/default/validatebox.css HTTP/1.1" 404 1104
124.79.74.72 - - [27/Oct/2022:12:24:02 +0800] "GET /xingrg/all/common/auto_word.html?type=base&rest_code=00156 HTTP/1.1" 200 1903
116.230.114.213 - - [27/Oct/2022:12:24:03 +0800] "GET /xingrg/all/function/internal_message.html?_=1666844652858&CODE_STATE=getMsg HTTP/1.1" 200 27
124.79.74.72 - - [27/Oct/2022:12:24:03 +0800] "POST /xingrg/kc/base/wldb_order_operate.html HTTP/1.1" 200 3720
124.79.74.72 - - [27/Oct/2022:12:24:04 +0800] "GET /xingrg/kc/base/wldb_order_add.html HTTP/1.1" 200 30367
120.253.135.82 - - [27/Oct/2022:12:24:04 +0800] "GET /xingrg/all/function/internal_message.html?_=1666844737840&CODE_STATE=getMsg HTTP/1.1" 200 27
124.79.74.72 - - [27/Oct/2022:12:24:04 +0800] "POST /xingrg/kc/base/wldb_order_operate.html HTTP/1.1" 200 6806
124.79.74.72 - - [27/Oct/2022:12:24:04 +0800] "GET /xingrg/all/common/auto_word.html?type=base&rest_code=00156 HTTP/1.1" 200 1903
124.79.74.72 - - [27/Oct/2022:12:24:04 +0800] "GET /xingrg/all/common/auto_word.html?type=base&rest_code=00156 HTTP/1.1" 200 1903
124.79.74.72 - - [27/Oct/2022:12:24:04 +0800] "GET /xingrg/javascript/easyui/themes/default/validatebox.css HTTP/1.1" 404 1104
101.85.95.132 - - [27/Oct/2022:12:24:06 +0800] "GET /xingrg/all/function/internal_message.html?_=1666844636754&CODE_STATE=getMsg HTTP/1.1" 200 27
101.85.95.132 - - [27/Oct/2022:12:24:06 +0800] "GET /xingrg/check_reg.html?_=1666844636756 HTTP/1.1" 200 22
180.162.109.76 - - [27/Oct/2022:12:24:07 +0800] "GET /xingrg/all/function/internal_message.html?_=1666843712013&CODE_STATE=getMsg HTTP/1.1" 200 27
124.79.74.72 - - [27/Oct/2022:12:24:13 +0800] "GET /xingrg/kc/base/wldb_order_operate.html?command=get_materiel&rest_code=00156&base_code=0010779&code=00101019373 HTTP/1.1" 200 466
222.69.192.207 - - [27/Oct/2022:12:24:15 +0800] "GET /xingrg/all/function/internal_message.html?_=1666844649270&CODE_STATE=getMsg HTTP/1.1" 200 27
124.79.74.72 - - [27/Oct/2022:12:24:16 +0800] "GET /xingrg/kc/base/wldb_order_operate.html?command=get_materiel&rest_code=00156&base_code=0010779&code=00101019236 HTTP/1.1" 200 467
116.237.72.181 - - [27/Oct/2022:12:24:22 +0800] "GET /xingrg/all/function/internal_message.html?_=1666844655064&CODE_STATE=getMsg HTTP/1.1" 200 27
116.237.72.181 - - [27/Oct/2022:12:24:22 +0800] "GET /xingrg/check_reg.html?_=1666844655067 HTTP/1.1" 200 22
116.237.72.181 - - [27/Oct/2022:12:24:24 +0800] "GET /xingrg/all/function/internal_message.html?_=1666844655740&CODE_STATE=getMsg HTTP/1.1" 200 27
124.79.74.72 - - [27/Oct/2022:12:24:24 +0800] "POST /xingrg/kc/base/wldb_order_operate.html HTTP/1.1" 200 37
124.79.74.72 - - [27/Oct/2022:12:24:24 +0800] "POST /xingrg/kc/base/wldb_order_operate.html HTTP/1.1" 200 2706
124.79.74.72 - - [27/Oct/2022:12:24:25 +0800] "GET /xingrg/kc/base/wldb_order_info.html?code=422022102701976 HTTP/1.1" 200 30381
124.79.74.72 - - [27/Oct/2022:12:24:25 +0800] "GET /xingrg/all/common/auto_word.html?type=base&rest_code=00156 HTTP/1.1" 200 1903
124.79.74.72 - - [27/Oct/2022:12:24:25 +0800] "GET /xingrg/javascript/easyui/themes/default/validatebox.css HTTP/1.1" 404 1104
124.79.74.72 - - [27/Oct/2022:12:24:25 +0800] "GET /xingrg/all/common/auto_word.html?type=base&rest_code=00156 HTTP/1.1" 200 1903
124.79.74.72 - - [27/Oct/2022:12:24:25 +0800] "POST /xingrg/kc/base/wldb_order_operate.html HTTP/1.1" 200 2706
124.79.74.72 - - [27/Oct/2022:12:24:27 +0800] "GET /xingrg/kc/base/wldb_order_add.html HTTP/1.1" 200 30367
124.79.74.72 - - [27/Oct/2022:12:24:27 +0800] "POST /xingrg/kc/base/wldb_order_operate.html HTTP/1.1" 200 6806
124.79.74.72 - - [27/Oct/2022:12:24:27 +0800] "GET /xingrg/all/common/auto_word.html?type=base&rest_code=00156 HTTP/1.1" 200 1903
124.79.74.72 - - [27/Oct/2022:12:24:27 +0800] "GET /xingrg/all/common/auto_word.html?type=base&rest_code=00156 HTTP/1.1" 200 1903
124.79.74.72 - - [27/Oct/2022:12:24:27 +0800] "GET /xingrg/javascript/easyui/themes/default/validatebox.css HTTP/1.1" 404 1104
116.230.105.139 - - [27/Oct/2022:12:24:29 +0800] "GET /xingrg/all/function/internal_message.html?_=1666844624229&CODE_STATE=getMsg HTTP/1.1" 200 27
116.238.139.35 - - [27/Oct/2022:12:24:34 +0800] "GET /xingrg/all/function/internal_message.html?_=1666844666429&CODE_STATE=getMsg HTTP/1.1" 200 27
124.79.74.72 - - [27/Oct/2022:12:24:35 +0800] "GET /xingrg/kc/base/wldb_order_operate.html?command=get_materiel&rest_code=00156&base_code=0010779&code=00101020350 HTTP/1.1" 200 458
124.79.74.72 - - [27/Oct/2022:12:24:39 +0800] "GET /xingrg/kc/base/wldb_order_operate.html?command=get_materiel&rest_code=00156&base_code=0010779&code=00101020175 HTTP/1.1" 200 452
124.79.74.72 - - [27/Oct/2022:12:24:42 +0800] "GET /xingrg/all/function/internal_message.html?_=1666844672470&CODE_STATE=getMsg HTTP/1.1" 200 27
124.79.74.72 - - [27/Oct/2022:12:24:42 +0800] "GET /xingrg/check_reg.html?_=1666844672472 HTTP/1.1" 200 22
124.79.74.72 - - [27/Oct/2022:12:24:42 +0800] "GET /xingrg/system/info/materiel_import.html?isSelect=1&singleSelect=false HTTP/1.1" 200 5600
124.79.74.72 - - [27/Oct/2022:12:24:42 +0800] "GET /xingrg/css/xtree.css HTTP/1.1" 200 880
124.79.74.72 - - [27/Oct/2022:12:24:42 +0800] "GET /xingrg/javascript/jquery_ui/themes/base/base.css HTTP/1.1" 200 28568
124.79.74.72 - - [27/Oct/2022:12:24:42 +0800] "GET /xingrg/javascript/jquery_easy_ui/themes/default/images/button_span_bg.gif HTTP/1.1" 200 2061
124.79.74.72 - - [27/Oct/2022:12:24:42 +0800] "GET /xingrg/javascript/jquery_easy_ui/themes/icons/search.png HTTP/1.1" 200 813
124.79.74.72 - - [27/Oct/2022:12:24:42 +0800] "GET /xingrg/javascript/jquery_easy_ui/themes/default/images/button_a_bg.gif HTTP/1.1" 200 1194
124.79.74.72 - - [27/Oct/2022:12:24:42 +0800] "GET /xingrg/javascript/jquery_easy_ui/themes/icons/edit_add.png HTTP/1.1" 200 1088
124.79.74.72 - - [27/Oct/2022:12:24:42 +0800] "GET /xingrg/javascript/jquery_easy_ui/themes/default/images/datagrid_header_bg.gif HTTP/1.1" 200 97
124.79.74.72 - - [27/Oct/2022:12:24:42 +0800] "GET /xingrg/javascript/jquery_easy_ui/themes/default/images/pagination_first.gif HTTP/1.1" 200 925
124.79.74.72 - - [27/Oct/2022:12:24:42 +0800] "GET /xingrg/javascript/jquery_easy_ui/themes/default/images/pagination_prev.gif HTTP/1.1" 200 879
124.79.74.72 - - [27/Oct/2022:12:24:42 +0800] "GET /xingrg/javascript/jquery_easy_ui/themes/default/images/pagination_next.gif HTTP/1.1" 200 875
124.79.74.72 - - [27/Oct/2022:12:24:42 +0800] "GET /xingrg/javascript/jquery_easy_ui/themes/default/images/pagination_last.gif HTTP/1.1" 200 923
124.79.74.72 - - [27/Oct/2022:12:24:42 +0800] "GET /xingrg/javascript/jquery_easy_ui/themes/default/images/pagination_load.png HTTP/1.1" 200 827
124.79.74.72 - - [27/Oct/2022:12:24:42 +0800] "POST /xingrg/all/common/load_tree.html?tree=materiel_sort_tree_json HTTP/1.1" 200 9500
116.238.139.35 - - [27/Oct/2022:12:24:45 +0800] "GET /xingrg/all/function/internal_message.html?_=1666844612516&CODE_STATE=getMsg HTTP/1.1" 200 27
114.84.81.136 - - [27/Oct/2022:12:24:48 +0800] "GET /xingrg/all/function/internal_message.html?_=1666844686929&CODE_STATE=getMsg HTTP/1.1" 200 27
124.79.74.72 - - [27/Oct/2022:12:24:52 +0800] "GET /xingrg/kc/base/wldb_order_operate.html?command=get_materiel&rest_code=00156&base_code=0010779&code=00101020175 HTTP/1.1" 200 452
222.69.130.135 - - [27/Oct/2022:12:24:55 +0800] "GET /xingrg/all/function/internal_message.html?_=1666844685822&CODE_STATE=getMsg HTTP/1.1" 200 27
116.230.114.213 - - [27/Oct/2022:12:24:56 +0800] "GET /xingrg/check_reg.html?_=1666844706057 HTTP/1.1" 200 22
180.169.147.146 - - [27/Oct/2022:12:24:56 +0800] "GET /xingrg/all/function/internal_message.html?_=1666844687195&CODE_STATE=getMsg HTTP/1.1" 200 27
58.40.7.146 - - [27/Oct/2022:12:25:00 +0800] "GET /xingrg/check_reg.html?_=1666844692072 HTTP/1.1" 200 22
58.40.7.146 - - [27/Oct/2022:12:25:00 +0800] "GET /xingrg/all/function/internal_message.html?_=1666844692073&CODE_STATE=getMsg HTTP/1.1" 200 27
124.79.74.72 - - [27/Oct/2022:12:25:01 +0800] "GET /xingrg/kc/base/wldb_order_operate.html?command=get_materiel&rest_code=00156&base_code=0010779&code=00101020267 HTTP/1.1" 200 455
116.230.114.213 - - [27/Oct/2022:12:25:03 +0800] "GET /xingrg/all/function/internal_message.html?_=1666844712859&CODE_STATE=getMsg HTTP/1.1" 200 27
120.253.135.82 - - [27/Oct/2022:12:25:04 +0800] "GET /xingrg/all/function/internal_message.html?_=1666844797853&CODE_STATE=getMsg HTTP/1.1" 200 27
101.85.95.132 - - [27/Oct/2022:12:25:06 +0800] "GET /xingrg/all/function/internal_message.html?_=1666844696756&CODE_STATE=getMsg HTTP/1.1" 200 27
180.162.109.76 - - [27/Oct/2022:12:25:07 +0800] "GET /xingrg/all/function/internal_message.html?_=1666843771998&CODE_STATE=getMsg HTTP/1.1" 200 27
124.79.74.72 - - [27/Oct/2022:12:25:15 +0800] "GET /xingrg/kc/base/wldb_order_operate.html?command=get_materiel&rest_code=00156&base_code=0010779&code=00101020266 HTTP/1.1" 200 454
222.69.192.207 - - [27/Oct/2022:12:25:15 +0800] "GET /xingrg/all/function/internal_message.html?_=1666844709271&CODE_STATE=getMsg HTTP/1.1" 200 27
124.79.74.72 - - [27/Oct/2022:12:25:20 +0800] "POST /xingrg/kc/base/wldb_order_operate.html HTTP/1.1" 200 37
124.79.74.72 - - [27/Oct/2022:12:25:20 +0800] "POST /xingrg/kc/base/wldb_order_operate.html HTTP/1.1" 200 3192
124.79.74.72 - - [27/Oct/2022:12:25:21 +0800] "GET /xingrg/kc/base/wldb_order_info.html?code=422022102701977 HTTP/1.1" 200 30383
124.79.74.72 - - [27/Oct/2022:12:25:21 +0800] "GET /xingrg/all/common/auto_word.html?type=base&rest_code=00156 HTTP/1.1" 200 1903
124.79.74.72 - - [27/Oct/2022:12:25:21 +0800] "GET /xingrg/javascript/easyui/themes/default/validatebox.css HTTP/1.1" 404 1104
124.79.74.72 - - [27/Oct/2022:12:25:21 +0800] "GET /xingrg/all/common/auto_word.html?type=base&rest_code=00156 HTTP/1.1" 200 1903
124.79.74.72 - - [27/Oct/2022:12:25:21 +0800] "POST /xingrg/kc/base/wldb_order_operate.html HTTP/1.1" 200 3192
116.237.72.181 - - [27/Oct/2022:12:25:22 +0800] "GET /xingrg/all/function/internal_message.html?_=1666844715067&CODE_STATE=getMsg HTTP/1.1" 200 27
124.79.74.72 - - [27/Oct/2022:12:25:22 +0800] "GET /xingrg/kc/base/wldb_order_add.html HTTP/1.1" 200 30367
124.79.74.72 - - [27/Oct/2022:12:25:23 +0800] "POST /xingrg/kc/base/wldb_order_operate.html HTTP/1.1" 200 6806
124.79.74.72 - - [27/Oct/2022:12:25:23 +0800] "GET /xingrg/all/common/auto_word.html?type=base&rest_code=00156 HTTP/1.1" 200 1903
124.79.74.72 - - [27/Oct/2022:12:25:23 +0800] "GET /xingrg/all/common/auto_word.html?type=base&rest_code=00156 HTTP/1.1" 200 1903
124.79.74.72 - - [27/Oct/2022:12:25:23 +0800] "GET /xingrg/javascript/easyui/themes/default/validatebox.css HTTP/1.1" 404 1104
116.237.72.181 - - [27/Oct/2022:12:25:24 +0800] "GET /xingrg/all/function/internal_message.html?_=1666844715742&CODE_STATE=getMsg HTTP/1.1" 200 27
116.230.105.139 - - [27/Oct/2022:12:25:29 +0800] "GET /xingrg/all/function/internal_message.html?_=1666844684201&CODE_STATE=getMsg HTTP/1.1" 200 27
114.88.159.190 - - [27/Oct/2022:12:25:29 +0800] "GET /xingrg/check_reg.html?_=1666844343822 HTTP/1.1" 200 22
124.79.74.72 - - [27/Oct/2022:12:25:30 +0800] "GET /xingrg/kc/base/wldb_order_operate.html?command=get_materiel&rest_code=00156&base_code=0010779&code=00101037073 HTTP/1.1" 200 433
116.230.105.139 - - [27/Oct/2022:12:25:32 +0800] "GET /xingrg/check_reg.html?_=1666844687434 HTTP/1.1" 200 22
116.238.139.35 - - [27/Oct/2022:12:25:34 +0800] "GET /xingrg/all/function/internal_message.html?_=1666844726431&CODE_STATE=getMsg HTTP/1.1" 200 27
124.79.74.72 - - [27/Oct/2022:12:25:42 +0800] "GET /xingrg/all/function/internal_message.html?_=1666844732470&CODE_STATE=getMsg HTTP/1.1" 200 27
116.238.139.35 - - [27/Oct/2022:12:25:45 +0800] "GET /xingrg/all/function/internal_message.html?_=1666844672527&CODE_STATE=getMsg HTTP/1.1" 200 27
114.84.81.136 - - [27/Oct/2022:12:25:48 +0800] "GET /xingrg/all/function/internal_message.html?_=1666844746927&CODE_STATE=getMsg HTTP/1.1" 200 27
222.69.130.135 - - [27/Oct/2022:12:25:55 +0800] "GET /xingrg/all/function/internal_message.html?_=1666844745812&CODE_STATE=getMsg HTTP/1.1" 200 27
180.169.147.146 - - [27/Oct/2022:12:25:56 +0800] "GET /xingrg/check_reg.html?_=1666844747191 HTTP/1.1" 200 22
180.169.147.146 - - [27/Oct/2022:12:25:56 +0800] "GET /xingrg/all/function/internal_message.html?_=1666844747193&CODE_STATE=getMsg HTTP/1.1" 200 27
58.40.7.146 - - [27/Oct/2022:12:26:00 +0800] "GET /xingrg/all/function/internal_message.html?_=1666844752058&CODE_STATE=getMsg HTTP/1.1" 200 27
120.253.135.82 - - [27/Oct/2022:12:26:01 +0800] "GET /xingrg/check_reg.html?_=1666844855044 HTTP/1.1" 200 22
116.230.114.213 - - [27/Oct/2022:12:26:03 +0800] "GET /xingrg/all/function/internal_message.html?_=1666844772873&CODE_STATE=getMsg HTTP/1.1" 200 27
120.253.135.82 - - [27/Oct/2022:12:26:04 +0800] "GET /xingrg/all/function/internal_message.html?_=1666844857869&CODE_STATE=getMsg HTTP/1.1" 200 27
101.85.95.132 - - [27/Oct/2022:12:26:06 +0800] "GET /xingrg/all/function/internal_message.html?_=1666844756756&CODE_STATE=getMsg HTTP/1.1" 200 27
180.162.109.76 - - [27/Oct/2022:12:26:07 +0800] "GET /xingrg/all/function/internal_message.html?_=1666843832039&CODE_STATE=getMsg HTTP/1.1" 200 27
222.69.192.207 - - [27/Oct/2022:12:26:15 +0800] "GET /xingrg/all/function/internal_message.html?_=1666844769272&CODE_STATE=getMsg HTTP/1.1" 200 27
116.237.72.181 - - [27/Oct/2022:12:26:22 +0800] "GET /xingrg/all/function/internal_message.html?_=1666844775096&CODE_STATE=getMsg HTTP/1.1" 200 27
116.237.72.181 - - [27/Oct/2022:12:26:24 +0800] "GET /xingrg/all/function/internal_message.html?_=1666844775746&CODE_STATE=getMsg HTTP/1.1" 200 27
116.237.72.181 - - [27/Oct/2022:12:26:24 +0800] "GET /xingrg/check_reg.html?_=1666844775748 HTTP/1.1" 200 22
120.253.135.82 - - [27/Oct/2022:12:26:28 +0800] "GET /xingrg/css/site.css HTTP/1.1" 200 7541
120.253.135.82 - - [27/Oct/2022:12:26:28 +0800] "GET /xingrg/css/base.css HTTP/1.1" 200 2811
120.253.135.82 - - [27/Oct/2022:12:26:28 +0800] "GET /xingrg/javascript/jquery_tools/datebox.css HTTP/1.1" 200 2597
120.253.135.82 - - [27/Oct/2022:12:26:28 +0800] "GET /xingrg/javascript/auto/jquery.autocomplete.css HTTP/1.1" 200 587
120.253.135.82 - - [27/Oct/2022:12:26:28 +0800] "GET /xingrg/javascript/jquery_tools/fix.css HTTP/1.1" 200 1702
120.253.135.82 - - [27/Oct/2022:12:26:28 +0800] "GET /xingrg/javascript/easyui/themes/icon.css HTTP/1.1" 200 4483
120.253.135.82 - - [27/Oct/2022:12:26:28 +0800] "GET /xingrg/javascript/jquery_tools/table.css HTTP/1.1" 200 1032
120.253.135.82 - - [27/Oct/2022:12:26:28 +0800] "GET /xingrg/javascript/jquery_tools/jquery.tools.min.js HTTP/1.1" 200 138801
120.253.135.82 - - [27/Oct/2022:12:26:28 +0800] "GET /xingrg/javascript/jquery_tools/jquery.tools.hotkey.js HTTP/1.1" 200 3242
120.253.135.82 - - [27/Oct/2022:12:26:28 +0800] "GET /xingrg/javascript/jquery_tools/jquery.tools.table.js HTTP/1.1" 200 6994
120.253.135.82 - - [27/Oct/2022:12:26:28 +0800] "GET /xingrg/javascript/jquery_tools/list_manager.js HTTP/1.1" 200 3652
120.253.135.82 - - [27/Oct/2022:12:26:28 +0800] "GET /xingrg/kc/buy/cgsh_order_list.html HTTP/1.1" 200 53322
120.253.135.82 - - [27/Oct/2022:12:26:28 +0800] "GET /xingrg/javascript/easyui/easyloader.js HTTP/1.1" 200 5975
120.253.135.82 - - [27/Oct/2022:12:26:28 +0800] "GET /xingrg/javascript/jquery.cookie.js HTTP/1.1" 200 5513
120.253.135.82 - - [27/Oct/2022:12:26:28 +0800] "GET /xingrg/javascript/print/LodopFuncs.js HTTP/1.1" 200 5121
120.253.135.82 - - [27/Oct/2022:12:26:28 +0800] "GET /xingrg/javascript/jquery_tools/jquery.tools.extend.js HTTP/1.1" 200 15385
120.253.135.82 - - [27/Oct/2022:12:26:28 +0800] "GET /xingrg/javascript/easyui/themes/default/easyui.css HTTP/1.1" 200 30432
120.253.135.82 - - [27/Oct/2022:12:26:28 +0800] "GET /xingrg/javascript/jquery.utils.js HTTP/1.1" 200 11805
120.253.135.82 - - [27/Oct/2022:12:26:28 +0800] "GET /xingrg/javascript/auto/jquery.autocomplete.js HTTP/1.1" 200 21624
120.253.135.82 - - [27/Oct/2022:12:26:28 +0800] "GET /xingrg/javascript/easyui/plugins/jquery.parser.js HTTP/1.1" 200 1142
116.230.105.139 - - [27/Oct/2022:12:26:29 +0800] "GET /xingrg/all/function/internal_message.html?_=1666844744190&CODE_STATE=getMsg HTTP/1.1" 200 27
120.253.135.82 - - [27/Oct/2022:12:26:29 +0800] "POST /xingrg/kc/buy/cgsh_list_operate.html HTTP/1.1" 200 986
120.253.135.82 - - [27/Oct/2022:12:26:29 +0800] "POST /xingrg/kc/buy/cgsh_list_operate.html HTTP/1.1" 200 986
116.238.139.35 - - [27/Oct/2022:12:26:34 +0800] "GET /xingrg/all/function/internal_message.html?_=1666844786432&CODE_STATE=getMsg HTTP/1.1" 200 27
120.253.135.82 - - [27/Oct/2022:12:26:36 +0800] "GET /xingrg/javascript/easyui/themes/default/images/button_plain_hover.png HTTP/1.1" 200 144
120.253.135.82 - - [27/Oct/2022:12:26:36 +0800] "GET /xingrg/javascript/easyui/themes/default/images/button_plain_hover.png HTTP/1.1" 200 144
120.253.135.82 - - [27/Oct/2022:12:26:36 +0800] "GET /xingrg/javascript/pic_change.js HTTP/1.1" 200 4739
120.253.135.82 - - [27/Oct/2022:12:26:36 +0800] "GET /xingrg/javascript/convert.js HTTP/1.1" 200 1239
120.253.135.82 - - [27/Oct/2022:12:26:36 +0800] "GET /xingrg/javascript/json2.js HTTP/1.1" 200 11259
120.253.135.82 - - [27/Oct/2022:12:26:36 +0800] "GET /xingrg/javascript/jquery_tools/order_manager.js HTTP/1.1" 200 11183
120.253.135.82 - - [27/Oct/2022:12:26:36 +0800] "GET /xingrg/javascript/print/kc_print.js HTTP/1.1" 200 11415
120.253.135.82 - - [27/Oct/2022:12:26:36 +0800] "GET /xingrg/kc/buy/cgsh_order_add.html HTTP/1.1" 200 68161
120.253.135.82 - - [27/Oct/2022:12:26:36 +0800] "GET /xingrg/words/20221024164613_words.js HTTP/1.1" 200 926925
120.253.135.82 - - [27/Oct/2022:12:26:36 +0800] "GET /xingrg/javascript/easyui/themes/icons/copy_new.png HTTP/1.1" 200 815
120.253.135.82 - - [27/Oct/2022:12:26:36 +0800] "GET /xingrg/javascript/easyui/themes/icons/ok.png HTTP/1.1" 200 883
120.253.135.82 - - [27/Oct/2022:12:26:36 +0800] "GET /xingrg/javascript/easyui/themes/icons/template_new.png HTTP/1.1" 200 3956
120.253.135.82 - - [27/Oct/2022:12:26:36 +0800] "GET /xingrg/javascript/easyui/themes/icons/print.png HTTP/1.1" 200 1057
120.253.135.82 - - [27/Oct/2022:12:26:36 +0800] "GET /xingrg/javascript/easyui/themes/default/images/menu_downarrow.png HTTP/1.1" 200 173
120.253.135.82 - - [27/Oct/2022:12:26:37 +0800] "GET /xingrg/javascript/easyui/themes/icons/cancel.png HTTP/1.1" 200 1133
120.253.135.82 - - [27/Oct/2022:12:26:37 +0800] "POST /xingrg/kc/buy/cgsh_order_operate.html HTTP/1.1" 200 8245
120.253.135.82 - - [27/Oct/2022:12:26:37 +0800] "GET /xingrg/javascript/easyui/themes/icons/edit_remove.png HTTP/1.1" 200 625
120.253.135.82 - - [27/Oct/2022:12:26:37 +0800] "GET /xingrg/all/common/auto_word.html?type=employee&rest_code=00101 HTTP/1.1" 200 977
120.253.135.82 - - [27/Oct/2022:12:26:37 +0800] "GET /xingrg/all/common/auto_word.html?type=employee&rest_code=00101 HTTP/1.1" 200 977
120.253.135.82 - - [27/Oct/2022:12:26:38 +0800] "GET /xingrg/javascript/easyui/plugins/jquery.validatebox.js HTTP/1.1" 200 6103
120.253.135.82 - - [27/Oct/2022:12:26:38 +0800] "GET /xingrg/javascript/easyui/themes/default/validatebox.css HTTP/1.1" 404 1104
120.253.135.82 - - [27/Oct/2022:12:26:38 +0800] "GET /xingrg/javascript/easyui/plugins/jquery.numberbox.js HTTP/1.1" 200 5213
120.253.135.82 - - [27/Oct/2022:12:26:41 +0800] "GET /xingrg/kc/buy/cgsh_order_list.html HTTP/1.1" 200 53322
124.79.74.72 - - [27/Oct/2022:12:26:42 +0800] "GET /xingrg/all/function/internal_message.html?_=1666844792466&CODE_STATE=getMsg HTTP/1.1" 200 27
120.253.135.82 - - [27/Oct/2022:12:26:42 +0800] "POST /xingrg/kc/buy/cgsh_list_operate.html HTTP/1.1" 200 986
120.253.135.82 - - [27/Oct/2022:12:26:43 +0800] "GET /xingrg/kc/buy/cgsh_order_add.html HTTP/1.1" 200 68161
120.253.135.82 - - [27/Oct/2022:12:26:44 +0800] "POST /xingrg/kc/buy/cgsh_order_operate.html HTTP/1.1" 200 8245
120.253.135.82 - - [27/Oct/2022:12:26:44 +0800] "GET /xingrg/javascript/easyui/themes/default/validatebox.css HTTP/1.1" 404 1104
120.253.135.82 - - [27/Oct/2022:12:26:45 +0800] "GET /xingrg/css/images/panel_loading.gif HTTP/1.1" 200 1737
116.238.139.35 - - [27/Oct/2022:12:26:45 +0800] "GET /xingrg/all/function/internal_message.html?_=1666844732572&CODE_STATE=getMsg HTTP/1.1" 200 27
120.253.135.82 - - [27/Oct/2022:12:26:45 +0800] "POST /xingrg/all/common/load_combo.html?type=employee HTTP/1.1" 200 1752
120.253.135.82 - - [27/Oct/2022:12:26:47 +0800] "GET /xingrg/check_reg.html?_=1666844569564 HTTP/1.1" 200 22
120.253.135.82 - - [27/Oct/2022:12:26:47 +0800] "GET /xingrg/all/function/internal_message.html?_=1666842318242&CODE_STATE=getMsg HTTP/1.1" 200 27
124.79.74.72 - - [27/Oct/2022:12:26:47 +0800] "POST /xingrg/kc/base/wldb_order_operate.html HTTP/1.1" 200 37
114.84.81.136 - - [27/Oct/2022:12:26:48 +0800] "GET /xingrg/all/function/internal_message.html?_=1666844806925&CODE_STATE=getMsg HTTP/1.1" 200 27
124.79.74.72 - - [27/Oct/2022:12:26:48 +0800] "POST /xingrg/kc/base/wldb_order_operate.html HTTP/1.1" 200 2185
124.79.74.72 - - [27/Oct/2022:12:26:48 +0800] "GET /xingrg/kc/base/wldb_order_info.html?code=422022102701978 HTTP/1.1" 200 30384
124.79.74.72 - - [27/Oct/2022:12:26:48 +0800] "GET /xingrg/all/common/auto_word.html?type=base&rest_code=00156 HTTP/1.1" 200 1903
124.79.74.72 - - [27/Oct/2022:12:26:48 +0800] "GET /xingrg/javascript/easyui/themes/default/validatebox.css HTTP/1.1" 404 1104
124.79.74.72 - - [27/Oct/2022:12:26:48 +0800] "GET /xingrg/all/common/auto_word.html?type=base&rest_code=00156 HTTP/1.1" 200 1903
124.79.74.72 - - [27/Oct/2022:12:26:49 +0800] "POST /xingrg/kc/base/wldb_order_operate.html HTTP/1.1" 200 2185
124.79.74.72 - - [27/Oct/2022:12:26:50 +0800] "GET /xingrg/kc/base/wldb_order_add.html HTTP/1.1" 200 30367
124.79.74.72 - - [27/Oct/2022:12:26:50 +0800] "POST /xingrg/kc/base/wldb_order_operate.html HTTP/1.1" 200 6806
124.79.74.72 - - [27/Oct/2022:12:26:50 +0800] "GET /xingrg/all/common/auto_word.html?type=base&rest_code=00156 HTTP/1.1" 200 1903
124.79.74.72 - - [27/Oct/2022:12:26:50 +0800] "GET /xingrg/all/common/auto_word.html?type=base&rest_code=00156 HTTP/1.1" 200 1903
124.79.74.72 - - [27/Oct/2022:12:26:50 +0800] "GET /xingrg/javascript/easyui/themes/default/validatebox.css HTTP/1.1" 404 1104
116.237.72.181 - - [27/Oct/2022:12:26:53 +0800] "GET /xingrg/check_reg.html?_=1666844802461 HTTP/1.1" 200 22
120.253.135.82 - - [27/Oct/2022:12:26:54 +0800] "GET /xingrg/javascript/auto/indicator.gif HTTP/1.1" 404 1066
222.69.130.135 - - [27/Oct/2022:12:26:55 +0800] "GET /xingrg/all/function/internal_message.html?_=1666844805797&CODE_STATE=getMsg HTTP/1.1" 200 27
180.169.147.146 - - [27/Oct/2022:12:26:56 +0800] "GET /xingrg/all/function/internal_message.html?_=1666844807203&CODE_STATE=getMsg HTTP/1.1" 200 27
120.253.135.82 - - [27/Oct/2022:12:26:59 +0800] "POST /xingrg/kc/pszx/mdps_list_operate.html HTTP/1.1" 200 522
58.40.7.146 - - [27/Oct/2022:12:27:00 +0800] "GET /xingrg/all/function/internal_message.html?_=1666844812060&CODE_STATE=getMsg HTTP/1.1" 200 27
124.79.74.72 - - [27/Oct/2022:12:27:01 +0800] "GET /xingrg/kc/base/wldb_order_operate.html?command=get_materiel&rest_code=00156&base_code=0010781&code=00101014033 HTTP/1.1" 200 436
116.230.114.213 - - [27/Oct/2022:12:27:03 +0800] "GET /xingrg/all/function/internal_message.html?_=1666844832938&CODE_STATE=getMsg HTTP/1.1" 200 27
120.253.135.82 - - [27/Oct/2022:12:27:04 +0800] "GET /xingrg/all/function/internal_message.html?_=1666844917879&CODE_STATE=getMsg HTTP/1.1" 200 27
120.253.135.82 - - [27/Oct/2022:12:27:05 +0800] "POST /xingrg/kc/pszx/mdps_list_operate.html HTTP/1.1" 200 307
124.79.74.72 - - [27/Oct/2022:12:27:05 +0800] "GET /xingrg/kc/base/wldb_order_operate.html?command=get_materiel&rest_code=00156&base_code=0010781&code=00101014007 HTTP/1.1" 200 433
120.253.135.82 - - [27/Oct/2022:12:27:05 +0800] "GET /xingrg/kc/buy/cgsh_order_operate.html?command=get_materiel&rest_code=00101&code=00101013115&supplier_code=00100106&order_time=2022-10-27 HTTP/1.1" 200 433
101.85.95.132 - - [27/Oct/2022:12:27:06 +0800] "GET /xingrg/all/function/internal_message.html?_=1666844816782&CODE_STATE=getMsg HTTP/1.1" 200 27
180.162.109.76 - - [27/Oct/2022:12:27:07 +0800] "GET /xingrg/check_reg.html?_=1666843892026 HTTP/1.1" 200 22
180.162.109.76 - - [27/Oct/2022:12:27:07 +0800] "GET /xingrg/all/function/internal_message.html?_=1666843892024&CODE_STATE=getMsg HTTP/1.1" 200 27
124.79.74.72 - - [27/Oct/2022:12:27:13 +0800] "POST /xingrg/kc/base/wldb_order_operate.html HTTP/1.1" 200 37
124.79.74.72 - - [27/Oct/2022:12:27:13 +0800] "POST /xingrg/kc/base/wldb_order_operate.html HTTP/1.1" 200 2658
124.79.74.72 - - [27/Oct/2022:12:27:13 +0800] "GET /xingrg/kc/base/wldb_order_info.html?code=422022102701979 HTTP/1.1" 200 30384
124.79.74.72 - - [27/Oct/2022:12:27:13 +0800] "GET /xingrg/all/common/auto_word.html?type=base&rest_code=00156 HTTP/1.1" 200 1903
124.79.74.72 - - [27/Oct/2022:12:27:13 +0800] "GET /xingrg/javascript/easyui/themes/default/validatebox.css HTTP/1.1" 404 1104
124.79.74.72 - - [27/Oct/2022:12:27:13 +0800] "GET /xingrg/all/common/auto_word.html?type=base&rest_code=00156 HTTP/1.1" 200 1903
124.79.74.72 - - [27/Oct/2022:12:27:14 +0800] "POST /xingrg/kc/base/wldb_order_operate.html HTTP/1.1" 200 2658
124.79.74.72 - - [27/Oct/2022:12:27:15 +0800] "GET /xingrg/kc/base/wldb_order_add.html HTTP/1.1" 200 30367
124.79.74.72 - - [27/Oct/2022:12:27:15 +0800] "POST /xingrg/kc/base/wldb_order_operate.html HTTP/1.1" 200 6806
124.79.74.72 - - [27/Oct/2022:12:27:15 +0800] "GET /xingrg/all/common/auto_word.html?type=base&rest_code=00156 HTTP/1.1" 200 1903
124.79.74.72 - - [27/Oct/2022:12:27:15 +0800] "GET /xingrg/all/common/auto_word.html?type=base&rest_code=00156 HTTP/1.1" 200 1903
124.79.74.72 - - [27/Oct/2022:12:27:15 +0800] "GET /xingrg/javascript/easyui/themes/default/validatebox.css HTTP/1.1" 404 1104
222.69.192.207 - - [27/Oct/2022:12:27:15 +0800] "GET /xingrg/check_reg.html?_=1666844829271 HTTP/1.1" 200 22
222.69.192.207 - - [27/Oct/2022:12:27:15 +0800] "GET /xingrg/all/function/internal_message.html?_=1666844829281&CODE_STATE=getMsg HTTP/1.1" 200 27
120.253.135.82 - - [27/Oct/2022:12:27:21 +0800] "GET /xingrg/all/function/internal_message.html?_=1666844629682&CODE_STATE=getMsg HTTP/1.1" 200 27
116.237.72.181 - - [27/Oct/2022:12:27:22 +0800] "GET /xingrg/all/function/internal_message.html?_=1666844835096&CODE_STATE=getMsg HTTP/1.1" 200 27
116.237.72.181 - - [27/Oct/2022:12:27:24 +0800] "GET /xingrg/all/function/internal_message.html?_=1666844835748&CODE_STATE=getMsg HTTP/1.1" 200 27
120.253.135.82 - - [27/Oct/2022:12:27:25 +0800] "GET /xingrg/kc/pszx/mdps_order_info.html?code=312022102700537 HTTP/1.1" 200 23974
120.253.135.82 - - [27/Oct/2022:12:27:25 +0800] "GET /xingrg/javascript/easyui/themes/default/validatebox.css HTTP/1.1" 404 1104
120.253.135.82 - - [27/Oct/2022:12:27:26 +0800] "POST /xingrg/kc/pszx/mdps_order_operate.html HTTP/1.1" 200 2825
116.230.105.139 - - [27/Oct/2022:12:27:29 +0800] "GET /xingrg/all/function/internal_message.html?_=1666844804174&CODE_STATE=getMsg HTTP/1.1" 200 27
120.253.135.82 - - [27/Oct/2022:12:27:30 +0800] "GET /xingrg/kc/buy/cgsh_order_operate.html?command=get_materiel&rest_code=00101&code=00101013229&supplier_code=00100106&order_time=2022-10-27 HTTP/1.1" 200 432
120.253.135.82 - - [27/Oct/2022:12:27:31 +0800] "POST /xingrg/kc/pszx/mdps_order_operate.html HTTP/1.1" 200 37
120.253.135.82 - - [27/Oct/2022:12:27:33 +0800] "POST /xingrg/kc/pszx/mdps_order_operate.html HTTP/1.1" 200 12
120.253.135.82 - - [27/Oct/2022:12:27:34 +0800] "GET /xingrg/kc/pszx/mdps_order_info.html?code=312022102700537 HTTP/1.1" 200 19634
120.253.135.82 - - [27/Oct/2022:12:27:34 +0800] "POST /xingrg/kc/pszx/mdps_order_operate.html HTTP/1.1" 200 1041
120.253.135.82 - - [27/Oct/2022:12:27:34 +0800] "GET /xingrg/javascript/easyui/themes/default/validatebox.css HTTP/1.1" 404 1104
116.238.139.35 - - [27/Oct/2022:12:27:34 +0800] "GET /xingrg/all/function/internal_message.html?_=1666844846433&CODE_STATE=getMsg HTTP/1.1" 200 27
120.253.135.82 - - [27/Oct/2022:12:27:36 +0800] "POST /xingrg/kc/pszx/mdps_list_operate.html HTTP/1.1" 200 2798
120.253.135.82 - - [27/Oct/2022:12:27:37 +0800] "POST /xingrg/kc/pszx/mdps_list_operate.html HTTP/1.1" 200 544
120.253.135.82 - - [27/Oct/2022:12:27:38 +0800] "GET /xingrg/kc/pszx/mdps_order_info.html?code=312022102700536 HTTP/1.1" 200 23976
120.253.135.82 - - [27/Oct/2022:12:27:38 +0800] "GET /xingrg/javascript/easyui/themes/default/validatebox.css HTTP/1.1" 404 1104
120.253.135.82 - - [27/Oct/2022:12:27:38 +0800] "POST /xingrg/kc/pszx/mdps_order_operate.html HTTP/1.1" 200 4327
124.79.74.72 - - [27/Oct/2022:12:27:40 +0800] "GET /xingrg/kc/base/wldb_order_operate.html?command=get_materiel&rest_code=00156&base_code=0010796&code=00101029023 HTTP/1.1" 200 475
116.238.139.35 - - [27/Oct/2022:12:27:41 +0800] "GET /xingrg/check_reg.html?_=1666844788108 HTTP/1.1" 200 22
120.253.135.82 - - [27/Oct/2022:12:27:41 +0800] "GET /xingrg/kc/buy/cgsh_order_operate.html?command=get_materiel&rest_code=00101&code=00101013062&supplier_code=00100106&order_time=2022-10-27 HTTP/1.1" 200 433
124.79.74.72 - - [27/Oct/2022:12:27:42 +0800] "GET /xingrg/all/function/internal_message.html?_=1666844852466&CODE_STATE=getMsg HTTP/1.1" 200 27
120.253.135.82 - - [27/Oct/2022:12:27:42 +0800] "POST /xingrg/kc/pszx/mdps_order_operate.html HTTP/1.1" 200 37
120.253.135.82 - - [27/Oct/2022:12:27:44 +0800] "POST /xingrg/kc/pszx/mdps_order_operate.html HTTP/1.1" 200 12
116.238.139.35 - - [27/Oct/2022:12:27:45 +0800] "GET /xingrg/all/function/internal_message.html?_=1666844792587&CODE_STATE=getMsg HTTP/1.1" 200 27
114.84.81.136 - - [27/Oct/2022:12:27:48 +0800] "GET /xingrg/all/function/internal_message.html?_=1666844866923&CODE_STATE=getMsg HTTP/1.1" 200 27
124.79.74.72 - - [27/Oct/2022:12:27:48 +0800] "POST /xingrg/kc/base/wldb_order_operate.html HTTP/1.1" 200 37
124.79.74.72 - - [27/Oct/2022:12:27:49 +0800] "POST /xingrg/kc/base/wldb_order_operate.html HTTP/1.1" 200 2217
124.79.74.72 - - [27/Oct/2022:12:27:49 +0800] "GET /xingrg/kc/base/wldb_order_info.html?code=422022102701980 HTTP/1.1" 200 30374
124.79.74.72 - - [27/Oct/2022:12:27:49 +0800] "GET /xingrg/all/common/auto_word.html?type=base&rest_code=00156 HTTP/1.1" 200 1903
124.79.74.72 - - [27/Oct/2022:12:27:49 +0800] "GET /xingrg/javascript/easyui/themes/default/validatebox.css HTTP/1.1" 404 1104
124.79.74.72 - - [27/Oct/2022:12:27:49 +0800] "GET /xingrg/all/common/auto_word.html?type=base&rest_code=00156 HTTP/1.1" 200 1903
124.79.74.72 - - [27/Oct/2022:12:27:49 +0800] "POST /xingrg/kc/base/wldb_order_operate.html HTTP/1.1" 200 2217
124.79.74.72 - - [27/Oct/2022:12:27:51 +0800] "GET /xingrg/kc/base/wldb_order_add.html HTTP/1.1" 200 30367
124.79.74.72 - - [27/Oct/2022:12:27:51 +0800] "POST /xingrg/kc/base/wldb_order_operate.html HTTP/1.1" 200 6806
124.79.74.72 - - [27/Oct/2022:12:27:51 +0800] "GET /xingrg/all/common/auto_word.html?type=base&rest_code=00156 HTTP/1.1" 200 1903
124.79.74.72 - - [27/Oct/2022:12:27:51 +0800] "GET /xingrg/all/common/auto_word.html?type=base&rest_code=00156 HTTP/1.1" 200 1903
124.79.74.72 - - [27/Oct/2022:12:27:51 +0800] "GET /xingrg/javascript/easyui/themes/default/validatebox.css HTTP/1.1" 404 1104
222.69.130.135 - - [27/Oct/2022:12:27:55 +0800] "GET /xingrg/all/function/internal_message.html?_=1666844865789&CODE_STATE=getMsg HTTP/1.1" 200 27
180.169.147.146 - - [27/Oct/2022:12:27:56 +0800] "GET /xingrg/all/function/internal_message.html?_=1666844867200&CODE_STATE=getMsg HTTP/1.1" 200 27
222.69.130.135 - - [27/Oct/2022:12:27:58 +0800] "GET /xingrg/check_reg.html?_=1666844868522 HTTP/1.1" 200 22
120.253.135.82 - - [27/Oct/2022:12:27:59 +0800] "POST /xingrg/kc/buy/cgsh_order_operate.html HTTP/1.1" 200 37
120.253.135.82 - - [27/Oct/2022:12:27:59 +0800] "GET /xingrg/kc/pszx/mdps_order_info.html?code=312022102700536 HTTP/1.1" 200 19636
120.253.135.82 - - [27/Oct/2022:12:27:59 +0800] "POST /xingrg/kc/pszx/mdps_order_operate.html HTTP/1.1" 200 2531
124.79.74.72 - - [27/Oct/2022:12:27:59 +0800] "GET /xingrg/kc/base/wldb_order_operate.html?command=get_materiel&rest_code=00156&base_code=0010793&code=00101011005 HTTP/1.1" 200 432
120.253.135.82 - - [27/Oct/2022:12:27:59 +0800] "GET /xingrg/javascript/easyui/themes/default/validatebox.css HTTP/1.1" 404 1104
58.40.7.146 - - [27/Oct/2022:12:28:00 +0800] "GET /xingrg/all/function/internal_message.html?_=1666844872065&CODE_STATE=getMsg HTTP/1.1" 200 27
120.253.135.82 - - [27/Oct/2022:12:28:01 +0800] "POST /xingrg/kc/pszx/mdps_list_operate.html HTTP/1.1" 200 2429
120.253.135.82 - - [27/Oct/2022:12:28:01 +0800] "POST /xingrg/kc/buy/cgsh_order_operate.html HTTP/1.1" 200 3860
120.253.135.82 - - [27/Oct/2022:12:28:02 +0800] "POST /xingrg/kc/pszx/mdps_list_operate.html HTTP/1.1" 200 608
116.230.114.213 - - [27/Oct/2022:12:28:03 +0800] "GET /xingrg/all/function/internal_message.html?_=1666844892946&CODE_STATE=getMsg HTTP/1.1" 200 27
120.253.135.82 - - [27/Oct/2022:12:28:03 +0800] "GET /xingrg/kc/pszx/mdps_order_info.html?code=312022102700517 HTTP/1.1" 200 23976
120.253.135.82 - - [27/Oct/2022:12:28:04 +0800] "GET /xingrg/javascript/easyui/themes/default/validatebox.css HTTP/1.1" 404 1104
120.253.135.82 - - [27/Oct/2022:12:28:04 +0800] "POST /xingrg/kc/pszx/mdps_order_operate.html HTTP/1.1" 200 10249
120.253.135.82 - - [27/Oct/2022:12:28:04 +0800] "GET /xingrg/all/function/internal_message.html?_=1666844977897&CODE_STATE=getMsg HTTP/1.1" 200 27
101.85.95.132 - - [27/Oct/2022:12:28:06 +0800] "GET /xingrg/all/function/internal_message.html?_=1666844876782&CODE_STATE=getMsg HTTP/1.1" 200 27
124.79.74.72 - - [27/Oct/2022:12:28:07 +0800] "POST /xingrg/kc/base/wldb_order_operate.html HTTP/1.1" 200 37
180.162.109.76 - - [27/Oct/2022:12:28:07 +0800] "GET /xingrg/all/function/internal_message.html?_=1666843952036&CODE_STATE=getMsg HTTP/1.1" 200 27
124.79.74.72 - - [27/Oct/2022:12:28:07 +0800] "POST /xingrg/kc/base/wldb_order_operate.html HTTP/1.1" 200 2183
124.79.74.72 - - [27/Oct/2022:12:28:07 +0800] "GET /xingrg/kc/base/wldb_order_info.html?code=422022102701981 HTTP/1.1" 200 30380
124.79.74.72 - - [27/Oct/2022:12:28:08 +0800] "GET /xingrg/all/common/auto_word.html?type=base&rest_code=00156 HTTP/1.1" 200 1903
124.79.74.72 - - [27/Oct/2022:12:28:08 +0800] "GET /xingrg/javascript/easyui/themes/default/validatebox.css HTTP/1.1" 404 1104
124.79.74.72 - - [27/Oct/2022:12:28:08 +0800] "GET /xingrg/all/common/auto_word.html?type=base&rest_code=00156 HTTP/1.1" 200 1903
124.79.74.72 - - [27/Oct/2022:12:28:08 +0800] "POST /xingrg/kc/base/wldb_order_operate.html HTTP/1.1" 200 2183
120.253.135.82 - - [27/Oct/2022:12:28:08 +0800] "POST /xingrg/kc/pszx/mdps_order_operate.html HTTP/1.1" 200 37
124.79.74.72 - - [27/Oct/2022:12:28:09 +0800] "GET /xingrg/kc/base/wldb_order_add.html HTTP/1.1" 200 30367
124.79.74.72 - - [27/Oct/2022:12:28:09 +0800] "POST /xingrg/kc/base/wldb_order_operate.html HTTP/1.1" 200 6806
124.79.74.72 - - [27/Oct/2022:12:28:09 +0800] "GET /xingrg/all/common/auto_word.html?type=base&rest_code=00156 HTTP/1.1" 200 1903
124.79.74.72 - - [27/Oct/2022:12:28:09 +0800] "GET /xingrg/javascript/easyui/themes/default/validatebox.css HTTP/1.1" 404 1104
124.79.74.72 - - [27/Oct/2022:12:28:09 +0800] "GET /xingrg/all/common/auto_word.html?type=base&rest_code=00156 HTTP/1.1" 200 1903
120.253.135.82 - - [27/Oct/2022:12:28:10 +0800] "POST /xingrg/kc/buy/cgsh_order_operate.html HTTP/1.1" 200 37
120.253.135.82 - - [27/Oct/2022:12:28:10 +0800] "POST /xingrg/kc/pszx/mdps_order_operate.html HTTP/1.1" 200 12
120.253.135.82 - - [27/Oct/2022:12:28:11 +0800] "GET /xingrg/kc/pszx/mdps_order_info.html?code=312022102700517 HTTP/1.1" 200 19636
120.253.135.82 - - [27/Oct/2022:12:28:12 +0800] "POST /xingrg/kc/buy/cgsh_order_operate.html HTTP/1.1" 200 3860
120.253.135.82 - - [27/Oct/2022:12:28:12 +0800] "POST /xingrg/kc/pszx/mdps_order_operate.html HTTP/1.1" 200 8393
120.253.135.82 - - [27/Oct/2022:12:28:12 +0800] "GET /xingrg/javascript/easyui/themes/default/validatebox.css HTTP/1.1" 404 1104
124.79.74.72 - - [27/Oct/2022:12:28:13 +0800] "GET /xingrg/kc/base/wldb_order_operate.html?command=get_materiel&rest_code=00156&base_code=0010780&code=00102002851 HTTP/1.1" 200 447
120.253.135.82 - - [27/Oct/2022:12:28:14 +0800] "GET /xingrg/kc/buy/cgsh_order_add.html HTTP/1.1" 200 68161
120.253.135.82 - - [27/Oct/2022:12:28:15 +0800] "POST /xingrg/kc/buy/cgsh_order_operate.html HTTP/1.1" 200 8245
120.253.135.82 - - [27/Oct/2022:12:28:15 +0800] "GET /xingrg/javascript/easyui/themes/default/validatebox.css HTTP/1.1" 404 1104
222.69.192.207 - - [27/Oct/2022:12:28:15 +0800] "GET /xingrg/all/function/internal_message.html?_=1666844889265&CODE_STATE=getMsg HTTP/1.1" 200 27
120.253.135.82 - - [27/Oct/2022:12:28:16 +0800] "POST /xingrg/all/common/load_combo.html?type=employee HTTP/1.1" 200 1752
120.253.135.82 - - [27/Oct/2022:12:28:21 +0800] "GET /xingrg/all/function/internal_message.html?_=1666844689691&CODE_STATE=getMsg HTTP/1.1" 200 27
116.237.72.181 - - [27/Oct/2022:12:28:24 +0800] "GET /xingrg/all/function/internal_message.html?_=1666844895752&CODE_STATE=getMsg HTTP/1.1" 200 27
116.230.105.139 - - [27/Oct/2022:12:28:29 +0800] "GET /xingrg/all/function/internal_message.html?_=1666844864150&CODE_STATE=getMsg HTTP/1.1" 200 27
116.238.139.35 - - [27/Oct/2022:12:28:34 +0800] "GET /xingrg/check_reg.html?_=1666844906435 HTTP/1.1" 200 22
116.238.139.35 - - [27/Oct/2022:12:28:34 +0800] "GET /xingrg/all/function/internal_message.html?_=1666844906437&CODE_STATE=getMsg HTTP/1.1" 200 27
124.79.74.72 - - [27/Oct/2022:12:28:41 +0800] "GET /xingrg/kc/base/wldb_order_operate.html?command=get_materiel&rest_code=00156&base_code=0010780&code=00102002441 HTTP/1.1" 200 448
124.79.74.72 - - [27/Oct/2022:12:28:42 +0800] "GET /xingrg/all/function/internal_message.html?_=1666844912467&CODE_STATE=getMsg HTTP/1.1" 200 27
120.253.135.82 - - [27/Oct/2022:12:28:43 +0800] "GET /xingrg/kc/buy/cgsh_order_operate.html?command=get_materiel&rest_code=00101&code=00102002562&supplier_code=00100120&order_time=2022-10-27 HTTP/1.1" 200 459
116.238.139.35 - - [27/Oct/2022:12:28:45 +0800] "GET /xingrg/all/function/internal_message.html?_=1666844852599&CODE_STATE=getMsg HTTP/1.1" 200 27
124.79.74.72 - - [27/Oct/2022:12:28:46 +0800] "GET /xingrg/kc/base/wldb_order_operate.html?command=get_materiel&rest_code=00156&base_code=0010780&code=00102002082 HTTP/1.1" 200 451
120.253.135.82 - - [27/Oct/2022:12:28:47 +0800] "POST /xingrg/all/common/load_select.html HTTP/1.1" 200 25
114.84.81.136 - - [27/Oct/2022:12:28:48 +0800] "GET /xingrg/check_reg.html?_=1666844926922 HTTP/1.1" 200 22
114.84.81.136 - - [27/Oct/2022:12:28:48 +0800] "GET /xingrg/all/function/internal_message.html?_=1666844926921&CODE_STATE=getMsg HTTP/1.1" 200 27
124.79.74.72 - - [27/Oct/2022:12:28:51 +0800] "GET /xingrg/kc/base/wldb_order_operate.html?command=get_materiel&rest_code=00156&base_code=0010780&code=00102002603 HTTP/1.1" 200 430
120.253.135.82 - - [27/Oct/2022:12:28:51 +0800] "GET /xingrg/kc/buy/cgsh_order_operate.html?command=get_materiel_price&rest_code=00101&code=00102002562&unit_code=00100037&supplier_code=00100120&order_time=2022-10-27 HTTP/1.1" 200 30
222.69.130.135 - - [27/Oct/2022:12:28:55 +0800] "GET /xingrg/all/function/internal_message.html?_=1666844925764&CODE_STATE=getMsg HTTP/1.1" 200 27
180.169.147.146 - - [27/Oct/2022:12:28:56 +0800] "GET /xingrg/all/function/internal_message.html?_=1666844927213&CODE_STATE=getMsg HTTP/1.1" 200 27
58.40.7.146 - - [27/Oct/2022:12:29:00 +0800] "GET /xingrg/all/function/internal_message.html?_=1666844932067&CODE_STATE=getMsg HTTP/1.1" 200 27
116.230.114.213 - - [27/Oct/2022:12:29:03 +0800] "GET /xingrg/all/function/internal_message.html?_=1666844953021&CODE_STATE=getMsg HTTP/1.1" 200 27
120.253.135.82 - - [27/Oct/2022:12:29:04 +0800] "GET /xingrg/all/function/internal_message.html?_=1666845037972&CODE_STATE=getMsg HTTP/1.1" 200 27
101.85.95.132 - - [27/Oct/2022:12:29:06 +0800] "GET /xingrg/all/function/internal_message.html?_=1666844936780&CODE_STATE=getMsg HTTP/1.1" 200 27
101.85.95.132 - - [27/Oct/2022:12:29:06 +0800] "GET /xingrg/check_reg.html?_=1666844936782 HTTP/1.1" 200 22
180.162.109.76 - - [27/Oct/2022:12:29:07 +0800] "GET /xingrg/all/function/internal_message.html?_=1666844012023&CODE_STATE=getMsg HTTP/1.1" 200 27
120.253.135.82 - - [27/Oct/2022:12:29:10 +0800] "POST /xingrg/kc/buy/cgsh_order_operate.html HTTP/1.1" 200 37
120.253.135.82 - - [27/Oct/2022:12:29:12 +0800] "POST /xingrg/kc/buy/cgsh_order_operate.html HTTP/1.1" 200 2685
222.69.192.207 - - [27/Oct/2022:12:29:15 +0800] "GET /xingrg/all/function/internal_message.html?_=1666844949265&CODE_STATE=getMsg HTTP/1.1" 200 27
120.253.135.82 - - [27/Oct/2022:12:29:21 +0800] "GET /xingrg/all/function/internal_message.html?_=1666844749704&CODE_STATE=getMsg HTTP/1.1" 200 27
116.237.72.181 - - [27/Oct/2022:12:29:24 +0800] "GET /xingrg/all/function/internal_message.html?_=1666844955754&CODE_STATE=getMsg HTTP/1.1" 200 27
120.253.135.82 - - [27/Oct/2022:12:29:24 +0800] "GET /xingrg/kc/buy/cgsh_order_operate.html?command=get_materiel&rest_code=00101&code=00102002128&supplier_code=00100120&order_time=2022-10-27 HTTP/1.1" 200 431
116.230.105.139 - - [27/Oct/2022:12:29:28 +0800] "GET /xingrg/all/function/internal_message.html?_=1666844924133&CODE_STATE=getMsg HTTP/1.1" 200 27
120.253.135.82 - - [27/Oct/2022:12:29:32 +0800] "POST /xingrg/kc/buy/cgsh_order_operate.html HTTP/1.1" 200 37
120.253.135.82 - - [27/Oct/2022:12:29:34 +0800] "POST /xingrg/kc/buy/cgsh_order_operate.html HTTP/1.1" 200 3281
116.238.139.35 - - [27/Oct/2022:12:29:34 +0800] "GET /xingrg/all/function/internal_message.html?_=1666844966431&CODE_STATE=getMsg HTTP/1.1" 200 27
124.79.74.72 - - [27/Oct/2022:12:29:42 +0800] "GET /xingrg/all/function/internal_message.html?_=1666844972466&CODE_STATE=getMsg HTTP/1.1" 200 27
124.79.74.72 - - [27/Oct/2022:12:29:42 +0800] "GET /xingrg/check_reg.html?_=1666844972469 HTTP/1.1" 200 22
120.253.135.82 - - [27/Oct/2022:12:29:42 +0800] "POST /xingrg/kc/buy/cgsh_order_operate.html HTTP/1.1" 200 37
120.253.135.82 - - [27/Oct/2022:12:29:44 +0800] "POST /xingrg/kc/buy/cgsh_order_operate.html HTTP/1.1" 200 3281
116.238.139.35 - - [27/Oct/2022:12:29:45 +0800] "GET /xingrg/all/function/internal_message.html?_=1666844912645&CODE_STATE=getMsg HTTP/1.1" 200 27
120.253.135.82 - - [27/Oct/2022:12:29:46 +0800] "GET /xingrg/kc/buy/cgsh_order_list.html HTTP/1.1" 200 53322
114.84.81.136 - - [27/Oct/2022:12:29:48 +0800] "GET /xingrg/all/function/internal_message.html?_=1666844986920&CODE_STATE=getMsg HTTP/1.1" 200 27
120.253.135.82 - - [27/Oct/2022:12:29:49 +0800] "POST /xingrg/kc/buy/cgsh_list_operate.html HTTP/1.1" 200 2274
222.69.130.135 - - [27/Oct/2022:12:29:55 +0800] "GET /xingrg/all/function/internal_message.html?_=1666844985748&CODE_STATE=getMsg HTTP/1.1" 200 27
116.230.114.213 - - [27/Oct/2022:12:29:56 +0800] "GET /xingrg/check_reg.html?_=1666845006062 HTTP/1.1" 200 22
120.253.135.82 - - [27/Oct/2022:12:29:56 +0800] "GET /xingrg/kc/buy/cgsh_order_add.html HTTP/1.1" 200 68161
120.253.135.82 - - [27/Oct/2022:12:29:56 +0800] "POST /xingrg/kc/buy/cgsh_order_operate.html HTTP/1.1" 200 8245
180.169.147.146 - - [27/Oct/2022:12:29:56 +0800] "GET /xingrg/all/function/internal_message.html?_=1666844987192&CODE_STATE=getMsg HTTP/1.1" 200 27
120.253.135.82 - - [27/Oct/2022:12:29:56 +0800] "GET /xingrg/javascript/easyui/themes/default/validatebox.css HTTP/1.1" 404 1104
120.253.135.82 - - [27/Oct/2022:12:29:57 +0800] "POST /xingrg/all/common/load_combo.html?type=employee HTTP/1.1" 200 1752
58.40.7.146 - - [27/Oct/2022:12:30:00 +0800] "GET /xingrg/all/function/internal_message.html?_=1666844992069&CODE_STATE=getMsg HTTP/1.1" 200 27
58.40.7.146 - - [27/Oct/2022:12:30:00 +0800] "GET /xingrg/check_reg.html?_=1666844992070 HTTP/1.1" 200 22
116.230.114.213 - - [27/Oct/2022:12:30:03 +0800] "GET /xingrg/all/function/internal_message.html?_=1666845013036&CODE_STATE=getMsg HTTP/1.1" 200 27
120.253.135.82 - - [27/Oct/2022:12:30:04 +0800] "GET /xingrg/all/function/internal_message.html?_=1666845098025&CODE_STATE=getMsg HTTP/1.1" 200 27
