120.253.135.82 - - [27/Oct/2022:10:51:29 +0800] "GET /xingrg/dwr/engine.js HTTP/1.1" 200 43631
116.230.105.139 - - [27/Oct/2022:10:51:30 +0800] "GET /xingrg/all/function/internal_message.html?_=1666839045572&CODE_STATE=getMsg HTTP/1.1" 200 27
116.238.139.35 - - [27/Oct/2022:10:51:31 +0800] "POST /xingrg/kc/base/wldb_order_operate.html HTTP/1.1" 200 37
221.239.141.151 - - [27/Oct/2022:10:51:31 +0800] "GET /xingrg/all/function/internal_message.html?_=1666839083964&CODE_STATE=getMsg HTTP/1.1" 200 27
120.253.135.82 - - [27/Oct/2022:10:51:32 +0800] "GET /xingrg/kc/pszx/mdqp_order_list.html?state=10 HTTP/1.1" 200 10223
120.253.135.82 - - [27/Oct/2022:10:51:32 +0800] "GET /xingrg/dwr/interface/AjaxReportQueryService.js HTTP/1.1" 200 13203
120.253.135.82 - - [27/Oct/2022:10:51:32 +0800] "GET /xingrg/dwr/interface/AjaxQqpsService.js HTTP/1.1" 200 16326
120.253.135.82 - - [27/Oct/2022:10:51:32 +0800] "GET /xingrg/dwr/engine.js HTTP/1.1" 200 43631
221.239.141.151 - - [27/Oct/2022:10:51:33 +0800] "GET /xingrg/check_reg.html?_=1666839085116 HTTP/1.1" 200 22
116.238.139.35 - - [27/Oct/2022:10:51:33 +0800] "POST /xingrg/kc/base/wldb_order_operate.html HTTP/1.1" 200 12
116.238.139.35 - - [27/Oct/2022:10:51:34 +0800] "POST /xingrg/kc/base/wldb_order_operate.html HTTP/1.1" 200 5623
120.253.135.82 - - [27/Oct/2022:10:51:37 +0800] "GET /xingrg/kc/pszx/mdqp_order_list.html?state=10 HTTP/1.1" 200 10223
120.253.135.82 - - [27/Oct/2022:10:51:37 +0800] "GET /xingrg/dwr/interface/AjaxReportQueryService.js HTTP/1.1" 200 13203
120.253.135.82 - - [27/Oct/2022:10:51:37 +0800] "GET /xingrg/dwr/interface/AjaxQqpsService.js HTTP/1.1" 200 16326
120.253.135.82 - - [27/Oct/2022:10:51:37 +0800] "GET /xingrg/dwr/engine.js HTTP/1.1" 200 43631
116.238.139.35 - - [27/Oct/2022:10:51:43 +0800] "GET /xingrg/all/function/internal_message.html?_=1666839030517&CODE_STATE=getMsg HTTP/1.1" 200 27
120.253.135.82 - - [27/Oct/2022:10:51:47 +0800] "GET /xingrg/all/function/internal_message.html?_=1666838895798&CODE_STATE=getMsg HTTP/1.1" 200 27
120.253.135.82 - - [27/Oct/2022:10:51:51 +0800] "GET /xingrg/kc/pszx/mdqp_order_list.html?state=10 HTTP/1.1" 200 10223
120.253.135.82 - - [27/Oct/2022:10:51:51 +0800] "GET /xingrg/dwr/interface/AjaxReportQueryService.js HTTP/1.1" 200 13203
120.253.135.82 - - [27/Oct/2022:10:51:51 +0800] "GET /xingrg/dwr/interface/AjaxQqpsService.js HTTP/1.1" 200 16326
120.253.135.82 - - [27/Oct/2022:10:51:51 +0800] "GET /xingrg/dwr/engine.js HTTP/1.1" 200 43631
116.237.72.181 - - [27/Oct/2022:10:51:53 +0800] "GET /xingrg/check_reg.html?_=1666839102773 HTTP/1.1" 200 22
180.169.147.146 - - [27/Oct/2022:10:51:56 +0800] "GET /xingrg/all/function/internal_message.html?_=1666839107055&CODE_STATE=getMsg HTTP/1.1" 200 27
222.69.130.135 - - [27/Oct/2022:10:51:57 +0800] "GET /xingrg/all/function/internal_message.html?_=1666839107522&CODE_STATE=getMsg HTTP/1.1" 200 27
116.238.139.35 - - [27/Oct/2022:10:51:58 +0800] "GET /xingrg/kc/base/wldb_order_info.html?code=422022102701961 HTTP/1.1" 200 26252
116.238.139.35 - - [27/Oct/2022:10:51:58 +0800] "GET /xingrg/javascript/easyui/themes/default/validatebox.css HTTP/1.1" 404 1104
116.238.139.35 - - [27/Oct/2022:10:51:58 +0800] "POST /xingrg/kc/base/wldb_order_operate.html HTTP/1.1" 200 3841
58.40.7.146 - - [27/Oct/2022:10:52:00 +0800] "GET /xingrg/all/function/internal_message.html?_=1666839112028&CODE_STATE=getMsg HTTP/1.1" 200 27
116.230.114.213 - - [27/Oct/2022:10:52:00 +0800] "GET /xingrg/all/function/internal_message.html?_=1666839129867&CODE_STATE=getMsg HTTP/1.1" 200 27
120.253.135.82 - - [27/Oct/2022:10:52:01 +0800] "GET /xingrg/kc/pszx/mdqp_order_list.html?state=10 HTTP/1.1" 200 10223
120.253.135.82 - - [27/Oct/2022:10:52:01 +0800] "GET /xingrg/dwr/interface/AjaxQqpsService.js HTTP/1.1" 200 16326
120.253.135.82 - - [27/Oct/2022:10:52:01 +0800] "GET /xingrg/dwr/interface/AjaxReportQueryService.js HTTP/1.1" 200 13203
120.253.135.82 - - [27/Oct/2022:10:52:01 +0800] "GET /xingrg/dwr/engine.js HTTP/1.1" 200 43631
120.253.135.82 - - [27/Oct/2022:10:52:03 +0800] "GET /xingrg/all/function/internal_message.html?_=1666839216402&CODE_STATE=getMsg HTTP/1.1" 200 27
120.253.135.82 - - [27/Oct/2022:10:52:03 +0800] "GET /xingrg/kc/pszx/mdqp_order_list.html?state=10 HTTP/1.1" 200 10223
120.253.135.82 - - [27/Oct/2022:10:52:03 +0800] "GET /xingrg/dwr/interface/AjaxReportQueryService.js HTTP/1.1" 200 13203
120.253.135.82 - - [27/Oct/2022:10:52:03 +0800] "GET /xingrg/dwr/interface/AjaxQqpsService.js HTTP/1.1" 200 16326
120.253.135.82 - - [27/Oct/2022:10:52:03 +0800] "GET /xingrg/dwr/engine.js HTTP/1.1" 200 43631
120.253.135.82 - - [27/Oct/2022:10:52:04 +0800] "GET /xingrg/javascript/jquery_easy_ui/themes/default/images/tabs_active.png HTTP/1.1" 200 2894
120.253.135.82 - - [27/Oct/2022:10:52:04 +0800] "GET /xingrg/javascript/jquery_easy_ui/themes/default/images/tabs_active.png HTTP/1.1" 200 2894
101.85.95.132 - - [27/Oct/2022:10:52:06 +0800] "GET /xingrg/all/function/internal_message.html?_=1666839116707&CODE_STATE=getMsg HTTP/1.1" 200 27
120.253.135.82 - - [27/Oct/2022:10:52:06 +0800] "GET /xingrg/kc/pszx/mdqp_order_list.html?state=10 HTTP/1.1" 200 10223
120.253.135.82 - - [27/Oct/2022:10:52:06 +0800] "GET /xingrg/dwr/interface/AjaxReportQueryService.js HTTP/1.1" 200 13203
120.253.135.82 - - [27/Oct/2022:10:52:06 +0800] "GET /xingrg/dwr/interface/AjaxQqpsService.js HTTP/1.1" 200 16326
120.253.135.82 - - [27/Oct/2022:10:52:06 +0800] "GET /xingrg/dwr/engine.js HTTP/1.1" 200 43631
120.253.135.82 - - [27/Oct/2022:10:52:10 +0800] "GET /xingrg/kc/pszx/mdqp_order_list.html?state=10 HTTP/1.1" 200 10223
120.253.135.82 - - [27/Oct/2022:10:52:10 +0800] "GET /xingrg/dwr/interface/AjaxQqpsService.js HTTP/1.1" 200 16326
120.253.135.82 - - [27/Oct/2022:10:52:10 +0800] "GET /xingrg/dwr/interface/AjaxReportQueryService.js HTTP/1.1" 200 13203
120.253.135.82 - - [27/Oct/2022:10:52:10 +0800] "GET /xingrg/dwr/engine.js HTTP/1.1" 200 43631
222.70.183.206 - - [27/Oct/2022:10:52:12 +0800] "GET /xingrg/check_reg.html?_=1666839121743 HTTP/1.1" 200 22
222.70.183.206 - - [27/Oct/2022:10:52:12 +0800] "GET /xingrg/all/function/internal_message.html?_=1666839121746&CODE_STATE=getMsg HTTP/1.1" 200 27
222.69.192.207 - - [27/Oct/2022:10:52:15 +0800] "GET /xingrg/check_reg.html?_=1666839129199 HTTP/1.1" 200 22
222.69.192.207 - - [27/Oct/2022:10:52:15 +0800] "GET /xingrg/all/function/internal_message.html?_=1666839129202&CODE_STATE=getMsg HTTP/1.1" 200 27
120.253.135.82 - - [27/Oct/2022:10:52:16 +0800] "GET /xingrg/kc/pszx/mdqp_order_list.html?state=10 HTTP/1.1" 200 10223
120.253.135.82 - - [27/Oct/2022:10:52:16 +0800] "GET /xingrg/dwr/interface/AjaxReportQueryService.js HTTP/1.1" 200 13203
120.253.135.82 - - [27/Oct/2022:10:52:16 +0800] "GET /xingrg/dwr/interface/AjaxQqpsService.js HTTP/1.1" 200 16326
120.253.135.82 - - [27/Oct/2022:10:52:16 +0800] "GET /xingrg/dwr/engine.js HTTP/1.1" 200 43631
120.253.135.82 - - [27/Oct/2022:10:52:20 +0800] "GET /xingrg/kc/pszx/mdps_order_list.html?orderType=0 HTTP/1.1" 200 21016
120.253.135.82 - - [27/Oct/2022:10:52:20 +0800] "POST /xingrg/kc/pszx/mdps_list_operate.html HTTP/1.1" 200 5416
116.237.72.181 - - [27/Oct/2022:10:52:22 +0800] "GET /xingrg/kc/buy/cgsh_order_operate.html?command=get_materiel&rest_code=00106&code=00101012059&supplier_code=00100032&order_time=2022-10-27 HTTP/1.1" 200 412
116.237.72.181 - - [27/Oct/2022:10:52:23 +0800] "GET /xingrg/all/function/internal_message.html?_=1666839135740&CODE_STATE=getMsg HTTP/1.1" 200 27
222.69.130.135 - - [27/Oct/2022:10:52:26 +0800] "POST /xingrg/services/DataTransmitService HTTP/1.1" 200 524
120.253.135.82 - - [27/Oct/2022:10:52:27 +0800] "GET /xingrg/kc/pszx/mdqp_order_list.html?state=10 HTTP/1.1" 200 10223
120.253.135.82 - - [27/Oct/2022:10:52:27 +0800] "GET /xingrg/dwr/interface/AjaxReportQueryService.js HTTP/1.1" 200 13203
120.253.135.82 - - [27/Oct/2022:10:52:27 +0800] "GET /xingrg/dwr/interface/AjaxQqpsService.js HTTP/1.1" 200 16326
120.253.135.82 - - [27/Oct/2022:10:52:27 +0800] "GET /xingrg/dwr/engine.js HTTP/1.1" 200 43631
116.230.105.139 - - [27/Oct/2022:10:52:30 +0800] "GET /xingrg/all/function/internal_message.html?_=1666839105557&CODE_STATE=getMsg HTTP/1.1" 200 27
221.239.141.151 - - [27/Oct/2022:10:52:31 +0800] "GET /xingrg/all/function/internal_message.html?_=1666839143950&CODE_STATE=getMsg HTTP/1.1" 200 27
120.253.135.82 - - [27/Oct/2022:10:52:35 +0800] "GET /xingrg/kc/pszx/mdqp_order_list.html?state=10 HTTP/1.1" 200 10223
120.253.135.82 - - [27/Oct/2022:10:52:35 +0800] "GET /xingrg/dwr/interface/AjaxReportQueryService.js HTTP/1.1" 200 13203
120.253.135.82 - - [27/Oct/2022:10:52:35 +0800] "GET /xingrg/dwr/interface/AjaxQqpsService.js HTTP/1.1" 200 16326
120.253.135.82 - - [27/Oct/2022:10:52:35 +0800] "GET /xingrg/dwr/engine.js HTTP/1.1" 200 43631
116.238.139.35 - - [27/Oct/2022:10:52:40 +0800] "GET /xingrg/check_reg.html?_=1666839087831 HTTP/1.1" 200 22
116.238.139.35 - - [27/Oct/2022:10:52:43 +0800] "GET /xingrg/all/function/internal_message.html?_=1666839090531&CODE_STATE=getMsg HTTP/1.1" 200 27
116.238.139.35 - - [27/Oct/2022:10:52:45 +0800] "GET /xingrg/all/function/internal_message.html?_=1666839157832&CODE_STATE=getMsg HTTP/1.1" 200 27
120.253.135.82 - - [27/Oct/2022:10:52:46 +0800] "GET /xingrg/kc/pszx/mdqp_order_list.html?state=10 HTTP/1.1" 200 10223
120.253.135.82 - - [27/Oct/2022:10:52:46 +0800] "GET /xingrg/dwr/interface/AjaxReportQueryService.js HTTP/1.1" 200 13203
120.253.135.82 - - [27/Oct/2022:10:52:46 +0800] "GET /xingrg/dwr/interface/AjaxQqpsService.js HTTP/1.1" 200 16326
120.253.135.82 - - [27/Oct/2022:10:52:46 +0800] "GET /xingrg/dwr/engine.js HTTP/1.1" 200 43631
120.253.135.82 - - [27/Oct/2022:10:52:47 +0800] "GET /xingrg/all/function/internal_message.html?_=1666838955812&CODE_STATE=getMsg HTTP/1.1" 200 27
120.253.135.82 - - [27/Oct/2022:10:52:50 +0800] "GET /xingrg/kc/pszx/mdth_order_list.html HTTP/1.1" 200 18440
120.253.135.82 - - [27/Oct/2022:10:52:50 +0800] "POST /xingrg/kc/pszx/mdth_order_new_list.html HTTP/1.1" 200 4700
120.253.135.82 - - [27/Oct/2022:10:52:54 +0800] "GET /xingrg/kc/pszx/mdps_order_list.html?orderType=0 HTTP/1.1" 200 21016
120.253.135.82 - - [27/Oct/2022:10:52:54 +0800] "POST /xingrg/kc/pszx/mdps_list_operate.html HTTP/1.1" 200 5416
116.237.72.181 - - [27/Oct/2022:10:52:56 +0800] "GET /xingrg/kc/buy/cgsh_order_operate.html?command=get_materiel&rest_code=00106&code=00101010161&supplier_code=00100032&order_time=2022-10-27 HTTP/1.1" 200 409
180.169.147.146 - - [27/Oct/2022:10:52:56 +0800] "GET /xingrg/all/function/internal_message.html?_=1666839167054&CODE_STATE=getMsg HTTP/1.1" 200 27
222.69.130.135 - - [27/Oct/2022:10:52:57 +0800] "GET /xingrg/all/function/internal_message.html?_=1666839167509&CODE_STATE=getMsg HTTP/1.1" 200 27
222.69.130.135 - - [27/Oct/2022:10:52:58 +0800] "GET /xingrg/check_reg.html?_=1666839168189 HTTP/1.1" 200 22
120.253.135.82 - - [27/Oct/2022:10:52:59 +0800] "GET /xingrg/kc/pszx/mdqp_order_list.html?state=10 HTTP/1.1" 200 10223
120.253.135.82 - - [27/Oct/2022:10:52:59 +0800] "GET /xingrg/dwr/interface/AjaxReportQueryService.js HTTP/1.1" 200 13203
120.253.135.82 - - [27/Oct/2022:10:52:59 +0800] "GET /xingrg/dwr/interface/AjaxQqpsService.js HTTP/1.1" 200 16326
120.253.135.82 - - [27/Oct/2022:10:52:59 +0800] "GET /xingrg/dwr/engine.js HTTP/1.1" 200 43631
58.40.7.146 - - [27/Oct/2022:10:53:00 +0800] "GET /xingrg/all/function/internal_message.html?_=1666839172029&CODE_STATE=getMsg HTTP/1.1" 200 27
116.230.114.213 - - [27/Oct/2022:10:53:00 +0800] "GET /xingrg/all/function/internal_message.html?_=1666839189877&CODE_STATE=getMsg HTTP/1.1" 200 27
120.253.135.82 - - [27/Oct/2022:10:53:03 +0800] "GET /xingrg/all/function/internal_message.html?_=1666839276415&CODE_STATE=getMsg HTTP/1.1" 200 27
101.85.95.132 - - [27/Oct/2022:10:53:06 +0800] "GET /xingrg/all/function/internal_message.html?_=1666839176708&CODE_STATE=getMsg HTTP/1.1" 200 27
116.237.72.181 - - [27/Oct/2022:10:53:08 +0800] "GET /xingrg/kc/buy/cgsh_order_operate.html?command=get_materiel&rest_code=00106&code=00101005037&supplier_code=00100032&order_time=2022-10-27 HTTP/1.1" 200 409
222.70.183.206 - - [27/Oct/2022:10:53:12 +0800] "GET /xingrg/all/function/internal_message.html?_=1666839181751&CODE_STATE=getMsg HTTP/1.1" 200 27
222.69.192.207 - - [27/Oct/2022:10:53:15 +0800] "GET /xingrg/all/function/internal_message.html?_=1666839189186&CODE_STATE=getMsg HTTP/1.1" 200 27
116.238.139.35 - - [27/Oct/2022:10:53:16 +0800] "POST /xingrg/kc/base/wldb_order_operate.html HTTP/1.1" 200 12
116.237.72.181 - - [27/Oct/2022:10:53:19 +0800] "GET /xingrg/kc/buy/cgsh_order_operate.html?command=get_materiel&rest_code=00106&code=00101012040&supplier_code=00100032&order_time=2022-10-27 HTTP/1.1" 200 412
116.238.139.35 - - [27/Oct/2022:10:53:20 +0800] "GET /xingrg/kc/base/wldb_order_info.html?code=422022102701961 HTTP/1.1" 200 30388
116.238.139.35 - - [27/Oct/2022:10:53:21 +0800] "GET /xingrg/javascript/easyui/themes/default/validatebox.css HTTP/1.1" 404 1104
116.238.139.35 - - [27/Oct/2022:10:53:21 +0800] "POST /xingrg/kc/base/wldb_order_operate.html HTTP/1.1" 200 5625
116.237.72.181 - - [27/Oct/2022:10:53:23 +0800] "GET /xingrg/all/function/internal_message.html?_=1666839195744&CODE_STATE=getMsg HTTP/1.1" 200 27
180.169.147.146 - - [27/Oct/2022:10:53:24 +0800] "GET /xingrg/index.html?sysBaseUrl=http%3A%2F%2F180.169.147.146%3A18081%2Fxingrg%2F&costTime=39×tamp=1592034574635 HTTP/1.1" 302 -
180.169.147.146 - - [27/Oct/2022:10:53:24 +0800] "GET /xingrg/login.html HTTP/1.1" 200 7641
180.169.147.146 - - [27/Oct/2022:10:53:25 +0800] "GET /favicon.ico HTTP/1.1" 404 -
116.237.72.181 - - [27/Oct/2022:10:53:27 +0800] "GET /xingrg/kc/buy/cgsh_order_operate.html?command=get_materiel&rest_code=00106&code=00101012025&supplier_code=00100032&order_time=2022-10-27 HTTP/1.1" 200 412
116.230.105.139 - - [27/Oct/2022:10:53:30 +0800] "GET /xingrg/all/function/internal_message.html?_=1666839165528&CODE_STATE=getMsg HTTP/1.1" 200 27
221.239.141.151 - - [27/Oct/2022:10:53:31 +0800] "GET /xingrg/all/function/internal_message.html?_=1666839203939&CODE_STATE=getMsg HTTP/1.1" 200 27
116.238.139.35 - - [27/Oct/2022:10:53:43 +0800] "GET /xingrg/all/function/internal_message.html?_=1666839150544&CODE_STATE=getMsg HTTP/1.1" 200 27
116.238.139.35 - - [27/Oct/2022:10:53:45 +0800] "GET /xingrg/all/function/internal_message.html?_=1666839217809&CODE_STATE=getMsg HTTP/1.1" 200 27
221.239.141.151 - - [27/Oct/2022:10:53:47 +0800] "GET /xingrg/kc/buy/cgsh_order_list.html HTTP/1.1" 200 53322
120.253.135.82 - - [27/Oct/2022:10:53:47 +0800] "GET /xingrg/all/function/internal_message.html?_=1666839015917&CODE_STATE=getMsg HTTP/1.1" 200 27
221.239.141.151 - - [27/Oct/2022:10:53:48 +0800] "POST /xingrg/kc/buy/cgsh_list_operate.html HTTP/1.1" 200 986
221.239.141.151 - - [27/Oct/2022:10:53:48 +0800] "GET /xingrg/kc/buy/cgsh_order_add.html HTTP/1.1" 200 69138
221.239.141.151 - - [27/Oct/2022:10:53:48 +0800] "POST /xingrg/kc/buy/cgsh_order_operate.html HTTP/1.1" 200 8245
221.239.141.151 - - [27/Oct/2022:10:53:48 +0800] "GET /xingrg/javascript/easyui/themes/default/validatebox.css HTTP/1.1" 404 1104
221.239.141.151 - - [27/Oct/2022:10:53:50 +0800] "GET /xingrg/javascript/easyui/themes/default/tree.css HTTP/1.1" 404 1090
221.239.141.151 - - [27/Oct/2022:10:53:50 +0800] "POST /xingrg/all/common/load_tree.html?tree=supplier_tree_json&isDelete=1 HTTP/1.1" 200 69393
180.169.147.146 - - [27/Oct/2022:10:53:56 +0800] "GET /xingrg/all/function/internal_message.html?_=1666839227079&CODE_STATE=getMsg HTTP/1.1" 200 27
222.69.130.135 - - [27/Oct/2022:10:53:57 +0800] "GET /xingrg/all/function/internal_message.html?_=1666839227489&CODE_STATE=getMsg HTTP/1.1" 200 27
58.40.7.146 - - [27/Oct/2022:10:54:00 +0800] "GET /xingrg/all/function/internal_message.html?_=1666839232031&CODE_STATE=getMsg HTTP/1.1" 200 27
116.230.114.213 - - [27/Oct/2022:10:54:00 +0800] "GET /xingrg/all/function/internal_message.html?_=1666839249941&CODE_STATE=getMsg HTTP/1.1" 200 27
120.253.135.82 - - [27/Oct/2022:10:54:03 +0800] "GET /xingrg/all/function/internal_message.html?_=1666839336439&CODE_STATE=getMsg HTTP/1.1" 200 27
221.239.141.151 - - [27/Oct/2022:10:54:05 +0800] "GET /xingrg/javascript/auto/indicator.gif HTTP/1.1" 404 1066
101.85.95.132 - - [27/Oct/2022:10:54:06 +0800] "GET /xingrg/check_reg.html?_=1666839236699 HTTP/1.1" 200 22
101.85.95.132 - - [27/Oct/2022:10:54:06 +0800] "GET /xingrg/all/function/internal_message.html?_=1666839236700&CODE_STATE=getMsg HTTP/1.1" 200 27
221.239.141.151 - - [27/Oct/2022:10:54:08 +0800] "GET /xingrg/kc/buy/cgsh_order_operate.html?command=get_materiel&rest_code=00102&code=00101009124&supplier_code=00100026&order_time=2022-10-27 HTTP/1.1" 200 416
116.237.72.181 - - [27/Oct/2022:10:54:11 +0800] "GET /xingrg/kc/buy/cgsh_order_operate.html?command=get_materiel&rest_code=00106&code=00101020082&supplier_code=00100032&order_time=2022-10-27 HTTP/1.1" 200 409
222.70.183.206 - - [27/Oct/2022:10:54:12 +0800] "GET /xingrg/all/function/internal_message.html?_=1666839241749&CODE_STATE=getMsg HTTP/1.1" 200 27
222.69.192.207 - - [27/Oct/2022:10:54:15 +0800] "GET /xingrg/all/function/internal_message.html?_=1666839249187&CODE_STATE=getMsg HTTP/1.1" 200 27
221.239.141.151 - - [27/Oct/2022:10:54:19 +0800] "GET /xingrg/kc/buy/cgsh_order_operate.html?command=get_materiel&rest_code=00102&code=00101009011&supplier_code=00100026&order_time=2022-10-27 HTTP/1.1" 200 416
120.253.135.82 - - [27/Oct/2022:10:54:20 +0800] "GET /xingrg/kc/pszx/mdqp_order_list.html?state=10 HTTP/1.1" 200 10223
120.253.135.82 - - [27/Oct/2022:10:54:20 +0800] "GET /xingrg/dwr/interface/AjaxReportQueryService.js HTTP/1.1" 200 13203
120.253.135.82 - - [27/Oct/2022:10:54:20 +0800] "GET /xingrg/dwr/engine.js HTTP/1.1" 200 43631
120.253.135.82 - - [27/Oct/2022:10:54:20 +0800] "GET /xingrg/dwr/interface/AjaxQqpsService.js HTTP/1.1" 200 16326
120.253.135.82 - - [27/Oct/2022:10:54:22 +0800] "GET /xingrg/kc/pszx/mdqp_order_list.html?state=10 HTTP/1.1" 200 10223
120.253.135.82 - - [27/Oct/2022:10:54:22 +0800] "GET /xingrg/dwr/interface/AjaxQqpsService.js HTTP/1.1" 200 16326
120.253.135.82 - - [27/Oct/2022:10:54:22 +0800] "GET /xingrg/dwr/interface/AjaxReportQueryService.js HTTP/1.1" 200 13203
120.253.135.82 - - [27/Oct/2022:10:54:22 +0800] "GET /xingrg/dwr/engine.js HTTP/1.1" 200 43631
116.237.72.181 - - [27/Oct/2022:10:54:24 +0800] "GET /xingrg/all/function/internal_message.html?_=1666839255746&CODE_STATE=getMsg HTTP/1.1" 200 27
116.230.105.139 - - [27/Oct/2022:10:54:30 +0800] "GET /xingrg/all/function/internal_message.html?_=1666839225527&CODE_STATE=getMsg HTTP/1.1" 200 27
221.239.141.151 - - [27/Oct/2022:10:54:31 +0800] "GET /xingrg/all/function/internal_message.html?_=1666839263930&CODE_STATE=getMsg HTTP/1.1" 200 27
120.253.135.82 - - [27/Oct/2022:10:54:33 +0800] "GET /xingrg/kc/pszx/mdqp_order_list.html?state=10 HTTP/1.1" 200 10223
120.253.135.82 - - [27/Oct/2022:10:54:33 +0800] "GET /xingrg/dwr/interface/AjaxReportQueryService.js HTTP/1.1" 200 13203
120.253.135.82 - - [27/Oct/2022:10:54:33 +0800] "GET /xingrg/dwr/interface/AjaxQqpsService.js HTTP/1.1" 200 16326
120.253.135.82 - - [27/Oct/2022:10:54:33 +0800] "GET /xingrg/dwr/engine.js HTTP/1.1" 200 43631
116.238.139.35 - - [27/Oct/2022:10:54:43 +0800] "GET /xingrg/all/function/internal_message.html?_=1666839210559&CODE_STATE=getMsg HTTP/1.1" 200 27
116.238.139.35 - - [27/Oct/2022:10:54:45 +0800] "GET /xingrg/all/function/internal_message.html?_=1666839277788&CODE_STATE=getMsg HTTP/1.1" 200 27
116.238.139.35 - - [27/Oct/2022:10:54:45 +0800] "GET /xingrg/check_reg.html?_=1666839277823 HTTP/1.1" 200 22
120.253.135.82 - - [27/Oct/2022:10:54:47 +0800] "GET /xingrg/all/function/internal_message.html?_=1666839075933&CODE_STATE=getMsg HTTP/1.1" 200 27
116.230.114.213 - - [27/Oct/2022:10:54:56 +0800] "GET /xingrg/check_reg.html?_=1666839305962 HTTP/1.1" 200 22
180.169.147.146 - - [27/Oct/2022:10:54:56 +0800] "GET /xingrg/all/function/internal_message.html?_=1666839287076&CODE_STATE=getMsg HTTP/1.1" 200 27
221.239.141.151 - - [27/Oct/2022:10:54:56 +0800] "GET /xingrg/kc/buy/cgsh_order_operate.html?command=get_materiel&rest_code=00102&code=00101009041&supplier_code=00100026&order_time=2022-10-27 HTTP/1.1" 200 408
222.69.130.135 - - [27/Oct/2022:10:54:57 +0800] "GET /xingrg/all/function/internal_message.html?_=1666839287473&CODE_STATE=getMsg HTTP/1.1" 200 27
58.40.7.146 - - [27/Oct/2022:10:55:00 +0800] "GET /xingrg/all/function/internal_message.html?_=1666839292033&CODE_STATE=getMsg HTTP/1.1" 200 27
58.40.7.146 - - [27/Oct/2022:10:55:00 +0800] "GET /xingrg/check_reg.html?_=1666839292035 HTTP/1.1" 200 22
116.230.114.213 - - [27/Oct/2022:10:55:00 +0800] "GET /xingrg/all/function/internal_message.html?_=1666839309951&CODE_STATE=getMsg HTTP/1.1" 200 27
120.253.135.82 - - [27/Oct/2022:10:55:03 +0800] "GET /xingrg/all/function/internal_message.html?_=1666839396445&CODE_STATE=getMsg HTTP/1.1" 200 27
101.85.95.132 - - [27/Oct/2022:10:55:06 +0800] "GET /xingrg/all/function/internal_message.html?_=1666839296698&CODE_STATE=getMsg HTTP/1.1" 200 27
221.239.141.151 - - [27/Oct/2022:10:55:06 +0800] "GET /xingrg/kc/buy/cgsh_order_operate.html?command=get_materiel&rest_code=00102&code=00101009006&supplier_code=00100026&order_time=2022-10-27 HTTP/1.1" 200 408
116.238.139.35 - - [27/Oct/2022:10:55:09 +0800] "GET /xingrg/kc/base/wldb_order_operate.html?command=get_materiel&rest_code=00150&base_code=0010445&code=00101013190 HTTP/1.1" 200 434
222.70.183.206 - - [27/Oct/2022:10:55:12 +0800] "GET /xingrg/all/function/internal_message.html?_=1666839301750&CODE_STATE=getMsg HTTP/1.1" 200 27
221.239.141.151 - - [27/Oct/2022:10:55:12 +0800] "GET /xingrg/kc/buy/cgsh_order_operate.html?command=get_materiel&rest_code=00102&code=00101009109&supplier_code=00100026&order_time=2022-10-27 HTTP/1.1" 200 413
222.69.192.207 - - [27/Oct/2022:10:55:15 +0800] "GET /xingrg/all/function/internal_message.html?_=1666839309187&CODE_STATE=getMsg HTTP/1.1" 200 27
116.237.72.181 - - [27/Oct/2022:10:55:16 +0800] "GET /xingrg/kc/buy/cgsh_order_operate.html?command=get_materiel&rest_code=00106&code=00101001111&supplier_code=00100032&order_time=2022-10-27 HTTP/1.1" 200 409
221.239.141.151 - - [27/Oct/2022:10:55:20 +0800] "GET /xingrg/kc/buy/cgsh_order_operate.html?command=get_materiel&rest_code=00102&code=00101009062&supplier_code=00100026&order_time=2022-10-27 HTTP/1.1" 200 412
116.237.72.181 - - [27/Oct/2022:10:55:23 +0800] "GET /xingrg/all/function/internal_message.html?_=1666839315748&CODE_STATE=getMsg HTTP/1.1" 200 27
114.88.159.190 - - [27/Oct/2022:10:55:29 +0800] "GET /xingrg/check_reg.html?_=1666838944033 HTTP/1.1" 200 22
116.230.105.139 - - [27/Oct/2022:10:55:30 +0800] "GET /xingrg/all/function/internal_message.html?_=1666839285504&CODE_STATE=getMsg HTTP/1.1" 200 27
221.239.141.151 - - [27/Oct/2022:10:55:31 +0800] "GET /xingrg/all/function/internal_message.html?_=1666839323913&CODE_STATE=getMsg HTTP/1.1" 200 27
116.230.105.139 - - [27/Oct/2022:10:55:32 +0800] "GET /xingrg/check_reg.html?_=1666839287427 HTTP/1.1" 200 22
116.238.139.35 - - [27/Oct/2022:10:55:40 +0800] "POST /xingrg/kc/base/wldb_order_operate.html HTTP/1.1" 200 37
116.238.139.35 - - [27/Oct/2022:10:55:42 +0800] "POST /xingrg/kc/base/wldb_order_operate.html HTTP/1.1" 200 12
116.238.139.35 - - [27/Oct/2022:10:55:42 +0800] "POST /xingrg/kc/base/wldb_order_operate.html HTTP/1.1" 200 6096
116.238.139.35 - - [27/Oct/2022:10:55:43 +0800] "GET /xingrg/all/function/internal_message.html?_=1666839270599&CODE_STATE=getMsg HTTP/1.1" 200 27
120.253.135.82 - - [27/Oct/2022:10:55:46 +0800] "GET /xingrg/check_reg.html?_=1666839134467 HTTP/1.1" 200 22
120.253.135.82 - - [27/Oct/2022:10:55:47 +0800] "GET /xingrg/all/function/internal_message.html?_=1666839135946&CODE_STATE=getMsg HTTP/1.1" 200 27
116.238.139.35 - - [27/Oct/2022:10:55:47 +0800] "GET /xingrg/kc/base/wldb_order_info.html?code=422022102701961 HTTP/1.1" 200 26251
116.238.139.35 - - [27/Oct/2022:10:55:48 +0800] "GET /xingrg/javascript/easyui/themes/default/validatebox.css HTTP/1.1" 404 1104
116.238.139.35 - - [27/Oct/2022:10:55:48 +0800] "POST /xingrg/kc/base/wldb_order_operate.html HTTP/1.1" 200 4303
180.169.147.146 - - [27/Oct/2022:10:55:56 +0800] "GET /xingrg/all/function/internal_message.html?_=1666839347075&CODE_STATE=getMsg HTTP/1.1" 200 27
180.169.147.146 - - [27/Oct/2022:10:55:56 +0800] "GET /xingrg/check_reg.html?_=1666839347076 HTTP/1.1" 200 22
116.238.139.35 - - [27/Oct/2022:10:55:57 +0800] "POST /xingrg/kc/base/wldb_list_operate.html HTTP/1.1" 200 928
222.69.130.135 - - [27/Oct/2022:10:55:57 +0800] "GET /xingrg/all/function/internal_message.html?_=1666839347463&CODE_STATE=getMsg HTTP/1.1" 200 27
58.40.7.146 - - [27/Oct/2022:10:56:00 +0800] "GET /xingrg/all/function/internal_message.html?_=1666839352035&CODE_STATE=getMsg HTTP/1.1" 200 27
116.230.114.213 - - [27/Oct/2022:10:56:00 +0800] "GET /xingrg/all/function/internal_message.html?_=1666839369965&CODE_STATE=getMsg HTTP/1.1" 200 27
120.253.135.82 - - [27/Oct/2022:10:56:01 +0800] "GET /xingrg/check_reg.html?_=1666839454712 HTTP/1.1" 200 22
120.253.135.82 - - [27/Oct/2022:10:56:03 +0800] "GET /xingrg/all/function/internal_message.html?_=1666839456456&CODE_STATE=getMsg HTTP/1.1" 200 27
101.85.95.132 - - [27/Oct/2022:10:56:06 +0800] "GET /xingrg/all/function/internal_message.html?_=1666839356699&CODE_STATE=getMsg HTTP/1.1" 200 27
222.70.183.206 - - [27/Oct/2022:10:56:12 +0800] "GET /xingrg/all/function/internal_message.html?_=1666839361751&CODE_STATE=getMsg HTTP/1.1" 200 27
222.69.192.207 - - [27/Oct/2022:10:56:15 +0800] "GET /xingrg/all/function/internal_message.html?_=1666839369187&CODE_STATE=getMsg HTTP/1.1" 200 27
116.237.72.181 - - [27/Oct/2022:10:56:24 +0800] "GET /xingrg/all/function/internal_message.html?_=1666839375750&CODE_STATE=getMsg HTTP/1.1" 200 27
116.237.72.181 - - [27/Oct/2022:10:56:24 +0800] "GET /xingrg/check_reg.html?_=1666839375752 HTTP/1.1" 200 22
116.230.105.139 - - [27/Oct/2022:10:56:30 +0800] "GET /xingrg/all/function/internal_message.html?_=1666839345485&CODE_STATE=getMsg HTTP/1.1" 200 27
221.239.141.151 - - [27/Oct/2022:10:56:31 +0800] "GET /xingrg/all/function/internal_message.html?_=1666839383901&CODE_STATE=getMsg HTTP/1.1" 200 27
221.239.141.151 - - [27/Oct/2022:10:56:33 +0800] "GET /xingrg/check_reg.html?_=1666839385103 HTTP/1.1" 200 22
116.238.139.35 - - [27/Oct/2022:10:56:43 +0800] "GET /xingrg/all/function/internal_message.html?_=1666839330601&CODE_STATE=getMsg HTTP/1.1" 200 27
116.238.139.35 - - [27/Oct/2022:10:56:45 +0800] "GET /xingrg/all/function/internal_message.html?_=1666839397805&CODE_STATE=getMsg HTTP/1.1" 200 27
120.253.135.82 - - [27/Oct/2022:10:56:47 +0800] "GET /xingrg/all/function/internal_message.html?_=1666839195960&CODE_STATE=getMsg HTTP/1.1" 200 27
116.237.72.181 - - [27/Oct/2022:10:56:53 +0800] "GET /xingrg/check_reg.html?_=1666839402808 HTTP/1.1" 200 22
180.169.147.146 - - [27/Oct/2022:10:56:56 +0800] "GET /xingrg/all/function/internal_message.html?_=1666839407074&CODE_STATE=getMsg HTTP/1.1" 200 27
222.69.130.135 - - [27/Oct/2022:10:56:57 +0800] "GET /xingrg/all/function/internal_message.html?_=1666839407437&CODE_STATE=getMsg HTTP/1.1" 200 27
58.40.7.146 - - [27/Oct/2022:10:57:00 +0800] "GET /xingrg/all/function/internal_message.html?_=1666839412037&CODE_STATE=getMsg HTTP/1.1" 200 27
116.230.114.213 - - [27/Oct/2022:10:57:00 +0800] "GET /xingrg/all/function/internal_message.html?_=1666839430022&CODE_STATE=getMsg HTTP/1.1" 200 27
120.253.135.82 - - [27/Oct/2022:10:57:03 +0800] "GET /xingrg/all/function/internal_message.html?_=1666839516470&CODE_STATE=getMsg HTTP/1.1" 200 27
101.85.95.132 - - [27/Oct/2022:10:57:06 +0800] "GET /xingrg/all/function/internal_message.html?_=1666839416697&CODE_STATE=getMsg HTTP/1.1" 200 27
222.70.183.206 - - [27/Oct/2022:10:57:12 +0800] "GET /xingrg/check_reg.html?_=1666839421751 HTTP/1.1" 200 22
222.70.183.206 - - [27/Oct/2022:10:57:12 +0800] "GET /xingrg/all/function/internal_message.html?_=1666839421753&CODE_STATE=getMsg HTTP/1.1" 200 27
222.69.192.207 - - [27/Oct/2022:10:57:15 +0800] "GET /xingrg/all/function/internal_message.html?_=1666839429187&CODE_STATE=getMsg HTTP/1.1" 200 27
222.69.192.207 - - [27/Oct/2022:10:57:15 +0800] "GET /xingrg/check_reg.html?_=1666839429190 HTTP/1.1" 200 22
116.237.72.181 - - [27/Oct/2022:10:57:24 +0800] "GET /xingrg/all/function/internal_message.html?_=1666839435754&CODE_STATE=getMsg HTTP/1.1" 200 27
116.230.105.139 - - [27/Oct/2022:10:57:30 +0800] "GET /xingrg/all/function/internal_message.html?_=1666839405482&CODE_STATE=getMsg HTTP/1.1" 200 27
221.239.141.151 - - [27/Oct/2022:10:57:31 +0800] "GET /xingrg/all/function/internal_message.html?_=1666839443890&CODE_STATE=getMsg HTTP/1.1" 200 27
116.238.139.35 - - [27/Oct/2022:10:57:41 +0800] "GET /xingrg/check_reg.html?_=1666839387870 HTTP/1.1" 200 22
116.238.139.35 - - [27/Oct/2022:10:57:43 +0800] "GET /xingrg/all/function/internal_message.html?_=1666839390614&CODE_STATE=getMsg HTTP/1.1" 200 27
116.238.139.35 - - [27/Oct/2022:10:57:45 +0800] "GET /xingrg/all/function/internal_message.html?_=1666839457776&CODE_STATE=getMsg HTTP/1.1" 200 27
120.253.135.82 - - [27/Oct/2022:10:57:47 +0800] "GET /xingrg/all/function/internal_message.html?_=1666839255973&CODE_STATE=getMsg HTTP/1.1" 200 27
180.169.147.146 - - [27/Oct/2022:10:57:56 +0800] "GET /xingrg/all/function/internal_message.html?_=1666839467073&CODE_STATE=getMsg HTTP/1.1" 200 27
222.69.130.135 - - [27/Oct/2022:10:57:57 +0800] "GET /xingrg/all/function/internal_message.html?_=1666839467427&CODE_STATE=getMsg HTTP/1.1" 200 27
222.69.130.135 - - [27/Oct/2022:10:57:58 +0800] "GET /xingrg/check_reg.html?_=1666839468199 HTTP/1.1" 200 22
58.40.7.146 - - [27/Oct/2022:10:58:00 +0800] "GET /xingrg/all/function/internal_message.html?_=1666839472039&CODE_STATE=getMsg HTTP/1.1" 200 27
116.230.114.213 - - [27/Oct/2022:10:58:00 +0800] "GET /xingrg/all/function/internal_message.html?_=1666839490023&CODE_STATE=getMsg HTTP/1.1" 200 27
120.253.135.82 - - [27/Oct/2022:10:58:03 +0800] "GET /xingrg/all/function/internal_message.html?_=1666839576484&CODE_STATE=getMsg HTTP/1.1" 200 27
101.85.95.132 - - [27/Oct/2022:10:58:06 +0800] "GET /xingrg/all/function/internal_message.html?_=1666839476696&CODE_STATE=getMsg HTTP/1.1" 200 27
222.70.183.206 - - [27/Oct/2022:10:58:12 +0800] "GET /xingrg/all/function/internal_message.html?_=1666839481753&CODE_STATE=getMsg HTTP/1.1" 200 27
222.69.192.207 - - [27/Oct/2022:10:58:15 +0800] "GET /xingrg/all/function/internal_message.html?_=1666839489189&CODE_STATE=getMsg HTTP/1.1" 200 27
116.237.72.181 - - [27/Oct/2022:10:58:16 +0800] "GET /xingrg/kc/buy/cgsh_order_operate.html?command=get_materiel&rest_code=00106&code=00101012026&supplier_code=00100032&order_time=2022-10-27 HTTP/1.1" 200 408
116.237.72.181 - - [27/Oct/2022:10:58:23 +0800] "GET /xingrg/all/function/internal_message.html?_=1666839495740&CODE_STATE=getMsg HTTP/1.1" 200 27
116.230.105.139 - - [27/Oct/2022:10:58:30 +0800] "GET /xingrg/all/function/internal_message.html?_=1666839465483&CODE_STATE=getMsg HTTP/1.1" 200 27
221.239.141.151 - - [27/Oct/2022:10:58:31 +0800] "GET /xingrg/all/function/internal_message.html?_=1666839503871&CODE_STATE=getMsg HTTP/1.1" 200 27
114.84.81.136 - - [27/Oct/2022:10:58:39 +0800] "GET /xingrg/index.html?sysBaseUrl=http%3A%2F%2F180.169.147.146%3A18081%2Fxingrg%2F&costTime=44×tamp=1622098168715 HTTP/1.1" 302 -
114.84.81.136 - - [27/Oct/2022:10:58:39 +0800] "GET /xingrg/login.html HTTP/1.1" 200 7641
114.84.81.136 - - [27/Oct/2022:10:58:40 +0800] "GET /favicon.ico HTTP/1.1" 404 -
116.238.139.35 - - [27/Oct/2022:10:58:43 +0800] "GET /xingrg/all/function/internal_message.html?_=1666839450628&CODE_STATE=getMsg HTTP/1.1" 200 27
114.84.81.136 - - [27/Oct/2022:10:58:45 +0800] "GET /xingrg/index.html?sysBaseUrl=http%3A%2F%2F180.169.147.146%3A18081%2Fxingrg%2F&costTime=44×tamp=1622098168715 HTTP/1.1" 302 -
116.238.139.35 - - [27/Oct/2022:10:58:45 +0800] "GET /xingrg/all/function/internal_message.html?_=1666839517761&CODE_STATE=getMsg HTTP/1.1" 200 27
114.84.81.136 - - [27/Oct/2022:10:58:45 +0800] "GET /xingrg/login.html HTTP/1.1" 200 7641
114.84.81.136 - - [27/Oct/2022:10:58:46 +0800] "GET /favicon.ico HTTP/1.1" 404 -
114.84.81.136 - - [27/Oct/2022:10:58:47 +0800] "POST /xingrg/login.do HTTP/1.1" 302 -
114.84.81.136 - - [27/Oct/2022:10:58:47 +0800] "GET /xingrg/index.html?sysBaseUrl=http%3A%2F%2F180.169.147.146%3A18081%2Fxingrg%2F&costTime=41×tamp=1666839527212 HTTP/1.1" 200 17179
114.84.81.136 - - [27/Oct/2022:10:58:47 +0800] "GET /favicon.ico HTTP/1.1" 404 -
114.84.81.136 - - [27/Oct/2022:10:58:48 +0800] "POST /xingrg/all/common/load_tree.html?tree=area_rest_tree_json&manage=1 HTTP/1.1" 200 351
114.84.81.136 - - [27/Oct/2022:10:58:48 +0800] "POST /xingrg/load_menu.html HTTP/1.1" 200 5138
120.253.135.82 - - [27/Oct/2022:10:58:48 +0800] "GET /xingrg/all/function/internal_message.html?_=1666839316093&CODE_STATE=getMsg HTTP/1.1" 200 27
114.84.81.136 - - [27/Oct/2022:10:58:48 +0800] "GET /xingrg/check_reg.html?_=1666839526768 HTTP/1.1" 200 22
114.84.81.136 - - [27/Oct/2022:10:58:48 +0800] "GET /xingrg/all/function/internal_message.html?_=1666839526766&CODE_STATE=count HTTP/1.1" 200 11
180.169.147.146 - - [27/Oct/2022:10:58:56 +0800] "GET /xingrg/all/function/internal_message.html?_=1666839527072&CODE_STATE=getMsg HTTP/1.1" 200 27
222.69.130.135 - - [27/Oct/2022:10:58:57 +0800] "GET /xingrg/all/function/internal_message.html?_=1666839527404&CODE_STATE=getMsg HTTP/1.1" 200 27
58.40.7.146 - - [27/Oct/2022:10:59:00 +0800] "GET /xingrg/all/function/internal_message.html?_=1666839532025&CODE_STATE=getMsg HTTP/1.1" 200 27
116.230.114.213 - - [27/Oct/2022:10:59:00 +0800] "GET /xingrg/all/function/internal_message.html?_=1666839550081&CODE_STATE=getMsg HTTP/1.1" 200 27
120.253.135.82 - - [27/Oct/2022:10:59:03 +0800] "GET /xingrg/all/function/internal_message.html?_=1666839636507&CODE_STATE=getMsg HTTP/1.1" 200 27
101.85.95.132 - - [27/Oct/2022:10:59:06 +0800] "GET /xingrg/all/function/internal_message.html?_=1666839536696&CODE_STATE=getMsg HTTP/1.1" 200 27
101.85.95.132 - - [27/Oct/2022:10:59:06 +0800] "GET /xingrg/check_reg.html?_=1666839536698 HTTP/1.1" 200 22
222.70.183.206 - - [27/Oct/2022:10:59:12 +0800] "GET /xingrg/all/function/internal_message.html?_=1666839541753&CODE_STATE=getMsg HTTP/1.1" 200 27
222.69.192.207 - - [27/Oct/2022:10:59:15 +0800] "GET /xingrg/all/function/internal_message.html?_=1666839549189&CODE_STATE=getMsg HTTP/1.1" 200 27
116.237.72.181 - - [27/Oct/2022:10:59:24 +0800] "GET /xingrg/all/function/internal_message.html?_=1666839555742&CODE_STATE=getMsg HTTP/1.1" 200 27
116.230.105.139 - - [27/Oct/2022:10:59:30 +0800] "GET /xingrg/all/function/internal_message.html?_=1666839525469&CODE_STATE=getMsg HTTP/1.1" 200 27
221.239.141.151 - - [27/Oct/2022:10:59:31 +0800] "GET /xingrg/all/function/internal_message.html?_=1666839563862&CODE_STATE=getMsg HTTP/1.1" 200 27
116.238.139.35 - - [27/Oct/2022:10:59:43 +0800] "GET /xingrg/all/function/internal_message.html?_=1666839510641&CODE_STATE=getMsg HTTP/1.1" 200 27
116.238.139.35 - - [27/Oct/2022:10:59:45 +0800] "GET /xingrg/all/function/internal_message.html?_=1666839577749&CODE_STATE=getMsg HTTP/1.1" 200 27
116.238.139.35 - - [27/Oct/2022:10:59:45 +0800] "GET /xingrg/check_reg.html?_=1666839577832 HTTP/1.1" 200 22
120.253.135.82 - - [27/Oct/2022:10:59:47 +0800] "GET /xingrg/all/function/internal_message.html?_=1666839376094&CODE_STATE=getMsg HTTP/1.1" 200 27
114.84.81.136 - - [27/Oct/2022:10:59:48 +0800] "GET /xingrg/all/function/internal_message.html?_=1666839586779&CODE_STATE=getMsg HTTP/1.1" 200 27
116.230.114.213 - - [27/Oct/2022:10:59:56 +0800] "GET /xingrg/check_reg.html?_=1666839605965 HTTP/1.1" 200 22
180.169.147.146 - - [27/Oct/2022:10:59:56 +0800] "GET /xingrg/all/function/internal_message.html?_=1666839587071&CODE_STATE=getMsg HTTP/1.1" 200 27
222.69.130.135 - - [27/Oct/2022:10:59:57 +0800] "GET /xingrg/all/function/internal_message.html?_=1666839587388&CODE_STATE=getMsg HTTP/1.1" 200 27
58.40.7.146 - - [27/Oct/2022:11:00:00 +0800] "GET /xingrg/all/function/internal_message.html?_=1666839592027&CODE_STATE=getMsg HTTP/1.1" 200 27
58.40.7.146 - - [27/Oct/2022:11:00:00 +0800] "GET /xingrg/check_reg.html?_=1666839592028 HTTP/1.1" 200 22
116.230.114.213 - - [27/Oct/2022:11:00:00 +0800] "GET /xingrg/all/function/internal_message.html?_=1666839610098&CODE_STATE=getMsg HTTP/1.1" 200 27
120.253.135.82 - - [27/Oct/2022:11:00:03 +0800] "GET /xingrg/all/function/internal_message.html?_=1666839696513&CODE_STATE=getMsg HTTP/1.1" 200 27
101.85.95.132 - - [27/Oct/2022:11:00:06 +0800] "GET /xingrg/all/function/internal_message.html?_=1666839596697&CODE_STATE=getMsg HTTP/1.1" 200 27
222.70.183.206 - - [27/Oct/2022:11:00:12 +0800] "GET /xingrg/all/function/internal_message.html?_=1666839601753&CODE_STATE=getMsg HTTP/1.1" 200 27
222.69.192.207 - - [27/Oct/2022:11:00:15 +0800] "GET /xingrg/all/function/internal_message.html?_=1666839609189&CODE_STATE=getMsg HTTP/1.1" 200 27
58.39.35.118 - - [27/Oct/2022:11:00:21 +0800] "GET /xingrg/login.html HTTP/1.1" 200 7641
116.237.72.181 - - [27/Oct/2022:11:00:24 +0800] "GET /xingrg/all/function/internal_message.html?_=1666839615746&CODE_STATE=getMsg HTTP/1.1" 200 27
58.39.35.118 - - [27/Oct/2022:11:00:29 +0800] "GET /favicon.ico HTTP/1.1" 404 -
114.88.159.190 - - [27/Oct/2022:11:00:29 +0800] "GET /xingrg/check_reg.html?_=1666839244042 HTTP/1.1" 200 22
116.230.105.139 - - [27/Oct/2022:11:00:30 +0800] "GET /xingrg/all/function/internal_message.html?_=1666839585446&CODE_STATE=getMsg HTTP/1.1" 200 27
221.239.141.151 - - [27/Oct/2022:11:00:31 +0800] "GET /xingrg/all/function/internal_message.html?_=1666839623853&CODE_STATE=getMsg HTTP/1.1" 200 27
116.230.105.139 - - [27/Oct/2022:11:00:32 +0800] "GET /xingrg/check_reg.html?_=1666839587425 HTTP/1.1" 200 22
58.39.35.118 - - [27/Oct/2022:11:00:35 +0800] "POST /xingrg/login.do HTTP/1.1" 302 -
58.39.35.118 - - [27/Oct/2022:11:00:35 +0800] "GET /xingrg/index.html?sysBaseUrl=http%3A%2F%2F180.169.147.146%3A18081%2Fxingrg%2F&costTime=42×tamp=1666839635433 HTTP/1.1" 200 17179
58.39.35.118 - - [27/Oct/2022:11:00:37 +0800] "GET /favicon.ico HTTP/1.1" 404 -
58.39.35.118 - - [27/Oct/2022:11:00:38 +0800] "POST /xingrg/all/common/load_tree.html?tree=area_rest_tree_json&manage=1 HTTP/1.1" 200 351
58.39.35.118 - - [27/Oct/2022:11:00:39 +0800] "GET /xingrg/all/function/internal_message.html?_=1666839626416&CODE_STATE=count HTTP/1.1" 200 11
58.39.35.118 - - [27/Oct/2022:11:00:39 +0800] "GET /xingrg/check_reg.html?_=1666839626418 HTTP/1.1" 200 22
58.39.35.118 - - [27/Oct/2022:11:00:40 +0800] "POST /xingrg/load_menu.html HTTP/1.1" 200 5138
58.39.35.118 - - [27/Oct/2022:11:00:42 +0800] "GET /xingrg/kc/base/base_main.html HTTP/1.1" 200 12142
116.238.139.35 - - [27/Oct/2022:11:00:43 +0800] "GET /xingrg/all/function/internal_message.html?_=1666839570683&CODE_STATE=getMsg HTTP/1.1" 200 27
116.238.139.35 - - [27/Oct/2022:11:00:45 +0800] "GET /xingrg/all/function/internal_message.html?_=1666839637723&CODE_STATE=getMsg HTTP/1.1" 200 27
120.253.135.82 - - [27/Oct/2022:11:00:46 +0800] "GET /xingrg/check_reg.html?_=1666839434580 HTTP/1.1" 200 22
58.39.35.118 - - [27/Oct/2022:11:00:47 +0800] "GET /xingrg/kc/base/wldb_order_list.html HTTP/1.1" 200 19148
120.253.135.82 - - [27/Oct/2022:11:00:47 +0800] "GET /xingrg/all/function/internal_message.html?_=1666839436107&CODE_STATE=getMsg HTTP/1.1" 200 27
114.84.81.136 - - [27/Oct/2022:11:00:47 +0800] "GET /xingrg/all/function/internal_message.html?_=1666839646778&CODE_STATE=getMsg HTTP/1.1" 200 27
58.39.35.118 - - [27/Oct/2022:11:00:49 +0800] "POST /xingrg/kc/base/wldb_list_operate.html HTTP/1.1" 200 928
58.39.35.118 - - [27/Oct/2022:11:00:51 +0800] "GET /xingrg/kc/base/base_main.html HTTP/1.1" 200 12142
58.39.35.118 - - [27/Oct/2022:11:00:52 +0800] "GET /xingrg/kc/base/wldb_order_list.html HTTP/1.1" 200 19148
58.39.35.118 - - [27/Oct/2022:11:00:52 +0800] "POST /xingrg/kc/base/wldb_list_operate.html HTTP/1.1" 200 928
180.169.147.146 - - [27/Oct/2022:11:00:56 +0800] "GET /xingrg/all/function/internal_message.html?_=1666839647070&CODE_STATE=getMsg HTTP/1.1" 200 27
180.169.147.146 - - [27/Oct/2022:11:00:56 +0800] "GET /xingrg/check_reg.html?_=1666839647071 HTTP/1.1" 200 22
58.39.35.118 - - [27/Oct/2022:11:00:56 +0800] "GET /xingrg/kc/base/base_main.html HTTP/1.1" 200 12142
222.69.130.135 - - [27/Oct/2022:11:00:57 +0800] "GET /xingrg/all/function/internal_message.html?_=1666839647373&CODE_STATE=getMsg HTTP/1.1" 200 27
58.39.35.118 - - [27/Oct/2022:11:00:58 +0800] "GET /xingrg/kc/base/yddb_order_list.html HTTP/1.1" 200 16754
58.39.35.118 - - [27/Oct/2022:11:00:58 +0800] "POST /xingrg/kc/base/yddb_list_operate.html HTTP/1.1" 200 636
58.40.7.146 - - [27/Oct/2022:11:01:00 +0800] "GET /xingrg/all/function/internal_message.html?_=1666839652031&CODE_STATE=getMsg HTTP/1.1" 200 27
58.39.35.118 - - [27/Oct/2022:11:01:00 +0800] "GET /xingrg/kc/base/yddb_order_add.html HTTP/1.1" 200 29849
58.39.35.118 - - [27/Oct/2022:11:01:00 +0800] "GET /xingrg/dwr/interface/AjaxComOrderService.js HTTP/1.1" 200 18264
58.39.35.118 - - [27/Oct/2022:11:01:00 +0800] "GET /xingrg/dwr/interface/AjaxYddbService.js HTTP/1.1" 200 13201
116.230.114.213 - - [27/Oct/2022:11:01:00 +0800] "GET /xingrg/all/function/internal_message.html?_=1666839670111&CODE_STATE=getMsg HTTP/1.1" 200 27
58.39.35.118 - - [27/Oct/2022:11:01:00 +0800] "GET /xingrg/dwr/engine.js HTTP/1.1" 200 43631
120.253.135.82 - - [27/Oct/2022:11:01:01 +0800] "GET /xingrg/check_reg.html?_=1666839754737 HTTP/1.1" 200 22
120.253.135.82 - - [27/Oct/2022:11:01:03 +0800] "GET /xingrg/all/function/internal_message.html?_=1666839756527&CODE_STATE=getMsg HTTP/1.1" 200 27
58.39.35.118 - - [27/Oct/2022:11:01:04 +0800] "POST /xingrg/dwr/call/plaincall/AjaxYddbService.getRestBases.dwr HTTP/1.1" 200 518
101.85.95.132 - - [27/Oct/2022:11:01:06 +0800] "GET /xingrg/all/function/internal_message.html?_=1666839656717&CODE_STATE=getMsg HTTP/1.1" 200 27
222.70.183.206 - - [27/Oct/2022:11:01:12 +0800] "GET /xingrg/all/function/internal_message.html?_=1666839661753&CODE_STATE=getMsg HTTP/1.1" 200 27
58.39.35.118 - - [27/Oct/2022:11:01:14 +0800] "POST /xingrg/dwr/call/plaincall/AjaxYddbService.saveOrder.dwr HTTP/1.1" 200 78
222.69.192.207 - - [27/Oct/2022:11:01:15 +0800] "GET /xingrg/all/function/internal_message.html?_=1666839669188&CODE_STATE=getMsg HTTP/1.1" 200 27
58.39.35.118 - - [27/Oct/2022:11:01:19 +0800] "POST /xingrg/dwr/call/plaincall/AjaxComOrderService.getMaterielSearchList.dwr HTTP/1.1" 200 582138
58.39.35.118 - - [27/Oct/2022:11:01:21 +0800] "POST /xingrg/dwr/call/plaincall/AjaxComOrderService.getMaterielSearchList.dwr HTTP/1.1" 200 1042
58.39.35.118 - - [27/Oct/2022:11:01:21 +0800] "POST /xingrg/dwr/call/plaincall/AjaxComOrderService.getMaterielSearchList.dwr HTTP/1.1" 200 582138
116.237.72.181 - - [27/Oct/2022:11:01:24 +0800] "GET /xingrg/all/function/internal_message.html?_=1666839675748&CODE_STATE=getMsg HTTP/1.1" 200 27
116.237.72.181 - - [27/Oct/2022:11:01:24 +0800] "GET /xingrg/check_reg.html?_=1666839675748 HTTP/1.1" 200 22
116.230.105.139 - - [27/Oct/2022:11:01:30 +0800] "GET /xingrg/all/function/internal_message.html?_=1666839645428&CODE_STATE=getMsg HTTP/1.1" 200 27
221.239.141.151 - - [27/Oct/2022:11:01:31 +0800] "GET /xingrg/all/function/internal_message.html?_=1666839683846&CODE_STATE=getMsg HTTP/1.1" 200 27
221.239.141.151 - - [27/Oct/2022:11:01:33 +0800] "GET /xingrg/check_reg.html?_=1666839685114 HTTP/1.1" 200 22
58.39.35.118 - - [27/Oct/2022:11:01:39 +0800] "GET /xingrg/all/function/internal_message.html?_=1666839686419&CODE_STATE=getMsg HTTP/1.1" 200 27
116.238.139.35 - - [27/Oct/2022:11:01:43 +0800] "GET /xingrg/all/function/internal_message.html?_=1666839630685&CODE_STATE=getMsg HTTP/1.1" 200 27
116.238.139.35 - - [27/Oct/2022:11:01:45 +0800] "GET /xingrg/all/function/internal_message.html?_=1666839697709&CODE_STATE=getMsg HTTP/1.1" 200 27
120.253.135.82 - - [27/Oct/2022:11:01:47 +0800] "GET /xingrg/all/function/internal_message.html?_=1666839496122&CODE_STATE=getMsg HTTP/1.1" 200 27
114.84.81.136 - - [27/Oct/2022:11:01:47 +0800] "GET /xingrg/all/function/internal_message.html?_=1666839706779&CODE_STATE=getMsg HTTP/1.1" 200 27
116.237.72.181 - - [27/Oct/2022:11:01:53 +0800] "GET /xingrg/check_reg.html?_=1666839702750 HTTP/1.1" 200 22
180.169.147.146 - - [27/Oct/2022:11:01:56 +0800] "GET /xingrg/all/function/internal_message.html?_=1666839707073&CODE_STATE=getMsg HTTP/1.1" 200 27
222.69.130.135 - - [27/Oct/2022:11:01:57 +0800] "GET /xingrg/all/function/internal_message.html?_=1666839707357&CODE_STATE=getMsg HTTP/1.1" 200 27
58.40.7.146 - - [27/Oct/2022:11:02:00 +0800] "GET /xingrg/all/function/internal_message.html?_=1666839712035&CODE_STATE=getMsg HTTP/1.1" 200 27
116.230.114.213 - - [27/Oct/2022:11:02:00 +0800] "GET /xingrg/all/function/internal_message.html?_=1666839730179&CODE_STATE=getMsg HTTP/1.1" 200 27
120.253.135.82 - - [27/Oct/2022:11:02:03 +0800] "GET /xingrg/all/function/internal_message.html?_=1666839816538&CODE_STATE=getMsg HTTP/1.1" 200 27
101.85.95.132 - - [27/Oct/2022:11:02:06 +0800] "GET /xingrg/all/function/internal_message.html?_=1666839716707&CODE_STATE=getMsg HTTP/1.1" 200 27
180.169.147.146 - - [27/Oct/2022:11:02:07 +0800] "GET /xingrg/kc/buy/cgsh_order_add.html HTTP/1.1" 200 69106
180.169.147.146 - - [27/Oct/2022:11:02:07 +0800] "POST /xingrg/kc/buy/cgsh_order_operate.html HTTP/1.1" 200 8245
180.169.147.146 - - [27/Oct/2022:11:02:07 +0800] "GET /xingrg/javascript/easyui/themes/default/validatebox.css HTTP/1.1" 404 1104
58.39.35.118 - - [27/Oct/2022:11:02:08 +0800] "POST /xingrg/dwr/call/plaincall/AjaxComOrderService.getMaterielSearchList.dwr HTTP/1.1" 200 76
58.39.35.118 - - [27/Oct/2022:11:02:08 +0800] "POST /xingrg/dwr/call/plaincall/AjaxComOrderService.getMaterielSearchList.dwr HTTP/1.1" 200 76
58.39.35.118 - - [27/Oct/2022:11:02:11 +0800] "POST /xingrg/dwr/call/plaincall/AjaxComOrderService.getMaterielSearchList.dwr HTTP/1.1" 200 76
58.39.35.118 - - [27/Oct/2022:11:02:11 +0800] "POST /xingrg/dwr/call/plaincall/AjaxComOrderService.getMaterielSearchList.dwr HTTP/1.1" 200 76
222.70.183.206 - - [27/Oct/2022:11:02:12 +0800] "GET /xingrg/check_reg.html?_=1666839721752 HTTP/1.1" 200 22
222.70.183.206 - - [27/Oct/2022:11:02:12 +0800] "GET /xingrg/all/function/internal_message.html?_=1666839721755&CODE_STATE=getMsg HTTP/1.1" 200 27
58.39.35.118 - - [27/Oct/2022:11:02:13 +0800] "POST /xingrg/dwr/call/plaincall/AjaxComOrderService.getMaterielSearchList.dwr HTTP/1.1" 200 76
58.39.35.118 - - [27/Oct/2022:11:02:15 +0800] "POST /xingrg/dwr/call/plaincall/AjaxComOrderService.getMaterielSearchList.dwr HTTP/1.1" 200 1354
58.39.35.118 - - [27/Oct/2022:11:02:15 +0800] "POST /xingrg/dwr/call/plaincall/AjaxComOrderService.getMaterielSearchList.dwr HTTP/1.1" 200 77
222.69.192.207 - - [27/Oct/2022:11:02:15 +0800] "GET /xingrg/all/function/internal_message.html?_=1666839729189&CODE_STATE=getMsg HTTP/1.1" 200 27
222.69.192.207 - - [27/Oct/2022:11:02:15 +0800] "GET /xingrg/check_reg.html?_=1666839729192 HTTP/1.1" 200 22
58.39.35.118 - - [27/Oct/2022:11:02:16 +0800] "POST /xingrg/dwr/call/plaincall/AjaxComOrderService.getMaterielSearchList.dwr HTTP/1.1" 200 77
58.39.35.118 - - [27/Oct/2022:11:02:16 +0800] "POST /xingrg/dwr/call/plaincall/AjaxComOrderService.getMaterielSearchList.dwr HTTP/1.1" 200 77
58.39.35.118 - - [27/Oct/2022:11:02:17 +0800] "POST /xingrg/dwr/call/plaincall/AjaxComOrderService.getMaterielSearchList.dwr HTTP/1.1" 200 77
58.39.35.118 - - [27/Oct/2022:11:02:18 +0800] "POST /xingrg/dwr/call/plaincall/AjaxComOrderService.getMaterielSearchList.dwr HTTP/1.1" 200 77
58.39.35.118 - - [27/Oct/2022:11:02:18 +0800] "POST /xingrg/dwr/call/plaincall/AjaxComOrderService.getMaterielSearchList.dwr HTTP/1.1" 200 77
58.39.35.118 - - [27/Oct/2022:11:02:19 +0800] "POST /xingrg/dwr/call/plaincall/AjaxComOrderService.getMaterielSearchList.dwr HTTP/1.1" 200 77
58.39.35.118 - - [27/Oct/2022:11:02:20 +0800] "POST /xingrg/dwr/call/plaincall/AjaxComOrderService.getMaterielSearchList.dwr HTTP/1.1" 200 420
116.237.72.181 - - [27/Oct/2022:11:02:24 +0800] "GET /xingrg/all/function/internal_message.html?_=1666839735750&CODE_STATE=getMsg HTTP/1.1" 200 27
58.39.35.118 - - [27/Oct/2022:11:02:25 +0800] "POST /xingrg/dwr/call/plaincall/AjaxYddbService.getMaterielByMap.dwr HTTP/1.1" 200 1678
116.230.105.139 - - [27/Oct/2022:11:02:30 +0800] "GET /xingrg/all/function/internal_message.html?_=1666839705427&CODE_STATE=getMsg HTTP/1.1" 200 27
221.239.141.151 - - [27/Oct/2022:11:02:31 +0800] "GET /xingrg/all/function/internal_message.html?_=1666839743830&CODE_STATE=getMsg HTTP/1.1" 200 27
58.39.35.118 - - [27/Oct/2022:11:02:39 +0800] "GET /xingrg/all/function/internal_message.html?_=1666839746426&CODE_STATE=getMsg HTTP/1.1" 200 27
116.238.139.35 - - [27/Oct/2022:11:02:41 +0800] "GET /xingrg/check_reg.html?_=1666839687906 HTTP/1.1" 200 22
116.238.139.35 - - [27/Oct/2022:11:02:43 +0800] "GET /xingrg/all/function/internal_message.html?_=1666839690698&CODE_STATE=getMsg HTTP/1.1" 200 27
116.238.139.35 - - [27/Oct/2022:11:02:45 +0800] "GET /xingrg/all/function/internal_message.html?_=1666839757681&CODE_STATE=getMsg HTTP/1.1" 200 27
120.253.135.82 - - [27/Oct/2022:11:02:47 +0800] "GET /xingrg/all/function/internal_message.html?_=1666839556139&CODE_STATE=getMsg HTTP/1.1" 200 27
114.84.81.136 - - [27/Oct/2022:11:02:47 +0800] "GET /xingrg/all/function/internal_message.html?_=1666839766778&CODE_STATE=getMsg HTTP/1.1" 200 27
180.169.147.146 - - [27/Oct/2022:11:02:56 +0800] "GET /xingrg/all/function/internal_message.html?_=1666839767085&CODE_STATE=getMsg HTTP/1.1" 200 27
222.69.130.135 - - [27/Oct/2022:11:02:57 +0800] "GET /xingrg/all/function/internal_message.html?_=1666839767340&CODE_STATE=getMsg HTTP/1.1" 200 27
222.69.130.135 - - [27/Oct/2022:11:02:58 +0800] "GET /xingrg/check_reg.html?_=1666839768200 HTTP/1.1" 200 22
58.39.35.118 - - [27/Oct/2022:11:02:58 +0800] "POST /xingrg/dwr/call/plaincall/AjaxYddbService.saveMaterielItem.dwr HTTP/1.1" 200 79
