120.253.135.82 - - [26/Oct/2022:09:57:51 +0800] "GET /xingrg/javascript/easyui/themes/default/validatebox.css HTTP/1.1" 404 1104
120.253.135.82 - - [26/Oct/2022:09:57:55 +0800] "POST /xingrg/kc/pszx/mdps_list_operate.html HTTP/1.1" 200 2438
120.253.135.82 - - [26/Oct/2022:09:57:57 +0800] "POST /xingrg/kc/pszx/mdps_list_operate.html HTTP/1.1" 200 284
120.253.135.82 - - [26/Oct/2022:09:57:58 +0800] "GET /xingrg/kc/pszx/mdps_order_info.html?code=312022102400485 HTTP/1.1" 200 23978
120.253.135.82 - - [26/Oct/2022:09:57:58 +0800] "GET /xingrg/javascript/easyui/themes/default/validatebox.css HTTP/1.1" 404 1104
120.253.135.82 - - [26/Oct/2022:09:57:58 +0800] "POST /xingrg/kc/pszx/mdps_order_operate.html HTTP/1.1" 200 2785
120.253.135.82 - - [26/Oct/2022:09:58:01 +0800] "GET /xingrg/all/function/internal_message.html?_=1666749576838&CODE_STATE=getMsg HTTP/1.1" 200 27
120.253.135.82 - - [26/Oct/2022:09:58:02 +0800] "POST /xingrg/kc/pszx/mdps_order_operate.html HTTP/1.1" 200 37
114.83.223.130 - - [26/Oct/2022:09:58:02 +0800] "GET /xingrg/all/function/internal_message.html?_=1666749473728&CODE_STATE=getMsg HTTP/1.1" 200 27
120.253.135.82 - - [26/Oct/2022:09:58:04 +0800] "POST /xingrg/kc/pszx/mdps_order_operate.html HTTP/1.1" 200 12
120.253.135.82 - - [26/Oct/2022:09:58:05 +0800] "GET /xingrg/kc/pszx/mdps_order_info.html?code=312022102400485 HTTP/1.1" 200 19638
120.253.135.82 - - [26/Oct/2022:09:58:05 +0800] "POST /xingrg/kc/pszx/mdps_order_operate.html HTTP/1.1" 200 1003
120.253.135.82 - - [26/Oct/2022:09:58:05 +0800] "GET /xingrg/javascript/easyui/themes/default/validatebox.css HTTP/1.1" 404 1104
120.253.135.82 - - [26/Oct/2022:09:58:06 +0800] "POST /xingrg/kc/pszx/mdps_list_operate.html HTTP/1.1" 200 2066
116.238.139.35 - - [26/Oct/2022:09:58:10 +0800] "GET /xingrg/all/function/internal_message.html?_=1666749419393&CODE_STATE=getMsg HTTP/1.1" 200 27
222.69.192.207 - - [26/Oct/2022:09:58:12 +0800] "GET /xingrg/all/function/internal_message.html?_=1666749336904&CODE_STATE=getMsg HTTP/1.1" 200 27
114.83.219.57 - - [26/Oct/2022:09:58:14 +0800] "GET /xingrg/all/function/internal_message.html?_=1666749592077&CODE_STATE=getMsg HTTP/1.1" 200 27
120.253.135.82 - - [26/Oct/2022:09:58:16 +0800] "POST /xingrg/kc/pszx/mdps_list_operate.html HTTP/1.1" 200 628
120.253.135.82 - - [26/Oct/2022:09:58:17 +0800] "GET /xingrg/kc/pszx/mdps_order_info.html?code=312022102400483 HTTP/1.1" 200 23978
120.253.135.82 - - [26/Oct/2022:09:58:17 +0800] "GET /xingrg/javascript/easyui/themes/default/validatebox.css HTTP/1.1" 404 1104
120.253.135.82 - - [26/Oct/2022:09:58:17 +0800] "POST /xingrg/kc/pszx/mdps_order_operate.html HTTP/1.1" 200 16031
116.230.114.213 - - [26/Oct/2022:09:58:18 +0800] "GET /xingrg/all/function/internal_message.html?_=1666749504576&CODE_STATE=getMsg HTTP/1.1" 200 27
221.239.141.151 - - [26/Oct/2022:09:58:22 +0800] "GET /xingrg/all/function/internal_message.html?_=1666749495726&CODE_STATE=getMsg HTTP/1.1" 200 27
120.253.135.82 - - [26/Oct/2022:09:58:26 +0800] "POST /xingrg/kc/pszx/mdps_order_operate.html HTTP/1.1" 200 37
120.253.135.82 - - [26/Oct/2022:09:58:28 +0800] "POST /xingrg/kc/pszx/mdps_order_operate.html HTTP/1.1" 200 12
120.253.135.82 - - [26/Oct/2022:09:58:31 +0800] "GET /xingrg/kc/pszx/mdps_order_info.html?code=312022102400483 HTTP/1.1" 200 19638
120.253.135.82 - - [26/Oct/2022:09:58:31 +0800] "POST /xingrg/kc/pszx/mdps_order_operate.html HTTP/1.1" 200 14138
120.253.135.82 - - [26/Oct/2022:09:58:31 +0800] "GET /xingrg/javascript/easyui/themes/default/validatebox.css HTTP/1.1" 404 1104
116.230.105.139 - - [26/Oct/2022:09:58:32 +0800] "GET /xingrg/all/function/internal_message.html?_=1666749504433&CODE_STATE=getMsg HTTP/1.1" 200 27
120.253.135.82 - - [26/Oct/2022:09:58:32 +0800] "POST /xingrg/kc/pszx/mdps_list_operate.html HTTP/1.1" 200 1692
120.253.135.82 - - [26/Oct/2022:09:58:33 +0800] "POST /xingrg/kc/pszx/mdps_list_operate.html HTTP/1.1" 200 205
222.70.183.206 - - [26/Oct/2022:09:58:34 +0800] "GET /xingrg/all/function/internal_message.html?_=1666749505623&CODE_STATE=getMsg HTTP/1.1" 200 27
222.70.183.206 - - [26/Oct/2022:09:58:34 +0800] "GET /xingrg/check_reg.html?_=1666749505625 HTTP/1.1" 200 22
58.221.95.50 - - [26/Oct/2022:09:58:42 +0800] "GET /xingrg/check_reg.html?_=1666749543352 HTTP/1.1" 302 -
180.169.147.146 - - [26/Oct/2022:09:58:44 +0800] "GET /xingrg/all/function/internal_message.html?_=1666749516735&CODE_STATE=getMsg HTTP/1.1" 200 27
116.230.105.139 - - [26/Oct/2022:09:58:48 +0800] "GET /xingrg/all/function/internal_message.html?_=1666749482714&CODE_STATE=getMsg HTTP/1.1" 200 27
116.238.139.35 - - [26/Oct/2022:09:58:49 +0800] "GET /xingrg/all/function/internal_message.html?_=1666749521648&CODE_STATE=getMsg HTTP/1.1" 200 27
120.253.135.82 - - [26/Oct/2022:09:59:01 +0800] "GET /xingrg/all/function/internal_message.html?_=1666749636855&CODE_STATE=getMsg HTTP/1.1" 200 27
114.83.223.130 - - [26/Oct/2022:09:59:02 +0800] "GET /xingrg/check_reg.html?_=1666749533728 HTTP/1.1" 200 22
114.83.223.130 - - [26/Oct/2022:09:59:02 +0800] "GET /xingrg/all/function/internal_message.html?_=1666749533730&CODE_STATE=getMsg HTTP/1.1" 200 27
116.238.139.35 - - [26/Oct/2022:09:59:10 +0800] "GET /xingrg/all/function/internal_message.html?_=1666749479407&CODE_STATE=getMsg HTTP/1.1" 200 27
222.69.192.207 - - [26/Oct/2022:09:59:12 +0800] "GET /xingrg/all/function/internal_message.html?_=1666749396904&CODE_STATE=getMsg HTTP/1.1" 200 27
114.83.219.57 - - [26/Oct/2022:09:59:14 +0800] "GET /xingrg/all/function/internal_message.html?_=1666749652087&CODE_STATE=getMsg HTTP/1.1" 200 27
116.230.114.213 - - [26/Oct/2022:09:59:18 +0800] "GET /xingrg/all/function/internal_message.html?_=1666749564652&CODE_STATE=getMsg HTTP/1.1" 200 27
221.239.141.151 - - [26/Oct/2022:09:59:22 +0800] "GET /xingrg/all/function/internal_message.html?_=1666749555729&CODE_STATE=getMsg HTTP/1.1" 200 27
116.230.105.139 - - [26/Oct/2022:09:59:31 +0800] "GET /xingrg/check_reg.html?_=1666749564420 HTTP/1.1" 200 22
116.230.105.139 - - [26/Oct/2022:09:59:31 +0800] "GET /xingrg/all/function/internal_message.html?_=1666749564421&CODE_STATE=getMsg HTTP/1.1" 200 27
222.70.183.206 - - [26/Oct/2022:09:59:34 +0800] "GET /xingrg/all/function/internal_message.html?_=1666749565624&CODE_STATE=getMsg HTTP/1.1" 200 27
180.169.147.146 - - [26/Oct/2022:09:59:44 +0800] "GET /xingrg/all/function/internal_message.html?_=1666749576745&CODE_STATE=getMsg HTTP/1.1" 200 27
116.230.105.139 - - [26/Oct/2022:09:59:47 +0800] "GET /xingrg/check_reg.html?_=1666749541202 HTTP/1.1" 200 22
120.253.135.82 - - [26/Oct/2022:09:59:47 +0800] "GET /xingrg/check_reg.html?_=1666749376579 HTTP/1.1" 200 22
116.230.105.139 - - [26/Oct/2022:09:59:48 +0800] "GET /xingrg/all/function/internal_message.html?_=1666749542690&CODE_STATE=getMsg HTTP/1.1" 200 27
116.238.139.35 - - [26/Oct/2022:09:59:49 +0800] "GET /xingrg/all/function/internal_message.html?_=1666749581650&CODE_STATE=getMsg HTTP/1.1" 200 27
116.230.114.213 - - [26/Oct/2022:09:59:55 +0800] "GET /xingrg/check_reg.html?_=1666749601748 HTTP/1.1" 200 22
120.253.135.82 - - [26/Oct/2022:10:00:01 +0800] "GET /xingrg/all/function/internal_message.html?_=1666749696870&CODE_STATE=getMsg HTTP/1.1" 200 27
114.83.223.130 - - [26/Oct/2022:10:00:02 +0800] "GET /xingrg/all/function/internal_message.html?_=1666749593715&CODE_STATE=getMsg HTTP/1.1" 200 27
116.238.139.35 - - [26/Oct/2022:10:00:10 +0800] "GET /xingrg/all/function/internal_message.html?_=1666749539443&CODE_STATE=getMsg HTTP/1.1" 200 27
222.69.192.207 - - [26/Oct/2022:10:00:12 +0800] "GET /xingrg/all/function/internal_message.html?_=1666749456905&CODE_STATE=getMsg HTTP/1.1" 200 27
222.69.192.207 - - [26/Oct/2022:10:00:12 +0800] "GET /xingrg/check_reg.html?_=1666749456908 HTTP/1.1" 200 22
114.83.219.57 - - [26/Oct/2022:10:00:14 +0800] "GET /xingrg/all/function/internal_message.html?_=1666749712080&CODE_STATE=getMsg HTTP/1.1" 200 27
116.230.114.213 - - [26/Oct/2022:10:00:18 +0800] "GET /xingrg/all/function/internal_message.html?_=1666749624664&CODE_STATE=getMsg HTTP/1.1" 200 27
221.239.141.151 - - [26/Oct/2022:10:00:22 +0800] "GET /xingrg/all/function/internal_message.html?_=1666749615729&CODE_STATE=getMsg HTTP/1.1" 200 27
116.230.105.139 - - [26/Oct/2022:10:00:31 +0800] "GET /xingrg/all/function/internal_message.html?_=1666749624418&CODE_STATE=getMsg HTTP/1.1" 200 27
222.70.183.206 - - [26/Oct/2022:10:00:34 +0800] "GET /xingrg/all/function/internal_message.html?_=1666749625621&CODE_STATE=getMsg HTTP/1.1" 200 27
180.169.147.146 - - [26/Oct/2022:10:00:44 +0800] "GET /xingrg/all/function/internal_message.html?_=1666749636737&CODE_STATE=getMsg HTTP/1.1" 200 27
180.169.147.146 - - [26/Oct/2022:10:00:44 +0800] "GET /xingrg/check_reg.html?_=1666749636739 HTTP/1.1" 200 22
222.70.183.206 - - [26/Oct/2022:10:00:46 +0800] "GET /xingrg/kc/buy/cgsh_order_add.html HTTP/1.1" 200 69059
222.70.183.206 - - [26/Oct/2022:10:00:46 +0800] "POST /xingrg/kc/buy/cgsh_order_operate.html HTTP/1.1" 200 8245
222.70.183.206 - - [26/Oct/2022:10:00:46 +0800] "GET /xingrg/javascript/easyui/themes/default/validatebox.css HTTP/1.1" 404 1104
116.230.105.139 - - [26/Oct/2022:10:00:48 +0800] "GET /xingrg/all/function/internal_message.html?_=1666749602667&CODE_STATE=getMsg HTTP/1.1" 200 27
116.238.139.35 - - [26/Oct/2022:10:00:49 +0800] "GET /xingrg/check_reg.html?_=1666749641652 HTTP/1.1" 200 22
116.238.139.35 - - [26/Oct/2022:10:00:49 +0800] "GET /xingrg/all/function/internal_message.html?_=1666749641656&CODE_STATE=getMsg HTTP/1.1" 200 27
120.253.135.82 - - [26/Oct/2022:10:01:01 +0800] "GET /xingrg/all/function/internal_message.html?_=1666749756880&CODE_STATE=getMsg HTTP/1.1" 200 27
114.83.223.130 - - [26/Oct/2022:10:01:02 +0800] "GET /xingrg/all/function/internal_message.html?_=1666749653732&CODE_STATE=getMsg HTTP/1.1" 200 27
116.238.139.35 - - [26/Oct/2022:10:01:10 +0800] "GET /xingrg/all/function/internal_message.html?_=1666749599449&CODE_STATE=getMsg HTTP/1.1" 200 27
222.70.183.206 - - [26/Oct/2022:10:01:11 +0800] "GET /xingrg/kc/buy/cgsh_order_operate.html?command=get_materiel&rest_code=00111&code=00101008261&supplier_code=00100005&order_time=2022-10-26 HTTP/1.1" 200 408
222.69.192.207 - - [26/Oct/2022:10:01:12 +0800] "GET /xingrg/all/function/internal_message.html?_=1666749516915&CODE_STATE=getMsg HTTP/1.1" 200 27
114.83.219.57 - - [26/Oct/2022:10:01:14 +0800] "GET /xingrg/check_reg.html?_=1666749772096 HTTP/1.1" 200 22
114.83.219.57 - - [26/Oct/2022:10:01:14 +0800] "GET /xingrg/all/function/internal_message.html?_=1666749772097&CODE_STATE=getMsg HTTP/1.1" 200 27
116.230.114.213 - - [26/Oct/2022:10:01:18 +0800] "GET /xingrg/all/function/internal_message.html?_=1666749684679&CODE_STATE=getMsg HTTP/1.1" 200 27
221.239.141.151 - - [26/Oct/2022:10:01:22 +0800] "GET /xingrg/all/function/internal_message.html?_=1666749675736&CODE_STATE=getMsg HTTP/1.1" 200 27
221.239.141.151 - - [26/Oct/2022:10:01:22 +0800] "GET /xingrg/check_reg.html?_=1666749675737 HTTP/1.1" 200 22
222.70.183.206 - - [26/Oct/2022:10:01:24 +0800] "GET /xingrg/kc/buy/cgsh_order_operate.html?command=get_materiel&rest_code=00111&code=00101008350&supplier_code=00100005&order_time=2022-10-26 HTTP/1.1" 200 408
116.230.105.139 - - [26/Oct/2022:10:01:31 +0800] "GET /xingrg/all/function/internal_message.html?_=1666749684419&CODE_STATE=getMsg HTTP/1.1" 200 27
222.70.183.206 - - [26/Oct/2022:10:01:34 +0800] "GET /xingrg/all/function/internal_message.html?_=1666749685635&CODE_STATE=getMsg HTTP/1.1" 200 27
222.70.183.206 - - [26/Oct/2022:10:01:34 +0800] "GET /xingrg/kc/buy/cgsh_order_operate.html?command=get_materiel&rest_code=00111&code=00101008199&supplier_code=00100005&order_time=2022-10-26 HTTP/1.1" 200 408
180.169.147.146 - - [26/Oct/2022:10:01:44 +0800] "GET /xingrg/all/function/internal_message.html?_=1666749696756&CODE_STATE=getMsg HTTP/1.1" 200 27
222.70.183.206 - - [26/Oct/2022:10:01:47 +0800] "GET /xingrg/kc/buy/cgsh_order_operate.html?command=get_materiel&rest_code=00111&code=00101008355&supplier_code=00100005&order_time=2022-10-26 HTTP/1.1" 200 408
116.230.105.139 - - [26/Oct/2022:10:01:48 +0800] "GET /xingrg/all/function/internal_message.html?_=1666749662655&CODE_STATE=getMsg HTTP/1.1" 200 27
116.238.139.35 - - [26/Oct/2022:10:01:49 +0800] "GET /xingrg/all/function/internal_message.html?_=1666749701670&CODE_STATE=getMsg HTTP/1.1" 200 27
222.70.183.206 - - [26/Oct/2022:10:01:56 +0800] "GET /xingrg/kc/buy/cgsh_order_operate.html?command=get_materiel&rest_code=00111&code=00101008096&supplier_code=00100005&order_time=2022-10-26 HTTP/1.1" 200 412
120.253.135.82 - - [26/Oct/2022:10:02:00 +0800] "GET /xingrg/check_reg.html?_=1666749815275 HTTP/1.1" 200 22
120.253.135.82 - - [26/Oct/2022:10:02:01 +0800] "GET /xingrg/all/function/internal_message.html?_=1666749816892&CODE_STATE=getMsg HTTP/1.1" 200 27
114.83.223.130 - - [26/Oct/2022:10:02:02 +0800] "GET /xingrg/all/function/internal_message.html?_=1666749713739&CODE_STATE=getMsg HTTP/1.1" 200 27
222.70.183.206 - - [26/Oct/2022:10:02:08 +0800] "GET /xingrg/kc/buy/cgsh_order_operate.html?command=get_materiel&rest_code=00111&code=00101008141&supplier_code=00100005&order_time=2022-10-26 HTTP/1.1" 200 412
116.238.139.35 - - [26/Oct/2022:10:02:10 +0800] "GET /xingrg/all/function/internal_message.html?_=1666749659485&CODE_STATE=getMsg HTTP/1.1" 200 27
222.69.192.207 - - [26/Oct/2022:10:02:12 +0800] "GET /xingrg/all/function/internal_message.html?_=1666749576905&CODE_STATE=getMsg HTTP/1.1" 200 27
114.83.219.57 - - [26/Oct/2022:10:02:14 +0800] "GET /xingrg/all/function/internal_message.html?_=1666749832091&CODE_STATE=getMsg HTTP/1.1" 200 27
116.230.114.213 - - [26/Oct/2022:10:02:18 +0800] "GET /xingrg/all/function/internal_message.html?_=1666749744747&CODE_STATE=getMsg HTTP/1.1" 200 27
222.70.183.206 - - [26/Oct/2022:10:02:19 +0800] "GET /xingrg/kc/buy/cgsh_order_operate.html?command=get_materiel&rest_code=00111&code=00101008283&supplier_code=00100005&order_time=2022-10-26 HTTP/1.1" 200 408
221.239.141.151 - - [26/Oct/2022:10:02:22 +0800] "GET /xingrg/all/function/internal_message.html?_=1666749735726&CODE_STATE=getMsg HTTP/1.1" 200 27
116.230.105.139 - - [26/Oct/2022:10:02:31 +0800] "GET /xingrg/all/function/internal_message.html?_=1666749744421&CODE_STATE=getMsg HTTP/1.1" 200 27
222.70.183.206 - - [26/Oct/2022:10:02:32 +0800] "GET /xingrg/kc/buy/cgsh_order_operate.html?command=get_materiel&rest_code=00111&code=00101008351&supplier_code=00100005&order_time=2022-10-26 HTTP/1.1" 200 427
222.70.183.206 - - [26/Oct/2022:10:02:34 +0800] "GET /xingrg/all/function/internal_message.html?_=1666749745632&CODE_STATE=getMsg HTTP/1.1" 200 27
116.238.139.35 - - [26/Oct/2022:10:02:36 +0800] "GET /xingrg/check_reg.html?_=1666749685066 HTTP/1.1" 200 22
222.70.183.206 - - [26/Oct/2022:10:02:42 +0800] "GET /xingrg/kc/buy/cgsh_order_operate.html?command=get_materiel&rest_code=00111&code=00101008010&supplier_code=00100005&order_time=2022-10-26 HTTP/1.1" 200 412
180.169.147.146 - - [26/Oct/2022:10:02:44 +0800] "GET /xingrg/all/function/internal_message.html?_=1666749756747&CODE_STATE=getMsg HTTP/1.1" 200 27
116.230.105.139 - - [26/Oct/2022:10:02:48 +0800] "GET /xingrg/all/function/internal_message.html?_=1666749722636&CODE_STATE=getMsg HTTP/1.1" 200 27
116.238.139.35 - - [26/Oct/2022:10:02:49 +0800] "GET /xingrg/all/function/internal_message.html?_=1666749761657&CODE_STATE=getMsg HTTP/1.1" 200 27
222.70.183.206 - - [26/Oct/2022:10:02:53 +0800] "GET /xingrg/kc/buy/cgsh_order_operate.html?command=get_materiel&rest_code=00111&code=00101008085&supplier_code=00100005&order_time=2022-10-26 HTTP/1.1" 200 412
120.253.135.82 - - [26/Oct/2022:10:03:01 +0800] "GET /xingrg/all/function/internal_message.html?_=1666749876908&CODE_STATE=getMsg HTTP/1.1" 200 27
114.83.223.130 - - [26/Oct/2022:10:03:02 +0800] "GET /xingrg/all/function/internal_message.html?_=1666749773740&CODE_STATE=getMsg HTTP/1.1" 200 27
222.70.183.206 - - [26/Oct/2022:10:03:04 +0800] "GET /xingrg/kc/buy/cgsh_order_operate.html?command=get_materiel&rest_code=00111&code=00101008038&supplier_code=00100005&order_time=2022-10-26 HTTP/1.1" 200 413
116.238.139.35 - - [26/Oct/2022:10:03:10 +0800] "GET /xingrg/all/function/internal_message.html?_=1666749719492&CODE_STATE=getMsg HTTP/1.1" 200 27
222.69.192.207 - - [26/Oct/2022:10:03:12 +0800] "GET /xingrg/all/function/internal_message.html?_=1666749636915&CODE_STATE=getMsg HTTP/1.1" 200 27
114.83.219.57 - - [26/Oct/2022:10:03:14 +0800] "GET /xingrg/all/function/internal_message.html?_=1666749892088&CODE_STATE=getMsg HTTP/1.1" 200 27
116.230.114.213 - - [26/Oct/2022:10:03:18 +0800] "GET /xingrg/all/function/internal_message.html?_=1666749804753&CODE_STATE=getMsg HTTP/1.1" 200 27
222.70.183.206 - - [26/Oct/2022:10:03:22 +0800] "GET /xingrg/kc/buy/cgsh_order_operate.html?command=get_materiel&rest_code=00111&code=00101008264&supplier_code=00100005&order_time=2022-10-26 HTTP/1.1" 200 412
221.239.141.151 - - [26/Oct/2022:10:03:22 +0800] "GET /xingrg/all/function/internal_message.html?_=1666749795742&CODE_STATE=getMsg HTTP/1.1" 200 27
116.230.105.139 - - [26/Oct/2022:10:03:31 +0800] "GET /xingrg/all/function/internal_message.html?_=1666749804415&CODE_STATE=getMsg HTTP/1.1" 200 27
222.70.183.206 - - [26/Oct/2022:10:03:33 +0800] "GET /xingrg/kc/buy/cgsh_order_operate.html?command=get_materiel&rest_code=00111&code=00101008024&supplier_code=00100005&order_time=2022-10-26 HTTP/1.1" 200 408
222.70.183.206 - - [26/Oct/2022:10:03:34 +0800] "GET /xingrg/all/function/internal_message.html?_=1666749805651&CODE_STATE=getMsg HTTP/1.1" 200 27
222.70.183.206 - - [26/Oct/2022:10:03:34 +0800] "GET /xingrg/check_reg.html?_=1666749805652 HTTP/1.1" 200 22
58.221.95.50 - - [26/Oct/2022:10:03:42 +0800] "GET /xingrg/check_reg.html?_=1666749843356 HTTP/1.1" 302 -
222.70.183.206 - - [26/Oct/2022:10:03:43 +0800] "GET /xingrg/kc/buy/cgsh_order_operate.html?command=get_materiel&rest_code=00111&code=00101008360&supplier_code=00100005&order_time=2022-10-26 HTTP/1.1" 200 413
180.169.147.146 - - [26/Oct/2022:10:03:44 +0800] "GET /xingrg/all/function/internal_message.html?_=1666749816750&CODE_STATE=getMsg HTTP/1.1" 200 27
116.230.105.139 - - [26/Oct/2022:10:03:48 +0800] "GET /xingrg/all/function/internal_message.html?_=1666749782620&CODE_STATE=getMsg HTTP/1.1" 200 27
116.238.139.35 - - [26/Oct/2022:10:03:49 +0800] "GET /xingrg/all/function/internal_message.html?_=1666749821659&CODE_STATE=getMsg HTTP/1.1" 200 27
222.70.183.206 - - [26/Oct/2022:10:03:54 +0800] "GET /xingrg/kc/buy/cgsh_order_operate.html?command=get_materiel&rest_code=00111&code=00101008196&supplier_code=00100005&order_time=2022-10-26 HTTP/1.1" 200 416
120.253.135.82 - - [26/Oct/2022:10:04:01 +0800] "GET /xingrg/all/function/internal_message.html?_=1666749936923&CODE_STATE=getMsg HTTP/1.1" 200 27
114.83.223.130 - - [26/Oct/2022:10:04:02 +0800] "GET /xingrg/all/function/internal_message.html?_=1666749833740&CODE_STATE=getMsg HTTP/1.1" 200 27
114.83.223.130 - - [26/Oct/2022:10:04:02 +0800] "GET /xingrg/check_reg.html?_=1666749833754 HTTP/1.1" 200 22
222.70.183.206 - - [26/Oct/2022:10:04:03 +0800] "GET /xingrg/kc/buy/cgsh_order_operate.html?command=get_materiel&rest_code=00111&code=00101008357&supplier_code=00100005&order_time=2022-10-26 HTTP/1.1" 200 408
116.238.139.35 - - [26/Oct/2022:10:04:10 +0800] "GET /xingrg/all/function/internal_message.html?_=1666749779506&CODE_STATE=getMsg HTTP/1.1" 200 27
222.69.192.207 - - [26/Oct/2022:10:04:12 +0800] "GET /xingrg/all/function/internal_message.html?_=1666749696905&CODE_STATE=getMsg HTTP/1.1" 200 27
222.70.183.206 - - [26/Oct/2022:10:04:13 +0800] "GET /xingrg/kc/buy/cgsh_order_operate.html?command=get_materiel&rest_code=00111&code=00101008286&supplier_code=00100005&order_time=2022-10-26 HTTP/1.1" 200 408
114.83.219.57 - - [26/Oct/2022:10:04:14 +0800] "GET /xingrg/all/function/internal_message.html?_=1666749952088&CODE_STATE=getMsg HTTP/1.1" 200 27
116.230.114.213 - - [26/Oct/2022:10:04:18 +0800] "GET /xingrg/all/function/internal_message.html?_=1666749864817&CODE_STATE=getMsg HTTP/1.1" 200 27
221.239.141.151 - - [26/Oct/2022:10:04:22 +0800] "GET /xingrg/all/function/internal_message.html?_=1666749855727&CODE_STATE=getMsg HTTP/1.1" 200 27
222.70.183.206 - - [26/Oct/2022:10:04:28 +0800] "GET /xingrg/kc/buy/cgsh_order_operate.html?command=get_materiel&rest_code=00111&code=00101008318&supplier_code=00100005&order_time=2022-10-26 HTTP/1.1" 200 408
222.70.183.206 - - [26/Oct/2022:10:04:30 +0800] "POST /xingrg/kc/buy/cgsh_order_operate.html HTTP/1.1" 200 2065
116.230.105.139 - - [26/Oct/2022:10:04:31 +0800] "GET /xingrg/all/function/internal_message.html?_=1666749864425&CODE_STATE=getMsg HTTP/1.1" 200 27
116.230.105.139 - - [26/Oct/2022:10:04:32 +0800] "GET /xingrg/check_reg.html?_=1666749864428 HTTP/1.1" 200 22
222.70.183.206 - - [26/Oct/2022:10:04:34 +0800] "GET /xingrg/all/function/internal_message.html?_=1666749865763&CODE_STATE=getMsg HTTP/1.1" 200 27
222.70.183.206 - - [26/Oct/2022:10:04:39 +0800] "GET /xingrg/kc/buy/cgsh_order_operate.html?command=get_materiel&rest_code=00111&code=00101008005&supplier_code=00100005&order_time=2022-10-26 HTTP/1.1" 200 412
180.169.147.146 - - [26/Oct/2022:10:04:44 +0800] "GET /xingrg/all/function/internal_message.html?_=1666749876742&CODE_STATE=getMsg HTTP/1.1" 200 27
116.230.105.139 - - [26/Oct/2022:10:04:47 +0800] "GET /xingrg/check_reg.html?_=1666749841208 HTTP/1.1" 200 22
120.253.135.82 - - [26/Oct/2022:10:04:48 +0800] "GET /xingrg/check_reg.html?_=1666749676586 HTTP/1.1" 200 22
116.230.105.139 - - [26/Oct/2022:10:04:48 +0800] "GET /xingrg/all/function/internal_message.html?_=1666749842611&CODE_STATE=getMsg HTTP/1.1" 200 27
116.238.139.35 - - [26/Oct/2022:10:04:49 +0800] "GET /xingrg/all/function/internal_message.html?_=1666749881659&CODE_STATE=getMsg HTTP/1.1" 200 27
222.70.183.206 - - [26/Oct/2022:10:04:52 +0800] "GET /xingrg/kc/buy/cgsh_order_operate.html?command=get_materiel&rest_code=00111&code=00101008312&supplier_code=00100005&order_time=2022-10-26 HTTP/1.1" 200 412
116.230.114.213 - - [26/Oct/2022:10:04:55 +0800] "GET /xingrg/check_reg.html?_=1666749901759 HTTP/1.1" 200 22
120.253.135.82 - - [26/Oct/2022:10:05:01 +0800] "GET /xingrg/all/function/internal_message.html?_=1666749996938&CODE_STATE=getMsg HTTP/1.1" 200 27
114.83.223.130 - - [26/Oct/2022:10:05:02 +0800] "GET /xingrg/all/function/internal_message.html?_=1666749893755&CODE_STATE=getMsg HTTP/1.1" 200 27
222.70.183.206 - - [26/Oct/2022:10:05:03 +0800] "GET /xingrg/kc/buy/cgsh_order_operate.html?command=get_materiel&rest_code=00111&code=00101008674&supplier_code=00100005&order_time=2022-10-26 HTTP/1.1" 200 398
116.238.139.35 - - [26/Oct/2022:10:05:10 +0800] "GET /xingrg/all/function/internal_message.html?_=1666749839543&CODE_STATE=getMsg HTTP/1.1" 200 27
222.69.192.207 - - [26/Oct/2022:10:05:12 +0800] "GET /xingrg/all/function/internal_message.html?_=1666749756905&CODE_STATE=getMsg HTTP/1.1" 200 27
222.69.192.207 - - [26/Oct/2022:10:05:12 +0800] "GET /xingrg/check_reg.html?_=1666749756908 HTTP/1.1" 200 22
222.70.183.206 - - [26/Oct/2022:10:05:13 +0800] "GET /xingrg/kc/buy/cgsh_order_operate.html?command=get_materiel&rest_code=00111&code=00101008403&supplier_code=00100005&order_time=2022-10-26 HTTP/1.1" 200 412
114.83.219.57 - - [26/Oct/2022:10:05:14 +0800] "GET /xingrg/all/function/internal_message.html?_=1666750012085&CODE_STATE=getMsg HTTP/1.1" 200 27
116.230.114.213 - - [26/Oct/2022:10:05:18 +0800] "GET /xingrg/all/function/internal_message.html?_=1666749924826&CODE_STATE=getMsg HTTP/1.1" 200 27
221.239.141.151 - - [26/Oct/2022:10:05:22 +0800] "GET /xingrg/all/function/internal_message.html?_=1666749915736&CODE_STATE=getMsg HTTP/1.1" 200 27
222.70.183.206 - - [26/Oct/2022:10:05:25 +0800] "GET /xingrg/kc/buy/cgsh_order_operate.html?command=get_materiel&rest_code=00111&code=00101008101&supplier_code=00100005&order_time=2022-10-26 HTTP/1.1" 200 412
222.70.183.206 - - [26/Oct/2022:10:05:29 +0800] "POST /xingrg/kc/buy/cgsh_order_operate.html HTTP/1.1" 200 2065
116.230.105.139 - - [26/Oct/2022:10:05:31 +0800] "GET /xingrg/all/function/internal_message.html?_=1666749924417&CODE_STATE=getMsg HTTP/1.1" 200 27
222.70.183.206 - - [26/Oct/2022:10:05:34 +0800] "GET /xingrg/all/function/internal_message.html?_=1666749925740&CODE_STATE=getMsg HTTP/1.1" 200 27
180.169.147.146 - - [26/Oct/2022:10:05:44 +0800] "GET /xingrg/all/function/internal_message.html?_=1666749936750&CODE_STATE=getMsg HTTP/1.1" 200 27
180.169.147.146 - - [26/Oct/2022:10:05:44 +0800] "GET /xingrg/check_reg.html?_=1666749936753 HTTP/1.1" 200 22
116.230.105.139 - - [26/Oct/2022:10:05:48 +0800] "GET /xingrg/all/function/internal_message.html?_=1666749902582&CODE_STATE=getMsg HTTP/1.1" 200 27
116.238.139.35 - - [26/Oct/2022:10:05:49 +0800] "GET /xingrg/check_reg.html?_=1666749941659 HTTP/1.1" 200 22
116.238.139.35 - - [26/Oct/2022:10:05:49 +0800] "GET /xingrg/all/function/internal_message.html?_=1666749941662&CODE_STATE=getMsg HTTP/1.1" 200 27
222.70.183.206 - - [26/Oct/2022:10:05:54 +0800] "GET /xingrg/kc/buy/cgsh_order_operate.html?command=get_materiel&rest_code=00111&code=00101008055&supplier_code=00100005&order_time=2022-10-26 HTTP/1.1" 200 409
120.253.135.82 - - [26/Oct/2022:10:06:01 +0800] "GET /xingrg/all/function/internal_message.html?_=1666750056947&CODE_STATE=getMsg HTTP/1.1" 200 27
114.83.223.130 - - [26/Oct/2022:10:06:02 +0800] "GET /xingrg/all/function/internal_message.html?_=1666749953755&CODE_STATE=getMsg HTTP/1.1" 200 27
116.238.139.35 - - [26/Oct/2022:10:06:10 +0800] "GET /xingrg/all/function/internal_message.html?_=1666749899549&CODE_STATE=getMsg HTTP/1.1" 200 27
222.69.192.207 - - [26/Oct/2022:10:06:12 +0800] "GET /xingrg/all/function/internal_message.html?_=1666749816915&CODE_STATE=getMsg HTTP/1.1" 200 27
114.83.219.57 - - [26/Oct/2022:10:06:14 +0800] "GET /xingrg/all/function/internal_message.html?_=1666750072081&CODE_STATE=getMsg HTTP/1.1" 200 27
114.83.219.57 - - [26/Oct/2022:10:06:14 +0800] "GET /xingrg/check_reg.html?_=1666750072082 HTTP/1.1" 200 22
222.70.183.206 - - [26/Oct/2022:10:06:14 +0800] "GET /xingrg/kc/buy/cgsh_order_operate.html?command=get_materiel&rest_code=00111&code=00101009155&supplier_code=00100005&order_time=2022-10-26 HTTP/1.1" 200 403
116.230.114.213 - - [26/Oct/2022:10:06:18 +0800] "GET /xingrg/all/function/internal_message.html?_=1666749984840&CODE_STATE=getMsg HTTP/1.1" 200 27
221.239.141.151 - - [26/Oct/2022:10:06:22 +0800] "GET /xingrg/all/function/internal_message.html?_=1666749975734&CODE_STATE=getMsg HTTP/1.1" 200 27
221.239.141.151 - - [26/Oct/2022:10:06:22 +0800] "GET /xingrg/check_reg.html?_=1666749975735 HTTP/1.1" 200 22
116.230.105.139 - - [26/Oct/2022:10:06:31 +0800] "GET /xingrg/all/function/internal_message.html?_=1666749984421&CODE_STATE=getMsg HTTP/1.1" 200 27
222.70.183.206 - - [26/Oct/2022:10:06:34 +0800] "GET /xingrg/all/function/internal_message.html?_=1666749985717&CODE_STATE=getMsg HTTP/1.1" 200 27
222.70.183.206 - - [26/Oct/2022:10:06:43 +0800] "GET /xingrg/kc/buy/cgsh_order_operate.html?command=get_materiel&rest_code=00111&code=00101008370&supplier_code=00100005&order_time=2022-10-26 HTTP/1.1" 200 412
180.169.147.146 - - [26/Oct/2022:10:06:44 +0800] "GET /xingrg/all/function/internal_message.html?_=1666749996752&CODE_STATE=getMsg HTTP/1.1" 200 27
116.230.105.139 - - [26/Oct/2022:10:06:48 +0800] "GET /xingrg/all/function/internal_message.html?_=1666749962571&CODE_STATE=getMsg HTTP/1.1" 200 27
116.238.139.35 - - [26/Oct/2022:10:06:49 +0800] "GET /xingrg/all/function/internal_message.html?_=1666750001666&CODE_STATE=getMsg HTTP/1.1" 200 27
222.70.183.206 - - [26/Oct/2022:10:06:55 +0800] "GET /xingrg/kc/buy/cgsh_order_operate.html?command=get_materiel&rest_code=00111&code=00101008356&supplier_code=00100005&order_time=2022-10-26 HTTP/1.1" 200 408
120.253.135.82 - - [26/Oct/2022:10:07:00 +0800] "GET /xingrg/check_reg.html?_=1666750115281 HTTP/1.1" 200 22
120.253.135.82 - - [26/Oct/2022:10:07:01 +0800] "GET /xingrg/all/function/internal_message.html?_=1666750116961&CODE_STATE=getMsg HTTP/1.1" 200 27
114.83.223.130 - - [26/Oct/2022:10:07:02 +0800] "GET /xingrg/all/function/internal_message.html?_=1666750013755&CODE_STATE=getMsg HTTP/1.1" 200 27
222.70.183.206 - - [26/Oct/2022:10:07:03 +0800] "GET /xingrg/kc/buy/cgsh_order_operate.html?command=get_materiel&rest_code=00111&code=00101008213&supplier_code=00100005&order_time=2022-10-26 HTTP/1.1" 200 412
222.70.183.206 - - [26/Oct/2022:10:07:05 +0800] "POST /xingrg/kc/buy/cgsh_order_operate.html HTTP/1.1" 200 2065
116.238.139.35 - - [26/Oct/2022:10:07:11 +0800] "GET /xingrg/all/function/internal_message.html?_=1666749959588&CODE_STATE=getMsg HTTP/1.1" 200 27
222.69.192.207 - - [26/Oct/2022:10:07:12 +0800] "GET /xingrg/all/function/internal_message.html?_=1666749876905&CODE_STATE=getMsg HTTP/1.1" 200 27
114.83.219.57 - - [26/Oct/2022:10:07:14 +0800] "GET /xingrg/all/function/internal_message.html?_=1666750132083&CODE_STATE=getMsg HTTP/1.1" 200 27
116.230.114.213 - - [26/Oct/2022:10:07:18 +0800] "GET /xingrg/all/function/internal_message.html?_=1666750044905&CODE_STATE=getMsg HTTP/1.1" 200 27
221.239.141.151 - - [26/Oct/2022:10:07:22 +0800] "GET /xingrg/all/function/internal_message.html?_=1666750035734&CODE_STATE=getMsg HTTP/1.1" 200 27
222.70.183.206 - - [26/Oct/2022:10:07:27 +0800] "GET /xingrg/kc/buy/cgsh_order_operate.html?command=get_materiel&rest_code=00111&code=00101008150&supplier_code=00100005&order_time=2022-10-26 HTTP/1.1" 200 409
116.230.105.139 - - [26/Oct/2022:10:07:31 +0800] "GET /xingrg/all/function/internal_message.html?_=1666750044418&CODE_STATE=getMsg HTTP/1.1" 200 27
222.70.183.206 - - [26/Oct/2022:10:07:34 +0800] "GET /xingrg/all/function/internal_message.html?_=1666750045686&CODE_STATE=getMsg HTTP/1.1" 200 27
116.238.139.35 - - [26/Oct/2022:10:07:36 +0800] "GET /xingrg/check_reg.html?_=1666749985068 HTTP/1.1" 200 22
222.70.183.206 - - [26/Oct/2022:10:07:37 +0800] "GET /xingrg/kc/buy/cgsh_order_operate.html?command=get_materiel&rest_code=00111&code=00101008168&supplier_code=00100005&order_time=2022-10-26 HTTP/1.1" 200 413
180.169.147.146 - - [26/Oct/2022:10:07:44 +0800] "GET /xingrg/all/function/internal_message.html?_=1666750056756&CODE_STATE=getMsg HTTP/1.1" 200 27
222.70.183.206 - - [26/Oct/2022:10:07:47 +0800] "GET /xingrg/kc/buy/cgsh_order_operate.html?command=get_materiel&rest_code=00111&code=00101008223&supplier_code=00100005&order_time=2022-10-26 HTTP/1.1" 200 412
116.230.105.139 - - [26/Oct/2022:10:07:48 +0800] "GET /xingrg/all/function/internal_message.html?_=1666750022558&CODE_STATE=getMsg HTTP/1.1" 200 27
116.238.139.35 - - [26/Oct/2022:10:07:49 +0800] "GET /xingrg/all/function/internal_message.html?_=1666750061669&CODE_STATE=getMsg HTTP/1.1" 200 27
120.253.135.82 - - [26/Oct/2022:10:08:01 +0800] "GET /xingrg/all/function/internal_message.html?_=1666750176974&CODE_STATE=getMsg HTTP/1.1" 200 27
114.83.223.130 - - [26/Oct/2022:10:08:02 +0800] "GET /xingrg/all/function/internal_message.html?_=1666750073757&CODE_STATE=getMsg HTTP/1.1" 200 27
222.70.183.206 - - [26/Oct/2022:10:08:09 +0800] "GET /xingrg/kc/buy/cgsh_order_operate.html?command=get_materiel&rest_code=00111&code=00101008114&supplier_code=00100005&order_time=2022-10-26 HTTP/1.1" 200 412
116.238.139.35 - - [26/Oct/2022:10:08:11 +0800] "GET /xingrg/all/function/internal_message.html?_=1666750019591&CODE_STATE=getMsg HTTP/1.1" 200 27
222.70.183.206 - - [26/Oct/2022:10:08:12 +0800] "POST /xingrg/kc/buy/cgsh_order_operate.html HTTP/1.1" 200 2065
222.69.192.207 - - [26/Oct/2022:10:08:12 +0800] "GET /xingrg/all/function/internal_message.html?_=1666749936905&CODE_STATE=getMsg HTTP/1.1" 200 27
114.83.219.57 - - [26/Oct/2022:10:08:14 +0800] "GET /xingrg/all/function/internal_message.html?_=1666750192084&CODE_STATE=getMsg HTTP/1.1" 200 27
116.230.114.213 - - [26/Oct/2022:10:08:18 +0800] "GET /xingrg/all/function/internal_message.html?_=1666750104914&CODE_STATE=getMsg HTTP/1.1" 200 27
222.70.183.206 - - [26/Oct/2022:10:08:19 +0800] "GET /xingrg/kc/buy/cgsh_order_operate.html?command=get_materiel&rest_code=00111&code=00101008209&supplier_code=00100005&order_time=2022-10-26 HTTP/1.1" 200 409
221.239.141.151 - - [26/Oct/2022:10:08:22 +0800] "GET /xingrg/all/function/internal_message.html?_=1666750095736&CODE_STATE=getMsg HTTP/1.1" 200 27
116.230.105.139 - - [26/Oct/2022:10:08:31 +0800] "GET /xingrg/all/function/internal_message.html?_=1666750104420&CODE_STATE=getMsg HTTP/1.1" 200 27
222.70.183.206 - - [26/Oct/2022:10:08:34 +0800] "GET /xingrg/check_reg.html?_=1666750105639 HTTP/1.1" 200 22
222.70.183.206 - - [26/Oct/2022:10:08:34 +0800] "GET /xingrg/all/function/internal_message.html?_=1666750105657&CODE_STATE=getMsg HTTP/1.1" 200 27
222.70.183.206 - - [26/Oct/2022:10:08:38 +0800] "GET /xingrg/kc/buy/cgsh_order_operate.html?command=get_materiel&rest_code=00111&code=00101008300&supplier_code=00100005&order_time=2022-10-26 HTTP/1.1" 200 412
58.221.95.50 - - [26/Oct/2022:10:08:42 +0800] "GET /xingrg/check_reg.html?_=1666750143361 HTTP/1.1" 302 -
180.169.147.146 - - [26/Oct/2022:10:08:44 +0800] "GET /xingrg/all/function/internal_message.html?_=1666750116758&CODE_STATE=getMsg HTTP/1.1" 200 27
116.230.105.139 - - [26/Oct/2022:10:08:48 +0800] "GET /xingrg/all/function/internal_message.html?_=1666750082542&CODE_STATE=getMsg HTTP/1.1" 200 27
116.238.139.35 - - [26/Oct/2022:10:08:49 +0800] "GET /xingrg/all/function/internal_message.html?_=1666750121654&CODE_STATE=getMsg HTTP/1.1" 200 27
222.70.183.206 - - [26/Oct/2022:10:08:57 +0800] "POST /xingrg/kc/buy/cgsh_order_operate.html HTTP/1.1" 200 37
222.70.183.206 - - [26/Oct/2022:10:08:59 +0800] "POST /xingrg/kc/buy/cgsh_order_operate.html HTTP/1.1" 200 23341
120.253.135.82 - - [26/Oct/2022:10:09:01 +0800] "GET /xingrg/all/function/internal_message.html?_=1666750236990&CODE_STATE=getMsg HTTP/1.1" 200 27
114.83.223.130 - - [26/Oct/2022:10:09:02 +0800] "GET /xingrg/check_reg.html?_=1666750133770 HTTP/1.1" 200 22
114.83.223.130 - - [26/Oct/2022:10:09:02 +0800] "GET /xingrg/all/function/internal_message.html?_=1666750133774&CODE_STATE=getMsg HTTP/1.1" 200 27
222.70.183.206 - - [26/Oct/2022:10:09:05 +0800] "GET /xingrg/kc/print/load_data.html?order_code=212022102607894&kc_code=cgsh&condition= HTTP/1.1" 200 8533
116.238.139.35 - - [26/Oct/2022:10:09:11 +0800] "GET /xingrg/all/function/internal_message.html?_=1666750079605&CODE_STATE=getMsg HTTP/1.1" 200 27
222.69.192.207 - - [26/Oct/2022:10:09:12 +0800] "GET /xingrg/all/function/internal_message.html?_=1666749996904&CODE_STATE=getMsg HTTP/1.1" 200 27
114.83.219.57 - - [26/Oct/2022:10:09:14 +0800] "GET /xingrg/all/function/internal_message.html?_=1666750252075&CODE_STATE=getMsg HTTP/1.1" 200 27
116.230.114.213 - - [26/Oct/2022:10:09:18 +0800] "GET /xingrg/all/function/internal_message.html?_=1666750164990&CODE_STATE=getMsg HTTP/1.1" 200 27
221.239.141.151 - - [26/Oct/2022:10:09:22 +0800] "GET /xingrg/all/function/internal_message.html?_=1666750155737&CODE_STATE=getMsg HTTP/1.1" 200 27
116.230.105.139 - - [26/Oct/2022:10:09:31 +0800] "GET /xingrg/all/function/internal_message.html?_=1666750164419&CODE_STATE=getMsg HTTP/1.1" 200 27
116.230.105.139 - - [26/Oct/2022:10:09:31 +0800] "GET /xingrg/check_reg.html?_=1666750164421 HTTP/1.1" 200 22
222.70.183.206 - - [26/Oct/2022:10:09:34 +0800] "GET /xingrg/all/function/internal_message.html?_=1666750165651&CODE_STATE=getMsg HTTP/1.1" 200 27
180.169.147.146 - - [26/Oct/2022:10:09:44 +0800] "GET /xingrg/all/function/internal_message.html?_=1666750176761&CODE_STATE=getMsg HTTP/1.1" 200 27
116.230.105.139 - - [26/Oct/2022:10:09:47 +0800] "GET /xingrg/check_reg.html?_=1666750141211 HTTP/1.1" 200 22
120.253.135.82 - - [26/Oct/2022:10:09:48 +0800] "GET /xingrg/check_reg.html?_=1666749976616 HTTP/1.1" 200 22
116.230.105.139 - - [26/Oct/2022:10:09:48 +0800] "GET /xingrg/all/function/internal_message.html?_=1666750142527&CODE_STATE=getMsg HTTP/1.1" 200 27
116.238.139.35 - - [26/Oct/2022:10:09:49 +0800] "GET /xingrg/all/function/internal_message.html?_=1666750181663&CODE_STATE=getMsg HTTP/1.1" 200 27
116.230.114.213 - - [26/Oct/2022:10:09:55 +0800] "GET /xingrg/check_reg.html?_=1666750201764 HTTP/1.1" 200 22
120.253.135.82 - - [26/Oct/2022:10:10:01 +0800] "GET /xingrg/all/function/internal_message.html?_=1666750297006&CODE_STATE=getMsg HTTP/1.1" 200 27
114.83.223.130 - - [26/Oct/2022:10:10:02 +0800] "GET /xingrg/all/function/internal_message.html?_=1666750193762&CODE_STATE=getMsg HTTP/1.1" 200 27
116.238.139.35 - - [26/Oct/2022:10:10:11 +0800] "GET /xingrg/all/function/internal_message.html?_=1666750139642&CODE_STATE=getMsg HTTP/1.1" 200 27
222.69.192.207 - - [26/Oct/2022:10:10:12 +0800] "GET /xingrg/all/function/internal_message.html?_=1666750056904&CODE_STATE=getMsg HTTP/1.1" 200 27
222.69.192.207 - - [26/Oct/2022:10:10:12 +0800] "GET /xingrg/check_reg.html?_=1666750056908 HTTP/1.1" 200 22
114.83.219.57 - - [26/Oct/2022:10:10:14 +0800] "GET /xingrg/all/function/internal_message.html?_=1666750312080&CODE_STATE=getMsg HTTP/1.1" 200 27
116.230.114.213 - - [26/Oct/2022:10:10:18 +0800] "GET /xingrg/all/function/internal_message.html?_=1666750225005&CODE_STATE=getMsg HTTP/1.1" 200 27
221.239.141.151 - - [26/Oct/2022:10:10:23 +0800] "GET /xingrg/all/function/internal_message.html?_=1666750215746&CODE_STATE=getMsg HTTP/1.1" 200 27
116.230.105.139 - - [26/Oct/2022:10:10:31 +0800] "GET /xingrg/all/function/internal_message.html?_=1666750224417&CODE_STATE=getMsg HTTP/1.1" 200 27
222.70.183.206 - - [26/Oct/2022:10:10:34 +0800] "GET /xingrg/all/function/internal_message.html?_=1666750225651&CODE_STATE=getMsg HTTP/1.1" 200 27
180.169.147.146 - - [26/Oct/2022:10:10:44 +0800] "GET /xingrg/check_reg.html?_=1666750236755 HTTP/1.1" 200 22
180.169.147.146 - - [26/Oct/2022:10:10:44 +0800] "GET /xingrg/all/function/internal_message.html?_=1666750236760&CODE_STATE=getMsg HTTP/1.1" 200 27
116.230.105.139 - - [26/Oct/2022:10:10:48 +0800] "GET /xingrg/all/function/internal_message.html?_=1666750202497&CODE_STATE=getMsg HTTP/1.1" 200 27
116.238.139.35 - - [26/Oct/2022:10:10:49 +0800] "GET /xingrg/check_reg.html?_=1666750241663 HTTP/1.1" 200 22
116.238.139.35 - - [26/Oct/2022:10:10:49 +0800] "GET /xingrg/all/function/internal_message.html?_=1666750241664&CODE_STATE=getMsg HTTP/1.1" 200 27
120.253.135.82 - - [26/Oct/2022:10:11:01 +0800] "GET /xingrg/all/function/internal_message.html?_=1666750357022&CODE_STATE=getMsg HTTP/1.1" 200 27
114.83.223.130 - - [26/Oct/2022:10:11:02 +0800] "GET /xingrg/all/function/internal_message.html?_=1666750253783&CODE_STATE=getMsg HTTP/1.1" 200 27
116.238.139.35 - - [26/Oct/2022:10:11:11 +0800] "GET /xingrg/all/function/internal_message.html?_=1666750199648&CODE_STATE=getMsg HTTP/1.1" 200 27
222.69.192.207 - - [26/Oct/2022:10:11:12 +0800] "GET /xingrg/all/function/internal_message.html?_=1666750116914&CODE_STATE=getMsg HTTP/1.1" 200 27
114.83.219.57 - - [26/Oct/2022:10:11:14 +0800] "GET /xingrg/all/function/internal_message.html?_=1666750372086&CODE_STATE=getMsg HTTP/1.1" 200 27
114.83.219.57 - - [26/Oct/2022:10:11:14 +0800] "GET /xingrg/check_reg.html?_=1666750372087 HTTP/1.1" 200 22
116.230.114.213 - - [26/Oct/2022:10:11:18 +0800] "GET /xingrg/all/function/internal_message.html?_=1666750285019&CODE_STATE=getMsg HTTP/1.1" 200 27
221.239.141.151 - - [26/Oct/2022:10:11:22 +0800] "GET /xingrg/check_reg.html?_=1666750275744 HTTP/1.1" 200 22
221.239.141.151 - - [26/Oct/2022:10:11:23 +0800] "GET /xingrg/all/function/internal_message.html?_=1666750275745&CODE_STATE=getMsg HTTP/1.1" 200 27
58.39.35.118 - - [26/Oct/2022:10:11:29 +0800] "GET /xingrg/login.html HTTP/1.1" 200 7641
116.230.105.139 - - [26/Oct/2022:10:11:31 +0800] "GET /xingrg/all/function/internal_message.html?_=1666750284404&CODE_STATE=getMsg HTTP/1.1" 200 27
222.70.183.206 - - [26/Oct/2022:10:11:34 +0800] "GET /xingrg/all/function/internal_message.html?_=1666750285651&CODE_STATE=getMsg HTTP/1.1" 200 27
58.39.35.118 - - [26/Oct/2022:10:11:35 +0800] "GET /favicon.ico HTTP/1.1" 404 -
180.169.147.146 - - [26/Oct/2022:10:11:44 +0800] "GET /xingrg/all/function/internal_message.html?_=1666750296751&CODE_STATE=getMsg HTTP/1.1" 200 27
58.39.35.118 - - [26/Oct/2022:10:11:46 +0800] "POST /xingrg/login.do HTTP/1.1" 302 -
58.39.35.118 - - [26/Oct/2022:10:11:46 +0800] "GET /xingrg/index.html?sysBaseUrl=http%3A%2F%2F180.169.147.146%3A18081%2Fxingrg%2F&costTime=58×tamp=1666750306573 HTTP/1.1" 200 17179
58.39.35.118 - - [26/Oct/2022:10:11:47 +0800] "GET /favicon.ico HTTP/1.1" 404 -
58.39.35.118 - - [26/Oct/2022:10:11:47 +0800] "POST /xingrg/all/common/load_tree.html?tree=area_rest_tree_json&manage=1 HTTP/1.1" 200 351
58.39.35.118 - - [26/Oct/2022:10:11:47 +0800] "GET /xingrg/all/function/internal_message.html?_=1666750296418&CODE_STATE=count HTTP/1.1" 200 11
58.39.35.118 - - [26/Oct/2022:10:11:47 +0800] "GET /xingrg/check_reg.html?_=1666750296421 HTTP/1.1" 200 22
58.39.35.118 - - [26/Oct/2022:10:11:47 +0800] "POST /xingrg/load_menu.html HTTP/1.1" 200 5138
116.230.105.139 - - [26/Oct/2022:10:11:48 +0800] "GET /xingrg/all/function/internal_message.html?_=1666750262480&CODE_STATE=getMsg HTTP/1.1" 200 27
116.238.139.35 - - [26/Oct/2022:10:11:49 +0800] "GET /xingrg/all/function/internal_message.html?_=1666750301665&CODE_STATE=getMsg HTTP/1.1" 200 27
120.253.135.82 - - [26/Oct/2022:10:12:00 +0800] "GET /xingrg/check_reg.html?_=1666750415286 HTTP/1.1" 200 22
120.253.135.82 - - [26/Oct/2022:10:12:01 +0800] "GET /xingrg/all/function/internal_message.html?_=1666750417029&CODE_STATE=getMsg HTTP/1.1" 200 27
114.83.223.130 - - [26/Oct/2022:10:12:02 +0800] "GET /xingrg/all/function/internal_message.html?_=1666750313769&CODE_STATE=getMsg HTTP/1.1" 200 27
58.39.35.118 - - [26/Oct/2022:10:12:04 +0800] "GET /xingrg/kc/buy/buy_main.html HTTP/1.1" 200 12412
58.39.35.118 - - [26/Oct/2022:10:12:04 +0800] "GET /xingrg/css/new_ie.css HTTP/1.1" 404 1036
58.39.35.118 - - [26/Oct/2022:10:12:05 +0800] "GET /xingrg/kc/buy/cgsh_order_list.html HTTP/1.1" 200 53328
58.39.35.118 - - [26/Oct/2022:10:12:10 +0800] "POST /xingrg/kc/buy/cgsh_list_operate.html HTTP/1.1" 200 1868
116.238.139.35 - - [26/Oct/2022:10:12:11 +0800] "GET /xingrg/all/function/internal_message.html?_=1666750259684&CODE_STATE=getMsg HTTP/1.1" 200 27
222.69.192.207 - - [26/Oct/2022:10:12:12 +0800] "GET /xingrg/all/function/internal_message.html?_=1666750176904&CODE_STATE=getMsg HTTP/1.1" 200 27
58.39.35.118 - - [26/Oct/2022:10:12:13 +0800] "POST /xingrg/kc/buy/cgsh_list_operate.html HTTP/1.1" 200 589
114.83.219.57 - - [26/Oct/2022:10:12:14 +0800] "GET /xingrg/all/function/internal_message.html?_=1666750432078&CODE_STATE=getMsg HTTP/1.1" 200 27
58.39.35.118 - - [26/Oct/2022:10:12:15 +0800] "GET /xingrg/kc/base/base_main.html HTTP/1.1" 200 12142
58.39.35.118 - - [26/Oct/2022:10:12:18 +0800] "GET /xingrg/kc/report/report_main.html HTTP/1.1" 200 7340
116.230.114.213 - - [26/Oct/2022:10:12:18 +0800] "GET /xingrg/all/function/internal_message.html?_=1666750345073&CODE_STATE=getMsg HTTP/1.1" 200 27
221.239.141.151 - - [26/Oct/2022:10:12:22 +0800] "GET /xingrg/all/function/internal_message.html?_=1666750335732&CODE_STATE=getMsg HTTP/1.1" 200 27
58.39.35.118 - - [26/Oct/2022:10:12:25 +0800] "GET /xingrg/all/report/report_query.html?fileName=kc/buy/gys_amount.xml&rh=99999 HTTP/1.1" 200 52006
58.39.35.118 - - [26/Oct/2022:10:12:25 +0800] "GET /xingrg/dwr/interface/AjaxReportQueryService.js HTTP/1.1" 200 13203
58.39.35.118 - - [26/Oct/2022:10:12:25 +0800] "GET /xingrg/dwr/util.js HTTP/1.1" 304 -
58.39.35.118 - - [26/Oct/2022:10:12:25 +0800] "GET /xingrg/dwr/engine.js HTTP/1.1" 200 43631
58.39.35.118 - - [26/Oct/2022:10:12:26 +0800] "POST /xingrg/dwr/call/plaincall/AjaxReportQueryService.getFixDate.dwr HTTP/1.1" 200 111
58.39.35.118 - - [26/Oct/2022:10:12:26 +0800] "POST /xingrg/all/common/load_tree.html?tree=supplier_tree_json&manage=1 HTTP/1.1" 200 70729
58.39.35.118 - - [26/Oct/2022:10:12:26 +0800] "POST /xingrg/all/common/load_tree.html?tree=materiel_sort_tree_json HTTP/1.1" 200 9500
58.39.35.118 - - [26/Oct/2022:10:12:28 +0800] "POST /xingrg/dwr/call/plaincall/AjaxReportQueryService.getInitString.dwr HTTP/1.1" 200 486
116.230.105.139 - - [26/Oct/2022:10:12:31 +0800] "GET /xingrg/all/function/internal_message.html?_=1666750344413&CODE_STATE=getMsg HTTP/1.1" 200 27
222.70.183.206 - - [26/Oct/2022:10:12:34 +0800] "GET /xingrg/all/function/internal_message.html?_=1666750345651&CODE_STATE=getMsg HTTP/1.1" 200 27
116.238.139.35 - - [26/Oct/2022:10:12:36 +0800] "GET /xingrg/check_reg.html?_=1666750285076 HTTP/1.1" 200 22
180.169.147.146 - - [26/Oct/2022:10:12:44 +0800] "GET /xingrg/all/function/internal_message.html?_=1666750356771&CODE_STATE=getMsg HTTP/1.1" 200 27
58.39.35.118 - - [26/Oct/2022:10:12:47 +0800] "GET /xingrg/all/function/internal_message.html?_=1666750356426&CODE_STATE=getMsg HTTP/1.1" 200 27
116.230.105.139 - - [26/Oct/2022:10:12:48 +0800] "GET /xingrg/all/function/internal_message.html?_=1666750322463&CODE_STATE=getMsg HTTP/1.1" 200 27
116.238.139.35 - - [26/Oct/2022:10:12:49 +0800] "GET /xingrg/all/function/internal_message.html?_=1666750361674&CODE_STATE=getMsg HTTP/1.1" 200 27
58.39.35.118 - - [26/Oct/2022:10:12:58 +0800] "POST /xingrg/dwr/call/plaincall/AjaxReportQueryService.refreshCache.dwr HTTP/1.1" 200 78
58.39.35.118 - - [26/Oct/2022:10:12:59 +0800] "POST /xingrg/all/report/load_report_page.html HTTP/1.1" 200 8916
58.39.35.118 - - [26/Oct/2022:10:12:59 +0800] "GET /xingrg/servlets/image?cache=0.22452394060146985&image=px HTTP/1.1" 200 807
120.253.135.82 - - [26/Oct/2022:10:13:01 +0800] "GET /xingrg/all/function/internal_message.html?_=1666750477043&CODE_STATE=getMsg HTTP/1.1" 200 27
114.83.223.130 - - [26/Oct/2022:10:13:02 +0800] "GET /xingrg/all/function/internal_message.html?_=1666750373790&CODE_STATE=getMsg HTTP/1.1" 200 27
58.39.35.118 - - [26/Oct/2022:10:13:03 +0800] "GET /xingrg/all/report/report_query.html?isQuery=1&fileName=kc/buy/wlcg_cate_hz.xml&queryString=(CONVERT(char(10)%252Ca.order_time%252C%2520120)%253E%253D'2022-09-01')%2520and%2520(CONVERT(char(10)%252Ca.order_time%252C%2520120)%253C%253D'2022-09-30')%2520and%2520(a.supplier_code%2520in%2520('00100185'))%2520and%2520(a.number%253E0%2520and%2520a.supplier_code%253D'00100185')&queryText=%25E3%2580%2590%25E9%2587%2587%25E8%25B4%25AD%25E6%2597%25A5%25E6%259C%259F%253A2022-09-01%2520%25E8%2587%25B3%25202022-09-30%25E3%2580%2591%2520%25E5%25B9%25B6%25E4%25B8%2594%2520%2520%25E3%2580%2590%25E4%25BE%259B%25E5%25BA%2594%25E5%2595%2586%2520%253D%2520%25E6%25B2%25B3%25E9%25B2%259C(%25E9%2599%2588%25E6%2596%25B0%25E9%25BD%2590)%25E3%2580%2591%2520%25E5%25B9%25B6%25E4%25B8%2594%2520%25E3%2580%2590%25E4%25BE%259B%25E5%25BA%2594%25E5%2595%2586%253D%25E6%25B2%25B3%25E9%25B2%259C(%25E9%2599%2588%25E6%2596%25B0%25E9%25BD%2590)%25E3%2580%2591 HTTP/1.1" 200 54472
58.39.35.118 - - [26/Oct/2022:10:13:03 +0800] "GET /xingrg/dwr/interface/AjaxReportQueryService.js HTTP/1.1" 200 13203
58.39.35.118 - - [26/Oct/2022:10:13:03 +0800] "GET /xingrg/dwr/engine.js HTTP/1.1" 200 43631
58.39.35.118 - - [26/Oct/2022:10:13:05 +0800] "POST /xingrg/all/report/load_report_page.html HTTP/1.1" 200 8699
58.39.35.118 - - [26/Oct/2022:10:13:05 +0800] "GET /xingrg/servlets/image?cache=0.90527032768904&image=px HTTP/1.1" 200 807
58.39.35.118 - - [26/Oct/2022:10:13:07 +0800] "POST /xingrg/all/report/load_report_page.html HTTP/1.1" 200 23139
58.39.35.118 - - [26/Oct/2022:10:13:07 +0800] "GET /xingrg/servlets/image?cache=0.5854072034627927&image=px HTTP/1.1" 200 807
116.238.139.35 - - [26/Oct/2022:10:13:11 +0800] "GET /xingrg/all/function/internal_message.html?_=1666750319691&CODE_STATE=getMsg HTTP/1.1" 200 27
222.69.192.207 - - [26/Oct/2022:10:13:12 +0800] "GET /xingrg/all/function/internal_message.html?_=1666750236904&CODE_STATE=getMsg HTTP/1.1" 200 27
58.39.35.118 - - [26/Oct/2022:10:13:13 +0800] "POST /xingrg/all/report/report_print.html HTTP/1.1" 302 -
58.39.35.118 - - [26/Oct/2022:10:13:13 +0800] "GET /xingrg/servlets/html?sysBaseUrl=http%3A%2F%2F180.169.147.146%3A18081%2Fxingrg%2F&costTime=208×tamp=1666750393702 HTTP/1.1" 200 24120
58.39.35.118 - - [26/Oct/2022:10:13:13 +0800] "GET /xingrg/servlets/image?image=px HTTP/1.1" 200 807
58.39.35.118 - - [26/Oct/2022:10:13:14 +0800] "GET /favicon.ico HTTP/1.1" 404 -
114.83.219.57 - - [26/Oct/2022:10:13:14 +0800] "GET /xingrg/all/function/internal_message.html?_=1666750492091&CODE_STATE=getMsg HTTP/1.1" 200 27
116.230.114.213 - - [26/Oct/2022:10:13:18 +0800] "GET /xingrg/all/function/internal_message.html?_=1666750405077&CODE_STATE=getMsg HTTP/1.1" 200 27
221.239.141.151 - - [26/Oct/2022:10:13:23 +0800] "GET /xingrg/all/function/internal_message.html?_=1666750395742&CODE_STATE=getMsg HTTP/1.1" 200 27
116.230.105.139 - - [26/Oct/2022:10:13:32 +0800] "GET /xingrg/all/function/internal_message.html?_=1666750404426&CODE_STATE=getMsg HTTP/1.1" 200 27
222.70.183.206 - - [26/Oct/2022:10:13:34 +0800] "GET /xingrg/check_reg.html?_=1666750405637 HTTP/1.1" 200 22
222.70.183.206 - - [26/Oct/2022:10:13:34 +0800] "GET /xingrg/all/function/internal_message.html?_=1666750405640&CODE_STATE=getMsg HTTP/1.1" 200 27
58.221.95.50 - - [26/Oct/2022:10:13:42 +0800] "GET /xingrg/check_reg.html?_=1666750443367 HTTP/1.1" 302 -
180.169.147.146 - - [26/Oct/2022:10:13:44 +0800] "GET /xingrg/all/function/internal_message.html?_=1666750416776&CODE_STATE=getMsg HTTP/1.1" 200 27
58.39.35.118 - - [26/Oct/2022:10:13:47 +0800] "GET /xingrg/all/function/internal_message.html?_=1666750416440&CODE_STATE=getMsg HTTP/1.1" 200 27
116.230.105.139 - - [26/Oct/2022:10:13:48 +0800] "GET /xingrg/all/function/internal_message.html?_=1666750382447&CODE_STATE=getMsg HTTP/1.1" 200 27
116.238.139.35 - - [26/Oct/2022:10:13:49 +0800] "GET /xingrg/all/function/internal_message.html?_=1666750421659&CODE_STATE=getMsg HTTP/1.1" 200 27
120.253.135.82 - - [26/Oct/2022:10:14:01 +0800] "GET /xingrg/all/function/internal_message.html?_=1666750537055&CODE_STATE=getMsg HTTP/1.1" 200 27
114.83.223.130 - - [26/Oct/2022:10:14:02 +0800] "GET /xingrg/check_reg.html?_=1666750433787 HTTP/1.1" 200 22
