116.230.105.139 - - [26/Oct/2022:11:48:47 +0800] "GET /xingrg/all/function/internal_message.html?_=1666756081219&CODE_STATE=getMsg HTTP/1.1" 200 27
101.85.93.18 - - [26/Oct/2022:11:48:48 +0800] "GET /xingrg/all/function/internal_message.html?_=1666756121033&CODE_STATE=getMsg HTTP/1.1" 200 27
180.169.147.146 - - [26/Oct/2022:11:48:50 +0800] "GET /xingrg/all/function/internal_message.html?_=1666756122957&CODE_STATE=getMsg HTTP/1.1" 200 27
58.37.7.251 - - [26/Oct/2022:11:48:53 +0800] "GET /xingrg/all/function/internal_message.html?_=1666756123869&CODE_STATE=getMsg HTTP/1.1" 200 27
58.40.7.146 - - [26/Oct/2022:11:48:59 +0800] "GET /xingrg/all/function/internal_message.html?_=1666756131496&CODE_STATE=getMsg HTTP/1.1" 200 27
114.83.223.130 - - [26/Oct/2022:11:49:02 +0800] "GET /xingrg/all/function/internal_message.html?_=1666756132942&CODE_STATE=getMsg HTTP/1.1" 200 27
114.83.223.130 - - [26/Oct/2022:11:49:03 +0800] "GET /xingrg/check_reg.html?_=1666756134134 HTTP/1.1" 200 22
120.253.135.82 - - [26/Oct/2022:11:49:03 +0800] "GET /xingrg/all/function/internal_message.html?_=1666756238365&CODE_STATE=getMsg HTTP/1.1" 200 27
222.69.192.207 - - [26/Oct/2022:11:49:09 +0800] "GET /xingrg/kc/buy/cgsh_order_add.html HTTP/1.1" 200 69185
222.69.192.207 - - [26/Oct/2022:11:49:09 +0800] "POST /xingrg/kc/buy/cgsh_order_operate.html HTTP/1.1" 200 8245
222.69.192.207 - - [26/Oct/2022:11:49:09 +0800] "GET /xingrg/javascript/easyui/themes/default/validatebox.css HTTP/1.1" 404 1104
222.69.192.207 - - [26/Oct/2022:11:49:13 +0800] "GET /xingrg/all/function/internal_message.html?_=1666755997467&CODE_STATE=getMsg HTTP/1.1" 200 27
116.238.139.35 - - [26/Oct/2022:11:49:13 +0800] "GET /xingrg/all/function/internal_message.html?_=1666756081603&CODE_STATE=getMsg HTTP/1.1" 200 27
114.83.219.57 - - [26/Oct/2022:11:49:14 +0800] "GET /xingrg/all/function/internal_message.html?_=1666756252089&CODE_STATE=getMsg HTTP/1.1" 200 27
221.239.141.151 - - [26/Oct/2022:11:49:20 +0800] "GET /xingrg/all/function/internal_message.html?_=1666756163613&CODE_STATE=getMsg HTTP/1.1" 200 27
116.230.114.213 - - [26/Oct/2022:11:49:21 +0800] "GET /xingrg/all/function/internal_message.html?_=1666756168056&CODE_STATE=getMsg HTTP/1.1" 200 27
221.239.141.151 - - [26/Oct/2022:11:49:23 +0800] "GET /xingrg/all/function/internal_message.html?_=1666756155733&CODE_STATE=getMsg HTTP/1.1" 200 27
120.253.135.82 - - [26/Oct/2022:11:49:23 +0800] "GET /xingrg/all/function/internal_message.html?_=1666755952001&CODE_STATE=getMsg HTTP/1.1" 200 27
124.79.74.72 - - [26/Oct/2022:11:49:29 +0800] "GET /xingrg/all/function/internal_message.html?_=1666756161413&CODE_STATE=getMsg HTTP/1.1" 200 27
116.230.105.139 - - [26/Oct/2022:11:49:32 +0800] "GET /xingrg/all/function/internal_message.html?_=1666756164426&CODE_STATE=getMsg HTTP/1.1" 200 27
116.230.105.139 - - [26/Oct/2022:11:49:32 +0800] "GET /xingrg/check_reg.html?_=1666756164429 HTTP/1.1" 200 22
116.238.139.35 - - [26/Oct/2022:11:49:32 +0800] "GET /xingrg/all/function/internal_message.html?_=1666756164593&CODE_STATE=getMsg HTTP/1.1" 200 27
222.70.183.206 - - [26/Oct/2022:11:49:33 +0800] "GET /xingrg/all/function/internal_message.html?_=1666756164782&CODE_STATE=getMsg HTTP/1.1" 200 27
222.69.192.207 - - [26/Oct/2022:11:49:33 +0800] "GET /xingrg/kc/buy/cgsh_order_operate.html?command=get_materiel&rest_code=00105&code=00101007111&supplier_code=00100326&order_time=2022-10-26 HTTP/1.1" 200 417
180.169.147.146 - - [26/Oct/2022:11:49:34 +0800] "GET /xingrg/all/function/internal_message.html?_=1666756165564&CODE_STATE=getMsg HTTP/1.1" 200 27
58.37.7.251 - - [26/Oct/2022:11:49:36 +0800] "GET /xingrg/kc/buy/cgsh_order_add.html HTTP/1.1" 200 69097
58.37.7.251 - - [26/Oct/2022:11:49:36 +0800] "POST /xingrg/kc/buy/cgsh_order_operate.html HTTP/1.1" 200 8245
58.37.7.251 - - [26/Oct/2022:11:49:36 +0800] "GET /xingrg/javascript/easyui/themes/default/validatebox.css HTTP/1.1" 404 1104
58.37.7.251 - - [26/Oct/2022:11:49:38 +0800] "GET /xingrg/javascript/easyui/themes/default/tree.css HTTP/1.1" 404 1090
58.37.7.251 - - [26/Oct/2022:11:49:38 +0800] "POST /xingrg/all/common/load_tree.html?tree=supplier_tree_json&isDelete=1 HTTP/1.1" 200 69393
180.169.147.146 - - [26/Oct/2022:11:49:44 +0800] "GET /xingrg/all/function/internal_message.html?_=1666756176877&CODE_STATE=getMsg HTTP/1.1" 200 27
58.39.35.118 - - [26/Oct/2022:11:49:46 +0800] "GET /xingrg/all/function/internal_message.html?_=1666756175646&CODE_STATE=getMsg HTTP/1.1" 200 27
58.37.7.251 - - [26/Oct/2022:11:49:46 +0800] "GET /xingrg/all/function/internal_message.html?_=1666756180761&CODE_STATE=getMsg HTTP/1.1" 200 27
116.230.105.139 - - [26/Oct/2022:11:49:47 +0800] "GET /xingrg/check_reg.html?_=1666756141214 HTTP/1.1" 200 22
116.230.105.139 - - [26/Oct/2022:11:49:47 +0800] "GET /xingrg/all/function/internal_message.html?_=1666756141215&CODE_STATE=getMsg HTTP/1.1" 200 27
222.69.192.207 - - [26/Oct/2022:11:49:48 +0800] "POST /xingrg/kc/buy/cgsh_order_operate.html HTTP/1.1" 200 37
101.85.93.18 - - [26/Oct/2022:11:49:48 +0800] "GET /xingrg/all/function/internal_message.html?_=1666756181033&CODE_STATE=getMsg HTTP/1.1" 200 27
222.69.192.207 - - [26/Oct/2022:11:49:49 +0800] "POST /xingrg/kc/buy/cgsh_order_operate.html HTTP/1.1" 200 2663
180.169.147.146 - - [26/Oct/2022:11:49:50 +0800] "GET /xingrg/check_reg.html?_=1666756182960 HTTP/1.1" 200 22
180.169.147.146 - - [26/Oct/2022:11:49:50 +0800] "GET /xingrg/all/function/internal_message.html?_=1666756182961&CODE_STATE=getMsg HTTP/1.1" 200 27
222.69.192.207 - - [26/Oct/2022:11:49:51 +0800] "GET /xingrg/kc/print/load_data.html?order_code=212022102608008&kc_code=cgsh&condition= HTTP/1.1" 200 683
58.37.7.251 - - [26/Oct/2022:11:49:53 +0800] "GET /xingrg/all/function/internal_message.html?_=1666756183844&CODE_STATE=getMsg HTTP/1.1" 200 27
58.35.213.73 - - [26/Oct/2022:11:49:54 +0800] "GET /favicon.ico HTTP/1.1" 404 -
116.230.114.213 - - [26/Oct/2022:11:49:55 +0800] "GET /xingrg/check_reg.html?_=1666756201872 HTTP/1.1" 200 22
58.35.213.73 - - [26/Oct/2022:11:49:57 +0800] "GET /xingrg/login.html HTTP/1.1" 200 7641
58.40.7.146 - - [26/Oct/2022:11:49:59 +0800] "GET /xingrg/all/function/internal_message.html?_=1666756191496&CODE_STATE=getMsg HTTP/1.1" 200 27
58.40.7.146 - - [26/Oct/2022:11:49:59 +0800] "GET /xingrg/check_reg.html?_=1666756191498 HTTP/1.1" 200 22
58.35.213.73 - - [26/Oct/2022:11:49:59 +0800] "GET /favicon.ico HTTP/1.1" 404 -
114.83.223.130 - - [26/Oct/2022:11:50:02 +0800] "GET /xingrg/all/function/internal_message.html?_=1666756192929&CODE_STATE=getMsg HTTP/1.1" 200 27
120.253.135.82 - - [26/Oct/2022:11:50:03 +0800] "GET /xingrg/all/function/internal_message.html?_=1666756298380&CODE_STATE=getMsg HTTP/1.1" 200 27
58.37.7.251 - - [26/Oct/2022:11:50:07 +0800] "GET /xingrg/kc/buy/cgsh_order_operate.html?command=get_materiel&rest_code=00106&code=00101019502&supplier_code=00100442&order_time=2022-10-26 HTTP/1.1" 200 408
222.69.192.207 - - [26/Oct/2022:11:50:08 +0800] "GET /xingrg/kc/buy/cgsh_order_add.html HTTP/1.1" 200 69185
58.35.213.73 - - [26/Oct/2022:11:50:08 +0800] "POST /xingrg/login.do HTTP/1.1" 302 -
58.35.213.73 - - [26/Oct/2022:11:50:08 +0800] "GET /xingrg/index.html?sysBaseUrl=http%3A%2F%2F180.169.147.146%3A18081%2Fxingrg%2F&costTime=42×tamp=1666756208625 HTTP/1.1" 200 17179
222.69.192.207 - - [26/Oct/2022:11:50:08 +0800] "POST /xingrg/kc/buy/cgsh_order_operate.html HTTP/1.1" 200 8245
222.69.192.207 - - [26/Oct/2022:11:50:08 +0800] "GET /xingrg/javascript/easyui/themes/default/validatebox.css HTTP/1.1" 404 1104
58.35.213.73 - - [26/Oct/2022:11:50:08 +0800] "GET /favicon.ico HTTP/1.1" 404 -
58.35.213.73 - - [26/Oct/2022:11:50:09 +0800] "POST /xingrg/all/common/load_tree.html?tree=area_rest_tree_json&manage=1 HTTP/1.1" 200 351
58.35.213.73 - - [26/Oct/2022:11:50:09 +0800] "GET /xingrg/all/function/internal_message.html?_=1666756201879&CODE_STATE=count HTTP/1.1" 200 11
58.35.213.73 - - [26/Oct/2022:11:50:09 +0800] "GET /xingrg/check_reg.html?_=1666756201879 HTTP/1.1" 200 22
58.35.213.73 - - [26/Oct/2022:11:50:09 +0800] "POST /xingrg/load_menu.html HTTP/1.1" 200 5138
58.35.213.73 - - [26/Oct/2022:11:50:12 +0800] "GET /xingrg/kc/buy/cgth_order_list.html HTTP/1.1" 200 52730
58.35.213.73 - - [26/Oct/2022:11:50:12 +0800] "GET /xingrg/javascript/jquery_tools/table.css HTTP/1.1" 200 1032
58.35.213.73 - - [26/Oct/2022:11:50:13 +0800] "GET /xingrg/javascript/easyui/themes/icons/edit_add_new.png HTTP/1.1" 200 2997
58.35.213.73 - - [26/Oct/2022:11:50:13 +0800] "GET /xingrg/javascript/easyui/themes/icons/cance_new.png HTTP/1.1" 200 3986
58.35.213.73 - - [26/Oct/2022:11:50:13 +0800] "GET /xingrg/javascript/easyui/themes/icons/check_new.png HTTP/1.1" 200 3224
222.69.192.207 - - [26/Oct/2022:11:50:13 +0800] "GET /xingrg/all/function/internal_message.html?_=1666756057523&CODE_STATE=getMsg HTTP/1.1" 200 27
222.69.192.207 - - [26/Oct/2022:11:50:13 +0800] "GET /xingrg/check_reg.html?_=1666756057602 HTTP/1.1" 200 22
116.238.139.35 - - [26/Oct/2022:11:50:13 +0800] "GET /xingrg/all/function/internal_message.html?_=1666756141638&CODE_STATE=getMsg HTTP/1.1" 200 27
58.35.213.73 - - [26/Oct/2022:11:50:13 +0800] "POST /xingrg/kc/buy/cgth_list_operate.html HTTP/1.1" 200 1035
114.83.219.57 - - [26/Oct/2022:11:50:14 +0800] "GET /xingrg/all/function/internal_message.html?_=1666756312082&CODE_STATE=getMsg HTTP/1.1" 200 27
221.239.141.151 - - [26/Oct/2022:11:50:20 +0800] "GET /xingrg/all/function/internal_message.html?_=1666756223614&CODE_STATE=getMsg HTTP/1.1" 200 27
58.35.213.73 - - [26/Oct/2022:11:50:20 +0800] "POST /xingrg/kc/buy/cgth_list_operate.html HTTP/1.1" 200 3392
58.35.213.73 - - [26/Oct/2022:11:50:21 +0800] "POST /xingrg/kc/buy/cgth_list_operate.html HTTP/1.1" 200 631
116.230.114.213 - - [26/Oct/2022:11:50:21 +0800] "GET /xingrg/all/function/internal_message.html?_=1666756228062&CODE_STATE=getMsg HTTP/1.1" 200 27
58.35.213.73 - - [26/Oct/2022:11:50:22 +0800] "POST /xingrg/kc/buy/cgth_list_operate.html HTTP/1.1" 200 212
221.239.141.151 - - [26/Oct/2022:11:50:23 +0800] "GET /xingrg/all/function/internal_message.html?_=1666756215723&CODE_STATE=getMsg HTTP/1.1" 200 27
120.253.135.82 - - [26/Oct/2022:11:50:23 +0800] "GET /xingrg/all/function/internal_message.html?_=1666756012014&CODE_STATE=getMsg HTTP/1.1" 200 27
58.35.213.73 - - [26/Oct/2022:11:50:24 +0800] "POST /xingrg/kc/buy/cgth_list_operate.html HTTP/1.1" 200 735
58.35.213.73 - - [26/Oct/2022:11:50:26 +0800] "POST /xingrg/kc/buy/cgth_list_operate.html HTTP/1.1" 200 402
124.79.74.72 - - [26/Oct/2022:11:50:29 +0800] "GET /xingrg/all/function/internal_message.html?_=1666756221384&CODE_STATE=getMsg HTTP/1.1" 200 27
222.69.192.207 - - [26/Oct/2022:11:50:30 +0800] "GET /xingrg/kc/buy/cgsh_order_operate.html?command=get_materiel&rest_code=00105&code=00101004051&supplier_code=00100312&order_time=2022-10-26 HTTP/1.1" 200 408
116.230.105.139 - - [26/Oct/2022:11:50:32 +0800] "GET /xingrg/all/function/internal_message.html?_=1666756224427&CODE_STATE=getMsg HTTP/1.1" 200 27
116.238.139.35 - - [26/Oct/2022:11:50:32 +0800] "GET /xingrg/all/function/internal_message.html?_=1666756224605&CODE_STATE=getMsg HTTP/1.1" 200 27
58.35.213.73 - - [26/Oct/2022:11:50:32 +0800] "GET /xingrg/kc/buy/cgth_order_info.html?code=232022091600013 HTTP/1.1" 200 68900
58.35.213.73 - - [26/Oct/2022:11:50:32 +0800] "GET /xingrg/dwr/interface/AjaxComOrderService.js HTTP/1.1" 200 18264
58.35.213.73 - - [26/Oct/2022:11:50:32 +0800] "GET /xingrg/javascript/AjaxInfoList.js HTTP/1.1" 200 3774
58.35.213.73 - - [26/Oct/2022:11:50:32 +0800] "GET /xingrg/javascript/tools/jquery.qtip-1.0.0-rc3.min.js HTTP/1.1" 200 38404
58.35.213.73 - - [26/Oct/2022:11:50:32 +0800] "GET /xingrg/javascript/Grid.js HTTP/1.1" 200 58908
58.35.213.73 - - [26/Oct/2022:11:50:32 +0800] "GET /xingrg/javascript/ToolTips.js HTTP/1.1" 200 5615
58.35.213.73 - - [26/Oct/2022:11:50:32 +0800] "GET /xingrg/dwr/interface/AjaxCgthService.js HTTP/1.1" 200 14519
58.35.213.73 - - [26/Oct/2022:11:50:32 +0800] "GET /xingrg/dwr/engine.js HTTP/1.1" 200 43631
58.35.213.73 - - [26/Oct/2022:11:50:33 +0800] "POST /xingrg/all/common/load_tree.html?tree=supplier_tree_json&isDelete=1 HTTP/1.1" 200 69393
58.35.213.73 - - [26/Oct/2022:11:50:33 +0800] "GET /xingrg/images/blue/wait.gif HTTP/1.1" 200 1100
58.35.213.73 - - [26/Oct/2022:11:50:33 +0800] "GET /xingrg/javascript/jquery_easy_ui/themes/icons/edit_add_new.png HTTP/1.1" 200 2997
58.35.213.73 - - [26/Oct/2022:11:50:33 +0800] "GET /xingrg/images/blue/kc_tab_left.gif HTTP/1.1" 200 188
58.35.213.73 - - [26/Oct/2022:11:50:33 +0800] "GET /xingrg/images/blue/kc_tab_mid.gif HTTP/1.1" 200 44
58.35.213.73 - - [26/Oct/2022:11:50:33 +0800] "GET /xingrg/images/blue/kc_tab_right.gif HTTP/1.1" 200 643
222.70.183.206 - - [26/Oct/2022:11:50:33 +0800] "GET /xingrg/all/function/internal_message.html?_=1666756224768&CODE_STATE=getMsg HTTP/1.1" 200 27
180.169.147.146 - - [26/Oct/2022:11:50:34 +0800] "GET /xingrg/all/function/internal_message.html?_=1666756225548&CODE_STATE=getMsg HTTP/1.1" 200 27
58.35.213.73 - - [26/Oct/2022:11:50:34 +0800] "POST /xingrg/dwr/call/plaincall/AjaxCgthService.loadMaterielItems.dwr HTTP/1.1" 200 10691
180.169.147.146 - - [26/Oct/2022:11:50:34 +0800] "GET /xingrg/check_reg.html?_=1666756226189 HTTP/1.1" 200 22
58.37.7.251 - - [26/Oct/2022:11:50:35 +0800] "GET /xingrg/kc/buy/cgsh_order_operate.html?command=get_materiel&rest_code=00106&code=00101001060&supplier_code=00100442&order_time=2022-10-26 HTTP/1.1" 200 421
180.169.147.146 - - [26/Oct/2022:11:50:44 +0800] "GET /xingrg/all/function/internal_message.html?_=1666756236870&CODE_STATE=getMsg HTTP/1.1" 200 27
180.169.147.146 - - [26/Oct/2022:11:50:44 +0800] "GET /xingrg/check_reg.html?_=1666756236872 HTTP/1.1" 200 22
58.39.35.118 - - [26/Oct/2022:11:50:46 +0800] "GET /xingrg/all/function/internal_message.html?_=1666756235636&CODE_STATE=getMsg HTTP/1.1" 200 27
58.37.7.251 - - [26/Oct/2022:11:50:46 +0800] "GET /xingrg/all/function/internal_message.html?_=1666756240742&CODE_STATE=getMsg HTTP/1.1" 200 27
116.230.105.139 - - [26/Oct/2022:11:50:47 +0800] "GET /xingrg/all/function/internal_message.html?_=1666756201203&CODE_STATE=getMsg HTTP/1.1" 200 27
101.85.93.18 - - [26/Oct/2022:11:50:48 +0800] "GET /xingrg/all/function/internal_message.html?_=1666756241031&CODE_STATE=getMsg HTTP/1.1" 200 27
180.169.147.146 - - [26/Oct/2022:11:50:50 +0800] "GET /xingrg/all/function/internal_message.html?_=1666756242958&CODE_STATE=getMsg HTTP/1.1" 200 27
58.37.7.251 - - [26/Oct/2022:11:50:51 +0800] "GET /xingrg/kc/base/base_main.html HTTP/1.1" 200 12142
58.37.7.251 - - [26/Oct/2022:11:50:52 +0800] "GET /xingrg/kc/base/wldb_order_list.html HTTP/1.1" 200 19142
58.37.7.251 - - [26/Oct/2022:11:50:53 +0800] "POST /xingrg/kc/base/wldb_list_operate.html HTTP/1.1" 200 928
58.37.7.251 - - [26/Oct/2022:11:50:53 +0800] "GET /xingrg/all/function/internal_message.html?_=1666756243828&CODE_STATE=getMsg HTTP/1.1" 200 27
58.37.7.251 - - [26/Oct/2022:11:50:54 +0800] "GET /xingrg/kc/buy/cgsh_order_operate.html?command=get_materiel&rest_code=00106&code=00101002007&supplier_code=00100442&order_time=2022-10-26 HTTP/1.1" 200 409
58.37.7.251 - - [26/Oct/2022:11:50:54 +0800] "GET /xingrg/kc/base/wldb_order_add.html HTTP/1.1" 200 30369
58.37.7.251 - - [26/Oct/2022:11:50:55 +0800] "GET /xingrg/all/common/auto_word.html?type=base&rest_code=00106 HTTP/1.1" 200 1799
58.37.7.251 - - [26/Oct/2022:11:50:55 +0800] "GET /xingrg/all/common/auto_word.html?type=base&rest_code=00106 HTTP/1.1" 200 1799
58.37.7.251 - - [26/Oct/2022:11:50:55 +0800] "GET /xingrg/javascript/easyui/themes/default/validatebox.css HTTP/1.1" 404 1104
58.37.7.251 - - [26/Oct/2022:11:50:55 +0800] "POST /xingrg/kc/base/wldb_order_operate.html HTTP/1.1" 200 6806
58.37.7.251 - - [26/Oct/2022:11:50:55 +0800] "POST /xingrg/all/common/load_combo.html?type=base HTTP/1.1" 200 3227
58.37.7.251 - - [26/Oct/2022:11:50:57 +0800] "POST /xingrg/all/common/load_combo.html?type=base HTTP/1.1" 200 3227
58.40.7.146 - - [26/Oct/2022:11:50:59 +0800] "GET /xingrg/all/function/internal_message.html?_=1666756251499&CODE_STATE=getMsg HTTP/1.1" 200 27
114.83.223.130 - - [26/Oct/2022:11:51:02 +0800] "GET /xingrg/all/function/internal_message.html?_=1666756252915&CODE_STATE=getMsg HTTP/1.1" 200 27
120.253.135.82 - - [26/Oct/2022:11:51:03 +0800] "GET /xingrg/all/function/internal_message.html?_=1666756358390&CODE_STATE=getMsg HTTP/1.1" 200 27
222.69.192.207 - - [26/Oct/2022:11:51:05 +0800] "GET /xingrg/kc/buy/cgsh_order_operate.html?command=get_materiel&rest_code=00105&code=00101004067&supplier_code=00100312&order_time=2022-10-26 HTTP/1.1" 200 413
58.35.213.73 - - [26/Oct/2022:11:51:09 +0800] "GET /xingrg/all/function/internal_message.html?_=1666756261929&CODE_STATE=getMsg HTTP/1.1" 200 27
222.69.192.207 - - [26/Oct/2022:11:51:13 +0800] "GET /xingrg/all/function/internal_message.html?_=1666756117511&CODE_STATE=getMsg HTTP/1.1" 200 27
116.238.139.35 - - [26/Oct/2022:11:51:13 +0800] "GET /xingrg/all/function/internal_message.html?_=1666756201646&CODE_STATE=getMsg HTTP/1.1" 200 27
114.83.219.57 - - [26/Oct/2022:11:51:14 +0800] "GET /xingrg/all/function/internal_message.html?_=1666756372068&CODE_STATE=getMsg HTTP/1.1" 200 27
114.83.219.57 - - [26/Oct/2022:11:51:14 +0800] "GET /xingrg/check_reg.html?_=1666756372068 HTTP/1.1" 200 22
58.37.7.251 - - [26/Oct/2022:11:51:16 +0800] "POST /xingrg/kc/buy/cgsh_order_operate.html HTTP/1.1" 200 37
58.37.7.251 - - [26/Oct/2022:11:51:18 +0800] "GET /xingrg/kc/base/wldb_order_operate.html?command=get_materiel&rest_code=00106&base_code=0010397&code=00102002448 HTTP/1.1" 200 440
221.239.141.151 - - [26/Oct/2022:11:51:20 +0800] "GET /xingrg/all/function/internal_message.html?_=1666756283602&CODE_STATE=getMsg HTTP/1.1" 200 27
58.37.7.251 - - [26/Oct/2022:11:51:20 +0800] "POST /xingrg/kc/buy/cgsh_order_operate.html HTTP/1.1" 200 12
116.230.114.213 - - [26/Oct/2022:11:51:21 +0800] "GET /xingrg/all/function/internal_message.html?_=1666756288077&CODE_STATE=getMsg HTTP/1.1" 200 27
58.37.7.251 - - [26/Oct/2022:11:51:22 +0800] "GET /xingrg/kc/buy/cgsh_order_info.html?code=212022102608009 HTTP/1.1" 200 64002
58.37.7.251 - - [26/Oct/2022:11:51:23 +0800] "GET /xingrg/javascript/easyui/themes/default/validatebox.css HTTP/1.1" 404 1104
221.239.141.151 - - [26/Oct/2022:11:51:23 +0800] "GET /xingrg/all/function/internal_message.html?_=1666756275735&CODE_STATE=getMsg HTTP/1.1" 200 27
221.239.141.151 - - [26/Oct/2022:11:51:23 +0800] "GET /xingrg/check_reg.html?_=1666756275737 HTTP/1.1" 200 22
58.37.7.251 - - [26/Oct/2022:11:51:23 +0800] "GET /xingrg/kc/base/wldb_order_operate.html?command=get_materiel&rest_code=00106&base_code=0010397&code=00102002204 HTTP/1.1" 200 447
120.253.135.82 - - [26/Oct/2022:11:51:23 +0800] "GET /xingrg/all/function/internal_message.html?_=1666756072051&CODE_STATE=getMsg HTTP/1.1" 200 27
58.37.7.251 - - [26/Oct/2022:11:51:23 +0800] "POST /xingrg/kc/buy/cgsh_order_operate.html HTTP/1.1" 200 1793
58.37.7.251 - - [26/Oct/2022:11:51:26 +0800] "GET /xingrg/kc/print/load_data.html?order_code=212022102608009&kc_code=cgsh&condition= HTTP/1.1" 200 1155
222.69.192.207 - - [26/Oct/2022:11:51:26 +0800] "GET /xingrg/kc/buy/cgsh_order_operate.html?command=get_materiel&rest_code=00105&code=00101004071&supplier_code=00100312&order_time=2022-10-26 HTTP/1.1" 200 409
124.79.74.72 - - [26/Oct/2022:11:51:29 +0800] "GET /xingrg/check_reg.html?_=1666756281292 HTTP/1.1" 200 22
124.79.74.72 - - [26/Oct/2022:11:51:29 +0800] "GET /xingrg/all/function/internal_message.html?_=1666756281355&CODE_STATE=getMsg HTTP/1.1" 200 27
58.37.7.251 - - [26/Oct/2022:11:51:30 +0800] "GET /xingrg/kc/base/wldb_order_operate.html?command=get_materiel&rest_code=00106&base_code=0010397&code=00102002022 HTTP/1.1" 200 473
58.37.7.251 - - [26/Oct/2022:11:51:31 +0800] "GET /xingrg/kc/buy/cgsh_order_add.html HTTP/1.1" 200 69097
58.37.7.251 - - [26/Oct/2022:11:51:32 +0800] "POST /xingrg/kc/buy/cgsh_order_operate.html HTTP/1.1" 200 8245
58.37.7.251 - - [26/Oct/2022:11:51:32 +0800] "GET /xingrg/javascript/easyui/themes/default/validatebox.css HTTP/1.1" 404 1104
116.230.105.139 - - [26/Oct/2022:11:51:32 +0800] "GET /xingrg/all/function/internal_message.html?_=1666756284422&CODE_STATE=getMsg HTTP/1.1" 200 27
116.238.139.35 - - [26/Oct/2022:11:51:32 +0800] "GET /xingrg/check_reg.html?_=1666756284604 HTTP/1.1" 200 22
116.238.139.35 - - [26/Oct/2022:11:51:32 +0800] "GET /xingrg/all/function/internal_message.html?_=1666756284606&CODE_STATE=getMsg HTTP/1.1" 200 27
222.70.183.206 - - [26/Oct/2022:11:51:33 +0800] "GET /xingrg/all/function/internal_message.html?_=1666756284754&CODE_STATE=getMsg HTTP/1.1" 200 27
58.37.7.251 - - [26/Oct/2022:11:51:33 +0800] "GET /xingrg/javascript/easyui/themes/default/tree.css HTTP/1.1" 404 1090
58.37.7.251 - - [26/Oct/2022:11:51:33 +0800] "POST /xingrg/all/common/load_tree.html?tree=supplier_tree_json&isDelete=1 HTTP/1.1" 200 69393
180.169.147.146 - - [26/Oct/2022:11:51:34 +0800] "GET /xingrg/all/function/internal_message.html?_=1666756285533&CODE_STATE=getMsg HTTP/1.1" 200 27
58.37.7.251 - - [26/Oct/2022:11:51:36 +0800] "GET /xingrg/kc/base/wldb_order_operate.html?command=get_materiel&rest_code=00106&base_code=0010397&code=00102004006 HTTP/1.1" 200 442
222.69.192.207 - - [26/Oct/2022:11:51:42 +0800] "GET /xingrg/kc/buy/cgsh_order_operate.html?command=get_materiel&rest_code=00105&code=00101004020&supplier_code=00100312&order_time=2022-10-26 HTTP/1.1" 200 409
58.37.7.251 - - [26/Oct/2022:11:51:43 +0800] "POST /xingrg/kc/base/wldb_order_operate.html HTTP/1.1" 200 37
58.37.7.251 - - [26/Oct/2022:11:51:44 +0800] "POST /xingrg/kc/base/wldb_order_operate.html HTTP/1.1" 200 3662
58.37.7.251 - - [26/Oct/2022:11:51:44 +0800] "GET /xingrg/kc/base/wldb_order_info.html?code=422022102601884 HTTP/1.1" 200 30384
180.169.147.146 - - [26/Oct/2022:11:51:44 +0800] "GET /xingrg/all/function/internal_message.html?_=1666756296892&CODE_STATE=getMsg HTTP/1.1" 200 27
58.37.7.251 - - [26/Oct/2022:11:51:44 +0800] "GET /xingrg/javascript/easyui/themes/default/validatebox.css HTTP/1.1" 404 1104
58.37.7.251 - - [26/Oct/2022:11:51:45 +0800] "POST /xingrg/kc/base/wldb_order_operate.html HTTP/1.1" 200 3662
58.39.35.118 - - [26/Oct/2022:11:51:46 +0800] "GET /xingrg/all/function/internal_message.html?_=1666756295633&CODE_STATE=getMsg HTTP/1.1" 200 27
58.37.7.251 - - [26/Oct/2022:11:51:46 +0800] "GET /xingrg/all/function/internal_message.html?_=1666756300718&CODE_STATE=getMsg HTTP/1.1" 200 27
116.230.105.139 - - [26/Oct/2022:11:51:47 +0800] "GET /xingrg/all/function/internal_message.html?_=1666756261207&CODE_STATE=getMsg HTTP/1.1" 200 27
58.37.7.251 - - [26/Oct/2022:11:51:47 +0800] "GET /xingrg/check_reg.html?_=1666756301208 HTTP/1.1" 200 22
58.39.35.118 - - [26/Oct/2022:11:51:47 +0800] "GET /xingrg/check_reg.html?_=1666756296382 HTTP/1.1" 200 22
101.85.93.18 - - [26/Oct/2022:11:51:48 +0800] "GET /xingrg/all/function/internal_message.html?_=1666756301028&CODE_STATE=getMsg HTTP/1.1" 200 27
58.37.7.251 - - [26/Oct/2022:11:51:50 +0800] "GET /xingrg/check_reg.html?_=1666756300775 HTTP/1.1" 200 22
180.169.147.146 - - [26/Oct/2022:11:51:50 +0800] "GET /xingrg/all/function/internal_message.html?_=1666756302958&CODE_STATE=getMsg HTTP/1.1" 200 27
58.37.7.251 - - [26/Oct/2022:11:51:53 +0800] "GET /xingrg/all/function/internal_message.html?_=1666756303805&CODE_STATE=getMsg HTTP/1.1" 200 27
222.69.192.207 - - [26/Oct/2022:11:51:56 +0800] "GET /xingrg/kc/buy/cgsh_order_operate.html?command=get_materiel&rest_code=00105&code=00101004057&supplier_code=00100312&order_time=2022-10-26 HTTP/1.1" 200 409
58.40.7.146 - - [26/Oct/2022:11:51:59 +0800] "GET /xingrg/all/function/internal_message.html?_=1666756311500&CODE_STATE=getMsg HTTP/1.1" 200 27
120.253.135.82 - - [26/Oct/2022:11:52:00 +0800] "GET /xingrg/check_reg.html?_=1666756415477 HTTP/1.1" 200 22
114.83.223.130 - - [26/Oct/2022:11:52:02 +0800] "GET /xingrg/all/function/internal_message.html?_=1666756312897&CODE_STATE=getMsg HTTP/1.1" 200 27
58.37.7.251 - - [26/Oct/2022:11:52:03 +0800] "GET /xingrg/kc/buy/cgsh_order_operate.html?command=get_materiel&rest_code=00106&code=00101010079&supplier_code=00100336&order_time=2022-10-26 HTTP/1.1" 200 413
120.253.135.82 - - [26/Oct/2022:11:52:03 +0800] "GET /xingrg/all/function/internal_message.html?_=1666756418402&CODE_STATE=getMsg HTTP/1.1" 200 27
58.37.7.251 - - [26/Oct/2022:11:52:03 +0800] "GET /xingrg/kc/base/wldb_order_add.html HTTP/1.1" 200 30369
58.37.7.251 - - [26/Oct/2022:11:52:04 +0800] "POST /xingrg/kc/base/wldb_order_operate.html HTTP/1.1" 200 6806
58.37.7.251 - - [26/Oct/2022:11:52:04 +0800] "GET /xingrg/javascript/easyui/themes/default/validatebox.css HTTP/1.1" 404 1104
58.37.7.251 - - [26/Oct/2022:11:52:05 +0800] "POST /xingrg/all/common/load_combo.html?type=base HTTP/1.1" 200 3227
58.37.7.251 - - [26/Oct/2022:11:52:07 +0800] "POST /xingrg/all/common/load_combo.html?type=base HTTP/1.1" 200 3227
58.35.213.73 - - [26/Oct/2022:11:52:09 +0800] "GET /xingrg/all/function/internal_message.html?_=1666756321901&CODE_STATE=getMsg HTTP/1.1" 200 27
222.69.192.207 - - [26/Oct/2022:11:52:11 +0800] "GET /xingrg/kc/buy/cgsh_order_operate.html?command=get_materiel&rest_code=00105&code=00101001029&supplier_code=00100312&order_time=2022-10-26 HTTP/1.1" 200 417
58.37.7.251 - - [26/Oct/2022:11:52:12 +0800] "GET /xingrg/kc/base/wldb_order_operate.html?command=get_materiel&rest_code=00106&base_code=0010397&code=00102001105 HTTP/1.1" 200 433
222.69.192.207 - - [26/Oct/2022:11:52:13 +0800] "GET /xingrg/all/function/internal_message.html?_=1666756177488&CODE_STATE=getMsg HTTP/1.1" 200 27
116.238.139.35 - - [26/Oct/2022:11:52:13 +0800] "GET /xingrg/all/function/internal_message.html?_=1666756261683&CODE_STATE=getMsg HTTP/1.1" 200 27
114.83.219.57 - - [26/Oct/2022:11:52:14 +0800] "GET /xingrg/all/function/internal_message.html?_=1666756432079&CODE_STATE=getMsg HTTP/1.1" 200 27
58.37.7.251 - - [26/Oct/2022:11:52:16 +0800] "POST /xingrg/kc/buy/cgsh_order_operate.html HTTP/1.1" 200 37
221.239.141.151 - - [26/Oct/2022:11:52:20 +0800] "GET /xingrg/all/function/internal_message.html?_=1666756343612&CODE_STATE=getMsg HTTP/1.1" 200 27
221.239.141.151 - - [26/Oct/2022:11:52:20 +0800] "GET /xingrg/check_reg.html?_=1666756343618 HTTP/1.1" 200 22
116.238.139.35 - - [26/Oct/2022:11:52:20 +0800] "GET /xingrg/kc/mdqp/pssh_order_list.html HTTP/1.1" 200 17421
116.238.139.35 - - [26/Oct/2022:11:52:20 +0800] "POST /xingrg/kc/mdqp/pssh_list_operate.html HTTP/1.1" 200 8380
116.230.114.213 - - [26/Oct/2022:11:52:21 +0800] "GET /xingrg/all/function/internal_message.html?_=1666756348139&CODE_STATE=getMsg HTTP/1.1" 200 27
221.239.141.151 - - [26/Oct/2022:11:52:23 +0800] "GET /xingrg/all/function/internal_message.html?_=1666756335735&CODE_STATE=getMsg HTTP/1.1" 200 27
120.253.135.82 - - [26/Oct/2022:11:52:23 +0800] "GET /xingrg/all/function/internal_message.html?_=1666756132056&CODE_STATE=getMsg HTTP/1.1" 200 27
116.238.139.35 - - [26/Oct/2022:11:52:25 +0800] "POST /xingrg/all/user/operate.html HTTP/1.1" 200 36
116.238.139.35 - - [26/Oct/2022:11:52:25 +0800] "GET /xingrg/index.html?sysBaseUrl=http%3A%2F%2F180.169.147.146%3A18081%2Fxingrg%2F&costTime=45×tamp=1666745526802 HTTP/1.1" 200 17179
116.238.139.35 - - [26/Oct/2022:11:52:25 +0800] "GET /xingrg/javascript/jquery_easy_ui/themes/default/easyui.css HTTP/1.1" 304 -
116.238.139.35 - - [26/Oct/2022:11:52:25 +0800] "GET /xingrg/javascript/jquery_easy_ui/themes/icon.css HTTP/1.1" 304 -
116.238.139.35 - - [26/Oct/2022:11:52:25 +0800] "GET /xingrg/css/form.css HTTP/1.1" 304 -
116.238.139.35 - - [26/Oct/2022:11:52:25 +0800] "GET /xingrg/javascript/jquery-1.4.2.min.js HTTP/1.1" 304 -
116.238.139.35 - - [26/Oct/2022:11:52:25 +0800] "GET /xingrg/javascript/jquery_easy_ui/jquery.easyui.min.js HTTP/1.1" 304 -
116.238.139.35 - - [26/Oct/2022:11:52:25 +0800] "GET /xingrg/javascript/jquery_easy_ui/easyui-lang-zh_CN.js HTTP/1.1" 304 -
116.238.139.35 - - [26/Oct/2022:11:52:25 +0800] "GET /xingrg/javascript/jquery.form.js HTTP/1.1" 304 -
116.238.139.35 - - [26/Oct/2022:11:52:25 +0800] "GET /xingrg/javascript/jquery.utils.js HTTP/1.1" 304 -
116.238.139.35 - - [26/Oct/2022:11:52:25 +0800] "GET /xingrg/javascript/jquery.timers.js HTTP/1.1" 304 -
116.238.139.35 - - [26/Oct/2022:11:52:25 +0800] "GET /xingrg/images/blue/jxLogo.png HTTP/1.1" 304 -
116.238.139.35 - - [26/Oct/2022:11:52:25 +0800] "GET /xingrg/javascript/jquery_easy_ui/themes/icons/settle_new.png HTTP/1.1" 304 -
116.238.139.35 - - [26/Oct/2022:11:52:25 +0800] "GET /xingrg/images/blue/navBackgound.jpg HTTP/1.1" 304 -
116.238.139.35 - - [26/Oct/2022:11:52:25 +0800] "POST /xingrg/all/common/load_tree.html?tree=area_rest_tree_json&manage=1 HTTP/1.1" 200 476
116.238.139.35 - - [26/Oct/2022:11:52:25 +0800] "GET /xingrg/all/function/internal_message.html?_=1666756337931&CODE_STATE=count HTTP/1.1" 200 11
116.238.139.35 - - [26/Oct/2022:11:52:25 +0800] "GET /xingrg/check_reg.html?_=1666756337932 HTTP/1.1" 200 22
116.238.139.35 - - [26/Oct/2022:11:52:25 +0800] "GET /xingrg/javascript/jquery_easy_ui/themes/default/images/panel_tool_collapse.gif HTTP/1.1" 304 -
116.238.139.35 - - [26/Oct/2022:11:52:25 +0800] "GET /xingrg/javascript/jquery_easy_ui/themes/default/images/tabs_rightarrow.png HTTP/1.1" 304 -
116.238.139.35 - - [26/Oct/2022:11:52:25 +0800] "GET /xingrg/images/blue/pingpu.png HTTP/1.1" 304 -
116.238.139.35 - - [26/Oct/2022:11:52:25 +0800] "GET /xingrg/javascript/jquery_easy_ui/themes/default/images/tabs_leftarrow.png HTTP/1.1" 304 -
116.238.139.35 - - [26/Oct/2022:11:52:25 +0800] "POST /xingrg/load_menu.html HTTP/1.1" 200 5138
58.37.7.251 - - [26/Oct/2022:11:52:29 +0800] "POST /xingrg/kc/buy/cgsh_order_operate.html HTTP/1.1" 200 12
58.35.213.73 - - [26/Oct/2022:11:52:29 +0800] "GET /xingrg/css/blue.css HTTP/1.1" 200 15949
58.35.213.73 - - [26/Oct/2022:11:52:29 +0800] "GET /xingrg/javascript/jquery_easy_ui/themes/icon.css HTTP/1.1" 200 3949
58.35.213.73 - - [26/Oct/2022:11:52:29 +0800] "GET /xingrg/javascript/auto/jquery.autocomplete.css HTTP/1.1" 200 587
116.238.139.35 - - [26/Oct/2022:11:52:29 +0800] "GET /xingrg/kc/mdqp/pssh_order_list.html HTTP/1.1" 200 17828
124.79.74.72 - - [26/Oct/2022:11:52:29 +0800] "GET /xingrg/all/function/internal_message.html?_=1666756341341&CODE_STATE=getMsg HTTP/1.1" 200 27
116.238.139.35 - - [26/Oct/2022:11:52:29 +0800] "POST /xingrg/kc/mdqp/pssh_list_operate.html HTTP/1.1" 200 8304
58.37.7.251 - - [26/Oct/2022:11:52:30 +0800] "POST /xingrg/kc/base/wldb_order_operate.html HTTP/1.1" 200 37
114.88.159.190 - - [26/Oct/2022:11:52:30 +0800] "GET /xingrg/check_reg.html?_=1666755965456 HTTP/1.1" 200 22
58.37.7.251 - - [26/Oct/2022:11:52:31 +0800] "GET /xingrg/kc/buy/cgsh_order_info.html?code=212022102608010 HTTP/1.1" 200 64000
58.37.7.251 - - [26/Oct/2022:11:52:31 +0800] "GET /xingrg/kc/base/wldb_order_info.html?code=422022102601885 HTTP/1.1" 200 30382
58.37.7.251 - - [26/Oct/2022:11:52:31 +0800] "POST /xingrg/kc/base/wldb_order_operate.html HTTP/1.1" 200 2181
58.37.7.251 - - [26/Oct/2022:11:52:31 +0800] "GET /xingrg/javascript/easyui/themes/default/validatebox.css HTTP/1.1" 404 1104
116.238.139.35 - - [26/Oct/2022:11:52:31 +0800] "POST /xingrg/kc/mdqp/pssh_list_operate.html HTTP/1.1" 200 272
58.37.7.251 - - [26/Oct/2022:11:52:32 +0800] "GET /xingrg/javascript/easyui/themes/default/validatebox.css HTTP/1.1" 404 1104
116.230.105.139 - - [26/Oct/2022:11:52:32 +0800] "GET /xingrg/all/function/internal_message.html?_=1666756344416&CODE_STATE=getMsg HTTP/1.1" 200 27
58.37.7.251 - - [26/Oct/2022:11:52:32 +0800] "POST /xingrg/kc/buy/cgsh_order_operate.html HTTP/1.1" 200 607
58.37.7.251 - - [26/Oct/2022:11:52:32 +0800] "POST /xingrg/kc/base/wldb_order_operate.html HTTP/1.1" 200 2181
222.70.183.206 - - [26/Oct/2022:11:52:33 +0800] "GET /xingrg/all/function/internal_message.html?_=1666756344738&CODE_STATE=getMsg HTTP/1.1" 200 27
180.169.147.146 - - [26/Oct/2022:11:52:33 +0800] "GET /xingrg/all/function/internal_message.html?_=1666756345517&CODE_STATE=getMsg HTTP/1.1" 200 27
58.37.7.251 - - [26/Oct/2022:11:52:35 +0800] "GET /xingrg/kc/print/load_data.html?order_code=212022102608010&kc_code=cgsh&condition= HTTP/1.1" 200 699
116.238.139.35 - - [26/Oct/2022:11:52:36 +0800] "GET /xingrg/check_reg.html?_=1666756285184 HTTP/1.1" 200 22
124.79.74.72 - - [26/Oct/2022:11:52:41 +0800] "GET /xingrg/kc/buy/cgth_order_add.html HTTP/1.1" 200 71071
124.79.74.72 - - [26/Oct/2022:11:52:41 +0800] "GET /xingrg/dwr/interface/AjaxCgthService.js HTTP/1.1" 200 14519
124.79.74.72 - - [26/Oct/2022:11:52:41 +0800] "GET /xingrg/dwr/interface/AjaxComOrderService.js HTTP/1.1" 200 18264
124.79.74.72 - - [26/Oct/2022:11:52:41 +0800] "GET /xingrg/dwr/engine.js HTTP/1.1" 200 43631
124.79.74.72 - - [26/Oct/2022:11:52:41 +0800] "POST /xingrg/all/common/load_tree.html?tree=supplier_tree_json&isDelete=1 HTTP/1.1" 200 69393
124.79.74.72 - - [26/Oct/2022:11:52:41 +0800] "GET /xingrg/images/blue/button/kc_tab_add.gif HTTP/1.1" 200 375
124.79.74.72 - - [26/Oct/2022:11:52:41 +0800] "GET /xingrg/images/blue/button/kc_tab_save.gif HTTP/1.1" 200 777
124.79.74.72 - - [26/Oct/2022:11:52:41 +0800] "GET /xingrg/images/blue/button/kc_tab_edit.gif HTTP/1.1" 200 551
124.79.74.72 - - [26/Oct/2022:11:52:41 +0800] "GET /xingrg/images/blue/button/kc_tab_del.gif HTTP/1.1" 200 383
124.79.74.72 - - [26/Oct/2022:11:52:41 +0800] "GET /xingrg/javascript/jquery_easy_ui/themes/default/images/validatebox_warning.png HTTP/1.1" 200 921
124.79.74.72 - - [26/Oct/2022:11:52:41 +0800] "GET /xingrg/images/blue/kc_tab2_left.gif HTTP/1.1" 200 625
124.79.74.72 - - [26/Oct/2022:11:52:41 +0800] "GET /xingrg/javascript/jquery_easy_ui/themes/default/images/validatebox_pointer.gif HTTP/1.1" 200 82
124.79.74.72 - - [26/Oct/2022:11:52:41 +0800] "GET /xingrg/javascript/jquery_easy_ui/themes/icons/cance_new.png HTTP/1.1" 200 3986
124.79.74.72 - - [26/Oct/2022:11:52:41 +0800] "GET /xingrg/javascript/jquery_easy_ui/themes/icons/check_new.png HTTP/1.1" 200 3224
124.79.74.72 - - [26/Oct/2022:11:52:41 +0800] "GET /xingrg/javascript/jquery_easy_ui/themes/icons/ok.png HTTP/1.1" 200 883
124.79.74.72 - - [26/Oct/2022:11:52:41 +0800] "GET /xingrg/images/blue/kc_tab2_right.gif HTTP/1.1" 200 192
180.163.29.219 - - [26/Oct/2022:11:52:43 +0800] "GET /xingrg/kc/base/wldb_order_info.html?code=422022102601884 HTTP/1.1" 302 -
180.163.29.219 - - [26/Oct/2022:11:52:43 +0800] "GET /xingrg/login.html HTTP/1.1" 200 7641
180.169.147.146 - - [26/Oct/2022:11:52:44 +0800] "GET /xingrg/all/function/internal_message.html?_=1666756356883&CODE_STATE=getMsg HTTP/1.1" 200 27
124.79.74.72 - - [26/Oct/2022:11:52:45 +0800] "GET /xingrg/javascript/auto/indicator.gif HTTP/1.1" 404 1066
58.39.35.118 - - [26/Oct/2022:11:52:46 +0800] "GET /xingrg/all/function/internal_message.html?_=1666756355621&CODE_STATE=getMsg HTTP/1.1" 200 27
58.37.7.251 - - [26/Oct/2022:11:52:46 +0800] "POST /xingrg/kc/base/wldb_list_operate.html HTTP/1.1" 200 2176
58.37.7.251 - - [26/Oct/2022:11:52:46 +0800] "GET /xingrg/all/function/internal_message.html?_=1666756360707&CODE_STATE=getMsg HTTP/1.1" 200 27
116.230.105.139 - - [26/Oct/2022:11:52:47 +0800] "GET /xingrg/all/function/internal_message.html?_=1666756321204&CODE_STATE=getMsg HTTP/1.1" 200 27
58.37.7.251 - - [26/Oct/2022:11:52:47 +0800] "POST /xingrg/kc/base/wldb_list_operate.html HTTP/1.1" 200 200
101.85.93.18 - - [26/Oct/2022:11:52:48 +0800] "GET /xingrg/all/function/internal_message.html?_=1666756361027&CODE_STATE=getMsg HTTP/1.1" 200 27
101.85.93.18 - - [26/Oct/2022:11:52:48 +0800] "GET /xingrg/check_reg.html?_=1666756361028 HTTP/1.1" 200 22
222.69.192.207 - - [26/Oct/2022:11:52:49 +0800] "GET /xingrg/kc/buy/cgsh_order_operate.html?command=get_materiel&rest_code=00105&code=00101004030&supplier_code=00100312&order_time=2022-10-26 HTTP/1.1" 200 408
180.169.147.146 - - [26/Oct/2022:11:52:50 +0800] "GET /xingrg/all/function/internal_message.html?_=1666756362962&CODE_STATE=getMsg HTTP/1.1" 200 27
58.37.7.251 - - [26/Oct/2022:11:52:52 +0800] "GET /xingrg/kc/buy/cgsh_order_add.html HTTP/1.1" 200 69097
58.37.7.251 - - [26/Oct/2022:11:52:52 +0800] "POST /xingrg/kc/buy/cgsh_order_operate.html HTTP/1.1" 200 8245
58.37.7.251 - - [26/Oct/2022:11:52:52 +0800] "GET /xingrg/javascript/easyui/themes/default/validatebox.css HTTP/1.1" 404 1104
58.37.7.251 - - [26/Oct/2022:11:52:53 +0800] "GET /xingrg/all/function/internal_message.html?_=1666756363783&CODE_STATE=getMsg HTTP/1.1" 200 27
124.79.74.72 - - [26/Oct/2022:11:52:54 +0800] "POST /xingrg/dwr/call/plaincall/AjaxCgthService.saveOrder.dwr HTTP/1.1" 200 78
58.37.7.251 - - [26/Oct/2022:11:52:55 +0800] "GET /xingrg/javascript/easyui/themes/default/tree.css HTTP/1.1" 404 1090
58.37.7.251 - - [26/Oct/2022:11:52:55 +0800] "POST /xingrg/all/common/load_tree.html?tree=supplier_tree_json&isDelete=1 HTTP/1.1" 200 69393
124.79.74.72 - - [26/Oct/2022:11:52:57 +0800] "POST /xingrg/dwr/call/plaincall/AjaxComOrderService.getMaterielSearchList.dwr HTTP/1.1" 200 7481
124.79.74.72 - - [26/Oct/2022:11:52:58 +0800] "POST /xingrg/dwr/call/plaincall/AjaxComOrderService.getMaterielSearchList.dwr HTTP/1.1" 200 6913
58.40.7.146 - - [26/Oct/2022:11:52:59 +0800] "GET /xingrg/all/function/internal_message.html?_=1666756371503&CODE_STATE=getMsg HTTP/1.1" 200 27
124.79.74.72 - - [26/Oct/2022:11:52:59 +0800] "POST /xingrg/dwr/call/plaincall/AjaxComOrderService.getMaterielSearchList.dwr HTTP/1.1" 200 287
114.88.159.190 - - [26/Oct/2022:11:52:59 +0800] "GET /xingrg/check_reg.html?_=1666755994355 HTTP/1.1" 200 22
114.83.223.130 - - [26/Oct/2022:11:53:02 +0800] "GET /xingrg/all/function/internal_message.html?_=1666756372885&CODE_STATE=getMsg HTTP/1.1" 200 27
120.253.135.82 - - [26/Oct/2022:11:53:03 +0800] "GET /xingrg/all/function/internal_message.html?_=1666756478416&CODE_STATE=getMsg HTTP/1.1" 200 27
58.35.213.73 - - [26/Oct/2022:11:53:09 +0800] "GET /xingrg/all/function/internal_message.html?_=1666756381905&CODE_STATE=getMsg HTTP/1.1" 200 27
58.35.213.73 - - [26/Oct/2022:11:53:12 +0800] "GET /xingrg/kc/mdqp/qp_main.html HTTP/1.1" 200 10633
58.35.213.73 - - [26/Oct/2022:11:53:12 +0800] "GET /xingrg/javascript/jquery_ui/jquery-ui.min.js HTTP/1.1" 200 186181
58.35.213.73 - - [26/Oct/2022:11:53:12 +0800] "GET /xingrg/images/blue/button/cgxqd.gif HTTP/1.1" 200 2619
58.35.213.73 - - [26/Oct/2022:11:53:12 +0800] "GET /xingrg/images/blue/button/psshd.gif HTTP/1.1" 200 2692
58.35.213.73 - - [26/Oct/2022:11:53:12 +0800] "GET /xingrg/images/blue/button/pszx.gif HTTP/1.1" 200 2648
58.35.213.73 - - [26/Oct/2022:11:53:12 +0800] "GET /xingrg/images/blue/button/qqpsd.gif HTTP/1.1" 200 2548
58.35.213.73 - - [26/Oct/2022:11:53:12 +0800] "GET /xingrg/images/blue/button/down_ah.jpg HTTP/1.1" 200 1732
58.35.213.73 - - [26/Oct/2022:11:53:12 +0800] "GET /xingrg/javascript/jquery_ui/themes/humanity/images/ui-bg_inset-soft_100_f4f0ec_1x100.png HTTP/1.1" 200 141
58.35.213.73 - - [26/Oct/2022:11:53:12 +0800] "GET /xingrg/javascript/jquery_ui/themes/humanity/images/ui-iconsnew.jpg HTTP/1.1" 200 337
58.35.213.73 - - [26/Oct/2022:11:53:12 +0800] "GET /xingrg/javascript/jquery_ui/themes/humanity/images/ui-icons_ffffff_256x240.png HTTP/1.1" 200 4369
58.35.213.73 - - [26/Oct/2022:11:53:12 +0800] "GET /xingrg/javascript/jquery_ui/themes/humanity/images/ui-icons_c47a23_256x240.png HTTP/1.1" 200 5355
58.35.213.73 - - [26/Oct/2022:11:53:12 +0800] "GET /xingrg/javascript/jquery_ui/themes/humanity/images/ui-bg_glass_70_ede4d4_1x400.png HTTP/1.1" 200 161
222.69.192.207 - - [26/Oct/2022:11:53:13 +0800] "GET /xingrg/all/function/internal_message.html?_=1666756237471&CODE_STATE=getMsg HTTP/1.1" 200 27
116.238.139.35 - - [26/Oct/2022:11:53:13 +0800] "GET /xingrg/all/function/internal_message.html?_=1666756321688&CODE_STATE=getMsg HTTP/1.1" 200 27
114.83.219.57 - - [26/Oct/2022:11:53:14 +0800] "GET /xingrg/all/function/internal_message.html?_=1666756492088&CODE_STATE=getMsg HTTP/1.1" 200 27
58.35.213.73 - - [26/Oct/2022:11:53:14 +0800] "GET /xingrg/javascript/jquery_easy_ui/themes/default/images/tabs_active.png HTTP/1.1" 200 2894
58.37.7.251 - - [26/Oct/2022:11:53:19 +0800] "GET /xingrg/kc/buy/cgsh_order_operate.html?command=get_materiel&rest_code=00106&code=00101006267&supplier_code=00100337&order_time=2022-10-26 HTTP/1.1" 200 410
221.239.141.151 - - [26/Oct/2022:11:53:20 +0800] "GET /xingrg/all/function/internal_message.html?_=1666756403615&CODE_STATE=getMsg HTTP/1.1" 200 27
58.35.213.73 - - [26/Oct/2022:11:53:20 +0800] "GET /xingrg/kc/mdqp/pssh_order_list.html HTTP/1.1" 200 17910
58.35.213.73 - - [26/Oct/2022:11:53:20 +0800] "POST /xingrg/kc/mdqp/pssh_list_operate.html HTTP/1.1" 200 5471
120.253.135.82 - - [26/Oct/2022:11:53:20 +0800] "GET /xingrg/check_reg.html?_=1666756189404 HTTP/1.1" 200 22
116.230.114.213 - - [26/Oct/2022:11:53:21 +0800] "GET /xingrg/all/function/internal_message.html?_=1666756408152&CODE_STATE=getMsg HTTP/1.1" 200 27
221.239.141.151 - - [26/Oct/2022:11:53:23 +0800] "GET /xingrg/all/function/internal_message.html?_=1666756395731&CODE_STATE=getMsg HTTP/1.1" 200 27
120.253.135.82 - - [26/Oct/2022:11:53:23 +0800] "GET /xingrg/all/function/internal_message.html?_=1666756192228&CODE_STATE=getMsg HTTP/1.1" 200 27
58.35.213.73 - - [26/Oct/2022:11:53:24 +0800] "POST /xingrg/kc/mdqp/pssh_list_operate.html HTTP/1.1" 200 814
58.35.213.73 - - [26/Oct/2022:11:53:25 +0800] "POST /xingrg/kc/buy/cgth_list_operate.html HTTP/1.1" 200 1921
116.238.139.35 - - [26/Oct/2022:11:53:25 +0800] "GET /xingrg/all/function/internal_message.html?_=1666756397944&CODE_STATE=getMsg HTTP/1.1" 200 27
124.79.74.72 - - [26/Oct/2022:11:53:28 +0800] "POST /xingrg/dwr/call/plaincall/AjaxComOrderService.getMaterielSearchList.dwr HTTP/1.1" 200 287
58.35.213.73 - - [26/Oct/2022:11:53:29 +0800] "POST /xingrg/kc/buy/cgth_list_operate.html HTTP/1.1" 200 3829
124.79.74.72 - - [26/Oct/2022:11:53:29 +0800] "GET /xingrg/all/function/internal_message.html?_=1666756401325&CODE_STATE=getMsg HTTP/1.1" 200 27
124.79.74.72 - - [26/Oct/2022:11:53:29 +0800] "POST /xingrg/dwr/call/plaincall/AjaxComOrderService.getMaterielSearchList.dwr HTTP/1.1" 200 76
124.79.74.72 - - [26/Oct/2022:11:53:30 +0800] "POST /xingrg/dwr/call/plaincall/AjaxComOrderService.getMaterielSearchList.dwr HTTP/1.1" 200 76
58.35.213.73 - - [26/Oct/2022:11:53:30 +0800] "POST /xingrg/kc/buy/cgth_list_operate.html HTTP/1.1" 200 735
180.163.29.234 - - [26/Oct/2022:11:53:31 +0800] "GET /xingrg/kc/base/wldb_order_info.html?code=422022102601885 HTTP/1.1" 302 -
180.163.29.234 - - [26/Oct/2022:11:53:31 +0800] "GET /xingrg/login.html HTTP/1.1" 200 7641
58.35.213.73 - - [26/Oct/2022:11:53:31 +0800] "GET /xingrg/dwr/engine.js HTTP/1.1" 200 43631
58.35.213.73 - - [26/Oct/2022:11:53:31 +0800] "POST /xingrg/all/common/load_tree.html?tree=supplier_tree_json&isDelete=1 HTTP/1.1" 200 69393
116.230.105.139 - - [26/Oct/2022:11:53:32 +0800] "GET /xingrg/all/function/internal_message.html?_=1666756404422&CODE_STATE=getMsg HTTP/1.1" 200 27
58.35.213.73 - - [26/Oct/2022:11:53:32 +0800] "POST /xingrg/dwr/call/plaincall/AjaxCgthService.loadMaterielItems.dwr HTTP/1.1" 200 10691
222.70.183.206 - - [26/Oct/2022:11:53:33 +0800] "GET /xingrg/all/function/internal_message.html?_=1666756404723&CODE_STATE=getMsg HTTP/1.1" 200 27
180.169.147.146 - - [26/Oct/2022:11:53:33 +0800] "GET /xingrg/all/function/internal_message.html?_=1666756405501&CODE_STATE=getMsg HTTP/1.1" 200 27
222.70.183.206 - - [26/Oct/2022:11:53:34 +0800] "GET /xingrg/check_reg.html?_=1666756405568 HTTP/1.1" 200 22
124.79.74.72 - - [26/Oct/2022:11:53:37 +0800] "POST /xingrg/dwr/call/plaincall/AjaxComOrderService.getMaterielSearchList.dwr HTTP/1.1" 200 287
124.79.74.72 - - [26/Oct/2022:11:53:40 +0800] "POST /xingrg/dwr/call/plaincall/AjaxComOrderService.getMaterielSearchList.dwr HTTP/1.1" 200 76
124.79.74.72 - - [26/Oct/2022:11:53:41 +0800] "POST /xingrg/dwr/call/plaincall/AjaxComOrderService.getMaterielSearchList.dwr HTTP/1.1" 200 76
222.69.192.207 - - [26/Oct/2022:11:53:41 +0800] "POST /xingrg/kc/buy/cgsh_order_operate.html HTTP/1.1" 200 37
124.79.74.72 - - [26/Oct/2022:11:53:42 +0800] "POST /xingrg/dwr/call/plaincall/AjaxComOrderService.getMaterielSearchList.dwr HTTP/1.1" 200 204
124.79.74.72 - - [26/Oct/2022:11:53:42 +0800] "POST /xingrg/dwr/call/plaincall/AjaxComOrderService.getMaterielSearchList.dwr HTTP/1.1" 200 886
222.69.192.207 - - [26/Oct/2022:11:53:43 +0800] "POST /xingrg/kc/buy/cgsh_order_operate.html HTTP/1.1" 200 6211
180.169.147.146 - - [26/Oct/2022:11:53:44 +0800] "GET /xingrg/all/function/internal_message.html?_=1666756416880&CODE_STATE=getMsg HTTP/1.1" 200 27
222.69.192.207 - - [26/Oct/2022:11:53:45 +0800] "GET /xingrg/kc/print/load_data.html?order_code=212022102608011&kc_code=cgsh&condition= HTTP/1.1" 200 2019
58.39.35.118 - - [26/Oct/2022:11:53:46 +0800] "GET /xingrg/all/function/internal_message.html?_=1666756415612&CODE_STATE=getMsg HTTP/1.1" 200 27
58.37.7.251 - - [26/Oct/2022:11:53:46 +0800] "GET /xingrg/all/function/internal_message.html?_=1666756420690&CODE_STATE=getMsg HTTP/1.1" 200 27
116.230.105.139 - - [26/Oct/2022:11:53:47 +0800] "GET /xingrg/all/function/internal_message.html?_=1666756381209&CODE_STATE=getMsg HTTP/1.1" 200 27
124.79.74.72 - - [26/Oct/2022:11:53:47 +0800] "POST /xingrg/dwr/call/plaincall/AjaxCgthService.getMaterielByMap.dwr HTTP/1.1" 200 2956
101.85.93.18 - - [26/Oct/2022:11:53:48 +0800] "GET /xingrg/all/function/internal_message.html?_=1666756421026&CODE_STATE=getMsg HTTP/1.1" 200 27
180.169.147.146 - - [26/Oct/2022:11:53:50 +0800] "GET /xingrg/all/function/internal_message.html?_=1666756422954&CODE_STATE=getMsg HTTP/1.1" 200 27
124.79.74.72 - - [26/Oct/2022:11:53:52 +0800] "GET /xingrg/images/yd/bt.gif HTTP/1.1" 404 1040
58.37.7.251 - - [26/Oct/2022:11:53:53 +0800] "GET /xingrg/all/function/internal_message.html?_=1666756423750&CODE_STATE=getMsg HTTP/1.1" 200 27
124.79.74.72 - - [26/Oct/2022:11:53:58 +0800] "POST /xingrg/dwr/call/plaincall/AjaxCgthService.removeMaterielItem.dwr HTTP/1.1" 200 79
58.40.7.146 - - [26/Oct/2022:11:53:59 +0800] "GET /xingrg/all/function/internal_message.html?_=1666756431504&CODE_STATE=getMsg HTTP/1.1" 200 27
114.83.223.130 - - [26/Oct/2022:11:54:01 +0800] "GET /xingrg/all/function/internal_message.html?_=1666756432860&CODE_STATE=getMsg HTTP/1.1" 200 27
124.79.74.72 - - [26/Oct/2022:11:54:02 +0800] "POST /xingrg/dwr/call/plaincall/AjaxComOrderService.getMaterielSearchList.dwr HTTP/1.1" 200 77
114.83.223.130 - - [26/Oct/2022:11:54:03 +0800] "GET /xingrg/check_reg.html?_=1666756434154 HTTP/1.1" 200 22
120.253.135.82 - - [26/Oct/2022:11:54:03 +0800] "GET /xingrg/all/function/internal_message.html?_=1666756538430&CODE_STATE=getMsg HTTP/1.1" 200 27
124.79.74.72 - - [26/Oct/2022:11:54:03 +0800] "POST /xingrg/dwr/call/plaincall/AjaxComOrderService.getMaterielSearchList.dwr HTTP/1.1" 200 204
124.79.74.72 - - [26/Oct/2022:11:54:04 +0800] "POST /xingrg/dwr/call/plaincall/AjaxComOrderService.getMaterielSearchList.dwr HTTP/1.1" 200 602
58.35.213.73 - - [26/Oct/2022:11:54:09 +0800] "GET /xingrg/all/function/internal_message.html?_=1666756441907&CODE_STATE=getMsg HTTP/1.1" 200 27
124.79.74.72 - - [26/Oct/2022:11:54:10 +0800] "POST /xingrg/dwr/call/plaincall/AjaxCgthService.getMaterielByMap.dwr HTTP/1.1" 200 2965
222.69.192.207 - - [26/Oct/2022:11:54:13 +0800] "GET /xingrg/all/function/internal_message.html?_=1666756297455&CODE_STATE=getMsg HTTP/1.1" 200 27
58.37.7.251 - - [26/Oct/2022:11:54:13 +0800] "POST /xingrg/kc/buy/cgsh_order_operate.html HTTP/1.1" 200 37
116.238.139.35 - - [26/Oct/2022:11:54:13 +0800] "GET /xingrg/all/function/internal_message.html?_=1666756381702&CODE_STATE=getMsg HTTP/1.1" 200 27
58.37.7.251 - - [26/Oct/2022:11:54:14 +0800] "POST /xingrg/kc/buy/cgsh_order_operate.html HTTP/1.1" 200 2655
114.83.219.57 - - [26/Oct/2022:11:54:14 +0800] "GET /xingrg/all/function/internal_message.html?_=1666756552079&CODE_STATE=getMsg HTTP/1.1" 200 27
58.37.7.251 - - [26/Oct/2022:11:54:16 +0800] "GET /xingrg/kc/buy/cgsh_order_add.html HTTP/1.1" 200 69097
58.37.7.251 - - [26/Oct/2022:11:54:16 +0800] "POST /xingrg/kc/buy/cgsh_order_operate.html HTTP/1.1" 200 8245
58.37.7.251 - - [26/Oct/2022:11:54:16 +0800] "GET /xingrg/javascript/easyui/themes/default/validatebox.css HTTP/1.1" 404 1104
221.239.141.151 - - [26/Oct/2022:11:54:20 +0800] "GET /xingrg/all/function/internal_message.html?_=1666756463604&CODE_STATE=getMsg HTTP/1.1" 200 27
58.37.7.251 - - [26/Oct/2022:11:54:21 +0800] "GET /xingrg/javascript/easyui/themes/default/tree.css HTTP/1.1" 404 1090
58.37.7.251 - - [26/Oct/2022:11:54:21 +0800] "POST /xingrg/all/common/load_tree.html?tree=supplier_tree_json&isDelete=1 HTTP/1.1" 200 69393
116.230.114.213 - - [26/Oct/2022:11:54:21 +0800] "GET /xingrg/all/function/internal_message.html?_=1666756468219&CODE_STATE=getMsg HTTP/1.1" 200 27
222.69.192.207 - - [26/Oct/2022:11:54:22 +0800] "GET /xingrg/kc/buy/cgsh_order_add.html HTTP/1.1" 200 69185
222.69.192.207 - - [26/Oct/2022:11:54:22 +0800] "POST /xingrg/kc/buy/cgsh_order_operate.html HTTP/1.1" 200 8245
222.69.192.207 - - [26/Oct/2022:11:54:22 +0800] "GET /xingrg/javascript/easyui/themes/default/validatebox.css HTTP/1.1" 404 1104
221.239.141.151 - - [26/Oct/2022:11:54:23 +0800] "GET /xingrg/all/function/internal_message.html?_=1666756455720&CODE_STATE=getMsg HTTP/1.1" 200 27
120.253.135.82 - - [26/Oct/2022:11:54:23 +0800] "GET /xingrg/all/function/internal_message.html?_=1666756252240&CODE_STATE=getMsg HTTP/1.1" 200 27
116.238.139.35 - - [26/Oct/2022:11:54:25 +0800] "GET /xingrg/all/function/internal_message.html?_=1666756457946&CODE_STATE=getMsg HTTP/1.1" 200 27
124.79.74.72 - - [26/Oct/2022:11:54:29 +0800] "GET /xingrg/all/function/internal_message.html?_=1666756461307&CODE_STATE=getMsg HTTP/1.1" 200 27
116.230.105.139 - - [26/Oct/2022:11:54:32 +0800] "GET /xingrg/check_reg.html?_=1666756464423 HTTP/1.1" 200 22
116.230.105.139 - - [26/Oct/2022:11:54:32 +0800] "GET /xingrg/all/function/internal_message.html?_=1666756464419&CODE_STATE=getMsg HTTP/1.1" 200 27
222.70.183.206 - - [26/Oct/2022:11:54:33 +0800] "GET /xingrg/all/function/internal_message.html?_=1666756464695&CODE_STATE=getMsg HTTP/1.1" 200 27
