222.69.192.207 - - [26/Oct/2022:10:34:36 +0800] "GET /xingrg/kc/buy/cgsh_order_operate.html?command=get_materiel&rest_code=00105&code=00101009124&supplier_code=00100024&order_time=2022-10-26 HTTP/1.1" 200 416
58.37.7.251 - - [26/Oct/2022:10:34:36 +0800] "POST /xingrg/kc/buy/cgsh_order_operate.html HTTP/1.1" 200 37
114.88.159.190 - - [26/Oct/2022:10:34:38 +0800] "GET /xingrg/kc/buy/cgsh_order_operate.html?command=get_materiel&rest_code=00141&code=00101008351&supplier_code=00100004&order_time=2022-10-26 HTTP/1.1" 200 427
221.239.141.151 - - [26/Oct/2022:10:34:41 +0800] "POST /xingrg/kc/buy/cgsh_list_operate.html HTTP/1.1" 200 6480
221.239.141.151 - - [26/Oct/2022:10:34:43 +0800] "POST /xingrg/kc/buy/cgsh_list_operate.html HTTP/1.1" 200 201
180.169.147.146 - - [26/Oct/2022:10:34:44 +0800] "GET /xingrg/all/function/internal_message.html?_=1666751676775&CODE_STATE=getMsg HTTP/1.1" 200 27
116.230.114.213 - - [26/Oct/2022:10:34:44 +0800] "POST /xingrg/services/DataTransmitService HTTP/1.1" 200 524
116.230.114.213 - - [26/Oct/2022:10:34:45 +0800] "POST /xingrg/services/DataTransmitService HTTP/1.1" 200 412
221.239.141.151 - - [26/Oct/2022:10:34:45 +0800] "GET /xingrg/kc/buy/cgsh_order_info.html?code=212022102507864 HTTP/1.1" 200 64037
221.239.141.151 - - [26/Oct/2022:10:34:45 +0800] "GET /xingrg/javascript/easyui/themes/default/validatebox.css HTTP/1.1" 404 1104
221.239.141.151 - - [26/Oct/2022:10:34:46 +0800] "POST /xingrg/kc/buy/cgsh_order_operate.html HTTP/1.1" 200 606
116.230.105.139 - - [26/Oct/2022:10:34:47 +0800] "GET /xingrg/check_reg.html?_=1666751641204 HTTP/1.1" 200 22
58.39.35.118 - - [26/Oct/2022:10:34:47 +0800] "GET /xingrg/all/function/internal_message.html?_=1666751676445&CODE_STATE=getMsg HTTP/1.1" 200 27
114.88.159.190 - - [26/Oct/2022:10:34:47 +0800] "GET /xingrg/kc/buy/cgsh_order_operate.html?command=get_materiel&rest_code=00141&code=00101008038&supplier_code=00100004&order_time=2022-10-26 HTTP/1.1" 200 413
116.230.105.139 - - [26/Oct/2022:10:34:48 +0800] "GET /xingrg/all/function/internal_message.html?_=1666751642034&CODE_STATE=getMsg HTTP/1.1" 200 27
116.238.139.35 - - [26/Oct/2022:10:34:49 +0800] "GET /xingrg/all/function/internal_message.html?_=1666751681699&CODE_STATE=getMsg HTTP/1.1" 200 27
221.239.141.151 - - [26/Oct/2022:10:34:55 +0800] "POST /xingrg/kc/buy/cgsh_list_operate.html HTTP/1.1" 200 6480
116.230.114.213 - - [26/Oct/2022:10:34:55 +0800] "GET /xingrg/check_reg.html?_=1666751701786 HTTP/1.1" 200 22
221.239.141.151 - - [26/Oct/2022:10:34:56 +0800] "POST /xingrg/kc/buy/cgsh_list_operate.html HTTP/1.1" 200 208
221.239.141.151 - - [26/Oct/2022:10:34:59 +0800] "GET /xingrg/kc/buy/cgsh_order_info.html?code=212022102507863 HTTP/1.1" 200 64037
221.239.141.151 - - [26/Oct/2022:10:34:59 +0800] "GET /xingrg/javascript/easyui/themes/default/validatebox.css HTTP/1.1" 404 1104
221.239.141.151 - - [26/Oct/2022:10:35:00 +0800] "POST /xingrg/kc/buy/cgsh_order_operate.html HTTP/1.1" 200 616
180.163.29.234 - - [26/Oct/2022:10:35:01 +0800] "GET /xingrg/all/function/internal_message.html?_=1666751631692&CODE_STATE=getMsg HTTP/1.1" 302 -
180.163.29.234 - - [26/Oct/2022:10:35:01 +0800] "GET /xingrg/login.html HTTP/1.1" 200 7641
120.253.135.82 - - [26/Oct/2022:10:35:02 +0800] "GET /xingrg/all/function/internal_message.html?_=1666751797347&CODE_STATE=getMsg HTTP/1.1" 200 27
114.88.159.190 - - [26/Oct/2022:10:35:02 +0800] "GET /xingrg/check_reg.html?_=1666751317262 HTTP/1.1" 200 22
114.88.159.190 - - [26/Oct/2022:10:35:02 +0800] "GET /xingrg/all/function/internal_message.html?_=1666751317263&CODE_STATE=getMsg HTTP/1.1" 200 27
114.83.223.130 - - [26/Oct/2022:10:35:03 +0800] "GET /xingrg/all/function/internal_message.html?_=1666751693870&CODE_STATE=getMsg HTTP/1.1" 200 27
180.163.29.212 - - [26/Oct/2022:10:35:04 +0800] "GET /xingrg/kc/buy/cgsh_order_operate.html?command=get_materiel&rest_code=00106&code=00101008223&supplier_code=00100007&order_time=2022-10-26 HTTP/1.1" 302 -
180.163.29.212 - - [26/Oct/2022:10:35:04 +0800] "GET /xingrg/login.html HTTP/1.1" 200 7641
221.239.141.151 - - [26/Oct/2022:10:35:08 +0800] "POST /xingrg/kc/buy/cgsh_list_operate.html HTTP/1.1" 200 6480
58.37.7.251 - - [26/Oct/2022:10:35:09 +0800] "GET /xingrg/all/function/internal_message.html?_=1666751699392&CODE_STATE=getMsg HTTP/1.1" 200 27
221.239.141.151 - - [26/Oct/2022:10:35:09 +0800] "POST /xingrg/kc/buy/cgsh_list_operate.html HTTP/1.1" 200 294
58.37.7.251 - - [26/Oct/2022:10:35:09 +0800] "POST /xingrg/kc/buy/cgsh_order_operate.html HTTP/1.1" 200 23951
116.238.139.35 - - [26/Oct/2022:10:35:11 +0800] "GET /xingrg/all/function/internal_message.html?_=1666751640140&CODE_STATE=getMsg HTTP/1.1" 200 27
180.163.30.76 - - [26/Oct/2022:10:35:12 +0800] "GET /xingrg/kc/buy/cgsh_order_operate.html?command=get_materiel&rest_code=00106&code=00101008061&supplier_code=00100007&order_time=2022-10-26 HTTP/1.1" 302 -
180.163.30.76 - - [26/Oct/2022:10:35:12 +0800] "GET /xingrg/login.html HTTP/1.1" 200 7641
222.69.192.207 - - [26/Oct/2022:10:35:12 +0800] "GET /xingrg/check_reg.html?_=1666751556952 HTTP/1.1" 200 22
222.69.192.207 - - [26/Oct/2022:10:35:12 +0800] "GET /xingrg/all/function/internal_message.html?_=1666751556955&CODE_STATE=getMsg HTTP/1.1" 200 27
114.83.219.57 - - [26/Oct/2022:10:35:14 +0800] "GET /xingrg/all/function/internal_message.html?_=1666751812083&CODE_STATE=getMsg HTTP/1.1" 200 27
221.239.141.151 - - [26/Oct/2022:10:35:18 +0800] "POST /xingrg/kc/buy/cgsh_list_operate.html HTTP/1.1" 200 205
116.230.114.213 - - [26/Oct/2022:10:35:19 +0800] "GET /xingrg/all/function/internal_message.html?_=1666751725796&CODE_STATE=getMsg HTTP/1.1" 200 27
180.163.29.206 - - [26/Oct/2022:10:35:21 +0800] "GET /xingrg/kc/buy/cgsh_order_operate.html?command=get_materiel&rest_code=00106&code=00101008168&supplier_code=00100007&order_time=2022-10-26 HTTP/1.1" 302 -
180.163.29.206 - - [26/Oct/2022:10:35:21 +0800] "GET /xingrg/login.html HTTP/1.1" 200 7641
221.239.141.151 - - [26/Oct/2022:10:35:22 +0800] "POST /xingrg/kc/buy/cgsh_list_operate.html HTTP/1.1" 200 596
221.239.141.151 - - [26/Oct/2022:10:35:23 +0800] "GET /xingrg/all/function/internal_message.html?_=1666751715726&CODE_STATE=getMsg HTTP/1.1" 200 27
221.239.141.151 - - [26/Oct/2022:10:35:27 +0800] "GET /xingrg/kc/buy/cgsh_order_info.html?code=212022102507872 HTTP/1.1" 200 64053
221.239.141.151 - - [26/Oct/2022:10:35:27 +0800] "GET /xingrg/javascript/easyui/themes/default/validatebox.css HTTP/1.1" 404 1104
221.239.141.151 - - [26/Oct/2022:10:35:28 +0800] "POST /xingrg/kc/buy/cgsh_order_operate.html HTTP/1.1" 200 3609
58.37.7.251 - - [26/Oct/2022:10:35:29 +0800] "POST /xingrg/kc/buy/cgsh_order_operate.html HTTP/1.1" 200 37
114.88.159.190 - - [26/Oct/2022:10:35:31 +0800] "GET /xingrg/kc/buy/cgsh_order_operate.html?command=get_materiel&rest_code=00141&code=00101008396&supplier_code=00100004&order_time=2022-10-26 HTTP/1.1" 200 412
116.230.105.139 - - [26/Oct/2022:10:35:32 +0800] "GET /xingrg/all/function/internal_message.html?_=1666751724419&CODE_STATE=getMsg HTTP/1.1" 200 27
222.70.183.206 - - [26/Oct/2022:10:35:34 +0800] "GET /xingrg/all/function/internal_message.html?_=1666751725673&CODE_STATE=getMsg HTTP/1.1" 200 27
58.37.7.251 - - [26/Oct/2022:10:35:34 +0800] "POST /xingrg/kc/buy/cgsh_order_operate.html HTTP/1.1" 200 12
114.88.159.190 - - [26/Oct/2022:10:35:39 +0800] "GET /xingrg/kc/buy/cgsh_order_operate.html?command=get_materiel&rest_code=00141&code=00101008190&supplier_code=00100004&order_time=2022-10-26 HTTP/1.1" 200 412
58.37.7.251 - - [26/Oct/2022:10:35:40 +0800] "GET /xingrg/kc/buy/cgsh_order_info.html?code=212022102607896 HTTP/1.1" 200 64008
58.37.7.251 - - [26/Oct/2022:10:35:41 +0800] "GET /xingrg/javascript/easyui/themes/default/validatebox.css HTTP/1.1" 404 1104
58.37.7.251 - - [26/Oct/2022:10:35:41 +0800] "POST /xingrg/kc/buy/cgsh_order_operate.html HTTP/1.1" 200 21896
180.169.147.146 - - [26/Oct/2022:10:35:44 +0800] "GET /xingrg/check_reg.html?_=1666751736791 HTTP/1.1" 200 22
180.169.147.146 - - [26/Oct/2022:10:35:44 +0800] "GET /xingrg/all/function/internal_message.html?_=1666751736787&CODE_STATE=getMsg HTTP/1.1" 200 27
222.69.192.207 - - [26/Oct/2022:10:35:46 +0800] "GET /xingrg/kc/buy/cgsh_order_operate.html?command=get_materiel&rest_code=00105&code=00101009039&supplier_code=00100024&order_time=2022-10-26 HTTP/1.1" 200 408
58.37.7.251 - - [26/Oct/2022:10:35:46 +0800] "GET /xingrg/kc/print/load_config.html?kc_code=cgsh HTTP/1.1" 200 1943
58.37.7.251 - - [26/Oct/2022:10:35:46 +0800] "GET /xingrg/kc/print/load_data.html?order_code=212022102607896&kc_code=cgsh&condition= HTTP/1.1" 200 8819
58.39.35.118 - - [26/Oct/2022:10:35:47 +0800] "GET /xingrg/all/function/internal_message.html?_=1666751736449&CODE_STATE=getMsg HTTP/1.1" 200 27
116.230.105.139 - - [26/Oct/2022:10:35:48 +0800] "GET /xingrg/all/function/internal_message.html?_=1666751702012&CODE_STATE=getMsg HTTP/1.1" 200 27
116.238.139.35 - - [26/Oct/2022:10:35:49 +0800] "GET /xingrg/all/function/internal_message.html?_=1666751741686&CODE_STATE=getMsg HTTP/1.1" 200 27
116.238.139.35 - - [26/Oct/2022:10:35:49 +0800] "GET /xingrg/check_reg.html?_=1666751741684 HTTP/1.1" 200 22
114.88.159.190 - - [26/Oct/2022:10:35:50 +0800] "GET /xingrg/kc/buy/cgsh_order_operate.html?command=get_materiel&rest_code=00141&code=00101008355&supplier_code=00100004&order_time=2022-10-26 HTTP/1.1" 200 408
114.88.159.190 - - [26/Oct/2022:10:35:59 +0800] "GET /xingrg/kc/buy/cgsh_order_operate.html?command=get_materiel&rest_code=00141&code=00101008024&supplier_code=00100004&order_time=2022-10-26 HTTP/1.1" 200 408
27.115.124.38 - - [26/Oct/2022:10:35:59 +0800] "GET /xingrg/servlets/html HTTP/1.1" 200 2933
27.115.124.38 - - [26/Oct/2022:10:35:59 +0800] "GET /xingrg/servlets/html HTTP/1.1" 200 2933
27.115.124.45 - - [26/Oct/2022:10:35:59 +0800] "GET /xingrg/stylesheet.css HTTP/1.1" 404 1036
27.115.124.45 - - [26/Oct/2022:10:35:59 +0800] "GET /xingrg/stylesheet.css HTTP/1.1" 404 1036
120.253.135.82 - - [26/Oct/2022:10:36:02 +0800] "GET /xingrg/all/function/internal_message.html?_=1666751857359&CODE_STATE=getMsg HTTP/1.1" 200 27
114.88.159.190 - - [26/Oct/2022:10:36:02 +0800] "GET /xingrg/all/function/internal_message.html?_=1666751377232&CODE_STATE=getMsg HTTP/1.1" 200 27
114.83.223.130 - - [26/Oct/2022:10:36:03 +0800] "GET /xingrg/all/function/internal_message.html?_=1666751753861&CODE_STATE=getMsg HTTP/1.1" 200 27
58.37.7.251 - - [26/Oct/2022:10:36:08 +0800] "GET /xingrg/kc/print/load_data.html?order_code=212022102607896&kc_code=cgsh HTTP/1.1" 200 8819
180.163.29.103 - - [26/Oct/2022:10:36:08 +0800] "GET /xingrg/all/function/internal_message.html?_=1666751699392&CODE_STATE=getMsg HTTP/1.1" 302 -
180.163.29.103 - - [26/Oct/2022:10:36:08 +0800] "GET /xingrg/login.html HTTP/1.1" 200 7641
58.37.7.251 - - [26/Oct/2022:10:36:10 +0800] "GET /xingrg/all/function/internal_message.html?_=1666751760299&CODE_STATE=getMsg HTTP/1.1" 200 27
114.88.159.190 - - [26/Oct/2022:10:36:11 +0800] "GET /xingrg/kc/buy/cgsh_order_operate.html?command=get_materiel&rest_code=00141&code=00101008077&supplier_code=00100004&order_time=2022-10-26 HTTP/1.1" 200 416
116.238.139.35 - - [26/Oct/2022:10:36:11 +0800] "GET /xingrg/all/function/internal_message.html?_=1666751700143&CODE_STATE=getMsg HTTP/1.1" 200 27
222.69.192.207 - - [26/Oct/2022:10:36:12 +0800] "GET /xingrg/kc/buy/cgsh_order_operate.html?command=get_materiel&rest_code=00105&code=00101009053&supplier_code=00100024&order_time=2022-10-26 HTTP/1.1" 200 408
222.69.192.207 - - [26/Oct/2022:10:36:12 +0800] "GET /xingrg/all/function/internal_message.html?_=1666751616932&CODE_STATE=getMsg HTTP/1.1" 200 27
114.83.219.57 - - [26/Oct/2022:10:36:14 +0800] "GET /xingrg/all/function/internal_message.html?_=1666751872082&CODE_STATE=getMsg HTTP/1.1" 200 27
114.83.219.57 - - [26/Oct/2022:10:36:14 +0800] "GET /xingrg/check_reg.html?_=1666751872084 HTTP/1.1" 200 22
58.39.35.118 - - [26/Oct/2022:10:36:15 +0800] "POST /xingrg/kc/buy/cgsh_list_operate.html HTTP/1.1" 200 2297
114.88.159.190 - - [26/Oct/2022:10:36:19 +0800] "GET /xingrg/kc/buy/cgsh_order_operate.html?command=get_materiel&rest_code=00141&code=00101008069&supplier_code=00100004&order_time=2022-10-26 HTTP/1.1" 200 412
116.230.114.213 - - [26/Oct/2022:10:36:19 +0800] "GET /xingrg/all/function/internal_message.html?_=1666751785809&CODE_STATE=getMsg HTTP/1.1" 200 27
221.239.141.151 - - [26/Oct/2022:10:36:23 +0800] "GET /xingrg/all/function/internal_message.html?_=1666751775742&CODE_STATE=getMsg HTTP/1.1" 200 27
221.239.141.151 - - [26/Oct/2022:10:36:23 +0800] "GET /xingrg/check_reg.html?_=1666751775743 HTTP/1.1" 200 22
114.88.159.190 - - [26/Oct/2022:10:36:27 +0800] "GET /xingrg/kc/buy/cgsh_order_operate.html?command=get_materiel&rest_code=00141&code=00101008286&supplier_code=00100004&order_time=2022-10-26 HTTP/1.1" 200 408
58.39.35.118 - - [26/Oct/2022:10:36:28 +0800] "POST /xingrg/kc/buy/cgsh_list_operate.html HTTP/1.1" 200 4
116.230.105.139 - - [26/Oct/2022:10:36:31 +0800] "GET /xingrg/all/function/internal_message.html?_=1666751784410&CODE_STATE=getMsg HTTP/1.1" 200 27
221.239.141.151 - - [26/Oct/2022:10:36:33 +0800] "POST /xingrg/kc/buy/cgsh_list_operate.html HTTP/1.1" 200 6480
222.70.183.206 - - [26/Oct/2022:10:36:34 +0800] "GET /xingrg/all/function/internal_message.html?_=1666751785672&CODE_STATE=getMsg HTTP/1.1" 200 27
114.88.159.190 - - [26/Oct/2022:10:36:38 +0800] "GET /xingrg/kc/buy/cgsh_order_operate.html?command=get_materiel&rest_code=00141&code=00101008005&supplier_code=00100004&order_time=2022-10-26 HTTP/1.1" 200 412
180.163.28.68 - - [26/Oct/2022:10:36:40 +0800] "GET /xingrg/kc/buy/cgsh_order_info.html?code=212022102607896 HTTP/1.1" 302 -
180.163.28.68 - - [26/Oct/2022:10:36:40 +0800] "GET /xingrg/login.html HTTP/1.1" 200 7641
180.169.147.146 - - [26/Oct/2022:10:36:44 +0800] "GET /xingrg/all/function/internal_message.html?_=1666751796795&CODE_STATE=getMsg HTTP/1.1" 200 27
222.69.192.207 - - [26/Oct/2022:10:36:44 +0800] "GET /xingrg/kc/buy/cgsh_order_operate.html?command=get_materiel&rest_code=00105&code=00101009012&supplier_code=00100024&order_time=2022-10-26 HTTP/1.1" 200 409
114.88.159.190 - - [26/Oct/2022:10:36:46 +0800] "GET /xingrg/kc/buy/cgsh_order_operate.html?command=get_materiel&rest_code=00141&code=00101008556&supplier_code=00100004&order_time=2022-10-26 HTTP/1.1" 200 413
116.230.105.139 - - [26/Oct/2022:10:36:47 +0800] "GET /xingrg/all/function/internal_message.html?_=1666751761989&CODE_STATE=getMsg HTTP/1.1" 200 27
116.238.139.35 - - [26/Oct/2022:10:36:49 +0800] "GET /xingrg/all/function/internal_message.html?_=1666751801696&CODE_STATE=getMsg HTTP/1.1" 200 27
120.253.135.82 - - [26/Oct/2022:10:37:00 +0800] "GET /xingrg/check_reg.html?_=1666751915319 HTTP/1.1" 200 22
114.88.159.190 - - [26/Oct/2022:10:37:00 +0800] "GET /xingrg/kc/buy/cgsh_order_operate.html?command=get_materiel&rest_code=00141&code=00101008198&supplier_code=00100004&order_time=2022-10-26 HTTP/1.1" 200 413
120.253.135.82 - - [26/Oct/2022:10:37:02 +0800] "GET /xingrg/all/function/internal_message.html?_=1666751917368&CODE_STATE=getMsg HTTP/1.1" 200 27
114.88.159.190 - - [26/Oct/2022:10:37:02 +0800] "GET /xingrg/all/function/internal_message.html?_=1666751437202&CODE_STATE=getMsg HTTP/1.1" 200 27
114.83.223.130 - - [26/Oct/2022:10:37:03 +0800] "GET /xingrg/all/function/internal_message.html?_=1666751813878&CODE_STATE=getMsg HTTP/1.1" 200 27
114.88.159.190 - - [26/Oct/2022:10:37:07 +0800] "GET /xingrg/kc/buy/cgsh_order_operate.html?command=get_materiel&rest_code=00141&code=00101008125&supplier_code=00100004&order_time=2022-10-26 HTTP/1.1" 200 413
180.163.29.217 - - [26/Oct/2022:10:37:09 +0800] "GET /xingrg/all/function/internal_message.html?_=1666751760299&CODE_STATE=getMsg HTTP/1.1" 302 -
180.163.29.217 - - [26/Oct/2022:10:37:09 +0800] "GET /xingrg/login.html HTTP/1.1" 200 7641
58.37.7.251 - - [26/Oct/2022:10:37:10 +0800] "GET /xingrg/all/function/internal_message.html?_=1666751820271&CODE_STATE=getMsg HTTP/1.1" 200 27
116.238.139.35 - - [26/Oct/2022:10:37:11 +0800] "GET /xingrg/all/function/internal_message.html?_=1666751760181&CODE_STATE=getMsg HTTP/1.1" 200 27
222.69.192.207 - - [26/Oct/2022:10:37:12 +0800] "GET /xingrg/all/function/internal_message.html?_=1666751676937&CODE_STATE=getMsg HTTP/1.1" 200 27
114.83.219.57 - - [26/Oct/2022:10:37:14 +0800] "GET /xingrg/all/function/internal_message.html?_=1666751932078&CODE_STATE=getMsg HTTP/1.1" 200 27
114.88.159.190 - - [26/Oct/2022:10:37:17 +0800] "GET /xingrg/kc/buy/cgsh_order_operate.html?command=get_materiel&rest_code=00141&code=00101008205&supplier_code=00100004&order_time=2022-10-26 HTTP/1.1" 200 412
116.230.114.213 - - [26/Oct/2022:10:37:19 +0800] "GET /xingrg/all/function/internal_message.html?_=1666751845860&CODE_STATE=getMsg HTTP/1.1" 200 27
221.239.141.151 - - [26/Oct/2022:10:37:23 +0800] "GET /xingrg/all/function/internal_message.html?_=1666751835726&CODE_STATE=getMsg HTTP/1.1" 200 27
114.88.159.190 - - [26/Oct/2022:10:37:27 +0800] "GET /xingrg/kc/buy/cgsh_order_operate.html?command=get_materiel&rest_code=00141&code=00101008323&supplier_code=00100004&order_time=2022-10-26 HTTP/1.1" 200 408
116.230.105.139 - - [26/Oct/2022:10:37:32 +0800] "GET /xingrg/all/function/internal_message.html?_=1666751844420&CODE_STATE=getMsg HTTP/1.1" 200 27
222.70.183.206 - - [26/Oct/2022:10:37:34 +0800] "GET /xingrg/all/function/internal_message.html?_=1666751845671&CODE_STATE=getMsg HTTP/1.1" 200 27
114.88.159.190 - - [26/Oct/2022:10:37:35 +0800] "GET /xingrg/kc/buy/cgsh_order_operate.html?command=get_materiel&rest_code=00141&code=00101008027&supplier_code=00100004&order_time=2022-10-26 HTTP/1.1" 200 408
116.238.139.35 - - [26/Oct/2022:10:37:36 +0800] "GET /xingrg/check_reg.html?_=1666751785110 HTTP/1.1" 200 22
114.88.159.190 - - [26/Oct/2022:10:37:42 +0800] "GET /xingrg/kc/buy/cgsh_order_operate.html?command=get_materiel&rest_code=00141&code=00101008132&supplier_code=00100004&order_time=2022-10-26 HTTP/1.1" 200 408
180.169.147.146 - - [26/Oct/2022:10:37:44 +0800] "GET /xingrg/all/function/internal_message.html?_=1666751856788&CODE_STATE=getMsg HTTP/1.1" 200 27
116.230.105.139 - - [26/Oct/2022:10:37:47 +0800] "GET /xingrg/all/function/internal_message.html?_=1666751821967&CODE_STATE=getMsg HTTP/1.1" 200 27
222.69.192.207 - - [26/Oct/2022:10:37:48 +0800] "POST /xingrg/kc/buy/cgsh_order_operate.html HTTP/1.1" 200 37
116.238.139.35 - - [26/Oct/2022:10:37:49 +0800] "GET /xingrg/all/function/internal_message.html?_=1666751861683&CODE_STATE=getMsg HTTP/1.1" 200 27
222.69.192.207 - - [26/Oct/2022:10:37:50 +0800] "POST /xingrg/kc/buy/cgsh_order_operate.html HTTP/1.1" 200 8592
114.88.159.190 - - [26/Oct/2022:10:37:52 +0800] "GET /xingrg/kc/buy/cgsh_order_operate.html?command=get_materiel&rest_code=00141&code=00101008354&supplier_code=00100004&order_time=2022-10-26 HTTP/1.1" 200 412
222.69.192.207 - - [26/Oct/2022:10:37:54 +0800] "GET /xingrg/kc/print/load_data.html?order_code=212022102607903&kc_code=cgsh&condition= HTTP/1.1" 200 2928
114.88.159.190 - - [26/Oct/2022:10:38:00 +0800] "GET /xingrg/check_reg.html?_=1666751494491 HTTP/1.1" 200 22
114.88.159.190 - - [26/Oct/2022:10:38:01 +0800] "POST /xingrg/kc/buy/cgsh_order_operate.html HTTP/1.1" 200 2065
58.37.7.251 - - [26/Oct/2022:10:38:01 +0800] "GET /xingrg/check_reg.html?_=1666751871723 HTTP/1.1" 200 22
120.253.135.82 - - [26/Oct/2022:10:38:02 +0800] "GET /xingrg/all/function/internal_message.html?_=1666751977381&CODE_STATE=getMsg HTTP/1.1" 200 27
114.88.159.190 - - [26/Oct/2022:10:38:02 +0800] "GET /xingrg/all/function/internal_message.html?_=1666751497182&CODE_STATE=getMsg HTTP/1.1" 200 27
114.83.223.130 - - [26/Oct/2022:10:38:03 +0800] "GET /xingrg/all/function/internal_message.html?_=1666751873867&CODE_STATE=getMsg HTTP/1.1" 200 27
114.88.159.190 - - [26/Oct/2022:10:38:09 +0800] "GET /xingrg/kc/buy/cgsh_order_operate.html?command=get_materiel&rest_code=00141&code=00101008370&supplier_code=00100004&order_time=2022-10-26 HTTP/1.1" 200 412
58.37.7.251 - - [26/Oct/2022:10:38:10 +0800] "GET /xingrg/all/function/internal_message.html?_=1666751880250&CODE_STATE=getMsg HTTP/1.1" 200 27
116.238.139.35 - - [26/Oct/2022:10:38:11 +0800] "GET /xingrg/all/function/internal_message.html?_=1666751820186&CODE_STATE=getMsg HTTP/1.1" 200 27
222.69.192.207 - - [26/Oct/2022:10:38:12 +0800] "GET /xingrg/all/function/internal_message.html?_=1666751736933&CODE_STATE=getMsg HTTP/1.1" 200 27
114.83.219.57 - - [26/Oct/2022:10:38:17 +0800] "GET /xingrg/all/function/internal_message.html?_=1666751994451&CODE_STATE=getMsg HTTP/1.1" 200 27
116.230.105.139 - - [26/Oct/2022:10:38:19 +0800] "GET /favicon.ico HTTP/1.1" 404 -
116.230.114.213 - - [26/Oct/2022:10:38:19 +0800] "GET /xingrg/all/function/internal_message.html?_=1666751905867&CODE_STATE=getMsg HTTP/1.1" 200 27
221.239.141.151 - - [26/Oct/2022:10:38:23 +0800] "GET /xingrg/all/function/internal_message.html?_=1666751895744&CODE_STATE=getMsg HTTP/1.1" 200 27
114.88.159.190 - - [26/Oct/2022:10:38:23 +0800] "GET /xingrg/kc/buy/cgsh_order_operate.html?command=get_materiel&rest_code=00141&code=00101008361&supplier_code=00100004&order_time=2022-10-26 HTTP/1.1" 200 408
114.88.159.190 - - [26/Oct/2022:10:38:30 +0800] "GET /xingrg/kc/buy/cgsh_order_operate.html?command=get_materiel&rest_code=00141&code=00101008242&supplier_code=00100004&order_time=2022-10-26 HTTP/1.1" 200 409
116.230.105.139 - - [26/Oct/2022:10:38:32 +0800] "GET /xingrg/all/function/internal_message.html?_=1666751904415&CODE_STATE=getMsg HTTP/1.1" 200 27
222.70.183.206 - - [26/Oct/2022:10:38:34 +0800] "GET /xingrg/check_reg.html?_=1666751905672 HTTP/1.1" 200 22
222.70.183.206 - - [26/Oct/2022:10:38:34 +0800] "GET /xingrg/all/function/internal_message.html?_=1666751905674&CODE_STATE=getMsg HTTP/1.1" 200 27
114.88.159.190 - - [26/Oct/2022:10:38:37 +0800] "GET /xingrg/kc/buy/cgsh_order_operate.html?command=get_materiel&rest_code=00141&code=00101008356&supplier_code=00100004&order_time=2022-10-26 HTTP/1.1" 200 408
58.221.95.50 - - [26/Oct/2022:10:38:42 +0800] "GET /xingrg/check_reg.html?_=1666751943430 HTTP/1.1" 302 -
180.169.147.146 - - [26/Oct/2022:10:38:44 +0800] "GET /xingrg/all/function/internal_message.html?_=1666751916779&CODE_STATE=getMsg HTTP/1.1" 200 27
114.88.159.190 - - [26/Oct/2022:10:38:46 +0800] "POST /xingrg/kc/buy/cgsh_order_operate.html HTTP/1.1" 200 2065
116.230.105.139 - - [26/Oct/2022:10:38:47 +0800] "GET /xingrg/all/function/internal_message.html?_=1666751881941&CODE_STATE=getMsg HTTP/1.1" 200 27
116.238.139.35 - - [26/Oct/2022:10:38:49 +0800] "GET /xingrg/all/function/internal_message.html?_=1666751921687&CODE_STATE=getMsg HTTP/1.1" 200 27
114.88.159.190 - - [26/Oct/2022:10:38:52 +0800] "GET /xingrg/kc/buy/cgsh_order_operate.html?command=get_materiel&rest_code=00141&code=00101008036&supplier_code=00100004&order_time=2022-10-26 HTTP/1.1" 200 408
221.239.141.151 - - [26/Oct/2022:10:38:59 +0800] "GET /xingrg/kc/base/wldb_order_list.html HTTP/1.1" 200 19142
221.239.141.151 - - [26/Oct/2022:10:38:59 +0800] "GET /favicon.ico HTTP/1.1" 404 -
221.239.141.151 - - [26/Oct/2022:10:38:59 +0800] "POST /xingrg/kc/base/wldb_list_operate.html HTTP/1.1" 200 928
114.88.159.190 - - [26/Oct/2022:10:38:59 +0800] "GET /xingrg/kc/buy/cgsh_order_operate.html?command=get_materiel&rest_code=00141&code=00101008131&supplier_code=00100004&order_time=2022-10-26 HTTP/1.1" 200 408
180.163.29.212 - - [26/Oct/2022:10:39:01 +0800] "GET /xingrg/check_reg.html?_=1666751871723 HTTP/1.1" 302 -
120.253.135.82 - - [26/Oct/2022:10:39:02 +0800] "GET /xingrg/all/function/internal_message.html?_=1666752037395&CODE_STATE=getMsg HTTP/1.1" 200 27
114.88.159.190 - - [26/Oct/2022:10:39:02 +0800] "GET /xingrg/all/function/internal_message.html?_=1666751557150&CODE_STATE=getMsg HTTP/1.1" 200 27
114.83.223.130 - - [26/Oct/2022:10:39:03 +0800] "GET /xingrg/check_reg.html?_=1666751933871 HTTP/1.1" 200 22
114.83.223.130 - - [26/Oct/2022:10:39:03 +0800] "GET /xingrg/all/function/internal_message.html?_=1666751933875&CODE_STATE=getMsg HTTP/1.1" 200 27
221.239.141.151 - - [26/Oct/2022:10:39:03 +0800] "GET /xingrg/kc/base/wldb_order_list.html HTTP/1.1" 200 19142
221.239.141.151 - - [26/Oct/2022:10:39:03 +0800] "POST /xingrg/kc/base/wldb_list_operate.html HTTP/1.1" 200 928
180.163.29.212 - - [26/Oct/2022:10:39:04 +0800] "GET /xingrg/login.html HTTP/1.1" 200 7641
221.239.141.151 - - [26/Oct/2022:10:39:05 +0800] "GET /xingrg/kc/base/wldb_order_add.html HTTP/1.1" 200 30361
221.239.141.151 - - [26/Oct/2022:10:39:05 +0800] "POST /xingrg/kc/base/wldb_order_operate.html HTTP/1.1" 200 6806
221.239.141.151 - - [26/Oct/2022:10:39:05 +0800] "GET /xingrg/all/common/auto_word.html?type=base&rest_code=00102 HTTP/1.1" 200 1857
221.239.141.151 - - [26/Oct/2022:10:39:05 +0800] "GET /xingrg/all/common/auto_word.html?type=base&rest_code=00102 HTTP/1.1" 200 1857
221.239.141.151 - - [26/Oct/2022:10:39:05 +0800] "GET /xingrg/javascript/easyui/themes/default/validatebox.css HTTP/1.1" 404 1104
221.239.141.151 - - [26/Oct/2022:10:39:06 +0800] "POST /xingrg/all/common/load_combo.html?type=base HTTP/1.1" 200 3321
114.88.159.190 - - [26/Oct/2022:10:39:06 +0800] "GET /xingrg/kc/buy/cgsh_order_operate.html?command=get_materiel&rest_code=00141&code=00101008213&supplier_code=00100004&order_time=2022-10-26 HTTP/1.1" 200 412
180.163.28.55 - - [26/Oct/2022:10:39:09 +0800] "GET /xingrg/all/function/internal_message.html?_=1666751880250&CODE_STATE=getMsg HTTP/1.1" 302 -
58.37.7.251 - - [26/Oct/2022:10:39:10 +0800] "GET /xingrg/all/function/internal_message.html?_=1666751940232&CODE_STATE=getMsg HTTP/1.1" 200 27
180.163.28.55 - - [26/Oct/2022:10:39:10 +0800] "GET /xingrg/login.html HTTP/1.1" 200 7641
221.239.141.151 - - [26/Oct/2022:10:39:11 +0800] "POST /xingrg/all/common/load_combo.html?type=base HTTP/1.1" 200 3321
116.238.139.35 - - [26/Oct/2022:10:39:11 +0800] "GET /xingrg/all/function/internal_message.html?_=1666751880200&CODE_STATE=getMsg HTTP/1.1" 200 27
222.69.192.207 - - [26/Oct/2022:10:39:12 +0800] "GET /xingrg/all/function/internal_message.html?_=1666751796934&CODE_STATE=getMsg HTTP/1.1" 200 27
114.88.159.190 - - [26/Oct/2022:10:39:14 +0800] "GET /xingrg/kc/buy/cgsh_order_operate.html?command=get_materiel&rest_code=00141&code=00101008298&supplier_code=00100004&order_time=2022-10-26 HTTP/1.1" 200 431
114.83.219.57 - - [26/Oct/2022:10:39:14 +0800] "GET /xingrg/all/function/internal_message.html?_=1666752052090&CODE_STATE=getMsg HTTP/1.1" 200 27
222.69.192.207 - - [26/Oct/2022:10:39:17 +0800] "GET /xingrg/kc/buy/cgsh_order_add.html HTTP/1.1" 200 69185
222.69.192.207 - - [26/Oct/2022:10:39:17 +0800] "POST /xingrg/kc/buy/cgsh_order_operate.html HTTP/1.1" 200 8245
222.69.192.207 - - [26/Oct/2022:10:39:17 +0800] "GET /xingrg/javascript/easyui/themes/default/validatebox.css HTTP/1.1" 404 1104
221.239.141.151 - - [26/Oct/2022:10:39:18 +0800] "GET /xingrg/javascript/auto/indicator.gif HTTP/1.1" 404 1066
116.230.114.213 - - [26/Oct/2022:10:39:19 +0800] "GET /xingrg/all/function/internal_message.html?_=1666751965942&CODE_STATE=getMsg HTTP/1.1" 200 27
114.88.159.190 - - [26/Oct/2022:10:39:22 +0800] "GET /xingrg/kc/buy/cgsh_order_operate.html?command=get_materiel&rest_code=00141&code=00101008350&supplier_code=00100004&order_time=2022-10-26 HTTP/1.1" 200 408
221.239.141.151 - - [26/Oct/2022:10:39:23 +0800] "GET /xingrg/all/function/internal_message.html?_=1666751955729&CODE_STATE=getMsg HTTP/1.1" 200 27
114.88.159.190 - - [26/Oct/2022:10:39:26 +0800] "POST /xingrg/kc/buy/cgsh_order_operate.html HTTP/1.1" 200 2065
114.88.159.190 - - [26/Oct/2022:10:39:31 +0800] "GET /xingrg/kc/buy/cgsh_order_operate.html?command=get_materiel&rest_code=00141&code=00101008112&supplier_code=00100004&order_time=2022-10-26 HTTP/1.1" 200 412
116.230.105.139 - - [26/Oct/2022:10:39:32 +0800] "GET /xingrg/all/function/internal_message.html?_=1666751964409&CODE_STATE=getMsg HTTP/1.1" 200 27
116.230.105.139 - - [26/Oct/2022:10:39:32 +0800] "GET /xingrg/check_reg.html?_=1666751964411 HTTP/1.1" 200 22
222.70.183.206 - - [26/Oct/2022:10:39:34 +0800] "GET /xingrg/all/function/internal_message.html?_=1666751965677&CODE_STATE=getMsg HTTP/1.1" 200 27
114.88.159.190 - - [26/Oct/2022:10:39:38 +0800] "GET /xingrg/kc/buy/cgsh_order_operate.html?command=get_materiel&rest_code=00141&code=00101008096&supplier_code=00100004&order_time=2022-10-26 HTTP/1.1" 200 412
221.239.141.151 - - [26/Oct/2022:10:39:42 +0800] "GET /xingrg/kc/base/wldb_order_operate.html?command=get_materiel&rest_code=00102&base_code=0010476&code=00101019026 HTTP/1.1" 200 481
114.88.159.190 - - [26/Oct/2022:10:39:42 +0800] "GET /xingrg/login.html HTTP/1.1" 200 7641
114.88.159.190 - - [26/Oct/2022:10:39:43 +0800] "GET /favicon.ico HTTP/1.1" 404 -
222.69.192.207 - - [26/Oct/2022:10:39:43 +0800] "GET /xingrg/kc/buy/cgsh_order_operate.html?command=get_materiel&rest_code=00105&code=00101008256&supplier_code=00100203&order_time=2022-10-26 HTTP/1.1" 200 413
180.169.147.146 - - [26/Oct/2022:10:39:44 +0800] "GET /xingrg/all/function/internal_message.html?_=1666751976788&CODE_STATE=getMsg HTTP/1.1" 200 27
116.230.105.139 - - [26/Oct/2022:10:39:47 +0800] "GET /xingrg/check_reg.html?_=1666751941202 HTTP/1.1" 200 22
116.230.105.139 - - [26/Oct/2022:10:39:47 +0800] "GET /xingrg/all/function/internal_message.html?_=1666751941925&CODE_STATE=getMsg HTTP/1.1" 200 27
221.239.141.151 - - [26/Oct/2022:10:39:48 +0800] "GET /xingrg/kc/base/wldb_order_operate.html?command=get_materiel&rest_code=00102&base_code=0010476&code=00101019405 HTTP/1.1" 200 482
116.238.139.35 - - [26/Oct/2022:10:39:49 +0800] "GET /xingrg/all/function/internal_message.html?_=1666751981687&CODE_STATE=getMsg HTTP/1.1" 200 27
114.88.159.190 - - [26/Oct/2022:10:39:51 +0800] "POST /xingrg/login.do HTTP/1.1" 302 -
114.88.159.190 - - [26/Oct/2022:10:39:51 +0800] "GET /xingrg/index.html?sysBaseUrl=http%3A%2F%2F180.169.147.146%3A18081%2Fxingrg%2F&costTime=46×tamp=1666751991200 HTTP/1.1" 200 17503
114.88.159.190 - - [26/Oct/2022:10:39:51 +0800] "GET /favicon.ico HTTP/1.1" 404 -
114.88.159.190 - - [26/Oct/2022:10:39:51 +0800] "POST /xingrg/all/common/load_tree.html?tree=area_rest_tree_json&manage=1 HTTP/1.1" 200 3481
114.88.159.190 - - [26/Oct/2022:10:39:51 +0800] "GET /xingrg/all/function/internal_message.html?_=1666751984169&CODE_STATE=count HTTP/1.1" 200 11
114.88.159.190 - - [26/Oct/2022:10:39:51 +0800] "GET /xingrg/check_reg.html?_=1666751984170 HTTP/1.1" 200 22
114.88.159.190 - - [26/Oct/2022:10:39:51 +0800] "POST /xingrg/load_menu.html HTTP/1.1" 200 11443
114.88.159.190 - - [26/Oct/2022:10:39:55 +0800] "POST /xingrg/all/user/operate.html HTTP/1.1" 200 36
114.88.159.190 - - [26/Oct/2022:10:39:55 +0800] "GET /xingrg/index.html?sysBaseUrl=http%3A%2F%2F180.169.147.146%3A18081%2Fxingrg%2F&costTime=46×tamp=1666751991200 HTTP/1.1" 200 17503
114.88.159.190 - - [26/Oct/2022:10:39:55 +0800] "GET /xingrg/javascript/jquery_easy_ui/themes/default/easyui.css HTTP/1.1" 304 -
114.88.159.190 - - [26/Oct/2022:10:39:55 +0800] "GET /xingrg/javascript/jquery_easy_ui/themes/icon.css HTTP/1.1" 304 -
114.88.159.190 - - [26/Oct/2022:10:39:55 +0800] "GET /xingrg/css/form.css HTTP/1.1" 304 -
114.88.159.190 - - [26/Oct/2022:10:39:55 +0800] "GET /xingrg/javascript/jquery-1.4.2.min.js HTTP/1.1" 304 -
114.88.159.190 - - [26/Oct/2022:10:39:55 +0800] "GET /xingrg/javascript/jquery_easy_ui/jquery.easyui.min.js HTTP/1.1" 304 -
114.88.159.190 - - [26/Oct/2022:10:39:55 +0800] "GET /xingrg/javascript/jquery_easy_ui/easyui-lang-zh_CN.js HTTP/1.1" 304 -
114.88.159.190 - - [26/Oct/2022:10:39:55 +0800] "GET /xingrg/javascript/jquery.form.js HTTP/1.1" 304 -
114.88.159.190 - - [26/Oct/2022:10:39:55 +0800] "GET /xingrg/javascript/jquery.utils.js HTTP/1.1" 304 -
114.88.159.190 - - [26/Oct/2022:10:39:55 +0800] "GET /xingrg/javascript/jquery.timers.js HTTP/1.1" 304 -
114.88.159.190 - - [26/Oct/2022:10:39:55 +0800] "GET /xingrg/images/blue/jxLogo.png HTTP/1.1" 304 -
114.88.159.190 - - [26/Oct/2022:10:39:55 +0800] "GET /xingrg/images/blue/navBackgound.jpg HTTP/1.1" 304 -
114.88.159.190 - - [26/Oct/2022:10:39:55 +0800] "GET /xingrg/javascript/jquery_easy_ui/themes/icons/settle_new.png HTTP/1.1" 304 -
114.88.159.190 - - [26/Oct/2022:10:39:55 +0800] "POST /xingrg/all/common/load_tree.html?tree=area_rest_tree_json&manage=1 HTTP/1.1" 200 3481
221.239.141.151 - - [26/Oct/2022:10:39:55 +0800] "POST /xingrg/kc/base/wldb_order_operate.html HTTP/1.1" 200 37
114.88.159.190 - - [26/Oct/2022:10:39:55 +0800] "GET /xingrg/all/function/internal_message.html?_=1666751988128&CODE_STATE=count HTTP/1.1" 200 11
114.88.159.190 - - [26/Oct/2022:10:39:55 +0800] "GET /xingrg/check_reg.html?_=1666751988129 HTTP/1.1" 200 22
114.88.159.190 - - [26/Oct/2022:10:39:55 +0800] "GET /xingrg/javascript/jquery_easy_ui/themes/default/images/tabs_rightarrow.png HTTP/1.1" 304 -
114.88.159.190 - - [26/Oct/2022:10:39:55 +0800] "GET /xingrg/images/blue/pingpu.png HTTP/1.1" 304 -
114.88.159.190 - - [26/Oct/2022:10:39:55 +0800] "GET /xingrg/javascript/jquery_easy_ui/themes/default/images/tabs_leftarrow.png HTTP/1.1" 304 -
114.88.159.190 - - [26/Oct/2022:10:39:55 +0800] "GET /xingrg/javascript/jquery_easy_ui/themes/default/images/panel_tool_collapse.gif HTTP/1.1" 304 -
114.88.159.190 - - [26/Oct/2022:10:39:55 +0800] "GET /xingrg/javascript/jquery_easy_ui/themes/default/images/panel_tool_expand.gif HTTP/1.1" 304 -
114.88.159.190 - - [26/Oct/2022:10:39:55 +0800] "POST /xingrg/load_menu.html HTTP/1.1" 200 9959
114.88.159.190 - - [26/Oct/2022:10:39:55 +0800] "GET /xingrg/javascript/jquery_easy_ui/themes/default/images/tree_arrows.gif HTTP/1.1" 304 -
116.230.114.213 - - [26/Oct/2022:10:39:55 +0800] "GET /xingrg/check_reg.html?_=1666752001797 HTTP/1.1" 200 22
114.88.159.190 - - [26/Oct/2022:10:39:55 +0800] "GET /xingrg/javascript/jquery_easy_ui/themes/default/images/tree_file.gif HTTP/1.1" 304 -
114.88.159.190 - - [26/Oct/2022:10:39:55 +0800] "GET /xingrg/javascript/jquery_easy_ui/themes/icons/setting_new.png HTTP/1.1" 304 -
114.88.159.190 - - [26/Oct/2022:10:39:55 +0800] "GET /xingrg/javascript/jquery_easy_ui/themes/icons/systemset_new.png HTTP/1.1" 304 -
114.88.159.190 - - [26/Oct/2022:10:39:55 +0800] "GET /xingrg/javascript/jquery_easy_ui/themes/icons/forms_new.png HTTP/1.1" 304 -
114.88.159.190 - - [26/Oct/2022:10:39:55 +0800] "GET /xingrg/javascript/jquery_easy_ui/themes/icons/checkout_new.png HTTP/1.1" 304 -
114.88.159.190 - - [26/Oct/2022:10:39:55 +0800] "GET /xingrg/javascript/jquery_easy_ui/themes/default/images/tree_folder.gif HTTP/1.1" 304 -
114.88.159.190 - - [26/Oct/2022:10:39:55 +0800] "GET /xingrg/javascript/jquery_easy_ui/themes/icons/storage_new.png HTTP/1.1" 304 -
114.88.159.190 - - [26/Oct/2022:10:39:55 +0800] "GET /xingrg/javascript/jquery_easy_ui/themes/icons/search_new.png HTTP/1.1" 304 -
114.88.159.190 - - [26/Oct/2022:10:39:55 +0800] "GET /xingrg/javascript/jquery_easy_ui/themes/default/images/tree_folder_open.gif HTTP/1.1" 304 -
114.88.159.190 - - [26/Oct/2022:10:39:56 +0800] "GET /xingrg/kc/report/report_main.html HTTP/1.1" 200 7340
114.88.159.190 - - [26/Oct/2022:10:39:57 +0800] "GET /xingrg/kc/base/crk_hz.html HTTP/1.1" 200 11247
114.88.159.190 - - [26/Oct/2022:10:39:57 +0800] "POST /xingrg/kc/cost/cost_operate.html?command=get_base_tree HTTP/1.1" 200 2583
114.88.159.190 - - [26/Oct/2022:10:39:57 +0800] "POST /xingrg/all/common/load_tree.html?tree=materiel_sort_tree_json HTTP/1.1" 200 9500
124.79.74.72 - - [26/Oct/2022:10:39:58 +0800] "GET /xingrg/login.html HTTP/1.1" 200 7641
124.79.74.72 - - [26/Oct/2022:10:39:58 +0800] "GET /xingrg/images/blue/hj.png HTTP/1.1" 200 1014
124.79.74.72 - - [26/Oct/2022:10:39:58 +0800] "GET /xingrg/images/blue/srbg.png HTTP/1.1" 200 138
124.79.74.72 - - [26/Oct/2022:10:39:58 +0800] "GET /xingrg/images/blue/login_bg.png HTTP/1.1" 200 22101
124.79.74.72 - - [26/Oct/2022:10:39:58 +0800] "GET /favicon.ico HTTP/1.1" 404 -
221.239.141.151 - - [26/Oct/2022:10:39:58 +0800] "POST /xingrg/kc/base/wldb_order_operate.html HTTP/1.1" 200 12
221.239.141.151 - - [26/Oct/2022:10:39:58 +0800] "POST /xingrg/kc/base/wldb_order_operate.html HTTP/1.1" 200 2736
114.88.159.190 - - [26/Oct/2022:10:40:01 +0800] "GET /xingrg/kc/buy/cgsh_order_operate.html?command=get_materiel&rest_code=00141&code=00101008283&supplier_code=00100004&order_time=2022-10-26 HTTP/1.1" 200 408
120.253.135.82 - - [26/Oct/2022:10:40:02 +0800] "GET /xingrg/all/function/internal_message.html?_=1666752097417&CODE_STATE=getMsg HTTP/1.1" 200 27
114.88.159.190 - - [26/Oct/2022:10:40:02 +0800] "GET /xingrg/all/function/internal_message.html?_=1666751617127&CODE_STATE=getMsg HTTP/1.1" 200 27
114.88.159.190 - - [26/Oct/2022:10:40:02 +0800] "GET /xingrg/check_reg.html?_=1666751617334 HTTP/1.1" 200 22
114.83.223.130 - - [26/Oct/2022:10:40:03 +0800] "GET /xingrg/all/function/internal_message.html?_=1666751993876&CODE_STATE=getMsg HTTP/1.1" 200 27
114.88.159.190 - - [26/Oct/2022:10:40:03 +0800] "POST /xingrg/kc/buy/cgsh_order_operate.html HTTP/1.1" 200 2065
114.88.159.190 - - [26/Oct/2022:10:40:03 +0800] "GET /xingrg/kc/base/crk_hz.html?_=1666751996260&command=get_cost_id&end_date=2022-10-31&start_date=2022-10-01 HTTP/1.1" 200 51
114.88.159.190 - - [26/Oct/2022:10:40:03 +0800] "GET /xingrg/all/report/report_query.html?isQuery=1&onlyBody=1&rh=99999&rw=1800&varString=start:20221001,cost_id:3957,mid:20221001&fileName=kc/base/crk_hz_type_by_base.xml&queryString=%20a.base_code%20in%20('0010412')%20&queryText=ÈÕÆÚ£º2022-10-01ÖÁ2022-10-31%20²Ö¿â£ºÔ±¹¤²Í&tableQueryString=materiel_table$sp1$$sp$before_table$sp1$$sp$crk_table$sp1$order_day%20between%2020221001%20and%2020221031 HTTP/1.1" 200 49400
114.88.159.190 - - [26/Oct/2022:10:40:03 +0800] "GET /xingrg/dwr/interface/AjaxReportQueryService.js HTTP/1.1" 200 13203
114.88.159.190 - - [26/Oct/2022:10:40:03 +0800] "GET /xingrg/dwr/util.js HTTP/1.1" 200 35990
114.88.159.190 - - [26/Oct/2022:10:40:03 +0800] "GET /xingrg/dwr/engine.js HTTP/1.1" 200 43631
114.88.159.190 - - [26/Oct/2022:10:40:04 +0800] "POST /xingrg/all/report/load_report_page.html HTTP/1.1" 200 94667
114.88.159.190 - - [26/Oct/2022:10:40:04 +0800] "GET /xingrg/servlets/image?cache=0.15689530877845892&image=px HTTP/1.1" 200 807
221.239.141.151 - - [26/Oct/2022:10:40:09 +0800] "GET /xingrg/kc/base/wldb_order_info.html?code=422022102601879 HTTP/1.1" 200 26237
221.239.141.151 - - [26/Oct/2022:10:40:09 +0800] "GET /xingrg/javascript/easyui/themes/default/validatebox.css HTTP/1.1" 404 1104
221.239.141.151 - - [26/Oct/2022:10:40:09 +0800] "POST /xingrg/kc/base/wldb_order_operate.html HTTP/1.1" 200 1019
180.163.28.114 - - [26/Oct/2022:10:40:09 +0800] "GET /xingrg/all/function/internal_message.html?_=1666751940232&CODE_STATE=getMsg HTTP/1.1" 302 -
180.163.28.114 - - [26/Oct/2022:10:40:09 +0800] "GET /xingrg/login.html HTTP/1.1" 200 7641
58.37.7.251 - - [26/Oct/2022:10:40:10 +0800] "GET /xingrg/all/function/internal_message.html?_=1666752000212&CODE_STATE=getMsg HTTP/1.1" 200 27
124.79.74.72 - - [26/Oct/2022:10:40:11 +0800] "POST /xingrg/login.do HTTP/1.1" 302 -
124.79.74.72 - - [26/Oct/2022:10:40:11 +0800] "POST /xingrg/login.do HTTP/1.1" 302 -
124.79.74.72 - - [26/Oct/2022:10:40:11 +0800] "GET /xingrg/index.html?sysBaseUrl=http%3A%2F%2F180.169.147.146%3A18081%2Fxingrg%2F&costTime=42×tamp=1666752011489 HTTP/1.1" 200 17179
116.238.139.35 - - [26/Oct/2022:10:40:11 +0800] "GET /xingrg/all/function/internal_message.html?_=1666751940239&CODE_STATE=getMsg HTTP/1.1" 200 27
124.79.74.72 - - [26/Oct/2022:10:40:11 +0800] "POST /xingrg/all/common/load_tree.html?tree=area_rest_tree_json&manage=1 HTTP/1.1" 200 470
124.79.74.72 - - [26/Oct/2022:10:40:11 +0800] "GET /xingrg/all/function/internal_message.html?_=1666752003431&CODE_STATE=count HTTP/1.1" 200 11
124.79.74.72 - - [26/Oct/2022:10:40:11 +0800] "GET /xingrg/check_reg.html?_=1666752003432 HTTP/1.1" 200 22
124.79.74.72 - - [26/Oct/2022:10:40:11 +0800] "POST /xingrg/load_menu.html HTTP/1.1" 200 5138
221.239.141.151 - - [26/Oct/2022:10:40:12 +0800] "GET /xingrg/kc/base/wldb_order_add.html HTTP/1.1" 200 30361
222.69.192.207 - - [26/Oct/2022:10:40:12 +0800] "GET /xingrg/all/function/internal_message.html?_=1666751856940&CODE_STATE=getMsg HTTP/1.1" 200 27
222.69.192.207 - - [26/Oct/2022:10:40:12 +0800] "GET /xingrg/check_reg.html?_=1666751856943 HTTP/1.1" 200 22
221.239.141.151 - - [26/Oct/2022:10:40:12 +0800] "POST /xingrg/kc/base/wldb_order_operate.html HTTP/1.1" 200 6806
221.239.141.151 - - [26/Oct/2022:10:40:12 +0800] "GET /xingrg/javascript/easyui/themes/default/validatebox.css HTTP/1.1" 404 1104
124.79.74.72 - - [26/Oct/2022:10:40:13 +0800] "GET /xingrg/kc/mdqp/qp_main.html HTTP/1.1" 200 10633
221.239.141.151 - - [26/Oct/2022:10:40:14 +0800] "POST /xingrg/all/common/load_combo.html?type=base HTTP/1.1" 200 3321
114.83.219.57 - - [26/Oct/2022:10:40:14 +0800] "GET /xingrg/all/function/internal_message.html?_=1666752112083&CODE_STATE=getMsg HTTP/1.1" 200 27
221.239.141.151 - - [26/Oct/2022:10:40:17 +0800] "POST /xingrg/all/common/load_combo.html?type=base HTTP/1.1" 200 3321
116.230.114.213 - - [26/Oct/2022:10:40:19 +0800] "GET /xingrg/all/function/internal_message.html?_=1666752025957&CODE_STATE=getMsg HTTP/1.1" 200 27
114.88.159.190 - - [26/Oct/2022:10:40:20 +0800] "GET /xingrg/kc/buy/cgsh_order_operate.html?command=get_materiel&rest_code=00141&code=00101013175&supplier_code=00100004&order_time=2022-10-26 HTTP/1.1" 200 413
221.239.141.151 - - [26/Oct/2022:10:40:23 +0800] "GET /xingrg/all/function/internal_message.html?_=1666752015729&CODE_STATE=getMsg HTTP/1.1" 200 27
124.79.74.72 - - [26/Oct/2022:10:40:25 +0800] "GET /xingrg/kc/mdqp/qqps_order_list.html HTTP/1.1" 200 9222
124.79.74.72 - - [26/Oct/2022:10:40:25 +0800] "GET /xingrg/dwr/interface/AjaxReportQueryService.js HTTP/1.1" 200 13203
124.79.74.72 - - [26/Oct/2022:10:40:25 +0800] "GET /xingrg/dwr/interface/AjaxQqpsService.js HTTP/1.1" 200 16326
124.79.74.72 - - [26/Oct/2022:10:40:25 +0800] "GET /xingrg/dwr/engine.js HTTP/1.1" 200 43631
124.79.74.72 - - [26/Oct/2022:10:40:25 +0800] "GET /xingrg/javascript/Calendar.js HTTP/1.1" 200 31561
124.79.74.72 - - [26/Oct/2022:10:40:25 +0800] "GET /xingrg/dwr/util.js HTTP/1.1" 200 35990
124.79.74.72 - - [26/Oct/2022:10:40:25 +0800] "GET /xingrg/javascript/jquery_easy_ui/themes/icons/uncheck_new.png HTTP/1.1" 200 3197
124.79.74.72 - - [26/Oct/2022:10:40:25 +0800] "GET /xingrg/javascript/jquery_easy_ui/themes/icons/edit_add_new.png HTTP/1.1" 200 2997
124.79.74.72 - - [26/Oct/2022:10:40:25 +0800] "GET /xingrg/javascript/jquery_easy_ui/themes/icons/check_new.png HTTP/1.1" 200 3224
124.79.74.72 - - [26/Oct/2022:10:40:25 +0800] "GET /xingrg/javascript/jquery_easy_ui/themes/icons/cance_new.png HTTP/1.1" 200 3986
116.238.139.35 - - [26/Oct/2022:10:40:29 +0800] "GET /xingrg/kc/mdqp/pssh_order_list.html HTTP/1.1" 200 17828
116.238.139.35 - - [26/Oct/2022:10:40:29 +0800] "POST /xingrg/kc/mdqp/pssh_list_operate.html HTTP/1.1" 200 5332
180.169.147.146 - - [26/Oct/2022:10:40:31 +0800] "GET /xingrg/kc/main_page.html HTTP/1.1" 302 -
180.169.147.146 - - [26/Oct/2022:10:40:31 +0800] "GET /xingrg/login.html HTTP/1.1" 200 7641
180.169.147.146 - - [26/Oct/2022:10:40:31 +0800] "GET /xingrg/login.html HTTP/1.1" 200 7641
180.169.147.146 - - [26/Oct/2022:10:40:31 +0800] "GET /favicon.ico HTTP/1.1" 404 -
114.88.159.190 - - [26/Oct/2022:10:40:31 +0800] "GET /xingrg/kc/buy/cgsh_order_operate.html?command=get_materiel&rest_code=00141&code=00101020144&supplier_code=00100004&order_time=2022-10-26 HTTP/1.1" 200 448
116.230.105.139 - - [26/Oct/2022:10:40:32 +0800] "GET /xingrg/all/function/internal_message.html?_=1666752024421&CODE_STATE=getMsg HTTP/1.1" 200 27
180.169.147.146 - - [26/Oct/2022:10:40:32 +0800] "POST /xingrg/login.do HTTP/1.1" 302 -
180.169.147.146 - - [26/Oct/2022:10:40:32 +0800] "GET /xingrg/index.html?sysBaseUrl=http%3A%2F%2F180.169.147.146%3A18081%2Fxingrg%2F&costTime=46×tamp=1666752032451 HTTP/1.1" 200 17179
180.169.147.146 - - [26/Oct/2022:10:40:32 +0800] "GET /favicon.ico HTTP/1.1" 404 -
180.169.147.146 - - [26/Oct/2022:10:40:32 +0800] "POST /xingrg/all/common/load_tree.html?tree=area_rest_tree_json&manage=1 HTTP/1.1" 200 351
180.169.147.146 - - [26/Oct/2022:10:40:32 +0800] "GET /xingrg/all/function/internal_message.html?_=1666752024523&CODE_STATE=count HTTP/1.1" 200 11
180.169.147.146 - - [26/Oct/2022:10:40:32 +0800] "GET /xingrg/check_reg.html?_=1666752024525 HTTP/1.1" 200 22
180.169.147.146 - - [26/Oct/2022:10:40:32 +0800] "POST /xingrg/load_menu.html HTTP/1.1" 200 5138
221.239.141.151 - - [26/Oct/2022:10:40:32 +0800] "GET /xingrg/kc/base/wldb_order_operate.html?command=get_materiel&rest_code=00102&base_code=0010476&code=00101019391 HTTP/1.1" 200 485
180.169.147.146 - - [26/Oct/2022:10:40:33 +0800] "GET /xingrg/kc/buy/buy_main.html HTTP/1.1" 200 12412
180.169.147.146 - - [26/Oct/2022:10:40:33 +0800] "GET /xingrg/css/new_ie.css HTTP/1.1" 404 1036
180.169.147.146 - - [26/Oct/2022:10:40:34 +0800] "GET /xingrg/images/yd/bt.gif HTTP/1.1" 404 1040
124.79.74.72 - - [26/Oct/2022:10:40:34 +0800] "GET /xingrg/kc/buy/buy_main.html HTTP/1.1" 200 12412
124.79.74.72 - - [26/Oct/2022:10:40:34 +0800] "GET /xingrg/css/new_ie.css HTTP/1.1" 404 1036
222.70.183.206 - - [26/Oct/2022:10:40:34 +0800] "GET /xingrg/all/function/internal_message.html?_=1666752025675&CODE_STATE=getMsg HTTP/1.1" 200 27
180.169.147.146 - - [26/Oct/2022:10:40:34 +0800] "GET /xingrg/kc/buy/cgsh_order_list.html HTTP/1.1" 200 53328
180.169.147.146 - - [26/Oct/2022:10:40:35 +0800] "GET /favicon.ico HTTP/1.1" 404 -
180.169.147.146 - - [26/Oct/2022:10:40:35 +0800] "GET /xingrg/kc/buy/cgsh_order_list.html HTTP/1.1" 200 53328
124.79.74.72 - - [26/Oct/2022:10:40:35 +0800] "GET /xingrg/kc/buy/cgsh_order_list.html HTTP/1.1" 200 53328
221.239.141.151 - - [26/Oct/2022:10:40:37 +0800] "GET /xingrg/kc/base/wldb_order_operate.html?command=get_materiel&rest_code=00102&base_code=0010476&code=00101019249 HTTP/1.1" 200 470
180.169.147.146 - - [26/Oct/2022:10:40:37 +0800] "POST /xingrg/kc/buy/cgsh_list_operate.html HTTP/1.1" 200 6123
180.169.147.146 - - [26/Oct/2022:10:40:37 +0800] "POST /xingrg/kc/buy/cgsh_list_operate.html HTTP/1.1" 200 6123
222.69.192.207 - - [26/Oct/2022:10:40:39 +0800] "GET /xingrg/kc/buy/cgsh_order_operate.html?command=get_materiel&rest_code=00105&code=00101008330&supplier_code=00100203&order_time=2022-10-26 HTTP/1.1" 200 408
58.39.35.118 - - [26/Oct/2022:10:40:39 +0800] "POST /xingrg/kc/buy/cgsh_list_operate.html HTTP/1.1" 200 986
221.239.141.151 - - [26/Oct/2022:10:40:42 +0800] "GET /xingrg/kc/base/wldb_order_operate.html?command=get_materiel&rest_code=00102&base_code=0010476&code=00101019527 HTTP/1.1" 200 474
114.88.159.190 - - [26/Oct/2022:10:40:43 +0800] "GET /xingrg/kc/buy/cgsh_order_operate.html?command=get_materiel&rest_code=00141&code=00101008043&supplier_code=00100004&order_time=2022-10-26 HTTP/1.1" 200 416
116.238.139.35 - - [26/Oct/2022:10:40:43 +0800] "POST /xingrg/all/user/operate.html HTTP/1.1" 200 36
116.238.139.35 - - [26/Oct/2022:10:40:43 +0800] "GET /xingrg/javascript/jquery_easy_ui/themes/default/easyui.css HTTP/1.1" 304 -
116.238.139.35 - - [26/Oct/2022:10:40:43 +0800] "GET /xingrg/index.html?sysBaseUrl=http%3A%2F%2F180.169.147.146%3A18081%2Fxingrg%2F&costTime=45×tamp=1666745526802 HTTP/1.1" 200 17177
116.238.139.35 - - [26/Oct/2022:10:40:43 +0800] "GET /xingrg/javascript/jquery_easy_ui/themes/icon.css HTTP/1.1" 304 -
116.238.139.35 - - [26/Oct/2022:10:40:43 +0800] "GET /xingrg/css/form.css HTTP/1.1" 304 -
116.238.139.35 - - [26/Oct/2022:10:40:43 +0800] "GET /xingrg/javascript/jquery-1.4.2.min.js HTTP/1.1" 304 -
58.37.7.251 - - [26/Oct/2022:10:40:43 +0800] "POST /xingrg/services/DataTransmitService HTTP/1.1" 200 524
116.238.139.35 - - [26/Oct/2022:10:40:43 +0800] "GET /xingrg/javascript/jquery_easy_ui/jquery.easyui.min.js HTTP/1.1" 304 -
116.238.139.35 - - [26/Oct/2022:10:40:43 +0800] "GET /xingrg/javascript/jquery_easy_ui/easyui-lang-zh_CN.js HTTP/1.1" 304 -
116.238.139.35 - - [26/Oct/2022:10:40:43 +0800] "GET /xingrg/javascript/jquery.form.js HTTP/1.1" 304 -
116.238.139.35 - - [26/Oct/2022:10:40:43 +0800] "GET /xingrg/javascript/jquery.utils.js HTTP/1.1" 304 -
116.238.139.35 - - [26/Oct/2022:10:40:43 +0800] "GET /xingrg/javascript/jquery.timers.js HTTP/1.1" 304 -
116.238.139.35 - - [26/Oct/2022:10:40:43 +0800] "GET /xingrg/images/blue/jxLogo.png HTTP/1.1" 304 -
116.238.139.35 - - [26/Oct/2022:10:40:43 +0800] "GET /xingrg/javascript/jquery_easy_ui/themes/icons/settle_new.png HTTP/1.1" 304 -
116.238.139.35 - - [26/Oct/2022:10:40:43 +0800] "GET /xingrg/images/blue/navBackgound.jpg HTTP/1.1" 304 -
116.238.139.35 - - [26/Oct/2022:10:40:43 +0800] "POST /xingrg/all/common/load_tree.html?tree=area_rest_tree_json&manage=1 HTTP/1.1" 200 476
116.238.139.35 - - [26/Oct/2022:10:40:43 +0800] "GET /xingrg/all/function/internal_message.html?_=1666752035865&CODE_STATE=count HTTP/1.1" 200 11
116.238.139.35 - - [26/Oct/2022:10:40:43 +0800] "GET /xingrg/check_reg.html?_=1666752035867 HTTP/1.1" 200 22
116.238.139.35 - - [26/Oct/2022:10:40:43 +0800] "GET /xingrg/javascript/jquery_easy_ui/themes/default/images/tabs_rightarrow.png HTTP/1.1" 304 -
116.238.139.35 - - [26/Oct/2022:10:40:43 +0800] "GET /xingrg/javascript/jquery_easy_ui/themes/default/images/panel_tool_collapse.gif HTTP/1.1" 304 -
116.238.139.35 - - [26/Oct/2022:10:40:43 +0800] "GET /xingrg/javascript/jquery_easy_ui/themes/default/images/tabs_leftarrow.png HTTP/1.1" 304 -
116.238.139.35 - - [26/Oct/2022:10:40:43 +0800] "GET /xingrg/images/blue/pingpu.png HTTP/1.1" 304 -
116.238.139.35 - - [26/Oct/2022:10:40:43 +0800] "POST /xingrg/load_menu.html HTTP/1.1" 200 5138
180.169.147.146 - - [26/Oct/2022:10:40:44 +0800] "GET /xingrg/all/function/internal_message.html?_=1666752036793&CODE_STATE=getMsg HTTP/1.1" 200 27
180.169.147.146 - - [26/Oct/2022:10:40:44 +0800] "GET /xingrg/check_reg.html?_=1666752036795 HTTP/1.1" 200 22
58.37.7.251 - - [26/Oct/2022:10:40:44 +0800] "POST /xingrg/services/DataTransmitService HTTP/1.1" 200 501
58.37.7.251 - - [26/Oct/2022:10:40:44 +0800] "POST /xingrg/services/DataTransmitService HTTP/1.1" 200 501
58.37.7.251 - - [26/Oct/2022:10:40:45 +0800] "POST /xingrg/services/DataTransmitService HTTP/1.1" 200 501
