116.230.114.213 - - [26/Oct/2022:08:12:15 +0800] "GET /xingrg/all/function/internal_message.html?_=1666743141285&CODE_STATE=getMsg HTTP/1.1" 200 27
120.253.135.82 - - [26/Oct/2022:08:12:24 +0800] "GET /xingrg/check_reg.html?_=1666742933608 HTTP/1.1" 200 22
120.253.135.82 - - [26/Oct/2022:08:12:24 +0800] "GET /xingrg/all/function/internal_message.html?_=1666742933805&CODE_STATE=getMsg HTTP/1.1" 200 27
116.238.139.35 - - [26/Oct/2022:08:12:36 +0800] "GET /xingrg/check_reg.html?_=1666743084941 HTTP/1.1" 200 22
180.169.147.146 - - [26/Oct/2022:08:12:44 +0800] "GET /xingrg/all/function/internal_message.html?_=1666743156686&CODE_STATE=getMsg HTTP/1.1" 200 27
120.253.135.82 - - [26/Oct/2022:08:13:00 +0800] "GET /xingrg/all/function/internal_message.html?_=1666743275334&CODE_STATE=getMsg HTTP/1.1" 200 27
116.238.139.35 - - [26/Oct/2022:08:13:08 +0800] "GET /xingrg/all/function/internal_message.html?_=1666743117312&CODE_STATE=getMsg HTTP/1.1" 200 27
116.230.114.213 - - [26/Oct/2022:08:13:15 +0800] "GET /xingrg/all/function/internal_message.html?_=1666743201293&CODE_STATE=getMsg HTTP/1.1" 200 27
120.253.135.82 - - [26/Oct/2022:08:13:24 +0800] "GET /xingrg/all/function/internal_message.html?_=1666742993809&CODE_STATE=getMsg HTTP/1.1" 200 27
180.169.147.146 - - [26/Oct/2022:08:13:44 +0800] "GET /xingrg/all/function/internal_message.html?_=1666743216687&CODE_STATE=getMsg HTTP/1.1" 200 27
120.253.135.82 - - [26/Oct/2022:08:14:00 +0800] "GET /xingrg/all/function/internal_message.html?_=1666743335348&CODE_STATE=getMsg HTTP/1.1" 200 27
116.238.139.35 - - [26/Oct/2022:08:14:08 +0800] "GET /xingrg/all/function/internal_message.html?_=1666743177325&CODE_STATE=getMsg HTTP/1.1" 200 27
116.230.114.213 - - [26/Oct/2022:08:14:15 +0800] "GET /xingrg/all/function/internal_message.html?_=1666743261364&CODE_STATE=getMsg HTTP/1.1" 200 27
120.253.135.82 - - [26/Oct/2022:08:14:24 +0800] "GET /xingrg/all/function/internal_message.html?_=1666743053822&CODE_STATE=getMsg HTTP/1.1" 200 27
180.169.147.146 - - [26/Oct/2022:08:14:44 +0800] "GET /xingrg/all/function/internal_message.html?_=1666743276686&CODE_STATE=getMsg HTTP/1.1" 200 27
116.230.114.213 - - [26/Oct/2022:08:14:55 +0800] "GET /xingrg/check_reg.html?_=1666743301636 HTTP/1.1" 200 22
120.253.135.82 - - [26/Oct/2022:08:15:00 +0800] "GET /xingrg/all/function/internal_message.html?_=1666743395366&CODE_STATE=getMsg HTTP/1.1" 200 27
116.238.139.35 - - [26/Oct/2022:08:15:08 +0800] "GET /xingrg/all/function/internal_message.html?_=1666743237363&CODE_STATE=getMsg HTTP/1.1" 200 27
116.230.114.213 - - [26/Oct/2022:08:15:15 +0800] "GET /xingrg/all/function/internal_message.html?_=1666743321366&CODE_STATE=getMsg HTTP/1.1" 200 27
120.253.135.82 - - [26/Oct/2022:08:15:24 +0800] "GET /xingrg/all/function/internal_message.html?_=1666743113846&CODE_STATE=getMsg HTTP/1.1" 200 27
180.169.147.146 - - [26/Oct/2022:08:15:44 +0800] "GET /xingrg/check_reg.html?_=1666743336681 HTTP/1.1" 200 22
180.169.147.146 - - [26/Oct/2022:08:15:44 +0800] "GET /xingrg/all/function/internal_message.html?_=1666743336686&CODE_STATE=getMsg HTTP/1.1" 200 27
221.239.141.151 - - [26/Oct/2022:08:15:52 +0800] "GET /xingrg/check_reg.html?_=1666743345039 HTTP/1.1" 302 -
120.253.135.82 - - [26/Oct/2022:08:16:00 +0800] "GET /xingrg/all/function/internal_message.html?_=1666743455381&CODE_STATE=getMsg HTTP/1.1" 200 27
116.238.139.35 - - [26/Oct/2022:08:16:08 +0800] "GET /xingrg/all/function/internal_message.html?_=1666743297368&CODE_STATE=getMsg HTTP/1.1" 200 27
116.230.114.213 - - [26/Oct/2022:08:16:15 +0800] "GET /xingrg/all/function/internal_message.html?_=1666743381381&CODE_STATE=getMsg HTTP/1.1" 200 27
120.253.135.82 - - [26/Oct/2022:08:16:24 +0800] "GET /xingrg/all/function/internal_message.html?_=1666743173849&CODE_STATE=getMsg HTTP/1.1" 200 27
180.169.147.146 - - [26/Oct/2022:08:16:44 +0800] "GET /xingrg/all/function/internal_message.html?_=1666743396678&CODE_STATE=getMsg HTTP/1.1" 200 27
120.253.135.82 - - [26/Oct/2022:08:16:59 +0800] "GET /xingrg/check_reg.html?_=1666743515096 HTTP/1.1" 200 22
120.253.135.82 - - [26/Oct/2022:08:17:00 +0800] "GET /xingrg/all/function/internal_message.html?_=1666743515389&CODE_STATE=getMsg HTTP/1.1" 200 27
116.238.139.35 - - [26/Oct/2022:08:17:08 +0800] "GET /xingrg/all/function/internal_message.html?_=1666743357404&CODE_STATE=getMsg HTTP/1.1" 200 27
116.230.114.213 - - [26/Oct/2022:08:17:15 +0800] "GET /xingrg/all/function/internal_message.html?_=1666743441453&CODE_STATE=getMsg HTTP/1.1" 200 27
120.253.135.82 - - [26/Oct/2022:08:17:24 +0800] "GET /xingrg/check_reg.html?_=1666743233623 HTTP/1.1" 200 22
120.253.135.82 - - [26/Oct/2022:08:17:24 +0800] "GET /xingrg/all/function/internal_message.html?_=1666743233863&CODE_STATE=getMsg HTTP/1.1" 200 27
116.238.139.35 - - [26/Oct/2022:08:17:36 +0800] "GET /xingrg/check_reg.html?_=1666743384949 HTTP/1.1" 200 22
180.169.147.146 - - [26/Oct/2022:08:17:44 +0800] "GET /xingrg/all/function/internal_message.html?_=1666743456671&CODE_STATE=getMsg HTTP/1.1" 200 27
120.253.135.82 - - [26/Oct/2022:08:18:00 +0800] "GET /xingrg/all/function/internal_message.html?_=1666743575404&CODE_STATE=getMsg HTTP/1.1" 200 27
116.238.139.35 - - [26/Oct/2022:08:18:08 +0800] "GET /xingrg/all/function/internal_message.html?_=1666743417411&CODE_STATE=getMsg HTTP/1.1" 200 27
116.230.114.213 - - [26/Oct/2022:08:18:15 +0800] "GET /xingrg/all/function/internal_message.html?_=1666743501455&CODE_STATE=getMsg HTTP/1.1" 200 27
120.253.135.82 - - [26/Oct/2022:08:18:24 +0800] "GET /xingrg/all/function/internal_message.html?_=1666743293877&CODE_STATE=getMsg HTTP/1.1" 200 27
180.169.147.146 - - [26/Oct/2022:08:18:44 +0800] "GET /xingrg/all/function/internal_message.html?_=1666743516680&CODE_STATE=getMsg HTTP/1.1" 200 27
120.253.135.82 - - [26/Oct/2022:08:19:00 +0800] "GET /xingrg/all/function/internal_message.html?_=1666743635416&CODE_STATE=getMsg HTTP/1.1" 200 27
116.238.139.35 - - [26/Oct/2022:08:19:08 +0800] "GET /xingrg/all/function/internal_message.html?_=1666743477424&CODE_STATE=getMsg HTTP/1.1" 200 27
116.230.114.213 - - [26/Oct/2022:08:19:15 +0800] "GET /xingrg/all/function/internal_message.html?_=1666743561527&CODE_STATE=getMsg HTTP/1.1" 200 27
120.253.135.82 - - [26/Oct/2022:08:19:24 +0800] "GET /xingrg/all/function/internal_message.html?_=1666743353892&CODE_STATE=getMsg HTTP/1.1" 200 27
180.169.147.146 - - [26/Oct/2022:08:19:44 +0800] "GET /xingrg/all/function/internal_message.html?_=1666743576679&CODE_STATE=getMsg HTTP/1.1" 200 27
116.230.114.213 - - [26/Oct/2022:08:19:55 +0800] "GET /xingrg/check_reg.html?_=1666743601642 HTTP/1.1" 200 22
120.253.135.82 - - [26/Oct/2022:08:20:00 +0800] "GET /xingrg/all/function/internal_message.html?_=1666743695446&CODE_STATE=getMsg HTTP/1.1" 200 27
116.238.139.35 - - [26/Oct/2022:08:20:08 +0800] "GET /xingrg/all/function/internal_message.html?_=1666743537461&CODE_STATE=getMsg HTTP/1.1" 200 27
116.230.114.213 - - [26/Oct/2022:08:20:15 +0800] "GET /xingrg/all/function/internal_message.html?_=1666743621545&CODE_STATE=getMsg HTTP/1.1" 200 27
120.253.135.82 - - [26/Oct/2022:08:20:24 +0800] "GET /xingrg/all/function/internal_message.html?_=1666743413906&CODE_STATE=getMsg HTTP/1.1" 200 27
116.238.139.35 - - [26/Oct/2022:08:20:31 +0800] "POST /xingrg/services/DataTransmitService HTTP/1.1" 200 524
180.169.147.146 - - [26/Oct/2022:08:20:44 +0800] "GET /xingrg/all/function/internal_message.html?_=1666743636673&CODE_STATE=getMsg HTTP/1.1" 200 27
180.169.147.146 - - [26/Oct/2022:08:20:44 +0800] "GET /xingrg/check_reg.html?_=1666743636675 HTTP/1.1" 200 22
221.239.141.151 - - [26/Oct/2022:08:20:52 +0800] "GET /xingrg/check_reg.html?_=1666743645023 HTTP/1.1" 302 -
120.253.135.82 - - [26/Oct/2022:08:21:00 +0800] "GET /xingrg/all/function/internal_message.html?_=1666743755459&CODE_STATE=getMsg HTTP/1.1" 200 27
116.238.139.35 - - [26/Oct/2022:08:21:08 +0800] "GET /xingrg/all/function/internal_message.html?_=1666743597467&CODE_STATE=getMsg HTTP/1.1" 200 27
116.230.114.213 - - [26/Oct/2022:08:21:15 +0800] "GET /xingrg/all/function/internal_message.html?_=1666743681557&CODE_STATE=getMsg HTTP/1.1" 200 27
120.253.135.82 - - [26/Oct/2022:08:21:24 +0800] "GET /xingrg/all/function/internal_message.html?_=1666743473918&CODE_STATE=getMsg HTTP/1.1" 200 27
180.169.147.146 - - [26/Oct/2022:08:21:44 +0800] "GET /xingrg/all/function/internal_message.html?_=1666743696689&CODE_STATE=getMsg HTTP/1.1" 200 27
120.253.135.82 - - [26/Oct/2022:08:21:59 +0800] "GET /xingrg/check_reg.html?_=1666743815101 HTTP/1.1" 200 22
120.253.135.82 - - [26/Oct/2022:08:22:00 +0800] "GET /xingrg/all/function/internal_message.html?_=1666743815472&CODE_STATE=getMsg HTTP/1.1" 200 27
116.238.139.35 - - [26/Oct/2022:08:22:08 +0800] "GET /xingrg/all/function/internal_message.html?_=1666743657503&CODE_STATE=getMsg HTTP/1.1" 200 27
116.230.114.213 - - [26/Oct/2022:08:22:15 +0800] "GET /xingrg/all/function/internal_message.html?_=1666743741615&CODE_STATE=getMsg HTTP/1.1" 200 27
120.253.135.82 - - [26/Oct/2022:08:22:24 +0800] "GET /xingrg/check_reg.html?_=1666743533631 HTTP/1.1" 200 22
120.253.135.82 - - [26/Oct/2022:08:22:24 +0800] "GET /xingrg/all/function/internal_message.html?_=1666743533932&CODE_STATE=getMsg HTTP/1.1" 200 27
116.238.139.35 - - [26/Oct/2022:08:22:36 +0800] "GET /xingrg/check_reg.html?_=1666743684952 HTTP/1.1" 200 22
116.235.93.82 - - [26/Oct/2022:08:22:43 +0800] "POST /xingrg/services/DataTransmitService HTTP/1.1" 200 524
180.169.147.146 - - [26/Oct/2022:08:22:44 +0800] "GET /xingrg/all/function/internal_message.html?_=1666743756692&CODE_STATE=getMsg HTTP/1.1" 200 27
120.253.135.82 - - [26/Oct/2022:08:23:00 +0800] "GET /xingrg/all/function/internal_message.html?_=1666743875486&CODE_STATE=getMsg HTTP/1.1" 200 27
116.238.139.35 - - [26/Oct/2022:08:23:08 +0800] "GET /xingrg/all/function/internal_message.html?_=1666743717510&CODE_STATE=getMsg HTTP/1.1" 200 27
116.230.114.213 - - [26/Oct/2022:08:23:15 +0800] "GET /xingrg/all/function/internal_message.html?_=1666743801632&CODE_STATE=getMsg HTTP/1.1" 200 27
120.253.135.82 - - [26/Oct/2022:08:23:24 +0800] "GET /xingrg/all/function/internal_message.html?_=1666743593945&CODE_STATE=getMsg HTTP/1.1" 200 27
180.169.147.146 - - [26/Oct/2022:08:23:44 +0800] "GET /xingrg/all/function/internal_message.html?_=1666743816691&CODE_STATE=getMsg HTTP/1.1" 200 27
120.253.135.82 - - [26/Oct/2022:08:24:00 +0800] "GET /xingrg/all/function/internal_message.html?_=1666743935499&CODE_STATE=getMsg HTTP/1.1" 200 27
116.238.139.35 - - [26/Oct/2022:08:24:08 +0800] "GET /xingrg/all/function/internal_message.html?_=1666743777523&CODE_STATE=getMsg HTTP/1.1" 200 27
116.230.114.213 - - [26/Oct/2022:08:24:15 +0800] "GET /xingrg/all/function/internal_message.html?_=1666743861703&CODE_STATE=getMsg HTTP/1.1" 200 27
120.253.135.82 - - [26/Oct/2022:08:24:24 +0800] "GET /xingrg/all/function/internal_message.html?_=1666743653958&CODE_STATE=getMsg HTTP/1.1" 200 27
180.169.147.146 - - [26/Oct/2022:08:24:44 +0800] "GET /xingrg/all/function/internal_message.html?_=1666743876693&CODE_STATE=getMsg HTTP/1.1" 200 27
116.230.114.213 - - [26/Oct/2022:08:24:55 +0800] "GET /xingrg/check_reg.html?_=1666743901643 HTTP/1.1" 200 22
120.253.135.82 - - [26/Oct/2022:08:25:00 +0800] "GET /xingrg/all/function/internal_message.html?_=1666743995524&CODE_STATE=getMsg HTTP/1.1" 200 27
116.238.139.35 - - [26/Oct/2022:08:25:08 +0800] "GET /xingrg/all/function/internal_message.html?_=1666743837562&CODE_STATE=getMsg HTTP/1.1" 200 27
116.230.114.213 - - [26/Oct/2022:08:25:15 +0800] "GET /xingrg/all/function/internal_message.html?_=1666743921705&CODE_STATE=getMsg HTTP/1.1" 200 27
120.253.135.82 - - [26/Oct/2022:08:25:24 +0800] "GET /xingrg/all/function/internal_message.html?_=1666743713985&CODE_STATE=getMsg HTTP/1.1" 200 27
180.169.147.146 - - [26/Oct/2022:08:25:44 +0800] "GET /xingrg/check_reg.html?_=1666743936679 HTTP/1.1" 200 22
180.169.147.146 - - [26/Oct/2022:08:25:44 +0800] "GET /xingrg/all/function/internal_message.html?_=1666743936682&CODE_STATE=getMsg HTTP/1.1" 200 27
221.239.141.151 - - [26/Oct/2022:08:25:52 +0800] "GET /xingrg/check_reg.html?_=1666743945008 HTTP/1.1" 302 -
120.253.135.82 - - [26/Oct/2022:08:26:00 +0800] "GET /xingrg/all/function/internal_message.html?_=1666744055530&CODE_STATE=getMsg HTTP/1.1" 200 27
116.238.139.35 - - [26/Oct/2022:08:26:08 +0800] "GET /xingrg/all/function/internal_message.html?_=1666743897566&CODE_STATE=getMsg HTTP/1.1" 200 27
116.230.114.213 - - [26/Oct/2022:08:26:15 +0800] "GET /xingrg/all/function/internal_message.html?_=1666743981719&CODE_STATE=getMsg HTTP/1.1" 200 27
120.253.135.82 - - [26/Oct/2022:08:26:24 +0800] "GET /xingrg/all/function/internal_message.html?_=1666743774068&CODE_STATE=getMsg HTTP/1.1" 200 27
180.169.147.146 - - [26/Oct/2022:08:26:44 +0800] "GET /xingrg/all/function/internal_message.html?_=1666743996675&CODE_STATE=getMsg HTTP/1.1" 200 27
120.253.135.82 - - [26/Oct/2022:08:26:59 +0800] "GET /xingrg/check_reg.html?_=1666744115114 HTTP/1.1" 200 22
120.253.135.82 - - [26/Oct/2022:08:27:00 +0800] "GET /xingrg/all/function/internal_message.html?_=1666744115541&CODE_STATE=getMsg HTTP/1.1" 200 27
116.238.139.35 - - [26/Oct/2022:08:27:08 +0800] "GET /xingrg/all/function/internal_message.html?_=1666743957604&CODE_STATE=getMsg HTTP/1.1" 200 27
116.230.114.213 - - [26/Oct/2022:08:27:15 +0800] "GET /xingrg/all/function/internal_message.html?_=1666744041776&CODE_STATE=getMsg HTTP/1.1" 200 27
120.253.135.82 - - [26/Oct/2022:08:27:24 +0800] "GET /xingrg/check_reg.html?_=1666743833647 HTTP/1.1" 200 22
120.253.135.82 - - [26/Oct/2022:08:27:24 +0800] "GET /xingrg/all/function/internal_message.html?_=1666743834081&CODE_STATE=getMsg HTTP/1.1" 200 27
116.238.139.35 - - [26/Oct/2022:08:27:36 +0800] "GET /xingrg/check_reg.html?_=1666743984958 HTTP/1.1" 200 22
180.169.147.146 - - [26/Oct/2022:08:27:44 +0800] "GET /xingrg/all/function/internal_message.html?_=1666744056689&CODE_STATE=getMsg HTTP/1.1" 200 27
120.253.135.82 - - [26/Oct/2022:08:28:00 +0800] "GET /xingrg/all/function/internal_message.html?_=1666744175553&CODE_STATE=getMsg HTTP/1.1" 200 27
116.238.139.35 - - [26/Oct/2022:08:28:08 +0800] "GET /xingrg/all/function/internal_message.html?_=1666744017609&CODE_STATE=getMsg HTTP/1.1" 200 27
116.230.114.213 - - [26/Oct/2022:08:28:15 +0800] "GET /xingrg/all/function/internal_message.html?_=1666744101777&CODE_STATE=getMsg HTTP/1.1" 200 27
120.253.135.82 - - [26/Oct/2022:08:28:24 +0800] "GET /xingrg/all/function/internal_message.html?_=1666743894093&CODE_STATE=getMsg HTTP/1.1" 200 27
180.169.147.146 - - [26/Oct/2022:08:28:44 +0800] "GET /xingrg/all/function/internal_message.html?_=1666744116681&CODE_STATE=getMsg HTTP/1.1" 200 27
120.253.135.82 - - [26/Oct/2022:08:29:00 +0800] "GET /xingrg/all/function/internal_message.html?_=1666744235568&CODE_STATE=getMsg HTTP/1.1" 200 27
116.238.139.35 - - [26/Oct/2022:08:29:08 +0800] "GET /xingrg/all/function/internal_message.html?_=1666744077623&CODE_STATE=getMsg HTTP/1.1" 200 27
116.230.114.213 - - [26/Oct/2022:08:29:15 +0800] "GET /xingrg/all/function/internal_message.html?_=1666744161841&CODE_STATE=getMsg HTTP/1.1" 200 27
120.253.135.82 - - [26/Oct/2022:08:29:24 +0800] "GET /xingrg/all/function/internal_message.html?_=1666743954105&CODE_STATE=getMsg HTTP/1.1" 200 27
180.169.147.146 - - [26/Oct/2022:08:29:44 +0800] "GET /xingrg/all/function/internal_message.html?_=1666744176678&CODE_STATE=getMsg HTTP/1.1" 200 27
116.230.114.213 - - [26/Oct/2022:08:29:55 +0800] "GET /xingrg/check_reg.html?_=1666744201648 HTTP/1.1" 200 22
120.253.135.82 - - [26/Oct/2022:08:30:00 +0800] "GET /xingrg/all/function/internal_message.html?_=1666744295585&CODE_STATE=getMsg HTTP/1.1" 200 27
116.238.139.35 - - [26/Oct/2022:08:30:08 +0800] "GET /xingrg/all/function/internal_message.html?_=1666744137659&CODE_STATE=getMsg HTTP/1.1" 200 27
116.230.114.213 - - [26/Oct/2022:08:30:15 +0800] "GET /xingrg/all/function/internal_message.html?_=1666744221852&CODE_STATE=getMsg HTTP/1.1" 200 27
120.253.135.82 - - [26/Oct/2022:08:30:24 +0800] "GET /xingrg/all/function/internal_message.html?_=1666744014127&CODE_STATE=getMsg HTTP/1.1" 200 27
180.169.147.146 - - [26/Oct/2022:08:30:44 +0800] "GET /xingrg/all/function/internal_message.html?_=1666744236689&CODE_STATE=getMsg HTTP/1.1" 200 27
180.169.147.146 - - [26/Oct/2022:08:30:44 +0800] "GET /xingrg/check_reg.html?_=1666744236691 HTTP/1.1" 200 22
221.239.141.151 - - [26/Oct/2022:08:30:52 +0800] "GET /xingrg/check_reg.html?_=1666744245000 HTTP/1.1" 302 -
120.253.135.82 - - [26/Oct/2022:08:31:00 +0800] "GET /xingrg/all/function/internal_message.html?_=1666744355598&CODE_STATE=getMsg HTTP/1.1" 200 27
116.238.139.35 - - [26/Oct/2022:08:31:08 +0800] "GET /xingrg/all/function/internal_message.html?_=1666744197666&CODE_STATE=getMsg HTTP/1.1" 200 27
116.230.114.213 - - [26/Oct/2022:08:31:16 +0800] "GET /xingrg/all/function/internal_message.html?_=1666744281865&CODE_STATE=getMsg HTTP/1.1" 200 27
120.253.135.82 - - [26/Oct/2022:08:31:24 +0800] "GET /xingrg/all/function/internal_message.html?_=1666744074150&CODE_STATE=getMsg HTTP/1.1" 200 27
180.169.147.146 - - [26/Oct/2022:08:31:44 +0800] "GET /xingrg/all/function/internal_message.html?_=1666744296694&CODE_STATE=getMsg HTTP/1.1" 200 27
120.253.135.82 - - [26/Oct/2022:08:31:59 +0800] "GET /xingrg/check_reg.html?_=1666744415114 HTTP/1.1" 200 22
120.253.135.82 - - [26/Oct/2022:08:32:00 +0800] "GET /xingrg/all/function/internal_message.html?_=1666744415607&CODE_STATE=getMsg HTTP/1.1" 200 27
116.238.139.35 - - [26/Oct/2022:08:32:09 +0800] "GET /xingrg/all/function/internal_message.html?_=1666744257702&CODE_STATE=getMsg HTTP/1.1" 200 27
116.230.114.213 - - [26/Oct/2022:08:32:16 +0800] "GET /xingrg/all/function/internal_message.html?_=1666744341914&CODE_STATE=getMsg HTTP/1.1" 200 27
120.253.135.82 - - [26/Oct/2022:08:32:24 +0800] "GET /xingrg/check_reg.html?_=1666744133654 HTTP/1.1" 200 22
120.253.135.82 - - [26/Oct/2022:08:32:24 +0800] "GET /xingrg/all/function/internal_message.html?_=1666744134162&CODE_STATE=getMsg HTTP/1.1" 200 27
116.238.139.35 - - [26/Oct/2022:08:32:36 +0800] "GET /xingrg/check_reg.html?_=1666744284968 HTTP/1.1" 200 22
180.169.147.146 - - [26/Oct/2022:08:32:44 +0800] "GET /xingrg/all/function/internal_message.html?_=1666744356695&CODE_STATE=getMsg HTTP/1.1" 200 27
120.253.135.82 - - [26/Oct/2022:08:33:00 +0800] "GET /xingrg/all/function/internal_message.html?_=1666744475622&CODE_STATE=getMsg HTTP/1.1" 200 27
116.238.139.35 - - [26/Oct/2022:08:33:09 +0800] "GET /xingrg/all/function/internal_message.html?_=1666744317708&CODE_STATE=getMsg HTTP/1.1" 200 27
116.230.114.213 - - [26/Oct/2022:08:33:16 +0800] "GET /xingrg/all/function/internal_message.html?_=1666744401923&CODE_STATE=getMsg HTTP/1.1" 200 27
120.253.135.82 - - [26/Oct/2022:08:33:25 +0800] "GET /xingrg/all/function/internal_message.html?_=1666744194174&CODE_STATE=getMsg HTTP/1.1" 200 27
180.169.147.146 - - [26/Oct/2022:08:33:44 +0800] "GET /xingrg/all/function/internal_message.html?_=1666744416693&CODE_STATE=getMsg HTTP/1.1" 200 27
120.253.135.82 - - [26/Oct/2022:08:34:00 +0800] "GET /xingrg/all/function/internal_message.html?_=1666744535635&CODE_STATE=getMsg HTTP/1.1" 200 27
116.238.139.35 - - [26/Oct/2022:08:34:09 +0800] "GET /xingrg/all/function/internal_message.html?_=1666744377722&CODE_STATE=getMsg HTTP/1.1" 200 27
116.230.114.213 - - [26/Oct/2022:08:34:16 +0800] "GET /xingrg/all/function/internal_message.html?_=1666744461988&CODE_STATE=getMsg HTTP/1.1" 200 27
120.253.135.82 - - [26/Oct/2022:08:34:25 +0800] "GET /xingrg/all/function/internal_message.html?_=1666744254192&CODE_STATE=getMsg HTTP/1.1" 200 27
180.169.147.146 - - [26/Oct/2022:08:34:44 +0800] "GET /xingrg/all/function/internal_message.html?_=1666744476690&CODE_STATE=getMsg HTTP/1.1" 200 27
116.230.114.213 - - [26/Oct/2022:08:34:55 +0800] "GET /xingrg/check_reg.html?_=1666744501655 HTTP/1.1" 200 22
120.253.135.82 - - [26/Oct/2022:08:35:00 +0800] "GET /xingrg/all/function/internal_message.html?_=1666744595657&CODE_STATE=getMsg HTTP/1.1" 200 27
116.238.139.35 - - [26/Oct/2022:08:35:09 +0800] "GET /xingrg/all/function/internal_message.html?_=1666744437758&CODE_STATE=getMsg HTTP/1.1" 200 27
116.230.114.213 - - [26/Oct/2022:08:35:16 +0800] "GET /xingrg/all/function/internal_message.html?_=1666744521997&CODE_STATE=getMsg HTTP/1.1" 200 27
120.253.135.82 - - [26/Oct/2022:08:35:25 +0800] "GET /xingrg/all/function/internal_message.html?_=1666744314428&CODE_STATE=getMsg HTTP/1.1" 200 27
180.169.147.146 - - [26/Oct/2022:08:35:44 +0800] "GET /xingrg/all/function/internal_message.html?_=1666744536693&CODE_STATE=getMsg HTTP/1.1" 200 27
180.169.147.146 - - [26/Oct/2022:08:35:44 +0800] "GET /xingrg/check_reg.html?_=1666744536696 HTTP/1.1" 200 22
221.239.141.151 - - [26/Oct/2022:08:35:52 +0800] "GET /xingrg/check_reg.html?_=1666744544984 HTTP/1.1" 302 -
120.253.135.82 - - [26/Oct/2022:08:36:00 +0800] "GET /xingrg/all/function/internal_message.html?_=1666744655663&CODE_STATE=getMsg HTTP/1.1" 200 27
116.238.139.35 - - [26/Oct/2022:08:36:09 +0800] "GET /xingrg/all/function/internal_message.html?_=1666744497764&CODE_STATE=getMsg HTTP/1.1" 200 27
116.230.114.213 - - [26/Oct/2022:08:36:16 +0800] "GET /xingrg/all/function/internal_message.html?_=1666744582010&CODE_STATE=getMsg HTTP/1.1" 200 27
120.253.135.82 - - [26/Oct/2022:08:36:25 +0800] "GET /xingrg/all/function/internal_message.html?_=1666744374433&CODE_STATE=getMsg HTTP/1.1" 200 27
180.169.147.146 - - [26/Oct/2022:08:36:44 +0800] "GET /xingrg/all/function/internal_message.html?_=1666744596697&CODE_STATE=getMsg HTTP/1.1" 200 27
116.238.139.35 - - [26/Oct/2022:08:36:45 +0800] "GET /xingrg/check_reg.html?_=1666744597595 HTTP/1.1" 302 -
116.238.139.35 - - [26/Oct/2022:08:36:45 +0800] "GET /xingrg/login.html HTTP/1.1" 200 7641
120.253.135.82 - - [26/Oct/2022:08:36:59 +0800] "GET /xingrg/check_reg.html?_=1666744715121 HTTP/1.1" 200 22
120.253.135.82 - - [26/Oct/2022:08:37:00 +0800] "GET /xingrg/all/function/internal_message.html?_=1666744715677&CODE_STATE=getMsg HTTP/1.1" 200 27
116.238.139.35 - - [26/Oct/2022:08:37:09 +0800] "GET /xingrg/all/function/internal_message.html?_=1666744557802&CODE_STATE=getMsg HTTP/1.1" 200 27
116.230.114.213 - - [26/Oct/2022:08:37:16 +0800] "GET /xingrg/all/function/internal_message.html?_=1666744642067&CODE_STATE=getMsg HTTP/1.1" 200 27
120.253.135.82 - - [26/Oct/2022:08:37:24 +0800] "GET /xingrg/check_reg.html?_=1666744433678 HTTP/1.1" 200 22
120.253.135.82 - - [26/Oct/2022:08:37:25 +0800] "GET /xingrg/all/function/internal_message.html?_=1666744434447&CODE_STATE=getMsg HTTP/1.1" 200 27
116.238.139.35 - - [26/Oct/2022:08:37:36 +0800] "GET /xingrg/check_reg.html?_=1666744584971 HTTP/1.1" 200 22
180.169.147.146 - - [26/Oct/2022:08:37:44 +0800] "GET /xingrg/all/function/internal_message.html?_=1666744656691&CODE_STATE=getMsg HTTP/1.1" 200 27
120.253.135.82 - - [26/Oct/2022:08:38:00 +0800] "GET /xingrg/all/function/internal_message.html?_=1666744775694&CODE_STATE=getMsg HTTP/1.1" 200 27
116.238.139.35 - - [26/Oct/2022:08:38:09 +0800] "GET /xingrg/all/function/internal_message.html?_=1666744617807&CODE_STATE=getMsg HTTP/1.1" 200 27
116.230.114.213 - - [26/Oct/2022:08:38:16 +0800] "GET /xingrg/all/function/internal_message.html?_=1666744702069&CODE_STATE=getMsg HTTP/1.1" 200 27
120.253.135.82 - - [26/Oct/2022:08:38:25 +0800] "GET /xingrg/all/function/internal_message.html?_=1666744494460&CODE_STATE=getMsg HTTP/1.1" 200 27
180.169.147.146 - - [26/Oct/2022:08:38:44 +0800] "GET /xingrg/all/function/internal_message.html?_=1666744716690&CODE_STATE=getMsg HTTP/1.1" 200 27
120.253.135.82 - - [26/Oct/2022:08:39:00 +0800] "GET /xingrg/all/function/internal_message.html?_=1666744835703&CODE_STATE=getMsg HTTP/1.1" 200 27
116.238.139.35 - - [26/Oct/2022:08:39:09 +0800] "GET /xingrg/all/function/internal_message.html?_=1666744677821&CODE_STATE=getMsg HTTP/1.1" 200 27
116.230.114.213 - - [26/Oct/2022:08:39:16 +0800] "GET /xingrg/all/function/internal_message.html?_=1666744762142&CODE_STATE=getMsg HTTP/1.1" 200 27
120.253.135.82 - - [26/Oct/2022:08:39:25 +0800] "GET /xingrg/all/function/internal_message.html?_=1666744554474&CODE_STATE=getMsg HTTP/1.1" 200 27
180.169.147.146 - - [26/Oct/2022:08:39:44 +0800] "GET /xingrg/all/function/internal_message.html?_=1666744776691&CODE_STATE=getMsg HTTP/1.1" 200 27
116.230.114.213 - - [26/Oct/2022:08:39:55 +0800] "GET /xingrg/check_reg.html?_=1666744801660 HTTP/1.1" 200 22
120.253.135.82 - - [26/Oct/2022:08:40:00 +0800] "GET /xingrg/all/function/internal_message.html?_=1666744895723&CODE_STATE=getMsg HTTP/1.1" 200 27
116.238.139.35 - - [26/Oct/2022:08:40:09 +0800] "GET /xingrg/all/function/internal_message.html?_=1666744737858&CODE_STATE=getMsg HTTP/1.1" 200 27
116.230.114.213 - - [26/Oct/2022:08:40:16 +0800] "GET /xingrg/all/function/internal_message.html?_=1666744822158&CODE_STATE=getMsg HTTP/1.1" 200 27
120.253.135.82 - - [26/Oct/2022:08:40:25 +0800] "GET /xingrg/all/function/internal_message.html?_=1666744614496&CODE_STATE=getMsg HTTP/1.1" 200 27
180.169.147.146 - - [26/Oct/2022:08:40:44 +0800] "GET /xingrg/all/function/internal_message.html?_=1666744836690&CODE_STATE=getMsg HTTP/1.1" 200 27
180.169.147.146 - - [26/Oct/2022:08:40:44 +0800] "GET /xingrg/check_reg.html?_=1666744836692 HTTP/1.1" 200 22
221.239.141.151 - - [26/Oct/2022:08:40:52 +0800] "GET /xingrg/check_reg.html?_=1666744844973 HTTP/1.1" 302 -
120.253.135.82 - - [26/Oct/2022:08:41:00 +0800] "GET /xingrg/all/function/internal_message.html?_=1666744955732&CODE_STATE=getMsg HTTP/1.1" 200 27
116.238.139.35 - - [26/Oct/2022:08:41:09 +0800] "GET /xingrg/all/function/internal_message.html?_=1666744797864&CODE_STATE=getMsg HTTP/1.1" 200 27
116.230.114.213 - - [26/Oct/2022:08:41:16 +0800] "GET /xingrg/all/function/internal_message.html?_=1666744882171&CODE_STATE=getMsg HTTP/1.1" 200 27
120.253.135.82 - - [26/Oct/2022:08:41:25 +0800] "GET /xingrg/all/function/internal_message.html?_=1666744674501&CODE_STATE=getMsg HTTP/1.1" 200 27
180.169.147.146 - - [26/Oct/2022:08:41:44 +0800] "GET /xingrg/all/function/internal_message.html?_=1666744896692&CODE_STATE=getMsg HTTP/1.1" 200 27
116.238.139.35 - - [26/Oct/2022:08:41:45 +0800] "GET /xingrg/check_reg.html?_=1666744897576 HTTP/1.1" 302 -
120.253.135.82 - - [26/Oct/2022:08:41:59 +0800] "GET /xingrg/check_reg.html?_=1666745015130 HTTP/1.1" 200 22
120.253.135.82 - - [26/Oct/2022:08:42:00 +0800] "GET /xingrg/all/function/internal_message.html?_=1666745015743&CODE_STATE=getMsg HTTP/1.1" 200 27
116.238.139.35 - - [26/Oct/2022:08:42:09 +0800] "GET /xingrg/all/function/internal_message.html?_=1666744857901&CODE_STATE=getMsg HTTP/1.1" 200 27
116.230.114.213 - - [26/Oct/2022:08:42:16 +0800] "GET /xingrg/all/function/internal_message.html?_=1666744942221&CODE_STATE=getMsg HTTP/1.1" 200 27
120.253.135.82 - - [26/Oct/2022:08:42:24 +0800] "GET /xingrg/check_reg.html?_=1666744733682 HTTP/1.1" 200 22
120.253.135.82 - - [26/Oct/2022:08:42:25 +0800] "GET /xingrg/all/function/internal_message.html?_=1666744734514&CODE_STATE=getMsg HTTP/1.1" 200 27
116.238.139.35 - - [26/Oct/2022:08:42:36 +0800] "GET /xingrg/check_reg.html?_=1666744884974 HTTP/1.1" 200 22
180.169.147.146 - - [26/Oct/2022:08:42:44 +0800] "GET /xingrg/all/function/internal_message.html?_=1666744956687&CODE_STATE=getMsg HTTP/1.1" 200 27
120.253.135.82 - - [26/Oct/2022:08:43:00 +0800] "GET /xingrg/all/function/internal_message.html?_=1666745075758&CODE_STATE=getMsg HTTP/1.1" 200 27
116.238.139.35 - - [26/Oct/2022:08:43:09 +0800] "GET /xingrg/all/function/internal_message.html?_=1666744917906&CODE_STATE=getMsg HTTP/1.1" 200 27
116.230.114.213 - - [26/Oct/2022:08:43:16 +0800] "GET /xingrg/all/function/internal_message.html?_=1666745002230&CODE_STATE=getMsg HTTP/1.1" 200 27
120.253.135.82 - - [26/Oct/2022:08:43:25 +0800] "GET /xingrg/all/function/internal_message.html?_=1666744794528&CODE_STATE=getMsg HTTP/1.1" 200 27
180.169.147.146 - - [26/Oct/2022:08:43:44 +0800] "GET /xingrg/all/function/internal_message.html?_=1666745016683&CODE_STATE=getMsg HTTP/1.1" 200 27
120.253.135.82 - - [26/Oct/2022:08:44:00 +0800] "GET /xingrg/all/function/internal_message.html?_=1666745135771&CODE_STATE=getMsg HTTP/1.1" 200 27
116.238.139.35 - - [26/Oct/2022:08:44:09 +0800] "GET /xingrg/all/function/internal_message.html?_=1666744977920&CODE_STATE=getMsg HTTP/1.1" 200 27
116.230.114.213 - - [26/Oct/2022:08:44:16 +0800] "GET /xingrg/all/function/internal_message.html?_=1666745062293&CODE_STATE=getMsg HTTP/1.1" 200 27
222.69.192.207 - - [26/Oct/2022:08:44:21 +0800] "GET /favicon.ico HTTP/1.1" 404 -
222.69.192.207 - - [26/Oct/2022:08:44:23 +0800] "GET /xingrg/index.html?sysBaseUrl=http%3A%2F%2F180.169.147.146%3A18081%2Fxingrg%2F&costTime=32×tamp=1585224308505 HTTP/1.1" 302 -
222.69.192.207 - - [26/Oct/2022:08:44:23 +0800] "GET /xingrg/login.html HTTP/1.1" 200 7641
222.69.192.207 - - [26/Oct/2022:08:44:24 +0800] "GET /favicon.ico HTTP/1.1" 404 -
116.230.105.139 - - [26/Oct/2022:08:44:35 +0800] "GET /xingrg/index.html?sysBaseUrl=http%3A%2F%2F180.169.147.146%3A18081%2Fxingrg%2F&costTime=1277×tamp=1606817596806 HTTP/1.1" 302 -
116.230.105.139 - - [26/Oct/2022:08:44:35 +0800] "GET /xingrg/login.html HTTP/1.1" 200 7641
116.230.105.139 - - [26/Oct/2022:08:44:36 +0800] "GET /favicon.ico HTTP/1.1" 404 -
180.169.147.146 - - [26/Oct/2022:08:44:44 +0800] "GET /xingrg/all/function/internal_message.html?_=1666745076702&CODE_STATE=getMsg HTTP/1.1" 200 27
116.230.105.139 - - [26/Oct/2022:08:44:44 +0800] "POST /xingrg/login.do HTTP/1.1" 302 -
116.230.105.139 - - [26/Oct/2022:08:44:45 +0800] "GET /xingrg/index.html?sysBaseUrl=http%3A%2F%2F180.169.147.146%3A18081%2Fxingrg%2F&costTime=46×tamp=1666745084997 HTTP/1.1" 200 17179
116.230.105.139 - - [26/Oct/2022:08:44:45 +0800] "GET /favicon.ico HTTP/1.1" 404 -
116.230.105.139 - - [26/Oct/2022:08:44:45 +0800] "POST /xingrg/all/common/load_tree.html?tree=area_rest_tree_json&manage=1 HTTP/1.1" 200 479
116.230.105.139 - - [26/Oct/2022:08:44:45 +0800] "GET /xingrg/all/function/internal_message.html?_=1666745039697&CODE_STATE=count HTTP/1.1" 200 11
116.230.105.139 - - [26/Oct/2022:08:44:45 +0800] "GET /xingrg/check_reg.html?_=1666745039697 HTTP/1.1" 200 22
116.230.105.139 - - [26/Oct/2022:08:44:45 +0800] "POST /xingrg/load_menu.html HTTP/1.1" 200 5138
116.230.105.139 - - [26/Oct/2022:08:44:47 +0800] "GET /xingrg/kc/buy/cgsh_order_list.html HTTP/1.1" 200 53328
116.230.105.139 - - [26/Oct/2022:08:44:49 +0800] "POST /xingrg/kc/buy/cgsh_list_operate.html HTTP/1.1" 200 986
116.230.114.213 - - [26/Oct/2022:08:44:55 +0800] "GET /xingrg/check_reg.html?_=1666745101669 HTTP/1.1" 200 22
120.253.135.82 - - [26/Oct/2022:08:45:00 +0800] "GET /xingrg/all/function/internal_message.html?_=1666745195796&CODE_STATE=getMsg HTTP/1.1" 200 27
116.230.105.139 - - [26/Oct/2022:08:45:05 +0800] "GET /xingrg/kc/buy/cgsh_order_add.html HTTP/1.1" 200 69109
116.230.105.139 - - [26/Oct/2022:08:45:05 +0800] "GET /xingrg/words/20221024164613_words.js HTTP/1.1" 304 -
116.230.105.139 - - [26/Oct/2022:08:45:05 +0800] "POST /xingrg/kc/buy/cgsh_order_operate.html HTTP/1.1" 200 8245
116.230.105.139 - - [26/Oct/2022:08:45:05 +0800] "GET /xingrg/all/common/auto_word.html?type=employee&rest_code=00155 HTTP/1.1" 200 205
116.230.105.139 - - [26/Oct/2022:08:45:05 +0800] "GET /xingrg/all/common/auto_word.html?type=employee&rest_code=00155 HTTP/1.1" 200 205
116.230.105.139 - - [26/Oct/2022:08:45:05 +0800] "GET /xingrg/javascript/easyui/themes/default/validatebox.css HTTP/1.1" 404 1104
116.230.105.139 - - [26/Oct/2022:08:45:07 +0800] "GET /xingrg/javascript/auto/indicator.gif HTTP/1.1" 404 1066
116.238.139.35 - - [26/Oct/2022:08:45:09 +0800] "GET /xingrg/all/function/internal_message.html?_=1666745037957&CODE_STATE=getMsg HTTP/1.1" 200 27
116.230.105.139 - - [26/Oct/2022:08:45:10 +0800] "GET /xingrg/javascript/jquery_tools/images/prev.gif HTTP/1.1" 404 1086
116.230.105.139 - - [26/Oct/2022:08:45:10 +0800] "GET /xingrg/javascript/jquery_tools/images/next.gif HTTP/1.1" 404 1086
222.69.192.207 - - [26/Oct/2022:08:45:11 +0800] "POST /xingrg/login.do HTTP/1.1" 302 -
222.69.192.207 - - [26/Oct/2022:08:45:11 +0800] "GET /xingrg/index.html?sysBaseUrl=http%3A%2F%2F180.169.147.146%3A18081%2Fxingrg%2F&costTime=44×tamp=1666745111926 HTTP/1.1" 200 17173
222.69.192.207 - - [26/Oct/2022:08:45:12 +0800] "GET /favicon.ico HTTP/1.1" 404 -
222.69.192.207 - - [26/Oct/2022:08:45:12 +0800] "POST /xingrg/all/common/load_tree.html?tree=area_rest_tree_json&manage=1 HTTP/1.1" 200 342
222.69.192.207 - - [26/Oct/2022:08:45:12 +0800] "GET /xingrg/all/function/internal_message.html?_=1666744956840&CODE_STATE=count HTTP/1.1" 200 11
222.69.192.207 - - [26/Oct/2022:08:45:12 +0800] "GET /xingrg/check_reg.html?_=1666744956840 HTTP/1.1" 200 22
222.69.192.207 - - [26/Oct/2022:08:45:12 +0800] "POST /xingrg/load_menu.html HTTP/1.1" 200 5138
116.230.114.213 - - [26/Oct/2022:08:45:16 +0800] "GET /xingrg/all/function/internal_message.html?_=1666745122304&CODE_STATE=getMsg HTTP/1.1" 200 27
222.69.192.207 - - [26/Oct/2022:08:45:17 +0800] "GET /xingrg/kc/buy/buy_main.html HTTP/1.1" 200 12412
222.69.192.207 - - [26/Oct/2022:08:45:17 +0800] "GET /xingrg/css/new_ie.css HTTP/1.1" 404 1036
222.69.192.207 - - [26/Oct/2022:08:45:17 +0800] "GET /xingrg/images/blue/button/cgydd.gif HTTP/1.1" 304 -
222.69.192.207 - - [26/Oct/2022:08:45:17 +0800] "GET /xingrg/images/blue/button/cgshd.gif HTTP/1.1" 304 -
222.69.192.207 - - [26/Oct/2022:08:45:17 +0800] "GET /xingrg/images/blue/button/cgfkd.gif HTTP/1.1" 304 -
222.69.192.207 - - [26/Oct/2022:08:45:17 +0800] "GET /xingrg/images/blue/button/ckthd.gif HTTP/1.1" 304 -
222.69.192.207 - - [26/Oct/2022:08:45:18 +0800] "GET /xingrg/images/yd/bt.gif HTTP/1.1" 404 1040
116.230.105.139 - - [26/Oct/2022:08:45:21 +0800] "GET /xingrg/kc/buy/cgsh_order_operate.html?command=get_materiel&rest_code=00155&code=00101008155&supplier_code=00100005&order_time=2022-10-26 HTTP/1.1" 200 408
116.230.105.139 - - [26/Oct/2022:08:45:29 +0800] "GET /xingrg/kc/buy/cgsh_order_operate.html?command=get_materiel&rest_code=00155&code=00101008003&supplier_code=00100005&order_time=2022-10-26 HTTP/1.1" 200 408
116.230.105.139 - - [26/Oct/2022:08:45:34 +0800] "GET /xingrg/kc/buy/cgsh_order_operate.html?command=get_materiel&rest_code=00155&code=00101008169&supplier_code=00100005&order_time=2022-10-26 HTTP/1.1" 200 412
116.230.105.139 - - [26/Oct/2022:08:45:39 +0800] "GET /xingrg/kc/buy/cgsh_order_operate.html?command=get_materiel&rest_code=00155&code=00101008371&supplier_code=00100005&order_time=2022-10-26 HTTP/1.1" 200 412
222.69.192.207 - - [26/Oct/2022:08:45:44 +0800] "GET /xingrg/kc/buy/cgsh_order_list.html HTTP/1.1" 200 53322
180.169.147.146 - - [26/Oct/2022:08:45:44 +0800] "GET /xingrg/check_reg.html?_=1666745136677 HTTP/1.1" 200 22
180.169.147.146 - - [26/Oct/2022:08:45:44 +0800] "GET /xingrg/all/function/internal_message.html?_=1666745136679&CODE_STATE=getMsg HTTP/1.1" 200 27
116.230.105.139 - - [26/Oct/2022:08:45:45 +0800] "GET /xingrg/kc/buy/cgsh_order_operate.html?command=get_materiel&rest_code=00155&code=00101008027&supplier_code=00100005&order_time=2022-10-26 HTTP/1.1" 200 408
116.230.105.139 - - [26/Oct/2022:08:45:45 +0800] "GET /xingrg/all/function/internal_message.html?_=1666745099723&CODE_STATE=getMsg HTTP/1.1" 200 27
222.69.192.207 - - [26/Oct/2022:08:45:46 +0800] "POST /xingrg/kc/buy/cgsh_list_operate.html HTTP/1.1" 200 986
222.69.192.207 - - [26/Oct/2022:08:45:48 +0800] "GET /xingrg/kc/buy/cgsh_order_add.html HTTP/1.1" 200 69185
222.69.192.207 - - [26/Oct/2022:08:45:48 +0800] "GET /xingrg/words/20221024164613_words.js HTTP/1.1" 304 -
222.69.192.207 - - [26/Oct/2022:08:45:48 +0800] "GET /xingrg/javascript/easyui/themes/icons/copy_new.png HTTP/1.1" 304 -
222.69.192.207 - - [26/Oct/2022:08:45:48 +0800] "POST /xingrg/kc/buy/cgsh_order_operate.html HTTP/1.1" 200 8245
222.69.192.207 - - [26/Oct/2022:08:45:49 +0800] "GET /xingrg/all/common/auto_word.html?type=employee&rest_code=00105 HTTP/1.1" 200 193
222.69.192.207 - - [26/Oct/2022:08:45:49 +0800] "GET /xingrg/all/common/auto_word.html?type=employee&rest_code=00105 HTTP/1.1" 200 193
222.69.192.207 - - [26/Oct/2022:08:45:49 +0800] "GET /xingrg/javascript/easyui/themes/default/validatebox.css HTTP/1.1" 404 1104
221.239.141.151 - - [26/Oct/2022:08:45:52 +0800] "GET /xingrg/check_reg.html?_=1666745144951 HTTP/1.1" 302 -
116.230.105.139 - - [26/Oct/2022:08:45:52 +0800] "GET /xingrg/kc/buy/cgsh_order_operate.html?command=get_materiel&rest_code=00155&code=00101008331&supplier_code=00100005&order_time=2022-10-26 HTTP/1.1" 200 416
222.69.192.207 - - [26/Oct/2022:08:45:57 +0800] "GET /xingrg/javascript/auto/indicator.gif HTTP/1.1" 404 1066
116.230.105.139 - - [26/Oct/2022:08:45:57 +0800] "GET /xingrg/kc/buy/cgsh_order_operate.html?command=get_materiel&rest_code=00155&code=00101008010&supplier_code=00100005&order_time=2022-10-26 HTTP/1.1" 200 412
120.253.135.82 - - [26/Oct/2022:08:46:00 +0800] "GET /xingrg/all/function/internal_message.html?_=1666745255802&CODE_STATE=getMsg HTTP/1.1" 200 27
116.230.105.139 - - [26/Oct/2022:08:46:03 +0800] "GET /xingrg/kc/buy/cgsh_order_operate.html?command=get_materiel&rest_code=00155&code=00101008096&supplier_code=00100005&order_time=2022-10-26 HTTP/1.1" 200 412
116.238.139.35 - - [26/Oct/2022:08:46:09 +0800] "GET /xingrg/all/function/internal_message.html?_=1666745097962&CODE_STATE=getMsg HTTP/1.1" 200 27
222.69.192.207 - - [26/Oct/2022:08:46:12 +0800] "GET /xingrg/all/function/internal_message.html?_=1666745016857&CODE_STATE=getMsg HTTP/1.1" 200 27
116.230.105.139 - - [26/Oct/2022:08:46:15 +0800] "GET /xingrg/kc/buy/cgsh_order_operate.html?command=get_materiel&rest_code=00155&code=00101008290&supplier_code=00100005&order_time=2022-10-26 HTTP/1.1" 200 416
116.230.114.213 - - [26/Oct/2022:08:46:16 +0800] "GET /xingrg/all/function/internal_message.html?_=1666745182318&CODE_STATE=getMsg HTTP/1.1" 200 27
222.69.192.207 - - [26/Oct/2022:08:46:18 +0800] "GET /xingrg/kc/buy/cgsh_order_operate.html?command=get_materiel&rest_code=00105&code=00101012025&supplier_code=00100034&order_time=2022-10-26 HTTP/1.1" 200 412
116.230.105.139 - - [26/Oct/2022:08:46:21 +0800] "GET /xingrg/kc/buy/cgsh_order_operate.html?command=get_materiel&rest_code=00155&code=00101008190&supplier_code=00100005&order_time=2022-10-26 HTTP/1.1" 200 412
116.230.105.139 - - [26/Oct/2022:08:46:26 +0800] "GET /xingrg/kc/buy/cgsh_order_operate.html?command=get_materiel&rest_code=00155&code=00101008361&supplier_code=00100005&order_time=2022-10-26 HTTP/1.1" 200 408
222.64.58.56 - - [26/Oct/2022:08:46:26 +0800] "POST /xingrg/services/DataTransmitService HTTP/1.1" 200 524
116.230.105.139 - - [26/Oct/2022:08:46:31 +0800] "GET /xingrg/kc/buy/cgsh_order_operate.html?command=get_materiel&rest_code=00155&code=00101008264&supplier_code=00100005&order_time=2022-10-26 HTTP/1.1" 200 412
222.69.192.207 - - [26/Oct/2022:08:46:37 +0800] "GET /xingrg/kc/buy/cgsh_order_operate.html?command=get_materiel&rest_code=00105&code=00101016030&supplier_code=00100034&order_time=2022-10-26 HTTP/1.1" 200 412
116.230.105.139 - - [26/Oct/2022:08:46:37 +0800] "GET /xingrg/kc/buy/cgsh_order_operate.html?command=get_materiel&rest_code=00155&code=00101008024&supplier_code=00100005&order_time=2022-10-26 HTTP/1.1" 200 408
180.169.147.146 - - [26/Oct/2022:08:46:44 +0800] "GET /xingrg/all/function/internal_message.html?_=1666745196693&CODE_STATE=getMsg HTTP/1.1" 200 27
116.238.139.35 - - [26/Oct/2022:08:46:45 +0800] "GET /xingrg/check_reg.html?_=1666745197549 HTTP/1.1" 302 -
116.230.105.139 - - [26/Oct/2022:08:46:45 +0800] "GET /xingrg/all/function/internal_message.html?_=1666745159710&CODE_STATE=getMsg HTTP/1.1" 200 27
222.69.192.207 - - [26/Oct/2022:08:46:47 +0800] "POST /xingrg/kc/buy/cgsh_order_operate.html HTTP/1.1" 200 37
116.230.105.139 - - [26/Oct/2022:08:46:49 +0800] "GET /xingrg/kc/buy/cgsh_order_operate.html?command=get_materiel&rest_code=00155&code=00101008356&supplier_code=00100005&order_time=2022-10-26 HTTP/1.1" 200 408
222.69.192.207 - - [26/Oct/2022:08:46:49 +0800] "POST /xingrg/kc/buy/cgsh_order_operate.html HTTP/1.1" 200 3245
222.69.192.207 - - [26/Oct/2022:08:46:51 +0800] "GET /xingrg/kc/print/load_config.html?kc_code=cgsh HTTP/1.1" 200 1943
222.69.192.207 - - [26/Oct/2022:08:46:51 +0800] "GET /xingrg/kc/print/load_data.html?order_code=212022102607873&kc_code=cgsh&condition= HTTP/1.1" 200 933
116.230.105.139 - - [26/Oct/2022:08:46:55 +0800] "GET /xingrg/kc/buy/cgsh_order_operate.html?command=get_materiel&rest_code=00155&code=00101008300&supplier_code=00100005&order_time=2022-10-26 HTTP/1.1" 200 412
120.253.135.82 - - [26/Oct/2022:08:46:59 +0800] "GET /xingrg/check_reg.html?_=1666745315139 HTTP/1.1" 200 22
120.253.135.82 - - [26/Oct/2022:08:47:00 +0800] "GET /xingrg/all/function/internal_message.html?_=1666745315811&CODE_STATE=getMsg HTTP/1.1" 200 27
116.230.105.139 - - [26/Oct/2022:08:47:04 +0800] "GET /xingrg/kc/buy/cgsh_order_operate.html?command=get_materiel&rest_code=00155&code=00101008360&supplier_code=00100005&order_time=2022-10-26 HTTP/1.1" 200 413
116.238.139.35 - - [26/Oct/2022:08:47:09 +0800] "GET /xingrg/all/function/internal_message.html?_=1666745158000&CODE_STATE=getMsg HTTP/1.1" 200 27
116.230.105.139 - - [26/Oct/2022:08:47:10 +0800] "GET /xingrg/kc/buy/cgsh_order_operate.html?command=get_materiel&rest_code=00155&code=00101008197&supplier_code=00100005&order_time=2022-10-26 HTTP/1.1" 200 416
222.69.192.207 - - [26/Oct/2022:08:47:12 +0800] "GET /xingrg/all/function/internal_message.html?_=1666745076841&CODE_STATE=getMsg HTTP/1.1" 200 27
116.230.105.139 - - [26/Oct/2022:08:47:16 +0800] "GET /xingrg/kc/buy/cgsh_order_operate.html?command=get_materiel&rest_code=00155&code=00101008134&supplier_code=00100005&order_time=2022-10-26 HTTP/1.1" 200 412
116.230.114.213 - - [26/Oct/2022:08:47:16 +0800] "GET /xingrg/all/function/internal_message.html?_=1666745242385&CODE_STATE=getMsg HTTP/1.1" 200 27
116.230.105.139 - - [26/Oct/2022:08:47:24 +0800] "GET /xingrg/kc/buy/cgsh_order_operate.html?command=get_materiel&rest_code=00155&code=00101008357&supplier_code=00100005&order_time=2022-10-26 HTTP/1.1" 200 408
116.230.105.139 - - [26/Oct/2022:08:47:26 +0800] "POST /xingrg/kc/buy/cgsh_order_operate.html HTTP/1.1" 200 2065
116.230.105.139 - - [26/Oct/2022:08:47:30 +0800] "GET /xingrg/kc/buy/cgsh_order_operate.html?command=get_materiel&rest_code=00155&code=00101008069&supplier_code=00100005&order_time=2022-10-26 HTTP/1.1" 200 412
116.230.105.139 - - [26/Oct/2022:08:47:35 +0800] "GET /xingrg/kc/buy/cgsh_order_operate.html?command=get_materiel&rest_code=00155&code=00101008006&supplier_code=00100005&order_time=2022-10-26 HTTP/1.1" 200 416
116.238.139.35 - - [26/Oct/2022:08:47:36 +0800] "GET /xingrg/check_reg.html?_=1666745184984 HTTP/1.1" 200 22
116.230.105.139 - - [26/Oct/2022:08:47:40 +0800] "GET /xingrg/kc/buy/cgsh_order_operate.html?command=get_materiel&rest_code=00155&code=00101008131&supplier_code=00100005&order_time=2022-10-26 HTTP/1.1" 200 408
180.169.147.146 - - [26/Oct/2022:08:47:44 +0800] "GET /xingrg/all/function/internal_message.html?_=1666745256683&CODE_STATE=getMsg HTTP/1.1" 200 27
116.230.105.139 - - [26/Oct/2022:08:47:45 +0800] "GET /xingrg/all/function/internal_message.html?_=1666745219700&CODE_STATE=getMsg HTTP/1.1" 200 27
116.230.105.139 - - [26/Oct/2022:08:47:46 +0800] "GET /xingrg/kc/buy/cgsh_order_operate.html?command=get_materiel&rest_code=00155&code=00101008108&supplier_code=00100005&order_time=2022-10-26 HTTP/1.1" 200 412
120.253.135.82 - - [26/Oct/2022:08:48:00 +0800] "GET /xingrg/all/function/internal_message.html?_=1666745375826&CODE_STATE=getMsg HTTP/1.1" 200 27
116.230.105.139 - - [26/Oct/2022:08:48:01 +0800] "GET /xingrg/kc/buy/cgsh_order_operate.html?command=get_materiel&rest_code=00155&code=00101008318&supplier_code=00100005&order_time=2022-10-26 HTTP/1.1" 200 408
116.230.105.139 - - [26/Oct/2022:08:48:03 +0800] "POST /xingrg/kc/buy/cgsh_order_operate.html HTTP/1.1" 200 2065
116.230.105.139 - - [26/Oct/2022:08:48:07 +0800] "GET /xingrg/kc/buy/cgsh_order_operate.html?command=get_materiel&rest_code=00155&code=00101008529&supplier_code=00100005&order_time=2022-10-26 HTTP/1.1" 200 417
116.238.139.35 - - [26/Oct/2022:08:48:09 +0800] "GET /xingrg/all/function/internal_message.html?_=1666745218005&CODE_STATE=getMsg HTTP/1.1" 200 27
222.69.192.207 - - [26/Oct/2022:08:48:12 +0800] "GET /xingrg/all/function/internal_message.html?_=1666745136851&CODE_STATE=getMsg HTTP/1.1" 200 27
116.230.105.139 - - [26/Oct/2022:08:48:14 +0800] "GET /xingrg/kc/buy/cgsh_order_operate.html?command=get_materiel&rest_code=00155&code=00101008005&supplier_code=00100005&order_time=2022-10-26 HTTP/1.1" 200 412
116.230.114.213 - - [26/Oct/2022:08:48:16 +0800] "GET /xingrg/all/function/internal_message.html?_=1666745302391&CODE_STATE=getMsg HTTP/1.1" 200 27
116.230.105.139 - - [26/Oct/2022:08:48:21 +0800] "GET /xingrg/kc/buy/cgsh_order_operate.html?command=get_materiel&rest_code=00155&code=00101008353&supplier_code=00100005&order_time=2022-10-26 HTTP/1.1" 200 408
116.230.105.139 - - [26/Oct/2022:08:48:28 +0800] "GET /xingrg/kc/buy/cgsh_order_operate.html?command=get_materiel&rest_code=00155&code=00101008213&supplier_code=00100005&order_time=2022-10-26 HTTP/1.1" 200 412
116.230.105.139 - - [26/Oct/2022:08:48:39 +0800] "GET /xingrg/kc/buy/cgsh_order_operate.html?command=get_materiel&rest_code=00155&code=00101008312&supplier_code=00100005&order_time=2022-10-26 HTTP/1.1" 200 412
116.230.105.139 - - [26/Oct/2022:08:48:42 +0800] "POST /xingrg/kc/buy/cgsh_order_operate.html HTTP/1.1" 200 2065
180.169.147.146 - - [26/Oct/2022:08:48:44 +0800] "GET /xingrg/all/function/internal_message.html?_=1666745316697&CODE_STATE=getMsg HTTP/1.1" 200 27
116.230.105.139 - - [26/Oct/2022:08:48:45 +0800] "GET /xingrg/all/function/internal_message.html?_=1666745279724&CODE_STATE=getMsg HTTP/1.1" 200 27
116.230.105.139 - - [26/Oct/2022:08:48:48 +0800] "GET /xingrg/kc/buy/cgsh_order_operate.html?command=get_materiel&rest_code=00155&code=00101008095&supplier_code=00100005&order_time=2022-10-26 HTTP/1.1" 200 412
116.230.105.139 - - [26/Oct/2022:08:48:55 +0800] "GET /xingrg/kc/buy/cgsh_order_operate.html?command=get_materiel&rest_code=00155&code=00101008674&supplier_code=00100005&order_time=2022-10-26 HTTP/1.1" 200 398
120.253.135.82 - - [26/Oct/2022:08:49:00 +0800] "GET /xingrg/all/function/internal_message.html?_=1666745435838&CODE_STATE=getMsg HTTP/1.1" 200 27
116.230.105.139 - - [26/Oct/2022:08:49:02 +0800] "GET /xingrg/kc/buy/cgsh_order_operate.html?command=get_materiel&rest_code=00155&code=00101008283&supplier_code=00100005&order_time=2022-10-26 HTTP/1.1" 200 408
116.238.139.35 - - [26/Oct/2022:08:49:09 +0800] "GET /xingrg/all/function/internal_message.html?_=1666745278019&CODE_STATE=getMsg HTTP/1.1" 200 27
116.230.105.139 - - [26/Oct/2022:08:49:10 +0800] "GET /xingrg/kc/buy/cgsh_order_operate.html?command=get_materiel&rest_code=00155&code=00101008270&supplier_code=00100005&order_time=2022-10-26 HTTP/1.1" 200 412
222.69.192.207 - - [26/Oct/2022:08:49:12 +0800] "GET /xingrg/all/function/internal_message.html?_=1666745196861&CODE_STATE=getMsg HTTP/1.1" 200 27
116.230.105.139 - - [26/Oct/2022:08:49:16 +0800] "GET /xingrg/kc/buy/cgsh_order_operate.html?command=get_materiel&rest_code=00155&code=00101008176&supplier_code=00100005&order_time=2022-10-26 HTTP/1.1" 200 413
116.230.114.213 - - [26/Oct/2022:08:49:16 +0800] "GET /xingrg/all/function/internal_message.html?_=1666745362437&CODE_STATE=getMsg HTTP/1.1" 200 27
116.230.105.139 - - [26/Oct/2022:08:49:18 +0800] "POST /xingrg/kc/buy/cgsh_order_operate.html HTTP/1.1" 200 2065
116.230.105.139 - - [26/Oct/2022:08:49:28 +0800] "GET /xingrg/kc/buy/cgsh_order_operate.html?command=get_materiel&rest_code=00155&code=00101008036&supplier_code=00100005&order_time=2022-10-26 HTTP/1.1" 200 408
116.230.105.139 - - [26/Oct/2022:08:49:41 +0800] "POST /xingrg/kc/buy/cgsh_order_operate.html HTTP/1.1" 200 37
116.230.105.139 - - [26/Oct/2022:08:49:42 +0800] "POST /xingrg/kc/buy/cgsh_order_operate.html HTTP/1.1" 200 23353
116.230.105.139 - - [26/Oct/2022:08:49:44 +0800] "GET /xingrg/kc/print/load_config.html?kc_code=cgsh HTTP/1.1" 200 1943
116.230.105.139 - - [26/Oct/2022:08:49:44 +0800] "GET /xingrg/kc/print/load_data.html?order_code=212022102607874&kc_code=cgsh&condition= HTTP/1.1" 200 8545
180.169.147.146 - - [26/Oct/2022:08:49:44 +0800] "GET /xingrg/all/function/internal_message.html?_=1666745376690&CODE_STATE=getMsg HTTP/1.1" 200 27
116.230.105.139 - - [26/Oct/2022:08:49:45 +0800] "GET /xingrg/check_reg.html?_=1666745340024 HTTP/1.1" 200 22
116.230.105.139 - - [26/Oct/2022:08:49:45 +0800] "GET /xingrg/all/function/internal_message.html?_=1666745340026&CODE_STATE=getMsg HTTP/1.1" 200 27
116.230.105.139 - - [26/Oct/2022:08:49:46 +0800] "GET /xingrg/index.html?sysBaseUrl=http%3A%2F%2F180.169.147.146%3A18081%2Fxingrg%2F&costTime=46×tamp=1666745084997 HTTP/1.1" 200 17179
116.230.105.139 - - [26/Oct/2022:08:49:46 +0800] "GET /xingrg/javascript/jquery_easy_ui/themes/default/easyui.css HTTP/1.1" 304 -
116.230.105.139 - - [26/Oct/2022:08:49:46 +0800] "GET /xingrg/javascript/jquery_easy_ui/themes/icon.css HTTP/1.1" 304 -
116.230.105.139 - - [26/Oct/2022:08:49:46 +0800] "GET /xingrg/css/form.css HTTP/1.1" 304 -
116.230.105.139 - - [26/Oct/2022:08:49:46 +0800] "GET /xingrg/javascript/jquery-1.4.2.min.js HTTP/1.1" 304 -
116.230.105.139 - - [26/Oct/2022:08:49:46 +0800] "GET /xingrg/javascript/jquery_easy_ui/jquery.easyui.min.js HTTP/1.1" 304 -
116.230.105.139 - - [26/Oct/2022:08:49:46 +0800] "GET /xingrg/javascript/jquery_easy_ui/easyui-lang-zh_CN.js HTTP/1.1" 304 -
116.230.105.139 - - [26/Oct/2022:08:49:46 +0800] "GET /xingrg/javascript/jquery.form.js HTTP/1.1" 304 -
116.230.105.139 - - [26/Oct/2022:08:49:46 +0800] "GET /xingrg/javascript/jquery.utils.js HTTP/1.1" 304 -
116.230.105.139 - - [26/Oct/2022:08:49:46 +0800] "GET /xingrg/javascript/jquery.timers.js HTTP/1.1" 304 -
116.230.105.139 - - [26/Oct/2022:08:49:46 +0800] "GET /xingrg/images/blue/jxLogo.png HTTP/1.1" 304 -
