124.79.74.72 - - [26/Oct/2022:11:19:13 +0800] "GET /xingrg/all/report/report_query.html?isQuery=1&fileName=kc/base/crk_detail_by_small.xml&rh=99999&queryString=&queryText=%25E3%2580%2590%25E4%25BB%2593%25E5%25BA%2593%25E5%2590%258D%25E7%25A7%25B0%253A%25E5%2591%2598%25E5%25B7%25A5%25E9%25A4%2590%25E3%2580%2591%25E3%2580%2590%25E4%25B8%259A%25E5%258A%25A1%25E7%25B1%25BB%25E5%259E%258B%25EF%25BC%259A%25E9%2587%2587%25E8%25B4%25AD%25E5%2585%25A5%25E5%25BA%2593%25E3%2580%2591%2520%25E3%2580%2590%25E6%259F%25A5%25E8%25AF%25A2%25E6%2597%25A5%25E6%259C%259F%253A2022-10-01%2520%25E8%2587%25B3%25202022-10-31%25E3%2580%2591%2520%25E5%25B9%25B6%25E4%25B8%2594%2520%2520%25E3%2580%2590%25E4%25BB%2593%25E5%25BA%2593%25E5%2590%258D%25E7%25A7%25B0%2520%253D%2520%25E5%2591%2598%25E5%25B7%25A5%25E9%25A4%2590%25E3%2580%2591&tableQueryString=crk_table%2524sp1%2524(a.order_day%2520between%252020221001%2520and%252020221031)%2520and%2520(base_code%253D'0010793')%2520and%2520(src_order_type%2520in%2520(21%252C23))%2520and%2520(is_rk%2520in%2520(0%252C1)) HTTP/1.1" 200 53851
124.79.74.72 - - [26/Oct/2022:11:19:13 +0800] "GET /xingrg/dwr/interface/AjaxReportQueryService.js HTTP/1.1" 200 13203
124.79.74.72 - - [26/Oct/2022:11:19:13 +0800] "GET /xingrg/dwr/engine.js HTTP/1.1" 200 43631
124.79.74.72 - - [26/Oct/2022:11:19:13 +0800] "GET /xingrg/all/function/internal_message.html?_=1666754345332&CODE_STATE=getMsg HTTP/1.1" 200 27
124.79.74.72 - - [26/Oct/2022:11:19:14 +0800] "POST /xingrg/all/report/load_report_page.html HTTP/1.1" 200 31347
124.79.74.72 - - [26/Oct/2022:11:19:14 +0800] "GET /xingrg/servlets/image?cache=0.7579298873312212&image=px HTTP/1.1" 200 807
114.83.219.57 - - [26/Oct/2022:11:19:14 +0800] "GET /xingrg/all/function/internal_message.html?_=1666754452084&CODE_STATE=getMsg HTTP/1.1" 200 27
221.239.141.151 - - [26/Oct/2022:11:19:15 +0800] "GET /xingrg/all/function/internal_message.html?_=1666754358571&CODE_STATE=getMsg HTTP/1.1" 200 27
124.79.74.72 - - [26/Oct/2022:11:19:16 +0800] "POST /xingrg/all/report/load_report_page.html HTTP/1.1" 200 183276
124.79.74.72 - - [26/Oct/2022:11:19:16 +0800] "GET /xingrg/servlets/image?cache=0.7103372530139956&image=px HTTP/1.1" 200 807
116.230.114.213 - - [26/Oct/2022:11:19:20 +0800] "GET /xingrg/all/function/internal_message.html?_=1666754367144&CODE_STATE=getMsg HTTP/1.1" 200 27
114.83.223.130 - - [26/Oct/2022:11:19:21 +0800] "GET /xingrg/all/function/internal_message.html?_=1666754354728&CODE_STATE=getMsg HTTP/1.1" 200 27
221.239.141.151 - - [26/Oct/2022:11:19:22 +0800] "GET /xingrg/kc/buy/cgsh_order_operate.html?command=get_materiel&rest_code=00102&code=00101008055&supplier_code=00100008&order_time=2022-10-26 HTTP/1.1" 200 409
221.239.141.151 - - [26/Oct/2022:11:19:23 +0800] "GET /xingrg/all/function/internal_message.html?_=1666754355736&CODE_STATE=getMsg HTTP/1.1" 200 27
222.69.192.207 - - [26/Oct/2022:11:19:23 +0800] "POST /xingrg/kc/buy/cgsh_order_operate.html HTTP/1.1" 200 2065
116.230.105.139 - - [26/Oct/2022:11:19:32 +0800] "GET /xingrg/check_reg.html?_=1666754364433 HTTP/1.1" 200 22
116.230.105.139 - - [26/Oct/2022:11:19:32 +0800] "GET /xingrg/all/function/internal_message.html?_=1666754364437&CODE_STATE=getMsg HTTP/1.1" 200 27
180.169.147.146 - - [26/Oct/2022:11:19:34 +0800] "GET /xingrg/all/function/internal_message.html?_=1666754366015&CODE_STATE=getMsg HTTP/1.1" 200 27
222.70.183.206 - - [26/Oct/2022:11:19:34 +0800] "GET /xingrg/all/function/internal_message.html?_=1666754365251&CODE_STATE=getMsg HTTP/1.1" 200 27
222.69.192.207 - - [26/Oct/2022:11:19:34 +0800] "GET /xingrg/kc/buy/cgsh_order_operate.html?command=get_materiel&rest_code=00105&code=00101008213&supplier_code=00100203&order_time=2022-10-26 HTTP/1.1" 200 412
180.169.147.146 - - [26/Oct/2022:11:19:44 +0800] "GET /xingrg/all/function/internal_message.html?_=1666754376830&CODE_STATE=getMsg HTTP/1.1" 200 27
58.39.35.118 - - [26/Oct/2022:11:19:47 +0800] "GET /xingrg/all/function/internal_message.html?_=1666754376027&CODE_STATE=getMsg HTTP/1.1" 200 27
116.230.105.139 - - [26/Oct/2022:11:19:47 +0800] "GET /xingrg/check_reg.html?_=1666754341197 HTTP/1.1" 200 22
116.230.105.139 - - [26/Oct/2022:11:19:47 +0800] "GET /xingrg/all/function/internal_message.html?_=1666754341198&CODE_STATE=getMsg HTTP/1.1" 200 27
101.85.93.18 - - [26/Oct/2022:11:19:48 +0800] "GET /xingrg/all/function/internal_message.html?_=1666754380980&CODE_STATE=getMsg HTTP/1.1" 200 27
180.169.147.146 - - [26/Oct/2022:11:19:50 +0800] "GET /xingrg/all/function/internal_message.html?_=1666754382918&CODE_STATE=getMsg HTTP/1.1" 200 27
180.169.147.146 - - [26/Oct/2022:11:19:50 +0800] "GET /xingrg/check_reg.html?_=1666754382923 HTTP/1.1" 200 22
114.88.159.190 - - [26/Oct/2022:11:19:55 +0800] "GET /xingrg/check_reg.html?_=1666754388200 HTTP/1.1" 200 22
114.88.159.190 - - [26/Oct/2022:11:19:55 +0800] "GET /xingrg/all/function/internal_message.html?_=1666754388197&CODE_STATE=getMsg HTTP/1.1" 200 27
116.230.114.213 - - [26/Oct/2022:11:19:55 +0800] "GET /xingrg/check_reg.html?_=1666754401838 HTTP/1.1" 200 22
58.40.7.146 - - [26/Oct/2022:11:19:59 +0800] "GET /xingrg/check_reg.html?_=1666754391493 HTTP/1.1" 200 22
58.40.7.146 - - [26/Oct/2022:11:19:59 +0800] "GET /xingrg/all/function/internal_message.html?_=1666754391494&CODE_STATE=getMsg HTTP/1.1" 200 27
222.69.192.207 - - [26/Oct/2022:11:20:02 +0800] "GET /xingrg/kc/buy/cgsh_order_operate.html?command=get_materiel&rest_code=00105&code=00101008101&supplier_code=00100203&order_time=2022-10-26 HTTP/1.1" 200 412
114.83.223.130 - - [26/Oct/2022:11:20:02 +0800] "GET /xingrg/all/function/internal_message.html?_=1666754393512&CODE_STATE=getMsg HTTP/1.1" 200 27
120.253.135.82 - - [26/Oct/2022:11:20:02 +0800] "GET /xingrg/all/function/internal_message.html?_=1666754497975&CODE_STATE=getMsg HTTP/1.1" 200 27
116.238.139.35 - - [26/Oct/2022:11:20:09 +0800] "GET /xingrg/all/function/internal_message.html?_=1666754401752&CODE_STATE=getMsg HTTP/1.1" 200 27
116.238.139.35 - - [26/Oct/2022:11:20:10 +0800] "GET /xingrg/check_reg.html?_=1666754402179 HTTP/1.1" 200 22
124.79.74.72 - - [26/Oct/2022:11:20:12 +0800] "GET /xingrg/all/function/internal_message.html?_=1666754402977&CODE_STATE=getMsg HTTP/1.1" 200 27
222.69.192.207 - - [26/Oct/2022:11:20:12 +0800] "GET /xingrg/all/function/internal_message.html?_=1666754256968&CODE_STATE=getMsg HTTP/1.1" 200 27
222.69.192.207 - - [26/Oct/2022:11:20:12 +0800] "GET /xingrg/check_reg.html?_=1666754256972 HTTP/1.1" 200 22
116.238.139.35 - - [26/Oct/2022:11:20:12 +0800] "GET /xingrg/all/function/internal_message.html?_=1666754341042&CODE_STATE=getMsg HTTP/1.1" 200 27
124.79.74.72 - - [26/Oct/2022:11:20:13 +0800] "GET /xingrg/all/function/internal_message.html?_=1666754405321&CODE_STATE=getMsg HTTP/1.1" 200 27
114.83.219.57 - - [26/Oct/2022:11:20:14 +0800] "GET /xingrg/all/function/internal_message.html?_=1666754512073&CODE_STATE=getMsg HTTP/1.1" 200 27
221.239.141.151 - - [26/Oct/2022:11:20:15 +0800] "GET /xingrg/check_reg.html?_=1666754418572 HTTP/1.1" 200 22
221.239.141.151 - - [26/Oct/2022:11:20:15 +0800] "GET /xingrg/all/function/internal_message.html?_=1666754418578&CODE_STATE=getMsg HTTP/1.1" 200 27
222.69.192.207 - - [26/Oct/2022:11:20:16 +0800] "GET /xingrg/kc/buy/cgsh_order_operate.html?command=get_materiel&rest_code=00105&code=00101010136&supplier_code=00100203&order_time=2022-10-26 HTTP/1.1" 200 408
116.230.114.213 - - [26/Oct/2022:11:20:20 +0800] "GET /xingrg/all/function/internal_message.html?_=1666754427155&CODE_STATE=getMsg HTTP/1.1" 200 27
114.83.223.130 - - [26/Oct/2022:11:20:21 +0800] "GET /xingrg/all/function/internal_message.html?_=1666754414737&CODE_STATE=getMsg HTTP/1.1" 200 27
221.239.141.151 - - [26/Oct/2022:11:20:23 +0800] "GET /xingrg/all/function/internal_message.html?_=1666754415734&CODE_STATE=getMsg HTTP/1.1" 200 27
116.238.139.35 - - [26/Oct/2022:11:20:31 +0800] "POST /xingrg/services/DataTransmitService HTTP/1.1" 200 524
116.230.105.139 - - [26/Oct/2022:11:20:32 +0800] "GET /xingrg/all/function/internal_message.html?_=1666754424415&CODE_STATE=getMsg HTTP/1.1" 200 27
222.69.192.207 - - [26/Oct/2022:11:20:34 +0800] "POST /xingrg/kc/buy/cgsh_order_operate.html HTTP/1.1" 200 37
180.169.147.146 - - [26/Oct/2022:11:20:34 +0800] "GET /xingrg/all/function/internal_message.html?_=1666754425998&CODE_STATE=getMsg HTTP/1.1" 200 27
222.70.183.206 - - [26/Oct/2022:11:20:34 +0800] "GET /xingrg/all/function/internal_message.html?_=1666754425236&CODE_STATE=getMsg HTTP/1.1" 200 27
180.169.147.146 - - [26/Oct/2022:11:20:34 +0800] "GET /xingrg/check_reg.html?_=1666754426248 HTTP/1.1" 200 22
222.69.192.207 - - [26/Oct/2022:11:20:36 +0800] "POST /xingrg/kc/buy/cgsh_order_operate.html HTTP/1.1" 200 32798
222.69.192.207 - - [26/Oct/2022:11:20:40 +0800] "GET /xingrg/kc/print/load_data.html?order_code=212022102607926&kc_code=cgsh&condition= HTTP/1.1" 200 12022
124.79.74.72 - - [26/Oct/2022:11:20:43 +0800] "GET /xingrg/all/report/report_query.html?fileName=kc/base/rk_by_base.xml&rh=9999 HTTP/1.1" 200 51953
124.79.74.72 - - [26/Oct/2022:11:20:43 +0800] "GET /xingrg/dwr/interface/AjaxReportQueryService.js HTTP/1.1" 200 13203
124.79.74.72 - - [26/Oct/2022:11:20:43 +0800] "GET /xingrg/dwr/engine.js HTTP/1.1" 200 43631
124.79.74.72 - - [26/Oct/2022:11:20:43 +0800] "POST /xingrg/dwr/call/plaincall/AjaxReportQueryService.getFixDate.dwr HTTP/1.1" 200 111
124.79.74.72 - - [26/Oct/2022:11:20:43 +0800] "POST /xingrg/all/common/load_tree.html?tree=materiel_sort_tree_json HTTP/1.1" 200 9500
124.79.74.72 - - [26/Oct/2022:11:20:43 +0800] "POST /xingrg/dwr/call/plaincall/AjaxReportQueryService.getInitString.dwr HTTP/1.1" 200 1083
180.169.147.146 - - [26/Oct/2022:11:20:44 +0800] "GET /xingrg/all/function/internal_message.html?_=1666754436852&CODE_STATE=getMsg HTTP/1.1" 200 27
180.169.147.146 - - [26/Oct/2022:11:20:44 +0800] "GET /xingrg/check_reg.html?_=1666754436858 HTTP/1.1" 200 22
58.39.35.118 - - [26/Oct/2022:11:20:47 +0800] "GET /xingrg/all/function/internal_message.html?_=1666754436002&CODE_STATE=getMsg HTTP/1.1" 200 27
116.230.105.139 - - [26/Oct/2022:11:20:47 +0800] "GET /xingrg/all/function/internal_message.html?_=1666754401213&CODE_STATE=getMsg HTTP/1.1" 200 27
101.85.93.18 - - [26/Oct/2022:11:20:48 +0800] "GET /xingrg/all/function/internal_message.html?_=1666754440979&CODE_STATE=getMsg HTTP/1.1" 200 27
124.79.74.72 - - [26/Oct/2022:11:20:49 +0800] "POST /xingrg/dwr/call/plaincall/AjaxReportQueryService.refreshCache.dwr HTTP/1.1" 200 78
124.79.74.72 - - [26/Oct/2022:11:20:49 +0800] "POST /xingrg/all/report/load_report_page.html HTTP/1.1" 200 7452
124.79.74.72 - - [26/Oct/2022:11:20:49 +0800] "GET /xingrg/servlets/image?cache=0.13298812611330013&image=px HTTP/1.1" 200 807
180.169.147.146 - - [26/Oct/2022:11:20:50 +0800] "GET /xingrg/all/function/internal_message.html?_=1666754442938&CODE_STATE=getMsg HTTP/1.1" 200 27
221.239.141.151 - - [26/Oct/2022:11:20:54 +0800] "GET /xingrg/kc/buy/cgsh_order_operate.html?command=get_materiel&rest_code=00102&code=00101008224&supplier_code=00100008&order_time=2022-10-26 HTTP/1.1" 200 416
114.88.159.190 - - [26/Oct/2022:11:20:55 +0800] "GET /xingrg/all/function/internal_message.html?_=1666754448183&CODE_STATE=getMsg HTTP/1.1" 200 27
114.83.223.130 - - [26/Oct/2022:11:20:57 +0800] "POST /xingrg/dwr/call/plaincall/AjaxQqpsService.getMaterielByCode.dwr HTTP/1.1" 200 2791
124.79.74.72 - - [26/Oct/2022:11:20:57 +0800] "GET /xingrg/all/report/report_query.html?isQuery=1&fileName=kc/base/crk_detail_by_small.xml&rh=99999&queryString=&queryText=%25E3%2580%2590%25E4%25BB%2593%25E5%25BA%2593%25E5%2590%258D%25E7%25A7%25B0%253A%25E7%25B2%25A4%25E8%258F%259C%25E3%2580%2591%25E3%2580%2590%25E4%25B8%259A%25E5%258A%25A1%25E7%25B1%25BB%25E5%259E%258B%25EF%25BC%259A%25E8%25B0%2583%25E6%258B%25A8%25E5%2585%25A5%25E5%25BA%2593%25E3%2580%2591%2520%25E3%2580%2590%25E6%259F%25A5%25E8%25AF%25A2%25E6%2597%25A5%25E6%259C%259F%253A2022-10-01%2520%25E8%2587%25B3%25202022-10-31%25E3%2580%2591%2520%25E5%25B9%25B6%25E4%25B8%2594%2520%2520%25E3%2580%2590%25E4%25BB%2593%25E5%25BA%2593%25E5%2590%258D%25E7%25A7%25B0%2520%253D%2520%25E7%25B2%25A4%25E8%258F%259C%25E3%2580%2591&tableQueryString=crk_table%2524sp1%2524(a.order_day%2520between%252020221001%2520and%252020221031)%2520and%2520(base_code%253D'0010785')%2520and%2520(src_order_type%2520in%2520(42))%2520and%2520(is_rk%2520in%2520(0%252C1)) HTTP/1.1" 200 53840
124.79.74.72 - - [26/Oct/2022:11:20:57 +0800] "GET /xingrg/dwr/interface/AjaxReportQueryService.js HTTP/1.1" 200 13203
124.79.74.72 - - [26/Oct/2022:11:20:57 +0800] "GET /xingrg/dwr/engine.js HTTP/1.1" 200 43631
124.79.74.72 - - [26/Oct/2022:11:20:58 +0800] "POST /xingrg/all/report/load_report_page.html HTTP/1.1" 200 43367
124.79.74.72 - - [26/Oct/2022:11:20:58 +0800] "GET /xingrg/servlets/image?cache=0.025006052904775533&image=px HTTP/1.1" 200 807
114.88.159.190 - - [26/Oct/2022:11:20:58 +0800] "GET /xingrg/kc/buy/cgsh_order_add.html HTTP/1.1" 200 69103
114.83.223.130 - - [26/Oct/2022:11:20:58 +0800] "POST /xingrg/dwr/call/plaincall/AjaxQqpsService.saveMaterielItem.dwr HTTP/1.1" 200 79
58.40.7.146 - - [26/Oct/2022:11:20:59 +0800] "GET /xingrg/all/function/internal_message.html?_=1666754451495&CODE_STATE=getMsg HTTP/1.1" 200 27
114.88.159.190 - - [26/Oct/2022:11:20:59 +0800] "POST /xingrg/kc/buy/cgsh_order_operate.html HTTP/1.1" 200 8245
114.88.159.190 - - [26/Oct/2022:11:20:59 +0800] "GET /xingrg/javascript/easyui/themes/default/validatebox.css HTTP/1.1" 404 1104
114.83.223.130 - - [26/Oct/2022:11:21:01 +0800] "POST /xingrg/dwr/call/plaincall/AjaxQqpsService.getMaterielByCode.dwr HTTP/1.1" 200 2824
221.239.141.151 - - [26/Oct/2022:11:21:02 +0800] "GET /xingrg/kc/buy/cgsh_order_operate.html?command=get_materiel&rest_code=00102&code=00102025030&supplier_code=00100008&order_time=2022-10-26 HTTP/1.1" 200 412
114.83.223.130 - - [26/Oct/2022:11:21:02 +0800] "GET /xingrg/all/function/internal_message.html?_=1666754453505&CODE_STATE=getMsg HTTP/1.1" 200 27
120.253.135.82 - - [26/Oct/2022:11:21:02 +0800] "GET /xingrg/all/function/internal_message.html?_=1666754557982&CODE_STATE=getMsg HTTP/1.1" 200 27
114.83.223.130 - - [26/Oct/2022:11:21:03 +0800] "POST /xingrg/dwr/call/plaincall/AjaxQqpsService.saveMaterielItem.dwr HTTP/1.1" 200 79
114.83.223.130 - - [26/Oct/2022:11:21:08 +0800] "POST /xingrg/dwr/call/plaincall/AjaxQqpsService.getMaterielByCode.dwr HTTP/1.1" 200 2842
221.239.141.151 - - [26/Oct/2022:11:21:09 +0800] "GET /xingrg/kc/buy/cgsh_order_operate.html?command=get_materiel&rest_code=00102&code=00101008261&supplier_code=00100008&order_time=2022-10-26 HTTP/1.1" 200 408
114.83.223.130 - - [26/Oct/2022:11:21:09 +0800] "POST /xingrg/dwr/call/plaincall/AjaxQqpsService.saveMaterielItem.dwr HTTP/1.1" 200 79
116.238.139.35 - - [26/Oct/2022:11:21:09 +0800] "GET /xingrg/all/function/internal_message.html?_=1666754461733&CODE_STATE=getMsg HTTP/1.1" 200 27
124.79.74.72 - - [26/Oct/2022:11:21:10 +0800] "POST /xingrg/dwr/call/plaincall/AjaxReportQueryService.refreshCache.dwr HTTP/1.1" 200 78
114.88.159.190 - - [26/Oct/2022:11:21:10 +0800] "GET /xingrg/kc/buy/cgsh_order_operate.html?command=get_materiel&rest_code=00141&code=00101020225&supplier_code=00100485&order_time=2022-10-26 HTTP/1.1" 200 417
124.79.74.72 - - [26/Oct/2022:11:21:10 +0800] "POST /xingrg/all/report/load_report_page.html HTTP/1.1" 200 7442
124.79.74.72 - - [26/Oct/2022:11:21:10 +0800] "GET /xingrg/servlets/image?cache=0.276745737341633&image=px HTTP/1.1" 200 807
114.83.223.130 - - [26/Oct/2022:11:21:11 +0800] "POST /xingrg/dwr/call/plaincall/AjaxQqpsService.getMaterielByCode.dwr HTTP/1.1" 200 2847
124.79.74.72 - - [26/Oct/2022:11:21:12 +0800] "GET /xingrg/all/function/internal_message.html?_=1666754462985&CODE_STATE=getMsg HTTP/1.1" 200 27
222.69.192.207 - - [26/Oct/2022:11:21:12 +0800] "GET /xingrg/all/function/internal_message.html?_=1666754316966&CODE_STATE=getMsg HTTP/1.1" 200 27
116.238.139.35 - - [26/Oct/2022:11:21:12 +0800] "GET /xingrg/all/function/internal_message.html?_=1666754401051&CODE_STATE=getMsg HTTP/1.1" 200 27
114.83.223.130 - - [26/Oct/2022:11:21:12 +0800] "POST /xingrg/dwr/call/plaincall/AjaxQqpsService.saveMaterielItem.dwr HTTP/1.1" 200 79
124.79.74.72 - - [26/Oct/2022:11:21:13 +0800] "GET /xingrg/all/function/internal_message.html?_=1666754465318&CODE_STATE=getMsg HTTP/1.1" 200 27
114.83.219.57 - - [26/Oct/2022:11:21:14 +0800] "GET /xingrg/check_reg.html?_=1666754572085 HTTP/1.1" 200 22
114.83.219.57 - - [26/Oct/2022:11:21:14 +0800] "GET /xingrg/all/function/internal_message.html?_=1666754572087&CODE_STATE=getMsg HTTP/1.1" 200 27
221.239.141.151 - - [26/Oct/2022:11:21:15 +0800] "GET /xingrg/all/function/internal_message.html?_=1666754478580&CODE_STATE=getMsg HTTP/1.1" 200 27
221.239.141.151 - - [26/Oct/2022:11:21:17 +0800] "GET /xingrg/kc/buy/cgsh_order_operate.html?command=get_materiel&rest_code=00102&code=00101008126&supplier_code=00100008&order_time=2022-10-26 HTTP/1.1" 200 412
221.239.141.151 - - [26/Oct/2022:11:21:19 +0800] "POST /xingrg/kc/buy/cgsh_order_operate.html HTTP/1.1" 200 2065
116.230.114.213 - - [26/Oct/2022:11:21:20 +0800] "GET /xingrg/all/function/internal_message.html?_=1666754487170&CODE_STATE=getMsg HTTP/1.1" 200 27
114.83.223.130 - - [26/Oct/2022:11:21:21 +0800] "GET /xingrg/all/function/internal_message.html?_=1666754474733&CODE_STATE=getMsg HTTP/1.1" 200 27
114.83.223.130 - - [26/Oct/2022:11:21:21 +0800] "GET /xingrg/check_reg.html?_=1666754474735 HTTP/1.1" 200 22
221.239.141.151 - - [26/Oct/2022:11:21:23 +0800] "GET /xingrg/check_reg.html?_=1666754475720 HTTP/1.1" 200 22
221.239.141.151 - - [26/Oct/2022:11:21:23 +0800] "GET /xingrg/all/function/internal_message.html?_=1666754475721&CODE_STATE=getMsg HTTP/1.1" 200 27
221.239.141.151 - - [26/Oct/2022:11:21:23 +0800] "GET /xingrg/kc/buy/cgsh_order_operate.html?command=get_materiel&rest_code=00102&code=00101008067&supplier_code=00100008&order_time=2022-10-26 HTTP/1.1" 200 416
124.79.74.72 - - [26/Oct/2022:11:21:28 +0800] "GET /xingrg/index.html?sysBaseUrl=http%3A%2F%2F180.169.147.146%3A18081%2Fxingrg%2F&costTime=42×tamp=1666752011489 HTTP/1.1" 200 17179
124.79.74.72 - - [26/Oct/2022:11:21:28 +0800] "GET /xingrg/javascript/jquery_easy_ui/themes/default/easyui.css HTTP/1.1" 304 -
124.79.74.72 - - [26/Oct/2022:11:21:28 +0800] "GET /xingrg/javascript/jquery_easy_ui/themes/icon.css HTTP/1.1" 304 -
124.79.74.72 - - [26/Oct/2022:11:21:28 +0800] "GET /xingrg/css/form.css HTTP/1.1" 304 -
124.79.74.72 - - [26/Oct/2022:11:21:28 +0800] "GET /xingrg/javascript/jquery-1.4.2.min.js HTTP/1.1" 304 -
124.79.74.72 - - [26/Oct/2022:11:21:29 +0800] "GET /xingrg/javascript/jquery_easy_ui/jquery.easyui.min.js HTTP/1.1" 304 -
124.79.74.72 - - [26/Oct/2022:11:21:29 +0800] "GET /xingrg/javascript/jquery_easy_ui/easyui-lang-zh_CN.js HTTP/1.1" 304 -
124.79.74.72 - - [26/Oct/2022:11:21:29 +0800] "GET /xingrg/javascript/jquery.form.js HTTP/1.1" 304 -
124.79.74.72 - - [26/Oct/2022:11:21:29 +0800] "GET /xingrg/javascript/jquery.utils.js HTTP/1.1" 304 -
124.79.74.72 - - [26/Oct/2022:11:21:29 +0800] "GET /xingrg/javascript/jquery.timers.js HTTP/1.1" 304 -
124.79.74.72 - - [26/Oct/2022:11:21:29 +0800] "GET /xingrg/images/blue/jxLogo.png HTTP/1.1" 304 -
124.79.74.72 - - [26/Oct/2022:11:21:29 +0800] "GET /xingrg/javascript/jquery_easy_ui/themes/icons/settle_new.png HTTP/1.1" 304 -
124.79.74.72 - - [26/Oct/2022:11:21:29 +0800] "GET /xingrg/images/blue/navBackgound.jpg HTTP/1.1" 304 -
124.79.74.72 - - [26/Oct/2022:11:21:29 +0800] "POST /xingrg/all/common/load_tree.html?tree=area_rest_tree_json&manage=1 HTTP/1.1" 200 470
124.79.74.72 - - [26/Oct/2022:11:21:29 +0800] "GET /xingrg/all/function/internal_message.html?_=1666754480647&CODE_STATE=count HTTP/1.1" 200 11
124.79.74.72 - - [26/Oct/2022:11:21:29 +0800] "GET /xingrg/check_reg.html?_=1666754480648 HTTP/1.1" 200 22
124.79.74.72 - - [26/Oct/2022:11:21:29 +0800] "GET /xingrg/images/blue/pingpu.png HTTP/1.1" 304 -
124.79.74.72 - - [26/Oct/2022:11:21:29 +0800] "GET /xingrg/javascript/jquery_easy_ui/themes/default/images/tabs_rightarrow.png HTTP/1.1" 304 -
124.79.74.72 - - [26/Oct/2022:11:21:29 +0800] "GET /xingrg/javascript/jquery_easy_ui/themes/default/images/panel_tool_collapse.gif HTTP/1.1" 304 -
124.79.74.72 - - [26/Oct/2022:11:21:29 +0800] "GET /xingrg/javascript/jquery_easy_ui/themes/default/images/tabs_leftarrow.png HTTP/1.1" 304 -
124.79.74.72 - - [26/Oct/2022:11:21:29 +0800] "POST /xingrg/load_menu.html HTTP/1.1" 200 5138
124.79.74.72 - - [26/Oct/2022:11:21:30 +0800] "GET /xingrg/kc/report/report_main.html HTTP/1.1" 200 7340
116.230.105.139 - - [26/Oct/2022:11:21:32 +0800] "GET /xingrg/all/function/internal_message.html?_=1666754484429&CODE_STATE=getMsg HTTP/1.1" 200 27
221.239.141.151 - - [26/Oct/2022:11:21:33 +0800] "GET /xingrg/kc/buy/cgsh_order_operate.html?command=get_materiel&rest_code=00102&code=00101008312&supplier_code=00100008&order_time=2022-10-26 HTTP/1.1" 200 412
124.79.74.72 - - [26/Oct/2022:11:21:33 +0800] "GET /xingrg/kc/base/crk_hz.html HTTP/1.1" 200 11247
124.79.74.72 - - [26/Oct/2022:11:21:33 +0800] "POST /xingrg/kc/cost/cost_operate.html?command=get_base_tree HTTP/1.1" 200 2722
124.79.74.72 - - [26/Oct/2022:11:21:33 +0800] "POST /xingrg/all/common/load_tree.html?tree=materiel_sort_tree_json HTTP/1.1" 200 9500
114.83.223.130 - - [26/Oct/2022:11:21:34 +0800] "POST /xingrg/dwr/call/plaincall/AjaxQqpsService.getMaterielByCode.dwr HTTP/1.1" 200 2793
180.169.147.146 - - [26/Oct/2022:11:21:34 +0800] "GET /xingrg/all/function/internal_message.html?_=1666754485982&CODE_STATE=getMsg HTTP/1.1" 200 27
222.70.183.206 - - [26/Oct/2022:11:21:34 +0800] "GET /xingrg/all/function/internal_message.html?_=1666754485222&CODE_STATE=getMsg HTTP/1.1" 200 27
114.83.223.130 - - [26/Oct/2022:11:21:35 +0800] "POST /xingrg/dwr/call/plaincall/AjaxQqpsService.saveMaterielItem.dwr HTTP/1.1" 200 79
114.83.223.130 - - [26/Oct/2022:11:21:38 +0800] "POST /xingrg/dwr/call/plaincall/AjaxQqpsService.getMaterielByCode.dwr HTTP/1.1" 200 2838
114.83.223.130 - - [26/Oct/2022:11:21:41 +0800] "POST /xingrg/dwr/call/plaincall/AjaxQqpsService.saveMaterielItem.dwr HTTP/1.1" 200 79
114.88.159.190 - - [26/Oct/2022:11:21:41 +0800] "POST /xingrg/kc/buy/cgsh_order_operate.html HTTP/1.1" 200 37
124.79.74.72 - - [26/Oct/2022:11:21:42 +0800] "GET /xingrg/kc/base/crk_hz.html?_=1666754494000&command=get_cost_id&end_date=2022-10-31&start_date=2022-10-01 HTTP/1.1" 200 51
124.79.74.72 - - [26/Oct/2022:11:21:42 +0800] "GET /xingrg/all/report/report_query.html?isQuery=1&onlyBody=1&rh=99999&rw=1800&varString=start:20221001,cost_id:3937,mid:20221001&fileName=kc/base/crk_hz_type_by_base.xml&queryString=%20a.base_code%20in%20('0010785')%20%20and%20m.sort_code%20in%20('00101001','00101002','00101003','00101004','00101005','00101006','00101007','00101008','00101009','00101010','00101011','00101012','00101013','00101014','00101015','00101016','00101017','00101018','00101019','00101020','00101021','00101022','00101023','00101024','00101025','00101026','00101027','00101028','00101029','00101030','00101031','00101032','00101033','00101034','00101036','00101037','00101038','00101039','00101040','00101041','00101042','00101043')%20&queryText=ÈÕÆÚ£º2022-10-01ÖÁ2022-10-31%20²Ö¿â£ºÔÁ²Ë&tableQueryString=materiel_table$sp1$$sp$before_table$sp1$$sp$crk_table$sp1$order_day%20between%2020221001%20and%2020221031 HTTP/1.1" 200 49884
124.79.74.72 - - [26/Oct/2022:11:21:42 +0800] "GET /xingrg/dwr/interface/AjaxReportQueryService.js HTTP/1.1" 200 13203
124.79.74.72 - - [26/Oct/2022:11:21:42 +0800] "GET /xingrg/dwr/engine.js HTTP/1.1" 200 43631
124.79.74.72 - - [26/Oct/2022:11:21:43 +0800] "POST /xingrg/all/report/load_report_page.html HTTP/1.1" 200 94846
124.79.74.72 - - [26/Oct/2022:11:21:43 +0800] "GET /xingrg/servlets/image?cache=0.048560101082034124&image=px HTTP/1.1" 200 807
114.83.223.130 - - [26/Oct/2022:11:21:44 +0800] "POST /xingrg/dwr/call/plaincall/AjaxQqpsService.getMaterielByCode.dwr HTTP/1.1" 200 2828
180.169.147.146 - - [26/Oct/2022:11:21:44 +0800] "GET /xingrg/all/function/internal_message.html?_=1666754496842&CODE_STATE=getMsg HTTP/1.1" 200 27
58.37.7.251 - - [26/Oct/2022:11:21:45 +0800] "GET /xingrg/login.html?r=1 HTTP/1.1" 200 7641
58.37.7.251 - - [26/Oct/2022:11:21:45 +0800] "GET /favicon.ico HTTP/1.1" 404 -
114.83.223.130 - - [26/Oct/2022:11:21:45 +0800] "POST /xingrg/dwr/call/plaincall/AjaxQqpsService.saveMaterielItem.dwr HTTP/1.1" 200 79
116.238.139.35 - - [26/Oct/2022:11:21:46 +0800] "POST /xingrg/all/user/operate.html HTTP/1.1" 200 36
114.88.159.190 - - [26/Oct/2022:11:21:46 +0800] "POST /xingrg/kc/buy/cgsh_order_operate.html HTTP/1.1" 200 12
116.238.139.35 - - [26/Oct/2022:11:21:46 +0800] "GET /xingrg/javascript/jquery_easy_ui/themes/default/easyui.css HTTP/1.1" 304 -
116.238.139.35 - - [26/Oct/2022:11:21:46 +0800] "GET /xingrg/index.html?sysBaseUrl=http%3A%2F%2F180.169.147.146%3A18081%2Fxingrg%2F&costTime=45×tamp=1666745526802 HTTP/1.1" 200 17177
116.238.139.35 - - [26/Oct/2022:11:21:46 +0800] "GET /xingrg/javascript/jquery_easy_ui/themes/icon.css HTTP/1.1" 304 -
116.238.139.35 - - [26/Oct/2022:11:21:46 +0800] "GET /xingrg/css/form.css HTTP/1.1" 304 -
116.238.139.35 - - [26/Oct/2022:11:21:46 +0800] "GET /xingrg/javascript/jquery-1.4.2.min.js HTTP/1.1" 304 -
116.238.139.35 - - [26/Oct/2022:11:21:46 +0800] "GET /xingrg/javascript/jquery_easy_ui/jquery.easyui.min.js HTTP/1.1" 304 -
116.238.139.35 - - [26/Oct/2022:11:21:46 +0800] "GET /xingrg/javascript/jquery_easy_ui/easyui-lang-zh_CN.js HTTP/1.1" 304 -
116.238.139.35 - - [26/Oct/2022:11:21:46 +0800] "GET /xingrg/javascript/jquery.form.js HTTP/1.1" 304 -
116.238.139.35 - - [26/Oct/2022:11:21:46 +0800] "GET /xingrg/javascript/jquery.utils.js HTTP/1.1" 304 -
116.238.139.35 - - [26/Oct/2022:11:21:46 +0800] "GET /xingrg/javascript/jquery.timers.js HTTP/1.1" 304 -
116.238.139.35 - - [26/Oct/2022:11:21:46 +0800] "GET /xingrg/images/blue/jxLogo.png HTTP/1.1" 304 -
116.238.139.35 - - [26/Oct/2022:11:21:46 +0800] "GET /xingrg/images/blue/navBackgound.jpg HTTP/1.1" 304 -
116.238.139.35 - - [26/Oct/2022:11:21:46 +0800] "GET /xingrg/javascript/jquery_easy_ui/themes/icons/settle_new.png HTTP/1.1" 304 -
116.238.139.35 - - [26/Oct/2022:11:21:46 +0800] "POST /xingrg/all/common/load_tree.html?tree=area_rest_tree_json&manage=1 HTTP/1.1" 200 476
116.238.139.35 - - [26/Oct/2022:11:21:46 +0800] "GET /xingrg/all/function/internal_message.html?_=1666754498753&CODE_STATE=count HTTP/1.1" 200 11
116.238.139.35 - - [26/Oct/2022:11:21:46 +0800] "GET /xingrg/check_reg.html?_=1666754498755 HTTP/1.1" 200 22
116.238.139.35 - - [26/Oct/2022:11:21:46 +0800] "GET /xingrg/javascript/jquery_easy_ui/themes/default/images/tabs_rightarrow.png HTTP/1.1" 304 -
116.238.139.35 - - [26/Oct/2022:11:21:46 +0800] "GET /xingrg/javascript/jquery_easy_ui/themes/default/images/panel_tool_collapse.gif HTTP/1.1" 304 -
116.238.139.35 - - [26/Oct/2022:11:21:46 +0800] "GET /xingrg/javascript/jquery_easy_ui/themes/default/images/tabs_leftarrow.png HTTP/1.1" 304 -
116.238.139.35 - - [26/Oct/2022:11:21:46 +0800] "GET /xingrg/images/blue/pingpu.png HTTP/1.1" 304 -
116.238.139.35 - - [26/Oct/2022:11:21:46 +0800] "POST /xingrg/load_menu.html HTTP/1.1" 200 5138
58.39.35.118 - - [26/Oct/2022:11:21:46 +0800] "GET /xingrg/all/function/internal_message.html?_=1666754495998&CODE_STATE=getMsg HTTP/1.1" 200 27
58.37.7.251 - - [26/Oct/2022:11:21:47 +0800] "POST /xingrg/login.do HTTP/1.1" 302 -
58.37.7.251 - - [26/Oct/2022:11:21:47 +0800] "GET /xingrg/index.html?sysBaseUrl=http%3A%2F%2F180.169.147.146%3A18081%2Fxingrg%2F&costTime=42×tamp=1666754507031 HTTP/1.1" 200 17173
58.37.7.251 - - [26/Oct/2022:11:21:47 +0800] "POST /xingrg/all/common/load_tree.html?tree=area_rest_tree_json&manage=1 HTTP/1.1" 200 342
58.37.7.251 - - [26/Oct/2022:11:21:47 +0800] "GET /xingrg/check_reg.html?_=1666754501107 HTTP/1.1" 200 22
58.37.7.251 - - [26/Oct/2022:11:21:47 +0800] "GET /xingrg/all/function/internal_message.html?_=1666754501104&CODE_STATE=count HTTP/1.1" 200 11
58.37.7.251 - - [26/Oct/2022:11:21:47 +0800] "GET /favicon.ico HTTP/1.1" 404 -
58.37.7.251 - - [26/Oct/2022:11:21:47 +0800] "POST /xingrg/load_menu.html HTTP/1.1" 200 5138
116.230.105.139 - - [26/Oct/2022:11:21:47 +0800] "GET /xingrg/all/function/internal_message.html?_=1666754461216&CODE_STATE=getMsg HTTP/1.1" 200 27
58.39.35.118 - - [26/Oct/2022:11:21:47 +0800] "GET /xingrg/check_reg.html?_=1666754496409 HTTP/1.1" 200 22
114.88.159.190 - - [26/Oct/2022:11:21:47 +0800] "GET /xingrg/kc/buy/cgsh_order_info.html?code=212022102607928 HTTP/1.1" 200 64008
114.88.159.190 - - [26/Oct/2022:11:21:47 +0800] "GET /xingrg/javascript/easyui/themes/default/validatebox.css HTTP/1.1" 404 1104
114.88.159.190 - - [26/Oct/2022:11:21:48 +0800] "POST /xingrg/kc/buy/cgsh_order_operate.html HTTP/1.1" 200 612
101.85.93.18 - - [26/Oct/2022:11:21:48 +0800] "GET /xingrg/all/function/internal_message.html?_=1666754500977&CODE_STATE=getMsg HTTP/1.1" 200 27
58.37.7.251 - - [26/Oct/2022:11:21:49 +0800] "GET /xingrg/kc/buy/buy_main.html HTTP/1.1" 200 12412
58.37.7.251 - - [26/Oct/2022:11:21:49 +0800] "GET /xingrg/css/new_ie.css HTTP/1.1" 404 1036
116.238.139.35 - - [26/Oct/2022:11:21:49 +0800] "GET /xingrg/kc/buy/cgsh_order_list.html HTTP/1.1" 200 53326
114.88.159.190 - - [26/Oct/2022:11:21:49 +0800] "GET /xingrg/kc/print/load_data.html?order_code=212022102607928&kc_code=cgsh&condition= HTTP/1.1" 200 707
124.79.74.72 - - [26/Oct/2022:11:21:49 +0800] "GET /xingrg/all/report/report_query.html?isQuery=1&fileName=kc/base/crk_detail_by_small.xml&rh=99999&queryString=&queryText=%25E3%2580%2590%25E4%25BB%2593%25E5%25BA%2593%25E5%2590%258D%25E7%25A7%25B0%253A%25E7%25B2%25A4%25E8%258F%259C%25E3%2580%2591%25E3%2580%2590%25E4%25B8%259A%25E5%258A%25A1%25E7%25B1%25BB%25E5%259E%258B%25EF%25BC%259A%25E5%2586%2585%25E9%2583%25A8%25E8%25B0%2583%25E5%2585%25A5%25E3%2580%2591%2520%253F%253F%253F%253F%253F2022-10-01%253F%253F2022-10-31%2520%253F%253F%253F%253F%253F%253F%253F&tableQueryString=crk_table%2524sp1%2524order_day%2520between%252020221001%2520and%252020221031%2520and%2520(base_code%253D'0010785')%2520and%2520(src_order_type%2520in%2520(42))%2520and%2520(is_rk%2520in%2520(1)) HTTP/1.1" 200 53778
124.79.74.72 - - [26/Oct/2022:11:21:49 +0800] "GET /xingrg/dwr/interface/AjaxReportQueryService.js HTTP/1.1" 200 13203
124.79.74.72 - - [26/Oct/2022:11:21:49 +0800] "GET /xingrg/dwr/engine.js HTTP/1.1" 200 43631
58.37.7.251 - - [26/Oct/2022:11:21:49 +0800] "GET /xingrg/images/yd/bt.gif HTTP/1.1" 404 1040
124.79.74.72 - - [26/Oct/2022:11:21:50 +0800] "POST /xingrg/all/report/load_report_page.html HTTP/1.1" 200 38962
124.79.74.72 - - [26/Oct/2022:11:21:50 +0800] "GET /xingrg/servlets/image?cache=0.8695095477111723&image=px HTTP/1.1" 200 807
116.238.139.35 - - [26/Oct/2022:11:21:50 +0800] "POST /xingrg/kc/buy/cgsh_list_operate.html HTTP/1.1" 200 986
58.37.7.251 - - [26/Oct/2022:11:21:50 +0800] "GET /xingrg/kc/buy/cgsh_order_list.html HTTP/1.1" 200 53322
180.169.147.146 - - [26/Oct/2022:11:21:50 +0800] "GET /xingrg/all/function/internal_message.html?_=1666754502938&CODE_STATE=getMsg HTTP/1.1" 200 27
114.83.223.130 - - [26/Oct/2022:11:21:50 +0800] "POST /xingrg/dwr/call/plaincall/AjaxQqpsService.getMaterielByCode.dwr HTTP/1.1" 200 2817
58.37.7.251 - - [26/Oct/2022:11:21:51 +0800] "POST /xingrg/kc/buy/cgsh_list_operate.html HTTP/1.1" 200 986
114.83.223.130 - - [26/Oct/2022:11:21:52 +0800] "POST /xingrg/dwr/call/plaincall/AjaxQqpsService.saveMaterielItem.dwr HTTP/1.1" 200 79
58.37.7.251 - - [26/Oct/2022:11:21:53 +0800] "GET /xingrg/kc/buy/cgsh_order_add.html HTTP/1.1" 200 69097
58.37.7.251 - - [26/Oct/2022:11:21:53 +0800] "GET /xingrg/words/20221024164613_words.js HTTP/1.1" 304 -
114.88.159.190 - - [26/Oct/2022:11:21:53 +0800] "GET /xingrg/kc/buy/cgsh_order_add.html HTTP/1.1" 200 69103
58.37.7.251 - - [26/Oct/2022:11:21:53 +0800] "GET /xingrg/javascript/easyui/themes/default/validatebox.css HTTP/1.1" 404 1104
58.37.7.251 - - [26/Oct/2022:11:21:53 +0800] "GET /xingrg/all/common/auto_word.html?type=employee&rest_code=00106 HTTP/1.1" 200 205
58.37.7.251 - - [26/Oct/2022:11:21:53 +0800] "GET /xingrg/all/common/auto_word.html?type=employee&rest_code=00106 HTTP/1.1" 200 205
58.37.7.251 - - [26/Oct/2022:11:21:53 +0800] "POST /xingrg/kc/buy/cgsh_order_operate.html HTTP/1.1" 200 8245
114.88.159.190 - - [26/Oct/2022:11:21:53 +0800] "POST /xingrg/kc/buy/cgsh_order_operate.html HTTP/1.1" 200 8245
114.88.159.190 - - [26/Oct/2022:11:21:53 +0800] "GET /xingrg/javascript/easyui/themes/default/validatebox.css HTTP/1.1" 404 1104
221.239.141.151 - - [26/Oct/2022:11:21:53 +0800] "GET /xingrg/kc/buy/cgsh_order_operate.html?command=get_materiel&rest_code=00102&code=00101008350&supplier_code=00100008&order_time=2022-10-26 HTTP/1.1" 200 408
58.37.7.251 - - [26/Oct/2022:11:21:54 +0800] "GET /xingrg/javascript/easyui/themes/default/tree.css HTTP/1.1" 404 1090
58.37.7.251 - - [26/Oct/2022:11:21:54 +0800] "POST /xingrg/all/common/load_tree.html?tree=supplier_tree_json&isDelete=1 HTTP/1.1" 200 69393
114.83.223.130 - - [26/Oct/2022:11:21:55 +0800] "POST /xingrg/dwr/call/plaincall/AjaxQqpsService.getMaterielByCode.dwr HTTP/1.1" 200 2788
114.88.159.190 - - [26/Oct/2022:11:21:55 +0800] "GET /xingrg/all/function/internal_message.html?_=1666754508224&CODE_STATE=getMsg HTTP/1.1" 200 27
114.83.223.130 - - [26/Oct/2022:11:21:56 +0800] "POST /xingrg/dwr/call/plaincall/AjaxQqpsService.saveMaterielItem.dwr HTTP/1.1" 200 79
116.238.139.35 - - [26/Oct/2022:11:21:58 +0800] "GET /xingrg/kc/buy/cgsh_order_add.html HTTP/1.1" 200 68701
116.238.139.35 - - [26/Oct/2022:11:21:59 +0800] "POST /xingrg/kc/buy/cgsh_order_operate.html HTTP/1.1" 200 8245
116.238.139.35 - - [26/Oct/2022:11:21:59 +0800] "GET /xingrg/javascript/easyui/themes/default/validatebox.css HTTP/1.1" 404 1104
58.40.7.146 - - [26/Oct/2022:11:21:59 +0800] "GET /xingrg/all/function/internal_message.html?_=1666754511482&CODE_STATE=getMsg HTTP/1.1" 200 27
114.83.223.130 - - [26/Oct/2022:11:21:59 +0800] "POST /xingrg/dwr/call/plaincall/AjaxQqpsService.getMaterielByCode.dwr HTTP/1.1" 200 2815
120.253.135.82 - - [26/Oct/2022:11:22:00 +0800] "GET /xingrg/check_reg.html?_=1666754615381 HTTP/1.1" 200 22
116.238.139.35 - - [26/Oct/2022:11:22:00 +0800] "GET /xingrg/javascript/auto/indicator.gif HTTP/1.1" 404 1066
124.79.74.72 - - [26/Oct/2022:11:22:02 +0800] "GET /xingrg/kc/base/crk_hz.html?_=1666754513745&command=get_cost_id&end_date=2022-10-31&start_date=2022-10-01 HTTP/1.1" 200 51
124.79.74.72 - - [26/Oct/2022:11:22:02 +0800] "GET /xingrg/all/report/report_query.html?isQuery=1&onlyBody=1&rh=99999&rw=1800&varString=start:20221001,cost_id:3937,mid:20221001&fileName=kc/base/crk_hz_type_by_base.xml&queryString=%20a.base_code%20in%20('0010785')%20%20and%20m.sort_code%20in%20('00101001','00101002','00101003','00101004','00101005','00101006','00101007','00101008','00101009','00101010','00101011','00101012','00101013','00101014','00101015','00101016','00101017','00101018','00101019','00101020','00101021','00101022','00101023','00101024','00101025','00101026','00101027','00101028','00101029','00101030','00101031','00101032','00101033','00101034','00101036','00101037','00101038','00101039','00101040','00101041','00101042','00101043')%20&queryText=ÈÕÆÚ£º2022-10-01ÖÁ2022-10-31%20²Ö¿â£ºÔÁ²Ë&tableQueryString=materiel_table$sp1$$sp$before_table$sp1$$sp$crk_table$sp1$order_day%20between%2020221001%20and%2020221031 HTTP/1.1" 200 49884
124.79.74.72 - - [26/Oct/2022:11:22:02 +0800] "GET /xingrg/dwr/interface/AjaxReportQueryService.js HTTP/1.1" 200 13203
124.79.74.72 - - [26/Oct/2022:11:22:02 +0800] "GET /xingrg/dwr/engine.js HTTP/1.1" 200 43631
114.83.223.130 - - [26/Oct/2022:11:22:02 +0800] "GET /xingrg/all/function/internal_message.html?_=1666754513477&CODE_STATE=getMsg HTTP/1.1" 200 27
120.253.135.82 - - [26/Oct/2022:11:22:02 +0800] "GET /xingrg/all/function/internal_message.html?_=1666754617995&CODE_STATE=getMsg HTTP/1.1" 200 27
124.79.74.72 - - [26/Oct/2022:11:22:02 +0800] "POST /xingrg/all/report/load_report_page.html HTTP/1.1" 200 94754
124.79.74.72 - - [26/Oct/2022:11:22:02 +0800] "GET /xingrg/servlets/image?cache=0.08566905603559993&image=px HTTP/1.1" 200 807
114.83.223.130 - - [26/Oct/2022:11:22:03 +0800] "POST /xingrg/dwr/call/plaincall/AjaxQqpsService.saveMaterielItem.dwr HTTP/1.1" 200 79
124.79.74.72 - - [26/Oct/2022:11:22:06 +0800] "GET /xingrg/all/report/report_query.html?isQuery=1&fileName=kc/base/crk_detail_by_small.xml&rh=99999&queryString=&queryText=%25E3%2580%2590%25E4%25BB%2593%25E5%25BA%2593%25E5%2590%258D%25E7%25A7%25B0%253A%25E7%25B2%25A4%25E8%258F%259C%25E3%2580%2591%25E3%2580%2590%25E4%25B8%259A%25E5%258A%25A1%25E7%25B1%25BB%25E5%259E%258B%25EF%25BC%259A%25E5%2586%2585%25E9%2583%25A8%25E8%25B0%2583%25E5%2585%25A5%25E3%2580%2591%2520%253F%253F%253F%253F%253F2022-10-01%253F%253F2022-10-31%2520%253F%253F%253F%253F%253F%253F%253F&tableQueryString=crk_table%2524sp1%2524order_day%2520between%252020221001%2520and%252020221031%2520and%2520(base_code%253D'0010785')%2520and%2520(src_order_type%2520in%2520(42))%2520and%2520(is_rk%2520in%2520(1)) HTTP/1.1" 200 53778
124.79.74.72 - - [26/Oct/2022:11:22:06 +0800] "GET /xingrg/dwr/interface/AjaxReportQueryService.js HTTP/1.1" 200 13203
124.79.74.72 - - [26/Oct/2022:11:22:06 +0800] "GET /xingrg/dwr/engine.js HTTP/1.1" 200 43631
124.79.74.72 - - [26/Oct/2022:11:22:07 +0800] "POST /xingrg/all/report/load_report_page.html HTTP/1.1" 200 38962
124.79.74.72 - - [26/Oct/2022:11:22:07 +0800] "GET /xingrg/servlets/image?cache=0.7048668243751233&image=px HTTP/1.1" 200 807
58.37.7.251 - - [26/Oct/2022:11:22:08 +0800] "GET /xingrg/javascript/auto/indicator.gif HTTP/1.1" 404 1066
124.79.74.72 - - [26/Oct/2022:11:22:11 +0800] "POST /xingrg/all/report/load_report_page.html HTTP/1.1" 200 279849
124.79.74.72 - - [26/Oct/2022:11:22:12 +0800] "GET /xingrg/servlets/image?cache=0.7654093073635727&image=px HTTP/1.1" 200 807
124.79.74.72 - - [26/Oct/2022:11:22:12 +0800] "GET /xingrg/all/function/internal_message.html?_=1666754522981&CODE_STATE=getMsg HTTP/1.1" 200 27
222.69.192.207 - - [26/Oct/2022:11:22:12 +0800] "GET /xingrg/all/function/internal_message.html?_=1666754376976&CODE_STATE=getMsg HTTP/1.1" 200 27
116.238.139.35 - - [26/Oct/2022:11:22:12 +0800] "GET /xingrg/all/function/internal_message.html?_=1666754461089&CODE_STATE=getMsg HTTP/1.1" 200 27
58.37.7.251 - - [26/Oct/2022:11:22:12 +0800] "GET /xingrg/kc/buy/cgsh_order_operate.html?command=get_materiel&rest_code=00106&code=00101001125&supplier_code=00100090&order_time=2022-10-26 HTTP/1.1" 200 417
114.83.219.57 - - [26/Oct/2022:11:22:14 +0800] "GET /xingrg/all/function/internal_message.html?_=1666754632074&CODE_STATE=getMsg HTTP/1.1" 200 27
221.239.141.151 - - [26/Oct/2022:11:22:15 +0800] "GET /xingrg/all/function/internal_message.html?_=1666754538568&CODE_STATE=getMsg HTTP/1.1" 200 27
114.88.159.190 - - [26/Oct/2022:11:22:16 +0800] "GET /xingrg/kc/buy/cgsh_order_operate.html?command=get_materiel&rest_code=00141&code=00101006157&supplier_code=00100327&order_time=2022-10-26 HTTP/1.1" 200 415
116.238.139.35 - - [26/Oct/2022:11:22:16 +0800] "GET /xingrg/kc/buy/cgsh_order_operate.html?command=get_materiel&rest_code=00151&code=00101010376&supplier_code=00100325&order_time=2022-10-26 HTTP/1.1" 200 420
116.230.114.213 - - [26/Oct/2022:11:22:20 +0800] "GET /xingrg/all/function/internal_message.html?_=1666754547221&CODE_STATE=getMsg HTTP/1.1" 200 27
114.83.223.130 - - [26/Oct/2022:11:22:21 +0800] "GET /xingrg/all/function/internal_message.html?_=1666754534743&CODE_STATE=getMsg HTTP/1.1" 200 27
221.239.141.151 - - [26/Oct/2022:11:22:23 +0800] "GET /xingrg/all/function/internal_message.html?_=1666754535736&CODE_STATE=getMsg HTTP/1.1" 200 27
124.79.74.72 - - [26/Oct/2022:11:22:29 +0800] "GET /xingrg/all/function/internal_message.html?_=1666754540650&CODE_STATE=getMsg HTTP/1.1" 200 27
124.79.74.72 - - [26/Oct/2022:11:22:29 +0800] "GET /xingrg/kc/base/crk_hz.html?_=1666754541179&command=get_cost_id&end_date=2022-10-31&start_date=2022-10-01 HTTP/1.1" 200 51
124.79.74.72 - - [26/Oct/2022:11:22:29 +0800] "GET /xingrg/all/report/report_query.html?isQuery=1&onlyBody=1&rh=99999&rw=1800&varString=start:20221001,cost_id:3937,mid:20221001&fileName=kc/base/crk_hz_type_by_base.xml&queryString=%20a.base_code%20in%20('0010785')%20%20and%20m.sort_code%20in%20('00101001','00101002','00101003','00101004','00101005','00101006','00101007','00101008','00101009','00101010','00101011','00101012','00101013','00101014','00101015','00101016','00101017','00101018','00101019','00101020','00101021','00101022','00101023','00101024','00101025','00101026','00101027','00101028','00101029','00101030','00101031','00101032','00101033','00101034','00101036','00101037','00101038','00101039','00101040','00101041','00101042','00101043')%20&queryText=ÈÕÆÚ£º2022-10-01ÖÁ2022-10-31%20²Ö¿â£ºÔÁ²Ë&tableQueryString=materiel_table$sp1$$sp$before_table$sp1$$sp$crk_table$sp1$order_day%20between%2020221001%20and%2020221031 HTTP/1.1" 200 49884
124.79.74.72 - - [26/Oct/2022:11:22:29 +0800] "GET /xingrg/dwr/interface/AjaxReportQueryService.js HTTP/1.1" 200 13203
124.79.74.72 - - [26/Oct/2022:11:22:29 +0800] "GET /xingrg/dwr/engine.js HTTP/1.1" 200 43631
124.79.74.72 - - [26/Oct/2022:11:22:30 +0800] "POST /xingrg/all/report/load_report_page.html HTTP/1.1" 200 94662
124.79.74.72 - - [26/Oct/2022:11:22:30 +0800] "GET /xingrg/servlets/image?cache=0.3820160396926654&image=px HTTP/1.1" 200 807
114.88.159.190 - - [26/Oct/2022:11:22:31 +0800] "GET /xingrg/check_reg.html?_=1666754165533 HTTP/1.1" 200 22
116.230.105.139 - - [26/Oct/2022:11:22:32 +0800] "GET /xingrg/all/function/internal_message.html?_=1666754544417&CODE_STATE=getMsg HTTP/1.1" 200 27
180.169.147.146 - - [26/Oct/2022:11:22:34 +0800] "GET /xingrg/all/function/internal_message.html?_=1666754545965&CODE_STATE=getMsg HTTP/1.1" 200 27
222.70.183.206 - - [26/Oct/2022:11:22:34 +0800] "GET /xingrg/all/function/internal_message.html?_=1666754545207&CODE_STATE=getMsg HTTP/1.1" 200 27
221.239.141.151 - - [26/Oct/2022:11:22:36 +0800] "POST /xingrg/kc/buy/cgsh_order_operate.html HTTP/1.1" 200 2065
116.238.139.35 - - [26/Oct/2022:11:22:36 +0800] "GET /xingrg/check_reg.html?_=1666754485151 HTTP/1.1" 200 22
114.88.159.190 - - [26/Oct/2022:11:22:39 +0800] "GET /xingrg/kc/buy/cgsh_order_operate.html?command=get_materiel&rest_code=00141&code=00101008145&supplier_code=00100327&order_time=2022-10-26 HTTP/1.1" 200 417
58.37.7.251 - - [26/Oct/2022:11:22:39 +0800] "GET /xingrg/kc/buy/cgsh_order_operate.html?command=get_materiel&rest_code=00106&code=00101001140&supplier_code=00100090&order_time=2022-10-26 HTTP/1.1" 200 417
124.79.74.72 - - [26/Oct/2022:11:22:40 +0800] "GET /xingrg/kc/report/report_main.html HTTP/1.1" 200 7340
124.79.74.72 - - [26/Oct/2022:11:22:41 +0800] "GET /xingrg/all/report/report_query.html?isQuery=1&fileName=kc/base/crk_detail_by_small.xml&rh=99999&queryString=&queryText=%25E3%2580%2590%25E4%25BB%2593%25E5%25BA%2593%25E5%2590%258D%25E7%25A7%25B0%253A%25E7%25B2%25A4%25E8%258F%259C%25E3%2580%2591%25E3%2580%2590%25E4%25B8%259A%25E5%258A%25A1%25E7%25B1%25BB%25E5%259E%258B%25EF%25BC%259A%25E5%2586%2585%25E9%2583%25A8%25E8%25B0%2583%25E5%2585%25A5%25E3%2580%2591%2520%253F%253F%253F%253F%253F2022-10-01%253F%253F2022-10-31%2520%253F%253F%253F%253F%253F%253F%253F&tableQueryString=crk_table%2524sp1%2524order_day%2520between%252020221001%2520and%252020221031%2520and%2520(base_code%253D'0010785')%2520and%2520(src_order_type%2520in%2520(42))%2520and%2520(is_rk%2520in%2520(1)) HTTP/1.1" 200 53778
124.79.74.72 - - [26/Oct/2022:11:22:41 +0800] "GET /xingrg/dwr/interface/AjaxReportQueryService.js HTTP/1.1" 200 13203
124.79.74.72 - - [26/Oct/2022:11:22:41 +0800] "GET /xingrg/dwr/engine.js HTTP/1.1" 200 43631
124.79.74.72 - - [26/Oct/2022:11:22:41 +0800] "GET /xingrg/all/report/report_query.html?fileName=kc/buy/gys_amount_base.xml&rh=99999 HTTP/1.1" 200 51871
124.79.74.72 - - [26/Oct/2022:11:22:41 +0800] "GET /xingrg/dwr/util.js HTTP/1.1" 304 -
124.79.74.72 - - [26/Oct/2022:11:22:41 +0800] "GET /xingrg/dwr/interface/AjaxReportQueryService.js HTTP/1.1" 200 13203
124.79.74.72 - - [26/Oct/2022:11:22:41 +0800] "GET /xingrg/dwr/engine.js HTTP/1.1" 200 43631
124.79.74.72 - - [26/Oct/2022:11:22:41 +0800] "POST /xingrg/dwr/call/plaincall/AjaxReportQueryService.getFixDate.dwr HTTP/1.1" 200 111
124.79.74.72 - - [26/Oct/2022:11:22:41 +0800] "POST /xingrg/all/report/load_report_page.html HTTP/1.1" 200 38962
124.79.74.72 - - [26/Oct/2022:11:22:41 +0800] "GET /xingrg/servlets/image?cache=0.9594141091108932&image=px HTTP/1.1" 200 807
124.79.74.72 - - [26/Oct/2022:11:22:41 +0800] "POST /xingrg/dwr/call/plaincall/AjaxReportQueryService.getInitString.dwr HTTP/1.1" 200 1083
124.79.74.72 - - [26/Oct/2022:11:22:42 +0800] "POST /xingrg/all/common/load_tree.html?tree=supplier_tree_json&manage=1 HTTP/1.1" 200 70729
221.239.141.151 - - [26/Oct/2022:11:22:42 +0800] "GET /xingrg/kc/buy/cgsh_order_operate.html?command=get_materiel&rest_code=00102&code=00101008123&supplier_code=00100008&order_time=2022-10-26 HTTP/1.1" 200 412
124.79.74.72 - - [26/Oct/2022:11:22:43 +0800] "POST /xingrg/all/common/load_tree.html?tree=materiel_sort_tree_json HTTP/1.1" 200 9500
116.235.93.82 - - [26/Oct/2022:11:22:43 +0800] "POST /xingrg/services/DataTransmitService HTTP/1.1" 200 524
116.235.93.82 - - [26/Oct/2022:11:22:44 +0800] "POST /xingrg/services/DataTransmitService HTTP/1.1" 200 501
116.235.93.82 - - [26/Oct/2022:11:22:44 +0800] "POST /xingrg/services/DataTransmitService HTTP/1.1" 200 501
180.169.147.146 - - [26/Oct/2022:11:22:44 +0800] "GET /xingrg/all/function/internal_message.html?_=1666754556845&CODE_STATE=getMsg HTTP/1.1" 200 27
116.235.93.82 - - [26/Oct/2022:11:22:44 +0800] "POST /xingrg/services/DataTransmitService HTTP/1.1" 200 501
116.235.93.82 - - [26/Oct/2022:11:22:44 +0800] "POST /xingrg/services/DataTransmitService HTTP/1.1" 200 501
114.83.223.130 - - [26/Oct/2022:11:22:45 +0800] "POST /xingrg/dwr/call/plaincall/AjaxQqpsService.getMaterielByCode.dwr HTTP/1.1" 200 2811
116.235.93.82 - - [26/Oct/2022:11:22:45 +0800] "POST /xingrg/services/DataTransmitService HTTP/1.1" 200 501
116.235.93.82 - - [26/Oct/2022:11:22:46 +0800] "POST /xingrg/services/DataTransmitService HTTP/1.1" 200 412
114.83.223.130 - - [26/Oct/2022:11:22:46 +0800] "POST /xingrg/dwr/call/plaincall/AjaxQqpsService.saveMaterielItem.dwr HTTP/1.1" 200 79
116.238.139.35 - - [26/Oct/2022:11:22:46 +0800] "GET /xingrg/all/function/internal_message.html?_=1666754558770&CODE_STATE=getMsg HTTP/1.1" 200 27
58.39.35.118 - - [26/Oct/2022:11:22:46 +0800] "GET /xingrg/all/function/internal_message.html?_=1666754555971&CODE_STATE=getMsg HTTP/1.1" 200 27
58.37.7.251 - - [26/Oct/2022:11:22:47 +0800] "GET /xingrg/all/function/internal_message.html?_=1666754561111&CODE_STATE=getMsg HTTP/1.1" 200 27
116.230.105.139 - - [26/Oct/2022:11:22:47 +0800] "GET /xingrg/all/function/internal_message.html?_=1666754521209&CODE_STATE=getMsg HTTP/1.1" 200 27
124.79.74.72 - - [26/Oct/2022:11:22:47 +0800] "GET /xingrg/all/report/report_query.html?fileName=kc/base/crk_book_by_base.xml&rh=9999 HTTP/1.1" 200 58038
124.79.74.72 - - [26/Oct/2022:11:22:47 +0800] "GET /xingrg/dwr/interface/AjaxReportQueryService.js HTTP/1.1" 200 13203
124.79.74.72 - - [26/Oct/2022:11:22:47 +0800] "GET /xingrg/dwr/engine.js HTTP/1.1" 200 43631
124.79.74.72 - - [26/Oct/2022:11:22:48 +0800] "POST /xingrg/dwr/call/plaincall/AjaxReportQueryService.getFixDate.dwr HTTP/1.1" 200 111
124.79.74.72 - - [26/Oct/2022:11:22:48 +0800] "POST /xingrg/all/common/load_tree.html?tree=materiel_sort_tree_json HTTP/1.1" 200 9500
124.79.74.72 - - [26/Oct/2022:11:22:48 +0800] "POST /xingrg/dwr/call/plaincall/AjaxReportQueryService.getInitString.dwr HTTP/1.1" 200 1083
101.85.93.18 - - [26/Oct/2022:11:22:48 +0800] "GET /xingrg/check_reg.html?_=1666754560978 HTTP/1.1" 200 22
101.85.93.18 - - [26/Oct/2022:11:22:48 +0800] "GET /xingrg/all/function/internal_message.html?_=1666754560981&CODE_STATE=getMsg HTTP/1.1" 200 27
114.83.223.130 - - [26/Oct/2022:11:22:49 +0800] "POST /xingrg/dwr/call/plaincall/AjaxQqpsService.getMaterielByCode.dwr HTTP/1.1" 200 2758
114.88.159.190 - - [26/Oct/2022:11:22:50 +0800] "POST /xingrg/kc/buy/cgsh_order_operate.html HTTP/1.1" 200 37
114.83.223.130 - - [26/Oct/2022:11:22:50 +0800] "POST /xingrg/dwr/call/plaincall/AjaxQqpsService.saveMaterielItem.dwr HTTP/1.1" 200 79
180.169.147.146 - - [26/Oct/2022:11:22:50 +0800] "GET /xingrg/all/function/internal_message.html?_=1666754562935&CODE_STATE=getMsg HTTP/1.1" 200 27
116.238.139.35 - - [26/Oct/2022:11:22:52 +0800] "GET /xingrg/kc/buy/cgsh_order_operate.html?command=get_materiel&rest_code=00151&code=00101010498&supplier_code=00100325&order_time=2022-10-26 HTTP/1.1" 200 420
221.239.141.151 - - [26/Oct/2022:11:22:53 +0800] "GET /xingrg/kc/buy/cgsh_order_operate.html?command=get_materiel&rest_code=00102&code=00101015147&supplier_code=00100008&order_time=2022-10-26 HTTP/1.1" 200 410
114.88.159.190 - - [26/Oct/2022:11:22:54 +0800] "POST /xingrg/kc/buy/cgsh_order_operate.html HTTP/1.1" 200 12
124.79.74.72 - - [26/Oct/2022:11:22:55 +0800] "POST /xingrg/dwr/call/plaincall/AjaxReportQueryService.refreshCache.dwr HTTP/1.1" 200 78
114.88.159.190 - - [26/Oct/2022:11:22:55 +0800] "GET /xingrg/all/function/internal_message.html?_=1666754568222&CODE_STATE=getMsg HTTP/1.1" 200 27
114.88.159.190 - - [26/Oct/2022:11:22:56 +0800] "GET /xingrg/kc/buy/cgsh_order_info.html?code=212022102607929 HTTP/1.1" 200 64006
114.88.159.190 - - [26/Oct/2022:11:22:56 +0800] "GET /xingrg/javascript/easyui/themes/default/validatebox.css HTTP/1.1" 404 1104
58.37.7.251 - - [26/Oct/2022:11:22:57 +0800] "GET /xingrg/kc/buy/cgsh_order_operate.html?command=get_materiel&rest_code=00106&code=00101001037&supplier_code=00100090&order_time=2022-10-26 HTTP/1.1" 200 416
114.88.159.190 - - [26/Oct/2022:11:22:57 +0800] "POST /xingrg/kc/buy/cgsh_order_operate.html HTTP/1.1" 200 1206
114.88.159.190 - - [26/Oct/2022:11:22:58 +0800] "GET /xingrg/kc/print/load_data.html?order_code=212022102607929&kc_code=cgsh&condition= HTTP/1.1" 200 947
