114.83.223.130 - - [26/Oct/2022:10:14:02 +0800] "GET /xingrg/all/function/internal_message.html?_=1666750433792&CODE_STATE=getMsg HTTP/1.1" 200 27
116.238.139.35 - - [26/Oct/2022:10:14:11 +0800] "GET /xingrg/all/function/internal_message.html?_=1666750379704&CODE_STATE=getMsg HTTP/1.1" 200 27
222.69.192.207 - - [26/Oct/2022:10:14:12 +0800] "GET /xingrg/all/function/internal_message.html?_=1666750296904&CODE_STATE=getMsg HTTP/1.1" 200 27
114.83.219.57 - - [26/Oct/2022:10:14:14 +0800] "GET /xingrg/all/function/internal_message.html?_=1666750552087&CODE_STATE=getMsg HTTP/1.1" 200 27
116.230.114.213 - - [26/Oct/2022:10:14:19 +0800] "GET /xingrg/all/function/internal_message.html?_=1666750465141&CODE_STATE=getMsg HTTP/1.1" 200 27
221.239.141.151 - - [26/Oct/2022:10:14:22 +0800] "GET /xingrg/all/function/internal_message.html?_=1666750455736&CODE_STATE=getMsg HTTP/1.1" 200 27
116.230.105.139 - - [26/Oct/2022:10:14:31 +0800] "GET /xingrg/check_reg.html?_=1666750464421 HTTP/1.1" 200 22
116.230.105.139 - - [26/Oct/2022:10:14:32 +0800] "GET /xingrg/all/function/internal_message.html?_=1666750464422&CODE_STATE=getMsg HTTP/1.1" 200 27
222.70.183.206 - - [26/Oct/2022:10:14:34 +0800] "GET /xingrg/all/function/internal_message.html?_=1666750465639&CODE_STATE=getMsg HTTP/1.1" 200 27
180.169.147.146 - - [26/Oct/2022:10:14:44 +0800] "GET /xingrg/all/function/internal_message.html?_=1666750476758&CODE_STATE=getMsg HTTP/1.1" 200 27
116.230.105.139 - - [26/Oct/2022:10:14:47 +0800] "GET /xingrg/check_reg.html?_=1666750441209 HTTP/1.1" 200 22
58.39.35.118 - - [26/Oct/2022:10:14:47 +0800] "GET /xingrg/all/function/internal_message.html?_=1666750476427&CODE_STATE=getMsg HTTP/1.1" 200 27
120.253.135.82 - - [26/Oct/2022:10:14:48 +0800] "GET /xingrg/check_reg.html?_=1666750276684 HTTP/1.1" 200 22
116.230.105.139 - - [26/Oct/2022:10:14:48 +0800] "GET /xingrg/all/function/internal_message.html?_=1666750442419&CODE_STATE=getMsg HTTP/1.1" 200 27
116.238.139.35 - - [26/Oct/2022:10:14:49 +0800] "GET /xingrg/all/function/internal_message.html?_=1666750481658&CODE_STATE=getMsg HTTP/1.1" 200 27
116.230.114.213 - - [26/Oct/2022:10:14:55 +0800] "GET /xingrg/check_reg.html?_=1666750501765 HTTP/1.1" 200 22
120.253.135.82 - - [26/Oct/2022:10:15:01 +0800] "GET /xingrg/all/function/internal_message.html?_=1666750597075&CODE_STATE=getMsg HTTP/1.1" 200 27
114.83.223.130 - - [26/Oct/2022:10:15:02 +0800] "GET /xingrg/all/function/internal_message.html?_=1666750493783&CODE_STATE=getMsg HTTP/1.1" 200 27
116.238.139.35 - - [26/Oct/2022:10:15:11 +0800] "GET /xingrg/all/function/internal_message.html?_=1666750439736&CODE_STATE=getMsg HTTP/1.1" 200 27
222.69.192.207 - - [26/Oct/2022:10:15:12 +0800] "GET /xingrg/all/function/internal_message.html?_=1666750356905&CODE_STATE=getMsg HTTP/1.1" 200 27
222.69.192.207 - - [26/Oct/2022:10:15:12 +0800] "GET /xingrg/check_reg.html?_=1666750356908 HTTP/1.1" 200 22
114.83.219.57 - - [26/Oct/2022:10:15:14 +0800] "GET /xingrg/all/function/internal_message.html?_=1666750612086&CODE_STATE=getMsg HTTP/1.1" 200 27
116.230.114.213 - - [26/Oct/2022:10:15:19 +0800] "GET /xingrg/all/function/internal_message.html?_=1666750525149&CODE_STATE=getMsg HTTP/1.1" 200 27
221.239.141.151 - - [26/Oct/2022:10:15:22 +0800] "GET /xingrg/all/function/internal_message.html?_=1666750515722&CODE_STATE=getMsg HTTP/1.1" 200 27
116.230.105.139 - - [26/Oct/2022:10:15:31 +0800] "GET /xingrg/all/function/internal_message.html?_=1666750524418&CODE_STATE=getMsg HTTP/1.1" 200 27
222.70.183.206 - - [26/Oct/2022:10:15:34 +0800] "GET /xingrg/all/function/internal_message.html?_=1666750525639&CODE_STATE=getMsg HTTP/1.1" 200 27
180.169.147.146 - - [26/Oct/2022:10:15:44 +0800] "GET /xingrg/all/function/internal_message.html?_=1666750536774&CODE_STATE=getMsg HTTP/1.1" 200 27
180.169.147.146 - - [26/Oct/2022:10:15:44 +0800] "GET /xingrg/check_reg.html?_=1666750536776 HTTP/1.1" 200 22
58.39.35.118 - - [26/Oct/2022:10:15:47 +0800] "GET /xingrg/all/function/internal_message.html?_=1666750536416&CODE_STATE=getMsg HTTP/1.1" 200 27
116.230.105.139 - - [26/Oct/2022:10:15:48 +0800] "GET /xingrg/all/function/internal_message.html?_=1666750502393&CODE_STATE=getMsg HTTP/1.1" 200 27
116.238.139.35 - - [26/Oct/2022:10:15:49 +0800] "GET /xingrg/all/function/internal_message.html?_=1666750541661&CODE_STATE=getMsg HTTP/1.1" 200 27
116.238.139.35 - - [26/Oct/2022:10:15:52 +0800] "GET /xingrg/check_reg.html?_=1666750541664 HTTP/1.1" 200 22
120.253.135.82 - - [26/Oct/2022:10:16:02 +0800] "GET /xingrg/all/function/internal_message.html?_=1666750657089&CODE_STATE=getMsg HTTP/1.1" 200 27
114.83.223.130 - - [26/Oct/2022:10:16:02 +0800] "GET /xingrg/all/function/internal_message.html?_=1666750553789&CODE_STATE=getMsg HTTP/1.1" 200 27
116.238.139.35 - - [26/Oct/2022:10:16:11 +0800] "GET /xingrg/all/function/internal_message.html?_=1666750499747&CODE_STATE=getMsg HTTP/1.1" 200 27
222.69.192.207 - - [26/Oct/2022:10:16:12 +0800] "GET /xingrg/all/function/internal_message.html?_=1666750416916&CODE_STATE=getMsg HTTP/1.1" 200 27
114.83.219.57 - - [26/Oct/2022:10:16:14 +0800] "GET /xingrg/all/function/internal_message.html?_=1666750672087&CODE_STATE=getMsg HTTP/1.1" 200 27
114.83.219.57 - - [26/Oct/2022:10:16:14 +0800] "GET /xingrg/check_reg.html?_=1666750672090 HTTP/1.1" 200 22
116.230.114.213 - - [26/Oct/2022:10:16:19 +0800] "GET /xingrg/all/function/internal_message.html?_=1666750585163&CODE_STATE=getMsg HTTP/1.1" 200 27
221.239.141.151 - - [26/Oct/2022:10:16:22 +0800] "GET /xingrg/all/function/internal_message.html?_=1666750575725&CODE_STATE=getMsg HTTP/1.1" 200 27
221.239.141.151 - - [26/Oct/2022:10:16:22 +0800] "GET /xingrg/check_reg.html?_=1666750575726 HTTP/1.1" 200 22
222.64.58.56 - - [26/Oct/2022:10:16:27 +0800] "POST /xingrg/services/DataTransmitService HTTP/1.1" 200 524
116.230.105.139 - - [26/Oct/2022:10:16:31 +0800] "GET /xingrg/all/function/internal_message.html?_=1666750584418&CODE_STATE=getMsg HTTP/1.1" 200 27
222.70.183.206 - - [26/Oct/2022:10:16:34 +0800] "GET /xingrg/all/function/internal_message.html?_=1666750585639&CODE_STATE=getMsg HTTP/1.1" 200 27
222.69.192.207 - - [26/Oct/2022:10:16:36 +0800] "GET /xingrg/kc/base/wldb_order_add.html HTTP/1.1" 200 30365
222.69.192.207 - - [26/Oct/2022:10:16:37 +0800] "POST /xingrg/kc/base/wldb_order_operate.html HTTP/1.1" 200 6806
222.69.192.207 - - [26/Oct/2022:10:16:37 +0800] "GET /xingrg/javascript/easyui/themes/default/validatebox.css HTTP/1.1" 404 1104
180.169.147.146 - - [26/Oct/2022:10:16:44 +0800] "GET /xingrg/all/function/internal_message.html?_=1666750596774&CODE_STATE=getMsg HTTP/1.1" 200 27
58.39.35.118 - - [26/Oct/2022:10:16:47 +0800] "GET /xingrg/check_reg.html?_=1666750596435 HTTP/1.1" 200 22
58.39.35.118 - - [26/Oct/2022:10:16:47 +0800] "GET /xingrg/all/function/internal_message.html?_=1666750596438&CODE_STATE=getMsg HTTP/1.1" 200 27
116.230.105.139 - - [26/Oct/2022:10:16:48 +0800] "GET /xingrg/all/function/internal_message.html?_=1666750562368&CODE_STATE=getMsg HTTP/1.1" 200 27
116.238.139.35 - - [26/Oct/2022:10:16:49 +0800] "GET /xingrg/all/function/internal_message.html?_=1666750601665&CODE_STATE=getMsg HTTP/1.1" 200 27
222.69.192.207 - - [26/Oct/2022:10:16:49 +0800] "GET /xingrg/kc/buy/buy_main.html HTTP/1.1" 200 12412
222.69.192.207 - - [26/Oct/2022:10:16:49 +0800] "GET /xingrg/css/new_ie.css HTTP/1.1" 404 1036
222.69.192.207 - - [26/Oct/2022:10:16:50 +0800] "GET /xingrg/images/yd/bt.gif HTTP/1.1" 404 1040
221.239.141.151 - - [26/Oct/2022:10:16:50 +0800] "POST /xingrg/kc/buy/cgsh_list_operate.html HTTP/1.1" 200 6490
222.69.192.207 - - [26/Oct/2022:10:16:51 +0800] "GET /xingrg/kc/buy/cgsh_order_list.html HTTP/1.1" 200 53322
222.69.192.207 - - [26/Oct/2022:10:16:54 +0800] "POST /xingrg/kc/buy/cgsh_list_operate.html HTTP/1.1" 200 2283
221.239.141.151 - - [26/Oct/2022:10:16:55 +0800] "POST /xingrg/kc/buy/cgsh_list_operate.html HTTP/1.1" 200 306
222.69.192.207 - - [26/Oct/2022:10:16:57 +0800] "GET /xingrg/kc/buy/cgsh_order_add.html HTTP/1.1" 200 69185
222.69.192.207 - - [26/Oct/2022:10:16:57 +0800] "POST /xingrg/kc/buy/cgsh_order_operate.html HTTP/1.1" 200 8245
222.69.192.207 - - [26/Oct/2022:10:16:57 +0800] "GET /xingrg/javascript/easyui/themes/default/validatebox.css HTTP/1.1" 404 1104
120.253.135.82 - - [26/Oct/2022:10:17:00 +0800] "GET /xingrg/check_reg.html?_=1666750715298 HTTP/1.1" 200 22
120.253.135.82 - - [26/Oct/2022:10:17:01 +0800] "GET /xingrg/all/function/internal_message.html?_=1666750717097&CODE_STATE=getMsg HTTP/1.1" 200 27
114.83.223.130 - - [26/Oct/2022:10:17:02 +0800] "GET /xingrg/all/function/internal_message.html?_=1666750613800&CODE_STATE=getMsg HTTP/1.1" 200 27
221.239.141.151 - - [26/Oct/2022:10:17:07 +0800] "POST /xingrg/kc/buy/cgsh_list_operate.html HTTP/1.1" 200 6684
116.238.139.35 - - [26/Oct/2022:10:17:11 +0800] "GET /xingrg/all/function/internal_message.html?_=1666750559781&CODE_STATE=getMsg HTTP/1.1" 200 27
222.69.192.207 - - [26/Oct/2022:10:17:12 +0800] "GET /xingrg/all/function/internal_message.html?_=1666750476917&CODE_STATE=getMsg HTTP/1.1" 200 27
222.69.192.207 - - [26/Oct/2022:10:17:13 +0800] "GET /xingrg/kc/buy/cgsh_order_operate.html?command=get_materiel&rest_code=00105&code=00101002027&supplier_code=00100397&order_time=2022-10-26 HTTP/1.1" 200 413
114.83.219.57 - - [26/Oct/2022:10:17:14 +0800] "GET /xingrg/all/function/internal_message.html?_=1666750732082&CODE_STATE=getMsg HTTP/1.1" 200 27
116.230.114.213 - - [26/Oct/2022:10:17:19 +0800] "GET /xingrg/all/function/internal_message.html?_=1666750645224&CODE_STATE=getMsg HTTP/1.1" 200 27
221.239.141.151 - - [26/Oct/2022:10:17:22 +0800] "GET /xingrg/all/function/internal_message.html?_=1666750635724&CODE_STATE=getMsg HTTP/1.1" 200 27
221.239.141.151 - - [26/Oct/2022:10:17:27 +0800] "POST /xingrg/kc/buy/cgsh_list_operate.html HTTP/1.1" 200 6712
222.69.192.207 - - [26/Oct/2022:10:17:31 +0800] "POST /xingrg/kc/buy/cgsh_order_operate.html HTTP/1.1" 200 37
221.239.141.151 - - [26/Oct/2022:10:17:31 +0800] "POST /xingrg/kc/buy/cgsh_list_operate.html HTTP/1.1" 200 296
116.230.105.139 - - [26/Oct/2022:10:17:31 +0800] "GET /xingrg/all/function/internal_message.html?_=1666750644417&CODE_STATE=getMsg HTTP/1.1" 200 27
222.69.192.207 - - [26/Oct/2022:10:17:33 +0800] "POST /xingrg/kc/buy/cgsh_order_operate.html HTTP/1.1" 200 2660
222.70.183.206 - - [26/Oct/2022:10:17:34 +0800] "GET /xingrg/all/function/internal_message.html?_=1666750645639&CODE_STATE=getMsg HTTP/1.1" 200 27
222.69.192.207 - - [26/Oct/2022:10:17:35 +0800] "GET /xingrg/kc/print/load_data.html?order_code=212022102607895&kc_code=cgsh&condition= HTTP/1.1" 200 667
221.239.141.151 - - [26/Oct/2022:10:17:35 +0800] "GET /xingrg/kc/buy/cgsh_order_info.html?code=212022102307229 HTTP/1.1" 200 64053
221.239.141.151 - - [26/Oct/2022:10:17:35 +0800] "GET /xingrg/javascript/easyui/themes/default/validatebox.css HTTP/1.1" 404 1104
221.239.141.151 - - [26/Oct/2022:10:17:36 +0800] "POST /xingrg/kc/buy/cgsh_order_operate.html HTTP/1.1" 200 1235
116.238.139.35 - - [26/Oct/2022:10:17:36 +0800] "GET /xingrg/check_reg.html?_=1666750585079 HTTP/1.1" 200 22
180.169.147.146 - - [26/Oct/2022:10:17:44 +0800] "GET /xingrg/all/function/internal_message.html?_=1666750656765&CODE_STATE=getMsg HTTP/1.1" 200 27
58.39.35.118 - - [26/Oct/2022:10:17:47 +0800] "GET /xingrg/all/function/internal_message.html?_=1666750656444&CODE_STATE=getMsg HTTP/1.1" 200 27
116.230.105.139 - - [26/Oct/2022:10:17:48 +0800] "GET /xingrg/all/function/internal_message.html?_=1666750622346&CODE_STATE=getMsg HTTP/1.1" 200 27
116.238.139.35 - - [26/Oct/2022:10:17:49 +0800] "GET /xingrg/all/function/internal_message.html?_=1666750661667&CODE_STATE=getMsg HTTP/1.1" 200 27
120.253.135.82 - - [26/Oct/2022:10:18:02 +0800] "GET /xingrg/all/function/internal_message.html?_=1666750777110&CODE_STATE=getMsg HTTP/1.1" 200 27
114.83.223.130 - - [26/Oct/2022:10:18:02 +0800] "GET /xingrg/all/function/internal_message.html?_=1666750673793&CODE_STATE=getMsg HTTP/1.1" 200 27
116.238.139.35 - - [26/Oct/2022:10:18:11 +0800] "GET /xingrg/all/function/internal_message.html?_=1666750619790&CODE_STATE=getMsg HTTP/1.1" 200 27
222.69.192.207 - - [26/Oct/2022:10:18:12 +0800] "GET /xingrg/all/function/internal_message.html?_=1666750536917&CODE_STATE=getMsg HTTP/1.1" 200 27
114.83.219.57 - - [26/Oct/2022:10:18:14 +0800] "GET /xingrg/all/function/internal_message.html?_=1666750792074&CODE_STATE=getMsg HTTP/1.1" 200 27
116.230.114.213 - - [26/Oct/2022:10:18:19 +0800] "GET /xingrg/all/function/internal_message.html?_=1666750705237&CODE_STATE=getMsg HTTP/1.1" 200 27
221.239.141.151 - - [26/Oct/2022:10:18:22 +0800] "GET /xingrg/all/function/internal_message.html?_=1666750695725&CODE_STATE=getMsg HTTP/1.1" 200 27
116.230.105.139 - - [26/Oct/2022:10:18:32 +0800] "GET /xingrg/all/function/internal_message.html?_=1666750704430&CODE_STATE=getMsg HTTP/1.1" 200 27
222.70.183.206 - - [26/Oct/2022:10:18:34 +0800] "GET /xingrg/check_reg.html?_=1666750705638 HTTP/1.1" 200 22
222.70.183.206 - - [26/Oct/2022:10:18:34 +0800] "GET /xingrg/all/function/internal_message.html?_=1666750705642&CODE_STATE=getMsg HTTP/1.1" 200 27
58.221.95.50 - - [26/Oct/2022:10:18:42 +0800] "GET /xingrg/check_reg.html?_=1666750743372 HTTP/1.1" 302 -
180.169.147.146 - - [26/Oct/2022:10:18:44 +0800] "GET /xingrg/all/function/internal_message.html?_=1666750716766&CODE_STATE=getMsg HTTP/1.1" 200 27
58.39.35.118 - - [26/Oct/2022:10:18:47 +0800] "GET /xingrg/all/function/internal_message.html?_=1666750716434&CODE_STATE=getMsg HTTP/1.1" 200 27
116.230.105.139 - - [26/Oct/2022:10:18:48 +0800] "GET /xingrg/all/function/internal_message.html?_=1666750682321&CODE_STATE=getMsg HTTP/1.1" 200 27
116.238.139.35 - - [26/Oct/2022:10:18:49 +0800] "GET /xingrg/all/function/internal_message.html?_=1666750721672&CODE_STATE=getMsg HTTP/1.1" 200 27
120.253.135.82 - - [26/Oct/2022:10:19:02 +0800] "GET /xingrg/all/function/internal_message.html?_=1666750837123&CODE_STATE=getMsg HTTP/1.1" 200 27
114.83.223.130 - - [26/Oct/2022:10:19:02 +0800] "GET /xingrg/all/function/internal_message.html?_=1666750733797&CODE_STATE=getMsg HTTP/1.1" 200 27
114.83.223.130 - - [26/Oct/2022:10:19:02 +0800] "GET /xingrg/check_reg.html?_=1666750733802 HTTP/1.1" 200 22
116.238.139.35 - - [26/Oct/2022:10:19:11 +0800] "GET /xingrg/all/function/internal_message.html?_=1666750679804&CODE_STATE=getMsg HTTP/1.1" 200 27
222.69.192.207 - - [26/Oct/2022:10:19:12 +0800] "GET /xingrg/all/function/internal_message.html?_=1666750596917&CODE_STATE=getMsg HTTP/1.1" 200 27
114.83.219.57 - - [26/Oct/2022:10:19:14 +0800] "GET /xingrg/all/function/internal_message.html?_=1666750852081&CODE_STATE=getMsg HTTP/1.1" 200 27
116.230.114.213 - - [26/Oct/2022:10:19:19 +0800] "GET /xingrg/all/function/internal_message.html?_=1666750765299&CODE_STATE=getMsg HTTP/1.1" 200 27
221.239.141.151 - - [26/Oct/2022:10:19:22 +0800] "GET /xingrg/all/function/internal_message.html?_=1666750755729&CODE_STATE=getMsg HTTP/1.1" 200 27
116.230.105.139 - - [26/Oct/2022:10:19:32 +0800] "GET /xingrg/check_reg.html?_=1666750764424 HTTP/1.1" 200 22
116.230.105.139 - - [26/Oct/2022:10:19:32 +0800] "GET /xingrg/all/function/internal_message.html?_=1666750764426&CODE_STATE=getMsg HTTP/1.1" 200 27
222.70.183.206 - - [26/Oct/2022:10:19:34 +0800] "GET /xingrg/all/function/internal_message.html?_=1666750765642&CODE_STATE=getMsg HTTP/1.1" 200 27
114.83.223.130 - - [26/Oct/2022:10:19:39 +0800] "GET /xingrg/kc/base/wldb_order_list.html HTTP/1.1" 200 19148
114.83.223.130 - - [26/Oct/2022:10:19:40 +0800] "POST /xingrg/kc/base/wldb_list_operate.html HTTP/1.1" 200 928
114.83.223.130 - - [26/Oct/2022:10:19:42 +0800] "GET /xingrg/kc/base/wldb_order_add.html HTTP/1.1" 200 30371
114.83.223.130 - - [26/Oct/2022:10:19:42 +0800] "POST /xingrg/kc/base/wldb_order_operate.html HTTP/1.1" 200 6806
114.83.223.130 - - [26/Oct/2022:10:19:42 +0800] "GET /xingrg/all/common/auto_word.html?type=base&rest_code=00149 HTTP/1.1" 200 1907
114.83.223.130 - - [26/Oct/2022:10:19:42 +0800] "GET /xingrg/all/common/auto_word.html?type=base&rest_code=00149 HTTP/1.1" 200 1907
114.83.223.130 - - [26/Oct/2022:10:19:42 +0800] "GET /xingrg/javascript/easyui/themes/default/validatebox.css HTTP/1.1" 404 1104
180.169.147.146 - - [26/Oct/2022:10:19:44 +0800] "GET /xingrg/all/function/internal_message.html?_=1666750776758&CODE_STATE=getMsg HTTP/1.1" 200 27
116.230.105.139 - - [26/Oct/2022:10:19:47 +0800] "GET /xingrg/check_reg.html?_=1666750741205 HTTP/1.1" 200 22
58.39.35.118 - - [26/Oct/2022:10:19:47 +0800] "GET /xingrg/all/function/internal_message.html?_=1666750776424&CODE_STATE=getMsg HTTP/1.1" 200 27
120.253.135.82 - - [26/Oct/2022:10:19:48 +0800] "GET /xingrg/check_reg.html?_=1666750576698 HTTP/1.1" 200 22
116.230.105.139 - - [26/Oct/2022:10:19:48 +0800] "GET /xingrg/all/function/internal_message.html?_=1666750742307&CODE_STATE=getMsg HTTP/1.1" 200 27
116.238.139.35 - - [26/Oct/2022:10:19:49 +0800] "GET /xingrg/all/function/internal_message.html?_=1666750781674&CODE_STATE=getMsg HTTP/1.1" 200 27
114.83.223.130 - - [26/Oct/2022:10:19:55 +0800] "GET /xingrg/kc/base/wldb_order_operate.html?command=get_materiel&rest_code=00149&base_code=0010413&code=00101025041 HTTP/1.1" 200 457
116.230.114.213 - - [26/Oct/2022:10:19:55 +0800] "GET /xingrg/check_reg.html?_=1666750801770 HTTP/1.1" 200 22
120.253.135.82 - - [26/Oct/2022:10:20:02 +0800] "GET /xingrg/all/function/internal_message.html?_=1666750897143&CODE_STATE=getMsg HTTP/1.1" 200 27
114.83.223.130 - - [26/Oct/2022:10:20:02 +0800] "GET /xingrg/all/function/internal_message.html?_=1666750793818&CODE_STATE=getMsg HTTP/1.1" 200 27
116.238.139.35 - - [26/Oct/2022:10:20:11 +0800] "GET /xingrg/all/function/internal_message.html?_=1666750739838&CODE_STATE=getMsg HTTP/1.1" 200 27
222.69.192.207 - - [26/Oct/2022:10:20:12 +0800] "GET /xingrg/all/function/internal_message.html?_=1666750656917&CODE_STATE=getMsg HTTP/1.1" 200 27
222.69.192.207 - - [26/Oct/2022:10:20:12 +0800] "GET /xingrg/check_reg.html?_=1666750656920 HTTP/1.1" 200 22
114.83.219.57 - - [26/Oct/2022:10:20:14 +0800] "GET /xingrg/all/function/internal_message.html?_=1666750912068&CODE_STATE=getMsg HTTP/1.1" 200 27
116.230.114.213 - - [26/Oct/2022:10:20:19 +0800] "GET /xingrg/all/function/internal_message.html?_=1666750825311&CODE_STATE=getMsg HTTP/1.1" 200 27
221.239.141.151 - - [26/Oct/2022:10:20:22 +0800] "GET /xingrg/all/function/internal_message.html?_=1666750815732&CODE_STATE=getMsg HTTP/1.1" 200 27
116.230.105.139 - - [26/Oct/2022:10:20:31 +0800] "GET /xingrg/all/function/internal_message.html?_=1666750824416&CODE_STATE=getMsg HTTP/1.1" 200 27
222.70.183.206 - - [26/Oct/2022:10:20:34 +0800] "GET /xingrg/all/function/internal_message.html?_=1666750825642&CODE_STATE=getMsg HTTP/1.1" 200 27
180.169.147.146 - - [26/Oct/2022:10:20:44 +0800] "GET /xingrg/all/function/internal_message.html?_=1666750836774&CODE_STATE=getMsg HTTP/1.1" 200 27
180.169.147.146 - - [26/Oct/2022:10:20:44 +0800] "GET /xingrg/check_reg.html?_=1666750836778 HTTP/1.1" 200 22
58.39.35.118 - - [26/Oct/2022:10:20:47 +0800] "GET /xingrg/all/function/internal_message.html?_=1666750836433&CODE_STATE=getMsg HTTP/1.1" 200 27
116.230.105.139 - - [26/Oct/2022:10:20:48 +0800] "GET /xingrg/all/function/internal_message.html?_=1666750802292&CODE_STATE=getMsg HTTP/1.1" 200 27
116.238.139.35 - - [26/Oct/2022:10:20:49 +0800] "GET /xingrg/check_reg.html?_=1666750841687 HTTP/1.1" 200 22
116.238.139.35 - - [26/Oct/2022:10:20:49 +0800] "GET /xingrg/all/function/internal_message.html?_=1666750841689&CODE_STATE=getMsg HTTP/1.1" 200 27
120.253.135.82 - - [26/Oct/2022:10:21:02 +0800] "GET /xingrg/all/function/internal_message.html?_=1666750957152&CODE_STATE=getMsg HTTP/1.1" 200 27
114.83.223.130 - - [26/Oct/2022:10:21:02 +0800] "GET /xingrg/all/function/internal_message.html?_=1666750853814&CODE_STATE=getMsg HTTP/1.1" 200 27
116.238.139.35 - - [26/Oct/2022:10:21:11 +0800] "GET /xingrg/all/function/internal_message.html?_=1666750799846&CODE_STATE=getMsg HTTP/1.1" 200 27
222.69.192.207 - - [26/Oct/2022:10:21:12 +0800] "GET /xingrg/all/function/internal_message.html?_=1666750716927&CODE_STATE=getMsg HTTP/1.1" 200 27
114.83.219.57 - - [26/Oct/2022:10:21:14 +0800] "GET /xingrg/all/function/internal_message.html?_=1666750972082&CODE_STATE=getMsg HTTP/1.1" 200 27
114.83.219.57 - - [26/Oct/2022:10:21:14 +0800] "GET /xingrg/check_reg.html?_=1666750972084 HTTP/1.1" 200 22
116.230.114.213 - - [26/Oct/2022:10:21:19 +0800] "GET /xingrg/all/function/internal_message.html?_=1666750885326&CODE_STATE=getMsg HTTP/1.1" 200 27
221.239.141.151 - - [26/Oct/2022:10:21:23 +0800] "GET /xingrg/check_reg.html?_=1666750875733 HTTP/1.1" 200 22
221.239.141.151 - - [26/Oct/2022:10:21:23 +0800] "GET /xingrg/all/function/internal_message.html?_=1666750875734&CODE_STATE=getMsg HTTP/1.1" 200 27
116.230.105.139 - - [26/Oct/2022:10:21:31 +0800] "GET /xingrg/all/function/internal_message.html?_=1666750884415&CODE_STATE=getMsg HTTP/1.1" 200 27
222.70.183.206 - - [26/Oct/2022:10:21:34 +0800] "GET /xingrg/all/function/internal_message.html?_=1666750885641&CODE_STATE=getMsg HTTP/1.1" 200 27
180.169.147.146 - - [26/Oct/2022:10:21:44 +0800] "GET /xingrg/all/function/internal_message.html?_=1666750896774&CODE_STATE=getMsg HTTP/1.1" 200 27
58.39.35.118 - - [26/Oct/2022:10:21:47 +0800] "GET /xingrg/check_reg.html?_=1666750896436 HTTP/1.1" 200 22
58.39.35.118 - - [26/Oct/2022:10:21:47 +0800] "GET /xingrg/all/function/internal_message.html?_=1666750896439&CODE_STATE=getMsg HTTP/1.1" 200 27
116.230.105.139 - - [26/Oct/2022:10:21:48 +0800] "GET /xingrg/all/function/internal_message.html?_=1666750862273&CODE_STATE=getMsg HTTP/1.1" 200 27
116.238.139.35 - - [26/Oct/2022:10:21:49 +0800] "GET /xingrg/all/function/internal_message.html?_=1666750901683&CODE_STATE=getMsg HTTP/1.1" 200 27
120.253.135.82 - - [26/Oct/2022:10:22:00 +0800] "GET /xingrg/check_reg.html?_=1666751015300 HTTP/1.1" 200 22
120.253.135.82 - - [26/Oct/2022:10:22:02 +0800] "GET /xingrg/all/function/internal_message.html?_=1666751017165&CODE_STATE=getMsg HTTP/1.1" 200 27
114.83.223.130 - - [26/Oct/2022:10:22:02 +0800] "GET /xingrg/all/function/internal_message.html?_=1666750913809&CODE_STATE=getMsg HTTP/1.1" 200 27
61.147.15.65 - - [26/Oct/2022:10:22:06 +0800] "-" 400 -
116.238.139.35 - - [26/Oct/2022:10:22:11 +0800] "GET /xingrg/all/function/internal_message.html?_=1666750859883&CODE_STATE=getMsg HTTP/1.1" 200 27
222.69.192.207 - - [26/Oct/2022:10:22:12 +0800] "GET /xingrg/all/function/internal_message.html?_=1666750776916&CODE_STATE=getMsg HTTP/1.1" 200 27
114.83.219.57 - - [26/Oct/2022:10:22:14 +0800] "GET /xingrg/all/function/internal_message.html?_=1666751032078&CODE_STATE=getMsg HTTP/1.1" 200 27
116.230.114.213 - - [26/Oct/2022:10:22:19 +0800] "GET /xingrg/all/function/internal_message.html?_=1666750945393&CODE_STATE=getMsg HTTP/1.1" 200 27
221.239.141.151 - - [26/Oct/2022:10:22:23 +0800] "GET /xingrg/all/function/internal_message.html?_=1666750935738&CODE_STATE=getMsg HTTP/1.1" 200 27
116.230.105.139 - - [26/Oct/2022:10:22:32 +0800] "GET /xingrg/all/function/internal_message.html?_=1666750944424&CODE_STATE=getMsg HTTP/1.1" 200 27
222.70.183.206 - - [26/Oct/2022:10:22:34 +0800] "GET /xingrg/all/function/internal_message.html?_=1666750945640&CODE_STATE=getMsg HTTP/1.1" 200 27
116.238.139.35 - - [26/Oct/2022:10:22:36 +0800] "GET /xingrg/check_reg.html?_=1666750885088 HTTP/1.1" 200 22
58.37.7.251 - - [26/Oct/2022:10:22:38 +0800] "GET /favicon.ico HTTP/1.1" 404 -
180.169.147.146 - - [26/Oct/2022:10:22:44 +0800] "GET /xingrg/all/function/internal_message.html?_=1666750956764&CODE_STATE=getMsg HTTP/1.1" 200 27
58.39.35.118 - - [26/Oct/2022:10:22:47 +0800] "GET /xingrg/all/function/internal_message.html?_=1666750956429&CODE_STATE=getMsg HTTP/1.1" 200 27
116.230.105.139 - - [26/Oct/2022:10:22:48 +0800] "GET /xingrg/all/function/internal_message.html?_=1666750922246&CODE_STATE=getMsg HTTP/1.1" 200 27
116.238.139.35 - - [26/Oct/2022:10:22:49 +0800] "GET /xingrg/all/function/internal_message.html?_=1666750961672&CODE_STATE=getMsg HTTP/1.1" 200 27
58.37.7.251 - - [26/Oct/2022:10:22:56 +0800] "GET /xingrg/login.html HTTP/1.1" 200 7641
58.37.7.251 - - [26/Oct/2022:10:22:57 +0800] "GET /favicon.ico HTTP/1.1" 404 -
114.88.159.190 - - [26/Oct/2022:10:23:00 +0800] "GET /xingrg/check_reg.html?_=1666750594517 HTTP/1.1" 302 -
114.88.159.190 - - [26/Oct/2022:10:23:00 +0800] "GET /xingrg/login.html HTTP/1.1" 200 7641
58.37.7.251 - - [26/Oct/2022:10:23:00 +0800] "POST /xingrg/login.do HTTP/1.1" 302 -
58.37.7.251 - - [26/Oct/2022:10:23:00 +0800] "GET /xingrg/index.html?sysBaseUrl=http%3A%2F%2F180.169.147.146%3A18081%2Fxingrg%2F&costTime=47×tamp=1666750980824 HTTP/1.1" 200 17173
58.37.7.251 - - [26/Oct/2022:10:23:01 +0800] "GET /favicon.ico HTTP/1.1" 404 -
58.37.7.251 - - [26/Oct/2022:10:23:01 +0800] "POST /xingrg/all/common/load_tree.html?tree=area_rest_tree_json&manage=1 HTTP/1.1" 200 342
58.37.7.251 - - [26/Oct/2022:10:23:01 +0800] "GET /xingrg/check_reg.html?_=1666750971690 HTTP/1.1" 200 22
58.37.7.251 - - [26/Oct/2022:10:23:01 +0800] "GET /xingrg/all/function/internal_message.html?_=1666750971689&CODE_STATE=count HTTP/1.1" 200 11
58.37.7.251 - - [26/Oct/2022:10:23:01 +0800] "POST /xingrg/load_menu.html HTTP/1.1" 200 5138
120.253.135.82 - - [26/Oct/2022:10:23:02 +0800] "GET /xingrg/all/function/internal_message.html?_=1666751077178&CODE_STATE=getMsg HTTP/1.1" 200 27
114.83.223.130 - - [26/Oct/2022:10:23:02 +0800] "GET /xingrg/all/function/internal_message.html?_=1666750973822&CODE_STATE=getMsg HTTP/1.1" 200 27
172.20.0.100 - - [26/Oct/2022:10:23:03 +0800] "GET /xingrg/index.html?sysBaseUrl=http%3A%2F%2F172.17.0.8%3A18081%2Fxingrg%2F&costTime=213×tamp=1585200360465 HTTP/1.1" 302 -
172.20.0.100 - - [26/Oct/2022:10:23:03 +0800] "GET /xingrg/login.html HTTP/1.1" 200 7636
172.20.0.100 - - [26/Oct/2022:10:23:03 +0800] "GET /xingrg/images/blue/jxLogo.png HTTP/1.1" 200 6156
172.20.0.100 - - [26/Oct/2022:10:23:03 +0800] "GET /xingrg/images/blue/hj.png HTTP/1.1" 200 1014
172.20.0.100 - - [26/Oct/2022:10:23:03 +0800] "GET /xingrg/images/blue/srbg.png HTTP/1.1" 200 138
172.20.0.100 - - [26/Oct/2022:10:23:03 +0800] "GET /xingrg/images/blue/login_bg.png HTTP/1.1" 200 22101
172.20.0.100 - - [26/Oct/2022:10:23:04 +0800] "GET /favicon.ico HTTP/1.1" 404 -
58.37.7.251 - - [26/Oct/2022:10:23:05 +0800] "GET /xingrg/kc/buy/buy_main.html HTTP/1.1" 200 12412
58.37.7.251 - - [26/Oct/2022:10:23:05 +0800] "GET /xingrg/css/new_ie.css HTTP/1.1" 404 1036
58.37.7.251 - - [26/Oct/2022:10:23:06 +0800] "GET /xingrg/images/yd/bt.gif HTTP/1.1" 404 1040
58.37.7.251 - - [26/Oct/2022:10:23:07 +0800] "GET /xingrg/kc/buy/cgsh_order_list.html HTTP/1.1" 200 53322
58.37.7.251 - - [26/Oct/2022:10:23:09 +0800] "POST /xingrg/kc/buy/cgsh_list_operate.html HTTP/1.1" 200 986
58.37.7.251 - - [26/Oct/2022:10:23:10 +0800] "GET /xingrg/kc/buy/cgsh_order_add.html HTTP/1.1" 200 69103
58.37.7.251 - - [26/Oct/2022:10:23:10 +0800] "GET /xingrg/words/20221024164613_words.js HTTP/1.1" 304 -
58.37.7.251 - - [26/Oct/2022:10:23:10 +0800] "GET /xingrg/all/common/auto_word.html?type=employee&rest_code=00106 HTTP/1.1" 200 205
58.37.7.251 - - [26/Oct/2022:10:23:10 +0800] "GET /xingrg/javascript/easyui/themes/default/validatebox.css HTTP/1.1" 404 1104
58.37.7.251 - - [26/Oct/2022:10:23:10 +0800] "GET /xingrg/all/common/auto_word.html?type=employee&rest_code=00106 HTTP/1.1" 200 205
58.37.7.251 - - [26/Oct/2022:10:23:10 +0800] "POST /xingrg/kc/buy/cgsh_order_operate.html HTTP/1.1" 200 8245
116.238.139.35 - - [26/Oct/2022:10:23:11 +0800] "GET /xingrg/all/function/internal_message.html?_=1666750919889&CODE_STATE=getMsg HTTP/1.1" 200 27
222.69.192.207 - - [26/Oct/2022:10:23:12 +0800] "GET /xingrg/all/function/internal_message.html?_=1666750836916&CODE_STATE=getMsg HTTP/1.1" 200 27
58.37.7.251 - - [26/Oct/2022:10:23:14 +0800] "GET /xingrg/javascript/easyui/themes/default/tree.css HTTP/1.1" 404 1090
58.37.7.251 - - [26/Oct/2022:10:23:14 +0800] "POST /xingrg/all/common/load_tree.html?tree=supplier_tree_json&isDelete=1 HTTP/1.1" 200 69393
114.83.219.57 - - [26/Oct/2022:10:23:14 +0800] "GET /xingrg/all/function/internal_message.html?_=1666751092085&CODE_STATE=getMsg HTTP/1.1" 200 27
116.230.114.213 - - [26/Oct/2022:10:23:19 +0800] "GET /xingrg/all/function/internal_message.html?_=1666751005400&CODE_STATE=getMsg HTTP/1.1" 200 27
221.239.141.151 - - [26/Oct/2022:10:23:22 +0800] "GET /xingrg/all/function/internal_message.html?_=1666750995724&CODE_STATE=getMsg HTTP/1.1" 200 27
116.230.105.139 - - [26/Oct/2022:10:23:32 +0800] "GET /xingrg/all/function/internal_message.html?_=1666751004423&CODE_STATE=getMsg HTTP/1.1" 200 27
58.37.7.251 - - [26/Oct/2022:10:23:32 +0800] "GET /xingrg/javascript/auto/indicator.gif HTTP/1.1" 404 1066
222.70.183.206 - - [26/Oct/2022:10:23:34 +0800] "GET /xingrg/check_reg.html?_=1666751005640 HTTP/1.1" 200 22
222.70.183.206 - - [26/Oct/2022:10:23:34 +0800] "GET /xingrg/all/function/internal_message.html?_=1666751005643&CODE_STATE=getMsg HTTP/1.1" 200 27
58.37.7.251 - - [26/Oct/2022:10:23:36 +0800] "GET /xingrg/kc/buy/cgsh_order_operate.html?command=get_materiel&rest_code=00106&code=00101008331&supplier_code=00100007&order_time=2022-10-26 HTTP/1.1" 200 416
58.221.95.50 - - [26/Oct/2022:10:23:42 +0800] "GET /xingrg/check_reg.html?_=1666751043387 HTTP/1.1" 302 -
180.169.147.146 - - [26/Oct/2022:10:23:44 +0800] "GET /xingrg/all/function/internal_message.html?_=1666751016782&CODE_STATE=getMsg HTTP/1.1" 200 27
58.37.7.251 - - [26/Oct/2022:10:23:44 +0800] "GET /xingrg/kc/buy/cgsh_order_operate.html?command=get_materiel&rest_code=00106&code=00101008110&supplier_code=00100007&order_time=2022-10-26 HTTP/1.1" 200 408
58.39.35.118 - - [26/Oct/2022:10:23:47 +0800] "GET /xingrg/all/function/internal_message.html?_=1666751016430&CODE_STATE=getMsg HTTP/1.1" 200 27
116.230.105.139 - - [26/Oct/2022:10:23:48 +0800] "GET /xingrg/all/function/internal_message.html?_=1666750982244&CODE_STATE=getMsg HTTP/1.1" 200 27
116.238.139.35 - - [26/Oct/2022:10:23:49 +0800] "GET /xingrg/all/function/internal_message.html?_=1666751021673&CODE_STATE=getMsg HTTP/1.1" 200 27
58.37.7.251 - - [26/Oct/2022:10:23:53 +0800] "GET /xingrg/kc/buy/cgsh_order_operate.html?command=get_materiel&rest_code=00106&code=00101008038&supplier_code=00100007&order_time=2022-10-26 HTTP/1.1" 200 413
114.83.223.130 - - [26/Oct/2022:10:23:58 +0800] "GET /xingrg/kc/mdqp/pssh_order_list.html HTTP/1.1" 200 17912
114.83.223.130 - - [26/Oct/2022:10:23:58 +0800] "POST /xingrg/kc/mdqp/pssh_list_operate.html HTTP/1.1" 200 5442
114.83.223.130 - - [26/Oct/2022:10:24:01 +0800] "POST /xingrg/kc/mdqp/pssh_list_operate.html HTTP/1.1" 200 386
180.163.29.79 - - [26/Oct/2022:10:24:01 +0800] "GET /xingrg/check_reg.html?_=1666750971690 HTTP/1.1" 302 -
180.163.29.79 - - [26/Oct/2022:10:24:01 +0800] "GET /xingrg/login.html HTTP/1.1" 200 7641
58.37.7.251 - - [26/Oct/2022:10:24:01 +0800] "GET /xingrg/all/function/internal_message.html?_=1666751031710&CODE_STATE=getMsg HTTP/1.1" 200 27
120.253.135.82 - - [26/Oct/2022:10:24:02 +0800] "GET /xingrg/all/function/internal_message.html?_=1666751137193&CODE_STATE=getMsg HTTP/1.1" 200 27
114.83.223.130 - - [26/Oct/2022:10:24:02 +0800] "GET /xingrg/check_reg.html?_=1666751033831 HTTP/1.1" 200 22
114.83.223.130 - - [26/Oct/2022:10:24:03 +0800] "GET /xingrg/all/function/internal_message.html?_=1666751033835&CODE_STATE=getMsg HTTP/1.1" 200 27
114.83.223.130 - - [26/Oct/2022:10:24:05 +0800] "POST /xingrg/kc/mdqp/pssh_list_operate.html HTTP/1.1" 200 752
180.163.30.76 - - [26/Oct/2022:10:24:06 +0800] "GET /xingrg/kc/buy/cgsh_order_list.html HTTP/1.1" 302 -
180.163.30.76 - - [26/Oct/2022:10:24:06 +0800] "GET /xingrg/login.html HTTP/1.1" 200 7641
58.37.7.251 - - [26/Oct/2022:10:24:07 +0800] "GET /xingrg/kc/buy/cgsh_order_operate.html?command=get_materiel&rest_code=00106&code=00101008163&supplier_code=00100007&order_time=2022-10-26 HTTP/1.1" 200 409
114.83.223.130 - - [26/Oct/2022:10:24:07 +0800] "POST /xingrg/kc/mdqp/pssh_list_operate.html HTTP/1.1" 200 257
114.83.223.130 - - [26/Oct/2022:10:24:09 +0800] "GET /xingrg/kc/mdqp/pssh_order_info.html?code=312022101200285 HTTP/1.1" 200 14388
114.83.223.130 - - [26/Oct/2022:10:24:09 +0800] "GET /xingrg/javascript/jquery_tools/jquery-1.4.2.min.js HTTP/1.1" 404 1094
180.163.29.234 - - [26/Oct/2022:10:24:09 +0800] "GET /xingrg/kc/buy/cgsh_order_add.html HTTP/1.1" 302 -
180.163.29.234 - - [26/Oct/2022:10:24:10 +0800] "GET /xingrg/login.html HTTP/1.1" 200 7641
114.83.223.130 - - [26/Oct/2022:10:24:10 +0800] "POST /xingrg/kc/mdqp/pssh_order_operate.html HTTP/1.1" 200 546
114.83.223.130 - - [26/Oct/2022:10:24:10 +0800] "GET /xingrg/javascript/easyui/themes/default/validatebox.css HTTP/1.1" 404 1104
116.238.139.35 - - [26/Oct/2022:10:24:11 +0800] "GET /xingrg/all/function/internal_message.html?_=1666750979902&CODE_STATE=getMsg HTTP/1.1" 200 27
222.69.192.207 - - [26/Oct/2022:10:24:12 +0800] "GET /xingrg/all/function/internal_message.html?_=1666750896916&CODE_STATE=getMsg HTTP/1.1" 200 27
114.83.219.57 - - [26/Oct/2022:10:24:14 +0800] "GET /xingrg/all/function/internal_message.html?_=1666751152072&CODE_STATE=getMsg HTTP/1.1" 200 27
58.37.7.251 - - [26/Oct/2022:10:24:15 +0800] "GET /xingrg/kc/buy/cgsh_order_operate.html?command=get_materiel&rest_code=00106&code=00101008355&supplier_code=00100007&order_time=2022-10-26 HTTP/1.1" 200 408
116.230.114.213 - - [26/Oct/2022:10:24:19 +0800] "GET /xingrg/all/function/internal_message.html?_=1666751065472&CODE_STATE=getMsg HTTP/1.1" 200 27
61.147.15.65 - - [26/Oct/2022:10:24:19 +0800] "GET / HTTP/1.1" 404 -
61.147.15.65 - - [26/Oct/2022:10:24:20 +0800] "-" 400 -
221.239.141.151 - - [26/Oct/2022:10:24:22 +0800] "GET /xingrg/all/function/internal_message.html?_=1666751055723&CODE_STATE=getMsg HTTP/1.1" 200 27
61.147.15.65 - - [26/Oct/2022:10:24:24 +0800] "GET /favicon.ico HTTP/1.1" 404 -
58.37.7.251 - - [26/Oct/2022:10:24:26 +0800] "GET /xingrg/kc/buy/cgsh_order_operate.html?command=get_materiel&rest_code=00106&code=00101008356&supplier_code=00100007&order_time=2022-10-26 HTTP/1.1" 200 408
116.230.105.139 - - [26/Oct/2022:10:24:31 +0800] "GET /xingrg/all/function/internal_message.html?_=1666751064409&CODE_STATE=getMsg HTTP/1.1" 200 27
116.230.105.139 - - [26/Oct/2022:10:24:31 +0800] "GET /xingrg/check_reg.html?_=1666751064412 HTTP/1.1" 200 22
180.163.29.103 - - [26/Oct/2022:10:24:33 +0800] "GET /xingrg/kc/buy/cgsh_order_operate.html?command=get_materiel&rest_code=00106&code=00101008331&supplier_code=00100007&order_time=2022-10-26 HTTP/1.1" 302 -
180.163.29.103 - - [26/Oct/2022:10:24:33 +0800] "GET /xingrg/login.html HTTP/1.1" 200 7641
222.70.183.206 - - [26/Oct/2022:10:24:34 +0800] "GET /xingrg/all/function/internal_message.html?_=1666751065644&CODE_STATE=getMsg HTTP/1.1" 200 27
61.147.15.67 - - [26/Oct/2022:10:24:37 +0800] "-" 400 -
58.37.7.251 - - [26/Oct/2022:10:24:37 +0800] "GET /xingrg/kc/buy/cgsh_order_operate.html?command=get_materiel&rest_code=00106&code=00101008357&supplier_code=00100007&order_time=2022-10-26 HTTP/1.1" 200 408
180.163.28.143 - - [26/Oct/2022:10:24:41 +0800] "GET /xingrg/kc/buy/cgsh_order_operate.html?command=get_materiel&rest_code=00106&code=00101008110&supplier_code=00100007&order_time=2022-10-26 HTTP/1.1" 302 -
180.163.28.143 - - [26/Oct/2022:10:24:41 +0800] "GET /xingrg/login.html HTTP/1.1" 200 7641
180.169.147.146 - - [26/Oct/2022:10:24:44 +0800] "GET /xingrg/all/function/internal_message.html?_=1666751076787&CODE_STATE=getMsg HTTP/1.1" 200 27
61.147.15.67 - - [26/Oct/2022:10:24:46 +0800] "ÝÙp°z“Ë«ƒoä%QßËéA—Þ‡øvÈ’û Ñ)\vùbÀ0À,À/À+ŸžÀ2À.À1À-¥¡¤ À(À$ÀÀ " 400 -
116.230.105.139 - - [26/Oct/2022:10:24:47 +0800] "GET /xingrg/check_reg.html?_=1666751041207 HTTP/1.1" 200 22
58.39.35.118 - - [26/Oct/2022:10:24:47 +0800] "GET /xingrg/all/function/internal_message.html?_=1666751076435&CODE_STATE=getMsg HTTP/1.1" 200 27
120.253.135.82 - - [26/Oct/2022:10:24:48 +0800] "GET /xingrg/check_reg.html?_=1666750876713 HTTP/1.1" 200 22
116.230.105.139 - - [26/Oct/2022:10:24:48 +0800] "GET /xingrg/all/function/internal_message.html?_=1666751042240&CODE_STATE=getMsg HTTP/1.1" 200 27
116.238.139.35 - - [26/Oct/2022:10:24:49 +0800] "GET /xingrg/all/function/internal_message.html?_=1666751081681&CODE_STATE=getMsg HTTP/1.1" 200 27
180.163.28.114 - - [26/Oct/2022:10:24:50 +0800] "GET /xingrg/kc/buy/cgsh_order_operate.html?command=get_materiel&rest_code=00106&code=00101008038&supplier_code=00100007&order_time=2022-10-26 HTTP/1.1" 302 -
180.163.28.114 - - [26/Oct/2022:10:24:53 +0800] "GET /xingrg/login.html HTTP/1.1" 200 7641
58.37.7.251 - - [26/Oct/2022:10:24:53 +0800] "GET /xingrg/kc/buy/cgsh_order_operate.html?command=get_materiel&rest_code=00106&code=00101008069&supplier_code=00100007&order_time=2022-10-26 HTTP/1.1" 200 412
116.230.114.213 - - [26/Oct/2022:10:24:55 +0800] "GET /xingrg/check_reg.html?_=1666751101778 HTTP/1.1" 200 22
61.147.15.67 - - [26/Oct/2022:10:24:58 +0800] "GET / HTTP/1.1" 404 -
180.163.29.217 - - [26/Oct/2022:10:25:01 +0800] "GET /xingrg/all/function/internal_message.html?_=1666751031710&CODE_STATE=getMsg HTTP/1.1" 302 -
180.163.29.217 - - [26/Oct/2022:10:25:01 +0800] "GET /xingrg/login.html HTTP/1.1" 200 7641
58.37.7.251 - - [26/Oct/2022:10:25:01 +0800] "GET /xingrg/all/function/internal_message.html?_=1666751091698&CODE_STATE=getMsg HTTP/1.1" 200 27
120.253.135.82 - - [26/Oct/2022:10:25:02 +0800] "GET /xingrg/all/function/internal_message.html?_=1666751197210&CODE_STATE=getMsg HTTP/1.1" 200 27
114.83.223.130 - - [26/Oct/2022:10:25:02 +0800] "GET /xingrg/all/function/internal_message.html?_=1666751093830&CODE_STATE=getMsg HTTP/1.1" 200 27
58.37.7.251 - - [26/Oct/2022:10:25:03 +0800] "GET /xingrg/kc/buy/cgsh_order_operate.html?command=get_materiel&rest_code=00106&code=00101008286&supplier_code=00100007&order_time=2022-10-26 HTTP/1.1" 200 408
180.163.28.109 - - [26/Oct/2022:10:25:04 +0800] "GET /xingrg/kc/buy/cgsh_order_operate.html?command=get_materiel&rest_code=00106&code=00101008163&supplier_code=00100007&order_time=2022-10-26 HTTP/1.1" 302 -
180.163.28.109 - - [26/Oct/2022:10:25:04 +0800] "GET /xingrg/login.html HTTP/1.1" 200 7641
116.238.139.35 - - [26/Oct/2022:10:25:11 +0800] "GET /xingrg/all/function/internal_message.html?_=1666751039941&CODE_STATE=getMsg HTTP/1.1" 200 27
222.69.192.207 - - [26/Oct/2022:10:25:12 +0800] "GET /xingrg/all/function/internal_message.html?_=1666750956907&CODE_STATE=getMsg HTTP/1.1" 200 27
222.69.192.207 - - [26/Oct/2022:10:25:12 +0800] "GET /xingrg/check_reg.html?_=1666750956910 HTTP/1.1" 200 22
114.88.159.190 - - [26/Oct/2022:10:25:12 +0800] "POST /xingrg/services/DataTransmitService HTTP/1.1" 200 524
58.37.7.251 - - [26/Oct/2022:10:25:12 +0800] "GET /xingrg/kc/buy/cgsh_order_operate.html?command=get_materiel&rest_code=00106&code=00101008036&supplier_code=00100007&order_time=2022-10-26 HTTP/1.1" 200 408
114.83.219.57 - - [26/Oct/2022:10:25:14 +0800] "GET /xingrg/all/function/internal_message.html?_=1666751212075&CODE_STATE=getMsg HTTP/1.1" 200 27
61.147.15.67 - - [26/Oct/2022:10:25:14 +0800] "GET / HTTP/1.1" 404 -
116.230.114.213 - - [26/Oct/2022:10:25:19 +0800] "GET /xingrg/all/function/internal_message.html?_=1666751125472&CODE_STATE=getMsg HTTP/1.1" 200 27
58.37.7.251 - - [26/Oct/2022:10:25:20 +0800] "GET /xingrg/kc/buy/cgsh_order_operate.html?command=get_materiel&rest_code=00106&code=00101008131&supplier_code=00100007&order_time=2022-10-26 HTTP/1.1" 200 408
221.239.141.151 - - [26/Oct/2022:10:25:23 +0800] "GET /xingrg/all/function/internal_message.html?_=1666751115729&CODE_STATE=getMsg HTTP/1.1" 200 27
180.163.28.55 - - [26/Oct/2022:10:25:23 +0800] "GET /xingrg/kc/buy/cgsh_order_operate.html?command=get_materiel&rest_code=00106&code=00101008356&supplier_code=00100007&order_time=2022-10-26 HTTP/1.1" 302 -
180.163.28.55 - - [26/Oct/2022:10:25:23 +0800] "GET /xingrg/login.html HTTP/1.1" 200 7641
222.69.192.207 - - [26/Oct/2022:10:25:27 +0800] "GET /xingrg/kc/buy/cgsh_order_add.html HTTP/1.1" 200 69185
222.69.192.207 - - [26/Oct/2022:10:25:28 +0800] "POST /xingrg/kc/buy/cgsh_order_operate.html HTTP/1.1" 200 8245
222.69.192.207 - - [26/Oct/2022:10:25:28 +0800] "GET /xingrg/javascript/easyui/themes/default/validatebox.css HTTP/1.1" 404 1104
58.37.7.251 - - [26/Oct/2022:10:25:29 +0800] "GET /xingrg/kc/buy/cgsh_order_operate.html?command=get_materiel&rest_code=00106&code=00101008233&supplier_code=00100007&order_time=2022-10-26 HTTP/1.1" 200 408
116.230.105.139 - - [26/Oct/2022:10:25:31 +0800] "GET /xingrg/all/function/internal_message.html?_=1666751124414&CODE_STATE=getMsg HTTP/1.1" 200 27
58.39.35.118 - - [26/Oct/2022:10:25:34 +0800] "GET /xingrg/kc/buy/buy_main.html HTTP/1.1" 200 12412
58.39.35.118 - - [26/Oct/2022:10:25:34 +0800] "GET /xingrg/css/new_ie.css HTTP/1.1" 404 1036
222.70.183.206 - - [26/Oct/2022:10:25:34 +0800] "GET /xingrg/all/function/internal_message.html?_=1666751125644&CODE_STATE=getMsg HTTP/1.1" 200 27
58.39.35.118 - - [26/Oct/2022:10:25:34 +0800] "GET /xingrg/images/yd/bt.gif HTTP/1.1" 404 1040
58.39.35.118 - - [26/Oct/2022:10:25:35 +0800] "GET /xingrg/kc/buy/cgsh_order_list.html HTTP/1.1" 200 53328
180.163.29.217 - - [26/Oct/2022:10:25:35 +0800] "GET /xingrg/kc/buy/cgsh_order_operate.html?command=get_materiel&rest_code=00106&code=00101008357&supplier_code=00100007&order_time=2022-10-26 HTTP/1.1" 302 -
180.163.29.217 - - [26/Oct/2022:10:25:35 +0800] "GET /xingrg/login.html HTTP/1.1" 200 7641
58.39.35.118 - - [26/Oct/2022:10:25:37 +0800] "POST /xingrg/kc/buy/cgsh_list_operate.html HTTP/1.1" 200 1868
58.37.7.251 - - [26/Oct/2022:10:25:40 +0800] "GET /xingrg/kc/buy/cgsh_order_operate.html?command=get_materiel&rest_code=00106&code=00101008318&supplier_code=00100007&order_time=2022-10-26 HTTP/1.1" 200 408
58.39.35.118 - - [26/Oct/2022:10:25:44 +0800] "GET /xingrg/kc/buy/cgsh_order_add.html HTTP/1.1" 200 68298
58.39.35.118 - - [26/Oct/2022:10:25:44 +0800] "GET /xingrg/words/20221024164613_words.js HTTP/1.1" 304 -
180.169.147.146 - - [26/Oct/2022:10:25:44 +0800] "GET /xingrg/check_reg.html?_=1666751136789 HTTP/1.1" 200 22
180.169.147.146 - - [26/Oct/2022:10:25:44 +0800] "GET /xingrg/all/function/internal_message.html?_=1666751136792&CODE_STATE=getMsg HTTP/1.1" 200 27
58.39.35.118 - - [26/Oct/2022:10:25:44 +0800] "GET /xingrg/all/common/auto_word.html?type=employee&rest_code=00145 HTTP/1.1" 200 155
58.39.35.118 - - [26/Oct/2022:10:25:44 +0800] "GET /xingrg/all/common/auto_word.html?type=employee&rest_code=00145 HTTP/1.1" 200 155
58.39.35.118 - - [26/Oct/2022:10:25:44 +0800] "GET /xingrg/javascript/easyui/themes/default/validatebox.css HTTP/1.1" 404 1104
58.39.35.118 - - [26/Oct/2022:10:25:44 +0800] "POST /xingrg/kc/buy/cgsh_order_operate.html HTTP/1.1" 200 8245
58.39.35.118 - - [26/Oct/2022:10:25:47 +0800] "GET /xingrg/all/function/internal_message.html?_=1666751136436&CODE_STATE=getMsg HTTP/1.1" 200 27
116.230.105.139 - - [26/Oct/2022:10:25:48 +0800] "GET /xingrg/all/function/internal_message.html?_=1666751102218&CODE_STATE=getMsg HTTP/1.1" 200 27
58.37.7.251 - - [26/Oct/2022:10:25:48 +0800] "GET /xingrg/kc/buy/cgsh_order_operate.html?command=get_materiel&rest_code=00106&code=00101008005&supplier_code=00100007&order_time=2022-10-26 HTTP/1.1" 200 412
116.238.139.35 - - [26/Oct/2022:10:25:49 +0800] "GET /xingrg/all/function/internal_message.html?_=1666751141688&CODE_STATE=getMsg HTTP/1.1" 200 27
116.238.139.35 - - [26/Oct/2022:10:25:49 +0800] "GET /xingrg/check_reg.html?_=1666751141691 HTTP/1.1" 200 22
58.39.35.118 - - [26/Oct/2022:10:25:51 +0800] "GET /xingrg/javascript/auto/indicator.gif HTTP/1.1" 404 1066
58.39.35.118 - - [26/Oct/2022:10:25:53 +0800] "GET /xingrg/javascript/jquery_tools/images/prev.gif HTTP/1.1" 404 1086
58.39.35.118 - - [26/Oct/2022:10:25:53 +0800] "GET /xingrg/javascript/jquery_tools/images/next.gif HTTP/1.1" 404 1086
180.163.28.68 - - [26/Oct/2022:10:26:00 +0800] "GET /xingrg/kc/buy/cgsh_order_operate.html?command=get_materiel&rest_code=00106&code=00101008286&supplier_code=00100007&order_time=2022-10-26 HTTP/1.1" 302 -
180.163.28.68 - - [26/Oct/2022:10:26:00 +0800] "GET /xingrg/login.html HTTP/1.1" 200 7641
180.163.29.103 - - [26/Oct/2022:10:26:01 +0800] "GET /xingrg/all/function/internal_message.html?_=1666751091698&CODE_STATE=getMsg HTTP/1.1" 302 -
180.163.29.103 - - [26/Oct/2022:10:26:01 +0800] "GET /xingrg/login.html HTTP/1.1" 200 7641
58.37.7.251 - - [26/Oct/2022:10:26:01 +0800] "GET /xingrg/all/function/internal_message.html?_=1666751151766&CODE_STATE=getMsg HTTP/1.1" 200 27
58.37.7.251 - - [26/Oct/2022:10:26:01 +0800] "GET /xingrg/kc/buy/cgsh_order_operate.html?command=get_materiel&rest_code=00106&code=00101008353&supplier_code=00100007&order_time=2022-10-26 HTTP/1.1" 200 408
120.253.135.82 - - [26/Oct/2022:10:26:02 +0800] "GET /xingrg/all/function/internal_message.html?_=1666751257226&CODE_STATE=getMsg HTTP/1.1" 200 27
114.83.223.130 - - [26/Oct/2022:10:26:02 +0800] "GET /xingrg/all/function/internal_message.html?_=1666751153833&CODE_STATE=getMsg HTTP/1.1" 200 27
58.37.7.251 - - [26/Oct/2022:10:26:10 +0800] "GET /xingrg/kc/buy/cgsh_order_operate.html?command=get_materiel&rest_code=00106&code=00101008010&supplier_code=00100007&order_time=2022-10-26 HTTP/1.1" 200 412
180.163.30.85 - - [26/Oct/2022:10:26:10 +0800] "GET /xingrg/kc/buy/cgsh_order_operate.html?command=get_materiel&rest_code=00106&code=00101008036&supplier_code=00100007&order_time=2022-10-26 HTTP/1.1" 302 -
180.163.30.85 - - [26/Oct/2022:10:26:10 +0800] "GET /xingrg/login.html HTTP/1.1" 200 7641
116.238.139.35 - - [26/Oct/2022:10:26:11 +0800] "GET /xingrg/all/function/internal_message.html?_=1666751099945&CODE_STATE=getMsg HTTP/1.1" 200 27
222.69.192.207 - - [26/Oct/2022:10:26:12 +0800] "GET /xingrg/all/function/internal_message.html?_=1666751016921&CODE_STATE=getMsg HTTP/1.1" 200 27
222.69.192.207 - - [26/Oct/2022:10:26:14 +0800] "GET /xingrg/kc/buy/cgsh_order_operate.html?command=get_materiel&rest_code=00105&code=00101006129&supplier_code=00100012&order_time=2022-10-26 HTTP/1.1" 200 452
114.83.219.57 - - [26/Oct/2022:10:26:14 +0800] "GET /xingrg/all/function/internal_message.html?_=1666751272091&CODE_STATE=getMsg HTTP/1.1" 200 27
114.83.219.57 - - [26/Oct/2022:10:26:14 +0800] "GET /xingrg/check_reg.html?_=1666751272092 HTTP/1.1" 200 22
58.39.35.118 - - [26/Oct/2022:10:26:14 +0800] "GET /xingrg/kc/buy/cgsh_order_operate.html?command=get_materiel&rest_code=00145&code=00102016351&supplier_code=00100207&order_time=2022-10-25 HTTP/1.1" 200 420
116.230.114.213 - - [26/Oct/2022:10:26:19 +0800] "GET /xingrg/all/function/internal_message.html?_=1666751185486&CODE_STATE=getMsg HTTP/1.1" 200 27
221.239.141.151 - - [26/Oct/2022:10:26:23 +0800] "GET /xingrg/all/function/internal_message.html?_=1666751175725&CODE_STATE=getMsg HTTP/1.1" 200 27
221.239.141.151 - - [26/Oct/2022:10:26:23 +0800] "GET /xingrg/check_reg.html?_=1666751175727 HTTP/1.1" 200 22
58.37.7.251 - - [26/Oct/2022:10:26:25 +0800] "GET /xingrg/kc/buy/cgsh_order_operate.html?command=get_materiel&rest_code=00106&code=00101008283&supplier_code=00100007&order_time=2022-10-26 HTTP/1.1" 200 408
180.163.29.212 - - [26/Oct/2022:10:26:27 +0800] "GET /xingrg/kc/buy/cgsh_order_operate.html?command=get_materiel&rest_code=00106&code=00101008233&supplier_code=00100007&order_time=2022-10-26 HTTP/1.1" 302 -
180.163.29.212 - - [26/Oct/2022:10:26:27 +0800] "GET /xingrg/login.html HTTP/1.1" 200 7641
116.230.105.139 - - [26/Oct/2022:10:26:32 +0800] "GET /xingrg/all/function/internal_message.html?_=1666751184429&CODE_STATE=getMsg HTTP/1.1" 200 27
58.37.7.251 - - [26/Oct/2022:10:26:32 +0800] "POST /xingrg/kc/buy/cgsh_order_operate.html HTTP/1.1" 200 37
58.37.7.251 - - [26/Oct/2022:10:26:34 +0800] "POST /xingrg/kc/buy/cgsh_order_operate.html HTTP/1.1" 200 12085
222.70.183.206 - - [26/Oct/2022:10:26:34 +0800] "GET /xingrg/all/function/internal_message.html?_=1666751185644&CODE_STATE=getMsg HTTP/1.1" 200 27
58.39.35.118 - - [26/Oct/2022:10:26:35 +0800] "GET /xingrg/kc/buy/cgsh_order_operate.html?command=get_materiel&rest_code=00145&code=00102009899&supplier_code=00100207&order_time=2022-10-25 HTTP/1.1" 200 408
180.163.28.114 - - [26/Oct/2022:10:26:37 +0800] "GET /xingrg/kc/buy/cgsh_order_operate.html?command=get_materiel&rest_code=00106&code=00101008318&supplier_code=00100007&order_time=2022-10-26 HTTP/1.1" 302 -
180.163.28.114 - - [26/Oct/2022:10:26:37 +0800] "GET /xingrg/login.html HTTP/1.1" 200 7641
180.169.147.146 - - [26/Oct/2022:10:26:44 +0800] "GET /xingrg/all/function/internal_message.html?_=1666751196780&CODE_STATE=getMsg HTTP/1.1" 200 27
180.163.28.68 - - [26/Oct/2022:10:26:46 +0800] "GET /xingrg/kc/buy/cgsh_order_operate.html?command=get_materiel&rest_code=00106&code=00101008005&supplier_code=00100007&order_time=2022-10-26 HTTP/1.1" 302 -
180.163.28.68 - - [26/Oct/2022:10:26:46 +0800] "GET /xingrg/login.html HTTP/1.1" 200 7641
58.39.35.118 - - [26/Oct/2022:10:26:47 +0800] "GET /xingrg/check_reg.html?_=1666751196436 HTTP/1.1" 200 22
58.39.35.118 - - [26/Oct/2022:10:26:47 +0800] "GET /xingrg/all/function/internal_message.html?_=1666751196432&CODE_STATE=getMsg HTTP/1.1" 200 27
116.230.105.139 - - [26/Oct/2022:10:26:48 +0800] "GET /xingrg/all/function/internal_message.html?_=1666751162192&CODE_STATE=getMsg HTTP/1.1" 200 27
116.238.139.35 - - [26/Oct/2022:10:26:49 +0800] "GET /xingrg/all/function/internal_message.html?_=1666751201684&CODE_STATE=getMsg HTTP/1.1" 200 27
58.39.35.118 - - [26/Oct/2022:10:26:57 +0800] "GET /xingrg/kc/buy/cgsh_order_operate.html?command=get_materiel&rest_code=00145&code=00102018087&supplier_code=00100207&order_time=2022-10-25 HTTP/1.1" 200 416
180.163.30.85 - - [26/Oct/2022:10:26:59 +0800] "GET /xingrg/kc/buy/cgsh_order_operate.html?command=get_materiel&rest_code=00106&code=00101008353&supplier_code=00100007&order_time=2022-10-26 HTTP/1.1" 302 -
180.163.30.85 - - [26/Oct/2022:10:26:59 +0800] "GET /xingrg/login.html HTTP/1.1" 200 7641
222.69.192.207 - - [26/Oct/2022:10:27:00 +0800] "GET /xingrg/kc/buy/cgsh_order_operate.html?command=get_materiel&rest_code=00105&code=00101010248&supplier_code=00100012&order_time=2022-10-26 HTTP/1.1" 200 430
