120.253.135.82 - - [26/Oct/2022:12:29:04 +0800] "GET /xingrg/all/function/internal_message.html?_=1666758638977&CODE_STATE=getMsg HTTP/1.1" 200 27
58.35.213.73 - - [26/Oct/2022:12:29:09 +0800] "GET /xingrg/all/function/internal_message.html?_=1666758541913&CODE_STATE=getMsg HTTP/1.1" 200 27
222.69.192.207 - - [26/Oct/2022:12:29:12 +0800] "GET /xingrg/all/function/internal_message.html?_=1666758396901&CODE_STATE=getMsg HTTP/1.1" 200 27
120.253.135.82 - - [26/Oct/2022:12:29:13 +0800] "GET /xingrg/kc/buy/cgsh_order_operate.html?command=get_materiel&rest_code=00101&code=00101019319&supplier_code=00100100&order_time=2022-10-26 HTTP/1.1" 200 436
116.238.139.35 - - [26/Oct/2022:12:29:14 +0800] "GET /xingrg/all/function/internal_message.html?_=1666758482397&CODE_STATE=getMsg HTTP/1.1" 200 27
222.69.192.207 - - [26/Oct/2022:12:29:15 +0800] "POST /xingrg/kc/base/wldb_order_operate.html HTTP/1.1" 200 37
222.69.192.207 - - [26/Oct/2022:12:29:15 +0800] "POST /xingrg/kc/base/wldb_order_operate.html HTTP/1.1" 200 2198
101.85.93.18 - - [26/Oct/2022:12:29:16 +0800] "GET /xingrg/javascript/jquery_easy_ui/themes/icons/area.png HTTP/1.1" 304 -
101.85.93.18 - - [26/Oct/2022:12:29:16 +0800] "GET /xingrg/javascript/jquery_easy_ui/themes/icons/rest.png HTTP/1.1" 304 -
222.69.192.207 - - [26/Oct/2022:12:29:16 +0800] "GET /xingrg/kc/base/wldb_order_info.html?code=422022102601894 HTTP/1.1" 200 30379
222.69.192.207 - - [26/Oct/2022:12:29:16 +0800] "GET /xingrg/javascript/easyui/themes/default/validatebox.css HTTP/1.1" 404 1104
222.69.192.207 - - [26/Oct/2022:12:29:17 +0800] "POST /xingrg/kc/base/wldb_order_operate.html HTTP/1.1" 200 2198
221.239.141.151 - - [26/Oct/2022:12:29:20 +0800] "GET /xingrg/all/function/internal_message.html?_=1666758564309&CODE_STATE=getMsg HTTP/1.1" 200 27
116.230.114.213 - - [26/Oct/2022:12:29:22 +0800] "GET /xingrg/all/function/internal_message.html?_=1666758569304&CODE_STATE=getMsg HTTP/1.1" 200 27
221.239.141.151 - - [26/Oct/2022:12:29:23 +0800] "GET /xingrg/all/function/internal_message.html?_=1666758555723&CODE_STATE=getMsg HTTP/1.1" 200 27
116.238.139.35 - - [26/Oct/2022:12:29:25 +0800] "GET /xingrg/all/function/internal_message.html?_=1666758557966&CODE_STATE=getMsg HTTP/1.1" 200 27
120.253.135.82 - - [26/Oct/2022:12:29:27 +0800] "GET /xingrg/all/function/internal_message.html?_=1666758355773&CODE_STATE=getMsg HTTP/1.1" 200 27
222.69.192.207 - - [26/Oct/2022:12:29:27 +0800] "GET /xingrg/kc/base/wldb_order_add.html HTTP/1.1" 200 30365
222.69.192.207 - - [26/Oct/2022:12:29:27 +0800] "POST /xingrg/kc/base/wldb_order_operate.html HTTP/1.1" 200 6806
222.69.192.207 - - [26/Oct/2022:12:29:27 +0800] "GET /xingrg/javascript/easyui/themes/default/validatebox.css HTTP/1.1" 404 1104
120.253.135.82 - - [26/Oct/2022:12:29:28 +0800] "GET /xingrg/kc/buy/cgsh_order_operate.html?command=get_materiel&rest_code=00101&code=00101019180&supplier_code=00100100&order_time=2022-10-26 HTTP/1.1" 200 440
120.253.135.82 - - [26/Oct/2022:12:29:30 +0800] "GET /xingrg/all/function/internal_message.html?_=1666758665020&CODE_STATE=getMsg HTTP/1.1" 200 27
124.79.74.72 - - [26/Oct/2022:12:29:31 +0800] "GET /xingrg/all/function/internal_message.html?_=1666758562617&CODE_STATE=getMsg HTTP/1.1" 200 27
116.230.105.139 - - [26/Oct/2022:12:29:32 +0800] "GET /xingrg/all/function/internal_message.html?_=1666758564427&CODE_STATE=getMsg HTTP/1.1" 200 27
116.230.105.139 - - [26/Oct/2022:12:29:32 +0800] "GET /xingrg/check_reg.html?_=1666758564432 HTTP/1.1" 200 22
180.169.147.146 - - [26/Oct/2022:12:29:33 +0800] "GET /xingrg/kc/buy/cgsh_order_add.html HTTP/1.1" 200 69106
222.70.183.206 - - [26/Oct/2022:12:29:33 +0800] "GET /xingrg/all/function/internal_message.html?_=1666758564091&CODE_STATE=getMsg HTTP/1.1" 200 27
180.169.147.146 - - [26/Oct/2022:12:29:33 +0800] "POST /xingrg/kc/buy/cgsh_order_operate.html HTTP/1.1" 200 8245
180.169.147.146 - - [26/Oct/2022:12:29:33 +0800] "GET /xingrg/javascript/easyui/themes/default/validatebox.css HTTP/1.1" 404 1104
221.239.141.151 - - [26/Oct/2022:12:29:36 +0800] "GET /xingrg/kc/mdqp/pssh_order_list.html HTTP/1.1" 200 17872
221.239.141.151 - - [26/Oct/2022:12:29:36 +0800] "POST /xingrg/kc/mdqp/pssh_list_operate.html HTTP/1.1" 200 5410
120.253.135.82 - - [26/Oct/2022:12:29:39 +0800] "POST /xingrg/kc/buy/cgsh_order_operate.html HTTP/1.1" 200 37
180.169.147.146 - - [26/Oct/2022:12:29:43 +0800] "GET /xingrg/kc/buy/cgsh_order_operate.html?command=get_materiel&rest_code=00147&code=00101006055&supplier_code=00100015&order_time=2022-10-26 HTTP/1.1" 200 409
120.253.135.82 - - [26/Oct/2022:12:29:43 +0800] "POST /xingrg/kc/buy/cgsh_order_operate.html HTTP/1.1" 200 12
221.239.141.151 - - [26/Oct/2022:12:29:43 +0800] "GET /xingrg/kc/base/wldb_order_list.html HTTP/1.1" 200 19142
221.239.141.151 - - [26/Oct/2022:12:29:44 +0800] "POST /xingrg/kc/base/wldb_list_operate.html HTTP/1.1" 200 928
180.169.147.146 - - [26/Oct/2022:12:29:44 +0800] "GET /xingrg/all/function/internal_message.html?_=1666758576884&CODE_STATE=getMsg HTTP/1.1" 200 27
120.253.135.82 - - [26/Oct/2022:12:29:44 +0800] "GET /xingrg/kc/buy/cgsh_order_operate.html?command=get_materiel&rest_code=00101&code=00101019098&supplier_code=00100100&order_time=2022-10-26 HTTP/1.1" 200 458
120.253.135.82 - - [26/Oct/2022:12:29:45 +0800] "GET /xingrg/kc/buy/cgsh_order_info.html?code=212022102608026 HTTP/1.1" 200 63070
120.253.135.82 - - [26/Oct/2022:12:29:45 +0800] "GET /xingrg/javascript/easyui/themes/default/validatebox.css HTTP/1.1" 404 1104
58.39.35.118 - - [26/Oct/2022:12:29:46 +0800] "GET /xingrg/all/function/internal_message.html?_=1666758575147&CODE_STATE=getMsg HTTP/1.1" 200 27
120.253.135.82 - - [26/Oct/2022:12:29:46 +0800] "POST /xingrg/kc/buy/cgsh_order_operate.html HTTP/1.1" 200 3022
222.69.192.207 - - [26/Oct/2022:12:29:47 +0800] "GET /xingrg/kc/base/wldb_order_operate.html?command=get_materiel&rest_code=00105&base_code=0010507&code=00101013052 HTTP/1.1" 200 441
116.230.105.139 - - [26/Oct/2022:12:29:47 +0800] "GET /xingrg/check_reg.html?_=1666758541210 HTTP/1.1" 200 22
116.230.105.139 - - [26/Oct/2022:12:29:47 +0800] "GET /xingrg/all/function/internal_message.html?_=1666758541211&CODE_STATE=getMsg HTTP/1.1" 200 27
221.239.141.151 - - [26/Oct/2022:12:29:47 +0800] "POST /xingrg/kc/base/wldb_list_operate.html HTTP/1.1" 200 6089
101.85.93.18 - - [26/Oct/2022:12:29:48 +0800] "GET /xingrg/all/function/internal_message.html?_=1666758581084&CODE_STATE=getMsg HTTP/1.1" 200 27
180.169.147.146 - - [26/Oct/2022:12:29:49 +0800] "GET /xingrg/all/function/internal_message.html?_=1666758580565&CODE_STATE=getMsg HTTP/1.1" 200 27
221.239.141.151 - - [26/Oct/2022:12:29:49 +0800] "POST /xingrg/kc/base/wldb_list_operate.html HTTP/1.1" 200 470
221.239.141.151 - - [26/Oct/2022:12:29:50 +0800] "GET /xingrg/kc/base/wldb_order_info.html?code=422022102601890 HTTP/1.1" 200 26234
221.239.141.151 - - [26/Oct/2022:12:29:50 +0800] "GET /xingrg/javascript/easyui/themes/default/validatebox.css HTTP/1.1" 404 1104
221.239.141.151 - - [26/Oct/2022:12:29:50 +0800] "POST /xingrg/kc/base/wldb_order_operate.html HTTP/1.1" 200 1952
120.253.135.82 - - [26/Oct/2022:12:29:50 +0800] "POST /xingrg/kc/buy/cgsh_list_operate.html HTTP/1.1" 200 1854
180.169.147.146 - - [26/Oct/2022:12:29:50 +0800] "GET /xingrg/all/function/internal_message.html?_=1666758582999&CODE_STATE=getMsg HTTP/1.1" 200 27
180.169.147.146 - - [26/Oct/2022:12:29:50 +0800] "GET /xingrg/check_reg.html?_=1666758583002 HTTP/1.1" 200 22
58.37.7.251 - - [26/Oct/2022:12:29:52 +0800] "GET /xingrg/all/function/internal_message.html?_=1666758582900&CODE_STATE=getMsg HTTP/1.1" 200 27
120.253.135.82 - - [26/Oct/2022:12:29:53 +0800] "POST /xingrg/kc/buy/cgsh_list_operate.html HTTP/1.1" 200 361
116.230.114.213 - - [26/Oct/2022:12:29:55 +0800] "GET /xingrg/check_reg.html?_=1666758601914 HTTP/1.1" 200 22
222.69.192.207 - - [26/Oct/2022:12:29:55 +0800] "POST /xingrg/kc/base/wldb_order_operate.html HTTP/1.1" 200 37
222.69.192.207 - - [26/Oct/2022:12:29:56 +0800] "POST /xingrg/kc/base/wldb_order_operate.html HTTP/1.1" 200 2190
222.69.192.207 - - [26/Oct/2022:12:29:57 +0800] "GET /xingrg/kc/base/wldb_order_info.html?code=422022102601895 HTTP/1.1" 200 30379
222.69.192.207 - - [26/Oct/2022:12:29:57 +0800] "GET /xingrg/javascript/easyui/themes/default/validatebox.css HTTP/1.1" 404 1104
222.69.192.207 - - [26/Oct/2022:12:29:57 +0800] "POST /xingrg/kc/base/wldb_order_operate.html HTTP/1.1" 200 2190
180.169.147.146 - - [26/Oct/2022:12:29:57 +0800] "GET /xingrg/kc/buy/cgsh_order_operate.html?command=get_materiel&rest_code=00147&code=00101006240&supplier_code=00100015&order_time=2022-10-26 HTTP/1.1" 200 441
58.40.7.146 - - [26/Oct/2022:12:29:59 +0800] "GET /xingrg/all/function/internal_message.html?_=1666758591509&CODE_STATE=getMsg HTTP/1.1" 200 27
58.40.7.146 - - [26/Oct/2022:12:29:59 +0800] "GET /xingrg/check_reg.html?_=1666758591510 HTTP/1.1" 200 22
120.253.135.82 - - [26/Oct/2022:12:29:59 +0800] "GET /xingrg/kc/buy/cgsh_order_info.html?code=212022102608027 HTTP/1.1" 200 68172
120.253.135.82 - - [26/Oct/2022:12:29:59 +0800] "GET /xingrg/javascript/easyui/themes/default/validatebox.css HTTP/1.1" 404 1104
120.253.135.82 - - [26/Oct/2022:12:30:00 +0800] "POST /xingrg/kc/buy/cgsh_order_operate.html HTTP/1.1" 200 3886
120.253.135.82 - - [26/Oct/2022:12:30:00 +0800] "GET /xingrg/kc/buy/cgsh_order_operate.html?command=get_materiel&rest_code=00101&code=00101019020&supplier_code=00100100&order_time=2022-10-26 HTTP/1.1" 200 447
114.83.223.130 - - [26/Oct/2022:12:30:01 +0800] "GET /xingrg/all/function/internal_message.html?_=1666758592178&CODE_STATE=getMsg HTTP/1.1" 200 27
120.253.135.82 - - [26/Oct/2022:12:30:04 +0800] "GET /xingrg/all/function/internal_message.html?_=1666758698982&CODE_STATE=getMsg HTTP/1.1" 200 27
58.35.213.73 - - [26/Oct/2022:12:30:09 +0800] "GET /xingrg/check_reg.html?_=1666758601897 HTTP/1.1" 200 22
58.35.213.73 - - [26/Oct/2022:12:30:09 +0800] "GET /xingrg/all/function/internal_message.html?_=1666758601901&CODE_STATE=getMsg HTTP/1.1" 200 27
120.253.135.82 - - [26/Oct/2022:12:30:09 +0800] "POST /xingrg/kc/buy/cgsh_order_operate.html HTTP/1.1" 200 37
120.253.135.82 - - [26/Oct/2022:12:30:11 +0800] "POST /xingrg/kc/buy/cgsh_order_operate.html HTTP/1.1" 200 6365
120.253.135.82 - - [26/Oct/2022:12:30:11 +0800] "GET /xingrg/kc/print/load_data.html?order_code=212022102608027&kc_code=cgsh&condition= HTTP/1.1" 200 1237
180.162.109.76 - - [26/Oct/2022:12:30:11 +0800] "GET /favicon.ico HTTP/1.1" 404 -
222.69.192.207 - - [26/Oct/2022:12:30:12 +0800] "GET /xingrg/all/function/internal_message.html?_=1666758456879&CODE_STATE=getMsg HTTP/1.1" 200 27
222.69.192.207 - - [26/Oct/2022:12:30:13 +0800] "GET /xingrg/check_reg.html?_=1666758457472 HTTP/1.1" 200 22
116.238.139.35 - - [26/Oct/2022:12:30:14 +0800] "GET /xingrg/all/function/internal_message.html?_=1666758542431&CODE_STATE=getMsg HTTP/1.1" 200 27
222.69.192.207 - - [26/Oct/2022:12:30:17 +0800] "GET /xingrg/kc/base/wldb_order_add.html HTTP/1.1" 200 30365
180.169.147.146 - - [26/Oct/2022:12:30:17 +0800] "GET /xingrg/kc/buy/cgsh_order_operate.html?command=get_materiel&rest_code=00147&code=00101006062&supplier_code=00100015&order_time=2022-10-26 HTTP/1.1" 200 409
222.69.192.207 - - [26/Oct/2022:12:30:18 +0800] "POST /xingrg/kc/base/wldb_order_operate.html HTTP/1.1" 200 6806
222.69.192.207 - - [26/Oct/2022:12:30:18 +0800] "GET /xingrg/javascript/easyui/themes/default/validatebox.css HTTP/1.1" 404 1104
221.239.141.151 - - [26/Oct/2022:12:30:20 +0800] "GET /xingrg/all/function/internal_message.html?_=1666758624280&CODE_STATE=getMsg HTTP/1.1" 200 27
120.253.135.82 - - [26/Oct/2022:12:30:21 +0800] "POST /xingrg/kc/buy/cgsh_order_operate.html HTTP/1.1" 200 37
116.230.114.213 - - [26/Oct/2022:12:30:22 +0800] "GET /xingrg/all/function/internal_message.html?_=1666758629307&CODE_STATE=getMsg HTTP/1.1" 200 27
221.239.141.151 - - [26/Oct/2022:12:30:23 +0800] "GET /xingrg/all/function/internal_message.html?_=1666758615738&CODE_STATE=getMsg HTTP/1.1" 200 27
116.238.139.35 - - [26/Oct/2022:12:30:25 +0800] "GET /xingrg/all/function/internal_message.html?_=1666758617966&CODE_STATE=getMsg HTTP/1.1" 200 27
180.169.147.146 - - [26/Oct/2022:12:30:27 +0800] "POST /xingrg/kc/buy/cgsh_order_operate.html HTTP/1.1" 200 37
120.253.135.82 - - [26/Oct/2022:12:30:29 +0800] "GET /xingrg/kc/buy/cgsh_order_operate.html?command=get_materiel&rest_code=00101&code=00101019529&supplier_code=00100100&order_time=2022-10-26 HTTP/1.1" 200 476
120.253.135.82 - - [26/Oct/2022:12:30:30 +0800] "GET /xingrg/all/function/internal_message.html?_=1666758725034&CODE_STATE=getMsg HTTP/1.1" 200 27
124.79.74.72 - - [26/Oct/2022:12:30:31 +0800] "GET /xingrg/all/function/internal_message.html?_=1666758622618&CODE_STATE=getMsg HTTP/1.1" 200 27
180.169.147.146 - - [26/Oct/2022:12:30:31 +0800] "POST /xingrg/kc/buy/cgsh_order_operate.html HTTP/1.1" 200 4437
116.230.105.139 - - [26/Oct/2022:12:30:32 +0800] "GET /xingrg/all/function/internal_message.html?_=1666758624432&CODE_STATE=getMsg HTTP/1.1" 200 27
120.253.135.82 - - [26/Oct/2022:12:30:32 +0800] "POST /xingrg/all/common/load_select.html HTTP/1.1" 200 25
222.70.183.206 - - [26/Oct/2022:12:30:33 +0800] "GET /xingrg/all/function/internal_message.html?_=1666758624101&CODE_STATE=getMsg HTTP/1.1" 200 27
180.169.147.146 - - [26/Oct/2022:12:30:34 +0800] "GET /xingrg/check_reg.html?_=1666758626087 HTTP/1.1" 200 22
120.253.135.82 - - [26/Oct/2022:12:30:36 +0800] "GET /xingrg/kc/buy/cgsh_order_operate.html?command=get_materiel_price&rest_code=00101&code=00101019529&unit_code=00100142&supplier_code=00100100&order_time=2022-10-26 HTTP/1.1" 200 28
180.169.147.146 - - [26/Oct/2022:12:30:40 +0800] "GET /xingrg/kc/print/load_data.html?order_code=212022102608030&kc_code=cgsh&condition= HTTP/1.1" 200 1452
58.35.213.73 - - [26/Oct/2022:12:30:44 +0800] "POST /xingrg/services/DataTransmitService HTTP/1.1" 200 524
180.169.147.146 - - [26/Oct/2022:12:30:44 +0800] "GET /xingrg/all/function/internal_message.html?_=1666758636892&CODE_STATE=getMsg HTTP/1.1" 200 27
180.169.147.146 - - [26/Oct/2022:12:30:44 +0800] "GET /xingrg/check_reg.html?_=1666758636894 HTTP/1.1" 200 22
58.35.213.73 - - [26/Oct/2022:12:30:44 +0800] "POST /xingrg/services/DataTransmitService HTTP/1.1" 200 2147
58.35.213.73 - - [26/Oct/2022:12:30:45 +0800] "POST /xingrg/services/DataTransmitService HTTP/1.1" 200 123066
222.69.192.207 - - [26/Oct/2022:12:30:46 +0800] "GET /xingrg/kc/base/wldb_order_operate.html?command=get_materiel&rest_code=00105&base_code=0010508&code=00102002497 HTTP/1.1" 200 441
58.39.35.118 - - [26/Oct/2022:12:30:46 +0800] "GET /xingrg/all/function/internal_message.html?_=1666758635137&CODE_STATE=getMsg HTTP/1.1" 200 27
116.230.105.139 - - [26/Oct/2022:12:30:47 +0800] "GET /xingrg/all/function/internal_message.html?_=1666758601265&CODE_STATE=getMsg HTTP/1.1" 200 27
101.85.93.18 - - [26/Oct/2022:12:30:48 +0800] "GET /xingrg/all/function/internal_message.html?_=1666758641084&CODE_STATE=getMsg HTTP/1.1" 200 27
180.169.147.146 - - [26/Oct/2022:12:30:49 +0800] "GET /xingrg/all/function/internal_message.html?_=1666758640541&CODE_STATE=getMsg HTTP/1.1" 200 27
180.169.147.146 - - [26/Oct/2022:12:30:50 +0800] "GET /xingrg/all/function/internal_message.html?_=1666758642977&CODE_STATE=getMsg HTTP/1.1" 200 27
58.37.7.251 - - [26/Oct/2022:12:30:52 +0800] "GET /xingrg/all/function/internal_message.html?_=1666758642874&CODE_STATE=getMsg HTTP/1.1" 200 27
58.40.7.146 - - [26/Oct/2022:12:30:59 +0800] "GET /xingrg/all/function/internal_message.html?_=1666758651523&CODE_STATE=getMsg HTTP/1.1" 200 27
114.83.223.130 - - [26/Oct/2022:12:31:01 +0800] "GET /xingrg/all/function/internal_message.html?_=1666758652158&CODE_STATE=getMsg HTTP/1.1" 200 27
222.69.192.207 - - [26/Oct/2022:12:31:02 +0800] "GET /xingrg/kc/base/wldb_order_operate.html?command=get_materiel&rest_code=00105&base_code=0010508&code=00102002082 HTTP/1.1" 200 452
180.169.147.146 - - [26/Oct/2022:12:31:02 +0800] "GET /xingrg/kc/buy/cgsh_order_add.html HTTP/1.1" 200 69106
180.169.147.146 - - [26/Oct/2022:12:31:02 +0800] "POST /xingrg/kc/buy/cgsh_order_operate.html HTTP/1.1" 200 8245
180.169.147.146 - - [26/Oct/2022:12:31:02 +0800] "GET /xingrg/javascript/easyui/themes/default/validatebox.css HTTP/1.1" 404 1104
120.253.135.82 - - [26/Oct/2022:12:31:04 +0800] "GET /xingrg/all/function/internal_message.html?_=1666758759005&CODE_STATE=getMsg HTTP/1.1" 200 27
222.69.192.207 - - [26/Oct/2022:12:31:08 +0800] "POST /xingrg/kc/base/wldb_order_operate.html HTTP/1.1" 200 37
222.69.192.207 - - [26/Oct/2022:12:31:09 +0800] "POST /xingrg/kc/base/wldb_order_operate.html HTTP/1.1" 200 2681
58.35.213.73 - - [26/Oct/2022:12:31:09 +0800] "GET /xingrg/all/function/internal_message.html?_=1666758661894&CODE_STATE=getMsg HTTP/1.1" 200 27
222.69.192.207 - - [26/Oct/2022:12:31:09 +0800] "GET /xingrg/kc/base/wldb_order_info.html?code=422022102601896 HTTP/1.1" 200 30379
222.69.192.207 - - [26/Oct/2022:12:31:10 +0800] "GET /xingrg/javascript/easyui/themes/default/validatebox.css HTTP/1.1" 404 1104
222.69.192.207 - - [26/Oct/2022:12:31:10 +0800] "POST /xingrg/kc/base/wldb_order_operate.html HTTP/1.1" 200 2681
221.239.141.151 - - [26/Oct/2022:12:31:11 +0800] "GET /xingrg/kc/buy/cgsh_order_operate.html?command=get_materiel&rest_code=00102&code=00101014078&supplier_code=00100211&order_time=2022-10-24 HTTP/1.1" 200 415
222.69.192.207 - - [26/Oct/2022:12:31:12 +0800] "GET /xingrg/all/function/internal_message.html?_=1666758516850&CODE_STATE=getMsg HTTP/1.1" 200 27
116.238.139.35 - - [26/Oct/2022:12:31:14 +0800] "GET /xingrg/all/function/internal_message.html?_=1666758602439&CODE_STATE=getMsg HTTP/1.1" 200 27
180.169.147.146 - - [26/Oct/2022:12:31:19 +0800] "GET /xingrg/kc/buy/cgsh_order_operate.html?command=get_materiel&rest_code=00147&code=00101001075&supplier_code=00100454&order_time=2022-10-26 HTTP/1.1" 200 409
221.239.141.151 - - [26/Oct/2022:12:31:20 +0800] "GET /xingrg/all/function/internal_message.html?_=1666758684258&CODE_STATE=getMsg HTTP/1.1" 200 27
222.69.192.207 - - [26/Oct/2022:12:31:22 +0800] "GET /xingrg/kc/base/wldb_order_add.html HTTP/1.1" 200 30365
222.69.192.207 - - [26/Oct/2022:12:31:22 +0800] "POST /xingrg/kc/base/wldb_order_operate.html HTTP/1.1" 200 6806
116.230.114.213 - - [26/Oct/2022:12:31:22 +0800] "GET /xingrg/all/function/internal_message.html?_=1666758689321&CODE_STATE=getMsg HTTP/1.1" 200 27
222.69.192.207 - - [26/Oct/2022:12:31:22 +0800] "GET /xingrg/javascript/easyui/themes/default/validatebox.css HTTP/1.1" 404 1104
221.239.141.151 - - [26/Oct/2022:12:31:23 +0800] "GET /xingrg/all/function/internal_message.html?_=1666758675730&CODE_STATE=getMsg HTTP/1.1" 200 27
221.239.141.151 - - [26/Oct/2022:12:31:23 +0800] "GET /xingrg/check_reg.html?_=1666758675731 HTTP/1.1" 200 22
120.253.135.82 - - [26/Oct/2022:12:31:23 +0800] "POST /xingrg/kc/buy/cgsh_order_operate.html HTTP/1.1" 200 12
120.253.135.82 - - [26/Oct/2022:12:31:24 +0800] "GET /xingrg/kc/buy/cgsh_order_info.html?code=212022102608027 HTTP/1.1" 200 63066
120.253.135.82 - - [26/Oct/2022:12:31:25 +0800] "GET /xingrg/javascript/easyui/themes/default/validatebox.css HTTP/1.1" 404 1104
120.253.135.82 - - [26/Oct/2022:12:31:25 +0800] "GET /xingrg/all/function/internal_message.html?_=1666758474224&CODE_STATE=getMsg HTTP/1.1" 200 27
120.253.135.82 - - [26/Oct/2022:12:31:25 +0800] "POST /xingrg/kc/buy/cgsh_order_operate.html HTTP/1.1" 200 1836
116.238.139.35 - - [26/Oct/2022:12:31:25 +0800] "GET /xingrg/all/function/internal_message.html?_=1666758677970&CODE_STATE=getMsg HTTP/1.1" 200 27
120.253.135.82 - - [26/Oct/2022:12:31:28 +0800] "POST /xingrg/kc/buy/cgsh_list_operate.html HTTP/1.1" 200 1855
180.169.147.146 - - [26/Oct/2022:12:31:29 +0800] "GET /xingrg/kc/buy/cgsh_order_operate.html?command=get_materiel&rest_code=00147&code=00101001032&supplier_code=00100454&order_time=2022-10-26 HTTP/1.1" 200 413
120.253.135.82 - - [26/Oct/2022:12:31:30 +0800] "GET /xingrg/all/function/internal_message.html?_=1666758785047&CODE_STATE=getMsg HTTP/1.1" 200 27
124.79.74.72 - - [26/Oct/2022:12:31:31 +0800] "GET /xingrg/all/function/internal_message.html?_=1666758682610&CODE_STATE=getMsg HTTP/1.1" 200 27
120.253.135.82 - - [26/Oct/2022:12:31:31 +0800] "GET /xingrg/kc/buy/cgsh_order_operate.html?command=get_materiel&rest_code=00101&code=00101019249&supplier_code=00100100&order_time=2022-10-26 HTTP/1.1" 200 470
116.230.105.139 - - [26/Oct/2022:12:31:32 +0800] "GET /xingrg/all/function/internal_message.html?_=1666758684418&CODE_STATE=getMsg HTTP/1.1" 200 27
222.70.183.206 - - [26/Oct/2022:12:31:33 +0800] "GET /xingrg/all/function/internal_message.html?_=1666758684086&CODE_STATE=getMsg HTTP/1.1" 200 27
120.253.135.82 - - [26/Oct/2022:12:31:33 +0800] "POST /xingrg/all/common/load_select.html HTTP/1.1" 200 25
180.169.147.146 - - [26/Oct/2022:12:31:37 +0800] "POST /xingrg/kc/buy/cgsh_order_operate.html HTTP/1.1" 200 37
180.162.109.76 - - [26/Oct/2022:12:31:37 +0800] "GET /xingrg HTTP/1.1" 302 -
180.162.109.76 - - [26/Oct/2022:12:31:38 +0800] "GET /xingrg/ HTTP/1.1" 304 -
180.162.109.76 - - [26/Oct/2022:12:31:38 +0800] "GET /favicon.ico HTTP/1.1" 404 -
180.162.109.76 - - [26/Oct/2022:12:31:38 +0800] "GET /xingrg/index.html HTTP/1.1" 302 -
180.162.109.76 - - [26/Oct/2022:12:31:38 +0800] "GET /xingrg/login.html HTTP/1.1" 200 7641
180.162.109.76 - - [26/Oct/2022:12:31:38 +0800] "GET /xingrg/images/blue/jxLogo.png HTTP/1.1" 304 -
180.162.109.76 - - [26/Oct/2022:12:31:38 +0800] "GET /xingrg/images/blue/login_bg.png HTTP/1.1" 304 -
180.162.109.76 - - [26/Oct/2022:12:31:38 +0800] "GET /xingrg/images/blue/hj.png HTTP/1.1" 304 -
180.162.109.76 - - [26/Oct/2022:12:31:38 +0800] "GET /xingrg/images/blue/srbg.png HTTP/1.1" 304 -
180.162.109.76 - - [26/Oct/2022:12:31:38 +0800] "GET /favicon.ico HTTP/1.1" 404 -
180.169.147.146 - - [26/Oct/2022:12:31:38 +0800] "POST /xingrg/kc/buy/cgsh_order_operate.html HTTP/1.1" 200 3244
120.253.135.82 - - [26/Oct/2022:12:31:38 +0800] "GET /xingrg/kc/buy/cgsh_order_operate.html?command=get_materiel_price&rest_code=00101&code=00101019249&unit_code=00100179&supplier_code=00100100&order_time=2022-10-26 HTTP/1.1" 200 30
180.169.147.146 - - [26/Oct/2022:12:31:39 +0800] "GET /xingrg/kc/print/load_data.html?order_code=212022102608031&kc_code=cgsh&condition= HTTP/1.1" 200 899
221.239.141.151 - - [26/Oct/2022:12:31:41 +0800] "POST /xingrg/kc/buy/cgsh_order_operate.html HTTP/1.1" 200 37
180.169.147.146 - - [26/Oct/2022:12:31:43 +0800] "GET /xingrg/kc/buy/cgsh_order_add.html HTTP/1.1" 200 69106
180.169.147.146 - - [26/Oct/2022:12:31:43 +0800] "POST /xingrg/kc/buy/cgsh_order_operate.html HTTP/1.1" 200 8245
180.169.147.146 - - [26/Oct/2022:12:31:43 +0800] "GET /xingrg/javascript/easyui/themes/default/validatebox.css HTTP/1.1" 404 1104
221.239.141.151 - - [26/Oct/2022:12:31:44 +0800] "POST /xingrg/kc/buy/cgsh_order_operate.html HTTP/1.1" 200 12
180.169.147.146 - - [26/Oct/2022:12:31:44 +0800] "GET /xingrg/all/function/internal_message.html?_=1666758696890&CODE_STATE=getMsg HTTP/1.1" 200 27
221.239.141.151 - - [26/Oct/2022:12:31:45 +0800] "GET /xingrg/kc/buy/cgsh_order_info.html?code=212022102608032 HTTP/1.1" 200 64045
221.239.141.151 - - [26/Oct/2022:12:31:45 +0800] "GET /xingrg/javascript/easyui/themes/default/validatebox.css HTTP/1.1" 404 1104
222.69.192.207 - - [26/Oct/2022:12:31:45 +0800] "GET /xingrg/kc/base/wldb_order_operate.html?command=get_materiel&rest_code=00105&base_code=0010508&code=00102009599 HTTP/1.1" 200 437
58.39.35.118 - - [26/Oct/2022:12:31:46 +0800] "GET /xingrg/all/function/internal_message.html?_=1666758695126&CODE_STATE=getMsg HTTP/1.1" 200 27
221.239.141.151 - - [26/Oct/2022:12:31:46 +0800] "POST /xingrg/kc/buy/cgsh_order_operate.html HTTP/1.1" 200 1211
221.239.141.151 - - [26/Oct/2022:12:31:47 +0800] "GET /xingrg/kc/print/load_data.html?order_code=212022102608032&kc_code=cgsh&condition= HTTP/1.1" 200 931
58.39.35.118 - - [26/Oct/2022:12:31:47 +0800] "GET /xingrg/check_reg.html?_=1666758696296 HTTP/1.1" 200 22
116.230.105.139 - - [26/Oct/2022:12:31:47 +0800] "GET /xingrg/all/function/internal_message.html?_=1666758661205&CODE_STATE=getMsg HTTP/1.1" 200 27
101.85.93.18 - - [26/Oct/2022:12:31:48 +0800] "GET /xingrg/all/function/internal_message.html?_=1666758701084&CODE_STATE=getMsg HTTP/1.1" 200 27
180.169.147.146 - - [26/Oct/2022:12:31:48 +0800] "GET /xingrg/all/function/internal_message.html?_=1666758700525&CODE_STATE=getMsg HTTP/1.1" 200 27
221.239.141.151 - - [26/Oct/2022:12:31:49 +0800] "GET /xingrg/kc/buy/cgsh_order_add.html HTTP/1.1" 200 69144
221.239.141.151 - - [26/Oct/2022:12:31:50 +0800] "POST /xingrg/kc/buy/cgsh_order_operate.html HTTP/1.1" 200 8245
221.239.141.151 - - [26/Oct/2022:12:31:50 +0800] "GET /xingrg/javascript/easyui/themes/default/validatebox.css HTTP/1.1" 404 1104
180.169.147.146 - - [26/Oct/2022:12:31:50 +0800] "GET /xingrg/all/function/internal_message.html?_=1666758702990&CODE_STATE=getMsg HTTP/1.1" 200 27
58.37.7.251 - - [26/Oct/2022:12:31:50 +0800] "GET /xingrg/check_reg.html?_=1666758700799 HTTP/1.1" 200 22
58.37.7.251 - - [26/Oct/2022:12:31:52 +0800] "GET /xingrg/all/function/internal_message.html?_=1666758702845&CODE_STATE=getMsg HTTP/1.1" 200 27
221.239.141.151 - - [26/Oct/2022:12:31:57 +0800] "GET /xingrg/kc/buy/cgsh_order_operate.html?command=get_materiel&rest_code=00102&code=00101020126&supplier_code=00100323&order_time=2022-10-24 HTTP/1.1" 200 412
58.40.7.146 - - [26/Oct/2022:12:31:59 +0800] "GET /xingrg/all/function/internal_message.html?_=1666758711508&CODE_STATE=getMsg HTTP/1.1" 200 27
180.169.147.146 - - [26/Oct/2022:12:31:59 +0800] "GET /xingrg/kc/buy/cgsh_order_operate.html?command=get_materiel&rest_code=00147&code=00101008332&supplier_code=00100242&order_time=2022-10-26 HTTP/1.1" 200 412
120.253.135.82 - - [26/Oct/2022:12:32:00 +0800] "GET /xingrg/check_reg.html?_=1666758815566 HTTP/1.1" 200 22
180.162.109.76 - - [26/Oct/2022:12:32:00 +0800] "POST /xingrg/login.do HTTP/1.1" 302 -
180.162.109.76 - - [26/Oct/2022:12:32:00 +0800] "GET /xingrg/javascript/jquery_easy_ui/themes/default/easyui.css HTTP/1.1" 304 -
180.162.109.76 - - [26/Oct/2022:12:32:00 +0800] "GET /xingrg/javascript/jquery_easy_ui/themes/icon.css HTTP/1.1" 304 -
180.162.109.76 - - [26/Oct/2022:12:32:00 +0800] "GET /xingrg/index.html?sysBaseUrl=http%3A%2F%2F180.169.147.146%3A18081%2Fxingrg%2F&costTime=46×tamp=1666758720800 HTTP/1.1" 200 17179
180.162.109.76 - - [26/Oct/2022:12:32:00 +0800] "GET /xingrg/javascript/jquery.form.js HTTP/1.1" 304 -
180.162.109.76 - - [26/Oct/2022:12:32:00 +0800] "GET /xingrg/css/form.css HTTP/1.1" 304 -
180.162.109.76 - - [26/Oct/2022:12:32:00 +0800] "GET /xingrg/javascript/jquery_easy_ui/jquery.easyui.min.js HTTP/1.1" 304 -
180.162.109.76 - - [26/Oct/2022:12:32:00 +0800] "GET /xingrg/javascript/jquery.utils.js HTTP/1.1" 304 -
180.162.109.76 - - [26/Oct/2022:12:32:00 +0800] "GET /xingrg/javascript/jquery-1.4.2.min.js HTTP/1.1" 304 -
180.162.109.76 - - [26/Oct/2022:12:32:00 +0800] "GET /xingrg/javascript/jquery_easy_ui/easyui-lang-zh_CN.js HTTP/1.1" 304 -
180.162.109.76 - - [26/Oct/2022:12:32:00 +0800] "GET /xingrg/javascript/jquery.timers.js HTTP/1.1" 304 -
180.162.109.76 - - [26/Oct/2022:12:32:00 +0800] "GET /favicon.ico HTTP/1.1" 404 -
180.162.109.76 - - [26/Oct/2022:12:32:00 +0800] "GET /xingrg/javascript/jquery_easy_ui/themes/icons/settle_new.png HTTP/1.1" 304 -
180.162.109.76 - - [26/Oct/2022:12:32:00 +0800] "GET /xingrg/images/blue/navBackgound.jpg HTTP/1.1" 304 -
180.162.109.76 - - [26/Oct/2022:12:32:01 +0800] "POST /xingrg/all/common/load_tree.html?tree=area_rest_tree_json&manage=1 HTTP/1.1" 200 351
180.162.109.76 - - [26/Oct/2022:12:32:01 +0800] "GET /xingrg/images/blue/pingpu.png HTTP/1.1" 304 -
180.162.109.76 - - [26/Oct/2022:12:32:01 +0800] "GET /xingrg/check_reg.html?_=1666757787846 HTTP/1.1" 200 22
180.162.109.76 - - [26/Oct/2022:12:32:01 +0800] "GET /xingrg/all/function/internal_message.html?_=1666757787844&CODE_STATE=count HTTP/1.1" 200 11
180.162.109.76 - - [26/Oct/2022:12:32:01 +0800] "GET /xingrg/javascript/jquery_easy_ui/themes/default/images/tabs_leftarrow.png HTTP/1.1" 304 -
180.162.109.76 - - [26/Oct/2022:12:32:01 +0800] "GET /xingrg/javascript/jquery_easy_ui/themes/default/images/tabs_rightarrow.png HTTP/1.1" 304 -
180.162.109.76 - - [26/Oct/2022:12:32:01 +0800] "GET /xingrg/javascript/jquery_easy_ui/themes/default/images/panel_tool_collapse.gif HTTP/1.1" 304 -
180.162.109.76 - - [26/Oct/2022:12:32:01 +0800] "POST /xingrg/load_menu.html HTTP/1.1" 200 5138
180.162.109.76 - - [26/Oct/2022:12:32:01 +0800] "GET /xingrg/javascript/jquery_easy_ui/themes/default/images/tree_arrows.gif HTTP/1.1" 304 -
180.162.109.76 - - [26/Oct/2022:12:32:01 +0800] "GET /xingrg/javascript/jquery_easy_ui/themes/default/images/tree_folder_open.gif HTTP/1.1" 304 -
180.162.109.76 - - [26/Oct/2022:12:32:01 +0800] "GET /xingrg/javascript/jquery_easy_ui/themes/icons/search_new.png HTTP/1.1" 304 -
180.162.109.76 - - [26/Oct/2022:12:32:01 +0800] "GET /xingrg/javascript/jquery_easy_ui/themes/default/images/tree_folder.gif HTTP/1.1" 304 -
180.162.109.76 - - [26/Oct/2022:12:32:01 +0800] "GET /xingrg/javascript/jquery_easy_ui/themes/icons/storage_new.png HTTP/1.1" 304 -
180.162.109.76 - - [26/Oct/2022:12:32:01 +0800] "GET /xingrg/javascript/jquery_easy_ui/themes/icons/forms_new.png HTTP/1.1" 304 -
180.162.109.76 - - [26/Oct/2022:12:32:01 +0800] "GET /xingrg/javascript/jquery_easy_ui/themes/default/images/tree_file.gif HTTP/1.1" 304 -
114.83.223.130 - - [26/Oct/2022:12:32:01 +0800] "GET /xingrg/all/function/internal_message.html?_=1666758712143&CODE_STATE=getMsg HTTP/1.1" 200 27
120.253.135.82 - - [26/Oct/2022:12:32:01 +0800] "GET /xingrg/kc/buy/cgsh_order_operate.html?command=get_materiel&rest_code=00101&code=00101019390&supplier_code=00100100&order_time=2022-10-26 HTTP/1.1" 200 470
120.253.135.82 - - [26/Oct/2022:12:32:02 +0800] "POST /xingrg/all/common/load_select.html HTTP/1.1" 200 25
120.253.135.82 - - [26/Oct/2022:12:32:04 +0800] "GET /xingrg/all/function/internal_message.html?_=1666758819009&CODE_STATE=getMsg HTTP/1.1" 200 27
120.253.135.82 - - [26/Oct/2022:12:32:06 +0800] "GET /xingrg/kc/buy/cgsh_order_operate.html?command=get_materiel_price&rest_code=00101&code=00101019390&unit_code=00100157&supplier_code=00100100&order_time=2022-10-26 HTTP/1.1" 200 31
222.69.192.207 - - [26/Oct/2022:12:32:07 +0800] "POST /xingrg/kc/base/wldb_order_operate.html HTTP/1.1" 200 37
222.69.192.207 - - [26/Oct/2022:12:32:08 +0800] "POST /xingrg/kc/base/wldb_order_operate.html HTTP/1.1" 200 2201
222.69.192.207 - - [26/Oct/2022:12:32:08 +0800] "GET /xingrg/kc/base/wldb_order_info.html?code=422022102601897 HTTP/1.1" 200 30379
222.69.192.207 - - [26/Oct/2022:12:32:09 +0800] "GET /xingrg/javascript/easyui/themes/default/validatebox.css HTTP/1.1" 404 1104
58.35.213.73 - - [26/Oct/2022:12:32:09 +0800] "GET /xingrg/all/function/internal_message.html?_=1666758721907&CODE_STATE=getMsg HTTP/1.1" 200 27
222.69.192.207 - - [26/Oct/2022:12:32:09 +0800] "POST /xingrg/kc/base/wldb_order_operate.html HTTP/1.1" 200 2201
222.69.192.207 - - [26/Oct/2022:12:32:12 +0800] "GET /xingrg/all/function/internal_message.html?_=1666758576836&CODE_STATE=getMsg HTTP/1.1" 200 27
116.238.139.35 - - [26/Oct/2022:12:32:14 +0800] "GET /xingrg/all/function/internal_message.html?_=1666758662476&CODE_STATE=getMsg HTTP/1.1" 200 27
221.239.141.151 - - [26/Oct/2022:12:32:20 +0800] "GET /xingrg/check_reg.html?_=1666758743635 HTTP/1.1" 200 22
221.239.141.151 - - [26/Oct/2022:12:32:20 +0800] "GET /xingrg/all/function/internal_message.html?_=1666758744247&CODE_STATE=getMsg HTTP/1.1" 200 27
120.253.135.82 - - [26/Oct/2022:12:32:21 +0800] "POST /xingrg/kc/buy/cgsh_order_operate.html HTTP/1.1" 200 37
222.69.192.207 - - [26/Oct/2022:12:32:22 +0800] "GET /xingrg/kc/base/wldb_order_add.html HTTP/1.1" 200 30365
222.69.192.207 - - [26/Oct/2022:12:32:22 +0800] "POST /xingrg/kc/base/wldb_order_operate.html HTTP/1.1" 200 6806
222.69.192.207 - - [26/Oct/2022:12:32:22 +0800] "GET /xingrg/javascript/easyui/themes/default/validatebox.css HTTP/1.1" 404 1104
116.230.114.213 - - [26/Oct/2022:12:32:22 +0800] "GET /xingrg/all/function/internal_message.html?_=1666758749392&CODE_STATE=getMsg HTTP/1.1" 200 27
221.239.141.151 - - [26/Oct/2022:12:32:23 +0800] "GET /xingrg/all/function/internal_message.html?_=1666758735749&CODE_STATE=getMsg HTTP/1.1" 200 27
120.253.135.82 - - [26/Oct/2022:12:32:23 +0800] "POST /xingrg/kc/buy/cgsh_order_operate.html HTTP/1.1" 200 8285
120.253.135.82 - - [26/Oct/2022:12:32:25 +0800] "GET /xingrg/all/function/internal_message.html?_=1666758534238&CODE_STATE=getMsg HTTP/1.1" 200 27
116.238.139.35 - - [26/Oct/2022:12:32:25 +0800] "GET /xingrg/all/function/internal_message.html?_=1666758737969&CODE_STATE=getMsg HTTP/1.1" 200 27
116.238.139.35 - - [26/Oct/2022:12:32:25 +0800] "GET /xingrg/check_reg.html?_=1666758737970 HTTP/1.1" 200 22
120.253.135.82 - - [26/Oct/2022:12:32:30 +0800] "GET /xingrg/check_reg.html?_=1666758845003 HTTP/1.1" 200 22
120.253.135.82 - - [26/Oct/2022:12:32:30 +0800] "GET /xingrg/all/function/internal_message.html?_=1666758845097&CODE_STATE=getMsg HTTP/1.1" 200 27
124.79.74.72 - - [26/Oct/2022:12:32:31 +0800] "GET /xingrg/all/function/internal_message.html?_=1666758742611&CODE_STATE=getMsg HTTP/1.1" 200 27
120.253.135.82 - - [26/Oct/2022:12:32:31 +0800] "GET /xingrg/kc/buy/cgsh_order_list.html HTTP/1.1" 200 53322
116.230.105.139 - - [26/Oct/2022:12:32:32 +0800] "GET /xingrg/all/function/internal_message.html?_=1666758744417&CODE_STATE=getMsg HTTP/1.1" 200 27
222.70.183.206 - - [26/Oct/2022:12:32:33 +0800] "GET /xingrg/all/function/internal_message.html?_=1666758744071&CODE_STATE=getMsg HTTP/1.1" 200 27
120.253.135.82 - - [26/Oct/2022:12:32:33 +0800] "POST /xingrg/kc/buy/cgsh_list_operate.html HTTP/1.1" 200 1857
221.239.141.151 - - [26/Oct/2022:12:32:34 +0800] "GET /xingrg/kc/buy/cgsh_order_operate.html?command=get_materiel&rest_code=00102&code=00101001109&supplier_code=00100323&order_time=2022-10-24 HTTP/1.1" 200 415
116.238.139.35 - - [26/Oct/2022:12:32:36 +0800] "GET /xingrg/check_reg.html?_=1666758685235 HTTP/1.1" 200 22
120.253.135.82 - - [26/Oct/2022:12:32:43 +0800] "POST /xingrg/kc/buy/cgsh_order_operate.html HTTP/1.1" 200 37
120.253.135.82 - - [26/Oct/2022:12:32:43 +0800] "POST /xingrg/kc/buy/cgsh_list_operate.html HTTP/1.1" 200 616
180.169.147.146 - - [26/Oct/2022:12:32:44 +0800] "GET /xingrg/all/function/internal_message.html?_=1666758756898&CODE_STATE=getMsg HTTP/1.1" 200 27
120.253.135.82 - - [26/Oct/2022:12:32:44 +0800] "GET /xingrg/kc/buy/cgsh_order_info.html?code=212022102608029 HTTP/1.1" 200 68176
120.253.135.82 - - [26/Oct/2022:12:32:45 +0800] "GET /xingrg/javascript/easyui/themes/default/validatebox.css HTTP/1.1" 404 1104
120.253.135.82 - - [26/Oct/2022:12:32:45 +0800] "POST /xingrg/kc/buy/cgsh_order_operate.html HTTP/1.1" 200 8287
58.39.35.118 - - [26/Oct/2022:12:32:46 +0800] "GET /xingrg/all/function/internal_message.html?_=1666758755123&CODE_STATE=getMsg HTTP/1.1" 200 27
120.253.135.82 - - [26/Oct/2022:12:32:46 +0800] "POST /xingrg/kc/buy/cgsh_order_operate.html HTTP/1.1" 200 8287
116.230.105.139 - - [26/Oct/2022:12:32:47 +0800] "GET /xingrg/all/function/internal_message.html?_=1666758721202&CODE_STATE=getMsg HTTP/1.1" 200 27
221.239.141.151 - - [26/Oct/2022:12:32:48 +0800] "GET /xingrg/kc/buy/cgsh_order_operate.html?command=get_materiel&rest_code=00102&code=00101007122&supplier_code=00100323&order_time=2022-10-24 HTTP/1.1" 200 437
101.85.93.18 - - [26/Oct/2022:12:32:48 +0800] "GET /xingrg/all/function/internal_message.html?_=1666758761112&CODE_STATE=getMsg HTTP/1.1" 200 27
101.85.93.18 - - [26/Oct/2022:12:32:48 +0800] "GET /xingrg/check_reg.html?_=1666758761113 HTTP/1.1" 200 22
180.169.147.146 - - [26/Oct/2022:12:32:48 +0800] "GET /xingrg/all/function/internal_message.html?_=1666758760502&CODE_STATE=getMsg HTTP/1.1" 200 27
180.169.147.146 - - [26/Oct/2022:12:32:50 +0800] "GET /xingrg/all/function/internal_message.html?_=1666758762989&CODE_STATE=getMsg HTTP/1.1" 200 27
222.69.192.207 - - [26/Oct/2022:12:32:52 +0800] "GET /xingrg/kc/base/wldb_order_operate.html?command=get_materiel&rest_code=00105&base_code=0010508&code=00102002396 HTTP/1.1" 200 429
58.37.7.251 - - [26/Oct/2022:12:32:52 +0800] "GET /xingrg/all/function/internal_message.html?_=1666758762824&CODE_STATE=getMsg HTTP/1.1" 200 27
58.40.7.146 - - [26/Oct/2022:12:32:59 +0800] "GET /xingrg/all/function/internal_message.html?_=1666758771513&CODE_STATE=getMsg HTTP/1.1" 200 27
180.162.109.76 - - [26/Oct/2022:12:33:01 +0800] "GET /xingrg/all/function/internal_message.html?_=1666757847851&CODE_STATE=getMsg HTTP/1.1" 200 27
114.83.223.130 - - [26/Oct/2022:12:33:01 +0800] "GET /xingrg/all/function/internal_message.html?_=1666758772130&CODE_STATE=getMsg HTTP/1.1" 200 27
120.253.135.82 - - [26/Oct/2022:12:33:04 +0800] "GET /xingrg/all/function/internal_message.html?_=1666758879022&CODE_STATE=getMsg HTTP/1.1" 200 27
221.239.141.151 - - [26/Oct/2022:12:33:04 +0800] "GET /xingrg/kc/buy/cgsh_order_operate.html?command=get_materiel&rest_code=00102&code=00101010535&supplier_code=00100323&order_time=2022-10-24 HTTP/1.1" 200 442
58.35.213.73 - - [26/Oct/2022:12:33:09 +0800] "GET /xingrg/all/function/internal_message.html?_=1666758781909&CODE_STATE=getMsg HTTP/1.1" 200 27
222.69.192.207 - - [26/Oct/2022:12:33:12 +0800] "GET /xingrg/all/function/internal_message.html?_=1666758636824&CODE_STATE=getMsg HTTP/1.1" 200 27
116.238.139.35 - - [26/Oct/2022:12:33:14 +0800] "GET /xingrg/all/function/internal_message.html?_=1666758722482&CODE_STATE=getMsg HTTP/1.1" 200 27
221.239.141.151 - - [26/Oct/2022:12:33:17 +0800] "POST /xingrg/kc/buy/cgsh_order_operate.html HTTP/1.1" 200 37
222.69.192.207 - - [26/Oct/2022:12:33:20 +0800] "GET /xingrg/kc/base/wldb_order_operate.html?command=get_materiel&rest_code=00105&base_code=0010508&code=00102028010 HTTP/1.1" 200 497
221.239.141.151 - - [26/Oct/2022:12:33:20 +0800] "GET /xingrg/all/function/internal_message.html?_=1666758804221&CODE_STATE=getMsg HTTP/1.1" 200 27
120.253.135.82 - - [26/Oct/2022:12:33:20 +0800] "GET /xingrg/check_reg.html?_=1666758589542 HTTP/1.1" 200 22
221.239.141.151 - - [26/Oct/2022:12:33:20 +0800] "POST /xingrg/kc/buy/cgsh_order_operate.html HTTP/1.1" 200 12
222.69.192.207 - - [26/Oct/2022:12:33:22 +0800] "POST /xingrg/all/common/load_select.html HTTP/1.1" 200 25
116.230.114.213 - - [26/Oct/2022:12:33:22 +0800] "GET /xingrg/all/function/internal_message.html?_=1666758809396&CODE_STATE=getMsg HTTP/1.1" 200 27
221.239.141.151 - - [26/Oct/2022:12:33:23 +0800] "GET /xingrg/all/function/internal_message.html?_=1666758795736&CODE_STATE=getMsg HTTP/1.1" 200 27
120.253.135.82 - - [26/Oct/2022:12:33:25 +0800] "GET /xingrg/all/function/internal_message.html?_=1666758594252&CODE_STATE=getMsg HTTP/1.1" 200 27
222.69.192.207 - - [26/Oct/2022:12:33:25 +0800] "GET /xingrg/kc/base/wldb_order_operate.html?command=get_materiel_price&rest_code=00105&base_code=0010508&code=00102028010&unit_code=00100193 HTTP/1.1" 200 35
116.238.139.35 - - [26/Oct/2022:12:33:25 +0800] "GET /xingrg/all/function/internal_message.html?_=1666758797968&CODE_STATE=getMsg HTTP/1.1" 200 27
120.253.135.82 - - [26/Oct/2022:12:33:30 +0800] "GET /xingrg/all/function/internal_message.html?_=1666758905106&CODE_STATE=getMsg HTTP/1.1" 200 27
124.79.74.72 - - [26/Oct/2022:12:33:31 +0800] "GET /xingrg/all/function/internal_message.html?_=1666758802612&CODE_STATE=getMsg HTTP/1.1" 200 27
124.79.74.72 - - [26/Oct/2022:12:33:31 +0800] "GET /xingrg/check_reg.html?_=1666758802613 HTTP/1.1" 200 22
116.230.105.139 - - [26/Oct/2022:12:33:32 +0800] "GET /xingrg/all/function/internal_message.html?_=1666758804425&CODE_STATE=getMsg HTTP/1.1" 200 27
222.70.183.206 - - [26/Oct/2022:12:33:33 +0800] "GET /xingrg/all/function/internal_message.html?_=1666758804055&CODE_STATE=getMsg HTTP/1.1" 200 27
222.70.183.206 - - [26/Oct/2022:12:33:34 +0800] "GET /xingrg/check_reg.html?_=1666758805397 HTTP/1.1" 200 22
221.239.141.151 - - [26/Oct/2022:12:33:35 +0800] "GET /xingrg/kc/buy/cgsh_order_info.html?code=212022102608033 HTTP/1.1" 200 64050
221.239.141.151 - - [26/Oct/2022:12:33:36 +0800] "GET /xingrg/javascript/easyui/themes/default/validatebox.css HTTP/1.1" 404 1104
221.239.141.151 - - [26/Oct/2022:12:33:37 +0800] "POST /xingrg/kc/buy/cgsh_order_operate.html HTTP/1.1" 200 2433
114.84.81.136 - - [26/Oct/2022:12:33:39 +0800] "GET /favicon.ico HTTP/1.1" 404 -
221.239.141.151 - - [26/Oct/2022:12:33:41 +0800] "GET /xingrg/kc/print/load_data.html?order_code=212022102608033&kc_code=cgsh&condition= HTTP/1.1" 200 1438
114.84.81.136 - - [26/Oct/2022:12:33:41 +0800] "GET /xingrg/index.html?sysBaseUrl=http%3A%2F%2F180.169.147.146%3A18081%2Fxingrg%2F&costTime=44×tamp=1622098168715 HTTP/1.1" 302 -
114.84.81.136 - - [26/Oct/2022:12:33:41 +0800] "GET /xingrg/login.html HTTP/1.1" 200 7641
114.84.81.136 - - [26/Oct/2022:12:33:42 +0800] "GET /favicon.ico HTTP/1.1" 404 -
180.169.147.146 - - [26/Oct/2022:12:33:44 +0800] "GET /xingrg/all/function/internal_message.html?_=1666758816903&CODE_STATE=getMsg HTTP/1.1" 200 27
114.84.81.136 - - [26/Oct/2022:12:33:45 +0800] "POST /xingrg/login.do HTTP/1.1" 302 -
114.84.81.136 - - [26/Oct/2022:12:33:45 +0800] "GET /xingrg/index.html?sysBaseUrl=http%3A%2F%2F180.169.147.146%3A18081%2Fxingrg%2F&costTime=49×tamp=1666758825178 HTTP/1.1" 200 17179
114.84.81.136 - - [26/Oct/2022:12:33:45 +0800] "GET /favicon.ico HTTP/1.1" 404 -
114.84.81.136 - - [26/Oct/2022:12:33:45 +0800] "POST /xingrg/all/common/load_tree.html?tree=area_rest_tree_json&manage=1 HTTP/1.1" 200 351
114.84.81.136 - - [26/Oct/2022:12:33:45 +0800] "GET /xingrg/all/function/internal_message.html?_=1666758823460&CODE_STATE=count HTTP/1.1" 200 11
114.84.81.136 - - [26/Oct/2022:12:33:45 +0800] "GET /xingrg/check_reg.html?_=1666758823462 HTTP/1.1" 200 22
114.84.81.136 - - [26/Oct/2022:12:33:45 +0800] "POST /xingrg/load_menu.html HTTP/1.1" 200 5138
58.39.35.118 - - [26/Oct/2022:12:33:46 +0800] "GET /xingrg/all/function/internal_message.html?_=1666758815113&CODE_STATE=getMsg HTTP/1.1" 200 27
116.230.105.139 - - [26/Oct/2022:12:33:47 +0800] "GET /xingrg/all/function/internal_message.html?_=1666758781212&CODE_STATE=getMsg HTTP/1.1" 200 27
101.85.93.18 - - [26/Oct/2022:12:33:48 +0800] "GET /xingrg/all/function/internal_message.html?_=1666758821110&CODE_STATE=getMsg HTTP/1.1" 200 27
180.169.147.146 - - [26/Oct/2022:12:33:48 +0800] "GET /xingrg/all/function/internal_message.html?_=1666758820484&CODE_STATE=getMsg HTTP/1.1" 200 27
180.169.147.146 - - [26/Oct/2022:12:33:50 +0800] "GET /xingrg/all/function/internal_message.html?_=1666758822987&CODE_STATE=getMsg HTTP/1.1" 200 27
58.37.7.251 - - [26/Oct/2022:12:33:52 +0800] "GET /xingrg/all/function/internal_message.html?_=1666758822804&CODE_STATE=getMsg HTTP/1.1" 200 27
222.69.192.207 - - [26/Oct/2022:12:33:55 +0800] "GET /xingrg/kc/base/wldb_order_operate.html?command=get_materiel&rest_code=00105&base_code=0010508&code=00102002685 HTTP/1.1" 200 458
120.253.135.82 - - [26/Oct/2022:12:33:56 +0800] "GET /xingrg/kc/print/load_data.html?order_code=212022102608029&kc_code=cgsh&condition= HTTP/1.1" 200 3005
222.69.192.207 - - [26/Oct/2022:12:33:57 +0800] "POST /xingrg/all/common/load_select.html HTTP/1.1" 200 25
58.40.7.146 - - [26/Oct/2022:12:33:59 +0800] "GET /xingrg/all/function/internal_message.html?_=1666758831514&CODE_STATE=getMsg HTTP/1.1" 200 27
180.162.109.76 - - [26/Oct/2022:12:34:01 +0800] "GET /xingrg/all/function/internal_message.html?_=1666757907851&CODE_STATE=getMsg HTTP/1.1" 200 27
222.69.192.207 - - [26/Oct/2022:12:34:01 +0800] "GET /xingrg/kc/base/wldb_order_operate.html?command=get_materiel_price&rest_code=00105&base_code=0010508&code=00102002685&unit_code=00100347 HTTP/1.1" 200 36
114.83.223.130 - - [26/Oct/2022:12:34:01 +0800] "GET /xingrg/all/function/internal_message.html?_=1666758832127&CODE_STATE=getMsg HTTP/1.1" 200 27
114.83.223.130 - - [26/Oct/2022:12:34:03 +0800] "GET /xingrg/check_reg.html?_=1666758834315 HTTP/1.1" 200 22
120.253.135.82 - - [26/Oct/2022:12:34:04 +0800] "GET /xingrg/all/function/internal_message.html?_=1666758939046&CODE_STATE=getMsg HTTP/1.1" 200 27
58.35.213.73 - - [26/Oct/2022:12:34:09 +0800] "GET /xingrg/all/function/internal_message.html?_=1666758841914&CODE_STATE=getMsg HTTP/1.1" 200 27
180.162.109.76 - - [26/Oct/2022:12:34:10 +0800] "GET /xingrg/kc/buy/buy_main.html HTTP/1.1" 200 12412
180.162.109.76 - - [26/Oct/2022:12:34:10 +0800] "GET /xingrg/javascript/jquery_easy_ui/themes/default/images/tabs_close.gif HTTP/1.1" 304 -
180.162.109.76 - - [26/Oct/2022:12:34:10 +0800] "GET /xingrg/javascript/jquery_ui/jquery-ui.min.js HTTP/1.1" 304 -
180.162.109.76 - - [26/Oct/2022:12:34:10 +0800] "GET /xingrg/css/new_ie.css HTTP/1.1" 404 1036
180.162.109.76 - - [26/Oct/2022:12:34:10 +0800] "GET /xingrg/css/blue.css HTTP/1.1" 304 -
180.162.109.76 - - [26/Oct/2022:12:34:10 +0800] "GET /xingrg/javascript/jquery_ui/themes/humanity/humanity.css HTTP/1.1" 304 -
180.162.109.76 - - [26/Oct/2022:12:34:10 +0800] "GET /xingrg/javascript/pic_change.js HTTP/1.1" 304 -
180.162.109.76 - - [26/Oct/2022:12:34:10 +0800] "GET /xingrg/javascript/ToolTips.js HTTP/1.1" 304 -
180.162.109.76 - - [26/Oct/2022:12:34:10 +0800] "GET /xingrg/javascript/myfunction.js HTTP/1.1" 304 -
180.162.109.76 - - [26/Oct/2022:12:34:10 +0800] "GET /xingrg/images/blue/button/cgydd.gif HTTP/1.1" 304 -
180.162.109.76 - - [26/Oct/2022:12:34:10 +0800] "GET /xingrg/images/blue/button/cgshd.gif HTTP/1.1" 304 -
180.162.109.76 - - [26/Oct/2022:12:34:10 +0800] "GET /xingrg/images/blue/button/cgfkd.gif HTTP/1.1" 304 -
180.162.109.76 - - [26/Oct/2022:12:34:10 +0800] "GET /xingrg/images/blue/button/cgxqd.gif HTTP/1.1" 304 -
180.162.109.76 - - [26/Oct/2022:12:34:10 +0800] "GET /xingrg/images/blue/button/kc.gif HTTP/1.1" 304 -
180.162.109.76 - - [26/Oct/2022:12:34:10 +0800] "GET /xingrg/images/blue/button/ckthd.gif HTTP/1.1" 304 -
180.162.109.76 - - [26/Oct/2022:12:34:10 +0800] "GET /xingrg/images/blue/pic_form2.gif HTTP/1.1" 304 -
180.162.109.76 - - [26/Oct/2022:12:34:10 +0800] "GET /xingrg/javascript/jquery_ui/themes/humanity/images/ui-bg_inset-soft_100_f4f0ec_1x100.png HTTP/1.1" 304 -
180.162.109.76 - - [26/Oct/2022:12:34:10 +0800] "GET /xingrg/images/blue/bg_dotted.jpg HTTP/1.1" 304 -
180.162.109.76 - - [26/Oct/2022:12:34:10 +0800] "GET /xingrg/images/blue/button/down_ah.jpg HTTP/1.1" 304 -
180.162.109.76 - - [26/Oct/2022:12:34:10 +0800] "GET /xingrg/images/blue/button/right_ah.jpg HTTP/1.1" 304 -
180.162.109.76 - - [26/Oct/2022:12:34:10 +0800] "GET /xingrg/javascript/jquery_ui/themes/humanity/images/ui-icons_c47a23_256x240.png HTTP/1.1" 304 -
180.162.109.76 - - [26/Oct/2022:12:34:10 +0800] "GET /xingrg/javascript/jquery_ui/themes/humanity/images/ui-icons_ffffff_256x240.png HTTP/1.1" 304 -
180.162.109.76 - - [26/Oct/2022:12:34:10 +0800] "GET /xingrg/javascript/jquery_ui/themes/humanity/images/ui-bg_glass_70_ede4d4_1x400.png HTTP/1.1" 304 -
180.162.109.76 - - [26/Oct/2022:12:34:10 +0800] "GET /xingrg/javascript/jquery_ui/themes/humanity/images/ui-iconsnew.jpg HTTP/1.1" 304 -
180.162.109.76 - - [26/Oct/2022:12:34:11 +0800] "GET /xingrg/images/yd/bt.gif HTTP/1.1" 404 1040
222.69.192.207 - - [26/Oct/2022:12:34:12 +0800] "GET /xingrg/all/function/internal_message.html?_=1666758696802&CODE_STATE=getMsg HTTP/1.1" 200 27
180.162.109.76 - - [26/Oct/2022:12:34:13 +0800] "GET /xingrg/kc/buy/cgsh_order_list.html HTTP/1.1" 200 53328
180.162.109.76 - - [26/Oct/2022:12:34:13 +0800] "GET /xingrg/css/base.css HTTP/1.1" 304 -
180.162.109.76 - - [26/Oct/2022:12:34:13 +0800] "GET /xingrg/css/site.css HTTP/1.1" 304 -
180.162.109.76 - - [26/Oct/2022:12:34:13 +0800] "GET /xingrg/javascript/jquery_tools/datebox.css HTTP/1.1" 304 -
180.162.109.76 - - [26/Oct/2022:12:34:13 +0800] "GET /xingrg/javascript/easyui/themes/default/easyui.css HTTP/1.1" 304 -
180.162.109.76 - - [26/Oct/2022:12:34:13 +0800] "GET /xingrg/javascript/easyui/themes/icon.css HTTP/1.1" 304 -
180.162.109.76 - - [26/Oct/2022:12:34:13 +0800] "GET /xingrg/javascript/auto/jquery.autocomplete.css HTTP/1.1" 304 -
180.162.109.76 - - [26/Oct/2022:12:34:13 +0800] "GET /xingrg/javascript/jquery_tools/fix.css HTTP/1.1" 304 -
180.162.109.76 - - [26/Oct/2022:12:34:13 +0800] "GET /xingrg/javascript/jquery_tools/table.css HTTP/1.1" 304 -
180.162.109.76 - - [26/Oct/2022:12:34:13 +0800] "GET /xingrg/javascript/jquery_tools/jquery.tools.min.js HTTP/1.1" 304 -
180.162.109.76 - - [26/Oct/2022:12:34:13 +0800] "GET /xingrg/javascript/jquery_tools/jquery.tools.extend.js HTTP/1.1" 304 -
180.162.109.76 - - [26/Oct/2022:12:34:13 +0800] "GET /xingrg/javascript/jquery_tools/jquery.tools.hotkey.js HTTP/1.1" 304 -
180.162.109.76 - - [26/Oct/2022:12:34:13 +0800] "GET /xingrg/javascript/jquery_tools/jquery.tools.table.js HTTP/1.1" 304 -
180.162.109.76 - - [26/Oct/2022:12:34:13 +0800] "GET /xingrg/javascript/jquery_tools/list_manager.js HTTP/1.1" 304 -
180.162.109.76 - - [26/Oct/2022:12:34:13 +0800] "GET /xingrg/javascript/auto/jquery.autocomplete.js HTTP/1.1" 304 -
180.162.109.76 - - [26/Oct/2022:12:34:13 +0800] "GET /xingrg/javascript/jquery.cookie.js HTTP/1.1" 304 -
180.162.109.76 - - [26/Oct/2022:12:34:13 +0800] "GET /xingrg/javascript/easyui/easyloader.js HTTP/1.1" 304 -
180.162.109.76 - - [26/Oct/2022:12:34:13 +0800] "GET /xingrg/javascript/print/LodopFuncs.js HTTP/1.1" 304 -
180.162.109.76 - - [26/Oct/2022:12:34:13 +0800] "GET /xingrg/javascript/easyui/themes/icons/check_new.png HTTP/1.1" 304 -
180.162.109.76 - - [26/Oct/2022:12:34:13 +0800] "GET /xingrg/javascript/easyui/themes/icons/cance_new.png HTTP/1.1" 304 -
180.162.109.76 - - [26/Oct/2022:12:34:13 +0800] "GET /xingrg/javascript/easyui/themes/icons/edit_add_new.png HTTP/1.1" 304 -
180.162.109.76 - - [26/Oct/2022:12:34:13 +0800] "GET /xingrg/javascript/easyui/themes/icons/field_new.png HTTP/1.1" 304 -
180.162.109.76 - - [26/Oct/2022:12:34:13 +0800] "GET /xingrg/javascript/easyui/themes/icons/import_new.png HTTP/1.1" 304 -
180.162.109.76 - - [26/Oct/2022:12:34:13 +0800] "GET /xingrg/javascript/easyui/plugins/jquery.parser.js HTTP/1.1" 304 -
