221.239.141.151 - - [26/Oct/2022:12:16:23 +0800] "GET /xingrg/all/function/internal_message.html?_=1666757775723&CODE_STATE=getMsg HTTP/1.1" 200 27
221.239.141.151 - - [26/Oct/2022:12:16:23 +0800] "GET /xingrg/check_reg.html?_=1666757775725 HTTP/1.1" 200 22
221.239.141.151 - - [26/Oct/2022:12:16:23 +0800] "POST /xingrg/kc/buy/cgsh_order_operate.html HTTP/1.1" 200 8245
221.239.141.151 - - [26/Oct/2022:12:16:23 +0800] "GET /xingrg/javascript/easyui/themes/default/validatebox.css HTTP/1.1" 404 1104
120.253.135.82 - - [26/Oct/2022:12:16:24 +0800] "GET /xingrg/all/function/internal_message.html?_=1666757573007&CODE_STATE=getMsg HTTP/1.1" 200 27
116.238.139.35 - - [26/Oct/2022:12:16:25 +0800] "GET /xingrg/all/function/internal_message.html?_=1666757777962&CODE_STATE=getMsg HTTP/1.1" 200 27
124.79.74.72 - - [26/Oct/2022:12:16:31 +0800] "GET /xingrg/all/function/internal_message.html?_=1666757782609&CODE_STATE=getMsg HTTP/1.1" 200 27
116.230.105.139 - - [26/Oct/2022:12:16:32 +0800] "GET /xingrg/all/function/internal_message.html?_=1666757784416&CODE_STATE=getMsg HTTP/1.1" 200 27
222.70.183.206 - - [26/Oct/2022:12:16:33 +0800] "GET /xingrg/all/function/internal_message.html?_=1666757784328&CODE_STATE=getMsg HTTP/1.1" 200 27
180.169.147.146 - - [26/Oct/2022:12:16:33 +0800] "GET /xingrg/all/function/internal_message.html?_=1666757785155&CODE_STATE=getMsg HTTP/1.1" 200 27
221.239.141.151 - - [26/Oct/2022:12:16:36 +0800] "GET /xingrg/kc/buy/cgsh_order_operate.html?command=get_materiel&rest_code=00102&code=00101010522&supplier_code=00100337&order_time=2022-10-24 HTTP/1.1" 200 441
222.70.183.206 - - [26/Oct/2022:12:16:37 +0800] "POST /xingrg/services/DataTransmitService HTTP/1.1" 200 524
222.70.183.206 - - [26/Oct/2022:12:16:38 +0800] "POST /xingrg/services/DataTransmitService HTTP/1.1" 200 501
222.70.183.206 - - [26/Oct/2022:12:16:38 +0800] "POST /xingrg/services/DataTransmitService HTTP/1.1" 200 501
222.70.183.206 - - [26/Oct/2022:12:16:38 +0800] "POST /xingrg/services/DataTransmitService HTTP/1.1" 200 501
222.70.183.206 - - [26/Oct/2022:12:16:38 +0800] "POST /xingrg/services/DataTransmitService HTTP/1.1" 200 501
222.70.183.206 - - [26/Oct/2022:12:16:39 +0800] "POST /xingrg/services/DataTransmitService HTTP/1.1" 200 501
222.70.183.206 - - [26/Oct/2022:12:16:39 +0800] "POST /xingrg/services/DataTransmitService HTTP/1.1" 200 501
222.70.183.206 - - [26/Oct/2022:12:16:39 +0800] "POST /xingrg/services/DataTransmitService HTTP/1.1" 200 412
221.239.141.151 - - [26/Oct/2022:12:16:44 +0800] "GET /xingrg/kc/buy/cgsh_order_operate.html?command=get_materiel&rest_code=00102&code=00101019174&supplier_code=00100337&order_time=2022-10-24 HTTP/1.1" 200 462
180.169.147.146 - - [26/Oct/2022:12:16:44 +0800] "GET /xingrg/all/function/internal_message.html?_=1666757796905&CODE_STATE=getMsg HTTP/1.1" 200 27
58.39.35.118 - - [26/Oct/2022:12:16:46 +0800] "GET /xingrg/all/function/internal_message.html?_=1666757795302&CODE_STATE=getMsg HTTP/1.1" 200 27
58.39.35.118 - - [26/Oct/2022:12:16:47 +0800] "GET /xingrg/check_reg.html?_=1666757796320 HTTP/1.1" 200 22
116.230.105.139 - - [26/Oct/2022:12:16:47 +0800] "GET /xingrg/all/function/internal_message.html?_=1666757761219&CODE_STATE=getMsg HTTP/1.1" 200 27
101.85.93.18 - - [26/Oct/2022:12:16:48 +0800] "GET /xingrg/all/function/internal_message.html?_=1666757801049&CODE_STATE=getMsg HTTP/1.1" 200 27
58.37.7.251 - - [26/Oct/2022:12:16:50 +0800] "GET /xingrg/check_reg.html?_=1666757800781 HTTP/1.1" 200 22
180.169.147.146 - - [26/Oct/2022:12:16:50 +0800] "GET /xingrg/all/function/internal_message.html?_=1666757802972&CODE_STATE=getMsg HTTP/1.1" 200 27
58.37.7.251 - - [26/Oct/2022:12:16:53 +0800] "GET /xingrg/all/function/internal_message.html?_=1666757803194&CODE_STATE=getMsg HTTP/1.1" 200 27
58.40.7.146 - - [26/Oct/2022:12:16:59 +0800] "GET /xingrg/all/function/internal_message.html?_=1666757811511&CODE_STATE=getMsg HTTP/1.1" 200 27
221.239.141.151 - - [26/Oct/2022:12:16:59 +0800] "POST /xingrg/kc/buy/cgsh_order_operate.html HTTP/1.1" 200 37
120.253.135.82 - - [26/Oct/2022:12:17:00 +0800] "GET /xingrg/check_reg.html?_=1666757915551 HTTP/1.1" 200 22
114.83.223.130 - - [26/Oct/2022:12:17:01 +0800] "GET /xingrg/all/function/internal_message.html?_=1666757812455&CODE_STATE=getMsg HTTP/1.1" 200 27
120.253.135.82 - - [26/Oct/2022:12:17:03 +0800] "GET /xingrg/all/function/internal_message.html?_=1666757918793&CODE_STATE=getMsg HTTP/1.1" 200 27
58.35.213.73 - - [26/Oct/2022:12:17:09 +0800] "GET /xingrg/all/function/internal_message.html?_=1666757821900&CODE_STATE=getMsg HTTP/1.1" 200 27
221.239.141.151 - - [26/Oct/2022:12:17:11 +0800] "POST /xingrg/kc/buy/cgsh_order_operate.html HTTP/1.1" 200 12
222.69.192.207 - - [26/Oct/2022:12:17:12 +0800] "GET /xingrg/all/function/internal_message.html?_=1666757677042&CODE_STATE=getMsg HTTP/1.1" 200 27
221.239.141.151 - - [26/Oct/2022:12:17:12 +0800] "GET /xingrg/kc/buy/cgsh_order_info.html?code=212022102608024 HTTP/1.1" 200 64049
221.239.141.151 - - [26/Oct/2022:12:17:13 +0800] "GET /xingrg/javascript/easyui/themes/default/validatebox.css HTTP/1.1" 404 1104
116.238.139.35 - - [26/Oct/2022:12:17:13 +0800] "GET /xingrg/all/function/internal_message.html?_=1666757762181&CODE_STATE=getMsg HTTP/1.1" 200 27
221.239.141.151 - - [26/Oct/2022:12:17:14 +0800] "POST /xingrg/kc/buy/cgsh_order_operate.html HTTP/1.1" 200 1226
114.83.219.57 - - [26/Oct/2022:12:17:14 +0800] "GET /xingrg/all/function/internal_message.html?_=1666757932078&CODE_STATE=getMsg HTTP/1.1" 200 27
221.239.141.151 - - [26/Oct/2022:12:17:14 +0800] "GET /xingrg/kc/print/load_data.html?order_code=212022102608024&kc_code=cgsh&condition= HTTP/1.1" 200 953
221.239.141.151 - - [26/Oct/2022:12:17:18 +0800] "GET /xingrg/kc/buy/cgsh_order_add.html HTTP/1.1" 200 69144
221.239.141.151 - - [26/Oct/2022:12:17:18 +0800] "POST /xingrg/kc/buy/cgsh_order_operate.html HTTP/1.1" 200 8245
221.239.141.151 - - [26/Oct/2022:12:17:18 +0800] "GET /xingrg/javascript/easyui/themes/default/validatebox.css HTTP/1.1" 404 1104
221.239.141.151 - - [26/Oct/2022:12:17:20 +0800] "GET /xingrg/check_reg.html?_=1666757843626 HTTP/1.1" 200 22
221.239.141.151 - - [26/Oct/2022:12:17:21 +0800] "GET /xingrg/all/function/internal_message.html?_=1666757844645&CODE_STATE=getMsg HTTP/1.1" 200 27
116.230.114.213 - - [26/Oct/2022:12:17:22 +0800] "GET /xingrg/all/function/internal_message.html?_=1666757848908&CODE_STATE=getMsg HTTP/1.1" 200 27
221.239.141.151 - - [26/Oct/2022:12:17:23 +0800] "GET /xingrg/all/function/internal_message.html?_=1666757835727&CODE_STATE=getMsg HTTP/1.1" 200 27
120.253.135.82 - - [26/Oct/2022:12:17:24 +0800] "GET /xingrg/all/function/internal_message.html?_=1666757633035&CODE_STATE=getMsg HTTP/1.1" 200 27
116.238.139.35 - - [26/Oct/2022:12:17:25 +0800] "GET /xingrg/check_reg.html?_=1666757837947 HTTP/1.1" 200 22
116.238.139.35 - - [26/Oct/2022:12:17:25 +0800] "GET /xingrg/all/function/internal_message.html?_=1666757837950&CODE_STATE=getMsg HTTP/1.1" 200 27
124.79.74.72 - - [26/Oct/2022:12:17:31 +0800] "GET /xingrg/all/function/internal_message.html?_=1666757842612&CODE_STATE=getMsg HTTP/1.1" 200 27
116.230.105.139 - - [26/Oct/2022:12:17:32 +0800] "GET /xingrg/all/function/internal_message.html?_=1666757844411&CODE_STATE=getMsg HTTP/1.1" 200 27
222.70.183.206 - - [26/Oct/2022:12:17:33 +0800] "GET /xingrg/all/function/internal_message.html?_=1666757844314&CODE_STATE=getMsg HTTP/1.1" 200 27
180.169.147.146 - - [26/Oct/2022:12:17:33 +0800] "GET /xingrg/all/function/internal_message.html?_=1666757845139&CODE_STATE=getMsg HTTP/1.1" 200 27
116.238.139.35 - - [26/Oct/2022:12:17:36 +0800] "GET /xingrg/check_reg.html?_=1666757785216 HTTP/1.1" 200 22
180.169.147.146 - - [26/Oct/2022:12:17:44 +0800] "GET /xingrg/all/function/internal_message.html?_=1666757856894&CODE_STATE=getMsg HTTP/1.1" 200 27
58.39.35.118 - - [26/Oct/2022:12:17:46 +0800] "GET /xingrg/all/function/internal_message.html?_=1666757855281&CODE_STATE=getMsg HTTP/1.1" 200 27
116.230.105.139 - - [26/Oct/2022:12:17:47 +0800] "GET /xingrg/all/function/internal_message.html?_=1666757821209&CODE_STATE=getMsg HTTP/1.1" 200 27
101.85.93.18 - - [26/Oct/2022:12:17:48 +0800] "GET /xingrg/all/function/internal_message.html?_=1666757861074&CODE_STATE=getMsg HTTP/1.1" 200 27
101.85.93.18 - - [26/Oct/2022:12:17:48 +0800] "GET /xingrg/check_reg.html?_=1666757861077 HTTP/1.1" 200 22
180.169.147.146 - - [26/Oct/2022:12:17:50 +0800] "GET /xingrg/all/function/internal_message.html?_=1666757862977&CODE_STATE=getMsg HTTP/1.1" 200 27
58.37.7.251 - - [26/Oct/2022:12:17:53 +0800] "GET /xingrg/all/function/internal_message.html?_=1666757863175&CODE_STATE=getMsg HTTP/1.1" 200 27
58.40.7.146 - - [26/Oct/2022:12:17:59 +0800] "GET /xingrg/all/function/internal_message.html?_=1666757871513&CODE_STATE=getMsg HTTP/1.1" 200 27
114.83.223.130 - - [26/Oct/2022:12:18:01 +0800] "GET /xingrg/all/function/internal_message.html?_=1666757872441&CODE_STATE=getMsg HTTP/1.1" 200 27
120.253.135.82 - - [26/Oct/2022:12:18:03 +0800] "GET /xingrg/all/function/internal_message.html?_=1666757978803&CODE_STATE=getMsg HTTP/1.1" 200 27
58.35.213.73 - - [26/Oct/2022:12:18:09 +0800] "GET /xingrg/all/function/internal_message.html?_=1666757881897&CODE_STATE=getMsg HTTP/1.1" 200 27
222.69.192.207 - - [26/Oct/2022:12:18:12 +0800] "GET /xingrg/all/function/internal_message.html?_=1666757737032&CODE_STATE=getMsg HTTP/1.1" 200 27
116.238.139.35 - - [26/Oct/2022:12:18:13 +0800] "GET /xingrg/all/function/internal_message.html?_=1666757822184&CODE_STATE=getMsg HTTP/1.1" 200 27
114.83.219.57 - - [26/Oct/2022:12:18:14 +0800] "GET /xingrg/all/function/internal_message.html?_=1666757992088&CODE_STATE=getMsg HTTP/1.1" 200 27
116.238.139.35 - - [26/Oct/2022:12:18:17 +0800] "GET /xingrg/kc/base/wldb_order_list.html HTTP/1.1" 200 19148
116.238.139.35 - - [26/Oct/2022:12:18:18 +0800] "POST /xingrg/kc/base/wldb_list_operate.html HTTP/1.1" 200 928
116.238.139.35 - - [26/Oct/2022:12:18:18 +0800] "GET /xingrg/kc/base/wldb_order_add.html HTTP/1.1" 200 30371
116.238.139.35 - - [26/Oct/2022:12:18:19 +0800] "POST /xingrg/kc/base/wldb_order_operate.html HTTP/1.1" 200 6806
116.238.139.35 - - [26/Oct/2022:12:18:19 +0800] "GET /xingrg/javascript/easyui/themes/default/validatebox.css HTTP/1.1" 404 1104
120.253.135.82 - - [26/Oct/2022:12:18:20 +0800] "GET /xingrg/check_reg.html?_=1666757689461 HTTP/1.1" 200 22
221.239.141.151 - - [26/Oct/2022:12:18:21 +0800] "GET /xingrg/all/function/internal_message.html?_=1666757904623&CODE_STATE=getMsg HTTP/1.1" 200 27
116.230.114.213 - - [26/Oct/2022:12:18:22 +0800] "GET /xingrg/all/function/internal_message.html?_=1666757908910&CODE_STATE=getMsg HTTP/1.1" 200 27
221.239.141.151 - - [26/Oct/2022:12:18:23 +0800] "GET /xingrg/all/function/internal_message.html?_=1666757895731&CODE_STATE=getMsg HTTP/1.1" 200 27
120.253.135.82 - - [26/Oct/2022:12:18:24 +0800] "GET /xingrg/all/function/internal_message.html?_=1666757693051&CODE_STATE=getMsg HTTP/1.1" 200 27
116.238.139.35 - - [26/Oct/2022:12:18:25 +0800] "GET /xingrg/all/function/internal_message.html?_=1666757897967&CODE_STATE=getMsg HTTP/1.1" 200 27
124.79.74.72 - - [26/Oct/2022:12:18:31 +0800] "GET /xingrg/all/function/internal_message.html?_=1666757902614&CODE_STATE=getMsg HTTP/1.1" 200 27
124.79.74.72 - - [26/Oct/2022:12:18:31 +0800] "GET /xingrg/check_reg.html?_=1666757902615 HTTP/1.1" 200 22
116.230.105.139 - - [26/Oct/2022:12:18:32 +0800] "GET /xingrg/all/function/internal_message.html?_=1666757904424&CODE_STATE=getMsg HTTP/1.1" 200 27
222.70.183.206 - - [26/Oct/2022:12:18:33 +0800] "GET /xingrg/all/function/internal_message.html?_=1666757904299&CODE_STATE=getMsg HTTP/1.1" 200 27
180.169.147.146 - - [26/Oct/2022:12:18:33 +0800] "GET /xingrg/all/function/internal_message.html?_=1666757905123&CODE_STATE=getMsg HTTP/1.1" 200 27
222.70.183.206 - - [26/Oct/2022:12:18:34 +0800] "GET /xingrg/check_reg.html?_=1666757905455 HTTP/1.1" 200 22
116.238.139.35 - - [26/Oct/2022:12:18:35 +0800] "GET /xingrg/kc/base/wldb_order_operate.html?command=get_materiel&rest_code=00150&base_code=0010445&code=00101010059 HTTP/1.1" 200 436
116.238.139.35 - - [26/Oct/2022:12:18:41 +0800] "GET /xingrg/kc/base/wldb_order_operate.html?command=get_materiel&rest_code=00150&base_code=0010445&code=00101019392 HTTP/1.1" 200 476
180.169.147.146 - - [26/Oct/2022:12:18:44 +0800] "GET /xingrg/all/function/internal_message.html?_=1666757916906&CODE_STATE=getMsg HTTP/1.1" 200 27
116.238.139.35 - - [26/Oct/2022:12:18:45 +0800] "POST /xingrg/kc/base/wldb_order_operate.html HTTP/1.1" 200 37
58.39.35.118 - - [26/Oct/2022:12:18:46 +0800] "GET /xingrg/all/function/internal_message.html?_=1666757915267&CODE_STATE=getMsg HTTP/1.1" 200 27
116.230.105.139 - - [26/Oct/2022:12:18:47 +0800] "GET /xingrg/all/function/internal_message.html?_=1666757881197&CODE_STATE=getMsg HTTP/1.1" 200 27
116.238.139.35 - - [26/Oct/2022:12:18:48 +0800] "POST /xingrg/kc/base/wldb_order_operate.html HTTP/1.1" 200 12
116.238.139.35 - - [26/Oct/2022:12:18:48 +0800] "POST /xingrg/kc/base/wldb_order_operate.html HTTP/1.1" 200 2694
101.85.93.18 - - [26/Oct/2022:12:18:48 +0800] "GET /xingrg/all/function/internal_message.html?_=1666757921075&CODE_STATE=getMsg HTTP/1.1" 200 27
180.169.147.146 - - [26/Oct/2022:12:18:50 +0800] "GET /xingrg/all/function/internal_message.html?_=1666757922972&CODE_STATE=getMsg HTTP/1.1" 200 27
116.238.139.35 - - [26/Oct/2022:12:18:51 +0800] "GET /xingrg/kc/base/wldb_order_info.html?code=422022102601886 HTTP/1.1" 200 26250
116.238.139.35 - - [26/Oct/2022:12:18:51 +0800] "GET /xingrg/javascript/easyui/themes/default/validatebox.css HTTP/1.1" 404 1104
116.238.139.35 - - [26/Oct/2022:12:18:51 +0800] "POST /xingrg/kc/base/wldb_order_operate.html HTTP/1.1" 200 979
58.37.7.251 - - [26/Oct/2022:12:18:53 +0800] "GET /xingrg/all/function/internal_message.html?_=1666757923156&CODE_STATE=getMsg HTTP/1.1" 200 27
116.238.139.35 - - [26/Oct/2022:12:18:53 +0800] "GET /xingrg/kc/base/wldb_order_add.html HTTP/1.1" 200 30371
116.238.139.35 - - [26/Oct/2022:12:18:53 +0800] "POST /xingrg/kc/base/wldb_order_operate.html HTTP/1.1" 200 6806
116.238.139.35 - - [26/Oct/2022:12:18:53 +0800] "GET /xingrg/javascript/easyui/themes/default/validatebox.css HTTP/1.1" 404 1104
58.40.7.146 - - [26/Oct/2022:12:18:59 +0800] "GET /xingrg/all/function/internal_message.html?_=1666757931516&CODE_STATE=getMsg HTTP/1.1" 200 27
114.83.223.130 - - [26/Oct/2022:12:19:01 +0800] "GET /xingrg/all/function/internal_message.html?_=1666757932413&CODE_STATE=getMsg HTTP/1.1" 200 27
116.238.139.35 - - [26/Oct/2022:12:19:01 +0800] "GET /xingrg/kc/base/wldb_order_operate.html?command=get_materiel&rest_code=00150&base_code=0010446&code=00102002304 HTTP/1.1" 200 463
114.83.223.130 - - [26/Oct/2022:12:19:03 +0800] "GET /xingrg/check_reg.html?_=1666757934241 HTTP/1.1" 200 22
120.253.135.82 - - [26/Oct/2022:12:19:03 +0800] "GET /xingrg/all/function/internal_message.html?_=1666758038827&CODE_STATE=getMsg HTTP/1.1" 200 27
116.238.139.35 - - [26/Oct/2022:12:19:09 +0800] "POST /xingrg/kc/base/wldb_order_operate.html HTTP/1.1" 200 37
58.35.213.73 - - [26/Oct/2022:12:19:09 +0800] "GET /xingrg/all/function/internal_message.html?_=1666757941908&CODE_STATE=getMsg HTTP/1.1" 200 27
116.238.139.35 - - [26/Oct/2022:12:19:11 +0800] "POST /xingrg/kc/base/wldb_order_operate.html HTTP/1.1" 200 12
116.238.139.35 - - [26/Oct/2022:12:19:11 +0800] "POST /xingrg/kc/base/wldb_order_operate.html HTTP/1.1" 200 2206
222.69.192.207 - - [26/Oct/2022:12:19:12 +0800] "GET /xingrg/all/function/internal_message.html?_=1666757797022&CODE_STATE=getMsg HTTP/1.1" 200 27
114.83.219.57 - - [26/Oct/2022:12:19:14 +0800] "GET /xingrg/all/function/internal_message.html?_=1666758052079&CODE_STATE=getMsg HTTP/1.1" 200 27
116.238.139.35 - - [26/Oct/2022:12:19:15 +0800] "GET /xingrg/kc/base/wldb_order_info.html?code=422022102601887 HTTP/1.1" 200 26249
116.238.139.35 - - [26/Oct/2022:12:19:16 +0800] "GET /xingrg/javascript/easyui/themes/default/validatebox.css HTTP/1.1" 404 1104
116.238.139.35 - - [26/Oct/2022:12:19:16 +0800] "POST /xingrg/kc/base/wldb_order_operate.html HTTP/1.1" 200 500
116.238.139.35 - - [26/Oct/2022:12:19:16 +0800] "GET /xingrg/all/function/internal_message.html?_=1666757882198&CODE_STATE=getMsg HTTP/1.1" 200 27
221.239.141.151 - - [26/Oct/2022:12:19:21 +0800] "GET /xingrg/all/function/internal_message.html?_=1666757964592&CODE_STATE=getMsg HTTP/1.1" 200 27
116.230.114.213 - - [26/Oct/2022:12:19:22 +0800] "GET /xingrg/all/function/internal_message.html?_=1666757968983&CODE_STATE=getMsg HTTP/1.1" 200 27
221.239.141.151 - - [26/Oct/2022:12:19:23 +0800] "GET /xingrg/all/function/internal_message.html?_=1666757955730&CODE_STATE=getMsg HTTP/1.1" 200 27
120.253.135.82 - - [26/Oct/2022:12:19:24 +0800] "GET /xingrg/all/function/internal_message.html?_=1666757753063&CODE_STATE=getMsg HTTP/1.1" 200 27
116.238.139.35 - - [26/Oct/2022:12:19:25 +0800] "GET /xingrg/all/function/internal_message.html?_=1666757957959&CODE_STATE=getMsg HTTP/1.1" 200 27
124.79.74.72 - - [26/Oct/2022:12:19:31 +0800] "GET /xingrg/all/function/internal_message.html?_=1666757962617&CODE_STATE=getMsg HTTP/1.1" 200 27
116.230.105.139 - - [26/Oct/2022:12:19:32 +0800] "GET /xingrg/all/function/internal_message.html?_=1666757964425&CODE_STATE=getMsg HTTP/1.1" 200 27
116.230.105.139 - - [26/Oct/2022:12:19:32 +0800] "GET /xingrg/check_reg.html?_=1666757964427 HTTP/1.1" 200 22
222.70.183.206 - - [26/Oct/2022:12:19:33 +0800] "GET /xingrg/all/function/internal_message.html?_=1666757964270&CODE_STATE=getMsg HTTP/1.1" 200 27
180.169.147.146 - - [26/Oct/2022:12:19:33 +0800] "GET /xingrg/all/function/internal_message.html?_=1666757965107&CODE_STATE=getMsg HTTP/1.1" 200 27
180.169.147.146 - - [26/Oct/2022:12:19:44 +0800] "GET /xingrg/all/function/internal_message.html?_=1666757976898&CODE_STATE=getMsg HTTP/1.1" 200 27
58.39.35.118 - - [26/Oct/2022:12:19:46 +0800] "GET /xingrg/all/function/internal_message.html?_=1666757975258&CODE_STATE=getMsg HTTP/1.1" 200 27
116.230.105.139 - - [26/Oct/2022:12:19:47 +0800] "GET /xingrg/all/function/internal_message.html?_=1666757941204&CODE_STATE=getMsg HTTP/1.1" 200 27
116.230.105.139 - - [26/Oct/2022:12:19:47 +0800] "GET /xingrg/check_reg.html?_=1666757941206 HTTP/1.1" 200 22
101.85.93.18 - - [26/Oct/2022:12:19:48 +0800] "GET /xingrg/all/function/internal_message.html?_=1666757981074&CODE_STATE=getMsg HTTP/1.1" 200 27
180.169.147.146 - - [26/Oct/2022:12:19:50 +0800] "GET /xingrg/all/function/internal_message.html?_=1666757982966&CODE_STATE=getMsg HTTP/1.1" 200 27
180.169.147.146 - - [26/Oct/2022:12:19:50 +0800] "GET /xingrg/check_reg.html?_=1666757982968 HTTP/1.1" 200 22
58.37.7.251 - - [26/Oct/2022:12:19:53 +0800] "GET /xingrg/all/function/internal_message.html?_=1666757983129&CODE_STATE=getMsg HTTP/1.1" 200 27
116.230.114.213 - - [26/Oct/2022:12:19:55 +0800] "GET /xingrg/check_reg.html?_=1666758001904 HTTP/1.1" 200 22
58.40.7.146 - - [26/Oct/2022:12:19:59 +0800] "GET /xingrg/check_reg.html?_=1666757991503 HTTP/1.1" 200 22
58.40.7.146 - - [26/Oct/2022:12:19:59 +0800] "GET /xingrg/all/function/internal_message.html?_=1666757991504&CODE_STATE=getMsg HTTP/1.1" 200 27
114.83.223.130 - - [26/Oct/2022:12:20:01 +0800] "GET /xingrg/all/function/internal_message.html?_=1666757992386&CODE_STATE=getMsg HTTP/1.1" 200 27
120.253.135.82 - - [26/Oct/2022:12:20:03 +0800] "GET /xingrg/all/function/internal_message.html?_=1666758098833&CODE_STATE=getMsg HTTP/1.1" 200 27
58.35.213.73 - - [26/Oct/2022:12:20:09 +0800] "GET /xingrg/check_reg.html?_=1666758001904 HTTP/1.1" 200 22
58.35.213.73 - - [26/Oct/2022:12:20:09 +0800] "GET /xingrg/all/function/internal_message.html?_=1666758001906&CODE_STATE=getMsg HTTP/1.1" 200 27
116.230.114.213 - - [26/Oct/2022:12:20:12 +0800] "POST /xingrg/services/DataTransmitService HTTP/1.1" 200 524
222.69.192.207 - - [26/Oct/2022:12:20:12 +0800] "GET /xingrg/all/function/internal_message.html?_=1666757857014&CODE_STATE=getMsg HTTP/1.1" 200 27
222.69.192.207 - - [26/Oct/2022:12:20:13 +0800] "GET /xingrg/check_reg.html?_=1666757857494 HTTP/1.1" 200 22
116.238.139.35 - - [26/Oct/2022:12:20:13 +0800] "GET /xingrg/all/function/internal_message.html?_=1666757942237&CODE_STATE=getMsg HTTP/1.1" 200 27
114.83.219.57 - - [26/Oct/2022:12:20:14 +0800] "GET /xingrg/all/function/internal_message.html?_=1666758112089&CODE_STATE=getMsg HTTP/1.1" 200 27
221.239.141.151 - - [26/Oct/2022:12:20:17 +0800] "GET /xingrg/kc/buy/cgsh_order_operate.html?command=get_materiel&rest_code=00102&code=00101014017&supplier_code=00100211&order_time=2022-10-24 HTTP/1.1" 200 419
221.239.141.151 - - [26/Oct/2022:12:20:20 +0800] "GET /xingrg/all/function/internal_message.html?_=1666758024567&CODE_STATE=getMsg HTTP/1.1" 200 27
116.230.114.213 - - [26/Oct/2022:12:20:22 +0800] "GET /xingrg/all/function/internal_message.html?_=1666758028984&CODE_STATE=getMsg HTTP/1.1" 200 27
221.239.141.151 - - [26/Oct/2022:12:20:23 +0800] "GET /xingrg/all/function/internal_message.html?_=1666758015721&CODE_STATE=getMsg HTTP/1.1" 200 27
120.253.135.82 - - [26/Oct/2022:12:20:24 +0800] "GET /xingrg/all/function/internal_message.html?_=1666757813092&CODE_STATE=getMsg HTTP/1.1" 200 27
116.238.139.35 - - [26/Oct/2022:12:20:25 +0800] "GET /xingrg/all/function/internal_message.html?_=1666758017962&CODE_STATE=getMsg HTTP/1.1" 200 27
221.239.141.151 - - [26/Oct/2022:12:20:30 +0800] "GET /xingrg/kc/mdqp/pssh_order_list.html HTTP/1.1" 200 17872
221.239.141.151 - - [26/Oct/2022:12:20:30 +0800] "POST /xingrg/kc/mdqp/pssh_list_operate.html HTTP/1.1" 200 5366
124.79.74.72 - - [26/Oct/2022:12:20:31 +0800] "GET /xingrg/all/function/internal_message.html?_=1666758022618&CODE_STATE=getMsg HTTP/1.1" 200 27
116.230.105.139 - - [26/Oct/2022:12:20:32 +0800] "GET /xingrg/all/function/internal_message.html?_=1666758024422&CODE_STATE=getMsg HTTP/1.1" 200 27
222.70.183.206 - - [26/Oct/2022:12:20:33 +0800] "GET /xingrg/all/function/internal_message.html?_=1666758024255&CODE_STATE=getMsg HTTP/1.1" 200 27
180.169.147.146 - - [26/Oct/2022:12:20:33 +0800] "GET /xingrg/all/function/internal_message.html?_=1666758025091&CODE_STATE=getMsg HTTP/1.1" 200 27
221.239.141.151 - - [26/Oct/2022:12:20:34 +0800] "POST /xingrg/kc/mdqp/pssh_list_operate.html HTTP/1.1" 200 262
221.239.141.151 - - [26/Oct/2022:12:20:34 +0800] "GET /xingrg/kc/mdqp/pssh_order_info.html?code=312022102500495 HTTP/1.1" 200 17295
221.239.141.151 - - [26/Oct/2022:12:20:34 +0800] "GET /xingrg/javascript/jquery_tools/jquery-1.4.2.min.js HTTP/1.1" 404 1094
221.239.141.151 - - [26/Oct/2022:12:20:34 +0800] "POST /xingrg/kc/mdqp/pssh_order_operate.html HTTP/1.1" 200 541
221.239.141.151 - - [26/Oct/2022:12:20:34 +0800] "GET /xingrg/all/common/auto_word.html?type=base&rest_code=00102&rest_code=00102 HTTP/1.1" 200 1857
221.239.141.151 - - [26/Oct/2022:12:20:34 +0800] "GET /xingrg/javascript/easyui/themes/default/validatebox.css HTTP/1.1" 404 1104
180.169.147.146 - - [26/Oct/2022:12:20:34 +0800] "GET /xingrg/check_reg.html?_=1666758026107 HTTP/1.1" 200 22
221.239.141.151 - - [26/Oct/2022:12:20:36 +0800] "POST /xingrg/all/common/load_combo.html?type=employee HTTP/1.1" 200 353
221.239.141.151 - - [26/Oct/2022:12:20:41 +0800] "POST /xingrg/kc/mdqp/pssh_order_operate.html HTTP/1.1" 200 37
221.239.141.151 - - [26/Oct/2022:12:20:42 +0800] "POST /xingrg/kc/mdqp/pssh_order_operate.html HTTP/1.1" 200 12
221.239.141.151 - - [26/Oct/2022:12:20:44 +0800] "GET /xingrg/kc/mdqp/pssh_order_info.html?code=312022102500495 HTTP/1.1" 200 14380
221.239.141.151 - - [26/Oct/2022:12:20:44 +0800] "GET /xingrg/javascript/jquery_tools/jquery-1.4.2.min.js HTTP/1.1" 404 1094
221.239.141.151 - - [26/Oct/2022:12:20:44 +0800] "POST /xingrg/kc/mdqp/pssh_order_operate.html HTTP/1.1" 200 541
221.239.141.151 - - [26/Oct/2022:12:20:44 +0800] "GET /xingrg/javascript/easyui/themes/default/validatebox.css HTTP/1.1" 404 1104
180.169.147.146 - - [26/Oct/2022:12:20:44 +0800] "GET /xingrg/all/function/internal_message.html?_=1666758036913&CODE_STATE=getMsg HTTP/1.1" 200 27
180.169.147.146 - - [26/Oct/2022:12:20:44 +0800] "GET /xingrg/check_reg.html?_=1666758036915 HTTP/1.1" 200 22
58.39.35.118 - - [26/Oct/2022:12:20:46 +0800] "GET /xingrg/all/function/internal_message.html?_=1666758035241&CODE_STATE=getMsg HTTP/1.1" 200 27
116.230.105.139 - - [26/Oct/2022:12:20:47 +0800] "GET /xingrg/all/function/internal_message.html?_=1666758001203&CODE_STATE=getMsg HTTP/1.1" 200 27
101.85.93.18 - - [26/Oct/2022:12:20:48 +0800] "GET /xingrg/all/function/internal_message.html?_=1666758041073&CODE_STATE=getMsg HTTP/1.1" 200 27
180.169.147.146 - - [26/Oct/2022:12:20:50 +0800] "GET /xingrg/all/function/internal_message.html?_=1666758042981&CODE_STATE=getMsg HTTP/1.1" 200 27
58.37.7.251 - - [26/Oct/2022:12:20:53 +0800] "GET /xingrg/all/function/internal_message.html?_=1666758043102&CODE_STATE=getMsg HTTP/1.1" 200 27
58.40.7.146 - - [26/Oct/2022:12:20:59 +0800] "GET /xingrg/all/function/internal_message.html?_=1666758051505&CODE_STATE=getMsg HTTP/1.1" 200 27
221.239.141.151 - - [26/Oct/2022:12:20:59 +0800] "GET /xingrg/kc/print/load_config.html?kc_code=pssh HTTP/1.1" 200 2291
221.239.141.151 - - [26/Oct/2022:12:20:59 +0800] "GET /xingrg/kc/print/load_data.html?order_code=312022102500495&kc_code=pssh&condition= HTTP/1.1" 200 665
114.83.223.130 - - [26/Oct/2022:12:21:01 +0800] "GET /xingrg/all/function/internal_message.html?_=1666758052377&CODE_STATE=getMsg HTTP/1.1" 200 27
120.253.135.82 - - [26/Oct/2022:12:21:03 +0800] "GET /xingrg/all/function/internal_message.html?_=1666758158861&CODE_STATE=getMsg HTTP/1.1" 200 27
58.35.213.73 - - [26/Oct/2022:12:21:09 +0800] "GET /xingrg/all/function/internal_message.html?_=1666758061902&CODE_STATE=getMsg HTTP/1.1" 200 27
222.69.192.207 - - [26/Oct/2022:12:21:10 +0800] "GET /xingrg/kc/base/base_main.html HTTP/1.1" 200 12142
222.69.192.207 - - [26/Oct/2022:12:21:11 +0800] "GET /xingrg/kc/base/wldb_order_list.html HTTP/1.1" 200 19142
222.69.192.207 - - [26/Oct/2022:12:21:12 +0800] "POST /xingrg/kc/base/wldb_list_operate.html HTTP/1.1" 200 1771
222.69.192.207 - - [26/Oct/2022:12:21:12 +0800] "GET /xingrg/all/function/internal_message.html?_=1666757917038&CODE_STATE=getMsg HTTP/1.1" 200 27
222.69.192.207 - - [26/Oct/2022:12:21:12 +0800] "POST /xingrg/kc/buy/cgsh_list_operate.html HTTP/1.1" 200 5920
116.238.139.35 - - [26/Oct/2022:12:21:13 +0800] "GET /xingrg/all/function/internal_message.html?_=1666758002240&CODE_STATE=getMsg HTTP/1.1" 200 27
114.83.219.57 - - [26/Oct/2022:12:21:14 +0800] "GET /xingrg/check_reg.html?_=1666758172080 HTTP/1.1" 200 22
114.83.219.57 - - [26/Oct/2022:12:21:14 +0800] "GET /xingrg/all/function/internal_message.html?_=1666758172081&CODE_STATE=getMsg HTTP/1.1" 200 27
222.69.192.207 - - [26/Oct/2022:12:21:16 +0800] "GET /xingrg/kc/base/wldb_order_add.html HTTP/1.1" 200 30365
222.69.192.207 - - [26/Oct/2022:12:21:16 +0800] "GET /xingrg/javascript/easyui/themes/default/validatebox.css HTTP/1.1" 404 1104
222.69.192.207 - - [26/Oct/2022:12:21:16 +0800] "POST /xingrg/kc/base/wldb_order_operate.html HTTP/1.1" 200 6806
221.239.141.151 - - [26/Oct/2022:12:21:20 +0800] "GET /xingrg/all/function/internal_message.html?_=1666758084538&CODE_STATE=getMsg HTTP/1.1" 200 27
120.253.135.82 - - [26/Oct/2022:12:21:21 +0800] "GET /xingrg/kc/pszx/mdqp_order_list.html?state=10 HTTP/1.1" 200 11068
120.253.135.82 - - [26/Oct/2022:12:21:21 +0800] "GET /xingrg/dwr/interface/AjaxReportQueryService.js HTTP/1.1" 200 13203
120.253.135.82 - - [26/Oct/2022:12:21:21 +0800] "GET /xingrg/dwr/engine.js HTTP/1.1" 200 43631
120.253.135.82 - - [26/Oct/2022:12:21:21 +0800] "GET /xingrg/dwr/interface/AjaxQqpsService.js HTTP/1.1" 200 16326
116.230.114.213 - - [26/Oct/2022:12:21:22 +0800] "GET /xingrg/all/function/internal_message.html?_=1666758088999&CODE_STATE=getMsg HTTP/1.1" 200 27
221.239.141.151 - - [26/Oct/2022:12:21:23 +0800] "GET /xingrg/all/function/internal_message.html?_=1666758075726&CODE_STATE=getMsg HTTP/1.1" 200 27
221.239.141.151 - - [26/Oct/2022:12:21:23 +0800] "GET /xingrg/check_reg.html?_=1666758075727 HTTP/1.1" 200 22
120.253.135.82 - - [26/Oct/2022:12:21:24 +0800] "GET /xingrg/all/function/internal_message.html?_=1666757873106&CODE_STATE=getMsg HTTP/1.1" 200 27
120.253.135.82 - - [26/Oct/2022:12:21:25 +0800] "GET /xingrg/kc/pszx/mdqp_order_list.html?state=10 HTTP/1.1" 200 11068
120.253.135.82 - - [26/Oct/2022:12:21:25 +0800] "GET /xingrg/dwr/interface/AjaxReportQueryService.js HTTP/1.1" 200 13203
120.253.135.82 - - [26/Oct/2022:12:21:25 +0800] "GET /xingrg/dwr/interface/AjaxQqpsService.js HTTP/1.1" 200 16326
120.253.135.82 - - [26/Oct/2022:12:21:25 +0800] "GET /xingrg/dwr/engine.js HTTP/1.1" 200 43631
116.238.139.35 - - [26/Oct/2022:12:21:25 +0800] "GET /xingrg/all/function/internal_message.html?_=1666758077962&CODE_STATE=getMsg HTTP/1.1" 200 27
120.253.135.82 - - [26/Oct/2022:12:21:28 +0800] "GET /xingrg/kc/pszx/mdqp_order_list.html?state=10 HTTP/1.1" 200 11068
120.253.135.82 - - [26/Oct/2022:12:21:28 +0800] "GET /xingrg/dwr/interface/AjaxReportQueryService.js HTTP/1.1" 200 13203
120.253.135.82 - - [26/Oct/2022:12:21:28 +0800] "GET /xingrg/dwr/interface/AjaxQqpsService.js HTTP/1.1" 200 16326
120.253.135.82 - - [26/Oct/2022:12:21:28 +0800] "GET /xingrg/dwr/engine.js HTTP/1.1" 200 43631
120.253.135.82 - - [26/Oct/2022:12:21:30 +0800] "GET /xingrg/kc/pszx/mdqp_order_list.html?state=10 HTTP/1.1" 200 11068
120.253.135.82 - - [26/Oct/2022:12:21:30 +0800] "GET /xingrg/dwr/interface/AjaxReportQueryService.js HTTP/1.1" 200 13203
120.253.135.82 - - [26/Oct/2022:12:21:30 +0800] "GET /xingrg/dwr/interface/AjaxQqpsService.js HTTP/1.1" 200 16326
120.253.135.82 - - [26/Oct/2022:12:21:30 +0800] "GET /xingrg/dwr/engine.js HTTP/1.1" 200 43631
124.79.74.72 - - [26/Oct/2022:12:21:31 +0800] "GET /xingrg/all/function/internal_message.html?_=1666758082604&CODE_STATE=getMsg HTTP/1.1" 200 27
116.230.105.139 - - [26/Oct/2022:12:21:32 +0800] "GET /xingrg/all/function/internal_message.html?_=1666758084424&CODE_STATE=getMsg HTTP/1.1" 200 27
222.70.183.206 - - [26/Oct/2022:12:21:33 +0800] "GET /xingrg/all/function/internal_message.html?_=1666758084240&CODE_STATE=getMsg HTTP/1.1" 200 27
180.169.147.146 - - [26/Oct/2022:12:21:33 +0800] "GET /xingrg/all/function/internal_message.html?_=1666758085063&CODE_STATE=getMsg HTTP/1.1" 200 27
180.169.147.146 - - [26/Oct/2022:12:21:44 +0800] "GET /xingrg/all/function/internal_message.html?_=1666758096908&CODE_STATE=getMsg HTTP/1.1" 200 27
58.39.35.118 - - [26/Oct/2022:12:21:46 +0800] "GET /xingrg/all/function/internal_message.html?_=1666758095232&CODE_STATE=getMsg HTTP/1.1" 200 27
222.69.192.207 - - [26/Oct/2022:12:21:46 +0800] "GET /xingrg/kc/base/wldb_order_operate.html?command=get_materiel&rest_code=00105&base_code=0010507&code=00101019430 HTTP/1.1" 200 477
58.39.35.118 - - [26/Oct/2022:12:21:47 +0800] "GET /xingrg/check_reg.html?_=1666758096301 HTTP/1.1" 200 22
116.230.105.139 - - [26/Oct/2022:12:21:47 +0800] "GET /xingrg/all/function/internal_message.html?_=1666758061212&CODE_STATE=getMsg HTTP/1.1" 200 27
101.85.93.18 - - [26/Oct/2022:12:21:48 +0800] "GET /xingrg/all/function/internal_message.html?_=1666758101071&CODE_STATE=getMsg HTTP/1.1" 200 27
58.37.7.251 - - [26/Oct/2022:12:21:50 +0800] "GET /xingrg/check_reg.html?_=1666758100778 HTTP/1.1" 200 22
180.169.147.146 - - [26/Oct/2022:12:21:50 +0800] "GET /xingrg/all/function/internal_message.html?_=1666758102982&CODE_STATE=getMsg HTTP/1.1" 200 27
58.37.7.251 - - [26/Oct/2022:12:21:53 +0800] "GET /xingrg/all/function/internal_message.html?_=1666758103080&CODE_STATE=getMsg HTTP/1.1" 200 27
222.69.192.207 - - [26/Oct/2022:12:21:57 +0800] "GET /xingrg/kc/base/wldb_order_operate.html?command=get_materiel&rest_code=00105&base_code=0010507&code=00101019079 HTTP/1.1" 200 479
120.253.135.82 - - [26/Oct/2022:12:21:58 +0800] "GET /xingrg/kc/pszx/mdqp_order_list.html?state=10 HTTP/1.1" 200 11068
120.253.135.82 - - [26/Oct/2022:12:21:58 +0800] "GET /xingrg/dwr/interface/AjaxReportQueryService.js HTTP/1.1" 200 13203
120.253.135.82 - - [26/Oct/2022:12:21:58 +0800] "GET /xingrg/dwr/interface/AjaxQqpsService.js HTTP/1.1" 200 16326
120.253.135.82 - - [26/Oct/2022:12:21:58 +0800] "GET /xingrg/dwr/engine.js HTTP/1.1" 200 43631
58.40.7.146 - - [26/Oct/2022:12:21:59 +0800] "GET /xingrg/all/function/internal_message.html?_=1666758111509&CODE_STATE=getMsg HTTP/1.1" 200 27
114.83.223.130 - - [26/Oct/2022:12:22:00 +0800] "POST /xingrg/services/DataTransmitService HTTP/1.1" 200 524
120.253.135.82 - - [26/Oct/2022:12:22:00 +0800] "GET /xingrg/check_reg.html?_=1666758215551 HTTP/1.1" 200 22
114.83.223.130 - - [26/Oct/2022:12:22:00 +0800] "POST /xingrg/services/DataTransmitService HTTP/1.1" 200 501
114.83.223.130 - - [26/Oct/2022:12:22:01 +0800] "POST /xingrg/services/DataTransmitService HTTP/1.1" 200 501
114.83.223.130 - - [26/Oct/2022:12:22:01 +0800] "POST /xingrg/services/DataTransmitService HTTP/1.1" 200 501
114.83.223.130 - - [26/Oct/2022:12:22:01 +0800] "POST /xingrg/services/DataTransmitService HTTP/1.1" 200 501
114.83.223.130 - - [26/Oct/2022:12:22:01 +0800] "GET /xingrg/all/function/internal_message.html?_=1666758112347&CODE_STATE=getMsg HTTP/1.1" 200 27
114.83.223.130 - - [26/Oct/2022:12:22:01 +0800] "POST /xingrg/services/DataTransmitService HTTP/1.1" 200 501
114.83.223.130 - - [26/Oct/2022:12:22:02 +0800] "POST /xingrg/services/DataTransmitService HTTP/1.1" 200 501
120.253.135.82 - - [26/Oct/2022:12:22:02 +0800] "GET /xingrg/kc/pszx/mdps_order_list.html?orderType=0 HTTP/1.1" 200 21016
114.83.223.130 - - [26/Oct/2022:12:22:02 +0800] "POST /xingrg/services/DataTransmitService HTTP/1.1" 200 412
120.253.135.82 - - [26/Oct/2022:12:22:02 +0800] "POST /xingrg/kc/pszx/mdps_list_operate.html HTTP/1.1" 200 5195
120.253.135.82 - - [26/Oct/2022:12:22:03 +0800] "GET /xingrg/all/function/internal_message.html?_=1666758218873&CODE_STATE=getMsg HTTP/1.1" 200 27
120.253.135.82 - - [26/Oct/2022:12:22:05 +0800] "GET /xingrg/kc/pszx/mdps_order_list.html?orderType=0 HTTP/1.1" 200 21016
120.253.135.82 - - [26/Oct/2022:12:22:05 +0800] "POST /xingrg/kc/pszx/mdps_list_operate.html HTTP/1.1" 200 5195
222.69.192.207 - - [26/Oct/2022:12:22:07 +0800] "GET /xingrg/kc/base/wldb_order_operate.html?command=get_materiel&rest_code=00105&base_code=0010507&code=00101019133 HTTP/1.1" 200 480
58.35.213.73 - - [26/Oct/2022:12:22:09 +0800] "GET /xingrg/all/function/internal_message.html?_=1666758121898&CODE_STATE=getMsg HTTP/1.1" 200 27
222.69.192.207 - - [26/Oct/2022:12:22:12 +0800] "GET /xingrg/all/function/internal_message.html?_=1666757977014&CODE_STATE=getMsg HTTP/1.1" 200 27
120.253.135.82 - - [26/Oct/2022:12:22:12 +0800] "GET /xingrg/kc/pszx/mdqp_order_list.html?state=10 HTTP/1.1" 200 11068
120.253.135.82 - - [26/Oct/2022:12:22:12 +0800] "GET /xingrg/dwr/interface/AjaxReportQueryService.js HTTP/1.1" 200 13203
120.253.135.82 - - [26/Oct/2022:12:22:12 +0800] "GET /xingrg/dwr/interface/AjaxQqpsService.js HTTP/1.1" 200 16326
120.253.135.82 - - [26/Oct/2022:12:22:12 +0800] "GET /xingrg/dwr/engine.js HTTP/1.1" 200 43631
116.238.139.35 - - [26/Oct/2022:12:22:13 +0800] "GET /xingrg/all/function/internal_message.html?_=1666758062279&CODE_STATE=getMsg HTTP/1.1" 200 27
114.83.219.57 - - [26/Oct/2022:12:22:14 +0800] "GET /xingrg/all/function/internal_message.html?_=1666758232082&CODE_STATE=getMsg HTTP/1.1" 200 27
120.253.135.82 - - [26/Oct/2022:12:22:16 +0800] "GET /xingrg/kc/pszx/mdps_order_list.html?orderType=0 HTTP/1.1" 200 21016
120.253.135.82 - - [26/Oct/2022:12:22:16 +0800] "POST /xingrg/kc/pszx/mdps_list_operate.html HTTP/1.1" 200 5195
222.69.192.207 - - [26/Oct/2022:12:22:18 +0800] "GET /xingrg/kc/base/wldb_order_operate.html?command=get_materiel&rest_code=00105&base_code=0010507&code=00101019306 HTTP/1.1" 200 478
221.239.141.151 - - [26/Oct/2022:12:22:20 +0800] "GET /xingrg/check_reg.html?_=1666758143637 HTTP/1.1" 200 22
221.239.141.151 - - [26/Oct/2022:12:22:20 +0800] "GET /xingrg/all/function/internal_message.html?_=1666758144514&CODE_STATE=getMsg HTTP/1.1" 200 27
120.253.135.82 - - [26/Oct/2022:12:22:21 +0800] "GET /xingrg/kc/pszx/mdqp_order_list.html?state=10 HTTP/1.1" 200 11068
120.253.135.82 - - [26/Oct/2022:12:22:21 +0800] "GET /xingrg/dwr/interface/AjaxReportQueryService.js HTTP/1.1" 200 13203
120.253.135.82 - - [26/Oct/2022:12:22:21 +0800] "GET /xingrg/dwr/interface/AjaxQqpsService.js HTTP/1.1" 200 16326
120.253.135.82 - - [26/Oct/2022:12:22:21 +0800] "GET /xingrg/dwr/engine.js HTTP/1.1" 200 43631
120.253.135.82 - - [26/Oct/2022:12:22:21 +0800] "GET /xingrg/login.html HTTP/1.1" 200 7641
120.253.135.82 - - [26/Oct/2022:12:22:21 +0800] "GET /xingrg/images/blue/jxLogo.png HTTP/1.1" 304 -
120.253.135.82 - - [26/Oct/2022:12:22:21 +0800] "GET /xingrg/images/blue/login_bg.png HTTP/1.1" 304 -
120.253.135.82 - - [26/Oct/2022:12:22:21 +0800] "GET /xingrg/images/blue/hj.png HTTP/1.1" 304 -
120.253.135.82 - - [26/Oct/2022:12:22:21 +0800] "GET /xingrg/images/blue/srbg.png HTTP/1.1" 304 -
120.253.135.82 - - [26/Oct/2022:12:22:21 +0800] "GET /favicon.ico HTTP/1.1" 404 -
116.230.114.213 - - [26/Oct/2022:12:22:22 +0800] "GET /xingrg/all/function/internal_message.html?_=1666758149065&CODE_STATE=getMsg HTTP/1.1" 200 27
221.239.141.151 - - [26/Oct/2022:12:22:23 +0800] "GET /xingrg/all/function/internal_message.html?_=1666758135735&CODE_STATE=getMsg HTTP/1.1" 200 27
120.253.135.82 - - [26/Oct/2022:12:22:24 +0800] "GET /xingrg/all/function/internal_message.html?_=1666757933119&CODE_STATE=getMsg HTTP/1.1" 200 27
120.253.135.82 - - [26/Oct/2022:12:22:25 +0800] "POST /xingrg/login.do HTTP/1.1" 302 -
120.253.135.82 - - [26/Oct/2022:12:22:25 +0800] "GET /xingrg/javascript/jquery_easy_ui/themes/default/easyui.css HTTP/1.1" 304 -
120.253.135.82 - - [26/Oct/2022:12:22:25 +0800] "GET /xingrg/javascript/jquery_easy_ui/themes/icon.css HTTP/1.1" 304 -
120.253.135.82 - - [26/Oct/2022:12:22:25 +0800] "GET /xingrg/index.html?sysBaseUrl=http%3A%2F%2F180.169.147.146%3A18081%2Fxingrg%2F&costTime=45×tamp=1666758145110 HTTP/1.1" 200 17173
120.253.135.82 - - [26/Oct/2022:12:22:25 +0800] "GET /xingrg/javascript/jquery.form.js HTTP/1.1" 304 -
120.253.135.82 - - [26/Oct/2022:12:22:25 +0800] "GET /xingrg/css/form.css HTTP/1.1" 304 -
120.253.135.82 - - [26/Oct/2022:12:22:25 +0800] "GET /xingrg/javascript/jquery-1.4.2.min.js HTTP/1.1" 304 -
120.253.135.82 - - [26/Oct/2022:12:22:25 +0800] "GET /xingrg/javascript/jquery.utils.js HTTP/1.1" 304 -
120.253.135.82 - - [26/Oct/2022:12:22:25 +0800] "GET /xingrg/javascript/jquery_easy_ui/jquery.easyui.min.js HTTP/1.1" 304 -
120.253.135.82 - - [26/Oct/2022:12:22:25 +0800] "GET /xingrg/javascript/jquery_easy_ui/easyui-lang-zh_CN.js HTTP/1.1" 304 -
120.253.135.82 - - [26/Oct/2022:12:22:25 +0800] "GET /xingrg/javascript/jquery.timers.js HTTP/1.1" 304 -
120.253.135.82 - - [26/Oct/2022:12:22:25 +0800] "GET /favicon.ico HTTP/1.1" 404 -
120.253.135.82 - - [26/Oct/2022:12:22:25 +0800] "GET /xingrg/images/blue/navBackgound.jpg HTTP/1.1" 304 -
120.253.135.82 - - [26/Oct/2022:12:22:25 +0800] "GET /xingrg/javascript/jquery_easy_ui/themes/icons/settle_new.png HTTP/1.1" 304 -
120.253.135.82 - - [26/Oct/2022:12:22:25 +0800] "GET /xingrg/javascript/jquery_easy_ui/themes/default/images/tabs_rightarrow.png HTTP/1.1" 304 -
120.253.135.82 - - [26/Oct/2022:12:22:25 +0800] "GET /xingrg/javascript/jquery_easy_ui/themes/default/images/tabs_leftarrow.png HTTP/1.1" 304 -
120.253.135.82 - - [26/Oct/2022:12:22:25 +0800] "GET /xingrg/images/blue/pingpu.png HTTP/1.1" 304 -
120.253.135.82 - - [26/Oct/2022:12:22:25 +0800] "POST /xingrg/all/common/load_tree.html?tree=area_rest_tree_json&manage=1 HTTP/1.1" 200 344
120.253.135.82 - - [26/Oct/2022:12:22:25 +0800] "GET /xingrg/javascript/jquery_easy_ui/themes/default/images/panel_tool_collapse.gif HTTP/1.1" 304 -
120.253.135.82 - - [26/Oct/2022:12:22:25 +0800] "GET /xingrg/all/function/internal_message.html?_=1666758240641&CODE_STATE=count HTTP/1.1" 200 11
120.253.135.82 - - [26/Oct/2022:12:22:25 +0800] "GET /xingrg/check_reg.html?_=1666758240642 HTTP/1.1" 200 22
120.253.135.82 - - [26/Oct/2022:12:22:25 +0800] "GET /xingrg/javascript/jquery_easy_ui/themes/default/images/tree_arrows.gif HTTP/1.1" 304 -
120.253.135.82 - - [26/Oct/2022:12:22:25 +0800] "POST /xingrg/load_menu.html HTTP/1.1" 200 6743
120.253.135.82 - - [26/Oct/2022:12:22:25 +0800] "GET /xingrg/javascript/jquery_easy_ui/themes/default/images/tree_folder_open.gif HTTP/1.1" 304 -
120.253.135.82 - - [26/Oct/2022:12:22:25 +0800] "GET /xingrg/javascript/jquery_easy_ui/themes/icons/search_new.png HTTP/1.1" 304 -
120.253.135.82 - - [26/Oct/2022:12:22:25 +0800] "GET /xingrg/javascript/jquery_easy_ui/themes/icons/delivery_new.png HTTP/1.1" 304 -
120.253.135.82 - - [26/Oct/2022:12:22:25 +0800] "GET /xingrg/javascript/jquery_easy_ui/themes/icons/storage_new.png HTTP/1.1" 304 -
120.253.135.82 - - [26/Oct/2022:12:22:25 +0800] "GET /xingrg/javascript/jquery_easy_ui/themes/icons/forms_new.png HTTP/1.1" 304 -
120.253.135.82 - - [26/Oct/2022:12:22:25 +0800] "GET /xingrg/javascript/jquery_easy_ui/themes/default/images/tree_file.gif HTTP/1.1" 304 -
120.253.135.82 - - [26/Oct/2022:12:22:25 +0800] "GET /xingrg/javascript/jquery_easy_ui/themes/default/images/tree_folder.gif HTTP/1.1" 304 -
116.238.139.35 - - [26/Oct/2022:12:22:25 +0800] "GET /xingrg/check_reg.html?_=1666758137965 HTTP/1.1" 200 22
116.238.139.35 - - [26/Oct/2022:12:22:25 +0800] "GET /xingrg/all/function/internal_message.html?_=1666758137968&CODE_STATE=getMsg HTTP/1.1" 200 27
222.69.192.207 - - [26/Oct/2022:12:22:27 +0800] "GET /xingrg/kc/base/wldb_order_operate.html?command=get_materiel&rest_code=00105&base_code=0010507&code=00101019187 HTTP/1.1" 200 478
120.253.135.82 - - [26/Oct/2022:12:22:29 +0800] "GET /xingrg/javascript/jquery_easy_ui/themes/default/images/tabs_close.gif HTTP/1.1" 304 -
120.253.135.82 - - [26/Oct/2022:12:22:29 +0800] "GET /xingrg/css/site.css HTTP/1.1" 304 -
120.253.135.82 - - [26/Oct/2022:12:22:29 +0800] "GET /xingrg/javascript/jquery_tools/datebox.css HTTP/1.1" 304 -
120.253.135.82 - - [26/Oct/2022:12:22:29 +0800] "GET /xingrg/css/base.css HTTP/1.1" 304 -
120.253.135.82 - - [26/Oct/2022:12:22:29 +0800] "GET /xingrg/javascript/easyui/themes/icon.css HTTP/1.1" 304 -
120.253.135.82 - - [26/Oct/2022:12:22:29 +0800] "GET /xingrg/javascript/jquery_tools/jquery.tools.min.js HTTP/1.1" 304 -
120.253.135.82 - - [26/Oct/2022:12:22:29 +0800] "GET /xingrg/javascript/jquery_tools/fix.css HTTP/1.1" 304 -
120.253.135.82 - - [26/Oct/2022:12:22:29 +0800] "GET /xingrg/javascript/jquery_tools/table.css HTTP/1.1" 304 -
120.253.135.82 - - [26/Oct/2022:12:22:29 +0800] "GET /xingrg/javascript/easyui/themes/default/easyui.css HTTP/1.1" 304 -
120.253.135.82 - - [26/Oct/2022:12:22:29 +0800] "GET /xingrg/javascript/auto/jquery.autocomplete.css HTTP/1.1" 304 -
120.253.135.82 - - [26/Oct/2022:12:22:29 +0800] "GET /xingrg/javascript/jquery_tools/jquery.tools.extend.js HTTP/1.1" 304 -
120.253.135.82 - - [26/Oct/2022:12:22:29 +0800] "GET /xingrg/javascript/jquery_tools/jquery.tools.hotkey.js HTTP/1.1" 304 -
120.253.135.82 - - [26/Oct/2022:12:22:29 +0800] "GET /xingrg/javascript/jquery_tools/list_manager.js HTTP/1.1" 304 -
120.253.135.82 - - [26/Oct/2022:12:22:29 +0800] "GET /xingrg/javascript/print/LodopFuncs.js HTTP/1.1" 304 -
120.253.135.82 - - [26/Oct/2022:12:22:29 +0800] "GET /xingrg/javascript/jquery.cookie.js HTTP/1.1" 304 -
120.253.135.82 - - [26/Oct/2022:12:22:29 +0800] "GET /xingrg/javascript/easyui/easyloader.js HTTP/1.1" 304 -
120.253.135.82 - - [26/Oct/2022:12:22:29 +0800] "GET /xingrg/javascript/jquery_tools/jquery.tools.table.js HTTP/1.1" 304 -
120.253.135.82 - - [26/Oct/2022:12:22:29 +0800] "GET /xingrg/javascript/auto/jquery.autocomplete.js HTTP/1.1" 304 -
120.253.135.82 - - [26/Oct/2022:12:22:29 +0800] "GET /xingrg/kc/buy/cgsh_order_list.html HTTP/1.1" 200 53322
120.253.135.82 - - [26/Oct/2022:12:22:30 +0800] "GET /xingrg/javascript/easyui/themes/icons/cance_new.png HTTP/1.1" 304 -
120.253.135.82 - - [26/Oct/2022:12:22:30 +0800] "GET /xingrg/javascript/easyui/themes/icons/edit_add_new.png HTTP/1.1" 304 -
120.253.135.82 - - [26/Oct/2022:12:22:30 +0800] "GET /xingrg/javascript/easyui/themes/icons/check_new.png HTTP/1.1" 304 -
120.253.135.82 - - [26/Oct/2022:12:22:30 +0800] "GET /xingrg/javascript/easyui/themes/icons/field_new.png HTTP/1.1" 304 -
120.253.135.82 - - [26/Oct/2022:12:22:30 +0800] "GET /xingrg/javascript/easyui/themes/icons/import_new.png HTTP/1.1" 304 -
120.253.135.82 - - [26/Oct/2022:12:22:30 +0800] "GET /xingrg/javascript/easyui/plugins/jquery.parser.js HTTP/1.1" 304 -
120.253.135.82 - - [26/Oct/2022:12:22:30 +0800] "GET /xingrg/images/control/ajaxLoader.gif HTTP/1.1" 304 -
124.79.74.72 - - [26/Oct/2022:12:22:31 +0800] "GET /xingrg/all/function/internal_message.html?_=1666758142606&CODE_STATE=getMsg HTTP/1.1" 200 27
120.253.135.82 - - [26/Oct/2022:12:22:31 +0800] "POST /xingrg/kc/buy/cgsh_list_operate.html HTTP/1.1" 200 986
120.253.135.82 - - [26/Oct/2022:12:22:31 +0800] "GET /xingrg/kc/pszx/ps_main.html?isBack=1 HTTP/1.1" 200 13401
120.253.135.82 - - [26/Oct/2022:12:22:31 +0800] "GET /xingrg/images/blue/button/jzcgd.gif HTTP/1.1" 200 1976
120.253.135.82 - - [26/Oct/2022:12:22:31 +0800] "GET /xingrg/images/blue/button/ckpd.gif HTTP/1.1" 200 2051
120.253.135.82 - - [26/Oct/2022:12:22:31 +0800] "GET /xingrg/images/blue/button/fdqpd.gif HTTP/1.1" 200 2116
120.253.135.82 - - [26/Oct/2022:12:22:31 +0800] "GET /xingrg/images/blue/button/down_ah.jpg HTTP/1.1" 200 1732
120.253.135.82 - - [26/Oct/2022:12:22:31 +0800] "GET /xingrg/images/blue/button/line.jpg HTTP/1.1" 200 1397
120.253.135.82 - - [26/Oct/2022:12:22:31 +0800] "GET /xingrg/images/blue/button/yddb.gif HTTP/1.1" 200 2040
120.253.135.82 - - [26/Oct/2022:12:22:31 +0800] "GET /xingrg/images/blue/button/left_down_ah.jpg HTTP/1.1" 200 1848
120.253.135.82 - - [26/Oct/2022:12:22:31 +0800] "GET /xingrg/images/blue/button/fdps2.gif HTTP/1.1" 200 2548
120.253.135.82 - - [26/Oct/2022:12:22:31 +0800] "GET /xingrg/images/blue/button/cgydd.gif HTTP/1.1" 200 2712
120.253.135.82 - - [26/Oct/2022:12:22:31 +0800] "GET /xingrg/images/blue/button/pszx.gif HTTP/1.1" 200 2648
120.253.135.82 - - [26/Oct/2022:12:22:31 +0800] "GET /xingrg/images/blue/button/right_down_ah.jpg HTTP/1.1" 200 1842
120.253.135.82 - - [26/Oct/2022:12:22:31 +0800] "GET /xingrg/images/blue/pic_form2.gif HTTP/1.1" 200 1853
120.253.135.82 - - [26/Oct/2022:12:22:31 +0800] "GET /xingrg/images/blue/bg_dotted.jpg HTTP/1.1" 200 319
116.230.105.139 - - [26/Oct/2022:12:22:32 +0800] "GET /xingrg/all/function/internal_message.html?_=1666758144418&CODE_STATE=getMsg HTTP/1.1" 200 27
120.253.135.82 - - [26/Oct/2022:12:22:32 +0800] "GET /xingrg/images/yd/bt.gif HTTP/1.1" 404 1040
222.70.183.206 - - [26/Oct/2022:12:22:33 +0800] "GET /xingrg/all/function/internal_message.html?_=1666758144224&CODE_STATE=getMsg HTTP/1.1" 200 27
180.169.147.146 - - [26/Oct/2022:12:22:33 +0800] "GET /xingrg/all/function/internal_message.html?_=1666758145031&CODE_STATE=getMsg HTTP/1.1" 200 27
120.253.135.82 - - [26/Oct/2022:12:22:34 +0800] "GET /xingrg/kc/pszx/mdqp_order_list.html?state=10 HTTP/1.1" 200 11068
120.253.135.82 - - [26/Oct/2022:12:22:34 +0800] "GET /xingrg/dwr/interface/AjaxQqpsService.js HTTP/1.1" 200 16326
120.253.135.82 - - [26/Oct/2022:12:22:34 +0800] "GET /xingrg/dwr/interface/AjaxReportQueryService.js HTTP/1.1" 200 13203
120.253.135.82 - - [26/Oct/2022:12:22:34 +0800] "GET /xingrg/dwr/engine.js HTTP/1.1" 200 43631
120.253.135.82 - - [26/Oct/2022:12:22:34 +0800] "GET /xingrg/javascript/easyui/themes/default/images/button_plain_hover.png HTTP/1.1" 304 -
120.253.135.82 - - [26/Oct/2022:12:22:34 +0800] "GET /xingrg/javascript/easyui/themes/default/images/button_plain_hover.png HTTP/1.1" 304 -
120.253.135.82 - - [26/Oct/2022:12:22:35 +0800] "GET /xingrg/javascript/pic_change.js HTTP/1.1" 304 -
120.253.135.82 - - [26/Oct/2022:12:22:35 +0800] "GET /xingrg/javascript/json2.js HTTP/1.1" 304 -
120.253.135.82 - - [26/Oct/2022:12:22:35 +0800] "GET /xingrg/javascript/convert.js HTTP/1.1" 304 -
120.253.135.82 - - [26/Oct/2022:12:22:35 +0800] "GET /xingrg/javascript/jquery_tools/order_manager.js HTTP/1.1" 304 -
120.253.135.82 - - [26/Oct/2022:12:22:35 +0800] "GET /xingrg/javascript/print/kc_print.js HTTP/1.1" 304 -
120.253.135.82 - - [26/Oct/2022:12:22:35 +0800] "GET /xingrg/kc/buy/cgsh_order_add.html HTTP/1.1" 200 68161
120.253.135.82 - - [26/Oct/2022:12:22:35 +0800] "GET /xingrg/words/20221024164613_words.js HTTP/1.1" 304 -
120.253.135.82 - - [26/Oct/2022:12:22:35 +0800] "GET /xingrg/javascript/easyui/themes/icons/copy_new.png HTTP/1.1" 304 -
120.253.135.82 - - [26/Oct/2022:12:22:35 +0800] "GET /xingrg/javascript/easyui/themes/icons/ok.png HTTP/1.1" 304 -
120.253.135.82 - - [26/Oct/2022:12:22:35 +0800] "GET /xingrg/javascript/easyui/themes/icons/print.png HTTP/1.1" 304 -
120.253.135.82 - - [26/Oct/2022:12:22:35 +0800] "GET /xingrg/javascript/easyui/themes/icons/template_new.png HTTP/1.1" 304 -
120.253.135.82 - - [26/Oct/2022:12:22:35 +0800] "GET /xingrg/javascript/easyui/themes/default/images/menu_downarrow.png HTTP/1.1" 304 -
120.253.135.82 - - [26/Oct/2022:12:22:35 +0800] "GET /xingrg/javascript/easyui/themes/icons/cancel.png HTTP/1.1" 304 -
120.253.135.82 - - [26/Oct/2022:12:22:35 +0800] "POST /xingrg/kc/buy/cgsh_order_operate.html HTTP/1.1" 200 8245
120.253.135.82 - - [26/Oct/2022:12:22:35 +0800] "GET /xingrg/javascript/easyui/themes/icons/edit_remove.png HTTP/1.1" 304 -
120.253.135.82 - - [26/Oct/2022:12:22:36 +0800] "GET /xingrg/all/common/auto_word.html?type=employee&rest_code=00101 HTTP/1.1" 200 977
120.253.135.82 - - [26/Oct/2022:12:22:36 +0800] "GET /xingrg/all/common/auto_word.html?type=employee&rest_code=00101 HTTP/1.1" 200 977
120.253.135.82 - - [26/Oct/2022:12:22:36 +0800] "GET /xingrg/javascript/easyui/plugins/jquery.validatebox.js HTTP/1.1" 304 -
120.253.135.82 - - [26/Oct/2022:12:22:36 +0800] "GET /xingrg/javascript/easyui/themes/default/validatebox.css HTTP/1.1" 404 1104
120.253.135.82 - - [26/Oct/2022:12:22:36 +0800] "GET /xingrg/javascript/easyui/plugins/jquery.numberbox.js HTTP/1.1" 304 -
