114.83.223.130 - - [24/Oct/2022:10:16:54 +0800] "GET /xingrg/kc/print/load_data.html?order_code=212022102307278&kc_code=cgsh&condition= HTTP/1.1" 200 1182
116.230.105.139 - - [24/Oct/2022:10:16:57 +0800] "GET /xingrg/all/function/internal_message.html?_=1666577777194&CODE_STATE=getMsg HTTP/1.1" 200 27
120.253.135.82 - - [24/Oct/2022:10:17:00 +0800] "GET /xingrg/all/function/internal_message.html?_=1666577919391&CODE_STATE=getMsg HTTP/1.1" 200 27
61.170.232.44 - - [24/Oct/2022:10:17:03 +0800] "GET /xingrg/kc/buy/cgsh_order_operate.html?command=get_materiel&rest_code=00106&code=00101008286&supplier_code=00100007&order_time=2022-10-24 HTTP/1.1" 200 408
124.79.243.136 - - [24/Oct/2022:10:17:04 +0800] "GET /xingrg/all/function/internal_message.html?_=1666578025482&CODE_STATE=getMsg HTTP/1.1" 200 27
116.230.114.213 - - [24/Oct/2022:10:17:08 +0800] "GET /xingrg/all/function/internal_message.html?_=1666577827372&CODE_STATE=getMsg HTTP/1.1" 200 27
180.169.147.146 - - [24/Oct/2022:10:17:09 +0800] "GET /xingrg/index.html?sysBaseUrl=http%3A%2F%2F180.169.147.146%3A18081%2Fxingrg%2F&costTime=39×tamp=1592034574635 HTTP/1.1" 200 17509
180.169.147.146 - - [24/Oct/2022:10:17:09 +0800] "POST /xingrg/all/common/load_tree.html?tree=area_rest_tree_json&manage=1 HTTP/1.1" 200 3481
180.169.147.146 - - [24/Oct/2022:10:17:10 +0800] "GET /xingrg/all/function/internal_message.html?_=1666577823825&CODE_STATE=count HTTP/1.1" 200 11
180.169.147.146 - - [24/Oct/2022:10:17:10 +0800] "GET /xingrg/check_reg.html?_=1666577823827 HTTP/1.1" 200 22
180.169.147.146 - - [24/Oct/2022:10:17:10 +0800] "GET /favicon.ico HTTP/1.1" 404 -
180.169.147.146 - - [24/Oct/2022:10:17:10 +0800] "POST /xingrg/load_menu.html HTTP/1.1" 200 9959
120.253.135.82 - - [24/Oct/2022:10:17:11 +0800] "GET /xingrg/all/function/internal_message.html?_=1666577621597&CODE_STATE=getMsg HTTP/1.1" 200 27
61.170.232.44 - - [24/Oct/2022:10:17:14 +0800] "GET /xingrg/kc/buy/cgsh_order_operate.html?command=get_materiel&rest_code=00106&code=00101008318&supplier_code=00100007&order_time=2022-10-24 HTTP/1.1" 200 408
221.239.141.151 - - [24/Oct/2022:10:17:20 +0800] "GET /xingrg/all/function/internal_message.html?_=1666577834341&CODE_STATE=getMsg HTTP/1.1" 200 27
61.170.232.44 - - [24/Oct/2022:10:17:21 +0800] "GET /xingrg/kc/buy/cgsh_order_operate.html?command=get_materiel&rest_code=00106&code=00101008353&supplier_code=00100007&order_time=2022-10-24 HTTP/1.1" 200 408
116.238.139.35 - - [24/Oct/2022:10:17:22 +0800] "GET /xingrg/all/function/internal_message.html?_=1666577835988&CODE_STATE=getMsg HTTP/1.1" 200 27
180.169.147.146 - - [24/Oct/2022:10:17:22 +0800] "GET /xingrg/all/function/internal_message.html?_=1666577834616&CODE_STATE=getMsg HTTP/1.1" 200 27
222.69.192.207 - - [24/Oct/2022:10:17:27 +0800] "GET /xingrg/all/function/internal_message.html?_=1666577693879&CODE_STATE=getMsg HTTP/1.1" 200 27
222.69.192.207 - - [24/Oct/2022:10:17:27 +0800] "GET /xingrg/check_reg.html?_=1666577693882 HTTP/1.1" 200 22
221.239.141.151 - - [24/Oct/2022:10:17:29 +0800] "GET /xingrg/kc/base/wldb_order_list.html HTTP/1.1" 200 19142
221.239.141.151 - - [24/Oct/2022:10:17:29 +0800] "POST /xingrg/kc/base/wldb_list_operate.html HTTP/1.1" 200 928
221.239.141.151 - - [24/Oct/2022:10:17:30 +0800] "GET /xingrg/kc/base/wldb_order_add.html HTTP/1.1" 200 30361
221.239.141.151 - - [24/Oct/2022:10:17:31 +0800] "POST /xingrg/kc/base/wldb_order_operate.html HTTP/1.1" 200 6806
221.239.141.151 - - [24/Oct/2022:10:17:31 +0800] "GET /xingrg/all/common/auto_word.html?type=base&rest_code=00102 HTTP/1.1" 200 1857
221.239.141.151 - - [24/Oct/2022:10:17:31 +0800] "GET /xingrg/all/common/auto_word.html?type=base&rest_code=00102 HTTP/1.1" 200 1857
221.239.141.151 - - [24/Oct/2022:10:17:31 +0800] "GET /xingrg/javascript/easyui/themes/default/validatebox.css HTTP/1.1" 404 1104
221.239.141.151 - - [24/Oct/2022:10:17:32 +0800] "POST /xingrg/all/common/load_combo.html?type=base HTTP/1.1" 200 3321
116.238.139.35 - - [24/Oct/2022:10:17:33 +0800] "GET /xingrg/check_reg.html?_=1666577785489 HTTP/1.1" 200 22
116.238.139.35 - - [24/Oct/2022:10:17:33 +0800] "GET /xingrg/all/function/internal_message.html?_=1666577785861&CODE_STATE=getMsg HTTP/1.1" 200 27
221.239.141.151 - - [24/Oct/2022:10:17:36 +0800] "GET /xingrg/javascript/auto/indicator.gif HTTP/1.1" 404 1066
58.221.95.50 - - [24/Oct/2022:10:17:38 +0800] "GET /xingrg/check_reg.html?_=1666577878430 HTTP/1.1" 302 -
61.170.232.44 - - [24/Oct/2022:10:17:39 +0800] "GET /xingrg/kc/buy/cgsh_order_operate.html?command=get_materiel&rest_code=00106&code=00101008562&supplier_code=00100007&order_time=2022-10-24 HTTP/1.1" 200 409
61.170.232.44 - - [24/Oct/2022:10:17:39 +0800] "GET /xingrg/all/function/internal_message.html?_=1666577852048&CODE_STATE=getMsg HTTP/1.1" 200 27
221.239.141.151 - - [24/Oct/2022:10:17:39 +0800] "GET /xingrg/kc/base/wldb_order_operate.html?command=get_materiel&rest_code=00102&base_code=0010476&code=00101019142 HTTP/1.1" 200 463
222.70.183.206 - - [24/Oct/2022:10:17:39 +0800] "GET /xingrg/all/function/internal_message.html?_=1666577853104&CODE_STATE=getMsg HTTP/1.1" 200 27
180.169.147.146 - - [24/Oct/2022:10:17:40 +0800] "GET /xingrg/check_reg.html?_=1666577853165 HTTP/1.1" 200 22
180.169.147.146 - - [24/Oct/2022:10:17:42 +0800] "GET /xingrg/all/function/internal_message.html?_=1666577855823&CODE_STATE=getMsg HTTP/1.1" 200 27
114.83.223.130 - - [24/Oct/2022:10:17:44 +0800] "POST /xingrg/kc/buy/cgsh_list_operate.html HTTP/1.1" 200 5311
101.85.93.18 - - [24/Oct/2022:10:17:45 +0800] "GET /xingrg/all/function/internal_message.html?_=1666577858620&CODE_STATE=getMsg HTTP/1.1" 200 27
114.84.81.136 - - [24/Oct/2022:10:17:49 +0800] "GET /xingrg/all/function/internal_message.html?_=1666577864090&CODE_STATE=getMsg HTTP/1.1" 200 27
114.83.223.130 - - [24/Oct/2022:10:17:50 +0800] "GET /xingrg/all/function/internal_message.html?_=1666577863261&CODE_STATE=getMsg HTTP/1.1" 200 27
114.83.223.130 - - [24/Oct/2022:10:17:51 +0800] "POST /xingrg/kc/buy/cgsh_list_operate.html HTTP/1.1" 200 202
114.83.223.130 - - [24/Oct/2022:10:17:52 +0800] "GET /xingrg/kc/buy/cgsh_order_info.html?code=212022102307277 HTTP/1.1" 200 64096
61.170.232.44 - - [24/Oct/2022:10:17:52 +0800] "GET /xingrg/kc/buy/cgsh_order_operate.html?command=get_materiel&rest_code=00106&code=00101008312&supplier_code=00100007&order_time=2022-10-24 HTTP/1.1" 200 412
180.169.147.146 - - [24/Oct/2022:10:17:53 +0800] "GET /xingrg/all/function/internal_message.html?_=1666577866705&CODE_STATE=getMsg HTTP/1.1" 200 27
114.83.223.130 - - [24/Oct/2022:10:17:53 +0800] "GET /xingrg/javascript/easyui/themes/default/validatebox.css HTTP/1.1" 404 1104
114.83.223.130 - - [24/Oct/2022:10:17:53 +0800] "POST /xingrg/kc/buy/cgsh_order_operate.html HTTP/1.1" 200 609
114.83.223.130 - - [24/Oct/2022:10:17:55 +0800] "POST /xingrg/kc/buy/cgsh_list_operate.html HTTP/1.1" 200 5311
114.83.223.130 - - [24/Oct/2022:10:17:55 +0800] "GET /xingrg/kc/print/load_data.html?order_code=212022102307277&kc_code=cgsh&condition= HTTP/1.1" 200 777
116.230.105.139 - - [24/Oct/2022:10:17:57 +0800] "GET /xingrg/all/function/internal_message.html?_=1666577837180&CODE_STATE=getMsg HTTP/1.1" 200 27
120.253.135.82 - - [24/Oct/2022:10:18:01 +0800] "GET /xingrg/all/function/internal_message.html?_=1666577979615&CODE_STATE=getMsg HTTP/1.1" 200 27
61.170.232.44 - - [24/Oct/2022:10:18:03 +0800] "GET /xingrg/kc/buy/cgsh_order_operate.html?command=get_materiel&rest_code=00106&code=00101011005&supplier_code=00100007&order_time=2022-10-24 HTTP/1.1" 200 428
124.79.243.136 - - [24/Oct/2022:10:18:04 +0800] "GET /xingrg/all/function/internal_message.html?_=1666578085492&CODE_STATE=getMsg HTTP/1.1" 200 27
116.230.114.213 - - [24/Oct/2022:10:18:08 +0800] "GET /xingrg/all/function/internal_message.html?_=1666577887375&CODE_STATE=getMsg HTTP/1.1" 200 27
180.169.147.146 - - [24/Oct/2022:10:18:10 +0800] "GET /xingrg/all/function/internal_message.html?_=1666577883854&CODE_STATE=getMsg HTTP/1.1" 200 27
120.253.135.82 - - [24/Oct/2022:10:18:11 +0800] "GET /xingrg/check_reg.html?_=1666577681545 HTTP/1.1" 200 22
120.253.135.82 - - [24/Oct/2022:10:18:11 +0800] "GET /xingrg/all/function/internal_message.html?_=1666577681611&CODE_STATE=getMsg HTTP/1.1" 200 27
61.170.232.44 - - [24/Oct/2022:10:18:13 +0800] "GET /xingrg/kc/buy/cgsh_order_operate.html?command=get_materiel&rest_code=00106&code=00101008126&supplier_code=00100007&order_time=2022-10-24 HTTP/1.1" 200 412
114.83.223.130 - - [24/Oct/2022:10:18:16 +0800] "POST /xingrg/kc/buy/cgsh_list_operate.html HTTP/1.1" 200 5311
221.239.141.151 - - [24/Oct/2022:10:18:19 +0800] "GET /xingrg/check_reg.html?_=1666577893773 HTTP/1.1" 200 22
221.239.141.151 - - [24/Oct/2022:10:18:20 +0800] "GET /xingrg/all/function/internal_message.html?_=1666577894330&CODE_STATE=getMsg HTTP/1.1" 200 27
116.238.139.35 - - [24/Oct/2022:10:18:22 +0800] "GET /xingrg/all/function/internal_message.html?_=1666577895988&CODE_STATE=getMsg HTTP/1.1" 200 27
180.169.147.146 - - [24/Oct/2022:10:18:22 +0800] "GET /xingrg/all/function/internal_message.html?_=1666577894612&CODE_STATE=getMsg HTTP/1.1" 200 27
114.83.223.130 - - [24/Oct/2022:10:18:22 +0800] "POST /xingrg/kc/buy/cgsh_list_operate.html HTTP/1.1" 200 202
114.83.223.130 - - [24/Oct/2022:10:18:24 +0800] "GET /xingrg/kc/buy/cgsh_order_info.html?code=212022102307276 HTTP/1.1" 200 64097
114.83.223.130 - - [24/Oct/2022:10:18:24 +0800] "GET /xingrg/javascript/easyui/themes/default/validatebox.css HTTP/1.1" 404 1104
114.83.223.130 - - [24/Oct/2022:10:18:25 +0800] "POST /xingrg/kc/buy/cgsh_order_operate.html HTTP/1.1" 200 622
61.170.232.44 - - [24/Oct/2022:10:18:25 +0800] "GET /xingrg/kc/buy/cgsh_order_operate.html?command=get_materiel&rest_code=00106&code=00101008361&supplier_code=00100007&order_time=2022-10-24 HTTP/1.1" 200 408
114.83.223.130 - - [24/Oct/2022:10:18:26 +0800] "POST /xingrg/kc/buy/cgsh_list_operate.html HTTP/1.1" 200 5311
114.83.223.130 - - [24/Oct/2022:10:18:26 +0800] "GET /xingrg/kc/print/load_data.html?order_code=212022102307276&kc_code=cgsh&condition= HTTP/1.1" 200 726
222.69.192.207 - - [24/Oct/2022:10:18:27 +0800] "GET /xingrg/all/function/internal_message.html?_=1666577753889&CODE_STATE=getMsg HTTP/1.1" 200 27
61.170.232.44 - - [24/Oct/2022:10:18:32 +0800] "GET /xingrg/kc/buy/cgsh_order_operate.html?command=get_materiel&rest_code=00106&code=00101008024&supplier_code=00100007&order_time=2022-10-24 HTTP/1.1" 200 408
116.238.139.35 - - [24/Oct/2022:10:18:33 +0800] "GET /xingrg/all/function/internal_message.html?_=1666577845874&CODE_STATE=getMsg HTTP/1.1" 200 27
61.170.232.44 - - [24/Oct/2022:10:18:39 +0800] "GET /xingrg/check_reg.html?_=1666577911679 HTTP/1.1" 200 22
61.170.232.44 - - [24/Oct/2022:10:18:39 +0800] "GET /xingrg/all/function/internal_message.html?_=1666577912026&CODE_STATE=getMsg HTTP/1.1" 200 27
222.70.183.206 - - [24/Oct/2022:10:18:39 +0800] "GET /xingrg/all/function/internal_message.html?_=1666577913091&CODE_STATE=getMsg HTTP/1.1" 200 27
180.169.147.146 - - [24/Oct/2022:10:18:42 +0800] "GET /xingrg/all/function/internal_message.html?_=1666577915800&CODE_STATE=getMsg HTTP/1.1" 200 27
101.85.93.18 - - [24/Oct/2022:10:18:45 +0800] "GET /xingrg/all/function/internal_message.html?_=1666577918619&CODE_STATE=getMsg HTTP/1.1" 200 27
114.84.81.136 - - [24/Oct/2022:10:18:49 +0800] "GET /xingrg/all/function/internal_message.html?_=1666577924091&CODE_STATE=getMsg HTTP/1.1" 200 27
114.83.223.130 - - [24/Oct/2022:10:18:50 +0800] "GET /xingrg/all/function/internal_message.html?_=1666577923241&CODE_STATE=getMsg HTTP/1.1" 200 27
114.83.223.130 - - [24/Oct/2022:10:18:53 +0800] "POST /xingrg/kc/buy/cgsh_list_operate.html HTTP/1.1" 200 5311
180.169.147.146 - - [24/Oct/2022:10:18:53 +0800] "GET /xingrg/all/function/internal_message.html?_=1666577926704&CODE_STATE=getMsg HTTP/1.1" 200 27
120.253.135.82 - - [24/Oct/2022:10:18:54 +0800] "GET /xingrg/check_reg.html?_=1666578033432 HTTP/1.1" 200 22
114.83.223.130 - - [24/Oct/2022:10:18:55 +0800] "POST /xingrg/kc/buy/cgsh_list_operate.html HTTP/1.1" 200 201
114.83.223.130 - - [24/Oct/2022:10:18:56 +0800] "GET /xingrg/kc/buy/cgsh_order_info.html?code=212022102307275 HTTP/1.1" 200 64094
114.83.223.130 - - [24/Oct/2022:10:18:56 +0800] "GET /xingrg/javascript/easyui/themes/default/validatebox.css HTTP/1.1" 404 1104
114.83.223.130 - - [24/Oct/2022:10:18:57 +0800] "POST /xingrg/kc/buy/cgsh_order_operate.html HTTP/1.1" 200 607
116.230.105.139 - - [24/Oct/2022:10:18:57 +0800] "GET /xingrg/check_reg.html?_=1666577896944 HTTP/1.1" 200 22
116.230.105.139 - - [24/Oct/2022:10:18:57 +0800] "GET /xingrg/all/function/internal_message.html?_=1666577897176&CODE_STATE=getMsg HTTP/1.1" 200 27
114.83.223.130 - - [24/Oct/2022:10:18:58 +0800] "GET /xingrg/kc/print/load_data.html?order_code=212022102307275&kc_code=cgsh&condition= HTTP/1.1" 200 708
114.83.223.130 - - [24/Oct/2022:10:18:58 +0800] "POST /xingrg/kc/buy/cgsh_list_operate.html HTTP/1.1" 200 5311
120.253.135.82 - - [24/Oct/2022:10:19:01 +0800] "GET /xingrg/all/function/internal_message.html?_=1666578039623&CODE_STATE=getMsg HTTP/1.1" 200 27
114.88.159.190 - - [24/Oct/2022:10:19:03 +0800] "GET /xingrg/check_reg.html?_=1666577563776 HTTP/1.1" 200 22
124.79.243.136 - - [24/Oct/2022:10:19:04 +0800] "GET /xingrg/all/function/internal_message.html?_=1666578145491&CODE_STATE=getMsg HTTP/1.1" 200 27
116.230.114.213 - - [24/Oct/2022:10:19:08 +0800] "GET /xingrg/all/function/internal_message.html?_=1666577947433&CODE_STATE=getMsg HTTP/1.1" 200 27
180.169.147.146 - - [24/Oct/2022:10:19:10 +0800] "GET /xingrg/all/function/internal_message.html?_=1666577943852&CODE_STATE=getMsg HTTP/1.1" 200 27
120.253.135.82 - - [24/Oct/2022:10:19:11 +0800] "GET /xingrg/all/function/internal_message.html?_=1666577741622&CODE_STATE=getMsg HTTP/1.1" 200 27
222.70.183.206 - - [24/Oct/2022:10:19:15 +0800] "GET /xingrg/kc/report/report_main.html HTTP/1.1" 200 7340
222.70.183.206 - - [24/Oct/2022:10:19:17 +0800] "GET /xingrg/all/report/report_query.html?fileName=kc/base/rk_by_base.xml&rh=9999 HTTP/1.1" 200 51953
222.70.183.206 - - [24/Oct/2022:10:19:17 +0800] "GET /xingrg/dwr/interface/AjaxReportQueryService.js HTTP/1.1" 200 13203
222.70.183.206 - - [24/Oct/2022:10:19:17 +0800] "GET /xingrg/dwr/util.js HTTP/1.1" 304 -
222.70.183.206 - - [24/Oct/2022:10:19:17 +0800] "GET /xingrg/dwr/engine.js HTTP/1.1" 200 43631
222.70.183.206 - - [24/Oct/2022:10:19:17 +0800] "POST /xingrg/dwr/call/plaincall/AjaxReportQueryService.getFixDate.dwr HTTP/1.1" 200 111
222.70.183.206 - - [24/Oct/2022:10:19:17 +0800] "POST /xingrg/all/common/load_tree.html?tree=materiel_sort_tree_json HTTP/1.1" 200 9500
222.70.183.206 - - [24/Oct/2022:10:19:18 +0800] "POST /xingrg/dwr/call/plaincall/AjaxReportQueryService.getInitString.dwr HTTP/1.1" 200 1002
221.239.141.151 - - [24/Oct/2022:10:19:20 +0800] "GET /xingrg/all/function/internal_message.html?_=1666577954318&CODE_STATE=getMsg HTTP/1.1" 200 27
116.238.139.35 - - [24/Oct/2022:10:19:22 +0800] "GET /xingrg/all/function/internal_message.html?_=1666577955992&CODE_STATE=getMsg HTTP/1.1" 200 27
180.169.147.146 - - [24/Oct/2022:10:19:22 +0800] "GET /xingrg/all/function/internal_message.html?_=1666577954617&CODE_STATE=getMsg HTTP/1.1" 200 27
222.69.192.207 - - [24/Oct/2022:10:19:27 +0800] "GET /xingrg/all/function/internal_message.html?_=1666577813881&CODE_STATE=getMsg HTTP/1.1" 200 27
114.83.223.130 - - [24/Oct/2022:10:19:29 +0800] "POST /xingrg/kc/buy/cgsh_list_operate.html HTTP/1.1" 200 5311
222.70.183.206 - - [24/Oct/2022:10:19:30 +0800] "POST /xingrg/dwr/call/plaincall/AjaxReportQueryService.refreshCache.dwr HTTP/1.1" 200 78
222.70.183.206 - - [24/Oct/2022:10:19:30 +0800] "POST /xingrg/all/report/load_report_page.html HTTP/1.1" 200 7419
222.70.183.206 - - [24/Oct/2022:10:19:30 +0800] "GET /xingrg/servlets/image?cache=0.670107755095521&image=px HTTP/1.1" 200 807
114.83.223.130 - - [24/Oct/2022:10:19:32 +0800] "POST /xingrg/kc/buy/cgsh_list_operate.html HTTP/1.1" 200 202
116.238.139.35 - - [24/Oct/2022:10:19:34 +0800] "GET /xingrg/all/function/internal_message.html?_=1666577905888&CODE_STATE=getMsg HTTP/1.1" 200 27
114.83.223.130 - - [24/Oct/2022:10:19:34 +0800] "GET /xingrg/kc/buy/cgsh_order_info.html?code=212022102307274 HTTP/1.1" 200 64098
114.83.223.130 - - [24/Oct/2022:10:19:34 +0800] "GET /xingrg/javascript/easyui/themes/default/validatebox.css HTTP/1.1" 404 1104
114.88.159.190 - - [24/Oct/2022:10:19:34 +0800] "GET /xingrg/kc/buy/buy_main.html HTTP/1.1" 200 12412
114.88.159.190 - - [24/Oct/2022:10:19:34 +0800] "GET /xingrg/css/new_ie.css HTTP/1.1" 404 1036
114.88.159.190 - - [24/Oct/2022:10:19:35 +0800] "GET /xingrg/images/yd/bt.gif HTTP/1.1" 404 1040
114.88.159.190 - - [24/Oct/2022:10:19:35 +0800] "GET /xingrg/kc/buy/cgsh_order_list.html HTTP/1.1" 200 53328
114.83.223.130 - - [24/Oct/2022:10:19:36 +0800] "POST /xingrg/kc/buy/cgsh_order_operate.html HTTP/1.1" 200 611
114.83.223.130 - - [24/Oct/2022:10:19:37 +0800] "GET /xingrg/kc/print/load_data.html?order_code=212022102307274&kc_code=cgsh&condition= HTTP/1.1" 200 778
114.88.159.190 - - [24/Oct/2022:10:19:37 +0800] "POST /xingrg/kc/buy/cgsh_list_operate.html HTTP/1.1" 200 986
114.83.223.130 - - [24/Oct/2022:10:19:38 +0800] "POST /xingrg/kc/buy/cgsh_list_operate.html HTTP/1.1" 200 5311
61.170.232.44 - - [24/Oct/2022:10:19:39 +0800] "GET /xingrg/all/function/internal_message.html?_=1666577972002&CODE_STATE=getMsg HTTP/1.1" 200 27
222.70.183.206 - - [24/Oct/2022:10:19:39 +0800] "GET /xingrg/check_reg.html?_=1666577973098 HTTP/1.1" 200 22
222.70.183.206 - - [24/Oct/2022:10:19:39 +0800] "GET /xingrg/all/function/internal_message.html?_=1666577973100&CODE_STATE=getMsg HTTP/1.1" 200 27
180.169.147.146 - - [24/Oct/2022:10:19:42 +0800] "GET /xingrg/all/function/internal_message.html?_=1666577975775&CODE_STATE=getMsg HTTP/1.1" 200 27
61.170.232.44 - - [24/Oct/2022:10:19:44 +0800] "GET /xingrg/kc/buy/cgsh_order_operate.html?command=get_materiel&rest_code=00106&code=00101008213&supplier_code=00100007&order_time=2022-10-24 HTTP/1.1" 200 412
101.85.93.18 - - [24/Oct/2022:10:19:45 +0800] "GET /xingrg/all/function/internal_message.html?_=1666577978620&CODE_STATE=getMsg HTTP/1.1" 200 27
114.84.81.136 - - [24/Oct/2022:10:19:49 +0800] "GET /xingrg/all/function/internal_message.html?_=1666577984092&CODE_STATE=getMsg HTTP/1.1" 200 27
114.83.223.130 - - [24/Oct/2022:10:19:50 +0800] "GET /xingrg/all/function/internal_message.html?_=1666577983223&CODE_STATE=getMsg HTTP/1.1" 200 27
180.169.147.146 - - [24/Oct/2022:10:19:53 +0800] "GET /xingrg/all/function/internal_message.html?_=1666577986700&CODE_STATE=getMsg HTTP/1.1" 200 27
114.88.159.190 - - [24/Oct/2022:10:19:54 +0800] "GET /xingrg/kc/buy/cgsh_order_add.html HTTP/1.1" 200 69103
114.88.159.190 - - [24/Oct/2022:10:19:54 +0800] "GET /xingrg/words/20221023141509_words.js HTTP/1.1" 304 -
61.170.232.44 - - [24/Oct/2022:10:19:54 +0800] "GET /xingrg/kc/buy/cgsh_order_operate.html?command=get_materiel&rest_code=00106&code=00101011010&supplier_code=00100007&order_time=2022-10-24 HTTP/1.1" 200 418
114.88.159.190 - - [24/Oct/2022:10:19:54 +0800] "POST /xingrg/kc/buy/cgsh_order_operate.html HTTP/1.1" 200 8245
114.88.159.190 - - [24/Oct/2022:10:19:54 +0800] "GET /xingrg/all/common/auto_word.html?type=employee&rest_code=00141 HTTP/1.1" 200 201
114.88.159.190 - - [24/Oct/2022:10:19:54 +0800] "GET /xingrg/all/common/auto_word.html?type=employee&rest_code=00141 HTTP/1.1" 200 201
114.88.159.190 - - [24/Oct/2022:10:19:54 +0800] "GET /xingrg/javascript/easyui/themes/default/validatebox.css HTTP/1.1" 404 1104
116.230.114.213 - - [24/Oct/2022:10:19:57 +0800] "GET /xingrg/check_reg.html?_=1666577996846 HTTP/1.1" 200 22
116.230.105.139 - - [24/Oct/2022:10:19:57 +0800] "GET /xingrg/all/function/internal_message.html?_=1666577957149&CODE_STATE=getMsg HTTP/1.1" 200 27
114.88.159.190 - - [24/Oct/2022:10:19:59 +0800] "GET /xingrg/javascript/jquery_tools/images/next.gif HTTP/1.1" 404 1086
114.88.159.190 - - [24/Oct/2022:10:19:59 +0800] "GET /xingrg/javascript/jquery_tools/images/prev.gif HTTP/1.1" 404 1086
120.253.135.82 - - [24/Oct/2022:10:20:01 +0800] "GET /xingrg/all/function/internal_message.html?_=1666578099634&CODE_STATE=getMsg HTTP/1.1" 200 27
114.83.223.130 - - [24/Oct/2022:10:20:02 +0800] "POST /xingrg/kc/buy/cgsh_list_operate.html HTTP/1.1" 200 5311
116.238.139.35 - - [24/Oct/2022:10:20:02 +0800] "GET /xingrg/kc/base/yddb_order_list.html HTTP/1.1" 200 16754
116.238.139.35 - - [24/Oct/2022:10:20:03 +0800] "POST /xingrg/kc/base/yddb_list_operate.html HTTP/1.1" 200 636
124.79.243.136 - - [24/Oct/2022:10:20:04 +0800] "GET /xingrg/all/function/internal_message.html?_=1666578205486&CODE_STATE=getMsg HTTP/1.1" 200 27
222.70.183.206 - - [24/Oct/2022:10:20:05 +0800] "GET /xingrg/login.html HTTP/1.1" 200 7641
61.170.232.44 - - [24/Oct/2022:10:20:05 +0800] "GET /xingrg/kc/buy/cgsh_order_operate.html?command=get_materiel&rest_code=00106&code=00101008224&supplier_code=00100007&order_time=2022-10-24 HTTP/1.1" 200 416
116.238.139.35 - - [24/Oct/2022:10:20:06 +0800] "GET /xingrg/javascript/jquery_tools/images/prev.gif HTTP/1.1" 404 1086
116.238.139.35 - - [24/Oct/2022:10:20:06 +0800] "GET /xingrg/javascript/jquery_tools/images/next.gif HTTP/1.1" 404 1086
114.83.223.130 - - [24/Oct/2022:10:20:06 +0800] "POST /xingrg/kc/buy/cgsh_list_operate.html HTTP/1.1" 200 208
222.70.183.206 - - [24/Oct/2022:10:20:06 +0800] "GET /favicon.ico HTTP/1.1" 404 -
114.83.223.130 - - [24/Oct/2022:10:20:07 +0800] "GET /xingrg/kc/buy/cgsh_order_info.html?code=212022102307273 HTTP/1.1" 200 64098
114.83.223.130 - - [24/Oct/2022:10:20:07 +0800] "GET /xingrg/javascript/easyui/themes/default/validatebox.css HTTP/1.1" 404 1104
61.170.232.44 - - [24/Oct/2022:10:20:08 +0800] "POST /xingrg/kc/buy/cgsh_order_operate.html HTTP/1.1" 200 2065
116.230.114.213 - - [24/Oct/2022:10:20:08 +0800] "GET /xingrg/all/function/internal_message.html?_=1666578007434&CODE_STATE=getMsg HTTP/1.1" 200 27
114.83.223.130 - - [24/Oct/2022:10:20:09 +0800] "POST /xingrg/kc/buy/cgsh_order_operate.html HTTP/1.1" 200 621
180.169.147.146 - - [24/Oct/2022:10:20:10 +0800] "GET /xingrg/all/function/internal_message.html?_=1666578003852&CODE_STATE=getMsg HTTP/1.1" 200 27
114.83.223.130 - - [24/Oct/2022:10:20:10 +0800] "GET /xingrg/kc/print/load_data.html?order_code=212022102307273&kc_code=cgsh&condition= HTTP/1.1" 200 729
114.83.223.130 - - [24/Oct/2022:10:20:11 +0800] "POST /xingrg/kc/buy/cgsh_list_operate.html HTTP/1.1" 200 5311
120.253.135.82 - - [24/Oct/2022:10:20:11 +0800] "GET /xingrg/all/function/internal_message.html?_=1666577801635&CODE_STATE=getMsg HTTP/1.1" 200 27
116.238.139.35 - - [24/Oct/2022:10:20:14 +0800] "POST /xingrg/kc/base/yddb_list_operate.html HTTP/1.1" 200 4092
116.238.139.35 - - [24/Oct/2022:10:20:16 +0800] "POST /xingrg/kc/base/yddb_list_operate.html HTTP/1.1" 200 201
116.238.139.35 - - [24/Oct/2022:10:20:18 +0800] "GET /xingrg/kc/base/yddb_order_info.html?code=482022101900101 HTTP/1.1" 200 31283
116.238.139.35 - - [24/Oct/2022:10:20:18 +0800] "GET /xingrg/dwr/interface/AjaxComOrderService.js HTTP/1.1" 200 18264
116.238.139.35 - - [24/Oct/2022:10:20:18 +0800] "GET /xingrg/dwr/interface/AjaxYddbService.js HTTP/1.1" 200 13201
116.238.139.35 - - [24/Oct/2022:10:20:18 +0800] "GET /xingrg/dwr/engine.js HTTP/1.1" 200 43631
116.238.139.35 - - [24/Oct/2022:10:20:18 +0800] "POST /xingrg/dwr/call/plaincall/AjaxYddbService.loadMaterielItems.dwr HTTP/1.1" 200 389
221.239.141.151 - - [24/Oct/2022:10:20:20 +0800] "GET /xingrg/all/function/internal_message.html?_=1666578014301&CODE_STATE=getMsg HTTP/1.1" 200 27
61.170.232.44 - - [24/Oct/2022:10:20:21 +0800] "GET /xingrg/kc/buy/cgsh_order_operate.html?command=get_materiel&rest_code=00106&code=00101008027&supplier_code=00100007&order_time=2022-10-24 HTTP/1.1" 200 408
114.88.159.190 - - [24/Oct/2022:10:20:21 +0800] "GET /xingrg/kc/buy/cgsh_order_operate.html?command=get_materiel&rest_code=00141&code=00101015022&supplier_code=00100055&order_time=2022-10-24 HTTP/1.1" 200 408
222.70.183.206 - - [24/Oct/2022:10:20:21 +0800] "POST /xingrg/login.do HTTP/1.1" 302 -
222.70.183.206 - - [24/Oct/2022:10:20:21 +0800] "GET /xingrg/index.html?sysBaseUrl=http%3A%2F%2F180.169.147.146%3A18081%2Fxingrg%2F&costTime=44×tamp=1666578021684 HTTP/1.1" 200 17173
222.70.183.206 - - [24/Oct/2022:10:20:21 +0800] "GET /favicon.ico HTTP/1.1" 404 -
222.70.183.206 - - [24/Oct/2022:10:20:21 +0800] "POST /xingrg/all/common/load_tree.html?tree=area_rest_tree_json&manage=1 HTTP/1.1" 200 342
222.70.183.206 - - [24/Oct/2022:10:20:21 +0800] "GET /xingrg/all/function/internal_message.html?_=1666578015530&CODE_STATE=count HTTP/1.1" 200 11
222.70.183.206 - - [24/Oct/2022:10:20:21 +0800] "GET /xingrg/check_reg.html?_=1666578015531 HTTP/1.1" 200 22
222.70.183.206 - - [24/Oct/2022:10:20:22 +0800] "POST /xingrg/load_menu.html HTTP/1.1" 200 5138
116.238.139.35 - - [24/Oct/2022:10:20:22 +0800] "GET /xingrg/all/function/internal_message.html?_=1666578016002&CODE_STATE=getMsg HTTP/1.1" 200 27
180.169.147.146 - - [24/Oct/2022:10:20:22 +0800] "GET /xingrg/all/function/internal_message.html?_=1666578014616&CODE_STATE=getMsg HTTP/1.1" 200 27
222.69.192.207 - - [24/Oct/2022:10:20:27 +0800] "GET /xingrg/all/function/internal_message.html?_=1666577873890&CODE_STATE=getMsg HTTP/1.1" 200 27
61.170.232.44 - - [24/Oct/2022:10:20:32 +0800] "GET /xingrg/kc/buy/cgsh_order_operate.html?command=get_materiel&rest_code=00106&code=00101009155&supplier_code=00100007&order_time=2022-10-24 HTTP/1.1" 200 403
222.70.183.206 - - [24/Oct/2022:10:20:33 +0800] "GET /xingrg/kc/buy/cgsh_order_list.html HTTP/1.1" 200 53322
114.88.159.190 - - [24/Oct/2022:10:20:33 +0800] "GET /xingrg/kc/buy/cgsh_order_operate.html?command=get_materiel&rest_code=00141&code=00101015001&supplier_code=00100055&order_time=2022-10-24 HTTP/1.1" 200 412
116.238.139.35 - - [24/Oct/2022:10:20:34 +0800] "GET /xingrg/all/function/internal_message.html?_=1666577965904&CODE_STATE=getMsg HTTP/1.1" 200 27
222.70.183.206 - - [24/Oct/2022:10:20:37 +0800] "POST /xingrg/kc/buy/cgsh_list_operate.html HTTP/1.1" 200 3122
61.170.232.44 - - [24/Oct/2022:10:20:39 +0800] "GET /xingrg/all/function/internal_message.html?_=1666578031985&CODE_STATE=getMsg HTTP/1.1" 200 27
114.83.223.130 - - [24/Oct/2022:10:20:40 +0800] "POST /xingrg/kc/buy/cgsh_list_operate.html HTTP/1.1" 200 5311
222.70.183.206 - - [24/Oct/2022:10:20:41 +0800] "GET /xingrg/kc/buy/cgsh_order_add.html HTTP/1.1" 200 69059
222.70.183.206 - - [24/Oct/2022:10:20:41 +0800] "GET /xingrg/all/common/auto_word.html?type=employee&rest_code=00111 HTTP/1.1" 200 155
222.70.183.206 - - [24/Oct/2022:10:20:41 +0800] "GET /xingrg/all/common/auto_word.html?type=employee&rest_code=00111 HTTP/1.1" 200 155
222.70.183.206 - - [24/Oct/2022:10:20:41 +0800] "GET /xingrg/javascript/easyui/themes/default/validatebox.css HTTP/1.1" 404 1104
222.70.183.206 - - [24/Oct/2022:10:20:41 +0800] "POST /xingrg/kc/buy/cgsh_order_operate.html HTTP/1.1" 200 8245
180.169.147.146 - - [24/Oct/2022:10:20:42 +0800] "GET /xingrg/all/function/internal_message.html?_=1666578035760&CODE_STATE=getMsg HTTP/1.1" 200 27
114.88.159.190 - - [24/Oct/2022:10:20:43 +0800] "GET /xingrg/kc/buy/cgsh_order_operate.html?command=get_materiel&rest_code=00141&code=00101015021&supplier_code=00100055&order_time=2022-10-24 HTTP/1.1" 200 408
101.85.93.18 - - [24/Oct/2022:10:20:45 +0800] "GET /xingrg/check_reg.html?_=1666578038624 HTTP/1.1" 200 22
101.85.93.18 - - [24/Oct/2022:10:20:45 +0800] "GET /xingrg/all/function/internal_message.html?_=1666578038625&CODE_STATE=getMsg HTTP/1.1" 200 27
114.83.223.130 - - [24/Oct/2022:10:20:45 +0800] "POST /xingrg/kc/buy/cgsh_list_operate.html HTTP/1.1" 200 6197
114.83.223.130 - - [24/Oct/2022:10:20:48 +0800] "POST /xingrg/kc/buy/cgsh_list_operate.html HTTP/1.1" 200 351
114.84.81.136 - - [24/Oct/2022:10:20:49 +0800] "GET /xingrg/all/function/internal_message.html?_=1666578044093&CODE_STATE=getMsg HTTP/1.1" 200 27
114.83.223.130 - - [24/Oct/2022:10:20:49 +0800] "GET /xingrg/kc/buy/cgsh_order_info.html?code=212022102307272 HTTP/1.1" 200 64096
114.83.223.130 - - [24/Oct/2022:10:20:50 +0800] "POST /xingrg/kc/buy/cgsh_order_operate.html HTTP/1.1" 200 1809
114.83.223.130 - - [24/Oct/2022:10:20:50 +0800] "GET /xingrg/all/function/internal_message.html?_=1666578043205&CODE_STATE=getMsg HTTP/1.1" 200 27
114.83.223.130 - - [24/Oct/2022:10:20:51 +0800] "POST /xingrg/kc/buy/cgsh_list_operate.html HTTP/1.1" 200 6197
114.83.223.130 - - [24/Oct/2022:10:20:52 +0800] "GET /xingrg/javascript/easyui/themes/default/validatebox.css HTTP/1.1" 404 1104
180.169.147.146 - - [24/Oct/2022:10:20:53 +0800] "GET /xingrg/all/function/internal_message.html?_=1666578046703&CODE_STATE=getMsg HTTP/1.1" 200 27
114.83.223.130 - - [24/Oct/2022:10:20:53 +0800] "GET /xingrg/kc/print/load_data.html?order_code=212022102307272&kc_code=cgsh&condition= HTTP/1.1" 200 1181
61.170.232.44 - - [24/Oct/2022:10:20:53 +0800] "GET /xingrg/kc/buy/cgsh_order_operate.html?command=get_materiel&rest_code=00106&code=00101008370&supplier_code=00100007&order_time=2022-10-24 HTTP/1.1" 200 412
116.230.105.139 - - [24/Oct/2022:10:20:57 +0800] "GET /xingrg/all/function/internal_message.html?_=1666578017140&CODE_STATE=getMsg HTTP/1.1" 200 27
114.83.223.130 - - [24/Oct/2022:10:20:59 +0800] "POST /xingrg/kc/buy/cgsh_list_operate.html HTTP/1.1" 200 6197
120.253.135.82 - - [24/Oct/2022:10:21:01 +0800] "GET /xingrg/all/function/internal_message.html?_=1666578160047&CODE_STATE=getMsg HTTP/1.1" 200 27
124.79.243.136 - - [24/Oct/2022:10:21:04 +0800] "GET /xingrg/check_reg.html?_=1666578265482 HTTP/1.1" 200 22
124.79.243.136 - - [24/Oct/2022:10:21:04 +0800] "GET /xingrg/all/function/internal_message.html?_=1666578265483&CODE_STATE=getMsg HTTP/1.1" 200 27
114.88.159.190 - - [24/Oct/2022:10:21:06 +0800] "GET /xingrg/kc/buy/cgsh_order_operate.html?command=get_materiel&rest_code=00141&code=00101031012&supplier_code=00100055&order_time=2022-10-24 HTTP/1.1" 200 417
114.83.223.130 - - [24/Oct/2022:10:21:07 +0800] "POST /xingrg/kc/buy/cgsh_list_operate.html HTTP/1.1" 200 280
116.230.114.213 - - [24/Oct/2022:10:21:08 +0800] "GET /xingrg/all/function/internal_message.html?_=1666578067447&CODE_STATE=getMsg HTTP/1.1" 200 27
114.83.223.130 - - [24/Oct/2022:10:21:08 +0800] "GET /xingrg/kc/buy/cgsh_order_info.html?code=212022102307271 HTTP/1.1" 200 64096
114.83.223.130 - - [24/Oct/2022:10:21:08 +0800] "GET /xingrg/javascript/easyui/themes/default/validatebox.css HTTP/1.1" 404 1104
114.83.223.130 - - [24/Oct/2022:10:21:09 +0800] "POST /xingrg/kc/buy/cgsh_order_operate.html HTTP/1.1" 200 1205
180.169.147.146 - - [24/Oct/2022:10:21:10 +0800] "GET /xingrg/all/function/internal_message.html?_=1666578063853&CODE_STATE=getMsg HTTP/1.1" 200 27
114.83.223.130 - - [24/Oct/2022:10:21:10 +0800] "POST /xingrg/kc/buy/cgsh_list_operate.html HTTP/1.1" 200 6197
120.253.135.82 - - [24/Oct/2022:10:21:11 +0800] "GET /xingrg/all/function/internal_message.html?_=1666577861648&CODE_STATE=getMsg HTTP/1.1" 200 27
61.170.232.44 - - [24/Oct/2022:10:21:13 +0800] "GET /xingrg/kc/buy/cgsh_order_operate.html?command=get_materiel&rest_code=00106&code=00101008131&supplier_code=00100007&order_time=2022-10-24 HTTP/1.1" 200 408
114.83.223.130 - - [24/Oct/2022:10:21:14 +0800] "GET /xingrg/kc/print/load_data.html?order_code=212022102307271&kc_code=cgsh&condition= HTTP/1.1" 200 934
61.170.232.44 - - [24/Oct/2022:10:21:15 +0800] "POST /xingrg/kc/buy/cgsh_order_operate.html HTTP/1.1" 200 2065
221.239.141.151 - - [24/Oct/2022:10:21:20 +0800] "GET /xingrg/all/function/internal_message.html?_=1666578074278&CODE_STATE=getMsg HTTP/1.1" 200 27
222.70.183.206 - - [24/Oct/2022:10:21:21 +0800] "GET /xingrg/all/function/internal_message.html?_=1666578075534&CODE_STATE=getMsg HTTP/1.1" 200 27
116.238.139.35 - - [24/Oct/2022:10:21:22 +0800] "GET /xingrg/check_reg.html?_=1666578075999 HTTP/1.1" 200 22
116.238.139.35 - - [24/Oct/2022:10:21:22 +0800] "GET /xingrg/all/function/internal_message.html?_=1666578076002&CODE_STATE=getMsg HTTP/1.1" 200 27
180.169.147.146 - - [24/Oct/2022:10:21:22 +0800] "GET /xingrg/all/function/internal_message.html?_=1666578074619&CODE_STATE=getMsg HTTP/1.1" 200 27
180.169.147.146 - - [24/Oct/2022:10:21:22 +0800] "GET /xingrg/check_reg.html?_=1666578074623 HTTP/1.1" 200 22
61.170.232.44 - - [24/Oct/2022:10:21:22 +0800] "GET /xingrg/kc/buy/cgsh_order_operate.html?command=get_materiel&rest_code=00106&code=00101008295&supplier_code=00100007&order_time=2022-10-24 HTTP/1.1" 200 412
114.83.223.130 - - [24/Oct/2022:10:21:26 +0800] "POST /xingrg/kc/buy/cgsh_list_operate.html HTTP/1.1" 200 6197
222.69.192.207 - - [24/Oct/2022:10:21:27 +0800] "GET /xingrg/all/function/internal_message.html?_=1666577933879&CODE_STATE=getMsg HTTP/1.1" 200 27
114.83.223.130 - - [24/Oct/2022:10:21:28 +0800] "POST /xingrg/kc/buy/cgsh_list_operate.html HTTP/1.1" 200 205
114.83.223.130 - - [24/Oct/2022:10:21:29 +0800] "GET /xingrg/kc/buy/cgsh_order_info.html?code=212022102307270 HTTP/1.1" 200 64096
114.83.223.130 - - [24/Oct/2022:10:21:29 +0800] "GET /xingrg/javascript/easyui/themes/default/validatebox.css HTTP/1.1" 404 1104
114.83.223.130 - - [24/Oct/2022:10:21:30 +0800] "POST /xingrg/kc/buy/cgsh_order_operate.html HTTP/1.1" 200 612
61.170.232.44 - - [24/Oct/2022:10:21:31 +0800] "GET /xingrg/kc/buy/cgsh_order_operate.html?command=get_materiel&rest_code=00106&code=00101008330&supplier_code=00100007&order_time=2022-10-24 HTTP/1.1" 200 408
114.83.223.130 - - [24/Oct/2022:10:21:31 +0800] "GET /xingrg/kc/print/load_data.html?order_code=212022102307270&kc_code=cgsh&condition= HTTP/1.1" 200 707
114.83.223.130 - - [24/Oct/2022:10:21:31 +0800] "POST /xingrg/kc/buy/cgsh_list_operate.html HTTP/1.1" 200 6197
116.238.139.35 - - [24/Oct/2022:10:21:34 +0800] "GET /xingrg/all/function/internal_message.html?_=1666578025915&CODE_STATE=getMsg HTTP/1.1" 200 27
61.170.232.44 - - [24/Oct/2022:10:21:39 +0800] "GET /xingrg/all/function/internal_message.html?_=1666578092041&CODE_STATE=getMsg HTTP/1.1" 200 27
61.170.232.44 - - [24/Oct/2022:10:21:40 +0800] "GET /xingrg/kc/buy/cgsh_order_operate.html?command=get_materiel&rest_code=00106&code=00101008403&supplier_code=00100007&order_time=2022-10-24 HTTP/1.1" 200 412
180.169.147.146 - - [24/Oct/2022:10:21:42 +0800] "GET /xingrg/all/function/internal_message.html?_=1666578095750&CODE_STATE=getMsg HTTP/1.1" 200 27
114.88.159.190 - - [24/Oct/2022:10:21:43 +0800] "POST /xingrg/kc/buy/cgsh_order_operate.html HTTP/1.1" 200 37
101.85.93.18 - - [24/Oct/2022:10:21:45 +0800] "GET /xingrg/all/function/internal_message.html?_=1666578098608&CODE_STATE=getMsg HTTP/1.1" 200 27
61.170.232.44 - - [24/Oct/2022:10:21:47 +0800] "POST /xingrg/kc/buy/cgsh_order_operate.html HTTP/1.1" 200 37
114.84.81.136 - - [24/Oct/2022:10:21:49 +0800] "GET /xingrg/all/function/internal_message.html?_=1666578104089&CODE_STATE=getMsg HTTP/1.1" 200 27
114.84.81.136 - - [24/Oct/2022:10:21:49 +0800] "GET /xingrg/check_reg.html?_=1666578104091 HTTP/1.1" 200 22
114.88.159.190 - - [24/Oct/2022:10:21:49 +0800] "POST /xingrg/kc/buy/cgsh_order_operate.html HTTP/1.1" 200 12
114.83.223.130 - - [24/Oct/2022:10:21:50 +0800] "GET /xingrg/all/function/internal_message.html?_=1666578103190&CODE_STATE=getMsg HTTP/1.1" 200 27
114.83.223.130 - - [24/Oct/2022:10:21:51 +0800] "GET /xingrg/check_reg.html?_=1666578103508 HTTP/1.1" 200 22
180.169.147.146 - - [24/Oct/2022:10:21:53 +0800] "GET /xingrg/all/function/internal_message.html?_=1666578106703&CODE_STATE=getMsg HTTP/1.1" 200 27
180.169.147.146 - - [24/Oct/2022:10:21:53 +0800] "GET /xingrg/check_reg.html?_=1666578106705 HTTP/1.1" 200 22
116.230.105.139 - - [24/Oct/2022:10:21:57 +0800] "GET /xingrg/all/function/internal_message.html?_=1666578077125&CODE_STATE=getMsg HTTP/1.1" 200 27
120.253.135.82 - - [24/Oct/2022:10:22:01 +0800] "GET /xingrg/all/function/internal_message.html?_=1666578220051&CODE_STATE=getMsg HTTP/1.1" 200 27
114.88.159.190 - - [24/Oct/2022:10:22:01 +0800] "GET /xingrg/kc/buy/cgsh_order_info.html?code=212022102407307 HTTP/1.1" 200 64006
114.88.159.190 - - [24/Oct/2022:10:22:02 +0800] "GET /xingrg/javascript/easyui/themes/default/validatebox.css HTTP/1.1" 404 1104
114.88.159.190 - - [24/Oct/2022:10:22:03 +0800] "POST /xingrg/kc/buy/cgsh_order_operate.html HTTP/1.1" 200 2385
124.79.243.136 - - [24/Oct/2022:10:22:04 +0800] "GET /xingrg/all/function/internal_message.html?_=1666578325493&CODE_STATE=getMsg HTTP/1.1" 200 27
114.88.159.190 - - [24/Oct/2022:10:22:05 +0800] "GET /xingrg/kc/print/load_config.html?kc_code=cgsh HTTP/1.1" 200 1943
114.88.159.190 - - [24/Oct/2022:10:22:05 +0800] "GET /xingrg/kc/print/load_data.html?order_code=212022102407307&kc_code=cgsh&condition= HTTP/1.1" 200 1431
116.230.114.213 - - [24/Oct/2022:10:22:08 +0800] "GET /xingrg/all/function/internal_message.html?_=1666578127507&CODE_STATE=getMsg HTTP/1.1" 200 27
114.88.159.190 - - [24/Oct/2022:10:22:09 +0800] "GET /xingrg/kc/buy/cgsh_order_add.html HTTP/1.1" 200 69103
114.88.159.190 - - [24/Oct/2022:10:22:10 +0800] "POST /xingrg/kc/buy/cgsh_order_operate.html HTTP/1.1" 200 8245
114.88.159.190 - - [24/Oct/2022:10:22:10 +0800] "GET /xingrg/javascript/easyui/themes/default/validatebox.css HTTP/1.1" 404 1104
180.169.147.146 - - [24/Oct/2022:10:22:10 +0800] "GET /xingrg/check_reg.html?_=1666578123851 HTTP/1.1" 200 22
180.169.147.146 - - [24/Oct/2022:10:22:10 +0800] "GET /xingrg/all/function/internal_message.html?_=1666578123853&CODE_STATE=getMsg HTTP/1.1" 200 27
120.253.135.82 - - [24/Oct/2022:10:22:11 +0800] "GET /xingrg/all/function/internal_message.html?_=1666577921663&CODE_STATE=getMsg HTTP/1.1" 200 27
114.83.223.130 - - [24/Oct/2022:10:22:14 +0800] "POST /xingrg/kc/buy/cgsh_list_operate.html HTTP/1.1" 200 6197
114.83.223.130 - - [24/Oct/2022:10:22:16 +0800] "POST /xingrg/kc/buy/cgsh_list_operate.html HTTP/1.1" 200 351
114.83.223.130 - - [24/Oct/2022:10:22:18 +0800] "GET /xingrg/kc/buy/cgsh_order_info.html?code=212022102307269 HTTP/1.1" 200 64098
114.83.223.130 - - [24/Oct/2022:10:22:18 +0800] "GET /xingrg/javascript/easyui/themes/default/validatebox.css HTTP/1.1" 404 1104
114.83.223.130 - - [24/Oct/2022:10:22:19 +0800] "POST /xingrg/kc/buy/cgsh_order_operate.html HTTP/1.1" 200 1806
221.239.141.151 - - [24/Oct/2022:10:22:20 +0800] "GET /xingrg/all/function/internal_message.html?_=1666578134263&CODE_STATE=getMsg HTTP/1.1" 200 27
114.83.223.130 - - [24/Oct/2022:10:22:20 +0800] "GET /xingrg/kc/print/load_data.html?order_code=212022102307269&kc_code=cgsh&condition= HTTP/1.1" 200 1175
114.83.223.130 - - [24/Oct/2022:10:22:20 +0800] "POST /xingrg/kc/buy/cgsh_list_operate.html HTTP/1.1" 200 6197
114.88.159.190 - - [24/Oct/2022:10:22:21 +0800] "GET /xingrg/kc/buy/cgsh_order_operate.html?command=get_materiel&rest_code=00141&code=00101006055&supplier_code=00100012&order_time=2022-10-24 HTTP/1.1" 200 411
222.70.183.206 - - [24/Oct/2022:10:22:21 +0800] "GET /xingrg/all/function/internal_message.html?_=1666578135539&CODE_STATE=getMsg HTTP/1.1" 200 27
116.238.139.35 - - [24/Oct/2022:10:22:22 +0800] "GET /xingrg/all/function/internal_message.html?_=1666578135998&CODE_STATE=getMsg HTTP/1.1" 200 27
180.169.147.146 - - [24/Oct/2022:10:22:22 +0800] "GET /xingrg/all/function/internal_message.html?_=1666578134608&CODE_STATE=getMsg HTTP/1.1" 200 27
222.69.192.207 - - [24/Oct/2022:10:22:27 +0800] "GET /xingrg/all/function/internal_message.html?_=1666577993879&CODE_STATE=getMsg HTTP/1.1" 200 27
222.69.192.207 - - [24/Oct/2022:10:22:27 +0800] "GET /xingrg/check_reg.html?_=1666577993882 HTTP/1.1" 200 22
114.83.223.130 - - [24/Oct/2022:10:22:27 +0800] "POST /xingrg/kc/buy/cgsh_list_operate.html HTTP/1.1" 200 6197
116.238.139.35 - - [24/Oct/2022:10:22:33 +0800] "GET /xingrg/check_reg.html?_=1666578085499 HTTP/1.1" 200 22
116.238.139.35 - - [24/Oct/2022:10:22:34 +0800] "GET /xingrg/all/function/internal_message.html?_=1666578085929&CODE_STATE=getMsg HTTP/1.1" 200 27
114.83.223.130 - - [24/Oct/2022:10:22:36 +0800] "POST /xingrg/kc/buy/cgsh_list_operate.html HTTP/1.1" 200 208
114.88.159.190 - - [24/Oct/2022:10:22:36 +0800] "GET /xingrg/kc/buy/cgsh_order_operate.html?command=get_materiel&rest_code=00141&code=00101006129&supplier_code=00100012&order_time=2022-10-24 HTTP/1.1" 200 452
58.221.95.50 - - [24/Oct/2022:10:22:38 +0800] "GET /xingrg/check_reg.html?_=1666578178461 HTTP/1.1" 302 -
180.169.147.146 - - [24/Oct/2022:10:22:40 +0800] "GET /xingrg/check_reg.html?_=1666578153154 HTTP/1.1" 200 22
114.83.223.130 - - [24/Oct/2022:10:22:40 +0800] "GET /xingrg/kc/buy/cgsh_order_info.html?code=212022102307268 HTTP/1.1" 200 64086
114.83.223.130 - - [24/Oct/2022:10:22:40 +0800] "GET /xingrg/javascript/easyui/themes/default/validatebox.css HTTP/1.1" 404 1104
114.83.223.130 - - [24/Oct/2022:10:22:41 +0800] "POST /xingrg/kc/buy/cgsh_order_operate.html HTTP/1.1" 200 614
180.169.147.146 - - [24/Oct/2022:10:22:42 +0800] "GET /xingrg/all/function/internal_message.html?_=1666578155747&CODE_STATE=getMsg HTTP/1.1" 200 27
114.83.223.130 - - [24/Oct/2022:10:22:42 +0800] "POST /xingrg/kc/buy/cgsh_list_operate.html HTTP/1.1" 200 6197
101.85.93.18 - - [24/Oct/2022:10:22:45 +0800] "GET /xingrg/all/function/internal_message.html?_=1666578158606&CODE_STATE=getMsg HTTP/1.1" 200 27
114.83.223.130 - - [24/Oct/2022:10:22:45 +0800] "GET /xingrg/kc/print/load_data.html?order_code=212022102307268&kc_code=cgsh&condition= HTTP/1.1" 200 693
114.88.159.190 - - [24/Oct/2022:10:22:46 +0800] "GET /xingrg/kc/buy/cgsh_order_operate.html?command=get_materiel&rest_code=00141&code=00101006109&supplier_code=00100012&order_time=2022-10-24 HTTP/1.1" 200 409
114.84.81.136 - - [24/Oct/2022:10:22:49 +0800] "GET /xingrg/all/function/internal_message.html?_=1666578164092&CODE_STATE=getMsg HTTP/1.1" 200 27
114.83.223.130 - - [24/Oct/2022:10:22:50 +0800] "GET /xingrg/all/function/internal_message.html?_=1666578163173&CODE_STATE=getMsg HTTP/1.1" 200 27
114.83.223.130 - - [24/Oct/2022:10:22:52 +0800] "POST /xingrg/kc/buy/cgsh_list_operate.html HTTP/1.1" 200 6197
180.169.147.146 - - [24/Oct/2022:10:22:53 +0800] "GET /xingrg/all/function/internal_message.html?_=1666578166691&CODE_STATE=getMsg HTTP/1.1" 200 27
114.88.159.190 - - [24/Oct/2022:10:22:55 +0800] "GET /xingrg/kc/buy/cgsh_order_operate.html?command=get_materiel&rest_code=00141&code=00101006193&supplier_code=00100012&order_time=2022-10-24 HTTP/1.1" 200 411
116.230.105.139 - - [24/Oct/2022:10:22:57 +0800] "GET /xingrg/all/function/internal_message.html?_=1666578137096&CODE_STATE=getMsg HTTP/1.1" 200 27
114.83.223.130 - - [24/Oct/2022:10:23:00 +0800] "POST /xingrg/kc/buy/cgsh_list_operate.html HTTP/1.1" 200 349
114.83.223.130 - - [24/Oct/2022:10:23:01 +0800] "GET /xingrg/kc/buy/cgsh_order_info.html?code=212022102307267 HTTP/1.1" 200 64098
120.253.135.82 - - [24/Oct/2022:10:23:01 +0800] "GET /xingrg/all/function/internal_message.html?_=1666578280419&CODE_STATE=getMsg HTTP/1.1" 200 27
114.83.223.130 - - [24/Oct/2022:10:23:02 +0800] "GET /xingrg/javascript/easyui/themes/default/validatebox.css HTTP/1.1" 404 1104
114.83.223.130 - - [24/Oct/2022:10:23:02 +0800] "POST /xingrg/kc/buy/cgsh_order_operate.html HTTP/1.1" 200 1795
114.83.223.130 - - [24/Oct/2022:10:23:04 +0800] "GET /xingrg/kc/print/load_data.html?order_code=212022102307267&kc_code=cgsh&condition= HTTP/1.1" 200 1164
114.83.223.130 - - [24/Oct/2022:10:23:04 +0800] "POST /xingrg/kc/buy/cgsh_list_operate.html HTTP/1.1" 200 6197
124.79.243.136 - - [24/Oct/2022:10:23:04 +0800] "GET /xingrg/all/function/internal_message.html?_=1666578385489&CODE_STATE=getMsg HTTP/1.1" 200 27
116.230.114.213 - - [24/Oct/2022:10:23:08 +0800] "GET /xingrg/all/function/internal_message.html?_=1666578187522&CODE_STATE=getMsg HTTP/1.1" 200 27
61.170.232.44 - - [24/Oct/2022:10:23:09 +0800] "GET /xingrg/all/function/internal_message.html?_=1666578182307&CODE_STATE=getMsg HTTP/1.1" 200 27
180.169.147.146 - - [24/Oct/2022:10:23:10 +0800] "GET /xingrg/all/function/internal_message.html?_=1666578183853&CODE_STATE=getMsg HTTP/1.1" 200 27
61.170.232.44 - - [24/Oct/2022:10:23:10 +0800] "POST /xingrg/kc/buy/cgsh_order_operate.html HTTP/1.1" 200 18035
120.253.135.82 - - [24/Oct/2022:10:23:11 +0800] "GET /xingrg/check_reg.html?_=1666577981555 HTTP/1.1" 200 22
120.253.135.82 - - [24/Oct/2022:10:23:11 +0800] "GET /xingrg/all/function/internal_message.html?_=1666577981676&CODE_STATE=getMsg HTTP/1.1" 200 27
114.83.223.130 - - [24/Oct/2022:10:23:16 +0800] "POST /xingrg/kc/buy/cgsh_list_operate.html HTTP/1.1" 200 6197
221.239.141.151 - - [24/Oct/2022:10:23:19 +0800] "GET /xingrg/check_reg.html?_=1666578193771 HTTP/1.1" 200 22
221.239.141.151 - - [24/Oct/2022:10:23:20 +0800] "GET /xingrg/all/function/internal_message.html?_=1666578194249&CODE_STATE=getMsg HTTP/1.1" 200 27
114.88.159.190 - - [24/Oct/2022:10:23:21 +0800] "POST /xingrg/kc/buy/cgsh_order_operate.html HTTP/1.1" 200 37
222.70.183.206 - - [24/Oct/2022:10:23:21 +0800] "GET /xingrg/all/function/internal_message.html?_=1666578195536&CODE_STATE=getMsg HTTP/1.1" 200 27
116.238.139.35 - - [24/Oct/2022:10:23:22 +0800] "GET /xingrg/all/function/internal_message.html?_=1666578196003&CODE_STATE=getMsg HTTP/1.1" 200 27
180.169.147.146 - - [24/Oct/2022:10:23:22 +0800] "GET /xingrg/all/function/internal_message.html?_=1666578194606&CODE_STATE=getMsg HTTP/1.1" 200 27
114.88.159.190 - - [24/Oct/2022:10:23:25 +0800] "POST /xingrg/kc/buy/cgsh_order_operate.html HTTP/1.1" 200 12
114.88.159.190 - - [24/Oct/2022:10:23:27 +0800] "GET /xingrg/kc/buy/cgsh_order_info.html?code=212022102407309 HTTP/1.1" 200 64006
114.88.159.190 - - [24/Oct/2022:10:23:27 +0800] "GET /xingrg/javascript/easyui/themes/default/validatebox.css HTTP/1.1" 404 1104
222.69.192.207 - - [24/Oct/2022:10:23:27 +0800] "GET /xingrg/all/function/internal_message.html?_=1666578053870&CODE_STATE=getMsg HTTP/1.1" 200 27
114.88.159.190 - - [24/Oct/2022:10:23:28 +0800] "POST /xingrg/kc/buy/cgsh_order_operate.html HTTP/1.1" 200 2394
114.88.159.190 - - [24/Oct/2022:10:23:29 +0800] "GET /xingrg/kc/print/load_data.html?order_code=212022102407309&kc_code=cgsh&condition= HTTP/1.1" 200 1490
114.88.159.190 - - [24/Oct/2022:10:23:33 +0800] "GET /xingrg/kc/buy/cgsh_order_add.html HTTP/1.1" 200 69103
116.238.139.35 - - [24/Oct/2022:10:23:34 +0800] "GET /xingrg/all/function/internal_message.html?_=1666578145942&CODE_STATE=getMsg HTTP/1.1" 200 27
114.88.159.190 - - [24/Oct/2022:10:23:34 +0800] "POST /xingrg/kc/buy/cgsh_order_operate.html HTTP/1.1" 200 8245
114.88.159.190 - - [24/Oct/2022:10:23:34 +0800] "GET /xingrg/javascript/easyui/themes/default/validatebox.css HTTP/1.1" 404 1104
61.170.232.44 - - [24/Oct/2022:10:23:35 +0800] "GET /xingrg/kc/buy/cgsh_order_operate.html?command=get_materiel&rest_code=00106&code=00101008257&supplier_code=00100007&order_time=2022-10-24 HTTP/1.1" 200 416
61.170.232.44 - - [24/Oct/2022:10:23:39 +0800] "GET /xingrg/check_reg.html?_=1666578211732 HTTP/1.1" 200 22
180.169.147.146 - - [24/Oct/2022:10:23:42 +0800] "GET /xingrg/all/function/internal_message.html?_=1666578215740&CODE_STATE=getMsg HTTP/1.1" 200 27
101.85.93.18 - - [24/Oct/2022:10:23:45 +0800] "GET /xingrg/all/function/internal_message.html?_=1666578218622&CODE_STATE=getMsg HTTP/1.1" 200 27
61.170.232.44 - - [24/Oct/2022:10:23:46 +0800] "GET /xingrg/kc/buy/cgsh_order_operate.html?command=get_materiel&rest_code=00106&code=00101008223&supplier_code=00100007&order_time=2022-10-24 HTTP/1.1" 200 412
114.84.81.136 - - [24/Oct/2022:10:23:49 +0800] "GET /xingrg/all/function/internal_message.html?_=1666578224094&CODE_STATE=getMsg HTTP/1.1" 200 27
114.83.223.130 - - [24/Oct/2022:10:23:50 +0800] "GET /xingrg/all/function/internal_message.html?_=1666578223145&CODE_STATE=getMsg HTTP/1.1" 200 27
180.169.147.146 - - [24/Oct/2022:10:23:53 +0800] "GET /xingrg/all/function/internal_message.html?_=1666578226718&CODE_STATE=getMsg HTTP/1.1" 200 27
114.83.223.130 - - [24/Oct/2022:10:23:53 +0800] "POST /xingrg/kc/buy/cgsh_list_operate.html HTTP/1.1" 200 198
120.253.135.82 - - [24/Oct/2022:10:23:54 +0800] "GET /xingrg/check_reg.html?_=1666578333442 HTTP/1.1" 200 22
61.170.232.44 - - [24/Oct/2022:10:23:57 +0800] "GET /xingrg/kc/buy/cgsh_order_operate.html?command=get_materiel&rest_code=00106&code=00101008095&supplier_code=00100007&order_time=2022-10-24 HTTP/1.1" 200 412
114.83.223.130 - - [24/Oct/2022:10:23:57 +0800] "GET /xingrg/kc/buy/cgsh_order_info.html?code=212022102307266 HTTP/1.1" 200 64097
116.230.105.139 - - [24/Oct/2022:10:23:57 +0800] "GET /xingrg/check_reg.html?_=1666578196954 HTTP/1.1" 200 22
116.230.105.139 - - [24/Oct/2022:10:23:57 +0800] "GET /xingrg/all/function/internal_message.html?_=1666578197094&CODE_STATE=getMsg HTTP/1.1" 200 27
114.83.223.130 - - [24/Oct/2022:10:23:57 +0800] "GET /xingrg/javascript/easyui/themes/default/validatebox.css HTTP/1.1" 404 1104
114.83.223.130 - - [24/Oct/2022:10:23:58 +0800] "POST /xingrg/kc/buy/cgsh_order_operate.html HTTP/1.1" 200 599
114.83.223.130 - - [24/Oct/2022:10:23:59 +0800] "GET /xingrg/kc/print/load_data.html?order_code=212022102307266&kc_code=cgsh&condition= HTTP/1.1" 200 697
114.83.223.130 - - [24/Oct/2022:10:23:59 +0800] "POST /xingrg/kc/buy/cgsh_list_operate.html HTTP/1.1" 200 6197
120.253.135.82 - - [24/Oct/2022:10:24:01 +0800] "GET /xingrg/all/function/internal_message.html?_=1666578340423&CODE_STATE=getMsg HTTP/1.1" 200 27
114.88.159.190 - - [24/Oct/2022:10:24:03 +0800] "GET /xingrg/check_reg.html?_=1666577863773 HTTP/1.1" 200 22
124.79.243.136 - - [24/Oct/2022:10:24:04 +0800] "GET /xingrg/all/function/internal_message.html?_=1666578445484&CODE_STATE=getMsg HTTP/1.1" 200 27
61.170.232.44 - - [24/Oct/2022:10:24:05 +0800] "GET /xingrg/kc/buy/cgsh_order_operate.html?command=get_materiel&rest_code=00106&code=00101008110&supplier_code=00100007&order_time=2022-10-24 HTTP/1.1" 200 408
114.83.223.130 - - [24/Oct/2022:10:24:06 +0800] "POST /xingrg/kc/buy/cgsh_list_operate.html HTTP/1.1" 200 6197
61.170.232.44 - - [24/Oct/2022:10:24:07 +0800] "POST /xingrg/kc/buy/cgsh_order_operate.html HTTP/1.1" 200 2065
116.230.114.213 - - [24/Oct/2022:10:24:08 +0800] "GET /xingrg/all/function/internal_message.html?_=1666578247578&CODE_STATE=getMsg HTTP/1.1" 200 27
