116.238.139.35 - - [24/Oct/2022:11:03:22 +0800] "GET /xingrg/all/function/internal_message.html?_=1666580596040&CODE_STATE=getMsg HTTP/1.1" 200 27
180.169.147.146 - - [24/Oct/2022:11:03:22 +0800] "GET /xingrg/all/function/internal_message.html?_=1666580594687&CODE_STATE=getMsg HTTP/1.1" 200 27
124.79.74.72 - - [24/Oct/2022:11:03:25 +0800] "GET /xingrg/check_reg.html?_=1666580598878 HTTP/1.1" 200 22
124.79.74.72 - - [24/Oct/2022:11:03:25 +0800] "GET /xingrg/all/function/internal_message.html?_=1666580598877&CODE_STATE=getMsg HTTP/1.1" 200 27
222.69.192.207 - - [24/Oct/2022:11:03:27 +0800] "GET /xingrg/all/function/internal_message.html?_=1666580453954&CODE_STATE=getMsg HTTP/1.1" 200 27
124.79.74.72 - - [24/Oct/2022:11:03:35 +0800] "GET /xingrg/kc/buy/cgsh_order_operate.html?command=get_materiel&rest_code=00156&code=00102014113&supplier_code=00100563&order_time=2022-10-20 HTTP/1.1" 200 431
61.170.232.44 - - [24/Oct/2022:11:03:39 +0800] "GET /xingrg/check_reg.html?_=1666580611711 HTTP/1.1" 200 22
61.170.232.44 - - [24/Oct/2022:11:03:40 +0800] "GET /xingrg/all/function/internal_message.html?_=1666580613940&CODE_STATE=getMsg HTTP/1.1" 200 27
61.170.232.44 - - [24/Oct/2022:11:03:40 +0800] "GET /xingrg/check_reg.html?_=1666580613943 HTTP/1.1" 200 22
114.83.223.130 - - [24/Oct/2022:11:03:41 +0800] "GET /xingrg/all/function/internal_message.html?_=1666580621462&CODE_STATE=getMsg HTTP/1.1" 200 27
114.83.223.130 - - [24/Oct/2022:11:03:41 +0800] "GET /xingrg/check_reg.html?_=1666580621465 HTTP/1.1" 200 22
180.169.147.146 - - [24/Oct/2022:11:03:42 +0800] "GET /xingrg/all/function/internal_message.html?_=1666580615160&CODE_STATE=getMsg HTTP/1.1" 200 27
222.70.183.206 - - [24/Oct/2022:11:03:42 +0800] "POST /xingrg/kc/buy/cgsh_order_operate.html HTTP/1.1" 200 37
101.85.93.18 - - [24/Oct/2022:11:03:45 +0800] "GET /xingrg/all/function/internal_message.html?_=1666580618636&CODE_STATE=getMsg HTTP/1.1" 200 27
114.83.223.130 - - [24/Oct/2022:11:03:45 +0800] "POST /xingrg/kc/buy/cgsh_list_operate.html HTTP/1.1" 200 6220
124.79.74.72 - - [24/Oct/2022:11:03:46 +0800] "GET /xingrg/kc/buy/cgsh_order_operate.html?command=get_materiel&rest_code=00156&code=00102014114&supplier_code=00100563&order_time=2022-10-20 HTTP/1.1" 200 431
114.83.223.130 - - [24/Oct/2022:11:03:47 +0800] "POST /xingrg/kc/buy/cgsh_list_operate.html HTTP/1.1" 200 203
114.83.223.130 - - [24/Oct/2022:11:03:48 +0800] "GET /xingrg/kc/buy/cgsh_order_info.html?code=212022102206778 HTTP/1.1" 200 64098
114.83.223.130 - - [24/Oct/2022:11:03:48 +0800] "GET /xingrg/javascript/easyui/themes/default/validatebox.css HTTP/1.1" 404 1104
114.83.223.130 - - [24/Oct/2022:11:03:49 +0800] "POST /xingrg/kc/buy/cgsh_order_operate.html HTTP/1.1" 200 613
114.84.81.136 - - [24/Oct/2022:11:03:49 +0800] "GET /xingrg/all/function/internal_message.html?_=1666580624192&CODE_STATE=getMsg HTTP/1.1" 200 27
120.253.135.82 - - [24/Oct/2022:11:03:49 +0800] "GET /xingrg/all/function/internal_message.html?_=1666580419941&CODE_STATE=getMsg HTTP/1.1" 200 27
114.83.223.130 - - [24/Oct/2022:11:03:50 +0800] "GET /xingrg/kc/print/load_data.html?order_code=212022102206778&kc_code=cgsh&condition= HTTP/1.1" 200 781
114.83.223.130 - - [24/Oct/2022:11:03:50 +0800] "POST /xingrg/kc/buy/cgsh_list_operate.html HTTP/1.1" 200 6220
222.70.183.206 - - [24/Oct/2022:11:03:50 +0800] "POST /xingrg/kc/buy/cgsh_order_operate.html HTTP/1.1" 200 3268
124.79.74.72 - - [24/Oct/2022:11:03:51 +0800] "GET /xingrg/kc/buy/cgsh_order_operate.html?command=get_materiel&rest_code=00156&code=00101015175&supplier_code=00100563&order_time=2022-10-20 HTTP/1.1" 200 410
222.70.183.206 - - [24/Oct/2022:11:03:52 +0800] "GET /xingrg/kc/print/load_data.html?order_code=212022102407336&kc_code=cgsh&condition= HTTP/1.1" 200 970
114.83.223.130 - - [24/Oct/2022:11:03:52 +0800] "GET /xingrg/all/function/internal_message.html?_=1666580625085&CODE_STATE=getMsg HTTP/1.1" 200 27
114.83.223.130 - - [24/Oct/2022:11:03:52 +0800] "GET /xingrg/check_reg.html?_=1666580625173 HTTP/1.1" 200 22
180.169.147.146 - - [24/Oct/2022:11:03:53 +0800] "GET /xingrg/all/function/internal_message.html?_=1666580626721&CODE_STATE=getMsg HTTP/1.1" 200 27
120.253.135.82 - - [24/Oct/2022:11:03:55 +0800] "GET /xingrg/check_reg.html?_=1666580733508 HTTP/1.1" 200 22
114.83.223.130 - - [24/Oct/2022:11:03:57 +0800] "POST /xingrg/kc/buy/cgsh_list_operate.html HTTP/1.1" 200 6220
116.230.105.139 - - [24/Oct/2022:11:03:57 +0800] "GET /xingrg/check_reg.html?_=1666580596943 HTTP/1.1" 200 22
116.230.105.139 - - [24/Oct/2022:11:03:57 +0800] "GET /xingrg/all/function/internal_message.html?_=1666580596944&CODE_STATE=getMsg HTTP/1.1" 200 27
222.70.183.206 - - [24/Oct/2022:11:03:59 +0800] "GET /xingrg/kc/buy/cgsh_order_add.html HTTP/1.1" 200 69059
222.70.183.206 - - [24/Oct/2022:11:03:59 +0800] "POST /xingrg/kc/buy/cgsh_order_operate.html HTTP/1.1" 200 8245
222.70.183.206 - - [24/Oct/2022:11:03:59 +0800] "GET /xingrg/javascript/easyui/themes/default/validatebox.css HTTP/1.1" 404 1104
124.79.74.72 - - [24/Oct/2022:11:04:00 +0800] "POST /xingrg/kc/buy/cgsh_order_operate.html HTTP/1.1" 200 37
124.79.74.72 - - [24/Oct/2022:11:04:01 +0800] "POST /xingrg/kc/buy/cgsh_order_operate.html HTTP/1.1" 200 3874
124.79.74.72 - - [24/Oct/2022:11:04:03 +0800] "GET /xingrg/kc/print/load_config.html?kc_code=cgsh HTTP/1.1" 200 1943
114.88.159.190 - - [24/Oct/2022:11:04:03 +0800] "GET /xingrg/check_reg.html?_=1666580263806 HTTP/1.1" 200 22
124.79.74.72 - - [24/Oct/2022:11:04:03 +0800] "GET /xingrg/kc/print/load_data.html?order_code=212022102407337&kc_code=cgsh&condition= HTTP/1.1" 200 1142
124.79.243.136 - - [24/Oct/2022:11:04:04 +0800] "GET /xingrg/all/function/internal_message.html?_=1666580845506&CODE_STATE=getMsg HTTP/1.1" 200 27
120.253.135.82 - - [24/Oct/2022:11:04:06 +0800] "GET /xingrg/all/function/internal_message.html?_=1666580744788&CODE_STATE=getMsg HTTP/1.1" 200 27
124.79.74.72 - - [24/Oct/2022:11:04:07 +0800] "GET /xingrg/kc/buy/cgsh_order_add.html HTTP/1.1" 200 69182
124.79.74.72 - - [24/Oct/2022:11:04:07 +0800] "POST /xingrg/kc/buy/cgsh_order_operate.html HTTP/1.1" 200 8245
124.79.74.72 - - [24/Oct/2022:11:04:07 +0800] "GET /xingrg/all/common/auto_word.html?type=employee&rest_code=00156 HTTP/1.1" 200 97
124.79.74.72 - - [24/Oct/2022:11:04:07 +0800] "GET /xingrg/all/common/auto_word.html?type=employee&rest_code=00156 HTTP/1.1" 200 97
124.79.74.72 - - [24/Oct/2022:11:04:07 +0800] "GET /xingrg/javascript/easyui/themes/default/validatebox.css HTTP/1.1" 404 1104
61.170.232.44 - - [24/Oct/2022:11:04:08 +0800] "GET /xingrg/all/function/internal_message.html?_=1666580641423&CODE_STATE=getMsg HTTP/1.1" 200 27
116.230.114.213 - - [24/Oct/2022:11:04:09 +0800] "GET /xingrg/all/function/internal_message.html?_=1666580648685&CODE_STATE=getMsg HTTP/1.1" 200 27
180.169.147.146 - - [24/Oct/2022:11:04:11 +0800] "GET /xingrg/check_reg.html?_=1666580645185 HTTP/1.1" 200 22
180.169.147.146 - - [24/Oct/2022:11:04:11 +0800] "GET /xingrg/all/function/internal_message.html?_=1666580645195&CODE_STATE=getMsg HTTP/1.1" 200 27
114.83.223.130 - - [24/Oct/2022:11:04:15 +0800] "POST /xingrg/kc/buy/cgsh_list_operate.html HTTP/1.1" 200 282
180.169.147.146 - - [24/Oct/2022:11:04:16 +0800] "POST /xingrg/dwr/call/plaincall/AjaxReportQueryService.refreshCache.dwr HTTP/1.1" 200 78
114.83.223.130 - - [24/Oct/2022:11:04:16 +0800] "GET /xingrg/kc/buy/cgsh_order_info.html?code=212022102206776 HTTP/1.1" 200 64098
114.83.223.130 - - [24/Oct/2022:11:04:16 +0800] "GET /xingrg/javascript/easyui/themes/default/validatebox.css HTTP/1.1" 404 1104
114.83.223.130 - - [24/Oct/2022:11:04:17 +0800] "POST /xingrg/kc/buy/cgsh_order_operate.html HTTP/1.1" 200 1219
180.169.147.146 - - [24/Oct/2022:11:04:17 +0800] "POST /xingrg/all/report/load_report_page.html HTTP/1.1" 200 49605
180.169.147.146 - - [24/Oct/2022:11:04:17 +0800] "GET /xingrg/servlets/image?cache=0.5376030828531814&image=px HTTP/1.1" 200 807
114.83.223.130 - - [24/Oct/2022:11:04:19 +0800] "POST /xingrg/kc/buy/cgsh_list_operate.html HTTP/1.1" 200 6220
221.239.141.151 - - [24/Oct/2022:11:04:19 +0800] "GET /xingrg/all/function/internal_message.html?_=1666580653768&CODE_STATE=getMsg HTTP/1.1" 200 27
124.79.74.72 - - [24/Oct/2022:11:04:21 +0800] "GET /xingrg/javascript/jquery_tools/images/prev.gif HTTP/1.1" 404 1086
124.79.74.72 - - [24/Oct/2022:11:04:21 +0800] "GET /xingrg/javascript/jquery_tools/images/next.gif HTTP/1.1" 404 1086
222.70.183.206 - - [24/Oct/2022:11:04:22 +0800] "GET /xingrg/all/function/internal_message.html?_=1666580655599&CODE_STATE=getMsg HTTP/1.1" 200 27
116.238.139.35 - - [24/Oct/2022:11:04:22 +0800] "GET /xingrg/all/function/internal_message.html?_=1666580656032&CODE_STATE=getMsg HTTP/1.1" 200 27
180.169.147.146 - - [24/Oct/2022:11:04:22 +0800] "GET /xingrg/all/function/internal_message.html?_=1666580654688&CODE_STATE=getMsg HTTP/1.1" 200 27
124.79.74.72 - - [24/Oct/2022:11:04:25 +0800] "GET /xingrg/all/function/internal_message.html?_=1666580658877&CODE_STATE=getMsg HTTP/1.1" 200 27
114.83.223.130 - - [24/Oct/2022:11:04:26 +0800] "POST /xingrg/kc/buy/cgsh_list_operate.html HTTP/1.1" 200 6220
222.69.192.207 - - [24/Oct/2022:11:04:27 +0800] "GET /xingrg/all/function/internal_message.html?_=1666580513964&CODE_STATE=getMsg HTTP/1.1" 200 27
124.79.74.72 - - [24/Oct/2022:11:04:29 +0800] "GET /xingrg/kc/buy/cgsh_order_operate.html?command=get_materiel&rest_code=00156&code=00101023038&supplier_code=00100450&order_time=2022-10-24 HTTP/1.1" 200 414
114.83.223.130 - - [24/Oct/2022:11:04:29 +0800] "POST /xingrg/kc/buy/cgsh_list_operate.html HTTP/1.1" 200 282
114.83.223.130 - - [24/Oct/2022:11:04:30 +0800] "GET /xingrg/kc/buy/cgsh_order_info.html?code=212022102206776 HTTP/1.1" 200 64098
114.83.223.130 - - [24/Oct/2022:11:04:31 +0800] "GET /xingrg/javascript/easyui/themes/default/validatebox.css HTTP/1.1" 404 1104
114.83.223.130 - - [24/Oct/2022:11:04:31 +0800] "POST /xingrg/kc/buy/cgsh_order_operate.html HTTP/1.1" 200 1219
114.83.223.130 - - [24/Oct/2022:11:04:32 +0800] "POST /xingrg/kc/buy/cgsh_list_operate.html HTTP/1.1" 200 6220
114.83.223.130 - - [24/Oct/2022:11:04:33 +0800] "GET /xingrg/kc/print/load_data.html?order_code=212022102206776&kc_code=cgsh&condition= HTTP/1.1" 200 1022
222.70.183.206 - - [24/Oct/2022:11:04:37 +0800] "GET /xingrg/kc/buy/cgsh_order_operate.html?command=get_materiel&rest_code=00111&code=00101001140&supplier_code=00100087&order_time=2022-10-24 HTTP/1.1" 200 417
124.79.74.72 - - [24/Oct/2022:11:04:39 +0800] "GET /xingrg/kc/buy/cgsh_order_operate.html?command=get_materiel&rest_code=00156&code=00101008592&supplier_code=00100450&order_time=2022-10-24 HTTP/1.1" 200 418
61.170.232.44 - - [24/Oct/2022:11:04:40 +0800] "GET /xingrg/all/function/internal_message.html?_=1666580673944&CODE_STATE=getMsg HTTP/1.1" 200 27
114.83.223.130 - - [24/Oct/2022:11:04:41 +0800] "GET /xingrg/all/function/internal_message.html?_=1666580681453&CODE_STATE=getMsg HTTP/1.1" 200 27
180.169.147.146 - - [24/Oct/2022:11:04:42 +0800] "GET /xingrg/all/function/internal_message.html?_=1666580675136&CODE_STATE=getMsg HTTP/1.1" 200 27
101.85.93.18 - - [24/Oct/2022:11:04:45 +0800] "GET /xingrg/all/function/internal_message.html?_=1666580678636&CODE_STATE=getMsg HTTP/1.1" 200 27
114.83.223.130 - - [24/Oct/2022:11:04:47 +0800] "POST /xingrg/kc/buy/cgsh_list_operate.html HTTP/1.1" 200 6220
124.79.74.72 - - [24/Oct/2022:11:04:47 +0800] "GET /xingrg/kc/buy/cgsh_order_operate.html?command=get_materiel&rest_code=00156&code=00101008595&supplier_code=00100450&order_time=2022-10-24 HTTP/1.1" 200 418
114.84.81.136 - - [24/Oct/2022:11:04:49 +0800] "GET /xingrg/all/function/internal_message.html?_=1666580684218&CODE_STATE=getMsg HTTP/1.1" 200 27
120.253.135.82 - - [24/Oct/2022:11:04:49 +0800] "GET /xingrg/all/function/internal_message.html?_=1666580479955&CODE_STATE=getMsg HTTP/1.1" 200 27
114.83.223.130 - - [24/Oct/2022:11:04:52 +0800] "GET /xingrg/all/function/internal_message.html?_=1666580685066&CODE_STATE=getMsg HTTP/1.1" 200 27
114.83.223.130 - - [24/Oct/2022:11:04:53 +0800] "POST /xingrg/kc/buy/cgsh_list_operate.html HTTP/1.1" 200 204
180.169.147.146 - - [24/Oct/2022:11:04:53 +0800] "GET /xingrg/all/function/internal_message.html?_=1666580686716&CODE_STATE=getMsg HTTP/1.1" 200 27
114.83.223.130 - - [24/Oct/2022:11:04:54 +0800] "GET /xingrg/kc/buy/cgsh_order_info.html?code=212022102206772 HTTP/1.1" 200 64096
114.83.223.130 - - [24/Oct/2022:11:04:54 +0800] "GET /xingrg/javascript/easyui/themes/default/validatebox.css HTTP/1.1" 404 1104
114.83.223.130 - - [24/Oct/2022:11:04:54 +0800] "POST /xingrg/kc/buy/cgsh_order_operate.html HTTP/1.1" 200 615
114.83.223.130 - - [24/Oct/2022:11:04:55 +0800] "POST /xingrg/kc/buy/cgsh_list_operate.html HTTP/1.1" 200 6220
114.83.223.130 - - [24/Oct/2022:11:04:56 +0800] "GET /xingrg/kc/print/load_data.html?order_code=212022102206772&kc_code=cgsh&condition= HTTP/1.1" 200 791
180.169.147.146 - - [24/Oct/2022:11:04:56 +0800] "POST /xingrg/dwr/call/plaincall/AjaxReportQueryService.refreshCache.dwr HTTP/1.1" 200 78
116.230.114.213 - - [24/Oct/2022:11:04:57 +0800] "GET /xingrg/check_reg.html?_=1666580696891 HTTP/1.1" 200 22
116.230.105.139 - - [24/Oct/2022:11:04:57 +0800] "GET /xingrg/all/function/internal_message.html?_=1666580656946&CODE_STATE=getMsg HTTP/1.1" 200 27
180.169.147.146 - - [24/Oct/2022:11:04:57 +0800] "POST /xingrg/all/report/load_report_page.html HTTP/1.1" 200 49605
180.169.147.146 - - [24/Oct/2022:11:04:58 +0800] "GET /xingrg/servlets/image?cache=0.6697630335476569&image=px HTTP/1.1" 200 807
124.79.74.72 - - [24/Oct/2022:11:04:58 +0800] "GET /xingrg/kc/buy/cgsh_order_operate.html?command=get_materiel&rest_code=00156&code=00101008658&supplier_code=00100450&order_time=2022-10-24 HTTP/1.1" 200 409
180.169.147.146 - - [24/Oct/2022:11:05:01 +0800] "POST /xingrg/all/report/report_print.html HTTP/1.1" 200 7168
124.79.243.136 - - [24/Oct/2022:11:05:04 +0800] "GET /xingrg/all/function/internal_message.html?_=1666580905517&CODE_STATE=getMsg HTTP/1.1" 200 27
120.253.135.82 - - [24/Oct/2022:11:05:06 +0800] "GET /xingrg/all/function/internal_message.html?_=1666580804803&CODE_STATE=getMsg HTTP/1.1" 200 27
61.170.232.44 - - [24/Oct/2022:11:05:08 +0800] "GET /xingrg/all/function/internal_message.html?_=1666580701391&CODE_STATE=getMsg HTTP/1.1" 200 27
116.230.114.213 - - [24/Oct/2022:11:05:09 +0800] "GET /xingrg/all/function/internal_message.html?_=1666580708701&CODE_STATE=getMsg HTTP/1.1" 200 27
180.169.147.146 - - [24/Oct/2022:11:05:11 +0800] "GET /xingrg/all/function/internal_message.html?_=1666580705178&CODE_STATE=getMsg HTTP/1.1" 200 27
124.79.74.72 - - [24/Oct/2022:11:05:12 +0800] "POST /xingrg/kc/buy/cgsh_order_operate.html HTTP/1.1" 200 37
222.70.183.206 - - [24/Oct/2022:11:05:13 +0800] "GET /xingrg/kc/buy/cgsh_order_operate.html?command=get_materiel&rest_code=00111&code=00101002002&supplier_code=00100087&order_time=2022-10-24 HTTP/1.1" 200 421
124.79.74.72 - - [24/Oct/2022:11:05:14 +0800] "POST /xingrg/kc/buy/cgsh_order_operate.html HTTP/1.1" 200 4436
124.79.74.72 - - [24/Oct/2022:11:05:15 +0800] "GET /xingrg/kc/print/load_config.html?kc_code=cgsh HTTP/1.1" 200 1943
124.79.74.72 - - [24/Oct/2022:11:05:15 +0800] "GET /xingrg/kc/print/load_data.html?order_code=212022102407338&kc_code=cgsh&condition= HTTP/1.1" 200 1366
114.83.223.130 - - [24/Oct/2022:11:05:18 +0800] "POST /xingrg/kc/buy/cgsh_list_operate.html HTTP/1.1" 200 6220
221.239.141.151 - - [24/Oct/2022:11:05:19 +0800] "GET /xingrg/all/function/internal_message.html?_=1666580713774&CODE_STATE=getMsg HTTP/1.1" 200 27
222.70.183.206 - - [24/Oct/2022:11:05:22 +0800] "GET /xingrg/all/function/internal_message.html?_=1666580715597&CODE_STATE=getMsg HTTP/1.1" 200 27
222.70.183.206 - - [24/Oct/2022:11:05:22 +0800] "GET /xingrg/check_reg.html?_=1666580715593 HTTP/1.1" 200 22
116.238.139.35 - - [24/Oct/2022:11:05:22 +0800] "GET /xingrg/all/function/internal_message.html?_=1666580716035&CODE_STATE=getMsg HTTP/1.1" 200 27
180.169.147.146 - - [24/Oct/2022:11:05:22 +0800] "GET /xingrg/all/function/internal_message.html?_=1666580714688&CODE_STATE=getMsg HTTP/1.1" 200 27
114.83.223.130 - - [24/Oct/2022:11:05:23 +0800] "POST /xingrg/kc/buy/cgsh_list_operate.html HTTP/1.1" 200 279
114.83.223.130 - - [24/Oct/2022:11:05:24 +0800] "GET /xingrg/kc/buy/cgsh_order_info.html?code=212022102206769 HTTP/1.1" 200 64098
114.83.223.130 - - [24/Oct/2022:11:05:24 +0800] "GET /xingrg/javascript/easyui/themes/default/validatebox.css HTTP/1.1" 404 1104
114.83.223.130 - - [24/Oct/2022:11:05:25 +0800] "POST /xingrg/kc/buy/cgsh_order_operate.html HTTP/1.1" 200 1212
124.79.74.72 - - [24/Oct/2022:11:05:25 +0800] "GET /xingrg/all/function/internal_message.html?_=1666580718876&CODE_STATE=getMsg HTTP/1.1" 200 27
114.83.223.130 - - [24/Oct/2022:11:05:26 +0800] "POST /xingrg/kc/buy/cgsh_list_operate.html HTTP/1.1" 200 6220
222.69.192.207 - - [24/Oct/2022:11:05:27 +0800] "GET /xingrg/all/function/internal_message.html?_=1666580573953&CODE_STATE=getMsg HTTP/1.1" 200 27
114.83.223.130 - - [24/Oct/2022:11:05:27 +0800] "GET /xingrg/kc/print/load_data.html?order_code=212022102206769&kc_code=cgsh&condition= HTTP/1.1" 200 953
124.79.74.72 - - [24/Oct/2022:11:05:28 +0800] "GET /xingrg/kc/buy/cgsh_order_add.html HTTP/1.1" 200 69182
124.79.74.72 - - [24/Oct/2022:11:05:28 +0800] "POST /xingrg/kc/buy/cgsh_order_operate.html HTTP/1.1" 200 8245
124.79.74.72 - - [24/Oct/2022:11:05:28 +0800] "GET /xingrg/all/common/auto_word.html?type=employee&rest_code=00156 HTTP/1.1" 200 97
124.79.74.72 - - [24/Oct/2022:11:05:28 +0800] "GET /xingrg/all/common/auto_word.html?type=employee&rest_code=00156 HTTP/1.1" 200 97
124.79.74.72 - - [24/Oct/2022:11:05:28 +0800] "GET /xingrg/javascript/easyui/themes/default/validatebox.css HTTP/1.1" 404 1104
222.70.183.206 - - [24/Oct/2022:11:05:36 +0800] "GET /xingrg/kc/buy/cgsh_order_operate.html?command=get_materiel&rest_code=00111&code=00101002038&supplier_code=00100087&order_time=2022-10-24 HTTP/1.1" 200 436
61.170.232.44 - - [24/Oct/2022:11:05:40 +0800] "GET /xingrg/all/function/internal_message.html?_=1666580733972&CODE_STATE=getMsg HTTP/1.1" 200 27
114.83.223.130 - - [24/Oct/2022:11:05:41 +0800] "GET /xingrg/all/function/internal_message.html?_=1666580741473&CODE_STATE=getMsg HTTP/1.1" 200 27
180.169.147.146 - - [24/Oct/2022:11:05:42 +0800] "GET /xingrg/all/function/internal_message.html?_=1666580735126&CODE_STATE=getMsg HTTP/1.1" 200 27
101.85.93.18 - - [24/Oct/2022:11:05:45 +0800] "GET /xingrg/check_reg.html?_=1666580738635 HTTP/1.1" 200 22
101.85.93.18 - - [24/Oct/2022:11:05:45 +0800] "GET /xingrg/all/function/internal_message.html?_=1666580738638&CODE_STATE=getMsg HTTP/1.1" 200 27
114.84.81.136 - - [24/Oct/2022:11:05:49 +0800] "GET /xingrg/all/function/internal_message.html?_=1666580744220&CODE_STATE=getMsg HTTP/1.1" 200 27
120.253.135.82 - - [24/Oct/2022:11:05:49 +0800] "GET /xingrg/all/function/internal_message.html?_=1666580539974&CODE_STATE=getMsg HTTP/1.1" 200 27
114.83.223.130 - - [24/Oct/2022:11:05:52 +0800] "GET /xingrg/all/function/internal_message.html?_=1666580745040&CODE_STATE=getMsg HTTP/1.1" 200 27
180.169.147.146 - - [24/Oct/2022:11:05:53 +0800] "GET /xingrg/all/function/internal_message.html?_=1666580746715&CODE_STATE=getMsg HTTP/1.1" 200 27
114.83.223.130 - - [24/Oct/2022:11:05:56 +0800] "POST /xingrg/kc/buy/cgsh_list_operate.html HTTP/1.1" 200 6220
116.230.105.139 - - [24/Oct/2022:11:05:57 +0800] "GET /xingrg/all/function/internal_message.html?_=1666580716946&CODE_STATE=getMsg HTTP/1.1" 200 27
124.79.243.136 - - [24/Oct/2022:11:06:04 +0800] "GET /xingrg/check_reg.html?_=1666580965513 HTTP/1.1" 200 22
124.79.243.136 - - [24/Oct/2022:11:06:04 +0800] "GET /xingrg/all/function/internal_message.html?_=1666580965514&CODE_STATE=getMsg HTTP/1.1" 200 27
114.83.223.130 - - [24/Oct/2022:11:06:05 +0800] "POST /xingrg/kc/buy/cgsh_list_operate.html HTTP/1.1" 200 378
120.253.135.82 - - [24/Oct/2022:11:06:06 +0800] "GET /xingrg/all/function/internal_message.html?_=1666580864924&CODE_STATE=getMsg HTTP/1.1" 200 27
114.83.223.130 - - [24/Oct/2022:11:06:08 +0800] "GET /xingrg/kc/buy/cgsh_order_info.html?code=212022102206766 HTTP/1.1" 200 64100
114.83.223.130 - - [24/Oct/2022:11:06:08 +0800] "GET /xingrg/javascript/easyui/themes/default/validatebox.css HTTP/1.1" 404 1104
61.170.232.44 - - [24/Oct/2022:11:06:08 +0800] "GET /xingrg/all/function/internal_message.html?_=1666580761367&CODE_STATE=getMsg HTTP/1.1" 200 27
114.83.223.130 - - [24/Oct/2022:11:06:09 +0800] "POST /xingrg/kc/buy/cgsh_order_operate.html HTTP/1.1" 200 1844
116.230.114.213 - - [24/Oct/2022:11:06:09 +0800] "GET /xingrg/all/function/internal_message.html?_=1666580768715&CODE_STATE=getMsg HTTP/1.1" 200 27
222.70.183.206 - - [24/Oct/2022:11:06:11 +0800] "POST /xingrg/kc/buy/cgsh_order_operate.html HTTP/1.1" 200 37
114.83.223.130 - - [24/Oct/2022:11:06:11 +0800] "GET /xingrg/kc/print/load_data.html?order_code=212022102206766&kc_code=cgsh&condition= HTTP/1.1" 200 1221
180.169.147.146 - - [24/Oct/2022:11:06:11 +0800] "GET /xingrg/all/function/internal_message.html?_=1666580765166&CODE_STATE=getMsg HTTP/1.1" 200 27
114.83.223.130 - - [24/Oct/2022:11:06:12 +0800] "POST /xingrg/kc/buy/cgsh_list_operate.html HTTP/1.1" 200 6220
222.70.183.206 - - [24/Oct/2022:11:06:13 +0800] "POST /xingrg/kc/buy/cgsh_order_operate.html HTTP/1.1" 200 3270
222.70.183.206 - - [24/Oct/2022:11:06:18 +0800] "GET /xingrg/kc/print/load_data.html?order_code=212022102407339&kc_code=cgsh&condition= HTTP/1.1" 200 969
221.239.141.151 - - [24/Oct/2022:11:06:19 +0800] "GET /xingrg/all/function/internal_message.html?_=1666580773790&CODE_STATE=getMsg HTTP/1.1" 200 27
222.70.183.206 - - [24/Oct/2022:11:06:22 +0800] "GET /xingrg/all/function/internal_message.html?_=1666580775604&CODE_STATE=getMsg HTTP/1.1" 200 27
116.238.139.35 - - [24/Oct/2022:11:06:22 +0800] "GET /xingrg/all/function/internal_message.html?_=1666580776041&CODE_STATE=getMsg HTTP/1.1" 200 27
116.238.139.35 - - [24/Oct/2022:11:06:22 +0800] "GET /xingrg/check_reg.html?_=1666580776044 HTTP/1.1" 200 22
180.169.147.146 - - [24/Oct/2022:11:06:22 +0800] "GET /xingrg/check_reg.html?_=1666580774688 HTTP/1.1" 200 22
180.169.147.146 - - [24/Oct/2022:11:06:22 +0800] "GET /xingrg/all/function/internal_message.html?_=1666580774691&CODE_STATE=getMsg HTTP/1.1" 200 27
222.70.183.206 - - [24/Oct/2022:11:06:24 +0800] "GET /xingrg/kc/buy/cgsh_order_add.html HTTP/1.1" 200 69059
222.70.183.206 - - [24/Oct/2022:11:06:25 +0800] "POST /xingrg/kc/buy/cgsh_order_operate.html HTTP/1.1" 200 8245
222.70.183.206 - - [24/Oct/2022:11:06:25 +0800] "GET /xingrg/javascript/easyui/themes/default/validatebox.css HTTP/1.1" 404 1104
124.79.74.72 - - [24/Oct/2022:11:06:25 +0800] "GET /xingrg/all/function/internal_message.html?_=1666580778877&CODE_STATE=getMsg HTTP/1.1" 200 27
222.69.192.207 - - [24/Oct/2022:11:06:27 +0800] "GET /xingrg/all/function/internal_message.html?_=1666580633954&CODE_STATE=getMsg HTTP/1.1" 200 27
114.83.223.130 - - [24/Oct/2022:11:06:36 +0800] "POST /xingrg/kc/buy/cgsh_list_operate.html HTTP/1.1" 200 6220
114.83.223.130 - - [24/Oct/2022:11:06:38 +0800] "POST /xingrg/kc/buy/cgsh_list_operate.html HTTP/1.1" 200 305
114.83.223.130 - - [24/Oct/2022:11:06:39 +0800] "GET /xingrg/kc/buy/cgsh_order_info.html?code=212022102206762 HTTP/1.1" 200 64098
114.83.223.130 - - [24/Oct/2022:11:06:39 +0800] "GET /xingrg/javascript/easyui/themes/default/validatebox.css HTTP/1.1" 404 1104
61.170.232.44 - - [24/Oct/2022:11:06:40 +0800] "GET /xingrg/all/function/internal_message.html?_=1666580793972&CODE_STATE=getMsg HTTP/1.1" 200 27
114.83.223.130 - - [24/Oct/2022:11:06:40 +0800] "POST /xingrg/kc/buy/cgsh_order_operate.html HTTP/1.1" 200 1253
114.83.223.130 - - [24/Oct/2022:11:06:41 +0800] "GET /xingrg/all/function/internal_message.html?_=1666580801472&CODE_STATE=getMsg HTTP/1.1" 200 27
114.83.223.130 - - [24/Oct/2022:11:06:41 +0800] "POST /xingrg/kc/buy/cgsh_list_operate.html HTTP/1.1" 200 6220
180.169.147.146 - - [24/Oct/2022:11:06:42 +0800] "GET /xingrg/all/function/internal_message.html?_=1666580795113&CODE_STATE=getMsg HTTP/1.1" 200 27
114.83.223.130 - - [24/Oct/2022:11:06:42 +0800] "GET /xingrg/kc/print/load_data.html?order_code=212022102206762&kc_code=cgsh&condition= HTTP/1.1" 200 992
222.70.183.206 - - [24/Oct/2022:11:06:43 +0800] "GET /xingrg/kc/buy/cgsh_order_operate.html?command=get_materiel&rest_code=00111&code=00101001045&supplier_code=00100439&order_time=2022-10-24 HTTP/1.1" 200 423
222.69.192.207 - - [24/Oct/2022:11:06:43 +0800] "GET /xingrg/kc/buy/buy_main.html HTTP/1.1" 200 12412
222.69.192.207 - - [24/Oct/2022:11:06:43 +0800] "GET /xingrg/css/new_ie.css HTTP/1.1" 404 1036
222.69.192.207 - - [24/Oct/2022:11:06:44 +0800] "GET /xingrg/images/yd/bt.gif HTTP/1.1" 404 1040
101.85.93.18 - - [24/Oct/2022:11:06:45 +0800] "GET /xingrg/all/function/internal_message.html?_=1666580798643&CODE_STATE=getMsg HTTP/1.1" 200 27
222.69.192.207 - - [24/Oct/2022:11:06:45 +0800] "GET /xingrg/kc/buy/cgsh_order_list.html HTTP/1.1" 200 53322
222.69.192.207 - - [24/Oct/2022:11:06:48 +0800] "POST /xingrg/kc/buy/cgsh_list_operate.html HTTP/1.1" 200 3961
114.84.81.136 - - [24/Oct/2022:11:06:49 +0800] "GET /xingrg/check_reg.html?_=1666580804220 HTTP/1.1" 200 22
114.84.81.136 - - [24/Oct/2022:11:06:49 +0800] "GET /xingrg/all/function/internal_message.html?_=1666580804223&CODE_STATE=getMsg HTTP/1.1" 200 27
120.253.135.82 - - [24/Oct/2022:11:06:49 +0800] "GET /xingrg/all/function/internal_message.html?_=1666580599981&CODE_STATE=getMsg HTTP/1.1" 200 27
114.83.223.130 - - [24/Oct/2022:11:06:52 +0800] "GET /xingrg/all/function/internal_message.html?_=1666580805028&CODE_STATE=getMsg HTTP/1.1" 200 27
180.169.147.146 - - [24/Oct/2022:11:06:53 +0800] "GET /xingrg/check_reg.html?_=1666580806724 HTTP/1.1" 200 22
180.169.147.146 - - [24/Oct/2022:11:06:53 +0800] "GET /xingrg/all/function/internal_message.html?_=1666580806724&CODE_STATE=getMsg HTTP/1.1" 200 27
116.230.105.139 - - [24/Oct/2022:11:06:57 +0800] "GET /xingrg/all/function/internal_message.html?_=1666580776933&CODE_STATE=getMsg HTTP/1.1" 200 27
114.83.223.130 - - [24/Oct/2022:11:07:00 +0800] "POST /xingrg/kc/buy/cgsh_list_operate.html HTTP/1.1" 200 6220
222.69.192.207 - - [24/Oct/2022:11:07:00 +0800] "GET /xingrg/kc/buy/cgsh_order_add.html HTTP/1.1" 200 69185
222.69.192.207 - - [24/Oct/2022:11:07:01 +0800] "POST /xingrg/kc/buy/cgsh_order_operate.html HTTP/1.1" 200 8245
222.69.192.207 - - [24/Oct/2022:11:07:01 +0800] "GET /xingrg/javascript/easyui/themes/default/validatebox.css HTTP/1.1" 404 1104
114.83.223.130 - - [24/Oct/2022:11:07:03 +0800] "POST /xingrg/kc/buy/cgsh_list_operate.html HTTP/1.1" 200 201
114.83.223.130 - - [24/Oct/2022:11:07:04 +0800] "GET /xingrg/kc/buy/cgsh_order_info.html?code=212022102206758 HTTP/1.1" 200 64094
124.79.243.136 - - [24/Oct/2022:11:07:04 +0800] "GET /xingrg/all/function/internal_message.html?_=1666581025509&CODE_STATE=getMsg HTTP/1.1" 200 27
114.83.223.130 - - [24/Oct/2022:11:07:04 +0800] "GET /xingrg/javascript/easyui/themes/default/validatebox.css HTTP/1.1" 404 1104
120.253.135.82 - - [24/Oct/2022:11:07:06 +0800] "GET /xingrg/all/function/internal_message.html?_=1666580924938&CODE_STATE=getMsg HTTP/1.1" 200 27
222.70.183.206 - - [24/Oct/2022:11:07:07 +0800] "POST /xingrg/kc/buy/cgsh_order_operate.html HTTP/1.1" 200 37
114.83.223.130 - - [24/Oct/2022:11:07:07 +0800] "POST /xingrg/kc/buy/cgsh_order_operate.html HTTP/1.1" 200 607
114.83.223.130 - - [24/Oct/2022:11:07:08 +0800] "GET /xingrg/kc/print/load_data.html?order_code=212022102206758&kc_code=cgsh&condition= HTTP/1.1" 200 705
61.170.232.44 - - [24/Oct/2022:11:07:08 +0800] "GET /xingrg/all/function/internal_message.html?_=1666580821336&CODE_STATE=getMsg HTTP/1.1" 200 27
114.83.223.130 - - [24/Oct/2022:11:07:09 +0800] "POST /xingrg/kc/buy/cgsh_list_operate.html HTTP/1.1" 200 6220
222.70.183.206 - - [24/Oct/2022:11:07:09 +0800] "POST /xingrg/kc/buy/cgsh_order_operate.html HTTP/1.1" 200 2669
116.230.114.213 - - [24/Oct/2022:11:07:09 +0800] "GET /xingrg/all/function/internal_message.html?_=1666580828773&CODE_STATE=getMsg HTTP/1.1" 200 27
180.169.147.146 - - [24/Oct/2022:11:07:11 +0800] "GET /xingrg/all/function/internal_message.html?_=1666580825150&CODE_STATE=getMsg HTTP/1.1" 200 27
222.70.183.206 - - [24/Oct/2022:11:07:11 +0800] "GET /xingrg/kc/print/load_data.html?order_code=212022102407340&kc_code=cgsh&condition= HTTP/1.1" 200 697
114.83.223.130 - - [24/Oct/2022:11:07:15 +0800] "POST /xingrg/kc/buy/cgsh_list_operate.html HTTP/1.1" 200 6220
222.70.183.206 - - [24/Oct/2022:11:07:17 +0800] "GET /xingrg/kc/buy/cgsh_order_add.html HTTP/1.1" 200 69059
222.70.183.206 - - [24/Oct/2022:11:07:18 +0800] "POST /xingrg/kc/buy/cgsh_order_operate.html HTTP/1.1" 200 8245
222.70.183.206 - - [24/Oct/2022:11:07:18 +0800] "GET /xingrg/javascript/easyui/themes/default/validatebox.css HTTP/1.1" 404 1104
221.239.141.151 - - [24/Oct/2022:11:07:19 +0800] "GET /xingrg/all/function/internal_message.html?_=1666580833791&CODE_STATE=getMsg HTTP/1.1" 200 27
222.70.183.206 - - [24/Oct/2022:11:07:22 +0800] "GET /xingrg/all/function/internal_message.html?_=1666580835588&CODE_STATE=getMsg HTTP/1.1" 200 27
116.238.139.35 - - [24/Oct/2022:11:07:22 +0800] "GET /xingrg/all/function/internal_message.html?_=1666580836033&CODE_STATE=getMsg HTTP/1.1" 200 27
180.169.147.146 - - [24/Oct/2022:11:07:22 +0800] "GET /xingrg/all/function/internal_message.html?_=1666580834717&CODE_STATE=getMsg HTTP/1.1" 200 27
124.79.74.72 - - [24/Oct/2022:11:07:25 +0800] "GET /xingrg/all/function/internal_message.html?_=1666580838877&CODE_STATE=getMsg HTTP/1.1" 200 27
114.83.223.130 - - [24/Oct/2022:11:07:27 +0800] "POST /xingrg/kc/buy/cgsh_list_operate.html HTTP/1.1" 200 201
222.69.192.207 - - [24/Oct/2022:11:07:27 +0800] "GET /xingrg/check_reg.html?_=1666580693964 HTTP/1.1" 200 22
222.69.192.207 - - [24/Oct/2022:11:07:27 +0800] "GET /xingrg/all/function/internal_message.html?_=1666580693968&CODE_STATE=getMsg HTTP/1.1" 200 27
222.70.183.206 - - [24/Oct/2022:11:07:32 +0800] "GET /xingrg/kc/buy/cgsh_order_operate.html?command=get_materiel&rest_code=00111&code=00101008145&supplier_code=00100327&order_time=2022-10-24 HTTP/1.1" 200 417
114.83.223.130 - - [24/Oct/2022:11:07:33 +0800] "GET /xingrg/kc/buy/cgsh_order_info.html?code=212022102206757 HTTP/1.1" 200 64086
114.83.223.130 - - [24/Oct/2022:11:07:33 +0800] "GET /xingrg/javascript/easyui/themes/default/validatebox.css HTTP/1.1" 404 1104
114.83.223.130 - - [24/Oct/2022:11:07:34 +0800] "POST /xingrg/kc/buy/cgsh_order_operate.html HTTP/1.1" 200 607
114.83.223.130 - - [24/Oct/2022:11:07:35 +0800] "GET /xingrg/kc/print/load_data.html?order_code=212022102206757&kc_code=cgsh&condition= HTTP/1.1" 200 681
114.83.223.130 - - [24/Oct/2022:11:07:35 +0800] "POST /xingrg/kc/buy/cgsh_list_operate.html HTTP/1.1" 200 6220
180.169.147.146 - - [24/Oct/2022:11:07:39 +0800] "GET /xingrg/check_reg.html?_=1666580853018 HTTP/1.1" 200 22
114.83.223.130 - - [24/Oct/2022:11:07:40 +0800] "GET /xingrg/kc/buy/cgsh_order_add.html HTTP/1.1" 200 69191
61.170.232.44 - - [24/Oct/2022:11:07:40 +0800] "GET /xingrg/all/function/internal_message.html?_=1666580853972&CODE_STATE=getMsg HTTP/1.1" 200 27
114.83.223.130 - - [24/Oct/2022:11:07:40 +0800] "POST /xingrg/kc/buy/cgsh_order_operate.html HTTP/1.1" 200 8245
114.83.223.130 - - [24/Oct/2022:11:07:40 +0800] "GET /xingrg/javascript/easyui/themes/default/validatebox.css HTTP/1.1" 404 1104
114.83.223.130 - - [24/Oct/2022:11:07:41 +0800] "GET /xingrg/all/function/internal_message.html?_=1666580861463&CODE_STATE=getMsg HTTP/1.1" 200 27
180.169.147.146 - - [24/Oct/2022:11:07:42 +0800] "GET /xingrg/all/function/internal_message.html?_=1666580855091&CODE_STATE=getMsg HTTP/1.1" 200 27
101.85.93.18 - - [24/Oct/2022:11:07:45 +0800] "GET /xingrg/all/function/internal_message.html?_=1666580858643&CODE_STATE=getMsg HTTP/1.1" 200 27
222.70.183.206 - - [24/Oct/2022:11:07:48 +0800] "POST /xingrg/kc/buy/cgsh_order_operate.html HTTP/1.1" 200 37
114.83.223.130 - - [24/Oct/2022:11:07:48 +0800] "POST /xingrg/kc/buy/cgsh_list_operate.html HTTP/1.1" 200 6220
120.253.135.82 - - [24/Oct/2022:11:07:49 +0800] "GET /xingrg/check_reg.html?_=1666580659500 HTTP/1.1" 200 22
114.84.81.136 - - [24/Oct/2022:11:07:49 +0800] "GET /xingrg/all/function/internal_message.html?_=1666580864224&CODE_STATE=getMsg HTTP/1.1" 200 27
120.253.135.82 - - [24/Oct/2022:11:07:49 +0800] "GET /xingrg/all/function/internal_message.html?_=1666580659995&CODE_STATE=getMsg HTTP/1.1" 200 27
222.70.183.206 - - [24/Oct/2022:11:07:50 +0800] "POST /xingrg/kc/buy/cgsh_order_operate.html HTTP/1.1" 200 2660
222.70.183.206 - - [24/Oct/2022:11:07:51 +0800] "GET /xingrg/kc/print/load_data.html?order_code=212022102407341&kc_code=cgsh&condition= HTTP/1.1" 200 663
114.83.223.130 - - [24/Oct/2022:11:07:52 +0800] "GET /xingrg/all/function/internal_message.html?_=1666580865009&CODE_STATE=getMsg HTTP/1.1" 200 27
180.169.147.146 - - [24/Oct/2022:11:07:53 +0800] "GET /xingrg/all/function/internal_message.html?_=1666580866719&CODE_STATE=getMsg HTTP/1.1" 200 27
114.83.223.130 - - [24/Oct/2022:11:07:54 +0800] "POST /xingrg/kc/buy/cgsh_list_operate.html HTTP/1.1" 200 6212
116.230.105.139 - - [24/Oct/2022:11:07:57 +0800] "GET /xingrg/all/function/internal_message.html?_=1666580836943&CODE_STATE=getMsg HTTP/1.1" 200 27
222.70.183.206 - - [24/Oct/2022:11:07:58 +0800] "GET /xingrg/kc/buy/cgsh_order_add.html HTTP/1.1" 200 69059
222.70.183.206 - - [24/Oct/2022:11:07:59 +0800] "POST /xingrg/kc/buy/cgsh_order_operate.html HTTP/1.1" 200 8245
222.70.183.206 - - [24/Oct/2022:11:07:59 +0800] "GET /xingrg/javascript/easyui/themes/default/validatebox.css HTTP/1.1" 404 1104
114.83.223.130 - - [24/Oct/2022:11:08:03 +0800] "POST /xingrg/kc/buy/cgsh_list_operate.html HTTP/1.1" 200 502
124.79.243.136 - - [24/Oct/2022:11:08:04 +0800] "GET /xingrg/all/function/internal_message.html?_=1666581085505&CODE_STATE=getMsg HTTP/1.1" 200 27
114.83.223.130 - - [24/Oct/2022:11:08:06 +0800] "GET /xingrg/kc/buy/cgsh_order_info.html?code=212022102206753 HTTP/1.1" 200 64098
114.83.223.130 - - [24/Oct/2022:11:08:06 +0800] "GET /xingrg/javascript/easyui/themes/default/validatebox.css HTTP/1.1" 404 1104
120.253.135.82 - - [24/Oct/2022:11:08:06 +0800] "GET /xingrg/all/function/internal_message.html?_=1666580985064&CODE_STATE=getMsg HTTP/1.1" 200 27
114.83.223.130 - - [24/Oct/2022:11:08:07 +0800] "POST /xingrg/kc/buy/cgsh_order_operate.html HTTP/1.1" 200 2989
114.83.223.130 - - [24/Oct/2022:11:08:08 +0800] "POST /xingrg/kc/buy/cgsh_list_operate.html HTTP/1.1" 200 6212
61.170.232.44 - - [24/Oct/2022:11:08:08 +0800] "GET /xingrg/all/function/internal_message.html?_=1666580881308&CODE_STATE=getMsg HTTP/1.1" 200 27
116.230.114.213 - - [24/Oct/2022:11:08:09 +0800] "GET /xingrg/all/function/internal_message.html?_=1666580888788&CODE_STATE=getMsg HTTP/1.1" 200 27
180.169.147.146 - - [24/Oct/2022:11:08:11 +0800] "GET /xingrg/all/function/internal_message.html?_=1666580885136&CODE_STATE=getMsg HTTP/1.1" 200 27
114.83.223.130 - - [24/Oct/2022:11:08:13 +0800] "GET /xingrg/kc/print/load_data.html?order_code=212022102206753&kc_code=cgsh&condition= HTTP/1.1" 200 1633
222.70.183.206 - - [24/Oct/2022:11:08:15 +0800] "GET /xingrg/kc/buy/cgsh_order_operate.html?command=get_materiel&rest_code=00111&code=00101007144&supplier_code=00100323&order_time=2022-10-24 HTTP/1.1" 200 442
221.239.141.151 - - [24/Oct/2022:11:08:19 +0800] "GET /xingrg/check_reg.html?_=1666580893790 HTTP/1.1" 200 22
221.239.141.151 - - [24/Oct/2022:11:08:19 +0800] "GET /xingrg/all/function/internal_message.html?_=1666580893792&CODE_STATE=getMsg HTTP/1.1" 200 27
58.40.7.146 - - [24/Oct/2022:11:08:21 +0800] "POST /xingrg/services/DataTransmitService HTTP/1.1" 200 524
222.70.183.206 - - [24/Oct/2022:11:08:22 +0800] "GET /xingrg/all/function/internal_message.html?_=1666580895599&CODE_STATE=getMsg HTTP/1.1" 200 27
116.238.139.35 - - [24/Oct/2022:11:08:22 +0800] "GET /xingrg/all/function/internal_message.html?_=1666580896032&CODE_STATE=getMsg HTTP/1.1" 200 27
180.169.147.146 - - [24/Oct/2022:11:08:22 +0800] "GET /xingrg/all/function/internal_message.html?_=1666580894717&CODE_STATE=getMsg HTTP/1.1" 200 27
114.83.223.130 - - [24/Oct/2022:11:08:24 +0800] "POST /xingrg/kc/buy/cgsh_list_operate.html HTTP/1.1" 200 6212
124.79.74.72 - - [24/Oct/2022:11:08:25 +0800] "GET /xingrg/all/function/internal_message.html?_=1666580898877&CODE_STATE=getMsg HTTP/1.1" 200 27
124.79.74.72 - - [24/Oct/2022:11:08:25 +0800] "GET /xingrg/check_reg.html?_=1666580898878 HTTP/1.1" 200 22
114.83.223.130 - - [24/Oct/2022:11:08:26 +0800] "POST /xingrg/kc/buy/cgsh_list_operate.html HTTP/1.1" 200 376
114.83.223.130 - - [24/Oct/2022:11:08:26 +0800] "GET /xingrg/kc/buy/cgsh_order_info.html?code=212022102206747 HTTP/1.1" 200 64097
114.83.223.130 - - [24/Oct/2022:11:08:27 +0800] "GET /xingrg/javascript/easyui/themes/default/validatebox.css HTTP/1.1" 404 1104
222.69.192.207 - - [24/Oct/2022:11:08:27 +0800] "GET /xingrg/all/function/internal_message.html?_=1666580753960&CODE_STATE=getMsg HTTP/1.1" 200 27
114.83.223.130 - - [24/Oct/2022:11:08:28 +0800] "POST /xingrg/kc/buy/cgsh_order_operate.html HTTP/1.1" 200 1849
114.83.223.130 - - [24/Oct/2022:11:08:29 +0800] "GET /xingrg/kc/print/load_data.html?order_code=212022102206747&kc_code=cgsh&condition= HTTP/1.1" 200 1230
114.83.223.130 - - [24/Oct/2022:11:08:30 +0800] "POST /xingrg/kc/buy/cgsh_list_operate.html HTTP/1.1" 200 6212
114.83.223.130 - - [24/Oct/2022:11:08:36 +0800] "POST /xingrg/kc/buy/cgsh_list_operate.html HTTP/1.1" 200 6212
61.170.232.44 - - [24/Oct/2022:11:08:39 +0800] "GET /xingrg/check_reg.html?_=1666580911700 HTTP/1.1" 200 22
222.70.183.206 - - [24/Oct/2022:11:08:39 +0800] "GET /xingrg/kc/buy/cgsh_order_operate.html?command=get_materiel&rest_code=00111&code=00101019489&supplier_code=00100323&order_time=2022-10-24 HTTP/1.1" 200 425
61.170.232.44 - - [24/Oct/2022:11:08:40 +0800] "GET /xingrg/check_reg.html?_=1666580913972 HTTP/1.1" 200 22
61.170.232.44 - - [24/Oct/2022:11:08:40 +0800] "GET /xingrg/all/function/internal_message.html?_=1666580913975&CODE_STATE=getMsg HTTP/1.1" 200 27
114.83.223.130 - - [24/Oct/2022:11:08:41 +0800] "GET /xingrg/all/function/internal_message.html?_=1666580921458&CODE_STATE=getMsg HTTP/1.1" 200 27
114.83.223.130 - - [24/Oct/2022:11:08:41 +0800] "GET /xingrg/check_reg.html?_=1666580921461 HTTP/1.1" 200 22
180.169.147.146 - - [24/Oct/2022:11:08:42 +0800] "GET /xingrg/all/function/internal_message.html?_=1666580915079&CODE_STATE=getMsg HTTP/1.1" 200 27
58.40.7.146 - - [24/Oct/2022:11:08:43 +0800] "GET /favicon.ico HTTP/1.1" 404 -
58.40.7.146 - - [24/Oct/2022:11:08:44 +0800] "POST /xingrg/services/DataTransmitService HTTP/1.1" 200 524
101.85.93.18 - - [24/Oct/2022:11:08:45 +0800] "GET /xingrg/all/function/internal_message.html?_=1666580918669&CODE_STATE=getMsg HTTP/1.1" 200 27
58.40.7.146 - - [24/Oct/2022:11:08:45 +0800] "GET /favicon.ico HTTP/1.1" 404 -
114.83.223.130 - - [24/Oct/2022:11:08:47 +0800] "POST /xingrg/kc/buy/cgsh_list_operate.html HTTP/1.1" 200 202
114.84.81.136 - - [24/Oct/2022:11:08:49 +0800] "GET /xingrg/all/function/internal_message.html?_=1666580924224&CODE_STATE=getMsg HTTP/1.1" 200 27
120.253.135.82 - - [24/Oct/2022:11:08:49 +0800] "GET /xingrg/all/function/internal_message.html?_=1666580720009&CODE_STATE=getMsg HTTP/1.1" 200 27
114.83.223.130 - - [24/Oct/2022:11:08:52 +0800] "GET /xingrg/all/function/internal_message.html?_=1666580925103&CODE_STATE=getMsg HTTP/1.1" 200 27
114.83.223.130 - - [24/Oct/2022:11:08:52 +0800] "GET /xingrg/check_reg.html?_=1666580925184 HTTP/1.1" 200 22
114.83.223.130 - - [24/Oct/2022:11:08:52 +0800] "GET /xingrg/kc/buy/cgsh_order_info.html?code=212022102206744 HTTP/1.1" 200 64098
114.83.223.130 - - [24/Oct/2022:11:08:53 +0800] "GET /xingrg/javascript/easyui/themes/default/validatebox.css HTTP/1.1" 404 1104
180.169.147.146 - - [24/Oct/2022:11:08:53 +0800] "GET /xingrg/all/function/internal_message.html?_=1666580926721&CODE_STATE=getMsg HTTP/1.1" 200 27
120.253.135.82 - - [24/Oct/2022:11:08:55 +0800] "GET /xingrg/check_reg.html?_=1666581033522 HTTP/1.1" 200 22
222.70.183.206 - - [24/Oct/2022:11:08:56 +0800] "POST /xingrg/kc/buy/cgsh_order_operate.html HTTP/1.1" 200 37
114.83.223.130 - - [24/Oct/2022:11:08:56 +0800] "POST /xingrg/kc/buy/cgsh_order_operate.html HTTP/1.1" 200 608
114.83.223.130 - - [24/Oct/2022:11:08:57 +0800] "POST /xingrg/kc/buy/cgsh_list_operate.html HTTP/1.1" 200 6212
116.230.105.139 - - [24/Oct/2022:11:08:57 +0800] "GET /xingrg/check_reg.html?_=1666580896951 HTTP/1.1" 200 22
116.230.105.139 - - [24/Oct/2022:11:08:57 +0800] "GET /xingrg/all/function/internal_message.html?_=1666580896952&CODE_STATE=getMsg HTTP/1.1" 200 27
222.70.183.206 - - [24/Oct/2022:11:08:58 +0800] "POST /xingrg/kc/buy/cgsh_order_operate.html HTTP/1.1" 200 3268
222.70.183.206 - - [24/Oct/2022:11:09:00 +0800] "GET /xingrg/kc/print/load_data.html?order_code=212022102407342&kc_code=cgsh&condition= HTTP/1.1" 200 918
114.88.159.190 - - [24/Oct/2022:11:09:03 +0800] "GET /xingrg/check_reg.html?_=1666580563817 HTTP/1.1" 200 22
124.79.243.136 - - [24/Oct/2022:11:09:04 +0800] "GET /xingrg/all/function/internal_message.html?_=1666581145519&CODE_STATE=getMsg HTTP/1.1" 200 27
120.253.135.82 - - [24/Oct/2022:11:09:06 +0800] "GET /xingrg/all/function/internal_message.html?_=1666581045073&CODE_STATE=getMsg HTTP/1.1" 200 27
222.70.183.206 - - [24/Oct/2022:11:09:07 +0800] "GET /xingrg/kc/buy/cgsh_order_add.html HTTP/1.1" 200 69059
222.70.183.206 - - [24/Oct/2022:11:09:07 +0800] "POST /xingrg/kc/buy/cgsh_order_operate.html HTTP/1.1" 200 8245
222.70.183.206 - - [24/Oct/2022:11:09:07 +0800] "GET /xingrg/javascript/easyui/themes/default/validatebox.css HTTP/1.1" 404 1104
114.83.223.130 - - [24/Oct/2022:11:09:07 +0800] "GET /xingrg/kc/print/load_data.html?order_code=212022102206744&kc_code=cgsh&condition= HTTP/1.1" 200 715
61.170.232.44 - - [24/Oct/2022:11:09:08 +0800] "GET /xingrg/all/function/internal_message.html?_=1666580941279&CODE_STATE=getMsg HTTP/1.1" 200 27
116.230.114.213 - - [24/Oct/2022:11:09:09 +0800] "GET /xingrg/all/function/internal_message.html?_=1666580948829&CODE_STATE=getMsg HTTP/1.1" 200 27
180.169.147.146 - - [24/Oct/2022:11:09:11 +0800] "GET /xingrg/all/function/internal_message.html?_=1666580945121&CODE_STATE=getMsg HTTP/1.1" 200 27
180.169.147.146 - - [24/Oct/2022:11:09:11 +0800] "GET /xingrg/check_reg.html?_=1666580945178 HTTP/1.1" 200 22
222.69.192.207 - - [24/Oct/2022:11:09:14 +0800] "GET /xingrg/kc/buy/cgsh_order_operate.html?command=get_materiel&rest_code=00105&code=00101006306&supplier_code=00100096&order_time=2022-10-24 HTTP/1.1" 200 412
221.239.141.151 - - [24/Oct/2022:11:09:19 +0800] "GET /xingrg/all/function/internal_message.html?_=1666580953781&CODE_STATE=getMsg HTTP/1.1" 200 27
222.70.183.206 - - [24/Oct/2022:11:09:20 +0800] "GET /xingrg/kc/buy/cgsh_order_operate.html?command=get_materiel&rest_code=00111&code=00101004051&supplier_code=00100312&order_time=2022-10-24 HTTP/1.1" 200 408
222.70.183.206 - - [24/Oct/2022:11:09:22 +0800] "GET /xingrg/all/function/internal_message.html?_=1666580955589&CODE_STATE=getMsg HTTP/1.1" 200 27
116.238.139.35 - - [24/Oct/2022:11:09:22 +0800] "GET /xingrg/all/function/internal_message.html?_=1666580956035&CODE_STATE=getMsg HTTP/1.1" 200 27
180.169.147.146 - - [24/Oct/2022:11:09:22 +0800] "GET /xingrg/all/function/internal_message.html?_=1666580954718&CODE_STATE=getMsg HTTP/1.1" 200 27
124.79.74.72 - - [24/Oct/2022:11:09:25 +0800] "GET /xingrg/all/function/internal_message.html?_=1666580958877&CODE_STATE=getMsg HTTP/1.1" 200 27
124.79.74.72 - - [24/Oct/2022:11:09:27 +0800] "GET /xingrg/javascript/auto/indicator.gif HTTP/1.1" 404 1066
222.69.192.207 - - [24/Oct/2022:11:09:27 +0800] "GET /xingrg/all/function/internal_message.html?_=1666580813963&CODE_STATE=getMsg HTTP/1.1" 200 27
61.170.232.44 - - [24/Oct/2022:11:09:40 +0800] "GET /xingrg/all/function/internal_message.html?_=1666580973975&CODE_STATE=getMsg HTTP/1.1" 200 27
114.83.223.130 - - [24/Oct/2022:11:09:41 +0800] "GET /xingrg/all/function/internal_message.html?_=1666580981458&CODE_STATE=getMsg HTTP/1.1" 200 27
222.70.183.206 - - [24/Oct/2022:11:09:41 +0800] "GET /xingrg/kc/buy/cgsh_order_operate.html?command=get_materiel&rest_code=00111&code=00101004046&supplier_code=00100312&order_time=2022-10-24 HTTP/1.1" 200 417
180.169.147.146 - - [24/Oct/2022:11:09:42 +0800] "GET /xingrg/all/function/internal_message.html?_=1666580975065&CODE_STATE=getMsg HTTP/1.1" 200 27
101.85.93.18 - - [24/Oct/2022:11:09:45 +0800] "GET /xingrg/all/function/internal_message.html?_=1666580978668&CODE_STATE=getMsg HTTP/1.1" 200 27
114.84.81.136 - - [24/Oct/2022:11:09:49 +0800] "GET /xingrg/all/function/internal_message.html?_=1666580984226&CODE_STATE=getMsg HTTP/1.1" 200 27
222.70.183.206 - - [24/Oct/2022:11:09:51 +0800] "GET /xingrg/kc/buy/cgsh_order_operate.html?command=get_materiel&rest_code=00111&code=00101004067&supplier_code=00100312&order_time=2022-10-24 HTTP/1.1" 200 413
114.83.223.130 - - [24/Oct/2022:11:09:52 +0800] "GET /xingrg/all/function/internal_message.html?_=1666580985088&CODE_STATE=getMsg HTTP/1.1" 200 27
180.169.147.146 - - [24/Oct/2022:11:09:53 +0800] "GET /xingrg/all/function/internal_message.html?_=1666580986720&CODE_STATE=getMsg HTTP/1.1" 200 27
116.230.114.213 - - [24/Oct/2022:11:09:57 +0800] "GET /xingrg/check_reg.html?_=1666580996903 HTTP/1.1" 200 22
116.230.105.139 - - [24/Oct/2022:11:09:57 +0800] "GET /xingrg/all/function/internal_message.html?_=1666580956948&CODE_STATE=getMsg HTTP/1.1" 200 27
222.70.183.206 - - [24/Oct/2022:11:10:03 +0800] "GET /xingrg/kc/buy/cgsh_order_operate.html?command=get_materiel&rest_code=00111&code=00101004061&supplier_code=00100312&order_time=2022-10-24 HTTP/1.1" 200 409
222.69.192.207 - - [24/Oct/2022:11:10:03 +0800] "GET /xingrg/kc/buy/cgsh_order_operate.html?command=get_materiel&rest_code=00105&code=00101006222&supplier_code=00100096&order_time=2022-10-24 HTTP/1.1" 200 417
124.79.243.136 - - [24/Oct/2022:11:10:04 +0800] "GET /xingrg/all/function/internal_message.html?_=1666581205540&CODE_STATE=getMsg HTTP/1.1" 200 27
120.253.135.82 - - [24/Oct/2022:11:10:06 +0800] "GET /xingrg/all/function/internal_message.html?_=1666581105087&CODE_STATE=getMsg HTTP/1.1" 200 27
61.170.232.44 - - [24/Oct/2022:11:10:08 +0800] "GET /xingrg/all/function/internal_message.html?_=1666581001256&CODE_STATE=getMsg HTTP/1.1" 200 27
116.230.114.213 - - [24/Oct/2022:11:10:09 +0800] "GET /xingrg/all/function/internal_message.html?_=1666581008831&CODE_STATE=getMsg HTTP/1.1" 200 27
180.169.147.146 - - [24/Oct/2022:11:10:11 +0800] "GET /xingrg/all/function/internal_message.html?_=1666581005108&CODE_STATE=getMsg HTTP/1.1" 200 27
221.239.141.151 - - [24/Oct/2022:11:10:19 +0800] "GET /xingrg/all/function/internal_message.html?_=1666581013773&CODE_STATE=getMsg HTTP/1.1" 200 27
222.70.183.206 - - [24/Oct/2022:11:10:19 +0800] "GET /xingrg/kc/buy/cgsh_order_operate.html?command=get_materiel&rest_code=00111&code=00101005017&supplier_code=00100312&order_time=2022-10-24 HTTP/1.1" 200 409
222.70.183.206 - - [24/Oct/2022:11:10:22 +0800] "GET /xingrg/check_reg.html?_=1666581015582 HTTP/1.1" 200 22
222.70.183.206 - - [24/Oct/2022:11:10:22 +0800] "GET /xingrg/all/function/internal_message.html?_=1666581015578&CODE_STATE=getMsg HTTP/1.1" 200 27
116.238.139.35 - - [24/Oct/2022:11:10:22 +0800] "GET /xingrg/all/function/internal_message.html?_=1666581016046&CODE_STATE=getMsg HTTP/1.1" 200 27
180.169.147.146 - - [24/Oct/2022:11:10:22 +0800] "GET /xingrg/all/function/internal_message.html?_=1666581014717&CODE_STATE=getMsg HTTP/1.1" 200 27
124.79.74.72 - - [24/Oct/2022:11:10:25 +0800] "GET /xingrg/all/function/internal_message.html?_=1666581018877&CODE_STATE=getMsg HTTP/1.1" 200 27
222.69.192.207 - - [24/Oct/2022:11:10:27 +0800] "GET /xingrg/all/function/internal_message.html?_=1666580873976&CODE_STATE=getMsg HTTP/1.1" 200 27
222.69.192.207 - - [24/Oct/2022:11:10:39 +0800] "POST /xingrg/kc/buy/cgsh_order_operate.html HTTP/1.1" 200 37
61.170.232.44 - - [24/Oct/2022:11:10:40 +0800] "GET /xingrg/all/function/internal_message.html?_=1666581033976&CODE_STATE=getMsg HTTP/1.1" 200 27
222.70.183.206 - - [24/Oct/2022:11:10:40 +0800] "GET /xingrg/kc/buy/cgsh_order_operate.html?command=get_materiel&rest_code=00111&code=00101004030&supplier_code=00100312&order_time=2022-10-24 HTTP/1.1" 200 408
222.69.192.207 - - [24/Oct/2022:11:10:40 +0800] "POST /xingrg/kc/buy/cgsh_order_operate.html HTTP/1.1" 200 2663
114.83.223.130 - - [24/Oct/2022:11:10:41 +0800] "GET /xingrg/all/function/internal_message.html?_=1666581041475&CODE_STATE=getMsg HTTP/1.1" 200 27
180.169.147.146 - - [24/Oct/2022:11:10:42 +0800] "GET /xingrg/all/function/internal_message.html?_=1666581035051&CODE_STATE=getMsg HTTP/1.1" 200 27
222.69.192.207 - - [24/Oct/2022:11:10:44 +0800] "GET /xingrg/kc/print/load_data.html?order_code=212022102407343&kc_code=cgsh&condition= HTTP/1.1" 200 650
101.85.93.18 - - [24/Oct/2022:11:10:45 +0800] "GET /xingrg/check_reg.html?_=1666581038669 HTTP/1.1" 200 22
101.85.93.18 - - [24/Oct/2022:11:10:45 +0800] "GET /xingrg/all/function/internal_message.html?_=1666581038672&CODE_STATE=getMsg HTTP/1.1" 200 27
222.70.183.206 - - [24/Oct/2022:11:10:48 +0800] "GET /xingrg/kc/buy/cgsh_order_operate.html?command=get_materiel&rest_code=00111&code=00101004057&supplier_code=00100312&order_time=2022-10-24 HTTP/1.1" 200 409
114.84.81.136 - - [24/Oct/2022:11:10:49 +0800] "GET /xingrg/all/function/internal_message.html?_=1666581044227&CODE_STATE=getMsg HTTP/1.1" 200 27
114.83.223.130 - - [24/Oct/2022:11:10:50 +0800] "POST /xingrg/kc/buy/cgsh_list_operate.html HTTP/1.1" 200 6212
114.83.223.130 - - [24/Oct/2022:11:10:52 +0800] "GET /xingrg/all/function/internal_message.html?_=1666581045069&CODE_STATE=getMsg HTTP/1.1" 200 27
180.169.147.146 - - [24/Oct/2022:11:10:53 +0800] "GET /xingrg/all/function/internal_message.html?_=1666581046723&CODE_STATE=getMsg HTTP/1.1" 200 27
114.83.223.130 - - [24/Oct/2022:11:10:53 +0800] "POST /xingrg/kc/buy/cgsh_list_operate.html HTTP/1.1" 200 208
