114.88.159.190 - - [24/Oct/2022:08:04:03 +0800] "GET /xingrg/check_reg.html?_=1666569464131 HTTP/1.1" 200 22
116.230.114.213 - - [24/Oct/2022:08:04:04 +0800] "GET /xingrg/all/function/internal_message.html?_=1666569843709&CODE_STATE=getMsg HTTP/1.1" 200 27
120.253.135.82 - - [24/Oct/2022:08:04:05 +0800] "GET /xingrg/all/function/internal_message.html?_=1666569635778&CODE_STATE=getMsg HTTP/1.1" 200 27
120.253.135.82 - - [24/Oct/2022:08:04:11 +0800] "GET /xingrg/kc/pszx/mdqp_order_list.html?state=10 HTTP/1.1" 200 10223
120.253.135.82 - - [24/Oct/2022:08:04:11 +0800] "GET /xingrg/dwr/interface/AjaxReportQueryService.js HTTP/1.1" 200 13203
120.253.135.82 - - [24/Oct/2022:08:04:11 +0800] "GET /xingrg/dwr/interface/AjaxQqpsService.js HTTP/1.1" 200 16326
120.253.135.82 - - [24/Oct/2022:08:04:11 +0800] "GET /xingrg/dwr/engine.js HTTP/1.1" 200 43631
116.230.105.139 - - [24/Oct/2022:08:04:15 +0800] "GET /xingrg/all/function/internal_message.html?_=1666569814644&CODE_STATE=getMsg HTTP/1.1" 200 27
116.238.139.35 - - [24/Oct/2022:08:04:16 +0800] "GET /xingrg/all/function/internal_message.html?_=1666569788223&CODE_STATE=getMsg HTTP/1.1" 200 27
116.230.105.139 - - [24/Oct/2022:08:04:35 +0800] "GET /xingrg/check_reg.html?_=1666569834834 HTTP/1.1" 200 22
180.169.147.146 - - [24/Oct/2022:08:04:41 +0800] "GET /xingrg/all/function/internal_message.html?_=1666569874552&CODE_STATE=getMsg HTTP/1.1" 200 27
114.84.81.136 - - [24/Oct/2022:08:04:48 +0800] "GET /xingrg/all/function/internal_message.html?_=1666569883725&CODE_STATE=getMsg HTTP/1.1" 200 27
120.253.135.82 - - [24/Oct/2022:08:04:51 +0800] "GET /xingrg/all/function/internal_message.html?_=1666569990610&CODE_STATE=getMsg HTTP/1.1" 200 27
116.230.114.213 - - [24/Oct/2022:08:04:57 +0800] "GET /xingrg/check_reg.html?_=1666569896694 HTTP/1.1" 200 22
116.230.114.213 - - [24/Oct/2022:08:05:04 +0800] "GET /xingrg/all/function/internal_message.html?_=1666569903713&CODE_STATE=getMsg HTTP/1.1" 200 27
180.169.147.146 - - [24/Oct/2022:08:05:14 +0800] "GET /xingrg/check_reg.html?_=1666569913096 HTTP/1.1" 200 22
116.230.105.139 - - [24/Oct/2022:08:05:15 +0800] "GET /xingrg/all/function/internal_message.html?_=1666569874624&CODE_STATE=getMsg HTTP/1.1" 200 27
116.238.139.35 - - [24/Oct/2022:08:05:16 +0800] "GET /xingrg/all/function/internal_message.html?_=1666569848234&CODE_STATE=getMsg HTTP/1.1" 200 27
101.85.93.18 - - [24/Oct/2022:08:05:24 +0800] "GET /favicon.ico HTTP/1.1" 404 -
101.85.93.18 - - [24/Oct/2022:08:05:34 +0800] "GET /xingrg/login.html HTTP/1.1" 200 7641
101.85.93.18 - - [24/Oct/2022:08:05:36 +0800] "GET /xingrg/images/blue/jxLogo.png HTTP/1.1" 304 -
101.85.93.18 - - [24/Oct/2022:08:05:38 +0800] "GET /xingrg/images/blue/login_bg.png HTTP/1.1" 304 -
101.85.93.18 - - [24/Oct/2022:08:05:38 +0800] "GET /xingrg/images/blue/srbg.png HTTP/1.1" 304 -
101.85.93.18 - - [24/Oct/2022:08:05:38 +0800] "GET /xingrg/images/blue/hj.png HTTP/1.1" 304 -
101.85.93.18 - - [24/Oct/2022:08:05:39 +0800] "GET /favicon.ico HTTP/1.1" 404 -
180.169.147.146 - - [24/Oct/2022:08:05:41 +0800] "GET /xingrg/all/function/internal_message.html?_=1666569934551&CODE_STATE=getMsg HTTP/1.1" 200 27
101.85.93.18 - - [24/Oct/2022:08:05:42 +0800] "POST /xingrg/login.do HTTP/1.1" 302 -
101.85.93.18 - - [24/Oct/2022:08:05:42 +0800] "GET /xingrg/index.html?sysBaseUrl=http%3A%2F%2F180.169.147.146%3A18081%2Fxingrg%2F&costTime=109×tamp=1666569942568 HTTP/1.1" 200 17179
101.85.93.18 - - [24/Oct/2022:08:05:42 +0800] "GET /xingrg/javascript/jquery_easy_ui/themes/default/easyui.css HTTP/1.1" 304 -
101.85.93.18 - - [24/Oct/2022:08:05:42 +0800] "GET /xingrg/javascript/jquery_easy_ui/themes/icon.css HTTP/1.1" 304 -
101.85.93.18 - - [24/Oct/2022:08:05:42 +0800] "GET /xingrg/css/form.css HTTP/1.1" 304 -
101.85.93.18 - - [24/Oct/2022:08:05:42 +0800] "GET /xingrg/javascript/jquery.form.js HTTP/1.1" 304 -
101.85.93.18 - - [24/Oct/2022:08:05:42 +0800] "GET /xingrg/javascript/jquery.utils.js HTTP/1.1" 304 -
101.85.93.18 - - [24/Oct/2022:08:05:42 +0800] "GET /xingrg/javascript/jquery-1.4.2.min.js HTTP/1.1" 304 -
101.85.93.18 - - [24/Oct/2022:08:05:42 +0800] "GET /xingrg/javascript/jquery_easy_ui/easyui-lang-zh_CN.js HTTP/1.1" 304 -
101.85.93.18 - - [24/Oct/2022:08:05:42 +0800] "GET /xingrg/javascript/jquery_easy_ui/jquery.easyui.min.js HTTP/1.1" 304 -
101.85.93.18 - - [24/Oct/2022:08:05:42 +0800] "GET /xingrg/javascript/jquery.timers.js HTTP/1.1" 304 -
101.85.93.18 - - [24/Oct/2022:08:05:43 +0800] "GET /favicon.ico HTTP/1.1" 404 -
101.85.93.18 - - [24/Oct/2022:08:05:43 +0800] "GET /xingrg/images/blue/navBackgound.jpg HTTP/1.1" 304 -
101.85.93.18 - - [24/Oct/2022:08:05:43 +0800] "GET /xingrg/javascript/jquery_easy_ui/themes/icons/settle_new.png HTTP/1.1" 304 -
101.85.93.18 - - [24/Oct/2022:08:05:43 +0800] "POST /xingrg/all/common/load_tree.html?tree=area_rest_tree_json&manage=1 HTTP/1.1" 200 351
101.85.93.18 - - [24/Oct/2022:08:05:44 +0800] "GET /xingrg/check_reg.html?_=1666569934908 HTTP/1.1" 200 22
101.85.93.18 - - [24/Oct/2022:08:05:44 +0800] "GET /xingrg/all/function/internal_message.html?_=1666569934900&CODE_STATE=count HTTP/1.1" 200 11
101.85.93.18 - - [24/Oct/2022:08:05:44 +0800] "GET /xingrg/images/blue/pingpu.png HTTP/1.1" 304 -
101.85.93.18 - - [24/Oct/2022:08:05:44 +0800] "GET /xingrg/javascript/jquery_easy_ui/themes/default/images/tabs_leftarrow.png HTTP/1.1" 304 -
101.85.93.18 - - [24/Oct/2022:08:05:44 +0800] "GET /xingrg/javascript/jquery_easy_ui/themes/default/images/panel_tool_collapse.gif HTTP/1.1" 304 -
101.85.93.18 - - [24/Oct/2022:08:05:44 +0800] "GET /xingrg/javascript/jquery_easy_ui/themes/default/images/tabs_rightarrow.png HTTP/1.1" 304 -
101.85.93.18 - - [24/Oct/2022:08:05:44 +0800] "POST /xingrg/load_menu.html HTTP/1.1" 200 5138
101.85.93.18 - - [24/Oct/2022:08:05:45 +0800] "GET /xingrg/javascript/jquery_easy_ui/themes/default/images/tree_folder.gif HTTP/1.1" 304 -
101.85.93.18 - - [24/Oct/2022:08:05:45 +0800] "GET /xingrg/javascript/jquery_easy_ui/themes/default/images/tree_folder_open.gif HTTP/1.1" 304 -
101.85.93.18 - - [24/Oct/2022:08:05:45 +0800] "GET /xingrg/javascript/jquery_easy_ui/themes/icons/search_new.png HTTP/1.1" 304 -
101.85.93.18 - - [24/Oct/2022:08:05:45 +0800] "GET /xingrg/javascript/jquery_easy_ui/themes/default/images/tree_arrows.gif HTTP/1.1" 304 -
101.85.93.18 - - [24/Oct/2022:08:05:45 +0800] "GET /xingrg/javascript/jquery_easy_ui/themes/icons/storage_new.png HTTP/1.1" 304 -
101.85.93.18 - - [24/Oct/2022:08:05:45 +0800] "GET /xingrg/javascript/jquery_easy_ui/themes/icons/forms_new.png HTTP/1.1" 304 -
101.85.93.18 - - [24/Oct/2022:08:05:45 +0800] "GET /xingrg/javascript/jquery_easy_ui/themes/default/images/tree_file.gif HTTP/1.1" 304 -
114.84.81.136 - - [24/Oct/2022:08:05:48 +0800] "GET /xingrg/all/function/internal_message.html?_=1666569943752&CODE_STATE=getMsg HTTP/1.1" 200 27
120.253.135.82 - - [24/Oct/2022:08:05:51 +0800] "GET /xingrg/all/function/internal_message.html?_=1666570050623&CODE_STATE=getMsg HTTP/1.1" 200 27
101.85.93.18 - - [24/Oct/2022:08:06:02 +0800] "GET /xingrg/javascript/jquery_easy_ui/themes/icons/area.png HTTP/1.1" 304 -
101.85.93.18 - - [24/Oct/2022:08:06:02 +0800] "GET /xingrg/javascript/jquery_easy_ui/themes/icons/rest.png HTTP/1.1" 304 -
116.230.114.213 - - [24/Oct/2022:08:06:04 +0800] "GET /xingrg/all/function/internal_message.html?_=1666569963726&CODE_STATE=getMsg HTTP/1.1" 200 27
116.230.105.139 - - [24/Oct/2022:08:06:15 +0800] "GET /xingrg/all/function/internal_message.html?_=1666569934597&CODE_STATE=getMsg HTTP/1.1" 200 27
116.238.139.35 - - [24/Oct/2022:08:06:16 +0800] "GET /xingrg/all/function/internal_message.html?_=1666569908263&CODE_STATE=getMsg HTTP/1.1" 200 27
180.169.147.146 - - [24/Oct/2022:08:06:41 +0800] "GET /xingrg/all/function/internal_message.html?_=1666569994532&CODE_STATE=getMsg HTTP/1.1" 200 27
101.85.93.18 - - [24/Oct/2022:08:06:44 +0800] "GET /xingrg/all/function/internal_message.html?_=1666569994914&CODE_STATE=getMsg HTTP/1.1" 200 27
114.84.81.136 - - [24/Oct/2022:08:06:48 +0800] "GET /xingrg/check_reg.html?_=1666570003752 HTTP/1.1" 200 22
114.84.81.136 - - [24/Oct/2022:08:06:48 +0800] "GET /xingrg/all/function/internal_message.html?_=1666570003756&CODE_STATE=getMsg HTTP/1.1" 200 27
120.253.135.82 - - [24/Oct/2022:08:06:51 +0800] "GET /xingrg/all/function/internal_message.html?_=1666570110737&CODE_STATE=getMsg HTTP/1.1" 200 27
116.238.139.35 - - [24/Oct/2022:08:07:01 +0800] "GET /xingrg/check_reg.html?_=1666569953944 HTTP/1.1" 200 22
116.230.114.213 - - [24/Oct/2022:08:07:04 +0800] "GET /xingrg/all/function/internal_message.html?_=1666570023784&CODE_STATE=getMsg HTTP/1.1" 200 27
116.230.105.139 - - [24/Oct/2022:08:07:15 +0800] "GET /xingrg/all/function/internal_message.html?_=1666569994581&CODE_STATE=getMsg HTTP/1.1" 200 27
116.238.139.35 - - [24/Oct/2022:08:07:16 +0800] "GET /xingrg/all/function/internal_message.html?_=1666569968276&CODE_STATE=getMsg HTTP/1.1" 200 27
180.169.147.146 - - [24/Oct/2022:08:07:40 +0800] "GET /xingrg/check_reg.html?_=1666570053292 HTTP/1.1" 200 22
180.169.147.146 - - [24/Oct/2022:08:07:41 +0800] "GET /xingrg/all/function/internal_message.html?_=1666570054526&CODE_STATE=getMsg HTTP/1.1" 200 27
101.85.93.18 - - [24/Oct/2022:08:07:44 +0800] "GET /xingrg/all/function/internal_message.html?_=1666570058512&CODE_STATE=getMsg HTTP/1.1" 200 27
114.84.81.136 - - [24/Oct/2022:08:07:48 +0800] "GET /xingrg/all/function/internal_message.html?_=1666570063757&CODE_STATE=getMsg HTTP/1.1" 200 27
120.253.135.82 - - [24/Oct/2022:08:07:52 +0800] "GET /xingrg/all/function/internal_message.html?_=1666570170743&CODE_STATE=getMsg HTTP/1.1" 200 27
116.230.114.213 - - [24/Oct/2022:08:08:04 +0800] "GET /xingrg/all/function/internal_message.html?_=1666570083786&CODE_STATE=getMsg HTTP/1.1" 200 27
116.230.105.139 - - [24/Oct/2022:08:08:15 +0800] "GET /xingrg/all/function/internal_message.html?_=1666570054576&CODE_STATE=getMsg HTTP/1.1" 200 27
116.238.139.35 - - [24/Oct/2022:08:08:16 +0800] "GET /xingrg/all/function/internal_message.html?_=1666570028289&CODE_STATE=getMsg HTTP/1.1" 200 27
180.169.147.146 - - [24/Oct/2022:08:08:41 +0800] "GET /xingrg/all/function/internal_message.html?_=1666570114678&CODE_STATE=getMsg HTTP/1.1" 200 27
101.85.93.18 - - [24/Oct/2022:08:08:44 +0800] "GET /xingrg/all/function/internal_message.html?_=1666570118514&CODE_STATE=getMsg HTTP/1.1" 200 27
114.84.81.136 - - [24/Oct/2022:08:08:48 +0800] "GET /xingrg/all/function/internal_message.html?_=1666570123744&CODE_STATE=getMsg HTTP/1.1" 200 27
120.253.135.82 - - [24/Oct/2022:08:08:50 +0800] "GET /xingrg/check_reg.html?_=1666570229542 HTTP/1.1" 200 22
120.253.135.82 - - [24/Oct/2022:08:08:51 +0800] "GET /xingrg/all/function/internal_message.html?_=1666570230756&CODE_STATE=getMsg HTTP/1.1" 200 27
114.88.159.190 - - [24/Oct/2022:08:09:03 +0800] "GET /xingrg/check_reg.html?_=1666569764099 HTTP/1.1" 200 22
116.230.114.213 - - [24/Oct/2022:08:09:04 +0800] "GET /xingrg/all/function/internal_message.html?_=1666570143847&CODE_STATE=getMsg HTTP/1.1" 200 27
116.230.105.139 - - [24/Oct/2022:08:09:15 +0800] "GET /xingrg/all/function/internal_message.html?_=1666570114558&CODE_STATE=getMsg HTTP/1.1" 200 27
116.238.139.35 - - [24/Oct/2022:08:09:16 +0800] "GET /xingrg/all/function/internal_message.html?_=1666570088320&CODE_STATE=getMsg HTTP/1.1" 200 27
116.230.105.139 - - [24/Oct/2022:08:09:35 +0800] "GET /xingrg/check_reg.html?_=1666570134850 HTTP/1.1" 200 22
180.169.147.146 - - [24/Oct/2022:08:09:41 +0800] "GET /xingrg/all/function/internal_message.html?_=1666570174822&CODE_STATE=getMsg HTTP/1.1" 200 27
101.85.93.18 - - [24/Oct/2022:08:09:44 +0800] "GET /xingrg/all/function/internal_message.html?_=1666570178508&CODE_STATE=getMsg HTTP/1.1" 200 27
114.84.81.136 - - [24/Oct/2022:08:09:48 +0800] "GET /xingrg/all/function/internal_message.html?_=1666570183745&CODE_STATE=getMsg HTTP/1.1" 200 27
120.253.135.82 - - [24/Oct/2022:08:09:52 +0800] "GET /xingrg/all/function/internal_message.html?_=1666570290770&CODE_STATE=getMsg HTTP/1.1" 200 27
116.230.114.213 - - [24/Oct/2022:08:09:57 +0800] "GET /xingrg/check_reg.html?_=1666570196700 HTTP/1.1" 200 22
116.230.114.213 - - [24/Oct/2022:08:10:04 +0800] "GET /xingrg/all/function/internal_message.html?_=1666570203859&CODE_STATE=getMsg HTTP/1.1" 200 27
180.169.147.146 - - [24/Oct/2022:08:10:14 +0800] "GET /xingrg/check_reg.html?_=1666570213115 HTTP/1.1" 200 22
116.230.105.139 - - [24/Oct/2022:08:10:15 +0800] "GET /xingrg/all/function/internal_message.html?_=1666570174544&CODE_STATE=getMsg HTTP/1.1" 200 27
116.238.139.35 - - [24/Oct/2022:08:10:16 +0800] "GET /xingrg/all/function/internal_message.html?_=1666570148332&CODE_STATE=getMsg HTTP/1.1" 200 27
180.169.147.146 - - [24/Oct/2022:08:10:42 +0800] "GET /xingrg/all/function/internal_message.html?_=1666570235300&CODE_STATE=getMsg HTTP/1.1" 200 27
101.85.93.18 - - [24/Oct/2022:08:10:44 +0800] "GET /xingrg/all/function/internal_message.html?_=1666570238507&CODE_STATE=getMsg HTTP/1.1" 200 27
101.85.93.18 - - [24/Oct/2022:08:10:44 +0800] "GET /xingrg/check_reg.html?_=1666570238504 HTTP/1.1" 200 22
114.84.81.136 - - [24/Oct/2022:08:10:48 +0800] "GET /xingrg/all/function/internal_message.html?_=1666570243745&CODE_STATE=getMsg HTTP/1.1" 200 27
120.253.135.82 - - [24/Oct/2022:08:10:52 +0800] "GET /xingrg/all/function/internal_message.html?_=1666570350790&CODE_STATE=getMsg HTTP/1.1" 200 27
116.230.114.213 - - [24/Oct/2022:08:11:04 +0800] "GET /xingrg/all/function/internal_message.html?_=1666570263874&CODE_STATE=getMsg HTTP/1.1" 200 27
116.230.105.139 - - [24/Oct/2022:08:11:15 +0800] "GET /xingrg/all/function/internal_message.html?_=1666570234521&CODE_STATE=getMsg HTTP/1.1" 200 27
116.238.139.35 - - [24/Oct/2022:08:11:16 +0800] "GET /xingrg/all/function/internal_message.html?_=1666570208363&CODE_STATE=getMsg HTTP/1.1" 200 27
180.169.147.146 - - [24/Oct/2022:08:11:42 +0800] "GET /xingrg/all/function/internal_message.html?_=1666570295276&CODE_STATE=getMsg HTTP/1.1" 200 27
101.85.93.18 - - [24/Oct/2022:08:11:44 +0800] "GET /xingrg/all/function/internal_message.html?_=1666570298506&CODE_STATE=getMsg HTTP/1.1" 200 27
114.84.81.136 - - [24/Oct/2022:08:11:48 +0800] "GET /xingrg/all/function/internal_message.html?_=1666570303746&CODE_STATE=getMsg HTTP/1.1" 200 27
114.84.81.136 - - [24/Oct/2022:08:11:48 +0800] "GET /xingrg/check_reg.html?_=1666570303750 HTTP/1.1" 200 22
120.253.135.82 - - [24/Oct/2022:08:11:52 +0800] "GET /xingrg/all/function/internal_message.html?_=1666570410893&CODE_STATE=getMsg HTTP/1.1" 200 27
116.238.139.35 - - [24/Oct/2022:08:12:01 +0800] "GET /xingrg/check_reg.html?_=1666570253945 HTTP/1.1" 200 22
116.230.114.213 - - [24/Oct/2022:08:12:05 +0800] "GET /xingrg/all/function/internal_message.html?_=1666570323926&CODE_STATE=getMsg HTTP/1.1" 200 27
116.230.105.139 - - [24/Oct/2022:08:12:15 +0800] "GET /xingrg/all/function/internal_message.html?_=1666570294493&CODE_STATE=getMsg HTTP/1.1" 200 27
116.238.139.35 - - [24/Oct/2022:08:12:16 +0800] "GET /xingrg/all/function/internal_message.html?_=1666570268375&CODE_STATE=getMsg HTTP/1.1" 200 27
180.169.147.146 - - [24/Oct/2022:08:12:40 +0800] "GET /xingrg/check_reg.html?_=1666570353273 HTTP/1.1" 200 22
180.169.147.146 - - [24/Oct/2022:08:12:42 +0800] "GET /xingrg/all/function/internal_message.html?_=1666570355260&CODE_STATE=getMsg HTTP/1.1" 200 27
101.85.93.18 - - [24/Oct/2022:08:12:44 +0800] "GET /xingrg/all/function/internal_message.html?_=1666570358505&CODE_STATE=getMsg HTTP/1.1" 200 27
114.84.81.136 - - [24/Oct/2022:08:12:48 +0800] "GET /xingrg/all/function/internal_message.html?_=1666570363751&CODE_STATE=getMsg HTTP/1.1" 200 27
120.253.135.82 - - [24/Oct/2022:08:12:52 +0800] "GET /xingrg/all/function/internal_message.html?_=1666570470904&CODE_STATE=getMsg HTTP/1.1" 200 27
116.230.114.213 - - [24/Oct/2022:08:13:05 +0800] "GET /xingrg/all/function/internal_message.html?_=1666570383931&CODE_STATE=getMsg HTTP/1.1" 200 27
116.230.105.139 - - [24/Oct/2022:08:13:15 +0800] "GET /xingrg/all/function/internal_message.html?_=1666570354481&CODE_STATE=getMsg HTTP/1.1" 200 27
116.238.139.35 - - [24/Oct/2022:08:13:16 +0800] "GET /xingrg/all/function/internal_message.html?_=1666570328389&CODE_STATE=getMsg HTTP/1.1" 200 27
180.169.147.146 - - [24/Oct/2022:08:13:42 +0800] "GET /xingrg/all/function/internal_message.html?_=1666570415255&CODE_STATE=getMsg HTTP/1.1" 200 27
101.85.93.18 - - [24/Oct/2022:08:13:44 +0800] "GET /xingrg/all/function/internal_message.html?_=1666570418506&CODE_STATE=getMsg HTTP/1.1" 200 27
114.84.81.136 - - [24/Oct/2022:08:13:48 +0800] "GET /xingrg/all/function/internal_message.html?_=1666570423753&CODE_STATE=getMsg HTTP/1.1" 200 27
120.253.135.82 - - [24/Oct/2022:08:13:50 +0800] "GET /xingrg/check_reg.html?_=1666570529648 HTTP/1.1" 200 22
120.253.135.82 - - [24/Oct/2022:08:13:52 +0800] "GET /xingrg/all/function/internal_message.html?_=1666570530918&CODE_STATE=getMsg HTTP/1.1" 200 27
114.88.159.190 - - [24/Oct/2022:08:14:03 +0800] "GET /xingrg/check_reg.html?_=1666570064096 HTTP/1.1" 200 22
116.230.114.213 - - [24/Oct/2022:08:14:05 +0800] "GET /xingrg/all/function/internal_message.html?_=1666570443995&CODE_STATE=getMsg HTTP/1.1" 200 27
116.230.105.139 - - [24/Oct/2022:08:14:15 +0800] "GET /xingrg/all/function/internal_message.html?_=1666570414478&CODE_STATE=getMsg HTTP/1.1" 200 27
116.238.139.35 - - [24/Oct/2022:08:14:16 +0800] "GET /xingrg/all/function/internal_message.html?_=1666570388419&CODE_STATE=getMsg HTTP/1.1" 200 27
116.230.105.139 - - [24/Oct/2022:08:14:35 +0800] "GET /xingrg/check_reg.html?_=1666570434854 HTTP/1.1" 200 22
180.169.147.146 - - [24/Oct/2022:08:14:42 +0800] "GET /xingrg/all/function/internal_message.html?_=1666570475241&CODE_STATE=getMsg HTTP/1.1" 200 27
101.85.93.18 - - [24/Oct/2022:08:14:44 +0800] "GET /xingrg/all/function/internal_message.html?_=1666570478507&CODE_STATE=getMsg HTTP/1.1" 200 27
114.84.81.136 - - [24/Oct/2022:08:14:48 +0800] "GET /xingrg/all/function/internal_message.html?_=1666570483755&CODE_STATE=getMsg HTTP/1.1" 200 27
120.253.135.82 - - [24/Oct/2022:08:14:52 +0800] "GET /xingrg/all/function/internal_message.html?_=1666570590933&CODE_STATE=getMsg HTTP/1.1" 200 27
116.230.114.213 - - [24/Oct/2022:08:14:57 +0800] "GET /xingrg/check_reg.html?_=1666570496706 HTTP/1.1" 200 22
116.230.114.213 - - [24/Oct/2022:08:15:05 +0800] "GET /xingrg/all/function/internal_message.html?_=1666570504005&CODE_STATE=getMsg HTTP/1.1" 200 27
180.169.147.146 - - [24/Oct/2022:08:15:14 +0800] "GET /xingrg/check_reg.html?_=1666570513119 HTTP/1.1" 200 22
116.230.105.139 - - [24/Oct/2022:08:15:15 +0800] "GET /xingrg/all/function/internal_message.html?_=1666570474451&CODE_STATE=getMsg HTTP/1.1" 200 27
116.238.139.35 - - [24/Oct/2022:08:15:16 +0800] "GET /xingrg/all/function/internal_message.html?_=1666570448432&CODE_STATE=getMsg HTTP/1.1" 200 27
180.169.147.146 - - [24/Oct/2022:08:15:42 +0800] "GET /xingrg/all/function/internal_message.html?_=1666570535490&CODE_STATE=getMsg HTTP/1.1" 200 27
101.85.93.18 - - [24/Oct/2022:08:15:44 +0800] "GET /xingrg/check_reg.html?_=1666570538507 HTTP/1.1" 200 22
101.85.93.18 - - [24/Oct/2022:08:15:44 +0800] "GET /xingrg/all/function/internal_message.html?_=1666570538511&CODE_STATE=getMsg HTTP/1.1" 200 27
114.84.81.136 - - [24/Oct/2022:08:15:48 +0800] "GET /xingrg/all/function/internal_message.html?_=1666570543783&CODE_STATE=getMsg HTTP/1.1" 200 27
120.253.135.82 - - [24/Oct/2022:08:15:52 +0800] "GET /xingrg/all/function/internal_message.html?_=1666570650947&CODE_STATE=getMsg HTTP/1.1" 200 27
116.230.114.213 - - [24/Oct/2022:08:16:05 +0800] "GET /xingrg/all/function/internal_message.html?_=1666570564018&CODE_STATE=getMsg HTTP/1.1" 200 27
116.230.105.139 - - [24/Oct/2022:08:16:15 +0800] "GET /xingrg/all/function/internal_message.html?_=1666570534434&CODE_STATE=getMsg HTTP/1.1" 200 27
116.238.139.35 - - [24/Oct/2022:08:16:16 +0800] "GET /xingrg/all/function/internal_message.html?_=1666570508462&CODE_STATE=getMsg HTTP/1.1" 200 27
180.169.147.146 - - [24/Oct/2022:08:16:42 +0800] "GET /xingrg/all/function/internal_message.html?_=1666570595798&CODE_STATE=getMsg HTTP/1.1" 200 27
101.85.93.18 - - [24/Oct/2022:08:16:44 +0800] "GET /xingrg/all/function/internal_message.html?_=1666570598518&CODE_STATE=getMsg HTTP/1.1" 200 27
114.84.81.136 - - [24/Oct/2022:08:16:48 +0800] "GET /xingrg/check_reg.html?_=1666570603783 HTTP/1.1" 200 22
114.84.81.136 - - [24/Oct/2022:08:16:48 +0800] "GET /xingrg/all/function/internal_message.html?_=1666570603787&CODE_STATE=getMsg HTTP/1.1" 200 27
120.253.135.82 - - [24/Oct/2022:08:16:52 +0800] "GET /xingrg/all/function/internal_message.html?_=1666570711133&CODE_STATE=getMsg HTTP/1.1" 200 27
116.238.139.35 - - [24/Oct/2022:08:17:01 +0800] "GET /xingrg/check_reg.html?_=1666570553951 HTTP/1.1" 200 22
116.230.114.213 - - [24/Oct/2022:08:17:05 +0800] "GET /xingrg/all/function/internal_message.html?_=1666570624070&CODE_STATE=getMsg HTTP/1.1" 200 27
116.230.105.139 - - [24/Oct/2022:08:17:14 +0800] "GET /xingrg/all/function/internal_message.html?_=1666570594417&CODE_STATE=getMsg HTTP/1.1" 200 27
116.238.139.35 - - [24/Oct/2022:08:17:16 +0800] "GET /xingrg/all/function/internal_message.html?_=1666570568475&CODE_STATE=getMsg HTTP/1.1" 200 27
180.169.147.146 - - [24/Oct/2022:08:17:40 +0800] "GET /xingrg/check_reg.html?_=1666570653257 HTTP/1.1" 200 22
180.169.147.146 - - [24/Oct/2022:08:17:42 +0800] "GET /xingrg/all/function/internal_message.html?_=1666570655774&CODE_STATE=getMsg HTTP/1.1" 200 27
101.85.93.18 - - [24/Oct/2022:08:17:44 +0800] "GET /xingrg/all/function/internal_message.html?_=1666570658504&CODE_STATE=getMsg HTTP/1.1" 200 27
114.84.81.136 - - [24/Oct/2022:08:17:48 +0800] "GET /xingrg/all/function/internal_message.html?_=1666570663773&CODE_STATE=getMsg HTTP/1.1" 200 27
120.253.135.82 - - [24/Oct/2022:08:17:52 +0800] "GET /xingrg/all/function/internal_message.html?_=1666570771147&CODE_STATE=getMsg HTTP/1.1" 200 27
116.238.139.35 - - [24/Oct/2022:08:18:04 +0800] "GET /xingrg/javascript/easyui/themes/default/images/button_plain_hover.png HTTP/1.1" 304 -
116.238.139.35 - - [24/Oct/2022:08:18:04 +0800] "GET /xingrg/javascript/easyui/themes/default/images/button_plain_hover.png HTTP/1.1" 304 -
116.230.114.213 - - [24/Oct/2022:08:18:05 +0800] "GET /xingrg/all/function/internal_message.html?_=1666570684077&CODE_STATE=getMsg HTTP/1.1" 200 27
116.230.105.139 - - [24/Oct/2022:08:18:14 +0800] "GET /xingrg/all/function/internal_message.html?_=1666570654402&CODE_STATE=getMsg HTTP/1.1" 200 27
180.169.147.146 - - [24/Oct/2022:08:18:42 +0800] "GET /xingrg/all/function/internal_message.html?_=1666570715769&CODE_STATE=getMsg HTTP/1.1" 200 27
101.85.93.18 - - [24/Oct/2022:08:18:44 +0800] "GET /xingrg/all/function/internal_message.html?_=1666570718505&CODE_STATE=getMsg HTTP/1.1" 200 27
114.84.81.136 - - [24/Oct/2022:08:18:48 +0800] "GET /xingrg/all/function/internal_message.html?_=1666570723774&CODE_STATE=getMsg HTTP/1.1" 200 27
120.253.135.82 - - [24/Oct/2022:08:18:51 +0800] "GET /xingrg/check_reg.html?_=1666570829880 HTTP/1.1" 200 22
120.253.135.82 - - [24/Oct/2022:08:18:52 +0800] "GET /xingrg/all/function/internal_message.html?_=1666570831162&CODE_STATE=getMsg HTTP/1.1" 200 27
114.88.159.190 - - [24/Oct/2022:08:19:03 +0800] "GET /xingrg/check_reg.html?_=1666570364065 HTTP/1.1" 200 22
116.230.114.213 - - [24/Oct/2022:08:19:05 +0800] "GET /xingrg/all/function/internal_message.html?_=1666570744134&CODE_STATE=getMsg HTTP/1.1" 200 27
116.230.105.139 - - [24/Oct/2022:08:19:14 +0800] "GET /xingrg/all/function/internal_message.html?_=1666570714385&CODE_STATE=getMsg HTTP/1.1" 200 27
116.230.105.139 - - [24/Oct/2022:08:19:35 +0800] "GET /xingrg/check_reg.html?_=1666570734850 HTTP/1.1" 200 22
180.169.147.146 - - [24/Oct/2022:08:19:42 +0800] "GET /xingrg/all/function/internal_message.html?_=1666570775744&CODE_STATE=getMsg HTTP/1.1" 200 27
101.85.93.18 - - [24/Oct/2022:08:19:44 +0800] "GET /xingrg/all/function/internal_message.html?_=1666570778505&CODE_STATE=getMsg HTTP/1.1" 200 27
114.84.81.136 - - [24/Oct/2022:08:19:48 +0800] "GET /xingrg/all/function/internal_message.html?_=1666570783775&CODE_STATE=getMsg HTTP/1.1" 200 27
120.253.135.82 - - [24/Oct/2022:08:19:52 +0800] "GET /xingrg/all/function/internal_message.html?_=1666570891172&CODE_STATE=getMsg HTTP/1.1" 200 27
116.230.114.213 - - [24/Oct/2022:08:19:57 +0800] "GET /xingrg/check_reg.html?_=1666570796712 HTTP/1.1" 200 22
116.238.139.35 - - [24/Oct/2022:08:19:59 +0800] "POST /xingrg/services/DataTransmitService HTTP/1.1" 200 524
116.230.114.213 - - [24/Oct/2022:08:20:05 +0800] "GET /xingrg/all/function/internal_message.html?_=1666570804135&CODE_STATE=getMsg HTTP/1.1" 200 27
180.169.147.146 - - [24/Oct/2022:08:20:14 +0800] "GET /xingrg/check_reg.html?_=1666570813127 HTTP/1.1" 200 22
116.230.105.139 - - [24/Oct/2022:08:20:14 +0800] "GET /xingrg/all/function/internal_message.html?_=1666570774374&CODE_STATE=getMsg HTTP/1.1" 200 27
180.169.147.146 - - [24/Oct/2022:08:20:42 +0800] "GET /xingrg/all/function/internal_message.html?_=1666570835740&CODE_STATE=getMsg HTTP/1.1" 200 27
101.85.93.18 - - [24/Oct/2022:08:20:44 +0800] "GET /xingrg/all/function/internal_message.html?_=1666570838506&CODE_STATE=getMsg HTTP/1.1" 200 27
101.85.93.18 - - [24/Oct/2022:08:20:44 +0800] "GET /xingrg/check_reg.html?_=1666570838507 HTTP/1.1" 200 22
114.84.81.136 - - [24/Oct/2022:08:20:48 +0800] "GET /xingrg/all/function/internal_message.html?_=1666570843776&CODE_STATE=getMsg HTTP/1.1" 200 27
120.253.135.82 - - [24/Oct/2022:08:20:52 +0800] "GET /xingrg/all/function/internal_message.html?_=1666570951187&CODE_STATE=getMsg HTTP/1.1" 200 27
116.230.114.213 - - [24/Oct/2022:08:21:05 +0800] "GET /xingrg/all/function/internal_message.html?_=1666570864148&CODE_STATE=getMsg HTTP/1.1" 200 27
116.230.105.139 - - [24/Oct/2022:08:21:14 +0800] "GET /xingrg/all/function/internal_message.html?_=1666570834359&CODE_STATE=getMsg HTTP/1.1" 200 27
180.169.147.146 - - [24/Oct/2022:08:21:42 +0800] "GET /xingrg/all/function/internal_message.html?_=1666570895731&CODE_STATE=getMsg HTTP/1.1" 200 27
101.85.93.18 - - [24/Oct/2022:08:21:44 +0800] "GET /xingrg/all/function/internal_message.html?_=1666570898507&CODE_STATE=getMsg HTTP/1.1" 200 27
114.84.81.136 - - [24/Oct/2022:08:21:48 +0800] "GET /xingrg/all/function/internal_message.html?_=1666570903777&CODE_STATE=getMsg HTTP/1.1" 200 27
114.84.81.136 - - [24/Oct/2022:08:21:48 +0800] "GET /xingrg/check_reg.html?_=1666570903780 HTTP/1.1" 200 22
120.253.135.82 - - [24/Oct/2022:08:21:52 +0800] "GET /xingrg/all/function/internal_message.html?_=1666571011381&CODE_STATE=getMsg HTTP/1.1" 200 27
124.79.243.136 - - [24/Oct/2022:08:21:53 +0800] "POST /xingrg/services/DataTransmitService HTTP/1.1" 200 524
116.230.114.213 - - [24/Oct/2022:08:22:05 +0800] "GET /xingrg/all/function/internal_message.html?_=1666570924201&CODE_STATE=getMsg HTTP/1.1" 200 27
116.230.105.139 - - [24/Oct/2022:08:22:14 +0800] "GET /xingrg/all/function/internal_message.html?_=1666570894341&CODE_STATE=getMsg HTTP/1.1" 200 27
180.169.147.146 - - [24/Oct/2022:08:22:40 +0800] "GET /xingrg/check_reg.html?_=1666570953240 HTTP/1.1" 200 22
180.169.147.146 - - [24/Oct/2022:08:22:42 +0800] "GET /xingrg/all/function/internal_message.html?_=1666570955724&CODE_STATE=getMsg HTTP/1.1" 200 27
101.85.93.18 - - [24/Oct/2022:08:22:44 +0800] "GET /xingrg/all/function/internal_message.html?_=1666570958507&CODE_STATE=getMsg HTTP/1.1" 200 27
114.84.81.136 - - [24/Oct/2022:08:22:48 +0800] "GET /xingrg/all/function/internal_message.html?_=1666570963783&CODE_STATE=getMsg HTTP/1.1" 200 27
120.253.135.82 - - [24/Oct/2022:08:22:52 +0800] "GET /xingrg/all/function/internal_message.html?_=1666571071403&CODE_STATE=getMsg HTTP/1.1" 200 27
116.230.114.213 - - [24/Oct/2022:08:23:05 +0800] "GET /xingrg/all/function/internal_message.html?_=1666570984206&CODE_STATE=getMsg HTTP/1.1" 200 27
116.230.105.139 - - [24/Oct/2022:08:23:14 +0800] "GET /xingrg/all/function/internal_message.html?_=1666570954312&CODE_STATE=getMsg HTTP/1.1" 200 27
180.169.147.146 - - [24/Oct/2022:08:23:42 +0800] "GET /xingrg/all/function/internal_message.html?_=1666571015702&CODE_STATE=getMsg HTTP/1.1" 200 27
101.85.93.18 - - [24/Oct/2022:08:23:44 +0800] "GET /xingrg/all/function/internal_message.html?_=1666571018518&CODE_STATE=getMsg HTTP/1.1" 200 27
114.84.81.136 - - [24/Oct/2022:08:23:48 +0800] "GET /xingrg/all/function/internal_message.html?_=1666571023784&CODE_STATE=getMsg HTTP/1.1" 200 27
120.253.135.82 - - [24/Oct/2022:08:23:51 +0800] "GET /xingrg/check_reg.html?_=1666571130091 HTTP/1.1" 200 22
120.253.135.82 - - [24/Oct/2022:08:23:52 +0800] "GET /xingrg/all/function/internal_message.html?_=1666571131414&CODE_STATE=getMsg HTTP/1.1" 200 27
114.88.159.190 - - [24/Oct/2022:08:24:03 +0800] "GET /xingrg/check_reg.html?_=1666570664068 HTTP/1.1" 200 22
116.230.114.213 - - [24/Oct/2022:08:24:05 +0800] "GET /xingrg/all/function/internal_message.html?_=1666571044266&CODE_STATE=getMsg HTTP/1.1" 200 27
116.230.105.139 - - [24/Oct/2022:08:24:14 +0800] "GET /xingrg/all/function/internal_message.html?_=1666571014308&CODE_STATE=getMsg HTTP/1.1" 200 27
116.230.105.139 - - [24/Oct/2022:08:24:35 +0800] "GET /xingrg/check_reg.html?_=1666571034842 HTTP/1.1" 200 22
180.169.147.146 - - [24/Oct/2022:08:24:42 +0800] "GET /xingrg/all/function/internal_message.html?_=1666571075690&CODE_STATE=getMsg HTTP/1.1" 200 27
101.85.93.18 - - [24/Oct/2022:08:24:44 +0800] "GET /xingrg/all/function/internal_message.html?_=1666571078517&CODE_STATE=getMsg HTTP/1.1" 200 27
114.84.81.136 - - [24/Oct/2022:08:24:48 +0800] "GET /xingrg/all/function/internal_message.html?_=1666571083785&CODE_STATE=getMsg HTTP/1.1" 200 27
120.253.135.82 - - [24/Oct/2022:08:24:52 +0800] "GET /xingrg/all/function/internal_message.html?_=1666571191433&CODE_STATE=getMsg HTTP/1.1" 200 27
116.230.114.213 - - [24/Oct/2022:08:24:57 +0800] "GET /xingrg/check_reg.html?_=1666571096714 HTTP/1.1" 200 22
116.230.114.213 - - [24/Oct/2022:08:25:05 +0800] "GET /xingrg/all/function/internal_message.html?_=1666571104280&CODE_STATE=getMsg HTTP/1.1" 200 27
180.169.147.146 - - [24/Oct/2022:08:25:14 +0800] "GET /xingrg/check_reg.html?_=1666571113131 HTTP/1.1" 200 22
116.230.105.139 - - [24/Oct/2022:08:25:14 +0800] "GET /xingrg/all/function/internal_message.html?_=1666571074280&CODE_STATE=getMsg HTTP/1.1" 200 27
180.169.147.146 - - [24/Oct/2022:08:25:42 +0800] "GET /xingrg/all/function/internal_message.html?_=1666571135958&CODE_STATE=getMsg HTTP/1.1" 200 27
101.85.93.18 - - [24/Oct/2022:08:25:44 +0800] "GET /xingrg/check_reg.html?_=1666571138515 HTTP/1.1" 200 22
101.85.93.18 - - [24/Oct/2022:08:25:44 +0800] "GET /xingrg/all/function/internal_message.html?_=1666571138518&CODE_STATE=getMsg HTTP/1.1" 200 27
114.84.81.136 - - [24/Oct/2022:08:25:48 +0800] "GET /xingrg/all/function/internal_message.html?_=1666571143798&CODE_STATE=getMsg HTTP/1.1" 200 27
120.253.135.82 - - [24/Oct/2022:08:25:52 +0800] "GET /xingrg/all/function/internal_message.html?_=1666571251441&CODE_STATE=getMsg HTTP/1.1" 200 27
116.230.114.213 - - [24/Oct/2022:08:26:05 +0800] "GET /xingrg/all/function/internal_message.html?_=1666571164295&CODE_STATE=getMsg HTTP/1.1" 200 27
116.230.105.139 - - [24/Oct/2022:08:26:14 +0800] "GET /xingrg/all/function/internal_message.html?_=1666571134268&CODE_STATE=getMsg HTTP/1.1" 200 27
180.169.147.146 - - [24/Oct/2022:08:26:42 +0800] "GET /xingrg/all/function/internal_message.html?_=1666571195971&CODE_STATE=getMsg HTTP/1.1" 200 27
101.85.93.18 - - [24/Oct/2022:08:26:44 +0800] "GET /xingrg/all/function/internal_message.html?_=1666571198518&CODE_STATE=getMsg HTTP/1.1" 200 27
114.84.81.136 - - [24/Oct/2022:08:26:48 +0800] "GET /xingrg/all/function/internal_message.html?_=1666571203799&CODE_STATE=getMsg HTTP/1.1" 200 27
114.84.81.136 - - [24/Oct/2022:08:26:48 +0800] "GET /xingrg/check_reg.html?_=1666571203803 HTTP/1.1" 200 22
120.253.135.82 - - [24/Oct/2022:08:26:52 +0800] "GET /xingrg/all/function/internal_message.html?_=1666571311551&CODE_STATE=getMsg HTTP/1.1" 200 27
116.230.114.213 - - [24/Oct/2022:08:27:05 +0800] "GET /xingrg/all/function/internal_message.html?_=1666571224350&CODE_STATE=getMsg HTTP/1.1" 200 27
116.230.105.139 - - [24/Oct/2022:08:27:14 +0800] "GET /xingrg/all/function/internal_message.html?_=1666571194262&CODE_STATE=getMsg HTTP/1.1" 200 27
180.169.147.146 - - [24/Oct/2022:08:27:40 +0800] "GET /xingrg/check_reg.html?_=1666571253228 HTTP/1.1" 200 22
180.169.147.146 - - [24/Oct/2022:08:27:42 +0800] "GET /xingrg/all/function/internal_message.html?_=1666571255953&CODE_STATE=getMsg HTTP/1.1" 200 27
101.85.93.18 - - [24/Oct/2022:08:27:44 +0800] "GET /xingrg/all/function/internal_message.html?_=1666571258517&CODE_STATE=getMsg HTTP/1.1" 200 27
114.84.81.136 - - [24/Oct/2022:08:27:48 +0800] "GET /xingrg/all/function/internal_message.html?_=1666571263804&CODE_STATE=getMsg HTTP/1.1" 200 27
120.253.135.82 - - [24/Oct/2022:08:27:52 +0800] "GET /xingrg/all/function/internal_message.html?_=1666571371564&CODE_STATE=getMsg HTTP/1.1" 200 27
116.230.114.213 - - [24/Oct/2022:08:28:05 +0800] "GET /xingrg/all/function/internal_message.html?_=1666571284353&CODE_STATE=getMsg HTTP/1.1" 200 27
116.230.105.139 - - [24/Oct/2022:08:28:14 +0800] "GET /xingrg/all/function/internal_message.html?_=1666571254236&CODE_STATE=getMsg HTTP/1.1" 200 27
180.169.147.146 - - [24/Oct/2022:08:28:42 +0800] "GET /xingrg/all/function/internal_message.html?_=1666571315934&CODE_STATE=getMsg HTTP/1.1" 200 27
116.230.105.139 - - [24/Oct/2022:08:28:43 +0800] "GET /xingrg/index.html?sysBaseUrl=http%3A%2F%2F180.169.147.146%3A18081%2Fxingrg%2F&costTime=1277×tamp=1606817596806 HTTP/1.1" 302 -
116.230.105.139 - - [24/Oct/2022:08:28:43 +0800] "GET /xingrg/login.html HTTP/1.1" 200 7641
101.85.93.18 - - [24/Oct/2022:08:28:44 +0800] "GET /xingrg/all/function/internal_message.html?_=1666571318516&CODE_STATE=getMsg HTTP/1.1" 200 27
116.230.105.139 - - [24/Oct/2022:08:28:45 +0800] "GET /favicon.ico HTTP/1.1" 404 -
114.84.81.136 - - [24/Oct/2022:08:28:48 +0800] "GET /xingrg/all/function/internal_message.html?_=1666571323804&CODE_STATE=getMsg HTTP/1.1" 200 27
120.253.135.82 - - [24/Oct/2022:08:28:51 +0800] "GET /xingrg/check_reg.html?_=1666571430296 HTTP/1.1" 200 22
120.253.135.82 - - [24/Oct/2022:08:28:52 +0800] "GET /xingrg/all/function/internal_message.html?_=1666571431576&CODE_STATE=getMsg HTTP/1.1" 200 27
116.230.105.139 - - [24/Oct/2022:08:28:54 +0800] "GET /xingrg/login.do HTTP/1.1" 302 -
116.230.105.139 - - [24/Oct/2022:08:28:54 +0800] "GET /xingrg/login.html?sysBaseUrl=http%3A%2F%2F180.169.147.146%3A18081%2Fxingrg%2F&costTime=0×tamp=1666571334160 HTTP/1.1" 200 7641
116.230.105.139 - - [24/Oct/2022:08:28:54 +0800] "GET /favicon.ico HTTP/1.1" 404 -
116.230.105.139 - - [24/Oct/2022:08:28:57 +0800] "POST /xingrg/login.do HTTP/1.1" 302 -
116.230.105.139 - - [24/Oct/2022:08:28:57 +0800] "GET /xingrg/index.html?sysBaseUrl=http%3A%2F%2F180.169.147.146%3A18081%2Fxingrg%2F&costTime=41×tamp=1666571337069 HTTP/1.1" 200 17179
116.230.105.139 - - [24/Oct/2022:08:28:57 +0800] "GET /favicon.ico HTTP/1.1" 404 -
116.230.105.139 - - [24/Oct/2022:08:28:57 +0800] "POST /xingrg/all/common/load_tree.html?tree=area_rest_tree_json&manage=1 HTTP/1.1" 200 479
116.230.105.139 - - [24/Oct/2022:08:28:57 +0800] "GET /xingrg/all/function/internal_message.html?_=1666571296928&CODE_STATE=count HTTP/1.1" 200 11
116.230.105.139 - - [24/Oct/2022:08:28:57 +0800] "GET /xingrg/check_reg.html?_=1666571296928 HTTP/1.1" 200 22
116.230.105.139 - - [24/Oct/2022:08:28:57 +0800] "POST /xingrg/load_menu.html HTTP/1.1" 200 5138
116.230.105.139 - - [24/Oct/2022:08:29:01 +0800] "GET /xingrg/kc/buy/cgsh_order_list.html HTTP/1.1" 200 53328
114.88.159.190 - - [24/Oct/2022:08:29:03 +0800] "GET /xingrg/check_reg.html?_=1666570964040 HTTP/1.1" 200 22
116.230.105.139 - - [24/Oct/2022:08:29:03 +0800] "POST /xingrg/kc/buy/cgsh_list_operate.html HTTP/1.1" 200 986
116.230.114.213 - - [24/Oct/2022:08:29:05 +0800] "GET /xingrg/all/function/internal_message.html?_=1666571344400&CODE_STATE=getMsg HTTP/1.1" 200 27
180.169.147.146 - - [24/Oct/2022:08:29:42 +0800] "GET /xingrg/all/function/internal_message.html?_=1666571375931&CODE_STATE=getMsg HTTP/1.1" 200 27
101.85.93.18 - - [24/Oct/2022:08:29:44 +0800] "GET /xingrg/all/function/internal_message.html?_=1666571378517&CODE_STATE=getMsg HTTP/1.1" 200 27
114.84.81.136 - - [24/Oct/2022:08:29:48 +0800] "GET /xingrg/all/function/internal_message.html?_=1666571383805&CODE_STATE=getMsg HTTP/1.1" 200 27
120.253.135.82 - - [24/Oct/2022:08:29:52 +0800] "GET /xingrg/all/function/internal_message.html?_=1666571491592&CODE_STATE=getMsg HTTP/1.1" 200 27
116.230.105.139 - - [24/Oct/2022:08:29:57 +0800] "GET /xingrg/all/function/internal_message.html?_=1666571356952&CODE_STATE=getMsg HTTP/1.1" 200 27
116.230.114.213 - - [24/Oct/2022:08:29:57 +0800] "GET /xingrg/check_reg.html?_=1666571396723 HTTP/1.1" 200 22
116.230.114.213 - - [24/Oct/2022:08:30:05 +0800] "GET /xingrg/all/function/internal_message.html?_=1666571404411&CODE_STATE=getMsg HTTP/1.1" 200 27
180.169.147.146 - - [24/Oct/2022:08:30:14 +0800] "GET /xingrg/check_reg.html?_=1666571413140 HTTP/1.1" 200 22
116.230.105.139 - - [24/Oct/2022:08:30:22 +0800] "GET /xingrg/kc/buy/cgsh_order_add.html HTTP/1.1" 200 69109
116.230.105.139 - - [24/Oct/2022:08:30:22 +0800] "GET /xingrg/words/20221023141509_words.js HTTP/1.1" 200 926405
116.230.105.139 - - [24/Oct/2022:08:30:23 +0800] "POST /xingrg/kc/buy/cgsh_order_operate.html HTTP/1.1" 200 8245
116.230.105.139 - - [24/Oct/2022:08:30:23 +0800] "GET /xingrg/all/common/auto_word.html?type=employee&rest_code=00155 HTTP/1.1" 200 205
116.230.105.139 - - [24/Oct/2022:08:30:23 +0800] "GET /xingrg/javascript/easyui/themes/default/validatebox.css HTTP/1.1" 404 1104
116.230.105.139 - - [24/Oct/2022:08:30:23 +0800] "GET /xingrg/all/common/auto_word.html?type=employee&rest_code=00155 HTTP/1.1" 200 205
116.230.105.139 - - [24/Oct/2022:08:30:25 +0800] "GET /xingrg/javascript/auto/indicator.gif HTTP/1.1" 404 1066
116.230.105.139 - - [24/Oct/2022:08:30:26 +0800] "GET /xingrg/javascript/jquery_tools/images/prev.gif HTTP/1.1" 404 1086
116.230.105.139 - - [24/Oct/2022:08:30:26 +0800] "GET /xingrg/javascript/jquery_tools/images/next.gif HTTP/1.1" 404 1086
116.230.105.139 - - [24/Oct/2022:08:30:33 +0800] "GET /xingrg/kc/buy/cgsh_order_operate.html?command=get_materiel&rest_code=00155&code=00101007072&supplier_code=00100002&order_time=2022-10-24 HTTP/1.1" 200 413
180.169.147.146 - - [24/Oct/2022:08:30:42 +0800] "GET /xingrg/all/function/internal_message.html?_=1666571436112&CODE_STATE=getMsg HTTP/1.1" 200 27
101.85.93.18 - - [24/Oct/2022:08:30:44 +0800] "GET /xingrg/check_reg.html?_=1666571438512 HTTP/1.1" 200 22
101.85.93.18 - - [24/Oct/2022:08:30:44 +0800] "GET /xingrg/all/function/internal_message.html?_=1666571438513&CODE_STATE=getMsg HTTP/1.1" 200 27
116.230.105.139 - - [24/Oct/2022:08:30:47 +0800] "GET /xingrg/kc/buy/cgsh_order_operate.html?command=get_materiel&rest_code=00155&code=00101007032&supplier_code=00100002&order_time=2022-10-24 HTTP/1.1" 200 413
114.84.81.136 - - [24/Oct/2022:08:30:48 +0800] "GET /xingrg/all/function/internal_message.html?_=1666571443806&CODE_STATE=getMsg HTTP/1.1" 200 27
120.253.135.82 - - [24/Oct/2022:08:30:52 +0800] "GET /xingrg/all/function/internal_message.html?_=1666571551603&CODE_STATE=getMsg HTTP/1.1" 200 27
116.230.105.139 - - [24/Oct/2022:08:30:54 +0800] "POST /xingrg/kc/buy/cgsh_order_operate.html HTTP/1.1" 200 37
116.230.105.139 - - [24/Oct/2022:08:30:56 +0800] "POST /xingrg/kc/buy/cgsh_order_operate.html HTTP/1.1" 200 3249
116.230.105.139 - - [24/Oct/2022:08:30:57 +0800] "GET /xingrg/all/function/internal_message.html?_=1666571416936&CODE_STATE=getMsg HTTP/1.1" 200 27
116.230.105.139 - - [24/Oct/2022:08:30:57 +0800] "GET /xingrg/kc/print/load_config.html?kc_code=cgsh HTTP/1.1" 200 1943
116.230.105.139 - - [24/Oct/2022:08:30:58 +0800] "GET /xingrg/kc/print/load_data.html?order_code=212022102407280&kc_code=cgsh&condition= HTTP/1.1" 200 980
116.230.105.139 - - [24/Oct/2022:08:31:03 +0800] "GET /xingrg/kc/print/load_data.html?order_code=212022102407280&kc_code=cgsh HTTP/1.1" 200 980
116.230.114.213 - - [24/Oct/2022:08:31:05 +0800] "GET /xingrg/all/function/internal_message.html?_=1666571464425&CODE_STATE=getMsg HTTP/1.1" 200 27
180.169.147.146 - - [24/Oct/2022:08:31:42 +0800] "GET /xingrg/all/function/internal_message.html?_=1666571496093&CODE_STATE=getMsg HTTP/1.1" 200 27
101.85.93.18 - - [24/Oct/2022:08:31:44 +0800] "GET /xingrg/all/function/internal_message.html?_=1666571498504&CODE_STATE=getMsg HTTP/1.1" 200 27
114.84.81.136 - - [24/Oct/2022:08:31:48 +0800] "GET /xingrg/check_reg.html?_=1666571503809 HTTP/1.1" 200 22
114.84.81.136 - - [24/Oct/2022:08:31:48 +0800] "GET /xingrg/all/function/internal_message.html?_=1666571503812&CODE_STATE=getMsg HTTP/1.1" 200 27
120.253.135.82 - - [24/Oct/2022:08:31:52 +0800] "GET /xingrg/all/function/internal_message.html?_=1666571611727&CODE_STATE=getMsg HTTP/1.1" 200 27
116.238.139.35 - - [24/Oct/2022:08:31:54 +0800] "GET /xingrg/kc/buy/cgsh_order_add.html HTTP/1.1" 302 -
116.238.139.35 - - [24/Oct/2022:08:31:54 +0800] "GET /xingrg/login.html HTTP/1.1" 200 7641
116.238.139.35 - - [24/Oct/2022:08:31:54 +0800] "GET /xingrg/login.html HTTP/1.1" 200 7641
116.238.139.35 - - [24/Oct/2022:08:31:54 +0800] "GET /favicon.ico HTTP/1.1" 404 -
116.238.139.35 - - [24/Oct/2022:08:31:55 +0800] "POST /xingrg/login.do HTTP/1.1" 302 -
116.238.139.35 - - [24/Oct/2022:08:31:55 +0800] "GET /xingrg/index.html?sysBaseUrl=http%3A%2F%2F180.169.147.146%3A18081%2Fxingrg%2F&costTime=41×tamp=1666571515886 HTTP/1.1" 200 17177
116.238.139.35 - - [24/Oct/2022:08:31:56 +0800] "POST /xingrg/all/common/load_tree.html?tree=area_rest_tree_json&manage=1 HTTP/1.1" 200 476
116.238.139.35 - - [24/Oct/2022:08:31:56 +0800] "GET /xingrg/all/function/internal_message.html?_=1666571510071&CODE_STATE=count HTTP/1.1" 200 11
116.238.139.35 - - [24/Oct/2022:08:31:56 +0800] "GET /xingrg/check_reg.html?_=1666571510072 HTTP/1.1" 200 22
116.238.139.35 - - [24/Oct/2022:08:31:56 +0800] "GET /favicon.ico HTTP/1.1" 404 -
116.238.139.35 - - [24/Oct/2022:08:31:56 +0800] "POST /xingrg/load_menu.html HTTP/1.1" 200 5138
116.230.105.139 - - [24/Oct/2022:08:31:57 +0800] "GET /xingrg/all/function/internal_message.html?_=1666571476937&CODE_STATE=getMsg HTTP/1.1" 200 27
116.238.139.35 - - [24/Oct/2022:08:31:59 +0800] "GET /xingrg/kc/buy/cgsh_order_list.html HTTP/1.1" 200 53326
116.238.139.35 - - [24/Oct/2022:08:32:00 +0800] "POST /xingrg/kc/buy/cgsh_list_operate.html HTTP/1.1" 200 986
116.238.139.35 - - [24/Oct/2022:08:32:01 +0800] "GET /xingrg/kc/buy/cgsh_order_add.html HTTP/1.1" 200 68701
116.238.139.35 - - [24/Oct/2022:08:32:01 +0800] "GET /xingrg/words/20221023141509_words.js HTTP/1.1" 304 -
116.238.139.35 - - [24/Oct/2022:08:32:01 +0800] "POST /xingrg/kc/buy/cgsh_order_operate.html HTTP/1.1" 200 8245
116.238.139.35 - - [24/Oct/2022:08:32:01 +0800] "GET /xingrg/all/common/auto_word.html?type=employee&rest_code=00151 HTTP/1.1" 200 293
116.238.139.35 - - [24/Oct/2022:08:32:01 +0800] "GET /xingrg/javascript/easyui/themes/default/validatebox.css HTTP/1.1" 404 1104
116.238.139.35 - - [24/Oct/2022:08:32:01 +0800] "GET /xingrg/all/common/auto_word.html?type=employee&rest_code=00151 HTTP/1.1" 200 293
116.230.105.139 - - [24/Oct/2022:08:32:02 +0800] "GET /xingrg/kc/buy/cgsh_order_add.html HTTP/1.1" 200 69109
116.230.105.139 - - [24/Oct/2022:08:32:02 +0800] "POST /xingrg/kc/buy/cgsh_order_operate.html HTTP/1.1" 200 8245
116.230.105.139 - - [24/Oct/2022:08:32:02 +0800] "GET /xingrg/javascript/easyui/themes/default/validatebox.css HTTP/1.1" 404 1104
116.238.139.35 - - [24/Oct/2022:08:32:03 +0800] "GET /xingrg/javascript/auto/indicator.gif HTTP/1.1" 404 1066
116.230.114.213 - - [24/Oct/2022:08:32:05 +0800] "GET /xingrg/all/function/internal_message.html?_=1666571524483&CODE_STATE=getMsg HTTP/1.1" 200 27
116.230.105.139 - - [24/Oct/2022:08:32:10 +0800] "GET /xingrg/kc/buy/cgsh_order_operate.html?command=get_materiel&rest_code=00155&code=00101008331&supplier_code=00100005&order_time=2022-10-24 HTTP/1.1" 200 416
116.238.139.35 - - [24/Oct/2022:08:32:16 +0800] "GET /xingrg/kc/buy/cgsh_order_operate.html?command=get_materiel&rest_code=00151&code=00101001010&supplier_code=00100096&order_time=2022-10-24 HTTP/1.1" 200 411
116.230.105.139 - - [24/Oct/2022:08:32:20 +0800] "GET /xingrg/kc/buy/cgsh_order_operate.html?command=get_materiel&rest_code=00155&code=00101008126&supplier_code=00100005&order_time=2022-10-24 HTTP/1.1" 200 412
116.230.105.139 - - [24/Oct/2022:08:32:28 +0800] "GET /xingrg/kc/buy/cgsh_order_operate.html?command=get_materiel&rest_code=00155&code=00101008270&supplier_code=00100005&order_time=2022-10-24 HTTP/1.1" 200 412
116.230.105.139 - - [24/Oct/2022:08:32:35 +0800] "GET /xingrg/kc/buy/cgsh_order_operate.html?command=get_materiel&rest_code=00155&code=00101008210&supplier_code=00100005&order_time=2022-10-24 HTTP/1.1" 200 408
180.169.147.146 - - [24/Oct/2022:08:32:40 +0800] "GET /xingrg/check_reg.html?_=1666571553220 HTTP/1.1" 200 22
116.230.105.139 - - [24/Oct/2022:08:32:40 +0800] "GET /xingrg/kc/buy/cgsh_order_operate.html?command=get_materiel&rest_code=00155&code=00101015048&supplier_code=00100005&order_time=2022-10-24 HTTP/1.1" 200 412
180.169.147.146 - - [24/Oct/2022:08:32:42 +0800] "GET /xingrg/all/function/internal_message.html?_=1666571556068&CODE_STATE=getMsg HTTP/1.1" 200 27
101.85.93.18 - - [24/Oct/2022:08:32:44 +0800] "GET /xingrg/all/function/internal_message.html?_=1666571558505&CODE_STATE=getMsg HTTP/1.1" 200 27
116.230.105.139 - - [24/Oct/2022:08:32:45 +0800] "GET /xingrg/kc/buy/cgsh_order_operate.html?command=get_materiel&rest_code=00155&code=00101008256&supplier_code=00100005&order_time=2022-10-24 HTTP/1.1" 200 413
114.84.81.136 - - [24/Oct/2022:08:32:48 +0800] "GET /xingrg/all/function/internal_message.html?_=1666571563799&CODE_STATE=getMsg HTTP/1.1" 200 27
116.230.105.139 - - [24/Oct/2022:08:32:52 +0800] "GET /xingrg/kc/buy/cgsh_order_operate.html?command=get_materiel&rest_code=00155&code=00101008027&supplier_code=00100005&order_time=2022-10-24 HTTP/1.1" 200 408
120.253.135.82 - - [24/Oct/2022:08:32:53 +0800] "GET /xingrg/all/function/internal_message.html?_=1666571671738&CODE_STATE=getMsg HTTP/1.1" 200 27
116.238.139.35 - - [24/Oct/2022:08:32:56 +0800] "GET /xingrg/all/function/internal_message.html?_=1666571570084&CODE_STATE=getMsg HTTP/1.1" 200 27
116.230.105.139 - - [24/Oct/2022:08:32:57 +0800] "GET /xingrg/kc/buy/cgsh_order_operate.html?command=get_materiel&rest_code=00155&code=00101008197&supplier_code=00100005&order_time=2022-10-24 HTTP/1.1" 200 416
116.230.105.139 - - [24/Oct/2022:08:32:57 +0800] "GET /xingrg/all/function/internal_message.html?_=1666571536949&CODE_STATE=getMsg HTTP/1.1" 200 27
116.230.105.139 - - [24/Oct/2022:08:33:03 +0800] "GET /xingrg/kc/buy/cgsh_order_operate.html?command=get_materiel&rest_code=00155&code=00101008134&supplier_code=00100005&order_time=2022-10-24 HTTP/1.1" 200 412
116.230.114.213 - - [24/Oct/2022:08:33:05 +0800] "GET /xingrg/all/function/internal_message.html?_=1666571584499&CODE_STATE=getMsg HTTP/1.1" 200 27
116.230.105.139 - - [24/Oct/2022:08:33:10 +0800] "GET /xingrg/kc/buy/cgsh_order_operate.html?command=get_materiel&rest_code=00155&code=00101008357&supplier_code=00100005&order_time=2022-10-24 HTTP/1.1" 200 408
116.238.139.35 - - [24/Oct/2022:08:33:17 +0800] "GET /xingrg/kc/buy/cgsh_order_operate.html?command=get_materiel&rest_code=00151&code=00101016105&supplier_code=00100096&order_time=2022-10-24 HTTP/1.1" 200 409
116.230.105.139 - - [24/Oct/2022:08:33:17 +0800] "GET /xingrg/kc/buy/cgsh_order_operate.html?command=get_materiel&rest_code=00155&code=00101008069&supplier_code=00100005&order_time=2022-10-24 HTTP/1.1" 200 412
116.230.105.139 - - [24/Oct/2022:08:33:24 +0800] "GET /xingrg/kc/buy/cgsh_order_operate.html?command=get_materiel&rest_code=00155&code=00101008006&supplier_code=00100005&order_time=2022-10-24 HTTP/1.1" 200 416
116.238.139.35 - - [24/Oct/2022:08:33:27 +0800] "GET /xingrg/kc/buy/cgsh_order_operate.html?command=get_materiel&rest_code=00151&code=00101016025&supplier_code=00100096&order_time=2022-10-24 HTTP/1.1" 200 408
116.230.105.139 - - [24/Oct/2022:08:33:31 +0800] "GET /xingrg/kc/buy/cgsh_order_operate.html?command=get_materiel&rest_code=00155&code=00101008108&supplier_code=00100005&order_time=2022-10-24 HTTP/1.1" 200 412
116.230.105.139 - - [24/Oct/2022:08:33:38 +0800] "GET /xingrg/kc/buy/cgsh_order_operate.html?command=get_materiel&rest_code=00155&code=00101008005&supplier_code=00100005&order_time=2022-10-24 HTTP/1.1" 200 412
180.169.147.146 - - [24/Oct/2022:08:33:42 +0800] "GET /xingrg/all/function/internal_message.html?_=1666571616056&CODE_STATE=getMsg HTTP/1.1" 200 27
116.230.105.139 - - [24/Oct/2022:08:33:43 +0800] "GET /xingrg/kc/buy/cgsh_order_operate.html?command=get_materiel&rest_code=00155&code=00101008213&supplier_code=00100005&order_time=2022-10-24 HTTP/1.1" 200 412
116.238.139.35 - - [24/Oct/2022:08:33:44 +0800] "GET /xingrg/kc/buy/cgsh_order_operate.html?command=get_materiel&rest_code=00151&code=00101012039&supplier_code=00100096&order_time=2022-10-24 HTTP/1.1" 200 408
101.85.93.18 - - [24/Oct/2022:08:33:44 +0800] "GET /xingrg/all/function/internal_message.html?_=1666571618505&CODE_STATE=getMsg HTTP/1.1" 200 27
114.84.81.136 - - [24/Oct/2022:08:33:48 +0800] "GET /xingrg/all/function/internal_message.html?_=1666571623798&CODE_STATE=getMsg HTTP/1.1" 200 27
116.230.105.139 - - [24/Oct/2022:08:33:49 +0800] "GET /xingrg/kc/buy/cgsh_order_operate.html?command=get_materiel&rest_code=00155&code=00101008328&supplier_code=00100005&order_time=2022-10-24 HTTP/1.1" 200 408
120.253.135.82 - - [24/Oct/2022:08:33:51 +0800] "GET /xingrg/check_reg.html?_=1666571730516 HTTP/1.1" 200 22
116.238.139.35 - - [24/Oct/2022:08:33:52 +0800] "GET /xingrg/kc/buy/cgsh_order_operate.html?command=get_materiel&rest_code=00151&code=00101016038&supplier_code=00100096&order_time=2022-10-24 HTTP/1.1" 200 408
