101.85.93.18 - - [24/Oct/2022:10:41:45 +0800] "GET /xingrg/all/function/internal_message.html?_=1666579298639&CODE_STATE=getMsg HTTP/1.1" 200 27
180.169.147.146 - - [24/Oct/2022:10:41:45 +0800] "POST /xingrg/all/report/load_report_page.html HTTP/1.1" 200 49928
180.169.147.146 - - [24/Oct/2022:10:41:45 +0800] "GET /xingrg/servlets/image?cache=0.25053900152938235&image=px HTTP/1.1" 200 807
120.253.135.82 - - [24/Oct/2022:10:41:49 +0800] "GET /xingrg/all/function/internal_message.html?_=1666579099516&CODE_STATE=getMsg HTTP/1.1" 200 27
114.84.81.136 - - [24/Oct/2022:10:41:49 +0800] "GET /xingrg/check_reg.html?_=1666579304148 HTTP/1.1" 200 22
114.84.81.136 - - [24/Oct/2022:10:41:49 +0800] "GET /xingrg/all/function/internal_message.html?_=1666579304151&CODE_STATE=getMsg HTTP/1.1" 200 27
114.83.223.130 - - [24/Oct/2022:10:41:50 +0800] "GET /xingrg/all/function/internal_message.html?_=1666579302964&CODE_STATE=getMsg HTTP/1.1" 200 27
114.83.223.130 - - [24/Oct/2022:10:41:51 +0800] "GET /xingrg/check_reg.html?_=1666579303498 HTTP/1.1" 200 22
180.169.147.146 - - [24/Oct/2022:10:41:53 +0800] "GET /xingrg/all/function/internal_message.html?_=1666579306723&CODE_STATE=getMsg HTTP/1.1" 200 27
180.169.147.146 - - [24/Oct/2022:10:41:53 +0800] "GET /xingrg/check_reg.html?_=1666579306725 HTTP/1.1" 200 22
116.230.105.139 - - [24/Oct/2022:10:41:57 +0800] "GET /xingrg/all/function/internal_message.html?_=1666579276943&CODE_STATE=getMsg HTTP/1.1" 200 27
120.253.135.82 - - [24/Oct/2022:10:42:03 +0800] "GET /xingrg/all/function/internal_message.html?_=1666579422384&CODE_STATE=getMsg HTTP/1.1" 200 27
124.79.243.136 - - [24/Oct/2022:10:42:04 +0800] "GET /xingrg/all/function/internal_message.html?_=1666579525501&CODE_STATE=getMsg HTTP/1.1" 200 27
116.230.114.213 - - [24/Oct/2022:10:42:08 +0800] "GET /xingrg/all/function/internal_message.html?_=1666579328066&CODE_STATE=getMsg HTTP/1.1" 200 27
61.170.232.44 - - [24/Oct/2022:10:42:09 +0800] "GET /xingrg/all/function/internal_message.html?_=1666579321904&CODE_STATE=getMsg HTTP/1.1" 200 27
114.83.223.130 - - [24/Oct/2022:10:42:19 +0800] "GET /xingrg/kc/buy/cgsh_order_add.html HTTP/1.1" 200 69191
114.83.223.130 - - [24/Oct/2022:10:42:19 +0800] "POST /xingrg/kc/buy/cgsh_order_operate.html HTTP/1.1" 200 8245
114.83.223.130 - - [24/Oct/2022:10:42:19 +0800] "GET /xingrg/javascript/easyui/themes/default/validatebox.css HTTP/1.1" 404 1104
221.239.141.151 - - [24/Oct/2022:10:42:19 +0800] "GET /xingrg/all/function/internal_message.html?_=1666579333934&CODE_STATE=getMsg HTTP/1.1" 200 27
114.88.159.190 - - [24/Oct/2022:10:42:20 +0800] "GET /xingrg/kc/buy/cgsh_order_operate.html?command=get_materiel&rest_code=00141&code=00101007077&supplier_code=00100344&order_time=2022-10-24 HTTP/1.1" 200 415
222.70.183.206 - - [24/Oct/2022:10:42:22 +0800] "GET /xingrg/all/function/internal_message.html?_=1666579335563&CODE_STATE=getMsg HTTP/1.1" 200 27
116.238.139.35 - - [24/Oct/2022:10:42:22 +0800] "GET /xingrg/all/function/internal_message.html?_=1666579336006&CODE_STATE=getMsg HTTP/1.1" 200 27
180.169.147.146 - - [24/Oct/2022:10:42:22 +0800] "GET /xingrg/all/function/internal_message.html?_=1666579334664&CODE_STATE=getMsg HTTP/1.1" 200 27
222.69.192.207 - - [24/Oct/2022:10:42:27 +0800] "GET /xingrg/all/function/internal_message.html?_=1666579193896&CODE_STATE=getMsg HTTP/1.1" 200 27
222.69.192.207 - - [24/Oct/2022:10:42:27 +0800] "GET /xingrg/check_reg.html?_=1666579193900 HTTP/1.1" 200 22
114.83.223.130 - - [24/Oct/2022:10:42:29 +0800] "GET /xingrg/kc/buy/cgsh_order_operate.html?command=get_materiel&rest_code=00149&code=00101002007&supplier_code=00100039&order_time=2022-10-23 HTTP/1.1" 200 411
180.169.147.146 - - [24/Oct/2022:10:42:30 +0800] "GET /xingrg/all/function/internal_message.html?_=1666579343973&CODE_STATE=getMsg HTTP/1.1" 200 27
180.163.30.76 - - [24/Oct/2022:10:42:32 +0800] "GET /xingrg/kc/buy/cgsh_order_info.html?code=212022102407319 HTTP/1.1" 302 -
180.163.30.76 - - [24/Oct/2022:10:42:32 +0800] "GET /xingrg/login.html HTTP/1.1" 200 7641
58.221.95.50 - - [24/Oct/2022:10:42:38 +0800] "GET /xingrg/check_reg.html?_=1666579378606 HTTP/1.1" 302 -
180.169.147.146 - - [24/Oct/2022:10:42:40 +0800] "GET /xingrg/check_reg.html?_=1666579353108 HTTP/1.1" 200 22
61.170.232.44 - - [24/Oct/2022:10:42:40 +0800] "GET /xingrg/all/function/internal_message.html?_=1666579353899&CODE_STATE=getMsg HTTP/1.1" 200 27
180.169.147.146 - - [24/Oct/2022:10:42:42 +0800] "GET /xingrg/all/function/internal_message.html?_=1666579355449&CODE_STATE=getMsg HTTP/1.1" 200 27
114.83.223.130 - - [24/Oct/2022:10:42:43 +0800] "GET /xingrg/kc/buy/cgsh_order_operate.html?command=get_materiel&rest_code=00149&code=00101003035&supplier_code=00100039&order_time=2022-10-23 HTTP/1.1" 200 433
101.85.93.18 - - [24/Oct/2022:10:42:45 +0800] "GET /xingrg/all/function/internal_message.html?_=1666579358645&CODE_STATE=getMsg HTTP/1.1" 200 27
120.253.135.82 - - [24/Oct/2022:10:42:49 +0800] "GET /xingrg/check_reg.html?_=1666579159474 HTTP/1.1" 200 22
120.253.135.82 - - [24/Oct/2022:10:42:49 +0800] "GET /xingrg/all/function/internal_message.html?_=1666579159531&CODE_STATE=getMsg HTTP/1.1" 200 27
114.84.81.136 - - [24/Oct/2022:10:42:49 +0800] "GET /xingrg/all/function/internal_message.html?_=1666579364152&CODE_STATE=getMsg HTTP/1.1" 200 27
114.83.223.130 - - [24/Oct/2022:10:42:50 +0800] "GET /xingrg/all/function/internal_message.html?_=1666579362939&CODE_STATE=getMsg HTTP/1.1" 200 27
180.169.147.146 - - [24/Oct/2022:10:42:53 +0800] "GET /xingrg/all/function/internal_message.html?_=1666579366722&CODE_STATE=getMsg HTTP/1.1" 200 27
114.88.159.190 - - [24/Oct/2022:10:42:55 +0800] "GET /xingrg/kc/buy/cgsh_order_operate.html?command=get_materiel&rest_code=00141&code=00101007125&supplier_code=00100344&order_time=2022-10-24 HTTP/1.1" 200 406
116.230.105.139 - - [24/Oct/2022:10:42:57 +0800] "GET /xingrg/all/function/internal_message.html?_=1666579336937&CODE_STATE=getMsg HTTP/1.1" 200 27
120.253.135.82 - - [24/Oct/2022:10:43:04 +0800] "GET /xingrg/all/function/internal_message.html?_=1666579482650&CODE_STATE=getMsg HTTP/1.1" 200 27
124.79.243.136 - - [24/Oct/2022:10:43:04 +0800] "GET /xingrg/all/function/internal_message.html?_=1666579585506&CODE_STATE=getMsg HTTP/1.1" 200 27
114.83.223.130 - - [24/Oct/2022:10:43:04 +0800] "GET /xingrg/kc/buy/cgsh_order_operate.html?command=get_materiel&rest_code=00149&code=00101003037&supplier_code=00100039&order_time=2022-10-23 HTTP/1.1" 200 437
114.88.159.190 - - [24/Oct/2022:10:43:05 +0800] "GET /xingrg/kc/buy/cgsh_order_operate.html?command=get_materiel&rest_code=00141&code=00101007061&supplier_code=00100344&order_time=2022-10-24 HTTP/1.1" 200 409
116.230.114.213 - - [24/Oct/2022:10:43:08 +0800] "GET /xingrg/all/function/internal_message.html?_=1666579388074&CODE_STATE=getMsg HTTP/1.1" 200 27
61.170.232.44 - - [24/Oct/2022:10:43:09 +0800] "GET /xingrg/all/function/internal_message.html?_=1666579381880&CODE_STATE=getMsg HTTP/1.1" 200 27
222.69.192.207 - - [24/Oct/2022:10:43:11 +0800] "GET /xingrg/kc/buy/cgsh_order_add.html HTTP/1.1" 200 69185
222.69.192.207 - - [24/Oct/2022:10:43:12 +0800] "GET /xingrg/words/20221023141509_words.js HTTP/1.1" 304 -
222.69.192.207 - - [24/Oct/2022:10:43:12 +0800] "POST /xingrg/kc/buy/cgsh_order_operate.html HTTP/1.1" 200 8245
222.69.192.207 - - [24/Oct/2022:10:43:12 +0800] "GET /xingrg/javascript/easyui/themes/default/validatebox.css HTTP/1.1" 404 1104
114.83.223.130 - - [24/Oct/2022:10:43:15 +0800] "GET /xingrg/kc/buy/cgsh_order_operate.html?command=get_materiel&rest_code=00149&code=00101002006&supplier_code=00100039&order_time=2022-10-23 HTTP/1.1" 200 414
221.239.141.151 - - [24/Oct/2022:10:43:19 +0800] "GET /xingrg/check_reg.html?_=1666579393790 HTTP/1.1" 200 22
221.239.141.151 - - [24/Oct/2022:10:43:19 +0800] "GET /xingrg/all/function/internal_message.html?_=1666579393933&CODE_STATE=getMsg HTTP/1.1" 200 27
222.70.183.206 - - [24/Oct/2022:10:43:22 +0800] "GET /xingrg/all/function/internal_message.html?_=1666579395560&CODE_STATE=getMsg HTTP/1.1" 200 27
116.238.139.35 - - [24/Oct/2022:10:43:22 +0800] "GET /xingrg/all/function/internal_message.html?_=1666579396020&CODE_STATE=getMsg HTTP/1.1" 200 27
180.169.147.146 - - [24/Oct/2022:10:43:22 +0800] "GET /xingrg/all/function/internal_message.html?_=1666579394659&CODE_STATE=getMsg HTTP/1.1" 200 27
114.83.223.130 - - [24/Oct/2022:10:43:26 +0800] "GET /xingrg/kc/buy/cgsh_order_operate.html?command=get_materiel&rest_code=00149&code=00101001140&supplier_code=00100039&order_time=2022-10-23 HTTP/1.1" 200 415
222.69.192.207 - - [24/Oct/2022:10:43:27 +0800] "GET /xingrg/all/function/internal_message.html?_=1666579253931&CODE_STATE=getMsg HTTP/1.1" 200 27
222.69.192.207 - - [24/Oct/2022:10:43:27 +0800] "GET /xingrg/kc/buy/cgsh_order_operate.html?command=get_materiel&rest_code=00105&code=00101006109&supplier_code=00100012&order_time=2022-10-24 HTTP/1.1" 200 409
180.169.147.146 - - [24/Oct/2022:10:43:30 +0800] "GET /xingrg/all/function/internal_message.html?_=1666579403975&CODE_STATE=getMsg HTTP/1.1" 200 27
114.83.223.130 - - [24/Oct/2022:10:43:38 +0800] "GET /xingrg/kc/buy/cgsh_order_operate.html?command=get_materiel&rest_code=00149&code=00101002027&supplier_code=00100039&order_time=2022-10-23 HTTP/1.1" 200 415
61.170.232.44 - - [24/Oct/2022:10:43:39 +0800] "GET /xingrg/check_reg.html?_=1666579411680 HTTP/1.1" 200 22
61.170.232.44 - - [24/Oct/2022:10:43:40 +0800] "GET /xingrg/check_reg.html?_=1666579413899 HTTP/1.1" 200 22
61.170.232.44 - - [24/Oct/2022:10:43:40 +0800] "GET /xingrg/all/function/internal_message.html?_=1666579413902&CODE_STATE=getMsg HTTP/1.1" 200 27
180.169.147.146 - - [24/Oct/2022:10:43:40 +0800] "POST /xingrg/all/report/report_print.html HTTP/1.1" 200 7168
180.169.147.146 - - [24/Oct/2022:10:43:42 +0800] "GET /xingrg/all/function/internal_message.html?_=1666579415439&CODE_STATE=getMsg HTTP/1.1" 200 27
114.88.159.190 - - [24/Oct/2022:10:43:44 +0800] "POST /xingrg/kc/buy/cgsh_order_operate.html HTTP/1.1" 200 37
101.85.93.18 - - [24/Oct/2022:10:43:45 +0800] "GET /xingrg/all/function/internal_message.html?_=1666579418645&CODE_STATE=getMsg HTTP/1.1" 200 27
116.230.105.139 - - [24/Oct/2022:10:43:48 +0800] "GET /favicon.ico HTTP/1.1" 404 -
114.88.159.190 - - [24/Oct/2022:10:43:48 +0800] "POST /xingrg/kc/buy/cgsh_order_operate.html HTTP/1.1" 200 12
114.88.159.190 - - [24/Oct/2022:10:43:49 +0800] "GET /xingrg/kc/buy/cgsh_order_info.html?code=212022102407321 HTTP/1.1" 200 64010
120.253.135.82 - - [24/Oct/2022:10:43:49 +0800] "GET /xingrg/all/function/internal_message.html?_=1666579219544&CODE_STATE=getMsg HTTP/1.1" 200 27
114.84.81.136 - - [24/Oct/2022:10:43:49 +0800] "GET /xingrg/all/function/internal_message.html?_=1666579424152&CODE_STATE=getMsg HTTP/1.1" 200 27
114.88.159.190 - - [24/Oct/2022:10:43:49 +0800] "GET /xingrg/javascript/easyui/themes/default/validatebox.css HTTP/1.1" 404 1104
114.88.159.190 - - [24/Oct/2022:10:43:50 +0800] "POST /xingrg/kc/buy/cgsh_order_operate.html HTTP/1.1" 200 4150
114.83.223.130 - - [24/Oct/2022:10:43:50 +0800] "GET /xingrg/all/function/internal_message.html?_=1666579422923&CODE_STATE=getMsg HTTP/1.1" 200 27
114.88.159.190 - - [24/Oct/2022:10:43:51 +0800] "GET /xingrg/kc/print/load_data.html?order_code=212022102407321&kc_code=cgsh&condition= HTTP/1.1" 200 2071
114.84.81.136 - - [24/Oct/2022:10:43:51 +0800] "POST /xingrg/services/DataTransmitService HTTP/1.1" 200 524
180.169.147.146 - - [24/Oct/2022:10:43:53 +0800] "GET /xingrg/all/function/internal_message.html?_=1666579426716&CODE_STATE=getMsg HTTP/1.1" 200 27
120.253.135.82 - - [24/Oct/2022:10:43:54 +0800] "GET /xingrg/check_reg.html?_=1666579533475 HTTP/1.1" 200 22
116.230.105.139 - - [24/Oct/2022:10:43:57 +0800] "GET /xingrg/all/function/internal_message.html?_=1666579396948&CODE_STATE=getMsg HTTP/1.1" 200 27
116.230.105.139 - - [24/Oct/2022:10:43:57 +0800] "GET /xingrg/check_reg.html?_=1666579396953 HTTP/1.1" 200 22
114.83.223.130 - - [24/Oct/2022:10:43:58 +0800] "GET /xingrg/kc/buy/cgsh_order_operate.html?command=get_materiel&rest_code=00149&code=00101001075&supplier_code=00100039&order_time=2022-10-23 HTTP/1.1" 200 409
114.88.159.190 - - [24/Oct/2022:10:43:58 +0800] "GET /xingrg/kc/buy/cgsh_order_add.html HTTP/1.1" 200 69103
114.88.159.190 - - [24/Oct/2022:10:43:58 +0800] "POST /xingrg/kc/buy/cgsh_order_operate.html HTTP/1.1" 200 8245
114.88.159.190 - - [24/Oct/2022:10:43:58 +0800] "GET /xingrg/javascript/easyui/themes/default/validatebox.css HTTP/1.1" 404 1104
114.88.159.190 - - [24/Oct/2022:10:44:03 +0800] "GET /xingrg/check_reg.html?_=1666579063873 HTTP/1.1" 200 22
120.253.135.82 - - [24/Oct/2022:10:44:04 +0800] "GET /xingrg/all/function/internal_message.html?_=1666579542659&CODE_STATE=getMsg HTTP/1.1" 200 27
124.79.243.136 - - [24/Oct/2022:10:44:04 +0800] "GET /xingrg/all/function/internal_message.html?_=1666579645513&CODE_STATE=getMsg HTTP/1.1" 200 27
222.69.192.207 - - [24/Oct/2022:10:44:06 +0800] "GET /xingrg/kc/buy/cgsh_order_operate.html?command=get_materiel&rest_code=00105&code=00101007068&supplier_code=00100012&order_time=2022-10-24 HTTP/1.1" 200 409
114.88.159.190 - - [24/Oct/2022:10:44:07 +0800] "GET /xingrg/kc/buy/cgsh_order_operate.html?command=get_materiel&rest_code=00141&code=00101029011&supplier_code=00100017&order_time=2022-10-24 HTTP/1.1" 200 480
114.83.223.130 - - [24/Oct/2022:10:44:07 +0800] "GET /xingrg/kc/buy/cgsh_order_operate.html?command=get_materiel&rest_code=00149&code=00101010161&supplier_code=00100039&order_time=2022-10-23 HTTP/1.1" 200 410
116.230.114.213 - - [24/Oct/2022:10:44:08 +0800] "GET /xingrg/all/function/internal_message.html?_=1666579448123&CODE_STATE=getMsg HTTP/1.1" 200 27
61.170.232.44 - - [24/Oct/2022:10:44:09 +0800] "GET /xingrg/all/function/internal_message.html?_=1666579441853&CODE_STATE=getMsg HTTP/1.1" 200 27
116.232.38.213 - - [24/Oct/2022:10:44:17 +0800] "POST /xingrg/services/DataTransmitService HTTP/1.1" 200 524
116.232.38.213 - - [24/Oct/2022:10:44:18 +0800] "POST /xingrg/services/DataTransmitService HTTP/1.1" 200 412
221.239.141.151 - - [24/Oct/2022:10:44:19 +0800] "GET /xingrg/all/function/internal_message.html?_=1666579453920&CODE_STATE=getMsg HTTP/1.1" 200 27
114.88.159.190 - - [24/Oct/2022:10:44:21 +0800] "GET /xingrg/kc/buy/cgsh_order_operate.html?command=get_materiel&rest_code=00141&code=00101028013&supplier_code=00100017&order_time=2022-10-24 HTTP/1.1" 200 469
222.70.183.206 - - [24/Oct/2022:10:44:22 +0800] "GET /xingrg/all/function/internal_message.html?_=1666579455564&CODE_STATE=getMsg HTTP/1.1" 200 27
116.238.139.35 - - [24/Oct/2022:10:44:22 +0800] "GET /xingrg/all/function/internal_message.html?_=1666579456020&CODE_STATE=getMsg HTTP/1.1" 200 27
180.169.147.146 - - [24/Oct/2022:10:44:22 +0800] "GET /xingrg/all/function/internal_message.html?_=1666579454681&CODE_STATE=getMsg HTTP/1.1" 200 27
114.83.223.130 - - [24/Oct/2022:10:44:26 +0800] "GET /xingrg/kc/buy/cgsh_order_operate.html?command=get_materiel&rest_code=00149&code=00101001010&supplier_code=00100039&order_time=2022-10-23 HTTP/1.1" 200 411
222.69.192.207 - - [24/Oct/2022:10:44:27 +0800] "GET /xingrg/all/function/internal_message.html?_=1666579313933&CODE_STATE=getMsg HTTP/1.1" 200 27
180.169.147.146 - - [24/Oct/2022:10:44:30 +0800] "GET /xingrg/all/function/internal_message.html?_=1666579463981&CODE_STATE=getMsg HTTP/1.1" 200 27
222.69.192.207 - - [24/Oct/2022:10:44:34 +0800] "GET /xingrg/kc/buy/cgsh_order_operate.html?command=get_materiel&rest_code=00105&code=00101006096&supplier_code=00100012&order_time=2022-10-24 HTTP/1.1" 200 409
114.88.159.190 - - [24/Oct/2022:10:44:36 +0800] "GET /xingrg/kc/buy/cgsh_order_operate.html?command=get_materiel&rest_code=00141&code=00101026219&supplier_code=00100017&order_time=2022-10-24 HTTP/1.1" 200 467
61.170.232.44 - - [24/Oct/2022:10:44:40 +0800] "GET /xingrg/all/function/internal_message.html?_=1666579473888&CODE_STATE=getMsg HTTP/1.1" 200 27
114.83.223.130 - - [24/Oct/2022:10:44:41 +0800] "POST /xingrg/kc/buy/cgsh_order_operate.html HTTP/1.1" 200 37
180.169.147.146 - - [24/Oct/2022:10:44:42 +0800] "GET /xingrg/all/function/internal_message.html?_=1666579475439&CODE_STATE=getMsg HTTP/1.1" 200 27
114.88.159.190 - - [24/Oct/2022:10:44:44 +0800] "GET /xingrg/kc/buy/cgsh_order_operate.html?command=get_materiel&rest_code=00141&code=00101029005&supplier_code=00100017&order_time=2022-10-24 HTTP/1.1" 200 436
101.85.93.18 - - [24/Oct/2022:10:44:45 +0800] "GET /xingrg/all/function/internal_message.html?_=1666579478643&CODE_STATE=getMsg HTTP/1.1" 200 27
114.83.223.130 - - [24/Oct/2022:10:44:46 +0800] "POST /xingrg/kc/buy/cgsh_order_operate.html HTTP/1.1" 200 12
114.83.223.130 - - [24/Oct/2022:10:44:49 +0800] "GET /xingrg/kc/buy/cgsh_order_info.html?code=212022102407322 HTTP/1.1" 200 64094
120.253.135.82 - - [24/Oct/2022:10:44:49 +0800] "GET /xingrg/all/function/internal_message.html?_=1666579279563&CODE_STATE=getMsg HTTP/1.1" 200 27
114.83.223.130 - - [24/Oct/2022:10:44:49 +0800] "GET /xingrg/javascript/easyui/themes/default/validatebox.css HTTP/1.1" 404 1104
114.84.81.136 - - [24/Oct/2022:10:44:49 +0800] "GET /xingrg/all/function/internal_message.html?_=1666579484164&CODE_STATE=getMsg HTTP/1.1" 200 27
114.83.223.130 - - [24/Oct/2022:10:44:50 +0800] "POST /xingrg/kc/buy/cgsh_order_operate.html HTTP/1.1" 200 5360
114.83.223.130 - - [24/Oct/2022:10:44:50 +0800] "GET /xingrg/all/function/internal_message.html?_=1666579482916&CODE_STATE=getMsg HTTP/1.1" 200 27
114.83.223.130 - - [24/Oct/2022:10:44:51 +0800] "GET /xingrg/kc/print/load_data.html?order_code=212022102407322&kc_code=cgsh&condition= HTTP/1.1" 200 2543
114.88.159.190 - - [24/Oct/2022:10:44:51 +0800] "GET /xingrg/kc/buy/cgsh_order_operate.html?command=get_materiel&rest_code=00141&code=00101028009&supplier_code=00100017&order_time=2022-10-24 HTTP/1.1" 200 439
180.169.147.146 - - [24/Oct/2022:10:44:53 +0800] "GET /xingrg/all/function/internal_message.html?_=1666579486711&CODE_STATE=getMsg HTTP/1.1" 200 27
116.230.114.213 - - [24/Oct/2022:10:44:57 +0800] "GET /xingrg/check_reg.html?_=1666579496872 HTTP/1.1" 200 22
116.230.105.139 - - [24/Oct/2022:10:44:57 +0800] "GET /xingrg/all/function/internal_message.html?_=1666579456953&CODE_STATE=getMsg HTTP/1.1" 200 27
222.69.192.207 - - [24/Oct/2022:10:44:59 +0800] "POST /xingrg/kc/buy/cgsh_order_operate.html HTTP/1.1" 200 37
222.69.192.207 - - [24/Oct/2022:10:45:01 +0800] "POST /xingrg/kc/buy/cgsh_order_operate.html HTTP/1.1" 200 4419
114.88.159.190 - - [24/Oct/2022:10:45:02 +0800] "GET /xingrg/kc/buy/cgsh_order_operate.html?command=get_materiel&rest_code=00141&code=00101028012&supplier_code=00100017&order_time=2022-10-24 HTTP/1.1" 200 477
120.253.135.82 - - [24/Oct/2022:10:45:04 +0800] "GET /xingrg/all/function/internal_message.html?_=1666579602674&CODE_STATE=getMsg HTTP/1.1" 200 27
124.79.243.136 - - [24/Oct/2022:10:45:04 +0800] "GET /xingrg/all/function/internal_message.html?_=1666579705512&CODE_STATE=getMsg HTTP/1.1" 200 27
222.69.192.207 - - [24/Oct/2022:10:45:04 +0800] "GET /xingrg/kc/print/load_data.html?order_code=212022102407323&kc_code=cgsh&condition= HTTP/1.1" 200 1426
116.230.114.213 - - [24/Oct/2022:10:45:08 +0800] "GET /xingrg/all/function/internal_message.html?_=1666579508133&CODE_STATE=getMsg HTTP/1.1" 200 27
61.170.232.44 - - [24/Oct/2022:10:45:09 +0800] "GET /xingrg/all/function/internal_message.html?_=1666579501829&CODE_STATE=getMsg HTTP/1.1" 200 27
114.88.159.190 - - [24/Oct/2022:10:45:12 +0800] "GET /xingrg/kc/buy/cgsh_order_operate.html?command=get_materiel&rest_code=00141&code=00101028008&supplier_code=00100017&order_time=2022-10-24 HTTP/1.1" 200 449
221.239.141.151 - - [24/Oct/2022:10:45:19 +0800] "GET /xingrg/all/function/internal_message.html?_=1666579513901&CODE_STATE=getMsg HTTP/1.1" 200 27
221.239.141.151 - - [24/Oct/2022:10:45:20 +0800] "POST /xingrg/services/DataTransmitService HTTP/1.1" 200 524
222.70.183.206 - - [24/Oct/2022:10:45:22 +0800] "GET /xingrg/check_reg.html?_=1666579515571 HTTP/1.1" 200 22
222.70.183.206 - - [24/Oct/2022:10:45:22 +0800] "GET /xingrg/all/function/internal_message.html?_=1666579515567&CODE_STATE=getMsg HTTP/1.1" 200 27
116.238.139.35 - - [24/Oct/2022:10:45:22 +0800] "GET /xingrg/all/function/internal_message.html?_=1666579516019&CODE_STATE=getMsg HTTP/1.1" 200 27
180.169.147.146 - - [24/Oct/2022:10:45:22 +0800] "GET /xingrg/all/function/internal_message.html?_=1666579514680&CODE_STATE=getMsg HTTP/1.1" 200 27
221.239.141.151 - - [24/Oct/2022:10:45:22 +0800] "GET /favicon.ico HTTP/1.1" 404 -
222.69.192.207 - - [24/Oct/2022:10:45:27 +0800] "GET /xingrg/all/function/internal_message.html?_=1666579373928&CODE_STATE=getMsg HTTP/1.1" 200 27
180.169.147.146 - - [24/Oct/2022:10:45:30 +0800] "GET /xingrg/all/function/internal_message.html?_=1666579523985&CODE_STATE=getMsg HTTP/1.1" 200 27
114.88.159.190 - - [24/Oct/2022:10:45:30 +0800] "POST /xingrg/kc/buy/cgsh_order_operate.html HTTP/1.1" 200 37
114.88.159.190 - - [24/Oct/2022:10:45:37 +0800] "POST /xingrg/kc/buy/cgsh_order_operate.html HTTP/1.1" 200 12
114.88.159.190 - - [24/Oct/2022:10:45:38 +0800] "GET /xingrg/kc/buy/cgsh_order_info.html?code=212022102407324 HTTP/1.1" 200 64004
114.88.159.190 - - [24/Oct/2022:10:45:39 +0800] "GET /xingrg/javascript/easyui/themes/default/validatebox.css HTTP/1.1" 404 1104
114.88.159.190 - - [24/Oct/2022:10:45:39 +0800] "POST /xingrg/kc/buy/cgsh_order_operate.html HTTP/1.1" 200 4395
222.70.183.206 - - [24/Oct/2022:10:45:39 +0800] "POST /xingrg/services/DataTransmitService HTTP/1.1" 200 524
222.70.183.206 - - [24/Oct/2022:10:45:40 +0800] "POST /xingrg/services/DataTransmitService HTTP/1.1" 200 501
61.170.232.44 - - [24/Oct/2022:10:45:40 +0800] "GET /xingrg/all/function/internal_message.html?_=1666579533888&CODE_STATE=getMsg HTTP/1.1" 200 27
114.88.159.190 - - [24/Oct/2022:10:45:40 +0800] "GET /xingrg/kc/print/load_data.html?order_code=212022102407324&kc_code=cgsh&condition= HTTP/1.1" 200 2354
180.169.147.146 - - [24/Oct/2022:10:45:42 +0800] "GET /xingrg/all/function/internal_message.html?_=1666579535424&CODE_STATE=getMsg HTTP/1.1" 200 27
101.85.93.18 - - [24/Oct/2022:10:45:45 +0800] "GET /xingrg/check_reg.html?_=1666579538642 HTTP/1.1" 200 22
101.85.93.18 - - [24/Oct/2022:10:45:45 +0800] "GET /xingrg/all/function/internal_message.html?_=1666579538644&CODE_STATE=getMsg HTTP/1.1" 200 27
114.84.81.136 - - [24/Oct/2022:10:45:49 +0800] "GET /xingrg/all/function/internal_message.html?_=1666579544163&CODE_STATE=getMsg HTTP/1.1" 200 27
120.253.135.82 - - [24/Oct/2022:10:45:49 +0800] "GET /xingrg/all/function/internal_message.html?_=1666579339578&CODE_STATE=getMsg HTTP/1.1" 200 27
114.83.223.130 - - [24/Oct/2022:10:45:50 +0800] "GET /xingrg/all/function/internal_message.html?_=1666579542898&CODE_STATE=getMsg HTTP/1.1" 200 27
180.169.147.146 - - [24/Oct/2022:10:45:53 +0800] "GET /xingrg/all/function/internal_message.html?_=1666579546714&CODE_STATE=getMsg HTTP/1.1" 200 27
116.230.105.139 - - [24/Oct/2022:10:45:57 +0800] "GET /xingrg/all/function/internal_message.html?_=1666579516945&CODE_STATE=getMsg HTTP/1.1" 200 27
120.253.135.82 - - [24/Oct/2022:10:46:04 +0800] "GET /xingrg/all/function/internal_message.html?_=1666579662816&CODE_STATE=getMsg HTTP/1.1" 200 27
124.79.243.136 - - [24/Oct/2022:10:46:04 +0800] "GET /xingrg/check_reg.html?_=1666579765510 HTTP/1.1" 200 22
124.79.243.136 - - [24/Oct/2022:10:46:04 +0800] "GET /xingrg/all/function/internal_message.html?_=1666579765510&CODE_STATE=getMsg HTTP/1.1" 200 27
116.230.114.213 - - [24/Oct/2022:10:46:08 +0800] "GET /xingrg/all/function/internal_message.html?_=1666579568146&CODE_STATE=getMsg HTTP/1.1" 200 27
61.170.232.44 - - [24/Oct/2022:10:46:09 +0800] "GET /xingrg/all/function/internal_message.html?_=1666579561807&CODE_STATE=getMsg HTTP/1.1" 200 27
180.169.147.146 - - [24/Oct/2022:10:46:13 +0800] "POST /xingrg/dwr/call/plaincall/AjaxReportQueryService.refreshCache.dwr HTTP/1.1" 200 78
180.169.147.146 - - [24/Oct/2022:10:46:15 +0800] "POST /xingrg/all/report/load_report_page.html HTTP/1.1" 200 49872
180.169.147.146 - - [24/Oct/2022:10:46:15 +0800] "GET /xingrg/servlets/image?cache=0.6770983665366225&image=px HTTP/1.1" 200 807
221.239.141.151 - - [24/Oct/2022:10:46:19 +0800] "GET /xingrg/all/function/internal_message.html?_=1666579573877&CODE_STATE=getMsg HTTP/1.1" 200 27
222.70.183.206 - - [24/Oct/2022:10:46:22 +0800] "GET /xingrg/all/function/internal_message.html?_=1666579575567&CODE_STATE=getMsg HTTP/1.1" 200 27
116.238.139.35 - - [24/Oct/2022:10:46:22 +0800] "GET /xingrg/check_reg.html?_=1666579576019 HTTP/1.1" 200 22
116.238.139.35 - - [24/Oct/2022:10:46:22 +0800] "GET /xingrg/all/function/internal_message.html?_=1666579576022&CODE_STATE=getMsg HTTP/1.1" 200 27
180.169.147.146 - - [24/Oct/2022:10:46:22 +0800] "GET /xingrg/check_reg.html?_=1666579574671 HTTP/1.1" 200 22
180.169.147.146 - - [24/Oct/2022:10:46:22 +0800] "GET /xingrg/all/function/internal_message.html?_=1666579574688&CODE_STATE=getMsg HTTP/1.1" 200 27
222.69.192.207 - - [24/Oct/2022:10:46:27 +0800] "GET /xingrg/all/function/internal_message.html?_=1666579433938&CODE_STATE=getMsg HTTP/1.1" 200 27
180.169.147.146 - - [24/Oct/2022:10:46:30 +0800] "GET /xingrg/check_reg.html?_=1666579583972 HTTP/1.1" 200 22
180.169.147.146 - - [24/Oct/2022:10:46:30 +0800] "GET /xingrg/all/function/internal_message.html?_=1666579583974&CODE_STATE=getMsg HTTP/1.1" 200 27
61.170.232.44 - - [24/Oct/2022:10:46:40 +0800] "GET /xingrg/all/function/internal_message.html?_=1666579593888&CODE_STATE=getMsg HTTP/1.1" 200 27
180.169.147.146 - - [24/Oct/2022:10:46:42 +0800] "GET /xingrg/all/function/internal_message.html?_=1666579595396&CODE_STATE=getMsg HTTP/1.1" 200 27
101.85.93.18 - - [24/Oct/2022:10:46:45 +0800] "GET /xingrg/all/function/internal_message.html?_=1666579598642&CODE_STATE=getMsg HTTP/1.1" 200 27
120.253.135.82 - - [24/Oct/2022:10:46:49 +0800] "GET /xingrg/all/function/internal_message.html?_=1666579399584&CODE_STATE=getMsg HTTP/1.1" 200 27
114.84.81.136 - - [24/Oct/2022:10:46:49 +0800] "GET /xingrg/all/function/internal_message.html?_=1666579604179&CODE_STATE=getMsg HTTP/1.1" 200 27
114.84.81.136 - - [24/Oct/2022:10:46:49 +0800] "GET /xingrg/check_reg.html?_=1666579604182 HTTP/1.1" 200 22
114.83.223.130 - - [24/Oct/2022:10:46:50 +0800] "GET /xingrg/all/function/internal_message.html?_=1666579602873&CODE_STATE=getMsg HTTP/1.1" 200 27
114.83.223.130 - - [24/Oct/2022:10:46:51 +0800] "GET /xingrg/check_reg.html?_=1666579603483 HTTP/1.1" 200 22
180.169.147.146 - - [24/Oct/2022:10:46:53 +0800] "GET /xingrg/all/function/internal_message.html?_=1666579606715&CODE_STATE=getMsg HTTP/1.1" 200 27
180.169.147.146 - - [24/Oct/2022:10:46:53 +0800] "GET /xingrg/check_reg.html?_=1666579606717 HTTP/1.1" 200 22
116.230.105.139 - - [24/Oct/2022:10:46:57 +0800] "GET /xingrg/all/function/internal_message.html?_=1666579576942&CODE_STATE=getMsg HTTP/1.1" 200 27
124.79.243.136 - - [24/Oct/2022:10:47:04 +0800] "GET /xingrg/all/function/internal_message.html?_=1666579825503&CODE_STATE=getMsg HTTP/1.1" 200 27
120.253.135.82 - - [24/Oct/2022:10:47:04 +0800] "GET /xingrg/all/function/internal_message.html?_=1666579722831&CODE_STATE=getMsg HTTP/1.1" 200 27
114.83.223.130 - - [24/Oct/2022:10:47:06 +0800] "GET /xingrg/kc/buy/cgsh_order_add.html HTTP/1.1" 200 69191
114.83.223.130 - - [24/Oct/2022:10:47:06 +0800] "POST /xingrg/kc/buy/cgsh_order_operate.html HTTP/1.1" 200 8245
114.83.223.130 - - [24/Oct/2022:10:47:06 +0800] "GET /xingrg/javascript/easyui/themes/default/validatebox.css HTTP/1.1" 404 1104
116.230.114.213 - - [24/Oct/2022:10:47:08 +0800] "GET /xingrg/all/function/internal_message.html?_=1666579628204&CODE_STATE=getMsg HTTP/1.1" 200 27
61.170.232.44 - - [24/Oct/2022:10:47:09 +0800] "GET /xingrg/all/function/internal_message.html?_=1666579621788&CODE_STATE=getMsg HTTP/1.1" 200 27
114.83.223.130 - - [24/Oct/2022:10:47:17 +0800] "GET /xingrg/kc/buy/cgsh_order_operate.html?command=get_materiel&rest_code=00149&code=00101011005&supplier_code=00100051&order_time=2022-10-23 HTTP/1.1" 200 428
221.239.141.151 - - [24/Oct/2022:10:47:19 +0800] "GET /xingrg/all/function/internal_message.html?_=1666579633862&CODE_STATE=getMsg HTTP/1.1" 200 27
222.70.183.206 - - [24/Oct/2022:10:47:22 +0800] "GET /xingrg/all/function/internal_message.html?_=1666579635561&CODE_STATE=getMsg HTTP/1.1" 200 27
116.238.139.35 - - [24/Oct/2022:10:47:22 +0800] "GET /xingrg/all/function/internal_message.html?_=1666579636031&CODE_STATE=getMsg HTTP/1.1" 200 27
180.169.147.146 - - [24/Oct/2022:10:47:22 +0800] "GET /xingrg/all/function/internal_message.html?_=1666579634671&CODE_STATE=getMsg HTTP/1.1" 200 27
222.69.192.207 - - [24/Oct/2022:10:47:27 +0800] "GET /xingrg/check_reg.html?_=1666579493928 HTTP/1.1" 200 22
222.69.192.207 - - [24/Oct/2022:10:47:27 +0800] "GET /xingrg/all/function/internal_message.html?_=1666579493931&CODE_STATE=getMsg HTTP/1.1" 200 27
180.169.147.146 - - [24/Oct/2022:10:47:28 +0800] "POST /xingrg/all/user/operate.html HTTP/1.1" 200 36
180.169.147.146 - - [24/Oct/2022:10:47:29 +0800] "GET /xingrg/index.html?sysBaseUrl=http%3A%2F%2F180.169.147.146%3A18081%2Fxingrg%2F&costTime=39×tamp=1592034574635 HTTP/1.1" 200 17503
180.169.147.146 - - [24/Oct/2022:10:47:29 +0800] "GET /xingrg/javascript/jquery_easy_ui/themes/default/easyui.css HTTP/1.1" 304 -
180.169.147.146 - - [24/Oct/2022:10:47:29 +0800] "GET /xingrg/javascript/jquery_easy_ui/themes/icon.css HTTP/1.1" 304 -
180.169.147.146 - - [24/Oct/2022:10:47:29 +0800] "GET /xingrg/css/form.css HTTP/1.1" 304 -
180.169.147.146 - - [24/Oct/2022:10:47:29 +0800] "GET /xingrg/javascript/jquery-1.4.2.min.js HTTP/1.1" 304 -
180.169.147.146 - - [24/Oct/2022:10:47:29 +0800] "GET /xingrg/javascript/jquery_easy_ui/jquery.easyui.min.js HTTP/1.1" 304 -
180.169.147.146 - - [24/Oct/2022:10:47:29 +0800] "GET /xingrg/javascript/jquery_easy_ui/easyui-lang-zh_CN.js HTTP/1.1" 304 -
180.169.147.146 - - [24/Oct/2022:10:47:29 +0800] "GET /xingrg/javascript/jquery.form.js HTTP/1.1" 304 -
180.169.147.146 - - [24/Oct/2022:10:47:29 +0800] "GET /xingrg/javascript/jquery.utils.js HTTP/1.1" 304 -
180.169.147.146 - - [24/Oct/2022:10:47:29 +0800] "GET /xingrg/javascript/jquery.timers.js HTTP/1.1" 304 -
180.169.147.146 - - [24/Oct/2022:10:47:29 +0800] "GET /xingrg/images/blue/jxLogo.png HTTP/1.1" 304 -
180.169.147.146 - - [24/Oct/2022:10:47:29 +0800] "GET /xingrg/images/blue/navBackgound.jpg HTTP/1.1" 304 -
180.169.147.146 - - [24/Oct/2022:10:47:29 +0800] "GET /xingrg/javascript/jquery_easy_ui/themes/icons/settle_new.png HTTP/1.1" 304 -
180.169.147.146 - - [24/Oct/2022:10:47:29 +0800] "POST /xingrg/all/common/load_tree.html?tree=area_rest_tree_json&manage=1 HTTP/1.1" 200 3481
180.169.147.146 - - [24/Oct/2022:10:47:29 +0800] "GET /xingrg/check_reg.html?_=1666579642923 HTTP/1.1" 200 22
180.169.147.146 - - [24/Oct/2022:10:47:29 +0800] "GET /xingrg/all/function/internal_message.html?_=1666579642921&CODE_STATE=count HTTP/1.1" 200 11
180.169.147.146 - - [24/Oct/2022:10:47:29 +0800] "GET /xingrg/javascript/jquery_easy_ui/themes/default/images/tabs_rightarrow.png HTTP/1.1" 304 -
180.169.147.146 - - [24/Oct/2022:10:47:29 +0800] "GET /xingrg/javascript/jquery_easy_ui/themes/default/images/panel_tool_expand.gif HTTP/1.1" 304 -
180.169.147.146 - - [24/Oct/2022:10:47:29 +0800] "GET /xingrg/javascript/jquery_easy_ui/themes/default/images/panel_tool_collapse.gif HTTP/1.1" 304 -
180.169.147.146 - - [24/Oct/2022:10:47:29 +0800] "GET /xingrg/images/blue/pingpu.png HTTP/1.1" 304 -
180.169.147.146 - - [24/Oct/2022:10:47:29 +0800] "GET /xingrg/javascript/jquery_easy_ui/themes/default/images/tabs_leftarrow.png HTTP/1.1" 304 -
180.169.147.146 - - [24/Oct/2022:10:47:29 +0800] "POST /xingrg/load_menu.html HTTP/1.1" 200 9959
180.169.147.146 - - [24/Oct/2022:10:47:31 +0800] "GET /xingrg/kc/buy/cgsh_order_list.html HTTP/1.1" 200 53577
180.169.147.146 - - [24/Oct/2022:10:47:31 +0800] "GET /xingrg/javascript/jquery_tools/list_manager.js HTTP/1.1" 200 3652
180.169.147.146 - - [24/Oct/2022:10:47:31 +0800] "GET /xingrg/javascript/easyui/themes/icons/check_new.png HTTP/1.1" 200 3224
180.169.147.146 - - [24/Oct/2022:10:47:31 +0800] "GET /xingrg/javascript/easyui/themes/icons/cance_new.png HTTP/1.1" 200 3986
180.169.147.146 - - [24/Oct/2022:10:47:31 +0800] "GET /xingrg/javascript/easyui/themes/icons/import_new.png HTTP/1.1" 200 1247
180.169.147.146 - - [24/Oct/2022:10:47:31 +0800] "GET /xingrg/javascript/easyui/themes/icons/field_new.png HTTP/1.1" 200 1097
180.169.147.146 - - [24/Oct/2022:10:47:32 +0800] "POST /xingrg/kc/buy/cgsh_list_operate.html HTTP/1.1" 200 986
180.169.147.146 - - [24/Oct/2022:10:47:34 +0800] "GET /xingrg/javascript/jquery_tools/images/prev.gif HTTP/1.1" 404 1086
180.169.147.146 - - [24/Oct/2022:10:47:34 +0800] "GET /xingrg/javascript/jquery_tools/images/next.gif HTTP/1.1" 404 1086
180.169.147.146 - - [24/Oct/2022:10:47:40 +0800] "GET /xingrg/check_reg.html?_=1666579653098 HTTP/1.1" 200 22
61.170.232.44 - - [24/Oct/2022:10:47:40 +0800] "GET /xingrg/all/function/internal_message.html?_=1666579653888&CODE_STATE=getMsg HTTP/1.1" 200 27
180.169.147.146 - - [24/Oct/2022:10:47:41 +0800] "POST /xingrg/kc/buy/cgsh_list_operate.html HTTP/1.1" 200 6061
180.169.147.146 - - [24/Oct/2022:10:47:42 +0800] "GET /xingrg/all/function/internal_message.html?_=1666579655375&CODE_STATE=getMsg HTTP/1.1" 200 27
101.85.93.18 - - [24/Oct/2022:10:47:45 +0800] "GET /xingrg/all/function/internal_message.html?_=1666579658644&CODE_STATE=getMsg HTTP/1.1" 200 27
180.169.147.146 - - [24/Oct/2022:10:47:47 +0800] "POST /xingrg/kc/buy/cgsh_list_operate.html HTTP/1.1" 200 5216
120.253.135.82 - - [24/Oct/2022:10:47:49 +0800] "GET /xingrg/check_reg.html?_=1666579459485 HTTP/1.1" 200 22
120.253.135.82 - - [24/Oct/2022:10:47:49 +0800] "GET /xingrg/all/function/internal_message.html?_=1666579459598&CODE_STATE=getMsg HTTP/1.1" 200 27
114.84.81.136 - - [24/Oct/2022:10:47:49 +0800] "GET /xingrg/all/function/internal_message.html?_=1666579664169&CODE_STATE=getMsg HTTP/1.1" 200 27
114.83.223.130 - - [24/Oct/2022:10:47:49 +0800] "GET /xingrg/kc/buy/cgsh_order_operate.html?command=get_materiel&rest_code=00149&code=00101011003&supplier_code=00100051&order_time=2022-10-23 HTTP/1.1" 200 413
114.83.223.130 - - [24/Oct/2022:10:47:50 +0800] "GET /xingrg/all/function/internal_message.html?_=1666579662858&CODE_STATE=getMsg HTTP/1.1" 200 27
180.169.147.146 - - [24/Oct/2022:10:47:53 +0800] "GET /xingrg/all/function/internal_message.html?_=1666579666712&CODE_STATE=getMsg HTTP/1.1" 200 27
180.169.147.146 - - [24/Oct/2022:10:47:57 +0800] "GET /xingrg/javascript/auto/indicator.gif HTTP/1.1" 404 1066
116.230.105.139 - - [24/Oct/2022:10:47:57 +0800] "GET /xingrg/all/function/internal_message.html?_=1666579636958&CODE_STATE=getMsg HTTP/1.1" 200 27
114.83.223.130 - - [24/Oct/2022:10:48:02 +0800] "POST /xingrg/kc/buy/cgsh_order_operate.html HTTP/1.1" 200 37
124.79.243.136 - - [24/Oct/2022:10:48:04 +0800] "GET /xingrg/all/function/internal_message.html?_=1666579885513&CODE_STATE=getMsg HTTP/1.1" 200 27
120.253.135.82 - - [24/Oct/2022:10:48:04 +0800] "GET /xingrg/all/function/internal_message.html?_=1666579783147&CODE_STATE=getMsg HTTP/1.1" 200 27
180.169.147.146 - - [24/Oct/2022:10:48:04 +0800] "POST /xingrg/kc/buy/cgsh_list_operate.html HTTP/1.1" 200 6040
114.83.223.130 - - [24/Oct/2022:10:48:07 +0800] "POST /xingrg/kc/buy/cgsh_order_operate.html HTTP/1.1" 200 12
116.230.114.213 - - [24/Oct/2022:10:48:08 +0800] "GET /xingrg/all/function/internal_message.html?_=1666579688221&CODE_STATE=getMsg HTTP/1.1" 200 27
61.170.232.44 - - [24/Oct/2022:10:48:09 +0800] "GET /xingrg/all/function/internal_message.html?_=1666579681770&CODE_STATE=getMsg HTTP/1.1" 200 27
114.83.223.130 - - [24/Oct/2022:10:48:09 +0800] "GET /xingrg/kc/buy/cgsh_order_info.html?code=212022102407325 HTTP/1.1" 200 64094
114.83.223.130 - - [24/Oct/2022:10:48:10 +0800] "GET /xingrg/javascript/easyui/themes/default/validatebox.css HTTP/1.1" 404 1104
114.83.223.130 - - [24/Oct/2022:10:48:10 +0800] "POST /xingrg/kc/buy/cgsh_order_operate.html HTTP/1.1" 200 1197
114.83.223.130 - - [24/Oct/2022:10:48:13 +0800] "GET /xingrg/kc/print/load_data.html?order_code=212022102407325&kc_code=cgsh&condition= HTTP/1.1" 200 948
180.169.147.146 - - [24/Oct/2022:10:48:14 +0800] "POST /xingrg/kc/buy/cgsh_list_operate.html HTTP/1.1" 200 6276
221.239.141.151 - - [24/Oct/2022:10:48:19 +0800] "GET /xingrg/check_reg.html?_=1666579693775 HTTP/1.1" 200 22
221.239.141.151 - - [24/Oct/2022:10:48:19 +0800] "GET /xingrg/all/function/internal_message.html?_=1666579693853&CODE_STATE=getMsg HTTP/1.1" 200 27
180.169.147.146 - - [24/Oct/2022:10:48:20 +0800] "POST /xingrg/kc/buy/cgsh_list_operate.html HTTP/1.1" 200 6040
222.70.183.206 - - [24/Oct/2022:10:48:22 +0800] "GET /xingrg/all/function/internal_message.html?_=1666579695572&CODE_STATE=getMsg HTTP/1.1" 200 27
116.238.139.35 - - [24/Oct/2022:10:48:22 +0800] "GET /xingrg/all/function/internal_message.html?_=1666579696017&CODE_STATE=getMsg HTTP/1.1" 200 27
180.169.147.146 - - [24/Oct/2022:10:48:22 +0800] "GET /xingrg/all/function/internal_message.html?_=1666579694669&CODE_STATE=getMsg HTTP/1.1" 200 27
222.69.192.207 - - [24/Oct/2022:10:48:27 +0800] "GET /xingrg/all/function/internal_message.html?_=1666579553919&CODE_STATE=getMsg HTTP/1.1" 200 27
180.169.147.146 - - [24/Oct/2022:10:48:29 +0800] "GET /xingrg/all/function/internal_message.html?_=1666579702940&CODE_STATE=getMsg HTTP/1.1" 200 27
114.83.223.130 - - [24/Oct/2022:10:48:33 +0800] "GET /xingrg/kc/buy/cgsh_order_add.html HTTP/1.1" 200 69191
114.83.223.130 - - [24/Oct/2022:10:48:33 +0800] "POST /xingrg/kc/buy/cgsh_order_operate.html HTTP/1.1" 200 8245
114.83.223.130 - - [24/Oct/2022:10:48:33 +0800] "GET /xingrg/javascript/easyui/themes/default/validatebox.css HTTP/1.1" 404 1104
61.170.232.44 - - [24/Oct/2022:10:48:39 +0800] "GET /xingrg/check_reg.html?_=1666579711678 HTTP/1.1" 200 22
61.170.232.44 - - [24/Oct/2022:10:48:40 +0800] "GET /xingrg/all/function/internal_message.html?_=1666579713915&CODE_STATE=getMsg HTTP/1.1" 200 27
61.170.232.44 - - [24/Oct/2022:10:48:40 +0800] "GET /xingrg/check_reg.html?_=1666579713917 HTTP/1.1" 200 22
180.169.147.146 - - [24/Oct/2022:10:48:42 +0800] "GET /xingrg/all/function/internal_message.html?_=1666579715364&CODE_STATE=getMsg HTTP/1.1" 200 27
101.85.93.18 - - [24/Oct/2022:10:48:45 +0800] "GET /xingrg/all/function/internal_message.html?_=1666579718644&CODE_STATE=getMsg HTTP/1.1" 200 27
120.253.135.82 - - [24/Oct/2022:10:48:49 +0800] "GET /xingrg/all/function/internal_message.html?_=1666579519613&CODE_STATE=getMsg HTTP/1.1" 200 27
114.84.81.136 - - [24/Oct/2022:10:48:49 +0800] "GET /xingrg/all/function/internal_message.html?_=1666579724169&CODE_STATE=getMsg HTTP/1.1" 200 27
114.83.223.130 - - [24/Oct/2022:10:48:49 +0800] "GET /xingrg/kc/buy/cgsh_order_operate.html?command=get_materiel&rest_code=00149&code=00101008180&supplier_code=00100036&order_time=2022-10-23 HTTP/1.1" 200 412
114.83.223.130 - - [24/Oct/2022:10:48:50 +0800] "GET /xingrg/all/function/internal_message.html?_=1666579722839&CODE_STATE=getMsg HTTP/1.1" 200 27
180.169.147.146 - - [24/Oct/2022:10:48:53 +0800] "GET /xingrg/all/function/internal_message.html?_=1666579726712&CODE_STATE=getMsg HTTP/1.1" 200 27
120.253.135.82 - - [24/Oct/2022:10:48:54 +0800] "GET /xingrg/check_reg.html?_=1666579833485 HTTP/1.1" 200 22
116.230.105.139 - - [24/Oct/2022:10:48:57 +0800] "GET /xingrg/check_reg.html?_=1666579696949 HTTP/1.1" 200 22
116.230.105.139 - - [24/Oct/2022:10:48:57 +0800] "GET /xingrg/all/function/internal_message.html?_=1666579696950&CODE_STATE=getMsg HTTP/1.1" 200 27
114.88.159.190 - - [24/Oct/2022:10:49:03 +0800] "GET /xingrg/check_reg.html?_=1666579363852 HTTP/1.1" 200 22
124.79.243.136 - - [24/Oct/2022:10:49:04 +0800] "GET /xingrg/all/function/internal_message.html?_=1666579945497&CODE_STATE=getMsg HTTP/1.1" 200 27
120.253.135.82 - - [24/Oct/2022:10:49:04 +0800] "GET /xingrg/all/function/internal_message.html?_=1666579843150&CODE_STATE=getMsg HTTP/1.1" 200 27
114.83.223.130 - - [24/Oct/2022:10:49:04 +0800] "GET /xingrg/kc/buy/cgsh_order_operate.html?command=get_materiel&rest_code=00149&code=00101012051&supplier_code=00100036&order_time=2022-10-23 HTTP/1.1" 200 408
116.230.114.213 - - [24/Oct/2022:10:49:08 +0800] "GET /xingrg/all/function/internal_message.html?_=1666579748271&CODE_STATE=getMsg HTTP/1.1" 200 27
61.170.232.44 - - [24/Oct/2022:10:49:09 +0800] "GET /xingrg/all/function/internal_message.html?_=1666579741744&CODE_STATE=getMsg HTTP/1.1" 200 27
180.169.147.146 - - [24/Oct/2022:10:49:11 +0800] "POST /xingrg/all/user/operate.html HTTP/1.1" 200 36
180.169.147.146 - - [24/Oct/2022:10:49:11 +0800] "GET /xingrg/index.html?sysBaseUrl=http%3A%2F%2F180.169.147.146%3A18081%2Fxingrg%2F&costTime=39×tamp=1592034574635 HTTP/1.1" 200 17503
180.169.147.146 - - [24/Oct/2022:10:49:11 +0800] "GET /xingrg/javascript/jquery_easy_ui/themes/default/easyui.css HTTP/1.1" 304 -
180.169.147.146 - - [24/Oct/2022:10:49:11 +0800] "GET /xingrg/javascript/jquery_easy_ui/themes/icon.css HTTP/1.1" 304 -
180.169.147.146 - - [24/Oct/2022:10:49:11 +0800] "GET /xingrg/css/form.css HTTP/1.1" 304 -
180.169.147.146 - - [24/Oct/2022:10:49:11 +0800] "GET /xingrg/javascript/jquery-1.4.2.min.js HTTP/1.1" 304 -
180.169.147.146 - - [24/Oct/2022:10:49:11 +0800] "GET /xingrg/javascript/jquery_easy_ui/jquery.easyui.min.js HTTP/1.1" 304 -
180.169.147.146 - - [24/Oct/2022:10:49:11 +0800] "GET /xingrg/javascript/jquery_easy_ui/easyui-lang-zh_CN.js HTTP/1.1" 304 -
180.169.147.146 - - [24/Oct/2022:10:49:11 +0800] "GET /xingrg/javascript/jquery.form.js HTTP/1.1" 304 -
180.169.147.146 - - [24/Oct/2022:10:49:11 +0800] "GET /xingrg/javascript/jquery.utils.js HTTP/1.1" 304 -
180.169.147.146 - - [24/Oct/2022:10:49:11 +0800] "GET /xingrg/javascript/jquery.timers.js HTTP/1.1" 304 -
180.169.147.146 - - [24/Oct/2022:10:49:11 +0800] "GET /xingrg/images/blue/jxLogo.png HTTP/1.1" 304 -
180.169.147.146 - - [24/Oct/2022:10:49:11 +0800] "GET /xingrg/javascript/jquery_easy_ui/themes/icons/settle_new.png HTTP/1.1" 304 -
180.169.147.146 - - [24/Oct/2022:10:49:11 +0800] "GET /xingrg/images/blue/navBackgound.jpg HTTP/1.1" 304 -
180.169.147.146 - - [24/Oct/2022:10:49:11 +0800] "POST /xingrg/all/common/load_tree.html?tree=area_rest_tree_json&manage=1 HTTP/1.1" 200 3481
180.169.147.146 - - [24/Oct/2022:10:49:11 +0800] "GET /xingrg/check_reg.html?_=1666579745060 HTTP/1.1" 200 22
180.169.147.146 - - [24/Oct/2022:10:49:11 +0800] "GET /xingrg/all/function/internal_message.html?_=1666579745060&CODE_STATE=count HTTP/1.1" 200 11
180.169.147.146 - - [24/Oct/2022:10:49:11 +0800] "GET /xingrg/images/blue/pingpu.png HTTP/1.1" 304 -
180.169.147.146 - - [24/Oct/2022:10:49:11 +0800] "GET /xingrg/javascript/jquery_easy_ui/themes/default/images/panel_tool_expand.gif HTTP/1.1" 304 -
180.169.147.146 - - [24/Oct/2022:10:49:11 +0800] "GET /xingrg/javascript/jquery_easy_ui/themes/default/images/tabs_leftarrow.png HTTP/1.1" 304 -
180.169.147.146 - - [24/Oct/2022:10:49:11 +0800] "GET /xingrg/javascript/jquery_easy_ui/themes/default/images/panel_tool_collapse.gif HTTP/1.1" 304 -
180.169.147.146 - - [24/Oct/2022:10:49:11 +0800] "GET /xingrg/javascript/jquery_easy_ui/themes/default/images/tabs_rightarrow.png HTTP/1.1" 304 -
180.169.147.146 - - [24/Oct/2022:10:49:11 +0800] "POST /xingrg/load_menu.html HTTP/1.1" 200 11564
180.169.147.146 - - [24/Oct/2022:10:49:12 +0800] "GET /xingrg/kc/report/report_main.html HTTP/1.1" 200 8599
180.169.147.146 - - [24/Oct/2022:10:49:13 +0800] "GET /xingrg/all/report/report_query.html?fileName=kc/buy/gys_amount_base_rest.xml HTTP/1.1" 200 51664
180.169.147.146 - - [24/Oct/2022:10:49:13 +0800] "GET /xingrg/dwr/interface/AjaxReportQueryService.js HTTP/1.1" 200 13203
180.169.147.146 - - [24/Oct/2022:10:49:13 +0800] "GET /xingrg/dwr/engine.js HTTP/1.1" 200 43631
180.169.147.146 - - [24/Oct/2022:10:49:13 +0800] "POST /xingrg/dwr/call/plaincall/AjaxReportQueryService.getFixDate.dwr HTTP/1.1" 200 111
180.169.147.146 - - [24/Oct/2022:10:49:13 +0800] "POST /xingrg/all/common/load_tree.html?tree=area_rest_tree_json&manage=1 HTTP/1.1" 200 3481
180.169.147.146 - - [24/Oct/2022:10:49:13 +0800] "POST /xingrg/all/common/load_tree.html?tree=supplier_tree_json&manage=1 HTTP/1.1" 200 70729
180.169.147.146 - - [24/Oct/2022:10:49:16 +0800] "POST /xingrg/dwr/call/plaincall/AjaxReportQueryService.getFixDate.dwr HTTP/1.1" 200 111
114.83.223.130 - - [24/Oct/2022:10:49:18 +0800] "GET /xingrg/kc/buy/cgsh_order_operate.html?command=get_materiel&rest_code=00149&code=00101016030&supplier_code=00100036&order_time=2022-10-23 HTTP/1.1" 200 412
221.239.141.151 - - [24/Oct/2022:10:49:19 +0800] "GET /xingrg/all/function/internal_message.html?_=1666579753824&CODE_STATE=getMsg HTTP/1.1" 200 27
222.70.183.206 - - [24/Oct/2022:10:49:22 +0800] "GET /xingrg/all/function/internal_message.html?_=1666579755569&CODE_STATE=getMsg HTTP/1.1" 200 27
116.238.139.35 - - [24/Oct/2022:10:49:22 +0800] "GET /xingrg/all/function/internal_message.html?_=1666579756021&CODE_STATE=getMsg HTTP/1.1" 200 27
180.169.147.146 - - [24/Oct/2022:10:49:22 +0800] "GET /xingrg/all/function/internal_message.html?_=1666579754669&CODE_STATE=getMsg HTTP/1.1" 200 27
180.169.147.146 - - [24/Oct/2022:10:49:23 +0800] "POST /xingrg/dwr/call/plaincall/AjaxReportQueryService.refreshCache.dwr HTTP/1.1" 200 78
180.169.147.146 - - [24/Oct/2022:10:49:24 +0800] "POST /xingrg/all/report/load_report_page.html HTTP/1.1" 200 49866
180.169.147.146 - - [24/Oct/2022:10:49:24 +0800] "GET /xingrg/servlets/image?cache=0.4681415161510636&image=px HTTP/1.1" 200 807
222.69.192.207 - - [24/Oct/2022:10:49:27 +0800] "GET /xingrg/all/function/internal_message.html?_=1666579613929&CODE_STATE=getMsg HTTP/1.1" 200 27
114.83.223.130 - - [24/Oct/2022:10:49:32 +0800] "POST /xingrg/kc/buy/cgsh_order_operate.html HTTP/1.1" 200 37
114.83.223.130 - - [24/Oct/2022:10:49:38 +0800] "POST /xingrg/kc/buy/cgsh_order_operate.html HTTP/1.1" 200 12
61.170.232.44 - - [24/Oct/2022:10:49:40 +0800] "GET /xingrg/all/function/internal_message.html?_=1666579773918&CODE_STATE=getMsg HTTP/1.1" 200 27
114.83.223.130 - - [24/Oct/2022:10:49:40 +0800] "GET /xingrg/kc/buy/cgsh_order_info.html?code=212022102407326 HTTP/1.1" 200 64096
114.83.223.130 - - [24/Oct/2022:10:49:40 +0800] "GET /xingrg/javascript/easyui/themes/default/validatebox.css HTTP/1.1" 404 1104
114.83.223.130 - - [24/Oct/2022:10:49:41 +0800] "POST /xingrg/kc/buy/cgsh_order_operate.html HTTP/1.1" 200 1789
180.169.147.146 - - [24/Oct/2022:10:49:42 +0800] "GET /xingrg/all/function/internal_message.html?_=1666579775345&CODE_STATE=getMsg HTTP/1.1" 200 27
114.83.223.130 - - [24/Oct/2022:10:49:42 +0800] "GET /xingrg/kc/print/load_data.html?order_code=212022102407326&kc_code=cgsh&condition= HTTP/1.1" 200 1230
101.85.93.18 - - [24/Oct/2022:10:49:45 +0800] "GET /xingrg/all/function/internal_message.html?_=1666579778645&CODE_STATE=getMsg HTTP/1.1" 200 27
114.84.81.136 - - [24/Oct/2022:10:49:49 +0800] "GET /xingrg/all/function/internal_message.html?_=1666579784168&CODE_STATE=getMsg HTTP/1.1" 200 27
120.253.135.82 - - [24/Oct/2022:10:49:49 +0800] "GET /xingrg/all/function/internal_message.html?_=1666579579627&CODE_STATE=getMsg HTTP/1.1" 200 27
114.83.223.130 - - [24/Oct/2022:10:49:49 +0800] "GET /xingrg/kc/buy/cgsh_order_add.html HTTP/1.1" 200 69191
114.83.223.130 - - [24/Oct/2022:10:49:49 +0800] "POST /xingrg/kc/buy/cgsh_order_operate.html HTTP/1.1" 200 8245
114.83.223.130 - - [24/Oct/2022:10:49:49 +0800] "GET /xingrg/javascript/easyui/themes/default/validatebox.css HTTP/1.1" 404 1104
114.83.223.130 - - [24/Oct/2022:10:49:50 +0800] "GET /xingrg/all/function/internal_message.html?_=1666579782822&CODE_STATE=getMsg HTTP/1.1" 200 27
180.169.147.146 - - [24/Oct/2022:10:49:53 +0800] "GET /xingrg/all/function/internal_message.html?_=1666579786710&CODE_STATE=getMsg HTTP/1.1" 200 27
116.230.114.213 - - [24/Oct/2022:10:49:57 +0800] "GET /xingrg/check_reg.html?_=1666579796876 HTTP/1.1" 200 22
116.230.105.139 - - [24/Oct/2022:10:49:57 +0800] "GET /xingrg/all/function/internal_message.html?_=1666579756949&CODE_STATE=getMsg HTTP/1.1" 200 27
124.79.243.136 - - [24/Oct/2022:10:50:04 +0800] "GET /xingrg/all/function/internal_message.html?_=1666580005506&CODE_STATE=getMsg HTTP/1.1" 200 27
120.253.135.82 - - [24/Oct/2022:10:50:04 +0800] "GET /xingrg/all/function/internal_message.html?_=1666579903162&CODE_STATE=getMsg HTTP/1.1" 200 27
116.230.114.213 - - [24/Oct/2022:10:50:08 +0800] "GET /xingrg/all/function/internal_message.html?_=1666579808279&CODE_STATE=getMsg HTTP/1.1" 200 27
61.170.232.44 - - [24/Oct/2022:10:50:09 +0800] "GET /xingrg/all/function/internal_message.html?_=1666579801711&CODE_STATE=getMsg HTTP/1.1" 200 27
114.83.223.130 - - [24/Oct/2022:10:50:09 +0800] "GET /xingrg/kc/buy/cgsh_order_operate.html?command=get_materiel&rest_code=00149&code=00101006087&supplier_code=00100012&order_time=2022-10-23 HTTP/1.1" 200 409
180.169.147.146 - - [24/Oct/2022:10:50:11 +0800] "GET /xingrg/all/function/internal_message.html?_=1666579805081&CODE_STATE=getMsg HTTP/1.1" 200 27
221.239.141.151 - - [24/Oct/2022:10:50:19 +0800] "GET /xingrg/all/function/internal_message.html?_=1666579813799&CODE_STATE=getMsg HTTP/1.1" 200 27
222.70.183.206 - - [24/Oct/2022:10:50:22 +0800] "GET /xingrg/all/function/internal_message.html?_=1666579815570&CODE_STATE=getMsg HTTP/1.1" 200 27
222.70.183.206 - - [24/Oct/2022:10:50:22 +0800] "GET /xingrg/check_reg.html?_=1666579815574 HTTP/1.1" 200 22
116.238.139.35 - - [24/Oct/2022:10:50:22 +0800] "GET /xingrg/all/function/internal_message.html?_=1666579816022&CODE_STATE=getMsg HTTP/1.1" 200 27
180.169.147.146 - - [24/Oct/2022:10:50:22 +0800] "GET /xingrg/all/function/internal_message.html?_=1666579814670&CODE_STATE=getMsg HTTP/1.1" 200 27
222.69.192.207 - - [24/Oct/2022:10:50:27 +0800] "GET /xingrg/all/function/internal_message.html?_=1666579673937&CODE_STATE=getMsg HTTP/1.1" 200 27
114.83.223.130 - - [24/Oct/2022:10:50:28 +0800] "GET /xingrg/kc/buy/cgsh_order_operate.html?command=get_materiel&rest_code=00149&code=00101006112&supplier_code=00100012&order_time=2022-10-23 HTTP/1.1" 200 409
